81.176.226.164 - - [08/Feb/2010:00:06:38 -0800] "GET /logs/////skin/ggambo7002_board/comment_modify.php?dir=http://ldrneurosurgery.net/help/1.jpg?? HTTP/1.1" 404 - "-" "Mozilla/5.0" "galf.org"
81.176.226.164 - - [08/Feb/2010:00:06:58 -0800] "GET /logs/access.log///?_SERVER[DOCUMENT_ROOT]=http://ldrneurosurgery.net/help/1.jpg?? HTTP/1.1" 404 - "-" "Mozilla/5.0" "galf.org"
81.176.226.164 - - [08/Feb/2010:00:06:58 -0800] "GET //?_SERVER[DOCUMENT_ROOT]=http://ldrneurosurgery.net/help/1.jpg?? HTTP/1.1" 200 1048 "-" "Mozilla/5.0" "galf.org"
81.176.226.164 - - [08/Feb/2010:00:06:58 -0800] "GET /logs///?_SERVER[DOCUMENT_ROOT]=http://ldrneurosurgery.net/help/1.jpg?? HTTP/1.1" 200 4948 "-" "Mozilla/5.0" "galf.org"
81.176.226.164 - - [08/Feb/2010:00:07:01 -0800] "GET /logs/access_100118.log///?_SERVER[DOCUMENT_ROOT]=http://ldrneurosurgery.net/help/1.jpg?? HTTP/1.1" 404 - "-" "Mozilla/5.0" "www.galf.org"
81.176.226.164 - - [08/Feb/2010:00:07:01 -0800] "GET //?_SERVER[DOCUMENT_ROOT]=http://ldrneurosurgery.net/help/1.jpg?? HTTP/1.1" 200 1048 "-" "Mozilla/5.0" "www.galf.org"
81.176.226.164 - - [08/Feb/2010:00:07:01 -0800] "GET /logs///?_SERVER[DOCUMENT_ROOT]=http://ldrneurosurgery.net/help/1.jpg?? HTTP/1.1" 200 4948 "-" "Mozilla/5.0" "www.galf.org"
200.93.147.154 - - [08/Feb/2010:00:07:02 -0800] "GET /logs/access_100201.log//bbs//delete_all.php?board_skin_path=http://musicadelibreria.net/footer??? HTTP/1.1" 404 - "-" "Mozilla/5.0" "www.galf.org"
69.163.202.84 - - [08/Feb/2010:00:07:26 -0800] "GET ////skin/ggambo7002_board/comment_modify.php?dir=http://ldrneurosurgery.net/help/1.jpg?? HTTP/1.1" 404 - "-" "Mozilla/5.0" "galf.org"
69.163.202.84 - - [08/Feb/2010:00:07:26 -0800] "GET /logs/////skin/ggambo7002_board/comment_modify.php?dir=http://ldrneurosurgery.net/help/1.jpg?? HTTP/1.1" 404 - "-" "Mozilla/5.0" "galf.org"
69.163.202.84 - - [08/Feb/2010:00:07:29 -0800] "GET /logs/access.log%20%20/////skin/ggambo7002_board/comment_modify.php?dir=http://ldrneurosurgery.net/help/1.jpg?? HTTP/1.1" 404 - "-" "Mozilla/5.0" "galf.org"
74.101.2.63 - - [08/Feb/2010:00:07:30 -0800] "GET /logs/access_090928.log//e107/e107_handlers/secure_img_render.php?p=http://www.tinituscure.com/health-articles/sun.jpg?? HTTP/1.1" 404 - "-" "Mozilla/5.0" "www.galf.org"
74.101.2.63 - - [08/Feb/2010:00:07:30 -0800] "GET /e107/e107_handlers/secure_img_render.php?p=http://www.tinituscure.com/health-articles/sun.jpg?? HTTP/1.1" 404 - "-" "Mozilla/5.0" "www.galf.org"
74.101.2.63 - - [08/Feb/2010:00:07:31 -0800] "GET /logs//e107/e107_handlers/secure_img_render.php?p=http://www.tinituscure.com/health-articles/sun.jpg?? HTTP/1.1" 404 - "-" "Mozilla/5.0" "www.galf.org"
69.163.202.84 - - [08/Feb/2010:00:07:39 -0800] "GET ////skin/ggambo7002_board/comment_modify.php?dir=http://ldrneurosurgery.net/help/1.jpg?? HTTP/1.1" 404 - "-" "Mozilla/5.0" "www.galf.org"
69.163.202.84 - - [08/Feb/2010:00:07:39 -0800] "GET /logs/////skin/ggambo7002_board/comment_modify.php?dir=http://ldrneurosurgery.net/help/1.jpg?? HTTP/1.1" 404 - "-" "Mozilla/5.0" "www.galf.org"
69.163.202.84 - - [08/Feb/2010:00:07:39 -0800] "GET /logs/access_100118.log%20%20/////skin/ggambo7002_board/comment_modify.php?dir=http://ldrneurosurgery.net/help/1.jpg?? HTTP/1.1" 404 - "-" "Mozilla/5.0" "www.galf.org"
69.163.202.84 - - [08/Feb/2010:00:07:56 -0800] "GET /logs/access_100118.log%20%20///?_SERVER[DOCUMENT_ROOT]=http://ldrneurosurgery.net/help/1.jpg?? HTTP/1.1" 404 - "-" "Mozilla/5.0" "www.galf.org"
69.163.202.84 - - [08/Feb/2010:00:07:56 -0800] "GET //?_SERVER[DOCUMENT_ROOT]=http://ldrneurosurgery.net/help/1.jpg?? HTTP/1.1" 200 1048 "-" "Mozilla/5.0" "www.galf.org"
69.163.202.84 - - [08/Feb/2010:00:07:56 -0800] "GET /logs///?_SERVER[DOCUMENT_ROOT]=http://ldrneurosurgery.net/help/1.jpg?? HTTP/1.1" 200 4948 "-" "Mozilla/5.0" "www.galf.org"
69.163.202.84 - - [08/Feb/2010:00:08:01 -0800] "GET /logs/access.log%20%20///?_SERVER[DOCUMENT_ROOT]=http://ldrneurosurgery.net/help/1.jpg?? HTTP/1.1" 404 - "-" "Mozilla/5.0" "galf.org"
69.163.202.84 - - [08/Feb/2010:00:08:01 -0800] "GET //?_SERVER[DOCUMENT_ROOT]=http://ldrneurosurgery.net/help/1.jpg?? HTTP/1.1" 200 1048 "-" "Mozilla/5.0" "galf.org"
69.163.202.84 - - [08/Feb/2010:00:08:01 -0800] "GET /logs///?_SERVER[DOCUMENT_ROOT]=http://ldrneurosurgery.net/help/1.jpg?? HTTP/1.1" 200 4948 "-" "Mozilla/5.0" "galf.org"
69.163.202.84 - - [08/Feb/2010:00:08:47 -0800] "GET /logs/access_100111.log%20%20///?_SERVER[DOCUMENT_ROOT]=http://ldrneurosurgery.net/help/1.jpg?? HTTP/1.1" 404 - "-" "Mozilla/5.0" "www.galf.org"
81.176.226.164 - - [08/Feb/2010:00:09:25 -0800] "GET /logs/access.log%20%20/////skin/ggambo7002_board/comment_modify.php?dir=http://ldrneurosurgery.net/help/1.jpg?? HTTP/1.1" 404 - "-" "Mozilla/5.0" "galf.org"
69.163.202.84 - - [08/Feb/2010:00:09:35 -0800] "GET /logs/access_100118.log%20%20///?_SERVER[DOCUMENT_ROOT]=http://ldrneurosurgery.net/help/1.jpg?? HTTP/1.1" 404 - "-" "Mozilla/5.0" "www.galf.org"
69.163.202.84 - - [08/Feb/2010:00:09:35 -0800] "GET //?_SERVER[DOCUMENT_ROOT]=http://ldrneurosurgery.net/help/1.jpg?? HTTP/1.0" 200 1032 "-" "Mozilla/5.0" "www.galf.org"
69.163.202.84 - - [08/Feb/2010:00:09:35 -0800] "GET /logs///?_SERVER[DOCUMENT_ROOT]=http://ldrneurosurgery.net/help/1.jpg?? HTTP/1.1" 200 4948 "-" "Mozilla/5.0" "www.galf.org"
81.176.226.164 - - [08/Feb/2010:00:09:50 -0800] "GET ////skin/ggambo7002_board/comment_modify.php?dir=http://ldrneurosurgery.net/help/1.jpg?? HTTP/1.1" 404 - "-" "Mozilla/5.0" "www.galf.org"
81.176.226.164 - - [08/Feb/2010:00:09:50 -0800] "GET /logs/access_100118.log%20%20/////skin/ggambo7002_board/comment_modify.php?dir=http://ldrneurosurgery.net/help/1.jpg?? HTTP/1.1" 404 - "-" "Mozilla/5.0" "www.galf.org"
81.176.226.164 - - [08/Feb/2010:00:09:50 -0800] "GET /logs/////skin/ggambo7002_board/comment_modify.php?dir=http://ldrneurosurgery.net/help/1.jpg?? HTTP/1.1" 404 - "-" "Mozilla/5.0" "www.galf.org"
218.38.136.126 - - [08/Feb/2010:00:10:11 -0800] "GET /logs/access_091102.log%20%20/toolbar.phpshop.html.php?mosConfig_absolute_path=http://musicadelibreria.net/footer?? HTTP/1.1" 404 - "-" "Mozilla/5.0" "www.galf.org"
218.38.136.126 - - [08/Feb/2010:00:10:56 -0800] "GET /logs/access_091102.log%20%20/toolbar.phpshop.html.php?mosConfig_absolute_path=http://musicadelibreria.net/footer?? HTTP/1.1" 404 - "-" "Mozilla/5.0" "www.galf.org"
81.176.226.164 - - [08/Feb/2010:00:11:14 -0800] "GET /logs/access.log%20%20///?_SERVER[DOCUMENT_ROOT]=http://ldrneurosurgery.net/help/1.jpg?? HTTP/1.1" 404 - "-" "Mozilla/5.0" "galf.org"
200.93.147.154 - - [08/Feb/2010:00:11:22 -0800] "GET /logs/access.log//bbs//delete_all.php?board_skin_path=http://musicadelibreria.net/footer?? HTTP/1.1" 404 - "-" "Mozilla/5.0" "www.galf.org"
81.176.226.164 - - [08/Feb/2010:00:12:33 -0800] "GET /logs/access_100118.log%20%20///?_SERVER[DOCUMENT_ROOT]=http://ldrneurosurgery.net/help/1.jpg?? HTTP/1.1" 404 - "-" "Mozilla/5.0" "www.galf.org"
81.176.226.164 - - [08/Feb/2010:00:12:33 -0800] "GET //?_SERVER[DOCUMENT_ROOT]=http://ldrneurosurgery.net/help/1.jpg?? HTTP/1.1" 200 1048 "-" "Mozilla/5.0" "www.galf.org"
81.176.226.164 - - [08/Feb/2010:00:12:33 -0800] "GET /logs///?_SERVER[DOCUMENT_ROOT]=http://ldrneurosurgery.net/help/1.jpg?? HTTP/1.1" 200 4948 "-" "Mozilla/5.0" "www.galf.org"
81.176.226.164 - - [08/Feb/2010:00:12:33 -0800] "GET /logs/access_100118.log%20%20///?_SERVER[DOCUMENT_ROOT]=http://ldrneurosurgery.net/help/1.jpg?? HTTP/1.1" 404 - "-" "Mozilla/5.0" "www.galf.org"
69.163.202.84 - - [08/Feb/2010:00:12:39 -0800] "GET /logs/access.log/////skin/ggambo7002_board/comment_modify.php?dir=http://ldrneurosurgery.net/help/1.jpg?? HTTP/1.1" 404 - "-" "Mozilla/5.0" "galf.org"
218.38.136.126 - - [08/Feb/2010:00:12:55 -0800] "GET /logs/access_090803.log%20%20/toolbar.phpshop.html.php?mosConfig_absolute_path=http://musicadelibreria.net/footer?? HTTP/1.1" 404 - "-" "Mozilla/5.0" "www.galf.org"
218.38.136.126 - - [08/Feb/2010:00:13:05 -0800] "GET /ktmllite/includes/ktedit/toolbar.php?dirDepth=http://musicadelibreria.net/footer?? HTTP/1.1" 404 - "-" "Mozilla/5.0" "galf.org"
218.38.136.126 - - [08/Feb/2010:00:13:05 -0800] "GET /logs/access.log%20%20//ktmllite/includes/ktedit/toolbar.php?dirDepth=http://musicadelibreria.net/footer?? HTTP/1.1" 404 - "-" "Mozilla/5.0" "galf.org"
218.38.136.126 - - [08/Feb/2010:00:13:05 -0800] "GET /logs//ktmllite/includes/ktedit/toolbar.php?dirDepth=http://musicadelibreria.net/footer?? HTTP/1.1" 404 - "-" "Mozilla/5.0" "galf.org"
81.176.226.164 - - [08/Feb/2010:00:13:34 -0800] "GET /logs/access_100111.log%20%20///?_SERVER[DOCUMENT_ROOT]=http://ldrneurosurgery.net/help/1.jpg?? HTTP/1.1" 404 - "-" "Mozilla/5.0" "www.galf.org"
218.38.136.126 - - [08/Feb/2010:00:13:38 -0800] "GET /logs/access.log%20%20///?_SERVER[DOCUMENT_ROOT]=http://ldrneurosurgery.net/help/1.jpg?? HTTP/1.1" 404 - "-" "Mozilla/5.0" "galf.org"
218.38.136.126 - - [08/Feb/2010:00:13:38 -0800] "GET //?_SERVER[DOCUMENT_ROOT]=http://ldrneurosurgery.net/help/1.jpg?? HTTP/1.1" 200 1048 "-" "Mozilla/5.0" "galf.org"
218.38.136.126 - - [08/Feb/2010:00:13:38 -0800] "GET /logs///?_SERVER[DOCUMENT_ROOT]=http://ldrneurosurgery.net/help/1.jpg?? HTTP/1.1" 200 4948 "-" "Mozilla/5.0" "galf.org"
218.38.136.126 - - [08/Feb/2010:00:16:01 -0800] "GET //?_SERVER[DOCUMENT_ROOT]=http://ldrneurosurgery.net/help/1.jpg?? HTTP/1.1" 200 1048 "-" "Mozilla/5.0" "www.galf.org"
218.38.136.126 - - [08/Feb/2010:00:16:01 -0800] "GET /logs///?_SERVER[DOCUMENT_ROOT]=http://ldrneurosurgery.net/help/1.jpg?? HTTP/1.1" 200 4948 "-" "Mozilla/5.0" "www.galf.org"
218.38.136.126 - - [08/Feb/2010:00:16:01 -0800] "GET /logs/access_100118.log%20%20///?_SERVER[DOCUMENT_ROOT]=http://ldrneurosurgery.net/help/1.jpg?? HTTP/1.1" 404 - "-" "Mozilla/5.0" "www.galf.org"
218.38.136.126 - - [08/Feb/2010:00:16:21 -0800] "GET /logs/access_090803.log%20%20/toolbar.phpshop.html.php?mosConfig_absolute_path=http://musicadelibreria.net/footer?? HTTP/1.1" 404 - "-" "Mozilla/5.0" "www.galf.org"
218.38.136.125 - - [08/Feb/2010:00:16:24 -0800] "GET /logs/access_091019.log/index.php?option=com_jreactions&Itemid=&mosConfig_absolute_path=http://qqe.ru/forum/Smileys/id1.txt?? HTTP/1.1" 404 - "-" "Mozilla/5.0" "www.galf.org"
218.38.136.125 - - [08/Feb/2010:00:16:24 -0800] "GET /logs/access_091109.log/index.php?option=com_jreactions&Itemid=&mosConfig_absolute_path=http://qqe.ru/forum/Smileys/id1.txt?? HTTP/1.1" 404 - "-" "Mozilla/5.0" "www.galf.org"
218.38.136.125 - - [08/Feb/2010:00:16:24 -0800] "GET /index.php?option=com_jreactions&Itemid=&mosConfig_absolute_path=http://qqe.ru/forum/Smileys/id1.txt?? HTTP/1.1" 404 - "-" "Mozilla/5.0" "www.galf.org"
218.38.136.125 - - [08/Feb/2010:00:16:25 -0800] "GET /logs/index.php?option=com_jreactions&Itemid=&mosConfig_absolute_path=http://qqe.ru/forum/Smileys/id1.txt?? HTTP/1.1" 404 - "-" "Mozilla/5.0" "www.galf.org"
74.101.2.63 - - [08/Feb/2010:00:16:27 -0800] "GET /logs/access_090928.log%20%20//e107/e107_handlers/secure_img_render.php?p=http://www.tinituscure.com/health-articles/sun.jpg?? HTTP/1.1" 404 - "-" "Mozilla/5.0" "www.galf.org"
218.38.136.126 - - [08/Feb/2010:00:16:35 -0800] "GET ////skin/ggambo7002_board/comment_modify.php?dir=http://ldrneurosurgery.net/help/1.jpg?? HTTP/1.1" 404 - "-" "Mozilla/5.0" "galf.org"
218.38.136.126 - - [08/Feb/2010:00:16:35 -0800] "GET /logs/access.log/////skin/ggambo7002_board/comment_modify.php?dir=http://ldrneurosurgery.net/help/1.jpg?? HTTP/1.1" 404 - "-" "Mozilla/5.0" "galf.org"
218.38.136.126 - - [08/Feb/2010:00:16:35 -0800] "GET /logs/////skin/ggambo7002_board/comment_modify.php?dir=http://ldrneurosurgery.net/help/1.jpg?? HTTP/1.1" 404 - "-" "Mozilla/5.0" "galf.org"
222.239.227.191 - - [08/Feb/2010:00:17:01 -0800] "GET /logs/access_091207.log/errors.php?error=http://www.bangkokcrystal.com/_admin/uploadfiles/files/pro/CMD.txt???? HTTP/1.1" 404 - "-" "libwww-perl/5.79" "www.galf.org"
222.239.227.191 - - [08/Feb/2010:00:17:01 -0800] "GET /errors.php?error=http://www.bangkokcrystal.com/_admin/uploadfiles/files/pro/CMD.txt???? HTTP/1.1" 404 - "-" "libwww-perl/5.79" "www.galf.org"
222.239.227.191 - - [08/Feb/2010:00:17:01 -0800] "GET /logs/errors.php?error=http://www.bangkokcrystal.com/_admin/uploadfiles/files/pro/CMD.txt???? HTTP/1.1" 404 - "-" "libwww-perl/5.79" "www.galf.org"
218.38.136.126 - - [08/Feb/2010:00:17:08 -0800] "GET /logs//ktmllite/includes/ktedit/toolbar.php?dirDepth=http://musicadelibreria.net/footer?? HTTP/1.1" 404 - "-" "Mozilla/5.0" "galf.org"
218.38.136.126 - - [08/Feb/2010:00:17:08 -0800] "GET /ktmllite/includes/ktedit/toolbar.php?dirDepth=http://musicadelibreria.net/footer?? HTTP/1.1" 404 - "-" "Mozilla/5.0" "galf.org"
218.38.136.126 - - [08/Feb/2010:00:17:08 -0800] "GET /logs/access.log%20%20//ktmllite/includes/ktedit/toolbar.php?dirDepth=http://musicadelibreria.net/footer?? HTTP/1.1" 404 - "-" "Mozilla/5.0" "galf.org"
200.93.147.154 - - [08/Feb/2010:00:17:20 -0800] "GET /logs/access.log//bbs//delete_all.php?board_skin_path=http://musicadelibreria.net/footer??? HTTP/1.1" 404 - "-" "Mozilla/5.0" "www.galf.org"
222.239.227.191 - - [08/Feb/2010:00:17:50 -0800] "GET /logs/access_091130.log/errors.php?error=http://www.bangkokcrystal.com/_admin/uploadfiles/files/pro/CMD.txt???? HTTP/1.1" 404 - "-" "libwww-perl/5.79" "www.galf.org"
218.38.136.125 - - [08/Feb/2010:00:18:12 -0800] "GET /logs/access.log///?_SERVER[DOCUMENT_ROOT]=http://ldrneurosurgery.net/help/1.jpg?? HTTP/1.1" 404 - "-" "Mozilla/5.0" "galf.org"
218.38.136.125 - - [08/Feb/2010:00:18:12 -0800] "GET //?_SERVER[DOCUMENT_ROOT]=http://ldrneurosurgery.net/help/1.jpg?? HTTP/1.1" 200 1048 "-" "Mozilla/5.0" "galf.org"
218.38.136.125 - - [08/Feb/2010:00:18:12 -0800] "GET /logs///?_SERVER[DOCUMENT_ROOT]=http://ldrneurosurgery.net/help/1.jpg?? HTTP/1.1" 200 4948 "-" "Mozilla/5.0" "galf.org"
218.38.136.125 - - [08/Feb/2010:00:18:14 -0800] "GET /logs/////skin/ggambo7002_board/comment_modify.php?dir=http://ldrneurosurgery.net/help/1.jpg?? HTTP/1.1" 404 - "-" "Mozilla/5.0" "galf.org"
218.38.136.125 - - [08/Feb/2010:00:18:14 -0800] "GET ////skin/ggambo7002_board/comment_modify.php?dir=http://ldrneurosurgery.net/help/1.jpg?? HTTP/1.1" 404 - "-" "Mozilla/5.0" "galf.org"
218.38.136.125 - - [08/Feb/2010:00:18:15 -0800] "GET /logs/access.log%20%20/////skin/ggambo7002_board/comment_modify.php?dir=http://ldrneurosurgery.net/help/1.jpg?? HTTP/1.1" 404 - "-" "Mozilla/5.0" "galf.org"
218.38.136.126 - - [08/Feb/2010:00:19:22 -0800] "GET //?_SERVER[DOCUMENT_ROOT]=http://ldrneurosurgery.net/help/1.jpg?? HTTP/1.1" 200 1048 "-" "Mozilla/5.0" "www.galf.org"
218.38.136.126 - - [08/Feb/2010:00:19:22 -0800] "GET /logs/access_100118.log///?_SERVER[DOCUMENT_ROOT]=http://ldrneurosurgery.net/help/1.jpg?? HTTP/1.1" 404 - "-" "Mozilla/5.0" "www.galf.org"
218.38.136.126 - - [08/Feb/2010:00:19:22 -0800] "GET /logs///?_SERVER[DOCUMENT_ROOT]=http://ldrneurosurgery.net/help/1.jpg?? HTTP/1.1" 200 4948 "-" "Mozilla/5.0" "www.galf.org"
200.93.147.154 - - [08/Feb/2010:00:19:45 -0800] "GET /logs/access_100118.log%20%20//index.php?_SERVER[DOCUMENT_ROOT]=http://musicadelibreria.net/footer?? HTTP/1.1" 404 - "-" "Mozilla/5.0" "www.galf.org"
81.176.226.164 - - [08/Feb/2010:00:19:45 -0800] "GET /logs/access_100118.log/////skin/ggambo7002_board/comment_modify.php?dir=http://ldrneurosurgery.net/help/1.jpg?? HTTP/1.1" 404 - "-" "Mozilla/5.0" "www.galf.org"
218.38.136.125 - - [08/Feb/2010:00:19:47 -0800] "GET /logs/access.log///?_SERVER[DOCUMENT_ROOT]=http://ldrneurosurgery.net/help/1.jpg?? HTTP/1.1" 404 - "-" "Mozilla/5.0" "galf.org"
218.38.136.125 - - [08/Feb/2010:00:19:47 -0800] "GET /logs///?_SERVER[DOCUMENT_ROOT]=http://ldrneurosurgery.net/help/1.jpg?? HTTP/1.1" 200 4948 "-" "Mozilla/5.0" "galf.org"
218.38.136.125 - - [08/Feb/2010:00:19:47 -0800] "GET //?_SERVER[DOCUMENT_ROOT]=http://ldrneurosurgery.net/help/1.jpg?? HTTP/1.1" 200 1048 "-" "Mozilla/5.0" "galf.org"
218.38.136.125 - - [08/Feb/2010:00:19:57 -0800] "GET /logs/access.log///?_SERVER[DOCUMENT_ROOT]=http://ldrneurosurgery.net/help/1.jpg?? HTTP/1.1" 404 - "-" "Mozilla/5.0" "galf.org"
218.38.136.125 - - [08/Feb/2010:00:19:57 -0800] "GET //?_SERVER[DOCUMENT_ROOT]=http://ldrneurosurgery.net/help/1.jpg?? HTTP/1.1" 200 1048 "-" "Mozilla/5.0" "galf.org"
218.38.136.125 - - [08/Feb/2010:00:19:57 -0800] "GET /logs///?_SERVER[DOCUMENT_ROOT]=http://ldrneurosurgery.net/help/1.jpg?? HTTP/1.1" 200 4948 "-" "Mozilla/5.0" "galf.org"
218.38.136.126 - - [08/Feb/2010:00:20:06 -0800] "GET /logs/access_090720.log//ktmllite/includes/ktedit/toolbar.php?dirDepth=http://musicadelibreria.net/footer?? HTTP/1.1" 404 - "-" "Mozilla/5.0" "www.galf.org"
218.38.136.126 - - [08/Feb/2010:00:20:06 -0800] "GET /ktmllite/includes/ktedit/toolbar.php?dirDepth=http://musicadelibreria.net/footer?? HTTP/1.1" 404 - "-" "Mozilla/5.0" "www.galf.org"
218.38.136.126 - - [08/Feb/2010:00:20:06 -0800] "GET /logs//ktmllite/includes/ktedit/toolbar.php?dirDepth=http://musicadelibreria.net/footer?? HTTP/1.1" 404 - "-" "Mozilla/5.0" "www.galf.org"
211.115.68.54 - - [08/Feb/2010:00:20:52 -0800] "GET /logs//index.php?_SERVER[DOCUMENT_ROOT]=http://musicadelibreria.net/footer?? HTTP/1.1" 404 - "-" "Mozilla/5.0" "www.galf.org"
211.115.68.54 - - [08/Feb/2010:00:20:52 -0800] "GET /logs/access_100118.log//index.php?_SERVER[DOCUMENT_ROOT]=http://musicadelibreria.net/footer?? HTTP/1.1" 404 - "-" "Mozilla/5.0" "www.galf.org"
211.115.68.54 - - [08/Feb/2010:00:20:52 -0800] "GET /index.php?_SERVER[DOCUMENT_ROOT]=http://musicadelibreria.net/footer?? HTTP/1.1" 404 - "-" "Mozilla/5.0" "www.galf.org"
218.38.136.125 - - [08/Feb/2010:00:21:08 -0800] "GET /logs/////skin/ggambo7002_board/comment_modify.php?dir=http://ldrneurosurgery.net/help/1.jpg?? HTTP/1.1" 404 - "-" "Mozilla/5.0" "galf.org"
218.38.136.125 - - [08/Feb/2010:00:21:08 -0800] "GET ////skin/ggambo7002_board/comment_modify.php?dir=http://ldrneurosurgery.net/help/1.jpg?? HTTP/1.1" 404 - "-" "Mozilla/5.0" "galf.org"
218.38.136.125 - - [08/Feb/2010:00:21:10 -0800] "GET /logs/access.log/////skin/ggambo7002_board/comment_modify.php?dir=http://ldrneurosurgery.net/help/1.jpg?? HTTP/1.1" 404 - "-" "Mozilla/5.0" "galf.org"
200.93.147.154 - - [08/Feb/2010:00:21:10 -0800] "GET /logs/access.log//bbs//delete_all.php?board_skin_path=http://musicadelibreria.net/footer?? HTTP/1.1" 404 - "-" "Mozilla/5.0" "www.galf.org"
200.93.147.154 - - [08/Feb/2010:00:21:19 -0800] "GET /logs/access_100118.log%20%20//index.php?_SERVER[DOCUMENT_ROOT]=http://musicadelibreria.net/footer??? HTTP/1.1" 404 - "-" "Mozilla/5.0" "www.galf.org"
218.38.136.126 - - [08/Feb/2010:00:21:36 -0800] "GET /logs/access.log///?_SERVER[DOCUMENT_ROOT]=http://ldrneurosurgery.net/help/1.jpg?? HTTP/1.1" 404 - "-" "Mozilla/5.0" "galf.org"
218.38.136.125 - - [08/Feb/2010:00:22:01 -0800] "GET /logs/access_100118.log///?_SERVER[DOCUMENT_ROOT]=http://ldrneurosurgery.net/help/1.jpg?? HTTP/1.1" 404 - "-" "Mozilla/5.0" "www.galf.org"
218.38.136.125 - - [08/Feb/2010:00:22:01 -0800] "GET /logs///?_SERVER[DOCUMENT_ROOT]=http://ldrneurosurgery.net/help/1.jpg?? HTTP/1.1" 200 4948 "-" "Mozilla/5.0" "www.galf.org"
218.38.136.125 - - [08/Feb/2010:00:22:01 -0800] "GET //?_SERVER[DOCUMENT_ROOT]=http://ldrneurosurgery.net/help/1.jpg?? HTTP/1.1" 200 1048 "-" "Mozilla/5.0" "www.galf.org"
218.38.136.125 - - [08/Feb/2010:00:22:10 -0800] "GET /logs/access_100118.log%20%20/////skin/ggambo7002_board/comment_modify.php?dir=http://ldrneurosurgery.net/help/1.jpg?? HTTP/1.1" 404 - "-" "Mozilla/5.0" "www.galf.org"
218.38.136.125 - - [08/Feb/2010:00:22:10 -0800] "GET ////skin/ggambo7002_board/comment_modify.php?dir=http://ldrneurosurgery.net/help/1.jpg?? HTTP/1.1" 404 - "-" "Mozilla/5.0" "www.galf.org"
218.38.136.125 - - [08/Feb/2010:00:22:10 -0800] "GET /logs/////skin/ggambo7002_board/comment_modify.php?dir=http://ldrneurosurgery.net/help/1.jpg?? HTTP/1.1" 404 - "-" "Mozilla/5.0" "www.galf.org"
218.38.136.125 - - [08/Feb/2010:00:22:24 -0800] "GET /logs/access_100118.log///?_SERVER[DOCUMENT_ROOT]=http://ldrneurosurgery.net/help/1.jpg?? HTTP/1.1" 404 - "-" "Mozilla/5.0" "www.galf.org"
218.38.136.125 - - [08/Feb/2010:00:22:24 -0800] "GET //?_SERVER[DOCUMENT_ROOT]=http://ldrneurosurgery.net/help/1.jpg?? HTTP/1.1" 200 1048 "-" "Mozilla/5.0" "www.galf.org"
218.38.136.125 - - [08/Feb/2010:00:22:24 -0800] "GET /logs///?_SERVER[DOCUMENT_ROOT]=http://ldrneurosurgery.net/help/1.jpg?? HTTP/1.1" 200 4948 "-" "Mozilla/5.0" "www.galf.org"
200.93.147.154 - - [08/Feb/2010:00:22:32 -0800] "GET /logs/access_100201.log//bbs//delete_all.php?board_skin_path=http://musicadelibreria.net/footer?? HTTP/1.1" 404 - "-" "Mozilla/5.0" "www.galf.org"
218.38.136.125 - - [08/Feb/2010:00:22:45 -0800] "GET /logs///?_SERVER[DOCUMENT_ROOT]=http://ldrneurosurgery.net/help/1.jpg?? HTTP/1.1" 200 4948 "-" "Mozilla/5.0" "www.galf.org"
218.38.136.125 - - [08/Feb/2010:00:22:47 -0800] "GET /logs/access_100118.log///?_SERVER[DOCUMENT_ROOT]=http://ldrneurosurgery.net/help/1.jpg?? HTTP/1.1" 404 - "-" "Mozilla/5.0" "www.galf.org"
218.38.136.125 - - [08/Feb/2010:00:22:47 -0800] "GET //?_SERVER[DOCUMENT_ROOT]=http://ldrneurosurgery.net/help/1.jpg?? HTTP/1.1" 200 1048 "-" "Mozilla/5.0" "www.galf.org"
81.176.226.164 - - [08/Feb/2010:00:22:49 -0800] "GET /logs/access_100111.log///?_SERVER[DOCUMENT_ROOT]=http://ldrneurosurgery.net/help/1.jpg?? HTTP/1.1" 404 - "-" "Mozilla/5.0" "www.galf.org"
218.38.136.125 - - [08/Feb/2010:00:23:04 -0800] "GET /logs/index.php?option=com_jreactions&Itemid=&mosConfig_absolute_path=http://qqe.ru/forum/Smileys/id1.txt?? HTTP/1.1" 404 - "-" "Mozilla/5.0" "www.galf.org"
218.38.136.125 - - [08/Feb/2010:00:23:04 -0800] "GET /index.php?option=com_jreactions&Itemid=&mosConfig_absolute_path=http://qqe.ru/forum/Smileys/id1.txt?? HTTP/1.0" 404 - "-" "Mozilla/5.0" "www.galf.org"
218.38.136.125 - - [08/Feb/2010:00:23:07 -0800] "GET /logs/////skin/ggambo7002_board/comment_modify.php?dir=http://ldrneurosurgery.net/help/1.jpg?? HTTP/1.1" 404 - "-" "Mozilla/5.0" "galf.org"
218.38.136.125 - - [08/Feb/2010:00:23:07 -0800] "GET ////skin/ggambo7002_board/comment_modify.php?dir=http://ldrneurosurgery.net/help/1.jpg?? HTTP/1.1" 404 - "-" "Mozilla/5.0" "galf.org"
218.38.136.125 - - [08/Feb/2010:00:23:09 -0800] "GET /logs/access.log/////skin/ggambo7002_board/comment_modify.php?dir=http://ldrneurosurgery.net/help/1.jpg?? HTTP/1.1" 404 - "-" "Mozilla/5.0" "galf.org"
218.38.136.125 - - [08/Feb/2010:00:23:09 -0800] "GET /logs/access_091109.log/index.php?option=com_jreactions&Itemid=&mosConfig_absolute_path=http://qqe.ru/forum/Smileys/id1.txt?? HTTP/1.1" 404 - "-" "Mozilla/5.0" "www.galf.org"
218.38.136.125 - - [08/Feb/2010:00:23:09 -0800] "GET /logs/access_091019.log/index.php?option=com_jreactions&Itemid=&mosConfig_absolute_path=http://qqe.ru/forum/Smileys/id1.txt?? HTTP/1.1" 404 - "-" "Mozilla/5.0" "www.galf.org"
204.12.11.202 - - [08/Feb/2010:00:23:23 -0800] "GET /logs//coin_includes/constants.php?_CCFG[_PKG_PATH_INCL]=http://www.tinituscure.com/health-articles/sun.jpg?? HTTP/1.1" 404 - "-" "Mozilla/5.0" "www.galf.org"
204.12.11.202 - - [08/Feb/2010:00:23:23 -0800] "GET /coin_includes/constants.php?_CCFG[_PKG_PATH_INCL]=http://www.tinituscure.com/health-articles/sun.jpg?? HTTP/1.1" 404 - "-" "Mozilla/5.0" "www.galf.org"
204.12.11.202 - - [08/Feb/2010:00:23:25 -0800] "GET /logs/access_100111.log//coin_includes/constants.php?_CCFG[_PKG_PATH_INCL]=http://www.tinituscure.com/health-articles/sun.jpg?? HTTP/1.1" 404 - "-" "Mozilla/5.0" "www.galf.org"
210.116.103.118 - - [08/Feb/2010:00:24:40 -0800] "GET /index.php?option=com_sobi2&mosConfig.absolute.path=http://www.snipeground.com/administrator/components/com_virtuemart/classes/id1.txt??? HTTP/1.1" 404 - "-" "Mozilla/5.0" "www.galf.org"
210.116.103.118 - - [08/Feb/2010:00:24:43 -0800] "GET /logs/access_090810.log//index.php?option=com_sobi2&mosConfig.absolute.path=http://www.snipeground.com/administrator/components/com_virtuemart/classes/id1.txt??? HTTP/1.1" 404 - "-" "Mozilla/5.0" "www.galf.org"
210.116.103.118 - - [08/Feb/2010:00:24:43 -0800] "GET /logs//index.php?option=com_sobi2&mosConfig.absolute.path=http://www.snipeground.com/administrator/components/com_virtuemart/classes/id1.txt??? HTTP/1.1" 404 - "-" "Mozilla/5.0" "www.galf.org"
210.116.103.118 - - [08/Feb/2010:00:25:08 -0800] "GET /index.php?option=com_sobi2&mosConfig.absolute.path=http://www.snipeground.com/administrator/components/com_virtuemart/classes/id1.txt??? HTTP/1.1" 404 - "-" "Mozilla/5.0" "www.galf.org"
210.116.103.118 - - [08/Feb/2010:00:25:08 -0800] "GET /logs//index.php?option=com_sobi2&mosConfig.absolute.path=http://www.snipeground.com/administrator/components/com_virtuemart/classes/id1.txt??? HTTP/1.1" 404 - "-" "Mozilla/5.0" "www.galf.org"
210.116.103.118 - - [08/Feb/2010:00:25:09 -0800] "GET /logs/access_090810.log//index.php?option=com_sobi2&mosConfig.absolute.path=http://www.snipeground.com/administrator/components/com_virtuemart/classes/id1.txt??? HTTP/1.1" 404 - "-" "Mozilla/5.0" "www.galf.org"
218.38.136.126 - - [08/Feb/2010:00:25:15 -0800] "GET /logs/access.log%20%20/////skin/ggambo7002_board/comment_modify.php?dir=http://ldrneurosurgery.net/help/1.jpg?? HTTP/1.1" 404 - "-" "Mozilla/5.0" "galf.org"
218.38.136.126 - - [08/Feb/2010:00:25:58 -0800] "GET ////skin/ggambo7002_board/comment_modify.php?dir=http://ldrneurosurgery.net/help/1.jpg?? HTTP/1.1" 404 - "-" "Mozilla/5.0" "www.galf.org"
218.38.136.126 - - [08/Feb/2010:00:25:58 -0800] "GET /logs/access_100118.log%20%20/////skin/ggambo7002_board/comment_modify.php?dir=http://ldrneurosurgery.net/help/1.jpg?? HTTP/1.1" 404 - "-" "Mozilla/5.0" "www.galf.org"
218.38.136.126 - - [08/Feb/2010:00:25:58 -0800] "GET /logs/////skin/ggambo7002_board/comment_modify.php?dir=http://ldrneurosurgery.net/help/1.jpg?? HTTP/1.1" 404 - "-" "Mozilla/5.0" "www.galf.org"
218.38.136.125 - - [08/Feb/2010:00:26:34 -0800] "GET /logs/access_091109.log%20%20/index.php?option=com_jreactions&Itemid=&mosConfig_absolute_path=http://qqe.ru/forum/Smileys/id1.txt?? HTTP/1.1" 404 - "-" "Mozilla/5.0" "www.galf.org"
218.38.136.125 - - [08/Feb/2010:00:26:34 -0800] "GET /logs/access_091019.log%20%20/index.php?option=com_jreactions&Itemid=&mosConfig_absolute_path=http://qqe.ru/forum/Smileys/id1.txt?? HTTP/1.1" 404 - "-" "Mozilla/5.0" "www.galf.org"
81.176.226.164 - - [08/Feb/2010:00:27:05 -0800] "GET /logs/access_091109.log/////skin/ggambo7002_board/comment_modify.php?dir=http://ldrneurosurgery.net/help/1.jpg?? HTTP/1.1" 404 - "-" "Mozilla/5.0" "www.galf.org"
81.176.226.164 - - [08/Feb/2010:00:27:05 -0800] "GET ////skin/ggambo7002_board/comment_modify.php?dir=http://ldrneurosurgery.net/help/1.jpg?? HTTP/1.1" 404 - "-" "Mozilla/5.0" "www.galf.org"
81.176.226.164 - - [08/Feb/2010:00:27:05 -0800] "GET /logs/////skin/ggambo7002_board/comment_modify.php?dir=http://ldrneurosurgery.net/help/1.jpg?? HTTP/1.1" 404 - "-" "Mozilla/5.0" "www.galf.org"
81.176.226.164 - - [08/Feb/2010:00:28:01 -0800] "GET /logs/access_100118.log///?_SERVER[DOCUMENT_ROOT]=http://ldrneurosurgery.net/help/1.jpg?? HTTP/1.1" 404 - "-" "Mozilla/5.0" "www.galf.org"
218.38.136.125 - - [08/Feb/2010:00:28:43 -0800] "GET /logs/access.log/////skin/ggambo7002_board/comment_modify.php?dir=http://ldrneurosurgery.net/help/1.jpg?? HTTP/1.1" 404 - "-" "Mozilla/5.0" "galf.org"
200.93.147.154 - - [08/Feb/2010:00:28:44 -0800] "GET /atom.php5?page=http://www.howtolisten.kr//bbs/data/community_freeboard/1262568611/img00.txt???? HTTP/1.1" 404 - "-" "Mozilla/5.0" "www.galf.org"
200.93.147.154 - - [08/Feb/2010:00:28:44 -0800] "GET /logs/access_091005.log//atom.php5?page=http://www.howtolisten.kr//bbs/data/community_freeboard/1262568611/img00.txt???? HTTP/1.1" 404 - "-" "Mozilla/5.0" "www.galf.org"
200.93.147.154 - - [08/Feb/2010:00:28:44 -0800] "GET /logs/access_090720.log//atom.php5?page=http://www.howtolisten.kr//bbs/data/community_freeboard/1262568611/img00.txt???? HTTP/1.1" 404 - "-" "Mozilla/5.0" "www.galf.org"
200.93.147.154 - - [08/Feb/2010:00:28:50 -0800] "GET /logs//atom.php5?page=http://www.howtolisten.kr//bbs/data/community_freeboard/1262568611/img00.txt???? HTTP/1.1" 404 - "-" "Mozilla/5.0" "www.galf.org"
210.116.103.118 - - [08/Feb/2010:00:28:57 -0800] "GET /write_comment_update.php?board_skin_path=http://www.snipeground.com/administrator/components/com_virtuemart/classes/id1.txt??? HTTP/1.1" 404 - "-" "Mozilla/5.0" "www.galf.org"
210.116.103.118 - - [08/Feb/2010:00:28:57 -0800] "GET /logs//write_comment_update.php?board_skin_path=http://www.snipeground.com/administrator/components/com_virtuemart/classes/id1.txt??? HTTP/1.1" 404 - "-" "Mozilla/5.0" "www.galf.org"
210.116.103.118 - - [08/Feb/2010:00:28:59 -0800] "GET /logs/access_091019.log//write_comment_update.php?board_skin_path=http://www.snipeground.com/administrator/components/com_virtuemart/classes/id1.txt??? HTTP/1.1" 404 - "-" "Mozilla/5.0" "www.galf.org"
188.165.23.26 - - [08/Feb/2010:00:29:02 -0800] "GET /logs/access_090810.log HTTP/1.1" 206 500001 "-" "Mozilla/4.0 (compatible; MSIE 5.01; Windows NT 5.0)" "www.galf.org"
200.93.147.154 - - [08/Feb/2010:00:29:08 -0800] "GET /logs/access_100201.log//bbs//delete_all.php?board_skin_path=http://musicadelibreria.net/footer??? HTTP/1.1" 404 - "-" "Mozilla/5.0" "www.galf.org"
210.116.103.118 - - [08/Feb/2010:00:29:16 -0800] "GET /write_comment_update.php?board_skin_path=http://www.snipeground.com/administrator/components/com_virtuemart/classes/id1.txt??? HTTP/1.1" 404 - "-" "Mozilla/5.0" "www.galf.org"
210.116.103.118 - - [08/Feb/2010:00:29:16 -0800] "GET /logs//write_comment_update.php?board_skin_path=http://www.snipeground.com/administrator/components/com_virtuemart/classes/id1.txt??? HTTP/1.1" 404 - "-" "Mozilla/5.0" "www.galf.org"
210.116.103.118 - - [08/Feb/2010:00:29:17 -0800] "GET /logs/access_091019.log//write_comment_update.php?board_skin_path=http://www.snipeground.com/administrator/components/com_virtuemart/classes/id1.txt??? HTTP/1.1" 404 - "-" "Mozilla/5.0" "www.galf.org"
218.38.136.126 - - [08/Feb/2010:00:29:49 -0800] "GET /logs/access_100118.log%20%20///?_SERVER[DOCUMENT_ROOT]=http://ldrneurosurgery.net/help/1.jpg?? HTTP/1.1" 404 - "-" "Mozilla/5.0" "www.galf.org"
72.55.148.208 - - [08/Feb/2010:00:30:17 -0800] "GET /logs//administrator/components/com_chronocontact/excelwriter/Writer/Worksheet.php?mosConfig_absolute_path=http://www.nazca.co.kr/2005/kboard/[data]/data1.txt??? HTTP/1.1" 404 - "-" "Mozilla/5.0" "www.galf.org"
72.55.148.208 - - [08/Feb/2010:00:30:17 -0800] "GET /logs/access_090817.log//administrator/components/com_chronocontact/excelwriter/Writer/Worksheet.php?mosConfig_absolute_path=http://www.nazca.co.kr/2005/kboard/[data]/data1.txt??? HTTP/1.1" 404 - "-" "Mozilla/5.0" "www.galf.org"
72.55.148.208 - - [08/Feb/2010:00:30:17 -0800] "GET /administrator/components/com_chronocontact/excelwriter/Writer/Worksheet.php?mosConfig_absolute_path=http://www.nazca.co.kr/2005/kboard/[data]/data1.txt??? HTTP/1.1" 404 - "-" "Mozilla/5.0" "www.galf.org"
210.116.103.118 - - [08/Feb/2010:00:30:24 -0800] "GET /write_comment_update.php?board_skin_path=http://www.snipeground.com/administrator/components/com_virtuemart/classes/id1.txt??? HTTP/1.1" 404 - "-" "Mozilla/5.0" "www.galf.org"
210.116.103.118 - - [08/Feb/2010:00:30:24 -0800] "GET /logs//write_comment_update.php?board_skin_path=http://www.snipeground.com/administrator/components/com_virtuemart/classes/id1.txt??? HTTP/1.1" 404 - "-" "Mozilla/5.0" "www.galf.org"
210.116.103.118 - - [08/Feb/2010:00:30:24 -0800] "GET /logs/access_091019.log%20%20//write_comment_update.php?board_skin_path=http://www.snipeground.com/administrator/components/com_virtuemart/classes/id1.txt??? HTTP/1.1" 404 - "-" "Mozilla/5.0" "www.galf.org"
72.55.148.208 - - [08/Feb/2010:00:30:33 -0800] "GET /logs/access_090824.log//administrator/components/com_chronocontact/excelwriter/Writer/Worksheet.php?mosConfig_absolute_path=http://www.nazca.co.kr/2005/kboard/[data]/data1.txt??? HTTP/1.1" 404 - "-" "Mozilla/5.0" "www.galf.org"
210.116.103.118 - - [08/Feb/2010:00:30:38 -0800] "GET /logs/access_091019.log%20%20//write_comment_update.php?board_skin_path=http://www.snipeground.com/administrator/components/com_virtuemart/classes/id1.txt??? HTTP/1.1" 404 - "-" "Mozilla/5.0" "www.galf.org"
210.116.103.118 - - [08/Feb/2010:00:30:38 -0800] "GET /logs//write_comment_update.php?board_skin_path=http://www.snipeground.com/administrator/components/com_virtuemart/classes/id1.txt??? HTTP/1.1" 404 - "-" "Mozilla/5.0" "www.galf.org"
210.116.103.118 - - [08/Feb/2010:00:30:38 -0800] "GET /write_comment_update.php?board_skin_path=http://www.snipeground.com/administrator/components/com_virtuemart/classes/id1.txt??? HTTP/1.1" 404 - "-" "Mozilla/5.0" "www.galf.org"
200.93.147.154 - - [08/Feb/2010:00:30:53 -0800] "GET /logs/access_100118.log%20%20//index.php?_SERVER[DOCUMENT_ROOT]=http://musicadelibreria.net/footer??? HTTP/1.1" 404 - "-" "Mozilla/5.0" "www.galf.org"
218.38.136.126 - - [08/Feb/2010:00:31:03 -0800] "GET /logs/access_100111.log%20%20///?_SERVER[DOCUMENT_ROOT]=http://ldrneurosurgery.net/help/1.jpg?? HTTP/1.1" 404 - "-" "Mozilla/5.0" "www.galf.org"
200.93.147.154 - - [08/Feb/2010:00:31:27 -0800] "GET /?sourcedir=http://musicadelibreria.net/footer??? HTTP/1.1" 200 1048 "-" "Mozilla/5.0" "www.galf.org"
200.93.147.154 - - [08/Feb/2010:00:31:27 -0800] "GET /logs/access_090720.log/?sourcedir=http://musicadelibreria.net/footer??? HTTP/1.1" 404 - "-" "Mozilla/5.0" "www.galf.org"
200.93.147.154 - - [08/Feb/2010:00:31:27 -0800] "GET /logs/?sourcedir=http://musicadelibreria.net/footer??? HTTP/1.1" 200 4942 "-" "Mozilla/5.0" "www.galf.org"
200.93.147.154 - - [08/Feb/2010:00:31:29 -0800] "GET /logs/access_090720.log/?sourcedir=http://musicadelibreria.net/footer??? HTTP/1.1" 404 - "-" "Mozilla/5.0" "www.galf.org"
200.93.147.154 - - [08/Feb/2010:00:31:29 -0800] "GET /?sourcedir=http://musicadelibreria.net/footer??? HTTP/1.1" 200 1048 "-" "Mozilla/5.0" "www.galf.org"
200.93.147.154 - - [08/Feb/2010:00:31:29 -0800] "GET /logs/?sourcedir=http://musicadelibreria.net/footer??? HTTP/1.1" 200 4942 "-" "Mozilla/5.0" "www.galf.org"
200.93.147.154 - - [08/Feb/2010:00:32:04 -0800] "GET /e404.php?DOCUMENT_ROOT=http://www.howtolisten.kr//bbs/data/community_freeboard/1262568611/img00.txt???? HTTP/1.1" 404 - "-" "Mozilla/5.0" "www.galf.org"
200.93.147.154 - - [08/Feb/2010:00:32:04 -0800] "GET /logs/e404.php?DOCUMENT_ROOT=http://www.howtolisten.kr//bbs/data/community_freeboard/1262568611/img00.txt???? HTTP/1.1" 404 - "-" "Mozilla/5.0" "www.galf.org"
200.93.147.154 - - [08/Feb/2010:00:32:04 -0800] "GET /logs/access_090914.log/e404.php?DOCUMENT_ROOT=http://www.howtolisten.kr//bbs/data/community_freeboard/1262568611/img00.txt???? HTTP/1.1" 404 - "-" "Mozilla/5.0" "www.galf.org"
60.251.165.181 - - [08/Feb/2010:00:32:24 -0800] "GET /logs////bbs/write_update.php?board_skin_path=http://www.h1cc.net/somd/images/topics/templates/sken/id1(feelcomz).txt? HTTP/1.1" 404 - "-" "Mozilla/5.0" "www.galf.org"
60.251.165.181 - - [08/Feb/2010:00:32:24 -0800] "GET ///bbs/write_update.php?board_skin_path=http://www.h1cc.net/somd/images/topics/templates/sken/id1(feelcomz).txt? HTTP/1.1" 404 - "-" "Mozilla/5.0" "www.galf.org"
218.38.136.125 - - [08/Feb/2010:00:33:23 -0800] "GET /logs/access_091109.log%20%20/index.php?option=com_jreactions&Itemid=&mosConfig_absolute_path=http://qqe.ru/forum/Smileys/id1.txt?? HTTP/1.1" 404 - "-" "Mozilla/5.0" "www.galf.org"
218.38.136.125 - - [08/Feb/2010:00:33:23 -0800] "GET /logs/access_091019.log%20%20/index.php?option=com_jreactions&Itemid=&mosConfig_absolute_path=http://qqe.ru/forum/Smileys/id1.txt?? HTTP/1.1" 404 - "-" "Mozilla/5.0" "www.galf.org"
200.93.147.154 - - [08/Feb/2010:00:33:34 -0800] "GET /logs/access_100201.log//bbs//delete_all.php?board_skin_path=http://musicadelibreria.net/footer?? HTTP/1.1" 404 - "-" "Mozilla/5.0" "www.galf.org"
69.163.202.84 - - [08/Feb/2010:00:34:36 -0800] "GET /skin/ggambo1100_gallery/setup.php?setup[use_category]=http://ldrneurosurgery.net/help/1.jpg?? HTTP/1.1" 404 - "-" "Mozilla/5.0" "www.galf.org"
69.163.202.84 - - [08/Feb/2010:00:34:37 -0800] "GET /logs/skin/ggambo1100_gallery/setup.php?setup[use_category]=http://ldrneurosurgery.net/help/1.jpg?? HTTP/1.1" 404 - "-" "Mozilla/5.0" "www.galf.org"
69.163.202.84 - - [08/Feb/2010:00:34:37 -0800] "GET /logs/access_091228.log%20%20/skin/ggambo1100_gallery/setup.php?setup[use_category]=http://ldrneurosurgery.net/help/1.jpg?? HTTP/1.1" 404 - "-" "Mozilla/5.0" "www.galf.org"
110.45.145.178 - - [08/Feb/2010:00:34:59 -0800] "GET /logs/access_091221.log///skin/ggambo7002_board/write.php?dir=http://musicadelibreria.net/footer?? HTTP/1.1" 404 - "-" "Mozilla/5.0" "www.galf.org"
110.45.145.178 - - [08/Feb/2010:00:34:59 -0800] "GET /logs///skin/ggambo7002_board/write.php?dir=http://musicadelibreria.net/footer?? HTTP/1.1" 404 - "-" "Mozilla/5.0" "www.galf.org"
110.45.145.178 - - [08/Feb/2010:00:34:59 -0800] "GET //skin/ggambo7002_board/write.php?dir=http://musicadelibreria.net/footer?? HTTP/1.1" 404 - "-" "Mozilla/5.0" "www.galf.org"
72.55.148.208 - - [08/Feb/2010:00:35:02 -0800] "GET /logs/access_090817.log//administrator/components/com_chronocontact/excelwriter/Writer/Worksheet.php?mosConfig_absolute_path=http://www.nazca.co.kr/2005/kboard/[data]/data1.txt??? HTTP/1.1" 404 - "-" "Mozilla/5.0" "www.galf.org"
72.55.148.208 - - [08/Feb/2010:00:35:02 -0800] "GET /administrator/components/com_chronocontact/excelwriter/Writer/Worksheet.php?mosConfig_absolute_path=http://www.nazca.co.kr/2005/kboard/[data]/data1.txt??? HTTP/1.1" 404 - "-" "Mozilla/5.0" "www.galf.org"
72.55.148.208 - - [08/Feb/2010:00:35:02 -0800] "GET /logs//administrator/components/com_chronocontact/excelwriter/Writer/Worksheet.php?mosConfig_absolute_path=http://www.nazca.co.kr/2005/kboard/[data]/data1.txt??? HTTP/1.1" 404 - "-" "Mozilla/5.0" "www.galf.org"
72.55.148.208 - - [08/Feb/2010:00:35:22 -0800] "GET /logs/access_090824.log//administrator/components/com_chronocontact/excelwriter/Writer/Worksheet.php?mosConfig_absolute_path=http://www.nazca.co.kr/2005/kboard/[data]/data1.txt??? HTTP/1.1" 404 - "-" "Mozilla/5.0" "www.galf.org"
218.38.136.126 - - [08/Feb/2010:00:35:57 -0800] "GET /logs//administrator/components/com_a6mambocredits/admin.a6mambocredits.php?mosConfig_live_site=http://musicadelibreria.net/footer?? HTTP/1.1" 404 - "-" "Mozilla/5.0" "www.galf.org"
218.38.136.126 - - [08/Feb/2010:00:35:57 -0800] "GET /logs/access_090720.log//administrator/components/com_a6mambocredits/admin.a6mambocredits.php?mosConfig_live_site=http://musicadelibreria.net/footer?? HTTP/1.1" 404 - "-" "Mozilla/5.0" "www.galf.org"
218.38.136.126 - - [08/Feb/2010:00:35:57 -0800] "GET /administrator/components/com_a6mambocredits/admin.a6mambocredits.php?mosConfig_live_site=http://musicadelibreria.net/footer?? HTTP/1.1" 404 - "-" "Mozilla/5.0" "www.galf.org"
218.38.136.126 - - [08/Feb/2010:00:35:57 -0800] "GET /logs//administrator/components/com_a6mambocredits/admin.a6mambocredits.php?mosConfig_live_site=http://musicadelibreria.net/footer?? HTTP/1.1" 404 - "-" "Mozilla/5.0" "www.galf.org"
218.38.136.126 - - [08/Feb/2010:00:35:58 -0800] "GET /administrator/components/com_a6mambocredits/admin.a6mambocredits.php?mosConfig_live_site=http://musicadelibreria.net/footer?? HTTP/1.1" 404 - "-" "Mozilla/5.0" "www.galf.org"
218.38.136.126 - - [08/Feb/2010:00:35:58 -0800] "GET /logs/access_090720.log//administrator/components/com_a6mambocredits/admin.a6mambocredits.php?mosConfig_live_site=http://musicadelibreria.net/footer?? HTTP/1.1" 404 - "-" "Mozilla/5.0" "www.galf.org"
218.38.136.126 - - [08/Feb/2010:00:36:23 -0800] "GET /components/com_performs/performs.php?mosConfig_absolute_path=http://musicadelibreria.net/footer?? HTTP/1.1" 404 - "-" "Mozilla/5.0" "www.galf.org"
218.38.136.126 - - [08/Feb/2010:00:36:23 -0800] "GET /logs/access_090720.log/components/com_performs/performs.php?mosConfig_absolute_path=http://musicadelibreria.net/footer?? HTTP/1.1" 404 - "-" "Mozilla/5.0" "www.galf.org"
218.38.136.126 - - [08/Feb/2010:00:36:23 -0800] "GET /logs/components/com_performs/performs.php?mosConfig_absolute_path=http://musicadelibreria.net/footer?? HTTP/1.1" 404 - "-" "Mozilla/5.0" "www.galf.org"
218.38.136.126 - - [08/Feb/2010:00:36:41 -0800] "GET /logs/access_090720.log/components/com_performs/performs.php?mosConfig_absolute_path=http://musicadelibreria.net/footer?? HTTP/1.1" 404 - "-" "Mozilla/5.0" "www.galf.org"
218.38.136.126 - - [08/Feb/2010:00:36:41 -0800] "GET /components/com_performs/performs.php?mosConfig_absolute_path=http://musicadelibreria.net/footer?? HTTP/1.1" 404 - "-" "Mozilla/5.0" "www.galf.org"
218.38.136.126 - - [08/Feb/2010:00:36:41 -0800] "GET /logs/components/com_performs/performs.php?mosConfig_absolute_path=http://musicadelibreria.net/footer?? HTTP/1.1" 404 - "-" "Mozilla/5.0" "www.galf.org"
81.176.226.164 - - [08/Feb/2010:00:36:54 -0800] "GET /logs/components/com_pccookbook/pccookbook.php?mosConfig_absolute_path=http://ldrneurosurgery.net/help/1.jpg?? HTTP/1.1" 404 - "-" "Mozilla/5.0" "www.galf.org"
81.176.226.164 - - [08/Feb/2010:00:36:54 -0800] "GET /components/com_pccookbook/pccookbook.php?mosConfig_absolute_path=http://ldrneurosurgery.net/help/1.jpg?? HTTP/1.1" 404 - "-" "Mozilla/5.0" "www.galf.org"
81.176.226.164 - - [08/Feb/2010:00:36:54 -0800] "GET /logs/access_100118.log%20%20/components/com_pccookbook/pccookbook.php?mosConfig_absolute_path=http://ldrneurosurgery.net/help/1.jpg?? HTTP/1.1" 404 - "-" "Mozilla/5.0" "www.galf.org"
69.163.202.84 - - [08/Feb/2010:00:36:57 -0800] "GET /logs/access_091228.log/skin/ggambo1100_gallery/setup.php?setup[use_category]=http://ldrneurosurgery.net/help/1.jpg?? HTTP/1.1" 404 - "-" "Mozilla/5.0" "www.galf.org"
200.93.147.154 - - [08/Feb/2010:00:37:12 -0800] "GET /logs/access_090921.log/?sourcedir=http://musicadelibreria.net/footer??? HTTP/1.1" 404 - "-" "Mozilla/5.0" "www.galf.org"
81.176.226.164 - - [08/Feb/2010:00:37:48 -0800] "GET /skin/ggambo1100_gallery/setup.php?setup[use_category]=http://ldrneurosurgery.net/help/1.jpg?? HTTP/1.1" 404 - "-" "Mozilla/5.0" "www.galf.org"
81.176.226.164 - - [08/Feb/2010:00:37:48 -0800] "GET /logs/access_091228.log%20%20/skin/ggambo1100_gallery/setup.php?setup[use_category]=http://ldrneurosurgery.net/help/1.jpg?? HTTP/1.1" 404 - "-" "Mozilla/5.0" "www.galf.org"
81.176.226.164 - - [08/Feb/2010:00:37:48 -0800] "GET /logs/skin/ggambo1100_gallery/setup.php?setup[use_category]=http://ldrneurosurgery.net/help/1.jpg?? HTTP/1.1" 404 - "-" "Mozilla/5.0" "www.galf.org"
218.38.136.126 - - [08/Feb/2010:00:38:09 -0800] "GET /administrator/components/com_a6mambocredits/admin.a6mambocredits.php?mosConfig_live_site=http://musicadelibreria.net/footer?? HTTP/1.1" 404 - "-" "Mozilla/5.0" "www.galf.org"
218.38.136.126 - - [08/Feb/2010:00:38:09 -0800] "GET /logs/access_090720.log%20%20//administrator/components/com_a6mambocredits/admin.a6mambocredits.php?mosConfig_live_site=http://musicadelibreria.net/footer?? HTTP/1.1" 404 - "-" "Mozilla/5.0" "www.galf.org"
218.38.136.126 - - [08/Feb/2010:00:38:09 -0800] "GET /logs//administrator/components/com_a6mambocredits/admin.a6mambocredits.php?mosConfig_live_site=http://musicadelibreria.net/footer?? HTTP/1.1" 404 - "-" "Mozilla/5.0" "www.galf.org"
218.38.136.126 - - [08/Feb/2010:00:38:34 -0800] "GET /logs/access_091214.log%20%20//include.php?DOCUMENT_ROOT=http://musicadelibreria.net/footer?? HTTP/1.1" 404 - "-" "Mozilla/5.0" "www.galf.org"
218.38.136.126 - - [08/Feb/2010:00:38:34 -0800] "GET /logs//include.php?DOCUMENT_ROOT=http://musicadelibreria.net/footer?? HTTP/1.1" 404 - "-" "Mozilla/5.0" "www.galf.org"
218.38.136.126 - - [08/Feb/2010:00:38:34 -0800] "GET /include.php?DOCUMENT_ROOT=http://musicadelibreria.net/footer?? HTTP/1.1" 404 - "-" "Mozilla/5.0" "www.galf.org"
218.38.136.126 - - [08/Feb/2010:00:38:42 -0800] "GET /logs/access_091214.log%20%20//include.php?DOCUMENT_ROOT=http://musicadelibreria.net/footer?? HTTP/1.1" 404 - "-" "Mozilla/5.0" "www.galf.org"
218.38.136.126 - - [08/Feb/2010:00:38:42 -0800] "GET /include.php?DOCUMENT_ROOT=http://musicadelibreria.net/footer?? HTTP/1.1" 404 - "-" "Mozilla/5.0" "www.galf.org"
218.38.136.126 - - [08/Feb/2010:00:38:42 -0800] "GET /logs//include.php?DOCUMENT_ROOT=http://musicadelibreria.net/footer?? HTTP/1.1" 404 - "-" "Mozilla/5.0" "www.galf.org"
218.38.136.126 - - [08/Feb/2010:00:38:44 -0800] "GET /administrator/components/com_a6mambocredits/admin.a6mambocredits.php?mosConfig_live_site=http://musicadelibreria.net/footer?? HTTP/1.1" 404 - "-" "Mozilla/5.0" "www.galf.org"
218.38.136.126 - - [08/Feb/2010:00:38:44 -0800] "GET /logs/access_090720.log%20%20//administrator/components/com_a6mambocredits/admin.a6mambocredits.php?mosConfig_live_site=http://musicadelibreria.net/footer?? HTTP/1.1" 404 - "-" "Mozilla/5.0" "www.galf.org"
218.38.136.126 - - [08/Feb/2010:00:38:44 -0800] "GET /logs//administrator/components/com_a6mambocredits/admin.a6mambocredits.php?mosConfig_live_site=http://musicadelibreria.net/footer?? HTTP/1.1" 404 - "-" "Mozilla/5.0" "www.galf.org"
218.38.136.126 - - [08/Feb/2010:00:38:58 -0800] "GET /logs/access_100111.log%20%20//include.php?DOCUMENT_ROOT=http://musicadelibreria.net/footer?? HTTP/1.1" 404 - "-" "Mozilla/5.0" "www.galf.org"
211.115.68.54 - - [08/Feb/2010:00:39:01 -0800] "GET /logs/access_100118.log%20%20//index.php?_SERVER[DOCUMENT_ROOT]=http://musicadelibreria.net/footer?? HTTP/1.1" 404 - "-" "Mozilla/5.0" "www.galf.org"
200.93.147.154 - - [08/Feb/2010:00:39:03 -0800] "GET /?sourcedir=http://musicadelibreria.net/footer??? HTTP/1.1" 200 1048 "-" "Mozilla/5.0" "www.galf.org"
200.93.147.154 - - [08/Feb/2010:00:39:03 -0800] "GET /logs/?sourcedir=http://musicadelibreria.net/footer??? HTTP/1.1" 200 4942 "-" "Mozilla/5.0" "www.galf.org"
218.38.136.126 - - [08/Feb/2010:00:39:07 -0800] "GET /logs/access_100111.log%20%20//include.php?DOCUMENT_ROOT=http://musicadelibreria.net/footer?? HTTP/1.1" 404 - "-" "Mozilla/5.0" "www.galf.org"
218.38.136.126 - - [08/Feb/2010:00:39:51 -0800] "GET /logs/access_091221.log%20%20//administrator/components/com_a6mambocredits/admin.a6mambocredits.php?mosConfig_live_site=http://musicadelibreria.net/footer?? HTTP/1.1" 404 - "-" "Mozilla/5.0" "www.galf.org"
81.176.226.164 - - [08/Feb/2010:00:40:00 -0800] "GET /logs/access_091228.log/skin/ggambo1100_gallery/setup.php?setup[use_category]=http://ldrneurosurgery.net/help/1.jpg?? HTTP/1.1" 404 - "-" "Mozilla/5.0" "www.galf.org"
81.176.226.164 - - [08/Feb/2010:00:40:11 -0800] "GET /logs/access_090720.log/components/com_pccookbook/pccookbook.php?mosConfig_absolute_path=http://ldrneurosurgery.net/help/1.jpg?? HTTP/1.1" 404 - "-" "Mozilla/5.0" "www.galf.org"
74.101.2.63 - - [08/Feb/2010:00:40:27 -0800] "GET /logs/access_090928.log%20%20//e107/e107_handlers/secure_img_render.php?p=http://www.tinituscure.com/health-articles/sun.jpg?? HTTP/1.1" 404 - "-" "Mozilla/5.0" "www.galf.org"
218.38.136.126 - - [08/Feb/2010:00:40:27 -0800] "GET /logs/access_091221.log%20%20//administrator/components/com_a6mambocredits/admin.a6mambocredits.php?mosConfig_live_site=http://musicadelibreria.net/footer?? HTTP/1.1" 404 - "-" "Mozilla/5.0" "www.galf.org"
110.45.145.178 - - [08/Feb/2010:00:40:46 -0800] "GET /logs/access_091221.log%20%20///skin/ggambo7002_board/write.php?dir=http://musicadelibreria.net/footer?? HTTP/1.1" 404 - "-" "Mozilla/5.0" "www.galf.org"
60.251.165.181 - - [08/Feb/2010:00:40:51 -0800] "GET /logs/access_100118.log%20%20////bbs/write_update.php?board_skin_path=http://www.h1cc.net/somd/images/topics/templates/sken/id1(feelcomz).txt? HTTP/1.1" 404 - "-" "Mozilla/5.0" "www.galf.org"
110.45.145.178 - - [08/Feb/2010:00:41:02 -0800] "GET /logs/access_091102.log%20%20///skin/ggambo7002_board/write.php?dir=http://musicadelibreria.net/footer?? HTTP/1.1" 404 - "-" "Mozilla/5.0" "www.galf.org"
218.38.136.126 - - [08/Feb/2010:00:41:10 -0800] "GET /skin/ggambo1100_gallery/setup.php?setup[use_category]=http://ldrneurosurgery.net/help/1.jpg?? HTTP/1.1" 404 - "-" "Mozilla/5.0" "www.galf.org"
218.38.136.126 - - [08/Feb/2010:00:41:10 -0800] "GET /logs/skin/ggambo1100_gallery/setup.php?setup[use_category]=http://ldrneurosurgery.net/help/1.jpg?? HTTP/1.1" 404 - "-" "Mozilla/5.0" "www.galf.org"
218.38.136.126 - - [08/Feb/2010:00:41:10 -0800] "GET /logs/access_091228.log%20%20/skin/ggambo1100_gallery/setup.php?setup[use_category]=http://ldrneurosurgery.net/help/1.jpg?? HTTP/1.1" 404 - "-" "Mozilla/5.0" "www.galf.org"
207.46.199.189 - - [08/Feb/2010:00:41:13 -0800] "GET /robots.txt HTTP/1.1" 404 - "-" "msnbot/2.0b (+http://search.msn.com/msnbot.htm)" "www.galf.org"
69.174.48.203 - - [08/Feb/2010:00:41:31 -0800] "GET /logs/access_100118.log/bbs/write_update.php?board_skin_path=http://www.rollingcamper.com//administrator/modules/mod_submenu/.3/idv5.txt??? HTTP/1.1" 404 - "-" "libwww-perl/5.834" "www.galf.org"
69.174.48.203 - - [08/Feb/2010:00:41:31 -0800] "GET /bbs/write_update.php?board_skin_path=http://www.rollingcamper.com//administrator/modules/mod_submenu/.3/idv5.txt??? HTTP/1.1" 404 - "-" "libwww-perl/5.834" "www.galf.org"
69.174.48.203 - - [08/Feb/2010:00:41:31 -0800] "GET /logs/bbs/write_update.php?board_skin_path=http://www.rollingcamper.com//administrator/modules/mod_submenu/.3/idv5.txt??? HTTP/1.1" 404 - "-" "libwww-perl/5.834" "www.galf.org"
218.38.136.126 - - [08/Feb/2010:00:41:46 -0800] "GET /components/com_pccookbook/pccookbook.php?mosConfig_absolute_path=http://ldrneurosurgery.net/help/1.jpg?? HTTP/1.1" 404 - "-" "Mozilla/5.0" "www.galf.org"
218.38.136.126 - - [08/Feb/2010:00:41:46 -0800] "GET /logs/components/com_pccookbook/pccookbook.php?mosConfig_absolute_path=http://ldrneurosurgery.net/help/1.jpg?? HTTP/1.1" 404 - "-" "Mozilla/5.0" "www.galf.org"
218.38.136.126 - - [08/Feb/2010:00:41:46 -0800] "GET /logs/access_091019.log%20%20/components/com_pccookbook/pccookbook.php?mosConfig_absolute_path=http://ldrneurosurgery.net/help/1.jpg?? HTTP/1.1" 404 - "-" "Mozilla/5.0" "www.galf.org"
200.226.134.29 - - [08/Feb/2010:00:41:55 -0800] "GET /bbs/write_update.php?board_skin_path=http://www.rollingcamper.com//administrator/modules/mod_submenu/.3/idv5.txt??? HTTP/1.1" 404 - "-" "libwww-perl/5.803" "www.galf.org"
