78.110.50.121 - - [11/Jan/2010:01:56:37 -0800] "GET /logs/access.log//lib/adodb_lite/adodb-perf-module.inc.php?last_module=http://www.hyonsvc.co.kr//bbs//upload/id1.txt?? HTTP/1.1" 404 - "-" "Mozilla/5.0" "galf.org"
78.110.50.121 - - [11/Jan/2010:01:56:37 -0800] "GET /logs//lib/adodb_lite/adodb-perf-module.inc.php?last_module=http://www.hyonsvc.co.kr//bbs//upload/id1.txt?? HTTP/1.1" 404 - "-" "Mozilla/5.0" "galf.org"
78.110.50.121 - - [11/Jan/2010:01:56:37 -0800] "GET /logs/access_100104.log//lib/adodb_lite/adodb-perf-module.inc.php?last_module=http://www.hyonsvc.co.kr//bbs//upload/id1.txt?? HTTP/1.1" 404 - "-" "Mozilla/5.0" "www.galf.org"
78.110.50.121 - - [11/Jan/2010:01:56:37 -0800] "GET /logs//lib/adodb_lite/adodb-perf-module.inc.php?last_module=http://www.hyonsvc.co.kr//bbs//upload/id1.txt?? HTTP/1.1" 404 - "-" "Mozilla/5.0" "www.galf.org"
78.110.50.121 - - [11/Jan/2010:01:56:37 -0800] "GET /lib/adodb_lite/adodb-perf-module.inc.php?last_module=http://www.hyonsvc.co.kr//bbs//upload/id1.txt?? HTTP/1.1" 404 - "-" "Mozilla/5.0" "www.galf.org"
211.234.122.76 - - [11/Jan/2010:01:56:41 -0800] "GET /logs//lib/adodb_lite/adodb-perf-module.inc.php?last_module=http://www.olije.com/zbxe/id1.txt? HTTP/1.1" 404 - "-" "Mozilla/5.0" "galf.org"
211.234.122.76 - - [11/Jan/2010:01:56:41 -0800] "GET /lib/adodb_lite/adodb-perf-module.inc.php?last_module=http://www.olije.com/zbxe/id1.txt? HTTP/1.1" 404 - "-" "Mozilla/5.0" "galf.org"
64.34.177.222 - - [11/Jan/2010:01:56:42 -0800] "GET /lib/adodb_lite/adodb-perf-module.inc.php?last_module=http://www.difusion.com.mx/altair/libraries/openid/Auth/OpenID/.ht/one?? HTTP/1.1" 404 - "-" "Mozilla/5.0" "galf.org"
64.34.177.222 - - [11/Jan/2010:01:56:42 -0800] "GET /logs//lib/adodb_lite/adodb-perf-module.inc.php?last_module=http://www.difusion.com.mx/altair/libraries/openid/Auth/OpenID/.ht/one?? HTTP/1.1" 404 - "-" "Mozilla/5.0" "galf.org"
211.234.122.76 - - [11/Jan/2010:01:56:42 -0800] "GET /logs/access.log//lib/adodb_lite/adodb-perf-module.inc.php?last_module=http://www.olije.com/zbxe/id1.txt? HTTP/1.1" 404 - "-" "Mozilla/5.0" "galf.org"
64.34.177.222 - - [11/Jan/2010:01:56:42 -0800] "GET /logs/access.log//lib/adodb_lite/adodb-perf-module.inc.php?last_module=http://www.difusion.com.mx/altair/libraries/openid/Auth/OpenID/.ht/one?? HTTP/1.1" 404 - "-" "Mozilla/5.0" "galf.org"
64.34.177.222 - - [11/Jan/2010:01:56:42 -0800] "GET /lib/adodb_lite/adodb-perf-module.inc.php?last_module=http://www.difusion.com.mx/altair/libraries/openid/Auth/OpenID/.ht/one?? HTTP/1.1" 404 - "-" "Mozilla/5.0" "www.galf.org"
64.34.177.222 - - [11/Jan/2010:01:56:42 -0800] "GET /logs/access_100104.log//lib/adodb_lite/adodb-perf-module.inc.php?last_module=http://www.difusion.com.mx/altair/libraries/openid/Auth/OpenID/.ht/one?? HTTP/1.1" 404 - "-" "Mozilla/5.0" "www.galf.org"
64.34.177.222 - - [11/Jan/2010:01:56:42 -0800] "GET /logs//lib/adodb_lite/adodb-perf-module.inc.php?last_module=http://www.difusion.com.mx/altair/libraries/openid/Auth/OpenID/.ht/one?? HTTP/1.1" 404 - "-" "Mozilla/5.0" "www.galf.org"
211.234.122.76 - - [11/Jan/2010:01:56:42 -0800] "GET /lib/adodb_lite/adodb-perf-module.inc.php?last_module=http://www.olije.com/zbxe/id1.txt? HTTP/1.1" 404 - "-" "Mozilla/5.0" "www.galf.org"
211.234.122.76 - - [11/Jan/2010:01:56:43 -0800] "GET /logs//lib/adodb_lite/adodb-perf-module.inc.php?last_module=http://www.olije.com/zbxe/id1.txt? HTTP/1.1" 404 - "-" "Mozilla/5.0" "www.galf.org"
211.234.122.76 - - [11/Jan/2010:01:56:43 -0800] "GET /logs/access_100104.log//lib/adodb_lite/adodb-perf-module.inc.php?last_module=http://www.olije.com/zbxe/id1.txt? HTTP/1.1" 404 - "-" "Mozilla/5.0" "www.galf.org"
78.110.50.121 - - [11/Jan/2010:01:56:45 -0800] "GET /logs//lib/adodb_lite/adodb-perf-module.inc.php?last_module=http://www.hyonsvc.co.kr//bbs//upload/id1.txt?? HTTP/1.1" 404 - "-" "Mozilla/5.0" "www.galf.org"
78.110.50.121 - - [11/Jan/2010:01:56:45 -0800] "GET /logs//lib/adodb_lite/adodb-perf-module.inc.php?last_module=http://www.hyonsvc.co.kr//bbs//upload/id1.txt?? HTTP/1.1" 404 - "-" "Mozilla/5.0" "www.galf.org"
78.110.50.121 - - [11/Jan/2010:01:56:45 -0800] "GET /lib/adodb_lite/adodb-perf-module.inc.php?last_module=http://www.hyonsvc.co.kr//bbs//upload/id1.txt?? HTTP/1.1" 404 - "-" "Mozilla/5.0" "www.galf.org"
78.110.50.121 - - [11/Jan/2010:01:56:45 -0800] "GET /lib/adodb_lite/adodb-perf-module.inc.php?last_module=http://www.hyonsvc.co.kr//bbs//upload/id1.txt?? HTTP/1.1" 404 - "-" "Mozilla/5.0" "www.galf.org"
78.110.50.121 - - [11/Jan/2010:01:56:45 -0800] "GET /logs/access_090817.log//lib/adodb_lite/adodb-perf-module.inc.php?last_module=http://www.hyonsvc.co.kr//bbs//upload/id1.txt?? HTTP/1.1" 404 - "-" "Mozilla/5.0" "www.galf.org"
78.110.50.121 - - [11/Jan/2010:01:56:45 -0800] "GET /logs/access_090817.log//lib/adodb_lite/adodb-perf-module.inc.php?last_module=http://www.hyonsvc.co.kr//bbs//upload/id1.txt?? HTTP/1.1" 404 - "-" "Mozilla/5.0" "www.galf.org"
211.234.122.76 - - [11/Jan/2010:01:56:47 -0800] "GET /logs/access_090713.log//lib/adodb_lite/adodb-perf-module.inc.php?last_module=http://www.olije.com/zbxe/id1.txt? HTTP/1.1" 404 - "-" "Mozilla/5.0" "www.galf.org"
64.34.177.222 - - [11/Jan/2010:01:56:51 -0800] "GET /lib/adodb_lite/adodb-perf-module.inc.php?last_module=http://www.difusion.com.mx/altair/libraries/openid/Auth/OpenID/.ht/one?? HTTP/1.1" 404 - "-" "Mozilla/5.0" "www.galf.org"
64.34.177.222 - - [11/Jan/2010:01:56:51 -0800] "GET /logs//lib/adodb_lite/adodb-perf-module.inc.php?last_module=http://www.difusion.com.mx/altair/libraries/openid/Auth/OpenID/.ht/one?? HTTP/1.1" 404 - "-" "Mozilla/5.0" "www.galf.org"
64.34.177.222 - - [11/Jan/2010:01:56:51 -0800] "GET /logs/access_090713.log//lib/adodb_lite/adodb-perf-module.inc.php?last_module=http://www.difusion.com.mx/altair/libraries/openid/Auth/OpenID/.ht/one?? HTTP/1.1" 404 - "-" "Mozilla/5.0" "www.galf.org"
64.34.177.222 - - [11/Jan/2010:01:56:51 -0800] "GET /logs/access_090824.log//lib/adodb_lite/adodb-perf-module.inc.php?last_module=http://www.difusion.com.mx/altair/libraries/openid/Auth/OpenID/.ht/one?? HTTP/1.1" 404 - "-" "Mozilla/5.0" "www.galf.org"
211.234.122.76 - - [11/Jan/2010:01:56:52 -0800] "GET /lib/adodb_lite/adodb-perf-module.inc.php?last_module=http://www.olije.com/zbxe/id1.txt? HTTP/1.1" 404 - "-" "Mozilla/5.0" "www.galf.org"
202.218.111.39 - - [11/Jan/2010:01:56:54 -0800] "GET /lib/adodb_lite/adodb-perf-module.inc.php?last_module=http://www.difusion.com.mx/altair/libraries/openid/Auth/OpenID/.ht/one?? HTTP/1.1" 404 - "-" "Mozilla/5.0" "www.galf.org"
202.218.111.39 - - [11/Jan/2010:01:56:54 -0800] "GET /logs//lib/adodb_lite/adodb-perf-module.inc.php?last_module=http://www.difusion.com.mx/altair/libraries/openid/Auth/OpenID/.ht/one?? HTTP/1.1" 404 - "-" "Mozilla/5.0" "www.galf.org"
202.218.111.39 - - [11/Jan/2010:01:56:54 -0800] "GET /logs/access_100104.log//lib/adodb_lite/adodb-perf-module.inc.php?last_module=http://www.difusion.com.mx/altair/libraries/openid/Auth/OpenID/.ht/one?? HTTP/1.1" 404 - "-" "Mozilla/5.0" "www.galf.org"
202.218.111.39 - - [11/Jan/2010:01:56:54 -0800] "GET /logs/access.log//lib/adodb_lite/adodb-perf-module.inc.php?last_module=http://www.difusion.com.mx/altair/libraries/openid/Auth/OpenID/.ht/one?? HTTP/1.1" 404 - "-" "Mozilla/5.0" "galf.org"
202.218.111.39 - - [11/Jan/2010:01:56:54 -0800] "GET /lib/adodb_lite/adodb-perf-module.inc.php?last_module=http://www.difusion.com.mx/altair/libraries/openid/Auth/OpenID/.ht/one?? HTTP/1.1" 404 - "-" "Mozilla/5.0" "galf.org"
202.218.111.39 - - [11/Jan/2010:01:56:54 -0800] "GET /logs//lib/adodb_lite/adodb-perf-module.inc.php?last_module=http://www.difusion.com.mx/altair/libraries/openid/Auth/OpenID/.ht/one?? HTTP/1.1" 404 - "-" "Mozilla/5.0" "galf.org"
211.234.122.76 - - [11/Jan/2010:01:56:57 -0800] "GET /logs//lib/adodb_lite/adodb-perf-module.inc.php?last_module=http://www.olije.com/zbxe/id1.txt? HTTP/1.1" 404 - "-" "Mozilla/5.0" "www.galf.org"
211.234.122.76 - - [11/Jan/2010:01:57:01 -0800] "GET /logs/access_090713.log//lib/adodb_lite/adodb-perf-module.inc.php?last_module=http://www.olije.com/zbxe/id1.txt? HTTP/1.1" 404 - "-" "Mozilla/5.0" "www.galf.org"
211.234.122.76 - - [11/Jan/2010:01:57:01 -0800] "GET /lib/adodb_lite/adodb-perf-module.inc.php?last_module=http://www.olije.com/zbxe/id1.txt? HTTP/1.1" 404 - "-" "Mozilla/5.0" "www.galf.org"
211.234.122.76 - - [11/Jan/2010:01:57:02 -0800] "GET /logs//lib/adodb_lite/adodb-perf-module.inc.php?last_module=http://www.olije.com/zbxe/id1.txt? HTTP/1.1" 404 - "-" "Mozilla/5.0" "www.galf.org"
211.234.122.76 - - [11/Jan/2010:01:57:02 -0800] "GET /logs/access_090713.log//lib/adodb_lite/adodb-perf-module.inc.php?last_module=http://www.olije.com/zbxe/id1.txt? HTTP/1.1" 404 - "-" "Mozilla/5.0" "www.galf.org"
211.234.122.76 - - [11/Jan/2010:01:57:07 -0800] "GET /lib/adodb_lite/adodb-perf-module.inc.php?last_module=http://www.olije.com/zbxe/id1.txt? HTTP/1.1" 404 - "-" "Mozilla/5.0" "www.galf.org"
78.110.50.121 - - [11/Jan/2010:01:57:08 -0800] "GET /logs//lib/adodb_lite/adodb-perf-module.inc.php?last_module=http://www.hyonsvc.co.kr//bbs//upload/id1.txt?? HTTP/1.1" 404 - "-" "Mozilla/5.0" "www.galf.org"
78.110.50.121 - - [11/Jan/2010:01:57:08 -0800] "GET /logs/access_090824.log//lib/adodb_lite/adodb-perf-module.inc.php?last_module=http://www.hyonsvc.co.kr//bbs//upload/id1.txt?? HTTP/1.1" 404 - "-" "Mozilla/5.0" "www.galf.org"
78.110.50.121 - - [11/Jan/2010:01:57:08 -0800] "GET /lib/adodb_lite/adodb-perf-module.inc.php?last_module=http://www.hyonsvc.co.kr//bbs//upload/id1.txt?? HTTP/1.1" 404 - "-" "Mozilla/5.0" "www.galf.org"
78.110.50.121 - - [11/Jan/2010:01:57:08 -0800] "GET /logs/access_090629.log//lib/adodb_lite/adodb-perf-module.inc.php?last_module=http://www.hyonsvc.co.kr//bbs//upload/id1.txt?? HTTP/1.1" 404 - "-" "Mozilla/5.0" "www.galf.org"
78.110.50.121 - - [11/Jan/2010:01:57:08 -0800] "GET /logs/access_090629.log//lib/adodb_lite/adodb-perf-module.inc.php?last_module=http://www.hyonsvc.co.kr//bbs//upload/id1.txt?? HTTP/1.1" 404 - "-" "Mozilla/5.0" "www.galf.org"
211.234.122.76 - - [11/Jan/2010:01:57:09 -0800] "GET /logs//lib/adodb_lite/adodb-perf-module.inc.php?last_module=http://www.olije.com/zbxe/id1.txt? HTTP/1.1" 404 - "-" "Mozilla/5.0" "www.galf.org"
64.34.177.222 - - [11/Jan/2010:01:57:09 -0800] "GET /lib/adodb_lite/adodb-perf-module.inc.php?last_module=http://www.difusion.com.mx/altair/libraries/openid/Auth/OpenID/.ht/one?? HTTP/1.1" 404 - "-" "Mozilla/5.0" "www.galf.org"
64.34.177.222 - - [11/Jan/2010:01:57:09 -0800] "GET /logs/access_090817.log//lib/adodb_lite/adodb-perf-module.inc.php?last_module=http://www.difusion.com.mx/altair/libraries/openid/Auth/OpenID/.ht/one?? HTTP/1.1" 404 - "-" "Mozilla/5.0" "www.galf.org"
64.34.177.222 - - [11/Jan/2010:01:57:09 -0800] "GET /logs//lib/adodb_lite/adodb-perf-module.inc.php?last_module=http://www.difusion.com.mx/altair/libraries/openid/Auth/OpenID/.ht/one?? HTTP/1.1" 404 - "-" "Mozilla/5.0" "www.galf.org"
64.34.177.222 - - [11/Jan/2010:01:57:10 -0800] "GET /logs/access_090629.log//lib/adodb_lite/adodb-perf-module.inc.php?last_module=http://www.difusion.com.mx/altair/libraries/openid/Auth/OpenID/.ht/one?? HTTP/1.1" 404 - "-" "Mozilla/5.0" "www.galf.org"
211.234.122.76 - - [11/Jan/2010:01:57:10 -0800] "GET /logs/access_090713.log//lib/adodb_lite/adodb-perf-module.inc.php?last_module=http://www.olije.com/zbxe/id1.txt? HTTP/1.1" 404 - "-" "Mozilla/5.0" "www.galf.org"
211.234.122.76 - - [11/Jan/2010:01:57:10 -0800] "GET /logs//lib/adodb_lite/adodb-perf-module.inc.php?last_module=http://www.olije.com/zbxe/id1.txt? HTTP/1.1" 404 - "-" "Mozilla/5.0" "www.galf.org"
211.234.122.76 - - [11/Jan/2010:01:57:11 -0800] "GET /lib/adodb_lite/adodb-perf-module.inc.php?last_module=http://www.olije.com/zbxe/id1.txt? HTTP/1.1" 404 - "-" "Mozilla/5.0" "www.galf.org"
202.218.111.39 - - [11/Jan/2010:01:57:11 -0800] "GET /lib/adodb_lite/adodb-perf-module.inc.php?last_module=http://www.difusion.com.mx/altair/libraries/openid/Auth/OpenID/.ht/one?? HTTP/1.1" 404 - "-" "Mozilla/5.0" "www.galf.org"
202.218.111.39 - - [11/Jan/2010:01:57:11 -0800] "GET /logs//lib/adodb_lite/adodb-perf-module.inc.php?last_module=http://www.difusion.com.mx/altair/libraries/openid/Auth/OpenID/.ht/one?? HTTP/1.1" 404 - "-" "Mozilla/5.0" "www.galf.org"
202.218.111.39 - - [11/Jan/2010:01:57:11 -0800] "GET /logs/access_090817.log//lib/adodb_lite/adodb-perf-module.inc.php?last_module=http://www.difusion.com.mx/altair/libraries/openid/Auth/OpenID/.ht/one?? HTTP/1.1" 404 - "-" "Mozilla/5.0" "www.galf.org"
78.110.50.121 - - [11/Jan/2010:01:57:13 -0800] "GET /logs/access_090824.log//lib/adodb_lite/adodb-perf-module.inc.php?last_module=http://www.hyonsvc.co.kr//bbs//upload/id1.txt?? HTTP/1.1" 404 - "-" "Mozilla/5.0" "www.galf.org"
78.110.50.121 - - [11/Jan/2010:01:57:13 -0800] "GET /logs//lib/adodb_lite/adodb-perf-module.inc.php?last_module=http://www.hyonsvc.co.kr//bbs//upload/id1.txt?? HTTP/1.1" 404 - "-" "Mozilla/5.0" "www.galf.org"
78.110.50.121 - - [11/Jan/2010:01:57:13 -0800] "GET /lib/adodb_lite/adodb-perf-module.inc.php?last_module=http://www.hyonsvc.co.kr//bbs//upload/id1.txt?? HTTP/1.1" 404 - "-" "Mozilla/5.0" "www.galf.org"
64.34.177.222 - - [11/Jan/2010:01:57:15 -0800] "GET /logs/access_090817.log//lib/adodb_lite/adodb-perf-module.inc.php?last_module=http://www.difusion.com.mx/altair/libraries/openid/Auth/OpenID/.ht/one?? HTTP/1.1" 404 - "-" "Mozilla/5.0" "www.galf.org"
64.34.177.222 - - [11/Jan/2010:01:57:15 -0800] "GET /lib/adodb_lite/adodb-perf-module.inc.php?last_module=http://www.difusion.com.mx/altair/libraries/openid/Auth/OpenID/.ht/one?? HTTP/1.1" 404 - "-" "Mozilla/5.0" "www.galf.org"
64.34.177.222 - - [11/Jan/2010:01:57:15 -0800] "GET /logs//lib/adodb_lite/adodb-perf-module.inc.php?last_module=http://www.difusion.com.mx/altair/libraries/openid/Auth/OpenID/.ht/one?? HTTP/1.1" 404 - "-" "Mozilla/5.0" "www.galf.org"
202.218.111.39 - - [11/Jan/2010:01:57:15 -0800] "GET /logs/access_090629.log//lib/adodb_lite/adodb-perf-module.inc.php?last_module=http://www.difusion.com.mx/altair/libraries/openid/Auth/OpenID/.ht/one?? HTTP/1.1" 404 - "-" "Mozilla/5.0" "www.galf.org"
211.234.122.76 - - [11/Jan/2010:01:57:17 -0800] "GET /logs//lib/adodb_lite/adodb-perf-module.inc.php?last_module=http://www.olije.com/zbxe/id1.txt? HTTP/1.1" 404 - "-" "Mozilla/5.0" "galf.org"
211.234.122.76 - - [11/Jan/2010:01:57:17 -0800] "GET /lib/adodb_lite/adodb-perf-module.inc.php?last_module=http://www.olije.com/zbxe/id1.txt? HTTP/1.1" 404 - "-" "Mozilla/5.0" "galf.org"
211.234.122.76 - - [11/Jan/2010:01:57:17 -0800] "GET /logs/access.log//lib/adodb_lite/adodb-perf-module.inc.php?last_module=http://www.olije.com/zbxe/id1.txt? HTTP/1.1" 404 - "-" "Mozilla/5.0" "galf.org"
211.234.122.76 - - [11/Jan/2010:01:57:17 -0800] "GET /lib/adodb_lite/adodb-perf-module.inc.php?last_module=http://www.olije.com/zbxe/id1.txt? HTTP/1.1" 404 - "-" "Mozilla/5.0" "www.galf.org"
211.234.122.76 - - [11/Jan/2010:01:57:18 -0800] "GET /logs//lib/adodb_lite/adodb-perf-module.inc.php?last_module=http://www.olije.com/zbxe/id1.txt? HTTP/1.1" 404 - "-" "Mozilla/5.0" "www.galf.org"
211.234.122.76 - - [11/Jan/2010:01:57:18 -0800] "GET /logs/access_090706.log//lib/adodb_lite/adodb-perf-module.inc.php?last_module=http://www.olije.com/zbxe/id1.txt? HTTP/1.1" 404 - "-" "Mozilla/5.0" "www.galf.org"
211.234.122.76 - - [11/Jan/2010:01:57:18 -0800] "GET /logs/access_100104.log//lib/adodb_lite/adodb-perf-module.inc.php?last_module=http://www.olije.com/zbxe/id1.txt? HTTP/1.1" 404 - "-" "Mozilla/5.0" "www.galf.org"
64.34.177.222 - - [11/Jan/2010:01:57:20 -0800] "GET /logs/access_090629.log//lib/adodb_lite/adodb-perf-module.inc.php?last_module=http://www.difusion.com.mx/altair/libraries/openid/Auth/OpenID/.ht/one?? HTTP/1.1" 404 - "-" "Mozilla/5.0" "www.galf.org"
211.234.122.76 - - [11/Jan/2010:01:57:26 -0800] "GET /lib/adodb_lite/adodb-perf-module.inc.php?last_module=http://www.olije.com/zbxe/id1.txt? HTTP/1.1" 404 - "-" "Mozilla/5.0" "galf.org"
211.234.122.76 - - [11/Jan/2010:01:57:26 -0800] "GET /logs//lib/adodb_lite/adodb-perf-module.inc.php?last_module=http://www.olije.com/zbxe/id1.txt? HTTP/1.1" 404 - "-" "Mozilla/5.0" "galf.org"
211.234.122.76 - - [11/Jan/2010:01:57:26 -0800] "GET /logs/access.log//lib/adodb_lite/adodb-perf-module.inc.php?last_module=http://www.olije.com/zbxe/id1.txt? HTTP/1.1" 404 - "-" "Mozilla/5.0" "galf.org"
211.234.122.76 - - [11/Jan/2010:01:57:26 -0800] "GET /lib/adodb_lite/adodb-perf-module.inc.php?last_module=http://www.olije.com/zbxe/id1.txt? HTTP/1.1" 404 - "-" "Mozilla/5.0" "www.galf.org"
211.234.122.76 - - [11/Jan/2010:01:57:26 -0800] "GET /logs/access_100104.log//lib/adodb_lite/adodb-perf-module.inc.php?last_module=http://www.olije.com/zbxe/id1.txt? HTTP/1.1" 404 - "-" "Mozilla/5.0" "www.galf.org"
211.234.122.76 - - [11/Jan/2010:01:57:26 -0800] "GET /logs//lib/adodb_lite/adodb-perf-module.inc.php?last_module=http://www.olije.com/zbxe/id1.txt? HTTP/1.1" 404 - "-" "Mozilla/5.0" "www.galf.org"
211.234.122.76 - - [11/Jan/2010:01:57:27 -0800] "GET /logs//lib/adodb_lite/adodb-perf-module.inc.php?last_module=http://www.olije.com/zbxe/id1.txt? HTTP/1.1" 404 - "-" "Mozilla/5.0" "www.galf.org"
211.234.122.76 - - [11/Jan/2010:01:57:27 -0800] "GET /logs/access_090817.log//lib/adodb_lite/adodb-perf-module.inc.php?last_module=http://www.olije.com/zbxe/id1.txt? HTTP/1.1" 404 - "-" "Mozilla/5.0" "www.galf.org"
211.234.122.76 - - [11/Jan/2010:01:57:29 -0800] "GET /lib/adodb_lite/adodb-perf-module.inc.php?last_module=http://www.olije.com/zbxe/id1.txt? HTTP/1.1" 404 - "-" "Mozilla/5.0" "www.galf.org"
211.234.122.76 - - [11/Jan/2010:01:57:30 -0800] "GET /lib/adodb_lite/adodb-perf-module.inc.php?last_module=http://www.olije.com/zbxe/id1.txt? HTTP/1.1" 404 - "-" "Mozilla/5.0" "www.galf.org"
211.234.122.76 - - [11/Jan/2010:01:57:30 -0800] "GET /logs//lib/adodb_lite/adodb-perf-module.inc.php?last_module=http://www.olije.com/zbxe/id1.txt? HTTP/1.1" 404 - "-" "Mozilla/5.0" "www.galf.org"
211.234.122.76 - - [11/Jan/2010:01:57:30 -0800] "GET /logs/access_090817.log//lib/adodb_lite/adodb-perf-module.inc.php?last_module=http://www.olije.com/zbxe/id1.txt? HTTP/1.1" 404 - "-" "Mozilla/5.0" "www.galf.org"
211.234.122.76 - - [11/Jan/2010:01:57:33 -0800] "GET /logs/access_090706.log//lib/adodb_lite/adodb-perf-module.inc.php?last_module=http://www.olije.com/zbxe/id1.txt? HTTP/1.1" 404 - "-" "Mozilla/5.0" "www.galf.org"
81.12.13.152 - - [11/Jan/2010:01:57:34 -0800] "GET /logs/access.log//lib/adodb_lite/adodb-perf-module.inc.php?last_module=http://dsteel.co.kr/bbs/pirates/zfxid.txt?? HTTP/1.1" 404 - "-" "Mozilla/5.0" "galf.org"
81.12.13.152 - - [11/Jan/2010:01:57:34 -0800] "GET /lib/adodb_lite/adodb-perf-module.inc.php?last_module=http://dsteel.co.kr/bbs/pirates/zfxid.txt?? HTTP/1.1" 404 - "-" "Mozilla/5.0" "galf.org"
81.12.13.152 - - [11/Jan/2010:01:57:34 -0800] "GET /logs//lib/adodb_lite/adodb-perf-module.inc.php?last_module=http://dsteel.co.kr/bbs/pirates/zfxid.txt?? HTTP/1.1" 404 - "-" "Mozilla/5.0" "galf.org"
81.12.13.152 - - [11/Jan/2010:01:57:34 -0800] "GET /logs/access_100104.log//lib/adodb_lite/adodb-perf-module.inc.php?last_module=http://dsteel.co.kr/bbs/pirates/zfxid.txt?? HTTP/1.1" 404 - "-" "Mozilla/5.0" "www.galf.org"
81.12.13.152 - - [11/Jan/2010:01:57:34 -0800] "GET /logs//lib/adodb_lite/adodb-perf-module.inc.php?last_module=http://dsteel.co.kr/bbs/pirates/zfxid.txt?? HTTP/1.1" 404 - "-" "Mozilla/5.0" "www.galf.org"
81.12.13.152 - - [11/Jan/2010:01:57:34 -0800] "GET /lib/adodb_lite/adodb-perf-module.inc.php?last_module=http://dsteel.co.kr/bbs/pirates/zfxid.txt?? HTTP/1.1" 404 - "-" "Mozilla/5.0" "www.galf.org"
211.234.122.76 - - [11/Jan/2010:01:57:35 -0800] "GET /logs/access_090629.log//lib/adodb_lite/adodb-perf-module.inc.php?last_module=http://www.olije.com/zbxe/id1.txt? HTTP/1.1" 404 - "-" "Mozilla/5.0" "www.galf.org"
211.234.122.76 - - [11/Jan/2010:01:57:36 -0800] "GET /logs/access_090817.log//lib/adodb_lite/adodb-perf-module.inc.php?last_module=http://www.olije.com/zbxe/id1.txt? HTTP/1.1" 404 - "-" "Mozilla/5.0" "www.galf.org"
211.234.122.76 - - [11/Jan/2010:01:57:36 -0800] "GET /logs//lib/adodb_lite/adodb-perf-module.inc.php?last_module=http://www.olije.com/zbxe/id1.txt? HTTP/1.1" 404 - "-" "Mozilla/5.0" "www.galf.org"
211.234.122.76 - - [11/Jan/2010:01:57:36 -0800] "GET /lib/adodb_lite/adodb-perf-module.inc.php?last_module=http://www.olije.com/zbxe/id1.txt? HTTP/1.1" 404 - "-" "Mozilla/5.0" "www.galf.org"
211.234.122.76 - - [11/Jan/2010:01:57:38 -0800] "GET /logs/access_090629.log//lib/adodb_lite/adodb-perf-module.inc.php?last_module=http://www.olije.com/zbxe/id1.txt? HTTP/1.1" 404 - "-" "Mozilla/5.0" "www.galf.org"
211.234.122.76 - - [11/Jan/2010:01:57:40 -0800] "GET /logs/access_090706.log//lib/adodb_lite/adodb-perf-module.inc.php?last_module=http://www.olije.com/zbxe/id1.txt? HTTP/1.1" 404 - "-" "Mozilla/5.0" "www.galf.org"
211.234.122.76 - - [11/Jan/2010:01:57:41 -0800] "GET /logs/access_090629.log//lib/adodb_lite/adodb-perf-module.inc.php?last_module=http://www.olije.com/zbxe/id1.txt? HTTP/1.1" 404 - "-" "Mozilla/5.0" "www.galf.org"
222.122.26.58 - - [11/Jan/2010:01:57:44 -0800] "GET /logs/access.log//lib/adodb_lite/adodb-perf-module.inc.php?last_module=http://dsteel.co.kr/bbs/pirates/zfxid.txt?? HTTP/1.1" 404 - "-" "Mozilla/5.0" "galf.org"
222.122.26.58 - - [11/Jan/2010:01:57:44 -0800] "GET /lib/adodb_lite/adodb-perf-module.inc.php?last_module=http://dsteel.co.kr/bbs/pirates/zfxid.txt?? HTTP/1.1" 404 - "-" "Mozilla/5.0" "www.galf.org"
222.122.26.58 - - [11/Jan/2010:01:57:45 -0800] "GET /logs//lib/adodb_lite/adodb-perf-module.inc.php?last_module=http://dsteel.co.kr/bbs/pirates/zfxid.txt?? HTTP/1.1" 404 - "-" "Mozilla/5.0" "galf.org"
222.122.26.58 - - [11/Jan/2010:01:57:45 -0800] "GET /lib/adodb_lite/adodb-perf-module.inc.php?last_module=http://dsteel.co.kr/bbs/pirates/zfxid.txt?? HTTP/1.1" 404 - "-" "Mozilla/5.0" "galf.org"
222.122.26.58 - - [11/Jan/2010:01:57:45 -0800] "GET /logs//lib/adodb_lite/adodb-perf-module.inc.php?last_module=http://dsteel.co.kr/bbs/pirates/zfxid.txt?? HTTP/1.1" 404 - "-" "Mozilla/5.0" "www.galf.org"
222.122.26.58 - - [11/Jan/2010:01:57:45 -0800] "GET /logs/access_100104.log//lib/adodb_lite/adodb-perf-module.inc.php?last_module=http://dsteel.co.kr/bbs/pirates/zfxid.txt?? HTTP/1.1" 404 - "-" "Mozilla/5.0" "www.galf.org"
78.110.50.121 - - [11/Jan/2010:01:57:45 -0800] "GET /lib/adodb_lite/adodb-perf-module.inc.php?last_module=http://www.hyonsvc.co.kr//bbs//upload/id1.txt?? HTTP/1.1" 404 - "-" "Mozilla/5.0" "www.galf.org"
78.110.50.121 - - [11/Jan/2010:01:57:45 -0800] "GET /logs/access_090824.log//lib/adodb_lite/adodb-perf-module.inc.php?last_module=http://www.hyonsvc.co.kr//bbs//upload/id1.txt?? HTTP/1.1" 404 - "-" "Mozilla/5.0" "www.galf.org"
78.110.50.121 - - [11/Jan/2010:01:57:45 -0800] "GET /logs/access_090713.log//lib/adodb_lite/adodb-perf-module.inc.php?last_module=http://www.hyonsvc.co.kr//bbs//upload/id1.txt?? HTTP/1.1" 404 - "-" "Mozilla/5.0" "www.galf.org"
78.110.50.121 - - [11/Jan/2010:01:57:46 -0800] "GET /logs//lib/adodb_lite/adodb-perf-module.inc.php?last_module=http://www.hyonsvc.co.kr//bbs//upload/id1.txt?? HTTP/1.1" 404 - "-" "Mozilla/5.0" "www.galf.org"
211.234.122.76 - - [11/Jan/2010:01:57:48 -0800] "GET /logs/access_090706.log//lib/adodb_lite/adodb-perf-module.inc.php?last_module=http://www.olije.com/zbxe/id1.txt? HTTP/1.1" 404 - "-" "Mozilla/5.0" "www.galf.org"
78.110.50.121 - - [11/Jan/2010:01:57:48 -0800] "GET /logs/access_090824.log//lib/adodb_lite/adodb-perf-module.inc.php?last_module=http://www.hyonsvc.co.kr//bbs//upload/id1.txt?? HTTP/1.1" 404 - "-" "Mozilla/5.0" "www.galf.org"
78.110.50.121 - - [11/Jan/2010:01:57:48 -0800] "GET /logs/access_090713.log//lib/adodb_lite/adodb-perf-module.inc.php?last_module=http://www.hyonsvc.co.kr//bbs//upload/id1.txt?? HTTP/1.1" 404 - "-" "Mozilla/5.0" "www.galf.org"
78.110.50.121 - - [11/Jan/2010:01:57:48 -0800] "GET /lib/adodb_lite/adodb-perf-module.inc.php?last_module=http://www.hyonsvc.co.kr//bbs//upload/id1.txt?? HTTP/1.1" 404 - "-" "Mozilla/5.0" "www.galf.org"
78.110.50.121 - - [11/Jan/2010:01:57:48 -0800] "GET /logs//lib/adodb_lite/adodb-perf-module.inc.php?last_module=http://www.hyonsvc.co.kr//bbs//upload/id1.txt?? HTTP/1.1" 404 - "-" "Mozilla/5.0" "www.galf.org"
211.234.122.76 - - [11/Jan/2010:01:57:49 -0800] "GET /logs/access_090706.log//lib/adodb_lite/adodb-perf-module.inc.php?last_module=http://www.olije.com/zbxe/id1.txt? HTTP/1.1" 404 - "-" "Mozilla/5.0" "www.galf.org"
211.234.122.76 - - [11/Jan/2010:01:57:50 -0800] "GET /logs/access_090706.log//lib/adodb_lite/adodb-perf-module.inc.php?last_module=http://www.olije.com/zbxe/id1.txt? HTTP/1.1" 404 - "-" "Mozilla/5.0" "www.galf.org"
81.12.13.152 - - [11/Jan/2010:01:57:58 -0800] "GET /logs//lib/adodb_lite/adodb-perf-module.inc.php?last_module=http://dsteel.co.kr/bbs/pirates/zfxid.txt?? HTTP/1.1" 404 - "-" "Mozilla/5.0" "galf.org"
81.12.13.152 - - [11/Jan/2010:01:57:58 -0800] "GET /lib/adodb_lite/adodb-perf-module.inc.php?last_module=http://dsteel.co.kr/bbs/pirates/zfxid.txt?? HTTP/1.1" 404 - "-" "Mozilla/5.0" "galf.org"
81.12.13.152 - - [11/Jan/2010:01:57:58 -0800] "GET /logs/access.log//lib/adodb_lite/adodb-perf-module.inc.php?last_module=http://dsteel.co.kr/bbs/pirates/zfxid.txt?? HTTP/1.1" 404 - "-" "Mozilla/5.0" "galf.org"
81.12.13.152 - - [11/Jan/2010:01:57:58 -0800] "GET /lib/adodb_lite/adodb-perf-module.inc.php?last_module=http://dsteel.co.kr/bbs/pirates/zfxid.txt?? HTTP/1.1" 404 - "-" "Mozilla/5.0" "www.galf.org"
81.12.13.152 - - [11/Jan/2010:01:57:58 -0800] "GET /logs//lib/adodb_lite/adodb-perf-module.inc.php?last_module=http://dsteel.co.kr/bbs/pirates/zfxid.txt?? HTTP/1.1" 404 - "-" "Mozilla/5.0" "www.galf.org"
81.12.13.152 - - [11/Jan/2010:01:57:58 -0800] "GET /logs/access_100104.log//lib/adodb_lite/adodb-perf-module.inc.php?last_module=http://dsteel.co.kr/bbs/pirates/zfxid.txt?? HTTP/1.1" 404 - "-" "Mozilla/5.0" "www.galf.org"
81.12.13.152 - - [11/Jan/2010:01:58:05 -0800] "GET /logs/access_090817.log//lib/adodb_lite/adodb-perf-module.inc.php?last_module=http://dsteel.co.kr/bbs/pirates/zfxid.txt?? HTTP/1.1" 404 - "-" "Mozilla/5.0" "www.galf.org"
81.12.13.152 - - [11/Jan/2010:01:58:05 -0800] "GET /lib/adodb_lite/adodb-perf-module.inc.php?last_module=http://dsteel.co.kr/bbs/pirates/zfxid.txt?? HTTP/1.1" 404 - "-" "Mozilla/5.0" "www.galf.org"
81.12.13.152 - - [11/Jan/2010:01:58:05 -0800] "GET /logs//lib/adodb_lite/adodb-perf-module.inc.php?last_module=http://dsteel.co.kr/bbs/pirates/zfxid.txt?? HTTP/1.1" 404 - "-" "Mozilla/5.0" "www.galf.org"
222.122.26.58 - - [11/Jan/2010:01:58:12 -0800] "GET /lib/adodb_lite/adodb-perf-module.inc.php?last_module=http://dsteel.co.kr/bbs/pirates/zfxid.txt?? HTTP/1.1" 404 - "-" "Mozilla/5.0" "galf.org"
222.122.26.58 - - [11/Jan/2010:01:58:12 -0800] "GET /logs/access.log//lib/adodb_lite/adodb-perf-module.inc.php?last_module=http://dsteel.co.kr/bbs/pirates/zfxid.txt?? HTTP/1.1" 404 - "-" "Mozilla/5.0" "galf.org"
222.122.26.58 - - [11/Jan/2010:01:58:12 -0800] "GET /logs//lib/adodb_lite/adodb-perf-module.inc.php?last_module=http://dsteel.co.kr/bbs/pirates/zfxid.txt?? HTTP/1.1" 404 - "-" "Mozilla/5.0" "www.galf.org"
222.122.26.58 - - [11/Jan/2010:01:58:12 -0800] "GET /logs//lib/adodb_lite/adodb-perf-module.inc.php?last_module=http://dsteel.co.kr/bbs/pirates/zfxid.txt?? HTTP/1.1" 404 - "-" "Mozilla/5.0" "galf.org"
222.122.26.58 - - [11/Jan/2010:01:58:12 -0800] "GET /logs/access_100104.log//lib/adodb_lite/adodb-perf-module.inc.php?last_module=http://dsteel.co.kr/bbs/pirates/zfxid.txt?? HTTP/1.1" 404 - "-" "Mozilla/5.0" "www.galf.org"
222.122.26.58 - - [11/Jan/2010:01:58:12 -0800] "GET /lib/adodb_lite/adodb-perf-module.inc.php?last_module=http://dsteel.co.kr/bbs/pirates/zfxid.txt?? HTTP/1.1" 404 - "-" "Mozilla/5.0" "www.galf.org"
222.122.26.58 - - [11/Jan/2010:01:58:13 -0800] "GET /logs/access_090817.log//lib/adodb_lite/adodb-perf-module.inc.php?last_module=http://dsteel.co.kr/bbs/pirates/zfxid.txt?? HTTP/1.1" 404 - "-" "Mozilla/5.0" "www.galf.org"
222.122.26.58 - - [11/Jan/2010:01:58:13 -0800] "GET /logs//lib/adodb_lite/adodb-perf-module.inc.php?last_module=http://dsteel.co.kr/bbs/pirates/zfxid.txt?? HTTP/1.1" 404 - "-" "Mozilla/5.0" "www.galf.org"
222.122.26.58 - - [11/Jan/2010:01:58:13 -0800] "GET /lib/adodb_lite/adodb-perf-module.inc.php?last_module=http://dsteel.co.kr/bbs/pirates/zfxid.txt?? HTTP/1.1" 404 - "-" "Mozilla/5.0" "www.galf.org"
222.122.26.58 - - [11/Jan/2010:01:58:14 -0800] "GET /logs/access_090629.log//lib/adodb_lite/adodb-perf-module.inc.php?last_module=http://dsteel.co.kr/bbs/pirates/zfxid.txt?? HTTP/1.1" 404 - "-" "Mozilla/5.0" "www.galf.org"
81.12.13.152 - - [11/Jan/2010:01:58:20 -0800] "GET /lib/adodb_lite/adodb-perf-module.inc.php?last_module=http://dsteel.co.kr/bbs/pirates/zfxid.txt?? HTTP/1.1" 404 - "-" "Mozilla/5.0" "www.galf.org"
81.12.13.152 - - [11/Jan/2010:01:58:20 -0800] "GET /logs//lib/adodb_lite/adodb-perf-module.inc.php?last_module=http://dsteel.co.kr/bbs/pirates/zfxid.txt?? HTTP/1.1" 404 - "-" "Mozilla/5.0" "www.galf.org"
81.12.13.152 - - [11/Jan/2010:01:58:20 -0800] "GET /logs/access_090817.log//lib/adodb_lite/adodb-perf-module.inc.php?last_module=http://dsteel.co.kr/bbs/pirates/zfxid.txt?? HTTP/1.1" 404 - "-" "Mozilla/5.0" "www.galf.org"
222.122.26.58 - - [11/Jan/2010:01:58:20 -0800] "GET /logs/access_100104.log//lib/adodb_lite/adodb-perf-module.inc.php?last_module=http://dsteel.co.kr/bbs/pirates/zfxid.txt?? HTTP/1.1" 404 - "-" "Mozilla/5.0" "www.galf.org"
222.122.26.58 - - [11/Jan/2010:01:58:20 -0800] "GET /logs/access.log//lib/adodb_lite/adodb-perf-module.inc.php?last_module=http://dsteel.co.kr/bbs/pirates/zfxid.txt?? HTTP/1.1" 404 - "-" "Mozilla/5.0" "galf.org"
222.122.26.58 - - [11/Jan/2010:01:58:20 -0800] "GET /logs//lib/adodb_lite/adodb-perf-module.inc.php?last_module=http://dsteel.co.kr/bbs/pirates/zfxid.txt?? HTTP/1.1" 404 - "-" "Mozilla/5.0" "galf.org"
222.122.26.58 - - [11/Jan/2010:01:58:21 -0800] "GET /lib/adodb_lite/adodb-perf-module.inc.php?last_module=http://dsteel.co.kr/bbs/pirates/zfxid.txt?? HTTP/1.1" 404 - "-" "Mozilla/5.0" "galf.org"
81.12.13.152 - - [11/Jan/2010:01:58:21 -0800] "GET /logs/access_090817.log//lib/adodb_lite/adodb-perf-module.inc.php?last_module=http://dsteel.co.kr/bbs/pirates/zfxid.txt?? HTTP/1.1" 404 - "-" "Mozilla/5.0" "www.galf.org"
81.12.13.152 - - [11/Jan/2010:01:58:21 -0800] "GET /lib/adodb_lite/adodb-perf-module.inc.php?last_module=http://dsteel.co.kr/bbs/pirates/zfxid.txt?? HTTP/1.1" 404 - "-" "Mozilla/5.0" "www.galf.org"
81.12.13.152 - - [11/Jan/2010:01:58:21 -0800] "GET /logs//lib/adodb_lite/adodb-perf-module.inc.php?last_module=http://dsteel.co.kr/bbs/pirates/zfxid.txt?? HTTP/1.1" 404 - "-" "Mozilla/5.0" "www.galf.org"
222.122.26.58 - - [11/Jan/2010:01:58:21 -0800] "GET /lib/adodb_lite/adodb-perf-module.inc.php?last_module=http://dsteel.co.kr/bbs/pirates/zfxid.txt?? HTTP/1.1" 404 - "-" "Mozilla/5.0" "www.galf.org"
222.122.26.58 - - [11/Jan/2010:01:58:21 -0800] "GET /logs//lib/adodb_lite/adodb-perf-module.inc.php?last_module=http://dsteel.co.kr/bbs/pirates/zfxid.txt?? HTTP/1.1" 404 - "-" "Mozilla/5.0" "www.galf.org"
81.12.13.152 - - [11/Jan/2010:01:58:21 -0800] "GET /logs/access_090629.log//lib/adodb_lite/adodb-perf-module.inc.php?last_module=http://dsteel.co.kr/bbs/pirates/zfxid.txt?? HTTP/1.1" 404 - "-" "Mozilla/5.0" "www.galf.org"
64.34.177.222 - - [11/Jan/2010:01:58:26 -0800] "GET /lib/adodb_lite/adodb-perf-module.inc.php?last_module=http://www.difusion.com.mx/altair/libraries/openid/Auth/OpenID/.ht/one?? HTTP/1.1" 404 - "-" "Mozilla/5.0" "galf.org"
64.34.177.222 - - [11/Jan/2010:01:58:26 -0800] "GET /logs/access.log//lib/adodb_lite/adodb-perf-module.inc.php?last_module=http://www.difusion.com.mx/altair/libraries/openid/Auth/OpenID/.ht/one?? HTTP/1.1" 404 - "-" "Mozilla/5.0" "galf.org"
64.34.177.222 - - [11/Jan/2010:01:58:26 -0800] "GET /logs//lib/adodb_lite/adodb-perf-module.inc.php?last_module=http://www.difusion.com.mx/altair/libraries/openid/Auth/OpenID/.ht/one?? HTTP/1.1" 404 - "-" "Mozilla/5.0" "galf.org"
64.34.177.222 - - [11/Jan/2010:01:58:26 -0800] "GET /logs/access_100104.log//lib/adodb_lite/adodb-perf-module.inc.php?last_module=http://www.difusion.com.mx/altair/libraries/openid/Auth/OpenID/.ht/one?? HTTP/1.1" 404 - "-" "Mozilla/5.0" "www.galf.org"
64.34.177.222 - - [11/Jan/2010:01:58:26 -0800] "GET /logs//lib/adodb_lite/adodb-perf-module.inc.php?last_module=http://www.difusion.com.mx/altair/libraries/openid/Auth/OpenID/.ht/one?? HTTP/1.1" 404 - "-" "Mozilla/5.0" "www.galf.org"
64.34.177.222 - - [11/Jan/2010:01:58:26 -0800] "GET /lib/adodb_lite/adodb-perf-module.inc.php?last_module=http://www.difusion.com.mx/altair/libraries/openid/Auth/OpenID/.ht/one?? HTTP/1.1" 404 - "-" "Mozilla/5.0" "www.galf.org"
81.12.13.152 - - [11/Jan/2010:01:58:32 -0800] "GET /logs/access.log//lib/adodb_lite/adodb-perf-module.inc.php?last_module=http://dsteel.co.kr/bbs/pirates/zfxid.txt?? HTTP/1.1" 404 - "-" "Mozilla/5.0" "galf.org"
81.12.13.152 - - [11/Jan/2010:01:58:32 -0800] "GET /lib/adodb_lite/adodb-perf-module.inc.php?last_module=http://dsteel.co.kr/bbs/pirates/zfxid.txt?? HTTP/1.1" 404 - "-" "Mozilla/5.0" "galf.org"
81.12.13.152 - - [11/Jan/2010:01:58:32 -0800] "GET /logs//lib/adodb_lite/adodb-perf-module.inc.php?last_module=http://dsteel.co.kr/bbs/pirates/zfxid.txt?? HTTP/1.1" 404 - "-" "Mozilla/5.0" "galf.org"
81.12.13.152 - - [11/Jan/2010:01:58:32 -0800] "GET /logs/access_100104.log//lib/adodb_lite/adodb-perf-module.inc.php?last_module=http://dsteel.co.kr/bbs/pirates/zfxid.txt?? HTTP/1.1" 404 - "-" "Mozilla/5.0" "www.galf.org"
81.12.13.152 - - [11/Jan/2010:01:58:32 -0800] "GET /lib/adodb_lite/adodb-perf-module.inc.php?last_module=http://dsteel.co.kr/bbs/pirates/zfxid.txt?? HTTP/1.1" 404 - "-" "Mozilla/5.0" "www.galf.org"
81.12.13.152 - - [11/Jan/2010:01:58:32 -0800] "GET /logs//lib/adodb_lite/adodb-perf-module.inc.php?last_module=http://dsteel.co.kr/bbs/pirates/zfxid.txt?? HTTP/1.1" 404 - "-" "Mozilla/5.0" "www.galf.org"
81.12.13.152 - - [11/Jan/2010:01:58:36 -0800] "GET /logs/access_090629.log//lib/adodb_lite/adodb-perf-module.inc.php?last_module=http://dsteel.co.kr/bbs/pirates/zfxid.txt?? HTTP/1.1" 404 - "-" "Mozilla/5.0" "www.galf.org"
222.122.26.58 - - [11/Jan/2010:01:58:39 -0800] "GET /logs/access.log//lib/adodb_lite/adodb-perf-module.inc.php?last_module=http://dsteel.co.kr/bbs/pirates/zfxid.txt?? HTTP/1.1" 404 - "-" "Mozilla/5.0" "galf.org"
222.122.26.58 - - [11/Jan/2010:01:58:39 -0800] "GET /lib/adodb_lite/adodb-perf-module.inc.php?last_module=http://dsteel.co.kr/bbs/pirates/zfxid.txt?? HTTP/1.1" 404 - "-" "Mozilla/5.0" "www.galf.org"
222.122.26.58 - - [11/Jan/2010:01:58:39 -0800] "GET /logs/access_100104.log//lib/adodb_lite/adodb-perf-module.inc.php?last_module=http://dsteel.co.kr/bbs/pirates/zfxid.txt?? HTTP/1.1" 404 - "-" "Mozilla/5.0" "www.galf.org"
222.122.26.58 - - [11/Jan/2010:01:58:39 -0800] "GET /logs//lib/adodb_lite/adodb-perf-module.inc.php?last_module=http://dsteel.co.kr/bbs/pirates/zfxid.txt?? HTTP/1.1" 404 - "-" "Mozilla/5.0" "galf.org"
222.122.26.58 - - [11/Jan/2010:01:58:39 -0800] "GET /logs//lib/adodb_lite/adodb-perf-module.inc.php?last_module=http://dsteel.co.kr/bbs/pirates/zfxid.txt?? HTTP/1.1" 404 - "-" "Mozilla/5.0" "www.galf.org"
222.122.26.58 - - [11/Jan/2010:01:58:39 -0800] "GET /lib/adodb_lite/adodb-perf-module.inc.php?last_module=http://dsteel.co.kr/bbs/pirates/zfxid.txt?? HTTP/1.1" 404 - "-" "Mozilla/5.0" "galf.org"
222.122.26.58 - - [11/Jan/2010:01:58:41 -0800] "GET /logs//lib/adodb_lite/adodb-perf-module.inc.php?last_module=http://dsteel.co.kr/bbs/pirates/zfxid.txt?? HTTP/1.1" 404 - "-" "Mozilla/5.0" "www.galf.org"
222.122.26.58 - - [11/Jan/2010:01:58:41 -0800] "GET /logs/access_090817.log//lib/adodb_lite/adodb-perf-module.inc.php?last_module=http://dsteel.co.kr/bbs/pirates/zfxid.txt?? HTTP/1.1" 404 - "-" "Mozilla/5.0" "www.galf.org"
222.122.26.58 - - [11/Jan/2010:01:58:42 -0800] "GET /lib/adodb_lite/adodb-perf-module.inc.php?last_module=http://dsteel.co.kr/bbs/pirates/zfxid.txt?? HTTP/1.1" 404 - "-" "Mozilla/5.0" "www.galf.org"
222.122.26.58 - - [11/Jan/2010:01:58:42 -0800] "GET /logs/access_090629.log//lib/adodb_lite/adodb-perf-module.inc.php?last_module=http://dsteel.co.kr/bbs/pirates/zfxid.txt?? HTTP/1.1" 404 - "-" "Mozilla/5.0" "www.galf.org"
81.12.13.152 - - [11/Jan/2010:01:58:53 -0800] "GET /logs/access_090824.log//lib/adodb_lite/adodb-perf-module.inc.php?last_module=http://dsteel.co.kr/bbs/pirates/zfxid.txt?? HTTP/1.1" 404 - "-" "Mozilla/5.0" "www.galf.org"
81.12.13.152 - - [11/Jan/2010:01:58:53 -0800] "GET /lib/adodb_lite/adodb-perf-module.inc.php?last_module=http://dsteel.co.kr/bbs/pirates/zfxid.txt?? HTTP/1.1" 404 - "-" "Mozilla/5.0" "www.galf.org"
81.12.13.152 - - [11/Jan/2010:01:58:53 -0800] "GET /logs//lib/adodb_lite/adodb-perf-module.inc.php?last_module=http://dsteel.co.kr/bbs/pirates/zfxid.txt?? HTTP/1.1" 404 - "-" "Mozilla/5.0" "www.galf.org"
81.12.13.152 - - [11/Jan/2010:01:58:53 -0800] "GET /logs/access_090713.log//lib/adodb_lite/adodb-perf-module.inc.php?last_module=http://dsteel.co.kr/bbs/pirates/zfxid.txt?? HTTP/1.1" 404 - "-" "Mozilla/5.0" "www.galf.org"
81.12.13.152 - - [11/Jan/2010:01:58:54 -0800] "GET /logs/access_090817.log//lib/adodb_lite/adodb-perf-module.inc.php?last_module=http://dsteel.co.kr/bbs/pirates/zfxid.txt?? HTTP/1.1" 404 - "-" "Mozilla/5.0" "www.galf.org"
81.12.13.152 - - [11/Jan/2010:01:58:54 -0800] "GET /lib/adodb_lite/adodb-perf-module.inc.php?last_module=http://dsteel.co.kr/bbs/pirates/zfxid.txt?? HTTP/1.1" 404 - "-" "Mozilla/5.0" "www.galf.org"
81.12.13.152 - - [11/Jan/2010:01:58:54 -0800] "GET /logs//lib/adodb_lite/adodb-perf-module.inc.php?last_module=http://dsteel.co.kr/bbs/pirates/zfxid.txt?? HTTP/1.1" 404 - "-" "Mozilla/5.0" "www.galf.org"
81.12.13.152 - - [11/Jan/2010:01:58:54 -0800] "GET /logs/access_090629.log//lib/adodb_lite/adodb-perf-module.inc.php?last_module=http://dsteel.co.kr/bbs/pirates/zfxid.txt?? HTTP/1.1" 404 - "-" "Mozilla/5.0" "www.galf.org"
81.12.13.152 - - [11/Jan/2010:01:58:55 -0800] "GET /lib/adodb_lite/adodb-perf-module.inc.php?last_module=http://dsteel.co.kr/bbs/pirates/zfxid.txt?? HTTP/1.1" 404 - "-" "Mozilla/5.0" "galf.org"
81.12.13.152 - - [11/Jan/2010:01:58:55 -0800] "GET /logs/access.log//lib/adodb_lite/adodb-perf-module.inc.php?last_module=http://dsteel.co.kr/bbs/pirates/zfxid.txt?? HTTP/1.1" 404 - "-" "Mozilla/5.0" "galf.org"
81.12.13.152 - - [11/Jan/2010:01:58:55 -0800] "GET /logs//lib/adodb_lite/adodb-perf-module.inc.php?last_module=http://dsteel.co.kr/bbs/pirates/zfxid.txt?? HTTP/1.1" 404 - "-" "Mozilla/5.0" "galf.org"
81.12.13.152 - - [11/Jan/2010:01:58:55 -0800] "GET /logs/access_100104.log//lib/adodb_lite/adodb-perf-module.inc.php?last_module=http://dsteel.co.kr/bbs/pirates/zfxid.txt?? HTTP/1.1" 404 - "-" "Mozilla/5.0" "www.galf.org"
81.12.13.152 - - [11/Jan/2010:01:58:55 -0800] "GET /lib/adodb_lite/adodb-perf-module.inc.php?last_module=http://dsteel.co.kr/bbs/pirates/zfxid.txt?? HTTP/1.1" 404 - "-" "Mozilla/5.0" "www.galf.org"
81.12.13.152 - - [11/Jan/2010:01:58:55 -0800] "GET /logs//lib/adodb_lite/adodb-perf-module.inc.php?last_module=http://dsteel.co.kr/bbs/pirates/zfxid.txt?? HTTP/1.1" 404 - "-" "Mozilla/5.0" "www.galf.org"
81.12.13.152 - - [11/Jan/2010:01:59:01 -0800] "GET /logs/access_090629.log//lib/adodb_lite/adodb-perf-module.inc.php?last_module=http://dsteel.co.kr/bbs/pirates/zfxid.txt?? HTTP/1.1" 404 - "-" "Mozilla/5.0" "www.galf.org"
81.12.13.152 - - [11/Jan/2010:01:59:12 -0800] "GET /lib/adodb_lite/adodb-perf-module.inc.php?last_module=http://dsteel.co.kr/bbs/pirates/zfxid.txt?? HTTP/1.1" 404 - "-" "Mozilla/5.0" "www.galf.org"
81.12.13.152 - - [11/Jan/2010:01:59:12 -0800] "GET /logs//lib/adodb_lite/adodb-perf-module.inc.php?last_module=http://dsteel.co.kr/bbs/pirates/zfxid.txt?? HTTP/1.1" 404 - "-" "Mozilla/5.0" "www.galf.org"
81.12.13.152 - - [11/Jan/2010:01:59:12 -0800] "GET /logs/access_090824.log//lib/adodb_lite/adodb-perf-module.inc.php?last_module=http://dsteel.co.kr/bbs/pirates/zfxid.txt?? HTTP/1.1" 404 - "-" "Mozilla/5.0" "www.galf.org"
81.12.13.152 - - [11/Jan/2010:01:59:12 -0800] "GET /logs/access_090713.log//lib/adodb_lite/adodb-perf-module.inc.php?last_module=http://dsteel.co.kr/bbs/pirates/zfxid.txt?? HTTP/1.1" 404 - "-" "Mozilla/5.0" "www.galf.org"
115.100.249.238 - - [11/Jan/2010:02:01:32 -0800] "GET /logs/access_090720.log/administrator/components/com_joomlaradiov5/admin.joomlaradiov5.php?mosConfig_live_site=http://nic.bupt.edu.cn/media/id1.txt?? HTTP/1.1" 404 - "-" "Mozilla/5.0" "www.galf.org"
209.172.33.230 - - [11/Jan/2010:02:02:25 -0800] "GET /logs/access_091116.log//components/com_virtuemart/show_image_in_imgtag.php?mosConfig_absolute_path=http://www.ngamc.com//modules/Forums/admin/bash/icon/baner.txt??? HTTP/1.1" 404 - "-" "Mozilla/5.0" "www.galf.org"
202.218.111.39 - - [11/Jan/2010:02:02:36 -0800] "GET /logs/access.log//lib/adodb_lite/adodb-perf-module.inc.php?last_module=http://www.difusion.com.mx/altair/libraries/openid/Auth/OpenID/.ht/one?? HTTP/1.1" 404 - "-" "Mozilla/5.0" "galf.org"
202.218.111.39 - - [11/Jan/2010:02:02:36 -0800] "GET /lib/adodb_lite/adodb-perf-module.inc.php?last_module=http://www.difusion.com.mx/altair/libraries/openid/Auth/OpenID/.ht/one?? HTTP/1.1" 404 - "-" "Mozilla/5.0" "galf.org"
202.218.111.39 - - [11/Jan/2010:02:02:36 -0800] "GET /logs//lib/adodb_lite/adodb-perf-module.inc.php?last_module=http://www.difusion.com.mx/altair/libraries/openid/Auth/OpenID/.ht/one?? HTTP/1.1" 404 - "-" "Mozilla/5.0" "www.galf.org"
202.218.111.39 - - [11/Jan/2010:02:02:36 -0800] "GET /lib/adodb_lite/adodb-perf-module.inc.php?last_module=http://www.difusion.com.mx/altair/libraries/openid/Auth/OpenID/.ht/one?? HTTP/1.1" 404 - "-" "Mozilla/5.0" "www.galf.org"
202.218.111.39 - - [11/Jan/2010:02:02:36 -0800] "GET /logs//lib/adodb_lite/adodb-perf-module.inc.php?last_module=http://www.difusion.com.mx/altair/libraries/openid/Auth/OpenID/.ht/one?? HTTP/1.1" 404 - "-" "Mozilla/5.0" "galf.org"
202.218.111.39 - - [11/Jan/2010:02:02:36 -0800] "GET /logs/access_100104.log//lib/adodb_lite/adodb-perf-module.inc.php?last_module=http://www.difusion.com.mx/altair/libraries/openid/Auth/OpenID/.ht/one?? HTTP/1.1" 404 - "-" "Mozilla/5.0" "www.galf.org"
211.234.122.76 - - [11/Jan/2010:02:02:45 -0800] "GET /logs/access.log//lib/adodb_lite/adodb-perf-module.inc.php?last_module=http://www.olije.com/zbxe/id1.txt? HTTP/1.1" 404 - "-" "Mozilla/5.0" "galf.org"
211.234.122.76 - - [11/Jan/2010:02:02:45 -0800] "GET /logs//lib/adodb_lite/adodb-perf-module.inc.php?last_module=http://www.olije.com/zbxe/id1.txt? HTTP/1.1" 404 - "-" "Mozilla/5.0" "galf.org"
211.234.122.76 - - [11/Jan/2010:02:02:45 -0800] "GET /lib/adodb_lite/adodb-perf-module.inc.php?last_module=http://www.olije.com/zbxe/id1.txt? HTTP/1.1" 404 - "-" "Mozilla/5.0" "galf.org"
211.234.122.76 - - [11/Jan/2010:02:02:45 -0800] "GET /logs//lib/adodb_lite/adodb-perf-module.inc.php?last_module=http://www.olije.com/zbxe/id1.txt? HTTP/1.1" 404 - "-" "Mozilla/5.0" "www.galf.org"
211.234.122.76 - - [11/Jan/2010:02:02:45 -0800] "GET /lib/adodb_lite/adodb-perf-module.inc.php?last_module=http://www.olije.com/zbxe/id1.txt? HTTP/1.1" 404 - "-" "Mozilla/5.0" "www.galf.org"
211.234.122.76 - - [11/Jan/2010:02:02:45 -0800] "GET /logs/access_100104.log//lib/adodb_lite/adodb-perf-module.inc.php?last_module=http://www.olije.com/zbxe/id1.txt? HTTP/1.1" 404 - "-" "Mozilla/5.0" "www.galf.org"
211.234.122.76 - - [11/Jan/2010:02:03:11 -0800] "GET /lib/adodb_lite/adodb-perf-module.inc.php?last_module=http://www.olije.com/zbxe/id1.txt? HTTP/1.1" 404 - "-" "Mozilla/5.0" "galf.org"
211.234.122.76 - - [11/Jan/2010:02:03:11 -0800] "GET /logs//lib/adodb_lite/adodb-perf-module.inc.php?last_module=http://www.olije.com/zbxe/id1.txt? HTTP/1.1" 404 - "-" "Mozilla/5.0" "galf.org"
211.234.122.76 - - [11/Jan/2010:02:03:11 -0800] "GET /logs/access.log//lib/adodb_lite/adodb-perf-module.inc.php?last_module=http://www.olije.com/zbxe/id1.txt? HTTP/1.1" 404 - "-" "Mozilla/5.0" "galf.org"
211.234.122.76 - - [11/Jan/2010:02:03:11 -0800] "GET /lib/adodb_lite/adodb-perf-module.inc.php?last_module=http://www.olije.com/zbxe/id1.txt? HTTP/1.1" 404 - "-" "Mozilla/5.0" "www.galf.org"
211.234.122.76 - - [11/Jan/2010:02:03:11 -0800] "GET /logs//lib/adodb_lite/adodb-perf-module.inc.php?last_module=http://www.olije.com/zbxe/id1.txt? HTTP/1.1" 404 - "-" "Mozilla/5.0" "www.galf.org"
211.234.122.76 - - [11/Jan/2010:02:03:11 -0800] "GET /logs/access_100104.log//lib/adodb_lite/adodb-perf-module.inc.php?last_module=http://www.olije.com/zbxe/id1.txt? HTTP/1.1" 404 - "-" "Mozilla/5.0" "www.galf.org"
211.234.122.76 - - [11/Jan/2010:02:03:17 -0800] "GET /logs/access.log//lib/adodb_lite/adodb-perf-module.inc.php?last_module=http://www.olije.com/zbxe/id1.txt? HTTP/1.1" 404 - "-" "Mozilla/5.0" "galf.org"
211.234.122.76 - - [11/Jan/2010:02:03:17 -0800] "GET /lib/adodb_lite/adodb-perf-module.inc.php?last_module=http://www.olije.com/zbxe/id1.txt? HTTP/1.1" 404 - "-" "Mozilla/5.0" "galf.org"
211.234.122.76 - - [11/Jan/2010:02:03:17 -0800] "GET /logs//lib/adodb_lite/adodb-perf-module.inc.php?last_module=http://www.olije.com/zbxe/id1.txt? HTTP/1.1" 404 - "-" "Mozilla/5.0" "galf.org"
211.234.122.76 - - [11/Jan/2010:02:03:17 -0800] "GET /lib/adodb_lite/adodb-perf-module.inc.php?last_module=http://www.olije.com/zbxe/id1.txt? HTTP/1.1" 404 - "-" "Mozilla/5.0" "www.galf.org"
211.234.122.76 - - [11/Jan/2010:02:03:17 -0800] "GET /logs/access_100104.log//lib/adodb_lite/adodb-perf-module.inc.php?last_module=http://www.olije.com/zbxe/id1.txt? HTTP/1.1" 404 - "-" "Mozilla/5.0" "www.galf.org"
211.234.122.76 - - [11/Jan/2010:02:03:17 -0800] "GET /logs//lib/adodb_lite/adodb-perf-module.inc.php?last_module=http://www.olije.com/zbxe/id1.txt? HTTP/1.1" 404 - "-" "Mozilla/5.0" "www.galf.org"
72.34.235.197 - - [11/Jan/2010:02:07:00 -0800] "GET /logs/access_090622.log//samplefaqsupport.php?path[docroot]=http://www.tuntunlove.com/main/extend/f?? HTTP/1.1" 404 - "-" "libwww-perl/5.79" "www.galf.org"
72.34.235.197 - - [11/Jan/2010:02:07:00 -0800] "GET /logs//samplefaqsupport.php?path[docroot]=http://www.tuntunlove.com/main/extend/f?? HTTP/1.1" 404 - "-" "libwww-perl/5.79" "www.galf.org"
72.34.235.197 - - [11/Jan/2010:02:07:00 -0800] "GET /samplefaqsupport.php?path[docroot]=http://www.tuntunlove.com/main/extend/f?? HTTP/1.1" 404 - "-" "libwww-perl/5.79" "www.galf.org"
72.34.235.197 - - [11/Jan/2010:02:08:06 -0800] "GET /logs/access_090706.log//samplefaqsupport.php?path[docroot]=http://www.tuntunlove.com/main/extend/f?? HTTP/1.1" 404 - "-" "libwww-perl/5.79" "www.galf.org"
62.67.235.148 - - [11/Jan/2010:02:08:22 -0800] "GET /delete_all.php?board_skin_path=http://gminamakow.info//dmdocuments/mambo?? HTTP/1.1" 404 - "-" "Microsoft Pocket Internet Explorer/0.6" "www.galf.org"
62.67.235.148 - - [11/Jan/2010:02:08:22 -0800] "GET /logs//delete_all.php?board_skin_path=http://gminamakow.info//dmdocuments/mambo?? HTTP/1.0" 404 - "-" "Microsoft Pocket Internet Explorer/0.6" "www.galf.org"
77.221.130.13 - - [11/Jan/2010:02:12:02 -0800] "GET /logs/access_091116.log//components/com_virtuemart/show_image_in_imgtag.php?mosConfig_absolute_path=http://www.bla-squad.co.uk/baner.txt? HTTP/1.1" 404 - "-" "Mozilla/5.0" "www.galf.org"
67.195.37.161 - - [11/Jan/2010:02:13:04 -0800] "GET /cendoc/ HTTP/1.0" 200 510 "-" "Mozilla/5.0 (compatible; Yahoo! Slurp/3.0; http://help.yahoo.com/help/us/ysearch/slurp)" "www.galf.org"
212.175.5.130 - - [11/Jan/2010:02:15:47 -0800] "GET /components/com_mtree/Savant2/Savant2_Plugin_stylesheet.php?mosConfig_absolute_path=http://www.difusion.com.mx/altair/libraries/openid/Auth/OpenID/.ht/one?? HTTP/1.1" 404 - "-" "Mozilla/5.0" "www.galf.org"
212.175.5.130 - - [11/Jan/2010:02:15:47 -0800] "GET /logs/access_090831.log%20%20/components/com_mtree/Savant2/Savant2_Plugin_stylesheet.php?mosConfig_absolute_path=http://www.difusion.com.mx/altair/libraries/openid/Auth/OpenID/.ht/one?? HTTP/1.1" 404 - "-" "Mozilla/5.0" "www.galf.org"
212.175.5.130 - - [11/Jan/2010:02:15:52 -0800] "GET /logs/components/com_mtree/Savant2/Savant2_Plugin_stylesheet.php?mosConfig_absolute_path=http://www.difusion.com.mx/altair/libraries/openid/Auth/OpenID/.ht/one?? HTTP/1.1" 404 - "-" "Mozilla/5.0" "www.galf.org"
212.175.5.130 - - [11/Jan/2010:02:16:37 -0800] "GET /logs/access_090907.log%20%20/components/com_mtree/Savant2/Savant2_Plugin_stylesheet.php?mosConfig_absolute_path=http://www.difusion.com.mx/altair/libraries/openid/Auth/OpenID/.ht/one?? HTTP/1.1" 404 - "-" "Mozilla/5.0" "www.galf.org"
74.55.15.194 - - [11/Jan/2010:02:16:38 -0800] "GET /logs//administrator/com_lurm_constructor/admin.lurm_constructor.php?lm_absolute_path=http://disk.yonghyuk.pe.kr/comet/id1.txt???? HTTP/1.1" 404 - "-" "Mozilla/5.0" "www.galf.org"
74.55.15.194 - - [11/Jan/2010:02:16:38 -0800] "GET /logs/access_090727.log//administrator/com_lurm_constructor/admin.lurm_constructor.php?lm_absolute_path=http://disk.yonghyuk.pe.kr/comet/id1.txt???? HTTP/1.1" 404 - "-" "Mozilla/5.0" "www.galf.org"
74.55.15.194 - - [11/Jan/2010:02:16:42 -0800] "GET /administrator/com_lurm_constructor/admin.lurm_constructor.php?lm_absolute_path=http://disk.yonghyuk.pe.kr/comet/id1.txt???? HTTP/1.1" 404 - "-" "Mozilla/5.0" "www.galf.org"
74.55.15.194 - - [11/Jan/2010:02:16:55 -0800] "GET /administrator/com_lurm_constructor/admin.lurm_constructor.php?lm_absolute_path=http://disk.yonghyuk.pe.kr/comet/id1.txt???? HTTP/1.1" 404 - "-" "Mozilla/5.0" "www.galf.org"
74.55.15.194 - - [11/Jan/2010:02:16:55 -0800] "GET /logs//administrator/com_lurm_constructor/admin.lurm_constructor.php?lm_absolute_path=http://disk.yonghyuk.pe.kr/comet/id1.txt???? HTTP/1.1" 404 - "-" "Mozilla/5.0" "www.galf.org"
74.55.15.194 - - [11/Jan/2010:02:16:55 -0800] "GET /logs/access_090727.log//administrator/com_lurm_constructor/admin.lurm_constructor.php?lm_absolute_path=http://disk.yonghyuk.pe.kr/comet/id1.txt???? HTTP/1.1" 404 - "-" "Mozilla/5.0" "www.galf.org"
